INSERT INTO `investment` (`invest_date`, `user_id`, `type`, `amount`, `package_id`) VALUES ('2025-03-26 00:05:08', 'CVVK4C', 'subscription', '150', '2');
UPDATE `user_registration` SET total_points = ROUND(total_points + 150,2)
WHERE `user_id` = 'CVVK4C';
INSERT INTO `points_history` (`user_id`, `points`, `type`, `date`) VALUES ('CVVK4C', '150', 'subscription', '2025-03-26 00:05:');
UPDATE `bv_updation` SET left_carry = left_carry+150, total_left = total_left+150
WHERE `user_id` = 'K55EDD';
INSERT INTO `placement_bv_update_history` (`left_carry`, `date`, `from_id`, `user_id`) VALUES ('150', '2025-03-26 00:05:08', 'CVVK4C', 'K55EDD');
UPDATE `bv_updation` SET sponsor_left_carry = sponsor_left_carry+150, sponsor_total_left = sponsor_total_left+150
WHERE `user_id` = 'K55EDD';
INSERT INTO `sponsor_bv_update_history` (`left_carry`, `date`, `user_id`) VALUES ('150', '2025-03-26 00:05:08', 'K55EDD');
UPDATE `bv_updation` SET left_carry = left_carry+150, total_left = total_left+150
WHERE `user_id` = 'UQO7EQ';
INSERT INTO `placement_bv_update_history` (`left_carry`, `date`, `from_id`, `user_id`) VALUES ('150', '2025-03-26 00:05:08', 'CVVK4C', 'UQO7EQ');
UPDATE `bv_updation` SET left_carry = left_carry+150, total_left = total_left+150
WHERE `user_id` = 'N6GZAE';
INSERT INTO `placement_bv_update_history` (`left_carry`, `date`, `from_id`, `user_id`) VALUES ('150', '2025-03-26 00:05:08', 'CVVK4C', 'N6GZAE');
UPDATE `bv_updation` SET left_carry = left_carry+150, total_left = total_left+150
WHERE `user_id` = '4E1CRI';
INSERT INTO `placement_bv_update_history` (`left_carry`, `date`, `from_id`, `user_id`) VALUES ('150', '2025-03-26 00:05:08', 'CVVK4C', '4E1CRI');
UPDATE `bv_updation` SET left_carry = left_carry+150, total_left = total_left+150
WHERE `user_id` = 'SJBNYJ';
INSERT INTO `placement_bv_update_history` (`left_carry`, `date`, `from_id`, `user_id`) VALUES ('150', '2025-03-26 00:05:08', 'CVVK4C', 'SJBNYJ');
UPDATE `bv_updation` SET left_carry = left_carry+150, total_left = total_left+150
WHERE `user_id` = '44B9Y4';
INSERT INTO `placement_bv_update_history` (`left_carry`, `date`, `from_id`, `user_id`) VALUES ('150', '2025-03-26 00:05:08', 'CVVK4C', '44B9Y4');
UPDATE `bv_updation` SET right_carry = right_carry+150, total_right = total_right+150
WHERE `user_id` = 'admin';
INSERT INTO `placement_bv_update_history` (`right_carry`, `date`, `from_id`, `user_id`) VALUES ('150', '2025-03-26 00:05:08', 'CVVK4C', 'admin');
UPDATE `user_registration` SET `subscription_date` = '2025-04-25', `active_status` = 'yes'
WHERE `user_id` = 'CVVK4C';
UPDATE `user_registration` SET `sub_point` = 0, `active_status` = 'no'
WHERE `user_id` = 'HQTCGF';
INSERT INTO `inactive_history` (`user_id`, `commission_balance`, `amount`, `date`) VALUES ('HQTCGF', '0', '150', '2025-03-26 00:05:08');
UPDATE `user_registration` SET `sub_point` = 0, `active_status` = 'no'
WHERE `user_id` = 'AABG7W';
INSERT INTO `inactive_history` (`user_id`, `commission_balance`, `amount`, `date`) VALUES ('AABG7W', '100', '150', '2025-03-26 00:05:08');
UPDATE `user_registration` SET `sub_point` = 0, `active_status` = 'no'
WHERE `user_id` = 'U7SMZ8';
INSERT INTO `inactive_history` (`user_id`, `commission_balance`, `amount`, `date`) VALUES ('U7SMZ8', '0', '150', '2025-03-26 00:05:09');
UPDATE `user_registration` SET `sub_point` = 0, `active_status` = 'no'
WHERE `user_id` = 'PUJNHI';
INSERT INTO `inactive_history` (`user_id`, `commission_balance`, `amount`, `date`) VALUES ('PUJNHI', '40', '150', '2025-03-26 00:05:09');
UPDATE `user_registration` SET `sub_point` = 0, `active_status` = 'no'
WHERE `user_id` = 'WC5BL7';
INSERT INTO `inactive_history` (`user_id`, `commission_balance`, `amount`, `date`) VALUES ('WC5BL7', '0', '50', '2025-03-26 00:05:09');
UPDATE `user_registration` SET `sub_point` = 0, `active_status` = 'no'
WHERE `user_id` = 'W17SG2';
INSERT INTO `inactive_history` (`user_id`, `commission_balance`, `amount`, `date`) VALUES ('W17SG2', '0', '150', '2025-03-26 00:05:10');
UPDATE `user_registration` SET `sub_point` = 0, `active_status` = 'no'
WHERE `user_id` = 'PR92IO';
INSERT INTO `inactive_history` (`user_id`, `commission_balance`, `amount`, `date`) VALUES ('PR92IO', '0', '50', '2025-03-26 00:05:10');
UPDATE `user_registration` SET commission_balance = ROUND(commission_balance - 150,2)
WHERE `user_id` = 'JHRDHS';
INSERT INTO `sub_history` (`user_id`, `package_id`, `amount`, `payment_method`, `date`) VALUES ('JHRDHS', '2', '150', 'Ewallet', '2025-03-26 00:05:11');
UPDATE `user_registration` SET sub_point = ROUND(sub_point + 150,2)
WHERE `user_id` = 'JHRDHS';
INSERT INTO `investment` (`invest_date`, `user_id`, `type`, `amount`, `package_id`) VALUES ('2025-03-26 00:05:11', 'JHRDHS', 'subscription', '150', '2');
UPDATE `user_registration` SET total_points = ROUND(total_points + 150,2)
WHERE `user_id` = 'JHRDHS';
INSERT INTO `points_history` (`user_id`, `points`, `type`, `date`) VALUES ('JHRDHS', '150', 'subscription', '2025-03-26 00:05:');
UPDATE `bv_updation` SET right_carry = right_carry+150, total_right = total_right+150
WHERE `user_id` = 'CVVK4C';
INSERT INTO `placement_bv_update_history` (`right_carry`, `date`, `from_id`, `user_id`) VALUES ('150', '2025-03-26 00:05:11', 'JHRDHS', 'CVVK4C');
UPDATE `bv_updation` SET sponsor_right_carry = sponsor_right_carry+150, sponsor_total_right = sponsor_total_right+150
WHERE `user_id` = 'CVVK4C';
INSERT INTO `sponsor_bv_update_history` (`right_carry`, `date`, `user_id`) VALUES ('150', '2025-03-26 00:05:11', 'CVVK4C');
UPDATE `bv_updation` SET left_carry = left_carry+150, total_left = total_left+150
WHERE `user_id` = 'K55EDD';
INSERT INTO `placement_bv_update_history` (`left_carry`, `date`, `from_id`, `user_id`) VALUES ('150', '2025-03-26 00:05:11', 'JHRDHS', 'K55EDD');
UPDATE `bv_updation` SET left_carry = left_carry+150, total_left = total_left+150
WHERE `user_id` = 'UQO7EQ';
INSERT INTO `placement_bv_update_history` (`left_carry`, `date`, `from_id`, `user_id`) VALUES ('150', '2025-03-26 00:05:11', 'JHRDHS', 'UQO7EQ');
UPDATE `bv_updation` SET left_carry = left_carry+150, total_left = total_left+150
WHERE `user_id` = 'N6GZAE';
INSERT INTO `placement_bv_update_history` (`left_carry`, `date`, `from_id`, `user_id`) VALUES ('150', '2025-03-26 00:05:11', 'JHRDHS', 'N6GZAE');
UPDATE `bv_updation` SET left_carry = left_carry+150, total_left = total_left+150
WHERE `user_id` = '4E1CRI';
INSERT INTO `placement_bv_update_history` (`left_carry`, `date`, `from_id`, `user_id`) VALUES ('150', '2025-03-26 00:05:11', 'JHRDHS', '4E1CRI');
UPDATE `bv_updation` SET left_carry = left_carry+150, total_left = total_left+150
WHERE `user_id` = 'SJBNYJ';
INSERT INTO `placement_bv_update_history` (`left_carry`, `date`, `from_id`, `user_id`) VALUES ('150', '2025-03-26 00:05:11', 'JHRDHS', 'SJBNYJ');
UPDATE `bv_updation` SET left_carry = left_carry+150, total_left = total_left+150
WHERE `user_id` = '44B9Y4';
INSERT INTO `placement_bv_update_history` (`left_carry`, `date`, `from_id`, `user_id`) VALUES ('150', '2025-03-26 00:05:11', 'JHRDHS', '44B9Y4');
UPDATE `bv_updation` SET right_carry = right_carry+150, total_right = total_right+150
WHERE `user_id` = 'admin';
INSERT INTO `placement_bv_update_history` (`right_carry`, `date`, `from_id`, `user_id`) VALUES ('150', '2025-03-26 00:05:11', 'JHRDHS', 'admin');
UPDATE `user_registration` SET `subscription_date` = '2025-04-25', `active_status` = 'yes'
WHERE `user_id` = 'JHRDHS';
UPDATE `user_registration` SET `sub_point` = 0, `active_status` = 'no'
WHERE `user_id` = 'JIL8K9';
INSERT INTO `inactive_history` (`user_id`, `commission_balance`, `amount`, `date`) VALUES ('JIL8K9', '40', '150', '2025-03-26 00:05:11');
UPDATE `user_registration` SET `sub_point` = 0, `active_status` = 'no'
WHERE `user_id` = 'XHO8CJ';
INSERT INTO `inactive_history` (`user_id`, `commission_balance`, `amount`, `date`) VALUES ('XHO8CJ', '0', '150', '2025-03-26 00:05:11');
UPDATE `user_registration` SET `sub_point` = 0, `active_status` = 'no'
WHERE `user_id` = 'L8NRSC';
INSERT INTO `inactive_history` (`user_id`, `commission_balance`, `amount`, `date`) VALUES ('L8NRSC', '50', '150', '2025-03-26 00:05:11');
UPDATE `user_registration` SET `sub_point` = 0, `active_status` = 'no'
WHERE `user_id` = 'O94ZPY';
INSERT INTO `inactive_history` (`user_id`, `commission_balance`, `amount`, `date`) VALUES ('O94ZPY', '50', '150', '2025-03-26 00:05:12');
UPDATE `user_registration` SET `sub_point` = 0, `active_status` = 'no'
WHERE `user_id` = 'HP6YP2';
INSERT INTO `inactive_history` (`user_id`, `commission_balance`, `amount`, `date`) VALUES ('HP6YP2', '50', '150', '2025-03-26 00:05:12');
UPDATE `user_registration` SET `sub_point` = 0, `active_status` = 'no'
WHERE `user_id` = '8RVNYT';
INSERT INTO `inactive_history` (`user_id`, `commission_balance`, `amount`, `date`) VALUES ('8RVNYT', '0', '150', '2025-03-26 00:05:12');
UPDATE `user_registration` SET `sub_point` = 0, `active_status` = 'no'
WHERE `user_id` = 'Q82ZV9';
INSERT INTO `inactive_history` (`user_id`, `commission_balance`, `amount`, `date`) VALUES ('Q82ZV9', '20', '50', '2025-03-26 00:05:13');
UPDATE `user_registration` SET `sub_point` = 0, `active_status` = 'no'
WHERE `user_id` = 'IWTOLP';
INSERT INTO `inactive_history` (`user_id`, `commission_balance`, `amount`, `date`) VALUES ('IWTOLP', '0', '50', '2025-03-26 00:05:13');
UPDATE `user_registration` SET `sub_point` = 0, `active_status` = 'no'
WHERE `user_id` = '9QPRWH';
INSERT INTO `inactive_history` (`user_id`, `commission_balance`, `amount`, `date`) VALUES ('9QPRWH', '0', '150', '2025-03-26 00:05:13');
UPDATE `user_registration` SET `sub_point` = 0, `active_status` = 'no'
WHERE `user_id` = 'LBY7TN';
INSERT INTO `inactive_history` (`user_id`, `commission_balance`, `amount`, `date`) VALUES ('LBY7TN', '0', '150', '2025-03-26 00:05:14');
UPDATE `user_registration` SET `sub_point` = 0, `active_status` = 'no'
WHERE `user_id` = 'WDEXJT';
INSERT INTO `inactive_history` (`user_id`, `commission_balance`, `amount`, `date`) VALUES ('WDEXJT', '0', '150', '2025-03-26 00:05:14');
UPDATE `user_registration` SET `sub_point` = 0, `active_status` = 'no'
WHERE `user_id` = 'UJXP99';
INSERT INTO `inactive_history` (`user_id`, `commission_balance`, `amount`, `date`) VALUES ('UJXP99', '0', '50', '2025-03-26 00:05:14');
UPDATE `user_registration` SET `sub_point` = 0, `active_status` = 'no'
WHERE `user_id` = 'L268VW';
INSERT INTO `inactive_history` (`user_id`, `commission_balance`, `amount`, `date`) VALUES ('L268VW', '0', '50', '2025-03-26 00:05:15');
UPDATE `user_registration` SET `sub_point` = 0, `active_status` = 'no'
WHERE `user_id` = 'UVJ6L9';
INSERT INTO `inactive_history` (`user_id`, `commission_balance`, `amount`, `date`) VALUES ('UVJ6L9', '0', '50', '2025-03-26 00:05:15');
UPDATE `user_registration` SET `sub_point` = 0, `active_status` = 'no'
WHERE `user_id` = 'ULHSH2';
INSERT INTO `inactive_history` (`user_id`, `commission_balance`, `amount`, `date`) VALUES ('ULHSH2', '0', '150', '2025-03-26 00:05:15');
UPDATE `user_registration` SET `sub_point` = 0, `active_status` = 'no'
WHERE `user_id` = 'H1XYDK';
INSERT INTO `inactive_history` (`user_id`, `commission_balance`, `amount`, `date`) VALUES ('H1XYDK', '0', '50', '2025-03-26 00:05:16');
UPDATE `user_registration` SET `sub_point` = 0, `active_status` = 'no'
WHERE `user_id` = '3UFB1M';
INSERT INTO `inactive_history` (`user_id`, `commission_balance`, `amount`, `date`) VALUES ('3UFB1M', '100', '150', '2025-03-26 00:05:16');
UPDATE `user_registration` SET `sub_point` = 0, `active_status` = 'no'
WHERE `user_id` = '72W7M6';
INSERT INTO `inactive_history` (`user_id`, `commission_balance`, `amount`, `date`) VALUES ('72W7M6', '0', '50', '2025-03-26 00:05:16');
UPDATE `user_registration` SET `sub_point` = 0, `active_status` = 'no'
WHERE `user_id` = 'LEOFNI';
INSERT INTO `inactive_history` (`user_id`, `commission_balance`, `amount`, `date`) VALUES ('LEOFNI', '0', '150', '2025-03-26 00:05:17');
UPDATE `user_registration` SET `sub_point` = 0, `active_status` = 'no'
WHERE `user_id` = '75X85X';
INSERT INTO `inactive_history` (`user_id`, `commission_balance`, `amount`, `date`) VALUES ('75X85X', '0', '50', '2025-03-26 00:05:17');
UPDATE `user_registration` SET `sub_point` = 0, `active_status` = 'no'
WHERE `user_id` = 'UC1QRN';
INSERT INTO `inactive_history` (`user_id`, `commission_balance`, `amount`, `date`) VALUES ('UC1QRN', '0', '150', '2025-03-26 00:05:18');
UPDATE `user_registration` SET `sub_point` = 0, `active_status` = 'no'
WHERE `user_id` = '7YU16B';
INSERT INTO `inactive_history` (`user_id`, `commission_balance`, `amount`, `date`) VALUES ('7YU16B', '0', '50', '2025-03-26 00:05:18');
UPDATE `user_registration` SET `sub_point` = 0, `active_status` = 'no'
WHERE `user_id` = 'OEM6F6';
INSERT INTO `inactive_history` (`user_id`, `commission_balance`, `amount`, `date`) VALUES ('OEM6F6', '0', '50', '2025-03-26 00:05:18');
UPDATE `user_registration` SET `sub_point` = 0, `active_status` = 'no'
WHERE `user_id` = 'TU7MHD';
INSERT INTO `inactive_history` (`user_id`, `commission_balance`, `amount`, `date`) VALUES ('TU7MHD', '0', '150', '2025-03-26 00:05:19');
UPDATE `user_registration` SET `sub_point` = 0, `active_status` = 'no'
WHERE `user_id` = 'XMN3MK';
INSERT INTO `inactive_history` (`user_id`, `commission_balance`, `amount`, `date`) VALUES ('XMN3MK', '0', '150', '2025-03-26 00:05:19');
UPDATE `user_registration` SET `sub_point` = 0, `active_status` = 'no'
WHERE `user_id` = '7SMFPM';
INSERT INTO `inactive_history` (`user_id`, `commission_balance`, `amount`, `date`) VALUES ('7SMFPM', '0', '50', '2025-03-26 00:05:19');
UPDATE `user_registration` SET `sub_point` = 0, `active_status` = 'no'
WHERE `user_id` = 'WS9KK9';
INSERT INTO `inactive_history` (`user_id`, `commission_balance`, `amount`, `date`) VALUES ('WS9KK9', '0', '150', '2025-03-26 00:05:20');
UPDATE `user_registration` SET `sub_point` = 0, `active_status` = 'no'
WHERE `user_id` = 'BJFCEM';
INSERT INTO `inactive_history` (`user_id`, `commission_balance`, `amount`, `date`) VALUES ('BJFCEM', '0', '50', '2025-03-26 00:05:20');
UPDATE `user_registration` SET `sub_point` = 0, `active_status` = 'no'
WHERE `user_id` = '9EDD8W';
INSERT INTO `inactive_history` (`user_id`, `commission_balance`, `amount`, `date`) VALUES ('9EDD8W', '0', '50', '2025-03-26 00:05:20');
UPDATE `user_registration` SET `sub_point` = 0, `active_status` = 'no'
WHERE `user_id` = 'TOTNOR';
INSERT INTO `inactive_history` (`user_id`, `commission_balance`, `amount`, `date`) VALUES ('TOTNOR', '0', '50', '2025-03-26 00:05:21');
UPDATE `user_registration` SET `sub_point` = 0, `active_status` = 'no'
WHERE `user_id` = 'X5T3ZT';
INSERT INTO `inactive_history` (`user_id`, `commission_balance`, `amount`, `date`) VALUES ('X5T3ZT', '0', '150', '2025-03-26 00:05:21');
UPDATE `user_registration` SET commission_balance = ROUND(commission_balance - 150,2)
WHERE `user_id` = 'HSP8ZI';
INSERT INTO `sub_history` (`user_id`, `package_id`, `amount`, `payment_method`, `date`) VALUES ('HSP8ZI', '2', '150', 'Ewallet', '2025-03-26 00:05:21');
UPDATE `user_registration` SET sub_point = ROUND(sub_point + 150,2)
WHERE `user_id` = 'HSP8ZI';
INSERT INTO `investment` (`invest_date`, `user_id`, `type`, `amount`, `package_id`) VALUES ('2025-03-26 00:05:21', 'HSP8ZI', 'subscription', '150', '2');
UPDATE `user_registration` SET total_points = ROUND(total_points + 150,2)
WHERE `user_id` = 'HSP8ZI';
INSERT INTO `points_history` (`user_id`, `points`, `type`, `date`) VALUES ('HSP8ZI', '150', 'subscription', '2025-03-26 00:05:');
UPDATE `bv_updation` SET right_carry = right_carry+150, total_right = total_right+150
WHERE `user_id` = '2RSJNO';
INSERT INTO `placement_bv_update_history` (`right_carry`, `date`, `from_id`, `user_id`) VALUES ('150', '2025-03-26 00:05:21', 'HSP8ZI', '2RSJNO');
UPDATE `bv_updation` SET sponsor_right_carry = sponsor_right_carry+150, sponsor_total_right = sponsor_total_right+150
WHERE `user_id` = '2RSJNO';
INSERT INTO `sponsor_bv_update_history` (`right_carry`, `date`, `user_id`) VALUES ('150', '2025-03-26 00:05:21', '2RSJNO');
UPDATE `bv_updation` SET left_carry = left_carry+150, total_left = total_left+150
WHERE `user_id` = 'ETPYLQ';
INSERT INTO `placement_bv_update_history` (`left_carry`, `date`, `from_id`, `user_id`) VALUES ('150', '2025-03-26 00:05:21', 'HSP8ZI', 'ETPYLQ');
UPDATE `bv_updation` SET left_carry = left_carry+150, total_left = total_left+150
WHERE `user_id` = 'M2XFK7';
INSERT INTO `placement_bv_update_history` (`left_carry`, `date`, `from_id`, `user_id`) VALUES ('150', '2025-03-26 00:05:21', 'HSP8ZI', 'M2XFK7');
UPDATE `bv_updation` SET left_carry = left_carry+150, total_left = total_left+150
WHERE `user_id` = '7BQJK5';
INSERT INTO `placement_bv_update_history` (`left_carry`, `date`, `from_id`, `user_id`) VALUES ('150', '2025-03-26 00:05:21', 'HSP8ZI', '7BQJK5');
UPDATE `bv_updation` SET left_carry = left_carry+150, total_left = total_left+150
WHERE `user_id` = 'QJ5U9C';
INSERT INTO `placement_bv_update_history` (`left_carry`, `date`, `from_id`, `user_id`) VALUES ('150', '2025-03-26 00:05:21', 'HSP8ZI', 'QJ5U9C');
UPDATE `bv_updation` SET left_carry = left_carry+150, total_left = total_left+150
WHERE `user_id` = 'O94ZPY';
INSERT INTO `placement_bv_update_history` (`left_carry`, `date`, `from_id`, `user_id`) VALUES ('150', '2025-03-26 00:05:21', 'HSP8ZI', 'O94ZPY');
UPDATE `bv_updation` SET right_carry = right_carry+150, total_right = total_right+150
WHERE `user_id` = 'JHRDHS';
INSERT INTO `placement_bv_update_history` (`right_carry`, `date`, `from_id`, `user_id`) VALUES ('150', '2025-03-26 00:05:21', 'HSP8ZI', 'JHRDHS');
UPDATE `bv_updation` SET right_carry = right_carry+150, total_right = total_right+150
WHERE `user_id` = 'CVVK4C';
INSERT INTO `placement_bv_update_history` (`right_carry`, `date`, `from_id`, `user_id`) VALUES ('150', '2025-03-26 00:05:21', 'HSP8ZI', 'CVVK4C');
UPDATE `bv_updation` SET left_carry = left_carry+150, total_left = total_left+150
WHERE `user_id` = 'K55EDD';
INSERT INTO `placement_bv_update_history` (`left_carry`, `date`, `from_id`, `user_id`) VALUES ('150', '2025-03-26 00:05:21', 'HSP8ZI', 'K55EDD');
UPDATE `bv_updation` SET left_carry = left_carry+150, total_left = total_left+150
WHERE `user_id` = 'UQO7EQ';
INSERT INTO `placement_bv_update_history` (`left_carry`, `date`, `from_id`, `user_id`) VALUES ('150', '2025-03-26 00:05:21', 'HSP8ZI', 'UQO7EQ');
UPDATE `bv_updation` SET left_carry = left_carry+150, total_left = total_left+150
WHERE `user_id` = 'N6GZAE';
INSERT INTO `placement_bv_update_history` (`left_carry`, `date`, `from_id`, `user_id`) VALUES ('150', '2025-03-26 00:05:21', 'HSP8ZI', 'N6GZAE');
UPDATE `bv_updation` SET left_carry = left_carry+150, total_left = total_left+150
WHERE `user_id` = '4E1CRI';
INSERT INTO `placement_bv_update_history` (`left_carry`, `date`, `from_id`, `user_id`) VALUES ('150', '2025-03-26 00:05:21', 'HSP8ZI', '4E1CRI');
UPDATE `bv_updation` SET left_carry = left_carry+150, total_left = total_left+150
WHERE `user_id` = 'SJBNYJ';
INSERT INTO `placement_bv_update_history` (`left_carry`, `date`, `from_id`, `user_id`) VALUES ('150', '2025-03-26 00:05:21', 'HSP8ZI', 'SJBNYJ');
UPDATE `bv_updation` SET left_carry = left_carry+150, total_left = total_left+150
WHERE `user_id` = '44B9Y4';
INSERT INTO `placement_bv_update_history` (`left_carry`, `date`, `from_id`, `user_id`) VALUES ('150', '2025-03-26 00:05:21', 'HSP8ZI', '44B9Y4');
UPDATE `bv_updation` SET right_carry = right_carry+150, total_right = total_right+150
WHERE `user_id` = 'admin';
INSERT INTO `placement_bv_update_history` (`right_carry`, `date`, `from_id`, `user_id`) VALUES ('150', '2025-03-26 00:05:21', 'HSP8ZI', 'admin');
UPDATE `user_registration` SET `subscription_date` = '2025-04-25', `active_status` = 'yes'
WHERE `user_id` = 'HSP8ZI';
UPDATE `user_registration` SET `sub_point` = 0, `active_status` = 'no'
WHERE `user_id` = 'LUOTZ5';
INSERT INTO `inactive_history` (`user_id`, `commission_balance`, `amount`, `date`) VALUES ('LUOTZ5', '100', '150', '2025-03-26 00:05:21');
UPDATE `user_registration` SET `sub_point` = 0, `active_status` = 'no'
WHERE `user_id` = 'KWLAIS';
INSERT INTO `inactive_history` (`user_id`, `commission_balance`, `amount`, `date`) VALUES ('KWLAIS', '100', '150', '2025-03-26 00:05:22');
UPDATE `user_registration` SET `sub_point` = 0, `active_status` = 'no'
WHERE `user_id` = '8R8YQG';
INSERT INTO `inactive_history` (`user_id`, `commission_balance`, `amount`, `date`) VALUES ('8R8YQG', '0', '150', '2025-03-26 00:05:22');
UPDATE `user_registration` SET commission_balance = ROUND(commission_balance - 150,2)
WHERE `user_id` = 'B5EVHD';
INSERT INTO `sub_history` (`user_id`, `package_id`, `amount`, `payment_method`, `date`) VALUES ('B5EVHD', '2', '150', 'Ewallet', '2025-03-26 00:05:22');
UPDATE `user_registration` SET sub_point = ROUND(sub_point + 150,2)
WHERE `user_id` = 'B5EVHD';
INSERT INTO `investment` (`invest_date`, `user_id`, `type`, `amount`, `package_id`) VALUES ('2025-03-26 00:05:22', 'B5EVHD', 'subscription', '150', '2');
UPDATE `user_registration` SET total_points = ROUND(total_points + 150,2)
WHERE `user_id` = 'B5EVHD';
INSERT INTO `points_history` (`user_id`, `points`, `type`, `date`) VALUES ('B5EVHD', '150', 'subscription', '2025-03-26 00:05:');
UPDATE `bv_updation` SET left_carry = left_carry+150, total_left = total_left+150
WHERE `user_id` = 'AQJLZA';
INSERT INTO `placement_bv_update_history` (`left_carry`, `date`, `from_id`, `user_id`) VALUES ('150', '2025-03-26 00:05:22', 'B5EVHD', 'AQJLZA');
UPDATE `bv_updation` SET left_carry = left_carry+150, total_left = total_left+150
WHERE `user_id` = '2V26XM';
INSERT INTO `placement_bv_update_history` (`left_carry`, `date`, `from_id`, `user_id`) VALUES ('150', '2025-03-26 00:05:22', 'B5EVHD', '2V26XM');
UPDATE `bv_updation` SET sponsor_left_carry = sponsor_left_carry+150, sponsor_total_left = sponsor_total_left+150
WHERE `user_id` = '2V26XM';
INSERT INTO `sponsor_bv_update_history` (`left_carry`, `date`, `user_id`) VALUES ('150', '2025-03-26 00:05:22', '2V26XM');
UPDATE `bv_updation` SET left_carry = left_carry+150, total_left = total_left+150
WHERE `user_id` = 'K8DXP2';
INSERT INTO `placement_bv_update_history` (`left_carry`, `date`, `from_id`, `user_id`) VALUES ('150', '2025-03-26 00:05:22', 'B5EVHD', 'K8DXP2');
UPDATE `bv_updation` SET left_carry = left_carry+150, total_left = total_left+150
WHERE `user_id` = 'HP6YP2';
INSERT INTO `placement_bv_update_history` (`left_carry`, `date`, `from_id`, `user_id`) VALUES ('150', '2025-03-26 00:05:22', 'B5EVHD', 'HP6YP2');
UPDATE `bv_updation` SET left_carry = left_carry+150, total_left = total_left+150
WHERE `user_id` = 'L8NRSC';
INSERT INTO `placement_bv_update_history` (`left_carry`, `date`, `from_id`, `user_id`) VALUES ('150', '2025-03-26 00:05:22', 'B5EVHD', 'L8NRSC');
UPDATE `bv_updation` SET left_carry = left_carry+150, total_left = total_left+150
WHERE `user_id` = 'JHRDHS';
INSERT INTO `placement_bv_update_history` (`left_carry`, `date`, `from_id`, `user_id`) VALUES ('150', '2025-03-26 00:05:22', 'B5EVHD', 'JHRDHS');
UPDATE `bv_updation` SET right_carry = right_carry+150, total_right = total_right+150
WHERE `user_id` = 'CVVK4C';
INSERT INTO `placement_bv_update_history` (`right_carry`, `date`, `from_id`, `user_id`) VALUES ('150', '2025-03-26 00:05:22', 'B5EVHD', 'CVVK4C');
UPDATE `bv_updation` SET left_carry = left_carry+150, total_left = total_left+150
WHERE `user_id` = 'K55EDD';
INSERT INTO `placement_bv_update_history` (`left_carry`, `date`, `from_id`, `user_id`) VALUES ('150', '2025-03-26 00:05:22', 'B5EVHD', 'K55EDD');
UPDATE `bv_updation` SET left_carry = left_carry+150, total_left = total_left+150
WHERE `user_id` = 'UQO7EQ';
INSERT INTO `placement_bv_update_history` (`left_carry`, `date`, `from_id`, `user_id`) VALUES ('150', '2025-03-26 00:05:22', 'B5EVHD', 'UQO7EQ');
UPDATE `bv_updation` SET left_carry = left_carry+150, total_left = total_left+150
WHERE `user_id` = 'N6GZAE';
INSERT INTO `placement_bv_update_history` (`left_carry`, `date`, `from_id`, `user_id`) VALUES ('150', '2025-03-26 00:05:22', 'B5EVHD', 'N6GZAE');
UPDATE `bv_updation` SET left_carry = left_carry+150, total_left = total_left+150
WHERE `user_id` = '4E1CRI';
INSERT INTO `placement_bv_update_history` (`left_carry`, `date`, `from_id`, `user_id`) VALUES ('150', '2025-03-26 00:05:22', 'B5EVHD', '4E1CRI');
UPDATE `bv_updation` SET left_carry = left_carry+150, total_left = total_left+150
WHERE `user_id` = 'SJBNYJ';
INSERT INTO `placement_bv_update_history` (`left_carry`, `date`, `from_id`, `user_id`) VALUES ('150', '2025-03-26 00:05:22', 'B5EVHD', 'SJBNYJ');
UPDATE `bv_updation` SET left_carry = left_carry+150, total_left = total_left+150
WHERE `user_id` = '44B9Y4';
INSERT INTO `placement_bv_update_history` (`left_carry`, `date`, `from_id`, `user_id`) VALUES ('150', '2025-03-26 00:05:22', 'B5EVHD', '44B9Y4');
UPDATE `bv_updation` SET right_carry = right_carry+150, total_right = total_right+150
WHERE `user_id` = 'admin';
INSERT INTO `placement_bv_update_history` (`right_carry`, `date`, `from_id`, `user_id`) VALUES ('150', '2025-03-26 00:05:22', 'B5EVHD', 'admin');
UPDATE `user_registration` SET `subscription_date` = '2025-04-25', `active_status` = 'yes'
WHERE `user_id` = 'B5EVHD';
UPDATE `cron_job_history` SET `status` = 'done', `date_end` = '2025-03-26 00:05:22'
WHERE `id` = 282;
UPDATE `admin` SET `last_logout` = '2025-03-26 02:29:27'
WHERE `id` IS NULL;
DELETE FROM `ci_sessions`
WHERE `id` = '27186743d34ecef3dee2a725dc200bb0c7d5c60e';
INSERT INTO `login_history` (`user_id`, `device`, `ip_address`, `date`) VALUES ('Q6D63V', 'Mozilla/5.0 (Linux; Android 10; K) AppleWebKit/537.36 (KHTML, like Gecko) Chrome/134.0.0.0 Mobile Safari/537.36', '172.64.237.18', '25-03-26 02:33');
UPDATE `user_registration` SET `popup_seen` = 'yes'
WHERE `user_id` = 'Q6D63V';
UPDATE `user_registration` SET `popup_seen` = 'no'
WHERE `user_id` = 'Q6D63V';
DELETE FROM `ci_sessions`
WHERE `id` = 'b6aa87973e3300c55e2b69193dfa8b0fbbefdde5';
INSERT INTO `login_history` (`user_id`, `device`, `ip_address`, `date`) VALUES ('admin', 'Mozilla/5.0 (Linux; Android 10; K) AppleWebKit/537.36 (KHTML, like Gecko) Chrome/134.0.0.0 Mobile Safari/537.36', '172.64.237.18', '25-03-26 02:33');
UPDATE `user_registration` SET `popup_seen` = 'yes'
WHERE `user_id` = 'admin';
UPDATE `ci_sessions` SET `timestamp` = 1742975402, `data` = '__ci_last_regenerate|i:1742975402;id|s:4:\"2019\";user_id|s:5:\"admin\";username|s:5:\"admin\";sponsor_id|s:1:\"0\";fullname|s:11:\"Alex Carrey\";email|s:15:\"admin@admin.com\";phone|s:10:\"1235467892\";isLogIn|b:1;'
WHERE `id` = '940ea2e6ef3f6df72d933a084aaf7e2b264d156a';
UPDATE `user_registration` SET `popup_seen` = 'no'
WHERE `user_id` = 'admin';
DELETE FROM `ci_sessions`
WHERE `id` = '66445603070dadf4187e0100983f61ea36949a68';
INSERT INTO `login_history` (`user_id`, `device`, `ip_address`, `date`) VALUES ('UQO7EQ', 'Mozilla/5.0 (Linux; Android 10; K) AppleWebKit/537.36 (KHTML, like Gecko) Chrome/134.0.0.0 Mobile Safari/537.36', '172.64.236.58', '25-03-26 02:51');
UPDATE `user_registration` SET `popup_seen` = 'yes'
WHERE `user_id` = 'UQO7EQ';
UPDATE `admin` SET `last_login` = '2025-03-26 03:23:46', `ip_address` = '162.158.123.22'
WHERE `id` = '1';
INSERT INTO `login_history` (`user_id`, `device`, `ip_address`, `date`) VALUES ('T2U73Q', 'Mozilla/5.0 (Linux; Android 10; K) AppleWebKit/537.36 (KHTML, like Gecko) Chrome/134.0.0.0 Mobile Safari/537.36', '172.70.55.115', '25-03-26 06:22');
UPDATE `user_registration` SET `popup_seen` = 'yes'
WHERE `user_id` = 'T2U73Q';
UPDATE `user_registration` SET `popup_seen` = 'yes'
WHERE `user_id` = 'T2U73Q';
UPDATE `ci_sessions` SET `timestamp` = 1742988592, `data` = '__ci_last_regenerate|i:1742988592;id|s:4:\"2110\";user_id|s:6:\"T2U73Q\";username|s:6:\"Aida16\";sponsor_id|s:6:\"JIL8K9\";fullname|s:9:\"Aida Cano\";email|s:22:\"aidacano1694@gmail.com\";phone|s:10:\"7866347467\";isLogIn|b:1;'
WHERE `id` = 'e553a9439c08efc55f183d8c7003de67455bd795';
UPDATE `user_registration` SET `popup_seen` = 'yes'
WHERE `user_id` = 'T2U73Q';
INSERT INTO `login_history` (`user_id`, `device`, `ip_address`, `date`) VALUES ('XHO8CJ', 'Mozilla/5.0 (Windows NT 10.0; Win64; x64) AppleWebKit/537.36 (KHTML, like Gecko) Chrome/134.0.0.0 Safari/537.36', '172.69.132.225', '25-03-26 06:44');
UPDATE `user_registration` SET `popup_seen` = 'yes'
WHERE `user_id` = 'XHO8CJ';
INSERT INTO `temp_register` (`post_data`, `date`, `payment_method`, `type`) VALUES ('{\"user_id\":\"XHO8CJ\",\"package_id\":\"2\",\"amount\":\"150\",\"payment_method\":\"stripe\",\"date\":\"2025-03-26 06:44:54\"}', '2025-03-26 06:44:54', 'stripe', 'renew');
UPDATE `temp_register` SET `response` = '{\"stripeToken\":\"tok_1R6sP92NUoYUjiuucW2WfP9W\",\"stripeTokenType\":\"card\",\"stripeEmail\":\"arielzomoza@hotmail.com\"}', `date_modified` = '2025-03-26 06:46:00', `payment_status` = '{\"id\":\"ch_3R6sPE2NUoYUjiuu0X6SRreS\",\"object\":\"charge\",\"amount\":15000,\"amount_captured\":15000,\"amount_refunded\":0,\"application\":null,\"application_fee\":null,\"application_fee_amount\":null,\"balance_transaction\":\"txn_3R6sPE2NUoYUjiuu0tL4pfv6\",\"billing_details\":{\"address\":{\"city\":null,\"country\":null,\"line1\":null,\"line2\":null,\"postal_code\":null,\"state\":null},\"email\":null,\"name\":\"arielzomoza@hotmail.com\",\"phone\":null},\"calculated_statement_descriptor\":\"TRAVELEGENDCY LLC\",\"captured\":true,\"created\":1742989560,\"currency\":\"usd\",\"customer\":\"cus_S0uDzrPEdfH6n8\",\"description\":null,\"destination\":null,\"dispute\":null,\"disputed\":false,\"failure_balance_transaction\":null,\"failure_code\":null,\"failure_message\":null,\"fraud_details\":[],\"invoice\":null,\"livemode\":true,\"metadata\":{\"name\":\"Ariel Zomoza\",\"username\":\"Ariel78\"},\"on_behalf_of\":null,\"order\":null,\"outcome\":{\"advice_code\":null,\"network_advice_code\":null,\"network_decline_code\":null,\"network_status\":\"approved_by_network\",\"reason\":null,\"risk_level\":\"normal\",\"seller_message\":\"Payment complete.\",\"type\":\"authorized\"},\"paid\":true,\"payment_intent\":null,\"payment_method\":\"card_1R6sP92NUoYUjiuueR3pHJjY\",\"payment_method_details\":{\"card\":{\"amount_authorized\":15000,\"authorization_code\":\"068889\",\"brand\":\"visa\",\"checks\":{\"address_line1_check\":null,\"address_postal_code_check\":null,\"cvc_check\":\"pass\"},\"country\":\"US\",\"exp_month\":7,\"exp_year\":2027,\"extended_authorization\":{\"status\":\"disabled\"},\"fingerprint\":\"EcevHTPZD8y9af1i\",\"funding\":\"debit\",\"incremental_authorization\":{\"status\":\"unavailable\"},\"installments\":null,\"last4\":\"1175\",\"mandate\":null,\"multicapture\":{\"status\":\"unavailable\"},\"network\":\"visa\",\"network_token\":{\"used\":false},\"network_transaction_id\":\"585085423613014\",\"overcapture\":{\"maximum_amount_capturable\":15000,\"status\":\"unavailable\"},\"regulated_status\":\"regulated\",\"three_d_secure\":null,\"wallet\":null},\"type\":\"card\"},\"receipt_email\":null,\"receipt_number\":null,\"receipt_url\":\"https:\\/\\/pay.stripe.com\\/receipts\\/payment\\/CAcQARoXChVhY2N0XzFRUEFGdjJOVW9ZVWppdXUo-dGPvwYyBgxIcDPG_TosFgWzP2uHddb7ovwB8phKp2vmfEVAl5eQTb1GlXAtR1AtMIyZo3lyC8sC8rs\",\"refunded\":false,\"review\":null,\"shipping\":null,\"source\":{\"id\":\"card_1R6sP92NUoYUjiuueR3pHJjY\",\"object\":\"card\",\"address_city\":null,\"address_country\":null,\"address_line1\":null,\"address_line1_check\":null,\"address_line2\":null,\"address_state\":null,\"address_zip\":null,\"address_zip_check\":null,\"allow_redisplay\":\"unspecified\",\"brand\":\"Visa\",\"country\":\"US\",\"customer\":\"cus_S0uDzrPEdfH6n8\",\"cvc_check\":\"pass\",\"dynamic_last4\":null,\"exp_month\":7,\"exp_year\":2027,\"fingerprint\":\"EcevHTPZD8y9af1i\",\"funding\":\"debit\",\"last4\":\"1175\",\"metadata\":[],\"name\":\"arielzomoza@hotmail.com\",\"regulated_status\":\"regulated\",\"tokenization_method\":null,\"wallet\":null},\"source_transfer\":null,\"statement_descriptor\":null,\"statement_descriptor_suffix\":null,\"status\":\"succeeded\",\"transfer_data\":null,\"transfer_group\":null}'
WHERE `id` = 219;
INSERT INTO `sub_history` (`user_id`, `package_id`, `amount`, `payment_method`, `date`) VALUES ('XHO8CJ', '2', '150', 'Stripe', '2025-03-26 06:46:00');
UPDATE `user_registration` SET sub_point = ROUND(sub_point + 150,2)
WHERE `user_id` = 'XHO8CJ';
INSERT INTO `investment` (`invest_date`, `user_id`, `type`, `amount`, `package_id`) VALUES ('2025-03-26 06:46:00', 'XHO8CJ', 'subscription', '150', '2');
UPDATE `user_registration` SET total_points = ROUND(total_points + 150,2)
WHERE `user_id` = 'XHO8CJ';
INSERT INTO `points_history` (`user_id`, `points`, `type`, `date`) VALUES ('XHO8CJ', '150', 'subscription', '2025-03-26 06:46:');
UPDATE `bv_updation` SET right_carry = right_carry+150, total_right = total_right+150
WHERE `user_id` = 'U7SMZ8';
INSERT INTO `placement_bv_update_history` (`right_carry`, `date`, `from_id`, `user_id`) VALUES ('150', '2025-03-26 06:46:00', 'XHO8CJ', 'U7SMZ8');
UPDATE `bv_updation` SET sponsor_right_carry = sponsor_right_carry+150, sponsor_total_right = sponsor_total_right+150
WHERE `user_id` = 'U7SMZ8';
INSERT INTO `sponsor_bv_update_history` (`right_carry`, `date`, `user_id`) VALUES ('150', '2025-03-26 06:46:00', 'U7SMZ8');
UPDATE `bv_updation` SET right_carry = right_carry+150, total_right = total_right+150
WHERE `user_id` = 'AABG7W';
INSERT INTO `placement_bv_update_history` (`right_carry`, `date`, `from_id`, `user_id`) VALUES ('150', '2025-03-26 06:46:00', 'XHO8CJ', 'AABG7W');
UPDATE `bv_updation` SET right_carry = right_carry+150, total_right = total_right+150
WHERE `user_id` = '3ZDIFO';
INSERT INTO `placement_bv_update_history` (`right_carry`, `date`, `from_id`, `user_id`) VALUES ('150', '2025-03-26 06:46:00', 'XHO8CJ', '3ZDIFO');
UPDATE `bv_updation` SET right_carry = right_carry+150, total_right = total_right+150
WHERE `user_id` = 'UQO7EQ';
INSERT INTO `placement_bv_update_history` (`right_carry`, `date`, `from_id`, `user_id`) VALUES ('150', '2025-03-26 06:46:00', 'XHO8CJ', 'UQO7EQ');
UPDATE `bv_updation` SET left_carry = left_carry+150, total_left = total_left+150
WHERE `user_id` = 'N6GZAE';
INSERT INTO `placement_bv_update_history` (`left_carry`, `date`, `from_id`, `user_id`) VALUES ('150', '2025-03-26 06:46:00', 'XHO8CJ', 'N6GZAE');
UPDATE `bv_updation` SET left_carry = left_carry+150, total_left = total_left+150
WHERE `user_id` = '4E1CRI';
INSERT INTO `placement_bv_update_history` (`left_carry`, `date`, `from_id`, `user_id`) VALUES ('150', '2025-03-26 06:46:00', 'XHO8CJ', '4E1CRI');
UPDATE `bv_updation` SET left_carry = left_carry+150, total_left = total_left+150
WHERE `user_id` = 'SJBNYJ';
INSERT INTO `placement_bv_update_history` (`left_carry`, `date`, `from_id`, `user_id`) VALUES ('150', '2025-03-26 06:46:00', 'XHO8CJ', 'SJBNYJ');
UPDATE `bv_updation` SET left_carry = left_carry+150, total_left = total_left+150
WHERE `user_id` = '44B9Y4';
INSERT INTO `placement_bv_update_history` (`left_carry`, `date`, `from_id`, `user_id`) VALUES ('150', '2025-03-26 06:46:00', 'XHO8CJ', '44B9Y4');
UPDATE `bv_updation` SET right_carry = right_carry+150, total_right = total_right+150
WHERE `user_id` = 'admin';
INSERT INTO `placement_bv_update_history` (`right_carry`, `date`, `from_id`, `user_id`) VALUES ('150', '2025-03-26 06:46:00', 'XHO8CJ', 'admin');
UPDATE `user_registration` SET `subscription_date` = '2025-04-25', `active_status` = 'yes'
WHERE `user_id` = 'XHO8CJ';
UPDATE `user_registration` SET `popup_seen` = 'yes'
WHERE `user_id` = 'XHO8CJ';
UPDATE `user_registration` SET `popup_seen` = 'yes'
WHERE `user_id` = 'XHO8CJ';
UPDATE `user_registration` SET `popup_seen` = 'yes'
WHERE `user_id` = 'XHO8CJ';
INSERT INTO `login_history` (`user_id`, `device`, `ip_address`, `date`) VALUES ('44B9Y4', 'Mozilla/5.0 (X11; Linux x86_64) AppleWebKit/537.36 (KHTML, like Gecko) Chrome/134.0.0.0 Safari/537.36', '172.68.7.162', '25-03-26 06:58');
UPDATE `user_registration` SET `popup_seen` = 'yes'
WHERE `user_id` = '44B9Y4';
UPDATE `user_registration` SET `popup_seen` = 'yes'
WHERE `user_id` = '44B9Y4';
UPDATE `user_registration` SET `popup_seen` = 'yes'
WHERE `user_id` = '44B9Y4';
INSERT INTO `login_history` (`user_id`, `device`, `ip_address`, `date`) VALUES ('U7SMZ8', 'Mozilla/5.0 (Macintosh; Intel Mac OS X 10_15_7) AppleWebKit/605.1.15 (KHTML, like Gecko) Version/17.6 Safari/605.1.15', '172.68.7.184', '25-03-26 07:12');
UPDATE `user_registration` SET `popup_seen` = 'yes'
WHERE `user_id` = 'U7SMZ8';
UPDATE `user_registration` SET `popup_seen` = 'no'
WHERE `user_id` = 'U7SMZ8';
DELETE FROM `ci_sessions`
WHERE `id` = '9b567bb299b67db6be5cf7f4dc3877ea5a3d847d';
INSERT INTO `login_history` (`user_id`, `device`, `ip_address`, `date`) VALUES ('UQO7EQ', 'Mozilla/5.0 (Linux; Android 10; K) AppleWebKit/537.36 (KHTML, like Gecko) Chrome/131.0.0.0 Mobile Safari/537.36', '172.70.55.102', '25-03-26 07:19');
UPDATE `user_registration` SET `popup_seen` = 'yes'
WHERE `user_id` = 'UQO7EQ';
UPDATE `user_registration` SET `popup_seen` = 'yes'
WHERE `user_id` = 'UQO7EQ';
UPDATE `ci_sessions` SET `timestamp` = 1742991834, `data` = '__ci_last_regenerate|i:1742991834;id|s:4:\"2021\";user_id|s:6:\"44B9Y4\";username|s:7:\"Talimbi\";sponsor_id|s:5:\"admin\";fullname|s:14:\"Emilio Tapanes\";email|s:23:\"emiliotapanes@gmail.com\";phone|s:10:\"7862876762\";isLogIn|b:1;'
WHERE `id` = 'cdb272be150c70416a0d0a40b58ecc7855997ec1';
UPDATE `user_registration` SET `popup_seen` = 'yes'
WHERE `user_id` = '44B9Y4';
UPDATE `user_registration` SET `popup_seen` = 'yes'
WHERE `user_id` = 'UQO7EQ';
UPDATE `user_registration` SET `popup_seen` = 'no'
WHERE `user_id` = '44B9Y4';
DELETE FROM `ci_sessions`
WHERE `id` = 'a0122e8861934f7ba8fe54c6112580f182e00dd7';
UPDATE `ci_sessions` SET `timestamp` = 1742991902, `data` = '__ci_last_regenerate|i:1742991902;id|s:4:\"2042\";user_id|s:6:\"UQO7EQ\";username|s:6:\"Rafa51\";sponsor_id|s:6:\"N6GZAE\";fullname|s:16:\"Rafael Rodriguez\";email|s:18:\"rafagana@yahoo.com\";phone|s:10:\"3057610606\";isLogIn|b:1;'
WHERE `id` = '63ce81797770542142e3fdb95dc81986b223b93c';
UPDATE `user_registration` SET `popup_seen` = 'yes'
WHERE `user_id` = 'UQO7EQ';
UPDATE `user_registration` SET `popup_seen` = 'no'
WHERE `user_id` = 'UQO7EQ';
DELETE FROM `ci_sessions`
WHERE `id` = '50c38649771086be884d0e96338f2dd09219baa2';
INSERT INTO `login_history` (`user_id`, `device`, `ip_address`, `date`) VALUES ('R37QLI', 'Mozilla/5.0 (X11; Linux x86_64) AppleWebKit/537.36 (KHTML, like Gecko) Chrome/134.0.0.0 Safari/537.36', '172.70.254.94', '25-03-26 07:25');
UPDATE `user_registration` SET `popup_seen` = 'yes'
WHERE `user_id` = 'R37QLI';
INSERT INTO `login_history` (`user_id`, `device`, `ip_address`, `date`) VALUES ('QJ5U9C', 'Mozilla/5.0 (Windows NT 10.0; Win64; x64) AppleWebKit/537.36 (KHTML, like Gecko) Chrome/134.0.0.0 Safari/537.36', '172.68.12.55', '25-03-26 07:34');
UPDATE `user_registration` SET `popup_seen` = 'yes'
WHERE `user_id` = 'QJ5U9C';
INSERT INTO `login_history` (`user_id`, `device`, `ip_address`, `date`) VALUES ('X5T3ZT', 'Mozilla/5.0 (Windows NT 10.0; Win64; x64) AppleWebKit/537.36 (KHTML, like Gecko) Chrome/134.0.0.0 Safari/537.36', '172.68.7.185', '25-03-26 07:47');
UPDATE `user_registration` SET `popup_seen` = 'yes'
WHERE `user_id` = 'X5T3ZT';
UPDATE `ci_sessions` SET `timestamp` = 1742993519, `data` = '__ci_last_regenerate|i:1742993519;id|s:4:\"2031\";user_id|s:6:\"R37QLI\";username|s:5:\"dleon\";sponsor_id|s:6:\"H2HQC8\";fullname|s:11:\"Dayami Leon\";email|s:20:\"atravel4uu@gmail.com\";phone|s:10:\"8139006115\";isLogIn|b:1;message|s:19:\"Welcome Dayami Leon\";__ci_vars|a:1:{s:7:\"message\";s:3:\"old\";}'
WHERE `id` = 'caaea42742b84ceb48ed7034e68448ce065457da';
UPDATE `user_registration` SET `popup_seen` = 'yes'
WHERE `user_id` = 'R37QLI';
UPDATE `user_registration` SET `popup_seen` = 'yes'
WHERE `user_id` = 'R37QLI';
UPDATE `user_registration` SET `popup_seen` = 'no'
WHERE `user_id` = 'R37QLI';
DELETE FROM `ci_sessions`
WHERE `id` = '0cfaa1062b7e635ba3ed579221b35e316d2eaa54';
INSERT INTO `login_history` (`user_id`, `device`, `ip_address`, `date`) VALUES ('PKHRN5', 'Mozilla/5.0 (X11; Linux x86_64) AppleWebKit/537.36 (KHTML, like Gecko) Chrome/134.0.0.0 Safari/537.36', '172.68.7.19', '25-03-26 07:52');
UPDATE `user_registration` SET `popup_seen` = 'yes'
WHERE `user_id` = 'PKHRN5';
UPDATE `user_registration` SET `popup_seen` = 'yes'
WHERE `user_id` = 'PKHRN5';
INSERT INTO `login_history` (`user_id`, `device`, `ip_address`, `date`) VALUES ('UQO7EQ', 'Mozilla/5.0 (Windows NT 10.0; Win64; x64) AppleWebKit/537.36 (KHTML, like Gecko) Chrome/134.0.0.0 Safari/537.36', '172.69.132.233', '25-03-26 08:08');
UPDATE `user_registration` SET `popup_seen` = 'yes'
WHERE `user_id` = 'UQO7EQ';
UPDATE `user_registration` SET `popup_seen` = 'no'
WHERE `user_id` = 'UQO7EQ';
DELETE FROM `ci_sessions`
WHERE `id` = 'a33bf71d0f8faa794aaca9f7fbbfa68acdaaf1bb';
INSERT INTO `login_history` (`user_id`, `device`, `ip_address`, `date`) VALUES ('AABG7W', 'Mozilla/5.0 (Windows NT 10.0; Win64; x64) AppleWebKit/537.36 (KHTML, like Gecko) Chrome/134.0.0.0 Safari/537.36', '172.69.132.232', '25-03-26 08:09');
UPDATE `user_registration` SET `popup_seen` = 'yes'
WHERE `user_id` = 'AABG7W';
UPDATE `ci_sessions` SET `timestamp` = 1742994986, `data` = '__ci_last_regenerate|i:1742994986;id|s:4:\"2057\";user_id|s:6:\"AABG7W\";username|s:10:\"freeurlife\";sponsor_id|s:6:\"UQO7EQ\";fullname|s:12:\"Lesli Andreu\";email|s:21:\"cranbarrier@gmail.com\";phone|s:10:\"7864171626\";isLogIn|b:1;message|s:20:\"Welcome Lesli Andreu\";__ci_vars|a:1:{s:7:\"message\";s:3:\"old\";}'
WHERE `id` = '7681abc40cd21ebc20a19c1792115fe92e6a4926';
UPDATE `user_registration` SET `popup_seen` = 'no'
WHERE `user_id` = 'AABG7W';
DELETE FROM `ci_sessions`
WHERE `id` = '4b41d0046c92f783f2a1edc77ac7b5978a03df2c';
INSERT INTO `login_history` (`user_id`, `device`, `ip_address`, `date`) VALUES ('K55EDD', 'Mozilla/5.0 (Windows NT 10.0; Win64; x64) AppleWebKit/537.36 (KHTML, like Gecko) Chrome/134.0.0.0 Safari/537.36', '172.68.12.78', '25-03-26 08:17');
UPDATE `user_registration` SET `popup_seen` = 'yes'
WHERE `user_id` = 'K55EDD';
INSERT INTO `temp_register` (`post_data`, `date`, `payment_method`, `type`) VALUES ('{\"user_id\":\"K55EDD\",\"package_id\":\"2\",\"amount\":\"150\",\"payment_method\":\"stripe\",\"date\":\"2025-03-26 08:18:35\"}', '2025-03-26 08:18:35', 'stripe', 'renew');
UPDATE `temp_register` SET `response` = '{\"stripeToken\":\"tok_1R6tsJ2NUoYUjiuuoB45DZhu\",\"stripeTokenType\":\"card\",\"stripeEmail\":\"prieto112015@hotmail.com\"}', `date_modified` = '2025-03-26 08:20:12', `payment_status` = '{\"id\":\"ch_3R6tsO2NUoYUjiuu0FcOKqVv\",\"object\":\"charge\",\"amount\":15000,\"amount_captured\":15000,\"amount_refunded\":0,\"application\":null,\"application_fee\":null,\"application_fee_amount\":null,\"balance_transaction\":\"txn_3R6tsO2NUoYUjiuu0bgnw5u0\",\"billing_details\":{\"address\":{\"city\":null,\"country\":null,\"line1\":null,\"line2\":null,\"postal_code\":null,\"state\":null},\"email\":null,\"name\":\"prieto112015@hotmail.com\",\"phone\":null},\"calculated_statement_descriptor\":\"TRAVELEGENDCY LLC\",\"captured\":true,\"created\":1742995212,\"currency\":\"usd\",\"customer\":\"cus_S0vjCnEuR2q2fB\",\"description\":null,\"destination\":null,\"dispute\":null,\"disputed\":false,\"failure_balance_transaction\":null,\"failure_code\":null,\"failure_message\":null,\"fraud_details\":[],\"invoice\":null,\"livemode\":true,\"metadata\":{\"name\":\"Francisco Prieto\",\"username\":\"Varadero20\"},\"on_behalf_of\":null,\"order\":null,\"outcome\":{\"advice_code\":null,\"network_advice_code\":null,\"network_decline_code\":null,\"network_status\":\"approved_by_network\",\"reason\":null,\"risk_level\":\"normal\",\"seller_message\":\"Payment complete.\",\"type\":\"authorized\"},\"paid\":true,\"payment_intent\":null,\"payment_method\":\"card_1R6tsJ2NUoYUjiuuJAsy3ggT\",\"payment_method_details\":{\"card\":{\"amount_authorized\":15000,\"authorization_code\":\"02671P\",\"brand\":\"discover\",\"checks\":{\"address_line1_check\":null,\"address_postal_code_check\":null,\"cvc_check\":\"pass\"},\"country\":\"US\",\"exp_month\":2,\"exp_year\":2029,\"extended_authorization\":{\"status\":\"disabled\"},\"fingerprint\":\"HQkaELIvzatrbrIF\",\"funding\":\"credit\",\"incremental_authorization\":{\"status\":\"unavailable\"},\"installments\":null,\"last4\":\"0216\",\"mandate\":null,\"multicapture\":{\"status\":\"unavailable\"},\"network\":\"discover\",\"network_token\":{\"used\":false},\"network_transaction_id\":\"805072912126931\",\"overcapture\":{\"maximum_amount_capturable\":15000,\"status\":\"unavailable\"},\"regulated_status\":\"unregulated\",\"three_d_secure\":null,\"wallet\":null},\"type\":\"card\"},\"receipt_email\":null,\"receipt_number\":null,\"receipt_url\":\"https:\\/\\/pay.stripe.com\\/receipts\\/payment\\/CAcQARoXChVhY2N0XzFRUEFGdjJOVW9ZVWppdXUojf6PvwYyBknDxSXB4zosFrZ6modUtSHe_6YsIu3MKfay2JsENt9-OHBBdbEIQWVy-Cu6bAjkB9Y7nfQ\",\"refunded\":false,\"review\":null,\"shipping\":null,\"source\":{\"id\":\"card_1R6tsJ2NUoYUjiuuJAsy3ggT\",\"object\":\"card\",\"address_city\":null,\"address_country\":null,\"address_line1\":null,\"address_line1_check\":null,\"address_line2\":null,\"address_state\":null,\"address_zip\":null,\"address_zip_check\":null,\"allow_redisplay\":\"unspecified\",\"brand\":\"Discover\",\"country\":\"US\",\"customer\":\"cus_S0vjCnEuR2q2fB\",\"cvc_check\":\"pass\",\"dynamic_last4\":null,\"exp_month\":2,\"exp_year\":2029,\"fingerprint\":\"HQkaELIvzatrbrIF\",\"funding\":\"credit\",\"last4\":\"0216\",\"metadata\":[],\"name\":\"prieto112015@hotmail.com\",\"regulated_status\":\"unregulated\",\"tokenization_method\":null,\"wallet\":null},\"source_transfer\":null,\"statement_descriptor\":null,\"statement_descriptor_suffix\":null,\"status\":\"succeeded\",\"transfer_data\":null,\"transfer_group\":null}'
WHERE `id` = 220;
INSERT INTO `sub_history` (`user_id`, `package_id`, `amount`, `payment_method`, `date`) VALUES ('K55EDD', '2', '150', 'Stripe', '2025-03-26 08:20:12');
UPDATE `user_registration` SET sub_point = ROUND(sub_point + 150,2)
WHERE `user_id` = 'K55EDD';
INSERT INTO `investment` (`invest_date`, `user_id`, `type`, `amount`, `package_id`) VALUES ('2025-03-26 08:20:12', 'K55EDD', 'subscription', '150', '2');
UPDATE `user_registration` SET total_points = ROUND(total_points + 150,2)
WHERE `user_id` = 'K55EDD';
INSERT INTO `points_history` (`user_id`, `points`, `type`, `date`) VALUES ('K55EDD', '150', 'subscription', '2025-03-26 08:20:');
UPDATE `bv_updation` SET left_carry = left_carry+150, total_left = total_left+150
WHERE `user_id` = 'UQO7EQ';
INSERT INTO `placement_bv_update_history` (`left_carry`, `date`, `from_id`, `user_id`) VALUES ('150', '2025-03-26 08:20:12', 'K55EDD', 'UQO7EQ');
UPDATE `bv_updation` SET sponsor_left_carry = sponsor_left_carry+150, sponsor_total_left = sponsor_total_left+150
WHERE `user_id` = 'UQO7EQ';
INSERT INTO `sponsor_bv_update_history` (`left_carry`, `date`, `user_id`) VALUES ('150', '2025-03-26 08:20:12', 'UQO7EQ');
UPDATE `bv_updation` SET left_carry = left_carry+150, total_left = total_left+150
WHERE `user_id` = 'N6GZAE';
INSERT INTO `placement_bv_update_history` (`left_carry`, `date`, `from_id`, `user_id`) VALUES ('150', '2025-03-26 08:20:12', 'K55EDD', 'N6GZAE');
UPDATE `bv_updation` SET left_carry = left_carry+150, total_left = total_left+150
WHERE `user_id` = '4E1CRI';
INSERT INTO `placement_bv_update_history` (`left_carry`, `date`, `from_id`, `user_id`) VALUES ('150', '2025-03-26 08:20:12', 'K55EDD', '4E1CRI');
UPDATE `bv_updation` SET left_carry = left_carry+150, total_left = total_left+150
WHERE `user_id` = 'SJBNYJ';
INSERT INTO `placement_bv_update_history` (`left_carry`, `date`, `from_id`, `user_id`) VALUES ('150', '2025-03-26 08:20:12', 'K55EDD', 'SJBNYJ');
UPDATE `bv_updation` SET left_carry = left_carry+150, total_left = total_left+150
WHERE `user_id` = '44B9Y4';
INSERT INTO `placement_bv_update_history` (`left_carry`, `date`, `from_id`, `user_id`) VALUES ('150', '2025-03-26 08:20:12', 'K55EDD', '44B9Y4');
UPDATE `bv_updation` SET right_carry = right_carry+150, total_right = total_right+150
WHERE `user_id` = 'admin';
INSERT INTO `placement_bv_update_history` (`right_carry`, `date`, `from_id`, `user_id`) VALUES ('150', '2025-03-26 08:20:12', 'K55EDD', 'admin');
UPDATE `user_registration` SET `subscription_date` = '2025-04-25', `active_status` = 'yes'
WHERE `user_id` = 'K55EDD';
UPDATE `user_registration` SET `popup_seen` = 'yes'
WHERE `user_id` = 'K55EDD';
UPDATE `ci_sessions` SET `timestamp` = 1742995360, `data` = '__ci_last_regenerate|i:1742995360;id|s:4:\"2052\";user_id|s:6:\"K55EDD\";username|s:10:\"Varadero20\";sponsor_id|s:6:\"UQO7EQ\";fullname|s:16:\"Francisco Prieto\";email|s:24:\"prieto112015@hotmail.com\";phone|s:10:\"3059264135\";isLogIn|b:1;'
WHERE `id` = 'e0a63d66780597cd8a34e0be697bb5489988828c';
UPDATE `user_registration` SET `popup_seen` = 'no'
WHERE `user_id` = 'K55EDD';
DELETE FROM `ci_sessions`
WHERE `id` = '4de4cc96a5eb57b4441a49cdc3109c268dc3343d';
INSERT INTO `login_history` (`user_id`, `device`, `ip_address`, `date`) VALUES ('UQO7EQ', 'Mozilla/5.0 (Windows NT 10.0; Win64; x64) AppleWebKit/537.36 (KHTML, like Gecko) Chrome/134.0.0.0 Safari/537.36', '172.68.12.78', '25-03-26 08:22');
UPDATE `user_registration` SET `popup_seen` = 'yes'
WHERE `user_id` = 'UQO7EQ';
UPDATE `user_registration` SET `popup_seen` = 'yes'
WHERE `user_id` = 'UQO7EQ';
UPDATE `ci_sessions` SET `timestamp` = 1742995925, `data` = '__ci_last_regenerate|i:1742995925;id|s:4:\"2042\";user_id|s:6:\"UQO7EQ\";username|s:6:\"Rafa51\";sponsor_id|s:6:\"N6GZAE\";fullname|s:16:\"Rafael Rodriguez\";email|s:18:\"rafagana@yahoo.com\";phone|s:10:\"3057610606\";isLogIn|b:1;'
WHERE `id` = 'e09f829ab9d6c82afe7daf20eef3ff91abccfce3';
UPDATE `user_registration` SET `popup_seen` = 'yes'
WHERE `user_id` = 'UQO7EQ';
INSERT INTO `login_history` (`user_id`, `device`, `ip_address`, `date`) VALUES ('JHRDHS', 'Mozilla/5.0 (iPhone; CPU iPhone OS 18_3_2 like Mac OS X) AppleWebKit/605.1.15 (KHTML, like Gecko) Version/18.3.1 Mobile/15E148 Safari/604.1', '172.70.82.190', '25-03-26 08:41');
UPDATE `user_registration` SET `popup_seen` = 'yes'
WHERE `user_id` = 'JHRDHS';
UPDATE `ci_sessions` SET `timestamp` = 1742996608, `data` = '__ci_last_regenerate|i:1742996608;id|s:4:\"2042\";user_id|s:6:\"UQO7EQ\";username|s:6:\"Rafa51\";sponsor_id|s:6:\"N6GZAE\";fullname|s:16:\"Rafael Rodriguez\";email|s:18:\"rafagana@yahoo.com\";phone|s:10:\"3057610606\";isLogIn|b:1;'
WHERE `id` = '4b69e7545ce1dc4b8114916f68d414aaa172828a';
UPDATE `user_registration` SET `popup_seen` = 'yes'
WHERE `user_id` = 'UQO7EQ';
UPDATE `user_registration` SET `popup_seen` = 'no'
WHERE `user_id` = 'UQO7EQ';
DELETE FROM `ci_sessions`
WHERE `id` = 'c8b0dc5d062fd26f3b5bbd47758a20545cb9d6f3';
UPDATE `ci_sessions` SET `timestamp` = 1742998516, `data` = '__ci_last_regenerate|i:1742998516;id|s:4:\"2084\";user_id|s:6:\"QJ5U9C\";username|s:10:\"gascarde60\";sponsor_id|s:6:\"O94ZPY\";fullname|s:14:\"Gaspar Cardero\";email|s:18:\"gascarde@yahoo.com\";phone|s:10:\"7862371360\";isLogIn|b:1;message|s:22:\"Welcome Gaspar Cardero\";__ci_vars|a:1:{s:7:\"message\";s:3:\"old\";}'
WHERE `id` = '5634d7f46446ef418f6ea9c4afa728629fab04f4';
UPDATE `ci_sessions` SET `timestamp` = 1742998790, `data` = '__ci_last_regenerate|i:1742998790;captcha|s:4:\"8vja\";'
WHERE `id` = '8f07cd43da310b4c6e325a3f9cfd23d5d1a41629';
INSERT INTO `login_history` (`user_id`, `device`, `ip_address`, `date`) VALUES ('UQO7EQ', 'Mozilla/5.0 (Windows NT 10.0; Win64; x64) AppleWebKit/537.36 (KHTML, like Gecko) Chrome/134.0.0.0 Safari/537.36', '172.68.7.63', '25-03-26 09:19');
UPDATE `user_registration` SET `popup_seen` = 'yes'
WHERE `user_id` = 'UQO7EQ';
UPDATE `user_registration` SET `popup_seen` = 'no'
WHERE `user_id` = 'UQO7EQ';
DELETE FROM `ci_sessions`
WHERE `id` = '887cd205a4126c4e7c803f4f274fbcc83d03584d';
UPDATE `ci_sessions` SET `timestamp` = 1742998997, `data` = '__ci_last_regenerate|i:1742998997;id|s:4:\"2084\";user_id|s:6:\"QJ5U9C\";username|s:10:\"gascarde60\";sponsor_id|s:6:\"O94ZPY\";fullname|s:14:\"Gaspar Cardero\";email|s:18:\"gascarde@yahoo.com\";phone|s:10:\"7862371360\";isLogIn|b:1;'
WHERE `id` = 'dfa7d7e005589e3c7e4039956cdb5f884aa6f209';
UPDATE `user_registration` SET `popup_seen` = 'yes'
WHERE `user_id` = 'QJ5U9C';
INSERT INTO `login_history` (`user_id`, `device`, `ip_address`, `date`) VALUES ('4VE7D1', 'Mozilla/5.0 (iPhone; CPU iPhone OS 18_3_2 like Mac OS X) AppleWebKit/605.1.15 (KHTML, like Gecko) Version/18.3.1 Mobile/15E148 Safari/604.1', '172.70.255.193', '25-03-26 09:24');
UPDATE `user_registration` SET `popup_seen` = 'yes'
WHERE `user_id` = '4VE7D1';
INSERT INTO `login_history` (`user_id`, `device`, `ip_address`, `date`) VALUES ('2RSJNO', 'Mozilla/5.0 (iPhone; CPU iPhone OS 18_3_2 like Mac OS X) AppleWebKit/605.1.15 (KHTML, like Gecko) GSA/361.0.737942756 Mobile/15E148 Safari/604.1', '172.70.254.133', '25-03-26 09:25');
UPDATE `user_registration` SET `popup_seen` = 'yes'
WHERE `user_id` = '2RSJNO';
INSERT INTO `login_history` (`user_id`, `device`, `ip_address`, `date`) VALUES ('UQO7EQ', 'Mozilla/5.0 (iPhone; CPU iPhone OS 18_3_2 like Mac OS X) AppleWebKit/605.1.15 (KHTML, like Gecko) Version/18.3.1 Mobile/15E148 Safari/604.1', '172.68.12.132', '25-03-26 09:33');
UPDATE `user_registration` SET `popup_seen` = 'yes'
WHERE `user_id` = 'UQO7EQ';
UPDATE `ci_sessions` SET `timestamp` = 1742999904, `data` = '__ci_last_regenerate|i:1742999904;id|s:4:\"2084\";user_id|s:6:\"QJ5U9C\";username|s:10:\"gascarde60\";sponsor_id|s:6:\"O94ZPY\";fullname|s:14:\"Gaspar Cardero\";email|s:18:\"gascarde@yahoo.com\";phone|s:10:\"7862371360\";isLogIn|b:1;'
WHERE `id` = '77abad3c3977b5a29573e3726a74061fcb1ffc39';
UPDATE `ci_sessions` SET `timestamp` = 1742999952, `data` = '__ci_last_regenerate|i:1742999952;id|s:4:\"2042\";user_id|s:6:\"UQO7EQ\";username|s:6:\"Rafa51\";sponsor_id|s:6:\"N6GZAE\";fullname|s:16:\"Rafael Rodriguez\";email|s:18:\"rafagana@yahoo.com\";phone|s:10:\"3057610606\";isLogIn|b:1;'
WHERE `id` = 'fbaa3e7116e3a75a5852803b44bdd8ae318c89d3';
UPDATE `user_registration` SET `popup_seen` = 'yes'
WHERE `user_id` = 'UQO7EQ';
INSERT INTO `login_history` (`user_id`, `device`, `ip_address`, `date`) VALUES ('U7SMZ8', 'Mozilla/5.0 (Macintosh; Intel Mac OS X 10_15_7) AppleWebKit/605.1.15 (KHTML, like Gecko) Version/17.6 Safari/605.1.15', '172.68.7.88', '25-03-26 09:44');
UPDATE `user_registration` SET `popup_seen` = 'yes'
WHERE `user_id` = 'U7SMZ8';
UPDATE `ci_sessions` SET `timestamp` = 1743000266, `data` = '__ci_last_regenerate|i:1743000266;id|s:4:\"2042\";user_id|s:6:\"UQO7EQ\";username|s:6:\"Rafa51\";sponsor_id|s:6:\"N6GZAE\";fullname|s:16:\"Rafael Rodriguez\";email|s:18:\"rafagana@yahoo.com\";phone|s:10:\"3057610606\";isLogIn|b:1;'
WHERE `id` = '715ad692ac725cf7ebec30848a1d589ce33145e1';
UPDATE `user_registration` SET `popup_seen` = 'yes'
WHERE `user_id` = 'UQO7EQ';
INSERT INTO `temp_register` (`post_data`, `date`, `payment_method`, `type`) VALUES ('{\"user_id\":\"U7SMZ8\",\"package_id\":\"2\",\"amount\":\"150\",\"payment_method\":\"stripe\",\"date\":\"2025-03-26 09:44:31\"}', '2025-03-26 09:44:31', 'stripe', 'renew');
UPDATE `temp_register` SET `response` = '{\"stripeToken\":\"tok_1R6vD42NUoYUjiuuaNvimqZR\",\"stripeTokenType\":\"card\",\"stripeEmail\":\"claujor06@hotmail.com\"}', `date_modified` = '2025-03-26 09:45:43', `payment_status` = '{\"id\":\"ch_3R6vD92NUoYUjiuu1i5ED6yO\",\"object\":\"charge\",\"amount\":15000,\"amount_captured\":15000,\"amount_refunded\":0,\"application\":null,\"application_fee\":null,\"application_fee_amount\":null,\"balance_transaction\":\"txn_3R6vD92NUoYUjiuu175mAvkU\",\"billing_details\":{\"address\":{\"city\":null,\"country\":null,\"line1\":null,\"line2\":null,\"postal_code\":null,\"state\":null},\"email\":null,\"name\":\"claujor06@hotmail.com\",\"phone\":null},\"calculated_statement_descriptor\":\"TRAVELEGENDCY LLC\",\"captured\":true,\"created\":1743000343,\"currency\":\"usd\",\"customer\":\"cus_S0x78jGlqLffMy\",\"description\":null,\"destination\":null,\"dispute\":null,\"disputed\":false,\"failure_balance_transaction\":null,\"failure_code\":null,\"failure_message\":null,\"fraud_details\":[],\"invoice\":null,\"livemode\":true,\"metadata\":{\"name\":\"Claudia Pisana\",\"username\":\"Clau66\"},\"on_behalf_of\":null,\"order\":null,\"outcome\":{\"advice_code\":null,\"network_advice_code\":null,\"network_decline_code\":null,\"network_status\":\"approved_by_network\",\"reason\":null,\"risk_level\":\"normal\",\"seller_message\":\"Payment complete.\",\"type\":\"authorized\"},\"paid\":true,\"payment_intent\":null,\"payment_method\":\"card_1R6vD42NUoYUjiuu5D5QkfJE\",\"payment_method_details\":{\"card\":{\"amount_authorized\":15000,\"authorization_code\":\"176149\",\"brand\":\"visa\",\"checks\":{\"address_line1_check\":null,\"address_postal_code_check\":null,\"cvc_check\":\"pass\"},\"country\":\"US\",\"exp_month\":1,\"exp_year\":2028,\"extended_authorization\":{\"status\":\"disabled\"},\"fingerprint\":\"hZNYwczizDR5Qi32\",\"funding\":\"prepaid\",\"incremental_authorization\":{\"status\":\"unavailable\"},\"installments\":null,\"last4\":\"3075\",\"mandate\":null,\"multicapture\":{\"status\":\"unavailable\"},\"network\":\"visa\",\"network_token\":{\"used\":false},\"network_transaction_id\":\"585085531438635\",\"overcapture\":{\"maximum_amount_capturable\":15000,\"status\":\"unavailable\"},\"regulated_status\":\"unregulated\",\"three_d_secure\":null,\"wallet\":null},\"type\":\"card\"},\"receipt_email\":null,\"receipt_number\":null,\"receipt_url\":\"https:\\/\\/pay.stripe.com\\/receipts\\/payment\\/CAcQARoXChVhY2N0XzFRUEFGdjJOVW9ZVWppdXUomKaQvwYyBgauaDZalzosFlcyKUrhRyRxEkmZd5kM4YdTQUe0EIY0yi7N4dIK_vIEh4PsGLIXAP-64j8\",\"refunded\":false,\"review\":null,\"shipping\":null,\"source\":{\"id\":\"card_1R6vD42NUoYUjiuu5D5QkfJE\",\"object\":\"card\",\"address_city\":null,\"address_country\":null,\"address_line1\":null,\"address_line1_check\":null,\"address_line2\":null,\"address_state\":null,\"address_zip\":null,\"address_zip_check\":null,\"allow_redisplay\":\"unspecified\",\"brand\":\"Visa\",\"country\":\"US\",\"customer\":\"cus_S0x78jGlqLffMy\",\"cvc_check\":\"pass\",\"dynamic_last4\":null,\"exp_month\":1,\"exp_year\":2028,\"fingerprint\":\"hZNYwczizDR5Qi32\",\"funding\":\"prepaid\",\"last4\":\"3075\",\"metadata\":[],\"name\":\"claujor06@hotmail.com\",\"regulated_status\":\"unregulated\",\"tokenization_method\":null,\"wallet\":null},\"source_transfer\":null,\"statement_descriptor\":null,\"statement_descriptor_suffix\":null,\"status\":\"succeeded\",\"transfer_data\":null,\"transfer_group\":null}'
WHERE `id` = 221;
INSERT INTO `sub_history` (`user_id`, `package_id`, `amount`, `payment_method`, `date`) VALUES ('U7SMZ8', '2', '150', 'Stripe', '2025-03-26 09:45:43');
UPDATE `user_registration` SET sub_point = ROUND(sub_point + 150,2)
WHERE `user_id` = 'U7SMZ8';
INSERT INTO `investment` (`invest_date`, `user_id`, `type`, `amount`, `package_id`) VALUES ('2025-03-26 09:45:43', 'U7SMZ8', 'subscription', '150', '2');
UPDATE `user_registration` SET total_points = ROUND(total_points + 150,2)
WHERE `user_id` = 'U7SMZ8';
INSERT INTO `points_history` (`user_id`, `points`, `type`, `date`) VALUES ('U7SMZ8', '150', 'subscription', '2025-03-26 09:45:');
UPDATE `bv_updation` SET right_carry = right_carry+150, total_right = total_right+150
WHERE `user_id` = 'AABG7W';
INSERT INTO `placement_bv_update_history` (`right_carry`, `date`, `from_id`, `user_id`) VALUES ('150', '2025-03-26 09:45:43', 'U7SMZ8', 'AABG7W');
UPDATE `bv_updation` SET right_carry = right_carry+150, total_right = total_right+150
WHERE `user_id` = '3ZDIFO';
INSERT INTO `placement_bv_update_history` (`right_carry`, `date`, `from_id`, `user_id`) VALUES ('150', '2025-03-26 09:45:43', 'U7SMZ8', '3ZDIFO');
UPDATE `bv_updation` SET right_carry = right_carry+150, total_right = total_right+150
WHERE `user_id` = 'UQO7EQ';
INSERT INTO `placement_bv_update_history` (`right_carry`, `date`, `from_id`, `user_id`) VALUES ('150', '2025-03-26 09:45:43', 'U7SMZ8', 'UQO7EQ');
UPDATE `bv_updation` SET sponsor_right_carry = sponsor_right_carry+150, sponsor_total_right = sponsor_total_right+150
WHERE `user_id` = 'UQO7EQ';
INSERT INTO `sponsor_bv_update_history` (`right_carry`, `date`, `user_id`) VALUES ('150', '2025-03-26 09:45:43', 'UQO7EQ');
UPDATE `bv_updation` SET left_carry = left_carry+150, total_left = total_left+150
WHERE `user_id` = 'N6GZAE';
INSERT INTO `placement_bv_update_history` (`left_carry`, `date`, `from_id`, `user_id`) VALUES ('150', '2025-03-26 09:45:43', 'U7SMZ8', 'N6GZAE');
UPDATE `bv_updation` SET left_carry = left_carry+150, total_left = total_left+150
WHERE `user_id` = '4E1CRI';
INSERT INTO `placement_bv_update_history` (`left_carry`, `date`, `from_id`, `user_id`) VALUES ('150', '2025-03-26 09:45:43', 'U7SMZ8', '4E1CRI');
UPDATE `bv_updation` SET left_carry = left_carry+150, total_left = total_left+150
WHERE `user_id` = 'SJBNYJ';
INSERT INTO `placement_bv_update_history` (`left_carry`, `date`, `from_id`, `user_id`) VALUES ('150', '2025-03-26 09:45:43', 'U7SMZ8', 'SJBNYJ');
UPDATE `bv_updation` SET left_carry = left_carry+150, total_left = total_left+150
WHERE `user_id` = '44B9Y4';
INSERT INTO `placement_bv_update_history` (`left_carry`, `date`, `from_id`, `user_id`) VALUES ('150', '2025-03-26 09:45:43', 'U7SMZ8', '44B9Y4');
UPDATE `bv_updation` SET right_carry = right_carry+150, total_right = total_right+150
WHERE `user_id` = 'admin';
INSERT INTO `placement_bv_update_history` (`right_carry`, `date`, `from_id`, `user_id`) VALUES ('150', '2025-03-26 09:45:43', 'U7SMZ8', 'admin');
UPDATE `user_registration` SET `subscription_date` = '2025-04-25', `active_status` = 'yes'
WHERE `user_id` = 'U7SMZ8';
UPDATE `user_registration` SET `popup_seen` = 'yes'
WHERE `user_id` = 'U7SMZ8';
UPDATE `ci_sessions` SET `timestamp` = 1743000392, `data` = '__ci_last_regenerate|i:1743000392;id|s:4:\"2084\";user_id|s:6:\"QJ5U9C\";username|s:10:\"gascarde60\";sponsor_id|s:6:\"O94ZPY\";fullname|s:14:\"Gaspar Cardero\";email|s:18:\"gascarde@yahoo.com\";phone|s:10:\"7862371360\";isLogIn|b:1;'
WHERE `id` = '2481be17cd3548b2c1b57cbcd49dbebbddebe111';
UPDATE `user_registration` SET `popup_seen` = 'yes'
WHERE `user_id` = 'U7SMZ8';
UPDATE `ci_sessions` SET `timestamp` = 1743000549, `data` = '__ci_last_regenerate|i:1743000549;id|s:4:\"2061\";user_id|s:6:\"U7SMZ8\";username|s:6:\"Clau66\";sponsor_id|s:6:\"UQO7EQ\";fullname|s:14:\"Claudia Pisana\";email|s:21:\"claujor06@hotmail.com\";phone|s:10:\"7863843449\";isLogIn|b:1;'
WHERE `id` = 'b853d66a89fe1478528bf7c42eca7a4f9e5a8dde';
UPDATE `user_registration` SET `popup_seen` = 'yes'
WHERE `user_id` = 'U7SMZ8';
UPDATE `ci_sessions` SET `timestamp` = 1743000695, `data` = '__ci_last_regenerate|i:1743000695;captcha|s:4:\"4hea\";'
WHERE `id` = 'b4bdf7151bfd95d5ad02bdb0bd352c1b028526da';
INSERT INTO `login_history` (`user_id`, `device`, `ip_address`, `date`) VALUES ('UQO7EQ', 'Mozilla/5.0 (Windows NT 10.0; Win64; x64) AppleWebKit/537.36 (KHTML, like Gecko) Chrome/134.0.0.0 Safari/537.36', '172.68.7.204', '25-03-26 09:51');
UPDATE `user_registration` SET `popup_seen` = 'yes'
WHERE `user_id` = 'UQO7EQ';
UPDATE `ci_sessions` SET `timestamp` = 1743000699, `data` = '__ci_last_regenerate|i:1743000699;id|s:4:\"2071\";user_id|s:6:\"JHRDHS\";username|s:7:\"mbecena\";sponsor_id|s:6:\"CVVK4C\";fullname|s:12:\"Maria Becena\";email|s:21:\"mbecena@bellsouth.net\";phone|s:10:\"7862360387\";isLogIn|b:1;'
WHERE `id` = 'ae89c472ec39398c2e52c1d9474330dbc60c3dfe';
UPDATE `user_registration` SET `popup_seen` = 'yes'
WHERE `user_id` = 'JHRDHS';
INSERT INTO `login_history` (`user_id`, `device`, `ip_address`, `date`) VALUES ('44B9Y4', 'Mozilla/5.0 (Windows NT 10.0; Win64; x64) AppleWebKit/537.36 (KHTML, like Gecko) Chrome/134.0.0.0 Safari/537.36', '172.69.132.240', '25-03-26 09:52');
UPDATE `user_registration` SET `popup_seen` = 'yes'
WHERE `user_id` = '44B9Y4';
UPDATE `user_registration` SET `popup_seen` = 'no'
WHERE `user_id` = '44B9Y4';
DELETE FROM `ci_sessions`
WHERE `id` = 'eb93a0e90be998d216c6de24eb7b2c32cb9d71e7';
INSERT INTO `login_history` (`user_id`, `device`, `ip_address`, `date`) VALUES ('UQO7EQ', 'Mozilla/5.0 (Windows NT 10.0; Win64; x64) AppleWebKit/537.36 (KHTML, like Gecko) Chrome/134.0.0.0 Safari/537.36', '172.69.132.241', '25-03-26 09:53');
UPDATE `user_registration` SET `popup_seen` = 'yes'
WHERE `user_id` = 'UQO7EQ';
UPDATE `ci_sessions` SET `timestamp` = 1743000806, `data` = '__ci_last_regenerate|i:1743000806;id|s:4:\"2084\";user_id|s:6:\"QJ5U9C\";username|s:10:\"gascarde60\";sponsor_id|s:6:\"O94ZPY\";fullname|s:14:\"Gaspar Cardero\";email|s:18:\"gascarde@yahoo.com\";phone|s:10:\"7862371360\";isLogIn|b:1;'
WHERE `id` = '2a5f84bacc0752986905802a46f36054f4bdd9df';
UPDATE `user_registration` SET `popup_seen` = 'yes'
WHERE `user_id` = 'QJ5U9C';
UPDATE `user_registration` SET `popup_seen` = 'yes'
WHERE `user_id` = 'UQO7EQ';
UPDATE `user_registration` SET `popup_seen` = 'no'
WHERE `user_id` = 'UQO7EQ';
DELETE FROM `ci_sessions`
WHERE `id` = '8fef2ec2dc3bd627a99125fa34e093936b63bacc';
UPDATE `user_registration` SET `popup_seen` = 'yes'
WHERE `user_id` = 'UQO7EQ';
UPDATE `ci_sessions` SET `timestamp` = 1743000903, `data` = '__ci_last_regenerate|i:1743000903;id|s:4:\"2061\";user_id|s:6:\"U7SMZ8\";username|s:6:\"Clau66\";sponsor_id|s:6:\"UQO7EQ\";fullname|s:14:\"Claudia Pisana\";email|s:21:\"claujor06@hotmail.com\";phone|s:10:\"7863843449\";isLogIn|b:1;'
WHERE `id` = '5d465617e402d0a7832a39e5b521af57ef6645d8';
UPDATE `user_registration` SET `popup_seen` = 'yes'
WHERE `user_id` = 'U7SMZ8';
UPDATE `user_registration` SET `popup_seen` = 'yes'
WHERE `user_id` = 'U7SMZ8';
UPDATE `user_registration` SET `popup_seen` = 'yes'
WHERE `user_id` = 'U7SMZ8';
UPDATE `user_registration` SET `popup_seen` = 'no'
WHERE `user_id` = 'U7SMZ8';
DELETE FROM `ci_sessions`
WHERE `id` = '6ed557a08c4e89b3d1830e7b1f5153d3d97fbfea';
UPDATE `ci_sessions` SET `timestamp` = 1743001081, `data` = '__ci_last_regenerate|i:1743001081;id|s:4:\"2042\";user_id|s:6:\"UQO7EQ\";username|s:6:\"Rafa51\";sponsor_id|s:6:\"N6GZAE\";fullname|s:16:\"Rafael Rodriguez\";email|s:18:\"rafagana@yahoo.com\";phone|s:10:\"3057610606\";isLogIn|b:1;'
WHERE `id` = 'b4f4d80ebfff04e629f250b652c733d656e6b928';
UPDATE `user_registration` SET `popup_seen` = 'yes'
WHERE `user_id` = 'UQO7EQ';
UPDATE `ci_sessions` SET `timestamp` = 1743001209, `data` = '__ci_last_regenerate|i:1743001209;id|s:4:\"2042\";user_id|s:6:\"UQO7EQ\";username|s:6:\"Rafa51\";sponsor_id|s:6:\"N6GZAE\";fullname|s:16:\"Rafael Rodriguez\";email|s:18:\"rafagana@yahoo.com\";phone|s:10:\"3057610606\";isLogIn|b:1;'
WHERE `id` = '91cdf5e3955f2e7e4e12255fc19f8b2e98e77ce1';
UPDATE `user_registration` SET `popup_seen` = 'yes'
WHERE `user_id` = 'UQO7EQ';
INSERT INTO `login_history` (`user_id`, `device`, `ip_address`, `date`) VALUES ('HSP8ZI', 'Mozilla/5.0 (Linux; Android 10; K) AppleWebKit/537.36 (KHTML, like Gecko) Chrome/134.0.0.0 Mobile Safari/537.36', '172.70.254.3', '25-03-26 10:05');
UPDATE `user_registration` SET `popup_seen` = 'yes'
WHERE `user_id` = 'HSP8ZI';
UPDATE `user_registration` SET `popup_seen` = 'no'
WHERE `user_id` = 'HSP8ZI';
DELETE FROM `ci_sessions`
WHERE `id` = '71126ef27accef135f0c1691b1eb48634a334875';
UPDATE `user_registration` SET `popup_seen` = 'no'
WHERE `user_id` IS NULL;
DELETE FROM `ci_sessions`
WHERE `id` = 'dcc99828b8d7757cf91d927e19e8b985f5ad8e89';
INSERT INTO `login_history` (`user_id`, `device`, `ip_address`, `date`) VALUES ('JHRDHS', 'Mozilla/5.0 (Macintosh; Intel Mac OS X 10_15_7) AppleWebKit/605.1.15 (KHTML, like Gecko) Version/17.6 Safari/605.1.15', '172.68.7.205', '25-03-26 10:09');
UPDATE `user_registration` SET `popup_seen` = 'yes'
WHERE `user_id` = 'JHRDHS';
UPDATE `user_registration` SET `popup_seen` = 'yes'
WHERE `user_id` = 'JHRDHS';
UPDATE `user_registration` SET `popup_seen` = 'no'
WHERE `user_id` = 'JHRDHS';
DELETE FROM `ci_sessions`
WHERE `id` = '14b4a427c7af6380a2d894105e81f75ee833c92a';
UPDATE `ci_sessions` SET `timestamp` = 1743002013, `data` = '__ci_last_regenerate|i:1743002013;captcha|s:4:\"vtu5\";'
WHERE `id` = 'fb68c80fe25f21806f164b1cb0b05b5ba43fb53a';
INSERT INTO `login_history` (`user_id`, `device`, `ip_address`, `date`) VALUES ('UQO7EQ', 'Mozilla/5.0 (Windows NT 10.0; Win64; x64) AppleWebKit/537.36 (KHTML, like Gecko) Chrome/134.0.0.0 Safari/537.36', '172.70.82.149', '25-03-26 10:13');
UPDATE `user_registration` SET `popup_seen` = 'yes'
WHERE `user_id` = 'UQO7EQ';
INSERT INTO `login_history` (`user_id`, `device`, `ip_address`, `date`) VALUES ('4VE7D1', 'Mozilla/5.0 (Macintosh; Intel Mac OS X 10_15_7) AppleWebKit/605.1.15 (KHTML, like Gecko) Version/17.6 Safari/605.1.15', '172.70.82.159', '25-03-26 10:15');
UPDATE `user_registration` SET `popup_seen` = 'yes'
WHERE `user_id` = '4VE7D1';
UPDATE `user_registration` SET `popup_seen` = 'yes'
WHERE `user_id` = 'UQO7EQ';
UPDATE `user_registration` SET `popup_seen` = 'no'
WHERE `user_id` = 'UQO7EQ';
DELETE FROM `ci_sessions`
WHERE `id` = '48bc921868b14bd1e1c1050138e34c276613a679';
UPDATE `user_registration` SET `popup_seen` = 'no'
WHERE `user_id` = '4VE7D1';
DELETE FROM `ci_sessions`
WHERE `id` = '1b4163c316c8422fff95cf8b196af7bebf897d81';
INSERT INTO `login_history` (`user_id`, `device`, `ip_address`, `date`) VALUES ('B5EVHD', 'Mozilla/5.0 (Macintosh; Intel Mac OS X 10_15_7) AppleWebKit/605.1.15 (KHTML, like Gecko) Version/17.6 Safari/605.1.15', '172.70.82.159', '25-03-26 10:18');
UPDATE `user_registration` SET `popup_seen` = 'yes'
WHERE `user_id` = 'B5EVHD';
INSERT INTO `login_history` (`user_id`, `device`, `ip_address`, `date`) VALUES ('UQO7EQ', 'Mozilla/5.0 (Windows NT 10.0; Win64; x64) AppleWebKit/537.36 (KHTML, like Gecko) Chrome/134.0.0.0 Safari/537.36', '172.70.82.148', '25-03-26 10:19');
UPDATE `user_registration` SET `popup_seen` = 'yes'
WHERE `user_id` = 'UQO7EQ';
UPDATE `user_registration` SET `popup_seen` = 'no'
WHERE `user_id` = 'UQO7EQ';
DELETE FROM `ci_sessions`
WHERE `id` = '14ba15f36161e9a09fcfc84df21e0048a9c1e084';
INSERT INTO `login_history` (`user_id`, `device`, `ip_address`, `date`) VALUES ('UQO7EQ', 'Mozilla/5.0 (Windows NT 10.0; Win64; x64) AppleWebKit/537.36 (KHTML, like Gecko) Chrome/134.0.0.0 Safari/537.36', '172.70.82.148', '25-03-26 10:21');
UPDATE `user_registration` SET `popup_seen` = 'yes'
WHERE `user_id` = 'UQO7EQ';
UPDATE `ci_sessions` SET `timestamp` = 1743002837, `data` = '__ci_last_regenerate|i:1743002837;id|s:4:\"2270\";user_id|s:6:\"4VE7D1\";username|s:9:\"Ibarzabal\";sponsor_id|s:6:\"JHRDHS\";fullname|s:24:\"Carousel Barber Shop Inc\";email|s:24:\"frankibarzabal@gmail.com\";phone|s:10:\"7862307398\";isLogIn|b:1;'
WHERE `id` = 'bc33afedd42f9079600fd4a033aaf211cb8c76b2';
INSERT INTO `login_history` (`user_id`, `device`, `ip_address`, `date`) VALUES ('2RSJNO', 'Mozilla/5.0 (Windows NT 10.0; Win64; x64) AppleWebKit/537.36 (KHTML, like Gecko) Chrome/134.0.0.0 Safari/537.36', '172.68.12.54', '25-03-26 10:27');
UPDATE `user_registration` SET `popup_seen` = 'yes'
WHERE `user_id` = '2RSJNO';
UPDATE `ci_sessions` SET `timestamp` = 1743002887, `data` = '__ci_last_regenerate|i:1743002887;id|s:4:\"2042\";user_id|s:6:\"UQO7EQ\";username|s:6:\"Rafa51\";sponsor_id|s:6:\"N6GZAE\";fullname|s:16:\"Rafael Rodriguez\";email|s:18:\"rafagana@yahoo.com\";phone|s:10:\"3057610606\";isLogIn|b:1;message|s:24:\"Welcome Rafael Rodriguez\";__ci_vars|a:1:{s:7:\"message\";s:3:\"old\";}'
WHERE `id` = '16c4b503df942e316e8aedced490435424a90c35';
UPDATE `user_registration` SET `popup_seen` = 'yes'
WHERE `user_id` = 'UQO7EQ';
UPDATE `ci_sessions` SET `timestamp` = 1743002923, `data` = '__ci_last_regenerate|i:1743002923;id|s:4:\"2084\";user_id|s:6:\"QJ5U9C\";username|s:10:\"gascarde60\";sponsor_id|s:6:\"O94ZPY\";fullname|s:14:\"Gaspar Cardero\";email|s:18:\"gascarde@yahoo.com\";phone|s:10:\"7862371360\";isLogIn|b:1;'
WHERE `id` = '16d696953ee7f6ccdc44124eb03ce003134c3335';
UPDATE `ci_sessions` SET `timestamp` = 1743003267, `data` = '__ci_last_regenerate|i:1743003267;id|s:4:\"2084\";user_id|s:6:\"QJ5U9C\";username|s:10:\"gascarde60\";sponsor_id|s:6:\"O94ZPY\";fullname|s:14:\"Gaspar Cardero\";email|s:18:\"gascarde@yahoo.com\";phone|s:10:\"7862371360\";isLogIn|b:1;'
WHERE `id` = 'c9fefc343d776d585177d1a86b2aadd94e880e40';
UPDATE `ci_sessions` SET `timestamp` = 1743003348, `data` = '__ci_last_regenerate|i:1743003348;id|s:4:\"2042\";user_id|s:6:\"UQO7EQ\";username|s:6:\"Rafa51\";sponsor_id|s:6:\"N6GZAE\";fullname|s:16:\"Rafael Rodriguez\";email|s:18:\"rafagana@yahoo.com\";phone|s:10:\"3057610606\";isLogIn|b:1;'
WHERE `id` = '65826ea1b5129e3b7fc74a70ec15cae5e4f18292';
UPDATE `user_registration` SET `popup_seen` = 'yes'
WHERE `user_id` = 'UQO7EQ';
UPDATE `user_registration` SET `popup_seen` = 'no'
WHERE `user_id` = 'UQO7EQ';
DELETE FROM `ci_sessions`
WHERE `id` = '04a2f28c36914674559df8131dccd8106f17a96c';
INSERT INTO `login_history` (`user_id`, `device`, `ip_address`, `date`) VALUES ('JIL8K9', 'Mozilla/5.0 (iPhone; CPU iPhone OS 18_3_2 like Mac OS X) AppleWebKit/605.1.15 (KHTML, like Gecko) Version/18.3.1 Mobile/15E148 Safari/604.1', '172.70.255.181', '25-03-26 10:39');
UPDATE `user_registration` SET `popup_seen` = 'yes'
WHERE `user_id` = 'JIL8K9';
UPDATE `user_registration` SET `language` = 'english'
WHERE `user_id` = 'JIL8K9';
UPDATE `user_registration` SET `popup_seen` = 'yes'
WHERE `user_id` = 'JIL8K9';
INSERT INTO `temp_register` (`post_data`, `date`, `payment_method`, `type`) VALUES ('{\"user_id\":\"JIL8K9\",\"package_id\":\"2\",\"amount\":\"150\",\"payment_method\":\"stripe\",\"date\":\"2025-03-26 10:40:04\"}', '2025-03-26 10:40:04', 'stripe', 'renew');
UPDATE `ci_sessions` SET `timestamp` = 1743003921, `data` = '__ci_last_regenerate|i:1743003921;id|s:4:\"2072\";user_id|s:6:\"JIL8K9\";username|s:9:\"Daysi1970\";sponsor_id|s:6:\"U7SMZ8\";fullname|s:15:\"Daysi Chavarria\";email|s:20:\"urquia0831@gmail.com\";phone|s:10:\"3055707872\";isLogIn|b:1;upgrade_stripe_id|i:222;'
WHERE `id` = '2545d9de55a10b6f881f9c664f2f58f2a2c39da4';
UPDATE `temp_register` SET `response` = '{\"stripeToken\":\"tok_1R6w8q2NUoYUjiuuhODCgmvk\",\"stripeTokenType\":\"card\",\"stripeEmail\":\"urquia0831@gmail.com\"}', `date_modified` = '2025-03-26 10:45:24', `payment_status` = '{\"id\":\"ch_3R6w8u2NUoYUjiuu1yInG7T3\",\"object\":\"charge\",\"amount\":15000,\"amount_captured\":15000,\"amount_refunded\":0,\"application\":null,\"application_fee\":null,\"application_fee_amount\":null,\"balance_transaction\":\"txn_3R6w8u2NUoYUjiuu1GmPR66Q\",\"billing_details\":{\"address\":{\"city\":null,\"country\":null,\"line1\":null,\"line2\":null,\"postal_code\":null,\"state\":null},\"email\":null,\"name\":\"urquia0831@gmail.com\",\"phone\":null},\"calculated_statement_descriptor\":\"TRAVELEGENDCY LLC\",\"captured\":true,\"created\":1743003924,\"currency\":\"usd\",\"customer\":\"cus_S0y55YDZqmUpfG\",\"description\":null,\"destination\":null,\"dispute\":null,\"disputed\":false,\"failure_balance_transaction\":null,\"failure_code\":null,\"failure_message\":null,\"fraud_details\":[],\"invoice\":null,\"livemode\":true,\"metadata\":{\"name\":\"Daysi Chavarria\",\"username\":\"Daysi1970\"},\"on_behalf_of\":null,\"order\":null,\"outcome\":{\"advice_code\":null,\"network_advice_code\":null,\"network_decline_code\":null,\"network_status\":\"approved_by_network\",\"reason\":null,\"risk_level\":\"normal\",\"seller_message\":\"Payment complete.\",\"type\":\"authorized\"},\"paid\":true,\"payment_intent\":null,\"payment_method\":\"card_1R6w8q2NUoYUjiuu7YQuo0GJ\",\"payment_method_details\":{\"card\":{\"amount_authorized\":15000,\"authorization_code\":\"044511\",\"brand\":\"visa\",\"checks\":{\"address_line1_check\":null,\"address_postal_code_check\":null,\"cvc_check\":\"pass\"},\"country\":\"US\",\"exp_month\":4,\"exp_year\":2030,\"extended_authorization\":{\"status\":\"disabled\"},\"fingerprint\":\"e6YgRM1s1zgqdlix\",\"funding\":\"debit\",\"incremental_authorization\":{\"status\":\"unavailable\"},\"installments\":null,\"last4\":\"5675\",\"mandate\":null,\"multicapture\":{\"status\":\"unavailable\"},\"network\":\"visa\",\"network_token\":{\"used\":true},\"network_transaction_id\":\"465085567243528\",\"overcapture\":{\"maximum_amount_capturable\":15000,\"status\":\"unavailable\"},\"regulated_status\":\"regulated\",\"three_d_secure\":null,\"wallet\":null},\"type\":\"card\"},\"receipt_email\":null,\"receipt_number\":null,\"receipt_url\":\"https:\\/\\/pay.stripe.com\\/receipts\\/payment\\/CAcQARoXChVhY2N0XzFRUEFGdjJOVW9ZVWppdXUolcKQvwYyBtZxCjnEHjosFjAIHK48saZ2J3actpSQQN9OJMNjerA4w1AxDagKqiAz1gqiGBSBuC1_o7M\",\"refunded\":false,\"review\":null,\"shipping\":null,\"source\":{\"id\":\"card_1R6w8q2NUoYUjiuu7YQuo0GJ\",\"object\":\"card\",\"address_city\":null,\"address_country\":null,\"address_line1\":null,\"address_line1_check\":null,\"address_line2\":null,\"address_state\":null,\"address_zip\":null,\"address_zip_check\":null,\"allow_redisplay\":\"unspecified\",\"brand\":\"Visa\",\"country\":\"US\",\"customer\":\"cus_S0y55YDZqmUpfG\",\"cvc_check\":\"pass\",\"dynamic_last4\":null,\"exp_month\":4,\"exp_year\":2030,\"fingerprint\":\"e6YgRM1s1zgqdlix\",\"funding\":\"debit\",\"last4\":\"5675\",\"metadata\":[],\"name\":\"urquia0831@gmail.com\",\"regulated_status\":\"regulated\",\"tokenization_method\":null,\"wallet\":null},\"source_transfer\":null,\"statement_descriptor\":null,\"statement_descriptor_suffix\":null,\"status\":\"succeeded\",\"transfer_data\":null,\"transfer_group\":null}'
WHERE `id` = 222;
INSERT INTO `sub_history` (`user_id`, `package_id`, `amount`, `payment_method`, `date`) VALUES ('JIL8K9', '2', '150', 'Stripe', '2025-03-26 10:45:24');
UPDATE `user_registration` SET sub_point = ROUND(sub_point + 150,2)
WHERE `user_id` = 'JIL8K9';
INSERT INTO `investment` (`invest_date`, `user_id`, `type`, `amount`, `package_id`) VALUES ('2025-03-26 10:45:24', 'JIL8K9', 'subscription', '150', '2');
UPDATE `user_registration` SET total_points = ROUND(total_points + 150,2)
WHERE `user_id` = 'JIL8K9';
INSERT INTO `points_history` (`user_id`, `points`, `type`, `date`) VALUES ('JIL8K9', '150', 'subscription', '2025-03-26 10:45:');
UPDATE `bv_updation` SET left_carry = left_carry+150, total_left = total_left+150
WHERE `user_id` = 'U7SMZ8';
INSERT INTO `placement_bv_update_history` (`left_carry`, `date`, `from_id`, `user_id`) VALUES ('150', '2025-03-26 10:45:24', 'JIL8K9', 'U7SMZ8');
UPDATE `bv_updation` SET sponsor_left_carry = sponsor_left_carry+150, sponsor_total_left = sponsor_total_left+150
WHERE `user_id` = 'U7SMZ8';
INSERT INTO `sponsor_bv_update_history` (`left_carry`, `date`, `user_id`) VALUES ('150', '2025-03-26 10:45:24', 'U7SMZ8');
UPDATE `bv_updation` SET right_carry = right_carry+150, total_right = total_right+150
WHERE `user_id` = 'AABG7W';
INSERT INTO `placement_bv_update_history` (`right_carry`, `date`, `from_id`, `user_id`) VALUES ('150', '2025-03-26 10:45:24', 'JIL8K9', 'AABG7W');
UPDATE `bv_updation` SET right_carry = right_carry+150, total_right = total_right+150
WHERE `user_id` = '3ZDIFO';
INSERT INTO `placement_bv_update_history` (`right_carry`, `date`, `from_id`, `user_id`) VALUES ('150', '2025-03-26 10:45:24', 'JIL8K9', '3ZDIFO');
UPDATE `bv_updation` SET right_carry = right_carry+150, total_right = total_right+150
WHERE `user_id` = 'UQO7EQ';
INSERT INTO `placement_bv_update_history` (`right_carry`, `date`, `from_id`, `user_id`) VALUES ('150', '2025-03-26 10:45:24', 'JIL8K9', 'UQO7EQ');
UPDATE `bv_updation` SET left_carry = left_carry+150, total_left = total_left+150
WHERE `user_id` = 'N6GZAE';
INSERT INTO `placement_bv_update_history` (`left_carry`, `date`, `from_id`, `user_id`) VALUES ('150', '2025-03-26 10:45:24', 'JIL8K9', 'N6GZAE');
UPDATE `bv_updation` SET left_carry = left_carry+150, total_left = total_left+150
WHERE `user_id` = '4E1CRI';
INSERT INTO `placement_bv_update_history` (`left_carry`, `date`, `from_id`, `user_id`) VALUES ('150', '2025-03-26 10:45:24', 'JIL8K9', '4E1CRI');
UPDATE `bv_updation` SET left_carry = left_carry+150, total_left = total_left+150
WHERE `user_id` = 'SJBNYJ';
INSERT INTO `placement_bv_update_history` (`left_carry`, `date`, `from_id`, `user_id`) VALUES ('150', '2025-03-26 10:45:24', 'JIL8K9', 'SJBNYJ');
UPDATE `bv_updation` SET left_carry = left_carry+150, total_left = total_left+150
WHERE `user_id` = '44B9Y4';
INSERT INTO `placement_bv_update_history` (`left_carry`, `date`, `from_id`, `user_id`) VALUES ('150', '2025-03-26 10:45:24', 'JIL8K9', '44B9Y4');
UPDATE `bv_updation` SET right_carry = right_carry+150, total_right = total_right+150
WHERE `user_id` = 'admin';
INSERT INTO `placement_bv_update_history` (`right_carry`, `date`, `from_id`, `user_id`) VALUES ('150', '2025-03-26 10:45:24', 'JIL8K9', 'admin');
UPDATE `user_registration` SET `subscription_date` = '2025-04-25', `active_status` = 'yes'
WHERE `user_id` = 'JIL8K9';
UPDATE `user_registration` SET `popup_seen` = 'yes'
WHERE `user_id` = 'JIL8K9';
UPDATE `user_registration` SET `popup_seen` = 'no'
WHERE `user_id` = 'JIL8K9';
DELETE FROM `ci_sessions`
WHERE `id` = 'cf13b4d7bc902a46fee98cdae47dfb43c7398788';
UPDATE `ci_sessions` SET `timestamp` = 1743004216, `data` = '__ci_last_regenerate|i:1743004216;id|s:4:\"2084\";user_id|s:6:\"QJ5U9C\";username|s:10:\"gascarde60\";sponsor_id|s:6:\"O94ZPY\";fullname|s:14:\"Gaspar Cardero\";email|s:18:\"gascarde@yahoo.com\";phone|s:10:\"7862371360\";isLogIn|b:1;'
WHERE `id` = '66bd2c006711acc3bae5a1583732df508ced9d92';
UPDATE `user_registration` SET `popup_seen` = 'yes'
WHERE `user_id` = 'QJ5U9C';
UPDATE `ci_sessions` SET `timestamp` = 1743004230, `data` = '__ci_last_regenerate|i:1743004230;captcha|s:4:\"g249\";'
WHERE `id` = '0fe55ab614b4d17583143f40717c49eff2e7a14b';
INSERT INTO `login_history` (`user_id`, `device`, `ip_address`, `date`) VALUES ('UQO7EQ', 'Mozilla/5.0 (Windows NT 10.0; Win64; x64) AppleWebKit/537.36 (KHTML, like Gecko) Chrome/134.0.0.0 Safari/537.36', '172.68.7.161', '25-03-26 10:50');
UPDATE `user_registration` SET `popup_seen` = 'yes'
WHERE `user_id` = 'UQO7EQ';
UPDATE `user_registration` SET `popup_seen` = 'yes'
WHERE `user_id` = 'UQO7EQ';
UPDATE `user_registration` SET `popup_seen` = 'yes'
WHERE `user_id` = 'UQO7EQ';
UPDATE `user_registration` SET `popup_seen` = 'no'
WHERE `user_id` = 'UQO7EQ';
DELETE FROM `ci_sessions`
WHERE `id` = 'd15258055838c0d1b006ae237514066d7038d2f7';
UPDATE `ci_sessions` SET `timestamp` = 1743004682, `data` = '__ci_last_regenerate|i:1743004682;id|s:4:\"2270\";user_id|s:6:\"4VE7D1\";username|s:9:\"Ibarzabal\";sponsor_id|s:6:\"JHRDHS\";fullname|s:24:\"Carousel Barber Shop Inc\";email|s:24:\"frankibarzabal@gmail.com\";phone|s:10:\"7862307398\";isLogIn|b:1;'
WHERE `id` = '1d148935434619d608ff03190d023255cac5fa31';
UPDATE `ci_sessions` SET `timestamp` = 1743004812, `data` = '__ci_last_regenerate|i:1743004812;captcha|s:4:\"ir7o\";'
WHERE `id` = 'd4a665c6811cb8b8b649190d1e1d6d5bc5744dd8';
UPDATE `ci_sessions` SET `timestamp` = 1743004936, `data` = '__ci_last_regenerate|i:1743004936;id|s:4:\"2042\";user_id|s:6:\"UQO7EQ\";username|s:6:\"Rafa51\";sponsor_id|s:6:\"N6GZAE\";fullname|s:16:\"Rafael Rodriguez\";email|s:18:\"rafagana@yahoo.com\";phone|s:10:\"3057610606\";isLogIn|b:1;'
WHERE `id` = 'ba3d93ce7ca4b6ef6dfb3943c025cff49f0ede15';
UPDATE `ci_sessions` SET `timestamp` = 1743005153, `data` = '__ci_last_regenerate|i:1743005153;id|s:4:\"2270\";user_id|s:6:\"4VE7D1\";username|s:9:\"Ibarzabal\";sponsor_id|s:6:\"JHRDHS\";fullname|s:24:\"Carousel Barber Shop Inc\";email|s:24:\"frankibarzabal@gmail.com\";phone|s:10:\"7862307398\";isLogIn|b:1;'
WHERE `id` = '548789b1bb852db1feb42c4938dd38caada6c5a3';
UPDATE `ci_sessions` SET `timestamp` = 1743005273, `data` = '__ci_last_regenerate|i:1743005273;id|s:4:\"2042\";user_id|s:6:\"UQO7EQ\";username|s:6:\"Rafa51\";sponsor_id|s:6:\"N6GZAE\";fullname|s:16:\"Rafael Rodriguez\";email|s:18:\"rafagana@yahoo.com\";phone|s:10:\"3057610606\";isLogIn|b:1;'
WHERE `id` = '9a1f028d80eec7480a70a6df740be62c80629245';
UPDATE `user_registration` SET `popup_seen` = 'no'
WHERE `user_id` = 'UQO7EQ';
DELETE FROM `ci_sessions`
WHERE `id` = '90736323bb90989c6e4986a468f51f0775fef5d9';
INSERT INTO `login_history` (`user_id`, `device`, `ip_address`, `date`) VALUES ('N6GZAE', 'Mozilla/5.0 (Windows NT 10.0; Win64; x64) AppleWebKit/537.36 (KHTML, like Gecko) Chrome/134.0.0.0 Safari/537.36', '172.68.7.205', '25-03-26 11:08');
UPDATE `user_registration` SET `popup_seen` = 'yes'
WHERE `user_id` = 'N6GZAE';
UPDATE `user_registration` SET `popup_seen` = 'no'
WHERE `user_id` = 'N6GZAE';
DELETE FROM `ci_sessions`
WHERE `id` = 'a1dc5e2acf5035f34b719f80ec9e6bc663b2ac41';
INSERT INTO `login_history` (`user_id`, `device`, `ip_address`, `date`) VALUES ('45E8V2', 'Mozilla/5.0 (Windows NT 10.0; Win64; x64) AppleWebKit/537.36 (KHTML, like Gecko) Chrome/134.0.0.0 Safari/537.36', '172.68.7.183', '25-03-26 11:09');
UPDATE `user_registration` SET `popup_seen` = 'yes'
WHERE `user_id` = '45E8V2';
UPDATE `user_registration` SET `popup_seen` = 'no'
WHERE `user_id` = '45E8V2';
DELETE FROM `ci_sessions`
WHERE `id` = 'ca1a651b71bb3101c5b8830f50435a510bd07a75';
INSERT INTO `login_history` (`user_id`, `device`, `ip_address`, `date`) VALUES ('K55EDD', 'Mozilla/5.0 (Windows NT 10.0; Win64; x64) AppleWebKit/537.36 (KHTML, like Gecko) Chrome/134.0.0.0 Safari/537.36', '172.70.255.78', '25-03-26 11:12');
UPDATE `user_registration` SET `popup_seen` = 'yes'
WHERE `user_id` = 'K55EDD';
UPDATE `ci_sessions` SET `timestamp` = 1743005947, `data` = '__ci_last_regenerate|i:1743005947;id|s:4:\"2052\";user_id|s:6:\"K55EDD\";username|s:10:\"Varadero20\";sponsor_id|s:6:\"UQO7EQ\";fullname|s:16:\"Francisco Prieto\";email|s:24:\"prieto112015@hotmail.com\";phone|s:10:\"3059264135\";isLogIn|b:1;'
WHERE `id` = 'da0312f167f0a4e5a03a068bb6e338fcc382303b';
UPDATE `user_registration` SET `popup_seen` = 'no'
WHERE `user_id` = 'K55EDD';
DELETE FROM `ci_sessions`
WHERE `id` = '778c7a0d823339654e85d23020a681e97816b5f8';
INSERT INTO `login_history` (`user_id`, `device`, `ip_address`, `date`) VALUES ('N6GZAE', 'Mozilla/5.0 (Windows NT 10.0; Win64; x64) AppleWebKit/537.36 (KHTML, like Gecko) Chrome/134.0.0.0 Safari/537.36', '172.68.7.160', '25-03-26 11:21');
UPDATE `user_registration` SET `popup_seen` = 'yes'
WHERE `user_id` = 'N6GZAE';
UPDATE `user_registration` SET `popup_seen` = 'no'
WHERE `user_id` = 'N6GZAE';
DELETE FROM `ci_sessions`
WHERE `id` = '80123d312c24cda225f77931ee1af48da27c1db7';
INSERT INTO `login_history` (`user_id`, `device`, `ip_address`, `date`) VALUES ('U7SMZ8', 'Mozilla/5.0 (Windows NT 10.0; Win64; x64) AppleWebKit/537.36 (KHTML, like Gecko) Chrome/134.0.0.0 Safari/537.36', '172.70.255.69', '25-03-26 11:25');
UPDATE `user_registration` SET `popup_seen` = 'yes'
WHERE `user_id` = 'U7SMZ8';
UPDATE `user_registration` SET `popup_seen` = 'yes'
WHERE `user_id` = 'U7SMZ8';
UPDATE `user_registration` SET `popup_seen` = 'yes'
WHERE `user_id` = 'U7SMZ8';
UPDATE `user_registration` SET `popup_seen` = 'no'
WHERE `user_id` = 'U7SMZ8';
DELETE FROM `ci_sessions`
WHERE `id` = '069e343e49536a4d7a92726368e2ef1cd3fdbad8';
INSERT INTO `login_history` (`user_id`, `device`, `ip_address`, `date`) VALUES ('N6GZAE', 'Mozilla/5.0 (Windows NT 10.0; Win64; x64) AppleWebKit/537.36 (KHTML, like Gecko) Chrome/134.0.0.0 Safari/537.36', '172.68.12.43', '25-03-26 11:27');
UPDATE `user_registration` SET `popup_seen` = 'yes'
WHERE `user_id` = 'N6GZAE';
UPDATE `user_registration` SET `popup_seen` = 'no'
WHERE `user_id` = 'N6GZAE';
DELETE FROM `ci_sessions`
WHERE `id` = '8ea087756f8954ffee60c89713cc29ff6d018037';
INSERT INTO `login_history` (`user_id`, `device`, `ip_address`, `date`) VALUES ('K55EDD', 'Mozilla/5.0 (Windows NT 10.0; Win64; x64) AppleWebKit/537.36 (KHTML, like Gecko) Chrome/134.0.0.0 Safari/537.36', '172.68.12.43', '25-03-26 11:28');
UPDATE `user_registration` SET `popup_seen` = 'yes'
WHERE `user_id` = 'K55EDD';
UPDATE `user_registration` SET `popup_seen` = 'yes'
WHERE `user_id` = 'K55EDD';
INSERT INTO `login_history` (`user_id`, `device`, `ip_address`, `date`) VALUES ('2RSJNO', 'Mozilla/5.0 (iPhone; CPU iPhone OS 18_3_2 like Mac OS X) AppleWebKit/605.1.15 (KHTML, like Gecko) GSA/361.0.737942756 Mobile/15E148 Safari/604.1', '172.70.254.133', '25-03-26 11:46');
UPDATE `user_registration` SET `popup_seen` = 'yes'
WHERE `user_id` = '2RSJNO';
INSERT INTO `login_history` (`user_id`, `device`, `ip_address`, `date`) VALUES ('K55EDD', 'Mozilla/5.0 (iPhone; CPU iPhone OS 18_3_2 like Mac OS X) AppleWebKit/605.1.15 (KHTML, like Gecko) Version/18.3.1 Mobile/15E148 Safari/604.1', '172.70.54.75', '25-03-26 11:58');
UPDATE `user_registration` SET `popup_seen` = 'yes'
WHERE `user_id` = 'K55EDD';
INSERT INTO `login_history` (`user_id`, `device`, `ip_address`, `date`) VALUES ('JHRDHS', 'Mozilla/5.0 (iPhone; CPU iPhone OS 18_3_2 like Mac OS X) AppleWebKit/605.1.15 (KHTML, like Gecko) Version/18.3.1 Mobile/15E148 Safari/604.1', '172.69.71.59', '25-03-26 12:00');
UPDATE `user_registration` SET `popup_seen` = 'yes'
WHERE `user_id` = 'JHRDHS';
INSERT INTO `login_history` (`user_id`, `device`, `ip_address`, `date`) VALUES ('OMGB4G', 'Mozilla/5.0 (Windows NT 10.0; Win64; x64) AppleWebKit/537.36 (KHTML, like Gecko) Chrome/109.0.0.0 Safari/537.36', '172.70.254.3', '25-03-26 12:06');
UPDATE `user_registration` SET `popup_seen` = 'yes'
WHERE `user_id` = 'OMGB4G';
UPDATE `admin` SET `last_logout` = '2025-03-26 12:26:25'
WHERE `id` IS NULL;
DELETE FROM `ci_sessions`
WHERE `id` = 'a25b454cb2ec6015c4129cc3008b3ab945635682';
UPDATE `admin` SET `last_login` = '2025-03-26 12:26:28', `ip_address` = '162.158.122.109'
WHERE `id` = '1';
UPDATE `ci_sessions` SET `timestamp` = 1743010149, `data` = '__ci_last_regenerate|i:1743010149;id|s:4:\"2071\";user_id|s:6:\"JHRDHS\";username|s:7:\"mbecena\";sponsor_id|s:6:\"CVVK4C\";fullname|s:12:\"Maria Becena\";email|s:21:\"mbecena@bellsouth.net\";phone|s:10:\"7862360387\";isLogIn|b:1;message|s:20:\"Welcome Maria Becena\";__ci_vars|a:1:{s:7:\"message\";s:3:\"old\";}'
WHERE `id` = '50259dd90965277baf698d70e037d5d9dce6f266';
UPDATE `user_registration` SET `popup_seen` = 'yes'
WHERE `user_id` = 'JHRDHS';
INSERT INTO `login_history` (`user_id`, `device`, `ip_address`, `date`) VALUES ('UQO7EQ', 'Mozilla/5.0 (Linux; Android 10; K) AppleWebKit/537.36 (KHTML, like Gecko) Chrome/131.0.0.0 Mobile Safari/537.36', '172.70.255.78', '25-03-26 12:38');
UPDATE `user_registration` SET `popup_seen` = 'yes'
WHERE `user_id` = 'UQO7EQ';
UPDATE `user_registration` SET `popup_seen` = 'yes'
WHERE `user_id` = 'UQO7EQ';
UPDATE `user_registration` SET `popup_seen` = 'yes'
WHERE `user_id` = 'UQO7EQ';
UPDATE `user_registration` SET `popup_seen` = 'no'
WHERE `user_id` = 'UQO7EQ';
DELETE FROM `ci_sessions`
WHERE `id` = '8845cb9b6a45477f9d4cedfdad326419de0d704a';
INSERT INTO `login_history` (`user_id`, `device`, `ip_address`, `date`) VALUES ('U7SMZ8', 'Mozilla/5.0 (Macintosh; Intel Mac OS X 10_15_7) AppleWebKit/605.1.15 (KHTML, like Gecko) Version/17.6 Safari/605.1.15', '172.70.82.9', '25-03-26 12:42');
UPDATE `user_registration` SET `popup_seen` = 'yes'
WHERE `user_id` = 'U7SMZ8';
INSERT INTO `login_history` (`user_id`, `device`, `ip_address`, `date`) VALUES ('QJ5U9C', 'Mozilla/5.0 (Windows NT 10.0; Win64; x64) AppleWebKit/537.36 (KHTML, like Gecko) Chrome/134.0.0.0 Safari/537.36 Edg/134.0.0.0', '172.70.254.94', '25-03-26 12:43');
UPDATE `user_registration` SET `popup_seen` = 'yes'
WHERE `user_id` = 'QJ5U9C';
UPDATE `user_registration` SET `popup_seen` = 'yes'
WHERE `user_id` = 'U7SMZ8';
UPDATE `user_registration` SET `popup_seen` = 'yes'
WHERE `user_id` = 'U7SMZ8';
UPDATE `user_registration` SET `popup_seen` = 'no'
WHERE `user_id` = 'U7SMZ8';
DELETE FROM `ci_sessions`
WHERE `id` = '5f56b9c8781e953bf5385f834abf971a44956c35';
UPDATE `ci_sessions` SET `timestamp` = 1743011700, `data` = '__ci_last_regenerate|i:1743011700;id|s:4:\"2102\";user_id|s:6:\"OMGB4G\";username|s:8:\"Debora68\";sponsor_id|s:6:\"U7SMZ8\";fullname|s:11:\"Ania Debora\";email|s:21:\"aniadebora8@gmail.com\";phone|s:10:\"3057261484\";isLogIn|b:1;'
WHERE `id` = '32f339fba54297d2c148f51c4d6d51c9305bdaa0';
UPDATE `user_registration` SET `popup_seen` = 'yes'
WHERE `user_id` = 'OMGB4G';
UPDATE `ci_sessions` SET `timestamp` = 1743012005, `data` = '__ci_last_regenerate|i:1743012005;id|s:4:\"2102\";user_id|s:6:\"OMGB4G\";username|s:8:\"Debora68\";sponsor_id|s:6:\"U7SMZ8\";fullname|s:11:\"Ania Debora\";email|s:21:\"aniadebora8@gmail.com\";phone|s:10:\"3057261484\";isLogIn|b:1;'
WHERE `id` = '638298ffc08461d46f13d33d6f53d08fd0fc55e6';
UPDATE `user_registration` SET `popup_seen` = 'yes'
WHERE `user_id` = 'OMGB4G';
UPDATE `user_registration` SET `popup_seen` = 'yes'
WHERE `user_id` = 'OMGB4G';
UPDATE `ci_sessions` SET `timestamp` = 1743012315, `data` = '__ci_last_regenerate|i:1743012315;id|s:4:\"2102\";user_id|s:6:\"OMGB4G\";username|s:8:\"Debora68\";sponsor_id|s:6:\"U7SMZ8\";fullname|s:11:\"Ania Debora\";email|s:21:\"aniadebora8@gmail.com\";phone|s:10:\"3057261484\";isLogIn|b:1;'
WHERE `id` = '194f224ef7fc8b7a4661012f465d2b1c380f7c2e';
UPDATE `user_registration` SET `popup_seen` = 'yes'
WHERE `user_id` = 'OMGB4G';
UPDATE `ci_sessions` SET `timestamp` = 1743012715, `data` = '__ci_last_regenerate|i:1743012715;id|s:4:\"2102\";user_id|s:6:\"OMGB4G\";username|s:8:\"Debora68\";sponsor_id|s:6:\"U7SMZ8\";fullname|s:11:\"Ania Debora\";email|s:21:\"aniadebora8@gmail.com\";phone|s:10:\"3057261484\";isLogIn|b:1;'
WHERE `id` = 'b8fdf5aff929835774e19e95e48d78459f6b3e34';
UPDATE `user_registration` SET `popup_seen` = 'yes'
WHERE `user_id` = 'OMGB4G';
UPDATE `user_registration` SET `popup_seen` = 'yes'
WHERE `user_id` = 'OMGB4G';
INSERT INTO `login_history` (`user_id`, `device`, `ip_address`, `date`) VALUES ('UQO7EQ', 'Mozilla/5.0 (iPhone; CPU iPhone OS 18_3_2 like Mac OS X) AppleWebKit/605.1.15 (KHTML, like Gecko) Version/18.3.1 Mobile/15E148 Safari/604.1', '172.68.7.18', '25-03-26 13:14');
UPDATE `user_registration` SET `popup_seen` = 'yes'
WHERE `user_id` = 'UQO7EQ';
UPDATE `ci_sessions` SET `timestamp` = 1743013101, `data` = '__ci_last_regenerate|i:1743013101;id|s:4:\"2102\";user_id|s:6:\"OMGB4G\";username|s:8:\"Debora68\";sponsor_id|s:6:\"U7SMZ8\";fullname|s:11:\"Ania Debora\";email|s:21:\"aniadebora8@gmail.com\";phone|s:10:\"3057261484\";isLogIn|b:1;'
WHERE `id` = 'bb24d95dc642a9bdbc7941e8fc6ca02da1ebc8d0';
UPDATE `user_registration` SET `default_leg` = 'right'
WHERE `user_id` = 'OMGB4G';
UPDATE `user_registration` SET `popup_seen` = 'no'
WHERE `user_id` = 'OMGB4G';
DELETE FROM `ci_sessions`
WHERE `id` = '81700ff61f84d560f2d6e9c2246a937d2ed65a35';
INSERT INTO `login_history` (`user_id`, `device`, `ip_address`, `date`) VALUES ('8PK4HK', 'Mozilla/5.0 (Windows NT 10.0; Win64; x64) AppleWebKit/537.36 (KHTML, like Gecko) Chrome/109.0.0.0 Safari/537.36', '172.70.55.152', '25-03-26 13:20');
UPDATE `user_registration` SET `popup_seen` = 'yes'
WHERE `user_id` = '8PK4HK';
UPDATE `user_registration` SET `popup_seen` = 'no'
WHERE `user_id` = '8PK4HK';
DELETE FROM `ci_sessions`
WHERE `id` = '190a1c66e463e04e62386baf82ce624a09ea2d8e';
UPDATE `ci_sessions` SET `timestamp` = 1743013695, `data` = '__ci_last_regenerate|i:1743013695;id|s:4:\"2042\";user_id|s:6:\"UQO7EQ\";username|s:6:\"Rafa51\";sponsor_id|s:6:\"N6GZAE\";fullname|s:16:\"Rafael Rodriguez\";email|s:18:\"rafagana@yahoo.com\";phone|s:10:\"3057610606\";isLogIn|b:1;'
WHERE `id` = '651f305a78cd2ac59cd434caa897314fac61a94e';
UPDATE `user_registration` SET `popup_seen` = 'yes'
WHERE `user_id` = 'UQO7EQ';
INSERT INTO `login_history` (`user_id`, `device`, `ip_address`, `date`) VALUES ('UQO7EQ', 'Mozilla/5.0 (Windows NT 10.0; Win64; x64) AppleWebKit/537.36 (KHTML, like Gecko) Chrome/134.0.0.0 Safari/537.36', '172.70.55.79', '25-03-26 13:30');
UPDATE `user_registration` SET `popup_seen` = 'yes'
WHERE `user_id` = 'UQO7EQ';
UPDATE `user_registration` SET `popup_seen` = 'yes'
WHERE `user_id` = 'UQO7EQ';
UPDATE `ci_sessions` SET `timestamp` = 1743014333, `data` = '__ci_last_regenerate|i:1743014333;id|s:4:\"2042\";user_id|s:6:\"UQO7EQ\";username|s:6:\"Rafa51\";sponsor_id|s:6:\"N6GZAE\";fullname|s:16:\"Rafael Rodriguez\";email|s:18:\"rafagana@yahoo.com\";phone|s:10:\"3057610606\";isLogIn|b:1;'
WHERE `id` = '68357027f833b59517329e08c0df0570bbfb6a4d';
UPDATE `user_registration` SET `popup_seen` = 'yes'
WHERE `user_id` = 'UQO7EQ';
UPDATE `ci_sessions` SET `timestamp` = 1743015019, `data` = '__ci_last_regenerate|i:1743015019;id|s:4:\"2042\";user_id|s:6:\"UQO7EQ\";username|s:6:\"Rafa51\";sponsor_id|s:6:\"N6GZAE\";fullname|s:16:\"Rafael Rodriguez\";email|s:18:\"rafagana@yahoo.com\";phone|s:10:\"3057610606\";isLogIn|b:1;'
WHERE `id` = '21febc113b225898e00bb46abab630f731744dea';
UPDATE `user_registration` SET `popup_seen` = 'no'
WHERE `user_id` = 'UQO7EQ';
DELETE FROM `ci_sessions`
WHERE `id` = '981e69cb5290ffd2b94c7d94507b0572686ec27e';
INSERT INTO `login_history` (`user_id`, `device`, `ip_address`, `date`) VALUES ('3ZDIFO', 'Mozilla/5.0 (Windows NT 10.0; Win64; x64) AppleWebKit/537.36 (KHTML, like Gecko) Chrome/134.0.0.0 Safari/537.36', '172.68.12.145', '25-03-26 13:50');
UPDATE `user_registration` SET `popup_seen` = 'yes'
WHERE `user_id` = '3ZDIFO';
INSERT INTO `temp_register` (`post_data`, `date`, `payment_method`, `type`) VALUES ('{\"user_id\":\"3ZDIFO\",\"package_id\":\"2\",\"amount\":\"150\",\"payment_method\":\"stripe\",\"date\":\"2025-03-26 13:51:26\"}', '2025-03-26 13:51:26', 'stripe', 'renew');
UPDATE `temp_register` SET `response` = '{\"stripeToken\":\"tok_1R6z4B2NUoYUjiuuztQ9Xic6\",\"stripeTokenType\":\"card\",\"stripeEmail\":\"ramonramon4857@gmail.com\"}', `date_modified` = '2025-03-26 13:52:48', `payment_status` = '{\"id\":\"ch_3R6z4F2NUoYUjiuu039zmvr3\",\"object\":\"charge\",\"amount\":15000,\"amount_captured\":15000,\"amount_refunded\":0,\"application\":null,\"application_fee\":null,\"application_fee_amount\":null,\"balance_transaction\":\"txn_3R6z4F2NUoYUjiuu00VzWP9Z\",\"billing_details\":{\"address\":{\"city\":null,\"country\":null,\"line1\":null,\"line2\":null,\"postal_code\":null,\"state\":null},\"email\":null,\"name\":\"ramonramon4857@gmail.com\",\"phone\":null},\"calculated_statement_descriptor\":\"TRAVELEGENDCY LLC\",\"captured\":true,\"created\":1743015167,\"currency\":\"usd\",\"customer\":\"cus_S116wLtLjXmbl2\",\"description\":null,\"destination\":null,\"dispute\":null,\"disputed\":false,\"failure_balance_transaction\":null,\"failure_code\":null,\"failure_message\":null,\"fraud_details\":[],\"invoice\":null,\"livemode\":true,\"metadata\":{\"name\":\"Ramon Fernandez Mur\",\"username\":\"Flordeloto\"},\"on_behalf_of\":null,\"order\":null,\"outcome\":{\"advice_code\":null,\"network_advice_code\":null,\"network_decline_code\":null,\"network_status\":\"approved_by_network\",\"reason\":null,\"risk_level\":\"normal\",\"seller_message\":\"Payment complete.\",\"type\":\"authorized\"},\"paid\":true,\"payment_intent\":null,\"payment_method\":\"card_1R6z4A2NUoYUjiuuB1lGEsA9\",\"payment_method_details\":{\"card\":{\"amount_authorized\":15000,\"authorization_code\":\"085214\",\"brand\":\"visa\",\"checks\":{\"address_line1_check\":null,\"address_postal_code_check\":null,\"cvc_check\":\"pass\"},\"country\":\"US\",\"exp_month\":7,\"exp_year\":2028,\"extended_authorization\":{\"status\":\"disabled\"},\"fingerprint\":\"BEGPFdmjdC8WKTcR\",\"funding\":\"debit\",\"incremental_authorization\":{\"status\":\"unavailable\"},\"installments\":null,\"last4\":\"6542\",\"mandate\":null,\"multicapture\":{\"status\":\"unavailable\"},\"network\":\"visa\",\"network_token\":{\"used\":true},\"network_transaction_id\":\"385085679686100\",\"overcapture\":{\"maximum_amount_capturable\":15000,\"status\":\"unavailable\"},\"regulated_status\":\"regulated\",\"three_d_secure\":null,\"wallet\":null},\"type\":\"card\"},\"receipt_email\":null,\"receipt_number\":null,\"receipt_url\":\"https:\\/\\/pay.stripe.com\\/receipts\\/payment\\/CAcQARoXChVhY2N0XzFRUEFGdjJOVW9ZVWppdXUogZqRvwYyBtKUGIwHJDosFkBfz7jX6MAlFxc77Udzxje9aRr5fLh8vHWuK_Rk8KSRVVMempX14Qtqy34\",\"refunded\":false,\"review\":null,\"shipping\":null,\"source\":{\"id\":\"card_1R6z4A2NUoYUjiuuB1lGEsA9\",\"object\":\"card\",\"address_city\":null,\"address_country\":null,\"address_line1\":null,\"address_line1_check\":null,\"address_line2\":null,\"address_state\":null,\"address_zip\":null,\"address_zip_check\":null,\"allow_redisplay\":\"unspecified\",\"brand\":\"Visa\",\"country\":\"US\",\"customer\":\"cus_S116wLtLjXmbl2\",\"cvc_check\":\"pass\",\"dynamic_last4\":null,\"exp_month\":7,\"exp_year\":2028,\"fingerprint\":\"BEGPFdmjdC8WKTcR\",\"funding\":\"debit\",\"last4\":\"6542\",\"metadata\":[],\"name\":\"ramonramon4857@gmail.com\",\"regulated_status\":\"regulated\",\"tokenization_method\":null,\"wallet\":null},\"source_transfer\":null,\"statement_descriptor\":null,\"statement_descriptor_suffix\":null,\"status\":\"succeeded\",\"transfer_data\":null,\"transfer_group\":null}'
WHERE `id` = 223;
INSERT INTO `sub_history` (`user_id`, `package_id`, `amount`, `payment_method`, `date`) VALUES ('3ZDIFO', '2', '150', 'Stripe', '2025-03-26 13:52:48');
UPDATE `user_registration` SET sub_point = ROUND(sub_point + 150,2)
WHERE `user_id` = '3ZDIFO';
INSERT INTO `investment` (`invest_date`, `user_id`, `type`, `amount`, `package_id`) VALUES ('2025-03-26 13:52:48', '3ZDIFO', 'subscription', '150', '2');
UPDATE `user_registration` SET total_points = ROUND(total_points + 150,2)
WHERE `user_id` = '3ZDIFO';
INSERT INTO `points_history` (`user_id`, `points`, `type`, `date`) VALUES ('3ZDIFO', '150', 'subscription', '2025-03-26 13:52:');
UPDATE `bv_updation` SET right_carry = right_carry+150, total_right = total_right+150
WHERE `user_id` = 'UQO7EQ';
INSERT INTO `placement_bv_update_history` (`right_carry`, `date`, `from_id`, `user_id`) VALUES ('150', '2025-03-26 13:52:48', '3ZDIFO', 'UQO7EQ');
UPDATE `bv_updation` SET sponsor_right_carry = sponsor_right_carry+150, sponsor_total_right = sponsor_total_right+150
WHERE `user_id` = 'UQO7EQ';
INSERT INTO `sponsor_bv_update_history` (`right_carry`, `date`, `user_id`) VALUES ('150', '2025-03-26 13:52:48', 'UQO7EQ');
UPDATE `bv_updation` SET left_carry = left_carry+150, total_left = total_left+150
WHERE `user_id` = 'N6GZAE';
INSERT INTO `placement_bv_update_history` (`left_carry`, `date`, `from_id`, `user_id`) VALUES ('150', '2025-03-26 13:52:48', '3ZDIFO', 'N6GZAE');
UPDATE `bv_updation` SET left_carry = left_carry+150, total_left = total_left+150
WHERE `user_id` = '4E1CRI';
INSERT INTO `placement_bv_update_history` (`left_carry`, `date`, `from_id`, `user_id`) VALUES ('150', '2025-03-26 13:52:48', '3ZDIFO', '4E1CRI');
UPDATE `bv_updation` SET left_carry = left_carry+150, total_left = total_left+150
WHERE `user_id` = 'SJBNYJ';
INSERT INTO `placement_bv_update_history` (`left_carry`, `date`, `from_id`, `user_id`) VALUES ('150', '2025-03-26 13:52:48', '3ZDIFO', 'SJBNYJ');
UPDATE `bv_updation` SET left_carry = left_carry+150, total_left = total_left+150
WHERE `user_id` = '44B9Y4';
INSERT INTO `placement_bv_update_history` (`left_carry`, `date`, `from_id`, `user_id`) VALUES ('150', '2025-03-26 13:52:48', '3ZDIFO', '44B9Y4');
UPDATE `bv_updation` SET right_carry = right_carry+150, total_right = total_right+150
WHERE `user_id` = 'admin';
INSERT INTO `placement_bv_update_history` (`right_carry`, `date`, `from_id`, `user_id`) VALUES ('150', '2025-03-26 13:52:48', '3ZDIFO', 'admin');
UPDATE `user_registration` SET `subscription_date` = '2025-04-25', `active_status` = 'yes'
WHERE `user_id` = '3ZDIFO';
UPDATE `user_registration` SET `popup_seen` = 'yes'
WHERE `user_id` = '3ZDIFO';
UPDATE `user_registration` SET `popup_seen` = 'no'
WHERE `user_id` = '3ZDIFO';
DELETE FROM `ci_sessions`
WHERE `id` = '16e318ba90a0f9cf053b2ed7bfc6ef79706cf7f6';
INSERT INTO `login_history` (`user_id`, `device`, `ip_address`, `date`) VALUES ('UQO7EQ', 'Mozilla/5.0 (Windows NT 10.0; Win64; x64) AppleWebKit/537.36 (KHTML, like Gecko) Chrome/134.0.0.0 Safari/537.36', '172.68.12.144', '25-03-26 13:53');
UPDATE `user_registration` SET `popup_seen` = 'yes'
WHERE `user_id` = 'UQO7EQ';
UPDATE `user_registration` SET `popup_seen` = 'yes'
WHERE `user_id` = 'UQO7EQ';
UPDATE `user_registration` SET `popup_seen` = 'yes'
WHERE `user_id` = 'UQO7EQ';
UPDATE `ci_sessions` SET `timestamp` = 1743015611, `data` = '__ci_last_regenerate|i:1743015611;id|s:4:\"2042\";user_id|s:6:\"UQO7EQ\";username|s:6:\"Rafa51\";sponsor_id|s:6:\"N6GZAE\";fullname|s:16:\"Rafael Rodriguez\";email|s:18:\"rafagana@yahoo.com\";phone|s:10:\"3057610606\";isLogIn|b:1;'
WHERE `id` = 'bae8136048f636c7a3a350cf9b312e477ff3dee2';
UPDATE `user_registration` SET `popup_seen` = 'yes'
WHERE `user_id` = 'UQO7EQ';
UPDATE `user_registration` SET `popup_seen` = 'no'
WHERE `user_id` = 'UQO7EQ';
DELETE FROM `ci_sessions`
WHERE `id` = '8e1d94a0747c83185f7ea60034203fba3033d51d';
UPDATE `user_registration` SET `popup_seen` = 'yes'
WHERE `user_id` = 'CVVK4C';
UPDATE `user_registration` SET `popup_seen` = 'yes'
WHERE `user_id` = 'CVVK4C';
UPDATE `user_registration` SET `popup_seen` = 'yes'
WHERE `user_id` = 'CVVK4C';
UPDATE `user_registration` SET `popup_seen` = 'yes'
WHERE `user_id` = 'CVVK4C';
UPDATE `ci_sessions` SET `timestamp` = 1743016365, `data` = '__ci_last_regenerate|i:1743016365;id|s:4:\"2071\";user_id|s:6:\"JHRDHS\";username|s:7:\"mbecena\";sponsor_id|s:6:\"CVVK4C\";fullname|s:12:\"Maria Becena\";email|s:21:\"mbecena@bellsouth.net\";phone|s:10:\"7862360387\";isLogIn|b:1;'
WHERE `id` = 'e540583cfae1587e9611dbc0d405b02177f5db08';
UPDATE `user_registration` SET `popup_seen` = 'yes'
WHERE `user_id` = 'JHRDHS';
UPDATE `ci_sessions` SET `timestamp` = 1743016755, `data` = '__ci_last_regenerate|i:1743016755;captcha|s:4:\"fc6m\";'
WHERE `id` = '0568c6fa8f9066655e85a7e5a7eb38497c49de6b';
INSERT INTO `login_history` (`user_id`, `device`, `ip_address`, `date`) VALUES ('UQO7EQ', 'Mozilla/5.0 (Linux; Android 10; K) AppleWebKit/537.36 (KHTML, like Gecko) Chrome/131.0.0.0 Mobile Safari/537.36', '172.70.82.148', '25-03-26 14:19');
UPDATE `user_registration` SET `popup_seen` = 'yes'
WHERE `user_id` = 'UQO7EQ';
UPDATE `user_registration` SET `popup_seen` = 'no'
WHERE `user_id` = 'UQO7EQ';
DELETE FROM `ci_sessions`
WHERE `id` = '6c79270c7c07cc9a7e441424918f0562efb3b98b';
UPDATE `ci_sessions` SET `timestamp` = 1743017823, `data` = '__ci_last_regenerate|i:1743017823;captcha|s:4:\"bkx5\";'
WHERE `id` = '6d030a80681646c06ca82813056514c60a671a04';
INSERT INTO `login_history` (`user_id`, `device`, `ip_address`, `date`) VALUES ('U7SMZ8', 'Mozilla/5.0 (Macintosh; Intel Mac OS X 10_15_7) AppleWebKit/605.1.15 (KHTML, like Gecko) Version/17.6 Safari/605.1.15', '172.70.255.182', '25-03-26 14:37');
UPDATE `user_registration` SET `popup_seen` = 'yes'
WHERE `user_id` = 'U7SMZ8';
UPDATE `user_registration` SET `popup_seen` = 'no'
WHERE `user_id` = 'U7SMZ8';
DELETE FROM `ci_sessions`
WHERE `id` = '169e44885d5706bc1ffd86bc91dbe1978bdf06a5';
UPDATE `user_registration` SET `popup_seen` = 'yes'
WHERE `user_id` = 'OTZTS5';
UPDATE `ci_sessions` SET `timestamp` = 1743019563, `data` = '__ci_last_regenerate|i:1743019563;id|s:4:\"2181\";user_id|s:6:\"OTZTS5\";username|s:10:\"Duniesky41\";sponsor_id|s:6:\"AABG7W\";fullname|s:19:\"Duniesky Alzugaray \";email|s:27:\"dalzugarayramirez@gmail.com\";phone|s:10:\"7862451724\";isLogIn|b:1;'
WHERE `id` = '706d49ff1536b1557a7769473005954689643f47';
UPDATE `ci_sessions` SET `timestamp` = 1743020632, `data` = '__ci_last_regenerate|i:1743020632;captcha|s:4:\"up1k\";'
WHERE `id` = 'c1e8afcf4ad232e16d2aed9d16fd8843fd7892db';
INSERT INTO `login_history` (`user_id`, `device`, `ip_address`, `date`) VALUES ('UQO7EQ', 'Mozilla/5.0 (Windows NT 10.0; Win64; x64) AppleWebKit/537.36 (KHTML, like Gecko) Chrome/134.0.0.0 Safari/537.36', '172.70.255.181', '25-03-26 15:23');
UPDATE `user_registration` SET `popup_seen` = 'yes'
WHERE `user_id` = 'UQO7EQ';
UPDATE `user_registration` SET `popup_seen` = 'yes'
WHERE `user_id` = 'UQO7EQ';
UPDATE `user_registration` SET `popup_seen` = 'no'
WHERE `user_id` = 'UQO7EQ';
DELETE FROM `ci_sessions`
WHERE `id` = 'bce6b6d5dd222b96dfc2cb1adca61436ea6249e6';
UPDATE `ci_sessions` SET `timestamp` = 1743021493, `data` = '__ci_last_regenerate|i:1743021493;id|s:4:\"2071\";user_id|s:6:\"JHRDHS\";username|s:7:\"mbecena\";sponsor_id|s:6:\"CVVK4C\";fullname|s:12:\"Maria Becena\";email|s:21:\"mbecena@bellsouth.net\";phone|s:10:\"7862360387\";isLogIn|b:1;'
WHERE `id` = '70f21f92c4afcdada9428435b33a48e8f7ce8cd3';
UPDATE `user_registration` SET `popup_seen` = 'yes'
WHERE `user_id` = 'JHRDHS';
UPDATE `ci_sessions` SET `timestamp` = 1743023046, `data` = '__ci_last_regenerate|i:1743023046;captcha|s:4:\"n35s\";'
WHERE `id` = 'bd392699672c88028ec14640ca7dfa48f4a0336c';
INSERT INTO `login_history` (`user_id`, `device`, `ip_address`, `date`) VALUES ('UQO7EQ', 'Mozilla/5.0 (Windows NT 10.0; Win64; x64) AppleWebKit/537.36 (KHTML, like Gecko) Chrome/134.0.0.0 Safari/537.36', '172.68.12.196', '25-03-26 16:04');
UPDATE `user_registration` SET `popup_seen` = 'yes'
WHERE `user_id` = 'UQO7EQ';
UPDATE `user_registration` SET `popup_seen` = 'no'
WHERE `user_id` = 'UQO7EQ';
DELETE FROM `ci_sessions`
WHERE `id` = 'd7ff4a0c2de35225f0636ab7966d0063a70313a3';
UPDATE `ci_sessions` SET `timestamp` = 1743023107, `data` = '__ci_last_regenerate|i:1743023107;captcha|s:4:\"5ern\";'
WHERE `id` = '226b1a2f3c5a91176ab7d7f3fe5eb741284b377d';
INSERT INTO `login_history` (`user_id`, `device`, `ip_address`, `date`) VALUES ('7P1TWW', 'Mozilla/5.0 (Linux; Android 10; K) AppleWebKit/537.36 (KHTML, like Gecko) Chrome/134.0.0.0 Mobile Safari/537.36', '172.68.7.62', '25-03-26 16:05');
UPDATE `user_registration` SET `popup_seen` = 'yes'
WHERE `user_id` = '7P1TWW';
UPDATE `user_registration` SET `popup_seen` = 'yes'
WHERE `user_id` = '7P1TWW';
INSERT INTO `login_history` (`user_id`, `device`, `ip_address`, `date`) VALUES ('UQO7EQ', 'Mozilla/5.0 (iPhone; CPU iPhone OS 18_3_2 like Mac OS X) AppleWebKit/605.1.15 (KHTML, like Gecko) Version/18.3.1 Mobile/15E148 Safari/604.1', '172.71.156.143', '25-03-26 16:07');
UPDATE `user_registration` SET `popup_seen` = 'yes'
WHERE `user_id` = 'UQO7EQ';
INSERT INTO `login_history` (`user_id`, `device`, `ip_address`, `date`) VALUES ('O94ZPY', 'Mozilla/5.0 (iPhone; CPU iPhone OS 18_3_2 like Mac OS X) AppleWebKit/605.1.15 (KHTML, like Gecko) Version/18.3.1 Mobile/15E148 Safari/604.1', '172.68.7.138', '25-03-26 16:17');
UPDATE `user_registration` SET `popup_seen` = 'yes'
WHERE `user_id` = 'O94ZPY';
UPDATE `user_registration` SET `popup_seen` = 'yes'
WHERE `user_id` = 'O94ZPY';
UPDATE `user_registration` SET `popup_seen` = 'yes'
WHERE `user_id` = 'O94ZPY';
UPDATE `user_registration` SET `popup_seen` = 'no'
WHERE `user_id` = 'O94ZPY';
DELETE FROM `ci_sessions`
WHERE `id` = 'd1a9fc34e60945e5a86aba93d8db66863b5046c4';
INSERT INTO `login_history` (`user_id`, `device`, `ip_address`, `date`) VALUES ('UXMQZD', 'Mozilla/5.0 (iPhone; CPU iPhone OS 18_3_2 like Mac OS X) AppleWebKit/605.1.15 (KHTML, like Gecko) Version/18.3.1 Mobile/15E148 Safari/604.1', '172.70.83.11', '25-03-26 16:19');
UPDATE `user_registration` SET `popup_seen` = 'yes'
WHERE `user_id` = 'UXMQZD';
UPDATE `ci_sessions` SET `timestamp` = 1743024051, `data` = '__ci_last_regenerate|i:1743024051;id|s:4:\"2071\";user_id|s:6:\"JHRDHS\";username|s:7:\"mbecena\";sponsor_id|s:6:\"CVVK4C\";fullname|s:12:\"Maria Becena\";email|s:21:\"mbecena@bellsouth.net\";phone|s:10:\"7862360387\";isLogIn|b:1;'
WHERE `id` = 'eda8e725dcb55b9ac4b558480b58166240e41bb7';
UPDATE `user_registration` SET `popup_seen` = 'yes'
WHERE `user_id` = 'JHRDHS';
UPDATE `ci_sessions` SET `timestamp` = 1743024775, `data` = '__ci_last_regenerate|i:1743024775;captcha|s:4:\"dpz4\";'
WHERE `id` = 'fb71d5812a3f07663d6bc22f20c060ec5beb03a8';
INSERT INTO `login_history` (`user_id`, `device`, `ip_address`, `date`) VALUES ('U7SMZ8', 'Mozilla/5.0 (Macintosh; Intel Mac OS X 10_15_7) AppleWebKit/605.1.15 (KHTML, like Gecko) Version/17.6 Safari/605.1.15', '172.70.54.109', '25-03-26 16:33');
UPDATE `user_registration` SET `popup_seen` = 'yes'
WHERE `user_id` = 'U7SMZ8';
UPDATE `user_registration` SET `popup_seen` = 'no'
WHERE `user_id` = 'U7SMZ8';
DELETE FROM `ci_sessions`
WHERE `id` = 'd7e8bb6df59e0904bdaa1684e115c4616462a3a8';
INSERT INTO `login_history` (`user_id`, `device`, `ip_address`, `date`) VALUES ('8D7CNL', 'Mozilla/5.0 (Windows NT 10.0; Win64; x64) AppleWebKit/537.36 (KHTML, like Gecko) Chrome/134.0.0.0 Safari/537.36', '172.70.255.69', '25-03-26 16:37');
UPDATE `user_registration` SET `popup_seen` = 'yes'
WHERE `user_id` = '8D7CNL';
INSERT INTO `login_history` (`user_id`, `device`, `ip_address`, `date`) VALUES ('JIL8K9', 'Mozilla/5.0 (iPhone; CPU iPhone OS 18_3_2 like Mac OS X) AppleWebKit/605.1.15 (KHTML, like Gecko) Version/18.3.1 Mobile/15E148 Safari/604.1', '172.68.12.78', '25-03-26 16:45');
UPDATE `user_registration` SET `popup_seen` = 'yes'
WHERE `user_id` = 'JIL8K9';
UPDATE `admin` SET `last_logout` = '2025-03-26 16:45:53'
WHERE `id` IS NULL;
DELETE FROM `ci_sessions`
WHERE `id` = '25b25174efbb25054ba4aa8ef38e5419c380a0b6';
UPDATE `user_registration` SET `popup_seen` = 'yes'
WHERE `user_id` = 'JIL8K9';
INSERT INTO `login_history` (`user_id`, `device`, `ip_address`, `date`) VALUES ('Q6D63V', 'Mozilla/5.0 (Windows NT 10.0; Win64; x64) AppleWebKit/537.36 (KHTML, like Gecko) Chrome/134.0.0.0 Safari/537.36', '188.114.111.220', '25-03-26 16:46');
UPDATE `user_registration` SET `popup_seen` = 'yes'
WHERE `user_id` = 'Q6D63V';
UPDATE `user_registration` SET `popup_seen` = 'no'
WHERE `user_id` = 'Q6D63V';
DELETE FROM `ci_sessions`
WHERE `id` = 'cfe24c4cb19d70a402da8884a504b594198d7e83';
UPDATE `user_registration` SET `default_leg` = 'right'
WHERE `user_id` = 'JIL8K9';
UPDATE `user_registration` SET `language` = 'spanish'
WHERE `user_id` = 'JIL8K9';
UPDATE `user_registration` SET `default_leg` = 'right'
WHERE `user_id` = 'JIL8K9';
INSERT INTO `login_history` (`user_id`, `device`, `ip_address`, `date`) VALUES ('UQO7EQ', 'Mozilla/5.0 (Windows NT 10.0; Win64; x64) AppleWebKit/537.36 (KHTML, like Gecko) Chrome/134.0.0.0 Safari/537.36', '172.64.237.10', '25-03-26 16:47');
UPDATE `user_registration` SET `popup_seen` = 'yes'
WHERE `user_id` = 'UQO7EQ';
UPDATE `admin` SET `last_login` = '2025-03-26 16:48:04', `ip_address` = '162.158.120.249'
WHERE `id` = '1';
UPDATE `ci_sessions` SET `timestamp` = 1743026149, `data` = '__ci_last_regenerate|i:1743026149;id|s:4:\"2072\";user_id|s:6:\"JIL8K9\";username|s:9:\"Daysi1970\";sponsor_id|s:6:\"U7SMZ8\";fullname|s:15:\"Daysi Chavarria\";email|s:20:\"urquia0831@gmail.com\";phone|s:10:\"3055707872\";isLogIn|b:1;'
WHERE `id` = '75635f95d8654460309a9fd0c52b077aa6dedbc8';
UPDATE `user_registration` SET `popup_seen` = 'no'
WHERE `user_id` = 'JIL8K9';
DELETE FROM `ci_sessions`
WHERE `id` = '562e3a797dc8f7774616595ab94135c8d28a3e61';
INSERT INTO `login_history` (`user_id`, `device`, `ip_address`, `date`) VALUES ('JIL8K9', 'Mozilla/5.0 (iPhone; CPU iPhone OS 18_3_2 like Mac OS X) AppleWebKit/605.1.15 (KHTML, like Gecko) Version/18.3.1 Mobile/15E148 Safari/604.1', '108.162.212.88', '25-03-26 16:56');
UPDATE `user_registration` SET `popup_seen` = 'yes'
WHERE `user_id` = 'JIL8K9';
INSERT INTO `login_history` (`user_id`, `device`, `ip_address`, `date`) VALUES ('UQO7EQ', 'Mozilla/5.0 (Windows NT 10.0; Win64; x64) AppleWebKit/537.36 (KHTML, like Gecko) Chrome/134.0.0.0 Safari/537.36', '172.68.12.97', '25-03-26 16:57');
UPDATE `user_registration` SET `popup_seen` = 'yes'
WHERE `user_id` = 'UQO7EQ';
UPDATE `user_registration` SET `popup_seen` = 'no'
WHERE `user_id` = 'UQO7EQ';
DELETE FROM `ci_sessions`
WHERE `id` = 'f00c98aac33142df823840e9daa8a23bb800c3a0';
INSERT INTO `login_history` (`user_id`, `device`, `ip_address`, `date`) VALUES ('K55EDD', 'Mozilla/5.0 (Windows NT 10.0; Win64; x64) AppleWebKit/537.36 (KHTML, like Gecko) Chrome/134.0.0.0 Safari/537.36', '172.68.12.97', '25-03-26 16:58');
UPDATE `user_registration` SET `popup_seen` = 'yes'
WHERE `user_id` = 'K55EDD';
UPDATE `user_registration` SET `popup_seen` = 'no'
WHERE `user_id` = 'K55EDD';
DELETE FROM `ci_sessions`
WHERE `id` = 'bd35157904761ac6c9bd5408818378e2db435267';
INSERT INTO `login_history` (`user_id`, `device`, `ip_address`, `date`) VALUES ('N6GZAE', 'Mozilla/5.0 (Windows NT 10.0; Win64; x64) AppleWebKit/537.36 (KHTML, like Gecko) Chrome/134.0.0.0 Safari/537.36', '172.70.255.194', '25-03-26 17:00');
UPDATE `user_registration` SET `popup_seen` = 'yes'
WHERE `user_id` = 'N6GZAE';
UPDATE `ci_sessions` SET `timestamp` = 1743026601, `data` = '__ci_last_regenerate|i:1743026601;captcha|s:4:\"7qg6\";'
WHERE `id` = '9c9015d6847d8dc5fe5cdaad0d4532e0a8b25b40';
INSERT INTO `login_history` (`user_id`, `device`, `ip_address`, `date`) VALUES ('UQO7EQ', 'Mozilla/5.0 (Windows NT 10.0; Win64; x64) AppleWebKit/537.36 (KHTML, like Gecko) Chrome/134.0.0.0 Safari/537.36', '172.70.55.152', '25-03-26 17:03');
UPDATE `user_registration` SET `popup_seen` = 'yes'
WHERE `user_id` = 'UQO7EQ';
UPDATE `user_registration` SET `popup_seen` = 'no'
WHERE `user_id` = 'UQO7EQ';
DELETE FROM `ci_sessions`
WHERE `id` = 'f841215477baf5cdb3e1f0e97592a92158f280d1';
UPDATE `ci_sessions` SET `timestamp` = 1743026613, `data` = '__ci_last_regenerate|i:1743026613;id|s:4:\"2072\";user_id|s:6:\"JIL8K9\";username|s:9:\"Daysi1970\";sponsor_id|s:6:\"U7SMZ8\";fullname|s:15:\"Daysi Chavarria\";email|s:20:\"urquia0831@gmail.com\";phone|s:10:\"3055707872\";isLogIn|b:1;'
WHERE `id` = 'e6cbcef9c94814a0d8daefad5be2d817bb6788ab';
INSERT INTO `temp_register` (`post_data`, `date`, `payment_method`, `type`) VALUES ('{\"uid\":\"2295\",\"user_id\":\"6UFXJY\",\"username\":\"Belinda82\",\"sponsor_id\":\"JIL8K9\",\"vacant\":\"no\",\"f_name\":\"Belinda\",\"l_name\":\"Serbellon\",\"position\":\"right\",\"email\":\"belindaserbellon2013@gmail.com\",\"password\":\"a4573c826e99f1cafe1a2dac97971b17\",\"phone\":\"239 785 4227\",\"country\":\"United States\",\"state\":\"Florida\",\"city\":\"Lehigh acres\",\"street\":\"3005 Harold ave S\",\"zip_code\":\"33973\",\"reg_ip\":\"172.68.12.132\",\"status\":1,\"package_id\":\"2\",\"rank_id\":1,\"highest_rank\":1,\"cycle_rank_id\":1,\"created\":\"2025-03-26 17:03:33\",\"subscription_date\":\"2025-04-25\",\"google_secret\":\"YLIVZQCD3ZSX2N5X\"}', '2025-03-26 17:03:33', 'stripe', 'register');
UPDATE `temp_register` SET `response` = '{\"stripeToken\":\"tok_1R72542NUoYUjiuuR9wSZDgU\",\"stripeTokenType\":\"card\",\"stripeEmail\":\"belindaserbellon2013@gmail.com\"}', `date_modified` = '2025-03-26 17:05:54', `payment_status` = '{\"id\":\"ch_3R72582NUoYUjiuu1cFA6fin\",\"object\":\"charge\",\"amount\":59500,\"amount_captured\":59500,\"amount_refunded\":0,\"application\":null,\"application_fee\":null,\"application_fee_amount\":null,\"balance_transaction\":\"txn_3R72582NUoYUjiuu1EkN6uqW\",\"billing_details\":{\"address\":{\"city\":null,\"country\":null,\"line1\":null,\"line2\":null,\"postal_code\":null,\"state\":null},\"email\":null,\"name\":\"belindaserbellon2013@gmail.com\",\"phone\":null},\"calculated_statement_descriptor\":\"TRAVELEGENDCY LLC\",\"captured\":true,\"created\":1743026754,\"currency\":\"usd\",\"customer\":\"cus_S14DlXVC8MzY6L\",\"description\":null,\"destination\":null,\"dispute\":null,\"disputed\":false,\"failure_balance_transaction\":null,\"failure_code\":null,\"failure_message\":null,\"fraud_details\":[],\"invoice\":null,\"livemode\":true,\"metadata\":{\"name\":\"Belinda Serbellon\",\"username\":\"Belinda82\"},\"on_behalf_of\":null,\"order\":null,\"outcome\":{\"advice_code\":null,\"network_advice_code\":null,\"network_decline_code\":null,\"network_status\":\"approved_by_network\",\"reason\":null,\"risk_level\":\"normal\",\"seller_message\":\"Payment complete.\",\"type\":\"authorized\"},\"paid\":true,\"payment_intent\":null,\"payment_method\":\"card_1R72542NUoYUjiuubEzl6g4p\",\"payment_method_details\":{\"card\":{\"amount_authorized\":59500,\"authorization_code\":\"032754\",\"brand\":\"visa\",\"checks\":{\"address_line1_check\":null,\"address_postal_code_check\":null,\"cvc_check\":\"pass\"},\"country\":\"US\",\"exp_month\":8,\"exp_year\":2026,\"extended_authorization\":{\"status\":\"disabled\"},\"fingerprint\":\"JEOX6vBVGIkqQ6Br\",\"funding\":\"debit\",\"incremental_authorization\":{\"status\":\"unavailable\"},\"installments\":null,\"last4\":\"1793\",\"mandate\":null,\"multicapture\":{\"status\":\"unavailable\"},\"network\":\"visa\",\"network_token\":{\"used\":false},\"network_transaction_id\":\"465085795541801\",\"overcapture\":{\"maximum_amount_capturable\":59500,\"status\":\"unavailable\"},\"regulated_status\":\"regulated\",\"three_d_secure\":null,\"wallet\":null},\"type\":\"card\"},\"receipt_email\":null,\"receipt_number\":null,\"receipt_url\":\"https:\\/\\/pay.stripe.com\\/receipts\\/payment\\/CAcQARoXChVhY2N0XzFRUEFGdjJOVW9ZVWppdXUow_SRvwYyBu9UANZiMjosFraqhRo-lFTeobQJG5rI5oEQDSBi7dXhyx6w689yROFugdoaHpvJ3QHCyqo\",\"refunded\":false,\"review\":null,\"shipping\":null,\"source\":{\"id\":\"card_1R72542NUoYUjiuubEzl6g4p\",\"object\":\"card\",\"address_city\":null,\"address_country\":null,\"address_line1\":null,\"address_line1_check\":null,\"address_line2\":null,\"address_state\":null,\"address_zip\":null,\"address_zip_check\":null,\"allow_redisplay\":\"unspecified\",\"brand\":\"Visa\",\"country\":\"US\",\"customer\":\"cus_S14DlXVC8MzY6L\",\"cvc_check\":\"pass\",\"dynamic_last4\":null,\"exp_month\":8,\"exp_year\":2026,\"fingerprint\":\"JEOX6vBVGIkqQ6Br\",\"funding\":\"debit\",\"last4\":\"1793\",\"metadata\":[],\"name\":\"belindaserbellon2013@gmail.com\",\"regulated_status\":\"regulated\",\"tokenization_method\":null,\"wallet\":null},\"source_transfer\":null,\"statement_descriptor\":null,\"statement_descriptor_suffix\":null,\"status\":\"succeeded\",\"transfer_data\":null,\"transfer_group\":null}'
WHERE `id` = 224;
UPDATE `user_registration` SET `uid` = '2295', `user_id` = '6UFXJY', `username` = 'Belinda82', `sponsor_id` = 'JIL8K9', `vacant` = 'no', `f_name` = 'Belinda', `l_name` = 'Serbellon', `position` = 'right', `email` = 'belindaserbellon2013@gmail.com', `password` = 'a4573c826e99f1cafe1a2dac97971b17', `phone` = '239 785 4227', `country` = 'United States', `state` = 'Florida', `city` = 'Lehigh acres', `street` = '3005 Harold ave S', `zip_code` = '33973', `reg_ip` = '172.68.12.132', `status` = 1, `package_id` = '2', `rank_id` = 1, `highest_rank` = 1, `cycle_rank_id` = 1, `created` = '2025-03-26 17:03:33', `subscription_date` = '2025-04-25', `google_secret` = 'YLIVZQCD3ZSX2N5X'
WHERE `uid` = '2295';
INSERT INTO `user_registration` (`uid`, `user_id`, `username`, `sponsor_id`, `placement_id`, `vacant`, `f_name`, `l_name`, `address`, `position`, `email`, `password`, `phone`, `reg_ip`, `status`, `created`) VALUES (NULL, 'QYOWZA', 'cJyNTOAP', '6UFXJY', '6UFXJY', 'yes', '', '', '', 'left', '@mail.com', '', '', '', 0, '2025-03-26 17:05:54');
INSERT INTO `user_registration` (`uid`, `user_id`, `username`, `sponsor_id`, `placement_id`, `vacant`, `f_name`, `l_name`, `address`, `position`, `email`, `password`, `phone`, `reg_ip`, `status`, `created`) VALUES (NULL, 'JGAVVQ', 'jkLnuPxj', '6UFXJY', '6UFXJY', 'yes', '', '', '', 'right', '@mail.com', '', '', '', 0, '2025-03-26 17:05:54');
INSERT INTO `bv_updation` (`user_id`) VALUES ('6UFXJY');
UPDATE `user_registration` SET total_ref_count = total_ref_count+1
WHERE `user_id` = 'JIL8K9';
UPDATE `user_registration` SET total_downlines = total_downlines+1
WHERE `user_id` = '78UOV5';
UPDATE `user_registration` SET right_downlines = right_downlines+1
WHERE `user_id` = '78UOV5';
UPDATE `user_registration` SET total_downlines = total_downlines+1
WHERE `user_id` = 'JIL8K9';
UPDATE `user_registration` SET right_downlines = right_downlines+1
WHERE `user_id` = 'JIL8K9';
UPDATE `user_registration` SET right_ref_count = right_ref_count+1
WHERE `user_id` = 'JIL8K9';
UPDATE `user_registration` SET active_right = active_right+1
WHERE `user_id` = 'JIL8K9';
UPDATE `user_registration` SET total_downlines = total_downlines+1
WHERE `user_id` = 'U7SMZ8';
UPDATE `user_registration` SET left_downlines = left_downlines+1
WHERE `user_id` = 'U7SMZ8';
UPDATE `user_registration` SET total_downlines = total_downlines+1
WHERE `user_id` = 'AABG7W';
UPDATE `user_registration` SET right_downlines = right_downlines+1
WHERE `user_id` = 'AABG7W';
UPDATE `user_registration` SET total_downlines = total_downlines+1
WHERE `user_id` = '3ZDIFO';
UPDATE `user_registration` SET right_downlines = right_downlines+1
WHERE `user_id` = '3ZDIFO';
UPDATE `user_registration` SET total_downlines = total_downlines+1
WHERE `user_id` = 'UQO7EQ';
UPDATE `user_registration` SET right_downlines = right_downlines+1
WHERE `user_id` = 'UQO7EQ';
UPDATE `user_registration` SET total_downlines = total_downlines+1
WHERE `user_id` = 'N6GZAE';
UPDATE `user_registration` SET left_downlines = left_downlines+1
WHERE `user_id` = 'N6GZAE';
UPDATE `user_registration` SET total_downlines = total_downlines+1
WHERE `user_id` = '4E1CRI';
UPDATE `user_registration` SET left_downlines = left_downlines+1
WHERE `user_id` = '4E1CRI';
UPDATE `user_registration` SET total_downlines = total_downlines+1
WHERE `user_id` = 'SJBNYJ';
UPDATE `user_registration` SET left_downlines = left_downlines+1
WHERE `user_id` = 'SJBNYJ';
UPDATE `user_registration` SET total_downlines = total_downlines+1
WHERE `user_id` = '44B9Y4';
UPDATE `user_registration` SET left_downlines = left_downlines+1
WHERE `user_id` = '44B9Y4';
UPDATE `user_registration` SET total_downlines = total_downlines+1
WHERE `user_id` = 'admin';
UPDATE `user_registration` SET right_downlines = right_downlines+1
WHERE `user_id` = 'admin';
INSERT INTO `investment` (`invest_date`, `user_id`, `type`, `amount`, `package_id`) VALUES ('2025-03-26 17:05:54', '6UFXJY', 'register', '595', '2');
INSERT INTO `earnings` (`user_id`, `Purchaser_id`, `earning_type`, `package_id`, `amount`, `date`, `comments`, `invest_amount`, `comm_perc`, `level`, `rank_id`, `order_id`) VALUES ('JIL8K9', '6UFXJY', 'Direct Referral Bonus', '2', '100', '2025-03-26 17:05:54', 'Direct Referral Bonus', 0, 0, 1, '', 213);
UPDATE `user_registration` SET commission_balance = ROUND(commission_balance + 100,2)
WHERE `user_id` = 'JIL8K9';
UPDATE `user_registration` SET referral_bonus = ROUND(referral_bonus + 100,2)
WHERE `user_id` = 'JIL8K9';
INSERT INTO `earnings` (`user_id`, `Purchaser_id`, `earning_type`, `package_id`, `amount`, `date`, `comments`, `invest_amount`, `comm_perc`, `level`, `rank_id`, `order_id`) VALUES ('UQO7EQ', '6UFXJY', 'Expansion Bonus', '2', 100, '2025-03-26 17:05:54', 'Expansion Bonus', '100', 0, 1, '', 213);
UPDATE `user_registration` SET commission_balance = ROUND(commission_balance + 100,2)
WHERE `user_id` = 'UQO7EQ';
UPDATE `user_registration` SET expansion_bonus = ROUND(expansion_bonus + 100,2)
WHERE `user_id` = 'UQO7EQ';
UPDATE `user_registration` SET total_points = ROUND(total_points + 50,2)
WHERE `user_id` = '6UFXJY';
INSERT INTO `points_history` (`user_id`, `points`, `type`, `date`) VALUES ('6UFXJY', '50', 'register', '2025-03-26 17:05:');
INSERT INTO `matrix_filling` (`placement_id`, `downline_id`, `level`, `matrix`) VALUES ('78UOV5', '6UFXJY', 1, 1);
INSERT INTO `matrix_filling` (`placement_id`, `downline_id`, `level`, `matrix`) VALUES ('JIL8K9', '6UFXJY', 2, 1);
UPDATE `bv_updation` SET right_carry = right_carry+50, total_right = total_right+50
WHERE `user_id` = 'JIL8K9';
INSERT INTO `placement_bv_update_history` (`right_carry`, `date`, `from_id`, `user_id`) VALUES ('50', '2025-03-26 17:05:54', '6UFXJY', 'JIL8K9');
UPDATE `bv_updation` SET sponsor_right_carry = sponsor_right_carry+50, sponsor_total_right = sponsor_total_right+50
WHERE `user_id` = 'JIL8K9';
INSERT INTO `sponsor_bv_update_history` (`right_carry`, `date`, `user_id`) VALUES ('50', '2025-03-26 17:05:54', 'JIL8K9');
INSERT INTO `matrix_filling` (`placement_id`, `downline_id`, `level`, `matrix`) VALUES ('U7SMZ8', '6UFXJY', 3, 1);
UPDATE `bv_updation` SET left_carry = left_carry+50, total_left = total_left+50
WHERE `user_id` = 'U7SMZ8';
INSERT INTO `placement_bv_update_history` (`left_carry`, `date`, `from_id`, `user_id`) VALUES ('50', '2025-03-26 17:05:54', '6UFXJY', 'U7SMZ8');
INSERT INTO `matrix_filling` (`placement_id`, `downline_id`, `level`, `matrix`) VALUES ('AABG7W', '6UFXJY', 4, 1);
UPDATE `bv_updation` SET right_carry = right_carry+50, total_right = total_right+50
WHERE `user_id` = 'AABG7W';
INSERT INTO `placement_bv_update_history` (`right_carry`, `date`, `from_id`, `user_id`) VALUES ('50', '2025-03-26 17:05:54', '6UFXJY', 'AABG7W');
INSERT INTO `matrix_filling` (`placement_id`, `downline_id`, `level`, `matrix`) VALUES ('3ZDIFO', '6UFXJY', 5, 1);
UPDATE `bv_updation` SET right_carry = right_carry+50, total_right = total_right+50
WHERE `user_id` = '3ZDIFO';
INSERT INTO `placement_bv_update_history` (`right_carry`, `date`, `from_id`, `user_id`) VALUES ('50', '2025-03-26 17:05:54', '6UFXJY', '3ZDIFO');
INSERT INTO `matrix_filling` (`placement_id`, `downline_id`, `level`, `matrix`) VALUES ('UQO7EQ', '6UFXJY', 6, 1);
UPDATE `bv_updation` SET right_carry = right_carry+50, total_right = total_right+50
WHERE `user_id` = 'UQO7EQ';
INSERT INTO `placement_bv_update_history` (`right_carry`, `date`, `from_id`, `user_id`) VALUES ('50', '2025-03-26 17:05:54', '6UFXJY', 'UQO7EQ');
INSERT INTO `matrix_filling` (`placement_id`, `downline_id`, `level`, `matrix`) VALUES ('N6GZAE', '6UFXJY', 7, 1);
UPDATE `bv_updation` SET left_carry = left_carry+50, total_left = total_left+50
WHERE `user_id` = 'N6GZAE';
INSERT INTO `placement_bv_update_history` (`left_carry`, `date`, `from_id`, `user_id`) VALUES ('50', '2025-03-26 17:05:54', '6UFXJY', 'N6GZAE');
INSERT INTO `matrix_filling` (`placement_id`, `downline_id`, `level`, `matrix`) VALUES ('4E1CRI', '6UFXJY', 8, 1);
UPDATE `bv_updation` SET left_carry = left_carry+50, total_left = total_left+50
WHERE `user_id` = '4E1CRI';
INSERT INTO `placement_bv_update_history` (`left_carry`, `date`, `from_id`, `user_id`) VALUES ('50', '2025-03-26 17:05:54', '6UFXJY', '4E1CRI');
INSERT INTO `matrix_filling` (`placement_id`, `downline_id`, `level`, `matrix`) VALUES ('SJBNYJ', '6UFXJY', 9, 1);
UPDATE `bv_updation` SET left_carry = left_carry+50, total_left = total_left+50
WHERE `user_id` = 'SJBNYJ';
INSERT INTO `placement_bv_update_history` (`left_carry`, `date`, `from_id`, `user_id`) VALUES ('50', '2025-03-26 17:05:54', '6UFXJY', 'SJBNYJ');
INSERT INTO `matrix_filling` (`placement_id`, `downline_id`, `level`, `matrix`) VALUES ('44B9Y4', '6UFXJY', 10, 1);
UPDATE `bv_updation` SET left_carry = left_carry+50, total_left = total_left+50
WHERE `user_id` = '44B9Y4';
INSERT INTO `placement_bv_update_history` (`left_carry`, `date`, `from_id`, `user_id`) VALUES ('50', '2025-03-26 17:05:54', '6UFXJY', '44B9Y4');
INSERT INTO `matrix_filling` (`placement_id`, `downline_id`, `level`, `matrix`) VALUES ('admin', '6UFXJY', 11, 1);
UPDATE `bv_updation` SET right_carry = right_carry+50, total_right = total_right+50
WHERE `user_id` = 'admin';
INSERT INTO `placement_bv_update_history` (`right_carry`, `date`, `from_id`, `user_id`) VALUES ('50', '2025-03-26 17:05:54', '6UFXJY', 'admin');
INSERT INTO `package_purchase_history` (`user_id`, `package_id`, `reg_fee`, `package_name`, `monthly_fee`, `type`, `date`, `payment_option`) VALUES ('6UFXJY', '2', '595', 'Traveler Pro', '150', 'sign_up', '2025-03-26 17:05:54', 'stripe');
UPDATE `user_registration` SET `popup_seen` = 'yes'
WHERE `user_id` = 'JIL8K9';
UPDATE `user_registration` SET `popup_seen` = 'no'
WHERE `user_id` = 'JIL8K9';
DELETE FROM `ci_sessions`
WHERE `id` = '3a945a343f446922bc3f8d050708ff5bdb94d05f';
INSERT INTO `login_history` (`user_id`, `device`, `ip_address`, `date`) VALUES ('6UFXJY', 'Mozilla/5.0 (iPhone; CPU iPhone OS 18_3_2 like Mac OS X) AppleWebKit/605.1.15 (KHTML, like Gecko) Version/18.3.1 Mobile/15E148 Safari/604.1', '172.68.7.160', '25-03-26 17:08');
UPDATE `user_registration` SET `popup_seen` = 'yes'
WHERE `user_id` = '6UFXJY';
UPDATE `user_registration` SET `popup_seen` = 'no'
WHERE `user_id` = '6UFXJY';
DELETE FROM `ci_sessions`
WHERE `id` = '9a1849188eee4c8eab38bd39b5234e68f8f4ba74';
UPDATE `ci_sessions` SET `timestamp` = 1743027061, `data` = '__ci_last_regenerate|i:1743027061;captcha|s:4:\"m54r\";'
WHERE `id` = '0c83d12b5000ccb424dfd7f3999957b9443895f0';
INSERT INTO `login_history` (`user_id`, `device`, `ip_address`, `date`) VALUES ('UQO7EQ', 'Mozilla/5.0 (Windows NT 10.0; Win64; x64) AppleWebKit/537.36 (KHTML, like Gecko) Chrome/134.0.0.0 Safari/537.36', '172.71.156.142', '25-03-26 17:11');
UPDATE `user_registration` SET `popup_seen` = 'yes'
WHERE `user_id` = 'UQO7EQ';
UPDATE `user_registration` SET `popup_seen` = 'yes'
WHERE `user_id` = 'UQO7EQ';
UPDATE `ci_sessions` SET `timestamp` = 1743027167, `data` = '__ci_last_regenerate|i:1743027167;id|s:4:\"2034\";user_id|s:6:\"N6GZAE\";username|s:8:\"Mariposa\";sponsor_id|s:6:\"4E1CRI\";fullname|s:14:\"Emilio Tapanes\";email|s:25:\"emiliotapanes+7@gmail.com\";phone|s:10:\"7862876762\";isLogIn|b:1;'
WHERE `id` = '90c16847549fcf0a2cc5e8405f91ce91a418c8bb';
UPDATE `user_registration` SET `popup_seen` = 'yes'
WHERE `user_id` = 'UQO7EQ';
UPDATE `ci_sessions` SET `timestamp` = 1743027470, `data` = '__ci_last_regenerate|i:1743027470;id|s:4:\"2042\";user_id|s:6:\"UQO7EQ\";username|s:6:\"Rafa51\";sponsor_id|s:6:\"N6GZAE\";fullname|s:16:\"Rafael Rodriguez\";email|s:18:\"rafagana@yahoo.com\";phone|s:10:\"3057610606\";isLogIn|b:1;'
WHERE `id` = '779238861049d764314615bcf56c1a030aa1e4da';
INSERT INTO `login_history` (`user_id`, `device`, `ip_address`, `date`) VALUES ('2RSJNO', 'Mozilla/5.0 (iPhone; CPU iPhone OS 18_3_2 like Mac OS X) AppleWebKit/605.1.15 (KHTML, like Gecko) GSA/361.0.737942756 Mobile/15E148 Safari/604.1', '172.70.54.108', '25-03-26 17:18');
UPDATE `user_registration` SET `popup_seen` = 'yes'
WHERE `user_id` = '2RSJNO';
UPDATE `user_registration` SET `popup_seen` = 'yes'
WHERE `user_id` = 'UQO7EQ';
UPDATE `ci_sessions` SET `timestamp` = 1743027723, `data` = '__ci_last_regenerate|i:1743027723;captcha|s:4:\"n3um\";'
WHERE `id` = 'd34a6604f4abbed2279fa6dcaf073e1c583a7180';
INSERT INTO `login_history` (`user_id`, `device`, `ip_address`, `date`) VALUES ('5MW4H3', 'Mozilla/5.0 (iPhone; CPU iPhone OS 18_3_2 like Mac OS X) AppleWebKit/605.1.15 (KHTML, like Gecko) Version/18.3.1 Mobile/15E148 Safari/604.1', '172.68.12.43', '25-03-26 17:22');
UPDATE `user_registration` SET `popup_seen` = 'yes'
WHERE `user_id` = '5MW4H3';
UPDATE `user_registration` SET `popup_seen` = 'yes'
WHERE `user_id` = 'UQO7EQ';
UPDATE `user_registration` SET `popup_seen` = 'yes'
WHERE `user_id` = 'OTZTS5';
UPDATE `ci_sessions` SET `timestamp` = 1743027795, `data` = '__ci_last_regenerate|i:1743027795;id|s:4:\"2042\";user_id|s:6:\"UQO7EQ\";username|s:6:\"Rafa51\";sponsor_id|s:6:\"N6GZAE\";fullname|s:16:\"Rafael Rodriguez\";email|s:18:\"rafagana@yahoo.com\";phone|s:10:\"3057610606\";isLogIn|b:1;'
WHERE `id` = '17fa53da345bf23a4e0c5c8b94b5b5f284c9ceef';
UPDATE `user_registration` SET `popup_seen` = 'no'
WHERE `user_id` = 'UQO7EQ';
DELETE FROM `ci_sessions`
WHERE `id` = '78529e4e437fdf6d02af9cb9d089b74216dc04e6';
UPDATE `ci_sessions` SET `timestamp` = 1743027832, `data` = '__ci_last_regenerate|i:1743027832;id|s:4:\"2034\";user_id|s:6:\"N6GZAE\";username|s:8:\"Mariposa\";sponsor_id|s:6:\"4E1CRI\";fullname|s:14:\"Emilio Tapanes\";email|s:25:\"emiliotapanes+7@gmail.com\";phone|s:10:\"7862876762\";isLogIn|b:1;'
WHERE `id` = 'eefc62b21ac97e48d8c58129c80735b36c0bf613';
UPDATE `ci_sessions` SET `timestamp` = 1743028310, `data` = '__ci_last_regenerate|i:1743028310;id|s:4:\"2181\";user_id|s:6:\"OTZTS5\";username|s:10:\"Duniesky41\";sponsor_id|s:6:\"AABG7W\";fullname|s:19:\"Duniesky Alzugaray \";email|s:27:\"dalzugarayramirez@gmail.com\";phone|s:10:\"7862451724\";isLogIn|b:1;'
WHERE `id` = 'f4f157727f5f48bd8a84ec153892c942ed1dc030';
INSERT INTO `login_history` (`user_id`, `device`, `ip_address`, `date`) VALUES ('PEABEG', 'Mozilla/5.0 (iPhone; CPU iPhone OS 18_3_2 like Mac OS X) AppleWebKit/605.1.15 (KHTML, like Gecko) Version/18.3.1 Mobile/15E148 Safari/604.1', '172.68.7.41', '25-03-26 17:41');
UPDATE `user_registration` SET `popup_seen` = 'yes'
WHERE `user_id` = 'PEABEG';
UPDATE `user_registration` SET `popup_seen` = 'yes'
WHERE `user_id` = 'PEABEG';
UPDATE `user_registration` SET `popup_seen` = 'yes'
WHERE `user_id` = 'PEABEG';
UPDATE `ci_sessions` SET `timestamp` = 1743029168, `data` = '__ci_last_regenerate|i:1743029168;id|s:4:\"2229\";user_id|s:6:\"PEABEG\";username|s:8:\"Gil.1972\";sponsor_id|s:6:\"KSGBOZ\";fullname|s:12:\"Dariel Ramos\";email|s:21:\"yoeyury2024@gmail.com\";phone|s:10:\"7864005201\";isLogIn|b:1;'
WHERE `id` = '564eaa9dd942df6762b3b67850887e48efd2aa8d';
INSERT INTO `payquicker_token` (`response`, `token`, `created_time`, `expires_at`) VALUES ('{\"access_token\":\"3BC770D68372B333DE82C5B00AF6E6539CA5EF67E05E323AAA8B7A9ACE5C8E62-1\",\"expires_in\":3600,\"token_type\":\"Bearer\",\"scope\":\"api useraccount_balance useraccount_debit useraccount_invitation useraccount_payment\"}', '3BC770D68372B333DE82C5B00AF6E6539CA5EF67E05E323AAA8B7A9ACE5C8E62-1', '2025-03-26 17:46:19', '2025-03-26 18:46:19');
INSERT INTO `payment_metod_setting` (`user_id`, `method`, `email`, `wallet_id`, `status`, `date`) VALUES ('PEABEG', 'payquicker', 'yoeyury2024@gmail.com', 'Gil.1972JwUP', 0, '2025-03-26 17:46:20');
INSERT INTO `payquicker_send_invite` (`user_id`, `userCompanyAssignedUniqueKey`, `response`, `date`) VALUES ('PEABEG', 'Gil.1972JwUP', '[{\"dateInvited\":\"2025-03-26T22:46:21Z\",\"invitationKey\":\"wVw5Zoch0ZzYfaCf7ksBNnhyPoqb9KAWmVMUZmxP2YwWTJj2KmYHvXlou0nls1OqrGafqcl5L9EXc0B780RDNjsu4Sbdb73dKwKlgsT9lk3znSweffYoMn3MYAgnRmCub9Hkbj2JDy8XZf254YcMNqppjlsYi2OCtjm9gDHCN009UbAKrKDsoTEI4v3idNvpGbF3mXTmh8LLD4s9lhhfDaPCDzkv5VSrd4ILsj27naGznEkQOPoRSSyAPtUyRrXS\",\"invitationStatus\":\"InvitationStatusType_Pending\",\"registrationStatus\":\"NotStarted\",\"registrationDetails\":{\"addresses\":[{\"city\":\"Miami\",\"country\":\"USA\",\"postalCode\":\"33184\",\"region\":\"Florida\",\"streetAddress1\":\"1310 SW 135 CT\",\"created\":\"0001-01-01T00:00:00Z\",\"type\":\"AddressType_Residential\"}],\"fundingAccountPublicId\":\"4e84a85ac47e46639c648f932d48fdf0\",\"issuePlasticCard\":true,\"notifyUser\":true,\"userDetails\":{\"emailAddress\":\"yoeyury2024@gmail.com\",\"firstName\":\"Dariel\",\"lastName\":\"Ramos\",\"userCompanyAssignedUniqueKey\":\"Gil.1972JwUP\"}}}]', '2025-03-26 17:46:20');
UPDATE `ci_sessions` SET `timestamp` = 1743029580, `data` = '__ci_last_regenerate|i:1743029580;id|s:4:\"2085\";user_id|s:6:\"UXMQZD\";username|s:8:\"hern1892\";sponsor_id|s:6:\"O94ZPY\";fullname|s:16:\"Magaly Hernandez\";email|s:20:\"hern1892@hotmail.com\";phone|s:12:\"786 449 8531\";isLogIn|b:1;'
WHERE `id` = '86e6ba4df059c355e64f20bd46baf23f40a288c5';
UPDATE `user_registration` SET `popup_seen` = 'yes'
WHERE `user_id` = 'UXMQZD';
UPDATE `user_registration` SET `popup_seen` = 'yes'
WHERE `user_id` = 'UXMQZD';
UPDATE `user_registration` SET `language` = 'spanish'
WHERE `user_id` = 'UXMQZD';
UPDATE `user_registration` SET `popup_seen` = 'yes'
WHERE `user_id` = 'UXMQZD';
UPDATE `user_registration` SET `popup_seen` = 'no'
WHERE `user_id` = 'UXMQZD';
DELETE FROM `ci_sessions`
WHERE `id` = '7d8a05ef76b955fcb10441b6069c4ad2be11db85';
INSERT INTO `login_history` (`user_id`, `device`, `ip_address`, `date`) VALUES ('UXMQZD', 'Mozilla/5.0 (iPhone; CPU iPhone OS 18_3_2 like Mac OS X) AppleWebKit/605.1.15 (KHTML, like Gecko) Version/18.3.1 Mobile/15E148 Safari/604.1', '172.69.132.230', '25-03-26 17:56');
UPDATE `user_registration` SET `popup_seen` = 'yes'
WHERE `user_id` = 'UXMQZD';
UPDATE `user_registration` SET `popup_seen` = 'no'
WHERE `user_id` = 'UXMQZD';
DELETE FROM `ci_sessions`
WHERE `id` = '6145018cad759ee608f51fab8cb87f34e3c4a11b';
INSERT INTO `login_history` (`user_id`, `device`, `ip_address`, `date`) VALUES ('O94ZPY', 'Mozilla/5.0 (iPhone; CPU iPhone OS 18_3_2 like Mac OS X) AppleWebKit/605.1.15 (KHTML, like Gecko) Version/18.3.1 Mobile/15E148 Safari/604.1', '172.69.132.231', '25-03-26 17:58');
UPDATE `user_registration` SET `popup_seen` = 'yes'
WHERE `user_id` = 'O94ZPY';
UPDATE `ci_sessions` SET `timestamp` = 1743030137, `data` = '__ci_last_regenerate|i:1743030137;id|s:4:\"2075\";user_id|s:6:\"O94ZPY\";username|s:12:\"angelito4817\";sponsor_id|s:6:\"JHRDHS\";fullname|s:15:\"Angel Fernandez\";email|s:25:\"angelito.magaly@gmail.com\";phone|s:0:\"\";isLogIn|b:1;message|s:23:\"Welcome Angel Fernandez\";__ci_vars|a:1:{s:7:\"message\";s:3:\"old\";}'
WHERE `id` = 'e68e9e49bf10865f7cc1c1a7e3b123393b1db7bf';
UPDATE `user_registration` SET `popup_seen` = 'no'
WHERE `user_id` = 'O94ZPY';
DELETE FROM `ci_sessions`
WHERE `id` = '717b444caef2e17aa3f9cb266e49a95855bfd7d0';
INSERT INTO `login_history` (`user_id`, `device`, `ip_address`, `date`) VALUES ('UXMQZD', 'Mozilla/5.0 (iPhone; CPU iPhone OS 18_3_2 like Mac OS X) AppleWebKit/605.1.15 (KHTML, like Gecko) Version/18.3.1 Mobile/15E148 Safari/604.1', '172.70.82.148', '25-03-26 18:02');
UPDATE `user_registration` SET `popup_seen` = 'yes'
WHERE `user_id` = 'UXMQZD';
INSERT INTO `login_history` (`user_id`, `device`, `ip_address`, `date`) VALUES ('BEC1EO', 'Mozilla/5.0 (iPhone; CPU iPhone OS 18_1_1 like Mac OS X) AppleWebKit/605.1.15 (KHTML, like Gecko) Version/18.1.1 Mobile/15E148 Safari/604.1', '172.68.7.17', '25-03-26 18:09');
UPDATE `user_registration` SET `popup_seen` = 'yes'
WHERE `user_id` = 'BEC1EO';
UPDATE `ci_sessions` SET `timestamp` = 1743030762, `data` = '__ci_last_regenerate|i:1743030762;captcha|s:4:\"l1tj\";'
WHERE `id` = 'b497022bc54db0f95c7d8e1adafca158b5d6e166';
INSERT INTO `login_history` (`user_id`, `device`, `ip_address`, `date`) VALUES ('IYCRUH', 'Mozilla/5.0 (Linux; Android 10; K) AppleWebKit/537.36 (KHTML, like Gecko) Chrome/131.0.0.0 Mobile Safari/537.36', '172.70.55.152', '25-03-26 18:13');
UPDATE `user_registration` SET `popup_seen` = 'yes'
WHERE `user_id` = 'IYCRUH';
UPDATE `user_registration` SET `popup_seen` = 'no'
WHERE `user_id` = 'IYCRUH';
DELETE FROM `ci_sessions`
WHERE `id` = '239c8c942da7a2966f23d7ee7edc5d2e6f56840d';
UPDATE `ci_sessions` SET `timestamp` = 1743031271, `data` = '__ci_last_regenerate|i:1743031271;id|s:4:\"2085\";user_id|s:6:\"UXMQZD\";username|s:8:\"hern1892\";sponsor_id|s:6:\"O94ZPY\";fullname|s:16:\"Magaly Hernandez\";email|s:20:\"hern1892@hotmail.com\";phone|s:12:\"786 449 8531\";isLogIn|b:1;message|s:24:\"Welcome Magaly Hernandez\";__ci_vars|a:1:{s:7:\"message\";s:3:\"old\";}'
WHERE `id` = 'e8fd8cba0fb45837bdf0469d176af082b51231cb';
UPDATE `user_registration` SET `popup_seen` = 'no'
WHERE `user_id` = 'UXMQZD';
DELETE FROM `ci_sessions`
WHERE `id` = '88dd4357e43bb65daf887e534a16e4e2804e6dc4';
INSERT INTO `login_history` (`user_id`, `device`, `ip_address`, `date`) VALUES ('O94ZPY', 'Mozilla/5.0 (iPhone; CPU iPhone OS 18_3_2 like Mac OS X) AppleWebKit/605.1.15 (KHTML, like Gecko) Version/18.3.1 Mobile/15E148 Safari/604.1', '172.70.82.169', '25-03-26 18:21');
UPDATE `user_registration` SET `popup_seen` = 'yes'
WHERE `user_id` = 'O94ZPY';
UPDATE `user_registration` SET `language` = 'english'
WHERE `user_id` = 'O94ZPY';
UPDATE `user_registration` SET `popup_seen` = 'yes'
WHERE `user_id` = 'O94ZPY';
INSERT INTO `temp_register` (`post_data`, `date`, `payment_method`, `type`) VALUES ('{\"user_id\":\"O94ZPY\",\"package_id\":\"2\",\"amount\":\"150\",\"payment_method\":\"stripe\",\"date\":\"2025-03-26 18:22:36\"}', '2025-03-26 18:22:36', 'stripe', 'renew');
INSERT INTO `login_history` (`user_id`, `device`, `ip_address`, `date`) VALUES ('SX4SBY', 'Mozilla/5.0 (iPhone; CPU iPhone OS 18_3_2 like Mac OS X) AppleWebKit/605.1.15 (KHTML, like Gecko) GSA/361.0.737942756 Mobile/15E148 Safari/604.1', '172.68.7.17', '25-03-26 18:23');
UPDATE `user_registration` SET `popup_seen` = 'yes'
WHERE `user_id` = 'SX4SBY';
UPDATE `temp_register` SET `response` = '{\"stripeToken\":\"tok_1R73JB2NUoYUjiuuHGrizHG5\",\"stripeTokenType\":\"card\",\"stripeEmail\":\"angelito.magaly@gmail.com\"}', `date_modified` = '2025-03-26 18:24:33', `payment_status` = '{\"id\":\"ch_3R73JF2NUoYUjiuu1vfkpcu4\",\"object\":\"charge\",\"amount\":15000,\"amount_captured\":15000,\"amount_refunded\":0,\"application\":null,\"application_fee\":null,\"application_fee_amount\":null,\"balance_transaction\":\"txn_3R73JF2NUoYUjiuu1nShm2Px\",\"billing_details\":{\"address\":{\"city\":null,\"country\":null,\"line1\":null,\"line2\":null,\"postal_code\":null,\"state\":null},\"email\":null,\"name\":\"angelito.magaly@gmail.com\",\"phone\":null},\"calculated_statement_descriptor\":\"TRAVELEGENDCY LLC\",\"captured\":true,\"created\":1743031473,\"currency\":\"usd\",\"customer\":\"cus_S15UxRdZdMdFKu\",\"description\":null,\"destination\":null,\"dispute\":null,\"disputed\":false,\"failure_balance_transaction\":null,\"failure_code\":null,\"failure_message\":null,\"fraud_details\":[],\"invoice\":null,\"livemode\":true,\"metadata\":{\"name\":\"Angel Fernandez\",\"username\":\"angelito4817\"},\"on_behalf_of\":null,\"order\":null,\"outcome\":{\"advice_code\":null,\"network_advice_code\":null,\"network_decline_code\":null,\"network_status\":\"approved_by_network\",\"reason\":null,\"risk_level\":\"normal\",\"seller_message\":\"Payment complete.\",\"type\":\"authorized\"},\"paid\":true,\"payment_intent\":null,\"payment_method\":\"card_1R73JB2NUoYUjiuuOuBAocfz\",\"payment_method_details\":{\"card\":{\"amount_authorized\":15000,\"authorization_code\":\"03008G\",\"brand\":\"visa\",\"checks\":{\"address_line1_check\":null,\"address_postal_code_check\":null,\"cvc_check\":\"pass\"},\"country\":\"US\",\"exp_month\":11,\"exp_year\":2026,\"extended_authorization\":{\"status\":\"disabled\"},\"fingerprint\":\"aJ9q3SKQcQIObALj\",\"funding\":\"credit\",\"incremental_authorization\":{\"status\":\"unavailable\"},\"installments\":null,\"last4\":\"3366\",\"mandate\":null,\"multicapture\":{\"status\":\"unavailable\"},\"network\":\"visa\",\"network_token\":{\"used\":true},\"network_transaction_id\":\"585085842738444\",\"overcapture\":{\"maximum_amount_capturable\":15000,\"status\":\"unavailable\"},\"regulated_status\":\"unregulated\",\"three_d_secure\":null,\"wallet\":null},\"type\":\"card\"},\"receipt_email\":null,\"receipt_number\":null,\"receipt_url\":\"https:\\/\\/pay.stripe.com\\/receipts\\/payment\\/CAcQARoXChVhY2N0XzFRUEFGdjJOVW9ZVWppdXUosZmSvwYyBq_N9NRIXDosFj1et4miYNLLB6YDPSz3BagD6i_LwywgS7BEJwXBQKIuHmpolj4_Pr1Yovw\",\"refunded\":false,\"review\":null,\"shipping\":null,\"source\":{\"id\":\"card_1R73JB2NUoYUjiuuOuBAocfz\",\"object\":\"card\",\"address_city\":null,\"address_country\":null,\"address_line1\":null,\"address_line1_check\":null,\"address_line2\":null,\"address_state\":null,\"address_zip\":null,\"address_zip_check\":null,\"allow_redisplay\":\"unspecified\",\"brand\":\"Visa\",\"country\":\"US\",\"customer\":\"cus_S15UxRdZdMdFKu\",\"cvc_check\":\"pass\",\"dynamic_last4\":null,\"exp_month\":11,\"exp_year\":2026,\"fingerprint\":\"aJ9q3SKQcQIObALj\",\"funding\":\"credit\",\"last4\":\"3366\",\"metadata\":[],\"name\":\"angelito.magaly@gmail.com\",\"regulated_status\":\"unregulated\",\"tokenization_method\":null,\"wallet\":null},\"source_transfer\":null,\"statement_descriptor\":null,\"statement_descriptor_suffix\":null,\"status\":\"succeeded\",\"transfer_data\":null,\"transfer_group\":null}'
WHERE `id` = 225;
INSERT INTO `sub_history` (`user_id`, `package_id`, `amount`, `payment_method`, `date`) VALUES ('O94ZPY', '2', '150', 'Stripe', '2025-03-26 18:24:33');
UPDATE `user_registration` SET sub_point = ROUND(sub_point + 150,2)
WHERE `user_id` = 'O94ZPY';
INSERT INTO `investment` (`invest_date`, `user_id`, `type`, `amount`, `package_id`) VALUES ('2025-03-26 18:24:33', 'O94ZPY', 'subscription', '150', '2');
UPDATE `user_registration` SET total_points = ROUND(total_points + 150,2)
WHERE `user_id` = 'O94ZPY';
INSERT INTO `points_history` (`user_id`, `points`, `type`, `date`) VALUES ('O94ZPY', '150', 'subscription', '2025-03-26 18:24:');
UPDATE `bv_updation` SET right_carry = right_carry+150, total_right = total_right+150
WHERE `user_id` = 'JHRDHS';
INSERT INTO `placement_bv_update_history` (`right_carry`, `date`, `from_id`, `user_id`) VALUES ('150', '2025-03-26 18:24:33', 'O94ZPY', 'JHRDHS');
UPDATE `bv_updation` SET sponsor_right_carry = sponsor_right_carry+150, sponsor_total_right = sponsor_total_right+150
WHERE `user_id` = 'JHRDHS';
INSERT INTO `sponsor_bv_update_history` (`right_carry`, `date`, `user_id`) VALUES ('150', '2025-03-26 18:24:33', 'JHRDHS');
UPDATE `bv_updation` SET right_carry = right_carry+150, total_right = total_right+150
WHERE `user_id` = 'CVVK4C';
INSERT INTO `placement_bv_update_history` (`right_carry`, `date`, `from_id`, `user_id`) VALUES ('150', '2025-03-26 18:24:33', 'O94ZPY', 'CVVK4C');
UPDATE `bv_updation` SET left_carry = left_carry+150, total_left = total_left+150
WHERE `user_id` = 'K55EDD';
INSERT INTO `placement_bv_update_history` (`left_carry`, `date`, `from_id`, `user_id`) VALUES ('150', '2025-03-26 18:24:33', 'O94ZPY', 'K55EDD');
UPDATE `bv_updation` SET left_carry = left_carry+150, total_left = total_left+150
WHERE `user_id` = 'UQO7EQ';
INSERT INTO `placement_bv_update_history` (`left_carry`, `date`, `from_id`, `user_id`) VALUES ('150', '2025-03-26 18:24:33', 'O94ZPY', 'UQO7EQ');
UPDATE `bv_updation` SET left_carry = left_carry+150, total_left = total_left+150
WHERE `user_id` = 'N6GZAE';
INSERT INTO `placement_bv_update_history` (`left_carry`, `date`, `from_id`, `user_id`) VALUES ('150', '2025-03-26 18:24:33', 'O94ZPY', 'N6GZAE');
UPDATE `bv_updation` SET left_carry = left_carry+150, total_left = total_left+150
WHERE `user_id` = '4E1CRI';
INSERT INTO `placement_bv_update_history` (`left_carry`, `date`, `from_id`, `user_id`) VALUES ('150', '2025-03-26 18:24:33', 'O94ZPY', '4E1CRI');
UPDATE `bv_updation` SET left_carry = left_carry+150, total_left = total_left+150
WHERE `user_id` = 'SJBNYJ';
INSERT INTO `placement_bv_update_history` (`left_carry`, `date`, `from_id`, `user_id`) VALUES ('150', '2025-03-26 18:24:33', 'O94ZPY', 'SJBNYJ');
UPDATE `bv_updation` SET left_carry = left_carry+150, total_left = total_left+150
WHERE `user_id` = '44B9Y4';
INSERT INTO `placement_bv_update_history` (`left_carry`, `date`, `from_id`, `user_id`) VALUES ('150', '2025-03-26 18:24:33', 'O94ZPY', '44B9Y4');
UPDATE `bv_updation` SET right_carry = right_carry+150, total_right = total_right+150
WHERE `user_id` = 'admin';
INSERT INTO `placement_bv_update_history` (`right_carry`, `date`, `from_id`, `user_id`) VALUES ('150', '2025-03-26 18:24:33', 'O94ZPY', 'admin');
UPDATE `user_registration` SET `subscription_date` = '2025-04-25', `active_status` = 'yes'
WHERE `user_id` = 'O94ZPY';
UPDATE `user_registration` SET `popup_seen` = 'yes'
WHERE `user_id` = 'O94ZPY';
UPDATE `user_registration` SET `popup_seen` = 'yes'
WHERE `user_id` = 'O94ZPY';
UPDATE `ci_sessions` SET `timestamp` = 1743031653, `data` = '__ci_last_regenerate|i:1743031653;id|s:4:\"2075\";user_id|s:6:\"O94ZPY\";username|s:12:\"angelito4817\";sponsor_id|s:6:\"JHRDHS\";fullname|s:15:\"Angel Fernandez\";email|s:25:\"angelito.magaly@gmail.com\";phone|s:0:\"\";isLogIn|b:1;'
WHERE `id` = '7e8fdd517ac38ed692f2036861f780b7376789c3';
UPDATE `user_registration` SET `popup_seen` = 'no'
WHERE `user_id` = 'O94ZPY';
DELETE FROM `ci_sessions`
WHERE `id` = '16efa7ff87736f537486c9be9075449b1516265f';
UPDATE `ci_sessions` SET `timestamp` = 1743032271, `data` = '__ci_last_regenerate|i:1743032271;captcha|s:4:\"52om\";'
WHERE `id` = '0265f09427365c4779f10c02bd9f39dab1d1d81c';
INSERT INTO `login_history` (`user_id`, `device`, `ip_address`, `date`) VALUES ('PXHCYN', 'Mozilla/5.0 (iPhone; CPU iPhone OS 18_3_2 like Mac OS X) AppleWebKit/605.1.15 (KHTML, like Gecko) Version/18.3.1 Mobile/15E148 Safari/604.1', '172.70.255.78', '25-03-26 18:40');
UPDATE `user_registration` SET `popup_seen` = 'yes'
WHERE `user_id` = 'PXHCYN';
UPDATE `ci_sessions` SET `timestamp` = 1743032501, `data` = '__ci_last_regenerate|i:1743032501;captcha|s:4:\"i9mr\";'
WHERE `id` = '714194474c25095884293a590fefb73edb8cf182';
INSERT INTO `login_history` (`user_id`, `device`, `ip_address`, `date`) VALUES ('4VE7D1', 'Mozilla/5.0 (iPhone; CPU iPhone OS 18_3_2 like Mac OS X) AppleWebKit/605.1.15 (KHTML, like Gecko) Version/18.3.1 Mobile/15E148 Safari/604.1', '172.68.12.132', '25-03-26 18:42');
UPDATE `user_registration` SET `popup_seen` = 'yes'
WHERE `user_id` = '4VE7D1';
INSERT INTO `login_history` (`user_id`, `device`, `ip_address`, `date`) VALUES ('OMGB4G', 'Mozilla/5.0 (Windows NT 10.0; Win64; x64) AppleWebKit/537.36 (KHTML, like Gecko) Chrome/109.0.0.0 Safari/537.36', '172.68.12.78', '25-03-26 18:53');
UPDATE `user_registration` SET `popup_seen` = 'yes'
WHERE `user_id` = 'OMGB4G';
UPDATE `ci_sessions` SET `timestamp` = 1743033316, `data` = '__ci_last_regenerate|i:1743033316;id|s:4:\"2229\";user_id|s:6:\"PEABEG\";username|s:8:\"Gil.1972\";sponsor_id|s:6:\"KSGBOZ\";fullname|s:12:\"Dariel Ramos\";email|s:21:\"yoeyury2024@gmail.com\";phone|s:10:\"7864005201\";isLogIn|b:1;'
WHERE `id` = '142325c83097df2b7b2b8f958cfb2b897667ee03';
UPDATE `user_registration` SET `popup_seen` = 'no'
WHERE `user_id` = 'OMGB4G';
DELETE FROM `ci_sessions`
WHERE `id` = '09f1bf05c5971952d6cf3f9d6210e5b193ba21c7';
UPDATE `ci_sessions` SET `timestamp` = 1743033673, `data` = '__ci_last_regenerate|i:1743033673;id|s:4:\"2242\";user_id|s:6:\"5MW4H3\";username|s:7:\"Yarelis\";sponsor_id|s:6:\"PEABEG\";fullname|s:15:\"Yarelis Sanchez\";email|s:22:\"yaredari2023@gmail.com\";phone|s:10:\"7863688901\";isLogIn|b:1;'
WHERE `id` = '91530fcad9f45751011237d7c174adad4c566681';
INSERT INTO `login_history` (`user_id`, `device`, `ip_address`, `date`) VALUES ('UQO7EQ', 'Mozilla/5.0 (iPhone; CPU iPhone OS 18_3_2 like Mac OS X) AppleWebKit/605.1.15 (KHTML, like Gecko) Version/18.3.1 Mobile/15E148 Safari/604.1', '172.69.132.230', '25-03-26 19:07');
UPDATE `user_registration` SET `popup_seen` = 'yes'
WHERE `user_id` = 'UQO7EQ';
UPDATE `ci_sessions` SET `timestamp` = 1743034129, `data` = '__ci_last_regenerate|i:1743034129;id|s:4:\"2182\";user_id|s:6:\"PXHCYN\";username|s:10:\"laly011768\";sponsor_id|s:6:\"IYLH21\";fullname|s:16:\"Heriberto 0rtega\";email|s:27:\"heribertoortega68@yahoo.com\";phone|s:12:\"305 561 9704\";isLogIn|b:1;message|s:24:\"Welcome Heriberto 0rtega\";__ci_vars|a:1:{s:7:\"message\";s:3:\"old\";}'
WHERE `id` = '560174e8f3c5c340c26471428952416bade2c903';
UPDATE `user_registration` SET `popup_seen` = 'yes'
WHERE `user_id` = 'PXHCYN';
UPDATE `ci_sessions` SET `timestamp` = 1743034157, `data` = '__ci_last_regenerate|i:1743034157;exception|s:31:\"Incorrect Username Or Password!\";__ci_vars|a:1:{s:9:\"exception\";s:3:\"old\";}captcha|s:4:\"dvlh\";'
WHERE `id` = 'a8961101f2acfa6a47407a1c472e482eb271fdc7';
UPDATE `ci_sessions` SET `timestamp` = 1743034173, `data` = '__ci_last_regenerate|i:1743034173;captcha|s:4:\"m4ex\";'
WHERE `id` = 'a0be026d4ceb1c140f37154101832a02f9480818';
INSERT INTO `login_history` (`user_id`, `device`, `ip_address`, `date`) VALUES ('UQO7EQ', 'Mozilla/5.0 (Linux; Android 10; K) AppleWebKit/537.36 (KHTML, like Gecko) Chrome/131.0.0.0 Mobile Safari/537.36', '172.68.12.79', '25-03-26 19:09');
UPDATE `user_registration` SET `popup_seen` = 'yes'
WHERE `user_id` = 'UQO7EQ';
UPDATE `user_registration` SET `popup_seen` = 'yes'
WHERE `user_id` = 'PXHCYN';
INSERT INTO `login_history` (`user_id`, `device`, `ip_address`, `date`) VALUES ('LUOTZ5', 'Mozilla/5.0 (Windows NT 10.0; Win64; x64) AppleWebKit/537.36 (KHTML, like Gecko) Chrome/134.0.0.0 Safari/537.36', '172.70.254.2', '25-03-26 19:09');
UPDATE `user_registration` SET `popup_seen` = 'yes'
WHERE `user_id` = 'LUOTZ5';
UPDATE `user_registration` SET `popup_seen` = 'yes'
WHERE `user_id` = 'UQO7EQ';
UPDATE `user_registration` SET `language` = 'english'
WHERE `user_id` = 'LUOTZ5';
UPDATE `user_registration` SET `popup_seen` = 'yes'
WHERE `user_id` = 'LUOTZ5';
UPDATE `user_registration` SET `popup_seen` = 'no'
WHERE `user_id` = 'PXHCYN';
DELETE FROM `ci_sessions`
WHERE `id` = 'c363d46f33e40a822e9b9dd0d6fca65fedcd975c';
UPDATE `user_registration` SET `popup_seen` = 'yes'
WHERE `user_id` = 'UQO7EQ';
INSERT INTO `temp_register` (`post_data`, `date`, `payment_method`, `type`) VALUES ('{\"user_id\":\"LUOTZ5\",\"package_id\":\"2\",\"amount\":\"150\",\"payment_method\":\"stripe\",\"date\":\"2025-03-26 19:10:36\"}', '2025-03-26 19:10:36', 'stripe', 'renew');
UPDATE `user_registration` SET `popup_seen` = 'yes'
WHERE `user_id` = 'UQO7EQ';
INSERT INTO `login_history` (`user_id`, `device`, `ip_address`, `date`) VALUES ('O94ZPY', 'Mozilla/5.0 (iPhone; CPU iPhone OS 18_3_2 like Mac OS X) AppleWebKit/605.1.15 (KHTML, like Gecko) Version/18.3.1 Mobile/15E148 Safari/604.1', '172.70.82.190', '25-03-26 19:10');
UPDATE `user_registration` SET `popup_seen` = 'yes'
WHERE `user_id` = 'O94ZPY';
UPDATE `ci_sessions` SET `timestamp` = 1743034262, `data` = '__ci_last_regenerate|i:1743034262;id|s:4:\"2242\";user_id|s:6:\"5MW4H3\";username|s:7:\"Yarelis\";sponsor_id|s:6:\"PEABEG\";fullname|s:15:\"Yarelis Sanchez\";email|s:22:\"yaredari2023@gmail.com\";phone|s:10:\"7863688901\";isLogIn|b:1;'
WHERE `id` = 'a0d58534ad37e8f7ad8990d5201a799d8a53cb69';
UPDATE `user_registration` SET `popup_seen` = 'yes'
WHERE `user_id` = '5MW4H3';
UPDATE `user_registration` SET `popup_seen` = 'no'
WHERE `user_id` = 'UQO7EQ';
DELETE FROM `ci_sessions`
WHERE `id` = 'bea19a574101d458c38a8505eb308c2260dc2285';
UPDATE `user_registration` SET `popup_seen` = 'yes'
WHERE `user_id` = 'O94ZPY';
UPDATE `ci_sessions` SET `timestamp` = 1743034373, `data` = '__ci_last_regenerate|i:1743034373;id|s:4:\"2194\";user_id|s:6:\"LUOTZ5\";username|s:14:\"ramonfernandez\";sponsor_id|s:6:\"IYCRUH\";fullname|s:15:\"Ramon Fernandez\";email|s:27:\"ramonfernandez039@gmail.com\";phone|s:10:\"7863780644\";isLogIn|b:1;upgrade_stripe_id|i:226;'
WHERE `id` = '21cc63b82f5adfce9c8a453ba6f3db69c6de47aa';
UPDATE `temp_register` SET `response` = '{\"stripeToken\":\"tok_1R743z2NUoYUjiuuRAGaiQQF\",\"stripeTokenType\":\"card\",\"stripeEmail\":\"ramonfernandez039@gmail.com\"}', `date_modified` = '2025-03-26 19:12:56', `payment_status` = '{\"id\":\"ch_3R74442NUoYUjiuu06jmtjiW\",\"object\":\"charge\",\"amount\":15000,\"amount_captured\":15000,\"amount_refunded\":0,\"application\":null,\"application_fee\":null,\"application_fee_amount\":null,\"balance_transaction\":\"txn_3R74442NUoYUjiuu05TUeJDf\",\"billing_details\":{\"address\":{\"city\":null,\"country\":null,\"line1\":null,\"line2\":null,\"postal_code\":null,\"state\":null},\"email\":null,\"name\":\"ramonfernandez039@gmail.com\",\"phone\":null},\"calculated_statement_descriptor\":\"TRAVELEGENDCY LLC\",\"captured\":true,\"created\":1743034376,\"currency\":\"usd\",\"customer\":\"cus_S16GFjqpiRjG9c\",\"description\":null,\"destination\":null,\"dispute\":null,\"disputed\":false,\"failure_balance_transaction\":null,\"failure_code\":null,\"failure_message\":null,\"fraud_details\":[],\"invoice\":null,\"livemode\":true,\"metadata\":{\"name\":\"Ramon Fernandez\",\"username\":\"ramonfernandez\"},\"on_behalf_of\":null,\"order\":null,\"outcome\":{\"advice_code\":null,\"network_advice_code\":null,\"network_decline_code\":null,\"network_status\":\"approved_by_network\",\"reason\":null,\"risk_level\":\"normal\",\"seller_message\":\"Payment complete.\",\"type\":\"authorized\"},\"paid\":true,\"payment_intent\":null,\"payment_method\":\"card_1R743z2NUoYUjiuu25zAfKXF\",\"payment_method_details\":{\"card\":{\"amount_authorized\":15000,\"authorization_code\":\"050476\",\"brand\":\"visa\",\"checks\":{\"address_line1_check\":null,\"address_postal_code_check\":null,\"cvc_check\":\"pass\"},\"country\":\"US\",\"exp_month\":12,\"exp_year\":2025,\"extended_authorization\":{\"status\":\"disabled\"},\"fingerprint\":\"TUB3F7Li5NNV9FKL\",\"funding\":\"debit\",\"incremental_authorization\":{\"status\":\"unavailable\"},\"installments\":null,\"last4\":\"7096\",\"mandate\":null,\"multicapture\":{\"status\":\"unavailable\"},\"network\":\"visa\",\"network_token\":{\"used\":false},\"network_transaction_id\":\"585086007768527\",\"overcapture\":{\"maximum_amount_capturable\":15000,\"status\":\"unavailable\"},\"regulated_status\":\"regulated\",\"three_d_secure\":null,\"wallet\":null},\"type\":\"card\"},\"receipt_email\":null,\"receipt_number\":null,\"receipt_url\":\"https:\\/\\/pay.stripe.com\\/receipts\\/payment\\/CAcQARoXChVhY2N0XzFRUEFGdjJOVW9ZVWppdXUoibCSvwYyBnfeQNR8MTosFsR54SEgPAAkxgRvdryYvOgdDBF8Ak7lMCh0jf5cNruqBUFMHb3KwAckA4M\",\"refunded\":false,\"review\":null,\"shipping\":null,\"source\":{\"id\":\"card_1R743z2NUoYUjiuu25zAfKXF\",\"object\":\"card\",\"address_city\":null,\"address_country\":null,\"address_line1\":null,\"address_line1_check\":null,\"address_line2\":null,\"address_state\":null,\"address_zip\":null,\"address_zip_check\":null,\"allow_redisplay\":\"unspecified\",\"brand\":\"Visa\",\"country\":\"US\",\"customer\":\"cus_S16GFjqpiRjG9c\",\"cvc_check\":\"pass\",\"dynamic_last4\":null,\"exp_month\":12,\"exp_year\":2025,\"fingerprint\":\"TUB3F7Li5NNV9FKL\",\"funding\":\"debit\",\"last4\":\"7096\",\"metadata\":[],\"name\":\"ramonfernandez039@gmail.com\",\"regulated_status\":\"regulated\",\"tokenization_method\":null,\"wallet\":null},\"source_transfer\":null,\"statement_descriptor\":null,\"statement_descriptor_suffix\":null,\"status\":\"succeeded\",\"transfer_data\":null,\"transfer_group\":null}'
WHERE `id` = 226;
INSERT INTO `sub_history` (`user_id`, `package_id`, `amount`, `payment_method`, `date`) VALUES ('LUOTZ5', '2', '150', 'Stripe', '2025-03-26 19:12:56');
UPDATE `user_registration` SET sub_point = ROUND(sub_point + 150,2)
WHERE `user_id` = 'LUOTZ5';
INSERT INTO `investment` (`invest_date`, `user_id`, `type`, `amount`, `package_id`) VALUES ('2025-03-26 19:12:56', 'LUOTZ5', 'subscription', '150', '2');
UPDATE `user_registration` SET total_points = ROUND(total_points + 150,2)
WHERE `user_id` = 'LUOTZ5';
INSERT INTO `points_history` (`user_id`, `points`, `type`, `date`) VALUES ('LUOTZ5', '150', 'subscription', '2025-03-26 19:12:');
UPDATE `bv_updation` SET left_carry = left_carry+150, total_left = total_left+150
WHERE `user_id` = 'IYCRUH';
INSERT INTO `placement_bv_update_history` (`left_carry`, `date`, `from_id`, `user_id`) VALUES ('150', '2025-03-26 19:12:56', 'LUOTZ5', 'IYCRUH');
UPDATE `bv_updation` SET sponsor_left_carry = sponsor_left_carry+150, sponsor_total_left = sponsor_total_left+150
WHERE `user_id` = 'IYCRUH';
INSERT INTO `sponsor_bv_update_history` (`left_carry`, `date`, `user_id`) VALUES ('150', '2025-03-26 19:12:56', 'IYCRUH');
UPDATE `bv_updation` SET left_carry = left_carry+150, total_left = total_left+150
WHERE `user_id` = '2RSJNO';
INSERT INTO `placement_bv_update_history` (`left_carry`, `date`, `from_id`, `user_id`) VALUES ('150', '2025-03-26 19:12:56', 'LUOTZ5', '2RSJNO');
UPDATE `bv_updation` SET left_carry = left_carry+150, total_left = total_left+150
WHERE `user_id` = 'ETPYLQ';
INSERT INTO `placement_bv_update_history` (`left_carry`, `date`, `from_id`, `user_id`) VALUES ('150', '2025-03-26 19:12:56', 'LUOTZ5', 'ETPYLQ');
UPDATE `bv_updation` SET left_carry = left_carry+150, total_left = total_left+150
WHERE `user_id` = 'M2XFK7';
INSERT INTO `placement_bv_update_history` (`left_carry`, `date`, `from_id`, `user_id`) VALUES ('150', '2025-03-26 19:12:56', 'LUOTZ5', 'M2XFK7');
UPDATE `bv_updation` SET left_carry = left_carry+150, total_left = total_left+150
WHERE `user_id` = '7BQJK5';
INSERT INTO `placement_bv_update_history` (`left_carry`, `date`, `from_id`, `user_id`) VALUES ('150', '2025-03-26 19:12:56', 'LUOTZ5', '7BQJK5');
UPDATE `bv_updation` SET left_carry = left_carry+150, total_left = total_left+150
WHERE `user_id` = 'QJ5U9C';
INSERT INTO `placement_bv_update_history` (`left_carry`, `date`, `from_id`, `user_id`) VALUES ('150', '2025-03-26 19:12:56', 'LUOTZ5', 'QJ5U9C');
UPDATE `bv_updation` SET left_carry = left_carry+150, total_left = total_left+150
WHERE `user_id` = 'O94ZPY';
INSERT INTO `placement_bv_update_history` (`left_carry`, `date`, `from_id`, `user_id`) VALUES ('150', '2025-03-26 19:12:56', 'LUOTZ5', 'O94ZPY');
UPDATE `bv_updation` SET right_carry = right_carry+150, total_right = total_right+150
WHERE `user_id` = 'JHRDHS';
INSERT INTO `placement_bv_update_history` (`right_carry`, `date`, `from_id`, `user_id`) VALUES ('150', '2025-03-26 19:12:56', 'LUOTZ5', 'JHRDHS');
UPDATE `bv_updation` SET right_carry = right_carry+150, total_right = total_right+150
WHERE `user_id` = 'CVVK4C';
INSERT INTO `placement_bv_update_history` (`right_carry`, `date`, `from_id`, `user_id`) VALUES ('150', '2025-03-26 19:12:56', 'LUOTZ5', 'CVVK4C');
UPDATE `bv_updation` SET left_carry = left_carry+150, total_left = total_left+150
WHERE `user_id` = 'K55EDD';
INSERT INTO `placement_bv_update_history` (`left_carry`, `date`, `from_id`, `user_id`) VALUES ('150', '2025-03-26 19:12:56', 'LUOTZ5', 'K55EDD');
UPDATE `bv_updation` SET left_carry = left_carry+150, total_left = total_left+150
WHERE `user_id` = 'UQO7EQ';
INSERT INTO `placement_bv_update_history` (`left_carry`, `date`, `from_id`, `user_id`) VALUES ('150', '2025-03-26 19:12:56', 'LUOTZ5', 'UQO7EQ');
UPDATE `bv_updation` SET left_carry = left_carry+150, total_left = total_left+150
WHERE `user_id` = 'N6GZAE';
INSERT INTO `placement_bv_update_history` (`left_carry`, `date`, `from_id`, `user_id`) VALUES ('150', '2025-03-26 19:12:56', 'LUOTZ5', 'N6GZAE');
UPDATE `bv_updation` SET left_carry = left_carry+150, total_left = total_left+150
WHERE `user_id` = '4E1CRI';
INSERT INTO `placement_bv_update_history` (`left_carry`, `date`, `from_id`, `user_id`) VALUES ('150', '2025-03-26 19:12:56', 'LUOTZ5', '4E1CRI');
UPDATE `bv_updation` SET left_carry = left_carry+150, total_left = total_left+150
WHERE `user_id` = 'SJBNYJ';
INSERT INTO `placement_bv_update_history` (`left_carry`, `date`, `from_id`, `user_id`) VALUES ('150', '2025-03-26 19:12:56', 'LUOTZ5', 'SJBNYJ');
UPDATE `bv_updation` SET left_carry = left_carry+150, total_left = total_left+150
WHERE `user_id` = '44B9Y4';
INSERT INTO `placement_bv_update_history` (`left_carry`, `date`, `from_id`, `user_id`) VALUES ('150', '2025-03-26 19:12:56', 'LUOTZ5', '44B9Y4');
UPDATE `bv_updation` SET right_carry = right_carry+150, total_right = total_right+150
WHERE `user_id` = 'admin';
INSERT INTO `placement_bv_update_history` (`right_carry`, `date`, `from_id`, `user_id`) VALUES ('150', '2025-03-26 19:12:56', 'LUOTZ5', 'admin');
UPDATE `user_registration` SET `subscription_date` = '2025-04-25', `active_status` = 'yes'
WHERE `user_id` = 'LUOTZ5';
UPDATE `user_registration` SET `popup_seen` = 'yes'
WHERE `user_id` = 'LUOTZ5';
INSERT INTO `login_history` (`user_id`, `device`, `ip_address`, `date`) VALUES ('JHRDHS', 'Mozilla/5.0 (iPhone; CPU iPhone OS 18_3_2 like Mac OS X) AppleWebKit/605.1.15 (KHTML, like Gecko) Version/18.3.1 Mobile/15E148 Safari/604.1', '172.69.208.142', '25-03-26 19:13');
UPDATE `user_registration` SET `popup_seen` = 'yes'
WHERE `user_id` = 'JHRDHS';
UPDATE `user_registration` SET `default_leg` = 'left'
WHERE `user_id` = 'LUOTZ5';
UPDATE `user_registration` SET `popup_seen` = 'no'
WHERE `user_id` = 'LUOTZ5';
DELETE FROM `ci_sessions`
WHERE `id` = '1e61ed54b254b52766c33fffda39645eafc58a49';
UPDATE `ci_sessions` SET `timestamp` = 1743034551, `data` = '__ci_last_regenerate|i:1743034551;id|s:4:\"2071\";user_id|s:6:\"JHRDHS\";username|s:7:\"mbecena\";sponsor_id|s:6:\"CVVK4C\";fullname|s:12:\"Maria Becena\";email|s:21:\"mbecena@bellsouth.net\";phone|s:10:\"7862360387\";isLogIn|b:1;'
WHERE `id` = '9fef6bc5f8e5e77b973a00bbdcd9d087b26c17f7';
UPDATE `user_registration` SET `popup_seen` = 'yes'
WHERE `user_id` = 'JHRDHS';
UPDATE `user_registration` SET `popup_seen` = 'yes'
WHERE `user_id` = 'JHRDHS';
UPDATE `user_registration` SET `popup_seen` = 'yes'
WHERE `user_id` = 'JHRDHS';
UPDATE `ci_sessions` SET `timestamp` = 1743035347, `data` = '__ci_last_regenerate|i:1743035347;captcha|s:4:\"oggl\";'
WHERE `id` = 'b0698191482a9e95bde0847630aff0b2a5c7990d';
INSERT INTO `login_history` (`user_id`, `device`, `ip_address`, `date`) VALUES ('UQO7EQ', 'Mozilla/5.0 (Linux; Android 10; K) AppleWebKit/537.36 (KHTML, like Gecko) Chrome/131.0.0.0 Mobile Safari/537.36', '172.69.132.240', '25-03-26 19:29');
UPDATE `user_registration` SET `popup_seen` = 'yes'
WHERE `user_id` = 'UQO7EQ';
UPDATE `user_registration` SET `popup_seen` = 'yes'
WHERE `user_id` = 'UQO7EQ';
UPDATE `user_registration` SET `popup_seen` = 'yes'
WHERE `user_id` = 'UQO7EQ';
UPDATE `user_registration` SET `popup_seen` = 'yes'
WHERE `user_id` = 'UQO7EQ';
UPDATE `user_registration` SET `popup_seen` = 'no'
WHERE `user_id` = 'UQO7EQ';
DELETE FROM `ci_sessions`
WHERE `id` = '5ffd308d44613e113b667e4d2e60bd7f29225984';
UPDATE `ci_sessions` SET `timestamp` = 1743036820, `data` = '__ci_last_regenerate|i:1743036820;captcha|s:4:\"uf2r\";'
WHERE `id` = '283ee3be86cc36e7370b87018d32a5c1890bebd9';
INSERT INTO `login_history` (`user_id`, `device`, `ip_address`, `date`) VALUES ('QJ5U9C', 'Mozilla/5.0 (Windows NT 10.0; Win64; x64) AppleWebKit/537.36 (KHTML, like Gecko) Chrome/134.0.0.0 Safari/537.36', '172.69.132.233', '25-03-26 19:53');
UPDATE `user_registration` SET `popup_seen` = 'yes'
WHERE `user_id` = 'QJ5U9C';
UPDATE `user_registration` SET `popup_seen` = 'no'
WHERE `user_id` = 'QJ5U9C';
DELETE FROM `ci_sessions`
WHERE `id` = '1a923bf2465c1df16ff02e430a3ed9478dd2b545';
INSERT INTO `login_history` (`user_id`, `device`, `ip_address`, `date`) VALUES ('UXMQZD', 'Mozilla/5.0 (iPhone; CPU iPhone OS 18_3_2 like Mac OS X) AppleWebKit/605.1.15 (KHTML, like Gecko) Version/18.3.1 Mobile/15E148 Safari/604.1', '108.162.210.226', '25-03-26 19:54');
UPDATE `user_registration` SET `popup_seen` = 'yes'
WHERE `user_id` = 'UXMQZD';
UPDATE `user_registration` SET `popup_seen` = 'yes'
WHERE `user_id` = 'UXMQZD';
UPDATE `user_registration` SET `popup_seen` = 'yes'
WHERE `user_id` = 'UXMQZD';
UPDATE `user_registration` SET `popup_seen` = 'yes'
WHERE `user_id` = 'UXMQZD';
UPDATE `ci_sessions` SET `timestamp` = 1743037054, `data` = '__ci_last_regenerate|i:1743037054;captcha|s:4:\"uwk2\";'
WHERE `id` = 'e0ab158417c0f1a0bd6c49166918f27c6530fe14';
UPDATE `ci_sessions` SET `timestamp` = 1743037063, `data` = '__ci_last_regenerate|i:1743037063;id|s:4:\"2085\";user_id|s:6:\"UXMQZD\";username|s:8:\"hern1892\";sponsor_id|s:6:\"O94ZPY\";fullname|s:16:\"Magaly Hernandez\";email|s:20:\"hern1892@hotmail.com\";phone|s:12:\"786 449 8531\";isLogIn|b:1;'
WHERE `id` = 'cec5d1349e0f3b4895c51d46bf4816bd488c7847';
UPDATE `user_registration` SET `popup_seen` = 'yes'
WHERE `user_id` = 'UXMQZD';
INSERT INTO `login_history` (`user_id`, `device`, `ip_address`, `date`) VALUES ('OMGB4G', 'Mozilla/5.0 (Windows NT 10.0; Win64; x64) AppleWebKit/537.36 (KHTML, like Gecko) Chrome/109.0.0.0 Safari/537.36', '172.68.12.95', '25-03-26 19:57');
UPDATE `user_registration` SET `popup_seen` = 'yes'
WHERE `user_id` = 'OMGB4G';
UPDATE `ci_sessions` SET `timestamp` = 1743037090, `data` = '__ci_last_regenerate|i:1743037090;captcha|s:4:\"garq\";'
WHERE `id` = 'e3d633e098de7907cc769b81250823d04e408de2';
INSERT INTO `login_history` (`user_id`, `device`, `ip_address`, `date`) VALUES ('UQO7EQ', 'Mozilla/5.0 (Linux; Android 10; K) AppleWebKit/537.36 (KHTML, like Gecko) Chrome/131.0.0.0 Mobile Safari/537.36', '172.68.12.144', '25-03-26 19:58');
UPDATE `user_registration` SET `popup_seen` = 'yes'
WHERE `user_id` = 'UQO7EQ';
UPDATE `user_registration` SET `popup_seen` = 'yes'
WHERE `user_id` = 'UXMQZD';
UPDATE `user_registration` SET `popup_seen` = 'yes'
WHERE `user_id` = 'UXMQZD';
UPDATE `user_registration` SET `popup_seen` = 'yes'
WHERE `user_id` = 'UXMQZD';
UPDATE `user_registration` SET `popup_seen` = 'no'
WHERE `user_id` = 'UQO7EQ';
DELETE FROM `ci_sessions`
WHERE `id` = 'abb988b1cace55c63999793e929f2d68969422f7';
UPDATE `user_registration` SET `popup_seen` = 'yes'
WHERE `user_id` = 'UXMQZD';
UPDATE `user_registration` SET `popup_seen` = 'no'
WHERE `user_id` = 'OMGB4G';
DELETE FROM `ci_sessions`
WHERE `id` = 'fa456392e068ae02f7c90dbd7e1b2a5953586a74';
INSERT INTO `login_history` (`user_id`, `device`, `ip_address`, `date`) VALUES ('JHRDHS', 'Mozilla/5.0 (iPhone; CPU iPhone OS 18_3_2 like Mac OS X) AppleWebKit/605.1.15 (KHTML, like Gecko) Version/18.3.1 Mobile/15E148 Safari/604.1', '172.70.55.158', '25-03-26 20:04');
UPDATE `user_registration` SET `popup_seen` = 'yes'
WHERE `user_id` = 'JHRDHS';
INSERT INTO `login_history` (`user_id`, `device`, `ip_address`, `date`) VALUES ('PEABEG', 'Mozilla/5.0 (Windows NT 10.0; Win64; x64) AppleWebKit/537.36 (KHTML, like Gecko) Chrome/134.0.0.0 Safari/537.36 Edg/134.0.0.0', '172.68.12.133', '25-03-26 20:07');
UPDATE `user_registration` SET `popup_seen` = 'yes'
WHERE `user_id` = 'PEABEG';
UPDATE `user_registration` SET `popup_seen` = 'yes'
WHERE `user_id` = 'PEABEG';
UPDATE `user_registration` SET `popup_seen` = 'yes'
WHERE `user_id` = 'PEABEG';
UPDATE `user_registration` SET `popup_seen` = 'yes'
WHERE `user_id` = 'PEABEG';
INSERT INTO `login_history` (`user_id`, `device`, `ip_address`, `date`) VALUES ('AABG7W', 'Mozilla/5.0 (X11; Linux x86_64) AppleWebKit/537.36 (KHTML, like Gecko) Chrome/134.0.0.0 Safari/537.36', '172.70.254.232', '25-03-26 20:13');
UPDATE `user_registration` SET `popup_seen` = 'yes'
WHERE `user_id` = 'AABG7W';
UPDATE `ci_sessions` SET `timestamp` = 1743038059, `data` = '__ci_last_regenerate|i:1743038059;id|s:4:\"2229\";user_id|s:6:\"PEABEG\";username|s:8:\"Gil.1972\";sponsor_id|s:6:\"KSGBOZ\";fullname|s:12:\"Dariel Ramos\";email|s:21:\"yoeyury2024@gmail.com\";phone|s:10:\"7864005201\";isLogIn|b:1;'
WHERE `id` = '00df47abef207c68fe7483f54fe17103ddd23e8c';
INSERT INTO `temp_register` (`post_data`, `date`, `payment_method`, `type`) VALUES ('{\"user_id\":\"AABG7W\",\"package_id\":\"2\",\"amount\":\"150\",\"payment_method\":\"stripe\",\"date\":\"2025-03-26 20:14:45\"}', '2025-03-26 20:14:45', 'stripe', 'renew');
INSERT INTO `temp_register` (`post_data`, `date`, `payment_method`, `type`) VALUES ('{\"user_id\":\"AABG7W\",\"package_id\":\"2\",\"amount\":\"150\",\"payment_method\":\"stripe\",\"date\":\"2025-03-26 20:15:19\"}', '2025-03-26 20:15:19', 'stripe', 'renew');
UPDATE `temp_register` SET `response` = '{\"stripeToken\":\"tok_1R753r2NUoYUjiuu9wLVJkHg\",\"stripeTokenType\":\"card\",\"stripeEmail\":\"cranbarrier@gmail.com\"}', `date_modified` = '2025-03-26 20:16:53', `payment_status` = '{\"id\":\"ch_3R753w2NUoYUjiuu0Ukp1zti\",\"object\":\"charge\",\"amount\":15000,\"amount_captured\":15000,\"amount_refunded\":0,\"application\":null,\"application_fee\":null,\"application_fee_amount\":null,\"balance_transaction\":\"txn_3R753w2NUoYUjiuu0cCXTr5U\",\"billing_details\":{\"address\":{\"city\":null,\"country\":null,\"line1\":null,\"line2\":null,\"postal_code\":null,\"state\":null},\"email\":null,\"name\":\"cranbarrier@gmail.com\",\"phone\":null},\"calculated_statement_descriptor\":\"TRAVELEGENDCY LLC\",\"captured\":true,\"created\":1743038212,\"currency\":\"usd\",\"customer\":\"cus_S17InhUTvEukCr\",\"description\":null,\"destination\":null,\"dispute\":null,\"disputed\":false,\"failure_balance_transaction\":null,\"failure_code\":null,\"failure_message\":null,\"fraud_details\":[],\"invoice\":null,\"livemode\":true,\"metadata\":{\"name\":\"Lesli Andreu\",\"username\":\"freeurlife\"},\"on_behalf_of\":null,\"order\":null,\"outcome\":{\"advice_code\":null,\"network_advice_code\":null,\"network_decline_code\":null,\"network_status\":\"approved_by_network\",\"reason\":null,\"risk_level\":\"normal\",\"seller_message\":\"Payment complete.\",\"type\":\"authorized\"},\"paid\":true,\"payment_intent\":null,\"payment_method\":\"card_1R753r2NUoYUjiuu42HbsjhW\",\"payment_method_details\":{\"card\":{\"amount_authorized\":15000,\"authorization_code\":\"031621\",\"brand\":\"visa\",\"checks\":{\"address_line1_check\":null,\"address_postal_code_check\":null,\"cvc_check\":\"pass\"},\"country\":\"US\",\"exp_month\":7,\"exp_year\":2029,\"extended_authorization\":{\"status\":\"disabled\"},\"fingerprint\":\"FbPPc39FnQY07ZCB\",\"funding\":\"debit\",\"incremental_authorization\":{\"status\":\"unavailable\"},\"installments\":null,\"last4\":\"0826\",\"mandate\":null,\"multicapture\":{\"status\":\"unavailable\"},\"network\":\"visa\",\"network_token\":{\"used\":false},\"network_transaction_id\":\"585086046131937\",\"overcapture\":{\"maximum_amount_capturable\":15000,\"status\":\"unavailable\"},\"regulated_status\":\"regulated\",\"three_d_secure\":null,\"wallet\":null},\"type\":\"card\"},\"receipt_email\":null,\"receipt_number\":null,\"receipt_url\":\"https:\\/\\/pay.stripe.com\\/receipts\\/payment\\/CAcQARoXChVhY2N0XzFRUEFGdjJOVW9ZVWppdXUohc6SvwYyBgEpqSWSWTosFrnoMnH8x_vMHOQBX0sRa4mQFD491CRwQHVy4xfibqsvJyuUZB9rEucdDAQ\",\"refunded\":false,\"review\":null,\"shipping\":null,\"source\":{\"id\":\"card_1R753r2NUoYUjiuu42HbsjhW\",\"object\":\"card\",\"address_city\":null,\"address_country\":null,\"address_line1\":null,\"address_line1_check\":null,\"address_line2\":null,\"address_state\":null,\"address_zip\":null,\"address_zip_check\":null,\"allow_redisplay\":\"unspecified\",\"brand\":\"Visa\",\"country\":\"US\",\"customer\":\"cus_S17InhUTvEukCr\",\"cvc_check\":\"pass\",\"dynamic_last4\":null,\"exp_month\":7,\"exp_year\":2029,\"fingerprint\":\"FbPPc39FnQY07ZCB\",\"funding\":\"debit\",\"last4\":\"0826\",\"metadata\":[],\"name\":\"cranbarrier@gmail.com\",\"regulated_status\":\"regulated\",\"tokenization_method\":null,\"wallet\":null},\"source_transfer\":null,\"statement_descriptor\":null,\"statement_descriptor_suffix\":null,\"status\":\"succeeded\",\"transfer_data\":null,\"transfer_group\":null}'
WHERE `id` = 228;
INSERT INTO `sub_history` (`user_id`, `package_id`, `amount`, `payment_method`, `date`) VALUES ('AABG7W', '2', '150', 'Stripe', '2025-03-26 20:16:53');
UPDATE `user_registration` SET sub_point = ROUND(sub_point + 150,2)
WHERE `user_id` = 'AABG7W';
INSERT INTO `investment` (`invest_date`, `user_id`, `type`, `amount`, `package_id`) VALUES ('2025-03-26 20:16:53', 'AABG7W', 'subscription', '150', '2');
UPDATE `user_registration` SET total_points = ROUND(total_points + 150,2)
WHERE `user_id` = 'AABG7W';
INSERT INTO `points_history` (`user_id`, `points`, `type`, `date`) VALUES ('AABG7W', '150', 'subscription', '2025-03-26 20:16:');
UPDATE `bv_updation` SET right_carry = right_carry+150, total_right = total_right+150
WHERE `user_id` = '3ZDIFO';
INSERT INTO `placement_bv_update_history` (`right_carry`, `date`, `from_id`, `user_id`) VALUES ('150', '2025-03-26 20:16:53', 'AABG7W', '3ZDIFO');
UPDATE `bv_updation` SET right_carry = right_carry+150, total_right = total_right+150
WHERE `user_id` = 'UQO7EQ';
INSERT INTO `placement_bv_update_history` (`right_carry`, `date`, `from_id`, `user_id`) VALUES ('150', '2025-03-26 20:16:53', 'AABG7W', 'UQO7EQ');
UPDATE `bv_updation` SET sponsor_right_carry = sponsor_right_carry+150, sponsor_total_right = sponsor_total_right+150
WHERE `user_id` = 'UQO7EQ';
INSERT INTO `sponsor_bv_update_history` (`right_carry`, `date`, `user_id`) VALUES ('150', '2025-03-26 20:16:53', 'UQO7EQ');
UPDATE `bv_updation` SET left_carry = left_carry+150, total_left = total_left+150
WHERE `user_id` = 'N6GZAE';
INSERT INTO `placement_bv_update_history` (`left_carry`, `date`, `from_id`, `user_id`) VALUES ('150', '2025-03-26 20:16:53', 'AABG7W', 'N6GZAE');
UPDATE `bv_updation` SET left_carry = left_carry+150, total_left = total_left+150
WHERE `user_id` = '4E1CRI';
INSERT INTO `placement_bv_update_history` (`left_carry`, `date`, `from_id`, `user_id`) VALUES ('150', '2025-03-26 20:16:53', 'AABG7W', '4E1CRI');
UPDATE `bv_updation` SET left_carry = left_carry+150, total_left = total_left+150
WHERE `user_id` = 'SJBNYJ';
INSERT INTO `placement_bv_update_history` (`left_carry`, `date`, `from_id`, `user_id`) VALUES ('150', '2025-03-26 20:16:53', 'AABG7W', 'SJBNYJ');
UPDATE `bv_updation` SET left_carry = left_carry+150, total_left = total_left+150
WHERE `user_id` = '44B9Y4';
INSERT INTO `placement_bv_update_history` (`left_carry`, `date`, `from_id`, `user_id`) VALUES ('150', '2025-03-26 20:16:53', 'AABG7W', '44B9Y4');
UPDATE `bv_updation` SET right_carry = right_carry+150, total_right = total_right+150
WHERE `user_id` = 'admin';
INSERT INTO `placement_bv_update_history` (`right_carry`, `date`, `from_id`, `user_id`) VALUES ('150', '2025-03-26 20:16:53', 'AABG7W', 'admin');
UPDATE `user_registration` SET `subscription_date` = '2025-04-25', `active_status` = 'yes'
WHERE `user_id` = 'AABG7W';
UPDATE `user_registration` SET `popup_seen` = 'yes'
WHERE `user_id` = 'AABG7W';
UPDATE `ci_sessions` SET `timestamp` = 1743038275, `data` = '__ci_last_regenerate|i:1743038275;id|s:4:\"2057\";user_id|s:6:\"AABG7W\";username|s:10:\"freeurlife\";sponsor_id|s:6:\"UQO7EQ\";fullname|s:12:\"Lesli Andreu\";email|s:21:\"cranbarrier@gmail.com\";phone|s:10:\"7864171626\";isLogIn|b:1;'
WHERE `id` = '1e70bd85ab0838f31d448dd7ad8e334bb67ab977';
UPDATE `ci_sessions` SET `timestamp` = 1743038308, `data` = '__ci_last_regenerate|i:1743038308;captcha|s:4:\"owe5\";'
WHERE `id` = '329f865824d97230fc31a80168be9350aa0113a3';
INSERT INTO `login_history` (`user_id`, `device`, `ip_address`, `date`) VALUES ('UQO7EQ', 'Mozilla/5.0 (Linux; Android 10; K) AppleWebKit/537.36 (KHTML, like Gecko) Chrome/131.0.0.0 Mobile Safari/537.36', '172.69.132.231', '25-03-26 20:18');
UPDATE `user_registration` SET `popup_seen` = 'yes'
WHERE `user_id` = 'UQO7EQ';
UPDATE `user_registration` SET `popup_seen` = 'yes'
WHERE `user_id` = 'UQO7EQ';
INSERT INTO `payquicker_token` (`response`, `token`, `created_time`, `expires_at`) VALUES ('{\"access_token\":\"2EBA2DA5640235DBDA1C361173BB928F71A0B8B7F8F592066E3054C0032ACCDF-1\",\"expires_in\":3600,\"token_type\":\"Bearer\",\"scope\":\"api useraccount_balance useraccount_debit useraccount_invitation useraccount_payment\"}', '2EBA2DA5640235DBDA1C361173BB928F71A0B8B7F8F592066E3054C0032ACCDF-1', '2025-03-26 20:19:26', '2025-03-26 21:19:26');
INSERT INTO `payment_metod_setting` (`user_id`, `method`, `email`, `wallet_id`, `status`, `date`) VALUES ('AABG7W', 'payquicker', 'cranbarrier@gmail.com', 'freeurlifeLaVY', 0, '2025-03-26 20:19:27');
INSERT INTO `payquicker_send_invite` (`user_id`, `userCompanyAssignedUniqueKey`, `response`, `date`) VALUES ('AABG7W', 'freeurlifeLaVY', '[{\"dateInvited\":\"2025-03-27T01:19:28Z\",\"invitationKey\":\"pqxSAVnBrpHUC0820qJAxyfJMk6LSsnDWOeboaXJxene2MFLBLROeQhjHdz2w7ZxCqtCTFyMvITuUIceWSMjqbZxt27TrvT5Gc9lgwmqw4rwb0EJYuOxPMMIEcggakfu4YH5LfCycZOMe5EjJuWb5FTw7mhfPYEZyfgRl5cpIuxi9u7GHrsb6AAfog1OKgWJgvid05PaASoBYKLe7Og5k7KNJ6drUcpYwkqkQAb2uwjtooF3aONXn7Xzwn4shh5J\",\"invitationStatus\":\"InvitationStatusType_Pending\",\"registrationStatus\":\"NotStarted\",\"registrationDetails\":{\"addresses\":[{\"city\":\"Miami\",\"country\":\"USA\",\"postalCode\":\"33134\",\"region\":\"Florida\",\"streetAddress1\":\"4777 SW 5th Ter\",\"created\":\"0001-01-01T00:00:00Z\",\"type\":\"AddressType_Residential\"}],\"fundingAccountPublicId\":\"4e84a85ac47e46639c648f932d48fdf0\",\"issuePlasticCard\":true,\"notifyUser\":true,\"userDetails\":{\"emailAddress\":\"cranbarrier@gmail.com\",\"firstName\":\"Lesli\",\"lastName\":\"Andreu\",\"userCompanyAssignedUniqueKey\":\"freeurlifeLaVY\"}}}]', '2025-03-26 20:19:27');
UPDATE `ci_sessions` SET `timestamp` = 1743038390, `data` = '__ci_last_regenerate|i:1743038390;id|s:4:\"2229\";user_id|s:6:\"PEABEG\";username|s:8:\"Gil.1972\";sponsor_id|s:6:\"KSGBOZ\";fullname|s:12:\"Dariel Ramos\";email|s:21:\"yoeyury2024@gmail.com\";phone|s:10:\"7864005201\";isLogIn|b:1;'
WHERE `id` = '10a7494deaa108bdc14ccdfef0e389efac2b7638';
UPDATE `user_registration` SET `popup_seen` = 'yes'
WHERE `user_id` = 'UQO7EQ';
UPDATE `user_registration` SET `popup_seen` = 'yes'
WHERE `user_id` = 'UQO7EQ';
UPDATE `user_registration` SET `popup_seen` = 'no'
WHERE `user_id` = 'UQO7EQ';
DELETE FROM `ci_sessions`
WHERE `id` = 'd33526eecc2bb128904ccee223dcc35e025755a7';
UPDATE `ci_sessions` SET `timestamp` = 1743038867, `data` = '__ci_last_regenerate|i:1743038867;id|s:4:\"2071\";user_id|s:6:\"JHRDHS\";username|s:7:\"mbecena\";sponsor_id|s:6:\"CVVK4C\";fullname|s:12:\"Maria Becena\";email|s:21:\"mbecena@bellsouth.net\";phone|s:10:\"7862360387\";isLogIn|b:1;'
WHERE `id` = '195e33a08907189f2ac9c63cfc381953f53c52a4';
UPDATE `user_registration` SET `popup_seen` = 'yes'
WHERE `user_id` = 'JHRDHS';
UPDATE `ci_sessions` SET `timestamp` = 1743039313, `data` = '__ci_last_regenerate|i:1743039313;id|s:4:\"2057\";user_id|s:6:\"AABG7W\";username|s:10:\"freeurlife\";sponsor_id|s:6:\"UQO7EQ\";fullname|s:12:\"Lesli Andreu\";email|s:21:\"cranbarrier@gmail.com\";phone|s:10:\"7864171626\";isLogIn|b:1;message|s:97:\"Successfully send signup link to your email, Please complete the registration as soon as possible\";__ci_vars|a:1:{s:7:\"message\";s:3:\"old\";}'
WHERE `id` = '0879d14888d306ab3cd1e671eb15e760b3f2bfd9';
UPDATE `payquicker_send_invite` SET `response` = '[{\"dateInvited\":\"2025-03-27T01:19:28Z\",\"invitationKey\":\"pqxSAVnBrpHUC0820qJAxyfJMk6LSsnDWOeboaXJxene2MFLBLROeQhjHdz2w7ZxCqtCTFyMvITuUIceWSMjqbZxt27TrvT5Gc9lgwmqw4rwb0EJYuOxPMMIEcggakfu4YH5LfCycZOMe5EjJuWb5FTw7mhfPYEZyfgRl5cpIuxi9u7GHrsb6AAfog1OKgWJgvid05PaASoBYKLe7Og5k7KNJ6drUcpYwkqkQAb2uwjtooF3aONXn7Xzwn4shh5J\",\"invitationStatus\":\"InvitationStatusType_Used\",\"registrationStatus\":\"Completed\",\"registrationDetails\":{\"addresses\":[{\"city\":\"Miami\",\"country\":\"USA\",\"postalCode\":\"33134\",\"region\":\"Florida\",\"streetAddress1\":\"4777 SW 5th Ter\",\"created\":\"0001-01-01T00:00:00Z\",\"type\":\"AddressType_Residential\"}],\"fundingAccountPublicId\":\"4e84a85ac47e46639c648f932d48fdf0\",\"issuePlasticCard\":true,\"notifyUser\":true,\"userDetails\":{\"emailAddress\":\"cranbarrier@gmail.com\",\"firstName\":\"Lesli\",\"lastName\":\"Andreu\",\"userCompanyAssignedUniqueKey\":\"freeurlifeLaVY\"}}}]', `date` = '2025-03-26 20:35:14';
UPDATE `payment_metod_setting` SET `status` = 1
WHERE `user_id` = 'AABG7W';
UPDATE `user_registration` SET `trans_password` = '151715'
WHERE `user_id` = 'AABG7W';
INSERT INTO `notifications` (`user_id`, `notification_type`, `subject`, `details`, `date`, `status`) VALUES ('AABG7W', 'transaction_password_update', 'Transaction Password Notification', 'Your transaction password has been created successfully.', '2025-03-26 20:38:11', 0);
UPDATE `ci_sessions` SET `timestamp` = 1743040033, `data` = '__ci_last_regenerate|i:1743040033;captcha|s:4:\"cujq\";'
WHERE `id` = 'e4839537e906a64744d78a3e16f2a9b7a38e12ae';
INSERT INTO `login_history` (`user_id`, `device`, `ip_address`, `date`) VALUES ('HSP8ZI', 'Mozilla/5.0 (Linux; Android 10; K) AppleWebKit/537.36 (KHTML, like Gecko) Chrome/134.0.0.0 Mobile Safari/537.36', '172.69.132.224', '25-03-26 20:47');
UPDATE `user_registration` SET `popup_seen` = 'yes'
WHERE `user_id` = 'HSP8ZI';
INSERT INTO `login_history` (`user_id`, `device`, `ip_address`, `date`) VALUES ('OMGB4G', 'Mozilla/5.0 (Windows NT 10.0; Win64; x64) AppleWebKit/537.36 (KHTML, like Gecko) Chrome/109.0.0.0 Safari/537.36', '172.70.255.181', '25-03-26 20:47');
UPDATE `user_registration` SET `popup_seen` = 'yes'
WHERE `user_id` = 'OMGB4G';
UPDATE `user_registration` SET `popup_seen` = 'no'
WHERE `user_id` = 'HSP8ZI';
DELETE FROM `ci_sessions`
WHERE `id` = '3f16d1fd81691ba750343c4b0946bdd58b5a4a11';
UPDATE `ci_sessions` SET `timestamp` = 1743040371, `data` = '__ci_last_regenerate|i:1743040371;id|s:4:\"2102\";user_id|s:6:\"OMGB4G\";username|s:8:\"Debora68\";sponsor_id|s:6:\"U7SMZ8\";fullname|s:11:\"Ania Debora\";email|s:21:\"aniadebora8@gmail.com\";phone|s:10:\"3057261484\";isLogIn|b:1;'
WHERE `id` = '077b34fd48b286bc07fb9ccad725daa07243c25d';
UPDATE `user_registration` SET `popup_seen` = 'no'
WHERE `user_id` = 'OMGB4G';
DELETE FROM `ci_sessions`
WHERE `id` = '74a3ce12be93993053c37951923927a633a01232';
INSERT INTO `login_history` (`user_id`, `device`, `ip_address`, `date`) VALUES ('8PK4HK', 'Mozilla/5.0 (Windows NT 10.0; Win64; x64) AppleWebKit/537.36 (KHTML, like Gecko) Chrome/109.0.0.0 Safari/537.36', '172.68.7.63', '25-03-26 20:55');
UPDATE `user_registration` SET `popup_seen` = 'yes'
WHERE `user_id` = '8PK4HK';
UPDATE `user_registration` SET `default_leg` = 'right'
WHERE `user_id` = '8PK4HK';
UPDATE `user_registration` SET `popup_seen` = 'no'
WHERE `user_id` = '8PK4HK';
DELETE FROM `ci_sessions`
WHERE `id` = '479cc7eab0d19756874a39ebe9c7c99d23afea6d';
INSERT INTO `login_history` (`user_id`, `device`, `ip_address`, `date`) VALUES ('ULHSH2', 'Mozilla/5.0 (Windows NT 10.0; Win64; x64) AppleWebKit/537.36 (KHTML, like Gecko) Chrome/109.0.0.0 Safari/537.36', '172.69.132.230', '25-03-26 20:56');
UPDATE `user_registration` SET `popup_seen` = 'yes'
WHERE `user_id` = 'ULHSH2';
UPDATE `user_registration` SET `popup_seen` = 'yes'
WHERE `user_id` = 'ULHSH2';
UPDATE `user_registration` SET `popup_seen` = 'no'
WHERE `user_id` = 'ULHSH2';
DELETE FROM `ci_sessions`
WHERE `id` = '68363cebeec464cb0f621196200f736532b76369';
UPDATE `ci_sessions` SET `timestamp` = 1743041239, `data` = '__ci_last_regenerate|i:1743041239;id|s:4:\"2229\";user_id|s:6:\"PEABEG\";username|s:8:\"Gil.1972\";sponsor_id|s:6:\"KSGBOZ\";fullname|s:12:\"Dariel Ramos\";email|s:21:\"yoeyury2024@gmail.com\";phone|s:10:\"7864005201\";isLogIn|b:1;message|s:29:\"Request Accessed Successfully\";__ci_vars|a:1:{s:7:\"message\";s:3:\"old\";}'
WHERE `id` = '38a0682b8145d9d9de330ba0cb7cbdbceabc09f0';
UPDATE `user_registration` SET `popup_seen` = 'no'
WHERE `user_id` = 'PEABEG';
DELETE FROM `ci_sessions`
WHERE `id` = '707868513c5bf088fa292d267a59bac9ed9170b6';
INSERT INTO `login_history` (`user_id`, `device`, `ip_address`, `date`) VALUES ('KSGBOZ', 'Mozilla/5.0 (Windows NT 10.0; Win64; x64) AppleWebKit/537.36 (KHTML, like Gecko) Chrome/109.0.0.0 Safari/537.36', '172.69.132.230', '25-03-26 21:15');
UPDATE `user_registration` SET `popup_seen` = 'yes'
WHERE `user_id` = 'KSGBOZ';
UPDATE `ci_sessions` SET `timestamp` = 1743041904, `data` = '__ci_last_regenerate|i:1743041904;captcha|s:4:\"kivs\";'
WHERE `id` = '17ec1424898c542165b03fdff80d6f36691ca343';
INSERT INTO `login_history` (`user_id`, `device`, `ip_address`, `date`) VALUES ('UQO7EQ', 'Mozilla/5.0 (Linux; Android 10; K) AppleWebKit/537.36 (KHTML, like Gecko) Chrome/131.0.0.0 Mobile Safari/537.36', '172.69.132.246', '25-03-26 21:18');
UPDATE `user_registration` SET `popup_seen` = 'yes'
WHERE `user_id` = 'UQO7EQ';
UPDATE `user_registration` SET `popup_seen` = 'yes'
WHERE `user_id` = 'UQO7EQ';
UPDATE `user_registration` SET `popup_seen` = 'yes'
WHERE `user_id` = 'UQO7EQ';
UPDATE `user_registration` SET `popup_seen` = 'no'
WHERE `user_id` = 'UQO7EQ';
DELETE FROM `ci_sessions`
WHERE `id` = '41c663d6b0ef148649c60b653842dc64829b9332';
UPDATE `ci_sessions` SET `timestamp` = 1743042748, `data` = '__ci_last_regenerate|i:1743042748;id|s:4:\"2208\";user_id|s:6:\"KSGBOZ\";username|s:9:\"ramos1329\";sponsor_id|s:6:\"2RSJNO\";fullname|s:13:\"Alberto Ramos\";email|s:19:\"ramos9321@gmail.com\";phone|s:10:\"7865541476\";isLogIn|b:1;'
WHERE `id` = '779982b177d0d5a222d0499ab07ad62b95f727cb';
UPDATE `ci_sessions` SET `timestamp` = 1743043794, `data` = '__ci_last_regenerate|i:1743043794;captcha|s:4:\"5fja\";'
WHERE `id` = '87abed2e8c19cb4c9708a54bba7c26999fb60406';
INSERT INTO `login_history` (`user_id`, `device`, `ip_address`, `date`) VALUES ('UQO7EQ', 'Mozilla/5.0 (Linux; Android 10; K) AppleWebKit/537.36 (KHTML, like Gecko) Chrome/131.0.0.0 Mobile Safari/537.36', '172.69.132.247', '25-03-26 21:49');
UPDATE `user_registration` SET `popup_seen` = 'yes'
WHERE `user_id` = 'UQO7EQ';
UPDATE `user_registration` SET `popup_seen` = 'no'
WHERE `user_id` = 'UQO7EQ';
DELETE FROM `ci_sessions`
WHERE `id` = 'f398b0716f2995ee1a435d9b873211bdfcb9231d';
INSERT INTO `login_history` (`user_id`, `device`, `ip_address`, `date`) VALUES ('JHRDHS', 'Mozilla/5.0 (iPhone; CPU iPhone OS 18_3_2 like Mac OS X) AppleWebKit/605.1.15 (KHTML, like Gecko) Version/18.3.1 Mobile/15E148 Safari/604.1', '172.70.255.77', '25-03-26 22:22');
UPDATE `user_registration` SET `popup_seen` = 'yes'
WHERE `user_id` = 'JHRDHS';
UPDATE `user_registration` SET `popup_seen` = 'yes'
WHERE `user_id` = 'JHRDHS';
UPDATE `user_registration` SET `popup_seen` = 'yes'
WHERE `user_id` = 'JHRDHS';
INSERT INTO `login_history` (`user_id`, `device`, `ip_address`, `date`) VALUES ('JHRDHS', 'Mozilla/5.0 (iPhone; CPU iPhone OS 18_3_2 like Mac OS X) AppleWebKit/605.1.15 (KHTML, like Gecko) Version/18.3.1 Mobile/15E148 Safari/604.1', '172.70.83.11', '25-03-26 23:10');
UPDATE `user_registration` SET `popup_seen` = 'yes'
WHERE `user_id` = 'JHRDHS';
UPDATE `ci_sessions` SET `timestamp` = 1743049969, `data` = '__ci_last_regenerate|i:1743049969;captcha|s:4:\"gnhl\";'
WHERE `id` = 'd1c6a323b5bbe70bfb62bd7b0cb617e3cd59eb76';
INSERT INTO `login_history` (`user_id`, `device`, `ip_address`, `date`) VALUES ('UQO7EQ', 'Mozilla/5.0 (Linux; Android 10; K) AppleWebKit/537.36 (KHTML, like Gecko) Chrome/131.0.0.0 Mobile Safari/537.36', '172.69.132.224', '25-03-26 23:33');
UPDATE `user_registration` SET `popup_seen` = 'yes'
WHERE `user_id` = 'UQO7EQ';
UPDATE `user_registration` SET `popup_seen` = 'yes'
WHERE `user_id` = 'UQO7EQ';
UPDATE `user_registration` SET `popup_seen` = 'yes'
WHERE `user_id` = 'UQO7EQ';
UPDATE `ci_sessions` SET `timestamp` = 1743050282, `data` = '__ci_last_regenerate|i:1743050282;id|s:4:\"2042\";user_id|s:6:\"UQO7EQ\";username|s:6:\"Rafa51\";sponsor_id|s:6:\"N6GZAE\";fullname|s:16:\"Rafael Rodriguez\";email|s:18:\"rafagana@yahoo.com\";phone|s:10:\"3057610606\";isLogIn|b:1;'
WHERE `id` = '4c97767f241b1025f1f774fcb81246e5894274c3';
UPDATE `user_registration` SET `popup_seen` = 'yes'
WHERE `user_id` = 'UQO7EQ';
UPDATE `user_registration` SET `popup_seen` = 'yes'
WHERE `user_id` = 'UQO7EQ';
UPDATE `user_registration` SET `popup_seen` = 'no'
WHERE `user_id` = 'UQO7EQ';
DELETE FROM `ci_sessions`
WHERE `id` = '44a3eb66ab9c66f97c090b8bc6e586eaabd8035e';
INSERT INTO `login_history` (`user_id`, `device`, `ip_address`, `date`) VALUES ('PEABEG', 'Mozilla/5.0 (Windows NT 10.0; Win64; x64) AppleWebKit/537.36 (KHTML, like Gecko) Chrome/134.0.0.0 Safari/537.36 Edg/134.0.0.0', '172.68.12.97', '25-03-26 23:58');
UPDATE `user_registration` SET `popup_seen` = 'yes'
WHERE `user_id` = 'PEABEG';
UPDATE `user_registration` SET `popup_seen` = 'yes'
WHERE `user_id` = 'PEABEG';
INSERT INTO `cron_job_history` (`name`, `date_started`, `status`) VALUES ('backup', '2025-03-27 00:00:02', 'started');
UPDATE `cron_job_history` SET `status` = 'done', `date_end` = '2025-03-27 00:00:02'
WHERE `id` = 283;
INSERT INTO `cron_job_history` (`name`, `date_started`, `status`) VALUES ('deduct_sub_amt_from_ewallet', '2025-03-27 00:05:01', 'started');
UPDATE `user_registration` SET `sub_point` = 0, `active_status` = 'no'
WHERE `user_id` = '35H9RV';
INSERT INTO `inactive_history` (`user_id`, `commission_balance`, `amount`, `date`) VALUES ('35H9RV', '97.5', '150', '2025-03-27 00:05:01');
UPDATE `user_registration` SET `sub_point` = 0, `active_status` = 'no'
WHERE `user_id` = '44B9Y4';
INSERT INTO `inactive_history` (`user_id`, `commission_balance`, `amount`, `date`) VALUES ('44B9Y4', '50', '150', '2025-03-27 00:05:02');
UPDATE `user_registration` SET `sub_point` = 0, `active_status` = 'no'
WHERE `user_id` = 'SJBNYJ';
INSERT INTO `inactive_history` (`user_id`, `commission_balance`, `amount`, `date`) VALUES ('SJBNYJ', '50', '150', '2025-03-27 00:05:02');
UPDATE `user_registration` SET `sub_point` = 0, `active_status` = 'no'
WHERE `user_id` = '45E8V2';
INSERT INTO `inactive_history` (`user_id`, `commission_balance`, `amount`, `date`) VALUES ('45E8V2', '50', '150', '2025-03-27 00:05:03');
UPDATE `user_registration` SET `sub_point` = 0, `active_status` = 'no'
WHERE `user_id` = 'XVTJOY';
INSERT INTO `inactive_history` (`user_id`, `commission_balance`, `amount`, `date`) VALUES ('XVTJOY', '100', '150', '2025-03-27 00:05:03');
UPDATE `user_registration` SET `sub_point` = 0, `active_status` = 'no'
WHERE `user_id` = '4E1CRI';
INSERT INTO `inactive_history` (`user_id`, `commission_balance`, `amount`, `date`) VALUES ('4E1CRI', '100', '150', '2025-03-27 00:05:04');
UPDATE `user_registration` SET `sub_point` = 0, `active_status` = 'no'
WHERE `user_id` = 'PBFKSY';
INSERT INTO `inactive_history` (`user_id`, `commission_balance`, `amount`, `date`) VALUES ('PBFKSY', '0', '150', '2025-03-27 00:05:04');
UPDATE `user_registration` SET `sub_point` = 0, `active_status` = 'no'
WHERE `user_id` = 'R37QLI';
INSERT INTO `inactive_history` (`user_id`, `commission_balance`, `amount`, `date`) VALUES ('R37QLI', '80', '150', '2025-03-27 00:05:04');
UPDATE `user_registration` SET `sub_point` = 0, `active_status` = 'no'
WHERE `user_id` = 'Q6D63V';
INSERT INTO `inactive_history` (`user_id`, `commission_balance`, `amount`, `date`) VALUES ('Q6D63V', '100', '150', '2025-03-27 00:05:05');
UPDATE `user_registration` SET `sub_point` = 0, `active_status` = 'no'
WHERE `user_id` = 'Q834IS';
INSERT INTO `inactive_history` (`user_id`, `commission_balance`, `amount`, `date`) VALUES ('Q834IS', '0', '50', '2025-03-27 00:05:05');
UPDATE `user_registration` SET `sub_point` = 0, `active_status` = 'no'
WHERE `user_id` = 'MT8QJF';
INSERT INTO `inactive_history` (`user_id`, `commission_balance`, `amount`, `date`) VALUES ('MT8QJF', '0', '150', '2025-03-27 00:05:06');
UPDATE `user_registration` SET `sub_point` = 0, `active_status` = 'no'
WHERE `user_id` = 'OWF3OA';
INSERT INTO `inactive_history` (`user_id`, `commission_balance`, `amount`, `date`) VALUES ('OWF3OA', '0', '150', '2025-03-27 00:05:06');
UPDATE `user_registration` SET `sub_point` = 0, `active_status` = 'no'
WHERE `user_id` = 'HUDVJU';
INSERT INTO `inactive_history` (`user_id`, `commission_balance`, `amount`, `date`) VALUES ('HUDVJU', '30', '50', '2025-03-27 00:05:07');
UPDATE `user_registration` SET `sub_point` = 0, `active_status` = 'no'
WHERE `user_id` = 'IEVPMD';
INSERT INTO `inactive_history` (`user_id`, `commission_balance`, `amount`, `date`) VALUES ('IEVPMD', '0', '150', '2025-03-27 00:05:07');
UPDATE `user_registration` SET `sub_point` = 0, `active_status` = 'no'
WHERE `user_id` = 'HQTCGF';
INSERT INTO `inactive_history` (`user_id`, `commission_balance`, `amount`, `date`) VALUES ('HQTCGF', '0', '150', '2025-03-27 00:05:07');
UPDATE `user_registration` SET `sub_point` = 0, `active_status` = 'no'
WHERE `user_id` = 'PUJNHI';
INSERT INTO `inactive_history` (`user_id`, `commission_balance`, `amount`, `date`) VALUES ('PUJNHI', '40', '150', '2025-03-27 00:05:08');
UPDATE `user_registration` SET `sub_point` = 0, `active_status` = 'no'
WHERE `user_id` = 'WC5BL7';
INSERT INTO `inactive_history` (`user_id`, `commission_balance`, `amount`, `date`) VALUES ('WC5BL7', '0', '50', '2025-03-27 00:05:08');
UPDATE `user_registration` SET `sub_point` = 0, `active_status` = 'no'
WHERE `user_id` = 'W17SG2';
INSERT INTO `inactive_history` (`user_id`, `commission_balance`, `amount`, `date`) VALUES ('W17SG2', '0', '150', '2025-03-27 00:05:09');
UPDATE `user_registration` SET `sub_point` = 0, `active_status` = 'no'
WHERE `user_id` = 'PR92IO';
INSERT INTO `inactive_history` (`user_id`, `commission_balance`, `amount`, `date`) VALUES ('PR92IO', '0', '50', '2025-03-27 00:05:09');
UPDATE `user_registration` SET `sub_point` = 0, `active_status` = 'no'
WHERE `user_id` = 'L8NRSC';
INSERT INTO `inactive_history` (`user_id`, `commission_balance`, `amount`, `date`) VALUES ('L8NRSC', '50', '150', '2025-03-27 00:05:09');
UPDATE `user_registration` SET `sub_point` = 0, `active_status` = 'no'
WHERE `user_id` = 'HP6YP2';
INSERT INTO `inactive_history` (`user_id`, `commission_balance`, `amount`, `date`) VALUES ('HP6YP2', '50', '150', '2025-03-27 00:05:10');
UPDATE `user_registration` SET `sub_point` = 0, `active_status` = 'no'
WHERE `user_id` = '8RVNYT';
INSERT INTO `inactive_history` (`user_id`, `commission_balance`, `amount`, `date`) VALUES ('8RVNYT', '0', '150', '2025-03-27 00:05:10');
UPDATE `user_registration` SET `sub_point` = 0, `active_status` = 'no'
WHERE `user_id` = 'XXI66Z';
INSERT INTO `inactive_history` (`user_id`, `commission_balance`, `amount`, `date`) VALUES ('XXI66Z', '0', '150', '2025-03-27 00:05:11');
UPDATE `user_registration` SET `sub_point` = 0, `active_status` = 'no'
WHERE `user_id` = 'Q82ZV9';
INSERT INTO `inactive_history` (`user_id`, `commission_balance`, `amount`, `date`) VALUES ('Q82ZV9', '20', '50', '2025-03-27 00:05:11');
UPDATE `user_registration` SET `sub_point` = 0, `active_status` = 'no'
WHERE `user_id` = 'IWTOLP';
INSERT INTO `inactive_history` (`user_id`, `commission_balance`, `amount`, `date`) VALUES ('IWTOLP', '0', '50', '2025-03-27 00:05:11');
UPDATE `user_registration` SET `sub_point` = 0, `active_status` = 'no'
WHERE `user_id` = '9QPRWH';
INSERT INTO `inactive_history` (`user_id`, `commission_balance`, `amount`, `date`) VALUES ('9QPRWH', '0', '150', '2025-03-27 00:05:12');
UPDATE `user_registration` SET `sub_point` = 0, `active_status` = 'no'
WHERE `user_id` = 'LBY7TN';
INSERT INTO `inactive_history` (`user_id`, `commission_balance`, `amount`, `date`) VALUES ('LBY7TN', '0', '150', '2025-03-27 00:05:12');
UPDATE `user_registration` SET `sub_point` = 0, `active_status` = 'no'
WHERE `user_id` = 'WDEXJT';
INSERT INTO `inactive_history` (`user_id`, `commission_balance`, `amount`, `date`) VALUES ('WDEXJT', '0', '150', '2025-03-27 00:05:12');
UPDATE `user_registration` SET `sub_point` = 0, `active_status` = 'no'
WHERE `user_id` = 'OMGB4G';
INSERT INTO `inactive_history` (`user_id`, `commission_balance`, `amount`, `date`) VALUES ('OMGB4G', '100', '150', '2025-03-27 00:05:13');
UPDATE `user_registration` SET `sub_point` = 0, `active_status` = 'no'
WHERE `user_id` = 'UJXP99';
INSERT INTO `inactive_history` (`user_id`, `commission_balance`, `amount`, `date`) VALUES ('UJXP99', '0', '50', '2025-03-27 00:05:13');
UPDATE `user_registration` SET `sub_point` = 0, `active_status` = 'no'
WHERE `user_id` = 'L268VW';
INSERT INTO `inactive_history` (`user_id`, `commission_balance`, `amount`, `date`) VALUES ('L268VW', '0', '50', '2025-03-27 00:05:13');
UPDATE `user_registration` SET `sub_point` = 0, `active_status` = 'no'
WHERE `user_id` = 'UVJ6L9';
INSERT INTO `inactive_history` (`user_id`, `commission_balance`, `amount`, `date`) VALUES ('UVJ6L9', '0', '50', '2025-03-27 00:05:14');
UPDATE `user_registration` SET `sub_point` = 0, `active_status` = 'no'
WHERE `user_id` = 'ULHSH2';
INSERT INTO `inactive_history` (`user_id`, `commission_balance`, `amount`, `date`) VALUES ('ULHSH2', '0', '150', '2025-03-27 00:05:14');
UPDATE `user_registration` SET `sub_point` = 0, `active_status` = 'no'
WHERE `user_id` = 'H1XYDK';
INSERT INTO `inactive_history` (`user_id`, `commission_balance`, `amount`, `date`) VALUES ('H1XYDK', '0', '50', '2025-03-27 00:05:14');
UPDATE `user_registration` SET `sub_point` = 0, `active_status` = 'no'
WHERE `user_id` = '3UFB1M';
INSERT INTO `inactive_history` (`user_id`, `commission_balance`, `amount`, `date`) VALUES ('3UFB1M', '100', '150', '2025-03-27 00:05:15');
UPDATE `user_registration` SET `sub_point` = 0, `active_status` = 'no'
WHERE `user_id` = '72W7M6';
INSERT INTO `inactive_history` (`user_id`, `commission_balance`, `amount`, `date`) VALUES ('72W7M6', '0', '50', '2025-03-27 00:05:15');
UPDATE `user_registration` SET `sub_point` = 0, `active_status` = 'no'
WHERE `user_id` = 'LEOFNI';
INSERT INTO `inactive_history` (`user_id`, `commission_balance`, `amount`, `date`) VALUES ('LEOFNI', '0', '150', '2025-03-27 00:05:15');
UPDATE `user_registration` SET `sub_point` = 0, `active_status` = 'no'
WHERE `user_id` = '75X85X';
INSERT INTO `inactive_history` (`user_id`, `commission_balance`, `amount`, `date`) VALUES ('75X85X', '0', '50', '2025-03-27 00:05:16');
UPDATE `user_registration` SET `sub_point` = 0, `active_status` = 'no'
WHERE `user_id` = 'UC1QRN';
INSERT INTO `inactive_history` (`user_id`, `commission_balance`, `amount`, `date`) VALUES ('UC1QRN', '0', '150', '2025-03-27 00:05:16');
UPDATE `user_registration` SET `sub_point` = 0, `active_status` = 'no'
WHERE `user_id` = '7YU16B';
INSERT INTO `inactive_history` (`user_id`, `commission_balance`, `amount`, `date`) VALUES ('7YU16B', '0', '50', '2025-03-27 00:05:16');
UPDATE `user_registration` SET `sub_point` = 0, `active_status` = 'no'
WHERE `user_id` = 'OEM6F6';
INSERT INTO `inactive_history` (`user_id`, `commission_balance`, `amount`, `date`) VALUES ('OEM6F6', '0', '50', '2025-03-27 00:05:17');
UPDATE `user_registration` SET `sub_point` = 0, `active_status` = 'no'
WHERE `user_id` = 'TU7MHD';
INSERT INTO `inactive_history` (`user_id`, `commission_balance`, `amount`, `date`) VALUES ('TU7MHD', '0', '150', '2025-03-27 00:05:17');
UPDATE `user_registration` SET `sub_point` = 0, `active_status` = 'no'
WHERE `user_id` = 'XMN3MK';
INSERT INTO `inactive_history` (`user_id`, `commission_balance`, `amount`, `date`) VALUES ('XMN3MK', '0', '150', '2025-03-27 00:05:17');
UPDATE `user_registration` SET `sub_point` = 0, `active_status` = 'no'
WHERE `user_id` = '7SMFPM';
INSERT INTO `inactive_history` (`user_id`, `commission_balance`, `amount`, `date`) VALUES ('7SMFPM', '0', '50', '2025-03-27 00:05:17');
UPDATE `user_registration` SET `sub_point` = 0, `active_status` = 'no'
WHERE `user_id` = 'WS9KK9';
INSERT INTO `inactive_history` (`user_id`, `commission_balance`, `amount`, `date`) VALUES ('WS9KK9', '0', '150', '2025-03-27 00:05:18');
UPDATE `user_registration` SET `sub_point` = 0, `active_status` = 'no'
WHERE `user_id` = 'BJFCEM';
INSERT INTO `inactive_history` (`user_id`, `commission_balance`, `amount`, `date`) VALUES ('BJFCEM', '0', '50', '2025-03-27 00:05:18');
UPDATE `user_registration` SET `sub_point` = 0, `active_status` = 'no'
WHERE `user_id` = '9EDD8W';
INSERT INTO `inactive_history` (`user_id`, `commission_balance`, `amount`, `date`) VALUES ('9EDD8W', '0', '50', '2025-03-27 00:05:18');
UPDATE `user_registration` SET `sub_point` = 0, `active_status` = 'no'
WHERE `user_id` = 'TOTNOR';
INSERT INTO `inactive_history` (`user_id`, `commission_balance`, `amount`, `date`) VALUES ('TOTNOR', '0', '50', '2025-03-27 00:05:19');
UPDATE `user_registration` SET `sub_point` = 0, `active_status` = 'no'
WHERE `user_id` = 'X5T3ZT';
INSERT INTO `inactive_history` (`user_id`, `commission_balance`, `amount`, `date`) VALUES ('X5T3ZT', '0', '150', '2025-03-27 00:05:19');
UPDATE `user_registration` SET commission_balance = ROUND(commission_balance - 150,2)
WHERE `user_id` = 'OTZTS5';
INSERT INTO `sub_history` (`user_id`, `package_id`, `amount`, `payment_method`, `date`) VALUES ('OTZTS5', '2', '150', 'Ewallet', '2025-03-27 00:05:19');
UPDATE `user_registration` SET sub_point = ROUND(sub_point + 150,2)
WHERE `user_id` = 'OTZTS5';
INSERT INTO `investment` (`invest_date`, `user_id`, `type`, `amount`, `package_id`) VALUES ('2025-03-27 00:05:19', 'OTZTS5', 'subscription', '150', '2');
UPDATE `user_registration` SET total_points = ROUND(total_points + 150,2)
WHERE `user_id` = 'OTZTS5';
INSERT INTO `points_history` (`user_id`, `points`, `type`, `date`) VALUES ('OTZTS5', '150', 'subscription', '2025-03-27 00:05:');
UPDATE `bv_updation` SET right_carry = right_carry+150, total_right = total_right+150
WHERE `user_id` = 'XXI66Z';
INSERT INTO `placement_bv_update_history` (`right_carry`, `date`, `from_id`, `user_id`) VALUES ('150', '2025-03-27 00:05:19', 'OTZTS5', 'XXI66Z');
UPDATE `bv_updation` SET right_carry = right_carry+150, total_right = total_right+150
WHERE `user_id` = '2MBPZI';
INSERT INTO `placement_bv_update_history` (`right_carry`, `date`, `from_id`, `user_id`) VALUES ('150', '2025-03-27 00:05:19', 'OTZTS5', '2MBPZI');
UPDATE `bv_updation` SET right_carry = right_carry+150, total_right = total_right+150
WHERE `user_id` = 'XHO8CJ';
INSERT INTO `placement_bv_update_history` (`right_carry`, `date`, `from_id`, `user_id`) VALUES ('150', '2025-03-27 00:05:19', 'OTZTS5', 'XHO8CJ');
UPDATE `bv_updation` SET right_carry = right_carry+150, total_right = total_right+150
WHERE `user_id` = 'U7SMZ8';
INSERT INTO `placement_bv_update_history` (`right_carry`, `date`, `from_id`, `user_id`) VALUES ('150', '2025-03-27 00:05:19', 'OTZTS5', 'U7SMZ8');
UPDATE `bv_updation` SET right_carry = right_carry+150, total_right = total_right+150
WHERE `user_id` = 'AABG7W';
INSERT INTO `placement_bv_update_history` (`right_carry`, `date`, `from_id`, `user_id`) VALUES ('150', '2025-03-27 00:05:19', 'OTZTS5', 'AABG7W');
UPDATE `bv_updation` SET sponsor_right_carry = sponsor_right_carry+150, sponsor_total_right = sponsor_total_right+150
WHERE `user_id` = 'AABG7W';
INSERT INTO `sponsor_bv_update_history` (`right_carry`, `date`, `user_id`) VALUES ('150', '2025-03-27 00:05:19', 'AABG7W');
UPDATE `bv_updation` SET right_carry = right_carry+150, total_right = total_right+150
WHERE `user_id` = '3ZDIFO';
INSERT INTO `placement_bv_update_history` (`right_carry`, `date`, `from_id`, `user_id`) VALUES ('150', '2025-03-27 00:05:19', 'OTZTS5', '3ZDIFO');
UPDATE `bv_updation` SET right_carry = right_carry+150, total_right = total_right+150
WHERE `user_id` = 'UQO7EQ';
INSERT INTO `placement_bv_update_history` (`right_carry`, `date`, `from_id`, `user_id`) VALUES ('150', '2025-03-27 00:05:19', 'OTZTS5', 'UQO7EQ');
UPDATE `user_registration` SET `cycle_rank_id` = '2'
WHERE `user_id` = 'UQO7EQ';
INSERT INTO `rank_history` (`rank_id`, `user_id`, `name`, `bv`, `date`, `amount`, `type`) VALUES ('2', 'UQO7EQ', 'Associate', '1200', '2025-03-27 00:05:19', '100', 'auto');
UPDATE `bv_updation` SET left_carry = left_carry+150, total_left = total_left+150
WHERE `user_id` = 'N6GZAE';
INSERT INTO `placement_bv_update_history` (`left_carry`, `date`, `from_id`, `user_id`) VALUES ('150', '2025-03-27 00:05:19', 'OTZTS5', 'N6GZAE');
UPDATE `bv_updation` SET left_carry = left_carry+150, total_left = total_left+150
WHERE `user_id` = '4E1CRI';
INSERT INTO `placement_bv_update_history` (`left_carry`, `date`, `from_id`, `user_id`) VALUES ('150', '2025-03-27 00:05:19', 'OTZTS5', '4E1CRI');
UPDATE `bv_updation` SET left_carry = left_carry+150, total_left = total_left+150
WHERE `user_id` = 'SJBNYJ';
INSERT INTO `placement_bv_update_history` (`left_carry`, `date`, `from_id`, `user_id`) VALUES ('150', '2025-03-27 00:05:19', 'OTZTS5', 'SJBNYJ');
UPDATE `bv_updation` SET left_carry = left_carry+150, total_left = total_left+150
WHERE `user_id` = '44B9Y4';
INSERT INTO `placement_bv_update_history` (`left_carry`, `date`, `from_id`, `user_id`) VALUES ('150', '2025-03-27 00:05:19', 'OTZTS5', '44B9Y4');
UPDATE `bv_updation` SET right_carry = right_carry+150, total_right = total_right+150
WHERE `user_id` = 'admin';
INSERT INTO `placement_bv_update_history` (`right_carry`, `date`, `from_id`, `user_id`) VALUES ('150', '2025-03-27 00:05:19', 'OTZTS5', 'admin');
UPDATE `user_registration` SET `subscription_date` = '2025-04-26', `active_status` = 'yes'
WHERE `user_id` = 'OTZTS5';
UPDATE `user_registration` SET `sub_point` = 0, `active_status` = 'no'
WHERE `user_id` = 'KWLAIS';
INSERT INTO `inactive_history` (`user_id`, `commission_balance`, `amount`, `date`) VALUES ('KWLAIS', '100', '150', '2025-03-27 00:05:19');
UPDATE `user_registration` SET `sub_point` = 0, `active_status` = 'no'
WHERE `user_id` = '8R8YQG';
INSERT INTO `inactive_history` (`user_id`, `commission_balance`, `amount`, `date`) VALUES ('8R8YQG', '0', '150', '2025-03-27 00:05:20');
UPDATE `cron_job_history` SET `status` = 'done', `date_end` = '2025-03-27 00:05:20'
WHERE `id` = 284;
UPDATE `ci_sessions` SET `timestamp` = 1743052095, `data` = '__ci_last_regenerate|i:1743052095;id|s:4:\"2229\";user_id|s:6:\"PEABEG\";username|s:8:\"Gil.1972\";sponsor_id|s:6:\"KSGBOZ\";fullname|s:12:\"Dariel Ramos\";email|s:21:\"yoeyury2024@gmail.com\";phone|s:10:\"7864005201\";isLogIn|b:1;'
WHERE `id` = '04b136b3974fa415aeeae5f56730b280b60e6290';
UPDATE `user_registration` SET `popup_seen` = 'yes'
WHERE `user_id` = 'PEABEG';
INSERT INTO `login_history` (`user_id`, `device`, `ip_address`, `date`) VALUES ('35H9RV', 'Mozilla/5.0 (Windows NT 10.0; Win64; x64) AppleWebKit/537.36 (KHTML, like Gecko) Chrome/134.0.0.0 Safari/537.36 Edg/134.0.0.0', '172.68.146.211', '25-03-27 01:52');
UPDATE `user_registration` SET `popup_seen` = 'yes'
WHERE `user_id` = '35H9RV';
UPDATE `user_registration` SET `popup_seen` = 'yes'
WHERE `user_id` = '35H9RV';
UPDATE `user_registration` SET `popup_seen` = 'no'
WHERE `user_id` = '35H9RV';
DELETE FROM `ci_sessions`
WHERE `id` = '1741b94dad32778518289897f21a974dee7e5e4a';
INSERT INTO `login_history` (`user_id`, `device`, `ip_address`, `date`) VALUES ('44B9Y4', 'Mozilla/5.0 (Windows NT 10.0; Win64; x64) AppleWebKit/537.36 (KHTML, like Gecko) Chrome/134.0.0.0 Safari/537.36 Edg/134.0.0.0', '172.68.146.252', '25-03-27 01:53');
UPDATE `user_registration` SET `popup_seen` = 'yes'
WHERE `user_id` = '44B9Y4';
UPDATE `user_registration` SET `popup_seen` = 'no'
WHERE `user_id` = '44B9Y4';
DELETE FROM `ci_sessions`
WHERE `id` = 'c4675b94f04a003274a3d85f41f401761e95e98d';
INSERT INTO `login_history` (`user_id`, `device`, `ip_address`, `date`) VALUES ('admin', 'Mozilla/5.0 (Windows NT 10.0; Win64; x64) AppleWebKit/537.36 (KHTML, like Gecko) Chrome/134.0.0.0 Safari/537.36 Edg/134.0.0.0', '172.68.146.210', '25-03-27 01:54');
UPDATE `user_registration` SET `popup_seen` = 'yes'
WHERE `user_id` = 'admin';
INSERT INTO `login_history` (`user_id`, `device`, `ip_address`, `date`) VALUES ('JHRDHS', 'Mozilla/5.0 (iPhone; CPU iPhone OS 18_3_2 like Mac OS X) AppleWebKit/605.1.15 (KHTML, like Gecko) Version/18.3.1 Mobile/15E148 Safari/604.1', '172.68.7.182', '25-03-27 02:23');
UPDATE `user_registration` SET `popup_seen` = 'yes'
WHERE `user_id` = 'JHRDHS';
UPDATE `user_registration` SET `popup_seen` = 'yes'
WHERE `user_id` = 'JHRDHS';
INSERT INTO `login_history` (`user_id`, `device`, `ip_address`, `date`) VALUES ('2RSJNO', 'Mozilla/5.0 (iPhone; CPU iPhone OS 18_3_2 like Mac OS X) AppleWebKit/605.1.15 (KHTML, like Gecko) GSA/361.0.737942756 Mobile/15E148 Safari/604.1', '172.70.82.64', '25-03-27 06:39');
UPDATE `user_registration` SET `popup_seen` = 'yes'
WHERE `user_id` = '2RSJNO';
INSERT INTO `login_history` (`user_id`, `device`, `ip_address`, `date`) VALUES ('XHO8CJ', 'Mozilla/5.0 (Windows NT 10.0; Win64; x64) AppleWebKit/537.36 (KHTML, like Gecko) Chrome/134.0.0.0 Safari/537.36', '172.68.12.142', '25-03-27 06:53');
UPDATE `user_registration` SET `popup_seen` = 'yes'
WHERE `user_id` = 'XHO8CJ';
INSERT INTO `login_history` (`user_id`, `device`, `ip_address`, `date`) VALUES ('UQO7EQ', 'Mozilla/5.0 (Linux; Android 10; K) AppleWebKit/537.36 (KHTML, like Gecko) Chrome/131.0.0.0 Mobile Safari/537.36', '172.68.12.104', '25-03-27 07:04');
UPDATE `user_registration` SET `popup_seen` = 'yes'
WHERE `user_id` = 'UQO7EQ';
UPDATE `ci_sessions` SET `timestamp` = 1743077107, `data` = '__ci_last_regenerate|i:1743077107;captcha|s:4:\"t94r\";'
WHERE `id` = 'db2b3e3abd93f936f33617dd55e568731fa2f79b';
INSERT INTO `login_history` (`user_id`, `device`, `ip_address`, `date`) VALUES ('7P1TWW', 'Mozilla/5.0 (Linux; Android 10; K) AppleWebKit/537.36 (KHTML, like Gecko) Chrome/134.0.0.0 Safari/537.36', '172.68.7.16', '25-03-27 07:06');
UPDATE `user_registration` SET `popup_seen` = 'yes'
WHERE `user_id` = '7P1TWW';
UPDATE `user_registration` SET `popup_seen` = 'yes'
WHERE `user_id` = 'UQO7EQ';
UPDATE `user_registration` SET `popup_seen` = 'no'
WHERE `user_id` = 'UQO7EQ';
DELETE FROM `ci_sessions`
WHERE `id` = 'e563fdd8ecd756e818ddd745f772719c31d99372';
INSERT INTO `login_history` (`user_id`, `device`, `ip_address`, `date`) VALUES ('UQO7EQ', 'Mozilla/5.0 (Linux; Android 10; K) AppleWebKit/537.36 (KHTML, like Gecko) Chrome/131.0.0.0 Mobile Safari/537.36', '172.70.255.77', '25-03-27 07:10');
UPDATE `user_registration` SET `popup_seen` = 'yes'
WHERE `user_id` = 'UQO7EQ';
UPDATE `user_registration` SET `popup_seen` = 'yes'
WHERE `user_id` = 'UQO7EQ';
INSERT INTO `login_history` (`user_id`, `device`, `ip_address`, `date`) VALUES ('JHRDHS', 'Mozilla/5.0 (iPhone; CPU iPhone OS 18_3_2 like Mac OS X) AppleWebKit/605.1.15 (KHTML, like Gecko) Version/18.3.1 Mobile/15E148 Safari/604.1', '172.68.7.202', '25-03-27 07:10');
UPDATE `user_registration` SET `popup_seen` = 'yes'
WHERE `user_id` = 'JHRDHS';
UPDATE `user_registration` SET `popup_seen` = 'yes'
WHERE `user_id` = 'UQO7EQ';
UPDATE `user_registration` SET `popup_seen` = 'no'
WHERE `user_id` = 'UQO7EQ';
DELETE FROM `ci_sessions`
WHERE `id` = '903f18d97ce02107ad6f1cb59a466d7051c172f2';
UPDATE `user_registration` SET `popup_seen` = 'yes'
WHERE `user_id` = 'JHRDHS';
UPDATE `ci_sessions` SET `timestamp` = 1743077677, `data` = '__ci_last_regenerate|i:1743077677;id|s:4:\"2226\";user_id|s:6:\"7P1TWW\";username|s:8:\"AbiMar24\";sponsor_id|s:6:\"OTZTS5\";fullname|s:12:\"Martha Marin\";email|s:25:\"marthamarin9993@gmail.com\";phone|s:10:\"7862735424\";isLogIn|b:1;'
WHERE `id` = '0b1d927d0ff278d8cb0074c661a558d0432d1a99';
INSERT INTO `login_history` (`user_id`, `device`, `ip_address`, `date`) VALUES ('X5T3ZT', 'Mozilla/5.0 (Windows NT 10.0; Win64; x64) AppleWebKit/537.36 (KHTML, like Gecko) Chrome/134.0.0.0 Safari/537.36', '108.162.212.7', '25-03-27 08:03');
UPDATE `user_registration` SET `popup_seen` = 'yes'
WHERE `user_id` = 'X5T3ZT';
UPDATE `user_registration` SET `popup_seen` = 'yes'
WHERE `user_id` = 'X5T3ZT';
UPDATE `user_registration` SET `popup_seen` = 'yes'
WHERE `user_id` = 'X5T3ZT';
UPDATE `user_registration` SET `popup_seen` = 'yes'
WHERE `user_id` = 'X5T3ZT';
UPDATE `user_registration` SET `popup_seen` = 'yes'
WHERE `user_id` = 'X5T3ZT';
UPDATE `ci_sessions` SET `timestamp` = 1743080890, `data` = '__ci_last_regenerate|i:1743080890;id|s:4:\"2177\";user_id|s:6:\"X5T3ZT\";username|s:17:\"JoseRemesar112759\";sponsor_id|s:6:\"F7LGEE\";fullname|s:11:\"Jose Valdes\";email|s:27:\"joseantonio112759@gmail.com\";phone|s:10:\"5618563661\";isLogIn|b:1;'
WHERE `id` = '0e2f22e847373b520b077c85f292d1e9c1c35d2b';
UPDATE `user_registration` SET `popup_seen` = 'no'
WHERE `user_id` = 'X5T3ZT';
DELETE FROM `ci_sessions`
WHERE `id` = '890527ff7592e739b57f1e6211d4f68b4c398f87';
INSERT INTO `login_history` (`user_id`, `device`, `ip_address`, `date`) VALUES ('UQO7EQ', 'Mozilla/5.0 (Windows NT 10.0; Win64; x64) AppleWebKit/537.36 (KHTML, like Gecko) Chrome/134.0.0.0 Safari/537.36', '172.71.156.143', '25-03-27 08:09');
UPDATE `user_registration` SET `popup_seen` = 'yes'
WHERE `user_id` = 'UQO7EQ';
UPDATE `user_registration` SET `popup_seen` = 'yes'
WHERE `user_id` = 'UQO7EQ';
INSERT INTO `login_history` (`user_id`, `device`, `ip_address`, `date`) VALUES ('U7SMZ8', 'Mozilla/5.0 (Macintosh; Intel Mac OS X 10_15_7) AppleWebKit/605.1.15 (KHTML, like Gecko) Version/17.6 Safari/605.1.15', '172.70.54.71', '25-03-27 08:15');
UPDATE `user_registration` SET `popup_seen` = 'yes'
WHERE `user_id` = 'U7SMZ8';
UPDATE `user_registration` SET `popup_seen` = 'yes'
WHERE `user_id` = 'U7SMZ8';
UPDATE `user_registration` SET `popup_seen` = 'no'
WHERE `user_id` = 'U7SMZ8';
DELETE FROM `ci_sessions`
WHERE `id` = '008032327cd3bb901d30ff3f9e7a308452ac01a0';
INSERT INTO `login_history` (`user_id`, `device`, `ip_address`, `date`) VALUES ('U7SMZ8', 'Mozilla/5.0 (Macintosh; Intel Mac OS X 10_15_7) AppleWebKit/605.1.15 (KHTML, like Gecko) Version/17.6 Safari/605.1.15', '172.70.54.71', '25-03-27 08:16');
UPDATE `user_registration` SET `popup_seen` = 'yes'
WHERE `user_id` = 'U7SMZ8';
UPDATE `user_registration` SET `popup_seen` = 'yes'
WHERE `user_id` = 'U7SMZ8';
UPDATE `user_registration` SET `popup_seen` = 'no'
WHERE `user_id` = 'U7SMZ8';
DELETE FROM `ci_sessions`
WHERE `id` = '063ac94430cca2bd386833c25d39e16c92a47ce5';
UPDATE `ci_sessions` SET `timestamp` = 1743081820, `data` = '__ci_last_regenerate|i:1743081820;id|s:4:\"2042\";user_id|s:6:\"UQO7EQ\";username|s:6:\"Rafa51\";sponsor_id|s:6:\"N6GZAE\";fullname|s:16:\"Rafael Rodriguez\";email|s:18:\"rafagana@yahoo.com\";phone|s:10:\"3057610606\";isLogIn|b:1;'
WHERE `id` = 'bf6ffe9cc80c5cefff9c0307e24386e6aa96edd2';
UPDATE `user_registration` SET `popup_seen` = 'yes'
WHERE `user_id` = 'UQO7EQ';
UPDATE `user_registration` SET `popup_seen` = 'no'
WHERE `user_id` = 'UQO7EQ';
DELETE FROM `ci_sessions`
WHERE `id` = '17fc55fe7fce81273a55c4a7720805c370a68cf8';
UPDATE `ci_sessions` SET `timestamp` = 1743083888, `data` = '__ci_last_regenerate|i:1743083888;captcha|s:4:\"ecw8\";'
WHERE `id` = 'c5c0314fcba10d41decc2f5fabeef10402a3c688';
INSERT INTO `login_history` (`user_id`, `device`, `ip_address`, `date`) VALUES ('U7SMZ8', 'Mozilla/5.0 (Macintosh; Intel Mac OS X 10_15_7) AppleWebKit/605.1.15 (KHTML, like Gecko) Version/17.6 Safari/605.1.15', '172.70.254.95', '25-03-27 08:58');
UPDATE `user_registration` SET `popup_seen` = 'yes'
WHERE `user_id` = 'U7SMZ8';
UPDATE `user_registration` SET `popup_seen` = 'yes'
WHERE `user_id` = 'U7SMZ8';
UPDATE `user_registration` SET `popup_seen` = 'no'
WHERE `user_id` = 'U7SMZ8';
DELETE FROM `ci_sessions`
WHERE `id` = '63cf1049e87fd05397dfaeb12c2b8d35b878b0ec';
INSERT INTO `login_history` (`user_id`, `device`, `ip_address`, `date`) VALUES ('UQO7EQ', 'Mozilla/5.0 (iPhone; CPU iPhone OS 18_3_2 like Mac OS X) AppleWebKit/605.1.15 (KHTML, like Gecko) Version/18.3.1 Mobile/15E148 Safari/604.1', '172.68.12.142', '25-03-27 09:08');
UPDATE `user_registration` SET `popup_seen` = 'yes'
WHERE `user_id` = 'UQO7EQ';
UPDATE `ci_sessions` SET `timestamp` = 1743085601, `data` = '__ci_last_regenerate|i:1743085601;id|s:4:\"2042\";user_id|s:6:\"UQO7EQ\";username|s:6:\"Rafa51\";sponsor_id|s:6:\"N6GZAE\";fullname|s:16:\"Rafael Rodriguez\";email|s:18:\"rafagana@yahoo.com\";phone|s:10:\"3057610606\";isLogIn|b:1;message|s:24:\"Welcome Rafael Rodriguez\";__ci_vars|a:1:{s:7:\"message\";s:3:\"old\";}'
WHERE `id` = '6a77f04cc8e2ee7df4fc60326df59dd1bfe9988c';
UPDATE `user_registration` SET `popup_seen` = 'yes'
WHERE `user_id` = 'UQO7EQ';
UPDATE `ci_sessions` SET `timestamp` = 1743085669, `data` = '__ci_last_regenerate|i:1743085669;captcha|s:4:\"m5hd\";'
WHERE `id` = '66806b156810b045fb5c3129312ee055a11995b8';
INSERT INTO `login_history` (`user_id`, `device`, `ip_address`, `date`) VALUES ('UQO7EQ', 'Mozilla/5.0 (Windows NT 10.0; Win64; x64) AppleWebKit/537.36 (KHTML, like Gecko) Chrome/134.0.0.0 Safari/537.36', '172.68.7.162', '25-03-27 09:27');
UPDATE `user_registration` SET `popup_seen` = 'yes'
WHERE `user_id` = 'UQO7EQ';
UPDATE `ci_sessions` SET `timestamp` = 1743086010, `data` = '__ci_last_regenerate|i:1743086010;id|s:4:\"2042\";user_id|s:6:\"UQO7EQ\";username|s:6:\"Rafa51\";sponsor_id|s:6:\"N6GZAE\";fullname|s:16:\"Rafael Rodriguez\";email|s:18:\"rafagana@yahoo.com\";phone|s:10:\"3057610606\";isLogIn|b:1;message|s:24:\"Welcome Rafael Rodriguez\";__ci_vars|a:1:{s:7:\"message\";s:3:\"old\";}'
WHERE `id` = '4e7e2056ce47b0fe35dc6e821bf832aa2558a6a4';
UPDATE `user_registration` SET `popup_seen` = 'no'
WHERE `user_id` = 'UQO7EQ';
DELETE FROM `ci_sessions`
WHERE `id` = 'a85ae269252982a53036c915e34d3dd1ae09f096';
UPDATE `ci_sessions` SET `timestamp` = 1743086735, `data` = '__ci_last_regenerate|i:1743086735;captcha|s:4:\"hdtf\";'
WHERE `id` = '761c6cf43e1c19b9be9ae2e9bbc5fdacf33e9314';
INSERT INTO `login_history` (`user_id`, `device`, `ip_address`, `date`) VALUES ('UQO7EQ', 'Mozilla/5.0 (Windows NT 10.0; Win64; x64) AppleWebKit/537.36 (KHTML, like Gecko) Chrome/134.0.0.0 Safari/537.36', '172.70.82.178', '25-03-27 09:45');
UPDATE `user_registration` SET `popup_seen` = 'yes'
WHERE `user_id` = 'UQO7EQ';
INSERT INTO `login_history` (`user_id`, `device`, `ip_address`, `date`) VALUES ('ETPYLQ', 'Mozilla/5.0 (Linux; Android 10; K) AppleWebKit/537.36 (KHTML, like Gecko) Chrome/134.0.0.0 Mobile Safari/537.36', '172.68.7.19', '25-03-27 09:50');
UPDATE `user_registration` SET `popup_seen` = 'yes'
WHERE `user_id` = 'ETPYLQ';
UPDATE `user_registration` SET `popup_seen` = 'yes'
WHERE `user_id` = 'ETPYLQ';
UPDATE `ci_sessions` SET `timestamp` = 1743087066, `data` = '__ci_last_regenerate|i:1743087066;id|s:4:\"2042\";user_id|s:6:\"UQO7EQ\";username|s:6:\"Rafa51\";sponsor_id|s:6:\"N6GZAE\";fullname|s:16:\"Rafael Rodriguez\";email|s:18:\"rafagana@yahoo.com\";phone|s:10:\"3057610606\";isLogIn|b:1;'
WHERE `id` = 'd074d57aa36ef1bc811daa8f4b9daf5626337829';
UPDATE `ci_sessions` SET `timestamp` = 1743087424, `data` = '__ci_last_regenerate|i:1743087424;id|s:4:\"2042\";user_id|s:6:\"UQO7EQ\";username|s:6:\"Rafa51\";sponsor_id|s:6:\"N6GZAE\";fullname|s:16:\"Rafael Rodriguez\";email|s:18:\"rafagana@yahoo.com\";phone|s:10:\"3057610606\";isLogIn|b:1;'
WHERE `id` = '9b04319ad4ef64cf1eb05012224d7874ed8f1267';
INSERT INTO `login_history` (`user_id`, `device`, `ip_address`, `date`) VALUES ('QJ5U9C', 'Mozilla/5.0 (Windows NT 10.0; Win64; x64) AppleWebKit/537.36 (KHTML, like Gecko) Chrome/134.0.0.0 Safari/537.36', '172.70.54.197', '25-03-27 09:57');
UPDATE `user_registration` SET `popup_seen` = 'yes'
WHERE `user_id` = 'QJ5U9C';
INSERT INTO `login_history` (`user_id`, `device`, `ip_address`, `date`) VALUES ('UQO7EQ', 'Mozilla/5.0 (Linux; Android 10; K) AppleWebKit/537.36 (KHTML, like Gecko) Chrome/131.0.0.0 Mobile Safari/537.36', '172.70.55.101', '25-03-27 10:02');
UPDATE `user_registration` SET `popup_seen` = 'yes'
WHERE `user_id` = 'UQO7EQ';
UPDATE `ci_sessions` SET `timestamp` = 1743087780, `data` = '__ci_last_regenerate|i:1743087780;id|s:4:\"2084\";user_id|s:6:\"QJ5U9C\";username|s:10:\"gascarde60\";sponsor_id|s:6:\"O94ZPY\";fullname|s:14:\"Gaspar Cardero\";email|s:18:\"gascarde@yahoo.com\";phone|s:10:\"7862371360\";isLogIn|b:1;'
WHERE `id` = 'aee53cccb4deb7773613f770f81022cf5d53440c';
UPDATE `user_registration` SET `popup_seen` = 'yes'
WHERE `user_id` = 'QJ5U9C';
UPDATE `user_registration` SET `popup_seen` = 'yes'
WHERE `user_id` = 'UQO7EQ';
UPDATE `user_registration` SET `popup_seen` = 'no'
WHERE `user_id` = 'UQO7EQ';
DELETE FROM `ci_sessions`
WHERE `id` = '61b8234b56973ec9834e9290bc971ddc51b88dba';
UPDATE `ci_sessions` SET `timestamp` = 1743088717, `data` = '__ci_last_regenerate|i:1743088717;id|s:4:\"2042\";user_id|s:6:\"UQO7EQ\";username|s:6:\"Rafa51\";sponsor_id|s:6:\"N6GZAE\";fullname|s:16:\"Rafael Rodriguez\";email|s:18:\"rafagana@yahoo.com\";phone|s:10:\"3057610606\";isLogIn|b:1;'
WHERE `id` = '174cc6e48c6be4ca793b39a3565a3d5e752f21d5';
UPDATE `user_registration` SET `popup_seen` = 'yes'
WHERE `user_id` = 'UQO7EQ';
UPDATE `ci_sessions` SET `timestamp` = 1743089019, `data` = '__ci_last_regenerate|i:1743089019;id|s:4:\"2042\";user_id|s:6:\"UQO7EQ\";username|s:6:\"Rafa51\";sponsor_id|s:6:\"N6GZAE\";fullname|s:16:\"Rafael Rodriguez\";email|s:18:\"rafagana@yahoo.com\";phone|s:10:\"3057610606\";isLogIn|b:1;'
WHERE `id` = '3255262c46787d696b89ea329a791fcfeee37a8d';
UPDATE `user_registration` SET `popup_seen` = 'yes'
WHERE `user_id` = 'UQO7EQ';
UPDATE `ci_sessions` SET `timestamp` = 1743089325, `data` = '__ci_last_regenerate|i:1743089325;id|s:4:\"2042\";user_id|s:6:\"UQO7EQ\";username|s:6:\"Rafa51\";sponsor_id|s:6:\"N6GZAE\";fullname|s:16:\"Rafael Rodriguez\";email|s:18:\"rafagana@yahoo.com\";phone|s:10:\"3057610606\";isLogIn|b:1;'
WHERE `id` = '1959ef4998917a027fe73e9e3c9351f9b7d58121';
UPDATE `user_registration` SET `popup_seen` = 'no'
WHERE `user_id` = 'UQO7EQ';
DELETE FROM `ci_sessions`
WHERE `id` = '755a3899d253b44cbdaac3af6d9699122955b25e';
UPDATE `ci_sessions` SET `timestamp` = 1743091212, `data` = '__ci_last_regenerate|i:1743091212;captcha|s:4:\"czp4\";'
WHERE `id` = 'bbd97b4a518e2fb9229cad8e671a09a391a53b33';
INSERT INTO `login_history` (`user_id`, `device`, `ip_address`, `date`) VALUES ('UQO7EQ', 'Mozilla/5.0 (Windows NT 10.0; Win64; x64) AppleWebKit/537.36 (KHTML, like Gecko) Chrome/134.0.0.0 Safari/537.36', '172.68.7.88', '25-03-27 11:00');
UPDATE `user_registration` SET `popup_seen` = 'yes'
WHERE `user_id` = 'UQO7EQ';
UPDATE `user_registration` SET `popup_seen` = 'yes'
WHERE `user_id` = 'UQO7EQ';
UPDATE `user_registration` SET `popup_seen` = 'no'
WHERE `user_id` = 'UQO7EQ';
DELETE FROM `ci_sessions`
WHERE `id` = '0205afb470a88448800f735096e3428db19eea3f';
UPDATE `ci_sessions` SET `timestamp` = 1743092111, `data` = '__ci_last_regenerate|i:1743092111;captcha|s:4:\"hiwn\";'
WHERE `id` = '2bbd63df567153dfe5692a68ae96d8abb55e298d';
INSERT INTO `login_history` (`user_id`, `device`, `ip_address`, `date`) VALUES ('UQO7EQ', 'Mozilla/5.0 (Windows NT 10.0; Win64; x64) AppleWebKit/537.36 (KHTML, like Gecko) Chrome/134.0.0.0 Safari/537.36', '172.70.255.182', '25-03-27 11:15');
UPDATE `user_registration` SET `popup_seen` = 'yes'
WHERE `user_id` = 'UQO7EQ';
UPDATE `user_registration` SET `popup_seen` = 'no'
WHERE `user_id` = 'UQO7EQ';
DELETE FROM `ci_sessions`
WHERE `id` = '3cdf0a75e1f120cfeca8be4ac9876e38d379a857';
INSERT INTO `login_history` (`user_id`, `device`, `ip_address`, `date`) VALUES ('UQO7EQ', 'Mozilla/5.0 (Windows NT 10.0; Win64; x64) AppleWebKit/537.36 (KHTML, like Gecko) Chrome/134.0.0.0 Safari/537.36', '172.70.255.182', '25-03-27 11:19');
UPDATE `user_registration` SET `popup_seen` = 'yes'
WHERE `user_id` = 'UQO7EQ';
UPDATE `ci_sessions` SET `timestamp` = 1743092835, `data` = '__ci_last_regenerate|i:1743092835;id|s:4:\"2042\";user_id|s:6:\"UQO7EQ\";username|s:6:\"Rafa51\";sponsor_id|s:6:\"N6GZAE\";fullname|s:16:\"Rafael Rodriguez\";email|s:18:\"rafagana@yahoo.com\";phone|s:10:\"3057610606\";isLogIn|b:1;'
WHERE `id` = '17c76351f71ee0944e0444170189bd2fd53b4487';
UPDATE `user_registration` SET `popup_seen` = 'yes'
WHERE `user_id` = 'UQO7EQ';
UPDATE `user_registration` SET `popup_seen` = 'no'
WHERE `user_id` = 'UQO7EQ';
DELETE FROM `ci_sessions`
WHERE `id` = '825b608c641202df9ff4adc53d4b1bde89bc805e';
INSERT INTO `login_history` (`user_id`, `device`, `ip_address`, `date`) VALUES ('UT8WM5', 'Mozilla/5.0 (Macintosh; Intel Mac OS X 10_15_7) AppleWebKit/605.1.15 (KHTML, like Gecko) Version/18.3 Safari/605.1.15', '172.68.12.55', '25-03-27 11:45');
UPDATE `user_registration` SET `popup_seen` = 'yes'
WHERE `user_id` = 'UT8WM5';
UPDATE `user_registration` SET `default_leg` = 'auto'
WHERE `user_id` = 'UT8WM5';
UPDATE `ci_sessions` SET `timestamp` = 1743094308, `data` = '__ci_last_regenerate|i:1743094308;id|s:4:\"2114\";user_id|s:6:\"UT8WM5\";username|s:15:\"Amadorsonia1967\";sponsor_id|s:6:\"UXMQZD\";fullname|s:12:\"Sonia Amador\";email|s:21:\"soniama1220@yahoo.com\";phone|s:12:\"813 410 0652\";isLogIn|b:1;'
WHERE `id` = '7f8394de1a7488dd1d31116083f41dfe2427f255';
INSERT INTO `temp_register` (`post_data`, `date`, `payment_method`, `type`) VALUES ('{\"uid\":\"2291\",\"user_id\":\"L84ITK\",\"username\":\"hernandeznelson1962\",\"sponsor_id\":\"UT8WM5\",\"vacant\":\"no\",\"f_name\":\"Nelson\",\"l_name\":\"Hernandez\",\"position\":\"right\",\"email\":\"nelson.hernandez62@hotmail.com\",\"password\":\"04a1c05ed15ed7bdf4d7c46c806a2e86\",\"phone\":\"305 763 3740\",\"country\":\"United States\",\"state\":\"Florida\",\"city\":\"Hialeah\",\"street\":\"6675 w 4 Ave\",\"zip_code\":\"33012\",\"reg_ip\":\"172.68.12.104\",\"status\":1,\"package_id\":\"2\",\"rank_id\":1,\"highest_rank\":1,\"cycle_rank_id\":1,\"created\":\"2025-03-27 11:52:32\",\"subscription_date\":\"2025-04-26\",\"google_secret\":\"YR7LMLEMJK2QOXLP\"}', '2025-03-27 11:52:32', 'stripe', 'register');
UPDATE `temp_register` SET `response` = '{\"stripeToken\":\"tok_1R7Jge2NUoYUjiuutvQgZBjL\",\"stripeTokenType\":\"card\",\"stripeEmail\":\"hern1892@hotmail.com\"}', `date_modified` = '2025-03-27 11:53:54', `payment_status` = '{\"id\":\"ch_3R7Jgk2NUoYUjiuu1WQRWP0B\",\"object\":\"charge\",\"amount\":59500,\"amount_captured\":59500,\"amount_refunded\":0,\"application\":null,\"application_fee\":null,\"application_fee_amount\":null,\"balance_transaction\":\"txn_3R7Jgk2NUoYUjiuu1n5Kq4mw\",\"billing_details\":{\"address\":{\"city\":null,\"country\":null,\"line1\":null,\"line2\":null,\"postal_code\":null,\"state\":null},\"email\":null,\"name\":\"hern1892@hotmail.com\",\"phone\":null},\"calculated_statement_descriptor\":\"TRAVELEGENDCY LLC\",\"captured\":true,\"created\":1743094434,\"currency\":\"usd\",\"customer\":\"cus_S1MPv4P7hPz5A0\",\"description\":null,\"destination\":null,\"dispute\":null,\"disputed\":false,\"failure_balance_transaction\":null,\"failure_code\":null,\"failure_message\":null,\"fraud_details\":[],\"invoice\":null,\"livemode\":true,\"metadata\":{\"name\":\"Nelson Hernandez\",\"username\":\"hernandeznelson1962\"},\"on_behalf_of\":null,\"order\":null,\"outcome\":{\"advice_code\":null,\"network_advice_code\":null,\"network_decline_code\":null,\"network_status\":\"approved_by_network\",\"reason\":null,\"risk_level\":\"normal\",\"seller_message\":\"Payment complete.\",\"type\":\"authorized\"},\"paid\":true,\"payment_intent\":null,\"payment_method\":\"card_1R7Jge2NUoYUjiuuZAEV55qt\",\"payment_method_details\":{\"card\":{\"amount_authorized\":59500,\"authorization_code\":\"045312\",\"brand\":\"visa\",\"checks\":{\"address_line1_check\":null,\"address_postal_code_check\":null,\"cvc_check\":\"pass\"},\"country\":\"US\",\"exp_month\":4,\"exp_year\":2029,\"extended_authorization\":{\"status\":\"disabled\"},\"fingerprint\":\"o7cbNGr9Yw2IZzWG\",\"funding\":\"debit\",\"incremental_authorization\":{\"status\":\"unavailable\"},\"installments\":null,\"last4\":\"3191\",\"mandate\":null,\"multicapture\":{\"status\":\"unavailable\"},\"network\":\"visa\",\"network_token\":{\"used\":false},\"network_transaction_id\":\"305086608346837\",\"overcapture\":{\"maximum_amount_capturable\":59500,\"status\":\"unavailable\"},\"regulated_status\":\"regulated\",\"three_d_secure\":null,\"wallet\":null},\"type\":\"card\"},\"receipt_email\":null,\"receipt_number\":null,\"receipt_url\":\"https:\\/\\/pay.stripe.com\\/receipts\\/payment\\/CAcQARoXChVhY2N0XzFRUEFGdjJOVW9ZVWppdXUoo4WWvwYyBrqt-7fsOjosFhWn9oxvt5yCbKnRMc3IBr16Ad2sGL7RXLvaNp_2MeET1m3HJXBg-Q3HG_g\",\"refunded\":false,\"review\":null,\"shipping\":null,\"source\":{\"id\":\"card_1R7Jge2NUoYUjiuuZAEV55qt\",\"object\":\"card\",\"address_city\":null,\"address_country\":null,\"address_line1\":null,\"address_line1_check\":null,\"address_line2\":null,\"address_state\":null,\"address_zip\":null,\"address_zip_check\":null,\"allow_redisplay\":\"unspecified\",\"brand\":\"Visa\",\"country\":\"US\",\"customer\":\"cus_S1MPv4P7hPz5A0\",\"cvc_check\":\"pass\",\"dynamic_last4\":null,\"exp_month\":4,\"exp_year\":2029,\"fingerprint\":\"o7cbNGr9Yw2IZzWG\",\"funding\":\"debit\",\"last4\":\"3191\",\"metadata\":[],\"name\":\"hern1892@hotmail.com\",\"regulated_status\":\"regulated\",\"tokenization_method\":null,\"wallet\":null},\"source_transfer\":null,\"statement_descriptor\":null,\"statement_descriptor_suffix\":null,\"status\":\"succeeded\",\"transfer_data\":null,\"transfer_group\":null}'
WHERE `id` = 229;
UPDATE `user_registration` SET `uid` = '2291', `user_id` = 'L84ITK', `username` = 'hernandeznelson1962', `sponsor_id` = 'UT8WM5', `vacant` = 'no', `f_name` = 'Nelson', `l_name` = 'Hernandez', `position` = 'right', `email` = 'nelson.hernandez62@hotmail.com', `password` = '04a1c05ed15ed7bdf4d7c46c806a2e86', `phone` = '305 763 3740', `country` = 'United States', `state` = 'Florida', `city` = 'Hialeah', `street` = '6675 w 4 Ave', `zip_code` = '33012', `reg_ip` = '172.68.12.104', `status` = 1, `package_id` = '2', `rank_id` = 1, `highest_rank` = 1, `cycle_rank_id` = 1, `created` = '2025-03-27 11:52:32', `subscription_date` = '2025-04-26', `google_secret` = 'YR7LMLEMJK2QOXLP'
WHERE `uid` = '2291';
INSERT INTO `user_registration` (`uid`, `user_id`, `username`, `sponsor_id`, `placement_id`, `vacant`, `f_name`, `l_name`, `address`, `position`, `email`, `password`, `phone`, `reg_ip`, `status`, `created`) VALUES (NULL, 'AXDGIR', 'riKZdshf', 'L84ITK', 'L84ITK', 'yes', '', '', '', 'left', '@mail.com', '', '', '', 0, '2025-03-27 11:53:54');
INSERT INTO `user_registration` (`uid`, `user_id`, `username`, `sponsor_id`, `placement_id`, `vacant`, `f_name`, `l_name`, `address`, `position`, `email`, `password`, `phone`, `reg_ip`, `status`, `created`) VALUES (NULL, 'POXXFO', 'MJjNCnUD', 'L84ITK', 'L84ITK', 'yes', '', '', '', 'right', '@mail.com', '', '', '', 0, '2025-03-27 11:53:54');
INSERT INTO `bv_updation` (`user_id`) VALUES ('L84ITK');
UPDATE `user_registration` SET total_ref_count = total_ref_count+1
WHERE `user_id` = 'UT8WM5';
UPDATE `user_registration` SET total_downlines = total_downlines+1
WHERE `user_id` = 'UT8WM5';
UPDATE `user_registration` SET right_downlines = right_downlines+1
WHERE `user_id` = 'UT8WM5';
UPDATE `user_registration` SET right_ref_count = right_ref_count+1
WHERE `user_id` = 'UT8WM5';
UPDATE `user_registration` SET active_right = active_right+1
WHERE `user_id` = 'UT8WM5';
UPDATE `user_registration` SET total_downlines = total_downlines+1
WHERE `user_id` = 'UXMQZD';
UPDATE `user_registration` SET left_downlines = left_downlines+1
WHERE `user_id` = 'UXMQZD';
UPDATE `user_registration` SET total_downlines = total_downlines+1
WHERE `user_id` = 'O94ZPY';
UPDATE `user_registration` SET right_downlines = right_downlines+1
WHERE `user_id` = 'O94ZPY';
UPDATE `user_registration` SET total_downlines = total_downlines+1
WHERE `user_id` = 'JHRDHS';
UPDATE `user_registration` SET right_downlines = right_downlines+1
WHERE `user_id` = 'JHRDHS';
UPDATE `user_registration` SET total_downlines = total_downlines+1
WHERE `user_id` = 'CVVK4C';
UPDATE `user_registration` SET right_downlines = right_downlines+1
WHERE `user_id` = 'CVVK4C';
UPDATE `user_registration` SET total_downlines = total_downlines+1
WHERE `user_id` = 'K55EDD';
UPDATE `user_registration` SET left_downlines = left_downlines+1
WHERE `user_id` = 'K55EDD';
UPDATE `user_registration` SET total_downlines = total_downlines+1
WHERE `user_id` = 'UQO7EQ';
UPDATE `user_registration` SET left_downlines = left_downlines+1
WHERE `user_id` = 'UQO7EQ';
UPDATE `user_registration` SET total_downlines = total_downlines+1
WHERE `user_id` = 'N6GZAE';
UPDATE `user_registration` SET left_downlines = left_downlines+1
WHERE `user_id` = 'N6GZAE';
UPDATE `user_registration` SET total_downlines = total_downlines+1
WHERE `user_id` = '4E1CRI';
UPDATE `user_registration` SET left_downlines = left_downlines+1
WHERE `user_id` = '4E1CRI';
UPDATE `user_registration` SET total_downlines = total_downlines+1
WHERE `user_id` = 'SJBNYJ';
UPDATE `user_registration` SET left_downlines = left_downlines+1
WHERE `user_id` = 'SJBNYJ';
UPDATE `user_registration` SET total_downlines = total_downlines+1
WHERE `user_id` = '44B9Y4';
UPDATE `user_registration` SET left_downlines = left_downlines+1
WHERE `user_id` = '44B9Y4';
UPDATE `user_registration` SET total_downlines = total_downlines+1
WHERE `user_id` = 'admin';
UPDATE `user_registration` SET right_downlines = right_downlines+1
WHERE `user_id` = 'admin';
INSERT INTO `investment` (`invest_date`, `user_id`, `type`, `amount`, `package_id`) VALUES ('2025-03-27 11:53:54', 'L84ITK', 'register', '595', '2');
INSERT INTO `earnings` (`user_id`, `Purchaser_id`, `earning_type`, `package_id`, `amount`, `date`, `comments`, `invest_amount`, `comm_perc`, `level`, `rank_id`, `order_id`) VALUES ('UT8WM5', 'L84ITK', 'Direct Referral Bonus', '2', '100', '2025-03-27 11:53:54', 'Direct Referral Bonus', 0, 0, 1, '', 218);
UPDATE `user_registration` SET commission_balance = ROUND(commission_balance + 100,2)
WHERE `user_id` = 'UT8WM5';
UPDATE `user_registration` SET referral_bonus = ROUND(referral_bonus + 100,2)
WHERE `user_id` = 'UT8WM5';
INSERT INTO `earnings` (`user_id`, `Purchaser_id`, `earning_type`, `package_id`, `amount`, `date`, `comments`, `invest_amount`, `comm_perc`, `level`, `rank_id`, `order_id`) VALUES ('UQO7EQ', 'L84ITK', 'Expansion Bonus', '2', 100, '2025-03-27 11:53:54', 'Expansion Bonus', '100', 0, 1, '', 218);
UPDATE `user_registration` SET commission_balance = ROUND(commission_balance + 100,2)
WHERE `user_id` = 'UQO7EQ';
UPDATE `user_registration` SET expansion_bonus = ROUND(expansion_bonus + 100,2)
WHERE `user_id` = 'UQO7EQ';
UPDATE `user_registration` SET total_points = ROUND(total_points + 50,2)
WHERE `user_id` = 'L84ITK';
INSERT INTO `points_history` (`user_id`, `points`, `type`, `date`) VALUES ('L84ITK', '50', 'register', '2025-03-27 11:53:');
INSERT INTO `matrix_filling` (`placement_id`, `downline_id`, `level`, `matrix`) VALUES ('UT8WM5', 'L84ITK', 1, 1);
UPDATE `bv_updation` SET right_carry = right_carry+50, total_right = total_right+50
WHERE `user_id` = 'UT8WM5';
INSERT INTO `placement_bv_update_history` (`right_carry`, `date`, `from_id`, `user_id`) VALUES ('50', '2025-03-27 11:53:54', 'L84ITK', 'UT8WM5');
UPDATE `bv_updation` SET sponsor_right_carry = sponsor_right_carry+50, sponsor_total_right = sponsor_total_right+50
WHERE `user_id` = 'UT8WM5';
INSERT INTO `sponsor_bv_update_history` (`right_carry`, `date`, `user_id`) VALUES ('50', '2025-03-27 11:53:54', 'UT8WM5');
INSERT INTO `matrix_filling` (`placement_id`, `downline_id`, `level`, `matrix`) VALUES ('UXMQZD', 'L84ITK', 2, 1);
UPDATE `bv_updation` SET left_carry = left_carry+50, total_left = total_left+50
WHERE `user_id` = 'UXMQZD';
INSERT INTO `placement_bv_update_history` (`left_carry`, `date`, `from_id`, `user_id`) VALUES ('50', '2025-03-27 11:53:54', 'L84ITK', 'UXMQZD');
INSERT INTO `matrix_filling` (`placement_id`, `downline_id`, `level`, `matrix`) VALUES ('O94ZPY', 'L84ITK', 3, 1);
UPDATE `bv_updation` SET right_carry = right_carry+50, total_right = total_right+50
WHERE `user_id` = 'O94ZPY';
INSERT INTO `placement_bv_update_history` (`right_carry`, `date`, `from_id`, `user_id`) VALUES ('50', '2025-03-27 11:53:54', 'L84ITK', 'O94ZPY');
UPDATE `user_registration` SET `cycle_rank_id` = '2'
WHERE `user_id` = 'O94ZPY';
INSERT INTO `rank_history` (`rank_id`, `user_id`, `name`, `bv`, `date`, `amount`, `type`) VALUES ('2', 'O94ZPY', 'Associate', '1200', '2025-03-27 11:53:54', '100', 'auto');
UPDATE `user_registration` SET `highest_rank` = '2'
WHERE `user_id` = 'O94ZPY';
INSERT INTO `earnings` (`user_id`, `Purchaser_id`, `earning_type`, `package_id`, `amount`, `date`, `comments`, `invest_amount`, `comm_perc`, `level`, `rank_id`, `order_id`) VALUES ('O94ZPY', 'O94ZPY', 'Rank Bonus', 0, '100', '2025-03-27 11:53:54', 'Rank Bonus', '100', 0, 0, '2', 0);
UPDATE `user_registration` SET commission_balance = ROUND(commission_balance + 100,2)
WHERE `user_id` = 'O94ZPY';
UPDATE `user_registration` SET rank_bonus = ROUND(rank_bonus + 100,2)
WHERE `user_id` = 'O94ZPY';
INSERT INTO `matrix_filling` (`placement_id`, `downline_id`, `level`, `matrix`) VALUES ('JHRDHS', 'L84ITK', 4, 1);
UPDATE `bv_updation` SET right_carry = right_carry+50, total_right = total_right+50
WHERE `user_id` = 'JHRDHS';
INSERT INTO `placement_bv_update_history` (`right_carry`, `date`, `from_id`, `user_id`) VALUES ('50', '2025-03-27 11:53:54', 'L84ITK', 'JHRDHS');
INSERT INTO `matrix_filling` (`placement_id`, `downline_id`, `level`, `matrix`) VALUES ('CVVK4C', 'L84ITK', 5, 1);
UPDATE `bv_updation` SET right_carry = right_carry+50, total_right = total_right+50
WHERE `user_id` = 'CVVK4C';
INSERT INTO `placement_bv_update_history` (`right_carry`, `date`, `from_id`, `user_id`) VALUES ('50', '2025-03-27 11:53:54', 'L84ITK', 'CVVK4C');
INSERT INTO `matrix_filling` (`placement_id`, `downline_id`, `level`, `matrix`) VALUES ('K55EDD', 'L84ITK', 6, 1);
UPDATE `bv_updation` SET left_carry = left_carry+50, total_left = total_left+50
WHERE `user_id` = 'K55EDD';
INSERT INTO `placement_bv_update_history` (`left_carry`, `date`, `from_id`, `user_id`) VALUES ('50', '2025-03-27 11:53:54', 'L84ITK', 'K55EDD');
INSERT INTO `matrix_filling` (`placement_id`, `downline_id`, `level`, `matrix`) VALUES ('UQO7EQ', 'L84ITK', 7, 1);
UPDATE `bv_updation` SET left_carry = left_carry+50, total_left = total_left+50
WHERE `user_id` = 'UQO7EQ';
INSERT INTO `placement_bv_update_history` (`left_carry`, `date`, `from_id`, `user_id`) VALUES ('50', '2025-03-27 11:53:54', 'L84ITK', 'UQO7EQ');
INSERT INTO `matrix_filling` (`placement_id`, `downline_id`, `level`, `matrix`) VALUES ('N6GZAE', 'L84ITK', 8, 1);
UPDATE `bv_updation` SET left_carry = left_carry+50, total_left = total_left+50
WHERE `user_id` = 'N6GZAE';
INSERT INTO `placement_bv_update_history` (`left_carry`, `date`, `from_id`, `user_id`) VALUES ('50', '2025-03-27 11:53:54', 'L84ITK', 'N6GZAE');
INSERT INTO `matrix_filling` (`placement_id`, `downline_id`, `level`, `matrix`) VALUES ('4E1CRI', 'L84ITK', 9, 1);
UPDATE `bv_updation` SET left_carry = left_carry+50, total_left = total_left+50
WHERE `user_id` = '4E1CRI';
INSERT INTO `placement_bv_update_history` (`left_carry`, `date`, `from_id`, `user_id`) VALUES ('50', '2025-03-27 11:53:54', 'L84ITK', '4E1CRI');
INSERT INTO `matrix_filling` (`placement_id`, `downline_id`, `level`, `matrix`) VALUES ('SJBNYJ', 'L84ITK', 10, 1);
UPDATE `bv_updation` SET left_carry = left_carry+50, total_left = total_left+50
WHERE `user_id` = 'SJBNYJ';
INSERT INTO `placement_bv_update_history` (`left_carry`, `date`, `from_id`, `user_id`) VALUES ('50', '2025-03-27 11:53:54', 'L84ITK', 'SJBNYJ');
INSERT INTO `matrix_filling` (`placement_id`, `downline_id`, `level`, `matrix`) VALUES ('44B9Y4', 'L84ITK', 11, 1);
UPDATE `bv_updation` SET left_carry = left_carry+50, total_left = total_left+50
WHERE `user_id` = '44B9Y4';
INSERT INTO `placement_bv_update_history` (`left_carry`, `date`, `from_id`, `user_id`) VALUES ('50', '2025-03-27 11:53:54', 'L84ITK', '44B9Y4');
INSERT INTO `matrix_filling` (`placement_id`, `downline_id`, `level`, `matrix`) VALUES ('admin', 'L84ITK', 12, 1);
UPDATE `bv_updation` SET right_carry = right_carry+50, total_right = total_right+50
WHERE `user_id` = 'admin';
INSERT INTO `placement_bv_update_history` (`right_carry`, `date`, `from_id`, `user_id`) VALUES ('50', '2025-03-27 11:53:54', 'L84ITK', 'admin');
INSERT INTO `package_purchase_history` (`user_id`, `package_id`, `reg_fee`, `package_name`, `monthly_fee`, `type`, `date`, `payment_option`) VALUES ('L84ITK', '2', '595', 'Traveler Pro', '150', 'sign_up', '2025-03-27 11:53:54', 'stripe');
UPDATE `ci_sessions` SET `timestamp` = 1743094753, `data` = '__ci_last_regenerate|i:1743094753;id|s:4:\"2114\";user_id|s:6:\"UT8WM5\";username|s:15:\"Amadorsonia1967\";sponsor_id|s:6:\"UXMQZD\";fullname|s:12:\"Sonia Amador\";email|s:21:\"soniama1220@yahoo.com\";phone|s:12:\"813 410 0652\";isLogIn|b:1;message|s:44:\"Your registration completed successfully...!\";__ci_vars|a:1:{s:7:\"message\";s:3:\"old\";}'
WHERE `id` = '231da75cc5ffcb36d96c64f3e93126356a284e81';
UPDATE `user_registration` SET `popup_seen` = 'no'
WHERE `user_id` = 'UT8WM5';
DELETE FROM `ci_sessions`
WHERE `id` = 'bf7d5c6bd06214fdb55c2d3ac5285c9d4184dfff';
INSERT INTO `login_history` (`user_id`, `device`, `ip_address`, `date`) VALUES ('O94ZPY', 'Mozilla/5.0 (Macintosh; Intel Mac OS X 10_15_7) AppleWebKit/605.1.15 (KHTML, like Gecko) Version/18.3 Safari/605.1.15', '172.68.12.2', '25-03-27 11:59');
UPDATE `user_registration` SET `popup_seen` = 'yes'
WHERE `user_id` = 'O94ZPY';
UPDATE `user_registration` SET `popup_seen` = 'yes'
WHERE `user_id` = 'O94ZPY';
UPDATE `user_registration` SET `language` = 'spanish'
WHERE `user_id` = 'O94ZPY';
UPDATE `user_registration` SET `popup_seen` = 'yes'
WHERE `user_id` = 'O94ZPY';
INSERT INTO `login_history` (`user_id`, `device`, `ip_address`, `date`) VALUES ('UQO7EQ', 'Mozilla/5.0 (iPhone; CPU iPhone OS 18_3_2 like Mac OS X) AppleWebKit/605.1.15 (KHTML, like Gecko) Version/18.3.1 Mobile/15E148 Safari/604.1', '172.68.7.63', '25-03-27 12:00');
UPDATE `user_registration` SET `popup_seen` = 'yes'
WHERE `user_id` = 'UQO7EQ';
INSERT INTO `login_history` (`user_id`, `device`, `ip_address`, `date`) VALUES ('PKHRN5', 'Mozilla/5.0 (Linux; Android 10; K) AppleWebKit/537.36 (KHTML, like Gecko) Chrome/134.0.0.0 Mobile Safari/537.36', '172.68.7.184', '25-03-27 12:01');
UPDATE `user_registration` SET `popup_seen` = 'yes'
WHERE `user_id` = 'PKHRN5';
UPDATE `ci_sessions` SET `timestamp` = 1743094947, `data` = '__ci_last_regenerate|i:1743094947;id|s:4:\"2084\";user_id|s:6:\"QJ5U9C\";username|s:10:\"gascarde60\";sponsor_id|s:6:\"O94ZPY\";fullname|s:14:\"Gaspar Cardero\";email|s:18:\"gascarde@yahoo.com\";phone|s:10:\"7862371360\";isLogIn|b:1;'
WHERE `id` = '5dd3949785bb60b1ea11eddbdbe4fa4e8d3c3c18';
UPDATE `user_registration` SET `popup_seen` = 'yes'
WHERE `user_id` = 'QJ5U9C';
UPDATE `ci_sessions` SET `timestamp` = 1743094985, `data` = '__ci_last_regenerate|i:1743094985;captcha|s:4:\"ided\";'
WHERE `id` = '8ac86704a0b5f79d4c8a1afd5ca8b4b8e1ba7106';
INSERT INTO `login_history` (`user_id`, `device`, `ip_address`, `date`) VALUES ('UQO7EQ', 'Mozilla/5.0 (Windows NT 10.0; Win64; x64) AppleWebKit/537.36 (KHTML, like Gecko) Chrome/134.0.0.0 Safari/537.36', '172.70.82.148', '25-03-27 12:03');
UPDATE `user_registration` SET `popup_seen` = 'yes'
WHERE `user_id` = 'UQO7EQ';
UPDATE `user_registration` SET `popup_seen` = 'yes'
WHERE `user_id` = 'O94ZPY';
UPDATE `user_registration` SET `popup_seen` = 'yes'
WHERE `user_id` = 'UQO7EQ';
INSERT INTO `login_history` (`user_id`, `device`, `ip_address`, `date`) VALUES ('JHRDHS', 'Mozilla/5.0 (iPhone; CPU iPhone OS 18_3_2 like Mac OS X) AppleWebKit/605.1.15 (KHTML, like Gecko) Version/18.3.1 Mobile/15E148 Safari/604.1', '172.68.70.175', '25-03-27 12:05');
UPDATE `user_registration` SET `popup_seen` = 'yes'
WHERE `user_id` = 'JHRDHS';
UPDATE `user_registration` SET `popup_seen` = 'no'
WHERE `user_id` IS NULL;
DELETE FROM `ci_sessions`
WHERE `id` = 'ac4b4e54c390a91883600070429274d23cca183c';
INSERT INTO `login_history` (`user_id`, `device`, `ip_address`, `date`) VALUES ('JHRDHS', 'Mozilla/5.0 (Macintosh; Intel Mac OS X 10_15_7) AppleWebKit/605.1.15 (KHTML, like Gecko) Version/17.6 Safari/605.1.15', '172.68.7.138', '25-03-27 12:06');
UPDATE `user_registration` SET `popup_seen` = 'yes'
WHERE `user_id` = 'JHRDHS';
INSERT INTO `login_history` (`user_id`, `device`, `ip_address`, `date`) VALUES ('SX4SBY', 'Mozilla/5.0 (Windows NT 10.0; Win64; x64) AppleWebKit/537.36 (KHTML, like Gecko) Chrome/134.0.0.0 Safari/537.36 Edg/134.0.0.0', '172.69.132.230', '25-03-27 12:07');
UPDATE `user_registration` SET `popup_seen` = 'yes'
WHERE `user_id` = 'SX4SBY';
UPDATE `ci_sessions` SET `timestamp` = 1743095356, `data` = '__ci_last_regenerate|i:1743095356;id|s:4:\"2042\";user_id|s:6:\"UQO7EQ\";username|s:6:\"Rafa51\";sponsor_id|s:6:\"N6GZAE\";fullname|s:16:\"Rafael Rodriguez\";email|s:18:\"rafagana@yahoo.com\";phone|s:10:\"3057610606\";isLogIn|b:1;'
WHERE `id` = 'b5d344abafca894d717d9bffdd9692d54c62ccc4';
UPDATE `user_registration` SET `popup_seen` = 'yes'
WHERE `user_id` = 'UQO7EQ';
UPDATE `ci_sessions` SET `timestamp` = 1743095389, `data` = '__ci_last_regenerate|i:1743095389;id|s:4:\"2084\";user_id|s:6:\"QJ5U9C\";username|s:10:\"gascarde60\";sponsor_id|s:6:\"O94ZPY\";fullname|s:14:\"Gaspar Cardero\";email|s:18:\"gascarde@yahoo.com\";phone|s:10:\"7862371360\";isLogIn|b:1;'
WHERE `id` = 'fce1eb722e62739e5b9d9da029e20ed39790ddb2';
UPDATE `user_registration` SET `popup_seen` = 'yes'
WHERE `user_id` = 'QJ5U9C';
UPDATE `user_registration` SET `popup_seen` = 'yes'
WHERE `user_id` = 'UQO7EQ';
UPDATE `user_registration` SET `language` = 'english'
WHERE `user_id` = 'QJ5U9C';
UPDATE `user_registration` SET `popup_seen` = 'yes'
WHERE `user_id` = 'QJ5U9C';
UPDATE `ci_sessions` SET `timestamp` = 1743095634, `data` = '__ci_last_regenerate|i:1743095634;id|s:4:\"2277\";user_id|s:6:\"SX4SBY\";username|s:11:\"kikomasso42\";sponsor_id|s:6:\"7ZQOFP\";fullname|s:10:\"Luis Masso\";email|s:24:\"enriquemasso42@gmail.com\";phone|s:10:\"3053085694\";isLogIn|b:1;message|s:18:\"Welcome Luis Masso\";__ci_vars|a:1:{s:7:\"message\";s:3:\"old\";}'
WHERE `id` = 'fab7ac2c341c0056e1ac43d4d2f5c29673225f22';
UPDATE `user_registration` SET `language` = 'english'
WHERE `user_id` = 'SX4SBY';
UPDATE `user_registration` SET `popup_seen` = 'yes'
WHERE `user_id` = 'SX4SBY';
INSERT INTO `temp_register` (`post_data`, `date`, `payment_method`, `type`) VALUES ('{\"user_id\":\"SX4SBY\",\"new_package_id\":\"2\",\"old_package_id\":\"1\",\"amt_diff\":\"595\",\"bv_diff\":\"50\",\"new_pack_name\":\"Traveler Pro\"}', '2025-03-27 12:14:16', 'stripe', 'upgrade');
UPDATE `ci_sessions` SET `timestamp` = 1743095690, `data` = '__ci_last_regenerate|i:1743095690;id|s:4:\"2042\";user_id|s:6:\"UQO7EQ\";username|s:6:\"Rafa51\";sponsor_id|s:6:\"N6GZAE\";fullname|s:16:\"Rafael Rodriguez\";email|s:18:\"rafagana@yahoo.com\";phone|s:10:\"3057610606\";isLogIn|b:1;'
WHERE `id` = '1f7c291c99a44dd73dd5db2e0fe483c5b3131c7b';
UPDATE `user_registration` SET `popup_seen` = 'yes'
WHERE `user_id` = 'UQO7EQ';
UPDATE `temp_register` SET `response` = '{\"stripeToken\":\"tok_1R7K1M2NUoYUjiuuoPSQGEKa\",\"stripeTokenType\":\"card\",\"stripeEmail\":\"enriquemasso42@gmail.com\"}', `date_modified` = '2025-03-27 12:15:18', `payment_status` = '{\"id\":\"ch_3R7K1R2NUoYUjiuu1M1RYuby\",\"object\":\"charge\",\"amount\":59500,\"amount_captured\":59500,\"amount_refunded\":0,\"application\":null,\"application_fee\":null,\"application_fee_amount\":null,\"balance_transaction\":\"txn_3R7K1R2NUoYUjiuu1zY7Xhcf\",\"billing_details\":{\"address\":{\"city\":null,\"country\":null,\"line1\":null,\"line2\":null,\"postal_code\":null,\"state\":null},\"email\":null,\"name\":\"enriquemasso42@gmail.com\",\"phone\":null},\"calculated_statement_descriptor\":\"TRAVELEGENDCY LLC\",\"captured\":true,\"created\":1743095717,\"currency\":\"usd\",\"customer\":\"cus_S1MkBT01CXPOoP\",\"description\":null,\"destination\":null,\"dispute\":null,\"disputed\":false,\"failure_balance_transaction\":null,\"failure_code\":null,\"failure_message\":null,\"fraud_details\":[],\"invoice\":null,\"livemode\":true,\"metadata\":{\"name\":\" \"},\"on_behalf_of\":null,\"order\":null,\"outcome\":{\"advice_code\":null,\"network_advice_code\":null,\"network_decline_code\":null,\"network_status\":\"approved_by_network\",\"reason\":null,\"risk_level\":\"normal\",\"seller_message\":\"Payment complete.\",\"type\":\"authorized\"},\"paid\":true,\"payment_intent\":null,\"payment_method\":\"card_1R7K1M2NUoYUjiuuS6oHNqiu\",\"payment_method_details\":{\"card\":{\"amount_authorized\":59500,\"authorization_code\":\"081513\",\"brand\":\"visa\",\"checks\":{\"address_line1_check\":null,\"address_postal_code_check\":null,\"cvc_check\":\"pass\"},\"country\":\"US\",\"exp_month\":8,\"exp_year\":2029,\"extended_authorization\":{\"status\":\"disabled\"},\"fingerprint\":\"eljFbN30xpK1VZfx\",\"funding\":\"debit\",\"incremental_authorization\":{\"status\":\"unavailable\"},\"installments\":null,\"last4\":\"0327\",\"mandate\":null,\"multicapture\":{\"status\":\"unavailable\"},\"network\":\"visa\",\"network_token\":{\"used\":true},\"network_transaction_id\":\"465086621175097\",\"overcapture\":{\"maximum_amount_capturable\":59500,\"status\":\"unavailable\"},\"regulated_status\":\"regulated\",\"three_d_secure\":null,\"wallet\":null},\"type\":\"card\"},\"receipt_email\":null,\"receipt_number\":null,\"receipt_url\":\"https:\\/\\/pay.stripe.com\\/receipts\\/payment\\/CAcQARoXChVhY2N0XzFRUEFGdjJOVW9ZVWppdXUop4-WvwYyBjAP8tCxzDosFsYlxEjqaBE2_pBj9X3bU1_D8mAT8Eibjtxx4XZbHg4HPWL8BRjMu6dek3k\",\"refunded\":false,\"review\":null,\"shipping\":null,\"source\":{\"id\":\"card_1R7K1M2NUoYUjiuuS6oHNqiu\",\"object\":\"card\",\"address_city\":null,\"address_country\":null,\"address_line1\":null,\"address_line1_check\":null,\"address_line2\":null,\"address_state\":null,\"address_zip\":null,\"address_zip_check\":null,\"allow_redisplay\":\"unspecified\",\"brand\":\"Visa\",\"country\":\"US\",\"customer\":\"cus_S1MkBT01CXPOoP\",\"cvc_check\":\"pass\",\"dynamic_last4\":null,\"exp_month\":8,\"exp_year\":2029,\"fingerprint\":\"eljFbN30xpK1VZfx\",\"funding\":\"debit\",\"last4\":\"0327\",\"metadata\":[],\"name\":\"enriquemasso42@gmail.com\",\"regulated_status\":\"regulated\",\"tokenization_method\":null,\"wallet\":null},\"source_transfer\":null,\"statement_descriptor\":null,\"statement_descriptor_suffix\":null,\"status\":\"succeeded\",\"transfer_data\":null,\"transfer_group\":null}'
WHERE `id` = 230;
INSERT INTO `package_purchase_history` (`user_id`, `package_id`, `reg_fee`, `package_name`, `monthly_fee`, `type`, `date`, `payment_option`) VALUES ('SX4SBY', '2', '595', 'Traveler Pro', '150', 'upgrade', '2025-03-27 12:15:18', 'stripe');
UPDATE `user_registration` SET `package_id` = '2'
WHERE `user_id` = 'SX4SBY';
INSERT INTO `investment` (`invest_date`, `user_id`, `type`, `amount`, `package_id`) VALUES ('2025-03-27 12:15:18', 'SX4SBY', 'upgrade', '595', '2');
INSERT INTO `earnings` (`user_id`, `Purchaser_id`, `earning_type`, `package_id`, `amount`, `date`, `comments`, `invest_amount`, `comm_perc`, `level`, `rank_id`, `order_id`) VALUES ('7ZQOFP', 'SX4SBY', 'Direct Referral Bonus', '2', '100', '2025-03-27 12:15:18', 'Direct Referral Bonus', 0, 0, 1, '', 219);
UPDATE `user_registration` SET commission_balance = ROUND(commission_balance + 100,2)
WHERE `user_id` = '7ZQOFP';
UPDATE `user_registration` SET referral_bonus = ROUND(referral_bonus + 100,2)
WHERE `user_id` = '7ZQOFP';
INSERT INTO `earnings` (`user_id`, `Purchaser_id`, `earning_type`, `package_id`, `amount`, `date`, `comments`, `invest_amount`, `comm_perc`, `level`, `rank_id`, `order_id`) VALUES ('QJ5U9C', 'SX4SBY', 'Expansion Bonus', '2', 100, '2025-03-27 12:15:18', 'Expansion Bonus', '100', 0, 1, '', 219);
UPDATE `user_registration` SET commission_balance = ROUND(commission_balance + 100,2)
WHERE `user_id` = 'QJ5U9C';
UPDATE `user_registration` SET expansion_bonus = ROUND(expansion_bonus + 100,2)
WHERE `user_id` = 'QJ5U9C';
UPDATE `user_registration` SET total_points = ROUND(total_points + 50,2)
WHERE `user_id` = 'SX4SBY';
INSERT INTO `points_history` (`user_id`, `points`, `type`, `date`) VALUES ('SX4SBY', '50', 'upgrade', '2025-03-27 12:15:');
INSERT INTO `matrix_filling` (`placement_id`, `downline_id`, `level`, `matrix`) VALUES ('7ZQOFP', 'SX4SBY', 1, 1);
UPDATE `bv_updation` SET right_carry = right_carry+50, total_right = total_right+50
WHERE `user_id` = '7ZQOFP';
INSERT INTO `placement_bv_update_history` (`right_carry`, `date`, `from_id`, `user_id`) VALUES ('50', '2025-03-27 12:15:18', 'SX4SBY', '7ZQOFP');
UPDATE `bv_updation` SET sponsor_right_carry = sponsor_right_carry+50, sponsor_total_right = sponsor_total_right+50
WHERE `user_id` = '7ZQOFP';
INSERT INTO `sponsor_bv_update_history` (`right_carry`, `date`, `user_id`) VALUES ('50', '2025-03-27 12:15:18', '7ZQOFP');
INSERT INTO `matrix_filling` (`placement_id`, `downline_id`, `level`, `matrix`) VALUES ('4N4NX4', 'SX4SBY', 2, 1);
UPDATE `bv_updation` SET right_carry = right_carry+50, total_right = total_right+50
WHERE `user_id` = '4N4NX4';
INSERT INTO `placement_bv_update_history` (`right_carry`, `date`, `from_id`, `user_id`) VALUES ('50', '2025-03-27 12:15:18', 'SX4SBY', '4N4NX4');
INSERT INTO `matrix_filling` (`placement_id`, `downline_id`, `level`, `matrix`) VALUES ('HRAFD3', 'SX4SBY', 3, 1);
UPDATE `bv_updation` SET left_carry = left_carry+50, total_left = total_left+50
WHERE `user_id` = 'HRAFD3';
INSERT INTO `placement_bv_update_history` (`left_carry`, `date`, `from_id`, `user_id`) VALUES ('50', '2025-03-27 12:15:18', 'SX4SBY', 'HRAFD3');
INSERT INTO `matrix_filling` (`placement_id`, `downline_id`, `level`, `matrix`) VALUES ('F7LGEE', 'SX4SBY', 4, 1);
UPDATE `bv_updation` SET right_carry = right_carry+50, total_right = total_right+50
WHERE `user_id` = 'F7LGEE';
INSERT INTO `placement_bv_update_history` (`right_carry`, `date`, `from_id`, `user_id`) VALUES ('50', '2025-03-27 12:15:18', 'SX4SBY', 'F7LGEE');
INSERT INTO `matrix_filling` (`placement_id`, `downline_id`, `level`, `matrix`) VALUES ('QJ5U9C', 'SX4SBY', 5, 1);
UPDATE `bv_updation` SET right_carry = right_carry+50, total_right = total_right+50
WHERE `user_id` = 'QJ5U9C';
INSERT INTO `placement_bv_update_history` (`right_carry`, `date`, `from_id`, `user_id`) VALUES ('50', '2025-03-27 12:15:18', 'SX4SBY', 'QJ5U9C');
INSERT INTO `matrix_filling` (`placement_id`, `downline_id`, `level`, `matrix`) VALUES ('O94ZPY', 'SX4SBY', 6, 1);
UPDATE `bv_updation` SET left_carry = left_carry+50, total_left = total_left+50
WHERE `user_id` = 'O94ZPY';
INSERT INTO `placement_bv_update_history` (`left_carry`, `date`, `from_id`, `user_id`) VALUES ('50', '2025-03-27 12:15:18', 'SX4SBY', 'O94ZPY');
INSERT INTO `matrix_filling` (`placement_id`, `downline_id`, `level`, `matrix`) VALUES ('JHRDHS', 'SX4SBY', 7, 1);
UPDATE `bv_updation` SET right_carry = right_carry+50, total_right = total_right+50
WHERE `user_id` = 'JHRDHS';
INSERT INTO `placement_bv_update_history` (`right_carry`, `date`, `from_id`, `user_id`) VALUES ('50', '2025-03-27 12:15:18', 'SX4SBY', 'JHRDHS');
INSERT INTO `matrix_filling` (`placement_id`, `downline_id`, `level`, `matrix`) VALUES ('CVVK4C', 'SX4SBY', 8, 1);
UPDATE `bv_updation` SET right_carry = right_carry+50, total_right = total_right+50
WHERE `user_id` = 'CVVK4C';
INSERT INTO `placement_bv_update_history` (`right_carry`, `date`, `from_id`, `user_id`) VALUES ('50', '2025-03-27 12:15:18', 'SX4SBY', 'CVVK4C');
INSERT INTO `matrix_filling` (`placement_id`, `downline_id`, `level`, `matrix`) VALUES ('K55EDD', 'SX4SBY', 9, 1);
UPDATE `bv_updation` SET left_carry = left_carry+50, total_left = total_left+50
WHERE `user_id` = 'K55EDD';
INSERT INTO `placement_bv_update_history` (`left_carry`, `date`, `from_id`, `user_id`) VALUES ('50', '2025-03-27 12:15:18', 'SX4SBY', 'K55EDD');
INSERT INTO `matrix_filling` (`placement_id`, `downline_id`, `level`, `matrix`) VALUES ('UQO7EQ', 'SX4SBY', 10, 1);
UPDATE `bv_updation` SET left_carry = left_carry+50, total_left = total_left+50
WHERE `user_id` = 'UQO7EQ';
INSERT INTO `placement_bv_update_history` (`left_carry`, `date`, `from_id`, `user_id`) VALUES ('50', '2025-03-27 12:15:18', 'SX4SBY', 'UQO7EQ');
INSERT INTO `matrix_filling` (`placement_id`, `downline_id`, `level`, `matrix`) VALUES ('N6GZAE', 'SX4SBY', 11, 1);
UPDATE `bv_updation` SET left_carry = left_carry+50, total_left = total_left+50
WHERE `user_id` = 'N6GZAE';
INSERT INTO `placement_bv_update_history` (`left_carry`, `date`, `from_id`, `user_id`) VALUES ('50', '2025-03-27 12:15:18', 'SX4SBY', 'N6GZAE');
INSERT INTO `matrix_filling` (`placement_id`, `downline_id`, `level`, `matrix`) VALUES ('4E1CRI', 'SX4SBY', 12, 1);
UPDATE `bv_updation` SET left_carry = left_carry+50, total_left = total_left+50
WHERE `user_id` = '4E1CRI';
INSERT INTO `placement_bv_update_history` (`left_carry`, `date`, `from_id`, `user_id`) VALUES ('50', '2025-03-27 12:15:18', 'SX4SBY', '4E1CRI');
INSERT INTO `matrix_filling` (`placement_id`, `downline_id`, `level`, `matrix`) VALUES ('SJBNYJ', 'SX4SBY', 13, 1);
UPDATE `bv_updation` SET left_carry = left_carry+50, total_left = total_left+50
WHERE `user_id` = 'SJBNYJ';
INSERT INTO `placement_bv_update_history` (`left_carry`, `date`, `from_id`, `user_id`) VALUES ('50', '2025-03-27 12:15:18', 'SX4SBY', 'SJBNYJ');
INSERT INTO `matrix_filling` (`placement_id`, `downline_id`, `level`, `matrix`) VALUES ('44B9Y4', 'SX4SBY', 14, 1);
UPDATE `bv_updation` SET left_carry = left_carry+50, total_left = total_left+50
WHERE `user_id` = '44B9Y4';
INSERT INTO `placement_bv_update_history` (`left_carry`, `date`, `from_id`, `user_id`) VALUES ('50', '2025-03-27 12:15:18', 'SX4SBY', '44B9Y4');
INSERT INTO `matrix_filling` (`placement_id`, `downline_id`, `level`, `matrix`) VALUES ('admin', 'SX4SBY', 15, 1);
UPDATE `bv_updation` SET right_carry = right_carry+50, total_right = total_right+50
WHERE `user_id` = 'admin';
INSERT INTO `placement_bv_update_history` (`right_carry`, `date`, `from_id`, `user_id`) VALUES ('50', '2025-03-27 12:15:18', 'SX4SBY', 'admin');
UPDATE `ci_sessions` SET `timestamp` = 1743095737, `data` = '__ci_last_regenerate|i:1743095737;id|s:4:\"2084\";user_id|s:6:\"QJ5U9C\";username|s:10:\"gascarde60\";sponsor_id|s:6:\"O94ZPY\";fullname|s:14:\"Gaspar Cardero\";email|s:18:\"gascarde@yahoo.com\";phone|s:10:\"7862371360\";isLogIn|b:1;'
WHERE `id` = 'ba799a678508918b572c418a0048f82c07599f87';
UPDATE `user_registration` SET `popup_seen` = 'yes'
WHERE `user_id` = 'QJ5U9C';
UPDATE `user_registration` SET `popup_seen` = 'yes'
WHERE `user_id` = 'SX4SBY';
UPDATE `user_registration` SET `popup_seen` = 'yes'
WHERE `user_id` = 'SX4SBY';
UPDATE `ci_sessions` SET `timestamp` = 1743095961, `data` = '__ci_last_regenerate|i:1743095961;id|s:4:\"2277\";user_id|s:6:\"SX4SBY\";username|s:11:\"kikomasso42\";sponsor_id|s:6:\"7ZQOFP\";fullname|s:10:\"Luis Masso\";email|s:24:\"enriquemasso42@gmail.com\";phone|s:10:\"3053085694\";isLogIn|b:1;'
WHERE `id` = '1f0b7d8b62d386d3e34ffb050f6275c12047d93f';
UPDATE `ci_sessions` SET `timestamp` = 1743096218, `data` = '__ci_last_regenerate|i:1743096218;id|s:4:\"2084\";user_id|s:6:\"QJ5U9C\";username|s:10:\"gascarde60\";sponsor_id|s:6:\"O94ZPY\";fullname|s:14:\"Gaspar Cardero\";email|s:18:\"gascarde@yahoo.com\";phone|s:10:\"7862371360\";isLogIn|b:1;'
WHERE `id` = '57ae940bfe787e926dbfe47e20aadabcb0122f06';
UPDATE `ci_sessions` SET `timestamp` = 1743096495, `data` = '__ci_last_regenerate|i:1743096495;id|s:4:\"2042\";user_id|s:6:\"UQO7EQ\";username|s:6:\"Rafa51\";sponsor_id|s:6:\"N6GZAE\";fullname|s:16:\"Rafael Rodriguez\";email|s:18:\"rafagana@yahoo.com\";phone|s:10:\"3057610606\";isLogIn|b:1;'
WHERE `id` = '0d36b0a73e083c07ec98762369f31942e8ae1832';
UPDATE `user_registration` SET `popup_seen` = 'yes'
WHERE `user_id` = 'UQO7EQ';
UPDATE `ci_sessions` SET `timestamp` = 1743096798, `data` = '__ci_last_regenerate|i:1743096798;id|s:4:\"2042\";user_id|s:6:\"UQO7EQ\";username|s:6:\"Rafa51\";sponsor_id|s:6:\"N6GZAE\";fullname|s:16:\"Rafael Rodriguez\";email|s:18:\"rafagana@yahoo.com\";phone|s:10:\"3057610606\";isLogIn|b:1;'
WHERE `id` = 'fb63c829f1702d56f515d6004e6d14cc0a8eb4d6';
UPDATE `user_registration` SET `popup_seen` = 'yes'
WHERE `user_id` = 'UQO7EQ';
UPDATE `ci_sessions` SET `timestamp` = 1743096844, `data` = '__ci_last_regenerate|i:1743096844;captcha|s:4:\"aehm\";'
WHERE `id` = '0bf82d39c6f49d74143d65d7e699d44e8e41d5eb';
UPDATE `ci_sessions` SET `timestamp` = 1743096856, `data` = '__ci_last_regenerate|i:1743096856;id|s:4:\"2042\";user_id|s:6:\"UQO7EQ\";username|s:6:\"Rafa51\";sponsor_id|s:6:\"N6GZAE\";fullname|s:16:\"Rafael Rodriguez\";email|s:18:\"rafagana@yahoo.com\";phone|s:10:\"3057610606\";isLogIn|b:1;'
WHERE `id` = 'f397b1a991258615ebde79c85d727640b6605fe9';
INSERT INTO `login_history` (`user_id`, `device`, `ip_address`, `date`) VALUES ('44B9Y4', 'Mozilla/5.0 (Windows NT 10.0; Win64; x64) AppleWebKit/537.36 (KHTML, like Gecko) Chrome/134.0.0.0 Safari/537.36', '172.68.12.197', '25-03-27 12:34');
UPDATE `user_registration` SET `popup_seen` = 'yes'
WHERE `user_id` = '44B9Y4';
INSERT INTO `temp_register` (`post_data`, `date`, `payment_method`, `type`) VALUES ('{\"user_id\":\"44B9Y4\",\"package_id\":\"2\",\"amount\":\"150\",\"payment_method\":\"stripe\",\"date\":\"2025-03-27 12:35:12\"}', '2025-03-27 12:35:12', 'stripe', 'renew');
UPDATE `temp_register` SET `response` = '{\"stripeToken\":\"tok_1R7KLk2NUoYUjiuuAyTjRRic\",\"stripeTokenType\":\"card\",\"stripeEmail\":\"sotolongor@gmail.com\"}', `date_modified` = '2025-03-27 12:36:22', `payment_status` = '{\"id\":\"ch_3R7KLp2NUoYUjiuu1VCzXHvk\",\"object\":\"charge\",\"amount\":15000,\"amount_captured\":15000,\"amount_refunded\":0,\"application\":null,\"application_fee\":null,\"application_fee_amount\":null,\"balance_transaction\":\"txn_3R7KLp2NUoYUjiuu1Fm4EENk\",\"billing_details\":{\"address\":{\"city\":null,\"country\":null,\"line1\":null,\"line2\":null,\"postal_code\":null,\"state\":null},\"email\":null,\"name\":\"sotolongor@gmail.com\",\"phone\":null},\"calculated_statement_descriptor\":\"TRAVELEGENDCY LLC\",\"captured\":true,\"created\":1743096981,\"currency\":\"usd\",\"customer\":\"cus_S1N5Te7gxvHl9I\",\"description\":null,\"destination\":null,\"dispute\":null,\"disputed\":false,\"failure_balance_transaction\":null,\"failure_code\":null,\"failure_message\":null,\"fraud_details\":[],\"invoice\":null,\"livemode\":true,\"metadata\":{\"name\":\"Emilio Tapanes\",\"username\":\"Talimbi\"},\"on_behalf_of\":null,\"order\":null,\"outcome\":{\"advice_code\":null,\"network_advice_code\":null,\"network_decline_code\":null,\"network_status\":\"approved_by_network\",\"reason\":null,\"risk_level\":\"normal\",\"seller_message\":\"Payment complete.\",\"type\":\"authorized\"},\"paid\":true,\"payment_intent\":null,\"payment_method\":\"card_1R7KLk2NUoYUjiuuIVPcmlaD\",\"payment_method_details\":{\"card\":{\"amount_authorized\":15000,\"authorization_code\":\"023613\",\"brand\":\"visa\",\"checks\":{\"address_line1_check\":null,\"address_postal_code_check\":null,\"cvc_check\":\"pass\"},\"country\":\"US\",\"exp_month\":9,\"exp_year\":2029,\"extended_authorization\":{\"status\":\"disabled\"},\"fingerprint\":\"ocxcoo0SAiDn6Y8d\",\"funding\":\"debit\",\"incremental_authorization\":{\"status\":\"unavailable\"},\"installments\":null,\"last4\":\"0632\",\"mandate\":null,\"multicapture\":{\"status\":\"unavailable\"},\"network\":\"visa\",\"network_token\":{\"used\":true},\"network_transaction_id\":\"305086633811721\",\"overcapture\":{\"maximum_amount_capturable\":15000,\"status\":\"unavailable\"},\"regulated_status\":\"regulated\",\"three_d_secure\":null,\"wallet\":null},\"type\":\"card\"},\"receipt_email\":null,\"receipt_number\":null,\"receipt_url\":\"https:\\/\\/pay.stripe.com\\/receipts\\/payment\\/CAcQARoXChVhY2N0XzFRUEFGdjJOVW9ZVWppdXUolpmWvwYyBgeUPhK93DosFhmqAFTNFB8h0EnqZ1xRgBwXX-EWN70NXdGgmFV1r-j77ljJ53XqfWT5mS8\",\"refunded\":false,\"review\":null,\"shipping\":null,\"source\":{\"id\":\"card_1R7KLk2NUoYUjiuuIVPcmlaD\",\"object\":\"card\",\"address_city\":null,\"address_country\":null,\"address_line1\":null,\"address_line1_check\":null,\"address_line2\":null,\"address_state\":null,\"address_zip\":null,\"address_zip_check\":null,\"allow_redisplay\":\"unspecified\",\"brand\":\"Visa\",\"country\":\"US\",\"customer\":\"cus_S1N5Te7gxvHl9I\",\"cvc_check\":\"pass\",\"dynamic_last4\":null,\"exp_month\":9,\"exp_year\":2029,\"fingerprint\":\"ocxcoo0SAiDn6Y8d\",\"funding\":\"debit\",\"last4\":\"0632\",\"metadata\":[],\"name\":\"sotolongor@gmail.com\",\"regulated_status\":\"regulated\",\"tokenization_method\":null,\"wallet\":null},\"source_transfer\":null,\"statement_descriptor\":null,\"statement_descriptor_suffix\":null,\"status\":\"succeeded\",\"transfer_data\":null,\"transfer_group\":null}'
WHERE `id` = 231;
INSERT INTO `sub_history` (`user_id`, `package_id`, `amount`, `payment_method`, `date`) VALUES ('44B9Y4', '2', '150', 'Stripe', '2025-03-27 12:36:22');
UPDATE `user_registration` SET sub_point = ROUND(sub_point + 150,2)
WHERE `user_id` = '44B9Y4';
INSERT INTO `investment` (`invest_date`, `user_id`, `type`, `amount`, `package_id`) VALUES ('2025-03-27 12:36:22', '44B9Y4', 'subscription', '150', '2');
UPDATE `user_registration` SET total_points = ROUND(total_points + 150,2)
WHERE `user_id` = '44B9Y4';
INSERT INTO `points_history` (`user_id`, `points`, `type`, `date`) VALUES ('44B9Y4', '150', 'subscription', '2025-03-27 12:36:');
UPDATE `bv_updation` SET right_carry = right_carry+150, total_right = total_right+150
WHERE `user_id` = 'admin';
INSERT INTO `placement_bv_update_history` (`right_carry`, `date`, `from_id`, `user_id`) VALUES ('150', '2025-03-27 12:36:22', '44B9Y4', 'admin');
UPDATE `bv_updation` SET sponsor_right_carry = sponsor_right_carry+150, sponsor_total_right = sponsor_total_right+150
WHERE `user_id` = 'admin';
INSERT INTO `sponsor_bv_update_history` (`right_carry`, `date`, `user_id`) VALUES ('150', '2025-03-27 12:36:22', 'admin');
UPDATE `user_registration` SET `subscription_date` = '2025-04-26', `active_status` = 'yes'
WHERE `user_id` = '44B9Y4';
UPDATE `user_registration` SET `popup_seen` = 'yes'
WHERE `user_id` = '44B9Y4';
UPDATE `user_registration` SET `popup_seen` = 'yes'
WHERE `user_id` = 'UQO7EQ';
UPDATE `user_registration` SET `popup_seen` = 'yes'
WHERE `user_id` = 'UQO7EQ';
UPDATE `ci_sessions` SET `timestamp` = 1743097165, `data` = '__ci_last_regenerate|i:1743097165;id|s:4:\"2071\";user_id|s:6:\"JHRDHS\";username|s:7:\"mbecena\";sponsor_id|s:6:\"CVVK4C\";fullname|s:12:\"Maria Becena\";email|s:21:\"mbecena@bellsouth.net\";phone|s:10:\"7862360387\";isLogIn|b:1;message|s:20:\"Welcome Maria Becena\";__ci_vars|a:1:{s:7:\"message\";s:3:\"old\";}'
WHERE `id` = '88bddf42bd3f22c32e205974688a71cb1c32da48';
UPDATE `user_registration` SET `popup_seen` = 'yes'
WHERE `user_id` = 'JHRDHS';
UPDATE `ci_sessions` SET `timestamp` = 1743097205, `data` = '__ci_last_regenerate|i:1743097205;id|s:4:\"2021\";user_id|s:6:\"44B9Y4\";username|s:7:\"Talimbi\";sponsor_id|s:5:\"admin\";fullname|s:14:\"Emilio Tapanes\";email|s:23:\"emiliotapanes@gmail.com\";phone|s:10:\"7862876762\";isLogIn|b:1;'
WHERE `id` = '9bbaf5d67d0cdfb94f2790814a3d7be5548c647b';
UPDATE `user_registration` SET `popup_seen` = 'yes'
WHERE `user_id` = '44B9Y4';
UPDATE `user_registration` SET `popup_seen` = 'yes'
WHERE `user_id` = '44B9Y4';
UPDATE `ci_sessions` SET `timestamp` = 1743097530, `data` = '__ci_last_regenerate|i:1743097530;id|s:4:\"2021\";user_id|s:6:\"44B9Y4\";username|s:7:\"Talimbi\";sponsor_id|s:5:\"admin\";fullname|s:14:\"Emilio Tapanes\";email|s:23:\"emiliotapanes@gmail.com\";phone|s:10:\"7862876762\";isLogIn|b:1;'
WHERE `id` = '898f3e0d438d809af535e17c17e6bb027d2ca33a';
UPDATE `user_registration` SET `popup_seen` = 'yes'
WHERE `user_id` = '44B9Y4';
UPDATE `ci_sessions` SET `timestamp` = 1743097583, `data` = '__ci_last_regenerate|i:1743097583;id|s:4:\"2075\";user_id|s:6:\"O94ZPY\";username|s:12:\"angelito4817\";sponsor_id|s:6:\"JHRDHS\";fullname|s:15:\"Angel Fernandez\";email|s:25:\"angelito.magaly@gmail.com\";phone|s:0:\"\";isLogIn|b:1;'
WHERE `id` = '49d3e1b53eedc5837b7d021a690fadb86832b1a5';
UPDATE `user_registration` SET `popup_seen` = 'yes'
WHERE `user_id` = 'O94ZPY';
UPDATE `user_registration` SET `popup_seen` = 'yes'
WHERE `user_id` = 'O94ZPY';
UPDATE `user_registration` SET `popup_seen` = 'yes'
WHERE `user_id` = 'O94ZPY';
UPDATE `user_registration` SET `popup_seen` = 'no'
WHERE `user_id` = 'O94ZPY';
DELETE FROM `ci_sessions`
WHERE `id` = 'acbe1c6cbbcd7913108d92486eaf7cf24ee0eeb3';
INSERT INTO `login_history` (`user_id`, `device`, `ip_address`, `date`) VALUES ('UXMQZD', 'Mozilla/5.0 (Macintosh; Intel Mac OS X 10_15_7) AppleWebKit/605.1.15 (KHTML, like Gecko) Version/18.3 Safari/605.1.15', '172.69.132.232', '25-03-27 12:47');
UPDATE `user_registration` SET `popup_seen` = 'yes'
WHERE `user_id` = 'UXMQZD';
UPDATE `ci_sessions` SET `timestamp` = 1743097642, `data` = '__ci_last_regenerate|i:1743097642;id|s:4:\"2042\";user_id|s:6:\"UQO7EQ\";username|s:6:\"Rafa51\";sponsor_id|s:6:\"N6GZAE\";fullname|s:16:\"Rafael Rodriguez\";email|s:18:\"rafagana@yahoo.com\";phone|s:10:\"3057610606\";isLogIn|b:1;'
WHERE `id` = '92f28aec326d88546fa9382ab693f82eb66b7f77';
UPDATE `user_registration` SET `popup_seen` = 'no'
WHERE `user_id` = 'UQO7EQ';
DELETE FROM `ci_sessions`
WHERE `id` = 'b47a6aa0cc621c2529581a61ca79a207ca8f1f90';
UPDATE `user_registration` SET `popup_seen` = 'yes'
WHERE `user_id` = '44B9Y4';
UPDATE `ci_sessions` SET `timestamp` = 1743097853, `data` = '__ci_last_regenerate|i:1743097853;id|s:4:\"2021\";user_id|s:6:\"44B9Y4\";username|s:7:\"Talimbi\";sponsor_id|s:5:\"admin\";fullname|s:14:\"Emilio Tapanes\";email|s:23:\"emiliotapanes@gmail.com\";phone|s:10:\"7862876762\";isLogIn|b:1;'
WHERE `id` = '59660c60ebb6f0bf961914cc6c73997c28084c36';
UPDATE `ci_sessions` SET `timestamp` = 1743098157, `data` = '__ci_last_regenerate|i:1743098157;id|s:4:\"2021\";user_id|s:6:\"44B9Y4\";username|s:7:\"Talimbi\";sponsor_id|s:5:\"admin\";fullname|s:14:\"Emilio Tapanes\";email|s:23:\"emiliotapanes@gmail.com\";phone|s:10:\"7862876762\";isLogIn|b:1;'
WHERE `id` = '59660c60ebb6f0bf961914cc6c73997c28084c36';
UPDATE `ci_sessions` SET `timestamp` = 1743098484, `data` = '__ci_last_regenerate|i:1743098484;id|s:4:\"2039\";user_id|s:6:\"PKHRN5\";username|s:7:\"Caracas\";sponsor_id|s:6:\"R37QLI\";fullname|s:11:\"Ninon Ramos\";email|s:22:\"nrproducts20@gmail.com\";phone|s:10:\"7865069935\";isLogIn|b:1;'
WHERE `id` = '440ad917dd41b9a4cb07945fab61573f822a3ea0';
UPDATE `ci_sessions` SET `timestamp` = 1743098790, `data` = '__ci_last_regenerate|i:1743098790;id|s:4:\"2021\";user_id|s:6:\"44B9Y4\";username|s:7:\"Talimbi\";sponsor_id|s:5:\"admin\";fullname|s:14:\"Emilio Tapanes\";email|s:23:\"emiliotapanes@gmail.com\";phone|s:10:\"7862876762\";isLogIn|b:1;'
WHERE `id` = '7c9b246a5c1b7dc2918dffae5c24ec85cdeb2504';
UPDATE `ci_sessions` SET `timestamp` = 1743099712, `data` = '__ci_last_regenerate|i:1743099712;id|s:4:\"2071\";user_id|s:6:\"JHRDHS\";username|s:7:\"mbecena\";sponsor_id|s:6:\"CVVK4C\";fullname|s:12:\"Maria Becena\";email|s:21:\"mbecena@bellsouth.net\";phone|s:10:\"7862360387\";isLogIn|b:1;'
WHERE `id` = '6dcd5e5f31fefcb30d95a4cb74f761fe6f9056df';
UPDATE `ci_sessions` SET `timestamp` = 1743099750, `data` = '__ci_last_regenerate|i:1743099750;id|s:4:\"2021\";user_id|s:6:\"44B9Y4\";username|s:7:\"Talimbi\";sponsor_id|s:5:\"admin\";fullname|s:14:\"Emilio Tapanes\";email|s:23:\"emiliotapanes@gmail.com\";phone|s:10:\"7862876762\";isLogIn|b:1;'
WHERE `id` = '79782814ecd0ceeaa63cca823f422d594200f54b';
UPDATE `user_registration` SET `popup_seen` = 'yes'
WHERE `user_id` = '44B9Y4';
UPDATE `user_registration` SET `popup_seen` = 'yes'
WHERE `user_id` = '44B9Y4';
UPDATE `ci_sessions` SET `timestamp` = 1743100051, `data` = '__ci_last_regenerate|i:1743100051;id|s:4:\"2021\";user_id|s:6:\"44B9Y4\";username|s:7:\"Talimbi\";sponsor_id|s:5:\"admin\";fullname|s:14:\"Emilio Tapanes\";email|s:23:\"emiliotapanes@gmail.com\";phone|s:10:\"7862876762\";isLogIn|b:1;'
WHERE `id` = 'f0570254f06b4e7791367dfce5b2d8f127afe306';
UPDATE `ci_sessions` SET `timestamp` = 1743100419, `data` = '__ci_last_regenerate|i:1743100419;captcha|s:4:\"kbrw\";'
WHERE `id` = '3c0eda0a2b4329ca75be383a4d83b46f962c98f7';
INSERT INTO `login_history` (`user_id`, `device`, `ip_address`, `date`) VALUES ('UQO7EQ', 'Mozilla/5.0 (Windows NT 10.0; Win64; x64) AppleWebKit/537.36 (KHTML, like Gecko) Chrome/134.0.0.0 Safari/537.36', '172.69.132.231', '25-03-27 13:33');
UPDATE `user_registration` SET `popup_seen` = 'yes'
WHERE `user_id` = 'UQO7EQ';
UPDATE `ci_sessions` SET `timestamp` = 1743100894, `data` = '__ci_last_regenerate|i:1743100894;id|s:4:\"2042\";user_id|s:6:\"UQO7EQ\";username|s:6:\"Rafa51\";sponsor_id|s:6:\"N6GZAE\";fullname|s:16:\"Rafael Rodriguez\";email|s:18:\"rafagana@yahoo.com\";phone|s:10:\"3057610606\";isLogIn|b:1;message|s:24:\"Welcome Rafael Rodriguez\";__ci_vars|a:1:{s:7:\"message\";s:3:\"old\";}'
WHERE `id` = '63f55034349a95f60d8274faf4a3b1238b27fc08';
UPDATE `user_registration` SET `popup_seen` = 'no'
WHERE `user_id` = 'UQO7EQ';
DELETE FROM `ci_sessions`
WHERE `id` = 'bd0b90e43248b554fea82b7d9b1c1765eee7068a';
UPDATE `ci_sessions` SET `timestamp` = 1743100942, `data` = '__ci_last_regenerate|i:1743100942;id|s:4:\"2021\";user_id|s:6:\"44B9Y4\";username|s:7:\"Talimbi\";sponsor_id|s:5:\"admin\";fullname|s:14:\"Emilio Tapanes\";email|s:23:\"emiliotapanes@gmail.com\";phone|s:10:\"7862876762\";isLogIn|b:1;'
WHERE `id` = 'a89a26608482411e51cbf563d3668673de7f4591';
UPDATE `user_registration` SET `popup_seen` = 'yes'
WHERE `user_id` = '44B9Y4';
UPDATE `user_registration` SET `popup_seen` = 'yes'
WHERE `user_id` = '44B9Y4';
UPDATE `user_registration` SET `popup_seen` = 'yes'
WHERE `user_id` = '44B9Y4';
UPDATE `user_registration` SET `popup_seen` = 'yes'
WHERE `user_id` = '44B9Y4';
UPDATE `ci_sessions` SET `timestamp` = 1743101136, `data` = '__ci_last_regenerate|i:1743101136;id|s:4:\"2084\";user_id|s:6:\"QJ5U9C\";username|s:10:\"gascarde60\";sponsor_id|s:6:\"O94ZPY\";fullname|s:14:\"Gaspar Cardero\";email|s:18:\"gascarde@yahoo.com\";phone|s:10:\"7862371360\";isLogIn|b:1;'
WHERE `id` = '6c3e270091e2b9912c54df6d9b63076c4303b6ec';
UPDATE `user_registration` SET `popup_seen` = 'yes'
WHERE `user_id` = 'QJ5U9C';
UPDATE `user_registration` SET `popup_seen` = 'yes'
WHERE `user_id` = '44B9Y4';
UPDATE `ci_sessions` SET `timestamp` = 1743101613, `data` = '__ci_last_regenerate|i:1743101613;id|s:4:\"2021\";user_id|s:6:\"44B9Y4\";username|s:7:\"Talimbi\";sponsor_id|s:5:\"admin\";fullname|s:14:\"Emilio Tapanes\";email|s:23:\"emiliotapanes@gmail.com\";phone|s:10:\"7862876762\";isLogIn|b:1;'
WHERE `id` = '81b18e2452af34ed5b798f641c164dbb555c6fff';
UPDATE `user_registration` SET `popup_seen` = 'yes'
WHERE `user_id` = '44B9Y4';
UPDATE `ci_sessions` SET `timestamp` = 1743101986, `data` = '__ci_last_regenerate|i:1743101986;id|s:4:\"2071\";user_id|s:6:\"JHRDHS\";username|s:7:\"mbecena\";sponsor_id|s:6:\"CVVK4C\";fullname|s:12:\"Maria Becena\";email|s:21:\"mbecena@bellsouth.net\";phone|s:10:\"7862360387\";isLogIn|b:1;'
WHERE `id` = '207dd259c6ebc587774ee98a57482290a2b270f6';
UPDATE `user_registration` SET `popup_seen` = 'yes'
WHERE `user_id` = 'JHRDHS';
UPDATE `user_registration` SET `popup_seen` = 'yes'
WHERE `user_id` = 'JHRDHS';
UPDATE `user_registration` SET `popup_seen` = 'yes'
WHERE `user_id` = 'JHRDHS';
UPDATE `ci_sessions` SET `timestamp` = 1743102249, `data` = '__ci_last_regenerate|i:1743102249;id|s:4:\"2021\";user_id|s:6:\"44B9Y4\";username|s:7:\"Talimbi\";sponsor_id|s:5:\"admin\";fullname|s:14:\"Emilio Tapanes\";email|s:23:\"emiliotapanes@gmail.com\";phone|s:10:\"7862876762\";isLogIn|b:1;'
WHERE `id` = '8264db6ccb06e6beca554c6f05fb67fb47b9f920';
UPDATE `ci_sessions` SET `timestamp` = 1743102282, `data` = '__ci_last_regenerate|i:1743102282;id|s:4:\"2071\";user_id|s:6:\"JHRDHS\";username|s:7:\"mbecena\";sponsor_id|s:6:\"CVVK4C\";fullname|s:12:\"Maria Becena\";email|s:21:\"mbecena@bellsouth.net\";phone|s:10:\"7862360387\";isLogIn|b:1;'
WHERE `id` = '4065e21b67d00e13fa744e7e3643e6c9cdba6d41';
UPDATE `user_registration` SET `popup_seen` = 'no'
WHERE `user_id` = 'JHRDHS';
DELETE FROM `ci_sessions`
WHERE `id` = 'fd7b2bb5677144523b20fc1b0ab3b1a3ca54a85d';
UPDATE `user_registration` SET `popup_seen` = 'yes'
WHERE `user_id` = 'OTZTS5';
UPDATE `ci_sessions` SET `timestamp` = 1743102393, `data` = '__ci_last_regenerate|i:1743102393;id|s:4:\"2071\";user_id|s:6:\"JHRDHS\";username|s:7:\"mbecena\";sponsor_id|s:6:\"CVVK4C\";fullname|s:12:\"Maria Becena\";email|s:21:\"mbecena@bellsouth.net\";phone|s:10:\"7862360387\";isLogIn|b:1;'
WHERE `id` = '4f5ccabad8961655ee4ab7818f9cba117affac9f';
INSERT INTO `login_history` (`user_id`, `device`, `ip_address`, `date`) VALUES ('JHRDHS', 'Mozilla/5.0 (Macintosh; Intel Mac OS X 10_15_7) AppleWebKit/605.1.15 (KHTML, like Gecko) Version/17.6 Safari/605.1.15', '172.70.254.136', '25-03-27 14:09');
UPDATE `user_registration` SET `popup_seen` = 'yes'
WHERE `user_id` = 'JHRDHS';
UPDATE `ci_sessions` SET `timestamp` = 1743102732, `data` = '__ci_last_regenerate|i:1743102732;id|s:4:\"2071\";user_id|s:6:\"JHRDHS\";username|s:7:\"mbecena\";sponsor_id|s:6:\"CVVK4C\";fullname|s:12:\"Maria Becena\";email|s:21:\"mbecena@bellsouth.net\";phone|s:10:\"7862360387\";isLogIn|b:1;'
WHERE `id` = '26bf913cad3e74011e201e6ae1590b8aef5be717';
UPDATE `user_registration` SET `popup_seen` = 'yes'
WHERE `user_id` = 'JHRDHS';
UPDATE `ci_sessions` SET `timestamp` = 1743102774, `data` = '__ci_last_regenerate|i:1743102774;id|s:4:\"2071\";user_id|s:6:\"JHRDHS\";username|s:7:\"mbecena\";sponsor_id|s:6:\"CVVK4C\";fullname|s:12:\"Maria Becena\";email|s:21:\"mbecena@bellsouth.net\";phone|s:10:\"7862360387\";isLogIn|b:1;'
WHERE `id` = 'aeed2169058a2a5083577cc74684c356f63bc13d';
INSERT INTO `temp_register` (`post_data`, `date`, `payment_method`, `type`) VALUES ('{\"uid\":\"2286\",\"user_id\":\"GTPJAP\",\"username\":\"gbecena\",\"sponsor_id\":\"JHRDHS\",\"vacant\":\"no\",\"f_name\":\"Gaspar \",\"l_name\":\"Becena\",\"position\":\"left\",\"email\":\"gbecena@yahoo.com\",\"password\":\"b8fee746d892ca74d53e4391bb07c700\",\"phone\":\"2015620185\",\"country\":\"United States\",\"state\":\"New Jersey\",\"city\":\"West New York\",\"street\":\"300 61st Street Apt 20\",\"zip_code\":\"07093\",\"reg_ip\":\"172.70.254.137\",\"status\":1,\"package_id\":\"2\",\"rank_id\":1,\"highest_rank\":1,\"cycle_rank_id\":1,\"created\":\"2025-03-27 14:12:54\",\"subscription_date\":\"2025-04-26\",\"google_secret\":\"GJO7KHS5FY5B6OVT\"}', '2025-03-27 14:12:54', 'stripe', 'register');
UPDATE `ci_sessions` SET `timestamp` = 1743102892, `data` = '__ci_last_regenerate|i:1743102892;captcha|s:4:\"z38v\";'
WHERE `id` = 'cd48cf80c910f1154a576b3c9b1e7adb90f1bb71';
INSERT INTO `login_history` (`user_id`, `device`, `ip_address`, `date`) VALUES ('UQO7EQ', 'Mozilla/5.0 (Windows NT 10.0; Win64; x64) AppleWebKit/537.36 (KHTML, like Gecko) Chrome/134.0.0.0 Safari/537.36', '172.68.12.54', '25-03-27 14:14');
UPDATE `user_registration` SET `popup_seen` = 'yes'
WHERE `user_id` = 'UQO7EQ';
UPDATE `user_registration` SET `popup_seen` = 'yes'
WHERE `user_id` = 'UQO7EQ';
UPDATE `temp_register` SET `response` = '{\"stripeToken\":\"tok_1R7Lu72NUoYUjiuubmcO7rqp\",\"stripeTokenType\":\"card\",\"stripeEmail\":\"gbecena@yahoo.com\"}', `date_modified` = '2025-03-27 14:15:56', `payment_status` = '{\"id\":\"ch_3R7LuC2NUoYUjiuu1BZrSqAF\",\"object\":\"charge\",\"amount\":59500,\"amount_captured\":59500,\"amount_refunded\":0,\"application\":null,\"application_fee\":null,\"application_fee_amount\":null,\"balance_transaction\":\"txn_3R7LuC2NUoYUjiuu1zy19u4x\",\"billing_details\":{\"address\":{\"city\":null,\"country\":null,\"line1\":null,\"line2\":null,\"postal_code\":null,\"state\":null},\"email\":null,\"name\":\"gbecena@yahoo.com\",\"phone\":null},\"calculated_statement_descriptor\":\"TRAVELEGENDCY LLC\",\"captured\":true,\"created\":1743102956,\"currency\":\"usd\",\"customer\":\"cus_S1OhOTx6MV19tK\",\"description\":null,\"destination\":null,\"dispute\":null,\"disputed\":false,\"failure_balance_transaction\":null,\"failure_code\":null,\"failure_message\":null,\"fraud_details\":[],\"invoice\":null,\"livemode\":true,\"metadata\":{\"name\":\"Gaspar  Becena\",\"username\":\"gbecena\"},\"on_behalf_of\":null,\"order\":null,\"outcome\":{\"advice_code\":null,\"network_advice_code\":null,\"network_decline_code\":null,\"network_status\":\"approved_by_network\",\"reason\":null,\"risk_level\":\"normal\",\"seller_message\":\"Payment complete.\",\"type\":\"authorized\"},\"paid\":true,\"payment_intent\":null,\"payment_method\":\"card_1R7Lu72NUoYUjiuuVAiRX7Cr\",\"payment_method_details\":{\"card\":{\"amount_authorized\":59500,\"authorization_code\":\"027998\",\"brand\":\"visa\",\"checks\":{\"address_line1_check\":null,\"address_postal_code_check\":null,\"cvc_check\":\"pass\"},\"country\":\"US\",\"exp_month\":10,\"exp_year\":2025,\"extended_authorization\":{\"status\":\"disabled\"},\"fingerprint\":\"2ot8eE0q2SZjVmEB\",\"funding\":\"credit\",\"incremental_authorization\":{\"status\":\"unavailable\"},\"installments\":null,\"last4\":\"8044\",\"mandate\":null,\"multicapture\":{\"status\":\"unavailable\"},\"network\":\"visa\",\"network_token\":{\"used\":false},\"network_transaction_id\":\"305086693561588\",\"overcapture\":{\"maximum_amount_capturable\":59500,\"status\":\"unavailable\"},\"regulated_status\":\"unregulated\",\"three_d_secure\":null,\"wallet\":null},\"type\":\"card\"},\"receipt_email\":null,\"receipt_number\":null,\"receipt_url\":\"https:\\/\\/pay.stripe.com\\/receipts\\/payment\\/CAcQARoXChVhY2N0XzFRUEFGdjJOVW9ZVWppdXUo7ceWvwYyBiWTEK5fJTosFjjaNUmm0sUfS4cmVMobOgF_mt6w9a53b7l774D9Ds16ir0tkz82DmK3wuk\",\"refunded\":false,\"review\":null,\"shipping\":null,\"source\":{\"id\":\"card_1R7Lu72NUoYUjiuuVAiRX7Cr\",\"object\":\"card\",\"address_city\":null,\"address_country\":null,\"address_line1\":null,\"address_line1_check\":null,\"address_line2\":null,\"address_state\":null,\"address_zip\":null,\"address_zip_check\":null,\"allow_redisplay\":\"unspecified\",\"brand\":\"Visa\",\"country\":\"US\",\"customer\":\"cus_S1OhOTx6MV19tK\",\"cvc_check\":\"pass\",\"dynamic_last4\":null,\"exp_month\":10,\"exp_year\":2025,\"fingerprint\":\"2ot8eE0q2SZjVmEB\",\"funding\":\"credit\",\"last4\":\"8044\",\"metadata\":[],\"name\":\"gbecena@yahoo.com\",\"regulated_status\":\"unregulated\",\"tokenization_method\":null,\"wallet\":null},\"source_transfer\":null,\"statement_descriptor\":null,\"statement_descriptor_suffix\":null,\"status\":\"succeeded\",\"transfer_data\":null,\"transfer_group\":null}'
WHERE `id` = 232;
UPDATE `user_registration` SET `uid` = '2286', `user_id` = 'GTPJAP', `username` = 'gbecena', `sponsor_id` = 'JHRDHS', `vacant` = 'no', `f_name` = 'Gaspar ', `l_name` = 'Becena', `position` = 'left', `email` = 'gbecena@yahoo.com', `password` = 'b8fee746d892ca74d53e4391bb07c700', `phone` = '2015620185', `country` = 'United States', `state` = 'New Jersey', `city` = 'West New York', `street` = '300 61st Street Apt 20', `zip_code` = '07093', `reg_ip` = '172.70.254.137', `status` = 1, `package_id` = '2', `rank_id` = 1, `highest_rank` = 1, `cycle_rank_id` = 1, `created` = '2025-03-27 14:12:54', `subscription_date` = '2025-04-26', `google_secret` = 'GJO7KHS5FY5B6OVT'
WHERE `uid` = '2286';
INSERT INTO `user_registration` (`uid`, `user_id`, `username`, `sponsor_id`, `placement_id`, `vacant`, `f_name`, `l_name`, `address`, `position`, `email`, `password`, `phone`, `reg_ip`, `status`, `created`) VALUES (NULL, 'OKSFAX', 'PwGuYPOf', 'GTPJAP', 'GTPJAP', 'yes', '', '', '', 'left', '@mail.com', '', '', '', 0, '2025-03-27 14:15:56');
INSERT INTO `user_registration` (`uid`, `user_id`, `username`, `sponsor_id`, `placement_id`, `vacant`, `f_name`, `l_name`, `address`, `position`, `email`, `password`, `phone`, `reg_ip`, `status`, `created`) VALUES (NULL, 'ONKOTL', 'kxztOjgh', 'GTPJAP', 'GTPJAP', 'yes', '', '', '', 'right', '@mail.com', '', '', '', 0, '2025-03-27 14:15:56');
INSERT INTO `bv_updation` (`user_id`) VALUES ('GTPJAP');
UPDATE `user_registration` SET total_ref_count = total_ref_count+1
WHERE `user_id` = 'JHRDHS';
UPDATE `user_registration` SET total_downlines = total_downlines+1
WHERE `user_id` = '4VE7D1';
UPDATE `user_registration` SET left_downlines = left_downlines+1
WHERE `user_id` = '4VE7D1';
UPDATE `user_registration` SET total_downlines = total_downlines+1
WHERE `user_id` = '2KPJZJ';
UPDATE `user_registration` SET left_downlines = left_downlines+1
WHERE `user_id` = '2KPJZJ';
UPDATE `user_registration` SET total_downlines = total_downlines+1
WHERE `user_id` = 'B5EVHD';
UPDATE `user_registration` SET left_downlines = left_downlines+1
WHERE `user_id` = 'B5EVHD';
UPDATE `user_registration` SET total_downlines = total_downlines+1
WHERE `user_id` = 'AQJLZA';
UPDATE `user_registration` SET left_downlines = left_downlines+1
WHERE `user_id` = 'AQJLZA';
UPDATE `user_registration` SET total_downlines = total_downlines+1
WHERE `user_id` = '2V26XM';
UPDATE `user_registration` SET left_downlines = left_downlines+1
WHERE `user_id` = '2V26XM';
UPDATE `user_registration` SET total_downlines = total_downlines+1
WHERE `user_id` = 'K8DXP2';
UPDATE `user_registration` SET left_downlines = left_downlines+1
WHERE `user_id` = 'K8DXP2';
UPDATE `user_registration` SET total_downlines = total_downlines+1
WHERE `user_id` = 'HP6YP2';
UPDATE `user_registration` SET left_downlines = left_downlines+1
WHERE `user_id` = 'HP6YP2';
UPDATE `user_registration` SET total_downlines = total_downlines+1
WHERE `user_id` = 'L8NRSC';
UPDATE `user_registration` SET left_downlines = left_downlines+1
WHERE `user_id` = 'L8NRSC';
UPDATE `user_registration` SET total_downlines = total_downlines+1
WHERE `user_id` = 'JHRDHS';
UPDATE `user_registration` SET left_downlines = left_downlines+1
WHERE `user_id` = 'JHRDHS';
UPDATE `user_registration` SET left_ref_count = left_ref_count+1
WHERE `user_id` = 'JHRDHS';
UPDATE `user_registration` SET active_left = active_left+1
WHERE `user_id` = 'JHRDHS';
UPDATE `user_registration` SET total_downlines = total_downlines+1
WHERE `user_id` = 'CVVK4C';
UPDATE `user_registration` SET right_downlines = right_downlines+1
WHERE `user_id` = 'CVVK4C';
UPDATE `user_registration` SET total_downlines = total_downlines+1
WHERE `user_id` = 'K55EDD';
UPDATE `user_registration` SET left_downlines = left_downlines+1
WHERE `user_id` = 'K55EDD';
UPDATE `user_registration` SET total_downlines = total_downlines+1
WHERE `user_id` = 'UQO7EQ';
UPDATE `user_registration` SET left_downlines = left_downlines+1
WHERE `user_id` = 'UQO7EQ';
UPDATE `user_registration` SET total_downlines = total_downlines+1
WHERE `user_id` = 'N6GZAE';
UPDATE `user_registration` SET left_downlines = left_downlines+1
WHERE `user_id` = 'N6GZAE';
UPDATE `user_registration` SET total_downlines = total_downlines+1
WHERE `user_id` = '4E1CRI';
UPDATE `user_registration` SET left_downlines = left_downlines+1
WHERE `user_id` = '4E1CRI';
UPDATE `user_registration` SET total_downlines = total_downlines+1
WHERE `user_id` = 'SJBNYJ';
UPDATE `user_registration` SET left_downlines = left_downlines+1
WHERE `user_id` = 'SJBNYJ';
UPDATE `user_registration` SET total_downlines = total_downlines+1
WHERE `user_id` = '44B9Y4';
UPDATE `user_registration` SET left_downlines = left_downlines+1
WHERE `user_id` = '44B9Y4';
UPDATE `user_registration` SET total_downlines = total_downlines+1
WHERE `user_id` = 'admin';
UPDATE `user_registration` SET right_downlines = right_downlines+1
WHERE `user_id` = 'admin';
INSERT INTO `investment` (`invest_date`, `user_id`, `type`, `amount`, `package_id`) VALUES ('2025-03-27 14:15:56', 'GTPJAP', 'register', '595', '2');
INSERT INTO `earnings` (`user_id`, `Purchaser_id`, `earning_type`, `package_id`, `amount`, `date`, `comments`, `invest_amount`, `comm_perc`, `level`, `rank_id`, `order_id`) VALUES ('JHRDHS', 'GTPJAP', 'Direct Referral Bonus', '2', '100', '2025-03-27 14:15:56', 'Direct Referral Bonus', 0, 0, 1, '', 221);
UPDATE `user_registration` SET commission_balance = ROUND(commission_balance + 100,2)
WHERE `user_id` = 'JHRDHS';
UPDATE `user_registration` SET referral_bonus = ROUND(referral_bonus + 100,2)
WHERE `user_id` = 'JHRDHS';
INSERT INTO `earnings` (`user_id`, `Purchaser_id`, `earning_type`, `package_id`, `amount`, `date`, `comments`, `invest_amount`, `comm_perc`, `level`, `rank_id`, `order_id`) VALUES ('UQO7EQ', 'GTPJAP', 'Expansion Bonus', '2', 100, '2025-03-27 14:15:56', 'Expansion Bonus', '100', 0, 1, '', 221);
UPDATE `user_registration` SET commission_balance = ROUND(commission_balance + 100,2)
WHERE `user_id` = 'UQO7EQ';
UPDATE `user_registration` SET expansion_bonus = ROUND(expansion_bonus + 100,2)
WHERE `user_id` = 'UQO7EQ';
UPDATE `user_registration` SET total_points = ROUND(total_points + 50,2)
WHERE `user_id` = 'GTPJAP';
INSERT INTO `points_history` (`user_id`, `points`, `type`, `date`) VALUES ('GTPJAP', '50', 'register', '2025-03-27 14:15:');
INSERT INTO `matrix_filling` (`placement_id`, `downline_id`, `level`, `matrix`) VALUES ('4VE7D1', 'GTPJAP', 1, 1);
UPDATE `bv_updation` SET left_carry = left_carry+50, total_left = total_left+50
WHERE `user_id` = '4VE7D1';
INSERT INTO `placement_bv_update_history` (`left_carry`, `date`, `from_id`, `user_id`) VALUES ('50', '2025-03-27 14:15:56', 'GTPJAP', '4VE7D1');
INSERT INTO `matrix_filling` (`placement_id`, `downline_id`, `level`, `matrix`) VALUES ('2KPJZJ', 'GTPJAP', 2, 1);
UPDATE `bv_updation` SET left_carry = left_carry+50, total_left = total_left+50
WHERE `user_id` = '2KPJZJ';
INSERT INTO `placement_bv_update_history` (`left_carry`, `date`, `from_id`, `user_id`) VALUES ('50', '2025-03-27 14:15:56', 'GTPJAP', '2KPJZJ');
INSERT INTO `matrix_filling` (`placement_id`, `downline_id`, `level`, `matrix`) VALUES ('B5EVHD', 'GTPJAP', 3, 1);
UPDATE `bv_updation` SET left_carry = left_carry+50, total_left = total_left+50
WHERE `user_id` = 'B5EVHD';
INSERT INTO `placement_bv_update_history` (`left_carry`, `date`, `from_id`, `user_id`) VALUES ('50', '2025-03-27 14:15:56', 'GTPJAP', 'B5EVHD');
INSERT INTO `matrix_filling` (`placement_id`, `downline_id`, `level`, `matrix`) VALUES ('AQJLZA', 'GTPJAP', 4, 1);
UPDATE `bv_updation` SET left_carry = left_carry+50, total_left = total_left+50
WHERE `user_id` = 'AQJLZA';
INSERT INTO `placement_bv_update_history` (`left_carry`, `date`, `from_id`, `user_id`) VALUES ('50', '2025-03-27 14:15:56', 'GTPJAP', 'AQJLZA');
INSERT INTO `matrix_filling` (`placement_id`, `downline_id`, `level`, `matrix`) VALUES ('2V26XM', 'GTPJAP', 5, 1);
UPDATE `bv_updation` SET left_carry = left_carry+50, total_left = total_left+50
WHERE `user_id` = '2V26XM';
INSERT INTO `placement_bv_update_history` (`left_carry`, `date`, `from_id`, `user_id`) VALUES ('50', '2025-03-27 14:15:56', 'GTPJAP', '2V26XM');
INSERT INTO `matrix_filling` (`placement_id`, `downline_id`, `level`, `matrix`) VALUES ('K8DXP2', 'GTPJAP', 6, 1);
UPDATE `bv_updation` SET left_carry = left_carry+50, total_left = total_left+50
WHERE `user_id` = 'K8DXP2';
INSERT INTO `placement_bv_update_history` (`left_carry`, `date`, `from_id`, `user_id`) VALUES ('50', '2025-03-27 14:15:56', 'GTPJAP', 'K8DXP2');
INSERT INTO `matrix_filling` (`placement_id`, `downline_id`, `level`, `matrix`) VALUES ('HP6YP2', 'GTPJAP', 7, 1);
UPDATE `bv_updation` SET left_carry = left_carry+50, total_left = total_left+50
WHERE `user_id` = 'HP6YP2';
INSERT INTO `placement_bv_update_history` (`left_carry`, `date`, `from_id`, `user_id`) VALUES ('50', '2025-03-27 14:15:56', 'GTPJAP', 'HP6YP2');
INSERT INTO `matrix_filling` (`placement_id`, `downline_id`, `level`, `matrix`) VALUES ('L8NRSC', 'GTPJAP', 8, 1);
UPDATE `bv_updation` SET left_carry = left_carry+50, total_left = total_left+50
WHERE `user_id` = 'L8NRSC';
INSERT INTO `placement_bv_update_history` (`left_carry`, `date`, `from_id`, `user_id`) VALUES ('50', '2025-03-27 14:15:56', 'GTPJAP', 'L8NRSC');
INSERT INTO `matrix_filling` (`placement_id`, `downline_id`, `level`, `matrix`) VALUES ('JHRDHS', 'GTPJAP', 9, 1);
UPDATE `bv_updation` SET left_carry = left_carry+50, total_left = total_left+50
WHERE `user_id` = 'JHRDHS';
INSERT INTO `placement_bv_update_history` (`left_carry`, `date`, `from_id`, `user_id`) VALUES ('50', '2025-03-27 14:15:56', 'GTPJAP', 'JHRDHS');
UPDATE `bv_updation` SET sponsor_left_carry = sponsor_left_carry+50, sponsor_total_left = sponsor_total_left+50
WHERE `user_id` = 'JHRDHS';
INSERT INTO `sponsor_bv_update_history` (`left_carry`, `date`, `user_id`) VALUES ('50', '2025-03-27 14:15:56', 'JHRDHS');
INSERT INTO `matrix_filling` (`placement_id`, `downline_id`, `level`, `matrix`) VALUES ('CVVK4C', 'GTPJAP', 10, 1);
UPDATE `bv_updation` SET right_carry = right_carry+50, total_right = total_right+50
WHERE `user_id` = 'CVVK4C';
INSERT INTO `placement_bv_update_history` (`right_carry`, `date`, `from_id`, `user_id`) VALUES ('50', '2025-03-27 14:15:56', 'GTPJAP', 'CVVK4C');
INSERT INTO `matrix_filling` (`placement_id`, `downline_id`, `level`, `matrix`) VALUES ('K55EDD', 'GTPJAP', 11, 1);
UPDATE `bv_updation` SET left_carry = left_carry+50, total_left = total_left+50
WHERE `user_id` = 'K55EDD';
INSERT INTO `placement_bv_update_history` (`left_carry`, `date`, `from_id`, `user_id`) VALUES ('50', '2025-03-27 14:15:56', 'GTPJAP', 'K55EDD');
INSERT INTO `matrix_filling` (`placement_id`, `downline_id`, `level`, `matrix`) VALUES ('UQO7EQ', 'GTPJAP', 12, 1);
UPDATE `bv_updation` SET left_carry = left_carry+50, total_left = total_left+50
WHERE `user_id` = 'UQO7EQ';
INSERT INTO `placement_bv_update_history` (`left_carry`, `date`, `from_id`, `user_id`) VALUES ('50', '2025-03-27 14:15:56', 'GTPJAP', 'UQO7EQ');
INSERT INTO `matrix_filling` (`placement_id`, `downline_id`, `level`, `matrix`) VALUES ('N6GZAE', 'GTPJAP', 13, 1);
UPDATE `bv_updation` SET left_carry = left_carry+50, total_left = total_left+50
WHERE `user_id` = 'N6GZAE';
INSERT INTO `placement_bv_update_history` (`left_carry`, `date`, `from_id`, `user_id`) VALUES ('50', '2025-03-27 14:15:56', 'GTPJAP', 'N6GZAE');
INSERT INTO `matrix_filling` (`placement_id`, `downline_id`, `level`, `matrix`) VALUES ('4E1CRI', 'GTPJAP', 14, 1);
UPDATE `bv_updation` SET left_carry = left_carry+50, total_left = total_left+50
WHERE `user_id` = '4E1CRI';
INSERT INTO `placement_bv_update_history` (`left_carry`, `date`, `from_id`, `user_id`) VALUES ('50', '2025-03-27 14:15:56', 'GTPJAP', '4E1CRI');
INSERT INTO `matrix_filling` (`placement_id`, `downline_id`, `level`, `matrix`) VALUES ('SJBNYJ', 'GTPJAP', 15, 1);
UPDATE `bv_updation` SET left_carry = left_carry+50, total_left = total_left+50
WHERE `user_id` = 'SJBNYJ';
INSERT INTO `placement_bv_update_history` (`left_carry`, `date`, `from_id`, `user_id`) VALUES ('50', '2025-03-27 14:15:56', 'GTPJAP', 'SJBNYJ');
INSERT INTO `matrix_filling` (`placement_id`, `downline_id`, `level`, `matrix`) VALUES ('44B9Y4', 'GTPJAP', 16, 1);
UPDATE `bv_updation` SET left_carry = left_carry+50, total_left = total_left+50
WHERE `user_id` = '44B9Y4';
INSERT INTO `placement_bv_update_history` (`left_carry`, `date`, `from_id`, `user_id`) VALUES ('50', '2025-03-27 14:15:56', 'GTPJAP', '44B9Y4');
INSERT INTO `matrix_filling` (`placement_id`, `downline_id`, `level`, `matrix`) VALUES ('admin', 'GTPJAP', 17, 1);
UPDATE `bv_updation` SET right_carry = right_carry+50, total_right = total_right+50
WHERE `user_id` = 'admin';
INSERT INTO `placement_bv_update_history` (`right_carry`, `date`, `from_id`, `user_id`) VALUES ('50', '2025-03-27 14:15:56', 'GTPJAP', 'admin');
INSERT INTO `package_purchase_history` (`user_id`, `package_id`, `reg_fee`, `package_name`, `monthly_fee`, `type`, `date`, `payment_option`) VALUES ('GTPJAP', '2', '595', 'Traveler Pro', '150', 'sign_up', '2025-03-27 14:15:56', 'stripe');
UPDATE `user_registration` SET `popup_seen` = 'yes'
WHERE `user_id` = 'JHRDHS';
UPDATE `user_registration` SET `popup_seen` = 'yes'
WHERE `user_id` = 'JHRDHS';
UPDATE `user_registration` SET `popup_seen` = 'yes'
WHERE `user_id` = 'JHRDHS';
UPDATE `ci_sessions` SET `timestamp` = 1743103267, `data` = '__ci_last_regenerate|i:1743103267;id|s:4:\"2042\";user_id|s:6:\"UQO7EQ\";username|s:6:\"Rafa51\";sponsor_id|s:6:\"N6GZAE\";fullname|s:16:\"Rafael Rodriguez\";email|s:18:\"rafagana@yahoo.com\";phone|s:10:\"3057610606\";isLogIn|b:1;'
WHERE `id` = 'e13ca454c96473ef6ecb92573865832fb0c7d9d2';
UPDATE `user_registration` SET `popup_seen` = 'yes'
WHERE `user_id` = 'UQO7EQ';
UPDATE `user_registration` SET `popup_seen` = 'yes'
WHERE `user_id` = 'UQO7EQ';
UPDATE `user_registration` SET `popup_seen` = 'yes'
WHERE `user_id` = 'UQO7EQ';
UPDATE `ci_sessions` SET `timestamp` = 1743103682, `data` = '__ci_last_regenerate|i:1743103682;id|s:4:\"2042\";user_id|s:6:\"UQO7EQ\";username|s:6:\"Rafa51\";sponsor_id|s:6:\"N6GZAE\";fullname|s:16:\"Rafael Rodriguez\";email|s:18:\"rafagana@yahoo.com\";phone|s:10:\"3057610606\";isLogIn|b:1;'
WHERE `id` = '5d0fd0be533b575737b06db30b64a63ad16eff38';
UPDATE `user_registration` SET `popup_seen` = 'no'
WHERE `user_id` = 'UQO7EQ';
DELETE FROM `ci_sessions`
WHERE `id` = '651ae0c60a7ae00660df06fd9680ef76e402e5c5';
UPDATE `ci_sessions` SET `timestamp` = 1743103809, `data` = '__ci_last_regenerate|i:1743103809;id|s:4:\"2021\";user_id|s:6:\"44B9Y4\";username|s:7:\"Talimbi\";sponsor_id|s:5:\"admin\";fullname|s:14:\"Emilio Tapanes\";email|s:23:\"emiliotapanes@gmail.com\";phone|s:10:\"7862876762\";isLogIn|b:1;'
WHERE `id` = 'b334c927d2387b1f224240f9c1c978ef9d030126';
UPDATE `ci_sessions` SET `timestamp` = 1743104468, `data` = '__ci_last_regenerate|i:1743104468;captcha|s:4:\"5e7k\";'
WHERE `id` = 'a1854241ad2c862d578c072db586dacaff703bee';
INSERT INTO `login_history` (`user_id`, `device`, `ip_address`, `date`) VALUES ('UQO7EQ', 'Mozilla/5.0 (Windows NT 10.0; Win64; x64) AppleWebKit/537.36 (KHTML, like Gecko) Chrome/134.0.0.0 Safari/537.36', '172.70.55.80', '25-03-27 14:41');
UPDATE `user_registration` SET `popup_seen` = 'yes'
WHERE `user_id` = 'UQO7EQ';
UPDATE `user_registration` SET `popup_seen` = 'no'
WHERE `user_id` = 'UQO7EQ';
DELETE FROM `ci_sessions`
WHERE `id` = 'cba6f0ffcc12a5aaf7495a5530053c64ff7f8ff7';
UPDATE `ci_sessions` SET `timestamp` = 1743105142, `data` = '__ci_last_regenerate|i:1743105142;id|s:4:\"2021\";user_id|s:6:\"44B9Y4\";username|s:7:\"Talimbi\";sponsor_id|s:5:\"admin\";fullname|s:14:\"Emilio Tapanes\";email|s:23:\"emiliotapanes@gmail.com\";phone|s:10:\"7862876762\";isLogIn|b:1;'
WHERE `id` = '0469ffab2c0b715bd7a53b26126c18f098052333';
UPDATE `ci_sessions` SET `timestamp` = 1743105407, `data` = '__ci_last_regenerate|i:1743105407;id|s:4:\"2071\";user_id|s:6:\"JHRDHS\";username|s:7:\"mbecena\";sponsor_id|s:6:\"CVVK4C\";fullname|s:12:\"Maria Becena\";email|s:21:\"mbecena@bellsouth.net\";phone|s:10:\"7862360387\";isLogIn|b:1;'
WHERE `id` = '69059d49a6288be06c852852de70a65397382a1a';
UPDATE `user_registration` SET `popup_seen` = 'yes'
WHERE `user_id` = 'JHRDHS';
INSERT INTO `login_history` (`user_id`, `device`, `ip_address`, `date`) VALUES ('HP6YP2', 'Mozilla/5.0 (Macintosh; Intel Mac OS X 10_15_7) AppleWebKit/537.36 (KHTML, like Gecko) Chrome/133.0.0.0 Safari/537.36', '172.68.12.97', '25-03-27 14:59');
UPDATE `user_registration` SET `popup_seen` = 'yes'
WHERE `user_id` = 'HP6YP2';
INSERT INTO `temp_register` (`post_data`, `date`, `payment_method`, `type`) VALUES ('{\"user_id\":\"HP6YP2\",\"package_id\":\"2\",\"amount\":\"150\",\"payment_method\":\"stripe\",\"date\":\"2025-03-27 15:01:03\"}', '2025-03-27 15:01:03', 'stripe', 'renew');
UPDATE `temp_register` SET `response` = '{\"stripeToken\":\"tok_1R7McE2NUoYUjiuuFYzM73BB\",\"stripeTokenType\":\"card\",\"stripeEmail\":\"josedavila0923@hotmail.com\"}', `date_modified` = '2025-03-27 15:01:31', `payment_status` = '{\"id\":\"ch_3R7McJ2NUoYUjiuu1MaRX2PM\",\"object\":\"charge\",\"amount\":15000,\"amount_captured\":15000,\"amount_refunded\":0,\"application\":null,\"application_fee\":null,\"application_fee_amount\":null,\"balance_transaction\":\"txn_3R7McJ2NUoYUjiuu176CGmGd\",\"billing_details\":{\"address\":{\"city\":null,\"country\":null,\"line1\":null,\"line2\":null,\"postal_code\":null,\"state\":null},\"email\":null,\"name\":\"josedavila0923@hotmail.com\",\"phone\":null},\"calculated_statement_descriptor\":\"TRAVELEGENDCY LLC\",\"captured\":true,\"created\":1743105691,\"currency\":\"usd\",\"customer\":\"cus_S1PRPbXNTr7IWN\",\"description\":null,\"destination\":null,\"dispute\":null,\"disputed\":false,\"failure_balance_transaction\":null,\"failure_code\":null,\"failure_message\":null,\"fraud_details\":[],\"invoice\":null,\"livemode\":true,\"metadata\":{\"name\":\"Jose D Davila\",\"username\":\"ddavila\"},\"on_behalf_of\":null,\"order\":null,\"outcome\":{\"advice_code\":null,\"network_advice_code\":null,\"network_decline_code\":null,\"network_status\":\"approved_by_network\",\"reason\":null,\"risk_level\":\"normal\",\"seller_message\":\"Payment complete.\",\"type\":\"authorized\"},\"paid\":true,\"payment_intent\":null,\"payment_method\":\"card_1R7McE2NUoYUjiuuhspYKCQ5\",\"payment_method_details\":{\"card\":{\"amount_authorized\":15000,\"authorization_code\":\"097081\",\"brand\":\"visa\",\"checks\":{\"address_line1_check\":null,\"address_postal_code_check\":null,\"cvc_check\":\"pass\"},\"country\":\"US\",\"exp_month\":9,\"exp_year\":2027,\"extended_authorization\":{\"status\":\"disabled\"},\"fingerprint\":\"2mCfQwOdGWp1GgjC\",\"funding\":\"debit\",\"incremental_authorization\":{\"status\":\"unavailable\"},\"installments\":null,\"last4\":\"2599\",\"mandate\":null,\"multicapture\":{\"status\":\"unavailable\"},\"network\":\"visa\",\"network_token\":{\"used\":false},\"network_transaction_id\":\"385086720912124\",\"overcapture\":{\"maximum_amount_capturable\":15000,\"status\":\"unavailable\"},\"regulated_status\":\"regulated\",\"three_d_secure\":null,\"wallet\":null},\"type\":\"card\"},\"receipt_email\":null,\"receipt_number\":null,\"receipt_url\":\"https:\\/\\/pay.stripe.com\\/receipts\\/payment\\/CAcQARoXChVhY2N0XzFRUEFGdjJOVW9ZVWppdXUonN2WvwYyBqQMSyu-uTosFmL6UauQ3x47xDNRlpIp-D78YBHZsqz3Ms7qg_AnAQLckw_e16Zziq_bM40\",\"refunded\":false,\"review\":null,\"shipping\":null,\"source\":{\"id\":\"card_1R7McE2NUoYUjiuuhspYKCQ5\",\"object\":\"card\",\"address_city\":null,\"address_country\":null,\"address_line1\":null,\"address_line1_check\":null,\"address_line2\":null,\"address_state\":null,\"address_zip\":null,\"address_zip_check\":null,\"allow_redisplay\":\"unspecified\",\"brand\":\"Visa\",\"country\":\"US\",\"customer\":\"cus_S1PRPbXNTr7IWN\",\"cvc_check\":\"pass\",\"dynamic_last4\":null,\"exp_month\":9,\"exp_year\":2027,\"fingerprint\":\"2mCfQwOdGWp1GgjC\",\"funding\":\"debit\",\"last4\":\"2599\",\"metadata\":[],\"name\":\"josedavila0923@hotmail.com\",\"regulated_status\":\"regulated\",\"tokenization_method\":null,\"wallet\":null},\"source_transfer\":null,\"statement_descriptor\":null,\"statement_descriptor_suffix\":null,\"status\":\"succeeded\",\"transfer_data\":null,\"transfer_group\":null}'
WHERE `id` = 233;
INSERT INTO `sub_history` (`user_id`, `package_id`, `amount`, `payment_method`, `date`) VALUES ('HP6YP2', '2', '150', 'Stripe', '2025-03-27 15:01:31');
UPDATE `user_registration` SET sub_point = ROUND(sub_point + 150,2)
WHERE `user_id` = 'HP6YP2';
INSERT INTO `investment` (`invest_date`, `user_id`, `type`, `amount`, `package_id`) VALUES ('2025-03-27 15:01:31', 'HP6YP2', 'subscription', '150', '2');
UPDATE `user_registration` SET total_points = ROUND(total_points + 150,2)
WHERE `user_id` = 'HP6YP2';
INSERT INTO `points_history` (`user_id`, `points`, `type`, `date`) VALUES ('HP6YP2', '150', 'subscription', '2025-03-27 15:01:');
UPDATE `bv_updation` SET left_carry = left_carry+150, total_left = total_left+150
WHERE `user_id` = 'L8NRSC';
INSERT INTO `placement_bv_update_history` (`left_carry`, `date`, `from_id`, `user_id`) VALUES ('150', '2025-03-27 15:01:31', 'HP6YP2', 'L8NRSC');
UPDATE `bv_updation` SET sponsor_left_carry = sponsor_left_carry+150, sponsor_total_left = sponsor_total_left+150
WHERE `user_id` = 'L8NRSC';
INSERT INTO `sponsor_bv_update_history` (`left_carry`, `date`, `user_id`) VALUES ('150', '2025-03-27 15:01:31', 'L8NRSC');
UPDATE `bv_updation` SET left_carry = left_carry+150, total_left = total_left+150
WHERE `user_id` = 'JHRDHS';
INSERT INTO `placement_bv_update_history` (`left_carry`, `date`, `from_id`, `user_id`) VALUES ('150', '2025-03-27 15:01:31', 'HP6YP2', 'JHRDHS');
UPDATE `bv_updation` SET right_carry = right_carry+150, total_right = total_right+150
WHERE `user_id` = 'CVVK4C';
INSERT INTO `placement_bv_update_history` (`right_carry`, `date`, `from_id`, `user_id`) VALUES ('150', '2025-03-27 15:01:31', 'HP6YP2', 'CVVK4C');
UPDATE `bv_updation` SET left_carry = left_carry+150, total_left = total_left+150
WHERE `user_id` = 'K55EDD';
INSERT INTO `placement_bv_update_history` (`left_carry`, `date`, `from_id`, `user_id`) VALUES ('150', '2025-03-27 15:01:31', 'HP6YP2', 'K55EDD');
UPDATE `bv_updation` SET left_carry = left_carry+150, total_left = total_left+150
WHERE `user_id` = 'UQO7EQ';
INSERT INTO `placement_bv_update_history` (`left_carry`, `date`, `from_id`, `user_id`) VALUES ('150', '2025-03-27 15:01:31', 'HP6YP2', 'UQO7EQ');
UPDATE `bv_updation` SET left_carry = left_carry+150, total_left = total_left+150
WHERE `user_id` = 'N6GZAE';
INSERT INTO `placement_bv_update_history` (`left_carry`, `date`, `from_id`, `user_id`) VALUES ('150', '2025-03-27 15:01:31', 'HP6YP2', 'N6GZAE');
UPDATE `bv_updation` SET left_carry = left_carry+150, total_left = total_left+150
WHERE `user_id` = '4E1CRI';
INSERT INTO `placement_bv_update_history` (`left_carry`, `date`, `from_id`, `user_id`) VALUES ('150', '2025-03-27 15:01:31', 'HP6YP2', '4E1CRI');
UPDATE `bv_updation` SET left_carry = left_carry+150, total_left = total_left+150
WHERE `user_id` = 'SJBNYJ';
INSERT INTO `placement_bv_update_history` (`left_carry`, `date`, `from_id`, `user_id`) VALUES ('150', '2025-03-27 15:01:31', 'HP6YP2', 'SJBNYJ');
UPDATE `bv_updation` SET left_carry = left_carry+150, total_left = total_left+150
WHERE `user_id` = '44B9Y4';
INSERT INTO `placement_bv_update_history` (`left_carry`, `date`, `from_id`, `user_id`) VALUES ('150', '2025-03-27 15:01:31', 'HP6YP2', '44B9Y4');
UPDATE `bv_updation` SET right_carry = right_carry+150, total_right = total_right+150
WHERE `user_id` = 'admin';
INSERT INTO `placement_bv_update_history` (`right_carry`, `date`, `from_id`, `user_id`) VALUES ('150', '2025-03-27 15:01:31', 'HP6YP2', 'admin');
UPDATE `user_registration` SET `subscription_date` = '2025-04-26', `active_status` = 'yes'
WHERE `user_id` = 'HP6YP2';
UPDATE `user_registration` SET `popup_seen` = 'yes'
WHERE `user_id` = 'HP6YP2';
UPDATE `user_registration` SET `popup_seen` = 'no'
WHERE `user_id` = 'HP6YP2';
DELETE FROM `ci_sessions`
WHERE `id` = '8dc465b10d3ffcf0a2ad618847dcd5e35206a6d5';
INSERT INTO `login_history` (`user_id`, `device`, `ip_address`, `date`) VALUES ('K8DXP2', 'Mozilla/5.0 (Macintosh; Intel Mac OS X 10_15_7) AppleWebKit/537.36 (KHTML, like Gecko) Chrome/133.0.0.0 Safari/537.36', '172.68.7.139', '25-03-27 15:01');
UPDATE `user_registration` SET `popup_seen` = 'yes'
WHERE `user_id` = 'K8DXP2';
UPDATE `user_registration` SET `popup_seen` = 'yes'
WHERE `user_id` = 'K8DXP2';
UPDATE `user_registration` SET `popup_seen` = 'no'
WHERE `user_id` = 'K8DXP2';
DELETE FROM `ci_sessions`
WHERE `id` = 'cf0d10b00b3fe5ef0a4a8ab3ad808bdc4df38d83';
INSERT INTO `login_history` (`user_id`, `device`, `ip_address`, `date`) VALUES ('4VE7D1', 'Mozilla/5.0 (iPhone; CPU iPhone OS 18_3_2 like Mac OS X) AppleWebKit/605.1.15 (KHTML, like Gecko) Version/18.3.1 Mobile/15E148 Safari/604.1', '108.162.210.124', '25-03-27 15:14');
UPDATE `user_registration` SET `popup_seen` = 'yes'
WHERE `user_id` = '4VE7D1';
UPDATE `user_registration` SET `popup_seen` = 'yes'
WHERE `user_id` = '4VE7D1';
UPDATE `ci_sessions` SET `timestamp` = 1743106974, `data` = '__ci_last_regenerate|i:1743106974;captcha|s:4:\"7zmp\";'
WHERE `id` = '2c8a26758a541422d5506ecf5998ed6b0d3d4b3a';
INSERT INTO `login_history` (`user_id`, `device`, `ip_address`, `date`) VALUES ('44B9Y4', 'Mozilla/5.0 (iPhone; CPU iPhone OS 18_3_2 like Mac OS X) AppleWebKit/605.1.15 (KHTML, like Gecko) Version/18.3.1 Mobile/15E148 Safari/604.1', '172.68.7.202', '25-03-27 15:35');
UPDATE `user_registration` SET `popup_seen` = 'yes'
WHERE `user_id` = '44B9Y4';
UPDATE `user_registration` SET `popup_seen` = 'no'
WHERE `user_id` = '44B9Y4';
DELETE FROM `ci_sessions`
WHERE `id` = '95e9e6985961e0c0b05b77983f187b3354bdc5e0';
INSERT INTO `login_history` (`user_id`, `device`, `ip_address`, `date`) VALUES ('UQO7EQ', 'Mozilla/5.0 (iPhone; CPU iPhone OS 18_3_2 like Mac OS X) AppleWebKit/605.1.15 (KHTML, like Gecko) Version/18.3.1 Mobile/15E148 Safari/604.1', '172.68.7.203', '25-03-27 15:36');
UPDATE `user_registration` SET `popup_seen` = 'yes'
WHERE `user_id` = 'UQO7EQ';
INSERT INTO `login_history` (`user_id`, `device`, `ip_address`, `date`) VALUES ('44B9Y4', 'Mozilla/5.0 (X11; Linux x86_64) AppleWebKit/537.36 (KHTML, like Gecko) Chrome/134.0.0.0 Safari/537.36', '162.158.62.83', '25-03-27 15:42');
UPDATE `user_registration` SET `popup_seen` = 'yes'
WHERE `user_id` = '44B9Y4';
UPDATE `ci_sessions` SET `timestamp` = 1743109837, `data` = '__ci_last_regenerate|i:1743109837;captcha|s:4:\"abpp\";'
WHERE `id` = 'e3790069a0c53d0e16058800f3bb06a7be1a3cbe';
INSERT INTO `login_history` (`user_id`, `device`, `ip_address`, `date`) VALUES ('QRE21J', 'Mozilla/5.0 (Windows NT 10.0; Win64; x64) AppleWebKit/537.36 (KHTML, like Gecko) Chrome/134.0.0.0 Safari/537.36', '172.68.7.184', '25-03-27 16:10');
UPDATE `user_registration` SET `popup_seen` = 'yes'
WHERE `user_id` = 'QRE21J';
UPDATE `ci_sessions` SET `timestamp` = 1743110215, `data` = '__ci_last_regenerate|i:1743110215;id|s:4:\"2153\";user_id|s:6:\"QRE21J\";username|s:10:\"fyomaris75\";sponsor_id|s:6:\"QJ5U9C\";fullname|s:17:\"Yomaris Fernandez\";email|s:18:\"fyomaris@ymail.com\";phone|s:10:\"7862371360\";isLogIn|b:1;message|s:25:\"Welcome Yomaris Fernandez\";__ci_vars|a:1:{s:7:\"message\";s:3:\"old\";}'
WHERE `id` = 'ba7cc6eb300a3c8d2957e396c58c1e20fd9fcdf4';
INSERT INTO `login_history` (`user_id`, `device`, `ip_address`, `date`) VALUES ('PEABEG', 'Mozilla/5.0 (Windows NT 10.0; Win64; x64) AppleWebKit/537.36 (KHTML, like Gecko) Chrome/134.0.0.0 Safari/537.36 Edg/134.0.0.0', '172.70.255.69', '25-03-27 16:25');
UPDATE `user_registration` SET `popup_seen` = 'yes'
WHERE `user_id` = 'PEABEG';
UPDATE `ci_sessions` SET `timestamp` = 1743110814, `data` = '__ci_last_regenerate|i:1743110814;id|s:4:\"2021\";user_id|s:6:\"44B9Y4\";username|s:7:\"Talimbi\";sponsor_id|s:5:\"admin\";fullname|s:14:\"Emilio Tapanes\";email|s:23:\"emiliotapanes@gmail.com\";phone|s:10:\"7862876762\";isLogIn|b:1;'
WHERE `id` = 'a4e4b5415069465283c0252193ef419a884c2d22';
INSERT INTO `login_history` (`user_id`, `device`, `ip_address`, `date`) VALUES ('K55EDD', 'Mozilla/5.0 (iPhone; CPU iPhone OS 18_3_2 like Mac OS X) AppleWebKit/605.1.15 (KHTML, like Gecko) Version/18.3.1 Mobile/15E148 Safari/604.1', '172.68.7.88', '25-03-27 16:29');
UPDATE `user_registration` SET `popup_seen` = 'yes'
WHERE `user_id` = 'K55EDD';
INSERT INTO `login_history` (`user_id`, `device`, `ip_address`, `date`) VALUES ('UQO7EQ', 'Mozilla/5.0 (Linux; Android 10; K) AppleWebKit/537.36 (KHTML, like Gecko) Chrome/131.0.0.0 Mobile Safari/537.36', '172.68.12.197', '25-03-27 16:35');
UPDATE `user_registration` SET `popup_seen` = 'yes'
WHERE `user_id` = 'UQO7EQ';
UPDATE `user_registration` SET `popup_seen` = 'yes'
WHERE `user_id` = 'UQO7EQ';
UPDATE `user_registration` SET `popup_seen` = 'no'
WHERE `user_id` = 'UQO7EQ';
DELETE FROM `ci_sessions`
WHERE `id` = '3c32f8c22cab2bf59ecb5b64d20664f0a778157b';
UPDATE `ci_sessions` SET `timestamp` = 1743111545, `data` = '__ci_last_regenerate|i:1743111545;id|s:4:\"2270\";user_id|s:6:\"4VE7D1\";username|s:9:\"Ibarzabal\";sponsor_id|s:6:\"JHRDHS\";fullname|s:24:\"Carousel Barber Shop Inc\";email|s:24:\"frankibarzabal@gmail.com\";phone|s:10:\"7862307398\";isLogIn|b:1;'
WHERE `id` = 'cfff4e2ddea88ff3944374e2e651e406ec1001c4';
UPDATE `user_registration` SET `popup_seen` = 'yes'
WHERE `user_id` = '4VE7D1';
UPDATE `ci_sessions` SET `timestamp` = 1743111989, `data` = '__ci_last_regenerate|i:1743111989;captcha|s:4:\"6g34\";'
WHERE `id` = '34606d5f4ee01a420b7e98a6e1744af219028f3e';
UPDATE `ci_sessions` SET `timestamp` = 1743113166, `data` = '__ci_last_regenerate|i:1743113166;id|s:4:\"2021\";user_id|s:6:\"44B9Y4\";username|s:7:\"Talimbi\";sponsor_id|s:5:\"admin\";fullname|s:14:\"Emilio Tapanes\";email|s:23:\"emiliotapanes@gmail.com\";phone|s:10:\"7862876762\";isLogIn|b:1;'
WHERE `id` = '53e2b904161016fbcd33c475bfb7c96fedde8cd5';
UPDATE `user_registration` SET `popup_seen` = 'yes'
WHERE `user_id` = '44B9Y4';
UPDATE `user_registration` SET `language` = 'spanish'
WHERE `user_id` = '44B9Y4';
UPDATE `user_registration` SET `popup_seen` = 'yes'
WHERE `user_id` = '44B9Y4';
UPDATE `user_registration` SET `language` = 'english'
WHERE `user_id` = '44B9Y4';
UPDATE `user_registration` SET `popup_seen` = 'yes'
WHERE `user_id` = '44B9Y4';
UPDATE `user_registration` SET `popup_seen` = 'yes'
WHERE `user_id` = '44B9Y4';
INSERT INTO `login_history` (`user_id`, `device`, `ip_address`, `date`) VALUES ('UQO7EQ', 'Mozilla/5.0 (Windows NT 10.0; Win64; x64) AppleWebKit/537.36 (KHTML, like Gecko) Chrome/134.0.0.0 Safari/537.36', '172.70.254.133', '25-03-27 17:37');
UPDATE `user_registration` SET `popup_seen` = 'yes'
WHERE `user_id` = 'UQO7EQ';
UPDATE `ci_sessions` SET `timestamp` = 1743115509, `data` = '__ci_last_regenerate|i:1743115509;id|s:4:\"2042\";user_id|s:6:\"UQO7EQ\";username|s:6:\"Rafa51\";sponsor_id|s:6:\"N6GZAE\";fullname|s:16:\"Rafael Rodriguez\";email|s:18:\"rafagana@yahoo.com\";phone|s:10:\"3057610606\";isLogIn|b:1;message|s:24:\"Welcome Rafael Rodriguez\";__ci_vars|a:1:{s:7:\"message\";s:3:\"old\";}'
WHERE `id` = 'df9cabb8849c8080b1e31d0307bc991de443f39a';
UPDATE `user_registration` SET `popup_seen` = 'yes'
WHERE `user_id` = 'UQO7EQ';
UPDATE `ci_sessions` SET `timestamp` = 1743116505, `data` = '__ci_last_regenerate|i:1743116505;id|s:4:\"2042\";user_id|s:6:\"UQO7EQ\";username|s:6:\"Rafa51\";sponsor_id|s:6:\"N6GZAE\";fullname|s:16:\"Rafael Rodriguez\";email|s:18:\"rafagana@yahoo.com\";phone|s:10:\"3057610606\";isLogIn|b:1;'
WHERE `id` = 'd2089c841c837fcf64cd0cbb17cd3005a8ec62a0';
UPDATE `user_registration` SET `popup_seen` = 'no'
WHERE `user_id` = 'UQO7EQ';
DELETE FROM `ci_sessions`
WHERE `id` = '00c7615c08f2961b7679a2ca64d7c9c0ec8165c9';
INSERT INTO `login_history` (`user_id`, `device`, `ip_address`, `date`) VALUES ('QJ5U9C', 'Mozilla/5.0 (Windows NT 10.0; Win64; x64) AppleWebKit/537.36 (KHTML, like Gecko) Chrome/134.0.0.0 Safari/537.36', '172.71.156.142', '25-03-27 18:06');
UPDATE `user_registration` SET `popup_seen` = 'yes'
WHERE `user_id` = 'QJ5U9C';
INSERT INTO `login_history` (`user_id`, `device`, `ip_address`, `date`) VALUES ('UQO7EQ', 'Mozilla/5.0 (Windows NT 10.0; Win64; x64) AppleWebKit/537.36 (KHTML, like Gecko) Chrome/134.0.0.0 Safari/537.36', '172.68.7.19', '25-03-27 18:19');
UPDATE `user_registration` SET `popup_seen` = 'yes'
WHERE `user_id` = 'UQO7EQ';
INSERT INTO `login_history` (`user_id`, `device`, `ip_address`, `date`) VALUES ('F7LGEE', 'Mozilla/5.0 (Windows NT 10.0; Win64; x64) AppleWebKit/537.36 (KHTML, like Gecko) Chrome/134.0.0.0 Safari/537.36', '172.68.7.205', '25-03-27 18:22');
UPDATE `user_registration` SET `popup_seen` = 'yes'
WHERE `user_id` = 'F7LGEE';
UPDATE `user_registration` SET `popup_seen` = 'yes'
WHERE `user_id` = 'F7LGEE';
UPDATE `ci_sessions` SET `timestamp` = 1743117857, `data` = '__ci_last_regenerate|i:1743117857;id|s:4:\"2042\";user_id|s:6:\"UQO7EQ\";username|s:6:\"Rafa51\";sponsor_id|s:6:\"N6GZAE\";fullname|s:16:\"Rafael Rodriguez\";email|s:18:\"rafagana@yahoo.com\";phone|s:10:\"3057610606\";isLogIn|b:1;'
WHERE `id` = 'f94f25e761eb2187a0c87498adcd8636d6994c8b';
UPDATE `user_registration` SET `popup_seen` = 'yes'
WHERE `user_id` = 'UQO7EQ';
UPDATE `user_registration` SET `popup_seen` = 'yes'
WHERE `user_id` = 'F7LGEE';
UPDATE `user_registration` SET `popup_seen` = 'yes'
WHERE `user_id` = 'CVVK4C';
UPDATE `user_registration` SET `popup_seen` = 'yes'
WHERE `user_id` = 'CVVK4C';
UPDATE `user_registration` SET `popup_seen` = 'yes'
WHERE `user_id` = 'CVVK4C';
UPDATE `user_registration` SET `popup_seen` = 'yes'
WHERE `user_id` = 'CVVK4C';
UPDATE `ci_sessions` SET `timestamp` = 1743118998, `data` = '__ci_last_regenerate|i:1743118998;captcha|s:4:\"4hqa\";'
WHERE `id` = '9f5328ed386790a0589b4224fef5f134f9d480fd';
INSERT INTO `login_history` (`user_id`, `device`, `ip_address`, `date`) VALUES ('SX4SBY', 'Mozilla/5.0 (Windows NT 10.0; Win64; x64) AppleWebKit/537.36 (KHTML, like Gecko) Chrome/134.0.0.0 Safari/537.36 Edg/134.0.0.0', '172.68.7.40', '25-03-27 18:45');
UPDATE `user_registration` SET `popup_seen` = 'yes'
WHERE `user_id` = 'SX4SBY';
INSERT INTO `login_history` (`user_id`, `device`, `ip_address`, `date`) VALUES ('2RSJNO', 'Mozilla/5.0 (Windows NT 10.0; Win64; x64) AppleWebKit/537.36 (KHTML, like Gecko) Chrome/134.0.0.0 Safari/537.36', '108.162.210.227', '25-03-27 18:46');
UPDATE `user_registration` SET `popup_seen` = 'yes'
WHERE `user_id` = '2RSJNO';
UPDATE `ci_sessions` SET `timestamp` = 1743119396, `data` = '__ci_last_regenerate|i:1743119396;id|s:4:\"2277\";user_id|s:6:\"SX4SBY\";username|s:11:\"kikomasso42\";sponsor_id|s:6:\"7ZQOFP\";fullname|s:10:\"Luis Masso\";email|s:24:\"enriquemasso42@gmail.com\";phone|s:10:\"3053085694\";isLogIn|b:1;'
WHERE `id` = '17f5bd5dca5bac39bca52aaad393d44e8662a14b';
UPDATE `user_registration` SET `popup_seen` = 'yes'
WHERE `user_id` = 'SX4SBY';
UPDATE `user_registration` SET `popup_seen` = 'yes'
WHERE `user_id` = 'SX4SBY';
UPDATE `user_registration` SET `popup_seen` = 'yes'
WHERE `user_id` = 'SX4SBY';
UPDATE `user_registration` SET `popup_seen` = 'yes'
WHERE `user_id` = 'SX4SBY';
INSERT INTO `login_history` (`user_id`, `device`, `ip_address`, `date`) VALUES ('UQO7EQ', 'Mozilla/5.0 (Linux; Android 10; K) AppleWebKit/537.36 (KHTML, like Gecko) Chrome/131.0.0.0 Mobile Safari/537.36', '108.162.212.7', '25-03-27 18:53');
UPDATE `user_registration` SET `popup_seen` = 'yes'
WHERE `user_id` = 'UQO7EQ';
UPDATE `user_registration` SET `popup_seen` = 'no'
WHERE `user_id` = 'UQO7EQ';
DELETE FROM `ci_sessions`
WHERE `id` = '4f7c3555bf0d41b1ed0c63b2ef79970ebaf172e5';
UPDATE `ci_sessions` SET `timestamp` = 1743120520, `data` = '__ci_last_regenerate|i:1743120520;captcha|s:4:\"6mwz\";'
WHERE `id` = '4167bb10d526659c4b077ae2cfa5b43fd48ace61';
INSERT INTO `login_history` (`user_id`, `device`, `ip_address`, `date`) VALUES ('UQO7EQ', 'Mozilla/5.0 (Windows NT 10.0; Win64; x64) AppleWebKit/537.36 (KHTML, like Gecko) Chrome/134.0.0.0 Safari/537.36', '172.68.12.196', '25-03-27 19:08');
UPDATE `user_registration` SET `popup_seen` = 'yes'
WHERE `user_id` = 'UQO7EQ';
INSERT INTO `login_history` (`user_id`, `device`, `ip_address`, `date`) VALUES ('U7SMZ8', 'Mozilla/5.0 (Macintosh; Intel Mac OS X 10_15_7) AppleWebKit/605.1.15 (KHTML, like Gecko) Version/17.6 Safari/605.1.15', '172.68.12.105', '25-03-27 19:13');
UPDATE `user_registration` SET `popup_seen` = 'yes'
WHERE `user_id` = 'U7SMZ8';
UPDATE `user_registration` SET `popup_seen` = 'no'
WHERE `user_id` = 'U7SMZ8';
DELETE FROM `ci_sessions`
WHERE `id` = '1e373f15600e8fa2a720e9f230fe96132f33f15e';
INSERT INTO `login_history` (`user_id`, `device`, `ip_address`, `date`) VALUES ('UXMQZD', 'Mozilla/5.0 (iPhone; CPU iPhone OS 18_3_2 like Mac OS X) AppleWebKit/605.1.15 (KHTML, like Gecko) Version/18.3.1 Mobile/15E148 Safari/604.1', '172.68.12.145', '25-03-27 19:23');
UPDATE `user_registration` SET `popup_seen` = 'yes'
WHERE `user_id` = 'UXMQZD';
INSERT INTO `login_history` (`user_id`, `device`, `ip_address`, `date`) VALUES ('JHRDHS', 'Mozilla/5.0 (Macintosh; Intel Mac OS X 10_15_7) AppleWebKit/605.1.15 (KHTML, like Gecko) Version/17.6 Safari/605.1.15', '172.70.254.233', '25-03-27 19:25');
UPDATE `user_registration` SET `popup_seen` = 'yes'
WHERE `user_id` = 'JHRDHS';
UPDATE `user_registration` SET `popup_seen` = 'yes'
WHERE `user_id` = 'JHRDHS';
UPDATE `ci_sessions` SET `timestamp` = 1743121653, `data` = '__ci_last_regenerate|i:1743121653;id|s:4:\"2085\";user_id|s:6:\"UXMQZD\";username|s:8:\"hern1892\";sponsor_id|s:6:\"O94ZPY\";fullname|s:16:\"Magaly Hernandez\";email|s:20:\"hern1892@hotmail.com\";phone|s:12:\"786 449 8531\";isLogIn|b:1;'
WHERE `id` = '1e752903593a25c369e654c233c2c3c21d6e4306';
UPDATE `ci_sessions` SET `timestamp` = 1743121806, `data` = '__ci_last_regenerate|i:1743121806;id|s:4:\"2042\";user_id|s:6:\"UQO7EQ\";username|s:6:\"Rafa51\";sponsor_id|s:6:\"N6GZAE\";fullname|s:16:\"Rafael Rodriguez\";email|s:18:\"rafagana@yahoo.com\";phone|s:10:\"3057610606\";isLogIn|b:1;message|s:24:\"Welcome Rafael Rodriguez\";__ci_vars|a:1:{s:7:\"message\";s:3:\"old\";}'
WHERE `id` = 'd5c338e1189c2ffcf1bd20ced646458b36b51896';
UPDATE `user_registration` SET `popup_seen` = 'yes'
WHERE `user_id` = 'UQO7EQ';
UPDATE `user_registration` SET `popup_seen` = 'yes'
WHERE `user_id` = 'UQO7EQ';
UPDATE `ci_sessions` SET `timestamp` = 1743122620, `data` = '__ci_last_regenerate|i:1743122620;id|s:4:\"2071\";user_id|s:6:\"JHRDHS\";username|s:7:\"mbecena\";sponsor_id|s:6:\"CVVK4C\";fullname|s:12:\"Maria Becena\";email|s:21:\"mbecena@bellsouth.net\";phone|s:10:\"7862360387\";isLogIn|b:1;'
WHERE `id` = '5cdaad04a8ed506c2082bbcb83a93ef206837e4c';
UPDATE `ci_sessions` SET `timestamp` = 1743122663, `data` = '__ci_last_regenerate|i:1743122663;id|s:4:\"2042\";user_id|s:6:\"UQO7EQ\";username|s:6:\"Rafa51\";sponsor_id|s:6:\"N6GZAE\";fullname|s:16:\"Rafael Rodriguez\";email|s:18:\"rafagana@yahoo.com\";phone|s:10:\"3057610606\";isLogIn|b:1;'
WHERE `id` = 'e71a8a02a0215007149cb9028a2c26a14ae4848d';
UPDATE `user_registration` SET `popup_seen` = 'yes'
WHERE `user_id` = 'UQO7EQ';
UPDATE `ci_sessions` SET `timestamp` = 1743122929, `data` = '__ci_last_regenerate|i:1743122929;id|s:4:\"2071\";user_id|s:6:\"JHRDHS\";username|s:7:\"mbecena\";sponsor_id|s:6:\"CVVK4C\";fullname|s:12:\"Maria Becena\";email|s:21:\"mbecena@bellsouth.net\";phone|s:10:\"7862360387\";isLogIn|b:1;'
WHERE `id` = 'a64af67f8d904e22f52273ae61d101632e855d84';
UPDATE `ci_sessions` SET `timestamp` = 1743123163, `data` = '__ci_last_regenerate|i:1743123163;id|s:4:\"2042\";user_id|s:6:\"UQO7EQ\";username|s:6:\"Rafa51\";sponsor_id|s:6:\"N6GZAE\";fullname|s:16:\"Rafael Rodriguez\";email|s:18:\"rafagana@yahoo.com\";phone|s:10:\"3057610606\";isLogIn|b:1;'
WHERE `id` = 'e17c9db91792a7f065f8f99e6425b3321456200d';
UPDATE `user_registration` SET `popup_seen` = 'yes'
WHERE `user_id` = 'UQO7EQ';
UPDATE `ci_sessions` SET `timestamp` = 1743123751, `data` = '__ci_last_regenerate|i:1743123751;id|s:4:\"2042\";user_id|s:6:\"UQO7EQ\";username|s:6:\"Rafa51\";sponsor_id|s:6:\"N6GZAE\";fullname|s:16:\"Rafael Rodriguez\";email|s:18:\"rafagana@yahoo.com\";phone|s:10:\"3057610606\";isLogIn|b:1;'
WHERE `id` = 'a40507d4f3d1d8c88ea42f053bd0cde2fe5a9a50';
UPDATE `user_registration` SET `popup_seen` = 'no'
WHERE `user_id` = 'UQO7EQ';
DELETE FROM `ci_sessions`
WHERE `id` = '346c51062a88eadb2bc3f6bbd35a339b80794c78';
INSERT INTO `login_history` (`user_id`, `device`, `ip_address`, `date`) VALUES ('JHRDHS', 'Mozilla/5.0 (iPhone; CPU iPhone OS 18_3_2 like Mac OS X) AppleWebKit/605.1.15 (KHTML, like Gecko) Version/18.3.1 Mobile/15E148 Safari/604.1', '172.68.12.132', '25-03-27 20:05');
UPDATE `user_registration` SET `popup_seen` = 'yes'
WHERE `user_id` = 'JHRDHS';
UPDATE `ci_sessions` SET `timestamp` = 1743124943, `data` = '__ci_last_regenerate|i:1743124943;id|s:4:\"2071\";user_id|s:6:\"JHRDHS\";username|s:7:\"mbecena\";sponsor_id|s:6:\"CVVK4C\";fullname|s:12:\"Maria Becena\";email|s:21:\"mbecena@bellsouth.net\";phone|s:10:\"7862360387\";isLogIn|b:1;message|s:20:\"Welcome Maria Becena\";__ci_vars|a:1:{s:7:\"message\";s:3:\"old\";}'
WHERE `id` = 'a84a09a3a86b631766c3618ba5522d0c9e523c8e';
UPDATE `user_registration` SET `popup_seen` = 'yes'
WHERE `user_id` = 'JHRDHS';
INSERT INTO `login_history` (`user_id`, `device`, `ip_address`, `date`) VALUES ('4VE7D1', 'Mozilla/5.0 (iPhone; CPU iPhone OS 18_3_2 like Mac OS X) AppleWebKit/605.1.15 (KHTML, like Gecko) Version/18.3.1 Mobile/15E148 Safari/604.1', '172.70.83.12', '25-03-27 20:24');
UPDATE `user_registration` SET `popup_seen` = 'yes'
WHERE `user_id` = '4VE7D1';
INSERT INTO `login_history` (`user_id`, `device`, `ip_address`, `date`) VALUES ('OMGB4G', 'Mozilla/5.0 (Windows NT 10.0; Win64; x64) AppleWebKit/537.36 (KHTML, like Gecko) Chrome/109.0.0.0 Safari/537.36', '172.69.132.241', '25-03-27 20:26');
UPDATE `user_registration` SET `popup_seen` = 'yes'
WHERE `user_id` = 'OMGB4G';
UPDATE `ci_sessions` SET `timestamp` = 1743125191, `data` = '__ci_last_regenerate|i:1743125191;id|s:4:\"2102\";user_id|s:6:\"OMGB4G\";username|s:8:\"Debora68\";sponsor_id|s:6:\"U7SMZ8\";fullname|s:11:\"Ania Debora\";email|s:21:\"aniadebora8@gmail.com\";phone|s:10:\"3057261484\";isLogIn|b:1;'
WHERE `id` = '38d9ecfab00a878ed7983f30b3aa9b1687c2ef8e';
UPDATE `user_registration` SET `popup_seen` = 'yes'
WHERE `user_id` = 'OMGB4G';
UPDATE `user_registration` SET `language` = 'english'
WHERE `user_id` = 'OMGB4G';
UPDATE `user_registration` SET `popup_seen` = 'yes'
WHERE `user_id` = 'OMGB4G';
INSERT INTO `temp_register` (`post_data`, `date`, `payment_method`, `type`) VALUES ('{\"user_id\":\"OMGB4G\",\"package_id\":\"2\",\"amount\":\"150\",\"payment_method\":\"stripe\",\"date\":\"2025-03-27 20:27:31\"}', '2025-03-27 20:27:31', 'stripe', 'renew');
UPDATE `ci_sessions` SET `timestamp` = 1743125630, `data` = '__ci_last_regenerate|i:1743125630;id|s:4:\"2102\";user_id|s:6:\"OMGB4G\";username|s:8:\"Debora68\";sponsor_id|s:6:\"U7SMZ8\";fullname|s:11:\"Ania Debora\";email|s:21:\"aniadebora8@gmail.com\";phone|s:10:\"3057261484\";isLogIn|b:1;upgrade_stripe_id|i:234;'
WHERE `id` = '74e8dd1686a310d0086f2d5d94fa7c3c493a16b8';
UPDATE `user_registration` SET `popup_seen` = 'yes'
WHERE `user_id` = 'OMGB4G';
UPDATE `ci_sessions` SET `timestamp` = 1743125632, `data` = '__ci_last_regenerate|i:1743125632;captcha|s:4:\"as98\";'
WHERE `id` = '6c4c8d8c57fbbe939829b403ae20b528024599fc';
INSERT INTO `login_history` (`user_id`, `device`, `ip_address`, `date`) VALUES ('UQO7EQ', 'Mozilla/5.0 (Windows NT 10.0; Win64; x64) AppleWebKit/537.36 (KHTML, like Gecko) Chrome/134.0.0.0 Safari/537.36', '172.68.12.54', '25-03-27 20:33');
UPDATE `user_registration` SET `popup_seen` = 'yes'
WHERE `user_id` = 'UQO7EQ';
UPDATE `user_registration` SET `popup_seen` = 'no'
WHERE `user_id` = 'UQO7EQ';
DELETE FROM `ci_sessions`
WHERE `id` = 'ff556e913f3b5a2e87e429e75c623b1fd4e5bb39';
UPDATE `ci_sessions` SET `timestamp` = 1743126054, `data` = '__ci_last_regenerate|i:1743126054;id|s:4:\"2071\";user_id|s:6:\"JHRDHS\";username|s:7:\"mbecena\";sponsor_id|s:6:\"CVVK4C\";fullname|s:12:\"Maria Becena\";email|s:21:\"mbecena@bellsouth.net\";phone|s:10:\"7862360387\";isLogIn|b:1;'
WHERE `id` = 'd7031f610e3e74f58d8c63417e6b1b95009c6336';
UPDATE `user_registration` SET `popup_seen` = 'yes'
WHERE `user_id` = 'JHRDHS';
UPDATE `user_registration` SET `popup_seen` = 'yes'
WHERE `user_id` = 'JHRDHS';
UPDATE `user_registration` SET `popup_seen` = 'no'
WHERE `user_id` IS NULL;
DELETE FROM `ci_sessions`
WHERE `id` = '905051e7a6800c46558596557f49bf5453d37591';
UPDATE `user_registration` SET `popup_seen` = 'yes'
WHERE `user_id` = 'JHRDHS';
INSERT INTO `login_history` (`user_id`, `device`, `ip_address`, `date`) VALUES ('7KTC9V', 'Mozilla/5.0 (Windows NT 10.0; Win64; x64) AppleWebKit/537.36 (KHTML, like Gecko) Chrome/134.0.0.0 Safari/537.36', '172.70.55.151', '25-03-27 20:42');
UPDATE `user_registration` SET `popup_seen` = 'yes'
WHERE `user_id` = '7KTC9V';
UPDATE `ci_sessions` SET `timestamp` = 1743127049, `data` = '__ci_last_regenerate|i:1743127049;id|s:4:\"2190\";user_id|s:6:\"2RSJNO\";username|s:8:\"yoel0221\";sponsor_id|s:6:\"QJ5U9C\";fullname|s:16:\"Yoel Ramos Gomez\";email|s:19:\"yoel21272@gmail.com\";phone|s:10:\"3053050150\";isLogIn|b:1;message|s:24:\"Welcome Yoel Ramos Gomez\";__ci_vars|a:1:{s:7:\"message\";s:3:\"old\";}'
WHERE `id` = 'deaf8c7ee2a1cb7c72f32f6c6e993d233f4c7ad5';
UPDATE `user_registration` SET `popup_seen` = 'yes'
WHERE `user_id` = '2RSJNO';
INSERT INTO `login_history` (`user_id`, `device`, `ip_address`, `date`) VALUES ('8D7CNL', 'Mozilla/5.0 (Windows NT 10.0; Win64; x64) AppleWebKit/537.36 (KHTML, like Gecko) Chrome/134.0.0.0 Safari/537.36', '172.68.12.95', '25-03-27 20:58');
UPDATE `user_registration` SET `popup_seen` = 'yes'
WHERE `user_id` = '8D7CNL';
UPDATE `user_registration` SET `popup_seen` = 'no'
WHERE `user_id` = '8D7CNL';
DELETE FROM `ci_sessions`
WHERE `id` = '84523b83c355c6c1e141f62b609d790628a4d247';
UPDATE `ci_sessions` SET `timestamp` = 1743127402, `data` = '__ci_last_regenerate|i:1743127402;id|s:4:\"2071\";user_id|s:6:\"JHRDHS\";username|s:7:\"mbecena\";sponsor_id|s:6:\"CVVK4C\";fullname|s:12:\"Maria Becena\";email|s:21:\"mbecena@bellsouth.net\";phone|s:10:\"7862360387\";isLogIn|b:1;'
WHERE `id` = '3a1c3bb22420bccf6b4816b1324deca6ff49455f';
UPDATE `user_registration` SET `popup_seen` = 'yes'
WHERE `user_id` = 'JHRDHS';
UPDATE `ci_sessions` SET `timestamp` = 1743127557, `data` = '__ci_last_regenerate|i:1743127557;captcha|s:4:\"hax8\";'
WHERE `id` = '3acf9bd087cae6dfc16d99da0b7abbcc4e2ad0aa';
INSERT INTO `login_history` (`user_id`, `device`, `ip_address`, `date`) VALUES ('UQO7EQ', 'Mozilla/5.0 (Windows NT 10.0; Win64; x64) AppleWebKit/537.36 (KHTML, like Gecko) Chrome/134.0.0.0 Safari/537.36', '172.68.12.142', '25-03-27 21:05');
UPDATE `user_registration` SET `popup_seen` = 'yes'
WHERE `user_id` = 'UQO7EQ';
UPDATE `user_registration` SET `popup_seen` = 'no'
WHERE `user_id` = 'UQO7EQ';
DELETE FROM `ci_sessions`
WHERE `id` = 'c10231b7197cf5aa895fbf52cf09d64bfdea0c7b';
UPDATE `ci_sessions` SET `timestamp` = 1743127634, `data` = '__ci_last_regenerate|i:1743127634;id|s:4:\"2071\";user_id|s:6:\"JHRDHS\";username|s:7:\"mbecena\";sponsor_id|s:6:\"CVVK4C\";fullname|s:12:\"Maria Becena\";email|s:21:\"mbecena@bellsouth.net\";phone|s:10:\"7862360387\";isLogIn|b:1;'
WHERE `id` = '050338f0002adb613bdb5b0f092058754dedc9de';
UPDATE `user_registration` SET `popup_seen` = 'yes'
WHERE `user_id` = 'JHRDHS';
UPDATE `user_registration` SET `popup_seen` = 'yes'
WHERE `user_id` = 'JHRDHS';
UPDATE `user_registration` SET `popup_seen` = 'yes'
WHERE `user_id` = 'JHRDHS';
UPDATE `ci_sessions` SET `timestamp` = 1743128077, `data` = '__ci_last_regenerate|i:1743128077;id|s:4:\"2102\";user_id|s:6:\"OMGB4G\";username|s:8:\"Debora68\";sponsor_id|s:6:\"U7SMZ8\";fullname|s:11:\"Ania Debora\";email|s:21:\"aniadebora8@gmail.com\";phone|s:10:\"3057261484\";isLogIn|b:1;upgrade_stripe_id|i:234;'
WHERE `id` = '7d2197c585435ac00c0a11d9cbc76b3aa2df20b6';
UPDATE `user_registration` SET `popup_seen` = 'no'
WHERE `user_id` = 'OMGB4G';
DELETE FROM `ci_sessions`
WHERE `id` = 'f070cf6efc29f80a849a614380e81657c1c47e37';
INSERT INTO `login_history` (`user_id`, `device`, `ip_address`, `date`) VALUES ('8PK4HK', 'Mozilla/5.0 (Windows NT 10.0; Win64; x64) AppleWebKit/537.36 (KHTML, like Gecko) Chrome/109.0.0.0 Safari/537.36', '172.68.7.202', '25-03-27 21:15');
UPDATE `user_registration` SET `popup_seen` = 'yes'
WHERE `user_id` = '8PK4HK';
UPDATE `user_registration` SET `language` = 'english'
WHERE `user_id` = '8PK4HK';
UPDATE `user_registration` SET `popup_seen` = 'yes'
WHERE `user_id` = '8PK4HK';
UPDATE `user_registration` SET `popup_seen` = 'no'
WHERE `user_id` = '8PK4HK';
DELETE FROM `ci_sessions`
WHERE `id` = '56d5725119313d526077ad513d316472be459aaa';
INSERT INTO `login_history` (`user_id`, `device`, `ip_address`, `date`) VALUES ('OMGB4G', 'Mozilla/5.0 (Windows NT 10.0; Win64; x64) AppleWebKit/537.36 (KHTML, like Gecko) Chrome/109.0.0.0 Safari/537.36', '172.70.254.3', '25-03-27 21:18');
UPDATE `user_registration` SET `popup_seen` = 'yes'
WHERE `user_id` = 'OMGB4G';
INSERT INTO `temp_register` (`post_data`, `date`, `payment_method`, `type`) VALUES ('{\"user_id\":\"OMGB4G\",\"package_id\":\"2\",\"amount\":\"150\",\"payment_method\":\"stripe\",\"date\":\"2025-03-27 21:21:14\"}', '2025-03-27 21:21:14', 'stripe', 'renew');
UPDATE `temp_register` SET `response` = '{\"stripeToken\":\"tok_1R7SYL2NUoYUjiuuAgoWg5H8\",\"stripeTokenType\":\"card\",\"stripeEmail\":\"aniadebora8@gmail.com\"}', `date_modified` = '2025-03-27 21:21:54', `payment_status` = '{\"id\":\"ch_3R7SYQ2NUoYUjiuu1FCyGkoy\",\"object\":\"charge\",\"amount\":15000,\"amount_captured\":15000,\"amount_refunded\":0,\"application\":null,\"application_fee\":null,\"application_fee_amount\":null,\"balance_transaction\":\"txn_3R7SYQ2NUoYUjiuu11wWpS03\",\"billing_details\":{\"address\":{\"city\":null,\"country\":null,\"line1\":null,\"line2\":null,\"postal_code\":null,\"state\":null},\"email\":null,\"name\":\"aniadebora8@gmail.com\",\"phone\":null},\"calculated_statement_descriptor\":\"TRAVELEGENDCY LLC\",\"captured\":true,\"created\":1743128514,\"currency\":\"usd\",\"customer\":\"cus_S1VZjy0oujnDHH\",\"description\":null,\"destination\":null,\"dispute\":null,\"disputed\":false,\"failure_balance_transaction\":null,\"failure_code\":null,\"failure_message\":null,\"fraud_details\":[],\"invoice\":null,\"livemode\":true,\"metadata\":{\"name\":\"Ania Debora\",\"username\":\"Debora68\"},\"on_behalf_of\":null,\"order\":null,\"outcome\":{\"advice_code\":null,\"network_advice_code\":null,\"network_decline_code\":null,\"network_status\":\"approved_by_network\",\"reason\":null,\"risk_level\":\"normal\",\"seller_message\":\"Payment complete.\",\"type\":\"authorized\"},\"paid\":true,\"payment_intent\":null,\"payment_method\":\"card_1R7SYL2NUoYUjiuuytxzsdtx\",\"payment_method_details\":{\"card\":{\"amount_authorized\":15000,\"authorization_code\":\"192710\",\"brand\":\"visa\",\"checks\":{\"address_line1_check\":null,\"address_postal_code_check\":null,\"cvc_check\":\"pass\"},\"country\":\"US\",\"exp_month\":11,\"exp_year\":2029,\"extended_authorization\":{\"status\":\"disabled\"},\"fingerprint\":\"xFjHW8gksZ6Z6s4B\",\"funding\":\"debit\",\"incremental_authorization\":{\"status\":\"unavailable\"},\"installments\":null,\"last4\":\"4957\",\"mandate\":null,\"multicapture\":{\"status\":\"unavailable\"},\"network\":\"visa\",\"network_token\":{\"used\":true},\"network_transaction_id\":\"585087085144954\",\"overcapture\":{\"maximum_amount_capturable\":15000,\"status\":\"unavailable\"},\"regulated_status\":\"regulated\",\"three_d_secure\":null,\"wallet\":null},\"type\":\"card\"},\"receipt_email\":null,\"receipt_number\":null,\"receipt_url\":\"https:\\/\\/pay.stripe.com\\/receipts\\/payment\\/CAcQARoXChVhY2N0XzFRUEFGdjJOVW9ZVWppdXUow4-YvwYyBuPad1WzGDosFrg-TaH0jYUjwJCA0CShX3r4usaMITQ9n_CRZQrW9_A0cdMxC7WBnytrnSw\",\"refunded\":false,\"review\":null,\"shipping\":null,\"source\":{\"id\":\"card_1R7SYL2NUoYUjiuuytxzsdtx\",\"object\":\"card\",\"address_city\":null,\"address_country\":null,\"address_line1\":null,\"address_line1_check\":null,\"address_line2\":null,\"address_state\":null,\"address_zip\":null,\"address_zip_check\":null,\"allow_redisplay\":\"unspecified\",\"brand\":\"Visa\",\"country\":\"US\",\"customer\":\"cus_S1VZjy0oujnDHH\",\"cvc_check\":\"pass\",\"dynamic_last4\":null,\"exp_month\":11,\"exp_year\":2029,\"fingerprint\":\"xFjHW8gksZ6Z6s4B\",\"funding\":\"debit\",\"last4\":\"4957\",\"metadata\":[],\"name\":\"aniadebora8@gmail.com\",\"regulated_status\":\"regulated\",\"tokenization_method\":null,\"wallet\":null},\"source_transfer\":null,\"statement_descriptor\":null,\"statement_descriptor_suffix\":null,\"status\":\"succeeded\",\"transfer_data\":null,\"transfer_group\":null}'
WHERE `id` = 235;
INSERT INTO `sub_history` (`user_id`, `package_id`, `amount`, `payment_method`, `date`) VALUES ('OMGB4G', '2', '150', 'Stripe', '2025-03-27 21:21:54');
UPDATE `user_registration` SET sub_point = ROUND(sub_point + 150,2)
WHERE `user_id` = 'OMGB4G';
INSERT INTO `investment` (`invest_date`, `user_id`, `type`, `amount`, `package_id`) VALUES ('2025-03-27 21:21:54', 'OMGB4G', 'subscription', '150', '2');
UPDATE `user_registration` SET total_points = ROUND(total_points + 150,2)
WHERE `user_id` = 'OMGB4G';
INSERT INTO `points_history` (`user_id`, `points`, `type`, `date`) VALUES ('OMGB4G', '150', 'subscription', '2025-03-27 21:21:');
UPDATE `bv_updation` SET left_carry = left_carry+150, total_left = total_left+150
WHERE `user_id` = 'WDEXJT';
INSERT INTO `placement_bv_update_history` (`left_carry`, `date`, `from_id`, `user_id`) VALUES ('150', '2025-03-27 21:21:54', 'OMGB4G', 'WDEXJT');
UPDATE `bv_updation` SET left_carry = left_carry+150, total_left = total_left+150
WHERE `user_id` = 'JIL8K9';
INSERT INTO `placement_bv_update_history` (`left_carry`, `date`, `from_id`, `user_id`) VALUES ('150', '2025-03-27 21:21:54', 'OMGB4G', 'JIL8K9');
UPDATE `bv_updation` SET left_carry = left_carry+150, total_left = total_left+150
WHERE `user_id` = 'U7SMZ8';
INSERT INTO `placement_bv_update_history` (`left_carry`, `date`, `from_id`, `user_id`) VALUES ('150', '2025-03-27 21:21:54', 'OMGB4G', 'U7SMZ8');
UPDATE `bv_updation` SET sponsor_left_carry = sponsor_left_carry+150, sponsor_total_left = sponsor_total_left+150
WHERE `user_id` = 'U7SMZ8';
INSERT INTO `sponsor_bv_update_history` (`left_carry`, `date`, `user_id`) VALUES ('150', '2025-03-27 21:21:54', 'U7SMZ8');
UPDATE `bv_updation` SET right_carry = right_carry+150, total_right = total_right+150
WHERE `user_id` = 'AABG7W';
INSERT INTO `placement_bv_update_history` (`right_carry`, `date`, `from_id`, `user_id`) VALUES ('150', '2025-03-27 21:21:54', 'OMGB4G', 'AABG7W');
UPDATE `bv_updation` SET right_carry = right_carry+150, total_right = total_right+150
WHERE `user_id` = '3ZDIFO';
INSERT INTO `placement_bv_update_history` (`right_carry`, `date`, `from_id`, `user_id`) VALUES ('150', '2025-03-27 21:21:54', 'OMGB4G', '3ZDIFO');
UPDATE `bv_updation` SET right_carry = right_carry+150, total_right = total_right+150
WHERE `user_id` = 'UQO7EQ';
INSERT INTO `placement_bv_update_history` (`right_carry`, `date`, `from_id`, `user_id`) VALUES ('150', '2025-03-27 21:21:54', 'OMGB4G', 'UQO7EQ');
UPDATE `bv_updation` SET left_carry = left_carry+150, total_left = total_left+150
WHERE `user_id` = 'N6GZAE';
INSERT INTO `placement_bv_update_history` (`left_carry`, `date`, `from_id`, `user_id`) VALUES ('150', '2025-03-27 21:21:54', 'OMGB4G', 'N6GZAE');
UPDATE `bv_updation` SET left_carry = left_carry+150, total_left = total_left+150
WHERE `user_id` = '4E1CRI';
INSERT INTO `placement_bv_update_history` (`left_carry`, `date`, `from_id`, `user_id`) VALUES ('150', '2025-03-27 21:21:54', 'OMGB4G', '4E1CRI');
UPDATE `bv_updation` SET left_carry = left_carry+150, total_left = total_left+150
WHERE `user_id` = 'SJBNYJ';
INSERT INTO `placement_bv_update_history` (`left_carry`, `date`, `from_id`, `user_id`) VALUES ('150', '2025-03-27 21:21:54', 'OMGB4G', 'SJBNYJ');
UPDATE `bv_updation` SET left_carry = left_carry+150, total_left = total_left+150
WHERE `user_id` = '44B9Y4';
INSERT INTO `placement_bv_update_history` (`left_carry`, `date`, `from_id`, `user_id`) VALUES ('150', '2025-03-27 21:21:54', 'OMGB4G', '44B9Y4');
UPDATE `bv_updation` SET right_carry = right_carry+150, total_right = total_right+150
WHERE `user_id` = 'admin';
INSERT INTO `placement_bv_update_history` (`right_carry`, `date`, `from_id`, `user_id`) VALUES ('150', '2025-03-27 21:21:54', 'OMGB4G', 'admin');
UPDATE `user_registration` SET `subscription_date` = '2025-04-26', `active_status` = 'yes'
WHERE `user_id` = 'OMGB4G';
UPDATE `user_registration` SET `popup_seen` = 'yes'
WHERE `user_id` = 'OMGB4G';
UPDATE `user_registration` SET `language` = 'spanish'
WHERE `user_id` = 'OMGB4G';
UPDATE `ci_sessions` SET `timestamp` = 1743128619, `data` = '__ci_last_regenerate|i:1743128619;id|s:4:\"2102\";user_id|s:6:\"OMGB4G\";username|s:8:\"Debora68\";sponsor_id|s:6:\"U7SMZ8\";fullname|s:11:\"Ania Debora\";email|s:21:\"aniadebora8@gmail.com\";phone|s:10:\"3057261484\";isLogIn|b:1;'
WHERE `id` = '64986f04a09f2e4ed5debc24a758e8807fa67bf5';
INSERT INTO `login_history` (`user_id`, `device`, `ip_address`, `date`) VALUES ('72W7M6', 'Mozilla/5.0 (Macintosh; Intel Mac OS X 10_15_7) AppleWebKit/537.36 (KHTML, like Gecko) Chrome/128.0.0.0 Safari/537.36', '172.69.132.230', '25-03-27 21:28');
UPDATE `user_registration` SET `popup_seen` = 'yes'
WHERE `user_id` = '72W7M6';
UPDATE `ci_sessions` SET `timestamp` = 1743128921, `data` = '__ci_last_regenerate|i:1743128921;id|s:4:\"2102\";user_id|s:6:\"OMGB4G\";username|s:8:\"Debora68\";sponsor_id|s:6:\"U7SMZ8\";fullname|s:11:\"Ania Debora\";email|s:21:\"aniadebora8@gmail.com\";phone|s:10:\"3057261484\";isLogIn|b:1;'
WHERE `id` = '6cf75be2e3cb210d298b77e3f6996bbda203168b';
UPDATE `user_registration` SET `popup_seen` = 'yes'
WHERE `user_id` = 'OMGB4G';
INSERT INTO `temp_register` (`post_data`, `date`, `payment_method`, `type`) VALUES ('{\"user_id\":\"72W7M6\",\"package_id\":\"1\",\"amount\":\"50\",\"payment_method\":\"stripe\",\"date\":\"2025-03-27 21:30:05\"}', '2025-03-27 21:30:05', 'stripe', 'renew');
UPDATE `user_registration` SET `popup_seen` = 'yes'
WHERE `user_id` = 'OMGB4G';
UPDATE `temp_register` SET `response` = '{\"stripeToken\":\"tok_1R7Shh2NUoYUjiuuoeuGAoPB\",\"stripeTokenType\":\"card\",\"stripeEmail\":\"finanzasyprosperidad777@gmail.com\"}', `date_modified` = '2025-03-27 21:31:35', `payment_status` = '{\"id\":\"ch_3R7Shm2NUoYUjiuu0AuqHBk9\",\"object\":\"charge\",\"amount\":5000,\"amount_captured\":5000,\"amount_refunded\":0,\"application\":null,\"application_fee\":null,\"application_fee_amount\":null,\"balance_transaction\":\"txn_3R7Shm2NUoYUjiuu0QCRCVWX\",\"billing_details\":{\"address\":{\"city\":null,\"country\":null,\"line1\":null,\"line2\":null,\"postal_code\":null,\"state\":null},\"email\":null,\"name\":\"finanzasyprosperidad777@gmail.com\",\"phone\":null},\"calculated_statement_descriptor\":\"TRAVELEGENDCY LLC\",\"captured\":true,\"created\":1743129094,\"currency\":\"usd\",\"customer\":\"cus_S1VjwAB2o5zlce\",\"description\":null,\"destination\":null,\"dispute\":null,\"disputed\":false,\"failure_balance_transaction\":null,\"failure_code\":null,\"failure_message\":null,\"fraud_details\":[],\"invoice\":null,\"livemode\":true,\"metadata\":{\"name\":\"TATIANA DULCE\",\"username\":\"Vuelo-de-Aguila\"},\"on_behalf_of\":null,\"order\":null,\"outcome\":{\"advice_code\":null,\"network_advice_code\":null,\"network_decline_code\":null,\"network_status\":\"approved_by_network\",\"reason\":null,\"risk_level\":\"normal\",\"seller_message\":\"Payment complete.\",\"type\":\"authorized\"},\"paid\":true,\"payment_intent\":null,\"payment_method\":\"card_1R7Shh2NUoYUjiuuFJkmnEPc\",\"payment_method_details\":{\"card\":{\"amount_authorized\":5000,\"authorization_code\":\"053122\",\"brand\":\"visa\",\"checks\":{\"address_line1_check\":null,\"address_postal_code_check\":null,\"cvc_check\":\"pass\"},\"country\":\"US\",\"exp_month\":2,\"exp_year\":2030,\"extended_authorization\":{\"status\":\"disabled\"},\"fingerprint\":\"1wdyb47vhWTJg173\",\"funding\":\"debit\",\"incremental_authorization\":{\"status\":\"unavailable\"},\"installments\":null,\"last4\":\"2407\",\"mandate\":null,\"multicapture\":{\"status\":\"unavailable\"},\"network\":\"visa\",\"network_token\":{\"used\":false},\"network_transaction_id\":\"385087090947634\",\"overcapture\":{\"maximum_amount_capturable\":5000,\"status\":\"unavailable\"},\"regulated_status\":\"regulated\",\"three_d_secure\":null,\"wallet\":null},\"type\":\"card\"},\"receipt_email\":null,\"receipt_number\":null,\"receipt_url\":\"https:\\/\\/pay.stripe.com\\/receipts\\/payment\\/CAcQARoXChVhY2N0XzFRUEFGdjJOVW9ZVWppdXUoh5SYvwYyBuKSoCOUrTosFjDM53ye08U9rllzcW8pePz0xRaznILz4sUQW_H742KVHJekgayVd3igjV8\",\"refunded\":false,\"review\":null,\"shipping\":null,\"source\":{\"id\":\"card_1R7Shh2NUoYUjiuuFJkmnEPc\",\"object\":\"card\",\"address_city\":null,\"address_country\":null,\"address_line1\":null,\"address_line1_check\":null,\"address_line2\":null,\"address_state\":null,\"address_zip\":null,\"address_zip_check\":null,\"allow_redisplay\":\"unspecified\",\"brand\":\"Visa\",\"country\":\"US\",\"customer\":\"cus_S1VjwAB2o5zlce\",\"cvc_check\":\"pass\",\"dynamic_last4\":null,\"exp_month\":2,\"exp_year\":2030,\"fingerprint\":\"1wdyb47vhWTJg173\",\"funding\":\"debit\",\"last4\":\"2407\",\"metadata\":[],\"name\":\"finanzasyprosperidad777@gmail.com\",\"regulated_status\":\"regulated\",\"tokenization_method\":null,\"wallet\":null},\"source_transfer\":null,\"statement_descriptor\":null,\"statement_descriptor_suffix\":null,\"status\":\"succeeded\",\"transfer_data\":null,\"transfer_group\":null}'
WHERE `id` = 236;
INSERT INTO `sub_history` (`user_id`, `package_id`, `amount`, `payment_method`, `date`) VALUES ('72W7M6', '1', '50', 'Stripe', '2025-03-27 21:31:35');
UPDATE `user_registration` SET sub_point = ROUND(sub_point + 50,2)
WHERE `user_id` = '72W7M6';
INSERT INTO `investment` (`invest_date`, `user_id`, `type`, `amount`, `package_id`) VALUES ('2025-03-27 21:31:35', '72W7M6', 'subscription', '50', '1');
UPDATE `user_registration` SET total_points = ROUND(total_points + 50,2)
WHERE `user_id` = '72W7M6';
INSERT INTO `points_history` (`user_id`, `points`, `type`, `date`) VALUES ('72W7M6', '50', 'subscription', '2025-03-27 21:31:');
UPDATE `bv_updation` SET left_carry = left_carry+50, total_left = total_left+50
WHERE `user_id` = 'R37QLI';
INSERT INTO `placement_bv_update_history` (`left_carry`, `date`, `from_id`, `user_id`) VALUES ('50', '2025-03-27 21:31:35', '72W7M6', 'R37QLI');
UPDATE `bv_updation` SET sponsor_left_carry = sponsor_left_carry+50, sponsor_total_left = sponsor_total_left+50
WHERE `user_id` = 'R37QLI';
INSERT INTO `sponsor_bv_update_history` (`left_carry`, `date`, `user_id`) VALUES ('50', '2025-03-27 21:31:35', 'R37QLI');
UPDATE `bv_updation` SET right_carry = right_carry+50, total_right = total_right+50
WHERE `user_id` = 'H2HQC8';
INSERT INTO `placement_bv_update_history` (`right_carry`, `date`, `from_id`, `user_id`) VALUES ('50', '2025-03-27 21:31:35', '72W7M6', 'H2HQC8');
UPDATE `bv_updation` SET left_carry = left_carry+50, total_left = total_left+50
WHERE `user_id` = '45E8V2';
INSERT INTO `placement_bv_update_history` (`left_carry`, `date`, `from_id`, `user_id`) VALUES ('50', '2025-03-27 21:31:35', '72W7M6', '45E8V2');
UPDATE `bv_updation` SET right_carry = right_carry+50, total_right = total_right+50
WHERE `user_id` = '44B9Y4';
INSERT INTO `placement_bv_update_history` (`right_carry`, `date`, `from_id`, `user_id`) VALUES ('50', '2025-03-27 21:31:35', '72W7M6', '44B9Y4');
UPDATE `bv_updation` SET right_carry = right_carry+50, total_right = total_right+50
WHERE `user_id` = 'admin';
INSERT INTO `placement_bv_update_history` (`right_carry`, `date`, `from_id`, `user_id`) VALUES ('50', '2025-03-27 21:31:35', '72W7M6', 'admin');
UPDATE `user_registration` SET `subscription_date` = '2025-04-26', `active_status` = 'yes'
WHERE `user_id` = '72W7M6';
UPDATE `user_registration` SET `popup_seen` = 'yes'
WHERE `user_id` = '72W7M6';
UPDATE `user_registration` SET `popup_seen` = 'yes'
WHERE `user_id` = 'OMGB4G';
UPDATE `user_registration` SET `popup_seen` = 'yes'
WHERE `user_id` = 'OMGB4G';
UPDATE `user_registration` SET `popup_seen` = 'yes'
WHERE `user_id` = 'OMGB4G';
UPDATE `user_registration` SET `popup_seen` = 'no'
WHERE `user_id` = 'OMGB4G';
DELETE FROM `ci_sessions`
WHERE `id` = 'dc400161823b6d96f0a7f8a692a175c6b6e027c7';
UPDATE `ci_sessions` SET `timestamp` = 1743129334, `data` = '__ci_last_regenerate|i:1743129334;id|s:4:\"2124\";user_id|s:6:\"72W7M6\";username|s:15:\"Vuelo-de-Aguila\";sponsor_id|s:6:\"R37QLI\";fullname|s:13:\"TATIANA DULCE\";email|s:33:\"finanzasyprosperidad777@gmail.com\";phone|s:10:\"7866729371\";isLogIn|b:1;'
WHERE `id` = '07270124ce83c49e88462fd798b5df7303abc9cd';
UPDATE `user_registration` SET `popup_seen` = 'yes'
WHERE `user_id` = '72W7M6';
UPDATE `user_registration` SET `popup_seen` = 'yes'
WHERE `user_id` = '72W7M6';
UPDATE `user_registration` SET `popup_seen` = 'yes'
WHERE `user_id` = '72W7M6';
UPDATE `user_registration` SET `popup_seen` = 'yes'
WHERE `user_id` = '72W7M6';
UPDATE `user_registration` SET `popup_seen` = 'yes'
WHERE `user_id` = '72W7M6';
UPDATE `user_registration` SET `popup_seen` = 'yes'
WHERE `user_id` = '72W7M6';
UPDATE `user_registration` SET `popup_seen` = 'yes'
WHERE `user_id` = '72W7M6';
INSERT INTO `login_history` (`user_id`, `device`, `ip_address`, `date`) VALUES ('44B9Y4', 'Mozilla/5.0 (X11; Linux x86_64) AppleWebKit/537.36 (KHTML, like Gecko) Chrome/134.0.0.0 Safari/537.36', '172.69.132.233', '25-03-27 21:40');
UPDATE `user_registration` SET `popup_seen` = 'yes'
WHERE `user_id` = '44B9Y4';
UPDATE `ci_sessions` SET `timestamp` = 1743129685, `data` = '__ci_last_regenerate|i:1743129685;id|s:4:\"2071\";user_id|s:6:\"JHRDHS\";username|s:7:\"mbecena\";sponsor_id|s:6:\"CVVK4C\";fullname|s:12:\"Maria Becena\";email|s:21:\"mbecena@bellsouth.net\";phone|s:10:\"7862360387\";isLogIn|b:1;'
WHERE `id` = 'f50a005e369d5ecf9c4546a2b7963c878f1dd48a';
UPDATE `user_registration` SET `popup_seen` = 'yes'
WHERE `user_id` = 'JHRDHS';
UPDATE `ci_sessions` SET `timestamp` = 1743129796, `data` = '__ci_last_regenerate|i:1743129796;id|s:4:\"2124\";user_id|s:6:\"72W7M6\";username|s:15:\"Vuelo-de-Aguila\";sponsor_id|s:6:\"R37QLI\";fullname|s:13:\"TATIANA DULCE\";email|s:33:\"finanzasyprosperidad777@gmail.com\";phone|s:10:\"7866729371\";isLogIn|b:1;'
WHERE `id` = '07270124ce83c49e88462fd798b5df7303abc9cd';
INSERT INTO `login_history` (`user_id`, `device`, `ip_address`, `date`) VALUES ('R37QLI', 'Mozilla/5.0 (Macintosh; Intel Mac OS X 10_15_7) AppleWebKit/605.1.15 (KHTML, like Gecko) Version/18.3.1 Safari/605.1.15', '172.70.82.168', '25-03-27 21:52');
UPDATE `user_registration` SET `popup_seen` = 'yes'
WHERE `user_id` = 'R37QLI';
UPDATE `user_registration` SET `popup_seen` = 'no'
WHERE `user_id` = 'R37QLI';
DELETE FROM `ci_sessions`
WHERE `id` = '4ee67fcce2e39da9a726e2abd71668d80a1095bd';
UPDATE `ci_sessions` SET `timestamp` = 1743130816, `data` = '__ci_last_regenerate|i:1743130816;id|s:4:\"2124\";user_id|s:6:\"72W7M6\";username|s:15:\"Vuelo-de-Aguila\";sponsor_id|s:6:\"R37QLI\";fullname|s:13:\"TATIANA DULCE\";email|s:33:\"finanzasyprosperidad777@gmail.com\";phone|s:10:\"7866729371\";isLogIn|b:1;'
WHERE `id` = 'ad7122f9b6b52ff7928f70f1557f1dd0afe9ebb5';
UPDATE `user_registration` SET `popup_seen` = 'no'
WHERE `user_id` = '72W7M6';
DELETE FROM `ci_sessions`
WHERE `id` = '81b4c13414dbf42892f6da6fd9f5acbbf0446a52';
INSERT INTO `login_history` (`user_id`, `device`, `ip_address`, `date`) VALUES ('UQO7EQ', 'Mozilla/5.0 (Linux; Android 10; K) AppleWebKit/537.36 (KHTML, like Gecko) Chrome/131.0.0.0 Mobile Safari/537.36', '172.70.55.158', '25-03-27 22:15');
UPDATE `user_registration` SET `popup_seen` = 'yes'
WHERE `user_id` = 'UQO7EQ';
UPDATE `user_registration` SET `popup_seen` = 'no'
WHERE `user_id` = 'UQO7EQ';
DELETE FROM `ci_sessions`
WHERE `id` = 'fa67ee8867160aa43d75eac8df7db6ab43de8a04';
INSERT INTO `login_history` (`user_id`, `device`, `ip_address`, `date`) VALUES ('IYLH21', 'Mozilla/5.0 (iPhone; CPU iPhone OS 18_3_2 like Mac OS X) AppleWebKit/605.1.15 (KHTML, like Gecko) Version/18.3.1 Mobile/15E148 Safari/604.1', '172.70.82.158', '25-03-27 22:27');
UPDATE `user_registration` SET `popup_seen` = 'yes'
WHERE `user_id` = 'IYLH21';
UPDATE `ci_sessions` SET `timestamp` = 1743133506, `data` = '__ci_last_regenerate|i:1743133506;captcha|s:4:\"qs6v\";'
WHERE `id` = '2f3eaf77623fb0b9c0c7da2cf236fec7e57f32f2';
INSERT INTO `login_history` (`user_id`, `device`, `ip_address`, `date`) VALUES ('44B9Y4', 'Mozilla/5.0 (Windows NT 10.0; Win64; x64) AppleWebKit/537.36 (KHTML, like Gecko) Chrome/134.0.0.0 Safari/537.36', '172.70.55.116', '25-03-27 22:52');
UPDATE `user_registration` SET `popup_seen` = 'yes'
WHERE `user_id` = '44B9Y4';
UPDATE `ci_sessions` SET `timestamp` = 1743135213, `data` = '__ci_last_regenerate|i:1743135213;id|s:4:\"2071\";user_id|s:6:\"JHRDHS\";username|s:7:\"mbecena\";sponsor_id|s:6:\"CVVK4C\";fullname|s:12:\"Maria Becena\";email|s:21:\"mbecena@bellsouth.net\";phone|s:10:\"7862360387\";isLogIn|b:1;'
WHERE `id` = '3cee00ba16068672e7cf2ec47b8d708143ee28d8';
UPDATE `user_registration` SET `popup_seen` = 'yes'
WHERE `user_id` = 'JHRDHS';
UPDATE `user_registration` SET `popup_seen` = 'yes'
WHERE `user_id` = 'JHRDHS';
UPDATE `ci_sessions` SET `timestamp` = 1743136003, `data` = '__ci_last_regenerate|i:1743136003;id|s:4:\"2071\";user_id|s:6:\"JHRDHS\";username|s:7:\"mbecena\";sponsor_id|s:6:\"CVVK4C\";fullname|s:12:\"Maria Becena\";email|s:21:\"mbecena@bellsouth.net\";phone|s:10:\"7862360387\";isLogIn|b:1;'
WHERE `id` = 'e830f12b79b1a16c8c4fff59fe61dbdf9fbd0a65';
UPDATE `ci_sessions` SET `timestamp` = 1743136316, `data` = '__ci_last_regenerate|i:1743136316;id|s:4:\"2071\";user_id|s:6:\"JHRDHS\";username|s:7:\"mbecena\";sponsor_id|s:6:\"CVVK4C\";fullname|s:12:\"Maria Becena\";email|s:21:\"mbecena@bellsouth.net\";phone|s:10:\"7862360387\";isLogIn|b:1;'
WHERE `id` = '0776ecedb758f50858927d1dcf4845372e0088ae';
UPDATE `user_registration` SET `popup_seen` = 'yes'
WHERE `user_id` = 'JHRDHS';
INSERT INTO `cron_job_history` (`name`, `date_started`, `status`) VALUES ('backup', '2025-03-28 00:00:01', 'started');
UPDATE `cron_job_history` SET `status` = 'done', `date_end` = '2025-03-28 00:00:02'
WHERE `id` = 285;
INSERT INTO `cron_job_history` (`name`, `date_started`, `status`) VALUES ('deduct_sub_amt_from_ewallet', '2025-03-28 00:05:02', 'started');
UPDATE `user_registration` SET `sub_point` = 0, `active_status` = 'no'
WHERE `user_id` = '35H9RV';
INSERT INTO `inactive_history` (`user_id`, `commission_balance`, `amount`, `date`) VALUES ('35H9RV', '97.5', '150', '2025-03-28 00:05:02');
UPDATE `user_registration` SET `sub_point` = 0, `active_status` = 'no'
WHERE `user_id` = 'SJBNYJ';
INSERT INTO `inactive_history` (`user_id`, `commission_balance`, `amount`, `date`) VALUES ('SJBNYJ', '50', '150', '2025-03-28 00:05:02');
UPDATE `user_registration` SET `sub_point` = 0, `active_status` = 'no'
WHERE `user_id` = '45E8V2';
INSERT INTO `inactive_history` (`user_id`, `commission_balance`, `amount`, `date`) VALUES ('45E8V2', '50', '150', '2025-03-28 00:05:03');
UPDATE `user_registration` SET `sub_point` = 0, `active_status` = 'no'
WHERE `user_id` = 'XVTJOY';
INSERT INTO `inactive_history` (`user_id`, `commission_balance`, `amount`, `date`) VALUES ('XVTJOY', '100', '150', '2025-03-28 00:05:03');
UPDATE `user_registration` SET `sub_point` = 0, `active_status` = 'no'
WHERE `user_id` = '4E1CRI';
INSERT INTO `inactive_history` (`user_id`, `commission_balance`, `amount`, `date`) VALUES ('4E1CRI', '100', '150', '2025-03-28 00:05:04');
UPDATE `user_registration` SET `sub_point` = 0, `active_status` = 'no'
WHERE `user_id` = 'PBFKSY';
INSERT INTO `inactive_history` (`user_id`, `commission_balance`, `amount`, `date`) VALUES ('PBFKSY', '0', '150', '2025-03-28 00:05:04');
UPDATE `user_registration` SET `sub_point` = 0, `active_status` = 'no'
WHERE `user_id` = 'R37QLI';
INSERT INTO `inactive_history` (`user_id`, `commission_balance`, `amount`, `date`) VALUES ('R37QLI', '80', '150', '2025-03-28 00:05:04');
UPDATE `user_registration` SET `sub_point` = 0, `active_status` = 'no'
WHERE `user_id` = 'Q6D63V';
INSERT INTO `inactive_history` (`user_id`, `commission_balance`, `amount`, `date`) VALUES ('Q6D63V', '100', '150', '2025-03-28 00:05:05');
UPDATE `user_registration` SET `sub_point` = 0, `active_status` = 'no'
WHERE `user_id` = 'Q834IS';
INSERT INTO `inactive_history` (`user_id`, `commission_balance`, `amount`, `date`) VALUES ('Q834IS', '0', '50', '2025-03-28 00:05:06');
UPDATE `user_registration` SET `sub_point` = 0, `active_status` = 'no'
WHERE `user_id` = 'MT8QJF';
INSERT INTO `inactive_history` (`user_id`, `commission_balance`, `amount`, `date`) VALUES ('MT8QJF', '0', '150', '2025-03-28 00:05:06');
UPDATE `user_registration` SET `sub_point` = 0, `active_status` = 'no'
WHERE `user_id` = 'OWF3OA';
INSERT INTO `inactive_history` (`user_id`, `commission_balance`, `amount`, `date`) VALUES ('OWF3OA', '0', '150', '2025-03-28 00:05:06');
UPDATE `user_registration` SET `sub_point` = 0, `active_status` = 'no'
WHERE `user_id` = 'HUDVJU';
INSERT INTO `inactive_history` (`user_id`, `commission_balance`, `amount`, `date`) VALUES ('HUDVJU', '30', '50', '2025-03-28 00:05:07');
UPDATE `user_registration` SET `sub_point` = 0, `active_status` = 'no'
WHERE `user_id` = 'IEVPMD';
INSERT INTO `inactive_history` (`user_id`, `commission_balance`, `amount`, `date`) VALUES ('IEVPMD', '0', '150', '2025-03-28 00:05:07');
UPDATE `user_registration` SET `sub_point` = 0, `active_status` = 'no'
WHERE `user_id` = 'HQTCGF';
INSERT INTO `inactive_history` (`user_id`, `commission_balance`, `amount`, `date`) VALUES ('HQTCGF', '0', '150', '2025-03-28 00:05:08');
UPDATE `user_registration` SET `sub_point` = 0, `active_status` = 'no'
WHERE `user_id` = 'PUJNHI';
INSERT INTO `inactive_history` (`user_id`, `commission_balance`, `amount`, `date`) VALUES ('PUJNHI', '40', '150', '2025-03-28 00:05:08');
UPDATE `user_registration` SET `sub_point` = 0, `active_status` = 'no'
WHERE `user_id` = 'WC5BL7';
INSERT INTO `inactive_history` (`user_id`, `commission_balance`, `amount`, `date`) VALUES ('WC5BL7', '0', '50', '2025-03-28 00:05:09');
UPDATE `user_registration` SET `sub_point` = 0, `active_status` = 'no'
WHERE `user_id` = 'W17SG2';
INSERT INTO `inactive_history` (`user_id`, `commission_balance`, `amount`, `date`) VALUES ('W17SG2', '0', '150', '2025-03-28 00:05:09');
UPDATE `user_registration` SET `sub_point` = 0, `active_status` = 'no'
WHERE `user_id` = 'PR92IO';
INSERT INTO `inactive_history` (`user_id`, `commission_balance`, `amount`, `date`) VALUES ('PR92IO', '0', '50', '2025-03-28 00:05:09');
UPDATE `user_registration` SET `sub_point` = 0, `active_status` = 'no'
WHERE `user_id` = 'L8NRSC';
INSERT INTO `inactive_history` (`user_id`, `commission_balance`, `amount`, `date`) VALUES ('L8NRSC', '50', '150', '2025-03-28 00:05:10');
UPDATE `user_registration` SET `sub_point` = 0, `active_status` = 'no'
WHERE `user_id` = '8RVNYT';
INSERT INTO `inactive_history` (`user_id`, `commission_balance`, `amount`, `date`) VALUES ('8RVNYT', '0', '150', '2025-03-28 00:05:10');
UPDATE `user_registration` SET `sub_point` = 0, `active_status` = 'no'
WHERE `user_id` = 'K8DXP2';
INSERT INTO `inactive_history` (`user_id`, `commission_balance`, `amount`, `date`) VALUES ('K8DXP2', '0', '150', '2025-03-28 00:05:10');
UPDATE `user_registration` SET `sub_point` = 0, `active_status` = 'no'
WHERE `user_id` = 'BD2ZLC';
INSERT INTO `inactive_history` (`user_id`, `commission_balance`, `amount`, `date`) VALUES ('BD2ZLC', '100', '150', '2025-03-28 00:05:11');
UPDATE `user_registration` SET `sub_point` = 0, `active_status` = 'no'
WHERE `user_id` = 'XXI66Z';
INSERT INTO `inactive_history` (`user_id`, `commission_balance`, `amount`, `date`) VALUES ('XXI66Z', '0', '150', '2025-03-28 00:05:11');
UPDATE `user_registration` SET `sub_point` = 0, `active_status` = 'no'
WHERE `user_id` = 'Q82ZV9';
INSERT INTO `inactive_history` (`user_id`, `commission_balance`, `amount`, `date`) VALUES ('Q82ZV9', '20', '50', '2025-03-28 00:05:12');
UPDATE `user_registration` SET `sub_point` = 0, `active_status` = 'no'
WHERE `user_id` = 'IWTOLP';
INSERT INTO `inactive_history` (`user_id`, `commission_balance`, `amount`, `date`) VALUES ('IWTOLP', '0', '50', '2025-03-28 00:05:12');
UPDATE `user_registration` SET `sub_point` = 0, `active_status` = 'no'
WHERE `user_id` = '9QPRWH';
INSERT INTO `inactive_history` (`user_id`, `commission_balance`, `amount`, `date`) VALUES ('9QPRWH', '0', '150', '2025-03-28 00:05:12');
UPDATE `user_registration` SET `sub_point` = 0, `active_status` = 'no'
WHERE `user_id` = 'LBY7TN';
INSERT INTO `inactive_history` (`user_id`, `commission_balance`, `amount`, `date`) VALUES ('LBY7TN', '0', '150', '2025-03-28 00:05:13');
UPDATE `user_registration` SET `sub_point` = 0, `active_status` = 'no'
WHERE `user_id` = 'WDEXJT';
INSERT INTO `inactive_history` (`user_id`, `commission_balance`, `amount`, `date`) VALUES ('WDEXJT', '0', '150', '2025-03-28 00:05:13');
UPDATE `user_registration` SET `sub_point` = 0, `active_status` = 'no'
WHERE `user_id` = 'UJXP99';
INSERT INTO `inactive_history` (`user_id`, `commission_balance`, `amount`, `date`) VALUES ('UJXP99', '0', '50', '2025-03-28 00:05:13');
UPDATE `user_registration` SET `sub_point` = 0, `active_status` = 'no'
WHERE `user_id` = 'L268VW';
INSERT INTO `inactive_history` (`user_id`, `commission_balance`, `amount`, `date`) VALUES ('L268VW', '0', '50', '2025-03-28 00:05:14');
UPDATE `user_registration` SET `sub_point` = 0, `active_status` = 'no'
WHERE `user_id` = 'UVJ6L9';
INSERT INTO `inactive_history` (`user_id`, `commission_balance`, `amount`, `date`) VALUES ('UVJ6L9', '0', '50', '2025-03-28 00:05:14');
UPDATE `user_registration` SET `sub_point` = 0, `active_status` = 'no'
WHERE `user_id` = 'ULHSH2';
INSERT INTO `inactive_history` (`user_id`, `commission_balance`, `amount`, `date`) VALUES ('ULHSH2', '0', '150', '2025-03-28 00:05:14');
UPDATE `user_registration` SET `sub_point` = 0, `active_status` = 'no'
WHERE `user_id` = 'H1XYDK';
INSERT INTO `inactive_history` (`user_id`, `commission_balance`, `amount`, `date`) VALUES ('H1XYDK', '0', '50', '2025-03-28 00:05:15');
UPDATE `user_registration` SET `sub_point` = 0, `active_status` = 'no'
WHERE `user_id` = '3UFB1M';
INSERT INTO `inactive_history` (`user_id`, `commission_balance`, `amount`, `date`) VALUES ('3UFB1M', '100', '150', '2025-03-28 00:05:15');
UPDATE `user_registration` SET `sub_point` = 0, `active_status` = 'no'
WHERE `user_id` = 'LEOFNI';
INSERT INTO `inactive_history` (`user_id`, `commission_balance`, `amount`, `date`) VALUES ('LEOFNI', '0', '150', '2025-03-28 00:05:15');
UPDATE `user_registration` SET `sub_point` = 0, `active_status` = 'no'
WHERE `user_id` = '75X85X';
INSERT INTO `inactive_history` (`user_id`, `commission_balance`, `amount`, `date`) VALUES ('75X85X', '0', '50', '2025-03-28 00:05:16');
UPDATE `user_registration` SET `sub_point` = 0, `active_status` = 'no'
WHERE `user_id` = 'UC1QRN';
INSERT INTO `inactive_history` (`user_id`, `commission_balance`, `amount`, `date`) VALUES ('UC1QRN', '0', '150', '2025-03-28 00:05:16');
UPDATE `user_registration` SET `sub_point` = 0, `active_status` = 'no'
WHERE `user_id` = '7YU16B';
INSERT INTO `inactive_history` (`user_id`, `commission_balance`, `amount`, `date`) VALUES ('7YU16B', '0', '50', '2025-03-28 00:05:17');
UPDATE `user_registration` SET `sub_point` = 0, `active_status` = 'no'
WHERE `user_id` = 'OEM6F6';
INSERT INTO `inactive_history` (`user_id`, `commission_balance`, `amount`, `date`) VALUES ('OEM6F6', '0', '50', '2025-03-28 00:05:17');
UPDATE `user_registration` SET `sub_point` = 0, `active_status` = 'no'
WHERE `user_id` = 'TU7MHD';
INSERT INTO `inactive_history` (`user_id`, `commission_balance`, `amount`, `date`) VALUES ('TU7MHD', '0', '150', '2025-03-28 00:05:17');
UPDATE `user_registration` SET `sub_point` = 0, `active_status` = 'no'
WHERE `user_id` = 'XMN3MK';
INSERT INTO `inactive_history` (`user_id`, `commission_balance`, `amount`, `date`) VALUES ('XMN3MK', '0', '150', '2025-03-28 00:05:18');
UPDATE `user_registration` SET `sub_point` = 0, `active_status` = 'no'
WHERE `user_id` = '7SMFPM';
INSERT INTO `inactive_history` (`user_id`, `commission_balance`, `amount`, `date`) VALUES ('7SMFPM', '0', '50', '2025-03-28 00:05:18');
UPDATE `user_registration` SET `sub_point` = 0, `active_status` = 'no'
WHERE `user_id` = 'WS9KK9';
INSERT INTO `inactive_history` (`user_id`, `commission_balance`, `amount`, `date`) VALUES ('WS9KK9', '0', '150', '2025-03-28 00:05:18');
UPDATE `user_registration` SET `sub_point` = 0, `active_status` = 'no'
WHERE `user_id` = 'BJFCEM';
INSERT INTO `inactive_history` (`user_id`, `commission_balance`, `amount`, `date`) VALUES ('BJFCEM', '0', '50', '2025-03-28 00:05:19');
UPDATE `user_registration` SET `sub_point` = 0, `active_status` = 'no'
WHERE `user_id` = '9EDD8W';
INSERT INTO `inactive_history` (`user_id`, `commission_balance`, `amount`, `date`) VALUES ('9EDD8W', '0', '50', '2025-03-28 00:05:19');
UPDATE `user_registration` SET `sub_point` = 0, `active_status` = 'no'
WHERE `user_id` = 'TOTNOR';
INSERT INTO `inactive_history` (`user_id`, `commission_balance`, `amount`, `date`) VALUES ('TOTNOR', '0', '50', '2025-03-28 00:05:19');
UPDATE `user_registration` SET `sub_point` = 0, `active_status` = 'no'
WHERE `user_id` = 'X5T3ZT';
INSERT INTO `inactive_history` (`user_id`, `commission_balance`, `amount`, `date`) VALUES ('X5T3ZT', '0', '150', '2025-03-28 00:05:20');
UPDATE `user_registration` SET `sub_point` = 0, `active_status` = 'no'
WHERE `user_id` = '7KTC9V';
INSERT INTO `inactive_history` (`user_id`, `commission_balance`, `amount`, `date`) VALUES ('7KTC9V', '0', '150', '2025-03-28 00:05:20');
UPDATE `user_registration` SET `sub_point` = 0, `active_status` = 'no'
WHERE `user_id` = 'BEC1EO';
INSERT INTO `inactive_history` (`user_id`, `commission_balance`, `amount`, `date`) VALUES ('BEC1EO', '0', '150', '2025-03-28 00:05:20');
UPDATE `user_registration` SET `sub_point` = 0, `active_status` = 'no'
WHERE `user_id` = 'KWLAIS';
INSERT INTO `inactive_history` (`user_id`, `commission_balance`, `amount`, `date`) VALUES ('KWLAIS', '100', '150', '2025-03-28 00:05:21');
UPDATE `user_registration` SET `sub_point` = 0, `active_status` = 'no'
WHERE `user_id` = '8R8YQG';
INSERT INTO `inactive_history` (`user_id`, `commission_balance`, `amount`, `date`) VALUES ('8R8YQG', '0', '150', '2025-03-28 00:05:21');
UPDATE `user_registration` SET `sub_point` = 0, `active_status` = 'no'
WHERE `user_id` = '5VOD76';
INSERT INTO `inactive_history` (`user_id`, `commission_balance`, `amount`, `date`) VALUES ('5VOD76', '100', '150', '2025-03-28 00:05:21');
UPDATE `user_registration` SET `sub_point` = 0, `active_status` = 'no'
WHERE `user_id` = 'VZYEPG';
INSERT INTO `inactive_history` (`user_id`, `commission_balance`, `amount`, `date`) VALUES ('VZYEPG', '0', '150', '2025-03-28 00:05:22');
UPDATE `user_registration` SET `sub_point` = 0, `active_status` = 'no'
WHERE `user_id` = 'TB42PA';
INSERT INTO `inactive_history` (`user_id`, `commission_balance`, `amount`, `date`) VALUES ('TB42PA', '0', '150', '2025-03-28 00:05:22');
UPDATE `cron_job_history` SET `status` = 'done', `date_end` = '2025-03-28 00:05:22'
WHERE `id` = 286;
INSERT INTO `login_history` (`user_id`, `device`, `ip_address`, `date`) VALUES ('U7SMZ8', 'Mozilla/5.0 (Macintosh; Intel Mac OS X 10_15_7) AppleWebKit/605.1.15 (KHTML, like Gecko) Version/17.6 Safari/605.1.15', '172.69.132.225', '25-03-28 08:01');
UPDATE `user_registration` SET `popup_seen` = 'yes'
WHERE `user_id` = 'U7SMZ8';
UPDATE `user_registration` SET `popup_seen` = 'yes'
WHERE `user_id` = 'U7SMZ8';
UPDATE `user_registration` SET `popup_seen` = 'no'
WHERE `user_id` = 'U7SMZ8';
DELETE FROM `ci_sessions`
WHERE `id` = '9414c1ad80423a175d81f179e366c22ccf16fb06';
INSERT INTO `login_history` (`user_id`, `device`, `ip_address`, `date`) VALUES ('QJ5U9C', 'Mozilla/5.0 (Windows NT 10.0; Win64; x64) AppleWebKit/537.36 (KHTML, like Gecko) Chrome/134.0.0.0 Safari/537.36', '172.68.12.54', '25-03-28 08:14');
UPDATE `user_registration` SET `popup_seen` = 'yes'
WHERE `user_id` = 'QJ5U9C';
INSERT INTO `login_history` (`user_id`, `device`, `ip_address`, `date`) VALUES ('44B9Y4', 'Mozilla/5.0 (Windows NT 10.0; Win64; x64) AppleWebKit/537.36 (KHTML, like Gecko) Chrome/134.0.0.0 Safari/537.36', '172.71.156.142', '25-03-28 09:00');
UPDATE `user_registration` SET `popup_seen` = 'yes'
WHERE `user_id` = '44B9Y4';
INSERT INTO `login_history` (`user_id`, `device`, `ip_address`, `date`) VALUES ('7KTC9V', 'Mozilla/5.0 (Windows NT 10.0; Win64; x64) AppleWebKit/537.36 (KHTML, like Gecko) Chrome/134.0.0.0 Safari/537.36', '172.68.7.184', '25-03-28 09:10');
UPDATE `user_registration` SET `popup_seen` = 'yes'
WHERE `user_id` = '7KTC9V';
UPDATE `ci_sessions` SET `timestamp` = 1743171284, `data` = '__ci_last_regenerate|i:1743171284;id|s:4:\"2191\";user_id|s:6:\"7KTC9V\";username|s:15:\"TaniaMartinez34\";sponsor_id|s:6:\"ETPYLQ\";fullname|s:14:\"Tania Martinez\";email|s:22:\"taniamanacas@yahoo.com\";phone|s:10:\"3055282065\";isLogIn|b:1;message|s:22:\"Welcome Tania Martinez\";__ci_vars|a:1:{s:7:\"message\";s:3:\"old\";}'
WHERE `id` = '2ca1cff051681e6397db167a23f03ff53cd258b5';
UPDATE `user_registration` SET `popup_seen` = 'yes'
WHERE `user_id` = '7KTC9V';
UPDATE `user_registration` SET `popup_seen` = 'yes'
WHERE `user_id` = '7KTC9V';
INSERT INTO `temp_register` (`post_data`, `date`, `payment_method`, `type`) VALUES ('{\"user_id\":\"7KTC9V\",\"package_id\":\"2\",\"amount\":\"150\",\"payment_method\":\"stripe\",\"date\":\"2025-03-28 09:15:19\"}', '2025-03-28 09:15:19', 'stripe', 'renew');
UPDATE `temp_register` SET `response` = '{\"stripeToken\":\"tok_1R7dhq2NUoYUjiuuTAdqMYnl\",\"stripeTokenType\":\"card\",\"stripeEmail\":\"taniamanacas@yahoo.com\"}', `date_modified` = '2025-03-28 09:16:28', `payment_status` = '{\"id\":\"ch_3R7dhw2NUoYUjiuu0Fko3IIf\",\"object\":\"charge\",\"amount\":15000,\"amount_captured\":15000,\"amount_refunded\":0,\"application\":null,\"application_fee\":null,\"application_fee_amount\":null,\"balance_transaction\":\"txn_3R7dhw2NUoYUjiuu05sflYur\",\"billing_details\":{\"address\":{\"city\":null,\"country\":null,\"line1\":null,\"line2\":null,\"postal_code\":null,\"state\":null},\"email\":null,\"name\":\"taniamanacas@yahoo.com\",\"phone\":null},\"calculated_statement_descriptor\":\"TRAVELEGENDCY LLC\",\"captured\":true,\"created\":1743171388,\"currency\":\"usd\",\"customer\":\"cus_S1h6eHDzPqTkf1\",\"description\":null,\"destination\":null,\"dispute\":null,\"disputed\":false,\"failure_balance_transaction\":null,\"failure_code\":null,\"failure_message\":null,\"fraud_details\":[],\"invoice\":null,\"livemode\":true,\"metadata\":{\"name\":\"Tania Martinez\",\"username\":\"TaniaMartinez34\"},\"on_behalf_of\":null,\"order\":null,\"outcome\":{\"advice_code\":null,\"network_advice_code\":null,\"network_decline_code\":null,\"network_status\":\"approved_by_network\",\"reason\":null,\"risk_level\":\"normal\",\"seller_message\":\"Payment complete.\",\"type\":\"authorized\"},\"paid\":true,\"payment_intent\":null,\"payment_method\":\"card_1R7dhq2NUoYUjiuuvNZUtqz7\",\"payment_method_details\":{\"card\":{\"amount_authorized\":15000,\"authorization_code\":\"090119\",\"brand\":\"visa\",\"checks\":{\"address_line1_check\":null,\"address_postal_code_check\":null,\"cvc_check\":\"pass\"},\"country\":\"US\",\"exp_month\":4,\"exp_year\":2027,\"extended_authorization\":{\"status\":\"disabled\"},\"fingerprint\":\"96s5FU9gxvLQDExa\",\"funding\":\"debit\",\"incremental_authorization\":{\"status\":\"unavailable\"},\"installments\":null,\"last4\":\"3304\",\"mandate\":null,\"multicapture\":{\"status\":\"unavailable\"},\"network\":\"visa\",\"network_token\":{\"used\":false},\"network_transaction_id\":\"385087513884302\",\"overcapture\":{\"maximum_amount_capturable\":15000,\"status\":\"unavailable\"},\"regulated_status\":\"regulated\",\"three_d_secure\":null,\"wallet\":null},\"type\":\"card\"},\"receipt_email\":null,\"receipt_number\":null,\"receipt_url\":\"https:\\/\\/pay.stripe.com\\/receipts\\/payment\\/CAcQARoXChVhY2N0XzFRUEFGdjJOVW9ZVWppdXUovd6avwYyBkcBXAmIsjosFjGgkfxwfIo9vGCgUQ92iW6_hgSsD0vBCSgksA3sc7Gd4iqPaDDKSyCR4PI\",\"refunded\":false,\"review\":null,\"shipping\":null,\"source\":{\"id\":\"card_1R7dhq2NUoYUjiuuvNZUtqz7\",\"object\":\"card\",\"address_city\":null,\"address_country\":null,\"address_line1\":null,\"address_line1_check\":null,\"address_line2\":null,\"address_state\":null,\"address_zip\":null,\"address_zip_check\":null,\"allow_redisplay\":\"unspecified\",\"brand\":\"Visa\",\"country\":\"US\",\"customer\":\"cus_S1h6eHDzPqTkf1\",\"cvc_check\":\"pass\",\"dynamic_last4\":null,\"exp_month\":4,\"exp_year\":2027,\"fingerprint\":\"96s5FU9gxvLQDExa\",\"funding\":\"debit\",\"last4\":\"3304\",\"metadata\":[],\"name\":\"taniamanacas@yahoo.com\",\"regulated_status\":\"regulated\",\"tokenization_method\":null,\"wallet\":null},\"source_transfer\":null,\"statement_descriptor\":null,\"statement_descriptor_suffix\":null,\"status\":\"succeeded\",\"transfer_data\":null,\"transfer_group\":null}'
WHERE `id` = 237;
INSERT INTO `sub_history` (`user_id`, `package_id`, `amount`, `payment_method`, `date`) VALUES ('7KTC9V', '2', '150', 'Stripe', '2025-03-28 09:16:28');
UPDATE `user_registration` SET sub_point = ROUND(sub_point + 150,2)
WHERE `user_id` = '7KTC9V';
INSERT INTO `investment` (`invest_date`, `user_id`, `type`, `amount`, `package_id`) VALUES ('2025-03-28 09:16:28', '7KTC9V', 'subscription', '150', '2');
UPDATE `user_registration` SET total_points = ROUND(total_points + 150,2)
WHERE `user_id` = '7KTC9V';
INSERT INTO `points_history` (`user_id`, `points`, `type`, `date`) VALUES ('7KTC9V', '150', 'subscription', '2025-03-28 09:16:');
UPDATE `bv_updation` SET right_carry = right_carry+150, total_right = total_right+150
WHERE `user_id` = 'ETPYLQ';
INSERT INTO `placement_bv_update_history` (`right_carry`, `date`, `from_id`, `user_id`) VALUES ('150', '2025-03-28 09:16:28', '7KTC9V', 'ETPYLQ');
UPDATE `bv_updation` SET sponsor_right_carry = sponsor_right_carry+150, sponsor_total_right = sponsor_total_right+150
WHERE `user_id` = 'ETPYLQ';
INSERT INTO `sponsor_bv_update_history` (`right_carry`, `date`, `user_id`) VALUES ('150', '2025-03-28 09:16:28', 'ETPYLQ');
UPDATE `bv_updation` SET left_carry = left_carry+150, total_left = total_left+150
WHERE `user_id` = 'M2XFK7';
INSERT INTO `placement_bv_update_history` (`left_carry`, `date`, `from_id`, `user_id`) VALUES ('150', '2025-03-28 09:16:28', '7KTC9V', 'M2XFK7');
UPDATE `bv_updation` SET left_carry = left_carry+150, total_left = total_left+150
WHERE `user_id` = '7BQJK5';
INSERT INTO `placement_bv_update_history` (`left_carry`, `date`, `from_id`, `user_id`) VALUES ('150', '2025-03-28 09:16:28', '7KTC9V', '7BQJK5');
UPDATE `bv_updation` SET left_carry = left_carry+150, total_left = total_left+150
WHERE `user_id` = 'QJ5U9C';
INSERT INTO `placement_bv_update_history` (`left_carry`, `date`, `from_id`, `user_id`) VALUES ('150', '2025-03-28 09:16:28', '7KTC9V', 'QJ5U9C');
UPDATE `bv_updation` SET left_carry = left_carry+150, total_left = total_left+150
WHERE `user_id` = 'O94ZPY';
INSERT INTO `placement_bv_update_history` (`left_carry`, `date`, `from_id`, `user_id`) VALUES ('150', '2025-03-28 09:16:28', '7KTC9V', 'O94ZPY');
UPDATE `bv_updation` SET right_carry = right_carry+150, total_right = total_right+150
WHERE `user_id` = 'JHRDHS';
INSERT INTO `placement_bv_update_history` (`right_carry`, `date`, `from_id`, `user_id`) VALUES ('150', '2025-03-28 09:16:28', '7KTC9V', 'JHRDHS');
UPDATE `bv_updation` SET right_carry = right_carry+150, total_right = total_right+150
WHERE `user_id` = 'CVVK4C';
INSERT INTO `placement_bv_update_history` (`right_carry`, `date`, `from_id`, `user_id`) VALUES ('150', '2025-03-28 09:16:28', '7KTC9V', 'CVVK4C');
UPDATE `bv_updation` SET left_carry = left_carry+150, total_left = total_left+150
WHERE `user_id` = 'K55EDD';
INSERT INTO `placement_bv_update_history` (`left_carry`, `date`, `from_id`, `user_id`) VALUES ('150', '2025-03-28 09:16:28', '7KTC9V', 'K55EDD');
UPDATE `bv_updation` SET left_carry = left_carry+150, total_left = total_left+150
WHERE `user_id` = 'UQO7EQ';
INSERT INTO `placement_bv_update_history` (`left_carry`, `date`, `from_id`, `user_id`) VALUES ('150', '2025-03-28 09:16:28', '7KTC9V', 'UQO7EQ');
UPDATE `bv_updation` SET left_carry = left_carry+150, total_left = total_left+150
WHERE `user_id` = 'N6GZAE';
INSERT INTO `placement_bv_update_history` (`left_carry`, `date`, `from_id`, `user_id`) VALUES ('150', '2025-03-28 09:16:28', '7KTC9V', 'N6GZAE');
UPDATE `bv_updation` SET left_carry = left_carry+150, total_left = total_left+150
WHERE `user_id` = '4E1CRI';
INSERT INTO `placement_bv_update_history` (`left_carry`, `date`, `from_id`, `user_id`) VALUES ('150', '2025-03-28 09:16:28', '7KTC9V', '4E1CRI');
UPDATE `bv_updation` SET left_carry = left_carry+150, total_left = total_left+150
WHERE `user_id` = 'SJBNYJ';
INSERT INTO `placement_bv_update_history` (`left_carry`, `date`, `from_id`, `user_id`) VALUES ('150', '2025-03-28 09:16:28', '7KTC9V', 'SJBNYJ');
UPDATE `bv_updation` SET left_carry = left_carry+150, total_left = total_left+150
WHERE `user_id` = '44B9Y4';
INSERT INTO `placement_bv_update_history` (`left_carry`, `date`, `from_id`, `user_id`) VALUES ('150', '2025-03-28 09:16:28', '7KTC9V', '44B9Y4');
UPDATE `bv_updation` SET right_carry = right_carry+150, total_right = total_right+150
WHERE `user_id` = 'admin';
INSERT INTO `placement_bv_update_history` (`right_carry`, `date`, `from_id`, `user_id`) VALUES ('150', '2025-03-28 09:16:28', '7KTC9V', 'admin');
UPDATE `user_registration` SET `subscription_date` = '2025-04-27', `active_status` = 'yes'
WHERE `user_id` = '7KTC9V';
UPDATE `user_registration` SET `popup_seen` = 'yes'
WHERE `user_id` = '7KTC9V';
UPDATE `user_registration` SET `default_leg` = 'right'
WHERE `user_id` = '7KTC9V';
INSERT INTO `login_history` (`user_id`, `device`, `ip_address`, `date`) VALUES ('UQO7EQ', 'Mozilla/5.0 (Linux; Android 10; K) AppleWebKit/537.36 (KHTML, like Gecko) Chrome/131.0.0.0 Mobile Safari/537.36', '172.70.255.69', '25-03-28 09:22');
UPDATE `user_registration` SET `popup_seen` = 'yes'
WHERE `user_id` = 'UQO7EQ';
UPDATE `user_registration` SET `popup_seen` = 'no'
WHERE `user_id` = 'UQO7EQ';
DELETE FROM `ci_sessions`
WHERE `id` = '69d40ff01aee45646ac46813a88ac4d43e477eb8';
INSERT INTO `login_history` (`user_id`, `device`, `ip_address`, `date`) VALUES ('44B9Y4', 'Mozilla/5.0 (Linux; Android 10; K) AppleWebKit/537.36 (KHTML, like Gecko) Chrome/134.0.0.0 Mobile Safari/537.36', '172.69.208.162', '25-03-28 09:37');
UPDATE `user_registration` SET `popup_seen` = 'yes'
WHERE `user_id` = '44B9Y4';
INSERT INTO `login_history` (`user_id`, `device`, `ip_address`, `date`) VALUES ('UQO7EQ', 'Mozilla/5.0 (Windows NT 10.0; Win64; x64) AppleWebKit/537.36 (KHTML, like Gecko) Chrome/134.0.0.0 Safari/537.36', '172.70.255.182', '25-03-28 09:38');
UPDATE `user_registration` SET `popup_seen` = 'yes'
WHERE `user_id` = 'UQO7EQ';
INSERT INTO `login_history` (`user_id`, `device`, `ip_address`, `date`) VALUES ('JHRDHS', 'Mozilla/5.0 (iPhone; CPU iPhone OS 18_3_2 like Mac OS X) AppleWebKit/605.1.15 (KHTML, like Gecko) Version/18.3.1 Mobile/15E148 Safari/604.1', '172.68.7.202', '25-03-28 09:44');
UPDATE `user_registration` SET `popup_seen` = 'yes'
WHERE `user_id` = 'JHRDHS';
INSERT INTO `login_history` (`user_id`, `device`, `ip_address`, `date`) VALUES ('GTPJAP', 'Mozilla/5.0 (Macintosh; Intel Mac OS X 10_12_6) AppleWebKit/537.36 (KHTML, like Gecko) Chrome/103.0.0.0 Safari/537.36', '104.23.187.195', '25-03-28 09:49');
UPDATE `user_registration` SET `popup_seen` = 'yes'
WHERE `user_id` = 'GTPJAP';
UPDATE `user_registration` SET `popup_seen` = 'no'
WHERE `user_id` = 'GTPJAP';
DELETE FROM `ci_sessions`
WHERE `id` = '34008bf966daf05a472a973b126d07613d39ee7b';
UPDATE `user_registration` SET `popup_seen` = 'yes'
WHERE `user_id` = 'CVVK4C';
INSERT INTO `login_history` (`user_id`, `device`, `ip_address`, `date`) VALUES ('XXI66Z', 'Mozilla/5.0 (Windows NT 10.0; Win64; x64) AppleWebKit/537.36 (KHTML, like Gecko) Chrome/134.0.0.0 Safari/537.36', '172.70.55.152', '25-03-28 09:54');
UPDATE `user_registration` SET `popup_seen` = 'yes'
WHERE `user_id` = 'XXI66Z';
UPDATE `ci_sessions` SET `timestamp` = 1743173714, `data` = '__ci_last_regenerate|i:1743173714;id|s:4:\"2089\";user_id|s:6:\"XXI66Z\";username|s:7:\"Nory722\";sponsor_id|s:6:\"U7SMZ8\";fullname|s:11:\"Nora Cuenca\";email|s:24:\"nora.cuenca722@gmail.com\";phone|s:10:\"3054949030\";isLogIn|b:1;message|s:19:\"Welcome Nora Cuenca\";__ci_vars|a:1:{s:7:\"message\";s:3:\"old\";}'
WHERE `id` = '79a0ab7048d48e43fdf3d4cc7741c3c6ac7004cf';
UPDATE `user_registration` SET `popup_seen` = 'yes'
WHERE `user_id` = 'XXI66Z';
INSERT INTO `temp_register` (`post_data`, `date`, `payment_method`, `type`) VALUES ('{\"user_id\":\"XXI66Z\",\"package_id\":\"2\",\"amount\":\"150\",\"payment_method\":\"stripe\",\"date\":\"2025-03-28 09:55:45\"}', '2025-03-28 09:55:45', 'stripe', 'renew');
UPDATE `ci_sessions` SET `timestamp` = 1743173901, `data` = '__ci_last_regenerate|i:1743173901;id|s:4:\"2042\";user_id|s:6:\"UQO7EQ\";username|s:6:\"Rafa51\";sponsor_id|s:6:\"N6GZAE\";fullname|s:16:\"Rafael Rodriguez\";email|s:18:\"rafagana@yahoo.com\";phone|s:10:\"3057610606\";isLogIn|b:1;message|s:24:\"Welcome Rafael Rodriguez\";__ci_vars|a:1:{s:7:\"message\";s:3:\"old\";}'
WHERE `id` = '9309c6187f4ce7b81fc9f10d336259c742ef1bc0';
UPDATE `user_registration` SET `popup_seen` = 'yes'
WHERE `user_id` = 'UQO7EQ';
UPDATE `user_registration` SET `popup_seen` = 'no'
WHERE `user_id` = 'UQO7EQ';
DELETE FROM `ci_sessions`
WHERE `id` = '53b9988bd800f9a6b23be48c3a5238b8216872fc';
UPDATE `ci_sessions` SET `timestamp` = 1743174024, `data` = '__ci_last_regenerate|i:1743174024;id|s:4:\"2089\";user_id|s:6:\"XXI66Z\";username|s:7:\"Nory722\";sponsor_id|s:6:\"U7SMZ8\";fullname|s:11:\"Nora Cuenca\";email|s:24:\"nora.cuenca722@gmail.com\";phone|s:10:\"3054949030\";isLogIn|b:1;upgrade_stripe_id|i:238;'
WHERE `id` = '19d807edc5cb6751297577d892b5dff89dc2cb08';
UPDATE `temp_register` SET `response` = '{\"stripeToken\":\"tok_1R7eOQ2NUoYUjiuudkt3JVFX\",\"stripeTokenType\":\"card\",\"stripeEmail\":\"nora.cuenca722@gmail.com\"}', `date_modified` = '2025-03-28 10:00:27', `payment_status` = '{\"id\":\"ch_3R7eOV2NUoYUjiuu13DJzbmG\",\"object\":\"charge\",\"amount\":15000,\"amount_captured\":15000,\"amount_refunded\":0,\"application\":null,\"application_fee\":null,\"application_fee_amount\":null,\"balance_transaction\":\"txn_3R7eOV2NUoYUjiuu1sFbC9Ia\",\"billing_details\":{\"address\":{\"city\":null,\"country\":null,\"line1\":null,\"line2\":null,\"postal_code\":null,\"state\":null},\"email\":null,\"name\":\"nora.cuenca722@gmail.com\",\"phone\":null},\"calculated_statement_descriptor\":\"TRAVELEGENDCY LLC\",\"captured\":true,\"created\":1743174027,\"currency\":\"usd\",\"customer\":\"cus_S1hoauSnFwb0Ss\",\"description\":null,\"destination\":null,\"dispute\":null,\"disputed\":false,\"failure_balance_transaction\":null,\"failure_code\":null,\"failure_message\":null,\"fraud_details\":[],\"invoice\":null,\"livemode\":true,\"metadata\":{\"name\":\"Nora Cuenca\",\"username\":\"Nory722\"},\"on_behalf_of\":null,\"order\":null,\"outcome\":{\"advice_code\":null,\"network_advice_code\":null,\"network_decline_code\":null,\"network_status\":\"approved_by_network\",\"reason\":null,\"risk_level\":\"normal\",\"seller_message\":\"Payment complete.\",\"type\":\"authorized\"},\"paid\":true,\"payment_intent\":null,\"payment_method\":\"card_1R7eOQ2NUoYUjiuu1PdKqmNm\",\"payment_method_details\":{\"card\":{\"amount_authorized\":15000,\"authorization_code\":\"020381\",\"brand\":\"visa\",\"checks\":{\"address_line1_check\":null,\"address_postal_code_check\":null,\"cvc_check\":\"pass\"},\"country\":\"US\",\"exp_month\":3,\"exp_year\":2027,\"extended_authorization\":{\"status\":\"disabled\"},\"fingerprint\":\"sBd1pCX6Nshco8Wy\",\"funding\":\"debit\",\"incremental_authorization\":{\"status\":\"unavailable\"},\"installments\":null,\"last4\":\"9500\",\"mandate\":null,\"multicapture\":{\"status\":\"unavailable\"},\"network\":\"visa\",\"network_token\":{\"used\":false},\"network_transaction_id\":\"465087540271918\",\"overcapture\":{\"maximum_amount_capturable\":15000,\"status\":\"unavailable\"},\"regulated_status\":\"regulated\",\"three_d_secure\":null,\"wallet\":null},\"type\":\"card\"},\"receipt_email\":null,\"receipt_number\":null,\"receipt_url\":\"https:\\/\\/pay.stripe.com\\/receipts\\/payment\\/CAcQARoXChVhY2N0XzFRUEFGdjJOVW9ZVWppdXUojPOavwYyBrjn_GJsxTosFrVD26lx5UvIVrqXirfo4kVtE83tHjNjdcCe-kHxf4NVk5QAquXqja7X77w\",\"refunded\":false,\"review\":null,\"shipping\":null,\"source\":{\"id\":\"card_1R7eOQ2NUoYUjiuu1PdKqmNm\",\"object\":\"card\",\"address_city\":null,\"address_country\":null,\"address_line1\":null,\"address_line1_check\":null,\"address_line2\":null,\"address_state\":null,\"address_zip\":null,\"address_zip_check\":null,\"allow_redisplay\":\"unspecified\",\"brand\":\"Visa\",\"country\":\"US\",\"customer\":\"cus_S1hoauSnFwb0Ss\",\"cvc_check\":\"pass\",\"dynamic_last4\":null,\"exp_month\":3,\"exp_year\":2027,\"fingerprint\":\"sBd1pCX6Nshco8Wy\",\"funding\":\"debit\",\"last4\":\"9500\",\"metadata\":[],\"name\":\"nora.cuenca722@gmail.com\",\"regulated_status\":\"regulated\",\"tokenization_method\":null,\"wallet\":null},\"source_transfer\":null,\"statement_descriptor\":null,\"statement_descriptor_suffix\":null,\"status\":\"succeeded\",\"transfer_data\":null,\"transfer_group\":null}'
WHERE `id` = 238;
INSERT INTO `sub_history` (`user_id`, `package_id`, `amount`, `payment_method`, `date`) VALUES ('XXI66Z', '2', '150', 'Stripe', '2025-03-28 10:00:27');
UPDATE `user_registration` SET sub_point = ROUND(sub_point + 150,2)
WHERE `user_id` = 'XXI66Z';
INSERT INTO `investment` (`invest_date`, `user_id`, `type`, `amount`, `package_id`) VALUES ('2025-03-28 10:00:27', 'XXI66Z', 'subscription', '150', '2');
UPDATE `user_registration` SET total_points = ROUND(total_points + 150,2)
WHERE `user_id` = 'XXI66Z';
INSERT INTO `points_history` (`user_id`, `points`, `type`, `date`) VALUES ('XXI66Z', '150', 'subscription', '2025-03-28 10:00:');
UPDATE `bv_updation` SET right_carry = right_carry+150, total_right = total_right+150
WHERE `user_id` = '2MBPZI';
INSERT INTO `placement_bv_update_history` (`right_carry`, `date`, `from_id`, `user_id`) VALUES ('150', '2025-03-28 10:00:27', 'XXI66Z', '2MBPZI');
UPDATE `bv_updation` SET right_carry = right_carry+150, total_right = total_right+150
WHERE `user_id` = 'XHO8CJ';
INSERT INTO `placement_bv_update_history` (`right_carry`, `date`, `from_id`, `user_id`) VALUES ('150', '2025-03-28 10:00:27', 'XXI66Z', 'XHO8CJ');
UPDATE `bv_updation` SET right_carry = right_carry+150, total_right = total_right+150
WHERE `user_id` = 'U7SMZ8';
INSERT INTO `placement_bv_update_history` (`right_carry`, `date`, `from_id`, `user_id`) VALUES ('150', '2025-03-28 10:00:27', 'XXI66Z', 'U7SMZ8');
UPDATE `bv_updation` SET sponsor_right_carry = sponsor_right_carry+150, sponsor_total_right = sponsor_total_right+150
WHERE `user_id` = 'U7SMZ8';
INSERT INTO `sponsor_bv_update_history` (`right_carry`, `date`, `user_id`) VALUES ('150', '2025-03-28 10:00:27', 'U7SMZ8');
UPDATE `bv_updation` SET right_carry = right_carry+150, total_right = total_right+150
WHERE `user_id` = 'AABG7W';
INSERT INTO `placement_bv_update_history` (`right_carry`, `date`, `from_id`, `user_id`) VALUES ('150', '2025-03-28 10:00:27', 'XXI66Z', 'AABG7W');
UPDATE `bv_updation` SET right_carry = right_carry+150, total_right = total_right+150
WHERE `user_id` = '3ZDIFO';
INSERT INTO `placement_bv_update_history` (`right_carry`, `date`, `from_id`, `user_id`) VALUES ('150', '2025-03-28 10:00:27', 'XXI66Z', '3ZDIFO');
UPDATE `bv_updation` SET right_carry = right_carry+150, total_right = total_right+150
WHERE `user_id` = 'UQO7EQ';
INSERT INTO `placement_bv_update_history` (`right_carry`, `date`, `from_id`, `user_id`) VALUES ('150', '2025-03-28 10:00:27', 'XXI66Z', 'UQO7EQ');
UPDATE `bv_updation` SET left_carry = left_carry+150, total_left = total_left+150
WHERE `user_id` = 'N6GZAE';
INSERT INTO `placement_bv_update_history` (`left_carry`, `date`, `from_id`, `user_id`) VALUES ('150', '2025-03-28 10:00:27', 'XXI66Z', 'N6GZAE');
UPDATE `bv_updation` SET left_carry = left_carry+150, total_left = total_left+150
WHERE `user_id` = '4E1CRI';
INSERT INTO `placement_bv_update_history` (`left_carry`, `date`, `from_id`, `user_id`) VALUES ('150', '2025-03-28 10:00:27', 'XXI66Z', '4E1CRI');
UPDATE `bv_updation` SET left_carry = left_carry+150, total_left = total_left+150
WHERE `user_id` = 'SJBNYJ';
INSERT INTO `placement_bv_update_history` (`left_carry`, `date`, `from_id`, `user_id`) VALUES ('150', '2025-03-28 10:00:27', 'XXI66Z', 'SJBNYJ');
UPDATE `bv_updation` SET left_carry = left_carry+150, total_left = total_left+150
WHERE `user_id` = '44B9Y4';
INSERT INTO `placement_bv_update_history` (`left_carry`, `date`, `from_id`, `user_id`) VALUES ('150', '2025-03-28 10:00:27', 'XXI66Z', '44B9Y4');
UPDATE `bv_updation` SET right_carry = right_carry+150, total_right = total_right+150
WHERE `user_id` = 'admin';
INSERT INTO `placement_bv_update_history` (`right_carry`, `date`, `from_id`, `user_id`) VALUES ('150', '2025-03-28 10:00:27', 'XXI66Z', 'admin');
UPDATE `user_registration` SET `subscription_date` = '2025-04-27', `active_status` = 'yes'
WHERE `user_id` = 'XXI66Z';
UPDATE `user_registration` SET `popup_seen` = 'yes'
WHERE `user_id` = 'XXI66Z';
INSERT INTO `login_history` (`user_id`, `device`, `ip_address`, `date`) VALUES ('JHRDHS', 'Mozilla/5.0 (Macintosh; Intel Mac OS X 10_15_7) AppleWebKit/605.1.15 (KHTML, like Gecko) Version/17.6 Safari/605.1.15', '172.68.12.54', '25-03-28 10:02');
UPDATE `user_registration` SET `popup_seen` = 'yes'
WHERE `user_id` = 'JHRDHS';
