UPDATE `user_registration` SET `sub_point` = 0, `active_status` = 'no'
WHERE `user_id` = 'D1UQ1O';
INSERT INTO `arreva_api_logs` (`user_id`, `email`, `endpoint`, `response`, `date`) VALUES ('D1UQ1O', 'ddramos2890@gmail.com', 'deactivatemember', 'true', '2025-10-28 00:05:53');
INSERT INTO `inactive_history` (`user_id`, `commission_balance`, `amount`, `date`) VALUES ('D1UQ1O', '0', '150', '2025-10-28 00:05:53');
UPDATE `cron_job_history` SET `status` = 'done', `date_end` = '2025-10-28 00:05:53'
WHERE `id` = 754;
INSERT INTO `cron_job_history` (`name`, `date_started`, `status`) VALUES ('sendReminderMail', '2025-10-28 00:10:01', 'started');
UPDATE `cron_job_history` SET `status` = 'done', `date_end` = '2025-10-28 00:10:01'
WHERE `id` = 755;
INSERT INTO `login_history` (`user_id`, `device`, `ip_address`, `date`) VALUES ('AABG7W', 'Mozilla/5.0 (Linux; Android 10; K) AppleWebKit/537.36 (KHTML, like Gecko) Chrome/141.0.0.0 Mobile Safari/537.36', '2607:fb91:1922:8842:4d35:1b3c:37f5:b1c3', '25-10-28 06:13');
UPDATE `user_registration` SET `popup_seen` = 'yes'
WHERE `user_id` = 'AABG7W';
UPDATE `ci_sessions` SET `timestamp` = 1761650606, `data` = '__ci_last_regenerate|i:1761650606;id|s:4:\"2057\";user_id|s:6:\"AABG7W\";username|s:10:\"freeurlife\";sponsor_id|s:6:\"UQO7EQ\";fullname|s:12:\"Lesli Andreu\";email|s:21:\"cranbarrier@gmail.com\";phone|s:10:\"7864171626\";isLogIn|b:1;'
WHERE `id` = '84d90afdd4ce125dbac4bca1beae970b120604d9';
UPDATE `ci_sessions` SET `timestamp` = 1761651293, `data` = '__ci_last_regenerate|i:1761651293;captcha|s:4:\"mngp\";'
WHERE `id` = '5edfcedb0a547edea741bf88d72c9101cfe0e6a5';
INSERT INTO `login_history` (`user_id`, `device`, `ip_address`, `date`) VALUES ('JHRDHS', 'Mozilla/5.0 (Macintosh; Intel Mac OS X 10_15_7) AppleWebKit/605.1.15 (KHTML, like Gecko) Version/17.6 Safari/605.1.15', '2600:1702:50d0:a580:98c7:67f1:c7ca:c3ba', '25-10-28 06:34');
UPDATE `user_registration` SET `popup_seen` = 'yes'
WHERE `user_id` = 'JHRDHS';
INSERT INTO `login_history` (`user_id`, `device`, `ip_address`, `date`) VALUES ('QJ5U9C', 'Mozilla/5.0 (Windows NT 10.0; Win64; x64) AppleWebKit/537.36 (KHTML, like Gecko) Chrome/141.0.0.0 Safari/537.36', '2601:586:cf83:e530:8473:138f:f97e:f652', '25-10-28 06:57');
UPDATE `user_registration` SET `popup_seen` = 'yes'
WHERE `user_id` = 'QJ5U9C';
UPDATE `user_registration` SET `popup_seen` = 'yes'
WHERE `user_id` = 'QJ5U9C';
UPDATE `user_registration` SET `popup_seen` = 'no'
WHERE `user_id` = 'QJ5U9C';
DELETE FROM `ci_sessions`
WHERE `id` = 'c604ee18f8432666c1bfe24f6a38bad9e091720a';
INSERT INTO `login_history` (`user_id`, `device`, `ip_address`, `date`) VALUES ('4N4NX4', 'Mozilla/5.0 (Windows NT 10.0; Win64; x64) AppleWebKit/537.36 (KHTML, like Gecko) Chrome/141.0.0.0 Safari/537.36', '2601:586:cf83:e530:8473:138f:f97e:f652', '25-10-28 06:59');
UPDATE `user_registration` SET `popup_seen` = 'yes'
WHERE `user_id` = '4N4NX4';
INSERT INTO `temp_register` (`post_data`, `date`, `payment_method`, `type`) VALUES ('{\"user_id\":\"4N4NX4\",\"package_id\":\"2\",\"amount\":\"150\",\"payment_method\":\"stripe\",\"date\":\"2025-10-28 07:00:05\"}', '2025-10-28 07:00:05', 'stripe', 'renew');
UPDATE `temp_register` SET `response` = '{\"stripeToken\":\"tok_1SNBa82NUoYUjiuu7SC6fDu1\",\"stripeTokenType\":\"card\",\"stripeEmail\":\"gascarde@yahoo.com\"}', `date_modified` = '2025-10-28 07:01:01', `payment_status` = '{\"id\":\"ch_3SNBaD2NUoYUjiuu1Pptm4Nu\",\"object\":\"charge\",\"amount\":15000,\"amount_captured\":15000,\"amount_refunded\":0,\"application\":null,\"application_fee\":null,\"application_fee_amount\":null,\"balance_transaction\":\"txn_3SNBaD2NUoYUjiuu1o3wTuOx\",\"billing_details\":{\"address\":{\"city\":null,\"country\":null,\"line1\":null,\"line2\":null,\"postal_code\":null,\"state\":null},\"email\":null,\"name\":\"gascarde@yahoo.com\",\"phone\":null,\"tax_id\":null},\"calculated_statement_descriptor\":\"TRAVELEGENDCY LLC\",\"captured\":true,\"created\":1761652861,\"currency\":\"usd\",\"customer\":\"cus_TJpEs2sOKrr5HE\",\"description\":null,\"destination\":null,\"dispute\":null,\"disputed\":false,\"failure_balance_transaction\":null,\"failure_code\":null,\"failure_message\":null,\"fraud_details\":[],\"invoice\":null,\"livemode\":true,\"metadata\":{\"name\":\"Iliana Contreras\",\"username\":\"ilocontreras$25\"},\"on_behalf_of\":null,\"order\":null,\"outcome\":{\"advice_code\":null,\"network_advice_code\":null,\"network_decline_code\":null,\"network_status\":\"approved_by_network\",\"reason\":null,\"risk_level\":\"normal\",\"seller_message\":\"Payment complete.\",\"type\":\"authorized\"},\"paid\":true,\"payment_intent\":null,\"payment_method\":\"card_1SNBa82NUoYUjiuu7SlRKiAn\",\"payment_method_details\":{\"card\":{\"amount_authorized\":15000,\"authorization_code\":\"838352\",\"brand\":\"visa\",\"checks\":{\"address_line1_check\":null,\"address_postal_code_check\":null,\"cvc_check\":\"pass\"},\"country\":\"US\",\"exp_month\":9,\"exp_year\":2028,\"extended_authorization\":{\"status\":\"disabled\"},\"fingerprint\":\"k9M7KM9G2vpKXHFa\",\"funding\":\"prepaid\",\"incremental_authorization\":{\"status\":\"unavailable\"},\"installments\":null,\"last4\":\"4550\",\"mandate\":null,\"multicapture\":{\"status\":\"unavailable\"},\"network\":\"visa\",\"network_token\":{\"used\":false},\"network_transaction_id\":\"385301432610333\",\"overcapture\":{\"maximum_amount_capturable\":15000,\"status\":\"unavailable\"},\"regulated_status\":\"unregulated\",\"three_d_secure\":null,\"wallet\":null},\"type\":\"card\"},\"receipt_email\":null,\"receipt_number\":null,\"receipt_url\":\"https:\\/\\/pay.stripe.com\\/receipts\\/payment\\/CAcQARoXChVhY2N0XzFRUEFGdjJOVW9ZVWppdXUo_uCCyAYyBhjWXe22njosFtjavyxqcuIeItFm58Bon_LDkGYQzyQRdbmW9PL_1vQ6mV9Bl4SuG8nN9kU\",\"refunded\":false,\"review\":null,\"shipping\":null,\"source\":{\"id\":\"card_1SNBa82NUoYUjiuu7SlRKiAn\",\"object\":\"card\",\"address_city\":null,\"address_country\":null,\"address_line1\":null,\"address_line1_check\":null,\"address_line2\":null,\"address_state\":null,\"address_zip\":null,\"address_zip_check\":null,\"allow_redisplay\":\"unspecified\",\"brand\":\"Visa\",\"country\":\"US\",\"customer\":\"cus_TJpEs2sOKrr5HE\",\"cvc_check\":\"pass\",\"dynamic_last4\":null,\"email\":null,\"exp_month\":9,\"exp_year\":2028,\"fingerprint\":\"k9M7KM9G2vpKXHFa\",\"funding\":\"prepaid\",\"last4\":\"4550\",\"metadata\":[],\"name\":\"gascarde@yahoo.com\",\"phone\":null,\"regulated_status\":\"unregulated\",\"tokenization_method\":null,\"wallet\":null},\"source_transfer\":null,\"statement_descriptor\":null,\"statement_descriptor_suffix\":null,\"status\":\"succeeded\",\"transfer_data\":null,\"transfer_group\":null}'
WHERE `id` = 1118;
INSERT INTO `sub_history` (`user_id`, `package_id`, `amount`, `payment_method`, `date`) VALUES ('4N4NX4', '2', '150', 'Stripe', '2025-10-28 07:01:01');
UPDATE `user_registration` SET sub_point = ROUND(sub_point + 150,2)
WHERE `user_id` = '4N4NX4';
INSERT INTO `investment` (`invest_date`, `user_id`, `type`, `amount`, `package_id`) VALUES ('2025-10-28 07:01:01', '4N4NX4', 'subscription', '150', '2');
INSERT INTO `earnings` (`user_id`, `Purchaser_id`, `earning_type`, `package_id`, `amount`, `date`, `comments`, `invest_amount`, `comm_perc`, `level`, `rank_id`, `order_id`) VALUES ('HRAFD3', '4N4NX4', 'Subscription Referral Bonus', '2', '37.5', '2025-10-28 07:01:01', 'Subscription Referral Bonus', 0, 0, 1, '', 1159);
UPDATE `user_registration` SET commission_balance = ROUND(commission_balance + 37.5,2)
WHERE `user_id` = 'HRAFD3';
UPDATE `user_registration` SET total_points = ROUND(total_points + 150,2)
WHERE `user_id` = '4N4NX4';
INSERT INTO `points_history` (`user_id`, `points`, `type`, `date`) VALUES ('4N4NX4', '150', 'subscription', '2025-10-28 07:01:');
UPDATE `bv_updation` SET left_carry = left_carry+150, total_left = total_left+150
WHERE `user_id` = 'HRAFD3';
INSERT INTO `placement_bv_update_history` (`left_carry`, `date`, `from_id`, `user_id`) VALUES ('150', '2025-10-28 07:01:01', '4N4NX4', 'HRAFD3');
UPDATE `user_registration` SET `cycle_rank_id` = '1'
WHERE `user_id` = 'HRAFD3';
INSERT INTO `rank_history` (`rank_id`, `user_id`, `name`, `bv`, `date`, `amount`, `type`) VALUES ('1', 'HRAFD3', 'Affiliate', '0', '2025-10-28 07:01:01', '0', 'auto');
UPDATE `bv_updation` SET sponsor_left_carry = sponsor_left_carry+150, sponsor_total_left = sponsor_total_left+150
WHERE `user_id` = 'HRAFD3';
INSERT INTO `sponsor_bv_update_history` (`left_carry`, `date`, `user_id`) VALUES ('150', '2025-10-28 07:01:01', 'HRAFD3');
UPDATE `bv_updation` SET right_carry = right_carry+150, total_right = total_right+150
WHERE `user_id` = 'F7LGEE';
INSERT INTO `placement_bv_update_history` (`right_carry`, `date`, `from_id`, `user_id`) VALUES ('150', '2025-10-28 07:01:01', '4N4NX4', 'F7LGEE');
UPDATE `user_registration` SET `cycle_rank_id` = '1'
WHERE `user_id` = 'F7LGEE';
INSERT INTO `rank_history` (`rank_id`, `user_id`, `name`, `bv`, `date`, `amount`, `type`) VALUES ('1', 'F7LGEE', 'Affiliate', '0', '2025-10-28 07:01:01', '0', 'auto');
UPDATE `bv_updation` SET right_carry = right_carry+150, total_right = total_right+150
WHERE `user_id` = 'QJ5U9C';
INSERT INTO `placement_bv_update_history` (`right_carry`, `date`, `from_id`, `user_id`) VALUES ('150', '2025-10-28 07:01:01', '4N4NX4', 'QJ5U9C');
UPDATE `user_registration` SET `cycle_rank_id` = '1'
WHERE `user_id` = 'QJ5U9C';
INSERT INTO `rank_history` (`rank_id`, `user_id`, `name`, `bv`, `date`, `amount`, `type`) VALUES ('1', 'QJ5U9C', 'Affiliate', '0', '2025-10-28 07:01:01', '0', 'auto');
UPDATE `bv_updation` SET left_carry = left_carry+150, total_left = total_left+150
WHERE `user_id` = 'O94ZPY';
INSERT INTO `placement_bv_update_history` (`left_carry`, `date`, `from_id`, `user_id`) VALUES ('150', '2025-10-28 07:01:01', '4N4NX4', 'O94ZPY');
UPDATE `user_registration` SET `cycle_rank_id` = '2'
WHERE `user_id` = 'O94ZPY';
INSERT INTO `rank_history` (`rank_id`, `user_id`, `name`, `bv`, `date`, `amount`, `type`) VALUES ('2', 'O94ZPY', 'Associate', '1200', '2025-10-28 07:01:01', '100', 'auto');
UPDATE `bv_updation` SET right_carry = right_carry+150, total_right = total_right+150
WHERE `user_id` = 'JHRDHS';
INSERT INTO `placement_bv_update_history` (`right_carry`, `date`, `from_id`, `user_id`) VALUES ('150', '2025-10-28 07:01:01', '4N4NX4', 'JHRDHS');
UPDATE `user_registration` SET `cycle_rank_id` = '3'
WHERE `user_id` = 'JHRDHS';
INSERT INTO `rank_history` (`rank_id`, `user_id`, `name`, `bv`, `date`, `amount`, `type`) VALUES ('3', 'JHRDHS', 'Consultant', '3750', '2025-10-28 07:01:01', '200', 'auto');
UPDATE `bv_updation` SET right_carry = right_carry+150, total_right = total_right+150
WHERE `user_id` = 'CVVK4C';
INSERT INTO `placement_bv_update_history` (`right_carry`, `date`, `from_id`, `user_id`) VALUES ('150', '2025-10-28 07:01:01', '4N4NX4', 'CVVK4C');
UPDATE `user_registration` SET `cycle_rank_id` = '1'
WHERE `user_id` = 'CVVK4C';
INSERT INTO `rank_history` (`rank_id`, `user_id`, `name`, `bv`, `date`, `amount`, `type`) VALUES ('1', 'CVVK4C', 'Affiliate', '0', '2025-10-28 07:01:01', '0', 'auto');
UPDATE `bv_updation` SET left_carry = left_carry+150, total_left = total_left+150
WHERE `user_id` = 'K55EDD';
INSERT INTO `placement_bv_update_history` (`left_carry`, `date`, `from_id`, `user_id`) VALUES ('150', '2025-10-28 07:01:01', '4N4NX4', 'K55EDD');
UPDATE `user_registration` SET `cycle_rank_id` = '1'
WHERE `user_id` = 'K55EDD';
INSERT INTO `rank_history` (`rank_id`, `user_id`, `name`, `bv`, `date`, `amount`, `type`) VALUES ('1', 'K55EDD', 'Affiliate', '0', '2025-10-28 07:01:01', '0', 'auto');
UPDATE `bv_updation` SET left_carry = left_carry+150, total_left = total_left+150
WHERE `user_id` = 'UQO7EQ';
INSERT INTO `placement_bv_update_history` (`left_carry`, `date`, `from_id`, `user_id`) VALUES ('150', '2025-10-28 07:01:01', '4N4NX4', 'UQO7EQ');
UPDATE `user_registration` SET `cycle_rank_id` = '1'
WHERE `user_id` = 'UQO7EQ';
INSERT INTO `rank_history` (`rank_id`, `user_id`, `name`, `bv`, `date`, `amount`, `type`) VALUES ('1', 'UQO7EQ', 'Affiliate', '0', '2025-10-28 07:01:01', '0', 'auto');
UPDATE `bv_updation` SET left_carry = left_carry+150, total_left = total_left+150
WHERE `user_id` = 'N6GZAE';
INSERT INTO `placement_bv_update_history` (`left_carry`, `date`, `from_id`, `user_id`) VALUES ('150', '2025-10-28 07:01:01', '4N4NX4', 'N6GZAE');
UPDATE `user_registration` SET `cycle_rank_id` = '1'
WHERE `user_id` = 'N6GZAE';
INSERT INTO `rank_history` (`rank_id`, `user_id`, `name`, `bv`, `date`, `amount`, `type`) VALUES ('1', 'N6GZAE', 'Affiliate', '0', '2025-10-28 07:01:01', '0', 'auto');
UPDATE `bv_updation` SET left_carry = left_carry+150, total_left = total_left+150
WHERE `user_id` = '4E1CRI';
INSERT INTO `placement_bv_update_history` (`left_carry`, `date`, `from_id`, `user_id`) VALUES ('150', '2025-10-28 07:01:01', '4N4NX4', '4E1CRI');
UPDATE `bv_updation` SET left_carry = left_carry+150, total_left = total_left+150
WHERE `user_id` = 'SJBNYJ';
INSERT INTO `placement_bv_update_history` (`left_carry`, `date`, `from_id`, `user_id`) VALUES ('150', '2025-10-28 07:01:01', '4N4NX4', 'SJBNYJ');
UPDATE `user_registration` SET `cycle_rank_id` = '1'
WHERE `user_id` = 'SJBNYJ';
INSERT INTO `rank_history` (`rank_id`, `user_id`, `name`, `bv`, `date`, `amount`, `type`) VALUES ('1', 'SJBNYJ', 'Affiliate', '0', '2025-10-28 07:01:01', '0', 'auto');
UPDATE `bv_updation` SET left_carry = left_carry+150, total_left = total_left+150
WHERE `user_id` = '44B9Y4';
INSERT INTO `placement_bv_update_history` (`left_carry`, `date`, `from_id`, `user_id`) VALUES ('150', '2025-10-28 07:01:01', '4N4NX4', '44B9Y4');
UPDATE `user_registration` SET `cycle_rank_id` = '1'
WHERE `user_id` = '44B9Y4';
INSERT INTO `rank_history` (`rank_id`, `user_id`, `name`, `bv`, `date`, `amount`, `type`) VALUES ('1', '44B9Y4', 'Affiliate', '0', '2025-10-28 07:01:01', '0', 'auto');
UPDATE `bv_updation` SET right_carry = right_carry+150, total_right = total_right+150
WHERE `user_id` = 'admin';
INSERT INTO `placement_bv_update_history` (`right_carry`, `date`, `from_id`, `user_id`) VALUES ('150', '2025-10-28 07:01:01', '4N4NX4', 'admin');
UPDATE `user_registration` SET `cycle_rank_id` = '1'
WHERE `user_id` = 'admin';
INSERT INTO `rank_history` (`rank_id`, `user_id`, `name`, `bv`, `date`, `amount`, `type`) VALUES ('1', 'admin', 'Affiliate', '0', '2025-10-28 07:01:01', '0', 'auto');
UPDATE `user_registration` SET `subscription_date` = '2025-11-28', `active_status` = 'yes'
WHERE `user_id` = '4N4NX4';
UPDATE `user_registration` SET `popup_seen` = 'yes'
WHERE `user_id` = '4N4NX4';
UPDATE `user_registration` SET `popup_seen` = 'no'
WHERE `user_id` = '4N4NX4';
DELETE FROM `ci_sessions`
WHERE `id` = '34bfd25c12567d4c8b6451e35466750253e5a496';
INSERT INTO `login_history` (`user_id`, `device`, `ip_address`, `date`) VALUES ('QJ5U9C', 'Mozilla/5.0 (Windows NT 10.0; Win64; x64) AppleWebKit/537.36 (KHTML, like Gecko) Chrome/141.0.0.0 Safari/537.36', '2601:586:cf83:e530:8473:138f:f97e:f652', '25-10-28 07:02');
UPDATE `user_registration` SET `popup_seen` = 'yes'
WHERE `user_id` = 'QJ5U9C';
UPDATE `user_registration` SET `popup_seen` = 'no'
WHERE `user_id` = 'QJ5U9C';
DELETE FROM `ci_sessions`
WHERE `id` = '25bc9cbc907836a549eb0f0460fa4d1b9648a685';
INSERT INTO `login_history` (`user_id`, `device`, `ip_address`, `date`) VALUES ('2RSJNO', 'Mozilla/5.0 (iPhone; CPU iPhone OS 26_0_1 like Mac OS X) AppleWebKit/605.1.15 (KHTML, like Gecko) GSA/391.0.820341064 Mobile/15E148 Safari/604.1', '2607:fb92:906:9f5e:1c98:d69d:94e4:5671', '25-10-28 07:21');
UPDATE `user_registration` SET `popup_seen` = 'yes'
WHERE `user_id` = '2RSJNO';
INSERT INTO `login_history` (`user_id`, `device`, `ip_address`, `date`) VALUES ('JHRDHS', 'Mozilla/5.0 (iPhone; CPU iPhone OS 18_7_1 like Mac OS X) AppleWebKit/605.1.15 (KHTML, like Gecko) Version/18.7 Mobile/15E148 Safari/604.1', '2600:1702:50d0:a580:5cb3:43ef:6cc3:20aa', '25-10-28 08:03');
UPDATE `user_registration` SET `popup_seen` = 'yes'
WHERE `user_id` = 'JHRDHS';
INSERT INTO `login_history` (`user_id`, `device`, `ip_address`, `date`) VALUES ('UQO7EQ', 'Mozilla/5.0 (Linux; Android 10; K) AppleWebKit/537.36 (KHTML, like Gecko) Chrome/141.0.0.0 Mobile Safari/537.36', '2607:fb91:1991:57e:95da:646:766c:18ab', '25-10-28 08:16');
UPDATE `user_registration` SET `popup_seen` = 'yes'
WHERE `user_id` = 'UQO7EQ';
UPDATE `user_registration` SET `popup_seen` = 'no'
WHERE `user_id` = 'UQO7EQ';
DELETE FROM `ci_sessions`
WHERE `id` = 'c293ef663cbc2b5d2e212b9a43d7b3a133cbc9fb';
INSERT INTO `login_history` (`user_id`, `device`, `ip_address`, `date`) VALUES ('admin', 'Mozilla/5.0 (Linux; Android 10; K) AppleWebKit/537.36 (KHTML, like Gecko) Chrome/141.0.0.0 Mobile Safari/537.36', '2600:1006:b05c:ab5a:f99f:35e5:77ce:e90c', '25-10-28 08:41');
UPDATE `user_registration` SET `popup_seen` = 'yes'
WHERE `user_id` = 'admin';
UPDATE `user_registration` SET `popup_seen` = 'yes'
WHERE `user_id` = 'admin';
UPDATE `user_registration` SET `popup_seen` = 'no'
WHERE `user_id` IS NULL;
DELETE FROM `ci_sessions`
WHERE `id` = '04f06202801f7320cf8a3877cf8ce1a7a4c5d2c1';
INSERT INTO `login_history` (`user_id`, `device`, `ip_address`, `date`) VALUES ('JHRDHS', 'Mozilla/5.0 (Macintosh; Intel Mac OS X 10_15_7) AppleWebKit/605.1.15 (KHTML, like Gecko) Version/17.6 Safari/605.1.15', '162.207.9.200', '25-10-28 09:21');
UPDATE `user_registration` SET `popup_seen` = 'yes'
WHERE `user_id` = 'JHRDHS';
UPDATE `ci_sessions` SET `timestamp` = 1761661506, `data` = '__ci_last_regenerate|i:1761661506;captcha|s:4:\"dqpd\";'
WHERE `id` = '8768a5011b3feec8f9ea85347a7527dbde09a934';
INSERT INTO `login_history` (`user_id`, `device`, `ip_address`, `date`) VALUES ('AABG7W', 'Mozilla/5.0 (Linux; Android 10; K) AppleWebKit/537.36 (KHTML, like Gecko) Chrome/141.0.0.0 Mobile Safari/537.36', '2607:fb91:1991:57e:95da:646:766c:18ab', '25-10-28 09:25');
UPDATE `user_registration` SET `popup_seen` = 'yes'
WHERE `user_id` = 'AABG7W';
UPDATE `ci_sessions` SET `timestamp` = 1761661583, `data` = '__ci_last_regenerate|i:1761661583;id|s:4:\"2071\";user_id|s:6:\"JHRDHS\";username|s:7:\"mbecena\";sponsor_id|s:6:\"CVVK4C\";fullname|s:12:\"Maria Becena\";email|s:21:\"mbecena@bellsouth.net\";phone|s:10:\"7862360387\";isLogIn|b:1;message|s:20:\"Welcome Maria Becena\";__ci_vars|a:1:{s:7:\"message\";s:3:\"old\";}'
WHERE `id` = '97f6e400aaf306ac10437bd4fdf954e30899efac';
UPDATE `user_registration` SET `popup_seen` = 'yes'
WHERE `user_id` = 'AABG7W';
UPDATE `user_registration` SET `popup_seen` = 'no'
WHERE `user_id` = 'AABG7W';
DELETE FROM `ci_sessions`
WHERE `id` = '05a71f53446bd3d491f61c9cfd0539309f0cfc02';
INSERT INTO `login_history` (`user_id`, `device`, `ip_address`, `date`) VALUES ('UQO7EQ', 'Mozilla/5.0 (Windows NT 10.0; Win64; x64) AppleWebKit/537.36 (KHTML, like Gecko) Chrome/141.0.0.0 Safari/537.36 Edg/141.0.0.0', '2601:58a:897c:3fd0:2d17:8578:879a:fe95', '25-10-28 09:50');
UPDATE `user_registration` SET `popup_seen` = 'yes'
WHERE `user_id` = 'UQO7EQ';
UPDATE `ci_sessions` SET `timestamp` = 1761663110, `data` = '__ci_last_regenerate|i:1761663110;id|s:4:\"2071\";user_id|s:6:\"JHRDHS\";username|s:7:\"mbecena\";sponsor_id|s:6:\"CVVK4C\";fullname|s:12:\"Maria Becena\";email|s:21:\"mbecena@bellsouth.net\";phone|s:10:\"7862360387\";isLogIn|b:1;message|s:20:\"Welcome Maria Becena\";__ci_vars|a:1:{s:7:\"message\";s:3:\"old\";}'
WHERE `id` = '22995244f974b5208c9b68a83a390fd79fe11e8f';
UPDATE `user_registration` SET `popup_seen` = 'yes'
WHERE `user_id` = 'JHRDHS';
UPDATE `ci_sessions` SET `timestamp` = 1761663966, `data` = '__ci_last_regenerate|i:1761663966;id|s:4:\"2042\";user_id|s:6:\"UQO7EQ\";username|s:6:\"Rafa51\";sponsor_id|s:6:\"N6GZAE\";fullname|s:16:\"Rafael Rodriguez\";email|s:18:\"rafagana@yahoo.com\";phone|s:10:\"3057610606\";isLogIn|b:1;'
WHERE `id` = 'd32ec4e2a3eedf0b9d989b984ba59cfa62b0b9e4';
UPDATE `user_registration` SET `popup_seen` = 'yes'
WHERE `user_id` = 'UQO7EQ';
INSERT INTO `add_cart` (`user_id`, `product_id`, `product_name`, `product_amount`, `product_point`, `product_image`, `product_details`, `quantity`, `total_amount`, `country`, `state`, `total_point`, `date`) VALUES ('UQO7EQ', '3', 'Living the Aventure 4D/3N', '130', '65', 'upload/product_image/41ac4823d7e42427b2e48486ac3cbc61.png', '<p><span style=\"color:rgb(0,0,0);\">Orlando is a must-visit destination known for its world-famous theme parks, vibrant entertainment, and sunny weather. From thrilling rides to incredible dining and shopping, it’s the ultimate family-friendly adventure spot.</span></p><p><span style=\"color:rgb(0,0,0);\"><strong>4 days / 3 nights</strong></span></p><p><span style=\"color:rgb(0,0,0);\"><strong>Cost: $130</strong></span></p>', 1, 130, '', '', 65, '2025-10-28 10:08:54');
INSERT INTO `login_history` (`user_id`, `device`, `ip_address`, `date`) VALUES ('OMGB4G', 'Mozilla/5.0 (Linux; Android 10; K) AppleWebKit/537.36 (KHTML, like Gecko) Chrome/141.0.0.0 Safari/537.36', '2607:fb91:c05:432e:dc13:57e8:6da1:9df', '25-10-28 10:12');
UPDATE `user_registration` SET `popup_seen` = 'yes'
WHERE `user_id` = 'OMGB4G';
UPDATE `ci_sessions` SET `timestamp` = 1761664384, `data` = '__ci_last_regenerate|i:1761664384;id|s:4:\"2042\";user_id|s:6:\"UQO7EQ\";username|s:6:\"Rafa51\";sponsor_id|s:6:\"N6GZAE\";fullname|s:16:\"Rafael Rodriguez\";email|s:18:\"rafagana@yahoo.com\";phone|s:10:\"3057610606\";isLogIn|b:1;message|s:34:\"Product Added to Cart Successfully\";__ci_vars|a:1:{s:7:\"message\";s:3:\"old\";}'
WHERE `id` = '9679f2ae639de87491e2e8c83e8ed28783b13e10';
UPDATE `user_registration` SET `popup_seen` = 'no'
WHERE `user_id` = 'UQO7EQ';
DELETE FROM `ci_sessions`
WHERE `id` = 'dd5ac6dcb9c38a84ded5074812ee23d5895938fa';
INSERT INTO `login_history` (`user_id`, `device`, `ip_address`, `date`) VALUES ('9WFPZ6', 'Mozilla/5.0 (Windows NT 10.0; Win64; x64) AppleWebKit/537.36 (KHTML, like Gecko) Chrome/141.0.0.0 Safari/537.36 Edg/141.0.0.0', '2601:58a:897c:3fd0:2d17:8578:879a:fe95', '25-10-28 10:13');
UPDATE `user_registration` SET `popup_seen` = 'yes'
WHERE `user_id` = '9WFPZ6';
UPDATE `ci_sessions` SET `timestamp` = 1761665008, `data` = '__ci_last_regenerate|i:1761665008;id|s:4:\"2102\";user_id|s:6:\"OMGB4G\";username|s:8:\"Debora68\";sponsor_id|s:6:\"U7SMZ8\";fullname|s:11:\"Ania Debora\";email|s:21:\"aniadebora8@gmail.com\";phone|s:10:\"3057261484\";isLogIn|b:1;message|s:19:\"Welcome Ania Debora\";__ci_vars|a:1:{s:7:\"message\";s:3:\"old\";}'
WHERE `id` = 'afbf3a7dce749f9a431e06db40cd6d1dcbb045a4';
UPDATE `user_registration` SET `popup_seen` = 'yes'
WHERE `user_id` = 'OMGB4G';
UPDATE `ci_sessions` SET `timestamp` = 1761665466, `data` = '__ci_last_regenerate|i:1761665466;id|s:4:\"2071\";user_id|s:6:\"JHRDHS\";username|s:7:\"mbecena\";sponsor_id|s:6:\"CVVK4C\";fullname|s:12:\"Maria Becena\";email|s:21:\"mbecena@bellsouth.net\";phone|s:10:\"7862360387\";isLogIn|b:1;'
WHERE `id` = 'fbb6c3da4fd458e1dd2c4dbaf2bc614045d0866e';
UPDATE `user_registration` SET `popup_seen` = 'yes'
WHERE `user_id` = 'JHRDHS';
UPDATE `user_registration` SET `popup_seen` = 'no'
WHERE `user_id` = 'JHRDHS';
DELETE FROM `ci_sessions`
WHERE `id` = '2d47cb349a7e83d2db33ce51bdfae7d700f291d8';
INSERT INTO `login_history` (`user_id`, `device`, `ip_address`, `date`) VALUES ('RKMICU', 'Mozilla/5.0 (Macintosh; Intel Mac OS X 10_15_7) AppleWebKit/605.1.15 (KHTML, like Gecko) Version/17.6 Safari/605.1.15', '2600:1702:50d0:a580:98c7:67f1:c7ca:c3ba', '25-10-28 10:32');
UPDATE `user_registration` SET `popup_seen` = 'yes'
WHERE `user_id` = 'RKMICU';
UPDATE `ci_sessions` SET `timestamp` = 1761666541, `data` = '__ci_last_regenerate|i:1761666541;id|s:4:\"2414\";user_id|s:6:\"9WFPZ6\";username|s:8:\"Yunior03\";sponsor_id|s:6:\"EZT3DR\";fullname|s:23:\"Geovanny Garcia Quevedo\";email|s:31:\"yuniorquevedogarcia03@gmail.com\";phone|s:10:\"9563305060\";isLogIn|b:1;message|s:31:\"Welcome Geovanny Garcia Quevedo\";__ci_vars|a:1:{s:7:\"message\";s:3:\"old\";}'
WHERE `id` = 'f52de5e8e6b12ef914d499ec3e58e041e5980522';
UPDATE `user_registration` SET `popup_seen` = 'no'
WHERE `user_id` = '9WFPZ6';
DELETE FROM `ci_sessions`
WHERE `id` = '1c75d4d89ffc3bf7ae9dc9077ebacbe375ed1ffa';
UPDATE `ci_sessions` SET `timestamp` = 1761666581, `data` = '__ci_last_regenerate|i:1761666581;id|s:4:\"2102\";user_id|s:6:\"OMGB4G\";username|s:8:\"Debora68\";sponsor_id|s:6:\"U7SMZ8\";fullname|s:11:\"Ania Debora\";email|s:21:\"aniadebora8@gmail.com\";phone|s:10:\"3057261484\";isLogIn|b:1;'
WHERE `id` = 'cb1e48b8eeb38a76899c45a1c26d136169a8bd7d';
UPDATE `user_registration` SET `language` = 'english'
WHERE `user_id` = 'OMGB4G';
UPDATE `user_registration` SET `popup_seen` = 'yes'
WHERE `user_id` = 'OMGB4G';
INSERT INTO `temp_register` (`post_data`, `date`, `payment_method`, `type`) VALUES ('{\"user_id\":\"OMGB4G\",\"package_id\":\"2\",\"amount\":\"150\",\"payment_method\":\"stripe\",\"date\":\"2025-10-28 10:50:04\"}', '2025-10-28 10:50:04', 'stripe', 'renew');
UPDATE `temp_register` SET `response` = '{\"stripeToken\":\"tok_1SNFAE2NUoYUjiuuZluoxknc\",\"stripeTokenType\":\"card\",\"stripeEmail\":\"aniadebora8@gmail.com\"}', `date_modified` = '2025-10-28 10:50:30', `payment_status` = '{\"id\":\"ch_3SNFAI2NUoYUjiuu0l9Wvs1b\",\"object\":\"charge\",\"amount\":15000,\"amount_captured\":15000,\"amount_refunded\":0,\"application\":null,\"application_fee\":null,\"application_fee_amount\":null,\"balance_transaction\":\"txn_3SNFAI2NUoYUjiuu0gIc7KzW\",\"billing_details\":{\"address\":{\"city\":null,\"country\":null,\"line1\":null,\"line2\":null,\"postal_code\":null,\"state\":null},\"email\":null,\"name\":\"aniadebora8@gmail.com\",\"phone\":null,\"tax_id\":null},\"calculated_statement_descriptor\":\"TRAVELEGENDCY LLC\",\"captured\":true,\"created\":1761666630,\"currency\":\"usd\",\"customer\":\"cus_TJswBpuG900w56\",\"description\":null,\"destination\":null,\"dispute\":null,\"disputed\":false,\"failure_balance_transaction\":null,\"failure_code\":null,\"failure_message\":null,\"fraud_details\":[],\"invoice\":null,\"livemode\":true,\"metadata\":{\"name\":\"Ania Debora\",\"username\":\"Debora68\"},\"on_behalf_of\":null,\"order\":null,\"outcome\":{\"advice_code\":null,\"network_advice_code\":null,\"network_decline_code\":null,\"network_status\":\"approved_by_network\",\"reason\":null,\"risk_level\":\"normal\",\"seller_message\":\"Payment complete.\",\"type\":\"authorized\"},\"paid\":true,\"payment_intent\":null,\"payment_method\":\"card_1SNFAE2NUoYUjiuupeyHHwAa\",\"payment_method_details\":{\"card\":{\"amount_authorized\":15000,\"authorization_code\":\"135004\",\"brand\":\"visa\",\"checks\":{\"address_line1_check\":null,\"address_postal_code_check\":null,\"cvc_check\":\"pass\"},\"country\":\"US\",\"exp_month\":11,\"exp_year\":2029,\"extended_authorization\":{\"status\":\"disabled\"},\"fingerprint\":\"xFjHW8gksZ6Z6s4B\",\"funding\":\"debit\",\"incremental_authorization\":{\"status\":\"unavailable\"},\"installments\":null,\"last4\":\"4957\",\"mandate\":null,\"multicapture\":{\"status\":\"unavailable\"},\"network\":\"visa\",\"network_token\":{\"used\":true},\"network_transaction_id\":\"465301570302518\",\"overcapture\":{\"maximum_amount_capturable\":15000,\"status\":\"unavailable\"},\"regulated_status\":\"regulated\",\"three_d_secure\":null,\"wallet\":null},\"type\":\"card\"},\"receipt_email\":null,\"receipt_number\":null,\"receipt_url\":\"https:\\/\\/pay.stripe.com\\/receipts\\/payment\\/CAcQARoXChVhY2N0XzFRUEFGdjJOVW9ZVWppdXUox8yDyAYyBojj8kofsDosFpvRNLoJGgcuztbAaFLXurJs88jYlc4WWzI2ciRAFZ5M6YsFpBotKGg9mlo\",\"refunded\":false,\"review\":null,\"shipping\":null,\"source\":{\"id\":\"card_1SNFAE2NUoYUjiuupeyHHwAa\",\"object\":\"card\",\"address_city\":null,\"address_country\":null,\"address_line1\":null,\"address_line1_check\":null,\"address_line2\":null,\"address_state\":null,\"address_zip\":null,\"address_zip_check\":null,\"allow_redisplay\":\"unspecified\",\"brand\":\"Visa\",\"country\":\"US\",\"customer\":\"cus_TJswBpuG900w56\",\"cvc_check\":\"pass\",\"dynamic_last4\":null,\"email\":null,\"exp_month\":11,\"exp_year\":2029,\"fingerprint\":\"xFjHW8gksZ6Z6s4B\",\"funding\":\"debit\",\"last4\":\"4957\",\"metadata\":[],\"name\":\"aniadebora8@gmail.com\",\"phone\":null,\"regulated_status\":\"regulated\",\"tokenization_method\":null,\"wallet\":null},\"source_transfer\":null,\"statement_descriptor\":null,\"statement_descriptor_suffix\":null,\"status\":\"succeeded\",\"transfer_data\":null,\"transfer_group\":null}'
WHERE `id` = 1119;
INSERT INTO `sub_history` (`user_id`, `package_id`, `amount`, `payment_method`, `date`) VALUES ('OMGB4G', '2', '150', 'Stripe', '2025-10-28 10:50:30');
UPDATE `user_registration` SET sub_point = ROUND(sub_point + 150,2)
WHERE `user_id` = 'OMGB4G';
INSERT INTO `investment` (`invest_date`, `user_id`, `type`, `amount`, `package_id`) VALUES ('2025-10-28 10:50:30', 'OMGB4G', 'subscription', '150', '2');
UPDATE `user_registration` SET total_points = ROUND(total_points + 150,2)
WHERE `user_id` = 'OMGB4G';
INSERT INTO `points_history` (`user_id`, `points`, `type`, `date`) VALUES ('OMGB4G', '150', 'subscription', '2025-10-28 10:50:');
UPDATE `bv_updation` SET left_carry = left_carry+150, total_left = total_left+150
WHERE `user_id` = 'WDEXJT';
INSERT INTO `placement_bv_update_history` (`left_carry`, `date`, `from_id`, `user_id`) VALUES ('150', '2025-10-28 10:50:30', 'OMGB4G', 'WDEXJT');
UPDATE `bv_updation` SET left_carry = left_carry+150, total_left = total_left+150
WHERE `user_id` = 'JIL8K9';
INSERT INTO `placement_bv_update_history` (`left_carry`, `date`, `from_id`, `user_id`) VALUES ('150', '2025-10-28 10:50:30', 'OMGB4G', 'JIL8K9');
UPDATE `user_registration` SET `cycle_rank_id` = '1'
WHERE `user_id` = 'JIL8K9';
INSERT INTO `rank_history` (`rank_id`, `user_id`, `name`, `bv`, `date`, `amount`, `type`) VALUES ('1', 'JIL8K9', 'Affiliate', '0', '2025-10-28 10:50:30', '0', 'auto');
UPDATE `bv_updation` SET left_carry = left_carry+150, total_left = total_left+150
WHERE `user_id` = 'U7SMZ8';
INSERT INTO `placement_bv_update_history` (`left_carry`, `date`, `from_id`, `user_id`) VALUES ('150', '2025-10-28 10:50:30', 'OMGB4G', 'U7SMZ8');
UPDATE `user_registration` SET `cycle_rank_id` = '1'
WHERE `user_id` = 'U7SMZ8';
INSERT INTO `rank_history` (`rank_id`, `user_id`, `name`, `bv`, `date`, `amount`, `type`) VALUES ('1', 'U7SMZ8', 'Affiliate', '0', '2025-10-28 10:50:30', '0', 'auto');
UPDATE `bv_updation` SET sponsor_left_carry = sponsor_left_carry+150, sponsor_total_left = sponsor_total_left+150
WHERE `user_id` = 'U7SMZ8';
INSERT INTO `sponsor_bv_update_history` (`left_carry`, `date`, `user_id`) VALUES ('150', '2025-10-28 10:50:30', 'U7SMZ8');
UPDATE `bv_updation` SET right_carry = right_carry+150, total_right = total_right+150
WHERE `user_id` = 'AABG7W';
INSERT INTO `placement_bv_update_history` (`right_carry`, `date`, `from_id`, `user_id`) VALUES ('150', '2025-10-28 10:50:30', 'OMGB4G', 'AABG7W');
UPDATE `user_registration` SET `cycle_rank_id` = '1'
WHERE `user_id` = 'AABG7W';
INSERT INTO `rank_history` (`rank_id`, `user_id`, `name`, `bv`, `date`, `amount`, `type`) VALUES ('1', 'AABG7W', 'Affiliate', '0', '2025-10-28 10:50:30', '0', 'auto');
UPDATE `bv_updation` SET right_carry = right_carry+150, total_right = total_right+150
WHERE `user_id` = '3ZDIFO';
INSERT INTO `placement_bv_update_history` (`right_carry`, `date`, `from_id`, `user_id`) VALUES ('150', '2025-10-28 10:50:30', 'OMGB4G', '3ZDIFO');
UPDATE `bv_updation` SET right_carry = right_carry+150, total_right = total_right+150
WHERE `user_id` = 'UQO7EQ';
INSERT INTO `placement_bv_update_history` (`right_carry`, `date`, `from_id`, `user_id`) VALUES ('150', '2025-10-28 10:50:30', 'OMGB4G', 'UQO7EQ');
UPDATE `user_registration` SET `cycle_rank_id` = '1'
WHERE `user_id` = 'UQO7EQ';
INSERT INTO `rank_history` (`rank_id`, `user_id`, `name`, `bv`, `date`, `amount`, `type`) VALUES ('1', 'UQO7EQ', 'Affiliate', '0', '2025-10-28 10:50:30', '0', 'auto');
UPDATE `bv_updation` SET left_carry = left_carry+150, total_left = total_left+150
WHERE `user_id` = 'N6GZAE';
INSERT INTO `placement_bv_update_history` (`left_carry`, `date`, `from_id`, `user_id`) VALUES ('150', '2025-10-28 10:50:30', 'OMGB4G', 'N6GZAE');
UPDATE `user_registration` SET `cycle_rank_id` = '1'
WHERE `user_id` = 'N6GZAE';
INSERT INTO `rank_history` (`rank_id`, `user_id`, `name`, `bv`, `date`, `amount`, `type`) VALUES ('1', 'N6GZAE', 'Affiliate', '0', '2025-10-28 10:50:30', '0', 'auto');
UPDATE `bv_updation` SET left_carry = left_carry+150, total_left = total_left+150
WHERE `user_id` = '4E1CRI';
INSERT INTO `placement_bv_update_history` (`left_carry`, `date`, `from_id`, `user_id`) VALUES ('150', '2025-10-28 10:50:30', 'OMGB4G', '4E1CRI');
UPDATE `bv_updation` SET left_carry = left_carry+150, total_left = total_left+150
WHERE `user_id` = 'SJBNYJ';
INSERT INTO `placement_bv_update_history` (`left_carry`, `date`, `from_id`, `user_id`) VALUES ('150', '2025-10-28 10:50:30', 'OMGB4G', 'SJBNYJ');
UPDATE `user_registration` SET `cycle_rank_id` = '1'
WHERE `user_id` = 'SJBNYJ';
INSERT INTO `rank_history` (`rank_id`, `user_id`, `name`, `bv`, `date`, `amount`, `type`) VALUES ('1', 'SJBNYJ', 'Affiliate', '0', '2025-10-28 10:50:30', '0', 'auto');
UPDATE `bv_updation` SET left_carry = left_carry+150, total_left = total_left+150
WHERE `user_id` = '44B9Y4';
INSERT INTO `placement_bv_update_history` (`left_carry`, `date`, `from_id`, `user_id`) VALUES ('150', '2025-10-28 10:50:30', 'OMGB4G', '44B9Y4');
UPDATE `user_registration` SET `cycle_rank_id` = '1'
WHERE `user_id` = '44B9Y4';
INSERT INTO `rank_history` (`rank_id`, `user_id`, `name`, `bv`, `date`, `amount`, `type`) VALUES ('1', '44B9Y4', 'Affiliate', '0', '2025-10-28 10:50:30', '0', 'auto');
UPDATE `bv_updation` SET right_carry = right_carry+150, total_right = total_right+150
WHERE `user_id` = 'admin';
INSERT INTO `placement_bv_update_history` (`right_carry`, `date`, `from_id`, `user_id`) VALUES ('150', '2025-10-28 10:50:30', 'OMGB4G', 'admin');
UPDATE `user_registration` SET `cycle_rank_id` = '1'
WHERE `user_id` = 'admin';
INSERT INTO `rank_history` (`rank_id`, `user_id`, `name`, `bv`, `date`, `amount`, `type`) VALUES ('1', 'admin', 'Affiliate', '0', '2025-10-28 10:50:30', '0', 'auto');
UPDATE `user_registration` SET `subscription_date` = '2025-11-28', `active_status` = 'yes'
WHERE `user_id` = 'OMGB4G';
UPDATE `user_registration` SET `popup_seen` = 'yes'
WHERE `user_id` = 'OMGB4G';
INSERT INTO `login_history` (`user_id`, `device`, `ip_address`, `date`) VALUES ('UQO7EQ', 'Mozilla/5.0 (Windows NT 10.0; Win64; x64) AppleWebKit/537.36 (KHTML, like Gecko) Chrome/141.0.0.0 Safari/537.36', '2601:58a:897c:3fd0:2d17:8578:879a:fe95', '25-10-28 10:52');
UPDATE `user_registration` SET `popup_seen` = 'yes'
WHERE `user_id` = 'UQO7EQ';
UPDATE `user_registration` SET `popup_seen` = 'yes'
WHERE `user_id` = 'OMGB4G';
UPDATE `ci_sessions` SET `timestamp` = 1761666914, `data` = '__ci_last_regenerate|i:1761666914;id|s:4:\"2102\";user_id|s:6:\"OMGB4G\";username|s:8:\"Debora68\";sponsor_id|s:6:\"U7SMZ8\";fullname|s:11:\"Ania Debora\";email|s:21:\"aniadebora8@gmail.com\";phone|s:10:\"3057261484\";isLogIn|b:1;'
WHERE `id` = 'd72d0cbba7c9e83edd38654eb049a3b4649bd394';
UPDATE `user_registration` SET `popup_seen` = 'yes'
WHERE `user_id` = 'OMGB4G';
UPDATE `ci_sessions` SET `timestamp` = 1761666925, `data` = '__ci_last_regenerate|i:1761666925;id|s:4:\"2374\";user_id|s:6:\"RKMICU\";username|s:4:\"MADY\";sponsor_id|s:6:\"JHRDHS\";fullname|s:15:\"Madileiny Soler\";email|s:26:\"madileinysoler35@gmail.com\";phone|s:10:\"3058782366\";isLogIn|b:1;'
WHERE `id` = '6cd140338f305d88ef356be593689ec27d079094';
INSERT INTO `temp_register` (`post_data`, `date`, `payment_method`, `type`) VALUES ('{\"user_id\":\"RKMICU\",\"card_id\":\"4\",\"card_cost\":\"150\",\"card_value\":\"150\",\"payment_option\":\"stripe\",\"date\":\"2025-10-28 10:55:25\"}', '2025-10-28 10:55:25', 'stripe', 'buy+top_up_card');
UPDATE `user_registration` SET `popup_seen` = 'yes'
WHERE `user_id` = 'UQO7EQ';
UPDATE `ci_sessions` SET `timestamp` = 1761667040, `data` = '__ci_last_regenerate|i:1761667040;id|s:4:\"2042\";user_id|s:6:\"UQO7EQ\";username|s:6:\"Rafa51\";sponsor_id|s:6:\"N6GZAE\";fullname|s:16:\"Rafael Rodriguez\";email|s:18:\"rafagana@yahoo.com\";phone|s:10:\"3057610606\";isLogIn|b:1;'
WHERE `id` = '4a950a37158a036b323af4e6eff983dc339983b5';
UPDATE `user_registration` SET `popup_seen` = 'yes'
WHERE `user_id` = 'UQO7EQ';
UPDATE `user_registration` SET `popup_seen` = 'yes'
WHERE `user_id` = 'UQO7EQ';
UPDATE `temp_register` SET `response` = '{\"stripeToken\":\"tok_1SNFIG2NUoYUjiuunGnRZALU\",\"stripeTokenType\":\"card\",\"stripeEmail\":\"madileinysoler35@gmail.com\"}', `date_modified` = '2025-10-28 10:58:50', `payment_status` = '{\"id\":\"ch_3SNFIL2NUoYUjiuu1tjiS5Le\",\"object\":\"charge\",\"amount\":15000,\"amount_captured\":15000,\"amount_refunded\":0,\"application\":null,\"application_fee\":null,\"application_fee_amount\":null,\"balance_transaction\":\"txn_3SNFIL2NUoYUjiuu1jloVeCe\",\"billing_details\":{\"address\":{\"city\":null,\"country\":null,\"line1\":null,\"line2\":null,\"postal_code\":null,\"state\":null},\"email\":null,\"name\":\"madileinysoler35@gmail.com\",\"phone\":null,\"tax_id\":null},\"calculated_statement_descriptor\":\"TRAVELEGENDCY LLC\",\"captured\":true,\"created\":1761667129,\"currency\":\"usd\",\"customer\":\"cus_TJt4MzDyJdyeRu\",\"description\":null,\"destination\":null,\"dispute\":null,\"disputed\":false,\"failure_balance_transaction\":null,\"failure_code\":null,\"failure_message\":null,\"fraud_details\":[],\"invoice\":null,\"livemode\":true,\"metadata\":[],\"on_behalf_of\":null,\"order\":null,\"outcome\":{\"advice_code\":null,\"network_advice_code\":null,\"network_decline_code\":null,\"network_status\":\"approved_by_network\",\"reason\":null,\"risk_level\":\"normal\",\"seller_message\":\"Payment complete.\",\"type\":\"authorized\"},\"paid\":true,\"payment_intent\":null,\"payment_method\":\"card_1SNFIG2NUoYUjiuupH8N8aed\",\"payment_method_details\":{\"card\":{\"amount_authorized\":15000,\"authorization_code\":\"042957\",\"brand\":\"visa\",\"checks\":{\"address_line1_check\":null,\"address_postal_code_check\":null,\"cvc_check\":\"pass\"},\"country\":\"US\",\"exp_month\":8,\"exp_year\":2028,\"extended_authorization\":{\"status\":\"disabled\"},\"fingerprint\":\"TGZtFrFVLfbyaw4J\",\"funding\":\"debit\",\"incremental_authorization\":{\"status\":\"unavailable\"},\"installments\":null,\"last4\":\"3626\",\"mandate\":null,\"multicapture\":{\"status\":\"unavailable\"},\"network\":\"visa\",\"network_token\":{\"used\":false},\"network_transaction_id\":\"465301575302561\",\"overcapture\":{\"maximum_amount_capturable\":15000,\"status\":\"unavailable\"},\"regulated_status\":\"regulated\",\"three_d_secure\":null,\"wallet\":null},\"type\":\"card\"},\"receipt_email\":null,\"receipt_number\":null,\"receipt_url\":\"https:\\/\\/pay.stripe.com\\/receipts\\/payment\\/CAcQARoXChVhY2N0XzFRUEFGdjJOVW9ZVWppdXUou9CDyAYyBvArzYwgbDosFgggQnk3qMRclURjobyGnPK39Va96I2VXLQMsZJx1SEudI1wXJuQPqxWU00\",\"refunded\":false,\"review\":null,\"shipping\":null,\"source\":{\"id\":\"card_1SNFIG2NUoYUjiuupH8N8aed\",\"object\":\"card\",\"address_city\":null,\"address_country\":null,\"address_line1\":null,\"address_line1_check\":null,\"address_line2\":null,\"address_state\":null,\"address_zip\":null,\"address_zip_check\":null,\"allow_redisplay\":\"unspecified\",\"brand\":\"Visa\",\"country\":\"US\",\"customer\":\"cus_TJt4MzDyJdyeRu\",\"cvc_check\":\"pass\",\"dynamic_last4\":null,\"email\":null,\"exp_month\":8,\"exp_year\":2028,\"fingerprint\":\"TGZtFrFVLfbyaw4J\",\"funding\":\"debit\",\"last4\":\"3626\",\"metadata\":[],\"name\":\"madileinysoler35@gmail.com\",\"phone\":null,\"regulated_status\":\"regulated\",\"tokenization_method\":null,\"wallet\":null},\"source_transfer\":null,\"statement_descriptor\":null,\"statement_descriptor_suffix\":null,\"status\":\"succeeded\",\"transfer_data\":null,\"transfer_group\":null}'
WHERE `id` = 1120;
INSERT INTO `card_purchase_history` (`user_id`, `card_id`, `card_cost`, `card_value`, `payment_option`, `date`) VALUES ('RKMICU', '4', '150', '150', 'stripe', '2025-10-28 10:55:25');
UPDATE `user_registration` SET commission_balance = ROUND(commission_balance + 150,2)
WHERE `user_id` = 'RKMICU';
UPDATE `user_registration` SET `popup_seen` = 'no'
WHERE `user_id` = 'UQO7EQ';
DELETE FROM `ci_sessions`
WHERE `id` = 'c8d520bb946db56bfb0eaef3f1966edbfe669479';
UPDATE `user_registration` SET `popup_seen` = 'yes'
WHERE `user_id` = 'RKMICU';
INSERT INTO `login_history` (`user_id`, `device`, `ip_address`, `date`) VALUES ('9ST4Y6', 'Mozilla/5.0 (Windows NT 10.0; Win64; x64) AppleWebKit/537.36 (KHTML, like Gecko) Chrome/141.0.0.0 Safari/537.36', '2601:58a:897c:3fd0:2d17:8578:879a:fe95', '25-10-28 10:59');
UPDATE `user_registration` SET `popup_seen` = 'yes'
WHERE `user_id` = '9ST4Y6';
UPDATE `user_registration` SET `popup_seen` = 'no'
WHERE `user_id` = 'RKMICU';
DELETE FROM `ci_sessions`
WHERE `id` = 'b34c51a44b438bcd6789ddb34d2ef2215c27d952';
UPDATE `user_registration` SET `popup_seen` = 'yes'
WHERE `user_id` = '9ST4Y6';
UPDATE `user_registration` SET `popup_seen` = 'no'
WHERE `user_id` = '9ST4Y6';
DELETE FROM `ci_sessions`
WHERE `id` = 'cf4b406406558a9af59a6de4f804ec7cc6030950';
INSERT INTO `login_history` (`user_id`, `device`, `ip_address`, `date`) VALUES ('UQO7EQ', 'Mozilla/5.0 (Windows NT 10.0; Win64; x64) AppleWebKit/537.36 (KHTML, like Gecko) Chrome/141.0.0.0 Safari/537.36', '2601:58a:897c:3fd0:2d17:8578:879a:fe95', '25-10-28 11:03');
UPDATE `user_registration` SET `popup_seen` = 'yes'
WHERE `user_id` = 'UQO7EQ';
UPDATE `ci_sessions` SET `timestamp` = 1761667672, `data` = '__ci_last_regenerate|i:1761667672;id|s:4:\"2042\";user_id|s:6:\"UQO7EQ\";username|s:6:\"Rafa51\";sponsor_id|s:6:\"N6GZAE\";fullname|s:16:\"Rafael Rodriguez\";email|s:18:\"rafagana@yahoo.com\";phone|s:10:\"3057610606\";isLogIn|b:1;'
WHERE `id` = '2cad86332a148981626a34b802a5ccaa56cae100';
UPDATE `user_registration` SET `popup_seen` = 'yes'
WHERE `user_id` = 'UQO7EQ';
UPDATE `user_registration` SET `popup_seen` = 'no'
WHERE `user_id` = 'UQO7EQ';
DELETE FROM `ci_sessions`
WHERE `id` = '0f9941afc5bc327b2f58451a317cf104cf070b5d';
INSERT INTO `login_history` (`user_id`, `device`, `ip_address`, `date`) VALUES ('MEFV52', 'Mozilla/5.0 (Macintosh; Intel Mac OS X 10_15_7) AppleWebKit/537.36 (KHTML, like Gecko) Chrome/128.0.0.0 Safari/537.36', '35.136.140.236', '25-10-28 11:39');
UPDATE `user_registration` SET `popup_seen` = 'yes'
WHERE `user_id` = 'MEFV52';
INSERT INTO `temp_register` (`post_data`, `date`, `payment_method`, `type`) VALUES ('{\"user_id\":\"MEFV52\",\"package_id\":\"2\",\"amount\":\"150\",\"payment_method\":\"stripe\",\"date\":\"2025-10-28 11:39:31\"}', '2025-10-28 11:39:31', 'stripe', 'renew');
UPDATE `temp_register` SET `response` = '{\"stripeToken\":\"tok_1SNFww2NUoYUjiuuVtWCIuAr\",\"stripeTokenType\":\"card\",\"stripeEmail\":\"silescreen@icloud.com\"}', `date_modified` = '2025-10-28 11:40:51', `payment_status` = '{\"id\":\"ch_3SNFx12NUoYUjiuu0ok15nZo\",\"object\":\"charge\",\"amount\":15000,\"amount_captured\":15000,\"amount_refunded\":0,\"application\":null,\"application_fee\":null,\"application_fee_amount\":null,\"balance_transaction\":\"txn_3SNFx12NUoYUjiuu0sMzk7j8\",\"billing_details\":{\"address\":{\"city\":null,\"country\":null,\"line1\":null,\"line2\":null,\"postal_code\":null,\"state\":null},\"email\":null,\"name\":\"silescreen@icloud.com\",\"phone\":null,\"tax_id\":null},\"calculated_statement_descriptor\":\"TRAVELEGENDCY LLC\",\"captured\":true,\"created\":1761669651,\"currency\":\"usd\",\"customer\":\"cus_TJtkulQ7TYb0Wg\",\"description\":null,\"destination\":null,\"dispute\":null,\"disputed\":false,\"failure_balance_transaction\":null,\"failure_code\":null,\"failure_message\":null,\"fraud_details\":[],\"invoice\":null,\"livemode\":true,\"metadata\":{\"name\":\"ESTHER TAPIA CHAPE\",\"username\":\"ESTHERTAPIA\"},\"on_behalf_of\":null,\"order\":null,\"outcome\":{\"advice_code\":null,\"network_advice_code\":null,\"network_decline_code\":null,\"network_status\":\"approved_by_network\",\"reason\":null,\"risk_level\":\"normal\",\"seller_message\":\"Payment complete.\",\"type\":\"authorized\"},\"paid\":true,\"payment_intent\":null,\"payment_method\":\"card_1SNFww2NUoYUjiuuakmm3EwV\",\"payment_method_details\":{\"card\":{\"amount_authorized\":15000,\"authorization_code\":\"104006\",\"brand\":\"mastercard\",\"checks\":{\"address_line1_check\":null,\"address_postal_code_check\":null,\"cvc_check\":\"pass\"},\"country\":\"US\",\"exp_month\":12,\"exp_year\":2028,\"extended_authorization\":{\"status\":\"disabled\"},\"fingerprint\":\"UOt8onc9j9XFGBUO\",\"funding\":\"debit\",\"incremental_authorization\":{\"status\":\"unavailable\"},\"installments\":null,\"last4\":\"4046\",\"mandate\":null,\"multicapture\":{\"status\":\"unavailable\"},\"network\":\"pulse\",\"network_token\":{\"used\":false},\"network_transaction_id\":null,\"overcapture\":{\"maximum_amount_capturable\":15000,\"status\":\"unavailable\"},\"regulated_status\":\"regulated\",\"three_d_secure\":null,\"wallet\":null},\"type\":\"card\"},\"receipt_email\":null,\"receipt_number\":null,\"receipt_url\":\"https:\\/\\/pay.stripe.com\\/receipts\\/payment\\/CAcQARoXChVhY2N0XzFRUEFGdjJOVW9ZVWppdXUolOSDyAYyBtwQQjU53josFsRBWEwGl7a68_W3pQhhR0t4rMElQtuIshuQaEzE4KqntZVWH3UmK4QIoRo\",\"refunded\":false,\"review\":null,\"shipping\":null,\"source\":{\"id\":\"card_1SNFww2NUoYUjiuuakmm3EwV\",\"object\":\"card\",\"address_city\":null,\"address_country\":null,\"address_line1\":null,\"address_line1_check\":null,\"address_line2\":null,\"address_state\":null,\"address_zip\":null,\"address_zip_check\":null,\"allow_redisplay\":\"unspecified\",\"brand\":\"MasterCard\",\"country\":\"US\",\"customer\":\"cus_TJtkulQ7TYb0Wg\",\"cvc_check\":\"pass\",\"dynamic_last4\":null,\"email\":null,\"exp_month\":12,\"exp_year\":2028,\"fingerprint\":\"UOt8onc9j9XFGBUO\",\"funding\":\"debit\",\"last4\":\"4046\",\"metadata\":[],\"name\":\"silescreen@icloud.com\",\"phone\":null,\"regulated_status\":\"regulated\",\"tokenization_method\":null,\"wallet\":null},\"source_transfer\":null,\"statement_descriptor\":null,\"statement_descriptor_suffix\":null,\"status\":\"succeeded\",\"transfer_data\":null,\"transfer_group\":null}'
WHERE `id` = 1121;
INSERT INTO `sub_history` (`user_id`, `package_id`, `amount`, `payment_method`, `date`) VALUES ('MEFV52', '2', '150', 'Stripe', '2025-10-28 11:40:51');
UPDATE `user_registration` SET sub_point = ROUND(sub_point + 150,2)
WHERE `user_id` = 'MEFV52';
INSERT INTO `investment` (`invest_date`, `user_id`, `type`, `amount`, `package_id`) VALUES ('2025-10-28 11:40:51', 'MEFV52', 'subscription', '150', '2');
INSERT INTO `earnings` (`user_id`, `Purchaser_id`, `earning_type`, `package_id`, `amount`, `date`, `comments`, `invest_amount`, `comm_perc`, `level`, `rank_id`, `order_id`) VALUES ('IYCRUH', 'MEFV52', 'Subscription Referral Bonus', '2', '37.5', '2025-10-28 11:40:51', 'Subscription Referral Bonus', 0, 0, 1, '', 1161);
UPDATE `user_registration` SET commission_balance = ROUND(commission_balance + 37.5,2)
WHERE `user_id` = 'IYCRUH';
UPDATE `user_registration` SET total_points = ROUND(total_points + 150,2)
WHERE `user_id` = 'MEFV52';
INSERT INTO `points_history` (`user_id`, `points`, `type`, `date`) VALUES ('MEFV52', '150', 'subscription', '2025-10-28 11:40:');
UPDATE `bv_updation` SET right_carry = right_carry+150, total_right = total_right+150
WHERE `user_id` = 'YV2PUQ';
INSERT INTO `placement_bv_update_history` (`right_carry`, `date`, `from_id`, `user_id`) VALUES ('150', '2025-10-28 11:40:51', 'MEFV52', 'YV2PUQ');
UPDATE `user_registration` SET `cycle_rank_id` = '1'
WHERE `user_id` = 'YV2PUQ';
INSERT INTO `rank_history` (`rank_id`, `user_id`, `name`, `bv`, `date`, `amount`, `type`) VALUES ('1', 'YV2PUQ', 'Affiliate', '0', '2025-10-28 11:40:51', '0', 'auto');
UPDATE `bv_updation` SET right_carry = right_carry+150, total_right = total_right+150
WHERE `user_id` = 'P16KP7';
INSERT INTO `placement_bv_update_history` (`right_carry`, `date`, `from_id`, `user_id`) VALUES ('150', '2025-10-28 11:40:51', 'MEFV52', 'P16KP7');
UPDATE `bv_updation` SET right_carry = right_carry+150, total_right = total_right+150
WHERE `user_id` = 'VB9KQJ';
INSERT INTO `placement_bv_update_history` (`right_carry`, `date`, `from_id`, `user_id`) VALUES ('150', '2025-10-28 11:40:51', 'MEFV52', 'VB9KQJ');
UPDATE `user_registration` SET `cycle_rank_id` = '1'
WHERE `user_id` = 'VB9KQJ';
INSERT INTO `rank_history` (`rank_id`, `user_id`, `name`, `bv`, `date`, `amount`, `type`) VALUES ('1', 'VB9KQJ', 'Affiliate', '0', '2025-10-28 11:40:51', '0', 'auto');
UPDATE `bv_updation` SET right_carry = right_carry+150, total_right = total_right+150
WHERE `user_id` = '4Q2HUA';
INSERT INTO `placement_bv_update_history` (`right_carry`, `date`, `from_id`, `user_id`) VALUES ('150', '2025-10-28 11:40:51', 'MEFV52', '4Q2HUA');
UPDATE `bv_updation` SET right_carry = right_carry+150, total_right = total_right+150
WHERE `user_id` = 'PPBJP7';
INSERT INTO `placement_bv_update_history` (`right_carry`, `date`, `from_id`, `user_id`) VALUES ('150', '2025-10-28 11:40:51', 'MEFV52', 'PPBJP7');
UPDATE `bv_updation` SET right_carry = right_carry+150, total_right = total_right+150
WHERE `user_id` = 'BEC1EO';
INSERT INTO `placement_bv_update_history` (`right_carry`, `date`, `from_id`, `user_id`) VALUES ('150', '2025-10-28 11:40:51', 'MEFV52', 'BEC1EO');
UPDATE `bv_updation` SET right_carry = right_carry+150, total_right = total_right+150
WHERE `user_id` = 'IYCRUH';
INSERT INTO `placement_bv_update_history` (`right_carry`, `date`, `from_id`, `user_id`) VALUES ('150', '2025-10-28 11:40:51', 'MEFV52', 'IYCRUH');
UPDATE `user_registration` SET `cycle_rank_id` = '1'
WHERE `user_id` = 'IYCRUH';
INSERT INTO `rank_history` (`rank_id`, `user_id`, `name`, `bv`, `date`, `amount`, `type`) VALUES ('1', 'IYCRUH', 'Affiliate', '0', '2025-10-28 11:40:51', '0', 'auto');
UPDATE `bv_updation` SET sponsor_right_carry = sponsor_right_carry+150, sponsor_total_right = sponsor_total_right+150
WHERE `user_id` = 'IYCRUH';
INSERT INTO `sponsor_bv_update_history` (`right_carry`, `date`, `user_id`) VALUES ('150', '2025-10-28 11:40:51', 'IYCRUH');
UPDATE `bv_updation` SET left_carry = left_carry+150, total_left = total_left+150
WHERE `user_id` = '2RSJNO';
INSERT INTO `placement_bv_update_history` (`left_carry`, `date`, `from_id`, `user_id`) VALUES ('150', '2025-10-28 11:40:51', 'MEFV52', '2RSJNO');
UPDATE `user_registration` SET `cycle_rank_id` = '1'
WHERE `user_id` = '2RSJNO';
INSERT INTO `rank_history` (`rank_id`, `user_id`, `name`, `bv`, `date`, `amount`, `type`) VALUES ('1', '2RSJNO', 'Affiliate', '0', '2025-10-28 11:40:51', '0', 'auto');
UPDATE `bv_updation` SET left_carry = left_carry+150, total_left = total_left+150
WHERE `user_id` = 'ETPYLQ';
INSERT INTO `placement_bv_update_history` (`left_carry`, `date`, `from_id`, `user_id`) VALUES ('150', '2025-10-28 11:40:51', 'MEFV52', 'ETPYLQ');
UPDATE `user_registration` SET `cycle_rank_id` = '1'
WHERE `user_id` = 'ETPYLQ';
INSERT INTO `rank_history` (`rank_id`, `user_id`, `name`, `bv`, `date`, `amount`, `type`) VALUES ('1', 'ETPYLQ', 'Affiliate', '0', '2025-10-28 11:40:51', '0', 'auto');
UPDATE `bv_updation` SET left_carry = left_carry+150, total_left = total_left+150
WHERE `user_id` = 'M2XFK7';
INSERT INTO `placement_bv_update_history` (`left_carry`, `date`, `from_id`, `user_id`) VALUES ('150', '2025-10-28 11:40:51', 'MEFV52', 'M2XFK7');
UPDATE `bv_updation` SET left_carry = left_carry+150, total_left = total_left+150
WHERE `user_id` = '7BQJK5';
INSERT INTO `placement_bv_update_history` (`left_carry`, `date`, `from_id`, `user_id`) VALUES ('150', '2025-10-28 11:40:51', 'MEFV52', '7BQJK5');
UPDATE `user_registration` SET `cycle_rank_id` = '1'
WHERE `user_id` = '7BQJK5';
INSERT INTO `rank_history` (`rank_id`, `user_id`, `name`, `bv`, `date`, `amount`, `type`) VALUES ('1', '7BQJK5', 'Affiliate', '0', '2025-10-28 11:40:51', '0', 'auto');
UPDATE `bv_updation` SET left_carry = left_carry+150, total_left = total_left+150
WHERE `user_id` = 'QJ5U9C';
INSERT INTO `placement_bv_update_history` (`left_carry`, `date`, `from_id`, `user_id`) VALUES ('150', '2025-10-28 11:40:51', 'MEFV52', 'QJ5U9C');
UPDATE `user_registration` SET `cycle_rank_id` = '1'
WHERE `user_id` = 'QJ5U9C';
INSERT INTO `rank_history` (`rank_id`, `user_id`, `name`, `bv`, `date`, `amount`, `type`) VALUES ('1', 'QJ5U9C', 'Affiliate', '0', '2025-10-28 11:40:51', '0', 'auto');
UPDATE `bv_updation` SET left_carry = left_carry+150, total_left = total_left+150
WHERE `user_id` = 'O94ZPY';
INSERT INTO `placement_bv_update_history` (`left_carry`, `date`, `from_id`, `user_id`) VALUES ('150', '2025-10-28 11:40:51', 'MEFV52', 'O94ZPY');
UPDATE `user_registration` SET `cycle_rank_id` = '2'
WHERE `user_id` = 'O94ZPY';
INSERT INTO `rank_history` (`rank_id`, `user_id`, `name`, `bv`, `date`, `amount`, `type`) VALUES ('2', 'O94ZPY', 'Associate', '1200', '2025-10-28 11:40:51', '100', 'auto');
UPDATE `bv_updation` SET right_carry = right_carry+150, total_right = total_right+150
WHERE `user_id` = 'JHRDHS';
INSERT INTO `placement_bv_update_history` (`right_carry`, `date`, `from_id`, `user_id`) VALUES ('150', '2025-10-28 11:40:51', 'MEFV52', 'JHRDHS');
UPDATE `user_registration` SET `cycle_rank_id` = '3'
WHERE `user_id` = 'JHRDHS';
INSERT INTO `rank_history` (`rank_id`, `user_id`, `name`, `bv`, `date`, `amount`, `type`) VALUES ('3', 'JHRDHS', 'Consultant', '3750', '2025-10-28 11:40:51', '200', 'auto');
UPDATE `bv_updation` SET right_carry = right_carry+150, total_right = total_right+150
WHERE `user_id` = 'CVVK4C';
INSERT INTO `placement_bv_update_history` (`right_carry`, `date`, `from_id`, `user_id`) VALUES ('150', '2025-10-28 11:40:51', 'MEFV52', 'CVVK4C');
UPDATE `user_registration` SET `cycle_rank_id` = '1'
WHERE `user_id` = 'CVVK4C';
INSERT INTO `rank_history` (`rank_id`, `user_id`, `name`, `bv`, `date`, `amount`, `type`) VALUES ('1', 'CVVK4C', 'Affiliate', '0', '2025-10-28 11:40:51', '0', 'auto');
UPDATE `bv_updation` SET left_carry = left_carry+150, total_left = total_left+150
WHERE `user_id` = 'K55EDD';
INSERT INTO `placement_bv_update_history` (`left_carry`, `date`, `from_id`, `user_id`) VALUES ('150', '2025-10-28 11:40:51', 'MEFV52', 'K55EDD');
UPDATE `user_registration` SET `cycle_rank_id` = '1'
WHERE `user_id` = 'K55EDD';
INSERT INTO `rank_history` (`rank_id`, `user_id`, `name`, `bv`, `date`, `amount`, `type`) VALUES ('1', 'K55EDD', 'Affiliate', '0', '2025-10-28 11:40:51', '0', 'auto');
UPDATE `bv_updation` SET left_carry = left_carry+150, total_left = total_left+150
WHERE `user_id` = 'UQO7EQ';
INSERT INTO `placement_bv_update_history` (`left_carry`, `date`, `from_id`, `user_id`) VALUES ('150', '2025-10-28 11:40:51', 'MEFV52', 'UQO7EQ');
UPDATE `user_registration` SET `cycle_rank_id` = '1'
WHERE `user_id` = 'UQO7EQ';
INSERT INTO `rank_history` (`rank_id`, `user_id`, `name`, `bv`, `date`, `amount`, `type`) VALUES ('1', 'UQO7EQ', 'Affiliate', '0', '2025-10-28 11:40:51', '0', 'auto');
UPDATE `bv_updation` SET left_carry = left_carry+150, total_left = total_left+150
WHERE `user_id` = 'N6GZAE';
INSERT INTO `placement_bv_update_history` (`left_carry`, `date`, `from_id`, `user_id`) VALUES ('150', '2025-10-28 11:40:51', 'MEFV52', 'N6GZAE');
UPDATE `user_registration` SET `cycle_rank_id` = '1'
WHERE `user_id` = 'N6GZAE';
INSERT INTO `rank_history` (`rank_id`, `user_id`, `name`, `bv`, `date`, `amount`, `type`) VALUES ('1', 'N6GZAE', 'Affiliate', '0', '2025-10-28 11:40:51', '0', 'auto');
UPDATE `bv_updation` SET left_carry = left_carry+150, total_left = total_left+150
WHERE `user_id` = '4E1CRI';
INSERT INTO `placement_bv_update_history` (`left_carry`, `date`, `from_id`, `user_id`) VALUES ('150', '2025-10-28 11:40:51', 'MEFV52', '4E1CRI');
UPDATE `bv_updation` SET left_carry = left_carry+150, total_left = total_left+150
WHERE `user_id` = 'SJBNYJ';
INSERT INTO `placement_bv_update_history` (`left_carry`, `date`, `from_id`, `user_id`) VALUES ('150', '2025-10-28 11:40:51', 'MEFV52', 'SJBNYJ');
UPDATE `user_registration` SET `cycle_rank_id` = '1'
WHERE `user_id` = 'SJBNYJ';
INSERT INTO `rank_history` (`rank_id`, `user_id`, `name`, `bv`, `date`, `amount`, `type`) VALUES ('1', 'SJBNYJ', 'Affiliate', '0', '2025-10-28 11:40:51', '0', 'auto');
UPDATE `bv_updation` SET left_carry = left_carry+150, total_left = total_left+150
WHERE `user_id` = '44B9Y4';
INSERT INTO `placement_bv_update_history` (`left_carry`, `date`, `from_id`, `user_id`) VALUES ('150', '2025-10-28 11:40:51', 'MEFV52', '44B9Y4');
UPDATE `user_registration` SET `cycle_rank_id` = '1'
WHERE `user_id` = '44B9Y4';
INSERT INTO `rank_history` (`rank_id`, `user_id`, `name`, `bv`, `date`, `amount`, `type`) VALUES ('1', '44B9Y4', 'Affiliate', '0', '2025-10-28 11:40:51', '0', 'auto');
UPDATE `bv_updation` SET right_carry = right_carry+150, total_right = total_right+150
WHERE `user_id` = 'admin';
INSERT INTO `placement_bv_update_history` (`right_carry`, `date`, `from_id`, `user_id`) VALUES ('150', '2025-10-28 11:40:51', 'MEFV52', 'admin');
UPDATE `user_registration` SET `cycle_rank_id` = '1'
WHERE `user_id` = 'admin';
INSERT INTO `rank_history` (`rank_id`, `user_id`, `name`, `bv`, `date`, `amount`, `type`) VALUES ('1', 'admin', 'Affiliate', '0', '2025-10-28 11:40:51', '0', 'auto');
UPDATE `user_registration` SET `subscription_date` = '2025-11-28', `active_status` = 'yes'
WHERE `user_id` = 'MEFV52';
UPDATE `user_registration` SET `popup_seen` = 'yes'
WHERE `user_id` = 'MEFV52';
UPDATE `ci_sessions` SET `timestamp` = 1761669818, `data` = '__ci_last_regenerate|i:1761669818;captcha|s:4:\"1kv1\";'
WHERE `id` = '7ae27bd69a5fde1cee5ce9322c39be3364c675f7';
UPDATE `ci_sessions` SET `timestamp` = 1761670268, `data` = '__ci_last_regenerate|i:1761670268;captcha|s:4:\"gu45\";'
WHERE `id` = '98ac3eccb46816e010379674c4eb6106b3c935b2';
INSERT INTO `login_history` (`user_id`, `device`, `ip_address`, `date`) VALUES ('UQO7EQ', 'Mozilla/5.0 (Windows NT 10.0; Win64; x64) AppleWebKit/537.36 (KHTML, like Gecko) Chrome/141.0.0.0 Safari/537.36', '2601:58a:897c:3fd0:2d17:8578:879a:fe95', '25-10-28 11:51');
UPDATE `user_registration` SET `popup_seen` = 'yes'
WHERE `user_id` = 'UQO7EQ';
UPDATE `user_registration` SET `popup_seen` = 'yes'
WHERE `user_id` = 'UQO7EQ';
UPDATE `user_registration` SET `popup_seen` = 'yes'
WHERE `user_id` = 'UQO7EQ';
UPDATE `user_registration` SET `popup_seen` = 'no'
WHERE `user_id` = 'UQO7EQ';
DELETE FROM `ci_sessions`
WHERE `id` = 'c4e4d304cbffc861d7d29512c15e61bc70055e45';
UPDATE `ci_sessions` SET `timestamp` = 1761672012, `data` = '__ci_last_regenerate|i:1761672012;captcha|s:4:\"jtrs\";'
WHERE `id` = '7f3b385eb7e2acdf669ff8bec1daf8a1a4428f83';
INSERT INTO `login_history` (`user_id`, `device`, `ip_address`, `date`) VALUES ('UQO7EQ', 'Mozilla/5.0 (Windows NT 10.0; Win64; x64) AppleWebKit/537.36 (KHTML, like Gecko) Chrome/141.0.0.0 Safari/537.36', '2601:58a:897c:3fd0:2d17:8578:879a:fe95', '25-10-28 12:20');
UPDATE `user_registration` SET `popup_seen` = 'yes'
WHERE `user_id` = 'UQO7EQ';
INSERT INTO `login_history` (`user_id`, `device`, `ip_address`, `date`) VALUES ('2RSJNO', 'Mozilla/5.0 (iPhone; CPU iPhone OS 26_0_1 like Mac OS X) AppleWebKit/605.1.15 (KHTML, like Gecko) GSA/391.0.820341064 Mobile/15E148 Safari/604.1', '2607:fb92:906:9f5e:896a:d88b:9aa0:2b76', '25-10-28 12:39');
UPDATE `user_registration` SET `popup_seen` = 'yes'
WHERE `user_id` = '2RSJNO';
UPDATE `ci_sessions` SET `timestamp` = 1761676460, `data` = '__ci_last_regenerate|i:1761676460;id|s:4:\"2042\";user_id|s:6:\"UQO7EQ\";username|s:6:\"Rafa51\";sponsor_id|s:6:\"N6GZAE\";fullname|s:16:\"Rafael Rodriguez\";email|s:18:\"rafagana@yahoo.com\";phone|s:10:\"3057610606\";isLogIn|b:1;message|s:24:\"Welcome Rafael Rodriguez\";__ci_vars|a:1:{s:7:\"message\";s:3:\"old\";}'
WHERE `id` = '14262bba8378151dc87cada6e48287152d6e414f';
UPDATE `user_registration` SET `popup_seen` = 'yes'
WHERE `user_id` = 'UQO7EQ';
UPDATE `user_registration` SET `popup_seen` = 'yes'
WHERE `user_id` = 'UQO7EQ';
UPDATE `user_registration` SET `popup_seen` = 'no'
WHERE `user_id` = 'UQO7EQ';
DELETE FROM `ci_sessions`
WHERE `id` = 'ce6f2c30056025f3f83fc116d01adaf01c401d23';
INSERT INTO `login_history` (`user_id`, `device`, `ip_address`, `date`) VALUES ('UQO7EQ', 'Mozilla/5.0 (Windows NT 10.0; Win64; x64) AppleWebKit/537.36 (KHTML, like Gecko) Chrome/141.0.0.0 Safari/537.36', '2601:58a:897c:3fd0:2d17:8578:879a:fe95', '25-10-28 13:36');
UPDATE `user_registration` SET `popup_seen` = 'yes'
WHERE `user_id` = 'UQO7EQ';
UPDATE `user_registration` SET `popup_seen` = 'no'
WHERE `user_id` = 'UQO7EQ';
DELETE FROM `ci_sessions`
WHERE `id` = 'eac66de0798b1c1ec4a64721f06070a51cc851bf';
INSERT INTO `login_history` (`user_id`, `device`, `ip_address`, `date`) VALUES ('K55EDD', 'Mozilla/5.0 (Macintosh; Intel Mac OS X 10_15_7) AppleWebKit/605.1.15 (KHTML, like Gecko) Version/17.6 Safari/605.1.15', '162.207.9.200', '25-10-28 14:34');
UPDATE `user_registration` SET `popup_seen` = 'yes'
WHERE `user_id` = 'K55EDD';
UPDATE `user_registration` SET `popup_seen` = 'yes'
WHERE `user_id` = 'K55EDD';
UPDATE `user_registration` SET `popup_seen` = 'yes'
WHERE `user_id` = 'K55EDD';
UPDATE `user_registration` SET `popup_seen` = 'yes'
WHERE `user_id` = 'K55EDD';
INSERT INTO `temp_register` (`post_data`, `date`, `payment_method`, `type`) VALUES ('{\"user_id\":\"K55EDD\",\"package_id\":\"2\",\"amount\":\"150\",\"payment_method\":\"stripe\",\"date\":\"2025-10-28 14:36:18\"}', '2025-10-28 14:36:18', 'stripe', 'renew');
UPDATE `ci_sessions` SET `timestamp` = 1761680362, `data` = '__ci_last_regenerate|i:1761680362;id|s:4:\"2052\";user_id|s:6:\"K55EDD\";username|s:10:\"Varadero20\";sponsor_id|s:6:\"UQO7EQ\";fullname|s:16:\"Francisco Prieto\";email|s:20:\"luison1060@gmail.com\";phone|s:10:\"3059264135\";isLogIn|b:1;upgrade_stripe_id|i:1122;'
WHERE `id` = 'df561250cb10b39b4bc76c8cb9fd3ef8be5cff62';
UPDATE `temp_register` SET `response` = '{\"stripeToken\":\"tok_1SNIjk2NUoYUjiuuVvxPZNiM\",\"stripeTokenType\":\"card\",\"stripeEmail\":\"luison1060@gmail.com\"}', `date_modified` = '2025-10-28 14:39:25', `payment_status` = '{\"id\":\"ch_3SNIjo2NUoYUjiuu1Twpn5IT\",\"object\":\"charge\",\"amount\":15000,\"amount_captured\":15000,\"amount_refunded\":0,\"application\":null,\"application_fee\":null,\"application_fee_amount\":null,\"balance_transaction\":\"txn_3SNIjo2NUoYUjiuu1230Yqxu\",\"billing_details\":{\"address\":{\"city\":null,\"country\":null,\"line1\":null,\"line2\":null,\"postal_code\":null,\"state\":null},\"email\":null,\"name\":\"luison1060@gmail.com\",\"phone\":null,\"tax_id\":null},\"calculated_statement_descriptor\":\"TRAVELEGENDCY LLC\",\"captured\":true,\"created\":1761680364,\"currency\":\"usd\",\"customer\":\"cus_TJwdoMplvieKeu\",\"description\":null,\"destination\":null,\"dispute\":null,\"disputed\":false,\"failure_balance_transaction\":null,\"failure_code\":null,\"failure_message\":null,\"fraud_details\":[],\"invoice\":null,\"livemode\":true,\"metadata\":{\"name\":\"Francisco Prieto\",\"username\":\"Varadero20\"},\"on_behalf_of\":null,\"order\":null,\"outcome\":{\"advice_code\":null,\"network_advice_code\":null,\"network_decline_code\":null,\"network_status\":\"approved_by_network\",\"reason\":null,\"risk_level\":\"normal\",\"seller_message\":\"Payment complete.\",\"type\":\"authorized\"},\"paid\":true,\"payment_intent\":null,\"payment_method\":\"card_1SNIjj2NUoYUjiuuRTcGP4KD\",\"payment_method_details\":{\"card\":{\"amount_authorized\":15000,\"authorization_code\":\"123997\",\"brand\":\"mastercard\",\"checks\":{\"address_line1_check\":null,\"address_postal_code_check\":null,\"cvc_check\":\"pass\"},\"country\":\"US\",\"exp_month\":9,\"exp_year\":2028,\"extended_authorization\":{\"status\":\"disabled\"},\"fingerprint\":\"GJWqUJdFMq5fKnZ0\",\"funding\":\"debit\",\"incremental_authorization\":{\"status\":\"unavailable\"},\"installments\":null,\"last4\":\"9109\",\"mandate\":null,\"multicapture\":{\"status\":\"unavailable\"},\"network\":\"mastercard\",\"network_token\":{\"used\":false},\"network_transaction_id\":\"MDJNNU4461028\",\"overcapture\":{\"maximum_amount_capturable\":15000,\"status\":\"unavailable\"},\"regulated_status\":\"regulated\",\"three_d_secure\":null,\"wallet\":null},\"type\":\"card\"},\"receipt_email\":null,\"receipt_number\":null,\"receipt_url\":\"https:\\/\\/pay.stripe.com\\/receipts\\/payment\\/CAcQARoXChVhY2N0XzFRUEFGdjJOVW9ZVWppdXUo7reEyAYyBoq-5flhDDosFhtvqSSMspnsr57QUyVn1iHlX1zradOfZbB9swOzP6KGNlqiFzsllanow-E\",\"refunded\":false,\"review\":null,\"shipping\":null,\"source\":{\"id\":\"card_1SNIjj2NUoYUjiuuRTcGP4KD\",\"object\":\"card\",\"address_city\":null,\"address_country\":null,\"address_line1\":null,\"address_line1_check\":null,\"address_line2\":null,\"address_state\":null,\"address_zip\":null,\"address_zip_check\":null,\"allow_redisplay\":\"unspecified\",\"brand\":\"MasterCard\",\"country\":\"US\",\"customer\":\"cus_TJwdoMplvieKeu\",\"cvc_check\":\"pass\",\"dynamic_last4\":null,\"email\":null,\"exp_month\":9,\"exp_year\":2028,\"fingerprint\":\"GJWqUJdFMq5fKnZ0\",\"funding\":\"debit\",\"last4\":\"9109\",\"metadata\":[],\"name\":\"luison1060@gmail.com\",\"phone\":null,\"regulated_status\":\"regulated\",\"tokenization_method\":null,\"wallet\":null},\"source_transfer\":null,\"statement_descriptor\":null,\"statement_descriptor_suffix\":null,\"status\":\"succeeded\",\"transfer_data\":null,\"transfer_group\":null}'
WHERE `id` = 1122;
INSERT INTO `sub_history` (`user_id`, `package_id`, `amount`, `payment_method`, `date`) VALUES ('K55EDD', '2', '150', 'Stripe', '2025-10-28 14:39:25');
UPDATE `user_registration` SET sub_point = ROUND(sub_point + 150,2)
WHERE `user_id` = 'K55EDD';
INSERT INTO `investment` (`invest_date`, `user_id`, `type`, `amount`, `package_id`) VALUES ('2025-10-28 14:39:25', 'K55EDD', 'subscription', '150', '2');
INSERT INTO `earnings` (`user_id`, `Purchaser_id`, `earning_type`, `package_id`, `amount`, `date`, `comments`, `invest_amount`, `comm_perc`, `level`, `rank_id`, `order_id`) VALUES ('UQO7EQ', 'K55EDD', 'Subscription Referral Bonus', '2', '37.5', '2025-10-28 14:39:25', 'Subscription Referral Bonus', 0, 0, 1, '', 1162);
UPDATE `user_registration` SET commission_balance = ROUND(commission_balance + 37.5,2)
WHERE `user_id` = 'UQO7EQ';
UPDATE `user_registration` SET total_points = ROUND(total_points + 150,2)
WHERE `user_id` = 'K55EDD';
INSERT INTO `points_history` (`user_id`, `points`, `type`, `date`) VALUES ('K55EDD', '150', 'subscription', '2025-10-28 14:39:');
UPDATE `bv_updation` SET left_carry = left_carry+150, total_left = total_left+150
WHERE `user_id` = 'UQO7EQ';
INSERT INTO `placement_bv_update_history` (`left_carry`, `date`, `from_id`, `user_id`) VALUES ('150', '2025-10-28 14:39:25', 'K55EDD', 'UQO7EQ');
UPDATE `user_registration` SET `cycle_rank_id` = '1'
WHERE `user_id` = 'UQO7EQ';
INSERT INTO `rank_history` (`rank_id`, `user_id`, `name`, `bv`, `date`, `amount`, `type`) VALUES ('1', 'UQO7EQ', 'Affiliate', '0', '2025-10-28 14:39:25', '0', 'auto');
UPDATE `bv_updation` SET sponsor_left_carry = sponsor_left_carry+150, sponsor_total_left = sponsor_total_left+150
WHERE `user_id` = 'UQO7EQ';
INSERT INTO `sponsor_bv_update_history` (`left_carry`, `date`, `user_id`) VALUES ('150', '2025-10-28 14:39:25', 'UQO7EQ');
UPDATE `bv_updation` SET left_carry = left_carry+150, total_left = total_left+150
WHERE `user_id` = 'N6GZAE';
INSERT INTO `placement_bv_update_history` (`left_carry`, `date`, `from_id`, `user_id`) VALUES ('150', '2025-10-28 14:39:25', 'K55EDD', 'N6GZAE');
UPDATE `user_registration` SET `cycle_rank_id` = '1'
WHERE `user_id` = 'N6GZAE';
INSERT INTO `rank_history` (`rank_id`, `user_id`, `name`, `bv`, `date`, `amount`, `type`) VALUES ('1', 'N6GZAE', 'Affiliate', '0', '2025-10-28 14:39:25', '0', 'auto');
UPDATE `bv_updation` SET left_carry = left_carry+150, total_left = total_left+150
WHERE `user_id` = '4E1CRI';
INSERT INTO `placement_bv_update_history` (`left_carry`, `date`, `from_id`, `user_id`) VALUES ('150', '2025-10-28 14:39:25', 'K55EDD', '4E1CRI');
UPDATE `bv_updation` SET left_carry = left_carry+150, total_left = total_left+150
WHERE `user_id` = 'SJBNYJ';
INSERT INTO `placement_bv_update_history` (`left_carry`, `date`, `from_id`, `user_id`) VALUES ('150', '2025-10-28 14:39:25', 'K55EDD', 'SJBNYJ');
UPDATE `user_registration` SET `cycle_rank_id` = '1'
WHERE `user_id` = 'SJBNYJ';
INSERT INTO `rank_history` (`rank_id`, `user_id`, `name`, `bv`, `date`, `amount`, `type`) VALUES ('1', 'SJBNYJ', 'Affiliate', '0', '2025-10-28 14:39:25', '0', 'auto');
UPDATE `bv_updation` SET left_carry = left_carry+150, total_left = total_left+150
WHERE `user_id` = '44B9Y4';
INSERT INTO `placement_bv_update_history` (`left_carry`, `date`, `from_id`, `user_id`) VALUES ('150', '2025-10-28 14:39:25', 'K55EDD', '44B9Y4');
UPDATE `user_registration` SET `cycle_rank_id` = '1'
WHERE `user_id` = '44B9Y4';
INSERT INTO `rank_history` (`rank_id`, `user_id`, `name`, `bv`, `date`, `amount`, `type`) VALUES ('1', '44B9Y4', 'Affiliate', '0', '2025-10-28 14:39:25', '0', 'auto');
UPDATE `bv_updation` SET right_carry = right_carry+150, total_right = total_right+150
WHERE `user_id` = 'admin';
INSERT INTO `placement_bv_update_history` (`right_carry`, `date`, `from_id`, `user_id`) VALUES ('150', '2025-10-28 14:39:25', 'K55EDD', 'admin');
UPDATE `user_registration` SET `cycle_rank_id` = '1'
WHERE `user_id` = 'admin';
INSERT INTO `rank_history` (`rank_id`, `user_id`, `name`, `bv`, `date`, `amount`, `type`) VALUES ('1', 'admin', 'Affiliate', '0', '2025-10-28 14:39:25', '0', 'auto');
UPDATE `user_registration` SET `subscription_date` = '2025-11-28', `active_status` = 'yes'
WHERE `user_id` = 'K55EDD';
UPDATE `user_registration` SET `popup_seen` = 'yes'
WHERE `user_id` = 'K55EDD';
UPDATE `user_registration` SET `f_name` = 'Luis', `l_name` = 'Perez', `phone` = '7864020891', `country` = 'United States', `state` = 'Florida', `city` = 'Hialeah', `street` = '7160 W 30th Avenue', `zip_code` = '33018'
WHERE `user_id` = 'K55EDD';
INSERT INTO `notifications` (`user_id`, `notification_type`, `subject`, `details`, `date`, `status`) VALUES ('K55EDD', 'profile_update', 'Profile Update Notification', 'Your profile has been updated successfully.', '2025-10-28 14:41:28', 0);
UPDATE `ci_sessions` SET `timestamp` = 1761681113, `data` = '__ci_last_regenerate|i:1761681113;id|s:4:\"2052\";user_id|s:6:\"K55EDD\";username|s:10:\"Varadero20\";sponsor_id|s:6:\"UQO7EQ\";fullname|s:16:\"Francisco Prieto\";email|s:20:\"luison1060@gmail.com\";phone|s:10:\"3059264135\";isLogIn|b:1;'
WHERE `id` = '6a58776c4fae82a0324742b40bd276020fc9cf38';
INSERT INTO `login_history` (`user_id`, `device`, `ip_address`, `date`) VALUES ('UT8WM5', 'Mozilla/5.0 (iPhone; CPU iPhone OS 18_7 like Mac OS X) AppleWebKit/605.1.15 (KHTML, like Gecko) Version/26.0.1 Mobile/15E148 Safari/604.1', '97.164.25.148', '25-10-28 16:23');
UPDATE `user_registration` SET `popup_seen` = 'yes'
WHERE `user_id` = 'UT8WM5';
UPDATE `user_registration` SET `popup_seen` = 'yes'
WHERE `user_id` = 'UT8WM5';
UPDATE `user_registration` SET `popup_seen` = 'no'
WHERE `user_id` = 'UT8WM5';
DELETE FROM `ci_sessions`
WHERE `id` = '9b23bbda992a181e6eaeeebd0d6b636eb51efba3';
INSERT INTO `login_history` (`user_id`, `device`, `ip_address`, `date`) VALUES ('O94ZPY', 'Mozilla/5.0 (iPhone; CPU iPhone OS 18_7 like Mac OS X) AppleWebKit/605.1.15 (KHTML, like Gecko) Version/26.0.1 Mobile/15E148 Safari/604.1', '97.164.25.148', '25-10-28 16:24');
UPDATE `user_registration` SET `popup_seen` = 'yes'
WHERE `user_id` = 'O94ZPY';
INSERT INTO `login_history` (`user_id`, `device`, `ip_address`, `date`) VALUES ('UQO7EQ', 'Mozilla/5.0 (Linux; Android 10; K) AppleWebKit/537.36 (KHTML, like Gecko) Chrome/141.0.0.0 Mobile Safari/537.36', '2607:fb91:1991:57e:95da:646:766c:18ab', '25-10-28 16:29');
UPDATE `user_registration` SET `popup_seen` = 'yes'
WHERE `user_id` = 'UQO7EQ';
UPDATE `user_registration` SET `popup_seen` = 'yes'
WHERE `user_id` = 'UQO7EQ';
UPDATE `user_registration` SET `popup_seen` = 'yes'
WHERE `user_id` = 'UQO7EQ';
UPDATE `user_registration` SET `popup_seen` = 'no'
WHERE `user_id` = 'UQO7EQ';
DELETE FROM `ci_sessions`
WHERE `id` = '2e50f933ab51f0919dc2742f456bb1281dbefd21';
INSERT INTO `login_history` (`user_id`, `device`, `ip_address`, `date`) VALUES ('IYCRUH', 'Mozilla/5.0 (iPhone; CPU iPhone OS 18_6_2 like Mac OS X) AppleWebKit/605.1.15 (KHTML, like Gecko) Version/18.6 Mobile/15E148 Safari/604.1', '2600:1700:4c04:4240:29c2:6153:e241:5a8d', '25-10-28 17:25');
UPDATE `user_registration` SET `popup_seen` = 'yes'
WHERE `user_id` = 'IYCRUH';
UPDATE `ci_sessions` SET `timestamp` = 1761690759, `data` = '__ci_last_regenerate|i:1761690759;id|s:4:\"2192\";user_id|s:6:\"IYCRUH\";username|s:11:\"CARMENTMORA\";sponsor_id|s:6:\"QJ5U9C\";fullname|s:13:\"Carmen T Mora\";email|s:24:\"rosioesmeralda@yahoo.com\";phone|s:10:\"7869708716\";isLogIn|b:1;'
WHERE `id` = 'a1dd7eee4ac24cbba3d9c2a1f64ba74e4458d16a';
UPDATE `user_registration` SET `popup_seen` = 'yes'
WHERE `user_id` = 'IYCRUH';
UPDATE `ci_sessions` SET `timestamp` = 1761691190, `data` = '__ci_last_regenerate|i:1761691190;id|s:4:\"2192\";user_id|s:6:\"IYCRUH\";username|s:11:\"CARMENTMORA\";sponsor_id|s:6:\"QJ5U9C\";fullname|s:13:\"Carmen T Mora\";email|s:24:\"rosioesmeralda@yahoo.com\";phone|s:10:\"7869708716\";isLogIn|b:1;'
WHERE `id` = 'a676a6d351a8fe7ee15df84667c67deb0db9c610';
UPDATE `user_registration` SET `popup_seen` = 'yes'
WHERE `user_id` = 'IYCRUH';
UPDATE `user_registration` SET `popup_seen` = 'no'
WHERE `user_id` = 'IYCRUH';
DELETE FROM `ci_sessions`
WHERE `id` = '75962770c9fc1248bfbf9f1096851edd22d6a15a';
INSERT INTO `login_history` (`user_id`, `device`, `ip_address`, `date`) VALUES ('2RSJNO', 'Mozilla/5.0 (iPhone; CPU iPhone OS 26_0_1 like Mac OS X) AppleWebKit/605.1.15 (KHTML, like Gecko) GSA/391.0.820341064 Mobile/15E148 Safari/604.1', '2607:fb92:906:9f5e:60a0:25f9:93f6:a6c1', '25-10-28 17:50');
UPDATE `user_registration` SET `popup_seen` = 'yes'
WHERE `user_id` = '2RSJNO';
INSERT INTO `login_history` (`user_id`, `device`, `ip_address`, `date`) VALUES ('VQGPGZ', 'Mozilla/5.0 (Windows NT 10.0; Win64; x64) AppleWebKit/537.36 (KHTML, like Gecko) Chrome/141.0.0.0 Safari/537.36 Edg/141.0.0.0', '2601:58a:8181:9320:574:eda1:5775:f20b', '25-10-28 18:35');
UPDATE `user_registration` SET `popup_seen` = 'yes'
WHERE `user_id` = 'VQGPGZ';
INSERT INTO `login_history` (`user_id`, `device`, `ip_address`, `date`) VALUES ('UQO7EQ', 'Mozilla/5.0 (Windows NT 10.0; Win64; x64) AppleWebKit/537.36 (KHTML, like Gecko) Chrome/141.0.0.0 Safari/537.36', '2601:58a:897c:3fd0:2d17:8578:879a:fe95', '25-10-28 18:38');
UPDATE `user_registration` SET `popup_seen` = 'yes'
WHERE `user_id` = 'UQO7EQ';
UPDATE `user_registration` SET `popup_seen` = 'no'
WHERE `user_id` = 'UQO7EQ';
DELETE FROM `ci_sessions`
WHERE `id` = '8141f6710735c0b28e6ece5807fdc67f01d61b75';
UPDATE `ci_sessions` SET `timestamp` = 1761695067, `data` = '__ci_last_regenerate|i:1761695067;id|s:4:\"2335\";user_id|s:6:\"VQGPGZ\";username|s:8:\"Gusexito\";sponsor_id|s:6:\"QRE21J\";fullname|s:13:\"Gustavo Arias\";email|s:19:\"gusexito2@gmail.com\";phone|s:10:\"7864580227\";isLogIn|b:1;'
WHERE `id` = 'b0975888eb4a45c8f1a45e930ab169b5412e02b6';
UPDATE `user_registration` SET `popup_seen` = 'yes'
WHERE `user_id` = 'VQGPGZ';
UPDATE `ci_sessions` SET `timestamp` = 1761695376, `data` = '__ci_last_regenerate|i:1761695376;id|s:4:\"2335\";user_id|s:6:\"VQGPGZ\";username|s:8:\"Gusexito\";sponsor_id|s:6:\"QRE21J\";fullname|s:13:\"Gustavo Arias\";email|s:19:\"gusexito2@gmail.com\";phone|s:10:\"7864580227\";isLogIn|b:1;'
WHERE `id` = '4b28266bef186c8fc108e5194429a6cf01eb27b6';
UPDATE `user_registration` SET `popup_seen` = 'yes'
WHERE `user_id` = 'VQGPGZ';
UPDATE `user_registration` SET `popup_seen` = 'yes'
WHERE `user_id` = 'VQGPGZ';
UPDATE `ci_sessions` SET `timestamp` = 1761695689, `data` = '__ci_last_regenerate|i:1761695689;id|s:4:\"2335\";user_id|s:6:\"VQGPGZ\";username|s:8:\"Gusexito\";sponsor_id|s:6:\"QRE21J\";fullname|s:13:\"Gustavo Arias\";email|s:19:\"gusexito2@gmail.com\";phone|s:10:\"7864580227\";isLogIn|b:1;'
WHERE `id` = '0940b5ef24f5af6c9fba243e56346c109288a814';
UPDATE `user_registration` SET `popup_seen` = 'no'
WHERE `user_id` IS NULL;
DELETE FROM `ci_sessions`
WHERE `id` = 'a5342ee50b3b7f30e634565574d67ba944c96278';
INSERT INTO `login_history` (`user_id`, `device`, `ip_address`, `date`) VALUES ('JHRDHS', 'Mozilla/5.0 (Macintosh; Intel Mac OS X 10_15_7) AppleWebKit/605.1.15 (KHTML, like Gecko) Version/17.6 Safari/605.1.15', '2600:1702:50d0:a580:98c7:67f1:c7ca:c3ba', '25-10-28 18:56');
UPDATE `user_registration` SET `popup_seen` = 'yes'
WHERE `user_id` = 'JHRDHS';
UPDATE `ci_sessions` SET `timestamp` = 1761696448, `data` = '__ci_last_regenerate|i:1761696448;captcha|s:4:\"7ast\";'
WHERE `id` = 'be3009ead41c12bf501dd1ac29025657252aec81';
INSERT INTO `login_history` (`user_id`, `device`, `ip_address`, `date`) VALUES ('UQO7EQ', 'Mozilla/5.0 (Windows NT 10.0; Win64; x64) AppleWebKit/537.36 (KHTML, like Gecko) Chrome/141.0.0.0 Safari/537.36', '2601:58a:897c:3fd0:2d17:8578:879a:fe95', '25-10-28 19:07');
UPDATE `user_registration` SET `popup_seen` = 'yes'
WHERE `user_id` = 'UQO7EQ';
UPDATE `user_registration` SET `popup_seen` = 'no'
WHERE `user_id` = 'UQO7EQ';
DELETE FROM `ci_sessions`
WHERE `id` = '20f580bf9161fef61afead3a6a3f49a964e2acc5';
INSERT INTO `login_history` (`user_id`, `device`, `ip_address`, `date`) VALUES ('9T3Q72', 'Mozilla/5.0 (Macintosh; Intel Mac OS X 10_15_7) AppleWebKit/605.1.15 (KHTML, like Gecko) Version/17.6 Safari/605.1.15', '2601:58a:8301:3890:13c:d3cc:364a:fed4', '25-10-28 19:14');
UPDATE `user_registration` SET `popup_seen` = 'yes'
WHERE `user_id` = '9T3Q72';
UPDATE `user_registration` SET `popup_seen` = 'no'
WHERE `user_id` = '9T3Q72';
DELETE FROM `ci_sessions`
WHERE `id` = 'f20e79cfb203a7d06dadbb74b09c43e60556edf8';
INSERT INTO `login_history` (`user_id`, `device`, `ip_address`, `date`) VALUES ('46H8G2', 'Mozilla/5.0 (Macintosh; Intel Mac OS X 10_15_7) AppleWebKit/605.1.15 (KHTML, like Gecko) Version/17.6 Safari/605.1.15', '2601:58a:8301:3890:13c:d3cc:364a:fed4', '25-10-28 19:15');
UPDATE `user_registration` SET `popup_seen` = 'yes'
WHERE `user_id` = '46H8G2';
UPDATE `user_registration` SET `popup_seen` = 'no'
WHERE `user_id` = '46H8G2';
DELETE FROM `ci_sessions`
WHERE `id` = '4c34611b743dfc00d50aa5cc8887bf693eb98b51';
INSERT INTO `login_history` (`user_id`, `device`, `ip_address`, `date`) VALUES ('R8AJAO', 'Mozilla/5.0 (Macintosh; Intel Mac OS X 10_15_7) AppleWebKit/605.1.15 (KHTML, like Gecko) Version/17.6 Safari/605.1.15', '2601:58a:8301:3890:13c:d3cc:364a:fed4', '25-10-28 19:17');
UPDATE `user_registration` SET `popup_seen` = 'yes'
WHERE `user_id` = 'R8AJAO';
INSERT INTO `login_history` (`user_id`, `device`, `ip_address`, `date`) VALUES ('QJ5U9C', 'Mozilla/5.0 (Windows NT 10.0; Win64; x64) AppleWebKit/537.36 (KHTML, like Gecko) Chrome/141.0.0.0 Safari/537.36', '2601:586:cf83:e530:11:c6d2:1336:489e', '25-10-28 19:19');
UPDATE `user_registration` SET `popup_seen` = 'yes'
WHERE `user_id` = 'QJ5U9C';
INSERT INTO `login_history` (`user_id`, `device`, `ip_address`, `date`) VALUES ('9WFPZ6', 'Mozilla/5.0 (Macintosh; Intel Mac OS X 10_15_7) AppleWebKit/605.1.15 (KHTML, like Gecko) Version/18.6 Safari/605.1.15', '2601:58a:8001:5370:a011:6cdf:8403:a37', '25-10-28 19:19');
UPDATE `user_registration` SET `popup_seen` = 'yes'
WHERE `user_id` = '9WFPZ6';
UPDATE `user_registration` SET `popup_seen` = 'no'
WHERE `user_id` = '9WFPZ6';
DELETE FROM `ci_sessions`
WHERE `id` = '31312c6b85cf19317a0b57a25ed9784288678c91';
UPDATE `ci_sessions` SET `timestamp` = 1761697962, `data` = '__ci_last_regenerate|i:1761697962;id|s:4:\"2361\";user_id|s:6:\"R8AJAO\";username|s:7:\"yaniadv\";sponsor_id|s:6:\"46H8G2\";fullname|s:15:\"Yania Del Valle\";email|s:19:\"yaniayoan@gmail.com\";phone|s:10:\"7868635514\";isLogIn|b:1;'
WHERE `id` = 'ab2046e3f67630f5728cc96b4bf1831b2cef8856';
UPDATE `user_registration` SET `popup_seen` = 'yes'
WHERE `user_id` = 'R8AJAO';
UPDATE `user_registration` SET `popup_seen` = 'no'
WHERE `user_id` = 'R8AJAO';
DELETE FROM `ci_sessions`
WHERE `id` = 'cbb1f7a4bed612725c9334d7909660b6364f5b98';
INSERT INTO `login_history` (`user_id`, `device`, `ip_address`, `date`) VALUES ('46H8G2', 'Mozilla/5.0 (Macintosh; Intel Mac OS X 10_15_7) AppleWebKit/605.1.15 (KHTML, like Gecko) Version/17.6 Safari/605.1.15', '2601:58a:8301:3890:13c:d3cc:364a:fed4', '25-10-28 19:34');
UPDATE `user_registration` SET `popup_seen` = 'yes'
WHERE `user_id` = '46H8G2';
UPDATE `ci_sessions` SET `timestamp` = 1761698362, `data` = '__ci_last_regenerate|i:1761698362;id|s:4:\"2225\";user_id|s:6:\"46H8G2\";username|s:6:\"yoanmv\";sponsor_id|s:6:\"HSP8ZI\";fullname|s:13:\"yoan martinez\";email|s:22:\"yoanmtnz1977@gmail.com\";phone|s:10:\"8133825424\";isLogIn|b:1;'
WHERE `id` = 'ada1403f22b0a8ba2b03db979b8a874aaf4b438c';
UPDATE `user_registration` SET `popup_seen` = 'no'
WHERE `user_id` = '46H8G2';
DELETE FROM `ci_sessions`
WHERE `id` = '3493a45efaa2dd4c8445ea669be0dbe4a6747590';
INSERT INTO `login_history` (`user_id`, `device`, `ip_address`, `date`) VALUES ('R8AJAO', 'Mozilla/5.0 (Macintosh; Intel Mac OS X 10_15_7) AppleWebKit/605.1.15 (KHTML, like Gecko) Version/17.6 Safari/605.1.15', '2601:58a:8301:3890:13c:d3cc:364a:fed4', '25-10-28 19:40');
UPDATE `user_registration` SET `popup_seen` = 'yes'
WHERE `user_id` = 'R8AJAO';
UPDATE `ci_sessions` SET `timestamp` = 1761699571, `data` = '__ci_last_regenerate|i:1761699571;captcha|s:4:\"af8w\";'
WHERE `id` = '592dc52c08b2e6c29f83e648ed903675c44773cf';
INSERT INTO `login_history` (`user_id`, `device`, `ip_address`, `date`) VALUES ('UQO7EQ', 'Mozilla/5.0 (Windows NT 10.0; Win64; x64) AppleWebKit/537.36 (KHTML, like Gecko) Chrome/141.0.0.0 Safari/537.36', '2601:58a:897c:3fd0:2d17:8578:879a:fe95', '25-10-28 19:59');
UPDATE `user_registration` SET `popup_seen` = 'yes'
WHERE `user_id` = 'UQO7EQ';
UPDATE `user_registration` SET `popup_seen` = 'no'
WHERE `user_id` = 'UQO7EQ';
DELETE FROM `ci_sessions`
WHERE `id` = '38cb9af4f92231cf923c23292efc30035205a73a';
INSERT INTO `login_history` (`user_id`, `device`, `ip_address`, `date`) VALUES ('2RSJNO', 'Mozilla/5.0 (iPhone; CPU iPhone OS 26_0_1 like Mac OS X) AppleWebKit/605.1.15 (KHTML, like Gecko) GSA/391.0.820341064 Mobile/15E148 Safari/604.1', '2607:fb92:906:9f5e:60a0:25f9:93f6:a6c1', '25-10-28 20:03');
UPDATE `user_registration` SET `popup_seen` = 'yes'
WHERE `user_id` = '2RSJNO';
INSERT INTO `login_history` (`user_id`, `device`, `ip_address`, `date`) VALUES ('IYCRUH', 'Mozilla/5.0 (iPhone; CPU iPhone OS 18_6_2 like Mac OS X) AppleWebKit/605.1.15 (KHTML, like Gecko) Version/18.6 Mobile/15E148 Safari/604.1', '108.213.122.161', '25-10-28 20:34');
UPDATE `user_registration` SET `popup_seen` = 'yes'
WHERE `user_id` = 'IYCRUH';
UPDATE `ci_sessions` SET `timestamp` = 1761702821, `data` = '__ci_last_regenerate|i:1761702821;id|s:4:\"2192\";user_id|s:6:\"IYCRUH\";username|s:11:\"CARMENTMORA\";sponsor_id|s:6:\"QJ5U9C\";fullname|s:13:\"Carmen T Mora\";email|s:24:\"rosioesmeralda@yahoo.com\";phone|s:10:\"7869708716\";isLogIn|b:1;message|s:21:\"Welcome Carmen T Mora\";__ci_vars|a:1:{s:7:\"message\";s:3:\"old\";}'
WHERE `id` = 'bc5822ab4b9faff99089ce28068105d5cc1aa681';
UPDATE `user_registration` SET `popup_seen` = 'no'
WHERE `user_id` = 'IYCRUH';
DELETE FROM `ci_sessions`
WHERE `id` = 'e09301a7fd4913ff2a6f578d1f99a97553f9a171';
UPDATE `ci_sessions` SET `timestamp` = 1761703218, `data` = '__ci_last_regenerate|i:1761703218;id|s:4:\"2361\";user_id|s:6:\"R8AJAO\";username|s:7:\"yaniadv\";sponsor_id|s:6:\"46H8G2\";fullname|s:15:\"Yania Del Valle\";email|s:19:\"yaniayoan@gmail.com\";phone|s:10:\"7868635514\";isLogIn|b:1;'
WHERE `id` = '9564cd9a0f448736f58d91deb45bdc855ab18181';
UPDATE `user_registration` SET `popup_seen` = 'yes'
WHERE `user_id` = 'R8AJAO';
INSERT INTO `login_history` (`user_id`, `device`, `ip_address`, `date`) VALUES ('UQO7EQ', 'Mozilla/5.0 (Windows NT 10.0; Win64; x64) AppleWebKit/537.36 (KHTML, like Gecko) Chrome/141.0.0.0 Safari/537.36', '2601:58a:897c:3fd0:2d17:8578:879a:fe95', '25-10-28 22:12');
UPDATE `user_registration` SET `popup_seen` = 'yes'
WHERE `user_id` = 'UQO7EQ';
UPDATE `ci_sessions` SET `timestamp` = 1761707625, `data` = '__ci_last_regenerate|i:1761707625;captcha|s:4:\"u18s\";'
WHERE `id` = '808ff3a109bf96ff53d7db4e86d1c07fa48110fd';
UPDATE `ci_sessions` SET `timestamp` = 1761707837, `data` = '__ci_last_regenerate|i:1761707837;id|s:4:\"2042\";user_id|s:6:\"UQO7EQ\";username|s:6:\"Rafa51\";sponsor_id|s:6:\"N6GZAE\";fullname|s:16:\"Rafael Rodriguez\";email|s:18:\"rafagana@yahoo.com\";phone|s:10:\"3057610606\";isLogIn|b:1;message|s:24:\"Welcome Rafael Rodriguez\";__ci_vars|a:1:{s:7:\"message\";s:3:\"old\";}'
WHERE `id` = '2af71f61c1501e9ad0500f6fa81707f00d1532ba';
UPDATE `user_registration` SET `popup_seen` = 'no'
WHERE `user_id` = 'UQO7EQ';
DELETE FROM `ci_sessions`
WHERE `id` = 'be70335cd5ac7fe8e20773a247ad2f8776f03b70';
UPDATE `ci_sessions` SET `timestamp` = 1761708047, `data` = '__ci_last_regenerate|i:1761708047;captcha|s:4:\"e2xd\";'
WHERE `id` = '53d65c8db79bd15a1a21dbb3e1b66c9bb0d274d8';
UPDATE `ci_sessions` SET `timestamp` = 1761708527, `data` = '__ci_last_regenerate|i:1761708527;captcha|s:4:\"vk4t\";'
WHERE `id` = '688267335b7fe1ca6b8ed6ced2c288bc33af463e';
INSERT INTO `login_history` (`user_id`, `device`, `ip_address`, `date`) VALUES ('UQO7EQ', 'Mozilla/5.0 (Windows NT 10.0; Win64; x64) AppleWebKit/537.36 (KHTML, like Gecko) Chrome/141.0.0.0 Safari/537.36', '2601:58a:897c:3fd0:2d17:8578:879a:fe95', '25-10-28 22:28');
UPDATE `user_registration` SET `popup_seen` = 'yes'
WHERE `user_id` = 'UQO7EQ';
UPDATE `ci_sessions` SET `timestamp` = 1761709667, `data` = '__ci_last_regenerate|i:1761709667;id|s:4:\"2042\";user_id|s:6:\"UQO7EQ\";username|s:6:\"Rafa51\";sponsor_id|s:6:\"N6GZAE\";fullname|s:16:\"Rafael Rodriguez\";email|s:18:\"rafagana@yahoo.com\";phone|s:10:\"3057610606\";isLogIn|b:1;message|s:24:\"Welcome Rafael Rodriguez\";__ci_vars|a:1:{s:7:\"message\";s:3:\"old\";}'
WHERE `id` = '4af20dd79891af82ccbbe7799630e9721ec87d7e';
UPDATE `user_registration` SET `popup_seen` = 'yes'
WHERE `user_id` = 'UQO7EQ';
UPDATE `ci_sessions` SET `timestamp` = 1761709972, `data` = '__ci_last_regenerate|i:1761709972;id|s:4:\"2042\";user_id|s:6:\"UQO7EQ\";username|s:6:\"Rafa51\";sponsor_id|s:6:\"N6GZAE\";fullname|s:16:\"Rafael Rodriguez\";email|s:18:\"rafagana@yahoo.com\";phone|s:10:\"3057610606\";isLogIn|b:1;'
WHERE `id` = '6278446e5674ba48693a7d113c4478994ea1457f';
UPDATE `user_registration` SET `popup_seen` = 'yes'
WHERE `user_id` = 'UQO7EQ';
UPDATE `ci_sessions` SET `timestamp` = 1761711838, `data` = '__ci_last_regenerate|i:1761711838;id|s:4:\"2042\";user_id|s:6:\"UQO7EQ\";username|s:6:\"Rafa51\";sponsor_id|s:6:\"N6GZAE\";fullname|s:16:\"Rafael Rodriguez\";email|s:18:\"rafagana@yahoo.com\";phone|s:10:\"3057610606\";isLogIn|b:1;'
WHERE `id` = '1c64717b2353fb08cd1eb67b9cc192923ad53f8e';
UPDATE `user_registration` SET `popup_seen` = 'yes'
WHERE `user_id` = 'UQO7EQ';
UPDATE `user_registration` SET `popup_seen` = 'no'
WHERE `user_id` = 'UQO7EQ';
DELETE FROM `ci_sessions`
WHERE `id` = '24e652bddf8e2d4437ac9eafafe6420823812aa9';
INSERT INTO `login_history` (`user_id`, `device`, `ip_address`, `date`) VALUES ('AABG7W', 'Mozilla/5.0 (Windows NT 10.0; Win64; x64) AppleWebKit/537.36 (KHTML, like Gecko) Chrome/141.0.0.0 Safari/537.36', '2601:58a:897c:3fd0:2d17:8578:879a:fe95', '25-10-28 23:24');
UPDATE `user_registration` SET `popup_seen` = 'yes'
WHERE `user_id` = 'AABG7W';
UPDATE `user_registration` SET `popup_seen` = 'no'
WHERE `user_id` = 'AABG7W';
DELETE FROM `ci_sessions`
WHERE `id` = '34a15d4b292b6b681855f75e48120fde0b53d75b';
INSERT INTO `cron_job_history` (`name`, `date_started`, `status`) VALUES ('backup', '2025-10-29 00:00:01', 'started');
UPDATE `cron_job_history` SET `status` = 'done', `date_end` = '2025-10-29 00:00:04'
WHERE `id` = 756;
INSERT INTO `cron_job_history` (`name`, `date_started`, `status`) VALUES ('deduct_sub_amt_from_ewallet', '2025-10-29 00:05:01', 'started');
INSERT INTO `inactive_point_history` (`user_id`, `point`, `date`) VALUES ('35H9RV', '0', '2025-10-29 00:05:01');
UPDATE `user_registration` SET `sub_point` = 0, `active_status` = 'no'
WHERE `user_id` = '35H9RV';
INSERT INTO `arreva_api_logs` (`user_id`, `email`, `endpoint`, `response`, `date`) VALUES ('35H9RV', 'amamzy368@gmail.com', 'deactivatemember', '\"Unable to find user matching email or contract number or otherid\"', '2025-10-29 00:05:01');
INSERT INTO `inactive_history` (`user_id`, `commission_balance`, `amount`, `date`) VALUES ('35H9RV', '97.5', '150', '2025-10-29 00:05:01');
INSERT INTO `inactive_point_history` (`user_id`, `point`, `date`) VALUES ('44B9Y4', '0', '2025-10-29 00:05:01');
UPDATE `user_registration` SET `sub_point` = 0, `active_status` = 'no'
WHERE `user_id` = '44B9Y4';
INSERT INTO `arreva_api_logs` (`user_id`, `email`, `endpoint`, `response`, `date`) VALUES ('44B9Y4', 'travelegendcy@gmail.com', 'deactivatemember', '\"Unable to find user matching email or contract number or otherid\"', '2025-10-29 00:05:01');
INSERT INTO `inactive_history` (`user_id`, `commission_balance`, `amount`, `date`) VALUES ('44B9Y4', '50', '150', '2025-10-29 00:05:01');
INSERT INTO `inactive_point_history` (`user_id`, `point`, `date`) VALUES ('SJBNYJ', '0', '2025-10-29 00:05:01');
UPDATE `user_registration` SET `sub_point` = 0, `active_status` = 'no'
WHERE `user_id` = 'SJBNYJ';
INSERT INTO `arreva_api_logs` (`user_id`, `email`, `endpoint`, `response`, `date`) VALUES ('SJBNYJ', 'travelegendcy+2@gmail.com', 'deactivatemember', '\"Unable to find user matching email or contract number or otherid\"', '2025-10-29 00:05:02');
INSERT INTO `inactive_history` (`user_id`, `commission_balance`, `amount`, `date`) VALUES ('SJBNYJ', '50', '150', '2025-10-29 00:05:02');
INSERT INTO `inactive_point_history` (`user_id`, `point`, `date`) VALUES ('45E8V2', '0', '2025-10-29 00:05:02');
UPDATE `user_registration` SET `sub_point` = 0, `active_status` = 'no'
WHERE `user_id` = '45E8V2';
INSERT INTO `arreva_api_logs` (`user_id`, `email`, `endpoint`, `response`, `date`) VALUES ('45E8V2', 'travelegendcy+1@gmail.com', 'deactivatemember', '\"Unable to find user matching email or contract number or otherid\"', '2025-10-29 00:05:02');
INSERT INTO `inactive_history` (`user_id`, `commission_balance`, `amount`, `date`) VALUES ('45E8V2', '50', '150', '2025-10-29 00:05:02');
INSERT INTO `inactive_point_history` (`user_id`, `point`, `date`) VALUES ('H2HQC8', '0', '2025-10-29 00:05:02');
UPDATE `user_registration` SET `sub_point` = 0, `active_status` = 'no'
WHERE `user_id` = 'H2HQC8';
INSERT INTO `arreva_api_logs` (`user_id`, `email`, `endpoint`, `response`, `date`) VALUES ('H2HQC8', 'travelegendcy+4@gmail.com', 'deactivatemember', '\"Unable to find user matching email or contract number or otherid\"', '2025-10-29 00:05:02');
INSERT INTO `inactive_history` (`user_id`, `commission_balance`, `amount`, `date`) VALUES ('H2HQC8', '110', '150', '2025-10-29 00:05:02');
INSERT INTO `inactive_point_history` (`user_id`, `point`, `date`) VALUES ('XVTJOY', '0', '2025-10-29 00:05:02');
UPDATE `user_registration` SET `sub_point` = 0, `active_status` = 'no'
WHERE `user_id` = 'XVTJOY';
INSERT INTO `arreva_api_logs` (`user_id`, `email`, `endpoint`, `response`, `date`) VALUES ('XVTJOY', 'travelegendcy+5@gmail.com', 'deactivatemember', '\"Unable to find user matching email or contract number or otherid\"', '2025-10-29 00:05:03');
INSERT INTO `inactive_history` (`user_id`, `commission_balance`, `amount`, `date`) VALUES ('XVTJOY', '100', '150', '2025-10-29 00:05:03');
INSERT INTO `inactive_point_history` (`user_id`, `point`, `date`) VALUES ('4E1CRI', '0', '2025-10-29 00:05:03');
UPDATE `user_registration` SET `sub_point` = 0, `active_status` = 'no'
WHERE `user_id` = '4E1CRI';
INSERT INTO `arreva_api_logs` (`user_id`, `email`, `endpoint`, `response`, `date`) VALUES ('4E1CRI', 'ferr2085+1@gmail.com', 'deactivatemember', '\"Unable to find user matching email or contract number or otherid\"', '2025-10-29 00:05:03');
INSERT INTO `inactive_history` (`user_id`, `commission_balance`, `amount`, `date`) VALUES ('4E1CRI', '100', '150', '2025-10-29 00:05:03');
INSERT INTO `inactive_point_history` (`user_id`, `point`, `date`) VALUES ('PBFKSY', '0', '2025-10-29 00:05:03');
UPDATE `user_registration` SET `sub_point` = 0, `active_status` = 'no'
WHERE `user_id` = 'PBFKSY';
INSERT INTO `arreva_api_logs` (`user_id`, `email`, `endpoint`, `response`, `date`) VALUES ('PBFKSY', 'travelegendcy+3@gmail.com', 'deactivatemember', '\"Unable to find user matching email or contract number or otherid\"', '2025-10-29 00:05:04');
INSERT INTO `inactive_history` (`user_id`, `commission_balance`, `amount`, `date`) VALUES ('PBFKSY', '0', '150', '2025-10-29 00:05:04');
INSERT INTO `inactive_point_history` (`user_id`, `point`, `date`) VALUES ('R37QLI', '0', '2025-10-29 00:05:04');
UPDATE `user_registration` SET `sub_point` = 0, `active_status` = 'no'
WHERE `user_id` = 'R37QLI';
INSERT INTO `arreva_api_logs` (`user_id`, `email`, `endpoint`, `response`, `date`) VALUES ('R37QLI', 'atravel4uu@gmail.com', 'deactivatemember', '\"Unable to find user matching email or contract number or otherid\"', '2025-10-29 00:05:04');
INSERT INTO `inactive_history` (`user_id`, `commission_balance`, `amount`, `date`) VALUES ('R37QLI', '80', '150', '2025-10-29 00:05:04');
INSERT INTO `inactive_point_history` (`user_id`, `point`, `date`) VALUES ('Q6D63V', '0', '2025-10-29 00:05:04');
UPDATE `user_registration` SET `sub_point` = 0, `active_status` = 'no'
WHERE `user_id` = 'Q6D63V';
INSERT INTO `arreva_api_logs` (`user_id`, `email`, `endpoint`, `response`, `date`) VALUES ('Q6D63V', 'deeptalent@hotmail.com', 'deactivatemember', '\"Unable to find user matching email or contract number or otherid\"', '2025-10-29 00:05:04');
INSERT INTO `inactive_history` (`user_id`, `commission_balance`, `amount`, `date`) VALUES ('Q6D63V', '100', '150', '2025-10-29 00:05:04');
INSERT INTO `inactive_point_history` (`user_id`, `point`, `date`) VALUES ('N6GZAE', '0', '2025-10-29 00:05:04');
UPDATE `user_registration` SET `sub_point` = 0, `active_status` = 'no'
WHERE `user_id` = 'N6GZAE';
INSERT INTO `arreva_api_logs` (`user_id`, `email`, `endpoint`, `response`, `date`) VALUES ('N6GZAE', 'travelegendcy+71@gmail.com', 'deactivatemember', '\"Unable to find user matching email or contract number or otherid\"', '2025-10-29 00:05:04');
INSERT INTO `inactive_history` (`user_id`, `commission_balance`, `amount`, `date`) VALUES ('N6GZAE', '50', '150', '2025-10-29 00:05:04');
INSERT INTO `inactive_point_history` (`user_id`, `point`, `date`) VALUES ('Q834IS', '0', '2025-10-29 00:05:04');
UPDATE `user_registration` SET `sub_point` = 0, `active_status` = 'no'
WHERE `user_id` = 'Q834IS';
INSERT INTO `arreva_api_logs` (`user_id`, `email`, `endpoint`, `response`, `date`) VALUES ('Q834IS', 'ganofelizyo@gmail.com', 'deactivatemember', '\"Unable to find user matching email or contract number or otherid\"', '2025-10-29 00:05:05');
INSERT INTO `inactive_history` (`user_id`, `commission_balance`, `amount`, `date`) VALUES ('Q834IS', '0', '50', '2025-10-29 00:05:05');
INSERT INTO `inactive_point_history` (`user_id`, `point`, `date`) VALUES ('PKHRN5', '0', '2025-10-29 00:05:05');
UPDATE `user_registration` SET `sub_point` = 0, `active_status` = 'no'
WHERE `user_id` = 'PKHRN5';
INSERT INTO `arreva_api_logs` (`user_id`, `email`, `endpoint`, `response`, `date`) VALUES ('PKHRN5', 'nrproducts20@gmail.com', 'deactivatemember', '\"Unable to find user matching email or contract number or otherid\"', '2025-10-29 00:05:05');
INSERT INTO `inactive_history` (`user_id`, `commission_balance`, `amount`, `date`) VALUES ('PKHRN5', '28', '50', '2025-10-29 00:05:05');
INSERT INTO `inactive_point_history` (`user_id`, `point`, `date`) VALUES ('MT8QJF', '0', '2025-10-29 00:05:05');
UPDATE `user_registration` SET `sub_point` = 0, `active_status` = 'no'
WHERE `user_id` = 'MT8QJF';
INSERT INTO `arreva_api_logs` (`user_id`, `email`, `endpoint`, `response`, `date`) VALUES ('MT8QJF', 'bustamantemoni@yahoo.com', 'deactivatemember', '\"Unable to find user matching email or contract number or otherid\"', '2025-10-29 00:05:05');
INSERT INTO `inactive_history` (`user_id`, `commission_balance`, `amount`, `date`) VALUES ('MT8QJF', '0', '150', '2025-10-29 00:05:05');
INSERT INTO `inactive_point_history` (`user_id`, `point`, `date`) VALUES ('OWF3OA', '0', '2025-10-29 00:05:05');
UPDATE `user_registration` SET `sub_point` = 0, `active_status` = 'no'
WHERE `user_id` = 'OWF3OA';
INSERT INTO `arreva_api_logs` (`user_id`, `email`, `endpoint`, `response`, `date`) VALUES ('OWF3OA', 'caridadm70@gmail.com', 'deactivatemember', '\"Unable to find user matching email or contract number or otherid\"', '2025-10-29 00:05:06');
INSERT INTO `inactive_history` (`user_id`, `commission_balance`, `amount`, `date`) VALUES ('OWF3OA', '0', '150', '2025-10-29 00:05:06');
INSERT INTO `inactive_point_history` (`user_id`, `point`, `date`) VALUES ('HUDVJU', '0', '2025-10-29 00:05:06');
UPDATE `user_registration` SET `sub_point` = 0, `active_status` = 'no'
WHERE `user_id` = 'HUDVJU';
INSERT INTO `arreva_api_logs` (`user_id`, `email`, `endpoint`, `response`, `date`) VALUES ('HUDVJU', 'rsotolongok@aol.com', 'deactivatemember', '\"Unable to find user matching email or contract number or otherid\"', '2025-10-29 00:05:06');
INSERT INTO `inactive_history` (`user_id`, `commission_balance`, `amount`, `date`) VALUES ('HUDVJU', '30', '50', '2025-10-29 00:05:06');
INSERT INTO `inactive_point_history` (`user_id`, `point`, `date`) VALUES ('IEVPMD', '0', '2025-10-29 00:05:06');
UPDATE `user_registration` SET `sub_point` = 0, `active_status` = 'no'
WHERE `user_id` = 'IEVPMD';
INSERT INTO `arreva_api_logs` (`user_id`, `email`, `endpoint`, `response`, `date`) VALUES ('IEVPMD', 'ferr2085@gmail.com', 'deactivatemember', '\"Unable to find user matching email or contract number or otherid\"', '2025-10-29 00:05:06');
INSERT INTO `inactive_history` (`user_id`, `commission_balance`, `amount`, `date`) VALUES ('IEVPMD', '0', '150', '2025-10-29 00:05:06');
INSERT INTO `inactive_point_history` (`user_id`, `point`, `date`) VALUES ('CVVK4C', '0', '2025-10-29 00:05:06');
UPDATE `user_registration` SET `sub_point` = 0, `active_status` = 'no'
WHERE `user_id` = 'CVVK4C';
INSERT INTO `arreva_api_logs` (`user_id`, `email`, `endpoint`, `response`, `date`) VALUES ('CVVK4C', 'naranjo.manuel93@gmail.com', 'deactivatemember', '\"Unable to find user matching email or contract number or otherid\"', '2025-10-29 00:05:06');
INSERT INTO `inactive_history` (`user_id`, `commission_balance`, `amount`, `date`) VALUES ('CVVK4C', '0', '150', '2025-10-29 00:05:06');
INSERT INTO `inactive_point_history` (`user_id`, `point`, `date`) VALUES ('HQTCGF', '0', '2025-10-29 00:05:06');
UPDATE `user_registration` SET `sub_point` = 0, `active_status` = 'no'
WHERE `user_id` = 'HQTCGF';
INSERT INTO `arreva_api_logs` (`user_id`, `email`, `endpoint`, `response`, `date`) VALUES ('HQTCGF', 'naranjo.manuel@ymail.com', 'deactivatemember', '\"Unable to find user matching email or contract number or otherid\"', '2025-10-29 00:05:07');
INSERT INTO `inactive_history` (`user_id`, `commission_balance`, `amount`, `date`) VALUES ('HQTCGF', '0', '150', '2025-10-29 00:05:07');
UPDATE `user_registration` SET commission_balance = ROUND(commission_balance - 150,2)
WHERE `user_id` = 'AABG7W';
INSERT INTO `sub_history` (`user_id`, `package_id`, `amount`, `payment_method`, `date`) VALUES ('AABG7W', '2', '150', 'Ewallet', '2025-10-29 00:05:07');
UPDATE `user_registration` SET sub_point = ROUND(sub_point + 150,2)
WHERE `user_id` = 'AABG7W';
INSERT INTO `investment` (`invest_date`, `user_id`, `type`, `amount`, `package_id`) VALUES ('2025-10-29 00:05:07', 'AABG7W', 'subscription', '150', '2');
INSERT INTO `earnings` (`user_id`, `Purchaser_id`, `earning_type`, `package_id`, `amount`, `date`, `comments`, `invest_amount`, `comm_perc`, `level`, `rank_id`, `order_id`) VALUES ('UQO7EQ', 'AABG7W', 'Subscription Referral Bonus', '2', '37.5', '2025-10-29 00:05:07', 'Subscription Referral Bonus', 0, 0, 1, '', 1163);
UPDATE `user_registration` SET commission_balance = ROUND(commission_balance + 37.5,2)
WHERE `user_id` = 'UQO7EQ';
UPDATE `user_registration` SET total_points = ROUND(total_points + 150,2)
WHERE `user_id` = 'AABG7W';
INSERT INTO `points_history` (`user_id`, `points`, `type`, `date`) VALUES ('AABG7W', '150', 'subscription', '2025-10-29 00:05:');
UPDATE `bv_updation` SET right_carry = right_carry+150, total_right = total_right+150
WHERE `user_id` = '3ZDIFO';
INSERT INTO `placement_bv_update_history` (`right_carry`, `date`, `from_id`, `user_id`) VALUES ('150', '2025-10-29 00:05:07', 'AABG7W', '3ZDIFO');
UPDATE `bv_updation` SET right_carry = right_carry+150, total_right = total_right+150
WHERE `user_id` = 'UQO7EQ';
INSERT INTO `placement_bv_update_history` (`right_carry`, `date`, `from_id`, `user_id`) VALUES ('150', '2025-10-29 00:05:07', 'AABG7W', 'UQO7EQ');
UPDATE `user_registration` SET `cycle_rank_id` = '1'
WHERE `user_id` = 'UQO7EQ';
INSERT INTO `rank_history` (`rank_id`, `user_id`, `name`, `bv`, `date`, `amount`, `type`) VALUES ('1', 'UQO7EQ', 'Affiliate', '0', '2025-10-29 00:05:07', '0', 'auto');
UPDATE `bv_updation` SET sponsor_right_carry = sponsor_right_carry+150, sponsor_total_right = sponsor_total_right+150
WHERE `user_id` = 'UQO7EQ';
INSERT INTO `sponsor_bv_update_history` (`right_carry`, `date`, `user_id`) VALUES ('150', '2025-10-29 00:05:07', 'UQO7EQ');
UPDATE `bv_updation` SET left_carry = left_carry+150, total_left = total_left+150
WHERE `user_id` = 'N6GZAE';
INSERT INTO `placement_bv_update_history` (`left_carry`, `date`, `from_id`, `user_id`) VALUES ('150', '2025-10-29 00:05:07', 'AABG7W', 'N6GZAE');
UPDATE `user_registration` SET `cycle_rank_id` = '1'
WHERE `user_id` = 'N6GZAE';
INSERT INTO `rank_history` (`rank_id`, `user_id`, `name`, `bv`, `date`, `amount`, `type`) VALUES ('1', 'N6GZAE', 'Affiliate', '0', '2025-10-29 00:05:07', '0', 'auto');
UPDATE `bv_updation` SET left_carry = left_carry+150, total_left = total_left+150
WHERE `user_id` = '4E1CRI';
INSERT INTO `placement_bv_update_history` (`left_carry`, `date`, `from_id`, `user_id`) VALUES ('150', '2025-10-29 00:05:07', 'AABG7W', '4E1CRI');
UPDATE `bv_updation` SET left_carry = left_carry+150, total_left = total_left+150
WHERE `user_id` = 'SJBNYJ';
INSERT INTO `placement_bv_update_history` (`left_carry`, `date`, `from_id`, `user_id`) VALUES ('150', '2025-10-29 00:05:07', 'AABG7W', 'SJBNYJ');
UPDATE `user_registration` SET `cycle_rank_id` = '1'
WHERE `user_id` = 'SJBNYJ';
INSERT INTO `rank_history` (`rank_id`, `user_id`, `name`, `bv`, `date`, `amount`, `type`) VALUES ('1', 'SJBNYJ', 'Affiliate', '0', '2025-10-29 00:05:07', '0', 'auto');
UPDATE `bv_updation` SET left_carry = left_carry+150, total_left = total_left+150
WHERE `user_id` = '44B9Y4';
INSERT INTO `placement_bv_update_history` (`left_carry`, `date`, `from_id`, `user_id`) VALUES ('150', '2025-10-29 00:05:07', 'AABG7W', '44B9Y4');
UPDATE `user_registration` SET `cycle_rank_id` = '1'
WHERE `user_id` = '44B9Y4';
INSERT INTO `rank_history` (`rank_id`, `user_id`, `name`, `bv`, `date`, `amount`, `type`) VALUES ('1', '44B9Y4', 'Affiliate', '0', '2025-10-29 00:05:07', '0', 'auto');
UPDATE `bv_updation` SET right_carry = right_carry+150, total_right = total_right+150
WHERE `user_id` = 'admin';
INSERT INTO `placement_bv_update_history` (`right_carry`, `date`, `from_id`, `user_id`) VALUES ('150', '2025-10-29 00:05:07', 'AABG7W', 'admin');
UPDATE `user_registration` SET `cycle_rank_id` = '1'
WHERE `user_id` = 'admin';
INSERT INTO `rank_history` (`rank_id`, `user_id`, `name`, `bv`, `date`, `amount`, `type`) VALUES ('1', 'admin', 'Affiliate', '0', '2025-10-29 00:05:07', '0', 'auto');
UPDATE `user_registration` SET `subscription_date` = '2025-11-28', `active_status` = 'yes', `reminder_sent` = 'no'
WHERE `user_id` = 'AABG7W';
INSERT INTO `arreva_api_logs` (`user_id`, `email`, `endpoint`, `response`, `date`) VALUES ('AABG7W', 'cranbarrier@gmail.com', 'activatemember', 'true', '2025-10-29 00:05:07');
INSERT INTO `inactive_point_history` (`user_id`, `point`, `date`) VALUES ('L2MNP5', '0', '2025-10-29 00:05:07');
UPDATE `user_registration` SET `sub_point` = 0, `active_status` = 'no'
WHERE `user_id` = 'L2MNP5';
INSERT INTO `arreva_api_logs` (`user_id`, `email`, `endpoint`, `response`, `date`) VALUES ('L2MNP5', 'caimandelcaribe1964@gmail.com', 'deactivatemember', '\"Unable to find user matching email or contract number or otherid\"', '2025-10-29 00:05:08');
INSERT INTO `inactive_history` (`user_id`, `commission_balance`, `amount`, `date`) VALUES ('L2MNP5', '0', '150', '2025-10-29 00:05:08');
INSERT INTO `inactive_point_history` (`user_id`, `point`, `date`) VALUES ('U7SMZ8', '0', '2025-10-29 00:05:08');
UPDATE `user_registration` SET `sub_point` = 0, `active_status` = 'no'
WHERE `user_id` = 'U7SMZ8';
INSERT INTO `arreva_api_logs` (`user_id`, `email`, `endpoint`, `response`, `date`) VALUES ('U7SMZ8', 'claujor06@hotmail.com', 'deactivatemember', '\"Unable to find user matching email or contract number or otherid\"', '2025-10-29 00:05:08');
INSERT INTO `inactive_history` (`user_id`, `commission_balance`, `amount`, `date`) VALUES ('U7SMZ8', '0', '150', '2025-10-29 00:05:08');
INSERT INTO `inactive_point_history` (`user_id`, `point`, `date`) VALUES ('PUJNHI', '0', '2025-10-29 00:05:08');
UPDATE `user_registration` SET `sub_point` = 0, `active_status` = 'no'
WHERE `user_id` = 'PUJNHI';
INSERT INTO `arreva_api_logs` (`user_id`, `email`, `endpoint`, `response`, `date`) VALUES ('PUJNHI', 'rt.amdream@gmail.com', 'deactivatemember', '\"Unable to find user matching email or contract number or otherid\"', '2025-10-29 00:05:08');
INSERT INTO `inactive_history` (`user_id`, `commission_balance`, `amount`, `date`) VALUES ('PUJNHI', '40', '150', '2025-10-29 00:05:08');
INSERT INTO `inactive_point_history` (`user_id`, `point`, `date`) VALUES ('WC5BL7', '0', '2025-10-29 00:05:08');
UPDATE `user_registration` SET `sub_point` = 0, `active_status` = 'no'
WHERE `user_id` = 'WC5BL7';
INSERT INTO `arreva_api_logs` (`user_id`, `email`, `endpoint`, `response`, `date`) VALUES ('WC5BL7', 'guecab74@gmail.com', 'deactivatemember', '\"Unable to find user matching email or contract number or otherid\"', '2025-10-29 00:05:08');
INSERT INTO `inactive_history` (`user_id`, `commission_balance`, `amount`, `date`) VALUES ('WC5BL7', '0', '50', '2025-10-29 00:05:08');
INSERT INTO `inactive_point_history` (`user_id`, `point`, `date`) VALUES ('W17SG2', '0', '2025-10-29 00:05:08');
UPDATE `user_registration` SET `sub_point` = 0, `active_status` = 'no'
WHERE `user_id` = 'W17SG2';
INSERT INTO `arreva_api_logs` (`user_id`, `email`, `endpoint`, `response`, `date`) VALUES ('W17SG2', 'jnsh44@gmail.com', 'deactivatemember', '\"Unable to find user matching email or contract number or otherid\"', '2025-10-29 00:05:09');
INSERT INTO `inactive_history` (`user_id`, `commission_balance`, `amount`, `date`) VALUES ('W17SG2', '0', '150', '2025-10-29 00:05:09');
INSERT INTO `inactive_point_history` (`user_id`, `point`, `date`) VALUES ('PR92IO', '0', '2025-10-29 00:05:09');
UPDATE `user_registration` SET `sub_point` = 0, `active_status` = 'no'
WHERE `user_id` = 'PR92IO';
INSERT INTO `arreva_api_logs` (`user_id`, `email`, `endpoint`, `response`, `date`) VALUES ('PR92IO', 'onielguerra@yahoo.com', 'deactivatemember', '\"Unable to find user matching email or contract number or otherid\"', '2025-10-29 00:05:09');
INSERT INTO `inactive_history` (`user_id`, `commission_balance`, `amount`, `date`) VALUES ('PR92IO', '0', '50', '2025-10-29 00:05:09');
INSERT INTO `inactive_point_history` (`user_id`, `point`, `date`) VALUES ('UTF7YN', '0', '2025-10-29 00:05:09');
UPDATE `user_registration` SET `sub_point` = 0, `active_status` = 'no'
WHERE `user_id` = 'UTF7YN';
INSERT INTO `arreva_api_logs` (`user_id`, `email`, `endpoint`, `response`, `date`) VALUES ('UTF7YN', 'miguelmartinezzamora89@gmail.com', 'deactivatemember', '\"Unable to find user matching email or contract number or otherid\"', '2025-10-29 00:05:09');
INSERT INTO `inactive_history` (`user_id`, `commission_balance`, `amount`, `date`) VALUES ('UTF7YN', '0', '150', '2025-10-29 00:05:09');
INSERT INTO `inactive_point_history` (`user_id`, `point`, `date`) VALUES ('JIL8K9', '0', '2025-10-29 00:05:09');
UPDATE `user_registration` SET `sub_point` = 0, `active_status` = 'no'
WHERE `user_id` = 'JIL8K9';
INSERT INTO `arreva_api_logs` (`user_id`, `email`, `endpoint`, `response`, `date`) VALUES ('JIL8K9', 'urquia0831@gmail.com', 'deactivatemember', '\"Unable to find user matching email or contract number or otherid\"', '2025-10-29 00:05:10');
INSERT INTO `inactive_history` (`user_id`, `commission_balance`, `amount`, `date`) VALUES ('JIL8K9', '20', '150', '2025-10-29 00:05:10');
INSERT INTO `inactive_point_history` (`user_id`, `point`, `date`) VALUES ('XHO8CJ', '0', '2025-10-29 00:05:10');
UPDATE `user_registration` SET `sub_point` = 0, `active_status` = 'no'
WHERE `user_id` = 'XHO8CJ';
INSERT INTO `arreva_api_logs` (`user_id`, `email`, `endpoint`, `response`, `date`) VALUES ('XHO8CJ', 'arielzomoza@hotmail.com', 'deactivatemember', '\"Unable to find user matching email or contract number or otherid\"', '2025-10-29 00:05:10');
INSERT INTO `inactive_history` (`user_id`, `commission_balance`, `amount`, `date`) VALUES ('XHO8CJ', '0', '150', '2025-10-29 00:05:10');
INSERT INTO `inactive_point_history` (`user_id`, `point`, `date`) VALUES ('L8NRSC', '0', '2025-10-29 00:05:10');
UPDATE `user_registration` SET `sub_point` = 0, `active_status` = 'no'
WHERE `user_id` = 'L8NRSC';
INSERT INTO `arreva_api_logs` (`user_id`, `email`, `endpoint`, `response`, `date`) VALUES ('L8NRSC', 'heviaelina17@gmail.com', 'deactivatemember', '\"Unable to find user matching email or contract number or otherid\"', '2025-10-29 00:05:10');
INSERT INTO `inactive_history` (`user_id`, `commission_balance`, `amount`, `date`) VALUES ('L8NRSC', '50', '150', '2025-10-29 00:05:10');
INSERT INTO `inactive_point_history` (`user_id`, `point`, `date`) VALUES ('6H3N98', '0', '2025-10-29 00:05:10');
UPDATE `user_registration` SET `sub_point` = 0, `active_status` = 'no'
WHERE `user_id` = '6H3N98';
INSERT INTO `arreva_api_logs` (`user_id`, `email`, `endpoint`, `response`, `date`) VALUES ('6H3N98', 'Polanco1961.jmp@gmail.com', 'deactivatemember', '\"Unable to find user matching email or contract number or otherid\"', '2025-10-29 00:05:10');
INSERT INTO `inactive_history` (`user_id`, `commission_balance`, `amount`, `date`) VALUES ('6H3N98', '100', '150', '2025-10-29 00:05:10');
INSERT INTO `inactive_point_history` (`user_id`, `point`, `date`) VALUES ('HP6YP2', '0', '2025-10-29 00:05:10');
UPDATE `user_registration` SET `sub_point` = 0, `active_status` = 'no'
WHERE `user_id` = 'HP6YP2';
INSERT INTO `arreva_api_logs` (`user_id`, `email`, `endpoint`, `response`, `date`) VALUES ('HP6YP2', 'josedavila0923@hotmail.com', 'deactivatemember', '\"Unable to find user matching email or contract number or otherid\"', '2025-10-29 00:05:11');
INSERT INTO `inactive_history` (`user_id`, `commission_balance`, `amount`, `date`) VALUES ('HP6YP2', '50', '150', '2025-10-29 00:05:11');
INSERT INTO `inactive_point_history` (`user_id`, `point`, `date`) VALUES ('8RVNYT', '0', '2025-10-29 00:05:11');
UPDATE `user_registration` SET `sub_point` = 0, `active_status` = 'no'
WHERE `user_id` = '8RVNYT';
INSERT INTO `arreva_api_logs` (`user_id`, `email`, `endpoint`, `response`, `date`) VALUES ('8RVNYT', 'dduany59@gmail.com', 'deactivatemember', '\"Unable to find user matching email or contract number or otherid\"', '2025-10-29 00:05:11');
INSERT INTO `inactive_history` (`user_id`, `commission_balance`, `amount`, `date`) VALUES ('8RVNYT', '0', '150', '2025-10-29 00:05:11');
INSERT INTO `inactive_point_history` (`user_id`, `point`, `date`) VALUES ('K8DXP2', '0', '2025-10-29 00:05:11');
UPDATE `user_registration` SET `sub_point` = 0, `active_status` = 'no'
WHERE `user_id` = 'K8DXP2';
INSERT INTO `arreva_api_logs` (`user_id`, `email`, `endpoint`, `response`, `date`) VALUES ('K8DXP2', 'danieladm02@icloud.com', 'deactivatemember', '\"Unable to find user matching email or contract number or otherid\"', '2025-10-29 00:05:11');
INSERT INTO `inactive_history` (`user_id`, `commission_balance`, `amount`, `date`) VALUES ('K8DXP2', '0', '150', '2025-10-29 00:05:11');
INSERT INTO `inactive_point_history` (`user_id`, `point`, `date`) VALUES ('BD2ZLC', '0', '2025-10-29 00:05:11');
UPDATE `user_registration` SET `sub_point` = 0, `active_status` = 'no'
WHERE `user_id` = 'BD2ZLC';
INSERT INTO `arreva_api_logs` (`user_id`, `email`, `endpoint`, `response`, `date`) VALUES ('BD2ZLC', 'misleydacuba@hotmail.com', 'deactivatemember', '\"Unable to find user matching email or contract number or otherid\"', '2025-10-29 00:05:12');
INSERT INTO `inactive_history` (`user_id`, `commission_balance`, `amount`, `date`) VALUES ('BD2ZLC', '100', '150', '2025-10-29 00:05:12');
INSERT INTO `inactive_point_history` (`user_id`, `point`, `date`) VALUES ('2MBPZI', '0', '2025-10-29 00:05:12');
UPDATE `user_registration` SET `sub_point` = 0, `active_status` = 'no'
WHERE `user_id` = '2MBPZI';
INSERT INTO `arreva_api_logs` (`user_id`, `email`, `endpoint`, `response`, `date`) VALUES ('2MBPZI', 'lamora07@icloud.com', 'deactivatemember', '\"Unable to find user matching email or contract number or otherid\"', '2025-10-29 00:05:12');
INSERT INTO `inactive_history` (`user_id`, `commission_balance`, `amount`, `date`) VALUES ('2MBPZI', '0', '150', '2025-10-29 00:05:12');
INSERT INTO `inactive_point_history` (`user_id`, `point`, `date`) VALUES ('XXI66Z', '0', '2025-10-29 00:05:12');
UPDATE `user_registration` SET `sub_point` = 0, `active_status` = 'no'
WHERE `user_id` = 'XXI66Z';
INSERT INTO `arreva_api_logs` (`user_id`, `email`, `endpoint`, `response`, `date`) VALUES ('XXI66Z', 'nora.cuenca722@gmail.com', 'deactivatemember', '\"Unable to find user matching email or contract number or otherid\"', '2025-10-29 00:05:12');
INSERT INTO `inactive_history` (`user_id`, `commission_balance`, `amount`, `date`) VALUES ('XXI66Z', '0', '150', '2025-10-29 00:05:12');
INSERT INTO `inactive_point_history` (`user_id`, `point`, `date`) VALUES ('Q82ZV9', '0', '2025-10-29 00:05:12');
UPDATE `user_registration` SET `sub_point` = 0, `active_status` = 'no'
WHERE `user_id` = 'Q82ZV9';
INSERT INTO `arreva_api_logs` (`user_id`, `email`, `endpoint`, `response`, `date`) VALUES ('Q82ZV9', 'Jcab777@hotmail.com', 'deactivatemember', '\"Unable to find user matching email or contract number or otherid\"', '2025-10-29 00:05:13');
INSERT INTO `inactive_history` (`user_id`, `commission_balance`, `amount`, `date`) VALUES ('Q82ZV9', '20', '50', '2025-10-29 00:05:13');
INSERT INTO `inactive_point_history` (`user_id`, `point`, `date`) VALUES ('IWTOLP', '0', '2025-10-29 00:05:13');
UPDATE `user_registration` SET `sub_point` = 0, `active_status` = 'no'
WHERE `user_id` = 'IWTOLP';
INSERT INTO `arreva_api_logs` (`user_id`, `email`, `endpoint`, `response`, `date`) VALUES ('IWTOLP', 'Hectorvaldes84@gmail.com', 'deactivatemember', '\"Unable to find user matching email or contract number or otherid\"', '2025-10-29 00:05:13');
INSERT INTO `inactive_history` (`user_id`, `commission_balance`, `amount`, `date`) VALUES ('IWTOLP', '0', '50', '2025-10-29 00:05:13');
INSERT INTO `inactive_point_history` (`user_id`, `point`, `date`) VALUES ('9QPRWH', '0', '2025-10-29 00:05:13');
UPDATE `user_registration` SET `sub_point` = 0, `active_status` = 'no'
WHERE `user_id` = '9QPRWH';
INSERT INTO `arreva_api_logs` (`user_id`, `email`, `endpoint`, `response`, `date`) VALUES ('9QPRWH', 'danny.ortiz93@yahoo.com', 'deactivatemember', '\"Unable to find user matching email or contract number or otherid\"', '2025-10-29 00:05:13');
INSERT INTO `inactive_history` (`user_id`, `commission_balance`, `amount`, `date`) VALUES ('9QPRWH', '0', '150', '2025-10-29 00:05:13');
INSERT INTO `inactive_point_history` (`user_id`, `point`, `date`) VALUES ('LBY7TN', '0', '2025-10-29 00:05:13');
UPDATE `user_registration` SET `sub_point` = 0, `active_status` = 'no'
WHERE `user_id` = 'LBY7TN';
INSERT INTO `arreva_api_logs` (`user_id`, `email`, `endpoint`, `response`, `date`) VALUES ('LBY7TN', 'realtororlando1@gmail.com', 'deactivatemember', '\"Unable to find user matching email or contract number or otherid\"', '2025-10-29 00:05:13');
INSERT INTO `inactive_history` (`user_id`, `commission_balance`, `amount`, `date`) VALUES ('LBY7TN', '0', '150', '2025-10-29 00:05:13');
INSERT INTO `inactive_point_history` (`user_id`, `point`, `date`) VALUES ('WDEXJT', '0', '2025-10-29 00:05:13');
UPDATE `user_registration` SET `sub_point` = 0, `active_status` = 'no'
WHERE `user_id` = 'WDEXJT';
INSERT INTO `arreva_api_logs` (`user_id`, `email`, `endpoint`, `response`, `date`) VALUES ('WDEXJT', 'randol1976@gmail.com', 'deactivatemember', '\"Unable to find user matching email or contract number or otherid\"', '2025-10-29 00:05:14');
INSERT INTO `inactive_history` (`user_id`, `commission_balance`, `amount`, `date`) VALUES ('WDEXJT', '0', '150', '2025-10-29 00:05:14');
INSERT INTO `inactive_point_history` (`user_id`, `point`, `date`) VALUES ('78UOV5', '0', '2025-10-29 00:05:14');
UPDATE `user_registration` SET `sub_point` = 0, `active_status` = 'no'
WHERE `user_id` = '78UOV5';
INSERT INTO `arreva_api_logs` (`user_id`, `email`, `endpoint`, `response`, `date`) VALUES ('78UOV5', 'Marvincano2006@hotmail.com', 'deactivatemember', '\"Unable to find user matching email or contract number or otherid\"', '2025-10-29 00:05:14');
INSERT INTO `inactive_history` (`user_id`, `commission_balance`, `amount`, `date`) VALUES ('78UOV5', '0', '50', '2025-10-29 00:05:14');
INSERT INTO `inactive_point_history` (`user_id`, `point`, `date`) VALUES ('8D7CNL', '0', '2025-10-29 00:05:14');
UPDATE `user_registration` SET `sub_point` = 0, `active_status` = 'no'
WHERE `user_id` = '8D7CNL';
INSERT INTO `arreva_api_logs` (`user_id`, `email`, `endpoint`, `response`, `date`) VALUES ('8D7CNL', 'ulambert45@gmail.com', 'deactivatemember', '\"Unable to find user matching email or contract number or otherid\"', '2025-10-29 00:05:14');
INSERT INTO `inactive_history` (`user_id`, `commission_balance`, `amount`, `date`) VALUES ('8D7CNL', '100', '150', '2025-10-29 00:05:14');
INSERT INTO `inactive_point_history` (`user_id`, `point`, `date`) VALUES ('UJXP99', '0', '2025-10-29 00:05:14');
UPDATE `user_registration` SET `sub_point` = 0, `active_status` = 'no'
WHERE `user_id` = 'UJXP99';
INSERT INTO `arreva_api_logs` (`user_id`, `email`, `endpoint`, `response`, `date`) VALUES ('UJXP99', 'aldocamporota@yahoo.com', 'deactivatemember', '\"Unable to find user matching email or contract number or otherid\"', '2025-10-29 00:05:14');
INSERT INTO `inactive_history` (`user_id`, `commission_balance`, `amount`, `date`) VALUES ('UJXP99', '0', '50', '2025-10-29 00:05:14');
INSERT INTO `inactive_point_history` (`user_id`, `point`, `date`) VALUES ('L268VW', '0', '2025-10-29 00:05:14');
UPDATE `user_registration` SET `sub_point` = 0, `active_status` = 'no'
WHERE `user_id` = 'L268VW';
INSERT INTO `arreva_api_logs` (`user_id`, `email`, `endpoint`, `response`, `date`) VALUES ('L268VW', 'omy2228@gmail.com', 'deactivatemember', '\"Unable to find user matching email or contract number or otherid\"', '2025-10-29 00:05:15');
INSERT INTO `inactive_history` (`user_id`, `commission_balance`, `amount`, `date`) VALUES ('L268VW', '0', '50', '2025-10-29 00:05:15');
INSERT INTO `inactive_point_history` (`user_id`, `point`, `date`) VALUES ('UVJ6L9', '0', '2025-10-29 00:05:15');
UPDATE `user_registration` SET `sub_point` = 0, `active_status` = 'no'
WHERE `user_id` = 'UVJ6L9';
INSERT INTO `arreva_api_logs` (`user_id`, `email`, `endpoint`, `response`, `date`) VALUES ('UVJ6L9', 'nrproducts20+1@gmail.com', 'deactivatemember', '\"Unable to find user matching email or contract number or otherid\"', '2025-10-29 00:05:15');
INSERT INTO `inactive_history` (`user_id`, `commission_balance`, `amount`, `date`) VALUES ('UVJ6L9', '0', '50', '2025-10-29 00:05:15');
INSERT INTO `inactive_point_history` (`user_id`, `point`, `date`) VALUES ('T2U73Q', '0', '2025-10-29 00:05:15');
UPDATE `user_registration` SET `sub_point` = 0, `active_status` = 'no'
WHERE `user_id` = 'T2U73Q';
INSERT INTO `arreva_api_logs` (`user_id`, `email`, `endpoint`, `response`, `date`) VALUES ('T2U73Q', 'aidacano1694@gmail.com', 'deactivatemember', '\"Unable to find user matching email or contract number or otherid\"', '2025-10-29 00:05:15');
INSERT INTO `inactive_history` (`user_id`, `commission_balance`, `amount`, `date`) VALUES ('T2U73Q', '0', '50', '2025-10-29 00:05:15');
INSERT INTO `inactive_point_history` (`user_id`, `point`, `date`) VALUES ('ULHSH2', '0', '2025-10-29 00:05:15');
UPDATE `user_registration` SET `sub_point` = 0, `active_status` = 'no'
WHERE `user_id` = 'ULHSH2';
INSERT INTO `arreva_api_logs` (`user_id`, `email`, `endpoint`, `response`, `date`) VALUES ('ULHSH2', 'asny_melody11@hotmail.com', 'deactivatemember', '\"Unable to find user matching email or contract number or otherid\"', '2025-10-29 00:05:16');
INSERT INTO `inactive_history` (`user_id`, `commission_balance`, `amount`, `date`) VALUES ('ULHSH2', '0', '150', '2025-10-29 00:05:16');
INSERT INTO `inactive_point_history` (`user_id`, `point`, `date`) VALUES ('H1XYDK', '0', '2025-10-29 00:05:16');
UPDATE `user_registration` SET `sub_point` = 0, `active_status` = 'no'
WHERE `user_id` = 'H1XYDK';
INSERT INTO `arreva_api_logs` (`user_id`, `email`, `endpoint`, `response`, `date`) VALUES ('H1XYDK', 'bingostarsforever@gmail.com', 'deactivatemember', '\"Unable to find user matching email or contract number or otherid\"', '2025-10-29 00:05:16');
INSERT INTO `inactive_history` (`user_id`, `commission_balance`, `amount`, `date`) VALUES ('H1XYDK', '0', '50', '2025-10-29 00:05:16');
INSERT INTO `inactive_point_history` (`user_id`, `point`, `date`) VALUES ('3UFB1M', '0', '2025-10-29 00:05:16');
UPDATE `user_registration` SET `sub_point` = 0, `active_status` = 'no'
WHERE `user_id` = '3UFB1M';
INSERT INTO `arreva_api_logs` (`user_id`, `email`, `endpoint`, `response`, `date`) VALUES ('3UFB1M', 'mariodiamantes2014@gmail.com', 'deactivatemember', '\"Unable to find user matching email or contract number or otherid\"', '2025-10-29 00:05:16');
INSERT INTO `inactive_history` (`user_id`, `commission_balance`, `amount`, `date`) VALUES ('3UFB1M', '100', '150', '2025-10-29 00:05:16');
INSERT INTO `inactive_point_history` (`user_id`, `point`, `date`) VALUES ('72W7M6', '0', '2025-10-29 00:05:16');
UPDATE `user_registration` SET `sub_point` = 0, `active_status` = 'no'
WHERE `user_id` = '72W7M6';
INSERT INTO `arreva_api_logs` (`user_id`, `email`, `endpoint`, `response`, `date`) VALUES ('72W7M6', 'finanzasyprosperidad777@gmail.com', 'deactivatemember', '\"Unable to find user matching email or contract number or otherid\"', '2025-10-29 00:05:17');
INSERT INTO `inactive_history` (`user_id`, `commission_balance`, `amount`, `date`) VALUES ('72W7M6', '0', '50', '2025-10-29 00:05:17');
INSERT INTO `inactive_point_history` (`user_id`, `point`, `date`) VALUES ('8PK4HK', '0', '2025-10-29 00:05:17');
UPDATE `user_registration` SET `sub_point` = 0, `active_status` = 'no'
WHERE `user_id` = '8PK4HK';
INSERT INTO `arreva_api_logs` (`user_id`, `email`, `endpoint`, `response`, `date`) VALUES ('8PK4HK', 'romandebora44@gmail.com', 'deactivatemember', '\"Unable to find user matching email or contract number or otherid\"', '2025-10-29 00:05:17');
INSERT INTO `inactive_history` (`user_id`, `commission_balance`, `amount`, `date`) VALUES ('8PK4HK', '0', '150', '2025-10-29 00:05:17');
INSERT INTO `inactive_point_history` (`user_id`, `point`, `date`) VALUES ('LEOFNI', '0', '2025-10-29 00:05:17');
UPDATE `user_registration` SET `sub_point` = 0, `active_status` = 'no'
WHERE `user_id` = 'LEOFNI';
INSERT INTO `arreva_api_logs` (`user_id`, `email`, `endpoint`, `response`, `date`) VALUES ('LEOFNI', 'nrproducts20+2@gmail.com', 'deactivatemember', '\"Unable to find user matching email or contract number or otherid\"', '2025-10-29 00:05:17');
INSERT INTO `inactive_history` (`user_id`, `commission_balance`, `amount`, `date`) VALUES ('LEOFNI', '0', '150', '2025-10-29 00:05:17');
INSERT INTO `inactive_point_history` (`user_id`, `point`, `date`) VALUES ('75X85X', '0', '2025-10-29 00:05:17');
UPDATE `user_registration` SET `sub_point` = 0, `active_status` = 'no'
WHERE `user_id` = '75X85X';
INSERT INTO `arreva_api_logs` (`user_id`, `email`, `endpoint`, `response`, `date`) VALUES ('75X85X', 'nrproducts20+3@gmail.com', 'deactivatemember', '\"Unable to find user matching email or contract number or otherid\"', '2025-10-29 00:05:17');
INSERT INTO `inactive_history` (`user_id`, `commission_balance`, `amount`, `date`) VALUES ('75X85X', '0', '50', '2025-10-29 00:05:17');
INSERT INTO `inactive_point_history` (`user_id`, `point`, `date`) VALUES ('UC1QRN', '0', '2025-10-29 00:05:17');
UPDATE `user_registration` SET `sub_point` = 0, `active_status` = 'no'
WHERE `user_id` = 'UC1QRN';
INSERT INTO `arreva_api_logs` (`user_id`, `email`, `endpoint`, `response`, `date`) VALUES ('UC1QRN', 'orelfernandezg@gmail.com', 'deactivatemember', '\"Unable to find user matching email or contract number or otherid\"', '2025-10-29 00:05:18');
INSERT INTO `inactive_history` (`user_id`, `commission_balance`, `amount`, `date`) VALUES ('UC1QRN', '0', '150', '2025-10-29 00:05:18');
INSERT INTO `inactive_point_history` (`user_id`, `point`, `date`) VALUES ('7YU16B', '0', '2025-10-29 00:05:18');
UPDATE `user_registration` SET `sub_point` = 0, `active_status` = 'no'
WHERE `user_id` = '7YU16B';
INSERT INTO `arreva_api_logs` (`user_id`, `email`, `endpoint`, `response`, `date`) VALUES ('7YU16B', 'glefran@gmail.com', 'deactivatemember', '\"Unable to find user matching email or contract number or otherid\"', '2025-10-29 00:05:18');
INSERT INTO `inactive_history` (`user_id`, `commission_balance`, `amount`, `date`) VALUES ('7YU16B', '0', '50', '2025-10-29 00:05:18');
INSERT INTO `inactive_point_history` (`user_id`, `point`, `date`) VALUES ('OEM6F6', '0', '2025-10-29 00:05:18');
UPDATE `user_registration` SET `sub_point` = 0, `active_status` = 'no'
WHERE `user_id` = 'OEM6F6';
INSERT INTO `arreva_api_logs` (`user_id`, `email`, `endpoint`, `response`, `date`) VALUES ('OEM6F6', 'oceci.nieves@gmail.com', 'deactivatemember', '\"Unable to find user matching email or contract number or otherid\"', '2025-10-29 00:05:18');
INSERT INTO `inactive_history` (`user_id`, `commission_balance`, `amount`, `date`) VALUES ('OEM6F6', '0', '50', '2025-10-29 00:05:18');
INSERT INTO `inactive_point_history` (`user_id`, `point`, `date`) VALUES ('TU7MHD', '0', '2025-10-29 00:05:18');
UPDATE `user_registration` SET `sub_point` = 0, `active_status` = 'no'
WHERE `user_id` = 'TU7MHD';
INSERT INTO `arreva_api_logs` (`user_id`, `email`, `endpoint`, `response`, `date`) VALUES ('TU7MHD', 'betgarc42@gmaill.com', 'deactivatemember', '\"Unable to find user matching email or contract number or otherid\"', '2025-10-29 00:05:19');
INSERT INTO `inactive_history` (`user_id`, `commission_balance`, `amount`, `date`) VALUES ('TU7MHD', '100', '150', '2025-10-29 00:05:19');
INSERT INTO `inactive_point_history` (`user_id`, `point`, `date`) VALUES ('7BQJK5', '0', '2025-10-29 00:05:19');
UPDATE `user_registration` SET `sub_point` = 0, `active_status` = 'no'
WHERE `user_id` = '7BQJK5';
INSERT INTO `arreva_api_logs` (`user_id`, `email`, `endpoint`, `response`, `date`) VALUES ('7BQJK5', 'YPENABAD@HOTMAIL.COM', 'deactivatemember', '\"Unable to find user matching email or contract number or otherid\"', '2025-10-29 00:05:19');
INSERT INTO `inactive_history` (`user_id`, `commission_balance`, `amount`, `date`) VALUES ('7BQJK5', '20', '150', '2025-10-29 00:05:19');
INSERT INTO `inactive_point_history` (`user_id`, `point`, `date`) VALUES ('XMN3MK', '0', '2025-10-29 00:05:19');
UPDATE `user_registration` SET `sub_point` = 0, `active_status` = 'no'
WHERE `user_id` = 'XMN3MK';
INSERT INTO `arreva_api_logs` (`user_id`, `email`, `endpoint`, `response`, `date`) VALUES ('XMN3MK', 'narotnebur324058@gmail.com', 'deactivatemember', '\"Unable to find user matching email or contract number or otherid\"', '2025-10-29 00:05:19');
INSERT INTO `inactive_history` (`user_id`, `commission_balance`, `amount`, `date`) VALUES ('XMN3MK', '0', '150', '2025-10-29 00:05:19');
INSERT INTO `inactive_point_history` (`user_id`, `point`, `date`) VALUES ('7SMFPM', '0', '2025-10-29 00:05:19');
UPDATE `user_registration` SET `sub_point` = 0, `active_status` = 'no'
WHERE `user_id` = '7SMFPM';
INSERT INTO `arreva_api_logs` (`user_id`, `email`, `endpoint`, `response`, `date`) VALUES ('7SMFPM', 'volcanu2080@gmail.com', 'deactivatemember', '\"Unable to find user matching email or contract number or otherid\"', '2025-10-29 00:05:20');
INSERT INTO `inactive_history` (`user_id`, `commission_balance`, `amount`, `date`) VALUES ('7SMFPM', '0', '50', '2025-10-29 00:05:20');
INSERT INTO `inactive_point_history` (`user_id`, `point`, `date`) VALUES ('QRE21J', '0', '2025-10-29 00:05:20');
UPDATE `user_registration` SET `sub_point` = 0, `active_status` = 'no'
WHERE `user_id` = 'QRE21J';
INSERT INTO `arreva_api_logs` (`user_id`, `email`, `endpoint`, `response`, `date`) VALUES ('QRE21J', 'fyomaris@ymail.com', 'deactivatemember', '\"Unable to find user matching email or contract number or otherid\"', '2025-10-29 00:05:20');
INSERT INTO `inactive_history` (`user_id`, `commission_balance`, `amount`, `date`) VALUES ('QRE21J', '87.5', '150', '2025-10-29 00:05:20');
INSERT INTO `inactive_point_history` (`user_id`, `point`, `date`) VALUES ('WS9KK9', '0', '2025-10-29 00:05:20');
UPDATE `user_registration` SET `sub_point` = 0, `active_status` = 'no'
WHERE `user_id` = 'WS9KK9';
INSERT INTO `arreva_api_logs` (`user_id`, `email`, `endpoint`, `response`, `date`) VALUES ('WS9KK9', 'aller.r@hotmail.com', 'deactivatemember', '\"Unable to find user matching email or contract number or otherid\"', '2025-10-29 00:05:20');
INSERT INTO `inactive_history` (`user_id`, `commission_balance`, `amount`, `date`) VALUES ('WS9KK9', '0', '150', '2025-10-29 00:05:20');
INSERT INTO `inactive_point_history` (`user_id`, `point`, `date`) VALUES ('OHI8SE', '0', '2025-10-29 00:05:20');
UPDATE `user_registration` SET `sub_point` = 0, `active_status` = 'no'
WHERE `user_id` = 'OHI8SE';
INSERT INTO `arreva_api_logs` (`user_id`, `email`, `endpoint`, `response`, `date`) VALUES ('OHI8SE', 'leann.r2002@gmail.com', 'deactivatemember', '\"Unable to find user matching email or contract number or otherid\"', '2025-10-29 00:05:21');
INSERT INTO `inactive_history` (`user_id`, `commission_balance`, `amount`, `date`) VALUES ('OHI8SE', '20', '150', '2025-10-29 00:05:21');
INSERT INTO `inactive_point_history` (`user_id`, `point`, `date`) VALUES ('BJFCEM', '0', '2025-10-29 00:05:21');
UPDATE `user_registration` SET `sub_point` = 0, `active_status` = 'no'
WHERE `user_id` = 'BJFCEM';
INSERT INTO `arreva_api_logs` (`user_id`, `email`, `endpoint`, `response`, `date`) VALUES ('BJFCEM', 'moneysavetoday@gmail.com', 'deactivatemember', '\"Unable to find user matching email or contract number or otherid\"', '2025-10-29 00:05:21');
INSERT INTO `inactive_history` (`user_id`, `commission_balance`, `amount`, `date`) VALUES ('BJFCEM', '0', '50', '2025-10-29 00:05:21');
INSERT INTO `inactive_point_history` (`user_id`, `point`, `date`) VALUES ('9EDD8W', '0', '2025-10-29 00:05:21');
UPDATE `user_registration` SET `sub_point` = 0, `active_status` = 'no'
WHERE `user_id` = '9EDD8W';
INSERT INTO `arreva_api_logs` (`user_id`, `email`, `endpoint`, `response`, `date`) VALUES ('9EDD8W', 'fabrehands@gmail.com', 'deactivatemember', '\"Unable to find user matching email or contract number or otherid\"', '2025-10-29 00:05:21');
INSERT INTO `inactive_history` (`user_id`, `commission_balance`, `amount`, `date`) VALUES ('9EDD8W', '0', '50', '2025-10-29 00:05:21');
INSERT INTO `inactive_point_history` (`user_id`, `point`, `date`) VALUES ('2QC8SK', '0', '2025-10-29 00:05:21');
UPDATE `user_registration` SET `sub_point` = 0, `active_status` = 'no'
WHERE `user_id` = '2QC8SK';
INSERT INTO `arreva_api_logs` (`user_id`, `email`, `endpoint`, `response`, `date`) VALUES ('2QC8SK', 'chaconrafael38@gmail.com', 'deactivatemember', '\"Unable to find user matching email or contract number or otherid\"', '2025-10-29 00:05:22');
INSERT INTO `inactive_history` (`user_id`, `commission_balance`, `amount`, `date`) VALUES ('2QC8SK', '0', '150', '2025-10-29 00:05:22');
INSERT INTO `inactive_point_history` (`user_id`, `point`, `date`) VALUES ('TOTNOR', '0', '2025-10-29 00:05:22');
UPDATE `user_registration` SET `sub_point` = 0, `active_status` = 'no'
WHERE `user_id` = 'TOTNOR';
INSERT INTO `arreva_api_logs` (`user_id`, `email`, `endpoint`, `response`, `date`) VALUES ('TOTNOR', 'triptripclub@gmail.com', 'deactivatemember', '\"Unable to find user matching email or contract number or otherid\"', '2025-10-29 00:05:22');
INSERT INTO `inactive_history` (`user_id`, `commission_balance`, `amount`, `date`) VALUES ('TOTNOR', '0', '50', '2025-10-29 00:05:22');
INSERT INTO `inactive_point_history` (`user_id`, `point`, `date`) VALUES ('M2XFK7', '0', '2025-10-29 00:05:22');
UPDATE `user_registration` SET `sub_point` = 0, `active_status` = 'no'
WHERE `user_id` = 'M2XFK7';
INSERT INTO `arreva_api_logs` (`user_id`, `email`, `endpoint`, `response`, `date`) VALUES ('M2XFK7', 'omartoranzo24@gmail.com', 'deactivatemember', '\"Unable to find user matching email or contract number or otherid\"', '2025-10-29 00:05:22');
INSERT INTO `inactive_history` (`user_id`, `commission_balance`, `amount`, `date`) VALUES ('M2XFK7', '0', '150', '2025-10-29 00:05:22');
INSERT INTO `inactive_point_history` (`user_id`, `point`, `date`) VALUES ('82W7DS', '0', '2025-10-29 00:05:22');
UPDATE `user_registration` SET `sub_point` = 0, `active_status` = 'no'
WHERE `user_id` = '82W7DS';
INSERT INTO `arreva_api_logs` (`user_id`, `email`, `endpoint`, `response`, `date`) VALUES ('82W7DS', 'ernestop148@gmail.com', 'deactivatemember', '\"Unable to find user matching email or contract number or otherid\"', '2025-10-29 00:05:22');
INSERT INTO `inactive_history` (`user_id`, `commission_balance`, `amount`, `date`) VALUES ('82W7DS', '0', '50', '2025-10-29 00:05:22');
INSERT INTO `inactive_point_history` (`user_id`, `point`, `date`) VALUES ('9T4ALJ', '0', '2025-10-29 00:05:22');
UPDATE `user_registration` SET `sub_point` = 0, `active_status` = 'no'
WHERE `user_id` = '9T4ALJ';
INSERT INTO `arreva_api_logs` (`user_id`, `email`, `endpoint`, `response`, `date`) VALUES ('9T4ALJ', 'terina.quinones@gmail.com', 'deactivatemember', '\"Unable to find user matching email or contract number or otherid\"', '2025-10-29 00:05:23');
INSERT INTO `inactive_history` (`user_id`, `commission_balance`, `amount`, `date`) VALUES ('9T4ALJ', '0', '150', '2025-10-29 00:05:23');
INSERT INTO `inactive_point_history` (`user_id`, `point`, `date`) VALUES ('648GBY', '0', '2025-10-29 00:05:23');
UPDATE `user_registration` SET `sub_point` = 0, `active_status` = 'no'
WHERE `user_id` = '648GBY';
INSERT INTO `arreva_api_logs` (`user_id`, `email`, `endpoint`, `response`, `date`) VALUES ('648GBY', 'shaniarodri888@gmail.com', 'deactivatemember', '\"Unable to find user matching email or contract number or otherid\"', '2025-10-29 00:05:23');
INSERT INTO `inactive_history` (`user_id`, `commission_balance`, `amount`, `date`) VALUES ('648GBY', '20', '50', '2025-10-29 00:05:23');
INSERT INTO `inactive_point_history` (`user_id`, `point`, `date`) VALUES ('X5T3ZT', '0', '2025-10-29 00:05:23');
UPDATE `user_registration` SET `sub_point` = 0, `active_status` = 'no'
WHERE `user_id` = 'X5T3ZT';
INSERT INTO `arreva_api_logs` (`user_id`, `email`, `endpoint`, `response`, `date`) VALUES ('X5T3ZT', 'joseantonio112759@gmail.com', 'deactivatemember', '\"Unable to find user matching email or contract number or otherid\"', '2025-10-29 00:05:23');
INSERT INTO `inactive_history` (`user_id`, `commission_balance`, `amount`, `date`) VALUES ('X5T3ZT', '0', '150', '2025-10-29 00:05:23');
INSERT INTO `inactive_point_history` (`user_id`, `point`, `date`) VALUES ('PXHCYN', '0', '2025-10-29 00:05:23');
UPDATE `user_registration` SET `sub_point` = 0, `active_status` = 'no'
WHERE `user_id` = 'PXHCYN';
INSERT INTO `arreva_api_logs` (`user_id`, `email`, `endpoint`, `response`, `date`) VALUES ('PXHCYN', 'heribertoortega68@yahoo.com', 'deactivatemember', '\"Unable to find user matching email or contract number or otherid\"', '2025-10-29 00:05:24');
INSERT INTO `inactive_history` (`user_id`, `commission_balance`, `amount`, `date`) VALUES ('PXHCYN', '0', '150', '2025-10-29 00:05:24');
INSERT INTO `inactive_point_history` (`user_id`, `point`, `date`) VALUES ('1GNDEQ', '0', '2025-10-29 00:05:24');
UPDATE `user_registration` SET `sub_point` = 0, `active_status` = 'no'
WHERE `user_id` = '1GNDEQ';
INSERT INTO `arreva_api_logs` (`user_id`, `email`, `endpoint`, `response`, `date`) VALUES ('1GNDEQ', 'Bettylaracormier@gmail.com', 'deactivatemember', '\"Unable to find user matching email or contract number or otherid\"', '2025-10-29 00:05:24');
INSERT INTO `inactive_history` (`user_id`, `commission_balance`, `amount`, `date`) VALUES ('1GNDEQ', '50', '150', '2025-10-29 00:05:24');
INSERT INTO `inactive_point_history` (`user_id`, `point`, `date`) VALUES ('4PJDWH', '0', '2025-10-29 00:05:24');
UPDATE `user_registration` SET `sub_point` = 0, `active_status` = 'no'
WHERE `user_id` = '4PJDWH';
INSERT INTO `arreva_api_logs` (`user_id`, `email`, `endpoint`, `response`, `date`) VALUES ('4PJDWH', 'dayceesaldana169@gmail.com', 'deactivatemember', '\"Unable to find user matching email or contract number or otherid\"', '2025-10-29 00:05:24');
INSERT INTO `inactive_history` (`user_id`, `commission_balance`, `amount`, `date`) VALUES ('4PJDWH', '0', '150', '2025-10-29 00:05:24');
INSERT INTO `inactive_point_history` (`user_id`, `point`, `date`) VALUES ('G3WYIA', '0', '2025-10-29 00:05:24');
UPDATE `user_registration` SET `sub_point` = 0, `active_status` = 'no'
WHERE `user_id` = 'G3WYIA';
INSERT INTO `arreva_api_logs` (`user_id`, `email`, `endpoint`, `response`, `date`) VALUES ('G3WYIA', 'Cmorgansanchez@yahoo.com', 'deactivatemember', '\"Unable to find user matching email or contract number or otherid\"', '2025-10-29 00:05:25');
INSERT INTO `inactive_history` (`user_id`, `commission_balance`, `amount`, `date`) VALUES ('G3WYIA', '0', '150', '2025-10-29 00:05:25');
INSERT INTO `inactive_point_history` (`user_id`, `point`, `date`) VALUES ('8R8YQG', '0', '2025-10-29 00:05:25');
UPDATE `user_registration` SET `sub_point` = 0, `active_status` = 'no'
WHERE `user_id` = '8R8YQG';
INSERT INTO `arreva_api_logs` (`user_id`, `email`, `endpoint`, `response`, `date`) VALUES ('8R8YQG', 'yasmani5@yahoo.com', 'deactivatemember', '\"Unable to find user matching email or contract number or otherid\"', '2025-10-29 00:05:25');
INSERT INTO `inactive_history` (`user_id`, `commission_balance`, `amount`, `date`) VALUES ('8R8YQG', '0', '150', '2025-10-29 00:05:25');
INSERT INTO `inactive_point_history` (`user_id`, `point`, `date`) VALUES ('CN9O47', '0', '2025-10-29 00:05:25');
UPDATE `user_registration` SET `sub_point` = 0, `active_status` = 'no'
WHERE `user_id` = 'CN9O47';
INSERT INTO `arreva_api_logs` (`user_id`, `email`, `endpoint`, `response`, `date`) VALUES ('CN9O47', 'indira@artictempinc.com', 'deactivatemember', '\"Unable to find user matching email or contract number or otherid\"', '2025-10-29 00:05:25');
INSERT INTO `inactive_history` (`user_id`, `commission_balance`, `amount`, `date`) VALUES ('CN9O47', '0', '150', '2025-10-29 00:05:25');
INSERT INTO `inactive_point_history` (`user_id`, `point`, `date`) VALUES ('VZYEPG', '0', '2025-10-29 00:05:25');
UPDATE `user_registration` SET `sub_point` = 0, `active_status` = 'no'
WHERE `user_id` = 'VZYEPG';
INSERT INTO `arreva_api_logs` (`user_id`, `email`, `endpoint`, `response`, `date`) VALUES ('VZYEPG', 'a.ramos9321@icloud.com', 'deactivatemember', '\"Unable to find user matching email or contract number or otherid\"', '2025-10-29 00:05:26');
INSERT INTO `inactive_history` (`user_id`, `commission_balance`, `amount`, `date`) VALUES ('VZYEPG', '0', '150', '2025-10-29 00:05:26');
INSERT INTO `inactive_point_history` (`user_id`, `point`, `date`) VALUES ('TB42PA', '0', '2025-10-29 00:05:26');
UPDATE `user_registration` SET `sub_point` = 0, `active_status` = 'no'
WHERE `user_id` = 'TB42PA';
INSERT INTO `arreva_api_logs` (`user_id`, `email`, `endpoint`, `response`, `date`) VALUES ('TB42PA', 'betsycf@msn.com', 'deactivatemember', '\"Unable to find user matching email or contract number or otherid\"', '2025-10-29 00:05:26');
INSERT INTO `inactive_history` (`user_id`, `commission_balance`, `amount`, `date`) VALUES ('TB42PA', '0', '150', '2025-10-29 00:05:26');
INSERT INTO `inactive_point_history` (`user_id`, `point`, `date`) VALUES ('2KPJZJ', '0', '2025-10-29 00:05:26');
UPDATE `user_registration` SET `sub_point` = 0, `active_status` = 'no'
WHERE `user_id` = '2KPJZJ';
INSERT INTO `arreva_api_logs` (`user_id`, `email`, `endpoint`, `response`, `date`) VALUES ('2KPJZJ', 'marlonlimonta11@gmail.com', 'deactivatemember', '\"Unable to find user matching email or contract number or otherid\"', '2025-10-29 00:05:26');
INSERT INTO `inactive_history` (`user_id`, `commission_balance`, `amount`, `date`) VALUES ('2KPJZJ', '0', '150', '2025-10-29 00:05:26');
INSERT INTO `inactive_point_history` (`user_id`, `point`, `date`) VALUES ('8634EF', '0', '2025-10-29 00:05:26');
UPDATE `user_registration` SET `sub_point` = 0, `active_status` = 'no'
WHERE `user_id` = '8634EF';
INSERT INTO `arreva_api_logs` (`user_id`, `email`, `endpoint`, `response`, `date`) VALUES ('8634EF', 'taymi1509@gmail.com', 'deactivatemember', '\"Unable to find user matching email or contract number or otherid\"', '2025-10-29 00:05:26');
INSERT INTO `inactive_history` (`user_id`, `commission_balance`, `amount`, `date`) VALUES ('8634EF', '0', '150', '2025-10-29 00:05:26');
INSERT INTO `inactive_point_history` (`user_id`, `point`, `date`) VALUES ('7P1TWW', '0', '2025-10-29 00:05:26');
UPDATE `user_registration` SET `sub_point` = 0, `active_status` = 'no'
WHERE `user_id` = '7P1TWW';
INSERT INTO `arreva_api_logs` (`user_id`, `email`, `endpoint`, `response`, `date`) VALUES ('7P1TWW', 'marthamarin9993@gmail.com', 'deactivatemember', '\"Unable to find user matching email or contract number or otherid\"', '2025-10-29 00:05:27');
INSERT INTO `inactive_history` (`user_id`, `commission_balance`, `amount`, `date`) VALUES ('7P1TWW', '20', '150', '2025-10-29 00:05:27');
INSERT INTO `inactive_point_history` (`user_id`, `point`, `date`) VALUES ('WNT6C4', '0', '2025-10-29 00:05:27');
UPDATE `user_registration` SET `sub_point` = 0, `active_status` = 'no'
WHERE `user_id` = 'WNT6C4';
INSERT INTO `arreva_api_logs` (`user_id`, `email`, `endpoint`, `response`, `date`) VALUES ('WNT6C4', 'lizanaya0310@gmail.com', 'deactivatemember', '\"Unable to find user matching email or contract number or otherid\"', '2025-10-29 00:05:27');
INSERT INTO `inactive_history` (`user_id`, `commission_balance`, `amount`, `date`) VALUES ('WNT6C4', '0', '150', '2025-10-29 00:05:27');
INSERT INTO `inactive_point_history` (`user_id`, `point`, `date`) VALUES ('KYPLBN', '0', '2025-10-29 00:05:27');
UPDATE `user_registration` SET `sub_point` = 0, `active_status` = 'no'
WHERE `user_id` = 'KYPLBN';
INSERT INTO `arreva_api_logs` (`user_id`, `email`, `endpoint`, `response`, `date`) VALUES ('KYPLBN', 'ivanportega02@gmail.com', 'deactivatemember', '\"Unable to find user matching email or contract number or otherid\"', '2025-10-29 00:05:27');
INSERT INTO `inactive_history` (`user_id`, `commission_balance`, `amount`, `date`) VALUES ('KYPLBN', '0', '150', '2025-10-29 00:05:27');
INSERT INTO `inactive_point_history` (`user_id`, `point`, `date`) VALUES ('5MW4H3', '0', '2025-10-29 00:05:27');
UPDATE `user_registration` SET `sub_point` = 0, `active_status` = 'no'
WHERE `user_id` = '5MW4H3';
INSERT INTO `arreva_api_logs` (`user_id`, `email`, `endpoint`, `response`, `date`) VALUES ('5MW4H3', 'yaredari2023@gmail.com', 'deactivatemember', '\"Unable to find user matching email or contract number or otherid\"', '2025-10-29 00:05:28');
INSERT INTO `inactive_history` (`user_id`, `commission_balance`, `amount`, `date`) VALUES ('5MW4H3', '0', '150', '2025-10-29 00:05:28');
INSERT INTO `inactive_point_history` (`user_id`, `point`, `date`) VALUES ('XT3VLL', '0', '2025-10-29 00:05:28');
UPDATE `user_registration` SET `sub_point` = 0, `active_status` = 'no'
WHERE `user_id` = 'XT3VLL';
INSERT INTO `arreva_api_logs` (`user_id`, `email`, `endpoint`, `response`, `date`) VALUES ('XT3VLL', 'daychavez912@gmail.com', 'deactivatemember', '\"Unable to find user matching email or contract number or otherid\"', '2025-10-29 00:05:28');
INSERT INTO `inactive_history` (`user_id`, `commission_balance`, `amount`, `date`) VALUES ('XT3VLL', '0', '150', '2025-10-29 00:05:28');
INSERT INTO `inactive_point_history` (`user_id`, `point`, `date`) VALUES ('WP5PIA', '0', '2025-10-29 00:05:28');
UPDATE `user_registration` SET `sub_point` = 0, `active_status` = 'no'
WHERE `user_id` = 'WP5PIA';
INSERT INTO `arreva_api_logs` (`user_id`, `email`, `endpoint`, `response`, `date`) VALUES ('WP5PIA', 'zuramacortina@gmail.com', 'deactivatemember', '\"Unable to find user matching email or contract number or otherid\"', '2025-10-29 00:05:29');
INSERT INTO `inactive_history` (`user_id`, `commission_balance`, `amount`, `date`) VALUES ('WP5PIA', '50', '150', '2025-10-29 00:05:29');
INSERT INTO `inactive_point_history` (`user_id`, `point`, `date`) VALUES ('DSVFR5', '0', '2025-10-29 00:05:29');
UPDATE `user_registration` SET `sub_point` = 0, `active_status` = 'no'
WHERE `user_id` = 'DSVFR5';
INSERT INTO `arreva_api_logs` (`user_id`, `email`, `endpoint`, `response`, `date`) VALUES ('DSVFR5', 'jesuscruzsantovenia@gmail.com', 'deactivatemember', '\"Unable to find user matching email or contract number or otherid\"', '2025-10-29 00:05:29');
INSERT INTO `inactive_history` (`user_id`, `commission_balance`, `amount`, `date`) VALUES ('DSVFR5', '87.5', '150', '2025-10-29 00:05:29');
INSERT INTO `inactive_point_history` (`user_id`, `point`, `date`) VALUES ('7ZQOFP', '0', '2025-10-29 00:05:29');
UPDATE `user_registration` SET `sub_point` = 0, `active_status` = 'no'
WHERE `user_id` = '7ZQOFP';
INSERT INTO `arreva_api_logs` (`user_id`, `email`, `endpoint`, `response`, `date`) VALUES ('7ZQOFP', 'hilvarshopping@gmail.com', 'deactivatemember', '\"Unable to find user matching email or contract number or otherid\"', '2025-10-29 00:05:29');
INSERT INTO `inactive_history` (`user_id`, `commission_balance`, `amount`, `date`) VALUES ('7ZQOFP', '20', '150', '2025-10-29 00:05:29');
INSERT INTO `inactive_point_history` (`user_id`, `point`, `date`) VALUES ('4Q2HUA', '0', '2025-10-29 00:05:29');
UPDATE `user_registration` SET `sub_point` = 0, `active_status` = 'no'
WHERE `user_id` = '4Q2HUA';
INSERT INTO `arreva_api_logs` (`user_id`, `email`, `endpoint`, `response`, `date`) VALUES ('4Q2HUA', 'yeniaesquijarrosa@gmail.com', 'deactivatemember', '\"Unable to find user matching email or contract number or otherid\"', '2025-10-29 00:05:30');
INSERT INTO `inactive_history` (`user_id`, `commission_balance`, `amount`, `date`) VALUES ('4Q2HUA', '0', '150', '2025-10-29 00:05:30');
INSERT INTO `inactive_point_history` (`user_id`, `point`, `date`) VALUES ('DLHC7V', '0', '2025-10-29 00:05:30');
UPDATE `user_registration` SET `sub_point` = 0, `active_status` = 'no'
WHERE `user_id` = 'DLHC7V';
INSERT INTO `arreva_api_logs` (`user_id`, `email`, `endpoint`, `response`, `date`) VALUES ('DLHC7V', 'bacarote54@gmail.com', 'deactivatemember', '\"Unable to find user matching email or contract number or otherid\"', '2025-10-29 00:05:30');
INSERT INTO `inactive_history` (`user_id`, `commission_balance`, `amount`, `date`) VALUES ('DLHC7V', '0', '150', '2025-10-29 00:05:30');
INSERT INTO `inactive_point_history` (`user_id`, `point`, `date`) VALUES ('QXETAG', '0', '2025-10-29 00:05:30');
UPDATE `user_registration` SET `sub_point` = 0, `active_status` = 'no'
WHERE `user_id` = 'QXETAG';
INSERT INTO `arreva_api_logs` (`user_id`, `email`, `endpoint`, `response`, `date`) VALUES ('QXETAG', 'amadorsonia67@icloud.com', 'deactivatemember', '\"Unable to find user matching email or contract number or otherid\"', '2025-10-29 00:05:31');
INSERT INTO `inactive_history` (`user_id`, `commission_balance`, `amount`, `date`) VALUES ('QXETAG', '0', '150', '2025-10-29 00:05:31');
INSERT INTO `inactive_point_history` (`user_id`, `point`, `date`) VALUES ('41V5DE', '0', '2025-10-29 00:05:31');
UPDATE `user_registration` SET `sub_point` = 0, `active_status` = 'no'
WHERE `user_id` = '41V5DE';
INSERT INTO `arreva_api_logs` (`user_id`, `email`, `endpoint`, `response`, `date`) VALUES ('41V5DE', 'yoansz79@gmail.com', 'deactivatemember', '\"Unable to find user matching email or contract number or otherid\"', '2025-10-29 00:05:31');
INSERT INTO `inactive_history` (`user_id`, `commission_balance`, `amount`, `date`) VALUES ('41V5DE', '0', '150', '2025-10-29 00:05:31');
INSERT INTO `inactive_point_history` (`user_id`, `point`, `date`) VALUES ('SX4SBY', '0', '2025-10-29 00:05:31');
UPDATE `user_registration` SET `sub_point` = 0, `active_status` = 'no'
WHERE `user_id` = 'SX4SBY';
INSERT INTO `arreva_api_logs` (`user_id`, `email`, `endpoint`, `response`, `date`) VALUES ('SX4SBY', 'enriquemasso42@gmail.com', 'deactivatemember', '\"Unable to find user matching email or contract number or otherid\"', '2025-10-29 00:05:31');
INSERT INTO `inactive_history` (`user_id`, `commission_balance`, `amount`, `date`) VALUES ('SX4SBY', '0', '150', '2025-10-29 00:05:31');
INSERT INTO `inactive_point_history` (`user_id`, `point`, `date`) VALUES ('5SGU6D', '0', '2025-10-29 00:05:31');
UPDATE `user_registration` SET `sub_point` = 0, `active_status` = 'no'
WHERE `user_id` = '5SGU6D';
INSERT INTO `arreva_api_logs` (`user_id`, `email`, `endpoint`, `response`, `date`) VALUES ('5SGU6D', 'sonitac1226@gmail.comp', 'deactivatemember', '\"Unable to find user matching email or contract number or otherid\"', '2025-10-29 00:05:32');
INSERT INTO `inactive_history` (`user_id`, `commission_balance`, `amount`, `date`) VALUES ('5SGU6D', '0', '150', '2025-10-29 00:05:32');
INSERT INTO `inactive_point_history` (`user_id`, `point`, `date`) VALUES ('L84ITK', '0', '2025-10-29 00:05:32');
UPDATE `user_registration` SET `sub_point` = 0, `active_status` = 'no'
WHERE `user_id` = 'L84ITK';
INSERT INTO `arreva_api_logs` (`user_id`, `email`, `endpoint`, `response`, `date`) VALUES ('L84ITK', 'nelson.hernandez62@hotmail.com', 'deactivatemember', '\"Unable to find user matching email or contract number or otherid\"', '2025-10-29 00:05:32');
INSERT INTO `inactive_history` (`user_id`, `commission_balance`, `amount`, `date`) VALUES ('L84ITK', '0', '150', '2025-10-29 00:05:32');
INSERT INTO `inactive_point_history` (`user_id`, `point`, `date`) VALUES ('6UFXJY', '0', '2025-10-29 00:05:32');
UPDATE `user_registration` SET `sub_point` = 0, `active_status` = 'no'
WHERE `user_id` = '6UFXJY';
INSERT INTO `arreva_api_logs` (`user_id`, `email`, `endpoint`, `response`, `date`) VALUES ('6UFXJY', 'belindaserbellon2013@gmail.com', 'deactivatemember', '\"Unable to find user matching email or contract number or otherid\"', '2025-10-29 00:05:32');
INSERT INTO `inactive_history` (`user_id`, `commission_balance`, `amount`, `date`) VALUES ('6UFXJY', '0', '150', '2025-10-29 00:05:32');
INSERT INTO `inactive_point_history` (`user_id`, `point`, `date`) VALUES ('6FI4ND', '0', '2025-10-29 00:05:32');
UPDATE `user_registration` SET `sub_point` = 0, `active_status` = 'no'
WHERE `user_id` = '6FI4ND';
INSERT INTO `arreva_api_logs` (`user_id`, `email`, `endpoint`, `response`, `date`) VALUES ('6FI4ND', 'deylonhernandez34@gmail.com', 'deactivatemember', '\"Unable to find user matching email or contract number or otherid\"', '2025-10-29 00:05:33');
INSERT INTO `inactive_history` (`user_id`, `commission_balance`, `amount`, `date`) VALUES ('6FI4ND', '0', '150', '2025-10-29 00:05:33');
INSERT INTO `inactive_point_history` (`user_id`, `point`, `date`) VALUES ('2HKNYD', '0', '2025-10-29 00:05:33');
UPDATE `user_registration` SET `sub_point` = 0, `active_status` = 'no'
WHERE `user_id` = '2HKNYD';
INSERT INTO `arreva_api_logs` (`user_id`, `email`, `endpoint`, `response`, `date`) VALUES ('2HKNYD', 'ripollarlene0@gmail.com', 'deactivatemember', 'true', '2025-10-29 00:05:33');
INSERT INTO `inactive_history` (`user_id`, `commission_balance`, `amount`, `date`) VALUES ('2HKNYD', '0', '150', '2025-10-29 00:05:33');
INSERT INTO `inactive_point_history` (`user_id`, `point`, `date`) VALUES ('55ASP4', '0', '2025-10-29 00:05:33');
UPDATE `user_registration` SET `sub_point` = 0, `active_status` = 'no'
WHERE `user_id` = '55ASP4';
INSERT INTO `arreva_api_logs` (`user_id`, `email`, `endpoint`, `response`, `date`) VALUES ('55ASP4', 'sbsfunding79@gmail.com', 'deactivatemember', '\"Unable to find user matching email or contract number or otherid\"', '2025-10-29 00:05:33');
INSERT INTO `inactive_history` (`user_id`, `commission_balance`, `amount`, `date`) VALUES ('55ASP4', '0', '150', '2025-10-29 00:05:33');
INSERT INTO `inactive_point_history` (`user_id`, `point`, `date`) VALUES ('P16KP7', '0', '2025-10-29 00:05:33');
UPDATE `user_registration` SET `sub_point` = 0, `active_status` = 'no'
WHERE `user_id` = 'P16KP7';
INSERT INTO `arreva_api_logs` (`user_id`, `email`, `endpoint`, `response`, `date`) VALUES ('P16KP7', 'breijocrespo@gmail.com', 'deactivatemember', '\"Unable to find user matching email or contract number or otherid\"', '2025-10-29 00:05:34');
INSERT INTO `inactive_history` (`user_id`, `commission_balance`, `amount`, `date`) VALUES ('P16KP7', '0', '150', '2025-10-29 00:05:34');
INSERT INTO `inactive_point_history` (`user_id`, `point`, `date`) VALUES ('7VETI8', '0', '2025-10-29 00:05:34');
UPDATE `user_registration` SET `sub_point` = 0, `active_status` = 'no'
WHERE `user_id` = '7VETI8';
INSERT INTO `arreva_api_logs` (`user_id`, `email`, `endpoint`, `response`, `date`) VALUES ('7VETI8', 'sotolongor+955@gmail.com', 'deactivatemember', '\"Unable to find user matching email or contract number or otherid\"', '2025-10-29 00:05:34');
INSERT INTO `inactive_history` (`user_id`, `commission_balance`, `amount`, `date`) VALUES ('7VETI8', '0', '150', '2025-10-29 00:05:34');
INSERT INTO `inactive_point_history` (`user_id`, `point`, `date`) VALUES ('EKTIVH', '0', '2025-10-29 00:05:34');
UPDATE `user_registration` SET `sub_point` = 0, `active_status` = 'no'
WHERE `user_id` = 'EKTIVH';
INSERT INTO `arreva_api_logs` (`user_id`, `email`, `endpoint`, `response`, `date`) VALUES ('EKTIVH', 'anniel.reyes@icloud.com', 'deactivatemember', '\"Unable to find user matching email or contract number or otherid\"', '2025-10-29 00:05:34');
INSERT INTO `inactive_history` (`user_id`, `commission_balance`, `amount`, `date`) VALUES ('EKTIVH', '0', '150', '2025-10-29 00:05:34');
INSERT INTO `inactive_point_history` (`user_id`, `point`, `date`) VALUES ('WAO86G', '0', '2025-10-29 00:05:34');
UPDATE `user_registration` SET `sub_point` = 0, `active_status` = 'no'
WHERE `user_id` = 'WAO86G';
INSERT INTO `arreva_api_logs` (`user_id`, `email`, `endpoint`, `response`, `date`) VALUES ('WAO86G', 'Albaperez2012@yahoo.com', 'deactivatemember', '\"Unable to find user matching email or contract number or otherid\"', '2025-10-29 00:05:34');
INSERT INTO `inactive_history` (`user_id`, `commission_balance`, `amount`, `date`) VALUES ('WAO86G', '0', '150', '2025-10-29 00:05:34');
INSERT INTO `inactive_point_history` (`user_id`, `point`, `date`) VALUES ('5YE99V', '0', '2025-10-29 00:05:34');
UPDATE `user_registration` SET `sub_point` = 0, `active_status` = 'no'
WHERE `user_id` = '5YE99V';
INSERT INTO `arreva_api_logs` (`user_id`, `email`, `endpoint`, `response`, `date`) VALUES ('5YE99V', 'esterperez75@yahoo.com', 'deactivatemember', '\"Unable to find user matching email or contract number or otherid\"', '2025-10-29 00:05:35');
INSERT INTO `inactive_history` (`user_id`, `commission_balance`, `amount`, `date`) VALUES ('5YE99V', '0', '50', '2025-10-29 00:05:35');
INSERT INTO `inactive_point_history` (`user_id`, `point`, `date`) VALUES ('XFX3US', '0', '2025-10-29 00:05:35');
UPDATE `user_registration` SET `sub_point` = 0, `active_status` = 'no'
WHERE `user_id` = 'XFX3US';
INSERT INTO `arreva_api_logs` (`user_id`, `email`, `endpoint`, `response`, `date`) VALUES ('XFX3US', 'vherreraaa16@gmail.com', 'deactivatemember', '\"Unable to find user matching email or contract number or otherid\"', '2025-10-29 00:05:35');
INSERT INTO `inactive_history` (`user_id`, `commission_balance`, `amount`, `date`) VALUES ('XFX3US', '0', '50', '2025-10-29 00:05:35');
INSERT INTO `inactive_point_history` (`user_id`, `point`, `date`) VALUES ('9I44XH', '0', '2025-10-29 00:05:35');
UPDATE `user_registration` SET `sub_point` = 0, `active_status` = 'no'
WHERE `user_id` = '9I44XH';
INSERT INTO `arreva_api_logs` (`user_id`, `email`, `endpoint`, `response`, `date`) VALUES ('9I44XH', 'taymigonzalez71@gmail.com', 'deactivatemember', 'true', '2025-10-29 00:05:36');
INSERT INTO `inactive_history` (`user_id`, `commission_balance`, `amount`, `date`) VALUES ('9I44XH', '37.5', '150', '2025-10-29 00:05:36');
INSERT INTO `inactive_point_history` (`user_id`, `point`, `date`) VALUES ('MRC89O', '0', '2025-10-29 00:05:36');
UPDATE `user_registration` SET `sub_point` = 0, `active_status` = 'no'
WHERE `user_id` = 'MRC89O';
INSERT INTO `arreva_api_logs` (`user_id`, `email`, `endpoint`, `response`, `date`) VALUES ('MRC89O', 'rosxcrz@gmail.com', 'deactivatemember', '\"Unable to find user matching email or contract number or otherid\"', '2025-10-29 00:05:36');
INSERT INTO `inactive_history` (`user_id`, `commission_balance`, `amount`, `date`) VALUES ('MRC89O', '50', '150', '2025-10-29 00:05:36');
INSERT INTO `inactive_point_history` (`user_id`, `point`, `date`) VALUES ('F8GQHM', '0', '2025-10-29 00:05:36');
UPDATE `user_registration` SET `sub_point` = 0, `active_status` = 'no'
WHERE `user_id` = 'F8GQHM';
INSERT INTO `arreva_api_logs` (`user_id`, `email`, `endpoint`, `response`, `date`) VALUES ('F8GQHM', 'carlosochoa1973@gmail.com', 'deactivatemember', '\"Unable to find user matching email or contract number or otherid\"', '2025-10-29 00:05:36');
INSERT INTO `inactive_history` (`user_id`, `commission_balance`, `amount`, `date`) VALUES ('F8GQHM', '0', '150', '2025-10-29 00:05:36');
INSERT INTO `inactive_point_history` (`user_id`, `point`, `date`) VALUES ('7R7D9E', '0', '2025-10-29 00:05:36');
UPDATE `user_registration` SET `sub_point` = 0, `active_status` = 'no'
WHERE `user_id` = '7R7D9E';
INSERT INTO `arreva_api_logs` (`user_id`, `email`, `endpoint`, `response`, `date`) VALUES ('7R7D9E', 'hjaa2711@gmail.com', 'deactivatemember', '\"Unable to find user matching email or contract number or otherid\"', '2025-10-29 00:05:36');
INSERT INTO `inactive_history` (`user_id`, `commission_balance`, `amount`, `date`) VALUES ('7R7D9E', '0', '150', '2025-10-29 00:05:36');
INSERT INTO `inactive_point_history` (`user_id`, `point`, `date`) VALUES ('FMXQ6T', '0', '2025-10-29 00:05:36');
UPDATE `user_registration` SET `sub_point` = 0, `active_status` = 'no'
WHERE `user_id` = 'FMXQ6T';
INSERT INTO `arreva_api_logs` (`user_id`, `email`, `endpoint`, `response`, `date`) VALUES ('FMXQ6T', 'yamisvaldes7@gmail.com', 'deactivatemember', '\"Unable to find user matching email or contract number or otherid\"', '2025-10-29 00:05:37');
INSERT INTO `inactive_history` (`user_id`, `commission_balance`, `amount`, `date`) VALUES ('FMXQ6T', '0', '150', '2025-10-29 00:05:37');
INSERT INTO `inactive_point_history` (`user_id`, `point`, `date`) VALUES ('BAR1UQ', '0', '2025-10-29 00:05:37');
UPDATE `user_registration` SET `sub_point` = 0, `active_status` = 'no'
WHERE `user_id` = 'BAR1UQ';
INSERT INTO `arreva_api_logs` (`user_id`, `email`, `endpoint`, `response`, `date`) VALUES ('BAR1UQ', 'alvarezperzabel1968@gmail.com', 'deactivatemember', '\"Unable to find user matching email or contract number or otherid\"', '2025-10-29 00:05:37');
INSERT INTO `inactive_history` (`user_id`, `commission_balance`, `amount`, `date`) VALUES ('BAR1UQ', '0', '150', '2025-10-29 00:05:37');
INSERT INTO `inactive_point_history` (`user_id`, `point`, `date`) VALUES ('6RCEKP', '0', '2025-10-29 00:05:37');
UPDATE `user_registration` SET `sub_point` = 0, `active_status` = 'no'
WHERE `user_id` = '6RCEKP';
INSERT INTO `arreva_api_logs` (`user_id`, `email`, `endpoint`, `response`, `date`) VALUES ('6RCEKP', 'felixarias171@gmail.com', 'deactivatemember', 'true', '2025-10-29 00:05:37');
INSERT INTO `inactive_history` (`user_id`, `commission_balance`, `amount`, `date`) VALUES ('6RCEKP', '0', '150', '2025-10-29 00:05:37');
INSERT INTO `inactive_point_history` (`user_id`, `point`, `date`) VALUES ('5J9Q6A', '0', '2025-10-29 00:05:37');
UPDATE `user_registration` SET `sub_point` = 0, `active_status` = 'no'
WHERE `user_id` = '5J9Q6A';
INSERT INTO `arreva_api_logs` (`user_id`, `email`, `endpoint`, `response`, `date`) VALUES ('5J9Q6A', 'reiderglz16@gmail.com', 'deactivatemember', '\"Unable to find user matching email or contract number or otherid\"', '2025-10-29 00:05:38');
INSERT INTO `inactive_history` (`user_id`, `commission_balance`, `amount`, `date`) VALUES ('5J9Q6A', '0', '150', '2025-10-29 00:05:38');
INSERT INTO `inactive_point_history` (`user_id`, `point`, `date`) VALUES ('RHLTER', '0', '2025-10-29 00:05:38');
UPDATE `user_registration` SET `sub_point` = 0, `active_status` = 'no'
WHERE `user_id` = 'RHLTER';
INSERT INTO `arreva_api_logs` (`user_id`, `email`, `endpoint`, `response`, `date`) VALUES ('RHLTER', 'leydisvaldes5@gmail.com', 'deactivatemember', '\"Unable to find user matching email or contract number or otherid\"', '2025-10-29 00:05:38');
INSERT INTO `inactive_history` (`user_id`, `commission_balance`, `amount`, `date`) VALUES ('RHLTER', '0', '150', '2025-10-29 00:05:38');
INSERT INTO `inactive_point_history` (`user_id`, `point`, `date`) VALUES ('FGI2FY', '0', '2025-10-29 00:05:38');
UPDATE `user_registration` SET `sub_point` = 0, `active_status` = 'no'
WHERE `user_id` = 'FGI2FY';
INSERT INTO `arreva_api_logs` (`user_id`, `email`, `endpoint`, `response`, `date`) VALUES ('FGI2FY', 'elizabethvicente25@yahoo.com', 'deactivatemember', '\"Unable to find user matching email or contract number or otherid\"', '2025-10-29 00:05:38');
INSERT INTO `inactive_history` (`user_id`, `commission_balance`, `amount`, `date`) VALUES ('FGI2FY', '0', '150', '2025-10-29 00:05:38');
INSERT INTO `inactive_point_history` (`user_id`, `point`, `date`) VALUES ('JLPXI6', '0', '2025-10-29 00:05:38');
UPDATE `user_registration` SET `sub_point` = 0, `active_status` = 'no'
WHERE `user_id` = 'JLPXI6';
INSERT INTO `arreva_api_logs` (`user_id`, `email`, `endpoint`, `response`, `date`) VALUES ('JLPXI6', 'mariaisabel74@live.com', 'deactivatemember', '\"Unable to find user matching email or contract number or otherid\"', '2025-10-29 00:05:38');
INSERT INTO `inactive_history` (`user_id`, `commission_balance`, `amount`, `date`) VALUES ('JLPXI6', '0', '150', '2025-10-29 00:05:38');
INSERT INTO `inactive_point_history` (`user_id`, `point`, `date`) VALUES ('1HT8BK', '0', '2025-10-29 00:05:38');
UPDATE `user_registration` SET `sub_point` = 0, `active_status` = 'no'
WHERE `user_id` = '1HT8BK';
INSERT INTO `arreva_api_logs` (`user_id`, `email`, `endpoint`, `response`, `date`) VALUES ('1HT8BK', 'astrid1246@gmail.com', 'deactivatemember', '\"Unable to find user matching email or contract number or otherid\"', '2025-10-29 00:05:39');
INSERT INTO `inactive_history` (`user_id`, `commission_balance`, `amount`, `date`) VALUES ('1HT8BK', '0', '150', '2025-10-29 00:05:39');
INSERT INTO `inactive_point_history` (`user_id`, `point`, `date`) VALUES ('YFRSTE', '0', '2025-10-29 00:05:39');
UPDATE `user_registration` SET `sub_point` = 0, `active_status` = 'no'
WHERE `user_id` = 'YFRSTE';
INSERT INTO `arreva_api_logs` (`user_id`, `email`, `endpoint`, `response`, `date`) VALUES ('YFRSTE', 'jimenez781108@gmail.com', 'deactivatemember', '\"Unable to find user matching email or contract number or otherid\"', '2025-10-29 00:05:39');
INSERT INTO `inactive_history` (`user_id`, `commission_balance`, `amount`, `date`) VALUES ('YFRSTE', '0', '150', '2025-10-29 00:05:39');
INSERT INTO `inactive_point_history` (`user_id`, `point`, `date`) VALUES ('G53DXI', '0', '2025-10-29 00:05:39');
UPDATE `user_registration` SET `sub_point` = 0, `active_status` = 'no'
WHERE `user_id` = 'G53DXI';
INSERT INTO `arreva_api_logs` (`user_id`, `email`, `endpoint`, `response`, `date`) VALUES ('G53DXI', 'hernandezasnialis@gmail.com', 'deactivatemember', '\"Unable to find user matching email or contract number or otherid\"', '2025-10-29 00:05:39');
INSERT INTO `inactive_history` (`user_id`, `commission_balance`, `amount`, `date`) VALUES ('G53DXI', '0', '50', '2025-10-29 00:05:39');
INSERT INTO `inactive_point_history` (`user_id`, `point`, `date`) VALUES ('1KMQ3V', '0', '2025-10-29 00:05:39');
UPDATE `user_registration` SET `sub_point` = 0, `active_status` = 'no'
WHERE `user_id` = '1KMQ3V';
INSERT INTO `arreva_api_logs` (`user_id`, `email`, `endpoint`, `response`, `date`) VALUES ('1KMQ3V', 'adrianlimapadron@gmail.com', 'deactivatemember', '\"Unable to find user matching email or contract number or otherid\"', '2025-10-29 00:05:39');
INSERT INTO `inactive_history` (`user_id`, `commission_balance`, `amount`, `date`) VALUES ('1KMQ3V', '100', '150', '2025-10-29 00:05:39');
INSERT INTO `inactive_point_history` (`user_id`, `point`, `date`) VALUES ('ZVZUJ1', '0', '2025-10-29 00:05:39');
UPDATE `user_registration` SET `sub_point` = 0, `active_status` = 'no'
WHERE `user_id` = 'ZVZUJ1';
INSERT INTO `arreva_api_logs` (`user_id`, `email`, `endpoint`, `response`, `date`) VALUES ('ZVZUJ1', 'acielpollo@gmail.com', 'deactivatemember', '\"Unable to find user matching email or contract number or otherid\"', '2025-10-29 00:05:39');
INSERT INTO `inactive_history` (`user_id`, `commission_balance`, `amount`, `date`) VALUES ('ZVZUJ1', '0', '150', '2025-10-29 00:05:39');
INSERT INTO `inactive_point_history` (`user_id`, `point`, `date`) VALUES ('SAMPQX', '0', '2025-10-29 00:05:39');
UPDATE `user_registration` SET `sub_point` = 0, `active_status` = 'no'
WHERE `user_id` = 'SAMPQX';
INSERT INTO `arreva_api_logs` (`user_id`, `email`, `endpoint`, `response`, `date`) VALUES ('SAMPQX', 'inamsay80@gmail.com', 'deactivatemember', '\"Unable to find user matching email or contract number or otherid\"', '2025-10-29 00:05:40');
INSERT INTO `inactive_history` (`user_id`, `commission_balance`, `amount`, `date`) VALUES ('SAMPQX', '0', '150', '2025-10-29 00:05:40');
INSERT INTO `inactive_point_history` (`user_id`, `point`, `date`) VALUES ('F3SYYS', '0', '2025-10-29 00:05:40');
UPDATE `user_registration` SET `sub_point` = 0, `active_status` = 'no'
WHERE `user_id` = 'F3SYYS';
INSERT INTO `arreva_api_logs` (`user_id`, `email`, `endpoint`, `response`, `date`) VALUES ('F3SYYS', 'eideneilen2128@yahoo.com', 'deactivatemember', '\"Unable to find user matching email or contract number or otherid\"', '2025-10-29 00:05:40');
INSERT INTO `inactive_history` (`user_id`, `commission_balance`, `amount`, `date`) VALUES ('F3SYYS', '0', '150', '2025-10-29 00:05:40');
INSERT INTO `inactive_point_history` (`user_id`, `point`, `date`) VALUES ('23UJOB', '0', '2025-10-29 00:05:40');
UPDATE `user_registration` SET `sub_point` = 0, `active_status` = 'no'
WHERE `user_id` = '23UJOB';
INSERT INTO `arreva_api_logs` (`user_id`, `email`, `endpoint`, `response`, `date`) VALUES ('23UJOB', 'alfreddgdo@gmail.com', 'deactivatemember', '\"Unable to find user matching email or contract number or otherid\"', '2025-10-29 00:05:40');
INSERT INTO `inactive_history` (`user_id`, `commission_balance`, `amount`, `date`) VALUES ('23UJOB', '0', '150', '2025-10-29 00:05:40');
INSERT INTO `inactive_point_history` (`user_id`, `point`, `date`) VALUES ('NB7P18', '0', '2025-10-29 00:05:40');
UPDATE `user_registration` SET `sub_point` = 0, `active_status` = 'no'
WHERE `user_id` = 'NB7P18';
INSERT INTO `arreva_api_logs` (`user_id`, `email`, `endpoint`, `response`, `date`) VALUES ('NB7P18', 'santoslayra796@gmail.com', 'deactivatemember', '\"Unable to find user matching email or contract number or otherid\"', '2025-10-29 00:05:40');
INSERT INTO `inactive_history` (`user_id`, `commission_balance`, `amount`, `date`) VALUES ('NB7P18', '0', '150', '2025-10-29 00:05:40');
INSERT INTO `inactive_point_history` (`user_id`, `point`, `date`) VALUES ('7A2JD7', '0', '2025-10-29 00:05:40');
UPDATE `user_registration` SET `sub_point` = 0, `active_status` = 'no'
WHERE `user_id` = '7A2JD7';
INSERT INTO `arreva_api_logs` (`user_id`, `email`, `endpoint`, `response`, `date`) VALUES ('7A2JD7', 'aztiral_26love@yahoo.com', 'deactivatemember', '\"Unable to find user matching email or contract number or otherid\"', '2025-10-29 00:05:41');
INSERT INTO `inactive_history` (`user_id`, `commission_balance`, `amount`, `date`) VALUES ('7A2JD7', '0', '150', '2025-10-29 00:05:41');
INSERT INTO `inactive_point_history` (`user_id`, `point`, `date`) VALUES ('9VPMSG', '0', '2025-10-29 00:05:41');
UPDATE `user_registration` SET `sub_point` = 0, `active_status` = 'no'
WHERE `user_id` = '9VPMSG';
INSERT INTO `arreva_api_logs` (`user_id`, `email`, `endpoint`, `response`, `date`) VALUES ('9VPMSG', 'Jinglyguerravigo2015@gmail.com', 'deactivatemember', '\"Unable to find user matching email or contract number or otherid\"', '2025-10-29 00:05:41');
INSERT INTO `inactive_history` (`user_id`, `commission_balance`, `amount`, `date`) VALUES ('9VPMSG', '0', '150', '2025-10-29 00:05:41');
INSERT INTO `inactive_point_history` (`user_id`, `point`, `date`) VALUES ('J385D5', '0', '2025-10-29 00:05:41');
UPDATE `user_registration` SET `sub_point` = 0, `active_status` = 'no'
WHERE `user_id` = 'J385D5';
INSERT INTO `arreva_api_logs` (`user_id`, `email`, `endpoint`, `response`, `date`) VALUES ('J385D5', 'yohandymartinez@yahoo.com', 'deactivatemember', '\"Unable to find user matching email or contract number or otherid\"', '2025-10-29 00:05:41');
INSERT INTO `inactive_history` (`user_id`, `commission_balance`, `amount`, `date`) VALUES ('J385D5', '0', '150', '2025-10-29 00:05:41');
INSERT INTO `inactive_point_history` (`user_id`, `point`, `date`) VALUES ('GPPR8G', '0', '2025-10-29 00:05:41');
UPDATE `user_registration` SET `sub_point` = 0, `active_status` = 'no'
WHERE `user_id` = 'GPPR8G';
INSERT INTO `arreva_api_logs` (`user_id`, `email`, `endpoint`, `response`, `date`) VALUES ('GPPR8G', 'neftalidela7@gmail.com', 'deactivatemember', 'true', '2025-10-29 00:05:41');
INSERT INTO `inactive_history` (`user_id`, `commission_balance`, `amount`, `date`) VALUES ('GPPR8G', '20', '150', '2025-10-29 00:05:41');
INSERT INTO `inactive_point_history` (`user_id`, `point`, `date`) VALUES ('AM2FR1', '0', '2025-10-29 00:05:41');
UPDATE `user_registration` SET `sub_point` = 0, `active_status` = 'no'
WHERE `user_id` = 'AM2FR1';
INSERT INTO `arreva_api_logs` (`user_id`, `email`, `endpoint`, `response`, `date`) VALUES ('AM2FR1', 'eldacrespo71@yahoo.com', 'deactivatemember', '\"Unable to find user matching email or contract number or otherid\"', '2025-10-29 00:05:42');
INSERT INTO `inactive_history` (`user_id`, `commission_balance`, `amount`, `date`) VALUES ('AM2FR1', '0', '150', '2025-10-29 00:05:42');
INSERT INTO `inactive_point_history` (`user_id`, `point`, `date`) VALUES ('YRYHV2', '0', '2025-10-29 00:05:42');
UPDATE `user_registration` SET `sub_point` = 0, `active_status` = 'no'
WHERE `user_id` = 'YRYHV2';
INSERT INTO `arreva_api_logs` (`user_id`, `email`, `endpoint`, `response`, `date`) VALUES ('YRYHV2', 'aaguila46@yahoo.com', 'deactivatemember', '\"Unable to find user matching email or contract number or otherid\"', '2025-10-29 00:05:42');
INSERT INTO `inactive_history` (`user_id`, `commission_balance`, `amount`, `date`) VALUES ('YRYHV2', '0', '150', '2025-10-29 00:05:42');
INSERT INTO `inactive_point_history` (`user_id`, `point`, `date`) VALUES ('7GDBOU', '0', '2025-10-29 00:05:42');
UPDATE `user_registration` SET `sub_point` = 0, `active_status` = 'no'
WHERE `user_id` = '7GDBOU';
INSERT INTO `arreva_api_logs` (`user_id`, `email`, `endpoint`, `response`, `date`) VALUES ('7GDBOU', 'avalosnarciso@icloud.com', 'deactivatemember', 'true', '2025-10-29 00:05:42');
INSERT INTO `inactive_history` (`user_id`, `commission_balance`, `amount`, `date`) VALUES ('7GDBOU', '100', '150', '2025-10-29 00:05:42');
INSERT INTO `inactive_point_history` (`user_id`, `point`, `date`) VALUES ('BV2MNJ', '0', '2025-10-29 00:05:42');
UPDATE `user_registration` SET `sub_point` = 0, `active_status` = 'no'
WHERE `user_id` = 'BV2MNJ';
INSERT INTO `arreva_api_logs` (`user_id`, `email`, `endpoint`, `response`, `date`) VALUES ('BV2MNJ', 'frankavalos1973@yahoo.com', 'deactivatemember', 'true', '2025-10-29 00:05:43');
INSERT INTO `inactive_history` (`user_id`, `commission_balance`, `amount`, `date`) VALUES ('BV2MNJ', '70', '150', '2025-10-29 00:05:43');
INSERT INTO `inactive_point_history` (`user_id`, `point`, `date`) VALUES ('CM4JLT', '0', '2025-10-29 00:05:43');
UPDATE `user_registration` SET `sub_point` = 0, `active_status` = 'no'
WHERE `user_id` = 'CM4JLT';
INSERT INTO `arreva_api_logs` (`user_id`, `email`, `endpoint`, `response`, `date`) VALUES ('CM4JLT', 'ramirezloren1962@gmail.com', 'deactivatemember', '\"Unable to find user matching email or contract number or otherid\"', '2025-10-29 00:05:43');
INSERT INTO `inactive_history` (`user_id`, `commission_balance`, `amount`, `date`) VALUES ('CM4JLT', '62.5', '150', '2025-10-29 00:05:43');
INSERT INTO `inactive_point_history` (`user_id`, `point`, `date`) VALUES ('R18IYC', '0', '2025-10-29 00:05:43');
UPDATE `user_registration` SET `sub_point` = 0, `active_status` = 'no'
WHERE `user_id` = 'R18IYC';
INSERT INTO `arreva_api_logs` (`user_id`, `email`, `endpoint`, `response`, `date`) VALUES ('R18IYC', 'cachirulo63@gmail.com', 'deactivatemember', '\"Unable to find user matching email or contract number or otherid\"', '2025-10-29 00:05:43');
INSERT INTO `inactive_history` (`user_id`, `commission_balance`, `amount`, `date`) VALUES ('R18IYC', '0', '150', '2025-10-29 00:05:43');
INSERT INTO `inactive_point_history` (`user_id`, `point`, `date`) VALUES ('ERQYYW', '0', '2025-10-29 00:05:43');
UPDATE `user_registration` SET `sub_point` = 0, `active_status` = 'no'
WHERE `user_id` = 'ERQYYW';
INSERT INTO `arreva_api_logs` (`user_id`, `email`, `endpoint`, `response`, `date`) VALUES ('ERQYYW', 'luvcelia@yahoo.com', 'deactivatemember', '\"Unable to find user matching email or contract number or otherid\"', '2025-10-29 00:05:43');
INSERT INTO `inactive_history` (`user_id`, `commission_balance`, `amount`, `date`) VALUES ('ERQYYW', '0', '50', '2025-10-29 00:05:43');
INSERT INTO `inactive_point_history` (`user_id`, `point`, `date`) VALUES ('WYBCPQ', '0', '2025-10-29 00:05:43');
UPDATE `user_registration` SET `sub_point` = 0, `active_status` = 'no'
WHERE `user_id` = 'WYBCPQ';
INSERT INTO `arreva_api_logs` (`user_id`, `email`, `endpoint`, `response`, `date`) VALUES ('WYBCPQ', 'caryalvarez19621@outlook.com', 'deactivatemember', '\"Unable to find user matching email or contract number or otherid\"', '2025-10-29 00:05:44');
INSERT INTO `inactive_history` (`user_id`, `commission_balance`, `amount`, `date`) VALUES ('WYBCPQ', '100', '150', '2025-10-29 00:05:44');
INSERT INTO `inactive_point_history` (`user_id`, `point`, `date`) VALUES ('55IB4V', '0', '2025-10-29 00:05:44');
UPDATE `user_registration` SET `sub_point` = 0, `active_status` = 'no'
WHERE `user_id` = '55IB4V';
INSERT INTO `arreva_api_logs` (`user_id`, `email`, `endpoint`, `response`, `date`) VALUES ('55IB4V', 'delacruzrafael.890925@yahoo.com', 'deactivatemember', '\"Unable to find user matching email or contract number or otherid\"', '2025-10-29 00:05:44');
INSERT INTO `inactive_history` (`user_id`, `commission_balance`, `amount`, `date`) VALUES ('55IB4V', '0', '50', '2025-10-29 00:05:44');
INSERT INTO `inactive_point_history` (`user_id`, `point`, `date`) VALUES ('XEINAA', '0', '2025-10-29 00:05:44');
UPDATE `user_registration` SET `sub_point` = 0, `active_status` = 'no'
WHERE `user_id` = 'XEINAA';
INSERT INTO `arreva_api_logs` (`user_id`, `email`, `endpoint`, `response`, `date`) VALUES ('XEINAA', 'sofi.ibarzabal15@gmail.com', 'deactivatemember', '\"Unable to find user matching email or contract number or otherid\"', '2025-10-29 00:05:44');
INSERT INTO `inactive_history` (`user_id`, `commission_balance`, `amount`, `date`) VALUES ('XEINAA', '0', '50', '2025-10-29 00:05:44');
INSERT INTO `inactive_point_history` (`user_id`, `point`, `date`) VALUES ('5UADRJ', '0', '2025-10-29 00:05:44');
UPDATE `user_registration` SET `sub_point` = 0, `active_status` = 'no'
WHERE `user_id` = '5UADRJ';
INSERT INTO `arreva_api_logs` (`user_id`, `email`, `endpoint`, `response`, `date`) VALUES ('5UADRJ', 'caryalvarez1962@yahoo.com', 'deactivatemember', '\"Unable to find user matching email or contract number or otherid\"', '2025-10-29 00:05:44');
INSERT INTO `inactive_history` (`user_id`, `commission_balance`, `amount`, `date`) VALUES ('5UADRJ', '125', '150', '2025-10-29 00:05:44');
INSERT INTO `inactive_point_history` (`user_id`, `point`, `date`) VALUES ('HP51N7', '0', '2025-10-29 00:05:44');
UPDATE `user_registration` SET `sub_point` = 0, `active_status` = 'no'
WHERE `user_id` = 'HP51N7';
INSERT INTO `arreva_api_logs` (`user_id`, `email`, `endpoint`, `response`, `date`) VALUES ('HP51N7', 'avalossandro5@gmail.com', 'deactivatemember', '\"Unable to find user matching email or contract number or otherid\"', '2025-10-29 00:05:45');
INSERT INTO `inactive_history` (`user_id`, `commission_balance`, `amount`, `date`) VALUES ('HP51N7', '0', '150', '2025-10-29 00:05:45');
INSERT INTO `inactive_point_history` (`user_id`, `point`, `date`) VALUES ('JIYOH4', '0', '2025-10-29 00:05:45');
UPDATE `user_registration` SET `sub_point` = 0, `active_status` = 'no'
WHERE `user_id` = 'JIYOH4';
INSERT INTO `arreva_api_logs` (`user_id`, `email`, `endpoint`, `response`, `date`) VALUES ('JIYOH4', 'ikabemi70@gmail.com', 'deactivatemember', '\"Unable to find user matching email or contract number or otherid\"', '2025-10-29 00:05:45');
INSERT INTO `inactive_history` (`user_id`, `commission_balance`, `amount`, `date`) VALUES ('JIYOH4', '0', '150', '2025-10-29 00:05:45');
INSERT INTO `inactive_point_history` (`user_id`, `point`, `date`) VALUES ('AO42V8', '0', '2025-10-29 00:05:45');
UPDATE `user_registration` SET `sub_point` = 0, `active_status` = 'no'
WHERE `user_id` = 'AO42V8';
INSERT INTO `arreva_api_logs` (`user_id`, `email`, `endpoint`, `response`, `date`) VALUES ('AO42V8', 'at71164@gmail.com', 'deactivatemember', '\"Unable to find user matching email or contract number or otherid\"', '2025-10-29 00:05:45');
INSERT INTO `inactive_history` (`user_id`, `commission_balance`, `amount`, `date`) VALUES ('AO42V8', '0', '150', '2025-10-29 00:05:45');
INSERT INTO `inactive_point_history` (`user_id`, `point`, `date`) VALUES ('OI3UR6', '0', '2025-10-29 00:05:45');
UPDATE `user_registration` SET `sub_point` = 0, `active_status` = 'no'
WHERE `user_id` = 'OI3UR6';
INSERT INTO `arreva_api_logs` (`user_id`, `email`, `endpoint`, `response`, `date`) VALUES ('OI3UR6', 'marilin214@yahoo.com', 'deactivatemember', '\"Unable to find user matching email or contract number or otherid\"', '2025-10-29 00:05:46');
INSERT INTO `inactive_history` (`user_id`, `commission_balance`, `amount`, `date`) VALUES ('OI3UR6', '0', '150', '2025-10-29 00:05:46');
INSERT INTO `inactive_point_history` (`user_id`, `point`, `date`) VALUES ('M5FNDM', '0', '2025-10-29 00:05:46');
UPDATE `user_registration` SET `sub_point` = 0, `active_status` = 'no'
WHERE `user_id` = 'M5FNDM';
INSERT INTO `arreva_api_logs` (`user_id`, `email`, `endpoint`, `response`, `date`) VALUES ('M5FNDM', 'tanite0369@gmail.com', 'deactivatemember', '\"Unable to find user matching email or contract number or otherid\"', '2025-10-29 00:05:46');
INSERT INTO `inactive_history` (`user_id`, `commission_balance`, `amount`, `date`) VALUES ('M5FNDM', '50', '150', '2025-10-29 00:05:46');
INSERT INTO `inactive_point_history` (`user_id`, `point`, `date`) VALUES ('AQ47VU', '0', '2025-10-29 00:05:46');
UPDATE `user_registration` SET `sub_point` = 0, `active_status` = 'no'
WHERE `user_id` = 'AQ47VU';
INSERT INTO `arreva_api_logs` (`user_id`, `email`, `endpoint`, `response`, `date`) VALUES ('AQ47VU', 'luritzabatista@yahoo.com', 'deactivatemember', '\"Unable to find user matching email or contract number or otherid\"', '2025-10-29 00:05:46');
INSERT INTO `inactive_history` (`user_id`, `commission_balance`, `amount`, `date`) VALUES ('AQ47VU', '0', '150', '2025-10-29 00:05:46');
INSERT INTO `inactive_point_history` (`user_id`, `point`, `date`) VALUES ('XIP2DP', '0', '2025-10-29 00:05:46');
UPDATE `user_registration` SET `sub_point` = 0, `active_status` = 'no'
WHERE `user_id` = 'XIP2DP';
INSERT INTO `arreva_api_logs` (`user_id`, `email`, `endpoint`, `response`, `date`) VALUES ('XIP2DP', 'zaldivar.julian@gmail.com', 'deactivatemember', '\"Unable to find user matching email or contract number or otherid\"', '2025-10-29 00:05:46');
INSERT INTO `inactive_history` (`user_id`, `commission_balance`, `amount`, `date`) VALUES ('XIP2DP', '0', '150', '2025-10-29 00:05:46');
INSERT INTO `inactive_point_history` (`user_id`, `point`, `date`) VALUES ('EZT3DR', '0', '2025-10-29 00:05:46');
UPDATE `user_registration` SET `sub_point` = 0, `active_status` = 'no'
WHERE `user_id` = 'EZT3DR';
INSERT INTO `arreva_api_logs` (`user_id`, `email`, `endpoint`, `response`, `date`) VALUES ('EZT3DR', 'betgarc3@hotmail.com', 'deactivatemember', '\"Unable to find user matching email or contract number or otherid\"', '2025-10-29 00:05:47');
INSERT INTO `inactive_history` (`user_id`, `commission_balance`, `amount`, `date`) VALUES ('EZT3DR', '37.5', '150', '2025-10-29 00:05:47');
INSERT INTO `inactive_point_history` (`user_id`, `point`, `date`) VALUES ('9WFPZ6', '0', '2025-10-29 00:05:47');
UPDATE `user_registration` SET `sub_point` = 0, `active_status` = 'no'
WHERE `user_id` = '9WFPZ6';
INSERT INTO `arreva_api_logs` (`user_id`, `email`, `endpoint`, `response`, `date`) VALUES ('9WFPZ6', 'yuniorquevedogarcia03@gmail.com', 'deactivatemember', '\"Unable to find user matching email or contract number or otherid\"', '2025-10-29 00:05:47');
INSERT INTO `inactive_history` (`user_id`, `commission_balance`, `amount`, `date`) VALUES ('9WFPZ6', '20', '150', '2025-10-29 00:05:47');
INSERT INTO `inactive_point_history` (`user_id`, `point`, `date`) VALUES ('L8O2QX', '0', '2025-10-29 00:05:47');
UPDATE `user_registration` SET `sub_point` = 0, `active_status` = 'no'
WHERE `user_id` = 'L8O2QX';
INSERT INTO `arreva_api_logs` (`user_id`, `email`, `endpoint`, `response`, `date`) VALUES ('L8O2QX', 'andresroldano18@gmail.com', 'deactivatemember', '\"Unable to find user matching email or contract number or otherid\"', '2025-10-29 00:05:47');
INSERT INTO `inactive_history` (`user_id`, `commission_balance`, `amount`, `date`) VALUES ('L8O2QX', '0', '50', '2025-10-29 00:05:47');
INSERT INTO `inactive_point_history` (`user_id`, `point`, `date`) VALUES ('7HHJ17', '0', '2025-10-29 00:05:47');
UPDATE `user_registration` SET `sub_point` = 0, `active_status` = 'no'
WHERE `user_id` = '7HHJ17';
INSERT INTO `arreva_api_logs` (`user_id`, `email`, `endpoint`, `response`, `date`) VALUES ('7HHJ17', 'roigexcelencia5197148@gmail.com', 'deactivatemember', '\"Unable to find user matching email or contract number or otherid\"', '2025-10-29 00:05:47');
INSERT INTO `inactive_history` (`user_id`, `commission_balance`, `amount`, `date`) VALUES ('7HHJ17', '0', '150', '2025-10-29 00:05:47');
INSERT INTO `inactive_point_history` (`user_id`, `point`, `date`) VALUES ('H5E5WF', '0', '2025-10-29 00:05:47');
UPDATE `user_registration` SET `sub_point` = 0, `active_status` = 'no'
WHERE `user_id` = 'H5E5WF';
INSERT INTO `arreva_api_logs` (`user_id`, `email`, `endpoint`, `response`, `date`) VALUES ('H5E5WF', 'cskloco@gmail.com', 'deactivatemember', '\"Unable to find user matching email or contract number or otherid\"', '2025-10-29 00:05:48');
INSERT INTO `inactive_history` (`user_id`, `commission_balance`, `amount`, `date`) VALUES ('H5E5WF', '125', '150', '2025-10-29 00:05:48');
INSERT INTO `inactive_point_history` (`user_id`, `point`, `date`) VALUES ('NTAGI6', '0', '2025-10-29 00:05:48');
UPDATE `user_registration` SET `sub_point` = 0, `active_status` = 'no'
WHERE `user_id` = 'NTAGI6';
INSERT INTO `arreva_api_logs` (`user_id`, `email`, `endpoint`, `response`, `date`) VALUES ('NTAGI6', 'elizabeth_pardo91@yahoo.com', 'deactivatemember', '\"Unable to find user matching email or contract number or otherid\"', '2025-10-29 00:05:48');
INSERT INTO `inactive_history` (`user_id`, `commission_balance`, `amount`, `date`) VALUES ('NTAGI6', '0', '150', '2025-10-29 00:05:48');
INSERT INTO `inactive_point_history` (`user_id`, `point`, `date`) VALUES ('Z5DNR2', '0', '2025-10-29 00:05:48');
UPDATE `user_registration` SET `sub_point` = 0, `active_status` = 'no'
WHERE `user_id` = 'Z5DNR2';
INSERT INTO `arreva_api_logs` (`user_id`, `email`, `endpoint`, `response`, `date`) VALUES ('Z5DNR2', 'kelly_azate@yahoo.com', 'deactivatemember', '\"Unable to find user matching email or contract number or otherid\"', '2025-10-29 00:05:48');
INSERT INTO `inactive_history` (`user_id`, `commission_balance`, `amount`, `date`) VALUES ('Z5DNR2', '0', '150', '2025-10-29 00:05:48');
INSERT INTO `inactive_point_history` (`user_id`, `point`, `date`) VALUES ('7P5XVX', '0', '2025-10-29 00:05:48');
UPDATE `user_registration` SET `sub_point` = 0, `active_status` = 'no'
WHERE `user_id` = '7P5XVX';
INSERT INTO `arreva_api_logs` (`user_id`, `email`, `endpoint`, `response`, `date`) VALUES ('7P5XVX', 'deylonhernandez@icloud.com', 'deactivatemember', '\"Unable to find user matching email or contract number or otherid\"', '2025-10-29 00:05:48');
INSERT INTO `inactive_history` (`user_id`, `commission_balance`, `amount`, `date`) VALUES ('7P5XVX', '0', '150', '2025-10-29 00:05:48');
INSERT INTO `inactive_point_history` (`user_id`, `point`, `date`) VALUES ('SCC34I', '0', '2025-10-29 00:05:48');
UPDATE `user_registration` SET `sub_point` = 0, `active_status` = 'no'
WHERE `user_id` = 'SCC34I';
INSERT INTO `arreva_api_logs` (`user_id`, `email`, `endpoint`, `response`, `date`) VALUES ('SCC34I', 'Avalossandro08@gmail.com', 'deactivatemember', '\"Unable to find user matching email or contract number or otherid\"', '2025-10-29 00:05:49');
INSERT INTO `inactive_history` (`user_id`, `commission_balance`, `amount`, `date`) VALUES ('SCC34I', '0', '150', '2025-10-29 00:05:49');
INSERT INTO `inactive_point_history` (`user_id`, `point`, `date`) VALUES ('J4BGK4', '0', '2025-10-29 00:05:49');
UPDATE `user_registration` SET `sub_point` = 0, `active_status` = 'no'
WHERE `user_id` = 'J4BGK4';
INSERT INTO `arreva_api_logs` (`user_id`, `email`, `endpoint`, `response`, `date`) VALUES ('J4BGK4', 'rodriguezjf2000@yahoo.com', 'deactivatemember', '\"Unable to find user matching email or contract number or otherid\"', '2025-10-29 00:05:49');
INSERT INTO `inactive_history` (`user_id`, `commission_balance`, `amount`, `date`) VALUES ('J4BGK4', '0', '150', '2025-10-29 00:05:49');
INSERT INTO `inactive_point_history` (`user_id`, `point`, `date`) VALUES ('K67AMG', '0', '2025-10-29 00:05:49');
UPDATE `user_registration` SET `sub_point` = 0, `active_status` = 'no'
WHERE `user_id` = 'K67AMG';
INSERT INTO `arreva_api_logs` (`user_id`, `email`, `endpoint`, `response`, `date`) VALUES ('K67AMG', 'carlohernandez1963@gmail.com', 'deactivatemember', '\"Unable to find user matching email or contract number or otherid\"', '2025-10-29 00:05:49');
INSERT INTO `inactive_history` (`user_id`, `commission_balance`, `amount`, `date`) VALUES ('K67AMG', '0', '150', '2025-10-29 00:05:49');
INSERT INTO `inactive_point_history` (`user_id`, `point`, `date`) VALUES ('N6VMK1', '0', '2025-10-29 00:05:49');
UPDATE `user_registration` SET `sub_point` = 0, `active_status` = 'no'
WHERE `user_id` = 'N6VMK1';
INSERT INTO `arreva_api_logs` (`user_id`, `email`, `endpoint`, `response`, `date`) VALUES ('N6VMK1', 'javier.rodriguez.novelo@gmail.com', 'deactivatemember', '\"Unable to find user matching email or contract number or otherid\"', '2025-10-29 00:05:50');
INSERT INTO `inactive_history` (`user_id`, `commission_balance`, `amount`, `date`) VALUES ('N6VMK1', '0', '150', '2025-10-29 00:05:50');
INSERT INTO `inactive_point_history` (`user_id`, `point`, `date`) VALUES ('54SJCL', '0', '2025-10-29 00:05:50');
UPDATE `user_registration` SET `sub_point` = 0, `active_status` = 'no'
WHERE `user_id` = '54SJCL';
INSERT INTO `arreva_api_logs` (`user_id`, `email`, `endpoint`, `response`, `date`) VALUES ('54SJCL', 'josejorge3011@hotmail.com', 'deactivatemember', '\"Unable to find user matching email or contract number or otherid\"', '2025-10-29 00:05:50');
INSERT INTO `inactive_history` (`user_id`, `commission_balance`, `amount`, `date`) VALUES ('54SJCL', '0', '150', '2025-10-29 00:05:50');
INSERT INTO `inactive_point_history` (`user_id`, `point`, `date`) VALUES ('DFEDKO', '0', '2025-10-29 00:05:50');
UPDATE `user_registration` SET `sub_point` = 0, `active_status` = 'no'
WHERE `user_id` = 'DFEDKO';
INSERT INTO `arreva_api_logs` (`user_id`, `email`, `endpoint`, `response`, `date`) VALUES ('DFEDKO', 'anegociarfree+1@gmail.com', 'deactivatemember', 'true', '2025-10-29 00:05:51');
INSERT INTO `inactive_history` (`user_id`, `commission_balance`, `amount`, `date`) VALUES ('DFEDKO', '20', '150', '2025-10-29 00:05:51');
INSERT INTO `inactive_point_history` (`user_id`, `point`, `date`) VALUES ('N5PLRR', '0', '2025-10-29 00:05:51');
UPDATE `user_registration` SET `sub_point` = 0, `active_status` = 'no'
WHERE `user_id` = 'N5PLRR';
INSERT INTO `arreva_api_logs` (`user_id`, `email`, `endpoint`, `response`, `date`) VALUES ('N5PLRR', 'deeptalent.boza@gmail.com', 'deactivatemember', '\"Unable to find user matching email or contract number or otherid\"', '2025-10-29 00:05:51');
INSERT INTO `inactive_history` (`user_id`, `commission_balance`, `amount`, `date`) VALUES ('N5PLRR', '30', '50', '2025-10-29 00:05:51');
INSERT INTO `inactive_point_history` (`user_id`, `point`, `date`) VALUES ('RSM4DG', '0', '2025-10-29 00:05:51');
UPDATE `user_registration` SET `sub_point` = 0, `active_status` = 'no'
WHERE `user_id` = 'RSM4DG';
INSERT INTO `arreva_api_logs` (`user_id`, `email`, `endpoint`, `response`, `date`) VALUES ('RSM4DG', 'fssicentral+1@gmail.com', 'deactivatemember', '\"Unable to find user matching email or contract number or otherid\"', '2025-10-29 00:05:51');
INSERT INTO `inactive_history` (`user_id`, `commission_balance`, `amount`, `date`) VALUES ('RSM4DG', '30', '50', '2025-10-29 00:05:51');
INSERT INTO `inactive_point_history` (`user_id`, `point`, `date`) VALUES ('V43EWT', '0', '2025-10-29 00:05:51');
UPDATE `user_registration` SET `sub_point` = 0, `active_status` = 'no'
WHERE `user_id` = 'V43EWT';
INSERT INTO `arreva_api_logs` (`user_id`, `email`, `endpoint`, `response`, `date`) VALUES ('V43EWT', 'deeptalent+1@hotmail.com', 'deactivatemember', '\"Unable to find user matching email or contract number or otherid\"', '2025-10-29 00:05:51');
INSERT INTO `inactive_history` (`user_id`, `commission_balance`, `amount`, `date`) VALUES ('V43EWT', '0', '50', '2025-10-29 00:05:51');
INSERT INTO `inactive_point_history` (`user_id`, `point`, `date`) VALUES ('NDTM1I', '0', '2025-10-29 00:05:51');
UPDATE `user_registration` SET `sub_point` = 0, `active_status` = 'no'
WHERE `user_id` = 'NDTM1I';
INSERT INTO `arreva_api_logs` (`user_id`, `email`, `endpoint`, `response`, `date`) VALUES ('NDTM1I', 'deeptalent+2@hotmail.com', 'deactivatemember', '\"Unable to find user matching email or contract number or otherid\"', '2025-10-29 00:05:52');
INSERT INTO `inactive_history` (`user_id`, `commission_balance`, `amount`, `date`) VALUES ('NDTM1I', '0', '50', '2025-10-29 00:05:52');
INSERT INTO `inactive_point_history` (`user_id`, `point`, `date`) VALUES ('GCLF2W', '0', '2025-10-29 00:05:52');
UPDATE `user_registration` SET `sub_point` = 0, `active_status` = 'no'
WHERE `user_id` = 'GCLF2W';
INSERT INTO `arreva_api_logs` (`user_id`, `email`, `endpoint`, `response`, `date`) VALUES ('GCLF2W', 'rt.amdream+1@gmail.com', 'deactivatemember', '\"Unable to find user matching email or contract number or otherid\"', '2025-10-29 00:05:52');
INSERT INTO `inactive_history` (`user_id`, `commission_balance`, `amount`, `date`) VALUES ('GCLF2W', '20', '50', '2025-10-29 00:05:52');
INSERT INTO `inactive_point_history` (`user_id`, `point`, `date`) VALUES ('6HA49X', '0', '2025-10-29 00:05:52');
UPDATE `user_registration` SET `sub_point` = 0, `active_status` = 'no'
WHERE `user_id` = '6HA49X';
INSERT INTO `arreva_api_logs` (`user_id`, `email`, `endpoint`, `response`, `date`) VALUES ('6HA49X', 'fssicentral+2@gmail.com', 'deactivatemember', '\"Unable to find user matching email or contract number or otherid\"', '2025-10-29 00:05:52');
INSERT INTO `inactive_history` (`user_id`, `commission_balance`, `amount`, `date`) VALUES ('6HA49X', '0', '50', '2025-10-29 00:05:52');
INSERT INTO `inactive_point_history` (`user_id`, `point`, `date`) VALUES ('CN59WR', '0', '2025-10-29 00:05:52');
UPDATE `user_registration` SET `sub_point` = 0, `active_status` = 'no'
WHERE `user_id` = 'CN59WR';
INSERT INTO `arreva_api_logs` (`user_id`, `email`, `endpoint`, `response`, `date`) VALUES ('CN59WR', 'deeptalent.boza+5@gmail.com', 'deactivatemember', '\"Unable to find user matching email or contract number or otherid\"', '2025-10-29 00:05:52');
INSERT INTO `inactive_history` (`user_id`, `commission_balance`, `amount`, `date`) VALUES ('CN59WR', '0', '50', '2025-10-29 00:05:52');
INSERT INTO `inactive_point_history` (`user_id`, `point`, `date`) VALUES ('WCHBRD', '0', '2025-10-29 00:05:52');
UPDATE `user_registration` SET `sub_point` = 0, `active_status` = 'no'
WHERE `user_id` = 'WCHBRD';
INSERT INTO `arreva_api_logs` (`user_id`, `email`, `endpoint`, `response`, `date`) VALUES ('WCHBRD', 'nrproducts20+11@gmail.com', 'deactivatemember', '\"Unable to find user matching email or contract number or otherid\"', '2025-10-29 00:05:52');
INSERT INTO `inactive_history` (`user_id`, `commission_balance`, `amount`, `date`) VALUES ('WCHBRD', '0', '50', '2025-10-29 00:05:52');
INSERT INTO `inactive_point_history` (`user_id`, `point`, `date`) VALUES ('MHTJIU', '0', '2025-10-29 00:05:52');
UPDATE `user_registration` SET `sub_point` = 0, `active_status` = 'no'
WHERE `user_id` = 'MHTJIU';
INSERT INTO `arreva_api_logs` (`user_id`, `email`, `endpoint`, `response`, `date`) VALUES ('MHTJIU', 'onielguerra+2@yahoo.com', 'deactivatemember', '\"Unable to find user matching email or contract number or otherid\"', '2025-10-29 00:05:53');
INSERT INTO `inactive_history` (`user_id`, `commission_balance`, `amount`, `date`) VALUES ('MHTJIU', '20', '50', '2025-10-29 00:05:53');
INSERT INTO `inactive_point_history` (`user_id`, `point`, `date`) VALUES ('C66Y3L', '0', '2025-10-29 00:05:53');
UPDATE `user_registration` SET `sub_point` = 0, `active_status` = 'no'
WHERE `user_id` = 'C66Y3L';
INSERT INTO `arreva_api_logs` (`user_id`, `email`, `endpoint`, `response`, `date`) VALUES ('C66Y3L', 'fssicentral+12@gmail.com', 'deactivatemember', '\"Unable to find user matching email or contract number or otherid\"', '2025-10-29 00:05:53');
INSERT INTO `inactive_history` (`user_id`, `commission_balance`, `amount`, `date`) VALUES ('C66Y3L', '20', '50', '2025-10-29 00:05:53');
INSERT INTO `inactive_point_history` (`user_id`, `point`, `date`) VALUES ('4OOCCH', '0', '2025-10-29 00:05:53');
UPDATE `user_registration` SET `sub_point` = 0, `active_status` = 'no'
WHERE `user_id` = '4OOCCH';
INSERT INTO `arreva_api_logs` (`user_id`, `email`, `endpoint`, `response`, `date`) VALUES ('4OOCCH', 'sfssi+11@gmail.com', 'deactivatemember', '\"Unable to find user matching email or contract number or otherid\"', '2025-10-29 00:05:53');
INSERT INTO `inactive_history` (`user_id`, `commission_balance`, `amount`, `date`) VALUES ('4OOCCH', '0', '50', '2025-10-29 00:05:53');
INSERT INTO `inactive_point_history` (`user_id`, `point`, `date`) VALUES ('G4EQDP', '0', '2025-10-29 00:05:53');
UPDATE `user_registration` SET `sub_point` = 0, `active_status` = 'no'
WHERE `user_id` = 'G4EQDP';
INSERT INTO `arreva_api_logs` (`user_id`, `email`, `endpoint`, `response`, `date`) VALUES ('G4EQDP', 'sfssiw+13@gmail.com', 'deactivatemember', '\"Unable to find user matching email or contract number or otherid\"', '2025-10-29 00:05:54');
INSERT INTO `inactive_history` (`user_id`, `commission_balance`, `amount`, `date`) VALUES ('G4EQDP', '0', '50', '2025-10-29 00:05:54');
INSERT INTO `inactive_point_history` (`user_id`, `point`, `date`) VALUES ('G95C91', '0', '2025-10-29 00:05:54');
UPDATE `user_registration` SET `sub_point` = 0, `active_status` = 'no'
WHERE `user_id` = 'G95C91';
INSERT INTO `arreva_api_logs` (`user_id`, `email`, `endpoint`, `response`, `date`) VALUES ('G95C91', 'sfssiw+15@gmail.com', 'deactivatemember', '\"Unable to find user matching email or contract number or otherid\"', '2025-10-29 00:05:54');
INSERT INTO `inactive_history` (`user_id`, `commission_balance`, `amount`, `date`) VALUES ('G95C91', '0', '50', '2025-10-29 00:05:54');
INSERT INTO `inactive_point_history` (`user_id`, `point`, `date`) VALUES ('SZ1N3Z', '0', '2025-10-29 00:05:54');
UPDATE `user_registration` SET `sub_point` = 0, `active_status` = 'no'
WHERE `user_id` = 'SZ1N3Z';
INSERT INTO `arreva_api_logs` (`user_id`, `email`, `endpoint`, `response`, `date`) VALUES ('SZ1N3Z', 'sfssiw+16@gmail.com', 'deactivatemember', '\"Unable to find user matching email or contract number or otherid\"', '2025-10-29 00:05:54');
INSERT INTO `inactive_history` (`user_id`, `commission_balance`, `amount`, `date`) VALUES ('SZ1N3Z', '0', '50', '2025-10-29 00:05:54');
INSERT INTO `inactive_point_history` (`user_id`, `point`, `date`) VALUES ('4S3VM7', '0', '2025-10-29 00:05:54');
UPDATE `user_registration` SET `sub_point` = 0, `active_status` = 'no'
WHERE `user_id` = '4S3VM7';
INSERT INTO `arreva_api_logs` (`user_id`, `email`, `endpoint`, `response`, `date`) VALUES ('4S3VM7', 'sfssiw+17@gmail.com', 'deactivatemember', '\"Unable to find user matching email or contract number or otherid\"', '2025-10-29 00:05:54');
INSERT INTO `inactive_history` (`user_id`, `commission_balance`, `amount`, `date`) VALUES ('4S3VM7', '0', '50', '2025-10-29 00:05:54');
INSERT INTO `inactive_point_history` (`user_id`, `point`, `date`) VALUES ('G5QCEL', '0', '2025-10-29 00:05:54');
UPDATE `user_registration` SET `sub_point` = 0, `active_status` = 'no'
WHERE `user_id` = 'G5QCEL';
INSERT INTO `arreva_api_logs` (`user_id`, `email`, `endpoint`, `response`, `date`) VALUES ('G5QCEL', 'sfssiw+18@gmail.com', 'deactivatemember', '\"Unable to find user matching email or contract number or otherid\"', '2025-10-29 00:05:55');
INSERT INTO `inactive_history` (`user_id`, `commission_balance`, `amount`, `date`) VALUES ('G5QCEL', '0', '50', '2025-10-29 00:05:55');
INSERT INTO `inactive_point_history` (`user_id`, `point`, `date`) VALUES ('6CYPUS', '0', '2025-10-29 00:05:55');
UPDATE `user_registration` SET `sub_point` = 0, `active_status` = 'no'
WHERE `user_id` = '6CYPUS';
INSERT INTO `arreva_api_logs` (`user_id`, `email`, `endpoint`, `response`, `date`) VALUES ('6CYPUS', 'nquiros@ymail.com', 'deactivatemember', '\"Unable to find user matching email or contract number or otherid\"', '2025-10-29 00:05:55');
INSERT INTO `inactive_history` (`user_id`, `commission_balance`, `amount`, `date`) VALUES ('6CYPUS', '0', '150', '2025-10-29 00:05:55');
INSERT INTO `inactive_point_history` (`user_id`, `point`, `date`) VALUES ('52FDFS', '0', '2025-10-29 00:05:55');
UPDATE `user_registration` SET `sub_point` = 0, `active_status` = 'no'
WHERE `user_id` = '52FDFS';
INSERT INTO `arreva_api_logs` (`user_id`, `email`, `endpoint`, `response`, `date`) VALUES ('52FDFS', 'mariajcarloa@gmail.com', 'deactivatemember', '\"Unable to find user matching email or contract number or otherid\"', '2025-10-29 00:05:55');
INSERT INTO `inactive_history` (`user_id`, `commission_balance`, `amount`, `date`) VALUES ('52FDFS', '0', '150', '2025-10-29 00:05:55');
INSERT INTO `inactive_point_history` (`user_id`, `point`, `date`) VALUES ('LI6NAA', '0', '2025-10-29 00:05:55');
UPDATE `user_registration` SET `sub_point` = 0, `active_status` = 'no'
WHERE `user_id` = 'LI6NAA';
INSERT INTO `arreva_api_logs` (`user_id`, `email`, `endpoint`, `response`, `date`) VALUES ('LI6NAA', 'sotolongor+96@gmail.com', 'deactivatemember', 'true', '2025-10-29 00:05:56');
INSERT INTO `inactive_history` (`user_id`, `commission_balance`, `amount`, `date`) VALUES ('LI6NAA', '0', '150', '2025-10-29 00:05:56');
INSERT INTO `inactive_point_history` (`user_id`, `point`, `date`) VALUES ('D1UQ1O', '0', '2025-10-29 00:05:56');
UPDATE `user_registration` SET `sub_point` = 0, `active_status` = 'no'
WHERE `user_id` = 'D1UQ1O';
INSERT INTO `arreva_api_logs` (`user_id`, `email`, `endpoint`, `response`, `date`) VALUES ('D1UQ1O', 'ddramos2890@gmail.com', 'deactivatemember', 'true', '2025-10-29 00:05:56');
INSERT INTO `inactive_history` (`user_id`, `commission_balance`, `amount`, `date`) VALUES ('D1UQ1O', '0', '150', '2025-10-29 00:05:56');
UPDATE `cron_job_history` SET `status` = 'done', `date_end` = '2025-10-29 00:05:56'
WHERE `id` = 757;
INSERT INTO `cron_job_history` (`name`, `date_started`, `status`) VALUES ('sendReminderMail', '2025-10-29 00:10:01', 'started');
UPDATE `cron_job_history` SET `status` = 'done', `date_end` = '2025-10-29 00:10:01'
WHERE `id` = 758;
UPDATE `ci_sessions` SET `timestamp` = 1761735730, `data` = '__ci_last_regenerate|i:1761735730;captcha|s:4:\"awqp\";'
WHERE `id` = '5370efee3d401cb47a11bbf0f6420528f8f9e5cc';
INSERT INTO `login_history` (`user_id`, `device`, `ip_address`, `date`) VALUES ('LAE427', 'Mozilla/5.0 (Linux; Android 10; K) AppleWebKit/537.36 (KHTML, like Gecko) Chrome/141.0.0.0 Mobile Safari/537.36', '2607:fb91:c08:3de:5cdb:df7a:d765:a619', '25-10-29 06:02');
UPDATE `user_registration` SET `popup_seen` = 'yes'
WHERE `user_id` = 'LAE427';
UPDATE `user_registration` SET `popup_seen` = 'yes'
WHERE `user_id` = 'LAE427';
UPDATE `ci_sessions` SET `timestamp` = 1761736034, `data` = '__ci_last_regenerate|i:1761736034;id|s:4:\"2458\";user_id|s:6:\"LAE427\";username|s:8:\"Grennt75\";sponsor_id|s:6:\"2RSJNO\";fullname|s:22:\"William Quintero Perez\";email|s:18:\"grennt75@gmail.com\";phone|s:10:\"7862730148\";isLogIn|b:1;'
WHERE `id` = 'e2e41ec56c1dfad1fc93f65225983d15264f9c2c';
UPDATE `user_registration` SET `popup_seen` = 'yes'
WHERE `user_id` = 'LAE427';
UPDATE `user_registration` SET `popup_seen` = 'yes'
WHERE `user_id` = 'LAE427';
INSERT INTO `login_history` (`user_id`, `device`, `ip_address`, `date`) VALUES ('2RSJNO', 'Mozilla/5.0 (iPhone; CPU iPhone OS 26_0_1 like Mac OS X) AppleWebKit/605.1.15 (KHTML, like Gecko) GSA/391.0.820341064 Mobile/15E148 Safari/604.1', '2607:fb92:906:9f5e:60a0:25f9:93f6:a6c1', '25-10-29 06:15');
UPDATE `user_registration` SET `popup_seen` = 'yes'
WHERE `user_id` = '2RSJNO';
UPDATE `ci_sessions` SET `timestamp` = 1761736636, `data` = '__ci_last_regenerate|i:1761736636;id|s:4:\"2458\";user_id|s:6:\"LAE427\";username|s:8:\"Grennt75\";sponsor_id|s:6:\"2RSJNO\";fullname|s:22:\"William Quintero Perez\";email|s:18:\"grennt75@gmail.com\";phone|s:10:\"7862730148\";isLogIn|b:1;'
WHERE `id` = '38935d512b144b8f5dfcad9119965356eb55c69e';
INSERT INTO `temp_register` (`post_data`, `date`, `payment_method`, `type`) VALUES ('{\"user_id\":\"LAE427\",\"card_id\":\"4\",\"card_cost\":\"150\",\"card_value\":\"150\",\"payment_option\":\"stripe\",\"date\":\"2025-10-29 06:19:07\"}', '2025-10-29 06:19:07', 'stripe', 'buy+top_up_card');
UPDATE `user_registration` SET `popup_seen` = 'yes'
WHERE `user_id` = '2RSJNO';
UPDATE `temp_register` SET `response` = '{\"stripeToken\":\"tok_1SNXQa2NUoYUjiuurhHPbUNI\",\"stripeTokenType\":\"card\",\"stripeEmail\":\"grennt75@gmail.com\"}', `date_modified` = '2025-10-29 06:20:36', `payment_status` = '{\"id\":\"ch_3SNXQe2NUoYUjiuu1OFqq1cw\",\"object\":\"charge\",\"amount\":15000,\"amount_captured\":15000,\"amount_refunded\":0,\"application\":null,\"application_fee\":null,\"application_fee_amount\":null,\"balance_transaction\":\"txn_3SNXQe2NUoYUjiuu1i7g6wIQ\",\"billing_details\":{\"address\":{\"city\":null,\"country\":null,\"line1\":null,\"line2\":null,\"postal_code\":null,\"state\":null},\"email\":null,\"name\":\"grennt75@gmail.com\",\"phone\":null,\"tax_id\":null},\"calculated_statement_descriptor\":\"TRAVELEGENDCY LLC\",\"captured\":true,\"created\":1761736836,\"currency\":\"usd\",\"customer\":\"cus_TKBon3LMv7112O\",\"description\":null,\"destination\":null,\"dispute\":null,\"disputed\":false,\"failure_balance_transaction\":null,\"failure_code\":null,\"failure_message\":null,\"fraud_details\":[],\"invoice\":null,\"livemode\":true,\"metadata\":[],\"on_behalf_of\":null,\"order\":null,\"outcome\":{\"advice_code\":null,\"network_advice_code\":null,\"network_decline_code\":null,\"network_status\":\"approved_by_network\",\"reason\":null,\"risk_level\":\"normal\",\"seller_message\":\"Payment complete.\",\"type\":\"authorized\"},\"paid\":true,\"payment_intent\":null,\"payment_method\":\"card_1SNXQa2NUoYUjiuuKF4suplt\",\"payment_method_details\":{\"card\":{\"amount_authorized\":15000,\"authorization_code\":\"01114Z\",\"brand\":\"mastercard\",\"checks\":{\"address_line1_check\":null,\"address_postal_code_check\":null,\"cvc_check\":\"pass\"},\"country\":\"US\",\"exp_month\":9,\"exp_year\":2027,\"extended_authorization\":{\"status\":\"disabled\"},\"fingerprint\":\"XzYxjSZVeq5e1e45\",\"funding\":\"credit\",\"incremental_authorization\":{\"status\":\"unavailable\"},\"installments\":null,\"last4\":\"6343\",\"mandate\":null,\"multicapture\":{\"status\":\"unavailable\"},\"network\":\"mastercard\",\"network_token\":{\"used\":false},\"network_transaction_id\":\"MCWWBMZHU1029\",\"overcapture\":{\"maximum_amount_capturable\":15000,\"status\":\"unavailable\"},\"regulated_status\":\"unregulated\",\"three_d_secure\":null,\"wallet\":null},\"type\":\"card\"},\"receipt_email\":null,\"receipt_number\":null,\"receipt_url\":\"https:\\/\\/pay.stripe.com\\/receipts\\/payment\\/CAcQARoXChVhY2N0XzFRUEFGdjJOVW9ZVWppdXUohfGHyAYyBhWrX-F42zosFkQV6Umzld-Z2GgF4IS59bs96OifBTMmHFF0b1AgHT8_d2g9wTEwbaNynio\",\"refunded\":false,\"review\":null,\"shipping\":null,\"source\":{\"id\":\"card_1SNXQa2NUoYUjiuuKF4suplt\",\"object\":\"card\",\"address_city\":null,\"address_country\":null,\"address_line1\":null,\"address_line1_check\":null,\"address_line2\":null,\"address_state\":null,\"address_zip\":null,\"address_zip_check\":null,\"allow_redisplay\":\"unspecified\",\"brand\":\"MasterCard\",\"country\":\"US\",\"customer\":\"cus_TKBon3LMv7112O\",\"cvc_check\":\"pass\",\"dynamic_last4\":null,\"email\":null,\"exp_month\":9,\"exp_year\":2027,\"fingerprint\":\"XzYxjSZVeq5e1e45\",\"funding\":\"credit\",\"last4\":\"6343\",\"metadata\":[],\"name\":\"grennt75@gmail.com\",\"phone\":null,\"regulated_status\":\"unregulated\",\"tokenization_method\":null,\"wallet\":null},\"source_transfer\":null,\"statement_descriptor\":null,\"statement_descriptor_suffix\":null,\"status\":\"succeeded\",\"transfer_data\":null,\"transfer_group\":null}'
WHERE `id` = 1123;
INSERT INTO `card_purchase_history` (`user_id`, `card_id`, `card_cost`, `card_value`, `payment_option`, `date`) VALUES ('LAE427', '4', '150', '150', 'stripe', '2025-10-29 06:19:07');
UPDATE `user_registration` SET commission_balance = ROUND(commission_balance + 150,2)
WHERE `user_id` = 'LAE427';
INSERT INTO `login_history` (`user_id`, `device`, `ip_address`, `date`) VALUES ('UQO7EQ', 'Mozilla/5.0 (Windows NT 10.0; Win64; x64) AppleWebKit/537.36 (KHTML, like Gecko) Chrome/141.0.0.0 Safari/537.36', '2601:58a:897c:3fd0:312e:db26:f909:de2', '25-10-29 08:27');
UPDATE `user_registration` SET `popup_seen` = 'yes'
WHERE `user_id` = 'UQO7EQ';
UPDATE `user_registration` SET `popup_seen` = 'yes'
WHERE `user_id` = 'UQO7EQ';
UPDATE `user_registration` SET `popup_seen` = 'yes'
WHERE `user_id` = 'UQO7EQ';
UPDATE `ci_sessions` SET `timestamp` = 1761744928, `data` = '__ci_last_regenerate|i:1761744928;id|s:4:\"2042\";user_id|s:6:\"UQO7EQ\";username|s:6:\"Rafa51\";sponsor_id|s:6:\"N6GZAE\";fullname|s:16:\"Rafael Rodriguez\";email|s:18:\"rafagana@yahoo.com\";phone|s:10:\"3057610606\";isLogIn|b:1;'
WHERE `id` = 'b800985b59e745205f7f2474f53ecd1296256dc4';
UPDATE `user_registration` SET `popup_seen` = 'no'
WHERE `user_id` = 'UQO7EQ';
DELETE FROM `ci_sessions`
WHERE `id` = 'cdca2b3d78ba9f05572ae9e0759ef029140c72bb';
INSERT INTO `login_history` (`user_id`, `device`, `ip_address`, `date`) VALUES ('UQO7EQ', 'Mozilla/5.0 (Windows NT 10.0; Win64; x64) AppleWebKit/537.36 (KHTML, like Gecko) Chrome/141.0.0.0 Safari/537.36', '2601:58a:897c:3fd0:312e:db26:f909:de2', '25-10-29 08:37');
UPDATE `user_registration` SET `popup_seen` = 'yes'
WHERE `user_id` = 'UQO7EQ';
UPDATE `user_registration` SET `popup_seen` = 'no'
WHERE `user_id` = 'UQO7EQ';
DELETE FROM `ci_sessions`
WHERE `id` = '79028e083179f257dc9373b12a4a093d4637f942';
UPDATE `ci_sessions` SET `timestamp` = 1761745683, `data` = '__ci_last_regenerate|i:1761745683;captcha|s:4:\"1war\";'
WHERE `id` = 'f82f1bd3102cb460ab39a9bc78c8307a2914a4bf';
INSERT INTO `login_history` (`user_id`, `device`, `ip_address`, `date`) VALUES ('UQO7EQ', 'Mozilla/5.0 (Windows NT 10.0; Win64; x64) AppleWebKit/537.36 (KHTML, like Gecko) Chrome/141.0.0.0 Safari/537.36', '2601:58a:897c:3fd0:312e:db26:f909:de2', '25-10-29 08:48');
UPDATE `user_registration` SET `popup_seen` = 'yes'
WHERE `user_id` = 'UQO7EQ';
INSERT INTO `login_history` (`user_id`, `device`, `ip_address`, `date`) VALUES ('admin', 'Mozilla/5.0 (Linux; Android 10; K) AppleWebKit/537.36 (KHTML, like Gecko) Chrome/141.0.0.0 Mobile Safari/537.36', '2600:1006:b011:b843:1c18:419a:19e4:ca8c', '25-10-29 08:58');
UPDATE `user_registration` SET `popup_seen` = 'yes'
WHERE `user_id` = 'admin';
UPDATE `user_registration` SET `popup_seen` = 'no'
WHERE `user_id` = 'admin';
DELETE FROM `ci_sessions`
WHERE `id` = '479c8ce98ed69b70bd1a98c9376c93def722c8e8';
UPDATE `ci_sessions` SET `timestamp` = 1761746605, `data` = '__ci_last_regenerate|i:1761746605;id|s:4:\"2042\";user_id|s:6:\"UQO7EQ\";username|s:6:\"Rafa51\";sponsor_id|s:6:\"N6GZAE\";fullname|s:16:\"Rafael Rodriguez\";email|s:18:\"rafagana@yahoo.com\";phone|s:10:\"3057610606\";isLogIn|b:1;'
WHERE `id` = '4eee766b1e718575f1ee94a869e6a580f345c751';
UPDATE `user_registration` SET `popup_seen` = 'yes'
WHERE `user_id` = 'UQO7EQ';
UPDATE `user_registration` SET `popup_seen` = 'yes'
WHERE `user_id` = 'UQO7EQ';
UPDATE `user_registration` SET `popup_seen` = 'no'
WHERE `user_id` = 'UQO7EQ';
DELETE FROM `ci_sessions`
WHERE `id` = 'e9ae8e521e0902309434f19c2550c01f8a5d73dd';
INSERT INTO `login_history` (`user_id`, `device`, `ip_address`, `date`) VALUES ('AABG7W', 'Mozilla/5.0 (Windows NT 10.0; Win64; x64) AppleWebKit/537.36 (KHTML, like Gecko) Chrome/141.0.0.0 Safari/537.36', '2601:58a:897c:3fd0:312e:db26:f909:de2', '25-10-29 09:05');
UPDATE `user_registration` SET `popup_seen` = 'yes'
WHERE `user_id` = 'AABG7W';
UPDATE `user_registration` SET `popup_seen` = 'no'
WHERE `user_id` = 'AABG7W';
DELETE FROM `ci_sessions`
WHERE `id` = 'd50340bcb7f01bc8b3d44e7e67a26bc344bf1d1b';
INSERT INTO `login_history` (`user_id`, `device`, `ip_address`, `date`) VALUES ('JHRDHS', 'Mozilla/5.0 (iPhone; CPU iPhone OS 18_7_1 like Mac OS X) AppleWebKit/605.1.15 (KHTML, like Gecko) Version/18.7 Mobile/15E148 Safari/604.1', '2600:1702:50d0:a580:1810:747:bfab:e976', '25-10-29 10:04');
UPDATE `user_registration` SET `popup_seen` = 'yes'
WHERE `user_id` = 'JHRDHS';
INSERT INTO `login_history` (`user_id`, `device`, `ip_address`, `date`) VALUES ('JHRDHS', 'Mozilla/5.0 (Macintosh; Intel Mac OS X 10_15_7) AppleWebKit/605.1.15 (KHTML, like Gecko) Version/17.6 Safari/605.1.15', '2600:1702:50d0:a580:3029:a983:3166:b824', '25-10-29 10:36');
UPDATE `user_registration` SET `popup_seen` = 'yes'
WHERE `user_id` = 'JHRDHS';
INSERT INTO `login_history` (`user_id`, `device`, `ip_address`, `date`) VALUES ('UQO7EQ', 'Mozilla/5.0 (iPhone; CPU iPhone OS 18_5 like Mac OS X) AppleWebKit/605.1.15 (KHTML, like Gecko) Version/18.5 Mobile/15E148 Safari/604.1', '2607:fb91:c7c:c095:994d:99b8:4b9c:1abd', '25-10-29 10:37');
UPDATE `user_registration` SET `popup_seen` = 'yes'
WHERE `user_id` = 'UQO7EQ';
UPDATE `user_registration` SET `popup_seen` = 'yes'
WHERE `user_id` = 'UQO7EQ';
INSERT INTO `login_history` (`user_id`, `device`, `ip_address`, `date`) VALUES ('IYCRUH', 'Mozilla/5.0 (iPhone; CPU iPhone OS 18_6_2 like Mac OS X) AppleWebKit/605.1.15 (KHTML, like Gecko) Version/18.6 Mobile/15E148 Safari/604.1', '2600:1700:4c04:4240:c69:77b6:cdf4:5808', '25-10-29 10:40');
UPDATE `user_registration` SET `popup_seen` = 'yes'
WHERE `user_id` = 'IYCRUH';
UPDATE `user_registration` SET `popup_seen` = 'no'
WHERE `user_id` = 'UQO7EQ';
DELETE FROM `ci_sessions`
WHERE `id` = '962d8f32275e67744ce8910899613b629e80c237';
UPDATE `user_registration` SET `popup_seen` = 'yes'
WHERE `user_id` = 'IYCRUH';
UPDATE `ci_sessions` SET `timestamp` = 1761752477, `data` = '__ci_last_regenerate|i:1761752477;id|s:4:\"2071\";user_id|s:6:\"JHRDHS\";username|s:7:\"mbecena\";sponsor_id|s:6:\"CVVK4C\";fullname|s:12:\"Maria Becena\";email|s:21:\"mbecena@bellsouth.net\";phone|s:10:\"7862360387\";isLogIn|b:1;'
WHERE `id` = '7fd441e1e59844b30aa7230d092d1cb721678cd0';
UPDATE `user_registration` SET `popup_seen` = 'yes'
WHERE `user_id` = 'IYCRUH';
UPDATE `user_registration` SET `popup_seen` = 'yes'
WHERE `user_id` = 'IYCRUH';
UPDATE `ci_sessions` SET `timestamp` = 1761752827, `data` = '__ci_last_regenerate|i:1761752827;id|s:4:\"2192\";user_id|s:6:\"IYCRUH\";username|s:11:\"CARMENTMORA\";sponsor_id|s:6:\"QJ5U9C\";fullname|s:13:\"Carmen T Mora\";email|s:24:\"rosioesmeralda@yahoo.com\";phone|s:10:\"7869708716\";isLogIn|b:1;'
WHERE `id` = '85b4630e2e8189094ecd9de26b35daf4ef8830c9';
UPDATE `user_registration` SET `popup_seen` = 'yes'
WHERE `user_id` = 'IYCRUH';
UPDATE `ci_sessions` SET `timestamp` = 1761752850, `data` = '__ci_last_regenerate|i:1761752850;id|s:4:\"2071\";user_id|s:6:\"JHRDHS\";username|s:7:\"mbecena\";sponsor_id|s:6:\"CVVK4C\";fullname|s:12:\"Maria Becena\";email|s:21:\"mbecena@bellsouth.net\";phone|s:10:\"7862360387\";isLogIn|b:1;'
WHERE `id` = '0da795b8c9100b7541cdb5e05f5d4f04a522fc7f';
UPDATE `user_registration` SET `popup_seen` = 'yes'
WHERE `user_id` = 'JHRDHS';
UPDATE `user_registration` SET `popup_seen` = 'yes'
WHERE `user_id` = 'JHRDHS';
UPDATE `user_registration` SET `popup_seen` = 'yes'
WHERE `user_id` = 'IYCRUH';
UPDATE `user_registration` SET `popup_seen` = 'no'
WHERE `user_id` = 'IYCRUH';
DELETE FROM `ci_sessions`
WHERE `id` = '1c8308959d4fc91d05e59ebeba55ba4dbaf01900';
UPDATE `ci_sessions` SET `timestamp` = 1761754979, `data` = '__ci_last_regenerate|i:1761754979;captcha|s:4:\"27jr\";'
WHERE `id` = '1e64d6967d029e1a5a2bd2d1b5874b1248cae630';
INSERT INTO `login_history` (`user_id`, `device`, `ip_address`, `date`) VALUES ('AABG7W', 'Mozilla/5.0 (Windows NT 10.0; Win64; x64) AppleWebKit/537.36 (KHTML, like Gecko) Chrome/141.0.0.0 Safari/537.36', '2601:58a:897c:3fd0:312e:db26:f909:de2', '25-10-29 11:23');
UPDATE `user_registration` SET `popup_seen` = 'yes'
WHERE `user_id` = 'AABG7W';
UPDATE `user_registration` SET `popup_seen` = 'no'
WHERE `user_id` = 'AABG7W';
DELETE FROM `ci_sessions`
WHERE `id` = 'bf070fd0bb27d759af49ddf71d04c78586e83656';
INSERT INTO `login_history` (`user_id`, `device`, `ip_address`, `date`) VALUES ('UQO7EQ', 'Mozilla/5.0 (Windows NT 10.0; Win64; x64) AppleWebKit/537.36 (KHTML, like Gecko) Chrome/141.0.0.0 Safari/537.36', '2601:58a:897c:3fd0:312e:db26:f909:de2', '25-10-29 11:23');
UPDATE `user_registration` SET `popup_seen` = 'yes'
WHERE `user_id` = 'UQO7EQ';
UPDATE `ci_sessions` SET `timestamp` = 1761755646, `data` = '__ci_last_regenerate|i:1761755646;id|s:4:\"2042\";user_id|s:6:\"UQO7EQ\";username|s:6:\"Rafa51\";sponsor_id|s:6:\"N6GZAE\";fullname|s:16:\"Rafael Rodriguez\";email|s:18:\"rafagana@yahoo.com\";phone|s:10:\"3057610606\";isLogIn|b:1;message|s:24:\"Welcome Rafael Rodriguez\";__ci_vars|a:1:{s:7:\"message\";s:3:\"old\";}'
WHERE `id` = '0b4552756dd176ee0da0f4d3a6e109ff4990c772';
UPDATE `user_registration` SET `popup_seen` = 'yes'
WHERE `user_id` = 'UQO7EQ';
UPDATE `ci_sessions` SET `timestamp` = 1761756555, `data` = '__ci_last_regenerate|i:1761756555;id|s:4:\"2042\";user_id|s:6:\"UQO7EQ\";username|s:6:\"Rafa51\";sponsor_id|s:6:\"N6GZAE\";fullname|s:16:\"Rafael Rodriguez\";email|s:18:\"rafagana@yahoo.com\";phone|s:10:\"3057610606\";isLogIn|b:1;'
WHERE `id` = '7b75ed136f4726f55e900575aeca8d982d4eac23';
INSERT INTO `temp_register` (`post_data`, `date`, `payment_method`, `type`) VALUES ('{\"uid\":\"2467\",\"user_id\":\"FC8YBG\",\"username\":\"Gomez1940\",\"sponsor_id\":\"UQO7EQ\",\"vacant\":\"no\",\"f_name\":\"Ania\",\"l_name\":\"Debora\",\"position\":\"right\",\"email\":\"efren.colina02@gmail.com\",\"password\":\"cc26cd414f8376f8237027628069cc66\",\"phone\":\"3057261484\",\"country\":\"United States\",\"state\":\"Florida\",\"city\":\"Opa Locka\",\"street\":\"4050 NW 135 St BLDG 2-15\",\"zip_code\":\"33054\",\"reg_ip\":\"2601:58a:897c:3fd0:312e:db26:f909:de2\",\"status\":1,\"package_id\":\"1\",\"rank_id\":1,\"highest_rank\":1,\"cycle_rank_id\":1,\"user_type\":\"affiliate\",\"created\":\"2025-10-29 11:49:15\",\"subscription_date\":\"2025-11-28\",\"active_status\":\"yes\",\"google_secret\":\"4PK3V44NLUBHNVT3\"}', '2025-10-29 11:49:15', 'stripe', 'register');
UPDATE `temp_register` SET `response` = '{\"stripeToken\":\"tok_1SNcaB2NUoYUjiuuRYsFdnra\",\"stripeTokenType\":\"card\",\"stripeEmail\":\"rafagana@yahoo.com\"}', `date_modified` = '2025-10-29 11:50:52', `payment_status` = '{\"id\":\"ch_3SNcaG2NUoYUjiuu1kyE8h2V\",\"object\":\"charge\",\"amount\":19500,\"amount_captured\":19500,\"amount_refunded\":0,\"application\":null,\"application_fee\":null,\"application_fee_amount\":null,\"balance_transaction\":\"txn_3SNcaG2NUoYUjiuu1sE5qJpX\",\"billing_details\":{\"address\":{\"city\":null,\"country\":null,\"line1\":null,\"line2\":null,\"postal_code\":null,\"state\":null},\"email\":null,\"name\":\"rafagana@yahoo.com\",\"phone\":null,\"tax_id\":null},\"calculated_statement_descriptor\":\"TRAVELEGENDCY LLC\",\"captured\":true,\"created\":1761756652,\"currency\":\"usd\",\"customer\":\"cus_TKH899OfnsLocW\",\"description\":null,\"destination\":null,\"dispute\":null,\"disputed\":false,\"failure_balance_transaction\":null,\"failure_code\":null,\"failure_message\":null,\"fraud_details\":[],\"invoice\":null,\"livemode\":true,\"metadata\":{\"name\":\"Ania Debora\",\"username\":\"Gomez1940\"},\"on_behalf_of\":null,\"order\":null,\"outcome\":{\"advice_code\":null,\"network_advice_code\":null,\"network_decline_code\":null,\"network_status\":\"approved_by_network\",\"reason\":null,\"risk_level\":\"normal\",\"seller_message\":\"Payment complete.\",\"type\":\"authorized\"},\"paid\":true,\"payment_intent\":null,\"payment_method\":\"card_1SNcaB2NUoYUjiuuy6YTA0Yz\",\"payment_method_details\":{\"card\":{\"amount_authorized\":19500,\"authorization_code\":\"048822\",\"brand\":\"visa\",\"checks\":{\"address_line1_check\":null,\"address_postal_code_check\":null,\"cvc_check\":\"pass\"},\"country\":\"US\",\"exp_month\":11,\"exp_year\":2027,\"extended_authorization\":{\"status\":\"disabled\"},\"fingerprint\":\"oDFJPEufxLEAjKWo\",\"funding\":\"debit\",\"incremental_authorization\":{\"status\":\"unavailable\"},\"installments\":null,\"last4\":\"2629\",\"mandate\":null,\"multicapture\":{\"status\":\"unavailable\"},\"network\":\"visa\",\"network_token\":{\"used\":false},\"network_transaction_id\":\"355302606523644\",\"overcapture\":{\"maximum_amount_capturable\":19500,\"status\":\"unavailable\"},\"regulated_status\":\"regulated\",\"three_d_secure\":null,\"wallet\":null},\"type\":\"card\"},\"receipt_email\":null,\"receipt_number\":null,\"receipt_url\":\"https:\\/\\/pay.stripe.com\\/receipts\\/payment\\/CAcQARoXChVhY2N0XzFRUEFGdjJOVW9ZVWppdXUo7YuJyAYyBt3NsnpGIDosFkKO6EuV_x8PUHbOJi9He1bQZCZcdVGZrDOlfy3mQb3fQw1x-0Bxmbmh9tM\",\"refunded\":false,\"review\":null,\"shipping\":null,\"source\":{\"id\":\"card_1SNcaB2NUoYUjiuuy6YTA0Yz\",\"object\":\"card\",\"address_city\":null,\"address_country\":null,\"address_line1\":null,\"address_line1_check\":null,\"address_line2\":null,\"address_state\":null,\"address_zip\":null,\"address_zip_check\":null,\"allow_redisplay\":\"unspecified\",\"brand\":\"Visa\",\"country\":\"US\",\"customer\":\"cus_TKH899OfnsLocW\",\"cvc_check\":\"pass\",\"dynamic_last4\":null,\"email\":null,\"exp_month\":11,\"exp_year\":2027,\"fingerprint\":\"oDFJPEufxLEAjKWo\",\"funding\":\"debit\",\"last4\":\"2629\",\"metadata\":[],\"name\":\"rafagana@yahoo.com\",\"phone\":null,\"regulated_status\":\"regulated\",\"tokenization_method\":null,\"wallet\":null},\"source_transfer\":null,\"statement_descriptor\":null,\"statement_descriptor_suffix\":null,\"status\":\"succeeded\",\"transfer_data\":null,\"transfer_group\":null}'
WHERE `id` = 1124;
INSERT INTO `user_registration` (`user_id`, `username`, `sponsor_id`, `vacant`, `f_name`, `l_name`, `position`, `email`, `password`, `phone`, `country`, `state`, `city`, `street`, `zip_code`, `reg_ip`, `status`, `package_id`, `rank_id`, `highest_rank`, `cycle_rank_id`, `user_type`, `created`, `subscription_date`, `active_status`, `google_secret`) VALUES ('FC8YBG', 'Gomez1940', 'UQO7EQ', 'no', 'Ania', 'Debora', 'right', 'efren.colina02@gmail.com', 'cc26cd414f8376f8237027628069cc66', '3057261484', 'United States', 'Florida', 'Opa Locka', '4050 NW 135 St BLDG 2-15', '33054', '2601:58a:897c:3fd0:312e:db26:f909:de2', 1, '1', 1, 1, 1, 'affiliate', '2025-10-29 11:49:15', '2025-11-28', 'yes', '4PK3V44NLUBHNVT3');
UPDATE `user_registration` SET total_ref_count = total_ref_count+1
WHERE `user_id` = 'UQO7EQ';
INSERT INTO `matrix_fill_sponsor` (`sponsor_id`, `downline_id`, `level`, `matrix`) VALUES ('UQO7EQ', 'FC8YBG', 1, 1);
INSERT INTO `matrix_fill_sponsor` (`sponsor_id`, `downline_id`, `level`, `matrix`) VALUES ('N6GZAE', 'FC8YBG', 2, 1);
INSERT INTO `matrix_fill_sponsor` (`sponsor_id`, `downline_id`, `level`, `matrix`) VALUES ('4E1CRI', 'FC8YBG', 3, 1);
INSERT INTO `matrix_fill_sponsor` (`sponsor_id`, `downline_id`, `level`, `matrix`) VALUES ('SJBNYJ', 'FC8YBG', 4, 1);
INSERT INTO `matrix_fill_sponsor` (`sponsor_id`, `downline_id`, `level`, `matrix`) VALUES ('44B9Y4', 'FC8YBG', 5, 1);
INSERT INTO `matrix_fill_sponsor` (`sponsor_id`, `downline_id`, `level`, `matrix`) VALUES ('admin', 'FC8YBG', 6, 1);
UPDATE `binary_view` SET `user_id` = 'FC8YBG', `username` = 'Gomez1940', `vacant` = 'no', `created` = '2025-10-29 11:50:52', `sponsor_id` = 'UQO7EQ'
WHERE `uid` = '2467';
INSERT INTO `binary_view` (`user_id`, `username`, `sponsor_id`, `placement_id`, `vacant`, `position`, `created`) VALUES ('WRPAGO', 'gsmsKNTD', 'FC8YBG', 'FC8YBG', 'yes', 'left', '2025-10-29 11:50:52');
INSERT INTO `binary_view` (`user_id`, `username`, `sponsor_id`, `placement_id`, `vacant`, `position`, `created`) VALUES ('UMZXAN', 'DyQZGAHZ', 'FC8YBG', 'FC8YBG', 'yes', 'right', '2025-10-29 11:50:52');
INSERT INTO `bv_updation` (`user_id`) VALUES ('FC8YBG');
UPDATE `user_registration` SET total_downlines = total_downlines+1
WHERE `user_id` = 'L8O2QX';
UPDATE `user_registration` SET right_downlines = right_downlines+1
WHERE `user_id` = 'L8O2QX';
UPDATE `user_registration` SET total_downlines = total_downlines+1
WHERE `user_id` = '9WFPZ6';
UPDATE `user_registration` SET right_downlines = right_downlines+1
WHERE `user_id` = '9WFPZ6';
UPDATE `user_registration` SET total_downlines = total_downlines+1
WHERE `user_id` = 'EZT3DR';
UPDATE `user_registration` SET right_downlines = right_downlines+1
WHERE `user_id` = 'EZT3DR';
UPDATE `user_registration` SET total_downlines = total_downlines+1
WHERE `user_id` = 'EKTIVH';
UPDATE `user_registration` SET right_downlines = right_downlines+1
WHERE `user_id` = 'EKTIVH';
UPDATE `user_registration` SET total_downlines = total_downlines+1
WHERE `user_id` = '9ST4Y6';
UPDATE `user_registration` SET right_downlines = right_downlines+1
WHERE `user_id` = '9ST4Y6';
UPDATE `user_registration` SET total_downlines = total_downlines+1
WHERE `user_id` = 'W7989C';
UPDATE `user_registration` SET right_downlines = right_downlines+1
WHERE `user_id` = 'W7989C';
UPDATE `user_registration` SET total_downlines = total_downlines+1
WHERE `user_id` = 'OTZTS5';
UPDATE `user_registration` SET right_downlines = right_downlines+1
WHERE `user_id` = 'OTZTS5';
UPDATE `user_registration` SET total_downlines = total_downlines+1
WHERE `user_id` = '2XBFEZ';
UPDATE `user_registration` SET right_downlines = right_downlines+1
WHERE `user_id` = '2XBFEZ';
UPDATE `user_registration` SET total_downlines = total_downlines+1
WHERE `user_id` = 'XXI66Z';
UPDATE `user_registration` SET right_downlines = right_downlines+1
WHERE `user_id` = 'XXI66Z';
UPDATE `user_registration` SET total_downlines = total_downlines+1
WHERE `user_id` = '2MBPZI';
UPDATE `user_registration` SET right_downlines = right_downlines+1
WHERE `user_id` = '2MBPZI';
UPDATE `user_registration` SET total_downlines = total_downlines+1
WHERE `user_id` = '1Q1ADJ';
UPDATE `user_registration` SET right_downlines = right_downlines+1
WHERE `user_id` = '1Q1ADJ';
UPDATE `user_registration` SET total_downlines = total_downlines+1
WHERE `user_id` = 'XHO8CJ';
UPDATE `user_registration` SET right_downlines = right_downlines+1
WHERE `user_id` = 'XHO8CJ';
UPDATE `user_registration` SET total_downlines = total_downlines+1
WHERE `user_id` = 'U7SMZ8';
UPDATE `user_registration` SET right_downlines = right_downlines+1
WHERE `user_id` = 'U7SMZ8';
UPDATE `user_registration` SET total_downlines = total_downlines+1
WHERE `user_id` = 'AABG7W';
UPDATE `user_registration` SET right_downlines = right_downlines+1
WHERE `user_id` = 'AABG7W';
UPDATE `user_registration` SET total_downlines = total_downlines+1
WHERE `user_id` = '3ZDIFO';
UPDATE `user_registration` SET right_downlines = right_downlines+1
WHERE `user_id` = '3ZDIFO';
UPDATE `user_registration` SET total_downlines = total_downlines+1
WHERE `user_id` = 'UQO7EQ';
UPDATE `user_registration` SET right_downlines = right_downlines+1
WHERE `user_id` = 'UQO7EQ';
UPDATE `user_registration` SET right_ref_count = right_ref_count+1
WHERE `user_id` = 'UQO7EQ';
UPDATE `user_registration` SET active_right = active_right+1
WHERE `user_id` = 'UQO7EQ';
UPDATE `user_registration` SET total_downlines = total_downlines+1
WHERE `user_id` = 'N6GZAE';
UPDATE `user_registration` SET left_downlines = left_downlines+1
WHERE `user_id` = 'N6GZAE';
UPDATE `user_registration` SET total_downlines = total_downlines+1
WHERE `user_id` = '4E1CRI';
UPDATE `user_registration` SET left_downlines = left_downlines+1
WHERE `user_id` = '4E1CRI';
UPDATE `user_registration` SET total_downlines = total_downlines+1
WHERE `user_id` = 'SJBNYJ';
UPDATE `user_registration` SET left_downlines = left_downlines+1
WHERE `user_id` = 'SJBNYJ';
UPDATE `user_registration` SET total_downlines = total_downlines+1
WHERE `user_id` = '44B9Y4';
UPDATE `user_registration` SET left_downlines = left_downlines+1
WHERE `user_id` = '44B9Y4';
UPDATE `user_registration` SET total_downlines = total_downlines+1
WHERE `user_id` = 'admin';
UPDATE `user_registration` SET right_downlines = right_downlines+1
WHERE `user_id` = 'admin';
INSERT INTO `package_purchase_history` (`user_id`, `package_id`, `reg_fee`, `package_name`, `monthly_fee`, `type`, `date`, `payment_option`) VALUES ('FC8YBG', '1', '195', 'Traveler', '50', 'sign_up', '2025-10-29 11:50:52', 'stripe');
INSERT INTO `investment` (`invest_date`, `user_id`, `type`, `amount`, `package_id`) VALUES ('2025-10-29 11:50:52', 'FC8YBG', 'register', '195', '1');
INSERT INTO `earnings` (`user_id`, `Purchaser_id`, `earning_type`, `package_id`, `amount`, `date`, `comments`, `invest_amount`, `comm_perc`, `level`, `rank_id`, `order_id`) VALUES ('UQO7EQ', 'FC8YBG', 'Direct Referral Bonus', '1', '30', '2025-10-29 11:50:52', 'Direct Referral Bonus', 0, 0, 1, '', 1164);
UPDATE `user_registration` SET commission_balance = ROUND(commission_balance + 30,2)
WHERE `user_id` = 'UQO7EQ';
UPDATE `user_registration` SET referral_bonus = ROUND(referral_bonus + 30,2)
WHERE `user_id` = 'UQO7EQ';
UPDATE `user_registration` SET total_points = ROUND(total_points + 20,2)
WHERE `user_id` = 'FC8YBG';
INSERT INTO `points_history` (`user_id`, `points`, `type`, `date`) VALUES ('FC8YBG', '20', 'register', '2025-10-29 11:50:');
INSERT INTO `matrix_filling` (`placement_id`, `downline_id`, `level`, `matrix`) VALUES ('L8O2QX', 'FC8YBG', 1, 1);
INSERT INTO `matrix_filling` (`placement_id`, `downline_id`, `level`, `matrix`) VALUES ('9WFPZ6', 'FC8YBG', 2, 1);
UPDATE `bv_updation` SET right_carry = right_carry+20, total_right = total_right+20
WHERE `user_id` = '9WFPZ6';
INSERT INTO `placement_bv_update_history` (`right_carry`, `date`, `from_id`, `user_id`) VALUES ('20', '2025-10-29 11:50:52', 'FC8YBG', '9WFPZ6');
INSERT INTO `matrix_filling` (`placement_id`, `downline_id`, `level`, `matrix`) VALUES ('EZT3DR', 'FC8YBG', 3, 1);
UPDATE `bv_updation` SET right_carry = right_carry+20, total_right = total_right+20
WHERE `user_id` = 'EZT3DR';
INSERT INTO `placement_bv_update_history` (`right_carry`, `date`, `from_id`, `user_id`) VALUES ('20', '2025-10-29 11:50:52', 'FC8YBG', 'EZT3DR');
INSERT INTO `matrix_filling` (`placement_id`, `downline_id`, `level`, `matrix`) VALUES ('EKTIVH', 'FC8YBG', 4, 1);
UPDATE `bv_updation` SET right_carry = right_carry+20, total_right = total_right+20
WHERE `user_id` = 'EKTIVH';
INSERT INTO `placement_bv_update_history` (`right_carry`, `date`, `from_id`, `user_id`) VALUES ('20', '2025-10-29 11:50:52', 'FC8YBG', 'EKTIVH');
INSERT INTO `matrix_filling` (`placement_id`, `downline_id`, `level`, `matrix`) VALUES ('9ST4Y6', 'FC8YBG', 5, 1);
INSERT INTO `matrix_filling` (`placement_id`, `downline_id`, `level`, `matrix`) VALUES ('W7989C', 'FC8YBG', 6, 1);
UPDATE `bv_updation` SET right_carry = right_carry+20, total_right = total_right+20
WHERE `user_id` = 'W7989C';
INSERT INTO `placement_bv_update_history` (`right_carry`, `date`, `from_id`, `user_id`) VALUES ('20', '2025-10-29 11:50:52', 'FC8YBG', 'W7989C');
INSERT INTO `matrix_filling` (`placement_id`, `downline_id`, `level`, `matrix`) VALUES ('OTZTS5', 'FC8YBG', 7, 1);
UPDATE `bv_updation` SET right_carry = right_carry+20, total_right = total_right+20
WHERE `user_id` = 'OTZTS5';
INSERT INTO `placement_bv_update_history` (`right_carry`, `date`, `from_id`, `user_id`) VALUES ('20', '2025-10-29 11:50:52', 'FC8YBG', 'OTZTS5');
UPDATE `user_registration` SET `cycle_rank_id` = '1'
WHERE `user_id` = 'OTZTS5';
INSERT INTO `rank_history` (`rank_id`, `user_id`, `name`, `bv`, `date`, `amount`, `type`) VALUES ('1', 'OTZTS5', 'Affiliate', '0', '2025-10-29 11:50:52', '0', 'auto');
INSERT INTO `matrix_filling` (`placement_id`, `downline_id`, `level`, `matrix`) VALUES ('2XBFEZ', 'FC8YBG', 8, 1);
INSERT INTO `matrix_filling` (`placement_id`, `downline_id`, `level`, `matrix`) VALUES ('XXI66Z', 'FC8YBG', 9, 1);
UPDATE `bv_updation` SET right_carry = right_carry+20, total_right = total_right+20
WHERE `user_id` = 'XXI66Z';
INSERT INTO `placement_bv_update_history` (`right_carry`, `date`, `from_id`, `user_id`) VALUES ('20', '2025-10-29 11:50:52', 'FC8YBG', 'XXI66Z');
INSERT INTO `matrix_filling` (`placement_id`, `downline_id`, `level`, `matrix`) VALUES ('2MBPZI', 'FC8YBG', 10, 1);
UPDATE `bv_updation` SET right_carry = right_carry+20, total_right = total_right+20
WHERE `user_id` = '2MBPZI';
INSERT INTO `placement_bv_update_history` (`right_carry`, `date`, `from_id`, `user_id`) VALUES ('20', '2025-10-29 11:50:52', 'FC8YBG', '2MBPZI');
INSERT INTO `matrix_filling` (`placement_id`, `downline_id`, `level`, `matrix`) VALUES ('1Q1ADJ', 'FC8YBG', 11, 1);
INSERT INTO `matrix_filling` (`placement_id`, `downline_id`, `level`, `matrix`) VALUES ('XHO8CJ', 'FC8YBG', 12, 1);
UPDATE `bv_updation` SET right_carry = right_carry+20, total_right = total_right+20
WHERE `user_id` = 'XHO8CJ';
INSERT INTO `placement_bv_update_history` (`right_carry`, `date`, `from_id`, `user_id`) VALUES ('20', '2025-10-29 11:50:52', 'FC8YBG', 'XHO8CJ');
INSERT INTO `matrix_filling` (`placement_id`, `downline_id`, `level`, `matrix`) VALUES ('U7SMZ8', 'FC8YBG', 13, 1);
UPDATE `bv_updation` SET right_carry = right_carry+20, total_right = total_right+20
WHERE `user_id` = 'U7SMZ8';
INSERT INTO `placement_bv_update_history` (`right_carry`, `date`, `from_id`, `user_id`) VALUES ('20', '2025-10-29 11:50:52', 'FC8YBG', 'U7SMZ8');
UPDATE `user_registration` SET `cycle_rank_id` = '1'
WHERE `user_id` = 'U7SMZ8';
INSERT INTO `rank_history` (`rank_id`, `user_id`, `name`, `bv`, `date`, `amount`, `type`) VALUES ('1', 'U7SMZ8', 'Affiliate', '0', '2025-10-29 11:50:52', '0', 'auto');
INSERT INTO `matrix_filling` (`placement_id`, `downline_id`, `level`, `matrix`) VALUES ('AABG7W', 'FC8YBG', 14, 1);
UPDATE `bv_updation` SET right_carry = right_carry+20, total_right = total_right+20
WHERE `user_id` = 'AABG7W';
INSERT INTO `placement_bv_update_history` (`right_carry`, `date`, `from_id`, `user_id`) VALUES ('20', '2025-10-29 11:50:52', 'FC8YBG', 'AABG7W');
UPDATE `user_registration` SET `cycle_rank_id` = '1'
WHERE `user_id` = 'AABG7W';
INSERT INTO `rank_history` (`rank_id`, `user_id`, `name`, `bv`, `date`, `amount`, `type`) VALUES ('1', 'AABG7W', 'Affiliate', '0', '2025-10-29 11:50:52', '0', 'auto');
INSERT INTO `matrix_filling` (`placement_id`, `downline_id`, `level`, `matrix`) VALUES ('3ZDIFO', 'FC8YBG', 15, 1);
UPDATE `bv_updation` SET right_carry = right_carry+20, total_right = total_right+20
WHERE `user_id` = '3ZDIFO';
INSERT INTO `placement_bv_update_history` (`right_carry`, `date`, `from_id`, `user_id`) VALUES ('20', '2025-10-29 11:50:52', 'FC8YBG', '3ZDIFO');
INSERT INTO `matrix_filling` (`placement_id`, `downline_id`, `level`, `matrix`) VALUES ('UQO7EQ', 'FC8YBG', 16, 1);
UPDATE `bv_updation` SET right_carry = right_carry+20, total_right = total_right+20
WHERE `user_id` = 'UQO7EQ';
INSERT INTO `placement_bv_update_history` (`right_carry`, `date`, `from_id`, `user_id`) VALUES ('20', '2025-10-29 11:50:52', 'FC8YBG', 'UQO7EQ');
UPDATE `user_registration` SET `cycle_rank_id` = '1'
WHERE `user_id` = 'UQO7EQ';
INSERT INTO `rank_history` (`rank_id`, `user_id`, `name`, `bv`, `date`, `amount`, `type`) VALUES ('1', 'UQO7EQ', 'Affiliate', '0', '2025-10-29 11:50:52', '0', 'auto');
UPDATE `bv_updation` SET sponsor_right_carry = sponsor_right_carry+20, sponsor_total_right = sponsor_total_right+20
WHERE `user_id` = 'UQO7EQ';
INSERT INTO `sponsor_bv_update_history` (`right_carry`, `date`, `user_id`) VALUES ('20', '2025-10-29 11:50:52', 'UQO7EQ');
INSERT INTO `matrix_filling` (`placement_id`, `downline_id`, `level`, `matrix`) VALUES ('N6GZAE', 'FC8YBG', 17, 1);
UPDATE `bv_updation` SET left_carry = left_carry+20, total_left = total_left+20
WHERE `user_id` = 'N6GZAE';
INSERT INTO `placement_bv_update_history` (`left_carry`, `date`, `from_id`, `user_id`) VALUES ('20', '2025-10-29 11:50:52', 'FC8YBG', 'N6GZAE');
UPDATE `user_registration` SET `cycle_rank_id` = '1'
WHERE `user_id` = 'N6GZAE';
INSERT INTO `rank_history` (`rank_id`, `user_id`, `name`, `bv`, `date`, `amount`, `type`) VALUES ('1', 'N6GZAE', 'Affiliate', '0', '2025-10-29 11:50:52', '0', 'auto');
INSERT INTO `matrix_filling` (`placement_id`, `downline_id`, `level`, `matrix`) VALUES ('4E1CRI', 'FC8YBG', 18, 1);
UPDATE `bv_updation` SET left_carry = left_carry+20, total_left = total_left+20
WHERE `user_id` = '4E1CRI';
INSERT INTO `placement_bv_update_history` (`left_carry`, `date`, `from_id`, `user_id`) VALUES ('20', '2025-10-29 11:50:52', 'FC8YBG', '4E1CRI');
INSERT INTO `matrix_filling` (`placement_id`, `downline_id`, `level`, `matrix`) VALUES ('SJBNYJ', 'FC8YBG', 19, 1);
UPDATE `bv_updation` SET left_carry = left_carry+20, total_left = total_left+20
WHERE `user_id` = 'SJBNYJ';
INSERT INTO `placement_bv_update_history` (`left_carry`, `date`, `from_id`, `user_id`) VALUES ('20', '2025-10-29 11:50:52', 'FC8YBG', 'SJBNYJ');
UPDATE `user_registration` SET `cycle_rank_id` = '1'
WHERE `user_id` = 'SJBNYJ';
INSERT INTO `rank_history` (`rank_id`, `user_id`, `name`, `bv`, `date`, `amount`, `type`) VALUES ('1', 'SJBNYJ', 'Affiliate', '0', '2025-10-29 11:50:52', '0', 'auto');
INSERT INTO `matrix_filling` (`placement_id`, `downline_id`, `level`, `matrix`) VALUES ('44B9Y4', 'FC8YBG', 20, 1);
UPDATE `bv_updation` SET left_carry = left_carry+20, total_left = total_left+20
WHERE `user_id` = '44B9Y4';
INSERT INTO `placement_bv_update_history` (`left_carry`, `date`, `from_id`, `user_id`) VALUES ('20', '2025-10-29 11:50:52', 'FC8YBG', '44B9Y4');
UPDATE `user_registration` SET `cycle_rank_id` = '1'
WHERE `user_id` = '44B9Y4';
INSERT INTO `rank_history` (`rank_id`, `user_id`, `name`, `bv`, `date`, `amount`, `type`) VALUES ('1', '44B9Y4', 'Affiliate', '0', '2025-10-29 11:50:52', '0', 'auto');
INSERT INTO `matrix_filling` (`placement_id`, `downline_id`, `level`, `matrix`) VALUES ('admin', 'FC8YBG', 21, 1);
UPDATE `bv_updation` SET right_carry = right_carry+20, total_right = total_right+20
WHERE `user_id` = 'admin';
INSERT INTO `placement_bv_update_history` (`right_carry`, `date`, `from_id`, `user_id`) VALUES ('20', '2025-10-29 11:50:52', 'FC8YBG', 'admin');
UPDATE `user_registration` SET `cycle_rank_id` = '1'
WHERE `user_id` = 'admin';
INSERT INTO `rank_history` (`rank_id`, `user_id`, `name`, `bv`, `date`, `amount`, `type`) VALUES ('1', 'admin', 'Affiliate', '0', '2025-10-29 11:50:52', '0', 'auto');
UPDATE `user_registration` SET `popup_seen` = 'yes'
WHERE `user_id` = 'UQO7EQ';
UPDATE `user_registration` SET `popup_seen` = 'yes'
WHERE `user_id` = 'UQO7EQ';
UPDATE `ci_sessions` SET `timestamp` = 1761757091, `data` = '__ci_last_regenerate|i:1761757091;id|s:4:\"2042\";user_id|s:6:\"UQO7EQ\";username|s:6:\"Rafa51\";sponsor_id|s:6:\"N6GZAE\";fullname|s:16:\"Rafael Rodriguez\";email|s:18:\"rafagana@yahoo.com\";phone|s:10:\"3057610606\";isLogIn|b:1;'
WHERE `id` = '54d3b61874603ee7405961a73eb905c2a0fcf2e4';
UPDATE `add_cart` SET quantity = quantity + 1, total_amount = total_amount + 130, total_point = total_point + 65
WHERE `user_id` = 'UQO7EQ'
AND `product_id` = '3';
UPDATE `user_registration` SET `popup_seen` = 'yes'
WHERE `user_id` = 'UQO7EQ';
UPDATE `user_registration` SET `popup_seen` = 'yes'
WHERE `user_id` = 'UQO7EQ';
UPDATE `user_registration` SET `popup_seen` = 'no'
WHERE `user_id` = 'UQO7EQ';
DELETE FROM `ci_sessions`
WHERE `id` = '5ccce55492893ee14131a96e89fc0464d281cb41';
INSERT INTO `login_history` (`user_id`, `device`, `ip_address`, `date`) VALUES ('FC8YBG', 'Mozilla/5.0 (Windows NT 10.0; Win64; x64) AppleWebKit/537.36 (KHTML, like Gecko) Chrome/141.0.0.0 Safari/537.36', '2601:58a:897c:3fd0:312e:db26:f909:de2', '25-10-29 12:00');
UPDATE `user_registration` SET `popup_seen` = 'yes'
WHERE `user_id` = 'FC8YBG';
UPDATE `user_registration` SET `popup_seen` = 'no'
WHERE `user_id` = 'FC8YBG';
DELETE FROM `ci_sessions`
WHERE `id` = 'd5974c0ee4685f7a796a1d4dcc04e323ef7551e0';
INSERT INTO `login_history` (`user_id`, `device`, `ip_address`, `date`) VALUES ('UQO7EQ', 'Mozilla/5.0 (Windows NT 10.0; Win64; x64) AppleWebKit/537.36 (KHTML, like Gecko) Chrome/141.0.0.0 Safari/537.36', '2601:58a:897c:3fd0:312e:db26:f909:de2', '25-10-29 12:07');
UPDATE `user_registration` SET `popup_seen` = 'yes'
WHERE `user_id` = 'UQO7EQ';
UPDATE `ci_sessions` SET `timestamp` = 1761757703, `data` = '__ci_last_regenerate|i:1761757703;id|s:4:\"2042\";user_id|s:6:\"UQO7EQ\";username|s:6:\"Rafa51\";sponsor_id|s:6:\"N6GZAE\";fullname|s:16:\"Rafael Rodriguez\";email|s:18:\"rafagana@yahoo.com\";phone|s:10:\"3057610606\";isLogIn|b:1;message|s:24:\"Welcome Rafael Rodriguez\";__ci_vars|a:1:{s:7:\"message\";s:3:\"old\";}'
WHERE `id` = 'e4b1a6d548b5c0bf39ff173c3c05348bdb3fdac6';
UPDATE `user_registration` SET `popup_seen` = 'no'
WHERE `user_id` = 'UQO7EQ';
DELETE FROM `ci_sessions`
WHERE `id` = '9d110fa9f188e4f8c1d02e05ebccd18ed4792041';
INSERT INTO `login_history` (`user_id`, `device`, `ip_address`, `date`) VALUES ('4VE7D1', 'Mozilla/5.0 (iPad; CPU OS 18_5 like Mac OS X) AppleWebKit/605.1.15 (KHTML, like Gecko) Version/18.5 Mobile/15E148 Safari/604.1', '2607:fb90:9060:748:34d8:567a:ec9e:22b9', '25-10-29 12:13');
UPDATE `user_registration` SET `popup_seen` = 'yes'
WHERE `user_id` = '4VE7D1';
INSERT INTO `visa_card_fee_history` (`user_id`, `amount`, `status`, `date`) VALUES ('4VE7D1', '20', 1, '2025-10-29 12:15:04');
UPDATE `ci_sessions` SET `timestamp` = 1761758202, `data` = '__ci_last_regenerate|i:1761758202;id|s:4:\"2270\";user_id|s:6:\"4VE7D1\";username|s:9:\"Ibarzabal\";sponsor_id|s:6:\"JHRDHS\";fullname|s:24:\"Carousel Barber Shop Inc\";email|s:24:\"frankibarzabal@gmail.com\";phone|s:10:\"7862307398\";isLogIn|b:1;'
WHERE `id` = '269db8a3bfc4e1b8d18d1d2eca5ce7e2b165981d';
INSERT INTO `visa_card_fee_history` (`user_id`, `amount`, `status`, `date`) VALUES ('4VE7D1', '20', 1, '2025-10-29 12:16:42');
INSERT INTO `visa_card_fee_history` (`user_id`, `amount`, `status`, `date`) VALUES ('4VE7D1', '20', 1, '2025-10-29 12:17:46');
INSERT INTO `visa_card_fee_history` (`user_id`, `amount`, `status`, `date`) VALUES ('4VE7D1', '20', 1, '2025-10-29 12:18:20');
UPDATE `ci_sessions` SET `timestamp` = 1761758463, `data` = '__ci_last_regenerate|i:1761758463;captcha|s:4:\"7857\";'
WHERE `id` = 'b08b952166fe2f30bb5ac97df0bd59c4d1434866';
INSERT INTO `login_history` (`user_id`, `device`, `ip_address`, `date`) VALUES ('UQO7EQ', 'Mozilla/5.0 (Windows NT 10.0; Win64; x64) AppleWebKit/537.36 (KHTML, like Gecko) Chrome/141.0.0.0 Safari/537.36', '2601:58a:897c:3fd0:312e:db26:f909:de2', '25-10-29 12:21');
UPDATE `user_registration` SET `popup_seen` = 'yes'
WHERE `user_id` = 'UQO7EQ';
UPDATE `ci_sessions` SET `timestamp` = 1761758535, `data` = '__ci_last_regenerate|i:1761758535;id|s:4:\"2270\";user_id|s:6:\"4VE7D1\";username|s:9:\"Ibarzabal\";sponsor_id|s:6:\"JHRDHS\";fullname|s:24:\"Carousel Barber Shop Inc\";email|s:24:\"frankibarzabal@gmail.com\";phone|s:10:\"7862307398\";isLogIn|b:1;exception|s:46:\"You should enter correct transaction password!\";__ci_vars|a:1:{s:9:\"exception\";s:3:\"old\";}'
WHERE `id` = '8ca94bee0c18918f3b607074ef2d4f70a9acfd13';
UPDATE `user_registration` SET `trans_password` = '797197'
WHERE `user_id` = '4VE7D1';
INSERT INTO `notifications` (`user_id`, `notification_type`, `subject`, `details`, `date`, `status`) VALUES ('4VE7D1', 'transaction_password_update', 'Transaction Password Notification', 'Your transaction password has been created successfully.', '2025-10-29 12:22:49', 0);
INSERT INTO `visa_card_fee_history` (`user_id`, `amount`, `status`, `date`) VALUES ('4VE7D1', '20', 1, '2025-10-29 12:24:01');
INSERT INTO `payment_metod_setting` (`user_id`, `method`, `email`, `wallet_id`, `status`, `date`) VALUES ('4VE7D1', 'payquicker', 'frankibarzabal@gmail.com', 'IbarzabalATes', 0, '2025-10-29 12:24:56');
INSERT INTO `payquicker_send_invite` (`user_id`, `userCompanyAssignedUniqueKey`, `response`, `date`) VALUES ('4VE7D1', 'IbarzabalATes', 0, '2025-10-29 12:24:56');
UPDATE `ci_sessions` SET `timestamp` = 1761758855, `data` = '__ci_last_regenerate|i:1761758855;id|s:4:\"2270\";user_id|s:6:\"4VE7D1\";username|s:9:\"Ibarzabal\";sponsor_id|s:6:\"JHRDHS\";fullname|s:24:\"Carousel Barber Shop Inc\";email|s:24:\"frankibarzabal@gmail.com\";phone|s:10:\"7862307398\";isLogIn|b:1;message|s:97:\"Successfully send signup link to your email, Please complete the registration as soon as possible\";__ci_vars|a:1:{s:7:\"message\";s:3:\"old\";}'
WHERE `id` = 'de2b302b9b5539121fee635fc9d5cf2370ec3c90';
INSERT INTO `payment_metod_setting` (`user_id`, `method`, `email`, `wallet_id`, `status`, `date`) VALUES ('4VE7D1', 'payquicker', 'frankibarzabal@gmail.com', 'IbarzabalGWyu', 0, '2025-10-29 12:27:35');
INSERT INTO `payquicker_send_invite` (`user_id`, `userCompanyAssignedUniqueKey`, `response`, `date`) VALUES ('4VE7D1', 'IbarzabalGWyu', 0, '2025-10-29 12:27:35');
INSERT INTO `payment_metod_setting` (`user_id`, `method`, `email`, `wallet_id`, `status`, `date`) VALUES ('4VE7D1', 'payquicker', 'frankibarzabal@gmail.com', 'IbarzabalmVNg', 0, '2025-10-29 12:27:36');
INSERT INTO `payquicker_send_invite` (`user_id`, `userCompanyAssignedUniqueKey`, `response`, `date`) VALUES ('4VE7D1', 'IbarzabalmVNg', 0, '2025-10-29 12:27:36');
INSERT INTO `payment_metod_setting` (`user_id`, `method`, `email`, `wallet_id`, `status`, `date`) VALUES ('4VE7D1', 'payquicker', 'frankibarzabal@gmail.com', 'IbarzabalSWCN', 0, '2025-10-29 12:27:54');
INSERT INTO `payquicker_send_invite` (`user_id`, `userCompanyAssignedUniqueKey`, `response`, `date`) VALUES ('4VE7D1', 'IbarzabalSWCN', 0, '2025-10-29 12:27:54');
INSERT INTO `payment_metod_setting` (`user_id`, `method`, `email`, `wallet_id`, `status`, `date`) VALUES ('4VE7D1', 'payquicker', 'frankibarzabal@gmail.com', 'IbarzabalgIHO', 0, '2025-10-29 12:27:54');
INSERT INTO `payquicker_send_invite` (`user_id`, `userCompanyAssignedUniqueKey`, `response`, `date`) VALUES ('4VE7D1', 'IbarzabalgIHO', 0, '2025-10-29 12:27:54');
UPDATE `payquicker_send_invite` SET `response` = 0, `date` = '2025-10-29 12:28:15';
UPDATE `ci_sessions` SET `timestamp` = 1761758942, `data` = '__ci_last_regenerate|i:1761758942;id|s:4:\"2042\";user_id|s:6:\"UQO7EQ\";username|s:6:\"Rafa51\";sponsor_id|s:6:\"N6GZAE\";fullname|s:16:\"Rafael Rodriguez\";email|s:18:\"rafagana@yahoo.com\";phone|s:10:\"3057610606\";isLogIn|b:1;message|s:24:\"Welcome Rafael Rodriguez\";__ci_vars|a:1:{s:7:\"message\";s:3:\"old\";}'
WHERE `id` = 'd1767c49315b3fe130ec91504b68df56754c363d';
UPDATE `payquicker_send_invite` SET `response` = 0, `date` = '2025-10-29 12:29:20';
UPDATE `payquicker_send_invite` SET `response` = 0, `date` = '2025-10-29 12:29:21';
UPDATE `user_registration` SET `popup_seen` = 'no'
WHERE `user_id` = 'UQO7EQ';
DELETE FROM `ci_sessions`
WHERE `id` = 'ae5c5647d3783a139fad9a3251d6e8852deefcd3';
UPDATE `ci_sessions` SET `timestamp` = 1761760373, `data` = '__ci_last_regenerate|i:1761760373;captcha|s:4:\"mkco\";'
WHERE `id` = 'b2ab64556937f06033b51a9512b867c5e8ad6ec1';
INSERT INTO `login_history` (`user_id`, `device`, `ip_address`, `date`) VALUES ('UQO7EQ', 'Mozilla/5.0 (Windows NT 10.0; Win64; x64) AppleWebKit/537.36 (KHTML, like Gecko) Chrome/141.0.0.0 Safari/537.36', '2601:58a:897c:3fd0:312e:db26:f909:de2', '25-10-29 12:52');
UPDATE `user_registration` SET `popup_seen` = 'yes'
WHERE `user_id` = 'UQO7EQ';
INSERT INTO `login_history` (`user_id`, `device`, `ip_address`, `date`) VALUES ('IYCRUH', 'Mozilla/5.0 (iPhone; CPU iPhone OS 18_6_2 like Mac OS X) AppleWebKit/605.1.15 (KHTML, like Gecko) Version/18.6 Mobile/15E148 Safari/604.1', '2607:fb90:9000:34e:38fc:e1da:3f8a:d35a', '25-10-29 12:54');
UPDATE `user_registration` SET `popup_seen` = 'yes'
WHERE `user_id` = 'IYCRUH';
UPDATE `user_registration` SET `popup_seen` = 'yes'
WHERE `user_id` = 'IYCRUH';
UPDATE `user_registration` SET `popup_seen` = 'no'
WHERE `user_id` = 'IYCRUH';
DELETE FROM `ci_sessions`
WHERE `id` = '47bed90714290677c49a7bafe3136c27bb596315';
UPDATE `user_registration` SET `popup_seen` = 'yes'
WHERE `user_id` = 'UQO7EQ';
UPDATE `user_registration` SET `popup_seen` = 'no'
WHERE `user_id` = 'UQO7EQ';
DELETE FROM `ci_sessions`
WHERE `id` = '4734c952ce30772b4622c29b62f7956ef6dd573c';
INSERT INTO `login_history` (`user_id`, `device`, `ip_address`, `date`) VALUES ('UQO7EQ', 'Mozilla/5.0 (Linux; Android 10; K) AppleWebKit/537.36 (KHTML, like Gecko) Chrome/141.0.0.0 Mobile Safari/537.36', '2607:fb91:1991:57e:95da:646:766c:18ab', '25-10-29 14:28');
UPDATE `user_registration` SET `popup_seen` = 'yes'
WHERE `user_id` = 'UQO7EQ';
UPDATE `user_registration` SET `popup_seen` = 'no'
WHERE `user_id` = 'UQO7EQ';
DELETE FROM `ci_sessions`
WHERE `id` = '268d2dd4869d2a5335baef835e84807ff041ec95';
UPDATE `ci_sessions` SET `timestamp` = 1761767949, `data` = '__ci_last_regenerate|i:1761767949;captcha|s:4:\"llv4\";'
WHERE `id` = 'a265033ac71564764d6e0464d5aa515b4eaacdd3';
INSERT INTO `login_history` (`user_id`, `device`, `ip_address`, `date`) VALUES ('UQO7EQ', 'Mozilla/5.0 (Linux; Android 10; K) AppleWebKit/537.36 (KHTML, like Gecko) Chrome/141.0.0.0 Mobile Safari/537.36', '2607:fb90:912e:c766:e814:42a6:e0ec:9394', '25-10-29 14:59');
UPDATE `user_registration` SET `popup_seen` = 'yes'
WHERE `user_id` = 'UQO7EQ';
UPDATE `user_registration` SET `popup_seen` = 'yes'
WHERE `user_id` = 'UQO7EQ';
UPDATE `user_registration` SET `popup_seen` = 'no'
WHERE `user_id` = 'UQO7EQ';
DELETE FROM `ci_sessions`
WHERE `id` = 'f506a5362ec790de9e01cf944adc487d8e23d5bd';
INSERT INTO `login_history` (`user_id`, `device`, `ip_address`, `date`) VALUES ('2RSJNO', 'Mozilla/5.0 (Windows NT 10.0; Win64; x64) AppleWebKit/537.36 (KHTML, like Gecko) Chrome/141.0.0.0 Safari/537.36 Edg/141.0.0.0', '2607:fb92:906:9f5e:c0d2:f720:8fff:e8ae', '25-10-29 15:47');
UPDATE `user_registration` SET `popup_seen` = 'yes'
WHERE `user_id` = '2RSJNO';
INSERT INTO `login_history` (`user_id`, `device`, `ip_address`, `date`) VALUES ('UQO7EQ', 'Mozilla/5.0 (Windows NT 10.0; Win64; x64) AppleWebKit/537.36 (KHTML, like Gecko) Chrome/141.0.0.0 Safari/537.36', '2601:58a:897c:3fd0:312e:db26:f909:de2', '25-10-29 15:48');
UPDATE `user_registration` SET `popup_seen` = 'yes'
WHERE `user_id` = 'UQO7EQ';
UPDATE `user_registration` SET `popup_seen` = 'no'
WHERE `user_id` = 'UQO7EQ';
DELETE FROM `ci_sessions`
WHERE `id` = 'c1cf0bc6eb9a6fc13e09f01c9e0d05a21cfa9b44';
INSERT INTO `login_history` (`user_id`, `device`, `ip_address`, `date`) VALUES ('5VOD76', 'Mozilla/5.0 (iPhone; CPU iPhone OS 18_6_2 like Mac OS X) AppleWebKit/605.1.15 (KHTML, like Gecko) Version/18.6 Mobile/15E148 Safari/604.1', '2607:fb91:c31:68f:404d:9feb:8977:53', '25-10-29 15:53');
UPDATE `user_registration` SET `popup_seen` = 'yes'
WHERE `user_id` = '5VOD76';
INSERT INTO `login_history` (`user_id`, `device`, `ip_address`, `date`) VALUES ('UQO7EQ', 'Mozilla/5.0 (Windows NT 10.0; Win64; x64) AppleWebKit/537.36 (KHTML, like Gecko) Chrome/141.0.0.0 Safari/537.36', '2601:58a:897c:3fd0:312e:db26:f909:de2', '25-10-29 15:53');
UPDATE `user_registration` SET `popup_seen` = 'yes'
WHERE `user_id` = 'UQO7EQ';
UPDATE `user_registration` SET `popup_seen` = 'yes'
WHERE `user_id` = 'UQO7EQ';
UPDATE `user_registration` SET `popup_seen` = 'no'
WHERE `user_id` = 'UQO7EQ';
DELETE FROM `ci_sessions`
WHERE `id` = '9e677535041af74f4838775162189480e766b2de';
UPDATE `user_registration` SET `popup_seen` = 'no'
WHERE `user_id` = '5VOD76';
DELETE FROM `ci_sessions`
WHERE `id` = '5518a85707265527ffafc573516184cb187a7464';
INSERT INTO `login_history` (`user_id`, `device`, `ip_address`, `date`) VALUES ('KSGBOZ', 'Mozilla/5.0 (iPhone; CPU iPhone OS 18_6_2 like Mac OS X) AppleWebKit/605.1.15 (KHTML, like Gecko) Version/18.6 Mobile/15E148 Safari/604.1', '2607:fb91:c31:68f:404d:9feb:8977:53', '25-10-29 15:55');
UPDATE `user_registration` SET `popup_seen` = 'yes'
WHERE `user_id` = 'KSGBOZ';
UPDATE `user_registration` SET `popup_seen` = 'no'
WHERE `user_id` = 'KSGBOZ';
DELETE FROM `ci_sessions`
WHERE `id` = '68553c69b4e34d746503835bee46877ac405d882';
INSERT INTO `login_history` (`user_id`, `device`, `ip_address`, `date`) VALUES ('O94ZPY', 'Mozilla/5.0 (Windows NT 10.0; Win64; x64; rv:143.0) Gecko/20100101 Firefox/143.0', '69.80.66.210', '25-10-29 16:48');
UPDATE `user_registration` SET `popup_seen` = 'yes'
WHERE `user_id` = 'O94ZPY';
UPDATE `ci_sessions` SET `timestamp` = 1761774727, `data` = '__ci_last_regenerate|i:1761774727;'
WHERE `id` = 'dcc489fa308b7436901ddc3dfcfcc3b46551179b';
UPDATE `ci_sessions` SET `timestamp` = 1761776478, `data` = '__ci_last_regenerate|i:1761776478;captcha|s:4:\"z33r\";'
WHERE `id` = '2153caff27519a9ddf5b9b4daf9452d32d63cf16';
INSERT INTO `login_history` (`user_id`, `device`, `ip_address`, `date`) VALUES ('2WYFRD', 'Mozilla/5.0 (Windows NT 10.0; Win64; x64) AppleWebKit/537.36 (KHTML, like Gecko) Chrome/130.0.0.0 Safari/537.36', '2603:3020:1809:e900:7051:babc:a4ad:935', '25-10-29 17:21');
UPDATE `user_registration` SET `popup_seen` = 'yes'
WHERE `user_id` = '2WYFRD';
UPDATE `ci_sessions` SET `timestamp` = 1761776610, `data` = '__ci_last_regenerate|i:1761776610;captcha|s:4:\"aqjh\";'
WHERE `id` = '0518700ed12869d7825e2f58f7694f2ae0373783';
INSERT INTO `login_history` (`user_id`, `device`, `ip_address`, `date`) VALUES ('UQO7EQ', 'Mozilla/5.0 (Windows NT 10.0; Win64; x64) AppleWebKit/537.36 (KHTML, like Gecko) Chrome/141.0.0.0 Safari/537.36', '2601:58a:897c:3fd0:312e:db26:f909:de2', '25-10-29 17:23');
UPDATE `user_registration` SET `popup_seen` = 'yes'
WHERE `user_id` = 'UQO7EQ';
INSERT INTO `login_history` (`user_id`, `device`, `ip_address`, `date`) VALUES ('2WYFRD', 'Mozilla/5.0 (Linux; Android 10; K) AppleWebKit/537.36 (KHTML, like Gecko) Chrome/141.0.0.0 Mobile Safari/537.36', '2600:1006:b059:7080:747f:feca:d6e:803c', '25-10-29 17:25');
UPDATE `user_registration` SET `popup_seen` = 'yes'
WHERE `user_id` = '2WYFRD';
UPDATE `user_registration` SET `popup_seen` = 'no'
WHERE `user_id` = 'UQO7EQ';
DELETE FROM `ci_sessions`
WHERE `id` = 'a1139250ebd342603a7c90b453efb1baa96cd92d';
UPDATE `ci_sessions` SET `timestamp` = 1761777547, `data` = '__ci_last_regenerate|i:1761777547;id|s:4:\"2431\";user_id|s:6:\"2WYFRD\";username|s:12:\"worldventure\";sponsor_id|s:5:\"admin\";fullname|s:17:\"Roberto Sotolongo\";email|s:23:\"sotolongor+37@gmail.com\";phone|s:10:\"7862107045\";isLogIn|b:1;'
WHERE `id` = '480f7f0fa52f8e012d7d6e3587e83bf2af0c433d';
INSERT INTO `login_history` (`user_id`, `device`, `ip_address`, `date`) VALUES ('GPPR8G', 'Mozilla/5.0 (Windows NT 10.0; Win64; x64) AppleWebKit/537.36 (KHTML, like Gecko) Chrome/138.0.0.0 Safari/537.36 OPR/122.0.0.0', '2600:1700:2083:4220:c166:302c:4d42:e772', '25-10-29 17:51');
UPDATE `user_registration` SET `popup_seen` = 'yes'
WHERE `user_id` = 'GPPR8G';
UPDATE `user_registration` SET `popup_seen` = 'yes'
WHERE `user_id` = 'GPPR8G';
UPDATE `ci_sessions` SET `timestamp` = 1761781316, `data` = '__ci_last_regenerate|i:1761781316;id|s:4:\"2431\";user_id|s:6:\"2WYFRD\";username|s:12:\"worldventure\";sponsor_id|s:5:\"admin\";fullname|s:17:\"Roberto Sotolongo\";email|s:23:\"sotolongor+37@gmail.com\";phone|s:10:\"7862107045\";isLogIn|b:1;'
WHERE `id` = 'c7625e8185c967c8341bb142dbba576680506b91';
INSERT INTO `login_history` (`user_id`, `device`, `ip_address`, `date`) VALUES ('4WVWXZ', 'Mozilla/5.0 (iPhone; CPU iPhone OS 18_7 like Mac OS X) AppleWebKit/605.1.15 (KHTML, like Gecko) Version/26.0.1 Mobile/15E148 Safari/604.1', '2a04:4e41:7001:6b11::7575:db11', '25-10-29 19:08');
UPDATE `user_registration` SET `popup_seen` = 'yes'
WHERE `user_id` = '4WVWXZ';
INSERT INTO `login_history` (`user_id`, `device`, `ip_address`, `date`) VALUES ('JHRDHS', 'Mozilla/5.0 (iPhone; CPU iPhone OS 18_5 like Mac OS X) AppleWebKit/605.1.15 (KHTML, like Gecko) Version/18.5 Mobile/15E148 Safari/604.1', '2607:fb92:982:d4fc:dc59:ca21:7e1:9333', '25-10-29 19:12');
UPDATE `user_registration` SET `popup_seen` = 'yes'
WHERE `user_id` = 'JHRDHS';
INSERT INTO `login_history` (`user_id`, `device`, `ip_address`, `date`) VALUES ('4WVWXZ', 'Mozilla/5.0 (iPhone; CPU iPhone OS 18_7 like Mac OS X) AppleWebKit/605.1.15 (KHTML, like Gecko) Version/26.0.1 Mobile/15E148 Safari/604.1', '146.75.248.1', '25-10-29 19:50');
UPDATE `user_registration` SET `popup_seen` = 'yes'
WHERE `user_id` = '4WVWXZ';
INSERT INTO `login_history` (`user_id`, `device`, `ip_address`, `date`) VALUES ('QRE21J', 'Mozilla/5.0 (Windows NT 10.0; Win64; x64) AppleWebKit/537.36 (KHTML, like Gecko) Chrome/141.0.0.0 Safari/537.36', '2601:586:cf83:e530:bc47:d106:5813:fe11', '25-10-29 19:56');
UPDATE `user_registration` SET `popup_seen` = 'yes'
WHERE `user_id` = 'QRE21J';
INSERT INTO `temp_register` (`post_data`, `date`, `payment_method`, `type`) VALUES ('{\"user_id\":\"QRE21J\",\"package_id\":\"2\",\"amount\":\"150\",\"payment_method\":\"stripe\",\"date\":\"2025-10-29 19:56:40\"}', '2025-10-29 19:56:40', 'stripe', 'renew');
UPDATE `ci_sessions` SET `timestamp` = 1761785929, `data` = '__ci_last_regenerate|i:1761785929;id|s:4:\"2153\";user_id|s:6:\"QRE21J\";username|s:10:\"fyomaris75\";sponsor_id|s:6:\"QJ5U9C\";fullname|s:17:\"Yomaris Fernandez\";email|s:18:\"fyomaris@ymail.com\";phone|s:10:\"7865489808\";isLogIn|b:1;upgrade_stripe_id|i:1125;'
WHERE `id` = '96c00ab67736352cdd760e9419fd5e0101307397';
UPDATE `temp_register` SET `response` = '{\"stripeToken\":\"tok_1SNkCQ2NUoYUjiuuRWYvxPXX\",\"stripeTokenType\":\"card\",\"stripeEmail\":\"fyomaris@ymail.com\"}', `date_modified` = '2025-10-29 19:58:51', `payment_status` = '{\"id\":\"ch_3SNkCV2NUoYUjiuu1cl42dIs\",\"object\":\"charge\",\"amount\":15000,\"amount_captured\":15000,\"amount_refunded\":0,\"application\":null,\"application_fee\":null,\"application_fee_amount\":null,\"balance_transaction\":\"txn_3SNkCV2NUoYUjiuu13iBTP2K\",\"billing_details\":{\"address\":{\"city\":null,\"country\":null,\"line1\":null,\"line2\":null,\"postal_code\":null,\"state\":null},\"email\":null,\"name\":\"fyomaris@ymail.com\",\"phone\":null,\"tax_id\":null},\"calculated_statement_descriptor\":\"TRAVELEGENDCY LLC\",\"captured\":true,\"created\":1761785931,\"currency\":\"usd\",\"customer\":\"cus_TKP0guNDRYLueJ\",\"description\":null,\"destination\":null,\"dispute\":null,\"disputed\":false,\"failure_balance_transaction\":null,\"failure_code\":null,\"failure_message\":null,\"fraud_details\":[],\"invoice\":null,\"livemode\":true,\"metadata\":{\"name\":\"Yomaris Fernandez\",\"username\":\"fyomaris75\"},\"on_behalf_of\":null,\"order\":null,\"outcome\":{\"advice_code\":null,\"network_advice_code\":null,\"network_decline_code\":null,\"network_status\":\"approved_by_network\",\"reason\":null,\"risk_level\":\"normal\",\"seller_message\":\"Payment complete.\",\"type\":\"authorized\"},\"paid\":true,\"payment_intent\":null,\"payment_method\":\"card_1SNkCQ2NUoYUjiuuBg9eGQCa\",\"payment_method_details\":{\"card\":{\"amount_authorized\":15000,\"authorization_code\":\"776804\",\"brand\":\"visa\",\"checks\":{\"address_line1_check\":null,\"address_postal_code_check\":null,\"cvc_check\":\"pass\"},\"country\":\"US\",\"exp_month\":1,\"exp_year\":2029,\"extended_authorization\":{\"status\":\"disabled\"},\"fingerprint\":\"FYUdNrxBuq90djGK\",\"funding\":\"debit\",\"incremental_authorization\":{\"status\":\"unavailable\"},\"installments\":null,\"last4\":\"3975\",\"mandate\":null,\"multicapture\":{\"status\":\"unavailable\"},\"network\":\"visa\",\"network_token\":{\"used\":true},\"network_transaction_id\":\"585303035318410\",\"overcapture\":{\"maximum_amount_capturable\":15000,\"status\":\"unavailable\"},\"regulated_status\":\"unregulated\",\"three_d_secure\":null,\"wallet\":null},\"type\":\"card\"},\"receipt_email\":null,\"receipt_number\":null,\"receipt_url\":\"https:\\/\\/pay.stripe.com\\/receipts\\/payment\\/CAcQARoXChVhY2N0XzFRUEFGdjJOVW9ZVWppdXUozPCKyAYyBhTQqg65AjosFsxL-9_GOcD3ACvg30d2s3_DxJ5x0nytv7t9GwcppoMUg8OifDt2oCYuL_g\",\"refunded\":false,\"review\":null,\"shipping\":null,\"source\":{\"id\":\"card_1SNkCQ2NUoYUjiuuBg9eGQCa\",\"object\":\"card\",\"address_city\":null,\"address_country\":null,\"address_line1\":null,\"address_line1_check\":null,\"address_line2\":null,\"address_state\":null,\"address_zip\":null,\"address_zip_check\":null,\"allow_redisplay\":\"unspecified\",\"brand\":\"Visa\",\"country\":\"US\",\"customer\":\"cus_TKP0guNDRYLueJ\",\"cvc_check\":\"pass\",\"dynamic_last4\":null,\"email\":null,\"exp_month\":1,\"exp_year\":2029,\"fingerprint\":\"FYUdNrxBuq90djGK\",\"funding\":\"debit\",\"last4\":\"3975\",\"metadata\":[],\"name\":\"fyomaris@ymail.com\",\"phone\":null,\"regulated_status\":\"unregulated\",\"tokenization_method\":null,\"wallet\":null},\"source_transfer\":null,\"statement_descriptor\":null,\"statement_descriptor_suffix\":null,\"status\":\"succeeded\",\"transfer_data\":null,\"transfer_group\":null}'
WHERE `id` = 1125;
INSERT INTO `sub_history` (`user_id`, `package_id`, `amount`, `payment_method`, `date`) VALUES ('QRE21J', '2', '150', 'Stripe', '2025-10-29 19:58:51');
UPDATE `user_registration` SET sub_point = ROUND(sub_point + 150,2)
WHERE `user_id` = 'QRE21J';
INSERT INTO `investment` (`invest_date`, `user_id`, `type`, `amount`, `package_id`) VALUES ('2025-10-29 19:58:51', 'QRE21J', 'subscription', '150', '2');
INSERT INTO `earnings` (`user_id`, `Purchaser_id`, `earning_type`, `package_id`, `amount`, `date`, `comments`, `invest_amount`, `comm_perc`, `level`, `rank_id`, `order_id`) VALUES ('QJ5U9C', 'QRE21J', 'Subscription Referral Bonus', '2', '37.5', '2025-10-29 19:58:51', 'Subscription Referral Bonus', 0, 0, 1, '', 1165);
UPDATE `user_registration` SET commission_balance = ROUND(commission_balance + 37.5,2)
WHERE `user_id` = 'QJ5U9C';
UPDATE `user_registration` SET total_points = ROUND(total_points + 150,2)
WHERE `user_id` = 'QRE21J';
INSERT INTO `points_history` (`user_id`, `points`, `type`, `date`) VALUES ('QRE21J', '150', 'subscription', '2025-10-29 19:58:');
UPDATE `bv_updation` SET right_carry = right_carry+150, total_right = total_right+150
WHERE `user_id` = 'HRAFD3';
INSERT INTO `placement_bv_update_history` (`right_carry`, `date`, `from_id`, `user_id`) VALUES ('150', '2025-10-29 19:58:51', 'QRE21J', 'HRAFD3');
UPDATE `user_registration` SET `cycle_rank_id` = '1'
WHERE `user_id` = 'HRAFD3';
INSERT INTO `rank_history` (`rank_id`, `user_id`, `name`, `bv`, `date`, `amount`, `type`) VALUES ('1', 'HRAFD3', 'Affiliate', '0', '2025-10-29 19:58:51', '0', 'auto');
UPDATE `bv_updation` SET right_carry = right_carry+150, total_right = total_right+150
WHERE `user_id` = 'F7LGEE';
INSERT INTO `placement_bv_update_history` (`right_carry`, `date`, `from_id`, `user_id`) VALUES ('150', '2025-10-29 19:58:51', 'QRE21J', 'F7LGEE');
UPDATE `user_registration` SET `cycle_rank_id` = '1'
WHERE `user_id` = 'F7LGEE';
INSERT INTO `rank_history` (`rank_id`, `user_id`, `name`, `bv`, `date`, `amount`, `type`) VALUES ('1', 'F7LGEE', 'Affiliate', '0', '2025-10-29 19:58:51', '0', 'auto');
UPDATE `bv_updation` SET right_carry = right_carry+150, total_right = total_right+150
WHERE `user_id` = 'QJ5U9C';
INSERT INTO `placement_bv_update_history` (`right_carry`, `date`, `from_id`, `user_id`) VALUES ('150', '2025-10-29 19:58:51', 'QRE21J', 'QJ5U9C');
UPDATE `user_registration` SET `cycle_rank_id` = '1'
WHERE `user_id` = 'QJ5U9C';
INSERT INTO `rank_history` (`rank_id`, `user_id`, `name`, `bv`, `date`, `amount`, `type`) VALUES ('1', 'QJ5U9C', 'Affiliate', '0', '2025-10-29 19:58:51', '0', 'auto');
UPDATE `bv_updation` SET sponsor_right_carry = sponsor_right_carry+150, sponsor_total_right = sponsor_total_right+150
WHERE `user_id` = 'QJ5U9C';
INSERT INTO `sponsor_bv_update_history` (`right_carry`, `date`, `user_id`) VALUES ('150', '2025-10-29 19:58:51', 'QJ5U9C');
UPDATE `bv_updation` SET left_carry = left_carry+150, total_left = total_left+150
WHERE `user_id` = 'O94ZPY';
INSERT INTO `placement_bv_update_history` (`left_carry`, `date`, `from_id`, `user_id`) VALUES ('150', '2025-10-29 19:58:51', 'QRE21J', 'O94ZPY');
UPDATE `user_registration` SET `cycle_rank_id` = '2'
WHERE `user_id` = 'O94ZPY';
INSERT INTO `rank_history` (`rank_id`, `user_id`, `name`, `bv`, `date`, `amount`, `type`) VALUES ('2', 'O94ZPY', 'Associate', '1200', '2025-10-29 19:58:51', '100', 'auto');
UPDATE `bv_updation` SET right_carry = right_carry+150, total_right = total_right+150
WHERE `user_id` = 'JHRDHS';
INSERT INTO `placement_bv_update_history` (`right_carry`, `date`, `from_id`, `user_id`) VALUES ('150', '2025-10-29 19:58:51', 'QRE21J', 'JHRDHS');
UPDATE `user_registration` SET `cycle_rank_id` = '3'
WHERE `user_id` = 'JHRDHS';
INSERT INTO `rank_history` (`rank_id`, `user_id`, `name`, `bv`, `date`, `amount`, `type`) VALUES ('3', 'JHRDHS', 'Consultant', '3750', '2025-10-29 19:58:51', '200', 'auto');
UPDATE `bv_updation` SET right_carry = right_carry+150, total_right = total_right+150
WHERE `user_id` = 'CVVK4C';
INSERT INTO `placement_bv_update_history` (`right_carry`, `date`, `from_id`, `user_id`) VALUES ('150', '2025-10-29 19:58:51', 'QRE21J', 'CVVK4C');
UPDATE `user_registration` SET `cycle_rank_id` = '1'
WHERE `user_id` = 'CVVK4C';
INSERT INTO `rank_history` (`rank_id`, `user_id`, `name`, `bv`, `date`, `amount`, `type`) VALUES ('1', 'CVVK4C', 'Affiliate', '0', '2025-10-29 19:58:51', '0', 'auto');
UPDATE `bv_updation` SET left_carry = left_carry+150, total_left = total_left+150
WHERE `user_id` = 'K55EDD';
INSERT INTO `placement_bv_update_history` (`left_carry`, `date`, `from_id`, `user_id`) VALUES ('150', '2025-10-29 19:58:51', 'QRE21J', 'K55EDD');
UPDATE `user_registration` SET `cycle_rank_id` = '1'
WHERE `user_id` = 'K55EDD';
INSERT INTO `rank_history` (`rank_id`, `user_id`, `name`, `bv`, `date`, `amount`, `type`) VALUES ('1', 'K55EDD', 'Affiliate', '0', '2025-10-29 19:58:51', '0', 'auto');
UPDATE `bv_updation` SET left_carry = left_carry+150, total_left = total_left+150
WHERE `user_id` = 'UQO7EQ';
INSERT INTO `placement_bv_update_history` (`left_carry`, `date`, `from_id`, `user_id`) VALUES ('150', '2025-10-29 19:58:51', 'QRE21J', 'UQO7EQ');
UPDATE `user_registration` SET `cycle_rank_id` = '1'
WHERE `user_id` = 'UQO7EQ';
INSERT INTO `rank_history` (`rank_id`, `user_id`, `name`, `bv`, `date`, `amount`, `type`) VALUES ('1', 'UQO7EQ', 'Affiliate', '0', '2025-10-29 19:58:51', '0', 'auto');
UPDATE `bv_updation` SET left_carry = left_carry+150, total_left = total_left+150
WHERE `user_id` = 'N6GZAE';
INSERT INTO `placement_bv_update_history` (`left_carry`, `date`, `from_id`, `user_id`) VALUES ('150', '2025-10-29 19:58:51', 'QRE21J', 'N6GZAE');
UPDATE `user_registration` SET `cycle_rank_id` = '1'
WHERE `user_id` = 'N6GZAE';
INSERT INTO `rank_history` (`rank_id`, `user_id`, `name`, `bv`, `date`, `amount`, `type`) VALUES ('1', 'N6GZAE', 'Affiliate', '0', '2025-10-29 19:58:51', '0', 'auto');
UPDATE `bv_updation` SET left_carry = left_carry+150, total_left = total_left+150
WHERE `user_id` = '4E1CRI';
INSERT INTO `placement_bv_update_history` (`left_carry`, `date`, `from_id`, `user_id`) VALUES ('150', '2025-10-29 19:58:51', 'QRE21J', '4E1CRI');
UPDATE `bv_updation` SET left_carry = left_carry+150, total_left = total_left+150
WHERE `user_id` = 'SJBNYJ';
INSERT INTO `placement_bv_update_history` (`left_carry`, `date`, `from_id`, `user_id`) VALUES ('150', '2025-10-29 19:58:51', 'QRE21J', 'SJBNYJ');
UPDATE `user_registration` SET `cycle_rank_id` = '1'
WHERE `user_id` = 'SJBNYJ';
INSERT INTO `rank_history` (`rank_id`, `user_id`, `name`, `bv`, `date`, `amount`, `type`) VALUES ('1', 'SJBNYJ', 'Affiliate', '0', '2025-10-29 19:58:51', '0', 'auto');
UPDATE `bv_updation` SET left_carry = left_carry+150, total_left = total_left+150
WHERE `user_id` = '44B9Y4';
INSERT INTO `placement_bv_update_history` (`left_carry`, `date`, `from_id`, `user_id`) VALUES ('150', '2025-10-29 19:58:51', 'QRE21J', '44B9Y4');
UPDATE `user_registration` SET `cycle_rank_id` = '1'
WHERE `user_id` = '44B9Y4';
INSERT INTO `rank_history` (`rank_id`, `user_id`, `name`, `bv`, `date`, `amount`, `type`) VALUES ('1', '44B9Y4', 'Affiliate', '0', '2025-10-29 19:58:51', '0', 'auto');
UPDATE `bv_updation` SET right_carry = right_carry+150, total_right = total_right+150
WHERE `user_id` = 'admin';
INSERT INTO `placement_bv_update_history` (`right_carry`, `date`, `from_id`, `user_id`) VALUES ('150', '2025-10-29 19:58:51', 'QRE21J', 'admin');
UPDATE `user_registration` SET `cycle_rank_id` = '1'
WHERE `user_id` = 'admin';
INSERT INTO `rank_history` (`rank_id`, `user_id`, `name`, `bv`, `date`, `amount`, `type`) VALUES ('1', 'admin', 'Affiliate', '0', '2025-10-29 19:58:51', '0', 'auto');
UPDATE `user_registration` SET `subscription_date` = '2025-11-28', `active_status` = 'yes'
WHERE `user_id` = 'QRE21J';
UPDATE `user_registration` SET `popup_seen` = 'yes'
WHERE `user_id` = 'QRE21J';
UPDATE `ci_sessions` SET `timestamp` = 1761786236, `data` = '__ci_last_regenerate|i:1761786236;id|s:4:\"2153\";user_id|s:6:\"QRE21J\";username|s:10:\"fyomaris75\";sponsor_id|s:6:\"QJ5U9C\";fullname|s:17:\"Yomaris Fernandez\";email|s:18:\"fyomaris@ymail.com\";phone|s:10:\"7865489808\";isLogIn|b:1;'
WHERE `id` = '6067f14bc07a75fee7bdfa922796055e3bd52d1e';
UPDATE `ci_sessions` SET `timestamp` = 1761786778, `data` = '__ci_last_regenerate|i:1761786778;id|s:4:\"2153\";user_id|s:6:\"QRE21J\";username|s:10:\"fyomaris75\";sponsor_id|s:6:\"QJ5U9C\";fullname|s:17:\"Yomaris Fernandez\";email|s:18:\"fyomaris@ymail.com\";phone|s:10:\"7865489808\";isLogIn|b:1;'
WHERE `id` = '758e30f3d6e36a2f9320e670bae35a93360ae1c3';
UPDATE `user_registration` SET `popup_seen` = 'no'
WHERE `user_id` = 'QRE21J';
DELETE FROM `ci_sessions`
WHERE `id` = 'ca60ebe923eb3e422bbb888a0d960c38be900a8a';
INSERT INTO `login_history` (`user_id`, `device`, `ip_address`, `date`) VALUES ('CN9O47', 'Mozilla/5.0 (Windows NT 10.0; Win64; x64) AppleWebKit/537.36 (KHTML, like Gecko) Chrome/141.0.0.0 Safari/537.36', '2601:586:cf83:e530:bc47:d106:5813:fe11', '25-10-29 20:14');
UPDATE `user_registration` SET `popup_seen` = 'yes'
WHERE `user_id` = 'CN9O47';
UPDATE `user_registration` SET `popup_seen` = 'yes'
WHERE `user_id` = 'CN9O47';
INSERT INTO `temp_register` (`post_data`, `date`, `payment_method`, `type`) VALUES ('{\"user_id\":\"CN9O47\",\"package_id\":\"2\",\"amount\":\"150\",\"payment_method\":\"stripe\",\"date\":\"2025-10-29 20:15:06\"}', '2025-10-29 20:15:06', 'stripe', 'renew');
UPDATE `user_registration` SET `popup_seen` = 'yes'
WHERE `user_id` = 'CN9O47';
INSERT INTO `login_history` (`user_id`, `device`, `ip_address`, `date`) VALUES ('7QBGQ1', 'Mozilla/5.0 (iPhone; CPU iPhone OS 18_7 like Mac OS X) AppleWebKit/605.1.15 (KHTML, like Gecko) Version/26.0.1 Mobile/15E148 Safari/604.1', '2600:387:15:3c12::b', '25-10-29 20:22');
UPDATE `user_registration` SET `popup_seen` = 'yes'
WHERE `user_id` = '7QBGQ1';
INSERT INTO `login_history` (`user_id`, `device`, `ip_address`, `date`) VALUES ('2RSJNO', 'Mozilla/5.0 (iPhone; CPU iPhone OS 26_0_1 like Mac OS X) AppleWebKit/605.1.15 (KHTML, like Gecko) GSA/392.0.823086651 Mobile/15E148 Safari/604.1', '2607:fb92:906:9f5e:bc02:305a:83b:5400', '25-10-29 21:35');
UPDATE `user_registration` SET `popup_seen` = 'yes'
WHERE `user_id` = '2RSJNO';
INSERT INTO `login_history` (`user_id`, `device`, `ip_address`, `date`) VALUES ('QJ5U9C', 'Mozilla/5.0 (iPhone; CPU iPhone OS 18_5_0 like Mac OS X) AppleWebKit/605.1.15 (KHTML, like Gecko) CriOS/138.0.7204.156 Mobile/15E148 Safari/604.1', '2607:fb91:2875:42:6855:d2ff:fa72:b1cb', '25-10-29 21:51');
UPDATE `user_registration` SET `popup_seen` = 'yes'
WHERE `user_id` = 'QJ5U9C';
UPDATE `user_registration` SET `popup_seen` = 'yes'
WHERE `user_id` = 'QJ5U9C';
INSERT INTO `login_history` (`user_id`, `device`, `ip_address`, `date`) VALUES ('UQO7EQ', 'Mozilla/5.0 (Linux; Android 10; K) AppleWebKit/537.36 (KHTML, like Gecko) Chrome/141.0.0.0 Mobile Safari/537.36', '2607:fb90:799b:4b29:9be:506f:48a0:12d4', '25-10-29 23:12');
UPDATE `user_registration` SET `popup_seen` = 'yes'
WHERE `user_id` = 'UQO7EQ';
UPDATE `user_registration` SET `popup_seen` = 'yes'
WHERE `user_id` = 'UQO7EQ';
UPDATE `user_registration` SET `popup_seen` = 'no'
WHERE `user_id` = 'UQO7EQ';
DELETE FROM `ci_sessions`
WHERE `id` = 'c0b3bed4d98de1d3f8c44a2dfea460915a85a645';
INSERT INTO `login_history` (`user_id`, `device`, `ip_address`, `date`) VALUES ('UQO7EQ', 'Mozilla/5.0 (Windows NT 10.0; Win64; x64) AppleWebKit/537.36 (KHTML, like Gecko) Chrome/141.0.0.0 Safari/537.36', '2601:58a:897c:3fd0:312e:db26:f909:de2', '25-10-29 23:42');
UPDATE `user_registration` SET `popup_seen` = 'yes'
WHERE `user_id` = 'UQO7EQ';
UPDATE `user_registration` SET `popup_seen` = 'no'
WHERE `user_id` = 'UQO7EQ';
DELETE FROM `ci_sessions`
WHERE `id` = '2d1788c8bc1dd064f2d074df77a10c4a9a03b9a4';
INSERT INTO `cron_job_history` (`name`, `date_started`, `status`) VALUES ('backup', '2025-10-30 00:00:02', 'started');
UPDATE `cron_job_history` SET `status` = 'done', `date_end` = '2025-10-30 00:00:04'
WHERE `id` = 759;
INSERT INTO `cron_job_history` (`name`, `date_started`, `status`) VALUES ('deduct_sub_amt_from_ewallet', '2025-10-30 00:05:01', 'started');
INSERT INTO `inactive_point_history` (`user_id`, `point`, `date`) VALUES ('35H9RV', '0', '2025-10-30 00:05:01');
UPDATE `user_registration` SET `sub_point` = 0, `active_status` = 'no'
WHERE `user_id` = '35H9RV';
INSERT INTO `arreva_api_logs` (`user_id`, `email`, `endpoint`, `response`, `date`) VALUES ('35H9RV', 'amamzy368@gmail.com', 'deactivatemember', '\"Unable to find user matching email or contract number or otherid\"', '2025-10-30 00:05:02');
INSERT INTO `inactive_history` (`user_id`, `commission_balance`, `amount`, `date`) VALUES ('35H9RV', '97.5', '150', '2025-10-30 00:05:02');
INSERT INTO `inactive_point_history` (`user_id`, `point`, `date`) VALUES ('44B9Y4', '0', '2025-10-30 00:05:02');
UPDATE `user_registration` SET `sub_point` = 0, `active_status` = 'no'
WHERE `user_id` = '44B9Y4';
INSERT INTO `arreva_api_logs` (`user_id`, `email`, `endpoint`, `response`, `date`) VALUES ('44B9Y4', 'travelegendcy@gmail.com', 'deactivatemember', '\"Unable to find user matching email or contract number or otherid\"', '2025-10-30 00:05:02');
INSERT INTO `inactive_history` (`user_id`, `commission_balance`, `amount`, `date`) VALUES ('44B9Y4', '50', '150', '2025-10-30 00:05:02');
INSERT INTO `inactive_point_history` (`user_id`, `point`, `date`) VALUES ('SJBNYJ', '0', '2025-10-30 00:05:02');
UPDATE `user_registration` SET `sub_point` = 0, `active_status` = 'no'
WHERE `user_id` = 'SJBNYJ';
INSERT INTO `arreva_api_logs` (`user_id`, `email`, `endpoint`, `response`, `date`) VALUES ('SJBNYJ', 'travelegendcy+2@gmail.com', 'deactivatemember', '\"Unable to find user matching email or contract number or otherid\"', '2025-10-30 00:05:02');
INSERT INTO `inactive_history` (`user_id`, `commission_balance`, `amount`, `date`) VALUES ('SJBNYJ', '50', '150', '2025-10-30 00:05:02');
INSERT INTO `inactive_point_history` (`user_id`, `point`, `date`) VALUES ('45E8V2', '0', '2025-10-30 00:05:02');
UPDATE `user_registration` SET `sub_point` = 0, `active_status` = 'no'
WHERE `user_id` = '45E8V2';
INSERT INTO `arreva_api_logs` (`user_id`, `email`, `endpoint`, `response`, `date`) VALUES ('45E8V2', 'travelegendcy+1@gmail.com', 'deactivatemember', '\"Unable to find user matching email or contract number or otherid\"', '2025-10-30 00:05:03');
INSERT INTO `inactive_history` (`user_id`, `commission_balance`, `amount`, `date`) VALUES ('45E8V2', '50', '150', '2025-10-30 00:05:03');
INSERT INTO `inactive_point_history` (`user_id`, `point`, `date`) VALUES ('H2HQC8', '0', '2025-10-30 00:05:03');
UPDATE `user_registration` SET `sub_point` = 0, `active_status` = 'no'
WHERE `user_id` = 'H2HQC8';
INSERT INTO `arreva_api_logs` (`user_id`, `email`, `endpoint`, `response`, `date`) VALUES ('H2HQC8', 'travelegendcy+4@gmail.com', 'deactivatemember', '\"Unable to find user matching email or contract number or otherid\"', '2025-10-30 00:05:03');
INSERT INTO `inactive_history` (`user_id`, `commission_balance`, `amount`, `date`) VALUES ('H2HQC8', '110', '150', '2025-10-30 00:05:03');
INSERT INTO `inactive_point_history` (`user_id`, `point`, `date`) VALUES ('XVTJOY', '0', '2025-10-30 00:05:03');
UPDATE `user_registration` SET `sub_point` = 0, `active_status` = 'no'
WHERE `user_id` = 'XVTJOY';
INSERT INTO `arreva_api_logs` (`user_id`, `email`, `endpoint`, `response`, `date`) VALUES ('XVTJOY', 'travelegendcy+5@gmail.com', 'deactivatemember', '\"Unable to find user matching email or contract number or otherid\"', '2025-10-30 00:05:03');
INSERT INTO `inactive_history` (`user_id`, `commission_balance`, `amount`, `date`) VALUES ('XVTJOY', '100', '150', '2025-10-30 00:05:03');
INSERT INTO `inactive_point_history` (`user_id`, `point`, `date`) VALUES ('4E1CRI', '0', '2025-10-30 00:05:03');
UPDATE `user_registration` SET `sub_point` = 0, `active_status` = 'no'
WHERE `user_id` = '4E1CRI';
INSERT INTO `arreva_api_logs` (`user_id`, `email`, `endpoint`, `response`, `date`) VALUES ('4E1CRI', 'ferr2085+1@gmail.com', 'deactivatemember', '\"Unable to find user matching email or contract number or otherid\"', '2025-10-30 00:05:04');
INSERT INTO `inactive_history` (`user_id`, `commission_balance`, `amount`, `date`) VALUES ('4E1CRI', '100', '150', '2025-10-30 00:05:04');
INSERT INTO `inactive_point_history` (`user_id`, `point`, `date`) VALUES ('PBFKSY', '0', '2025-10-30 00:05:04');
UPDATE `user_registration` SET `sub_point` = 0, `active_status` = 'no'
WHERE `user_id` = 'PBFKSY';
INSERT INTO `arreva_api_logs` (`user_id`, `email`, `endpoint`, `response`, `date`) VALUES ('PBFKSY', 'travelegendcy+3@gmail.com', 'deactivatemember', '\"Unable to find user matching email or contract number or otherid\"', '2025-10-30 00:05:04');
INSERT INTO `inactive_history` (`user_id`, `commission_balance`, `amount`, `date`) VALUES ('PBFKSY', '0', '150', '2025-10-30 00:05:04');
INSERT INTO `inactive_point_history` (`user_id`, `point`, `date`) VALUES ('R37QLI', '0', '2025-10-30 00:05:04');
UPDATE `user_registration` SET `sub_point` = 0, `active_status` = 'no'
WHERE `user_id` = 'R37QLI';
INSERT INTO `arreva_api_logs` (`user_id`, `email`, `endpoint`, `response`, `date`) VALUES ('R37QLI', 'atravel4uu@gmail.com', 'deactivatemember', '\"Unable to find user matching email or contract number or otherid\"', '2025-10-30 00:05:04');
INSERT INTO `inactive_history` (`user_id`, `commission_balance`, `amount`, `date`) VALUES ('R37QLI', '80', '150', '2025-10-30 00:05:04');
INSERT INTO `inactive_point_history` (`user_id`, `point`, `date`) VALUES ('Q6D63V', '0', '2025-10-30 00:05:04');
UPDATE `user_registration` SET `sub_point` = 0, `active_status` = 'no'
WHERE `user_id` = 'Q6D63V';
INSERT INTO `arreva_api_logs` (`user_id`, `email`, `endpoint`, `response`, `date`) VALUES ('Q6D63V', 'deeptalent@hotmail.com', 'deactivatemember', '\"Unable to find user matching email or contract number or otherid\"', '2025-10-30 00:05:05');
INSERT INTO `inactive_history` (`user_id`, `commission_balance`, `amount`, `date`) VALUES ('Q6D63V', '100', '150', '2025-10-30 00:05:05');
INSERT INTO `inactive_point_history` (`user_id`, `point`, `date`) VALUES ('N6GZAE', '0', '2025-10-30 00:05:05');
UPDATE `user_registration` SET `sub_point` = 0, `active_status` = 'no'
WHERE `user_id` = 'N6GZAE';
INSERT INTO `arreva_api_logs` (`user_id`, `email`, `endpoint`, `response`, `date`) VALUES ('N6GZAE', 'travelegendcy+71@gmail.com', 'deactivatemember', '\"Unable to find user matching email or contract number or otherid\"', '2025-10-30 00:05:05');
INSERT INTO `inactive_history` (`user_id`, `commission_balance`, `amount`, `date`) VALUES ('N6GZAE', '50', '150', '2025-10-30 00:05:05');
INSERT INTO `inactive_point_history` (`user_id`, `point`, `date`) VALUES ('Q834IS', '0', '2025-10-30 00:05:05');
UPDATE `user_registration` SET `sub_point` = 0, `active_status` = 'no'
WHERE `user_id` = 'Q834IS';
INSERT INTO `arreva_api_logs` (`user_id`, `email`, `endpoint`, `response`, `date`) VALUES ('Q834IS', 'ganofelizyo@gmail.com', 'deactivatemember', '\"Unable to find user matching email or contract number or otherid\"', '2025-10-30 00:05:05');
INSERT INTO `inactive_history` (`user_id`, `commission_balance`, `amount`, `date`) VALUES ('Q834IS', '0', '50', '2025-10-30 00:05:05');
INSERT INTO `inactive_point_history` (`user_id`, `point`, `date`) VALUES ('PKHRN5', '0', '2025-10-30 00:05:05');
UPDATE `user_registration` SET `sub_point` = 0, `active_status` = 'no'
WHERE `user_id` = 'PKHRN5';
INSERT INTO `arreva_api_logs` (`user_id`, `email`, `endpoint`, `response`, `date`) VALUES ('PKHRN5', 'nrproducts20@gmail.com', 'deactivatemember', '\"Unable to find user matching email or contract number or otherid\"', '2025-10-30 00:05:06');
INSERT INTO `inactive_history` (`user_id`, `commission_balance`, `amount`, `date`) VALUES ('PKHRN5', '28', '50', '2025-10-30 00:05:06');
INSERT INTO `inactive_point_history` (`user_id`, `point`, `date`) VALUES ('MT8QJF', '0', '2025-10-30 00:05:06');
UPDATE `user_registration` SET `sub_point` = 0, `active_status` = 'no'
WHERE `user_id` = 'MT8QJF';
INSERT INTO `arreva_api_logs` (`user_id`, `email`, `endpoint`, `response`, `date`) VALUES ('MT8QJF', 'bustamantemoni@yahoo.com', 'deactivatemember', '\"Unable to find user matching email or contract number or otherid\"', '2025-10-30 00:05:06');
INSERT INTO `inactive_history` (`user_id`, `commission_balance`, `amount`, `date`) VALUES ('MT8QJF', '0', '150', '2025-10-30 00:05:06');
INSERT INTO `inactive_point_history` (`user_id`, `point`, `date`) VALUES ('OWF3OA', '0', '2025-10-30 00:05:06');
UPDATE `user_registration` SET `sub_point` = 0, `active_status` = 'no'
WHERE `user_id` = 'OWF3OA';
INSERT INTO `arreva_api_logs` (`user_id`, `email`, `endpoint`, `response`, `date`) VALUES ('OWF3OA', 'caridadm70@gmail.com', 'deactivatemember', '\"Unable to find user matching email or contract number or otherid\"', '2025-10-30 00:05:06');
INSERT INTO `inactive_history` (`user_id`, `commission_balance`, `amount`, `date`) VALUES ('OWF3OA', '0', '150', '2025-10-30 00:05:06');
INSERT INTO `inactive_point_history` (`user_id`, `point`, `date`) VALUES ('HUDVJU', '0', '2025-10-30 00:05:06');
UPDATE `user_registration` SET `sub_point` = 0, `active_status` = 'no'
WHERE `user_id` = 'HUDVJU';
INSERT INTO `arreva_api_logs` (`user_id`, `email`, `endpoint`, `response`, `date`) VALUES ('HUDVJU', 'rsotolongok@aol.com', 'deactivatemember', '\"Unable to find user matching email or contract number or otherid\"', '2025-10-30 00:05:06');
INSERT INTO `inactive_history` (`user_id`, `commission_balance`, `amount`, `date`) VALUES ('HUDVJU', '30', '50', '2025-10-30 00:05:06');
INSERT INTO `inactive_point_history` (`user_id`, `point`, `date`) VALUES ('IEVPMD', '0', '2025-10-30 00:05:06');
UPDATE `user_registration` SET `sub_point` = 0, `active_status` = 'no'
WHERE `user_id` = 'IEVPMD';
INSERT INTO `arreva_api_logs` (`user_id`, `email`, `endpoint`, `response`, `date`) VALUES ('IEVPMD', 'ferr2085@gmail.com', 'deactivatemember', '\"Unable to find user matching email or contract number or otherid\"', '2025-10-30 00:05:07');
INSERT INTO `inactive_history` (`user_id`, `commission_balance`, `amount`, `date`) VALUES ('IEVPMD', '0', '150', '2025-10-30 00:05:07');
INSERT INTO `inactive_point_history` (`user_id`, `point`, `date`) VALUES ('CVVK4C', '0', '2025-10-30 00:05:07');
UPDATE `user_registration` SET `sub_point` = 0, `active_status` = 'no'
WHERE `user_id` = 'CVVK4C';
INSERT INTO `arreva_api_logs` (`user_id`, `email`, `endpoint`, `response`, `date`) VALUES ('CVVK4C', 'naranjo.manuel93@gmail.com', 'deactivatemember', '\"Unable to find user matching email or contract number or otherid\"', '2025-10-30 00:05:07');
INSERT INTO `inactive_history` (`user_id`, `commission_balance`, `amount`, `date`) VALUES ('CVVK4C', '0', '150', '2025-10-30 00:05:07');
INSERT INTO `inactive_point_history` (`user_id`, `point`, `date`) VALUES ('HQTCGF', '0', '2025-10-30 00:05:07');
UPDATE `user_registration` SET `sub_point` = 0, `active_status` = 'no'
WHERE `user_id` = 'HQTCGF';
INSERT INTO `arreva_api_logs` (`user_id`, `email`, `endpoint`, `response`, `date`) VALUES ('HQTCGF', 'naranjo.manuel@ymail.com', 'deactivatemember', '\"Unable to find user matching email or contract number or otherid\"', '2025-10-30 00:05:07');
INSERT INTO `inactive_history` (`user_id`, `commission_balance`, `amount`, `date`) VALUES ('HQTCGF', '0', '150', '2025-10-30 00:05:07');
INSERT INTO `inactive_point_history` (`user_id`, `point`, `date`) VALUES ('L2MNP5', '0', '2025-10-30 00:05:07');
UPDATE `user_registration` SET `sub_point` = 0, `active_status` = 'no'
WHERE `user_id` = 'L2MNP5';
INSERT INTO `arreva_api_logs` (`user_id`, `email`, `endpoint`, `response`, `date`) VALUES ('L2MNP5', 'caimandelcaribe1964@gmail.com', 'deactivatemember', '\"Unable to find user matching email or contract number or otherid\"', '2025-10-30 00:05:08');
INSERT INTO `inactive_history` (`user_id`, `commission_balance`, `amount`, `date`) VALUES ('L2MNP5', '0', '150', '2025-10-30 00:05:08');
INSERT INTO `inactive_point_history` (`user_id`, `point`, `date`) VALUES ('U7SMZ8', '0', '2025-10-30 00:05:08');
UPDATE `user_registration` SET `sub_point` = 0, `active_status` = 'no'
WHERE `user_id` = 'U7SMZ8';
INSERT INTO `arreva_api_logs` (`user_id`, `email`, `endpoint`, `response`, `date`) VALUES ('U7SMZ8', 'claujor06@hotmail.com', 'deactivatemember', '\"Unable to find user matching email or contract number or otherid\"', '2025-10-30 00:05:08');
INSERT INTO `inactive_history` (`user_id`, `commission_balance`, `amount`, `date`) VALUES ('U7SMZ8', '0', '150', '2025-10-30 00:05:08');
INSERT INTO `inactive_point_history` (`user_id`, `point`, `date`) VALUES ('PUJNHI', '0', '2025-10-30 00:05:08');
UPDATE `user_registration` SET `sub_point` = 0, `active_status` = 'no'
WHERE `user_id` = 'PUJNHI';
INSERT INTO `arreva_api_logs` (`user_id`, `email`, `endpoint`, `response`, `date`) VALUES ('PUJNHI', 'rt.amdream@gmail.com', 'deactivatemember', '\"Unable to find user matching email or contract number or otherid\"', '2025-10-30 00:05:08');
INSERT INTO `inactive_history` (`user_id`, `commission_balance`, `amount`, `date`) VALUES ('PUJNHI', '40', '150', '2025-10-30 00:05:08');
INSERT INTO `inactive_point_history` (`user_id`, `point`, `date`) VALUES ('WC5BL7', '0', '2025-10-30 00:05:08');
UPDATE `user_registration` SET `sub_point` = 0, `active_status` = 'no'
WHERE `user_id` = 'WC5BL7';
INSERT INTO `arreva_api_logs` (`user_id`, `email`, `endpoint`, `response`, `date`) VALUES ('WC5BL7', 'guecab74@gmail.com', 'deactivatemember', '\"Unable to find user matching email or contract number or otherid\"', '2025-10-30 00:05:08');
INSERT INTO `inactive_history` (`user_id`, `commission_balance`, `amount`, `date`) VALUES ('WC5BL7', '0', '50', '2025-10-30 00:05:08');
INSERT INTO `inactive_point_history` (`user_id`, `point`, `date`) VALUES ('W17SG2', '0', '2025-10-30 00:05:08');
UPDATE `user_registration` SET `sub_point` = 0, `active_status` = 'no'
WHERE `user_id` = 'W17SG2';
INSERT INTO `arreva_api_logs` (`user_id`, `email`, `endpoint`, `response`, `date`) VALUES ('W17SG2', 'jnsh44@gmail.com', 'deactivatemember', '\"Unable to find user matching email or contract number or otherid\"', '2025-10-30 00:05:09');
INSERT INTO `inactive_history` (`user_id`, `commission_balance`, `amount`, `date`) VALUES ('W17SG2', '0', '150', '2025-10-30 00:05:09');
INSERT INTO `inactive_point_history` (`user_id`, `point`, `date`) VALUES ('PR92IO', '0', '2025-10-30 00:05:09');
UPDATE `user_registration` SET `sub_point` = 0, `active_status` = 'no'
WHERE `user_id` = 'PR92IO';
INSERT INTO `arreva_api_logs` (`user_id`, `email`, `endpoint`, `response`, `date`) VALUES ('PR92IO', 'onielguerra@yahoo.com', 'deactivatemember', '\"Unable to find user matching email or contract number or otherid\"', '2025-10-30 00:05:09');
INSERT INTO `inactive_history` (`user_id`, `commission_balance`, `amount`, `date`) VALUES ('PR92IO', '0', '50', '2025-10-30 00:05:09');
INSERT INTO `inactive_point_history` (`user_id`, `point`, `date`) VALUES ('UTF7YN', '0', '2025-10-30 00:05:09');
UPDATE `user_registration` SET `sub_point` = 0, `active_status` = 'no'
WHERE `user_id` = 'UTF7YN';
INSERT INTO `arreva_api_logs` (`user_id`, `email`, `endpoint`, `response`, `date`) VALUES ('UTF7YN', 'miguelmartinezzamora89@gmail.com', 'deactivatemember', '\"Unable to find user matching email or contract number or otherid\"', '2025-10-30 00:05:09');
INSERT INTO `inactive_history` (`user_id`, `commission_balance`, `amount`, `date`) VALUES ('UTF7YN', '0', '150', '2025-10-30 00:05:09');
INSERT INTO `inactive_point_history` (`user_id`, `point`, `date`) VALUES ('JIL8K9', '0', '2025-10-30 00:05:09');
UPDATE `user_registration` SET `sub_point` = 0, `active_status` = 'no'
WHERE `user_id` = 'JIL8K9';
INSERT INTO `arreva_api_logs` (`user_id`, `email`, `endpoint`, `response`, `date`) VALUES ('JIL8K9', 'urquia0831@gmail.com', 'deactivatemember', '\"Unable to find user matching email or contract number or otherid\"', '2025-10-30 00:05:10');
INSERT INTO `inactive_history` (`user_id`, `commission_balance`, `amount`, `date`) VALUES ('JIL8K9', '20', '150', '2025-10-30 00:05:10');
INSERT INTO `inactive_point_history` (`user_id`, `point`, `date`) VALUES ('XHO8CJ', '0', '2025-10-30 00:05:10');
UPDATE `user_registration` SET `sub_point` = 0, `active_status` = 'no'
WHERE `user_id` = 'XHO8CJ';
INSERT INTO `arreva_api_logs` (`user_id`, `email`, `endpoint`, `response`, `date`) VALUES ('XHO8CJ', 'arielzomoza@hotmail.com', 'deactivatemember', '\"Unable to find user matching email or contract number or otherid\"', '2025-10-30 00:05:10');
INSERT INTO `inactive_history` (`user_id`, `commission_balance`, `amount`, `date`) VALUES ('XHO8CJ', '0', '150', '2025-10-30 00:05:10');
INSERT INTO `inactive_point_history` (`user_id`, `point`, `date`) VALUES ('L8NRSC', '0', '2025-10-30 00:05:10');
UPDATE `user_registration` SET `sub_point` = 0, `active_status` = 'no'
WHERE `user_id` = 'L8NRSC';
INSERT INTO `arreva_api_logs` (`user_id`, `email`, `endpoint`, `response`, `date`) VALUES ('L8NRSC', 'heviaelina17@gmail.com', 'deactivatemember', '\"Unable to find user matching email or contract number or otherid\"', '2025-10-30 00:05:10');
INSERT INTO `inactive_history` (`user_id`, `commission_balance`, `amount`, `date`) VALUES ('L8NRSC', '50', '150', '2025-10-30 00:05:10');
INSERT INTO `inactive_point_history` (`user_id`, `point`, `date`) VALUES ('6H3N98', '0', '2025-10-30 00:05:10');
UPDATE `user_registration` SET `sub_point` = 0, `active_status` = 'no'
WHERE `user_id` = '6H3N98';
INSERT INTO `arreva_api_logs` (`user_id`, `email`, `endpoint`, `response`, `date`) VALUES ('6H3N98', 'Polanco1961.jmp@gmail.com', 'deactivatemember', '\"Unable to find user matching email or contract number or otherid\"', '2025-10-30 00:05:11');
INSERT INTO `inactive_history` (`user_id`, `commission_balance`, `amount`, `date`) VALUES ('6H3N98', '100', '150', '2025-10-30 00:05:11');
INSERT INTO `inactive_point_history` (`user_id`, `point`, `date`) VALUES ('HP6YP2', '0', '2025-10-30 00:05:11');
UPDATE `user_registration` SET `sub_point` = 0, `active_status` = 'no'
WHERE `user_id` = 'HP6YP2';
INSERT INTO `arreva_api_logs` (`user_id`, `email`, `endpoint`, `response`, `date`) VALUES ('HP6YP2', 'josedavila0923@hotmail.com', 'deactivatemember', '\"Unable to find user matching email or contract number or otherid\"', '2025-10-30 00:05:11');
INSERT INTO `inactive_history` (`user_id`, `commission_balance`, `amount`, `date`) VALUES ('HP6YP2', '50', '150', '2025-10-30 00:05:11');
INSERT INTO `inactive_point_history` (`user_id`, `point`, `date`) VALUES ('8RVNYT', '0', '2025-10-30 00:05:11');
UPDATE `user_registration` SET `sub_point` = 0, `active_status` = 'no'
WHERE `user_id` = '8RVNYT';
INSERT INTO `arreva_api_logs` (`user_id`, `email`, `endpoint`, `response`, `date`) VALUES ('8RVNYT', 'dduany59@gmail.com', 'deactivatemember', '\"Unable to find user matching email or contract number or otherid\"', '2025-10-30 00:05:11');
INSERT INTO `inactive_history` (`user_id`, `commission_balance`, `amount`, `date`) VALUES ('8RVNYT', '0', '150', '2025-10-30 00:05:11');
INSERT INTO `inactive_point_history` (`user_id`, `point`, `date`) VALUES ('K8DXP2', '0', '2025-10-30 00:05:11');
UPDATE `user_registration` SET `sub_point` = 0, `active_status` = 'no'
WHERE `user_id` = 'K8DXP2';
INSERT INTO `arreva_api_logs` (`user_id`, `email`, `endpoint`, `response`, `date`) VALUES ('K8DXP2', 'danieladm02@icloud.com', 'deactivatemember', '\"Unable to find user matching email or contract number or otherid\"', '2025-10-30 00:05:11');
INSERT INTO `inactive_history` (`user_id`, `commission_balance`, `amount`, `date`) VALUES ('K8DXP2', '0', '150', '2025-10-30 00:05:11');
INSERT INTO `inactive_point_history` (`user_id`, `point`, `date`) VALUES ('BD2ZLC', '0', '2025-10-30 00:05:11');
UPDATE `user_registration` SET `sub_point` = 0, `active_status` = 'no'
WHERE `user_id` = 'BD2ZLC';
INSERT INTO `arreva_api_logs` (`user_id`, `email`, `endpoint`, `response`, `date`) VALUES ('BD2ZLC', 'misleydacuba@hotmail.com', 'deactivatemember', '\"Unable to find user matching email or contract number or otherid\"', '2025-10-30 00:05:12');
INSERT INTO `inactive_history` (`user_id`, `commission_balance`, `amount`, `date`) VALUES ('BD2ZLC', '100', '150', '2025-10-30 00:05:12');
INSERT INTO `inactive_point_history` (`user_id`, `point`, `date`) VALUES ('2MBPZI', '0', '2025-10-30 00:05:12');
UPDATE `user_registration` SET `sub_point` = 0, `active_status` = 'no'
WHERE `user_id` = '2MBPZI';
INSERT INTO `arreva_api_logs` (`user_id`, `email`, `endpoint`, `response`, `date`) VALUES ('2MBPZI', 'lamora07@icloud.com', 'deactivatemember', '\"Unable to find user matching email or contract number or otherid\"', '2025-10-30 00:05:12');
INSERT INTO `inactive_history` (`user_id`, `commission_balance`, `amount`, `date`) VALUES ('2MBPZI', '0', '150', '2025-10-30 00:05:12');
INSERT INTO `inactive_point_history` (`user_id`, `point`, `date`) VALUES ('XXI66Z', '0', '2025-10-30 00:05:12');
UPDATE `user_registration` SET `sub_point` = 0, `active_status` = 'no'
WHERE `user_id` = 'XXI66Z';
INSERT INTO `arreva_api_logs` (`user_id`, `email`, `endpoint`, `response`, `date`) VALUES ('XXI66Z', 'nora.cuenca722@gmail.com', 'deactivatemember', '\"Unable to find user matching email or contract number or otherid\"', '2025-10-30 00:05:12');
INSERT INTO `inactive_history` (`user_id`, `commission_balance`, `amount`, `date`) VALUES ('XXI66Z', '0', '150', '2025-10-30 00:05:12');
INSERT INTO `inactive_point_history` (`user_id`, `point`, `date`) VALUES ('Q82ZV9', '0', '2025-10-30 00:05:12');
UPDATE `user_registration` SET `sub_point` = 0, `active_status` = 'no'
WHERE `user_id` = 'Q82ZV9';
INSERT INTO `arreva_api_logs` (`user_id`, `email`, `endpoint`, `response`, `date`) VALUES ('Q82ZV9', 'Jcab777@hotmail.com', 'deactivatemember', '\"Unable to find user matching email or contract number or otherid\"', '2025-10-30 00:05:12');
INSERT INTO `inactive_history` (`user_id`, `commission_balance`, `amount`, `date`) VALUES ('Q82ZV9', '20', '50', '2025-10-30 00:05:12');
INSERT INTO `inactive_point_history` (`user_id`, `point`, `date`) VALUES ('IWTOLP', '0', '2025-10-30 00:05:12');
UPDATE `user_registration` SET `sub_point` = 0, `active_status` = 'no'
WHERE `user_id` = 'IWTOLP';
INSERT INTO `arreva_api_logs` (`user_id`, `email`, `endpoint`, `response`, `date`) VALUES ('IWTOLP', 'Hectorvaldes84@gmail.com', 'deactivatemember', '\"Unable to find user matching email or contract number or otherid\"', '2025-10-30 00:05:13');
INSERT INTO `inactive_history` (`user_id`, `commission_balance`, `amount`, `date`) VALUES ('IWTOLP', '0', '50', '2025-10-30 00:05:13');
INSERT INTO `inactive_point_history` (`user_id`, `point`, `date`) VALUES ('9QPRWH', '0', '2025-10-30 00:05:13');
UPDATE `user_registration` SET `sub_point` = 0, `active_status` = 'no'
WHERE `user_id` = '9QPRWH';
INSERT INTO `arreva_api_logs` (`user_id`, `email`, `endpoint`, `response`, `date`) VALUES ('9QPRWH', 'danny.ortiz93@yahoo.com', 'deactivatemember', '\"Unable to find user matching email or contract number or otherid\"', '2025-10-30 00:05:13');
INSERT INTO `inactive_history` (`user_id`, `commission_balance`, `amount`, `date`) VALUES ('9QPRWH', '0', '150', '2025-10-30 00:05:13');
INSERT INTO `inactive_point_history` (`user_id`, `point`, `date`) VALUES ('LBY7TN', '0', '2025-10-30 00:05:13');
UPDATE `user_registration` SET `sub_point` = 0, `active_status` = 'no'
WHERE `user_id` = 'LBY7TN';
INSERT INTO `arreva_api_logs` (`user_id`, `email`, `endpoint`, `response`, `date`) VALUES ('LBY7TN', 'realtororlando1@gmail.com', 'deactivatemember', '\"Unable to find user matching email or contract number or otherid\"', '2025-10-30 00:05:13');
INSERT INTO `inactive_history` (`user_id`, `commission_balance`, `amount`, `date`) VALUES ('LBY7TN', '0', '150', '2025-10-30 00:05:13');
INSERT INTO `inactive_point_history` (`user_id`, `point`, `date`) VALUES ('WDEXJT', '0', '2025-10-30 00:05:13');
UPDATE `user_registration` SET `sub_point` = 0, `active_status` = 'no'
WHERE `user_id` = 'WDEXJT';
INSERT INTO `arreva_api_logs` (`user_id`, `email`, `endpoint`, `response`, `date`) VALUES ('WDEXJT', 'randol1976@gmail.com', 'deactivatemember', '\"Unable to find user matching email or contract number or otherid\"', '2025-10-30 00:05:13');
INSERT INTO `inactive_history` (`user_id`, `commission_balance`, `amount`, `date`) VALUES ('WDEXJT', '0', '150', '2025-10-30 00:05:13');
INSERT INTO `inactive_point_history` (`user_id`, `point`, `date`) VALUES ('78UOV5', '0', '2025-10-30 00:05:13');
UPDATE `user_registration` SET `sub_point` = 0, `active_status` = 'no'
WHERE `user_id` = '78UOV5';
INSERT INTO `arreva_api_logs` (`user_id`, `email`, `endpoint`, `response`, `date`) VALUES ('78UOV5', 'Marvincano2006@hotmail.com', 'deactivatemember', '\"Unable to find user matching email or contract number or otherid\"', '2025-10-30 00:05:14');
INSERT INTO `inactive_history` (`user_id`, `commission_balance`, `amount`, `date`) VALUES ('78UOV5', '0', '50', '2025-10-30 00:05:14');
INSERT INTO `inactive_point_history` (`user_id`, `point`, `date`) VALUES ('8D7CNL', '0', '2025-10-30 00:05:14');
UPDATE `user_registration` SET `sub_point` = 0, `active_status` = 'no'
WHERE `user_id` = '8D7CNL';
INSERT INTO `arreva_api_logs` (`user_id`, `email`, `endpoint`, `response`, `date`) VALUES ('8D7CNL', 'ulambert45@gmail.com', 'deactivatemember', '\"Unable to find user matching email or contract number or otherid\"', '2025-10-30 00:05:14');
INSERT INTO `inactive_history` (`user_id`, `commission_balance`, `amount`, `date`) VALUES ('8D7CNL', '100', '150', '2025-10-30 00:05:14');
INSERT INTO `inactive_point_history` (`user_id`, `point`, `date`) VALUES ('UJXP99', '0', '2025-10-30 00:05:14');
UPDATE `user_registration` SET `sub_point` = 0, `active_status` = 'no'
WHERE `user_id` = 'UJXP99';
INSERT INTO `arreva_api_logs` (`user_id`, `email`, `endpoint`, `response`, `date`) VALUES ('UJXP99', 'aldocamporota@yahoo.com', 'deactivatemember', '\"Unable to find user matching email or contract number or otherid\"', '2025-10-30 00:05:15');
INSERT INTO `inactive_history` (`user_id`, `commission_balance`, `amount`, `date`) VALUES ('UJXP99', '0', '50', '2025-10-30 00:05:15');
INSERT INTO `inactive_point_history` (`user_id`, `point`, `date`) VALUES ('L268VW', '0', '2025-10-30 00:05:15');
UPDATE `user_registration` SET `sub_point` = 0, `active_status` = 'no'
WHERE `user_id` = 'L268VW';
INSERT INTO `arreva_api_logs` (`user_id`, `email`, `endpoint`, `response`, `date`) VALUES ('L268VW', 'omy2228@gmail.com', 'deactivatemember', '\"Unable to find user matching email or contract number or otherid\"', '2025-10-30 00:05:15');
INSERT INTO `inactive_history` (`user_id`, `commission_balance`, `amount`, `date`) VALUES ('L268VW', '0', '50', '2025-10-30 00:05:15');
INSERT INTO `inactive_point_history` (`user_id`, `point`, `date`) VALUES ('UVJ6L9', '0', '2025-10-30 00:05:15');
UPDATE `user_registration` SET `sub_point` = 0, `active_status` = 'no'
WHERE `user_id` = 'UVJ6L9';
INSERT INTO `arreva_api_logs` (`user_id`, `email`, `endpoint`, `response`, `date`) VALUES ('UVJ6L9', 'nrproducts20+1@gmail.com', 'deactivatemember', '\"Unable to find user matching email or contract number or otherid\"', '2025-10-30 00:05:15');
INSERT INTO `inactive_history` (`user_id`, `commission_balance`, `amount`, `date`) VALUES ('UVJ6L9', '0', '50', '2025-10-30 00:05:15');
INSERT INTO `inactive_point_history` (`user_id`, `point`, `date`) VALUES ('T2U73Q', '0', '2025-10-30 00:05:15');
UPDATE `user_registration` SET `sub_point` = 0, `active_status` = 'no'
WHERE `user_id` = 'T2U73Q';
INSERT INTO `arreva_api_logs` (`user_id`, `email`, `endpoint`, `response`, `date`) VALUES ('T2U73Q', 'aidacano1694@gmail.com', 'deactivatemember', '\"Unable to find user matching email or contract number or otherid\"', '2025-10-30 00:05:16');
INSERT INTO `inactive_history` (`user_id`, `commission_balance`, `amount`, `date`) VALUES ('T2U73Q', '0', '50', '2025-10-30 00:05:16');
INSERT INTO `inactive_point_history` (`user_id`, `point`, `date`) VALUES ('ULHSH2', '0', '2025-10-30 00:05:16');
UPDATE `user_registration` SET `sub_point` = 0, `active_status` = 'no'
WHERE `user_id` = 'ULHSH2';
INSERT INTO `arreva_api_logs` (`user_id`, `email`, `endpoint`, `response`, `date`) VALUES ('ULHSH2', 'asny_melody11@hotmail.com', 'deactivatemember', '\"Unable to find user matching email or contract number or otherid\"', '2025-10-30 00:05:16');
INSERT INTO `inactive_history` (`user_id`, `commission_balance`, `amount`, `date`) VALUES ('ULHSH2', '0', '150', '2025-10-30 00:05:16');
INSERT INTO `inactive_point_history` (`user_id`, `point`, `date`) VALUES ('H1XYDK', '0', '2025-10-30 00:05:16');
UPDATE `user_registration` SET `sub_point` = 0, `active_status` = 'no'
WHERE `user_id` = 'H1XYDK';
INSERT INTO `arreva_api_logs` (`user_id`, `email`, `endpoint`, `response`, `date`) VALUES ('H1XYDK', 'bingostarsforever@gmail.com', 'deactivatemember', '\"Unable to find user matching email or contract number or otherid\"', '2025-10-30 00:05:16');
INSERT INTO `inactive_history` (`user_id`, `commission_balance`, `amount`, `date`) VALUES ('H1XYDK', '0', '50', '2025-10-30 00:05:16');
INSERT INTO `inactive_point_history` (`user_id`, `point`, `date`) VALUES ('3UFB1M', '0', '2025-10-30 00:05:16');
UPDATE `user_registration` SET `sub_point` = 0, `active_status` = 'no'
WHERE `user_id` = '3UFB1M';
INSERT INTO `arreva_api_logs` (`user_id`, `email`, `endpoint`, `response`, `date`) VALUES ('3UFB1M', 'mariodiamantes2014@gmail.com', 'deactivatemember', '\"Unable to find user matching email or contract number or otherid\"', '2025-10-30 00:05:16');
INSERT INTO `inactive_history` (`user_id`, `commission_balance`, `amount`, `date`) VALUES ('3UFB1M', '100', '150', '2025-10-30 00:05:16');
INSERT INTO `inactive_point_history` (`user_id`, `point`, `date`) VALUES ('72W7M6', '0', '2025-10-30 00:05:16');
UPDATE `user_registration` SET `sub_point` = 0, `active_status` = 'no'
WHERE `user_id` = '72W7M6';
INSERT INTO `arreva_api_logs` (`user_id`, `email`, `endpoint`, `response`, `date`) VALUES ('72W7M6', 'finanzasyprosperidad777@gmail.com', 'deactivatemember', '\"Unable to find user matching email or contract number or otherid\"', '2025-10-30 00:05:17');
INSERT INTO `inactive_history` (`user_id`, `commission_balance`, `amount`, `date`) VALUES ('72W7M6', '0', '50', '2025-10-30 00:05:17');
INSERT INTO `inactive_point_history` (`user_id`, `point`, `date`) VALUES ('8PK4HK', '0', '2025-10-30 00:05:17');
UPDATE `user_registration` SET `sub_point` = 0, `active_status` = 'no'
WHERE `user_id` = '8PK4HK';
INSERT INTO `arreva_api_logs` (`user_id`, `email`, `endpoint`, `response`, `date`) VALUES ('8PK4HK', 'romandebora44@gmail.com', 'deactivatemember', '\"Unable to find user matching email or contract number or otherid\"', '2025-10-30 00:05:17');
INSERT INTO `inactive_history` (`user_id`, `commission_balance`, `amount`, `date`) VALUES ('8PK4HK', '0', '150', '2025-10-30 00:05:17');
INSERT INTO `inactive_point_history` (`user_id`, `point`, `date`) VALUES ('LEOFNI', '0', '2025-10-30 00:05:17');
UPDATE `user_registration` SET `sub_point` = 0, `active_status` = 'no'
WHERE `user_id` = 'LEOFNI';
INSERT INTO `arreva_api_logs` (`user_id`, `email`, `endpoint`, `response`, `date`) VALUES ('LEOFNI', 'nrproducts20+2@gmail.com', 'deactivatemember', '\"Unable to find user matching email or contract number or otherid\"', '2025-10-30 00:05:17');
INSERT INTO `inactive_history` (`user_id`, `commission_balance`, `amount`, `date`) VALUES ('LEOFNI', '0', '150', '2025-10-30 00:05:17');
INSERT INTO `inactive_point_history` (`user_id`, `point`, `date`) VALUES ('75X85X', '0', '2025-10-30 00:05:17');
UPDATE `user_registration` SET `sub_point` = 0, `active_status` = 'no'
WHERE `user_id` = '75X85X';
INSERT INTO `arreva_api_logs` (`user_id`, `email`, `endpoint`, `response`, `date`) VALUES ('75X85X', 'nrproducts20+3@gmail.com', 'deactivatemember', '\"Unable to find user matching email or contract number or otherid\"', '2025-10-30 00:05:18');
INSERT INTO `inactive_history` (`user_id`, `commission_balance`, `amount`, `date`) VALUES ('75X85X', '0', '50', '2025-10-30 00:05:18');
INSERT INTO `inactive_point_history` (`user_id`, `point`, `date`) VALUES ('UC1QRN', '0', '2025-10-30 00:05:18');
UPDATE `user_registration` SET `sub_point` = 0, `active_status` = 'no'
WHERE `user_id` = 'UC1QRN';
INSERT INTO `arreva_api_logs` (`user_id`, `email`, `endpoint`, `response`, `date`) VALUES ('UC1QRN', 'orelfernandezg@gmail.com', 'deactivatemember', '\"Unable to find user matching email or contract number or otherid\"', '2025-10-30 00:05:18');
INSERT INTO `inactive_history` (`user_id`, `commission_balance`, `amount`, `date`) VALUES ('UC1QRN', '0', '150', '2025-10-30 00:05:18');
INSERT INTO `inactive_point_history` (`user_id`, `point`, `date`) VALUES ('7YU16B', '0', '2025-10-30 00:05:18');
UPDATE `user_registration` SET `sub_point` = 0, `active_status` = 'no'
WHERE `user_id` = '7YU16B';
INSERT INTO `arreva_api_logs` (`user_id`, `email`, `endpoint`, `response`, `date`) VALUES ('7YU16B', 'glefran@gmail.com', 'deactivatemember', '\"Unable to find user matching email or contract number or otherid\"', '2025-10-30 00:05:18');
INSERT INTO `inactive_history` (`user_id`, `commission_balance`, `amount`, `date`) VALUES ('7YU16B', '0', '50', '2025-10-30 00:05:18');
INSERT INTO `inactive_point_history` (`user_id`, `point`, `date`) VALUES ('OEM6F6', '0', '2025-10-30 00:05:18');
UPDATE `user_registration` SET `sub_point` = 0, `active_status` = 'no'
WHERE `user_id` = 'OEM6F6';
INSERT INTO `arreva_api_logs` (`user_id`, `email`, `endpoint`, `response`, `date`) VALUES ('OEM6F6', 'oceci.nieves@gmail.com', 'deactivatemember', '\"Unable to find user matching email or contract number or otherid\"', '2025-10-30 00:05:18');
INSERT INTO `inactive_history` (`user_id`, `commission_balance`, `amount`, `date`) VALUES ('OEM6F6', '0', '50', '2025-10-30 00:05:18');
INSERT INTO `inactive_point_history` (`user_id`, `point`, `date`) VALUES ('TU7MHD', '0', '2025-10-30 00:05:18');
UPDATE `user_registration` SET `sub_point` = 0, `active_status` = 'no'
WHERE `user_id` = 'TU7MHD';
INSERT INTO `arreva_api_logs` (`user_id`, `email`, `endpoint`, `response`, `date`) VALUES ('TU7MHD', 'betgarc42@gmaill.com', 'deactivatemember', '\"Unable to find user matching email or contract number or otherid\"', '2025-10-30 00:05:19');
INSERT INTO `inactive_history` (`user_id`, `commission_balance`, `amount`, `date`) VALUES ('TU7MHD', '100', '150', '2025-10-30 00:05:19');
INSERT INTO `inactive_point_history` (`user_id`, `point`, `date`) VALUES ('7BQJK5', '0', '2025-10-30 00:05:19');
UPDATE `user_registration` SET `sub_point` = 0, `active_status` = 'no'
WHERE `user_id` = '7BQJK5';
INSERT INTO `arreva_api_logs` (`user_id`, `email`, `endpoint`, `response`, `date`) VALUES ('7BQJK5', 'YPENABAD@HOTMAIL.COM', 'deactivatemember', '\"Unable to find user matching email or contract number or otherid\"', '2025-10-30 00:05:19');
INSERT INTO `inactive_history` (`user_id`, `commission_balance`, `amount`, `date`) VALUES ('7BQJK5', '20', '150', '2025-10-30 00:05:19');
INSERT INTO `inactive_point_history` (`user_id`, `point`, `date`) VALUES ('XMN3MK', '0', '2025-10-30 00:05:19');
UPDATE `user_registration` SET `sub_point` = 0, `active_status` = 'no'
WHERE `user_id` = 'XMN3MK';
INSERT INTO `arreva_api_logs` (`user_id`, `email`, `endpoint`, `response`, `date`) VALUES ('XMN3MK', 'narotnebur324058@gmail.com', 'deactivatemember', '\"Unable to find user matching email or contract number or otherid\"', '2025-10-30 00:05:19');
INSERT INTO `inactive_history` (`user_id`, `commission_balance`, `amount`, `date`) VALUES ('XMN3MK', '0', '150', '2025-10-30 00:05:19');
INSERT INTO `inactive_point_history` (`user_id`, `point`, `date`) VALUES ('7SMFPM', '0', '2025-10-30 00:05:19');
UPDATE `user_registration` SET `sub_point` = 0, `active_status` = 'no'
WHERE `user_id` = '7SMFPM';
INSERT INTO `arreva_api_logs` (`user_id`, `email`, `endpoint`, `response`, `date`) VALUES ('7SMFPM', 'volcanu2080@gmail.com', 'deactivatemember', '\"Unable to find user matching email or contract number or otherid\"', '2025-10-30 00:05:19');
INSERT INTO `inactive_history` (`user_id`, `commission_balance`, `amount`, `date`) VALUES ('7SMFPM', '0', '50', '2025-10-30 00:05:19');
INSERT INTO `inactive_point_history` (`user_id`, `point`, `date`) VALUES ('WS9KK9', '0', '2025-10-30 00:05:19');
UPDATE `user_registration` SET `sub_point` = 0, `active_status` = 'no'
WHERE `user_id` = 'WS9KK9';
INSERT INTO `arreva_api_logs` (`user_id`, `email`, `endpoint`, `response`, `date`) VALUES ('WS9KK9', 'aller.r@hotmail.com', 'deactivatemember', '\"Unable to find user matching email or contract number or otherid\"', '2025-10-30 00:05:20');
INSERT INTO `inactive_history` (`user_id`, `commission_balance`, `amount`, `date`) VALUES ('WS9KK9', '0', '150', '2025-10-30 00:05:20');
INSERT INTO `inactive_point_history` (`user_id`, `point`, `date`) VALUES ('OHI8SE', '0', '2025-10-30 00:05:20');
UPDATE `user_registration` SET `sub_point` = 0, `active_status` = 'no'
WHERE `user_id` = 'OHI8SE';
INSERT INTO `arreva_api_logs` (`user_id`, `email`, `endpoint`, `response`, `date`) VALUES ('OHI8SE', 'leann.r2002@gmail.com', 'deactivatemember', '\"Unable to find user matching email or contract number or otherid\"', '2025-10-30 00:05:20');
INSERT INTO `inactive_history` (`user_id`, `commission_balance`, `amount`, `date`) VALUES ('OHI8SE', '20', '150', '2025-10-30 00:05:20');
INSERT INTO `inactive_point_history` (`user_id`, `point`, `date`) VALUES ('BJFCEM', '0', '2025-10-30 00:05:20');
UPDATE `user_registration` SET `sub_point` = 0, `active_status` = 'no'
WHERE `user_id` = 'BJFCEM';
INSERT INTO `arreva_api_logs` (`user_id`, `email`, `endpoint`, `response`, `date`) VALUES ('BJFCEM', 'moneysavetoday@gmail.com', 'deactivatemember', '\"Unable to find user matching email or contract number or otherid\"', '2025-10-30 00:05:20');
INSERT INTO `inactive_history` (`user_id`, `commission_balance`, `amount`, `date`) VALUES ('BJFCEM', '0', '50', '2025-10-30 00:05:20');
INSERT INTO `inactive_point_history` (`user_id`, `point`, `date`) VALUES ('9EDD8W', '0', '2025-10-30 00:05:20');
UPDATE `user_registration` SET `sub_point` = 0, `active_status` = 'no'
WHERE `user_id` = '9EDD8W';
INSERT INTO `arreva_api_logs` (`user_id`, `email`, `endpoint`, `response`, `date`) VALUES ('9EDD8W', 'fabrehands@gmail.com', 'deactivatemember', '\"Unable to find user matching email or contract number or otherid\"', '2025-10-30 00:05:20');
INSERT INTO `inactive_history` (`user_id`, `commission_balance`, `amount`, `date`) VALUES ('9EDD8W', '0', '50', '2025-10-30 00:05:20');
INSERT INTO `inactive_point_history` (`user_id`, `point`, `date`) VALUES ('2QC8SK', '0', '2025-10-30 00:05:20');
UPDATE `user_registration` SET `sub_point` = 0, `active_status` = 'no'
WHERE `user_id` = '2QC8SK';
INSERT INTO `arreva_api_logs` (`user_id`, `email`, `endpoint`, `response`, `date`) VALUES ('2QC8SK', 'chaconrafael38@gmail.com', 'deactivatemember', '\"Unable to find user matching email or contract number or otherid\"', '2025-10-30 00:05:21');
INSERT INTO `inactive_history` (`user_id`, `commission_balance`, `amount`, `date`) VALUES ('2QC8SK', '0', '150', '2025-10-30 00:05:21');
INSERT INTO `inactive_point_history` (`user_id`, `point`, `date`) VALUES ('TOTNOR', '0', '2025-10-30 00:05:21');
UPDATE `user_registration` SET `sub_point` = 0, `active_status` = 'no'
WHERE `user_id` = 'TOTNOR';
INSERT INTO `arreva_api_logs` (`user_id`, `email`, `endpoint`, `response`, `date`) VALUES ('TOTNOR', 'triptripclub@gmail.com', 'deactivatemember', '\"Unable to find user matching email or contract number or otherid\"', '2025-10-30 00:05:21');
INSERT INTO `inactive_history` (`user_id`, `commission_balance`, `amount`, `date`) VALUES ('TOTNOR', '0', '50', '2025-10-30 00:05:21');
INSERT INTO `inactive_point_history` (`user_id`, `point`, `date`) VALUES ('M2XFK7', '0', '2025-10-30 00:05:21');
UPDATE `user_registration` SET `sub_point` = 0, `active_status` = 'no'
WHERE `user_id` = 'M2XFK7';
INSERT INTO `arreva_api_logs` (`user_id`, `email`, `endpoint`, `response`, `date`) VALUES ('M2XFK7', 'omartoranzo24@gmail.com', 'deactivatemember', '\"Unable to find user matching email or contract number or otherid\"', '2025-10-30 00:05:21');
INSERT INTO `inactive_history` (`user_id`, `commission_balance`, `amount`, `date`) VALUES ('M2XFK7', '0', '150', '2025-10-30 00:05:21');
INSERT INTO `inactive_point_history` (`user_id`, `point`, `date`) VALUES ('82W7DS', '0', '2025-10-30 00:05:21');
UPDATE `user_registration` SET `sub_point` = 0, `active_status` = 'no'
WHERE `user_id` = '82W7DS';
INSERT INTO `arreva_api_logs` (`user_id`, `email`, `endpoint`, `response`, `date`) VALUES ('82W7DS', 'ernestop148@gmail.com', 'deactivatemember', '\"Unable to find user matching email or contract number or otherid\"', '2025-10-30 00:05:21');
INSERT INTO `inactive_history` (`user_id`, `commission_balance`, `amount`, `date`) VALUES ('82W7DS', '0', '50', '2025-10-30 00:05:21');
INSERT INTO `inactive_point_history` (`user_id`, `point`, `date`) VALUES ('9T4ALJ', '0', '2025-10-30 00:05:21');
UPDATE `user_registration` SET `sub_point` = 0, `active_status` = 'no'
WHERE `user_id` = '9T4ALJ';
INSERT INTO `arreva_api_logs` (`user_id`, `email`, `endpoint`, `response`, `date`) VALUES ('9T4ALJ', 'terina.quinones@gmail.com', 'deactivatemember', '\"Unable to find user matching email or contract number or otherid\"', '2025-10-30 00:05:22');
INSERT INTO `inactive_history` (`user_id`, `commission_balance`, `amount`, `date`) VALUES ('9T4ALJ', '0', '150', '2025-10-30 00:05:22');
INSERT INTO `inactive_point_history` (`user_id`, `point`, `date`) VALUES ('648GBY', '0', '2025-10-30 00:05:22');
UPDATE `user_registration` SET `sub_point` = 0, `active_status` = 'no'
WHERE `user_id` = '648GBY';
INSERT INTO `arreva_api_logs` (`user_id`, `email`, `endpoint`, `response`, `date`) VALUES ('648GBY', 'shaniarodri888@gmail.com', 'deactivatemember', '\"Unable to find user matching email or contract number or otherid\"', '2025-10-30 00:05:22');
INSERT INTO `inactive_history` (`user_id`, `commission_balance`, `amount`, `date`) VALUES ('648GBY', '20', '50', '2025-10-30 00:05:22');
INSERT INTO `inactive_point_history` (`user_id`, `point`, `date`) VALUES ('X5T3ZT', '0', '2025-10-30 00:05:22');
UPDATE `user_registration` SET `sub_point` = 0, `active_status` = 'no'
WHERE `user_id` = 'X5T3ZT';
INSERT INTO `arreva_api_logs` (`user_id`, `email`, `endpoint`, `response`, `date`) VALUES ('X5T3ZT', 'joseantonio112759@gmail.com', 'deactivatemember', '\"Unable to find user matching email or contract number or otherid\"', '2025-10-30 00:05:22');
INSERT INTO `inactive_history` (`user_id`, `commission_balance`, `amount`, `date`) VALUES ('X5T3ZT', '0', '150', '2025-10-30 00:05:22');
INSERT INTO `inactive_point_history` (`user_id`, `point`, `date`) VALUES ('PXHCYN', '0', '2025-10-30 00:05:22');
UPDATE `user_registration` SET `sub_point` = 0, `active_status` = 'no'
WHERE `user_id` = 'PXHCYN';
INSERT INTO `arreva_api_logs` (`user_id`, `email`, `endpoint`, `response`, `date`) VALUES ('PXHCYN', 'heribertoortega68@yahoo.com', 'deactivatemember', '\"Unable to find user matching email or contract number or otherid\"', '2025-10-30 00:05:23');
INSERT INTO `inactive_history` (`user_id`, `commission_balance`, `amount`, `date`) VALUES ('PXHCYN', '0', '150', '2025-10-30 00:05:23');
INSERT INTO `inactive_point_history` (`user_id`, `point`, `date`) VALUES ('1GNDEQ', '0', '2025-10-30 00:05:23');
UPDATE `user_registration` SET `sub_point` = 0, `active_status` = 'no'
WHERE `user_id` = '1GNDEQ';
INSERT INTO `arreva_api_logs` (`user_id`, `email`, `endpoint`, `response`, `date`) VALUES ('1GNDEQ', 'Bettylaracormier@gmail.com', 'deactivatemember', '\"Unable to find user matching email or contract number or otherid\"', '2025-10-30 00:05:23');
INSERT INTO `inactive_history` (`user_id`, `commission_balance`, `amount`, `date`) VALUES ('1GNDEQ', '50', '150', '2025-10-30 00:05:23');
INSERT INTO `inactive_point_history` (`user_id`, `point`, `date`) VALUES ('4PJDWH', '0', '2025-10-30 00:05:23');
UPDATE `user_registration` SET `sub_point` = 0, `active_status` = 'no'
WHERE `user_id` = '4PJDWH';
INSERT INTO `arreva_api_logs` (`user_id`, `email`, `endpoint`, `response`, `date`) VALUES ('4PJDWH', 'dayceesaldana169@gmail.com', 'deactivatemember', '\"Unable to find user matching email or contract number or otherid\"', '2025-10-30 00:05:23');
INSERT INTO `inactive_history` (`user_id`, `commission_balance`, `amount`, `date`) VALUES ('4PJDWH', '0', '150', '2025-10-30 00:05:23');
INSERT INTO `inactive_point_history` (`user_id`, `point`, `date`) VALUES ('G3WYIA', '0', '2025-10-30 00:05:23');
UPDATE `user_registration` SET `sub_point` = 0, `active_status` = 'no'
WHERE `user_id` = 'G3WYIA';
INSERT INTO `arreva_api_logs` (`user_id`, `email`, `endpoint`, `response`, `date`) VALUES ('G3WYIA', 'Cmorgansanchez@yahoo.com', 'deactivatemember', '\"Unable to find user matching email or contract number or otherid\"', '2025-10-30 00:05:23');
INSERT INTO `inactive_history` (`user_id`, `commission_balance`, `amount`, `date`) VALUES ('G3WYIA', '0', '150', '2025-10-30 00:05:23');
INSERT INTO `inactive_point_history` (`user_id`, `point`, `date`) VALUES ('8R8YQG', '0', '2025-10-30 00:05:23');
UPDATE `user_registration` SET `sub_point` = 0, `active_status` = 'no'
WHERE `user_id` = '8R8YQG';
INSERT INTO `arreva_api_logs` (`user_id`, `email`, `endpoint`, `response`, `date`) VALUES ('8R8YQG', 'yasmani5@yahoo.com', 'deactivatemember', '\"Unable to find user matching email or contract number or otherid\"', '2025-10-30 00:05:24');
INSERT INTO `inactive_history` (`user_id`, `commission_balance`, `amount`, `date`) VALUES ('8R8YQG', '0', '150', '2025-10-30 00:05:24');
INSERT INTO `inactive_point_history` (`user_id`, `point`, `date`) VALUES ('CN9O47', '0', '2025-10-30 00:05:24');
UPDATE `user_registration` SET `sub_point` = 0, `active_status` = 'no'
WHERE `user_id` = 'CN9O47';
INSERT INTO `arreva_api_logs` (`user_id`, `email`, `endpoint`, `response`, `date`) VALUES ('CN9O47', 'indira@artictempinc.com', 'deactivatemember', '\"Unable to find user matching email or contract number or otherid\"', '2025-10-30 00:05:24');
INSERT INTO `inactive_history` (`user_id`, `commission_balance`, `amount`, `date`) VALUES ('CN9O47', '0', '150', '2025-10-30 00:05:24');
INSERT INTO `inactive_point_history` (`user_id`, `point`, `date`) VALUES ('VZYEPG', '0', '2025-10-30 00:05:24');
UPDATE `user_registration` SET `sub_point` = 0, `active_status` = 'no'
WHERE `user_id` = 'VZYEPG';
INSERT INTO `arreva_api_logs` (`user_id`, `email`, `endpoint`, `response`, `date`) VALUES ('VZYEPG', 'a.ramos9321@icloud.com', 'deactivatemember', '\"Unable to find user matching email or contract number or otherid\"', '2025-10-30 00:05:24');
INSERT INTO `inactive_history` (`user_id`, `commission_balance`, `amount`, `date`) VALUES ('VZYEPG', '0', '150', '2025-10-30 00:05:24');
INSERT INTO `inactive_point_history` (`user_id`, `point`, `date`) VALUES ('TB42PA', '0', '2025-10-30 00:05:24');
UPDATE `user_registration` SET `sub_point` = 0, `active_status` = 'no'
WHERE `user_id` = 'TB42PA';
INSERT INTO `arreva_api_logs` (`user_id`, `email`, `endpoint`, `response`, `date`) VALUES ('TB42PA', 'betsycf@msn.com', 'deactivatemember', '\"Unable to find user matching email or contract number or otherid\"', '2025-10-30 00:05:24');
INSERT INTO `inactive_history` (`user_id`, `commission_balance`, `amount`, `date`) VALUES ('TB42PA', '0', '150', '2025-10-30 00:05:24');
INSERT INTO `inactive_point_history` (`user_id`, `point`, `date`) VALUES ('2KPJZJ', '0', '2025-10-30 00:05:24');
UPDATE `user_registration` SET `sub_point` = 0, `active_status` = 'no'
WHERE `user_id` = '2KPJZJ';
INSERT INTO `arreva_api_logs` (`user_id`, `email`, `endpoint`, `response`, `date`) VALUES ('2KPJZJ', 'marlonlimonta11@gmail.com', 'deactivatemember', '\"Unable to find user matching email or contract number or otherid\"', '2025-10-30 00:05:25');
INSERT INTO `inactive_history` (`user_id`, `commission_balance`, `amount`, `date`) VALUES ('2KPJZJ', '0', '150', '2025-10-30 00:05:25');
INSERT INTO `inactive_point_history` (`user_id`, `point`, `date`) VALUES ('8634EF', '0', '2025-10-30 00:05:25');
UPDATE `user_registration` SET `sub_point` = 0, `active_status` = 'no'
WHERE `user_id` = '8634EF';
INSERT INTO `arreva_api_logs` (`user_id`, `email`, `endpoint`, `response`, `date`) VALUES ('8634EF', 'taymi1509@gmail.com', 'deactivatemember', '\"Unable to find user matching email or contract number or otherid\"', '2025-10-30 00:05:25');
INSERT INTO `inactive_history` (`user_id`, `commission_balance`, `amount`, `date`) VALUES ('8634EF', '0', '150', '2025-10-30 00:05:25');
INSERT INTO `inactive_point_history` (`user_id`, `point`, `date`) VALUES ('7P1TWW', '0', '2025-10-30 00:05:25');
UPDATE `user_registration` SET `sub_point` = 0, `active_status` = 'no'
WHERE `user_id` = '7P1TWW';
INSERT INTO `arreva_api_logs` (`user_id`, `email`, `endpoint`, `response`, `date`) VALUES ('7P1TWW', 'marthamarin9993@gmail.com', 'deactivatemember', '\"Unable to find user matching email or contract number or otherid\"', '2025-10-30 00:05:25');
INSERT INTO `inactive_history` (`user_id`, `commission_balance`, `amount`, `date`) VALUES ('7P1TWW', '20', '150', '2025-10-30 00:05:25');
INSERT INTO `inactive_point_history` (`user_id`, `point`, `date`) VALUES ('WNT6C4', '0', '2025-10-30 00:05:25');
UPDATE `user_registration` SET `sub_point` = 0, `active_status` = 'no'
WHERE `user_id` = 'WNT6C4';
INSERT INTO `arreva_api_logs` (`user_id`, `email`, `endpoint`, `response`, `date`) VALUES ('WNT6C4', 'lizanaya0310@gmail.com', 'deactivatemember', '\"Unable to find user matching email or contract number or otherid\"', '2025-10-30 00:05:25');
INSERT INTO `inactive_history` (`user_id`, `commission_balance`, `amount`, `date`) VALUES ('WNT6C4', '0', '150', '2025-10-30 00:05:25');
INSERT INTO `inactive_point_history` (`user_id`, `point`, `date`) VALUES ('KYPLBN', '0', '2025-10-30 00:05:25');
UPDATE `user_registration` SET `sub_point` = 0, `active_status` = 'no'
WHERE `user_id` = 'KYPLBN';
INSERT INTO `arreva_api_logs` (`user_id`, `email`, `endpoint`, `response`, `date`) VALUES ('KYPLBN', 'ivanportega02@gmail.com', 'deactivatemember', '\"Unable to find user matching email or contract number or otherid\"', '2025-10-30 00:05:26');
INSERT INTO `inactive_history` (`user_id`, `commission_balance`, `amount`, `date`) VALUES ('KYPLBN', '0', '150', '2025-10-30 00:05:26');
INSERT INTO `inactive_point_history` (`user_id`, `point`, `date`) VALUES ('5MW4H3', '0', '2025-10-30 00:05:26');
UPDATE `user_registration` SET `sub_point` = 0, `active_status` = 'no'
WHERE `user_id` = '5MW4H3';
INSERT INTO `arreva_api_logs` (`user_id`, `email`, `endpoint`, `response`, `date`) VALUES ('5MW4H3', 'yaredari2023@gmail.com', 'deactivatemember', '\"Unable to find user matching email or contract number or otherid\"', '2025-10-30 00:05:26');
INSERT INTO `inactive_history` (`user_id`, `commission_balance`, `amount`, `date`) VALUES ('5MW4H3', '0', '150', '2025-10-30 00:05:26');
INSERT INTO `inactive_point_history` (`user_id`, `point`, `date`) VALUES ('XT3VLL', '0', '2025-10-30 00:05:26');
UPDATE `user_registration` SET `sub_point` = 0, `active_status` = 'no'
WHERE `user_id` = 'XT3VLL';
INSERT INTO `arreva_api_logs` (`user_id`, `email`, `endpoint`, `response`, `date`) VALUES ('XT3VLL', 'daychavez912@gmail.com', 'deactivatemember', '\"Unable to find user matching email or contract number or otherid\"', '2025-10-30 00:05:26');
INSERT INTO `inactive_history` (`user_id`, `commission_balance`, `amount`, `date`) VALUES ('XT3VLL', '0', '150', '2025-10-30 00:05:26');
INSERT INTO `inactive_point_history` (`user_id`, `point`, `date`) VALUES ('WP5PIA', '0', '2025-10-30 00:05:26');
UPDATE `user_registration` SET `sub_point` = 0, `active_status` = 'no'
WHERE `user_id` = 'WP5PIA';
INSERT INTO `arreva_api_logs` (`user_id`, `email`, `endpoint`, `response`, `date`) VALUES ('WP5PIA', 'zuramacortina@gmail.com', 'deactivatemember', '\"Unable to find user matching email or contract number or otherid\"', '2025-10-30 00:05:26');
INSERT INTO `inactive_history` (`user_id`, `commission_balance`, `amount`, `date`) VALUES ('WP5PIA', '50', '150', '2025-10-30 00:05:26');
INSERT INTO `inactive_point_history` (`user_id`, `point`, `date`) VALUES ('DSVFR5', '0', '2025-10-30 00:05:26');
UPDATE `user_registration` SET `sub_point` = 0, `active_status` = 'no'
WHERE `user_id` = 'DSVFR5';
INSERT INTO `arreva_api_logs` (`user_id`, `email`, `endpoint`, `response`, `date`) VALUES ('DSVFR5', 'jesuscruzsantovenia@gmail.com', 'deactivatemember', '\"Unable to find user matching email or contract number or otherid\"', '2025-10-30 00:05:27');
INSERT INTO `inactive_history` (`user_id`, `commission_balance`, `amount`, `date`) VALUES ('DSVFR5', '87.5', '150', '2025-10-30 00:05:27');
INSERT INTO `inactive_point_history` (`user_id`, `point`, `date`) VALUES ('7ZQOFP', '0', '2025-10-30 00:05:27');
UPDATE `user_registration` SET `sub_point` = 0, `active_status` = 'no'
WHERE `user_id` = '7ZQOFP';
INSERT INTO `arreva_api_logs` (`user_id`, `email`, `endpoint`, `response`, `date`) VALUES ('7ZQOFP', 'hilvarshopping@gmail.com', 'deactivatemember', '\"Unable to find user matching email or contract number or otherid\"', '2025-10-30 00:05:27');
INSERT INTO `inactive_history` (`user_id`, `commission_balance`, `amount`, `date`) VALUES ('7ZQOFP', '20', '150', '2025-10-30 00:05:27');
INSERT INTO `inactive_point_history` (`user_id`, `point`, `date`) VALUES ('4Q2HUA', '0', '2025-10-30 00:05:27');
UPDATE `user_registration` SET `sub_point` = 0, `active_status` = 'no'
WHERE `user_id` = '4Q2HUA';
INSERT INTO `arreva_api_logs` (`user_id`, `email`, `endpoint`, `response`, `date`) VALUES ('4Q2HUA', 'yeniaesquijarrosa@gmail.com', 'deactivatemember', '\"Unable to find user matching email or contract number or otherid\"', '2025-10-30 00:05:27');
INSERT INTO `inactive_history` (`user_id`, `commission_balance`, `amount`, `date`) VALUES ('4Q2HUA', '0', '150', '2025-10-30 00:05:27');
INSERT INTO `inactive_point_history` (`user_id`, `point`, `date`) VALUES ('DLHC7V', '0', '2025-10-30 00:05:27');
UPDATE `user_registration` SET `sub_point` = 0, `active_status` = 'no'
WHERE `user_id` = 'DLHC7V';
INSERT INTO `arreva_api_logs` (`user_id`, `email`, `endpoint`, `response`, `date`) VALUES ('DLHC7V', 'bacarote54@gmail.com', 'deactivatemember', '\"Unable to find user matching email or contract number or otherid\"', '2025-10-30 00:05:28');
INSERT INTO `inactive_history` (`user_id`, `commission_balance`, `amount`, `date`) VALUES ('DLHC7V', '0', '150', '2025-10-30 00:05:28');
INSERT INTO `inactive_point_history` (`user_id`, `point`, `date`) VALUES ('QXETAG', '0', '2025-10-30 00:05:28');
UPDATE `user_registration` SET `sub_point` = 0, `active_status` = 'no'
WHERE `user_id` = 'QXETAG';
INSERT INTO `arreva_api_logs` (`user_id`, `email`, `endpoint`, `response`, `date`) VALUES ('QXETAG', 'amadorsonia67@icloud.com', 'deactivatemember', '\"Unable to find user matching email or contract number or otherid\"', '2025-10-30 00:05:28');
INSERT INTO `inactive_history` (`user_id`, `commission_balance`, `amount`, `date`) VALUES ('QXETAG', '0', '150', '2025-10-30 00:05:28');
INSERT INTO `inactive_point_history` (`user_id`, `point`, `date`) VALUES ('41V5DE', '0', '2025-10-30 00:05:28');
UPDATE `user_registration` SET `sub_point` = 0, `active_status` = 'no'
WHERE `user_id` = '41V5DE';
INSERT INTO `arreva_api_logs` (`user_id`, `email`, `endpoint`, `response`, `date`) VALUES ('41V5DE', 'yoansz79@gmail.com', 'deactivatemember', '\"Unable to find user matching email or contract number or otherid\"', '2025-10-30 00:05:28');
INSERT INTO `inactive_history` (`user_id`, `commission_balance`, `amount`, `date`) VALUES ('41V5DE', '0', '150', '2025-10-30 00:05:28');
INSERT INTO `inactive_point_history` (`user_id`, `point`, `date`) VALUES ('SX4SBY', '0', '2025-10-30 00:05:28');
UPDATE `user_registration` SET `sub_point` = 0, `active_status` = 'no'
WHERE `user_id` = 'SX4SBY';
INSERT INTO `arreva_api_logs` (`user_id`, `email`, `endpoint`, `response`, `date`) VALUES ('SX4SBY', 'enriquemasso42@gmail.com', 'deactivatemember', '\"Unable to find user matching email or contract number or otherid\"', '2025-10-30 00:05:28');
INSERT INTO `inactive_history` (`user_id`, `commission_balance`, `amount`, `date`) VALUES ('SX4SBY', '0', '150', '2025-10-30 00:05:28');
INSERT INTO `inactive_point_history` (`user_id`, `point`, `date`) VALUES ('5SGU6D', '0', '2025-10-30 00:05:28');
UPDATE `user_registration` SET `sub_point` = 0, `active_status` = 'no'
WHERE `user_id` = '5SGU6D';
INSERT INTO `arreva_api_logs` (`user_id`, `email`, `endpoint`, `response`, `date`) VALUES ('5SGU6D', 'sonitac1226@gmail.comp', 'deactivatemember', '\"Unable to find user matching email or contract number or otherid\"', '2025-10-30 00:05:29');
INSERT INTO `inactive_history` (`user_id`, `commission_balance`, `amount`, `date`) VALUES ('5SGU6D', '0', '150', '2025-10-30 00:05:29');
INSERT INTO `inactive_point_history` (`user_id`, `point`, `date`) VALUES ('L84ITK', '0', '2025-10-30 00:05:29');
UPDATE `user_registration` SET `sub_point` = 0, `active_status` = 'no'
WHERE `user_id` = 'L84ITK';
INSERT INTO `arreva_api_logs` (`user_id`, `email`, `endpoint`, `response`, `date`) VALUES ('L84ITK', 'nelson.hernandez62@hotmail.com', 'deactivatemember', '\"Unable to find user matching email or contract number or otherid\"', '2025-10-30 00:05:30');
INSERT INTO `inactive_history` (`user_id`, `commission_balance`, `amount`, `date`) VALUES ('L84ITK', '0', '150', '2025-10-30 00:05:30');
INSERT INTO `inactive_point_history` (`user_id`, `point`, `date`) VALUES ('6UFXJY', '0', '2025-10-30 00:05:30');
UPDATE `user_registration` SET `sub_point` = 0, `active_status` = 'no'
WHERE `user_id` = '6UFXJY';
INSERT INTO `arreva_api_logs` (`user_id`, `email`, `endpoint`, `response`, `date`) VALUES ('6UFXJY', 'belindaserbellon2013@gmail.com', 'deactivatemember', '\"Unable to find user matching email or contract number or otherid\"', '2025-10-30 00:05:30');
INSERT INTO `inactive_history` (`user_id`, `commission_balance`, `amount`, `date`) VALUES ('6UFXJY', '0', '150', '2025-10-30 00:05:30');
INSERT INTO `inactive_point_history` (`user_id`, `point`, `date`) VALUES ('6FI4ND', '0', '2025-10-30 00:05:30');
UPDATE `user_registration` SET `sub_point` = 0, `active_status` = 'no'
WHERE `user_id` = '6FI4ND';
INSERT INTO `arreva_api_logs` (`user_id`, `email`, `endpoint`, `response`, `date`) VALUES ('6FI4ND', 'deylonhernandez34@gmail.com', 'deactivatemember', '\"Unable to find user matching email or contract number or otherid\"', '2025-10-30 00:05:30');
INSERT INTO `inactive_history` (`user_id`, `commission_balance`, `amount`, `date`) VALUES ('6FI4ND', '0', '150', '2025-10-30 00:05:30');
INSERT INTO `inactive_point_history` (`user_id`, `point`, `date`) VALUES ('2HKNYD', '0', '2025-10-30 00:05:30');
UPDATE `user_registration` SET `sub_point` = 0, `active_status` = 'no'
WHERE `user_id` = '2HKNYD';
INSERT INTO `arreva_api_logs` (`user_id`, `email`, `endpoint`, `response`, `date`) VALUES ('2HKNYD', 'ripollarlene0@gmail.com', 'deactivatemember', 'true', '2025-10-30 00:05:31');
INSERT INTO `inactive_history` (`user_id`, `commission_balance`, `amount`, `date`) VALUES ('2HKNYD', '0', '150', '2025-10-30 00:05:31');
INSERT INTO `inactive_point_history` (`user_id`, `point`, `date`) VALUES ('55ASP4', '0', '2025-10-30 00:05:31');
UPDATE `user_registration` SET `sub_point` = 0, `active_status` = 'no'
WHERE `user_id` = '55ASP4';
INSERT INTO `arreva_api_logs` (`user_id`, `email`, `endpoint`, `response`, `date`) VALUES ('55ASP4', 'sbsfunding79@gmail.com', 'deactivatemember', '\"Unable to find user matching email or contract number or otherid\"', '2025-10-30 00:05:31');
INSERT INTO `inactive_history` (`user_id`, `commission_balance`, `amount`, `date`) VALUES ('55ASP4', '0', '150', '2025-10-30 00:05:31');
INSERT INTO `inactive_point_history` (`user_id`, `point`, `date`) VALUES ('P16KP7', '0', '2025-10-30 00:05:31');
UPDATE `user_registration` SET `sub_point` = 0, `active_status` = 'no'
WHERE `user_id` = 'P16KP7';
INSERT INTO `arreva_api_logs` (`user_id`, `email`, `endpoint`, `response`, `date`) VALUES ('P16KP7', 'breijocrespo@gmail.com', 'deactivatemember', '\"Unable to find user matching email or contract number or otherid\"', '2025-10-30 00:05:31');
INSERT INTO `inactive_history` (`user_id`, `commission_balance`, `amount`, `date`) VALUES ('P16KP7', '0', '150', '2025-10-30 00:05:31');
INSERT INTO `inactive_point_history` (`user_id`, `point`, `date`) VALUES ('7VETI8', '0', '2025-10-30 00:05:31');
UPDATE `user_registration` SET `sub_point` = 0, `active_status` = 'no'
WHERE `user_id` = '7VETI8';
INSERT INTO `arreva_api_logs` (`user_id`, `email`, `endpoint`, `response`, `date`) VALUES ('7VETI8', 'sotolongor+955@gmail.com', 'deactivatemember', '\"Unable to find user matching email or contract number or otherid\"', '2025-10-30 00:05:31');
INSERT INTO `inactive_history` (`user_id`, `commission_balance`, `amount`, `date`) VALUES ('7VETI8', '0', '150', '2025-10-30 00:05:31');
INSERT INTO `inactive_point_history` (`user_id`, `point`, `date`) VALUES ('EKTIVH', '0', '2025-10-30 00:05:31');
UPDATE `user_registration` SET `sub_point` = 0, `active_status` = 'no'
WHERE `user_id` = 'EKTIVH';
INSERT INTO `arreva_api_logs` (`user_id`, `email`, `endpoint`, `response`, `date`) VALUES ('EKTIVH', 'anniel.reyes@icloud.com', 'deactivatemember', '\"Unable to find user matching email or contract number or otherid\"', '2025-10-30 00:05:32');
INSERT INTO `inactive_history` (`user_id`, `commission_balance`, `amount`, `date`) VALUES ('EKTIVH', '0', '150', '2025-10-30 00:05:32');
INSERT INTO `inactive_point_history` (`user_id`, `point`, `date`) VALUES ('WAO86G', '0', '2025-10-30 00:05:32');
UPDATE `user_registration` SET `sub_point` = 0, `active_status` = 'no'
WHERE `user_id` = 'WAO86G';
INSERT INTO `arreva_api_logs` (`user_id`, `email`, `endpoint`, `response`, `date`) VALUES ('WAO86G', 'Albaperez2012@yahoo.com', 'deactivatemember', '\"Unable to find user matching email or contract number or otherid\"', '2025-10-30 00:05:32');
INSERT INTO `inactive_history` (`user_id`, `commission_balance`, `amount`, `date`) VALUES ('WAO86G', '0', '150', '2025-10-30 00:05:32');
INSERT INTO `inactive_point_history` (`user_id`, `point`, `date`) VALUES ('5YE99V', '0', '2025-10-30 00:05:32');
UPDATE `user_registration` SET `sub_point` = 0, `active_status` = 'no'
WHERE `user_id` = '5YE99V';
INSERT INTO `arreva_api_logs` (`user_id`, `email`, `endpoint`, `response`, `date`) VALUES ('5YE99V', 'esterperez75@yahoo.com', 'deactivatemember', '\"Unable to find user matching email or contract number or otherid\"', '2025-10-30 00:05:32');
INSERT INTO `inactive_history` (`user_id`, `commission_balance`, `amount`, `date`) VALUES ('5YE99V', '0', '50', '2025-10-30 00:05:32');
INSERT INTO `inactive_point_history` (`user_id`, `point`, `date`) VALUES ('XFX3US', '0', '2025-10-30 00:05:32');
UPDATE `user_registration` SET `sub_point` = 0, `active_status` = 'no'
WHERE `user_id` = 'XFX3US';
INSERT INTO `arreva_api_logs` (`user_id`, `email`, `endpoint`, `response`, `date`) VALUES ('XFX3US', 'vherreraaa16@gmail.com', 'deactivatemember', '\"Unable to find user matching email or contract number or otherid\"', '2025-10-30 00:05:32');
INSERT INTO `inactive_history` (`user_id`, `commission_balance`, `amount`, `date`) VALUES ('XFX3US', '0', '50', '2025-10-30 00:05:32');
INSERT INTO `inactive_point_history` (`user_id`, `point`, `date`) VALUES ('9I44XH', '0', '2025-10-30 00:05:32');
UPDATE `user_registration` SET `sub_point` = 0, `active_status` = 'no'
WHERE `user_id` = '9I44XH';
INSERT INTO `arreva_api_logs` (`user_id`, `email`, `endpoint`, `response`, `date`) VALUES ('9I44XH', 'taymigonzalez71@gmail.com', 'deactivatemember', 'true', '2025-10-30 00:05:33');
INSERT INTO `inactive_history` (`user_id`, `commission_balance`, `amount`, `date`) VALUES ('9I44XH', '37.5', '150', '2025-10-30 00:05:33');
INSERT INTO `inactive_point_history` (`user_id`, `point`, `date`) VALUES ('MRC89O', '0', '2025-10-30 00:05:33');
UPDATE `user_registration` SET `sub_point` = 0, `active_status` = 'no'
WHERE `user_id` = 'MRC89O';
INSERT INTO `arreva_api_logs` (`user_id`, `email`, `endpoint`, `response`, `date`) VALUES ('MRC89O', 'rosxcrz@gmail.com', 'deactivatemember', '\"Unable to find user matching email or contract number or otherid\"', '2025-10-30 00:05:33');
INSERT INTO `inactive_history` (`user_id`, `commission_balance`, `amount`, `date`) VALUES ('MRC89O', '50', '150', '2025-10-30 00:05:33');
INSERT INTO `inactive_point_history` (`user_id`, `point`, `date`) VALUES ('F8GQHM', '0', '2025-10-30 00:05:33');
UPDATE `user_registration` SET `sub_point` = 0, `active_status` = 'no'
WHERE `user_id` = 'F8GQHM';
INSERT INTO `arreva_api_logs` (`user_id`, `email`, `endpoint`, `response`, `date`) VALUES ('F8GQHM', 'carlosochoa1973@gmail.com', 'deactivatemember', '\"Unable to find user matching email or contract number or otherid\"', '2025-10-30 00:05:33');
INSERT INTO `inactive_history` (`user_id`, `commission_balance`, `amount`, `date`) VALUES ('F8GQHM', '0', '150', '2025-10-30 00:05:33');
INSERT INTO `inactive_point_history` (`user_id`, `point`, `date`) VALUES ('7R7D9E', '0', '2025-10-30 00:05:33');
UPDATE `user_registration` SET `sub_point` = 0, `active_status` = 'no'
WHERE `user_id` = '7R7D9E';
INSERT INTO `arreva_api_logs` (`user_id`, `email`, `endpoint`, `response`, `date`) VALUES ('7R7D9E', 'hjaa2711@gmail.com', 'deactivatemember', '\"Unable to find user matching email or contract number or otherid\"', '2025-10-30 00:05:34');
INSERT INTO `inactive_history` (`user_id`, `commission_balance`, `amount`, `date`) VALUES ('7R7D9E', '0', '150', '2025-10-30 00:05:34');
INSERT INTO `inactive_point_history` (`user_id`, `point`, `date`) VALUES ('FMXQ6T', '0', '2025-10-30 00:05:34');
UPDATE `user_registration` SET `sub_point` = 0, `active_status` = 'no'
WHERE `user_id` = 'FMXQ6T';
INSERT INTO `arreva_api_logs` (`user_id`, `email`, `endpoint`, `response`, `date`) VALUES ('FMXQ6T', 'yamisvaldes7@gmail.com', 'deactivatemember', '\"Unable to find user matching email or contract number or otherid\"', '2025-10-30 00:05:34');
INSERT INTO `inactive_history` (`user_id`, `commission_balance`, `amount`, `date`) VALUES ('FMXQ6T', '0', '150', '2025-10-30 00:05:34');
INSERT INTO `inactive_point_history` (`user_id`, `point`, `date`) VALUES ('BAR1UQ', '0', '2025-10-30 00:05:34');
UPDATE `user_registration` SET `sub_point` = 0, `active_status` = 'no'
WHERE `user_id` = 'BAR1UQ';
INSERT INTO `arreva_api_logs` (`user_id`, `email`, `endpoint`, `response`, `date`) VALUES ('BAR1UQ', 'alvarezperzabel1968@gmail.com', 'deactivatemember', '\"Unable to find user matching email or contract number or otherid\"', '2025-10-30 00:05:34');
INSERT INTO `inactive_history` (`user_id`, `commission_balance`, `amount`, `date`) VALUES ('BAR1UQ', '0', '150', '2025-10-30 00:05:34');
INSERT INTO `inactive_point_history` (`user_id`, `point`, `date`) VALUES ('6RCEKP', '0', '2025-10-30 00:05:34');
UPDATE `user_registration` SET `sub_point` = 0, `active_status` = 'no'
WHERE `user_id` = '6RCEKP';
INSERT INTO `arreva_api_logs` (`user_id`, `email`, `endpoint`, `response`, `date`) VALUES ('6RCEKP', 'felixarias171@gmail.com', 'deactivatemember', 'true', '2025-10-30 00:05:35');
INSERT INTO `inactive_history` (`user_id`, `commission_balance`, `amount`, `date`) VALUES ('6RCEKP', '0', '150', '2025-10-30 00:05:35');
INSERT INTO `inactive_point_history` (`user_id`, `point`, `date`) VALUES ('5J9Q6A', '0', '2025-10-30 00:05:35');
UPDATE `user_registration` SET `sub_point` = 0, `active_status` = 'no'
WHERE `user_id` = '5J9Q6A';
INSERT INTO `arreva_api_logs` (`user_id`, `email`, `endpoint`, `response`, `date`) VALUES ('5J9Q6A', 'reiderglz16@gmail.com', 'deactivatemember', '\"Unable to find user matching email or contract number or otherid\"', '2025-10-30 00:05:35');
INSERT INTO `inactive_history` (`user_id`, `commission_balance`, `amount`, `date`) VALUES ('5J9Q6A', '0', '150', '2025-10-30 00:05:35');
INSERT INTO `inactive_point_history` (`user_id`, `point`, `date`) VALUES ('RHLTER', '0', '2025-10-30 00:05:35');
UPDATE `user_registration` SET `sub_point` = 0, `active_status` = 'no'
WHERE `user_id` = 'RHLTER';
INSERT INTO `arreva_api_logs` (`user_id`, `email`, `endpoint`, `response`, `date`) VALUES ('RHLTER', 'leydisvaldes5@gmail.com', 'deactivatemember', '\"Unable to find user matching email or contract number or otherid\"', '2025-10-30 00:05:35');
INSERT INTO `inactive_history` (`user_id`, `commission_balance`, `amount`, `date`) VALUES ('RHLTER', '0', '150', '2025-10-30 00:05:35');
INSERT INTO `inactive_point_history` (`user_id`, `point`, `date`) VALUES ('FGI2FY', '0', '2025-10-30 00:05:35');
UPDATE `user_registration` SET `sub_point` = 0, `active_status` = 'no'
WHERE `user_id` = 'FGI2FY';
INSERT INTO `arreva_api_logs` (`user_id`, `email`, `endpoint`, `response`, `date`) VALUES ('FGI2FY', 'elizabethvicente25@yahoo.com', 'deactivatemember', '\"Unable to find user matching email or contract number or otherid\"', '2025-10-30 00:05:36');
INSERT INTO `inactive_history` (`user_id`, `commission_balance`, `amount`, `date`) VALUES ('FGI2FY', '0', '150', '2025-10-30 00:05:36');
INSERT INTO `inactive_point_history` (`user_id`, `point`, `date`) VALUES ('JLPXI6', '0', '2025-10-30 00:05:36');
UPDATE `user_registration` SET `sub_point` = 0, `active_status` = 'no'
WHERE `user_id` = 'JLPXI6';
INSERT INTO `arreva_api_logs` (`user_id`, `email`, `endpoint`, `response`, `date`) VALUES ('JLPXI6', 'mariaisabel74@live.com', 'deactivatemember', '\"Unable to find user matching email or contract number or otherid\"', '2025-10-30 00:05:36');
INSERT INTO `inactive_history` (`user_id`, `commission_balance`, `amount`, `date`) VALUES ('JLPXI6', '0', '150', '2025-10-30 00:05:36');
INSERT INTO `inactive_point_history` (`user_id`, `point`, `date`) VALUES ('1HT8BK', '0', '2025-10-30 00:05:36');
UPDATE `user_registration` SET `sub_point` = 0, `active_status` = 'no'
WHERE `user_id` = '1HT8BK';
INSERT INTO `arreva_api_logs` (`user_id`, `email`, `endpoint`, `response`, `date`) VALUES ('1HT8BK', 'astrid1246@gmail.com', 'deactivatemember', '\"Unable to find user matching email or contract number or otherid\"', '2025-10-30 00:05:36');
INSERT INTO `inactive_history` (`user_id`, `commission_balance`, `amount`, `date`) VALUES ('1HT8BK', '0', '150', '2025-10-30 00:05:36');
INSERT INTO `inactive_point_history` (`user_id`, `point`, `date`) VALUES ('YFRSTE', '0', '2025-10-30 00:05:36');
UPDATE `user_registration` SET `sub_point` = 0, `active_status` = 'no'
WHERE `user_id` = 'YFRSTE';
INSERT INTO `arreva_api_logs` (`user_id`, `email`, `endpoint`, `response`, `date`) VALUES ('YFRSTE', 'jimenez781108@gmail.com', 'deactivatemember', '\"Unable to find user matching email or contract number or otherid\"', '2025-10-30 00:05:36');
INSERT INTO `inactive_history` (`user_id`, `commission_balance`, `amount`, `date`) VALUES ('YFRSTE', '0', '150', '2025-10-30 00:05:36');
INSERT INTO `inactive_point_history` (`user_id`, `point`, `date`) VALUES ('G53DXI', '0', '2025-10-30 00:05:36');
UPDATE `user_registration` SET `sub_point` = 0, `active_status` = 'no'
WHERE `user_id` = 'G53DXI';
INSERT INTO `arreva_api_logs` (`user_id`, `email`, `endpoint`, `response`, `date`) VALUES ('G53DXI', 'hernandezasnialis@gmail.com', 'deactivatemember', '\"Unable to find user matching email or contract number or otherid\"', '2025-10-30 00:05:37');
INSERT INTO `inactive_history` (`user_id`, `commission_balance`, `amount`, `date`) VALUES ('G53DXI', '0', '50', '2025-10-30 00:05:37');
INSERT INTO `inactive_point_history` (`user_id`, `point`, `date`) VALUES ('1KMQ3V', '0', '2025-10-30 00:05:37');
UPDATE `user_registration` SET `sub_point` = 0, `active_status` = 'no'
WHERE `user_id` = '1KMQ3V';
INSERT INTO `arreva_api_logs` (`user_id`, `email`, `endpoint`, `response`, `date`) VALUES ('1KMQ3V', 'adrianlimapadron@gmail.com', 'deactivatemember', '\"Unable to find user matching email or contract number or otherid\"', '2025-10-30 00:05:37');
INSERT INTO `inactive_history` (`user_id`, `commission_balance`, `amount`, `date`) VALUES ('1KMQ3V', '100', '150', '2025-10-30 00:05:37');
INSERT INTO `inactive_point_history` (`user_id`, `point`, `date`) VALUES ('ZVZUJ1', '0', '2025-10-30 00:05:37');
UPDATE `user_registration` SET `sub_point` = 0, `active_status` = 'no'
WHERE `user_id` = 'ZVZUJ1';
INSERT INTO `arreva_api_logs` (`user_id`, `email`, `endpoint`, `response`, `date`) VALUES ('ZVZUJ1', 'acielpollo@gmail.com', 'deactivatemember', '\"Unable to find user matching email or contract number or otherid\"', '2025-10-30 00:05:37');
INSERT INTO `inactive_history` (`user_id`, `commission_balance`, `amount`, `date`) VALUES ('ZVZUJ1', '0', '150', '2025-10-30 00:05:37');
INSERT INTO `inactive_point_history` (`user_id`, `point`, `date`) VALUES ('SAMPQX', '0', '2025-10-30 00:05:37');
UPDATE `user_registration` SET `sub_point` = 0, `active_status` = 'no'
WHERE `user_id` = 'SAMPQX';
INSERT INTO `arreva_api_logs` (`user_id`, `email`, `endpoint`, `response`, `date`) VALUES ('SAMPQX', 'inamsay80@gmail.com', 'deactivatemember', '\"Unable to find user matching email or contract number or otherid\"', '2025-10-30 00:05:37');
INSERT INTO `inactive_history` (`user_id`, `commission_balance`, `amount`, `date`) VALUES ('SAMPQX', '0', '150', '2025-10-30 00:05:37');
INSERT INTO `inactive_point_history` (`user_id`, `point`, `date`) VALUES ('F3SYYS', '0', '2025-10-30 00:05:37');
UPDATE `user_registration` SET `sub_point` = 0, `active_status` = 'no'
WHERE `user_id` = 'F3SYYS';
INSERT INTO `arreva_api_logs` (`user_id`, `email`, `endpoint`, `response`, `date`) VALUES ('F3SYYS', 'eideneilen2128@yahoo.com', 'deactivatemember', '\"Unable to find user matching email or contract number or otherid\"', '2025-10-30 00:05:38');
INSERT INTO `inactive_history` (`user_id`, `commission_balance`, `amount`, `date`) VALUES ('F3SYYS', '0', '150', '2025-10-30 00:05:38');
UPDATE `user_registration` SET commission_balance = ROUND(commission_balance - 150,2)
WHERE `user_id` = 'RKMICU';
INSERT INTO `sub_history` (`user_id`, `package_id`, `amount`, `payment_method`, `date`) VALUES ('RKMICU', '2', '150', 'Ewallet', '2025-10-30 00:05:38');
UPDATE `user_registration` SET sub_point = ROUND(sub_point + 150,2)
WHERE `user_id` = 'RKMICU';
INSERT INTO `investment` (`invest_date`, `user_id`, `type`, `amount`, `package_id`) VALUES ('2025-10-30 00:05:38', 'RKMICU', 'subscription', '150', '2');
UPDATE `user_registration` SET total_points = ROUND(total_points + 150,2)
WHERE `user_id` = 'RKMICU';
INSERT INTO `points_history` (`user_id`, `points`, `type`, `date`) VALUES ('RKMICU', '150', 'subscription', '2025-10-30 00:05:');
UPDATE `bv_updation` SET left_carry = left_carry+150, total_left = total_left+150
WHERE `user_id` = '1HT8BK';
INSERT INTO `placement_bv_update_history` (`left_carry`, `date`, `from_id`, `user_id`) VALUES ('150', '2025-10-30 00:05:38', 'RKMICU', '1HT8BK');
UPDATE `bv_updation` SET left_carry = left_carry+150, total_left = total_left+150
WHERE `user_id` = 'VPMCC5';
INSERT INTO `placement_bv_update_history` (`left_carry`, `date`, `from_id`, `user_id`) VALUES ('150', '2025-10-30 00:05:38', 'RKMICU', 'VPMCC5');
UPDATE `user_registration` SET `cycle_rank_id` = '1'
WHERE `user_id` = 'VPMCC5';
INSERT INTO `rank_history` (`rank_id`, `user_id`, `name`, `bv`, `date`, `amount`, `type`) VALUES ('1', 'VPMCC5', 'Affiliate', '0', '2025-10-30 00:05:38', '0', 'auto');
UPDATE `bv_updation` SET left_carry = left_carry+150, total_left = total_left+150
WHERE `user_id` = '5XIPYS';
INSERT INTO `placement_bv_update_history` (`left_carry`, `date`, `from_id`, `user_id`) VALUES ('150', '2025-10-30 00:05:38', 'RKMICU', '5XIPYS');
UPDATE `bv_updation` SET left_carry = left_carry+150, total_left = total_left+150
WHERE `user_id` = '1MHVTB';
INSERT INTO `placement_bv_update_history` (`left_carry`, `date`, `from_id`, `user_id`) VALUES ('150', '2025-10-30 00:05:38', 'RKMICU', '1MHVTB');
UPDATE `bv_updation` SET left_carry = left_carry+150, total_left = total_left+150
WHERE `user_id` = '4WVWXZ';
INSERT INTO `placement_bv_update_history` (`left_carry`, `date`, `from_id`, `user_id`) VALUES ('150', '2025-10-30 00:05:38', 'RKMICU', '4WVWXZ');
UPDATE `user_registration` SET `cycle_rank_id` = '1'
WHERE `user_id` = '4WVWXZ';
INSERT INTO `rank_history` (`rank_id`, `user_id`, `name`, `bv`, `date`, `amount`, `type`) VALUES ('1', '4WVWXZ', 'Affiliate', '0', '2025-10-30 00:05:38', '0', 'auto');
UPDATE `bv_updation` SET left_carry = left_carry+150, total_left = total_left+150
WHERE `user_id` = 'GTPJAP';
INSERT INTO `placement_bv_update_history` (`left_carry`, `date`, `from_id`, `user_id`) VALUES ('150', '2025-10-30 00:05:38', 'RKMICU', 'GTPJAP');
UPDATE `bv_updation` SET left_carry = left_carry+150, total_left = total_left+150
WHERE `user_id` = '4VE7D1';
INSERT INTO `placement_bv_update_history` (`left_carry`, `date`, `from_id`, `user_id`) VALUES ('150', '2025-10-30 00:05:38', 'RKMICU', '4VE7D1');
UPDATE `user_registration` SET `cycle_rank_id` = '1'
WHERE `user_id` = '4VE7D1';
INSERT INTO `rank_history` (`rank_id`, `user_id`, `name`, `bv`, `date`, `amount`, `type`) VALUES ('1', '4VE7D1', 'Affiliate', '0', '2025-10-30 00:05:38', '0', 'auto');
UPDATE `bv_updation` SET left_carry = left_carry+150, total_left = total_left+150
WHERE `user_id` = '2KPJZJ';
INSERT INTO `placement_bv_update_history` (`left_carry`, `date`, `from_id`, `user_id`) VALUES ('150', '2025-10-30 00:05:38', 'RKMICU', '2KPJZJ');
UPDATE `bv_updation` SET left_carry = left_carry+150, total_left = total_left+150
WHERE `user_id` = 'B5EVHD';
INSERT INTO `placement_bv_update_history` (`left_carry`, `date`, `from_id`, `user_id`) VALUES ('150', '2025-10-30 00:05:38', 'RKMICU', 'B5EVHD');
UPDATE `user_registration` SET `cycle_rank_id` = '1'
WHERE `user_id` = 'B5EVHD';
INSERT INTO `rank_history` (`rank_id`, `user_id`, `name`, `bv`, `date`, `amount`, `type`) VALUES ('1', 'B5EVHD', 'Affiliate', '0', '2025-10-30 00:05:38', '0', 'auto');
UPDATE `bv_updation` SET left_carry = left_carry+150, total_left = total_left+150
WHERE `user_id` = 'AQJLZA';
INSERT INTO `placement_bv_update_history` (`left_carry`, `date`, `from_id`, `user_id`) VALUES ('150', '2025-10-30 00:05:38', 'RKMICU', 'AQJLZA');
UPDATE `bv_updation` SET left_carry = left_carry+150, total_left = total_left+150
WHERE `user_id` = '2V26XM';
INSERT INTO `placement_bv_update_history` (`left_carry`, `date`, `from_id`, `user_id`) VALUES ('150', '2025-10-30 00:05:38', 'RKMICU', '2V26XM');
UPDATE `bv_updation` SET left_carry = left_carry+150, total_left = total_left+150
WHERE `user_id` = 'K8DXP2';
INSERT INTO `placement_bv_update_history` (`left_carry`, `date`, `from_id`, `user_id`) VALUES ('150', '2025-10-30 00:05:38', 'RKMICU', 'K8DXP2');
UPDATE `bv_updation` SET left_carry = left_carry+150, total_left = total_left+150
WHERE `user_id` = 'HP6YP2';
INSERT INTO `placement_bv_update_history` (`left_carry`, `date`, `from_id`, `user_id`) VALUES ('150', '2025-10-30 00:05:38', 'RKMICU', 'HP6YP2');
UPDATE `user_registration` SET `cycle_rank_id` = '1'
WHERE `user_id` = 'HP6YP2';
INSERT INTO `rank_history` (`rank_id`, `user_id`, `name`, `bv`, `date`, `amount`, `type`) VALUES ('1', 'HP6YP2', 'Affiliate', '0', '2025-10-30 00:05:38', '0', 'auto');
UPDATE `bv_updation` SET left_carry = left_carry+150, total_left = total_left+150
WHERE `user_id` = 'L8NRSC';
INSERT INTO `placement_bv_update_history` (`left_carry`, `date`, `from_id`, `user_id`) VALUES ('150', '2025-10-30 00:05:38', 'RKMICU', 'L8NRSC');
UPDATE `user_registration` SET `cycle_rank_id` = '1'
WHERE `user_id` = 'L8NRSC';
INSERT INTO `rank_history` (`rank_id`, `user_id`, `name`, `bv`, `date`, `amount`, `type`) VALUES ('1', 'L8NRSC', 'Affiliate', '0', '2025-10-30 00:05:38', '0', 'auto');
UPDATE `bv_updation` SET left_carry = left_carry+150, total_left = total_left+150
WHERE `user_id` = 'JHRDHS';
INSERT INTO `placement_bv_update_history` (`left_carry`, `date`, `from_id`, `user_id`) VALUES ('150', '2025-10-30 00:05:38', 'RKMICU', 'JHRDHS');
UPDATE `user_registration` SET `cycle_rank_id` = '3'
WHERE `user_id` = 'JHRDHS';
INSERT INTO `rank_history` (`rank_id`, `user_id`, `name`, `bv`, `date`, `amount`, `type`) VALUES ('3', 'JHRDHS', 'Consultant', '3750', '2025-10-30 00:05:38', '200', 'auto');
UPDATE `bv_updation` SET sponsor_left_carry = sponsor_left_carry+150, sponsor_total_left = sponsor_total_left+150
WHERE `user_id` = 'JHRDHS';
INSERT INTO `sponsor_bv_update_history` (`left_carry`, `date`, `user_id`) VALUES ('150', '2025-10-30 00:05:38', 'JHRDHS');
UPDATE `bv_updation` SET right_carry = right_carry+150, total_right = total_right+150
WHERE `user_id` = 'CVVK4C';
INSERT INTO `placement_bv_update_history` (`right_carry`, `date`, `from_id`, `user_id`) VALUES ('150', '2025-10-30 00:05:38', 'RKMICU', 'CVVK4C');
UPDATE `user_registration` SET `cycle_rank_id` = '1'
WHERE `user_id` = 'CVVK4C';
INSERT INTO `rank_history` (`rank_id`, `user_id`, `name`, `bv`, `date`, `amount`, `type`) VALUES ('1', 'CVVK4C', 'Affiliate', '0', '2025-10-30 00:05:38', '0', 'auto');
UPDATE `bv_updation` SET left_carry = left_carry+150, total_left = total_left+150
WHERE `user_id` = 'K55EDD';
INSERT INTO `placement_bv_update_history` (`left_carry`, `date`, `from_id`, `user_id`) VALUES ('150', '2025-10-30 00:05:38', 'RKMICU', 'K55EDD');
UPDATE `user_registration` SET `cycle_rank_id` = '1'
WHERE `user_id` = 'K55EDD';
INSERT INTO `rank_history` (`rank_id`, `user_id`, `name`, `bv`, `date`, `amount`, `type`) VALUES ('1', 'K55EDD', 'Affiliate', '0', '2025-10-30 00:05:38', '0', 'auto');
UPDATE `bv_updation` SET left_carry = left_carry+150, total_left = total_left+150
WHERE `user_id` = 'UQO7EQ';
INSERT INTO `placement_bv_update_history` (`left_carry`, `date`, `from_id`, `user_id`) VALUES ('150', '2025-10-30 00:05:38', 'RKMICU', 'UQO7EQ');
UPDATE `user_registration` SET `cycle_rank_id` = '1'
WHERE `user_id` = 'UQO7EQ';
INSERT INTO `rank_history` (`rank_id`, `user_id`, `name`, `bv`, `date`, `amount`, `type`) VALUES ('1', 'UQO7EQ', 'Affiliate', '0', '2025-10-30 00:05:38', '0', 'auto');
UPDATE `bv_updation` SET left_carry = left_carry+150, total_left = total_left+150
WHERE `user_id` = 'N6GZAE';
INSERT INTO `placement_bv_update_history` (`left_carry`, `date`, `from_id`, `user_id`) VALUES ('150', '2025-10-30 00:05:38', 'RKMICU', 'N6GZAE');
UPDATE `user_registration` SET `cycle_rank_id` = '1'
WHERE `user_id` = 'N6GZAE';
INSERT INTO `rank_history` (`rank_id`, `user_id`, `name`, `bv`, `date`, `amount`, `type`) VALUES ('1', 'N6GZAE', 'Affiliate', '0', '2025-10-30 00:05:38', '0', 'auto');
UPDATE `bv_updation` SET left_carry = left_carry+150, total_left = total_left+150
WHERE `user_id` = '4E1CRI';
INSERT INTO `placement_bv_update_history` (`left_carry`, `date`, `from_id`, `user_id`) VALUES ('150', '2025-10-30 00:05:38', 'RKMICU', '4E1CRI');
UPDATE `bv_updation` SET left_carry = left_carry+150, total_left = total_left+150
WHERE `user_id` = 'SJBNYJ';
INSERT INTO `placement_bv_update_history` (`left_carry`, `date`, `from_id`, `user_id`) VALUES ('150', '2025-10-30 00:05:38', 'RKMICU', 'SJBNYJ');
UPDATE `user_registration` SET `cycle_rank_id` = '1'
WHERE `user_id` = 'SJBNYJ';
INSERT INTO `rank_history` (`rank_id`, `user_id`, `name`, `bv`, `date`, `amount`, `type`) VALUES ('1', 'SJBNYJ', 'Affiliate', '0', '2025-10-30 00:05:38', '0', 'auto');
UPDATE `bv_updation` SET left_carry = left_carry+150, total_left = total_left+150
WHERE `user_id` = '44B9Y4';
INSERT INTO `placement_bv_update_history` (`left_carry`, `date`, `from_id`, `user_id`) VALUES ('150', '2025-10-30 00:05:38', 'RKMICU', '44B9Y4');
UPDATE `user_registration` SET `cycle_rank_id` = '1'
WHERE `user_id` = '44B9Y4';
INSERT INTO `rank_history` (`rank_id`, `user_id`, `name`, `bv`, `date`, `amount`, `type`) VALUES ('1', '44B9Y4', 'Affiliate', '0', '2025-10-30 00:05:38', '0', 'auto');
UPDATE `bv_updation` SET right_carry = right_carry+150, total_right = total_right+150
WHERE `user_id` = 'admin';
INSERT INTO `placement_bv_update_history` (`right_carry`, `date`, `from_id`, `user_id`) VALUES ('150', '2025-10-30 00:05:38', 'RKMICU', 'admin');
UPDATE `user_registration` SET `cycle_rank_id` = '1'
WHERE `user_id` = 'admin';
INSERT INTO `rank_history` (`rank_id`, `user_id`, `name`, `bv`, `date`, `amount`, `type`) VALUES ('1', 'admin', 'Affiliate', '0', '2025-10-30 00:05:38', '0', 'auto');
UPDATE `user_registration` SET `subscription_date` = '2025-11-28', `active_status` = 'yes', `reminder_sent` = 'no'
WHERE `user_id` = 'RKMICU';
INSERT INTO `arreva_api_logs` (`user_id`, `email`, `endpoint`, `response`, `date`) VALUES ('RKMICU', 'madileinysoler35@gmail.com', 'activatemember', '\"Unable to find user matching email or contract number or otherid\"', '2025-10-30 00:05:38');
INSERT INTO `inactive_point_history` (`user_id`, `point`, `date`) VALUES ('23UJOB', '0', '2025-10-30 00:05:38');
UPDATE `user_registration` SET `sub_point` = 0, `active_status` = 'no'
WHERE `user_id` = '23UJOB';
INSERT INTO `arreva_api_logs` (`user_id`, `email`, `endpoint`, `response`, `date`) VALUES ('23UJOB', 'alfreddgdo@gmail.com', 'deactivatemember', '\"Unable to find user matching email or contract number or otherid\"', '2025-10-30 00:05:38');
INSERT INTO `inactive_history` (`user_id`, `commission_balance`, `amount`, `date`) VALUES ('23UJOB', '0', '150', '2025-10-30 00:05:38');
INSERT INTO `inactive_point_history` (`user_id`, `point`, `date`) VALUES ('NB7P18', '0', '2025-10-30 00:05:38');
UPDATE `user_registration` SET `sub_point` = 0, `active_status` = 'no'
WHERE `user_id` = 'NB7P18';
INSERT INTO `arreva_api_logs` (`user_id`, `email`, `endpoint`, `response`, `date`) VALUES ('NB7P18', 'santoslayra796@gmail.com', 'deactivatemember', '\"Unable to find user matching email or contract number or otherid\"', '2025-10-30 00:05:39');
INSERT INTO `inactive_history` (`user_id`, `commission_balance`, `amount`, `date`) VALUES ('NB7P18', '0', '150', '2025-10-30 00:05:39');
INSERT INTO `inactive_point_history` (`user_id`, `point`, `date`) VALUES ('7A2JD7', '0', '2025-10-30 00:05:39');
UPDATE `user_registration` SET `sub_point` = 0, `active_status` = 'no'
WHERE `user_id` = '7A2JD7';
INSERT INTO `arreva_api_logs` (`user_id`, `email`, `endpoint`, `response`, `date`) VALUES ('7A2JD7', 'aztiral_26love@yahoo.com', 'deactivatemember', '\"Unable to find user matching email or contract number or otherid\"', '2025-10-30 00:05:39');
INSERT INTO `inactive_history` (`user_id`, `commission_balance`, `amount`, `date`) VALUES ('7A2JD7', '0', '150', '2025-10-30 00:05:39');
INSERT INTO `inactive_point_history` (`user_id`, `point`, `date`) VALUES ('9VPMSG', '0', '2025-10-30 00:05:39');
UPDATE `user_registration` SET `sub_point` = 0, `active_status` = 'no'
WHERE `user_id` = '9VPMSG';
INSERT INTO `arreva_api_logs` (`user_id`, `email`, `endpoint`, `response`, `date`) VALUES ('9VPMSG', 'Jinglyguerravigo2015@gmail.com', 'deactivatemember', '\"Unable to find user matching email or contract number or otherid\"', '2025-10-30 00:05:39');
INSERT INTO `inactive_history` (`user_id`, `commission_balance`, `amount`, `date`) VALUES ('9VPMSG', '0', '150', '2025-10-30 00:05:39');
INSERT INTO `inactive_point_history` (`user_id`, `point`, `date`) VALUES ('J385D5', '0', '2025-10-30 00:05:39');
UPDATE `user_registration` SET `sub_point` = 0, `active_status` = 'no'
WHERE `user_id` = 'J385D5';
INSERT INTO `arreva_api_logs` (`user_id`, `email`, `endpoint`, `response`, `date`) VALUES ('J385D5', 'yohandymartinez@yahoo.com', 'deactivatemember', '\"Unable to find user matching email or contract number or otherid\"', '2025-10-30 00:05:39');
INSERT INTO `inactive_history` (`user_id`, `commission_balance`, `amount`, `date`) VALUES ('J385D5', '0', '150', '2025-10-30 00:05:39');
INSERT INTO `inactive_point_history` (`user_id`, `point`, `date`) VALUES ('GPPR8G', '0', '2025-10-30 00:05:39');
UPDATE `user_registration` SET `sub_point` = 0, `active_status` = 'no'
WHERE `user_id` = 'GPPR8G';
INSERT INTO `arreva_api_logs` (`user_id`, `email`, `endpoint`, `response`, `date`) VALUES ('GPPR8G', 'neftalidela7@gmail.com', 'deactivatemember', 'true', '2025-10-30 00:05:40');
INSERT INTO `inactive_history` (`user_id`, `commission_balance`, `amount`, `date`) VALUES ('GPPR8G', '20', '150', '2025-10-30 00:05:40');
INSERT INTO `inactive_point_history` (`user_id`, `point`, `date`) VALUES ('AM2FR1', '0', '2025-10-30 00:05:40');
UPDATE `user_registration` SET `sub_point` = 0, `active_status` = 'no'
WHERE `user_id` = 'AM2FR1';
INSERT INTO `arreva_api_logs` (`user_id`, `email`, `endpoint`, `response`, `date`) VALUES ('AM2FR1', 'eldacrespo71@yahoo.com', 'deactivatemember', '\"Unable to find user matching email or contract number or otherid\"', '2025-10-30 00:05:40');
INSERT INTO `inactive_history` (`user_id`, `commission_balance`, `amount`, `date`) VALUES ('AM2FR1', '0', '150', '2025-10-30 00:05:40');
INSERT INTO `inactive_point_history` (`user_id`, `point`, `date`) VALUES ('YRYHV2', '0', '2025-10-30 00:05:40');
UPDATE `user_registration` SET `sub_point` = 0, `active_status` = 'no'
WHERE `user_id` = 'YRYHV2';
INSERT INTO `arreva_api_logs` (`user_id`, `email`, `endpoint`, `response`, `date`) VALUES ('YRYHV2', 'aaguila46@yahoo.com', 'deactivatemember', '\"Unable to find user matching email or contract number or otherid\"', '2025-10-30 00:05:40');
INSERT INTO `inactive_history` (`user_id`, `commission_balance`, `amount`, `date`) VALUES ('YRYHV2', '0', '150', '2025-10-30 00:05:40');
INSERT INTO `inactive_point_history` (`user_id`, `point`, `date`) VALUES ('7GDBOU', '0', '2025-10-30 00:05:40');
UPDATE `user_registration` SET `sub_point` = 0, `active_status` = 'no'
WHERE `user_id` = '7GDBOU';
INSERT INTO `arreva_api_logs` (`user_id`, `email`, `endpoint`, `response`, `date`) VALUES ('7GDBOU', 'avalosnarciso@icloud.com', 'deactivatemember', 'true', '2025-10-30 00:05:41');
INSERT INTO `inactive_history` (`user_id`, `commission_balance`, `amount`, `date`) VALUES ('7GDBOU', '100', '150', '2025-10-30 00:05:41');
INSERT INTO `inactive_point_history` (`user_id`, `point`, `date`) VALUES ('BV2MNJ', '0', '2025-10-30 00:05:41');
UPDATE `user_registration` SET `sub_point` = 0, `active_status` = 'no'
WHERE `user_id` = 'BV2MNJ';
INSERT INTO `arreva_api_logs` (`user_id`, `email`, `endpoint`, `response`, `date`) VALUES ('BV2MNJ', 'frankavalos1973@yahoo.com', 'deactivatemember', 'true', '2025-10-30 00:05:41');
INSERT INTO `inactive_history` (`user_id`, `commission_balance`, `amount`, `date`) VALUES ('BV2MNJ', '70', '150', '2025-10-30 00:05:41');
INSERT INTO `inactive_point_history` (`user_id`, `point`, `date`) VALUES ('CM4JLT', '0', '2025-10-30 00:05:41');
UPDATE `user_registration` SET `sub_point` = 0, `active_status` = 'no'
WHERE `user_id` = 'CM4JLT';
INSERT INTO `arreva_api_logs` (`user_id`, `email`, `endpoint`, `response`, `date`) VALUES ('CM4JLT', 'ramirezloren1962@gmail.com', 'deactivatemember', '\"Unable to find user matching email or contract number or otherid\"', '2025-10-30 00:05:41');
INSERT INTO `inactive_history` (`user_id`, `commission_balance`, `amount`, `date`) VALUES ('CM4JLT', '62.5', '150', '2025-10-30 00:05:41');
INSERT INTO `inactive_point_history` (`user_id`, `point`, `date`) VALUES ('R18IYC', '0', '2025-10-30 00:05:41');
UPDATE `user_registration` SET `sub_point` = 0, `active_status` = 'no'
WHERE `user_id` = 'R18IYC';
INSERT INTO `arreva_api_logs` (`user_id`, `email`, `endpoint`, `response`, `date`) VALUES ('R18IYC', 'cachirulo63@gmail.com', 'deactivatemember', '\"Unable to find user matching email or contract number or otherid\"', '2025-10-30 00:05:42');
INSERT INTO `inactive_history` (`user_id`, `commission_balance`, `amount`, `date`) VALUES ('R18IYC', '0', '150', '2025-10-30 00:05:42');
INSERT INTO `inactive_point_history` (`user_id`, `point`, `date`) VALUES ('ERQYYW', '0', '2025-10-30 00:05:42');
UPDATE `user_registration` SET `sub_point` = 0, `active_status` = 'no'
WHERE `user_id` = 'ERQYYW';
INSERT INTO `arreva_api_logs` (`user_id`, `email`, `endpoint`, `response`, `date`) VALUES ('ERQYYW', 'luvcelia@yahoo.com', 'deactivatemember', '\"Unable to find user matching email or contract number or otherid\"', '2025-10-30 00:05:42');
INSERT INTO `inactive_history` (`user_id`, `commission_balance`, `amount`, `date`) VALUES ('ERQYYW', '0', '50', '2025-10-30 00:05:42');
INSERT INTO `inactive_point_history` (`user_id`, `point`, `date`) VALUES ('WYBCPQ', '0', '2025-10-30 00:05:42');
UPDATE `user_registration` SET `sub_point` = 0, `active_status` = 'no'
WHERE `user_id` = 'WYBCPQ';
INSERT INTO `arreva_api_logs` (`user_id`, `email`, `endpoint`, `response`, `date`) VALUES ('WYBCPQ', 'caryalvarez19621@outlook.com', 'deactivatemember', '\"Unable to find user matching email or contract number or otherid\"', '2025-10-30 00:05:42');
INSERT INTO `inactive_history` (`user_id`, `commission_balance`, `amount`, `date`) VALUES ('WYBCPQ', '100', '150', '2025-10-30 00:05:42');
INSERT INTO `inactive_point_history` (`user_id`, `point`, `date`) VALUES ('55IB4V', '0', '2025-10-30 00:05:42');
UPDATE `user_registration` SET `sub_point` = 0, `active_status` = 'no'
WHERE `user_id` = '55IB4V';
INSERT INTO `arreva_api_logs` (`user_id`, `email`, `endpoint`, `response`, `date`) VALUES ('55IB4V', 'delacruzrafael.890925@yahoo.com', 'deactivatemember', '\"Unable to find user matching email or contract number or otherid\"', '2025-10-30 00:05:42');
INSERT INTO `inactive_history` (`user_id`, `commission_balance`, `amount`, `date`) VALUES ('55IB4V', '0', '50', '2025-10-30 00:05:42');
INSERT INTO `inactive_point_history` (`user_id`, `point`, `date`) VALUES ('XEINAA', '0', '2025-10-30 00:05:42');
UPDATE `user_registration` SET `sub_point` = 0, `active_status` = 'no'
WHERE `user_id` = 'XEINAA';
INSERT INTO `arreva_api_logs` (`user_id`, `email`, `endpoint`, `response`, `date`) VALUES ('XEINAA', 'sofi.ibarzabal15@gmail.com', 'deactivatemember', '\"Unable to find user matching email or contract number or otherid\"', '2025-10-30 00:05:43');
INSERT INTO `inactive_history` (`user_id`, `commission_balance`, `amount`, `date`) VALUES ('XEINAA', '0', '50', '2025-10-30 00:05:43');
INSERT INTO `inactive_point_history` (`user_id`, `point`, `date`) VALUES ('5UADRJ', '0', '2025-10-30 00:05:43');
UPDATE `user_registration` SET `sub_point` = 0, `active_status` = 'no'
WHERE `user_id` = '5UADRJ';
INSERT INTO `arreva_api_logs` (`user_id`, `email`, `endpoint`, `response`, `date`) VALUES ('5UADRJ', 'caryalvarez1962@yahoo.com', 'deactivatemember', '\"Unable to find user matching email or contract number or otherid\"', '2025-10-30 00:05:43');
INSERT INTO `inactive_history` (`user_id`, `commission_balance`, `amount`, `date`) VALUES ('5UADRJ', '125', '150', '2025-10-30 00:05:43');
INSERT INTO `inactive_point_history` (`user_id`, `point`, `date`) VALUES ('HP51N7', '0', '2025-10-30 00:05:43');
UPDATE `user_registration` SET `sub_point` = 0, `active_status` = 'no'
WHERE `user_id` = 'HP51N7';
INSERT INTO `arreva_api_logs` (`user_id`, `email`, `endpoint`, `response`, `date`) VALUES ('HP51N7', 'avalossandro5@gmail.com', 'deactivatemember', '\"Unable to find user matching email or contract number or otherid\"', '2025-10-30 00:05:43');
INSERT INTO `inactive_history` (`user_id`, `commission_balance`, `amount`, `date`) VALUES ('HP51N7', '0', '150', '2025-10-30 00:05:43');
INSERT INTO `inactive_point_history` (`user_id`, `point`, `date`) VALUES ('JIYOH4', '0', '2025-10-30 00:05:43');
UPDATE `user_registration` SET `sub_point` = 0, `active_status` = 'no'
WHERE `user_id` = 'JIYOH4';
INSERT INTO `arreva_api_logs` (`user_id`, `email`, `endpoint`, `response`, `date`) VALUES ('JIYOH4', 'ikabemi70@gmail.com', 'deactivatemember', '\"Unable to find user matching email or contract number or otherid\"', '2025-10-30 00:05:44');
INSERT INTO `inactive_history` (`user_id`, `commission_balance`, `amount`, `date`) VALUES ('JIYOH4', '0', '150', '2025-10-30 00:05:44');
INSERT INTO `inactive_point_history` (`user_id`, `point`, `date`) VALUES ('AO42V8', '0', '2025-10-30 00:05:44');
UPDATE `user_registration` SET `sub_point` = 0, `active_status` = 'no'
WHERE `user_id` = 'AO42V8';
INSERT INTO `arreva_api_logs` (`user_id`, `email`, `endpoint`, `response`, `date`) VALUES ('AO42V8', 'at71164@gmail.com', 'deactivatemember', '\"Unable to find user matching email or contract number or otherid\"', '2025-10-30 00:05:44');
INSERT INTO `inactive_history` (`user_id`, `commission_balance`, `amount`, `date`) VALUES ('AO42V8', '0', '150', '2025-10-30 00:05:44');
INSERT INTO `inactive_point_history` (`user_id`, `point`, `date`) VALUES ('OI3UR6', '0', '2025-10-30 00:05:44');
UPDATE `user_registration` SET `sub_point` = 0, `active_status` = 'no'
WHERE `user_id` = 'OI3UR6';
INSERT INTO `arreva_api_logs` (`user_id`, `email`, `endpoint`, `response`, `date`) VALUES ('OI3UR6', 'marilin214@yahoo.com', 'deactivatemember', '\"Unable to find user matching email or contract number or otherid\"', '2025-10-30 00:05:44');
INSERT INTO `inactive_history` (`user_id`, `commission_balance`, `amount`, `date`) VALUES ('OI3UR6', '0', '150', '2025-10-30 00:05:44');
INSERT INTO `inactive_point_history` (`user_id`, `point`, `date`) VALUES ('M5FNDM', '0', '2025-10-30 00:05:44');
UPDATE `user_registration` SET `sub_point` = 0, `active_status` = 'no'
WHERE `user_id` = 'M5FNDM';
INSERT INTO `arreva_api_logs` (`user_id`, `email`, `endpoint`, `response`, `date`) VALUES ('M5FNDM', 'tanite0369@gmail.com', 'deactivatemember', '\"Unable to find user matching email or contract number or otherid\"', '2025-10-30 00:05:45');
INSERT INTO `inactive_history` (`user_id`, `commission_balance`, `amount`, `date`) VALUES ('M5FNDM', '50', '150', '2025-10-30 00:05:45');
INSERT INTO `inactive_point_history` (`user_id`, `point`, `date`) VALUES ('AQ47VU', '0', '2025-10-30 00:05:45');
UPDATE `user_registration` SET `sub_point` = 0, `active_status` = 'no'
WHERE `user_id` = 'AQ47VU';
INSERT INTO `arreva_api_logs` (`user_id`, `email`, `endpoint`, `response`, `date`) VALUES ('AQ47VU', 'luritzabatista@yahoo.com', 'deactivatemember', '\"Unable to find user matching email or contract number or otherid\"', '2025-10-30 00:05:45');
INSERT INTO `inactive_history` (`user_id`, `commission_balance`, `amount`, `date`) VALUES ('AQ47VU', '0', '150', '2025-10-30 00:05:45');
INSERT INTO `inactive_point_history` (`user_id`, `point`, `date`) VALUES ('XIP2DP', '0', '2025-10-30 00:05:45');
UPDATE `user_registration` SET `sub_point` = 0, `active_status` = 'no'
WHERE `user_id` = 'XIP2DP';
INSERT INTO `arreva_api_logs` (`user_id`, `email`, `endpoint`, `response`, `date`) VALUES ('XIP2DP', 'zaldivar.julian@gmail.com', 'deactivatemember', '\"Unable to find user matching email or contract number or otherid\"', '2025-10-30 00:05:45');
INSERT INTO `inactive_history` (`user_id`, `commission_balance`, `amount`, `date`) VALUES ('XIP2DP', '0', '150', '2025-10-30 00:05:45');
INSERT INTO `inactive_point_history` (`user_id`, `point`, `date`) VALUES ('EZT3DR', '0', '2025-10-30 00:05:45');
UPDATE `user_registration` SET `sub_point` = 0, `active_status` = 'no'
WHERE `user_id` = 'EZT3DR';
INSERT INTO `arreva_api_logs` (`user_id`, `email`, `endpoint`, `response`, `date`) VALUES ('EZT3DR', 'betgarc3@hotmail.com', 'deactivatemember', '\"Unable to find user matching email or contract number or otherid\"', '2025-10-30 00:05:45');
INSERT INTO `inactive_history` (`user_id`, `commission_balance`, `amount`, `date`) VALUES ('EZT3DR', '37.5', '150', '2025-10-30 00:05:45');
INSERT INTO `inactive_point_history` (`user_id`, `point`, `date`) VALUES ('9WFPZ6', '0', '2025-10-30 00:05:45');
UPDATE `user_registration` SET `sub_point` = 0, `active_status` = 'no'
WHERE `user_id` = '9WFPZ6';
INSERT INTO `arreva_api_logs` (`user_id`, `email`, `endpoint`, `response`, `date`) VALUES ('9WFPZ6', 'yuniorquevedogarcia03@gmail.com', 'deactivatemember', '\"Unable to find user matching email or contract number or otherid\"', '2025-10-30 00:05:46');
INSERT INTO `inactive_history` (`user_id`, `commission_balance`, `amount`, `date`) VALUES ('9WFPZ6', '20', '150', '2025-10-30 00:05:46');
INSERT INTO `inactive_point_history` (`user_id`, `point`, `date`) VALUES ('L8O2QX', '0', '2025-10-30 00:05:46');
UPDATE `user_registration` SET `sub_point` = 0, `active_status` = 'no'
WHERE `user_id` = 'L8O2QX';
INSERT INTO `arreva_api_logs` (`user_id`, `email`, `endpoint`, `response`, `date`) VALUES ('L8O2QX', 'andresroldano18@gmail.com', 'deactivatemember', '\"Unable to find user matching email or contract number or otherid\"', '2025-10-30 00:05:46');
INSERT INTO `inactive_history` (`user_id`, `commission_balance`, `amount`, `date`) VALUES ('L8O2QX', '0', '50', '2025-10-30 00:05:46');
INSERT INTO `inactive_point_history` (`user_id`, `point`, `date`) VALUES ('7HHJ17', '0', '2025-10-30 00:05:46');
UPDATE `user_registration` SET `sub_point` = 0, `active_status` = 'no'
WHERE `user_id` = '7HHJ17';
INSERT INTO `arreva_api_logs` (`user_id`, `email`, `endpoint`, `response`, `date`) VALUES ('7HHJ17', 'roigexcelencia5197148@gmail.com', 'deactivatemember', '\"Unable to find user matching email or contract number or otherid\"', '2025-10-30 00:05:46');
INSERT INTO `inactive_history` (`user_id`, `commission_balance`, `amount`, `date`) VALUES ('7HHJ17', '0', '150', '2025-10-30 00:05:46');
INSERT INTO `inactive_point_history` (`user_id`, `point`, `date`) VALUES ('H5E5WF', '0', '2025-10-30 00:05:46');
UPDATE `user_registration` SET `sub_point` = 0, `active_status` = 'no'
WHERE `user_id` = 'H5E5WF';
INSERT INTO `arreva_api_logs` (`user_id`, `email`, `endpoint`, `response`, `date`) VALUES ('H5E5WF', 'cskloco@gmail.com', 'deactivatemember', '\"Unable to find user matching email or contract number or otherid\"', '2025-10-30 00:05:46');
INSERT INTO `inactive_history` (`user_id`, `commission_balance`, `amount`, `date`) VALUES ('H5E5WF', '125', '150', '2025-10-30 00:05:46');
INSERT INTO `inactive_point_history` (`user_id`, `point`, `date`) VALUES ('NTAGI6', '0', '2025-10-30 00:05:46');
UPDATE `user_registration` SET `sub_point` = 0, `active_status` = 'no'
WHERE `user_id` = 'NTAGI6';
INSERT INTO `arreva_api_logs` (`user_id`, `email`, `endpoint`, `response`, `date`) VALUES ('NTAGI6', 'elizabeth_pardo91@yahoo.com', 'deactivatemember', '\"Unable to find user matching email or contract number or otherid\"', '2025-10-30 00:05:47');
INSERT INTO `inactive_history` (`user_id`, `commission_balance`, `amount`, `date`) VALUES ('NTAGI6', '0', '150', '2025-10-30 00:05:47');
INSERT INTO `inactive_point_history` (`user_id`, `point`, `date`) VALUES ('Z5DNR2', '0', '2025-10-30 00:05:47');
UPDATE `user_registration` SET `sub_point` = 0, `active_status` = 'no'
WHERE `user_id` = 'Z5DNR2';
INSERT INTO `arreva_api_logs` (`user_id`, `email`, `endpoint`, `response`, `date`) VALUES ('Z5DNR2', 'kelly_azate@yahoo.com', 'deactivatemember', '\"Unable to find user matching email or contract number or otherid\"', '2025-10-30 00:05:47');
INSERT INTO `inactive_history` (`user_id`, `commission_balance`, `amount`, `date`) VALUES ('Z5DNR2', '0', '150', '2025-10-30 00:05:47');
INSERT INTO `inactive_point_history` (`user_id`, `point`, `date`) VALUES ('7P5XVX', '0', '2025-10-30 00:05:47');
UPDATE `user_registration` SET `sub_point` = 0, `active_status` = 'no'
WHERE `user_id` = '7P5XVX';
INSERT INTO `arreva_api_logs` (`user_id`, `email`, `endpoint`, `response`, `date`) VALUES ('7P5XVX', 'deylonhernandez@icloud.com', 'deactivatemember', '\"Unable to find user matching email or contract number or otherid\"', '2025-10-30 00:05:47');
INSERT INTO `inactive_history` (`user_id`, `commission_balance`, `amount`, `date`) VALUES ('7P5XVX', '0', '150', '2025-10-30 00:05:47');
INSERT INTO `inactive_point_history` (`user_id`, `point`, `date`) VALUES ('SCC34I', '0', '2025-10-30 00:05:47');
UPDATE `user_registration` SET `sub_point` = 0, `active_status` = 'no'
WHERE `user_id` = 'SCC34I';
INSERT INTO `arreva_api_logs` (`user_id`, `email`, `endpoint`, `response`, `date`) VALUES ('SCC34I', 'Avalossandro08@gmail.com', 'deactivatemember', '\"Unable to find user matching email or contract number or otherid\"', '2025-10-30 00:05:47');
INSERT INTO `inactive_history` (`user_id`, `commission_balance`, `amount`, `date`) VALUES ('SCC34I', '0', '150', '2025-10-30 00:05:47');
INSERT INTO `inactive_point_history` (`user_id`, `point`, `date`) VALUES ('J4BGK4', '0', '2025-10-30 00:05:47');
UPDATE `user_registration` SET `sub_point` = 0, `active_status` = 'no'
WHERE `user_id` = 'J4BGK4';
INSERT INTO `arreva_api_logs` (`user_id`, `email`, `endpoint`, `response`, `date`) VALUES ('J4BGK4', 'rodriguezjf2000@yahoo.com', 'deactivatemember', '\"Unable to find user matching email or contract number or otherid\"', '2025-10-30 00:05:48');
INSERT INTO `inactive_history` (`user_id`, `commission_balance`, `amount`, `date`) VALUES ('J4BGK4', '0', '150', '2025-10-30 00:05:48');
INSERT INTO `inactive_point_history` (`user_id`, `point`, `date`) VALUES ('K67AMG', '0', '2025-10-30 00:05:48');
UPDATE `user_registration` SET `sub_point` = 0, `active_status` = 'no'
WHERE `user_id` = 'K67AMG';
INSERT INTO `arreva_api_logs` (`user_id`, `email`, `endpoint`, `response`, `date`) VALUES ('K67AMG', 'carlohernandez1963@gmail.com', 'deactivatemember', '\"Unable to find user matching email or contract number or otherid\"', '2025-10-30 00:05:48');
INSERT INTO `inactive_history` (`user_id`, `commission_balance`, `amount`, `date`) VALUES ('K67AMG', '0', '150', '2025-10-30 00:05:48');
INSERT INTO `inactive_point_history` (`user_id`, `point`, `date`) VALUES ('N6VMK1', '0', '2025-10-30 00:05:48');
UPDATE `user_registration` SET `sub_point` = 0, `active_status` = 'no'
WHERE `user_id` = 'N6VMK1';
INSERT INTO `arreva_api_logs` (`user_id`, `email`, `endpoint`, `response`, `date`) VALUES ('N6VMK1', 'javier.rodriguez.novelo@gmail.com', 'deactivatemember', '\"Unable to find user matching email or contract number or otherid\"', '2025-10-30 00:05:48');
INSERT INTO `inactive_history` (`user_id`, `commission_balance`, `amount`, `date`) VALUES ('N6VMK1', '0', '150', '2025-10-30 00:05:48');
INSERT INTO `inactive_point_history` (`user_id`, `point`, `date`) VALUES ('54SJCL', '0', '2025-10-30 00:05:48');
UPDATE `user_registration` SET `sub_point` = 0, `active_status` = 'no'
WHERE `user_id` = '54SJCL';
INSERT INTO `arreva_api_logs` (`user_id`, `email`, `endpoint`, `response`, `date`) VALUES ('54SJCL', 'josejorge3011@hotmail.com', 'deactivatemember', '\"Unable to find user matching email or contract number or otherid\"', '2025-10-30 00:05:49');
INSERT INTO `inactive_history` (`user_id`, `commission_balance`, `amount`, `date`) VALUES ('54SJCL', '0', '150', '2025-10-30 00:05:49');
INSERT INTO `inactive_point_history` (`user_id`, `point`, `date`) VALUES ('DFEDKO', '0', '2025-10-30 00:05:49');
UPDATE `user_registration` SET `sub_point` = 0, `active_status` = 'no'
WHERE `user_id` = 'DFEDKO';
INSERT INTO `arreva_api_logs` (`user_id`, `email`, `endpoint`, `response`, `date`) VALUES ('DFEDKO', 'anegociarfree+1@gmail.com', 'deactivatemember', 'true', '2025-10-30 00:05:49');
INSERT INTO `inactive_history` (`user_id`, `commission_balance`, `amount`, `date`) VALUES ('DFEDKO', '20', '150', '2025-10-30 00:05:49');
INSERT INTO `inactive_point_history` (`user_id`, `point`, `date`) VALUES ('N5PLRR', '0', '2025-10-30 00:05:49');
UPDATE `user_registration` SET `sub_point` = 0, `active_status` = 'no'
WHERE `user_id` = 'N5PLRR';
INSERT INTO `arreva_api_logs` (`user_id`, `email`, `endpoint`, `response`, `date`) VALUES ('N5PLRR', 'deeptalent.boza@gmail.com', 'deactivatemember', '\"Unable to find user matching email or contract number or otherid\"', '2025-10-30 00:05:49');
INSERT INTO `inactive_history` (`user_id`, `commission_balance`, `amount`, `date`) VALUES ('N5PLRR', '30', '50', '2025-10-30 00:05:49');
INSERT INTO `inactive_point_history` (`user_id`, `point`, `date`) VALUES ('RSM4DG', '0', '2025-10-30 00:05:49');
UPDATE `user_registration` SET `sub_point` = 0, `active_status` = 'no'
WHERE `user_id` = 'RSM4DG';
INSERT INTO `arreva_api_logs` (`user_id`, `email`, `endpoint`, `response`, `date`) VALUES ('RSM4DG', 'fssicentral+1@gmail.com', 'deactivatemember', '\"Unable to find user matching email or contract number or otherid\"', '2025-10-30 00:05:49');
INSERT INTO `inactive_history` (`user_id`, `commission_balance`, `amount`, `date`) VALUES ('RSM4DG', '30', '50', '2025-10-30 00:05:49');
INSERT INTO `inactive_point_history` (`user_id`, `point`, `date`) VALUES ('V43EWT', '0', '2025-10-30 00:05:49');
UPDATE `user_registration` SET `sub_point` = 0, `active_status` = 'no'
WHERE `user_id` = 'V43EWT';
INSERT INTO `arreva_api_logs` (`user_id`, `email`, `endpoint`, `response`, `date`) VALUES ('V43EWT', 'deeptalent+1@hotmail.com', 'deactivatemember', '\"Unable to find user matching email or contract number or otherid\"', '2025-10-30 00:05:50');
INSERT INTO `inactive_history` (`user_id`, `commission_balance`, `amount`, `date`) VALUES ('V43EWT', '0', '50', '2025-10-30 00:05:50');
INSERT INTO `inactive_point_history` (`user_id`, `point`, `date`) VALUES ('NDTM1I', '0', '2025-10-30 00:05:50');
UPDATE `user_registration` SET `sub_point` = 0, `active_status` = 'no'
WHERE `user_id` = 'NDTM1I';
INSERT INTO `arreva_api_logs` (`user_id`, `email`, `endpoint`, `response`, `date`) VALUES ('NDTM1I', 'deeptalent+2@hotmail.com', 'deactivatemember', '\"Unable to find user matching email or contract number or otherid\"', '2025-10-30 00:05:50');
INSERT INTO `inactive_history` (`user_id`, `commission_balance`, `amount`, `date`) VALUES ('NDTM1I', '0', '50', '2025-10-30 00:05:50');
INSERT INTO `inactive_point_history` (`user_id`, `point`, `date`) VALUES ('GCLF2W', '0', '2025-10-30 00:05:50');
UPDATE `user_registration` SET `sub_point` = 0, `active_status` = 'no'
WHERE `user_id` = 'GCLF2W';
INSERT INTO `arreva_api_logs` (`user_id`, `email`, `endpoint`, `response`, `date`) VALUES ('GCLF2W', 'rt.amdream+1@gmail.com', 'deactivatemember', '\"Unable to find user matching email or contract number or otherid\"', '2025-10-30 00:05:50');
INSERT INTO `inactive_history` (`user_id`, `commission_balance`, `amount`, `date`) VALUES ('GCLF2W', '20', '50', '2025-10-30 00:05:50');
INSERT INTO `inactive_point_history` (`user_id`, `point`, `date`) VALUES ('6HA49X', '0', '2025-10-30 00:05:50');
UPDATE `user_registration` SET `sub_point` = 0, `active_status` = 'no'
WHERE `user_id` = '6HA49X';
INSERT INTO `arreva_api_logs` (`user_id`, `email`, `endpoint`, `response`, `date`) VALUES ('6HA49X', 'fssicentral+2@gmail.com', 'deactivatemember', '\"Unable to find user matching email or contract number or otherid\"', '2025-10-30 00:05:51');
INSERT INTO `inactive_history` (`user_id`, `commission_balance`, `amount`, `date`) VALUES ('6HA49X', '0', '50', '2025-10-30 00:05:51');
INSERT INTO `inactive_point_history` (`user_id`, `point`, `date`) VALUES ('CN59WR', '0', '2025-10-30 00:05:51');
UPDATE `user_registration` SET `sub_point` = 0, `active_status` = 'no'
WHERE `user_id` = 'CN59WR';
INSERT INTO `arreva_api_logs` (`user_id`, `email`, `endpoint`, `response`, `date`) VALUES ('CN59WR', 'deeptalent.boza+5@gmail.com', 'deactivatemember', '\"Unable to find user matching email or contract number or otherid\"', '2025-10-30 00:05:51');
INSERT INTO `inactive_history` (`user_id`, `commission_balance`, `amount`, `date`) VALUES ('CN59WR', '0', '50', '2025-10-30 00:05:51');
INSERT INTO `inactive_point_history` (`user_id`, `point`, `date`) VALUES ('WCHBRD', '0', '2025-10-30 00:05:51');
UPDATE `user_registration` SET `sub_point` = 0, `active_status` = 'no'
WHERE `user_id` = 'WCHBRD';
INSERT INTO `arreva_api_logs` (`user_id`, `email`, `endpoint`, `response`, `date`) VALUES ('WCHBRD', 'nrproducts20+11@gmail.com', 'deactivatemember', '\"Unable to find user matching email or contract number or otherid\"', '2025-10-30 00:05:51');
INSERT INTO `inactive_history` (`user_id`, `commission_balance`, `amount`, `date`) VALUES ('WCHBRD', '0', '50', '2025-10-30 00:05:51');
INSERT INTO `inactive_point_history` (`user_id`, `point`, `date`) VALUES ('MHTJIU', '0', '2025-10-30 00:05:51');
UPDATE `user_registration` SET `sub_point` = 0, `active_status` = 'no'
WHERE `user_id` = 'MHTJIU';
INSERT INTO `arreva_api_logs` (`user_id`, `email`, `endpoint`, `response`, `date`) VALUES ('MHTJIU', 'onielguerra+2@yahoo.com', 'deactivatemember', '\"Unable to find user matching email or contract number or otherid\"', '2025-10-30 00:05:51');
INSERT INTO `inactive_history` (`user_id`, `commission_balance`, `amount`, `date`) VALUES ('MHTJIU', '20', '50', '2025-10-30 00:05:51');
INSERT INTO `inactive_point_history` (`user_id`, `point`, `date`) VALUES ('C66Y3L', '0', '2025-10-30 00:05:51');
UPDATE `user_registration` SET `sub_point` = 0, `active_status` = 'no'
WHERE `user_id` = 'C66Y3L';
INSERT INTO `arreva_api_logs` (`user_id`, `email`, `endpoint`, `response`, `date`) VALUES ('C66Y3L', 'fssicentral+12@gmail.com', 'deactivatemember', '\"Unable to find user matching email or contract number or otherid\"', '2025-10-30 00:05:52');
INSERT INTO `inactive_history` (`user_id`, `commission_balance`, `amount`, `date`) VALUES ('C66Y3L', '20', '50', '2025-10-30 00:05:52');
INSERT INTO `inactive_point_history` (`user_id`, `point`, `date`) VALUES ('4OOCCH', '0', '2025-10-30 00:05:52');
UPDATE `user_registration` SET `sub_point` = 0, `active_status` = 'no'
WHERE `user_id` = '4OOCCH';
INSERT INTO `arreva_api_logs` (`user_id`, `email`, `endpoint`, `response`, `date`) VALUES ('4OOCCH', 'sfssi+11@gmail.com', 'deactivatemember', '\"Unable to find user matching email or contract number or otherid\"', '2025-10-30 00:05:52');
INSERT INTO `inactive_history` (`user_id`, `commission_balance`, `amount`, `date`) VALUES ('4OOCCH', '0', '50', '2025-10-30 00:05:52');
INSERT INTO `inactive_point_history` (`user_id`, `point`, `date`) VALUES ('G4EQDP', '0', '2025-10-30 00:05:52');
UPDATE `user_registration` SET `sub_point` = 0, `active_status` = 'no'
WHERE `user_id` = 'G4EQDP';
INSERT INTO `arreva_api_logs` (`user_id`, `email`, `endpoint`, `response`, `date`) VALUES ('G4EQDP', 'sfssiw+13@gmail.com', 'deactivatemember', '\"Unable to find user matching email or contract number or otherid\"', '2025-10-30 00:05:52');
INSERT INTO `inactive_history` (`user_id`, `commission_balance`, `amount`, `date`) VALUES ('G4EQDP', '0', '50', '2025-10-30 00:05:52');
INSERT INTO `inactive_point_history` (`user_id`, `point`, `date`) VALUES ('G95C91', '0', '2025-10-30 00:05:52');
UPDATE `user_registration` SET `sub_point` = 0, `active_status` = 'no'
WHERE `user_id` = 'G95C91';
INSERT INTO `arreva_api_logs` (`user_id`, `email`, `endpoint`, `response`, `date`) VALUES ('G95C91', 'sfssiw+15@gmail.com', 'deactivatemember', '\"Unable to find user matching email or contract number or otherid\"', '2025-10-30 00:05:53');
INSERT INTO `inactive_history` (`user_id`, `commission_balance`, `amount`, `date`) VALUES ('G95C91', '0', '50', '2025-10-30 00:05:53');
INSERT INTO `inactive_point_history` (`user_id`, `point`, `date`) VALUES ('SZ1N3Z', '0', '2025-10-30 00:05:53');
UPDATE `user_registration` SET `sub_point` = 0, `active_status` = 'no'
WHERE `user_id` = 'SZ1N3Z';
INSERT INTO `arreva_api_logs` (`user_id`, `email`, `endpoint`, `response`, `date`) VALUES ('SZ1N3Z', 'sfssiw+16@gmail.com', 'deactivatemember', '\"Unable to find user matching email or contract number or otherid\"', '2025-10-30 00:05:53');
INSERT INTO `inactive_history` (`user_id`, `commission_balance`, `amount`, `date`) VALUES ('SZ1N3Z', '0', '50', '2025-10-30 00:05:53');
INSERT INTO `inactive_point_history` (`user_id`, `point`, `date`) VALUES ('4S3VM7', '0', '2025-10-30 00:05:53');
UPDATE `user_registration` SET `sub_point` = 0, `active_status` = 'no'
WHERE `user_id` = '4S3VM7';
INSERT INTO `arreva_api_logs` (`user_id`, `email`, `endpoint`, `response`, `date`) VALUES ('4S3VM7', 'sfssiw+17@gmail.com', 'deactivatemember', '\"Unable to find user matching email or contract number or otherid\"', '2025-10-30 00:05:53');
INSERT INTO `inactive_history` (`user_id`, `commission_balance`, `amount`, `date`) VALUES ('4S3VM7', '0', '50', '2025-10-30 00:05:53');
INSERT INTO `inactive_point_history` (`user_id`, `point`, `date`) VALUES ('G5QCEL', '0', '2025-10-30 00:05:53');
UPDATE `user_registration` SET `sub_point` = 0, `active_status` = 'no'
WHERE `user_id` = 'G5QCEL';
INSERT INTO `arreva_api_logs` (`user_id`, `email`, `endpoint`, `response`, `date`) VALUES ('G5QCEL', 'sfssiw+18@gmail.com', 'deactivatemember', '\"Unable to find user matching email or contract number or otherid\"', '2025-10-30 00:05:53');
INSERT INTO `inactive_history` (`user_id`, `commission_balance`, `amount`, `date`) VALUES ('G5QCEL', '0', '50', '2025-10-30 00:05:53');
INSERT INTO `inactive_point_history` (`user_id`, `point`, `date`) VALUES ('6CYPUS', '0', '2025-10-30 00:05:53');
UPDATE `user_registration` SET `sub_point` = 0, `active_status` = 'no'
WHERE `user_id` = '6CYPUS';
INSERT INTO `arreva_api_logs` (`user_id`, `email`, `endpoint`, `response`, `date`) VALUES ('6CYPUS', 'nquiros@ymail.com', 'deactivatemember', '\"Unable to find user matching email or contract number or otherid\"', '2025-10-30 00:05:54');
INSERT INTO `inactive_history` (`user_id`, `commission_balance`, `amount`, `date`) VALUES ('6CYPUS', '0', '150', '2025-10-30 00:05:54');
INSERT INTO `inactive_point_history` (`user_id`, `point`, `date`) VALUES ('52FDFS', '0', '2025-10-30 00:05:54');
UPDATE `user_registration` SET `sub_point` = 0, `active_status` = 'no'
WHERE `user_id` = '52FDFS';
INSERT INTO `arreva_api_logs` (`user_id`, `email`, `endpoint`, `response`, `date`) VALUES ('52FDFS', 'mariajcarloa@gmail.com', 'deactivatemember', '\"Unable to find user matching email or contract number or otherid\"', '2025-10-30 00:05:54');
INSERT INTO `inactive_history` (`user_id`, `commission_balance`, `amount`, `date`) VALUES ('52FDFS', '0', '150', '2025-10-30 00:05:54');
INSERT INTO `inactive_point_history` (`user_id`, `point`, `date`) VALUES ('LI6NAA', '0', '2025-10-30 00:05:54');
UPDATE `user_registration` SET `sub_point` = 0, `active_status` = 'no'
WHERE `user_id` = 'LI6NAA';
INSERT INTO `arreva_api_logs` (`user_id`, `email`, `endpoint`, `response`, `date`) VALUES ('LI6NAA', 'sotolongor+96@gmail.com', 'deactivatemember', 'true', '2025-10-30 00:05:55');
INSERT INTO `inactive_history` (`user_id`, `commission_balance`, `amount`, `date`) VALUES ('LI6NAA', '0', '150', '2025-10-30 00:05:55');
UPDATE `user_registration` SET commission_balance = ROUND(commission_balance - 150,2)
WHERE `user_id` = 'LAE427';
INSERT INTO `sub_history` (`user_id`, `package_id`, `amount`, `payment_method`, `date`) VALUES ('LAE427', '2', '150', 'Ewallet', '2025-10-30 00:05:55');
UPDATE `user_registration` SET sub_point = ROUND(sub_point + 150,2)
WHERE `user_id` = 'LAE427';
INSERT INTO `investment` (`invest_date`, `user_id`, `type`, `amount`, `package_id`) VALUES ('2025-10-30 00:05:55', 'LAE427', 'subscription', '150', '2');
INSERT INTO `earnings` (`user_id`, `Purchaser_id`, `earning_type`, `package_id`, `amount`, `date`, `comments`, `invest_amount`, `comm_perc`, `level`, `rank_id`, `order_id`) VALUES ('2RSJNO', 'LAE427', 'Subscription Referral Bonus', '2', '37.5', '2025-10-30 00:05:55', 'Subscription Referral Bonus', 0, 0, 1, '', 1167);
UPDATE `user_registration` SET commission_balance = ROUND(commission_balance + 37.5,2)
WHERE `user_id` = '2RSJNO';
UPDATE `user_registration` SET total_points = ROUND(total_points + 150,2)
WHERE `user_id` = 'LAE427';
INSERT INTO `points_history` (`user_id`, `points`, `type`, `date`) VALUES ('LAE427', '150', 'subscription', '2025-10-30 00:05:');
UPDATE `bv_updation` SET right_carry = right_carry+150, total_right = total_right+150
WHERE `user_id` = '55ASP4';
INSERT INTO `placement_bv_update_history` (`right_carry`, `date`, `from_id`, `user_id`) VALUES ('150', '2025-10-30 00:05:55', 'LAE427', '55ASP4');
UPDATE `bv_updation` SET right_carry = right_carry+150, total_right = total_right+150
WHERE `user_id` = '41V5DE';
INSERT INTO `placement_bv_update_history` (`right_carry`, `date`, `from_id`, `user_id`) VALUES ('150', '2025-10-30 00:05:55', 'LAE427', '41V5DE');
UPDATE `bv_updation` SET right_carry = right_carry+150, total_right = total_right+150
WHERE `user_id` = 'WP5PIA';
INSERT INTO `placement_bv_update_history` (`right_carry`, `date`, `from_id`, `user_id`) VALUES ('150', '2025-10-30 00:05:55', 'LAE427', 'WP5PIA');
UPDATE `user_registration` SET `cycle_rank_id` = '1'
WHERE `user_id` = 'WP5PIA';
INSERT INTO `rank_history` (`rank_id`, `user_id`, `name`, `bv`, `date`, `amount`, `type`) VALUES ('1', 'WP5PIA', 'Affiliate', '0', '2025-10-30 00:05:55', '0', 'auto');
UPDATE `bv_updation` SET right_carry = right_carry+150, total_right = total_right+150
WHERE `user_id` = 'MY94TD';
INSERT INTO `placement_bv_update_history` (`right_carry`, `date`, `from_id`, `user_id`) VALUES ('150', '2025-10-30 00:05:55', 'LAE427', 'MY94TD');
UPDATE `bv_updation` SET right_carry = right_carry+150, total_right = total_right+150
WHERE `user_id` = '46H8G2';
INSERT INTO `placement_bv_update_history` (`right_carry`, `date`, `from_id`, `user_id`) VALUES ('150', '2025-10-30 00:05:55', 'LAE427', '46H8G2');
UPDATE `user_registration` SET `cycle_rank_id` = '1'
WHERE `user_id` = '46H8G2';
INSERT INTO `rank_history` (`rank_id`, `user_id`, `name`, `bv`, `date`, `amount`, `type`) VALUES ('1', '46H8G2', 'Affiliate', '0', '2025-10-30 00:05:55', '0', 'auto');
