UPDATE `user_registration` SET `popup_seen` = 'yes'
WHERE `user_id` = '8634EF';
UPDATE `user_registration` SET `popup_seen` = 'yes'
WHERE `user_id` = '8634EF';
UPDATE `user_registration` SET `popup_seen` = 'no'
WHERE `user_id` = '8634EF';
DELETE FROM `ci_sessions`
WHERE `id` = 'd85dedadeef9583880c536575451fdd870dc02f2';
INSERT INTO `login_history` (`user_id`, `device`, `ip_address`, `date`) VALUES ('9I44XH', 'Mozilla/5.0 (Linux; Android 10; K) AppleWebKit/537.36 (KHTML, like Gecko) Chrome/135.0.0.0 Mobile Safari/537.36', '172.69.132.224', '25-04-11 18:23');
UPDATE `user_registration` SET `popup_seen` = 'yes'
WHERE `user_id` = '9I44XH';
INSERT INTO `login_history` (`user_id`, `device`, `ip_address`, `date`) VALUES ('UQO7EQ', 'Mozilla/5.0 (Linux; Android 10; K) AppleWebKit/537.36 (KHTML, like Gecko) Chrome/131.0.0.0 Mobile Safari/537.36', '172.70.82.148', '25-04-11 18:29');
UPDATE `user_registration` SET `popup_seen` = 'yes'
WHERE `user_id` = 'UQO7EQ';
UPDATE `user_registration` SET `popup_seen` = 'no'
WHERE `user_id` = 'UQO7EQ';
DELETE FROM `ci_sessions`
WHERE `id` = 'a50711cd50a1f0ef2ca105c3fc1e18bd27159b77';
UPDATE `ci_sessions` SET `timestamp` = 1744414601, `data` = '__ci_last_regenerate|i:1744414601;id|s:4:\"2071\";user_id|s:6:\"JHRDHS\";username|s:7:\"mbecena\";sponsor_id|s:6:\"CVVK4C\";fullname|s:12:\"Maria Becena\";email|s:21:\"mbecena@bellsouth.net\";phone|s:10:\"7862360387\";isLogIn|b:1;message|s:20:\"Welcome Maria Becena\";__ci_vars|a:1:{s:7:\"message\";s:3:\"old\";}'
WHERE `id` = '45e9f9d0fd7415e5dd3d098b16bca40f738b7f9d';
UPDATE `user_registration` SET `popup_seen` = 'yes'
WHERE `user_id` = 'JHRDHS';
INSERT INTO `login_history` (`user_id`, `device`, `ip_address`, `date`) VALUES ('UQO7EQ', 'Mozilla/5.0 (Windows NT 10.0; Win64; x64) AppleWebKit/537.36 (KHTML, like Gecko) Chrome/135.0.0.0 Safari/537.36', '172.70.55.204', '25-04-11 18:40');
UPDATE `user_registration` SET `popup_seen` = 'yes'
WHERE `user_id` = 'UQO7EQ';
UPDATE `user_registration` SET `popup_seen` = 'no'
WHERE `user_id` = 'UQO7EQ';
DELETE FROM `ci_sessions`
WHERE `id` = 'a637a420cf72b7f4cf56f8dc1849ed29d331daed';
UPDATE `ci_sessions` SET `timestamp` = 1744415063, `data` = '__ci_last_regenerate|i:1744415063;captcha|s:4:\"1dfg\";'
WHERE `id` = 'a1dc723df6749d6bdfb018ee38307da26b147189';
INSERT INTO `login_history` (`user_id`, `device`, `ip_address`, `date`) VALUES ('UQO7EQ', 'Mozilla/5.0 (Linux; Android 10; K) AppleWebKit/537.36 (KHTML, like Gecko) Chrome/131.0.0.0 Mobile Safari/537.36', '172.70.255.194', '25-04-11 18:44');
UPDATE `user_registration` SET `popup_seen` = 'yes'
WHERE `user_id` = 'UQO7EQ';
UPDATE `user_registration` SET `popup_seen` = 'yes'
WHERE `user_id` = 'UQO7EQ';
UPDATE `user_registration` SET `popup_seen` = 'yes'
WHERE `user_id` = 'UQO7EQ';
UPDATE `ci_sessions` SET `timestamp` = 1744415601, `data` = '__ci_last_regenerate|i:1744415601;id|s:4:\"2329\";user_id|s:6:\"9I44XH\";username|s:7:\"Taymigg\";sponsor_id|s:6:\"DSVFR5\";fullname|s:12:\"Taymi Garcia\";email|s:25:\"taymigonzalez71@gmail.com\";phone|s:10:\"7864404824\";isLogIn|b:1;message|s:20:\"Welcome Taymi Garcia\";__ci_vars|a:1:{s:7:\"message\";s:3:\"old\";}'
WHERE `id` = '535e98cf24482c8826b963739c2a32a623dfd493';
UPDATE `user_registration` SET `popup_seen` = 'yes'
WHERE `user_id` = '9I44XH';
UPDATE `ci_sessions` SET `timestamp` = 1744415746, `data` = '__ci_last_regenerate|i:1744415746;id|s:4:\"2042\";user_id|s:6:\"UQO7EQ\";username|s:6:\"Rafa51\";sponsor_id|s:6:\"N6GZAE\";fullname|s:16:\"Rafael Rodriguez\";email|s:18:\"rafagana@yahoo.com\";phone|s:10:\"3057610606\";isLogIn|b:1;'
WHERE `id` = 'ff40dd6d144971416d8c404907d88704145f36a6';
UPDATE `user_registration` SET `popup_seen` = 'yes'
WHERE `user_id` = 'UQO7EQ';
UPDATE `user_registration` SET `popup_seen` = 'no'
WHERE `user_id` = 'UQO7EQ';
DELETE FROM `ci_sessions`
WHERE `id` = 'd983ceb51676d52ad219dbbf77af3689f2e29ff2';
UPDATE `user_registration` SET `popup_seen` = 'yes'
WHERE `user_id` = '9I44XH';
UPDATE `ci_sessions` SET `timestamp` = 1744415926, `data` = '__ci_last_regenerate|i:1744415926;id|s:4:\"2329\";user_id|s:6:\"9I44XH\";username|s:7:\"Taymigg\";sponsor_id|s:6:\"DSVFR5\";fullname|s:12:\"Taymi Garcia\";email|s:25:\"taymigonzalez71@gmail.com\";phone|s:10:\"7864404824\";isLogIn|b:1;'
WHERE `id` = '75e07c22180c10278b1fed0fae320150b23b6f4f';
UPDATE `user_registration` SET `popup_seen` = 'no'
WHERE `user_id` = '9I44XH';
DELETE FROM `ci_sessions`
WHERE `id` = '2254d27739178afc01672cdeaaef28f3daab4755';
INSERT INTO `login_history` (`user_id`, `device`, `ip_address`, `date`) VALUES ('44B9Y4', 'Mozilla/5.0 (iPhone; CPU iPhone OS 18_3_2 like Mac OS X) AppleWebKit/605.1.15 (KHTML, like Gecko) Version/18.3.1 Mobile/15E148 Safari/604.1', '172.68.7.88', '25-04-11 19:03');
UPDATE `user_registration` SET `popup_seen` = 'yes'
WHERE `user_id` = '44B9Y4';
UPDATE `ci_sessions` SET `timestamp` = 1744416921, `data` = '__ci_last_regenerate|i:1744416921;captcha|s:4:\"jw34\";'
WHERE `id` = 'c5f45b4eb2bd310acbbcfd4b8ebf158d6fb7d8e5';
INSERT INTO `login_history` (`user_id`, `device`, `ip_address`, `date`) VALUES ('UQO7EQ', 'Mozilla/5.0 (Windows NT 10.0; Win64; x64) AppleWebKit/537.36 (KHTML, like Gecko) Chrome/135.0.0.0 Safari/537.36', '172.68.7.63', '25-04-11 19:15');
UPDATE `user_registration` SET `popup_seen` = 'yes'
WHERE `user_id` = 'UQO7EQ';
UPDATE `user_registration` SET `popup_seen` = 'no'
WHERE `user_id` = 'UQO7EQ';
DELETE FROM `ci_sessions`
WHERE `id` = '78d9b7fcc41e9efa1d230f4f3e5fe50c696fafea';
UPDATE `ci_sessions` SET `timestamp` = 1744417717, `data` = '__ci_last_regenerate|i:1744417717;id|s:4:\"2190\";user_id|s:6:\"2RSJNO\";username|s:8:\"yoel0221\";sponsor_id|s:6:\"QJ5U9C\";fullname|s:16:\"Yoel Ramos Gomez\";email|s:19:\"yoel21272@gmail.com\";phone|s:10:\"3053050150\";isLogIn|b:1;'
WHERE `id` = '0602d83fe57b034d3d261463acfdaa97ee524e4a';
UPDATE `user_registration` SET `popup_seen` = 'yes'
WHERE `user_id` = '2RSJNO';
UPDATE `user_registration` SET `popup_seen` = 'yes'
WHERE `user_id` = '2RSJNO';
UPDATE `ci_sessions` SET `timestamp` = 1744418866, `data` = '__ci_last_regenerate|i:1744418866;id|s:4:\"2190\";user_id|s:6:\"2RSJNO\";username|s:8:\"yoel0221\";sponsor_id|s:6:\"QJ5U9C\";fullname|s:16:\"Yoel Ramos Gomez\";email|s:19:\"yoel21272@gmail.com\";phone|s:10:\"3053050150\";isLogIn|b:1;'
WHERE `id` = '46ea69af49decbb71454a9b3bd502d3dc07af4cc';
UPDATE `user_registration` SET `popup_seen` = 'yes'
WHERE `user_id` = '2RSJNO';
UPDATE `user_registration` SET `popup_seen` = 'yes'
WHERE `user_id` = '2RSJNO';
UPDATE `ci_sessions` SET `timestamp` = 1744419259, `data` = '__ci_last_regenerate|i:1744419259;id|s:4:\"2193\";user_id|s:6:\"HSP8ZI\";username|s:8:\"DonPedro\";sponsor_id|s:6:\"2RSJNO\";fullname|s:12:\"Pedro Chavez\";email|s:18:\"pedropzx@yahoo.com\";phone|s:10:\"7862776739\";isLogIn|b:1;'
WHERE `id` = 'b1c06e479cca3b4f54ecf9ace2262cbdd7b95412';
UPDATE `ci_sessions` SET `timestamp` = 1744419300, `data` = '__ci_last_regenerate|i:1744419300;id|s:4:\"2190\";user_id|s:6:\"2RSJNO\";username|s:8:\"yoel0221\";sponsor_id|s:6:\"QJ5U9C\";fullname|s:16:\"Yoel Ramos Gomez\";email|s:19:\"yoel21272@gmail.com\";phone|s:10:\"3053050150\";isLogIn|b:1;'
WHERE `id` = '34eb505cc9405f7582e0d8b59f86be058e94b92a';
UPDATE `user_registration` SET `popup_seen` = 'yes'
WHERE `user_id` = '2RSJNO';
UPDATE `user_registration` SET `popup_seen` = 'yes'
WHERE `user_id` = '2RSJNO';
UPDATE `user_registration` SET `popup_seen` = 'yes'
WHERE `user_id` = '2RSJNO';
UPDATE `user_registration` SET `popup_seen` = 'yes'
WHERE `user_id` = '2RSJNO';
UPDATE `user_registration` SET `popup_seen` = 'yes'
WHERE `user_id` = '2RSJNO';
UPDATE `user_registration` SET `popup_seen` = 'yes'
WHERE `user_id` = '2RSJNO';
UPDATE `user_registration` SET `popup_seen` = 'yes'
WHERE `user_id` = '2RSJNO';
UPDATE `ci_sessions` SET `timestamp` = 1744419590, `data` = '__ci_last_regenerate|i:1744419590;captcha|s:4:\"m38s\";'
WHERE `id` = 'd2b15254b6ce8625d3f4c2f4d259f4d9ff54efb7';
INSERT INTO `login_history` (`user_id`, `device`, `ip_address`, `date`) VALUES ('UQO7EQ', 'Mozilla/5.0 (Windows NT 10.0; Win64; x64) AppleWebKit/537.36 (KHTML, like Gecko) Chrome/135.0.0.0 Safari/537.36', '172.70.82.9', '25-04-11 19:59');
UPDATE `user_registration` SET `popup_seen` = 'yes'
WHERE `user_id` = 'UQO7EQ';
UPDATE `user_registration` SET `popup_seen` = 'no'
WHERE `user_id` = 'UQO7EQ';
DELETE FROM `ci_sessions`
WHERE `id` = 'f738f38689a538e5b691cc276c82b823e35cca53';
INSERT INTO `login_history` (`user_id`, `device`, `ip_address`, `date`) VALUES ('QJ5U9C', 'Mozilla/5.0 (Windows NT 10.0; Win64; x64) AppleWebKit/537.36 (KHTML, like Gecko) Chrome/135.0.0.0 Safari/537.36', '172.68.7.18', '25-04-11 20:10');
UPDATE `user_registration` SET `popup_seen` = 'yes'
WHERE `user_id` = 'QJ5U9C';
UPDATE `ci_sessions` SET `timestamp` = 1744420307, `data` = '__ci_last_regenerate|i:1744420307;captcha|s:4:\"zalm\";'
WHERE `id` = 'fe026433770897e84b2755b25cd7b72f1bc7e3cd';
INSERT INTO `login_history` (`user_id`, `device`, `ip_address`, `date`) VALUES ('UQO7EQ', 'Mozilla/5.0 (Windows NT 10.0; Win64; x64) AppleWebKit/537.36 (KHTML, like Gecko) Chrome/135.0.0.0 Safari/537.36', '172.68.7.40', '25-04-11 20:11');
UPDATE `user_registration` SET `popup_seen` = 'yes'
WHERE `user_id` = 'UQO7EQ';
UPDATE `ci_sessions` SET `timestamp` = 1744420715, `data` = '__ci_last_regenerate|i:1744420715;id|s:4:\"2042\";user_id|s:6:\"UQO7EQ\";username|s:6:\"Rafa51\";sponsor_id|s:6:\"N6GZAE\";fullname|s:16:\"Rafael Rodriguez\";email|s:18:\"rafagana@yahoo.com\";phone|s:10:\"3057610606\";isLogIn|b:1;'
WHERE `id` = '0bea082ff86605bead6db2d19f417c9ba7f53215';
UPDATE `user_registration` SET `popup_seen` = 'yes'
WHERE `user_id` = 'UQO7EQ';
UPDATE `ci_sessions` SET `timestamp` = 1744421242, `data` = '__ci_last_regenerate|i:1744421242;id|s:4:\"2042\";user_id|s:6:\"UQO7EQ\";username|s:6:\"Rafa51\";sponsor_id|s:6:\"N6GZAE\";fullname|s:16:\"Rafael Rodriguez\";email|s:18:\"rafagana@yahoo.com\";phone|s:10:\"3057610606\";isLogIn|b:1;'
WHERE `id` = '619d4fca458becf1876e45e8c06412275f1ddd98';
UPDATE `user_registration` SET `popup_seen` = 'yes'
WHERE `user_id` = 'UQO7EQ';
UPDATE `user_registration` SET `popup_seen` = 'no'
WHERE `user_id` = 'UQO7EQ';
DELETE FROM `ci_sessions`
WHERE `id` = '8140c5950b0e2256717a7f3f5b46b3738cb1f94b';
INSERT INTO `login_history` (`user_id`, `device`, `ip_address`, `date`) VALUES ('UQO7EQ', 'Mozilla/5.0 (Windows NT 10.0; Win64; x64) AppleWebKit/537.36 (KHTML, like Gecko) Chrome/135.0.0.0 Safari/537.36', '172.68.7.183', '25-04-11 20:32');
UPDATE `user_registration` SET `popup_seen` = 'yes'
WHERE `user_id` = 'UQO7EQ';
UPDATE `ci_sessions` SET `timestamp` = 1744421624, `data` = '__ci_last_regenerate|i:1744421624;id|s:4:\"2042\";user_id|s:6:\"UQO7EQ\";username|s:6:\"Rafa51\";sponsor_id|s:6:\"N6GZAE\";fullname|s:16:\"Rafael Rodriguez\";email|s:18:\"rafagana@yahoo.com\";phone|s:10:\"3057610606\";isLogIn|b:1;'
WHERE `id` = 'c77f0d2f2db53ac30a9a29651cc700febb79055f';
UPDATE `user_registration` SET `popup_seen` = 'no'
WHERE `user_id` = 'UQO7EQ';
DELETE FROM `ci_sessions`
WHERE `id` = 'a25685fe61349a80ebf33820ad0d6918e1d07ec7';
INSERT INTO `login_history` (`user_id`, `device`, `ip_address`, `date`) VALUES ('UQO7EQ', 'Mozilla/5.0 (Windows NT 10.0; Win64; x64) AppleWebKit/537.36 (KHTML, like Gecko) Chrome/135.0.0.0 Safari/537.36', '172.68.12.2', '25-04-11 20:33');
UPDATE `user_registration` SET `popup_seen` = 'yes'
WHERE `user_id` = 'UQO7EQ';
UPDATE `user_registration` SET `popup_seen` = 'no'
WHERE `user_id` = 'UQO7EQ';
DELETE FROM `ci_sessions`
WHERE `id` = 'eb428b1a6618e7920e9a4b93f18d4f08279da825';
UPDATE `ci_sessions` SET `timestamp` = 1744422829, `data` = '__ci_last_regenerate|i:1744422829;id|s:4:\"2084\";user_id|s:6:\"QJ5U9C\";username|s:10:\"gascarde60\";sponsor_id|s:6:\"O94ZPY\";fullname|s:14:\"Gaspar Cardero\";email|s:18:\"gascarde@yahoo.com\";phone|s:10:\"7862371360\";isLogIn|b:1;message|s:22:\"Welcome Gaspar Cardero\";__ci_vars|a:1:{s:7:\"message\";s:3:\"old\";}'
WHERE `id` = '1939745f19e9db2e61f69257ddffa34d45553f3b';
UPDATE `ci_sessions` SET `timestamp` = 1744422842, `data` = '__ci_last_regenerate|i:1744422842;captcha|s:4:\"hzc6\";'
WHERE `id` = '00e5d2cbf4ebf7b7e1bfb0c50960b8b2ea8dfc32';
INSERT INTO `login_history` (`user_id`, `device`, `ip_address`, `date`) VALUES ('UQO7EQ', 'Mozilla/5.0 (Windows NT 10.0; Win64; x64) AppleWebKit/537.36 (KHTML, like Gecko) Chrome/135.0.0.0 Safari/537.36', '172.70.82.190', '25-04-11 20:54');
UPDATE `user_registration` SET `popup_seen` = 'yes'
WHERE `user_id` = 'UQO7EQ';
UPDATE `user_registration` SET `popup_seen` = 'yes'
WHERE `user_id` = 'QJ5U9C';
UPDATE `user_registration` SET `popup_seen` = 'no'
WHERE `user_id` = 'UQO7EQ';
DELETE FROM `ci_sessions`
WHERE `id` = '340c94ccc5be6f6449452a9aaad0d63ddf0de0ff';
INSERT INTO `login_history` (`user_id`, `device`, `ip_address`, `date`) VALUES ('QJ5U9C', 'Mozilla/5.0 (Windows NT 10.0; Win64; x64) AppleWebKit/537.36 (KHTML, like Gecko) Chrome/135.0.0.0 Safari/537.36', '172.70.254.150', '25-04-11 22:00');
UPDATE `user_registration` SET `popup_seen` = 'yes'
WHERE `user_id` = 'QJ5U9C';
INSERT INTO `login_history` (`user_id`, `device`, `ip_address`, `date`) VALUES ('UQO7EQ', 'Mozilla/5.0 (Linux; Android 10; K) AppleWebKit/537.36 (KHTML, like Gecko) Chrome/131.0.0.0 Mobile Safari/537.36', '172.68.7.63', '25-04-11 22:00');
UPDATE `user_registration` SET `popup_seen` = 'yes'
WHERE `user_id` = 'UQO7EQ';
UPDATE `user_registration` SET `popup_seen` = 'yes'
WHERE `user_id` = 'UQO7EQ';
UPDATE `user_registration` SET `popup_seen` = 'no'
WHERE `user_id` = 'UQO7EQ';
DELETE FROM `ci_sessions`
WHERE `id` = '1d8d204f896940cdf9c6471ec99b084e313301d2';
UPDATE `ci_sessions` SET `timestamp` = 1744427070, `data` = '__ci_last_regenerate|i:1744427070;id|s:4:\"2084\";user_id|s:6:\"QJ5U9C\";username|s:10:\"gascarde60\";sponsor_id|s:6:\"O94ZPY\";fullname|s:14:\"Gaspar Cardero\";email|s:18:\"gascarde@yahoo.com\";phone|s:10:\"7862371360\";isLogIn|b:1;'
WHERE `id` = '4ebe41805b29829ac5f355a1325df697370c852b';
UPDATE `user_registration` SET `popup_seen` = 'yes'
WHERE `user_id` = 'QJ5U9C';
UPDATE `user_registration` SET `popup_seen` = 'yes'
WHERE `user_id` = 'QJ5U9C';
UPDATE `user_registration` SET `popup_seen` = 'yes'
WHERE `user_id` = 'QJ5U9C';
UPDATE `ci_sessions` SET `timestamp` = 1744428002, `data` = '__ci_last_regenerate|i:1744428002;id|s:4:\"2084\";user_id|s:6:\"QJ5U9C\";username|s:10:\"gascarde60\";sponsor_id|s:6:\"O94ZPY\";fullname|s:14:\"Gaspar Cardero\";email|s:18:\"gascarde@yahoo.com\";phone|s:10:\"7862371360\";isLogIn|b:1;'
WHERE `id` = '52d242ba47c2739771d5b72a821f7a7e2350f9f9';
INSERT INTO `add_cart` (`user_id`, `product_id`, `product_name`, `product_amount`, `product_point`, `product_image`, `product_details`, `quantity`, `total_amount`, `country`, `state`, `total_point`, `date`) VALUES ('QJ5U9C', '2', 'City of Dreams and Magic 3D/2N', '70', '35', 'upload/product_image/475456d5a5cd66be77a68eb9fa08a8fe.png', '<p><span style=\"background-color:rgb(255,255,255);color:rgb(0,0,0);\">Orlando is celebrated for its world-class theme parks, exciting activities, and sunny weather. With unforgettable adventures, incredible dining options, and premier shopping, it’s the ultimate destination for families and thrill-seekers.</span></p><p><span style=\"color:rgb(0,0,0);\"><strong>3 days / 2 nights</strong></span></p><p><span style=\"color:rgb(0,0,0);\"><strong>Cost: $70</strong></span></p>', 1, 70, '223', '4250', 35, '2025-04-11 22:20:55');
DELETE FROM `add_cart`
WHERE `id` = '73';
UPDATE `user_registration` SET `popup_seen` = 'yes'
WHERE `user_id` = 'QJ5U9C';
INSERT INTO `login_history` (`user_id`, `device`, `ip_address`, `date`) VALUES ('4WVWXZ', 'Mozilla/5.0 (Macintosh; Intel Mac OS X 10_15_7) AppleWebKit/605.1.15 (KHTML, like Gecko) Version/18.3.1 Safari/605.1.15', '172.71.156.143', '25-04-11 22:23');
UPDATE `user_registration` SET `popup_seen` = 'yes'
WHERE `user_id` = '4WVWXZ';
INSERT INTO `login_history` (`user_id`, `device`, `ip_address`, `date`) VALUES ('B5EVHD', 'Mozilla/5.0 (iPhone; CPU iPhone OS 18_3_2 like Mac OS X) AppleWebKit/605.1.15 (KHTML, like Gecko) Version/18.3.1 Mobile/15E148 Safari/604.1', '172.70.55.102', '25-04-11 22:26');
UPDATE `user_registration` SET `popup_seen` = 'yes'
WHERE `user_id` = 'B5EVHD';
UPDATE `ci_sessions` SET `timestamp` = 1744428473, `data` = '__ci_last_regenerate|i:1744428473;id|s:4:\"2326\";user_id|s:6:\"4WVWXZ\";username|s:9:\"Juana1965\";sponsor_id|s:6:\"B5EVHD\";fullname|s:24:\"Juana Rosalba Perez-Jove\";email|s:25:\"Albitapjove2012@gmail.com\";phone|s:10:\"7862220993\";isLogIn|b:1;'
WHERE `id` = 'cc8d6d2bcd2baff3a49da68bd5bcf01f65d5a1ad';
UPDATE `user_registration` SET `popup_seen` = 'yes'
WHERE `user_id` = '4WVWXZ';
UPDATE `user_registration` SET `popup_seen` = 'yes'
WHERE `user_id` = '4WVWXZ';
UPDATE `user_registration` SET `popup_seen` = 'yes'
WHERE `user_id` = '4WVWXZ';
UPDATE `user_registration` SET `default_leg` = 'left'
WHERE `user_id` = '4WVWXZ';
UPDATE `ci_sessions` SET `timestamp` = 1744428711, `data` = '__ci_last_regenerate|i:1744428711;id|s:4:\"2084\";user_id|s:6:\"QJ5U9C\";username|s:10:\"gascarde60\";sponsor_id|s:6:\"O94ZPY\";fullname|s:14:\"Gaspar Cardero\";email|s:18:\"gascarde@yahoo.com\";phone|s:10:\"7862371360\";isLogIn|b:1;'
WHERE `id` = '9f45c0eda2e72693e0fe3c88b8be9d10ee2348d5';
UPDATE `ci_sessions` SET `timestamp` = 1744429000, `data` = '__ci_last_regenerate|i:1744429000;id|s:4:\"2326\";user_id|s:6:\"4WVWXZ\";username|s:9:\"Juana1965\";sponsor_id|s:6:\"B5EVHD\";fullname|s:24:\"Juana Rosalba Perez-Jove\";email|s:25:\"Albitapjove2012@gmail.com\";phone|s:10:\"7862220993\";isLogIn|b:1;'
WHERE `id` = 'cc8d6d2bcd2baff3a49da68bd5bcf01f65d5a1ad';
INSERT INTO `temp_register` (`post_data`, `date`, `payment_method`, `type`) VALUES ('{\"uid\":\"2324\",\"user_id\":\"1MHVTB\",\"username\":\"Ddhernandez\",\"sponsor_id\":\"4WVWXZ\",\"vacant\":\"no\",\"f_name\":\"Yisell\",\"l_name\":\"Suarez\",\"position\":\"left\",\"email\":\"yisell.suarez@yahoo.com\",\"password\":\"9fa33f0816634dc45201ca8bcd3f02b4\",\"phone\":\"7863282754\",\"country\":\"United States\",\"state\":\"Florida\",\"city\":\"Hialeah\",\"street\":\"6481 W 22nd Ct\",\"zip_code\":\"33016\",\"reg_ip\":\"172.68.12.145\",\"status\":1,\"package_id\":\"2\",\"rank_id\":1,\"highest_rank\":1,\"cycle_rank_id\":1,\"user_type\":\"affiliate\",\"created\":\"2025-04-11 22:36:40\",\"subscription_date\":\"2025-05-11\",\"active_status\":\"yes\",\"google_secret\":\"5GIKXVIJAUIH4J7J\"}', '2025-04-11 22:36:40', 'stripe', 'register');
UPDATE `ci_sessions` SET `timestamp` = 1744429046, `data` = '__ci_last_regenerate|i:1744429046;id|s:4:\"2216\";user_id|s:6:\"B5EVHD\";username|s:10:\"AlexVale57\";sponsor_id|s:6:\"2V26XM\";fullname|s:13:\"Xiomara Perez\";email|s:19:\"xiomy2852@gmail.com\";phone|s:10:\"7863331253\";isLogIn|b:1;'
WHERE `id` = '1aed634b204965f8fdcbc90b8ad668a2687e46f8';
UPDATE `temp_register` SET `response` = '{\"stripeToken\":\"tok_1RCuvr2NUoYUjiuuMsfInXGD\",\"stripeTokenType\":\"card\",\"stripeEmail\":\"yisell.suarez@yahoo.com\"}', `date_modified` = '2025-04-11 22:40:44', `payment_status` = '{\"id\":\"ch_3RCuvw2NUoYUjiuu04n4Ytsz\",\"object\":\"charge\",\"amount\":59500,\"amount_captured\":59500,\"amount_refunded\":0,\"application\":null,\"application_fee\":null,\"application_fee_amount\":null,\"balance_transaction\":\"txn_3RCuvw2NUoYUjiuu0UWyLfvq\",\"billing_details\":{\"address\":{\"city\":null,\"country\":null,\"line1\":null,\"line2\":null,\"postal_code\":null,\"state\":null},\"email\":null,\"name\":\"yisell.suarez@yahoo.com\",\"phone\":null},\"calculated_statement_descriptor\":\"TRAVELEGENDCY LLC\",\"captured\":true,\"created\":1744429244,\"currency\":\"usd\",\"customer\":\"cus_S79EXNbRvcbcyi\",\"description\":null,\"destination\":null,\"dispute\":null,\"disputed\":false,\"failure_balance_transaction\":null,\"failure_code\":null,\"failure_message\":null,\"fraud_details\":[],\"invoice\":null,\"livemode\":true,\"metadata\":{\"name\":\"Yisell Suarez\",\"username\":\"Ddhernandez\"},\"on_behalf_of\":null,\"order\":null,\"outcome\":{\"advice_code\":null,\"network_advice_code\":null,\"network_decline_code\":null,\"network_status\":\"approved_by_network\",\"reason\":null,\"risk_level\":\"normal\",\"seller_message\":\"Payment complete.\",\"type\":\"authorized\"},\"paid\":true,\"payment_intent\":null,\"payment_method\":\"card_1RCuvr2NUoYUjiuuNx11UkWI\",\"payment_method_details\":{\"card\":{\"amount_authorized\":59500,\"authorization_code\":\"01334D\",\"brand\":\"visa\",\"checks\":{\"address_line1_check\":null,\"address_postal_code_check\":null,\"cvc_check\":\"pass\"},\"country\":\"US\",\"exp_month\":10,\"exp_year\":2029,\"extended_authorization\":{\"status\":\"disabled\"},\"fingerprint\":\"whFuGdP3Km1zz4WT\",\"funding\":\"credit\",\"incremental_authorization\":{\"status\":\"unavailable\"},\"installments\":null,\"last4\":\"7243\",\"mandate\":null,\"multicapture\":{\"status\":\"unavailable\"},\"network\":\"visa\",\"network_token\":{\"used\":false},\"network_transaction_id\":\"305102132447245\",\"overcapture\":{\"maximum_amount_capturable\":59500,\"status\":\"unavailable\"},\"regulated_status\":\"unregulated\",\"three_d_secure\":null,\"wallet\":null},\"type\":\"card\"},\"receipt_email\":null,\"receipt_number\":null,\"receipt_url\":\"https:\\/\\/pay.stripe.com\\/receipts\\/payment\\/CAcQARoXChVhY2N0XzFRUEFGdjJOVW9ZVWppdXUovMHnvwYyBk-ML0o_6TosFmH613OZduA6gGkGtHrRRVRuRy8bbhvsJRVVR48wtjxra0_p1FMRkOsQPFI\",\"refunded\":false,\"review\":null,\"shipping\":null,\"source\":{\"id\":\"card_1RCuvr2NUoYUjiuuNx11UkWI\",\"object\":\"card\",\"address_city\":null,\"address_country\":null,\"address_line1\":null,\"address_line1_check\":null,\"address_line2\":null,\"address_state\":null,\"address_zip\":null,\"address_zip_check\":null,\"allow_redisplay\":\"unspecified\",\"brand\":\"Visa\",\"country\":\"US\",\"customer\":\"cus_S79EXNbRvcbcyi\",\"cvc_check\":\"pass\",\"dynamic_last4\":null,\"exp_month\":10,\"exp_year\":2029,\"fingerprint\":\"whFuGdP3Km1zz4WT\",\"funding\":\"credit\",\"last4\":\"7243\",\"metadata\":[],\"name\":\"yisell.suarez@yahoo.com\",\"regulated_status\":\"unregulated\",\"tokenization_method\":null,\"wallet\":null},\"source_transfer\":null,\"statement_descriptor\":null,\"statement_descriptor_suffix\":null,\"status\":\"succeeded\",\"transfer_data\":null,\"transfer_group\":null}'
WHERE `id` = 289;
INSERT INTO `user_registration` (`user_id`, `username`, `sponsor_id`, `vacant`, `f_name`, `l_name`, `position`, `email`, `password`, `phone`, `country`, `state`, `city`, `street`, `zip_code`, `reg_ip`, `status`, `package_id`, `rank_id`, `highest_rank`, `cycle_rank_id`, `user_type`, `created`, `subscription_date`, `active_status`, `google_secret`) VALUES ('1MHVTB', 'Ddhernandez', '4WVWXZ', 'no', 'Yisell', 'Suarez', 'left', 'yisell.suarez@yahoo.com', '9fa33f0816634dc45201ca8bcd3f02b4', '7863282754', 'United States', 'Florida', 'Hialeah', '6481 W 22nd Ct', '33016', '172.68.12.145', 1, '2', 1, 1, 1, 'affiliate', '2025-04-11 22:36:40', '2025-05-11', 'yes', '5GIKXVIJAUIH4J7J');
UPDATE `user_registration` SET total_ref_count = total_ref_count+1
WHERE `user_id` = '4WVWXZ';
INSERT INTO `matrix_fill_sponsor` (`sponsor_id`, `downline_id`, `level`, `matrix`) VALUES ('4WVWXZ', '1MHVTB', 1, 1);
INSERT INTO `matrix_fill_sponsor` (`sponsor_id`, `downline_id`, `level`, `matrix`) VALUES ('B5EVHD', '1MHVTB', 2, 1);
INSERT INTO `matrix_fill_sponsor` (`sponsor_id`, `downline_id`, `level`, `matrix`) VALUES ('2V26XM', '1MHVTB', 3, 1);
INSERT INTO `matrix_fill_sponsor` (`sponsor_id`, `downline_id`, `level`, `matrix`) VALUES ('JHRDHS', '1MHVTB', 4, 1);
INSERT INTO `matrix_fill_sponsor` (`sponsor_id`, `downline_id`, `level`, `matrix`) VALUES ('CVVK4C', '1MHVTB', 5, 1);
INSERT INTO `matrix_fill_sponsor` (`sponsor_id`, `downline_id`, `level`, `matrix`) VALUES ('K55EDD', '1MHVTB', 6, 1);
INSERT INTO `matrix_fill_sponsor` (`sponsor_id`, `downline_id`, `level`, `matrix`) VALUES ('UQO7EQ', '1MHVTB', 7, 1);
INSERT INTO `matrix_fill_sponsor` (`sponsor_id`, `downline_id`, `level`, `matrix`) VALUES ('N6GZAE', '1MHVTB', 8, 1);
INSERT INTO `matrix_fill_sponsor` (`sponsor_id`, `downline_id`, `level`, `matrix`) VALUES ('4E1CRI', '1MHVTB', 9, 1);
INSERT INTO `matrix_fill_sponsor` (`sponsor_id`, `downline_id`, `level`, `matrix`) VALUES ('SJBNYJ', '1MHVTB', 10, 1);
INSERT INTO `matrix_fill_sponsor` (`sponsor_id`, `downline_id`, `level`, `matrix`) VALUES ('44B9Y4', '1MHVTB', 11, 1);
INSERT INTO `matrix_fill_sponsor` (`sponsor_id`, `downline_id`, `level`, `matrix`) VALUES ('admin', '1MHVTB', 12, 1);
UPDATE `binary_view` SET `user_id` = '1MHVTB', `username` = 'Ddhernandez', `vacant` = 'no', `created` = '2025-04-11 22:40:44', `sponsor_id` = '4WVWXZ'
WHERE `uid` = '2324';
INSERT INTO `binary_view` (`user_id`, `username`, `sponsor_id`, `placement_id`, `vacant`, `position`, `created`) VALUES ('LGWZMV', 'gfsRoHtB', '1MHVTB', '1MHVTB', 'yes', 'left', '2025-04-11 22:40:44');
INSERT INTO `binary_view` (`user_id`, `username`, `sponsor_id`, `placement_id`, `vacant`, `position`, `created`) VALUES ('UMWDWN', 'kXxvyJpg', '1MHVTB', '1MHVTB', 'yes', 'right', '2025-04-11 22:40:44');
INSERT INTO `bv_updation` (`user_id`) VALUES ('1MHVTB');
UPDATE `user_registration` SET total_downlines = total_downlines+1
WHERE `user_id` = '4WVWXZ';
UPDATE `user_registration` SET left_downlines = left_downlines+1
WHERE `user_id` = '4WVWXZ';
UPDATE `user_registration` SET left_ref_count = left_ref_count+1
WHERE `user_id` = '4WVWXZ';
UPDATE `user_registration` SET active_left = active_left+1
WHERE `user_id` = '4WVWXZ';
UPDATE `user_registration` SET total_downlines = total_downlines+1
WHERE `user_id` = 'GTPJAP';
UPDATE `user_registration` SET left_downlines = left_downlines+1
WHERE `user_id` = 'GTPJAP';
UPDATE `user_registration` SET total_downlines = total_downlines+1
WHERE `user_id` = '4VE7D1';
UPDATE `user_registration` SET left_downlines = left_downlines+1
WHERE `user_id` = '4VE7D1';
UPDATE `user_registration` SET total_downlines = total_downlines+1
WHERE `user_id` = '2KPJZJ';
UPDATE `user_registration` SET left_downlines = left_downlines+1
WHERE `user_id` = '2KPJZJ';
UPDATE `user_registration` SET total_downlines = total_downlines+1
WHERE `user_id` = 'B5EVHD';
UPDATE `user_registration` SET left_downlines = left_downlines+1
WHERE `user_id` = 'B5EVHD';
UPDATE `user_registration` SET total_downlines = total_downlines+1
WHERE `user_id` = 'AQJLZA';
UPDATE `user_registration` SET left_downlines = left_downlines+1
WHERE `user_id` = 'AQJLZA';
UPDATE `user_registration` SET total_downlines = total_downlines+1
WHERE `user_id` = '2V26XM';
UPDATE `user_registration` SET left_downlines = left_downlines+1
WHERE `user_id` = '2V26XM';
UPDATE `user_registration` SET total_downlines = total_downlines+1
WHERE `user_id` = 'K8DXP2';
UPDATE `user_registration` SET left_downlines = left_downlines+1
WHERE `user_id` = 'K8DXP2';
UPDATE `user_registration` SET total_downlines = total_downlines+1
WHERE `user_id` = 'HP6YP2';
UPDATE `user_registration` SET left_downlines = left_downlines+1
WHERE `user_id` = 'HP6YP2';
UPDATE `user_registration` SET total_downlines = total_downlines+1
WHERE `user_id` = 'L8NRSC';
UPDATE `user_registration` SET left_downlines = left_downlines+1
WHERE `user_id` = 'L8NRSC';
UPDATE `user_registration` SET total_downlines = total_downlines+1
WHERE `user_id` = 'JHRDHS';
UPDATE `user_registration` SET left_downlines = left_downlines+1
WHERE `user_id` = 'JHRDHS';
UPDATE `user_registration` SET total_downlines = total_downlines+1
WHERE `user_id` = 'CVVK4C';
UPDATE `user_registration` SET right_downlines = right_downlines+1
WHERE `user_id` = 'CVVK4C';
UPDATE `user_registration` SET total_downlines = total_downlines+1
WHERE `user_id` = 'K55EDD';
UPDATE `user_registration` SET left_downlines = left_downlines+1
WHERE `user_id` = 'K55EDD';
UPDATE `user_registration` SET total_downlines = total_downlines+1
WHERE `user_id` = 'UQO7EQ';
UPDATE `user_registration` SET left_downlines = left_downlines+1
WHERE `user_id` = 'UQO7EQ';
UPDATE `user_registration` SET total_downlines = total_downlines+1
WHERE `user_id` = 'N6GZAE';
UPDATE `user_registration` SET left_downlines = left_downlines+1
WHERE `user_id` = 'N6GZAE';
UPDATE `user_registration` SET total_downlines = total_downlines+1
WHERE `user_id` = '4E1CRI';
UPDATE `user_registration` SET left_downlines = left_downlines+1
WHERE `user_id` = '4E1CRI';
UPDATE `user_registration` SET total_downlines = total_downlines+1
WHERE `user_id` = 'SJBNYJ';
UPDATE `user_registration` SET left_downlines = left_downlines+1
WHERE `user_id` = 'SJBNYJ';
UPDATE `user_registration` SET total_downlines = total_downlines+1
WHERE `user_id` = '44B9Y4';
UPDATE `user_registration` SET left_downlines = left_downlines+1
WHERE `user_id` = '44B9Y4';
UPDATE `user_registration` SET total_downlines = total_downlines+1
WHERE `user_id` = 'admin';
UPDATE `user_registration` SET right_downlines = right_downlines+1
WHERE `user_id` = 'admin';
INSERT INTO `package_purchase_history` (`user_id`, `package_id`, `reg_fee`, `package_name`, `monthly_fee`, `type`, `date`, `payment_option`) VALUES ('1MHVTB', '2', '595', 'Traveler Pro', '150', 'sign_up', '2025-04-11 22:40:44', 'stripe');
INSERT INTO `investment` (`invest_date`, `user_id`, `type`, `amount`, `package_id`) VALUES ('2025-04-11 22:40:44', '1MHVTB', 'register', '595', '2');
INSERT INTO `earnings` (`user_id`, `Purchaser_id`, `earning_type`, `package_id`, `amount`, `date`, `comments`, `invest_amount`, `comm_perc`, `level`, `rank_id`, `order_id`) VALUES ('4WVWXZ', '1MHVTB', 'Direct Referral Bonus', '2', '100', '2025-04-11 22:40:44', 'Direct Referral Bonus', 0, 0, 1, '', 275);
UPDATE `user_registration` SET commission_balance = ROUND(commission_balance + 100,2)
WHERE `user_id` = '4WVWXZ';
UPDATE `user_registration` SET referral_bonus = ROUND(referral_bonus + 100,2)
WHERE `user_id` = '4WVWXZ';
INSERT INTO `earnings` (`user_id`, `Purchaser_id`, `earning_type`, `package_id`, `amount`, `date`, `comments`, `invest_amount`, `comm_perc`, `level`, `rank_id`, `order_id`) VALUES ('JHRDHS', '1MHVTB', 'Expansion Bonus', '2', 100, '2025-04-11 22:40:44', 'Expansion Bonus', '100', 0, 1, '', 275);
UPDATE `user_registration` SET commission_balance = ROUND(commission_balance + 100,2)
WHERE `user_id` = 'JHRDHS';
UPDATE `user_registration` SET expansion_bonus = ROUND(expansion_bonus + 100,2)
WHERE `user_id` = 'JHRDHS';
UPDATE `user_registration` SET total_points = ROUND(total_points + 50,2)
WHERE `user_id` = '1MHVTB';
INSERT INTO `points_history` (`user_id`, `points`, `type`, `date`) VALUES ('1MHVTB', '50', 'register', '2025-04-11 22:40:');
INSERT INTO `matrix_filling` (`placement_id`, `downline_id`, `level`, `matrix`) VALUES ('4WVWXZ', '1MHVTB', 1, 1);
UPDATE `bv_updation` SET left_carry = left_carry+50, total_left = total_left+50
WHERE `user_id` = '4WVWXZ';
INSERT INTO `placement_bv_update_history` (`left_carry`, `date`, `from_id`, `user_id`) VALUES ('50', '2025-04-11 22:40:44', '1MHVTB', '4WVWXZ');
UPDATE `bv_updation` SET sponsor_left_carry = sponsor_left_carry+50, sponsor_total_left = sponsor_total_left+50
WHERE `user_id` = '4WVWXZ';
INSERT INTO `sponsor_bv_update_history` (`left_carry`, `date`, `user_id`) VALUES ('50', '2025-04-11 22:40:44', '4WVWXZ');
INSERT INTO `matrix_filling` (`placement_id`, `downline_id`, `level`, `matrix`) VALUES ('GTPJAP', '1MHVTB', 2, 1);
UPDATE `bv_updation` SET left_carry = left_carry+50, total_left = total_left+50
WHERE `user_id` = 'GTPJAP';
INSERT INTO `placement_bv_update_history` (`left_carry`, `date`, `from_id`, `user_id`) VALUES ('50', '2025-04-11 22:40:44', '1MHVTB', 'GTPJAP');
INSERT INTO `matrix_filling` (`placement_id`, `downline_id`, `level`, `matrix`) VALUES ('4VE7D1', '1MHVTB', 3, 1);
UPDATE `bv_updation` SET left_carry = left_carry+50, total_left = total_left+50
WHERE `user_id` = '4VE7D1';
INSERT INTO `placement_bv_update_history` (`left_carry`, `date`, `from_id`, `user_id`) VALUES ('50', '2025-04-11 22:40:44', '1MHVTB', '4VE7D1');
INSERT INTO `matrix_filling` (`placement_id`, `downline_id`, `level`, `matrix`) VALUES ('2KPJZJ', '1MHVTB', 4, 1);
UPDATE `bv_updation` SET left_carry = left_carry+50, total_left = total_left+50
WHERE `user_id` = '2KPJZJ';
INSERT INTO `placement_bv_update_history` (`left_carry`, `date`, `from_id`, `user_id`) VALUES ('50', '2025-04-11 22:40:44', '1MHVTB', '2KPJZJ');
INSERT INTO `matrix_filling` (`placement_id`, `downline_id`, `level`, `matrix`) VALUES ('B5EVHD', '1MHVTB', 5, 1);
UPDATE `bv_updation` SET left_carry = left_carry+50, total_left = total_left+50
WHERE `user_id` = 'B5EVHD';
INSERT INTO `placement_bv_update_history` (`left_carry`, `date`, `from_id`, `user_id`) VALUES ('50', '2025-04-11 22:40:44', '1MHVTB', 'B5EVHD');
UPDATE `user_registration` SET `cycle_rank_id` = '1'
WHERE `user_id` = 'B5EVHD';
INSERT INTO `rank_history` (`rank_id`, `user_id`, `name`, `bv`, `date`, `amount`, `type`) VALUES ('1', 'B5EVHD', 'Affiliate', '0', '2025-04-11 22:40:44', '0', 'auto');
INSERT INTO `matrix_filling` (`placement_id`, `downline_id`, `level`, `matrix`) VALUES ('AQJLZA', '1MHVTB', 6, 1);
UPDATE `bv_updation` SET left_carry = left_carry+50, total_left = total_left+50
WHERE `user_id` = 'AQJLZA';
INSERT INTO `placement_bv_update_history` (`left_carry`, `date`, `from_id`, `user_id`) VALUES ('50', '2025-04-11 22:40:44', '1MHVTB', 'AQJLZA');
INSERT INTO `matrix_filling` (`placement_id`, `downline_id`, `level`, `matrix`) VALUES ('2V26XM', '1MHVTB', 7, 1);
UPDATE `bv_updation` SET left_carry = left_carry+50, total_left = total_left+50
WHERE `user_id` = '2V26XM';
INSERT INTO `placement_bv_update_history` (`left_carry`, `date`, `from_id`, `user_id`) VALUES ('50', '2025-04-11 22:40:44', '1MHVTB', '2V26XM');
INSERT INTO `matrix_filling` (`placement_id`, `downline_id`, `level`, `matrix`) VALUES ('K8DXP2', '1MHVTB', 8, 1);
UPDATE `bv_updation` SET left_carry = left_carry+50, total_left = total_left+50
WHERE `user_id` = 'K8DXP2';
INSERT INTO `placement_bv_update_history` (`left_carry`, `date`, `from_id`, `user_id`) VALUES ('50', '2025-04-11 22:40:44', '1MHVTB', 'K8DXP2');
INSERT INTO `matrix_filling` (`placement_id`, `downline_id`, `level`, `matrix`) VALUES ('HP6YP2', '1MHVTB', 9, 1);
UPDATE `bv_updation` SET left_carry = left_carry+50, total_left = total_left+50
WHERE `user_id` = 'HP6YP2';
INSERT INTO `placement_bv_update_history` (`left_carry`, `date`, `from_id`, `user_id`) VALUES ('50', '2025-04-11 22:40:44', '1MHVTB', 'HP6YP2');
UPDATE `user_registration` SET `cycle_rank_id` = '1'
WHERE `user_id` = 'HP6YP2';
INSERT INTO `rank_history` (`rank_id`, `user_id`, `name`, `bv`, `date`, `amount`, `type`) VALUES ('1', 'HP6YP2', 'Affiliate', '0', '2025-04-11 22:40:44', '0', 'auto');
INSERT INTO `matrix_filling` (`placement_id`, `downline_id`, `level`, `matrix`) VALUES ('L8NRSC', '1MHVTB', 10, 1);
UPDATE `bv_updation` SET left_carry = left_carry+50, total_left = total_left+50
WHERE `user_id` = 'L8NRSC';
INSERT INTO `placement_bv_update_history` (`left_carry`, `date`, `from_id`, `user_id`) VALUES ('50', '2025-04-11 22:40:44', '1MHVTB', 'L8NRSC');
UPDATE `user_registration` SET `cycle_rank_id` = '1'
WHERE `user_id` = 'L8NRSC';
INSERT INTO `rank_history` (`rank_id`, `user_id`, `name`, `bv`, `date`, `amount`, `type`) VALUES ('1', 'L8NRSC', 'Affiliate', '0', '2025-04-11 22:40:44', '0', 'auto');
INSERT INTO `matrix_filling` (`placement_id`, `downline_id`, `level`, `matrix`) VALUES ('JHRDHS', '1MHVTB', 11, 1);
UPDATE `bv_updation` SET left_carry = left_carry+50, total_left = total_left+50
WHERE `user_id` = 'JHRDHS';
INSERT INTO `placement_bv_update_history` (`left_carry`, `date`, `from_id`, `user_id`) VALUES ('50', '2025-04-11 22:40:45', '1MHVTB', 'JHRDHS');
UPDATE `user_registration` SET `cycle_rank_id` = '1'
WHERE `user_id` = 'JHRDHS';
INSERT INTO `rank_history` (`rank_id`, `user_id`, `name`, `bv`, `date`, `amount`, `type`) VALUES ('1', 'JHRDHS', 'Affiliate', '0', '2025-04-11 22:40:45', '0', 'auto');
INSERT INTO `matrix_filling` (`placement_id`, `downline_id`, `level`, `matrix`) VALUES ('CVVK4C', '1MHVTB', 12, 1);
UPDATE `bv_updation` SET right_carry = right_carry+50, total_right = total_right+50
WHERE `user_id` = 'CVVK4C';
INSERT INTO `placement_bv_update_history` (`right_carry`, `date`, `from_id`, `user_id`) VALUES ('50', '2025-04-11 22:40:45', '1MHVTB', 'CVVK4C');
UPDATE `user_registration` SET `cycle_rank_id` = '1'
WHERE `user_id` = 'CVVK4C';
INSERT INTO `rank_history` (`rank_id`, `user_id`, `name`, `bv`, `date`, `amount`, `type`) VALUES ('1', 'CVVK4C', 'Affiliate', '0', '2025-04-11 22:40:45', '0', 'auto');
INSERT INTO `matrix_filling` (`placement_id`, `downline_id`, `level`, `matrix`) VALUES ('K55EDD', '1MHVTB', 13, 1);
UPDATE `bv_updation` SET left_carry = left_carry+50, total_left = total_left+50
WHERE `user_id` = 'K55EDD';
INSERT INTO `placement_bv_update_history` (`left_carry`, `date`, `from_id`, `user_id`) VALUES ('50', '2025-04-11 22:40:45', '1MHVTB', 'K55EDD');
UPDATE `user_registration` SET `cycle_rank_id` = '1'
WHERE `user_id` = 'K55EDD';
INSERT INTO `rank_history` (`rank_id`, `user_id`, `name`, `bv`, `date`, `amount`, `type`) VALUES ('1', 'K55EDD', 'Affiliate', '0', '2025-04-11 22:40:45', '0', 'auto');
INSERT INTO `matrix_filling` (`placement_id`, `downline_id`, `level`, `matrix`) VALUES ('UQO7EQ', '1MHVTB', 14, 1);
UPDATE `bv_updation` SET left_carry = left_carry+50, total_left = total_left+50
WHERE `user_id` = 'UQO7EQ';
INSERT INTO `placement_bv_update_history` (`left_carry`, `date`, `from_id`, `user_id`) VALUES ('50', '2025-04-11 22:40:45', '1MHVTB', 'UQO7EQ');
UPDATE `user_registration` SET `cycle_rank_id` = '1'
WHERE `user_id` = 'UQO7EQ';
INSERT INTO `rank_history` (`rank_id`, `user_id`, `name`, `bv`, `date`, `amount`, `type`) VALUES ('1', 'UQO7EQ', 'Affiliate', '0', '2025-04-11 22:40:45', '0', 'auto');
INSERT INTO `matrix_filling` (`placement_id`, `downline_id`, `level`, `matrix`) VALUES ('N6GZAE', '1MHVTB', 15, 1);
UPDATE `bv_updation` SET left_carry = left_carry+50, total_left = total_left+50
WHERE `user_id` = 'N6GZAE';
INSERT INTO `placement_bv_update_history` (`left_carry`, `date`, `from_id`, `user_id`) VALUES ('50', '2025-04-11 22:40:46', '1MHVTB', 'N6GZAE');
UPDATE `user_registration` SET `cycle_rank_id` = '1'
WHERE `user_id` = 'N6GZAE';
INSERT INTO `rank_history` (`rank_id`, `user_id`, `name`, `bv`, `date`, `amount`, `type`) VALUES ('1', 'N6GZAE', 'Affiliate', '0', '2025-04-11 22:40:46', '0', 'auto');
INSERT INTO `matrix_filling` (`placement_id`, `downline_id`, `level`, `matrix`) VALUES ('4E1CRI', '1MHVTB', 16, 1);
UPDATE `bv_updation` SET left_carry = left_carry+50, total_left = total_left+50
WHERE `user_id` = '4E1CRI';
INSERT INTO `placement_bv_update_history` (`left_carry`, `date`, `from_id`, `user_id`) VALUES ('50', '2025-04-11 22:40:46', '1MHVTB', '4E1CRI');
INSERT INTO `matrix_filling` (`placement_id`, `downline_id`, `level`, `matrix`) VALUES ('SJBNYJ', '1MHVTB', 17, 1);
UPDATE `bv_updation` SET left_carry = left_carry+50, total_left = total_left+50
WHERE `user_id` = 'SJBNYJ';
INSERT INTO `placement_bv_update_history` (`left_carry`, `date`, `from_id`, `user_id`) VALUES ('50', '2025-04-11 22:40:46', '1MHVTB', 'SJBNYJ');
UPDATE `user_registration` SET `cycle_rank_id` = '1'
WHERE `user_id` = 'SJBNYJ';
INSERT INTO `rank_history` (`rank_id`, `user_id`, `name`, `bv`, `date`, `amount`, `type`) VALUES ('1', 'SJBNYJ', 'Affiliate', '0', '2025-04-11 22:40:46', '0', 'auto');
INSERT INTO `matrix_filling` (`placement_id`, `downline_id`, `level`, `matrix`) VALUES ('44B9Y4', '1MHVTB', 18, 1);
UPDATE `bv_updation` SET left_carry = left_carry+50, total_left = total_left+50
WHERE `user_id` = '44B9Y4';
INSERT INTO `placement_bv_update_history` (`left_carry`, `date`, `from_id`, `user_id`) VALUES ('50', '2025-04-11 22:40:46', '1MHVTB', '44B9Y4');
UPDATE `user_registration` SET `cycle_rank_id` = '1'
WHERE `user_id` = '44B9Y4';
INSERT INTO `rank_history` (`rank_id`, `user_id`, `name`, `bv`, `date`, `amount`, `type`) VALUES ('1', '44B9Y4', 'Affiliate', '0', '2025-04-11 22:40:46', '0', 'auto');
INSERT INTO `matrix_filling` (`placement_id`, `downline_id`, `level`, `matrix`) VALUES ('admin', '1MHVTB', 19, 1);
UPDATE `bv_updation` SET right_carry = right_carry+50, total_right = total_right+50
WHERE `user_id` = 'admin';
INSERT INTO `placement_bv_update_history` (`right_carry`, `date`, `from_id`, `user_id`) VALUES ('50', '2025-04-11 22:40:46', '1MHVTB', 'admin');
UPDATE `user_registration` SET `cycle_rank_id` = '1'
WHERE `user_id` = 'admin';
INSERT INTO `rank_history` (`rank_id`, `user_id`, `name`, `bv`, `date`, `amount`, `type`) VALUES ('1', 'admin', 'Affiliate', '0', '2025-04-11 22:40:46', '0', 'auto');
UPDATE `ci_sessions` SET `timestamp` = 1744429368, `data` = '__ci_last_regenerate|i:1744429368;id|s:4:\"2216\";user_id|s:6:\"B5EVHD\";username|s:10:\"AlexVale57\";sponsor_id|s:6:\"2V26XM\";fullname|s:13:\"Xiomara Perez\";email|s:19:\"xiomy2852@gmail.com\";phone|s:10:\"7863331253\";isLogIn|b:1;'
WHERE `id` = 'b3285604c779bc7f7a2d23a6ba54d14298593c76';
UPDATE `ci_sessions` SET `timestamp` = 1744429393, `data` = '__ci_last_regenerate|i:1744429393;id|s:4:\"2326\";user_id|s:6:\"4WVWXZ\";username|s:9:\"Juana1965\";sponsor_id|s:6:\"B5EVHD\";fullname|s:24:\"Juana Rosalba Perez-Jove\";email|s:25:\"Albitapjove2012@gmail.com\";phone|s:10:\"7862220993\";isLogIn|b:1;'
WHERE `id` = 'dad8f3859cbc058235d16afd86eabf7ba2e01490';
UPDATE `ci_sessions` SET `timestamp` = 1744429863, `data` = '__ci_last_regenerate|i:1744429863;captcha|s:4:\"6ykd\";'
WHERE `id` = 'c0b5cbcd599a351e6c1befed2f5eefe158fe198f';
INSERT INTO `login_history` (`user_id`, `device`, `ip_address`, `date`) VALUES ('UQO7EQ', 'Mozilla/5.0 (Linux; Android 10; K) AppleWebKit/537.36 (KHTML, like Gecko) Chrome/131.0.0.0 Mobile Safari/537.36', '172.70.82.191', '25-04-11 22:51');
UPDATE `user_registration` SET `popup_seen` = 'yes'
WHERE `user_id` = 'UQO7EQ';
UPDATE `ci_sessions` SET `timestamp` = 1744429897, `data` = '__ci_last_regenerate|i:1744429897;id|s:4:\"2326\";user_id|s:6:\"4WVWXZ\";username|s:9:\"Juana1965\";sponsor_id|s:6:\"B5EVHD\";fullname|s:24:\"Juana Rosalba Perez-Jove\";email|s:25:\"Albitapjove2012@gmail.com\";phone|s:10:\"7862220993\";isLogIn|b:1;'
WHERE `id` = '2e6c8a03fa26783b8cec75f753d75fbbd35e48cd';
UPDATE `user_registration` SET `popup_seen` = 'no'
WHERE `user_id` = 'UQO7EQ';
DELETE FROM `ci_sessions`
WHERE `id` = '6cd0b7674e9b36810cf1b107d2387487d9c2fa1b';
UPDATE `user_registration` SET `language` = 'spanish'
WHERE `user_id` = '4WVWXZ';
UPDATE `user_registration` SET `language` = 'spanish'
WHERE `user_id` = '4WVWXZ';
UPDATE `user_registration` SET `popup_seen` = 'no'
WHERE `user_id` = '4WVWXZ';
DELETE FROM `ci_sessions`
WHERE `id` = 'e615029145700fd11ccc9a8a50558b271eb1b00a';
UPDATE `user_registration` SET `popup_seen` = 'no'
WHERE `user_id` IS NULL;
DELETE FROM `ci_sessions`
WHERE `id` = '1e59a1f4f2266b001a47c7357cdcea93377db14b';
INSERT INTO `login_history` (`user_id`, `device`, `ip_address`, `date`) VALUES ('44B9Y4', 'Mozilla/5.0 (iPhone; CPU iPhone OS 18_3_2 like Mac OS X) AppleWebKit/605.1.15 (KHTML, like Gecko) Version/18.3.1 Mobile/15E148 Safari/604.1', '172.70.254.133', '25-04-11 22:55');
UPDATE `user_registration` SET `popup_seen` = 'yes'
WHERE `user_id` = '44B9Y4';
INSERT INTO `login_history` (`user_id`, `device`, `ip_address`, `date`) VALUES ('1MHVTB', 'Mozilla/5.0 (Macintosh; Intel Mac OS X 10_15_7) AppleWebKit/605.1.15 (KHTML, like Gecko) Version/18.3.1 Safari/605.1.15', '108.162.210.227', '25-04-11 22:56');
UPDATE `user_registration` SET `popup_seen` = 'yes'
WHERE `user_id` = '1MHVTB';
UPDATE `user_registration` SET `popup_seen` = 'no'
WHERE `user_id` = '1MHVTB';
DELETE FROM `ci_sessions`
WHERE `id` = '3b74007c6afdf19e4ce0610333c30c785520372e';
UPDATE `user_registration` SET `popup_seen` = 'no'
WHERE `user_id` IS NULL;
DELETE FROM `ci_sessions`
WHERE `id` = '8af4f81c7d66d216be24e58bffa93ef121ef5773';
INSERT INTO `login_history` (`user_id`, `device`, `ip_address`, `date`) VALUES ('JHRDHS', 'Mozilla/5.0 (Macintosh; Intel Mac OS X 10_15_7) AppleWebKit/605.1.15 (KHTML, like Gecko) Version/18.3.1 Safari/605.1.15', '108.162.210.226', '25-04-11 22:58');
UPDATE `user_registration` SET `popup_seen` = 'yes'
WHERE `user_id` = 'JHRDHS';
UPDATE `ci_sessions` SET `timestamp` = 1744430655, `data` = '__ci_last_regenerate|i:1744430655;id|s:4:\"2071\";user_id|s:6:\"JHRDHS\";username|s:7:\"mbecena\";sponsor_id|s:6:\"CVVK4C\";fullname|s:12:\"Maria Becena\";email|s:21:\"mbecena@bellsouth.net\";phone|s:10:\"7862360387\";isLogIn|b:1;'
WHERE `id` = 'e446c4372a7cd656bd79a841910212f93a1e0073';
UPDATE `user_registration` SET `popup_seen` = 'no'
WHERE `user_id` = 'JHRDHS';
DELETE FROM `ci_sessions`
WHERE `id` = '8b97f9c32d4df6efb0b12e0d1a4406d7526d56a2';
UPDATE `ci_sessions` SET `timestamp` = 1744431141, `data` = '__ci_last_regenerate|i:1744431141;exception|s:31:\"Incorrect Username Or Password!\";__ci_vars|a:1:{s:9:\"exception\";s:3:\"old\";}captcha|s:4:\"elkb\";'
WHERE `id` = '89092bc58d0cc9a4d28dcdc7fa3ce023bee0c18e';
UPDATE `ci_sessions` SET `timestamp` = 1744431271, `data` = '__ci_last_regenerate|i:1744431271;id|s:4:\"2216\";user_id|s:6:\"B5EVHD\";username|s:10:\"AlexVale57\";sponsor_id|s:6:\"2V26XM\";fullname|s:13:\"Xiomara Perez\";email|s:19:\"xiomy2852@gmail.com\";phone|s:10:\"7863331253\";isLogIn|b:1;'
WHERE `id` = '3028d00ba9b65e25f8a3add522e737ba84b7448a';
INSERT INTO `login_history` (`user_id`, `device`, `ip_address`, `date`) VALUES ('B5EVHD', 'Mozilla/5.0 (Macintosh; Intel Mac OS X 10_15_7) AppleWebKit/605.1.15 (KHTML, like Gecko) Version/18.3.1 Safari/605.1.15', '172.68.7.88', '25-04-11 23:14');
UPDATE `user_registration` SET `popup_seen` = 'yes'
WHERE `user_id` = 'B5EVHD';
INSERT INTO `payquicker_token` (`response`, `token`, `created_time`, `expires_at`) VALUES ('{\"access_token\":\"3BACB1F0B1DE1A20BA16D0D8633790C1941C7CFF62EC8ECCCCA187EEC8E540E1-1\",\"expires_in\":3600,\"token_type\":\"Bearer\",\"scope\":\"api useraccount_balance useraccount_debit useraccount_invitation useraccount_payment\"}', '3BACB1F0B1DE1A20BA16D0D8633790C1941C7CFF62EC8ECCCCA187EEC8E540E1-1', '2025-04-11 23:16:20', '2025-04-12 00:16:20');
INSERT INTO `payment_metod_setting` (`user_id`, `method`, `email`, `wallet_id`, `status`, `date`) VALUES ('B5EVHD', 'payquicker', 'xiomy2852@gmail.com', 'AlexVale57yeMo', 0, '2025-04-11 23:16:23');
INSERT INTO `payquicker_send_invite` (`user_id`, `userCompanyAssignedUniqueKey`, `response`, `date`) VALUES ('B5EVHD', 'AlexVale57yeMo', '[{\"dateInvited\":\"2025-04-12T04:16:24Z\",\"invitationKey\":\"FtYhxJDFb4oqhToDPOt4RZCNg6DCAaOZTWvWXWgODJpzWkSd383k5ON4wLjqC2mMO5wW0c7RMfW4sqKhaFAGYADXz3lxt9Z0gFkDiGgq3BaUoLBHWfHRPI5Ec9Awo9h3dsAb9RzS4VY6QBTGbCnIQbgsx5Bp38hWywKzMr67Se3uZUVexZjIxNzvvdUU43oP7CxeoDj2ALjg7tmqYr9RLtXvAQrFOOITjkUj9uJgNAdkTikaIFpaCdnVgBcR6sr0\",\"invitationStatus\":\"InvitationStatusType_Pending\",\"registrationStatus\":\"NotStarted\",\"registrationDetails\":{\"addresses\":[{\"city\":\"Hialeah\",\"country\":\"USA\",\"postalCode\":\"33016\",\"region\":\"Florida\",\"streetAddress1\":\"6560 W 27th Court Apt24 Bldg 57\",\"created\":\"0001-01-01T00:00:00Z\",\"type\":\"AddressType_Residential\"}],\"fundingAccountPublicId\":\"4e84a85ac47e46639c648f932d48fdf0\",\"issuePlasticCard\":true,\"notifyUser\":true,\"userDetails\":{\"emailAddress\":\"xiomy2852@gmail.com\",\"firstName\":\"Xiomara\",\"lastName\":\"Perez\",\"userCompanyAssignedUniqueKey\":\"AlexVale57yeMo\"}}}]', '2025-04-11 23:16:23');
UPDATE `ci_sessions` SET `timestamp` = 1744432341, `data` = '__ci_last_regenerate|i:1744432341;id|s:4:\"2216\";user_id|s:6:\"B5EVHD\";username|s:10:\"AlexVale57\";sponsor_id|s:6:\"2V26XM\";fullname|s:13:\"Xiomara Perez\";email|s:19:\"xiomy2852@gmail.com\";phone|s:10:\"7863331253\";isLogIn|b:1;message|s:97:\"Successfully send signup link to your email, Please complete the registration as soon as possible\";__ci_vars|a:1:{s:7:\"message\";s:3:\"old\";}'
WHERE `id` = '8e71644512d2c7686e927e844b37a10c9b6795dc';
UPDATE `user_registration` SET `popup_seen` = 'no'
WHERE `user_id` = 'B5EVHD';
DELETE FROM `ci_sessions`
WHERE `id` = '47842e9194d4443f4f50ffcbab36c66fdb21106c';
UPDATE `user_registration` SET `popup_seen` = 'no'
WHERE `user_id` IS NULL;
DELETE FROM `ci_sessions`
WHERE `id` = '1333a569cbc72f3b8996a5580ac371c3d58644bd';
UPDATE `user_registration` SET `popup_seen` = 'no'
WHERE `user_id` IS NULL;
DELETE FROM `ci_sessions`
WHERE `id` = '211105c657b0394dd12db3fbe8bce346983ff72e';
INSERT INTO `login_history` (`user_id`, `device`, `ip_address`, `date`) VALUES ('4WVWXZ', 'Mozilla/5.0 (Macintosh; Intel Mac OS X 10_15_7) AppleWebKit/605.1.15 (KHTML, like Gecko) Version/18.3.1 Safari/605.1.15', '172.70.54.109', '25-04-11 23:34');
UPDATE `user_registration` SET `popup_seen` = 'yes'
WHERE `user_id` = '4WVWXZ';
INSERT INTO `payment_metod_setting` (`user_id`, `method`, `email`, `wallet_id`, `status`, `date`) VALUES ('4WVWXZ', 'payquicker', 'Albitapjove2012@gmail.com', 'Juana1965pVlf', 0, '2025-04-11 23:34:51');
INSERT INTO `payquicker_send_invite` (`user_id`, `userCompanyAssignedUniqueKey`, `response`, `date`) VALUES ('4WVWXZ', 'Juana1965pVlf', '[{\"dateInvited\":\"2025-04-12T04:34:52Z\",\"invitationKey\":\"flHfGz7LgbhUwZCgg3gf4JzcEqMdMT282IcslA4LzbltV7QCfziiSsYb4btSJZ7lhKyiXu0osoi8ESFtslvNWITWA5cAmH8Ve86BEeT6qyp6cOEQ7LRgQ0I9A7XCc863dnub4gQ9yHjIt7x2X1AgXMfkdNUWuXypPyBFPfiOpfNT7u5FMSDgIQOVC18ilhTeIoTaigWXJS5xGrbBZwuIAjPPd4O28ZEoVRxu10dn3xuQDb5ArJLAOBtoMny5laHv\",\"invitationStatus\":\"InvitationStatusType_Pending\",\"registrationStatus\":\"NotStarted\",\"registrationDetails\":{\"addresses\":[{\"city\":\"Hialeah\",\"country\":\"USA\",\"postalCode\":\"33016\",\"region\":\"Florida\",\"streetAddress1\":\"6481 W 22nd Ct\",\"created\":\"0001-01-01T00:00:00Z\",\"type\":\"AddressType_Residential\"}],\"fundingAccountPublicId\":\"4e84a85ac47e46639c648f932d48fdf0\",\"issuePlasticCard\":true,\"notifyUser\":true,\"userDetails\":{\"emailAddress\":\"albitapjove2012@gmail.com\",\"firstName\":\"Juana Rosalba\",\"lastName\":\"Perez-Jove\",\"userCompanyAssignedUniqueKey\":\"Juana1965pVlf\"}}}]', '2025-04-11 23:34:51');
INSERT INTO `login_history` (`user_id`, `device`, `ip_address`, `date`) VALUES ('JHRDHS', 'Mozilla/5.0 (iPhone; CPU iPhone OS 18_3_2 like Mac OS X) AppleWebKit/605.1.15 (KHTML, like Gecko) Version/18.3.1 Mobile/15E148 Safari/604.1', '172.71.31.45', '25-04-11 23:55');
UPDATE `user_registration` SET `popup_seen` = 'yes'
WHERE `user_id` = 'JHRDHS';
INSERT INTO `cron_job_history` (`name`, `date_started`, `status`) VALUES ('backup', '2025-04-12 00:00:01', 'started');
UPDATE `cron_job_history` SET `status` = 'done', `date_end` = '2025-04-12 00:00:02'
WHERE `id` = 318;
INSERT INTO `cron_job_history` (`name`, `date_started`, `status`) VALUES ('deduct_sub_amt_from_ewallet', '2025-04-12 00:05:01', 'started');
UPDATE `user_registration` SET `sub_point` = 0, `active_status` = 'no'
WHERE `user_id` = '35H9RV';
INSERT INTO `inactive_history` (`user_id`, `commission_balance`, `amount`, `date`) VALUES ('35H9RV', '97.5', '150', '2025-04-12 00:05:01');
UPDATE `user_registration` SET `sub_point` = 0, `active_status` = 'no'
WHERE `user_id` = 'SJBNYJ';
INSERT INTO `inactive_history` (`user_id`, `commission_balance`, `amount`, `date`) VALUES ('SJBNYJ', '50', '150', '2025-04-12 00:05:01');
UPDATE `user_registration` SET `sub_point` = 0, `active_status` = 'no'
WHERE `user_id` = '45E8V2';
INSERT INTO `inactive_history` (`user_id`, `commission_balance`, `amount`, `date`) VALUES ('45E8V2', '50', '150', '2025-04-12 00:05:02');
UPDATE `user_registration` SET `sub_point` = 0, `active_status` = 'no'
WHERE `user_id` = 'XVTJOY';
INSERT INTO `inactive_history` (`user_id`, `commission_balance`, `amount`, `date`) VALUES ('XVTJOY', '100', '150', '2025-04-12 00:05:02');
UPDATE `user_registration` SET `sub_point` = 0, `active_status` = 'no'
WHERE `user_id` = '4E1CRI';
INSERT INTO `inactive_history` (`user_id`, `commission_balance`, `amount`, `date`) VALUES ('4E1CRI', '100', '150', '2025-04-12 00:05:02');
UPDATE `user_registration` SET `sub_point` = 0, `active_status` = 'no'
WHERE `user_id` = 'PBFKSY';
INSERT INTO `inactive_history` (`user_id`, `commission_balance`, `amount`, `date`) VALUES ('PBFKSY', '0', '150', '2025-04-12 00:05:03');
UPDATE `user_registration` SET `sub_point` = 0, `active_status` = 'no'
WHERE `user_id` = 'R37QLI';
INSERT INTO `inactive_history` (`user_id`, `commission_balance`, `amount`, `date`) VALUES ('R37QLI', '80', '150', '2025-04-12 00:05:03');
UPDATE `user_registration` SET `sub_point` = 0, `active_status` = 'no'
WHERE `user_id` = 'Q6D63V';
INSERT INTO `inactive_history` (`user_id`, `commission_balance`, `amount`, `date`) VALUES ('Q6D63V', '100', '150', '2025-04-12 00:05:04');
UPDATE `user_registration` SET `sub_point` = 0, `active_status` = 'no'
WHERE `user_id` = 'Q834IS';
INSERT INTO `inactive_history` (`user_id`, `commission_balance`, `amount`, `date`) VALUES ('Q834IS', '0', '50', '2025-04-12 00:05:04');
UPDATE `user_registration` SET `sub_point` = 0, `active_status` = 'no'
WHERE `user_id` = 'MT8QJF';
INSERT INTO `inactive_history` (`user_id`, `commission_balance`, `amount`, `date`) VALUES ('MT8QJF', '0', '150', '2025-04-12 00:05:04');
UPDATE `user_registration` SET `sub_point` = 0, `active_status` = 'no'
WHERE `user_id` = 'OWF3OA';
INSERT INTO `inactive_history` (`user_id`, `commission_balance`, `amount`, `date`) VALUES ('OWF3OA', '0', '150', '2025-04-12 00:05:05');
UPDATE `user_registration` SET `sub_point` = 0, `active_status` = 'no'
WHERE `user_id` = 'HUDVJU';
INSERT INTO `inactive_history` (`user_id`, `commission_balance`, `amount`, `date`) VALUES ('HUDVJU', '30', '50', '2025-04-12 00:05:05');
UPDATE `user_registration` SET `sub_point` = 0, `active_status` = 'no'
WHERE `user_id` = 'IEVPMD';
INSERT INTO `inactive_history` (`user_id`, `commission_balance`, `amount`, `date`) VALUES ('IEVPMD', '0', '150', '2025-04-12 00:05:06');
UPDATE `user_registration` SET `sub_point` = 0, `active_status` = 'no'
WHERE `user_id` = 'HQTCGF';
INSERT INTO `inactive_history` (`user_id`, `commission_balance`, `amount`, `date`) VALUES ('HQTCGF', '0', '150', '2025-04-12 00:05:06');
UPDATE `user_registration` SET `sub_point` = 0, `active_status` = 'no'
WHERE `user_id` = 'L2MNP5';
INSERT INTO `inactive_history` (`user_id`, `commission_balance`, `amount`, `date`) VALUES ('L2MNP5', '100', '150', '2025-04-12 00:05:07');
UPDATE `user_registration` SET `sub_point` = 0, `active_status` = 'no'
WHERE `user_id` = 'PUJNHI';
INSERT INTO `inactive_history` (`user_id`, `commission_balance`, `amount`, `date`) VALUES ('PUJNHI', '40', '150', '2025-04-12 00:05:07');
UPDATE `user_registration` SET `sub_point` = 0, `active_status` = 'no'
WHERE `user_id` = 'WC5BL7';
INSERT INTO `inactive_history` (`user_id`, `commission_balance`, `amount`, `date`) VALUES ('WC5BL7', '0', '50', '2025-04-12 00:05:07');
UPDATE `user_registration` SET `sub_point` = 0, `active_status` = 'no'
WHERE `user_id` = 'W17SG2';
INSERT INTO `inactive_history` (`user_id`, `commission_balance`, `amount`, `date`) VALUES ('W17SG2', '0', '150', '2025-04-12 00:05:08');
UPDATE `user_registration` SET `sub_point` = 0, `active_status` = 'no'
WHERE `user_id` = 'PR92IO';
INSERT INTO `inactive_history` (`user_id`, `commission_balance`, `amount`, `date`) VALUES ('PR92IO', '0', '50', '2025-04-12 00:05:08');
UPDATE `user_registration` SET `sub_point` = 0, `active_status` = 'no'
WHERE `user_id` = 'UTF7YN';
INSERT INTO `inactive_history` (`user_id`, `commission_balance`, `amount`, `date`) VALUES ('UTF7YN', '0', '150', '2025-04-12 00:05:08');
UPDATE `user_registration` SET `sub_point` = 0, `active_status` = 'no'
WHERE `user_id` = 'L8NRSC';
INSERT INTO `inactive_history` (`user_id`, `commission_balance`, `amount`, `date`) VALUES ('L8NRSC', '50', '150', '2025-04-12 00:05:09');
UPDATE `user_registration` SET `sub_point` = 0, `active_status` = 'no'
WHERE `user_id` = '6H3N98';
INSERT INTO `inactive_history` (`user_id`, `commission_balance`, `amount`, `date`) VALUES ('6H3N98', '100', '150', '2025-04-12 00:05:09');
UPDATE `user_registration` SET `sub_point` = 0, `active_status` = 'no'
WHERE `user_id` = '8RVNYT';
INSERT INTO `inactive_history` (`user_id`, `commission_balance`, `amount`, `date`) VALUES ('8RVNYT', '0', '150', '2025-04-12 00:05:09');
UPDATE `user_registration` SET `sub_point` = 0, `active_status` = 'no'
WHERE `user_id` = 'Q82ZV9';
INSERT INTO `inactive_history` (`user_id`, `commission_balance`, `amount`, `date`) VALUES ('Q82ZV9', '20', '50', '2025-04-12 00:05:10');
UPDATE `user_registration` SET `sub_point` = 0, `active_status` = 'no'
WHERE `user_id` = 'IWTOLP';
INSERT INTO `inactive_history` (`user_id`, `commission_balance`, `amount`, `date`) VALUES ('IWTOLP', '0', '50', '2025-04-12 00:05:10');
UPDATE `user_registration` SET `sub_point` = 0, `active_status` = 'no'
WHERE `user_id` = '9QPRWH';
INSERT INTO `inactive_history` (`user_id`, `commission_balance`, `amount`, `date`) VALUES ('9QPRWH', '0', '150', '2025-04-12 00:05:10');
UPDATE `user_registration` SET `sub_point` = 0, `active_status` = 'no'
WHERE `user_id` = 'WDEXJT';
INSERT INTO `inactive_history` (`user_id`, `commission_balance`, `amount`, `date`) VALUES ('WDEXJT', '0', '150', '2025-04-12 00:05:11');
UPDATE `user_registration` SET `sub_point` = 0, `active_status` = 'no'
WHERE `user_id` = '8D7CNL';
INSERT INTO `inactive_history` (`user_id`, `commission_balance`, `amount`, `date`) VALUES ('8D7CNL', '100', '150', '2025-04-12 00:05:11');
UPDATE `user_registration` SET `sub_point` = 0, `active_status` = 'no'
WHERE `user_id` = 'UJXP99';
INSERT INTO `inactive_history` (`user_id`, `commission_balance`, `amount`, `date`) VALUES ('UJXP99', '0', '50', '2025-04-12 00:05:11');
UPDATE `user_registration` SET `sub_point` = 0, `active_status` = 'no'
WHERE `user_id` = 'L268VW';
INSERT INTO `inactive_history` (`user_id`, `commission_balance`, `amount`, `date`) VALUES ('L268VW', '0', '50', '2025-04-12 00:05:12');
UPDATE `user_registration` SET `sub_point` = 0, `active_status` = 'no'
WHERE `user_id` = 'UVJ6L9';
INSERT INTO `inactive_history` (`user_id`, `commission_balance`, `amount`, `date`) VALUES ('UVJ6L9', '0', '50', '2025-04-12 00:05:12');
UPDATE `user_registration` SET `sub_point` = 0, `active_status` = 'no'
WHERE `user_id` = 'ULHSH2';
INSERT INTO `inactive_history` (`user_id`, `commission_balance`, `amount`, `date`) VALUES ('ULHSH2', '0', '150', '2025-04-12 00:05:12');
UPDATE `user_registration` SET `sub_point` = 0, `active_status` = 'no'
WHERE `user_id` = 'H1XYDK';
INSERT INTO `inactive_history` (`user_id`, `commission_balance`, `amount`, `date`) VALUES ('H1XYDK', '0', '50', '2025-04-12 00:05:13');
UPDATE `user_registration` SET `sub_point` = 0, `active_status` = 'no'
WHERE `user_id` = '3UFB1M';
INSERT INTO `inactive_history` (`user_id`, `commission_balance`, `amount`, `date`) VALUES ('3UFB1M', '100', '150', '2025-04-12 00:05:13');
UPDATE `user_registration` SET `sub_point` = 0, `active_status` = 'no'
WHERE `user_id` = 'LEOFNI';
INSERT INTO `inactive_history` (`user_id`, `commission_balance`, `amount`, `date`) VALUES ('LEOFNI', '0', '150', '2025-04-12 00:05:13');
UPDATE `user_registration` SET `sub_point` = 0, `active_status` = 'no'
WHERE `user_id` = '75X85X';
INSERT INTO `inactive_history` (`user_id`, `commission_balance`, `amount`, `date`) VALUES ('75X85X', '0', '50', '2025-04-12 00:05:14');
UPDATE `user_registration` SET `sub_point` = 0, `active_status` = 'no'
WHERE `user_id` = 'UC1QRN';
INSERT INTO `inactive_history` (`user_id`, `commission_balance`, `amount`, `date`) VALUES ('UC1QRN', '0', '150', '2025-04-12 00:05:14');
UPDATE `user_registration` SET `sub_point` = 0, `active_status` = 'no'
WHERE `user_id` = '7YU16B';
INSERT INTO `inactive_history` (`user_id`, `commission_balance`, `amount`, `date`) VALUES ('7YU16B', '0', '50', '2025-04-12 00:05:14');
UPDATE `user_registration` SET `sub_point` = 0, `active_status` = 'no'
WHERE `user_id` = 'OEM6F6';
INSERT INTO `inactive_history` (`user_id`, `commission_balance`, `amount`, `date`) VALUES ('OEM6F6', '0', '50', '2025-04-12 00:05:15');
UPDATE `user_registration` SET `sub_point` = 0, `active_status` = 'no'
WHERE `user_id` = 'TU7MHD';
INSERT INTO `inactive_history` (`user_id`, `commission_balance`, `amount`, `date`) VALUES ('TU7MHD', '0', '150', '2025-04-12 00:05:15');
UPDATE `user_registration` SET `sub_point` = 0, `active_status` = 'no'
WHERE `user_id` = '7BQJK5';
INSERT INTO `inactive_history` (`user_id`, `commission_balance`, `amount`, `date`) VALUES ('7BQJK5', '20', '150', '2025-04-12 00:05:15');
UPDATE `user_registration` SET `sub_point` = 0, `active_status` = 'no'
WHERE `user_id` = 'FLKHUD';
INSERT INTO `inactive_history` (`user_id`, `commission_balance`, `amount`, `date`) VALUES ('FLKHUD', '0', '150', '2025-04-12 00:05:16');
UPDATE `user_registration` SET `sub_point` = 0, `active_status` = 'no'
WHERE `user_id` = 'XMN3MK';
INSERT INTO `inactive_history` (`user_id`, `commission_balance`, `amount`, `date`) VALUES ('XMN3MK', '0', '150', '2025-04-12 00:05:16');
UPDATE `user_registration` SET `sub_point` = 0, `active_status` = 'no'
WHERE `user_id` = '7SMFPM';
INSERT INTO `inactive_history` (`user_id`, `commission_balance`, `amount`, `date`) VALUES ('7SMFPM', '0', '50', '2025-04-12 00:05:16');
UPDATE `user_registration` SET `sub_point` = 0, `active_status` = 'no'
WHERE `user_id` = 'WS9KK9';
INSERT INTO `inactive_history` (`user_id`, `commission_balance`, `amount`, `date`) VALUES ('WS9KK9', '0', '150', '2025-04-12 00:05:16');
UPDATE `user_registration` SET `sub_point` = 0, `active_status` = 'no'
WHERE `user_id` = 'BJFCEM';
INSERT INTO `inactive_history` (`user_id`, `commission_balance`, `amount`, `date`) VALUES ('BJFCEM', '0', '50', '2025-04-12 00:05:17');
UPDATE `user_registration` SET `sub_point` = 0, `active_status` = 'no'
WHERE `user_id` = '9EDD8W';
INSERT INTO `inactive_history` (`user_id`, `commission_balance`, `amount`, `date`) VALUES ('9EDD8W', '0', '50', '2025-04-12 00:05:17');
UPDATE `user_registration` SET `sub_point` = 0, `active_status` = 'no'
WHERE `user_id` = '2QC8SK';
INSERT INTO `inactive_history` (`user_id`, `commission_balance`, `amount`, `date`) VALUES ('2QC8SK', '0', '150', '2025-04-12 00:05:17');
UPDATE `user_registration` SET `sub_point` = 0, `active_status` = 'no'
WHERE `user_id` = 'TOTNOR';
INSERT INTO `inactive_history` (`user_id`, `commission_balance`, `amount`, `date`) VALUES ('TOTNOR', '0', '50', '2025-04-12 00:05:18');
UPDATE `user_registration` SET `sub_point` = 0, `active_status` = 'no'
WHERE `user_id` = 'X5T3ZT';
INSERT INTO `inactive_history` (`user_id`, `commission_balance`, `amount`, `date`) VALUES ('X5T3ZT', '0', '150', '2025-04-12 00:05:18');
UPDATE `user_registration` SET `sub_point` = 0, `active_status` = 'no'
WHERE `user_id` = '1GNDEQ';
INSERT INTO `inactive_history` (`user_id`, `commission_balance`, `amount`, `date`) VALUES ('1GNDEQ', '50', '150', '2025-04-12 00:05:18');
UPDATE `user_registration` SET `sub_point` = 0, `active_status` = 'no'
WHERE `user_id` = '4PJDWH';
INSERT INTO `inactive_history` (`user_id`, `commission_balance`, `amount`, `date`) VALUES ('4PJDWH', '0', '150', '2025-04-12 00:05:19');
UPDATE `user_registration` SET `sub_point` = 0, `active_status` = 'no'
WHERE `user_id` = '8R8YQG';
INSERT INTO `inactive_history` (`user_id`, `commission_balance`, `amount`, `date`) VALUES ('8R8YQG', '0', '150', '2025-04-12 00:05:19');
UPDATE `user_registration` SET `sub_point` = 0, `active_status` = 'no'
WHERE `user_id` = 'VZYEPG';
INSERT INTO `inactive_history` (`user_id`, `commission_balance`, `amount`, `date`) VALUES ('VZYEPG', '0', '150', '2025-04-12 00:05:19');
UPDATE `user_registration` SET `sub_point` = 0, `active_status` = 'no'
WHERE `user_id` = 'TB42PA';
INSERT INTO `inactive_history` (`user_id`, `commission_balance`, `amount`, `date`) VALUES ('TB42PA', '0', '150', '2025-04-12 00:05:19');
UPDATE `user_registration` SET commission_balance = ROUND(commission_balance - 150,2)
WHERE `user_id` = 'GT96FN';
INSERT INTO `sub_history` (`user_id`, `package_id`, `amount`, `payment_method`, `date`) VALUES ('GT96FN', '2', '150', 'Ewallet', '2025-04-12 00:05:20');
UPDATE `user_registration` SET sub_point = ROUND(sub_point + 150,2)
WHERE `user_id` = 'GT96FN';
INSERT INTO `investment` (`invest_date`, `user_id`, `type`, `amount`, `package_id`) VALUES ('2025-04-12 00:05:20', 'GT96FN', 'subscription', '150', '2');
UPDATE `user_registration` SET total_points = ROUND(total_points + 150,2)
WHERE `user_id` = 'GT96FN';
INSERT INTO `points_history` (`user_id`, `points`, `type`, `date`) VALUES ('GT96FN', '150', 'subscription', '2025-04-12 00:05:');
UPDATE `bv_updation` SET left_carry = left_carry+150, total_left = total_left+150
WHERE `user_id` = '181RLJ';
INSERT INTO `placement_bv_update_history` (`left_carry`, `date`, `from_id`, `user_id`) VALUES ('150', '2025-04-12 00:05:20', 'GT96FN', '181RLJ');
UPDATE `bv_updation` SET sponsor_left_carry = sponsor_left_carry+150, sponsor_total_left = sponsor_total_left+150
WHERE `user_id` = '181RLJ';
INSERT INTO `sponsor_bv_update_history` (`left_carry`, `date`, `user_id`) VALUES ('150', '2025-04-12 00:05:20', '181RLJ');
UPDATE `bv_updation` SET left_carry = left_carry+150, total_left = total_left+150
WHERE `user_id` = 'BUWYXW';
INSERT INTO `placement_bv_update_history` (`left_carry`, `date`, `from_id`, `user_id`) VALUES ('150', '2025-04-12 00:05:20', 'GT96FN', 'BUWYXW');
UPDATE `user_registration` SET `cycle_rank_id` = '1'
WHERE `user_id` = 'BUWYXW';
INSERT INTO `rank_history` (`rank_id`, `user_id`, `name`, `bv`, `date`, `amount`, `type`) VALUES ('1', 'BUWYXW', 'Affiliate', '0', '2025-04-12 00:05:20', '0', 'auto');
UPDATE `bv_updation` SET right_carry = right_carry+150, total_right = total_right+150
WHERE `user_id` = 'UXMQZD';
INSERT INTO `placement_bv_update_history` (`right_carry`, `date`, `from_id`, `user_id`) VALUES ('150', '2025-04-12 00:05:20', 'GT96FN', 'UXMQZD');
UPDATE `user_registration` SET `cycle_rank_id` = '1'
WHERE `user_id` = 'UXMQZD';
INSERT INTO `rank_history` (`rank_id`, `user_id`, `name`, `bv`, `date`, `amount`, `type`) VALUES ('1', 'UXMQZD', 'Affiliate', '0', '2025-04-12 00:05:20', '0', 'auto');
UPDATE `bv_updation` SET right_carry = right_carry+150, total_right = total_right+150
WHERE `user_id` = 'O94ZPY';
INSERT INTO `placement_bv_update_history` (`right_carry`, `date`, `from_id`, `user_id`) VALUES ('150', '2025-04-12 00:05:20', 'GT96FN', 'O94ZPY');
UPDATE `user_registration` SET `cycle_rank_id` = '1'
WHERE `user_id` = 'O94ZPY';
INSERT INTO `rank_history` (`rank_id`, `user_id`, `name`, `bv`, `date`, `amount`, `type`) VALUES ('1', 'O94ZPY', 'Affiliate', '0', '2025-04-12 00:05:20', '0', 'auto');
UPDATE `bv_updation` SET right_carry = right_carry+150, total_right = total_right+150
WHERE `user_id` = 'JHRDHS';
INSERT INTO `placement_bv_update_history` (`right_carry`, `date`, `from_id`, `user_id`) VALUES ('150', '2025-04-12 00:05:20', 'GT96FN', 'JHRDHS');
UPDATE `user_registration` SET `cycle_rank_id` = '1'
WHERE `user_id` = 'JHRDHS';
INSERT INTO `rank_history` (`rank_id`, `user_id`, `name`, `bv`, `date`, `amount`, `type`) VALUES ('1', 'JHRDHS', 'Affiliate', '0', '2025-04-12 00:05:20', '0', 'auto');
UPDATE `bv_updation` SET right_carry = right_carry+150, total_right = total_right+150
WHERE `user_id` = 'CVVK4C';
INSERT INTO `placement_bv_update_history` (`right_carry`, `date`, `from_id`, `user_id`) VALUES ('150', '2025-04-12 00:05:20', 'GT96FN', 'CVVK4C');
UPDATE `user_registration` SET `cycle_rank_id` = '1'
WHERE `user_id` = 'CVVK4C';
INSERT INTO `rank_history` (`rank_id`, `user_id`, `name`, `bv`, `date`, `amount`, `type`) VALUES ('1', 'CVVK4C', 'Affiliate', '0', '2025-04-12 00:05:20', '0', 'auto');
UPDATE `bv_updation` SET left_carry = left_carry+150, total_left = total_left+150
WHERE `user_id` = 'K55EDD';
INSERT INTO `placement_bv_update_history` (`left_carry`, `date`, `from_id`, `user_id`) VALUES ('150', '2025-04-12 00:05:20', 'GT96FN', 'K55EDD');
UPDATE `user_registration` SET `cycle_rank_id` = '1'
WHERE `user_id` = 'K55EDD';
INSERT INTO `rank_history` (`rank_id`, `user_id`, `name`, `bv`, `date`, `amount`, `type`) VALUES ('1', 'K55EDD', 'Affiliate', '0', '2025-04-12 00:05:20', '0', 'auto');
UPDATE `bv_updation` SET left_carry = left_carry+150, total_left = total_left+150
WHERE `user_id` = 'UQO7EQ';
INSERT INTO `placement_bv_update_history` (`left_carry`, `date`, `from_id`, `user_id`) VALUES ('150', '2025-04-12 00:05:21', 'GT96FN', 'UQO7EQ');
UPDATE `user_registration` SET `cycle_rank_id` = '1'
WHERE `user_id` = 'UQO7EQ';
INSERT INTO `rank_history` (`rank_id`, `user_id`, `name`, `bv`, `date`, `amount`, `type`) VALUES ('1', 'UQO7EQ', 'Affiliate', '0', '2025-04-12 00:05:21', '0', 'auto');
UPDATE `bv_updation` SET left_carry = left_carry+150, total_left = total_left+150
WHERE `user_id` = 'N6GZAE';
INSERT INTO `placement_bv_update_history` (`left_carry`, `date`, `from_id`, `user_id`) VALUES ('150', '2025-04-12 00:05:21', 'GT96FN', 'N6GZAE');
UPDATE `user_registration` SET `cycle_rank_id` = '1'
WHERE `user_id` = 'N6GZAE';
INSERT INTO `rank_history` (`rank_id`, `user_id`, `name`, `bv`, `date`, `amount`, `type`) VALUES ('1', 'N6GZAE', 'Affiliate', '0', '2025-04-12 00:05:21', '0', 'auto');
UPDATE `bv_updation` SET left_carry = left_carry+150, total_left = total_left+150
WHERE `user_id` = '4E1CRI';
INSERT INTO `placement_bv_update_history` (`left_carry`, `date`, `from_id`, `user_id`) VALUES ('150', '2025-04-12 00:05:21', 'GT96FN', '4E1CRI');
UPDATE `bv_updation` SET left_carry = left_carry+150, total_left = total_left+150
WHERE `user_id` = 'SJBNYJ';
INSERT INTO `placement_bv_update_history` (`left_carry`, `date`, `from_id`, `user_id`) VALUES ('150', '2025-04-12 00:05:21', 'GT96FN', 'SJBNYJ');
UPDATE `user_registration` SET `cycle_rank_id` = '1'
WHERE `user_id` = 'SJBNYJ';
INSERT INTO `rank_history` (`rank_id`, `user_id`, `name`, `bv`, `date`, `amount`, `type`) VALUES ('1', 'SJBNYJ', 'Affiliate', '0', '2025-04-12 00:05:21', '0', 'auto');
UPDATE `bv_updation` SET left_carry = left_carry+150, total_left = total_left+150
WHERE `user_id` = '44B9Y4';
INSERT INTO `placement_bv_update_history` (`left_carry`, `date`, `from_id`, `user_id`) VALUES ('150', '2025-04-12 00:05:21', 'GT96FN', '44B9Y4');
UPDATE `user_registration` SET `cycle_rank_id` = '1'
WHERE `user_id` = '44B9Y4';
INSERT INTO `rank_history` (`rank_id`, `user_id`, `name`, `bv`, `date`, `amount`, `type`) VALUES ('1', '44B9Y4', 'Affiliate', '0', '2025-04-12 00:05:21', '0', 'auto');
UPDATE `bv_updation` SET right_carry = right_carry+150, total_right = total_right+150
WHERE `user_id` = 'admin';
INSERT INTO `placement_bv_update_history` (`right_carry`, `date`, `from_id`, `user_id`) VALUES ('150', '2025-04-12 00:05:21', 'GT96FN', 'admin');
UPDATE `user_registration` SET `cycle_rank_id` = '1'
WHERE `user_id` = 'admin';
INSERT INTO `rank_history` (`rank_id`, `user_id`, `name`, `bv`, `date`, `amount`, `type`) VALUES ('1', 'admin', 'Affiliate', '0', '2025-04-12 00:05:21', '0', 'auto');
UPDATE `user_registration` SET `subscription_date` = '2025-05-12', `active_status` = 'yes'
WHERE `user_id` = 'GT96FN';
UPDATE `user_registration` SET `sub_point` = 0, `active_status` = 'no'
WHERE `user_id` = '8634EF';
INSERT INTO `inactive_history` (`user_id`, `commission_balance`, `amount`, `date`) VALUES ('8634EF', '0', '150', '2025-04-12 00:05:21');
UPDATE `user_registration` SET `sub_point` = 0, `active_status` = 'no'
WHERE `user_id` = '46H8G2';
INSERT INTO `inactive_history` (`user_id`, `commission_balance`, `amount`, `date`) VALUES ('46H8G2', '100', '150', '2025-04-12 00:05:22');
UPDATE `user_registration` SET `sub_point` = 0, `active_status` = 'no'
WHERE `user_id` = 'WNT6C4';
INSERT INTO `inactive_history` (`user_id`, `commission_balance`, `amount`, `date`) VALUES ('WNT6C4', '0', '150', '2025-04-12 00:05:22');
UPDATE `user_registration` SET `sub_point` = 0, `active_status` = 'no'
WHERE `user_id` = 'XT3VLL';
INSERT INTO `inactive_history` (`user_id`, `commission_balance`, `amount`, `date`) VALUES ('XT3VLL', '0', '150', '2025-04-12 00:05:22');
UPDATE `user_registration` SET `sub_point` = 0, `active_status` = 'no'
WHERE `user_id` = 'ZR6TNE';
INSERT INTO `inactive_history` (`user_id`, `commission_balance`, `amount`, `date`) VALUES ('ZR6TNE', '100', '150', '2025-04-12 00:05:22');
UPDATE `cron_job_history` SET `status` = 'done', `date_end` = '2025-04-12 00:05:23'
WHERE `id` = 319;
UPDATE `ci_sessions` SET `timestamp` = 1744434591, `data` = '__ci_last_regenerate|i:1744434591;captcha|s:4:\"lv5n\";'
WHERE `id` = 'a6583c6742a9635a184611142a0eb29e4937716f';
INSERT INTO `login_history` (`user_id`, `device`, `ip_address`, `date`) VALUES ('UQO7EQ', 'Mozilla/5.0 (Linux; Android 10; K) AppleWebKit/537.36 (KHTML, like Gecko) Chrome/131.0.0.0 Mobile Safari/537.36', '172.70.254.137', '25-04-12 00:10');
UPDATE `user_registration` SET `popup_seen` = 'yes'
WHERE `user_id` = 'UQO7EQ';
UPDATE `user_registration` SET `popup_seen` = 'yes'
WHERE `user_id` = 'UQO7EQ';
UPDATE `user_registration` SET `popup_seen` = 'yes'
WHERE `user_id` = 'UQO7EQ';
UPDATE `user_registration` SET `popup_seen` = 'yes'
WHERE `user_id` = 'UQO7EQ';
UPDATE `user_registration` SET `popup_seen` = 'yes'
WHERE `user_id` = 'UQO7EQ';
UPDATE `user_registration` SET `popup_seen` = 'no'
WHERE `user_id` = 'UQO7EQ';
DELETE FROM `ci_sessions`
WHERE `id` = '3a54763575570633dff78b6f8d0915435e31a90d';
UPDATE `ci_sessions` SET `timestamp` = 1744437418, `data` = '__ci_last_regenerate|i:1744437418;id|s:4:\"2071\";user_id|s:6:\"JHRDHS\";username|s:7:\"mbecena\";sponsor_id|s:6:\"CVVK4C\";fullname|s:12:\"Maria Becena\";email|s:21:\"mbecena@bellsouth.net\";phone|s:10:\"7862360387\";isLogIn|b:1;message|s:20:\"Welcome Maria Becena\";__ci_vars|a:1:{s:7:\"message\";s:3:\"old\";}'
WHERE `id` = '3f2d237cef8d63beafd2d849b926c12293991d7b';
UPDATE `user_registration` SET `popup_seen` = 'yes'
WHERE `user_id` = 'JHRDHS';
UPDATE `ci_sessions` SET `timestamp` = 1744437799, `data` = '__ci_last_regenerate|i:1744437799;id|s:4:\"2071\";user_id|s:6:\"JHRDHS\";username|s:7:\"mbecena\";sponsor_id|s:6:\"CVVK4C\";fullname|s:12:\"Maria Becena\";email|s:21:\"mbecena@bellsouth.net\";phone|s:10:\"7862360387\";isLogIn|b:1;'
WHERE `id` = '4d16fd03a0d880afa017600f2f06829506e427ba';
UPDATE `ci_sessions` SET `timestamp` = 1744438561, `data` = '__ci_last_regenerate|i:1744438561;id|s:4:\"2071\";user_id|s:6:\"JHRDHS\";username|s:7:\"mbecena\";sponsor_id|s:6:\"CVVK4C\";fullname|s:12:\"Maria Becena\";email|s:21:\"mbecena@bellsouth.net\";phone|s:10:\"7862360387\";isLogIn|b:1;'
WHERE `id` = '3fac7119addc4f794a11c9712a5c00260f1b2337';
UPDATE `ci_sessions` SET `timestamp` = 1744441239, `data` = '__ci_last_regenerate|i:1744441239;id|s:4:\"2071\";user_id|s:6:\"JHRDHS\";username|s:7:\"mbecena\";sponsor_id|s:6:\"CVVK4C\";fullname|s:12:\"Maria Becena\";email|s:21:\"mbecena@bellsouth.net\";phone|s:10:\"7862360387\";isLogIn|b:1;'
WHERE `id` = '95f48f19da0596b1255058e9e38ef191e64d3359';
UPDATE `user_registration` SET `popup_seen` = 'yes'
WHERE `user_id` = 'JHRDHS';
UPDATE `ci_sessions` SET `timestamp` = 1744445503, `data` = '__ci_last_regenerate|i:1744445503;exception|s:31:\"Incorrect Username Or Password!\";__ci_vars|a:1:{s:9:\"exception\";s:3:\"old\";}captcha|s:4:\"4ppn\";'
WHERE `id` = '77d63c8828e3dda2eee4e41a2c704c3c7fd59437';
INSERT INTO `login_history` (`user_id`, `device`, `ip_address`, `date`) VALUES ('BJFCEM', 'Mozilla/5.0 (Linux; Android 10; K) AppleWebKit/537.36 (KHTML, like Gecko) Chrome/135.0.0.0 Mobile Safari/537.36 EdgA/135.0.0.0', '172.64.236.58', '25-04-12 03:13');
UPDATE `user_registration` SET `popup_seen` = 'yes'
WHERE `user_id` = 'BJFCEM';
UPDATE `user_registration` SET `popup_seen` = 'yes'
WHERE `user_id` = 'BJFCEM';
UPDATE `user_registration` SET `popup_seen` = 'no'
WHERE `user_id` = 'BJFCEM';
DELETE FROM `ci_sessions`
WHERE `id` = '4e95eb7b714d9010664acf218e940b3faaa784e2';
INSERT INTO `login_history` (`user_id`, `device`, `ip_address`, `date`) VALUES ('XHO8CJ', 'Mozilla/5.0 (Windows NT 10.0; Win64; x64) AppleWebKit/537.36 (KHTML, like Gecko) Chrome/135.0.0.0 Safari/537.36', '172.68.7.139', '25-04-12 06:02');
UPDATE `user_registration` SET `popup_seen` = 'yes'
WHERE `user_id` = 'XHO8CJ';
UPDATE `user_registration` SET `popup_seen` = 'yes'
WHERE `user_id` = 'XHO8CJ';
INSERT INTO `login_history` (`user_id`, `device`, `ip_address`, `date`) VALUES ('UQO7EQ', 'Mozilla/5.0 (Linux; Android 10; K) AppleWebKit/537.36 (KHTML, like Gecko) Chrome/131.0.0.0 Mobile Safari/537.36', '172.68.12.144', '25-04-12 08:01');
UPDATE `user_registration` SET `popup_seen` = 'yes'
WHERE `user_id` = 'UQO7EQ';
UPDATE `user_registration` SET `popup_seen` = 'yes'
WHERE `user_id` = 'UQO7EQ';
UPDATE `user_registration` SET `popup_seen` = 'no'
WHERE `user_id` = 'UQO7EQ';
DELETE FROM `ci_sessions`
WHERE `id` = '78c2fdef8ae1aaf27f972caadcc43bb51bdc7877';
INSERT INTO `login_history` (`user_id`, `device`, `ip_address`, `date`) VALUES ('AABG7W', 'Mozilla/5.0 (Linux; Android 10; K) AppleWebKit/537.36 (KHTML, like Gecko) Chrome/135.0.0.0 Mobile Safari/537.36', '172.70.55.151', '25-04-12 08:28');
UPDATE `user_registration` SET `popup_seen` = 'yes'
WHERE `user_id` = 'AABG7W';
INSERT INTO `login_history` (`user_id`, `device`, `ip_address`, `date`) VALUES ('ETPYLQ', 'Mozilla/5.0 (Windows NT 10.0; Win64; x64) AppleWebKit/537.36 (KHTML, like Gecko) Chrome/135.0.0.0 Safari/537.36 Edg/135.0.0.0', '108.162.210.137', '25-04-12 09:03');
UPDATE `user_registration` SET `popup_seen` = 'yes'
WHERE `user_id` = 'ETPYLQ';
UPDATE `user_registration` SET `popup_seen` = 'yes'
WHERE `user_id` = 'ETPYLQ';
UPDATE `ci_sessions` SET `timestamp` = 1744466824, `data` = '__ci_last_regenerate|i:1744466824;id|s:4:\"2186\";user_id|s:6:\"ETPYLQ\";username|s:16:\"JorgeLRMarrero47\";sponsor_id|s:6:\"QJ5U9C\";fullname|s:28:\"Jorge Luis Rodriguez Marrero\";email|s:24:\"jorgelrmarrero@gmail.com\";phone|s:10:\"7864700920\";isLogIn|b:1;'
WHERE `id` = '29a9c3f3acf03999dbe74ddd1cf29a29e8b5328e';
INSERT INTO `login_history` (`user_id`, `device`, `ip_address`, `date`) VALUES ('UQO7EQ', 'Mozilla/5.0 (Windows NT 10.0; Win64; x64) AppleWebKit/537.36 (KHTML, like Gecko) Chrome/135.0.0.0 Safari/537.36', '172.68.7.17', '25-04-12 09:24');
UPDATE `user_registration` SET `popup_seen` = 'yes'
WHERE `user_id` = 'UQO7EQ';
UPDATE `ci_sessions` SET `timestamp` = 1744468216, `data` = '__ci_last_regenerate|i:1744468216;id|s:4:\"2042\";user_id|s:6:\"UQO7EQ\";username|s:6:\"Rafa51\";sponsor_id|s:6:\"N6GZAE\";fullname|s:16:\"Rafael Rodriguez\";email|s:18:\"rafagana@yahoo.com\";phone|s:10:\"3057610606\";isLogIn|b:1;message|s:24:\"Welcome Rafael Rodriguez\";__ci_vars|a:1:{s:7:\"message\";s:3:\"old\";}'
WHERE `id` = '85cd383b899150c3394ca9c97c57b2d43c11dca9';
UPDATE `user_registration` SET `popup_seen` = 'yes'
WHERE `user_id` = 'UQO7EQ';
UPDATE `user_registration` SET `popup_seen` = 'yes'
WHERE `user_id` = 'UQO7EQ';
UPDATE `user_registration` SET `popup_seen` = 'no'
WHERE `user_id` = 'UQO7EQ';
DELETE FROM `ci_sessions`
WHERE `id` = '4bdc92677e89b234c609e72a46e1f03574b1666c';
UPDATE `ci_sessions` SET `timestamp` = 1744469222, `data` = '__ci_last_regenerate|i:1744469222;captcha|s:4:\"m82s\";'
WHERE `id` = 'bb433a2e099e6011dedf9b743dd3391e34d552bd';
INSERT INTO `login_history` (`user_id`, `device`, `ip_address`, `date`) VALUES ('UQO7EQ', 'Mozilla/5.0 (Windows NT 10.0; Win64; x64) AppleWebKit/537.36 (KHTML, like Gecko) Chrome/135.0.0.0 Safari/537.36', '172.68.12.129', '25-04-12 09:47');
INSERT INTO `login_history` (`user_id`, `device`, `ip_address`, `date`) VALUES ('UQO7EQ', 'Mozilla/5.0 (Windows NT 10.0; Win64; x64) AppleWebKit/537.36 (KHTML, like Gecko) Chrome/135.0.0.0 Safari/537.36', '172.70.83.12', '25-04-12 09:47');
UPDATE `user_registration` SET `popup_seen` = 'yes'
WHERE `user_id` = 'UQO7EQ';
UPDATE `user_registration` SET `popup_seen` = 'yes'
WHERE `user_id` = 'UQO7EQ';
UPDATE `user_registration` SET `popup_seen` = 'yes'
WHERE `user_id` = 'UQO7EQ';
UPDATE `user_registration` SET `popup_seen` = 'yes'
WHERE `user_id` = 'UQO7EQ';
UPDATE `ci_sessions` SET `timestamp` = 1744469524, `data` = '__ci_last_regenerate|i:1744469524;id|s:4:\"2042\";user_id|s:6:\"UQO7EQ\";username|s:6:\"Rafa51\";sponsor_id|s:6:\"N6GZAE\";fullname|s:16:\"Rafael Rodriguez\";email|s:18:\"rafagana@yahoo.com\";phone|s:10:\"3057610606\";isLogIn|b:1;'
WHERE `id` = 'bb433a2e099e6011dedf9b743dd3391e34d552bd';
UPDATE `user_registration` SET `popup_seen` = 'no'
WHERE `user_id` = 'UQO7EQ';
DELETE FROM `ci_sessions`
WHERE `id` = '6ee9e0111f5a24a50a5f1ecfdc424de54a6e1603';
UPDATE `ci_sessions` SET `timestamp` = 1744470270, `data` = '__ci_last_regenerate|i:1744470270;id|s:4:\"2186\";user_id|s:6:\"ETPYLQ\";username|s:16:\"JorgeLRMarrero47\";sponsor_id|s:6:\"QJ5U9C\";fullname|s:28:\"Jorge Luis Rodriguez Marrero\";email|s:24:\"jorgelrmarrero@gmail.com\";phone|s:10:\"7864700920\";isLogIn|b:1;'
WHERE `id` = 'd97c741d0859a2e1e8941ee22e9b1666a3b6b408';
UPDATE `user_registration` SET `popup_seen` = 'yes'
WHERE `user_id` = 'ETPYLQ';
UPDATE `ci_sessions` SET `timestamp` = 1744473171, `data` = '__ci_last_regenerate|i:1744473171;captcha|s:4:\"lqr2\";'
WHERE `id` = 'd5cc511fa4be90d892b847ae73aa58264c9e64e1';
INSERT INTO `login_history` (`user_id`, `device`, `ip_address`, `date`) VALUES ('UQO7EQ', 'Mozilla/5.0 (Windows NT 10.0; Win64; x64) AppleWebKit/537.36 (KHTML, like Gecko) Chrome/135.0.0.0 Safari/537.36', '172.68.7.162', '25-04-12 10:52');
UPDATE `user_registration` SET `popup_seen` = 'yes'
WHERE `user_id` = 'UQO7EQ';
UPDATE `ci_sessions` SET `timestamp` = 1744474009, `data` = '__ci_last_regenerate|i:1744474009;id|s:4:\"2042\";user_id|s:6:\"UQO7EQ\";username|s:6:\"Rafa51\";sponsor_id|s:6:\"N6GZAE\";fullname|s:16:\"Rafael Rodriguez\";email|s:18:\"rafagana@yahoo.com\";phone|s:10:\"3057610606\";isLogIn|b:1;message|s:24:\"Welcome Rafael Rodriguez\";__ci_vars|a:1:{s:7:\"message\";s:3:\"old\";}'
WHERE `id` = 'ba642b70dc70b3c538d704a4a66c0e0bdad6a3f1';
UPDATE `user_registration` SET `popup_seen` = 'yes'
WHERE `user_id` = 'UQO7EQ';
UPDATE `user_registration` SET `popup_seen` = 'yes'
WHERE `user_id` = 'UQO7EQ';
UPDATE `ci_sessions` SET `timestamp` = 1744474713, `data` = '__ci_last_regenerate|i:1744474713;id|s:4:\"2042\";user_id|s:6:\"UQO7EQ\";username|s:6:\"Rafa51\";sponsor_id|s:6:\"N6GZAE\";fullname|s:16:\"Rafael Rodriguez\";email|s:18:\"rafagana@yahoo.com\";phone|s:10:\"3057610606\";isLogIn|b:1;'
WHERE `id` = '5736aa2b86a08bffed1d8e37b9977dd6b3186a26';
UPDATE `user_registration` SET `popup_seen` = 'yes'
WHERE `user_id` = 'UQO7EQ';
INSERT INTO `login_history` (`user_id`, `device`, `ip_address`, `date`) VALUES ('JHRDHS', 'Mozilla/5.0 (iPhone; CPU iPhone OS 18_3_2 like Mac OS X) AppleWebKit/605.1.15 (KHTML, like Gecko) Version/18.3.1 Mobile/15E148 Safari/604.1', '172.68.12.3', '25-04-12 11:20');
UPDATE `user_registration` SET `popup_seen` = 'yes'
WHERE `user_id` = 'JHRDHS';
UPDATE `ci_sessions` SET `timestamp` = 1744475718, `data` = '__ci_last_regenerate|i:1744475718;id|s:4:\"2042\";user_id|s:6:\"UQO7EQ\";username|s:6:\"Rafa51\";sponsor_id|s:6:\"N6GZAE\";fullname|s:16:\"Rafael Rodriguez\";email|s:18:\"rafagana@yahoo.com\";phone|s:10:\"3057610606\";isLogIn|b:1;'
WHERE `id` = '267fca3256036c91c86abb0c27da48bae3ea19cc';
UPDATE `user_registration` SET `popup_seen` = 'yes'
WHERE `user_id` = 'UQO7EQ';
UPDATE `user_registration` SET `popup_seen` = 'no'
WHERE `user_id` = 'UQO7EQ';
DELETE FROM `ci_sessions`
WHERE `id` = '2fe93c1be6fa1a61577b90a7b35684294bcc9fc0';
UPDATE `ci_sessions` SET `timestamp` = 1744475923, `data` = '__ci_last_regenerate|i:1744475923;id|s:4:\"2071\";user_id|s:6:\"JHRDHS\";username|s:7:\"mbecena\";sponsor_id|s:6:\"CVVK4C\";fullname|s:12:\"Maria Becena\";email|s:21:\"mbecena@bellsouth.net\";phone|s:10:\"7862360387\";isLogIn|b:1;message|s:20:\"Welcome Maria Becena\";__ci_vars|a:1:{s:7:\"message\";s:3:\"old\";}'
WHERE `id` = 'f490b6596b21d103262bf1c48db4022fcfdcf5ef';
UPDATE `user_registration` SET `popup_seen` = 'yes'
WHERE `user_id` = 'JHRDHS';
UPDATE `user_registration` SET `popup_seen` = 'yes'
WHERE `user_id` = 'JHRDHS';
UPDATE `ci_sessions` SET `timestamp` = 1744477737, `data` = '__ci_last_regenerate|i:1744477737;captcha|s:4:\"92b7\";'
WHERE `id` = '5349827f88c7d755fb29a15a6befc7bdd5b4980c';
INSERT INTO `login_history` (`user_id`, `device`, `ip_address`, `date`) VALUES ('UQO7EQ', 'Mozilla/5.0 (Windows NT 10.0; Win64; x64) AppleWebKit/537.36 (KHTML, like Gecko) Chrome/135.0.0.0 Safari/537.36', '172.68.7.138', '25-04-12 12:08');
UPDATE `user_registration` SET `popup_seen` = 'yes'
WHERE `user_id` = 'UQO7EQ';
UPDATE `user_registration` SET `popup_seen` = 'yes'
WHERE `user_id` = 'UQO7EQ';
UPDATE `ci_sessions` SET `timestamp` = 1744478103, `data` = '__ci_last_regenerate|i:1744478103;id|s:4:\"2042\";user_id|s:6:\"UQO7EQ\";username|s:6:\"Rafa51\";sponsor_id|s:6:\"N6GZAE\";fullname|s:16:\"Rafael Rodriguez\";email|s:18:\"rafagana@yahoo.com\";phone|s:10:\"3057610606\";isLogIn|b:1;'
WHERE `id` = '4b3568f0cf42cdb163bb7ead2b02f3aae5a1d744';
UPDATE `user_registration` SET `popup_seen` = 'yes'
WHERE `user_id` = 'UQO7EQ';
UPDATE `user_registration` SET `popup_seen` = 'yes'
WHERE `user_id` = 'UQO7EQ';
UPDATE `user_registration` SET `popup_seen` = 'no'
WHERE `user_id` = 'UQO7EQ';
DELETE FROM `ci_sessions`
WHERE `id` = '608165adad63afcf905c4eacbe7a0b4405a46f18';
UPDATE `ci_sessions` SET `timestamp` = 1744480078, `data` = '__ci_last_regenerate|i:1744480078;id|s:4:\"2071\";user_id|s:6:\"JHRDHS\";username|s:7:\"mbecena\";sponsor_id|s:6:\"CVVK4C\";fullname|s:12:\"Maria Becena\";email|s:21:\"mbecena@bellsouth.net\";phone|s:10:\"7862360387\";isLogIn|b:1;'
WHERE `id` = '831173532c6e61a47658ae854d3b93358ce50b24';
UPDATE `user_registration` SET `popup_seen` = 'yes'
WHERE `user_id` = 'JHRDHS';
INSERT INTO `login_history` (`user_id`, `device`, `ip_address`, `date`) VALUES ('UQO7EQ', 'Mozilla/5.0 (Linux; Android 10; K) AppleWebKit/537.36 (KHTML, like Gecko) Chrome/131.0.0.0 Mobile Safari/537.36', '172.70.55.204', '25-04-12 13:26');
UPDATE `user_registration` SET `popup_seen` = 'yes'
WHERE `user_id` = 'UQO7EQ';
UPDATE `user_registration` SET `popup_seen` = 'yes'
WHERE `user_id` = 'UQO7EQ';
UPDATE `user_registration` SET `popup_seen` = 'no'
WHERE `user_id` = 'UQO7EQ';
DELETE FROM `ci_sessions`
WHERE `id` = 'daea0c20da24b6f10668028ab97e10c4c90825d1';
INSERT INTO `login_history` (`user_id`, `device`, `ip_address`, `date`) VALUES ('QJ5U9C', 'Mozilla/5.0 (Windows NT 10.0; Win64; x64) AppleWebKit/537.36 (KHTML, like Gecko) Chrome/135.0.0.0 Safari/537.36', '172.71.156.143', '25-04-12 13:50');
UPDATE `user_registration` SET `popup_seen` = 'yes'
WHERE `user_id` = 'QJ5U9C';
UPDATE `ci_sessions` SET `timestamp` = 1744484378, `data` = '__ci_last_regenerate|i:1744484378;captcha|s:4:\"h95d\";'
WHERE `id` = '8a1654a4eccbc98e4ceaa4bffe97641389bb8cc3';
INSERT INTO `login_history` (`user_id`, `device`, `ip_address`, `date`) VALUES ('UQO7EQ', 'Mozilla/5.0 (Linux; Android 10; K) AppleWebKit/537.36 (KHTML, like Gecko) Chrome/131.0.0.0 Mobile Safari/537.36', '172.70.255.181', '25-04-12 13:59');
UPDATE `user_registration` SET `popup_seen` = 'yes'
WHERE `user_id` = 'UQO7EQ';
UPDATE `user_registration` SET `popup_seen` = 'yes'
WHERE `user_id` = 'UQO7EQ';
UPDATE `user_registration` SET `popup_seen` = 'yes'
WHERE `user_id` = 'UQO7EQ';
UPDATE `user_registration` SET `popup_seen` = 'no'
WHERE `user_id` = 'UQO7EQ';
DELETE FROM `ci_sessions`
WHERE `id` = '779e3ac9fefd15f14fd15759d51e6fec62c10114';
UPDATE `ci_sessions` SET `timestamp` = 1744484787, `data` = '__ci_last_regenerate|i:1744484787;id|s:4:\"2071\";user_id|s:6:\"JHRDHS\";username|s:7:\"mbecena\";sponsor_id|s:6:\"CVVK4C\";fullname|s:12:\"Maria Becena\";email|s:21:\"mbecena@bellsouth.net\";phone|s:10:\"7862360387\";isLogIn|b:1;'
WHERE `id` = '20099ffcdb4b07c570b4120a7bb9369617736c82';
UPDATE `user_registration` SET `popup_seen` = 'yes'
WHERE `user_id` = 'JHRDHS';
INSERT INTO `login_history` (`user_id`, `device`, `ip_address`, `date`) VALUES ('B5EVHD', 'Mozilla/5.0 (iPhone; CPU iPhone OS 18_3_2 like Mac OS X) AppleWebKit/605.1.15 (KHTML, like Gecko) Version/18.3.1 Mobile/15E148 Safari/604.1', '172.68.12.197', '25-04-12 14:35');
UPDATE `user_registration` SET `popup_seen` = 'yes'
WHERE `user_id` = 'B5EVHD';
UPDATE `ci_sessions` SET `timestamp` = 1744487270, `data` = '__ci_last_regenerate|i:1744487270;id|s:4:\"2216\";user_id|s:6:\"B5EVHD\";username|s:10:\"AlexVale57\";sponsor_id|s:6:\"2V26XM\";fullname|s:13:\"Xiomara Perez\";email|s:19:\"xiomy2852@gmail.com\";phone|s:10:\"7863331253\";isLogIn|b:1;'
WHERE `id` = 'e4a718976eb982047bb01497bafc231ddd68ac74';
UPDATE `ci_sessions` SET `timestamp` = 1744487394, `data` = '__ci_last_regenerate|i:1744487394;id|s:4:\"2071\";user_id|s:6:\"JHRDHS\";username|s:7:\"mbecena\";sponsor_id|s:6:\"CVVK4C\";fullname|s:12:\"Maria Becena\";email|s:21:\"mbecena@bellsouth.net\";phone|s:10:\"7862360387\";isLogIn|b:1;'
WHERE `id` = 'e352bbf74c84c0401416d02b9379e0d7880c7300';
UPDATE `user_registration` SET `popup_seen` = 'yes'
WHERE `user_id` = 'JHRDHS';
UPDATE `ci_sessions` SET `timestamp` = 1744487592, `data` = '__ci_last_regenerate|i:1744487592;id|s:4:\"2216\";user_id|s:6:\"B5EVHD\";username|s:10:\"AlexVale57\";sponsor_id|s:6:\"2V26XM\";fullname|s:13:\"Xiomara Perez\";email|s:19:\"xiomy2852@gmail.com\";phone|s:10:\"7863331253\";isLogIn|b:1;'
WHERE `id` = '40fc0b660cb4b662b4dea1bbf5e2004480d4aa8f';
INSERT INTO `temp_register` (`post_data`, `date`, `payment_method`, `type`) VALUES ('{\"uid\":\"2334\",\"user_id\":\"5XIPYS\",\"username\":\"Pepa1045\",\"sponsor_id\":\"B5EVHD\",\"vacant\":\"no\",\"f_name\":\"Martha\",\"l_name\":\"Bilbao\",\"position\":\"left\",\"email\":\"bilbaomarta54@gmail.com\",\"password\":\"0304456f7beb1e7d645d0baf6fc896c8\",\"phone\":\"7862135703\",\"country\":\"United States\",\"state\":\"Florida\",\"city\":\"Hialeah \",\"street\":\"2436 west 71 place\",\"zip_code\":\"33016\",\"reg_ip\":\"172.68.7.16\",\"status\":1,\"package_id\":\"2\",\"rank_id\":1,\"highest_rank\":1,\"cycle_rank_id\":1,\"user_type\":\"affiliate\",\"created\":\"2025-04-12 14:53:12\",\"subscription_date\":\"2025-05-12\",\"active_status\":\"yes\",\"google_secret\":\"QDGSVW4J76IOQNI5\"}', '2025-04-12 14:53:12', 'stripe', 'register');
UPDATE `temp_register` SET `response` = '{\"stripeToken\":\"tok_1RDA9W2NUoYUjiuuGiKdo7zP\",\"stripeTokenType\":\"card\",\"stripeEmail\":\"bilbaomarta54@gmail.com\"}', `date_modified` = '2025-04-12 14:55:50', `payment_status` = '{\"id\":\"ch_3RDA9a2NUoYUjiuu1NsVSelt\",\"object\":\"charge\",\"amount\":59500,\"amount_captured\":59500,\"amount_refunded\":0,\"application\":null,\"application_fee\":null,\"application_fee_amount\":null,\"balance_transaction\":\"txn_3RDA9a2NUoYUjiuu100Yj06f\",\"billing_details\":{\"address\":{\"city\":null,\"country\":null,\"line1\":null,\"line2\":null,\"postal_code\":null,\"state\":null},\"email\":null,\"name\":\"bilbaomarta54@gmail.com\",\"phone\":null},\"calculated_statement_descriptor\":\"TRAVELEGENDCY LLC\",\"captured\":true,\"created\":1744487750,\"currency\":\"usd\",\"customer\":\"cus_S7OxSFqMCy0I8D\",\"description\":null,\"destination\":null,\"dispute\":null,\"disputed\":false,\"failure_balance_transaction\":null,\"failure_code\":null,\"failure_message\":null,\"fraud_details\":[],\"invoice\":null,\"livemode\":true,\"metadata\":{\"name\":\"Martha Bilbao\",\"username\":\"Pepa1045\"},\"on_behalf_of\":null,\"order\":null,\"outcome\":{\"advice_code\":null,\"network_advice_code\":null,\"network_decline_code\":null,\"network_status\":\"approved_by_network\",\"reason\":null,\"risk_level\":\"normal\",\"seller_message\":\"Payment complete.\",\"type\":\"authorized\"},\"paid\":true,\"payment_intent\":null,\"payment_method\":\"card_1RDA9W2NUoYUjiuuloQ3x2uM\",\"payment_method_details\":{\"card\":{\"amount_authorized\":59500,\"authorization_code\":\"36056C\",\"brand\":\"visa\",\"checks\":{\"address_line1_check\":null,\"address_postal_code_check\":null,\"cvc_check\":\"pass\"},\"country\":\"US\",\"exp_month\":6,\"exp_year\":2027,\"extended_authorization\":{\"status\":\"disabled\"},\"fingerprint\":\"jO3aA7YKwjYt70KE\",\"funding\":\"credit\",\"incremental_authorization\":{\"status\":\"unavailable\"},\"installments\":null,\"last4\":\"4140\",\"mandate\":null,\"multicapture\":{\"status\":\"unavailable\"},\"network\":\"visa\",\"network_token\":{\"used\":false},\"network_transaction_id\":\"585102717504548\",\"overcapture\":{\"maximum_amount_capturable\":59500,\"status\":\"unavailable\"},\"regulated_status\":\"unregulated\",\"three_d_secure\":null,\"wallet\":null},\"type\":\"card\"},\"receipt_email\":null,\"receipt_number\":null,\"receipt_url\":\"https:\\/\\/pay.stripe.com\\/receipts\\/payment\\/CAcQARoXChVhY2N0XzFRUEFGdjJOVW9ZVWppdXUox4rrvwYyBh4zUPiB-josFsiSggAVOYBHo2Mdduxbg3qmWSRvihZtw7gjehgVgRrIaafHhIZO1yieNrg\",\"refunded\":false,\"review\":null,\"shipping\":null,\"source\":{\"id\":\"card_1RDA9W2NUoYUjiuuloQ3x2uM\",\"object\":\"card\",\"address_city\":null,\"address_country\":null,\"address_line1\":null,\"address_line1_check\":null,\"address_line2\":null,\"address_state\":null,\"address_zip\":null,\"address_zip_check\":null,\"allow_redisplay\":\"unspecified\",\"brand\":\"Visa\",\"country\":\"US\",\"customer\":\"cus_S7OxSFqMCy0I8D\",\"cvc_check\":\"pass\",\"dynamic_last4\":null,\"exp_month\":6,\"exp_year\":2027,\"fingerprint\":\"jO3aA7YKwjYt70KE\",\"funding\":\"credit\",\"last4\":\"4140\",\"metadata\":[],\"name\":\"bilbaomarta54@gmail.com\",\"regulated_status\":\"unregulated\",\"tokenization_method\":null,\"wallet\":null},\"source_transfer\":null,\"statement_descriptor\":null,\"statement_descriptor_suffix\":null,\"status\":\"succeeded\",\"transfer_data\":null,\"transfer_group\":null}'
WHERE `id` = 290;
INSERT INTO `user_registration` (`user_id`, `username`, `sponsor_id`, `vacant`, `f_name`, `l_name`, `position`, `email`, `password`, `phone`, `country`, `state`, `city`, `street`, `zip_code`, `reg_ip`, `status`, `package_id`, `rank_id`, `highest_rank`, `cycle_rank_id`, `user_type`, `created`, `subscription_date`, `active_status`, `google_secret`) VALUES ('5XIPYS', 'Pepa1045', 'B5EVHD', 'no', 'Martha', 'Bilbao', 'left', 'bilbaomarta54@gmail.com', '0304456f7beb1e7d645d0baf6fc896c8', '7862135703', 'United States', 'Florida', 'Hialeah ', '2436 west 71 place', '33016', '172.68.7.16', 1, '2', 1, 1, 1, 'affiliate', '2025-04-12 14:53:12', '2025-05-12', 'yes', 'QDGSVW4J76IOQNI5');
UPDATE `user_registration` SET total_ref_count = total_ref_count+1
WHERE `user_id` = 'B5EVHD';
INSERT INTO `matrix_fill_sponsor` (`sponsor_id`, `downline_id`, `level`, `matrix`) VALUES ('B5EVHD', '5XIPYS', 1, 1);
INSERT INTO `matrix_fill_sponsor` (`sponsor_id`, `downline_id`, `level`, `matrix`) VALUES ('2V26XM', '5XIPYS', 2, 1);
INSERT INTO `matrix_fill_sponsor` (`sponsor_id`, `downline_id`, `level`, `matrix`) VALUES ('JHRDHS', '5XIPYS', 3, 1);
INSERT INTO `matrix_fill_sponsor` (`sponsor_id`, `downline_id`, `level`, `matrix`) VALUES ('CVVK4C', '5XIPYS', 4, 1);
INSERT INTO `matrix_fill_sponsor` (`sponsor_id`, `downline_id`, `level`, `matrix`) VALUES ('K55EDD', '5XIPYS', 5, 1);
INSERT INTO `matrix_fill_sponsor` (`sponsor_id`, `downline_id`, `level`, `matrix`) VALUES ('UQO7EQ', '5XIPYS', 6, 1);
INSERT INTO `matrix_fill_sponsor` (`sponsor_id`, `downline_id`, `level`, `matrix`) VALUES ('N6GZAE', '5XIPYS', 7, 1);
INSERT INTO `matrix_fill_sponsor` (`sponsor_id`, `downline_id`, `level`, `matrix`) VALUES ('4E1CRI', '5XIPYS', 8, 1);
INSERT INTO `matrix_fill_sponsor` (`sponsor_id`, `downline_id`, `level`, `matrix`) VALUES ('SJBNYJ', '5XIPYS', 9, 1);
INSERT INTO `matrix_fill_sponsor` (`sponsor_id`, `downline_id`, `level`, `matrix`) VALUES ('44B9Y4', '5XIPYS', 10, 1);
INSERT INTO `matrix_fill_sponsor` (`sponsor_id`, `downline_id`, `level`, `matrix`) VALUES ('admin', '5XIPYS', 11, 1);
UPDATE `binary_view` SET `user_id` = '5XIPYS', `username` = 'Pepa1045', `vacant` = 'no', `created` = '2025-04-12 14:55:50', `sponsor_id` = 'B5EVHD'
WHERE `uid` = '2334';
INSERT INTO `binary_view` (`user_id`, `username`, `sponsor_id`, `placement_id`, `vacant`, `position`, `created`) VALUES ('XCFZDO', 'ilVPfhCd', '5XIPYS', '5XIPYS', 'yes', 'left', '2025-04-12 14:55:50');
INSERT INTO `binary_view` (`user_id`, `username`, `sponsor_id`, `placement_id`, `vacant`, `position`, `created`) VALUES ('KRANCV', 'THuqCvus', '5XIPYS', '5XIPYS', 'yes', 'right', '2025-04-12 14:55:50');
INSERT INTO `bv_updation` (`user_id`) VALUES ('5XIPYS');
UPDATE `user_registration` SET total_downlines = total_downlines+1
WHERE `user_id` = '1MHVTB';
UPDATE `user_registration` SET left_downlines = left_downlines+1
WHERE `user_id` = '1MHVTB';
UPDATE `user_registration` SET total_downlines = total_downlines+1
WHERE `user_id` = '4WVWXZ';
UPDATE `user_registration` SET left_downlines = left_downlines+1
WHERE `user_id` = '4WVWXZ';
UPDATE `user_registration` SET total_downlines = total_downlines+1
WHERE `user_id` = 'GTPJAP';
UPDATE `user_registration` SET left_downlines = left_downlines+1
WHERE `user_id` = 'GTPJAP';
UPDATE `user_registration` SET total_downlines = total_downlines+1
WHERE `user_id` = '4VE7D1';
UPDATE `user_registration` SET left_downlines = left_downlines+1
WHERE `user_id` = '4VE7D1';
UPDATE `user_registration` SET total_downlines = total_downlines+1
WHERE `user_id` = '2KPJZJ';
UPDATE `user_registration` SET left_downlines = left_downlines+1
WHERE `user_id` = '2KPJZJ';
UPDATE `user_registration` SET total_downlines = total_downlines+1
WHERE `user_id` = 'B5EVHD';
UPDATE `user_registration` SET left_downlines = left_downlines+1
WHERE `user_id` = 'B5EVHD';
UPDATE `user_registration` SET left_ref_count = left_ref_count+1
WHERE `user_id` = 'B5EVHD';
UPDATE `user_registration` SET active_left = active_left+1
WHERE `user_id` = 'B5EVHD';
UPDATE `user_registration` SET total_downlines = total_downlines+1
WHERE `user_id` = 'AQJLZA';
UPDATE `user_registration` SET left_downlines = left_downlines+1
WHERE `user_id` = 'AQJLZA';
UPDATE `user_registration` SET total_downlines = total_downlines+1
WHERE `user_id` = '2V26XM';
UPDATE `user_registration` SET left_downlines = left_downlines+1
WHERE `user_id` = '2V26XM';
UPDATE `user_registration` SET total_downlines = total_downlines+1
WHERE `user_id` = 'K8DXP2';
UPDATE `user_registration` SET left_downlines = left_downlines+1
WHERE `user_id` = 'K8DXP2';
UPDATE `user_registration` SET total_downlines = total_downlines+1
WHERE `user_id` = 'HP6YP2';
UPDATE `user_registration` SET left_downlines = left_downlines+1
WHERE `user_id` = 'HP6YP2';
UPDATE `user_registration` SET total_downlines = total_downlines+1
WHERE `user_id` = 'L8NRSC';
UPDATE `user_registration` SET left_downlines = left_downlines+1
WHERE `user_id` = 'L8NRSC';
UPDATE `user_registration` SET total_downlines = total_downlines+1
WHERE `user_id` = 'JHRDHS';
UPDATE `user_registration` SET left_downlines = left_downlines+1
WHERE `user_id` = 'JHRDHS';
UPDATE `user_registration` SET total_downlines = total_downlines+1
WHERE `user_id` = 'CVVK4C';
UPDATE `user_registration` SET right_downlines = right_downlines+1
WHERE `user_id` = 'CVVK4C';
UPDATE `user_registration` SET total_downlines = total_downlines+1
WHERE `user_id` = 'K55EDD';
UPDATE `user_registration` SET left_downlines = left_downlines+1
WHERE `user_id` = 'K55EDD';
UPDATE `user_registration` SET total_downlines = total_downlines+1
WHERE `user_id` = 'UQO7EQ';
UPDATE `user_registration` SET left_downlines = left_downlines+1
WHERE `user_id` = 'UQO7EQ';
UPDATE `user_registration` SET total_downlines = total_downlines+1
WHERE `user_id` = 'N6GZAE';
UPDATE `user_registration` SET left_downlines = left_downlines+1
WHERE `user_id` = 'N6GZAE';
UPDATE `user_registration` SET total_downlines = total_downlines+1
WHERE `user_id` = '4E1CRI';
UPDATE `user_registration` SET left_downlines = left_downlines+1
WHERE `user_id` = '4E1CRI';
UPDATE `user_registration` SET total_downlines = total_downlines+1
WHERE `user_id` = 'SJBNYJ';
UPDATE `user_registration` SET left_downlines = left_downlines+1
WHERE `user_id` = 'SJBNYJ';
UPDATE `user_registration` SET total_downlines = total_downlines+1
WHERE `user_id` = '44B9Y4';
UPDATE `user_registration` SET left_downlines = left_downlines+1
WHERE `user_id` = '44B9Y4';
UPDATE `user_registration` SET total_downlines = total_downlines+1
WHERE `user_id` = 'admin';
UPDATE `user_registration` SET right_downlines = right_downlines+1
WHERE `user_id` = 'admin';
INSERT INTO `package_purchase_history` (`user_id`, `package_id`, `reg_fee`, `package_name`, `monthly_fee`, `type`, `date`, `payment_option`) VALUES ('5XIPYS', '2', '595', 'Traveler Pro', '150', 'sign_up', '2025-04-12 14:55:50', 'stripe');
INSERT INTO `investment` (`invest_date`, `user_id`, `type`, `amount`, `package_id`) VALUES ('2025-04-12 14:55:50', '5XIPYS', 'register', '595', '2');
INSERT INTO `earnings` (`user_id`, `Purchaser_id`, `earning_type`, `package_id`, `amount`, `date`, `comments`, `invest_amount`, `comm_perc`, `level`, `rank_id`, `order_id`) VALUES ('B5EVHD', '5XIPYS', 'Direct Referral Bonus', '2', '100', '2025-04-12 14:55:50', 'Direct Referral Bonus', 0, 0, 1, '', 277);
UPDATE `user_registration` SET commission_balance = ROUND(commission_balance + 100,2)
WHERE `user_id` = 'B5EVHD';
UPDATE `user_registration` SET referral_bonus = ROUND(referral_bonus + 100,2)
WHERE `user_id` = 'B5EVHD';
INSERT INTO `earnings` (`user_id`, `Purchaser_id`, `earning_type`, `package_id`, `amount`, `date`, `comments`, `invest_amount`, `comm_perc`, `level`, `rank_id`, `order_id`) VALUES ('JHRDHS', '5XIPYS', 'Expansion Bonus', '2', 100, '2025-04-12 14:55:50', 'Expansion Bonus', '100', 0, 1, '', 277);
UPDATE `user_registration` SET commission_balance = ROUND(commission_balance + 100,2)
WHERE `user_id` = 'JHRDHS';
UPDATE `user_registration` SET expansion_bonus = ROUND(expansion_bonus + 100,2)
WHERE `user_id` = 'JHRDHS';
UPDATE `user_registration` SET total_points = ROUND(total_points + 50,2)
WHERE `user_id` = '5XIPYS';
INSERT INTO `points_history` (`user_id`, `points`, `type`, `date`) VALUES ('5XIPYS', '50', 'register', '2025-04-12 14:55:');
INSERT INTO `matrix_filling` (`placement_id`, `downline_id`, `level`, `matrix`) VALUES ('1MHVTB', '5XIPYS', 1, 1);
UPDATE `bv_updation` SET left_carry = left_carry+50, total_left = total_left+50
WHERE `user_id` = '1MHVTB';
INSERT INTO `placement_bv_update_history` (`left_carry`, `date`, `from_id`, `user_id`) VALUES ('50', '2025-04-12 14:55:50', '5XIPYS', '1MHVTB');
INSERT INTO `matrix_filling` (`placement_id`, `downline_id`, `level`, `matrix`) VALUES ('4WVWXZ', '5XIPYS', 2, 1);
UPDATE `bv_updation` SET left_carry = left_carry+50, total_left = total_left+50
WHERE `user_id` = '4WVWXZ';
INSERT INTO `placement_bv_update_history` (`left_carry`, `date`, `from_id`, `user_id`) VALUES ('50', '2025-04-12 14:55:50', '5XIPYS', '4WVWXZ');
INSERT INTO `matrix_filling` (`placement_id`, `downline_id`, `level`, `matrix`) VALUES ('GTPJAP', '5XIPYS', 3, 1);
UPDATE `bv_updation` SET left_carry = left_carry+50, total_left = total_left+50
WHERE `user_id` = 'GTPJAP';
INSERT INTO `placement_bv_update_history` (`left_carry`, `date`, `from_id`, `user_id`) VALUES ('50', '2025-04-12 14:55:50', '5XIPYS', 'GTPJAP');
INSERT INTO `matrix_filling` (`placement_id`, `downline_id`, `level`, `matrix`) VALUES ('4VE7D1', '5XIPYS', 4, 1);
UPDATE `bv_updation` SET left_carry = left_carry+50, total_left = total_left+50
WHERE `user_id` = '4VE7D1';
INSERT INTO `placement_bv_update_history` (`left_carry`, `date`, `from_id`, `user_id`) VALUES ('50', '2025-04-12 14:55:50', '5XIPYS', '4VE7D1');
INSERT INTO `matrix_filling` (`placement_id`, `downline_id`, `level`, `matrix`) VALUES ('2KPJZJ', '5XIPYS', 5, 1);
UPDATE `bv_updation` SET left_carry = left_carry+50, total_left = total_left+50
WHERE `user_id` = '2KPJZJ';
INSERT INTO `placement_bv_update_history` (`left_carry`, `date`, `from_id`, `user_id`) VALUES ('50', '2025-04-12 14:55:50', '5XIPYS', '2KPJZJ');
INSERT INTO `matrix_filling` (`placement_id`, `downline_id`, `level`, `matrix`) VALUES ('B5EVHD', '5XIPYS', 6, 1);
UPDATE `bv_updation` SET left_carry = left_carry+50, total_left = total_left+50
WHERE `user_id` = 'B5EVHD';
INSERT INTO `placement_bv_update_history` (`left_carry`, `date`, `from_id`, `user_id`) VALUES ('50', '2025-04-12 14:55:50', '5XIPYS', 'B5EVHD');
UPDATE `user_registration` SET `cycle_rank_id` = '1'
WHERE `user_id` = 'B5EVHD';
INSERT INTO `rank_history` (`rank_id`, `user_id`, `name`, `bv`, `date`, `amount`, `type`) VALUES ('1', 'B5EVHD', 'Affiliate', '0', '2025-04-12 14:55:50', '0', 'auto');
UPDATE `bv_updation` SET sponsor_left_carry = sponsor_left_carry+50, sponsor_total_left = sponsor_total_left+50
WHERE `user_id` = 'B5EVHD';
INSERT INTO `sponsor_bv_update_history` (`left_carry`, `date`, `user_id`) VALUES ('50', '2025-04-12 14:55:51', 'B5EVHD');
INSERT INTO `matrix_filling` (`placement_id`, `downline_id`, `level`, `matrix`) VALUES ('AQJLZA', '5XIPYS', 7, 1);
UPDATE `bv_updation` SET left_carry = left_carry+50, total_left = total_left+50
WHERE `user_id` = 'AQJLZA';
INSERT INTO `placement_bv_update_history` (`left_carry`, `date`, `from_id`, `user_id`) VALUES ('50', '2025-04-12 14:55:51', '5XIPYS', 'AQJLZA');
INSERT INTO `matrix_filling` (`placement_id`, `downline_id`, `level`, `matrix`) VALUES ('2V26XM', '5XIPYS', 8, 1);
UPDATE `bv_updation` SET left_carry = left_carry+50, total_left = total_left+50
WHERE `user_id` = '2V26XM';
INSERT INTO `placement_bv_update_history` (`left_carry`, `date`, `from_id`, `user_id`) VALUES ('50', '2025-04-12 14:55:51', '5XIPYS', '2V26XM');
INSERT INTO `matrix_filling` (`placement_id`, `downline_id`, `level`, `matrix`) VALUES ('K8DXP2', '5XIPYS', 9, 1);
UPDATE `bv_updation` SET left_carry = left_carry+50, total_left = total_left+50
WHERE `user_id` = 'K8DXP2';
INSERT INTO `placement_bv_update_history` (`left_carry`, `date`, `from_id`, `user_id`) VALUES ('50', '2025-04-12 14:55:51', '5XIPYS', 'K8DXP2');
INSERT INTO `matrix_filling` (`placement_id`, `downline_id`, `level`, `matrix`) VALUES ('HP6YP2', '5XIPYS', 10, 1);
UPDATE `bv_updation` SET left_carry = left_carry+50, total_left = total_left+50
WHERE `user_id` = 'HP6YP2';
INSERT INTO `placement_bv_update_history` (`left_carry`, `date`, `from_id`, `user_id`) VALUES ('50', '2025-04-12 14:55:51', '5XIPYS', 'HP6YP2');
UPDATE `user_registration` SET `cycle_rank_id` = '1'
WHERE `user_id` = 'HP6YP2';
INSERT INTO `rank_history` (`rank_id`, `user_id`, `name`, `bv`, `date`, `amount`, `type`) VALUES ('1', 'HP6YP2', 'Affiliate', '0', '2025-04-12 14:55:51', '0', 'auto');
INSERT INTO `matrix_filling` (`placement_id`, `downline_id`, `level`, `matrix`) VALUES ('L8NRSC', '5XIPYS', 11, 1);
UPDATE `bv_updation` SET left_carry = left_carry+50, total_left = total_left+50
WHERE `user_id` = 'L8NRSC';
INSERT INTO `placement_bv_update_history` (`left_carry`, `date`, `from_id`, `user_id`) VALUES ('50', '2025-04-12 14:55:51', '5XIPYS', 'L8NRSC');
UPDATE `user_registration` SET `cycle_rank_id` = '1'
WHERE `user_id` = 'L8NRSC';
INSERT INTO `rank_history` (`rank_id`, `user_id`, `name`, `bv`, `date`, `amount`, `type`) VALUES ('1', 'L8NRSC', 'Affiliate', '0', '2025-04-12 14:55:51', '0', 'auto');
INSERT INTO `matrix_filling` (`placement_id`, `downline_id`, `level`, `matrix`) VALUES ('JHRDHS', '5XIPYS', 12, 1);
UPDATE `bv_updation` SET left_carry = left_carry+50, total_left = total_left+50
WHERE `user_id` = 'JHRDHS';
INSERT INTO `placement_bv_update_history` (`left_carry`, `date`, `from_id`, `user_id`) VALUES ('50', '2025-04-12 14:55:51', '5XIPYS', 'JHRDHS');
UPDATE `user_registration` SET `cycle_rank_id` = '1'
WHERE `user_id` = 'JHRDHS';
INSERT INTO `rank_history` (`rank_id`, `user_id`, `name`, `bv`, `date`, `amount`, `type`) VALUES ('1', 'JHRDHS', 'Affiliate', '0', '2025-04-12 14:55:51', '0', 'auto');
INSERT INTO `matrix_filling` (`placement_id`, `downline_id`, `level`, `matrix`) VALUES ('CVVK4C', '5XIPYS', 13, 1);
UPDATE `bv_updation` SET right_carry = right_carry+50, total_right = total_right+50
WHERE `user_id` = 'CVVK4C';
INSERT INTO `placement_bv_update_history` (`right_carry`, `date`, `from_id`, `user_id`) VALUES ('50', '2025-04-12 14:55:51', '5XIPYS', 'CVVK4C');
UPDATE `user_registration` SET `cycle_rank_id` = '1'
WHERE `user_id` = 'CVVK4C';
INSERT INTO `rank_history` (`rank_id`, `user_id`, `name`, `bv`, `date`, `amount`, `type`) VALUES ('1', 'CVVK4C', 'Affiliate', '0', '2025-04-12 14:55:51', '0', 'auto');
INSERT INTO `matrix_filling` (`placement_id`, `downline_id`, `level`, `matrix`) VALUES ('K55EDD', '5XIPYS', 14, 1);
UPDATE `bv_updation` SET left_carry = left_carry+50, total_left = total_left+50
WHERE `user_id` = 'K55EDD';
INSERT INTO `placement_bv_update_history` (`left_carry`, `date`, `from_id`, `user_id`) VALUES ('50', '2025-04-12 14:55:51', '5XIPYS', 'K55EDD');
UPDATE `user_registration` SET `cycle_rank_id` = '1'
WHERE `user_id` = 'K55EDD';
INSERT INTO `rank_history` (`rank_id`, `user_id`, `name`, `bv`, `date`, `amount`, `type`) VALUES ('1', 'K55EDD', 'Affiliate', '0', '2025-04-12 14:55:51', '0', 'auto');
INSERT INTO `matrix_filling` (`placement_id`, `downline_id`, `level`, `matrix`) VALUES ('UQO7EQ', '5XIPYS', 15, 1);
UPDATE `bv_updation` SET left_carry = left_carry+50, total_left = total_left+50
WHERE `user_id` = 'UQO7EQ';
INSERT INTO `placement_bv_update_history` (`left_carry`, `date`, `from_id`, `user_id`) VALUES ('50', '2025-04-12 14:55:52', '5XIPYS', 'UQO7EQ');
UPDATE `user_registration` SET `cycle_rank_id` = '1'
WHERE `user_id` = 'UQO7EQ';
INSERT INTO `rank_history` (`rank_id`, `user_id`, `name`, `bv`, `date`, `amount`, `type`) VALUES ('1', 'UQO7EQ', 'Affiliate', '0', '2025-04-12 14:55:52', '0', 'auto');
INSERT INTO `matrix_filling` (`placement_id`, `downline_id`, `level`, `matrix`) VALUES ('N6GZAE', '5XIPYS', 16, 1);
UPDATE `bv_updation` SET left_carry = left_carry+50, total_left = total_left+50
WHERE `user_id` = 'N6GZAE';
INSERT INTO `placement_bv_update_history` (`left_carry`, `date`, `from_id`, `user_id`) VALUES ('50', '2025-04-12 14:55:52', '5XIPYS', 'N6GZAE');
UPDATE `user_registration` SET `cycle_rank_id` = '1'
WHERE `user_id` = 'N6GZAE';
INSERT INTO `rank_history` (`rank_id`, `user_id`, `name`, `bv`, `date`, `amount`, `type`) VALUES ('1', 'N6GZAE', 'Affiliate', '0', '2025-04-12 14:55:52', '0', 'auto');
INSERT INTO `matrix_filling` (`placement_id`, `downline_id`, `level`, `matrix`) VALUES ('4E1CRI', '5XIPYS', 17, 1);
UPDATE `bv_updation` SET left_carry = left_carry+50, total_left = total_left+50
WHERE `user_id` = '4E1CRI';
INSERT INTO `placement_bv_update_history` (`left_carry`, `date`, `from_id`, `user_id`) VALUES ('50', '2025-04-12 14:55:52', '5XIPYS', '4E1CRI');
INSERT INTO `matrix_filling` (`placement_id`, `downline_id`, `level`, `matrix`) VALUES ('SJBNYJ', '5XIPYS', 18, 1);
UPDATE `bv_updation` SET left_carry = left_carry+50, total_left = total_left+50
WHERE `user_id` = 'SJBNYJ';
INSERT INTO `placement_bv_update_history` (`left_carry`, `date`, `from_id`, `user_id`) VALUES ('50', '2025-04-12 14:55:52', '5XIPYS', 'SJBNYJ');
UPDATE `user_registration` SET `cycle_rank_id` = '1'
WHERE `user_id` = 'SJBNYJ';
INSERT INTO `rank_history` (`rank_id`, `user_id`, `name`, `bv`, `date`, `amount`, `type`) VALUES ('1', 'SJBNYJ', 'Affiliate', '0', '2025-04-12 14:55:52', '0', 'auto');
INSERT INTO `matrix_filling` (`placement_id`, `downline_id`, `level`, `matrix`) VALUES ('44B9Y4', '5XIPYS', 19, 1);
UPDATE `bv_updation` SET left_carry = left_carry+50, total_left = total_left+50
WHERE `user_id` = '44B9Y4';
INSERT INTO `placement_bv_update_history` (`left_carry`, `date`, `from_id`, `user_id`) VALUES ('50', '2025-04-12 14:55:53', '5XIPYS', '44B9Y4');
UPDATE `user_registration` SET `cycle_rank_id` = '1'
WHERE `user_id` = '44B9Y4';
INSERT INTO `rank_history` (`rank_id`, `user_id`, `name`, `bv`, `date`, `amount`, `type`) VALUES ('1', '44B9Y4', 'Affiliate', '0', '2025-04-12 14:55:53', '0', 'auto');
INSERT INTO `matrix_filling` (`placement_id`, `downline_id`, `level`, `matrix`) VALUES ('admin', '5XIPYS', 20, 1);
UPDATE `bv_updation` SET right_carry = right_carry+50, total_right = total_right+50
WHERE `user_id` = 'admin';
INSERT INTO `placement_bv_update_history` (`right_carry`, `date`, `from_id`, `user_id`) VALUES ('50', '2025-04-12 14:55:53', '5XIPYS', 'admin');
UPDATE `user_registration` SET `cycle_rank_id` = '1'
WHERE `user_id` = 'admin';
INSERT INTO `rank_history` (`rank_id`, `user_id`, `name`, `bv`, `date`, `amount`, `type`) VALUES ('1', 'admin', 'Affiliate', '0', '2025-04-12 14:55:53', '0', 'auto');
INSERT INTO `login_history` (`user_id`, `device`, `ip_address`, `date`) VALUES ('44B9Y4', 'Mozilla/5.0 (Windows NT 10.0; Win64; x64) AppleWebKit/537.36 (KHTML, like Gecko) Chrome/135.0.0.0 Safari/537.36', '172.68.7.63', '25-04-12 14:58');
UPDATE `user_registration` SET `popup_seen` = 'yes'
WHERE `user_id` = '44B9Y4';
UPDATE `ci_sessions` SET `timestamp` = 1744487939, `data` = '__ci_last_regenerate|i:1744487939;id|s:4:\"2216\";user_id|s:6:\"B5EVHD\";username|s:10:\"AlexVale57\";sponsor_id|s:6:\"2V26XM\";fullname|s:13:\"Xiomara Perez\";email|s:19:\"xiomy2852@gmail.com\";phone|s:10:\"7863331253\";isLogIn|b:1;exception|s:15:\"Invalid Session\";__ci_vars|a:1:{s:9:\"exception\";s:3:\"old\";}'
WHERE `id` = '4b0fa93aa7e786eac1618903cb0e0c25b7ef61eb';
UPDATE `user_registration` SET `popup_seen` = 'yes'
WHERE `user_id` = 'B5EVHD';
UPDATE `ci_sessions` SET `timestamp` = 1744488203, `data` = '__ci_last_regenerate|i:1744488203;id|s:4:\"2021\";user_id|s:6:\"44B9Y4\";username|s:7:\"Talimbi\";sponsor_id|s:5:\"admin\";fullname|s:14:\"Emilio Tapanes\";email|s:23:\"emiliotapanes@gmail.com\";phone|s:10:\"7862876762\";isLogIn|b:1;'
WHERE `id` = '2ae4335827d2be283170f5a4840352390b741ec2';
UPDATE `ci_sessions` SET `timestamp` = 1744488330, `data` = '__ci_last_regenerate|i:1744488330;id|s:4:\"2071\";user_id|s:6:\"JHRDHS\";username|s:7:\"mbecena\";sponsor_id|s:6:\"CVVK4C\";fullname|s:12:\"Maria Becena\";email|s:21:\"mbecena@bellsouth.net\";phone|s:10:\"7862360387\";isLogIn|b:1;'
WHERE `id` = '8cefc931ec670a44520c5b96a21ee411d7f196d6';
UPDATE `user_registration` SET `popup_seen` = 'yes'
WHERE `user_id` = 'JHRDHS';
INSERT INTO `login_history` (`user_id`, `device`, `ip_address`, `date`) VALUES ('9I44XH', 'Mozilla/5.0 (Linux; Android 10; K) AppleWebKit/537.36 (KHTML, like Gecko) Chrome/135.0.0.0 Mobile Safari/537.36', '172.68.7.160', '25-04-12 15:06');
UPDATE `user_registration` SET `popup_seen` = 'yes'
WHERE `user_id` = '9I44XH';
UPDATE `user_registration` SET `popup_seen` = 'yes'
WHERE `user_id` = 'JHRDHS';
UPDATE `user_registration` SET `popup_seen` = 'yes'
WHERE `user_id` = 'JHRDHS';
UPDATE `ci_sessions` SET `timestamp` = 1744489053, `data` = '__ci_last_regenerate|i:1744489053;id|s:4:\"2071\";user_id|s:6:\"JHRDHS\";username|s:7:\"mbecena\";sponsor_id|s:6:\"CVVK4C\";fullname|s:12:\"Maria Becena\";email|s:21:\"mbecena@bellsouth.net\";phone|s:10:\"7862360387\";isLogIn|b:1;'
WHERE `id` = '699321ae90482486d7e5b183a385613d10856fa5';
UPDATE `user_registration` SET `popup_seen` = 'yes'
WHERE `user_id` = 'JHRDHS';
INSERT INTO `login_history` (`user_id`, `device`, `ip_address`, `date`) VALUES ('UQO7EQ', 'Mozilla/5.0 (Windows NT 10.0; Win64; x64) AppleWebKit/537.36 (KHTML, like Gecko) Chrome/135.0.0.0 Safari/537.36', '172.70.82.191', '25-04-12 15:24');
UPDATE `user_registration` SET `popup_seen` = 'yes'
WHERE `user_id` = 'UQO7EQ';
UPDATE `user_registration` SET `popup_seen` = 'yes'
WHERE `user_id` = 'UQO7EQ';
UPDATE `ci_sessions` SET `timestamp` = 1744489875, `data` = '__ci_last_regenerate|i:1744489875;id|s:4:\"2042\";user_id|s:6:\"UQO7EQ\";username|s:6:\"Rafa51\";sponsor_id|s:6:\"N6GZAE\";fullname|s:16:\"Rafael Rodriguez\";email|s:18:\"rafagana@yahoo.com\";phone|s:10:\"3057610606\";isLogIn|b:1;'
WHERE `id` = '2718bc812ae82c91d669440028d8807c4259141f';
UPDATE `ci_sessions` SET `timestamp` = 1744490317, `data` = '__ci_last_regenerate|i:1744490317;id|s:4:\"2042\";user_id|s:6:\"UQO7EQ\";username|s:6:\"Rafa51\";sponsor_id|s:6:\"N6GZAE\";fullname|s:16:\"Rafael Rodriguez\";email|s:18:\"rafagana@yahoo.com\";phone|s:10:\"3057610606\";isLogIn|b:1;'
WHERE `id` = '0cbd1f2dd53524de183f857311d8308cf9420e88';
UPDATE `user_registration` SET `popup_seen` = 'yes'
WHERE `user_id` = 'UQO7EQ';
UPDATE `user_registration` SET `popup_seen` = 'yes'
WHERE `user_id` = 'UQO7EQ';
UPDATE `ci_sessions` SET `timestamp` = 1744491353, `data` = '__ci_last_regenerate|i:1744491353;id|s:4:\"2042\";user_id|s:6:\"UQO7EQ\";username|s:6:\"Rafa51\";sponsor_id|s:6:\"N6GZAE\";fullname|s:16:\"Rafael Rodriguez\";email|s:18:\"rafagana@yahoo.com\";phone|s:10:\"3057610606\";isLogIn|b:1;'
WHERE `id` = 'f0b4b3a65bb334a9d7f4effd2744212a08230fca';
UPDATE `user_registration` SET `popup_seen` = 'yes'
WHERE `user_id` = 'UQO7EQ';
UPDATE `user_registration` SET `popup_seen` = 'yes'
WHERE `user_id` = 'UQO7EQ';
UPDATE `ci_sessions` SET `timestamp` = 1744491654, `data` = '__ci_last_regenerate|i:1744491654;id|s:4:\"2042\";user_id|s:6:\"UQO7EQ\";username|s:6:\"Rafa51\";sponsor_id|s:6:\"N6GZAE\";fullname|s:16:\"Rafael Rodriguez\";email|s:18:\"rafagana@yahoo.com\";phone|s:10:\"3057610606\";isLogIn|b:1;'
WHERE `id` = 'fa7e54b35e65dba4ff01f2013fdec7034aad820c';
UPDATE `user_registration` SET `popup_seen` = 'no'
WHERE `user_id` = 'UQO7EQ';
DELETE FROM `ci_sessions`
WHERE `id` = 'bc2cc96cdb3592fceb855b143ad57695a8ec6731';
INSERT INTO `login_history` (`user_id`, `device`, `ip_address`, `date`) VALUES ('6H3N98', 'Mozilla/5.0 (Linux; Android 10; K) AppleWebKit/537.36 (KHTML, like Gecko) Chrome/135.0.0.0 Mobile Safari/537.36', '172.68.12.43', '25-04-12 16:07');
UPDATE `user_registration` SET `popup_seen` = 'yes'
WHERE `user_id` = '6H3N98';
UPDATE `user_registration` SET `popup_seen` = 'no'
WHERE `user_id` = '6H3N98';
DELETE FROM `ci_sessions`
WHERE `id` = '018966258e95c35eb7efc378b7326cce9afbffc1';
INSERT INTO `login_history` (`user_id`, `device`, `ip_address`, `date`) VALUES ('BUWYXW', 'Mozilla/5.0 (Macintosh; Intel Mac OS X 10_15_7) AppleWebKit/605.1.15 (KHTML, like Gecko) Version/17.10 Safari/605.1.15', '172.69.132.233', '25-04-12 16:21');
UPDATE `user_registration` SET `popup_seen` = 'yes'
WHERE `user_id` = 'BUWYXW';
UPDATE `user_registration` SET `popup_seen` = 'yes'
WHERE `user_id` = 'BUWYXW';
UPDATE `ci_sessions` SET `timestamp` = 1744493060, `data` = '__ci_last_regenerate|i:1744493060;id|s:4:\"2115\";user_id|s:6:\"BUWYXW\";username|s:8:\"Splash99\";sponsor_id|s:6:\"JHRDHS\";fullname|s:16:\"Raquel Salgueiro\";email|s:19:\"maracas46@yahoo.com\";phone|s:10:\"3054097382\";isLogIn|b:1;'
WHERE `id` = '4aff11f938f4d3d4db99ad4c6c4be283fe1aab75';
UPDATE `ci_sessions` SET `timestamp` = 1744493357, `data` = '__ci_last_regenerate|i:1744493357;id|s:4:\"2216\";user_id|s:6:\"B5EVHD\";username|s:10:\"AlexVale57\";sponsor_id|s:6:\"2V26XM\";fullname|s:13:\"Xiomara Perez\";email|s:19:\"xiomy2852@gmail.com\";phone|s:10:\"7863331253\";isLogIn|b:1;'
WHERE `id` = 'a6f015dcfd834129835da7ebc0a24e890ca32585';
UPDATE `ci_sessions` SET `timestamp` = 1744493359, `data` = '__ci_last_regenerate|i:1744493359;captcha|s:4:\"hrhk\";'
WHERE `id` = '37d234a639e21adf894212ef932053715f3512df';
INSERT INTO `login_history` (`user_id`, `device`, `ip_address`, `date`) VALUES ('UQO7EQ', 'Mozilla/5.0 (Windows NT 10.0; Win64; x64) AppleWebKit/537.36 (KHTML, like Gecko) Chrome/135.0.0.0 Safari/537.36', '172.70.255.182', '25-04-12 16:29');
UPDATE `user_registration` SET `popup_seen` = 'yes'
WHERE `user_id` = 'UQO7EQ';
UPDATE `ci_sessions` SET `timestamp` = 1744493364, `data` = '__ci_last_regenerate|i:1744493364;id|s:4:\"2115\";user_id|s:6:\"BUWYXW\";username|s:8:\"Splash99\";sponsor_id|s:6:\"JHRDHS\";fullname|s:16:\"Raquel Salgueiro\";email|s:19:\"maracas46@yahoo.com\";phone|s:10:\"3054097382\";isLogIn|b:1;'
WHERE `id` = '5b7de315f80460e7e4cb085802f02cd92e0d9050';
INSERT INTO `login_history` (`user_id`, `device`, `ip_address`, `date`) VALUES ('2RSJNO', 'Mozilla/5.0 (iPhone; CPU iPhone OS 18_3_2 like Mac OS X) AppleWebKit/605.1.15 (KHTML, like Gecko) GSA/363.0.743255906 Mobile/15E148 Safari/604.1', '172.68.7.183', '25-04-12 16:31');
UPDATE `user_registration` SET `popup_seen` = 'yes'
WHERE `user_id` = '2RSJNO';
UPDATE `user_registration` SET `popup_seen` = 'yes'
WHERE `user_id` = 'UQO7EQ';
UPDATE `user_registration` SET `popup_seen` = 'no'
WHERE `user_id` = 'UQO7EQ';
DELETE FROM `ci_sessions`
WHERE `id` = 'f38302bcf5142fc6386530ac4efb2d2baad4381c';
UPDATE `ci_sessions` SET `timestamp` = 1744493715, `data` = '__ci_last_regenerate|i:1744493715;id|s:4:\"2115\";user_id|s:6:\"BUWYXW\";username|s:8:\"Splash99\";sponsor_id|s:6:\"JHRDHS\";fullname|s:16:\"Raquel Salgueiro\";email|s:19:\"maracas46@yahoo.com\";phone|s:10:\"3054097382\";isLogIn|b:1;'
WHERE `id` = '25ec4c3bf72e2f5f9aec740e8921c7c86d8c2b05';
UPDATE `ci_sessions` SET `timestamp` = 1744494728, `data` = '__ci_last_regenerate|i:1744494728;captcha|s:4:\"lzya\";'
WHERE `id` = 'e3934e52b6ce8c5dc5a67789b569ae12e5f0d38b';
INSERT INTO `login_history` (`user_id`, `device`, `ip_address`, `date`) VALUES ('UQO7EQ', 'Mozilla/5.0 (Windows NT 10.0; Win64; x64) AppleWebKit/537.36 (KHTML, like Gecko) Chrome/135.0.0.0 Safari/537.36', '172.68.7.182', '25-04-12 16:52');
UPDATE `user_registration` SET `popup_seen` = 'yes'
WHERE `user_id` = 'UQO7EQ';
UPDATE `user_registration` SET `popup_seen` = 'no'
WHERE `user_id` = 'UQO7EQ';
DELETE FROM `ci_sessions`
WHERE `id` = '92c815cd039746e0d5fa438b9d770a71f9ecb3d4';
UPDATE `ci_sessions` SET `timestamp` = 1744494774, `data` = '__ci_last_regenerate|i:1744494774;id|s:4:\"2115\";user_id|s:6:\"BUWYXW\";username|s:8:\"Splash99\";sponsor_id|s:6:\"JHRDHS\";fullname|s:16:\"Raquel Salgueiro\";email|s:19:\"maracas46@yahoo.com\";phone|s:10:\"3054097382\";isLogIn|b:1;'
WHERE `id` = '197ae28143067c63c89eaa73b50879aba06af949';
UPDATE `user_registration` SET `popup_seen` = 'no'
WHERE `user_id` = 'BUWYXW';
DELETE FROM `ci_sessions`
WHERE `id` = '0c6ea1a30b4fd2ca216c86c629fb44906ac0372a';
INSERT INTO `login_history` (`user_id`, `device`, `ip_address`, `date`) VALUES ('B5EVHD', 'Mozilla/5.0 (iPhone; CPU iPhone OS 18_3_2 like Mac OS X) AppleWebKit/605.1.15 (KHTML, like Gecko) Version/18.3.1 Mobile/15E148 Safari/604.1', '172.70.54.71', '25-04-12 16:58');
UPDATE `user_registration` SET `popup_seen` = 'yes'
WHERE `user_id` = 'B5EVHD';
UPDATE `user_registration` SET `default_leg` = 'right'
WHERE `user_id` = 'B5EVHD';
UPDATE `user_registration` SET `default_leg` = 'right'
WHERE `user_id` = 'B5EVHD';
UPDATE `user_registration` SET `default_leg` = 'right'
WHERE `user_id` = 'B5EVHD';
UPDATE `user_registration` SET `popup_seen` = 'no'
WHERE `user_id` = 'B5EVHD';
DELETE FROM `ci_sessions`
WHERE `id` = 'd29f2e4127c893730518e5f3424f26f31016abe8';
INSERT INTO `login_history` (`user_id`, `device`, `ip_address`, `date`) VALUES ('B5EVHD', 'Mozilla/5.0 (iPhone; CPU iPhone OS 18_3_2 like Mac OS X) AppleWebKit/605.1.15 (KHTML, like Gecko) Version/18.3.1 Mobile/15E148 Safari/604.1', '108.162.212.114', '25-04-12 17:00');
UPDATE `user_registration` SET `popup_seen` = 'yes'
WHERE `user_id` = 'B5EVHD';
INSERT INTO `login_history` (`user_id`, `device`, `ip_address`, `date`) VALUES ('UQO7EQ', 'Mozilla/5.0 (Linux; Android 10; K) AppleWebKit/537.36 (KHTML, like Gecko) Chrome/131.0.0.0 Mobile Safari/537.36', '172.70.254.151', '25-04-12 17:07');
UPDATE `user_registration` SET `popup_seen` = 'yes'
WHERE `user_id` = 'UQO7EQ';
UPDATE `user_registration` SET `popup_seen` = 'yes'
WHERE `user_id` = 'UQO7EQ';
UPDATE `user_registration` SET `popup_seen` = 'no'
WHERE `user_id` = 'UQO7EQ';
DELETE FROM `ci_sessions`
WHERE `id` = '292f3953761f2e79a3fff488755c08f3e4fd58a5';
UPDATE `ci_sessions` SET `timestamp` = 1744497004, `data` = '__ci_last_regenerate|i:1744497004;id|s:4:\"2216\";user_id|s:6:\"B5EVHD\";username|s:10:\"AlexVale57\";sponsor_id|s:6:\"2V26XM\";fullname|s:13:\"Xiomara Perez\";email|s:19:\"xiomy2852@gmail.com\";phone|s:10:\"7863331253\";isLogIn|b:1;'
WHERE `id` = '187ab354eede88f9fed74744509f5e39e13b062d';
UPDATE `user_registration` SET `popup_seen` = 'yes'
WHERE `user_id` = 'B5EVHD';
UPDATE `ci_sessions` SET `timestamp` = 1744498037, `data` = '__ci_last_regenerate|i:1744498037;captcha|s:4:\"gkzj\";'
WHERE `id` = 'a1d8bb2145fa97b1d54c6f53aa886d4297d6a379';
INSERT INTO `login_history` (`user_id`, `device`, `ip_address`, `date`) VALUES ('UQO7EQ', 'Mozilla/5.0 (Windows NT 10.0; Win64; x64) AppleWebKit/537.36 (KHTML, like Gecko) Chrome/135.0.0.0 Safari/537.36', '172.70.254.136', '25-04-12 17:47');
UPDATE `user_registration` SET `popup_seen` = 'yes'
WHERE `user_id` = 'UQO7EQ';
UPDATE `ci_sessions` SET `timestamp` = 1744498587, `data` = '__ci_last_regenerate|i:1744498587;id|s:4:\"2042\";user_id|s:6:\"UQO7EQ\";username|s:6:\"Rafa51\";sponsor_id|s:6:\"N6GZAE\";fullname|s:16:\"Rafael Rodriguez\";email|s:18:\"rafagana@yahoo.com\";phone|s:10:\"3057610606\";isLogIn|b:1;'
WHERE `id` = '0fd2c767036ac66a37bde7f567cc19a3d76a423a';
UPDATE `user_registration` SET `popup_seen` = 'yes'
WHERE `user_id` = 'UQO7EQ';
UPDATE `ci_sessions` SET `timestamp` = 1744498931, `data` = '__ci_last_regenerate|i:1744498931;id|s:4:\"2042\";user_id|s:6:\"UQO7EQ\";username|s:6:\"Rafa51\";sponsor_id|s:6:\"N6GZAE\";fullname|s:16:\"Rafael Rodriguez\";email|s:18:\"rafagana@yahoo.com\";phone|s:10:\"3057610606\";isLogIn|b:1;'
WHERE `id` = 'f4de55f8e31d01a5cc24e68ae91a85dad5f89250';
UPDATE `user_registration` SET `popup_seen` = 'yes'
WHERE `user_id` = 'UQO7EQ';
UPDATE `ci_sessions` SET `timestamp` = 1744500218, `data` = '__ci_last_regenerate|i:1744500218;id|s:4:\"2042\";user_id|s:6:\"UQO7EQ\";username|s:6:\"Rafa51\";sponsor_id|s:6:\"N6GZAE\";fullname|s:16:\"Rafael Rodriguez\";email|s:18:\"rafagana@yahoo.com\";phone|s:10:\"3057610606\";isLogIn|b:1;'
WHERE `id` = '2a9418ce8c1d892cfe1c8ee9697da2174d0eeeba';
UPDATE `user_registration` SET `popup_seen` = 'yes'
WHERE `user_id` = 'UQO7EQ';
UPDATE `ci_sessions` SET `timestamp` = 1744500937, `data` = '__ci_last_regenerate|i:1744500937;id|s:4:\"2216\";user_id|s:6:\"B5EVHD\";username|s:10:\"AlexVale57\";sponsor_id|s:6:\"2V26XM\";fullname|s:13:\"Xiomara Perez\";email|s:19:\"xiomy2852@gmail.com\";phone|s:10:\"7863331253\";isLogIn|b:1;'
WHERE `id` = 'e65d7cc9087cefb3cfdb2ac17ad53eebfd59d771';
UPDATE `user_registration` SET `popup_seen` = 'yes'
WHERE `user_id` = 'B5EVHD';
UPDATE `ci_sessions` SET `timestamp` = 1744501012, `data` = '__ci_last_regenerate|i:1744501012;id|s:4:\"2042\";user_id|s:6:\"UQO7EQ\";username|s:6:\"Rafa51\";sponsor_id|s:6:\"N6GZAE\";fullname|s:16:\"Rafael Rodriguez\";email|s:18:\"rafagana@yahoo.com\";phone|s:10:\"3057610606\";isLogIn|b:1;'
WHERE `id` = '54dbec2d9c275e8ccad414fabd98faec8fceadaa';
UPDATE `user_registration` SET `popup_seen` = 'yes'
WHERE `user_id` = 'UQO7EQ';
INSERT INTO `login_history` (`user_id`, `device`, `ip_address`, `date`) VALUES ('44B9Y4', 'Mozilla/5.0 (iPhone; CPU iPhone OS 18_3_2 like Mac OS X) AppleWebKit/605.1.15 (KHTML, like Gecko) Version/18.3.1 Mobile/15E148 Safari/604.1', '172.68.7.138', '25-04-12 18:52');
UPDATE `user_registration` SET `popup_seen` = 'yes'
WHERE `user_id` = '44B9Y4';
UPDATE `ci_sessions` SET `timestamp` = 1744501967, `data` = '__ci_last_regenerate|i:1744501967;id|s:4:\"2042\";user_id|s:6:\"UQO7EQ\";username|s:6:\"Rafa51\";sponsor_id|s:6:\"N6GZAE\";fullname|s:16:\"Rafael Rodriguez\";email|s:18:\"rafagana@yahoo.com\";phone|s:10:\"3057610606\";isLogIn|b:1;'
WHERE `id` = '0faf59d6bed2c8e0b3fe72944752e2dda9e026ca';
UPDATE `user_registration` SET `popup_seen` = 'yes'
WHERE `user_id` = 'UQO7EQ';
UPDATE `ci_sessions` SET `timestamp` = 1744502282, `data` = '__ci_last_regenerate|i:1744502282;id|s:4:\"2042\";user_id|s:6:\"UQO7EQ\";username|s:6:\"Rafa51\";sponsor_id|s:6:\"N6GZAE\";fullname|s:16:\"Rafael Rodriguez\";email|s:18:\"rafagana@yahoo.com\";phone|s:10:\"3057610606\";isLogIn|b:1;'
WHERE `id` = 'd2575e0fafd150c8e3b75ff7bde5b75db3597272';
UPDATE `user_registration` SET `popup_seen` = 'no'
WHERE `user_id` = 'UQO7EQ';
DELETE FROM `ci_sessions`
WHERE `id` = '52e65e5d317f5d9ae4a320c6586185b8bb9b57b2';
INSERT INTO `login_history` (`user_id`, `device`, `ip_address`, `date`) VALUES ('K55EDD', 'Mozilla/5.0 (Windows NT 10.0; Win64; x64) AppleWebKit/537.36 (KHTML, like Gecko) Chrome/135.0.0.0 Safari/537.36', '172.69.132.225', '25-04-12 18:58');
UPDATE `user_registration` SET `popup_seen` = 'yes'
WHERE `user_id` = 'K55EDD';
UPDATE `user_registration` SET `popup_seen` = 'no'
WHERE `user_id` = 'K55EDD';
DELETE FROM `ci_sessions`
WHERE `id` = '065584ee8f2bcc2383a29d7f9509468fe2a68dce';
INSERT INTO `login_history` (`user_id`, `device`, `ip_address`, `date`) VALUES ('UQO7EQ', 'Mozilla/5.0 (Windows NT 10.0; Win64; x64) AppleWebKit/537.36 (KHTML, like Gecko) Chrome/135.0.0.0 Safari/537.36', '172.68.12.55', '25-04-12 18:59');
UPDATE `user_registration` SET `popup_seen` = 'yes'
WHERE `user_id` = 'UQO7EQ';
UPDATE `user_registration` SET `popup_seen` = 'no'
WHERE `user_id` = 'UQO7EQ';
DELETE FROM `ci_sessions`
WHERE `id` = '6177c493f09f23fababb07ac08f3d0e112bba037';
INSERT INTO `login_history` (`user_id`, `device`, `ip_address`, `date`) VALUES ('UQO7EQ', 'Mozilla/5.0 (Windows NT 10.0; Win64; x64) AppleWebKit/537.36 (KHTML, like Gecko) Chrome/135.0.0.0 Safari/537.36', '172.69.132.241', '25-04-12 19:01');
UPDATE `user_registration` SET `popup_seen` = 'yes'
WHERE `user_id` = 'UQO7EQ';
INSERT INTO `login_history` (`user_id`, `device`, `ip_address`, `date`) VALUES ('2RSJNO', 'Mozilla/5.0 (iPhone; CPU iPhone OS 18_3_2 like Mac OS X) AppleWebKit/605.1.15 (KHTML, like Gecko) GSA/363.0.743255906 Mobile/15E148 Safari/604.1', '172.70.55.79', '25-04-12 19:02');
UPDATE `user_registration` SET `popup_seen` = 'yes'
WHERE `user_id` = '2RSJNO';
INSERT INTO `temp_register` (`post_data`, `date`, `payment_method`, `type`) VALUES ('{\"user_id\":\"2RSJNO\",\"card_id\":\"3\",\"card_cost\":\"100\",\"card_value\":\"100\",\"payment_option\":\"stripe\",\"date\":\"2025-04-12 19:03:10\"}', '2025-04-12 19:03:10', 'stripe', 'buy+top_up_card');
UPDATE `temp_register` SET `response` = '{\"stripeToken\":\"tok_1RDE1h2NUoYUjiuuZDcCWfDc\",\"stripeTokenType\":\"card\",\"stripeEmail\":\"yoel21272@gmail.com\"}', `date_modified` = '2025-04-12 19:04:02', `payment_status` = '{\"id\":\"ch_3RDE1m2NUoYUjiuu1PtAivr8\",\"object\":\"charge\",\"amount\":10000,\"amount_captured\":10000,\"amount_refunded\":0,\"application\":null,\"application_fee\":null,\"application_fee_amount\":null,\"balance_transaction\":\"txn_3RDE1m2NUoYUjiuu1DGF8RQK\",\"billing_details\":{\"address\":{\"city\":null,\"country\":null,\"line1\":null,\"line2\":null,\"postal_code\":null,\"state\":null},\"email\":null,\"name\":\"yoel21272@gmail.com\",\"phone\":null},\"calculated_statement_descriptor\":\"TRAVELEGENDCY LLC\",\"captured\":true,\"created\":1744502642,\"currency\":\"usd\",\"customer\":\"cus_S7Sxg5XCQCAw2r\",\"description\":null,\"destination\":null,\"dispute\":null,\"disputed\":false,\"failure_balance_transaction\":null,\"failure_code\":null,\"failure_message\":null,\"fraud_details\":[],\"invoice\":null,\"livemode\":true,\"metadata\":[],\"on_behalf_of\":null,\"order\":null,\"outcome\":{\"advice_code\":null,\"network_advice_code\":null,\"network_decline_code\":null,\"network_status\":\"approved_by_network\",\"reason\":null,\"risk_level\":\"normal\",\"seller_message\":\"Payment complete.\",\"type\":\"authorized\"},\"paid\":true,\"payment_intent\":null,\"payment_method\":\"card_1RDE1h2NUoYUjiuukVlHkqaJ\",\"payment_method_details\":{\"card\":{\"amount_authorized\":10000,\"authorization_code\":\"030120\",\"brand\":\"visa\",\"checks\":{\"address_line1_check\":null,\"address_postal_code_check\":null,\"cvc_check\":\"pass\"},\"country\":\"US\",\"exp_month\":12,\"exp_year\":2027,\"extended_authorization\":{\"status\":\"disabled\"},\"fingerprint\":\"98SSl6YKxQOZsffX\",\"funding\":\"debit\",\"incremental_authorization\":{\"status\":\"unavailable\"},\"installments\":null,\"last4\":\"1674\",\"mandate\":null,\"multicapture\":{\"status\":\"unavailable\"},\"network\":\"visa\",\"network_token\":{\"used\":false},\"network_transaction_id\":\"465103002429726\",\"overcapture\":{\"maximum_amount_capturable\":10000,\"status\":\"unavailable\"},\"regulated_status\":\"regulated\",\"three_d_secure\":null,\"wallet\":null},\"type\":\"card\"},\"receipt_email\":null,\"receipt_number\":null,\"receipt_url\":\"https:\\/\\/pay.stripe.com\\/receipts\\/payment\\/CAcQARoXChVhY2N0XzFRUEFGdjJOVW9ZVWppdXUo8v7rvwYyBhrfwXtz3zosFrxz_KlhiVVvqdMrW_jw7cmCTT1WNhcfH7o1NMUUzFRA7O7hIJPo2eg0T6s\",\"refunded\":false,\"review\":null,\"shipping\":null,\"source\":{\"id\":\"card_1RDE1h2NUoYUjiuukVlHkqaJ\",\"object\":\"card\",\"address_city\":null,\"address_country\":null,\"address_line1\":null,\"address_line1_check\":null,\"address_line2\":null,\"address_state\":null,\"address_zip\":null,\"address_zip_check\":null,\"allow_redisplay\":\"unspecified\",\"brand\":\"Visa\",\"country\":\"US\",\"customer\":\"cus_S7Sxg5XCQCAw2r\",\"cvc_check\":\"pass\",\"dynamic_last4\":null,\"exp_month\":12,\"exp_year\":2027,\"fingerprint\":\"98SSl6YKxQOZsffX\",\"funding\":\"debit\",\"last4\":\"1674\",\"metadata\":[],\"name\":\"yoel21272@gmail.com\",\"regulated_status\":\"regulated\",\"tokenization_method\":null,\"wallet\":null},\"source_transfer\":null,\"statement_descriptor\":null,\"statement_descriptor_suffix\":null,\"status\":\"succeeded\",\"transfer_data\":null,\"transfer_group\":null}'
WHERE `id` = 291;
INSERT INTO `card_purchase_history` (`user_id`, `card_id`, `card_cost`, `card_value`, `payment_option`, `date`) VALUES ('2RSJNO', '3', '100', '100', 'stripe', '2025-04-12 19:03:10');
UPDATE `user_registration` SET commission_balance = ROUND(commission_balance + 100,2)
WHERE `user_id` = '2RSJNO';
UPDATE `user_registration` SET `popup_seen` = 'yes'
WHERE `user_id` = '2RSJNO';
INSERT INTO `login_history` (`user_id`, `device`, `ip_address`, `date`) VALUES ('QJ5U9C', 'Mozilla/5.0 (Windows NT 10.0; Win64; x64) AppleWebKit/537.36 (KHTML, like Gecko) Chrome/135.0.0.0 Safari/537.36', '172.70.254.3', '25-04-12 19:05');
UPDATE `user_registration` SET `popup_seen` = 'yes'
WHERE `user_id` = 'QJ5U9C';
INSERT INTO `login_history` (`user_id`, `device`, `ip_address`, `date`) VALUES ('K55EDD', 'Mozilla/5.0 (iPhone; CPU iPhone OS 18_3_2 like Mac OS X) AppleWebKit/605.1.15 (KHTML, like Gecko) Version/18.3.1 Mobile/15E148 Safari/604.1', '172.70.82.158', '25-04-12 19:06');
UPDATE `user_registration` SET `popup_seen` = 'yes'
WHERE `user_id` = 'K55EDD';
UPDATE `ci_sessions` SET `timestamp` = 1744502808, `data` = '__ci_last_regenerate|i:1744502808;id|s:4:\"2042\";user_id|s:6:\"UQO7EQ\";username|s:6:\"Rafa51\";sponsor_id|s:6:\"N6GZAE\";fullname|s:16:\"Rafael Rodriguez\";email|s:18:\"rafagana@yahoo.com\";phone|s:10:\"3057610606\";isLogIn|b:1;message|s:24:\"Welcome Rafael Rodriguez\";__ci_vars|a:1:{s:7:\"message\";s:3:\"old\";}'
WHERE `id` = '94ae7e373e6765e95f787d65570ce1fb16149c92';
UPDATE `user_registration` SET `popup_seen` = 'yes'
WHERE `user_id` = 'UQO7EQ';
UPDATE `user_registration` SET `popup_seen` = 'yes'
WHERE `user_id` = 'K55EDD';
UPDATE `user_registration` SET `popup_seen` = 'no'
WHERE `user_id` = 'UQO7EQ';
DELETE FROM `ci_sessions`
WHERE `id` = '39839a6040a0b63377c89e881a50c3ba3cd0c59c';
UPDATE `ci_sessions` SET `timestamp` = 1744504880, `data` = '__ci_last_regenerate|i:1744504880;captcha|s:4:\"osj7\";'
WHERE `id` = 'e0cca96bf6b7296eefc3402fb334eb376dcdb372';
INSERT INTO `login_history` (`user_id`, `device`, `ip_address`, `date`) VALUES ('UQO7EQ', 'Mozilla/5.0 (Windows NT 10.0; Win64; x64) AppleWebKit/537.36 (KHTML, like Gecko) Chrome/135.0.0.0 Safari/537.36', '172.70.254.132', '25-04-12 19:41');
UPDATE `user_registration` SET `popup_seen` = 'yes'
WHERE `user_id` = 'UQO7EQ';
UPDATE `user_registration` SET `popup_seen` = 'no'
WHERE `user_id` = 'UQO7EQ';
DELETE FROM `ci_sessions`
WHERE `id` = '7b7826a95ad9adf3579c3d6b992d4dd275361f37';
INSERT INTO `login_history` (`user_id`, `device`, `ip_address`, `date`) VALUES ('UQO7EQ', 'Mozilla/5.0 (Linux; Android 10; K) AppleWebKit/537.36 (KHTML, like Gecko) Chrome/131.0.0.0 Mobile Safari/537.36', '172.70.255.161', '25-04-12 20:10');
UPDATE `user_registration` SET `popup_seen` = 'yes'
WHERE `user_id` = 'UQO7EQ';
UPDATE `user_registration` SET `popup_seen` = 'yes'
WHERE `user_id` = 'UQO7EQ';
UPDATE `user_registration` SET `popup_seen` = 'no'
WHERE `user_id` = 'UQO7EQ';
DELETE FROM `ci_sessions`
WHERE `id` = '8687707ae40e35fbf73ef7148bf5c13869efdc2e';
UPDATE `ci_sessions` SET `timestamp` = 1744506878, `data` = '__ci_last_regenerate|i:1744506878;id|s:4:\"2052\";user_id|s:6:\"K55EDD\";username|s:10:\"Varadero20\";sponsor_id|s:6:\"UQO7EQ\";fullname|s:16:\"Francisco Prieto\";email|s:24:\"prieto112015@hotmail.com\";phone|s:10:\"3059264135\";isLogIn|b:1;'
WHERE `id` = 'bc62bc3f5ed0811328c77d2d0262cb070d2ee823';
UPDATE `user_registration` SET `popup_seen` = 'yes'
WHERE `user_id` = 'K55EDD';
UPDATE `user_registration` SET `popup_seen` = 'yes'
WHERE `user_id` = 'K55EDD';
UPDATE `user_registration` SET `popup_seen` = 'yes'
WHERE `user_id` = 'K55EDD';
UPDATE `ci_sessions` SET `timestamp` = 1744509863, `data` = '__ci_last_regenerate|i:1744509863;captcha|s:4:\"zgxb\";'
WHERE `id` = '52f5d6e13dd940809ed0a5f167727773b79d31cd';
INSERT INTO `login_history` (`user_id`, `device`, `ip_address`, `date`) VALUES ('UQO7EQ', 'Mozilla/5.0 (Windows NT 10.0; Win64; x64) AppleWebKit/537.36 (KHTML, like Gecko) Chrome/135.0.0.0 Safari/537.36', '108.162.212.27', '25-04-12 21:04');
UPDATE `user_registration` SET `popup_seen` = 'yes'
WHERE `user_id` = 'UQO7EQ';
UPDATE `user_registration` SET `popup_seen` = 'no'
WHERE `user_id` = 'UQO7EQ';
DELETE FROM `ci_sessions`
WHERE `id` = '061b2b07fd67c27d803ba03f4b0278bc33f2942f';
UPDATE `ci_sessions` SET `timestamp` = 1744512184, `data` = '__ci_last_regenerate|i:1744512184;captcha|s:4:\"3xd3\";'
WHERE `id` = 'e874ccb83a87a9ad08cfdada8961fbdb210656b8';
INSERT INTO `login_history` (`user_id`, `device`, `ip_address`, `date`) VALUES ('UQO7EQ', 'Mozilla/5.0 (Windows NT 10.0; Win64; x64) AppleWebKit/537.36 (KHTML, like Gecko) Chrome/135.0.0.0 Safari/537.36', '172.68.12.145', '25-04-12 21:43');
UPDATE `user_registration` SET `popup_seen` = 'yes'
WHERE `user_id` = 'UQO7EQ';
UPDATE `user_registration` SET `popup_seen` = 'yes'
WHERE `user_id` = 'UQO7EQ';
UPDATE `user_registration` SET `popup_seen` = 'no'
WHERE `user_id` = 'UQO7EQ';
DELETE FROM `ci_sessions`
WHERE `id` = 'bcefbe9a1c724715ab6f864b50e7ebe2d8b95ea3';
INSERT INTO `login_history` (`user_id`, `device`, `ip_address`, `date`) VALUES ('9I44XH', 'Mozilla/5.0 (Windows NT 10.0; Win64; x64) AppleWebKit/537.36 (KHTML, like Gecko) Chrome/134.0.0.0 Safari/537.36 Edg/134.0.0.0', '172.69.132.241', '25-04-12 21:59');
UPDATE `user_registration` SET `popup_seen` = 'yes'
WHERE `user_id` = '9I44XH';
INSERT INTO `login_history` (`user_id`, `device`, `ip_address`, `date`) VALUES ('HSP8ZI', 'Mozilla/5.0 (Linux; Android 10; K) AppleWebKit/537.36 (KHTML, like Gecko) Chrome/134.0.0.0 Mobile Safari/537.36', '172.68.12.128', '25-04-12 22:00');
UPDATE `user_registration` SET `popup_seen` = 'yes'
WHERE `user_id` = 'HSP8ZI';
INSERT INTO `login_history` (`user_id`, `device`, `ip_address`, `date`) VALUES ('9I44XH', 'Mozilla/5.0 (Linux; Android 10; K) AppleWebKit/537.36 (KHTML, like Gecko) Chrome/135.0.0.0 Mobile Safari/537.36', '172.68.7.19', '25-04-12 22:03');
UPDATE `user_registration` SET `popup_seen` = 'yes'
WHERE `user_id` = '9I44XH';
UPDATE `ci_sessions` SET `timestamp` = 1744513472, `data` = '__ci_last_regenerate|i:1744513472;id|s:4:\"2329\";user_id|s:6:\"9I44XH\";username|s:7:\"Taymigg\";sponsor_id|s:6:\"DSVFR5\";fullname|s:12:\"Taymi Garcia\";email|s:25:\"taymigonzalez71@gmail.com\";phone|s:10:\"7864404824\";isLogIn|b:1;'
WHERE `id` = 'f7060dd0f5cb5a968e24bb9f418939912d76b692';
UPDATE `user_registration` SET `popup_seen` = 'no'
WHERE `user_id` = '9I44XH';
DELETE FROM `ci_sessions`
WHERE `id` = '4b2d5ce11451610e4141517a00a31a5788534cc1';
INSERT INTO `login_history` (`user_id`, `device`, `ip_address`, `date`) VALUES ('JHRDHS', 'Mozilla/5.0 (iPhone; CPU iPhone OS 18_3_2 like Mac OS X) AppleWebKit/605.1.15 (KHTML, like Gecko) Version/18.3.1 Mobile/15E148 Safari/604.1', '172.70.82.190', '25-04-12 22:45');
UPDATE `user_registration` SET `popup_seen` = 'yes'
WHERE `user_id` = 'JHRDHS';
UPDATE `ci_sessions` SET `timestamp` = 1744516463, `data` = '__ci_last_regenerate|i:1744516463;captcha|s:4:\"xjv3\";'
WHERE `id` = '30673e1c275a55c84f3aba1f0d6af5161f618076';
INSERT INTO `login_history` (`user_id`, `device`, `ip_address`, `date`) VALUES ('UQO7EQ', 'Mozilla/5.0 (Linux; Android 10; K) AppleWebKit/537.36 (KHTML, like Gecko) Chrome/131.0.0.0 Mobile Safari/537.36', '172.68.7.205', '25-04-12 22:54');
UPDATE `user_registration` SET `popup_seen` = 'yes'
WHERE `user_id` = 'UQO7EQ';
UPDATE `user_registration` SET `popup_seen` = 'yes'
WHERE `user_id` = 'UQO7EQ';
UPDATE `user_registration` SET `popup_seen` = 'no'
WHERE `user_id` = 'UQO7EQ';
DELETE FROM `ci_sessions`
WHERE `id` = 'a8f6426295f44d31934b3880c050f746070d042b';
INSERT INTO `login_history` (`user_id`, `device`, `ip_address`, `date`) VALUES ('JHRDHS', 'Mozilla/5.0 (Macintosh; Intel Mac OS X 10_15_7) AppleWebKit/605.1.15 (KHTML, like Gecko) Version/17.6 Safari/605.1.15', '172.70.255.182', '25-04-12 22:56');
UPDATE `user_registration` SET `popup_seen` = 'yes'
WHERE `user_id` = 'JHRDHS';
UPDATE `ci_sessions` SET `timestamp` = 1744516995, `data` = '__ci_last_regenerate|i:1744516995;id|s:4:\"2071\";user_id|s:6:\"JHRDHS\";username|s:7:\"mbecena\";sponsor_id|s:6:\"CVVK4C\";fullname|s:12:\"Maria Becena\";email|s:21:\"mbecena@bellsouth.net\";phone|s:10:\"7862360387\";isLogIn|b:1;'
WHERE `id` = '13525f4ebc1a58bb1b745dfef0d3628dbdff2a90';
INSERT INTO `cron_job_history` (`name`, `date_started`, `status`) VALUES ('backup', '2025-04-13 00:00:01', 'started');
UPDATE `cron_job_history` SET `status` = 'done', `date_end` = '2025-04-13 00:00:02'
WHERE `id` = 320;
INSERT INTO `cron_job_history` (`name`, `date_started`, `status`) VALUES ('deduct_sub_amt_from_ewallet', '2025-04-13 00:05:01', 'started');
UPDATE `user_registration` SET `sub_point` = 0, `active_status` = 'no'
WHERE `user_id` = '35H9RV';
INSERT INTO `inactive_history` (`user_id`, `commission_balance`, `amount`, `date`) VALUES ('35H9RV', '97.5', '150', '2025-04-13 00:05:01');
UPDATE `user_registration` SET `sub_point` = 0, `active_status` = 'no'
WHERE `user_id` = 'SJBNYJ';
INSERT INTO `inactive_history` (`user_id`, `commission_balance`, `amount`, `date`) VALUES ('SJBNYJ', '50', '150', '2025-04-13 00:05:02');
UPDATE `user_registration` SET `sub_point` = 0, `active_status` = 'no'
WHERE `user_id` = '45E8V2';
INSERT INTO `inactive_history` (`user_id`, `commission_balance`, `amount`, `date`) VALUES ('45E8V2', '50', '150', '2025-04-13 00:05:02');
UPDATE `user_registration` SET `sub_point` = 0, `active_status` = 'no'
WHERE `user_id` = 'XVTJOY';
INSERT INTO `inactive_history` (`user_id`, `commission_balance`, `amount`, `date`) VALUES ('XVTJOY', '100', '150', '2025-04-13 00:05:03');
UPDATE `user_registration` SET `sub_point` = 0, `active_status` = 'no'
WHERE `user_id` = '4E1CRI';
INSERT INTO `inactive_history` (`user_id`, `commission_balance`, `amount`, `date`) VALUES ('4E1CRI', '100', '150', '2025-04-13 00:05:03');
UPDATE `user_registration` SET `sub_point` = 0, `active_status` = 'no'
WHERE `user_id` = 'PBFKSY';
INSERT INTO `inactive_history` (`user_id`, `commission_balance`, `amount`, `date`) VALUES ('PBFKSY', '0', '150', '2025-04-13 00:05:04');
UPDATE `user_registration` SET `sub_point` = 0, `active_status` = 'no'
WHERE `user_id` = 'R37QLI';
INSERT INTO `inactive_history` (`user_id`, `commission_balance`, `amount`, `date`) VALUES ('R37QLI', '80', '150', '2025-04-13 00:05:04');
UPDATE `user_registration` SET `sub_point` = 0, `active_status` = 'no'
WHERE `user_id` = 'Q6D63V';
INSERT INTO `inactive_history` (`user_id`, `commission_balance`, `amount`, `date`) VALUES ('Q6D63V', '100', '150', '2025-04-13 00:05:05');
UPDATE `user_registration` SET `sub_point` = 0, `active_status` = 'no'
WHERE `user_id` = 'Q834IS';
INSERT INTO `inactive_history` (`user_id`, `commission_balance`, `amount`, `date`) VALUES ('Q834IS', '0', '50', '2025-04-13 00:05:05');
UPDATE `user_registration` SET `sub_point` = 0, `active_status` = 'no'
WHERE `user_id` = 'MT8QJF';
INSERT INTO `inactive_history` (`user_id`, `commission_balance`, `amount`, `date`) VALUES ('MT8QJF', '0', '150', '2025-04-13 00:05:06');
UPDATE `user_registration` SET `sub_point` = 0, `active_status` = 'no'
WHERE `user_id` = 'OWF3OA';
INSERT INTO `inactive_history` (`user_id`, `commission_balance`, `amount`, `date`) VALUES ('OWF3OA', '0', '150', '2025-04-13 00:05:06');
UPDATE `user_registration` SET `sub_point` = 0, `active_status` = 'no'
WHERE `user_id` = 'HUDVJU';
INSERT INTO `inactive_history` (`user_id`, `commission_balance`, `amount`, `date`) VALUES ('HUDVJU', '30', '50', '2025-04-13 00:05:06');
UPDATE `user_registration` SET `sub_point` = 0, `active_status` = 'no'
WHERE `user_id` = 'IEVPMD';
INSERT INTO `inactive_history` (`user_id`, `commission_balance`, `amount`, `date`) VALUES ('IEVPMD', '0', '150', '2025-04-13 00:05:07');
UPDATE `user_registration` SET `sub_point` = 0, `active_status` = 'no'
WHERE `user_id` = 'HQTCGF';
INSERT INTO `inactive_history` (`user_id`, `commission_balance`, `amount`, `date`) VALUES ('HQTCGF', '0', '150', '2025-04-13 00:05:07');
UPDATE `user_registration` SET `sub_point` = 0, `active_status` = 'no'
WHERE `user_id` = 'L2MNP5';
INSERT INTO `inactive_history` (`user_id`, `commission_balance`, `amount`, `date`) VALUES ('L2MNP5', '100', '150', '2025-04-13 00:05:08');
UPDATE `user_registration` SET `sub_point` = 0, `active_status` = 'no'
WHERE `user_id` = 'PUJNHI';
INSERT INTO `inactive_history` (`user_id`, `commission_balance`, `amount`, `date`) VALUES ('PUJNHI', '40', '150', '2025-04-13 00:05:08');
UPDATE `user_registration` SET `sub_point` = 0, `active_status` = 'no'
WHERE `user_id` = 'WC5BL7';
INSERT INTO `inactive_history` (`user_id`, `commission_balance`, `amount`, `date`) VALUES ('WC5BL7', '0', '50', '2025-04-13 00:05:09');
UPDATE `user_registration` SET `sub_point` = 0, `active_status` = 'no'
WHERE `user_id` = 'W17SG2';
INSERT INTO `inactive_history` (`user_id`, `commission_balance`, `amount`, `date`) VALUES ('W17SG2', '0', '150', '2025-04-13 00:05:09');
UPDATE `user_registration` SET `sub_point` = 0, `active_status` = 'no'
WHERE `user_id` = 'PR92IO';
INSERT INTO `inactive_history` (`user_id`, `commission_balance`, `amount`, `date`) VALUES ('PR92IO', '0', '50', '2025-04-13 00:05:09');
UPDATE `user_registration` SET `sub_point` = 0, `active_status` = 'no'
WHERE `user_id` = 'UTF7YN';
INSERT INTO `inactive_history` (`user_id`, `commission_balance`, `amount`, `date`) VALUES ('UTF7YN', '0', '150', '2025-04-13 00:05:10');
UPDATE `user_registration` SET `sub_point` = 0, `active_status` = 'no'
WHERE `user_id` = 'L8NRSC';
INSERT INTO `inactive_history` (`user_id`, `commission_balance`, `amount`, `date`) VALUES ('L8NRSC', '50', '150', '2025-04-13 00:05:10');
UPDATE `user_registration` SET `sub_point` = 0, `active_status` = 'no'
WHERE `user_id` = '6H3N98';
INSERT INTO `inactive_history` (`user_id`, `commission_balance`, `amount`, `date`) VALUES ('6H3N98', '100', '150', '2025-04-13 00:05:10');
UPDATE `user_registration` SET `sub_point` = 0, `active_status` = 'no'
WHERE `user_id` = '8RVNYT';
INSERT INTO `inactive_history` (`user_id`, `commission_balance`, `amount`, `date`) VALUES ('8RVNYT', '0', '150', '2025-04-13 00:05:11');
UPDATE `user_registration` SET `sub_point` = 0, `active_status` = 'no'
WHERE `user_id` = 'Q82ZV9';
INSERT INTO `inactive_history` (`user_id`, `commission_balance`, `amount`, `date`) VALUES ('Q82ZV9', '20', '50', '2025-04-13 00:05:11');
UPDATE `user_registration` SET `sub_point` = 0, `active_status` = 'no'
WHERE `user_id` = 'IWTOLP';
INSERT INTO `inactive_history` (`user_id`, `commission_balance`, `amount`, `date`) VALUES ('IWTOLP', '0', '50', '2025-04-13 00:05:11');
UPDATE `user_registration` SET `sub_point` = 0, `active_status` = 'no'
WHERE `user_id` = '9QPRWH';
INSERT INTO `inactive_history` (`user_id`, `commission_balance`, `amount`, `date`) VALUES ('9QPRWH', '0', '150', '2025-04-13 00:05:12');
UPDATE `user_registration` SET `sub_point` = 0, `active_status` = 'no'
WHERE `user_id` = 'WDEXJT';
INSERT INTO `inactive_history` (`user_id`, `commission_balance`, `amount`, `date`) VALUES ('WDEXJT', '0', '150', '2025-04-13 00:05:12');
UPDATE `user_registration` SET `sub_point` = 0, `active_status` = 'no'
WHERE `user_id` = '8D7CNL';
INSERT INTO `inactive_history` (`user_id`, `commission_balance`, `amount`, `date`) VALUES ('8D7CNL', '100', '150', '2025-04-13 00:05:13');
UPDATE `user_registration` SET `sub_point` = 0, `active_status` = 'no'
WHERE `user_id` = 'UJXP99';
INSERT INTO `inactive_history` (`user_id`, `commission_balance`, `amount`, `date`) VALUES ('UJXP99', '0', '50', '2025-04-13 00:05:13');
UPDATE `user_registration` SET `sub_point` = 0, `active_status` = 'no'
WHERE `user_id` = 'L268VW';
INSERT INTO `inactive_history` (`user_id`, `commission_balance`, `amount`, `date`) VALUES ('L268VW', '0', '50', '2025-04-13 00:05:13');
UPDATE `user_registration` SET `sub_point` = 0, `active_status` = 'no'
WHERE `user_id` = 'UVJ6L9';
INSERT INTO `inactive_history` (`user_id`, `commission_balance`, `amount`, `date`) VALUES ('UVJ6L9', '0', '50', '2025-04-13 00:05:14');
UPDATE `user_registration` SET `sub_point` = 0, `active_status` = 'no'
WHERE `user_id` = 'ULHSH2';
INSERT INTO `inactive_history` (`user_id`, `commission_balance`, `amount`, `date`) VALUES ('ULHSH2', '0', '150', '2025-04-13 00:05:14');
UPDATE `user_registration` SET `sub_point` = 0, `active_status` = 'no'
WHERE `user_id` = 'H1XYDK';
INSERT INTO `inactive_history` (`user_id`, `commission_balance`, `amount`, `date`) VALUES ('H1XYDK', '0', '50', '2025-04-13 00:05:14');
UPDATE `user_registration` SET `sub_point` = 0, `active_status` = 'no'
WHERE `user_id` = '3UFB1M';
INSERT INTO `inactive_history` (`user_id`, `commission_balance`, `amount`, `date`) VALUES ('3UFB1M', '100', '150', '2025-04-13 00:05:15');
UPDATE `user_registration` SET `sub_point` = 0, `active_status` = 'no'
WHERE `user_id` = 'LEOFNI';
INSERT INTO `inactive_history` (`user_id`, `commission_balance`, `amount`, `date`) VALUES ('LEOFNI', '0', '150', '2025-04-13 00:05:15');
UPDATE `user_registration` SET `sub_point` = 0, `active_status` = 'no'
WHERE `user_id` = '75X85X';
INSERT INTO `inactive_history` (`user_id`, `commission_balance`, `amount`, `date`) VALUES ('75X85X', '0', '50', '2025-04-13 00:05:15');
UPDATE `user_registration` SET `sub_point` = 0, `active_status` = 'no'
WHERE `user_id` = 'UC1QRN';
INSERT INTO `inactive_history` (`user_id`, `commission_balance`, `amount`, `date`) VALUES ('UC1QRN', '0', '150', '2025-04-13 00:05:16');
UPDATE `user_registration` SET `sub_point` = 0, `active_status` = 'no'
WHERE `user_id` = '7YU16B';
INSERT INTO `inactive_history` (`user_id`, `commission_balance`, `amount`, `date`) VALUES ('7YU16B', '0', '50', '2025-04-13 00:05:16');
UPDATE `user_registration` SET `sub_point` = 0, `active_status` = 'no'
WHERE `user_id` = 'OEM6F6';
INSERT INTO `inactive_history` (`user_id`, `commission_balance`, `amount`, `date`) VALUES ('OEM6F6', '0', '50', '2025-04-13 00:05:16');
UPDATE `user_registration` SET `sub_point` = 0, `active_status` = 'no'
WHERE `user_id` = 'TU7MHD';
INSERT INTO `inactive_history` (`user_id`, `commission_balance`, `amount`, `date`) VALUES ('TU7MHD', '0', '150', '2025-04-13 00:05:17');
UPDATE `user_registration` SET `sub_point` = 0, `active_status` = 'no'
WHERE `user_id` = '7BQJK5';
INSERT INTO `inactive_history` (`user_id`, `commission_balance`, `amount`, `date`) VALUES ('7BQJK5', '20', '150', '2025-04-13 00:05:17');
UPDATE `user_registration` SET `sub_point` = 0, `active_status` = 'no'
WHERE `user_id` = 'FLKHUD';
INSERT INTO `inactive_history` (`user_id`, `commission_balance`, `amount`, `date`) VALUES ('FLKHUD', '0', '150', '2025-04-13 00:05:18');
UPDATE `user_registration` SET `sub_point` = 0, `active_status` = 'no'
WHERE `user_id` = 'XMN3MK';
INSERT INTO `inactive_history` (`user_id`, `commission_balance`, `amount`, `date`) VALUES ('XMN3MK', '0', '150', '2025-04-13 00:05:18');
UPDATE `user_registration` SET `sub_point` = 0, `active_status` = 'no'
WHERE `user_id` = '7SMFPM';
INSERT INTO `inactive_history` (`user_id`, `commission_balance`, `amount`, `date`) VALUES ('7SMFPM', '0', '50', '2025-04-13 00:05:18');
UPDATE `user_registration` SET `sub_point` = 0, `active_status` = 'no'
WHERE `user_id` = 'WS9KK9';
INSERT INTO `inactive_history` (`user_id`, `commission_balance`, `amount`, `date`) VALUES ('WS9KK9', '0', '150', '2025-04-13 00:05:19');
UPDATE `user_registration` SET `sub_point` = 0, `active_status` = 'no'
WHERE `user_id` = 'BJFCEM';
INSERT INTO `inactive_history` (`user_id`, `commission_balance`, `amount`, `date`) VALUES ('BJFCEM', '0', '50', '2025-04-13 00:05:19');
UPDATE `user_registration` SET `sub_point` = 0, `active_status` = 'no'
WHERE `user_id` = '9EDD8W';
INSERT INTO `inactive_history` (`user_id`, `commission_balance`, `amount`, `date`) VALUES ('9EDD8W', '0', '50', '2025-04-13 00:05:19');
UPDATE `user_registration` SET `sub_point` = 0, `active_status` = 'no'
WHERE `user_id` = '2QC8SK';
INSERT INTO `inactive_history` (`user_id`, `commission_balance`, `amount`, `date`) VALUES ('2QC8SK', '0', '150', '2025-04-13 00:05:20');
UPDATE `user_registration` SET `sub_point` = 0, `active_status` = 'no'
WHERE `user_id` = 'TOTNOR';
INSERT INTO `inactive_history` (`user_id`, `commission_balance`, `amount`, `date`) VALUES ('TOTNOR', '0', '50', '2025-04-13 00:05:20');
UPDATE `user_registration` SET `sub_point` = 0, `active_status` = 'no'
WHERE `user_id` = 'X5T3ZT';
INSERT INTO `inactive_history` (`user_id`, `commission_balance`, `amount`, `date`) VALUES ('X5T3ZT', '0', '150', '2025-04-13 00:05:20');
UPDATE `user_registration` SET `sub_point` = 0, `active_status` = 'no'
WHERE `user_id` = '1GNDEQ';
INSERT INTO `inactive_history` (`user_id`, `commission_balance`, `amount`, `date`) VALUES ('1GNDEQ', '50', '150', '2025-04-13 00:05:21');
UPDATE `user_registration` SET `sub_point` = 0, `active_status` = 'no'
WHERE `user_id` = '4PJDWH';
INSERT INTO `inactive_history` (`user_id`, `commission_balance`, `amount`, `date`) VALUES ('4PJDWH', '0', '150', '2025-04-13 00:05:21');
UPDATE `user_registration` SET `sub_point` = 0, `active_status` = 'no'
WHERE `user_id` = '8R8YQG';
INSERT INTO `inactive_history` (`user_id`, `commission_balance`, `amount`, `date`) VALUES ('8R8YQG', '0', '150', '2025-04-13 00:05:21');
UPDATE `user_registration` SET `sub_point` = 0, `active_status` = 'no'
WHERE `user_id` = 'VZYEPG';
INSERT INTO `inactive_history` (`user_id`, `commission_balance`, `amount`, `date`) VALUES ('VZYEPG', '0', '150', '2025-04-13 00:05:21');
UPDATE `user_registration` SET `sub_point` = 0, `active_status` = 'no'
WHERE `user_id` = 'TB42PA';
INSERT INTO `inactive_history` (`user_id`, `commission_balance`, `amount`, `date`) VALUES ('TB42PA', '0', '150', '2025-04-13 00:05:22');
UPDATE `user_registration` SET `sub_point` = 0, `active_status` = 'no'
WHERE `user_id` = '8634EF';
INSERT INTO `inactive_history` (`user_id`, `commission_balance`, `amount`, `date`) VALUES ('8634EF', '0', '150', '2025-04-13 00:05:22');
UPDATE `user_registration` SET `sub_point` = 0, `active_status` = 'no'
WHERE `user_id` = '46H8G2';
INSERT INTO `inactive_history` (`user_id`, `commission_balance`, `amount`, `date`) VALUES ('46H8G2', '100', '150', '2025-04-13 00:05:22');
UPDATE `user_registration` SET `sub_point` = 0, `active_status` = 'no'
WHERE `user_id` = 'WNT6C4';
INSERT INTO `inactive_history` (`user_id`, `commission_balance`, `amount`, `date`) VALUES ('WNT6C4', '0', '150', '2025-04-13 00:05:23');
UPDATE `user_registration` SET `sub_point` = 0, `active_status` = 'no'
WHERE `user_id` = 'XT3VLL';
INSERT INTO `inactive_history` (`user_id`, `commission_balance`, `amount`, `date`) VALUES ('XT3VLL', '0', '150', '2025-04-13 00:05:23');
UPDATE `user_registration` SET `sub_point` = 0, `active_status` = 'no'
WHERE `user_id` = 'ZR6TNE';
INSERT INTO `inactive_history` (`user_id`, `commission_balance`, `amount`, `date`) VALUES ('ZR6TNE', '100', '150', '2025-04-13 00:05:23');
UPDATE `cron_job_history` SET `status` = 'done', `date_end` = '2025-04-13 00:05:24'
WHERE `id` = 321;
UPDATE `ci_sessions` SET `timestamp` = 1744521997, `data` = '__ci_last_regenerate|i:1744521997;id|s:4:\"2071\";user_id|s:6:\"JHRDHS\";username|s:7:\"mbecena\";sponsor_id|s:6:\"CVVK4C\";fullname|s:12:\"Maria Becena\";email|s:21:\"mbecena@bellsouth.net\";phone|s:10:\"7862360387\";isLogIn|b:1;'
WHERE `id` = '1c5fd3ee1e11ff9030e403a6dd39faa3e2fec9f4';
UPDATE `ci_sessions` SET `timestamp` = 1744522300, `data` = '__ci_last_regenerate|i:1744522300;id|s:4:\"2071\";user_id|s:6:\"JHRDHS\";username|s:7:\"mbecena\";sponsor_id|s:6:\"CVVK4C\";fullname|s:12:\"Maria Becena\";email|s:21:\"mbecena@bellsouth.net\";phone|s:10:\"7862360387\";isLogIn|b:1;'
WHERE `id` = 'a7efd83fb6f70f54a04ff19bb0facf7a8375a026';
UPDATE `user_registration` SET `popup_seen` = 'yes'
WHERE `user_id` = 'JHRDHS';
UPDATE `user_registration` SET `popup_seen` = 'yes'
WHERE `user_id` = 'JHRDHS';
UPDATE `ci_sessions` SET `timestamp` = 1744522619, `data` = '__ci_last_regenerate|i:1744522619;id|s:4:\"2071\";user_id|s:6:\"JHRDHS\";username|s:7:\"mbecena\";sponsor_id|s:6:\"CVVK4C\";fullname|s:12:\"Maria Becena\";email|s:21:\"mbecena@bellsouth.net\";phone|s:10:\"7862360387\";isLogIn|b:1;'
WHERE `id` = 'e85adb104019b83b7c77cb812a2092b83e00ad71';
UPDATE `user_registration` SET `popup_seen` = 'no'
WHERE `user_id` = 'JHRDHS';
DELETE FROM `ci_sessions`
WHERE `id` = 'f54d353be979131966928e389076cabe81376185';
INSERT INTO `login_history` (`user_id`, `device`, `ip_address`, `date`) VALUES ('UQO7EQ', 'Mozilla/5.0 (Linux; Android 10; K) AppleWebKit/537.36 (KHTML, like Gecko) Chrome/131.0.0.0 Mobile Safari/537.36', '172.70.254.227', '25-04-13 06:00');
UPDATE `user_registration` SET `popup_seen` = 'yes'
WHERE `user_id` = 'UQO7EQ';
UPDATE `user_registration` SET `popup_seen` = 'no'
WHERE `user_id` = 'UQO7EQ';
DELETE FROM `ci_sessions`
WHERE `id` = '6b00f09cc5f776bdcd95f56319a203c999b311ae';
INSERT INTO `login_history` (`user_id`, `device`, `ip_address`, `date`) VALUES ('UQO7EQ', 'Mozilla/5.0 (Windows NT 10.0; Win64; x64) AppleWebKit/537.36 (KHTML, like Gecko) Chrome/135.0.0.0 Safari/537.36', '172.68.12.95', '25-04-13 08:39');
UPDATE `user_registration` SET `popup_seen` = 'yes'
WHERE `user_id` = 'UQO7EQ';
UPDATE `user_registration` SET `popup_seen` = 'yes'
WHERE `user_id` = 'UQO7EQ';
UPDATE `user_registration` SET `popup_seen` = 'no'
WHERE `user_id` = 'UQO7EQ';
DELETE FROM `ci_sessions`
WHERE `id` = 'f7e998cbb9a56da3ddf8271dd90a37b49e557001';
UPDATE `ci_sessions` SET `timestamp` = 1744554277, `data` = '__ci_last_regenerate|i:1744554277;'
WHERE `id` = 'ea0c5f51a1fe02ff3924c344bfaaadb7800a5258';
INSERT INTO `login_history` (`user_id`, `device`, `ip_address`, `date`) VALUES ('K55EDD', 'Mozilla/5.0 (iPhone; CPU iPhone OS 18_3_2 like Mac OS X) AppleWebKit/605.1.15 (KHTML, like Gecko) Version/18.3.1 Mobile/15E148 Safari/604.1', '172.68.12.55', '25-04-13 09:25');
UPDATE `user_registration` SET `popup_seen` = 'yes'
WHERE `user_id` = 'K55EDD';
UPDATE `user_registration` SET `popup_seen` = 'yes'
WHERE `user_id` = 'K55EDD';
UPDATE `user_registration` SET `popup_seen` = 'yes'
WHERE `user_id` = 'K55EDD';
UPDATE `ci_sessions` SET `timestamp` = 1744554638, `data` = '__ci_last_regenerate|i:1744554638;captcha|s:4:\"mhq2\";'
WHERE `id` = 'fdff30fdd1f0ec12869869995635c15bd85607c1';
INSERT INTO `login_history` (`user_id`, `device`, `ip_address`, `date`) VALUES ('UQO7EQ', 'Mozilla/5.0 (Windows NT 10.0; Win64; x64) AppleWebKit/537.36 (KHTML, like Gecko) Chrome/135.0.0.0 Safari/537.36', '172.70.254.136', '25-04-13 09:30');
UPDATE `user_registration` SET `popup_seen` = 'yes'
WHERE `user_id` = 'UQO7EQ';
UPDATE `user_registration` SET `popup_seen` = 'no'
WHERE `user_id` = 'UQO7EQ';
DELETE FROM `ci_sessions`
WHERE `id` = '2b4d2eecf7a4217cbc4b23647ea8f703dce70421';
UPDATE `ci_sessions` SET `timestamp` = 1744555257, `data` = '__ci_last_regenerate|i:1744555257;id|s:4:\"2052\";user_id|s:6:\"K55EDD\";username|s:10:\"Varadero20\";sponsor_id|s:6:\"UQO7EQ\";fullname|s:16:\"Francisco Prieto\";email|s:24:\"prieto112015@hotmail.com\";phone|s:10:\"3059264135\";isLogIn|b:1;'
WHERE `id` = 'bb87122f74ccb457a0b757f3a854f0e4cbb73647';
UPDATE `user_registration` SET `popup_seen` = 'yes'
WHERE `user_id` = 'K55EDD';
UPDATE `user_registration` SET `popup_seen` = 'yes'
WHERE `user_id` = 'K55EDD';
UPDATE `user_registration` SET `popup_seen` = 'yes'
WHERE `user_id` = 'K55EDD';
UPDATE `ci_sessions` SET `timestamp` = 1744555447, `data` = '__ci_last_regenerate|i:1744555447;captcha|s:4:\"9h6h\";'
WHERE `id` = '87a15452f369160ab44e5633f4dc2ca716fa8404';
INSERT INTO `login_history` (`user_id`, `device`, `ip_address`, `date`) VALUES ('UQO7EQ', 'Mozilla/5.0 (Windows NT 10.0; Win64; x64) AppleWebKit/537.36 (KHTML, like Gecko) Chrome/135.0.0.0 Safari/537.36', '172.70.55.203', '25-04-13 09:44');
UPDATE `user_registration` SET `popup_seen` = 'yes'
WHERE `user_id` = 'UQO7EQ';
UPDATE `user_registration` SET `popup_seen` = 'yes'
WHERE `user_id` = 'UQO7EQ';
UPDATE `user_registration` SET `popup_seen` = 'no'
WHERE `user_id` = 'UQO7EQ';
DELETE FROM `ci_sessions`
WHERE `id` = 'fe35d82340489f2e020a4b813f1a39c33f5373c7';
INSERT INTO `login_history` (`user_id`, `device`, `ip_address`, `date`) VALUES ('44B9Y4', 'Mozilla/5.0 (Linux; Android 10; K) AppleWebKit/537.36 (KHTML, like Gecko) Chrome/135.0.0.0 Mobile Safari/537.36', '172.70.255.162', '25-04-13 09:56');
UPDATE `user_registration` SET `popup_seen` = 'yes'
WHERE `user_id` = '44B9Y4';
UPDATE `ci_sessions` SET `timestamp` = 1744558265, `data` = '__ci_last_regenerate|i:1744558265;captcha|s:4:\"c95z\";'
WHERE `id` = '60fe7517300412b0e7203662cb8656d5029a2fd4';
INSERT INTO `login_history` (`user_id`, `device`, `ip_address`, `date`) VALUES ('UQO7EQ', 'Mozilla/5.0 (Windows NT 10.0; Win64; x64) AppleWebKit/537.36 (KHTML, like Gecko) Chrome/135.0.0.0 Safari/537.36', '172.68.12.3', '25-04-13 10:31');
UPDATE `user_registration` SET `popup_seen` = 'yes'
WHERE `user_id` = 'UQO7EQ';
UPDATE `user_registration` SET `popup_seen` = 'yes'
WHERE `user_id` = 'UQO7EQ';
UPDATE `ci_sessions` SET `timestamp` = 1744558611, `data` = '__ci_last_regenerate|i:1744558611;id|s:4:\"2042\";user_id|s:6:\"UQO7EQ\";username|s:6:\"Rafa51\";sponsor_id|s:6:\"N6GZAE\";fullname|s:16:\"Rafael Rodriguez\";email|s:18:\"rafagana@yahoo.com\";phone|s:10:\"3057610606\";isLogIn|b:1;'
WHERE `id` = '304d14a764d41a8a00050d81d1f03f241f3707e3';
UPDATE `user_registration` SET `popup_seen` = 'no'
WHERE `user_id` = 'UQO7EQ';
DELETE FROM `ci_sessions`
WHERE `id` = 'e447591ae5f9ed8e3c423966a545c9ffcc57f539';
INSERT INTO `login_history` (`user_id`, `device`, `ip_address`, `date`) VALUES ('JHRDHS', 'Mozilla/5.0 (iPhone; CPU iPhone OS 18_3_2 like Mac OS X) AppleWebKit/605.1.15 (KHTML, like Gecko) Version/18.3.1 Mobile/15E148 Safari/604.1', '172.68.12.55', '25-04-13 10:39');
UPDATE `user_registration` SET `popup_seen` = 'yes'
WHERE `user_id` = 'JHRDHS';
UPDATE `ci_sessions` SET `timestamp` = 1744559284, `data` = '__ci_last_regenerate|i:1744559284;captcha|s:4:\"f37o\";'
WHERE `id` = '153c814c000983170b233664fce485b1b001e335';
INSERT INTO `login_history` (`user_id`, `device`, `ip_address`, `date`) VALUES ('UQO7EQ', 'Mozilla/5.0 (Windows NT 10.0; Win64; x64) AppleWebKit/537.36 (KHTML, like Gecko) Chrome/135.0.0.0 Safari/537.36', '172.68.12.55', '25-04-13 10:48');
UPDATE `user_registration` SET `popup_seen` = 'yes'
WHERE `user_id` = 'UQO7EQ';
UPDATE `user_registration` SET `popup_seen` = 'no'
WHERE `user_id` = 'UQO7EQ';
DELETE FROM `ci_sessions`
WHERE `id` = 'ef271a00cf59a5572d72318522843f8cda75120a';
INSERT INTO `login_history` (`user_id`, `device`, `ip_address`, `date`) VALUES ('N6GZAE', 'Mozilla/5.0 (iPhone; CPU iPhone OS 18_3_2 like Mac OS X) AppleWebKit/605.1.15 (KHTML, like Gecko) Version/18.3.1 Mobile/15E148 Safari/604.1', '172.70.82.190', '25-04-13 11:29');
UPDATE `user_registration` SET `popup_seen` = 'yes'
WHERE `user_id` = 'N6GZAE';
UPDATE `ci_sessions` SET `timestamp` = 1744561833, `data` = '__ci_last_regenerate|i:1744561833;captcha|s:4:\"2ea5\";'
WHERE `id` = 'ad68451cc8d00372331144d46af27e54a95b3ce4';
INSERT INTO `login_history` (`user_id`, `device`, `ip_address`, `date`) VALUES ('UQO7EQ', 'Mozilla/5.0 (Windows NT 10.0; Win64; x64) AppleWebKit/537.36 (KHTML, like Gecko) Chrome/135.0.0.0 Safari/537.36', '172.70.82.159', '25-04-13 11:30');
UPDATE `user_registration` SET `popup_seen` = 'yes'
WHERE `user_id` = 'UQO7EQ';
UPDATE `user_registration` SET `popup_seen` = 'no'
WHERE `user_id` = 'UQO7EQ';
DELETE FROM `ci_sessions`
WHERE `id` = '6e9874d66601c3a80e462e4705c58d3f7bfe151f';
UPDATE `ci_sessions` SET `timestamp` = 1744562050, `data` = '__ci_last_regenerate|i:1744562050;id|s:4:\"2034\";user_id|s:6:\"N6GZAE\";username|s:8:\"Mariposa\";sponsor_id|s:6:\"4E1CRI\";fullname|s:14:\"Emilio Tapanes\";email|s:25:\"emiliotapanes+7@gmail.com\";phone|s:10:\"7862876762\";isLogIn|b:1;'
WHERE `id` = '7e8cc9ed99b7da15e186b3e090be933f75978e6e';
INSERT INTO `login_history` (`user_id`, `device`, `ip_address`, `date`) VALUES ('QJ5U9C', 'Mozilla/5.0 (Windows NT 10.0; Win64; x64) AppleWebKit/537.36 (KHTML, like Gecko) Chrome/135.0.0.0 Safari/537.36', '172.70.255.181', '25-04-13 11:53');
UPDATE `user_registration` SET `popup_seen` = 'yes'
WHERE `user_id` = 'QJ5U9C';
UPDATE `ci_sessions` SET `timestamp` = 1744568970, `data` = '__ci_last_regenerate|i:1744568970;captcha|s:4:\"vb93\";'
WHERE `id` = '57a5f277e68e6b63ad5b38732eadd68bb7adaee5';
INSERT INTO `login_history` (`user_id`, `device`, `ip_address`, `date`) VALUES ('JHRDHS', 'Mozilla/5.0 (iPhone; CPU iPhone OS 18_3_2 like Mac OS X) AppleWebKit/605.1.15 (KHTML, like Gecko) Version/18.3.1 Mobile/15E148 Safari/604.1', '172.70.55.101', '25-04-13 13:29');
UPDATE `user_registration` SET `popup_seen` = 'yes'
WHERE `user_id` = 'JHRDHS';
UPDATE `user_registration` SET `popup_seen` = 'yes'
WHERE `user_id` = 'JHRDHS';
UPDATE `user_registration` SET `popup_seen` = 'yes'
WHERE `user_id` = 'JHRDHS';
INSERT INTO `login_history` (`user_id`, `device`, `ip_address`, `date`) VALUES ('B5EVHD', 'Mozilla/5.0 (iPhone; CPU iPhone OS 18_3_2 like Mac OS X) AppleWebKit/605.1.15 (KHTML, like Gecko) Version/18.3.1 Mobile/15E148 Safari/604.1', '172.71.30.126', '25-04-13 13:31');
UPDATE `user_registration` SET `popup_seen` = 'yes'
WHERE `user_id` = 'B5EVHD';
UPDATE `user_registration` SET `popup_seen` = 'yes'
WHERE `user_id` = 'B5EVHD';
UPDATE `user_registration` SET `popup_seen` = 'yes'
WHERE `user_id` = 'JHRDHS';
UPDATE `ci_sessions` SET `timestamp` = 1744569293, `data` = '__ci_last_regenerate|i:1744569293;id|s:4:\"2071\";user_id|s:6:\"JHRDHS\";username|s:7:\"mbecena\";sponsor_id|s:6:\"CVVK4C\";fullname|s:12:\"Maria Becena\";email|s:21:\"mbecena@bellsouth.net\";phone|s:10:\"7862360387\";isLogIn|b:1;'
WHERE `id` = '40dd227ffe145b4ccc096245db03d52eb83d6af1';
UPDATE `user_registration` SET `popup_seen` = 'yes'
WHERE `user_id` = 'JHRDHS';
INSERT INTO `login_history` (`user_id`, `device`, `ip_address`, `date`) VALUES ('Z8WUP3', 'Mozilla/5.0 (Windows NT 10.0; Win64; x64) AppleWebKit/537.36 (KHTML, like Gecko) Chrome/135.0.0.0 Safari/537.36 Edg/135.0.0.0', '172.69.132.231', '25-04-13 13:36');
UPDATE `user_registration` SET `popup_seen` = 'yes'
WHERE `user_id` = 'Z8WUP3';
UPDATE `ci_sessions` SET `timestamp` = 1744569606, `data` = '__ci_last_regenerate|i:1744569606;id|s:4:\"2071\";user_id|s:6:\"JHRDHS\";username|s:7:\"mbecena\";sponsor_id|s:6:\"CVVK4C\";fullname|s:12:\"Maria Becena\";email|s:21:\"mbecena@bellsouth.net\";phone|s:10:\"7862360387\";isLogIn|b:1;'
WHERE `id` = '50c7d1a554fe1fdf48949f24fc5be23acb7dc5cb';
UPDATE `user_registration` SET `popup_seen` = 'yes'
WHERE `user_id` = 'JHRDHS';
INSERT INTO `login_history` (`user_id`, `device`, `ip_address`, `date`) VALUES ('VB9KQJ', 'Mozilla/5.0 (Linux; Android 10; K) AppleWebKit/537.36 (KHTML, like Gecko) Chrome/131.0.0.0 Mobile Safari/537.36', '172.69.132.247', '25-04-13 13:55');
UPDATE `user_registration` SET `popup_seen` = 'yes'
WHERE `user_id` = 'VB9KQJ';
UPDATE `user_registration` SET `language` = 'spanish'
WHERE `user_id` = 'VB9KQJ';
UPDATE `user_registration` SET `popup_seen` = 'yes'
WHERE `user_id` = 'VB9KQJ';
UPDATE `user_registration` SET `default_leg` = 'left'
WHERE `user_id` = 'VB9KQJ';
UPDATE `user_registration` SET `popup_seen` = 'yes'
WHERE `user_id` = 'VB9KQJ';
UPDATE `user_registration` SET `popup_seen` = 'yes'
WHERE `user_id` = 'VB9KQJ';
UPDATE `user_registration` SET `popup_seen` = 'yes'
WHERE `user_id` = 'VB9KQJ';
UPDATE `ci_sessions` SET `timestamp` = 1744571085, `data` = '__ci_last_regenerate|i:1744571085;id|s:4:\"2318\";user_id|s:6:\"VB9KQJ\";username|s:12:\"MARIAEBREIJO\";sponsor_id|s:6:\"BEC1EO\";fullname|s:15:\"María E Breijo\";email|s:21:\"caridad7955@gmail.com\";phone|s:10:\"3052630253\";isLogIn|b:1;'
WHERE `id` = '497af633a7a191060c1e2ffadcbb2e9e308a1aff';
INSERT INTO `temp_register` (`post_data`, `date`, `payment_method`, `type`) VALUES ('{\"uid\":\"2316\",\"user_id\":\"6MLU3I\",\"username\":\"CARLOSOCHOA\",\"sponsor_id\":\"VB9KQJ\",\"vacant\":\"no\",\"f_name\":\"CARLOS \",\"l_name\":\"OCHOA\",\"position\":\"left\",\"email\":\"carlosochoa1973@gmail.com\",\"password\":\"12cd173c61d507a447ca702ae066a22f\",\"phone\":\"7863390491\",\"country\":\"United States\",\"state\":\"Florida\",\"city\":\"Miami\",\"street\":\"9550NW  26Th Ave\",\"zip_code\":\"33147\",\"reg_ip\":\"172.70.254.132\",\"status\":1,\"package_id\":\"2\",\"rank_id\":1,\"highest_rank\":1,\"cycle_rank_id\":1,\"user_type\":\"affiliate\",\"created\":\"2025-04-13 14:04:45\",\"subscription_date\":\"2025-05-13\",\"active_status\":\"yes\",\"google_secret\":\"4GDXHD6XSI3W6CIS\"}', '2025-04-13 14:04:45', 'stripe', 'register');
INSERT INTO `temp_register` (`post_data`, `date`, `payment_method`, `type`) VALUES ('{\"uid\":\"2316\",\"user_id\":\"F8GQHM\",\"username\":\"CARLOSOCHOA\",\"sponsor_id\":\"VB9KQJ\",\"vacant\":\"no\",\"f_name\":\"CARLOS \",\"l_name\":\"OCHOA\",\"position\":\"left\",\"email\":\"carlosochoa1973@gmail.com\",\"password\":\"12cd173c61d507a447ca702ae066a22f\",\"phone\":\"7863390491\",\"country\":\"United States\",\"state\":\"Florida\",\"city\":\"Miami\",\"street\":\"9550NW  26Th Ave\",\"zip_code\":\"33147\",\"reg_ip\":\"172.69.132.231\",\"status\":1,\"package_id\":\"2\",\"rank_id\":1,\"highest_rank\":1,\"cycle_rank_id\":1,\"user_type\":\"affiliate\",\"created\":\"2025-04-13 14:06:57\",\"subscription_date\":\"2025-05-13\",\"active_status\":\"yes\",\"google_secret\":\"S3PWZVU7NGY6JGSV\"}', '2025-04-13 14:06:58', 'stripe', 'register');
UPDATE `temp_register` SET `response` = '{\"stripeToken\":\"tok_1RDVtc2NUoYUjiuuT9RUnmWE\",\"stripeTokenType\":\"card\",\"stripeEmail\":\"carlosocho1973@gmail.com\"}', `date_modified` = '2025-04-13 14:08:52', `payment_status` = '{\"id\":\"ch_3RDVtg2NUoYUjiuu11MpXt9y\",\"object\":\"charge\",\"amount\":59500,\"amount_captured\":59500,\"amount_refunded\":0,\"application\":null,\"application_fee\":null,\"application_fee_amount\":null,\"balance_transaction\":\"txn_3RDVtg2NUoYUjiuu1FAqlHu0\",\"billing_details\":{\"address\":{\"city\":null,\"country\":null,\"line1\":null,\"line2\":null,\"postal_code\":null,\"state\":null},\"email\":null,\"name\":\"carlosocho1973@gmail.com\",\"phone\":null},\"calculated_statement_descriptor\":\"TRAVELEGENDCY LLC\",\"captured\":true,\"created\":1744571332,\"currency\":\"usd\",\"customer\":\"cus_S7lQqQaNWLBJCO\",\"description\":null,\"destination\":null,\"dispute\":null,\"disputed\":false,\"failure_balance_transaction\":null,\"failure_code\":null,\"failure_message\":null,\"fraud_details\":[],\"invoice\":null,\"livemode\":true,\"metadata\":{\"name\":\"CARLOS  OCHOA\",\"username\":\"CARLOSOCHOA\"},\"on_behalf_of\":null,\"order\":null,\"outcome\":{\"advice_code\":null,\"network_advice_code\":null,\"network_decline_code\":null,\"network_status\":\"approved_by_network\",\"reason\":null,\"risk_level\":\"normal\",\"seller_message\":\"Payment complete.\",\"type\":\"authorized\"},\"paid\":true,\"payment_intent\":null,\"payment_method\":\"card_1RDVtc2NUoYUjiuuKdPVOJi4\",\"payment_method_details\":{\"card\":{\"amount_authorized\":59500,\"authorization_code\":\"05585Z\",\"brand\":\"mastercard\",\"checks\":{\"address_line1_check\":null,\"address_postal_code_check\":null,\"cvc_check\":\"pass\"},\"country\":\"US\",\"exp_month\":11,\"exp_year\":2028,\"extended_authorization\":{\"status\":\"disabled\"},\"fingerprint\":\"XId98Kk0f96BQeqr\",\"funding\":\"credit\",\"incremental_authorization\":{\"status\":\"unavailable\"},\"installments\":null,\"last4\":\"0645\",\"mandate\":null,\"multicapture\":{\"status\":\"unavailable\"},\"network\":\"mastercard\",\"network_token\":{\"used\":false},\"network_transaction_id\":\"MWEOGQBEU0413\",\"overcapture\":{\"maximum_amount_capturable\":59500,\"status\":\"unavailable\"},\"regulated_status\":\"unregulated\",\"three_d_secure\":null,\"wallet\":null},\"type\":\"card\"},\"receipt_email\":null,\"receipt_number\":null,\"receipt_url\":\"https:\\/\\/pay.stripe.com\\/receipts\\/payment\\/CAcQARoXChVhY2N0XzFRUEFGdjJOVW9ZVWppdXUoxZfwvwYyBnGxu-Oa4zosFqrjmQTvzgqhLJ0-QSfHvjVGz1AlGpOJs2GJpwQxZs9U5DPbbrOe4KqhWaY\",\"refunded\":false,\"review\":null,\"shipping\":null,\"source\":{\"id\":\"card_1RDVtc2NUoYUjiuuKdPVOJi4\",\"object\":\"card\",\"address_city\":null,\"address_country\":null,\"address_line1\":null,\"address_line1_check\":null,\"address_line2\":null,\"address_state\":null,\"address_zip\":null,\"address_zip_check\":null,\"allow_redisplay\":\"unspecified\",\"brand\":\"MasterCard\",\"country\":\"US\",\"customer\":\"cus_S7lQqQaNWLBJCO\",\"cvc_check\":\"pass\",\"dynamic_last4\":null,\"exp_month\":11,\"exp_year\":2028,\"fingerprint\":\"XId98Kk0f96BQeqr\",\"funding\":\"credit\",\"last4\":\"0645\",\"metadata\":[],\"name\":\"carlosocho1973@gmail.com\",\"regulated_status\":\"unregulated\",\"tokenization_method\":null,\"wallet\":null},\"source_transfer\":null,\"statement_descriptor\":null,\"statement_descriptor_suffix\":null,\"status\":\"succeeded\",\"transfer_data\":null,\"transfer_group\":null}'
WHERE `id` = 293;
INSERT INTO `user_registration` (`user_id`, `username`, `sponsor_id`, `vacant`, `f_name`, `l_name`, `position`, `email`, `password`, `phone`, `country`, `state`, `city`, `street`, `zip_code`, `reg_ip`, `status`, `package_id`, `rank_id`, `highest_rank`, `cycle_rank_id`, `user_type`, `created`, `subscription_date`, `active_status`, `google_secret`) VALUES ('F8GQHM', 'CARLOSOCHOA', 'VB9KQJ', 'no', 'CARLOS ', 'OCHOA', 'left', 'carlosochoa1973@gmail.com', '12cd173c61d507a447ca702ae066a22f', '7863390491', 'United States', 'Florida', 'Miami', '9550NW  26Th Ave', '33147', '172.69.132.231', 1, '2', 1, 1, 1, 'affiliate', '2025-04-13 14:06:57', '2025-05-13', 'yes', 'S3PWZVU7NGY6JGSV');
UPDATE `user_registration` SET total_ref_count = total_ref_count+1
WHERE `user_id` = 'VB9KQJ';
INSERT INTO `matrix_fill_sponsor` (`sponsor_id`, `downline_id`, `level`, `matrix`) VALUES ('VB9KQJ', 'F8GQHM', 1, 1);
INSERT INTO `matrix_fill_sponsor` (`sponsor_id`, `downline_id`, `level`, `matrix`) VALUES ('BEC1EO', 'F8GQHM', 2, 1);
INSERT INTO `matrix_fill_sponsor` (`sponsor_id`, `downline_id`, `level`, `matrix`) VALUES ('IYCRUH', 'F8GQHM', 3, 1);
INSERT INTO `matrix_fill_sponsor` (`sponsor_id`, `downline_id`, `level`, `matrix`) VALUES ('QJ5U9C', 'F8GQHM', 4, 1);
INSERT INTO `matrix_fill_sponsor` (`sponsor_id`, `downline_id`, `level`, `matrix`) VALUES ('O94ZPY', 'F8GQHM', 5, 1);
INSERT INTO `matrix_fill_sponsor` (`sponsor_id`, `downline_id`, `level`, `matrix`) VALUES ('JHRDHS', 'F8GQHM', 6, 1);
INSERT INTO `matrix_fill_sponsor` (`sponsor_id`, `downline_id`, `level`, `matrix`) VALUES ('CVVK4C', 'F8GQHM', 7, 1);
INSERT INTO `matrix_fill_sponsor` (`sponsor_id`, `downline_id`, `level`, `matrix`) VALUES ('K55EDD', 'F8GQHM', 8, 1);
INSERT INTO `matrix_fill_sponsor` (`sponsor_id`, `downline_id`, `level`, `matrix`) VALUES ('UQO7EQ', 'F8GQHM', 9, 1);
INSERT INTO `matrix_fill_sponsor` (`sponsor_id`, `downline_id`, `level`, `matrix`) VALUES ('N6GZAE', 'F8GQHM', 10, 1);
INSERT INTO `matrix_fill_sponsor` (`sponsor_id`, `downline_id`, `level`, `matrix`) VALUES ('4E1CRI', 'F8GQHM', 11, 1);
INSERT INTO `matrix_fill_sponsor` (`sponsor_id`, `downline_id`, `level`, `matrix`) VALUES ('SJBNYJ', 'F8GQHM', 12, 1);
INSERT INTO `matrix_fill_sponsor` (`sponsor_id`, `downline_id`, `level`, `matrix`) VALUES ('44B9Y4', 'F8GQHM', 13, 1);
INSERT INTO `matrix_fill_sponsor` (`sponsor_id`, `downline_id`, `level`, `matrix`) VALUES ('admin', 'F8GQHM', 14, 1);
UPDATE `binary_view` SET `user_id` = 'F8GQHM', `username` = 'CARLOSOCHOA', `vacant` = 'no', `created` = '2025-04-13 14:08:52', `sponsor_id` = 'VB9KQJ'
WHERE `uid` = '2316';
INSERT INTO `binary_view` (`user_id`, `username`, `sponsor_id`, `placement_id`, `vacant`, `position`, `created`) VALUES ('CWNOTE', 'NGRPNczX', 'F8GQHM', 'F8GQHM', 'yes', 'left', '2025-04-13 14:08:52');
INSERT INTO `binary_view` (`user_id`, `username`, `sponsor_id`, `placement_id`, `vacant`, `position`, `created`) VALUES ('OEDSQU', 'ohprUzMB', 'F8GQHM', 'F8GQHM', 'yes', 'right', '2025-04-13 14:08:52');
INSERT INTO `bv_updation` (`user_id`) VALUES ('F8GQHM');
UPDATE `user_registration` SET total_downlines = total_downlines+1
WHERE `user_id` = 'VB9KQJ';
UPDATE `user_registration` SET left_downlines = left_downlines+1
WHERE `user_id` = 'VB9KQJ';
UPDATE `user_registration` SET left_ref_count = left_ref_count+1
WHERE `user_id` = 'VB9KQJ';
UPDATE `user_registration` SET active_left = active_left+1
WHERE `user_id` = 'VB9KQJ';
UPDATE `user_registration` SET `binary_qualified` = 'yes', `binary_qualified_date` = '2025-04-13 14:08:52'
WHERE `user_id` = 'VB9KQJ';
UPDATE `user_registration` SET total_downlines = total_downlines+1
WHERE `user_id` = '4Q2HUA';
UPDATE `user_registration` SET right_downlines = right_downlines+1
WHERE `user_id` = '4Q2HUA';
UPDATE `user_registration` SET total_downlines = total_downlines+1
WHERE `user_id` = 'PPBJP7';
UPDATE `user_registration` SET right_downlines = right_downlines+1
WHERE `user_id` = 'PPBJP7';
UPDATE `user_registration` SET total_downlines = total_downlines+1
WHERE `user_id` = 'BEC1EO';
UPDATE `user_registration` SET right_downlines = right_downlines+1
WHERE `user_id` = 'BEC1EO';
UPDATE `user_registration` SET total_downlines = total_downlines+1
WHERE `user_id` = 'IYCRUH';
UPDATE `user_registration` SET right_downlines = right_downlines+1
WHERE `user_id` = 'IYCRUH';
UPDATE `user_registration` SET total_downlines = total_downlines+1
WHERE `user_id` = '2RSJNO';
UPDATE `user_registration` SET left_downlines = left_downlines+1
WHERE `user_id` = '2RSJNO';
UPDATE `user_registration` SET total_downlines = total_downlines+1
WHERE `user_id` = 'ETPYLQ';
UPDATE `user_registration` SET left_downlines = left_downlines+1
WHERE `user_id` = 'ETPYLQ';
UPDATE `user_registration` SET total_downlines = total_downlines+1
WHERE `user_id` = 'M2XFK7';
UPDATE `user_registration` SET left_downlines = left_downlines+1
WHERE `user_id` = 'M2XFK7';
UPDATE `user_registration` SET total_downlines = total_downlines+1
WHERE `user_id` = '7BQJK5';
UPDATE `user_registration` SET left_downlines = left_downlines+1
WHERE `user_id` = '7BQJK5';
UPDATE `user_registration` SET total_downlines = total_downlines+1
WHERE `user_id` = 'QJ5U9C';
UPDATE `user_registration` SET left_downlines = left_downlines+1
WHERE `user_id` = 'QJ5U9C';
UPDATE `user_registration` SET total_downlines = total_downlines+1
WHERE `user_id` = 'O94ZPY';
UPDATE `user_registration` SET left_downlines = left_downlines+1
WHERE `user_id` = 'O94ZPY';
UPDATE `user_registration` SET total_downlines = total_downlines+1
WHERE `user_id` = 'JHRDHS';
UPDATE `user_registration` SET right_downlines = right_downlines+1
WHERE `user_id` = 'JHRDHS';
UPDATE `user_registration` SET total_downlines = total_downlines+1
WHERE `user_id` = 'CVVK4C';
UPDATE `user_registration` SET right_downlines = right_downlines+1
WHERE `user_id` = 'CVVK4C';
UPDATE `user_registration` SET total_downlines = total_downlines+1
WHERE `user_id` = 'K55EDD';
UPDATE `user_registration` SET left_downlines = left_downlines+1
WHERE `user_id` = 'K55EDD';
UPDATE `user_registration` SET total_downlines = total_downlines+1
WHERE `user_id` = 'UQO7EQ';
UPDATE `user_registration` SET left_downlines = left_downlines+1
WHERE `user_id` = 'UQO7EQ';
UPDATE `user_registration` SET total_downlines = total_downlines+1
WHERE `user_id` = 'N6GZAE';
UPDATE `user_registration` SET left_downlines = left_downlines+1
WHERE `user_id` = 'N6GZAE';
UPDATE `user_registration` SET total_downlines = total_downlines+1
WHERE `user_id` = '4E1CRI';
UPDATE `user_registration` SET left_downlines = left_downlines+1
WHERE `user_id` = '4E1CRI';
UPDATE `user_registration` SET total_downlines = total_downlines+1
WHERE `user_id` = 'SJBNYJ';
UPDATE `user_registration` SET left_downlines = left_downlines+1
WHERE `user_id` = 'SJBNYJ';
UPDATE `user_registration` SET total_downlines = total_downlines+1
WHERE `user_id` = '44B9Y4';
UPDATE `user_registration` SET left_downlines = left_downlines+1
WHERE `user_id` = '44B9Y4';
UPDATE `user_registration` SET total_downlines = total_downlines+1
WHERE `user_id` = 'admin';
UPDATE `user_registration` SET right_downlines = right_downlines+1
WHERE `user_id` = 'admin';
INSERT INTO `package_purchase_history` (`user_id`, `package_id`, `reg_fee`, `package_name`, `monthly_fee`, `type`, `date`, `payment_option`) VALUES ('F8GQHM', '2', '595', 'Traveler Pro', '150', 'sign_up', '2025-04-13 14:08:52', 'stripe');
INSERT INTO `investment` (`invest_date`, `user_id`, `type`, `amount`, `package_id`) VALUES ('2025-04-13 14:08:52', 'F8GQHM', 'register', '595', '2');
INSERT INTO `earnings` (`user_id`, `Purchaser_id`, `earning_type`, `package_id`, `amount`, `date`, `comments`, `invest_amount`, `comm_perc`, `level`, `rank_id`, `order_id`) VALUES ('VB9KQJ', 'F8GQHM', 'Direct Referral Bonus', '2', '100', '2025-04-13 14:08:52', 'Direct Referral Bonus', 0, 0, 1, '', 278);
UPDATE `user_registration` SET commission_balance = ROUND(commission_balance + 100,2)
WHERE `user_id` = 'VB9KQJ';
UPDATE `user_registration` SET referral_bonus = ROUND(referral_bonus + 100,2)
WHERE `user_id` = 'VB9KQJ';
INSERT INTO `earnings` (`user_id`, `Purchaser_id`, `earning_type`, `package_id`, `amount`, `date`, `comments`, `invest_amount`, `comm_perc`, `level`, `rank_id`, `order_id`) VALUES ('QJ5U9C', 'F8GQHM', 'Expansion Bonus', '2', 100, '2025-04-13 14:08:52', 'Expansion Bonus', '100', 0, 1, '', 278);
UPDATE `user_registration` SET commission_balance = ROUND(commission_balance + 100,2)
WHERE `user_id` = 'QJ5U9C';
UPDATE `user_registration` SET expansion_bonus = ROUND(expansion_bonus + 100,2)
WHERE `user_id` = 'QJ5U9C';
UPDATE `user_registration` SET total_points = ROUND(total_points + 50,2)
WHERE `user_id` = 'F8GQHM';
INSERT INTO `points_history` (`user_id`, `points`, `type`, `date`) VALUES ('F8GQHM', '50', 'register', '2025-04-13 14:08:');
INSERT INTO `matrix_filling` (`placement_id`, `downline_id`, `level`, `matrix`) VALUES ('VB9KQJ', 'F8GQHM', 1, 1);
UPDATE `bv_updation` SET left_carry = left_carry+50, total_left = total_left+50
WHERE `user_id` = 'VB9KQJ';
INSERT INTO `placement_bv_update_history` (`left_carry`, `date`, `from_id`, `user_id`) VALUES ('50', '2025-04-13 14:08:52', 'F8GQHM', 'VB9KQJ');
UPDATE `user_registration` SET `cycle_rank_id` = '1'
WHERE `user_id` = 'VB9KQJ';
INSERT INTO `rank_history` (`rank_id`, `user_id`, `name`, `bv`, `date`, `amount`, `type`) VALUES ('1', 'VB9KQJ', 'Affiliate', '0', '2025-04-13 14:08:52', '0', 'auto');
UPDATE `bv_updation` SET sponsor_left_carry = sponsor_left_carry+50, sponsor_total_left = sponsor_total_left+50
WHERE `user_id` = 'VB9KQJ';
INSERT INTO `sponsor_bv_update_history` (`left_carry`, `date`, `user_id`) VALUES ('50', '2025-04-13 14:08:52', 'VB9KQJ');
INSERT INTO `matrix_filling` (`placement_id`, `downline_id`, `level`, `matrix`) VALUES ('4Q2HUA', 'F8GQHM', 2, 1);
UPDATE `bv_updation` SET right_carry = right_carry+50, total_right = total_right+50
WHERE `user_id` = '4Q2HUA';
INSERT INTO `placement_bv_update_history` (`right_carry`, `date`, `from_id`, `user_id`) VALUES ('50', '2025-04-13 14:08:52', 'F8GQHM', '4Q2HUA');
INSERT INTO `matrix_filling` (`placement_id`, `downline_id`, `level`, `matrix`) VALUES ('PPBJP7', 'F8GQHM', 3, 1);
UPDATE `bv_updation` SET right_carry = right_carry+50, total_right = total_right+50
WHERE `user_id` = 'PPBJP7';
INSERT INTO `placement_bv_update_history` (`right_carry`, `date`, `from_id`, `user_id`) VALUES ('50', '2025-04-13 14:08:52', 'F8GQHM', 'PPBJP7');
INSERT INTO `matrix_filling` (`placement_id`, `downline_id`, `level`, `matrix`) VALUES ('BEC1EO', 'F8GQHM', 4, 1);
UPDATE `bv_updation` SET right_carry = right_carry+50, total_right = total_right+50
WHERE `user_id` = 'BEC1EO';
INSERT INTO `placement_bv_update_history` (`right_carry`, `date`, `from_id`, `user_id`) VALUES ('50', '2025-04-13 14:08:52', 'F8GQHM', 'BEC1EO');
INSERT INTO `matrix_filling` (`placement_id`, `downline_id`, `level`, `matrix`) VALUES ('IYCRUH', 'F8GQHM', 5, 1);
UPDATE `bv_updation` SET right_carry = right_carry+50, total_right = total_right+50
WHERE `user_id` = 'IYCRUH';
INSERT INTO `placement_bv_update_history` (`right_carry`, `date`, `from_id`, `user_id`) VALUES ('50', '2025-04-13 14:08:52', 'F8GQHM', 'IYCRUH');
UPDATE `user_registration` SET `cycle_rank_id` = '1'
WHERE `user_id` = 'IYCRUH';
INSERT INTO `rank_history` (`rank_id`, `user_id`, `name`, `bv`, `date`, `amount`, `type`) VALUES ('1', 'IYCRUH', 'Affiliate', '0', '2025-04-13 14:08:52', '0', 'auto');
INSERT INTO `matrix_filling` (`placement_id`, `downline_id`, `level`, `matrix`) VALUES ('2RSJNO', 'F8GQHM', 6, 1);
UPDATE `bv_updation` SET left_carry = left_carry+50, total_left = total_left+50
WHERE `user_id` = '2RSJNO';
INSERT INTO `placement_bv_update_history` (`left_carry`, `date`, `from_id`, `user_id`) VALUES ('50', '2025-04-13 14:08:53', 'F8GQHM', '2RSJNO');
UPDATE `user_registration` SET `cycle_rank_id` = '1'
WHERE `user_id` = '2RSJNO';
INSERT INTO `rank_history` (`rank_id`, `user_id`, `name`, `bv`, `date`, `amount`, `type`) VALUES ('1', '2RSJNO', 'Affiliate', '0', '2025-04-13 14:08:53', '0', 'auto');
INSERT INTO `matrix_filling` (`placement_id`, `downline_id`, `level`, `matrix`) VALUES ('ETPYLQ', 'F8GQHM', 7, 1);
UPDATE `bv_updation` SET left_carry = left_carry+50, total_left = total_left+50
WHERE `user_id` = 'ETPYLQ';
INSERT INTO `placement_bv_update_history` (`left_carry`, `date`, `from_id`, `user_id`) VALUES ('50', '2025-04-13 14:08:53', 'F8GQHM', 'ETPYLQ');
UPDATE `user_registration` SET `cycle_rank_id` = '1'
WHERE `user_id` = 'ETPYLQ';
INSERT INTO `rank_history` (`rank_id`, `user_id`, `name`, `bv`, `date`, `amount`, `type`) VALUES ('1', 'ETPYLQ', 'Affiliate', '0', '2025-04-13 14:08:53', '0', 'auto');
INSERT INTO `matrix_filling` (`placement_id`, `downline_id`, `level`, `matrix`) VALUES ('M2XFK7', 'F8GQHM', 8, 1);
UPDATE `bv_updation` SET left_carry = left_carry+50, total_left = total_left+50
WHERE `user_id` = 'M2XFK7';
INSERT INTO `placement_bv_update_history` (`left_carry`, `date`, `from_id`, `user_id`) VALUES ('50', '2025-04-13 14:08:53', 'F8GQHM', 'M2XFK7');
INSERT INTO `matrix_filling` (`placement_id`, `downline_id`, `level`, `matrix`) VALUES ('7BQJK5', 'F8GQHM', 9, 1);
UPDATE `bv_updation` SET left_carry = left_carry+50, total_left = total_left+50
WHERE `user_id` = '7BQJK5';
INSERT INTO `placement_bv_update_history` (`left_carry`, `date`, `from_id`, `user_id`) VALUES ('50', '2025-04-13 14:08:53', 'F8GQHM', '7BQJK5');
UPDATE `user_registration` SET `cycle_rank_id` = '1'
WHERE `user_id` = '7BQJK5';
INSERT INTO `rank_history` (`rank_id`, `user_id`, `name`, `bv`, `date`, `amount`, `type`) VALUES ('1', '7BQJK5', 'Affiliate', '0', '2025-04-13 14:08:53', '0', 'auto');
INSERT INTO `matrix_filling` (`placement_id`, `downline_id`, `level`, `matrix`) VALUES ('QJ5U9C', 'F8GQHM', 10, 1);
UPDATE `bv_updation` SET left_carry = left_carry+50, total_left = total_left+50
WHERE `user_id` = 'QJ5U9C';
INSERT INTO `placement_bv_update_history` (`left_carry`, `date`, `from_id`, `user_id`) VALUES ('50', '2025-04-13 14:08:53', 'F8GQHM', 'QJ5U9C');
UPDATE `user_registration` SET `cycle_rank_id` = '1'
WHERE `user_id` = 'QJ5U9C';
INSERT INTO `rank_history` (`rank_id`, `user_id`, `name`, `bv`, `date`, `amount`, `type`) VALUES ('1', 'QJ5U9C', 'Affiliate', '0', '2025-04-13 14:08:53', '0', 'auto');
INSERT INTO `matrix_filling` (`placement_id`, `downline_id`, `level`, `matrix`) VALUES ('O94ZPY', 'F8GQHM', 11, 1);
UPDATE `bv_updation` SET left_carry = left_carry+50, total_left = total_left+50
WHERE `user_id` = 'O94ZPY';
INSERT INTO `placement_bv_update_history` (`left_carry`, `date`, `from_id`, `user_id`) VALUES ('50', '2025-04-13 14:08:54', 'F8GQHM', 'O94ZPY');
UPDATE `user_registration` SET `cycle_rank_id` = '1'
WHERE `user_id` = 'O94ZPY';
INSERT INTO `rank_history` (`rank_id`, `user_id`, `name`, `bv`, `date`, `amount`, `type`) VALUES ('1', 'O94ZPY', 'Affiliate', '0', '2025-04-13 14:08:54', '0', 'auto');
INSERT INTO `matrix_filling` (`placement_id`, `downline_id`, `level`, `matrix`) VALUES ('JHRDHS', 'F8GQHM', 12, 1);
UPDATE `bv_updation` SET right_carry = right_carry+50, total_right = total_right+50
WHERE `user_id` = 'JHRDHS';
INSERT INTO `placement_bv_update_history` (`right_carry`, `date`, `from_id`, `user_id`) VALUES ('50', '2025-04-13 14:08:54', 'F8GQHM', 'JHRDHS');
UPDATE `user_registration` SET `cycle_rank_id` = '1'
WHERE `user_id` = 'JHRDHS';
INSERT INTO `rank_history` (`rank_id`, `user_id`, `name`, `bv`, `date`, `amount`, `type`) VALUES ('1', 'JHRDHS', 'Affiliate', '0', '2025-04-13 14:08:54', '0', 'auto');
INSERT INTO `matrix_filling` (`placement_id`, `downline_id`, `level`, `matrix`) VALUES ('CVVK4C', 'F8GQHM', 13, 1);
UPDATE `bv_updation` SET right_carry = right_carry+50, total_right = total_right+50
WHERE `user_id` = 'CVVK4C';
INSERT INTO `placement_bv_update_history` (`right_carry`, `date`, `from_id`, `user_id`) VALUES ('50', '2025-04-13 14:08:54', 'F8GQHM', 'CVVK4C');
UPDATE `user_registration` SET `cycle_rank_id` = '1'
WHERE `user_id` = 'CVVK4C';
INSERT INTO `rank_history` (`rank_id`, `user_id`, `name`, `bv`, `date`, `amount`, `type`) VALUES ('1', 'CVVK4C', 'Affiliate', '0', '2025-04-13 14:08:54', '0', 'auto');
INSERT INTO `matrix_filling` (`placement_id`, `downline_id`, `level`, `matrix`) VALUES ('K55EDD', 'F8GQHM', 14, 1);
UPDATE `bv_updation` SET left_carry = left_carry+50, total_left = total_left+50
WHERE `user_id` = 'K55EDD';
INSERT INTO `placement_bv_update_history` (`left_carry`, `date`, `from_id`, `user_id`) VALUES ('50', '2025-04-13 14:08:54', 'F8GQHM', 'K55EDD');
UPDATE `user_registration` SET `cycle_rank_id` = '1'
WHERE `user_id` = 'K55EDD';
INSERT INTO `rank_history` (`rank_id`, `user_id`, `name`, `bv`, `date`, `amount`, `type`) VALUES ('1', 'K55EDD', 'Affiliate', '0', '2025-04-13 14:08:54', '0', 'auto');
INSERT INTO `matrix_filling` (`placement_id`, `downline_id`, `level`, `matrix`) VALUES ('UQO7EQ', 'F8GQHM', 15, 1);
UPDATE `bv_updation` SET left_carry = left_carry+50, total_left = total_left+50
WHERE `user_id` = 'UQO7EQ';
INSERT INTO `placement_bv_update_history` (`left_carry`, `date`, `from_id`, `user_id`) VALUES ('50', '2025-04-13 14:08:54', 'F8GQHM', 'UQO7EQ');
UPDATE `user_registration` SET `cycle_rank_id` = '1'
WHERE `user_id` = 'UQO7EQ';
INSERT INTO `rank_history` (`rank_id`, `user_id`, `name`, `bv`, `date`, `amount`, `type`) VALUES ('1', 'UQO7EQ', 'Affiliate', '0', '2025-04-13 14:08:54', '0', 'auto');
INSERT INTO `matrix_filling` (`placement_id`, `downline_id`, `level`, `matrix`) VALUES ('N6GZAE', 'F8GQHM', 16, 1);
UPDATE `bv_updation` SET left_carry = left_carry+50, total_left = total_left+50
WHERE `user_id` = 'N6GZAE';
INSERT INTO `placement_bv_update_history` (`left_carry`, `date`, `from_id`, `user_id`) VALUES ('50', '2025-04-13 14:08:55', 'F8GQHM', 'N6GZAE');
UPDATE `user_registration` SET `cycle_rank_id` = '1'
WHERE `user_id` = 'N6GZAE';
INSERT INTO `rank_history` (`rank_id`, `user_id`, `name`, `bv`, `date`, `amount`, `type`) VALUES ('1', 'N6GZAE', 'Affiliate', '0', '2025-04-13 14:08:55', '0', 'auto');
INSERT INTO `matrix_filling` (`placement_id`, `downline_id`, `level`, `matrix`) VALUES ('4E1CRI', 'F8GQHM', 17, 1);
UPDATE `bv_updation` SET left_carry = left_carry+50, total_left = total_left+50
WHERE `user_id` = '4E1CRI';
INSERT INTO `placement_bv_update_history` (`left_carry`, `date`, `from_id`, `user_id`) VALUES ('50', '2025-04-13 14:08:55', 'F8GQHM', '4E1CRI');
INSERT INTO `matrix_filling` (`placement_id`, `downline_id`, `level`, `matrix`) VALUES ('SJBNYJ', 'F8GQHM', 18, 1);
UPDATE `bv_updation` SET left_carry = left_carry+50, total_left = total_left+50
WHERE `user_id` = 'SJBNYJ';
INSERT INTO `placement_bv_update_history` (`left_carry`, `date`, `from_id`, `user_id`) VALUES ('50', '2025-04-13 14:08:55', 'F8GQHM', 'SJBNYJ');
UPDATE `user_registration` SET `cycle_rank_id` = '1'
WHERE `user_id` = 'SJBNYJ';
INSERT INTO `rank_history` (`rank_id`, `user_id`, `name`, `bv`, `date`, `amount`, `type`) VALUES ('1', 'SJBNYJ', 'Affiliate', '0', '2025-04-13 14:08:55', '0', 'auto');
INSERT INTO `matrix_filling` (`placement_id`, `downline_id`, `level`, `matrix`) VALUES ('44B9Y4', 'F8GQHM', 19, 1);
UPDATE `bv_updation` SET left_carry = left_carry+50, total_left = total_left+50
WHERE `user_id` = '44B9Y4';
INSERT INTO `placement_bv_update_history` (`left_carry`, `date`, `from_id`, `user_id`) VALUES ('50', '2025-04-13 14:08:55', 'F8GQHM', '44B9Y4');
UPDATE `user_registration` SET `cycle_rank_id` = '1'
WHERE `user_id` = '44B9Y4';
INSERT INTO `rank_history` (`rank_id`, `user_id`, `name`, `bv`, `date`, `amount`, `type`) VALUES ('1', '44B9Y4', 'Affiliate', '0', '2025-04-13 14:08:55', '0', 'auto');
INSERT INTO `matrix_filling` (`placement_id`, `downline_id`, `level`, `matrix`) VALUES ('admin', 'F8GQHM', 20, 1);
UPDATE `bv_updation` SET right_carry = right_carry+50, total_right = total_right+50
WHERE `user_id` = 'admin';
INSERT INTO `placement_bv_update_history` (`right_carry`, `date`, `from_id`, `user_id`) VALUES ('50', '2025-04-13 14:08:55', 'F8GQHM', 'admin');
UPDATE `user_registration` SET `cycle_rank_id` = '1'
WHERE `user_id` = 'admin';
INSERT INTO `rank_history` (`rank_id`, `user_id`, `name`, `bv`, `date`, `amount`, `type`) VALUES ('1', 'admin', 'Affiliate', '0', '2025-04-13 14:08:55', '0', 'auto');
UPDATE `user_registration` SET `language` = 'spanish'
WHERE `user_id` = 'VB9KQJ';
UPDATE `ci_sessions` SET `timestamp` = 1744571389, `data` = '__ci_last_regenerate|i:1744571389;id|s:4:\"2318\";user_id|s:6:\"VB9KQJ\";username|s:12:\"MARIAEBREIJO\";sponsor_id|s:6:\"BEC1EO\";fullname|s:15:\"María E Breijo\";email|s:21:\"caridad7955@gmail.com\";phone|s:10:\"3052630253\";isLogIn|b:1;'
WHERE `id` = 'f497dc782e0325c0138ca6005b5c0cfe3efdf51d';
UPDATE `user_registration` SET `popup_seen` = 'yes'
WHERE `user_id` = 'VB9KQJ';
UPDATE `user_registration` SET `popup_seen` = 'yes'
WHERE `user_id` = 'VB9KQJ';
UPDATE `user_registration` SET `popup_seen` = 'yes'
WHERE `user_id` = 'VB9KQJ';
INSERT INTO `login_history` (`user_id`, `device`, `ip_address`, `date`) VALUES ('AABG7W', 'Mozilla/5.0 (Linux; Android 10; K) AppleWebKit/537.36 (KHTML, like Gecko) Chrome/135.0.0.0 Mobile Safari/537.36', '172.70.55.152', '25-04-13 14:16');
UPDATE `user_registration` SET `popup_seen` = 'yes'
WHERE `user_id` = 'AABG7W';
INSERT INTO `login_history` (`user_id`, `device`, `ip_address`, `date`) VALUES ('OMGB4G', 'Mozilla/5.0 (Windows NT 10.0; Win64; x64) AppleWebKit/537.36 (KHTML, like Gecko) Chrome/109.0.0.0 Safari/537.36', '172.70.82.149', '25-04-13 14:18');
UPDATE `user_registration` SET `popup_seen` = 'yes'
WHERE `user_id` = 'OMGB4G';
UPDATE `user_registration` SET `popup_seen` = 'no'
WHERE `user_id` = 'OMGB4G';
DELETE FROM `ci_sessions`
WHERE `id` = '94f0edf720c14792c9095ad38d73f240f7411675';
UPDATE `user_registration` SET `popup_seen` = 'yes'
WHERE `user_id` = 'AABG7W';
INSERT INTO `login_history` (`user_id`, `device`, `ip_address`, `date`) VALUES ('F8GQHM', 'Mozilla/5.0 (Linux; Android 10; K) AppleWebKit/537.36 (KHTML, like Gecko) SamsungBrowser/27.0 Chrome/125.0.0.0 Mobile Safari/537.36', '172.70.254.150', '25-04-13 14:22');
UPDATE `user_registration` SET `popup_seen` = 'yes'
WHERE `user_id` = 'F8GQHM';
UPDATE `user_registration` SET `popup_seen` = 'yes'
WHERE `user_id` = 'F8GQHM';
UPDATE `user_registration` SET `popup_seen` = 'no'
WHERE `user_id` = 'F8GQHM';
DELETE FROM `ci_sessions`
WHERE `id` = 'e7f890e562d10bb9fa533cfeeacba63ae52de7f3';
UPDATE `ci_sessions` SET `timestamp` = 1744572433, `data` = '__ci_last_regenerate|i:1744572433;id|s:4:\"2318\";user_id|s:6:\"VB9KQJ\";username|s:12:\"MARIAEBREIJO\";sponsor_id|s:6:\"BEC1EO\";fullname|s:15:\"María E Breijo\";email|s:21:\"caridad7955@gmail.com\";phone|s:10:\"3052630253\";isLogIn|b:1;'
WHERE `id` = 'c4d1d678baa32963c72e13e47f3f5628771de21a';
UPDATE `user_registration` SET `popup_seen` = 'no'
WHERE `user_id` = 'VB9KQJ';
DELETE FROM `ci_sessions`
WHERE `id` = 'f117d50954a347b9126f03d886470d9f9bcb8027';
INSERT INTO `login_history` (`user_id`, `device`, `ip_address`, `date`) VALUES ('2RSJNO', 'Mozilla/5.0 (iPhone; CPU iPhone OS 18_3_2 like Mac OS X) AppleWebKit/605.1.15 (KHTML, like Gecko) GSA/363.0.743255906 Mobile/15E148 Safari/604.1', '172.68.7.161', '25-04-13 14:44');
UPDATE `user_registration` SET `popup_seen` = 'yes'
WHERE `user_id` = '2RSJNO';
INSERT INTO `login_history` (`user_id`, `device`, `ip_address`, `date`) VALUES ('9I44XH', 'Mozilla/5.0 (Linux; Android 10; K) AppleWebKit/537.36 (KHTML, like Gecko) Chrome/135.0.0.0 Mobile Safari/537.36', '172.68.12.129', '25-04-13 14:46');
UPDATE `user_registration` SET `popup_seen` = 'yes'
WHERE `user_id` = '9I44XH';
UPDATE `user_registration` SET `popup_seen` = 'yes'
WHERE `user_id` = '2RSJNO';
INSERT INTO `login_history` (`user_id`, `device`, `ip_address`, `date`) VALUES ('PEABEG', 'Mozilla/5.0 (iPhone; CPU iPhone OS 18_3_2 like Mac OS X) AppleWebKit/605.1.15 (KHTML, like Gecko) Version/18.3.1 Mobile/15E148 Safari/604.1', '172.68.12.79', '25-04-13 14:47');
UPDATE `user_registration` SET `popup_seen` = 'yes'
WHERE `user_id` = 'PEABEG';
UPDATE `user_registration` SET `popup_seen` = 'yes'
WHERE `user_id` = 'PEABEG';
UPDATE `user_registration` SET `popup_seen` = 'yes'
WHERE `user_id` = 'OTZTS5';
INSERT INTO `login_history` (`user_id`, `device`, `ip_address`, `date`) VALUES ('7P1TWW', 'Mozilla/5.0 (Linux; Android 10; K) AppleWebKit/537.36 (KHTML, like Gecko) Chrome/135.0.0.0 Safari/537.36', '172.70.255.162', '25-04-13 14:50');
UPDATE `user_registration` SET `popup_seen` = 'yes'
WHERE `user_id` = '7P1TWW';
UPDATE `user_registration` SET `popup_seen` = 'yes'
WHERE `user_id` = 'OTZTS5';
INSERT INTO `login_history` (`user_id`, `device`, `ip_address`, `date`) VALUES ('5MW4H3', 'Mozilla/5.0 (iPhone; CPU iPhone OS 18_3_2 like Mac OS X) AppleWebKit/605.1.15 (KHTML, like Gecko) GSA/363.0.743255906 Mobile/15E148 Safari/604.1', '172.68.12.55', '25-04-13 14:54');
UPDATE `user_registration` SET `popup_seen` = 'yes'
WHERE `user_id` = '5MW4H3';
UPDATE `ci_sessions` SET `timestamp` = 1744574366, `data` = '__ci_last_regenerate|i:1744574366;id|s:4:\"2181\";user_id|s:6:\"OTZTS5\";username|s:10:\"Duniesky41\";sponsor_id|s:6:\"AABG7W\";fullname|s:19:\"Duniesky Alzugaray \";email|s:27:\"dalzugarayramirez@gmail.com\";phone|s:10:\"7862451724\";isLogIn|b:1;'
WHERE `id` = '869440e1c94363a487129c63ba8766887fee0f6c';
UPDATE `user_registration` SET `popup_seen` = 'yes'
WHERE `user_id` = 'OTZTS5';
UPDATE `user_registration` SET `popup_seen` = 'yes'
WHERE `user_id` = 'OTZTS5';
UPDATE `user_registration` SET `popup_seen` = 'yes'
WHERE `user_id` = 'OTZTS5';
INSERT INTO `login_history` (`user_id`, `device`, `ip_address`, `date`) VALUES ('P16KP7', 'Mozilla/5.0 (Linux; Android 10; K) AppleWebKit/537.36 (KHTML, like Gecko) Chrome/135.0.0.0 Mobile Safari/537.36', '172.68.7.62', '25-04-13 15:17');
UPDATE `user_registration` SET `popup_seen` = 'yes'
WHERE `user_id` = 'P16KP7';
UPDATE `user_registration` SET `popup_seen` = 'no'
WHERE `user_id` = 'P16KP7';
DELETE FROM `ci_sessions`
WHERE `id` = 'b17cf7a7e80b501d91988662f5598d9d651a76c0';
UPDATE `user_registration` SET `popup_seen` = 'no'
WHERE `user_id` IS NULL;
DELETE FROM `ci_sessions`
WHERE `id` = 'f3fe19e2fcd4d5db0b22325826e368f6d9cf4354';
INSERT INTO `login_history` (`user_id`, `device`, `ip_address`, `date`) VALUES ('QJ5U9C', 'Mozilla/5.0 (iPhone; CPU iPhone OS 18_3_2 like Mac OS X) AppleWebKit/605.1.15 (KHTML, like Gecko) CriOS/135.0.7049.83 Mobile/15E148 Safari/604.1', '172.70.254.132', '25-04-13 15:19');
UPDATE `user_registration` SET `popup_seen` = 'yes'
WHERE `user_id` = 'QJ5U9C';
INSERT INTO `login_history` (`user_id`, `device`, `ip_address`, `date`) VALUES ('UQO7EQ', 'Mozilla/5.0 (Linux; Android 10; K) AppleWebKit/537.36 (KHTML, like Gecko) Chrome/131.0.0.0 Mobile Safari/537.36', '172.70.82.169', '25-04-13 15:20');
UPDATE `user_registration` SET `popup_seen` = 'yes'
WHERE `user_id` = 'UQO7EQ';
UPDATE `user_registration` SET `popup_seen` = 'yes'
WHERE `user_id` = 'UQO7EQ';
UPDATE `user_registration` SET `popup_seen` = 'yes'
WHERE `user_id` = 'UQO7EQ';
UPDATE `user_registration` SET `popup_seen` = 'no'
WHERE `user_id` = 'UQO7EQ';
DELETE FROM `ci_sessions`
WHERE `id` = 'db568c9c621110e503c116425dfcc1dcb380b1e5';
UPDATE `ci_sessions` SET `timestamp` = 1744576525, `data` = '__ci_last_regenerate|i:1744576525;captcha|s:4:\"d1wm\";'
WHERE `id` = '7bd03f627858c4f93b42c3b4518986ff3aa1f7c5';
INSERT INTO `login_history` (`user_id`, `device`, `ip_address`, `date`) VALUES ('UQO7EQ', 'Mozilla/5.0 (Linux; Android 10; K) AppleWebKit/537.36 (KHTML, like Gecko) Chrome/131.0.0.0 Mobile Safari/537.36', '172.70.55.204', '25-04-13 15:35');
UPDATE `user_registration` SET `popup_seen` = 'yes'
WHERE `user_id` = 'UQO7EQ';
UPDATE `user_registration` SET `popup_seen` = 'yes'
WHERE `user_id` = 'UQO7EQ';
UPDATE `user_registration` SET `popup_seen` = 'no'
WHERE `user_id` = 'UQO7EQ';
DELETE FROM `ci_sessions`
WHERE `id` = 'caa3ac7758beb2eb6047fd5f513206f29e1e4a0a';
UPDATE `user_registration` SET `popup_seen` = 'yes'
WHERE `user_id` = 'CVVK4C';
UPDATE `ci_sessions` SET `timestamp` = 1744576747, `data` = '__ci_last_regenerate|i:1744576747;id|s:4:\"2084\";user_id|s:6:\"QJ5U9C\";username|s:10:\"gascarde60\";sponsor_id|s:6:\"O94ZPY\";fullname|s:14:\"Gaspar Cardero\";email|s:18:\"gascarde@yahoo.com\";phone|s:10:\"7862371360\";isLogIn|b:1;message|s:22:\"Welcome Gaspar Cardero\";__ci_vars|a:1:{s:7:\"message\";s:3:\"old\";}'
WHERE `id` = '45fcefc540b55b8470cddc4f3ee6518948cab3b1';
UPDATE `user_registration` SET `popup_seen` = 'yes'
WHERE `user_id` = 'QJ5U9C';
INSERT INTO `login_history` (`user_id`, `device`, `ip_address`, `date`) VALUES ('Z8WUP3', 'Mozilla/5.0 (Linux; Android 10; K) AppleWebKit/537.36 (KHTML, like Gecko) SamsungBrowser/27.0 Chrome/125.0.0.0 Mobile Safari/537.36', '172.69.208.147', '25-04-13 15:39');
UPDATE `user_registration` SET `popup_seen` = 'yes'
WHERE `user_id` = 'Z8WUP3';
UPDATE `user_registration` SET `popup_seen` = 'yes'
WHERE `user_id` = 'Z8WUP3';
UPDATE `ci_sessions` SET `timestamp` = 1744577313, `data` = '__ci_last_regenerate|i:1744577313;id|s:4:\"2054\";user_id|s:6:\"CVVK4C\";username|s:7:\"ManuelN\";sponsor_id|s:6:\"K55EDD\";fullname|s:14:\"Manuel Naranjo\";email|s:26:\"naranjo.manuel93@gmail.com\";phone|s:6:\"786326\";isLogIn|b:1;message|s:22:\"Welcome Manuel Naranjo\";__ci_vars|a:1:{s:7:\"message\";s:3:\"old\";}'
WHERE `id` = '2ac15a98ebf4797107bdb1c8c82d9a12d91b02d4';
UPDATE `user_registration` SET `popup_seen` = 'yes'
WHERE `user_id` = 'CVVK4C';
UPDATE `user_registration` SET `popup_seen` = 'yes'
WHERE `user_id` = 'CVVK4C';
UPDATE `admin` SET `last_login` = '2025-04-13 15:55:28', `ip_address` = '172.68.134.90'
WHERE `id` = '1';
UPDATE `ci_sessions` SET `timestamp` = 1744577914, `data` = '__ci_last_regenerate|i:1744577914;id|s:4:\"2229\";user_id|s:6:\"PEABEG\";username|s:8:\"Gil.1972\";sponsor_id|s:6:\"KSGBOZ\";fullname|s:12:\"Dariel Ramos\";email|s:21:\"yoeyury2024@gmail.com\";phone|s:10:\"7864005201\";isLogIn|b:1;'
WHERE `id` = '20cbd1fddedebc18c6f67f461450f2ca8ec6b70f';
UPDATE `user_registration` SET `popup_seen` = 'yes'
WHERE `user_id` = 'PEABEG';
UPDATE `ci_sessions` SET `timestamp` = 1744577993, `data` = '__ci_last_regenerate|i:1744577993;isLogIn|b:1;isAdmin|b:1;id|s:1:\"1\";fullname|s:11:\"admin admin\";user_level|s:5:\"Admin\";email|s:23:\"admin@travelegendcy.com\";image|s:53:\"upload/settings/4a1f1b602322adb837a7a3547ee69cf3.jpeg\";last_login|s:19:\"2025-04-09 07:53:02\";last_logout|s:19:\"2025-03-06 18:37:40\";ip_address|s:13:\"172.68.134.21\";'
WHERE `id` = 'c95377aa50f186928315d372b5c206877a114269';
UPDATE `ci_sessions` SET `timestamp` = 1744578261, `data` = '__ci_last_regenerate|i:1744578261;id|s:4:\"2229\";user_id|s:6:\"PEABEG\";username|s:8:\"Gil.1972\";sponsor_id|s:6:\"KSGBOZ\";fullname|s:12:\"Dariel Ramos\";email|s:21:\"yoeyury2024@gmail.com\";phone|s:10:\"7864005201\";isLogIn|b:1;'
WHERE `id` = 'b1308b5aec8ffbb151609dcaf2ca201203ced7c0';
UPDATE `ci_sessions` SET `timestamp` = 1744578432, `data` = '__ci_last_regenerate|i:1744578432;id|s:4:\"2242\";user_id|s:6:\"5MW4H3\";username|s:7:\"Yarelis\";sponsor_id|s:6:\"PEABEG\";fullname|s:15:\"Yarelis Sanchez\";email|s:22:\"yaredari2023@gmail.com\";phone|s:10:\"7863688901\";isLogIn|b:1;message|s:23:\"Welcome Yarelis Sanchez\";__ci_vars|a:1:{s:7:\"message\";s:3:\"old\";}'
WHERE `id` = 'bf5ac112f8cd8cc0e0c8a19380fe1771940c73ed';
UPDATE `user_registration` SET `popup_seen` = 'yes'
WHERE `user_id` = '5MW4H3';
UPDATE `ci_sessions` SET `timestamp` = 1744578488, `data` = '__ci_last_regenerate|i:1744578488;id|s:4:\"2054\";user_id|s:6:\"CVVK4C\";username|s:7:\"ManuelN\";sponsor_id|s:6:\"K55EDD\";fullname|s:14:\"Manuel Naranjo\";email|s:26:\"naranjo.manuel93@gmail.com\";phone|s:6:\"786326\";isLogIn|b:1;'
WHERE `id` = '35dcc327568f79182731263ca3635402fc75031e';
UPDATE `user_registration` SET `popup_seen` = 'yes'
WHERE `user_id` = 'CVVK4C';
UPDATE `user_registration` SET `popup_seen` = 'yes'
WHERE `user_id` = '5MW4H3';
UPDATE `user_registration` SET `default_leg` = 'left'
WHERE `user_id` = 'CVVK4C';
UPDATE `ci_sessions` SET `timestamp` = 1744578596, `data` = '__ci_last_regenerate|i:1744578596;id|s:4:\"2274\";user_id|s:6:\"Z8WUP3\";username|s:12:\"lexmilan1970\";sponsor_id|s:6:\"OTZTS5\";fullname|s:17:\"lexmilan Torralbo\";email|s:26:\"lexmilantorralbo@gmail.com\";phone|s:10:\"7866433342\";isLogIn|b:1;'
WHERE `id` = '3ce00c1228e23583074c5af7ff860d2e80b73519';
UPDATE `user_registration` SET `popup_seen` = 'yes'
WHERE `user_id` = 'Z8WUP3';
UPDATE `ci_sessions` SET `timestamp` = 1744578647, `data` = '__ci_last_regenerate|i:1744578647;id|s:4:\"2229\";user_id|s:6:\"PEABEG\";username|s:8:\"Gil.1972\";sponsor_id|s:6:\"KSGBOZ\";fullname|s:12:\"Dariel Ramos\";email|s:21:\"yoeyury2024@gmail.com\";phone|s:10:\"7864005201\";isLogIn|b:1;'
WHERE `id` = 'b30ebf8a1dd589f5ced764aaf506d24096869a3c';
UPDATE `user_registration` SET `popup_seen` = 'yes'
WHERE `user_id` = 'PEABEG';
UPDATE `user_registration` SET `popup_seen` = 'yes'
WHERE `user_id` = 'PEABEG';
UPDATE `user_registration` SET `popup_seen` = 'yes'
WHERE `user_id` = 'PEABEG';
UPDATE `ci_sessions` SET `timestamp` = 1744578810, `data` = '__ci_last_regenerate|i:1744578810;id|s:4:\"2084\";user_id|s:6:\"QJ5U9C\";username|s:10:\"gascarde60\";sponsor_id|s:6:\"O94ZPY\";fullname|s:14:\"Gaspar Cardero\";email|s:18:\"gascarde@yahoo.com\";phone|s:10:\"7862371360\";isLogIn|b:1;'
WHERE `id` = 'f73e6afb896b3b38681120bbad326045a34337d2';
UPDATE `user_registration` SET `popup_seen` = 'yes'
WHERE `user_id` = 'QJ5U9C';
UPDATE `user_registration` SET `popup_seen` = 'yes'
WHERE `user_id` = 'QJ5U9C';
INSERT INTO `login_history` (`user_id`, `device`, `ip_address`, `date`) VALUES ('JHRDHS', 'Mozilla/5.0 (iPhone; CPU iPhone OS 18_3_2 like Mac OS X) AppleWebKit/605.1.15 (KHTML, like Gecko) Version/18.3.1 Mobile/15E148 Safari/604.1', '172.69.132.230', '25-04-13 16:16');
UPDATE `user_registration` SET `popup_seen` = 'yes'
WHERE `user_id` = 'JHRDHS';
UPDATE `user_registration` SET `popup_seen` = 'yes'
WHERE `user_id` = 'JHRDHS';
UPDATE `ci_sessions` SET `timestamp` = 1744579248, `data` = '__ci_last_regenerate|i:1744579248;captcha|s:4:\"aikp\";'
WHERE `id` = '1da5eed8a3f220c875cffcf6b0ff1572988080c9';
INSERT INTO `login_history` (`user_id`, `device`, `ip_address`, `date`) VALUES ('UQO7EQ', 'Mozilla/5.0 (Linux; Android 10; K) AppleWebKit/537.36 (KHTML, like Gecko) Chrome/131.0.0.0 Mobile Safari/537.36', '172.69.132.225', '25-04-13 16:21');
UPDATE `user_registration` SET `popup_seen` = 'yes'
WHERE `user_id` = 'UQO7EQ';
INSERT INTO `login_history` (`user_id`, `device`, `ip_address`, `date`) VALUES ('TU7MHD', 'Mozilla/5.0 (Macintosh; Intel Mac OS X 10_15_7) AppleWebKit/605.1.15 (KHTML, like Gecko) Version/18.3.1 Safari/605.1.15', '172.69.132.246', '25-04-13 16:22');
UPDATE `user_registration` SET `popup_seen` = 'yes'
WHERE `user_id` = 'TU7MHD';
UPDATE `user_registration` SET `popup_seen` = 'no'
WHERE `user_id` = 'TU7MHD';
DELETE FROM `ci_sessions`
WHERE `id` = '1ec0d111a64053dc0f589b22c50c0f6cc3931584';
UPDATE `user_registration` SET `popup_seen` = 'yes'
WHERE `user_id` = 'UQO7EQ';
INSERT INTO `login_history` (`user_id`, `device`, `ip_address`, `date`) VALUES ('N6GZAE', 'Mozilla/5.0 (iPhone; CPU iPhone OS 18_3_2 like Mac OS X) AppleWebKit/605.1.15 (KHTML, like Gecko) Version/18.3.1 Mobile/15E148 Safari/604.1', '172.68.7.161', '25-04-13 16:24');
UPDATE `user_registration` SET `popup_seen` = 'yes'
WHERE `user_id` = 'N6GZAE';
UPDATE `user_registration` SET `popup_seen` = 'no'
WHERE `user_id` = 'UQO7EQ';
DELETE FROM `ci_sessions`
WHERE `id` = '1da5eed8a3f220c875cffcf6b0ff1572988080c9';
INSERT INTO `login_history` (`user_id`, `device`, `ip_address`, `date`) VALUES ('TU7MHD', 'Mozilla/5.0 (Macintosh; Intel Mac OS X 10_15_7) AppleWebKit/605.1.15 (KHTML, like Gecko) Version/18.3.1 Safari/605.1.15', '172.68.7.19', '25-04-13 16:27');
UPDATE `user_registration` SET `popup_seen` = 'yes'
WHERE `user_id` = 'TU7MHD';
UPDATE `ci_sessions` SET `timestamp` = 1744579687, `data` = '__ci_last_regenerate|i:1744579687;id|s:4:\"2274\";user_id|s:6:\"Z8WUP3\";username|s:12:\"lexmilan1970\";sponsor_id|s:6:\"OTZTS5\";fullname|s:17:\"lexmilan Torralbo\";email|s:26:\"lexmilantorralbo@gmail.com\";phone|s:10:\"7866433342\";isLogIn|b:1;'
WHERE `id` = 'd6d5a38c28e3f0e828e446dcb059746f3f511aa2';
UPDATE `user_registration` SET `popup_seen` = 'yes'
WHERE `user_id` = 'Z8WUP3';
UPDATE `ci_sessions` SET `timestamp` = 1744579727, `data` = '__ci_last_regenerate|i:1744579727;id|s:4:\"2084\";user_id|s:6:\"QJ5U9C\";username|s:10:\"gascarde60\";sponsor_id|s:6:\"O94ZPY\";fullname|s:14:\"Gaspar Cardero\";email|s:18:\"gascarde@yahoo.com\";phone|s:10:\"7862371360\";isLogIn|b:1;'
WHERE `id` = 'd08bb33de241b6059c6cc355a0074cdfefee5413';
UPDATE `user_registration` SET `popup_seen` = 'yes'
WHERE `user_id` = 'QJ5U9C';
UPDATE `ci_sessions` SET `timestamp` = 1744579736, `data` = '__ci_last_regenerate|i:1744579736;id|s:4:\"2141\";user_id|s:6:\"TU7MHD\";username|s:8:\"Betgarc3\";sponsor_id|s:6:\"8D7CNL\";fullname|s:12:\"Betty Garcia\";email|s:20:\"betgarc42@gmaill.com\";phone|s:10:\"3053389989\";isLogIn|b:1;message|s:20:\"Welcome Betty Garcia\";__ci_vars|a:1:{s:7:\"message\";s:3:\"old\";}'
WHERE `id` = '0b8055d90f9bd7bbc9c578b4b2c8cc3b6dff305d';
UPDATE `user_registration` SET `language` = 'english'
WHERE `user_id` = 'TU7MHD';
UPDATE `user_registration` SET `popup_seen` = 'yes'
WHERE `user_id` = 'TU7MHD';
UPDATE `user_registration` SET `language` = 'spanish'
WHERE `user_id` = 'QJ5U9C';
UPDATE `user_registration` SET `popup_seen` = 'yes'
WHERE `user_id` = 'QJ5U9C';
INSERT INTO `temp_register` (`post_data`, `date`, `payment_method`, `type`) VALUES ('{\"user_id\":\"TU7MHD\",\"package_id\":\"2\",\"amount\":\"150\",\"payment_method\":\"stripe\",\"date\":\"2025-04-13 16:29:17\"}', '2025-04-13 16:29:17', 'stripe', 'renew');
UPDATE `user_registration` SET `language` = 'english'
WHERE `user_id` = 'QJ5U9C';
UPDATE `user_registration` SET `popup_seen` = 'yes'
WHERE `user_id` = 'QJ5U9C';
UPDATE `user_registration` SET `popup_seen` = 'yes'
WHERE `user_id` = 'QJ5U9C';
UPDATE `user_registration` SET `language` = 'spanish'
WHERE `user_id` = 'QJ5U9C';
UPDATE `user_registration` SET `popup_seen` = 'yes'
WHERE `user_id` = 'QJ5U9C';
UPDATE `user_registration` SET `language` = 'spanish'
WHERE `user_id` = 'QJ5U9C';
UPDATE `user_registration` SET `popup_seen` = 'yes'
WHERE `user_id` = 'QJ5U9C';
INSERT INTO `login_history` (`user_id`, `device`, `ip_address`, `date`) VALUES ('4VE7D1', 'Mozilla/5.0 (iPhone; CPU iPhone OS 18_3_2 like Mac OS X) AppleWebKit/605.1.15 (KHTML, like Gecko) Version/18.3.1 Mobile/15E148 Safari/604.1', '172.68.7.16', '25-04-13 16:34');
UPDATE `user_registration` SET `popup_seen` = 'yes'
WHERE `user_id` = '4VE7D1';
UPDATE `user_registration` SET `popup_seen` = 'yes'
WHERE `user_id` = '4VE7D1';
UPDATE `user_registration` SET `popup_seen` = 'yes'
WHERE `user_id` = '4VE7D1';
UPDATE `user_registration` SET `popup_seen` = 'yes'
WHERE `user_id` = '4VE7D1';
UPDATE `user_registration` SET `popup_seen` = 'yes'
WHERE `user_id` = '4VE7D1';
UPDATE `ci_sessions` SET `timestamp` = 1744580402, `data` = '__ci_last_regenerate|i:1744580402;id|s:4:\"2270\";user_id|s:6:\"4VE7D1\";username|s:9:\"Ibarzabal\";sponsor_id|s:6:\"JHRDHS\";fullname|s:24:\"Carousel Barber Shop Inc\";email|s:24:\"frankibarzabal@gmail.com\";phone|s:10:\"7862307398\";isLogIn|b:1;'
WHERE `id` = '763f107ae7016e6500ba35aa0b2632d3e2632f5b';
UPDATE `ci_sessions` SET `timestamp` = 1744580485, `data` = '__ci_last_regenerate|i:1744580485;captcha|s:4:\"wcud\";'
WHERE `id` = 'c900972d863a3e15c656afa6b6c6e78b31d1e0bf';
INSERT INTO `login_history` (`user_id`, `device`, `ip_address`, `date`) VALUES ('UQO7EQ', 'Mozilla/5.0 (Linux; Android 10; K) AppleWebKit/537.36 (KHTML, like Gecko) Chrome/131.0.0.0 Mobile Safari/537.36', '172.70.83.12', '25-04-13 16:41');
UPDATE `user_registration` SET `popup_seen` = 'yes'
WHERE `user_id` = 'UQO7EQ';
INSERT INTO `login_history` (`user_id`, `device`, `ip_address`, `date`) VALUES ('5XIPYS', 'Mozilla/5.0 (iPhone; CPU iPhone OS 18_1_1 like Mac OS X) AppleWebKit/605.1.15 (KHTML, like Gecko) Version/18.1.1 Mobile/15E148 Safari/604.1', '172.70.55.152', '25-04-13 16:41');
UPDATE `user_registration` SET `popup_seen` = 'yes'
WHERE `user_id` = '5XIPYS';
UPDATE `user_registration` SET `popup_seen` = 'yes'
WHERE `user_id` = '4VE7D1';
INSERT INTO `login_history` (`user_id`, `device`, `ip_address`, `date`) VALUES ('B5EVHD', 'Mozilla/5.0 (iPhone; CPU iPhone OS 18_3_2 like Mac OS X) AppleWebKit/605.1.15 (KHTML, like Gecko) Version/18.3.1 Mobile/15E148 Safari/604.1', '172.69.70.111', '25-04-13 16:44');
UPDATE `ci_sessions` SET `timestamp` = 1744580674, `data` = '__ci_last_regenerate|i:1744580674;id|s:4:\"2141\";user_id|s:6:\"TU7MHD\";username|s:8:\"Betgarc3\";sponsor_id|s:6:\"8D7CNL\";fullname|s:12:\"Betty Garcia\";email|s:20:\"betgarc42@gmaill.com\";phone|s:10:\"3053389989\";isLogIn|b:1;upgrade_stripe_id|i:294;'
WHERE `id` = '16c8ef2b0f1ab770baacb5a355c247ef3132d8cb';
UPDATE `user_registration` SET `popup_seen` = 'yes'
WHERE `user_id` = 'B5EVHD';
UPDATE `temp_register` SET `response` = '{\"stripeToken\":\"tok_1RDYKJ2NUoYUjiuuPighidxh\",\"stripeTokenType\":\"card\",\"stripeEmail\":\"betgarc42@gmail.com\"}', `date_modified` = '2025-04-13 16:44:37', `payment_status` = '{\"id\":\"ch_3RDYKP2NUoYUjiuu0UQca9PK\",\"object\":\"charge\",\"amount\":15000,\"amount_captured\":15000,\"amount_refunded\":0,\"application\":null,\"application_fee\":null,\"application_fee_amount\":null,\"balance_transaction\":\"txn_3RDYKP2NUoYUjiuu0obYMKeH\",\"billing_details\":{\"address\":{\"city\":null,\"country\":null,\"line1\":null,\"line2\":null,\"postal_code\":null,\"state\":null},\"email\":null,\"name\":\"betgarc42@gmail.com\",\"phone\":null},\"calculated_statement_descriptor\":\"TRAVELEGENDCY LLC\",\"captured\":true,\"created\":1744580677,\"currency\":\"usd\",\"customer\":\"cus_S7nw3914gm0MMy\",\"description\":null,\"destination\":null,\"dispute\":null,\"disputed\":false,\"failure_balance_transaction\":null,\"failure_code\":null,\"failure_message\":null,\"fraud_details\":[],\"invoice\":null,\"livemode\":true,\"metadata\":{\"name\":\"Betty Garcia\",\"username\":\"Betgarc3\"},\"on_behalf_of\":null,\"order\":null,\"outcome\":{\"advice_code\":null,\"network_advice_code\":null,\"network_decline_code\":null,\"network_status\":\"approved_by_network\",\"reason\":null,\"risk_level\":\"normal\",\"seller_message\":\"Payment complete.\",\"type\":\"authorized\"},\"paid\":true,\"payment_intent\":null,\"payment_method\":\"card_1RDYKJ2NUoYUjiuuv53riCPQ\",\"payment_method_details\":{\"card\":{\"amount_authorized\":15000,\"authorization_code\":\"49196Z\",\"brand\":\"mastercard\",\"checks\":{\"address_line1_check\":null,\"address_postal_code_check\":null,\"cvc_check\":\"pass\"},\"country\":\"US\",\"exp_month\":11,\"exp_year\":2026,\"extended_authorization\":{\"status\":\"disabled\"},\"fingerprint\":\"NBkCY37gGjVPinWG\",\"funding\":\"credit\",\"incremental_authorization\":{\"status\":\"unavailable\"},\"installments\":null,\"last4\":\"4628\",\"mandate\":null,\"multicapture\":{\"status\":\"unavailable\"},\"network\":\"mastercard\",\"network_token\":{\"used\":false},\"network_transaction_id\":\"MWER6CUWT0413\",\"overcapture\":{\"maximum_amount_capturable\":15000,\"status\":\"unavailable\"},\"regulated_status\":\"unregulated\",\"three_d_secure\":null,\"wallet\":null},\"type\":\"card\"},\"receipt_email\":null,\"receipt_number\":null,\"receipt_url\":\"https:\\/\\/pay.stripe.com\\/receipts\\/payment\\/CAcQARoXChVhY2N0XzFRUEFGdjJOVW9ZVWppdXUoxuDwvwYyBljCXl8XJzosFqoxsOxVaUTnzPnMTQPJdpJ8Vk45MVcVq1szOARYbrIHLxnB0NFLkqxVZ40\",\"refunded\":false,\"review\":null,\"shipping\":null,\"source\":{\"id\":\"card_1RDYKJ2NUoYUjiuuv53riCPQ\",\"object\":\"card\",\"address_city\":null,\"address_country\":null,\"address_line1\":null,\"address_line1_check\":null,\"address_line2\":null,\"address_state\":null,\"address_zip\":null,\"address_zip_check\":null,\"allow_redisplay\":\"unspecified\",\"brand\":\"MasterCard\",\"country\":\"US\",\"customer\":\"cus_S7nw3914gm0MMy\",\"cvc_check\":\"pass\",\"dynamic_last4\":null,\"exp_month\":11,\"exp_year\":2026,\"fingerprint\":\"NBkCY37gGjVPinWG\",\"funding\":\"credit\",\"last4\":\"4628\",\"metadata\":[],\"name\":\"betgarc42@gmail.com\",\"regulated_status\":\"unregulated\",\"tokenization_method\":null,\"wallet\":null},\"source_transfer\":null,\"statement_descriptor\":null,\"statement_descriptor_suffix\":null,\"status\":\"succeeded\",\"transfer_data\":null,\"transfer_group\":null}'
WHERE `id` = 294;
INSERT INTO `sub_history` (`user_id`, `package_id`, `amount`, `payment_method`, `date`) VALUES ('TU7MHD', '2', '150', 'Stripe', '2025-04-13 16:44:37');
UPDATE `user_registration` SET sub_point = ROUND(sub_point + 150,2)
WHERE `user_id` = 'TU7MHD';
INSERT INTO `investment` (`invest_date`, `user_id`, `type`, `amount`, `package_id`) VALUES ('2025-04-13 16:44:37', 'TU7MHD', 'subscription', '150', '2');
UPDATE `user_registration` SET total_points = ROUND(total_points + 150,2)
WHERE `user_id` = 'TU7MHD';
INSERT INTO `points_history` (`user_id`, `points`, `type`, `date`) VALUES ('TU7MHD', '150', 'subscription', '2025-04-13 16:44:');
UPDATE `bv_updation` SET right_carry = right_carry+150, total_right = total_right+150
WHERE `user_id` = '8D7CNL';
INSERT INTO `placement_bv_update_history` (`right_carry`, `date`, `from_id`, `user_id`) VALUES ('150', '2025-04-13 16:44:37', 'TU7MHD', '8D7CNL');
UPDATE `bv_updation` SET sponsor_right_carry = sponsor_right_carry+150, sponsor_total_right = sponsor_total_right+150
WHERE `user_id` = '8D7CNL';
INSERT INTO `sponsor_bv_update_history` (`right_carry`, `date`, `user_id`) VALUES ('150', '2025-04-13 16:44:37', '8D7CNL');
UPDATE `bv_updation` SET right_carry = right_carry+150, total_right = total_right+150
WHERE `user_id` = '6H3N98';
INSERT INTO `placement_bv_update_history` (`right_carry`, `date`, `from_id`, `user_id`) VALUES ('150', '2025-04-13 16:44:37', 'TU7MHD', '6H3N98');
UPDATE `bv_updation` SET right_carry = right_carry+150, total_right = total_right+150
WHERE `user_id` = 'L2MNP5';
INSERT INTO `placement_bv_update_history` (`right_carry`, `date`, `from_id`, `user_id`) VALUES ('150', '2025-04-13 16:44:37', 'TU7MHD', 'L2MNP5');
UPDATE `bv_updation` SET right_carry = right_carry+150, total_right = total_right+150
WHERE `user_id` = 'HQTCGF';
INSERT INTO `placement_bv_update_history` (`right_carry`, `date`, `from_id`, `user_id`) VALUES ('150', '2025-04-13 16:44:37', 'TU7MHD', 'HQTCGF');
UPDATE `bv_updation` SET right_carry = right_carry+150, total_right = total_right+150
WHERE `user_id` = 'K55EDD';
INSERT INTO `placement_bv_update_history` (`right_carry`, `date`, `from_id`, `user_id`) VALUES ('150', '2025-04-13 16:44:37', 'TU7MHD', 'K55EDD');
UPDATE `user_registration` SET `cycle_rank_id` = '1'
WHERE `user_id` = 'K55EDD';
INSERT INTO `rank_history` (`rank_id`, `user_id`, `name`, `bv`, `date`, `amount`, `type`) VALUES ('1', 'K55EDD', 'Affiliate', '0', '2025-04-13 16:44:37', '0', 'auto');
UPDATE `bv_updation` SET left_carry = left_carry+150, total_left = total_left+150
WHERE `user_id` = 'UQO7EQ';
INSERT INTO `placement_bv_update_history` (`left_carry`, `date`, `from_id`, `user_id`) VALUES ('150', '2025-04-13 16:44:38', 'TU7MHD', 'UQO7EQ');
UPDATE `user_registration` SET `cycle_rank_id` = '1'
WHERE `user_id` = 'UQO7EQ';
INSERT INTO `rank_history` (`rank_id`, `user_id`, `name`, `bv`, `date`, `amount`, `type`) VALUES ('1', 'UQO7EQ', 'Affiliate', '0', '2025-04-13 16:44:38', '0', 'auto');
UPDATE `bv_updation` SET left_carry = left_carry+150, total_left = total_left+150
WHERE `user_id` = 'N6GZAE';
INSERT INTO `placement_bv_update_history` (`left_carry`, `date`, `from_id`, `user_id`) VALUES ('150', '2025-04-13 16:44:38', 'TU7MHD', 'N6GZAE');
UPDATE `user_registration` SET `cycle_rank_id` = '1'
WHERE `user_id` = 'N6GZAE';
INSERT INTO `rank_history` (`rank_id`, `user_id`, `name`, `bv`, `date`, `amount`, `type`) VALUES ('1', 'N6GZAE', 'Affiliate', '0', '2025-04-13 16:44:38', '0', 'auto');
UPDATE `bv_updation` SET left_carry = left_carry+150, total_left = total_left+150
WHERE `user_id` = '4E1CRI';
INSERT INTO `placement_bv_update_history` (`left_carry`, `date`, `from_id`, `user_id`) VALUES ('150', '2025-04-13 16:44:38', 'TU7MHD', '4E1CRI');
UPDATE `bv_updation` SET left_carry = left_carry+150, total_left = total_left+150
WHERE `user_id` = 'SJBNYJ';
INSERT INTO `placement_bv_update_history` (`left_carry`, `date`, `from_id`, `user_id`) VALUES ('150', '2025-04-13 16:44:38', 'TU7MHD', 'SJBNYJ');
UPDATE `user_registration` SET `cycle_rank_id` = '1'
WHERE `user_id` = 'SJBNYJ';
INSERT INTO `rank_history` (`rank_id`, `user_id`, `name`, `bv`, `date`, `amount`, `type`) VALUES ('1', 'SJBNYJ', 'Affiliate', '0', '2025-04-13 16:44:38', '0', 'auto');
UPDATE `bv_updation` SET left_carry = left_carry+150, total_left = total_left+150
WHERE `user_id` = '44B9Y4';
INSERT INTO `placement_bv_update_history` (`left_carry`, `date`, `from_id`, `user_id`) VALUES ('150', '2025-04-13 16:44:38', 'TU7MHD', '44B9Y4');
UPDATE `user_registration` SET `cycle_rank_id` = '1'
WHERE `user_id` = '44B9Y4';
INSERT INTO `rank_history` (`rank_id`, `user_id`, `name`, `bv`, `date`, `amount`, `type`) VALUES ('1', '44B9Y4', 'Affiliate', '0', '2025-04-13 16:44:38', '0', 'auto');
UPDATE `bv_updation` SET right_carry = right_carry+150, total_right = total_right+150
WHERE `user_id` = 'admin';
INSERT INTO `placement_bv_update_history` (`right_carry`, `date`, `from_id`, `user_id`) VALUES ('150', '2025-04-13 16:44:38', 'TU7MHD', 'admin');
UPDATE `user_registration` SET `cycle_rank_id` = '1'
WHERE `user_id` = 'admin';
INSERT INTO `rank_history` (`rank_id`, `user_id`, `name`, `bv`, `date`, `amount`, `type`) VALUES ('1', 'admin', 'Affiliate', '0', '2025-04-13 16:44:38', '0', 'auto');
UPDATE `user_registration` SET `subscription_date` = '2025-05-13', `active_status` = 'yes'
WHERE `user_id` = 'TU7MHD';
UPDATE `user_registration` SET `popup_seen` = 'yes'
WHERE `user_id` = 'TU7MHD';
UPDATE `user_registration` SET `popup_seen` = 'yes'
WHERE `user_id` = 'TU7MHD';
UPDATE `user_registration` SET `popup_seen` = 'yes'
WHERE `user_id` = '4VE7D1';
UPDATE `ci_sessions` SET `timestamp` = 1744580782, `data` = '__ci_last_regenerate|i:1744580782;id|s:4:\"2332\";user_id|s:6:\"5XIPYS\";username|s:8:\"Pepa1045\";sponsor_id|s:6:\"B5EVHD\";fullname|s:13:\"Martha Bilbao\";email|s:23:\"bilbaomarta54@gmail.com\";phone|s:10:\"7862135703\";isLogIn|b:1;'
WHERE `id` = '69b5e9c943138eda82e9adcb7507f83021c53b73';
INSERT INTO `login_history` (`user_id`, `device`, `ip_address`, `date`) VALUES ('4WVWXZ', 'Mozilla/5.0 (iPhone; CPU iPhone OS 18_3_2 like Mac OS X) AppleWebKit/605.1.15 (KHTML, like Gecko) Version/18.3.1 Mobile/15E148 Safari/604.1', '108.162.212.49', '25-04-13 16:46');
UPDATE `user_registration` SET `popup_seen` = 'yes'
WHERE `user_id` = '4WVWXZ';
UPDATE `ci_sessions` SET `timestamp` = 1744582105, `data` = '__ci_last_regenerate|i:1744582105;id|s:4:\"2034\";user_id|s:6:\"N6GZAE\";username|s:8:\"Mariposa\";sponsor_id|s:6:\"4E1CRI\";fullname|s:14:\"Emilio Tapanes\";email|s:25:\"emiliotapanes+7@gmail.com\";phone|s:10:\"7862876762\";isLogIn|b:1;'
WHERE `id` = 'b1c771233177fd9b98a23402e7cd98bb8204d339';
UPDATE `user_registration` SET `popup_seen` = 'yes'
WHERE `user_id` = 'N6GZAE';
UPDATE `user_registration` SET `popup_seen` = 'yes'
WHERE `user_id` = 'N6GZAE';
UPDATE `user_registration` SET `popup_seen` = 'yes'
WHERE `user_id` = 'N6GZAE';
UPDATE `user_registration` SET `popup_seen` = 'yes'
WHERE `user_id` = 'N6GZAE';
UPDATE `user_registration` SET `popup_seen` = 'yes'
WHERE `user_id` = 'N6GZAE';
INSERT INTO `login_history` (`user_id`, `device`, `ip_address`, `date`) VALUES ('AABG7W', 'Mozilla/5.0 (Linux; Android 10; K) AppleWebKit/537.36 (KHTML, like Gecko) Chrome/135.0.0.0 Mobile Safari/537.36', '172.68.12.133', '25-04-13 17:43');
UPDATE `user_registration` SET `popup_seen` = 'yes'
WHERE `user_id` = 'AABG7W';
UPDATE `ci_sessions` SET `timestamp` = 1744584549, `data` = '__ci_last_regenerate|i:1744584549;id|s:4:\"2042\";user_id|s:6:\"UQO7EQ\";username|s:6:\"Rafa51\";sponsor_id|s:6:\"N6GZAE\";fullname|s:16:\"Rafael Rodriguez\";email|s:18:\"rafagana@yahoo.com\";phone|s:10:\"3057610606\";isLogIn|b:1;'
WHERE `id` = 'feaa4ba061c414895ec0c0a02f0e1b3536279411';
UPDATE `user_registration` SET `popup_seen` = 'yes'
WHERE `user_id` = 'UQO7EQ';
UPDATE `user_registration` SET `popup_seen` = 'no'
WHERE `user_id` = 'UQO7EQ';
DELETE FROM `ci_sessions`
WHERE `id` = '296eb097da5f7c7aa0ade3dccc102e080a61c8ff';
INSERT INTO `login_history` (`user_id`, `device`, `ip_address`, `date`) VALUES ('QJ5U9C', 'Mozilla/5.0 (Windows NT 10.0; Win64; x64) AppleWebKit/537.36 (KHTML, like Gecko) Chrome/135.0.0.0 Safari/537.36', '172.70.254.95', '25-04-13 18:54');
UPDATE `user_registration` SET `popup_seen` = 'yes'
WHERE `user_id` = 'QJ5U9C';
UPDATE `user_registration` SET `default_leg` = 'right'
WHERE `user_id` = 'QJ5U9C';
UPDATE `user_registration` SET `default_leg` = 'right'
WHERE `user_id` = 'QJ5U9C';
UPDATE `user_registration` SET `popup_seen` = 'yes'
WHERE `user_id` = 'QJ5U9C';
UPDATE `ci_sessions` SET `timestamp` = 1744588722, `data` = '__ci_last_regenerate|i:1744588722;id|s:4:\"2084\";user_id|s:6:\"QJ5U9C\";username|s:10:\"gascarde60\";sponsor_id|s:6:\"O94ZPY\";fullname|s:14:\"Gaspar Cardero\";email|s:18:\"gascarde@yahoo.com\";phone|s:10:\"7862371360\";isLogIn|b:1;'
WHERE `id` = 'e70f63121b925cda6b53d33532e00120f19ca7fd';
INSERT INTO `login_history` (`user_id`, `device`, `ip_address`, `date`) VALUES ('PEABEG', 'Mozilla/5.0 (Windows NT 10.0; Win64; x64) AppleWebKit/537.36 (KHTML, like Gecko) Chrome/135.0.0.0 Safari/537.36 Edg/135.0.0.0', '172.70.82.179', '25-04-13 19:01');
UPDATE `user_registration` SET `popup_seen` = 'yes'
WHERE `user_id` = 'PEABEG';
UPDATE `user_registration` SET `popup_seen` = 'yes'
WHERE `user_id` = 'PEABEG';
UPDATE `user_registration` SET `popup_seen` = 'yes'
WHERE `user_id` = 'PEABEG';
INSERT INTO `payquicker_token` (`response`, `token`, `created_time`, `expires_at`) VALUES ('{\"access_token\":\"9B3E3E1961748E7415D10B4AF9C103151BE4133CCBB54F2FBB48DC90920A5E6C-1\",\"expires_in\":3600,\"token_type\":\"Bearer\",\"scope\":\"api useraccount_balance useraccount_debit useraccount_invitation useraccount_payment\"}', '9B3E3E1961748E7415D10B4AF9C103151BE4133CCBB54F2FBB48DC90920A5E6C-1', '2025-04-13 19:04:43', '2025-04-13 20:04:43');
UPDATE `payquicker_send_invite` SET `response` = '[{\"dateInvited\":\"2025-03-26T22:46:21Z\",\"invitationKey\":\"wVw5Zoch0ZzYfaCf7ksBNnhyPoqb9KAWmVMUZmxP2YwWTJj2KmYHvXlou0nls1OqrGafqcl5L9EXc0B780RDNjsu4Sbdb73dKwKlgsT9lk3znSweffYoMn3MYAgnRmCub9Hkbj2JDy8XZf254YcMNqppjlsYi2OCtjm9gDHCN009UbAKrKDsoTEI4v3idNvpGbF3mXTmh8LLD4s9lhhfDaPCDzkv5VSrd4ILsj27naGznEkQOPoRSSyAPtUyRrXS\",\"invitationStatus\":\"InvitationStatusType_Pending\",\"registrationStatus\":\"NotStarted\",\"registrationDetails\":{\"addresses\":[{\"city\":\"Miami\",\"country\":\"USA\",\"postalCode\":\"33184\",\"region\":\"Florida\",\"streetAddress1\":\"1310 SW 135 CT\",\"created\":\"0001-01-01T00:00:00Z\",\"type\":\"AddressType_Residential\"}],\"fundingAccountPublicId\":\"4e84a85ac47e46639c648f932d48fdf0\",\"issuePlasticCard\":true,\"notifyUser\":true,\"userDetails\":{\"emailAddress\":\"yoeyury2024@gmail.com\",\"firstName\":\"Dariel\",\"lastName\":\"Ramos\",\"userCompanyAssignedUniqueKey\":\"Gil.1972JwUP\"}}}]', `date` = '2025-04-13 19:04:44';
UPDATE `ci_sessions` SET `timestamp` = 1744589085, `data` = '__ci_last_regenerate|i:1744589085;id|s:4:\"2084\";user_id|s:6:\"QJ5U9C\";username|s:10:\"gascarde60\";sponsor_id|s:6:\"O94ZPY\";fullname|s:14:\"Gaspar Cardero\";email|s:18:\"gascarde@yahoo.com\";phone|s:10:\"7862371360\";isLogIn|b:1;'
WHERE `id` = 'b33983232f59d97cb7168415318c0d9164ea6d46';
UPDATE `ci_sessions` SET `timestamp` = 1744589126, `data` = '__ci_last_regenerate|i:1744589126;id|s:4:\"2229\";user_id|s:6:\"PEABEG\";username|s:8:\"Gil.1972\";sponsor_id|s:6:\"KSGBOZ\";fullname|s:12:\"Dariel Ramos\";email|s:21:\"yoeyury2024@gmail.com\";phone|s:10:\"7864005201\";isLogIn|b:1;message|s:39:\"Successfully checked the signup status!\";__ci_vars|a:1:{s:7:\"message\";s:3:\"old\";}'
WHERE `id` = '650a44d790c245eb7a4cfe35006ee242e9feb023';
UPDATE `user_registration` SET `popup_seen` = 'yes'
WHERE `user_id` = 'QJ5U9C';
UPDATE `ci_sessions` SET `timestamp` = 1744589488, `data` = '__ci_last_regenerate|i:1744589488;id|s:4:\"2229\";user_id|s:6:\"PEABEG\";username|s:8:\"Gil.1972\";sponsor_id|s:6:\"KSGBOZ\";fullname|s:12:\"Dariel Ramos\";email|s:21:\"yoeyury2024@gmail.com\";phone|s:10:\"7864005201\";isLogIn|b:1;exception|s:85:\"A user invitation already exists with a matching email address yoeyury2024@gmail.com.\";__ci_vars|a:1:{s:9:\"exception\";s:3:\"old\";}'
WHERE `id` = '3ed8766c5de2db036b990f428e920d24d28a4e05';
UPDATE `payquicker_send_invite` SET `response` = '[{\"dateInvited\":\"2025-03-26T22:46:21Z\",\"invitationKey\":\"wVw5Zoch0ZzYfaCf7ksBNnhyPoqb9KAWmVMUZmxP2YwWTJj2KmYHvXlou0nls1OqrGafqcl5L9EXc0B780RDNjsu4Sbdb73dKwKlgsT9lk3znSweffYoMn3MYAgnRmCub9Hkbj2JDy8XZf254YcMNqppjlsYi2OCtjm9gDHCN009UbAKrKDsoTEI4v3idNvpGbF3mXTmh8LLD4s9lhhfDaPCDzkv5VSrd4ILsj27naGznEkQOPoRSSyAPtUyRrXS\",\"invitationStatus\":\"InvitationStatusType_Pending\",\"registrationStatus\":\"NotStarted\",\"registrationDetails\":{\"addresses\":[{\"city\":\"Miami\",\"country\":\"USA\",\"postalCode\":\"33184\",\"region\":\"Florida\",\"streetAddress1\":\"1310 SW 135 CT\",\"created\":\"0001-01-01T00:00:00Z\",\"type\":\"AddressType_Residential\"}],\"fundingAccountPublicId\":\"4e84a85ac47e46639c648f932d48fdf0\",\"issuePlasticCard\":true,\"notifyUser\":true,\"userDetails\":{\"emailAddress\":\"yoeyury2024@gmail.com\",\"firstName\":\"Dariel\",\"lastName\":\"Ramos\",\"userCompanyAssignedUniqueKey\":\"Gil.1972JwUP\"}}}]', `date` = '2025-04-13 19:14:42';
UPDATE `ci_sessions` SET `timestamp` = 1744589789, `data` = '__ci_last_regenerate|i:1744589789;id|s:4:\"2229\";user_id|s:6:\"PEABEG\";username|s:8:\"Gil.1972\";sponsor_id|s:6:\"KSGBOZ\";fullname|s:12:\"Dariel Ramos\";email|s:21:\"yoeyury2024@gmail.com\";phone|s:10:\"7864005201\";isLogIn|b:1;'
WHERE `id` = 'fde428ba02611584dfd47516dfc2c5c0a2a5ddd4';
UPDATE `user_registration` SET `popup_seen` = 'no'
WHERE `user_id` IS NULL;
DELETE FROM `ci_sessions`
WHERE `id` = '8adbd99e0a7f83eeb9492cfd2ed1169c43823d82';
INSERT INTO `login_history` (`user_id`, `device`, `ip_address`, `date`) VALUES ('44B9Y4', 'Mozilla/5.0 (iPhone; CPU iPhone OS 18_3_2 like Mac OS X) AppleWebKit/605.1.15 (KHTML, like Gecko) Version/18.3.1 Mobile/15E148 Safari/604.1', '172.69.132.205', '25-04-13 19:17');
UPDATE `user_registration` SET `popup_seen` = 'yes'
WHERE `user_id` = '44B9Y4';
UPDATE `ci_sessions` SET `timestamp` = 1744589929, `data` = '__ci_last_regenerate|i:1744589929;id|s:4:\"2084\";user_id|s:6:\"QJ5U9C\";username|s:10:\"gascarde60\";sponsor_id|s:6:\"O94ZPY\";fullname|s:14:\"Gaspar Cardero\";email|s:18:\"gascarde@yahoo.com\";phone|s:10:\"7862371360\";isLogIn|b:1;'
WHERE `id` = 'd06f1ece781ebf5597b9b5df78f1603558bf43bf';
UPDATE `ci_sessions` SET `timestamp` = 1744590611, `data` = '__ci_last_regenerate|i:1744590611;id|s:4:\"2084\";user_id|s:6:\"QJ5U9C\";username|s:10:\"gascarde60\";sponsor_id|s:6:\"O94ZPY\";fullname|s:14:\"Gaspar Cardero\";email|s:18:\"gascarde@yahoo.com\";phone|s:10:\"7862371360\";isLogIn|b:1;'
WHERE `id` = '507c344f4fab6a6d796fb93727fe63a8c07eae0a';
UPDATE `user_registration` SET `popup_seen` = 'yes'
WHERE `user_id` = 'QJ5U9C';
INSERT INTO `login_history` (`user_id`, `device`, `ip_address`, `date`) VALUES ('Z8WUP3', 'Mozilla/5.0 (Windows NT 10.0; Win64; x64) AppleWebKit/537.36 (KHTML, like Gecko) Chrome/135.0.0.0 Safari/537.36 Edg/135.0.0.0', '172.70.255.161', '25-04-13 19:52');
UPDATE `user_registration` SET `popup_seen` = 'yes'
WHERE `user_id` = 'Z8WUP3';
INSERT INTO `login_history` (`user_id`, `device`, `ip_address`, `date`) VALUES ('UQO7EQ', 'Mozilla/5.0 (Linux; Android 10; K) AppleWebKit/537.36 (KHTML, like Gecko) Chrome/131.0.0.0 Mobile Safari/537.36', '172.68.7.161', '25-04-13 20:23');
UPDATE `user_registration` SET `popup_seen` = 'yes'
WHERE `user_id` = 'UQO7EQ';
UPDATE `user_registration` SET `popup_seen` = 'yes'
WHERE `user_id` = 'UQO7EQ';
UPDATE `user_registration` SET `popup_seen` = 'yes'
WHERE `user_id` = 'UQO7EQ';
UPDATE `user_registration` SET `popup_seen` = 'yes'
WHERE `user_id` = 'UQO7EQ';
UPDATE `user_registration` SET `popup_seen` = 'no'
WHERE `user_id` = 'UQO7EQ';
DELETE FROM `ci_sessions`
WHERE `id` = 'b1eb1568b8c4b70faa006eb0f67f78747b332a5c';
INSERT INTO `login_history` (`user_id`, `device`, `ip_address`, `date`) VALUES ('TU7MHD', 'Mozilla/5.0 (Macintosh; Intel Mac OS X 10_15_7) AppleWebKit/605.1.15 (KHTML, like Gecko) Version/18.3.1 Safari/605.1.15', '172.70.255.70', '25-04-13 20:51');
UPDATE `user_registration` SET `popup_seen` = 'yes'
WHERE `user_id` = 'TU7MHD';
UPDATE `user_registration` SET `popup_seen` = 'yes'
WHERE `user_id` = 'TU7MHD';
INSERT INTO `login_history` (`user_id`, `device`, `ip_address`, `date`) VALUES ('K55EDD', 'Mozilla/5.0 (iPhone; CPU iPhone OS 18_3_2 like Mac OS X) AppleWebKit/605.1.15 (KHTML, like Gecko) Version/18.3.1 Mobile/15E148 Safari/604.1', '172.70.254.150', '25-04-13 20:59');
UPDATE `user_registration` SET `popup_seen` = 'yes'
WHERE `user_id` = 'K55EDD';
INSERT INTO `login_history` (`user_id`, `device`, `ip_address`, `date`) VALUES ('DSVFR5', 'Mozilla/5.0 (Windows NT 10.0; Win64; x64) AppleWebKit/537.36 (KHTML, like Gecko) Chrome/135.0.0.0 Safari/537.36', '172.68.7.17', '25-04-13 21:16');
UPDATE `user_registration` SET `popup_seen` = 'yes'
WHERE `user_id` = 'DSVFR5';
UPDATE `user_registration` SET `popup_seen` = 'yes'
WHERE `user_id` = 'DSVFR5';
UPDATE `user_registration` SET `popup_seen` = 'yes'
WHERE `user_id` = 'DSVFR5';
UPDATE `ci_sessions` SET `timestamp` = 1744597237, `data` = '__ci_last_regenerate|i:1744597237;id|s:4:\"2246\";user_id|s:6:\"DSVFR5\";username|s:9:\"jesus1970\";sponsor_id|s:6:\"HSP8ZI\";fullname|s:23:\"Jesus M Cruz Santovenia\";email|s:29:\"jesuscruzsantovenia@gmail.com\";phone|s:10:\"7863445733\";isLogIn|b:1;'
WHERE `id` = '0d8aada174d423bee07abecea38b89726519d89e';
INSERT INTO `payquicker_token` (`response`, `token`, `created_time`, `expires_at`) VALUES ('{\"access_token\":\"DD8BA475D4B18577757767BEC8D024F5A11137CC1D64D3081A4C331E76F8F48E-1\",\"expires_in\":3600,\"token_type\":\"Bearer\",\"scope\":\"api useraccount_balance useraccount_debit useraccount_invitation useraccount_payment\"}', 'DD8BA475D4B18577757767BEC8D024F5A11137CC1D64D3081A4C331E76F8F48E-1', '2025-04-13 21:20:37', '2025-04-13 22:20:37');
INSERT INTO `payment_metod_setting` (`user_id`, `method`, `email`, `wallet_id`, `status`, `date`) VALUES ('DSVFR5', 'payquicker', 'jesuscruzsantovenia@gmail.com', 'jesus1970KtcC', 0, '2025-04-13 21:20:38');
INSERT INTO `payquicker_send_invite` (`user_id`, `userCompanyAssignedUniqueKey`, `response`, `date`) VALUES ('DSVFR5', 'jesus1970KtcC', '[{\"dateInvited\":\"2025-04-14T02:20:39Z\",\"invitationKey\":\"ZxlI3HOyMIEbpDzeRQlFRQpbjaa5XbHmDK9u88JAQWjzwnVcenxXmYEBf0I9Shk5k2ch2WPUIweVvcrQIeNSL1aCliUOBfcrjciOZpbDZVU85PNCrQyljLLJb4CiCDBYbdb62vDe1MYGoR4ogq6SUR0gKjDa1mR5hvhgFjtSQ0fhfENN3e9EPW0v2badbxAFZpsSVI8uMppho0jhoInLYSnK8oCXkfhlaf07bw2C9qfzuTw6vVrQWvY3hF3xGj6A\",\"invitationStatus\":\"InvitationStatusType_Pending\",\"registrationStatus\":\"NotStarted\",\"registrationDetails\":{\"addresses\":[{\"city\":\"Miami\",\"country\":\"USA\",\"postalCode\":\"33147\",\"region\":\"Florida\",\"streetAddress1\":\"9150 NW 33 Ave Rd\",\"created\":\"0001-01-01T00:00:00Z\",\"type\":\"AddressType_Residential\"}],\"fundingAccountPublicId\":\"4e84a85ac47e46639c648f932d48fdf0\",\"issuePlasticCard\":true,\"notifyUser\":true,\"userDetails\":{\"emailAddress\":\"jesuscruzsantovenia@gmail.com\",\"firstName\":\"Jesus M\",\"lastName\":\"Cruz Santovenia\",\"userCompanyAssignedUniqueKey\":\"jesus1970KtcC\"}}}]', '2025-04-13 21:20:38');
UPDATE `ci_sessions` SET `timestamp` = 1744597407, `data` = '__ci_last_regenerate|i:1744597407;id|s:4:\"2141\";user_id|s:6:\"TU7MHD\";username|s:8:\"Betgarc3\";sponsor_id|s:6:\"8D7CNL\";fullname|s:12:\"Betty Garcia\";email|s:20:\"betgarc42@gmaill.com\";phone|s:10:\"3053389989\";isLogIn|b:1;'
WHERE `id` = 'e4cf44bd8ea0eca504e22478ce500824209c43a0';
UPDATE `user_registration` SET `popup_seen` = 'no'
WHERE `user_id` = 'TU7MHD';
DELETE FROM `ci_sessions`
WHERE `id` = '88219838348d8b84237f62d438885188cde9afe7';
UPDATE `ci_sessions` SET `timestamp` = 1744597563, `data` = '__ci_last_regenerate|i:1744597563;id|s:4:\"2246\";user_id|s:6:\"DSVFR5\";username|s:9:\"jesus1970\";sponsor_id|s:6:\"HSP8ZI\";fullname|s:23:\"Jesus M Cruz Santovenia\";email|s:29:\"jesuscruzsantovenia@gmail.com\";phone|s:10:\"7863445733\";isLogIn|b:1;message|s:97:\"Successfully send signup link to your email, Please complete the registration as soon as possible\";__ci_vars|a:1:{s:7:\"message\";s:3:\"old\";}'
WHERE `id` = 'bd860c312b6e1820680682c38db352db4365f71c';
UPDATE `payquicker_send_invite` SET `response` = '[{\"dateInvited\":\"2025-04-14T02:20:39Z\",\"invitationKey\":\"ZxlI3HOyMIEbpDzeRQlFRQpbjaa5XbHmDK9u88JAQWjzwnVcenxXmYEBf0I9Shk5k2ch2WPUIweVvcrQIeNSL1aCliUOBfcrjciOZpbDZVU85PNCrQyljLLJb4CiCDBYbdb62vDe1MYGoR4ogq6SUR0gKjDa1mR5hvhgFjtSQ0fhfENN3e9EPW0v2badbxAFZpsSVI8uMppho0jhoInLYSnK8oCXkfhlaf07bw2C9qfzuTw6vVrQWvY3hF3xGj6A\",\"invitationStatus\":\"InvitationStatusType_Pending\",\"registrationStatus\":\"NotStarted\",\"registrationDetails\":{\"addresses\":[{\"city\":\"Miami\",\"country\":\"USA\",\"postalCode\":\"33147\",\"region\":\"Florida\",\"streetAddress1\":\"9150 NW 33 Ave Rd\",\"created\":\"0001-01-01T00:00:00Z\",\"type\":\"AddressType_Residential\"}],\"fundingAccountPublicId\":\"4e84a85ac47e46639c648f932d48fdf0\",\"issuePlasticCard\":true,\"notifyUser\":true,\"userDetails\":{\"emailAddress\":\"jesuscruzsantovenia@gmail.com\",\"firstName\":\"Jesus M\",\"lastName\":\"Cruz Santovenia\",\"userCompanyAssignedUniqueKey\":\"jesus1970KtcC\"}}}]', `date` = '2025-04-13 21:26:04';
UPDATE `user_registration` SET `popup_seen` = 'yes'
WHERE `user_id` = 'DSVFR5';
UPDATE `ci_sessions` SET `timestamp` = 1744598605, `data` = '__ci_last_regenerate|i:1744598605;id|s:4:\"2246\";user_id|s:6:\"DSVFR5\";username|s:9:\"jesus1970\";sponsor_id|s:6:\"HSP8ZI\";fullname|s:23:\"Jesus M Cruz Santovenia\";email|s:29:\"jesuscruzsantovenia@gmail.com\";phone|s:10:\"7863445733\";isLogIn|b:1;'
WHERE `id` = 'caa70c72a51659e82e3649221cb3ed634c6166e4';
UPDATE `user_registration` SET `popup_seen` = 'yes'
WHERE `user_id` = 'DSVFR5';
INSERT INTO `login_history` (`user_id`, `device`, `ip_address`, `date`) VALUES ('OMGB4G', 'Mozilla/5.0 (Windows NT 10.0; Win64; x64) AppleWebKit/537.36 (KHTML, like Gecko) Chrome/109.0.0.0 Safari/537.36', '172.70.54.74', '25-04-13 21:46');
UPDATE `user_registration` SET `popup_seen` = 'yes'
WHERE `user_id` = 'OMGB4G';
UPDATE `user_registration` SET `popup_seen` = 'yes'
WHERE `user_id` = 'DSVFR5';
UPDATE `user_registration` SET `popup_seen` = 'yes'
WHERE `user_id` = 'OMGB4G';
UPDATE `user_registration` SET `popup_seen` = 'no'
WHERE `user_id` = 'OMGB4G';
DELETE FROM `ci_sessions`
WHERE `id` = '439f43e02dca18d8c9b9eb7cece115b874dd87db';
UPDATE `ci_sessions` SET `timestamp` = 1744599489, `data` = '__ci_last_regenerate|i:1744599489;captcha|s:4:\"8rhf\";'
WHERE `id` = 'fd5c4d70e3b6c82299d3818d2b95dbf7de9f3fba';
INSERT INTO `login_history` (`user_id`, `device`, `ip_address`, `date`) VALUES ('44B9Y4', 'Mozilla/5.0 (iPhone; CPU iPhone OS 18_3_2 like Mac OS X) AppleWebKit/605.1.15 (KHTML, like Gecko) Version/18.3.1 Mobile/15E148 Safari/604.1', '172.68.12.95', '25-04-13 21:58');
UPDATE `user_registration` SET `popup_seen` = 'yes'
WHERE `user_id` = '44B9Y4';
INSERT INTO `login_history` (`user_id`, `device`, `ip_address`, `date`) VALUES ('UQO7EQ', 'Mozilla/5.0 (Linux; Android 10; K) AppleWebKit/537.36 (KHTML, like Gecko) Chrome/131.0.0.0 Mobile Safari/537.36', '172.70.254.136', '25-04-13 21:58');
UPDATE `user_registration` SET `popup_seen` = 'yes'
WHERE `user_id` = 'UQO7EQ';
INSERT INTO `login_history` (`user_id`, `device`, `ip_address`, `date`) VALUES ('JHRDHS', 'Mozilla/5.0 (iPhone; CPU iPhone OS 18_3_2 like Mac OS X) AppleWebKit/605.1.15 (KHTML, like Gecko) Version/18.3.1 Mobile/15E148 Safari/604.1', '172.69.132.230', '25-04-13 21:58');
UPDATE `user_registration` SET `popup_seen` = 'yes'
WHERE `user_id` = 'JHRDHS';
UPDATE `user_registration` SET `popup_seen` = 'yes'
WHERE `user_id` = 'JHRDHS';
UPDATE `user_registration` SET `popup_seen` = 'yes'
WHERE `user_id` = 'JHRDHS';
UPDATE `user_registration` SET `popup_seen` = 'yes'
WHERE `user_id` = 'UQO7EQ';
UPDATE `user_registration` SET `popup_seen` = 'no'
WHERE `user_id` = 'UQO7EQ';
DELETE FROM `ci_sessions`
WHERE `id` = '05fea8698dfe6262cf425c22e973941a7acfc477';
UPDATE `ci_sessions` SET `timestamp` = 1744603075, `data` = '__ci_last_regenerate|i:1744603075;captcha|s:4:\"g7oy\";'
WHERE `id` = 'c49bb3ce2b9b27d91579711302e051b62c772fda';
INSERT INTO `login_history` (`user_id`, `device`, `ip_address`, `date`) VALUES ('UQO7EQ', 'Mozilla/5.0 (Linux; Android 10; K) AppleWebKit/537.36 (KHTML, like Gecko) Chrome/131.0.0.0 Mobile Safari/537.36', '172.69.132.241', '25-04-13 22:57');
UPDATE `user_registration` SET `popup_seen` = 'yes'
WHERE `user_id` = 'UQO7EQ';
UPDATE `user_registration` SET `popup_seen` = 'yes'
WHERE `user_id` = 'UQO7EQ';
UPDATE `user_registration` SET `popup_seen` = 'no'
WHERE `user_id` = 'UQO7EQ';
DELETE FROM `ci_sessions`
WHERE `id` = 'c7779518d7c637ae396d29ad333135384a6d4e66';
UPDATE `ci_sessions` SET `timestamp` = 1744605106, `data` = '__ci_last_regenerate|i:1744605106;captcha|s:4:\"75ff\";'
WHERE `id` = 'd8594205d0b461aa05d3075af4339f7f301576dc';
INSERT INTO `login_history` (`user_id`, `device`, `ip_address`, `date`) VALUES ('UQO7EQ', 'Mozilla/5.0 (Linux; Android 10; K) AppleWebKit/537.36 (KHTML, like Gecko) Chrome/131.0.0.0 Mobile Safari/537.36', '172.68.12.133', '25-04-13 23:31');
UPDATE `user_registration` SET `popup_seen` = 'yes'
WHERE `user_id` = 'UQO7EQ';
UPDATE `user_registration` SET `popup_seen` = 'yes'
WHERE `user_id` = 'UQO7EQ';
UPDATE `user_registration` SET `popup_seen` = 'yes'
WHERE `user_id` = 'UQO7EQ';
UPDATE `user_registration` SET `popup_seen` = 'no'
WHERE `user_id` = 'UQO7EQ';
DELETE FROM `ci_sessions`
WHERE `id` = 'e9da32138d569135d1764ca459bfdb63caeb7605';
INSERT INTO `cron_job_history` (`name`, `date_started`, `status`) VALUES ('backup', '2025-04-14 00:00:01', 'started');
UPDATE `cron_job_history` SET `status` = 'done', `date_end` = '2025-04-14 00:00:02'
WHERE `id` = 322;
INSERT INTO `cron_job_history` (`name`, `date_started`, `status`) VALUES ('deduct_sub_amt_from_ewallet', '2025-04-14 00:05:02', 'started');
UPDATE `user_registration` SET `sub_point` = 0, `active_status` = 'no'
WHERE `user_id` = '35H9RV';
INSERT INTO `inactive_history` (`user_id`, `commission_balance`, `amount`, `date`) VALUES ('35H9RV', '97.5', '150', '2025-04-14 00:05:02');
UPDATE `user_registration` SET `sub_point` = 0, `active_status` = 'no'
WHERE `user_id` = 'SJBNYJ';
INSERT INTO `inactive_history` (`user_id`, `commission_balance`, `amount`, `date`) VALUES ('SJBNYJ', '50', '150', '2025-04-14 00:05:02');
UPDATE `user_registration` SET `sub_point` = 0, `active_status` = 'no'
WHERE `user_id` = '45E8V2';
INSERT INTO `inactive_history` (`user_id`, `commission_balance`, `amount`, `date`) VALUES ('45E8V2', '50', '150', '2025-04-14 00:05:03');
UPDATE `user_registration` SET `sub_point` = 0, `active_status` = 'no'
WHERE `user_id` = 'XVTJOY';
INSERT INTO `inactive_history` (`user_id`, `commission_balance`, `amount`, `date`) VALUES ('XVTJOY', '100', '150', '2025-04-14 00:05:03');
UPDATE `user_registration` SET `sub_point` = 0, `active_status` = 'no'
WHERE `user_id` = '4E1CRI';
INSERT INTO `inactive_history` (`user_id`, `commission_balance`, `amount`, `date`) VALUES ('4E1CRI', '100', '150', '2025-04-14 00:05:03');
UPDATE `user_registration` SET `sub_point` = 0, `active_status` = 'no'
WHERE `user_id` = 'PBFKSY';
INSERT INTO `inactive_history` (`user_id`, `commission_balance`, `amount`, `date`) VALUES ('PBFKSY', '0', '150', '2025-04-14 00:05:04');
UPDATE `user_registration` SET `sub_point` = 0, `active_status` = 'no'
WHERE `user_id` = 'R37QLI';
INSERT INTO `inactive_history` (`user_id`, `commission_balance`, `amount`, `date`) VALUES ('R37QLI', '80', '150', '2025-04-14 00:05:04');
UPDATE `user_registration` SET `sub_point` = 0, `active_status` = 'no'
WHERE `user_id` = 'Q6D63V';
INSERT INTO `inactive_history` (`user_id`, `commission_balance`, `amount`, `date`) VALUES ('Q6D63V', '100', '150', '2025-04-14 00:05:05');
UPDATE `user_registration` SET `sub_point` = 0, `active_status` = 'no'
WHERE `user_id` = 'Q834IS';
INSERT INTO `inactive_history` (`user_id`, `commission_balance`, `amount`, `date`) VALUES ('Q834IS', '0', '50', '2025-04-14 00:05:05');
UPDATE `user_registration` SET `sub_point` = 0, `active_status` = 'no'
WHERE `user_id` = 'MT8QJF';
INSERT INTO `inactive_history` (`user_id`, `commission_balance`, `amount`, `date`) VALUES ('MT8QJF', '0', '150', '2025-04-14 00:05:05');
UPDATE `user_registration` SET `sub_point` = 0, `active_status` = 'no'
WHERE `user_id` = 'OWF3OA';
INSERT INTO `inactive_history` (`user_id`, `commission_balance`, `amount`, `date`) VALUES ('OWF3OA', '0', '150', '2025-04-14 00:05:06');
UPDATE `user_registration` SET `sub_point` = 0, `active_status` = 'no'
WHERE `user_id` = 'HUDVJU';
INSERT INTO `inactive_history` (`user_id`, `commission_balance`, `amount`, `date`) VALUES ('HUDVJU', '30', '50', '2025-04-14 00:05:06');
UPDATE `user_registration` SET `sub_point` = 0, `active_status` = 'no'
WHERE `user_id` = 'IEVPMD';
INSERT INTO `inactive_history` (`user_id`, `commission_balance`, `amount`, `date`) VALUES ('IEVPMD', '0', '150', '2025-04-14 00:05:06');
UPDATE `user_registration` SET `sub_point` = 0, `active_status` = 'no'
WHERE `user_id` = 'HQTCGF';
INSERT INTO `inactive_history` (`user_id`, `commission_balance`, `amount`, `date`) VALUES ('HQTCGF', '0', '150', '2025-04-14 00:05:07');
UPDATE `user_registration` SET `sub_point` = 0, `active_status` = 'no'
WHERE `user_id` = 'L2MNP5';
INSERT INTO `inactive_history` (`user_id`, `commission_balance`, `amount`, `date`) VALUES ('L2MNP5', '100', '150', '2025-04-14 00:05:07');
UPDATE `user_registration` SET `sub_point` = 0, `active_status` = 'no'
WHERE `user_id` = 'PUJNHI';
INSERT INTO `inactive_history` (`user_id`, `commission_balance`, `amount`, `date`) VALUES ('PUJNHI', '40', '150', '2025-04-14 00:05:08');
UPDATE `user_registration` SET `sub_point` = 0, `active_status` = 'no'
WHERE `user_id` = 'WC5BL7';
INSERT INTO `inactive_history` (`user_id`, `commission_balance`, `amount`, `date`) VALUES ('WC5BL7', '0', '50', '2025-04-14 00:05:08');
UPDATE `user_registration` SET `sub_point` = 0, `active_status` = 'no'
WHERE `user_id` = 'W17SG2';
INSERT INTO `inactive_history` (`user_id`, `commission_balance`, `amount`, `date`) VALUES ('W17SG2', '0', '150', '2025-04-14 00:05:08');
UPDATE `user_registration` SET `sub_point` = 0, `active_status` = 'no'
WHERE `user_id` = 'PR92IO';
INSERT INTO `inactive_history` (`user_id`, `commission_balance`, `amount`, `date`) VALUES ('PR92IO', '0', '50', '2025-04-14 00:05:08');
UPDATE `user_registration` SET `sub_point` = 0, `active_status` = 'no'
WHERE `user_id` = 'UTF7YN';
INSERT INTO `inactive_history` (`user_id`, `commission_balance`, `amount`, `date`) VALUES ('UTF7YN', '0', '150', '2025-04-14 00:05:09');
UPDATE `user_registration` SET `sub_point` = 0, `active_status` = 'no'
WHERE `user_id` = 'L8NRSC';
INSERT INTO `inactive_history` (`user_id`, `commission_balance`, `amount`, `date`) VALUES ('L8NRSC', '50', '150', '2025-04-14 00:05:09');
UPDATE `user_registration` SET `sub_point` = 0, `active_status` = 'no'
WHERE `user_id` = '6H3N98';
INSERT INTO `inactive_history` (`user_id`, `commission_balance`, `amount`, `date`) VALUES ('6H3N98', '100', '150', '2025-04-14 00:05:09');
UPDATE `user_registration` SET `sub_point` = 0, `active_status` = 'no'
WHERE `user_id` = '8RVNYT';
INSERT INTO `inactive_history` (`user_id`, `commission_balance`, `amount`, `date`) VALUES ('8RVNYT', '0', '150', '2025-04-14 00:05:09');
UPDATE `user_registration` SET `sub_point` = 0, `active_status` = 'no'
WHERE `user_id` = 'Q82ZV9';
INSERT INTO `inactive_history` (`user_id`, `commission_balance`, `amount`, `date`) VALUES ('Q82ZV9', '20', '50', '2025-04-14 00:05:10');
UPDATE `user_registration` SET `sub_point` = 0, `active_status` = 'no'
WHERE `user_id` = 'IWTOLP';
INSERT INTO `inactive_history` (`user_id`, `commission_balance`, `amount`, `date`) VALUES ('IWTOLP', '0', '50', '2025-04-14 00:05:10');
UPDATE `user_registration` SET `sub_point` = 0, `active_status` = 'no'
WHERE `user_id` = '9QPRWH';
INSERT INTO `inactive_history` (`user_id`, `commission_balance`, `amount`, `date`) VALUES ('9QPRWH', '0', '150', '2025-04-14 00:05:10');
UPDATE `user_registration` SET `sub_point` = 0, `active_status` = 'no'
WHERE `user_id` = 'WDEXJT';
INSERT INTO `inactive_history` (`user_id`, `commission_balance`, `amount`, `date`) VALUES ('WDEXJT', '0', '150', '2025-04-14 00:05:10');
UPDATE `user_registration` SET `sub_point` = 0, `active_status` = 'no'
WHERE `user_id` = '8D7CNL';
INSERT INTO `inactive_history` (`user_id`, `commission_balance`, `amount`, `date`) VALUES ('8D7CNL', '100', '150', '2025-04-14 00:05:11');
UPDATE `user_registration` SET `sub_point` = 0, `active_status` = 'no'
WHERE `user_id` = 'UJXP99';
INSERT INTO `inactive_history` (`user_id`, `commission_balance`, `amount`, `date`) VALUES ('UJXP99', '0', '50', '2025-04-14 00:05:11');
UPDATE `user_registration` SET `sub_point` = 0, `active_status` = 'no'
WHERE `user_id` = 'L268VW';
INSERT INTO `inactive_history` (`user_id`, `commission_balance`, `amount`, `date`) VALUES ('L268VW', '0', '50', '2025-04-14 00:05:11');
UPDATE `user_registration` SET `sub_point` = 0, `active_status` = 'no'
WHERE `user_id` = 'UVJ6L9';
INSERT INTO `inactive_history` (`user_id`, `commission_balance`, `amount`, `date`) VALUES ('UVJ6L9', '0', '50', '2025-04-14 00:05:11');
UPDATE `user_registration` SET `sub_point` = 0, `active_status` = 'no'
WHERE `user_id` = 'ULHSH2';
INSERT INTO `inactive_history` (`user_id`, `commission_balance`, `amount`, `date`) VALUES ('ULHSH2', '0', '150', '2025-04-14 00:05:12');
UPDATE `user_registration` SET `sub_point` = 0, `active_status` = 'no'
WHERE `user_id` = 'H1XYDK';
INSERT INTO `inactive_history` (`user_id`, `commission_balance`, `amount`, `date`) VALUES ('H1XYDK', '0', '50', '2025-04-14 00:05:12');
UPDATE `user_registration` SET `sub_point` = 0, `active_status` = 'no'
WHERE `user_id` = '3UFB1M';
INSERT INTO `inactive_history` (`user_id`, `commission_balance`, `amount`, `date`) VALUES ('3UFB1M', '100', '150', '2025-04-14 00:05:12');
UPDATE `user_registration` SET `sub_point` = 0, `active_status` = 'no'
WHERE `user_id` = 'LEOFNI';
INSERT INTO `inactive_history` (`user_id`, `commission_balance`, `amount`, `date`) VALUES ('LEOFNI', '0', '150', '2025-04-14 00:05:13');
UPDATE `user_registration` SET `sub_point` = 0, `active_status` = 'no'
WHERE `user_id` = '75X85X';
INSERT INTO `inactive_history` (`user_id`, `commission_balance`, `amount`, `date`) VALUES ('75X85X', '0', '50', '2025-04-14 00:05:13');
UPDATE `user_registration` SET `sub_point` = 0, `active_status` = 'no'
WHERE `user_id` = 'UC1QRN';
INSERT INTO `inactive_history` (`user_id`, `commission_balance`, `amount`, `date`) VALUES ('UC1QRN', '0', '150', '2025-04-14 00:05:13');
UPDATE `user_registration` SET `sub_point` = 0, `active_status` = 'no'
WHERE `user_id` = '7YU16B';
INSERT INTO `inactive_history` (`user_id`, `commission_balance`, `amount`, `date`) VALUES ('7YU16B', '0', '50', '2025-04-14 00:05:13');
UPDATE `user_registration` SET `sub_point` = 0, `active_status` = 'no'
WHERE `user_id` = 'OEM6F6';
INSERT INTO `inactive_history` (`user_id`, `commission_balance`, `amount`, `date`) VALUES ('OEM6F6', '0', '50', '2025-04-14 00:05:14');
UPDATE `user_registration` SET `sub_point` = 0, `active_status` = 'no'
WHERE `user_id` = '7BQJK5';
INSERT INTO `inactive_history` (`user_id`, `commission_balance`, `amount`, `date`) VALUES ('7BQJK5', '20', '150', '2025-04-14 00:05:14');
UPDATE `user_registration` SET `sub_point` = 0, `active_status` = 'no'
WHERE `user_id` = 'FLKHUD';
INSERT INTO `inactive_history` (`user_id`, `commission_balance`, `amount`, `date`) VALUES ('FLKHUD', '0', '150', '2025-04-14 00:05:14');
UPDATE `user_registration` SET `sub_point` = 0, `active_status` = 'no'
WHERE `user_id` = 'XMN3MK';
INSERT INTO `inactive_history` (`user_id`, `commission_balance`, `amount`, `date`) VALUES ('XMN3MK', '0', '150', '2025-04-14 00:05:15');
UPDATE `user_registration` SET `sub_point` = 0, `active_status` = 'no'
WHERE `user_id` = '7SMFPM';
INSERT INTO `inactive_history` (`user_id`, `commission_balance`, `amount`, `date`) VALUES ('7SMFPM', '0', '50', '2025-04-14 00:05:15');
UPDATE `user_registration` SET `sub_point` = 0, `active_status` = 'no'
WHERE `user_id` = 'WS9KK9';
INSERT INTO `inactive_history` (`user_id`, `commission_balance`, `amount`, `date`) VALUES ('WS9KK9', '0', '150', '2025-04-14 00:05:15');
UPDATE `user_registration` SET `sub_point` = 0, `active_status` = 'no'
WHERE `user_id` = 'BJFCEM';
INSERT INTO `inactive_history` (`user_id`, `commission_balance`, `amount`, `date`) VALUES ('BJFCEM', '0', '50', '2025-04-14 00:05:15');
UPDATE `user_registration` SET `sub_point` = 0, `active_status` = 'no'
WHERE `user_id` = '9EDD8W';
INSERT INTO `inactive_history` (`user_id`, `commission_balance`, `amount`, `date`) VALUES ('9EDD8W', '0', '50', '2025-04-14 00:05:16');
UPDATE `user_registration` SET `sub_point` = 0, `active_status` = 'no'
WHERE `user_id` = '2QC8SK';
INSERT INTO `inactive_history` (`user_id`, `commission_balance`, `amount`, `date`) VALUES ('2QC8SK', '0', '150', '2025-04-14 00:05:16');
UPDATE `user_registration` SET `sub_point` = 0, `active_status` = 'no'
WHERE `user_id` = 'TOTNOR';
INSERT INTO `inactive_history` (`user_id`, `commission_balance`, `amount`, `date`) VALUES ('TOTNOR', '0', '50', '2025-04-14 00:05:17');
UPDATE `user_registration` SET `sub_point` = 0, `active_status` = 'no'
WHERE `user_id` = 'X5T3ZT';
INSERT INTO `inactive_history` (`user_id`, `commission_balance`, `amount`, `date`) VALUES ('X5T3ZT', '0', '150', '2025-04-14 00:05:17');
UPDATE `user_registration` SET `sub_point` = 0, `active_status` = 'no'
WHERE `user_id` = '1GNDEQ';
INSERT INTO `inactive_history` (`user_id`, `commission_balance`, `amount`, `date`) VALUES ('1GNDEQ', '50', '150', '2025-04-14 00:05:17');
UPDATE `user_registration` SET `sub_point` = 0, `active_status` = 'no'
WHERE `user_id` = '4PJDWH';
INSERT INTO `inactive_history` (`user_id`, `commission_balance`, `amount`, `date`) VALUES ('4PJDWH', '0', '150', '2025-04-14 00:05:17');
UPDATE `user_registration` SET `sub_point` = 0, `active_status` = 'no'
WHERE `user_id` = 'ETPYLQ';
INSERT INTO `inactive_history` (`user_id`, `commission_balance`, `amount`, `date`) VALUES ('ETPYLQ', '50', '150', '2025-04-14 00:05:18');
UPDATE `user_registration` SET commission_balance = ROUND(commission_balance - 150,2)
WHERE `user_id` = '2RSJNO';
INSERT INTO `sub_history` (`user_id`, `package_id`, `amount`, `payment_method`, `date`) VALUES ('2RSJNO', '2', '150', 'Ewallet', '2025-04-14 00:05:18');
UPDATE `user_registration` SET sub_point = ROUND(sub_point + 150,2)
WHERE `user_id` = '2RSJNO';
INSERT INTO `investment` (`invest_date`, `user_id`, `type`, `amount`, `package_id`) VALUES ('2025-04-14 00:05:18', '2RSJNO', 'subscription', '150', '2');
UPDATE `user_registration` SET total_points = ROUND(total_points + 150,2)
WHERE `user_id` = '2RSJNO';
INSERT INTO `points_history` (`user_id`, `points`, `type`, `date`) VALUES ('2RSJNO', '150', 'subscription', '2025-04-14 00:05:');
UPDATE `bv_updation` SET left_carry = left_carry+150, total_left = total_left+150
WHERE `user_id` = 'ETPYLQ';
INSERT INTO `placement_bv_update_history` (`left_carry`, `date`, `from_id`, `user_id`) VALUES ('150', '2025-04-14 00:05:18', '2RSJNO', 'ETPYLQ');
UPDATE `user_registration` SET `cycle_rank_id` = '1'
WHERE `user_id` = 'ETPYLQ';
INSERT INTO `rank_history` (`rank_id`, `user_id`, `name`, `bv`, `date`, `amount`, `type`) VALUES ('1', 'ETPYLQ', 'Affiliate', '0', '2025-04-14 00:05:18', '0', 'auto');
UPDATE `bv_updation` SET left_carry = left_carry+150, total_left = total_left+150
WHERE `user_id` = 'M2XFK7';
INSERT INTO `placement_bv_update_history` (`left_carry`, `date`, `from_id`, `user_id`) VALUES ('150', '2025-04-14 00:05:18', '2RSJNO', 'M2XFK7');
UPDATE `bv_updation` SET left_carry = left_carry+150, total_left = total_left+150
WHERE `user_id` = '7BQJK5';
INSERT INTO `placement_bv_update_history` (`left_carry`, `date`, `from_id`, `user_id`) VALUES ('150', '2025-04-14 00:05:18', '2RSJNO', '7BQJK5');
UPDATE `user_registration` SET `cycle_rank_id` = '1'
WHERE `user_id` = '7BQJK5';
INSERT INTO `rank_history` (`rank_id`, `user_id`, `name`, `bv`, `date`, `amount`, `type`) VALUES ('1', '7BQJK5', 'Affiliate', '0', '2025-04-14 00:05:18', '0', 'auto');
UPDATE `bv_updation` SET left_carry = left_carry+150, total_left = total_left+150
WHERE `user_id` = 'QJ5U9C';
INSERT INTO `placement_bv_update_history` (`left_carry`, `date`, `from_id`, `user_id`) VALUES ('150', '2025-04-14 00:05:18', '2RSJNO', 'QJ5U9C');
UPDATE `user_registration` SET `cycle_rank_id` = '1'
WHERE `user_id` = 'QJ5U9C';
INSERT INTO `rank_history` (`rank_id`, `user_id`, `name`, `bv`, `date`, `amount`, `type`) VALUES ('1', 'QJ5U9C', 'Affiliate', '0', '2025-04-14 00:05:18', '0', 'auto');
UPDATE `bv_updation` SET sponsor_left_carry = sponsor_left_carry+150, sponsor_total_left = sponsor_total_left+150
WHERE `user_id` = 'QJ5U9C';
INSERT INTO `sponsor_bv_update_history` (`left_carry`, `date`, `user_id`) VALUES ('150', '2025-04-14 00:05:19', 'QJ5U9C');
UPDATE `bv_updation` SET left_carry = left_carry+150, total_left = total_left+150
WHERE `user_id` = 'O94ZPY';
INSERT INTO `placement_bv_update_history` (`left_carry`, `date`, `from_id`, `user_id`) VALUES ('150', '2025-04-14 00:05:19', '2RSJNO', 'O94ZPY');
UPDATE `user_registration` SET `cycle_rank_id` = '1'
WHERE `user_id` = 'O94ZPY';
INSERT INTO `rank_history` (`rank_id`, `user_id`, `name`, `bv`, `date`, `amount`, `type`) VALUES ('1', 'O94ZPY', 'Affiliate', '0', '2025-04-14 00:05:19', '0', 'auto');
UPDATE `bv_updation` SET right_carry = right_carry+150, total_right = total_right+150
WHERE `user_id` = 'JHRDHS';
INSERT INTO `placement_bv_update_history` (`right_carry`, `date`, `from_id`, `user_id`) VALUES ('150', '2025-04-14 00:05:19', '2RSJNO', 'JHRDHS');
UPDATE `user_registration` SET `cycle_rank_id` = '1'
WHERE `user_id` = 'JHRDHS';
INSERT INTO `rank_history` (`rank_id`, `user_id`, `name`, `bv`, `date`, `amount`, `type`) VALUES ('1', 'JHRDHS', 'Affiliate', '0', '2025-04-14 00:05:19', '0', 'auto');
UPDATE `bv_updation` SET right_carry = right_carry+150, total_right = total_right+150
WHERE `user_id` = 'CVVK4C';
INSERT INTO `placement_bv_update_history` (`right_carry`, `date`, `from_id`, `user_id`) VALUES ('150', '2025-04-14 00:05:19', '2RSJNO', 'CVVK4C');
UPDATE `user_registration` SET `cycle_rank_id` = '1'
WHERE `user_id` = 'CVVK4C';
INSERT INTO `rank_history` (`rank_id`, `user_id`, `name`, `bv`, `date`, `amount`, `type`) VALUES ('1', 'CVVK4C', 'Affiliate', '0', '2025-04-14 00:05:19', '0', 'auto');
UPDATE `bv_updation` SET left_carry = left_carry+150, total_left = total_left+150
WHERE `user_id` = 'K55EDD';
INSERT INTO `placement_bv_update_history` (`left_carry`, `date`, `from_id`, `user_id`) VALUES ('150', '2025-04-14 00:05:19', '2RSJNO', 'K55EDD');
UPDATE `user_registration` SET `cycle_rank_id` = '1'
WHERE `user_id` = 'K55EDD';
INSERT INTO `rank_history` (`rank_id`, `user_id`, `name`, `bv`, `date`, `amount`, `type`) VALUES ('1', 'K55EDD', 'Affiliate', '0', '2025-04-14 00:05:19', '0', 'auto');
UPDATE `bv_updation` SET left_carry = left_carry+150, total_left = total_left+150
WHERE `user_id` = 'UQO7EQ';
INSERT INTO `placement_bv_update_history` (`left_carry`, `date`, `from_id`, `user_id`) VALUES ('150', '2025-04-14 00:05:19', '2RSJNO', 'UQO7EQ');
UPDATE `user_registration` SET `cycle_rank_id` = '1'
WHERE `user_id` = 'UQO7EQ';
INSERT INTO `rank_history` (`rank_id`, `user_id`, `name`, `bv`, `date`, `amount`, `type`) VALUES ('1', 'UQO7EQ', 'Affiliate', '0', '2025-04-14 00:05:19', '0', 'auto');
UPDATE `bv_updation` SET left_carry = left_carry+150, total_left = total_left+150
WHERE `user_id` = 'N6GZAE';
INSERT INTO `placement_bv_update_history` (`left_carry`, `date`, `from_id`, `user_id`) VALUES ('150', '2025-04-14 00:05:19', '2RSJNO', 'N6GZAE');
UPDATE `user_registration` SET `cycle_rank_id` = '1'
WHERE `user_id` = 'N6GZAE';
INSERT INTO `rank_history` (`rank_id`, `user_id`, `name`, `bv`, `date`, `amount`, `type`) VALUES ('1', 'N6GZAE', 'Affiliate', '0', '2025-04-14 00:05:19', '0', 'auto');
UPDATE `bv_updation` SET left_carry = left_carry+150, total_left = total_left+150
WHERE `user_id` = '4E1CRI';
INSERT INTO `placement_bv_update_history` (`left_carry`, `date`, `from_id`, `user_id`) VALUES ('150', '2025-04-14 00:05:20', '2RSJNO', '4E1CRI');
UPDATE `bv_updation` SET left_carry = left_carry+150, total_left = total_left+150
WHERE `user_id` = 'SJBNYJ';
INSERT INTO `placement_bv_update_history` (`left_carry`, `date`, `from_id`, `user_id`) VALUES ('150', '2025-04-14 00:05:20', '2RSJNO', 'SJBNYJ');
UPDATE `user_registration` SET `cycle_rank_id` = '1'
WHERE `user_id` = 'SJBNYJ';
INSERT INTO `rank_history` (`rank_id`, `user_id`, `name`, `bv`, `date`, `amount`, `type`) VALUES ('1', 'SJBNYJ', 'Affiliate', '0', '2025-04-14 00:05:20', '0', 'auto');
UPDATE `bv_updation` SET left_carry = left_carry+150, total_left = total_left+150
WHERE `user_id` = '44B9Y4';
INSERT INTO `placement_bv_update_history` (`left_carry`, `date`, `from_id`, `user_id`) VALUES ('150', '2025-04-14 00:05:20', '2RSJNO', '44B9Y4');
UPDATE `user_registration` SET `cycle_rank_id` = '1'
WHERE `user_id` = '44B9Y4';
INSERT INTO `rank_history` (`rank_id`, `user_id`, `name`, `bv`, `date`, `amount`, `type`) VALUES ('1', '44B9Y4', 'Affiliate', '0', '2025-04-14 00:05:20', '0', 'auto');
UPDATE `bv_updation` SET right_carry = right_carry+150, total_right = total_right+150
WHERE `user_id` = 'admin';
INSERT INTO `placement_bv_update_history` (`right_carry`, `date`, `from_id`, `user_id`) VALUES ('150', '2025-04-14 00:05:20', '2RSJNO', 'admin');
UPDATE `user_registration` SET `cycle_rank_id` = '1'
WHERE `user_id` = 'admin';
INSERT INTO `rank_history` (`rank_id`, `user_id`, `name`, `bv`, `date`, `amount`, `type`) VALUES ('1', 'admin', 'Affiliate', '0', '2025-04-14 00:05:20', '0', 'auto');
UPDATE `user_registration` SET `subscription_date` = '2025-05-14', `active_status` = 'yes'
WHERE `user_id` = '2RSJNO';
UPDATE `user_registration` SET `sub_point` = 0, `active_status` = 'no'
WHERE `user_id` = '8R8YQG';
INSERT INTO `inactive_history` (`user_id`, `commission_balance`, `amount`, `date`) VALUES ('8R8YQG', '0', '150', '2025-04-14 00:05:20');
UPDATE `user_registration` SET `sub_point` = 0, `active_status` = 'no'
WHERE `user_id` = 'VZYEPG';
INSERT INTO `inactive_history` (`user_id`, `commission_balance`, `amount`, `date`) VALUES ('VZYEPG', '0', '150', '2025-04-14 00:05:20');
UPDATE `user_registration` SET `sub_point` = 0, `active_status` = 'no'
WHERE `user_id` = 'TB42PA';
INSERT INTO `inactive_history` (`user_id`, `commission_balance`, `amount`, `date`) VALUES ('TB42PA', '0', '150', '2025-04-14 00:05:21');
UPDATE `user_registration` SET `sub_point` = 0, `active_status` = 'no'
WHERE `user_id` = '8634EF';
INSERT INTO `inactive_history` (`user_id`, `commission_balance`, `amount`, `date`) VALUES ('8634EF', '0', '150', '2025-04-14 00:05:21');
UPDATE `user_registration` SET `sub_point` = 0, `active_status` = 'no'
WHERE `user_id` = '46H8G2';
INSERT INTO `inactive_history` (`user_id`, `commission_balance`, `amount`, `date`) VALUES ('46H8G2', '100', '150', '2025-04-14 00:05:21');
UPDATE `user_registration` SET `sub_point` = 0, `active_status` = 'no'
WHERE `user_id` = 'WNT6C4';
INSERT INTO `inactive_history` (`user_id`, `commission_balance`, `amount`, `date`) VALUES ('WNT6C4', '0', '150', '2025-04-14 00:05:22');
UPDATE `user_registration` SET `sub_point` = 0, `active_status` = 'no'
WHERE `user_id` = 'XT3VLL';
INSERT INTO `inactive_history` (`user_id`, `commission_balance`, `amount`, `date`) VALUES ('XT3VLL', '0', '150', '2025-04-14 00:05:22');
UPDATE `user_registration` SET `sub_point` = 0, `active_status` = 'no'
WHERE `user_id` = 'ZR6TNE';
INSERT INTO `inactive_history` (`user_id`, `commission_balance`, `amount`, `date`) VALUES ('ZR6TNE', '100', '150', '2025-04-14 00:05:22');
UPDATE `user_registration` SET `sub_point` = 0, `active_status` = 'no'
WHERE `user_id` = 'DLHC7V';
INSERT INTO `inactive_history` (`user_id`, `commission_balance`, `amount`, `date`) VALUES ('DLHC7V', '0', '150', '2025-04-14 00:05:22');
UPDATE `cron_job_history` SET `status` = 'done', `date_end` = '2025-04-14 00:05:23'
WHERE `id` = 323;
INSERT INTO `login_history` (`user_id`, `device`, `ip_address`, `date`) VALUES ('2RSJNO', 'Mozilla/5.0 (iPhone; CPU iPhone OS 18_3_2 like Mac OS X) AppleWebKit/605.1.15 (KHTML, like Gecko) GSA/363.0.743255906 Mobile/15E148 Safari/604.1', '172.70.255.161', '25-04-14 05:09');
UPDATE `user_registration` SET `popup_seen` = 'yes'
WHERE `user_id` = '2RSJNO';
UPDATE `admin` SET `last_login` = '2025-04-14 05:53:51', `ip_address` = '162.158.120.138'
WHERE `id` = '1';
INSERT INTO `debit` (`user_id`, `amount`, `comments`, `date`, `status`) VALUES ('B5EVHD', '100', 'Debito por cancelación del usuario JuanaP1965', '2025-04-14 05:57:09', 1);
INSERT INTO `transections` (`user_id`, `transection_category`, `releted_id`, `amount`, `comments`, `transection_date_timestamp`) VALUES ('B5EVHD', 'debit', 14, '100', 'Debito por cancelación del usuario JuanaP1965', '2025-04-14 05:57:09');
UPDATE `user_registration` SET commission_balance = ROUND(commission_balance - 100,2)
WHERE `user_id` = 'B5EVHD';
UPDATE `ci_sessions` SET `timestamp` = 1744629173, `data` = '__ci_last_regenerate|i:1744629173;id|s:4:\"2190\";user_id|s:6:\"2RSJNO\";username|s:8:\"yoel0221\";sponsor_id|s:6:\"QJ5U9C\";fullname|s:16:\"Yoel Ramos Gomez\";email|s:19:\"yoel21272@gmail.com\";phone|s:10:\"3053050150\";isLogIn|b:1;message|s:24:\"Welcome Yoel Ramos Gomez\";__ci_vars|a:1:{s:7:\"message\";s:3:\"old\";}'
WHERE `id` = 'f3013ea7c0be035c22de45c88cb952967f65a371';
UPDATE `user_registration` SET `popup_seen` = 'yes'
WHERE `user_id` = '2RSJNO';
INSERT INTO `login_history` (`user_id`, `device`, `ip_address`, `date`) VALUES ('XHO8CJ', 'Mozilla/5.0 (Windows NT 10.0; Win64; x64) AppleWebKit/537.36 (KHTML, like Gecko) Chrome/135.0.0.0 Safari/537.36', '172.70.82.190', '25-04-14 07:04');
UPDATE `user_registration` SET `popup_seen` = 'yes'
WHERE `user_id` = 'XHO8CJ';
INSERT INTO `login_history` (`user_id`, `device`, `ip_address`, `date`) VALUES ('4VE7D1', 'Mozilla/5.0 (iPhone; CPU iPhone OS 18_3_2 like Mac OS X) AppleWebKit/605.1.15 (KHTML, like Gecko) Version/18.3.1 Mobile/15E148 Safari/604.1', '172.68.12.145', '25-04-14 07:24');
UPDATE `user_registration` SET `popup_seen` = 'yes'
WHERE `user_id` = '4VE7D1';
INSERT INTO `login_history` (`user_id`, `device`, `ip_address`, `date`) VALUES ('EKTIVH', 'Mozilla/5.0 (iPhone; CPU iPhone OS 18_3_2 like Mac OS X) AppleWebKit/605.1.15 (KHTML, like Gecko) Version/18.3.1 Mobile/15E148 Safari/604.1', '172.68.245.112', '25-04-14 07:51');
UPDATE `user_registration` SET `popup_seen` = 'yes'
WHERE `user_id` = 'EKTIVH';
UPDATE `user_registration` SET `popup_seen` = 'yes'
WHERE `user_id` = 'OTZTS5';
UPDATE `ci_sessions` SET `timestamp` = 1744636490, `data` = '__ci_last_regenerate|i:1744636490;id|s:4:\"2181\";user_id|s:6:\"OTZTS5\";username|s:10:\"Duniesky41\";sponsor_id|s:6:\"AABG7W\";fullname|s:19:\"Duniesky Alzugaray \";email|s:27:\"dalzugarayramirez@gmail.com\";phone|s:10:\"7862451724\";isLogIn|b:1;message|s:27:\"Welcome Duniesky Alzugaray \";__ci_vars|a:1:{s:7:\"message\";s:3:\"old\";}'
WHERE `id` = 'f38c3084cfb60d058af1ec9e47d946681db7700a';
UPDATE `user_registration` SET `popup_seen` = 'yes'
WHERE `user_id` = 'OTZTS5';
UPDATE `ci_sessions` SET `timestamp` = 1744636857, `data` = '__ci_last_regenerate|i:1744636857;id|s:4:\"2323\";user_id|s:6:\"EKTIVH\";username|s:12:\"annielyeli21\";sponsor_id|s:6:\"OTZTS5\";fullname|s:13:\"Anniell Reyes\";email|s:23:\"anniel.reyes@icloud.com\";phone|s:10:\"8128171294\";isLogIn|b:1;'
WHERE `id` = '6d7fa52fc5eb9e00e31e9d2f0fbf832565862c73';
INSERT INTO `temp_register` (`post_data`, `date`, `payment_method`, `type`) VALUES ('{\"user_id\":\"EKTIVH\",\"new_package_id\":\"2\",\"old_package_id\":\"0\",\"amt_diff\":\"595\",\"bv_diff\":\"50\",\"new_pack_name\":\"Traveler Pro\"}', '2025-04-14 08:20:58', 'stripe', 'upgrade');
INSERT INTO `login_history` (`user_id`, `device`, `ip_address`, `date`) VALUES ('UQO7EQ', 'Mozilla/5.0 (Windows NT 10.0; Win64; x64) AppleWebKit/537.36 (KHTML, like Gecko) Chrome/135.0.0.0 Safari/537.36', '172.70.255.161', '25-04-14 08:22');
UPDATE `user_registration` SET `popup_seen` = 'yes'
WHERE `user_id` = 'UQO7EQ';
UPDATE `ci_sessions` SET `timestamp` = 1744636997, `data` = '__ci_last_regenerate|i:1744636997;id|s:4:\"2181\";user_id|s:6:\"OTZTS5\";username|s:10:\"Duniesky41\";sponsor_id|s:6:\"AABG7W\";fullname|s:19:\"Duniesky Alzugaray \";email|s:27:\"dalzugarayramirez@gmail.com\";phone|s:10:\"7862451724\";isLogIn|b:1;'
WHERE `id` = 'c95942dc767341e47069484ec385f92517529d42';
UPDATE `user_registration` SET `popup_seen` = 'yes'
WHERE `user_id` = 'OTZTS5';
INSERT INTO `login_history` (`user_id`, `device`, `ip_address`, `date`) VALUES ('K55EDD', 'Mozilla/5.0 (iPhone; CPU iPhone OS 18_3_2 like Mac OS X) AppleWebKit/605.1.15 (KHTML, like Gecko) Version/18.3.1 Mobile/15E148 Safari/604.1', '172.70.255.77', '25-04-14 08:26');
UPDATE `user_registration` SET `popup_seen` = 'yes'
WHERE `user_id` = 'K55EDD';
UPDATE `ci_sessions` SET `timestamp` = 1744637562, `data` = '__ci_last_regenerate|i:1744637562;id|s:4:\"2042\";user_id|s:6:\"UQO7EQ\";username|s:6:\"Rafa51\";sponsor_id|s:6:\"N6GZAE\";fullname|s:16:\"Rafael Rodriguez\";email|s:18:\"rafagana@yahoo.com\";phone|s:10:\"3057610606\";isLogIn|b:1;'
WHERE `id` = 'cf69151a3df1b9f655c0bc9df26077d4a594ab6d';
UPDATE `user_registration` SET `popup_seen` = 'yes'
WHERE `user_id` = 'UQO7EQ';
UPDATE `user_registration` SET `popup_seen` = 'yes'
WHERE `user_id` = 'UQO7EQ';
UPDATE `ci_sessions` SET `timestamp` = 1744637750, `data` = '__ci_last_regenerate|i:1744637750;id|s:4:\"2181\";user_id|s:6:\"OTZTS5\";username|s:10:\"Duniesky41\";sponsor_id|s:6:\"AABG7W\";fullname|s:19:\"Duniesky Alzugaray \";email|s:27:\"dalzugarayramirez@gmail.com\";phone|s:10:\"7862451724\";isLogIn|b:1;'
WHERE `id` = '54427029f20b2b3f73e3ed2428f411294cd22373';
UPDATE `user_registration` SET `popup_seen` = 'yes'
WHERE `user_id` = 'OTZTS5';
UPDATE `user_registration` SET `popup_seen` = 'yes'
WHERE `user_id` = 'OTZTS5';
UPDATE `user_registration` SET `popup_seen` = 'yes'
WHERE `user_id` = 'OTZTS5';
INSERT INTO `temp_register` (`post_data`, `date`, `payment_method`, `type`) VALUES ('{\"uid\":\"2249\",\"user_id\":\"9ST4Y6\",\"username\":\"Sulylinda\",\"sponsor_id\":\"UQO7EQ\",\"vacant\":\"no\",\"f_name\":\"Suilem\",\"l_name\":\"Rodriguez\",\"position\":\"right\",\"email\":\"fantasyinside@yahoo.com\",\"password\":\"2b80e48f80335ebe485a2900d77d027d\",\"phone\":\"7862859640\",\"country\":\"United States\",\"state\":\"Florida\",\"city\":\"Miami\",\"street\":\"6520 Kendale Lakes Dr\",\"zip_code\":\"33183\",\"reg_ip\":\"172.70.54.196\",\"status\":1,\"package_id\":\"1\",\"rank_id\":1,\"highest_rank\":1,\"cycle_rank_id\":1,\"user_type\":\"affiliate\",\"created\":\"2025-04-14 08:37:32\",\"subscription_date\":\"2025-05-14\",\"active_status\":\"yes\",\"google_secret\":\"EE3WXP3F5EAZJIKP\"}', '2025-04-14 08:37:32', 'stripe', 'register');
UPDATE `ci_sessions` SET `timestamp` = 1744637974, `data` = '__ci_last_regenerate|i:1744637974;id|s:4:\"2042\";user_id|s:6:\"UQO7EQ\";username|s:6:\"Rafa51\";sponsor_id|s:6:\"N6GZAE\";fullname|s:16:\"Rafael Rodriguez\";email|s:18:\"rafagana@yahoo.com\";phone|s:10:\"3057610606\";isLogIn|b:1;reg_stripe_id|i:296;'
WHERE `id` = '9d03e6fabdd6f6d3e2c288e58e612b577d0e39a1';
UPDATE `temp_register` SET `response` = '{\"stripeToken\":\"tok_1RDnEV2NUoYUjiuujwrX8BPa\",\"stripeTokenType\":\"card\",\"stripeEmail\":\"fantasyinside@yahoo.com\"}', `date_modified` = '2025-04-14 08:39:37', `payment_status` = '{\"id\":\"ch_3RDnEb2NUoYUjiuu1jFlkS21\",\"object\":\"charge\",\"amount\":19500,\"amount_captured\":19500,\"amount_refunded\":0,\"application\":null,\"application_fee\":null,\"application_fee_amount\":null,\"balance_transaction\":\"txn_3RDnEb2NUoYUjiuu1nUNMb0t\",\"billing_details\":{\"address\":{\"city\":null,\"country\":null,\"line1\":null,\"line2\":null,\"postal_code\":null,\"state\":null},\"email\":null,\"name\":\"fantasyinside@yahoo.com\",\"phone\":null},\"calculated_statement_descriptor\":\"TRAVELEGENDCY LLC\",\"captured\":true,\"created\":1744637977,\"currency\":\"usd\",\"customer\":\"cus_S83LMVJ0nXwuzX\",\"description\":null,\"destination\":null,\"dispute\":null,\"disputed\":false,\"failure_balance_transaction\":null,\"failure_code\":null,\"failure_message\":null,\"fraud_details\":[],\"invoice\":null,\"livemode\":true,\"metadata\":{\"name\":\"Suilem Rodriguez\",\"username\":\"Sulylinda\"},\"on_behalf_of\":null,\"order\":null,\"outcome\":{\"advice_code\":null,\"network_advice_code\":null,\"network_decline_code\":null,\"network_status\":\"approved_by_network\",\"reason\":null,\"risk_level\":\"normal\",\"seller_message\":\"Payment complete.\",\"type\":\"authorized\"},\"paid\":true,\"payment_intent\":null,\"payment_method\":\"card_1RDnEV2NUoYUjiuuEaOqRDNz\",\"payment_method_details\":{\"card\":{\"amount_authorized\":19500,\"authorization_code\":\"08136Z\",\"brand\":\"mastercard\",\"checks\":{\"address_line1_check\":null,\"address_postal_code_check\":null,\"cvc_check\":\"pass\"},\"country\":\"US\",\"exp_month\":8,\"exp_year\":2025,\"extended_authorization\":{\"status\":\"disabled\"},\"fingerprint\":\"dsZYIc9a11cABB7M\",\"funding\":\"credit\",\"incremental_authorization\":{\"status\":\"unavailable\"},\"installments\":null,\"last4\":\"5374\",\"mandate\":null,\"multicapture\":{\"status\":\"unavailable\"},\"network\":\"mastercard\",\"network_token\":{\"used\":false},\"network_transaction_id\":\"MCWII1X7Y0414\",\"overcapture\":{\"maximum_amount_capturable\":19500,\"status\":\"unavailable\"},\"regulated_status\":\"unregulated\",\"three_d_secure\":null,\"wallet\":null},\"type\":\"card\"},\"receipt_email\":null,\"receipt_number\":null,\"receipt_url\":\"https:\\/\\/pay.stripe.com\\/receipts\\/payment\\/CAcQARoXChVhY2N0XzFRUEFGdjJOVW9ZVWppdXUomqD0vwYyBv_lNy_uCDosFrz_HlJHWh5P4fuP4r5AtcwnkRw2XWNn_a_dHm1d5CByCr4hbolMH5_QyS8\",\"refunded\":false,\"review\":null,\"shipping\":null,\"source\":{\"id\":\"card_1RDnEV2NUoYUjiuuEaOqRDNz\",\"object\":\"card\",\"address_city\":null,\"address_country\":null,\"address_line1\":null,\"address_line1_check\":null,\"address_line2\":null,\"address_state\":null,\"address_zip\":null,\"address_zip_check\":null,\"allow_redisplay\":\"unspecified\",\"brand\":\"MasterCard\",\"country\":\"US\",\"customer\":\"cus_S83LMVJ0nXwuzX\",\"cvc_check\":\"pass\",\"dynamic_last4\":null,\"exp_month\":8,\"exp_year\":2025,\"fingerprint\":\"dsZYIc9a11cABB7M\",\"funding\":\"credit\",\"last4\":\"5374\",\"metadata\":[],\"name\":\"fantasyinside@yahoo.com\",\"regulated_status\":\"unregulated\",\"tokenization_method\":null,\"wallet\":null},\"source_transfer\":null,\"statement_descriptor\":null,\"statement_descriptor_suffix\":null,\"status\":\"succeeded\",\"transfer_data\":null,\"transfer_group\":null}'
WHERE `id` = 296;
INSERT INTO `user_registration` (`user_id`, `username`, `sponsor_id`, `vacant`, `f_name`, `l_name`, `position`, `email`, `password`, `phone`, `country`, `state`, `city`, `street`, `zip_code`, `reg_ip`, `status`, `package_id`, `rank_id`, `highest_rank`, `cycle_rank_id`, `user_type`, `created`, `subscription_date`, `active_status`, `google_secret`) VALUES ('9ST4Y6', 'Sulylinda', 'UQO7EQ', 'no', 'Suilem', 'Rodriguez', 'right', 'fantasyinside@yahoo.com', '2b80e48f80335ebe485a2900d77d027d', '7862859640', 'United States', 'Florida', 'Miami', '6520 Kendale Lakes Dr', '33183', '172.70.54.196', 1, '1', 1, 1, 1, 'affiliate', '2025-04-14 08:37:32', '2025-05-14', 'yes', 'EE3WXP3F5EAZJIKP');
UPDATE `user_registration` SET total_ref_count = total_ref_count+1
WHERE `user_id` = 'UQO7EQ';
INSERT INTO `matrix_fill_sponsor` (`sponsor_id`, `downline_id`, `level`, `matrix`) VALUES ('UQO7EQ', '9ST4Y6', 1, 1);
INSERT INTO `matrix_fill_sponsor` (`sponsor_id`, `downline_id`, `level`, `matrix`) VALUES ('N6GZAE', '9ST4Y6', 2, 1);
INSERT INTO `matrix_fill_sponsor` (`sponsor_id`, `downline_id`, `level`, `matrix`) VALUES ('4E1CRI', '9ST4Y6', 3, 1);
INSERT INTO `matrix_fill_sponsor` (`sponsor_id`, `downline_id`, `level`, `matrix`) VALUES ('SJBNYJ', '9ST4Y6', 4, 1);
INSERT INTO `matrix_fill_sponsor` (`sponsor_id`, `downline_id`, `level`, `matrix`) VALUES ('44B9Y4', '9ST4Y6', 5, 1);
INSERT INTO `matrix_fill_sponsor` (`sponsor_id`, `downline_id`, `level`, `matrix`) VALUES ('admin', '9ST4Y6', 6, 1);
UPDATE `binary_view` SET `user_id` = '9ST4Y6', `username` = 'Sulylinda', `vacant` = 'no', `created` = '2025-04-14 08:39:37', `sponsor_id` = 'UQO7EQ'
WHERE `uid` = '2249';
INSERT INTO `binary_view` (`user_id`, `username`, `sponsor_id`, `placement_id`, `vacant`, `position`, `created`) VALUES ('IFXOSX', 'dTKIxPdE', '9ST4Y6', '9ST4Y6', 'yes', 'left', '2025-04-14 08:39:37');
INSERT INTO `binary_view` (`user_id`, `username`, `sponsor_id`, `placement_id`, `vacant`, `position`, `created`) VALUES ('TEIRTS', 'OzyCvlfi', '9ST4Y6', '9ST4Y6', 'yes', 'right', '2025-04-14 08:39:37');
INSERT INTO `bv_updation` (`user_id`) VALUES ('9ST4Y6');
UPDATE `user_registration` SET total_downlines = total_downlines+1
WHERE `user_id` = 'W7989C';
UPDATE `user_registration` SET right_downlines = right_downlines+1
WHERE `user_id` = 'W7989C';
UPDATE `user_registration` SET total_downlines = total_downlines+1
WHERE `user_id` = 'OTZTS5';
UPDATE `user_registration` SET right_downlines = right_downlines+1
WHERE `user_id` = 'OTZTS5';
UPDATE `user_registration` SET total_downlines = total_downlines+1
WHERE `user_id` = '2XBFEZ';
UPDATE `user_registration` SET right_downlines = right_downlines+1
WHERE `user_id` = '2XBFEZ';
UPDATE `user_registration` SET total_downlines = total_downlines+1
WHERE `user_id` = 'XXI66Z';
UPDATE `user_registration` SET right_downlines = right_downlines+1
WHERE `user_id` = 'XXI66Z';
UPDATE `user_registration` SET total_downlines = total_downlines+1
WHERE `user_id` = '2MBPZI';
UPDATE `user_registration` SET right_downlines = right_downlines+1
WHERE `user_id` = '2MBPZI';
UPDATE `user_registration` SET total_downlines = total_downlines+1
WHERE `user_id` = '1Q1ADJ';
UPDATE `user_registration` SET right_downlines = right_downlines+1
WHERE `user_id` = '1Q1ADJ';
UPDATE `user_registration` SET total_downlines = total_downlines+1
WHERE `user_id` = 'XHO8CJ';
UPDATE `user_registration` SET right_downlines = right_downlines+1
WHERE `user_id` = 'XHO8CJ';
UPDATE `user_registration` SET total_downlines = total_downlines+1
WHERE `user_id` = 'U7SMZ8';
UPDATE `user_registration` SET right_downlines = right_downlines+1
WHERE `user_id` = 'U7SMZ8';
UPDATE `user_registration` SET total_downlines = total_downlines+1
WHERE `user_id` = 'AABG7W';
UPDATE `user_registration` SET right_downlines = right_downlines+1
WHERE `user_id` = 'AABG7W';
UPDATE `user_registration` SET total_downlines = total_downlines+1
WHERE `user_id` = '3ZDIFO';
UPDATE `user_registration` SET right_downlines = right_downlines+1
WHERE `user_id` = '3ZDIFO';
UPDATE `user_registration` SET total_downlines = total_downlines+1
WHERE `user_id` = 'UQO7EQ';
UPDATE `user_registration` SET right_downlines = right_downlines+1
WHERE `user_id` = 'UQO7EQ';
UPDATE `user_registration` SET right_ref_count = right_ref_count+1
WHERE `user_id` = 'UQO7EQ';
UPDATE `user_registration` SET active_right = active_right+1
WHERE `user_id` = 'UQO7EQ';
UPDATE `user_registration` SET total_downlines = total_downlines+1
WHERE `user_id` = 'N6GZAE';
UPDATE `user_registration` SET left_downlines = left_downlines+1
WHERE `user_id` = 'N6GZAE';
UPDATE `user_registration` SET total_downlines = total_downlines+1
WHERE `user_id` = '4E1CRI';
UPDATE `user_registration` SET left_downlines = left_downlines+1
WHERE `user_id` = '4E1CRI';
UPDATE `user_registration` SET total_downlines = total_downlines+1
WHERE `user_id` = 'SJBNYJ';
UPDATE `user_registration` SET left_downlines = left_downlines+1
WHERE `user_id` = 'SJBNYJ';
UPDATE `user_registration` SET total_downlines = total_downlines+1
WHERE `user_id` = '44B9Y4';
UPDATE `user_registration` SET left_downlines = left_downlines+1
WHERE `user_id` = '44B9Y4';
UPDATE `user_registration` SET total_downlines = total_downlines+1
WHERE `user_id` = 'admin';
UPDATE `user_registration` SET right_downlines = right_downlines+1
WHERE `user_id` = 'admin';
INSERT INTO `package_purchase_history` (`user_id`, `package_id`, `reg_fee`, `package_name`, `monthly_fee`, `type`, `date`, `payment_option`) VALUES ('9ST4Y6', '1', '195', 'Traveler', '50', 'sign_up', '2025-04-14 08:39:37', 'stripe');
INSERT INTO `investment` (`invest_date`, `user_id`, `type`, `amount`, `package_id`) VALUES ('2025-04-14 08:39:37', '9ST4Y6', 'register', '195', '1');
INSERT INTO `earnings` (`user_id`, `Purchaser_id`, `earning_type`, `package_id`, `amount`, `date`, `comments`, `invest_amount`, `comm_perc`, `level`, `rank_id`, `order_id`) VALUES ('UQO7EQ', '9ST4Y6', 'Direct Referral Bonus', '1', '30', '2025-04-14 08:39:37', 'Direct Referral Bonus', 0, 0, 1, '', 281);
UPDATE `user_registration` SET commission_balance = ROUND(commission_balance + 30,2)
WHERE `user_id` = 'UQO7EQ';
UPDATE `user_registration` SET referral_bonus = ROUND(referral_bonus + 30,2)
WHERE `user_id` = 'UQO7EQ';
UPDATE `user_registration` SET total_points = ROUND(total_points + 20,2)
WHERE `user_id` = '9ST4Y6';
INSERT INTO `points_history` (`user_id`, `points`, `type`, `date`) VALUES ('9ST4Y6', '20', 'register', '2025-04-14 08:39:');
INSERT INTO `matrix_filling` (`placement_id`, `downline_id`, `level`, `matrix`) VALUES ('W7989C', '9ST4Y6', 1, 1);
UPDATE `bv_updation` SET right_carry = right_carry+20, total_right = total_right+20
WHERE `user_id` = 'W7989C';
INSERT INTO `placement_bv_update_history` (`right_carry`, `date`, `from_id`, `user_id`) VALUES ('20', '2025-04-14 08:39:37', '9ST4Y6', 'W7989C');
INSERT INTO `matrix_filling` (`placement_id`, `downline_id`, `level`, `matrix`) VALUES ('OTZTS5', '9ST4Y6', 2, 1);
UPDATE `bv_updation` SET right_carry = right_carry+20, total_right = total_right+20
WHERE `user_id` = 'OTZTS5';
INSERT INTO `placement_bv_update_history` (`right_carry`, `date`, `from_id`, `user_id`) VALUES ('20', '2025-04-14 08:39:37', '9ST4Y6', 'OTZTS5');
UPDATE `user_registration` SET `cycle_rank_id` = '1'
WHERE `user_id` = 'OTZTS5';
INSERT INTO `rank_history` (`rank_id`, `user_id`, `name`, `bv`, `date`, `amount`, `type`) VALUES ('1', 'OTZTS5', 'Affiliate', '0', '2025-04-14 08:39:37', '0', 'auto');
INSERT INTO `matrix_filling` (`placement_id`, `downline_id`, `level`, `matrix`) VALUES ('2XBFEZ', '9ST4Y6', 3, 1);
INSERT INTO `matrix_filling` (`placement_id`, `downline_id`, `level`, `matrix`) VALUES ('XXI66Z', '9ST4Y6', 4, 1);
UPDATE `bv_updation` SET right_carry = right_carry+20, total_right = total_right+20
WHERE `user_id` = 'XXI66Z';
INSERT INTO `placement_bv_update_history` (`right_carry`, `date`, `from_id`, `user_id`) VALUES ('20', '2025-04-14 08:39:37', '9ST4Y6', 'XXI66Z');
INSERT INTO `matrix_filling` (`placement_id`, `downline_id`, `level`, `matrix`) VALUES ('2MBPZI', '9ST4Y6', 5, 1);
UPDATE `bv_updation` SET right_carry = right_carry+20, total_right = total_right+20
WHERE `user_id` = '2MBPZI';
INSERT INTO `placement_bv_update_history` (`right_carry`, `date`, `from_id`, `user_id`) VALUES ('20', '2025-04-14 08:39:37', '9ST4Y6', '2MBPZI');
INSERT INTO `matrix_filling` (`placement_id`, `downline_id`, `level`, `matrix`) VALUES ('1Q1ADJ', '9ST4Y6', 6, 1);
INSERT INTO `matrix_filling` (`placement_id`, `downline_id`, `level`, `matrix`) VALUES ('XHO8CJ', '9ST4Y6', 7, 1);
UPDATE `bv_updation` SET right_carry = right_carry+20, total_right = total_right+20
WHERE `user_id` = 'XHO8CJ';
INSERT INTO `placement_bv_update_history` (`right_carry`, `date`, `from_id`, `user_id`) VALUES ('20', '2025-04-14 08:39:37', '9ST4Y6', 'XHO8CJ');
INSERT INTO `matrix_filling` (`placement_id`, `downline_id`, `level`, `matrix`) VALUES ('U7SMZ8', '9ST4Y6', 8, 1);
UPDATE `bv_updation` SET right_carry = right_carry+20, total_right = total_right+20
WHERE `user_id` = 'U7SMZ8';
INSERT INTO `placement_bv_update_history` (`right_carry`, `date`, `from_id`, `user_id`) VALUES ('20', '2025-04-14 08:39:37', '9ST4Y6', 'U7SMZ8');
UPDATE `user_registration` SET `cycle_rank_id` = '1'
WHERE `user_id` = 'U7SMZ8';
INSERT INTO `rank_history` (`rank_id`, `user_id`, `name`, `bv`, `date`, `amount`, `type`) VALUES ('1', 'U7SMZ8', 'Affiliate', '0', '2025-04-14 08:39:37', '0', 'auto');
INSERT INTO `matrix_filling` (`placement_id`, `downline_id`, `level`, `matrix`) VALUES ('AABG7W', '9ST4Y6', 9, 1);
UPDATE `bv_updation` SET right_carry = right_carry+20, total_right = total_right+20
WHERE `user_id` = 'AABG7W';
INSERT INTO `placement_bv_update_history` (`right_carry`, `date`, `from_id`, `user_id`) VALUES ('20', '2025-04-14 08:39:37', '9ST4Y6', 'AABG7W');
INSERT INTO `matrix_filling` (`placement_id`, `downline_id`, `level`, `matrix`) VALUES ('3ZDIFO', '9ST4Y6', 10, 1);
UPDATE `bv_updation` SET right_carry = right_carry+20, total_right = total_right+20
WHERE `user_id` = '3ZDIFO';
INSERT INTO `placement_bv_update_history` (`right_carry`, `date`, `from_id`, `user_id`) VALUES ('20', '2025-04-14 08:39:37', '9ST4Y6', '3ZDIFO');
INSERT INTO `matrix_filling` (`placement_id`, `downline_id`, `level`, `matrix`) VALUES ('UQO7EQ', '9ST4Y6', 11, 1);
UPDATE `bv_updation` SET right_carry = right_carry+20, total_right = total_right+20
WHERE `user_id` = 'UQO7EQ';
INSERT INTO `placement_bv_update_history` (`right_carry`, `date`, `from_id`, `user_id`) VALUES ('20', '2025-04-14 08:39:37', '9ST4Y6', 'UQO7EQ');
UPDATE `user_registration` SET `cycle_rank_id` = '1'
WHERE `user_id` = 'UQO7EQ';
INSERT INTO `rank_history` (`rank_id`, `user_id`, `name`, `bv`, `date`, `amount`, `type`) VALUES ('1', 'UQO7EQ', 'Affiliate', '0', '2025-04-14 08:39:37', '0', 'auto');
UPDATE `bv_updation` SET sponsor_right_carry = sponsor_right_carry+20, sponsor_total_right = sponsor_total_right+20
WHERE `user_id` = 'UQO7EQ';
INSERT INTO `sponsor_bv_update_history` (`right_carry`, `date`, `user_id`) VALUES ('20', '2025-04-14 08:39:38', 'UQO7EQ');
INSERT INTO `matrix_filling` (`placement_id`, `downline_id`, `level`, `matrix`) VALUES ('N6GZAE', '9ST4Y6', 12, 1);
UPDATE `bv_updation` SET left_carry = left_carry+20, total_left = total_left+20
WHERE `user_id` = 'N6GZAE';
INSERT INTO `placement_bv_update_history` (`left_carry`, `date`, `from_id`, `user_id`) VALUES ('20', '2025-04-14 08:39:38', '9ST4Y6', 'N6GZAE');
UPDATE `user_registration` SET `cycle_rank_id` = '1'
WHERE `user_id` = 'N6GZAE';
INSERT INTO `rank_history` (`rank_id`, `user_id`, `name`, `bv`, `date`, `amount`, `type`) VALUES ('1', 'N6GZAE', 'Affiliate', '0', '2025-04-14 08:39:38', '0', 'auto');
INSERT INTO `matrix_filling` (`placement_id`, `downline_id`, `level`, `matrix`) VALUES ('4E1CRI', '9ST4Y6', 13, 1);
UPDATE `bv_updation` SET left_carry = left_carry+20, total_left = total_left+20
WHERE `user_id` = '4E1CRI';
INSERT INTO `placement_bv_update_history` (`left_carry`, `date`, `from_id`, `user_id`) VALUES ('20', '2025-04-14 08:39:38', '9ST4Y6', '4E1CRI');
INSERT INTO `matrix_filling` (`placement_id`, `downline_id`, `level`, `matrix`) VALUES ('SJBNYJ', '9ST4Y6', 14, 1);
UPDATE `bv_updation` SET left_carry = left_carry+20, total_left = total_left+20
WHERE `user_id` = 'SJBNYJ';
INSERT INTO `placement_bv_update_history` (`left_carry`, `date`, `from_id`, `user_id`) VALUES ('20', '2025-04-14 08:39:38', '9ST4Y6', 'SJBNYJ');
UPDATE `user_registration` SET `cycle_rank_id` = '1'
WHERE `user_id` = 'SJBNYJ';
INSERT INTO `rank_history` (`rank_id`, `user_id`, `name`, `bv`, `date`, `amount`, `type`) VALUES ('1', 'SJBNYJ', 'Affiliate', '0', '2025-04-14 08:39:38', '0', 'auto');
INSERT INTO `matrix_filling` (`placement_id`, `downline_id`, `level`, `matrix`) VALUES ('44B9Y4', '9ST4Y6', 15, 1);
UPDATE `bv_updation` SET left_carry = left_carry+20, total_left = total_left+20
WHERE `user_id` = '44B9Y4';
INSERT INTO `placement_bv_update_history` (`left_carry`, `date`, `from_id`, `user_id`) VALUES ('20', '2025-04-14 08:39:38', '9ST4Y6', '44B9Y4');
UPDATE `user_registration` SET `cycle_rank_id` = '1'
WHERE `user_id` = '44B9Y4';
INSERT INTO `rank_history` (`rank_id`, `user_id`, `name`, `bv`, `date`, `amount`, `type`) VALUES ('1', '44B9Y4', 'Affiliate', '0', '2025-04-14 08:39:38', '0', 'auto');
INSERT INTO `matrix_filling` (`placement_id`, `downline_id`, `level`, `matrix`) VALUES ('admin', '9ST4Y6', 16, 1);
UPDATE `bv_updation` SET right_carry = right_carry+20, total_right = total_right+20
WHERE `user_id` = 'admin';
INSERT INTO `placement_bv_update_history` (`right_carry`, `date`, `from_id`, `user_id`) VALUES ('20', '2025-04-14 08:39:38', '9ST4Y6', 'admin');
UPDATE `user_registration` SET `cycle_rank_id` = '1'
WHERE `user_id` = 'admin';
INSERT INTO `rank_history` (`rank_id`, `user_id`, `name`, `bv`, `date`, `amount`, `type`) VALUES ('1', 'admin', 'Affiliate', '0', '2025-04-14 08:39:38', '0', 'auto');
UPDATE `user_registration` SET `popup_seen` = 'yes'
WHERE `user_id` = 'UQO7EQ';
UPDATE `ci_sessions` SET `timestamp` = 1744638186, `data` = '__ci_last_regenerate|i:1744638186;id|s:4:\"2181\";user_id|s:6:\"OTZTS5\";username|s:10:\"Duniesky41\";sponsor_id|s:6:\"AABG7W\";fullname|s:19:\"Duniesky Alzugaray \";email|s:27:\"dalzugarayramirez@gmail.com\";phone|s:10:\"7862451724\";isLogIn|b:1;'
WHERE `id` = '39868789844d8fb561e1cc4a8a16d02e5a008d5d';
UPDATE `user_registration` SET `popup_seen` = 'yes'
WHERE `user_id` = 'OTZTS5';
UPDATE `user_registration` SET `popup_seen` = 'yes'
WHERE `user_id` = 'OTZTS5';
UPDATE `user_registration` SET `popup_seen` = 'yes'
WHERE `user_id` = 'OTZTS5';
UPDATE `ci_sessions` SET `timestamp` = 1744638294, `data` = '__ci_last_regenerate|i:1744638294;id|s:4:\"2323\";user_id|s:6:\"EKTIVH\";username|s:12:\"annielyeli21\";sponsor_id|s:6:\"OTZTS5\";fullname|s:13:\"Anniell Reyes\";email|s:23:\"anniel.reyes@icloud.com\";phone|s:10:\"8128171294\";isLogIn|b:1;upgrade_stripe_id|i:295;'
WHERE `id` = '9297811518d88b9b5e209bffc01bb866036f2dfb';
UPDATE `temp_register` SET `response` = '{\"stripeToken\":\"tok_1RDnJh2NUoYUjiuuyGBNdP2r\",\"stripeTokenType\":\"card\",\"stripeEmail\":\"anniel.reyes@icloud.com\"}', `date_modified` = '2025-04-14 08:44:57', `payment_status` = '{\"id\":\"ch_3RDnJl2NUoYUjiuu1zeOxEKI\",\"object\":\"charge\",\"amount\":59500,\"amount_captured\":59500,\"amount_refunded\":0,\"application\":null,\"application_fee\":null,\"application_fee_amount\":null,\"balance_transaction\":\"txn_3RDnJl2NUoYUjiuu1Iv1h1nO\",\"billing_details\":{\"address\":{\"city\":null,\"country\":null,\"line1\":null,\"line2\":null,\"postal_code\":null,\"state\":null},\"email\":null,\"name\":\"anniel.reyes@icloud.com\",\"phone\":null},\"calculated_statement_descriptor\":\"TRAVELEGENDCY LLC\",\"captured\":true,\"created\":1744638297,\"currency\":\"usd\",\"customer\":\"cus_S83QYPYbBYMVr0\",\"description\":null,\"destination\":null,\"dispute\":null,\"disputed\":false,\"failure_balance_transaction\":null,\"failure_code\":null,\"failure_message\":null,\"fraud_details\":[],\"invoice\":null,\"livemode\":true,\"metadata\":{\"name\":\" \"},\"on_behalf_of\":null,\"order\":null,\"outcome\":{\"advice_code\":null,\"network_advice_code\":null,\"network_decline_code\":null,\"network_status\":\"approved_by_network\",\"reason\":null,\"risk_level\":\"normal\",\"seller_message\":\"Payment complete.\",\"type\":\"authorized\"},\"paid\":true,\"payment_intent\":null,\"payment_method\":\"card_1RDnJh2NUoYUjiuuR1LpmTFT\",\"payment_method_details\":{\"card\":{\"amount_authorized\":59500,\"authorization_code\":\"206834\",\"brand\":\"amex\",\"checks\":{\"address_line1_check\":null,\"address_postal_code_check\":null,\"cvc_check\":\"pass\"},\"country\":\"US\",\"exp_month\":1,\"exp_year\":2030,\"extended_authorization\":{\"status\":\"disabled\"},\"fingerprint\":\"rfKV1td6jMmDnFKF\",\"funding\":\"credit\",\"incremental_authorization\":{\"status\":\"unavailable\"},\"installments\":null,\"last4\":\"1006\",\"mandate\":null,\"multicapture\":{\"status\":\"unavailable\"},\"network\":\"amex\",\"network_token\":{\"used\":false},\"network_transaction_id\":\"011849105948308\",\"overcapture\":{\"maximum_amount_capturable\":59500,\"status\":\"unavailable\"},\"regulated_status\":\"unregulated\",\"three_d_secure\":null,\"wallet\":null},\"type\":\"card\"},\"receipt_email\":null,\"receipt_number\":null,\"receipt_url\":\"https:\\/\\/pay.stripe.com\\/receipts\\/payment\\/CAcQARoXChVhY2N0XzFRUEFGdjJOVW9ZVWppdXUo2qL0vwYyBqoyEbvMMDosFlx2LIOKOxc6bpj4IxfOD3XfMy3eGIlCT0mym7qpFNDhHMR5OfNhlVuPRqM\",\"refunded\":false,\"review\":null,\"shipping\":null,\"source\":{\"id\":\"card_1RDnJh2NUoYUjiuuR1LpmTFT\",\"object\":\"card\",\"address_city\":null,\"address_country\":null,\"address_line1\":null,\"address_line1_check\":null,\"address_line2\":null,\"address_state\":null,\"address_zip\":null,\"address_zip_check\":null,\"allow_redisplay\":\"unspecified\",\"brand\":\"American Express\",\"country\":\"US\",\"customer\":\"cus_S83QYPYbBYMVr0\",\"cvc_check\":\"pass\",\"dynamic_last4\":null,\"exp_month\":1,\"exp_year\":2030,\"fingerprint\":\"rfKV1td6jMmDnFKF\",\"funding\":\"credit\",\"last4\":\"1006\",\"metadata\":[],\"name\":\"anniel.reyes@icloud.com\",\"regulated_status\":\"unregulated\",\"tokenization_method\":null,\"wallet\":null},\"source_transfer\":null,\"statement_descriptor\":null,\"statement_descriptor_suffix\":null,\"status\":\"succeeded\",\"transfer_data\":null,\"transfer_group\":null}'
WHERE `id` = 295;
INSERT INTO `package_purchase_history` (`user_id`, `package_id`, `reg_fee`, `package_name`, `monthly_fee`, `type`, `date`, `payment_option`) VALUES ('EKTIVH', '2', '595', 'Traveler Pro', '150', 'upgrade', '2025-04-14 08:44:57', 'stripe');
UPDATE `user_registration` SET `package_id` = '2'
WHERE `user_id` = 'EKTIVH';
UPDATE `user_registration` SET `user_type` = 'affiliate', `subscription_date` = '2025-05-14', `active_status` = 'yes', `rank_id` = 1, `highest_rank` = 1, `cycle_rank_id` = 1
WHERE `user_id` = 'EKTIVH';
UPDATE `user_registration` SET customer_ref_count = customer_ref_count-1
WHERE `user_id` = 'OTZTS5';
UPDATE `user_registration` SET `cycle_rank_id` = '1'
WHERE `user_id` = 'OTZTS5';
INSERT INTO `rank_history` (`rank_id`, `user_id`, `name`, `bv`, `date`, `amount`, `type`) VALUES ('1', 'OTZTS5', 'Affiliate', '0', '2025-04-14 08:44:57', '0', 'auto');
UPDATE `binary_view` SET `user_id` = 'EKTIVH', `username` = 'annielyeli21', `vacant` = 'no', `created` = '2025-04-14 08:44:57', `sponsor_id` = 'OTZTS5'
WHERE `uid` = '2341';
INSERT INTO `binary_view` (`user_id`, `username`, `sponsor_id`, `placement_id`, `vacant`, `position`, `created`) VALUES ('ELTEVS', 'QapYbfMj', 'EKTIVH', 'EKTIVH', 'yes', 'left', '2025-04-14 08:44:57');
INSERT INTO `binary_view` (`user_id`, `username`, `sponsor_id`, `placement_id`, `vacant`, `position`, `created`) VALUES ('OCANCD', 'eyNvzgHV', 'EKTIVH', 'EKTIVH', 'yes', 'right', '2025-04-14 08:44:57');
INSERT INTO `bv_updation` (`user_id`) VALUES ('EKTIVH');
UPDATE `user_registration` SET total_downlines = total_downlines+1
WHERE `user_id` = '9ST4Y6';
UPDATE `user_registration` SET right_downlines = right_downlines+1
WHERE `user_id` = '9ST4Y6';
UPDATE `user_registration` SET total_downlines = total_downlines+1
WHERE `user_id` = 'W7989C';
UPDATE `user_registration` SET right_downlines = right_downlines+1
WHERE `user_id` = 'W7989C';
UPDATE `user_registration` SET total_downlines = total_downlines+1
WHERE `user_id` = 'OTZTS5';
UPDATE `user_registration` SET right_downlines = right_downlines+1
WHERE `user_id` = 'OTZTS5';
UPDATE `user_registration` SET right_ref_count = right_ref_count+1
WHERE `user_id` = 'OTZTS5';
UPDATE `user_registration` SET active_right = active_right+1
WHERE `user_id` = 'OTZTS5';
UPDATE `user_registration` SET total_downlines = total_downlines+1
WHERE `user_id` = '2XBFEZ';
UPDATE `user_registration` SET right_downlines = right_downlines+1
WHERE `user_id` = '2XBFEZ';
UPDATE `user_registration` SET total_downlines = total_downlines+1
WHERE `user_id` = 'XXI66Z';
UPDATE `user_registration` SET right_downlines = right_downlines+1
WHERE `user_id` = 'XXI66Z';
UPDATE `user_registration` SET total_downlines = total_downlines+1
WHERE `user_id` = '2MBPZI';
UPDATE `user_registration` SET right_downlines = right_downlines+1
WHERE `user_id` = '2MBPZI';
UPDATE `user_registration` SET total_downlines = total_downlines+1
WHERE `user_id` = '1Q1ADJ';
UPDATE `user_registration` SET right_downlines = right_downlines+1
WHERE `user_id` = '1Q1ADJ';
UPDATE `user_registration` SET total_downlines = total_downlines+1
WHERE `user_id` = 'XHO8CJ';
UPDATE `user_registration` SET right_downlines = right_downlines+1
WHERE `user_id` = 'XHO8CJ';
UPDATE `user_registration` SET total_downlines = total_downlines+1
WHERE `user_id` = 'U7SMZ8';
UPDATE `user_registration` SET right_downlines = right_downlines+1
WHERE `user_id` = 'U7SMZ8';
UPDATE `user_registration` SET total_downlines = total_downlines+1
WHERE `user_id` = 'AABG7W';
UPDATE `user_registration` SET right_downlines = right_downlines+1
WHERE `user_id` = 'AABG7W';
UPDATE `user_registration` SET total_downlines = total_downlines+1
WHERE `user_id` = '3ZDIFO';
UPDATE `user_registration` SET right_downlines = right_downlines+1
WHERE `user_id` = '3ZDIFO';
UPDATE `user_registration` SET total_downlines = total_downlines+1
WHERE `user_id` = 'UQO7EQ';
UPDATE `user_registration` SET right_downlines = right_downlines+1
WHERE `user_id` = 'UQO7EQ';
UPDATE `user_registration` SET total_downlines = total_downlines+1
WHERE `user_id` = 'N6GZAE';
UPDATE `user_registration` SET left_downlines = left_downlines+1
WHERE `user_id` = 'N6GZAE';
UPDATE `user_registration` SET total_downlines = total_downlines+1
WHERE `user_id` = '4E1CRI';
UPDATE `user_registration` SET left_downlines = left_downlines+1
WHERE `user_id` = '4E1CRI';
UPDATE `user_registration` SET total_downlines = total_downlines+1
WHERE `user_id` = 'SJBNYJ';
UPDATE `user_registration` SET left_downlines = left_downlines+1
WHERE `user_id` = 'SJBNYJ';
UPDATE `user_registration` SET total_downlines = total_downlines+1
WHERE `user_id` = '44B9Y4';
UPDATE `user_registration` SET left_downlines = left_downlines+1
WHERE `user_id` = '44B9Y4';
UPDATE `user_registration` SET total_downlines = total_downlines+1
WHERE `user_id` = 'admin';
UPDATE `user_registration` SET right_downlines = right_downlines+1
WHERE `user_id` = 'admin';
INSERT INTO `investment` (`invest_date`, `user_id`, `type`, `amount`, `package_id`) VALUES ('2025-04-14 08:44:57', 'EKTIVH', 'upgrade', '595', '2');
INSERT INTO `earnings` (`user_id`, `Purchaser_id`, `earning_type`, `package_id`, `amount`, `date`, `comments`, `invest_amount`, `comm_perc`, `level`, `rank_id`, `order_id`) VALUES ('OTZTS5', 'EKTIVH', 'Direct Referral Bonus', '2', '100', '2025-04-14 08:44:57', 'Direct Referral Bonus', 0, 0, 1, '', 282);
UPDATE `user_registration` SET commission_balance = ROUND(commission_balance + 100,2)
WHERE `user_id` = 'OTZTS5';
UPDATE `user_registration` SET referral_bonus = ROUND(referral_bonus + 100,2)
WHERE `user_id` = 'OTZTS5';
INSERT INTO `earnings` (`user_id`, `Purchaser_id`, `earning_type`, `package_id`, `amount`, `date`, `comments`, `invest_amount`, `comm_perc`, `level`, `rank_id`, `order_id`) VALUES ('UQO7EQ', 'EKTIVH', 'Expansion Bonus', '2', 100, '2025-04-14 08:44:57', 'Expansion Bonus', '100', 0, 1, '', 282);
UPDATE `user_registration` SET commission_balance = ROUND(commission_balance + 100,2)
WHERE `user_id` = 'UQO7EQ';
UPDATE `user_registration` SET expansion_bonus = ROUND(expansion_bonus + 100,2)
WHERE `user_id` = 'UQO7EQ';
UPDATE `user_registration` SET total_points = ROUND(total_points + 50,2)
WHERE `user_id` = 'EKTIVH';
INSERT INTO `points_history` (`user_id`, `points`, `type`, `date`) VALUES ('EKTIVH', '50', 'upgrade', '2025-04-14 08:44:');
INSERT INTO `matrix_filling` (`placement_id`, `downline_id`, `level`, `matrix`) VALUES ('9ST4Y6', 'EKTIVH', 1, 1);
INSERT INTO `matrix_filling` (`placement_id`, `downline_id`, `level`, `matrix`) VALUES ('W7989C', 'EKTIVH', 2, 1);
UPDATE `bv_updation` SET right_carry = right_carry+50, total_right = total_right+50
WHERE `user_id` = 'W7989C';
INSERT INTO `placement_bv_update_history` (`right_carry`, `date`, `from_id`, `user_id`) VALUES ('50', '2025-04-14 08:44:57', 'EKTIVH', 'W7989C');
INSERT INTO `matrix_filling` (`placement_id`, `downline_id`, `level`, `matrix`) VALUES ('OTZTS5', 'EKTIVH', 3, 1);
UPDATE `bv_updation` SET right_carry = right_carry+50, total_right = total_right+50
WHERE `user_id` = 'OTZTS5';
INSERT INTO `placement_bv_update_history` (`right_carry`, `date`, `from_id`, `user_id`) VALUES ('50', '2025-04-14 08:44:57', 'EKTIVH', 'OTZTS5');
UPDATE `user_registration` SET `cycle_rank_id` = '1'
WHERE `user_id` = 'OTZTS5';
INSERT INTO `rank_history` (`rank_id`, `user_id`, `name`, `bv`, `date`, `amount`, `type`) VALUES ('1', 'OTZTS5', 'Affiliate', '0', '2025-04-14 08:44:57', '0', 'auto');
UPDATE `bv_updation` SET sponsor_right_carry = sponsor_right_carry+50, sponsor_total_right = sponsor_total_right+50
WHERE `user_id` = 'OTZTS5';
INSERT INTO `sponsor_bv_update_history` (`right_carry`, `date`, `user_id`) VALUES ('50', '2025-04-14 08:44:57', 'OTZTS5');
INSERT INTO `matrix_filling` (`placement_id`, `downline_id`, `level`, `matrix`) VALUES ('2XBFEZ', 'EKTIVH', 4, 1);
INSERT INTO `matrix_filling` (`placement_id`, `downline_id`, `level`, `matrix`) VALUES ('XXI66Z', 'EKTIVH', 5, 1);
UPDATE `bv_updation` SET right_carry = right_carry+50, total_right = total_right+50
WHERE `user_id` = 'XXI66Z';
INSERT INTO `placement_bv_update_history` (`right_carry`, `date`, `from_id`, `user_id`) VALUES ('50', '2025-04-14 08:44:57', 'EKTIVH', 'XXI66Z');
INSERT INTO `matrix_filling` (`placement_id`, `downline_id`, `level`, `matrix`) VALUES ('2MBPZI', 'EKTIVH', 6, 1);
UPDATE `bv_updation` SET right_carry = right_carry+50, total_right = total_right+50
WHERE `user_id` = '2MBPZI';
INSERT INTO `placement_bv_update_history` (`right_carry`, `date`, `from_id`, `user_id`) VALUES ('50', '2025-04-14 08:44:57', 'EKTIVH', '2MBPZI');
INSERT INTO `matrix_filling` (`placement_id`, `downline_id`, `level`, `matrix`) VALUES ('1Q1ADJ', 'EKTIVH', 7, 1);
INSERT INTO `matrix_filling` (`placement_id`, `downline_id`, `level`, `matrix`) VALUES ('XHO8CJ', 'EKTIVH', 8, 1);
UPDATE `bv_updation` SET right_carry = right_carry+50, total_right = total_right+50
WHERE `user_id` = 'XHO8CJ';
INSERT INTO `placement_bv_update_history` (`right_carry`, `date`, `from_id`, `user_id`) VALUES ('50', '2025-04-14 08:44:57', 'EKTIVH', 'XHO8CJ');
INSERT INTO `matrix_filling` (`placement_id`, `downline_id`, `level`, `matrix`) VALUES ('U7SMZ8', 'EKTIVH', 9, 1);
UPDATE `bv_updation` SET right_carry = right_carry+50, total_right = total_right+50
WHERE `user_id` = 'U7SMZ8';
INSERT INTO `placement_bv_update_history` (`right_carry`, `date`, `from_id`, `user_id`) VALUES ('50', '2025-04-14 08:44:57', 'EKTIVH', 'U7SMZ8');
UPDATE `user_registration` SET `cycle_rank_id` = '1'
WHERE `user_id` = 'U7SMZ8';
INSERT INTO `rank_history` (`rank_id`, `user_id`, `name`, `bv`, `date`, `amount`, `type`) VALUES ('1', 'U7SMZ8', 'Affiliate', '0', '2025-04-14 08:44:57', '0', 'auto');
INSERT INTO `matrix_filling` (`placement_id`, `downline_id`, `level`, `matrix`) VALUES ('AABG7W', 'EKTIVH', 10, 1);
UPDATE `bv_updation` SET right_carry = right_carry+50, total_right = total_right+50
WHERE `user_id` = 'AABG7W';
INSERT INTO `placement_bv_update_history` (`right_carry`, `date`, `from_id`, `user_id`) VALUES ('50', '2025-04-14 08:44:58', 'EKTIVH', 'AABG7W');
INSERT INTO `matrix_filling` (`placement_id`, `downline_id`, `level`, `matrix`) VALUES ('3ZDIFO', 'EKTIVH', 11, 1);
UPDATE `bv_updation` SET right_carry = right_carry+50, total_right = total_right+50
WHERE `user_id` = '3ZDIFO';
INSERT INTO `placement_bv_update_history` (`right_carry`, `date`, `from_id`, `user_id`) VALUES ('50', '2025-04-14 08:44:58', 'EKTIVH', '3ZDIFO');
INSERT INTO `matrix_filling` (`placement_id`, `downline_id`, `level`, `matrix`) VALUES ('UQO7EQ', 'EKTIVH', 12, 1);
UPDATE `bv_updation` SET right_carry = right_carry+50, total_right = total_right+50
WHERE `user_id` = 'UQO7EQ';
INSERT INTO `placement_bv_update_history` (`right_carry`, `date`, `from_id`, `user_id`) VALUES ('50', '2025-04-14 08:44:58', 'EKTIVH', 'UQO7EQ');
UPDATE `user_registration` SET `cycle_rank_id` = '1'
WHERE `user_id` = 'UQO7EQ';
INSERT INTO `rank_history` (`rank_id`, `user_id`, `name`, `bv`, `date`, `amount`, `type`) VALUES ('1', 'UQO7EQ', 'Affiliate', '0', '2025-04-14 08:44:58', '0', 'auto');
INSERT INTO `matrix_filling` (`placement_id`, `downline_id`, `level`, `matrix`) VALUES ('N6GZAE', 'EKTIVH', 13, 1);
UPDATE `bv_updation` SET left_carry = left_carry+50, total_left = total_left+50
WHERE `user_id` = 'N6GZAE';
INSERT INTO `placement_bv_update_history` (`left_carry`, `date`, `from_id`, `user_id`) VALUES ('50', '2025-04-14 08:44:58', 'EKTIVH', 'N6GZAE');
UPDATE `user_registration` SET `cycle_rank_id` = '1'
WHERE `user_id` = 'N6GZAE';
INSERT INTO `rank_history` (`rank_id`, `user_id`, `name`, `bv`, `date`, `amount`, `type`) VALUES ('1', 'N6GZAE', 'Affiliate', '0', '2025-04-14 08:44:58', '0', 'auto');
INSERT INTO `matrix_filling` (`placement_id`, `downline_id`, `level`, `matrix`) VALUES ('4E1CRI', 'EKTIVH', 14, 1);
UPDATE `bv_updation` SET left_carry = left_carry+50, total_left = total_left+50
WHERE `user_id` = '4E1CRI';
INSERT INTO `placement_bv_update_history` (`left_carry`, `date`, `from_id`, `user_id`) VALUES ('50', '2025-04-14 08:44:58', 'EKTIVH', '4E1CRI');
INSERT INTO `matrix_filling` (`placement_id`, `downline_id`, `level`, `matrix`) VALUES ('SJBNYJ', 'EKTIVH', 15, 1);
UPDATE `bv_updation` SET left_carry = left_carry+50, total_left = total_left+50
WHERE `user_id` = 'SJBNYJ';
INSERT INTO `placement_bv_update_history` (`left_carry`, `date`, `from_id`, `user_id`) VALUES ('50', '2025-04-14 08:44:58', 'EKTIVH', 'SJBNYJ');
UPDATE `user_registration` SET `cycle_rank_id` = '1'
WHERE `user_id` = 'SJBNYJ';
INSERT INTO `rank_history` (`rank_id`, `user_id`, `name`, `bv`, `date`, `amount`, `type`) VALUES ('1', 'SJBNYJ', 'Affiliate', '0', '2025-04-14 08:44:58', '0', 'auto');
INSERT INTO `matrix_filling` (`placement_id`, `downline_id`, `level`, `matrix`) VALUES ('44B9Y4', 'EKTIVH', 16, 1);
UPDATE `bv_updation` SET left_carry = left_carry+50, total_left = total_left+50
WHERE `user_id` = '44B9Y4';
INSERT INTO `placement_bv_update_history` (`left_carry`, `date`, `from_id`, `user_id`) VALUES ('50', '2025-04-14 08:44:58', 'EKTIVH', '44B9Y4');
UPDATE `user_registration` SET `cycle_rank_id` = '1'
WHERE `user_id` = '44B9Y4';
INSERT INTO `rank_history` (`rank_id`, `user_id`, `name`, `bv`, `date`, `amount`, `type`) VALUES ('1', '44B9Y4', 'Affiliate', '0', '2025-04-14 08:44:58', '0', 'auto');
INSERT INTO `matrix_filling` (`placement_id`, `downline_id`, `level`, `matrix`) VALUES ('admin', 'EKTIVH', 17, 1);
UPDATE `bv_updation` SET right_carry = right_carry+50, total_right = total_right+50
WHERE `user_id` = 'admin';
INSERT INTO `placement_bv_update_history` (`right_carry`, `date`, `from_id`, `user_id`) VALUES ('50', '2025-04-14 08:44:58', 'EKTIVH', 'admin');
UPDATE `user_registration` SET `cycle_rank_id` = '1'
WHERE `user_id` = 'admin';
INSERT INTO `rank_history` (`rank_id`, `user_id`, `name`, `bv`, `date`, `amount`, `type`) VALUES ('1', 'admin', 'Affiliate', '0', '2025-04-14 08:44:58', '0', 'auto');
UPDATE `ci_sessions` SET `timestamp` = 1744638489, `data` = '__ci_last_regenerate|i:1744638489;id|s:4:\"2042\";user_id|s:6:\"UQO7EQ\";username|s:6:\"Rafa51\";sponsor_id|s:6:\"N6GZAE\";fullname|s:16:\"Rafael Rodriguez\";email|s:18:\"rafagana@yahoo.com\";phone|s:10:\"3057610606\";isLogIn|b:1;'
WHERE `id` = '2f9e7ffa299974b62acbdc714afa00f3b09f8425';
UPDATE `user_registration` SET `popup_seen` = 'yes'
WHERE `user_id` = 'UQO7EQ';
UPDATE `user_registration` SET `popup_seen` = 'yes'
WHERE `user_id` = 'EKTIVH';
UPDATE `ci_sessions` SET `timestamp` = 1744638542, `data` = '__ci_last_regenerate|i:1744638542;captcha|s:4:\"f7kd\";'
WHERE `id` = '4deb1942b33f3f201ba700575acd9f84a6d1b61c';
INSERT INTO `login_history` (`user_id`, `device`, `ip_address`, `date`) VALUES ('BUWYXW', 'Mozilla/5.0 (Windows NT 10.0; Win64; x64) AppleWebKit/537.36 (KHTML, like Gecko) Chrome/135.0.0.0 Safari/537.36 Edg/135.0.0.0', '172.68.7.89', '25-04-14 08:51');
UPDATE `user_registration` SET `popup_seen` = 'yes'
WHERE `user_id` = 'BUWYXW';
UPDATE `ci_sessions` SET `timestamp` = 1744638728, `data` = '__ci_last_regenerate|i:1744638728;id|s:4:\"2181\";user_id|s:6:\"OTZTS5\";username|s:10:\"Duniesky41\";sponsor_id|s:6:\"AABG7W\";fullname|s:19:\"Duniesky Alzugaray \";email|s:27:\"dalzugarayramirez@gmail.com\";phone|s:10:\"7862451724\";isLogIn|b:1;'
WHERE `id` = '1c62f5c538518ec916eaeaa1143ec9b45369004e';
UPDATE `user_registration` SET `popup_seen` = 'yes'
WHERE `user_id` = 'OTZTS5';
UPDATE `user_registration` SET `popup_seen` = 'yes'
WHERE `user_id` = 'UQO7EQ';
INSERT INTO `login_history` (`user_id`, `device`, `ip_address`, `date`) VALUES ('1GNDEQ', 'Mozilla/5.0 (iPhone; CPU iPhone OS 18_3_2 like Mac OS X) AppleWebKit/605.1.15 (KHTML, like Gecko) Version/18.3.1 Mobile/15E148 Safari/604.1', '104.23.190.14', '25-04-14 08:53');
UPDATE `user_registration` SET `popup_seen` = 'yes'
WHERE `user_id` = '1GNDEQ';
UPDATE `ci_sessions` SET `timestamp` = 1744638862, `data` = '__ci_last_regenerate|i:1744638862;id|s:4:\"2042\";user_id|s:6:\"UQO7EQ\";username|s:6:\"Rafa51\";sponsor_id|s:6:\"N6GZAE\";fullname|s:16:\"Rafael Rodriguez\";email|s:18:\"rafagana@yahoo.com\";phone|s:10:\"3057610606\";isLogIn|b:1;'
WHERE `id` = 'f62fa1275b00ceb89ca10869f8d31ae2d66fdc90';
UPDATE `user_registration` SET `popup_seen` = 'yes'
WHERE `user_id` = 'UQO7EQ';
UPDATE `user_registration` SET `popup_seen` = 'yes'
WHERE `user_id` = 'UQO7EQ';
UPDATE `ci_sessions` SET `timestamp` = 1744639043, `data` = '__ci_last_regenerate|i:1744639043;id|s:4:\"2181\";user_id|s:6:\"OTZTS5\";username|s:10:\"Duniesky41\";sponsor_id|s:6:\"AABG7W\";fullname|s:19:\"Duniesky Alzugaray \";email|s:27:\"dalzugarayramirez@gmail.com\";phone|s:10:\"7862451724\";isLogIn|b:1;exception|s:13:\"Incorrect OTP\";__ci_vars|a:1:{s:9:\"exception\";s:3:\"old\";}'
WHERE `id` = 'fa9655fbf68badb9145a731640ae754201c49ff4';
UPDATE `user_registration` SET `popup_seen` = 'yes'
WHERE `user_id` = 'OTZTS5';
UPDATE `user_registration` SET `popup_seen` = 'yes'
WHERE `user_id` = 'OTZTS5';
INSERT INTO `login_history` (`user_id`, `device`, `ip_address`, `date`) VALUES ('7P1TWW', 'Mozilla/5.0 (Linux; Android 10; K) AppleWebKit/537.36 (KHTML, like Gecko) Chrome/135.0.0.0 Mobile Safari/537.36', '108.162.210.226', '25-04-14 08:58');
UPDATE `user_registration` SET `popup_seen` = 'yes'
WHERE `user_id` = '7P1TWW';
UPDATE `user_registration` SET `popup_seen` = 'yes'
WHERE `user_id` = '7P1TWW';
UPDATE `user_registration` SET `popup_seen` = 'yes'
WHERE `user_id` = '7P1TWW';
UPDATE `ci_sessions` SET `timestamp` = 1744639168, `data` = '__ci_last_regenerate|i:1744639168;id|s:4:\"2323\";user_id|s:6:\"EKTIVH\";username|s:12:\"annielyeli21\";sponsor_id|s:6:\"OTZTS5\";fullname|s:13:\"Anniell Reyes\";email|s:23:\"anniel.reyes@icloud.com\";phone|s:10:\"8128171294\";isLogIn|b:1;'
WHERE `id` = '7cf8c0f1d391de8cc13e065bec8c9f80bac145c8';
UPDATE `user_registration` SET `popup_seen` = 'yes'
WHERE `user_id` = 'EKTIVH';
UPDATE `user_registration` SET `popup_seen` = 'yes'
WHERE `user_id` = 'EKTIVH';
UPDATE `ci_sessions` SET `timestamp` = 1744639354, `data` = '__ci_last_regenerate|i:1744639354;id|s:4:\"2181\";user_id|s:6:\"OTZTS5\";username|s:10:\"Duniesky41\";sponsor_id|s:6:\"AABG7W\";fullname|s:19:\"Duniesky Alzugaray \";email|s:27:\"dalzugarayramirez@gmail.com\";phone|s:10:\"7862451724\";isLogIn|b:1;'
WHERE `id` = '17c2a58d3d5b712f2bc407a35c06cc4aee2e5290';
UPDATE `user_registration` SET `popup_seen` = 'yes'
WHERE `user_id` = 'OTZTS5';
UPDATE `user_registration` SET `popup_seen` = 'yes'
WHERE `user_id` = 'OTZTS5';
INSERT INTO `login_history` (`user_id`, `device`, `ip_address`, `date`) VALUES ('44B9Y4', 'Mozilla/5.0 (iPhone; CPU iPhone OS 18_3_2 like Mac OS X) AppleWebKit/605.1.15 (KHTML, like Gecko) Version/18.3.1 Mobile/15E148 Safari/604.1', '172.70.254.2', '25-04-14 09:08');
UPDATE `user_registration` SET `popup_seen` = 'yes'
WHERE `user_id` = '44B9Y4';
UPDATE `ci_sessions` SET `timestamp` = 1744639738, `data` = '__ci_last_regenerate|i:1744639738;id|s:4:\"2323\";user_id|s:6:\"EKTIVH\";username|s:12:\"annielyeli21\";sponsor_id|s:6:\"OTZTS5\";fullname|s:13:\"Anniell Reyes\";email|s:23:\"anniel.reyes@icloud.com\";phone|s:10:\"8128171294\";isLogIn|b:1;'
WHERE `id` = 'c12b6a23ecf74bda51bb96e972b41563ec6f32d9';
UPDATE `user_registration` SET `language` = 'spanish'
WHERE `user_id` = 'EKTIVH';
UPDATE `ci_sessions` SET `timestamp` = 1744639865, `data` = '__ci_last_regenerate|i:1744639865;id|s:4:\"2270\";user_id|s:6:\"4VE7D1\";username|s:9:\"Ibarzabal\";sponsor_id|s:6:\"JHRDHS\";fullname|s:24:\"Carousel Barber Shop Inc\";email|s:24:\"frankibarzabal@gmail.com\";phone|s:10:\"7862307398\";isLogIn|b:1;'
WHERE `id` = 'd66a932117c58853aaa05421158a3c1247f3c5f8';
UPDATE `user_registration` SET `popup_seen` = 'yes'
WHERE `user_id` = '4VE7D1';
UPDATE `ci_sessions` SET `timestamp` = 1744639883, `data` = '__ci_last_regenerate|i:1744639883;id|s:4:\"2181\";user_id|s:6:\"OTZTS5\";username|s:10:\"Duniesky41\";sponsor_id|s:6:\"AABG7W\";fullname|s:19:\"Duniesky Alzugaray \";email|s:27:\"dalzugarayramirez@gmail.com\";phone|s:10:\"7862451724\";isLogIn|b:1;message|s:27:\"Welcome Duniesky Alzugaray \";__ci_vars|a:1:{s:7:\"message\";s:3:\"old\";}'
WHERE `id` = 'f8f1502531fc749d8304425f3786b0ff779b2240';
UPDATE `user_registration` SET `language` = 'spanish'
WHERE `user_id` = 'EKTIVH';
UPDATE `user_registration` SET `language` = 'english'
WHERE `user_id` = 'EKTIVH';
UPDATE `user_registration` SET `language` = 'spanish'
WHERE `user_id` = 'EKTIVH';
UPDATE `ci_sessions` SET `timestamp` = 1744640024, `data` = '__ci_last_regenerate|i:1744640024;id|s:4:\"2042\";user_id|s:6:\"UQO7EQ\";username|s:6:\"Rafa51\";sponsor_id|s:6:\"N6GZAE\";fullname|s:16:\"Rafael Rodriguez\";email|s:18:\"rafagana@yahoo.com\";phone|s:10:\"3057610606\";isLogIn|b:1;'
WHERE `id` = 'ce1496321786eb4123e3f005821359c6bee86459';
UPDATE `ci_sessions` SET `timestamp` = 1744640130, `data` = '__ci_last_regenerate|i:1744640130;id|s:4:\"2226\";user_id|s:6:\"7P1TWW\";username|s:8:\"AbiMar24\";sponsor_id|s:6:\"OTZTS5\";fullname|s:12:\"Martha Marin\";email|s:25:\"marthamarin9993@gmail.com\";phone|s:10:\"7862735424\";isLogIn|b:1;'
WHERE `id` = '00c4f40db20ee2e02ac4ce61d8984deb15dbf6e3';
UPDATE `ci_sessions` SET `timestamp` = 1744640205, `data` = '__ci_last_regenerate|i:1744640205;id|s:4:\"2323\";user_id|s:6:\"EKTIVH\";username|s:12:\"annielyeli21\";sponsor_id|s:6:\"OTZTS5\";fullname|s:13:\"Anniell Reyes\";email|s:23:\"anniel.reyes@icloud.com\";phone|s:10:\"8128171294\";isLogIn|b:1;'
WHERE `id` = 'cd6e41c0b23fad27e61dc73b2a9e622c1ca98fc5';
INSERT INTO `login_history` (`user_id`, `device`, `ip_address`, `date`) VALUES ('XHO8CJ', 'Mozilla/5.0 (Windows NT 10.0; Win64; x64) AppleWebKit/537.36 (KHTML, like Gecko) Chrome/135.0.0.0 Safari/537.36', '172.68.7.40', '25-04-14 09:18');
UPDATE `user_registration` SET `popup_seen` = 'yes'
WHERE `user_id` = 'XHO8CJ';
UPDATE `user_registration` SET `language` = 'spanish'
WHERE `user_id` = 'XHO8CJ';
UPDATE `user_registration` SET `popup_seen` = 'yes'
WHERE `user_id` = 'XHO8CJ';
UPDATE `user_registration` SET `popup_seen` = 'yes'
WHERE `user_id` = 'XHO8CJ';
UPDATE `user_registration` SET `popup_seen` = 'yes'
WHERE `user_id` = 'XHO8CJ';
UPDATE `ci_sessions` SET `timestamp` = 1744640614, `data` = '__ci_last_regenerate|i:1744640614;id|s:4:\"2115\";user_id|s:6:\"BUWYXW\";username|s:8:\"Splash99\";sponsor_id|s:6:\"JHRDHS\";fullname|s:16:\"Raquel Salgueiro\";email|s:19:\"maracas46@yahoo.com\";phone|s:10:\"3054097382\";isLogIn|b:1;'
WHERE `id` = '942f0c3dd2ada2c2b812e3df9aa260ae64f52ded';
UPDATE `user_registration` SET `popup_seen` = 'yes'
WHERE `user_id` = 'BUWYXW';
UPDATE `ci_sessions` SET `timestamp` = 1744640625, `data` = '__ci_last_regenerate|i:1744640625;id|s:4:\"2323\";user_id|s:6:\"EKTIVH\";username|s:12:\"annielyeli21\";sponsor_id|s:6:\"OTZTS5\";fullname|s:13:\"Anniell Reyes\";email|s:23:\"anniel.reyes@icloud.com\";phone|s:10:\"8128171294\";isLogIn|b:1;'
WHERE `id` = '7180197b337abd9fda3881003eb9177f8e6f8253';
UPDATE `user_registration` SET `popup_seen` = 'no'
WHERE `user_id` = 'BUWYXW';
DELETE FROM `ci_sessions`
WHERE `id` = '5de831663000f8233ba8fc76aa9c9df1aa39897a';
UPDATE `ci_sessions` SET `timestamp` = 1744641149, `data` = '__ci_last_regenerate|i:1744641149;id|s:4:\"2042\";user_id|s:6:\"UQO7EQ\";username|s:6:\"Rafa51\";sponsor_id|s:6:\"N6GZAE\";fullname|s:16:\"Rafael Rodriguez\";email|s:18:\"rafagana@yahoo.com\";phone|s:10:\"3057610606\";isLogIn|b:1;'
WHERE `id` = '376e6f73b4ac9f3a31c6b372cff8f47232dda371';
UPDATE `user_registration` SET `popup_seen` = 'yes'
WHERE `user_id` = 'UQO7EQ';
UPDATE `user_registration` SET `popup_seen` = 'yes'
WHERE `user_id` = 'UQO7EQ';
UPDATE `ci_sessions` SET `timestamp` = 1744641595, `data` = '__ci_last_regenerate|i:1744641595;captcha|s:4:\"8wtn\";'
WHERE `id` = '8873906442fae268d5a45180fd97f06f2218b908';
INSERT INTO `login_history` (`user_id`, `device`, `ip_address`, `date`) VALUES ('ETPYLQ', 'Mozilla/5.0 (Windows NT 10.0; Win64; x64) AppleWebKit/537.36 (KHTML, like Gecko) Chrome/135.0.0.0 Safari/537.36', '172.70.255.161', '25-04-14 09:39');
UPDATE `user_registration` SET `popup_seen` = 'yes'
WHERE `user_id` = 'ETPYLQ';
UPDATE `user_registration` SET `language` = 'english'
WHERE `user_id` = 'ETPYLQ';
UPDATE `user_registration` SET `popup_seen` = 'yes'
WHERE `user_id` = 'ETPYLQ';
UPDATE `ci_sessions` SET `timestamp` = 1744641847, `data` = '__ci_last_regenerate|i:1744641847;id|s:4:\"2042\";user_id|s:6:\"UQO7EQ\";username|s:6:\"Rafa51\";sponsor_id|s:6:\"N6GZAE\";fullname|s:16:\"Rafael Rodriguez\";email|s:18:\"rafagana@yahoo.com\";phone|s:10:\"3057610606\";isLogIn|b:1;'
WHERE `id` = 'd8883bca86e496d6b4de1f059f11a954d54f04ed';
UPDATE `user_registration` SET `popup_seen` = 'yes'
WHERE `user_id` = 'UQO7EQ';
INSERT INTO `login_history` (`user_id`, `device`, `ip_address`, `date`) VALUES ('U7SMZ8', 'Mozilla/5.0 (Macintosh; Intel Mac OS X 10_15_7) AppleWebKit/605.1.15 (KHTML, like Gecko) Version/17.6 Safari/605.1.15', '172.68.12.96', '25-04-14 09:44');
UPDATE `user_registration` SET `popup_seen` = 'yes'
WHERE `user_id` = 'U7SMZ8';
UPDATE `user_registration` SET `popup_seen` = 'no'
WHERE `user_id` = 'UQO7EQ';
DELETE FROM `ci_sessions`
WHERE `id` = '28929a2baa720f1bea48a26b38c82818794ecdd0';
INSERT INTO `temp_register` (`post_data`, `date`, `payment_method`, `type`) VALUES ('{\"user_id\":\"ETPYLQ\",\"package_id\":\"2\",\"amount\":\"150\",\"payment_method\":\"stripe\",\"date\":\"2025-04-14 09:44:36\"}', '2025-04-14 09:44:36', 'stripe', 'renew');
UPDATE `ci_sessions` SET `timestamp` = 1744642023, `data` = '__ci_last_regenerate|i:1744642023;id|s:4:\"2186\";user_id|s:6:\"ETPYLQ\";username|s:16:\"JorgeLRMarrero47\";sponsor_id|s:6:\"QJ5U9C\";fullname|s:28:\"Jorge Luis Rodriguez Marrero\";email|s:24:\"jorgelrmarrero@gmail.com\";phone|s:10:\"7864700920\";isLogIn|b:1;upgrade_stripe_id|i:297;'
WHERE `id` = 'a0ba8e15e263cf398eeeb9e4e1820372a5b41bf4';
UPDATE `temp_register` SET `response` = '{\"stripeToken\":\"tok_1RDoHp2NUoYUjiuuY5pfvBpJ\",\"stripeTokenType\":\"card\",\"stripeEmail\":\"jorgelrmarrero@gmail.com\"}', `date_modified` = '2025-04-14 09:47:06', `payment_status` = '{\"id\":\"ch_3RDoHu2NUoYUjiuu0NXRPYvS\",\"object\":\"charge\",\"amount\":15000,\"amount_captured\":15000,\"amount_refunded\":0,\"application\":null,\"application_fee\":null,\"application_fee_amount\":null,\"balance_transaction\":\"txn_3RDoHu2NUoYUjiuu0CcAtcfS\",\"billing_details\":{\"address\":{\"city\":null,\"country\":null,\"line1\":null,\"line2\":null,\"postal_code\":null,\"state\":null},\"email\":null,\"name\":\"jorgelrmarrero@gmail.com\",\"phone\":null},\"calculated_statement_descriptor\":\"TRAVELEGENDCY LLC\",\"captured\":true,\"created\":1744642026,\"currency\":\"usd\",\"customer\":\"cus_S84Qaigo67UuHW\",\"description\":null,\"destination\":null,\"dispute\":null,\"disputed\":false,\"failure_balance_transaction\":null,\"failure_code\":null,\"failure_message\":null,\"fraud_details\":[],\"invoice\":null,\"livemode\":true,\"metadata\":{\"name\":\"Jorge Luis Rodriguez Marrero\",\"username\":\"JorgeLRMarrero47\"},\"on_behalf_of\":null,\"order\":null,\"outcome\":{\"advice_code\":null,\"network_advice_code\":null,\"network_decline_code\":null,\"network_status\":\"approved_by_network\",\"reason\":null,\"risk_level\":\"normal\",\"seller_message\":\"Payment complete.\",\"type\":\"authorized\"},\"paid\":true,\"payment_intent\":null,\"payment_method\":\"card_1RDoHp2NUoYUjiuuHa9GlCU8\",\"payment_method_details\":{\"card\":{\"amount_authorized\":15000,\"authorization_code\":\"105097\",\"brand\":\"visa\",\"checks\":{\"address_line1_check\":null,\"address_postal_code_check\":null,\"cvc_check\":\"pass\"},\"country\":\"US\",\"exp_month\":4,\"exp_year\":2027,\"extended_authorization\":{\"status\":\"disabled\"},\"fingerprint\":\"96s5FU9gxvLQDExa\",\"funding\":\"debit\",\"incremental_authorization\":{\"status\":\"unavailable\"},\"installments\":null,\"last4\":\"3304\",\"mandate\":null,\"multicapture\":{\"status\":\"unavailable\"},\"network\":\"visa\",\"network_token\":{\"used\":false},\"network_transaction_id\":\"465104532262880\",\"overcapture\":{\"maximum_amount_capturable\":15000,\"status\":\"unavailable\"},\"regulated_status\":\"regulated\",\"three_d_secure\":null,\"wallet\":null},\"type\":\"card\"},\"receipt_email\":null,\"receipt_number\":null,\"receipt_url\":\"https:\\/\\/pay.stripe.com\\/receipts\\/payment\\/CAcQARoXChVhY2N0XzFRUEFGdjJOVW9ZVWppdXUo67_0vwYyBh0IyY-YTTosFlPttfiNe6wM0JLNGqujbtWRWvqHlZT9ETF8FK56uZKQETumHLrwbrvswZw\",\"refunded\":false,\"review\":null,\"shipping\":null,\"source\":{\"id\":\"card_1RDoHp2NUoYUjiuuHa9GlCU8\",\"object\":\"card\",\"address_city\":null,\"address_country\":null,\"address_line1\":null,\"address_line1_check\":null,\"address_line2\":null,\"address_state\":null,\"address_zip\":null,\"address_zip_check\":null,\"allow_redisplay\":\"unspecified\",\"brand\":\"Visa\",\"country\":\"US\",\"customer\":\"cus_S84Qaigo67UuHW\",\"cvc_check\":\"pass\",\"dynamic_last4\":null,\"exp_month\":4,\"exp_year\":2027,\"fingerprint\":\"96s5FU9gxvLQDExa\",\"funding\":\"debit\",\"last4\":\"3304\",\"metadata\":[],\"name\":\"jorgelrmarrero@gmail.com\",\"regulated_status\":\"regulated\",\"tokenization_method\":null,\"wallet\":null},\"source_transfer\":null,\"statement_descriptor\":null,\"statement_descriptor_suffix\":null,\"status\":\"succeeded\",\"transfer_data\":null,\"transfer_group\":null}'
WHERE `id` = 297;
INSERT INTO `sub_history` (`user_id`, `package_id`, `amount`, `payment_method`, `date`) VALUES ('ETPYLQ', '2', '150', 'Stripe', '2025-04-14 09:47:06');
UPDATE `user_registration` SET sub_point = ROUND(sub_point + 150,2)
WHERE `user_id` = 'ETPYLQ';
INSERT INTO `investment` (`invest_date`, `user_id`, `type`, `amount`, `package_id`) VALUES ('2025-04-14 09:47:06', 'ETPYLQ', 'subscription', '150', '2');
UPDATE `user_registration` SET total_points = ROUND(total_points + 150,2)
WHERE `user_id` = 'ETPYLQ';
INSERT INTO `points_history` (`user_id`, `points`, `type`, `date`) VALUES ('ETPYLQ', '150', 'subscription', '2025-04-14 09:47:');
UPDATE `bv_updation` SET left_carry = left_carry+150, total_left = total_left+150
WHERE `user_id` = 'M2XFK7';
INSERT INTO `placement_bv_update_history` (`left_carry`, `date`, `from_id`, `user_id`) VALUES ('150', '2025-04-14 09:47:06', 'ETPYLQ', 'M2XFK7');
UPDATE `bv_updation` SET left_carry = left_carry+150, total_left = total_left+150
WHERE `user_id` = '7BQJK5';
INSERT INTO `placement_bv_update_history` (`left_carry`, `date`, `from_id`, `user_id`) VALUES ('150', '2025-04-14 09:47:06', 'ETPYLQ', '7BQJK5');
UPDATE `user_registration` SET `cycle_rank_id` = '1'
WHERE `user_id` = '7BQJK5';
INSERT INTO `rank_history` (`rank_id`, `user_id`, `name`, `bv`, `date`, `amount`, `type`) VALUES ('1', '7BQJK5', 'Affiliate', '0', '2025-04-14 09:47:06', '0', 'auto');
UPDATE `bv_updation` SET left_carry = left_carry+150, total_left = total_left+150
WHERE `user_id` = 'QJ5U9C';
INSERT INTO `placement_bv_update_history` (`left_carry`, `date`, `from_id`, `user_id`) VALUES ('150', '2025-04-14 09:47:06', 'ETPYLQ', 'QJ5U9C');
UPDATE `user_registration` SET `cycle_rank_id` = '1'
WHERE `user_id` = 'QJ5U9C';
INSERT INTO `rank_history` (`rank_id`, `user_id`, `name`, `bv`, `date`, `amount`, `type`) VALUES ('1', 'QJ5U9C', 'Affiliate', '0', '2025-04-14 09:47:06', '0', 'auto');
UPDATE `bv_updation` SET sponsor_left_carry = sponsor_left_carry+150, sponsor_total_left = sponsor_total_left+150
WHERE `user_id` = 'QJ5U9C';
INSERT INTO `sponsor_bv_update_history` (`left_carry`, `date`, `user_id`) VALUES ('150', '2025-04-14 09:47:06', 'QJ5U9C');
UPDATE `bv_updation` SET left_carry = left_carry+150, total_left = total_left+150
WHERE `user_id` = 'O94ZPY';
INSERT INTO `placement_bv_update_history` (`left_carry`, `date`, `from_id`, `user_id`) VALUES ('150', '2025-04-14 09:47:06', 'ETPYLQ', 'O94ZPY');
UPDATE `user_registration` SET `cycle_rank_id` = '1'
WHERE `user_id` = 'O94ZPY';
INSERT INTO `rank_history` (`rank_id`, `user_id`, `name`, `bv`, `date`, `amount`, `type`) VALUES ('1', 'O94ZPY', 'Affiliate', '0', '2025-04-14 09:47:06', '0', 'auto');
UPDATE `bv_updation` SET right_carry = right_carry+150, total_right = total_right+150
WHERE `user_id` = 'JHRDHS';
INSERT INTO `placement_bv_update_history` (`right_carry`, `date`, `from_id`, `user_id`) VALUES ('150', '2025-04-14 09:47:07', 'ETPYLQ', 'JHRDHS');
UPDATE `user_registration` SET `cycle_rank_id` = '1'
WHERE `user_id` = 'JHRDHS';
INSERT INTO `rank_history` (`rank_id`, `user_id`, `name`, `bv`, `date`, `amount`, `type`) VALUES ('1', 'JHRDHS', 'Affiliate', '0', '2025-04-14 09:47:07', '0', 'auto');
UPDATE `bv_updation` SET right_carry = right_carry+150, total_right = total_right+150
WHERE `user_id` = 'CVVK4C';
INSERT INTO `placement_bv_update_history` (`right_carry`, `date`, `from_id`, `user_id`) VALUES ('150', '2025-04-14 09:47:07', 'ETPYLQ', 'CVVK4C');
UPDATE `user_registration` SET `cycle_rank_id` = '1'
WHERE `user_id` = 'CVVK4C';
INSERT INTO `rank_history` (`rank_id`, `user_id`, `name`, `bv`, `date`, `amount`, `type`) VALUES ('1', 'CVVK4C', 'Affiliate', '0', '2025-04-14 09:47:07', '0', 'auto');
UPDATE `bv_updation` SET left_carry = left_carry+150, total_left = total_left+150
WHERE `user_id` = 'K55EDD';
INSERT INTO `placement_bv_update_history` (`left_carry`, `date`, `from_id`, `user_id`) VALUES ('150', '2025-04-14 09:47:07', 'ETPYLQ', 'K55EDD');
UPDATE `user_registration` SET `cycle_rank_id` = '1'
WHERE `user_id` = 'K55EDD';
INSERT INTO `rank_history` (`rank_id`, `user_id`, `name`, `bv`, `date`, `amount`, `type`) VALUES ('1', 'K55EDD', 'Affiliate', '0', '2025-04-14 09:47:07', '0', 'auto');
UPDATE `bv_updation` SET left_carry = left_carry+150, total_left = total_left+150
WHERE `user_id` = 'UQO7EQ';
INSERT INTO `placement_bv_update_history` (`left_carry`, `date`, `from_id`, `user_id`) VALUES ('150', '2025-04-14 09:47:07', 'ETPYLQ', 'UQO7EQ');
UPDATE `user_registration` SET `cycle_rank_id` = '1'
WHERE `user_id` = 'UQO7EQ';
INSERT INTO `rank_history` (`rank_id`, `user_id`, `name`, `bv`, `date`, `amount`, `type`) VALUES ('1', 'UQO7EQ', 'Affiliate', '0', '2025-04-14 09:47:07', '0', 'auto');
UPDATE `bv_updation` SET left_carry = left_carry+150, total_left = total_left+150
WHERE `user_id` = 'N6GZAE';
INSERT INTO `placement_bv_update_history` (`left_carry`, `date`, `from_id`, `user_id`) VALUES ('150', '2025-04-14 09:47:07', 'ETPYLQ', 'N6GZAE');
UPDATE `user_registration` SET `cycle_rank_id` = '1'
WHERE `user_id` = 'N6GZAE';
INSERT INTO `rank_history` (`rank_id`, `user_id`, `name`, `bv`, `date`, `amount`, `type`) VALUES ('1', 'N6GZAE', 'Affiliate', '0', '2025-04-14 09:47:08', '0', 'auto');
UPDATE `bv_updation` SET left_carry = left_carry+150, total_left = total_left+150
WHERE `user_id` = '4E1CRI';
INSERT INTO `placement_bv_update_history` (`left_carry`, `date`, `from_id`, `user_id`) VALUES ('150', '2025-04-14 09:47:08', 'ETPYLQ', '4E1CRI');
UPDATE `bv_updation` SET left_carry = left_carry+150, total_left = total_left+150
WHERE `user_id` = 'SJBNYJ';
INSERT INTO `placement_bv_update_history` (`left_carry`, `date`, `from_id`, `user_id`) VALUES ('150', '2025-04-14 09:47:08', 'ETPYLQ', 'SJBNYJ');
UPDATE `user_registration` SET `cycle_rank_id` = '1'
WHERE `user_id` = 'SJBNYJ';
INSERT INTO `rank_history` (`rank_id`, `user_id`, `name`, `bv`, `date`, `amount`, `type`) VALUES ('1', 'SJBNYJ', 'Affiliate', '0', '2025-04-14 09:47:08', '0', 'auto');
UPDATE `bv_updation` SET left_carry = left_carry+150, total_left = total_left+150
WHERE `user_id` = '44B9Y4';
INSERT INTO `placement_bv_update_history` (`left_carry`, `date`, `from_id`, `user_id`) VALUES ('150', '2025-04-14 09:47:08', 'ETPYLQ', '44B9Y4');
UPDATE `user_registration` SET `cycle_rank_id` = '1'
WHERE `user_id` = '44B9Y4';
INSERT INTO `rank_history` (`rank_id`, `user_id`, `name`, `bv`, `date`, `amount`, `type`) VALUES ('1', '44B9Y4', 'Affiliate', '0', '2025-04-14 09:47:08', '0', 'auto');
UPDATE `bv_updation` SET right_carry = right_carry+150, total_right = total_right+150
WHERE `user_id` = 'admin';
INSERT INTO `placement_bv_update_history` (`right_carry`, `date`, `from_id`, `user_id`) VALUES ('150', '2025-04-14 09:47:08', 'ETPYLQ', 'admin');
UPDATE `user_registration` SET `cycle_rank_id` = '1'
WHERE `user_id` = 'admin';
INSERT INTO `rank_history` (`rank_id`, `user_id`, `name`, `bv`, `date`, `amount`, `type`) VALUES ('1', 'admin', 'Affiliate', '0', '2025-04-14 09:47:08', '0', 'auto');
UPDATE `user_registration` SET `subscription_date` = '2025-05-14', `active_status` = 'yes'
WHERE `user_id` = 'ETPYLQ';
UPDATE `user_registration` SET `popup_seen` = 'yes'
WHERE `user_id` = 'ETPYLQ';
UPDATE `user_registration` SET `popup_seen` = 'yes'
WHERE `user_id` = 'U7SMZ8';
UPDATE `user_registration` SET `popup_seen` = 'yes'
WHERE `user_id` = 'U7SMZ8';
UPDATE `user_registration` SET `popup_seen` = 'no'
WHERE `user_id` = 'U7SMZ8';
DELETE FROM `ci_sessions`
WHERE `id` = '5cda96a53a1f21f7837a0b67d3b815567f8b6c53';
INSERT INTO `login_history` (`user_id`, `device`, `ip_address`, `date`) VALUES ('AABG7W', 'Mozilla/5.0 (Linux; Android 10; K) AppleWebKit/537.36 (KHTML, like Gecko) Chrome/135.0.0.0 Mobile Safari/537.36', '172.70.254.95', '25-04-14 09:48');
UPDATE `user_registration` SET `popup_seen` = 'yes'
WHERE `user_id` = 'AABG7W';
UPDATE `user_registration` SET `language` = 'spanish'
WHERE `user_id` = 'AABG7W';
UPDATE `user_registration` SET `popup_seen` = 'yes'
WHERE `user_id` = 'AABG7W';
UPDATE `user_registration` SET `popup_seen` = 'no'
WHERE `user_id` = 'ETPYLQ';
DELETE FROM `ci_sessions`
WHERE `id` = 'b05e64e1c8a5a531d2e346e682033cbc9643070f';
UPDATE `ci_sessions` SET `timestamp` = 1744642577, `data` = '__ci_last_regenerate|i:1744642577;captcha|s:4:\"4ff9\";'
WHERE `id` = '3cd9c45d65c20d5b1b2431ece2b99ec50e544f7a';
INSERT INTO `login_history` (`user_id`, `device`, `ip_address`, `date`) VALUES ('UQO7EQ', 'Mozilla/5.0 (Windows NT 10.0; Win64; x64) AppleWebKit/537.36 (KHTML, like Gecko) Chrome/135.0.0.0 Safari/537.36', '172.70.255.77', '25-04-14 09:56');
UPDATE `user_registration` SET `popup_seen` = 'yes'
WHERE `user_id` = 'UQO7EQ';
UPDATE `ci_sessions` SET `timestamp` = 1744643549, `data` = '__ci_last_regenerate|i:1744643549;id|s:4:\"2042\";user_id|s:6:\"UQO7EQ\";username|s:6:\"Rafa51\";sponsor_id|s:6:\"N6GZAE\";fullname|s:16:\"Rafael Rodriguez\";email|s:18:\"rafagana@yahoo.com\";phone|s:10:\"3057610606\";isLogIn|b:1;message|s:24:\"Welcome Rafael Rodriguez\";__ci_vars|a:1:{s:7:\"message\";s:3:\"old\";}'
WHERE `id` = 'fe77d2067e65a87fef5a6aa4f68d0aeaf87b883d';
UPDATE `user_registration` SET `popup_seen` = 'yes'
WHERE `user_id` = 'UQO7EQ';
UPDATE `user_registration` SET `popup_seen` = 'no'
WHERE `user_id` = 'UQO7EQ';
DELETE FROM `ci_sessions`
WHERE `id` = 'd8d9db34e3c3cf90407cd939259a9f2d75f1618f';
INSERT INTO `login_history` (`user_id`, `device`, `ip_address`, `date`) VALUES ('UQO7EQ', 'Mozilla/5.0 (Windows NT 10.0; Win64; x64) AppleWebKit/537.36 (KHTML, like Gecko) Chrome/135.0.0.0 Safari/537.36', '108.162.212.7', '25-04-14 10:16');
UPDATE `user_registration` SET `popup_seen` = 'yes'
WHERE `user_id` = 'UQO7EQ';
UPDATE `user_registration` SET `popup_seen` = 'no'
WHERE `user_id` = 'UQO7EQ';
DELETE FROM `ci_sessions`
WHERE `id` = 'c8833d528822a0a905b439985ac7d466fcce30db';
INSERT INTO `login_history` (`user_id`, `device`, `ip_address`, `date`) VALUES ('7P1TWW', 'Mozilla/5.0 (Linux; Android 10; K) AppleWebKit/537.36 (KHTML, like Gecko) Chrome/135.0.0.0 Mobile Safari/537.36', '172.70.82.158', '25-04-14 10:28');
UPDATE `user_registration` SET `popup_seen` = 'yes'
WHERE `user_id` = '7P1TWW';
INSERT INTO `login_history` (`user_id`, `device`, `ip_address`, `date`) VALUES ('JHRDHS', 'Mozilla/5.0 (iPhone; CPU iPhone OS 18_3_2 like Mac OS X) AppleWebKit/605.1.15 (KHTML, like Gecko) Version/18.3.1 Mobile/15E148 Safari/604.1', '172.71.156.142', '25-04-14 10:37');
UPDATE `user_registration` SET `popup_seen` = 'yes'
WHERE `user_id` = 'JHRDHS';
UPDATE `ci_sessions` SET `timestamp` = 1744645113, `data` = '__ci_last_regenerate|i:1744645113;id|s:4:\"2226\";user_id|s:6:\"7P1TWW\";username|s:8:\"AbiMar24\";sponsor_id|s:6:\"OTZTS5\";fullname|s:12:\"Martha Marin\";email|s:25:\"marthamarin9993@gmail.com\";phone|s:10:\"7862735424\";isLogIn|b:1;'
WHERE `id` = 'b2b58e58a15a6c260b3c7bdd90d9c31e02b0718a';
UPDATE `ci_sessions` SET `timestamp` = 1744645123, `data` = '__ci_last_regenerate|i:1744645123;captcha|s:4:\"gz4x\";'
WHERE `id` = 'c961a3ed73af44e63fc4c998d5d38e4aee3c7a83';
INSERT INTO `login_history` (`user_id`, `device`, `ip_address`, `date`) VALUES ('UQO7EQ', 'Mozilla/5.0 (Windows NT 10.0; Win64; x64) AppleWebKit/537.36 (KHTML, like Gecko) Chrome/135.0.0.0 Safari/537.36', '172.70.255.193', '25-04-14 10:38');
UPDATE `user_registration` SET `popup_seen` = 'yes'
WHERE `user_id` = 'UQO7EQ';
UPDATE `user_registration` SET `popup_seen` = 'yes'
WHERE `user_id` = 'UQO7EQ';
UPDATE `ci_sessions` SET `timestamp` = 1744645283, `data` = '__ci_last_regenerate|i:1744645283;id|s:4:\"2071\";user_id|s:6:\"JHRDHS\";username|s:7:\"mbecena\";sponsor_id|s:6:\"CVVK4C\";fullname|s:12:\"Maria Becena\";email|s:21:\"mbecena@bellsouth.net\";phone|s:10:\"7862360387\";isLogIn|b:1;message|s:20:\"Welcome Maria Becena\";__ci_vars|a:1:{s:7:\"message\";s:3:\"old\";}'
WHERE `id` = 'b0e13a1bfed205e4fba84c6550fc111ef993b0d7';
UPDATE `user_registration` SET `popup_seen` = 'yes'
WHERE `user_id` = 'UQO7EQ';
UPDATE `user_registration` SET `popup_seen` = 'no'
WHERE `user_id` = 'UQO7EQ';
DELETE FROM `ci_sessions`
WHERE `id` = 'f115f50e91404ca0a777d5d54025a5a4d9cc1ce1';
UPDATE `user_registration` SET `popup_seen` = 'no'
WHERE `user_id` IS NULL;
DELETE FROM `ci_sessions`
WHERE `id` = 'f115f50e91404ca0a777d5d54025a5a4d9cc1ce1';
UPDATE `user_registration` SET `popup_seen` = 'yes'
WHERE `user_id` = 'JHRDHS';
UPDATE `ci_sessions` SET `timestamp` = 1744645624, `data` = '__ci_last_regenerate|i:1744645624;captcha|s:4:\"socj\";'
WHERE `id` = '299ea188119c544ffa172093be5dba37bfca29dc';
INSERT INTO `login_history` (`user_id`, `device`, `ip_address`, `date`) VALUES ('UQO7EQ', 'Mozilla/5.0 (Windows NT 10.0; Win64; x64) AppleWebKit/537.36 (KHTML, like Gecko) Chrome/135.0.0.0 Safari/537.36', '172.69.132.224', '25-04-14 10:47');
UPDATE `user_registration` SET `popup_seen` = 'yes'
WHERE `user_id` = 'UQO7EQ';
UPDATE `ci_sessions` SET `timestamp` = 1744646438, `data` = '__ci_last_regenerate|i:1744646438;id|s:4:\"2042\";user_id|s:6:\"UQO7EQ\";username|s:6:\"Rafa51\";sponsor_id|s:6:\"N6GZAE\";fullname|s:16:\"Rafael Rodriguez\";email|s:18:\"rafagana@yahoo.com\";phone|s:10:\"3057610606\";isLogIn|b:1;message|s:24:\"Welcome Rafael Rodriguez\";__ci_vars|a:1:{s:7:\"message\";s:3:\"old\";}'
WHERE `id` = '2265dc94208281014cc5ff4a283559f0e794cdc8';
UPDATE `user_registration` SET `popup_seen` = 'yes'
WHERE `user_id` = 'UQO7EQ';
UPDATE `user_registration` SET `popup_seen` = 'yes'
WHERE `user_id` = 'UQO7EQ';
UPDATE `user_registration` SET `popup_seen` = 'no'
WHERE `user_id` = 'UQO7EQ';
DELETE FROM `ci_sessions`
WHERE `id` = '2265dc94208281014cc5ff4a283559f0e794cdc8';
UPDATE `ci_sessions` SET `timestamp` = 1744647705, `data` = '__ci_last_regenerate|i:1744647705;captcha|s:4:\"5a3x\";'
WHERE `id` = 'ce3cd9145cc9599aeda901c976835e4c14685ee6';
INSERT INTO `login_history` (`user_id`, `device`, `ip_address`, `date`) VALUES ('UQO7EQ', 'Mozilla/5.0 (Windows NT 10.0; Win64; x64) AppleWebKit/537.36 (KHTML, like Gecko) Chrome/135.0.0.0 Safari/537.36', '172.68.7.16', '25-04-14 11:21');
UPDATE `user_registration` SET `popup_seen` = 'yes'
WHERE `user_id` = 'UQO7EQ';
UPDATE `ci_sessions` SET `timestamp` = 1744647923, `data` = '__ci_last_regenerate|i:1744647923;id|s:4:\"2071\";user_id|s:6:\"JHRDHS\";username|s:7:\"mbecena\";sponsor_id|s:6:\"CVVK4C\";fullname|s:12:\"Maria Becena\";email|s:21:\"mbecena@bellsouth.net\";phone|s:10:\"7862360387\";isLogIn|b:1;'
WHERE `id` = '635fe8cea6c38c5b060516db4b353eb857190b73';
UPDATE `user_registration` SET `popup_seen` = 'no'
WHERE `user_id` IS NULL;
DELETE FROM `ci_sessions`
WHERE `id` = 'ff36486d50e076b6b5b8924ec0c7e13033691a97';
UPDATE `ci_sessions` SET `timestamp` = 1744648555, `data` = '__ci_last_regenerate|i:1744648555;id|s:4:\"2042\";user_id|s:6:\"UQO7EQ\";username|s:6:\"Rafa51\";sponsor_id|s:6:\"N6GZAE\";fullname|s:16:\"Rafael Rodriguez\";email|s:18:\"rafagana@yahoo.com\";phone|s:10:\"3057610606\";isLogIn|b:1;message|s:24:\"Welcome Rafael Rodriguez\";__ci_vars|a:1:{s:7:\"message\";s:3:\"old\";}'
WHERE `id` = 'f790d22c75b12eb66f7e56dda0562c2f5ea3c9b5';
UPDATE `user_registration` SET `popup_seen` = 'yes'
WHERE `user_id` = 'UQO7EQ';
UPDATE `user_registration` SET `popup_seen` = 'yes'
WHERE `user_id` = 'CVVK4C';
UPDATE `user_registration` SET `popup_seen` = 'no'
WHERE `user_id` = 'CVVK4C';
DELETE FROM `ci_sessions`
WHERE `id` = 'eea9a627f16e5dacfd39159dd52e7c8cec2e74e1';
UPDATE `ci_sessions` SET `timestamp` = 1744649877, `data` = '__ci_last_regenerate|i:1744649877;id|s:4:\"2071\";user_id|s:6:\"JHRDHS\";username|s:7:\"mbecena\";sponsor_id|s:6:\"CVVK4C\";fullname|s:12:\"Maria Becena\";email|s:21:\"mbecena@bellsouth.net\";phone|s:10:\"7862360387\";isLogIn|b:1;'
WHERE `id` = '5617191689820bda1237bd567d7de43d1fa37e42';
UPDATE `user_registration` SET `popup_seen` = 'yes'
WHERE `user_id` = 'JHRDHS';
UPDATE `user_registration` SET `popup_seen` = 'yes'
WHERE `user_id` = 'JHRDHS';
UPDATE `ci_sessions` SET `timestamp` = 1744650302, `data` = '__ci_last_regenerate|i:1744650302;id|s:4:\"2042\";user_id|s:6:\"UQO7EQ\";username|s:6:\"Rafa51\";sponsor_id|s:6:\"N6GZAE\";fullname|s:16:\"Rafael Rodriguez\";email|s:18:\"rafagana@yahoo.com\";phone|s:10:\"3057610606\";isLogIn|b:1;'
WHERE `id` = '142887280fd258705b741f2cf204a43fb1c879af';
UPDATE `user_registration` SET `popup_seen` = 'yes'
WHERE `user_id` = 'UQO7EQ';
UPDATE `user_registration` SET `popup_seen` = 'no'
WHERE `user_id` = 'UQO7EQ';
DELETE FROM `ci_sessions`
WHERE `id` = '7abc453582cd355ef16991a29b26778e9e8ec597';
INSERT INTO `login_history` (`user_id`, `device`, `ip_address`, `date`) VALUES ('B5EVHD', 'Mozilla/5.0 (iPhone; CPU iPhone OS 18_3_2 like Mac OS X) AppleWebKit/605.1.15 (KHTML, like Gecko) Version/18.3.1 Mobile/15E148 Safari/604.1', '172.70.255.162', '25-04-14 12:26');
UPDATE `user_registration` SET `popup_seen` = 'yes'
WHERE `user_id` = 'B5EVHD';
UPDATE `ci_sessions` SET `timestamp` = 1744651669, `data` = '__ci_last_regenerate|i:1744651669;id|s:4:\"2071\";user_id|s:6:\"JHRDHS\";username|s:7:\"mbecena\";sponsor_id|s:6:\"CVVK4C\";fullname|s:12:\"Maria Becena\";email|s:21:\"mbecena@bellsouth.net\";phone|s:10:\"7862360387\";isLogIn|b:1;'
WHERE `id` = 'b01c1f9f1c5d8768f4e8ea05c0ca7584f8024054';
UPDATE `user_registration` SET `popup_seen` = 'yes'
WHERE `user_id` = 'JHRDHS';
INSERT INTO `login_history` (`user_id`, `device`, `ip_address`, `date`) VALUES ('44B9Y4', 'Mozilla/5.0 (iPhone; CPU iPhone OS 18_3_2 like Mac OS X) AppleWebKit/605.1.15 (KHTML, like Gecko) Version/18.3.1 Mobile/15E148 Safari/604.1', '172.70.255.194', '25-04-14 12:57');
UPDATE `user_registration` SET `popup_seen` = 'yes'
WHERE `user_id` = '44B9Y4';
INSERT INTO `login_history` (`user_id`, `device`, `ip_address`, `date`) VALUES ('4VE7D1', 'Mozilla/5.0 (iPhone; CPU iPhone OS 18_3_2 like Mac OS X) AppleWebKit/605.1.15 (KHTML, like Gecko) Version/18.3.1 Mobile/15E148 Safari/604.1', '172.70.255.69', '25-04-14 13:46');
UPDATE `user_registration` SET `popup_seen` = 'yes'
WHERE `user_id` = '4VE7D1';
UPDATE `ci_sessions` SET `timestamp` = 1744656720, `data` = '__ci_last_regenerate|i:1744656720;id|s:4:\"2270\";user_id|s:6:\"4VE7D1\";username|s:9:\"Ibarzabal\";sponsor_id|s:6:\"JHRDHS\";fullname|s:24:\"Carousel Barber Shop Inc\";email|s:24:\"frankibarzabal@gmail.com\";phone|s:10:\"7862307398\";isLogIn|b:1;'
WHERE `id` = 'bbbb4a9976ebe7af8e1870311c7f6f47d5ebe8a0';
INSERT INTO `login_history` (`user_id`, `device`, `ip_address`, `date`) VALUES ('AABG7W', 'Mozilla/5.0 (Linux; Android 10; K) AppleWebKit/537.36 (KHTML, like Gecko) Chrome/135.0.0.0 Mobile Safari/537.36', '172.68.12.55', '25-04-14 14:14');
UPDATE `user_registration` SET `popup_seen` = 'yes'
WHERE `user_id` = 'AABG7W';
UPDATE `ci_sessions` SET `timestamp` = 1744658462, `data` = '__ci_last_regenerate|i:1744658462;id|s:4:\"2057\";user_id|s:6:\"AABG7W\";username|s:10:\"freeurlife\";sponsor_id|s:6:\"UQO7EQ\";fullname|s:12:\"Lesli Andreu\";email|s:21:\"cranbarrier@gmail.com\";phone|s:10:\"7864171626\";isLogIn|b:1;'
WHERE `id` = 'd59a18ad07cfbd1f2f29a8e9f73372a1a868116b';
UPDATE `user_registration` SET `popup_seen` = 'yes'
WHERE `user_id` = 'AABG7W';
INSERT INTO `login_history` (`user_id`, `device`, `ip_address`, `date`) VALUES ('UQO7EQ', 'Mozilla/5.0 (Linux; Android 10; K) AppleWebKit/537.36 (KHTML, like Gecko) Chrome/131.0.0.0 Mobile Safari/537.36', '172.68.12.2', '25-04-14 14:27');
UPDATE `user_registration` SET `popup_seen` = 'yes'
WHERE `user_id` = 'UQO7EQ';
UPDATE `user_registration` SET `popup_seen` = 'yes'
WHERE `user_id` = 'UQO7EQ';
UPDATE `user_registration` SET `popup_seen` = 'yes'
WHERE `user_id` = 'UQO7EQ';
UPDATE `user_registration` SET `popup_seen` = 'yes'
WHERE `user_id` = 'UQO7EQ';
UPDATE `user_registration` SET `popup_seen` = 'no'
WHERE `user_id` = 'UQO7EQ';
DELETE FROM `ci_sessions`
WHERE `id` = '1fef2bf10eb56d2e39f67bf335f90344b6d15735';
INSERT INTO `login_history` (`user_id`, `device`, `ip_address`, `date`) VALUES ('TU7MHD', 'Mozilla/5.0 (Macintosh; Intel Mac OS X 10_15_7) AppleWebKit/605.1.15 (KHTML, like Gecko) Version/18.3.1 Safari/605.1.15', '172.70.255.70', '25-04-14 14:37');
UPDATE `user_registration` SET `popup_seen` = 'yes'
WHERE `user_id` = 'TU7MHD';
INSERT INTO `login_history` (`user_id`, `device`, `ip_address`, `date`) VALUES ('XHO8CJ', 'Mozilla/5.0 (Windows NT 10.0; Win64; x64) AppleWebKit/537.36 (KHTML, like Gecko) Chrome/135.0.0.0 Safari/537.36', '172.68.12.145', '25-04-14 14:38');
UPDATE `user_registration` SET `popup_seen` = 'yes'
WHERE `user_id` = 'XHO8CJ';
UPDATE `user_registration` SET `language` = 'english'
WHERE `user_id` = 'XHO8CJ';
UPDATE `user_registration` SET `popup_seen` = 'yes'
WHERE `user_id` = 'XHO8CJ';
UPDATE `user_registration` SET `popup_seen` = 'yes'
WHERE `user_id` = 'TU7MHD';
UPDATE `ci_sessions` SET `timestamp` = 1744659902, `data` = '__ci_last_regenerate|i:1744659902;id|s:4:\"2141\";user_id|s:6:\"TU7MHD\";username|s:8:\"Betgarc3\";sponsor_id|s:6:\"8D7CNL\";fullname|s:12:\"Betty Garcia\";email|s:20:\"betgarc42@gmaill.com\";phone|s:10:\"3053389989\";isLogIn|b:1;'
WHERE `id` = '8a78c3b73e0cf862d3a8d7746c9bb3d24f3ee6af';
UPDATE `ci_sessions` SET `timestamp` = 1744660530, `data` = '__ci_last_regenerate|i:1744660530;id|s:4:\"2073\";user_id|s:6:\"XHO8CJ\";username|s:7:\"Ariel78\";sponsor_id|s:6:\"U7SMZ8\";fullname|s:12:\"Ariel Zomoza\";email|s:23:\"arielzomoza@hotmail.com\";phone|s:10:\"7863844290\";isLogIn|b:1;'
WHERE `id` = 'b3dc487332a058778c515cabab055396c75274ba';
UPDATE `user_registration` SET `popup_seen` = 'yes'
WHERE `user_id` = 'XHO8CJ';
UPDATE `user_registration` SET `popup_seen` = 'yes'
WHERE `user_id` = 'XHO8CJ';
UPDATE `user_registration` SET `popup_seen` = 'yes'
WHERE `user_id` = 'XHO8CJ';
UPDATE `ci_sessions` SET `timestamp` = 1744660861, `data` = '__ci_last_regenerate|i:1744660861;id|s:4:\"2073\";user_id|s:6:\"XHO8CJ\";username|s:7:\"Ariel78\";sponsor_id|s:6:\"U7SMZ8\";fullname|s:12:\"Ariel Zomoza\";email|s:23:\"arielzomoza@hotmail.com\";phone|s:10:\"7863844290\";isLogIn|b:1;'
WHERE `id` = '952d815448c4ca201fd8357773b96256d2ee63a5';
UPDATE `user_registration` SET `popup_seen` = 'yes'
WHERE `user_id` = 'XHO8CJ';
INSERT INTO `login_history` (`user_id`, `device`, `ip_address`, `date`) VALUES ('9I44XH', 'Mozilla/5.0 (Linux; Android 10; K) AppleWebKit/537.36 (KHTML, like Gecko) Chrome/135.0.0.0 Mobile Safari/537.36', '172.68.12.94', '25-04-14 15:21');
UPDATE `user_registration` SET `popup_seen` = 'yes'
WHERE `user_id` = '9I44XH';
UPDATE `user_registration` SET `popup_seen` = 'yes'
WHERE `user_id` = '9I44XH';
UPDATE `ci_sessions` SET `timestamp` = 1744662540, `data` = '__ci_last_regenerate|i:1744662540;captcha|s:4:\"ikri\";'
WHERE `id` = 'd5f57d3ca9f0f2602a5968cd016a2dbd1f9b01b2';
INSERT INTO `login_history` (`user_id`, `device`, `ip_address`, `date`) VALUES ('EKTIVH', 'Mozilla/5.0 (iPhone; CPU iPhone OS 18_3_2 like Mac OS X) AppleWebKit/605.1.15 (KHTML, like Gecko) Version/18.3.1 Mobile/15E148 Safari/604.1', '108.162.237.51', '25-04-14 15:42');
UPDATE `user_registration` SET `popup_seen` = 'yes'
WHERE `user_id` = 'EKTIVH';
UPDATE `ci_sessions` SET `timestamp` = 1744663862, `data` = '__ci_last_regenerate|i:1744663862;id|s:4:\"2141\";user_id|s:6:\"TU7MHD\";username|s:8:\"Betgarc3\";sponsor_id|s:6:\"8D7CNL\";fullname|s:12:\"Betty Garcia\";email|s:20:\"betgarc42@gmaill.com\";phone|s:10:\"3053389989\";isLogIn|b:1;'
WHERE `id` = 'a93d5f4a45587cda574cec145475ad2c6b4dde9d';
UPDATE `user_registration` SET `popup_seen` = 'yes'
WHERE `user_id` = 'TU7MHD';
UPDATE `ci_sessions` SET `timestamp` = 1744664459, `data` = '__ci_last_regenerate|i:1744664459;id|s:4:\"2323\";user_id|s:6:\"EKTIVH\";username|s:12:\"annielyeli21\";sponsor_id|s:6:\"OTZTS5\";fullname|s:13:\"Anniell Reyes\";email|s:23:\"anniel.reyes@icloud.com\";phone|s:10:\"8128171294\";isLogIn|b:1;'
WHERE `id` = '2eac9e3330689d7403ddd26e6be4d9f1af623643';
INSERT INTO `login_history` (`user_id`, `device`, `ip_address`, `date`) VALUES ('UQO7EQ', 'Mozilla/5.0 (Windows NT 10.0; Win64; x64) AppleWebKit/537.36 (KHTML, like Gecko) Chrome/135.0.0.0 Safari/537.36', '172.68.7.182', '25-04-14 16:21');
UPDATE `user_registration` SET `popup_seen` = 'yes'
WHERE `user_id` = 'UQO7EQ';
UPDATE `user_registration` SET `popup_seen` = 'no'
WHERE `user_id` = 'UQO7EQ';
DELETE FROM `ci_sessions`
WHERE `id` = '5270a2ce5a7c57097b3e6471d4068481633e6700';
INSERT INTO `login_history` (`user_id`, `device`, `ip_address`, `date`) VALUES ('JIL8K9', 'Mozilla/5.0 (iPhone; CPU iPhone OS 18_3_2 like Mac OS X) AppleWebKit/605.1.15 (KHTML, like Gecko) Version/18.3.1 Mobile/15E148 Safari/604.1', '172.71.156.143', '25-04-14 16:27');
UPDATE `user_registration` SET `popup_seen` = 'yes'
WHERE `user_id` = 'JIL8K9';
UPDATE `user_registration` SET `popup_seen` = 'yes'
WHERE `user_id` = 'JIL8K9';
UPDATE `user_registration` SET `popup_seen` = 'yes'
WHERE `user_id` = 'JIL8K9';
UPDATE `user_registration` SET `popup_seen` = 'yes'
WHERE `user_id` = 'JIL8K9';
UPDATE `ci_sessions` SET `timestamp` = 1744666448, `data` = '__ci_last_regenerate|i:1744666448;id|s:4:\"2072\";user_id|s:6:\"JIL8K9\";username|s:9:\"Daysi1970\";sponsor_id|s:6:\"U7SMZ8\";fullname|s:15:\"Daysi Chavarria\";email|s:20:\"urquia0831@gmail.com\";phone|s:10:\"3055707872\";isLogIn|b:1;'
WHERE `id` = 'ca49d2910d54611986dd3e6f97ab12a5b7e27f7d';
UPDATE `user_registration` SET `popup_seen` = 'yes'
WHERE `user_id` = 'JIL8K9';
UPDATE `user_registration` SET `popup_seen` = 'no'
WHERE `user_id` = 'JIL8K9';
DELETE FROM `ci_sessions`
WHERE `id` = 'b88e76f599382ce51f4716318ea4c0cc7e81f69a';
INSERT INTO `login_history` (`user_id`, `device`, `ip_address`, `date`) VALUES ('OMGB4G', 'Mozilla/5.0 (Windows NT 10.0; Win64; x64) AppleWebKit/537.36 (KHTML, like Gecko) Chrome/109.0.0.0 Safari/537.36', '172.70.55.204', '25-04-14 16:39');
UPDATE `user_registration` SET `popup_seen` = 'yes'
WHERE `user_id` = 'OMGB4G';
INSERT INTO `login_history` (`user_id`, `device`, `ip_address`, `date`) VALUES ('4VE7D1', 'Mozilla/5.0 (iPhone; CPU iPhone OS 18_3_2 like Mac OS X) AppleWebKit/605.1.15 (KHTML, like Gecko) Version/18.3.1 Mobile/15E148 Safari/604.1', '172.70.54.70', '25-04-14 16:46');
UPDATE `user_registration` SET `popup_seen` = 'yes'
WHERE `user_id` = '4VE7D1';
UPDATE `ci_sessions` SET `timestamp` = 1744667324, `data` = '__ci_last_regenerate|i:1744667324;id|s:4:\"2102\";user_id|s:6:\"OMGB4G\";username|s:8:\"Debora68\";sponsor_id|s:6:\"U7SMZ8\";fullname|s:11:\"Ania Debora\";email|s:21:\"aniadebora8@gmail.com\";phone|s:10:\"3057261484\";isLogIn|b:1;'
WHERE `id` = '1d2398bfa6bc08d7f80014a55488719107d59517';
UPDATE `user_registration` SET `popup_seen` = 'yes'
WHERE `user_id` = '4VE7D1';
UPDATE `user_registration` SET `popup_seen` = 'yes'
WHERE `user_id` = '4VE7D1';
UPDATE `user_registration` SET `popup_seen` = 'yes'
WHERE `user_id` = 'OMGB4G';
UPDATE `ci_sessions` SET `timestamp` = 1744667369, `data` = '__ci_last_regenerate|i:1744667369;captcha|s:4:\"p2ty\";'
WHERE `id` = '5aba9ca18b041cb2afd033c35557fc7d64bfafbb';
INSERT INTO `login_history` (`user_id`, `device`, `ip_address`, `date`) VALUES ('UQO7EQ', 'Mozilla/5.0 (Windows NT 10.0; Win64; x64) AppleWebKit/537.36 (KHTML, like Gecko) Chrome/135.0.0.0 Safari/537.36', '172.68.7.88', '25-04-14 16:49');
UPDATE `user_registration` SET `popup_seen` = 'yes'
WHERE `user_id` = 'UQO7EQ';
UPDATE `user_registration` SET `popup_seen` = 'yes'
WHERE `user_id` = 'UQO7EQ';
UPDATE `user_registration` SET `popup_seen` = 'no'
WHERE `user_id` = 'UQO7EQ';
DELETE FROM `ci_sessions`
WHERE `id` = 'a052f8a91b92179cc94081fccd7ffcdc3f95411d';
INSERT INTO `login_history` (`user_id`, `device`, `ip_address`, `date`) VALUES ('9ST4Y6', 'Mozilla/5.0 (Windows NT 10.0; Win64; x64) AppleWebKit/537.36 (KHTML, like Gecko) Chrome/135.0.0.0 Safari/537.36', '172.68.7.63', '25-04-14 16:52');
UPDATE `user_registration` SET `popup_seen` = 'yes'
WHERE `user_id` = '9ST4Y6';
UPDATE `user_registration` SET `popup_seen` = 'yes'
WHERE `user_id` = '9ST4Y6';
UPDATE `ci_sessions` SET `timestamp` = 1744667636, `data` = '__ci_last_regenerate|i:1744667636;id|s:4:\"2102\";user_id|s:6:\"OMGB4G\";username|s:8:\"Debora68\";sponsor_id|s:6:\"U7SMZ8\";fullname|s:11:\"Ania Debora\";email|s:21:\"aniadebora8@gmail.com\";phone|s:10:\"3057261484\";isLogIn|b:1;'
WHERE `id` = 'fc73690ebddecda48e2d7c36bcc533a3c0554625';
UPDATE `user_registration` SET `popup_seen` = 'no'
WHERE `user_id` = '9ST4Y6';
DELETE FROM `ci_sessions`
WHERE `id` = '27ba9a05a658c9ea9c92ba5717d42e654da9653e';
UPDATE `user_registration` SET `popup_seen` = 'yes'
WHERE `user_id` = 'OMGB4G';
UPDATE `user_registration` SET `popup_seen` = 'yes'
WHERE `user_id` = 'OMGB4G';
INSERT INTO `login_history` (`user_id`, `device`, `ip_address`, `date`) VALUES ('QJ5U9C', 'Mozilla/5.0 (Windows NT 10.0; Win64; x64) AppleWebKit/537.36 (KHTML, like Gecko) Chrome/135.0.0.0 Safari/537.36', '172.68.12.97', '25-04-14 16:55');
UPDATE `user_registration` SET `popup_seen` = 'yes'
WHERE `user_id` = 'QJ5U9C';
UPDATE `user_registration` SET `popup_seen` = 'yes'
WHERE `user_id` = 'OMGB4G';
INSERT INTO `login_history` (`user_id`, `device`, `ip_address`, `date`) VALUES ('DSVFR5', 'Mozilla/5.0 (iPhone; CPU iPhone OS 18_3_2 like Mac OS X) AppleWebKit/605.1.15 (KHTML, like Gecko) Version/18.3.1 Mobile/15E148 Safari/604.1', '172.68.7.203', '25-04-14 16:56');
UPDATE `user_registration` SET `popup_seen` = 'yes'
WHERE `user_id` = 'DSVFR5';
INSERT INTO `payquicker_token` (`response`, `token`, `created_time`, `expires_at`) VALUES ('{\"access_token\":\"19DD6B06C99C814B5A4F0D7FD95B72AADF983B3E2E3F82AD592AB8F721D53495-1\",\"expires_in\":3600,\"token_type\":\"Bearer\",\"scope\":\"api useraccount_balance useraccount_debit useraccount_invitation useraccount_payment\"}', '19DD6B06C99C814B5A4F0D7FD95B72AADF983B3E2E3F82AD592AB8F721D53495-1', '2025-04-14 16:58:38', '2025-04-14 17:58:38');
UPDATE `ci_sessions` SET `timestamp` = 1744667993, `data` = '__ci_last_regenerate|i:1744667993;id|s:4:\"2246\";user_id|s:6:\"DSVFR5\";username|s:9:\"jesus1970\";sponsor_id|s:6:\"HSP8ZI\";fullname|s:23:\"Jesus M Cruz Santovenia\";email|s:29:\"jesuscruzsantovenia@gmail.com\";phone|s:10:\"7863445733\";isLogIn|b:1;exception|s:93:\"A user invitation already exists with a matching email address jesuscruzsantovenia@gmail.com.\";__ci_vars|a:1:{s:9:\"exception\";s:3:\"old\";}'
WHERE `id` = 'ee9407975b4cc6900079364d29d661fcf1917826';
UPDATE `payquicker_send_invite` SET `response` = '[{\"dateInvited\":\"2025-04-14T02:20:39Z\",\"invitationKey\":\"ZxlI3HOyMIEbpDzeRQlFRQpbjaa5XbHmDK9u88JAQWjzwnVcenxXmYEBf0I9Shk5k2ch2WPUIweVvcrQIeNSL1aCliUOBfcrjciOZpbDZVU85PNCrQyljLLJb4CiCDBYbdb62vDe1MYGoR4ogq6SUR0gKjDa1mR5hvhgFjtSQ0fhfENN3e9EPW0v2badbxAFZpsSVI8uMppho0jhoInLYSnK8oCXkfhlaf07bw2C9qfzuTw6vVrQWvY3hF3xGj6A\",\"invitationStatus\":\"InvitationStatusType_Pending\",\"registrationStatus\":\"NotStarted\",\"registrationDetails\":{\"addresses\":[{\"city\":\"Miami\",\"country\":\"USA\",\"postalCode\":\"33147\",\"region\":\"Florida\",\"streetAddress1\":\"9150 NW 33 Ave Rd\",\"created\":\"0001-01-01T00:00:00Z\",\"type\":\"AddressType_Residential\"}],\"fundingAccountPublicId\":\"4e84a85ac47e46639c648f932d48fdf0\",\"issuePlasticCard\":true,\"notifyUser\":true,\"userDetails\":{\"emailAddress\":\"jesuscruzsantovenia@gmail.com\",\"firstName\":\"Jesus M\",\"lastName\":\"Cruz Santovenia\",\"userCompanyAssignedUniqueKey\":\"jesus1970KtcC\"}}}]', `date` = '2025-04-14 17:00:39';
INSERT INTO `login_history` (`user_id`, `device`, `ip_address`, `date`) VALUES ('7P1TWW', 'Mozilla/5.0 (Linux; Android 10; K) AppleWebKit/537.36 (KHTML, like Gecko) Chrome/135.0.0.0 Safari/537.36', '172.70.255.78', '25-04-14 17:20');
UPDATE `user_registration` SET `popup_seen` = 'yes'
WHERE `user_id` = '7P1TWW';
UPDATE `ci_sessions` SET `timestamp` = 1744669307, `data` = '__ci_last_regenerate|i:1744669307;captcha|s:4:\"g2of\";'
WHERE `id` = 'd75cab7b7e9c63d9518d9dd474b6770ddbd763ec';
INSERT INTO `login_history` (`user_id`, `device`, `ip_address`, `date`) VALUES ('UQO7EQ', 'Mozilla/5.0 (Windows NT 10.0; Win64; x64) AppleWebKit/537.36 (KHTML, like Gecko) Chrome/135.0.0.0 Safari/537.36', '172.70.82.149', '25-04-14 17:21');
UPDATE `user_registration` SET `popup_seen` = 'yes'
WHERE `user_id` = 'UQO7EQ';
INSERT INTO `login_history` (`user_id`, `device`, `ip_address`, `date`) VALUES ('7P1TWW', 'Mozilla/5.0 (Linux; Android 10; K) AppleWebKit/537.36 (KHTML, like Gecko) Chrome/135.0.0.0 Mobile Safari/537.36', '172.70.54.108', '25-04-14 17:24');
UPDATE `user_registration` SET `popup_seen` = 'yes'
WHERE `user_id` = '7P1TWW';
INSERT INTO `login_history` (`user_id`, `device`, `ip_address`, `date`) VALUES ('XHO8CJ', 'Mozilla/5.0 (Windows NT 10.0; Win64; x64) AppleWebKit/537.36 (KHTML, like Gecko) Chrome/135.0.0.0 Safari/537.36', '172.69.132.247', '25-04-14 17:25');
UPDATE `user_registration` SET `popup_seen` = 'yes'
WHERE `user_id` = 'XHO8CJ';
INSERT INTO `login_history` (`user_id`, `device`, `ip_address`, `date`) VALUES ('1GNDEQ', 'Mozilla/5.0 (Windows NT 10.0; Win64; x64) AppleWebKit/537.36 (KHTML, like Gecko) Chrome/135.0.0.0 Safari/537.36', '172.68.7.183', '25-04-14 17:28');
UPDATE `user_registration` SET `popup_seen` = 'yes'
WHERE `user_id` = '1GNDEQ';
UPDATE `ci_sessions` SET `timestamp` = 1744669819, `data` = '__ci_last_regenerate|i:1744669819;id|s:4:\"2323\";user_id|s:6:\"EKTIVH\";username|s:12:\"annielyeli21\";sponsor_id|s:6:\"OTZTS5\";fullname|s:13:\"Anniell Reyes\";email|s:23:\"anniel.reyes@icloud.com\";phone|s:10:\"8128171294\";isLogIn|b:1;'
WHERE `id` = '2eac9e3330689d7403ddd26e6be4d9f1af623643';
UPDATE `ci_sessions` SET `timestamp` = 1744669957, `data` = '__ci_last_regenerate|i:1744669957;id|s:4:\"2084\";user_id|s:6:\"QJ5U9C\";username|s:10:\"gascarde60\";sponsor_id|s:6:\"O94ZPY\";fullname|s:14:\"Gaspar Cardero\";email|s:18:\"gascarde@yahoo.com\";phone|s:10:\"7862371360\";isLogIn|b:1;'
WHERE `id` = '4e037a5ab11f71f713c37acfba2c9ee07958ce07';
UPDATE `user_registration` SET `popup_seen` = 'yes'
WHERE `user_id` = 'QJ5U9C';
UPDATE `ci_sessions` SET `timestamp` = 1744670065, `data` = '__ci_last_regenerate|i:1744670065;id|s:4:\"2183\";user_id|s:6:\"1GNDEQ\";username|s:14:\"Millonaria1122\";sponsor_id|s:6:\"IYLH21\";fullname|s:18:\"Betty Lara-cormier\";email|s:26:\"Bettylaracormier@gmail.com\";phone|s:10:\"9545887999\";isLogIn|b:1;message|s:26:\"Welcome Betty Lara-cormier\";__ci_vars|a:1:{s:7:\"message\";s:3:\"old\";}'
WHERE `id` = '21c9db177c9351d2c42968740099d16eac6a038a';
UPDATE `user_registration` SET `language` = 'english'
WHERE `user_id` = '1GNDEQ';
UPDATE `user_registration` SET `popup_seen` = 'yes'
WHERE `user_id` = '1GNDEQ';
INSERT INTO `login_history` (`user_id`, `device`, `ip_address`, `date`) VALUES ('O94ZPY', 'Mozilla/5.0 (iPhone; CPU iPhone OS 18_3_2 like Mac OS X) AppleWebKit/605.1.15 (KHTML, like Gecko) Version/18.3.1 Mobile/15E148 Safari/604.1', '172.69.22.106', '25-04-14 17:34');
UPDATE `user_registration` SET `popup_seen` = 'yes'
WHERE `user_id` = 'O94ZPY';
UPDATE `ci_sessions` SET `timestamp` = 1744670075, `data` = '__ci_last_regenerate|i:1744670075;id|s:4:\"2226\";user_id|s:6:\"7P1TWW\";username|s:8:\"AbiMar24\";sponsor_id|s:6:\"OTZTS5\";fullname|s:12:\"Martha Marin\";email|s:25:\"marthamarin9993@gmail.com\";phone|s:10:\"7862735424\";isLogIn|b:1;'
WHERE `id` = 'bd93565081d095c44c23c8f9a5fdcd03a75e86f6';
UPDATE `ci_sessions` SET `timestamp` = 1744670163, `data` = '__ci_last_regenerate|i:1744670163;id|s:4:\"2042\";user_id|s:6:\"UQO7EQ\";username|s:6:\"Rafa51\";sponsor_id|s:6:\"N6GZAE\";fullname|s:16:\"Rafael Rodriguez\";email|s:18:\"rafagana@yahoo.com\";phone|s:10:\"3057610606\";isLogIn|b:1;message|s:24:\"Welcome Rafael Rodriguez\";__ci_vars|a:1:{s:7:\"message\";s:3:\"old\";}'
WHERE `id` = 'c337d07f53e22f885dc99fc98af1a12060bf802a';
UPDATE `user_registration` SET `popup_seen` = 'no'
WHERE `user_id` = 'UQO7EQ';
DELETE FROM `ci_sessions`
WHERE `id` = 'a132b94d8d31b2ab3425b5b40d66c639ac26b281';
INSERT INTO `temp_register` (`post_data`, `date`, `payment_method`, `type`) VALUES ('{\"user_id\":\"1GNDEQ\",\"package_id\":\"2\",\"amount\":\"150\",\"payment_method\":\"stripe\",\"date\":\"2025-04-14 17:37:02\"}', '2025-04-14 17:37:02', 'stripe', 'renew');
UPDATE `user_registration` SET `popup_seen` = 'yes'
WHERE `user_id` = '1GNDEQ';
UPDATE `ci_sessions` SET `timestamp` = 1744670446, `data` = '__ci_last_regenerate|i:1744670446;id|s:4:\"2226\";user_id|s:6:\"7P1TWW\";username|s:8:\"AbiMar24\";sponsor_id|s:6:\"OTZTS5\";fullname|s:12:\"Martha Marin\";email|s:25:\"marthamarin9993@gmail.com\";phone|s:10:\"7862735424\";isLogIn|b:1;'
WHERE `id` = '21ee95a9b7052a85b64ec03f7cbdc8e5e6b81e2b';
UPDATE `ci_sessions` SET `timestamp` = 1744670480, `data` = '__ci_last_regenerate|i:1744670480;id|s:4:\"2183\";user_id|s:6:\"1GNDEQ\";username|s:14:\"Millonaria1122\";sponsor_id|s:6:\"IYLH21\";fullname|s:18:\"Betty Lara-cormier\";email|s:26:\"Bettylaracormier@gmail.com\";phone|s:10:\"9545887999\";isLogIn|b:1;upgrade_stripe_id|i:298;'
WHERE `id` = '51cc38adbbea104d30be616fbd7943faa52b1b43';
INSERT INTO `temp_register` (`post_data`, `date`, `payment_method`, `type`) VALUES ('{\"user_id\":\"1GNDEQ\",\"package_id\":\"2\",\"amount\":\"150\",\"payment_method\":\"stripe\",\"date\":\"2025-04-14 17:41:32\"}', '2025-04-14 17:41:32', 'stripe', 'renew');
UPDATE `temp_register` SET `response` = '{\"stripeToken\":\"tok_1RDviH2NUoYUjiuuskjqyqvC\",\"stripeTokenType\":\"card\",\"stripeEmail\":\"bettylaracormier@gmail.com\"}', `date_modified` = '2025-04-14 17:42:54', `payment_status` = '{\"id\":\"ch_3RDviM2NUoYUjiuu0XTUPWvS\",\"object\":\"charge\",\"amount\":15000,\"amount_captured\":15000,\"amount_refunded\":0,\"application\":null,\"application_fee\":null,\"application_fee_amount\":null,\"balance_transaction\":\"txn_3RDviM2NUoYUjiuu0xc4I0gS\",\"billing_details\":{\"address\":{\"city\":null,\"country\":null,\"line1\":null,\"line2\":null,\"postal_code\":null,\"state\":null},\"email\":null,\"name\":\"bettylaracormier@gmail.com\",\"phone\":null},\"calculated_statement_descriptor\":\"TRAVELEGENDCY LLC\",\"captured\":true,\"created\":1744670574,\"currency\":\"usd\",\"customer\":\"cus_S8C6M20kIQMmys\",\"description\":null,\"destination\":null,\"dispute\":null,\"disputed\":false,\"failure_balance_transaction\":null,\"failure_code\":null,\"failure_message\":null,\"fraud_details\":[],\"invoice\":null,\"livemode\":true,\"metadata\":{\"name\":\"Betty Lara-cormier\",\"username\":\"Millonaria1122\"},\"on_behalf_of\":null,\"order\":null,\"outcome\":{\"advice_code\":null,\"network_advice_code\":null,\"network_decline_code\":null,\"network_status\":\"approved_by_network\",\"reason\":null,\"risk_level\":\"normal\",\"seller_message\":\"Payment complete.\",\"type\":\"authorized\"},\"paid\":true,\"payment_intent\":null,\"payment_method\":\"card_1RDviH2NUoYUjiuutsXNECru\",\"payment_method_details\":{\"card\":{\"amount_authorized\":15000,\"authorization_code\":\"068896\",\"brand\":\"visa\",\"checks\":{\"address_line1_check\":null,\"address_postal_code_check\":null,\"cvc_check\":\"pass\"},\"country\":\"US\",\"exp_month\":4,\"exp_year\":2029,\"extended_authorization\":{\"status\":\"disabled\"},\"fingerprint\":\"KP7keXXlUBXNPFEh\",\"funding\":\"debit\",\"incremental_authorization\":{\"status\":\"unavailable\"},\"installments\":null,\"last4\":\"9649\",\"mandate\":null,\"multicapture\":{\"status\":\"unavailable\"},\"network\":\"visa\",\"network_token\":{\"used\":false},\"network_transaction_id\":\"585104817749703\",\"overcapture\":{\"maximum_amount_capturable\":15000,\"status\":\"unavailable\"},\"regulated_status\":\"regulated\",\"three_d_secure\":null,\"wallet\":null},\"type\":\"card\"},\"receipt_email\":null,\"receipt_number\":null,\"receipt_url\":\"https:\\/\\/pay.stripe.com\\/receipts\\/payment\\/CAcQARoXChVhY2N0XzFRUEFGdjJOVW9ZVWppdXUo7572vwYyBgujs3d0hDosFsndW4bkZ3pBlVcoPgULriu_L9Zats3zl6F_xHVpyGwxEXSaqy43oMe9O7I\",\"refunded\":false,\"review\":null,\"shipping\":null,\"source\":{\"id\":\"card_1RDviH2NUoYUjiuutsXNECru\",\"object\":\"card\",\"address_city\":null,\"address_country\":null,\"address_line1\":null,\"address_line1_check\":null,\"address_line2\":null,\"address_state\":null,\"address_zip\":null,\"address_zip_check\":null,\"allow_redisplay\":\"unspecified\",\"brand\":\"Visa\",\"country\":\"US\",\"customer\":\"cus_S8C6M20kIQMmys\",\"cvc_check\":\"pass\",\"dynamic_last4\":null,\"exp_month\":4,\"exp_year\":2029,\"fingerprint\":\"KP7keXXlUBXNPFEh\",\"funding\":\"debit\",\"last4\":\"9649\",\"metadata\":[],\"name\":\"bettylaracormier@gmail.com\",\"regulated_status\":\"regulated\",\"tokenization_method\":null,\"wallet\":null},\"source_transfer\":null,\"statement_descriptor\":null,\"statement_descriptor_suffix\":null,\"status\":\"succeeded\",\"transfer_data\":null,\"transfer_group\":null}'
WHERE `id` = 299;
INSERT INTO `sub_history` (`user_id`, `package_id`, `amount`, `payment_method`, `date`) VALUES ('1GNDEQ', '2', '150', 'Stripe', '2025-04-14 17:42:54');
UPDATE `user_registration` SET sub_point = ROUND(sub_point + 150,2)
WHERE `user_id` = '1GNDEQ';
INSERT INTO `investment` (`invest_date`, `user_id`, `type`, `amount`, `package_id`) VALUES ('2025-04-14 17:42:54', '1GNDEQ', 'subscription', '150', '2');
UPDATE `user_registration` SET total_points = ROUND(total_points + 150,2)
WHERE `user_id` = '1GNDEQ';
INSERT INTO `points_history` (`user_id`, `points`, `type`, `date`) VALUES ('1GNDEQ', '150', 'subscription', '2025-04-14 17:42:');
UPDATE `bv_updation` SET right_carry = right_carry+150, total_right = total_right+150
WHERE `user_id` = 'IYLH21';
INSERT INTO `placement_bv_update_history` (`right_carry`, `date`, `from_id`, `user_id`) VALUES ('150', '2025-04-14 17:42:54', '1GNDEQ', 'IYLH21');
UPDATE `user_registration` SET `cycle_rank_id` = '1'
WHERE `user_id` = 'IYLH21';
INSERT INTO `rank_history` (`rank_id`, `user_id`, `name`, `bv`, `date`, `amount`, `type`) VALUES ('1', 'IYLH21', 'Affiliate', '0', '2025-04-14 17:42:54', '0', 'auto');
UPDATE `bv_updation` SET sponsor_right_carry = sponsor_right_carry+150, sponsor_total_right = sponsor_total_right+150
WHERE `user_id` = 'IYLH21';
INSERT INTO `sponsor_bv_update_history` (`right_carry`, `date`, `user_id`) VALUES ('150', '2025-04-14 17:42:54', 'IYLH21');
UPDATE `bv_updation` SET right_carry = right_carry+150, total_right = total_right+150
WHERE `user_id` = 'FLKHUD';
INSERT INTO `placement_bv_update_history` (`right_carry`, `date`, `from_id`, `user_id`) VALUES ('150', '2025-04-14 17:42:54', '1GNDEQ', 'FLKHUD');
UPDATE `bv_updation` SET right_carry = right_carry+150, total_right = total_right+150
WHERE `user_id` = 'BUWYXW';
INSERT INTO `placement_bv_update_history` (`right_carry`, `date`, `from_id`, `user_id`) VALUES ('150', '2025-04-14 17:42:54', '1GNDEQ', 'BUWYXW');
UPDATE `user_registration` SET `cycle_rank_id` = '1'
WHERE `user_id` = 'BUWYXW';
INSERT INTO `rank_history` (`rank_id`, `user_id`, `name`, `bv`, `date`, `amount`, `type`) VALUES ('1', 'BUWYXW', 'Affiliate', '0', '2025-04-14 17:42:54', '0', 'auto');
UPDATE `bv_updation` SET right_carry = right_carry+150, total_right = total_right+150
WHERE `user_id` = 'UXMQZD';
INSERT INTO `placement_bv_update_history` (`right_carry`, `date`, `from_id`, `user_id`) VALUES ('150', '2025-04-14 17:42:54', '1GNDEQ', 'UXMQZD');
UPDATE `user_registration` SET `cycle_rank_id` = '1'
WHERE `user_id` = 'UXMQZD';
INSERT INTO `rank_history` (`rank_id`, `user_id`, `name`, `bv`, `date`, `amount`, `type`) VALUES ('1', 'UXMQZD', 'Affiliate', '0', '2025-04-14 17:42:54', '0', 'auto');
UPDATE `bv_updation` SET right_carry = right_carry+150, total_right = total_right+150
WHERE `user_id` = 'O94ZPY';
INSERT INTO `placement_bv_update_history` (`right_carry`, `date`, `from_id`, `user_id`) VALUES ('150', '2025-04-14 17:42:54', '1GNDEQ', 'O94ZPY');
UPDATE `user_registration` SET `cycle_rank_id` = '1'
WHERE `user_id` = 'O94ZPY';
INSERT INTO `rank_history` (`rank_id`, `user_id`, `name`, `bv`, `date`, `amount`, `type`) VALUES ('1', 'O94ZPY', 'Affiliate', '0', '2025-04-14 17:42:54', '0', 'auto');
UPDATE `bv_updation` SET right_carry = right_carry+150, total_right = total_right+150
WHERE `user_id` = 'JHRDHS';
INSERT INTO `placement_bv_update_history` (`right_carry`, `date`, `from_id`, `user_id`) VALUES ('150', '2025-04-14 17:42:54', '1GNDEQ', 'JHRDHS');
UPDATE `user_registration` SET `cycle_rank_id` = '1'
WHERE `user_id` = 'JHRDHS';
INSERT INTO `rank_history` (`rank_id`, `user_id`, `name`, `bv`, `date`, `amount`, `type`) VALUES ('1', 'JHRDHS', 'Affiliate', '0', '2025-04-14 17:42:54', '0', 'auto');
UPDATE `bv_updation` SET right_carry = right_carry+150, total_right = total_right+150
WHERE `user_id` = 'CVVK4C';
INSERT INTO `placement_bv_update_history` (`right_carry`, `date`, `from_id`, `user_id`) VALUES ('150', '2025-04-14 17:42:55', '1GNDEQ', 'CVVK4C');
UPDATE `user_registration` SET `cycle_rank_id` = '1'
WHERE `user_id` = 'CVVK4C';
INSERT INTO `rank_history` (`rank_id`, `user_id`, `name`, `bv`, `date`, `amount`, `type`) VALUES ('1', 'CVVK4C', 'Affiliate', '0', '2025-04-14 17:42:55', '0', 'auto');
UPDATE `bv_updation` SET left_carry = left_carry+150, total_left = total_left+150
WHERE `user_id` = 'K55EDD';
INSERT INTO `placement_bv_update_history` (`left_carry`, `date`, `from_id`, `user_id`) VALUES ('150', '2025-04-14 17:42:55', '1GNDEQ', 'K55EDD');
UPDATE `user_registration` SET `cycle_rank_id` = '1'
WHERE `user_id` = 'K55EDD';
INSERT INTO `rank_history` (`rank_id`, `user_id`, `name`, `bv`, `date`, `amount`, `type`) VALUES ('1', 'K55EDD', 'Affiliate', '0', '2025-04-14 17:42:55', '0', 'auto');
UPDATE `bv_updation` SET left_carry = left_carry+150, total_left = total_left+150
WHERE `user_id` = 'UQO7EQ';
INSERT INTO `placement_bv_update_history` (`left_carry`, `date`, `from_id`, `user_id`) VALUES ('150', '2025-04-14 17:42:55', '1GNDEQ', 'UQO7EQ');
UPDATE `user_registration` SET `cycle_rank_id` = '1'
WHERE `user_id` = 'UQO7EQ';
INSERT INTO `rank_history` (`rank_id`, `user_id`, `name`, `bv`, `date`, `amount`, `type`) VALUES ('1', 'UQO7EQ', 'Affiliate', '0', '2025-04-14 17:42:55', '0', 'auto');
UPDATE `bv_updation` SET left_carry = left_carry+150, total_left = total_left+150
WHERE `user_id` = 'N6GZAE';
INSERT INTO `placement_bv_update_history` (`left_carry`, `date`, `from_id`, `user_id`) VALUES ('150', '2025-04-14 17:42:55', '1GNDEQ', 'N6GZAE');
UPDATE `user_registration` SET `cycle_rank_id` = '1'
WHERE `user_id` = 'N6GZAE';
INSERT INTO `rank_history` (`rank_id`, `user_id`, `name`, `bv`, `date`, `amount`, `type`) VALUES ('1', 'N6GZAE', 'Affiliate', '0', '2025-04-14 17:42:55', '0', 'auto');
UPDATE `bv_updation` SET left_carry = left_carry+150, total_left = total_left+150
WHERE `user_id` = '4E1CRI';
INSERT INTO `placement_bv_update_history` (`left_carry`, `date`, `from_id`, `user_id`) VALUES ('150', '2025-04-14 17:42:55', '1GNDEQ', '4E1CRI');
UPDATE `bv_updation` SET left_carry = left_carry+150, total_left = total_left+150
WHERE `user_id` = 'SJBNYJ';
INSERT INTO `placement_bv_update_history` (`left_carry`, `date`, `from_id`, `user_id`) VALUES ('150', '2025-04-14 17:42:55', '1GNDEQ', 'SJBNYJ');
UPDATE `user_registration` SET `cycle_rank_id` = '1'
WHERE `user_id` = 'SJBNYJ';
INSERT INTO `rank_history` (`rank_id`, `user_id`, `name`, `bv`, `date`, `amount`, `type`) VALUES ('1', 'SJBNYJ', 'Affiliate', '0', '2025-04-14 17:42:55', '0', 'auto');
UPDATE `bv_updation` SET left_carry = left_carry+150, total_left = total_left+150
WHERE `user_id` = '44B9Y4';
INSERT INTO `placement_bv_update_history` (`left_carry`, `date`, `from_id`, `user_id`) VALUES ('150', '2025-04-14 17:42:56', '1GNDEQ', '44B9Y4');
UPDATE `user_registration` SET `cycle_rank_id` = '1'
WHERE `user_id` = '44B9Y4';
INSERT INTO `rank_history` (`rank_id`, `user_id`, `name`, `bv`, `date`, `amount`, `type`) VALUES ('1', '44B9Y4', 'Affiliate', '0', '2025-04-14 17:42:56', '0', 'auto');
UPDATE `bv_updation` SET right_carry = right_carry+150, total_right = total_right+150
WHERE `user_id` = 'admin';
INSERT INTO `placement_bv_update_history` (`right_carry`, `date`, `from_id`, `user_id`) VALUES ('150', '2025-04-14 17:42:56', '1GNDEQ', 'admin');
UPDATE `user_registration` SET `cycle_rank_id` = '1'
WHERE `user_id` = 'admin';
INSERT INTO `rank_history` (`rank_id`, `user_id`, `name`, `bv`, `date`, `amount`, `type`) VALUES ('1', 'admin', 'Affiliate', '0', '2025-04-14 17:42:56', '0', 'auto');
UPDATE `user_registration` SET `subscription_date` = '2025-05-14', `active_status` = 'yes'
WHERE `user_id` = '1GNDEQ';
UPDATE `user_registration` SET `popup_seen` = 'yes'
WHERE `user_id` = '1GNDEQ';
UPDATE `ci_sessions` SET `timestamp` = 1744670756, `data` = '__ci_last_regenerate|i:1744670756;id|s:4:\"2226\";user_id|s:6:\"7P1TWW\";username|s:8:\"AbiMar24\";sponsor_id|s:6:\"OTZTS5\";fullname|s:12:\"Martha Marin\";email|s:25:\"marthamarin9993@gmail.com\";phone|s:10:\"7862735424\";isLogIn|b:1;'
WHERE `id` = '6654e166edf5fca63bd81901270261d9b8606acb';
UPDATE `ci_sessions` SET `timestamp` = 1744670802, `data` = '__ci_last_regenerate|i:1744670802;id|s:4:\"2183\";user_id|s:6:\"1GNDEQ\";username|s:14:\"Millonaria1122\";sponsor_id|s:6:\"IYLH21\";fullname|s:18:\"Betty Lara-cormier\";email|s:26:\"Bettylaracormier@gmail.com\";phone|s:10:\"9545887999\";isLogIn|b:1;'
WHERE `id` = '75f5b4dac745e85ae04a492341c64b879473336d';
UPDATE `user_registration` SET `popup_seen` = 'yes'
WHERE `user_id` = '1GNDEQ';
UPDATE `user_registration` SET `popup_seen` = 'yes'
WHERE `user_id` = '1GNDEQ';
UPDATE `ci_sessions` SET `timestamp` = 1744671455, `data` = '__ci_last_regenerate|i:1744671455;id|s:4:\"2226\";user_id|s:6:\"7P1TWW\";username|s:8:\"AbiMar24\";sponsor_id|s:6:\"OTZTS5\";fullname|s:12:\"Martha Marin\";email|s:25:\"marthamarin9993@gmail.com\";phone|s:10:\"7862735424\";isLogIn|b:1;'
WHERE `id` = 'a83d3c33b50cdef6cf0036f4e1b4f5a7d2a8da13';
UPDATE `ci_sessions` SET `timestamp` = 1744671650, `data` = '__ci_last_regenerate|i:1744671650;id|s:4:\"2323\";user_id|s:6:\"EKTIVH\";username|s:12:\"annielyeli21\";sponsor_id|s:6:\"OTZTS5\";fullname|s:13:\"Anniell Reyes\";email|s:23:\"anniel.reyes@icloud.com\";phone|s:10:\"8128171294\";isLogIn|b:1;'
WHERE `id` = '183222979704312cf36ebe311c3c5bbac91deee0';
UPDATE `user_registration` SET `popup_seen` = 'yes'
WHERE `user_id` = 'EKTIVH';
UPDATE `ci_sessions` SET `timestamp` = 1744671997, `data` = '__ci_last_regenerate|i:1744671997;id|s:4:\"2226\";user_id|s:6:\"7P1TWW\";username|s:8:\"AbiMar24\";sponsor_id|s:6:\"OTZTS5\";fullname|s:12:\"Martha Marin\";email|s:25:\"marthamarin9993@gmail.com\";phone|s:10:\"7862735424\";isLogIn|b:1;'
WHERE `id` = 'f4cd028351a58cf7c344ecca7d5c01e8726276fa';
UPDATE `ci_sessions` SET `timestamp` = 1744672034, `data` = '__ci_last_regenerate|i:1744672034;captcha|s:4:\"z9zw\";'
WHERE `id` = '1b3852b8aa2cc3cfb71e80cd564b07a3cdb154ce';
INSERT INTO `login_history` (`user_id`, `device`, `ip_address`, `date`) VALUES ('UQO7EQ', 'Mozilla/5.0 (Windows NT 10.0; Win64; x64) AppleWebKit/537.36 (KHTML, like Gecko) Chrome/135.0.0.0 Safari/537.36', '172.68.7.138', '25-04-14 18:07');
UPDATE `user_registration` SET `popup_seen` = 'yes'
WHERE `user_id` = 'UQO7EQ';
UPDATE `user_registration` SET `popup_seen` = 'no'
WHERE `user_id` = 'UQO7EQ';
DELETE FROM `ci_sessions`
WHERE `id` = '87f548ee330dc741d67137fe3f4872a3e413f3eb';
UPDATE `ci_sessions` SET `timestamp` = 1744674469, `data` = '__ci_last_regenerate|i:1744674469;captcha|s:4:\"8pqv\";'
WHERE `id` = '86d0fb1ef2a43f135a2f226216d92cbfd41ffed1';
INSERT INTO `login_history` (`user_id`, `device`, `ip_address`, `date`) VALUES ('UQO7EQ', 'Mozilla/5.0 (Windows NT 10.0; Win64; x64) AppleWebKit/537.36 (KHTML, like Gecko) Chrome/135.0.0.0 Safari/537.36', '172.68.7.203', '25-04-14 18:47');
UPDATE `user_registration` SET `popup_seen` = 'yes'
WHERE `user_id` = 'UQO7EQ';
UPDATE `user_registration` SET `popup_seen` = 'no'
WHERE `user_id` = 'UQO7EQ';
DELETE FROM `ci_sessions`
WHERE `id` = '08df05ea81bf2b0deb1298efd49410ee9b7e7a2e';
INSERT INTO `login_history` (`user_id`, `device`, `ip_address`, `date`) VALUES ('UQO7EQ', 'Mozilla/5.0 (Windows NT 10.0; Win64; x64) AppleWebKit/537.36 (KHTML, like Gecko) Chrome/135.0.0.0 Safari/537.36', '172.70.82.169', '25-04-14 18:52');
UPDATE `user_registration` SET `popup_seen` = 'yes'
WHERE `user_id` = 'UQO7EQ';
UPDATE `ci_sessions` SET `timestamp` = 1744674826, `data` = '__ci_last_regenerate|i:1744674826;id|s:4:\"2042\";user_id|s:6:\"UQO7EQ\";username|s:6:\"Rafa51\";sponsor_id|s:6:\"N6GZAE\";fullname|s:16:\"Rafael Rodriguez\";email|s:18:\"rafagana@yahoo.com\";phone|s:10:\"3057610606\";isLogIn|b:1;message|s:24:\"Welcome Rafael Rodriguez\";__ci_vars|a:1:{s:7:\"message\";s:3:\"old\";}'
WHERE `id` = '045cffc4fb3e4c44272f013763149c060fdd095f';
UPDATE `user_registration` SET `popup_seen` = 'no'
WHERE `user_id` = 'UQO7EQ';
DELETE FROM `ci_sessions`
WHERE `id` = '92e70a7ec418d786b188d562b3e4e3a631e95b34';
UPDATE `ci_sessions` SET `timestamp` = 1744675060, `data` = '__ci_last_regenerate|i:1744675060;id|s:4:\"2084\";user_id|s:6:\"QJ5U9C\";username|s:10:\"gascarde60\";sponsor_id|s:6:\"O94ZPY\";fullname|s:14:\"Gaspar Cardero\";email|s:18:\"gascarde@yahoo.com\";phone|s:10:\"7862371360\";isLogIn|b:1;'
WHERE `id` = '1bd604f4fbc82309d3bf9787dd5d856ef76a3be7';
INSERT INTO `login_history` (`user_id`, `device`, `ip_address`, `date`) VALUES ('F7LGEE', 'Mozilla/5.0 (iPhone; CPU iPhone OS 17_6_1 like Mac OS X) AppleWebKit/605.1.15 (KHTML, like Gecko) Version/17.6 Mobile/15E148 Safari/604.1', '172.68.7.40', '25-04-14 18:59');
UPDATE `user_registration` SET `popup_seen` = 'yes'
WHERE `user_id` = 'F7LGEE';
UPDATE `user_registration` SET `popup_seen` = 'yes'
WHERE `user_id` = 'F7LGEE';
UPDATE `user_registration` SET `popup_seen` = 'yes'
WHERE `user_id` = 'F7LGEE';
UPDATE `ci_sessions` SET `timestamp` = 1744679078, `data` = '__ci_last_regenerate|i:1744679078;captcha|s:4:\"jm1x\";'
WHERE `id` = '82fd7cd4dd4145cdedc66b01c29c918901b3c35b';
INSERT INTO `login_history` (`user_id`, `device`, `ip_address`, `date`) VALUES ('UQO7EQ', 'Mozilla/5.0 (Windows NT 10.0; Win64; x64) AppleWebKit/537.36 (KHTML, like Gecko) Chrome/135.0.0.0 Safari/537.36', '172.68.7.138', '25-04-14 20:04');
UPDATE `user_registration` SET `popup_seen` = 'yes'
WHERE `user_id` = 'UQO7EQ';
INSERT INTO `login_history` (`user_id`, `device`, `ip_address`, `date`) VALUES ('JHRDHS', 'Mozilla/5.0 (iPhone; CPU iPhone OS 18_3_2 like Mac OS X) AppleWebKit/605.1.15 (KHTML, like Gecko) Version/18.3.1 Mobile/15E148 Safari/604.1', '172.68.12.97', '25-04-14 20:06');
UPDATE `user_registration` SET `popup_seen` = 'yes'
WHERE `user_id` = 'JHRDHS';
UPDATE `user_registration` SET `popup_seen` = 'yes'
WHERE `user_id` = 'JHRDHS';
UPDATE `ci_sessions` SET `timestamp` = 1744679385, `data` = '__ci_last_regenerate|i:1744679385;id|s:4:\"2042\";user_id|s:6:\"UQO7EQ\";username|s:6:\"Rafa51\";sponsor_id|s:6:\"N6GZAE\";fullname|s:16:\"Rafael Rodriguez\";email|s:18:\"rafagana@yahoo.com\";phone|s:10:\"3057610606\";isLogIn|b:1;'
WHERE `id` = '0ff08234349baf671626119460033bde5b63dd98';
INSERT INTO `login_history` (`user_id`, `device`, `ip_address`, `date`) VALUES ('JHRDHS', 'Mozilla/5.0 (Macintosh; Intel Mac OS X 10_15_7) AppleWebKit/605.1.15 (KHTML, like Gecko) Version/17.6 Safari/605.1.15', '172.68.12.43', '25-04-14 20:23');
UPDATE `user_registration` SET `popup_seen` = 'yes'
WHERE `user_id` = 'JHRDHS';
UPDATE `ci_sessions` SET `timestamp` = 1744681554, `data` = '__ci_last_regenerate|i:1744681554;id|s:4:\"2042\";user_id|s:6:\"UQO7EQ\";username|s:6:\"Rafa51\";sponsor_id|s:6:\"N6GZAE\";fullname|s:16:\"Rafael Rodriguez\";email|s:18:\"rafagana@yahoo.com\";phone|s:10:\"3057610606\";isLogIn|b:1;'
WHERE `id` = '3dba64b86ff4b82d27417bfe177e8f3498c8ace9';
UPDATE `user_registration` SET `popup_seen` = 'yes'
WHERE `user_id` = 'UQO7EQ';
UPDATE `user_registration` SET `popup_seen` = 'no'
WHERE `user_id` = 'UQO7EQ';
DELETE FROM `ci_sessions`
WHERE `id` = '11aa8e8b4c99ad4d709b5f477aab93d9542a83d8';
UPDATE `user_registration` SET `popup_seen` = 'no'
WHERE `user_id` IS NULL;
DELETE FROM `ci_sessions`
WHERE `id` = '11aa8e8b4c99ad4d709b5f477aab93d9542a83d8';
INSERT INTO `login_history` (`user_id`, `device`, `ip_address`, `date`) VALUES ('UQO7EQ', 'Mozilla/5.0 (Windows NT 10.0; Win64; x64) AppleWebKit/537.36 (KHTML, like Gecko) Chrome/135.0.0.0 Safari/537.36', '172.68.12.96', '25-04-14 20:46');
UPDATE `user_registration` SET `popup_seen` = 'yes'
WHERE `user_id` = 'UQO7EQ';
UPDATE `user_registration` SET `popup_seen` = 'no'
WHERE `user_id` = 'UQO7EQ';
DELETE FROM `ci_sessions`
WHERE `id` = 'a09b66e416e5f1b52331484b739fba260f202c69';
INSERT INTO `login_history` (`user_id`, `device`, `ip_address`, `date`) VALUES ('AQJLZA', 'Mozilla/5.0 (Windows NT 10.0; Win64; x64) AppleWebKit/537.36 (KHTML, like Gecko) Chrome/134.0.0.0 Safari/537.36 Edg/134.0.0.0', '172.68.12.94', '25-04-14 20:49');
UPDATE `user_registration` SET `popup_seen` = 'yes'
WHERE `user_id` = 'AQJLZA';
UPDATE `ci_sessions` SET `timestamp` = 1744682026, `data` = '__ci_last_regenerate|i:1744682026;id|s:4:\"2214\";user_id|s:6:\"AQJLZA\";username|s:9:\"ariadne04\";sponsor_id|s:6:\"JHRDHS\";fullname|s:16:\"Fernando Herrera\";email|s:29:\"fernandoherrera1717@gmail.com\";phone|s:10:\"7862537035\";isLogIn|b:1;'
WHERE `id` = '0ea612e505d8074c222d21e4c83e311156c803b5';
UPDATE `ci_sessions` SET `timestamp` = 1744682072, `data` = '__ci_last_regenerate|i:1744682072;id|s:4:\"2071\";user_id|s:6:\"JHRDHS\";username|s:7:\"mbecena\";sponsor_id|s:6:\"CVVK4C\";fullname|s:12:\"Maria Becena\";email|s:21:\"mbecena@bellsouth.net\";phone|s:10:\"7862360387\";isLogIn|b:1;'
WHERE `id` = 'b263671d7de24e77ca098b47c8af93b863b377de';
UPDATE `user_registration` SET `popup_seen` = 'yes'
WHERE `user_id` = 'JHRDHS';
UPDATE `ci_sessions` SET `timestamp` = 1744682331, `data` = '__ci_last_regenerate|i:1744682331;id|s:4:\"2214\";user_id|s:6:\"AQJLZA\";username|s:9:\"ariadne04\";sponsor_id|s:6:\"JHRDHS\";fullname|s:16:\"Fernando Herrera\";email|s:29:\"fernandoherrera1717@gmail.com\";phone|s:10:\"7862537035\";isLogIn|b:1;'
WHERE `id` = 'e4ab1180e5402c9e1245b661a184106be5e6a463';
UPDATE `user_registration` SET `language` = 'spanish'
WHERE `user_id` = 'AQJLZA';
UPDATE `user_registration` SET `popup_seen` = 'yes'
WHERE `user_id` = 'L2MNP5';
UPDATE `ci_sessions` SET `timestamp` = 1744683435, `data` = '__ci_last_regenerate|i:1744683435;id|s:4:\"2214\";user_id|s:6:\"AQJLZA\";username|s:9:\"ariadne04\";sponsor_id|s:6:\"JHRDHS\";fullname|s:16:\"Fernando Herrera\";email|s:29:\"fernandoherrera1717@gmail.com\";phone|s:10:\"7862537035\";isLogIn|b:1;'
WHERE `id` = 'd63a39820f31ed16fb474a0fd94fbff3f406754d';
UPDATE `user_registration` SET `popup_seen` = 'yes'
WHERE `user_id` = 'AQJLZA';
UPDATE `ci_sessions` SET `timestamp` = 1744685424, `data` = '__ci_last_regenerate|i:1744685424;id|s:4:\"2059\";user_id|s:6:\"L2MNP5\";username|s:8:\"LCOMiami\";sponsor_id|s:6:\"K55EDD\";fullname|s:23:\"Leonardo Camacho Oviedo\";email|s:29:\"caimandelcaribe1964@gmail.com\";phone|s:10:\"9082908827\";isLogIn|b:1;'
WHERE `id` = '216441388cc87fb1565fab4c0d85550d9a07a56f';
UPDATE `user_registration` SET `popup_seen` = 'yes'
WHERE `user_id` = 'L2MNP5';
INSERT INTO `login_history` (`user_id`, `device`, `ip_address`, `date`) VALUES ('44B9Y4', 'Mozilla/5.0 (iPhone; CPU iPhone OS 18_3_2 like Mac OS X) AppleWebKit/605.1.15 (KHTML, like Gecko) Version/18.3.1 Mobile/15E148 Safari/604.1', '172.68.7.205', '25-04-14 22:06');
UPDATE `user_registration` SET `popup_seen` = 'yes'
WHERE `user_id` = '44B9Y4';
UPDATE `ci_sessions` SET `timestamp` = 1744686876, `data` = '__ci_last_regenerate|i:1744686876;id|s:4:\"2071\";user_id|s:6:\"JHRDHS\";username|s:7:\"mbecena\";sponsor_id|s:6:\"CVVK4C\";fullname|s:12:\"Maria Becena\";email|s:21:\"mbecena@bellsouth.net\";phone|s:10:\"7862360387\";isLogIn|b:1;'
WHERE `id` = '5ac4a197508020a6b38297072d58a170668167fc';
UPDATE `user_registration` SET `popup_seen` = 'yes'
WHERE `user_id` = 'JHRDHS';
UPDATE `user_registration` SET `popup_seen` = 'yes'
WHERE `user_id` = 'JHRDHS';
UPDATE `ci_sessions` SET `timestamp` = 1744688527, `data` = '__ci_last_regenerate|i:1744688527;id|s:4:\"2071\";user_id|s:6:\"JHRDHS\";username|s:7:\"mbecena\";sponsor_id|s:6:\"CVVK4C\";fullname|s:12:\"Maria Becena\";email|s:21:\"mbecena@bellsouth.net\";phone|s:10:\"7862360387\";isLogIn|b:1;'
WHERE `id` = '60a146606ded0b887176e998e1658bdd4f912215';
UPDATE `ci_sessions` SET `timestamp` = 1744688859, `data` = '__ci_last_regenerate|i:1744688859;id|s:4:\"2071\";user_id|s:6:\"JHRDHS\";username|s:7:\"mbecena\";sponsor_id|s:6:\"CVVK4C\";fullname|s:12:\"Maria Becena\";email|s:21:\"mbecena@bellsouth.net\";phone|s:10:\"7862360387\";isLogIn|b:1;'
WHERE `id` = '1c77a52ffb058d9111743292cdad57ae5192d802';
UPDATE `user_registration` SET `popup_seen` = 'yes'
WHERE `user_id` = 'JHRDHS';
INSERT INTO `login_history` (`user_id`, `device`, `ip_address`, `date`) VALUES ('PEABEG', 'Mozilla/5.0 (Windows NT 10.0; Win64; x64) AppleWebKit/537.36 (KHTML, like Gecko) Chrome/135.0.0.0 Safari/537.36 Edg/135.0.0.0', '172.69.132.241', '25-04-14 22:59');
UPDATE `user_registration` SET `popup_seen` = 'yes'
WHERE `user_id` = 'PEABEG';
UPDATE `user_registration` SET `popup_seen` = 'yes'
WHERE `user_id` = 'PEABEG';
INSERT INTO `payquicker_token` (`response`, `token`, `created_time`, `expires_at`) VALUES ('{\"access_token\":\"889D96EBF3EE6296A25DBD5D86D20BAD10532D75192A468D2749E536ACFA2FBA-1\",\"expires_in\":3600,\"token_type\":\"Bearer\",\"scope\":\"api useraccount_balance useraccount_debit useraccount_invitation useraccount_payment\"}', '889D96EBF3EE6296A25DBD5D86D20BAD10532D75192A468D2749E536ACFA2FBA-1', '2025-04-14 23:03:38', '2025-04-15 00:03:38');
UPDATE `ci_sessions` SET `timestamp` = 1744690174, `data` = '__ci_last_regenerate|i:1744690174;id|s:4:\"2229\";user_id|s:6:\"PEABEG\";username|s:8:\"Gil.1972\";sponsor_id|s:6:\"KSGBOZ\";fullname|s:12:\"Dariel Ramos\";email|s:21:\"yoeyury2024@gmail.com\";phone|s:10:\"7864005201\";isLogIn|b:1;exception|s:85:\"A user invitation already exists with a matching email address yoeyury2024@gmail.com.\";__ci_vars|a:1:{s:9:\"exception\";s:3:\"old\";}'
WHERE `id` = '73403d0c40b111979a4080c1e2159928a8e21013';
UPDATE `payquicker_send_invite` SET `response` = '[{\"dateInvited\":\"2025-03-26T22:46:21Z\",\"invitationKey\":\"wVw5Zoch0ZzYfaCf7ksBNnhyPoqb9KAWmVMUZmxP2YwWTJj2KmYHvXlou0nls1OqrGafqcl5L9EXc0B780RDNjsu4Sbdb73dKwKlgsT9lk3znSweffYoMn3MYAgnRmCub9Hkbj2JDy8XZf254YcMNqppjlsYi2OCtjm9gDHCN009UbAKrKDsoTEI4v3idNvpGbF3mXTmh8LLD4s9lhhfDaPCDzkv5VSrd4ILsj27naGznEkQOPoRSSyAPtUyRrXS\",\"invitationStatus\":\"InvitationStatusType_Pending\",\"registrationStatus\":\"NotStarted\",\"registrationDetails\":{\"addresses\":[{\"city\":\"Miami\",\"country\":\"USA\",\"postalCode\":\"33184\",\"region\":\"Florida\",\"streetAddress1\":\"1310 SW 135 CT\",\"created\":\"0001-01-01T00:00:00Z\",\"type\":\"AddressType_Residential\"}],\"fundingAccountPublicId\":\"4e84a85ac47e46639c648f932d48fdf0\",\"issuePlasticCard\":true,\"notifyUser\":true,\"userDetails\":{\"emailAddress\":\"yoeyury2024@gmail.com\",\"firstName\":\"Dariel\",\"lastName\":\"Ramos\",\"userCompanyAssignedUniqueKey\":\"Gil.1972JwUP\"}}}]', `date` = '2025-04-14 23:09:35';
UPDATE `user_registration` SET `popup_seen` = 'yes'
WHERE `user_id` = 'PEABEG';
UPDATE `ci_sessions` SET `timestamp` = 1744690535, `data` = '__ci_last_regenerate|i:1744690535;id|s:4:\"2229\";user_id|s:6:\"PEABEG\";username|s:8:\"Gil.1972\";sponsor_id|s:6:\"KSGBOZ\";fullname|s:12:\"Dariel Ramos\";email|s:21:\"yoeyury2024@gmail.com\";phone|s:10:\"7864005201\";isLogIn|b:1;'
WHERE `id` = '839455ef9c83a1880b2704df355116e4e9350e39';
UPDATE `user_registration` SET `popup_seen` = 'yes'
WHERE `user_id` = 'PEABEG';
UPDATE `user_registration` SET `popup_seen` = 'yes'
WHERE `user_id` = 'PEABEG';
UPDATE `user_registration` SET `popup_seen` = 'yes'
WHERE `user_id` = 'PEABEG';
UPDATE `user_registration` SET `popup_seen` = 'yes'
WHERE `user_id` = 'PEABEG';
UPDATE `ci_sessions` SET `timestamp` = 1744691102, `data` = '__ci_last_regenerate|i:1744691102;id|s:4:\"2229\";user_id|s:6:\"PEABEG\";username|s:8:\"Gil.1972\";sponsor_id|s:6:\"KSGBOZ\";fullname|s:12:\"Dariel Ramos\";email|s:21:\"yoeyury2024@gmail.com\";phone|s:10:\"7864005201\";isLogIn|b:1;'
WHERE `id` = 'db879c00185704b61a2499ea48721e18f55ae405';
UPDATE `user_registration` SET `f_name` = 'Dariel', `l_name` = 'Ramos', `phone` = '7864005201', `country` = 'United States', `state` = 'Florida', `city` = 'Miami', `street` = '1310 SW 135 CT', `zip_code` = '33184'
WHERE `user_id` = 'PEABEG';
INSERT INTO `notifications` (`user_id`, `notification_type`, `subject`, `details`, `date`, `status`) VALUES ('PEABEG', 'profile_update', 'Profile Update Notification', 'Your profile has been updated successfully.', '2025-04-14 23:25:02', 0);
UPDATE `user_registration` SET `popup_seen` = 'yes'
WHERE `user_id` = 'PEABEG';
UPDATE `ci_sessions` SET `timestamp` = 1744691490, `data` = '__ci_last_regenerate|i:1744691490;id|s:4:\"2229\";user_id|s:6:\"PEABEG\";username|s:8:\"Gil.1972\";sponsor_id|s:6:\"KSGBOZ\";fullname|s:12:\"Dariel Ramos\";email|s:21:\"yoeyury2024@gmail.com\";phone|s:10:\"7864005201\";isLogIn|b:1;exception|s:85:\"A user invitation already exists with a matching email address yoeyury2024@gmail.com.\";__ci_vars|a:1:{s:9:\"exception\";s:3:\"old\";}'
WHERE `id` = '78a5fdd191e4edf9fe5a8bb65364b17bbec4d143';
UPDATE `ci_sessions` SET `timestamp` = 1744692001, `data` = '__ci_last_regenerate|i:1744692001;id|s:4:\"2229\";user_id|s:6:\"PEABEG\";username|s:8:\"Gil.1972\";sponsor_id|s:6:\"KSGBOZ\";fullname|s:12:\"Dariel Ramos\";email|s:21:\"yoeyury2024@gmail.com\";phone|s:10:\"7864005201\";isLogIn|b:1;'
WHERE `id` = 'ddd3b6c3e83b1301518352eb23c19eb839fdee2d';
UPDATE `payquicker_send_invite` SET `response` = '[{\"dateInvited\":\"2025-03-26T22:46:21Z\",\"invitationKey\":\"wVw5Zoch0ZzYfaCf7ksBNnhyPoqb9KAWmVMUZmxP2YwWTJj2KmYHvXlou0nls1OqrGafqcl5L9EXc0B780RDNjsu4Sbdb73dKwKlgsT9lk3znSweffYoMn3MYAgnRmCub9Hkbj2JDy8XZf254YcMNqppjlsYi2OCtjm9gDHCN009UbAKrKDsoTEI4v3idNvpGbF3mXTmh8LLD4s9lhhfDaPCDzkv5VSrd4ILsj27naGznEkQOPoRSSyAPtUyRrXS\",\"invitationStatus\":\"InvitationStatusType_Pending\",\"registrationStatus\":\"NotStarted\",\"registrationDetails\":{\"addresses\":[{\"city\":\"Miami\",\"country\":\"USA\",\"postalCode\":\"33184\",\"region\":\"Florida\",\"streetAddress1\":\"1310 SW 135 CT\",\"created\":\"0001-01-01T00:00:00Z\",\"type\":\"AddressType_Residential\"}],\"fundingAccountPublicId\":\"4e84a85ac47e46639c648f932d48fdf0\",\"issuePlasticCard\":true,\"notifyUser\":true,\"userDetails\":{\"emailAddress\":\"yoeyury2024@gmail.com\",\"firstName\":\"Dariel\",\"lastName\":\"Ramos\",\"userCompanyAssignedUniqueKey\":\"Gil.1972JwUP\"}}}]', `date` = '2025-04-14 23:40:14';
UPDATE `ci_sessions` SET `timestamp` = 1744693000, `data` = '__ci_last_regenerate|i:1744693000;id|s:4:\"2229\";user_id|s:6:\"PEABEG\";username|s:8:\"Gil.1972\";sponsor_id|s:6:\"KSGBOZ\";fullname|s:12:\"Dariel Ramos\";email|s:21:\"yoeyury2024@gmail.com\";phone|s:10:\"7864005201\";isLogIn|b:1;message|s:39:\"Successfully checked the signup status!\";__ci_vars|a:1:{s:7:\"message\";s:3:\"old\";}'
WHERE `id` = '24d086fa777ec435f4d25a09efff894283114499';
UPDATE `payquicker_send_invite` SET `response` = '[{\"dateInvited\":\"2025-03-26T22:46:21Z\",\"invitationKey\":\"wVw5Zoch0ZzYfaCf7ksBNnhyPoqb9KAWmVMUZmxP2YwWTJj2KmYHvXlou0nls1OqrGafqcl5L9EXc0B780RDNjsu4Sbdb73dKwKlgsT9lk3znSweffYoMn3MYAgnRmCub9Hkbj2JDy8XZf254YcMNqppjlsYi2OCtjm9gDHCN009UbAKrKDsoTEI4v3idNvpGbF3mXTmh8LLD4s9lhhfDaPCDzkv5VSrd4ILsj27naGznEkQOPoRSSyAPtUyRrXS\",\"invitationStatus\":\"InvitationStatusType_Pending\",\"registrationStatus\":\"NotStarted\",\"registrationDetails\":{\"addresses\":[{\"city\":\"Miami\",\"country\":\"USA\",\"postalCode\":\"33184\",\"region\":\"Florida\",\"streetAddress1\":\"1310 SW 135 CT\",\"created\":\"0001-01-01T00:00:00Z\",\"type\":\"AddressType_Residential\"}],\"fundingAccountPublicId\":\"4e84a85ac47e46639c648f932d48fdf0\",\"issuePlasticCard\":true,\"notifyUser\":true,\"userDetails\":{\"emailAddress\":\"yoeyury2024@gmail.com\",\"firstName\":\"Dariel\",\"lastName\":\"Ramos\",\"userCompanyAssignedUniqueKey\":\"Gil.1972JwUP\"}}}]', `date` = '2025-04-14 23:56:41';
INSERT INTO `cron_job_history` (`name`, `date_started`, `status`) VALUES ('backup', '2025-04-15 00:00:02', 'started');
UPDATE `cron_job_history` SET `status` = 'done', `date_end` = '2025-04-15 00:00:02'
WHERE `id` = 324;
INSERT INTO `cron_job_history` (`name`, `date_started`, `status`) VALUES ('deduct_sub_amt_from_ewallet', '2025-04-15 00:05:01', 'started');
UPDATE `user_registration` SET `sub_point` = 0, `active_status` = 'no'
WHERE `user_id` = '35H9RV';
INSERT INTO `inactive_history` (`user_id`, `commission_balance`, `amount`, `date`) VALUES ('35H9RV', '97.5', '150', '2025-04-15 00:05:01');
