UPDATE `user_registration` SET total_downlines = total_downlines+1
WHERE `user_id` = 'L8GRV3';
UPDATE `user_registration` SET right_downlines = right_downlines+1
WHERE `user_id` = 'L8GRV3';
UPDATE `user_registration` SET total_downlines = total_downlines+1
WHERE `user_id` = '5SFJ8K';
UPDATE `user_registration` SET right_downlines = right_downlines+1
WHERE `user_id` = '5SFJ8K';
UPDATE `user_registration` SET total_downlines = total_downlines+1
WHERE `user_id` = 'QA8H7K';
UPDATE `user_registration` SET right_downlines = right_downlines+1
WHERE `user_id` = 'QA8H7K';
UPDATE `user_registration` SET right_ref_count = right_ref_count+1
WHERE `user_id` = 'QA8H7K';
UPDATE `user_registration` SET active_right = active_right+1
WHERE `user_id` = 'QA8H7K';
UPDATE `user_registration` SET `binary_qualified` = 'yes'
WHERE `user_id` = 'QA8H7K';
UPDATE `user_registration` SET total_downlines = total_downlines+1
WHERE `user_id` = 'XUNLL5';
UPDATE `user_registration` SET right_downlines = right_downlines+1
WHERE `user_id` = 'XUNLL5';
UPDATE `user_registration` SET total_downlines = total_downlines+1
WHERE `user_id` = 'admin';
UPDATE `user_registration` SET left_downlines = left_downlines+1
WHERE `user_id` = 'admin';
INSERT INTO `earnings` (`user_id`, `Purchaser_id`, `earning_type`, `package_id`, `amount`, `date`, `comments`, `invest_amount`, `comm_perc`, `level`) VALUES ('QA8H7K', 'R72IZI', 'Direct Referral Bonus', 0, '200', '2024-08-28 01:07:13', 'Direct Referral Bonus', 0, 0, 1);
UPDATE `user_registration` SET commission_balance = ROUND(commission_balance + 200,2)
WHERE `user_id` = 'QA8H7K';
INSERT INTO `earnings` (`user_id`, `Purchaser_id`, `earning_type`, `package_id`, `amount`, `date`, `comments`, `invest_amount`, `comm_perc`, `level`) VALUES ('XUNLL5', 'R72IZI', 'Expansion Bonus', 0, 100, '2024-08-28 01:07:13', 'Expansion Bonus', '200', 0, 1);
UPDATE `user_registration` SET commission_balance = ROUND(commission_balance + 100,2)
WHERE `user_id` = 'XUNLL5';
UPDATE `bv_updation` SET right_carry = right_carry+250, total_right = total_right+250
WHERE `user_id` = 'PD3QPX';
INSERT INTO `placement_bv_update_history` (`right_carry`, `date`, `from_id`, `user_id`) VALUES (250, '2024-08-28 01:07:13', 'R72IZI', 'PD3QPX');
UPDATE `bv_updation` SET right_carry = right_carry+250, total_right = total_right+250
WHERE `user_id` = 'HBSMS4';
INSERT INTO `placement_bv_update_history` (`right_carry`, `date`, `from_id`, `user_id`) VALUES (250, '2024-08-28 01:07:13', 'R72IZI', 'HBSMS4');
UPDATE `bv_updation` SET right_carry = right_carry+250, total_right = total_right+250
WHERE `user_id` = 'LJNVDM';
INSERT INTO `placement_bv_update_history` (`right_carry`, `date`, `from_id`, `user_id`) VALUES (250, '2024-08-28 01:07:13', 'R72IZI', 'LJNVDM');
UPDATE `bv_updation` SET right_carry = right_carry+250, total_right = total_right+250
WHERE `user_id` = 'CN2LFV';
INSERT INTO `placement_bv_update_history` (`right_carry`, `date`, `from_id`, `user_id`) VALUES (250, '2024-08-28 01:07:13', 'R72IZI', 'CN2LFV');
UPDATE `bv_updation` SET right_carry = right_carry+250, total_right = total_right+250
WHERE `user_id` = 'RQMVUN';
INSERT INTO `placement_bv_update_history` (`right_carry`, `date`, `from_id`, `user_id`) VALUES (250, '2024-08-28 01:07:13', 'R72IZI', 'RQMVUN');
UPDATE `bv_updation` SET right_carry = right_carry+250, total_right = total_right+250
WHERE `user_id` = '2IMQZU';
INSERT INTO `placement_bv_update_history` (`right_carry`, `date`, `from_id`, `user_id`) VALUES (250, '2024-08-28 01:07:13', 'R72IZI', '2IMQZU');
UPDATE `bv_updation` SET right_carry = right_carry+250, total_right = total_right+250
WHERE `user_id` = 'JG24WL';
INSERT INTO `placement_bv_update_history` (`right_carry`, `date`, `from_id`, `user_id`) VALUES (250, '2024-08-28 01:07:13', 'R72IZI', 'JG24WL');
UPDATE `bv_updation` SET right_carry = right_carry+250, total_right = total_right+250
WHERE `user_id` = 'LRU3QN';
INSERT INTO `placement_bv_update_history` (`right_carry`, `date`, `from_id`, `user_id`) VALUES (250, '2024-08-28 01:07:13', 'R72IZI', 'LRU3QN');
UPDATE `bv_updation` SET right_carry = right_carry+250, total_right = total_right+250
WHERE `user_id` = '8T4E5T';
INSERT INTO `placement_bv_update_history` (`right_carry`, `date`, `from_id`, `user_id`) VALUES (250, '2024-08-28 01:07:13', 'R72IZI', '8T4E5T');
UPDATE `bv_updation` SET right_carry = right_carry+250, total_right = total_right+250
WHERE `user_id` = 'ODRN5Y';
INSERT INTO `placement_bv_update_history` (`right_carry`, `date`, `from_id`, `user_id`) VALUES (250, '2024-08-28 01:07:13', 'R72IZI', 'ODRN5Y');
UPDATE `bv_updation` SET right_carry = right_carry+250, total_right = total_right+250
WHERE `user_id` = 'ARKMZW';
INSERT INTO `placement_bv_update_history` (`right_carry`, `date`, `from_id`, `user_id`) VALUES (250, '2024-08-28 01:07:13', 'R72IZI', 'ARKMZW');
UPDATE `bv_updation` SET right_carry = right_carry+250, total_right = total_right+250
WHERE `user_id` = 'PPK6PM';
INSERT INTO `placement_bv_update_history` (`right_carry`, `date`, `from_id`, `user_id`) VALUES (250, '2024-08-28 01:07:13', 'R72IZI', 'PPK6PM');
UPDATE `bv_updation` SET right_carry = right_carry+250, total_right = total_right+250
WHERE `user_id` = 'L8GRV3';
INSERT INTO `placement_bv_update_history` (`right_carry`, `date`, `from_id`, `user_id`) VALUES (250, '2024-08-28 01:07:13', 'R72IZI', 'L8GRV3');
UPDATE `bv_updation` SET right_carry = right_carry+250, total_right = total_right+250
WHERE `user_id` = '5SFJ8K';
INSERT INTO `placement_bv_update_history` (`right_carry`, `date`, `from_id`, `user_id`) VALUES (250, '2024-08-28 01:07:13', 'R72IZI', '5SFJ8K');
UPDATE `bv_updation` SET right_carry = right_carry+250, total_right = total_right+250
WHERE `user_id` = 'QA8H7K';
INSERT INTO `placement_bv_update_history` (`right_carry`, `date`, `from_id`, `user_id`) VALUES (250, '2024-08-28 01:07:13', 'R72IZI', 'QA8H7K');
UPDATE `bv_updation` SET sponsor_right_carry = sponsor_right_carry+250, sponsor_total_right = sponsor_total_right+250
WHERE `user_id` = 'QA8H7K';
INSERT INTO `sponsor_bv_update_history` (`right_carry`, `date`, `user_id`) VALUES (250, '2024-08-28 01:07:13', 'QA8H7K');
UPDATE `bv_updation` SET right_carry = right_carry+250, total_right = total_right+250
WHERE `user_id` = 'XUNLL5';
INSERT INTO `placement_bv_update_history` (`right_carry`, `date`, `from_id`, `user_id`) VALUES (250, '2024-08-28 01:07:13', 'R72IZI', 'XUNLL5');
UPDATE `bv_updation` SET left_carry = left_carry+250, total_left = total_left+250
WHERE `user_id` = 'admin';
INSERT INTO `placement_bv_update_history` (`left_carry`, `date`, `from_id`, `user_id`) VALUES (250, '2024-08-28 01:07:13', 'R72IZI', 'admin');
UPDATE `user_registration` SET `uid` = '2142', `user_id` = 'TY3WIO', `username` = 'victor', `sponsor_id` = 'QA8H7K', `vacant` = 'no', `f_name` = 'victor', `l_name` = 'brull', `address` = '4900 n macdill ', `position` = 'left', `email` = 'victor@gmail.com', `password` = 'f121ce0c25d4132766112471e6f70e2d', `phone` = '8139710000', `country` = 'United States', `state` = 'Florida', `city` = 'tampa', `street` = '4900 n macdill ', `zip_code` = '33604', `reg_ip` = '47.205.26.9', `status` = 1, `package_id` = 1, `rank_id` = 1, `highest_rank` = 1, `created` = '2024-08-28 01:08:15', `google_secret` = 'SRO3L2SYZUHMIZS6'
WHERE `uid` = '2142';
INSERT INTO `user_registration` (`uid`, `user_id`, `username`, `sponsor_id`, `placement_id`, `vacant`, `f_name`, `l_name`, `address`, `position`, `email`, `password`, `phone`, `reg_ip`, `status`, `created`) VALUES (NULL, 'UYXIIM', 'CevgkTlJ', 'TY3WIO', 'TY3WIO', 'yes', '', '', '', 'left', '@mail.com', '', '', '', 0, '2024-08-28 01:08:15');
INSERT INTO `user_registration` (`uid`, `user_id`, `username`, `sponsor_id`, `placement_id`, `vacant`, `f_name`, `l_name`, `address`, `position`, `email`, `password`, `phone`, `reg_ip`, `status`, `created`) VALUES (NULL, 'FUWGAL', 'PnkmVuik', 'TY3WIO', 'TY3WIO', 'yes', '', '', '', 'right', '@mail.com', '', '', '', 0, '2024-08-28 01:08:15');
INSERT INTO `bv_updation` (`user_id`) VALUES ('TY3WIO');
UPDATE `user_registration` SET total_ref_count = total_ref_count+1
WHERE `user_id` = 'QA8H7K';
UPDATE `user_registration` SET total_downlines = total_downlines+1
WHERE `user_id` = 'Z9O1HD';
UPDATE `user_registration` SET left_downlines = left_downlines+1
WHERE `user_id` = 'Z9O1HD';
UPDATE `user_registration` SET total_downlines = total_downlines+1
WHERE `user_id` = 'C94VNN';
UPDATE `user_registration` SET left_downlines = left_downlines+1
WHERE `user_id` = 'C94VNN';
UPDATE `user_registration` SET total_downlines = total_downlines+1
WHERE `user_id` = '5BAUA6';
UPDATE `user_registration` SET left_downlines = left_downlines+1
WHERE `user_id` = '5BAUA6';
UPDATE `user_registration` SET total_downlines = total_downlines+1
WHERE `user_id` = '1ZZMBZ';
UPDATE `user_registration` SET left_downlines = left_downlines+1
WHERE `user_id` = '1ZZMBZ';
UPDATE `user_registration` SET total_downlines = total_downlines+1
WHERE `user_id` = 'A9A5TF';
UPDATE `user_registration` SET left_downlines = left_downlines+1
WHERE `user_id` = 'A9A5TF';
UPDATE `user_registration` SET total_downlines = total_downlines+1
WHERE `user_id` = '728VX3';
UPDATE `user_registration` SET left_downlines = left_downlines+1
WHERE `user_id` = '728VX3';
UPDATE `user_registration` SET total_downlines = total_downlines+1
WHERE `user_id` = 'W81BAR';
UPDATE `user_registration` SET left_downlines = left_downlines+1
WHERE `user_id` = 'W81BAR';
UPDATE `user_registration` SET total_downlines = total_downlines+1
WHERE `user_id` = 'S6ZDZH';
UPDATE `user_registration` SET left_downlines = left_downlines+1
WHERE `user_id` = 'S6ZDZH';
UPDATE `user_registration` SET total_downlines = total_downlines+1
WHERE `user_id` = 'VAKBAC';
UPDATE `user_registration` SET left_downlines = left_downlines+1
WHERE `user_id` = 'VAKBAC';
UPDATE `user_registration` SET total_downlines = total_downlines+1
WHERE `user_id` = '18HAWU';
UPDATE `user_registration` SET left_downlines = left_downlines+1
WHERE `user_id` = '18HAWU';
UPDATE `user_registration` SET total_downlines = total_downlines+1
WHERE `user_id` = 'BUI4RR';
UPDATE `user_registration` SET left_downlines = left_downlines+1
WHERE `user_id` = 'BUI4RR';
UPDATE `user_registration` SET total_downlines = total_downlines+1
WHERE `user_id` = '1KMYWN';
UPDATE `user_registration` SET left_downlines = left_downlines+1
WHERE `user_id` = '1KMYWN';
UPDATE `user_registration` SET total_downlines = total_downlines+1
WHERE `user_id` = '28ZKDZ';
UPDATE `user_registration` SET left_downlines = left_downlines+1
WHERE `user_id` = '28ZKDZ';
UPDATE `user_registration` SET total_downlines = total_downlines+1
WHERE `user_id` = '348AOL';
UPDATE `user_registration` SET left_downlines = left_downlines+1
WHERE `user_id` = '348AOL';
UPDATE `user_registration` SET total_downlines = total_downlines+1
WHERE `user_id` = 'QA8H7K';
UPDATE `user_registration` SET left_downlines = left_downlines+1
WHERE `user_id` = 'QA8H7K';
UPDATE `user_registration` SET left_ref_count = left_ref_count+1
WHERE `user_id` = 'QA8H7K';
UPDATE `user_registration` SET active_left = active_left+1
WHERE `user_id` = 'QA8H7K';
UPDATE `user_registration` SET `binary_qualified` = 'yes'
WHERE `user_id` = 'QA8H7K';
UPDATE `user_registration` SET total_downlines = total_downlines+1
WHERE `user_id` = 'XUNLL5';
UPDATE `user_registration` SET right_downlines = right_downlines+1
WHERE `user_id` = 'XUNLL5';
UPDATE `user_registration` SET total_downlines = total_downlines+1
WHERE `user_id` = 'admin';
UPDATE `user_registration` SET left_downlines = left_downlines+1
WHERE `user_id` = 'admin';
INSERT INTO `earnings` (`user_id`, `Purchaser_id`, `earning_type`, `package_id`, `amount`, `date`, `comments`, `invest_amount`, `comm_perc`, `level`) VALUES ('QA8H7K', 'TY3WIO', 'Direct Referral Bonus', 0, '200', '2024-08-28 01:08:15', 'Direct Referral Bonus', 0, 0, 1);
UPDATE `user_registration` SET commission_balance = ROUND(commission_balance + 200,2)
WHERE `user_id` = 'QA8H7K';
INSERT INTO `earnings` (`user_id`, `Purchaser_id`, `earning_type`, `package_id`, `amount`, `date`, `comments`, `invest_amount`, `comm_perc`, `level`) VALUES ('XUNLL5', 'TY3WIO', 'Expansion Bonus', 0, 100, '2024-08-28 01:08:15', 'Expansion Bonus', '200', 0, 1);
UPDATE `user_registration` SET commission_balance = ROUND(commission_balance + 100,2)
WHERE `user_id` = 'XUNLL5';
UPDATE `bv_updation` SET left_carry = left_carry+250, total_left = total_left+250
WHERE `user_id` = 'Z9O1HD';
INSERT INTO `placement_bv_update_history` (`left_carry`, `date`, `from_id`, `user_id`) VALUES (250, '2024-08-28 01:08:15', 'TY3WIO', 'Z9O1HD');
UPDATE `bv_updation` SET left_carry = left_carry+250, total_left = total_left+250
WHERE `user_id` = 'C94VNN';
INSERT INTO `placement_bv_update_history` (`left_carry`, `date`, `from_id`, `user_id`) VALUES (250, '2024-08-28 01:08:15', 'TY3WIO', 'C94VNN');
UPDATE `bv_updation` SET left_carry = left_carry+250, total_left = total_left+250
WHERE `user_id` = '5BAUA6';
INSERT INTO `placement_bv_update_history` (`left_carry`, `date`, `from_id`, `user_id`) VALUES (250, '2024-08-28 01:08:15', 'TY3WIO', '5BAUA6');
UPDATE `bv_updation` SET left_carry = left_carry+250, total_left = total_left+250
WHERE `user_id` = '1ZZMBZ';
INSERT INTO `placement_bv_update_history` (`left_carry`, `date`, `from_id`, `user_id`) VALUES (250, '2024-08-28 01:08:15', 'TY3WIO', '1ZZMBZ');
UPDATE `bv_updation` SET left_carry = left_carry+250, total_left = total_left+250
WHERE `user_id` = 'A9A5TF';
INSERT INTO `placement_bv_update_history` (`left_carry`, `date`, `from_id`, `user_id`) VALUES (250, '2024-08-28 01:08:15', 'TY3WIO', 'A9A5TF');
UPDATE `bv_updation` SET left_carry = left_carry+250, total_left = total_left+250
WHERE `user_id` = '728VX3';
INSERT INTO `placement_bv_update_history` (`left_carry`, `date`, `from_id`, `user_id`) VALUES (250, '2024-08-28 01:08:15', 'TY3WIO', '728VX3');
UPDATE `bv_updation` SET left_carry = left_carry+250, total_left = total_left+250
WHERE `user_id` = 'W81BAR';
INSERT INTO `placement_bv_update_history` (`left_carry`, `date`, `from_id`, `user_id`) VALUES (250, '2024-08-28 01:08:15', 'TY3WIO', 'W81BAR');
UPDATE `bv_updation` SET left_carry = left_carry+250, total_left = total_left+250
WHERE `user_id` = 'S6ZDZH';
INSERT INTO `placement_bv_update_history` (`left_carry`, `date`, `from_id`, `user_id`) VALUES (250, '2024-08-28 01:08:15', 'TY3WIO', 'S6ZDZH');
UPDATE `bv_updation` SET left_carry = left_carry+250, total_left = total_left+250
WHERE `user_id` = 'VAKBAC';
INSERT INTO `placement_bv_update_history` (`left_carry`, `date`, `from_id`, `user_id`) VALUES (250, '2024-08-28 01:08:15', 'TY3WIO', 'VAKBAC');
UPDATE `bv_updation` SET left_carry = left_carry+250, total_left = total_left+250
WHERE `user_id` = '18HAWU';
INSERT INTO `placement_bv_update_history` (`left_carry`, `date`, `from_id`, `user_id`) VALUES (250, '2024-08-28 01:08:15', 'TY3WIO', '18HAWU');
UPDATE `bv_updation` SET left_carry = left_carry+250, total_left = total_left+250
WHERE `user_id` = 'BUI4RR';
INSERT INTO `placement_bv_update_history` (`left_carry`, `date`, `from_id`, `user_id`) VALUES (250, '2024-08-28 01:08:15', 'TY3WIO', 'BUI4RR');
UPDATE `bv_updation` SET left_carry = left_carry+250, total_left = total_left+250
WHERE `user_id` = '1KMYWN';
INSERT INTO `placement_bv_update_history` (`left_carry`, `date`, `from_id`, `user_id`) VALUES (250, '2024-08-28 01:08:15', 'TY3WIO', '1KMYWN');
UPDATE `bv_updation` SET left_carry = left_carry+250, total_left = total_left+250
WHERE `user_id` = '28ZKDZ';
INSERT INTO `placement_bv_update_history` (`left_carry`, `date`, `from_id`, `user_id`) VALUES (250, '2024-08-28 01:08:15', 'TY3WIO', '28ZKDZ');
UPDATE `bv_updation` SET left_carry = left_carry+250, total_left = total_left+250
WHERE `user_id` = '348AOL';
INSERT INTO `placement_bv_update_history` (`left_carry`, `date`, `from_id`, `user_id`) VALUES (250, '2024-08-28 01:08:15', 'TY3WIO', '348AOL');
UPDATE `bv_updation` SET left_carry = left_carry+250, total_left = total_left+250
WHERE `user_id` = 'QA8H7K';
INSERT INTO `placement_bv_update_history` (`left_carry`, `date`, `from_id`, `user_id`) VALUES (250, '2024-08-28 01:08:15', 'TY3WIO', 'QA8H7K');
UPDATE `bv_updation` SET sponsor_left_carry = sponsor_left_carry+250, sponsor_total_left = sponsor_total_left+250
WHERE `user_id` = 'QA8H7K';
INSERT INTO `sponsor_bv_update_history` (`left_carry`, `date`, `user_id`) VALUES (250, '2024-08-28 01:08:15', 'QA8H7K');
UPDATE `bv_updation` SET right_carry = right_carry+250, total_right = total_right+250
WHERE `user_id` = 'XUNLL5';
INSERT INTO `placement_bv_update_history` (`right_carry`, `date`, `from_id`, `user_id`) VALUES (250, '2024-08-28 01:08:15', 'TY3WIO', 'XUNLL5');
UPDATE `bv_updation` SET left_carry = left_carry+250, total_left = total_left+250
WHERE `user_id` = 'admin';
INSERT INTO `placement_bv_update_history` (`left_carry`, `date`, `from_id`, `user_id`) VALUES (250, '2024-08-28 01:08:15', 'TY3WIO', 'admin');
UPDATE `user_registration` SET `popup_seen` = 'yes'
WHERE `user_id` = 'QA8H7K';
UPDATE `user_registration` SET `popup_seen` = 'yes'
WHERE `user_id` = 'XUNLL5';
UPDATE `user_registration` SET `popup_seen` = 'yes'
WHERE `user_id` = 'QA8H7K';
UPDATE `user_registration` SET `popup_seen` = 'yes'
WHERE `user_id` = 'XUNLL5';
UPDATE `ci_sessions` SET `timestamp` = 1724807540, `data` = '__ci_last_regenerate|i:1724807540;id|s:4:\"2039\";user_id|s:6:\"QA8H7K\";username|s:6:\"dayami\";sponsor_id|s:6:\"XUNLL5\";fullname|s:11:\"Dayami Leon\";email|s:23:\"anegociarfree@gmail.com\";phone|s:10:\"8139006115\";isLogIn|b:1;'
WHERE `id` = '6f265f59b769765bb160b0af0cfb90ed8844f011';
UPDATE `ci_sessions` SET `timestamp` = 1724807569, `data` = '__ci_last_regenerate|i:1724807569;id|s:4:\"2020\";user_id|s:6:\"XUNLL5\";username|s:7:\"roberto\";sponsor_id|s:5:\"admin\";fullname|s:17:\"ROBERTO Sotolongo\";email|s:20:\"sotolongor@gmail.com\";phone|s:10:\"7862107045\";isLogIn|b:1;'
WHERE `id` = '6ddde0b56b25fd1115d5daadff5c24d82a99528e';
UPDATE `user_registration` SET `popup_seen` = 'yes'
WHERE `user_id` = 'XUNLL5';
UPDATE `user_registration` SET `popup_seen` = 'yes'
WHERE `user_id` = 'QA8H7K';
UPDATE `ci_sessions` SET `timestamp` = 1724807887, `data` = '__ci_last_regenerate|i:1724807887;id|s:4:\"2039\";user_id|s:6:\"QA8H7K\";username|s:6:\"dayami\";sponsor_id|s:6:\"XUNLL5\";fullname|s:11:\"Dayami Leon\";email|s:23:\"anegociarfree@gmail.com\";phone|s:10:\"8139006115\";isLogIn|b:1;'
WHERE `id` = 'f86f054d5f1e0c4cdcf5d73f42205d705c304844';
UPDATE `user_registration` SET `uid` = '2147', `user_id` = 'HNS9A8', `username` = 'lesli', `sponsor_id` = 'QA8H7K', `vacant` = 'no', `f_name` = 'Lesli', `l_name` = 'andreu', `address` = 'Hola soy Dayami, acá te comparto el curso gratis, gracias gracias gracias. https://metodomaximo.com/courses/curso-metodo-maximo/', `position` = 'right', `email` = 'lesli@gmail.com', `password` = 'f121ce0c25d4132766112471e6f70e2d', `phone` = '8139710000', `country` = 'United States', `state` = 'Florida', `city` = 'tampa', `street` = 'Hola soy Dayami, acá te comparto el curso gratis, gracias gracias gracias. https://metodomaximo.com/courses/curso-metodo-maximo/', `zip_code` = '33604', `reg_ip` = '47.205.26.9', `status` = 1, `package_id` = 1, `rank_id` = 1, `highest_rank` = 1, `created` = '2024-08-28 01:19:18', `google_secret` = 'M4PB3JNT53ZCEOTH'
WHERE `uid` = '2147';
INSERT INTO `user_registration` (`uid`, `user_id`, `username`, `sponsor_id`, `placement_id`, `vacant`, `f_name`, `l_name`, `address`, `position`, `email`, `password`, `phone`, `reg_ip`, `status`, `created`) VALUES (NULL, 'RKUXZE', 'hSXdmlfU', 'HNS9A8', 'HNS9A8', 'yes', '', '', '', 'left', '@mail.com', '', '', '', 0, '2024-08-28 01:19:18');
INSERT INTO `user_registration` (`uid`, `user_id`, `username`, `sponsor_id`, `placement_id`, `vacant`, `f_name`, `l_name`, `address`, `position`, `email`, `password`, `phone`, `reg_ip`, `status`, `created`) VALUES (NULL, 'CVAORV', 'drybOIML', 'HNS9A8', 'HNS9A8', 'yes', '', '', '', 'right', '@mail.com', '', '', '', 0, '2024-08-28 01:19:18');
INSERT INTO `bv_updation` (`user_id`) VALUES ('HNS9A8');
UPDATE `user_registration` SET total_ref_count = total_ref_count+1
WHERE `user_id` = 'QA8H7K';
UPDATE `user_registration` SET total_downlines = total_downlines+1
WHERE `user_id` = 'R72IZI';
UPDATE `user_registration` SET right_downlines = right_downlines+1
WHERE `user_id` = 'R72IZI';
UPDATE `user_registration` SET total_downlines = total_downlines+1
WHERE `user_id` = 'PD3QPX';
UPDATE `user_registration` SET right_downlines = right_downlines+1
WHERE `user_id` = 'PD3QPX';
UPDATE `user_registration` SET total_downlines = total_downlines+1
WHERE `user_id` = 'HBSMS4';
UPDATE `user_registration` SET right_downlines = right_downlines+1
WHERE `user_id` = 'HBSMS4';
UPDATE `user_registration` SET total_downlines = total_downlines+1
WHERE `user_id` = 'LJNVDM';
UPDATE `user_registration` SET right_downlines = right_downlines+1
WHERE `user_id` = 'LJNVDM';
UPDATE `user_registration` SET total_downlines = total_downlines+1
WHERE `user_id` = 'CN2LFV';
UPDATE `user_registration` SET right_downlines = right_downlines+1
WHERE `user_id` = 'CN2LFV';
UPDATE `user_registration` SET total_downlines = total_downlines+1
WHERE `user_id` = 'RQMVUN';
UPDATE `user_registration` SET right_downlines = right_downlines+1
WHERE `user_id` = 'RQMVUN';
UPDATE `user_registration` SET total_downlines = total_downlines+1
WHERE `user_id` = '2IMQZU';
UPDATE `user_registration` SET right_downlines = right_downlines+1
WHERE `user_id` = '2IMQZU';
UPDATE `user_registration` SET total_downlines = total_downlines+1
WHERE `user_id` = 'JG24WL';
UPDATE `user_registration` SET right_downlines = right_downlines+1
WHERE `user_id` = 'JG24WL';
UPDATE `user_registration` SET total_downlines = total_downlines+1
WHERE `user_id` = 'LRU3QN';
UPDATE `user_registration` SET right_downlines = right_downlines+1
WHERE `user_id` = 'LRU3QN';
UPDATE `user_registration` SET total_downlines = total_downlines+1
WHERE `user_id` = '8T4E5T';
UPDATE `user_registration` SET right_downlines = right_downlines+1
WHERE `user_id` = '8T4E5T';
UPDATE `user_registration` SET total_downlines = total_downlines+1
WHERE `user_id` = 'ODRN5Y';
UPDATE `user_registration` SET right_downlines = right_downlines+1
WHERE `user_id` = 'ODRN5Y';
UPDATE `user_registration` SET total_downlines = total_downlines+1
WHERE `user_id` = 'ARKMZW';
UPDATE `user_registration` SET right_downlines = right_downlines+1
WHERE `user_id` = 'ARKMZW';
UPDATE `user_registration` SET total_downlines = total_downlines+1
WHERE `user_id` = 'PPK6PM';
UPDATE `user_registration` SET right_downlines = right_downlines+1
WHERE `user_id` = 'PPK6PM';
UPDATE `user_registration` SET total_downlines = total_downlines+1
WHERE `user_id` = 'L8GRV3';
UPDATE `user_registration` SET right_downlines = right_downlines+1
WHERE `user_id` = 'L8GRV3';
UPDATE `user_registration` SET total_downlines = total_downlines+1
WHERE `user_id` = '5SFJ8K';
UPDATE `user_registration` SET right_downlines = right_downlines+1
WHERE `user_id` = '5SFJ8K';
UPDATE `user_registration` SET total_downlines = total_downlines+1
WHERE `user_id` = 'QA8H7K';
UPDATE `user_registration` SET right_downlines = right_downlines+1
WHERE `user_id` = 'QA8H7K';
UPDATE `user_registration` SET right_ref_count = right_ref_count+1
WHERE `user_id` = 'QA8H7K';
UPDATE `user_registration` SET active_right = active_right+1
WHERE `user_id` = 'QA8H7K';
UPDATE `user_registration` SET `binary_qualified` = 'yes'
WHERE `user_id` = 'QA8H7K';
UPDATE `user_registration` SET total_downlines = total_downlines+1
WHERE `user_id` = 'XUNLL5';
UPDATE `user_registration` SET right_downlines = right_downlines+1
WHERE `user_id` = 'XUNLL5';
UPDATE `user_registration` SET total_downlines = total_downlines+1
WHERE `user_id` = 'admin';
UPDATE `user_registration` SET left_downlines = left_downlines+1
WHERE `user_id` = 'admin';
INSERT INTO `earnings` (`user_id`, `Purchaser_id`, `earning_type`, `package_id`, `amount`, `date`, `comments`, `invest_amount`, `comm_perc`, `level`) VALUES ('QA8H7K', 'HNS9A8', 'Direct Referral Bonus', 0, '200', '2024-08-28 01:19:18', 'Direct Referral Bonus', 0, 0, 1);
UPDATE `user_registration` SET commission_balance = ROUND(commission_balance + 200,2)
WHERE `user_id` = 'QA8H7K';
INSERT INTO `earnings` (`user_id`, `Purchaser_id`, `earning_type`, `package_id`, `amount`, `date`, `comments`, `invest_amount`, `comm_perc`, `level`) VALUES ('XUNLL5', 'HNS9A8', 'Expansion Bonus', 0, 100, '2024-08-28 01:19:18', 'Expansion Bonus', '200', 0, 1);
UPDATE `user_registration` SET commission_balance = ROUND(commission_balance + 100,2)
WHERE `user_id` = 'XUNLL5';
UPDATE `bv_updation` SET right_carry = right_carry+250, total_right = total_right+250
WHERE `user_id` = 'R72IZI';
INSERT INTO `placement_bv_update_history` (`right_carry`, `date`, `from_id`, `user_id`) VALUES (250, '2024-08-28 01:19:18', 'HNS9A8', 'R72IZI');
UPDATE `bv_updation` SET right_carry = right_carry+250, total_right = total_right+250
WHERE `user_id` = 'PD3QPX';
INSERT INTO `placement_bv_update_history` (`right_carry`, `date`, `from_id`, `user_id`) VALUES (250, '2024-08-28 01:19:18', 'HNS9A8', 'PD3QPX');
UPDATE `bv_updation` SET right_carry = right_carry+250, total_right = total_right+250
WHERE `user_id` = 'HBSMS4';
INSERT INTO `placement_bv_update_history` (`right_carry`, `date`, `from_id`, `user_id`) VALUES (250, '2024-08-28 01:19:18', 'HNS9A8', 'HBSMS4');
UPDATE `bv_updation` SET right_carry = right_carry+250, total_right = total_right+250
WHERE `user_id` = 'LJNVDM';
INSERT INTO `placement_bv_update_history` (`right_carry`, `date`, `from_id`, `user_id`) VALUES (250, '2024-08-28 01:19:18', 'HNS9A8', 'LJNVDM');
UPDATE `bv_updation` SET right_carry = right_carry+250, total_right = total_right+250
WHERE `user_id` = 'CN2LFV';
INSERT INTO `placement_bv_update_history` (`right_carry`, `date`, `from_id`, `user_id`) VALUES (250, '2024-08-28 01:19:18', 'HNS9A8', 'CN2LFV');
UPDATE `bv_updation` SET right_carry = right_carry+250, total_right = total_right+250
WHERE `user_id` = 'RQMVUN';
INSERT INTO `placement_bv_update_history` (`right_carry`, `date`, `from_id`, `user_id`) VALUES (250, '2024-08-28 01:19:18', 'HNS9A8', 'RQMVUN');
UPDATE `bv_updation` SET right_carry = right_carry+250, total_right = total_right+250
WHERE `user_id` = '2IMQZU';
INSERT INTO `placement_bv_update_history` (`right_carry`, `date`, `from_id`, `user_id`) VALUES (250, '2024-08-28 01:19:18', 'HNS9A8', '2IMQZU');
UPDATE `bv_updation` SET right_carry = right_carry+250, total_right = total_right+250
WHERE `user_id` = 'JG24WL';
INSERT INTO `placement_bv_update_history` (`right_carry`, `date`, `from_id`, `user_id`) VALUES (250, '2024-08-28 01:19:18', 'HNS9A8', 'JG24WL');
UPDATE `bv_updation` SET right_carry = right_carry+250, total_right = total_right+250
WHERE `user_id` = 'LRU3QN';
INSERT INTO `placement_bv_update_history` (`right_carry`, `date`, `from_id`, `user_id`) VALUES (250, '2024-08-28 01:19:18', 'HNS9A8', 'LRU3QN');
UPDATE `bv_updation` SET right_carry = right_carry+250, total_right = total_right+250
WHERE `user_id` = '8T4E5T';
INSERT INTO `placement_bv_update_history` (`right_carry`, `date`, `from_id`, `user_id`) VALUES (250, '2024-08-28 01:19:18', 'HNS9A8', '8T4E5T');
UPDATE `bv_updation` SET right_carry = right_carry+250, total_right = total_right+250
WHERE `user_id` = 'ODRN5Y';
INSERT INTO `placement_bv_update_history` (`right_carry`, `date`, `from_id`, `user_id`) VALUES (250, '2024-08-28 01:19:18', 'HNS9A8', 'ODRN5Y');
UPDATE `bv_updation` SET right_carry = right_carry+250, total_right = total_right+250
WHERE `user_id` = 'ARKMZW';
INSERT INTO `placement_bv_update_history` (`right_carry`, `date`, `from_id`, `user_id`) VALUES (250, '2024-08-28 01:19:18', 'HNS9A8', 'ARKMZW');
UPDATE `bv_updation` SET right_carry = right_carry+250, total_right = total_right+250
WHERE `user_id` = 'PPK6PM';
INSERT INTO `placement_bv_update_history` (`right_carry`, `date`, `from_id`, `user_id`) VALUES (250, '2024-08-28 01:19:18', 'HNS9A8', 'PPK6PM');
UPDATE `bv_updation` SET right_carry = right_carry+250, total_right = total_right+250
WHERE `user_id` = 'L8GRV3';
INSERT INTO `placement_bv_update_history` (`right_carry`, `date`, `from_id`, `user_id`) VALUES (250, '2024-08-28 01:19:18', 'HNS9A8', 'L8GRV3');
UPDATE `bv_updation` SET right_carry = right_carry+250, total_right = total_right+250
WHERE `user_id` = '5SFJ8K';
INSERT INTO `placement_bv_update_history` (`right_carry`, `date`, `from_id`, `user_id`) VALUES (250, '2024-08-28 01:19:18', 'HNS9A8', '5SFJ8K');
UPDATE `bv_updation` SET right_carry = right_carry+250, total_right = total_right+250
WHERE `user_id` = 'QA8H7K';
INSERT INTO `placement_bv_update_history` (`right_carry`, `date`, `from_id`, `user_id`) VALUES (250, '2024-08-28 01:19:18', 'HNS9A8', 'QA8H7K');
UPDATE `bv_updation` SET sponsor_right_carry = sponsor_right_carry+250, sponsor_total_right = sponsor_total_right+250
WHERE `user_id` = 'QA8H7K';
INSERT INTO `sponsor_bv_update_history` (`right_carry`, `date`, `user_id`) VALUES (250, '2024-08-28 01:19:18', 'QA8H7K');
UPDATE `bv_updation` SET right_carry = right_carry+250, total_right = total_right+250
WHERE `user_id` = 'XUNLL5';
INSERT INTO `placement_bv_update_history` (`right_carry`, `date`, `from_id`, `user_id`) VALUES (250, '2024-08-28 01:19:18', 'HNS9A8', 'XUNLL5');
UPDATE `bv_updation` SET left_carry = left_carry+250, total_left = total_left+250
WHERE `user_id` = 'admin';
INSERT INTO `placement_bv_update_history` (`left_carry`, `date`, `from_id`, `user_id`) VALUES (250, '2024-08-28 01:19:18', 'HNS9A8', 'admin');
UPDATE `user_registration` SET `uid` = '2148', `user_id` = 'ESVC3F', `username` = 'niza', `sponsor_id` = 'QA8H7K', `vacant` = 'no', `f_name` = 'niza', `l_name` = 'ambroa', `address` = 'Hola soy Dayami, acá te comparto el curso gratis, gracias gracias gracias. https://metodomaximo.com/courses/curso-metodo-maximo/', `position` = 'left', `email` = 'niza@gmail.com', `password` = 'f121ce0c25d4132766112471e6f70e2d', `phone` = '813971000', `country` = 'United States', `state` = 'Florida', `city` = 'tampa', `street` = 'Hola soy Dayami, acá te comparto el curso gratis, gracias gracias gracias. https://metodomaximo.com/courses/curso-metodo-maximo/', `zip_code` = '33604', `reg_ip` = '47.205.26.9', `status` = 1, `package_id` = 1, `rank_id` = 1, `highest_rank` = 1, `created` = '2024-08-28 01:20:50', `google_secret` = 'XBJGJTALBIWPSSIJ'
WHERE `uid` = '2148';
INSERT INTO `user_registration` (`uid`, `user_id`, `username`, `sponsor_id`, `placement_id`, `vacant`, `f_name`, `l_name`, `address`, `position`, `email`, `password`, `phone`, `reg_ip`, `status`, `created`) VALUES (NULL, 'CESVSB', 'ZebYxEYm', 'ESVC3F', 'ESVC3F', 'yes', '', '', '', 'left', '@mail.com', '', '', '', 0, '2024-08-28 01:20:50');
INSERT INTO `user_registration` (`uid`, `user_id`, `username`, `sponsor_id`, `placement_id`, `vacant`, `f_name`, `l_name`, `address`, `position`, `email`, `password`, `phone`, `reg_ip`, `status`, `created`) VALUES (NULL, 'ZJYILD', 'eDEYmhHY', 'ESVC3F', 'ESVC3F', 'yes', '', '', '', 'right', '@mail.com', '', '', '', 0, '2024-08-28 01:20:50');
INSERT INTO `bv_updation` (`user_id`) VALUES ('ESVC3F');
UPDATE `user_registration` SET total_ref_count = total_ref_count+1
WHERE `user_id` = 'QA8H7K';
UPDATE `user_registration` SET total_downlines = total_downlines+1
WHERE `user_id` = 'TY3WIO';
UPDATE `user_registration` SET left_downlines = left_downlines+1
WHERE `user_id` = 'TY3WIO';
UPDATE `user_registration` SET total_downlines = total_downlines+1
WHERE `user_id` = 'Z9O1HD';
UPDATE `user_registration` SET left_downlines = left_downlines+1
WHERE `user_id` = 'Z9O1HD';
UPDATE `user_registration` SET total_downlines = total_downlines+1
WHERE `user_id` = 'C94VNN';
UPDATE `user_registration` SET left_downlines = left_downlines+1
WHERE `user_id` = 'C94VNN';
UPDATE `user_registration` SET total_downlines = total_downlines+1
WHERE `user_id` = '5BAUA6';
UPDATE `user_registration` SET left_downlines = left_downlines+1
WHERE `user_id` = '5BAUA6';
UPDATE `user_registration` SET total_downlines = total_downlines+1
WHERE `user_id` = '1ZZMBZ';
UPDATE `user_registration` SET left_downlines = left_downlines+1
WHERE `user_id` = '1ZZMBZ';
UPDATE `user_registration` SET total_downlines = total_downlines+1
WHERE `user_id` = 'A9A5TF';
UPDATE `user_registration` SET left_downlines = left_downlines+1
WHERE `user_id` = 'A9A5TF';
UPDATE `user_registration` SET total_downlines = total_downlines+1
WHERE `user_id` = '728VX3';
UPDATE `user_registration` SET left_downlines = left_downlines+1
WHERE `user_id` = '728VX3';
UPDATE `user_registration` SET total_downlines = total_downlines+1
WHERE `user_id` = 'W81BAR';
UPDATE `user_registration` SET left_downlines = left_downlines+1
WHERE `user_id` = 'W81BAR';
UPDATE `user_registration` SET total_downlines = total_downlines+1
WHERE `user_id` = 'S6ZDZH';
UPDATE `user_registration` SET left_downlines = left_downlines+1
WHERE `user_id` = 'S6ZDZH';
UPDATE `user_registration` SET total_downlines = total_downlines+1
WHERE `user_id` = 'VAKBAC';
UPDATE `user_registration` SET left_downlines = left_downlines+1
WHERE `user_id` = 'VAKBAC';
UPDATE `user_registration` SET total_downlines = total_downlines+1
WHERE `user_id` = '18HAWU';
UPDATE `user_registration` SET left_downlines = left_downlines+1
WHERE `user_id` = '18HAWU';
UPDATE `user_registration` SET total_downlines = total_downlines+1
WHERE `user_id` = 'BUI4RR';
UPDATE `user_registration` SET left_downlines = left_downlines+1
WHERE `user_id` = 'BUI4RR';
UPDATE `user_registration` SET total_downlines = total_downlines+1
WHERE `user_id` = '1KMYWN';
UPDATE `user_registration` SET left_downlines = left_downlines+1
WHERE `user_id` = '1KMYWN';
UPDATE `user_registration` SET total_downlines = total_downlines+1
WHERE `user_id` = '28ZKDZ';
UPDATE `user_registration` SET left_downlines = left_downlines+1
WHERE `user_id` = '28ZKDZ';
UPDATE `user_registration` SET total_downlines = total_downlines+1
WHERE `user_id` = '348AOL';
UPDATE `user_registration` SET left_downlines = left_downlines+1
WHERE `user_id` = '348AOL';
UPDATE `user_registration` SET total_downlines = total_downlines+1
WHERE `user_id` = 'QA8H7K';
UPDATE `user_registration` SET left_downlines = left_downlines+1
WHERE `user_id` = 'QA8H7K';
UPDATE `user_registration` SET left_ref_count = left_ref_count+1
WHERE `user_id` = 'QA8H7K';
UPDATE `user_registration` SET active_left = active_left+1
WHERE `user_id` = 'QA8H7K';
UPDATE `user_registration` SET `binary_qualified` = 'yes'
WHERE `user_id` = 'QA8H7K';
UPDATE `user_registration` SET total_downlines = total_downlines+1
WHERE `user_id` = 'XUNLL5';
UPDATE `user_registration` SET right_downlines = right_downlines+1
WHERE `user_id` = 'XUNLL5';
UPDATE `user_registration` SET total_downlines = total_downlines+1
WHERE `user_id` = 'admin';
UPDATE `user_registration` SET left_downlines = left_downlines+1
WHERE `user_id` = 'admin';
INSERT INTO `earnings` (`user_id`, `Purchaser_id`, `earning_type`, `package_id`, `amount`, `date`, `comments`, `invest_amount`, `comm_perc`, `level`) VALUES ('QA8H7K', 'ESVC3F', 'Direct Referral Bonus', 0, '200', '2024-08-28 01:20:51', 'Direct Referral Bonus', 0, 0, 1);
UPDATE `user_registration` SET commission_balance = ROUND(commission_balance + 200,2)
WHERE `user_id` = 'QA8H7K';
INSERT INTO `earnings` (`user_id`, `Purchaser_id`, `earning_type`, `package_id`, `amount`, `date`, `comments`, `invest_amount`, `comm_perc`, `level`) VALUES ('XUNLL5', 'ESVC3F', 'Expansion Bonus', 0, 100, '2024-08-28 01:20:51', 'Expansion Bonus', '200', 0, 1);
UPDATE `user_registration` SET commission_balance = ROUND(commission_balance + 100,2)
WHERE `user_id` = 'XUNLL5';
UPDATE `bv_updation` SET left_carry = left_carry+250, total_left = total_left+250
WHERE `user_id` = 'TY3WIO';
INSERT INTO `placement_bv_update_history` (`left_carry`, `date`, `from_id`, `user_id`) VALUES (250, '2024-08-28 01:20:51', 'ESVC3F', 'TY3WIO');
UPDATE `bv_updation` SET left_carry = left_carry+250, total_left = total_left+250
WHERE `user_id` = 'Z9O1HD';
INSERT INTO `placement_bv_update_history` (`left_carry`, `date`, `from_id`, `user_id`) VALUES (250, '2024-08-28 01:20:51', 'ESVC3F', 'Z9O1HD');
UPDATE `bv_updation` SET left_carry = left_carry+250, total_left = total_left+250
WHERE `user_id` = 'C94VNN';
INSERT INTO `placement_bv_update_history` (`left_carry`, `date`, `from_id`, `user_id`) VALUES (250, '2024-08-28 01:20:51', 'ESVC3F', 'C94VNN');
UPDATE `bv_updation` SET left_carry = left_carry+250, total_left = total_left+250
WHERE `user_id` = '5BAUA6';
INSERT INTO `placement_bv_update_history` (`left_carry`, `date`, `from_id`, `user_id`) VALUES (250, '2024-08-28 01:20:51', 'ESVC3F', '5BAUA6');
UPDATE `bv_updation` SET left_carry = left_carry+250, total_left = total_left+250
WHERE `user_id` = '1ZZMBZ';
INSERT INTO `placement_bv_update_history` (`left_carry`, `date`, `from_id`, `user_id`) VALUES (250, '2024-08-28 01:20:51', 'ESVC3F', '1ZZMBZ');
UPDATE `bv_updation` SET left_carry = left_carry+250, total_left = total_left+250
WHERE `user_id` = 'A9A5TF';
INSERT INTO `placement_bv_update_history` (`left_carry`, `date`, `from_id`, `user_id`) VALUES (250, '2024-08-28 01:20:51', 'ESVC3F', 'A9A5TF');
UPDATE `bv_updation` SET left_carry = left_carry+250, total_left = total_left+250
WHERE `user_id` = '728VX3';
INSERT INTO `placement_bv_update_history` (`left_carry`, `date`, `from_id`, `user_id`) VALUES (250, '2024-08-28 01:20:51', 'ESVC3F', '728VX3');
UPDATE `bv_updation` SET left_carry = left_carry+250, total_left = total_left+250
WHERE `user_id` = 'W81BAR';
INSERT INTO `placement_bv_update_history` (`left_carry`, `date`, `from_id`, `user_id`) VALUES (250, '2024-08-28 01:20:51', 'ESVC3F', 'W81BAR');
UPDATE `bv_updation` SET left_carry = left_carry+250, total_left = total_left+250
WHERE `user_id` = 'S6ZDZH';
INSERT INTO `placement_bv_update_history` (`left_carry`, `date`, `from_id`, `user_id`) VALUES (250, '2024-08-28 01:20:51', 'ESVC3F', 'S6ZDZH');
UPDATE `bv_updation` SET left_carry = left_carry+250, total_left = total_left+250
WHERE `user_id` = 'VAKBAC';
INSERT INTO `placement_bv_update_history` (`left_carry`, `date`, `from_id`, `user_id`) VALUES (250, '2024-08-28 01:20:51', 'ESVC3F', 'VAKBAC');
UPDATE `bv_updation` SET left_carry = left_carry+250, total_left = total_left+250
WHERE `user_id` = '18HAWU';
INSERT INTO `placement_bv_update_history` (`left_carry`, `date`, `from_id`, `user_id`) VALUES (250, '2024-08-28 01:20:51', 'ESVC3F', '18HAWU');
UPDATE `bv_updation` SET left_carry = left_carry+250, total_left = total_left+250
WHERE `user_id` = 'BUI4RR';
INSERT INTO `placement_bv_update_history` (`left_carry`, `date`, `from_id`, `user_id`) VALUES (250, '2024-08-28 01:20:51', 'ESVC3F', 'BUI4RR');
UPDATE `bv_updation` SET left_carry = left_carry+250, total_left = total_left+250
WHERE `user_id` = '1KMYWN';
INSERT INTO `placement_bv_update_history` (`left_carry`, `date`, `from_id`, `user_id`) VALUES (250, '2024-08-28 01:20:51', 'ESVC3F', '1KMYWN');
UPDATE `bv_updation` SET left_carry = left_carry+250, total_left = total_left+250
WHERE `user_id` = '28ZKDZ';
INSERT INTO `placement_bv_update_history` (`left_carry`, `date`, `from_id`, `user_id`) VALUES (250, '2024-08-28 01:20:51', 'ESVC3F', '28ZKDZ');
UPDATE `bv_updation` SET left_carry = left_carry+250, total_left = total_left+250
WHERE `user_id` = '348AOL';
INSERT INTO `placement_bv_update_history` (`left_carry`, `date`, `from_id`, `user_id`) VALUES (250, '2024-08-28 01:20:51', 'ESVC3F', '348AOL');
UPDATE `bv_updation` SET left_carry = left_carry+250, total_left = total_left+250
WHERE `user_id` = 'QA8H7K';
INSERT INTO `placement_bv_update_history` (`left_carry`, `date`, `from_id`, `user_id`) VALUES (250, '2024-08-28 01:20:51', 'ESVC3F', 'QA8H7K');
UPDATE `bv_updation` SET sponsor_left_carry = sponsor_left_carry+250, sponsor_total_left = sponsor_total_left+250
WHERE `user_id` = 'QA8H7K';
INSERT INTO `sponsor_bv_update_history` (`left_carry`, `date`, `user_id`) VALUES (250, '2024-08-28 01:20:51', 'QA8H7K');
UPDATE `bv_updation` SET right_carry = right_carry+250, total_right = total_right+250
WHERE `user_id` = 'XUNLL5';
INSERT INTO `placement_bv_update_history` (`right_carry`, `date`, `from_id`, `user_id`) VALUES (250, '2024-08-28 01:20:51', 'ESVC3F', 'XUNLL5');
UPDATE `bv_updation` SET left_carry = left_carry+250, total_left = total_left+250
WHERE `user_id` = 'admin';
INSERT INTO `placement_bv_update_history` (`left_carry`, `date`, `from_id`, `user_id`) VALUES (250, '2024-08-28 01:20:51', 'ESVC3F', 'admin');
UPDATE `ci_sessions` SET `timestamp` = 1724808493, `data` = '__ci_last_regenerate|i:1724808493;id|s:4:\"2039\";user_id|s:6:\"QA8H7K\";username|s:6:\"dayami\";sponsor_id|s:6:\"XUNLL5\";fullname|s:11:\"Dayami Leon\";email|s:23:\"anegociarfree@gmail.com\";phone|s:10:\"8139006115\";isLogIn|b:1;message|s:44:\"Your registration completed successfully...!\";__ci_vars|a:1:{s:7:\"message\";s:3:\"old\";}'
WHERE `id` = '24b1dbb7f1b28847e12eb82f3987a2a929fd861e';
UPDATE `user_registration` SET `uid` = '2151', `user_id` = 'VVGG3X', `username` = 'Alicia', `sponsor_id` = 'QA8H7K', `vacant` = 'no', `f_name` = 'alicia', `l_name` = 'medina', `address` = 'https://www.tripvaletincentives.com', `position` = 'right', `email` = 'alicia@gmail.com', `password` = 'f121ce0c25d4132766112471e6f70e2d', `phone` = '8139710000', `country` = 'United States', `state` = 'Florida', `city` = 'tampa', `street` = '4900 n macdill', `zip_code` = '33604', `reg_ip` = '47.205.26.9', `status` = 1, `package_id` = 1, `rank_id` = 1, `highest_rank` = 1, `created` = '2024-08-28 01:28:13', `google_secret` = 'BAXG7NDMNLRJFWUY'
WHERE `uid` = '2151';
INSERT INTO `user_registration` (`uid`, `user_id`, `username`, `sponsor_id`, `placement_id`, `vacant`, `f_name`, `l_name`, `address`, `position`, `email`, `password`, `phone`, `reg_ip`, `status`, `created`) VALUES (NULL, 'FXAXQS', 'wqIhnhKQ', 'VVGG3X', 'VVGG3X', 'yes', '', '', '', 'left', '@mail.com', '', '', '', 0, '2024-08-28 01:28:13');
INSERT INTO `user_registration` (`uid`, `user_id`, `username`, `sponsor_id`, `placement_id`, `vacant`, `f_name`, `l_name`, `address`, `position`, `email`, `password`, `phone`, `reg_ip`, `status`, `created`) VALUES (NULL, 'ELBXVF', 'gFgkvSCy', 'VVGG3X', 'VVGG3X', 'yes', '', '', '', 'right', '@mail.com', '', '', '', 0, '2024-08-28 01:28:13');
INSERT INTO `bv_updation` (`user_id`) VALUES ('VVGG3X');
UPDATE `user_registration` SET total_ref_count = total_ref_count+1
WHERE `user_id` = 'QA8H7K';
UPDATE `user_registration` SET total_downlines = total_downlines+1
WHERE `user_id` = 'HNS9A8';
UPDATE `user_registration` SET right_downlines = right_downlines+1
WHERE `user_id` = 'HNS9A8';
UPDATE `user_registration` SET total_downlines = total_downlines+1
WHERE `user_id` = 'R72IZI';
UPDATE `user_registration` SET right_downlines = right_downlines+1
WHERE `user_id` = 'R72IZI';
UPDATE `user_registration` SET total_downlines = total_downlines+1
WHERE `user_id` = 'PD3QPX';
UPDATE `user_registration` SET right_downlines = right_downlines+1
WHERE `user_id` = 'PD3QPX';
UPDATE `user_registration` SET total_downlines = total_downlines+1
WHERE `user_id` = 'HBSMS4';
UPDATE `user_registration` SET right_downlines = right_downlines+1
WHERE `user_id` = 'HBSMS4';
UPDATE `user_registration` SET total_downlines = total_downlines+1
WHERE `user_id` = 'LJNVDM';
UPDATE `user_registration` SET right_downlines = right_downlines+1
WHERE `user_id` = 'LJNVDM';
UPDATE `user_registration` SET total_downlines = total_downlines+1
WHERE `user_id` = 'CN2LFV';
UPDATE `user_registration` SET right_downlines = right_downlines+1
WHERE `user_id` = 'CN2LFV';
UPDATE `user_registration` SET total_downlines = total_downlines+1
WHERE `user_id` = 'RQMVUN';
UPDATE `user_registration` SET right_downlines = right_downlines+1
WHERE `user_id` = 'RQMVUN';
UPDATE `user_registration` SET total_downlines = total_downlines+1
WHERE `user_id` = '2IMQZU';
UPDATE `user_registration` SET right_downlines = right_downlines+1
WHERE `user_id` = '2IMQZU';
UPDATE `user_registration` SET total_downlines = total_downlines+1
WHERE `user_id` = 'JG24WL';
UPDATE `user_registration` SET right_downlines = right_downlines+1
WHERE `user_id` = 'JG24WL';
UPDATE `user_registration` SET total_downlines = total_downlines+1
WHERE `user_id` = 'LRU3QN';
UPDATE `user_registration` SET right_downlines = right_downlines+1
WHERE `user_id` = 'LRU3QN';
UPDATE `user_registration` SET total_downlines = total_downlines+1
WHERE `user_id` = '8T4E5T';
UPDATE `user_registration` SET right_downlines = right_downlines+1
WHERE `user_id` = '8T4E5T';
UPDATE `user_registration` SET total_downlines = total_downlines+1
WHERE `user_id` = 'ODRN5Y';
UPDATE `user_registration` SET right_downlines = right_downlines+1
WHERE `user_id` = 'ODRN5Y';
UPDATE `user_registration` SET total_downlines = total_downlines+1
WHERE `user_id` = 'ARKMZW';
UPDATE `user_registration` SET right_downlines = right_downlines+1
WHERE `user_id` = 'ARKMZW';
UPDATE `user_registration` SET total_downlines = total_downlines+1
WHERE `user_id` = 'PPK6PM';
UPDATE `user_registration` SET right_downlines = right_downlines+1
WHERE `user_id` = 'PPK6PM';
UPDATE `user_registration` SET total_downlines = total_downlines+1
WHERE `user_id` = 'L8GRV3';
UPDATE `user_registration` SET right_downlines = right_downlines+1
WHERE `user_id` = 'L8GRV3';
UPDATE `user_registration` SET total_downlines = total_downlines+1
WHERE `user_id` = '5SFJ8K';
UPDATE `user_registration` SET right_downlines = right_downlines+1
WHERE `user_id` = '5SFJ8K';
UPDATE `user_registration` SET total_downlines = total_downlines+1
WHERE `user_id` = 'QA8H7K';
UPDATE `user_registration` SET right_downlines = right_downlines+1
WHERE `user_id` = 'QA8H7K';
UPDATE `user_registration` SET right_ref_count = right_ref_count+1
WHERE `user_id` = 'QA8H7K';
UPDATE `user_registration` SET active_right = active_right+1
WHERE `user_id` = 'QA8H7K';
UPDATE `user_registration` SET `binary_qualified` = 'yes'
WHERE `user_id` = 'QA8H7K';
UPDATE `user_registration` SET total_downlines = total_downlines+1
WHERE `user_id` = 'XUNLL5';
UPDATE `user_registration` SET right_downlines = right_downlines+1
WHERE `user_id` = 'XUNLL5';
UPDATE `user_registration` SET total_downlines = total_downlines+1
WHERE `user_id` = 'admin';
UPDATE `user_registration` SET left_downlines = left_downlines+1
WHERE `user_id` = 'admin';
INSERT INTO `earnings` (`user_id`, `Purchaser_id`, `earning_type`, `package_id`, `amount`, `date`, `comments`, `invest_amount`, `comm_perc`, `level`) VALUES ('QA8H7K', 'VVGG3X', 'Direct Referral Bonus', 0, '200', '2024-08-28 01:28:13', 'Direct Referral Bonus', 0, 0, 1);
UPDATE `user_registration` SET commission_balance = ROUND(commission_balance + 200,2)
WHERE `user_id` = 'QA8H7K';
INSERT INTO `earnings` (`user_id`, `Purchaser_id`, `earning_type`, `package_id`, `amount`, `date`, `comments`, `invest_amount`, `comm_perc`, `level`) VALUES ('XUNLL5', 'VVGG3X', 'Expansion Bonus', 0, 100, '2024-08-28 01:28:13', 'Expansion Bonus', '200', 0, 1);
UPDATE `user_registration` SET commission_balance = ROUND(commission_balance + 100,2)
WHERE `user_id` = 'XUNLL5';
UPDATE `bv_updation` SET right_carry = right_carry+250, total_right = total_right+250
WHERE `user_id` = 'HNS9A8';
INSERT INTO `placement_bv_update_history` (`right_carry`, `date`, `from_id`, `user_id`) VALUES (250, '2024-08-28 01:28:13', 'VVGG3X', 'HNS9A8');
UPDATE `bv_updation` SET right_carry = right_carry+250, total_right = total_right+250
WHERE `user_id` = 'R72IZI';
INSERT INTO `placement_bv_update_history` (`right_carry`, `date`, `from_id`, `user_id`) VALUES (250, '2024-08-28 01:28:13', 'VVGG3X', 'R72IZI');
UPDATE `bv_updation` SET right_carry = right_carry+250, total_right = total_right+250
WHERE `user_id` = 'PD3QPX';
INSERT INTO `placement_bv_update_history` (`right_carry`, `date`, `from_id`, `user_id`) VALUES (250, '2024-08-28 01:28:13', 'VVGG3X', 'PD3QPX');
UPDATE `bv_updation` SET right_carry = right_carry+250, total_right = total_right+250
WHERE `user_id` = 'HBSMS4';
INSERT INTO `placement_bv_update_history` (`right_carry`, `date`, `from_id`, `user_id`) VALUES (250, '2024-08-28 01:28:13', 'VVGG3X', 'HBSMS4');
UPDATE `bv_updation` SET right_carry = right_carry+250, total_right = total_right+250
WHERE `user_id` = 'LJNVDM';
INSERT INTO `placement_bv_update_history` (`right_carry`, `date`, `from_id`, `user_id`) VALUES (250, '2024-08-28 01:28:13', 'VVGG3X', 'LJNVDM');
UPDATE `bv_updation` SET right_carry = right_carry+250, total_right = total_right+250
WHERE `user_id` = 'CN2LFV';
INSERT INTO `placement_bv_update_history` (`right_carry`, `date`, `from_id`, `user_id`) VALUES (250, '2024-08-28 01:28:13', 'VVGG3X', 'CN2LFV');
UPDATE `bv_updation` SET right_carry = right_carry+250, total_right = total_right+250
WHERE `user_id` = 'RQMVUN';
INSERT INTO `placement_bv_update_history` (`right_carry`, `date`, `from_id`, `user_id`) VALUES (250, '2024-08-28 01:28:13', 'VVGG3X', 'RQMVUN');
UPDATE `bv_updation` SET right_carry = right_carry+250, total_right = total_right+250
WHERE `user_id` = '2IMQZU';
INSERT INTO `placement_bv_update_history` (`right_carry`, `date`, `from_id`, `user_id`) VALUES (250, '2024-08-28 01:28:13', 'VVGG3X', '2IMQZU');
UPDATE `bv_updation` SET right_carry = right_carry+250, total_right = total_right+250
WHERE `user_id` = 'JG24WL';
INSERT INTO `placement_bv_update_history` (`right_carry`, `date`, `from_id`, `user_id`) VALUES (250, '2024-08-28 01:28:13', 'VVGG3X', 'JG24WL');
UPDATE `bv_updation` SET right_carry = right_carry+250, total_right = total_right+250
WHERE `user_id` = 'LRU3QN';
INSERT INTO `placement_bv_update_history` (`right_carry`, `date`, `from_id`, `user_id`) VALUES (250, '2024-08-28 01:28:13', 'VVGG3X', 'LRU3QN');
UPDATE `bv_updation` SET right_carry = right_carry+250, total_right = total_right+250
WHERE `user_id` = '8T4E5T';
INSERT INTO `placement_bv_update_history` (`right_carry`, `date`, `from_id`, `user_id`) VALUES (250, '2024-08-28 01:28:13', 'VVGG3X', '8T4E5T');
UPDATE `bv_updation` SET right_carry = right_carry+250, total_right = total_right+250
WHERE `user_id` = 'ODRN5Y';
INSERT INTO `placement_bv_update_history` (`right_carry`, `date`, `from_id`, `user_id`) VALUES (250, '2024-08-28 01:28:13', 'VVGG3X', 'ODRN5Y');
UPDATE `bv_updation` SET right_carry = right_carry+250, total_right = total_right+250
WHERE `user_id` = 'ARKMZW';
INSERT INTO `placement_bv_update_history` (`right_carry`, `date`, `from_id`, `user_id`) VALUES (250, '2024-08-28 01:28:13', 'VVGG3X', 'ARKMZW');
UPDATE `bv_updation` SET right_carry = right_carry+250, total_right = total_right+250
WHERE `user_id` = 'PPK6PM';
INSERT INTO `placement_bv_update_history` (`right_carry`, `date`, `from_id`, `user_id`) VALUES (250, '2024-08-28 01:28:13', 'VVGG3X', 'PPK6PM');
UPDATE `bv_updation` SET right_carry = right_carry+250, total_right = total_right+250
WHERE `user_id` = 'L8GRV3';
INSERT INTO `placement_bv_update_history` (`right_carry`, `date`, `from_id`, `user_id`) VALUES (250, '2024-08-28 01:28:13', 'VVGG3X', 'L8GRV3');
UPDATE `bv_updation` SET right_carry = right_carry+250, total_right = total_right+250
WHERE `user_id` = '5SFJ8K';
INSERT INTO `placement_bv_update_history` (`right_carry`, `date`, `from_id`, `user_id`) VALUES (250, '2024-08-28 01:28:13', 'VVGG3X', '5SFJ8K');
UPDATE `bv_updation` SET right_carry = right_carry+250, total_right = total_right+250
WHERE `user_id` = 'QA8H7K';
INSERT INTO `placement_bv_update_history` (`right_carry`, `date`, `from_id`, `user_id`) VALUES (250, '2024-08-28 01:28:13', 'VVGG3X', 'QA8H7K');
UPDATE `bv_updation` SET sponsor_right_carry = sponsor_right_carry+250, sponsor_total_right = sponsor_total_right+250
WHERE `user_id` = 'QA8H7K';
INSERT INTO `sponsor_bv_update_history` (`right_carry`, `date`, `user_id`) VALUES (250, '2024-08-28 01:28:13', 'QA8H7K');
UPDATE `bv_updation` SET right_carry = right_carry+250, total_right = total_right+250
WHERE `user_id` = 'XUNLL5';
INSERT INTO `placement_bv_update_history` (`right_carry`, `date`, `from_id`, `user_id`) VALUES (250, '2024-08-28 01:28:13', 'VVGG3X', 'XUNLL5');
UPDATE `bv_updation` SET left_carry = left_carry+250, total_left = total_left+250
WHERE `user_id` = 'admin';
INSERT INTO `placement_bv_update_history` (`left_carry`, `date`, `from_id`, `user_id`) VALUES (250, '2024-08-28 01:28:13', 'VVGG3X', 'admin');
UPDATE `user_registration` SET `uid` = '2152', `user_id` = 'V51KB5', `username` = 'maribele', `sponsor_id` = 'QA8H7K', `vacant` = 'no', `f_name` = 'maribel', `l_name` = 'elias', `address` = '4900 n macdill', `position` = 'left', `email` = 'maribel@gmai.com', `password` = 'f121ce0c25d4132766112471e6f70e2d', `phone` = '8139710000', `country` = 'United States', `state` = 'Florida', `city` = 'tampa', `street` = '4900 n macdill', `zip_code` = '33604', `reg_ip` = '47.205.26.9', `status` = 1, `package_id` = 1, `rank_id` = 1, `highest_rank` = 1, `created` = '2024-08-28 01:30:22', `google_secret` = 'IH32WJYTYJJOX34I'
WHERE `uid` = '2152';
INSERT INTO `user_registration` (`uid`, `user_id`, `username`, `sponsor_id`, `placement_id`, `vacant`, `f_name`, `l_name`, `address`, `position`, `email`, `password`, `phone`, `reg_ip`, `status`, `created`) VALUES (NULL, 'RTKVDF', 'XIQqLIrv', 'V51KB5', 'V51KB5', 'yes', '', '', '', 'left', '@mail.com', '', '', '', 0, '2024-08-28 01:30:22');
INSERT INTO `user_registration` (`uid`, `user_id`, `username`, `sponsor_id`, `placement_id`, `vacant`, `f_name`, `l_name`, `address`, `position`, `email`, `password`, `phone`, `reg_ip`, `status`, `created`) VALUES (NULL, 'MSMTZP', 'fbCZOSLD', 'V51KB5', 'V51KB5', 'yes', '', '', '', 'right', '@mail.com', '', '', '', 0, '2024-08-28 01:30:22');
INSERT INTO `bv_updation` (`user_id`) VALUES ('V51KB5');
UPDATE `user_registration` SET total_ref_count = total_ref_count+1
WHERE `user_id` = 'QA8H7K';
UPDATE `user_registration` SET total_downlines = total_downlines+1
WHERE `user_id` = 'ESVC3F';
UPDATE `user_registration` SET left_downlines = left_downlines+1
WHERE `user_id` = 'ESVC3F';
UPDATE `user_registration` SET total_downlines = total_downlines+1
WHERE `user_id` = 'TY3WIO';
UPDATE `user_registration` SET left_downlines = left_downlines+1
WHERE `user_id` = 'TY3WIO';
UPDATE `user_registration` SET total_downlines = total_downlines+1
WHERE `user_id` = 'Z9O1HD';
UPDATE `user_registration` SET left_downlines = left_downlines+1
WHERE `user_id` = 'Z9O1HD';
UPDATE `user_registration` SET total_downlines = total_downlines+1
WHERE `user_id` = 'C94VNN';
UPDATE `user_registration` SET left_downlines = left_downlines+1
WHERE `user_id` = 'C94VNN';
UPDATE `user_registration` SET total_downlines = total_downlines+1
WHERE `user_id` = '5BAUA6';
UPDATE `user_registration` SET left_downlines = left_downlines+1
WHERE `user_id` = '5BAUA6';
UPDATE `user_registration` SET total_downlines = total_downlines+1
WHERE `user_id` = '1ZZMBZ';
UPDATE `user_registration` SET left_downlines = left_downlines+1
WHERE `user_id` = '1ZZMBZ';
UPDATE `user_registration` SET total_downlines = total_downlines+1
WHERE `user_id` = 'A9A5TF';
UPDATE `user_registration` SET left_downlines = left_downlines+1
WHERE `user_id` = 'A9A5TF';
UPDATE `user_registration` SET total_downlines = total_downlines+1
WHERE `user_id` = '728VX3';
UPDATE `user_registration` SET left_downlines = left_downlines+1
WHERE `user_id` = '728VX3';
UPDATE `user_registration` SET total_downlines = total_downlines+1
WHERE `user_id` = 'W81BAR';
UPDATE `user_registration` SET left_downlines = left_downlines+1
WHERE `user_id` = 'W81BAR';
UPDATE `user_registration` SET total_downlines = total_downlines+1
WHERE `user_id` = 'S6ZDZH';
UPDATE `user_registration` SET left_downlines = left_downlines+1
WHERE `user_id` = 'S6ZDZH';
UPDATE `user_registration` SET total_downlines = total_downlines+1
WHERE `user_id` = 'VAKBAC';
UPDATE `user_registration` SET left_downlines = left_downlines+1
WHERE `user_id` = 'VAKBAC';
UPDATE `user_registration` SET total_downlines = total_downlines+1
WHERE `user_id` = '18HAWU';
UPDATE `user_registration` SET left_downlines = left_downlines+1
WHERE `user_id` = '18HAWU';
UPDATE `user_registration` SET total_downlines = total_downlines+1
WHERE `user_id` = 'BUI4RR';
UPDATE `user_registration` SET left_downlines = left_downlines+1
WHERE `user_id` = 'BUI4RR';
UPDATE `user_registration` SET total_downlines = total_downlines+1
WHERE `user_id` = '1KMYWN';
UPDATE `user_registration` SET left_downlines = left_downlines+1
WHERE `user_id` = '1KMYWN';
UPDATE `user_registration` SET total_downlines = total_downlines+1
WHERE `user_id` = '28ZKDZ';
UPDATE `user_registration` SET left_downlines = left_downlines+1
WHERE `user_id` = '28ZKDZ';
UPDATE `user_registration` SET total_downlines = total_downlines+1
WHERE `user_id` = '348AOL';
UPDATE `user_registration` SET left_downlines = left_downlines+1
WHERE `user_id` = '348AOL';
UPDATE `user_registration` SET total_downlines = total_downlines+1
WHERE `user_id` = 'QA8H7K';
UPDATE `user_registration` SET left_downlines = left_downlines+1
WHERE `user_id` = 'QA8H7K';
UPDATE `user_registration` SET left_ref_count = left_ref_count+1
WHERE `user_id` = 'QA8H7K';
UPDATE `user_registration` SET active_left = active_left+1
WHERE `user_id` = 'QA8H7K';
UPDATE `user_registration` SET `binary_qualified` = 'yes'
WHERE `user_id` = 'QA8H7K';
UPDATE `user_registration` SET total_downlines = total_downlines+1
WHERE `user_id` = 'XUNLL5';
UPDATE `user_registration` SET right_downlines = right_downlines+1
WHERE `user_id` = 'XUNLL5';
UPDATE `user_registration` SET total_downlines = total_downlines+1
WHERE `user_id` = 'admin';
UPDATE `user_registration` SET left_downlines = left_downlines+1
WHERE `user_id` = 'admin';
INSERT INTO `earnings` (`user_id`, `Purchaser_id`, `earning_type`, `package_id`, `amount`, `date`, `comments`, `invest_amount`, `comm_perc`, `level`) VALUES ('QA8H7K', 'V51KB5', 'Direct Referral Bonus', 0, '200', '2024-08-28 01:30:22', 'Direct Referral Bonus', 0, 0, 1);
UPDATE `user_registration` SET commission_balance = ROUND(commission_balance + 200,2)
WHERE `user_id` = 'QA8H7K';
INSERT INTO `earnings` (`user_id`, `Purchaser_id`, `earning_type`, `package_id`, `amount`, `date`, `comments`, `invest_amount`, `comm_perc`, `level`) VALUES ('XUNLL5', 'V51KB5', 'Expansion Bonus', 0, 100, '2024-08-28 01:30:22', 'Expansion Bonus', '200', 0, 1);
UPDATE `user_registration` SET commission_balance = ROUND(commission_balance + 100,2)
WHERE `user_id` = 'XUNLL5';
UPDATE `bv_updation` SET left_carry = left_carry+250, total_left = total_left+250
WHERE `user_id` = 'ESVC3F';
INSERT INTO `placement_bv_update_history` (`left_carry`, `date`, `from_id`, `user_id`) VALUES (250, '2024-08-28 01:30:22', 'V51KB5', 'ESVC3F');
UPDATE `bv_updation` SET left_carry = left_carry+250, total_left = total_left+250
WHERE `user_id` = 'TY3WIO';
INSERT INTO `placement_bv_update_history` (`left_carry`, `date`, `from_id`, `user_id`) VALUES (250, '2024-08-28 01:30:22', 'V51KB5', 'TY3WIO');
UPDATE `bv_updation` SET left_carry = left_carry+250, total_left = total_left+250
WHERE `user_id` = 'Z9O1HD';
INSERT INTO `placement_bv_update_history` (`left_carry`, `date`, `from_id`, `user_id`) VALUES (250, '2024-08-28 01:30:22', 'V51KB5', 'Z9O1HD');
UPDATE `bv_updation` SET left_carry = left_carry+250, total_left = total_left+250
WHERE `user_id` = 'C94VNN';
INSERT INTO `placement_bv_update_history` (`left_carry`, `date`, `from_id`, `user_id`) VALUES (250, '2024-08-28 01:30:22', 'V51KB5', 'C94VNN');
UPDATE `bv_updation` SET left_carry = left_carry+250, total_left = total_left+250
WHERE `user_id` = '5BAUA6';
INSERT INTO `placement_bv_update_history` (`left_carry`, `date`, `from_id`, `user_id`) VALUES (250, '2024-08-28 01:30:22', 'V51KB5', '5BAUA6');
UPDATE `bv_updation` SET left_carry = left_carry+250, total_left = total_left+250
WHERE `user_id` = '1ZZMBZ';
INSERT INTO `placement_bv_update_history` (`left_carry`, `date`, `from_id`, `user_id`) VALUES (250, '2024-08-28 01:30:22', 'V51KB5', '1ZZMBZ');
UPDATE `bv_updation` SET left_carry = left_carry+250, total_left = total_left+250
WHERE `user_id` = 'A9A5TF';
INSERT INTO `placement_bv_update_history` (`left_carry`, `date`, `from_id`, `user_id`) VALUES (250, '2024-08-28 01:30:22', 'V51KB5', 'A9A5TF');
UPDATE `bv_updation` SET left_carry = left_carry+250, total_left = total_left+250
WHERE `user_id` = '728VX3';
INSERT INTO `placement_bv_update_history` (`left_carry`, `date`, `from_id`, `user_id`) VALUES (250, '2024-08-28 01:30:22', 'V51KB5', '728VX3');
UPDATE `bv_updation` SET left_carry = left_carry+250, total_left = total_left+250
WHERE `user_id` = 'W81BAR';
INSERT INTO `placement_bv_update_history` (`left_carry`, `date`, `from_id`, `user_id`) VALUES (250, '2024-08-28 01:30:22', 'V51KB5', 'W81BAR');
UPDATE `bv_updation` SET left_carry = left_carry+250, total_left = total_left+250
WHERE `user_id` = 'S6ZDZH';
INSERT INTO `placement_bv_update_history` (`left_carry`, `date`, `from_id`, `user_id`) VALUES (250, '2024-08-28 01:30:22', 'V51KB5', 'S6ZDZH');
UPDATE `bv_updation` SET left_carry = left_carry+250, total_left = total_left+250
WHERE `user_id` = 'VAKBAC';
INSERT INTO `placement_bv_update_history` (`left_carry`, `date`, `from_id`, `user_id`) VALUES (250, '2024-08-28 01:30:22', 'V51KB5', 'VAKBAC');
UPDATE `bv_updation` SET left_carry = left_carry+250, total_left = total_left+250
WHERE `user_id` = '18HAWU';
INSERT INTO `placement_bv_update_history` (`left_carry`, `date`, `from_id`, `user_id`) VALUES (250, '2024-08-28 01:30:22', 'V51KB5', '18HAWU');
UPDATE `bv_updation` SET left_carry = left_carry+250, total_left = total_left+250
WHERE `user_id` = 'BUI4RR';
INSERT INTO `placement_bv_update_history` (`left_carry`, `date`, `from_id`, `user_id`) VALUES (250, '2024-08-28 01:30:22', 'V51KB5', 'BUI4RR');
UPDATE `bv_updation` SET left_carry = left_carry+250, total_left = total_left+250
WHERE `user_id` = '1KMYWN';
INSERT INTO `placement_bv_update_history` (`left_carry`, `date`, `from_id`, `user_id`) VALUES (250, '2024-08-28 01:30:22', 'V51KB5', '1KMYWN');
UPDATE `bv_updation` SET left_carry = left_carry+250, total_left = total_left+250
WHERE `user_id` = '28ZKDZ';
INSERT INTO `placement_bv_update_history` (`left_carry`, `date`, `from_id`, `user_id`) VALUES (250, '2024-08-28 01:30:22', 'V51KB5', '28ZKDZ');
UPDATE `bv_updation` SET left_carry = left_carry+250, total_left = total_left+250
WHERE `user_id` = '348AOL';
INSERT INTO `placement_bv_update_history` (`left_carry`, `date`, `from_id`, `user_id`) VALUES (250, '2024-08-28 01:30:22', 'V51KB5', '348AOL');
UPDATE `bv_updation` SET left_carry = left_carry+250, total_left = total_left+250
WHERE `user_id` = 'QA8H7K';
INSERT INTO `placement_bv_update_history` (`left_carry`, `date`, `from_id`, `user_id`) VALUES (250, '2024-08-28 01:30:22', 'V51KB5', 'QA8H7K');
UPDATE `bv_updation` SET `rank_id` = '3'
WHERE `user_id` = 'QA8H7K';
UPDATE `user_registration` SET `rank_id` = '3'
WHERE `user_id` = 'QA8H7K';
INSERT INTO `rank_history` (`rank_id`, `user_id`, `name`, `bv`, `date`, `amount`, `type`) VALUES ('3', 'QA8H7K', 'Executive', '3750', '2024-08-28 01:30:22', '2500', 'auto');
UPDATE `user_registration` SET `highest_rank` = '3'
WHERE `user_id` = 'QA8H7K';
UPDATE `bv_updation` SET sponsor_left_carry = sponsor_left_carry+250, sponsor_total_left = sponsor_total_left+250
WHERE `user_id` = 'QA8H7K';
INSERT INTO `sponsor_bv_update_history` (`left_carry`, `date`, `user_id`) VALUES (250, '2024-08-28 01:30:22', 'QA8H7K');
UPDATE `bv_updation` SET right_carry = right_carry+250, total_right = total_right+250
WHERE `user_id` = 'XUNLL5';
INSERT INTO `placement_bv_update_history` (`right_carry`, `date`, `from_id`, `user_id`) VALUES (250, '2024-08-28 01:30:22', 'V51KB5', 'XUNLL5');
UPDATE `bv_updation` SET left_carry = left_carry+250, total_left = total_left+250
WHERE `user_id` = 'admin';
INSERT INTO `placement_bv_update_history` (`left_carry`, `date`, `from_id`, `user_id`) VALUES (250, '2024-08-28 01:30:22', 'V51KB5', 'admin');
UPDATE `ci_sessions` SET `timestamp` = 1724809351, `data` = '__ci_last_regenerate|i:1724809351;id|s:4:\"2039\";user_id|s:6:\"QA8H7K\";username|s:6:\"dayami\";sponsor_id|s:6:\"XUNLL5\";fullname|s:11:\"Dayami Leon\";email|s:23:\"anegociarfree@gmail.com\";phone|s:10:\"8139006115\";isLogIn|b:1;message|s:44:\"Your registration completed successfully...!\";__ci_vars|a:1:{s:7:\"message\";s:3:\"old\";}'
WHERE `id` = '651c37d8044f88804048ebd9be51f167cd5823f1';
UPDATE `user_registration` SET `uid` = '2155', `user_id` = '75UZB4', `username` = 'maribelc', `sponsor_id` = 'QA8H7K', `vacant` = 'no', `f_name` = 'maribel', `l_name` = 'calzadilla', `address` = '4900 n macdill', `position` = 'right', `email` = 'maribelc@gmial.com', `password` = 'f121ce0c25d4132766112471e6f70e2d', `phone` = '8139710000', `country` = 'United States', `state` = 'Florida', `city` = 'tampa', `street` = '4900 n macdill', `zip_code` = '33604', `reg_ip` = '47.205.26.9', `status` = 1, `package_id` = 1, `rank_id` = 1, `highest_rank` = 1, `created` = '2024-08-28 01:42:31', `google_secret` = 'A7FFTSYTS3OV2KLN'
WHERE `uid` = '2155';
INSERT INTO `user_registration` (`uid`, `user_id`, `username`, `sponsor_id`, `placement_id`, `vacant`, `f_name`, `l_name`, `address`, `position`, `email`, `password`, `phone`, `reg_ip`, `status`, `created`) VALUES (NULL, 'GMBFYW', 'LExAlWpP', '75UZB4', '75UZB4', 'yes', '', '', '', 'left', '@mail.com', '', '', '', 0, '2024-08-28 01:42:31');
INSERT INTO `user_registration` (`uid`, `user_id`, `username`, `sponsor_id`, `placement_id`, `vacant`, `f_name`, `l_name`, `address`, `position`, `email`, `password`, `phone`, `reg_ip`, `status`, `created`) VALUES (NULL, 'SHNGHN', 'AfnwvMdZ', '75UZB4', '75UZB4', 'yes', '', '', '', 'right', '@mail.com', '', '', '', 0, '2024-08-28 01:42:31');
INSERT INTO `bv_updation` (`user_id`) VALUES ('75UZB4');
UPDATE `user_registration` SET total_ref_count = total_ref_count+1
WHERE `user_id` = 'QA8H7K';
UPDATE `user_registration` SET total_downlines = total_downlines+1
WHERE `user_id` = 'VVGG3X';
UPDATE `user_registration` SET right_downlines = right_downlines+1
WHERE `user_id` = 'VVGG3X';
UPDATE `user_registration` SET total_downlines = total_downlines+1
WHERE `user_id` = 'HNS9A8';
UPDATE `user_registration` SET right_downlines = right_downlines+1
WHERE `user_id` = 'HNS9A8';
UPDATE `user_registration` SET total_downlines = total_downlines+1
WHERE `user_id` = 'R72IZI';
UPDATE `user_registration` SET right_downlines = right_downlines+1
WHERE `user_id` = 'R72IZI';
UPDATE `user_registration` SET total_downlines = total_downlines+1
WHERE `user_id` = 'PD3QPX';
UPDATE `user_registration` SET right_downlines = right_downlines+1
WHERE `user_id` = 'PD3QPX';
UPDATE `user_registration` SET total_downlines = total_downlines+1
WHERE `user_id` = 'HBSMS4';
UPDATE `user_registration` SET right_downlines = right_downlines+1
WHERE `user_id` = 'HBSMS4';
UPDATE `user_registration` SET total_downlines = total_downlines+1
WHERE `user_id` = 'LJNVDM';
UPDATE `user_registration` SET right_downlines = right_downlines+1
WHERE `user_id` = 'LJNVDM';
UPDATE `user_registration` SET total_downlines = total_downlines+1
WHERE `user_id` = 'CN2LFV';
UPDATE `user_registration` SET right_downlines = right_downlines+1
WHERE `user_id` = 'CN2LFV';
UPDATE `user_registration` SET total_downlines = total_downlines+1
WHERE `user_id` = 'RQMVUN';
UPDATE `user_registration` SET right_downlines = right_downlines+1
WHERE `user_id` = 'RQMVUN';
UPDATE `user_registration` SET total_downlines = total_downlines+1
WHERE `user_id` = '2IMQZU';
UPDATE `user_registration` SET right_downlines = right_downlines+1
WHERE `user_id` = '2IMQZU';
UPDATE `user_registration` SET total_downlines = total_downlines+1
WHERE `user_id` = 'JG24WL';
UPDATE `user_registration` SET right_downlines = right_downlines+1
WHERE `user_id` = 'JG24WL';
UPDATE `user_registration` SET total_downlines = total_downlines+1
WHERE `user_id` = 'LRU3QN';
UPDATE `user_registration` SET right_downlines = right_downlines+1
WHERE `user_id` = 'LRU3QN';
UPDATE `user_registration` SET total_downlines = total_downlines+1
WHERE `user_id` = '8T4E5T';
UPDATE `user_registration` SET right_downlines = right_downlines+1
WHERE `user_id` = '8T4E5T';
UPDATE `user_registration` SET total_downlines = total_downlines+1
WHERE `user_id` = 'ODRN5Y';
UPDATE `user_registration` SET right_downlines = right_downlines+1
WHERE `user_id` = 'ODRN5Y';
UPDATE `user_registration` SET total_downlines = total_downlines+1
WHERE `user_id` = 'ARKMZW';
UPDATE `user_registration` SET right_downlines = right_downlines+1
WHERE `user_id` = 'ARKMZW';
UPDATE `user_registration` SET total_downlines = total_downlines+1
WHERE `user_id` = 'PPK6PM';
UPDATE `user_registration` SET right_downlines = right_downlines+1
WHERE `user_id` = 'PPK6PM';
UPDATE `user_registration` SET total_downlines = total_downlines+1
WHERE `user_id` = 'L8GRV3';
UPDATE `user_registration` SET right_downlines = right_downlines+1
WHERE `user_id` = 'L8GRV3';
UPDATE `user_registration` SET total_downlines = total_downlines+1
WHERE `user_id` = '5SFJ8K';
UPDATE `user_registration` SET right_downlines = right_downlines+1
WHERE `user_id` = '5SFJ8K';
UPDATE `user_registration` SET total_downlines = total_downlines+1
WHERE `user_id` = 'QA8H7K';
UPDATE `user_registration` SET right_downlines = right_downlines+1
WHERE `user_id` = 'QA8H7K';
UPDATE `user_registration` SET right_ref_count = right_ref_count+1
WHERE `user_id` = 'QA8H7K';
UPDATE `user_registration` SET active_right = active_right+1
WHERE `user_id` = 'QA8H7K';
UPDATE `user_registration` SET `binary_qualified` = 'yes'
WHERE `user_id` = 'QA8H7K';
UPDATE `user_registration` SET total_downlines = total_downlines+1
WHERE `user_id` = 'XUNLL5';
UPDATE `user_registration` SET right_downlines = right_downlines+1
WHERE `user_id` = 'XUNLL5';
UPDATE `user_registration` SET total_downlines = total_downlines+1
WHERE `user_id` = 'admin';
UPDATE `user_registration` SET left_downlines = left_downlines+1
WHERE `user_id` = 'admin';
INSERT INTO `earnings` (`user_id`, `Purchaser_id`, `earning_type`, `package_id`, `amount`, `date`, `comments`, `invest_amount`, `comm_perc`, `level`) VALUES ('QA8H7K', '75UZB4', 'Direct Referral Bonus', 0, '300', '2024-08-28 01:42:31', 'Direct Referral Bonus', 0, 0, 1);
UPDATE `user_registration` SET commission_balance = ROUND(commission_balance + 300,2)
WHERE `user_id` = 'QA8H7K';
UPDATE `bv_updation` SET right_carry = right_carry+250, total_right = total_right+250
WHERE `user_id` = 'VVGG3X';
INSERT INTO `placement_bv_update_history` (`right_carry`, `date`, `from_id`, `user_id`) VALUES (250, '2024-08-28 01:42:31', '75UZB4', 'VVGG3X');
UPDATE `bv_updation` SET right_carry = right_carry+250, total_right = total_right+250
WHERE `user_id` = 'HNS9A8';
INSERT INTO `placement_bv_update_history` (`right_carry`, `date`, `from_id`, `user_id`) VALUES (250, '2024-08-28 01:42:31', '75UZB4', 'HNS9A8');
UPDATE `bv_updation` SET right_carry = right_carry+250, total_right = total_right+250
WHERE `user_id` = 'R72IZI';
INSERT INTO `placement_bv_update_history` (`right_carry`, `date`, `from_id`, `user_id`) VALUES (250, '2024-08-28 01:42:31', '75UZB4', 'R72IZI');
UPDATE `bv_updation` SET right_carry = right_carry+250, total_right = total_right+250
WHERE `user_id` = 'PD3QPX';
INSERT INTO `placement_bv_update_history` (`right_carry`, `date`, `from_id`, `user_id`) VALUES (250, '2024-08-28 01:42:31', '75UZB4', 'PD3QPX');
UPDATE `bv_updation` SET right_carry = right_carry+250, total_right = total_right+250
WHERE `user_id` = 'HBSMS4';
INSERT INTO `placement_bv_update_history` (`right_carry`, `date`, `from_id`, `user_id`) VALUES (250, '2024-08-28 01:42:31', '75UZB4', 'HBSMS4');
UPDATE `bv_updation` SET right_carry = right_carry+250, total_right = total_right+250
WHERE `user_id` = 'LJNVDM';
INSERT INTO `placement_bv_update_history` (`right_carry`, `date`, `from_id`, `user_id`) VALUES (250, '2024-08-28 01:42:31', '75UZB4', 'LJNVDM');
UPDATE `bv_updation` SET right_carry = right_carry+250, total_right = total_right+250
WHERE `user_id` = 'CN2LFV';
INSERT INTO `placement_bv_update_history` (`right_carry`, `date`, `from_id`, `user_id`) VALUES (250, '2024-08-28 01:42:31', '75UZB4', 'CN2LFV');
UPDATE `bv_updation` SET right_carry = right_carry+250, total_right = total_right+250
WHERE `user_id` = 'RQMVUN';
INSERT INTO `placement_bv_update_history` (`right_carry`, `date`, `from_id`, `user_id`) VALUES (250, '2024-08-28 01:42:31', '75UZB4', 'RQMVUN');
UPDATE `bv_updation` SET right_carry = right_carry+250, total_right = total_right+250
WHERE `user_id` = '2IMQZU';
INSERT INTO `placement_bv_update_history` (`right_carry`, `date`, `from_id`, `user_id`) VALUES (250, '2024-08-28 01:42:31', '75UZB4', '2IMQZU');
UPDATE `bv_updation` SET right_carry = right_carry+250, total_right = total_right+250
WHERE `user_id` = 'JG24WL';
INSERT INTO `placement_bv_update_history` (`right_carry`, `date`, `from_id`, `user_id`) VALUES (250, '2024-08-28 01:42:31', '75UZB4', 'JG24WL');
UPDATE `bv_updation` SET right_carry = right_carry+250, total_right = total_right+250
WHERE `user_id` = 'LRU3QN';
INSERT INTO `placement_bv_update_history` (`right_carry`, `date`, `from_id`, `user_id`) VALUES (250, '2024-08-28 01:42:31', '75UZB4', 'LRU3QN');
UPDATE `bv_updation` SET right_carry = right_carry+250, total_right = total_right+250
WHERE `user_id` = '8T4E5T';
INSERT INTO `placement_bv_update_history` (`right_carry`, `date`, `from_id`, `user_id`) VALUES (250, '2024-08-28 01:42:31', '75UZB4', '8T4E5T');
UPDATE `bv_updation` SET right_carry = right_carry+250, total_right = total_right+250
WHERE `user_id` = 'ODRN5Y';
INSERT INTO `placement_bv_update_history` (`right_carry`, `date`, `from_id`, `user_id`) VALUES (250, '2024-08-28 01:42:31', '75UZB4', 'ODRN5Y');
UPDATE `bv_updation` SET right_carry = right_carry+250, total_right = total_right+250
WHERE `user_id` = 'ARKMZW';
INSERT INTO `placement_bv_update_history` (`right_carry`, `date`, `from_id`, `user_id`) VALUES (250, '2024-08-28 01:42:31', '75UZB4', 'ARKMZW');
UPDATE `bv_updation` SET right_carry = right_carry+250, total_right = total_right+250
WHERE `user_id` = 'PPK6PM';
INSERT INTO `placement_bv_update_history` (`right_carry`, `date`, `from_id`, `user_id`) VALUES (250, '2024-08-28 01:42:31', '75UZB4', 'PPK6PM');
UPDATE `bv_updation` SET right_carry = right_carry+250, total_right = total_right+250
WHERE `user_id` = 'L8GRV3';
INSERT INTO `placement_bv_update_history` (`right_carry`, `date`, `from_id`, `user_id`) VALUES (250, '2024-08-28 01:42:31', '75UZB4', 'L8GRV3');
UPDATE `bv_updation` SET right_carry = right_carry+250, total_right = total_right+250
WHERE `user_id` = '5SFJ8K';
INSERT INTO `placement_bv_update_history` (`right_carry`, `date`, `from_id`, `user_id`) VALUES (250, '2024-08-28 01:42:31', '75UZB4', '5SFJ8K');
UPDATE `bv_updation` SET right_carry = right_carry+250, total_right = total_right+250
WHERE `user_id` = 'QA8H7K';
INSERT INTO `placement_bv_update_history` (`right_carry`, `date`, `from_id`, `user_id`) VALUES (250, '2024-08-28 01:42:31', '75UZB4', 'QA8H7K');
UPDATE `bv_updation` SET sponsor_right_carry = sponsor_right_carry+250, sponsor_total_right = sponsor_total_right+250
WHERE `user_id` = 'QA8H7K';
INSERT INTO `sponsor_bv_update_history` (`right_carry`, `date`, `user_id`) VALUES (250, '2024-08-28 01:42:31', 'QA8H7K');
UPDATE `bv_updation` SET right_carry = right_carry+250, total_right = total_right+250
WHERE `user_id` = 'XUNLL5';
INSERT INTO `placement_bv_update_history` (`right_carry`, `date`, `from_id`, `user_id`) VALUES (250, '2024-08-28 01:42:31', '75UZB4', 'XUNLL5');
UPDATE `bv_updation` SET left_carry = left_carry+250, total_left = total_left+250
WHERE `user_id` = 'admin';
INSERT INTO `placement_bv_update_history` (`left_carry`, `date`, `from_id`, `user_id`) VALUES (250, '2024-08-28 01:42:31', '75UZB4', 'admin');
UPDATE `user_registration` SET `uid` = '2156', `user_id` = '3AIZ2W', `username` = 'silvia', `sponsor_id` = 'QA8H7K', `vacant` = 'no', `f_name` = 'silvia', `l_name` = 'petroni', `address` = '4900 n macdill', `position` = 'left', `email` = 'silvia@gmail.com', `password` = 'f121ce0c25d4132766112471e6f70e2d', `phone` = '8139710000', `country` = 'United States', `state` = 'Florida', `city` = 'tampa', `street` = '4900 n macdill', `zip_code` = '33603', `reg_ip` = '47.205.26.9', `status` = 1, `package_id` = 1, `rank_id` = 1, `highest_rank` = 1, `created` = '2024-08-28 01:44:07', `google_secret` = 'CFQNPZFN2KRRJNID'
WHERE `uid` = '2156';
INSERT INTO `user_registration` (`uid`, `user_id`, `username`, `sponsor_id`, `placement_id`, `vacant`, `f_name`, `l_name`, `address`, `position`, `email`, `password`, `phone`, `reg_ip`, `status`, `created`) VALUES (NULL, 'QZVCOL', 'RhQiviwA', '3AIZ2W', '3AIZ2W', 'yes', '', '', '', 'left', '@mail.com', '', '', '', 0, '2024-08-28 01:44:07');
INSERT INTO `user_registration` (`uid`, `user_id`, `username`, `sponsor_id`, `placement_id`, `vacant`, `f_name`, `l_name`, `address`, `position`, `email`, `password`, `phone`, `reg_ip`, `status`, `created`) VALUES (NULL, 'GOJZMI', 'vexOHscd', '3AIZ2W', '3AIZ2W', 'yes', '', '', '', 'right', '@mail.com', '', '', '', 0, '2024-08-28 01:44:07');
INSERT INTO `bv_updation` (`user_id`) VALUES ('3AIZ2W');
UPDATE `user_registration` SET total_ref_count = total_ref_count+1
WHERE `user_id` = 'QA8H7K';
UPDATE `user_registration` SET total_downlines = total_downlines+1
WHERE `user_id` = 'V51KB5';
UPDATE `user_registration` SET left_downlines = left_downlines+1
WHERE `user_id` = 'V51KB5';
UPDATE `user_registration` SET total_downlines = total_downlines+1
WHERE `user_id` = 'ESVC3F';
UPDATE `user_registration` SET left_downlines = left_downlines+1
WHERE `user_id` = 'ESVC3F';
UPDATE `user_registration` SET total_downlines = total_downlines+1
WHERE `user_id` = 'TY3WIO';
UPDATE `user_registration` SET left_downlines = left_downlines+1
WHERE `user_id` = 'TY3WIO';
UPDATE `user_registration` SET total_downlines = total_downlines+1
WHERE `user_id` = 'Z9O1HD';
UPDATE `user_registration` SET left_downlines = left_downlines+1
WHERE `user_id` = 'Z9O1HD';
UPDATE `user_registration` SET total_downlines = total_downlines+1
WHERE `user_id` = 'C94VNN';
UPDATE `user_registration` SET left_downlines = left_downlines+1
WHERE `user_id` = 'C94VNN';
UPDATE `user_registration` SET total_downlines = total_downlines+1
WHERE `user_id` = '5BAUA6';
UPDATE `user_registration` SET left_downlines = left_downlines+1
WHERE `user_id` = '5BAUA6';
UPDATE `user_registration` SET total_downlines = total_downlines+1
WHERE `user_id` = '1ZZMBZ';
UPDATE `user_registration` SET left_downlines = left_downlines+1
WHERE `user_id` = '1ZZMBZ';
UPDATE `user_registration` SET total_downlines = total_downlines+1
WHERE `user_id` = 'A9A5TF';
UPDATE `user_registration` SET left_downlines = left_downlines+1
WHERE `user_id` = 'A9A5TF';
UPDATE `user_registration` SET total_downlines = total_downlines+1
WHERE `user_id` = '728VX3';
UPDATE `user_registration` SET left_downlines = left_downlines+1
WHERE `user_id` = '728VX3';
UPDATE `user_registration` SET total_downlines = total_downlines+1
WHERE `user_id` = 'W81BAR';
UPDATE `user_registration` SET left_downlines = left_downlines+1
WHERE `user_id` = 'W81BAR';
UPDATE `user_registration` SET total_downlines = total_downlines+1
WHERE `user_id` = 'S6ZDZH';
UPDATE `user_registration` SET left_downlines = left_downlines+1
WHERE `user_id` = 'S6ZDZH';
UPDATE `user_registration` SET total_downlines = total_downlines+1
WHERE `user_id` = 'VAKBAC';
UPDATE `user_registration` SET left_downlines = left_downlines+1
WHERE `user_id` = 'VAKBAC';
UPDATE `user_registration` SET total_downlines = total_downlines+1
WHERE `user_id` = '18HAWU';
UPDATE `user_registration` SET left_downlines = left_downlines+1
WHERE `user_id` = '18HAWU';
UPDATE `user_registration` SET total_downlines = total_downlines+1
WHERE `user_id` = 'BUI4RR';
UPDATE `user_registration` SET left_downlines = left_downlines+1
WHERE `user_id` = 'BUI4RR';
UPDATE `user_registration` SET total_downlines = total_downlines+1
WHERE `user_id` = '1KMYWN';
UPDATE `user_registration` SET left_downlines = left_downlines+1
WHERE `user_id` = '1KMYWN';
UPDATE `user_registration` SET total_downlines = total_downlines+1
WHERE `user_id` = '28ZKDZ';
UPDATE `user_registration` SET left_downlines = left_downlines+1
WHERE `user_id` = '28ZKDZ';
UPDATE `user_registration` SET total_downlines = total_downlines+1
WHERE `user_id` = '348AOL';
UPDATE `user_registration` SET left_downlines = left_downlines+1
WHERE `user_id` = '348AOL';
UPDATE `user_registration` SET total_downlines = total_downlines+1
WHERE `user_id` = 'QA8H7K';
UPDATE `user_registration` SET left_downlines = left_downlines+1
WHERE `user_id` = 'QA8H7K';
UPDATE `user_registration` SET left_ref_count = left_ref_count+1
WHERE `user_id` = 'QA8H7K';
UPDATE `user_registration` SET active_left = active_left+1
WHERE `user_id` = 'QA8H7K';
UPDATE `user_registration` SET `binary_qualified` = 'yes'
WHERE `user_id` = 'QA8H7K';
UPDATE `user_registration` SET total_downlines = total_downlines+1
WHERE `user_id` = 'XUNLL5';
UPDATE `user_registration` SET right_downlines = right_downlines+1
WHERE `user_id` = 'XUNLL5';
UPDATE `user_registration` SET total_downlines = total_downlines+1
WHERE `user_id` = 'admin';
UPDATE `user_registration` SET left_downlines = left_downlines+1
WHERE `user_id` = 'admin';
INSERT INTO `earnings` (`user_id`, `Purchaser_id`, `earning_type`, `package_id`, `amount`, `date`, `comments`, `invest_amount`, `comm_perc`, `level`) VALUES ('QA8H7K', '3AIZ2W', 'Direct Referral Bonus', 0, '300', '2024-08-28 01:44:07', 'Direct Referral Bonus', 0, 0, 1);
UPDATE `user_registration` SET commission_balance = ROUND(commission_balance + 300,2)
WHERE `user_id` = 'QA8H7K';
UPDATE `bv_updation` SET left_carry = left_carry+250, total_left = total_left+250
WHERE `user_id` = 'V51KB5';
INSERT INTO `placement_bv_update_history` (`left_carry`, `date`, `from_id`, `user_id`) VALUES (250, '2024-08-28 01:44:07', '3AIZ2W', 'V51KB5');
UPDATE `bv_updation` SET left_carry = left_carry+250, total_left = total_left+250
WHERE `user_id` = 'ESVC3F';
INSERT INTO `placement_bv_update_history` (`left_carry`, `date`, `from_id`, `user_id`) VALUES (250, '2024-08-28 01:44:07', '3AIZ2W', 'ESVC3F');
UPDATE `bv_updation` SET left_carry = left_carry+250, total_left = total_left+250
WHERE `user_id` = 'TY3WIO';
INSERT INTO `placement_bv_update_history` (`left_carry`, `date`, `from_id`, `user_id`) VALUES (250, '2024-08-28 01:44:07', '3AIZ2W', 'TY3WIO');
UPDATE `bv_updation` SET left_carry = left_carry+250, total_left = total_left+250
WHERE `user_id` = 'Z9O1HD';
INSERT INTO `placement_bv_update_history` (`left_carry`, `date`, `from_id`, `user_id`) VALUES (250, '2024-08-28 01:44:07', '3AIZ2W', 'Z9O1HD');
UPDATE `bv_updation` SET left_carry = left_carry+250, total_left = total_left+250
WHERE `user_id` = 'C94VNN';
INSERT INTO `placement_bv_update_history` (`left_carry`, `date`, `from_id`, `user_id`) VALUES (250, '2024-08-28 01:44:07', '3AIZ2W', 'C94VNN');
UPDATE `bv_updation` SET left_carry = left_carry+250, total_left = total_left+250
WHERE `user_id` = '5BAUA6';
INSERT INTO `placement_bv_update_history` (`left_carry`, `date`, `from_id`, `user_id`) VALUES (250, '2024-08-28 01:44:07', '3AIZ2W', '5BAUA6');
UPDATE `bv_updation` SET left_carry = left_carry+250, total_left = total_left+250
WHERE `user_id` = '1ZZMBZ';
INSERT INTO `placement_bv_update_history` (`left_carry`, `date`, `from_id`, `user_id`) VALUES (250, '2024-08-28 01:44:07', '3AIZ2W', '1ZZMBZ');
UPDATE `bv_updation` SET left_carry = left_carry+250, total_left = total_left+250
WHERE `user_id` = 'A9A5TF';
INSERT INTO `placement_bv_update_history` (`left_carry`, `date`, `from_id`, `user_id`) VALUES (250, '2024-08-28 01:44:07', '3AIZ2W', 'A9A5TF');
UPDATE `bv_updation` SET left_carry = left_carry+250, total_left = total_left+250
WHERE `user_id` = '728VX3';
INSERT INTO `placement_bv_update_history` (`left_carry`, `date`, `from_id`, `user_id`) VALUES (250, '2024-08-28 01:44:07', '3AIZ2W', '728VX3');
UPDATE `bv_updation` SET left_carry = left_carry+250, total_left = total_left+250
WHERE `user_id` = 'W81BAR';
INSERT INTO `placement_bv_update_history` (`left_carry`, `date`, `from_id`, `user_id`) VALUES (250, '2024-08-28 01:44:07', '3AIZ2W', 'W81BAR');
UPDATE `bv_updation` SET left_carry = left_carry+250, total_left = total_left+250
WHERE `user_id` = 'S6ZDZH';
INSERT INTO `placement_bv_update_history` (`left_carry`, `date`, `from_id`, `user_id`) VALUES (250, '2024-08-28 01:44:07', '3AIZ2W', 'S6ZDZH');
UPDATE `bv_updation` SET left_carry = left_carry+250, total_left = total_left+250
WHERE `user_id` = 'VAKBAC';
INSERT INTO `placement_bv_update_history` (`left_carry`, `date`, `from_id`, `user_id`) VALUES (250, '2024-08-28 01:44:07', '3AIZ2W', 'VAKBAC');
UPDATE `bv_updation` SET left_carry = left_carry+250, total_left = total_left+250
WHERE `user_id` = '18HAWU';
INSERT INTO `placement_bv_update_history` (`left_carry`, `date`, `from_id`, `user_id`) VALUES (250, '2024-08-28 01:44:07', '3AIZ2W', '18HAWU');
UPDATE `bv_updation` SET left_carry = left_carry+250, total_left = total_left+250
WHERE `user_id` = 'BUI4RR';
INSERT INTO `placement_bv_update_history` (`left_carry`, `date`, `from_id`, `user_id`) VALUES (250, '2024-08-28 01:44:07', '3AIZ2W', 'BUI4RR');
UPDATE `bv_updation` SET left_carry = left_carry+250, total_left = total_left+250
WHERE `user_id` = '1KMYWN';
INSERT INTO `placement_bv_update_history` (`left_carry`, `date`, `from_id`, `user_id`) VALUES (250, '2024-08-28 01:44:07', '3AIZ2W', '1KMYWN');
UPDATE `bv_updation` SET left_carry = left_carry+250, total_left = total_left+250
WHERE `user_id` = '28ZKDZ';
INSERT INTO `placement_bv_update_history` (`left_carry`, `date`, `from_id`, `user_id`) VALUES (250, '2024-08-28 01:44:07', '3AIZ2W', '28ZKDZ');
UPDATE `bv_updation` SET left_carry = left_carry+250, total_left = total_left+250
WHERE `user_id` = '348AOL';
INSERT INTO `placement_bv_update_history` (`left_carry`, `date`, `from_id`, `user_id`) VALUES (250, '2024-08-28 01:44:07', '3AIZ2W', '348AOL');
UPDATE `bv_updation` SET left_carry = left_carry+250, total_left = total_left+250
WHERE `user_id` = 'QA8H7K';
INSERT INTO `placement_bv_update_history` (`left_carry`, `date`, `from_id`, `user_id`) VALUES (250, '2024-08-28 01:44:07', '3AIZ2W', 'QA8H7K');
UPDATE `bv_updation` SET sponsor_left_carry = sponsor_left_carry+250, sponsor_total_left = sponsor_total_left+250
WHERE `user_id` = 'QA8H7K';
INSERT INTO `sponsor_bv_update_history` (`left_carry`, `date`, `user_id`) VALUES (250, '2024-08-28 01:44:07', 'QA8H7K');
UPDATE `bv_updation` SET right_carry = right_carry+250, total_right = total_right+250
WHERE `user_id` = 'XUNLL5';
INSERT INTO `placement_bv_update_history` (`right_carry`, `date`, `from_id`, `user_id`) VALUES (250, '2024-08-28 01:44:07', '3AIZ2W', 'XUNLL5');
UPDATE `bv_updation` SET left_carry = left_carry+250, total_left = total_left+250
WHERE `user_id` = 'admin';
INSERT INTO `placement_bv_update_history` (`left_carry`, `date`, `from_id`, `user_id`) VALUES (250, '2024-08-28 01:44:07', '3AIZ2W', 'admin');
UPDATE `ci_sessions` SET `timestamp` = 1724809700, `data` = '__ci_last_regenerate|i:1724809700;id|s:4:\"2039\";user_id|s:6:\"QA8H7K\";username|s:6:\"dayami\";sponsor_id|s:6:\"XUNLL5\";fullname|s:11:\"Dayami Leon\";email|s:23:\"anegociarfree@gmail.com\";phone|s:10:\"8139006115\";isLogIn|b:1;message|s:44:\"Your registration completed successfully...!\";__ci_vars|a:1:{s:7:\"message\";s:3:\"old\";}'
WHERE `id` = '5c880cc099b01ce277bbf0480d2a413a3c7cfd2a';
UPDATE `user_registration` SET `uid` = '2159', `user_id` = 'NIBNEC', `username` = 'claudia', `sponsor_id` = 'QA8H7K', `vacant` = 'no', `f_name` = 'claudia', `l_name` = 'pisana', `address` = '4900 n macdill', `position` = 'right', `email` = 'claudia@gmail.com', `password` = 'f121ce0c25d4132766112471e6f70e2d', `phone` = '8139710000', `country` = 'United States', `state` = 'Florida', `city` = 'tampa', `street` = '4900 n macdill', `zip_code` = '33604', `reg_ip` = '47.205.26.9', `status` = 1, `package_id` = 1, `rank_id` = 1, `highest_rank` = 1, `created` = '2024-08-28 01:48:20', `google_secret` = 'ENLIY56T75MAKCQJ'
WHERE `uid` = '2159';
INSERT INTO `user_registration` (`uid`, `user_id`, `username`, `sponsor_id`, `placement_id`, `vacant`, `f_name`, `l_name`, `address`, `position`, `email`, `password`, `phone`, `reg_ip`, `status`, `created`) VALUES (NULL, 'GVCFRZ', 'cKyPRnSj', 'NIBNEC', 'NIBNEC', 'yes', '', '', '', 'left', '@mail.com', '', '', '', 0, '2024-08-28 01:48:20');
INSERT INTO `user_registration` (`uid`, `user_id`, `username`, `sponsor_id`, `placement_id`, `vacant`, `f_name`, `l_name`, `address`, `position`, `email`, `password`, `phone`, `reg_ip`, `status`, `created`) VALUES (NULL, 'IMUSEU', 'hQZkDQOh', 'NIBNEC', 'NIBNEC', 'yes', '', '', '', 'right', '@mail.com', '', '', '', 0, '2024-08-28 01:48:20');
INSERT INTO `bv_updation` (`user_id`) VALUES ('NIBNEC');
UPDATE `user_registration` SET total_ref_count = total_ref_count+1
WHERE `user_id` = 'QA8H7K';
UPDATE `user_registration` SET total_downlines = total_downlines+1
WHERE `user_id` = '75UZB4';
UPDATE `user_registration` SET right_downlines = right_downlines+1
WHERE `user_id` = '75UZB4';
UPDATE `user_registration` SET total_downlines = total_downlines+1
WHERE `user_id` = 'VVGG3X';
UPDATE `user_registration` SET right_downlines = right_downlines+1
WHERE `user_id` = 'VVGG3X';
UPDATE `user_registration` SET total_downlines = total_downlines+1
WHERE `user_id` = 'HNS9A8';
UPDATE `user_registration` SET right_downlines = right_downlines+1
WHERE `user_id` = 'HNS9A8';
UPDATE `user_registration` SET total_downlines = total_downlines+1
WHERE `user_id` = 'R72IZI';
UPDATE `user_registration` SET right_downlines = right_downlines+1
WHERE `user_id` = 'R72IZI';
UPDATE `user_registration` SET total_downlines = total_downlines+1
WHERE `user_id` = 'PD3QPX';
UPDATE `user_registration` SET right_downlines = right_downlines+1
WHERE `user_id` = 'PD3QPX';
UPDATE `user_registration` SET total_downlines = total_downlines+1
WHERE `user_id` = 'HBSMS4';
UPDATE `user_registration` SET right_downlines = right_downlines+1
WHERE `user_id` = 'HBSMS4';
UPDATE `user_registration` SET total_downlines = total_downlines+1
WHERE `user_id` = 'LJNVDM';
UPDATE `user_registration` SET right_downlines = right_downlines+1
WHERE `user_id` = 'LJNVDM';
UPDATE `user_registration` SET total_downlines = total_downlines+1
WHERE `user_id` = 'CN2LFV';
UPDATE `user_registration` SET right_downlines = right_downlines+1
WHERE `user_id` = 'CN2LFV';
UPDATE `user_registration` SET total_downlines = total_downlines+1
WHERE `user_id` = 'RQMVUN';
UPDATE `user_registration` SET right_downlines = right_downlines+1
WHERE `user_id` = 'RQMVUN';
UPDATE `user_registration` SET total_downlines = total_downlines+1
WHERE `user_id` = '2IMQZU';
UPDATE `user_registration` SET right_downlines = right_downlines+1
WHERE `user_id` = '2IMQZU';
UPDATE `user_registration` SET total_downlines = total_downlines+1
WHERE `user_id` = 'JG24WL';
UPDATE `user_registration` SET right_downlines = right_downlines+1
WHERE `user_id` = 'JG24WL';
UPDATE `user_registration` SET total_downlines = total_downlines+1
WHERE `user_id` = 'LRU3QN';
UPDATE `user_registration` SET right_downlines = right_downlines+1
WHERE `user_id` = 'LRU3QN';
UPDATE `user_registration` SET total_downlines = total_downlines+1
WHERE `user_id` = '8T4E5T';
UPDATE `user_registration` SET right_downlines = right_downlines+1
WHERE `user_id` = '8T4E5T';
UPDATE `user_registration` SET total_downlines = total_downlines+1
WHERE `user_id` = 'ODRN5Y';
UPDATE `user_registration` SET right_downlines = right_downlines+1
WHERE `user_id` = 'ODRN5Y';
UPDATE `user_registration` SET total_downlines = total_downlines+1
WHERE `user_id` = 'ARKMZW';
UPDATE `user_registration` SET right_downlines = right_downlines+1
WHERE `user_id` = 'ARKMZW';
UPDATE `user_registration` SET total_downlines = total_downlines+1
WHERE `user_id` = 'PPK6PM';
UPDATE `user_registration` SET right_downlines = right_downlines+1
WHERE `user_id` = 'PPK6PM';
UPDATE `user_registration` SET total_downlines = total_downlines+1
WHERE `user_id` = 'L8GRV3';
UPDATE `user_registration` SET right_downlines = right_downlines+1
WHERE `user_id` = 'L8GRV3';
UPDATE `user_registration` SET total_downlines = total_downlines+1
WHERE `user_id` = '5SFJ8K';
UPDATE `user_registration` SET right_downlines = right_downlines+1
WHERE `user_id` = '5SFJ8K';
UPDATE `user_registration` SET total_downlines = total_downlines+1
WHERE `user_id` = 'QA8H7K';
UPDATE `user_registration` SET right_downlines = right_downlines+1
WHERE `user_id` = 'QA8H7K';
UPDATE `user_registration` SET right_ref_count = right_ref_count+1
WHERE `user_id` = 'QA8H7K';
UPDATE `user_registration` SET active_right = active_right+1
WHERE `user_id` = 'QA8H7K';
UPDATE `user_registration` SET `binary_qualified` = 'yes'
WHERE `user_id` = 'QA8H7K';
UPDATE `user_registration` SET total_downlines = total_downlines+1
WHERE `user_id` = 'XUNLL5';
UPDATE `user_registration` SET right_downlines = right_downlines+1
WHERE `user_id` = 'XUNLL5';
UPDATE `user_registration` SET total_downlines = total_downlines+1
WHERE `user_id` = 'admin';
UPDATE `user_registration` SET left_downlines = left_downlines+1
WHERE `user_id` = 'admin';
INSERT INTO `earnings` (`user_id`, `Purchaser_id`, `earning_type`, `package_id`, `amount`, `date`, `comments`, `invest_amount`, `comm_perc`, `level`) VALUES ('QA8H7K', 'NIBNEC', 'Direct Referral Bonus', 0, '300', '2024-08-28 01:48:20', 'Direct Referral Bonus', 0, 0, 1);
UPDATE `user_registration` SET commission_balance = ROUND(commission_balance + 300,2)
WHERE `user_id` = 'QA8H7K';
UPDATE `bv_updation` SET right_carry = right_carry+250, total_right = total_right+250
WHERE `user_id` = '75UZB4';
INSERT INTO `placement_bv_update_history` (`right_carry`, `date`, `from_id`, `user_id`) VALUES (250, '2024-08-28 01:48:20', 'NIBNEC', '75UZB4');
UPDATE `bv_updation` SET right_carry = right_carry+250, total_right = total_right+250
WHERE `user_id` = 'VVGG3X';
INSERT INTO `placement_bv_update_history` (`right_carry`, `date`, `from_id`, `user_id`) VALUES (250, '2024-08-28 01:48:20', 'NIBNEC', 'VVGG3X');
UPDATE `bv_updation` SET right_carry = right_carry+250, total_right = total_right+250
WHERE `user_id` = 'HNS9A8';
INSERT INTO `placement_bv_update_history` (`right_carry`, `date`, `from_id`, `user_id`) VALUES (250, '2024-08-28 01:48:20', 'NIBNEC', 'HNS9A8');
UPDATE `bv_updation` SET right_carry = right_carry+250, total_right = total_right+250
WHERE `user_id` = 'R72IZI';
INSERT INTO `placement_bv_update_history` (`right_carry`, `date`, `from_id`, `user_id`) VALUES (250, '2024-08-28 01:48:20', 'NIBNEC', 'R72IZI');
UPDATE `bv_updation` SET right_carry = right_carry+250, total_right = total_right+250
WHERE `user_id` = 'PD3QPX';
INSERT INTO `placement_bv_update_history` (`right_carry`, `date`, `from_id`, `user_id`) VALUES (250, '2024-08-28 01:48:20', 'NIBNEC', 'PD3QPX');
UPDATE `bv_updation` SET right_carry = right_carry+250, total_right = total_right+250
WHERE `user_id` = 'HBSMS4';
INSERT INTO `placement_bv_update_history` (`right_carry`, `date`, `from_id`, `user_id`) VALUES (250, '2024-08-28 01:48:20', 'NIBNEC', 'HBSMS4');
UPDATE `bv_updation` SET right_carry = right_carry+250, total_right = total_right+250
WHERE `user_id` = 'LJNVDM';
INSERT INTO `placement_bv_update_history` (`right_carry`, `date`, `from_id`, `user_id`) VALUES (250, '2024-08-28 01:48:20', 'NIBNEC', 'LJNVDM');
UPDATE `bv_updation` SET right_carry = right_carry+250, total_right = total_right+250
WHERE `user_id` = 'CN2LFV';
INSERT INTO `placement_bv_update_history` (`right_carry`, `date`, `from_id`, `user_id`) VALUES (250, '2024-08-28 01:48:20', 'NIBNEC', 'CN2LFV');
UPDATE `bv_updation` SET right_carry = right_carry+250, total_right = total_right+250
WHERE `user_id` = 'RQMVUN';
INSERT INTO `placement_bv_update_history` (`right_carry`, `date`, `from_id`, `user_id`) VALUES (250, '2024-08-28 01:48:20', 'NIBNEC', 'RQMVUN');
UPDATE `bv_updation` SET right_carry = right_carry+250, total_right = total_right+250
WHERE `user_id` = '2IMQZU';
INSERT INTO `placement_bv_update_history` (`right_carry`, `date`, `from_id`, `user_id`) VALUES (250, '2024-08-28 01:48:20', 'NIBNEC', '2IMQZU');
UPDATE `bv_updation` SET right_carry = right_carry+250, total_right = total_right+250
WHERE `user_id` = 'JG24WL';
INSERT INTO `placement_bv_update_history` (`right_carry`, `date`, `from_id`, `user_id`) VALUES (250, '2024-08-28 01:48:20', 'NIBNEC', 'JG24WL');
UPDATE `bv_updation` SET right_carry = right_carry+250, total_right = total_right+250
WHERE `user_id` = 'LRU3QN';
INSERT INTO `placement_bv_update_history` (`right_carry`, `date`, `from_id`, `user_id`) VALUES (250, '2024-08-28 01:48:20', 'NIBNEC', 'LRU3QN');
UPDATE `bv_updation` SET right_carry = right_carry+250, total_right = total_right+250
WHERE `user_id` = '8T4E5T';
INSERT INTO `placement_bv_update_history` (`right_carry`, `date`, `from_id`, `user_id`) VALUES (250, '2024-08-28 01:48:20', 'NIBNEC', '8T4E5T');
UPDATE `bv_updation` SET right_carry = right_carry+250, total_right = total_right+250
WHERE `user_id` = 'ODRN5Y';
INSERT INTO `placement_bv_update_history` (`right_carry`, `date`, `from_id`, `user_id`) VALUES (250, '2024-08-28 01:48:20', 'NIBNEC', 'ODRN5Y');
UPDATE `bv_updation` SET right_carry = right_carry+250, total_right = total_right+250
WHERE `user_id` = 'ARKMZW';
INSERT INTO `placement_bv_update_history` (`right_carry`, `date`, `from_id`, `user_id`) VALUES (250, '2024-08-28 01:48:20', 'NIBNEC', 'ARKMZW');
UPDATE `bv_updation` SET right_carry = right_carry+250, total_right = total_right+250
WHERE `user_id` = 'PPK6PM';
INSERT INTO `placement_bv_update_history` (`right_carry`, `date`, `from_id`, `user_id`) VALUES (250, '2024-08-28 01:48:20', 'NIBNEC', 'PPK6PM');
UPDATE `bv_updation` SET right_carry = right_carry+250, total_right = total_right+250
WHERE `user_id` = 'L8GRV3';
INSERT INTO `placement_bv_update_history` (`right_carry`, `date`, `from_id`, `user_id`) VALUES (250, '2024-08-28 01:48:20', 'NIBNEC', 'L8GRV3');
UPDATE `bv_updation` SET right_carry = right_carry+250, total_right = total_right+250
WHERE `user_id` = '5SFJ8K';
INSERT INTO `placement_bv_update_history` (`right_carry`, `date`, `from_id`, `user_id`) VALUES (250, '2024-08-28 01:48:20', 'NIBNEC', '5SFJ8K');
UPDATE `bv_updation` SET right_carry = right_carry+250, total_right = total_right+250
WHERE `user_id` = 'QA8H7K';
INSERT INTO `placement_bv_update_history` (`right_carry`, `date`, `from_id`, `user_id`) VALUES (250, '2024-08-28 01:48:20', 'NIBNEC', 'QA8H7K');
UPDATE `bv_updation` SET sponsor_right_carry = sponsor_right_carry+250, sponsor_total_right = sponsor_total_right+250
WHERE `user_id` = 'QA8H7K';
INSERT INTO `sponsor_bv_update_history` (`right_carry`, `date`, `user_id`) VALUES (250, '2024-08-28 01:48:20', 'QA8H7K');
UPDATE `bv_updation` SET right_carry = right_carry+250, total_right = total_right+250
WHERE `user_id` = 'XUNLL5';
INSERT INTO `placement_bv_update_history` (`right_carry`, `date`, `from_id`, `user_id`) VALUES (250, '2024-08-28 01:48:20', 'NIBNEC', 'XUNLL5');
UPDATE `bv_updation` SET left_carry = left_carry+250, total_left = total_left+250
WHERE `user_id` = 'admin';
INSERT INTO `placement_bv_update_history` (`left_carry`, `date`, `from_id`, `user_id`) VALUES (250, '2024-08-28 01:48:20', 'NIBNEC', 'admin');
UPDATE `user_registration` SET `popup_seen` = 'yes'
WHERE `user_id` = 'QA8H7K';
UPDATE `user_registration` SET `uid` = '2160', `user_id` = 'PZ49QY', `username` = 'ronald', `sponsor_id` = 'QA8H7K', `vacant` = 'no', `f_name` = 'ronald', `l_name` = 'galvez', `address` = '4900 n macdill', `position` = 'left', `email` = 'ronal@gmail.com', `password` = 'f121ce0c25d4132766112471e6f70e2d', `phone` = '8139710000', `country` = 'United States', `state` = 'Florida', `city` = 'tampa', `street` = '4900 n macdill', `zip_code` = '33604', `reg_ip` = '47.205.26.9', `status` = 1, `package_id` = 1, `rank_id` = 1, `highest_rank` = 1, `created` = '2024-08-28 01:50:56', `google_secret` = 'NGGWSF6AFOO2GQXC'
WHERE `uid` = '2160';
INSERT INTO `user_registration` (`uid`, `user_id`, `username`, `sponsor_id`, `placement_id`, `vacant`, `f_name`, `l_name`, `address`, `position`, `email`, `password`, `phone`, `reg_ip`, `status`, `created`) VALUES (NULL, 'MUWBXO', 'ARecpSgx', 'PZ49QY', 'PZ49QY', 'yes', '', '', '', 'left', '@mail.com', '', '', '', 0, '2024-08-28 01:50:56');
INSERT INTO `user_registration` (`uid`, `user_id`, `username`, `sponsor_id`, `placement_id`, `vacant`, `f_name`, `l_name`, `address`, `position`, `email`, `password`, `phone`, `reg_ip`, `status`, `created`) VALUES (NULL, 'PALHSH', 'zdzsEafW', 'PZ49QY', 'PZ49QY', 'yes', '', '', '', 'right', '@mail.com', '', '', '', 0, '2024-08-28 01:50:56');
INSERT INTO `bv_updation` (`user_id`) VALUES ('PZ49QY');
UPDATE `user_registration` SET total_ref_count = total_ref_count+1
WHERE `user_id` = 'QA8H7K';
UPDATE `user_registration` SET total_downlines = total_downlines+1
WHERE `user_id` = '3AIZ2W';
UPDATE `user_registration` SET left_downlines = left_downlines+1
WHERE `user_id` = '3AIZ2W';
UPDATE `user_registration` SET total_downlines = total_downlines+1
WHERE `user_id` = 'V51KB5';
UPDATE `user_registration` SET left_downlines = left_downlines+1
WHERE `user_id` = 'V51KB5';
UPDATE `user_registration` SET total_downlines = total_downlines+1
WHERE `user_id` = 'ESVC3F';
UPDATE `user_registration` SET left_downlines = left_downlines+1
WHERE `user_id` = 'ESVC3F';
UPDATE `user_registration` SET total_downlines = total_downlines+1
WHERE `user_id` = 'TY3WIO';
UPDATE `user_registration` SET left_downlines = left_downlines+1
WHERE `user_id` = 'TY3WIO';
UPDATE `user_registration` SET total_downlines = total_downlines+1
WHERE `user_id` = 'Z9O1HD';
UPDATE `user_registration` SET left_downlines = left_downlines+1
WHERE `user_id` = 'Z9O1HD';
UPDATE `user_registration` SET total_downlines = total_downlines+1
WHERE `user_id` = 'C94VNN';
UPDATE `user_registration` SET left_downlines = left_downlines+1
WHERE `user_id` = 'C94VNN';
UPDATE `user_registration` SET total_downlines = total_downlines+1
WHERE `user_id` = '5BAUA6';
UPDATE `user_registration` SET left_downlines = left_downlines+1
WHERE `user_id` = '5BAUA6';
UPDATE `user_registration` SET total_downlines = total_downlines+1
WHERE `user_id` = '1ZZMBZ';
UPDATE `user_registration` SET left_downlines = left_downlines+1
WHERE `user_id` = '1ZZMBZ';
UPDATE `user_registration` SET total_downlines = total_downlines+1
WHERE `user_id` = 'A9A5TF';
UPDATE `user_registration` SET left_downlines = left_downlines+1
WHERE `user_id` = 'A9A5TF';
UPDATE `user_registration` SET total_downlines = total_downlines+1
WHERE `user_id` = '728VX3';
UPDATE `user_registration` SET left_downlines = left_downlines+1
WHERE `user_id` = '728VX3';
UPDATE `user_registration` SET total_downlines = total_downlines+1
WHERE `user_id` = 'W81BAR';
UPDATE `user_registration` SET left_downlines = left_downlines+1
WHERE `user_id` = 'W81BAR';
UPDATE `user_registration` SET total_downlines = total_downlines+1
WHERE `user_id` = 'S6ZDZH';
UPDATE `user_registration` SET left_downlines = left_downlines+1
WHERE `user_id` = 'S6ZDZH';
UPDATE `user_registration` SET total_downlines = total_downlines+1
WHERE `user_id` = 'VAKBAC';
UPDATE `user_registration` SET left_downlines = left_downlines+1
WHERE `user_id` = 'VAKBAC';
UPDATE `user_registration` SET total_downlines = total_downlines+1
WHERE `user_id` = '18HAWU';
UPDATE `user_registration` SET left_downlines = left_downlines+1
WHERE `user_id` = '18HAWU';
UPDATE `user_registration` SET total_downlines = total_downlines+1
WHERE `user_id` = 'BUI4RR';
UPDATE `user_registration` SET left_downlines = left_downlines+1
WHERE `user_id` = 'BUI4RR';
UPDATE `user_registration` SET total_downlines = total_downlines+1
WHERE `user_id` = '1KMYWN';
UPDATE `user_registration` SET left_downlines = left_downlines+1
WHERE `user_id` = '1KMYWN';
UPDATE `user_registration` SET total_downlines = total_downlines+1
WHERE `user_id` = '28ZKDZ';
UPDATE `user_registration` SET left_downlines = left_downlines+1
WHERE `user_id` = '28ZKDZ';
UPDATE `user_registration` SET total_downlines = total_downlines+1
WHERE `user_id` = '348AOL';
UPDATE `user_registration` SET left_downlines = left_downlines+1
WHERE `user_id` = '348AOL';
UPDATE `user_registration` SET total_downlines = total_downlines+1
WHERE `user_id` = 'QA8H7K';
UPDATE `user_registration` SET left_downlines = left_downlines+1
WHERE `user_id` = 'QA8H7K';
UPDATE `user_registration` SET left_ref_count = left_ref_count+1
WHERE `user_id` = 'QA8H7K';
UPDATE `user_registration` SET active_left = active_left+1
WHERE `user_id` = 'QA8H7K';
UPDATE `user_registration` SET `binary_qualified` = 'yes'
WHERE `user_id` = 'QA8H7K';
UPDATE `user_registration` SET total_downlines = total_downlines+1
WHERE `user_id` = 'XUNLL5';
UPDATE `user_registration` SET right_downlines = right_downlines+1
WHERE `user_id` = 'XUNLL5';
UPDATE `user_registration` SET total_downlines = total_downlines+1
WHERE `user_id` = 'admin';
UPDATE `user_registration` SET left_downlines = left_downlines+1
WHERE `user_id` = 'admin';
INSERT INTO `earnings` (`user_id`, `Purchaser_id`, `earning_type`, `package_id`, `amount`, `date`, `comments`, `invest_amount`, `comm_perc`, `level`) VALUES ('QA8H7K', 'PZ49QY', 'Direct Referral Bonus', 0, '300', '2024-08-28 01:50:56', 'Direct Referral Bonus', 0, 0, 1);
UPDATE `user_registration` SET commission_balance = ROUND(commission_balance + 300,2)
WHERE `user_id` = 'QA8H7K';
UPDATE `bv_updation` SET left_carry = left_carry+250, total_left = total_left+250
WHERE `user_id` = '3AIZ2W';
INSERT INTO `placement_bv_update_history` (`left_carry`, `date`, `from_id`, `user_id`) VALUES (250, '2024-08-28 01:50:56', 'PZ49QY', '3AIZ2W');
UPDATE `bv_updation` SET left_carry = left_carry+250, total_left = total_left+250
WHERE `user_id` = 'V51KB5';
INSERT INTO `placement_bv_update_history` (`left_carry`, `date`, `from_id`, `user_id`) VALUES (250, '2024-08-28 01:50:56', 'PZ49QY', 'V51KB5');
UPDATE `bv_updation` SET left_carry = left_carry+250, total_left = total_left+250
WHERE `user_id` = 'ESVC3F';
INSERT INTO `placement_bv_update_history` (`left_carry`, `date`, `from_id`, `user_id`) VALUES (250, '2024-08-28 01:50:56', 'PZ49QY', 'ESVC3F');
UPDATE `bv_updation` SET left_carry = left_carry+250, total_left = total_left+250
WHERE `user_id` = 'TY3WIO';
INSERT INTO `placement_bv_update_history` (`left_carry`, `date`, `from_id`, `user_id`) VALUES (250, '2024-08-28 01:50:56', 'PZ49QY', 'TY3WIO');
UPDATE `bv_updation` SET left_carry = left_carry+250, total_left = total_left+250
WHERE `user_id` = 'Z9O1HD';
INSERT INTO `placement_bv_update_history` (`left_carry`, `date`, `from_id`, `user_id`) VALUES (250, '2024-08-28 01:50:56', 'PZ49QY', 'Z9O1HD');
UPDATE `bv_updation` SET left_carry = left_carry+250, total_left = total_left+250
WHERE `user_id` = 'C94VNN';
INSERT INTO `placement_bv_update_history` (`left_carry`, `date`, `from_id`, `user_id`) VALUES (250, '2024-08-28 01:50:56', 'PZ49QY', 'C94VNN');
UPDATE `bv_updation` SET left_carry = left_carry+250, total_left = total_left+250
WHERE `user_id` = '5BAUA6';
INSERT INTO `placement_bv_update_history` (`left_carry`, `date`, `from_id`, `user_id`) VALUES (250, '2024-08-28 01:50:56', 'PZ49QY', '5BAUA6');
UPDATE `bv_updation` SET left_carry = left_carry+250, total_left = total_left+250
WHERE `user_id` = '1ZZMBZ';
INSERT INTO `placement_bv_update_history` (`left_carry`, `date`, `from_id`, `user_id`) VALUES (250, '2024-08-28 01:50:56', 'PZ49QY', '1ZZMBZ');
UPDATE `bv_updation` SET left_carry = left_carry+250, total_left = total_left+250
WHERE `user_id` = 'A9A5TF';
INSERT INTO `placement_bv_update_history` (`left_carry`, `date`, `from_id`, `user_id`) VALUES (250, '2024-08-28 01:50:56', 'PZ49QY', 'A9A5TF');
UPDATE `bv_updation` SET left_carry = left_carry+250, total_left = total_left+250
WHERE `user_id` = '728VX3';
INSERT INTO `placement_bv_update_history` (`left_carry`, `date`, `from_id`, `user_id`) VALUES (250, '2024-08-28 01:50:56', 'PZ49QY', '728VX3');
UPDATE `bv_updation` SET left_carry = left_carry+250, total_left = total_left+250
WHERE `user_id` = 'W81BAR';
INSERT INTO `placement_bv_update_history` (`left_carry`, `date`, `from_id`, `user_id`) VALUES (250, '2024-08-28 01:50:56', 'PZ49QY', 'W81BAR');
UPDATE `bv_updation` SET left_carry = left_carry+250, total_left = total_left+250
WHERE `user_id` = 'S6ZDZH';
INSERT INTO `placement_bv_update_history` (`left_carry`, `date`, `from_id`, `user_id`) VALUES (250, '2024-08-28 01:50:56', 'PZ49QY', 'S6ZDZH');
UPDATE `bv_updation` SET left_carry = left_carry+250, total_left = total_left+250
WHERE `user_id` = 'VAKBAC';
INSERT INTO `placement_bv_update_history` (`left_carry`, `date`, `from_id`, `user_id`) VALUES (250, '2024-08-28 01:50:56', 'PZ49QY', 'VAKBAC');
UPDATE `bv_updation` SET left_carry = left_carry+250, total_left = total_left+250
WHERE `user_id` = '18HAWU';
INSERT INTO `placement_bv_update_history` (`left_carry`, `date`, `from_id`, `user_id`) VALUES (250, '2024-08-28 01:50:56', 'PZ49QY', '18HAWU');
UPDATE `bv_updation` SET left_carry = left_carry+250, total_left = total_left+250
WHERE `user_id` = 'BUI4RR';
INSERT INTO `placement_bv_update_history` (`left_carry`, `date`, `from_id`, `user_id`) VALUES (250, '2024-08-28 01:50:56', 'PZ49QY', 'BUI4RR');
UPDATE `bv_updation` SET left_carry = left_carry+250, total_left = total_left+250
WHERE `user_id` = '1KMYWN';
INSERT INTO `placement_bv_update_history` (`left_carry`, `date`, `from_id`, `user_id`) VALUES (250, '2024-08-28 01:50:56', 'PZ49QY', '1KMYWN');
UPDATE `bv_updation` SET left_carry = left_carry+250, total_left = total_left+250
WHERE `user_id` = '28ZKDZ';
INSERT INTO `placement_bv_update_history` (`left_carry`, `date`, `from_id`, `user_id`) VALUES (250, '2024-08-28 01:50:56', 'PZ49QY', '28ZKDZ');
UPDATE `bv_updation` SET left_carry = left_carry+250, total_left = total_left+250
WHERE `user_id` = '348AOL';
INSERT INTO `placement_bv_update_history` (`left_carry`, `date`, `from_id`, `user_id`) VALUES (250, '2024-08-28 01:50:56', 'PZ49QY', '348AOL');
UPDATE `bv_updation` SET left_carry = left_carry+250, total_left = total_left+250
WHERE `user_id` = 'QA8H7K';
INSERT INTO `placement_bv_update_history` (`left_carry`, `date`, `from_id`, `user_id`) VALUES (250, '2024-08-28 01:50:56', 'PZ49QY', 'QA8H7K');
UPDATE `bv_updation` SET sponsor_left_carry = sponsor_left_carry+250, sponsor_total_left = sponsor_total_left+250
WHERE `user_id` = 'QA8H7K';
INSERT INTO `sponsor_bv_update_history` (`left_carry`, `date`, `user_id`) VALUES (250, '2024-08-28 01:50:56', 'QA8H7K');
UPDATE `bv_updation` SET right_carry = right_carry+250, total_right = total_right+250
WHERE `user_id` = 'XUNLL5';
INSERT INTO `placement_bv_update_history` (`right_carry`, `date`, `from_id`, `user_id`) VALUES (250, '2024-08-28 01:50:56', 'PZ49QY', 'XUNLL5');
UPDATE `bv_updation` SET left_carry = left_carry+250, total_left = total_left+250
WHERE `user_id` = 'admin';
INSERT INTO `placement_bv_update_history` (`left_carry`, `date`, `from_id`, `user_id`) VALUES (250, '2024-08-28 01:50:56', 'PZ49QY', 'admin');
UPDATE `user_registration` SET `uid` = '2163', `user_id` = '512ZIP', `username` = 'lucia', `sponsor_id` = 'QA8H7K', `vacant` = 'no', `f_name` = 'lucia', `l_name` = 'm', `address` = '4900 n macdill', `position` = 'right', `email` = 'lucia@gmail.com', `password` = 'f121ce0c25d4132766112471e6f70e2d', `phone` = '8139710000', `country` = 'United States', `state` = 'Florida', `city` = 'tampa', `street` = '4900 n macdill', `zip_code` = '33604', `reg_ip` = '47.205.26.9', `status` = 1, `package_id` = 1, `rank_id` = 1, `highest_rank` = 1, `created` = '2024-08-28 01:52:25', `google_secret` = 'ANSHOLPBDZDJ3ANJ'
WHERE `uid` = '2163';
INSERT INTO `user_registration` (`uid`, `user_id`, `username`, `sponsor_id`, `placement_id`, `vacant`, `f_name`, `l_name`, `address`, `position`, `email`, `password`, `phone`, `reg_ip`, `status`, `created`) VALUES (NULL, 'GGEPOH', 'IfzpBWxe', '512ZIP', '512ZIP', 'yes', '', '', '', 'left', '@mail.com', '', '', '', 0, '2024-08-28 01:52:25');
INSERT INTO `user_registration` (`uid`, `user_id`, `username`, `sponsor_id`, `placement_id`, `vacant`, `f_name`, `l_name`, `address`, `position`, `email`, `password`, `phone`, `reg_ip`, `status`, `created`) VALUES (NULL, 'CKQHND', 'RTDWJhsY', '512ZIP', '512ZIP', 'yes', '', '', '', 'right', '@mail.com', '', '', '', 0, '2024-08-28 01:52:25');
INSERT INTO `bv_updation` (`user_id`) VALUES ('512ZIP');
UPDATE `user_registration` SET total_ref_count = total_ref_count+1
WHERE `user_id` = 'QA8H7K';
UPDATE `user_registration` SET total_downlines = total_downlines+1
WHERE `user_id` = 'NIBNEC';
UPDATE `user_registration` SET right_downlines = right_downlines+1
WHERE `user_id` = 'NIBNEC';
UPDATE `user_registration` SET total_downlines = total_downlines+1
WHERE `user_id` = '75UZB4';
UPDATE `user_registration` SET right_downlines = right_downlines+1
WHERE `user_id` = '75UZB4';
UPDATE `user_registration` SET total_downlines = total_downlines+1
WHERE `user_id` = 'VVGG3X';
UPDATE `user_registration` SET right_downlines = right_downlines+1
WHERE `user_id` = 'VVGG3X';
UPDATE `user_registration` SET total_downlines = total_downlines+1
WHERE `user_id` = 'HNS9A8';
UPDATE `user_registration` SET right_downlines = right_downlines+1
WHERE `user_id` = 'HNS9A8';
UPDATE `user_registration` SET total_downlines = total_downlines+1
WHERE `user_id` = 'R72IZI';
UPDATE `user_registration` SET right_downlines = right_downlines+1
WHERE `user_id` = 'R72IZI';
UPDATE `user_registration` SET total_downlines = total_downlines+1
WHERE `user_id` = 'PD3QPX';
UPDATE `user_registration` SET right_downlines = right_downlines+1
WHERE `user_id` = 'PD3QPX';
UPDATE `user_registration` SET total_downlines = total_downlines+1
WHERE `user_id` = 'HBSMS4';
UPDATE `user_registration` SET right_downlines = right_downlines+1
WHERE `user_id` = 'HBSMS4';
UPDATE `user_registration` SET total_downlines = total_downlines+1
WHERE `user_id` = 'LJNVDM';
UPDATE `user_registration` SET right_downlines = right_downlines+1
WHERE `user_id` = 'LJNVDM';
UPDATE `user_registration` SET total_downlines = total_downlines+1
WHERE `user_id` = 'CN2LFV';
UPDATE `user_registration` SET right_downlines = right_downlines+1
WHERE `user_id` = 'CN2LFV';
UPDATE `user_registration` SET total_downlines = total_downlines+1
WHERE `user_id` = 'RQMVUN';
UPDATE `user_registration` SET right_downlines = right_downlines+1
WHERE `user_id` = 'RQMVUN';
UPDATE `user_registration` SET total_downlines = total_downlines+1
WHERE `user_id` = '2IMQZU';
UPDATE `user_registration` SET right_downlines = right_downlines+1
WHERE `user_id` = '2IMQZU';
UPDATE `user_registration` SET total_downlines = total_downlines+1
WHERE `user_id` = 'JG24WL';
UPDATE `user_registration` SET right_downlines = right_downlines+1
WHERE `user_id` = 'JG24WL';
UPDATE `user_registration` SET total_downlines = total_downlines+1
WHERE `user_id` = 'LRU3QN';
UPDATE `user_registration` SET right_downlines = right_downlines+1
WHERE `user_id` = 'LRU3QN';
UPDATE `user_registration` SET total_downlines = total_downlines+1
WHERE `user_id` = '8T4E5T';
UPDATE `user_registration` SET right_downlines = right_downlines+1
WHERE `user_id` = '8T4E5T';
UPDATE `user_registration` SET total_downlines = total_downlines+1
WHERE `user_id` = 'ODRN5Y';
UPDATE `user_registration` SET right_downlines = right_downlines+1
WHERE `user_id` = 'ODRN5Y';
UPDATE `user_registration` SET total_downlines = total_downlines+1
WHERE `user_id` = 'ARKMZW';
UPDATE `user_registration` SET right_downlines = right_downlines+1
WHERE `user_id` = 'ARKMZW';
UPDATE `user_registration` SET total_downlines = total_downlines+1
WHERE `user_id` = 'PPK6PM';
UPDATE `user_registration` SET right_downlines = right_downlines+1
WHERE `user_id` = 'PPK6PM';
UPDATE `user_registration` SET total_downlines = total_downlines+1
WHERE `user_id` = 'L8GRV3';
UPDATE `user_registration` SET right_downlines = right_downlines+1
WHERE `user_id` = 'L8GRV3';
UPDATE `user_registration` SET total_downlines = total_downlines+1
WHERE `user_id` = '5SFJ8K';
UPDATE `user_registration` SET right_downlines = right_downlines+1
WHERE `user_id` = '5SFJ8K';
UPDATE `user_registration` SET total_downlines = total_downlines+1
WHERE `user_id` = 'QA8H7K';
UPDATE `user_registration` SET right_downlines = right_downlines+1
WHERE `user_id` = 'QA8H7K';
UPDATE `user_registration` SET right_ref_count = right_ref_count+1
WHERE `user_id` = 'QA8H7K';
UPDATE `user_registration` SET active_right = active_right+1
WHERE `user_id` = 'QA8H7K';
UPDATE `user_registration` SET `binary_qualified` = 'yes'
WHERE `user_id` = 'QA8H7K';
UPDATE `user_registration` SET total_downlines = total_downlines+1
WHERE `user_id` = 'XUNLL5';
UPDATE `user_registration` SET right_downlines = right_downlines+1
WHERE `user_id` = 'XUNLL5';
UPDATE `user_registration` SET total_downlines = total_downlines+1
WHERE `user_id` = 'admin';
UPDATE `user_registration` SET left_downlines = left_downlines+1
WHERE `user_id` = 'admin';
INSERT INTO `earnings` (`user_id`, `Purchaser_id`, `earning_type`, `package_id`, `amount`, `date`, `comments`, `invest_amount`, `comm_perc`, `level`) VALUES ('QA8H7K', '512ZIP', 'Direct Referral Bonus', 0, '300', '2024-08-28 01:52:25', 'Direct Referral Bonus', 0, 0, 1);
UPDATE `user_registration` SET commission_balance = ROUND(commission_balance + 300,2)
WHERE `user_id` = 'QA8H7K';
UPDATE `bv_updation` SET right_carry = right_carry+250, total_right = total_right+250
WHERE `user_id` = 'NIBNEC';
INSERT INTO `placement_bv_update_history` (`right_carry`, `date`, `from_id`, `user_id`) VALUES (250, '2024-08-28 01:52:25', '512ZIP', 'NIBNEC');
UPDATE `bv_updation` SET right_carry = right_carry+250, total_right = total_right+250
WHERE `user_id` = '75UZB4';
INSERT INTO `placement_bv_update_history` (`right_carry`, `date`, `from_id`, `user_id`) VALUES (250, '2024-08-28 01:52:25', '512ZIP', '75UZB4');
UPDATE `bv_updation` SET right_carry = right_carry+250, total_right = total_right+250
WHERE `user_id` = 'VVGG3X';
INSERT INTO `placement_bv_update_history` (`right_carry`, `date`, `from_id`, `user_id`) VALUES (250, '2024-08-28 01:52:25', '512ZIP', 'VVGG3X');
UPDATE `bv_updation` SET right_carry = right_carry+250, total_right = total_right+250
WHERE `user_id` = 'HNS9A8';
INSERT INTO `placement_bv_update_history` (`right_carry`, `date`, `from_id`, `user_id`) VALUES (250, '2024-08-28 01:52:25', '512ZIP', 'HNS9A8');
UPDATE `bv_updation` SET right_carry = right_carry+250, total_right = total_right+250
WHERE `user_id` = 'R72IZI';
INSERT INTO `placement_bv_update_history` (`right_carry`, `date`, `from_id`, `user_id`) VALUES (250, '2024-08-28 01:52:25', '512ZIP', 'R72IZI');
UPDATE `bv_updation` SET right_carry = right_carry+250, total_right = total_right+250
WHERE `user_id` = 'PD3QPX';
INSERT INTO `placement_bv_update_history` (`right_carry`, `date`, `from_id`, `user_id`) VALUES (250, '2024-08-28 01:52:25', '512ZIP', 'PD3QPX');
UPDATE `bv_updation` SET right_carry = right_carry+250, total_right = total_right+250
WHERE `user_id` = 'HBSMS4';
INSERT INTO `placement_bv_update_history` (`right_carry`, `date`, `from_id`, `user_id`) VALUES (250, '2024-08-28 01:52:25', '512ZIP', 'HBSMS4');
UPDATE `bv_updation` SET right_carry = right_carry+250, total_right = total_right+250
WHERE `user_id` = 'LJNVDM';
INSERT INTO `placement_bv_update_history` (`right_carry`, `date`, `from_id`, `user_id`) VALUES (250, '2024-08-28 01:52:25', '512ZIP', 'LJNVDM');
UPDATE `bv_updation` SET right_carry = right_carry+250, total_right = total_right+250
WHERE `user_id` = 'CN2LFV';
INSERT INTO `placement_bv_update_history` (`right_carry`, `date`, `from_id`, `user_id`) VALUES (250, '2024-08-28 01:52:25', '512ZIP', 'CN2LFV');
UPDATE `bv_updation` SET right_carry = right_carry+250, total_right = total_right+250
WHERE `user_id` = 'RQMVUN';
INSERT INTO `placement_bv_update_history` (`right_carry`, `date`, `from_id`, `user_id`) VALUES (250, '2024-08-28 01:52:25', '512ZIP', 'RQMVUN');
UPDATE `bv_updation` SET right_carry = right_carry+250, total_right = total_right+250
WHERE `user_id` = '2IMQZU';
INSERT INTO `placement_bv_update_history` (`right_carry`, `date`, `from_id`, `user_id`) VALUES (250, '2024-08-28 01:52:25', '512ZIP', '2IMQZU');
UPDATE `bv_updation` SET right_carry = right_carry+250, total_right = total_right+250
WHERE `user_id` = 'JG24WL';
INSERT INTO `placement_bv_update_history` (`right_carry`, `date`, `from_id`, `user_id`) VALUES (250, '2024-08-28 01:52:25', '512ZIP', 'JG24WL');
UPDATE `bv_updation` SET right_carry = right_carry+250, total_right = total_right+250
WHERE `user_id` = 'LRU3QN';
INSERT INTO `placement_bv_update_history` (`right_carry`, `date`, `from_id`, `user_id`) VALUES (250, '2024-08-28 01:52:25', '512ZIP', 'LRU3QN');
UPDATE `bv_updation` SET right_carry = right_carry+250, total_right = total_right+250
WHERE `user_id` = '8T4E5T';
INSERT INTO `placement_bv_update_history` (`right_carry`, `date`, `from_id`, `user_id`) VALUES (250, '2024-08-28 01:52:25', '512ZIP', '8T4E5T');
UPDATE `bv_updation` SET right_carry = right_carry+250, total_right = total_right+250
WHERE `user_id` = 'ODRN5Y';
INSERT INTO `placement_bv_update_history` (`right_carry`, `date`, `from_id`, `user_id`) VALUES (250, '2024-08-28 01:52:25', '512ZIP', 'ODRN5Y');
UPDATE `bv_updation` SET right_carry = right_carry+250, total_right = total_right+250
WHERE `user_id` = 'ARKMZW';
INSERT INTO `placement_bv_update_history` (`right_carry`, `date`, `from_id`, `user_id`) VALUES (250, '2024-08-28 01:52:25', '512ZIP', 'ARKMZW');
UPDATE `bv_updation` SET right_carry = right_carry+250, total_right = total_right+250
WHERE `user_id` = 'PPK6PM';
INSERT INTO `placement_bv_update_history` (`right_carry`, `date`, `from_id`, `user_id`) VALUES (250, '2024-08-28 01:52:25', '512ZIP', 'PPK6PM');
UPDATE `bv_updation` SET right_carry = right_carry+250, total_right = total_right+250
WHERE `user_id` = 'L8GRV3';
INSERT INTO `placement_bv_update_history` (`right_carry`, `date`, `from_id`, `user_id`) VALUES (250, '2024-08-28 01:52:25', '512ZIP', 'L8GRV3');
UPDATE `bv_updation` SET right_carry = right_carry+250, total_right = total_right+250
WHERE `user_id` = '5SFJ8K';
INSERT INTO `placement_bv_update_history` (`right_carry`, `date`, `from_id`, `user_id`) VALUES (250, '2024-08-28 01:52:25', '512ZIP', '5SFJ8K');
UPDATE `bv_updation` SET right_carry = right_carry+250, total_right = total_right+250
WHERE `user_id` = 'QA8H7K';
INSERT INTO `placement_bv_update_history` (`right_carry`, `date`, `from_id`, `user_id`) VALUES (250, '2024-08-28 01:52:25', '512ZIP', 'QA8H7K');
UPDATE `bv_updation` SET sponsor_right_carry = sponsor_right_carry+250, sponsor_total_right = sponsor_total_right+250
WHERE `user_id` = 'QA8H7K';
INSERT INTO `sponsor_bv_update_history` (`right_carry`, `date`, `user_id`) VALUES (250, '2024-08-28 01:52:25', 'QA8H7K');
UPDATE `bv_updation` SET right_carry = right_carry+250, total_right = total_right+250
WHERE `user_id` = 'XUNLL5';
INSERT INTO `placement_bv_update_history` (`right_carry`, `date`, `from_id`, `user_id`) VALUES (250, '2024-08-28 01:52:25', '512ZIP', 'XUNLL5');
UPDATE `bv_updation` SET left_carry = left_carry+250, total_left = total_left+250
WHERE `user_id` = 'admin';
INSERT INTO `placement_bv_update_history` (`left_carry`, `date`, `from_id`, `user_id`) VALUES (250, '2024-08-28 01:52:25', '512ZIP', 'admin');
UPDATE `ci_sessions` SET `timestamp` = 1724810052, `data` = '__ci_last_regenerate|i:1724810052;id|s:4:\"2039\";user_id|s:6:\"QA8H7K\";username|s:6:\"dayami\";sponsor_id|s:6:\"XUNLL5\";fullname|s:11:\"Dayami Leon\";email|s:23:\"anegociarfree@gmail.com\";phone|s:10:\"8139006115\";isLogIn|b:1;message|s:44:\"Your registration completed successfully...!\";__ci_vars|a:1:{s:7:\"message\";s:3:\"old\";}'
WHERE `id` = '38f0d934f0e1cbeb4fa9e6dd5fd77176da39d7a0';
UPDATE `user_registration` SET `uid` = '2164', `user_id` = 'B93JTT', `username` = 'melbin', `sponsor_id` = 'QA8H7K', `vacant` = 'no', `f_name` = 'melbin', `l_name` = 'a', `address` = '4900 n macdill', `position` = 'left', `email` = 'melbin@gmail.com', `password` = 'f121ce0c25d4132766112471e6f70e2d', `phone` = '8139710000', `country` = 'United States', `state` = 'Florida', `city` = 'tampa', `street` = '4900 n macdill', `zip_code` = '33604', `reg_ip` = '47.205.26.9', `status` = 1, `package_id` = 1, `rank_id` = 1, `highest_rank` = 1, `created` = '2024-08-28 01:54:12', `google_secret` = '5A25RZVUUBDDT5VL'
WHERE `uid` = '2164';
INSERT INTO `user_registration` (`uid`, `user_id`, `username`, `sponsor_id`, `placement_id`, `vacant`, `f_name`, `l_name`, `address`, `position`, `email`, `password`, `phone`, `reg_ip`, `status`, `created`) VALUES (NULL, 'SWUFTS', 'JcZZtfKU', 'B93JTT', 'B93JTT', 'yes', '', '', '', 'left', '@mail.com', '', '', '', 0, '2024-08-28 01:54:12');
INSERT INTO `user_registration` (`uid`, `user_id`, `username`, `sponsor_id`, `placement_id`, `vacant`, `f_name`, `l_name`, `address`, `position`, `email`, `password`, `phone`, `reg_ip`, `status`, `created`) VALUES (NULL, 'QBCQMB', 'RmXsWHFn', 'B93JTT', 'B93JTT', 'yes', '', '', '', 'right', '@mail.com', '', '', '', 0, '2024-08-28 01:54:12');
INSERT INTO `bv_updation` (`user_id`) VALUES ('B93JTT');
UPDATE `user_registration` SET total_ref_count = total_ref_count+1
WHERE `user_id` = 'QA8H7K';
UPDATE `user_registration` SET total_downlines = total_downlines+1
WHERE `user_id` = 'PZ49QY';
UPDATE `user_registration` SET left_downlines = left_downlines+1
WHERE `user_id` = 'PZ49QY';
UPDATE `user_registration` SET total_downlines = total_downlines+1
WHERE `user_id` = '3AIZ2W';
UPDATE `user_registration` SET left_downlines = left_downlines+1
WHERE `user_id` = '3AIZ2W';
UPDATE `user_registration` SET total_downlines = total_downlines+1
WHERE `user_id` = 'V51KB5';
UPDATE `user_registration` SET left_downlines = left_downlines+1
WHERE `user_id` = 'V51KB5';
UPDATE `user_registration` SET total_downlines = total_downlines+1
WHERE `user_id` = 'ESVC3F';
UPDATE `user_registration` SET left_downlines = left_downlines+1
WHERE `user_id` = 'ESVC3F';
UPDATE `user_registration` SET total_downlines = total_downlines+1
WHERE `user_id` = 'TY3WIO';
UPDATE `user_registration` SET left_downlines = left_downlines+1
WHERE `user_id` = 'TY3WIO';
UPDATE `user_registration` SET total_downlines = total_downlines+1
WHERE `user_id` = 'Z9O1HD';
UPDATE `user_registration` SET left_downlines = left_downlines+1
WHERE `user_id` = 'Z9O1HD';
UPDATE `user_registration` SET total_downlines = total_downlines+1
WHERE `user_id` = 'C94VNN';
UPDATE `user_registration` SET left_downlines = left_downlines+1
WHERE `user_id` = 'C94VNN';
UPDATE `user_registration` SET total_downlines = total_downlines+1
WHERE `user_id` = '5BAUA6';
UPDATE `user_registration` SET left_downlines = left_downlines+1
WHERE `user_id` = '5BAUA6';
UPDATE `user_registration` SET total_downlines = total_downlines+1
WHERE `user_id` = '1ZZMBZ';
UPDATE `user_registration` SET left_downlines = left_downlines+1
WHERE `user_id` = '1ZZMBZ';
UPDATE `user_registration` SET total_downlines = total_downlines+1
WHERE `user_id` = 'A9A5TF';
UPDATE `user_registration` SET left_downlines = left_downlines+1
WHERE `user_id` = 'A9A5TF';
UPDATE `user_registration` SET total_downlines = total_downlines+1
WHERE `user_id` = '728VX3';
UPDATE `user_registration` SET left_downlines = left_downlines+1
WHERE `user_id` = '728VX3';
UPDATE `user_registration` SET total_downlines = total_downlines+1
WHERE `user_id` = 'W81BAR';
UPDATE `user_registration` SET left_downlines = left_downlines+1
WHERE `user_id` = 'W81BAR';
UPDATE `user_registration` SET total_downlines = total_downlines+1
WHERE `user_id` = 'S6ZDZH';
UPDATE `user_registration` SET left_downlines = left_downlines+1
WHERE `user_id` = 'S6ZDZH';
UPDATE `user_registration` SET total_downlines = total_downlines+1
WHERE `user_id` = 'VAKBAC';
UPDATE `user_registration` SET left_downlines = left_downlines+1
WHERE `user_id` = 'VAKBAC';
UPDATE `user_registration` SET total_downlines = total_downlines+1
WHERE `user_id` = '18HAWU';
UPDATE `user_registration` SET left_downlines = left_downlines+1
WHERE `user_id` = '18HAWU';
UPDATE `user_registration` SET total_downlines = total_downlines+1
WHERE `user_id` = 'BUI4RR';
UPDATE `user_registration` SET left_downlines = left_downlines+1
WHERE `user_id` = 'BUI4RR';
UPDATE `user_registration` SET total_downlines = total_downlines+1
WHERE `user_id` = '1KMYWN';
UPDATE `user_registration` SET left_downlines = left_downlines+1
WHERE `user_id` = '1KMYWN';
UPDATE `user_registration` SET total_downlines = total_downlines+1
WHERE `user_id` = '28ZKDZ';
UPDATE `user_registration` SET left_downlines = left_downlines+1
WHERE `user_id` = '28ZKDZ';
UPDATE `user_registration` SET total_downlines = total_downlines+1
WHERE `user_id` = '348AOL';
UPDATE `user_registration` SET left_downlines = left_downlines+1
WHERE `user_id` = '348AOL';
UPDATE `user_registration` SET total_downlines = total_downlines+1
WHERE `user_id` = 'QA8H7K';
UPDATE `user_registration` SET left_downlines = left_downlines+1
WHERE `user_id` = 'QA8H7K';
UPDATE `user_registration` SET left_ref_count = left_ref_count+1
WHERE `user_id` = 'QA8H7K';
UPDATE `user_registration` SET active_left = active_left+1
WHERE `user_id` = 'QA8H7K';
UPDATE `user_registration` SET `binary_qualified` = 'yes'
WHERE `user_id` = 'QA8H7K';
UPDATE `user_registration` SET total_downlines = total_downlines+1
WHERE `user_id` = 'XUNLL5';
UPDATE `user_registration` SET right_downlines = right_downlines+1
WHERE `user_id` = 'XUNLL5';
UPDATE `user_registration` SET total_downlines = total_downlines+1
WHERE `user_id` = 'admin';
UPDATE `user_registration` SET left_downlines = left_downlines+1
WHERE `user_id` = 'admin';
INSERT INTO `earnings` (`user_id`, `Purchaser_id`, `earning_type`, `package_id`, `amount`, `date`, `comments`, `invest_amount`, `comm_perc`, `level`) VALUES ('QA8H7K', 'B93JTT', 'Direct Referral Bonus', 0, '300', '2024-08-28 01:54:12', 'Direct Referral Bonus', 0, 0, 1);
UPDATE `user_registration` SET commission_balance = ROUND(commission_balance + 300,2)
WHERE `user_id` = 'QA8H7K';
UPDATE `bv_updation` SET left_carry = left_carry+250, total_left = total_left+250
WHERE `user_id` = 'PZ49QY';
INSERT INTO `placement_bv_update_history` (`left_carry`, `date`, `from_id`, `user_id`) VALUES (250, '2024-08-28 01:54:12', 'B93JTT', 'PZ49QY');
UPDATE `bv_updation` SET left_carry = left_carry+250, total_left = total_left+250
WHERE `user_id` = '3AIZ2W';
INSERT INTO `placement_bv_update_history` (`left_carry`, `date`, `from_id`, `user_id`) VALUES (250, '2024-08-28 01:54:12', 'B93JTT', '3AIZ2W');
UPDATE `bv_updation` SET left_carry = left_carry+250, total_left = total_left+250
WHERE `user_id` = 'V51KB5';
INSERT INTO `placement_bv_update_history` (`left_carry`, `date`, `from_id`, `user_id`) VALUES (250, '2024-08-28 01:54:12', 'B93JTT', 'V51KB5');
UPDATE `bv_updation` SET left_carry = left_carry+250, total_left = total_left+250
WHERE `user_id` = 'ESVC3F';
INSERT INTO `placement_bv_update_history` (`left_carry`, `date`, `from_id`, `user_id`) VALUES (250, '2024-08-28 01:54:12', 'B93JTT', 'ESVC3F');
UPDATE `bv_updation` SET left_carry = left_carry+250, total_left = total_left+250
WHERE `user_id` = 'TY3WIO';
INSERT INTO `placement_bv_update_history` (`left_carry`, `date`, `from_id`, `user_id`) VALUES (250, '2024-08-28 01:54:12', 'B93JTT', 'TY3WIO');
UPDATE `bv_updation` SET left_carry = left_carry+250, total_left = total_left+250
WHERE `user_id` = 'Z9O1HD';
INSERT INTO `placement_bv_update_history` (`left_carry`, `date`, `from_id`, `user_id`) VALUES (250, '2024-08-28 01:54:12', 'B93JTT', 'Z9O1HD');
UPDATE `bv_updation` SET left_carry = left_carry+250, total_left = total_left+250
WHERE `user_id` = 'C94VNN';
INSERT INTO `placement_bv_update_history` (`left_carry`, `date`, `from_id`, `user_id`) VALUES (250, '2024-08-28 01:54:12', 'B93JTT', 'C94VNN');
UPDATE `bv_updation` SET left_carry = left_carry+250, total_left = total_left+250
WHERE `user_id` = '5BAUA6';
INSERT INTO `placement_bv_update_history` (`left_carry`, `date`, `from_id`, `user_id`) VALUES (250, '2024-08-28 01:54:12', 'B93JTT', '5BAUA6');
UPDATE `bv_updation` SET left_carry = left_carry+250, total_left = total_left+250
WHERE `user_id` = '1ZZMBZ';
INSERT INTO `placement_bv_update_history` (`left_carry`, `date`, `from_id`, `user_id`) VALUES (250, '2024-08-28 01:54:12', 'B93JTT', '1ZZMBZ');
UPDATE `bv_updation` SET left_carry = left_carry+250, total_left = total_left+250
WHERE `user_id` = 'A9A5TF';
INSERT INTO `placement_bv_update_history` (`left_carry`, `date`, `from_id`, `user_id`) VALUES (250, '2024-08-28 01:54:12', 'B93JTT', 'A9A5TF');
UPDATE `bv_updation` SET left_carry = left_carry+250, total_left = total_left+250
WHERE `user_id` = '728VX3';
INSERT INTO `placement_bv_update_history` (`left_carry`, `date`, `from_id`, `user_id`) VALUES (250, '2024-08-28 01:54:12', 'B93JTT', '728VX3');
UPDATE `bv_updation` SET left_carry = left_carry+250, total_left = total_left+250
WHERE `user_id` = 'W81BAR';
INSERT INTO `placement_bv_update_history` (`left_carry`, `date`, `from_id`, `user_id`) VALUES (250, '2024-08-28 01:54:12', 'B93JTT', 'W81BAR');
UPDATE `bv_updation` SET left_carry = left_carry+250, total_left = total_left+250
WHERE `user_id` = 'S6ZDZH';
INSERT INTO `placement_bv_update_history` (`left_carry`, `date`, `from_id`, `user_id`) VALUES (250, '2024-08-28 01:54:12', 'B93JTT', 'S6ZDZH');
UPDATE `bv_updation` SET left_carry = left_carry+250, total_left = total_left+250
WHERE `user_id` = 'VAKBAC';
INSERT INTO `placement_bv_update_history` (`left_carry`, `date`, `from_id`, `user_id`) VALUES (250, '2024-08-28 01:54:12', 'B93JTT', 'VAKBAC');
UPDATE `bv_updation` SET left_carry = left_carry+250, total_left = total_left+250
WHERE `user_id` = '18HAWU';
INSERT INTO `placement_bv_update_history` (`left_carry`, `date`, `from_id`, `user_id`) VALUES (250, '2024-08-28 01:54:12', 'B93JTT', '18HAWU');
UPDATE `bv_updation` SET left_carry = left_carry+250, total_left = total_left+250
WHERE `user_id` = 'BUI4RR';
INSERT INTO `placement_bv_update_history` (`left_carry`, `date`, `from_id`, `user_id`) VALUES (250, '2024-08-28 01:54:12', 'B93JTT', 'BUI4RR');
UPDATE `bv_updation` SET left_carry = left_carry+250, total_left = total_left+250
WHERE `user_id` = '1KMYWN';
INSERT INTO `placement_bv_update_history` (`left_carry`, `date`, `from_id`, `user_id`) VALUES (250, '2024-08-28 01:54:12', 'B93JTT', '1KMYWN');
UPDATE `bv_updation` SET left_carry = left_carry+250, total_left = total_left+250
WHERE `user_id` = '28ZKDZ';
INSERT INTO `placement_bv_update_history` (`left_carry`, `date`, `from_id`, `user_id`) VALUES (250, '2024-08-28 01:54:12', 'B93JTT', '28ZKDZ');
UPDATE `bv_updation` SET left_carry = left_carry+250, total_left = total_left+250
WHERE `user_id` = '348AOL';
INSERT INTO `placement_bv_update_history` (`left_carry`, `date`, `from_id`, `user_id`) VALUES (250, '2024-08-28 01:54:12', 'B93JTT', '348AOL');
UPDATE `bv_updation` SET left_carry = left_carry+250, total_left = total_left+250
WHERE `user_id` = 'QA8H7K';
INSERT INTO `placement_bv_update_history` (`left_carry`, `date`, `from_id`, `user_id`) VALUES (250, '2024-08-28 01:54:12', 'B93JTT', 'QA8H7K');
UPDATE `bv_updation` SET sponsor_left_carry = sponsor_left_carry+250, sponsor_total_left = sponsor_total_left+250
WHERE `user_id` = 'QA8H7K';
INSERT INTO `sponsor_bv_update_history` (`left_carry`, `date`, `user_id`) VALUES (250, '2024-08-28 01:54:12', 'QA8H7K');
UPDATE `bv_updation` SET right_carry = right_carry+250, total_right = total_right+250
WHERE `user_id` = 'XUNLL5';
INSERT INTO `placement_bv_update_history` (`right_carry`, `date`, `from_id`, `user_id`) VALUES (250, '2024-08-28 01:54:12', 'B93JTT', 'XUNLL5');
UPDATE `bv_updation` SET left_carry = left_carry+250, total_left = total_left+250
WHERE `user_id` = 'admin';
INSERT INTO `placement_bv_update_history` (`left_carry`, `date`, `from_id`, `user_id`) VALUES (250, '2024-08-28 01:54:12', 'B93JTT', 'admin');
UPDATE `user_registration` SET `uid` = '2167', `user_id` = '87B7KI', `username` = 'geronimo', `sponsor_id` = 'QA8H7K', `vacant` = 'no', `f_name` = 'geronimo', `l_name` = 'a', `address` = '4900 n macdill', `position` = 'right', `email` = 'geronimo@gmail.com', `password` = 'f121ce0c25d4132766112471e6f70e2d', `phone` = '8139710000', `country` = 'United States', `state` = 'Florida', `city` = 'tampa', `street` = '4900 n macdill', `zip_code` = '33604', `reg_ip` = '47.205.26.9', `status` = 1, `package_id` = 1, `rank_id` = 1, `highest_rank` = 1, `created` = '2024-08-28 01:55:16', `google_secret` = 'C7FVYXHIB7M4RGN7'
WHERE `uid` = '2167';
INSERT INTO `user_registration` (`uid`, `user_id`, `username`, `sponsor_id`, `placement_id`, `vacant`, `f_name`, `l_name`, `address`, `position`, `email`, `password`, `phone`, `reg_ip`, `status`, `created`) VALUES (NULL, 'GODERQ', 'QlcEvsZB', '87B7KI', '87B7KI', 'yes', '', '', '', 'left', '@mail.com', '', '', '', 0, '2024-08-28 01:55:16');
INSERT INTO `user_registration` (`uid`, `user_id`, `username`, `sponsor_id`, `placement_id`, `vacant`, `f_name`, `l_name`, `address`, `position`, `email`, `password`, `phone`, `reg_ip`, `status`, `created`) VALUES (NULL, 'PAHMXU', 'tdhTxNTa', '87B7KI', '87B7KI', 'yes', '', '', '', 'right', '@mail.com', '', '', '', 0, '2024-08-28 01:55:16');
INSERT INTO `bv_updation` (`user_id`) VALUES ('87B7KI');
UPDATE `user_registration` SET total_ref_count = total_ref_count+1
WHERE `user_id` = 'QA8H7K';
UPDATE `user_registration` SET total_downlines = total_downlines+1
WHERE `user_id` = '512ZIP';
UPDATE `user_registration` SET right_downlines = right_downlines+1
WHERE `user_id` = '512ZIP';
UPDATE `user_registration` SET total_downlines = total_downlines+1
WHERE `user_id` = 'NIBNEC';
UPDATE `user_registration` SET right_downlines = right_downlines+1
WHERE `user_id` = 'NIBNEC';
UPDATE `user_registration` SET total_downlines = total_downlines+1
WHERE `user_id` = '75UZB4';
UPDATE `user_registration` SET right_downlines = right_downlines+1
WHERE `user_id` = '75UZB4';
UPDATE `user_registration` SET total_downlines = total_downlines+1
WHERE `user_id` = 'VVGG3X';
UPDATE `user_registration` SET right_downlines = right_downlines+1
WHERE `user_id` = 'VVGG3X';
UPDATE `user_registration` SET total_downlines = total_downlines+1
WHERE `user_id` = 'HNS9A8';
UPDATE `user_registration` SET right_downlines = right_downlines+1
WHERE `user_id` = 'HNS9A8';
UPDATE `user_registration` SET total_downlines = total_downlines+1
WHERE `user_id` = 'R72IZI';
UPDATE `user_registration` SET right_downlines = right_downlines+1
WHERE `user_id` = 'R72IZI';
UPDATE `user_registration` SET total_downlines = total_downlines+1
WHERE `user_id` = 'PD3QPX';
UPDATE `user_registration` SET right_downlines = right_downlines+1
WHERE `user_id` = 'PD3QPX';
UPDATE `user_registration` SET total_downlines = total_downlines+1
WHERE `user_id` = 'HBSMS4';
UPDATE `user_registration` SET right_downlines = right_downlines+1
WHERE `user_id` = 'HBSMS4';
UPDATE `user_registration` SET total_downlines = total_downlines+1
WHERE `user_id` = 'LJNVDM';
UPDATE `user_registration` SET right_downlines = right_downlines+1
WHERE `user_id` = 'LJNVDM';
UPDATE `user_registration` SET total_downlines = total_downlines+1
WHERE `user_id` = 'CN2LFV';
UPDATE `user_registration` SET right_downlines = right_downlines+1
WHERE `user_id` = 'CN2LFV';
UPDATE `user_registration` SET total_downlines = total_downlines+1
WHERE `user_id` = 'RQMVUN';
UPDATE `user_registration` SET right_downlines = right_downlines+1
WHERE `user_id` = 'RQMVUN';
UPDATE `user_registration` SET total_downlines = total_downlines+1
WHERE `user_id` = '2IMQZU';
UPDATE `user_registration` SET right_downlines = right_downlines+1
WHERE `user_id` = '2IMQZU';
UPDATE `user_registration` SET total_downlines = total_downlines+1
WHERE `user_id` = 'JG24WL';
UPDATE `user_registration` SET right_downlines = right_downlines+1
WHERE `user_id` = 'JG24WL';
UPDATE `user_registration` SET total_downlines = total_downlines+1
WHERE `user_id` = 'LRU3QN';
UPDATE `user_registration` SET right_downlines = right_downlines+1
WHERE `user_id` = 'LRU3QN';
UPDATE `user_registration` SET total_downlines = total_downlines+1
WHERE `user_id` = '8T4E5T';
UPDATE `user_registration` SET right_downlines = right_downlines+1
WHERE `user_id` = '8T4E5T';
UPDATE `user_registration` SET total_downlines = total_downlines+1
WHERE `user_id` = 'ODRN5Y';
UPDATE `user_registration` SET right_downlines = right_downlines+1
WHERE `user_id` = 'ODRN5Y';
UPDATE `user_registration` SET total_downlines = total_downlines+1
WHERE `user_id` = 'ARKMZW';
UPDATE `user_registration` SET right_downlines = right_downlines+1
WHERE `user_id` = 'ARKMZW';
UPDATE `user_registration` SET total_downlines = total_downlines+1
WHERE `user_id` = 'PPK6PM';
UPDATE `user_registration` SET right_downlines = right_downlines+1
WHERE `user_id` = 'PPK6PM';
UPDATE `user_registration` SET total_downlines = total_downlines+1
WHERE `user_id` = 'L8GRV3';
UPDATE `user_registration` SET right_downlines = right_downlines+1
WHERE `user_id` = 'L8GRV3';
UPDATE `user_registration` SET total_downlines = total_downlines+1
WHERE `user_id` = '5SFJ8K';
UPDATE `user_registration` SET right_downlines = right_downlines+1
WHERE `user_id` = '5SFJ8K';
UPDATE `user_registration` SET total_downlines = total_downlines+1
WHERE `user_id` = 'QA8H7K';
UPDATE `user_registration` SET right_downlines = right_downlines+1
WHERE `user_id` = 'QA8H7K';
UPDATE `user_registration` SET right_ref_count = right_ref_count+1
WHERE `user_id` = 'QA8H7K';
UPDATE `user_registration` SET active_right = active_right+1
WHERE `user_id` = 'QA8H7K';
UPDATE `user_registration` SET `binary_qualified` = 'yes'
WHERE `user_id` = 'QA8H7K';
UPDATE `user_registration` SET total_downlines = total_downlines+1
WHERE `user_id` = 'XUNLL5';
UPDATE `user_registration` SET right_downlines = right_downlines+1
WHERE `user_id` = 'XUNLL5';
UPDATE `user_registration` SET total_downlines = total_downlines+1
WHERE `user_id` = 'admin';
UPDATE `user_registration` SET left_downlines = left_downlines+1
WHERE `user_id` = 'admin';
INSERT INTO `earnings` (`user_id`, `Purchaser_id`, `earning_type`, `package_id`, `amount`, `date`, `comments`, `invest_amount`, `comm_perc`, `level`) VALUES ('QA8H7K', '87B7KI', 'Direct Referral Bonus', 0, '300', '2024-08-28 01:55:16', 'Direct Referral Bonus', 0, 0, 1);
UPDATE `user_registration` SET commission_balance = ROUND(commission_balance + 300,2)
WHERE `user_id` = 'QA8H7K';
UPDATE `bv_updation` SET right_carry = right_carry+250, total_right = total_right+250
WHERE `user_id` = '512ZIP';
INSERT INTO `placement_bv_update_history` (`right_carry`, `date`, `from_id`, `user_id`) VALUES (250, '2024-08-28 01:55:16', '87B7KI', '512ZIP');
UPDATE `bv_updation` SET right_carry = right_carry+250, total_right = total_right+250
WHERE `user_id` = 'NIBNEC';
INSERT INTO `placement_bv_update_history` (`right_carry`, `date`, `from_id`, `user_id`) VALUES (250, '2024-08-28 01:55:16', '87B7KI', 'NIBNEC');
UPDATE `bv_updation` SET right_carry = right_carry+250, total_right = total_right+250
WHERE `user_id` = '75UZB4';
INSERT INTO `placement_bv_update_history` (`right_carry`, `date`, `from_id`, `user_id`) VALUES (250, '2024-08-28 01:55:16', '87B7KI', '75UZB4');
UPDATE `bv_updation` SET right_carry = right_carry+250, total_right = total_right+250
WHERE `user_id` = 'VVGG3X';
INSERT INTO `placement_bv_update_history` (`right_carry`, `date`, `from_id`, `user_id`) VALUES (250, '2024-08-28 01:55:16', '87B7KI', 'VVGG3X');
UPDATE `bv_updation` SET right_carry = right_carry+250, total_right = total_right+250
WHERE `user_id` = 'HNS9A8';
INSERT INTO `placement_bv_update_history` (`right_carry`, `date`, `from_id`, `user_id`) VALUES (250, '2024-08-28 01:55:16', '87B7KI', 'HNS9A8');
UPDATE `bv_updation` SET right_carry = right_carry+250, total_right = total_right+250
WHERE `user_id` = 'R72IZI';
INSERT INTO `placement_bv_update_history` (`right_carry`, `date`, `from_id`, `user_id`) VALUES (250, '2024-08-28 01:55:16', '87B7KI', 'R72IZI');
UPDATE `bv_updation` SET right_carry = right_carry+250, total_right = total_right+250
WHERE `user_id` = 'PD3QPX';
INSERT INTO `placement_bv_update_history` (`right_carry`, `date`, `from_id`, `user_id`) VALUES (250, '2024-08-28 01:55:16', '87B7KI', 'PD3QPX');
UPDATE `bv_updation` SET right_carry = right_carry+250, total_right = total_right+250
WHERE `user_id` = 'HBSMS4';
INSERT INTO `placement_bv_update_history` (`right_carry`, `date`, `from_id`, `user_id`) VALUES (250, '2024-08-28 01:55:16', '87B7KI', 'HBSMS4');
UPDATE `bv_updation` SET right_carry = right_carry+250, total_right = total_right+250
WHERE `user_id` = 'LJNVDM';
INSERT INTO `placement_bv_update_history` (`right_carry`, `date`, `from_id`, `user_id`) VALUES (250, '2024-08-28 01:55:16', '87B7KI', 'LJNVDM');
UPDATE `bv_updation` SET right_carry = right_carry+250, total_right = total_right+250
WHERE `user_id` = 'CN2LFV';
INSERT INTO `placement_bv_update_history` (`right_carry`, `date`, `from_id`, `user_id`) VALUES (250, '2024-08-28 01:55:16', '87B7KI', 'CN2LFV');
UPDATE `bv_updation` SET right_carry = right_carry+250, total_right = total_right+250
WHERE `user_id` = 'RQMVUN';
INSERT INTO `placement_bv_update_history` (`right_carry`, `date`, `from_id`, `user_id`) VALUES (250, '2024-08-28 01:55:16', '87B7KI', 'RQMVUN');
UPDATE `bv_updation` SET right_carry = right_carry+250, total_right = total_right+250
WHERE `user_id` = '2IMQZU';
INSERT INTO `placement_bv_update_history` (`right_carry`, `date`, `from_id`, `user_id`) VALUES (250, '2024-08-28 01:55:16', '87B7KI', '2IMQZU');
UPDATE `bv_updation` SET right_carry = right_carry+250, total_right = total_right+250
WHERE `user_id` = 'JG24WL';
INSERT INTO `placement_bv_update_history` (`right_carry`, `date`, `from_id`, `user_id`) VALUES (250, '2024-08-28 01:55:16', '87B7KI', 'JG24WL');
UPDATE `bv_updation` SET right_carry = right_carry+250, total_right = total_right+250
WHERE `user_id` = 'LRU3QN';
INSERT INTO `placement_bv_update_history` (`right_carry`, `date`, `from_id`, `user_id`) VALUES (250, '2024-08-28 01:55:16', '87B7KI', 'LRU3QN');
UPDATE `bv_updation` SET right_carry = right_carry+250, total_right = total_right+250
WHERE `user_id` = '8T4E5T';
INSERT INTO `placement_bv_update_history` (`right_carry`, `date`, `from_id`, `user_id`) VALUES (250, '2024-08-28 01:55:16', '87B7KI', '8T4E5T');
UPDATE `bv_updation` SET right_carry = right_carry+250, total_right = total_right+250
WHERE `user_id` = 'ODRN5Y';
INSERT INTO `placement_bv_update_history` (`right_carry`, `date`, `from_id`, `user_id`) VALUES (250, '2024-08-28 01:55:16', '87B7KI', 'ODRN5Y');
UPDATE `bv_updation` SET right_carry = right_carry+250, total_right = total_right+250
WHERE `user_id` = 'ARKMZW';
INSERT INTO `placement_bv_update_history` (`right_carry`, `date`, `from_id`, `user_id`) VALUES (250, '2024-08-28 01:55:16', '87B7KI', 'ARKMZW');
UPDATE `bv_updation` SET right_carry = right_carry+250, total_right = total_right+250
WHERE `user_id` = 'PPK6PM';
INSERT INTO `placement_bv_update_history` (`right_carry`, `date`, `from_id`, `user_id`) VALUES (250, '2024-08-28 01:55:16', '87B7KI', 'PPK6PM');
UPDATE `bv_updation` SET right_carry = right_carry+250, total_right = total_right+250
WHERE `user_id` = 'L8GRV3';
INSERT INTO `placement_bv_update_history` (`right_carry`, `date`, `from_id`, `user_id`) VALUES (250, '2024-08-28 01:55:16', '87B7KI', 'L8GRV3');
UPDATE `bv_updation` SET right_carry = right_carry+250, total_right = total_right+250
WHERE `user_id` = '5SFJ8K';
INSERT INTO `placement_bv_update_history` (`right_carry`, `date`, `from_id`, `user_id`) VALUES (250, '2024-08-28 01:55:16', '87B7KI', '5SFJ8K');
UPDATE `bv_updation` SET right_carry = right_carry+250, total_right = total_right+250
WHERE `user_id` = 'QA8H7K';
INSERT INTO `placement_bv_update_history` (`right_carry`, `date`, `from_id`, `user_id`) VALUES (250, '2024-08-28 01:55:16', '87B7KI', 'QA8H7K');
UPDATE `bv_updation` SET sponsor_right_carry = sponsor_right_carry+250, sponsor_total_right = sponsor_total_right+250
WHERE `user_id` = 'QA8H7K';
INSERT INTO `sponsor_bv_update_history` (`right_carry`, `date`, `user_id`) VALUES (250, '2024-08-28 01:55:16', 'QA8H7K');
UPDATE `bv_updation` SET right_carry = right_carry+250, total_right = total_right+250
WHERE `user_id` = 'XUNLL5';
INSERT INTO `placement_bv_update_history` (`right_carry`, `date`, `from_id`, `user_id`) VALUES (250, '2024-08-28 01:55:16', '87B7KI', 'XUNLL5');
UPDATE `bv_updation` SET left_carry = left_carry+250, total_left = total_left+250
WHERE `user_id` = 'admin';
INSERT INTO `placement_bv_update_history` (`left_carry`, `date`, `from_id`, `user_id`) VALUES (250, '2024-08-28 01:55:16', '87B7KI', 'admin');
UPDATE `ci_sessions` SET `timestamp` = 1724811199, `data` = '__ci_last_regenerate|i:1724811199;id|s:4:\"2039\";user_id|s:6:\"QA8H7K\";username|s:6:\"dayami\";sponsor_id|s:6:\"XUNLL5\";fullname|s:11:\"Dayami Leon\";email|s:23:\"anegociarfree@gmail.com\";phone|s:10:\"8139006115\";isLogIn|b:1;message|s:44:\"Your registration completed successfully...!\";__ci_vars|a:1:{s:7:\"message\";s:3:\"old\";}'
WHERE `id` = '21c0f2a95b4ad128ca025eab0e97f4ab928dd420';
UPDATE `user_registration` SET `popup_seen` = 'yes'
WHERE `user_id` = 'QA8H7K';
UPDATE `ci_sessions` SET `timestamp` = 1724811233, `data` = '__ci_last_regenerate|i:1724811233;id|s:4:\"2020\";user_id|s:6:\"XUNLL5\";username|s:7:\"roberto\";sponsor_id|s:5:\"admin\";fullname|s:17:\"ROBERTO Sotolongo\";email|s:20:\"sotolongor@gmail.com\";phone|s:10:\"7862107045\";isLogIn|b:1;'
WHERE `id` = '41b83396d6b392459b3282edcdb2c6a988771b36';
UPDATE `user_registration` SET `popup_seen` = 'yes'
WHERE `user_id` = 'XUNLL5';
UPDATE `user_registration` SET `popup_seen` = 'yes'
WHERE `user_id` = 'XUNLL5';
UPDATE `user_registration` SET `popup_seen` = 'yes'
WHERE `user_id` = 'XUNLL5';
UPDATE `user_registration` SET `popup_seen` = 'no'
WHERE `user_id` = 'XUNLL5';
DELETE FROM `ci_sessions`
WHERE `id` = 'ba776010c6531339fdba506f92eb6a9f06b31ff9';
UPDATE `user_registration` SET `popup_seen` = 'yes'
WHERE `user_id` = 'QA8H7K';
INSERT INTO `login_history` (`user_id`, `device`, `ip_address`, `date`) VALUES ('QA8H7K', 'Mozilla/5.0 (Windows NT 10.0; Win64; x64) AppleWebKit/537.36 (KHTML, like Gecko) Chrome/128.0.0.0 Safari/537.36 Edg/128.0.0.0', '76.108.39.65', '24-08-28 02:17');
UPDATE `user_registration` SET `popup_seen` = 'yes'
WHERE `user_id` = 'QA8H7K';
UPDATE `user_registration` SET `popup_seen` = 'yes'
WHERE `user_id` = 'QA8H7K';
UPDATE `user_registration` SET `popup_seen` = 'yes'
WHERE `user_id` = 'QA8H7K';
UPDATE `ci_sessions` SET `timestamp` = 1724811514, `data` = '__ci_last_regenerate|i:1724811514;id|s:4:\"2039\";user_id|s:6:\"QA8H7K\";username|s:6:\"dayami\";sponsor_id|s:6:\"XUNLL5\";fullname|s:11:\"Dayami Leon\";email|s:23:\"anegociarfree@gmail.com\";phone|s:10:\"8139006115\";isLogIn|b:1;'
WHERE `id` = '915a238a8ef5b720d15fb8267b10106adb4e630b';
UPDATE `user_registration` SET `popup_seen` = 'yes'
WHERE `user_id` = 'QA8H7K';
UPDATE `user_registration` SET `popup_seen` = 'yes'
WHERE `user_id` = 'QA8H7K';
UPDATE `user_registration` SET `popup_seen` = 'no'
WHERE `user_id` = 'QA8H7K';
DELETE FROM `ci_sessions`
WHERE `id` = '3adf7439ca1f984ad4922620dba05a885e5f28d2';
UPDATE `user_registration` SET `popup_seen` = 'yes'
WHERE `user_id` = 'QA8H7K';
INSERT INTO `login_history` (`user_id`, `device`, `ip_address`, `date`) VALUES ('XUNLL5', 'Mozilla/5.0 (Windows NT 10.0; Win64; x64) AppleWebKit/537.36 (KHTML, like Gecko) Chrome/128.0.0.0 Safari/537.36 Edg/128.0.0.0', '76.108.39.65', '24-08-28 02:20');
UPDATE `user_registration` SET `popup_seen` = 'yes'
WHERE `user_id` = 'XUNLL5';
UPDATE `ci_sessions` SET `timestamp` = 1724811861, `data` = '__ci_last_regenerate|i:1724811861;id|s:4:\"2039\";user_id|s:6:\"QA8H7K\";username|s:6:\"dayami\";sponsor_id|s:6:\"XUNLL5\";fullname|s:11:\"Dayami Leon\";email|s:23:\"anegociarfree@gmail.com\";phone|s:10:\"8139006115\";isLogIn|b:1;'
WHERE `id` = '705d31aa601f43a7c8fffc9e7b4ce2f175d93d60';
UPDATE `user_registration` SET `uid` = '2168', `user_id` = '63FR7S', `username` = 'urania', `sponsor_id` = 'QA8H7K', `vacant` = 'no', `f_name` = 'urania', `l_name` = 'a', `address` = '4900 n macdill ', `position` = 'left', `email` = 'urania@gmail.com', `password` = 'f121ce0c25d4132766112471e6f70e2d', `phone` = '8139710000', `country` = 'United States', `state` = 'Florida', `city` = 'tampa', `street` = '4900 n macdill ', `zip_code` = '33604', `reg_ip` = '47.205.26.9', `status` = 1, `package_id` = 1, `rank_id` = 1, `highest_rank` = 1, `created` = '2024-08-28 02:24:21', `google_secret` = 'F7IHELNT77NCMGJ5'
WHERE `uid` = '2168';
INSERT INTO `user_registration` (`uid`, `user_id`, `username`, `sponsor_id`, `placement_id`, `vacant`, `f_name`, `l_name`, `address`, `position`, `email`, `password`, `phone`, `reg_ip`, `status`, `created`) VALUES (NULL, 'GVELVE', 'pqAYooCC', '63FR7S', '63FR7S', 'yes', '', '', '', 'left', '@mail.com', '', '', '', 0, '2024-08-28 02:24:21');
INSERT INTO `user_registration` (`uid`, `user_id`, `username`, `sponsor_id`, `placement_id`, `vacant`, `f_name`, `l_name`, `address`, `position`, `email`, `password`, `phone`, `reg_ip`, `status`, `created`) VALUES (NULL, 'TCFWEH', 'LjBUXtoj', '63FR7S', '63FR7S', 'yes', '', '', '', 'right', '@mail.com', '', '', '', 0, '2024-08-28 02:24:21');
INSERT INTO `bv_updation` (`user_id`) VALUES ('63FR7S');
UPDATE `user_registration` SET total_ref_count = total_ref_count+1
WHERE `user_id` = 'QA8H7K';
UPDATE `user_registration` SET total_downlines = total_downlines+1
WHERE `user_id` = 'B93JTT';
UPDATE `user_registration` SET left_downlines = left_downlines+1
WHERE `user_id` = 'B93JTT';
UPDATE `user_registration` SET total_downlines = total_downlines+1
WHERE `user_id` = 'PZ49QY';
UPDATE `user_registration` SET left_downlines = left_downlines+1
WHERE `user_id` = 'PZ49QY';
UPDATE `user_registration` SET total_downlines = total_downlines+1
WHERE `user_id` = '3AIZ2W';
UPDATE `user_registration` SET left_downlines = left_downlines+1
WHERE `user_id` = '3AIZ2W';
UPDATE `user_registration` SET total_downlines = total_downlines+1
WHERE `user_id` = 'V51KB5';
UPDATE `user_registration` SET left_downlines = left_downlines+1
WHERE `user_id` = 'V51KB5';
UPDATE `user_registration` SET total_downlines = total_downlines+1
WHERE `user_id` = 'ESVC3F';
UPDATE `user_registration` SET left_downlines = left_downlines+1
WHERE `user_id` = 'ESVC3F';
UPDATE `user_registration` SET total_downlines = total_downlines+1
WHERE `user_id` = 'TY3WIO';
UPDATE `user_registration` SET left_downlines = left_downlines+1
WHERE `user_id` = 'TY3WIO';
UPDATE `user_registration` SET total_downlines = total_downlines+1
WHERE `user_id` = 'Z9O1HD';
UPDATE `user_registration` SET left_downlines = left_downlines+1
WHERE `user_id` = 'Z9O1HD';
UPDATE `user_registration` SET total_downlines = total_downlines+1
WHERE `user_id` = 'C94VNN';
UPDATE `user_registration` SET left_downlines = left_downlines+1
WHERE `user_id` = 'C94VNN';
UPDATE `user_registration` SET total_downlines = total_downlines+1
WHERE `user_id` = '5BAUA6';
UPDATE `user_registration` SET left_downlines = left_downlines+1
WHERE `user_id` = '5BAUA6';
UPDATE `user_registration` SET total_downlines = total_downlines+1
WHERE `user_id` = '1ZZMBZ';
UPDATE `user_registration` SET left_downlines = left_downlines+1
WHERE `user_id` = '1ZZMBZ';
UPDATE `user_registration` SET total_downlines = total_downlines+1
WHERE `user_id` = 'A9A5TF';
UPDATE `user_registration` SET left_downlines = left_downlines+1
WHERE `user_id` = 'A9A5TF';
UPDATE `user_registration` SET total_downlines = total_downlines+1
WHERE `user_id` = '728VX3';
UPDATE `user_registration` SET left_downlines = left_downlines+1
WHERE `user_id` = '728VX3';
UPDATE `user_registration` SET total_downlines = total_downlines+1
WHERE `user_id` = 'W81BAR';
UPDATE `user_registration` SET left_downlines = left_downlines+1
WHERE `user_id` = 'W81BAR';
UPDATE `user_registration` SET total_downlines = total_downlines+1
WHERE `user_id` = 'S6ZDZH';
UPDATE `user_registration` SET left_downlines = left_downlines+1
WHERE `user_id` = 'S6ZDZH';
UPDATE `user_registration` SET total_downlines = total_downlines+1
WHERE `user_id` = 'VAKBAC';
UPDATE `user_registration` SET left_downlines = left_downlines+1
WHERE `user_id` = 'VAKBAC';
UPDATE `user_registration` SET total_downlines = total_downlines+1
WHERE `user_id` = '18HAWU';
UPDATE `user_registration` SET left_downlines = left_downlines+1
WHERE `user_id` = '18HAWU';
UPDATE `user_registration` SET total_downlines = total_downlines+1
WHERE `user_id` = 'BUI4RR';
UPDATE `user_registration` SET left_downlines = left_downlines+1
WHERE `user_id` = 'BUI4RR';
UPDATE `user_registration` SET total_downlines = total_downlines+1
WHERE `user_id` = '1KMYWN';
UPDATE `user_registration` SET left_downlines = left_downlines+1
WHERE `user_id` = '1KMYWN';
UPDATE `user_registration` SET total_downlines = total_downlines+1
WHERE `user_id` = '28ZKDZ';
UPDATE `user_registration` SET left_downlines = left_downlines+1
WHERE `user_id` = '28ZKDZ';
UPDATE `user_registration` SET total_downlines = total_downlines+1
WHERE `user_id` = '348AOL';
UPDATE `user_registration` SET left_downlines = left_downlines+1
WHERE `user_id` = '348AOL';
UPDATE `user_registration` SET total_downlines = total_downlines+1
WHERE `user_id` = 'QA8H7K';
UPDATE `user_registration` SET left_downlines = left_downlines+1
WHERE `user_id` = 'QA8H7K';
UPDATE `user_registration` SET left_ref_count = left_ref_count+1
WHERE `user_id` = 'QA8H7K';
UPDATE `user_registration` SET active_left = active_left+1
WHERE `user_id` = 'QA8H7K';
UPDATE `user_registration` SET `binary_qualified` = 'yes'
WHERE `user_id` = 'QA8H7K';
UPDATE `user_registration` SET total_downlines = total_downlines+1
WHERE `user_id` = 'XUNLL5';
UPDATE `user_registration` SET right_downlines = right_downlines+1
WHERE `user_id` = 'XUNLL5';
UPDATE `user_registration` SET total_downlines = total_downlines+1
WHERE `user_id` = 'admin';
UPDATE `user_registration` SET left_downlines = left_downlines+1
WHERE `user_id` = 'admin';
INSERT INTO `earnings` (`user_id`, `Purchaser_id`, `earning_type`, `package_id`, `amount`, `date`, `comments`, `invest_amount`, `comm_perc`, `level`) VALUES ('QA8H7K', '63FR7S', 'Direct Referral Bonus', 0, '300', '2024-08-28 02:24:21', 'Direct Referral Bonus', 0, 0, 1);
UPDATE `user_registration` SET commission_balance = ROUND(commission_balance + 300,2)
WHERE `user_id` = 'QA8H7K';
UPDATE `bv_updation` SET left_carry = left_carry+250, total_left = total_left+250
WHERE `user_id` = 'B93JTT';
INSERT INTO `placement_bv_update_history` (`left_carry`, `date`, `from_id`, `user_id`) VALUES (250, '2024-08-28 02:24:21', '63FR7S', 'B93JTT');
UPDATE `bv_updation` SET left_carry = left_carry+250, total_left = total_left+250
WHERE `user_id` = 'PZ49QY';
INSERT INTO `placement_bv_update_history` (`left_carry`, `date`, `from_id`, `user_id`) VALUES (250, '2024-08-28 02:24:21', '63FR7S', 'PZ49QY');
UPDATE `bv_updation` SET left_carry = left_carry+250, total_left = total_left+250
WHERE `user_id` = '3AIZ2W';
INSERT INTO `placement_bv_update_history` (`left_carry`, `date`, `from_id`, `user_id`) VALUES (250, '2024-08-28 02:24:21', '63FR7S', '3AIZ2W');
UPDATE `bv_updation` SET left_carry = left_carry+250, total_left = total_left+250
WHERE `user_id` = 'V51KB5';
INSERT INTO `placement_bv_update_history` (`left_carry`, `date`, `from_id`, `user_id`) VALUES (250, '2024-08-28 02:24:21', '63FR7S', 'V51KB5');
UPDATE `bv_updation` SET left_carry = left_carry+250, total_left = total_left+250
WHERE `user_id` = 'ESVC3F';
INSERT INTO `placement_bv_update_history` (`left_carry`, `date`, `from_id`, `user_id`) VALUES (250, '2024-08-28 02:24:21', '63FR7S', 'ESVC3F');
UPDATE `bv_updation` SET left_carry = left_carry+250, total_left = total_left+250
WHERE `user_id` = 'TY3WIO';
INSERT INTO `placement_bv_update_history` (`left_carry`, `date`, `from_id`, `user_id`) VALUES (250, '2024-08-28 02:24:21', '63FR7S', 'TY3WIO');
UPDATE `bv_updation` SET left_carry = left_carry+250, total_left = total_left+250
WHERE `user_id` = 'Z9O1HD';
INSERT INTO `placement_bv_update_history` (`left_carry`, `date`, `from_id`, `user_id`) VALUES (250, '2024-08-28 02:24:21', '63FR7S', 'Z9O1HD');
UPDATE `bv_updation` SET left_carry = left_carry+250, total_left = total_left+250
WHERE `user_id` = 'C94VNN';
INSERT INTO `placement_bv_update_history` (`left_carry`, `date`, `from_id`, `user_id`) VALUES (250, '2024-08-28 02:24:21', '63FR7S', 'C94VNN');
UPDATE `bv_updation` SET left_carry = left_carry+250, total_left = total_left+250
WHERE `user_id` = '5BAUA6';
INSERT INTO `placement_bv_update_history` (`left_carry`, `date`, `from_id`, `user_id`) VALUES (250, '2024-08-28 02:24:21', '63FR7S', '5BAUA6');
UPDATE `bv_updation` SET left_carry = left_carry+250, total_left = total_left+250
WHERE `user_id` = '1ZZMBZ';
INSERT INTO `placement_bv_update_history` (`left_carry`, `date`, `from_id`, `user_id`) VALUES (250, '2024-08-28 02:24:21', '63FR7S', '1ZZMBZ');
UPDATE `bv_updation` SET left_carry = left_carry+250, total_left = total_left+250
WHERE `user_id` = 'A9A5TF';
INSERT INTO `placement_bv_update_history` (`left_carry`, `date`, `from_id`, `user_id`) VALUES (250, '2024-08-28 02:24:21', '63FR7S', 'A9A5TF');
UPDATE `bv_updation` SET left_carry = left_carry+250, total_left = total_left+250
WHERE `user_id` = '728VX3';
INSERT INTO `placement_bv_update_history` (`left_carry`, `date`, `from_id`, `user_id`) VALUES (250, '2024-08-28 02:24:21', '63FR7S', '728VX3');
UPDATE `bv_updation` SET left_carry = left_carry+250, total_left = total_left+250
WHERE `user_id` = 'W81BAR';
INSERT INTO `placement_bv_update_history` (`left_carry`, `date`, `from_id`, `user_id`) VALUES (250, '2024-08-28 02:24:21', '63FR7S', 'W81BAR');
UPDATE `bv_updation` SET left_carry = left_carry+250, total_left = total_left+250
WHERE `user_id` = 'S6ZDZH';
INSERT INTO `placement_bv_update_history` (`left_carry`, `date`, `from_id`, `user_id`) VALUES (250, '2024-08-28 02:24:21', '63FR7S', 'S6ZDZH');
UPDATE `bv_updation` SET left_carry = left_carry+250, total_left = total_left+250
WHERE `user_id` = 'VAKBAC';
INSERT INTO `placement_bv_update_history` (`left_carry`, `date`, `from_id`, `user_id`) VALUES (250, '2024-08-28 02:24:21', '63FR7S', 'VAKBAC');
UPDATE `bv_updation` SET left_carry = left_carry+250, total_left = total_left+250
WHERE `user_id` = '18HAWU';
INSERT INTO `placement_bv_update_history` (`left_carry`, `date`, `from_id`, `user_id`) VALUES (250, '2024-08-28 02:24:21', '63FR7S', '18HAWU');
UPDATE `bv_updation` SET left_carry = left_carry+250, total_left = total_left+250
WHERE `user_id` = 'BUI4RR';
INSERT INTO `placement_bv_update_history` (`left_carry`, `date`, `from_id`, `user_id`) VALUES (250, '2024-08-28 02:24:21', '63FR7S', 'BUI4RR');
UPDATE `bv_updation` SET left_carry = left_carry+250, total_left = total_left+250
WHERE `user_id` = '1KMYWN';
INSERT INTO `placement_bv_update_history` (`left_carry`, `date`, `from_id`, `user_id`) VALUES (250, '2024-08-28 02:24:21', '63FR7S', '1KMYWN');
UPDATE `bv_updation` SET left_carry = left_carry+250, total_left = total_left+250
WHERE `user_id` = '28ZKDZ';
INSERT INTO `placement_bv_update_history` (`left_carry`, `date`, `from_id`, `user_id`) VALUES (250, '2024-08-28 02:24:21', '63FR7S', '28ZKDZ');
UPDATE `bv_updation` SET left_carry = left_carry+250, total_left = total_left+250
WHERE `user_id` = '348AOL';
INSERT INTO `placement_bv_update_history` (`left_carry`, `date`, `from_id`, `user_id`) VALUES (250, '2024-08-28 02:24:21', '63FR7S', '348AOL');
UPDATE `bv_updation` SET left_carry = left_carry+250, total_left = total_left+250
WHERE `user_id` = 'QA8H7K';
INSERT INTO `placement_bv_update_history` (`left_carry`, `date`, `from_id`, `user_id`) VALUES (250, '2024-08-28 02:24:21', '63FR7S', 'QA8H7K');
UPDATE `bv_updation` SET sponsor_left_carry = sponsor_left_carry+250, sponsor_total_left = sponsor_total_left+250
WHERE `user_id` = 'QA8H7K';
INSERT INTO `sponsor_bv_update_history` (`left_carry`, `date`, `user_id`) VALUES (250, '2024-08-28 02:24:21', 'QA8H7K');
UPDATE `bv_updation` SET right_carry = right_carry+250, total_right = total_right+250
WHERE `user_id` = 'XUNLL5';
INSERT INTO `placement_bv_update_history` (`right_carry`, `date`, `from_id`, `user_id`) VALUES (250, '2024-08-28 02:24:21', '63FR7S', 'XUNLL5');
UPDATE `bv_updation` SET left_carry = left_carry+250, total_left = total_left+250
WHERE `user_id` = 'admin';
INSERT INTO `placement_bv_update_history` (`left_carry`, `date`, `from_id`, `user_id`) VALUES (250, '2024-08-28 02:24:21', '63FR7S', 'admin');
UPDATE `user_registration` SET `uid` = '2171', `user_id` = 'PZV3JY', `username` = 'victorh', `sponsor_id` = 'QA8H7K', `vacant` = 'no', `f_name` = 'victor', `l_name` = 'h', `address` = '4900 n macdill ', `position` = 'right', `email` = 'victorh@gmail.com', `password` = 'f121ce0c25d4132766112471e6f70e2d', `phone` = '8139710000', `country` = 'United States', `state` = 'Florida', `city` = 'tampa', `street` = '4900 n macdill ', `zip_code` = '33604', `reg_ip` = '47.205.26.9', `status` = 1, `package_id` = 1, `rank_id` = 1, `highest_rank` = 1, `created` = '2024-08-28 02:25:47', `google_secret` = 'DXOPKPXNXVWWZKVG'
WHERE `uid` = '2171';
INSERT INTO `user_registration` (`uid`, `user_id`, `username`, `sponsor_id`, `placement_id`, `vacant`, `f_name`, `l_name`, `address`, `position`, `email`, `password`, `phone`, `reg_ip`, `status`, `created`) VALUES (NULL, 'YZTAPV', 'TDsNPJrI', 'PZV3JY', 'PZV3JY', 'yes', '', '', '', 'left', '@mail.com', '', '', '', 0, '2024-08-28 02:25:47');
INSERT INTO `user_registration` (`uid`, `user_id`, `username`, `sponsor_id`, `placement_id`, `vacant`, `f_name`, `l_name`, `address`, `position`, `email`, `password`, `phone`, `reg_ip`, `status`, `created`) VALUES (NULL, 'ENUIXT', 'LEYfhbaZ', 'PZV3JY', 'PZV3JY', 'yes', '', '', '', 'right', '@mail.com', '', '', '', 0, '2024-08-28 02:25:47');
INSERT INTO `bv_updation` (`user_id`) VALUES ('PZV3JY');
UPDATE `user_registration` SET total_ref_count = total_ref_count+1
WHERE `user_id` = 'QA8H7K';
UPDATE `user_registration` SET total_downlines = total_downlines+1
WHERE `user_id` = '87B7KI';
UPDATE `user_registration` SET right_downlines = right_downlines+1
WHERE `user_id` = '87B7KI';
UPDATE `user_registration` SET total_downlines = total_downlines+1
WHERE `user_id` = '512ZIP';
UPDATE `user_registration` SET right_downlines = right_downlines+1
WHERE `user_id` = '512ZIP';
UPDATE `user_registration` SET total_downlines = total_downlines+1
WHERE `user_id` = 'NIBNEC';
UPDATE `user_registration` SET right_downlines = right_downlines+1
WHERE `user_id` = 'NIBNEC';
UPDATE `user_registration` SET total_downlines = total_downlines+1
WHERE `user_id` = '75UZB4';
UPDATE `user_registration` SET right_downlines = right_downlines+1
WHERE `user_id` = '75UZB4';
UPDATE `user_registration` SET total_downlines = total_downlines+1
WHERE `user_id` = 'VVGG3X';
UPDATE `user_registration` SET right_downlines = right_downlines+1
WHERE `user_id` = 'VVGG3X';
UPDATE `user_registration` SET total_downlines = total_downlines+1
WHERE `user_id` = 'HNS9A8';
UPDATE `user_registration` SET right_downlines = right_downlines+1
WHERE `user_id` = 'HNS9A8';
UPDATE `user_registration` SET total_downlines = total_downlines+1
WHERE `user_id` = 'R72IZI';
UPDATE `user_registration` SET right_downlines = right_downlines+1
WHERE `user_id` = 'R72IZI';
UPDATE `user_registration` SET total_downlines = total_downlines+1
WHERE `user_id` = 'PD3QPX';
UPDATE `user_registration` SET right_downlines = right_downlines+1
WHERE `user_id` = 'PD3QPX';
UPDATE `user_registration` SET total_downlines = total_downlines+1
WHERE `user_id` = 'HBSMS4';
UPDATE `user_registration` SET right_downlines = right_downlines+1
WHERE `user_id` = 'HBSMS4';
UPDATE `user_registration` SET total_downlines = total_downlines+1
WHERE `user_id` = 'LJNVDM';
UPDATE `user_registration` SET right_downlines = right_downlines+1
WHERE `user_id` = 'LJNVDM';
UPDATE `user_registration` SET total_downlines = total_downlines+1
WHERE `user_id` = 'CN2LFV';
UPDATE `user_registration` SET right_downlines = right_downlines+1
WHERE `user_id` = 'CN2LFV';
UPDATE `user_registration` SET total_downlines = total_downlines+1
WHERE `user_id` = 'RQMVUN';
UPDATE `user_registration` SET right_downlines = right_downlines+1
WHERE `user_id` = 'RQMVUN';
UPDATE `user_registration` SET total_downlines = total_downlines+1
WHERE `user_id` = '2IMQZU';
UPDATE `user_registration` SET right_downlines = right_downlines+1
WHERE `user_id` = '2IMQZU';
UPDATE `user_registration` SET total_downlines = total_downlines+1
WHERE `user_id` = 'JG24WL';
UPDATE `user_registration` SET right_downlines = right_downlines+1
WHERE `user_id` = 'JG24WL';
UPDATE `user_registration` SET total_downlines = total_downlines+1
WHERE `user_id` = 'LRU3QN';
UPDATE `user_registration` SET right_downlines = right_downlines+1
WHERE `user_id` = 'LRU3QN';
UPDATE `user_registration` SET total_downlines = total_downlines+1
WHERE `user_id` = '8T4E5T';
UPDATE `user_registration` SET right_downlines = right_downlines+1
WHERE `user_id` = '8T4E5T';
UPDATE `user_registration` SET total_downlines = total_downlines+1
WHERE `user_id` = 'ODRN5Y';
UPDATE `user_registration` SET right_downlines = right_downlines+1
WHERE `user_id` = 'ODRN5Y';
UPDATE `user_registration` SET total_downlines = total_downlines+1
WHERE `user_id` = 'ARKMZW';
UPDATE `user_registration` SET right_downlines = right_downlines+1
WHERE `user_id` = 'ARKMZW';
UPDATE `user_registration` SET total_downlines = total_downlines+1
WHERE `user_id` = 'PPK6PM';
UPDATE `user_registration` SET right_downlines = right_downlines+1
WHERE `user_id` = 'PPK6PM';
UPDATE `user_registration` SET total_downlines = total_downlines+1
WHERE `user_id` = 'L8GRV3';
UPDATE `user_registration` SET right_downlines = right_downlines+1
WHERE `user_id` = 'L8GRV3';
UPDATE `user_registration` SET total_downlines = total_downlines+1
WHERE `user_id` = '5SFJ8K';
UPDATE `user_registration` SET right_downlines = right_downlines+1
WHERE `user_id` = '5SFJ8K';
UPDATE `user_registration` SET total_downlines = total_downlines+1
WHERE `user_id` = 'QA8H7K';
UPDATE `user_registration` SET right_downlines = right_downlines+1
WHERE `user_id` = 'QA8H7K';
UPDATE `user_registration` SET right_ref_count = right_ref_count+1
WHERE `user_id` = 'QA8H7K';
UPDATE `user_registration` SET active_right = active_right+1
WHERE `user_id` = 'QA8H7K';
UPDATE `user_registration` SET `binary_qualified` = 'yes'
WHERE `user_id` = 'QA8H7K';
UPDATE `user_registration` SET total_downlines = total_downlines+1
WHERE `user_id` = 'XUNLL5';
UPDATE `user_registration` SET right_downlines = right_downlines+1
WHERE `user_id` = 'XUNLL5';
UPDATE `user_registration` SET total_downlines = total_downlines+1
WHERE `user_id` = 'admin';
UPDATE `user_registration` SET left_downlines = left_downlines+1
WHERE `user_id` = 'admin';
INSERT INTO `earnings` (`user_id`, `Purchaser_id`, `earning_type`, `package_id`, `amount`, `date`, `comments`, `invest_amount`, `comm_perc`, `level`) VALUES ('QA8H7K', 'PZV3JY', 'Direct Referral Bonus', 0, '300', '2024-08-28 02:25:47', 'Direct Referral Bonus', 0, 0, 1);
UPDATE `user_registration` SET commission_balance = ROUND(commission_balance + 300,2)
WHERE `user_id` = 'QA8H7K';
UPDATE `bv_updation` SET right_carry = right_carry+250, total_right = total_right+250
WHERE `user_id` = '87B7KI';
INSERT INTO `placement_bv_update_history` (`right_carry`, `date`, `from_id`, `user_id`) VALUES (250, '2024-08-28 02:25:47', 'PZV3JY', '87B7KI');
UPDATE `bv_updation` SET right_carry = right_carry+250, total_right = total_right+250
WHERE `user_id` = '512ZIP';
INSERT INTO `placement_bv_update_history` (`right_carry`, `date`, `from_id`, `user_id`) VALUES (250, '2024-08-28 02:25:47', 'PZV3JY', '512ZIP');
UPDATE `bv_updation` SET right_carry = right_carry+250, total_right = total_right+250
WHERE `user_id` = 'NIBNEC';
INSERT INTO `placement_bv_update_history` (`right_carry`, `date`, `from_id`, `user_id`) VALUES (250, '2024-08-28 02:25:47', 'PZV3JY', 'NIBNEC');
UPDATE `bv_updation` SET right_carry = right_carry+250, total_right = total_right+250
WHERE `user_id` = '75UZB4';
INSERT INTO `placement_bv_update_history` (`right_carry`, `date`, `from_id`, `user_id`) VALUES (250, '2024-08-28 02:25:47', 'PZV3JY', '75UZB4');
UPDATE `bv_updation` SET right_carry = right_carry+250, total_right = total_right+250
WHERE `user_id` = 'VVGG3X';
INSERT INTO `placement_bv_update_history` (`right_carry`, `date`, `from_id`, `user_id`) VALUES (250, '2024-08-28 02:25:47', 'PZV3JY', 'VVGG3X');
UPDATE `bv_updation` SET right_carry = right_carry+250, total_right = total_right+250
WHERE `user_id` = 'HNS9A8';
INSERT INTO `placement_bv_update_history` (`right_carry`, `date`, `from_id`, `user_id`) VALUES (250, '2024-08-28 02:25:47', 'PZV3JY', 'HNS9A8');
UPDATE `bv_updation` SET right_carry = right_carry+250, total_right = total_right+250
WHERE `user_id` = 'R72IZI';
INSERT INTO `placement_bv_update_history` (`right_carry`, `date`, `from_id`, `user_id`) VALUES (250, '2024-08-28 02:25:47', 'PZV3JY', 'R72IZI');
UPDATE `bv_updation` SET right_carry = right_carry+250, total_right = total_right+250
WHERE `user_id` = 'PD3QPX';
INSERT INTO `placement_bv_update_history` (`right_carry`, `date`, `from_id`, `user_id`) VALUES (250, '2024-08-28 02:25:47', 'PZV3JY', 'PD3QPX');
UPDATE `bv_updation` SET right_carry = right_carry+250, total_right = total_right+250
WHERE `user_id` = 'HBSMS4';
INSERT INTO `placement_bv_update_history` (`right_carry`, `date`, `from_id`, `user_id`) VALUES (250, '2024-08-28 02:25:47', 'PZV3JY', 'HBSMS4');
UPDATE `bv_updation` SET right_carry = right_carry+250, total_right = total_right+250
WHERE `user_id` = 'LJNVDM';
INSERT INTO `placement_bv_update_history` (`right_carry`, `date`, `from_id`, `user_id`) VALUES (250, '2024-08-28 02:25:47', 'PZV3JY', 'LJNVDM');
UPDATE `bv_updation` SET right_carry = right_carry+250, total_right = total_right+250
WHERE `user_id` = 'CN2LFV';
INSERT INTO `placement_bv_update_history` (`right_carry`, `date`, `from_id`, `user_id`) VALUES (250, '2024-08-28 02:25:47', 'PZV3JY', 'CN2LFV');
UPDATE `bv_updation` SET right_carry = right_carry+250, total_right = total_right+250
WHERE `user_id` = 'RQMVUN';
INSERT INTO `placement_bv_update_history` (`right_carry`, `date`, `from_id`, `user_id`) VALUES (250, '2024-08-28 02:25:47', 'PZV3JY', 'RQMVUN');
UPDATE `bv_updation` SET right_carry = right_carry+250, total_right = total_right+250
WHERE `user_id` = '2IMQZU';
INSERT INTO `placement_bv_update_history` (`right_carry`, `date`, `from_id`, `user_id`) VALUES (250, '2024-08-28 02:25:47', 'PZV3JY', '2IMQZU');
UPDATE `bv_updation` SET right_carry = right_carry+250, total_right = total_right+250
WHERE `user_id` = 'JG24WL';
INSERT INTO `placement_bv_update_history` (`right_carry`, `date`, `from_id`, `user_id`) VALUES (250, '2024-08-28 02:25:47', 'PZV3JY', 'JG24WL');
UPDATE `bv_updation` SET right_carry = right_carry+250, total_right = total_right+250
WHERE `user_id` = 'LRU3QN';
INSERT INTO `placement_bv_update_history` (`right_carry`, `date`, `from_id`, `user_id`) VALUES (250, '2024-08-28 02:25:47', 'PZV3JY', 'LRU3QN');
UPDATE `bv_updation` SET right_carry = right_carry+250, total_right = total_right+250
WHERE `user_id` = '8T4E5T';
INSERT INTO `placement_bv_update_history` (`right_carry`, `date`, `from_id`, `user_id`) VALUES (250, '2024-08-28 02:25:47', 'PZV3JY', '8T4E5T');
UPDATE `bv_updation` SET right_carry = right_carry+250, total_right = total_right+250
WHERE `user_id` = 'ODRN5Y';
INSERT INTO `placement_bv_update_history` (`right_carry`, `date`, `from_id`, `user_id`) VALUES (250, '2024-08-28 02:25:47', 'PZV3JY', 'ODRN5Y');
UPDATE `bv_updation` SET right_carry = right_carry+250, total_right = total_right+250
WHERE `user_id` = 'ARKMZW';
INSERT INTO `placement_bv_update_history` (`right_carry`, `date`, `from_id`, `user_id`) VALUES (250, '2024-08-28 02:25:47', 'PZV3JY', 'ARKMZW');
UPDATE `bv_updation` SET right_carry = right_carry+250, total_right = total_right+250
WHERE `user_id` = 'PPK6PM';
INSERT INTO `placement_bv_update_history` (`right_carry`, `date`, `from_id`, `user_id`) VALUES (250, '2024-08-28 02:25:47', 'PZV3JY', 'PPK6PM');
UPDATE `bv_updation` SET right_carry = right_carry+250, total_right = total_right+250
WHERE `user_id` = 'L8GRV3';
INSERT INTO `placement_bv_update_history` (`right_carry`, `date`, `from_id`, `user_id`) VALUES (250, '2024-08-28 02:25:47', 'PZV3JY', 'L8GRV3');
UPDATE `bv_updation` SET right_carry = right_carry+250, total_right = total_right+250
WHERE `user_id` = '5SFJ8K';
INSERT INTO `placement_bv_update_history` (`right_carry`, `date`, `from_id`, `user_id`) VALUES (250, '2024-08-28 02:25:47', 'PZV3JY', '5SFJ8K');
UPDATE `bv_updation` SET right_carry = right_carry+250, total_right = total_right+250
WHERE `user_id` = 'QA8H7K';
INSERT INTO `placement_bv_update_history` (`right_carry`, `date`, `from_id`, `user_id`) VALUES (250, '2024-08-28 02:25:47', 'PZV3JY', 'QA8H7K');
UPDATE `bv_updation` SET sponsor_right_carry = sponsor_right_carry+250, sponsor_total_right = sponsor_total_right+250
WHERE `user_id` = 'QA8H7K';
INSERT INTO `sponsor_bv_update_history` (`right_carry`, `date`, `user_id`) VALUES (250, '2024-08-28 02:25:47', 'QA8H7K');
UPDATE `bv_updation` SET right_carry = right_carry+250, total_right = total_right+250
WHERE `user_id` = 'XUNLL5';
INSERT INTO `placement_bv_update_history` (`right_carry`, `date`, `from_id`, `user_id`) VALUES (250, '2024-08-28 02:25:47', 'PZV3JY', 'XUNLL5');
UPDATE `bv_updation` SET left_carry = left_carry+250, total_left = total_left+250
WHERE `user_id` = 'admin';
INSERT INTO `placement_bv_update_history` (`left_carry`, `date`, `from_id`, `user_id`) VALUES (250, '2024-08-28 02:25:47', 'PZV3JY', 'admin');
UPDATE `user_registration` SET `popup_seen` = 'yes'
WHERE `user_id` = 'QA8H7K';
UPDATE `user_registration` SET `uid` = '2172', `user_id` = 'U7289T', `username` = 'rene', `sponsor_id` = 'QA8H7K', `vacant` = 'no', `f_name` = 'rene', `l_name` = 'r', `address` = '4900 n macdill ', `position` = 'left', `email` = 'rene@gmail.com', `password` = 'f121ce0c25d4132766112471e6f70e2d', `phone` = '8139710000', `country` = 'United States', `state` = 'Florida', `city` = 'tampa', `street` = '4900 n macdill ', `zip_code` = '33604', `reg_ip` = '47.205.26.9', `status` = 1, `package_id` = 1, `rank_id` = 1, `highest_rank` = 1, `created` = '2024-08-28 02:28:04', `google_secret` = 'XIFYXARRPXOGCH3Y'
WHERE `uid` = '2172';
INSERT INTO `user_registration` (`uid`, `user_id`, `username`, `sponsor_id`, `placement_id`, `vacant`, `f_name`, `l_name`, `address`, `position`, `email`, `password`, `phone`, `reg_ip`, `status`, `created`) VALUES (NULL, 'QYHORA', 'fFJtOzxB', 'U7289T', 'U7289T', 'yes', '', '', '', 'left', '@mail.com', '', '', '', 0, '2024-08-28 02:28:04');
INSERT INTO `user_registration` (`uid`, `user_id`, `username`, `sponsor_id`, `placement_id`, `vacant`, `f_name`, `l_name`, `address`, `position`, `email`, `password`, `phone`, `reg_ip`, `status`, `created`) VALUES (NULL, 'GXHYVK', 'BhZJSeyj', 'U7289T', 'U7289T', 'yes', '', '', '', 'right', '@mail.com', '', '', '', 0, '2024-08-28 02:28:04');
INSERT INTO `bv_updation` (`user_id`) VALUES ('U7289T');
UPDATE `user_registration` SET total_ref_count = total_ref_count+1
WHERE `user_id` = 'QA8H7K';
UPDATE `user_registration` SET total_downlines = total_downlines+1
WHERE `user_id` = '63FR7S';
UPDATE `user_registration` SET left_downlines = left_downlines+1
WHERE `user_id` = '63FR7S';
UPDATE `user_registration` SET total_downlines = total_downlines+1
WHERE `user_id` = 'B93JTT';
UPDATE `user_registration` SET left_downlines = left_downlines+1
WHERE `user_id` = 'B93JTT';
UPDATE `user_registration` SET total_downlines = total_downlines+1
WHERE `user_id` = 'PZ49QY';
UPDATE `user_registration` SET left_downlines = left_downlines+1
WHERE `user_id` = 'PZ49QY';
UPDATE `user_registration` SET total_downlines = total_downlines+1
WHERE `user_id` = '3AIZ2W';
UPDATE `user_registration` SET left_downlines = left_downlines+1
WHERE `user_id` = '3AIZ2W';
UPDATE `user_registration` SET total_downlines = total_downlines+1
WHERE `user_id` = 'V51KB5';
UPDATE `user_registration` SET left_downlines = left_downlines+1
WHERE `user_id` = 'V51KB5';
UPDATE `user_registration` SET total_downlines = total_downlines+1
WHERE `user_id` = 'ESVC3F';
UPDATE `user_registration` SET left_downlines = left_downlines+1
WHERE `user_id` = 'ESVC3F';
UPDATE `user_registration` SET total_downlines = total_downlines+1
WHERE `user_id` = 'TY3WIO';
UPDATE `user_registration` SET left_downlines = left_downlines+1
WHERE `user_id` = 'TY3WIO';
UPDATE `user_registration` SET total_downlines = total_downlines+1
WHERE `user_id` = 'Z9O1HD';
UPDATE `user_registration` SET left_downlines = left_downlines+1
WHERE `user_id` = 'Z9O1HD';
UPDATE `user_registration` SET total_downlines = total_downlines+1
WHERE `user_id` = 'C94VNN';
UPDATE `user_registration` SET left_downlines = left_downlines+1
WHERE `user_id` = 'C94VNN';
UPDATE `user_registration` SET total_downlines = total_downlines+1
WHERE `user_id` = '5BAUA6';
UPDATE `user_registration` SET left_downlines = left_downlines+1
WHERE `user_id` = '5BAUA6';
UPDATE `user_registration` SET total_downlines = total_downlines+1
WHERE `user_id` = '1ZZMBZ';
UPDATE `user_registration` SET left_downlines = left_downlines+1
WHERE `user_id` = '1ZZMBZ';
UPDATE `user_registration` SET total_downlines = total_downlines+1
WHERE `user_id` = 'A9A5TF';
UPDATE `user_registration` SET left_downlines = left_downlines+1
WHERE `user_id` = 'A9A5TF';
UPDATE `user_registration` SET total_downlines = total_downlines+1
WHERE `user_id` = '728VX3';
UPDATE `user_registration` SET left_downlines = left_downlines+1
WHERE `user_id` = '728VX3';
UPDATE `user_registration` SET total_downlines = total_downlines+1
WHERE `user_id` = 'W81BAR';
UPDATE `user_registration` SET left_downlines = left_downlines+1
WHERE `user_id` = 'W81BAR';
UPDATE `user_registration` SET total_downlines = total_downlines+1
WHERE `user_id` = 'S6ZDZH';
UPDATE `user_registration` SET left_downlines = left_downlines+1
WHERE `user_id` = 'S6ZDZH';
UPDATE `user_registration` SET total_downlines = total_downlines+1
WHERE `user_id` = 'VAKBAC';
UPDATE `user_registration` SET left_downlines = left_downlines+1
WHERE `user_id` = 'VAKBAC';
UPDATE `user_registration` SET total_downlines = total_downlines+1
WHERE `user_id` = '18HAWU';
UPDATE `user_registration` SET left_downlines = left_downlines+1
WHERE `user_id` = '18HAWU';
UPDATE `user_registration` SET total_downlines = total_downlines+1
WHERE `user_id` = 'BUI4RR';
UPDATE `user_registration` SET left_downlines = left_downlines+1
WHERE `user_id` = 'BUI4RR';
UPDATE `user_registration` SET total_downlines = total_downlines+1
WHERE `user_id` = '1KMYWN';
UPDATE `user_registration` SET left_downlines = left_downlines+1
WHERE `user_id` = '1KMYWN';
UPDATE `user_registration` SET total_downlines = total_downlines+1
WHERE `user_id` = '28ZKDZ';
UPDATE `user_registration` SET left_downlines = left_downlines+1
WHERE `user_id` = '28ZKDZ';
UPDATE `user_registration` SET total_downlines = total_downlines+1
WHERE `user_id` = '348AOL';
UPDATE `user_registration` SET left_downlines = left_downlines+1
WHERE `user_id` = '348AOL';
UPDATE `user_registration` SET total_downlines = total_downlines+1
WHERE `user_id` = 'QA8H7K';
UPDATE `user_registration` SET left_downlines = left_downlines+1
WHERE `user_id` = 'QA8H7K';
UPDATE `user_registration` SET left_ref_count = left_ref_count+1
WHERE `user_id` = 'QA8H7K';
UPDATE `user_registration` SET active_left = active_left+1
WHERE `user_id` = 'QA8H7K';
UPDATE `user_registration` SET `binary_qualified` = 'yes'
WHERE `user_id` = 'QA8H7K';
UPDATE `user_registration` SET total_downlines = total_downlines+1
WHERE `user_id` = 'XUNLL5';
UPDATE `user_registration` SET right_downlines = right_downlines+1
WHERE `user_id` = 'XUNLL5';
UPDATE `user_registration` SET total_downlines = total_downlines+1
WHERE `user_id` = 'admin';
UPDATE `user_registration` SET left_downlines = left_downlines+1
WHERE `user_id` = 'admin';
INSERT INTO `earnings` (`user_id`, `Purchaser_id`, `earning_type`, `package_id`, `amount`, `date`, `comments`, `invest_amount`, `comm_perc`, `level`) VALUES ('QA8H7K', 'U7289T', 'Direct Referral Bonus', 0, '300', '2024-08-28 02:28:04', 'Direct Referral Bonus', 0, 0, 1);
UPDATE `user_registration` SET commission_balance = ROUND(commission_balance + 300,2)
WHERE `user_id` = 'QA8H7K';
UPDATE `bv_updation` SET left_carry = left_carry+250, total_left = total_left+250
WHERE `user_id` = '63FR7S';
INSERT INTO `placement_bv_update_history` (`left_carry`, `date`, `from_id`, `user_id`) VALUES (250, '2024-08-28 02:28:04', 'U7289T', '63FR7S');
UPDATE `bv_updation` SET left_carry = left_carry+250, total_left = total_left+250
WHERE `user_id` = 'B93JTT';
INSERT INTO `placement_bv_update_history` (`left_carry`, `date`, `from_id`, `user_id`) VALUES (250, '2024-08-28 02:28:04', 'U7289T', 'B93JTT');
UPDATE `bv_updation` SET left_carry = left_carry+250, total_left = total_left+250
WHERE `user_id` = 'PZ49QY';
INSERT INTO `placement_bv_update_history` (`left_carry`, `date`, `from_id`, `user_id`) VALUES (250, '2024-08-28 02:28:04', 'U7289T', 'PZ49QY');
UPDATE `bv_updation` SET left_carry = left_carry+250, total_left = total_left+250
WHERE `user_id` = '3AIZ2W';
INSERT INTO `placement_bv_update_history` (`left_carry`, `date`, `from_id`, `user_id`) VALUES (250, '2024-08-28 02:28:04', 'U7289T', '3AIZ2W');
UPDATE `bv_updation` SET left_carry = left_carry+250, total_left = total_left+250
WHERE `user_id` = 'V51KB5';
INSERT INTO `placement_bv_update_history` (`left_carry`, `date`, `from_id`, `user_id`) VALUES (250, '2024-08-28 02:28:04', 'U7289T', 'V51KB5');
UPDATE `bv_updation` SET left_carry = left_carry+250, total_left = total_left+250
WHERE `user_id` = 'ESVC3F';
INSERT INTO `placement_bv_update_history` (`left_carry`, `date`, `from_id`, `user_id`) VALUES (250, '2024-08-28 02:28:04', 'U7289T', 'ESVC3F');
UPDATE `bv_updation` SET left_carry = left_carry+250, total_left = total_left+250
WHERE `user_id` = 'TY3WIO';
INSERT INTO `placement_bv_update_history` (`left_carry`, `date`, `from_id`, `user_id`) VALUES (250, '2024-08-28 02:28:04', 'U7289T', 'TY3WIO');
UPDATE `bv_updation` SET left_carry = left_carry+250, total_left = total_left+250
WHERE `user_id` = 'Z9O1HD';
INSERT INTO `placement_bv_update_history` (`left_carry`, `date`, `from_id`, `user_id`) VALUES (250, '2024-08-28 02:28:04', 'U7289T', 'Z9O1HD');
UPDATE `bv_updation` SET left_carry = left_carry+250, total_left = total_left+250
WHERE `user_id` = 'C94VNN';
INSERT INTO `placement_bv_update_history` (`left_carry`, `date`, `from_id`, `user_id`) VALUES (250, '2024-08-28 02:28:04', 'U7289T', 'C94VNN');
UPDATE `bv_updation` SET left_carry = left_carry+250, total_left = total_left+250
WHERE `user_id` = '5BAUA6';
INSERT INTO `placement_bv_update_history` (`left_carry`, `date`, `from_id`, `user_id`) VALUES (250, '2024-08-28 02:28:04', 'U7289T', '5BAUA6');
UPDATE `bv_updation` SET left_carry = left_carry+250, total_left = total_left+250
WHERE `user_id` = '1ZZMBZ';
INSERT INTO `placement_bv_update_history` (`left_carry`, `date`, `from_id`, `user_id`) VALUES (250, '2024-08-28 02:28:04', 'U7289T', '1ZZMBZ');
UPDATE `bv_updation` SET left_carry = left_carry+250, total_left = total_left+250
WHERE `user_id` = 'A9A5TF';
INSERT INTO `placement_bv_update_history` (`left_carry`, `date`, `from_id`, `user_id`) VALUES (250, '2024-08-28 02:28:04', 'U7289T', 'A9A5TF');
UPDATE `bv_updation` SET left_carry = left_carry+250, total_left = total_left+250
WHERE `user_id` = '728VX3';
INSERT INTO `placement_bv_update_history` (`left_carry`, `date`, `from_id`, `user_id`) VALUES (250, '2024-08-28 02:28:04', 'U7289T', '728VX3');
UPDATE `bv_updation` SET left_carry = left_carry+250, total_left = total_left+250
WHERE `user_id` = 'W81BAR';
INSERT INTO `placement_bv_update_history` (`left_carry`, `date`, `from_id`, `user_id`) VALUES (250, '2024-08-28 02:28:04', 'U7289T', 'W81BAR');
UPDATE `bv_updation` SET left_carry = left_carry+250, total_left = total_left+250
WHERE `user_id` = 'S6ZDZH';
INSERT INTO `placement_bv_update_history` (`left_carry`, `date`, `from_id`, `user_id`) VALUES (250, '2024-08-28 02:28:04', 'U7289T', 'S6ZDZH');
UPDATE `bv_updation` SET left_carry = left_carry+250, total_left = total_left+250
WHERE `user_id` = 'VAKBAC';
INSERT INTO `placement_bv_update_history` (`left_carry`, `date`, `from_id`, `user_id`) VALUES (250, '2024-08-28 02:28:04', 'U7289T', 'VAKBAC');
UPDATE `bv_updation` SET left_carry = left_carry+250, total_left = total_left+250
WHERE `user_id` = '18HAWU';
INSERT INTO `placement_bv_update_history` (`left_carry`, `date`, `from_id`, `user_id`) VALUES (250, '2024-08-28 02:28:04', 'U7289T', '18HAWU');
UPDATE `bv_updation` SET left_carry = left_carry+250, total_left = total_left+250
WHERE `user_id` = 'BUI4RR';
INSERT INTO `placement_bv_update_history` (`left_carry`, `date`, `from_id`, `user_id`) VALUES (250, '2024-08-28 02:28:04', 'U7289T', 'BUI4RR');
UPDATE `bv_updation` SET left_carry = left_carry+250, total_left = total_left+250
WHERE `user_id` = '1KMYWN';
INSERT INTO `placement_bv_update_history` (`left_carry`, `date`, `from_id`, `user_id`) VALUES (250, '2024-08-28 02:28:04', 'U7289T', '1KMYWN');
UPDATE `bv_updation` SET left_carry = left_carry+250, total_left = total_left+250
WHERE `user_id` = '28ZKDZ';
INSERT INTO `placement_bv_update_history` (`left_carry`, `date`, `from_id`, `user_id`) VALUES (250, '2024-08-28 02:28:04', 'U7289T', '28ZKDZ');
UPDATE `bv_updation` SET left_carry = left_carry+250, total_left = total_left+250
WHERE `user_id` = '348AOL';
INSERT INTO `placement_bv_update_history` (`left_carry`, `date`, `from_id`, `user_id`) VALUES (250, '2024-08-28 02:28:04', 'U7289T', '348AOL');
UPDATE `bv_updation` SET left_carry = left_carry+250, total_left = total_left+250
WHERE `user_id` = 'QA8H7K';
INSERT INTO `placement_bv_update_history` (`left_carry`, `date`, `from_id`, `user_id`) VALUES (250, '2024-08-28 02:28:04', 'U7289T', 'QA8H7K');
UPDATE `bv_updation` SET sponsor_left_carry = sponsor_left_carry+250, sponsor_total_left = sponsor_total_left+250
WHERE `user_id` = 'QA8H7K';
INSERT INTO `sponsor_bv_update_history` (`left_carry`, `date`, `user_id`) VALUES (250, '2024-08-28 02:28:04', 'QA8H7K');
UPDATE `bv_updation` SET right_carry = right_carry+250, total_right = total_right+250
WHERE `user_id` = 'XUNLL5';
INSERT INTO `placement_bv_update_history` (`right_carry`, `date`, `from_id`, `user_id`) VALUES (250, '2024-08-28 02:28:04', 'U7289T', 'XUNLL5');
UPDATE `bv_updation` SET left_carry = left_carry+250, total_left = total_left+250
WHERE `user_id` = 'admin';
INSERT INTO `placement_bv_update_history` (`left_carry`, `date`, `from_id`, `user_id`) VALUES (250, '2024-08-28 02:28:04', 'U7289T', 'admin');
UPDATE `user_registration` SET `popup_seen` = 'yes'
WHERE `user_id` = 'QA8H7K';
UPDATE `user_registration` SET `popup_seen` = 'yes'
WHERE `user_id` = 'QA8H7K';
UPDATE `ci_sessions` SET `timestamp` = 1724812191, `data` = '__ci_last_regenerate|i:1724812191;id|s:4:\"2039\";user_id|s:6:\"QA8H7K\";username|s:6:\"dayami\";sponsor_id|s:6:\"XUNLL5\";fullname|s:11:\"Dayami Leon\";email|s:23:\"anegociarfree@gmail.com\";phone|s:10:\"8139006115\";isLogIn|b:1;'
WHERE `id` = '60c112cdf35969b9a42ccd6cfc1e244b1f9c5603';
UPDATE `user_registration` SET `uid` = '2175', `user_id` = '4YSR8G', `username` = 'nara', `sponsor_id` = 'QA8H7K', `vacant` = 'no', `f_name` = 'nara', `l_name` = 'r', `address` = '4900 n macdill ', `position` = 'right', `email` = 'nara@gmail.com', `password` = 'f121ce0c25d4132766112471e6f70e2d', `phone` = '8139710000', `country` = 'United States', `state` = 'Florida', `city` = 'tampa', `street` = '4900 n macdill ', `zip_code` = '33604', `reg_ip` = '47.205.26.9', `status` = 1, `package_id` = 1, `rank_id` = 1, `highest_rank` = 1, `created` = '2024-08-28 02:29:52', `google_secret` = 'ATQIT3RUCCGDLBSZ'
WHERE `uid` = '2175';
INSERT INTO `user_registration` (`uid`, `user_id`, `username`, `sponsor_id`, `placement_id`, `vacant`, `f_name`, `l_name`, `address`, `position`, `email`, `password`, `phone`, `reg_ip`, `status`, `created`) VALUES (NULL, 'FXACXM', 'gQhZUTBx', '4YSR8G', '4YSR8G', 'yes', '', '', '', 'left', '@mail.com', '', '', '', 0, '2024-08-28 02:29:52');
INSERT INTO `user_registration` (`uid`, `user_id`, `username`, `sponsor_id`, `placement_id`, `vacant`, `f_name`, `l_name`, `address`, `position`, `email`, `password`, `phone`, `reg_ip`, `status`, `created`) VALUES (NULL, 'SUNRZP', 'xxPxHpDM', '4YSR8G', '4YSR8G', 'yes', '', '', '', 'right', '@mail.com', '', '', '', 0, '2024-08-28 02:29:52');
INSERT INTO `bv_updation` (`user_id`) VALUES ('4YSR8G');
UPDATE `user_registration` SET total_ref_count = total_ref_count+1
WHERE `user_id` = 'QA8H7K';
UPDATE `user_registration` SET total_downlines = total_downlines+1
WHERE `user_id` = 'PZV3JY';
UPDATE `user_registration` SET right_downlines = right_downlines+1
WHERE `user_id` = 'PZV3JY';
UPDATE `user_registration` SET total_downlines = total_downlines+1
WHERE `user_id` = '87B7KI';
UPDATE `user_registration` SET right_downlines = right_downlines+1
WHERE `user_id` = '87B7KI';
UPDATE `user_registration` SET total_downlines = total_downlines+1
WHERE `user_id` = '512ZIP';
UPDATE `user_registration` SET right_downlines = right_downlines+1
WHERE `user_id` = '512ZIP';
UPDATE `user_registration` SET total_downlines = total_downlines+1
WHERE `user_id` = 'NIBNEC';
UPDATE `user_registration` SET right_downlines = right_downlines+1
WHERE `user_id` = 'NIBNEC';
UPDATE `user_registration` SET total_downlines = total_downlines+1
WHERE `user_id` = '75UZB4';
UPDATE `user_registration` SET right_downlines = right_downlines+1
WHERE `user_id` = '75UZB4';
UPDATE `user_registration` SET total_downlines = total_downlines+1
WHERE `user_id` = 'VVGG3X';
UPDATE `user_registration` SET right_downlines = right_downlines+1
WHERE `user_id` = 'VVGG3X';
UPDATE `user_registration` SET total_downlines = total_downlines+1
WHERE `user_id` = 'HNS9A8';
UPDATE `user_registration` SET right_downlines = right_downlines+1
WHERE `user_id` = 'HNS9A8';
UPDATE `user_registration` SET total_downlines = total_downlines+1
WHERE `user_id` = 'R72IZI';
UPDATE `user_registration` SET right_downlines = right_downlines+1
WHERE `user_id` = 'R72IZI';
UPDATE `user_registration` SET total_downlines = total_downlines+1
WHERE `user_id` = 'PD3QPX';
UPDATE `user_registration` SET right_downlines = right_downlines+1
WHERE `user_id` = 'PD3QPX';
UPDATE `user_registration` SET total_downlines = total_downlines+1
WHERE `user_id` = 'HBSMS4';
UPDATE `user_registration` SET right_downlines = right_downlines+1
WHERE `user_id` = 'HBSMS4';
UPDATE `user_registration` SET total_downlines = total_downlines+1
WHERE `user_id` = 'LJNVDM';
UPDATE `user_registration` SET right_downlines = right_downlines+1
WHERE `user_id` = 'LJNVDM';
UPDATE `user_registration` SET total_downlines = total_downlines+1
WHERE `user_id` = 'CN2LFV';
UPDATE `user_registration` SET right_downlines = right_downlines+1
WHERE `user_id` = 'CN2LFV';
UPDATE `user_registration` SET total_downlines = total_downlines+1
WHERE `user_id` = 'RQMVUN';
UPDATE `user_registration` SET right_downlines = right_downlines+1
WHERE `user_id` = 'RQMVUN';
UPDATE `user_registration` SET total_downlines = total_downlines+1
WHERE `user_id` = '2IMQZU';
UPDATE `user_registration` SET right_downlines = right_downlines+1
WHERE `user_id` = '2IMQZU';
UPDATE `user_registration` SET total_downlines = total_downlines+1
WHERE `user_id` = 'JG24WL';
UPDATE `user_registration` SET right_downlines = right_downlines+1
WHERE `user_id` = 'JG24WL';
UPDATE `user_registration` SET total_downlines = total_downlines+1
WHERE `user_id` = 'LRU3QN';
UPDATE `user_registration` SET right_downlines = right_downlines+1
WHERE `user_id` = 'LRU3QN';
UPDATE `user_registration` SET total_downlines = total_downlines+1
WHERE `user_id` = '8T4E5T';
UPDATE `user_registration` SET right_downlines = right_downlines+1
WHERE `user_id` = '8T4E5T';
UPDATE `user_registration` SET total_downlines = total_downlines+1
WHERE `user_id` = 'ODRN5Y';
UPDATE `user_registration` SET right_downlines = right_downlines+1
WHERE `user_id` = 'ODRN5Y';
UPDATE `user_registration` SET total_downlines = total_downlines+1
WHERE `user_id` = 'ARKMZW';
UPDATE `user_registration` SET right_downlines = right_downlines+1
WHERE `user_id` = 'ARKMZW';
UPDATE `user_registration` SET total_downlines = total_downlines+1
WHERE `user_id` = 'PPK6PM';
UPDATE `user_registration` SET right_downlines = right_downlines+1
WHERE `user_id` = 'PPK6PM';
UPDATE `user_registration` SET total_downlines = total_downlines+1
WHERE `user_id` = 'L8GRV3';
UPDATE `user_registration` SET right_downlines = right_downlines+1
WHERE `user_id` = 'L8GRV3';
UPDATE `user_registration` SET total_downlines = total_downlines+1
WHERE `user_id` = '5SFJ8K';
UPDATE `user_registration` SET right_downlines = right_downlines+1
WHERE `user_id` = '5SFJ8K';
UPDATE `user_registration` SET total_downlines = total_downlines+1
WHERE `user_id` = 'QA8H7K';
UPDATE `user_registration` SET right_downlines = right_downlines+1
WHERE `user_id` = 'QA8H7K';
UPDATE `user_registration` SET right_ref_count = right_ref_count+1
WHERE `user_id` = 'QA8H7K';
UPDATE `user_registration` SET active_right = active_right+1
WHERE `user_id` = 'QA8H7K';
UPDATE `user_registration` SET `binary_qualified` = 'yes'
WHERE `user_id` = 'QA8H7K';
UPDATE `user_registration` SET total_downlines = total_downlines+1
WHERE `user_id` = 'XUNLL5';
UPDATE `user_registration` SET right_downlines = right_downlines+1
WHERE `user_id` = 'XUNLL5';
UPDATE `user_registration` SET total_downlines = total_downlines+1
WHERE `user_id` = 'admin';
UPDATE `user_registration` SET left_downlines = left_downlines+1
WHERE `user_id` = 'admin';
INSERT INTO `earnings` (`user_id`, `Purchaser_id`, `earning_type`, `package_id`, `amount`, `date`, `comments`, `invest_amount`, `comm_perc`, `level`) VALUES ('QA8H7K', '4YSR8G', 'Direct Referral Bonus', 0, '300', '2024-08-28 02:29:52', 'Direct Referral Bonus', 0, 0, 1);
UPDATE `user_registration` SET commission_balance = ROUND(commission_balance + 300,2)
WHERE `user_id` = 'QA8H7K';
UPDATE `bv_updation` SET right_carry = right_carry+250, total_right = total_right+250
WHERE `user_id` = 'PZV3JY';
INSERT INTO `placement_bv_update_history` (`right_carry`, `date`, `from_id`, `user_id`) VALUES (250, '2024-08-28 02:29:52', '4YSR8G', 'PZV3JY');
UPDATE `bv_updation` SET right_carry = right_carry+250, total_right = total_right+250
WHERE `user_id` = '87B7KI';
INSERT INTO `placement_bv_update_history` (`right_carry`, `date`, `from_id`, `user_id`) VALUES (250, '2024-08-28 02:29:52', '4YSR8G', '87B7KI');
UPDATE `bv_updation` SET right_carry = right_carry+250, total_right = total_right+250
WHERE `user_id` = '512ZIP';
INSERT INTO `placement_bv_update_history` (`right_carry`, `date`, `from_id`, `user_id`) VALUES (250, '2024-08-28 02:29:52', '4YSR8G', '512ZIP');
UPDATE `bv_updation` SET right_carry = right_carry+250, total_right = total_right+250
WHERE `user_id` = 'NIBNEC';
INSERT INTO `placement_bv_update_history` (`right_carry`, `date`, `from_id`, `user_id`) VALUES (250, '2024-08-28 02:29:52', '4YSR8G', 'NIBNEC');
UPDATE `bv_updation` SET right_carry = right_carry+250, total_right = total_right+250
WHERE `user_id` = '75UZB4';
INSERT INTO `placement_bv_update_history` (`right_carry`, `date`, `from_id`, `user_id`) VALUES (250, '2024-08-28 02:29:52', '4YSR8G', '75UZB4');
UPDATE `bv_updation` SET right_carry = right_carry+250, total_right = total_right+250
WHERE `user_id` = 'VVGG3X';
INSERT INTO `placement_bv_update_history` (`right_carry`, `date`, `from_id`, `user_id`) VALUES (250, '2024-08-28 02:29:52', '4YSR8G', 'VVGG3X');
UPDATE `bv_updation` SET right_carry = right_carry+250, total_right = total_right+250
WHERE `user_id` = 'HNS9A8';
INSERT INTO `placement_bv_update_history` (`right_carry`, `date`, `from_id`, `user_id`) VALUES (250, '2024-08-28 02:29:52', '4YSR8G', 'HNS9A8');
UPDATE `bv_updation` SET right_carry = right_carry+250, total_right = total_right+250
WHERE `user_id` = 'R72IZI';
INSERT INTO `placement_bv_update_history` (`right_carry`, `date`, `from_id`, `user_id`) VALUES (250, '2024-08-28 02:29:52', '4YSR8G', 'R72IZI');
UPDATE `bv_updation` SET right_carry = right_carry+250, total_right = total_right+250
WHERE `user_id` = 'PD3QPX';
INSERT INTO `placement_bv_update_history` (`right_carry`, `date`, `from_id`, `user_id`) VALUES (250, '2024-08-28 02:29:52', '4YSR8G', 'PD3QPX');
UPDATE `bv_updation` SET right_carry = right_carry+250, total_right = total_right+250
WHERE `user_id` = 'HBSMS4';
INSERT INTO `placement_bv_update_history` (`right_carry`, `date`, `from_id`, `user_id`) VALUES (250, '2024-08-28 02:29:52', '4YSR8G', 'HBSMS4');
UPDATE `bv_updation` SET right_carry = right_carry+250, total_right = total_right+250
WHERE `user_id` = 'LJNVDM';
INSERT INTO `placement_bv_update_history` (`right_carry`, `date`, `from_id`, `user_id`) VALUES (250, '2024-08-28 02:29:52', '4YSR8G', 'LJNVDM');
UPDATE `bv_updation` SET right_carry = right_carry+250, total_right = total_right+250
WHERE `user_id` = 'CN2LFV';
INSERT INTO `placement_bv_update_history` (`right_carry`, `date`, `from_id`, `user_id`) VALUES (250, '2024-08-28 02:29:52', '4YSR8G', 'CN2LFV');
UPDATE `bv_updation` SET right_carry = right_carry+250, total_right = total_right+250
WHERE `user_id` = 'RQMVUN';
INSERT INTO `placement_bv_update_history` (`right_carry`, `date`, `from_id`, `user_id`) VALUES (250, '2024-08-28 02:29:52', '4YSR8G', 'RQMVUN');
UPDATE `bv_updation` SET right_carry = right_carry+250, total_right = total_right+250
WHERE `user_id` = '2IMQZU';
INSERT INTO `placement_bv_update_history` (`right_carry`, `date`, `from_id`, `user_id`) VALUES (250, '2024-08-28 02:29:52', '4YSR8G', '2IMQZU');
UPDATE `bv_updation` SET right_carry = right_carry+250, total_right = total_right+250
WHERE `user_id` = 'JG24WL';
INSERT INTO `placement_bv_update_history` (`right_carry`, `date`, `from_id`, `user_id`) VALUES (250, '2024-08-28 02:29:52', '4YSR8G', 'JG24WL');
UPDATE `bv_updation` SET right_carry = right_carry+250, total_right = total_right+250
WHERE `user_id` = 'LRU3QN';
INSERT INTO `placement_bv_update_history` (`right_carry`, `date`, `from_id`, `user_id`) VALUES (250, '2024-08-28 02:29:52', '4YSR8G', 'LRU3QN');
UPDATE `bv_updation` SET right_carry = right_carry+250, total_right = total_right+250
WHERE `user_id` = '8T4E5T';
INSERT INTO `placement_bv_update_history` (`right_carry`, `date`, `from_id`, `user_id`) VALUES (250, '2024-08-28 02:29:52', '4YSR8G', '8T4E5T');
UPDATE `bv_updation` SET right_carry = right_carry+250, total_right = total_right+250
WHERE `user_id` = 'ODRN5Y';
INSERT INTO `placement_bv_update_history` (`right_carry`, `date`, `from_id`, `user_id`) VALUES (250, '2024-08-28 02:29:52', '4YSR8G', 'ODRN5Y');
UPDATE `bv_updation` SET right_carry = right_carry+250, total_right = total_right+250
WHERE `user_id` = 'ARKMZW';
INSERT INTO `placement_bv_update_history` (`right_carry`, `date`, `from_id`, `user_id`) VALUES (250, '2024-08-28 02:29:52', '4YSR8G', 'ARKMZW');
UPDATE `bv_updation` SET right_carry = right_carry+250, total_right = total_right+250
WHERE `user_id` = 'PPK6PM';
INSERT INTO `placement_bv_update_history` (`right_carry`, `date`, `from_id`, `user_id`) VALUES (250, '2024-08-28 02:29:52', '4YSR8G', 'PPK6PM');
UPDATE `bv_updation` SET right_carry = right_carry+250, total_right = total_right+250
WHERE `user_id` = 'L8GRV3';
INSERT INTO `placement_bv_update_history` (`right_carry`, `date`, `from_id`, `user_id`) VALUES (250, '2024-08-28 02:29:52', '4YSR8G', 'L8GRV3');
UPDATE `bv_updation` SET right_carry = right_carry+250, total_right = total_right+250
WHERE `user_id` = '5SFJ8K';
INSERT INTO `placement_bv_update_history` (`right_carry`, `date`, `from_id`, `user_id`) VALUES (250, '2024-08-28 02:29:52', '4YSR8G', '5SFJ8K');
UPDATE `bv_updation` SET right_carry = right_carry+250, total_right = total_right+250
WHERE `user_id` = 'QA8H7K';
INSERT INTO `placement_bv_update_history` (`right_carry`, `date`, `from_id`, `user_id`) VALUES (250, '2024-08-28 02:29:52', '4YSR8G', 'QA8H7K');
UPDATE `bv_updation` SET sponsor_right_carry = sponsor_right_carry+250, sponsor_total_right = sponsor_total_right+250
WHERE `user_id` = 'QA8H7K';
INSERT INTO `sponsor_bv_update_history` (`right_carry`, `date`, `user_id`) VALUES (250, '2024-08-28 02:29:52', 'QA8H7K');
UPDATE `bv_updation` SET right_carry = right_carry+250, total_right = total_right+250
WHERE `user_id` = 'XUNLL5';
INSERT INTO `placement_bv_update_history` (`right_carry`, `date`, `from_id`, `user_id`) VALUES (250, '2024-08-28 02:29:52', '4YSR8G', 'XUNLL5');
UPDATE `bv_updation` SET left_carry = left_carry+250, total_left = total_left+250
WHERE `user_id` = 'admin';
INSERT INTO `placement_bv_update_history` (`left_carry`, `date`, `from_id`, `user_id`) VALUES (250, '2024-08-28 02:29:52', '4YSR8G', 'admin');
UPDATE `user_registration` SET `popup_seen` = 'yes'
WHERE `user_id` = 'QA8H7K';
UPDATE `user_registration` SET `uid` = '2176', `user_id` = 'LJA4WO', `username` = 'janet', `sponsor_id` = 'QA8H7K', `vacant` = 'no', `f_name` = 'janet', `l_name` = 'a', `address` = '4900 n macdill ', `position` = 'left', `email` = 'janet@gmail.com', `password` = 'f121ce0c25d4132766112471e6f70e2d', `phone` = '8139710000', `country` = 'United States', `state` = 'Florida', `city` = 'tampa', `street` = '4900 n macdill ', `zip_code` = '33604', `reg_ip` = '47.205.26.9', `status` = 1, `package_id` = 1, `rank_id` = 1, `highest_rank` = 1, `created` = '2024-08-28 02:31:26', `google_secret` = 'TX7NTWM4OTSRZ5LN'
WHERE `uid` = '2176';
INSERT INTO `user_registration` (`uid`, `user_id`, `username`, `sponsor_id`, `placement_id`, `vacant`, `f_name`, `l_name`, `address`, `position`, `email`, `password`, `phone`, `reg_ip`, `status`, `created`) VALUES (NULL, 'SAMQOV', 'IRYFjDvD', 'LJA4WO', 'LJA4WO', 'yes', '', '', '', 'left', '@mail.com', '', '', '', 0, '2024-08-28 02:31:26');
INSERT INTO `user_registration` (`uid`, `user_id`, `username`, `sponsor_id`, `placement_id`, `vacant`, `f_name`, `l_name`, `address`, `position`, `email`, `password`, `phone`, `reg_ip`, `status`, `created`) VALUES (NULL, 'GLNOKB', 'bIUnIGAT', 'LJA4WO', 'LJA4WO', 'yes', '', '', '', 'right', '@mail.com', '', '', '', 0, '2024-08-28 02:31:26');
INSERT INTO `bv_updation` (`user_id`) VALUES ('LJA4WO');
UPDATE `user_registration` SET total_ref_count = total_ref_count+1
WHERE `user_id` = 'QA8H7K';
UPDATE `user_registration` SET total_downlines = total_downlines+1
WHERE `user_id` = 'U7289T';
UPDATE `user_registration` SET left_downlines = left_downlines+1
WHERE `user_id` = 'U7289T';
UPDATE `user_registration` SET total_downlines = total_downlines+1
WHERE `user_id` = '63FR7S';
UPDATE `user_registration` SET left_downlines = left_downlines+1
WHERE `user_id` = '63FR7S';
UPDATE `user_registration` SET total_downlines = total_downlines+1
WHERE `user_id` = 'B93JTT';
UPDATE `user_registration` SET left_downlines = left_downlines+1
WHERE `user_id` = 'B93JTT';
UPDATE `user_registration` SET total_downlines = total_downlines+1
WHERE `user_id` = 'PZ49QY';
UPDATE `user_registration` SET left_downlines = left_downlines+1
WHERE `user_id` = 'PZ49QY';
UPDATE `user_registration` SET total_downlines = total_downlines+1
WHERE `user_id` = '3AIZ2W';
UPDATE `user_registration` SET left_downlines = left_downlines+1
WHERE `user_id` = '3AIZ2W';
UPDATE `user_registration` SET total_downlines = total_downlines+1
WHERE `user_id` = 'V51KB5';
UPDATE `user_registration` SET left_downlines = left_downlines+1
WHERE `user_id` = 'V51KB5';
UPDATE `user_registration` SET total_downlines = total_downlines+1
WHERE `user_id` = 'ESVC3F';
UPDATE `user_registration` SET left_downlines = left_downlines+1
WHERE `user_id` = 'ESVC3F';
UPDATE `user_registration` SET total_downlines = total_downlines+1
WHERE `user_id` = 'TY3WIO';
UPDATE `user_registration` SET left_downlines = left_downlines+1
WHERE `user_id` = 'TY3WIO';
UPDATE `user_registration` SET total_downlines = total_downlines+1
WHERE `user_id` = 'Z9O1HD';
UPDATE `user_registration` SET left_downlines = left_downlines+1
WHERE `user_id` = 'Z9O1HD';
UPDATE `user_registration` SET total_downlines = total_downlines+1
WHERE `user_id` = 'C94VNN';
UPDATE `user_registration` SET left_downlines = left_downlines+1
WHERE `user_id` = 'C94VNN';
UPDATE `user_registration` SET total_downlines = total_downlines+1
WHERE `user_id` = '5BAUA6';
UPDATE `user_registration` SET left_downlines = left_downlines+1
WHERE `user_id` = '5BAUA6';
UPDATE `user_registration` SET total_downlines = total_downlines+1
WHERE `user_id` = '1ZZMBZ';
UPDATE `user_registration` SET left_downlines = left_downlines+1
WHERE `user_id` = '1ZZMBZ';
UPDATE `user_registration` SET total_downlines = total_downlines+1
WHERE `user_id` = 'A9A5TF';
UPDATE `user_registration` SET left_downlines = left_downlines+1
WHERE `user_id` = 'A9A5TF';
UPDATE `user_registration` SET total_downlines = total_downlines+1
WHERE `user_id` = '728VX3';
UPDATE `user_registration` SET left_downlines = left_downlines+1
WHERE `user_id` = '728VX3';
UPDATE `user_registration` SET total_downlines = total_downlines+1
WHERE `user_id` = 'W81BAR';
UPDATE `user_registration` SET left_downlines = left_downlines+1
WHERE `user_id` = 'W81BAR';
UPDATE `user_registration` SET total_downlines = total_downlines+1
WHERE `user_id` = 'S6ZDZH';
UPDATE `user_registration` SET left_downlines = left_downlines+1
WHERE `user_id` = 'S6ZDZH';
UPDATE `user_registration` SET total_downlines = total_downlines+1
WHERE `user_id` = 'VAKBAC';
UPDATE `user_registration` SET left_downlines = left_downlines+1
WHERE `user_id` = 'VAKBAC';
UPDATE `user_registration` SET total_downlines = total_downlines+1
WHERE `user_id` = '18HAWU';
UPDATE `user_registration` SET left_downlines = left_downlines+1
WHERE `user_id` = '18HAWU';
UPDATE `user_registration` SET total_downlines = total_downlines+1
WHERE `user_id` = 'BUI4RR';
UPDATE `user_registration` SET left_downlines = left_downlines+1
WHERE `user_id` = 'BUI4RR';
UPDATE `user_registration` SET total_downlines = total_downlines+1
WHERE `user_id` = '1KMYWN';
UPDATE `user_registration` SET left_downlines = left_downlines+1
WHERE `user_id` = '1KMYWN';
UPDATE `user_registration` SET total_downlines = total_downlines+1
WHERE `user_id` = '28ZKDZ';
UPDATE `user_registration` SET left_downlines = left_downlines+1
WHERE `user_id` = '28ZKDZ';
UPDATE `user_registration` SET total_downlines = total_downlines+1
WHERE `user_id` = '348AOL';
UPDATE `user_registration` SET left_downlines = left_downlines+1
WHERE `user_id` = '348AOL';
UPDATE `user_registration` SET total_downlines = total_downlines+1
WHERE `user_id` = 'QA8H7K';
UPDATE `user_registration` SET left_downlines = left_downlines+1
WHERE `user_id` = 'QA8H7K';
UPDATE `user_registration` SET left_ref_count = left_ref_count+1
WHERE `user_id` = 'QA8H7K';
UPDATE `user_registration` SET active_left = active_left+1
WHERE `user_id` = 'QA8H7K';
UPDATE `user_registration` SET `binary_qualified` = 'yes'
WHERE `user_id` = 'QA8H7K';
UPDATE `user_registration` SET total_downlines = total_downlines+1
WHERE `user_id` = 'XUNLL5';
UPDATE `user_registration` SET right_downlines = right_downlines+1
WHERE `user_id` = 'XUNLL5';
UPDATE `user_registration` SET total_downlines = total_downlines+1
WHERE `user_id` = 'admin';
UPDATE `user_registration` SET left_downlines = left_downlines+1
WHERE `user_id` = 'admin';
INSERT INTO `earnings` (`user_id`, `Purchaser_id`, `earning_type`, `package_id`, `amount`, `date`, `comments`, `invest_amount`, `comm_perc`, `level`) VALUES ('QA8H7K', 'LJA4WO', 'Direct Referral Bonus', 0, '300', '2024-08-28 02:31:26', 'Direct Referral Bonus', 0, 0, 1);
UPDATE `user_registration` SET commission_balance = ROUND(commission_balance + 300,2)
WHERE `user_id` = 'QA8H7K';
UPDATE `bv_updation` SET left_carry = left_carry+250, total_left = total_left+250
WHERE `user_id` = 'U7289T';
INSERT INTO `placement_bv_update_history` (`left_carry`, `date`, `from_id`, `user_id`) VALUES (250, '2024-08-28 02:31:26', 'LJA4WO', 'U7289T');
UPDATE `bv_updation` SET left_carry = left_carry+250, total_left = total_left+250
WHERE `user_id` = '63FR7S';
INSERT INTO `placement_bv_update_history` (`left_carry`, `date`, `from_id`, `user_id`) VALUES (250, '2024-08-28 02:31:26', 'LJA4WO', '63FR7S');
UPDATE `bv_updation` SET left_carry = left_carry+250, total_left = total_left+250
WHERE `user_id` = 'B93JTT';
INSERT INTO `placement_bv_update_history` (`left_carry`, `date`, `from_id`, `user_id`) VALUES (250, '2024-08-28 02:31:26', 'LJA4WO', 'B93JTT');
UPDATE `bv_updation` SET left_carry = left_carry+250, total_left = total_left+250
WHERE `user_id` = 'PZ49QY';
INSERT INTO `placement_bv_update_history` (`left_carry`, `date`, `from_id`, `user_id`) VALUES (250, '2024-08-28 02:31:26', 'LJA4WO', 'PZ49QY');
UPDATE `bv_updation` SET left_carry = left_carry+250, total_left = total_left+250
WHERE `user_id` = '3AIZ2W';
INSERT INTO `placement_bv_update_history` (`left_carry`, `date`, `from_id`, `user_id`) VALUES (250, '2024-08-28 02:31:26', 'LJA4WO', '3AIZ2W');
UPDATE `bv_updation` SET left_carry = left_carry+250, total_left = total_left+250
WHERE `user_id` = 'V51KB5';
INSERT INTO `placement_bv_update_history` (`left_carry`, `date`, `from_id`, `user_id`) VALUES (250, '2024-08-28 02:31:26', 'LJA4WO', 'V51KB5');
UPDATE `bv_updation` SET left_carry = left_carry+250, total_left = total_left+250
WHERE `user_id` = 'ESVC3F';
INSERT INTO `placement_bv_update_history` (`left_carry`, `date`, `from_id`, `user_id`) VALUES (250, '2024-08-28 02:31:26', 'LJA4WO', 'ESVC3F');
UPDATE `bv_updation` SET left_carry = left_carry+250, total_left = total_left+250
WHERE `user_id` = 'TY3WIO';
INSERT INTO `placement_bv_update_history` (`left_carry`, `date`, `from_id`, `user_id`) VALUES (250, '2024-08-28 02:31:26', 'LJA4WO', 'TY3WIO');
UPDATE `bv_updation` SET left_carry = left_carry+250, total_left = total_left+250
WHERE `user_id` = 'Z9O1HD';
INSERT INTO `placement_bv_update_history` (`left_carry`, `date`, `from_id`, `user_id`) VALUES (250, '2024-08-28 02:31:26', 'LJA4WO', 'Z9O1HD');
UPDATE `bv_updation` SET left_carry = left_carry+250, total_left = total_left+250
WHERE `user_id` = 'C94VNN';
INSERT INTO `placement_bv_update_history` (`left_carry`, `date`, `from_id`, `user_id`) VALUES (250, '2024-08-28 02:31:26', 'LJA4WO', 'C94VNN');
UPDATE `bv_updation` SET left_carry = left_carry+250, total_left = total_left+250
WHERE `user_id` = '5BAUA6';
INSERT INTO `placement_bv_update_history` (`left_carry`, `date`, `from_id`, `user_id`) VALUES (250, '2024-08-28 02:31:26', 'LJA4WO', '5BAUA6');
UPDATE `bv_updation` SET left_carry = left_carry+250, total_left = total_left+250
WHERE `user_id` = '1ZZMBZ';
INSERT INTO `placement_bv_update_history` (`left_carry`, `date`, `from_id`, `user_id`) VALUES (250, '2024-08-28 02:31:26', 'LJA4WO', '1ZZMBZ');
UPDATE `bv_updation` SET left_carry = left_carry+250, total_left = total_left+250
WHERE `user_id` = 'A9A5TF';
INSERT INTO `placement_bv_update_history` (`left_carry`, `date`, `from_id`, `user_id`) VALUES (250, '2024-08-28 02:31:27', 'LJA4WO', 'A9A5TF');
UPDATE `bv_updation` SET left_carry = left_carry+250, total_left = total_left+250
WHERE `user_id` = '728VX3';
INSERT INTO `placement_bv_update_history` (`left_carry`, `date`, `from_id`, `user_id`) VALUES (250, '2024-08-28 02:31:27', 'LJA4WO', '728VX3');
UPDATE `bv_updation` SET left_carry = left_carry+250, total_left = total_left+250
WHERE `user_id` = 'W81BAR';
INSERT INTO `placement_bv_update_history` (`left_carry`, `date`, `from_id`, `user_id`) VALUES (250, '2024-08-28 02:31:27', 'LJA4WO', 'W81BAR');
UPDATE `bv_updation` SET left_carry = left_carry+250, total_left = total_left+250
WHERE `user_id` = 'S6ZDZH';
INSERT INTO `placement_bv_update_history` (`left_carry`, `date`, `from_id`, `user_id`) VALUES (250, '2024-08-28 02:31:27', 'LJA4WO', 'S6ZDZH');
UPDATE `bv_updation` SET left_carry = left_carry+250, total_left = total_left+250
WHERE `user_id` = 'VAKBAC';
INSERT INTO `placement_bv_update_history` (`left_carry`, `date`, `from_id`, `user_id`) VALUES (250, '2024-08-28 02:31:27', 'LJA4WO', 'VAKBAC');
UPDATE `bv_updation` SET left_carry = left_carry+250, total_left = total_left+250
WHERE `user_id` = '18HAWU';
INSERT INTO `placement_bv_update_history` (`left_carry`, `date`, `from_id`, `user_id`) VALUES (250, '2024-08-28 02:31:27', 'LJA4WO', '18HAWU');
UPDATE `bv_updation` SET left_carry = left_carry+250, total_left = total_left+250
WHERE `user_id` = 'BUI4RR';
INSERT INTO `placement_bv_update_history` (`left_carry`, `date`, `from_id`, `user_id`) VALUES (250, '2024-08-28 02:31:27', 'LJA4WO', 'BUI4RR');
UPDATE `bv_updation` SET left_carry = left_carry+250, total_left = total_left+250
WHERE `user_id` = '1KMYWN';
INSERT INTO `placement_bv_update_history` (`left_carry`, `date`, `from_id`, `user_id`) VALUES (250, '2024-08-28 02:31:27', 'LJA4WO', '1KMYWN');
UPDATE `bv_updation` SET left_carry = left_carry+250, total_left = total_left+250
WHERE `user_id` = '28ZKDZ';
INSERT INTO `placement_bv_update_history` (`left_carry`, `date`, `from_id`, `user_id`) VALUES (250, '2024-08-28 02:31:27', 'LJA4WO', '28ZKDZ');
UPDATE `bv_updation` SET left_carry = left_carry+250, total_left = total_left+250
WHERE `user_id` = '348AOL';
INSERT INTO `placement_bv_update_history` (`left_carry`, `date`, `from_id`, `user_id`) VALUES (250, '2024-08-28 02:31:27', 'LJA4WO', '348AOL');
UPDATE `bv_updation` SET left_carry = left_carry+250, total_left = total_left+250
WHERE `user_id` = 'QA8H7K';
INSERT INTO `placement_bv_update_history` (`left_carry`, `date`, `from_id`, `user_id`) VALUES (250, '2024-08-28 02:31:27', 'LJA4WO', 'QA8H7K');
UPDATE `bv_updation` SET sponsor_left_carry = sponsor_left_carry+250, sponsor_total_left = sponsor_total_left+250
WHERE `user_id` = 'QA8H7K';
INSERT INTO `sponsor_bv_update_history` (`left_carry`, `date`, `user_id`) VALUES (250, '2024-08-28 02:31:27', 'QA8H7K');
UPDATE `bv_updation` SET right_carry = right_carry+250, total_right = total_right+250
WHERE `user_id` = 'XUNLL5';
INSERT INTO `placement_bv_update_history` (`right_carry`, `date`, `from_id`, `user_id`) VALUES (250, '2024-08-28 02:31:27', 'LJA4WO', 'XUNLL5');
UPDATE `bv_updation` SET left_carry = left_carry+250, total_left = total_left+250
WHERE `user_id` = 'admin';
INSERT INTO `placement_bv_update_history` (`left_carry`, `date`, `from_id`, `user_id`) VALUES (250, '2024-08-28 02:31:27', 'LJA4WO', 'admin');
UPDATE `user_registration` SET `popup_seen` = 'yes'
WHERE `user_id` = 'QA8H7K';
UPDATE `user_registration` SET `popup_seen` = 'yes'
WHERE `user_id` = 'QA8H7K';
UPDATE `user_registration` SET `popup_seen` = 'yes'
WHERE `user_id` = 'QA8H7K';
UPDATE `ci_sessions` SET `timestamp` = 1724812710, `data` = '__ci_last_regenerate|i:1724812710;id|s:4:\"2039\";user_id|s:6:\"QA8H7K\";username|s:6:\"dayami\";sponsor_id|s:6:\"XUNLL5\";fullname|s:11:\"Dayami Leon\";email|s:23:\"anegociarfree@gmail.com\";phone|s:10:\"8139006115\";isLogIn|b:1;'
WHERE `id` = '367196da44bc20ef5b338fa826f36f400f525b03';
UPDATE `user_registration` SET `uid` = '2179', `user_id` = 'M8W96K', `username` = 'neyda', `sponsor_id` = 'QA8H7K', `vacant` = 'no', `f_name` = 'neyda', `l_name` = 'a', `address` = '4900 n macdill ', `position` = 'right', `email` = 'neyda@gmail.com', `password` = 'f121ce0c25d4132766112471e6f70e2d', `phone` = '813971000', `country` = 'United States', `state` = 'Florida', `city` = '33604', `street` = '4900 n macdill ', `zip_code` = '33604', `reg_ip` = '47.205.26.9', `status` = 1, `package_id` = 1, `rank_id` = 1, `highest_rank` = 1, `created` = '2024-08-28 02:38:30', `google_secret` = 'ZYCU5QYM3KZZGJJR'
WHERE `uid` = '2179';
INSERT INTO `user_registration` (`uid`, `user_id`, `username`, `sponsor_id`, `placement_id`, `vacant`, `f_name`, `l_name`, `address`, `position`, `email`, `password`, `phone`, `reg_ip`, `status`, `created`) VALUES (NULL, 'MQYPPG', 'MdvKFepw', 'M8W96K', 'M8W96K', 'yes', '', '', '', 'left', '@mail.com', '', '', '', 0, '2024-08-28 02:38:30');
INSERT INTO `user_registration` (`uid`, `user_id`, `username`, `sponsor_id`, `placement_id`, `vacant`, `f_name`, `l_name`, `address`, `position`, `email`, `password`, `phone`, `reg_ip`, `status`, `created`) VALUES (NULL, 'TPSVST', 'qdtbkprK', 'M8W96K', 'M8W96K', 'yes', '', '', '', 'right', '@mail.com', '', '', '', 0, '2024-08-28 02:38:30');
INSERT INTO `bv_updation` (`user_id`) VALUES ('M8W96K');
UPDATE `user_registration` SET total_ref_count = total_ref_count+1
WHERE `user_id` = 'QA8H7K';
UPDATE `user_registration` SET total_downlines = total_downlines+1
WHERE `user_id` = '4YSR8G';
UPDATE `user_registration` SET right_downlines = right_downlines+1
WHERE `user_id` = '4YSR8G';
UPDATE `user_registration` SET total_downlines = total_downlines+1
WHERE `user_id` = 'PZV3JY';
UPDATE `user_registration` SET right_downlines = right_downlines+1
WHERE `user_id` = 'PZV3JY';
UPDATE `user_registration` SET total_downlines = total_downlines+1
WHERE `user_id` = '87B7KI';
UPDATE `user_registration` SET right_downlines = right_downlines+1
WHERE `user_id` = '87B7KI';
UPDATE `user_registration` SET total_downlines = total_downlines+1
WHERE `user_id` = '512ZIP';
UPDATE `user_registration` SET right_downlines = right_downlines+1
WHERE `user_id` = '512ZIP';
UPDATE `user_registration` SET total_downlines = total_downlines+1
WHERE `user_id` = 'NIBNEC';
UPDATE `user_registration` SET right_downlines = right_downlines+1
WHERE `user_id` = 'NIBNEC';
UPDATE `user_registration` SET total_downlines = total_downlines+1
WHERE `user_id` = '75UZB4';
UPDATE `user_registration` SET right_downlines = right_downlines+1
WHERE `user_id` = '75UZB4';
UPDATE `user_registration` SET total_downlines = total_downlines+1
WHERE `user_id` = 'VVGG3X';
UPDATE `user_registration` SET right_downlines = right_downlines+1
WHERE `user_id` = 'VVGG3X';
UPDATE `user_registration` SET total_downlines = total_downlines+1
WHERE `user_id` = 'HNS9A8';
UPDATE `user_registration` SET right_downlines = right_downlines+1
WHERE `user_id` = 'HNS9A8';
UPDATE `user_registration` SET total_downlines = total_downlines+1
WHERE `user_id` = 'R72IZI';
UPDATE `user_registration` SET right_downlines = right_downlines+1
WHERE `user_id` = 'R72IZI';
UPDATE `user_registration` SET total_downlines = total_downlines+1
WHERE `user_id` = 'PD3QPX';
UPDATE `user_registration` SET right_downlines = right_downlines+1
WHERE `user_id` = 'PD3QPX';
UPDATE `user_registration` SET total_downlines = total_downlines+1
WHERE `user_id` = 'HBSMS4';
UPDATE `user_registration` SET right_downlines = right_downlines+1
WHERE `user_id` = 'HBSMS4';
UPDATE `user_registration` SET total_downlines = total_downlines+1
WHERE `user_id` = 'LJNVDM';
UPDATE `user_registration` SET right_downlines = right_downlines+1
WHERE `user_id` = 'LJNVDM';
UPDATE `user_registration` SET total_downlines = total_downlines+1
WHERE `user_id` = 'CN2LFV';
UPDATE `user_registration` SET right_downlines = right_downlines+1
WHERE `user_id` = 'CN2LFV';
UPDATE `user_registration` SET total_downlines = total_downlines+1
WHERE `user_id` = 'RQMVUN';
UPDATE `user_registration` SET right_downlines = right_downlines+1
WHERE `user_id` = 'RQMVUN';
UPDATE `user_registration` SET total_downlines = total_downlines+1
WHERE `user_id` = '2IMQZU';
UPDATE `user_registration` SET right_downlines = right_downlines+1
WHERE `user_id` = '2IMQZU';
UPDATE `user_registration` SET total_downlines = total_downlines+1
WHERE `user_id` = 'JG24WL';
UPDATE `user_registration` SET right_downlines = right_downlines+1
WHERE `user_id` = 'JG24WL';
UPDATE `user_registration` SET total_downlines = total_downlines+1
WHERE `user_id` = 'LRU3QN';
UPDATE `user_registration` SET right_downlines = right_downlines+1
WHERE `user_id` = 'LRU3QN';
UPDATE `user_registration` SET total_downlines = total_downlines+1
WHERE `user_id` = '8T4E5T';
UPDATE `user_registration` SET right_downlines = right_downlines+1
WHERE `user_id` = '8T4E5T';
UPDATE `user_registration` SET total_downlines = total_downlines+1
WHERE `user_id` = 'ODRN5Y';
UPDATE `user_registration` SET right_downlines = right_downlines+1
WHERE `user_id` = 'ODRN5Y';
UPDATE `user_registration` SET total_downlines = total_downlines+1
WHERE `user_id` = 'ARKMZW';
UPDATE `user_registration` SET right_downlines = right_downlines+1
WHERE `user_id` = 'ARKMZW';
UPDATE `user_registration` SET total_downlines = total_downlines+1
WHERE `user_id` = 'PPK6PM';
UPDATE `user_registration` SET right_downlines = right_downlines+1
WHERE `user_id` = 'PPK6PM';
UPDATE `user_registration` SET total_downlines = total_downlines+1
WHERE `user_id` = 'L8GRV3';
UPDATE `user_registration` SET right_downlines = right_downlines+1
WHERE `user_id` = 'L8GRV3';
UPDATE `user_registration` SET total_downlines = total_downlines+1
WHERE `user_id` = '5SFJ8K';
UPDATE `user_registration` SET right_downlines = right_downlines+1
WHERE `user_id` = '5SFJ8K';
UPDATE `user_registration` SET total_downlines = total_downlines+1
WHERE `user_id` = 'QA8H7K';
UPDATE `user_registration` SET right_downlines = right_downlines+1
WHERE `user_id` = 'QA8H7K';
UPDATE `user_registration` SET right_ref_count = right_ref_count+1
WHERE `user_id` = 'QA8H7K';
UPDATE `user_registration` SET active_right = active_right+1
WHERE `user_id` = 'QA8H7K';
UPDATE `user_registration` SET `binary_qualified` = 'yes'
WHERE `user_id` = 'QA8H7K';
UPDATE `user_registration` SET total_downlines = total_downlines+1
WHERE `user_id` = 'XUNLL5';
UPDATE `user_registration` SET right_downlines = right_downlines+1
WHERE `user_id` = 'XUNLL5';
UPDATE `user_registration` SET total_downlines = total_downlines+1
WHERE `user_id` = 'admin';
UPDATE `user_registration` SET left_downlines = left_downlines+1
WHERE `user_id` = 'admin';
INSERT INTO `earnings` (`user_id`, `Purchaser_id`, `earning_type`, `package_id`, `amount`, `date`, `comments`, `invest_amount`, `comm_perc`, `level`) VALUES ('QA8H7K', 'M8W96K', 'Direct Referral Bonus', 0, '300', '2024-08-28 02:38:31', 'Direct Referral Bonus', 0, 0, 1);
UPDATE `user_registration` SET commission_balance = ROUND(commission_balance + 300,2)
WHERE `user_id` = 'QA8H7K';
UPDATE `bv_updation` SET right_carry = right_carry+250, total_right = total_right+250
WHERE `user_id` = '4YSR8G';
INSERT INTO `placement_bv_update_history` (`right_carry`, `date`, `from_id`, `user_id`) VALUES (250, '2024-08-28 02:38:31', 'M8W96K', '4YSR8G');
UPDATE `bv_updation` SET right_carry = right_carry+250, total_right = total_right+250
WHERE `user_id` = 'PZV3JY';
INSERT INTO `placement_bv_update_history` (`right_carry`, `date`, `from_id`, `user_id`) VALUES (250, '2024-08-28 02:38:31', 'M8W96K', 'PZV3JY');
UPDATE `bv_updation` SET right_carry = right_carry+250, total_right = total_right+250
WHERE `user_id` = '87B7KI';
INSERT INTO `placement_bv_update_history` (`right_carry`, `date`, `from_id`, `user_id`) VALUES (250, '2024-08-28 02:38:31', 'M8W96K', '87B7KI');
UPDATE `bv_updation` SET right_carry = right_carry+250, total_right = total_right+250
WHERE `user_id` = '512ZIP';
INSERT INTO `placement_bv_update_history` (`right_carry`, `date`, `from_id`, `user_id`) VALUES (250, '2024-08-28 02:38:31', 'M8W96K', '512ZIP');
UPDATE `bv_updation` SET right_carry = right_carry+250, total_right = total_right+250
WHERE `user_id` = 'NIBNEC';
INSERT INTO `placement_bv_update_history` (`right_carry`, `date`, `from_id`, `user_id`) VALUES (250, '2024-08-28 02:38:31', 'M8W96K', 'NIBNEC');
UPDATE `bv_updation` SET right_carry = right_carry+250, total_right = total_right+250
WHERE `user_id` = '75UZB4';
INSERT INTO `placement_bv_update_history` (`right_carry`, `date`, `from_id`, `user_id`) VALUES (250, '2024-08-28 02:38:31', 'M8W96K', '75UZB4');
UPDATE `bv_updation` SET right_carry = right_carry+250, total_right = total_right+250
WHERE `user_id` = 'VVGG3X';
INSERT INTO `placement_bv_update_history` (`right_carry`, `date`, `from_id`, `user_id`) VALUES (250, '2024-08-28 02:38:31', 'M8W96K', 'VVGG3X');
UPDATE `bv_updation` SET right_carry = right_carry+250, total_right = total_right+250
WHERE `user_id` = 'HNS9A8';
INSERT INTO `placement_bv_update_history` (`right_carry`, `date`, `from_id`, `user_id`) VALUES (250, '2024-08-28 02:38:31', 'M8W96K', 'HNS9A8');
UPDATE `bv_updation` SET right_carry = right_carry+250, total_right = total_right+250
WHERE `user_id` = 'R72IZI';
INSERT INTO `placement_bv_update_history` (`right_carry`, `date`, `from_id`, `user_id`) VALUES (250, '2024-08-28 02:38:31', 'M8W96K', 'R72IZI');
UPDATE `bv_updation` SET right_carry = right_carry+250, total_right = total_right+250
WHERE `user_id` = 'PD3QPX';
INSERT INTO `placement_bv_update_history` (`right_carry`, `date`, `from_id`, `user_id`) VALUES (250, '2024-08-28 02:38:31', 'M8W96K', 'PD3QPX');
UPDATE `bv_updation` SET right_carry = right_carry+250, total_right = total_right+250
WHERE `user_id` = 'HBSMS4';
INSERT INTO `placement_bv_update_history` (`right_carry`, `date`, `from_id`, `user_id`) VALUES (250, '2024-08-28 02:38:31', 'M8W96K', 'HBSMS4');
UPDATE `bv_updation` SET right_carry = right_carry+250, total_right = total_right+250
WHERE `user_id` = 'LJNVDM';
INSERT INTO `placement_bv_update_history` (`right_carry`, `date`, `from_id`, `user_id`) VALUES (250, '2024-08-28 02:38:31', 'M8W96K', 'LJNVDM');
UPDATE `bv_updation` SET right_carry = right_carry+250, total_right = total_right+250
WHERE `user_id` = 'CN2LFV';
INSERT INTO `placement_bv_update_history` (`right_carry`, `date`, `from_id`, `user_id`) VALUES (250, '2024-08-28 02:38:31', 'M8W96K', 'CN2LFV');
UPDATE `bv_updation` SET right_carry = right_carry+250, total_right = total_right+250
WHERE `user_id` = 'RQMVUN';
INSERT INTO `placement_bv_update_history` (`right_carry`, `date`, `from_id`, `user_id`) VALUES (250, '2024-08-28 02:38:31', 'M8W96K', 'RQMVUN');
UPDATE `bv_updation` SET right_carry = right_carry+250, total_right = total_right+250
WHERE `user_id` = '2IMQZU';
INSERT INTO `placement_bv_update_history` (`right_carry`, `date`, `from_id`, `user_id`) VALUES (250, '2024-08-28 02:38:31', 'M8W96K', '2IMQZU');
UPDATE `bv_updation` SET right_carry = right_carry+250, total_right = total_right+250
WHERE `user_id` = 'JG24WL';
INSERT INTO `placement_bv_update_history` (`right_carry`, `date`, `from_id`, `user_id`) VALUES (250, '2024-08-28 02:38:31', 'M8W96K', 'JG24WL');
UPDATE `bv_updation` SET right_carry = right_carry+250, total_right = total_right+250
WHERE `user_id` = 'LRU3QN';
INSERT INTO `placement_bv_update_history` (`right_carry`, `date`, `from_id`, `user_id`) VALUES (250, '2024-08-28 02:38:31', 'M8W96K', 'LRU3QN');
UPDATE `bv_updation` SET right_carry = right_carry+250, total_right = total_right+250
WHERE `user_id` = '8T4E5T';
INSERT INTO `placement_bv_update_history` (`right_carry`, `date`, `from_id`, `user_id`) VALUES (250, '2024-08-28 02:38:31', 'M8W96K', '8T4E5T');
UPDATE `bv_updation` SET right_carry = right_carry+250, total_right = total_right+250
WHERE `user_id` = 'ODRN5Y';
INSERT INTO `placement_bv_update_history` (`right_carry`, `date`, `from_id`, `user_id`) VALUES (250, '2024-08-28 02:38:31', 'M8W96K', 'ODRN5Y');
UPDATE `bv_updation` SET right_carry = right_carry+250, total_right = total_right+250
WHERE `user_id` = 'ARKMZW';
INSERT INTO `placement_bv_update_history` (`right_carry`, `date`, `from_id`, `user_id`) VALUES (250, '2024-08-28 02:38:31', 'M8W96K', 'ARKMZW');
UPDATE `bv_updation` SET right_carry = right_carry+250, total_right = total_right+250
WHERE `user_id` = 'PPK6PM';
INSERT INTO `placement_bv_update_history` (`right_carry`, `date`, `from_id`, `user_id`) VALUES (250, '2024-08-28 02:38:31', 'M8W96K', 'PPK6PM');
UPDATE `bv_updation` SET right_carry = right_carry+250, total_right = total_right+250
WHERE `user_id` = 'L8GRV3';
INSERT INTO `placement_bv_update_history` (`right_carry`, `date`, `from_id`, `user_id`) VALUES (250, '2024-08-28 02:38:31', 'M8W96K', 'L8GRV3');
UPDATE `bv_updation` SET right_carry = right_carry+250, total_right = total_right+250
WHERE `user_id` = '5SFJ8K';
INSERT INTO `placement_bv_update_history` (`right_carry`, `date`, `from_id`, `user_id`) VALUES (250, '2024-08-28 02:38:31', 'M8W96K', '5SFJ8K');
UPDATE `bv_updation` SET right_carry = right_carry+250, total_right = total_right+250
WHERE `user_id` = 'QA8H7K';
INSERT INTO `placement_bv_update_history` (`right_carry`, `date`, `from_id`, `user_id`) VALUES (250, '2024-08-28 02:38:31', 'M8W96K', 'QA8H7K');
UPDATE `bv_updation` SET sponsor_right_carry = sponsor_right_carry+250, sponsor_total_right = sponsor_total_right+250
WHERE `user_id` = 'QA8H7K';
INSERT INTO `sponsor_bv_update_history` (`right_carry`, `date`, `user_id`) VALUES (250, '2024-08-28 02:38:31', 'QA8H7K');
UPDATE `bv_updation` SET right_carry = right_carry+250, total_right = total_right+250
WHERE `user_id` = 'XUNLL5';
INSERT INTO `placement_bv_update_history` (`right_carry`, `date`, `from_id`, `user_id`) VALUES (250, '2024-08-28 02:38:31', 'M8W96K', 'XUNLL5');
UPDATE `bv_updation` SET left_carry = left_carry+250, total_left = total_left+250
WHERE `user_id` = 'admin';
INSERT INTO `placement_bv_update_history` (`left_carry`, `date`, `from_id`, `user_id`) VALUES (250, '2024-08-28 02:38:31', 'M8W96K', 'admin');
UPDATE `user_registration` SET `popup_seen` = 'yes'
WHERE `user_id` = 'QA8H7K';
UPDATE `user_registration` SET `uid` = '2180', `user_id` = 'GYXI64', `username` = 'maximo', `sponsor_id` = 'QA8H7K', `vacant` = 'no', `f_name` = 'maximo', `l_name` = 'm', `address` = '4900 n macdill ', `position` = 'left', `email` = 'maximo@gmail.com', `password` = 'f121ce0c25d4132766112471e6f70e2d', `phone` = '8139710000', `country` = 'United States', `state` = 'Florida', `city` = 'tampa', `street` = '4900 n macdill ', `zip_code` = '33604', `reg_ip` = '47.205.26.9', `status` = 1, `package_id` = 1, `rank_id` = 1, `highest_rank` = 1, `created` = '2024-08-28 02:39:49', `google_secret` = 'LXPDVY4VLRTBQEYF'
WHERE `uid` = '2180';
INSERT INTO `user_registration` (`uid`, `user_id`, `username`, `sponsor_id`, `placement_id`, `vacant`, `f_name`, `l_name`, `address`, `position`, `email`, `password`, `phone`, `reg_ip`, `status`, `created`) VALUES (NULL, 'LWCIJH', 'HYKiWTcj', 'GYXI64', 'GYXI64', 'yes', '', '', '', 'left', '@mail.com', '', '', '', 0, '2024-08-28 02:39:49');
INSERT INTO `user_registration` (`uid`, `user_id`, `username`, `sponsor_id`, `placement_id`, `vacant`, `f_name`, `l_name`, `address`, `position`, `email`, `password`, `phone`, `reg_ip`, `status`, `created`) VALUES (NULL, 'HNHDUC', 'rcyDWffB', 'GYXI64', 'GYXI64', 'yes', '', '', '', 'right', '@mail.com', '', '', '', 0, '2024-08-28 02:39:49');
INSERT INTO `bv_updation` (`user_id`) VALUES ('GYXI64');
UPDATE `user_registration` SET total_ref_count = total_ref_count+1
WHERE `user_id` = 'QA8H7K';
UPDATE `user_registration` SET total_downlines = total_downlines+1
WHERE `user_id` = 'LJA4WO';
UPDATE `user_registration` SET left_downlines = left_downlines+1
WHERE `user_id` = 'LJA4WO';
UPDATE `user_registration` SET total_downlines = total_downlines+1
WHERE `user_id` = 'U7289T';
UPDATE `user_registration` SET left_downlines = left_downlines+1
WHERE `user_id` = 'U7289T';
UPDATE `user_registration` SET total_downlines = total_downlines+1
WHERE `user_id` = '63FR7S';
UPDATE `user_registration` SET left_downlines = left_downlines+1
WHERE `user_id` = '63FR7S';
UPDATE `user_registration` SET total_downlines = total_downlines+1
WHERE `user_id` = 'B93JTT';
UPDATE `user_registration` SET left_downlines = left_downlines+1
WHERE `user_id` = 'B93JTT';
UPDATE `user_registration` SET total_downlines = total_downlines+1
WHERE `user_id` = 'PZ49QY';
UPDATE `user_registration` SET left_downlines = left_downlines+1
WHERE `user_id` = 'PZ49QY';
UPDATE `user_registration` SET total_downlines = total_downlines+1
WHERE `user_id` = '3AIZ2W';
UPDATE `user_registration` SET left_downlines = left_downlines+1
WHERE `user_id` = '3AIZ2W';
UPDATE `user_registration` SET total_downlines = total_downlines+1
WHERE `user_id` = 'V51KB5';
UPDATE `user_registration` SET left_downlines = left_downlines+1
WHERE `user_id` = 'V51KB5';
UPDATE `user_registration` SET total_downlines = total_downlines+1
WHERE `user_id` = 'ESVC3F';
UPDATE `user_registration` SET left_downlines = left_downlines+1
WHERE `user_id` = 'ESVC3F';
UPDATE `user_registration` SET total_downlines = total_downlines+1
WHERE `user_id` = 'TY3WIO';
UPDATE `user_registration` SET left_downlines = left_downlines+1
WHERE `user_id` = 'TY3WIO';
UPDATE `user_registration` SET total_downlines = total_downlines+1
WHERE `user_id` = 'Z9O1HD';
UPDATE `user_registration` SET left_downlines = left_downlines+1
WHERE `user_id` = 'Z9O1HD';
UPDATE `user_registration` SET total_downlines = total_downlines+1
WHERE `user_id` = 'C94VNN';
UPDATE `user_registration` SET left_downlines = left_downlines+1
WHERE `user_id` = 'C94VNN';
UPDATE `user_registration` SET total_downlines = total_downlines+1
WHERE `user_id` = '5BAUA6';
UPDATE `user_registration` SET left_downlines = left_downlines+1
WHERE `user_id` = '5BAUA6';
UPDATE `user_registration` SET total_downlines = total_downlines+1
WHERE `user_id` = '1ZZMBZ';
UPDATE `user_registration` SET left_downlines = left_downlines+1
WHERE `user_id` = '1ZZMBZ';
UPDATE `user_registration` SET total_downlines = total_downlines+1
WHERE `user_id` = 'A9A5TF';
UPDATE `user_registration` SET left_downlines = left_downlines+1
WHERE `user_id` = 'A9A5TF';
UPDATE `user_registration` SET total_downlines = total_downlines+1
WHERE `user_id` = '728VX3';
UPDATE `user_registration` SET left_downlines = left_downlines+1
WHERE `user_id` = '728VX3';
UPDATE `user_registration` SET total_downlines = total_downlines+1
WHERE `user_id` = 'W81BAR';
UPDATE `user_registration` SET left_downlines = left_downlines+1
WHERE `user_id` = 'W81BAR';
UPDATE `user_registration` SET total_downlines = total_downlines+1
WHERE `user_id` = 'S6ZDZH';
UPDATE `user_registration` SET left_downlines = left_downlines+1
WHERE `user_id` = 'S6ZDZH';
UPDATE `user_registration` SET total_downlines = total_downlines+1
WHERE `user_id` = 'VAKBAC';
UPDATE `user_registration` SET left_downlines = left_downlines+1
WHERE `user_id` = 'VAKBAC';
UPDATE `user_registration` SET total_downlines = total_downlines+1
WHERE `user_id` = '18HAWU';
UPDATE `user_registration` SET left_downlines = left_downlines+1
WHERE `user_id` = '18HAWU';
UPDATE `user_registration` SET total_downlines = total_downlines+1
WHERE `user_id` = 'BUI4RR';
UPDATE `user_registration` SET left_downlines = left_downlines+1
WHERE `user_id` = 'BUI4RR';
UPDATE `user_registration` SET total_downlines = total_downlines+1
WHERE `user_id` = '1KMYWN';
UPDATE `user_registration` SET left_downlines = left_downlines+1
WHERE `user_id` = '1KMYWN';
UPDATE `user_registration` SET total_downlines = total_downlines+1
WHERE `user_id` = '28ZKDZ';
UPDATE `user_registration` SET left_downlines = left_downlines+1
WHERE `user_id` = '28ZKDZ';
UPDATE `user_registration` SET total_downlines = total_downlines+1
WHERE `user_id` = '348AOL';
UPDATE `user_registration` SET left_downlines = left_downlines+1
WHERE `user_id` = '348AOL';
UPDATE `user_registration` SET total_downlines = total_downlines+1
WHERE `user_id` = 'QA8H7K';
UPDATE `user_registration` SET left_downlines = left_downlines+1
WHERE `user_id` = 'QA8H7K';
UPDATE `user_registration` SET left_ref_count = left_ref_count+1
WHERE `user_id` = 'QA8H7K';
UPDATE `user_registration` SET active_left = active_left+1
WHERE `user_id` = 'QA8H7K';
UPDATE `user_registration` SET `binary_qualified` = 'yes'
WHERE `user_id` = 'QA8H7K';
UPDATE `user_registration` SET total_downlines = total_downlines+1
WHERE `user_id` = 'XUNLL5';
UPDATE `user_registration` SET right_downlines = right_downlines+1
WHERE `user_id` = 'XUNLL5';
UPDATE `user_registration` SET total_downlines = total_downlines+1
WHERE `user_id` = 'admin';
UPDATE `user_registration` SET left_downlines = left_downlines+1
WHERE `user_id` = 'admin';
INSERT INTO `earnings` (`user_id`, `Purchaser_id`, `earning_type`, `package_id`, `amount`, `date`, `comments`, `invest_amount`, `comm_perc`, `level`) VALUES ('QA8H7K', 'GYXI64', 'Direct Referral Bonus', 0, '300', '2024-08-28 02:39:49', 'Direct Referral Bonus', 0, 0, 1);
UPDATE `user_registration` SET commission_balance = ROUND(commission_balance + 300,2)
WHERE `user_id` = 'QA8H7K';
UPDATE `bv_updation` SET left_carry = left_carry+250, total_left = total_left+250
WHERE `user_id` = 'LJA4WO';
INSERT INTO `placement_bv_update_history` (`left_carry`, `date`, `from_id`, `user_id`) VALUES (250, '2024-08-28 02:39:49', 'GYXI64', 'LJA4WO');
UPDATE `bv_updation` SET left_carry = left_carry+250, total_left = total_left+250
WHERE `user_id` = 'U7289T';
INSERT INTO `placement_bv_update_history` (`left_carry`, `date`, `from_id`, `user_id`) VALUES (250, '2024-08-28 02:39:49', 'GYXI64', 'U7289T');
UPDATE `bv_updation` SET left_carry = left_carry+250, total_left = total_left+250
WHERE `user_id` = '63FR7S';
INSERT INTO `placement_bv_update_history` (`left_carry`, `date`, `from_id`, `user_id`) VALUES (250, '2024-08-28 02:39:49', 'GYXI64', '63FR7S');
UPDATE `bv_updation` SET left_carry = left_carry+250, total_left = total_left+250
WHERE `user_id` = 'B93JTT';
INSERT INTO `placement_bv_update_history` (`left_carry`, `date`, `from_id`, `user_id`) VALUES (250, '2024-08-28 02:39:49', 'GYXI64', 'B93JTT');
UPDATE `bv_updation` SET left_carry = left_carry+250, total_left = total_left+250
WHERE `user_id` = 'PZ49QY';
INSERT INTO `placement_bv_update_history` (`left_carry`, `date`, `from_id`, `user_id`) VALUES (250, '2024-08-28 02:39:49', 'GYXI64', 'PZ49QY');
UPDATE `bv_updation` SET left_carry = left_carry+250, total_left = total_left+250
WHERE `user_id` = '3AIZ2W';
INSERT INTO `placement_bv_update_history` (`left_carry`, `date`, `from_id`, `user_id`) VALUES (250, '2024-08-28 02:39:49', 'GYXI64', '3AIZ2W');
UPDATE `bv_updation` SET left_carry = left_carry+250, total_left = total_left+250
WHERE `user_id` = 'V51KB5';
INSERT INTO `placement_bv_update_history` (`left_carry`, `date`, `from_id`, `user_id`) VALUES (250, '2024-08-28 02:39:49', 'GYXI64', 'V51KB5');
UPDATE `bv_updation` SET left_carry = left_carry+250, total_left = total_left+250
WHERE `user_id` = 'ESVC3F';
INSERT INTO `placement_bv_update_history` (`left_carry`, `date`, `from_id`, `user_id`) VALUES (250, '2024-08-28 02:39:49', 'GYXI64', 'ESVC3F');
UPDATE `bv_updation` SET left_carry = left_carry+250, total_left = total_left+250
WHERE `user_id` = 'TY3WIO';
INSERT INTO `placement_bv_update_history` (`left_carry`, `date`, `from_id`, `user_id`) VALUES (250, '2024-08-28 02:39:49', 'GYXI64', 'TY3WIO');
UPDATE `bv_updation` SET left_carry = left_carry+250, total_left = total_left+250
WHERE `user_id` = 'Z9O1HD';
INSERT INTO `placement_bv_update_history` (`left_carry`, `date`, `from_id`, `user_id`) VALUES (250, '2024-08-28 02:39:49', 'GYXI64', 'Z9O1HD');
UPDATE `bv_updation` SET left_carry = left_carry+250, total_left = total_left+250
WHERE `user_id` = 'C94VNN';
INSERT INTO `placement_bv_update_history` (`left_carry`, `date`, `from_id`, `user_id`) VALUES (250, '2024-08-28 02:39:49', 'GYXI64', 'C94VNN');
UPDATE `bv_updation` SET left_carry = left_carry+250, total_left = total_left+250
WHERE `user_id` = '5BAUA6';
INSERT INTO `placement_bv_update_history` (`left_carry`, `date`, `from_id`, `user_id`) VALUES (250, '2024-08-28 02:39:49', 'GYXI64', '5BAUA6');
UPDATE `bv_updation` SET left_carry = left_carry+250, total_left = total_left+250
WHERE `user_id` = '1ZZMBZ';
INSERT INTO `placement_bv_update_history` (`left_carry`, `date`, `from_id`, `user_id`) VALUES (250, '2024-08-28 02:39:49', 'GYXI64', '1ZZMBZ');
UPDATE `bv_updation` SET left_carry = left_carry+250, total_left = total_left+250
WHERE `user_id` = 'A9A5TF';
INSERT INTO `placement_bv_update_history` (`left_carry`, `date`, `from_id`, `user_id`) VALUES (250, '2024-08-28 02:39:49', 'GYXI64', 'A9A5TF');
UPDATE `bv_updation` SET left_carry = left_carry+250, total_left = total_left+250
WHERE `user_id` = '728VX3';
INSERT INTO `placement_bv_update_history` (`left_carry`, `date`, `from_id`, `user_id`) VALUES (250, '2024-08-28 02:39:49', 'GYXI64', '728VX3');
UPDATE `bv_updation` SET left_carry = left_carry+250, total_left = total_left+250
WHERE `user_id` = 'W81BAR';
INSERT INTO `placement_bv_update_history` (`left_carry`, `date`, `from_id`, `user_id`) VALUES (250, '2024-08-28 02:39:49', 'GYXI64', 'W81BAR');
UPDATE `bv_updation` SET left_carry = left_carry+250, total_left = total_left+250
WHERE `user_id` = 'S6ZDZH';
INSERT INTO `placement_bv_update_history` (`left_carry`, `date`, `from_id`, `user_id`) VALUES (250, '2024-08-28 02:39:49', 'GYXI64', 'S6ZDZH');
UPDATE `bv_updation` SET left_carry = left_carry+250, total_left = total_left+250
WHERE `user_id` = 'VAKBAC';
INSERT INTO `placement_bv_update_history` (`left_carry`, `date`, `from_id`, `user_id`) VALUES (250, '2024-08-28 02:39:49', 'GYXI64', 'VAKBAC');
UPDATE `bv_updation` SET left_carry = left_carry+250, total_left = total_left+250
WHERE `user_id` = '18HAWU';
INSERT INTO `placement_bv_update_history` (`left_carry`, `date`, `from_id`, `user_id`) VALUES (250, '2024-08-28 02:39:49', 'GYXI64', '18HAWU');
UPDATE `bv_updation` SET left_carry = left_carry+250, total_left = total_left+250
WHERE `user_id` = 'BUI4RR';
INSERT INTO `placement_bv_update_history` (`left_carry`, `date`, `from_id`, `user_id`) VALUES (250, '2024-08-28 02:39:49', 'GYXI64', 'BUI4RR');
UPDATE `bv_updation` SET left_carry = left_carry+250, total_left = total_left+250
WHERE `user_id` = '1KMYWN';
INSERT INTO `placement_bv_update_history` (`left_carry`, `date`, `from_id`, `user_id`) VALUES (250, '2024-08-28 02:39:49', 'GYXI64', '1KMYWN');
UPDATE `bv_updation` SET left_carry = left_carry+250, total_left = total_left+250
WHERE `user_id` = '28ZKDZ';
INSERT INTO `placement_bv_update_history` (`left_carry`, `date`, `from_id`, `user_id`) VALUES (250, '2024-08-28 02:39:49', 'GYXI64', '28ZKDZ');
UPDATE `bv_updation` SET left_carry = left_carry+250, total_left = total_left+250
WHERE `user_id` = '348AOL';
INSERT INTO `placement_bv_update_history` (`left_carry`, `date`, `from_id`, `user_id`) VALUES (250, '2024-08-28 02:39:49', 'GYXI64', '348AOL');
UPDATE `bv_updation` SET left_carry = left_carry+250, total_left = total_left+250
WHERE `user_id` = 'QA8H7K';
INSERT INTO `placement_bv_update_history` (`left_carry`, `date`, `from_id`, `user_id`) VALUES (250, '2024-08-28 02:39:49', 'GYXI64', 'QA8H7K');
UPDATE `bv_updation` SET sponsor_left_carry = sponsor_left_carry+250, sponsor_total_left = sponsor_total_left+250
WHERE `user_id` = 'QA8H7K';
INSERT INTO `sponsor_bv_update_history` (`left_carry`, `date`, `user_id`) VALUES (250, '2024-08-28 02:39:49', 'QA8H7K');
UPDATE `bv_updation` SET right_carry = right_carry+250, total_right = total_right+250
WHERE `user_id` = 'XUNLL5';
INSERT INTO `placement_bv_update_history` (`right_carry`, `date`, `from_id`, `user_id`) VALUES (250, '2024-08-28 02:39:49', 'GYXI64', 'XUNLL5');
UPDATE `bv_updation` SET left_carry = left_carry+250, total_left = total_left+250
WHERE `user_id` = 'admin';
INSERT INTO `placement_bv_update_history` (`left_carry`, `date`, `from_id`, `user_id`) VALUES (250, '2024-08-28 02:39:49', 'GYXI64', 'admin');
UPDATE `user_registration` SET `popup_seen` = 'yes'
WHERE `user_id` = 'QA8H7K';
UPDATE `user_registration` SET `uid` = '2183', `user_id` = 'LZFVK1', `username` = 'Omar', `sponsor_id` = 'QA8H7K', `vacant` = 'no', `f_name` = 'omar', `l_name` = 'a', `address` = '4900 n macdill ', `position` = 'right', `email` = 'omar@gmail.com', `password` = 'f121ce0c25d4132766112471e6f70e2d', `phone` = '813971000', `country` = 'United States', `state` = 'Florida', `city` = 'tampa', `street` = '4900 n macdill ', `zip_code` = '33604', `reg_ip` = '47.205.26.9', `status` = 1, `package_id` = 1, `rank_id` = 1, `highest_rank` = 1, `created` = '2024-08-28 02:41:13', `google_secret` = 'OQS5XIE2GDWEWTR2'
WHERE `uid` = '2183';
INSERT INTO `user_registration` (`uid`, `user_id`, `username`, `sponsor_id`, `placement_id`, `vacant`, `f_name`, `l_name`, `address`, `position`, `email`, `password`, `phone`, `reg_ip`, `status`, `created`) VALUES (NULL, 'EJQEXA', 'BkLlPJZz', 'LZFVK1', 'LZFVK1', 'yes', '', '', '', 'left', '@mail.com', '', '', '', 0, '2024-08-28 02:41:13');
INSERT INTO `user_registration` (`uid`, `user_id`, `username`, `sponsor_id`, `placement_id`, `vacant`, `f_name`, `l_name`, `address`, `position`, `email`, `password`, `phone`, `reg_ip`, `status`, `created`) VALUES (NULL, 'GTENIE', 'CBJqWmGc', 'LZFVK1', 'LZFVK1', 'yes', '', '', '', 'right', '@mail.com', '', '', '', 0, '2024-08-28 02:41:13');
INSERT INTO `bv_updation` (`user_id`) VALUES ('LZFVK1');
UPDATE `user_registration` SET total_ref_count = total_ref_count+1
WHERE `user_id` = 'QA8H7K';
UPDATE `user_registration` SET total_downlines = total_downlines+1
WHERE `user_id` = 'M8W96K';
UPDATE `user_registration` SET right_downlines = right_downlines+1
WHERE `user_id` = 'M8W96K';
UPDATE `user_registration` SET total_downlines = total_downlines+1
WHERE `user_id` = '4YSR8G';
UPDATE `user_registration` SET right_downlines = right_downlines+1
WHERE `user_id` = '4YSR8G';
UPDATE `user_registration` SET total_downlines = total_downlines+1
WHERE `user_id` = 'PZV3JY';
UPDATE `user_registration` SET right_downlines = right_downlines+1
WHERE `user_id` = 'PZV3JY';
UPDATE `user_registration` SET total_downlines = total_downlines+1
WHERE `user_id` = '87B7KI';
UPDATE `user_registration` SET right_downlines = right_downlines+1
WHERE `user_id` = '87B7KI';
UPDATE `user_registration` SET total_downlines = total_downlines+1
WHERE `user_id` = '512ZIP';
UPDATE `user_registration` SET right_downlines = right_downlines+1
WHERE `user_id` = '512ZIP';
UPDATE `user_registration` SET total_downlines = total_downlines+1
WHERE `user_id` = 'NIBNEC';
UPDATE `user_registration` SET right_downlines = right_downlines+1
WHERE `user_id` = 'NIBNEC';
UPDATE `user_registration` SET total_downlines = total_downlines+1
WHERE `user_id` = '75UZB4';
UPDATE `user_registration` SET right_downlines = right_downlines+1
WHERE `user_id` = '75UZB4';
UPDATE `user_registration` SET total_downlines = total_downlines+1
WHERE `user_id` = 'VVGG3X';
UPDATE `user_registration` SET right_downlines = right_downlines+1
WHERE `user_id` = 'VVGG3X';
UPDATE `user_registration` SET total_downlines = total_downlines+1
WHERE `user_id` = 'HNS9A8';
UPDATE `user_registration` SET right_downlines = right_downlines+1
WHERE `user_id` = 'HNS9A8';
UPDATE `user_registration` SET total_downlines = total_downlines+1
WHERE `user_id` = 'R72IZI';
UPDATE `user_registration` SET right_downlines = right_downlines+1
WHERE `user_id` = 'R72IZI';
UPDATE `user_registration` SET total_downlines = total_downlines+1
WHERE `user_id` = 'PD3QPX';
UPDATE `user_registration` SET right_downlines = right_downlines+1
WHERE `user_id` = 'PD3QPX';
UPDATE `user_registration` SET total_downlines = total_downlines+1
WHERE `user_id` = 'HBSMS4';
UPDATE `user_registration` SET right_downlines = right_downlines+1
WHERE `user_id` = 'HBSMS4';
UPDATE `user_registration` SET total_downlines = total_downlines+1
WHERE `user_id` = 'LJNVDM';
UPDATE `user_registration` SET right_downlines = right_downlines+1
WHERE `user_id` = 'LJNVDM';
UPDATE `user_registration` SET total_downlines = total_downlines+1
WHERE `user_id` = 'CN2LFV';
UPDATE `user_registration` SET right_downlines = right_downlines+1
WHERE `user_id` = 'CN2LFV';
UPDATE `user_registration` SET total_downlines = total_downlines+1
WHERE `user_id` = 'RQMVUN';
UPDATE `user_registration` SET right_downlines = right_downlines+1
WHERE `user_id` = 'RQMVUN';
UPDATE `user_registration` SET total_downlines = total_downlines+1
WHERE `user_id` = '2IMQZU';
UPDATE `user_registration` SET right_downlines = right_downlines+1
WHERE `user_id` = '2IMQZU';
UPDATE `user_registration` SET total_downlines = total_downlines+1
WHERE `user_id` = 'JG24WL';
UPDATE `user_registration` SET right_downlines = right_downlines+1
WHERE `user_id` = 'JG24WL';
UPDATE `user_registration` SET total_downlines = total_downlines+1
WHERE `user_id` = 'LRU3QN';
UPDATE `user_registration` SET right_downlines = right_downlines+1
WHERE `user_id` = 'LRU3QN';
UPDATE `user_registration` SET total_downlines = total_downlines+1
WHERE `user_id` = '8T4E5T';
UPDATE `user_registration` SET right_downlines = right_downlines+1
WHERE `user_id` = '8T4E5T';
UPDATE `user_registration` SET total_downlines = total_downlines+1
WHERE `user_id` = 'ODRN5Y';
UPDATE `user_registration` SET right_downlines = right_downlines+1
WHERE `user_id` = 'ODRN5Y';
UPDATE `user_registration` SET total_downlines = total_downlines+1
WHERE `user_id` = 'ARKMZW';
UPDATE `user_registration` SET right_downlines = right_downlines+1
WHERE `user_id` = 'ARKMZW';
UPDATE `user_registration` SET total_downlines = total_downlines+1
WHERE `user_id` = 'PPK6PM';
UPDATE `user_registration` SET right_downlines = right_downlines+1
WHERE `user_id` = 'PPK6PM';
UPDATE `user_registration` SET total_downlines = total_downlines+1
WHERE `user_id` = 'L8GRV3';
UPDATE `user_registration` SET right_downlines = right_downlines+1
WHERE `user_id` = 'L8GRV3';
UPDATE `user_registration` SET total_downlines = total_downlines+1
WHERE `user_id` = '5SFJ8K';
UPDATE `user_registration` SET right_downlines = right_downlines+1
WHERE `user_id` = '5SFJ8K';
UPDATE `user_registration` SET total_downlines = total_downlines+1
WHERE `user_id` = 'QA8H7K';
UPDATE `user_registration` SET right_downlines = right_downlines+1
WHERE `user_id` = 'QA8H7K';
UPDATE `user_registration` SET right_ref_count = right_ref_count+1
WHERE `user_id` = 'QA8H7K';
UPDATE `user_registration` SET active_right = active_right+1
WHERE `user_id` = 'QA8H7K';
UPDATE `user_registration` SET `binary_qualified` = 'yes'
WHERE `user_id` = 'QA8H7K';
UPDATE `user_registration` SET total_downlines = total_downlines+1
WHERE `user_id` = 'XUNLL5';
UPDATE `user_registration` SET right_downlines = right_downlines+1
WHERE `user_id` = 'XUNLL5';
UPDATE `user_registration` SET total_downlines = total_downlines+1
WHERE `user_id` = 'admin';
UPDATE `user_registration` SET left_downlines = left_downlines+1
WHERE `user_id` = 'admin';
INSERT INTO `earnings` (`user_id`, `Purchaser_id`, `earning_type`, `package_id`, `amount`, `date`, `comments`, `invest_amount`, `comm_perc`, `level`) VALUES ('QA8H7K', 'LZFVK1', 'Direct Referral Bonus', 0, '300', '2024-08-28 02:41:13', 'Direct Referral Bonus', 0, 0, 1);
UPDATE `user_registration` SET commission_balance = ROUND(commission_balance + 300,2)
WHERE `user_id` = 'QA8H7K';
UPDATE `bv_updation` SET right_carry = right_carry+250, total_right = total_right+250
WHERE `user_id` = 'M8W96K';
INSERT INTO `placement_bv_update_history` (`right_carry`, `date`, `from_id`, `user_id`) VALUES (250, '2024-08-28 02:41:13', 'LZFVK1', 'M8W96K');
UPDATE `bv_updation` SET right_carry = right_carry+250, total_right = total_right+250
WHERE `user_id` = '4YSR8G';
INSERT INTO `placement_bv_update_history` (`right_carry`, `date`, `from_id`, `user_id`) VALUES (250, '2024-08-28 02:41:13', 'LZFVK1', '4YSR8G');
UPDATE `bv_updation` SET right_carry = right_carry+250, total_right = total_right+250
WHERE `user_id` = 'PZV3JY';
INSERT INTO `placement_bv_update_history` (`right_carry`, `date`, `from_id`, `user_id`) VALUES (250, '2024-08-28 02:41:13', 'LZFVK1', 'PZV3JY');
UPDATE `bv_updation` SET right_carry = right_carry+250, total_right = total_right+250
WHERE `user_id` = '87B7KI';
INSERT INTO `placement_bv_update_history` (`right_carry`, `date`, `from_id`, `user_id`) VALUES (250, '2024-08-28 02:41:13', 'LZFVK1', '87B7KI');
UPDATE `bv_updation` SET right_carry = right_carry+250, total_right = total_right+250
WHERE `user_id` = '512ZIP';
INSERT INTO `placement_bv_update_history` (`right_carry`, `date`, `from_id`, `user_id`) VALUES (250, '2024-08-28 02:41:13', 'LZFVK1', '512ZIP');
UPDATE `bv_updation` SET right_carry = right_carry+250, total_right = total_right+250
WHERE `user_id` = 'NIBNEC';
INSERT INTO `placement_bv_update_history` (`right_carry`, `date`, `from_id`, `user_id`) VALUES (250, '2024-08-28 02:41:13', 'LZFVK1', 'NIBNEC');
UPDATE `bv_updation` SET right_carry = right_carry+250, total_right = total_right+250
WHERE `user_id` = '75UZB4';
INSERT INTO `placement_bv_update_history` (`right_carry`, `date`, `from_id`, `user_id`) VALUES (250, '2024-08-28 02:41:13', 'LZFVK1', '75UZB4');
UPDATE `bv_updation` SET right_carry = right_carry+250, total_right = total_right+250
WHERE `user_id` = 'VVGG3X';
INSERT INTO `placement_bv_update_history` (`right_carry`, `date`, `from_id`, `user_id`) VALUES (250, '2024-08-28 02:41:13', 'LZFVK1', 'VVGG3X');
UPDATE `bv_updation` SET right_carry = right_carry+250, total_right = total_right+250
WHERE `user_id` = 'HNS9A8';
INSERT INTO `placement_bv_update_history` (`right_carry`, `date`, `from_id`, `user_id`) VALUES (250, '2024-08-28 02:41:13', 'LZFVK1', 'HNS9A8');
UPDATE `bv_updation` SET right_carry = right_carry+250, total_right = total_right+250
WHERE `user_id` = 'R72IZI';
INSERT INTO `placement_bv_update_history` (`right_carry`, `date`, `from_id`, `user_id`) VALUES (250, '2024-08-28 02:41:13', 'LZFVK1', 'R72IZI');
UPDATE `bv_updation` SET right_carry = right_carry+250, total_right = total_right+250
WHERE `user_id` = 'PD3QPX';
INSERT INTO `placement_bv_update_history` (`right_carry`, `date`, `from_id`, `user_id`) VALUES (250, '2024-08-28 02:41:13', 'LZFVK1', 'PD3QPX');
UPDATE `bv_updation` SET right_carry = right_carry+250, total_right = total_right+250
WHERE `user_id` = 'HBSMS4';
INSERT INTO `placement_bv_update_history` (`right_carry`, `date`, `from_id`, `user_id`) VALUES (250, '2024-08-28 02:41:13', 'LZFVK1', 'HBSMS4');
UPDATE `bv_updation` SET right_carry = right_carry+250, total_right = total_right+250
WHERE `user_id` = 'LJNVDM';
INSERT INTO `placement_bv_update_history` (`right_carry`, `date`, `from_id`, `user_id`) VALUES (250, '2024-08-28 02:41:13', 'LZFVK1', 'LJNVDM');
UPDATE `bv_updation` SET right_carry = right_carry+250, total_right = total_right+250
WHERE `user_id` = 'CN2LFV';
INSERT INTO `placement_bv_update_history` (`right_carry`, `date`, `from_id`, `user_id`) VALUES (250, '2024-08-28 02:41:13', 'LZFVK1', 'CN2LFV');
UPDATE `bv_updation` SET right_carry = right_carry+250, total_right = total_right+250
WHERE `user_id` = 'RQMVUN';
INSERT INTO `placement_bv_update_history` (`right_carry`, `date`, `from_id`, `user_id`) VALUES (250, '2024-08-28 02:41:13', 'LZFVK1', 'RQMVUN');
UPDATE `bv_updation` SET right_carry = right_carry+250, total_right = total_right+250
WHERE `user_id` = '2IMQZU';
INSERT INTO `placement_bv_update_history` (`right_carry`, `date`, `from_id`, `user_id`) VALUES (250, '2024-08-28 02:41:13', 'LZFVK1', '2IMQZU');
UPDATE `bv_updation` SET right_carry = right_carry+250, total_right = total_right+250
WHERE `user_id` = 'JG24WL';
INSERT INTO `placement_bv_update_history` (`right_carry`, `date`, `from_id`, `user_id`) VALUES (250, '2024-08-28 02:41:13', 'LZFVK1', 'JG24WL');
UPDATE `bv_updation` SET right_carry = right_carry+250, total_right = total_right+250
WHERE `user_id` = 'LRU3QN';
INSERT INTO `placement_bv_update_history` (`right_carry`, `date`, `from_id`, `user_id`) VALUES (250, '2024-08-28 02:41:13', 'LZFVK1', 'LRU3QN');
UPDATE `bv_updation` SET right_carry = right_carry+250, total_right = total_right+250
WHERE `user_id` = '8T4E5T';
INSERT INTO `placement_bv_update_history` (`right_carry`, `date`, `from_id`, `user_id`) VALUES (250, '2024-08-28 02:41:13', 'LZFVK1', '8T4E5T');
UPDATE `bv_updation` SET right_carry = right_carry+250, total_right = total_right+250
WHERE `user_id` = 'ODRN5Y';
INSERT INTO `placement_bv_update_history` (`right_carry`, `date`, `from_id`, `user_id`) VALUES (250, '2024-08-28 02:41:13', 'LZFVK1', 'ODRN5Y');
UPDATE `bv_updation` SET right_carry = right_carry+250, total_right = total_right+250
WHERE `user_id` = 'ARKMZW';
INSERT INTO `placement_bv_update_history` (`right_carry`, `date`, `from_id`, `user_id`) VALUES (250, '2024-08-28 02:41:13', 'LZFVK1', 'ARKMZW');
UPDATE `bv_updation` SET right_carry = right_carry+250, total_right = total_right+250
WHERE `user_id` = 'PPK6PM';
INSERT INTO `placement_bv_update_history` (`right_carry`, `date`, `from_id`, `user_id`) VALUES (250, '2024-08-28 02:41:13', 'LZFVK1', 'PPK6PM');
UPDATE `bv_updation` SET right_carry = right_carry+250, total_right = total_right+250
WHERE `user_id` = 'L8GRV3';
INSERT INTO `placement_bv_update_history` (`right_carry`, `date`, `from_id`, `user_id`) VALUES (250, '2024-08-28 02:41:13', 'LZFVK1', 'L8GRV3');
UPDATE `bv_updation` SET right_carry = right_carry+250, total_right = total_right+250
WHERE `user_id` = '5SFJ8K';
INSERT INTO `placement_bv_update_history` (`right_carry`, `date`, `from_id`, `user_id`) VALUES (250, '2024-08-28 02:41:13', 'LZFVK1', '5SFJ8K');
UPDATE `bv_updation` SET right_carry = right_carry+250, total_right = total_right+250
WHERE `user_id` = 'QA8H7K';
INSERT INTO `placement_bv_update_history` (`right_carry`, `date`, `from_id`, `user_id`) VALUES (250, '2024-08-28 02:41:13', 'LZFVK1', 'QA8H7K');
UPDATE `bv_updation` SET sponsor_right_carry = sponsor_right_carry+250, sponsor_total_right = sponsor_total_right+250
WHERE `user_id` = 'QA8H7K';
INSERT INTO `sponsor_bv_update_history` (`right_carry`, `date`, `user_id`) VALUES (250, '2024-08-28 02:41:13', 'QA8H7K');
UPDATE `bv_updation` SET right_carry = right_carry+250, total_right = total_right+250
WHERE `user_id` = 'XUNLL5';
INSERT INTO `placement_bv_update_history` (`right_carry`, `date`, `from_id`, `user_id`) VALUES (250, '2024-08-28 02:41:13', 'LZFVK1', 'XUNLL5');
UPDATE `bv_updation` SET left_carry = left_carry+250, total_left = total_left+250
WHERE `user_id` = 'admin';
INSERT INTO `placement_bv_update_history` (`left_carry`, `date`, `from_id`, `user_id`) VALUES (250, '2024-08-28 02:41:13', 'LZFVK1', 'admin');
UPDATE `user_registration` SET `popup_seen` = 'yes'
WHERE `user_id` = 'QA8H7K';
UPDATE `ci_sessions` SET `timestamp` = 1724814785, `data` = '__ci_last_regenerate|i:1724814785;id|s:4:\"2039\";user_id|s:6:\"QA8H7K\";username|s:6:\"dayami\";sponsor_id|s:6:\"XUNLL5\";fullname|s:11:\"Dayami Leon\";email|s:23:\"anegociarfree@gmail.com\";phone|s:10:\"8139006115\";isLogIn|b:1;'
WHERE `id` = '14eb7d05c0eb5187f5d229ce9c708ee807344014';
UPDATE `user_registration` SET `popup_seen` = 'yes'
WHERE `user_id` = 'QA8H7K';
UPDATE `user_registration` SET `popup_seen` = 'no'
WHERE `user_id` = 'QA8H7K';
DELETE FROM `ci_sessions`
WHERE `id` = '87e541b5a4eb603552470e6f109972db67944bdc';
INSERT INTO `login_history` (`user_id`, `device`, `ip_address`, `date`) VALUES ('QA8H7K', 'Mozilla/5.0 (Macintosh; Intel Mac OS X 10_15_7) AppleWebKit/605.1.15 (KHTML, like Gecko) Version/17.4 Safari/605.1.15', '47.205.26.9', '24-08-28 21:30');
UPDATE `user_registration` SET `popup_seen` = 'yes'
WHERE `user_id` = 'QA8H7K';
UPDATE `user_registration` SET `popup_seen` = 'yes'
WHERE `user_id` = 'QA8H7K';
UPDATE `user_registration` SET `popup_seen` = 'no'
WHERE `user_id` = 'QA8H7K';
DELETE FROM `ci_sessions`
WHERE `id` = '31ce896a20b532b1cf56f38d893be8ca45225016';
INSERT INTO `login_history` (`user_id`, `device`, `ip_address`, `date`) VALUES ('admin', 'Mozilla/5.0 (Macintosh; Intel Mac OS X 10_15_7) AppleWebKit/537.36 (KHTML, like Gecko) Chrome/127.0.0.0 Safari/537.36', '103.94.137.138', '24-08-29 06:23');
UPDATE `user_registration` SET `popup_seen` = 'yes'
WHERE `user_id` = 'admin';
UPDATE `user_registration` SET `language` = 'english'
WHERE `user_id` = 'admin';
UPDATE `user_registration` SET `popup_seen` = 'yes'
WHERE `user_id` = 'admin';
UPDATE `user_registration` SET `popup_seen` = 'yes'
WHERE `user_id` = 'admin';
UPDATE `user_registration` SET `popup_seen` = 'yes'
WHERE `user_id` = 'admin';
UPDATE `user_registration` SET `popup_seen` = 'no'
WHERE `user_id` = 'admin';
DELETE FROM `ci_sessions`
WHERE `id` = '3bc8a4270d98b0b36dba8420fb37e70a8baa2a25';
UPDATE `admin` SET `last_login` = '2024-08-29 06:23:59', `ip_address` = '103.94.137.138'
WHERE `id` = '1';
UPDATE `admin` SET `last_logout` = '2024-08-29 06:27:41'
WHERE `id` IS NULL;
DELETE FROM `ci_sessions`
WHERE `id` = '2a023a5bb7289cc267809148923dd41e82382aa0';
UPDATE `ci_sessions` SET `timestamp` = 1724912931, `data` = '__ci_last_regenerate|i:1724912931;isLogIn|b:1;isAdmin|b:1;id|s:1:\"1\";fullname|s:11:\"admin admin\";user_level|s:5:\"Admin\";email|s:15:\"admin@admin.com\";image|s:53:\"upload/settings/4a1f1b602322adb837a7a3547ee69cf3.jpeg\";last_login|s:19:\"2024-08-27 05:43:05\";last_logout|s:19:\"2024-08-27 05:13:23\";ip_address|s:14:\"103.94.137.138\";'
WHERE `id` = 'b09f19697e4347eeded73cf5ef32990205264ff3';
UPDATE `ci_sessions` SET `timestamp` = 1724913363, `data` = '__ci_last_regenerate|i:1724913363;isLogIn|b:1;isAdmin|b:1;id|s:1:\"1\";fullname|s:11:\"admin admin\";user_level|s:5:\"Admin\";email|s:15:\"admin@admin.com\";image|s:53:\"upload/settings/4a1f1b602322adb837a7a3547ee69cf3.jpeg\";last_login|s:19:\"2024-08-27 05:43:05\";last_logout|s:19:\"2024-08-27 05:13:23\";ip_address|s:14:\"103.94.137.138\";'
WHERE `id` = '27cb8e747a9caba36436814dfeb143a9ecc0ed0a';
UPDATE `admin` SET `last_logout` = '2024-08-29 07:08:48'
WHERE `id` IS NULL;
DELETE FROM `ci_sessions`
WHERE `id` = 'b059577cf2281e8065b38f578d11e539ac9443ab';
UPDATE `admin` SET `last_login` = '2024-08-29 07:09:09', `ip_address` = '152.58.217.87'
WHERE `id` = '1';
UPDATE `admin` SET `last_login` = '2024-08-29 09:05:14', `ip_address` = '152.58.216.204'
WHERE `id` = '1';
UPDATE `user_registration` SET `uid` = '2028', `user_id` = 'TZPP1W', `username` = 'testuserG', `sponsor_id` = '273U59', `vacant` = 'no', `f_name` = 'teste', `l_name` = 'userE', `address` = 'gsgdsgsg', `position` = 'left', `email` = 'usere@gamil.com', `password` = 'e10adc3949ba59abbe56e057f20f883e', `phone` = '456456546456', `reg_ip` = '152.58.216.140', `status` = 1, `package_id` = 1, `rank_id` = 1, `highest_rank` = 1, `country` = 'United States', `state` = 'Alaska', `city` = 'ffff', `street` = 'dsdadas', `zip_code` = '5555', `created` = '2024-08-29 09:06:59', `google_secret` = 'B7AAKMIYO5FHZPYQ'
WHERE `uid` = '2028';
INSERT INTO `user_registration` (`uid`, `user_id`, `username`, `sponsor_id`, `placement_id`, `vacant`, `f_name`, `l_name`, `address`, `position`, `email`, `password`, `phone`, `reg_ip`, `status`, `created`) VALUES (NULL, 'ZZTCLQ', 'mkLuVCIW', 'TZPP1W', 'TZPP1W', 'yes', '', '', '', 'left', '@mail.com', '', '', '', 0, '2024-08-29 09:06:59');
INSERT INTO `user_registration` (`uid`, `user_id`, `username`, `sponsor_id`, `placement_id`, `vacant`, `f_name`, `l_name`, `address`, `position`, `email`, `password`, `phone`, `reg_ip`, `status`, `created`) VALUES (NULL, 'DUKOEZ', 'UJrOBFYp', 'TZPP1W', 'TZPP1W', 'yes', '', '', '', 'right', '@mail.com', '', '', '', 0, '2024-08-29 09:06:59');
INSERT INTO `bv_updation` (`user_id`) VALUES ('TZPP1W');
UPDATE `user_registration` SET total_ref_count = total_ref_count+1
WHERE `user_id` = '273U59';
UPDATE `user_registration` SET total_downlines = total_downlines+1
WHERE `user_id` = '273U59';
UPDATE `user_registration` SET left_downlines = left_downlines+1
WHERE `user_id` = '273U59';
UPDATE `user_registration` SET left_ref_count = left_ref_count+1
WHERE `user_id` = '273U59';
UPDATE `user_registration` SET active_left = active_left+1
WHERE `user_id` = '273U59';
UPDATE `bv_updation` SET `left_carry` = 0, `right_carry` = 500
WHERE `user_id` = '273U59';
UPDATE `user_registration` SET `binary_qualified` = 'yes'
WHERE `user_id` = '273U59';
UPDATE `user_registration` SET total_downlines = total_downlines+1
WHERE `user_id` = 'XGWXWK';
UPDATE `user_registration` SET right_downlines = right_downlines+1
WHERE `user_id` = 'XGWXWK';
UPDATE `user_registration` SET total_downlines = total_downlines+1
WHERE `user_id` = 'KWZ2U6';
UPDATE `user_registration` SET right_downlines = right_downlines+1
WHERE `user_id` = 'KWZ2U6';
UPDATE `user_registration` SET total_downlines = total_downlines+1
WHERE `user_id` = 'NRRM6L';
UPDATE `user_registration` SET right_downlines = right_downlines+1
WHERE `user_id` = 'NRRM6L';
UPDATE `user_registration` SET total_downlines = total_downlines+1
WHERE `user_id` = 'admin';
UPDATE `user_registration` SET right_downlines = right_downlines+1
WHERE `user_id` = 'admin';
INSERT INTO `earnings` (`user_id`, `Purchaser_id`, `earning_type`, `package_id`, `amount`, `date`, `comments`, `invest_amount`, `comm_perc`, `level`) VALUES ('273U59', 'TZPP1W', 'Direct Referral Bonus', 0, '300', '2024-08-29 09:06:59', 'Direct Referral Bonus', 0, 0, 1);
UPDATE `user_registration` SET commission_balance = ROUND(commission_balance + 300,2)
WHERE `user_id` = '273U59';
INSERT INTO `earnings` (`user_id`, `Purchaser_id`, `earning_type`, `package_id`, `amount`, `date`, `comments`, `invest_amount`, `comm_perc`, `level`) VALUES ('XGWXWK', 'TZPP1W', 'Expansion Bonus', 0, 100, '2024-08-29 09:06:59', 'Expansion Bonus', '300', 0, 1);
UPDATE `user_registration` SET commission_balance = ROUND(commission_balance + 100,2)
WHERE `user_id` = 'XGWXWK';
INSERT INTO `earnings` (`user_id`, `Purchaser_id`, `earning_type`, `package_id`, `amount`, `date`, `comments`, `invest_amount`, `comm_perc`, `level`) VALUES ('KWZ2U6', 'TZPP1W', 'Expansion Bonus', 0, 100, '2024-08-29 09:06:59', 'Expansion Bonus', 400, 0, 1);
UPDATE `user_registration` SET commission_balance = ROUND(commission_balance + 100,2)
WHERE `user_id` = 'KWZ2U6';
UPDATE `bv_updation` SET left_carry = left_carry+250, total_left = total_left+250
WHERE `user_id` = '273U59';
INSERT INTO `placement_bv_update_history` (`left_carry`, `date`, `from_id`, `user_id`) VALUES (250, '2024-08-29 09:06:59', 'TZPP1W', '273U59');
UPDATE `bv_updation` SET sponsor_left_carry = sponsor_left_carry+250, sponsor_total_left = sponsor_total_left+250
WHERE `user_id` = '273U59';
INSERT INTO `sponsor_bv_update_history` (`left_carry`, `date`, `user_id`) VALUES (250, '2024-08-29 09:06:59', '273U59');
UPDATE `bv_updation` SET right_carry = right_carry+250, total_right = total_right+250
WHERE `user_id` = 'XGWXWK';
INSERT INTO `placement_bv_update_history` (`right_carry`, `date`, `from_id`, `user_id`) VALUES (250, '2024-08-29 09:06:59', 'TZPP1W', 'XGWXWK');
UPDATE `bv_updation` SET right_carry = right_carry+250, total_right = total_right+250
WHERE `user_id` = 'KWZ2U6';
INSERT INTO `placement_bv_update_history` (`right_carry`, `date`, `from_id`, `user_id`) VALUES (250, '2024-08-29 09:06:59', 'TZPP1W', 'KWZ2U6');
UPDATE `bv_updation` SET right_carry = right_carry+250, total_right = total_right+250
WHERE `user_id` = 'NRRM6L';
INSERT INTO `placement_bv_update_history` (`right_carry`, `date`, `from_id`, `user_id`) VALUES (250, '2024-08-29 09:06:59', 'TZPP1W', 'NRRM6L');
UPDATE `bv_updation` SET right_carry = right_carry+250, total_right = total_right+250
WHERE `user_id` = 'admin';
INSERT INTO `placement_bv_update_history` (`right_carry`, `date`, `from_id`, `user_id`) VALUES (250, '2024-08-29 09:06:59', 'TZPP1W', 'admin');
INSERT INTO `cron_job_history` (`name`, `date_started`, `status`) VALUES ('calculate_rank_bonus', '2024-08-29 09:07:46', 'started');
INSERT INTO `earnings` (`user_id`, `Purchaser_id`, `earning_type`, `package_id`, `amount`, `date`, `comments`, `invest_amount`, `comm_perc`, `level`) VALUES ('admin', 'admin', 'Rank Bonus', 0, '700', '2024-08-29 09:07:46', 'Rank Bonus', '700', '700', '2');
UPDATE `user_registration` SET commission_balance = ROUND(commission_balance + 700,2)
WHERE `user_id` = 'admin';
INSERT INTO `monthly_cleared_data` (`user_id`, `left_carry`, `right_carry`, `rank_id`, `date`) VALUES ('admin', '18750', '2250', '2', '2024-08-29 09:07:46');
UPDATE `bv_updation` SET `rank_id` = 1
WHERE `user_id` = 'admin';
UPDATE `user_registration` SET `rank_id` = 1
WHERE `user_id` = 'admin';
UPDATE `bv_updation` SET left_carry = 0, right_carry = 0
WHERE `user_id` = 'admin';
INSERT INTO `earnings` (`user_id`, `Purchaser_id`, `earning_type`, `package_id`, `amount`, `date`, `comments`, `invest_amount`, `comm_perc`, `level`) VALUES ('XUNLL5', 'XUNLL5', 'Rank Bonus', 0, '2500', '2024-08-29 09:07:46', 'Rank Bonus', '2500', '2500', '3');
UPDATE `user_registration` SET commission_balance = ROUND(commission_balance + 2500,2)
WHERE `user_id` = 'XUNLL5';
INSERT INTO `monthly_cleared_data` (`user_id`, `left_carry`, `right_carry`, `rank_id`, `date`) VALUES ('XUNLL5', '6000', '12500', '3', '2024-08-29 09:07:46');
UPDATE `bv_updation` SET `rank_id` = 1
WHERE `user_id` = 'XUNLL5';
UPDATE `user_registration` SET `rank_id` = 1
WHERE `user_id` = 'XUNLL5';
UPDATE `bv_updation` SET left_carry = 0, right_carry = 0
WHERE `user_id` = 'XUNLL5';
INSERT INTO `earnings` (`user_id`, `Purchaser_id`, `earning_type`, `package_id`, `amount`, `date`, `comments`, `invest_amount`, `comm_perc`, `level`) VALUES ('NRRM6L', 'NRRM6L', 'Rank Bonus', 0, '50000', '2024-08-29 09:07:46', 'Rank Bonus', '50000', '50000', '6');
UPDATE `user_registration` SET commission_balance = ROUND(commission_balance + 50000,2)
WHERE `user_id` = 'NRRM6L';
INSERT INTO `monthly_cleared_data` (`user_id`, `left_carry`, `right_carry`, `rank_id`, `date`) VALUES ('NRRM6L', '0', '2000', '6', '2024-08-29 09:07:46');
UPDATE `bv_updation` SET `rank_id` = 1
WHERE `user_id` = 'NRRM6L';
UPDATE `user_registration` SET `rank_id` = 1
WHERE `user_id` = 'NRRM6L';
UPDATE `bv_updation` SET left_carry = 0, right_carry = 0
WHERE `user_id` = 'NRRM6L';
INSERT INTO `earnings` (`user_id`, `Purchaser_id`, `earning_type`, `package_id`, `amount`, `date`, `comments`, `invest_amount`, `comm_perc`, `level`) VALUES ('KWZ2U6', 'KWZ2U6', 'Rank Bonus', 0, '15000', '2024-08-29 09:07:46', 'Rank Bonus', '15000', '15000', '5');
UPDATE `user_registration` SET commission_balance = ROUND(commission_balance + 15000,2)
WHERE `user_id` = 'KWZ2U6';
INSERT INTO `monthly_cleared_data` (`user_id`, `left_carry`, `right_carry`, `rank_id`, `date`) VALUES ('KWZ2U6', '250', '1500', '5', '2024-08-29 09:07:46');
UPDATE `bv_updation` SET `rank_id` = 1
WHERE `user_id` = 'KWZ2U6';
UPDATE `user_registration` SET `rank_id` = 1
WHERE `user_id` = 'KWZ2U6';
UPDATE `bv_updation` SET left_carry = 0, right_carry = 0
WHERE `user_id` = 'KWZ2U6';
INSERT INTO `monthly_cleared_data` (`user_id`, `left_carry`, `right_carry`, `rank_id`, `date`) VALUES ('6BAGXE', '0', '0', '1', '2024-08-29 09:07:46');
UPDATE `bv_updation` SET `rank_id` = 1
WHERE `user_id` = '6BAGXE';
UPDATE `user_registration` SET `rank_id` = 1
WHERE `user_id` = '6BAGXE';
UPDATE `bv_updation` SET left_carry = 0, right_carry = 0
WHERE `user_id` = '6BAGXE';
INSERT INTO `earnings` (`user_id`, `Purchaser_id`, `earning_type`, `package_id`, `amount`, `date`, `comments`, `invest_amount`, `comm_perc`, `level`) VALUES ('XGWXWK', 'XGWXWK', 'Rank Bonus', 0, '6000', '2024-08-29 09:07:46', 'Rank Bonus', '6000', '6000', '4');
UPDATE `user_registration` SET commission_balance = ROUND(commission_balance + 6000,2)
WHERE `user_id` = 'XGWXWK';
INSERT INTO `monthly_cleared_data` (`user_id`, `left_carry`, `right_carry`, `rank_id`, `date`) VALUES ('XGWXWK', '250', '1000', '4', '2024-08-29 09:07:46');
UPDATE `bv_updation` SET `rank_id` = 1
WHERE `user_id` = 'XGWXWK';
UPDATE `user_registration` SET `rank_id` = 1
WHERE `user_id` = 'XGWXWK';
UPDATE `bv_updation` SET left_carry = 0, right_carry = 0
WHERE `user_id` = 'XGWXWK';
INSERT INTO `monthly_cleared_data` (`user_id`, `left_carry`, `right_carry`, `rank_id`, `date`) VALUES ('DILSP5', '0', '0', '1', '2024-08-29 09:07:46');
UPDATE `bv_updation` SET `rank_id` = 1
WHERE `user_id` = 'DILSP5';
UPDATE `user_registration` SET `rank_id` = 1
WHERE `user_id` = 'DILSP5';
UPDATE `bv_updation` SET left_carry = 0, right_carry = 0
WHERE `user_id` = 'DILSP5';
INSERT INTO `earnings` (`user_id`, `Purchaser_id`, `earning_type`, `package_id`, `amount`, `date`, `comments`, `invest_amount`, `comm_perc`, `level`) VALUES ('273U59', '273U59', 'Rank Bonus', 0, '2500', '2024-08-29 09:07:46', 'Rank Bonus', '2500', '2500', '3');
UPDATE `user_registration` SET commission_balance = ROUND(commission_balance + 2500,2)
WHERE `user_id` = '273U59';
INSERT INTO `monthly_cleared_data` (`user_id`, `left_carry`, `right_carry`, `rank_id`, `date`) VALUES ('273U59', '250', '500', '3', '2024-08-29 09:07:46');
UPDATE `bv_updation` SET `rank_id` = 1
WHERE `user_id` = '273U59';
UPDATE `user_registration` SET `rank_id` = 1
WHERE `user_id` = '273U59';
UPDATE `bv_updation` SET left_carry = 0, right_carry = 0
WHERE `user_id` = '273U59';
INSERT INTO `monthly_cleared_data` (`user_id`, `left_carry`, `right_carry`, `rank_id`, `date`) VALUES ('TZPP1W', '0', '0', '1', '2024-08-29 09:07:46');
UPDATE `bv_updation` SET `rank_id` = 1
WHERE `user_id` = 'TZPP1W';
UPDATE `user_registration` SET `rank_id` = 1
WHERE `user_id` = 'TZPP1W';
UPDATE `bv_updation` SET left_carry = 0, right_carry = 0
WHERE `user_id` = 'TZPP1W';
INSERT INTO `earnings` (`user_id`, `Purchaser_id`, `earning_type`, `package_id`, `amount`, `date`, `comments`, `invest_amount`, `comm_perc`, `level`) VALUES ('PBK6VS', 'PBK6VS', 'Rank Bonus', 0, '700', '2024-08-29 09:07:46', 'Rank Bonus', '700', '700', '2');
UPDATE `user_registration` SET commission_balance = ROUND(commission_balance + 700,2)
WHERE `user_id` = 'PBK6VS';
INSERT INTO `monthly_cleared_data` (`user_id`, `left_carry`, `right_carry`, `rank_id`, `date`) VALUES ('PBK6VS', '0', '250', '2', '2024-08-29 09:07:46');
UPDATE `bv_updation` SET `rank_id` = 1
WHERE `user_id` = 'PBK6VS';
UPDATE `user_registration` SET `rank_id` = 1
WHERE `user_id` = 'PBK6VS';
UPDATE `bv_updation` SET left_carry = 0, right_carry = 0
WHERE `user_id` = 'PBK6VS';
INSERT INTO `monthly_cleared_data` (`user_id`, `left_carry`, `right_carry`, `rank_id`, `date`) VALUES ('IEFJCE', '0', '0', '1', '2024-08-29 09:07:46');
UPDATE `bv_updation` SET `rank_id` = 1
WHERE `user_id` = 'IEFJCE';
UPDATE `user_registration` SET `rank_id` = 1
WHERE `user_id` = 'IEFJCE';
UPDATE `bv_updation` SET left_carry = 0, right_carry = 0
WHERE `user_id` = 'IEFJCE';
INSERT INTO `monthly_cleared_data` (`user_id`, `left_carry`, `right_carry`, `rank_id`, `date`) VALUES ('OJZVDU', '5750', '0', '1', '2024-08-29 09:07:46');
UPDATE `bv_updation` SET `rank_id` = 1
WHERE `user_id` = 'OJZVDU';
UPDATE `user_registration` SET `rank_id` = 1
WHERE `user_id` = 'OJZVDU';
UPDATE `bv_updation` SET left_carry = 0, right_carry = 0
WHERE `user_id` = 'OJZVDU';
INSERT INTO `earnings` (`user_id`, `Purchaser_id`, `earning_type`, `package_id`, `amount`, `date`, `comments`, `invest_amount`, `comm_perc`, `level`) VALUES ('QA8H7K', 'QA8H7K', 'Rank Bonus', 0, '2500', '2024-08-29 09:07:46', 'Rank Bonus', '2500', '2500', '3');
UPDATE `user_registration` SET commission_balance = ROUND(commission_balance + 2500,2)
WHERE `user_id` = 'QA8H7K';
INSERT INTO `monthly_cleared_data` (`user_id`, `left_carry`, `right_carry`, `rank_id`, `date`) VALUES ('QA8H7K', '5500', '5750', '3', '2024-08-29 09:07:46');
UPDATE `bv_updation` SET `rank_id` = 1
WHERE `user_id` = 'QA8H7K';
UPDATE `user_registration` SET `rank_id` = 1
WHERE `user_id` = 'QA8H7K';
UPDATE `bv_updation` SET left_carry = 0, right_carry = 0
WHERE `user_id` = 'QA8H7K';
INSERT INTO `monthly_cleared_data` (`user_id`, `left_carry`, `right_carry`, `rank_id`, `date`) VALUES ('348AOL', '5750', '0', '1', '2024-08-29 09:07:46');
UPDATE `bv_updation` SET `rank_id` = 1
WHERE `user_id` = '348AOL';
UPDATE `user_registration` SET `rank_id` = 1
WHERE `user_id` = '348AOL';
UPDATE `bv_updation` SET left_carry = 0, right_carry = 0
WHERE `user_id` = '348AOL';
INSERT INTO `monthly_cleared_data` (`user_id`, `left_carry`, `right_carry`, `rank_id`, `date`) VALUES ('5SFJ8K', '0', '6000', '1', '2024-08-29 09:07:46');
UPDATE `bv_updation` SET `rank_id` = 1
WHERE `user_id` = '5SFJ8K';
UPDATE `user_registration` SET `rank_id` = 1
WHERE `user_id` = '5SFJ8K';
UPDATE `bv_updation` SET left_carry = 0, right_carry = 0
WHERE `user_id` = '5SFJ8K';
INSERT INTO `monthly_cleared_data` (`user_id`, `left_carry`, `right_carry`, `rank_id`, `date`) VALUES ('B4C4I7', '5500', '0', '1', '2024-08-29 09:07:46');
UPDATE `bv_updation` SET `rank_id` = 1
WHERE `user_id` = 'B4C4I7';
UPDATE `user_registration` SET `rank_id` = 1
WHERE `user_id` = 'B4C4I7';
UPDATE `bv_updation` SET left_carry = 0, right_carry = 0
WHERE `user_id` = 'B4C4I7';
INSERT INTO `monthly_cleared_data` (`user_id`, `left_carry`, `right_carry`, `rank_id`, `date`) VALUES ('57637V', '5250', '0', '1', '2024-08-29 09:07:46');
UPDATE `bv_updation` SET `rank_id` = 1
WHERE `user_id` = '57637V';
UPDATE `user_registration` SET `rank_id` = 1
WHERE `user_id` = '57637V';
UPDATE `bv_updation` SET left_carry = 0, right_carry = 0
WHERE `user_id` = '57637V';
INSERT INTO `monthly_cleared_data` (`user_id`, `left_carry`, `right_carry`, `rank_id`, `date`) VALUES ('8H869T', '5000', '0', '1', '2024-08-29 09:07:46');
UPDATE `bv_updation` SET `rank_id` = 1
WHERE `user_id` = '8H869T';
UPDATE `user_registration` SET `rank_id` = 1
WHERE `user_id` = '8H869T';
UPDATE `bv_updation` SET left_carry = 0, right_carry = 0
WHERE `user_id` = '8H869T';
INSERT INTO `monthly_cleared_data` (`user_id`, `left_carry`, `right_carry`, `rank_id`, `date`) VALUES ('155P44', '4750', '0', '1', '2024-08-29 09:07:46');
UPDATE `bv_updation` SET `rank_id` = 1
WHERE `user_id` = '155P44';
UPDATE `user_registration` SET `rank_id` = 1
WHERE `user_id` = '155P44';
UPDATE `bv_updation` SET left_carry = 0, right_carry = 0
WHERE `user_id` = '155P44';
INSERT INTO `monthly_cleared_data` (`user_id`, `left_carry`, `right_carry`, `rank_id`, `date`) VALUES ('JK65W3', '4500', '0', '1', '2024-08-29 09:07:46');
UPDATE `bv_updation` SET `rank_id` = 1
WHERE `user_id` = 'JK65W3';
UPDATE `user_registration` SET `rank_id` = 1
WHERE `user_id` = 'JK65W3';
UPDATE `bv_updation` SET left_carry = 0, right_carry = 0
WHERE `user_id` = 'JK65W3';
INSERT INTO `monthly_cleared_data` (`user_id`, `left_carry`, `right_carry`, `rank_id`, `date`) VALUES ('1RDQV5', '4250', '0', '1', '2024-08-29 09:07:46');
UPDATE `bv_updation` SET `rank_id` = 1
WHERE `user_id` = '1RDQV5';
UPDATE `user_registration` SET `rank_id` = 1
WHERE `user_id` = '1RDQV5';
UPDATE `bv_updation` SET left_carry = 0, right_carry = 0
WHERE `user_id` = '1RDQV5';
INSERT INTO `monthly_cleared_data` (`user_id`, `left_carry`, `right_carry`, `rank_id`, `date`) VALUES ('PBDUZQ', '4000', '0', '1', '2024-08-29 09:07:46');
UPDATE `bv_updation` SET `rank_id` = 1
WHERE `user_id` = 'PBDUZQ';
UPDATE `user_registration` SET `rank_id` = 1
WHERE `user_id` = 'PBDUZQ';
UPDATE `bv_updation` SET left_carry = 0, right_carry = 0
WHERE `user_id` = 'PBDUZQ';
INSERT INTO `monthly_cleared_data` (`user_id`, `left_carry`, `right_carry`, `rank_id`, `date`) VALUES ('1FC6E2', '3750', '0', '1', '2024-08-29 09:07:46');
UPDATE `bv_updation` SET `rank_id` = 1
WHERE `user_id` = '1FC6E2';
UPDATE `user_registration` SET `rank_id` = 1
WHERE `user_id` = '1FC6E2';
UPDATE `bv_updation` SET left_carry = 0, right_carry = 0
WHERE `user_id` = '1FC6E2';
INSERT INTO `monthly_cleared_data` (`user_id`, `left_carry`, `right_carry`, `rank_id`, `date`) VALUES ('L8GRV3', '0', '5750', '1', '2024-08-29 09:07:46');
UPDATE `bv_updation` SET `rank_id` = 1
WHERE `user_id` = 'L8GRV3';
UPDATE `user_registration` SET `rank_id` = 1
WHERE `user_id` = 'L8GRV3';
UPDATE `bv_updation` SET left_carry = 0, right_carry = 0
WHERE `user_id` = 'L8GRV3';
INSERT INTO `monthly_cleared_data` (`user_id`, `left_carry`, `right_carry`, `rank_id`, `date`) VALUES ('PPK6PM', '0', '5500', '1', '2024-08-29 09:07:46');
UPDATE `bv_updation` SET `rank_id` = 1
WHERE `user_id` = 'PPK6PM';
UPDATE `user_registration` SET `rank_id` = 1
WHERE `user_id` = 'PPK6PM';
UPDATE `bv_updation` SET left_carry = 0, right_carry = 0
WHERE `user_id` = 'PPK6PM';
INSERT INTO `monthly_cleared_data` (`user_id`, `left_carry`, `right_carry`, `rank_id`, `date`) VALUES ('28ZKDZ', '5500', '0', '1', '2024-08-29 09:07:46');
UPDATE `bv_updation` SET `rank_id` = 1
WHERE `user_id` = '28ZKDZ';
UPDATE `user_registration` SET `rank_id` = 1
WHERE `user_id` = '28ZKDZ';
UPDATE `bv_updation` SET left_carry = 0, right_carry = 0
WHERE `user_id` = '28ZKDZ';
INSERT INTO `monthly_cleared_data` (`user_id`, `left_carry`, `right_carry`, `rank_id`, `date`) VALUES ('1SGGX7', '3500', '0', '1', '2024-08-29 09:07:46');
UPDATE `bv_updation` SET `rank_id` = 1
WHERE `user_id` = '1SGGX7';
UPDATE `user_registration` SET `rank_id` = 1
WHERE `user_id` = '1SGGX7';
UPDATE `bv_updation` SET left_carry = 0, right_carry = 0
WHERE `user_id` = '1SGGX7';
INSERT INTO `monthly_cleared_data` (`user_id`, `left_carry`, `right_carry`, `rank_id`, `date`) VALUES ('7VFKAZ', '3250', '0', '1', '2024-08-29 09:07:46');
UPDATE `bv_updation` SET `rank_id` = 1
WHERE `user_id` = '7VFKAZ';
UPDATE `user_registration` SET `rank_id` = 1
WHERE `user_id` = '7VFKAZ';
UPDATE `bv_updation` SET left_carry = 0, right_carry = 0
WHERE `user_id` = '7VFKAZ';
INSERT INTO `monthly_cleared_data` (`user_id`, `left_carry`, `right_carry`, `rank_id`, `date`) VALUES ('1KMYWN', '5250', '0', '1', '2024-08-29 09:07:46');
UPDATE `bv_updation` SET `rank_id` = 1
WHERE `user_id` = '1KMYWN';
UPDATE `user_registration` SET `rank_id` = 1
WHERE `user_id` = '1KMYWN';
UPDATE `bv_updation` SET left_carry = 0, right_carry = 0
WHERE `user_id` = '1KMYWN';
INSERT INTO `monthly_cleared_data` (`user_id`, `left_carry`, `right_carry`, `rank_id`, `date`) VALUES ('WCMPHI', '3000', '0', '1', '2024-08-29 09:07:46');
UPDATE `bv_updation` SET `rank_id` = 1
WHERE `user_id` = 'WCMPHI';
UPDATE `user_registration` SET `rank_id` = 1
WHERE `user_id` = 'WCMPHI';
UPDATE `bv_updation` SET left_carry = 0, right_carry = 0
WHERE `user_id` = 'WCMPHI';
INSERT INTO `monthly_cleared_data` (`user_id`, `left_carry`, `right_carry`, `rank_id`, `date`) VALUES ('ARKMZW', '0', '5250', '1', '2024-08-29 09:07:46');
UPDATE `bv_updation` SET `rank_id` = 1
WHERE `user_id` = 'ARKMZW';
UPDATE `user_registration` SET `rank_id` = 1
WHERE `user_id` = 'ARKMZW';
UPDATE `bv_updation` SET left_carry = 0, right_carry = 0
WHERE `user_id` = 'ARKMZW';
INSERT INTO `monthly_cleared_data` (`user_id`, `left_carry`, `right_carry`, `rank_id`, `date`) VALUES ('ODRN5Y', '0', '5000', '1', '2024-08-29 09:07:46');
UPDATE `bv_updation` SET `rank_id` = 1
WHERE `user_id` = 'ODRN5Y';
UPDATE `user_registration` SET `rank_id` = 1
WHERE `user_id` = 'ODRN5Y';
UPDATE `bv_updation` SET left_carry = 0, right_carry = 0
WHERE `user_id` = 'ODRN5Y';
INSERT INTO `monthly_cleared_data` (`user_id`, `left_carry`, `right_carry`, `rank_id`, `date`) VALUES ('BUI4RR', '5000', '0', '1', '2024-08-29 09:07:46');
UPDATE `bv_updation` SET `rank_id` = 1
WHERE `user_id` = 'BUI4RR';
UPDATE `user_registration` SET `rank_id` = 1
WHERE `user_id` = 'BUI4RR';
UPDATE `bv_updation` SET left_carry = 0, right_carry = 0
WHERE `user_id` = 'BUI4RR';
INSERT INTO `monthly_cleared_data` (`user_id`, `left_carry`, `right_carry`, `rank_id`, `date`) VALUES ('18HAWU', '4750', '0', '1', '2024-08-29 09:07:46');
UPDATE `bv_updation` SET `rank_id` = 1
WHERE `user_id` = '18HAWU';
UPDATE `user_registration` SET `rank_id` = 1
WHERE `user_id` = '18HAWU';
UPDATE `bv_updation` SET left_carry = 0, right_carry = 0
WHERE `user_id` = '18HAWU';
INSERT INTO `monthly_cleared_data` (`user_id`, `left_carry`, `right_carry`, `rank_id`, `date`) VALUES ('8T4E5T', '0', '4750', '1', '2024-08-29 09:07:46');
UPDATE `bv_updation` SET `rank_id` = 1
WHERE `user_id` = '8T4E5T';
UPDATE `user_registration` SET `rank_id` = 1
WHERE `user_id` = '8T4E5T';
UPDATE `bv_updation` SET left_carry = 0, right_carry = 0
WHERE `user_id` = '8T4E5T';
INSERT INTO `monthly_cleared_data` (`user_id`, `left_carry`, `right_carry`, `rank_id`, `date`) VALUES ('VAKBAC', '4500', '0', '1', '2024-08-29 09:07:46');
UPDATE `bv_updation` SET `rank_id` = 1
WHERE `user_id` = 'VAKBAC';
UPDATE `user_registration` SET `rank_id` = 1
WHERE `user_id` = 'VAKBAC';
UPDATE `bv_updation` SET left_carry = 0, right_carry = 0
WHERE `user_id` = 'VAKBAC';
INSERT INTO `monthly_cleared_data` (`user_id`, `left_carry`, `right_carry`, `rank_id`, `date`) VALUES ('LRU3QN', '0', '4500', '1', '2024-08-29 09:07:46');
UPDATE `bv_updation` SET `rank_id` = 1
WHERE `user_id` = 'LRU3QN';
UPDATE `user_registration` SET `rank_id` = 1
WHERE `user_id` = 'LRU3QN';
UPDATE `bv_updation` SET left_carry = 0, right_carry = 0
WHERE `user_id` = 'LRU3QN';
INSERT INTO `monthly_cleared_data` (`user_id`, `left_carry`, `right_carry`, `rank_id`, `date`) VALUES ('JG24WL', '0', '4250', '1', '2024-08-29 09:07:46');
UPDATE `bv_updation` SET `rank_id` = 1
WHERE `user_id` = 'JG24WL';
UPDATE `user_registration` SET `rank_id` = 1
WHERE `user_id` = 'JG24WL';
UPDATE `bv_updation` SET left_carry = 0, right_carry = 0
WHERE `user_id` = 'JG24WL';
INSERT INTO `monthly_cleared_data` (`user_id`, `left_carry`, `right_carry`, `rank_id`, `date`) VALUES ('2IMQZU', '0', '4000', '1', '2024-08-29 09:07:46');
UPDATE `bv_updation` SET `rank_id` = 1
WHERE `user_id` = '2IMQZU';
UPDATE `user_registration` SET `rank_id` = 1
WHERE `user_id` = '2IMQZU';
UPDATE `bv_updation` SET left_carry = 0, right_carry = 0
WHERE `user_id` = '2IMQZU';
INSERT INTO `monthly_cleared_data` (`user_id`, `left_carry`, `right_carry`, `rank_id`, `date`) VALUES ('S6ZDZH', '4250', '0', '1', '2024-08-29 09:07:46');
UPDATE `bv_updation` SET `rank_id` = 1
WHERE `user_id` = 'S6ZDZH';
UPDATE `user_registration` SET `rank_id` = 1
WHERE `user_id` = 'S6ZDZH';
UPDATE `bv_updation` SET left_carry = 0, right_carry = 0
WHERE `user_id` = 'S6ZDZH';
INSERT INTO `monthly_cleared_data` (`user_id`, `left_carry`, `right_carry`, `rank_id`, `date`) VALUES ('W81BAR', '4000', '0', '1', '2024-08-29 09:07:46');
UPDATE `bv_updation` SET `rank_id` = 1
WHERE `user_id` = 'W81BAR';
UPDATE `user_registration` SET `rank_id` = 1
WHERE `user_id` = 'W81BAR';
UPDATE `bv_updation` SET left_carry = 0, right_carry = 0
WHERE `user_id` = 'W81BAR';
INSERT INTO `monthly_cleared_data` (`user_id`, `left_carry`, `right_carry`, `rank_id`, `date`) VALUES ('728VX3', '3750', '0', '1', '2024-08-29 09:07:46');
UPDATE `bv_updation` SET `rank_id` = 1
WHERE `user_id` = '728VX3';
UPDATE `user_registration` SET `rank_id` = 1
WHERE `user_id` = '728VX3';
UPDATE `bv_updation` SET left_carry = 0, right_carry = 0
WHERE `user_id` = '728VX3';
INSERT INTO `monthly_cleared_data` (`user_id`, `left_carry`, `right_carry`, `rank_id`, `date`) VALUES ('RQMVUN', '0', '3750', '1', '2024-08-29 09:07:46');
UPDATE `bv_updation` SET `rank_id` = 1
WHERE `user_id` = 'RQMVUN';
UPDATE `user_registration` SET `rank_id` = 1
WHERE `user_id` = 'RQMVUN';
UPDATE `bv_updation` SET left_carry = 0, right_carry = 0
WHERE `user_id` = 'RQMVUN';
INSERT INTO `monthly_cleared_data` (`user_id`, `left_carry`, `right_carry`, `rank_id`, `date`) VALUES ('GRWFUM', '2750', '0', '1', '2024-08-29 09:07:46');
UPDATE `bv_updation` SET `rank_id` = 1
WHERE `user_id` = 'GRWFUM';
UPDATE `user_registration` SET `rank_id` = 1
WHERE `user_id` = 'GRWFUM';
UPDATE `bv_updation` SET left_carry = 0, right_carry = 0
WHERE `user_id` = 'GRWFUM';
INSERT INTO `monthly_cleared_data` (`user_id`, `left_carry`, `right_carry`, `rank_id`, `date`) VALUES ('A9A5TF', '3500', '0', '1', '2024-08-29 09:07:46');
UPDATE `bv_updation` SET `rank_id` = 1
WHERE `user_id` = 'A9A5TF';
UPDATE `user_registration` SET `rank_id` = 1
WHERE `user_id` = 'A9A5TF';
UPDATE `bv_updation` SET left_carry = 0, right_carry = 0
WHERE `user_id` = 'A9A5TF';
INSERT INTO `monthly_cleared_data` (`user_id`, `left_carry`, `right_carry`, `rank_id`, `date`) VALUES ('NC6JTL', '2500', '0', '1', '2024-08-29 09:07:46');
UPDATE `bv_updation` SET `rank_id` = 1
WHERE `user_id` = 'NC6JTL';
UPDATE `user_registration` SET `rank_id` = 1
WHERE `user_id` = 'NC6JTL';
UPDATE `bv_updation` SET left_carry = 0, right_carry = 0
WHERE `user_id` = 'NC6JTL';
INSERT INTO `monthly_cleared_data` (`user_id`, `left_carry`, `right_carry`, `rank_id`, `date`) VALUES ('CN2LFV', '0', '3500', '1', '2024-08-29 09:07:46');
UPDATE `bv_updation` SET `rank_id` = 1
WHERE `user_id` = 'CN2LFV';
UPDATE `user_registration` SET `rank_id` = 1
WHERE `user_id` = 'CN2LFV';
UPDATE `bv_updation` SET left_carry = 0, right_carry = 0
WHERE `user_id` = 'CN2LFV';
INSERT INTO `monthly_cleared_data` (`user_id`, `left_carry`, `right_carry`, `rank_id`, `date`) VALUES ('OCT6PM', '2250', '0', '1', '2024-08-29 09:07:46');
UPDATE `bv_updation` SET `rank_id` = 1
WHERE `user_id` = 'OCT6PM';
UPDATE `user_registration` SET `rank_id` = 1
WHERE `user_id` = 'OCT6PM';
UPDATE `bv_updation` SET left_carry = 0, right_carry = 0
WHERE `user_id` = 'OCT6PM';
INSERT INTO `monthly_cleared_data` (`user_id`, `left_carry`, `right_carry`, `rank_id`, `date`) VALUES ('1ZZMBZ', '3250', '0', '1', '2024-08-29 09:07:46');
UPDATE `bv_updation` SET `rank_id` = 1
WHERE `user_id` = '1ZZMBZ';
UPDATE `user_registration` SET `rank_id` = 1
WHERE `user_id` = '1ZZMBZ';
UPDATE `bv_updation` SET left_carry = 0, right_carry = 0
WHERE `user_id` = '1ZZMBZ';
INSERT INTO `monthly_cleared_data` (`user_id`, `left_carry`, `right_carry`, `rank_id`, `date`) VALUES ('4LVQJY', '2000', '0', '1', '2024-08-29 09:07:46');
UPDATE `bv_updation` SET `rank_id` = 1
WHERE `user_id` = '4LVQJY';
UPDATE `user_registration` SET `rank_id` = 1
WHERE `user_id` = '4LVQJY';
UPDATE `bv_updation` SET left_carry = 0, right_carry = 0
WHERE `user_id` = '4LVQJY';
INSERT INTO `monthly_cleared_data` (`user_id`, `left_carry`, `right_carry`, `rank_id`, `date`) VALUES ('LJNVDM', '0', '3250', '1', '2024-08-29 09:07:46');
UPDATE `bv_updation` SET `rank_id` = 1
WHERE `user_id` = 'LJNVDM';
UPDATE `user_registration` SET `rank_id` = 1
WHERE `user_id` = 'LJNVDM';
UPDATE `bv_updation` SET left_carry = 0, right_carry = 0
WHERE `user_id` = 'LJNVDM';
INSERT INTO `monthly_cleared_data` (`user_id`, `left_carry`, `right_carry`, `rank_id`, `date`) VALUES ('5BAUA6', '3000', '0', '1', '2024-08-29 09:07:46');
UPDATE `bv_updation` SET `rank_id` = 1
WHERE `user_id` = '5BAUA6';
UPDATE `user_registration` SET `rank_id` = 1
WHERE `user_id` = '5BAUA6';
UPDATE `bv_updation` SET left_carry = 0, right_carry = 0
WHERE `user_id` = '5BAUA6';
INSERT INTO `monthly_cleared_data` (`user_id`, `left_carry`, `right_carry`, `rank_id`, `date`) VALUES ('GCIQQH', '1750', '0', '1', '2024-08-29 09:07:46');
UPDATE `bv_updation` SET `rank_id` = 1
WHERE `user_id` = 'GCIQQH';
UPDATE `user_registration` SET `rank_id` = 1
WHERE `user_id` = 'GCIQQH';
UPDATE `bv_updation` SET left_carry = 0, right_carry = 0
WHERE `user_id` = 'GCIQQH';
INSERT INTO `monthly_cleared_data` (`user_id`, `left_carry`, `right_carry`, `rank_id`, `date`) VALUES ('FVAKA8', '1500', '0', '1', '2024-08-29 09:07:46');
UPDATE `bv_updation` SET `rank_id` = 1
WHERE `user_id` = 'FVAKA8';
UPDATE `user_registration` SET `rank_id` = 1
WHERE `user_id` = 'FVAKA8';
UPDATE `bv_updation` SET left_carry = 0, right_carry = 0
WHERE `user_id` = 'FVAKA8';
INSERT INTO `monthly_cleared_data` (`user_id`, `left_carry`, `right_carry`, `rank_id`, `date`) VALUES ('HBSMS4', '0', '3000', '1', '2024-08-29 09:07:46');
UPDATE `bv_updation` SET `rank_id` = 1
WHERE `user_id` = 'HBSMS4';
UPDATE `user_registration` SET `rank_id` = 1
WHERE `user_id` = 'HBSMS4';
UPDATE `bv_updation` SET left_carry = 0, right_carry = 0
WHERE `user_id` = 'HBSMS4';
INSERT INTO `monthly_cleared_data` (`user_id`, `left_carry`, `right_carry`, `rank_id`, `date`) VALUES ('Y3SE7L', '1250', '0', '1', '2024-08-29 09:07:46');
UPDATE `bv_updation` SET `rank_id` = 1
WHERE `user_id` = 'Y3SE7L';
UPDATE `user_registration` SET `rank_id` = 1
WHERE `user_id` = 'Y3SE7L';
UPDATE `bv_updation` SET left_carry = 0, right_carry = 0
WHERE `user_id` = 'Y3SE7L';
INSERT INTO `monthly_cleared_data` (`user_id`, `left_carry`, `right_carry`, `rank_id`, `date`) VALUES ('7QEEMG', '1000', '0', '1', '2024-08-29 09:07:46');
UPDATE `bv_updation` SET `rank_id` = 1
WHERE `user_id` = '7QEEMG';
UPDATE `user_registration` SET `rank_id` = 1
WHERE `user_id` = '7QEEMG';
UPDATE `bv_updation` SET left_carry = 0, right_carry = 0
WHERE `user_id` = '7QEEMG';
INSERT INTO `monthly_cleared_data` (`user_id`, `left_carry`, `right_carry`, `rank_id`, `date`) VALUES ('1OONMO', '750', '0', '1', '2024-08-29 09:07:46');
UPDATE `bv_updation` SET `rank_id` = 1
WHERE `user_id` = '1OONMO';
UPDATE `user_registration` SET `rank_id` = 1
WHERE `user_id` = '1OONMO';
UPDATE `bv_updation` SET left_carry = 0, right_carry = 0
WHERE `user_id` = '1OONMO';
INSERT INTO `monthly_cleared_data` (`user_id`, `left_carry`, `right_carry`, `rank_id`, `date`) VALUES ('C94VNN', '2750', '0', '1', '2024-08-29 09:07:46');
UPDATE `bv_updation` SET `rank_id` = 1
WHERE `user_id` = 'C94VNN';
UPDATE `user_registration` SET `rank_id` = 1
WHERE `user_id` = 'C94VNN';
UPDATE `bv_updation` SET left_carry = 0, right_carry = 0
WHERE `user_id` = 'C94VNN';
INSERT INTO `monthly_cleared_data` (`user_id`, `left_carry`, `right_carry`, `rank_id`, `date`) VALUES ('FOUOAI', '500', '0', '1', '2024-08-29 09:07:46');
UPDATE `bv_updation` SET `rank_id` = 1
WHERE `user_id` = 'FOUOAI';
UPDATE `user_registration` SET `rank_id` = 1
WHERE `user_id` = 'FOUOAI';
UPDATE `bv_updation` SET left_carry = 0, right_carry = 0
WHERE `user_id` = 'FOUOAI';
INSERT INTO `monthly_cleared_data` (`user_id`, `left_carry`, `right_carry`, `rank_id`, `date`) VALUES ('PD3QPX', '0', '2750', '1', '2024-08-29 09:07:46');
UPDATE `bv_updation` SET `rank_id` = 1
WHERE `user_id` = 'PD3QPX';
UPDATE `user_registration` SET `rank_id` = 1
WHERE `user_id` = 'PD3QPX';
UPDATE `bv_updation` SET left_carry = 0, right_carry = 0
WHERE `user_id` = 'PD3QPX';
INSERT INTO `monthly_cleared_data` (`user_id`, `left_carry`, `right_carry`, `rank_id`, `date`) VALUES ('NWHLF2', '250', '0', '1', '2024-08-29 09:07:46');
UPDATE `bv_updation` SET `rank_id` = 1
WHERE `user_id` = 'NWHLF2';
UPDATE `user_registration` SET `rank_id` = 1
WHERE `user_id` = 'NWHLF2';
UPDATE `bv_updation` SET left_carry = 0, right_carry = 0
WHERE `user_id` = 'NWHLF2';
INSERT INTO `monthly_cleared_data` (`user_id`, `left_carry`, `right_carry`, `rank_id`, `date`) VALUES ('Z9O1HD', '2500', '0', '1', '2024-08-29 09:07:46');
UPDATE `bv_updation` SET `rank_id` = 1
WHERE `user_id` = 'Z9O1HD';
UPDATE `user_registration` SET `rank_id` = 1
WHERE `user_id` = 'Z9O1HD';
UPDATE `bv_updation` SET left_carry = 0, right_carry = 0
WHERE `user_id` = 'Z9O1HD';
INSERT INTO `monthly_cleared_data` (`user_id`, `left_carry`, `right_carry`, `rank_id`, `date`) VALUES ('4XINOJ', '0', '0', '1', '2024-08-29 09:07:46');
UPDATE `bv_updation` SET `rank_id` = 1
WHERE `user_id` = '4XINOJ';
UPDATE `user_registration` SET `rank_id` = 1
WHERE `user_id` = '4XINOJ';
UPDATE `bv_updation` SET left_carry = 0, right_carry = 0
WHERE `user_id` = '4XINOJ';
INSERT INTO `monthly_cleared_data` (`user_id`, `left_carry`, `right_carry`, `rank_id`, `date`) VALUES ('R72IZI', '0', '2500', '1', '2024-08-29 09:07:46');
UPDATE `bv_updation` SET `rank_id` = 1
WHERE `user_id` = 'R72IZI';
UPDATE `user_registration` SET `rank_id` = 1
WHERE `user_id` = 'R72IZI';
UPDATE `bv_updation` SET left_carry = 0, right_carry = 0
WHERE `user_id` = 'R72IZI';
INSERT INTO `monthly_cleared_data` (`user_id`, `left_carry`, `right_carry`, `rank_id`, `date`) VALUES ('TY3WIO', '2250', '0', '1', '2024-08-29 09:07:46');
UPDATE `bv_updation` SET `rank_id` = 1
WHERE `user_id` = 'TY3WIO';
UPDATE `user_registration` SET `rank_id` = 1
WHERE `user_id` = 'TY3WIO';
UPDATE `bv_updation` SET left_carry = 0, right_carry = 0
WHERE `user_id` = 'TY3WIO';
INSERT INTO `monthly_cleared_data` (`user_id`, `left_carry`, `right_carry`, `rank_id`, `date`) VALUES ('HNS9A8', '0', '2250', '1', '2024-08-29 09:07:46');
UPDATE `bv_updation` SET `rank_id` = 1
WHERE `user_id` = 'HNS9A8';
UPDATE `user_registration` SET `rank_id` = 1
WHERE `user_id` = 'HNS9A8';
UPDATE `bv_updation` SET left_carry = 0, right_carry = 0
WHERE `user_id` = 'HNS9A8';
INSERT INTO `monthly_cleared_data` (`user_id`, `left_carry`, `right_carry`, `rank_id`, `date`) VALUES ('ESVC3F', '2000', '0', '1', '2024-08-29 09:07:46');
UPDATE `bv_updation` SET `rank_id` = 1
WHERE `user_id` = 'ESVC3F';
UPDATE `user_registration` SET `rank_id` = 1
WHERE `user_id` = 'ESVC3F';
UPDATE `bv_updation` SET left_carry = 0, right_carry = 0
WHERE `user_id` = 'ESVC3F';
INSERT INTO `monthly_cleared_data` (`user_id`, `left_carry`, `right_carry`, `rank_id`, `date`) VALUES ('VVGG3X', '0', '2000', '1', '2024-08-29 09:07:46');
UPDATE `bv_updation` SET `rank_id` = 1
WHERE `user_id` = 'VVGG3X';
UPDATE `user_registration` SET `rank_id` = 1
WHERE `user_id` = 'VVGG3X';
UPDATE `bv_updation` SET left_carry = 0, right_carry = 0
WHERE `user_id` = 'VVGG3X';
INSERT INTO `monthly_cleared_data` (`user_id`, `left_carry`, `right_carry`, `rank_id`, `date`) VALUES ('V51KB5', '1750', '0', '1', '2024-08-29 09:07:46');
UPDATE `bv_updation` SET `rank_id` = 1
WHERE `user_id` = 'V51KB5';
UPDATE `user_registration` SET `rank_id` = 1
WHERE `user_id` = 'V51KB5';
UPDATE `bv_updation` SET left_carry = 0, right_carry = 0
WHERE `user_id` = 'V51KB5';
INSERT INTO `monthly_cleared_data` (`user_id`, `left_carry`, `right_carry`, `rank_id`, `date`) VALUES ('75UZB4', '0', '1750', '1', '2024-08-29 09:07:46');
UPDATE `bv_updation` SET `rank_id` = 1
WHERE `user_id` = '75UZB4';
UPDATE `user_registration` SET `rank_id` = 1
WHERE `user_id` = '75UZB4';
UPDATE `bv_updation` SET left_carry = 0, right_carry = 0
WHERE `user_id` = '75UZB4';
INSERT INTO `monthly_cleared_data` (`user_id`, `left_carry`, `right_carry`, `rank_id`, `date`) VALUES ('3AIZ2W', '1500', '0', '1', '2024-08-29 09:07:46');
UPDATE `bv_updation` SET `rank_id` = 1
WHERE `user_id` = '3AIZ2W';
UPDATE `user_registration` SET `rank_id` = 1
WHERE `user_id` = '3AIZ2W';
UPDATE `bv_updation` SET left_carry = 0, right_carry = 0
WHERE `user_id` = '3AIZ2W';
INSERT INTO `monthly_cleared_data` (`user_id`, `left_carry`, `right_carry`, `rank_id`, `date`) VALUES ('NIBNEC', '0', '1500', '1', '2024-08-29 09:07:46');
UPDATE `bv_updation` SET `rank_id` = 1
WHERE `user_id` = 'NIBNEC';
UPDATE `user_registration` SET `rank_id` = 1
WHERE `user_id` = 'NIBNEC';
UPDATE `bv_updation` SET left_carry = 0, right_carry = 0
WHERE `user_id` = 'NIBNEC';
INSERT INTO `monthly_cleared_data` (`user_id`, `left_carry`, `right_carry`, `rank_id`, `date`) VALUES ('PZ49QY', '1250', '0', '1', '2024-08-29 09:07:46');
UPDATE `bv_updation` SET `rank_id` = 1
WHERE `user_id` = 'PZ49QY';
UPDATE `user_registration` SET `rank_id` = 1
WHERE `user_id` = 'PZ49QY';
UPDATE `bv_updation` SET left_carry = 0, right_carry = 0
WHERE `user_id` = 'PZ49QY';
INSERT INTO `monthly_cleared_data` (`user_id`, `left_carry`, `right_carry`, `rank_id`, `date`) VALUES ('512ZIP', '0', '1250', '1', '2024-08-29 09:07:46');
UPDATE `bv_updation` SET `rank_id` = 1
WHERE `user_id` = '512ZIP';
UPDATE `user_registration` SET `rank_id` = 1
WHERE `user_id` = '512ZIP';
UPDATE `bv_updation` SET left_carry = 0, right_carry = 0
WHERE `user_id` = '512ZIP';
INSERT INTO `monthly_cleared_data` (`user_id`, `left_carry`, `right_carry`, `rank_id`, `date`) VALUES ('B93JTT', '1000', '0', '1', '2024-08-29 09:07:46');
UPDATE `bv_updation` SET `rank_id` = 1
WHERE `user_id` = 'B93JTT';
UPDATE `user_registration` SET `rank_id` = 1
WHERE `user_id` = 'B93JTT';
UPDATE `bv_updation` SET left_carry = 0, right_carry = 0
WHERE `user_id` = 'B93JTT';
INSERT INTO `monthly_cleared_data` (`user_id`, `left_carry`, `right_carry`, `rank_id`, `date`) VALUES ('87B7KI', '0', '1000', '1', '2024-08-29 09:07:46');
UPDATE `bv_updation` SET `rank_id` = 1
WHERE `user_id` = '87B7KI';
UPDATE `user_registration` SET `rank_id` = 1
WHERE `user_id` = '87B7KI';
UPDATE `bv_updation` SET left_carry = 0, right_carry = 0
WHERE `user_id` = '87B7KI';
INSERT INTO `monthly_cleared_data` (`user_id`, `left_carry`, `right_carry`, `rank_id`, `date`) VALUES ('63FR7S', '750', '0', '1', '2024-08-29 09:07:46');
UPDATE `bv_updation` SET `rank_id` = 1
WHERE `user_id` = '63FR7S';
UPDATE `user_registration` SET `rank_id` = 1
WHERE `user_id` = '63FR7S';
UPDATE `bv_updation` SET left_carry = 0, right_carry = 0
WHERE `user_id` = '63FR7S';
INSERT INTO `monthly_cleared_data` (`user_id`, `left_carry`, `right_carry`, `rank_id`, `date`) VALUES ('PZV3JY', '0', '750', '1', '2024-08-29 09:07:46');
UPDATE `bv_updation` SET `rank_id` = 1
WHERE `user_id` = 'PZV3JY';
UPDATE `user_registration` SET `rank_id` = 1
WHERE `user_id` = 'PZV3JY';
UPDATE `bv_updation` SET left_carry = 0, right_carry = 0
WHERE `user_id` = 'PZV3JY';
INSERT INTO `monthly_cleared_data` (`user_id`, `left_carry`, `right_carry`, `rank_id`, `date`) VALUES ('U7289T', '500', '0', '1', '2024-08-29 09:07:46');
UPDATE `bv_updation` SET `rank_id` = 1
WHERE `user_id` = 'U7289T';
UPDATE `user_registration` SET `rank_id` = 1
WHERE `user_id` = 'U7289T';
UPDATE `bv_updation` SET left_carry = 0, right_carry = 0
WHERE `user_id` = 'U7289T';
INSERT INTO `monthly_cleared_data` (`user_id`, `left_carry`, `right_carry`, `rank_id`, `date`) VALUES ('4YSR8G', '0', '500', '1', '2024-08-29 09:07:46');
UPDATE `bv_updation` SET `rank_id` = 1
WHERE `user_id` = '4YSR8G';
UPDATE `user_registration` SET `rank_id` = 1
WHERE `user_id` = '4YSR8G';
UPDATE `bv_updation` SET left_carry = 0, right_carry = 0
WHERE `user_id` = '4YSR8G';
INSERT INTO `monthly_cleared_data` (`user_id`, `left_carry`, `right_carry`, `rank_id`, `date`) VALUES ('LJA4WO', '250', '0', '1', '2024-08-29 09:07:46');
UPDATE `bv_updation` SET `rank_id` = 1
WHERE `user_id` = 'LJA4WO';
UPDATE `user_registration` SET `rank_id` = 1
WHERE `user_id` = 'LJA4WO';
UPDATE `bv_updation` SET left_carry = 0, right_carry = 0
WHERE `user_id` = 'LJA4WO';
INSERT INTO `monthly_cleared_data` (`user_id`, `left_carry`, `right_carry`, `rank_id`, `date`) VALUES ('M8W96K', '0', '250', '1', '2024-08-29 09:07:46');
UPDATE `bv_updation` SET `rank_id` = 1
WHERE `user_id` = 'M8W96K';
UPDATE `user_registration` SET `rank_id` = 1
WHERE `user_id` = 'M8W96K';
UPDATE `bv_updation` SET left_carry = 0, right_carry = 0
WHERE `user_id` = 'M8W96K';
INSERT INTO `monthly_cleared_data` (`user_id`, `left_carry`, `right_carry`, `rank_id`, `date`) VALUES ('GYXI64', '0', '0', '1', '2024-08-29 09:07:46');
UPDATE `bv_updation` SET `rank_id` = 1
WHERE `user_id` = 'GYXI64';
UPDATE `user_registration` SET `rank_id` = 1
WHERE `user_id` = 'GYXI64';
UPDATE `bv_updation` SET left_carry = 0, right_carry = 0
WHERE `user_id` = 'GYXI64';
INSERT INTO `monthly_cleared_data` (`user_id`, `left_carry`, `right_carry`, `rank_id`, `date`) VALUES ('LZFVK1', '0', '0', '1', '2024-08-29 09:07:46');
UPDATE `bv_updation` SET `rank_id` = 1
WHERE `user_id` = 'LZFVK1';
UPDATE `user_registration` SET `rank_id` = 1
WHERE `user_id` = 'LZFVK1';
UPDATE `bv_updation` SET left_carry = 0, right_carry = 0
WHERE `user_id` = 'LZFVK1';
UPDATE `cron_job_history` SET `status` = 'done', `date_end` = '2024-08-29 09:07:46'
WHERE `id` = 1;
UPDATE `admin` SET `last_logout` = '2024-08-29 09:28:52'
WHERE `id` IS NULL;
DELETE FROM `ci_sessions`
WHERE `id` = '9ed06144488904cddd97558f4afb4e2c6dd5b65d';
UPDATE `admin` SET `last_login` = '2024-08-29 09:30:33', `ip_address` = '103.94.137.138'
WHERE `id` = '1';
UPDATE `admin` SET `last_login` = '2024-08-29 09:31:05', `ip_address` = '103.94.137.138'
WHERE `id` = '1';
UPDATE `admin` SET `last_logout` = '2024-08-29 11:06:23'
WHERE `id` IS NULL;
DELETE FROM `ci_sessions`
WHERE `id` = '180cd56e74762d0227dda65d845f4a0e9f818856';
UPDATE `admin` SET `last_login` = '2024-08-29 11:06:27', `ip_address` = '152.59.223.14'
WHERE `id` = '1';
INSERT INTO `login_history` (`user_id`, `device`, `ip_address`, `date`) VALUES ('admin', 'Mozilla/5.0 (Windows NT 10.0; Win64; x64) AppleWebKit/537.36 (KHTML, like Gecko) Chrome/128.0.0.0 Safari/537.36', '98.242.157.169', '24-08-29 21:01');
UPDATE `user_registration` SET `popup_seen` = 'yes'
WHERE `user_id` = 'admin';
UPDATE `user_registration` SET `popup_seen` = 'yes'
WHERE `user_id` = 'admin';
UPDATE `ci_sessions` SET `timestamp` = 1724965585, `data` = '__ci_last_regenerate|i:1724965585;id|s:4:\"2019\";user_id|s:5:\"admin\";username|s:5:\"admin\";sponsor_id|s:1:\"0\";fullname|s:11:\"Alex Carrey\";email|s:15:\"admin@admin.com\";phone|s:10:\"1235467892\";isLogIn|b:1;'
WHERE `id` = 'cafa7fd6b8aa7ae1316c18b8bbbfcf9a198771ba';
UPDATE `user_registration` SET `popup_seen` = 'yes'
WHERE `user_id` = 'admin';
INSERT INTO `login_history` (`user_id`, `device`, `ip_address`, `date`) VALUES ('XUNLL5', 'Mozilla/5.0 (Windows NT 10.0; Win64; x64) AppleWebKit/537.36 (KHTML, like Gecko) Chrome/128.0.0.0 Safari/537.36 Edg/128.0.0.0', '76.108.39.65', '24-08-29 21:31');
UPDATE `user_registration` SET `popup_seen` = 'yes'
WHERE `user_id` = 'XUNLL5';
UPDATE `user_registration` SET `popup_seen` = 'yes'
WHERE `user_id` = 'XUNLL5';
UPDATE `user_registration` SET `popup_seen` = 'yes'
WHERE `user_id` = 'XUNLL5';
UPDATE `user_registration` SET `popup_seen` = 'yes'
WHERE `user_id` = 'XUNLL5';
UPDATE `ci_sessions` SET `timestamp` = 1724967296, `data` = '__ci_last_regenerate|i:1724967296;id|s:4:\"2020\";user_id|s:6:\"XUNLL5\";username|s:7:\"roberto\";sponsor_id|s:5:\"admin\";fullname|s:17:\"ROBERTO Sotolongo\";email|s:20:\"sotolongor@gmail.com\";phone|s:10:\"7862107045\";isLogIn|b:1;'
WHERE `id` = '0066c3ffd9869ebcef36955340325e6ce2ecad0b';
UPDATE `user_registration` SET `popup_seen` = 'yes'
WHERE `user_id` = 'XUNLL5';
UPDATE `user_registration` SET `uid` = '2144', `user_id` = 'NIC2OA', `username` = 'zalo', `sponsor_id` = 'XUNLL5', `vacant` = 'no', `f_name` = 'zalo', `l_name` = 'lopez', `address` = '9380 SW 72ND ST STE 230', `position` = 'left', `email` = 'zandrazalo@gmail.com', `password` = '15368b56b3ff26a0feb851afc10b8186', `phone` = '7865037165', `country` = 'United States', `state` = 'Florida', `city` = 'Miami', `street` = '9380 SW 72 St SUITE 230', `zip_code` = '33174', `reg_ip` = '76.108.39.65', `status` = 1, `package_id` = 1, `rank_id` = 1, `highest_rank` = 1, `created` = '2024-08-29 21:37:31', `google_secret` = 'BRIO3CKNTNYTRASL'
WHERE `uid` = '2144';
INSERT INTO `user_registration` (`uid`, `user_id`, `username`, `sponsor_id`, `placement_id`, `vacant`, `f_name`, `l_name`, `address`, `position`, `email`, `password`, `phone`, `reg_ip`, `status`, `created`) VALUES (NULL, 'DCWOFS', 'uLhkajXn', 'NIC2OA', 'NIC2OA', 'yes', '', '', '', 'left', '@mail.com', '', '', '', 0, '2024-08-29 21:37:31');
INSERT INTO `user_registration` (`uid`, `user_id`, `username`, `sponsor_id`, `placement_id`, `vacant`, `f_name`, `l_name`, `address`, `position`, `email`, `password`, `phone`, `reg_ip`, `status`, `created`) VALUES (NULL, 'JQJTYM', 'LgBogvwr', 'NIC2OA', 'NIC2OA', 'yes', '', '', '', 'right', '@mail.com', '', '', '', 0, '2024-08-29 21:37:31');
INSERT INTO `bv_updation` (`user_id`) VALUES ('NIC2OA');
UPDATE `user_registration` SET total_ref_count = total_ref_count+1
WHERE `user_id` = 'XUNLL5';
UPDATE `user_registration` SET total_downlines = total_downlines+1
WHERE `user_id` = '4XINOJ';
UPDATE `user_registration` SET left_downlines = left_downlines+1
WHERE `user_id` = '4XINOJ';
UPDATE `user_registration` SET total_downlines = total_downlines+1
WHERE `user_id` = 'NWHLF2';
UPDATE `user_registration` SET left_downlines = left_downlines+1
WHERE `user_id` = 'NWHLF2';
UPDATE `user_registration` SET total_downlines = total_downlines+1
WHERE `user_id` = 'FOUOAI';
UPDATE `user_registration` SET left_downlines = left_downlines+1
WHERE `user_id` = 'FOUOAI';
UPDATE `user_registration` SET total_downlines = total_downlines+1
WHERE `user_id` = '1OONMO';
UPDATE `user_registration` SET left_downlines = left_downlines+1
WHERE `user_id` = '1OONMO';
UPDATE `user_registration` SET total_downlines = total_downlines+1
WHERE `user_id` = '7QEEMG';
UPDATE `user_registration` SET left_downlines = left_downlines+1
WHERE `user_id` = '7QEEMG';
UPDATE `user_registration` SET total_downlines = total_downlines+1
WHERE `user_id` = 'Y3SE7L';
UPDATE `user_registration` SET left_downlines = left_downlines+1
WHERE `user_id` = 'Y3SE7L';
UPDATE `user_registration` SET total_downlines = total_downlines+1
WHERE `user_id` = 'FVAKA8';
UPDATE `user_registration` SET left_downlines = left_downlines+1
WHERE `user_id` = 'FVAKA8';
UPDATE `user_registration` SET total_downlines = total_downlines+1
WHERE `user_id` = 'GCIQQH';
UPDATE `user_registration` SET left_downlines = left_downlines+1
WHERE `user_id` = 'GCIQQH';
UPDATE `user_registration` SET total_downlines = total_downlines+1
WHERE `user_id` = '4LVQJY';
UPDATE `user_registration` SET left_downlines = left_downlines+1
WHERE `user_id` = '4LVQJY';
UPDATE `user_registration` SET total_downlines = total_downlines+1
WHERE `user_id` = 'OCT6PM';
UPDATE `user_registration` SET left_downlines = left_downlines+1
WHERE `user_id` = 'OCT6PM';
UPDATE `user_registration` SET total_downlines = total_downlines+1
WHERE `user_id` = 'NC6JTL';
UPDATE `user_registration` SET left_downlines = left_downlines+1
WHERE `user_id` = 'NC6JTL';
UPDATE `user_registration` SET total_downlines = total_downlines+1
WHERE `user_id` = 'GRWFUM';
UPDATE `user_registration` SET left_downlines = left_downlines+1
WHERE `user_id` = 'GRWFUM';
UPDATE `user_registration` SET total_downlines = total_downlines+1
WHERE `user_id` = 'WCMPHI';
UPDATE `user_registration` SET left_downlines = left_downlines+1
WHERE `user_id` = 'WCMPHI';
UPDATE `user_registration` SET total_downlines = total_downlines+1
WHERE `user_id` = '7VFKAZ';
UPDATE `user_registration` SET left_downlines = left_downlines+1
WHERE `user_id` = '7VFKAZ';
UPDATE `user_registration` SET total_downlines = total_downlines+1
WHERE `user_id` = '1SGGX7';
UPDATE `user_registration` SET left_downlines = left_downlines+1
WHERE `user_id` = '1SGGX7';
UPDATE `user_registration` SET total_downlines = total_downlines+1
WHERE `user_id` = '1FC6E2';
UPDATE `user_registration` SET left_downlines = left_downlines+1
WHERE `user_id` = '1FC6E2';
UPDATE `user_registration` SET total_downlines = total_downlines+1
WHERE `user_id` = 'PBDUZQ';
UPDATE `user_registration` SET left_downlines = left_downlines+1
WHERE `user_id` = 'PBDUZQ';
UPDATE `user_registration` SET total_downlines = total_downlines+1
WHERE `user_id` = '1RDQV5';
UPDATE `user_registration` SET left_downlines = left_downlines+1
WHERE `user_id` = '1RDQV5';
UPDATE `user_registration` SET total_downlines = total_downlines+1
WHERE `user_id` = 'JK65W3';
UPDATE `user_registration` SET left_downlines = left_downlines+1
WHERE `user_id` = 'JK65W3';
UPDATE `user_registration` SET total_downlines = total_downlines+1
WHERE `user_id` = '155P44';
UPDATE `user_registration` SET left_downlines = left_downlines+1
WHERE `user_id` = '155P44';
UPDATE `user_registration` SET total_downlines = total_downlines+1
WHERE `user_id` = '8H869T';
UPDATE `user_registration` SET left_downlines = left_downlines+1
WHERE `user_id` = '8H869T';
UPDATE `user_registration` SET total_downlines = total_downlines+1
WHERE `user_id` = '57637V';
UPDATE `user_registration` SET left_downlines = left_downlines+1
WHERE `user_id` = '57637V';
UPDATE `user_registration` SET total_downlines = total_downlines+1
WHERE `user_id` = 'B4C4I7';
UPDATE `user_registration` SET left_downlines = left_downlines+1
WHERE `user_id` = 'B4C4I7';
UPDATE `user_registration` SET total_downlines = total_downlines+1
WHERE `user_id` = 'OJZVDU';
UPDATE `user_registration` SET left_downlines = left_downlines+1
WHERE `user_id` = 'OJZVDU';
UPDATE `user_registration` SET total_downlines = total_downlines+1
WHERE `user_id` = 'XUNLL5';
UPDATE `user_registration` SET left_downlines = left_downlines+1
WHERE `user_id` = 'XUNLL5';
UPDATE `user_registration` SET left_ref_count = left_ref_count+1
WHERE `user_id` = 'XUNLL5';
UPDATE `user_registration` SET active_left = active_left+1
WHERE `user_id` = 'XUNLL5';
UPDATE `user_registration` SET `binary_qualified` = 'yes'
WHERE `user_id` = 'XUNLL5';
UPDATE `user_registration` SET total_downlines = total_downlines+1
WHERE `user_id` = 'admin';
UPDATE `user_registration` SET left_downlines = left_downlines+1
WHERE `user_id` = 'admin';
INSERT INTO `earnings` (`user_id`, `Purchaser_id`, `earning_type`, `package_id`, `amount`, `date`, `comments`, `invest_amount`, `comm_perc`, `level`) VALUES ('XUNLL5', 'NIC2OA', 'Direct Referral Bonus', 0, '100', '2024-08-29 21:37:31', 'Direct Referral Bonus', 0, 0, 1);
UPDATE `user_registration` SET commission_balance = ROUND(commission_balance + 100,2)
WHERE `user_id` = 'XUNLL5';
UPDATE `bv_updation` SET left_carry = left_carry+250, total_left = total_left+250
WHERE `user_id` = '4XINOJ';
INSERT INTO `placement_bv_update_history` (`left_carry`, `date`, `from_id`, `user_id`) VALUES (250, '2024-08-29 21:37:31', 'NIC2OA', '4XINOJ');
UPDATE `bv_updation` SET left_carry = left_carry+250, total_left = total_left+250
WHERE `user_id` = 'NWHLF2';
INSERT INTO `placement_bv_update_history` (`left_carry`, `date`, `from_id`, `user_id`) VALUES (250, '2024-08-29 21:37:31', 'NIC2OA', 'NWHLF2');
UPDATE `bv_updation` SET left_carry = left_carry+250, total_left = total_left+250
WHERE `user_id` = 'FOUOAI';
INSERT INTO `placement_bv_update_history` (`left_carry`, `date`, `from_id`, `user_id`) VALUES (250, '2024-08-29 21:37:31', 'NIC2OA', 'FOUOAI');
UPDATE `bv_updation` SET left_carry = left_carry+250, total_left = total_left+250
WHERE `user_id` = '1OONMO';
INSERT INTO `placement_bv_update_history` (`left_carry`, `date`, `from_id`, `user_id`) VALUES (250, '2024-08-29 21:37:31', 'NIC2OA', '1OONMO');
UPDATE `bv_updation` SET left_carry = left_carry+250, total_left = total_left+250
WHERE `user_id` = '7QEEMG';
INSERT INTO `placement_bv_update_history` (`left_carry`, `date`, `from_id`, `user_id`) VALUES (250, '2024-08-29 21:37:31', 'NIC2OA', '7QEEMG');
UPDATE `bv_updation` SET left_carry = left_carry+250, total_left = total_left+250
WHERE `user_id` = 'Y3SE7L';
INSERT INTO `placement_bv_update_history` (`left_carry`, `date`, `from_id`, `user_id`) VALUES (250, '2024-08-29 21:37:31', 'NIC2OA', 'Y3SE7L');
UPDATE `bv_updation` SET left_carry = left_carry+250, total_left = total_left+250
WHERE `user_id` = 'FVAKA8';
INSERT INTO `placement_bv_update_history` (`left_carry`, `date`, `from_id`, `user_id`) VALUES (250, '2024-08-29 21:37:31', 'NIC2OA', 'FVAKA8');
UPDATE `bv_updation` SET left_carry = left_carry+250, total_left = total_left+250
WHERE `user_id` = 'GCIQQH';
INSERT INTO `placement_bv_update_history` (`left_carry`, `date`, `from_id`, `user_id`) VALUES (250, '2024-08-29 21:37:31', 'NIC2OA', 'GCIQQH');
UPDATE `bv_updation` SET left_carry = left_carry+250, total_left = total_left+250
WHERE `user_id` = '4LVQJY';
INSERT INTO `placement_bv_update_history` (`left_carry`, `date`, `from_id`, `user_id`) VALUES (250, '2024-08-29 21:37:31', 'NIC2OA', '4LVQJY');
UPDATE `bv_updation` SET left_carry = left_carry+250, total_left = total_left+250
WHERE `user_id` = 'OCT6PM';
INSERT INTO `placement_bv_update_history` (`left_carry`, `date`, `from_id`, `user_id`) VALUES (250, '2024-08-29 21:37:31', 'NIC2OA', 'OCT6PM');
UPDATE `bv_updation` SET left_carry = left_carry+250, total_left = total_left+250
WHERE `user_id` = 'NC6JTL';
INSERT INTO `placement_bv_update_history` (`left_carry`, `date`, `from_id`, `user_id`) VALUES (250, '2024-08-29 21:37:31', 'NIC2OA', 'NC6JTL');
UPDATE `bv_updation` SET left_carry = left_carry+250, total_left = total_left+250
WHERE `user_id` = 'GRWFUM';
INSERT INTO `placement_bv_update_history` (`left_carry`, `date`, `from_id`, `user_id`) VALUES (250, '2024-08-29 21:37:31', 'NIC2OA', 'GRWFUM');
UPDATE `bv_updation` SET left_carry = left_carry+250, total_left = total_left+250
WHERE `user_id` = 'WCMPHI';
INSERT INTO `placement_bv_update_history` (`left_carry`, `date`, `from_id`, `user_id`) VALUES (250, '2024-08-29 21:37:31', 'NIC2OA', 'WCMPHI');
UPDATE `bv_updation` SET left_carry = left_carry+250, total_left = total_left+250
WHERE `user_id` = '7VFKAZ';
INSERT INTO `placement_bv_update_history` (`left_carry`, `date`, `from_id`, `user_id`) VALUES (250, '2024-08-29 21:37:31', 'NIC2OA', '7VFKAZ');
UPDATE `bv_updation` SET left_carry = left_carry+250, total_left = total_left+250
WHERE `user_id` = '1SGGX7';
INSERT INTO `placement_bv_update_history` (`left_carry`, `date`, `from_id`, `user_id`) VALUES (250, '2024-08-29 21:37:31', 'NIC2OA', '1SGGX7');
UPDATE `bv_updation` SET left_carry = left_carry+250, total_left = total_left+250
WHERE `user_id` = '1FC6E2';
INSERT INTO `placement_bv_update_history` (`left_carry`, `date`, `from_id`, `user_id`) VALUES (250, '2024-08-29 21:37:31', 'NIC2OA', '1FC6E2');
UPDATE `bv_updation` SET left_carry = left_carry+250, total_left = total_left+250
WHERE `user_id` = 'PBDUZQ';
INSERT INTO `placement_bv_update_history` (`left_carry`, `date`, `from_id`, `user_id`) VALUES (250, '2024-08-29 21:37:31', 'NIC2OA', 'PBDUZQ');
UPDATE `bv_updation` SET left_carry = left_carry+250, total_left = total_left+250
WHERE `user_id` = '1RDQV5';
INSERT INTO `placement_bv_update_history` (`left_carry`, `date`, `from_id`, `user_id`) VALUES (250, '2024-08-29 21:37:31', 'NIC2OA', '1RDQV5');
UPDATE `bv_updation` SET left_carry = left_carry+250, total_left = total_left+250
WHERE `user_id` = 'JK65W3';
INSERT INTO `placement_bv_update_history` (`left_carry`, `date`, `from_id`, `user_id`) VALUES (250, '2024-08-29 21:37:31', 'NIC2OA', 'JK65W3');
UPDATE `bv_updation` SET left_carry = left_carry+250, total_left = total_left+250
WHERE `user_id` = '155P44';
INSERT INTO `placement_bv_update_history` (`left_carry`, `date`, `from_id`, `user_id`) VALUES (250, '2024-08-29 21:37:31', 'NIC2OA', '155P44');
UPDATE `bv_updation` SET left_carry = left_carry+250, total_left = total_left+250
WHERE `user_id` = '8H869T';
INSERT INTO `placement_bv_update_history` (`left_carry`, `date`, `from_id`, `user_id`) VALUES (250, '2024-08-29 21:37:31', 'NIC2OA', '8H869T');
UPDATE `bv_updation` SET left_carry = left_carry+250, total_left = total_left+250
WHERE `user_id` = '57637V';
INSERT INTO `placement_bv_update_history` (`left_carry`, `date`, `from_id`, `user_id`) VALUES (250, '2024-08-29 21:37:31', 'NIC2OA', '57637V');
UPDATE `bv_updation` SET left_carry = left_carry+250, total_left = total_left+250
WHERE `user_id` = 'B4C4I7';
INSERT INTO `placement_bv_update_history` (`left_carry`, `date`, `from_id`, `user_id`) VALUES (250, '2024-08-29 21:37:31', 'NIC2OA', 'B4C4I7');
UPDATE `bv_updation` SET left_carry = left_carry+250, total_left = total_left+250
WHERE `user_id` = 'OJZVDU';
INSERT INTO `placement_bv_update_history` (`left_carry`, `date`, `from_id`, `user_id`) VALUES (250, '2024-08-29 21:37:31', 'NIC2OA', 'OJZVDU');
UPDATE `bv_updation` SET left_carry = left_carry+250, total_left = total_left+250
WHERE `user_id` = 'XUNLL5';
INSERT INTO `placement_bv_update_history` (`left_carry`, `date`, `from_id`, `user_id`) VALUES (250, '2024-08-29 21:37:31', 'NIC2OA', 'XUNLL5');
UPDATE `bv_updation` SET sponsor_left_carry = sponsor_left_carry+250, sponsor_total_left = sponsor_total_left+250
WHERE `user_id` = 'XUNLL5';
INSERT INTO `sponsor_bv_update_history` (`left_carry`, `date`, `user_id`) VALUES (250, '2024-08-29 21:37:31', 'XUNLL5');
UPDATE `bv_updation` SET left_carry = left_carry+250, total_left = total_left+250
WHERE `user_id` = 'admin';
INSERT INTO `placement_bv_update_history` (`left_carry`, `date`, `from_id`, `user_id`) VALUES (250, '2024-08-29 21:37:31', 'NIC2OA', 'admin');
UPDATE `user_registration` SET `popup_seen` = 'yes'
WHERE `user_id` = 'XUNLL5';
UPDATE `ci_sessions` SET `timestamp` = 1724968092, `data` = '__ci_last_regenerate|i:1724968092;id|s:4:\"2019\";user_id|s:5:\"admin\";username|s:5:\"admin\";sponsor_id|s:1:\"0\";fullname|s:11:\"Alex Carrey\";email|s:15:\"admin@admin.com\";phone|s:10:\"1235467892\";isLogIn|b:1;'
WHERE `id` = '508c044d1f943b7ba0148b20659f508326b56bd0';
UPDATE `ci_sessions` SET `timestamp` = 1724970609, `data` = '__ci_last_regenerate|i:1724970609;id|s:4:\"2020\";user_id|s:6:\"XUNLL5\";username|s:7:\"roberto\";sponsor_id|s:5:\"admin\";fullname|s:17:\"ROBERTO Sotolongo\";email|s:20:\"sotolongor@gmail.com\";phone|s:10:\"7862107045\";isLogIn|b:1;'
WHERE `id` = '07eb74aac074e2415d73ade7c06ea2792147cc73';
UPDATE `user_registration` SET `popup_seen` = 'yes'
WHERE `user_id` = 'XUNLL5';
UPDATE `user_registration` SET `popup_seen` = 'no'
WHERE `user_id` = 'XUNLL5';
DELETE FROM `ci_sessions`
WHERE `id` = 'ffe220792f6be00ffe275f9a804f4e93eeeb941e';
INSERT INTO `login_history` (`user_id`, `device`, `ip_address`, `date`) VALUES ('GCIQQH', 'Mozilla/5.0 (Windows NT 10.0; Win64; x64) AppleWebKit/537.36 (KHTML, like Gecko) Chrome/128.0.0.0 Safari/537.36 Edg/128.0.0.0', '76.108.39.65', '24-08-29 22:33');
UPDATE `user_registration` SET `popup_seen` = 'yes'
WHERE `user_id` = 'GCIQQH';
UPDATE `user_registration` SET `popup_seen` = 'yes'
WHERE `user_id` = 'GCIQQH';
UPDATE `user_registration` SET `uid` = '2119', `user_id` = '9VW8HL', `username` = 'jaime', `sponsor_id` = 'GCIQQH', `vacant` = 'no', `f_name` = 'jaime', `l_name` = 'gomez', `address` = '9380 SW 72 St', `position` = 'right', `email` = 'jaime@gmail.com', `password` = 'a5f29fdd4a304efe7b2568adbe83f82f', `phone` = '7862107045', `country` = 'United States', `state` = 'Florida', `city` = 'miami', `street` = '10279 SW flagler terr', `zip_code` = '33174', `reg_ip` = '76.108.39.65', `status` = 1, `package_id` = 1, `rank_id` = 1, `highest_rank` = 1, `created` = '2024-08-29 22:36:32', `google_secret` = '3HUKQ3EYGXNUYAFG'
WHERE `uid` = '2119';
INSERT INTO `user_registration` (`uid`, `user_id`, `username`, `sponsor_id`, `placement_id`, `vacant`, `f_name`, `l_name`, `address`, `position`, `email`, `password`, `phone`, `reg_ip`, `status`, `created`) VALUES (NULL, 'FHMOPD', 'exciZYtE', '9VW8HL', '9VW8HL', 'yes', '', '', '', 'left', '@mail.com', '', '', '', 0, '2024-08-29 22:36:32');
INSERT INTO `user_registration` (`uid`, `user_id`, `username`, `sponsor_id`, `placement_id`, `vacant`, `f_name`, `l_name`, `address`, `position`, `email`, `password`, `phone`, `reg_ip`, `status`, `created`) VALUES (NULL, 'FONPGM', 'ZAlPEtmw', '9VW8HL', '9VW8HL', 'yes', '', '', '', 'right', '@mail.com', '', '', '', 0, '2024-08-29 22:36:32');
INSERT INTO `bv_updation` (`user_id`) VALUES ('9VW8HL');
UPDATE `user_registration` SET total_ref_count = total_ref_count+1
WHERE `user_id` = 'GCIQQH';
UPDATE `user_registration` SET total_downlines = total_downlines+1
WHERE `user_id` = 'GCIQQH';
UPDATE `user_registration` SET right_downlines = right_downlines+1
WHERE `user_id` = 'GCIQQH';
UPDATE `user_registration` SET right_ref_count = right_ref_count+1
WHERE `user_id` = 'GCIQQH';
UPDATE `user_registration` SET active_right = active_right+1
WHERE `user_id` = 'GCIQQH';
UPDATE `user_registration` SET total_downlines = total_downlines+1
WHERE `user_id` = '4LVQJY';
UPDATE `user_registration` SET left_downlines = left_downlines+1
WHERE `user_id` = '4LVQJY';
UPDATE `user_registration` SET total_downlines = total_downlines+1
WHERE `user_id` = 'OCT6PM';
UPDATE `user_registration` SET left_downlines = left_downlines+1
WHERE `user_id` = 'OCT6PM';
UPDATE `user_registration` SET total_downlines = total_downlines+1
WHERE `user_id` = 'NC6JTL';
UPDATE `user_registration` SET left_downlines = left_downlines+1
WHERE `user_id` = 'NC6JTL';
UPDATE `user_registration` SET total_downlines = total_downlines+1
WHERE `user_id` = 'GRWFUM';
UPDATE `user_registration` SET left_downlines = left_downlines+1
WHERE `user_id` = 'GRWFUM';
UPDATE `user_registration` SET total_downlines = total_downlines+1
WHERE `user_id` = 'WCMPHI';
UPDATE `user_registration` SET left_downlines = left_downlines+1
WHERE `user_id` = 'WCMPHI';
UPDATE `user_registration` SET total_downlines = total_downlines+1
WHERE `user_id` = '7VFKAZ';
UPDATE `user_registration` SET left_downlines = left_downlines+1
WHERE `user_id` = '7VFKAZ';
UPDATE `user_registration` SET total_downlines = total_downlines+1
WHERE `user_id` = '1SGGX7';
UPDATE `user_registration` SET left_downlines = left_downlines+1
WHERE `user_id` = '1SGGX7';
UPDATE `user_registration` SET total_downlines = total_downlines+1
WHERE `user_id` = '1FC6E2';
UPDATE `user_registration` SET left_downlines = left_downlines+1
WHERE `user_id` = '1FC6E2';
UPDATE `user_registration` SET total_downlines = total_downlines+1
WHERE `user_id` = 'PBDUZQ';
UPDATE `user_registration` SET left_downlines = left_downlines+1
WHERE `user_id` = 'PBDUZQ';
UPDATE `user_registration` SET total_downlines = total_downlines+1
WHERE `user_id` = '1RDQV5';
UPDATE `user_registration` SET left_downlines = left_downlines+1
WHERE `user_id` = '1RDQV5';
UPDATE `user_registration` SET total_downlines = total_downlines+1
WHERE `user_id` = 'JK65W3';
UPDATE `user_registration` SET left_downlines = left_downlines+1
WHERE `user_id` = 'JK65W3';
UPDATE `user_registration` SET total_downlines = total_downlines+1
WHERE `user_id` = '155P44';
UPDATE `user_registration` SET left_downlines = left_downlines+1
WHERE `user_id` = '155P44';
UPDATE `user_registration` SET total_downlines = total_downlines+1
WHERE `user_id` = '8H869T';
UPDATE `user_registration` SET left_downlines = left_downlines+1
WHERE `user_id` = '8H869T';
UPDATE `user_registration` SET total_downlines = total_downlines+1
WHERE `user_id` = '57637V';
UPDATE `user_registration` SET left_downlines = left_downlines+1
WHERE `user_id` = '57637V';
UPDATE `user_registration` SET total_downlines = total_downlines+1
WHERE `user_id` = 'B4C4I7';
UPDATE `user_registration` SET left_downlines = left_downlines+1
WHERE `user_id` = 'B4C4I7';
UPDATE `user_registration` SET total_downlines = total_downlines+1
WHERE `user_id` = 'OJZVDU';
UPDATE `user_registration` SET left_downlines = left_downlines+1
WHERE `user_id` = 'OJZVDU';
UPDATE `user_registration` SET total_downlines = total_downlines+1
WHERE `user_id` = 'XUNLL5';
UPDATE `user_registration` SET left_downlines = left_downlines+1
WHERE `user_id` = 'XUNLL5';
UPDATE `user_registration` SET total_downlines = total_downlines+1
WHERE `user_id` = 'admin';
UPDATE `user_registration` SET left_downlines = left_downlines+1
WHERE `user_id` = 'admin';
INSERT INTO `earnings` (`user_id`, `Purchaser_id`, `earning_type`, `package_id`, `amount`, `date`, `comments`, `invest_amount`, `comm_perc`, `level`) VALUES ('GCIQQH', '9VW8HL', 'Direct Referral Bonus', 0, '100', '2024-08-29 22:36:32', 'Direct Referral Bonus', 0, 0, 1);
UPDATE `user_registration` SET commission_balance = ROUND(commission_balance + 100,2)
WHERE `user_id` = 'GCIQQH';
UPDATE `bv_updation` SET right_carry = right_carry+250, total_right = total_right+250
WHERE `user_id` = 'GCIQQH';
INSERT INTO `placement_bv_update_history` (`right_carry`, `date`, `from_id`, `user_id`) VALUES (250, '2024-08-29 22:36:32', '9VW8HL', 'GCIQQH');
UPDATE `bv_updation` SET sponsor_right_carry = sponsor_right_carry+250, sponsor_total_right = sponsor_total_right+250
WHERE `user_id` = 'GCIQQH';
INSERT INTO `sponsor_bv_update_history` (`right_carry`, `date`, `user_id`) VALUES (250, '2024-08-29 22:36:32', 'GCIQQH');
UPDATE `bv_updation` SET left_carry = left_carry+250, total_left = total_left+250
WHERE `user_id` = '4LVQJY';
INSERT INTO `placement_bv_update_history` (`left_carry`, `date`, `from_id`, `user_id`) VALUES (250, '2024-08-29 22:36:32', '9VW8HL', '4LVQJY');
UPDATE `bv_updation` SET left_carry = left_carry+250, total_left = total_left+250
WHERE `user_id` = 'OCT6PM';
INSERT INTO `placement_bv_update_history` (`left_carry`, `date`, `from_id`, `user_id`) VALUES (250, '2024-08-29 22:36:32', '9VW8HL', 'OCT6PM');
UPDATE `bv_updation` SET left_carry = left_carry+250, total_left = total_left+250
WHERE `user_id` = 'NC6JTL';
INSERT INTO `placement_bv_update_history` (`left_carry`, `date`, `from_id`, `user_id`) VALUES (250, '2024-08-29 22:36:32', '9VW8HL', 'NC6JTL');
UPDATE `bv_updation` SET left_carry = left_carry+250, total_left = total_left+250
WHERE `user_id` = 'GRWFUM';
INSERT INTO `placement_bv_update_history` (`left_carry`, `date`, `from_id`, `user_id`) VALUES (250, '2024-08-29 22:36:32', '9VW8HL', 'GRWFUM');
UPDATE `bv_updation` SET left_carry = left_carry+250, total_left = total_left+250
WHERE `user_id` = 'WCMPHI';
INSERT INTO `placement_bv_update_history` (`left_carry`, `date`, `from_id`, `user_id`) VALUES (250, '2024-08-29 22:36:32', '9VW8HL', 'WCMPHI');
UPDATE `bv_updation` SET left_carry = left_carry+250, total_left = total_left+250
WHERE `user_id` = '7VFKAZ';
INSERT INTO `placement_bv_update_history` (`left_carry`, `date`, `from_id`, `user_id`) VALUES (250, '2024-08-29 22:36:32', '9VW8HL', '7VFKAZ');
UPDATE `bv_updation` SET left_carry = left_carry+250, total_left = total_left+250
WHERE `user_id` = '1SGGX7';
INSERT INTO `placement_bv_update_history` (`left_carry`, `date`, `from_id`, `user_id`) VALUES (250, '2024-08-29 22:36:32', '9VW8HL', '1SGGX7');
UPDATE `bv_updation` SET left_carry = left_carry+250, total_left = total_left+250
WHERE `user_id` = '1FC6E2';
INSERT INTO `placement_bv_update_history` (`left_carry`, `date`, `from_id`, `user_id`) VALUES (250, '2024-08-29 22:36:32', '9VW8HL', '1FC6E2');
UPDATE `bv_updation` SET left_carry = left_carry+250, total_left = total_left+250
WHERE `user_id` = 'PBDUZQ';
INSERT INTO `placement_bv_update_history` (`left_carry`, `date`, `from_id`, `user_id`) VALUES (250, '2024-08-29 22:36:32', '9VW8HL', 'PBDUZQ');
UPDATE `bv_updation` SET left_carry = left_carry+250, total_left = total_left+250
WHERE `user_id` = '1RDQV5';
INSERT INTO `placement_bv_update_history` (`left_carry`, `date`, `from_id`, `user_id`) VALUES (250, '2024-08-29 22:36:32', '9VW8HL', '1RDQV5');
UPDATE `bv_updation` SET left_carry = left_carry+250, total_left = total_left+250
WHERE `user_id` = 'JK65W3';
INSERT INTO `placement_bv_update_history` (`left_carry`, `date`, `from_id`, `user_id`) VALUES (250, '2024-08-29 22:36:32', '9VW8HL', 'JK65W3');
UPDATE `bv_updation` SET left_carry = left_carry+250, total_left = total_left+250
WHERE `user_id` = '155P44';
INSERT INTO `placement_bv_update_history` (`left_carry`, `date`, `from_id`, `user_id`) VALUES (250, '2024-08-29 22:36:32', '9VW8HL', '155P44');
UPDATE `bv_updation` SET left_carry = left_carry+250, total_left = total_left+250
WHERE `user_id` = '8H869T';
INSERT INTO `placement_bv_update_history` (`left_carry`, `date`, `from_id`, `user_id`) VALUES (250, '2024-08-29 22:36:32', '9VW8HL', '8H869T');
UPDATE `bv_updation` SET left_carry = left_carry+250, total_left = total_left+250
WHERE `user_id` = '57637V';
INSERT INTO `placement_bv_update_history` (`left_carry`, `date`, `from_id`, `user_id`) VALUES (250, '2024-08-29 22:36:32', '9VW8HL', '57637V');
UPDATE `bv_updation` SET left_carry = left_carry+250, total_left = total_left+250
WHERE `user_id` = 'B4C4I7';
INSERT INTO `placement_bv_update_history` (`left_carry`, `date`, `from_id`, `user_id`) VALUES (250, '2024-08-29 22:36:32', '9VW8HL', 'B4C4I7');
UPDATE `bv_updation` SET left_carry = left_carry+250, total_left = total_left+250
WHERE `user_id` = 'OJZVDU';
INSERT INTO `placement_bv_update_history` (`left_carry`, `date`, `from_id`, `user_id`) VALUES (250, '2024-08-29 22:36:32', '9VW8HL', 'OJZVDU');
UPDATE `bv_updation` SET left_carry = left_carry+250, total_left = total_left+250
WHERE `user_id` = 'XUNLL5';
INSERT INTO `placement_bv_update_history` (`left_carry`, `date`, `from_id`, `user_id`) VALUES (250, '2024-08-29 22:36:32', '9VW8HL', 'XUNLL5');
UPDATE `bv_updation` SET left_carry = left_carry+250, total_left = total_left+250
WHERE `user_id` = 'admin';
INSERT INTO `placement_bv_update_history` (`left_carry`, `date`, `from_id`, `user_id`) VALUES (250, '2024-08-29 22:36:32', '9VW8HL', 'admin');
UPDATE `ci_sessions` SET `timestamp` = 1724971083, `data` = '__ci_last_regenerate|i:1724971083;id|s:4:\"2116\";user_id|s:6:\"GCIQQH\";username|s:6:\"Johnny\";sponsor_id|s:6:\"XUNLL5\";fullname|s:15:\"johnni Saavedra\";email|s:16:\"johnny@gmail.com\";phone|s:10:\"7862107045\";isLogIn|b:1;'
WHERE `id` = '1a386bfa4cf59580ac2d88127a8043e1e0e70538';
UPDATE `user_registration` SET `uid` = '2193', `user_id` = 'YQTBHV', `username` = 'yoel', `sponsor_id` = 'GCIQQH', `vacant` = 'no', `f_name` = 'yoel', `l_name` = 'reyes', `address` = '9380 SW 72ND ST STE 230', `position` = 'right', `email` = 'yoel@gmail.com', `password` = 'a5f29fdd4a304efe7b2568adbe83f82f', `phone` = '7862013183', `country` = 'United States', `state` = 'Florida', `city` = 'miami', `street` = '10279 SW FLAGLER TERR', `zip_code` = '33174', `reg_ip` = '76.108.39.65', `status` = 1, `package_id` = 1, `rank_id` = 1, `highest_rank` = 1, `created` = '2024-08-29 22:38:03', `google_secret` = 'YAPKTZPMMZ6PFOBO'
WHERE `uid` = '2193';
INSERT INTO `user_registration` (`uid`, `user_id`, `username`, `sponsor_id`, `placement_id`, `vacant`, `f_name`, `l_name`, `address`, `position`, `email`, `password`, `phone`, `reg_ip`, `status`, `created`) VALUES (NULL, 'HYBIBS', 'Veofjlar', 'YQTBHV', 'YQTBHV', 'yes', '', '', '', 'left', '@mail.com', '', '', '', 0, '2024-08-29 22:38:03');
INSERT INTO `user_registration` (`uid`, `user_id`, `username`, `sponsor_id`, `placement_id`, `vacant`, `f_name`, `l_name`, `address`, `position`, `email`, `password`, `phone`, `reg_ip`, `status`, `created`) VALUES (NULL, 'UFMTEE', 'cXijSdYf', 'YQTBHV', 'YQTBHV', 'yes', '', '', '', 'right', '@mail.com', '', '', '', 0, '2024-08-29 22:38:03');
INSERT INTO `bv_updation` (`user_id`) VALUES ('YQTBHV');
UPDATE `user_registration` SET total_ref_count = total_ref_count+1
WHERE `user_id` = 'GCIQQH';
UPDATE `user_registration` SET total_downlines = total_downlines+1
WHERE `user_id` = '9VW8HL';
UPDATE `user_registration` SET right_downlines = right_downlines+1
WHERE `user_id` = '9VW8HL';
UPDATE `user_registration` SET total_downlines = total_downlines+1
WHERE `user_id` = 'GCIQQH';
UPDATE `user_registration` SET right_downlines = right_downlines+1
WHERE `user_id` = 'GCIQQH';
UPDATE `user_registration` SET right_ref_count = right_ref_count+1
WHERE `user_id` = 'GCIQQH';
UPDATE `user_registration` SET active_right = active_right+1
WHERE `user_id` = 'GCIQQH';
UPDATE `user_registration` SET total_downlines = total_downlines+1
WHERE `user_id` = '4LVQJY';
UPDATE `user_registration` SET left_downlines = left_downlines+1
WHERE `user_id` = '4LVQJY';
UPDATE `user_registration` SET total_downlines = total_downlines+1
WHERE `user_id` = 'OCT6PM';
UPDATE `user_registration` SET left_downlines = left_downlines+1
WHERE `user_id` = 'OCT6PM';
UPDATE `user_registration` SET total_downlines = total_downlines+1
WHERE `user_id` = 'NC6JTL';
UPDATE `user_registration` SET left_downlines = left_downlines+1
WHERE `user_id` = 'NC6JTL';
UPDATE `user_registration` SET total_downlines = total_downlines+1
WHERE `user_id` = 'GRWFUM';
UPDATE `user_registration` SET left_downlines = left_downlines+1
WHERE `user_id` = 'GRWFUM';
UPDATE `user_registration` SET total_downlines = total_downlines+1
WHERE `user_id` = 'WCMPHI';
UPDATE `user_registration` SET left_downlines = left_downlines+1
WHERE `user_id` = 'WCMPHI';
UPDATE `user_registration` SET total_downlines = total_downlines+1
WHERE `user_id` = '7VFKAZ';
UPDATE `user_registration` SET left_downlines = left_downlines+1
WHERE `user_id` = '7VFKAZ';
UPDATE `user_registration` SET total_downlines = total_downlines+1
WHERE `user_id` = '1SGGX7';
UPDATE `user_registration` SET left_downlines = left_downlines+1
WHERE `user_id` = '1SGGX7';
UPDATE `user_registration` SET total_downlines = total_downlines+1
WHERE `user_id` = '1FC6E2';
UPDATE `user_registration` SET left_downlines = left_downlines+1
WHERE `user_id` = '1FC6E2';
UPDATE `user_registration` SET total_downlines = total_downlines+1
WHERE `user_id` = 'PBDUZQ';
UPDATE `user_registration` SET left_downlines = left_downlines+1
WHERE `user_id` = 'PBDUZQ';
UPDATE `user_registration` SET total_downlines = total_downlines+1
WHERE `user_id` = '1RDQV5';
UPDATE `user_registration` SET left_downlines = left_downlines+1
WHERE `user_id` = '1RDQV5';
UPDATE `user_registration` SET total_downlines = total_downlines+1
WHERE `user_id` = 'JK65W3';
UPDATE `user_registration` SET left_downlines = left_downlines+1
WHERE `user_id` = 'JK65W3';
UPDATE `user_registration` SET total_downlines = total_downlines+1
WHERE `user_id` = '155P44';
UPDATE `user_registration` SET left_downlines = left_downlines+1
WHERE `user_id` = '155P44';
UPDATE `user_registration` SET total_downlines = total_downlines+1
WHERE `user_id` = '8H869T';
UPDATE `user_registration` SET left_downlines = left_downlines+1
WHERE `user_id` = '8H869T';
UPDATE `user_registration` SET total_downlines = total_downlines+1
WHERE `user_id` = '57637V';
UPDATE `user_registration` SET left_downlines = left_downlines+1
WHERE `user_id` = '57637V';
UPDATE `user_registration` SET total_downlines = total_downlines+1
WHERE `user_id` = 'B4C4I7';
UPDATE `user_registration` SET left_downlines = left_downlines+1
WHERE `user_id` = 'B4C4I7';
UPDATE `user_registration` SET total_downlines = total_downlines+1
WHERE `user_id` = 'OJZVDU';
UPDATE `user_registration` SET left_downlines = left_downlines+1
WHERE `user_id` = 'OJZVDU';
UPDATE `user_registration` SET total_downlines = total_downlines+1
WHERE `user_id` = 'XUNLL5';
UPDATE `user_registration` SET left_downlines = left_downlines+1
WHERE `user_id` = 'XUNLL5';
UPDATE `user_registration` SET total_downlines = total_downlines+1
WHERE `user_id` = 'admin';
UPDATE `user_registration` SET left_downlines = left_downlines+1
WHERE `user_id` = 'admin';
INSERT INTO `earnings` (`user_id`, `Purchaser_id`, `earning_type`, `package_id`, `amount`, `date`, `comments`, `invest_amount`, `comm_perc`, `level`) VALUES ('GCIQQH', 'YQTBHV', 'Direct Referral Bonus', 0, '100', '2024-08-29 22:38:03', 'Direct Referral Bonus', 0, 0, 1);
UPDATE `user_registration` SET commission_balance = ROUND(commission_balance + 100,2)
WHERE `user_id` = 'GCIQQH';
UPDATE `bv_updation` SET right_carry = right_carry+250, total_right = total_right+250
WHERE `user_id` = '9VW8HL';
INSERT INTO `placement_bv_update_history` (`right_carry`, `date`, `from_id`, `user_id`) VALUES (250, '2024-08-29 22:38:03', 'YQTBHV', '9VW8HL');
UPDATE `bv_updation` SET right_carry = right_carry+250, total_right = total_right+250
WHERE `user_id` = 'GCIQQH';
INSERT INTO `placement_bv_update_history` (`right_carry`, `date`, `from_id`, `user_id`) VALUES (250, '2024-08-29 22:38:03', 'YQTBHV', 'GCIQQH');
UPDATE `bv_updation` SET sponsor_right_carry = sponsor_right_carry+250, sponsor_total_right = sponsor_total_right+250
WHERE `user_id` = 'GCIQQH';
INSERT INTO `sponsor_bv_update_history` (`right_carry`, `date`, `user_id`) VALUES (250, '2024-08-29 22:38:03', 'GCIQQH');
UPDATE `bv_updation` SET left_carry = left_carry+250, total_left = total_left+250
WHERE `user_id` = '4LVQJY';
INSERT INTO `placement_bv_update_history` (`left_carry`, `date`, `from_id`, `user_id`) VALUES (250, '2024-08-29 22:38:03', 'YQTBHV', '4LVQJY');
UPDATE `bv_updation` SET left_carry = left_carry+250, total_left = total_left+250
WHERE `user_id` = 'OCT6PM';
INSERT INTO `placement_bv_update_history` (`left_carry`, `date`, `from_id`, `user_id`) VALUES (250, '2024-08-29 22:38:03', 'YQTBHV', 'OCT6PM');
UPDATE `bv_updation` SET left_carry = left_carry+250, total_left = total_left+250
WHERE `user_id` = 'NC6JTL';
INSERT INTO `placement_bv_update_history` (`left_carry`, `date`, `from_id`, `user_id`) VALUES (250, '2024-08-29 22:38:03', 'YQTBHV', 'NC6JTL');
UPDATE `bv_updation` SET left_carry = left_carry+250, total_left = total_left+250
WHERE `user_id` = 'GRWFUM';
INSERT INTO `placement_bv_update_history` (`left_carry`, `date`, `from_id`, `user_id`) VALUES (250, '2024-08-29 22:38:03', 'YQTBHV', 'GRWFUM');
UPDATE `bv_updation` SET left_carry = left_carry+250, total_left = total_left+250
WHERE `user_id` = 'WCMPHI';
INSERT INTO `placement_bv_update_history` (`left_carry`, `date`, `from_id`, `user_id`) VALUES (250, '2024-08-29 22:38:03', 'YQTBHV', 'WCMPHI');
UPDATE `bv_updation` SET left_carry = left_carry+250, total_left = total_left+250
WHERE `user_id` = '7VFKAZ';
INSERT INTO `placement_bv_update_history` (`left_carry`, `date`, `from_id`, `user_id`) VALUES (250, '2024-08-29 22:38:03', 'YQTBHV', '7VFKAZ');
UPDATE `bv_updation` SET left_carry = left_carry+250, total_left = total_left+250
WHERE `user_id` = '1SGGX7';
INSERT INTO `placement_bv_update_history` (`left_carry`, `date`, `from_id`, `user_id`) VALUES (250, '2024-08-29 22:38:03', 'YQTBHV', '1SGGX7');
UPDATE `bv_updation` SET left_carry = left_carry+250, total_left = total_left+250
WHERE `user_id` = '1FC6E2';
INSERT INTO `placement_bv_update_history` (`left_carry`, `date`, `from_id`, `user_id`) VALUES (250, '2024-08-29 22:38:03', 'YQTBHV', '1FC6E2');
UPDATE `bv_updation` SET left_carry = left_carry+250, total_left = total_left+250
WHERE `user_id` = 'PBDUZQ';
INSERT INTO `placement_bv_update_history` (`left_carry`, `date`, `from_id`, `user_id`) VALUES (250, '2024-08-29 22:38:03', 'YQTBHV', 'PBDUZQ');
UPDATE `bv_updation` SET left_carry = left_carry+250, total_left = total_left+250
WHERE `user_id` = '1RDQV5';
INSERT INTO `placement_bv_update_history` (`left_carry`, `date`, `from_id`, `user_id`) VALUES (250, '2024-08-29 22:38:04', 'YQTBHV', '1RDQV5');
UPDATE `bv_updation` SET left_carry = left_carry+250, total_left = total_left+250
WHERE `user_id` = 'JK65W3';
INSERT INTO `placement_bv_update_history` (`left_carry`, `date`, `from_id`, `user_id`) VALUES (250, '2024-08-29 22:38:04', 'YQTBHV', 'JK65W3');
UPDATE `bv_updation` SET left_carry = left_carry+250, total_left = total_left+250
WHERE `user_id` = '155P44';
INSERT INTO `placement_bv_update_history` (`left_carry`, `date`, `from_id`, `user_id`) VALUES (250, '2024-08-29 22:38:04', 'YQTBHV', '155P44');
UPDATE `bv_updation` SET left_carry = left_carry+250, total_left = total_left+250
WHERE `user_id` = '8H869T';
INSERT INTO `placement_bv_update_history` (`left_carry`, `date`, `from_id`, `user_id`) VALUES (250, '2024-08-29 22:38:04', 'YQTBHV', '8H869T');
UPDATE `bv_updation` SET left_carry = left_carry+250, total_left = total_left+250
WHERE `user_id` = '57637V';
INSERT INTO `placement_bv_update_history` (`left_carry`, `date`, `from_id`, `user_id`) VALUES (250, '2024-08-29 22:38:04', 'YQTBHV', '57637V');
UPDATE `bv_updation` SET left_carry = left_carry+250, total_left = total_left+250
WHERE `user_id` = 'B4C4I7';
INSERT INTO `placement_bv_update_history` (`left_carry`, `date`, `from_id`, `user_id`) VALUES (250, '2024-08-29 22:38:04', 'YQTBHV', 'B4C4I7');
UPDATE `bv_updation` SET left_carry = left_carry+250, total_left = total_left+250
WHERE `user_id` = 'OJZVDU';
INSERT INTO `placement_bv_update_history` (`left_carry`, `date`, `from_id`, `user_id`) VALUES (250, '2024-08-29 22:38:04', 'YQTBHV', 'OJZVDU');
UPDATE `bv_updation` SET left_carry = left_carry+250, total_left = total_left+250
WHERE `user_id` = 'XUNLL5';
INSERT INTO `placement_bv_update_history` (`left_carry`, `date`, `from_id`, `user_id`) VALUES (250, '2024-08-29 22:38:04', 'YQTBHV', 'XUNLL5');
UPDATE `bv_updation` SET left_carry = left_carry+250, total_left = total_left+250
WHERE `user_id` = 'admin';
INSERT INTO `placement_bv_update_history` (`left_carry`, `date`, `from_id`, `user_id`) VALUES (250, '2024-08-29 22:38:04', 'YQTBHV', 'admin');
UPDATE `user_registration` SET `popup_seen` = 'yes'
WHERE `user_id` = 'GCIQQH';
UPDATE `user_registration` SET `uid` = '2195', `user_id` = 'KPSZS2', `username` = 'isaac', `sponsor_id` = 'GCIQQH', `vacant` = 'no', `f_name` = 'isaac', `l_name` = 'jenkins', `address` = '10279 SW FLAGLER TERR', `position` = 'right', `email` = 'isaa@gmail.com', `password` = 'a5f29fdd4a304efe7b2568adbe83f82f', `phone` = '7862107045', `country` = 'United States', `state` = 'Florida', `city` = 'miami', `street` = '9380 SW 72 St', `zip_code` = '33174', `reg_ip` = '76.108.39.65', `status` = 1, `package_id` = 1, `rank_id` = 1, `highest_rank` = 1, `created` = '2024-08-29 22:39:49', `google_secret` = 'YMI73IUWEQHRCP3U'
WHERE `uid` = '2195';
INSERT INTO `user_registration` (`uid`, `user_id`, `username`, `sponsor_id`, `placement_id`, `vacant`, `f_name`, `l_name`, `address`, `position`, `email`, `password`, `phone`, `reg_ip`, `status`, `created`) VALUES (NULL, 'USKJGH', 'KjWBhAaQ', 'KPSZS2', 'KPSZS2', 'yes', '', '', '', 'left', '@mail.com', '', '', '', 0, '2024-08-29 22:39:49');
INSERT INTO `user_registration` (`uid`, `user_id`, `username`, `sponsor_id`, `placement_id`, `vacant`, `f_name`, `l_name`, `address`, `position`, `email`, `password`, `phone`, `reg_ip`, `status`, `created`) VALUES (NULL, 'ZWLIQM', 'lEYJjAsb', 'KPSZS2', 'KPSZS2', 'yes', '', '', '', 'right', '@mail.com', '', '', '', 0, '2024-08-29 22:39:49');
INSERT INTO `bv_updation` (`user_id`) VALUES ('KPSZS2');
UPDATE `user_registration` SET total_ref_count = total_ref_count+1
WHERE `user_id` = 'GCIQQH';
UPDATE `user_registration` SET total_downlines = total_downlines+1
WHERE `user_id` = 'YQTBHV';
UPDATE `user_registration` SET right_downlines = right_downlines+1
WHERE `user_id` = 'YQTBHV';
UPDATE `user_registration` SET total_downlines = total_downlines+1
WHERE `user_id` = '9VW8HL';
UPDATE `user_registration` SET right_downlines = right_downlines+1
WHERE `user_id` = '9VW8HL';
UPDATE `user_registration` SET total_downlines = total_downlines+1
WHERE `user_id` = 'GCIQQH';
UPDATE `user_registration` SET right_downlines = right_downlines+1
WHERE `user_id` = 'GCIQQH';
UPDATE `user_registration` SET right_ref_count = right_ref_count+1
WHERE `user_id` = 'GCIQQH';
UPDATE `user_registration` SET active_right = active_right+1
WHERE `user_id` = 'GCIQQH';
UPDATE `user_registration` SET total_downlines = total_downlines+1
WHERE `user_id` = '4LVQJY';
UPDATE `user_registration` SET left_downlines = left_downlines+1
WHERE `user_id` = '4LVQJY';
UPDATE `user_registration` SET total_downlines = total_downlines+1
WHERE `user_id` = 'OCT6PM';
UPDATE `user_registration` SET left_downlines = left_downlines+1
WHERE `user_id` = 'OCT6PM';
UPDATE `user_registration` SET total_downlines = total_downlines+1
WHERE `user_id` = 'NC6JTL';
UPDATE `user_registration` SET left_downlines = left_downlines+1
WHERE `user_id` = 'NC6JTL';
UPDATE `user_registration` SET total_downlines = total_downlines+1
WHERE `user_id` = 'GRWFUM';
UPDATE `user_registration` SET left_downlines = left_downlines+1
WHERE `user_id` = 'GRWFUM';
UPDATE `user_registration` SET total_downlines = total_downlines+1
WHERE `user_id` = 'WCMPHI';
UPDATE `user_registration` SET left_downlines = left_downlines+1
WHERE `user_id` = 'WCMPHI';
UPDATE `user_registration` SET total_downlines = total_downlines+1
WHERE `user_id` = '7VFKAZ';
UPDATE `user_registration` SET left_downlines = left_downlines+1
WHERE `user_id` = '7VFKAZ';
UPDATE `user_registration` SET total_downlines = total_downlines+1
WHERE `user_id` = '1SGGX7';
UPDATE `user_registration` SET left_downlines = left_downlines+1
WHERE `user_id` = '1SGGX7';
UPDATE `user_registration` SET total_downlines = total_downlines+1
WHERE `user_id` = '1FC6E2';
UPDATE `user_registration` SET left_downlines = left_downlines+1
WHERE `user_id` = '1FC6E2';
UPDATE `user_registration` SET total_downlines = total_downlines+1
WHERE `user_id` = 'PBDUZQ';
UPDATE `user_registration` SET left_downlines = left_downlines+1
WHERE `user_id` = 'PBDUZQ';
UPDATE `user_registration` SET total_downlines = total_downlines+1
WHERE `user_id` = '1RDQV5';
UPDATE `user_registration` SET left_downlines = left_downlines+1
WHERE `user_id` = '1RDQV5';
UPDATE `user_registration` SET total_downlines = total_downlines+1
WHERE `user_id` = 'JK65W3';
UPDATE `user_registration` SET left_downlines = left_downlines+1
WHERE `user_id` = 'JK65W3';
UPDATE `user_registration` SET total_downlines = total_downlines+1
WHERE `user_id` = '155P44';
UPDATE `user_registration` SET left_downlines = left_downlines+1
WHERE `user_id` = '155P44';
UPDATE `user_registration` SET total_downlines = total_downlines+1
WHERE `user_id` = '8H869T';
UPDATE `user_registration` SET left_downlines = left_downlines+1
WHERE `user_id` = '8H869T';
UPDATE `user_registration` SET total_downlines = total_downlines+1
WHERE `user_id` = '57637V';
UPDATE `user_registration` SET left_downlines = left_downlines+1
WHERE `user_id` = '57637V';
UPDATE `user_registration` SET total_downlines = total_downlines+1
WHERE `user_id` = 'B4C4I7';
UPDATE `user_registration` SET left_downlines = left_downlines+1
WHERE `user_id` = 'B4C4I7';
UPDATE `user_registration` SET total_downlines = total_downlines+1
WHERE `user_id` = 'OJZVDU';
UPDATE `user_registration` SET left_downlines = left_downlines+1
WHERE `user_id` = 'OJZVDU';
UPDATE `user_registration` SET total_downlines = total_downlines+1
WHERE `user_id` = 'XUNLL5';
UPDATE `user_registration` SET left_downlines = left_downlines+1
WHERE `user_id` = 'XUNLL5';
UPDATE `user_registration` SET total_downlines = total_downlines+1
WHERE `user_id` = 'admin';
UPDATE `user_registration` SET left_downlines = left_downlines+1
WHERE `user_id` = 'admin';
INSERT INTO `earnings` (`user_id`, `Purchaser_id`, `earning_type`, `package_id`, `amount`, `date`, `comments`, `invest_amount`, `comm_perc`, `level`) VALUES ('GCIQQH', 'KPSZS2', 'Direct Referral Bonus', 0, '100', '2024-08-29 22:39:49', 'Direct Referral Bonus', 0, 0, 1);
UPDATE `user_registration` SET commission_balance = ROUND(commission_balance + 100,2)
WHERE `user_id` = 'GCIQQH';
UPDATE `bv_updation` SET right_carry = right_carry+250, total_right = total_right+250
WHERE `user_id` = 'YQTBHV';
INSERT INTO `placement_bv_update_history` (`right_carry`, `date`, `from_id`, `user_id`) VALUES (250, '2024-08-29 22:39:49', 'KPSZS2', 'YQTBHV');
UPDATE `bv_updation` SET right_carry = right_carry+250, total_right = total_right+250
WHERE `user_id` = '9VW8HL';
INSERT INTO `placement_bv_update_history` (`right_carry`, `date`, `from_id`, `user_id`) VALUES (250, '2024-08-29 22:39:49', 'KPSZS2', '9VW8HL');
UPDATE `bv_updation` SET right_carry = right_carry+250, total_right = total_right+250
WHERE `user_id` = 'GCIQQH';
INSERT INTO `placement_bv_update_history` (`right_carry`, `date`, `from_id`, `user_id`) VALUES (250, '2024-08-29 22:39:49', 'KPSZS2', 'GCIQQH');
UPDATE `bv_updation` SET sponsor_right_carry = sponsor_right_carry+250, sponsor_total_right = sponsor_total_right+250
WHERE `user_id` = 'GCIQQH';
INSERT INTO `sponsor_bv_update_history` (`right_carry`, `date`, `user_id`) VALUES (250, '2024-08-29 22:39:49', 'GCIQQH');
UPDATE `bv_updation` SET left_carry = left_carry+250, total_left = total_left+250
WHERE `user_id` = '4LVQJY';
INSERT INTO `placement_bv_update_history` (`left_carry`, `date`, `from_id`, `user_id`) VALUES (250, '2024-08-29 22:39:49', 'KPSZS2', '4LVQJY');
UPDATE `bv_updation` SET left_carry = left_carry+250, total_left = total_left+250
WHERE `user_id` = 'OCT6PM';
INSERT INTO `placement_bv_update_history` (`left_carry`, `date`, `from_id`, `user_id`) VALUES (250, '2024-08-29 22:39:49', 'KPSZS2', 'OCT6PM');
UPDATE `bv_updation` SET left_carry = left_carry+250, total_left = total_left+250
WHERE `user_id` = 'NC6JTL';
INSERT INTO `placement_bv_update_history` (`left_carry`, `date`, `from_id`, `user_id`) VALUES (250, '2024-08-29 22:39:49', 'KPSZS2', 'NC6JTL');
UPDATE `bv_updation` SET left_carry = left_carry+250, total_left = total_left+250
WHERE `user_id` = 'GRWFUM';
INSERT INTO `placement_bv_update_history` (`left_carry`, `date`, `from_id`, `user_id`) VALUES (250, '2024-08-29 22:39:49', 'KPSZS2', 'GRWFUM');
UPDATE `bv_updation` SET left_carry = left_carry+250, total_left = total_left+250
WHERE `user_id` = 'WCMPHI';
INSERT INTO `placement_bv_update_history` (`left_carry`, `date`, `from_id`, `user_id`) VALUES (250, '2024-08-29 22:39:49', 'KPSZS2', 'WCMPHI');
UPDATE `bv_updation` SET left_carry = left_carry+250, total_left = total_left+250
WHERE `user_id` = '7VFKAZ';
INSERT INTO `placement_bv_update_history` (`left_carry`, `date`, `from_id`, `user_id`) VALUES (250, '2024-08-29 22:39:49', 'KPSZS2', '7VFKAZ');
UPDATE `bv_updation` SET left_carry = left_carry+250, total_left = total_left+250
WHERE `user_id` = '1SGGX7';
INSERT INTO `placement_bv_update_history` (`left_carry`, `date`, `from_id`, `user_id`) VALUES (250, '2024-08-29 22:39:49', 'KPSZS2', '1SGGX7');
UPDATE `bv_updation` SET left_carry = left_carry+250, total_left = total_left+250
WHERE `user_id` = '1FC6E2';
INSERT INTO `placement_bv_update_history` (`left_carry`, `date`, `from_id`, `user_id`) VALUES (250, '2024-08-29 22:39:49', 'KPSZS2', '1FC6E2');
UPDATE `bv_updation` SET left_carry = left_carry+250, total_left = total_left+250
WHERE `user_id` = 'PBDUZQ';
INSERT INTO `placement_bv_update_history` (`left_carry`, `date`, `from_id`, `user_id`) VALUES (250, '2024-08-29 22:39:49', 'KPSZS2', 'PBDUZQ');
UPDATE `bv_updation` SET left_carry = left_carry+250, total_left = total_left+250
WHERE `user_id` = '1RDQV5';
INSERT INTO `placement_bv_update_history` (`left_carry`, `date`, `from_id`, `user_id`) VALUES (250, '2024-08-29 22:39:49', 'KPSZS2', '1RDQV5');
UPDATE `bv_updation` SET left_carry = left_carry+250, total_left = total_left+250
WHERE `user_id` = 'JK65W3';
INSERT INTO `placement_bv_update_history` (`left_carry`, `date`, `from_id`, `user_id`) VALUES (250, '2024-08-29 22:39:49', 'KPSZS2', 'JK65W3');
UPDATE `bv_updation` SET left_carry = left_carry+250, total_left = total_left+250
WHERE `user_id` = '155P44';
INSERT INTO `placement_bv_update_history` (`left_carry`, `date`, `from_id`, `user_id`) VALUES (250, '2024-08-29 22:39:49', 'KPSZS2', '155P44');
UPDATE `bv_updation` SET left_carry = left_carry+250, total_left = total_left+250
WHERE `user_id` = '8H869T';
INSERT INTO `placement_bv_update_history` (`left_carry`, `date`, `from_id`, `user_id`) VALUES (250, '2024-08-29 22:39:49', 'KPSZS2', '8H869T');
UPDATE `bv_updation` SET left_carry = left_carry+250, total_left = total_left+250
WHERE `user_id` = '57637V';
INSERT INTO `placement_bv_update_history` (`left_carry`, `date`, `from_id`, `user_id`) VALUES (250, '2024-08-29 22:39:49', 'KPSZS2', '57637V');
UPDATE `bv_updation` SET left_carry = left_carry+250, total_left = total_left+250
WHERE `user_id` = 'B4C4I7';
INSERT INTO `placement_bv_update_history` (`left_carry`, `date`, `from_id`, `user_id`) VALUES (250, '2024-08-29 22:39:49', 'KPSZS2', 'B4C4I7');
UPDATE `bv_updation` SET left_carry = left_carry+250, total_left = total_left+250
WHERE `user_id` = 'OJZVDU';
INSERT INTO `placement_bv_update_history` (`left_carry`, `date`, `from_id`, `user_id`) VALUES (250, '2024-08-29 22:39:49', 'KPSZS2', 'OJZVDU');
UPDATE `bv_updation` SET left_carry = left_carry+250, total_left = total_left+250
WHERE `user_id` = 'XUNLL5';
INSERT INTO `placement_bv_update_history` (`left_carry`, `date`, `from_id`, `user_id`) VALUES (250, '2024-08-29 22:39:49', 'KPSZS2', 'XUNLL5');
UPDATE `bv_updation` SET left_carry = left_carry+250, total_left = total_left+250
WHERE `user_id` = 'admin';
INSERT INTO `placement_bv_update_history` (`left_carry`, `date`, `from_id`, `user_id`) VALUES (250, '2024-08-29 22:39:49', 'KPSZS2', 'admin');
UPDATE `user_registration` SET `uid` = '2197', `user_id` = 'YBWDVA', `username` = 'carlitos', `sponsor_id` = 'GCIQQH', `vacant` = 'no', `f_name` = 'carlitos', `l_name` = 'alvarez ', `address` = '10279 SW FLAGLER TERR', `position` = 'right', `email` = 'carlosyesus57@gmail.com', `password` = 'a5f29fdd4a304efe7b2568adbe83f82f', `phone` = '7862107045', `country` = 'United States', `state` = 'Florida', `city` = 'miami', `street` = '9380 SW 72 St', `zip_code` = '33174', `reg_ip` = '76.108.39.65', `status` = 1, `package_id` = 1, `rank_id` = 1, `highest_rank` = 1, `created` = '2024-08-29 22:40:50', `google_secret` = 'TFUKSDHGRPRH3M7G'
WHERE `uid` = '2197';
INSERT INTO `user_registration` (`uid`, `user_id`, `username`, `sponsor_id`, `placement_id`, `vacant`, `f_name`, `l_name`, `address`, `position`, `email`, `password`, `phone`, `reg_ip`, `status`, `created`) VALUES (NULL, 'HRZKZQ', 'qrsTtBek', 'YBWDVA', 'YBWDVA', 'yes', '', '', '', 'left', '@mail.com', '', '', '', 0, '2024-08-29 22:40:50');
INSERT INTO `user_registration` (`uid`, `user_id`, `username`, `sponsor_id`, `placement_id`, `vacant`, `f_name`, `l_name`, `address`, `position`, `email`, `password`, `phone`, `reg_ip`, `status`, `created`) VALUES (NULL, 'MIZYOQ', 'IubwyKWC', 'YBWDVA', 'YBWDVA', 'yes', '', '', '', 'right', '@mail.com', '', '', '', 0, '2024-08-29 22:40:50');
INSERT INTO `bv_updation` (`user_id`) VALUES ('YBWDVA');
UPDATE `user_registration` SET total_ref_count = total_ref_count+1
WHERE `user_id` = 'GCIQQH';
UPDATE `user_registration` SET total_downlines = total_downlines+1
WHERE `user_id` = 'KPSZS2';
UPDATE `user_registration` SET right_downlines = right_downlines+1
WHERE `user_id` = 'KPSZS2';
UPDATE `user_registration` SET total_downlines = total_downlines+1
WHERE `user_id` = 'YQTBHV';
UPDATE `user_registration` SET right_downlines = right_downlines+1
WHERE `user_id` = 'YQTBHV';
UPDATE `user_registration` SET total_downlines = total_downlines+1
WHERE `user_id` = '9VW8HL';
UPDATE `user_registration` SET right_downlines = right_downlines+1
WHERE `user_id` = '9VW8HL';
UPDATE `user_registration` SET total_downlines = total_downlines+1
WHERE `user_id` = 'GCIQQH';
UPDATE `user_registration` SET right_downlines = right_downlines+1
WHERE `user_id` = 'GCIQQH';
UPDATE `user_registration` SET right_ref_count = right_ref_count+1
WHERE `user_id` = 'GCIQQH';
UPDATE `user_registration` SET active_right = active_right+1
WHERE `user_id` = 'GCIQQH';
UPDATE `user_registration` SET total_downlines = total_downlines+1
WHERE `user_id` = '4LVQJY';
UPDATE `user_registration` SET left_downlines = left_downlines+1
WHERE `user_id` = '4LVQJY';
UPDATE `user_registration` SET total_downlines = total_downlines+1
WHERE `user_id` = 'OCT6PM';
UPDATE `user_registration` SET left_downlines = left_downlines+1
WHERE `user_id` = 'OCT6PM';
UPDATE `user_registration` SET total_downlines = total_downlines+1
WHERE `user_id` = 'NC6JTL';
UPDATE `user_registration` SET left_downlines = left_downlines+1
WHERE `user_id` = 'NC6JTL';
UPDATE `user_registration` SET total_downlines = total_downlines+1
WHERE `user_id` = 'GRWFUM';
UPDATE `user_registration` SET left_downlines = left_downlines+1
WHERE `user_id` = 'GRWFUM';
UPDATE `user_registration` SET total_downlines = total_downlines+1
WHERE `user_id` = 'WCMPHI';
UPDATE `user_registration` SET left_downlines = left_downlines+1
WHERE `user_id` = 'WCMPHI';
UPDATE `user_registration` SET total_downlines = total_downlines+1
WHERE `user_id` = '7VFKAZ';
UPDATE `user_registration` SET left_downlines = left_downlines+1
WHERE `user_id` = '7VFKAZ';
UPDATE `user_registration` SET total_downlines = total_downlines+1
WHERE `user_id` = '1SGGX7';
UPDATE `user_registration` SET left_downlines = left_downlines+1
WHERE `user_id` = '1SGGX7';
UPDATE `user_registration` SET total_downlines = total_downlines+1
WHERE `user_id` = '1FC6E2';
UPDATE `user_registration` SET left_downlines = left_downlines+1
WHERE `user_id` = '1FC6E2';
UPDATE `user_registration` SET total_downlines = total_downlines+1
WHERE `user_id` = 'PBDUZQ';
UPDATE `user_registration` SET left_downlines = left_downlines+1
WHERE `user_id` = 'PBDUZQ';
UPDATE `user_registration` SET total_downlines = total_downlines+1
WHERE `user_id` = '1RDQV5';
UPDATE `user_registration` SET left_downlines = left_downlines+1
WHERE `user_id` = '1RDQV5';
UPDATE `user_registration` SET total_downlines = total_downlines+1
WHERE `user_id` = 'JK65W3';
UPDATE `user_registration` SET left_downlines = left_downlines+1
WHERE `user_id` = 'JK65W3';
UPDATE `user_registration` SET total_downlines = total_downlines+1
WHERE `user_id` = '155P44';
UPDATE `user_registration` SET left_downlines = left_downlines+1
WHERE `user_id` = '155P44';
UPDATE `user_registration` SET total_downlines = total_downlines+1
WHERE `user_id` = '8H869T';
UPDATE `user_registration` SET left_downlines = left_downlines+1
WHERE `user_id` = '8H869T';
UPDATE `user_registration` SET total_downlines = total_downlines+1
WHERE `user_id` = '57637V';
UPDATE `user_registration` SET left_downlines = left_downlines+1
WHERE `user_id` = '57637V';
UPDATE `user_registration` SET total_downlines = total_downlines+1
WHERE `user_id` = 'B4C4I7';
UPDATE `user_registration` SET left_downlines = left_downlines+1
WHERE `user_id` = 'B4C4I7';
UPDATE `user_registration` SET total_downlines = total_downlines+1
WHERE `user_id` = 'OJZVDU';
UPDATE `user_registration` SET left_downlines = left_downlines+1
WHERE `user_id` = 'OJZVDU';
UPDATE `user_registration` SET total_downlines = total_downlines+1
WHERE `user_id` = 'XUNLL5';
UPDATE `user_registration` SET left_downlines = left_downlines+1
WHERE `user_id` = 'XUNLL5';
UPDATE `user_registration` SET total_downlines = total_downlines+1
WHERE `user_id` = 'admin';
UPDATE `user_registration` SET left_downlines = left_downlines+1
WHERE `user_id` = 'admin';
INSERT INTO `earnings` (`user_id`, `Purchaser_id`, `earning_type`, `package_id`, `amount`, `date`, `comments`, `invest_amount`, `comm_perc`, `level`) VALUES ('GCIQQH', 'YBWDVA', 'Direct Referral Bonus', 0, '100', '2024-08-29 22:40:50', 'Direct Referral Bonus', 0, 0, 1);
UPDATE `user_registration` SET commission_balance = ROUND(commission_balance + 100,2)
WHERE `user_id` = 'GCIQQH';
UPDATE `bv_updation` SET right_carry = right_carry+250, total_right = total_right+250
WHERE `user_id` = 'KPSZS2';
INSERT INTO `placement_bv_update_history` (`right_carry`, `date`, `from_id`, `user_id`) VALUES (250, '2024-08-29 22:40:50', 'YBWDVA', 'KPSZS2');
UPDATE `bv_updation` SET right_carry = right_carry+250, total_right = total_right+250
WHERE `user_id` = 'YQTBHV';
INSERT INTO `placement_bv_update_history` (`right_carry`, `date`, `from_id`, `user_id`) VALUES (250, '2024-08-29 22:40:50', 'YBWDVA', 'YQTBHV');
UPDATE `bv_updation` SET right_carry = right_carry+250, total_right = total_right+250
WHERE `user_id` = '9VW8HL';
INSERT INTO `placement_bv_update_history` (`right_carry`, `date`, `from_id`, `user_id`) VALUES (250, '2024-08-29 22:40:50', 'YBWDVA', '9VW8HL');
UPDATE `bv_updation` SET right_carry = right_carry+250, total_right = total_right+250
WHERE `user_id` = 'GCIQQH';
INSERT INTO `placement_bv_update_history` (`right_carry`, `date`, `from_id`, `user_id`) VALUES (250, '2024-08-29 22:40:50', 'YBWDVA', 'GCIQQH');
UPDATE `bv_updation` SET sponsor_right_carry = sponsor_right_carry+250, sponsor_total_right = sponsor_total_right+250
WHERE `user_id` = 'GCIQQH';
INSERT INTO `sponsor_bv_update_history` (`right_carry`, `date`, `user_id`) VALUES (250, '2024-08-29 22:40:50', 'GCIQQH');
UPDATE `bv_updation` SET left_carry = left_carry+250, total_left = total_left+250
WHERE `user_id` = '4LVQJY';
INSERT INTO `placement_bv_update_history` (`left_carry`, `date`, `from_id`, `user_id`) VALUES (250, '2024-08-29 22:40:50', 'YBWDVA', '4LVQJY');
UPDATE `bv_updation` SET left_carry = left_carry+250, total_left = total_left+250
WHERE `user_id` = 'OCT6PM';
INSERT INTO `placement_bv_update_history` (`left_carry`, `date`, `from_id`, `user_id`) VALUES (250, '2024-08-29 22:40:50', 'YBWDVA', 'OCT6PM');
UPDATE `bv_updation` SET left_carry = left_carry+250, total_left = total_left+250
WHERE `user_id` = 'NC6JTL';
INSERT INTO `placement_bv_update_history` (`left_carry`, `date`, `from_id`, `user_id`) VALUES (250, '2024-08-29 22:40:50', 'YBWDVA', 'NC6JTL');
UPDATE `bv_updation` SET left_carry = left_carry+250, total_left = total_left+250
WHERE `user_id` = 'GRWFUM';
INSERT INTO `placement_bv_update_history` (`left_carry`, `date`, `from_id`, `user_id`) VALUES (250, '2024-08-29 22:40:50', 'YBWDVA', 'GRWFUM');
UPDATE `bv_updation` SET left_carry = left_carry+250, total_left = total_left+250
WHERE `user_id` = 'WCMPHI';
INSERT INTO `placement_bv_update_history` (`left_carry`, `date`, `from_id`, `user_id`) VALUES (250, '2024-08-29 22:40:50', 'YBWDVA', 'WCMPHI');
UPDATE `bv_updation` SET left_carry = left_carry+250, total_left = total_left+250
WHERE `user_id` = '7VFKAZ';
INSERT INTO `placement_bv_update_history` (`left_carry`, `date`, `from_id`, `user_id`) VALUES (250, '2024-08-29 22:40:50', 'YBWDVA', '7VFKAZ');
UPDATE `bv_updation` SET left_carry = left_carry+250, total_left = total_left+250
WHERE `user_id` = '1SGGX7';
INSERT INTO `placement_bv_update_history` (`left_carry`, `date`, `from_id`, `user_id`) VALUES (250, '2024-08-29 22:40:50', 'YBWDVA', '1SGGX7');
UPDATE `bv_updation` SET left_carry = left_carry+250, total_left = total_left+250
WHERE `user_id` = '1FC6E2';
INSERT INTO `placement_bv_update_history` (`left_carry`, `date`, `from_id`, `user_id`) VALUES (250, '2024-08-29 22:40:50', 'YBWDVA', '1FC6E2');
UPDATE `bv_updation` SET left_carry = left_carry+250, total_left = total_left+250
WHERE `user_id` = 'PBDUZQ';
INSERT INTO `placement_bv_update_history` (`left_carry`, `date`, `from_id`, `user_id`) VALUES (250, '2024-08-29 22:40:50', 'YBWDVA', 'PBDUZQ');
UPDATE `bv_updation` SET left_carry = left_carry+250, total_left = total_left+250
WHERE `user_id` = '1RDQV5';
INSERT INTO `placement_bv_update_history` (`left_carry`, `date`, `from_id`, `user_id`) VALUES (250, '2024-08-29 22:40:50', 'YBWDVA', '1RDQV5');
UPDATE `bv_updation` SET left_carry = left_carry+250, total_left = total_left+250
WHERE `user_id` = 'JK65W3';
INSERT INTO `placement_bv_update_history` (`left_carry`, `date`, `from_id`, `user_id`) VALUES (250, '2024-08-29 22:40:50', 'YBWDVA', 'JK65W3');
UPDATE `bv_updation` SET left_carry = left_carry+250, total_left = total_left+250
WHERE `user_id` = '155P44';
INSERT INTO `placement_bv_update_history` (`left_carry`, `date`, `from_id`, `user_id`) VALUES (250, '2024-08-29 22:40:50', 'YBWDVA', '155P44');
UPDATE `bv_updation` SET left_carry = left_carry+250, total_left = total_left+250
WHERE `user_id` = '8H869T';
INSERT INTO `placement_bv_update_history` (`left_carry`, `date`, `from_id`, `user_id`) VALUES (250, '2024-08-29 22:40:50', 'YBWDVA', '8H869T');
UPDATE `bv_updation` SET left_carry = left_carry+250, total_left = total_left+250
WHERE `user_id` = '57637V';
INSERT INTO `placement_bv_update_history` (`left_carry`, `date`, `from_id`, `user_id`) VALUES (250, '2024-08-29 22:40:50', 'YBWDVA', '57637V');
UPDATE `bv_updation` SET left_carry = left_carry+250, total_left = total_left+250
WHERE `user_id` = 'B4C4I7';
INSERT INTO `placement_bv_update_history` (`left_carry`, `date`, `from_id`, `user_id`) VALUES (250, '2024-08-29 22:40:50', 'YBWDVA', 'B4C4I7');
UPDATE `bv_updation` SET left_carry = left_carry+250, total_left = total_left+250
WHERE `user_id` = 'OJZVDU';
INSERT INTO `placement_bv_update_history` (`left_carry`, `date`, `from_id`, `user_id`) VALUES (250, '2024-08-29 22:40:50', 'YBWDVA', 'OJZVDU');
UPDATE `bv_updation` SET left_carry = left_carry+250, total_left = total_left+250
WHERE `user_id` = 'XUNLL5';
INSERT INTO `placement_bv_update_history` (`left_carry`, `date`, `from_id`, `user_id`) VALUES (250, '2024-08-29 22:40:50', 'YBWDVA', 'XUNLL5');
UPDATE `bv_updation` SET left_carry = left_carry+250, total_left = total_left+250
WHERE `user_id` = 'admin';
INSERT INTO `placement_bv_update_history` (`left_carry`, `date`, `from_id`, `user_id`) VALUES (250, '2024-08-29 22:40:50', 'YBWDVA', 'admin');
UPDATE `user_registration` SET `uid` = '2199', `user_id` = 'VAJJED', `username` = 'ted', `sponsor_id` = 'GCIQQH', `vacant` = 'no', `f_name` = 'ted', `l_name` = 'williams', `address` = '10279 SW FLAGLER TERR', `position` = 'right', `email` = 'ted@gmail.com', `password` = 'a5f29fdd4a304efe7b2568adbe83f82f', `phone` = '7862107045', `country` = 'United States', `state` = 'Florida', `city` = 'miami', `street` = '9380 SW 72 St', `zip_code` = '33174', `reg_ip` = '76.108.39.65', `status` = 1, `package_id` = 1, `rank_id` = 1, `highest_rank` = 1, `created` = '2024-08-29 22:42:29', `google_secret` = '6B6X75INQLPZXO4K'
WHERE `uid` = '2199';
INSERT INTO `user_registration` (`uid`, `user_id`, `username`, `sponsor_id`, `placement_id`, `vacant`, `f_name`, `l_name`, `address`, `position`, `email`, `password`, `phone`, `reg_ip`, `status`, `created`) VALUES (NULL, 'MXAEPO', 'JRgqzxgJ', 'VAJJED', 'VAJJED', 'yes', '', '', '', 'left', '@mail.com', '', '', '', 0, '2024-08-29 22:42:29');
INSERT INTO `user_registration` (`uid`, `user_id`, `username`, `sponsor_id`, `placement_id`, `vacant`, `f_name`, `l_name`, `address`, `position`, `email`, `password`, `phone`, `reg_ip`, `status`, `created`) VALUES (NULL, 'CIXLXC', 'lLmMnohG', 'VAJJED', 'VAJJED', 'yes', '', '', '', 'right', '@mail.com', '', '', '', 0, '2024-08-29 22:42:29');
INSERT INTO `bv_updation` (`user_id`) VALUES ('VAJJED');
UPDATE `user_registration` SET total_ref_count = total_ref_count+1
WHERE `user_id` = 'GCIQQH';
UPDATE `user_registration` SET total_downlines = total_downlines+1
WHERE `user_id` = 'YBWDVA';
UPDATE `user_registration` SET right_downlines = right_downlines+1
WHERE `user_id` = 'YBWDVA';
UPDATE `user_registration` SET total_downlines = total_downlines+1
WHERE `user_id` = 'KPSZS2';
UPDATE `user_registration` SET right_downlines = right_downlines+1
WHERE `user_id` = 'KPSZS2';
UPDATE `user_registration` SET total_downlines = total_downlines+1
WHERE `user_id` = 'YQTBHV';
UPDATE `user_registration` SET right_downlines = right_downlines+1
WHERE `user_id` = 'YQTBHV';
UPDATE `user_registration` SET total_downlines = total_downlines+1
WHERE `user_id` = '9VW8HL';
UPDATE `user_registration` SET right_downlines = right_downlines+1
WHERE `user_id` = '9VW8HL';
UPDATE `user_registration` SET total_downlines = total_downlines+1
WHERE `user_id` = 'GCIQQH';
UPDATE `user_registration` SET right_downlines = right_downlines+1
WHERE `user_id` = 'GCIQQH';
UPDATE `user_registration` SET right_ref_count = right_ref_count+1
WHERE `user_id` = 'GCIQQH';
UPDATE `user_registration` SET active_right = active_right+1
WHERE `user_id` = 'GCIQQH';
UPDATE `user_registration` SET total_downlines = total_downlines+1
WHERE `user_id` = '4LVQJY';
UPDATE `user_registration` SET left_downlines = left_downlines+1
WHERE `user_id` = '4LVQJY';
UPDATE `user_registration` SET total_downlines = total_downlines+1
WHERE `user_id` = 'OCT6PM';
UPDATE `user_registration` SET left_downlines = left_downlines+1
WHERE `user_id` = 'OCT6PM';
UPDATE `user_registration` SET total_downlines = total_downlines+1
WHERE `user_id` = 'NC6JTL';
UPDATE `user_registration` SET left_downlines = left_downlines+1
WHERE `user_id` = 'NC6JTL';
UPDATE `user_registration` SET total_downlines = total_downlines+1
WHERE `user_id` = 'GRWFUM';
UPDATE `user_registration` SET left_downlines = left_downlines+1
WHERE `user_id` = 'GRWFUM';
UPDATE `user_registration` SET total_downlines = total_downlines+1
WHERE `user_id` = 'WCMPHI';
UPDATE `user_registration` SET left_downlines = left_downlines+1
WHERE `user_id` = 'WCMPHI';
UPDATE `user_registration` SET total_downlines = total_downlines+1
WHERE `user_id` = '7VFKAZ';
UPDATE `user_registration` SET left_downlines = left_downlines+1
WHERE `user_id` = '7VFKAZ';
UPDATE `user_registration` SET total_downlines = total_downlines+1
WHERE `user_id` = '1SGGX7';
UPDATE `user_registration` SET left_downlines = left_downlines+1
WHERE `user_id` = '1SGGX7';
UPDATE `user_registration` SET total_downlines = total_downlines+1
WHERE `user_id` = '1FC6E2';
UPDATE `user_registration` SET left_downlines = left_downlines+1
WHERE `user_id` = '1FC6E2';
UPDATE `user_registration` SET total_downlines = total_downlines+1
WHERE `user_id` = 'PBDUZQ';
UPDATE `user_registration` SET left_downlines = left_downlines+1
WHERE `user_id` = 'PBDUZQ';
UPDATE `user_registration` SET total_downlines = total_downlines+1
WHERE `user_id` = '1RDQV5';
UPDATE `user_registration` SET left_downlines = left_downlines+1
WHERE `user_id` = '1RDQV5';
UPDATE `user_registration` SET total_downlines = total_downlines+1
WHERE `user_id` = 'JK65W3';
UPDATE `user_registration` SET left_downlines = left_downlines+1
WHERE `user_id` = 'JK65W3';
UPDATE `user_registration` SET total_downlines = total_downlines+1
WHERE `user_id` = '155P44';
UPDATE `user_registration` SET left_downlines = left_downlines+1
WHERE `user_id` = '155P44';
UPDATE `user_registration` SET total_downlines = total_downlines+1
WHERE `user_id` = '8H869T';
UPDATE `user_registration` SET left_downlines = left_downlines+1
WHERE `user_id` = '8H869T';
UPDATE `user_registration` SET total_downlines = total_downlines+1
WHERE `user_id` = '57637V';
UPDATE `user_registration` SET left_downlines = left_downlines+1
WHERE `user_id` = '57637V';
UPDATE `user_registration` SET total_downlines = total_downlines+1
WHERE `user_id` = 'B4C4I7';
UPDATE `user_registration` SET left_downlines = left_downlines+1
WHERE `user_id` = 'B4C4I7';
UPDATE `user_registration` SET total_downlines = total_downlines+1
WHERE `user_id` = 'OJZVDU';
UPDATE `user_registration` SET left_downlines = left_downlines+1
WHERE `user_id` = 'OJZVDU';
UPDATE `user_registration` SET total_downlines = total_downlines+1
WHERE `user_id` = 'XUNLL5';
UPDATE `user_registration` SET left_downlines = left_downlines+1
WHERE `user_id` = 'XUNLL5';
UPDATE `user_registration` SET total_downlines = total_downlines+1
WHERE `user_id` = 'admin';
UPDATE `user_registration` SET left_downlines = left_downlines+1
WHERE `user_id` = 'admin';
INSERT INTO `earnings` (`user_id`, `Purchaser_id`, `earning_type`, `package_id`, `amount`, `date`, `comments`, `invest_amount`, `comm_perc`, `level`) VALUES ('GCIQQH', 'VAJJED', 'Direct Referral Bonus', 0, '100', '2024-08-29 22:42:29', 'Direct Referral Bonus', 0, 0, 1);
UPDATE `user_registration` SET commission_balance = ROUND(commission_balance + 100,2)
WHERE `user_id` = 'GCIQQH';
UPDATE `bv_updation` SET right_carry = right_carry+250, total_right = total_right+250
WHERE `user_id` = 'YBWDVA';
INSERT INTO `placement_bv_update_history` (`right_carry`, `date`, `from_id`, `user_id`) VALUES (250, '2024-08-29 22:42:29', 'VAJJED', 'YBWDVA');
UPDATE `bv_updation` SET right_carry = right_carry+250, total_right = total_right+250
WHERE `user_id` = 'KPSZS2';
INSERT INTO `placement_bv_update_history` (`right_carry`, `date`, `from_id`, `user_id`) VALUES (250, '2024-08-29 22:42:29', 'VAJJED', 'KPSZS2');
UPDATE `bv_updation` SET right_carry = right_carry+250, total_right = total_right+250
WHERE `user_id` = 'YQTBHV';
INSERT INTO `placement_bv_update_history` (`right_carry`, `date`, `from_id`, `user_id`) VALUES (250, '2024-08-29 22:42:29', 'VAJJED', 'YQTBHV');
UPDATE `bv_updation` SET right_carry = right_carry+250, total_right = total_right+250
WHERE `user_id` = '9VW8HL';
INSERT INTO `placement_bv_update_history` (`right_carry`, `date`, `from_id`, `user_id`) VALUES (250, '2024-08-29 22:42:29', 'VAJJED', '9VW8HL');
UPDATE `bv_updation` SET right_carry = right_carry+250, total_right = total_right+250
WHERE `user_id` = 'GCIQQH';
INSERT INTO `placement_bv_update_history` (`right_carry`, `date`, `from_id`, `user_id`) VALUES (250, '2024-08-29 22:42:29', 'VAJJED', 'GCIQQH');
UPDATE `bv_updation` SET sponsor_right_carry = sponsor_right_carry+250, sponsor_total_right = sponsor_total_right+250
WHERE `user_id` = 'GCIQQH';
INSERT INTO `sponsor_bv_update_history` (`right_carry`, `date`, `user_id`) VALUES (250, '2024-08-29 22:42:29', 'GCIQQH');
UPDATE `bv_updation` SET left_carry = left_carry+250, total_left = total_left+250
WHERE `user_id` = '4LVQJY';
INSERT INTO `placement_bv_update_history` (`left_carry`, `date`, `from_id`, `user_id`) VALUES (250, '2024-08-29 22:42:29', 'VAJJED', '4LVQJY');
UPDATE `bv_updation` SET left_carry = left_carry+250, total_left = total_left+250
WHERE `user_id` = 'OCT6PM';
INSERT INTO `placement_bv_update_history` (`left_carry`, `date`, `from_id`, `user_id`) VALUES (250, '2024-08-29 22:42:29', 'VAJJED', 'OCT6PM');
UPDATE `bv_updation` SET left_carry = left_carry+250, total_left = total_left+250
WHERE `user_id` = 'NC6JTL';
INSERT INTO `placement_bv_update_history` (`left_carry`, `date`, `from_id`, `user_id`) VALUES (250, '2024-08-29 22:42:29', 'VAJJED', 'NC6JTL');
UPDATE `bv_updation` SET left_carry = left_carry+250, total_left = total_left+250
WHERE `user_id` = 'GRWFUM';
INSERT INTO `placement_bv_update_history` (`left_carry`, `date`, `from_id`, `user_id`) VALUES (250, '2024-08-29 22:42:29', 'VAJJED', 'GRWFUM');
UPDATE `bv_updation` SET left_carry = left_carry+250, total_left = total_left+250
WHERE `user_id` = 'WCMPHI';
INSERT INTO `placement_bv_update_history` (`left_carry`, `date`, `from_id`, `user_id`) VALUES (250, '2024-08-29 22:42:29', 'VAJJED', 'WCMPHI');
UPDATE `bv_updation` SET left_carry = left_carry+250, total_left = total_left+250
WHERE `user_id` = '7VFKAZ';
INSERT INTO `placement_bv_update_history` (`left_carry`, `date`, `from_id`, `user_id`) VALUES (250, '2024-08-29 22:42:29', 'VAJJED', '7VFKAZ');
UPDATE `bv_updation` SET left_carry = left_carry+250, total_left = total_left+250
WHERE `user_id` = '1SGGX7';
INSERT INTO `placement_bv_update_history` (`left_carry`, `date`, `from_id`, `user_id`) VALUES (250, '2024-08-29 22:42:29', 'VAJJED', '1SGGX7');
UPDATE `bv_updation` SET left_carry = left_carry+250, total_left = total_left+250
WHERE `user_id` = '1FC6E2';
INSERT INTO `placement_bv_update_history` (`left_carry`, `date`, `from_id`, `user_id`) VALUES (250, '2024-08-29 22:42:29', 'VAJJED', '1FC6E2');
UPDATE `bv_updation` SET left_carry = left_carry+250, total_left = total_left+250
WHERE `user_id` = 'PBDUZQ';
INSERT INTO `placement_bv_update_history` (`left_carry`, `date`, `from_id`, `user_id`) VALUES (250, '2024-08-29 22:42:29', 'VAJJED', 'PBDUZQ');
UPDATE `bv_updation` SET left_carry = left_carry+250, total_left = total_left+250
WHERE `user_id` = '1RDQV5';
INSERT INTO `placement_bv_update_history` (`left_carry`, `date`, `from_id`, `user_id`) VALUES (250, '2024-08-29 22:42:29', 'VAJJED', '1RDQV5');
UPDATE `bv_updation` SET left_carry = left_carry+250, total_left = total_left+250
WHERE `user_id` = 'JK65W3';
INSERT INTO `placement_bv_update_history` (`left_carry`, `date`, `from_id`, `user_id`) VALUES (250, '2024-08-29 22:42:29', 'VAJJED', 'JK65W3');
UPDATE `bv_updation` SET left_carry = left_carry+250, total_left = total_left+250
WHERE `user_id` = '155P44';
INSERT INTO `placement_bv_update_history` (`left_carry`, `date`, `from_id`, `user_id`) VALUES (250, '2024-08-29 22:42:29', 'VAJJED', '155P44');
UPDATE `bv_updation` SET left_carry = left_carry+250, total_left = total_left+250
WHERE `user_id` = '8H869T';
INSERT INTO `placement_bv_update_history` (`left_carry`, `date`, `from_id`, `user_id`) VALUES (250, '2024-08-29 22:42:29', 'VAJJED', '8H869T');
UPDATE `bv_updation` SET left_carry = left_carry+250, total_left = total_left+250
WHERE `user_id` = '57637V';
INSERT INTO `placement_bv_update_history` (`left_carry`, `date`, `from_id`, `user_id`) VALUES (250, '2024-08-29 22:42:29', 'VAJJED', '57637V');
UPDATE `bv_updation` SET left_carry = left_carry+250, total_left = total_left+250
WHERE `user_id` = 'B4C4I7';
INSERT INTO `placement_bv_update_history` (`left_carry`, `date`, `from_id`, `user_id`) VALUES (250, '2024-08-29 22:42:29', 'VAJJED', 'B4C4I7');
UPDATE `bv_updation` SET left_carry = left_carry+250, total_left = total_left+250
WHERE `user_id` = 'OJZVDU';
INSERT INTO `placement_bv_update_history` (`left_carry`, `date`, `from_id`, `user_id`) VALUES (250, '2024-08-29 22:42:29', 'VAJJED', 'OJZVDU');
UPDATE `bv_updation` SET left_carry = left_carry+250, total_left = total_left+250
WHERE `user_id` = 'XUNLL5';
INSERT INTO `placement_bv_update_history` (`left_carry`, `date`, `from_id`, `user_id`) VALUES (250, '2024-08-29 22:42:29', 'VAJJED', 'XUNLL5');
UPDATE `bv_updation` SET left_carry = left_carry+250, total_left = total_left+250
WHERE `user_id` = 'admin';
INSERT INTO `placement_bv_update_history` (`left_carry`, `date`, `from_id`, `user_id`) VALUES (250, '2024-08-29 22:42:29', 'VAJJED', 'admin');
UPDATE `ci_sessions` SET `timestamp` = 1724971395, `data` = '__ci_last_regenerate|i:1724971395;id|s:4:\"2116\";user_id|s:6:\"GCIQQH\";username|s:6:\"Johnny\";sponsor_id|s:6:\"XUNLL5\";fullname|s:15:\"johnni Saavedra\";email|s:16:\"johnny@gmail.com\";phone|s:10:\"7862107045\";isLogIn|b:1;'
WHERE `id` = '655b3ac3033c512f0d9c594d5cf821f6f731cdc2';
UPDATE `user_registration` SET `uid` = '2201', `user_id` = 'YEPNGZ', `username` = 'reggie', `sponsor_id` = 'GCIQQH', `vacant` = 'no', `f_name` = 'reggie', `l_name` = 'jackson', `address` = '10279 SW FLAGLER TERR', `position` = 'right', `email` = 'reggie@gmail.com', `password` = 'a5f29fdd4a304efe7b2568adbe83f82f', `phone` = '7862107045', `country` = 'United States', `state` = 'Florida', `city` = 'miami', `street` = '9380 SW 72 St', `zip_code` = '33174', `reg_ip` = '76.108.39.65', `status` = 1, `package_id` = 1, `rank_id` = 1, `highest_rank` = 1, `created` = '2024-08-29 22:43:15', `google_secret` = 'BYNKQJ3MYX6PJPXW'
WHERE `uid` = '2201';
INSERT INTO `user_registration` (`uid`, `user_id`, `username`, `sponsor_id`, `placement_id`, `vacant`, `f_name`, `l_name`, `address`, `position`, `email`, `password`, `phone`, `reg_ip`, `status`, `created`) VALUES (NULL, 'ABUGGG', 'eUjVeyww', 'YEPNGZ', 'YEPNGZ', 'yes', '', '', '', 'left', '@mail.com', '', '', '', 0, '2024-08-29 22:43:15');
INSERT INTO `user_registration` (`uid`, `user_id`, `username`, `sponsor_id`, `placement_id`, `vacant`, `f_name`, `l_name`, `address`, `position`, `email`, `password`, `phone`, `reg_ip`, `status`, `created`) VALUES (NULL, 'YKDJLE', 'MGyXhshw', 'YEPNGZ', 'YEPNGZ', 'yes', '', '', '', 'right', '@mail.com', '', '', '', 0, '2024-08-29 22:43:15');
INSERT INTO `bv_updation` (`user_id`) VALUES ('YEPNGZ');
UPDATE `user_registration` SET total_ref_count = total_ref_count+1
WHERE `user_id` = 'GCIQQH';
UPDATE `user_registration` SET total_downlines = total_downlines+1
WHERE `user_id` = 'VAJJED';
UPDATE `user_registration` SET right_downlines = right_downlines+1
WHERE `user_id` = 'VAJJED';
UPDATE `user_registration` SET total_downlines = total_downlines+1
WHERE `user_id` = 'YBWDVA';
UPDATE `user_registration` SET right_downlines = right_downlines+1
WHERE `user_id` = 'YBWDVA';
UPDATE `user_registration` SET total_downlines = total_downlines+1
WHERE `user_id` = 'KPSZS2';
UPDATE `user_registration` SET right_downlines = right_downlines+1
WHERE `user_id` = 'KPSZS2';
UPDATE `user_registration` SET total_downlines = total_downlines+1
WHERE `user_id` = 'YQTBHV';
UPDATE `user_registration` SET right_downlines = right_downlines+1
WHERE `user_id` = 'YQTBHV';
UPDATE `user_registration` SET total_downlines = total_downlines+1
WHERE `user_id` = '9VW8HL';
UPDATE `user_registration` SET right_downlines = right_downlines+1
WHERE `user_id` = '9VW8HL';
UPDATE `user_registration` SET total_downlines = total_downlines+1
WHERE `user_id` = 'GCIQQH';
UPDATE `user_registration` SET right_downlines = right_downlines+1
WHERE `user_id` = 'GCIQQH';
UPDATE `user_registration` SET right_ref_count = right_ref_count+1
WHERE `user_id` = 'GCIQQH';
UPDATE `user_registration` SET active_right = active_right+1
WHERE `user_id` = 'GCIQQH';
UPDATE `user_registration` SET total_downlines = total_downlines+1
WHERE `user_id` = '4LVQJY';
UPDATE `user_registration` SET left_downlines = left_downlines+1
WHERE `user_id` = '4LVQJY';
UPDATE `user_registration` SET total_downlines = total_downlines+1
WHERE `user_id` = 'OCT6PM';
UPDATE `user_registration` SET left_downlines = left_downlines+1
WHERE `user_id` = 'OCT6PM';
UPDATE `user_registration` SET total_downlines = total_downlines+1
WHERE `user_id` = 'NC6JTL';
UPDATE `user_registration` SET left_downlines = left_downlines+1
WHERE `user_id` = 'NC6JTL';
UPDATE `user_registration` SET total_downlines = total_downlines+1
WHERE `user_id` = 'GRWFUM';
UPDATE `user_registration` SET left_downlines = left_downlines+1
WHERE `user_id` = 'GRWFUM';
UPDATE `user_registration` SET total_downlines = total_downlines+1
WHERE `user_id` = 'WCMPHI';
UPDATE `user_registration` SET left_downlines = left_downlines+1
WHERE `user_id` = 'WCMPHI';
UPDATE `user_registration` SET total_downlines = total_downlines+1
WHERE `user_id` = '7VFKAZ';
UPDATE `user_registration` SET left_downlines = left_downlines+1
WHERE `user_id` = '7VFKAZ';
UPDATE `user_registration` SET total_downlines = total_downlines+1
WHERE `user_id` = '1SGGX7';
UPDATE `user_registration` SET left_downlines = left_downlines+1
WHERE `user_id` = '1SGGX7';
UPDATE `user_registration` SET total_downlines = total_downlines+1
WHERE `user_id` = '1FC6E2';
UPDATE `user_registration` SET left_downlines = left_downlines+1
WHERE `user_id` = '1FC6E2';
UPDATE `user_registration` SET total_downlines = total_downlines+1
WHERE `user_id` = 'PBDUZQ';
UPDATE `user_registration` SET left_downlines = left_downlines+1
WHERE `user_id` = 'PBDUZQ';
UPDATE `user_registration` SET total_downlines = total_downlines+1
WHERE `user_id` = '1RDQV5';
UPDATE `user_registration` SET left_downlines = left_downlines+1
WHERE `user_id` = '1RDQV5';
UPDATE `user_registration` SET total_downlines = total_downlines+1
WHERE `user_id` = 'JK65W3';
UPDATE `user_registration` SET left_downlines = left_downlines+1
WHERE `user_id` = 'JK65W3';
UPDATE `user_registration` SET total_downlines = total_downlines+1
WHERE `user_id` = '155P44';
UPDATE `user_registration` SET left_downlines = left_downlines+1
WHERE `user_id` = '155P44';
UPDATE `user_registration` SET total_downlines = total_downlines+1
WHERE `user_id` = '8H869T';
UPDATE `user_registration` SET left_downlines = left_downlines+1
WHERE `user_id` = '8H869T';
UPDATE `user_registration` SET total_downlines = total_downlines+1
WHERE `user_id` = '57637V';
UPDATE `user_registration` SET left_downlines = left_downlines+1
WHERE `user_id` = '57637V';
UPDATE `user_registration` SET total_downlines = total_downlines+1
WHERE `user_id` = 'B4C4I7';
UPDATE `user_registration` SET left_downlines = left_downlines+1
WHERE `user_id` = 'B4C4I7';
UPDATE `user_registration` SET total_downlines = total_downlines+1
WHERE `user_id` = 'OJZVDU';
UPDATE `user_registration` SET left_downlines = left_downlines+1
WHERE `user_id` = 'OJZVDU';
UPDATE `user_registration` SET total_downlines = total_downlines+1
WHERE `user_id` = 'XUNLL5';
UPDATE `user_registration` SET left_downlines = left_downlines+1
WHERE `user_id` = 'XUNLL5';
UPDATE `user_registration` SET total_downlines = total_downlines+1
WHERE `user_id` = 'admin';
UPDATE `user_registration` SET left_downlines = left_downlines+1
WHERE `user_id` = 'admin';
INSERT INTO `earnings` (`user_id`, `Purchaser_id`, `earning_type`, `package_id`, `amount`, `date`, `comments`, `invest_amount`, `comm_perc`, `level`) VALUES ('GCIQQH', 'YEPNGZ', 'Direct Referral Bonus', 0, '100', '2024-08-29 22:43:15', 'Direct Referral Bonus', 0, 0, 1);
UPDATE `user_registration` SET commission_balance = ROUND(commission_balance + 100,2)
WHERE `user_id` = 'GCIQQH';
UPDATE `bv_updation` SET right_carry = right_carry+250, total_right = total_right+250
WHERE `user_id` = 'VAJJED';
INSERT INTO `placement_bv_update_history` (`right_carry`, `date`, `from_id`, `user_id`) VALUES (250, '2024-08-29 22:43:15', 'YEPNGZ', 'VAJJED');
UPDATE `bv_updation` SET right_carry = right_carry+250, total_right = total_right+250
WHERE `user_id` = 'YBWDVA';
INSERT INTO `placement_bv_update_history` (`right_carry`, `date`, `from_id`, `user_id`) VALUES (250, '2024-08-29 22:43:15', 'YEPNGZ', 'YBWDVA');
UPDATE `bv_updation` SET right_carry = right_carry+250, total_right = total_right+250
WHERE `user_id` = 'KPSZS2';
INSERT INTO `placement_bv_update_history` (`right_carry`, `date`, `from_id`, `user_id`) VALUES (250, '2024-08-29 22:43:15', 'YEPNGZ', 'KPSZS2');
UPDATE `bv_updation` SET right_carry = right_carry+250, total_right = total_right+250
WHERE `user_id` = 'YQTBHV';
INSERT INTO `placement_bv_update_history` (`right_carry`, `date`, `from_id`, `user_id`) VALUES (250, '2024-08-29 22:43:15', 'YEPNGZ', 'YQTBHV');
UPDATE `bv_updation` SET right_carry = right_carry+250, total_right = total_right+250
WHERE `user_id` = '9VW8HL';
INSERT INTO `placement_bv_update_history` (`right_carry`, `date`, `from_id`, `user_id`) VALUES (250, '2024-08-29 22:43:15', 'YEPNGZ', '9VW8HL');
UPDATE `bv_updation` SET right_carry = right_carry+250, total_right = total_right+250
WHERE `user_id` = 'GCIQQH';
INSERT INTO `placement_bv_update_history` (`right_carry`, `date`, `from_id`, `user_id`) VALUES (250, '2024-08-29 22:43:15', 'YEPNGZ', 'GCIQQH');
UPDATE `bv_updation` SET sponsor_right_carry = sponsor_right_carry+250, sponsor_total_right = sponsor_total_right+250
WHERE `user_id` = 'GCIQQH';
INSERT INTO `sponsor_bv_update_history` (`right_carry`, `date`, `user_id`) VALUES (250, '2024-08-29 22:43:15', 'GCIQQH');
UPDATE `bv_updation` SET left_carry = left_carry+250, total_left = total_left+250
WHERE `user_id` = '4LVQJY';
INSERT INTO `placement_bv_update_history` (`left_carry`, `date`, `from_id`, `user_id`) VALUES (250, '2024-08-29 22:43:15', 'YEPNGZ', '4LVQJY');
UPDATE `bv_updation` SET left_carry = left_carry+250, total_left = total_left+250
WHERE `user_id` = 'OCT6PM';
INSERT INTO `placement_bv_update_history` (`left_carry`, `date`, `from_id`, `user_id`) VALUES (250, '2024-08-29 22:43:15', 'YEPNGZ', 'OCT6PM');
UPDATE `bv_updation` SET left_carry = left_carry+250, total_left = total_left+250
WHERE `user_id` = 'NC6JTL';
INSERT INTO `placement_bv_update_history` (`left_carry`, `date`, `from_id`, `user_id`) VALUES (250, '2024-08-29 22:43:15', 'YEPNGZ', 'NC6JTL');
UPDATE `bv_updation` SET left_carry = left_carry+250, total_left = total_left+250
WHERE `user_id` = 'GRWFUM';
INSERT INTO `placement_bv_update_history` (`left_carry`, `date`, `from_id`, `user_id`) VALUES (250, '2024-08-29 22:43:15', 'YEPNGZ', 'GRWFUM');
UPDATE `bv_updation` SET left_carry = left_carry+250, total_left = total_left+250
WHERE `user_id` = 'WCMPHI';
INSERT INTO `placement_bv_update_history` (`left_carry`, `date`, `from_id`, `user_id`) VALUES (250, '2024-08-29 22:43:15', 'YEPNGZ', 'WCMPHI');
UPDATE `bv_updation` SET left_carry = left_carry+250, total_left = total_left+250
WHERE `user_id` = '7VFKAZ';
INSERT INTO `placement_bv_update_history` (`left_carry`, `date`, `from_id`, `user_id`) VALUES (250, '2024-08-29 22:43:15', 'YEPNGZ', '7VFKAZ');
UPDATE `bv_updation` SET left_carry = left_carry+250, total_left = total_left+250
WHERE `user_id` = '1SGGX7';
INSERT INTO `placement_bv_update_history` (`left_carry`, `date`, `from_id`, `user_id`) VALUES (250, '2024-08-29 22:43:15', 'YEPNGZ', '1SGGX7');
UPDATE `bv_updation` SET left_carry = left_carry+250, total_left = total_left+250
WHERE `user_id` = '1FC6E2';
INSERT INTO `placement_bv_update_history` (`left_carry`, `date`, `from_id`, `user_id`) VALUES (250, '2024-08-29 22:43:15', 'YEPNGZ', '1FC6E2');
UPDATE `bv_updation` SET left_carry = left_carry+250, total_left = total_left+250
WHERE `user_id` = 'PBDUZQ';
INSERT INTO `placement_bv_update_history` (`left_carry`, `date`, `from_id`, `user_id`) VALUES (250, '2024-08-29 22:43:15', 'YEPNGZ', 'PBDUZQ');
UPDATE `bv_updation` SET left_carry = left_carry+250, total_left = total_left+250
WHERE `user_id` = '1RDQV5';
