UPDATE `user_registration` SET `sub_point` = 0, `active_status` = 'no'
WHERE `user_id` = 'SCC34I';
INSERT INTO `arreva_api_logs` (`user_id`, `email`, `endpoint`, `response`, `date`) VALUES ('SCC34I', 'Avalossandro08@gmail.com', 'deactivatemember', '\"Unable to find user matching email or contract number or otherid\"', '2025-11-13 00:05:41');
INSERT INTO `inactive_history` (`user_id`, `commission_balance`, `amount`, `date`) VALUES ('SCC34I', '0', '150', '2025-11-13 00:05:41');
INSERT INTO `inactive_point_history` (`user_id`, `point`, `date`) VALUES ('J4BGK4', '0', '2025-11-13 00:05:41');
UPDATE `user_registration` SET `sub_point` = 0, `active_status` = 'no'
WHERE `user_id` = 'J4BGK4';
INSERT INTO `arreva_api_logs` (`user_id`, `email`, `endpoint`, `response`, `date`) VALUES ('J4BGK4', 'rodriguezjf2000@yahoo.com', 'deactivatemember', '\"Unable to find user matching email or contract number or otherid\"', '2025-11-13 00:05:41');
INSERT INTO `inactive_history` (`user_id`, `commission_balance`, `amount`, `date`) VALUES ('J4BGK4', '0', '150', '2025-11-13 00:05:41');
INSERT INTO `inactive_point_history` (`user_id`, `point`, `date`) VALUES ('K67AMG', '0', '2025-11-13 00:05:41');
UPDATE `user_registration` SET `sub_point` = 0, `active_status` = 'no'
WHERE `user_id` = 'K67AMG';
INSERT INTO `arreva_api_logs` (`user_id`, `email`, `endpoint`, `response`, `date`) VALUES ('K67AMG', 'carlohernandez1963@gmail.com', 'deactivatemember', '\"Unable to find user matching email or contract number or otherid\"', '2025-11-13 00:05:41');
INSERT INTO `inactive_history` (`user_id`, `commission_balance`, `amount`, `date`) VALUES ('K67AMG', '0', '150', '2025-11-13 00:05:41');
INSERT INTO `inactive_point_history` (`user_id`, `point`, `date`) VALUES ('N6VMK1', '0', '2025-11-13 00:05:41');
UPDATE `user_registration` SET `sub_point` = 0, `active_status` = 'no'
WHERE `user_id` = 'N6VMK1';
INSERT INTO `arreva_api_logs` (`user_id`, `email`, `endpoint`, `response`, `date`) VALUES ('N6VMK1', 'javier.rodriguez.novelo@gmail.com', 'deactivatemember', '\"Unable to find user matching email or contract number or otherid\"', '2025-11-13 00:05:42');
INSERT INTO `inactive_history` (`user_id`, `commission_balance`, `amount`, `date`) VALUES ('N6VMK1', '0', '150', '2025-11-13 00:05:42');
INSERT INTO `inactive_point_history` (`user_id`, `point`, `date`) VALUES ('2WYFRD', '0', '2025-11-13 00:05:42');
UPDATE `user_registration` SET `sub_point` = 0, `active_status` = 'no'
WHERE `user_id` = '2WYFRD';
INSERT INTO `arreva_api_logs` (`user_id`, `email`, `endpoint`, `response`, `date`) VALUES ('2WYFRD', 'sotolongor+37@gmail.com', 'deactivatemember', 'true', '2025-11-13 00:05:42');
INSERT INTO `inactive_history` (`user_id`, `commission_balance`, `amount`, `date`) VALUES ('2WYFRD', '0', '150', '2025-11-13 00:05:42');
INSERT INTO `inactive_point_history` (`user_id`, `point`, `date`) VALUES ('DFEDKO', '0', '2025-11-13 00:05:42');
UPDATE `user_registration` SET `sub_point` = 0, `active_status` = 'no'
WHERE `user_id` = 'DFEDKO';
INSERT INTO `arreva_api_logs` (`user_id`, `email`, `endpoint`, `response`, `date`) VALUES ('DFEDKO', 'anegociarfree+1@gmail.com', 'deactivatemember', 'true', '2025-11-13 00:05:42');
INSERT INTO `inactive_history` (`user_id`, `commission_balance`, `amount`, `date`) VALUES ('DFEDKO', '20', '150', '2025-11-13 00:05:42');
INSERT INTO `inactive_point_history` (`user_id`, `point`, `date`) VALUES ('N5PLRR', '0', '2025-11-13 00:05:42');
UPDATE `user_registration` SET `sub_point` = 0, `active_status` = 'no'
WHERE `user_id` = 'N5PLRR';
INSERT INTO `arreva_api_logs` (`user_id`, `email`, `endpoint`, `response`, `date`) VALUES ('N5PLRR', 'deeptalent.boza@gmail.com', 'deactivatemember', '\"Unable to find user matching email or contract number or otherid\"', '2025-11-13 00:05:43');
INSERT INTO `inactive_history` (`user_id`, `commission_balance`, `amount`, `date`) VALUES ('N5PLRR', '30', '50', '2025-11-13 00:05:43');
INSERT INTO `inactive_point_history` (`user_id`, `point`, `date`) VALUES ('RSM4DG', '0', '2025-11-13 00:05:43');
UPDATE `user_registration` SET `sub_point` = 0, `active_status` = 'no'
WHERE `user_id` = 'RSM4DG';
INSERT INTO `arreva_api_logs` (`user_id`, `email`, `endpoint`, `response`, `date`) VALUES ('RSM4DG', 'fssicentral+1@gmail.com', 'deactivatemember', '\"Unable to find user matching email or contract number or otherid\"', '2025-11-13 00:05:43');
INSERT INTO `inactive_history` (`user_id`, `commission_balance`, `amount`, `date`) VALUES ('RSM4DG', '30', '50', '2025-11-13 00:05:43');
INSERT INTO `inactive_point_history` (`user_id`, `point`, `date`) VALUES ('V43EWT', '0', '2025-11-13 00:05:43');
UPDATE `user_registration` SET `sub_point` = 0, `active_status` = 'no'
WHERE `user_id` = 'V43EWT';
INSERT INTO `arreva_api_logs` (`user_id`, `email`, `endpoint`, `response`, `date`) VALUES ('V43EWT', 'deeptalent+1@hotmail.com', 'deactivatemember', '\"Unable to find user matching email or contract number or otherid\"', '2025-11-13 00:05:43');
INSERT INTO `inactive_history` (`user_id`, `commission_balance`, `amount`, `date`) VALUES ('V43EWT', '0', '50', '2025-11-13 00:05:43');
INSERT INTO `inactive_point_history` (`user_id`, `point`, `date`) VALUES ('NDTM1I', '0', '2025-11-13 00:05:43');
UPDATE `user_registration` SET `sub_point` = 0, `active_status` = 'no'
WHERE `user_id` = 'NDTM1I';
INSERT INTO `arreva_api_logs` (`user_id`, `email`, `endpoint`, `response`, `date`) VALUES ('NDTM1I', 'deeptalent+2@hotmail.com', 'deactivatemember', '\"Unable to find user matching email or contract number or otherid\"', '2025-11-13 00:05:43');
INSERT INTO `inactive_history` (`user_id`, `commission_balance`, `amount`, `date`) VALUES ('NDTM1I', '0', '50', '2025-11-13 00:05:43');
INSERT INTO `inactive_point_history` (`user_id`, `point`, `date`) VALUES ('GCLF2W', '0', '2025-11-13 00:05:43');
UPDATE `user_registration` SET `sub_point` = 0, `active_status` = 'no'
WHERE `user_id` = 'GCLF2W';
INSERT INTO `arreva_api_logs` (`user_id`, `email`, `endpoint`, `response`, `date`) VALUES ('GCLF2W', 'rt.amdream+1@gmail.com', 'deactivatemember', '\"Unable to find user matching email or contract number or otherid\"', '2025-11-13 00:05:43');
INSERT INTO `inactive_history` (`user_id`, `commission_balance`, `amount`, `date`) VALUES ('GCLF2W', '20', '50', '2025-11-13 00:05:43');
INSERT INTO `inactive_point_history` (`user_id`, `point`, `date`) VALUES ('6HA49X', '0', '2025-11-13 00:05:43');
UPDATE `user_registration` SET `sub_point` = 0, `active_status` = 'no'
WHERE `user_id` = '6HA49X';
INSERT INTO `arreva_api_logs` (`user_id`, `email`, `endpoint`, `response`, `date`) VALUES ('6HA49X', 'fssicentral+2@gmail.com', 'deactivatemember', '\"Unable to find user matching email or contract number or otherid\"', '2025-11-13 00:05:44');
INSERT INTO `inactive_history` (`user_id`, `commission_balance`, `amount`, `date`) VALUES ('6HA49X', '0', '50', '2025-11-13 00:05:44');
INSERT INTO `inactive_point_history` (`user_id`, `point`, `date`) VALUES ('CN59WR', '0', '2025-11-13 00:05:44');
UPDATE `user_registration` SET `sub_point` = 0, `active_status` = 'no'
WHERE `user_id` = 'CN59WR';
INSERT INTO `arreva_api_logs` (`user_id`, `email`, `endpoint`, `response`, `date`) VALUES ('CN59WR', 'deeptalent.boza+5@gmail.com', 'deactivatemember', '\"Unable to find user matching email or contract number or otherid\"', '2025-11-13 00:05:44');
INSERT INTO `inactive_history` (`user_id`, `commission_balance`, `amount`, `date`) VALUES ('CN59WR', '0', '50', '2025-11-13 00:05:44');
INSERT INTO `inactive_point_history` (`user_id`, `point`, `date`) VALUES ('WCHBRD', '0', '2025-11-13 00:05:44');
UPDATE `user_registration` SET `sub_point` = 0, `active_status` = 'no'
WHERE `user_id` = 'WCHBRD';
INSERT INTO `arreva_api_logs` (`user_id`, `email`, `endpoint`, `response`, `date`) VALUES ('WCHBRD', 'nrproducts20+11@gmail.com', 'deactivatemember', '\"Unable to find user matching email or contract number or otherid\"', '2025-11-13 00:05:44');
INSERT INTO `inactive_history` (`user_id`, `commission_balance`, `amount`, `date`) VALUES ('WCHBRD', '0', '50', '2025-11-13 00:05:44');
INSERT INTO `inactive_point_history` (`user_id`, `point`, `date`) VALUES ('MHTJIU', '0', '2025-11-13 00:05:44');
UPDATE `user_registration` SET `sub_point` = 0, `active_status` = 'no'
WHERE `user_id` = 'MHTJIU';
INSERT INTO `arreva_api_logs` (`user_id`, `email`, `endpoint`, `response`, `date`) VALUES ('MHTJIU', 'onielguerra+2@yahoo.com', 'deactivatemember', '\"Unable to find user matching email or contract number or otherid\"', '2025-11-13 00:05:44');
INSERT INTO `inactive_history` (`user_id`, `commission_balance`, `amount`, `date`) VALUES ('MHTJIU', '20', '50', '2025-11-13 00:05:44');
INSERT INTO `inactive_point_history` (`user_id`, `point`, `date`) VALUES ('C66Y3L', '0', '2025-11-13 00:05:44');
UPDATE `user_registration` SET `sub_point` = 0, `active_status` = 'no'
WHERE `user_id` = 'C66Y3L';
INSERT INTO `arreva_api_logs` (`user_id`, `email`, `endpoint`, `response`, `date`) VALUES ('C66Y3L', 'fssicentral+12@gmail.com', 'deactivatemember', '\"Unable to find user matching email or contract number or otherid\"', '2025-11-13 00:05:45');
INSERT INTO `inactive_history` (`user_id`, `commission_balance`, `amount`, `date`) VALUES ('C66Y3L', '20', '50', '2025-11-13 00:05:45');
INSERT INTO `inactive_point_history` (`user_id`, `point`, `date`) VALUES ('4OOCCH', '0', '2025-11-13 00:05:45');
UPDATE `user_registration` SET `sub_point` = 0, `active_status` = 'no'
WHERE `user_id` = '4OOCCH';
INSERT INTO `arreva_api_logs` (`user_id`, `email`, `endpoint`, `response`, `date`) VALUES ('4OOCCH', 'sfssi+11@gmail.com', 'deactivatemember', '\"Unable to find user matching email or contract number or otherid\"', '2025-11-13 00:05:45');
INSERT INTO `inactive_history` (`user_id`, `commission_balance`, `amount`, `date`) VALUES ('4OOCCH', '0', '50', '2025-11-13 00:05:45');
INSERT INTO `inactive_point_history` (`user_id`, `point`, `date`) VALUES ('G4EQDP', '0', '2025-11-13 00:05:45');
UPDATE `user_registration` SET `sub_point` = 0, `active_status` = 'no'
WHERE `user_id` = 'G4EQDP';
INSERT INTO `arreva_api_logs` (`user_id`, `email`, `endpoint`, `response`, `date`) VALUES ('G4EQDP', 'sfssiw+13@gmail.com', 'deactivatemember', '\"Unable to find user matching email or contract number or otherid\"', '2025-11-13 00:05:45');
INSERT INTO `inactive_history` (`user_id`, `commission_balance`, `amount`, `date`) VALUES ('G4EQDP', '0', '50', '2025-11-13 00:05:45');
INSERT INTO `inactive_point_history` (`user_id`, `point`, `date`) VALUES ('G95C91', '0', '2025-11-13 00:05:45');
UPDATE `user_registration` SET `sub_point` = 0, `active_status` = 'no'
WHERE `user_id` = 'G95C91';
INSERT INTO `arreva_api_logs` (`user_id`, `email`, `endpoint`, `response`, `date`) VALUES ('G95C91', 'sfssiw+15@gmail.com', 'deactivatemember', '\"Unable to find user matching email or contract number or otherid\"', '2025-11-13 00:05:45');
INSERT INTO `inactive_history` (`user_id`, `commission_balance`, `amount`, `date`) VALUES ('G95C91', '0', '50', '2025-11-13 00:05:45');
INSERT INTO `inactive_point_history` (`user_id`, `point`, `date`) VALUES ('SZ1N3Z', '0', '2025-11-13 00:05:45');
UPDATE `user_registration` SET `sub_point` = 0, `active_status` = 'no'
WHERE `user_id` = 'SZ1N3Z';
INSERT INTO `arreva_api_logs` (`user_id`, `email`, `endpoint`, `response`, `date`) VALUES ('SZ1N3Z', 'sfssiw+16@gmail.com', 'deactivatemember', '\"Unable to find user matching email or contract number or otherid\"', '2025-11-13 00:05:45');
INSERT INTO `inactive_history` (`user_id`, `commission_balance`, `amount`, `date`) VALUES ('SZ1N3Z', '0', '50', '2025-11-13 00:05:45');
INSERT INTO `inactive_point_history` (`user_id`, `point`, `date`) VALUES ('4S3VM7', '0', '2025-11-13 00:05:45');
UPDATE `user_registration` SET `sub_point` = 0, `active_status` = 'no'
WHERE `user_id` = '4S3VM7';
INSERT INTO `arreva_api_logs` (`user_id`, `email`, `endpoint`, `response`, `date`) VALUES ('4S3VM7', 'sfssiw+17@gmail.com', 'deactivatemember', '\"Unable to find user matching email or contract number or otherid\"', '2025-11-13 00:05:46');
INSERT INTO `inactive_history` (`user_id`, `commission_balance`, `amount`, `date`) VALUES ('4S3VM7', '0', '50', '2025-11-13 00:05:46');
INSERT INTO `inactive_point_history` (`user_id`, `point`, `date`) VALUES ('G5QCEL', '0', '2025-11-13 00:05:46');
UPDATE `user_registration` SET `sub_point` = 0, `active_status` = 'no'
WHERE `user_id` = 'G5QCEL';
INSERT INTO `arreva_api_logs` (`user_id`, `email`, `endpoint`, `response`, `date`) VALUES ('G5QCEL', 'sfssiw+18@gmail.com', 'deactivatemember', '\"Unable to find user matching email or contract number or otherid\"', '2025-11-13 00:05:46');
INSERT INTO `inactive_history` (`user_id`, `commission_balance`, `amount`, `date`) VALUES ('G5QCEL', '0', '50', '2025-11-13 00:05:46');
INSERT INTO `inactive_point_history` (`user_id`, `point`, `date`) VALUES ('6CYPUS', '0', '2025-11-13 00:05:46');
UPDATE `user_registration` SET `sub_point` = 0, `active_status` = 'no'
WHERE `user_id` = '6CYPUS';
INSERT INTO `arreva_api_logs` (`user_id`, `email`, `endpoint`, `response`, `date`) VALUES ('6CYPUS', 'nquiros@ymail.com', 'deactivatemember', '\"Unable to find user matching email or contract number or otherid\"', '2025-11-13 00:05:46');
INSERT INTO `inactive_history` (`user_id`, `commission_balance`, `amount`, `date`) VALUES ('6CYPUS', '0', '150', '2025-11-13 00:05:46');
INSERT INTO `inactive_point_history` (`user_id`, `point`, `date`) VALUES ('52FDFS', '0', '2025-11-13 00:05:46');
UPDATE `user_registration` SET `sub_point` = 0, `active_status` = 'no'
WHERE `user_id` = '52FDFS';
INSERT INTO `arreva_api_logs` (`user_id`, `email`, `endpoint`, `response`, `date`) VALUES ('52FDFS', 'mariajcarloa@gmail.com', 'deactivatemember', '\"Unable to find user matching email or contract number or otherid\"', '2025-11-13 00:05:46');
INSERT INTO `inactive_history` (`user_id`, `commission_balance`, `amount`, `date`) VALUES ('52FDFS', '0', '150', '2025-11-13 00:05:46');
INSERT INTO `inactive_point_history` (`user_id`, `point`, `date`) VALUES ('LI6NAA', '0', '2025-11-13 00:05:46');
UPDATE `user_registration` SET `sub_point` = 0, `active_status` = 'no'
WHERE `user_id` = 'LI6NAA';
INSERT INTO `arreva_api_logs` (`user_id`, `email`, `endpoint`, `response`, `date`) VALUES ('LI6NAA', 'sotolongor+96@gmail.com', 'deactivatemember', 'true', '2025-11-13 00:05:47');
INSERT INTO `inactive_history` (`user_id`, `commission_balance`, `amount`, `date`) VALUES ('LI6NAA', '0', '150', '2025-11-13 00:05:47');
INSERT INTO `inactive_point_history` (`user_id`, `point`, `date`) VALUES ('NOBRW6', '0', '2025-11-13 00:05:47');
UPDATE `user_registration` SET `sub_point` = 0, `active_status` = 'no'
WHERE `user_id` = 'NOBRW6';
INSERT INTO `arreva_api_logs` (`user_id`, `email`, `endpoint`, `response`, `date`) VALUES ('NOBRW6', 'yosvanyperezcruckshank@gmail.com', 'deactivatemember', 'true', '2025-11-13 00:05:47');
INSERT INTO `inactive_history` (`user_id`, `commission_balance`, `amount`, `date`) VALUES ('NOBRW6', '0', '150', '2025-11-13 00:05:47');
INSERT INTO `inactive_point_history` (`user_id`, `point`, `date`) VALUES ('BBBUQN', '0', '2025-11-13 00:05:47');
UPDATE `user_registration` SET `sub_point` = 0, `active_status` = 'no'
WHERE `user_id` = 'BBBUQN';
INSERT INTO `arreva_api_logs` (`user_id`, `email`, `endpoint`, `response`, `date`) VALUES ('BBBUQN', 'unzuealfredo@gmail.com', 'deactivatemember', 'true', '2025-11-13 00:05:47');
INSERT INTO `inactive_history` (`user_id`, `commission_balance`, `amount`, `date`) VALUES ('BBBUQN', '0', '150', '2025-11-13 00:05:47');
INSERT INTO `inactive_point_history` (`user_id`, `point`, `date`) VALUES ('6XB3NC', '0', '2025-11-13 00:05:47');
UPDATE `user_registration` SET `sub_point` = 0, `active_status` = 'no'
WHERE `user_id` = '6XB3NC';
INSERT INTO `arreva_api_logs` (`user_id`, `email`, `endpoint`, `response`, `date`) VALUES ('6XB3NC', 'aymeelucia1971@gmail.com', 'deactivatemember', 'true', '2025-11-13 00:05:47');
INSERT INTO `inactive_history` (`user_id`, `commission_balance`, `amount`, `date`) VALUES ('6XB3NC', '0', '150', '2025-11-13 00:05:47');
UPDATE `cron_job_history` SET `status` = 'done', `date_end` = '2025-11-13 00:05:47'
WHERE `id` = 802;
INSERT INTO `cron_job_history` (`name`, `date_started`, `status`) VALUES ('sendReminderMail', '2025-11-13 00:10:01', 'started');
UPDATE `cron_job_history` SET `status` = 'done', `date_end` = '2025-11-13 00:10:02'
WHERE `id` = 803;
INSERT INTO `login_history` (`user_id`, `device`, `ip_address`, `date`) VALUES ('UQO7EQ', 'Mozilla/5.0 (Linux; Android 10; K) AppleWebKit/537.36 (KHTML, like Gecko) Chrome/142.0.0.0 Mobile Safari/537.36', '2607:fb91:191b:417d:180d:322e:efd4:6fe3', '25-11-13 06:54');
UPDATE `user_registration` SET `popup_seen` = 'yes'
WHERE `user_id` = 'UQO7EQ';
UPDATE `user_registration` SET `popup_seen` = 'no'
WHERE `user_id` = 'UQO7EQ';
DELETE FROM `ci_sessions`
WHERE `id` = '93c77175bd75006539f7c06ae4e3a293ee08bf35';
INSERT INTO `login_history` (`user_id`, `device`, `ip_address`, `date`) VALUES ('PXOKY7', 'Mozilla/5.0 (Macintosh; Intel Mac OS X 10_15_7) AppleWebKit/605.1.15 (KHTML, like Gecko) Version/15.6.1 Safari/605.1.15', '2600:1700:3d60:523f:1f8:5de8:7fa9:6e91', '25-11-13 07:11');
UPDATE `user_registration` SET `popup_seen` = 'yes'
WHERE `user_id` = 'PXOKY7';
INSERT INTO `login_history` (`user_id`, `device`, `ip_address`, `date`) VALUES ('UQO7EQ', 'Mozilla/5.0 (Windows NT 10.0; Win64; x64) AppleWebKit/537.36 (KHTML, like Gecko) Chrome/142.0.0.0 Safari/537.36', '2601:58a:897c:5f70:6c2e:1def:c540:3a66', '25-11-13 07:35');
UPDATE `user_registration` SET `popup_seen` = 'yes'
WHERE `user_id` = 'UQO7EQ';
UPDATE `user_registration` SET `popup_seen` = 'no'
WHERE `user_id` = 'UQO7EQ';
DELETE FROM `ci_sessions`
WHERE `id` = 'f245d220a8c881213976809a5b9d002a9012eda0';
INSERT INTO `login_history` (`user_id`, `device`, `ip_address`, `date`) VALUES ('2RSJNO', 'Mozilla/5.0 (iPhone; CPU iPhone OS 26_0_1 like Mac OS X) AppleWebKit/605.1.15 (KHTML, like Gecko) GSA/394.1.829830871 Mobile/15E148 Safari/604.1', '2607:fb90:79a0:ca94:d530:22c8:e023:d4ce', '25-11-13 07:45');
UPDATE `user_registration` SET `popup_seen` = 'yes'
WHERE `user_id` = '2RSJNO';
INSERT INTO `login_history` (`user_id`, `device`, `ip_address`, `date`) VALUES ('JHRDHS', 'Mozilla/5.0 (iPhone; CPU iPhone OS 18_7_1 like Mac OS X) AppleWebKit/605.1.15 (KHTML, like Gecko) Version/18.7 Mobile/15E148 Safari/604.1', '2600:1702:50d0:a580:d9f4:add5:2a82:21a6', '25-11-13 07:53');
UPDATE `user_registration` SET `popup_seen` = 'yes'
WHERE `user_id` = 'JHRDHS';
INSERT INTO `login_history` (`user_id`, `device`, `ip_address`, `date`) VALUES ('UQO7EQ', 'Mozilla/5.0 (Windows NT 10.0; Win64; x64) AppleWebKit/537.36 (KHTML, like Gecko) Chrome/142.0.0.0 Safari/537.36', '2601:58a:897c:5f70:6c2e:1def:c540:3a66', '25-11-13 09:46');
UPDATE `user_registration` SET `popup_seen` = 'yes'
WHERE `user_id` = 'UQO7EQ';
UPDATE `user_registration` SET `popup_seen` = 'no'
WHERE `user_id` = 'UQO7EQ';
DELETE FROM `ci_sessions`
WHERE `id` = 'a918e03afa92c5162902e13ead8a29be5bd4a493';
INSERT INTO `login_history` (`user_id`, `device`, `ip_address`, `date`) VALUES ('2RSJNO', 'Mozilla/5.0 (iPhone; CPU iPhone OS 26_0_1 like Mac OS X) AppleWebKit/605.1.15 (KHTML, like Gecko) GSA/394.1.829830871 Mobile/15E148 Safari/604.1', '2607:fb92:906:2a01:41fb:ba7c:6473:7a8c', '25-11-13 10:08');
UPDATE `user_registration` SET `popup_seen` = 'yes'
WHERE `user_id` = '2RSJNO';
INSERT INTO `login_history` (`user_id`, `device`, `ip_address`, `date`) VALUES ('UQO7EQ', 'Mozilla/5.0 (Windows NT 10.0; Win64; x64) AppleWebKit/537.36 (KHTML, like Gecko) Chrome/142.0.0.0 Safari/537.36', '2601:58a:897c:5f70:6c2e:1def:c540:3a66', '25-11-13 12:10');
UPDATE `user_registration` SET `popup_seen` = 'yes'
WHERE `user_id` = 'UQO7EQ';
UPDATE `user_registration` SET `popup_seen` = 'no'
WHERE `user_id` = 'UQO7EQ';
DELETE FROM `ci_sessions`
WHERE `id` = '6510d7968e411ba6ab7daca4417f579ab927403c';
UPDATE `ci_sessions` SET `timestamp` = 1763058136, `data` = '__ci_last_regenerate|i:1763058136;captcha|s:4:\"zx67\";'
WHERE `id` = 'a4795d2272f8d35107a2c5178f6de1c4f5fa95f7';
INSERT INTO `login_history` (`user_id`, `device`, `ip_address`, `date`) VALUES ('UQO7EQ', 'Mozilla/5.0 (Windows NT 10.0; Win64; x64) AppleWebKit/537.36 (KHTML, like Gecko) Chrome/142.0.0.0 Safari/537.36', '2601:58a:897c:5f70:6c2e:1def:c540:3a66', '25-11-13 12:22');
UPDATE `user_registration` SET `popup_seen` = 'yes'
WHERE `user_id` = 'UQO7EQ';
UPDATE `user_registration` SET `popup_seen` = 'no'
WHERE `user_id` = 'UQO7EQ';
DELETE FROM `ci_sessions`
WHERE `id` = 'f385c49e6779a0ca5351a5ac9d8f0dc2c1d5ee53';
INSERT INTO `login_history` (`user_id`, `device`, `ip_address`, `date`) VALUES ('JHRDHS', 'Mozilla/5.0 (iPhone; CPU iPhone OS 18_7_1 like Mac OS X) AppleWebKit/605.1.15 (KHTML, like Gecko) Version/18.7 Mobile/15E148 Safari/604.1', '2600:1702:50d0:a580:4c3d:8334:77d7:9267', '25-11-13 12:44');
UPDATE `user_registration` SET `popup_seen` = 'yes'
WHERE `user_id` = 'JHRDHS';
INSERT INTO `login_history` (`user_id`, `device`, `ip_address`, `date`) VALUES ('4WVWXZ', 'Mozilla/5.0 (Macintosh; Intel Mac OS X 10_15_7) AppleWebKit/537.36 (KHTML, like Gecko) Chrome/133.0.0.0 Safari/537.36', '108.238.78.81', '25-11-13 13:58');
UPDATE `user_registration` SET `popup_seen` = 'yes'
WHERE `user_id` = '4WVWXZ';
UPDATE `user_registration` SET `popup_seen` = 'yes'
WHERE `user_id` = '4WVWXZ';
UPDATE `user_registration` SET `popup_seen` = 'yes'
WHERE `user_id` = '4WVWXZ';
UPDATE `user_registration` SET `popup_seen` = 'yes'
WHERE `user_id` = '4WVWXZ';
UPDATE `ci_sessions` SET `timestamp` = 1763064185, `data` = '__ci_last_regenerate|i:1763064185;id|s:4:\"2326\";user_id|s:6:\"4WVWXZ\";username|s:9:\"Juana1965\";sponsor_id|s:6:\"B5EVHD\";fullname|s:24:\"Juana Rosalba Perez-Jove\";email|s:25:\"Albitapjove2012@gmail.com\";phone|s:10:\"7862220993\";isLogIn|b:1;'
WHERE `id` = 'e44a434a2b5e47931d913329781e9dd4ced78b64';
UPDATE `user_registration` SET `popup_seen` = 'yes'
WHERE `user_id` = '4WVWXZ';
UPDATE `user_registration` SET `popup_seen` = 'yes'
WHERE `user_id` = '4WVWXZ';
UPDATE `user_registration` SET `popup_seen` = 'yes'
WHERE `user_id` = '4WVWXZ';
UPDATE `user_registration` SET `popup_seen` = 'yes'
WHERE `user_id` = '4WVWXZ';
UPDATE `admin` SET `last_logout` = '2025-11-13 14:11:57'
WHERE `id` IS NULL;
DELETE FROM `ci_sessions`
WHERE `id` = '0ad2413fa43595e03be5c507e0e4f94b76b24966';
UPDATE `admin` SET `last_login` = '2025-11-13 14:12:06', `ip_address` = '172.56.182.117'
WHERE `id` = '1';
UPDATE `admin` SET `last_logout` = '2025-11-13 14:12:09'
WHERE `id` IS NULL;
DELETE FROM `ci_sessions`
WHERE `id` = '3648c5a5909f406b76e975eaa053d4c4dc737845';
INSERT INTO `login_history` (`user_id`, `device`, `ip_address`, `date`) VALUES ('UQO7EQ', 'Mozilla/5.0 (iPhone; CPU iPhone OS 18_5 like Mac OS X) AppleWebKit/605.1.15 (KHTML, like Gecko) Version/18.5 Mobile/15E148 Safari/604.1', '2607:fb90:79a1:c0e1:91c7:14d6:657a:903d', '25-11-13 14:26');
UPDATE `user_registration` SET `popup_seen` = 'yes'
WHERE `user_id` = 'UQO7EQ';
UPDATE `ci_sessions` SET `timestamp` = 1763065896, `data` = '__ci_last_regenerate|i:1763065896;id|s:4:\"2042\";user_id|s:6:\"UQO7EQ\";username|s:6:\"Rafa51\";sponsor_id|s:6:\"N6GZAE\";fullname|s:16:\"Rafael Rodriguez\";email|s:18:\"rafagana@yahoo.com\";phone|s:10:\"3057610606\";isLogIn|b:1;'
WHERE `id` = 'd0c752ce95bb6d361ac4812407bb24a707a2486f';
UPDATE `user_registration` SET `popup_seen` = 'yes'
WHERE `user_id` = 'UQO7EQ';
UPDATE `ci_sessions` SET `timestamp` = 1763069646, `data` = '__ci_last_regenerate|i:1763069646;id|s:4:\"2042\";user_id|s:6:\"UQO7EQ\";username|s:6:\"Rafa51\";sponsor_id|s:6:\"N6GZAE\";fullname|s:16:\"Rafael Rodriguez\";email|s:18:\"rafagana@yahoo.com\";phone|s:10:\"3057610606\";isLogIn|b:1;'
WHERE `id` = '4c4fd889ee534f081ebbe043ddfe237f4a088dfb';
UPDATE `user_registration` SET `popup_seen` = 'yes'
WHERE `user_id` = 'UQO7EQ';
INSERT INTO `login_history` (`user_id`, `device`, `ip_address`, `date`) VALUES ('QJ5U9C', 'Mozilla/5.0 (iPhone; CPU iPhone OS 18_5_0 like Mac OS X) AppleWebKit/605.1.15 (KHTML, like Gecko) CriOS/138.0.7204.156 Mobile/15E148 Safari/604.1', '2607:fb90:798a:c409:499e:8fbd:23fe:d781', '25-11-13 17:55');
UPDATE `user_registration` SET `popup_seen` = 'yes'
WHERE `user_id` = 'QJ5U9C';
INSERT INTO `login_history` (`user_id`, `device`, `ip_address`, `date`) VALUES ('NEXXDG', 'Mozilla/5.0 (iPhone; CPU iPhone OS 18_6_2 like Mac OS X) AppleWebKit/605.1.15 (KHTML, like Gecko) Version/18.6 Mobile/15E148 Safari/604.1', '2601:586:ce01:4c80:1d6b:4d3a:c614:56', '25-11-13 19:17');
UPDATE `user_registration` SET `popup_seen` = 'yes'
WHERE `user_id` = 'NEXXDG';
UPDATE `user_registration` SET `popup_seen` = 'yes'
WHERE `user_id` = 'NEXXDG';
INSERT INTO `temp_register` (`post_data`, `date`, `payment_method`, `type`) VALUES ('{\"user_id\":\"NEXXDG\",\"card_id\":\"4\",\"card_cost\":\"150\",\"card_value\":\"150\",\"payment_option\":\"stripe\",\"date\":\"2025-11-13 19:18:43\"}', '2025-11-13 19:18:43', 'stripe', 'buy+top_up_card');
INSERT INTO `login_history` (`user_id`, `device`, `ip_address`, `date`) VALUES ('JHRDHS', 'Mozilla/5.0 (iPhone; CPU iPhone OS 18_7_1 like Mac OS X) AppleWebKit/605.1.15 (KHTML, like Gecko) Version/18.7 Mobile/15E148 Safari/604.1', '2600:1702:50d0:a580:8409:2b47:6d0d:a587', '25-11-13 19:39');
UPDATE `user_registration` SET `popup_seen` = 'yes'
WHERE `user_id` = 'JHRDHS';
INSERT INTO `login_history` (`user_id`, `device`, `ip_address`, `date`) VALUES ('UXMQZD', 'Mozilla/5.0 (Macintosh; Intel Mac OS X 10_15_7) AppleWebKit/605.1.15 (KHTML, like Gecko) Version/18.5 Safari/605.1.15', '2600:1006:b02e:5c46:9a0:87be:dc3c:62b', '25-11-13 20:58');
UPDATE `user_registration` SET `popup_seen` = 'yes'
WHERE `user_id` = 'UXMQZD';
UPDATE `user_registration` SET `popup_seen` = 'no'
WHERE `user_id` = 'UXMQZD';
DELETE FROM `ci_sessions`
WHERE `id` = 'b5b5bc4fbbbbcaca066da8b5c58cca6530d993cc';
INSERT INTO `login_history` (`user_id`, `device`, `ip_address`, `date`) VALUES ('PXOKY7', 'Mozilla/5.0 (Macintosh; Intel Mac OS X 10_15_7) AppleWebKit/605.1.15 (KHTML, like Gecko) Version/18.5 Safari/605.1.15', '2600:1006:b02e:5c46:9a0:87be:dc3c:62b', '25-11-13 21:04');
UPDATE `user_registration` SET `popup_seen` = 'yes'
WHERE `user_id` = 'PXOKY7';
UPDATE `ci_sessions` SET `timestamp` = 1763089722, `data` = '__ci_last_regenerate|i:1763089722;id|s:4:\"2467\";user_id|s:6:\"PXOKY7\";username|s:7:\"Arva68$\";sponsor_id|s:6:\"UXMQZD\";fullname|s:15:\"Aramis Valencia\";email|s:22:\"aramismill@hotmail.com\";phone|s:12:\"786 267 4055\";isLogIn|b:1;'
WHERE `id` = '4c886b34e3aaf47fa6aab62a847508eb91d370bd';
INSERT INTO `temp_register` (`post_data`, `date`, `payment_method`, `type`) VALUES ('{\"uid\":\"2571\",\"user_id\":\"D7DH28\",\"username\":\"rubio1964$\",\"sponsor_id\":\"PXOKY7\",\"vacant\":\"no\",\"f_name\":\"Arquimides\",\"l_name\":\"de Armas\",\"position\":\"right\",\"email\":\"arquimidesdearmas@gmail.com\",\"password\":\"ec3e5576b74799f36a1d15753be37a90\",\"phone\":\"3055257195\",\"country\":\"United States\",\"state\":\"Florida\",\"city\":\"Homestead\",\"street\":\"19501 sw 236 st\",\"zip_code\":\"33031\",\"reg_ip\":\"2600:1006:b02e:5c46:9a0:87be:dc3c:62b\",\"status\":1,\"package_id\":\"2\",\"rank_id\":1,\"highest_rank\":1,\"cycle_rank_id\":1,\"user_type\":\"affiliate\",\"created\":\"2025-11-13 21:08:42\",\"subscription_date\":\"2025-12-13\",\"active_status\":\"yes\",\"google_secret\":\"4JG7WADERZ6YHL3C\"}', '2025-11-13 21:08:42', 'stripe', 'register');
UPDATE `temp_register` SET `response` = '{\"stripeToken\":\"tok_1STDPJ2NUoYUjiuuovP4H9Xm\",\"stripeTokenType\":\"card\",\"stripeEmail\":\"aramismill@hotmail.com\"}', `date_modified` = '2025-11-13 21:10:46', `payment_status` = '{\"id\":\"ch_3STDPO2NUoYUjiuu1wqYLa5Z\",\"object\":\"charge\",\"amount\":59500,\"amount_captured\":59500,\"amount_refunded\":0,\"application\":null,\"application_fee\":null,\"application_fee_amount\":null,\"balance_transaction\":\"txn_3STDPO2NUoYUjiuu1VU006bO\",\"billing_details\":{\"address\":{\"city\":null,\"country\":null,\"line1\":null,\"line2\":null,\"postal_code\":null,\"state\":null},\"email\":null,\"name\":\"aramismill@hotmail.com\",\"phone\":null,\"tax_id\":null},\"calculated_statement_descriptor\":\"TRAVELEGENDCY LLC\",\"captured\":true,\"created\":1763089846,\"currency\":\"usd\",\"customer\":\"cus_TQ3WtBHH93EJPZ\",\"description\":null,\"destination\":null,\"dispute\":null,\"disputed\":false,\"failure_balance_transaction\":null,\"failure_code\":null,\"failure_message\":null,\"fraud_details\":[],\"invoice\":null,\"livemode\":true,\"metadata\":{\"name\":\"Arquimides de Armas\",\"username\":\"rubio1964$\"},\"on_behalf_of\":null,\"order\":null,\"outcome\":{\"advice_code\":null,\"network_advice_code\":null,\"network_decline_code\":null,\"network_status\":\"approved_by_network\",\"reason\":null,\"risk_level\":\"normal\",\"seller_message\":\"Payment complete.\",\"type\":\"authorized\"},\"paid\":true,\"payment_intent\":null,\"payment_method\":\"card_1STDPJ2NUoYUjiuuplqvJNAS\",\"payment_method_details\":{\"card\":{\"amount_authorized\":59500,\"authorization_code\":\"151003\",\"brand\":\"mastercard\",\"checks\":{\"address_line1_check\":null,\"address_postal_code_check\":null,\"cvc_check\":\"pass\"},\"country\":\"US\",\"exp_month\":11,\"exp_year\":2030,\"extended_authorization\":{\"status\":\"disabled\"},\"fingerprint\":\"BZW8f4d7CcnOIGHT\",\"funding\":\"debit\",\"incremental_authorization\":{\"status\":\"unavailable\"},\"installments\":null,\"last4\":\"5886\",\"mandate\":null,\"multicapture\":{\"status\":\"unavailable\"},\"network\":\"mastercard\",\"network_token\":{\"used\":false},\"network_transaction_id\":\"MDJPCJPJZ1113\",\"overcapture\":{\"maximum_amount_capturable\":59500,\"status\":\"unavailable\"},\"regulated_status\":\"regulated\",\"three_d_secure\":null,\"wallet\":null},\"type\":\"card\"},\"receipt_email\":null,\"receipt_number\":null,\"receipt_url\":\"https:\\/\\/pay.stripe.com\\/receipts\\/payment\\/CAcQARoXChVhY2N0XzFRUEFGdjJOVW9ZVWppdXUot7vayAYyBuFE7y0-ZDosFnBfaCZZ9UDFuyInYbdBb8JGdOD3_bz6aFJ281u0mD2mNchQH-2f4TA17Fk\",\"refunded\":false,\"review\":null,\"shipping\":null,\"source\":{\"id\":\"card_1STDPJ2NUoYUjiuuplqvJNAS\",\"object\":\"card\",\"address_city\":null,\"address_country\":null,\"address_line1\":null,\"address_line1_check\":null,\"address_line2\":null,\"address_state\":null,\"address_zip\":null,\"address_zip_check\":null,\"allow_redisplay\":\"unspecified\",\"brand\":\"MasterCard\",\"country\":\"US\",\"customer\":\"cus_TQ3WtBHH93EJPZ\",\"cvc_check\":\"pass\",\"dynamic_last4\":null,\"email\":null,\"exp_month\":11,\"exp_year\":2030,\"fingerprint\":\"BZW8f4d7CcnOIGHT\",\"funding\":\"debit\",\"last4\":\"5886\",\"metadata\":[],\"name\":\"aramismill@hotmail.com\",\"phone\":null,\"regulated_status\":\"regulated\",\"tokenization_method\":null,\"wallet\":null},\"source_transfer\":null,\"statement_descriptor\":null,\"statement_descriptor_suffix\":null,\"status\":\"succeeded\",\"transfer_data\":null,\"transfer_group\":null}'
WHERE `id` = 1186;
INSERT INTO `user_registration` (`user_id`, `username`, `sponsor_id`, `vacant`, `f_name`, `l_name`, `position`, `email`, `password`, `phone`, `country`, `state`, `city`, `street`, `zip_code`, `reg_ip`, `status`, `package_id`, `rank_id`, `highest_rank`, `cycle_rank_id`, `user_type`, `created`, `subscription_date`, `active_status`, `google_secret`) VALUES ('D7DH28', 'rubio1964$', 'PXOKY7', 'no', 'Arquimides', 'de Armas', 'right', 'arquimidesdearmas@gmail.com', 'ec3e5576b74799f36a1d15753be37a90', '3055257195', 'United States', 'Florida', 'Homestead', '19501 sw 236 st', '33031', '2600:1006:b02e:5c46:9a0:87be:dc3c:62b', 1, '2', 1, 1, 1, 'affiliate', '2025-11-13 21:08:42', '2025-12-13', 'yes', '4JG7WADERZ6YHL3C');
UPDATE `user_registration` SET total_ref_count = total_ref_count+1
WHERE `user_id` = 'PXOKY7';
INSERT INTO `matrix_fill_sponsor` (`sponsor_id`, `downline_id`, `level`, `matrix`) VALUES ('PXOKY7', 'D7DH28', 1, 1);
INSERT INTO `matrix_fill_sponsor` (`sponsor_id`, `downline_id`, `level`, `matrix`) VALUES ('UXMQZD', 'D7DH28', 2, 1);
INSERT INTO `matrix_fill_sponsor` (`sponsor_id`, `downline_id`, `level`, `matrix`) VALUES ('O94ZPY', 'D7DH28', 3, 1);
INSERT INTO `matrix_fill_sponsor` (`sponsor_id`, `downline_id`, `level`, `matrix`) VALUES ('JHRDHS', 'D7DH28', 4, 1);
INSERT INTO `matrix_fill_sponsor` (`sponsor_id`, `downline_id`, `level`, `matrix`) VALUES ('CVVK4C', 'D7DH28', 5, 1);
INSERT INTO `matrix_fill_sponsor` (`sponsor_id`, `downline_id`, `level`, `matrix`) VALUES ('K55EDD', 'D7DH28', 6, 1);
INSERT INTO `matrix_fill_sponsor` (`sponsor_id`, `downline_id`, `level`, `matrix`) VALUES ('UQO7EQ', 'D7DH28', 7, 1);
INSERT INTO `matrix_fill_sponsor` (`sponsor_id`, `downline_id`, `level`, `matrix`) VALUES ('N6GZAE', 'D7DH28', 8, 1);
INSERT INTO `matrix_fill_sponsor` (`sponsor_id`, `downline_id`, `level`, `matrix`) VALUES ('4E1CRI', 'D7DH28', 9, 1);
INSERT INTO `matrix_fill_sponsor` (`sponsor_id`, `downline_id`, `level`, `matrix`) VALUES ('SJBNYJ', 'D7DH28', 10, 1);
INSERT INTO `matrix_fill_sponsor` (`sponsor_id`, `downline_id`, `level`, `matrix`) VALUES ('44B9Y4', 'D7DH28', 11, 1);
INSERT INTO `matrix_fill_sponsor` (`sponsor_id`, `downline_id`, `level`, `matrix`) VALUES ('admin', 'D7DH28', 12, 1);
UPDATE `binary_view` SET `user_id` = 'D7DH28', `username` = 'rubio1964$', `vacant` = 'no', `created` = '2025-11-13 21:10:47', `sponsor_id` = 'PXOKY7'
WHERE `uid` = '2571';
INSERT INTO `binary_view` (`user_id`, `username`, `sponsor_id`, `placement_id`, `vacant`, `position`, `created`) VALUES ('HQJINZ', 'VfrupxUt', 'D7DH28', 'D7DH28', 'yes', 'left', '2025-11-13 21:10:47');
INSERT INTO `binary_view` (`user_id`, `username`, `sponsor_id`, `placement_id`, `vacant`, `position`, `created`) VALUES ('XVZCIS', 'vuEEWSoZ', 'D7DH28', 'D7DH28', 'yes', 'right', '2025-11-13 21:10:47');
INSERT INTO `bv_updation` (`user_id`) VALUES ('D7DH28');
UPDATE `user_registration` SET total_downlines = total_downlines+1
WHERE `user_id` = 'JZWLON';
UPDATE `user_registration` SET right_downlines = right_downlines+1
WHERE `user_id` = 'JZWLON';
UPDATE `user_registration` SET total_downlines = total_downlines+1
WHERE `user_id` = 'EE2FIS';
UPDATE `user_registration` SET right_downlines = right_downlines+1
WHERE `user_id` = 'EE2FIS';
UPDATE `user_registration` SET total_downlines = total_downlines+1
WHERE `user_id` = 'PXOKY7';
UPDATE `user_registration` SET right_downlines = right_downlines+1
WHERE `user_id` = 'PXOKY7';
UPDATE `user_registration` SET right_ref_count = right_ref_count+1
WHERE `user_id` = 'PXOKY7';
UPDATE `user_registration` SET active_right = active_right+1
WHERE `user_id` = 'PXOKY7';
UPDATE `user_registration` SET total_downlines = total_downlines+1
WHERE `user_id` = 'BBBUQN';
UPDATE `user_registration` SET left_downlines = left_downlines+1
WHERE `user_id` = 'BBBUQN';
UPDATE `user_registration` SET total_downlines = total_downlines+1
WHERE `user_id` = '8ZH73R';
UPDATE `user_registration` SET left_downlines = left_downlines+1
WHERE `user_id` = '8ZH73R';
UPDATE `user_registration` SET total_downlines = total_downlines+1
WHERE `user_id` = 'YFRSTE';
UPDATE `user_registration` SET left_downlines = left_downlines+1
WHERE `user_id` = 'YFRSTE';
UPDATE `user_registration` SET total_downlines = total_downlines+1
WHERE `user_id` = 'UT8WM5';
UPDATE `user_registration` SET left_downlines = left_downlines+1
WHERE `user_id` = 'UT8WM5';
UPDATE `user_registration` SET total_downlines = total_downlines+1
WHERE `user_id` = 'UXMQZD';
UPDATE `user_registration` SET left_downlines = left_downlines+1
WHERE `user_id` = 'UXMQZD';
UPDATE `user_registration` SET total_downlines = total_downlines+1
WHERE `user_id` = 'O94ZPY';
UPDATE `user_registration` SET right_downlines = right_downlines+1
WHERE `user_id` = 'O94ZPY';
UPDATE `user_registration` SET total_downlines = total_downlines+1
WHERE `user_id` = 'JHRDHS';
UPDATE `user_registration` SET right_downlines = right_downlines+1
WHERE `user_id` = 'JHRDHS';
UPDATE `user_registration` SET total_downlines = total_downlines+1
WHERE `user_id` = 'CVVK4C';
UPDATE `user_registration` SET right_downlines = right_downlines+1
WHERE `user_id` = 'CVVK4C';
UPDATE `user_registration` SET total_downlines = total_downlines+1
WHERE `user_id` = 'K55EDD';
UPDATE `user_registration` SET left_downlines = left_downlines+1
WHERE `user_id` = 'K55EDD';
UPDATE `user_registration` SET total_downlines = total_downlines+1
WHERE `user_id` = 'UQO7EQ';
UPDATE `user_registration` SET left_downlines = left_downlines+1
WHERE `user_id` = 'UQO7EQ';
UPDATE `user_registration` SET total_downlines = total_downlines+1
WHERE `user_id` = 'N6GZAE';
UPDATE `user_registration` SET left_downlines = left_downlines+1
WHERE `user_id` = 'N6GZAE';
UPDATE `user_registration` SET total_downlines = total_downlines+1
WHERE `user_id` = '4E1CRI';
UPDATE `user_registration` SET left_downlines = left_downlines+1
WHERE `user_id` = '4E1CRI';
UPDATE `user_registration` SET total_downlines = total_downlines+1
WHERE `user_id` = 'SJBNYJ';
UPDATE `user_registration` SET left_downlines = left_downlines+1
WHERE `user_id` = 'SJBNYJ';
UPDATE `user_registration` SET total_downlines = total_downlines+1
WHERE `user_id` = '44B9Y4';
UPDATE `user_registration` SET left_downlines = left_downlines+1
WHERE `user_id` = '44B9Y4';
UPDATE `user_registration` SET total_downlines = total_downlines+1
WHERE `user_id` = 'admin';
UPDATE `user_registration` SET right_downlines = right_downlines+1
WHERE `user_id` = 'admin';
INSERT INTO `package_purchase_history` (`user_id`, `package_id`, `reg_fee`, `package_name`, `monthly_fee`, `type`, `date`, `payment_option`) VALUES ('D7DH28', '2', '595', 'Traveler Pro', '150', 'sign_up', '2025-11-13 21:10:47', 'stripe');
INSERT INTO `investment` (`invest_date`, `user_id`, `type`, `amount`, `package_id`) VALUES ('2025-11-13 21:10:47', 'D7DH28', 'register', '595', '2');
INSERT INTO `earnings` (`user_id`, `Purchaser_id`, `earning_type`, `package_id`, `amount`, `date`, `comments`, `invest_amount`, `comm_perc`, `level`, `rank_id`, `order_id`) VALUES ('PXOKY7', 'D7DH28', 'Direct Referral Bonus', '2', '100', '2025-11-13 21:10:47', 'Direct Referral Bonus', 0, 0, 1, '', 1219);
UPDATE `user_registration` SET commission_balance = ROUND(commission_balance + 100,2)
WHERE `user_id` = 'PXOKY7';
UPDATE `user_registration` SET referral_bonus = ROUND(referral_bonus + 100,2)
WHERE `user_id` = 'PXOKY7';
INSERT INTO `earnings` (`user_id`, `Purchaser_id`, `earning_type`, `package_id`, `amount`, `date`, `comments`, `invest_amount`, `comm_perc`, `level`, `rank_id`, `order_id`) VALUES ('O94ZPY', 'D7DH28', 'Expansion Bonus', '2', 100, '2025-11-13 21:10:47', 'Expansion Bonus', '100', 0, 1, '', 1219);
UPDATE `user_registration` SET commission_balance = ROUND(commission_balance + 100,2)
WHERE `user_id` = 'O94ZPY';
UPDATE `user_registration` SET expansion_bonus = ROUND(expansion_bonus + 100,2)
WHERE `user_id` = 'O94ZPY';
INSERT INTO `earnings` (`user_id`, `Purchaser_id`, `earning_type`, `package_id`, `amount`, `date`, `comments`, `invest_amount`, `comm_perc`, `level`, `rank_id`, `order_id`) VALUES ('JHRDHS', 'D7DH28', 'Expansion Bonus', '2', 100, '2025-11-13 21:10:47', 'Expansion Bonus', 200, 0, 1, '', 1219);
UPDATE `user_registration` SET commission_balance = ROUND(commission_balance + 100,2)
WHERE `user_id` = 'JHRDHS';
UPDATE `user_registration` SET expansion_bonus = ROUND(expansion_bonus + 100,2)
WHERE `user_id` = 'JHRDHS';
UPDATE `user_registration` SET total_points = ROUND(total_points + 50,2)
WHERE `user_id` = 'D7DH28';
INSERT INTO `points_history` (`user_id`, `points`, `type`, `date`) VALUES ('D7DH28', '50', 'register', '2025-11-13 21:10:');
INSERT INTO `matrix_filling` (`placement_id`, `downline_id`, `level`, `matrix`) VALUES ('JZWLON', 'D7DH28', 1, 1);
UPDATE `bv_updation` SET right_carry = right_carry+50, total_right = total_right+50
WHERE `user_id` = 'JZWLON';
INSERT INTO `placement_bv_update_history` (`right_carry`, `date`, `from_id`, `user_id`) VALUES ('50', '2025-11-13 21:10:47', 'D7DH28', 'JZWLON');
INSERT INTO `matrix_filling` (`placement_id`, `downline_id`, `level`, `matrix`) VALUES ('EE2FIS', 'D7DH28', 2, 1);
UPDATE `bv_updation` SET right_carry = right_carry+50, total_right = total_right+50
WHERE `user_id` = 'EE2FIS';
INSERT INTO `placement_bv_update_history` (`right_carry`, `date`, `from_id`, `user_id`) VALUES ('50', '2025-11-13 21:10:47', 'D7DH28', 'EE2FIS');
INSERT INTO `matrix_filling` (`placement_id`, `downline_id`, `level`, `matrix`) VALUES ('PXOKY7', 'D7DH28', 3, 1);
UPDATE `bv_updation` SET right_carry = right_carry+50, total_right = total_right+50
WHERE `user_id` = 'PXOKY7';
INSERT INTO `placement_bv_update_history` (`right_carry`, `date`, `from_id`, `user_id`) VALUES ('50', '2025-11-13 21:10:47', 'D7DH28', 'PXOKY7');
UPDATE `user_registration` SET `cycle_rank_id` = '1'
WHERE `user_id` = 'PXOKY7';
INSERT INTO `rank_history` (`rank_id`, `user_id`, `name`, `bv`, `date`, `amount`, `type`) VALUES ('1', 'PXOKY7', 'Affiliate', '0', '2025-11-13 21:10:47', '0', 'auto');
UPDATE `bv_updation` SET sponsor_right_carry = sponsor_right_carry+50, sponsor_total_right = sponsor_total_right+50
WHERE `user_id` = 'PXOKY7';
INSERT INTO `sponsor_bv_update_history` (`right_carry`, `date`, `user_id`) VALUES ('50', '2025-11-13 21:10:47', 'PXOKY7');
INSERT INTO `matrix_filling` (`placement_id`, `downline_id`, `level`, `matrix`) VALUES ('BBBUQN', 'D7DH28', 4, 1);
UPDATE `bv_updation` SET left_carry = left_carry+50, total_left = total_left+50
WHERE `user_id` = 'BBBUQN';
INSERT INTO `placement_bv_update_history` (`left_carry`, `date`, `from_id`, `user_id`) VALUES ('50', '2025-11-13 21:10:47', 'D7DH28', 'BBBUQN');
INSERT INTO `matrix_filling` (`placement_id`, `downline_id`, `level`, `matrix`) VALUES ('8ZH73R', 'D7DH28', 5, 1);
UPDATE `bv_updation` SET left_carry = left_carry+50, total_left = total_left+50
WHERE `user_id` = '8ZH73R';
INSERT INTO `placement_bv_update_history` (`left_carry`, `date`, `from_id`, `user_id`) VALUES ('50', '2025-11-13 21:10:47', 'D7DH28', '8ZH73R');
INSERT INTO `matrix_filling` (`placement_id`, `downline_id`, `level`, `matrix`) VALUES ('YFRSTE', 'D7DH28', 6, 1);
UPDATE `bv_updation` SET left_carry = left_carry+50, total_left = total_left+50
WHERE `user_id` = 'YFRSTE';
INSERT INTO `placement_bv_update_history` (`left_carry`, `date`, `from_id`, `user_id`) VALUES ('50', '2025-11-13 21:10:47', 'D7DH28', 'YFRSTE');
INSERT INTO `matrix_filling` (`placement_id`, `downline_id`, `level`, `matrix`) VALUES ('UT8WM5', 'D7DH28', 7, 1);
UPDATE `bv_updation` SET left_carry = left_carry+50, total_left = total_left+50
WHERE `user_id` = 'UT8WM5';
INSERT INTO `placement_bv_update_history` (`left_carry`, `date`, `from_id`, `user_id`) VALUES ('50', '2025-11-13 21:10:47', 'D7DH28', 'UT8WM5');
INSERT INTO `matrix_filling` (`placement_id`, `downline_id`, `level`, `matrix`) VALUES ('UXMQZD', 'D7DH28', 8, 1);
UPDATE `bv_updation` SET left_carry = left_carry+50, total_left = total_left+50
WHERE `user_id` = 'UXMQZD';
INSERT INTO `placement_bv_update_history` (`left_carry`, `date`, `from_id`, `user_id`) VALUES ('50', '2025-11-13 21:10:47', 'D7DH28', 'UXMQZD');
UPDATE `user_registration` SET `cycle_rank_id` = '1'
WHERE `user_id` = 'UXMQZD';
INSERT INTO `rank_history` (`rank_id`, `user_id`, `name`, `bv`, `date`, `amount`, `type`) VALUES ('1', 'UXMQZD', 'Affiliate', '0', '2025-11-13 21:10:47', '0', 'auto');
INSERT INTO `matrix_filling` (`placement_id`, `downline_id`, `level`, `matrix`) VALUES ('O94ZPY', 'D7DH28', 9, 1);
UPDATE `bv_updation` SET right_carry = right_carry+50, total_right = total_right+50
WHERE `user_id` = 'O94ZPY';
INSERT INTO `placement_bv_update_history` (`right_carry`, `date`, `from_id`, `user_id`) VALUES ('50', '2025-11-13 21:10:47', 'D7DH28', 'O94ZPY');
UPDATE `user_registration` SET `cycle_rank_id` = '1'
WHERE `user_id` = 'O94ZPY';
INSERT INTO `rank_history` (`rank_id`, `user_id`, `name`, `bv`, `date`, `amount`, `type`) VALUES ('1', 'O94ZPY', 'Affiliate', '0', '2025-11-13 21:10:47', '0', 'auto');
INSERT INTO `matrix_filling` (`placement_id`, `downline_id`, `level`, `matrix`) VALUES ('JHRDHS', 'D7DH28', 10, 1);
UPDATE `bv_updation` SET right_carry = right_carry+50, total_right = total_right+50
WHERE `user_id` = 'JHRDHS';
INSERT INTO `placement_bv_update_history` (`right_carry`, `date`, `from_id`, `user_id`) VALUES ('50', '2025-11-13 21:10:47', 'D7DH28', 'JHRDHS');
UPDATE `user_registration` SET `cycle_rank_id` = '2'
WHERE `user_id` = 'JHRDHS';
INSERT INTO `rank_history` (`rank_id`, `user_id`, `name`, `bv`, `date`, `amount`, `type`) VALUES ('2', 'JHRDHS', 'Associate', '1200', '2025-11-13 21:10:47', '100', 'auto');
INSERT INTO `matrix_filling` (`placement_id`, `downline_id`, `level`, `matrix`) VALUES ('CVVK4C', 'D7DH28', 11, 1);
UPDATE `bv_updation` SET right_carry = right_carry+50, total_right = total_right+50
WHERE `user_id` = 'CVVK4C';
INSERT INTO `placement_bv_update_history` (`right_carry`, `date`, `from_id`, `user_id`) VALUES ('50', '2025-11-13 21:10:47', 'D7DH28', 'CVVK4C');
UPDATE `user_registration` SET `cycle_rank_id` = '1'
WHERE `user_id` = 'CVVK4C';
INSERT INTO `rank_history` (`rank_id`, `user_id`, `name`, `bv`, `date`, `amount`, `type`) VALUES ('1', 'CVVK4C', 'Affiliate', '0', '2025-11-13 21:10:47', '0', 'auto');
INSERT INTO `matrix_filling` (`placement_id`, `downline_id`, `level`, `matrix`) VALUES ('K55EDD', 'D7DH28', 12, 1);
UPDATE `bv_updation` SET left_carry = left_carry+50, total_left = total_left+50
WHERE `user_id` = 'K55EDD';
INSERT INTO `placement_bv_update_history` (`left_carry`, `date`, `from_id`, `user_id`) VALUES ('50', '2025-11-13 21:10:47', 'D7DH28', 'K55EDD');
UPDATE `user_registration` SET `cycle_rank_id` = '1'
WHERE `user_id` = 'K55EDD';
INSERT INTO `rank_history` (`rank_id`, `user_id`, `name`, `bv`, `date`, `amount`, `type`) VALUES ('1', 'K55EDD', 'Affiliate', '0', '2025-11-13 21:10:47', '0', 'auto');
INSERT INTO `matrix_filling` (`placement_id`, `downline_id`, `level`, `matrix`) VALUES ('UQO7EQ', 'D7DH28', 13, 1);
UPDATE `bv_updation` SET left_carry = left_carry+50, total_left = total_left+50
WHERE `user_id` = 'UQO7EQ';
INSERT INTO `placement_bv_update_history` (`left_carry`, `date`, `from_id`, `user_id`) VALUES ('50', '2025-11-13 21:10:47', 'D7DH28', 'UQO7EQ');
UPDATE `user_registration` SET `cycle_rank_id` = '1'
WHERE `user_id` = 'UQO7EQ';
INSERT INTO `rank_history` (`rank_id`, `user_id`, `name`, `bv`, `date`, `amount`, `type`) VALUES ('1', 'UQO7EQ', 'Affiliate', '0', '2025-11-13 21:10:47', '0', 'auto');
INSERT INTO `matrix_filling` (`placement_id`, `downline_id`, `level`, `matrix`) VALUES ('N6GZAE', 'D7DH28', 14, 1);
UPDATE `bv_updation` SET left_carry = left_carry+50, total_left = total_left+50
WHERE `user_id` = 'N6GZAE';
INSERT INTO `placement_bv_update_history` (`left_carry`, `date`, `from_id`, `user_id`) VALUES ('50', '2025-11-13 21:10:47', 'D7DH28', 'N6GZAE');
UPDATE `user_registration` SET `cycle_rank_id` = '1'
WHERE `user_id` = 'N6GZAE';
INSERT INTO `rank_history` (`rank_id`, `user_id`, `name`, `bv`, `date`, `amount`, `type`) VALUES ('1', 'N6GZAE', 'Affiliate', '0', '2025-11-13 21:10:47', '0', 'auto');
INSERT INTO `matrix_filling` (`placement_id`, `downline_id`, `level`, `matrix`) VALUES ('4E1CRI', 'D7DH28', 15, 1);
UPDATE `bv_updation` SET left_carry = left_carry+50, total_left = total_left+50
WHERE `user_id` = '4E1CRI';
INSERT INTO `placement_bv_update_history` (`left_carry`, `date`, `from_id`, `user_id`) VALUES ('50', '2025-11-13 21:10:47', 'D7DH28', '4E1CRI');
INSERT INTO `matrix_filling` (`placement_id`, `downline_id`, `level`, `matrix`) VALUES ('SJBNYJ', 'D7DH28', 16, 1);
UPDATE `bv_updation` SET left_carry = left_carry+50, total_left = total_left+50
WHERE `user_id` = 'SJBNYJ';
INSERT INTO `placement_bv_update_history` (`left_carry`, `date`, `from_id`, `user_id`) VALUES ('50', '2025-11-13 21:10:47', 'D7DH28', 'SJBNYJ');
UPDATE `user_registration` SET `cycle_rank_id` = '1'
WHERE `user_id` = 'SJBNYJ';
INSERT INTO `rank_history` (`rank_id`, `user_id`, `name`, `bv`, `date`, `amount`, `type`) VALUES ('1', 'SJBNYJ', 'Affiliate', '0', '2025-11-13 21:10:47', '0', 'auto');
INSERT INTO `matrix_filling` (`placement_id`, `downline_id`, `level`, `matrix`) VALUES ('44B9Y4', 'D7DH28', 17, 1);
UPDATE `bv_updation` SET left_carry = left_carry+50, total_left = total_left+50
WHERE `user_id` = '44B9Y4';
INSERT INTO `placement_bv_update_history` (`left_carry`, `date`, `from_id`, `user_id`) VALUES ('50', '2025-11-13 21:10:47', 'D7DH28', '44B9Y4');
UPDATE `user_registration` SET `cycle_rank_id` = '1'
WHERE `user_id` = '44B9Y4';
INSERT INTO `rank_history` (`rank_id`, `user_id`, `name`, `bv`, `date`, `amount`, `type`) VALUES ('1', '44B9Y4', 'Affiliate', '0', '2025-11-13 21:10:47', '0', 'auto');
INSERT INTO `matrix_filling` (`placement_id`, `downline_id`, `level`, `matrix`) VALUES ('admin', 'D7DH28', 18, 1);
UPDATE `bv_updation` SET right_carry = right_carry+50, total_right = total_right+50
WHERE `user_id` = 'admin';
INSERT INTO `placement_bv_update_history` (`right_carry`, `date`, `from_id`, `user_id`) VALUES ('50', '2025-11-13 21:10:47', 'D7DH28', 'admin');
UPDATE `user_registration` SET `cycle_rank_id` = '1'
WHERE `user_id` = 'admin';
INSERT INTO `rank_history` (`rank_id`, `user_id`, `name`, `bv`, `date`, `amount`, `type`) VALUES ('1', 'admin', 'Affiliate', '0', '2025-11-13 21:10:47', '0', 'auto');
UPDATE `user_registration` SET `arreva_response` = '{\r\n  \"Account\": {\r\n    \"UserId\": 14850938\r\n  },\r\n  \"ResultType\": \"success\",\r\n  \"Message\": \"\"\r\n}', `arreva_user_id` = 14850938
WHERE `user_id` = 'D7DH28';
UPDATE `user_registration` SET `book_menu_status` = 'yes'
WHERE `user_id` = 'D7DH28';
UPDATE `user_registration` SET `popup_seen` = 'no'
WHERE `user_id` = 'PXOKY7';
DELETE FROM `ci_sessions`
WHERE `id` = '7e98a9d935c190443a1d57a1b82bc3ef5aca16cf';
INSERT INTO `login_history` (`user_id`, `device`, `ip_address`, `date`) VALUES ('D7DH28', 'Mozilla/5.0 (Macintosh; Intel Mac OS X 10_15_7) AppleWebKit/605.1.15 (KHTML, like Gecko) Version/18.5 Safari/605.1.15', '2600:1006:b02e:5c46:9a0:87be:dc3c:62b', '25-11-13 21:13');
UPDATE `user_registration` SET `popup_seen` = 'yes'
WHERE `user_id` = 'D7DH28';
UPDATE `user_registration` SET `default_leg` = 'right'
WHERE `user_id` = 'D7DH28';
INSERT INTO `default_leg_history` (`user_id`, `old_leg`, `new_leg`, `date`) VALUES ('D7DH28', 'auto', 'right', '2025-11-13 21:13:55');
UPDATE `user_registration` SET `default_leg` = 'right'
WHERE `user_id` = 'D7DH28';
INSERT INTO `default_leg_history` (`user_id`, `old_leg`, `new_leg`, `date`) VALUES ('D7DH28', 'right', 'right', '2025-11-13 21:14:03');
UPDATE `user_registration` SET `default_leg` = 'right'
WHERE `user_id` = 'D7DH28';
INSERT INTO `default_leg_history` (`user_id`, `old_leg`, `new_leg`, `date`) VALUES ('D7DH28', 'right', 'right', '2025-11-13 21:14:21');
INSERT INTO `login_history` (`user_id`, `device`, `ip_address`, `date`) VALUES ('EE2FIS', 'Mozilla/5.0 (iPhone; CPU iPhone OS 18_7_1 like Mac OS X) AppleWebKit/605.1.15 (KHTML, like Gecko) Version/18.7 Mobile/15E148 Safari/604.1', '2600:1700:a670:ab0:82c:5dd4:a5c9:ad1d', '25-11-13 21:23');
UPDATE `user_registration` SET `popup_seen` = 'yes'
WHERE `user_id` = 'EE2FIS';
UPDATE `user_registration` SET `popup_seen` = 'yes'
WHERE `user_id` = 'EE2FIS';
UPDATE `user_registration` SET `popup_seen` = 'yes'
WHERE `user_id` = 'EE2FIS';
INSERT INTO `login_history` (`user_id`, `device`, `ip_address`, `date`) VALUES ('UQO7EQ', 'Mozilla/5.0 (Linux; Android 10; K) AppleWebKit/537.36 (KHTML, like Gecko) Chrome/142.0.0.0 Mobile Safari/537.36', '2607:fb90:915c:377:5d8b:f65a:5a97:3467', '25-11-13 21:25');
UPDATE `user_registration` SET `popup_seen` = 'yes'
WHERE `user_id` = 'UQO7EQ';
UPDATE `user_registration` SET `popup_seen` = 'no'
WHERE `user_id` = 'UQO7EQ';
DELETE FROM `ci_sessions`
WHERE `id` = 'b0d8ab3fbc55cece3710247d742325398ba68928';
INSERT INTO `login_history` (`user_id`, `device`, `ip_address`, `date`) VALUES ('JHRDHS', 'Mozilla/5.0 (iPhone; CPU iPhone OS 18_7_1 like Mac OS X) AppleWebKit/605.1.15 (KHTML, like Gecko) Version/18.7 Mobile/15E148 Safari/604.1', '2600:1702:50d0:a580:8409:2b47:6d0d:a587', '25-11-13 21:47');
UPDATE `user_registration` SET `popup_seen` = 'yes'
WHERE `user_id` = 'JHRDHS';
UPDATE `ci_sessions` SET `timestamp` = 1763094085, `data` = '__ci_last_regenerate|i:1763094085;id|s:4:\"2473\";user_id|s:6:\"D7DH28\";username|s:10:\"rubio1964$\";sponsor_id|s:6:\"PXOKY7\";fullname|s:19:\"Arquimides de Armas\";email|s:27:\"arquimidesdearmas@gmail.com\";phone|s:10:\"3055257195\";isLogIn|b:1;'
WHERE `id` = '2689dfa423bd3e4e1848f1752ca1edbbecb8706c';
UPDATE `user_registration` SET `popup_seen` = 'no'
WHERE `user_id` = 'D7DH28';
DELETE FROM `ci_sessions`
WHERE `id` = 'a84dbfed260872788a611066eb2ccc8ea1a4692b';
INSERT INTO `login_history` (`user_id`, `device`, `ip_address`, `date`) VALUES ('PXOKY7', 'Mozilla/5.0 (Macintosh; Intel Mac OS X 10_15_7) AppleWebKit/605.1.15 (KHTML, like Gecko) Version/18.5 Safari/605.1.15', '97.221.38.225', '25-11-13 22:22');
UPDATE `user_registration` SET `popup_seen` = 'yes'
WHERE `user_id` = 'PXOKY7';
INSERT INTO `login_history` (`user_id`, `device`, `ip_address`, `date`) VALUES ('UQO7EQ', 'Mozilla/5.0 (Windows NT 10.0; Win64; x64) AppleWebKit/537.36 (KHTML, like Gecko) Chrome/142.0.0.0 Safari/537.36', '2601:58a:897c:5f70:6c2e:1def:c540:3a66', '25-11-13 23:08');
UPDATE `user_registration` SET `popup_seen` = 'yes'
WHERE `user_id` = 'UQO7EQ';
UPDATE `user_registration` SET `popup_seen` = 'no'
WHERE `user_id` = 'UQO7EQ';
DELETE FROM `ci_sessions`
WHERE `id` = 'd918a23279b34a1138b3fce7dde573c173919968';
INSERT INTO `cron_job_history` (`name`, `date_started`, `status`) VALUES ('backup', '2025-11-14 00:00:01', 'started');
UPDATE `cron_job_history` SET `status` = 'done', `date_end` = '2025-11-14 00:00:04'
WHERE `id` = 804;
INSERT INTO `cron_job_history` (`name`, `date_started`, `status`) VALUES ('deduct_sub_amt_from_ewallet', '2025-11-14 00:05:01', 'started');
INSERT INTO `inactive_point_history` (`user_id`, `point`, `date`) VALUES ('35H9RV', '0', '2025-11-14 00:05:01');
UPDATE `user_registration` SET `sub_point` = 0, `active_status` = 'no'
WHERE `user_id` = '35H9RV';
INSERT INTO `arreva_api_logs` (`user_id`, `email`, `endpoint`, `response`, `date`) VALUES ('35H9RV', 'amamzy368@gmail.com', 'deactivatemember', '\"Unable to find user matching email or contract number or otherid\"', '2025-11-14 00:05:01');
INSERT INTO `inactive_history` (`user_id`, `commission_balance`, `amount`, `date`) VALUES ('35H9RV', '97.5', '150', '2025-11-14 00:05:01');
INSERT INTO `inactive_point_history` (`user_id`, `point`, `date`) VALUES ('44B9Y4', '0', '2025-11-14 00:05:01');
UPDATE `user_registration` SET `sub_point` = 0, `active_status` = 'no'
WHERE `user_id` = '44B9Y4';
INSERT INTO `arreva_api_logs` (`user_id`, `email`, `endpoint`, `response`, `date`) VALUES ('44B9Y4', 'travelegendcy@gmail.com', 'deactivatemember', '\"Unable to find user matching email or contract number or otherid\"', '2025-11-14 00:05:01');
INSERT INTO `inactive_history` (`user_id`, `commission_balance`, `amount`, `date`) VALUES ('44B9Y4', '50', '150', '2025-11-14 00:05:01');
INSERT INTO `inactive_point_history` (`user_id`, `point`, `date`) VALUES ('SJBNYJ', '0', '2025-11-14 00:05:01');
UPDATE `user_registration` SET `sub_point` = 0, `active_status` = 'no'
WHERE `user_id` = 'SJBNYJ';
INSERT INTO `arreva_api_logs` (`user_id`, `email`, `endpoint`, `response`, `date`) VALUES ('SJBNYJ', 'travelegendcy+2@gmail.com', 'deactivatemember', '\"Unable to find user matching email or contract number or otherid\"', '2025-11-14 00:05:02');
INSERT INTO `inactive_history` (`user_id`, `commission_balance`, `amount`, `date`) VALUES ('SJBNYJ', '50', '150', '2025-11-14 00:05:02');
INSERT INTO `inactive_point_history` (`user_id`, `point`, `date`) VALUES ('45E8V2', '0', '2025-11-14 00:05:02');
UPDATE `user_registration` SET `sub_point` = 0, `active_status` = 'no'
WHERE `user_id` = '45E8V2';
INSERT INTO `arreva_api_logs` (`user_id`, `email`, `endpoint`, `response`, `date`) VALUES ('45E8V2', 'travelegendcy+1@gmail.com', 'deactivatemember', '\"Unable to find user matching email or contract number or otherid\"', '2025-11-14 00:05:02');
INSERT INTO `inactive_history` (`user_id`, `commission_balance`, `amount`, `date`) VALUES ('45E8V2', '50', '150', '2025-11-14 00:05:02');
INSERT INTO `inactive_point_history` (`user_id`, `point`, `date`) VALUES ('H2HQC8', '0', '2025-11-14 00:05:02');
UPDATE `user_registration` SET `sub_point` = 0, `active_status` = 'no'
WHERE `user_id` = 'H2HQC8';
INSERT INTO `arreva_api_logs` (`user_id`, `email`, `endpoint`, `response`, `date`) VALUES ('H2HQC8', 'travelegendcy+4@gmail.com', 'deactivatemember', '\"Unable to find user matching email or contract number or otherid\"', '2025-11-14 00:05:02');
INSERT INTO `inactive_history` (`user_id`, `commission_balance`, `amount`, `date`) VALUES ('H2HQC8', '110', '150', '2025-11-14 00:05:02');
INSERT INTO `inactive_point_history` (`user_id`, `point`, `date`) VALUES ('XVTJOY', '0', '2025-11-14 00:05:02');
UPDATE `user_registration` SET `sub_point` = 0, `active_status` = 'no'
WHERE `user_id` = 'XVTJOY';
INSERT INTO `arreva_api_logs` (`user_id`, `email`, `endpoint`, `response`, `date`) VALUES ('XVTJOY', 'travelegendcy+5@gmail.com', 'deactivatemember', '\"Unable to find user matching email or contract number or otherid\"', '2025-11-14 00:05:02');
INSERT INTO `inactive_history` (`user_id`, `commission_balance`, `amount`, `date`) VALUES ('XVTJOY', '100', '150', '2025-11-14 00:05:02');
INSERT INTO `inactive_point_history` (`user_id`, `point`, `date`) VALUES ('4E1CRI', '0', '2025-11-14 00:05:02');
UPDATE `user_registration` SET `sub_point` = 0, `active_status` = 'no'
WHERE `user_id` = '4E1CRI';
INSERT INTO `arreva_api_logs` (`user_id`, `email`, `endpoint`, `response`, `date`) VALUES ('4E1CRI', 'ferr2085+1@gmail.com', 'deactivatemember', '\"Unable to find user matching email or contract number or otherid\"', '2025-11-14 00:05:03');
INSERT INTO `inactive_history` (`user_id`, `commission_balance`, `amount`, `date`) VALUES ('4E1CRI', '100', '150', '2025-11-14 00:05:03');
INSERT INTO `inactive_point_history` (`user_id`, `point`, `date`) VALUES ('PBFKSY', '0', '2025-11-14 00:05:03');
UPDATE `user_registration` SET `sub_point` = 0, `active_status` = 'no'
WHERE `user_id` = 'PBFKSY';
INSERT INTO `arreva_api_logs` (`user_id`, `email`, `endpoint`, `response`, `date`) VALUES ('PBFKSY', 'travelegendcy+3@gmail.com', 'deactivatemember', '\"Unable to find user matching email or contract number or otherid\"', '2025-11-14 00:05:03');
INSERT INTO `inactive_history` (`user_id`, `commission_balance`, `amount`, `date`) VALUES ('PBFKSY', '0', '150', '2025-11-14 00:05:03');
INSERT INTO `inactive_point_history` (`user_id`, `point`, `date`) VALUES ('R37QLI', '0', '2025-11-14 00:05:03');
UPDATE `user_registration` SET `sub_point` = 0, `active_status` = 'no'
WHERE `user_id` = 'R37QLI';
INSERT INTO `arreva_api_logs` (`user_id`, `email`, `endpoint`, `response`, `date`) VALUES ('R37QLI', 'atravel4uu@gmail.com', 'deactivatemember', '\"Unable to find user matching email or contract number or otherid\"', '2025-11-14 00:05:03');
INSERT INTO `inactive_history` (`user_id`, `commission_balance`, `amount`, `date`) VALUES ('R37QLI', '80', '150', '2025-11-14 00:05:03');
INSERT INTO `inactive_point_history` (`user_id`, `point`, `date`) VALUES ('Q6D63V', '0', '2025-11-14 00:05:03');
UPDATE `user_registration` SET `sub_point` = 0, `active_status` = 'no'
WHERE `user_id` = 'Q6D63V';
INSERT INTO `arreva_api_logs` (`user_id`, `email`, `endpoint`, `response`, `date`) VALUES ('Q6D63V', 'deeptalent@hotmail.com', 'deactivatemember', '\"Unable to find user matching email or contract number or otherid\"', '2025-11-14 00:05:03');
INSERT INTO `inactive_history` (`user_id`, `commission_balance`, `amount`, `date`) VALUES ('Q6D63V', '100', '150', '2025-11-14 00:05:03');
INSERT INTO `inactive_point_history` (`user_id`, `point`, `date`) VALUES ('N6GZAE', '0', '2025-11-14 00:05:03');
UPDATE `user_registration` SET `sub_point` = 0, `active_status` = 'no'
WHERE `user_id` = 'N6GZAE';
INSERT INTO `arreva_api_logs` (`user_id`, `email`, `endpoint`, `response`, `date`) VALUES ('N6GZAE', 'travelegendcy+71@gmail.com', 'deactivatemember', '\"Unable to find user matching email or contract number or otherid\"', '2025-11-14 00:05:04');
INSERT INTO `inactive_history` (`user_id`, `commission_balance`, `amount`, `date`) VALUES ('N6GZAE', '50', '150', '2025-11-14 00:05:04');
INSERT INTO `inactive_point_history` (`user_id`, `point`, `date`) VALUES ('Q834IS', '0', '2025-11-14 00:05:04');
UPDATE `user_registration` SET `sub_point` = 0, `active_status` = 'no'
WHERE `user_id` = 'Q834IS';
INSERT INTO `arreva_api_logs` (`user_id`, `email`, `endpoint`, `response`, `date`) VALUES ('Q834IS', 'ganofelizyo@gmail.com', 'deactivatemember', '\"Unable to find user matching email or contract number or otherid\"', '2025-11-14 00:05:04');
INSERT INTO `inactive_history` (`user_id`, `commission_balance`, `amount`, `date`) VALUES ('Q834IS', '0', '50', '2025-11-14 00:05:04');
INSERT INTO `inactive_point_history` (`user_id`, `point`, `date`) VALUES ('PKHRN5', '0', '2025-11-14 00:05:04');
UPDATE `user_registration` SET `sub_point` = 0, `active_status` = 'no'
WHERE `user_id` = 'PKHRN5';
INSERT INTO `arreva_api_logs` (`user_id`, `email`, `endpoint`, `response`, `date`) VALUES ('PKHRN5', 'nrproducts20@gmail.com', 'deactivatemember', '\"Unable to find user matching email or contract number or otherid\"', '2025-11-14 00:05:04');
INSERT INTO `inactive_history` (`user_id`, `commission_balance`, `amount`, `date`) VALUES ('PKHRN5', '28', '50', '2025-11-14 00:05:04');
INSERT INTO `inactive_point_history` (`user_id`, `point`, `date`) VALUES ('MT8QJF', '0', '2025-11-14 00:05:04');
UPDATE `user_registration` SET `sub_point` = 0, `active_status` = 'no'
WHERE `user_id` = 'MT8QJF';
INSERT INTO `arreva_api_logs` (`user_id`, `email`, `endpoint`, `response`, `date`) VALUES ('MT8QJF', 'bustamantemoni@yahoo.com', 'deactivatemember', '\"Unable to find user matching email or contract number or otherid\"', '2025-11-14 00:05:04');
INSERT INTO `inactive_history` (`user_id`, `commission_balance`, `amount`, `date`) VALUES ('MT8QJF', '0', '150', '2025-11-14 00:05:04');
INSERT INTO `inactive_point_history` (`user_id`, `point`, `date`) VALUES ('OWF3OA', '0', '2025-11-14 00:05:04');
UPDATE `user_registration` SET `sub_point` = 0, `active_status` = 'no'
WHERE `user_id` = 'OWF3OA';
INSERT INTO `arreva_api_logs` (`user_id`, `email`, `endpoint`, `response`, `date`) VALUES ('OWF3OA', 'caridadm70@gmail.com', 'deactivatemember', '\"Unable to find user matching email or contract number or otherid\"', '2025-11-14 00:05:05');
INSERT INTO `inactive_history` (`user_id`, `commission_balance`, `amount`, `date`) VALUES ('OWF3OA', '0', '150', '2025-11-14 00:05:05');
INSERT INTO `inactive_point_history` (`user_id`, `point`, `date`) VALUES ('HUDVJU', '0', '2025-11-14 00:05:05');
UPDATE `user_registration` SET `sub_point` = 0, `active_status` = 'no'
WHERE `user_id` = 'HUDVJU';
INSERT INTO `arreva_api_logs` (`user_id`, `email`, `endpoint`, `response`, `date`) VALUES ('HUDVJU', 'rsotolongok@aol.com', 'deactivatemember', '\"Unable to find user matching email or contract number or otherid\"', '2025-11-14 00:05:05');
INSERT INTO `inactive_history` (`user_id`, `commission_balance`, `amount`, `date`) VALUES ('HUDVJU', '30', '50', '2025-11-14 00:05:05');
INSERT INTO `inactive_point_history` (`user_id`, `point`, `date`) VALUES ('IEVPMD', '0', '2025-11-14 00:05:05');
UPDATE `user_registration` SET `sub_point` = 0, `active_status` = 'no'
WHERE `user_id` = 'IEVPMD';
INSERT INTO `arreva_api_logs` (`user_id`, `email`, `endpoint`, `response`, `date`) VALUES ('IEVPMD', 'ferr2085@gmail.com', 'deactivatemember', '\"Unable to find user matching email or contract number or otherid\"', '2025-11-14 00:05:05');
INSERT INTO `inactive_history` (`user_id`, `commission_balance`, `amount`, `date`) VALUES ('IEVPMD', '0', '150', '2025-11-14 00:05:05');
INSERT INTO `inactive_point_history` (`user_id`, `point`, `date`) VALUES ('CVVK4C', '0', '2025-11-14 00:05:05');
UPDATE `user_registration` SET `sub_point` = 0, `active_status` = 'no'
WHERE `user_id` = 'CVVK4C';
INSERT INTO `arreva_api_logs` (`user_id`, `email`, `endpoint`, `response`, `date`) VALUES ('CVVK4C', 'naranjo.manuel93@gmail.com', 'deactivatemember', '\"Unable to find user matching email or contract number or otherid\"', '2025-11-14 00:05:05');
INSERT INTO `inactive_history` (`user_id`, `commission_balance`, `amount`, `date`) VALUES ('CVVK4C', '0', '150', '2025-11-14 00:05:05');
INSERT INTO `inactive_point_history` (`user_id`, `point`, `date`) VALUES ('HQTCGF', '0', '2025-11-14 00:05:05');
UPDATE `user_registration` SET `sub_point` = 0, `active_status` = 'no'
WHERE `user_id` = 'HQTCGF';
INSERT INTO `arreva_api_logs` (`user_id`, `email`, `endpoint`, `response`, `date`) VALUES ('HQTCGF', 'naranjo.manuel@ymail.com', 'deactivatemember', '\"Unable to find user matching email or contract number or otherid\"', '2025-11-14 00:05:06');
INSERT INTO `inactive_history` (`user_id`, `commission_balance`, `amount`, `date`) VALUES ('HQTCGF', '0', '150', '2025-11-14 00:05:06');
INSERT INTO `inactive_point_history` (`user_id`, `point`, `date`) VALUES ('L2MNP5', '0', '2025-11-14 00:05:06');
UPDATE `user_registration` SET `sub_point` = 0, `active_status` = 'no'
WHERE `user_id` = 'L2MNP5';
INSERT INTO `arreva_api_logs` (`user_id`, `email`, `endpoint`, `response`, `date`) VALUES ('L2MNP5', 'caimandelcaribe1964@gmail.com', 'deactivatemember', '\"Unable to find user matching email or contract number or otherid\"', '2025-11-14 00:05:06');
INSERT INTO `inactive_history` (`user_id`, `commission_balance`, `amount`, `date`) VALUES ('L2MNP5', '0', '150', '2025-11-14 00:05:06');
INSERT INTO `inactive_point_history` (`user_id`, `point`, `date`) VALUES ('U7SMZ8', '0', '2025-11-14 00:05:06');
UPDATE `user_registration` SET `sub_point` = 0, `active_status` = 'no'
WHERE `user_id` = 'U7SMZ8';
INSERT INTO `arreva_api_logs` (`user_id`, `email`, `endpoint`, `response`, `date`) VALUES ('U7SMZ8', 'claujor06@hotmail.com', 'deactivatemember', '\"Unable to find user matching email or contract number or otherid\"', '2025-11-14 00:05:06');
INSERT INTO `inactive_history` (`user_id`, `commission_balance`, `amount`, `date`) VALUES ('U7SMZ8', '0', '150', '2025-11-14 00:05:06');
INSERT INTO `inactive_point_history` (`user_id`, `point`, `date`) VALUES ('PUJNHI', '0', '2025-11-14 00:05:06');
UPDATE `user_registration` SET `sub_point` = 0, `active_status` = 'no'
WHERE `user_id` = 'PUJNHI';
INSERT INTO `arreva_api_logs` (`user_id`, `email`, `endpoint`, `response`, `date`) VALUES ('PUJNHI', 'rt.amdream@gmail.com', 'deactivatemember', '\"Unable to find user matching email or contract number or otherid\"', '2025-11-14 00:05:06');
INSERT INTO `inactive_history` (`user_id`, `commission_balance`, `amount`, `date`) VALUES ('PUJNHI', '40', '150', '2025-11-14 00:05:06');
INSERT INTO `inactive_point_history` (`user_id`, `point`, `date`) VALUES ('WC5BL7', '0', '2025-11-14 00:05:06');
UPDATE `user_registration` SET `sub_point` = 0, `active_status` = 'no'
WHERE `user_id` = 'WC5BL7';
INSERT INTO `arreva_api_logs` (`user_id`, `email`, `endpoint`, `response`, `date`) VALUES ('WC5BL7', 'guecab74@gmail.com', 'deactivatemember', '\"Unable to find user matching email or contract number or otherid\"', '2025-11-14 00:05:07');
INSERT INTO `inactive_history` (`user_id`, `commission_balance`, `amount`, `date`) VALUES ('WC5BL7', '0', '50', '2025-11-14 00:05:07');
INSERT INTO `inactive_point_history` (`user_id`, `point`, `date`) VALUES ('W17SG2', '0', '2025-11-14 00:05:07');
UPDATE `user_registration` SET `sub_point` = 0, `active_status` = 'no'
WHERE `user_id` = 'W17SG2';
INSERT INTO `arreva_api_logs` (`user_id`, `email`, `endpoint`, `response`, `date`) VALUES ('W17SG2', 'jnsh44@gmail.com', 'deactivatemember', '\"Unable to find user matching email or contract number or otherid\"', '2025-11-14 00:05:07');
INSERT INTO `inactive_history` (`user_id`, `commission_balance`, `amount`, `date`) VALUES ('W17SG2', '0', '150', '2025-11-14 00:05:07');
INSERT INTO `inactive_point_history` (`user_id`, `point`, `date`) VALUES ('PR92IO', '0', '2025-11-14 00:05:07');
UPDATE `user_registration` SET `sub_point` = 0, `active_status` = 'no'
WHERE `user_id` = 'PR92IO';
INSERT INTO `arreva_api_logs` (`user_id`, `email`, `endpoint`, `response`, `date`) VALUES ('PR92IO', 'onielguerra@yahoo.com', 'deactivatemember', '\"Unable to find user matching email or contract number or otherid\"', '2025-11-14 00:05:07');
INSERT INTO `inactive_history` (`user_id`, `commission_balance`, `amount`, `date`) VALUES ('PR92IO', '0', '50', '2025-11-14 00:05:07');
INSERT INTO `inactive_point_history` (`user_id`, `point`, `date`) VALUES ('UTF7YN', '0', '2025-11-14 00:05:07');
UPDATE `user_registration` SET `sub_point` = 0, `active_status` = 'no'
WHERE `user_id` = 'UTF7YN';
INSERT INTO `arreva_api_logs` (`user_id`, `email`, `endpoint`, `response`, `date`) VALUES ('UTF7YN', 'miguelmartinezzamora89@gmail.com', 'deactivatemember', '\"Unable to find user matching email or contract number or otherid\"', '2025-11-14 00:05:07');
INSERT INTO `inactive_history` (`user_id`, `commission_balance`, `amount`, `date`) VALUES ('UTF7YN', '0', '150', '2025-11-14 00:05:07');
INSERT INTO `inactive_point_history` (`user_id`, `point`, `date`) VALUES ('JIL8K9', '0', '2025-11-14 00:05:07');
UPDATE `user_registration` SET `sub_point` = 0, `active_status` = 'no'
WHERE `user_id` = 'JIL8K9';
INSERT INTO `arreva_api_logs` (`user_id`, `email`, `endpoint`, `response`, `date`) VALUES ('JIL8K9', 'urquia0831@gmail.com', 'deactivatemember', '\"Unable to find user matching email or contract number or otherid\"', '2025-11-14 00:05:08');
INSERT INTO `inactive_history` (`user_id`, `commission_balance`, `amount`, `date`) VALUES ('JIL8K9', '20', '150', '2025-11-14 00:05:08');
INSERT INTO `inactive_point_history` (`user_id`, `point`, `date`) VALUES ('XHO8CJ', '0', '2025-11-14 00:05:08');
UPDATE `user_registration` SET `sub_point` = 0, `active_status` = 'no'
WHERE `user_id` = 'XHO8CJ';
INSERT INTO `arreva_api_logs` (`user_id`, `email`, `endpoint`, `response`, `date`) VALUES ('XHO8CJ', 'arielzomoza@hotmail.com', 'deactivatemember', '\"Unable to find user matching email or contract number or otherid\"', '2025-11-14 00:05:08');
INSERT INTO `inactive_history` (`user_id`, `commission_balance`, `amount`, `date`) VALUES ('XHO8CJ', '0', '150', '2025-11-14 00:05:08');
INSERT INTO `inactive_point_history` (`user_id`, `point`, `date`) VALUES ('L8NRSC', '0', '2025-11-14 00:05:08');
UPDATE `user_registration` SET `sub_point` = 0, `active_status` = 'no'
WHERE `user_id` = 'L8NRSC';
INSERT INTO `arreva_api_logs` (`user_id`, `email`, `endpoint`, `response`, `date`) VALUES ('L8NRSC', 'heviaelina17@gmail.com', 'deactivatemember', '\"Unable to find user matching email or contract number or otherid\"', '2025-11-14 00:05:08');
INSERT INTO `inactive_history` (`user_id`, `commission_balance`, `amount`, `date`) VALUES ('L8NRSC', '50', '150', '2025-11-14 00:05:08');
INSERT INTO `inactive_point_history` (`user_id`, `point`, `date`) VALUES ('6H3N98', '0', '2025-11-14 00:05:08');
UPDATE `user_registration` SET `sub_point` = 0, `active_status` = 'no'
WHERE `user_id` = '6H3N98';
INSERT INTO `arreva_api_logs` (`user_id`, `email`, `endpoint`, `response`, `date`) VALUES ('6H3N98', 'Polanco1961.jmp@gmail.com', 'deactivatemember', '\"Unable to find user matching email or contract number or otherid\"', '2025-11-14 00:05:08');
INSERT INTO `inactive_history` (`user_id`, `commission_balance`, `amount`, `date`) VALUES ('6H3N98', '100', '150', '2025-11-14 00:05:08');
INSERT INTO `inactive_point_history` (`user_id`, `point`, `date`) VALUES ('HP6YP2', '0', '2025-11-14 00:05:08');
UPDATE `user_registration` SET `sub_point` = 0, `active_status` = 'no'
WHERE `user_id` = 'HP6YP2';
INSERT INTO `arreva_api_logs` (`user_id`, `email`, `endpoint`, `response`, `date`) VALUES ('HP6YP2', 'josedavila0923@hotmail.com', 'deactivatemember', '\"Unable to find user matching email or contract number or otherid\"', '2025-11-14 00:05:09');
INSERT INTO `inactive_history` (`user_id`, `commission_balance`, `amount`, `date`) VALUES ('HP6YP2', '50', '150', '2025-11-14 00:05:09');
INSERT INTO `inactive_point_history` (`user_id`, `point`, `date`) VALUES ('8RVNYT', '0', '2025-11-14 00:05:09');
UPDATE `user_registration` SET `sub_point` = 0, `active_status` = 'no'
WHERE `user_id` = '8RVNYT';
INSERT INTO `arreva_api_logs` (`user_id`, `email`, `endpoint`, `response`, `date`) VALUES ('8RVNYT', 'dduany59@gmail.com', 'deactivatemember', '\"Unable to find user matching email or contract number or otherid\"', '2025-11-14 00:05:09');
INSERT INTO `inactive_history` (`user_id`, `commission_balance`, `amount`, `date`) VALUES ('8RVNYT', '0', '150', '2025-11-14 00:05:09');
INSERT INTO `inactive_point_history` (`user_id`, `point`, `date`) VALUES ('K8DXP2', '0', '2025-11-14 00:05:09');
UPDATE `user_registration` SET `sub_point` = 0, `active_status` = 'no'
WHERE `user_id` = 'K8DXP2';
INSERT INTO `arreva_api_logs` (`user_id`, `email`, `endpoint`, `response`, `date`) VALUES ('K8DXP2', 'danieladm02@icloud.com', 'deactivatemember', '\"Unable to find user matching email or contract number or otherid\"', '2025-11-14 00:05:09');
INSERT INTO `inactive_history` (`user_id`, `commission_balance`, `amount`, `date`) VALUES ('K8DXP2', '0', '150', '2025-11-14 00:05:09');
INSERT INTO `inactive_point_history` (`user_id`, `point`, `date`) VALUES ('BD2ZLC', '0', '2025-11-14 00:05:09');
UPDATE `user_registration` SET `sub_point` = 0, `active_status` = 'no'
WHERE `user_id` = 'BD2ZLC';
INSERT INTO `arreva_api_logs` (`user_id`, `email`, `endpoint`, `response`, `date`) VALUES ('BD2ZLC', 'misleydacuba@hotmail.com', 'deactivatemember', '\"Unable to find user matching email or contract number or otherid\"', '2025-11-14 00:05:09');
INSERT INTO `inactive_history` (`user_id`, `commission_balance`, `amount`, `date`) VALUES ('BD2ZLC', '100', '150', '2025-11-14 00:05:09');
INSERT INTO `inactive_point_history` (`user_id`, `point`, `date`) VALUES ('2MBPZI', '0', '2025-11-14 00:05:09');
UPDATE `user_registration` SET `sub_point` = 0, `active_status` = 'no'
WHERE `user_id` = '2MBPZI';
INSERT INTO `arreva_api_logs` (`user_id`, `email`, `endpoint`, `response`, `date`) VALUES ('2MBPZI', 'lamora07@icloud.com', 'deactivatemember', '\"Unable to find user matching email or contract number or otherid\"', '2025-11-14 00:05:10');
INSERT INTO `inactive_history` (`user_id`, `commission_balance`, `amount`, `date`) VALUES ('2MBPZI', '0', '150', '2025-11-14 00:05:10');
INSERT INTO `inactive_point_history` (`user_id`, `point`, `date`) VALUES ('XXI66Z', '0', '2025-11-14 00:05:10');
UPDATE `user_registration` SET `sub_point` = 0, `active_status` = 'no'
WHERE `user_id` = 'XXI66Z';
INSERT INTO `arreva_api_logs` (`user_id`, `email`, `endpoint`, `response`, `date`) VALUES ('XXI66Z', 'nora.cuenca722@gmail.com', 'deactivatemember', '\"Unable to find user matching email or contract number or otherid\"', '2025-11-14 00:05:10');
INSERT INTO `inactive_history` (`user_id`, `commission_balance`, `amount`, `date`) VALUES ('XXI66Z', '0', '150', '2025-11-14 00:05:10');
INSERT INTO `inactive_point_history` (`user_id`, `point`, `date`) VALUES ('Q82ZV9', '0', '2025-11-14 00:05:10');
UPDATE `user_registration` SET `sub_point` = 0, `active_status` = 'no'
WHERE `user_id` = 'Q82ZV9';
INSERT INTO `arreva_api_logs` (`user_id`, `email`, `endpoint`, `response`, `date`) VALUES ('Q82ZV9', 'Jcab777@hotmail.com', 'deactivatemember', '\"Unable to find user matching email or contract number or otherid\"', '2025-11-14 00:05:10');
INSERT INTO `inactive_history` (`user_id`, `commission_balance`, `amount`, `date`) VALUES ('Q82ZV9', '20', '50', '2025-11-14 00:05:10');
INSERT INTO `inactive_point_history` (`user_id`, `point`, `date`) VALUES ('IWTOLP', '0', '2025-11-14 00:05:10');
UPDATE `user_registration` SET `sub_point` = 0, `active_status` = 'no'
WHERE `user_id` = 'IWTOLP';
INSERT INTO `arreva_api_logs` (`user_id`, `email`, `endpoint`, `response`, `date`) VALUES ('IWTOLP', 'Hectorvaldes84@gmail.com', 'deactivatemember', '\"Unable to find user matching email or contract number or otherid\"', '2025-11-14 00:05:10');
INSERT INTO `inactive_history` (`user_id`, `commission_balance`, `amount`, `date`) VALUES ('IWTOLP', '0', '50', '2025-11-14 00:05:10');
INSERT INTO `inactive_point_history` (`user_id`, `point`, `date`) VALUES ('9QPRWH', '0', '2025-11-14 00:05:10');
UPDATE `user_registration` SET `sub_point` = 0, `active_status` = 'no'
WHERE `user_id` = '9QPRWH';
INSERT INTO `arreva_api_logs` (`user_id`, `email`, `endpoint`, `response`, `date`) VALUES ('9QPRWH', 'danny.ortiz93@yahoo.com', 'deactivatemember', '\"Unable to find user matching email or contract number or otherid\"', '2025-11-14 00:05:11');
INSERT INTO `inactive_history` (`user_id`, `commission_balance`, `amount`, `date`) VALUES ('9QPRWH', '0', '150', '2025-11-14 00:05:11');
INSERT INTO `inactive_point_history` (`user_id`, `point`, `date`) VALUES ('LBY7TN', '0', '2025-11-14 00:05:11');
UPDATE `user_registration` SET `sub_point` = 0, `active_status` = 'no'
WHERE `user_id` = 'LBY7TN';
INSERT INTO `arreva_api_logs` (`user_id`, `email`, `endpoint`, `response`, `date`) VALUES ('LBY7TN', 'realtororlando1@gmail.com', 'deactivatemember', '\"Unable to find user matching email or contract number or otherid\"', '2025-11-14 00:05:11');
INSERT INTO `inactive_history` (`user_id`, `commission_balance`, `amount`, `date`) VALUES ('LBY7TN', '0', '150', '2025-11-14 00:05:11');
INSERT INTO `inactive_point_history` (`user_id`, `point`, `date`) VALUES ('WDEXJT', '0', '2025-11-14 00:05:11');
UPDATE `user_registration` SET `sub_point` = 0, `active_status` = 'no'
WHERE `user_id` = 'WDEXJT';
INSERT INTO `arreva_api_logs` (`user_id`, `email`, `endpoint`, `response`, `date`) VALUES ('WDEXJT', 'randol1976@gmail.com', 'deactivatemember', '\"Unable to find user matching email or contract number or otherid\"', '2025-11-14 00:05:11');
INSERT INTO `inactive_history` (`user_id`, `commission_balance`, `amount`, `date`) VALUES ('WDEXJT', '0', '150', '2025-11-14 00:05:11');
INSERT INTO `inactive_point_history` (`user_id`, `point`, `date`) VALUES ('78UOV5', '0', '2025-11-14 00:05:11');
UPDATE `user_registration` SET `sub_point` = 0, `active_status` = 'no'
WHERE `user_id` = '78UOV5';
INSERT INTO `arreva_api_logs` (`user_id`, `email`, `endpoint`, `response`, `date`) VALUES ('78UOV5', 'Marvincano2006@hotmail.com', 'deactivatemember', '\"Unable to find user matching email or contract number or otherid\"', '2025-11-14 00:05:11');
INSERT INTO `inactive_history` (`user_id`, `commission_balance`, `amount`, `date`) VALUES ('78UOV5', '0', '50', '2025-11-14 00:05:11');
INSERT INTO `inactive_point_history` (`user_id`, `point`, `date`) VALUES ('8D7CNL', '0', '2025-11-14 00:05:11');
UPDATE `user_registration` SET `sub_point` = 0, `active_status` = 'no'
WHERE `user_id` = '8D7CNL';
INSERT INTO `arreva_api_logs` (`user_id`, `email`, `endpoint`, `response`, `date`) VALUES ('8D7CNL', 'ulambert45@gmail.com', 'deactivatemember', '\"Unable to find user matching email or contract number or otherid\"', '2025-11-14 00:05:11');
INSERT INTO `inactive_history` (`user_id`, `commission_balance`, `amount`, `date`) VALUES ('8D7CNL', '100', '150', '2025-11-14 00:05:11');
INSERT INTO `inactive_point_history` (`user_id`, `point`, `date`) VALUES ('UJXP99', '0', '2025-11-14 00:05:11');
UPDATE `user_registration` SET `sub_point` = 0, `active_status` = 'no'
WHERE `user_id` = 'UJXP99';
INSERT INTO `arreva_api_logs` (`user_id`, `email`, `endpoint`, `response`, `date`) VALUES ('UJXP99', 'aldocamporota@yahoo.com', 'deactivatemember', '\"Unable to find user matching email or contract number or otherid\"', '2025-11-14 00:05:12');
INSERT INTO `inactive_history` (`user_id`, `commission_balance`, `amount`, `date`) VALUES ('UJXP99', '0', '50', '2025-11-14 00:05:12');
INSERT INTO `inactive_point_history` (`user_id`, `point`, `date`) VALUES ('L268VW', '0', '2025-11-14 00:05:12');
UPDATE `user_registration` SET `sub_point` = 0, `active_status` = 'no'
WHERE `user_id` = 'L268VW';
INSERT INTO `arreva_api_logs` (`user_id`, `email`, `endpoint`, `response`, `date`) VALUES ('L268VW', 'omy2228@gmail.com', 'deactivatemember', '\"Unable to find user matching email or contract number or otherid\"', '2025-11-14 00:05:12');
INSERT INTO `inactive_history` (`user_id`, `commission_balance`, `amount`, `date`) VALUES ('L268VW', '0', '50', '2025-11-14 00:05:12');
INSERT INTO `inactive_point_history` (`user_id`, `point`, `date`) VALUES ('UVJ6L9', '0', '2025-11-14 00:05:12');
UPDATE `user_registration` SET `sub_point` = 0, `active_status` = 'no'
WHERE `user_id` = 'UVJ6L9';
INSERT INTO `arreva_api_logs` (`user_id`, `email`, `endpoint`, `response`, `date`) VALUES ('UVJ6L9', 'nrproducts20+1@gmail.com', 'deactivatemember', '\"Unable to find user matching email or contract number or otherid\"', '2025-11-14 00:05:12');
INSERT INTO `inactive_history` (`user_id`, `commission_balance`, `amount`, `date`) VALUES ('UVJ6L9', '0', '50', '2025-11-14 00:05:12');
INSERT INTO `inactive_point_history` (`user_id`, `point`, `date`) VALUES ('T2U73Q', '0', '2025-11-14 00:05:12');
UPDATE `user_registration` SET `sub_point` = 0, `active_status` = 'no'
WHERE `user_id` = 'T2U73Q';
INSERT INTO `arreva_api_logs` (`user_id`, `email`, `endpoint`, `response`, `date`) VALUES ('T2U73Q', 'aidacano1694@gmail.com', 'deactivatemember', '\"Unable to find user matching email or contract number or otherid\"', '2025-11-14 00:05:13');
INSERT INTO `inactive_history` (`user_id`, `commission_balance`, `amount`, `date`) VALUES ('T2U73Q', '0', '50', '2025-11-14 00:05:13');
INSERT INTO `inactive_point_history` (`user_id`, `point`, `date`) VALUES ('ULHSH2', '0', '2025-11-14 00:05:13');
UPDATE `user_registration` SET `sub_point` = 0, `active_status` = 'no'
WHERE `user_id` = 'ULHSH2';
INSERT INTO `arreva_api_logs` (`user_id`, `email`, `endpoint`, `response`, `date`) VALUES ('ULHSH2', 'asny_melody11@hotmail.com', 'deactivatemember', '\"Unable to find user matching email or contract number or otherid\"', '2025-11-14 00:05:13');
INSERT INTO `inactive_history` (`user_id`, `commission_balance`, `amount`, `date`) VALUES ('ULHSH2', '0', '150', '2025-11-14 00:05:13');
INSERT INTO `inactive_point_history` (`user_id`, `point`, `date`) VALUES ('H1XYDK', '0', '2025-11-14 00:05:13');
UPDATE `user_registration` SET `sub_point` = 0, `active_status` = 'no'
WHERE `user_id` = 'H1XYDK';
INSERT INTO `arreva_api_logs` (`user_id`, `email`, `endpoint`, `response`, `date`) VALUES ('H1XYDK', 'bingostarsforever@gmail.com', 'deactivatemember', '\"Unable to find user matching email or contract number or otherid\"', '2025-11-14 00:05:13');
INSERT INTO `inactive_history` (`user_id`, `commission_balance`, `amount`, `date`) VALUES ('H1XYDK', '0', '50', '2025-11-14 00:05:13');
INSERT INTO `inactive_point_history` (`user_id`, `point`, `date`) VALUES ('3UFB1M', '0', '2025-11-14 00:05:13');
UPDATE `user_registration` SET `sub_point` = 0, `active_status` = 'no'
WHERE `user_id` = '3UFB1M';
INSERT INTO `arreva_api_logs` (`user_id`, `email`, `endpoint`, `response`, `date`) VALUES ('3UFB1M', 'mariodiamantes2014@gmail.com', 'deactivatemember', '\"Unable to find user matching email or contract number or otherid\"', '2025-11-14 00:05:13');
INSERT INTO `inactive_history` (`user_id`, `commission_balance`, `amount`, `date`) VALUES ('3UFB1M', '100', '150', '2025-11-14 00:05:13');
INSERT INTO `inactive_point_history` (`user_id`, `point`, `date`) VALUES ('72W7M6', '0', '2025-11-14 00:05:13');
UPDATE `user_registration` SET `sub_point` = 0, `active_status` = 'no'
WHERE `user_id` = '72W7M6';
INSERT INTO `arreva_api_logs` (`user_id`, `email`, `endpoint`, `response`, `date`) VALUES ('72W7M6', 'finanzasyprosperidad777@gmail.com', 'deactivatemember', '\"Unable to find user matching email or contract number or otherid\"', '2025-11-14 00:05:14');
INSERT INTO `inactive_history` (`user_id`, `commission_balance`, `amount`, `date`) VALUES ('72W7M6', '0', '50', '2025-11-14 00:05:14');
INSERT INTO `inactive_point_history` (`user_id`, `point`, `date`) VALUES ('8PK4HK', '0', '2025-11-14 00:05:14');
UPDATE `user_registration` SET `sub_point` = 0, `active_status` = 'no'
WHERE `user_id` = '8PK4HK';
INSERT INTO `arreva_api_logs` (`user_id`, `email`, `endpoint`, `response`, `date`) VALUES ('8PK4HK', 'romandebora44@gmail.com', 'deactivatemember', '\"Unable to find user matching email or contract number or otherid\"', '2025-11-14 00:05:14');
INSERT INTO `inactive_history` (`user_id`, `commission_balance`, `amount`, `date`) VALUES ('8PK4HK', '0', '150', '2025-11-14 00:05:14');
INSERT INTO `inactive_point_history` (`user_id`, `point`, `date`) VALUES ('LEOFNI', '0', '2025-11-14 00:05:14');
UPDATE `user_registration` SET `sub_point` = 0, `active_status` = 'no'
WHERE `user_id` = 'LEOFNI';
INSERT INTO `arreva_api_logs` (`user_id`, `email`, `endpoint`, `response`, `date`) VALUES ('LEOFNI', 'nrproducts20+2@gmail.com', 'deactivatemember', '\"Unable to find user matching email or contract number or otherid\"', '2025-11-14 00:05:14');
INSERT INTO `inactive_history` (`user_id`, `commission_balance`, `amount`, `date`) VALUES ('LEOFNI', '0', '150', '2025-11-14 00:05:14');
INSERT INTO `inactive_point_history` (`user_id`, `point`, `date`) VALUES ('75X85X', '0', '2025-11-14 00:05:14');
UPDATE `user_registration` SET `sub_point` = 0, `active_status` = 'no'
WHERE `user_id` = '75X85X';
INSERT INTO `arreva_api_logs` (`user_id`, `email`, `endpoint`, `response`, `date`) VALUES ('75X85X', 'nrproducts20+3@gmail.com', 'deactivatemember', '\"Unable to find user matching email or contract number or otherid\"', '2025-11-14 00:05:14');
INSERT INTO `inactive_history` (`user_id`, `commission_balance`, `amount`, `date`) VALUES ('75X85X', '0', '50', '2025-11-14 00:05:14');
INSERT INTO `inactive_point_history` (`user_id`, `point`, `date`) VALUES ('UC1QRN', '0', '2025-11-14 00:05:14');
UPDATE `user_registration` SET `sub_point` = 0, `active_status` = 'no'
WHERE `user_id` = 'UC1QRN';
INSERT INTO `arreva_api_logs` (`user_id`, `email`, `endpoint`, `response`, `date`) VALUES ('UC1QRN', 'orelfernandezg@gmail.com', 'deactivatemember', '\"Unable to find user matching email or contract number or otherid\"', '2025-11-14 00:05:15');
INSERT INTO `inactive_history` (`user_id`, `commission_balance`, `amount`, `date`) VALUES ('UC1QRN', '0', '150', '2025-11-14 00:05:15');
INSERT INTO `inactive_point_history` (`user_id`, `point`, `date`) VALUES ('7YU16B', '0', '2025-11-14 00:05:15');
UPDATE `user_registration` SET `sub_point` = 0, `active_status` = 'no'
WHERE `user_id` = '7YU16B';
INSERT INTO `arreva_api_logs` (`user_id`, `email`, `endpoint`, `response`, `date`) VALUES ('7YU16B', 'glefran@gmail.com', 'deactivatemember', '\"Unable to find user matching email or contract number or otherid\"', '2025-11-14 00:05:15');
INSERT INTO `inactive_history` (`user_id`, `commission_balance`, `amount`, `date`) VALUES ('7YU16B', '0', '50', '2025-11-14 00:05:15');
INSERT INTO `inactive_point_history` (`user_id`, `point`, `date`) VALUES ('OEM6F6', '0', '2025-11-14 00:05:15');
UPDATE `user_registration` SET `sub_point` = 0, `active_status` = 'no'
WHERE `user_id` = 'OEM6F6';
INSERT INTO `arreva_api_logs` (`user_id`, `email`, `endpoint`, `response`, `date`) VALUES ('OEM6F6', 'oceci.nieves@gmail.com', 'deactivatemember', '\"Unable to find user matching email or contract number or otherid\"', '2025-11-14 00:05:15');
INSERT INTO `inactive_history` (`user_id`, `commission_balance`, `amount`, `date`) VALUES ('OEM6F6', '0', '50', '2025-11-14 00:05:15');
INSERT INTO `inactive_point_history` (`user_id`, `point`, `date`) VALUES ('TU7MHD', '0', '2025-11-14 00:05:15');
UPDATE `user_registration` SET `sub_point` = 0, `active_status` = 'no'
WHERE `user_id` = 'TU7MHD';
INSERT INTO `arreva_api_logs` (`user_id`, `email`, `endpoint`, `response`, `date`) VALUES ('TU7MHD', 'betgarc42@gmaill.com', 'deactivatemember', '\"Unable to find user matching email or contract number or otherid\"', '2025-11-14 00:05:15');
INSERT INTO `inactive_history` (`user_id`, `commission_balance`, `amount`, `date`) VALUES ('TU7MHD', '100', '150', '2025-11-14 00:05:15');
INSERT INTO `inactive_point_history` (`user_id`, `point`, `date`) VALUES ('7BQJK5', '0', '2025-11-14 00:05:15');
UPDATE `user_registration` SET `sub_point` = 0, `active_status` = 'no'
WHERE `user_id` = '7BQJK5';
INSERT INTO `arreva_api_logs` (`user_id`, `email`, `endpoint`, `response`, `date`) VALUES ('7BQJK5', 'YPENABAD@HOTMAIL.COM', 'deactivatemember', '\"Unable to find user matching email or contract number or otherid\"', '2025-11-14 00:05:16');
INSERT INTO `inactive_history` (`user_id`, `commission_balance`, `amount`, `date`) VALUES ('7BQJK5', '20', '150', '2025-11-14 00:05:16');
INSERT INTO `inactive_point_history` (`user_id`, `point`, `date`) VALUES ('XMN3MK', '0', '2025-11-14 00:05:16');
UPDATE `user_registration` SET `sub_point` = 0, `active_status` = 'no'
WHERE `user_id` = 'XMN3MK';
INSERT INTO `arreva_api_logs` (`user_id`, `email`, `endpoint`, `response`, `date`) VALUES ('XMN3MK', 'narotnebur324058@gmail.com', 'deactivatemember', '\"Unable to find user matching email or contract number or otherid\"', '2025-11-14 00:05:16');
INSERT INTO `inactive_history` (`user_id`, `commission_balance`, `amount`, `date`) VALUES ('XMN3MK', '0', '150', '2025-11-14 00:05:16');
INSERT INTO `inactive_point_history` (`user_id`, `point`, `date`) VALUES ('7SMFPM', '0', '2025-11-14 00:05:16');
UPDATE `user_registration` SET `sub_point` = 0, `active_status` = 'no'
WHERE `user_id` = '7SMFPM';
INSERT INTO `arreva_api_logs` (`user_id`, `email`, `endpoint`, `response`, `date`) VALUES ('7SMFPM', 'volcanu2080@gmail.com', 'deactivatemember', '\"Unable to find user matching email or contract number or otherid\"', '2025-11-14 00:05:16');
INSERT INTO `inactive_history` (`user_id`, `commission_balance`, `amount`, `date`) VALUES ('7SMFPM', '0', '50', '2025-11-14 00:05:16');
INSERT INTO `inactive_point_history` (`user_id`, `point`, `date`) VALUES ('WS9KK9', '0', '2025-11-14 00:05:16');
UPDATE `user_registration` SET `sub_point` = 0, `active_status` = 'no'
WHERE `user_id` = 'WS9KK9';
INSERT INTO `arreva_api_logs` (`user_id`, `email`, `endpoint`, `response`, `date`) VALUES ('WS9KK9', 'aller.r@hotmail.com', 'deactivatemember', '\"Unable to find user matching email or contract number or otherid\"', '2025-11-14 00:05:17');
INSERT INTO `inactive_history` (`user_id`, `commission_balance`, `amount`, `date`) VALUES ('WS9KK9', '0', '150', '2025-11-14 00:05:17');
INSERT INTO `inactive_point_history` (`user_id`, `point`, `date`) VALUES ('BJFCEM', '0', '2025-11-14 00:05:17');
UPDATE `user_registration` SET `sub_point` = 0, `active_status` = 'no'
WHERE `user_id` = 'BJFCEM';
INSERT INTO `arreva_api_logs` (`user_id`, `email`, `endpoint`, `response`, `date`) VALUES ('BJFCEM', 'moneysavetoday@gmail.com', 'deactivatemember', '\"Unable to find user matching email or contract number or otherid\"', '2025-11-14 00:05:17');
INSERT INTO `inactive_history` (`user_id`, `commission_balance`, `amount`, `date`) VALUES ('BJFCEM', '0', '50', '2025-11-14 00:05:17');
INSERT INTO `inactive_point_history` (`user_id`, `point`, `date`) VALUES ('9EDD8W', '0', '2025-11-14 00:05:17');
UPDATE `user_registration` SET `sub_point` = 0, `active_status` = 'no'
WHERE `user_id` = '9EDD8W';
INSERT INTO `arreva_api_logs` (`user_id`, `email`, `endpoint`, `response`, `date`) VALUES ('9EDD8W', 'fabrehands@gmail.com', 'deactivatemember', '\"Unable to find user matching email or contract number or otherid\"', '2025-11-14 00:05:17');
INSERT INTO `inactive_history` (`user_id`, `commission_balance`, `amount`, `date`) VALUES ('9EDD8W', '0', '50', '2025-11-14 00:05:17');
INSERT INTO `inactive_point_history` (`user_id`, `point`, `date`) VALUES ('TOTNOR', '0', '2025-11-14 00:05:17');
UPDATE `user_registration` SET `sub_point` = 0, `active_status` = 'no'
WHERE `user_id` = 'TOTNOR';
INSERT INTO `arreva_api_logs` (`user_id`, `email`, `endpoint`, `response`, `date`) VALUES ('TOTNOR', 'triptripclub@gmail.com', 'deactivatemember', '\"Unable to find user matching email or contract number or otherid\"', '2025-11-14 00:05:17');
INSERT INTO `inactive_history` (`user_id`, `commission_balance`, `amount`, `date`) VALUES ('TOTNOR', '0', '50', '2025-11-14 00:05:17');
INSERT INTO `inactive_point_history` (`user_id`, `point`, `date`) VALUES ('M2XFK7', '0', '2025-11-14 00:05:17');
UPDATE `user_registration` SET `sub_point` = 0, `active_status` = 'no'
WHERE `user_id` = 'M2XFK7';
INSERT INTO `arreva_api_logs` (`user_id`, `email`, `endpoint`, `response`, `date`) VALUES ('M2XFK7', 'omartoranzo24@gmail.com', 'deactivatemember', '\"Unable to find user matching email or contract number or otherid\"', '2025-11-14 00:05:17');
INSERT INTO `inactive_history` (`user_id`, `commission_balance`, `amount`, `date`) VALUES ('M2XFK7', '0', '150', '2025-11-14 00:05:17');
INSERT INTO `inactive_point_history` (`user_id`, `point`, `date`) VALUES ('82W7DS', '0', '2025-11-14 00:05:17');
UPDATE `user_registration` SET `sub_point` = 0, `active_status` = 'no'
WHERE `user_id` = '82W7DS';
INSERT INTO `arreva_api_logs` (`user_id`, `email`, `endpoint`, `response`, `date`) VALUES ('82W7DS', 'ernestop148@gmail.com', 'deactivatemember', '\"Unable to find user matching email or contract number or otherid\"', '2025-11-14 00:05:18');
INSERT INTO `inactive_history` (`user_id`, `commission_balance`, `amount`, `date`) VALUES ('82W7DS', '0', '50', '2025-11-14 00:05:18');
INSERT INTO `inactive_point_history` (`user_id`, `point`, `date`) VALUES ('9T4ALJ', '0', '2025-11-14 00:05:18');
UPDATE `user_registration` SET `sub_point` = 0, `active_status` = 'no'
WHERE `user_id` = '9T4ALJ';
INSERT INTO `arreva_api_logs` (`user_id`, `email`, `endpoint`, `response`, `date`) VALUES ('9T4ALJ', 'terina.quinones@gmail.com', 'deactivatemember', '\"Unable to find user matching email or contract number or otherid\"', '2025-11-14 00:05:18');
INSERT INTO `inactive_history` (`user_id`, `commission_balance`, `amount`, `date`) VALUES ('9T4ALJ', '0', '150', '2025-11-14 00:05:18');
INSERT INTO `inactive_point_history` (`user_id`, `point`, `date`) VALUES ('648GBY', '0', '2025-11-14 00:05:18');
UPDATE `user_registration` SET `sub_point` = 0, `active_status` = 'no'
WHERE `user_id` = '648GBY';
INSERT INTO `arreva_api_logs` (`user_id`, `email`, `endpoint`, `response`, `date`) VALUES ('648GBY', 'shaniarodri888@gmail.com', 'deactivatemember', '\"Unable to find user matching email or contract number or otherid\"', '2025-11-14 00:05:18');
INSERT INTO `inactive_history` (`user_id`, `commission_balance`, `amount`, `date`) VALUES ('648GBY', '20', '50', '2025-11-14 00:05:18');
INSERT INTO `inactive_point_history` (`user_id`, `point`, `date`) VALUES ('X5T3ZT', '0', '2025-11-14 00:05:18');
UPDATE `user_registration` SET `sub_point` = 0, `active_status` = 'no'
WHERE `user_id` = 'X5T3ZT';
INSERT INTO `arreva_api_logs` (`user_id`, `email`, `endpoint`, `response`, `date`) VALUES ('X5T3ZT', 'joseantonio112759@gmail.com', 'deactivatemember', '\"Unable to find user matching email or contract number or otherid\"', '2025-11-14 00:05:18');
INSERT INTO `inactive_history` (`user_id`, `commission_balance`, `amount`, `date`) VALUES ('X5T3ZT', '0', '150', '2025-11-14 00:05:18');
INSERT INTO `inactive_point_history` (`user_id`, `point`, `date`) VALUES ('PXHCYN', '0', '2025-11-14 00:05:18');
UPDATE `user_registration` SET `sub_point` = 0, `active_status` = 'no'
WHERE `user_id` = 'PXHCYN';
INSERT INTO `arreva_api_logs` (`user_id`, `email`, `endpoint`, `response`, `date`) VALUES ('PXHCYN', 'heribertoortega68@yahoo.com', 'deactivatemember', '\"Unable to find user matching email or contract number or otherid\"', '2025-11-14 00:05:19');
INSERT INTO `inactive_history` (`user_id`, `commission_balance`, `amount`, `date`) VALUES ('PXHCYN', '0', '150', '2025-11-14 00:05:19');
INSERT INTO `inactive_point_history` (`user_id`, `point`, `date`) VALUES ('1GNDEQ', '0', '2025-11-14 00:05:19');
UPDATE `user_registration` SET `sub_point` = 0, `active_status` = 'no'
WHERE `user_id` = '1GNDEQ';
INSERT INTO `arreva_api_logs` (`user_id`, `email`, `endpoint`, `response`, `date`) VALUES ('1GNDEQ', 'Bettylaracormier@gmail.com', 'deactivatemember', '\"Unable to find user matching email or contract number or otherid\"', '2025-11-14 00:05:19');
INSERT INTO `inactive_history` (`user_id`, `commission_balance`, `amount`, `date`) VALUES ('1GNDEQ', '50', '150', '2025-11-14 00:05:19');
INSERT INTO `inactive_point_history` (`user_id`, `point`, `date`) VALUES ('4PJDWH', '0', '2025-11-14 00:05:19');
UPDATE `user_registration` SET `sub_point` = 0, `active_status` = 'no'
WHERE `user_id` = '4PJDWH';
INSERT INTO `arreva_api_logs` (`user_id`, `email`, `endpoint`, `response`, `date`) VALUES ('4PJDWH', 'dayceesaldana169@gmail.com', 'deactivatemember', '\"Unable to find user matching email or contract number or otherid\"', '2025-11-14 00:05:19');
INSERT INTO `inactive_history` (`user_id`, `commission_balance`, `amount`, `date`) VALUES ('4PJDWH', '0', '150', '2025-11-14 00:05:19');
INSERT INTO `inactive_point_history` (`user_id`, `point`, `date`) VALUES ('G3WYIA', '0', '2025-11-14 00:05:19');
UPDATE `user_registration` SET `sub_point` = 0, `active_status` = 'no'
WHERE `user_id` = 'G3WYIA';
INSERT INTO `arreva_api_logs` (`user_id`, `email`, `endpoint`, `response`, `date`) VALUES ('G3WYIA', 'Cmorgansanchez@yahoo.com', 'deactivatemember', '\"Unable to find user matching email or contract number or otherid\"', '2025-11-14 00:05:19');
INSERT INTO `inactive_history` (`user_id`, `commission_balance`, `amount`, `date`) VALUES ('G3WYIA', '0', '150', '2025-11-14 00:05:19');
INSERT INTO `inactive_point_history` (`user_id`, `point`, `date`) VALUES ('VZYEPG', '0', '2025-11-14 00:05:19');
UPDATE `user_registration` SET `sub_point` = 0, `active_status` = 'no'
WHERE `user_id` = 'VZYEPG';
INSERT INTO `arreva_api_logs` (`user_id`, `email`, `endpoint`, `response`, `date`) VALUES ('VZYEPG', 'a.ramos9321@icloud.com', 'deactivatemember', '\"Unable to find user matching email or contract number or otherid\"', '2025-11-14 00:05:20');
INSERT INTO `inactive_history` (`user_id`, `commission_balance`, `amount`, `date`) VALUES ('VZYEPG', '0', '150', '2025-11-14 00:05:20');
INSERT INTO `inactive_point_history` (`user_id`, `point`, `date`) VALUES ('TB42PA', '0', '2025-11-14 00:05:20');
UPDATE `user_registration` SET `sub_point` = 0, `active_status` = 'no'
WHERE `user_id` = 'TB42PA';
INSERT INTO `arreva_api_logs` (`user_id`, `email`, `endpoint`, `response`, `date`) VALUES ('TB42PA', 'betsycf@msn.com', 'deactivatemember', '\"Unable to find user matching email or contract number or otherid\"', '2025-11-14 00:05:20');
INSERT INTO `inactive_history` (`user_id`, `commission_balance`, `amount`, `date`) VALUES ('TB42PA', '0', '150', '2025-11-14 00:05:20');
UPDATE `user_registration` SET commission_balance = ROUND(commission_balance - 150,2)
WHERE `user_id` = 'GT96FN';
INSERT INTO `sub_history` (`user_id`, `package_id`, `amount`, `payment_method`, `date`) VALUES ('GT96FN', '2', '150', 'Ewallet', '2025-11-14 00:05:20');
UPDATE `user_registration` SET sub_point = ROUND(sub_point + 150,2)
WHERE `user_id` = 'GT96FN';
INSERT INTO `investment` (`invest_date`, `user_id`, `type`, `amount`, `package_id`) VALUES ('2025-11-14 00:05:20', 'GT96FN', 'subscription', '150', '2');
INSERT INTO `earnings` (`user_id`, `Purchaser_id`, `earning_type`, `package_id`, `amount`, `date`, `comments`, `invest_amount`, `comm_perc`, `level`, `rank_id`, `order_id`) VALUES ('181RLJ', 'GT96FN', 'Subscription Referral Bonus', '2', '37.5', '2025-11-14 00:05:20', 'Subscription Referral Bonus', 0, 0, 1, '', 1220);
UPDATE `user_registration` SET commission_balance = ROUND(commission_balance + 37.5,2)
WHERE `user_id` = '181RLJ';
UPDATE `user_registration` SET total_points = ROUND(total_points + 150,2)
WHERE `user_id` = 'GT96FN';
INSERT INTO `points_history` (`user_id`, `points`, `type`, `date`) VALUES ('GT96FN', '150', 'subscription', '2025-11-14 00:05:');
UPDATE `bv_updation` SET left_carry = left_carry+150, total_left = total_left+150
WHERE `user_id` = '181RLJ';
INSERT INTO `placement_bv_update_history` (`left_carry`, `date`, `from_id`, `user_id`) VALUES ('150', '2025-11-14 00:05:20', 'GT96FN', '181RLJ');
UPDATE `bv_updation` SET sponsor_left_carry = sponsor_left_carry+150, sponsor_total_left = sponsor_total_left+150
WHERE `user_id` = '181RLJ';
INSERT INTO `sponsor_bv_update_history` (`left_carry`, `date`, `user_id`) VALUES ('150', '2025-11-14 00:05:20', '181RLJ');
UPDATE `bv_updation` SET left_carry = left_carry+150, total_left = total_left+150
WHERE `user_id` = 'BUWYXW';
INSERT INTO `placement_bv_update_history` (`left_carry`, `date`, `from_id`, `user_id`) VALUES ('150', '2025-11-14 00:05:20', 'GT96FN', 'BUWYXW');
UPDATE `user_registration` SET `cycle_rank_id` = '1'
WHERE `user_id` = 'BUWYXW';
INSERT INTO `rank_history` (`rank_id`, `user_id`, `name`, `bv`, `date`, `amount`, `type`) VALUES ('1', 'BUWYXW', 'Affiliate', '0', '2025-11-14 00:05:20', '0', 'auto');
UPDATE `bv_updation` SET right_carry = right_carry+150, total_right = total_right+150
WHERE `user_id` = 'UXMQZD';
INSERT INTO `placement_bv_update_history` (`right_carry`, `date`, `from_id`, `user_id`) VALUES ('150', '2025-11-14 00:05:20', 'GT96FN', 'UXMQZD');
UPDATE `user_registration` SET `cycle_rank_id` = '1'
WHERE `user_id` = 'UXMQZD';
INSERT INTO `rank_history` (`rank_id`, `user_id`, `name`, `bv`, `date`, `amount`, `type`) VALUES ('1', 'UXMQZD', 'Affiliate', '0', '2025-11-14 00:05:20', '0', 'auto');
UPDATE `bv_updation` SET right_carry = right_carry+150, total_right = total_right+150
WHERE `user_id` = 'O94ZPY';
INSERT INTO `placement_bv_update_history` (`right_carry`, `date`, `from_id`, `user_id`) VALUES ('150', '2025-11-14 00:05:20', 'GT96FN', 'O94ZPY');
UPDATE `user_registration` SET `cycle_rank_id` = '1'
WHERE `user_id` = 'O94ZPY';
INSERT INTO `rank_history` (`rank_id`, `user_id`, `name`, `bv`, `date`, `amount`, `type`) VALUES ('1', 'O94ZPY', 'Affiliate', '0', '2025-11-14 00:05:20', '0', 'auto');
UPDATE `bv_updation` SET right_carry = right_carry+150, total_right = total_right+150
WHERE `user_id` = 'JHRDHS';
INSERT INTO `placement_bv_update_history` (`right_carry`, `date`, `from_id`, `user_id`) VALUES ('150', '2025-11-14 00:05:20', 'GT96FN', 'JHRDHS');
UPDATE `user_registration` SET `cycle_rank_id` = '2'
WHERE `user_id` = 'JHRDHS';
INSERT INTO `rank_history` (`rank_id`, `user_id`, `name`, `bv`, `date`, `amount`, `type`) VALUES ('2', 'JHRDHS', 'Associate', '1200', '2025-11-14 00:05:20', '100', 'auto');
UPDATE `bv_updation` SET right_carry = right_carry+150, total_right = total_right+150
WHERE `user_id` = 'CVVK4C';
INSERT INTO `placement_bv_update_history` (`right_carry`, `date`, `from_id`, `user_id`) VALUES ('150', '2025-11-14 00:05:20', 'GT96FN', 'CVVK4C');
UPDATE `user_registration` SET `cycle_rank_id` = '1'
WHERE `user_id` = 'CVVK4C';
INSERT INTO `rank_history` (`rank_id`, `user_id`, `name`, `bv`, `date`, `amount`, `type`) VALUES ('1', 'CVVK4C', 'Affiliate', '0', '2025-11-14 00:05:20', '0', 'auto');
UPDATE `bv_updation` SET left_carry = left_carry+150, total_left = total_left+150
WHERE `user_id` = 'K55EDD';
INSERT INTO `placement_bv_update_history` (`left_carry`, `date`, `from_id`, `user_id`) VALUES ('150', '2025-11-14 00:05:20', 'GT96FN', 'K55EDD');
UPDATE `user_registration` SET `cycle_rank_id` = '1'
WHERE `user_id` = 'K55EDD';
INSERT INTO `rank_history` (`rank_id`, `user_id`, `name`, `bv`, `date`, `amount`, `type`) VALUES ('1', 'K55EDD', 'Affiliate', '0', '2025-11-14 00:05:20', '0', 'auto');
UPDATE `bv_updation` SET left_carry = left_carry+150, total_left = total_left+150
WHERE `user_id` = 'UQO7EQ';
INSERT INTO `placement_bv_update_history` (`left_carry`, `date`, `from_id`, `user_id`) VALUES ('150', '2025-11-14 00:05:20', 'GT96FN', 'UQO7EQ');
UPDATE `user_registration` SET `cycle_rank_id` = '1'
WHERE `user_id` = 'UQO7EQ';
INSERT INTO `rank_history` (`rank_id`, `user_id`, `name`, `bv`, `date`, `amount`, `type`) VALUES ('1', 'UQO7EQ', 'Affiliate', '0', '2025-11-14 00:05:20', '0', 'auto');
UPDATE `bv_updation` SET left_carry = left_carry+150, total_left = total_left+150
WHERE `user_id` = 'N6GZAE';
INSERT INTO `placement_bv_update_history` (`left_carry`, `date`, `from_id`, `user_id`) VALUES ('150', '2025-11-14 00:05:20', 'GT96FN', 'N6GZAE');
UPDATE `user_registration` SET `cycle_rank_id` = '1'
WHERE `user_id` = 'N6GZAE';
INSERT INTO `rank_history` (`rank_id`, `user_id`, `name`, `bv`, `date`, `amount`, `type`) VALUES ('1', 'N6GZAE', 'Affiliate', '0', '2025-11-14 00:05:20', '0', 'auto');
UPDATE `bv_updation` SET left_carry = left_carry+150, total_left = total_left+150
WHERE `user_id` = '4E1CRI';
INSERT INTO `placement_bv_update_history` (`left_carry`, `date`, `from_id`, `user_id`) VALUES ('150', '2025-11-14 00:05:20', 'GT96FN', '4E1CRI');
UPDATE `bv_updation` SET left_carry = left_carry+150, total_left = total_left+150
WHERE `user_id` = 'SJBNYJ';
INSERT INTO `placement_bv_update_history` (`left_carry`, `date`, `from_id`, `user_id`) VALUES ('150', '2025-11-14 00:05:20', 'GT96FN', 'SJBNYJ');
UPDATE `user_registration` SET `cycle_rank_id` = '1'
WHERE `user_id` = 'SJBNYJ';
INSERT INTO `rank_history` (`rank_id`, `user_id`, `name`, `bv`, `date`, `amount`, `type`) VALUES ('1', 'SJBNYJ', 'Affiliate', '0', '2025-11-14 00:05:20', '0', 'auto');
UPDATE `bv_updation` SET left_carry = left_carry+150, total_left = total_left+150
WHERE `user_id` = '44B9Y4';
INSERT INTO `placement_bv_update_history` (`left_carry`, `date`, `from_id`, `user_id`) VALUES ('150', '2025-11-14 00:05:20', 'GT96FN', '44B9Y4');
UPDATE `user_registration` SET `cycle_rank_id` = '1'
WHERE `user_id` = '44B9Y4';
INSERT INTO `rank_history` (`rank_id`, `user_id`, `name`, `bv`, `date`, `amount`, `type`) VALUES ('1', '44B9Y4', 'Affiliate', '0', '2025-11-14 00:05:20', '0', 'auto');
UPDATE `bv_updation` SET right_carry = right_carry+150, total_right = total_right+150
WHERE `user_id` = 'admin';
INSERT INTO `placement_bv_update_history` (`right_carry`, `date`, `from_id`, `user_id`) VALUES ('150', '2025-11-14 00:05:20', 'GT96FN', 'admin');
UPDATE `user_registration` SET `cycle_rank_id` = '1'
WHERE `user_id` = 'admin';
INSERT INTO `rank_history` (`rank_id`, `user_id`, `name`, `bv`, `date`, `amount`, `type`) VALUES ('1', 'admin', 'Affiliate', '0', '2025-11-14 00:05:20', '0', 'auto');
UPDATE `user_registration` SET `subscription_date` = '2025-12-14', `active_status` = 'yes', `reminder_sent` = 'no'
WHERE `user_id` = 'GT96FN';
INSERT INTO `arreva_api_logs` (`user_id`, `email`, `endpoint`, `response`, `date`) VALUES ('GT96FN', 'yaileen1202@gmail.com', 'activatemember', '\"Unable to find user matching email or contract number or otherid\"', '2025-11-14 00:05:20');
INSERT INTO `inactive_point_history` (`user_id`, `point`, `date`) VALUES ('2KPJZJ', '0', '2025-11-14 00:05:20');
UPDATE `user_registration` SET `sub_point` = 0, `active_status` = 'no'
WHERE `user_id` = '2KPJZJ';
INSERT INTO `arreva_api_logs` (`user_id`, `email`, `endpoint`, `response`, `date`) VALUES ('2KPJZJ', 'marlonlimonta11@gmail.com', 'deactivatemember', '\"Unable to find user matching email or contract number or otherid\"', '2025-11-14 00:05:20');
INSERT INTO `inactive_history` (`user_id`, `commission_balance`, `amount`, `date`) VALUES ('2KPJZJ', '0', '150', '2025-11-14 00:05:20');
INSERT INTO `inactive_point_history` (`user_id`, `point`, `date`) VALUES ('8634EF', '0', '2025-11-14 00:05:20');
UPDATE `user_registration` SET `sub_point` = 0, `active_status` = 'no'
WHERE `user_id` = '8634EF';
INSERT INTO `arreva_api_logs` (`user_id`, `email`, `endpoint`, `response`, `date`) VALUES ('8634EF', 'taymi1509@gmail.com', 'deactivatemember', '\"Unable to find user matching email or contract number or otherid\"', '2025-11-14 00:05:21');
INSERT INTO `inactive_history` (`user_id`, `commission_balance`, `amount`, `date`) VALUES ('8634EF', '0', '150', '2025-11-14 00:05:21');
INSERT INTO `inactive_point_history` (`user_id`, `point`, `date`) VALUES ('7P1TWW', '0', '2025-11-14 00:05:21');
UPDATE `user_registration` SET `sub_point` = 0, `active_status` = 'no'
WHERE `user_id` = '7P1TWW';
INSERT INTO `arreva_api_logs` (`user_id`, `email`, `endpoint`, `response`, `date`) VALUES ('7P1TWW', 'marthamarin9993@gmail.com', 'deactivatemember', '\"Unable to find user matching email or contract number or otherid\"', '2025-11-14 00:05:21');
INSERT INTO `inactive_history` (`user_id`, `commission_balance`, `amount`, `date`) VALUES ('7P1TWW', '20', '150', '2025-11-14 00:05:21');
INSERT INTO `inactive_point_history` (`user_id`, `point`, `date`) VALUES ('WNT6C4', '0', '2025-11-14 00:05:21');
UPDATE `user_registration` SET `sub_point` = 0, `active_status` = 'no'
WHERE `user_id` = 'WNT6C4';
INSERT INTO `arreva_api_logs` (`user_id`, `email`, `endpoint`, `response`, `date`) VALUES ('WNT6C4', 'lizanaya0310@gmail.com', 'deactivatemember', '\"Unable to find user matching email or contract number or otherid\"', '2025-11-14 00:05:21');
INSERT INTO `inactive_history` (`user_id`, `commission_balance`, `amount`, `date`) VALUES ('WNT6C4', '0', '150', '2025-11-14 00:05:21');
INSERT INTO `inactive_point_history` (`user_id`, `point`, `date`) VALUES ('KYPLBN', '0', '2025-11-14 00:05:21');
UPDATE `user_registration` SET `sub_point` = 0, `active_status` = 'no'
WHERE `user_id` = 'KYPLBN';
INSERT INTO `arreva_api_logs` (`user_id`, `email`, `endpoint`, `response`, `date`) VALUES ('KYPLBN', 'ivanportega02@gmail.com', 'deactivatemember', '\"Unable to find user matching email or contract number or otherid\"', '2025-11-14 00:05:21');
INSERT INTO `inactive_history` (`user_id`, `commission_balance`, `amount`, `date`) VALUES ('KYPLBN', '0', '150', '2025-11-14 00:05:21');
INSERT INTO `inactive_point_history` (`user_id`, `point`, `date`) VALUES ('5MW4H3', '0', '2025-11-14 00:05:21');
UPDATE `user_registration` SET `sub_point` = 0, `active_status` = 'no'
WHERE `user_id` = '5MW4H3';
INSERT INTO `arreva_api_logs` (`user_id`, `email`, `endpoint`, `response`, `date`) VALUES ('5MW4H3', 'yaredari2023@gmail.com', 'deactivatemember', '\"Unable to find user matching email or contract number or otherid\"', '2025-11-14 00:05:22');
INSERT INTO `inactive_history` (`user_id`, `commission_balance`, `amount`, `date`) VALUES ('5MW4H3', '0', '150', '2025-11-14 00:05:22');
INSERT INTO `inactive_point_history` (`user_id`, `point`, `date`) VALUES ('XT3VLL', '0', '2025-11-14 00:05:22');
UPDATE `user_registration` SET `sub_point` = 0, `active_status` = 'no'
WHERE `user_id` = 'XT3VLL';
INSERT INTO `arreva_api_logs` (`user_id`, `email`, `endpoint`, `response`, `date`) VALUES ('XT3VLL', 'daychavez912@gmail.com', 'deactivatemember', '\"Unable to find user matching email or contract number or otherid\"', '2025-11-14 00:05:22');
INSERT INTO `inactive_history` (`user_id`, `commission_balance`, `amount`, `date`) VALUES ('XT3VLL', '0', '150', '2025-11-14 00:05:22');
INSERT INTO `inactive_point_history` (`user_id`, `point`, `date`) VALUES ('WP5PIA', '0', '2025-11-14 00:05:22');
UPDATE `user_registration` SET `sub_point` = 0, `active_status` = 'no'
WHERE `user_id` = 'WP5PIA';
INSERT INTO `arreva_api_logs` (`user_id`, `email`, `endpoint`, `response`, `date`) VALUES ('WP5PIA', 'zuramacortina@gmail.com', 'deactivatemember', '\"Unable to find user matching email or contract number or otherid\"', '2025-11-14 00:05:22');
INSERT INTO `inactive_history` (`user_id`, `commission_balance`, `amount`, `date`) VALUES ('WP5PIA', '50', '150', '2025-11-14 00:05:22');
INSERT INTO `inactive_point_history` (`user_id`, `point`, `date`) VALUES ('DSVFR5', '0', '2025-11-14 00:05:22');
UPDATE `user_registration` SET `sub_point` = 0, `active_status` = 'no'
WHERE `user_id` = 'DSVFR5';
INSERT INTO `arreva_api_logs` (`user_id`, `email`, `endpoint`, `response`, `date`) VALUES ('DSVFR5', 'jesuscruzsantovenia@gmail.com', 'deactivatemember', '\"Unable to find user matching email or contract number or otherid\"', '2025-11-14 00:05:23');
INSERT INTO `inactive_history` (`user_id`, `commission_balance`, `amount`, `date`) VALUES ('DSVFR5', '87.5', '150', '2025-11-14 00:05:23');
INSERT INTO `inactive_point_history` (`user_id`, `point`, `date`) VALUES ('7ZQOFP', '0', '2025-11-14 00:05:23');
UPDATE `user_registration` SET `sub_point` = 0, `active_status` = 'no'
WHERE `user_id` = '7ZQOFP';
INSERT INTO `arreva_api_logs` (`user_id`, `email`, `endpoint`, `response`, `date`) VALUES ('7ZQOFP', 'hilvarshopping@gmail.com', 'deactivatemember', '\"Unable to find user matching email or contract number or otherid\"', '2025-11-14 00:05:23');
INSERT INTO `inactive_history` (`user_id`, `commission_balance`, `amount`, `date`) VALUES ('7ZQOFP', '20', '150', '2025-11-14 00:05:23');
INSERT INTO `inactive_point_history` (`user_id`, `point`, `date`) VALUES ('4Q2HUA', '0', '2025-11-14 00:05:23');
UPDATE `user_registration` SET `sub_point` = 0, `active_status` = 'no'
WHERE `user_id` = '4Q2HUA';
INSERT INTO `arreva_api_logs` (`user_id`, `email`, `endpoint`, `response`, `date`) VALUES ('4Q2HUA', 'yeniaesquijarrosa@gmail.com', 'deactivatemember', '\"Unable to find user matching email or contract number or otherid\"', '2025-11-14 00:05:23');
INSERT INTO `inactive_history` (`user_id`, `commission_balance`, `amount`, `date`) VALUES ('4Q2HUA', '0', '150', '2025-11-14 00:05:23');
INSERT INTO `inactive_point_history` (`user_id`, `point`, `date`) VALUES ('DLHC7V', '0', '2025-11-14 00:05:23');
UPDATE `user_registration` SET `sub_point` = 0, `active_status` = 'no'
WHERE `user_id` = 'DLHC7V';
INSERT INTO `arreva_api_logs` (`user_id`, `email`, `endpoint`, `response`, `date`) VALUES ('DLHC7V', 'bacarote54@gmail.com', 'deactivatemember', '\"Unable to find user matching email or contract number or otherid\"', '2025-11-14 00:05:23');
INSERT INTO `inactive_history` (`user_id`, `commission_balance`, `amount`, `date`) VALUES ('DLHC7V', '0', '150', '2025-11-14 00:05:23');
INSERT INTO `inactive_point_history` (`user_id`, `point`, `date`) VALUES ('QXETAG', '0', '2025-11-14 00:05:23');
UPDATE `user_registration` SET `sub_point` = 0, `active_status` = 'no'
WHERE `user_id` = 'QXETAG';
INSERT INTO `arreva_api_logs` (`user_id`, `email`, `endpoint`, `response`, `date`) VALUES ('QXETAG', 'amadorsonia67@icloud.com', 'deactivatemember', '\"Unable to find user matching email or contract number or otherid\"', '2025-11-14 00:05:24');
INSERT INTO `inactive_history` (`user_id`, `commission_balance`, `amount`, `date`) VALUES ('QXETAG', '0', '150', '2025-11-14 00:05:24');
INSERT INTO `inactive_point_history` (`user_id`, `point`, `date`) VALUES ('41V5DE', '0', '2025-11-14 00:05:24');
UPDATE `user_registration` SET `sub_point` = 0, `active_status` = 'no'
WHERE `user_id` = '41V5DE';
INSERT INTO `arreva_api_logs` (`user_id`, `email`, `endpoint`, `response`, `date`) VALUES ('41V5DE', 'yoansz79@gmail.com', 'deactivatemember', '\"Unable to find user matching email or contract number or otherid\"', '2025-11-14 00:05:24');
INSERT INTO `inactive_history` (`user_id`, `commission_balance`, `amount`, `date`) VALUES ('41V5DE', '0', '150', '2025-11-14 00:05:24');
INSERT INTO `inactive_point_history` (`user_id`, `point`, `date`) VALUES ('SX4SBY', '0', '2025-11-14 00:05:24');
UPDATE `user_registration` SET `sub_point` = 0, `active_status` = 'no'
WHERE `user_id` = 'SX4SBY';
INSERT INTO `arreva_api_logs` (`user_id`, `email`, `endpoint`, `response`, `date`) VALUES ('SX4SBY', 'enriquemasso42@gmail.com', 'deactivatemember', '\"Unable to find user matching email or contract number or otherid\"', '2025-11-14 00:05:24');
INSERT INTO `inactive_history` (`user_id`, `commission_balance`, `amount`, `date`) VALUES ('SX4SBY', '0', '150', '2025-11-14 00:05:24');
INSERT INTO `inactive_point_history` (`user_id`, `point`, `date`) VALUES ('5SGU6D', '0', '2025-11-14 00:05:24');
UPDATE `user_registration` SET `sub_point` = 0, `active_status` = 'no'
WHERE `user_id` = '5SGU6D';
INSERT INTO `arreva_api_logs` (`user_id`, `email`, `endpoint`, `response`, `date`) VALUES ('5SGU6D', 'sonitac1226@gmail.comp', 'deactivatemember', '\"Unable to find user matching email or contract number or otherid\"', '2025-11-14 00:05:24');
INSERT INTO `inactive_history` (`user_id`, `commission_balance`, `amount`, `date`) VALUES ('5SGU6D', '0', '150', '2025-11-14 00:05:24');
INSERT INTO `inactive_point_history` (`user_id`, `point`, `date`) VALUES ('JYZE9L', '0', '2025-11-14 00:05:24');
UPDATE `user_registration` SET `sub_point` = 0, `active_status` = 'no'
WHERE `user_id` = 'JYZE9L';
INSERT INTO `arreva_api_logs` (`user_id`, `email`, `endpoint`, `response`, `date`) VALUES ('JYZE9L', 'mari0803@yahoo.es', 'deactivatemember', '\"Unable to find user matching email or contract number or otherid\"', '2025-11-14 00:05:25');
INSERT INTO `inactive_history` (`user_id`, `commission_balance`, `amount`, `date`) VALUES ('JYZE9L', '125', '150', '2025-11-14 00:05:25');
INSERT INTO `inactive_point_history` (`user_id`, `point`, `date`) VALUES ('L84ITK', '0', '2025-11-14 00:05:25');
UPDATE `user_registration` SET `sub_point` = 0, `active_status` = 'no'
WHERE `user_id` = 'L84ITK';
INSERT INTO `arreva_api_logs` (`user_id`, `email`, `endpoint`, `response`, `date`) VALUES ('L84ITK', 'nelson.hernandez62@hotmail.com', 'deactivatemember', '\"Unable to find user matching email or contract number or otherid\"', '2025-11-14 00:05:25');
INSERT INTO `inactive_history` (`user_id`, `commission_balance`, `amount`, `date`) VALUES ('L84ITK', '0', '150', '2025-11-14 00:05:25');
INSERT INTO `inactive_point_history` (`user_id`, `point`, `date`) VALUES ('6UFXJY', '0', '2025-11-14 00:05:25');
UPDATE `user_registration` SET `sub_point` = 0, `active_status` = 'no'
WHERE `user_id` = '6UFXJY';
INSERT INTO `arreva_api_logs` (`user_id`, `email`, `endpoint`, `response`, `date`) VALUES ('6UFXJY', 'belindaserbellon2013@gmail.com', 'deactivatemember', '\"Unable to find user matching email or contract number or otherid\"', '2025-11-14 00:05:25');
INSERT INTO `inactive_history` (`user_id`, `commission_balance`, `amount`, `date`) VALUES ('6UFXJY', '0', '150', '2025-11-14 00:05:25');
INSERT INTO `inactive_point_history` (`user_id`, `point`, `date`) VALUES ('6FI4ND', '0', '2025-11-14 00:05:25');
UPDATE `user_registration` SET `sub_point` = 0, `active_status` = 'no'
WHERE `user_id` = '6FI4ND';
INSERT INTO `arreva_api_logs` (`user_id`, `email`, `endpoint`, `response`, `date`) VALUES ('6FI4ND', 'deylonhernandez34@gmail.com', 'deactivatemember', '\"Unable to find user matching email or contract number or otherid\"', '2025-11-14 00:05:25');
INSERT INTO `inactive_history` (`user_id`, `commission_balance`, `amount`, `date`) VALUES ('6FI4ND', '0', '150', '2025-11-14 00:05:25');
INSERT INTO `inactive_point_history` (`user_id`, `point`, `date`) VALUES ('2HKNYD', '0', '2025-11-14 00:05:25');
UPDATE `user_registration` SET `sub_point` = 0, `active_status` = 'no'
WHERE `user_id` = '2HKNYD';
INSERT INTO `arreva_api_logs` (`user_id`, `email`, `endpoint`, `response`, `date`) VALUES ('2HKNYD', 'ripollarlene0@gmail.com', 'deactivatemember', 'true', '2025-11-14 00:05:26');
INSERT INTO `inactive_history` (`user_id`, `commission_balance`, `amount`, `date`) VALUES ('2HKNYD', '0', '150', '2025-11-14 00:05:26');
INSERT INTO `inactive_point_history` (`user_id`, `point`, `date`) VALUES ('55ASP4', '0', '2025-11-14 00:05:26');
UPDATE `user_registration` SET `sub_point` = 0, `active_status` = 'no'
WHERE `user_id` = '55ASP4';
INSERT INTO `arreva_api_logs` (`user_id`, `email`, `endpoint`, `response`, `date`) VALUES ('55ASP4', 'sbsfunding79@gmail.com', 'deactivatemember', '\"Unable to find user matching email or contract number or otherid\"', '2025-11-14 00:05:26');
INSERT INTO `inactive_history` (`user_id`, `commission_balance`, `amount`, `date`) VALUES ('55ASP4', '0', '150', '2025-11-14 00:05:26');
INSERT INTO `inactive_point_history` (`user_id`, `point`, `date`) VALUES ('VB9KQJ', '0', '2025-11-14 00:05:26');
UPDATE `user_registration` SET `sub_point` = 0, `active_status` = 'no'
WHERE `user_id` = 'VB9KQJ';
INSERT INTO `arreva_api_logs` (`user_id`, `email`, `endpoint`, `response`, `date`) VALUES ('VB9KQJ', 'caridad7955@gmail.com', 'deactivatemember', '\"Unable to find user matching email or contract number or otherid\"', '2025-11-14 00:05:26');
INSERT INTO `inactive_history` (`user_id`, `commission_balance`, `amount`, `date`) VALUES ('VB9KQJ', '0', '150', '2025-11-14 00:05:26');
INSERT INTO `inactive_point_history` (`user_id`, `point`, `date`) VALUES ('P16KP7', '0', '2025-11-14 00:05:26');
UPDATE `user_registration` SET `sub_point` = 0, `active_status` = 'no'
WHERE `user_id` = 'P16KP7';
INSERT INTO `arreva_api_logs` (`user_id`, `email`, `endpoint`, `response`, `date`) VALUES ('P16KP7', 'breijocrespo@gmail.com', 'deactivatemember', '\"Unable to find user matching email or contract number or otherid\"', '2025-11-14 00:05:26');
INSERT INTO `inactive_history` (`user_id`, `commission_balance`, `amount`, `date`) VALUES ('P16KP7', '0', '150', '2025-11-14 00:05:26');
INSERT INTO `inactive_point_history` (`user_id`, `point`, `date`) VALUES ('7VETI8', '0', '2025-11-14 00:05:26');
UPDATE `user_registration` SET `sub_point` = 0, `active_status` = 'no'
WHERE `user_id` = '7VETI8';
INSERT INTO `arreva_api_logs` (`user_id`, `email`, `endpoint`, `response`, `date`) VALUES ('7VETI8', 'sotolongor+955@gmail.com', 'deactivatemember', '\"Unable to find user matching email or contract number or otherid\"', '2025-11-14 00:05:27');
INSERT INTO `inactive_history` (`user_id`, `commission_balance`, `amount`, `date`) VALUES ('7VETI8', '0', '150', '2025-11-14 00:05:27');
INSERT INTO `inactive_point_history` (`user_id`, `point`, `date`) VALUES ('EKTIVH', '0', '2025-11-14 00:05:27');
UPDATE `user_registration` SET `sub_point` = 0, `active_status` = 'no'
WHERE `user_id` = 'EKTIVH';
INSERT INTO `arreva_api_logs` (`user_id`, `email`, `endpoint`, `response`, `date`) VALUES ('EKTIVH', 'anniel.reyes@icloud.com', 'deactivatemember', '\"Unable to find user matching email or contract number or otherid\"', '2025-11-14 00:05:27');
INSERT INTO `inactive_history` (`user_id`, `commission_balance`, `amount`, `date`) VALUES ('EKTIVH', '0', '150', '2025-11-14 00:05:27');
INSERT INTO `inactive_point_history` (`user_id`, `point`, `date`) VALUES ('WAO86G', '0', '2025-11-14 00:05:27');
UPDATE `user_registration` SET `sub_point` = 0, `active_status` = 'no'
WHERE `user_id` = 'WAO86G';
INSERT INTO `arreva_api_logs` (`user_id`, `email`, `endpoint`, `response`, `date`) VALUES ('WAO86G', 'Albaperez2012@yahoo.com', 'deactivatemember', '\"Unable to find user matching email or contract number or otherid\"', '2025-11-14 00:05:27');
INSERT INTO `inactive_history` (`user_id`, `commission_balance`, `amount`, `date`) VALUES ('WAO86G', '0', '150', '2025-11-14 00:05:27');
INSERT INTO `inactive_point_history` (`user_id`, `point`, `date`) VALUES ('5YE99V', '0', '2025-11-14 00:05:27');
UPDATE `user_registration` SET `sub_point` = 0, `active_status` = 'no'
WHERE `user_id` = '5YE99V';
INSERT INTO `arreva_api_logs` (`user_id`, `email`, `endpoint`, `response`, `date`) VALUES ('5YE99V', 'esterperez75@yahoo.com', 'deactivatemember', '\"Unable to find user matching email or contract number or otherid\"', '2025-11-14 00:05:27');
INSERT INTO `inactive_history` (`user_id`, `commission_balance`, `amount`, `date`) VALUES ('5YE99V', '0', '50', '2025-11-14 00:05:27');
INSERT INTO `inactive_point_history` (`user_id`, `point`, `date`) VALUES ('XFX3US', '0', '2025-11-14 00:05:27');
UPDATE `user_registration` SET `sub_point` = 0, `active_status` = 'no'
WHERE `user_id` = 'XFX3US';
INSERT INTO `arreva_api_logs` (`user_id`, `email`, `endpoint`, `response`, `date`) VALUES ('XFX3US', 'vherreraaa16@gmail.com', 'deactivatemember', '\"Unable to find user matching email or contract number or otherid\"', '2025-11-14 00:05:28');
INSERT INTO `inactive_history` (`user_id`, `commission_balance`, `amount`, `date`) VALUES ('XFX3US', '0', '50', '2025-11-14 00:05:28');
INSERT INTO `inactive_point_history` (`user_id`, `point`, `date`) VALUES ('MRC89O', '0', '2025-11-14 00:05:28');
UPDATE `user_registration` SET `sub_point` = 0, `active_status` = 'no'
WHERE `user_id` = 'MRC89O';
INSERT INTO `arreva_api_logs` (`user_id`, `email`, `endpoint`, `response`, `date`) VALUES ('MRC89O', 'rosxcrz@gmail.com', 'deactivatemember', '\"Unable to find user matching email or contract number or otherid\"', '2025-11-14 00:05:28');
INSERT INTO `inactive_history` (`user_id`, `commission_balance`, `amount`, `date`) VALUES ('MRC89O', '50', '150', '2025-11-14 00:05:28');
UPDATE `user_registration` SET commission_balance = ROUND(commission_balance - 150,2)
WHERE `user_id` = '5XIPYS';
INSERT INTO `sub_history` (`user_id`, `package_id`, `amount`, `payment_method`, `date`) VALUES ('5XIPYS', '2', '150', 'Ewallet', '2025-11-14 00:05:28');
UPDATE `user_registration` SET sub_point = ROUND(sub_point + 150,2)
WHERE `user_id` = '5XIPYS';
INSERT INTO `investment` (`invest_date`, `user_id`, `type`, `amount`, `package_id`) VALUES ('2025-11-14 00:05:28', '5XIPYS', 'subscription', '150', '2');
INSERT INTO `earnings` (`user_id`, `Purchaser_id`, `earning_type`, `package_id`, `amount`, `date`, `comments`, `invest_amount`, `comm_perc`, `level`, `rank_id`, `order_id`) VALUES ('B5EVHD', '5XIPYS', 'Subscription Referral Bonus', '2', '37.5', '2025-11-14 00:05:28', 'Subscription Referral Bonus', 0, 0, 1, '', 1221);
UPDATE `user_registration` SET commission_balance = ROUND(commission_balance + 37.5,2)
WHERE `user_id` = 'B5EVHD';
UPDATE `user_registration` SET total_points = ROUND(total_points + 150,2)
WHERE `user_id` = '5XIPYS';
INSERT INTO `points_history` (`user_id`, `points`, `type`, `date`) VALUES ('5XIPYS', '150', 'subscription', '2025-11-14 00:05:');
UPDATE `bv_updation` SET left_carry = left_carry+150, total_left = total_left+150
WHERE `user_id` = '1MHVTB';
INSERT INTO `placement_bv_update_history` (`left_carry`, `date`, `from_id`, `user_id`) VALUES ('150', '2025-11-14 00:05:28', '5XIPYS', '1MHVTB');
UPDATE `bv_updation` SET left_carry = left_carry+150, total_left = total_left+150
WHERE `user_id` = '4WVWXZ';
INSERT INTO `placement_bv_update_history` (`left_carry`, `date`, `from_id`, `user_id`) VALUES ('150', '2025-11-14 00:05:28', '5XIPYS', '4WVWXZ');
UPDATE `user_registration` SET `cycle_rank_id` = '1'
WHERE `user_id` = '4WVWXZ';
INSERT INTO `rank_history` (`rank_id`, `user_id`, `name`, `bv`, `date`, `amount`, `type`) VALUES ('1', '4WVWXZ', 'Affiliate', '0', '2025-11-14 00:05:28', '0', 'auto');
UPDATE `bv_updation` SET left_carry = left_carry+150, total_left = total_left+150
WHERE `user_id` = 'GTPJAP';
INSERT INTO `placement_bv_update_history` (`left_carry`, `date`, `from_id`, `user_id`) VALUES ('150', '2025-11-14 00:05:28', '5XIPYS', 'GTPJAP');
UPDATE `bv_updation` SET left_carry = left_carry+150, total_left = total_left+150
WHERE `user_id` = '4VE7D1';
INSERT INTO `placement_bv_update_history` (`left_carry`, `date`, `from_id`, `user_id`) VALUES ('150', '2025-11-14 00:05:28', '5XIPYS', '4VE7D1');
UPDATE `user_registration` SET `cycle_rank_id` = '1'
WHERE `user_id` = '4VE7D1';
INSERT INTO `rank_history` (`rank_id`, `user_id`, `name`, `bv`, `date`, `amount`, `type`) VALUES ('1', '4VE7D1', 'Affiliate', '0', '2025-11-14 00:05:28', '0', 'auto');
UPDATE `bv_updation` SET left_carry = left_carry+150, total_left = total_left+150
WHERE `user_id` = '2KPJZJ';
INSERT INTO `placement_bv_update_history` (`left_carry`, `date`, `from_id`, `user_id`) VALUES ('150', '2025-11-14 00:05:28', '5XIPYS', '2KPJZJ');
UPDATE `bv_updation` SET left_carry = left_carry+150, total_left = total_left+150
WHERE `user_id` = 'B5EVHD';
INSERT INTO `placement_bv_update_history` (`left_carry`, `date`, `from_id`, `user_id`) VALUES ('150', '2025-11-14 00:05:28', '5XIPYS', 'B5EVHD');
UPDATE `user_registration` SET `cycle_rank_id` = '1'
WHERE `user_id` = 'B5EVHD';
INSERT INTO `rank_history` (`rank_id`, `user_id`, `name`, `bv`, `date`, `amount`, `type`) VALUES ('1', 'B5EVHD', 'Affiliate', '0', '2025-11-14 00:05:28', '0', 'auto');
UPDATE `bv_updation` SET sponsor_left_carry = sponsor_left_carry+150, sponsor_total_left = sponsor_total_left+150
WHERE `user_id` = 'B5EVHD';
INSERT INTO `sponsor_bv_update_history` (`left_carry`, `date`, `user_id`) VALUES ('150', '2025-11-14 00:05:28', 'B5EVHD');
UPDATE `bv_updation` SET left_carry = left_carry+150, total_left = total_left+150
WHERE `user_id` = 'AQJLZA';
INSERT INTO `placement_bv_update_history` (`left_carry`, `date`, `from_id`, `user_id`) VALUES ('150', '2025-11-14 00:05:28', '5XIPYS', 'AQJLZA');
UPDATE `bv_updation` SET left_carry = left_carry+150, total_left = total_left+150
WHERE `user_id` = '2V26XM';
INSERT INTO `placement_bv_update_history` (`left_carry`, `date`, `from_id`, `user_id`) VALUES ('150', '2025-11-14 00:05:28', '5XIPYS', '2V26XM');
UPDATE `bv_updation` SET left_carry = left_carry+150, total_left = total_left+150
WHERE `user_id` = 'K8DXP2';
INSERT INTO `placement_bv_update_history` (`left_carry`, `date`, `from_id`, `user_id`) VALUES ('150', '2025-11-14 00:05:28', '5XIPYS', 'K8DXP2');
UPDATE `bv_updation` SET left_carry = left_carry+150, total_left = total_left+150
WHERE `user_id` = 'HP6YP2';
INSERT INTO `placement_bv_update_history` (`left_carry`, `date`, `from_id`, `user_id`) VALUES ('150', '2025-11-14 00:05:28', '5XIPYS', 'HP6YP2');
UPDATE `user_registration` SET `cycle_rank_id` = '1'
WHERE `user_id` = 'HP6YP2';
INSERT INTO `rank_history` (`rank_id`, `user_id`, `name`, `bv`, `date`, `amount`, `type`) VALUES ('1', 'HP6YP2', 'Affiliate', '0', '2025-11-14 00:05:28', '0', 'auto');
UPDATE `bv_updation` SET left_carry = left_carry+150, total_left = total_left+150
WHERE `user_id` = 'L8NRSC';
INSERT INTO `placement_bv_update_history` (`left_carry`, `date`, `from_id`, `user_id`) VALUES ('150', '2025-11-14 00:05:28', '5XIPYS', 'L8NRSC');
UPDATE `user_registration` SET `cycle_rank_id` = '1'
WHERE `user_id` = 'L8NRSC';
INSERT INTO `rank_history` (`rank_id`, `user_id`, `name`, `bv`, `date`, `amount`, `type`) VALUES ('1', 'L8NRSC', 'Affiliate', '0', '2025-11-14 00:05:28', '0', 'auto');
UPDATE `bv_updation` SET left_carry = left_carry+150, total_left = total_left+150
WHERE `user_id` = 'JHRDHS';
INSERT INTO `placement_bv_update_history` (`left_carry`, `date`, `from_id`, `user_id`) VALUES ('150', '2025-11-14 00:05:28', '5XIPYS', 'JHRDHS');
UPDATE `user_registration` SET `cycle_rank_id` = '2'
WHERE `user_id` = 'JHRDHS';
INSERT INTO `rank_history` (`rank_id`, `user_id`, `name`, `bv`, `date`, `amount`, `type`) VALUES ('2', 'JHRDHS', 'Associate', '1200', '2025-11-14 00:05:28', '100', 'auto');
UPDATE `bv_updation` SET right_carry = right_carry+150, total_right = total_right+150
WHERE `user_id` = 'CVVK4C';
INSERT INTO `placement_bv_update_history` (`right_carry`, `date`, `from_id`, `user_id`) VALUES ('150', '2025-11-14 00:05:28', '5XIPYS', 'CVVK4C');
UPDATE `user_registration` SET `cycle_rank_id` = '1'
WHERE `user_id` = 'CVVK4C';
INSERT INTO `rank_history` (`rank_id`, `user_id`, `name`, `bv`, `date`, `amount`, `type`) VALUES ('1', 'CVVK4C', 'Affiliate', '0', '2025-11-14 00:05:28', '0', 'auto');
UPDATE `bv_updation` SET left_carry = left_carry+150, total_left = total_left+150
WHERE `user_id` = 'K55EDD';
INSERT INTO `placement_bv_update_history` (`left_carry`, `date`, `from_id`, `user_id`) VALUES ('150', '2025-11-14 00:05:28', '5XIPYS', 'K55EDD');
UPDATE `user_registration` SET `cycle_rank_id` = '1'
WHERE `user_id` = 'K55EDD';
INSERT INTO `rank_history` (`rank_id`, `user_id`, `name`, `bv`, `date`, `amount`, `type`) VALUES ('1', 'K55EDD', 'Affiliate', '0', '2025-11-14 00:05:28', '0', 'auto');
UPDATE `bv_updation` SET left_carry = left_carry+150, total_left = total_left+150
WHERE `user_id` = 'UQO7EQ';
INSERT INTO `placement_bv_update_history` (`left_carry`, `date`, `from_id`, `user_id`) VALUES ('150', '2025-11-14 00:05:28', '5XIPYS', 'UQO7EQ');
UPDATE `user_registration` SET `cycle_rank_id` = '1'
WHERE `user_id` = 'UQO7EQ';
INSERT INTO `rank_history` (`rank_id`, `user_id`, `name`, `bv`, `date`, `amount`, `type`) VALUES ('1', 'UQO7EQ', 'Affiliate', '0', '2025-11-14 00:05:28', '0', 'auto');
UPDATE `bv_updation` SET left_carry = left_carry+150, total_left = total_left+150
WHERE `user_id` = 'N6GZAE';
INSERT INTO `placement_bv_update_history` (`left_carry`, `date`, `from_id`, `user_id`) VALUES ('150', '2025-11-14 00:05:28', '5XIPYS', 'N6GZAE');
UPDATE `user_registration` SET `cycle_rank_id` = '1'
WHERE `user_id` = 'N6GZAE';
INSERT INTO `rank_history` (`rank_id`, `user_id`, `name`, `bv`, `date`, `amount`, `type`) VALUES ('1', 'N6GZAE', 'Affiliate', '0', '2025-11-14 00:05:28', '0', 'auto');
UPDATE `bv_updation` SET left_carry = left_carry+150, total_left = total_left+150
WHERE `user_id` = '4E1CRI';
INSERT INTO `placement_bv_update_history` (`left_carry`, `date`, `from_id`, `user_id`) VALUES ('150', '2025-11-14 00:05:28', '5XIPYS', '4E1CRI');
UPDATE `bv_updation` SET left_carry = left_carry+150, total_left = total_left+150
WHERE `user_id` = 'SJBNYJ';
INSERT INTO `placement_bv_update_history` (`left_carry`, `date`, `from_id`, `user_id`) VALUES ('150', '2025-11-14 00:05:28', '5XIPYS', 'SJBNYJ');
UPDATE `user_registration` SET `cycle_rank_id` = '1'
WHERE `user_id` = 'SJBNYJ';
INSERT INTO `rank_history` (`rank_id`, `user_id`, `name`, `bv`, `date`, `amount`, `type`) VALUES ('1', 'SJBNYJ', 'Affiliate', '0', '2025-11-14 00:05:28', '0', 'auto');
UPDATE `bv_updation` SET left_carry = left_carry+150, total_left = total_left+150
WHERE `user_id` = '44B9Y4';
INSERT INTO `placement_bv_update_history` (`left_carry`, `date`, `from_id`, `user_id`) VALUES ('150', '2025-11-14 00:05:28', '5XIPYS', '44B9Y4');
UPDATE `user_registration` SET `cycle_rank_id` = '1'
WHERE `user_id` = '44B9Y4';
INSERT INTO `rank_history` (`rank_id`, `user_id`, `name`, `bv`, `date`, `amount`, `type`) VALUES ('1', '44B9Y4', 'Affiliate', '0', '2025-11-14 00:05:28', '0', 'auto');
UPDATE `bv_updation` SET right_carry = right_carry+150, total_right = total_right+150
WHERE `user_id` = 'admin';
INSERT INTO `placement_bv_update_history` (`right_carry`, `date`, `from_id`, `user_id`) VALUES ('150', '2025-11-14 00:05:28', '5XIPYS', 'admin');
UPDATE `user_registration` SET `cycle_rank_id` = '1'
WHERE `user_id` = 'admin';
INSERT INTO `rank_history` (`rank_id`, `user_id`, `name`, `bv`, `date`, `amount`, `type`) VALUES ('1', 'admin', 'Affiliate', '0', '2025-11-14 00:05:28', '0', 'auto');
UPDATE `user_registration` SET `subscription_date` = '2025-12-14', `active_status` = 'yes', `reminder_sent` = 'no'
WHERE `user_id` = '5XIPYS';
INSERT INTO `arreva_api_logs` (`user_id`, `email`, `endpoint`, `response`, `date`) VALUES ('5XIPYS', 'bilbaomarta54@gmail.com', 'activatemember', '\"Unable to find user matching email or contract number or otherid\"', '2025-11-14 00:05:28');
INSERT INTO `inactive_point_history` (`user_id`, `point`, `date`) VALUES ('F8GQHM', '0', '2025-11-14 00:05:28');
UPDATE `user_registration` SET `sub_point` = 0, `active_status` = 'no'
WHERE `user_id` = 'F8GQHM';
INSERT INTO `arreva_api_logs` (`user_id`, `email`, `endpoint`, `response`, `date`) VALUES ('F8GQHM', 'carlosochoa1973@gmail.com', 'deactivatemember', '\"Unable to find user matching email or contract number or otherid\"', '2025-11-14 00:05:29');
INSERT INTO `inactive_history` (`user_id`, `commission_balance`, `amount`, `date`) VALUES ('F8GQHM', '0', '150', '2025-11-14 00:05:29');
INSERT INTO `inactive_point_history` (`user_id`, `point`, `date`) VALUES ('7R7D9E', '0', '2025-11-14 00:05:29');
UPDATE `user_registration` SET `sub_point` = 0, `active_status` = 'no'
WHERE `user_id` = '7R7D9E';
INSERT INTO `arreva_api_logs` (`user_id`, `email`, `endpoint`, `response`, `date`) VALUES ('7R7D9E', 'hjaa2711@gmail.com', 'deactivatemember', '\"Unable to find user matching email or contract number or otherid\"', '2025-11-14 00:05:29');
INSERT INTO `inactive_history` (`user_id`, `commission_balance`, `amount`, `date`) VALUES ('7R7D9E', '0', '150', '2025-11-14 00:05:29');
INSERT INTO `inactive_point_history` (`user_id`, `point`, `date`) VALUES ('FMXQ6T', '0', '2025-11-14 00:05:29');
UPDATE `user_registration` SET `sub_point` = 0, `active_status` = 'no'
WHERE `user_id` = 'FMXQ6T';
INSERT INTO `arreva_api_logs` (`user_id`, `email`, `endpoint`, `response`, `date`) VALUES ('FMXQ6T', 'yamisvaldes7@gmail.com', 'deactivatemember', '\"Unable to find user matching email or contract number or otherid\"', '2025-11-14 00:05:29');
INSERT INTO `inactive_history` (`user_id`, `commission_balance`, `amount`, `date`) VALUES ('FMXQ6T', '0', '150', '2025-11-14 00:05:29');
INSERT INTO `inactive_point_history` (`user_id`, `point`, `date`) VALUES ('BAR1UQ', '0', '2025-11-14 00:05:29');
UPDATE `user_registration` SET `sub_point` = 0, `active_status` = 'no'
WHERE `user_id` = 'BAR1UQ';
INSERT INTO `arreva_api_logs` (`user_id`, `email`, `endpoint`, `response`, `date`) VALUES ('BAR1UQ', 'alvarezperzabel1968@gmail.com', 'deactivatemember', '\"Unable to find user matching email or contract number or otherid\"', '2025-11-14 00:05:30');
INSERT INTO `inactive_history` (`user_id`, `commission_balance`, `amount`, `date`) VALUES ('BAR1UQ', '0', '150', '2025-11-14 00:05:30');
INSERT INTO `inactive_point_history` (`user_id`, `point`, `date`) VALUES ('6RCEKP', '0', '2025-11-14 00:05:30');
UPDATE `user_registration` SET `sub_point` = 0, `active_status` = 'no'
WHERE `user_id` = '6RCEKP';
INSERT INTO `arreva_api_logs` (`user_id`, `email`, `endpoint`, `response`, `date`) VALUES ('6RCEKP', 'felixarias171@gmail.com', 'deactivatemember', 'true', '2025-11-14 00:05:30');
INSERT INTO `inactive_history` (`user_id`, `commission_balance`, `amount`, `date`) VALUES ('6RCEKP', '0', '150', '2025-11-14 00:05:30');
INSERT INTO `inactive_point_history` (`user_id`, `point`, `date`) VALUES ('IH5JXX', '0', '2025-11-14 00:05:30');
UPDATE `user_registration` SET `sub_point` = 0, `active_status` = 'no'
WHERE `user_id` = 'IH5JXX';
INSERT INTO `arreva_api_logs` (`user_id`, `email`, `endpoint`, `response`, `date`) VALUES ('IH5JXX', 'junika.realtor@gmail.com', 'deactivatemember', '\"Unable to find user matching email or contract number or otherid\"', '2025-11-14 00:05:30');
INSERT INTO `inactive_history` (`user_id`, `commission_balance`, `amount`, `date`) VALUES ('IH5JXX', '0', '50', '2025-11-14 00:05:30');
INSERT INTO `inactive_point_history` (`user_id`, `point`, `date`) VALUES ('5J9Q6A', '0', '2025-11-14 00:05:30');
UPDATE `user_registration` SET `sub_point` = 0, `active_status` = 'no'
WHERE `user_id` = '5J9Q6A';
INSERT INTO `arreva_api_logs` (`user_id`, `email`, `endpoint`, `response`, `date`) VALUES ('5J9Q6A', 'reiderglz16@gmail.com', 'deactivatemember', '\"Unable to find user matching email or contract number or otherid\"', '2025-11-14 00:05:30');
INSERT INTO `inactive_history` (`user_id`, `commission_balance`, `amount`, `date`) VALUES ('5J9Q6A', '0', '150', '2025-11-14 00:05:30');
INSERT INTO `inactive_point_history` (`user_id`, `point`, `date`) VALUES ('RHLTER', '0', '2025-11-14 00:05:30');
UPDATE `user_registration` SET `sub_point` = 0, `active_status` = 'no'
WHERE `user_id` = 'RHLTER';
INSERT INTO `arreva_api_logs` (`user_id`, `email`, `endpoint`, `response`, `date`) VALUES ('RHLTER', 'leydisvaldes5@gmail.com', 'deactivatemember', '\"Unable to find user matching email or contract number or otherid\"', '2025-11-14 00:05:31');
INSERT INTO `inactive_history` (`user_id`, `commission_balance`, `amount`, `date`) VALUES ('RHLTER', '0', '150', '2025-11-14 00:05:31');
INSERT INTO `inactive_point_history` (`user_id`, `point`, `date`) VALUES ('FGI2FY', '0', '2025-11-14 00:05:31');
UPDATE `user_registration` SET `sub_point` = 0, `active_status` = 'no'
WHERE `user_id` = 'FGI2FY';
INSERT INTO `arreva_api_logs` (`user_id`, `email`, `endpoint`, `response`, `date`) VALUES ('FGI2FY', 'elizabethvicente25@yahoo.com', 'deactivatemember', '\"Unable to find user matching email or contract number or otherid\"', '2025-11-14 00:05:31');
INSERT INTO `inactive_history` (`user_id`, `commission_balance`, `amount`, `date`) VALUES ('FGI2FY', '0', '150', '2025-11-14 00:05:31');
UPDATE `user_registration` SET commission_balance = ROUND(commission_balance - 0,2)
WHERE `user_id` = 'JXYEHE';
INSERT INTO `sub_history` (`user_id`, `package_id`, `amount`, `payment_method`, `date`) VALUES ('JXYEHE', '0', 0, 'Ewallet', '2025-11-14 00:05:31');
UPDATE `user_registration` SET sub_point = ROUND(sub_point + 50,2)
WHERE `user_id` = 'JXYEHE';
INSERT INTO `investment` (`invest_date`, `user_id`, `type`, `amount`, `package_id`) VALUES ('2025-11-14 00:05:31', 'JXYEHE', 'subscription', '50', '0');
UPDATE `user_registration` SET total_points = ROUND(total_points + 50,2)
WHERE `user_id` = 'JXYEHE';
INSERT INTO `points_history` (`user_id`, `points`, `type`, `date`) VALUES ('JXYEHE', '50', 'subscription', '2025-11-14 00:05:');
UPDATE `user_registration` SET `subscription_date` = '2025-12-14', `active_status` = 'yes', `reminder_sent` = 'no'
WHERE `user_id` = 'JXYEHE';
INSERT INTO `arreva_api_logs` (`user_id`, `email`, `endpoint`, `response`, `date`) VALUES ('JXYEHE', 'fumeroperez@gmail.com', 'activatemember', 'true', '2025-11-14 00:05:31');
INSERT INTO `inactive_point_history` (`user_id`, `point`, `date`) VALUES ('JLPXI6', '0', '2025-11-14 00:05:31');
UPDATE `user_registration` SET `sub_point` = 0, `active_status` = 'no'
WHERE `user_id` = 'JLPXI6';
INSERT INTO `arreva_api_logs` (`user_id`, `email`, `endpoint`, `response`, `date`) VALUES ('JLPXI6', 'mariaisabel74@live.com', 'deactivatemember', '\"Unable to find user matching email or contract number or otherid\"', '2025-11-14 00:05:31');
INSERT INTO `inactive_history` (`user_id`, `commission_balance`, `amount`, `date`) VALUES ('JLPXI6', '0', '150', '2025-11-14 00:05:31');
INSERT INTO `inactive_point_history` (`user_id`, `point`, `date`) VALUES ('1HT8BK', '0', '2025-11-14 00:05:31');
UPDATE `user_registration` SET `sub_point` = 0, `active_status` = 'no'
WHERE `user_id` = '1HT8BK';
INSERT INTO `arreva_api_logs` (`user_id`, `email`, `endpoint`, `response`, `date`) VALUES ('1HT8BK', 'astrid1246@gmail.com', 'deactivatemember', '\"Unable to find user matching email or contract number or otherid\"', '2025-11-14 00:05:32');
INSERT INTO `inactive_history` (`user_id`, `commission_balance`, `amount`, `date`) VALUES ('1HT8BK', '0', '150', '2025-11-14 00:05:32');
INSERT INTO `inactive_point_history` (`user_id`, `point`, `date`) VALUES ('YFRSTE', '0', '2025-11-14 00:05:32');
UPDATE `user_registration` SET `sub_point` = 0, `active_status` = 'no'
WHERE `user_id` = 'YFRSTE';
INSERT INTO `arreva_api_logs` (`user_id`, `email`, `endpoint`, `response`, `date`) VALUES ('YFRSTE', 'jimenez781108@gmail.com', 'deactivatemember', '\"Unable to find user matching email or contract number or otherid\"', '2025-11-14 00:05:32');
INSERT INTO `inactive_history` (`user_id`, `commission_balance`, `amount`, `date`) VALUES ('YFRSTE', '0', '150', '2025-11-14 00:05:32');
INSERT INTO `inactive_point_history` (`user_id`, `point`, `date`) VALUES ('G53DXI', '0', '2025-11-14 00:05:32');
UPDATE `user_registration` SET `sub_point` = 0, `active_status` = 'no'
WHERE `user_id` = 'G53DXI';
INSERT INTO `arreva_api_logs` (`user_id`, `email`, `endpoint`, `response`, `date`) VALUES ('G53DXI', 'hernandezasnialis@gmail.com', 'deactivatemember', '\"Unable to find user matching email or contract number or otherid\"', '2025-11-14 00:05:32');
INSERT INTO `inactive_history` (`user_id`, `commission_balance`, `amount`, `date`) VALUES ('G53DXI', '0', '50', '2025-11-14 00:05:32');
INSERT INTO `inactive_point_history` (`user_id`, `point`, `date`) VALUES ('1KMQ3V', '0', '2025-11-14 00:05:32');
UPDATE `user_registration` SET `sub_point` = 0, `active_status` = 'no'
WHERE `user_id` = '1KMQ3V';
INSERT INTO `arreva_api_logs` (`user_id`, `email`, `endpoint`, `response`, `date`) VALUES ('1KMQ3V', 'adrianlimapadron@gmail.com', 'deactivatemember', '\"Unable to find user matching email or contract number or otherid\"', '2025-11-14 00:05:32');
INSERT INTO `inactive_history` (`user_id`, `commission_balance`, `amount`, `date`) VALUES ('1KMQ3V', '100', '150', '2025-11-14 00:05:32');
INSERT INTO `inactive_point_history` (`user_id`, `point`, `date`) VALUES ('ZVZUJ1', '0', '2025-11-14 00:05:32');
UPDATE `user_registration` SET `sub_point` = 0, `active_status` = 'no'
WHERE `user_id` = 'ZVZUJ1';
INSERT INTO `arreva_api_logs` (`user_id`, `email`, `endpoint`, `response`, `date`) VALUES ('ZVZUJ1', 'acielpollo@gmail.com', 'deactivatemember', '\"Unable to find user matching email or contract number or otherid\"', '2025-11-14 00:05:33');
INSERT INTO `inactive_history` (`user_id`, `commission_balance`, `amount`, `date`) VALUES ('ZVZUJ1', '0', '150', '2025-11-14 00:05:33');
INSERT INTO `inactive_point_history` (`user_id`, `point`, `date`) VALUES ('SAMPQX', '0', '2025-11-14 00:05:33');
UPDATE `user_registration` SET `sub_point` = 0, `active_status` = 'no'
WHERE `user_id` = 'SAMPQX';
INSERT INTO `arreva_api_logs` (`user_id`, `email`, `endpoint`, `response`, `date`) VALUES ('SAMPQX', 'inamsay80@gmail.com', 'deactivatemember', '\"Unable to find user matching email or contract number or otherid\"', '2025-11-14 00:05:33');
INSERT INTO `inactive_history` (`user_id`, `commission_balance`, `amount`, `date`) VALUES ('SAMPQX', '0', '150', '2025-11-14 00:05:33');
INSERT INTO `inactive_point_history` (`user_id`, `point`, `date`) VALUES ('F3SYYS', '0', '2025-11-14 00:05:33');
UPDATE `user_registration` SET `sub_point` = 0, `active_status` = 'no'
WHERE `user_id` = 'F3SYYS';
INSERT INTO `arreva_api_logs` (`user_id`, `email`, `endpoint`, `response`, `date`) VALUES ('F3SYYS', 'eideneilen2128@yahoo.com', 'deactivatemember', '\"Unable to find user matching email or contract number or otherid\"', '2025-11-14 00:05:33');
INSERT INTO `inactive_history` (`user_id`, `commission_balance`, `amount`, `date`) VALUES ('F3SYYS', '0', '150', '2025-11-14 00:05:33');
INSERT INTO `inactive_point_history` (`user_id`, `point`, `date`) VALUES ('9T3Q72', '0', '2025-11-14 00:05:33');
UPDATE `user_registration` SET `sub_point` = 0, `active_status` = 'no'
WHERE `user_id` = '9T3Q72';
INSERT INTO `arreva_api_logs` (`user_id`, `email`, `endpoint`, `response`, `date`) VALUES ('9T3Q72', 'yohaniamartinez2005@gmail.com', 'deactivatemember', '\"Unable to find user matching email or contract number or otherid\"', '2025-11-14 00:05:33');
INSERT INTO `inactive_history` (`user_id`, `commission_balance`, `amount`, `date`) VALUES ('9T3Q72', '0', '150', '2025-11-14 00:05:33');
INSERT INTO `inactive_point_history` (`user_id`, `point`, `date`) VALUES ('23UJOB', '0', '2025-11-14 00:05:33');
UPDATE `user_registration` SET `sub_point` = 0, `active_status` = 'no'
WHERE `user_id` = '23UJOB';
INSERT INTO `arreva_api_logs` (`user_id`, `email`, `endpoint`, `response`, `date`) VALUES ('23UJOB', 'alfreddgdo@gmail.com', 'deactivatemember', '\"Unable to find user matching email or contract number or otherid\"', '2025-11-14 00:05:34');
INSERT INTO `inactive_history` (`user_id`, `commission_balance`, `amount`, `date`) VALUES ('23UJOB', '0', '150', '2025-11-14 00:05:34');
INSERT INTO `inactive_point_history` (`user_id`, `point`, `date`) VALUES ('NB7P18', '0', '2025-11-14 00:05:34');
UPDATE `user_registration` SET `sub_point` = 0, `active_status` = 'no'
WHERE `user_id` = 'NB7P18';
INSERT INTO `arreva_api_logs` (`user_id`, `email`, `endpoint`, `response`, `date`) VALUES ('NB7P18', 'santoslayra796@gmail.com', 'deactivatemember', '\"Unable to find user matching email or contract number or otherid\"', '2025-11-14 00:05:34');
INSERT INTO `inactive_history` (`user_id`, `commission_balance`, `amount`, `date`) VALUES ('NB7P18', '0', '150', '2025-11-14 00:05:34');
INSERT INTO `inactive_point_history` (`user_id`, `point`, `date`) VALUES ('7A2JD7', '0', '2025-11-14 00:05:34');
UPDATE `user_registration` SET `sub_point` = 0, `active_status` = 'no'
WHERE `user_id` = '7A2JD7';
INSERT INTO `arreva_api_logs` (`user_id`, `email`, `endpoint`, `response`, `date`) VALUES ('7A2JD7', 'aztiral_26love@yahoo.com', 'deactivatemember', '\"Unable to find user matching email or contract number or otherid\"', '2025-11-14 00:05:34');
INSERT INTO `inactive_history` (`user_id`, `commission_balance`, `amount`, `date`) VALUES ('7A2JD7', '0', '150', '2025-11-14 00:05:34');
INSERT INTO `inactive_point_history` (`user_id`, `point`, `date`) VALUES ('9VPMSG', '0', '2025-11-14 00:05:34');
UPDATE `user_registration` SET `sub_point` = 0, `active_status` = 'no'
WHERE `user_id` = '9VPMSG';
INSERT INTO `arreva_api_logs` (`user_id`, `email`, `endpoint`, `response`, `date`) VALUES ('9VPMSG', 'Jinglyguerravigo2015@gmail.com', 'deactivatemember', '\"Unable to find user matching email or contract number or otherid\"', '2025-11-14 00:05:34');
INSERT INTO `inactive_history` (`user_id`, `commission_balance`, `amount`, `date`) VALUES ('9VPMSG', '0', '150', '2025-11-14 00:05:34');
INSERT INTO `inactive_point_history` (`user_id`, `point`, `date`) VALUES ('J385D5', '0', '2025-11-14 00:05:34');
UPDATE `user_registration` SET `sub_point` = 0, `active_status` = 'no'
WHERE `user_id` = 'J385D5';
INSERT INTO `arreva_api_logs` (`user_id`, `email`, `endpoint`, `response`, `date`) VALUES ('J385D5', 'yohandymartinez@yahoo.com', 'deactivatemember', '\"Unable to find user matching email or contract number or otherid\"', '2025-11-14 00:05:35');
INSERT INTO `inactive_history` (`user_id`, `commission_balance`, `amount`, `date`) VALUES ('J385D5', '0', '150', '2025-11-14 00:05:35');
INSERT INTO `inactive_point_history` (`user_id`, `point`, `date`) VALUES ('GPPR8G', '0', '2025-11-14 00:05:35');
UPDATE `user_registration` SET `sub_point` = 0, `active_status` = 'no'
WHERE `user_id` = 'GPPR8G';
INSERT INTO `arreva_api_logs` (`user_id`, `email`, `endpoint`, `response`, `date`) VALUES ('GPPR8G', 'neftalidela7@gmail.com', 'deactivatemember', 'true', '2025-11-14 00:05:35');
INSERT INTO `inactive_history` (`user_id`, `commission_balance`, `amount`, `date`) VALUES ('GPPR8G', '20', '150', '2025-11-14 00:05:35');
INSERT INTO `inactive_point_history` (`user_id`, `point`, `date`) VALUES ('AM2FR1', '0', '2025-11-14 00:05:35');
UPDATE `user_registration` SET `sub_point` = 0, `active_status` = 'no'
WHERE `user_id` = 'AM2FR1';
INSERT INTO `arreva_api_logs` (`user_id`, `email`, `endpoint`, `response`, `date`) VALUES ('AM2FR1', 'eldacrespo71@yahoo.com', 'deactivatemember', '\"Unable to find user matching email or contract number or otherid\"', '2025-11-14 00:05:35');
INSERT INTO `inactive_history` (`user_id`, `commission_balance`, `amount`, `date`) VALUES ('AM2FR1', '0', '150', '2025-11-14 00:05:35');
INSERT INTO `inactive_point_history` (`user_id`, `point`, `date`) VALUES ('YRYHV2', '0', '2025-11-14 00:05:35');
UPDATE `user_registration` SET `sub_point` = 0, `active_status` = 'no'
WHERE `user_id` = 'YRYHV2';
INSERT INTO `arreva_api_logs` (`user_id`, `email`, `endpoint`, `response`, `date`) VALUES ('YRYHV2', 'aaguila46@yahoo.com', 'deactivatemember', '\"Unable to find user matching email or contract number or otherid\"', '2025-11-14 00:05:35');
INSERT INTO `inactive_history` (`user_id`, `commission_balance`, `amount`, `date`) VALUES ('YRYHV2', '0', '150', '2025-11-14 00:05:35');
INSERT INTO `inactive_point_history` (`user_id`, `point`, `date`) VALUES ('7GDBOU', '0', '2025-11-14 00:05:35');
UPDATE `user_registration` SET `sub_point` = 0, `active_status` = 'no'
WHERE `user_id` = '7GDBOU';
INSERT INTO `arreva_api_logs` (`user_id`, `email`, `endpoint`, `response`, `date`) VALUES ('7GDBOU', 'avalosnarciso@icloud.com', 'deactivatemember', 'true', '2025-11-14 00:05:36');
INSERT INTO `inactive_history` (`user_id`, `commission_balance`, `amount`, `date`) VALUES ('7GDBOU', '100', '150', '2025-11-14 00:05:36');
INSERT INTO `inactive_point_history` (`user_id`, `point`, `date`) VALUES ('BV2MNJ', '0', '2025-11-14 00:05:36');
UPDATE `user_registration` SET `sub_point` = 0, `active_status` = 'no'
WHERE `user_id` = 'BV2MNJ';
INSERT INTO `arreva_api_logs` (`user_id`, `email`, `endpoint`, `response`, `date`) VALUES ('BV2MNJ', 'frankavalos1973@yahoo.com', 'deactivatemember', 'true', '2025-11-14 00:05:36');
INSERT INTO `inactive_history` (`user_id`, `commission_balance`, `amount`, `date`) VALUES ('BV2MNJ', '70', '150', '2025-11-14 00:05:36');
INSERT INTO `inactive_point_history` (`user_id`, `point`, `date`) VALUES ('CM4JLT', '0', '2025-11-14 00:05:36');
UPDATE `user_registration` SET `sub_point` = 0, `active_status` = 'no'
WHERE `user_id` = 'CM4JLT';
INSERT INTO `arreva_api_logs` (`user_id`, `email`, `endpoint`, `response`, `date`) VALUES ('CM4JLT', 'ramirezloren1962@gmail.com', 'deactivatemember', '\"Unable to find user matching email or contract number or otherid\"', '2025-11-14 00:05:36');
INSERT INTO `inactive_history` (`user_id`, `commission_balance`, `amount`, `date`) VALUES ('CM4JLT', '62.5', '150', '2025-11-14 00:05:36');
INSERT INTO `inactive_point_history` (`user_id`, `point`, `date`) VALUES ('R18IYC', '0', '2025-11-14 00:05:36');
UPDATE `user_registration` SET `sub_point` = 0, `active_status` = 'no'
WHERE `user_id` = 'R18IYC';
INSERT INTO `arreva_api_logs` (`user_id`, `email`, `endpoint`, `response`, `date`) VALUES ('R18IYC', 'cachirulo63@gmail.com', 'deactivatemember', '\"Unable to find user matching email or contract number or otherid\"', '2025-11-14 00:05:36');
INSERT INTO `inactive_history` (`user_id`, `commission_balance`, `amount`, `date`) VALUES ('R18IYC', '0', '150', '2025-11-14 00:05:36');
INSERT INTO `inactive_point_history` (`user_id`, `point`, `date`) VALUES ('ERQYYW', '0', '2025-11-14 00:05:36');
UPDATE `user_registration` SET `sub_point` = 0, `active_status` = 'no'
WHERE `user_id` = 'ERQYYW';
INSERT INTO `arreva_api_logs` (`user_id`, `email`, `endpoint`, `response`, `date`) VALUES ('ERQYYW', 'luvcelia@yahoo.com', 'deactivatemember', '\"Unable to find user matching email or contract number or otherid\"', '2025-11-14 00:05:37');
INSERT INTO `inactive_history` (`user_id`, `commission_balance`, `amount`, `date`) VALUES ('ERQYYW', '0', '50', '2025-11-14 00:05:37');
INSERT INTO `inactive_point_history` (`user_id`, `point`, `date`) VALUES ('WYBCPQ', '0', '2025-11-14 00:05:37');
UPDATE `user_registration` SET `sub_point` = 0, `active_status` = 'no'
WHERE `user_id` = 'WYBCPQ';
INSERT INTO `arreva_api_logs` (`user_id`, `email`, `endpoint`, `response`, `date`) VALUES ('WYBCPQ', 'caryalvarez19621@outlook.com', 'deactivatemember', '\"Unable to find user matching email or contract number or otherid\"', '2025-11-14 00:05:37');
INSERT INTO `inactive_history` (`user_id`, `commission_balance`, `amount`, `date`) VALUES ('WYBCPQ', '100', '150', '2025-11-14 00:05:37');
INSERT INTO `inactive_point_history` (`user_id`, `point`, `date`) VALUES ('55IB4V', '0', '2025-11-14 00:05:37');
UPDATE `user_registration` SET `sub_point` = 0, `active_status` = 'no'
WHERE `user_id` = '55IB4V';
INSERT INTO `arreva_api_logs` (`user_id`, `email`, `endpoint`, `response`, `date`) VALUES ('55IB4V', 'delacruzrafael.890925@yahoo.com', 'deactivatemember', '\"Unable to find user matching email or contract number or otherid\"', '2025-11-14 00:05:37');
INSERT INTO `inactive_history` (`user_id`, `commission_balance`, `amount`, `date`) VALUES ('55IB4V', '0', '50', '2025-11-14 00:05:37');
INSERT INTO `inactive_point_history` (`user_id`, `point`, `date`) VALUES ('XEINAA', '0', '2025-11-14 00:05:37');
UPDATE `user_registration` SET `sub_point` = 0, `active_status` = 'no'
WHERE `user_id` = 'XEINAA';
INSERT INTO `arreva_api_logs` (`user_id`, `email`, `endpoint`, `response`, `date`) VALUES ('XEINAA', 'sofi.ibarzabal15@gmail.com', 'deactivatemember', '\"Unable to find user matching email or contract number or otherid\"', '2025-11-14 00:05:37');
INSERT INTO `inactive_history` (`user_id`, `commission_balance`, `amount`, `date`) VALUES ('XEINAA', '0', '50', '2025-11-14 00:05:37');
INSERT INTO `inactive_point_history` (`user_id`, `point`, `date`) VALUES ('5UADRJ', '0', '2025-11-14 00:05:37');
UPDATE `user_registration` SET `sub_point` = 0, `active_status` = 'no'
WHERE `user_id` = '5UADRJ';
INSERT INTO `arreva_api_logs` (`user_id`, `email`, `endpoint`, `response`, `date`) VALUES ('5UADRJ', 'caryalvarez1962@yahoo.com', 'deactivatemember', '\"Unable to find user matching email or contract number or otherid\"', '2025-11-14 00:05:38');
INSERT INTO `inactive_history` (`user_id`, `commission_balance`, `amount`, `date`) VALUES ('5UADRJ', '125', '150', '2025-11-14 00:05:38');
INSERT INTO `inactive_point_history` (`user_id`, `point`, `date`) VALUES ('HP51N7', '0', '2025-11-14 00:05:38');
UPDATE `user_registration` SET `sub_point` = 0, `active_status` = 'no'
WHERE `user_id` = 'HP51N7';
INSERT INTO `arreva_api_logs` (`user_id`, `email`, `endpoint`, `response`, `date`) VALUES ('HP51N7', 'avalossandro5@gmail.com', 'deactivatemember', '\"Unable to find user matching email or contract number or otherid\"', '2025-11-14 00:05:38');
INSERT INTO `inactive_history` (`user_id`, `commission_balance`, `amount`, `date`) VALUES ('HP51N7', '0', '150', '2025-11-14 00:05:38');
INSERT INTO `inactive_point_history` (`user_id`, `point`, `date`) VALUES ('JIYOH4', '0', '2025-11-14 00:05:38');
UPDATE `user_registration` SET `sub_point` = 0, `active_status` = 'no'
WHERE `user_id` = 'JIYOH4';
INSERT INTO `arreva_api_logs` (`user_id`, `email`, `endpoint`, `response`, `date`) VALUES ('JIYOH4', 'ikabemi70@gmail.com', 'deactivatemember', '\"Unable to find user matching email or contract number or otherid\"', '2025-11-14 00:05:38');
INSERT INTO `inactive_history` (`user_id`, `commission_balance`, `amount`, `date`) VALUES ('JIYOH4', '0', '150', '2025-11-14 00:05:38');
INSERT INTO `inactive_point_history` (`user_id`, `point`, `date`) VALUES ('AO42V8', '0', '2025-11-14 00:05:38');
UPDATE `user_registration` SET `sub_point` = 0, `active_status` = 'no'
WHERE `user_id` = 'AO42V8';
INSERT INTO `arreva_api_logs` (`user_id`, `email`, `endpoint`, `response`, `date`) VALUES ('AO42V8', 'at71164@gmail.com', 'deactivatemember', '\"Unable to find user matching email or contract number or otherid\"', '2025-11-14 00:05:38');
INSERT INTO `inactive_history` (`user_id`, `commission_balance`, `amount`, `date`) VALUES ('AO42V8', '0', '150', '2025-11-14 00:05:38');
INSERT INTO `inactive_point_history` (`user_id`, `point`, `date`) VALUES ('OI3UR6', '0', '2025-11-14 00:05:38');
UPDATE `user_registration` SET `sub_point` = 0, `active_status` = 'no'
WHERE `user_id` = 'OI3UR6';
INSERT INTO `arreva_api_logs` (`user_id`, `email`, `endpoint`, `response`, `date`) VALUES ('OI3UR6', 'marilin214@yahoo.com', 'deactivatemember', '\"Unable to find user matching email or contract number or otherid\"', '2025-11-14 00:05:39');
INSERT INTO `inactive_history` (`user_id`, `commission_balance`, `amount`, `date`) VALUES ('OI3UR6', '0', '150', '2025-11-14 00:05:39');
INSERT INTO `inactive_point_history` (`user_id`, `point`, `date`) VALUES ('M5FNDM', '0', '2025-11-14 00:05:39');
UPDATE `user_registration` SET `sub_point` = 0, `active_status` = 'no'
WHERE `user_id` = 'M5FNDM';
INSERT INTO `arreva_api_logs` (`user_id`, `email`, `endpoint`, `response`, `date`) VALUES ('M5FNDM', 'tanite0369@gmail.com', 'deactivatemember', '\"Unable to find user matching email or contract number or otherid\"', '2025-11-14 00:05:39');
INSERT INTO `inactive_history` (`user_id`, `commission_balance`, `amount`, `date`) VALUES ('M5FNDM', '50', '150', '2025-11-14 00:05:39');
INSERT INTO `inactive_point_history` (`user_id`, `point`, `date`) VALUES ('AQ47VU', '0', '2025-11-14 00:05:39');
UPDATE `user_registration` SET `sub_point` = 0, `active_status` = 'no'
WHERE `user_id` = 'AQ47VU';
INSERT INTO `arreva_api_logs` (`user_id`, `email`, `endpoint`, `response`, `date`) VALUES ('AQ47VU', 'luritzabatista@yahoo.com', 'deactivatemember', '\"Unable to find user matching email or contract number or otherid\"', '2025-11-14 00:05:39');
INSERT INTO `inactive_history` (`user_id`, `commission_balance`, `amount`, `date`) VALUES ('AQ47VU', '0', '150', '2025-11-14 00:05:39');
INSERT INTO `inactive_point_history` (`user_id`, `point`, `date`) VALUES ('XIP2DP', '0', '2025-11-14 00:05:39');
UPDATE `user_registration` SET `sub_point` = 0, `active_status` = 'no'
WHERE `user_id` = 'XIP2DP';
INSERT INTO `arreva_api_logs` (`user_id`, `email`, `endpoint`, `response`, `date`) VALUES ('XIP2DP', 'zaldivar.julian@gmail.com', 'deactivatemember', '\"Unable to find user matching email or contract number or otherid\"', '2025-11-14 00:05:39');
INSERT INTO `inactive_history` (`user_id`, `commission_balance`, `amount`, `date`) VALUES ('XIP2DP', '0', '150', '2025-11-14 00:05:39');
INSERT INTO `inactive_point_history` (`user_id`, `point`, `date`) VALUES ('9WFPZ6', '0', '2025-11-14 00:05:39');
UPDATE `user_registration` SET `sub_point` = 0, `active_status` = 'no'
WHERE `user_id` = '9WFPZ6';
INSERT INTO `arreva_api_logs` (`user_id`, `email`, `endpoint`, `response`, `date`) VALUES ('9WFPZ6', 'yuniorquevedogarcia03@gmail.com', 'deactivatemember', '\"Unable to find user matching email or contract number or otherid\"', '2025-11-14 00:05:40');
INSERT INTO `inactive_history` (`user_id`, `commission_balance`, `amount`, `date`) VALUES ('9WFPZ6', '20', '150', '2025-11-14 00:05:40');
INSERT INTO `inactive_point_history` (`user_id`, `point`, `date`) VALUES ('L8O2QX', '0', '2025-11-14 00:05:40');
UPDATE `user_registration` SET `sub_point` = 0, `active_status` = 'no'
WHERE `user_id` = 'L8O2QX';
INSERT INTO `arreva_api_logs` (`user_id`, `email`, `endpoint`, `response`, `date`) VALUES ('L8O2QX', 'andresroldano18@gmail.com', 'deactivatemember', '\"Unable to find user matching email or contract number or otherid\"', '2025-11-14 00:05:40');
INSERT INTO `inactive_history` (`user_id`, `commission_balance`, `amount`, `date`) VALUES ('L8O2QX', '0', '50', '2025-11-14 00:05:40');
INSERT INTO `inactive_point_history` (`user_id`, `point`, `date`) VALUES ('7HHJ17', '0', '2025-11-14 00:05:40');
UPDATE `user_registration` SET `sub_point` = 0, `active_status` = 'no'
WHERE `user_id` = '7HHJ17';
INSERT INTO `arreva_api_logs` (`user_id`, `email`, `endpoint`, `response`, `date`) VALUES ('7HHJ17', 'roigexcelencia5197148@gmail.com', 'deactivatemember', '\"Unable to find user matching email or contract number or otherid\"', '2025-11-14 00:05:40');
INSERT INTO `inactive_history` (`user_id`, `commission_balance`, `amount`, `date`) VALUES ('7HHJ17', '0', '150', '2025-11-14 00:05:40');
INSERT INTO `inactive_point_history` (`user_id`, `point`, `date`) VALUES ('H5E5WF', '0', '2025-11-14 00:05:40');
UPDATE `user_registration` SET `sub_point` = 0, `active_status` = 'no'
WHERE `user_id` = 'H5E5WF';
INSERT INTO `arreva_api_logs` (`user_id`, `email`, `endpoint`, `response`, `date`) VALUES ('H5E5WF', 'cskloco@gmail.com', 'deactivatemember', '\"Unable to find user matching email or contract number or otherid\"', '2025-11-14 00:05:40');
INSERT INTO `inactive_history` (`user_id`, `commission_balance`, `amount`, `date`) VALUES ('H5E5WF', '125', '150', '2025-11-14 00:05:40');
INSERT INTO `inactive_point_history` (`user_id`, `point`, `date`) VALUES ('NTAGI6', '0', '2025-11-14 00:05:40');
UPDATE `user_registration` SET `sub_point` = 0, `active_status` = 'no'
WHERE `user_id` = 'NTAGI6';
INSERT INTO `arreva_api_logs` (`user_id`, `email`, `endpoint`, `response`, `date`) VALUES ('NTAGI6', 'elizabeth_pardo91@yahoo.com', 'deactivatemember', '\"Unable to find user matching email or contract number or otherid\"', '2025-11-14 00:05:41');
INSERT INTO `inactive_history` (`user_id`, `commission_balance`, `amount`, `date`) VALUES ('NTAGI6', '0', '150', '2025-11-14 00:05:41');
INSERT INTO `inactive_point_history` (`user_id`, `point`, `date`) VALUES ('Z5DNR2', '0', '2025-11-14 00:05:41');
UPDATE `user_registration` SET `sub_point` = 0, `active_status` = 'no'
WHERE `user_id` = 'Z5DNR2';
INSERT INTO `arreva_api_logs` (`user_id`, `email`, `endpoint`, `response`, `date`) VALUES ('Z5DNR2', 'kelly_azate@yahoo.com', 'deactivatemember', '\"Unable to find user matching email or contract number or otherid\"', '2025-11-14 00:05:41');
INSERT INTO `inactive_history` (`user_id`, `commission_balance`, `amount`, `date`) VALUES ('Z5DNR2', '0', '150', '2025-11-14 00:05:41');
INSERT INTO `inactive_point_history` (`user_id`, `point`, `date`) VALUES ('7P5XVX', '0', '2025-11-14 00:05:41');
UPDATE `user_registration` SET `sub_point` = 0, `active_status` = 'no'
WHERE `user_id` = '7P5XVX';
INSERT INTO `arreva_api_logs` (`user_id`, `email`, `endpoint`, `response`, `date`) VALUES ('7P5XVX', 'deylonhernandez@icloud.com', 'deactivatemember', '\"Unable to find user matching email or contract number or otherid\"', '2025-11-14 00:05:41');
INSERT INTO `inactive_history` (`user_id`, `commission_balance`, `amount`, `date`) VALUES ('7P5XVX', '0', '150', '2025-11-14 00:05:41');
INSERT INTO `inactive_point_history` (`user_id`, `point`, `date`) VALUES ('SCC34I', '0', '2025-11-14 00:05:41');
UPDATE `user_registration` SET `sub_point` = 0, `active_status` = 'no'
WHERE `user_id` = 'SCC34I';
INSERT INTO `arreva_api_logs` (`user_id`, `email`, `endpoint`, `response`, `date`) VALUES ('SCC34I', 'Avalossandro08@gmail.com', 'deactivatemember', '\"Unable to find user matching email or contract number or otherid\"', '2025-11-14 00:05:41');
INSERT INTO `inactive_history` (`user_id`, `commission_balance`, `amount`, `date`) VALUES ('SCC34I', '0', '150', '2025-11-14 00:05:41');
INSERT INTO `inactive_point_history` (`user_id`, `point`, `date`) VALUES ('J4BGK4', '0', '2025-11-14 00:05:41');
UPDATE `user_registration` SET `sub_point` = 0, `active_status` = 'no'
WHERE `user_id` = 'J4BGK4';
INSERT INTO `arreva_api_logs` (`user_id`, `email`, `endpoint`, `response`, `date`) VALUES ('J4BGK4', 'rodriguezjf2000@yahoo.com', 'deactivatemember', '\"Unable to find user matching email or contract number or otherid\"', '2025-11-14 00:05:42');
INSERT INTO `inactive_history` (`user_id`, `commission_balance`, `amount`, `date`) VALUES ('J4BGK4', '0', '150', '2025-11-14 00:05:42');
INSERT INTO `inactive_point_history` (`user_id`, `point`, `date`) VALUES ('K67AMG', '0', '2025-11-14 00:05:42');
UPDATE `user_registration` SET `sub_point` = 0, `active_status` = 'no'
WHERE `user_id` = 'K67AMG';
INSERT INTO `arreva_api_logs` (`user_id`, `email`, `endpoint`, `response`, `date`) VALUES ('K67AMG', 'carlohernandez1963@gmail.com', 'deactivatemember', '\"Unable to find user matching email or contract number or otherid\"', '2025-11-14 00:05:42');
INSERT INTO `inactive_history` (`user_id`, `commission_balance`, `amount`, `date`) VALUES ('K67AMG', '0', '150', '2025-11-14 00:05:42');
INSERT INTO `inactive_point_history` (`user_id`, `point`, `date`) VALUES ('N6VMK1', '0', '2025-11-14 00:05:42');
UPDATE `user_registration` SET `sub_point` = 0, `active_status` = 'no'
WHERE `user_id` = 'N6VMK1';
INSERT INTO `arreva_api_logs` (`user_id`, `email`, `endpoint`, `response`, `date`) VALUES ('N6VMK1', 'javier.rodriguez.novelo@gmail.com', 'deactivatemember', '\"Unable to find user matching email or contract number or otherid\"', '2025-11-14 00:05:42');
INSERT INTO `inactive_history` (`user_id`, `commission_balance`, `amount`, `date`) VALUES ('N6VMK1', '0', '150', '2025-11-14 00:05:42');
INSERT INTO `inactive_point_history` (`user_id`, `point`, `date`) VALUES ('2WYFRD', '0', '2025-11-14 00:05:42');
UPDATE `user_registration` SET `sub_point` = 0, `active_status` = 'no'
WHERE `user_id` = '2WYFRD';
INSERT INTO `arreva_api_logs` (`user_id`, `email`, `endpoint`, `response`, `date`) VALUES ('2WYFRD', 'sotolongor+37@gmail.com', 'deactivatemember', 'true', '2025-11-14 00:05:43');
INSERT INTO `inactive_history` (`user_id`, `commission_balance`, `amount`, `date`) VALUES ('2WYFRD', '0', '150', '2025-11-14 00:05:43');
INSERT INTO `inactive_point_history` (`user_id`, `point`, `date`) VALUES ('DFEDKO', '0', '2025-11-14 00:05:43');
UPDATE `user_registration` SET `sub_point` = 0, `active_status` = 'no'
WHERE `user_id` = 'DFEDKO';
INSERT INTO `arreva_api_logs` (`user_id`, `email`, `endpoint`, `response`, `date`) VALUES ('DFEDKO', 'anegociarfree+1@gmail.com', 'deactivatemember', 'true', '2025-11-14 00:05:43');
INSERT INTO `inactive_history` (`user_id`, `commission_balance`, `amount`, `date`) VALUES ('DFEDKO', '20', '150', '2025-11-14 00:05:43');
INSERT INTO `inactive_point_history` (`user_id`, `point`, `date`) VALUES ('N5PLRR', '0', '2025-11-14 00:05:43');
UPDATE `user_registration` SET `sub_point` = 0, `active_status` = 'no'
WHERE `user_id` = 'N5PLRR';
INSERT INTO `arreva_api_logs` (`user_id`, `email`, `endpoint`, `response`, `date`) VALUES ('N5PLRR', 'deeptalent.boza@gmail.com', 'deactivatemember', '\"Unable to find user matching email or contract number or otherid\"', '2025-11-14 00:05:43');
INSERT INTO `inactive_history` (`user_id`, `commission_balance`, `amount`, `date`) VALUES ('N5PLRR', '30', '50', '2025-11-14 00:05:43');
INSERT INTO `inactive_point_history` (`user_id`, `point`, `date`) VALUES ('RSM4DG', '0', '2025-11-14 00:05:43');
UPDATE `user_registration` SET `sub_point` = 0, `active_status` = 'no'
WHERE `user_id` = 'RSM4DG';
INSERT INTO `arreva_api_logs` (`user_id`, `email`, `endpoint`, `response`, `date`) VALUES ('RSM4DG', 'fssicentral+1@gmail.com', 'deactivatemember', '\"Unable to find user matching email or contract number or otherid\"', '2025-11-14 00:05:43');
INSERT INTO `inactive_history` (`user_id`, `commission_balance`, `amount`, `date`) VALUES ('RSM4DG', '30', '50', '2025-11-14 00:05:43');
INSERT INTO `inactive_point_history` (`user_id`, `point`, `date`) VALUES ('V43EWT', '0', '2025-11-14 00:05:43');
UPDATE `user_registration` SET `sub_point` = 0, `active_status` = 'no'
WHERE `user_id` = 'V43EWT';
INSERT INTO `arreva_api_logs` (`user_id`, `email`, `endpoint`, `response`, `date`) VALUES ('V43EWT', 'deeptalent+1@hotmail.com', 'deactivatemember', '\"Unable to find user matching email or contract number or otherid\"', '2025-11-14 00:05:43');
INSERT INTO `inactive_history` (`user_id`, `commission_balance`, `amount`, `date`) VALUES ('V43EWT', '0', '50', '2025-11-14 00:05:43');
INSERT INTO `inactive_point_history` (`user_id`, `point`, `date`) VALUES ('NDTM1I', '0', '2025-11-14 00:05:43');
UPDATE `user_registration` SET `sub_point` = 0, `active_status` = 'no'
WHERE `user_id` = 'NDTM1I';
INSERT INTO `arreva_api_logs` (`user_id`, `email`, `endpoint`, `response`, `date`) VALUES ('NDTM1I', 'deeptalent+2@hotmail.com', 'deactivatemember', '\"Unable to find user matching email or contract number or otherid\"', '2025-11-14 00:05:44');
INSERT INTO `inactive_history` (`user_id`, `commission_balance`, `amount`, `date`) VALUES ('NDTM1I', '0', '50', '2025-11-14 00:05:44');
INSERT INTO `inactive_point_history` (`user_id`, `point`, `date`) VALUES ('GCLF2W', '0', '2025-11-14 00:05:44');
UPDATE `user_registration` SET `sub_point` = 0, `active_status` = 'no'
WHERE `user_id` = 'GCLF2W';
INSERT INTO `arreva_api_logs` (`user_id`, `email`, `endpoint`, `response`, `date`) VALUES ('GCLF2W', 'rt.amdream+1@gmail.com', 'deactivatemember', '\"Unable to find user matching email or contract number or otherid\"', '2025-11-14 00:05:44');
INSERT INTO `inactive_history` (`user_id`, `commission_balance`, `amount`, `date`) VALUES ('GCLF2W', '20', '50', '2025-11-14 00:05:44');
INSERT INTO `inactive_point_history` (`user_id`, `point`, `date`) VALUES ('6HA49X', '0', '2025-11-14 00:05:44');
UPDATE `user_registration` SET `sub_point` = 0, `active_status` = 'no'
WHERE `user_id` = '6HA49X';
INSERT INTO `arreva_api_logs` (`user_id`, `email`, `endpoint`, `response`, `date`) VALUES ('6HA49X', 'fssicentral+2@gmail.com', 'deactivatemember', '\"Unable to find user matching email or contract number or otherid\"', '2025-11-14 00:05:44');
INSERT INTO `inactive_history` (`user_id`, `commission_balance`, `amount`, `date`) VALUES ('6HA49X', '0', '50', '2025-11-14 00:05:44');
INSERT INTO `inactive_point_history` (`user_id`, `point`, `date`) VALUES ('CN59WR', '0', '2025-11-14 00:05:44');
UPDATE `user_registration` SET `sub_point` = 0, `active_status` = 'no'
WHERE `user_id` = 'CN59WR';
INSERT INTO `arreva_api_logs` (`user_id`, `email`, `endpoint`, `response`, `date`) VALUES ('CN59WR', 'deeptalent.boza+5@gmail.com', 'deactivatemember', '\"Unable to find user matching email or contract number or otherid\"', '2025-11-14 00:05:44');
INSERT INTO `inactive_history` (`user_id`, `commission_balance`, `amount`, `date`) VALUES ('CN59WR', '0', '50', '2025-11-14 00:05:44');
INSERT INTO `inactive_point_history` (`user_id`, `point`, `date`) VALUES ('WCHBRD', '0', '2025-11-14 00:05:44');
UPDATE `user_registration` SET `sub_point` = 0, `active_status` = 'no'
WHERE `user_id` = 'WCHBRD';
INSERT INTO `arreva_api_logs` (`user_id`, `email`, `endpoint`, `response`, `date`) VALUES ('WCHBRD', 'nrproducts20+11@gmail.com', 'deactivatemember', '\"Unable to find user matching email or contract number or otherid\"', '2025-11-14 00:05:45');
INSERT INTO `inactive_history` (`user_id`, `commission_balance`, `amount`, `date`) VALUES ('WCHBRD', '0', '50', '2025-11-14 00:05:45');
INSERT INTO `inactive_point_history` (`user_id`, `point`, `date`) VALUES ('MHTJIU', '0', '2025-11-14 00:05:45');
UPDATE `user_registration` SET `sub_point` = 0, `active_status` = 'no'
WHERE `user_id` = 'MHTJIU';
INSERT INTO `arreva_api_logs` (`user_id`, `email`, `endpoint`, `response`, `date`) VALUES ('MHTJIU', 'onielguerra+2@yahoo.com', 'deactivatemember', '\"Unable to find user matching email or contract number or otherid\"', '2025-11-14 00:05:45');
INSERT INTO `inactive_history` (`user_id`, `commission_balance`, `amount`, `date`) VALUES ('MHTJIU', '20', '50', '2025-11-14 00:05:45');
INSERT INTO `inactive_point_history` (`user_id`, `point`, `date`) VALUES ('C66Y3L', '0', '2025-11-14 00:05:45');
UPDATE `user_registration` SET `sub_point` = 0, `active_status` = 'no'
WHERE `user_id` = 'C66Y3L';
INSERT INTO `arreva_api_logs` (`user_id`, `email`, `endpoint`, `response`, `date`) VALUES ('C66Y3L', 'fssicentral+12@gmail.com', 'deactivatemember', '\"Unable to find user matching email or contract number or otherid\"', '2025-11-14 00:05:45');
INSERT INTO `inactive_history` (`user_id`, `commission_balance`, `amount`, `date`) VALUES ('C66Y3L', '20', '50', '2025-11-14 00:05:45');
INSERT INTO `inactive_point_history` (`user_id`, `point`, `date`) VALUES ('4OOCCH', '0', '2025-11-14 00:05:45');
UPDATE `user_registration` SET `sub_point` = 0, `active_status` = 'no'
WHERE `user_id` = '4OOCCH';
INSERT INTO `arreva_api_logs` (`user_id`, `email`, `endpoint`, `response`, `date`) VALUES ('4OOCCH', 'sfssi+11@gmail.com', 'deactivatemember', '\"Unable to find user matching email or contract number or otherid\"', '2025-11-14 00:05:45');
INSERT INTO `inactive_history` (`user_id`, `commission_balance`, `amount`, `date`) VALUES ('4OOCCH', '0', '50', '2025-11-14 00:05:45');
INSERT INTO `inactive_point_history` (`user_id`, `point`, `date`) VALUES ('G4EQDP', '0', '2025-11-14 00:05:45');
UPDATE `user_registration` SET `sub_point` = 0, `active_status` = 'no'
WHERE `user_id` = 'G4EQDP';
INSERT INTO `arreva_api_logs` (`user_id`, `email`, `endpoint`, `response`, `date`) VALUES ('G4EQDP', 'sfssiw+13@gmail.com', 'deactivatemember', '\"Unable to find user matching email or contract number or otherid\"', '2025-11-14 00:05:46');
INSERT INTO `inactive_history` (`user_id`, `commission_balance`, `amount`, `date`) VALUES ('G4EQDP', '0', '50', '2025-11-14 00:05:46');
INSERT INTO `inactive_point_history` (`user_id`, `point`, `date`) VALUES ('G95C91', '0', '2025-11-14 00:05:46');
UPDATE `user_registration` SET `sub_point` = 0, `active_status` = 'no'
WHERE `user_id` = 'G95C91';
INSERT INTO `arreva_api_logs` (`user_id`, `email`, `endpoint`, `response`, `date`) VALUES ('G95C91', 'sfssiw+15@gmail.com', 'deactivatemember', '\"Unable to find user matching email or contract number or otherid\"', '2025-11-14 00:05:46');
INSERT INTO `inactive_history` (`user_id`, `commission_balance`, `amount`, `date`) VALUES ('G95C91', '0', '50', '2025-11-14 00:05:46');
INSERT INTO `inactive_point_history` (`user_id`, `point`, `date`) VALUES ('SZ1N3Z', '0', '2025-11-14 00:05:46');
UPDATE `user_registration` SET `sub_point` = 0, `active_status` = 'no'
WHERE `user_id` = 'SZ1N3Z';
INSERT INTO `arreva_api_logs` (`user_id`, `email`, `endpoint`, `response`, `date`) VALUES ('SZ1N3Z', 'sfssiw+16@gmail.com', 'deactivatemember', '\"Unable to find user matching email or contract number or otherid\"', '2025-11-14 00:05:46');
INSERT INTO `inactive_history` (`user_id`, `commission_balance`, `amount`, `date`) VALUES ('SZ1N3Z', '0', '50', '2025-11-14 00:05:46');
INSERT INTO `inactive_point_history` (`user_id`, `point`, `date`) VALUES ('4S3VM7', '0', '2025-11-14 00:05:46');
UPDATE `user_registration` SET `sub_point` = 0, `active_status` = 'no'
WHERE `user_id` = '4S3VM7';
INSERT INTO `arreva_api_logs` (`user_id`, `email`, `endpoint`, `response`, `date`) VALUES ('4S3VM7', 'sfssiw+17@gmail.com', 'deactivatemember', '\"Unable to find user matching email or contract number or otherid\"', '2025-11-14 00:05:46');
INSERT INTO `inactive_history` (`user_id`, `commission_balance`, `amount`, `date`) VALUES ('4S3VM7', '0', '50', '2025-11-14 00:05:46');
INSERT INTO `inactive_point_history` (`user_id`, `point`, `date`) VALUES ('G5QCEL', '0', '2025-11-14 00:05:46');
UPDATE `user_registration` SET `sub_point` = 0, `active_status` = 'no'
WHERE `user_id` = 'G5QCEL';
INSERT INTO `arreva_api_logs` (`user_id`, `email`, `endpoint`, `response`, `date`) VALUES ('G5QCEL', 'sfssiw+18@gmail.com', 'deactivatemember', '\"Unable to find user matching email or contract number or otherid\"', '2025-11-14 00:05:47');
INSERT INTO `inactive_history` (`user_id`, `commission_balance`, `amount`, `date`) VALUES ('G5QCEL', '0', '50', '2025-11-14 00:05:47');
INSERT INTO `inactive_point_history` (`user_id`, `point`, `date`) VALUES ('6CYPUS', '0', '2025-11-14 00:05:47');
UPDATE `user_registration` SET `sub_point` = 0, `active_status` = 'no'
WHERE `user_id` = '6CYPUS';
INSERT INTO `arreva_api_logs` (`user_id`, `email`, `endpoint`, `response`, `date`) VALUES ('6CYPUS', 'nquiros@ymail.com', 'deactivatemember', '\"Unable to find user matching email or contract number or otherid\"', '2025-11-14 00:05:47');
INSERT INTO `inactive_history` (`user_id`, `commission_balance`, `amount`, `date`) VALUES ('6CYPUS', '0', '150', '2025-11-14 00:05:47');
INSERT INTO `inactive_point_history` (`user_id`, `point`, `date`) VALUES ('52FDFS', '0', '2025-11-14 00:05:47');
UPDATE `user_registration` SET `sub_point` = 0, `active_status` = 'no'
WHERE `user_id` = '52FDFS';
INSERT INTO `arreva_api_logs` (`user_id`, `email`, `endpoint`, `response`, `date`) VALUES ('52FDFS', 'mariajcarloa@gmail.com', 'deactivatemember', '\"Unable to find user matching email or contract number or otherid\"', '2025-11-14 00:05:47');
INSERT INTO `inactive_history` (`user_id`, `commission_balance`, `amount`, `date`) VALUES ('52FDFS', '0', '150', '2025-11-14 00:05:47');
INSERT INTO `inactive_point_history` (`user_id`, `point`, `date`) VALUES ('LI6NAA', '0', '2025-11-14 00:05:47');
UPDATE `user_registration` SET `sub_point` = 0, `active_status` = 'no'
WHERE `user_id` = 'LI6NAA';
INSERT INTO `arreva_api_logs` (`user_id`, `email`, `endpoint`, `response`, `date`) VALUES ('LI6NAA', 'sotolongor+96@gmail.com', 'deactivatemember', 'true', '2025-11-14 00:05:47');
INSERT INTO `inactive_history` (`user_id`, `commission_balance`, `amount`, `date`) VALUES ('LI6NAA', '0', '150', '2025-11-14 00:05:47');
INSERT INTO `inactive_point_history` (`user_id`, `point`, `date`) VALUES ('NOBRW6', '0', '2025-11-14 00:05:47');
UPDATE `user_registration` SET `sub_point` = 0, `active_status` = 'no'
WHERE `user_id` = 'NOBRW6';
INSERT INTO `arreva_api_logs` (`user_id`, `email`, `endpoint`, `response`, `date`) VALUES ('NOBRW6', 'yosvanyperezcruckshank@gmail.com', 'deactivatemember', 'true', '2025-11-14 00:05:48');
INSERT INTO `inactive_history` (`user_id`, `commission_balance`, `amount`, `date`) VALUES ('NOBRW6', '0', '150', '2025-11-14 00:05:48');
INSERT INTO `inactive_point_history` (`user_id`, `point`, `date`) VALUES ('BBBUQN', '0', '2025-11-14 00:05:48');
UPDATE `user_registration` SET `sub_point` = 0, `active_status` = 'no'
WHERE `user_id` = 'BBBUQN';
INSERT INTO `arreva_api_logs` (`user_id`, `email`, `endpoint`, `response`, `date`) VALUES ('BBBUQN', 'unzuealfredo@gmail.com', 'deactivatemember', 'true', '2025-11-14 00:05:48');
INSERT INTO `inactive_history` (`user_id`, `commission_balance`, `amount`, `date`) VALUES ('BBBUQN', '0', '150', '2025-11-14 00:05:48');
INSERT INTO `inactive_point_history` (`user_id`, `point`, `date`) VALUES ('6XB3NC', '0', '2025-11-14 00:05:48');
UPDATE `user_registration` SET `sub_point` = 0, `active_status` = 'no'
WHERE `user_id` = '6XB3NC';
INSERT INTO `arreva_api_logs` (`user_id`, `email`, `endpoint`, `response`, `date`) VALUES ('6XB3NC', 'aymeelucia1971@gmail.com', 'deactivatemember', 'true', '2025-11-14 00:05:48');
INSERT INTO `inactive_history` (`user_id`, `commission_balance`, `amount`, `date`) VALUES ('6XB3NC', '0', '150', '2025-11-14 00:05:48');
UPDATE `cron_job_history` SET `status` = 'done', `date_end` = '2025-11-14 00:05:48'
WHERE `id` = 805;
INSERT INTO `cron_job_history` (`name`, `date_started`, `status`) VALUES ('sendReminderMail', '2025-11-14 00:10:02', 'started');
UPDATE `cron_job_history` SET `status` = 'done', `date_end` = '2025-11-14 00:10:02'
WHERE `id` = 806;
UPDATE `user_registration` SET `popup_seen` = 'no'
WHERE `user_id` IS NULL;
DELETE FROM `ci_sessions`
WHERE `id` = '7584340edfa2262b22465d3bed2b4b1e4fcaab78';
INSERT INTO `login_history` (`user_id`, `device`, `ip_address`, `date`) VALUES ('JHRDHS', 'Mozilla/5.0 (Macintosh; Intel Mac OS X 10_15_7) AppleWebKit/605.1.15 (KHTML, like Gecko) Version/17.6 Safari/605.1.15', '2600:1702:50d0:a580:e4c5:6319:ef70:2280', '25-11-14 00:23');
UPDATE `user_registration` SET `popup_seen` = 'yes'
WHERE `user_id` = 'JHRDHS';
UPDATE `ci_sessions` SET `timestamp` = 1763101774, `data` = '__ci_last_regenerate|i:1763101774;id|s:4:\"2071\";user_id|s:6:\"JHRDHS\";username|s:7:\"mbecena\";sponsor_id|s:6:\"CVVK4C\";fullname|s:12:\"Maria Becena\";email|s:21:\"mbecena@bellsouth.net\";phone|s:10:\"7862360387\";isLogIn|b:1;'
WHERE `id` = '24df4fac9e7d2472efa6b02b57199249ec762c18';
UPDATE `user_registration` SET `popup_seen` = 'yes'
WHERE `user_id` = 'JHRDHS';
INSERT INTO `login_history` (`user_id`, `device`, `ip_address`, `date`) VALUES ('UQO7EQ', 'Mozilla/5.0 (Linux; Android 10; K) AppleWebKit/537.36 (KHTML, like Gecko) Chrome/142.0.0.0 Mobile Safari/537.36', '2607:fb90:7929:c260:b8fe:9f78:98f9:63eb', '25-11-14 06:23');
UPDATE `user_registration` SET `popup_seen` = 'yes'
WHERE `user_id` = 'UQO7EQ';
UPDATE `user_registration` SET `popup_seen` = 'no'
WHERE `user_id` = 'UQO7EQ';
DELETE FROM `ci_sessions`
WHERE `id` = 'aaa93011b9773d3e14bd4c93ab179e915ddbec42';
INSERT INTO `login_history` (`user_id`, `device`, `ip_address`, `date`) VALUES ('JHRDHS', 'Mozilla/5.0 (iPhone; CPU iPhone OS 18_7_1 like Mac OS X) AppleWebKit/605.1.15 (KHTML, like Gecko) Version/18.7 Mobile/15E148 Safari/604.1', '2600:1702:50d0:a580:3d4d:b031:b457:1f18', '25-11-14 07:16');
UPDATE `user_registration` SET `popup_seen` = 'yes'
WHERE `user_id` = 'JHRDHS';
UPDATE `admin` SET `last_logout` = '2025-11-14 07:37:01'
WHERE `id` IS NULL;
DELETE FROM `ci_sessions`
WHERE `id` = '35b9746a9bf98372d46e2aee3a0c0a730bcfa9c1';
UPDATE `admin` SET `last_login` = '2025-11-14 07:37:04', `ip_address` = '85.57.223.138'
WHERE `id` = '1';
UPDATE `admin` SET `last_logout` = '2025-11-14 07:37:08'
WHERE `id` IS NULL;
DELETE FROM `ci_sessions`
WHERE `id` = 'e7ad09528bd002536293b0f2a39f574c2dd2f2de';
UPDATE `ci_sessions` SET `timestamp` = 1763131553, `data` = '__ci_last_regenerate|i:1763131553;isLogIn|b:1;isAdmin|b:1;id|s:1:\"1\";fullname|s:11:\"admin admin\";user_level|s:5:\"Admin\";email|s:23:\"admin@travelegendcy.com\";image|s:53:\"upload/settings/4a1f1b602322adb837a7a3547ee69cf3.jpeg\";last_login|s:19:\"2025-11-13 14:12:06\";last_logout|s:19:\"2025-08-08 12:04:54\";ip_address|s:14:\"172.56.182.117\";message|s:25:\"Welcome back  admin admin\";__ci_vars|a:1:{s:7:\"message\";s:3:\"old\";}'
WHERE `id` = '967155eaeab41ce5e8251b5fe2e7074a17e9882e';
UPDATE `ci_sessions` SET `timestamp` = 1763136202, `data` = '__ci_last_regenerate|i:1763136202;isLogIn|b:1;isAdmin|b:1;id|s:1:\"1\";fullname|s:11:\"admin admin\";user_level|s:5:\"Admin\";email|s:23:\"admin@travelegendcy.com\";image|s:53:\"upload/settings/4a1f1b602322adb837a7a3547ee69cf3.jpeg\";last_login|s:19:\"2025-11-13 14:12:06\";last_logout|s:19:\"2025-08-08 12:04:54\";ip_address|s:14:\"172.56.182.117\";'
WHERE `id` = '26521cf5ff64371dcf40586bd05b16f8d0c2ff15';
INSERT INTO `login_history` (`user_id`, `device`, `ip_address`, `date`) VALUES ('UQO7EQ', 'Mozilla/5.0 (Windows NT 10.0; Win64; x64) AppleWebKit/537.36 (KHTML, like Gecko) Chrome/142.0.0.0 Safari/537.36', '2601:58a:897c:5f70:1120:51d7:ff09:2c53', '25-11-14 10:33');
UPDATE `user_registration` SET `popup_seen` = 'yes'
WHERE `user_id` = 'UQO7EQ';
UPDATE `user_registration` SET `popup_seen` = 'no'
WHERE `user_id` = 'UQO7EQ';
DELETE FROM `ci_sessions`
WHERE `id` = 'ac4a40def9b0ddf0818cb8309836b389dc0a9469';
INSERT INTO `login_history` (`user_id`, `device`, `ip_address`, `date`) VALUES ('EE2FIS', 'Mozilla/5.0 (iPhone; CPU iPhone OS 18_7_1 like Mac OS X) AppleWebKit/605.1.15 (KHTML, like Gecko) Version/18.7 Mobile/15E148 Safari/604.1', '2601:2c5:4481:8fa0:5d53:a1a7:7ab8:abda', '25-11-14 10:58');
UPDATE `user_registration` SET `popup_seen` = 'yes'
WHERE `user_id` = 'EE2FIS';
UPDATE `ci_sessions` SET `timestamp` = 1763139915, `data` = '__ci_last_regenerate|i:1763139915;id|s:4:\"2469\";user_id|s:6:\"EE2FIS\";username|s:9:\"Nancy0626\";sponsor_id|s:6:\"PXOKY7\";fullname|s:13:\"Nancy Porrero\";email|s:21:\"porrero0626@gmail.com\";phone|s:12:\"786 683 9119\";isLogIn|b:1;'
WHERE `id` = 'ac0392d2bf0adf320ffdc90c1420f8e50c1a9514';
UPDATE `user_registration` SET `popup_seen` = 'yes'
WHERE `user_id` = 'EE2FIS';
UPDATE `ci_sessions` SET `timestamp` = 1763142759, `data` = '__ci_last_regenerate|i:1763142759;captcha|s:4:\"l9dy\";'
WHERE `id` = 'cbd46937af8bc004ab2bbcf42025e0463967a14a';
INSERT INTO `login_history` (`user_id`, `device`, `ip_address`, `date`) VALUES ('UQO7EQ', 'Mozilla/5.0 (Windows NT 10.0; Win64; x64) AppleWebKit/537.36 (KHTML, like Gecko) Chrome/142.0.0.0 Safari/537.36', '2601:58a:897c:5f70:1120:51d7:ff09:2c53', '25-11-14 11:52');
UPDATE `user_registration` SET `popup_seen` = 'yes'
WHERE `user_id` = 'UQO7EQ';
UPDATE `user_registration` SET `popup_seen` = 'no'
WHERE `user_id` = 'UQO7EQ';
DELETE FROM `ci_sessions`
WHERE `id` = 'b7da648efb72f341fa80d4a5f3bf91d92dd8eb1a';
UPDATE `ci_sessions` SET `timestamp` = 1763146043, `data` = '__ci_last_regenerate|i:1763146043;captcha|s:4:\"epye\";'
WHERE `id` = 'ff9642d004dacaf20ffb4f43292cff5d55cb9f80';
INSERT INTO `login_history` (`user_id`, `device`, `ip_address`, `date`) VALUES ('UQO7EQ', 'Mozilla/5.0 (Windows NT 10.0; Win64; x64) AppleWebKit/537.36 (KHTML, like Gecko) Chrome/142.0.0.0 Safari/537.36', '2601:58a:897c:5f70:1120:51d7:ff09:2c53', '25-11-14 12:47');
UPDATE `user_registration` SET `popup_seen` = 'yes'
WHERE `user_id` = 'UQO7EQ';
UPDATE `user_registration` SET `popup_seen` = 'no'
WHERE `user_id` = 'UQO7EQ';
DELETE FROM `ci_sessions`
WHERE `id` = 'ce284d16e4eebaaf2476e01a323f819f4edffb33';
INSERT INTO `login_history` (`user_id`, `device`, `ip_address`, `date`) VALUES ('UQO7EQ', 'Mozilla/5.0 (iPhone; CPU iPhone OS 18_5 like Mac OS X) AppleWebKit/605.1.15 (KHTML, like Gecko) Version/18.5 Mobile/15E148 Safari/604.1', '2607:fb91:c33:25f:c9e3:d95a:7e27:e768', '25-11-14 15:41');
UPDATE `user_registration` SET `popup_seen` = 'yes'
WHERE `user_id` = 'UQO7EQ';
UPDATE `ci_sessions` SET `timestamp` = 1763156895, `data` = '__ci_last_regenerate|i:1763156895;id|s:4:\"2042\";user_id|s:6:\"UQO7EQ\";username|s:6:\"Rafa51\";sponsor_id|s:6:\"N6GZAE\";fullname|s:16:\"Rafael Rodriguez\";email|s:18:\"rafagana@yahoo.com\";phone|s:10:\"3057610606\";isLogIn|b:1;'
WHERE `id` = 'd744eafda2fcfb3cfdc0b574f5ac824b48297924';
UPDATE `user_registration` SET `popup_seen` = 'no'
WHERE `user_id` = 'UQO7EQ';
DELETE FROM `ci_sessions`
WHERE `id` = '5b7ee74b50cb2c7921d11c82ae0b6e9eb833237f';
INSERT INTO `login_history` (`user_id`, `device`, `ip_address`, `date`) VALUES ('BBBUQN', 'Mozilla/5.0 (Macintosh; Intel Mac OS X 10_15_7) AppleWebKit/605.1.15 (KHTML, like Gecko) Version/18.5 Safari/605.1.15', '97.221.38.225', '25-11-14 15:55');
UPDATE `user_registration` SET `popup_seen` = 'yes'
WHERE `user_id` = 'BBBUQN';
INSERT INTO `temp_register` (`post_data`, `date`, `payment_method`, `type`) VALUES ('{\"user_id\":\"BBBUQN\",\"package_id\":\"2\",\"amount\":\"150\",\"payment_method\":\"stripe\",\"date\":\"2025-11-14 15:56:32\"}', '2025-11-14 15:56:32', 'stripe', 'renew');
UPDATE `temp_register` SET `response` = '{\"stripeToken\":\"tok_1STUzv2NUoYUjiuu6VU0HDJp\",\"stripeTokenType\":\"card\",\"stripeEmail\":\"angelito.magaly@gmail.com\"}', `date_modified` = '2025-11-14 15:57:45', `payment_status` = '{\"id\":\"ch_3STV002NUoYUjiuu1z3u9KYR\",\"object\":\"charge\",\"amount\":15000,\"amount_captured\":15000,\"amount_refunded\":0,\"application\":null,\"application_fee\":null,\"application_fee_amount\":null,\"balance_transaction\":\"txn_3STV002NUoYUjiuu1kGify4E\",\"billing_details\":{\"address\":{\"city\":null,\"country\":null,\"line1\":null,\"line2\":null,\"postal_code\":null,\"state\":null},\"email\":null,\"name\":\"angelito.magaly@gmail.com\",\"phone\":null,\"tax_id\":null},\"calculated_statement_descriptor\":\"TRAVELEGENDCY LLC\",\"captured\":true,\"created\":1763157464,\"currency\":\"usd\",\"customer\":\"cus_TQLhh2dxwTNETa\",\"description\":null,\"destination\":null,\"dispute\":null,\"disputed\":false,\"failure_balance_transaction\":null,\"failure_code\":null,\"failure_message\":null,\"fraud_details\":[],\"invoice\":null,\"livemode\":true,\"metadata\":{\"name\":\"Alfredo Unzue\",\"username\":\"UNZUE\"},\"on_behalf_of\":null,\"order\":null,\"outcome\":{\"advice_code\":null,\"network_advice_code\":null,\"network_decline_code\":null,\"network_status\":\"approved_by_network\",\"reason\":null,\"risk_level\":\"normal\",\"seller_message\":\"Payment complete.\",\"type\":\"authorized\"},\"paid\":true,\"payment_intent\":null,\"payment_method\":\"card_1STUzv2NUoYUjiuuHBAtLBDh\",\"payment_method_details\":{\"card\":{\"amount_authorized\":15000,\"authorization_code\":\"873598\",\"brand\":\"visa\",\"checks\":{\"address_line1_check\":null,\"address_postal_code_check\":null,\"cvc_check\":\"pass\"},\"country\":\"US\",\"exp_month\":4,\"exp_year\":2029,\"extended_authorization\":{\"status\":\"disabled\"},\"fingerprint\":\"o7cbNGr9Yw2IZzWG\",\"funding\":\"debit\",\"incremental_authorization\":{\"status\":\"unavailable\"},\"installments\":null,\"last4\":\"3191\",\"mandate\":null,\"multicapture\":{\"status\":\"unavailable\"},\"network\":\"visa\",\"network_token\":{\"used\":true},\"network_transaction_id\":\"305318790642434\",\"overcapture\":{\"maximum_amount_capturable\":15000,\"status\":\"unavailable\"},\"regulated_status\":\"regulated\",\"three_d_secure\":null,\"wallet\":null},\"type\":\"card\"},\"receipt_email\":null,\"receipt_number\":null,\"receipt_url\":\"https:\\/\\/pay.stripe.com\\/receipts\\/payment\\/CAcQARoXChVhY2N0XzFRUEFGdjJOVW9ZVWppdXUo2cveyAYyBqzd7lEsYTosFslGh8__FD8lXOevuiA4yGoL_BpMn-rKTRTNWivmOABPAuaAPvM7uq2s7YI\",\"refunded\":false,\"review\":null,\"shipping\":null,\"source\":{\"id\":\"card_1STUzv2NUoYUjiuuHBAtLBDh\",\"object\":\"card\",\"address_city\":null,\"address_country\":null,\"address_line1\":null,\"address_line1_check\":null,\"address_line2\":null,\"address_state\":null,\"address_zip\":null,\"address_zip_check\":null,\"allow_redisplay\":\"unspecified\",\"brand\":\"Visa\",\"country\":\"US\",\"customer\":\"cus_TQLhh2dxwTNETa\",\"cvc_check\":\"pass\",\"dynamic_last4\":null,\"email\":null,\"exp_month\":4,\"exp_year\":2029,\"fingerprint\":\"o7cbNGr9Yw2IZzWG\",\"funding\":\"debit\",\"last4\":\"3191\",\"metadata\":[],\"name\":\"angelito.magaly@gmail.com\",\"phone\":null,\"regulated_status\":\"regulated\",\"tokenization_method\":null,\"wallet\":null},\"source_transfer\":null,\"statement_descriptor\":null,\"statement_descriptor_suffix\":null,\"status\":\"succeeded\",\"transfer_data\":null,\"transfer_group\":null}'
WHERE `id` = 1187;
INSERT INTO `sub_history` (`user_id`, `package_id`, `amount`, `payment_method`, `date`) VALUES ('BBBUQN', '2', '150', 'Stripe', '2025-11-14 15:57:45');
UPDATE `user_registration` SET sub_point = ROUND(sub_point + 150,2)
WHERE `user_id` = 'BBBUQN';
INSERT INTO `investment` (`invest_date`, `user_id`, `type`, `amount`, `package_id`) VALUES ('2025-11-14 15:57:45', 'BBBUQN', 'subscription', '150', '2');
INSERT INTO `earnings` (`user_id`, `Purchaser_id`, `earning_type`, `package_id`, `amount`, `date`, `comments`, `invest_amount`, `comm_perc`, `level`, `rank_id`, `order_id`) VALUES ('8ZH73R', 'BBBUQN', 'Subscription Referral Bonus', '2', '37.5', '2025-11-14 15:57:45', 'Subscription Referral Bonus', 0, 0, 1, '', 1223);
UPDATE `user_registration` SET commission_balance = ROUND(commission_balance + 37.5,2)
WHERE `user_id` = '8ZH73R';
UPDATE `user_registration` SET total_points = ROUND(total_points + 150,2)
WHERE `user_id` = 'BBBUQN';
INSERT INTO `points_history` (`user_id`, `points`, `type`, `date`) VALUES ('BBBUQN', '150', 'subscription', '2025-11-14 15:57:');
UPDATE `bv_updation` SET left_carry = left_carry+150, total_left = total_left+150
WHERE `user_id` = '8ZH73R';
INSERT INTO `placement_bv_update_history` (`left_carry`, `date`, `from_id`, `user_id`) VALUES ('150', '2025-11-14 15:57:45', 'BBBUQN', '8ZH73R');
UPDATE `bv_updation` SET sponsor_left_carry = sponsor_left_carry+150, sponsor_total_left = sponsor_total_left+150
WHERE `user_id` = '8ZH73R';
INSERT INTO `sponsor_bv_update_history` (`left_carry`, `date`, `user_id`) VALUES ('150', '2025-11-14 15:57:45', '8ZH73R');
UPDATE `bv_updation` SET left_carry = left_carry+150, total_left = total_left+150
WHERE `user_id` = 'YFRSTE';
INSERT INTO `placement_bv_update_history` (`left_carry`, `date`, `from_id`, `user_id`) VALUES ('150', '2025-11-14 15:57:45', 'BBBUQN', 'YFRSTE');
UPDATE `bv_updation` SET left_carry = left_carry+150, total_left = total_left+150
WHERE `user_id` = 'UT8WM5';
INSERT INTO `placement_bv_update_history` (`left_carry`, `date`, `from_id`, `user_id`) VALUES ('150', '2025-11-14 15:57:45', 'BBBUQN', 'UT8WM5');
UPDATE `bv_updation` SET left_carry = left_carry+150, total_left = total_left+150
WHERE `user_id` = 'UXMQZD';
INSERT INTO `placement_bv_update_history` (`left_carry`, `date`, `from_id`, `user_id`) VALUES ('150', '2025-11-14 15:57:45', 'BBBUQN', 'UXMQZD');
UPDATE `user_registration` SET `cycle_rank_id` = '1'
WHERE `user_id` = 'UXMQZD';
INSERT INTO `rank_history` (`rank_id`, `user_id`, `name`, `bv`, `date`, `amount`, `type`) VALUES ('1', 'UXMQZD', 'Affiliate', '0', '2025-11-14 15:57:45', '0', 'auto');
UPDATE `bv_updation` SET right_carry = right_carry+150, total_right = total_right+150
WHERE `user_id` = 'O94ZPY';
INSERT INTO `placement_bv_update_history` (`right_carry`, `date`, `from_id`, `user_id`) VALUES ('150', '2025-11-14 15:57:45', 'BBBUQN', 'O94ZPY');
UPDATE `user_registration` SET `cycle_rank_id` = '1'
WHERE `user_id` = 'O94ZPY';
INSERT INTO `rank_history` (`rank_id`, `user_id`, `name`, `bv`, `date`, `amount`, `type`) VALUES ('1', 'O94ZPY', 'Affiliate', '0', '2025-11-14 15:57:45', '0', 'auto');
UPDATE `bv_updation` SET right_carry = right_carry+150, total_right = total_right+150
WHERE `user_id` = 'JHRDHS';
INSERT INTO `placement_bv_update_history` (`right_carry`, `date`, `from_id`, `user_id`) VALUES ('150', '2025-11-14 15:57:45', 'BBBUQN', 'JHRDHS');
UPDATE `user_registration` SET `cycle_rank_id` = '2'
WHERE `user_id` = 'JHRDHS';
INSERT INTO `rank_history` (`rank_id`, `user_id`, `name`, `bv`, `date`, `amount`, `type`) VALUES ('2', 'JHRDHS', 'Associate', '1200', '2025-11-14 15:57:45', '100', 'auto');
UPDATE `bv_updation` SET right_carry = right_carry+150, total_right = total_right+150
WHERE `user_id` = 'CVVK4C';
INSERT INTO `placement_bv_update_history` (`right_carry`, `date`, `from_id`, `user_id`) VALUES ('150', '2025-11-14 15:57:45', 'BBBUQN', 'CVVK4C');
UPDATE `user_registration` SET `cycle_rank_id` = '1'
WHERE `user_id` = 'CVVK4C';
INSERT INTO `rank_history` (`rank_id`, `user_id`, `name`, `bv`, `date`, `amount`, `type`) VALUES ('1', 'CVVK4C', 'Affiliate', '0', '2025-11-14 15:57:45', '0', 'auto');
UPDATE `bv_updation` SET left_carry = left_carry+150, total_left = total_left+150
WHERE `user_id` = 'K55EDD';
INSERT INTO `placement_bv_update_history` (`left_carry`, `date`, `from_id`, `user_id`) VALUES ('150', '2025-11-14 15:57:45', 'BBBUQN', 'K55EDD');
UPDATE `user_registration` SET `cycle_rank_id` = '1'
WHERE `user_id` = 'K55EDD';
INSERT INTO `rank_history` (`rank_id`, `user_id`, `name`, `bv`, `date`, `amount`, `type`) VALUES ('1', 'K55EDD', 'Affiliate', '0', '2025-11-14 15:57:45', '0', 'auto');
UPDATE `bv_updation` SET left_carry = left_carry+150, total_left = total_left+150
WHERE `user_id` = 'UQO7EQ';
INSERT INTO `placement_bv_update_history` (`left_carry`, `date`, `from_id`, `user_id`) VALUES ('150', '2025-11-14 15:57:45', 'BBBUQN', 'UQO7EQ');
UPDATE `user_registration` SET `cycle_rank_id` = '1'
WHERE `user_id` = 'UQO7EQ';
INSERT INTO `rank_history` (`rank_id`, `user_id`, `name`, `bv`, `date`, `amount`, `type`) VALUES ('1', 'UQO7EQ', 'Affiliate', '0', '2025-11-14 15:57:45', '0', 'auto');
UPDATE `bv_updation` SET left_carry = left_carry+150, total_left = total_left+150
WHERE `user_id` = 'N6GZAE';
INSERT INTO `placement_bv_update_history` (`left_carry`, `date`, `from_id`, `user_id`) VALUES ('150', '2025-11-14 15:57:45', 'BBBUQN', 'N6GZAE');
UPDATE `user_registration` SET `cycle_rank_id` = '1'
WHERE `user_id` = 'N6GZAE';
INSERT INTO `rank_history` (`rank_id`, `user_id`, `name`, `bv`, `date`, `amount`, `type`) VALUES ('1', 'N6GZAE', 'Affiliate', '0', '2025-11-14 15:57:45', '0', 'auto');
UPDATE `bv_updation` SET left_carry = left_carry+150, total_left = total_left+150
WHERE `user_id` = '4E1CRI';
INSERT INTO `placement_bv_update_history` (`left_carry`, `date`, `from_id`, `user_id`) VALUES ('150', '2025-11-14 15:57:45', 'BBBUQN', '4E1CRI');
UPDATE `bv_updation` SET left_carry = left_carry+150, total_left = total_left+150
WHERE `user_id` = 'SJBNYJ';
INSERT INTO `placement_bv_update_history` (`left_carry`, `date`, `from_id`, `user_id`) VALUES ('150', '2025-11-14 15:57:45', 'BBBUQN', 'SJBNYJ');
UPDATE `user_registration` SET `cycle_rank_id` = '1'
WHERE `user_id` = 'SJBNYJ';
INSERT INTO `rank_history` (`rank_id`, `user_id`, `name`, `bv`, `date`, `amount`, `type`) VALUES ('1', 'SJBNYJ', 'Affiliate', '0', '2025-11-14 15:57:45', '0', 'auto');
UPDATE `bv_updation` SET left_carry = left_carry+150, total_left = total_left+150
WHERE `user_id` = '44B9Y4';
INSERT INTO `placement_bv_update_history` (`left_carry`, `date`, `from_id`, `user_id`) VALUES ('150', '2025-11-14 15:57:45', 'BBBUQN', '44B9Y4');
UPDATE `user_registration` SET `cycle_rank_id` = '1'
WHERE `user_id` = '44B9Y4';
INSERT INTO `rank_history` (`rank_id`, `user_id`, `name`, `bv`, `date`, `amount`, `type`) VALUES ('1', '44B9Y4', 'Affiliate', '0', '2025-11-14 15:57:45', '0', 'auto');
UPDATE `bv_updation` SET right_carry = right_carry+150, total_right = total_right+150
WHERE `user_id` = 'admin';
INSERT INTO `placement_bv_update_history` (`right_carry`, `date`, `from_id`, `user_id`) VALUES ('150', '2025-11-14 15:57:45', 'BBBUQN', 'admin');
UPDATE `user_registration` SET `cycle_rank_id` = '1'
WHERE `user_id` = 'admin';
INSERT INTO `rank_history` (`rank_id`, `user_id`, `name`, `bv`, `date`, `amount`, `type`) VALUES ('1', 'admin', 'Affiliate', '0', '2025-11-14 15:57:45', '0', 'auto');
UPDATE `user_registration` SET `subscription_date` = '2025-12-14', `active_status` = 'yes'
WHERE `user_id` = 'BBBUQN';
UPDATE `user_registration` SET `popup_seen` = 'yes'
WHERE `user_id` = 'BBBUQN';
UPDATE `ci_sessions` SET `timestamp` = 1763157613, `data` = '__ci_last_regenerate|i:1763157613;id|s:4:\"2463\";user_id|s:6:\"BBBUQN\";username|s:5:\"UNZUE\";sponsor_id|s:6:\"8ZH73R\";fullname|s:13:\"Alfredo Unzue\";email|s:22:\"unzuealfredo@gmail.com\";phone|s:12:\"305 525 8862\";isLogIn|b:1;'
WHERE `id` = 'f80fa3267b598f1ba294fbd5168df194d1efe97e';
UPDATE `user_registration` SET `popup_seen` = 'yes'
WHERE `user_id` = 'BBBUQN';
UPDATE `user_registration` SET `popup_seen` = 'no'
WHERE `user_id` = 'BBBUQN';
DELETE FROM `ci_sessions`
WHERE `id` = 'f590665a1ca47acccbd7c583086cb345bcc6ad3f';
INSERT INTO `login_history` (`user_id`, `device`, `ip_address`, `date`) VALUES ('O94ZPY', 'Mozilla/5.0 (Macintosh; Intel Mac OS X 10_15_7) AppleWebKit/605.1.15 (KHTML, like Gecko) Version/18.5 Safari/605.1.15', '97.221.38.225', '25-11-14 16:01');
UPDATE `user_registration` SET `popup_seen` = 'yes'
WHERE `user_id` = 'O94ZPY';
INSERT INTO `login_history` (`user_id`, `device`, `ip_address`, `date`) VALUES ('JHRDHS', 'Mozilla/5.0 (iPhone; CPU iPhone OS 18_7_1 like Mac OS X) AppleWebKit/605.1.15 (KHTML, like Gecko) Version/18.7 Mobile/15E148 Safari/604.1', '2600:1702:50d0:a580:e109:9aa1:9eac:6da6', '25-11-14 16:09');
UPDATE `user_registration` SET `popup_seen` = 'yes'
WHERE `user_id` = 'JHRDHS';
UPDATE `user_registration` SET `popup_seen` = 'yes'
WHERE `user_id` = 'JHRDHS';
INSERT INTO `login_history` (`user_id`, `device`, `ip_address`, `date`) VALUES ('YV2PUQ', 'Mozilla/5.0 (iPhone; CPU iPhone OS 18_6_2 like Mac OS X) AppleWebKit/605.1.15 (KHTML, like Gecko) Version/18.6 Mobile/15E148 Safari/604.1', '2600:1700:4c04:4240:b0cb:7e2d:326a:6cf4', '25-11-14 16:16');
UPDATE `user_registration` SET `popup_seen` = 'yes'
WHERE `user_id` = 'YV2PUQ';
INSERT INTO `login_history` (`user_id`, `device`, `ip_address`, `date`) VALUES ('O94ZPY', 'Mozilla/5.0 (iPhone; CPU iPhone OS 18_7 like Mac OS X) AppleWebKit/605.1.15 (KHTML, like Gecko) Version/26.0.1 Mobile/15E148 Safari/604.1', '97.221.38.225', '25-11-14 16:33');
UPDATE `user_registration` SET `popup_seen` = 'yes'
WHERE `user_id` = 'O94ZPY';
UPDATE `ci_sessions` SET `timestamp` = 1763159737, `data` = '__ci_last_regenerate|i:1763159737;id|s:4:\"2360\";user_id|s:6:\"YV2PUQ\";username|s:10:\"MARTALUCIA\";sponsor_id|s:6:\"PPBJP7\";fullname|s:25:\"MARTA LUCIA ROIG  LEDESMA\";email|s:27:\"martainsurance777@gmail.com\";phone|s:10:\"3058500940\";isLogIn|b:1;message|s:33:\"Welcome MARTA LUCIA ROIG  LEDESMA\";__ci_vars|a:1:{s:7:\"message\";s:3:\"old\";}'
WHERE `id` = '522acabac3978e9bf3ed61be41c846f1884add09';
UPDATE `user_registration` SET `popup_seen` = 'no'
WHERE `user_id` = 'YV2PUQ';
DELETE FROM `ci_sessions`
WHERE `id` = '76a3b3ded6fdac777881ca0bfad1236a26b17af1';
INSERT INTO `login_history` (`user_id`, `device`, `ip_address`, `date`) VALUES ('IYCRUH', 'Mozilla/5.0 (iPhone; CPU iPhone OS 18_6_2 like Mac OS X) AppleWebKit/605.1.15 (KHTML, like Gecko) Version/18.6 Mobile/15E148 Safari/604.1', '2600:1700:4c04:4240:b0cb:7e2d:326a:6cf4', '25-11-14 16:35');
UPDATE `user_registration` SET `popup_seen` = 'yes'
WHERE `user_id` = 'IYCRUH';
UPDATE `ci_sessions` SET `timestamp` = 1763162302, `data` = '__ci_last_regenerate|i:1763162302;id|s:4:\"2192\";user_id|s:6:\"IYCRUH\";username|s:11:\"CARMENTMORA\";sponsor_id|s:6:\"QJ5U9C\";fullname|s:13:\"Carmen T Mora\";email|s:24:\"rosioesmeralda@yahoo.com\";phone|s:10:\"7869708716\";isLogIn|b:1;message|s:21:\"Welcome Carmen T Mora\";__ci_vars|a:1:{s:7:\"message\";s:3:\"old\";}'
WHERE `id` = '8935d691d30cbc4d3d874e49879f0f262cf24d2d';
UPDATE `user_registration` SET `popup_seen` = 'no'
WHERE `user_id` = 'IYCRUH';
DELETE FROM `ci_sessions`
WHERE `id` = 'e041d97b2e4f9e2cd1a2fe4ebf9066e009f3f311';
INSERT INTO `login_history` (`user_id`, `device`, `ip_address`, `date`) VALUES ('J382ZU', 'Mozilla/5.0 (iPhone; CPU iPhone OS 18_7 like Mac OS X) AppleWebKit/605.1.15 (KHTML, like Gecko) Version/26.0.1 Mobile/15E148 Safari/604.1', '12.15.126.41', '25-11-14 17:36');
UPDATE `user_registration` SET `popup_seen` = 'yes'
WHERE `user_id` = 'J382ZU';
INSERT INTO `login_history` (`user_id`, `device`, `ip_address`, `date`) VALUES ('JHRDHS', 'Mozilla/5.0 (Macintosh; Intel Mac OS X 10_15_7) AppleWebKit/605.1.15 (KHTML, like Gecko) Version/17.6 Safari/605.1.15', '2600:1702:50d0:a580:e4c5:6319:ef70:2280', '25-11-14 17:39');
UPDATE `user_registration` SET `popup_seen` = 'yes'
WHERE `user_id` = 'JHRDHS';
UPDATE `ci_sessions` SET `timestamp` = 1763163810, `data` = '__ci_last_regenerate|i:1763163810;id|s:4:\"2071\";user_id|s:6:\"JHRDHS\";username|s:7:\"mbecena\";sponsor_id|s:6:\"CVVK4C\";fullname|s:12:\"Maria Becena\";email|s:21:\"mbecena@bellsouth.net\";phone|s:10:\"7862360387\";isLogIn|b:1;'
WHERE `id` = '68781bcca235836c869775abc10f83dfcef343c0';
UPDATE `ci_sessions` SET `timestamp` = 1763164239, `data` = '__ci_last_regenerate|i:1763164239;id|s:4:\"2071\";user_id|s:6:\"JHRDHS\";username|s:7:\"mbecena\";sponsor_id|s:6:\"CVVK4C\";fullname|s:12:\"Maria Becena\";email|s:21:\"mbecena@bellsouth.net\";phone|s:10:\"7862360387\";isLogIn|b:1;'
WHERE `id` = '2e7122cf0ecfac56474dfa2e8597c1d524bef679';
UPDATE `ci_sessions` SET `timestamp` = 1763165921, `data` = '__ci_last_regenerate|i:1763165921;id|s:4:\"2071\";user_id|s:6:\"JHRDHS\";username|s:7:\"mbecena\";sponsor_id|s:6:\"CVVK4C\";fullname|s:12:\"Maria Becena\";email|s:21:\"mbecena@bellsouth.net\";phone|s:10:\"7862360387\";isLogIn|b:1;'
WHERE `id` = 'cc8a4088b02b22c327fa8e67a3685e411d3e31f6';
UPDATE `user_registration` SET `popup_seen` = 'no'
WHERE `user_id` = 'JHRDHS';
DELETE FROM `ci_sessions`
WHERE `id` = '3a57707c6b9e90e57ba9cf8e8c3ae180dad75822';
INSERT INTO `login_history` (`user_id`, `device`, `ip_address`, `date`) VALUES ('B5EVHD', 'Mozilla/5.0 (Macintosh; Intel Mac OS X 10_15_7) AppleWebKit/605.1.15 (KHTML, like Gecko) Version/17.6 Safari/605.1.15', '2600:1702:50d0:a580:e4c5:6319:ef70:2280', '25-11-14 18:20');
UPDATE `user_registration` SET `popup_seen` = 'yes'
WHERE `user_id` = 'B5EVHD';
UPDATE `ci_sessions` SET `timestamp` = 1763166251, `data` = '__ci_last_regenerate|i:1763166251;id|s:4:\"2216\";user_id|s:6:\"B5EVHD\";username|s:10:\"AlexVale57\";sponsor_id|s:6:\"2V26XM\";fullname|s:13:\"Xiomara Perez\";email|s:19:\"xiomy2852@gmail.com\";phone|s:10:\"7863331253\";isLogIn|b:1;'
WHERE `id` = 'fb9890a69dc2beec406e2d89a1982e70614ccfc8';
UPDATE `user_registration` SET `popup_seen` = 'no'
WHERE `user_id` = 'B5EVHD';
DELETE FROM `ci_sessions`
WHERE `id` = '0d80b5ca783c165e2cbd375dbd4c8dc63e115c78';
INSERT INTO `login_history` (`user_id`, `device`, `ip_address`, `date`) VALUES ('YV2PUQ', 'Mozilla/5.0 (Windows NT 10.0; Win64; x64) AppleWebKit/537.36 (KHTML, like Gecko) Chrome/142.0.0.0 Safari/537.36 Edg/142.0.0.0', '2601:58a:8202:1ae0::8d99', '25-11-14 18:33');
UPDATE `user_registration` SET `popup_seen` = 'yes'
WHERE `user_id` = 'YV2PUQ';
INSERT INTO `login_history` (`user_id`, `device`, `ip_address`, `date`) VALUES ('UQO7EQ', 'Mozilla/5.0 (Windows NT 10.0; Win64; x64) AppleWebKit/537.36 (KHTML, like Gecko) Chrome/142.0.0.0 Safari/537.36', '2601:58a:897c:5f70:1120:51d7:ff09:2c53', '25-11-14 20:01');
UPDATE `user_registration` SET `popup_seen` = 'yes'
WHERE `user_id` = 'UQO7EQ';
UPDATE `user_registration` SET `popup_seen` = 'no'
WHERE `user_id` = 'UQO7EQ';
DELETE FROM `ci_sessions`
WHERE `id` = '064aedf55e985fcfbab74ac45822a20c5b17e36b';
INSERT INTO `login_history` (`user_id`, `device`, `ip_address`, `date`) VALUES ('ETPYLQ', 'Mozilla/5.0 (Windows NT 10.0; Win64; x64) AppleWebKit/537.36 (KHTML, like Gecko) Chrome/141.0.0.0 Safari/537.36', '2601:586:ce00:fca0:49a4:d74e:6b35:7239', '25-11-14 21:39');
UPDATE `user_registration` SET `popup_seen` = 'yes'
WHERE `user_id` = 'ETPYLQ';
UPDATE `user_registration` SET `popup_seen` = 'no'
WHERE `user_id` = 'ETPYLQ';
DELETE FROM `ci_sessions`
WHERE `id` = '1f99d43e09ec99f4c542df3e9bfbf81822e762c2';
UPDATE `ci_sessions` SET `timestamp` = 1763182559, `data` = '__ci_last_regenerate|i:1763182559;exception|s:31:\"Incorrect Username Or Password!\";__ci_vars|a:1:{s:9:\"exception\";s:3:\"old\";}captcha|s:4:\"6j3g\";'
WHERE `id` = 'c7cc3561854d9097de8b8ec7cfe4bfadb6793e7d';
UPDATE `ci_sessions` SET `timestamp` = 1763183612, `data` = '__ci_last_regenerate|i:1763183612;exception|s:31:\"Incorrect Username Or Password!\";__ci_vars|a:1:{s:9:\"exception\";s:3:\"old\";}captcha|s:4:\"peq8\";'
WHERE `id` = '8044b7936fa9802e344547be22e57383259b28e5';
INSERT INTO `login_history` (`user_id`, `device`, `ip_address`, `date`) VALUES ('PXOKY7', 'Mozilla/5.0 (Windows NT 10.0; Win64; x64) AppleWebKit/537.36 (KHTML, like Gecko) Chrome/132.0.0.0 Safari/537.36', '2601:58a:8f85:c340:10be:991f:ea62:747d', '25-11-14 23:31');
UPDATE `user_registration` SET `popup_seen` = 'yes'
WHERE `user_id` = 'PXOKY7';
UPDATE `ci_sessions` SET `timestamp` = 1763184821, `data` = '__ci_last_regenerate|i:1763184821;id|s:4:\"2467\";user_id|s:6:\"PXOKY7\";username|s:7:\"Arva68$\";sponsor_id|s:6:\"UXMQZD\";fullname|s:15:\"Aramis Valencia\";email|s:22:\"aramismill@hotmail.com\";phone|s:12:\"786 267 4055\";isLogIn|b:1;'
WHERE `id` = '329dea642a0e7b0ee2535b7ecbeaeb4be77a7d05';
UPDATE `user_registration` SET `popup_seen` = 'yes'
WHERE `user_id` = 'PXOKY7';
UPDATE `user_registration` SET `default_leg` = 'left'
WHERE `user_id` = 'PXOKY7';
INSERT INTO `default_leg_history` (`user_id`, `old_leg`, `new_leg`, `date`) VALUES ('PXOKY7', 'right', 'left', '2025-11-14 23:35:51');
INSERT INTO `login_history` (`user_id`, `device`, `ip_address`, `date`) VALUES ('IYCRUH', 'Mozilla/5.0 (iPhone; CPU iPhone OS 18_6_2 like Mac OS X) AppleWebKit/605.1.15 (KHTML, like Gecko) Version/18.6 Mobile/15E148 Safari/604.1', '2600:1700:4c04:4240:b0cb:7e2d:326a:6cf4', '25-11-14 23:38');
UPDATE `user_registration` SET `popup_seen` = 'yes'
WHERE `user_id` = 'IYCRUH';
UPDATE `ci_sessions` SET `timestamp` = 1763185260, `data` = '__ci_last_regenerate|i:1763185260;id|s:4:\"2467\";user_id|s:6:\"PXOKY7\";username|s:7:\"Arva68$\";sponsor_id|s:6:\"UXMQZD\";fullname|s:15:\"Aramis Valencia\";email|s:22:\"aramismill@hotmail.com\";phone|s:12:\"786 267 4055\";isLogIn|b:1;'
WHERE `id` = 'd04cac5fcfe5da9b881fb59652f82f873ce761a0';
INSERT INTO `temp_register` (`post_data`, `date`, `payment_method`, `type`) VALUES ('{\"uid\":\"2572\",\"user_id\":\"L1PL3S\",\"username\":\"Mabel67$\",\"sponsor_id\":\"PXOKY7\",\"vacant\":\"no\",\"f_name\":\"Mabel\",\"l_name\":\"Bacallao\",\"position\":\"left\",\"email\":\"mabel121257@gmail.com\",\"password\":\"3f59e08aa6dbc0b0ddd278c972ad057b\",\"phone\":\"7864137766\",\"country\":\"United States\",\"state\":\"Florida\",\"city\":\"miami\",\"street\":\"10945 sw 214 st\",\"zip_code\":\"33189\",\"reg_ip\":\"2601:58a:8f85:c340:10be:991f:ea62:747d\",\"status\":1,\"package_id\":\"2\",\"rank_id\":1,\"highest_rank\":1,\"cycle_rank_id\":1,\"user_type\":\"affiliate\",\"created\":\"2025-11-14 23:41:00\",\"subscription_date\":\"2025-12-14\",\"active_status\":\"yes\",\"google_secret\":\"ZSGCOQ6JONLXYLC4\"}', '2025-11-14 23:41:00', 'stripe', 'register');
UPDATE `temp_register` SET `response` = '{\"stripeToken\":\"tok_1STcG92NUoYUjiuucoTNDvnp\",\"stripeTokenType\":\"card\",\"stripeEmail\":\"aramismill@hotmail.com\"}', `date_modified` = '2025-11-14 23:42:59', `payment_status` = '{\"id\":\"ch_3STcGE2NUoYUjiuu0xp4ef24\",\"object\":\"charge\",\"amount\":59500,\"amount_captured\":59500,\"amount_refunded\":0,\"application\":null,\"application_fee\":null,\"application_fee_amount\":null,\"balance_transaction\":\"txn_3STcGE2NUoYUjiuu0zXRI2oZ\",\"billing_details\":{\"address\":{\"city\":null,\"country\":null,\"line1\":null,\"line2\":null,\"postal_code\":null,\"state\":null},\"email\":null,\"name\":\"aramismill@hotmail.com\",\"phone\":null,\"tax_id\":null},\"calculated_statement_descriptor\":\"TRAVELEGENDCY LLC\",\"captured\":true,\"created\":1763185378,\"currency\":\"usd\",\"customer\":\"cus_TQTCeck0l9yHrJ\",\"description\":null,\"destination\":null,\"dispute\":null,\"disputed\":false,\"failure_balance_transaction\":null,\"failure_code\":null,\"failure_message\":null,\"fraud_details\":[],\"invoice\":null,\"livemode\":true,\"metadata\":{\"name\":\"Mabel Bacallao\",\"username\":\"Mabel67$\"},\"on_behalf_of\":null,\"order\":null,\"outcome\":{\"advice_code\":null,\"network_advice_code\":null,\"network_decline_code\":null,\"network_status\":\"approved_by_network\",\"reason\":null,\"risk_level\":\"normal\",\"seller_message\":\"Payment complete.\",\"type\":\"authorized\"},\"paid\":true,\"payment_intent\":null,\"payment_method\":\"card_1STcG82NUoYUjiuu6xO0v3gr\",\"payment_method_details\":{\"card\":{\"amount_authorized\":59500,\"authorization_code\":\"184820\",\"brand\":\"mastercard\",\"checks\":{\"address_line1_check\":null,\"address_postal_code_check\":null,\"cvc_check\":\"pass\"},\"country\":\"US\",\"exp_month\":11,\"exp_year\":2030,\"extended_authorization\":{\"status\":\"disabled\"},\"fingerprint\":\"BZW8f4d7CcnOIGHT\",\"funding\":\"debit\",\"incremental_authorization\":{\"status\":\"unavailable\"},\"installments\":null,\"last4\":\"5886\",\"mandate\":null,\"multicapture\":{\"status\":\"unavailable\"},\"network\":\"mastercard\",\"network_token\":{\"used\":false},\"network_transaction_id\":\"MDJFWU3ZG1114\",\"overcapture\":{\"maximum_amount_capturable\":59500,\"status\":\"unavailable\"},\"regulated_status\":\"regulated\",\"three_d_secure\":null,\"wallet\":null},\"type\":\"card\"},\"receipt_email\":null,\"receipt_number\":null,\"receipt_url\":\"https:\\/\\/pay.stripe.com\\/receipts\\/payment\\/CAcQARoXChVhY2N0XzFRUEFGdjJOVW9ZVWppdXUo46XgyAYyBmUXjjeakDosFoKq-aq5BoGIb-sCevQrQKChQgl-SVMYeSDyIlFGvt0lZ2EuMA16-dkuM_o\",\"refunded\":false,\"review\":null,\"shipping\":null,\"source\":{\"id\":\"card_1STcG82NUoYUjiuu6xO0v3gr\",\"object\":\"card\",\"address_city\":null,\"address_country\":null,\"address_line1\":null,\"address_line1_check\":null,\"address_line2\":null,\"address_state\":null,\"address_zip\":null,\"address_zip_check\":null,\"allow_redisplay\":\"unspecified\",\"brand\":\"MasterCard\",\"country\":\"US\",\"customer\":\"cus_TQTCeck0l9yHrJ\",\"cvc_check\":\"pass\",\"dynamic_last4\":null,\"email\":null,\"exp_month\":11,\"exp_year\":2030,\"fingerprint\":\"BZW8f4d7CcnOIGHT\",\"funding\":\"debit\",\"last4\":\"5886\",\"metadata\":[],\"name\":\"aramismill@hotmail.com\",\"phone\":null,\"regulated_status\":\"regulated\",\"tokenization_method\":null,\"wallet\":null},\"source_transfer\":null,\"statement_descriptor\":null,\"statement_descriptor_suffix\":null,\"status\":\"succeeded\",\"transfer_data\":null,\"transfer_group\":null}'
WHERE `id` = 1188;
INSERT INTO `user_registration` (`user_id`, `username`, `sponsor_id`, `vacant`, `f_name`, `l_name`, `position`, `email`, `password`, `phone`, `country`, `state`, `city`, `street`, `zip_code`, `reg_ip`, `status`, `package_id`, `rank_id`, `highest_rank`, `cycle_rank_id`, `user_type`, `created`, `subscription_date`, `active_status`, `google_secret`) VALUES ('L1PL3S', 'Mabel67$', 'PXOKY7', 'no', 'Mabel', 'Bacallao', 'left', 'mabel121257@gmail.com', '3f59e08aa6dbc0b0ddd278c972ad057b', '7864137766', 'United States', 'Florida', 'miami', '10945 sw 214 st', '33189', '2601:58a:8f85:c340:10be:991f:ea62:747d', 1, '2', 1, 1, 1, 'affiliate', '2025-11-14 23:41:00', '2025-12-14', 'yes', 'ZSGCOQ6JONLXYLC4');
UPDATE `user_registration` SET total_ref_count = total_ref_count+1
WHERE `user_id` = 'PXOKY7';
INSERT INTO `matrix_fill_sponsor` (`sponsor_id`, `downline_id`, `level`, `matrix`) VALUES ('PXOKY7', 'L1PL3S', 1, 1);
INSERT INTO `matrix_fill_sponsor` (`sponsor_id`, `downline_id`, `level`, `matrix`) VALUES ('UXMQZD', 'L1PL3S', 2, 1);
INSERT INTO `matrix_fill_sponsor` (`sponsor_id`, `downline_id`, `level`, `matrix`) VALUES ('O94ZPY', 'L1PL3S', 3, 1);
INSERT INTO `matrix_fill_sponsor` (`sponsor_id`, `downline_id`, `level`, `matrix`) VALUES ('JHRDHS', 'L1PL3S', 4, 1);
INSERT INTO `matrix_fill_sponsor` (`sponsor_id`, `downline_id`, `level`, `matrix`) VALUES ('CVVK4C', 'L1PL3S', 5, 1);
INSERT INTO `matrix_fill_sponsor` (`sponsor_id`, `downline_id`, `level`, `matrix`) VALUES ('K55EDD', 'L1PL3S', 6, 1);
INSERT INTO `matrix_fill_sponsor` (`sponsor_id`, `downline_id`, `level`, `matrix`) VALUES ('UQO7EQ', 'L1PL3S', 7, 1);
INSERT INTO `matrix_fill_sponsor` (`sponsor_id`, `downline_id`, `level`, `matrix`) VALUES ('N6GZAE', 'L1PL3S', 8, 1);
INSERT INTO `matrix_fill_sponsor` (`sponsor_id`, `downline_id`, `level`, `matrix`) VALUES ('4E1CRI', 'L1PL3S', 9, 1);
INSERT INTO `matrix_fill_sponsor` (`sponsor_id`, `downline_id`, `level`, `matrix`) VALUES ('SJBNYJ', 'L1PL3S', 10, 1);
INSERT INTO `matrix_fill_sponsor` (`sponsor_id`, `downline_id`, `level`, `matrix`) VALUES ('44B9Y4', 'L1PL3S', 11, 1);
INSERT INTO `matrix_fill_sponsor` (`sponsor_id`, `downline_id`, `level`, `matrix`) VALUES ('admin', 'L1PL3S', 12, 1);
UPDATE `binary_view` SET `user_id` = 'L1PL3S', `username` = 'Mabel67$', `vacant` = 'no', `created` = '2025-11-14 23:42:59', `sponsor_id` = 'PXOKY7'
WHERE `uid` = '2572';
INSERT INTO `binary_view` (`user_id`, `username`, `sponsor_id`, `placement_id`, `vacant`, `position`, `created`) VALUES ('UJNGGL', 'PewuNOfS', 'L1PL3S', 'L1PL3S', 'yes', 'left', '2025-11-14 23:42:59');
INSERT INTO `binary_view` (`user_id`, `username`, `sponsor_id`, `placement_id`, `vacant`, `position`, `created`) VALUES ('RXMPAK', 'jjIuugWj', 'L1PL3S', 'L1PL3S', 'yes', 'right', '2025-11-14 23:42:59');
INSERT INTO `bv_updation` (`user_id`) VALUES ('L1PL3S');
UPDATE `user_registration` SET total_downlines = total_downlines+1
WHERE `user_id` = 'OOIABA';
UPDATE `user_registration` SET left_downlines = left_downlines+1
WHERE `user_id` = 'OOIABA';
UPDATE `user_registration` SET total_downlines = total_downlines+1
WHERE `user_id` = 'J382ZU';
UPDATE `user_registration` SET left_downlines = left_downlines+1
WHERE `user_id` = 'J382ZU';
UPDATE `user_registration` SET total_downlines = total_downlines+1
WHERE `user_id` = 'PXOKY7';
UPDATE `user_registration` SET left_downlines = left_downlines+1
WHERE `user_id` = 'PXOKY7';
UPDATE `user_registration` SET left_ref_count = left_ref_count+1
WHERE `user_id` = 'PXOKY7';
UPDATE `user_registration` SET active_left = active_left+1
WHERE `user_id` = 'PXOKY7';
UPDATE `user_registration` SET total_downlines = total_downlines+1
WHERE `user_id` = 'BBBUQN';
UPDATE `user_registration` SET left_downlines = left_downlines+1
WHERE `user_id` = 'BBBUQN';
UPDATE `user_registration` SET total_downlines = total_downlines+1
WHERE `user_id` = '8ZH73R';
UPDATE `user_registration` SET left_downlines = left_downlines+1
WHERE `user_id` = '8ZH73R';
UPDATE `user_registration` SET total_downlines = total_downlines+1
WHERE `user_id` = 'YFRSTE';
UPDATE `user_registration` SET left_downlines = left_downlines+1
WHERE `user_id` = 'YFRSTE';
UPDATE `user_registration` SET total_downlines = total_downlines+1
WHERE `user_id` = 'UT8WM5';
UPDATE `user_registration` SET left_downlines = left_downlines+1
WHERE `user_id` = 'UT8WM5';
UPDATE `user_registration` SET total_downlines = total_downlines+1
WHERE `user_id` = 'UXMQZD';
UPDATE `user_registration` SET left_downlines = left_downlines+1
WHERE `user_id` = 'UXMQZD';
UPDATE `user_registration` SET total_downlines = total_downlines+1
WHERE `user_id` = 'O94ZPY';
UPDATE `user_registration` SET right_downlines = right_downlines+1
WHERE `user_id` = 'O94ZPY';
UPDATE `user_registration` SET total_downlines = total_downlines+1
WHERE `user_id` = 'JHRDHS';
UPDATE `user_registration` SET right_downlines = right_downlines+1
WHERE `user_id` = 'JHRDHS';
UPDATE `user_registration` SET total_downlines = total_downlines+1
WHERE `user_id` = 'CVVK4C';
UPDATE `user_registration` SET right_downlines = right_downlines+1
WHERE `user_id` = 'CVVK4C';
UPDATE `user_registration` SET total_downlines = total_downlines+1
WHERE `user_id` = 'K55EDD';
UPDATE `user_registration` SET left_downlines = left_downlines+1
WHERE `user_id` = 'K55EDD';
UPDATE `user_registration` SET total_downlines = total_downlines+1
WHERE `user_id` = 'UQO7EQ';
UPDATE `user_registration` SET left_downlines = left_downlines+1
WHERE `user_id` = 'UQO7EQ';
UPDATE `user_registration` SET total_downlines = total_downlines+1
WHERE `user_id` = 'N6GZAE';
UPDATE `user_registration` SET left_downlines = left_downlines+1
WHERE `user_id` = 'N6GZAE';
UPDATE `user_registration` SET total_downlines = total_downlines+1
WHERE `user_id` = '4E1CRI';
UPDATE `user_registration` SET left_downlines = left_downlines+1
WHERE `user_id` = '4E1CRI';
UPDATE `user_registration` SET total_downlines = total_downlines+1
WHERE `user_id` = 'SJBNYJ';
UPDATE `user_registration` SET left_downlines = left_downlines+1
WHERE `user_id` = 'SJBNYJ';
UPDATE `user_registration` SET total_downlines = total_downlines+1
WHERE `user_id` = '44B9Y4';
UPDATE `user_registration` SET left_downlines = left_downlines+1
WHERE `user_id` = '44B9Y4';
UPDATE `user_registration` SET total_downlines = total_downlines+1
WHERE `user_id` = 'admin';
UPDATE `user_registration` SET right_downlines = right_downlines+1
WHERE `user_id` = 'admin';
INSERT INTO `package_purchase_history` (`user_id`, `package_id`, `reg_fee`, `package_name`, `monthly_fee`, `type`, `date`, `payment_option`) VALUES ('L1PL3S', '2', '595', 'Traveler Pro', '150', 'sign_up', '2025-11-14 23:42:59', 'stripe');
INSERT INTO `investment` (`invest_date`, `user_id`, `type`, `amount`, `package_id`) VALUES ('2025-11-14 23:42:59', 'L1PL3S', 'register', '595', '2');
INSERT INTO `earnings` (`user_id`, `Purchaser_id`, `earning_type`, `package_id`, `amount`, `date`, `comments`, `invest_amount`, `comm_perc`, `level`, `rank_id`, `order_id`) VALUES ('PXOKY7', 'L1PL3S', 'Direct Referral Bonus', '2', '100', '2025-11-14 23:42:59', 'Direct Referral Bonus', 0, 0, 1, '', 1224);
UPDATE `user_registration` SET commission_balance = ROUND(commission_balance + 100,2)
WHERE `user_id` = 'PXOKY7';
UPDATE `user_registration` SET referral_bonus = ROUND(referral_bonus + 100,2)
WHERE `user_id` = 'PXOKY7';
INSERT INTO `earnings` (`user_id`, `Purchaser_id`, `earning_type`, `package_id`, `amount`, `date`, `comments`, `invest_amount`, `comm_perc`, `level`, `rank_id`, `order_id`) VALUES ('O94ZPY', 'L1PL3S', 'Expansion Bonus', '2', 100, '2025-11-14 23:42:59', 'Expansion Bonus', '100', 0, 1, '', 1224);
UPDATE `user_registration` SET commission_balance = ROUND(commission_balance + 100,2)
WHERE `user_id` = 'O94ZPY';
UPDATE `user_registration` SET expansion_bonus = ROUND(expansion_bonus + 100,2)
WHERE `user_id` = 'O94ZPY';
INSERT INTO `earnings` (`user_id`, `Purchaser_id`, `earning_type`, `package_id`, `amount`, `date`, `comments`, `invest_amount`, `comm_perc`, `level`, `rank_id`, `order_id`) VALUES ('JHRDHS', 'L1PL3S', 'Expansion Bonus', '2', 100, '2025-11-14 23:42:59', 'Expansion Bonus', 200, 0, 1, '', 1224);
UPDATE `user_registration` SET commission_balance = ROUND(commission_balance + 100,2)
WHERE `user_id` = 'JHRDHS';
UPDATE `user_registration` SET expansion_bonus = ROUND(expansion_bonus + 100,2)
WHERE `user_id` = 'JHRDHS';
UPDATE `user_registration` SET total_points = ROUND(total_points + 50,2)
WHERE `user_id` = 'L1PL3S';
INSERT INTO `points_history` (`user_id`, `points`, `type`, `date`) VALUES ('L1PL3S', '50', 'register', '2025-11-14 23:42:');
INSERT INTO `matrix_filling` (`placement_id`, `downline_id`, `level`, `matrix`) VALUES ('OOIABA', 'L1PL3S', 1, 1);
UPDATE `bv_updation` SET left_carry = left_carry+50, total_left = total_left+50
WHERE `user_id` = 'OOIABA';
INSERT INTO `placement_bv_update_history` (`left_carry`, `date`, `from_id`, `user_id`) VALUES ('50', '2025-11-14 23:42:59', 'L1PL3S', 'OOIABA');
INSERT INTO `matrix_filling` (`placement_id`, `downline_id`, `level`, `matrix`) VALUES ('J382ZU', 'L1PL3S', 2, 1);
UPDATE `bv_updation` SET left_carry = left_carry+50, total_left = total_left+50
WHERE `user_id` = 'J382ZU';
INSERT INTO `placement_bv_update_history` (`left_carry`, `date`, `from_id`, `user_id`) VALUES ('50', '2025-11-14 23:42:59', 'L1PL3S', 'J382ZU');
INSERT INTO `matrix_filling` (`placement_id`, `downline_id`, `level`, `matrix`) VALUES ('PXOKY7', 'L1PL3S', 3, 1);
UPDATE `bv_updation` SET left_carry = left_carry+50, total_left = total_left+50
WHERE `user_id` = 'PXOKY7';
INSERT INTO `placement_bv_update_history` (`left_carry`, `date`, `from_id`, `user_id`) VALUES ('50', '2025-11-14 23:42:59', 'L1PL3S', 'PXOKY7');
UPDATE `user_registration` SET `cycle_rank_id` = '1'
WHERE `user_id` = 'PXOKY7';
INSERT INTO `rank_history` (`rank_id`, `user_id`, `name`, `bv`, `date`, `amount`, `type`) VALUES ('1', 'PXOKY7', 'Affiliate', '0', '2025-11-14 23:42:59', '0', 'auto');
UPDATE `bv_updation` SET sponsor_left_carry = sponsor_left_carry+50, sponsor_total_left = sponsor_total_left+50
WHERE `user_id` = 'PXOKY7';
INSERT INTO `sponsor_bv_update_history` (`left_carry`, `date`, `user_id`) VALUES ('50', '2025-11-14 23:42:59', 'PXOKY7');
INSERT INTO `matrix_filling` (`placement_id`, `downline_id`, `level`, `matrix`) VALUES ('BBBUQN', 'L1PL3S', 4, 1);
UPDATE `bv_updation` SET left_carry = left_carry+50, total_left = total_left+50
WHERE `user_id` = 'BBBUQN';
INSERT INTO `placement_bv_update_history` (`left_carry`, `date`, `from_id`, `user_id`) VALUES ('50', '2025-11-14 23:42:59', 'L1PL3S', 'BBBUQN');
INSERT INTO `matrix_filling` (`placement_id`, `downline_id`, `level`, `matrix`) VALUES ('8ZH73R', 'L1PL3S', 5, 1);
UPDATE `bv_updation` SET left_carry = left_carry+50, total_left = total_left+50
WHERE `user_id` = '8ZH73R';
INSERT INTO `placement_bv_update_history` (`left_carry`, `date`, `from_id`, `user_id`) VALUES ('50', '2025-11-14 23:42:59', 'L1PL3S', '8ZH73R');
INSERT INTO `matrix_filling` (`placement_id`, `downline_id`, `level`, `matrix`) VALUES ('YFRSTE', 'L1PL3S', 6, 1);
UPDATE `bv_updation` SET left_carry = left_carry+50, total_left = total_left+50
WHERE `user_id` = 'YFRSTE';
INSERT INTO `placement_bv_update_history` (`left_carry`, `date`, `from_id`, `user_id`) VALUES ('50', '2025-11-14 23:42:59', 'L1PL3S', 'YFRSTE');
INSERT INTO `matrix_filling` (`placement_id`, `downline_id`, `level`, `matrix`) VALUES ('UT8WM5', 'L1PL3S', 7, 1);
UPDATE `bv_updation` SET left_carry = left_carry+50, total_left = total_left+50
WHERE `user_id` = 'UT8WM5';
INSERT INTO `placement_bv_update_history` (`left_carry`, `date`, `from_id`, `user_id`) VALUES ('50', '2025-11-14 23:42:59', 'L1PL3S', 'UT8WM5');
INSERT INTO `matrix_filling` (`placement_id`, `downline_id`, `level`, `matrix`) VALUES ('UXMQZD', 'L1PL3S', 8, 1);
UPDATE `bv_updation` SET left_carry = left_carry+50, total_left = total_left+50
WHERE `user_id` = 'UXMQZD';
INSERT INTO `placement_bv_update_history` (`left_carry`, `date`, `from_id`, `user_id`) VALUES ('50', '2025-11-14 23:42:59', 'L1PL3S', 'UXMQZD');
UPDATE `user_registration` SET `cycle_rank_id` = '1'
WHERE `user_id` = 'UXMQZD';
INSERT INTO `rank_history` (`rank_id`, `user_id`, `name`, `bv`, `date`, `amount`, `type`) VALUES ('1', 'UXMQZD', 'Affiliate', '0', '2025-11-14 23:42:59', '0', 'auto');
INSERT INTO `matrix_filling` (`placement_id`, `downline_id`, `level`, `matrix`) VALUES ('O94ZPY', 'L1PL3S', 9, 1);
UPDATE `bv_updation` SET right_carry = right_carry+50, total_right = total_right+50
WHERE `user_id` = 'O94ZPY';
INSERT INTO `placement_bv_update_history` (`right_carry`, `date`, `from_id`, `user_id`) VALUES ('50', '2025-11-14 23:42:59', 'L1PL3S', 'O94ZPY');
UPDATE `user_registration` SET `cycle_rank_id` = '1'
WHERE `user_id` = 'O94ZPY';
INSERT INTO `rank_history` (`rank_id`, `user_id`, `name`, `bv`, `date`, `amount`, `type`) VALUES ('1', 'O94ZPY', 'Affiliate', '0', '2025-11-14 23:42:59', '0', 'auto');
INSERT INTO `matrix_filling` (`placement_id`, `downline_id`, `level`, `matrix`) VALUES ('JHRDHS', 'L1PL3S', 10, 1);
UPDATE `bv_updation` SET right_carry = right_carry+50, total_right = total_right+50
WHERE `user_id` = 'JHRDHS';
INSERT INTO `placement_bv_update_history` (`right_carry`, `date`, `from_id`, `user_id`) VALUES ('50', '2025-11-14 23:42:59', 'L1PL3S', 'JHRDHS');
UPDATE `user_registration` SET `cycle_rank_id` = '2'
WHERE `user_id` = 'JHRDHS';
INSERT INTO `rank_history` (`rank_id`, `user_id`, `name`, `bv`, `date`, `amount`, `type`) VALUES ('2', 'JHRDHS', 'Associate', '1200', '2025-11-14 23:42:59', '100', 'auto');
INSERT INTO `matrix_filling` (`placement_id`, `downline_id`, `level`, `matrix`) VALUES ('CVVK4C', 'L1PL3S', 11, 1);
UPDATE `bv_updation` SET right_carry = right_carry+50, total_right = total_right+50
WHERE `user_id` = 'CVVK4C';
INSERT INTO `placement_bv_update_history` (`right_carry`, `date`, `from_id`, `user_id`) VALUES ('50', '2025-11-14 23:42:59', 'L1PL3S', 'CVVK4C');
UPDATE `user_registration` SET `cycle_rank_id` = '1'
WHERE `user_id` = 'CVVK4C';
INSERT INTO `rank_history` (`rank_id`, `user_id`, `name`, `bv`, `date`, `amount`, `type`) VALUES ('1', 'CVVK4C', 'Affiliate', '0', '2025-11-14 23:42:59', '0', 'auto');
INSERT INTO `matrix_filling` (`placement_id`, `downline_id`, `level`, `matrix`) VALUES ('K55EDD', 'L1PL3S', 12, 1);
UPDATE `bv_updation` SET left_carry = left_carry+50, total_left = total_left+50
WHERE `user_id` = 'K55EDD';
INSERT INTO `placement_bv_update_history` (`left_carry`, `date`, `from_id`, `user_id`) VALUES ('50', '2025-11-14 23:42:59', 'L1PL3S', 'K55EDD');
UPDATE `user_registration` SET `cycle_rank_id` = '1'
WHERE `user_id` = 'K55EDD';
INSERT INTO `rank_history` (`rank_id`, `user_id`, `name`, `bv`, `date`, `amount`, `type`) VALUES ('1', 'K55EDD', 'Affiliate', '0', '2025-11-14 23:42:59', '0', 'auto');
INSERT INTO `matrix_filling` (`placement_id`, `downline_id`, `level`, `matrix`) VALUES ('UQO7EQ', 'L1PL3S', 13, 1);
UPDATE `bv_updation` SET left_carry = left_carry+50, total_left = total_left+50
WHERE `user_id` = 'UQO7EQ';
INSERT INTO `placement_bv_update_history` (`left_carry`, `date`, `from_id`, `user_id`) VALUES ('50', '2025-11-14 23:42:59', 'L1PL3S', 'UQO7EQ');
UPDATE `user_registration` SET `cycle_rank_id` = '1'
WHERE `user_id` = 'UQO7EQ';
INSERT INTO `rank_history` (`rank_id`, `user_id`, `name`, `bv`, `date`, `amount`, `type`) VALUES ('1', 'UQO7EQ', 'Affiliate', '0', '2025-11-14 23:42:59', '0', 'auto');
INSERT INTO `matrix_filling` (`placement_id`, `downline_id`, `level`, `matrix`) VALUES ('N6GZAE', 'L1PL3S', 14, 1);
UPDATE `bv_updation` SET left_carry = left_carry+50, total_left = total_left+50
WHERE `user_id` = 'N6GZAE';
INSERT INTO `placement_bv_update_history` (`left_carry`, `date`, `from_id`, `user_id`) VALUES ('50', '2025-11-14 23:42:59', 'L1PL3S', 'N6GZAE');
UPDATE `user_registration` SET `cycle_rank_id` = '1'
WHERE `user_id` = 'N6GZAE';
INSERT INTO `rank_history` (`rank_id`, `user_id`, `name`, `bv`, `date`, `amount`, `type`) VALUES ('1', 'N6GZAE', 'Affiliate', '0', '2025-11-14 23:42:59', '0', 'auto');
INSERT INTO `matrix_filling` (`placement_id`, `downline_id`, `level`, `matrix`) VALUES ('4E1CRI', 'L1PL3S', 15, 1);
UPDATE `bv_updation` SET left_carry = left_carry+50, total_left = total_left+50
WHERE `user_id` = '4E1CRI';
INSERT INTO `placement_bv_update_history` (`left_carry`, `date`, `from_id`, `user_id`) VALUES ('50', '2025-11-14 23:42:59', 'L1PL3S', '4E1CRI');
INSERT INTO `matrix_filling` (`placement_id`, `downline_id`, `level`, `matrix`) VALUES ('SJBNYJ', 'L1PL3S', 16, 1);
UPDATE `bv_updation` SET left_carry = left_carry+50, total_left = total_left+50
WHERE `user_id` = 'SJBNYJ';
INSERT INTO `placement_bv_update_history` (`left_carry`, `date`, `from_id`, `user_id`) VALUES ('50', '2025-11-14 23:42:59', 'L1PL3S', 'SJBNYJ');
UPDATE `user_registration` SET `cycle_rank_id` = '1'
WHERE `user_id` = 'SJBNYJ';
INSERT INTO `rank_history` (`rank_id`, `user_id`, `name`, `bv`, `date`, `amount`, `type`) VALUES ('1', 'SJBNYJ', 'Affiliate', '0', '2025-11-14 23:42:59', '0', 'auto');
INSERT INTO `matrix_filling` (`placement_id`, `downline_id`, `level`, `matrix`) VALUES ('44B9Y4', 'L1PL3S', 17, 1);
UPDATE `bv_updation` SET left_carry = left_carry+50, total_left = total_left+50
WHERE `user_id` = '44B9Y4';
INSERT INTO `placement_bv_update_history` (`left_carry`, `date`, `from_id`, `user_id`) VALUES ('50', '2025-11-14 23:42:59', 'L1PL3S', '44B9Y4');
UPDATE `user_registration` SET `cycle_rank_id` = '1'
WHERE `user_id` = '44B9Y4';
INSERT INTO `rank_history` (`rank_id`, `user_id`, `name`, `bv`, `date`, `amount`, `type`) VALUES ('1', '44B9Y4', 'Affiliate', '0', '2025-11-14 23:42:59', '0', 'auto');
INSERT INTO `matrix_filling` (`placement_id`, `downline_id`, `level`, `matrix`) VALUES ('admin', 'L1PL3S', 18, 1);
UPDATE `bv_updation` SET right_carry = right_carry+50, total_right = total_right+50
WHERE `user_id` = 'admin';
INSERT INTO `placement_bv_update_history` (`right_carry`, `date`, `from_id`, `user_id`) VALUES ('50', '2025-11-14 23:42:59', 'L1PL3S', 'admin');
UPDATE `user_registration` SET `cycle_rank_id` = '1'
WHERE `user_id` = 'admin';
INSERT INTO `rank_history` (`rank_id`, `user_id`, `name`, `bv`, `date`, `amount`, `type`) VALUES ('1', 'admin', 'Affiliate', '0', '2025-11-14 23:42:59', '0', 'auto');
UPDATE `user_registration` SET `arreva_response` = '{\r\n  \"Account\": {\r\n    \"UserId\": 14856414\r\n  },\r\n  \"ResultType\": \"success\",\r\n  \"Message\": \"\"\r\n}', `arreva_user_id` = 14856414
WHERE `user_id` = 'L1PL3S';
UPDATE `user_registration` SET `book_menu_status` = 'yes'
WHERE `user_id` = 'L1PL3S';
UPDATE `ci_sessions` SET `timestamp` = 1763185649, `data` = '__ci_last_regenerate|i:1763185649;id|s:4:\"2467\";user_id|s:6:\"PXOKY7\";username|s:7:\"Arva68$\";sponsor_id|s:6:\"UXMQZD\";fullname|s:15:\"Aramis Valencia\";email|s:22:\"aramismill@hotmail.com\";phone|s:12:\"786 267 4055\";isLogIn|b:1;'
WHERE `id` = 'cab37fde4d5bd2d214709c964d84960430285ae7';
UPDATE `user_registration` SET `popup_seen` = 'no'
WHERE `user_id` = 'PXOKY7';
DELETE FROM `ci_sessions`
WHERE `id` = 'bfd6992d478c9945883012a8bf44e2ba6db4549f';
INSERT INTO `login_history` (`user_id`, `device`, `ip_address`, `date`) VALUES ('L1PL3S', 'Mozilla/5.0 (Windows NT 10.0; Win64; x64) AppleWebKit/537.36 (KHTML, like Gecko) Chrome/132.0.0.0 Safari/537.36', '2601:58a:8f85:c340:10be:991f:ea62:747d', '25-11-14 23:48');
UPDATE `user_registration` SET `popup_seen` = 'yes'
WHERE `user_id` = 'L1PL3S';
UPDATE `user_registration` SET `language` = 'spanish'
WHERE `user_id` = 'L1PL3S';
UPDATE `user_registration` SET `popup_seen` = 'yes'
WHERE `user_id` = 'L1PL3S';
UPDATE `user_registration` SET `popup_seen` = 'no'
WHERE `user_id` = 'L1PL3S';
DELETE FROM `ci_sessions`
WHERE `id` = '6f8a85639f08b25c2586ad97dce0e3d4693bee64';
UPDATE `ci_sessions` SET `timestamp` = 1763186073, `data` = '__ci_last_regenerate|i:1763186073;id|s:4:\"2192\";user_id|s:6:\"IYCRUH\";username|s:11:\"CARMENTMORA\";sponsor_id|s:6:\"QJ5U9C\";fullname|s:13:\"Carmen T Mora\";email|s:24:\"rosioesmeralda@yahoo.com\";phone|s:10:\"7869708716\";isLogIn|b:1;'
WHERE `id` = '074ef976f515705521a0451afc71386344800a47';
UPDATE `user_registration` SET `popup_seen` = 'yes'
WHERE `user_id` = 'IYCRUH';
UPDATE `user_registration` SET `popup_seen` = 'yes'
WHERE `user_id` = 'IYCRUH';
UPDATE `ci_sessions` SET `timestamp` = 1763186375, `data` = '__ci_last_regenerate|i:1763186375;id|s:4:\"2192\";user_id|s:6:\"IYCRUH\";username|s:11:\"CARMENTMORA\";sponsor_id|s:6:\"QJ5U9C\";fullname|s:13:\"Carmen T Mora\";email|s:24:\"rosioesmeralda@yahoo.com\";phone|s:10:\"7869708716\";isLogIn|b:1;'
WHERE `id` = '5de1e4f9f23848cd03bdd49af2a2d9e7e1adba6b';
UPDATE `user_registration` SET `popup_seen` = 'no'
WHERE `user_id` = 'IYCRUH';
DELETE FROM `ci_sessions`
WHERE `id` = '0638b1d7bf80b5321105bee23ecf72e2f2cc0b76';
INSERT INTO `cron_job_history` (`name`, `date_started`, `status`) VALUES ('backup', '2025-11-15 00:00:01', 'started');
UPDATE `cron_job_history` SET `status` = 'done', `date_end` = '2025-11-15 00:00:04'
WHERE `id` = 807;
INSERT INTO `login_history` (`user_id`, `device`, `ip_address`, `date`) VALUES ('1USKR2', 'Mozilla/5.0 (iPhone; CPU iPhone OS 18_6_2 like Mac OS X) AppleWebKit/605.1.15 (KHTML, like Gecko) Version/18.6 Mobile/15E148 Safari/604.1', '2600:1700:4c04:4240:b0cb:7e2d:326a:6cf4', '25-11-15 00:01');
UPDATE `user_registration` SET `popup_seen` = 'yes'
WHERE `user_id` = '1USKR2';
UPDATE `user_registration` SET `popup_seen` = 'no'
WHERE `user_id` = '1USKR2';
DELETE FROM `ci_sessions`
WHERE `id` = '71f400fea21c68e3b2f693a6fa0047f1dfff2ecb';
INSERT INTO `cron_job_history` (`name`, `date_started`, `status`) VALUES ('deduct_sub_amt_from_ewallet', '2025-11-15 00:05:02', 'started');
INSERT INTO `inactive_point_history` (`user_id`, `point`, `date`) VALUES ('35H9RV', '0', '2025-11-15 00:05:02');
UPDATE `user_registration` SET `sub_point` = 0, `active_status` = 'no'
WHERE `user_id` = '35H9RV';
INSERT INTO `arreva_api_logs` (`user_id`, `email`, `endpoint`, `response`, `date`) VALUES ('35H9RV', 'amamzy368@gmail.com', 'deactivatemember', '\"Unable to find user matching email or contract number or otherid\"', '2025-11-15 00:05:02');
INSERT INTO `inactive_history` (`user_id`, `commission_balance`, `amount`, `date`) VALUES ('35H9RV', '97.5', '150', '2025-11-15 00:05:02');
INSERT INTO `inactive_point_history` (`user_id`, `point`, `date`) VALUES ('44B9Y4', '0', '2025-11-15 00:05:02');
UPDATE `user_registration` SET `sub_point` = 0, `active_status` = 'no'
WHERE `user_id` = '44B9Y4';
INSERT INTO `arreva_api_logs` (`user_id`, `email`, `endpoint`, `response`, `date`) VALUES ('44B9Y4', 'travelegendcy@gmail.com', 'deactivatemember', '\"Unable to find user matching email or contract number or otherid\"', '2025-11-15 00:05:02');
INSERT INTO `inactive_history` (`user_id`, `commission_balance`, `amount`, `date`) VALUES ('44B9Y4', '50', '150', '2025-11-15 00:05:02');
INSERT INTO `inactive_point_history` (`user_id`, `point`, `date`) VALUES ('SJBNYJ', '0', '2025-11-15 00:05:02');
UPDATE `user_registration` SET `sub_point` = 0, `active_status` = 'no'
WHERE `user_id` = 'SJBNYJ';
INSERT INTO `arreva_api_logs` (`user_id`, `email`, `endpoint`, `response`, `date`) VALUES ('SJBNYJ', 'travelegendcy+2@gmail.com', 'deactivatemember', '\"Unable to find user matching email or contract number or otherid\"', '2025-11-15 00:05:02');
INSERT INTO `inactive_history` (`user_id`, `commission_balance`, `amount`, `date`) VALUES ('SJBNYJ', '50', '150', '2025-11-15 00:05:02');
INSERT INTO `inactive_point_history` (`user_id`, `point`, `date`) VALUES ('45E8V2', '0', '2025-11-15 00:05:02');
UPDATE `user_registration` SET `sub_point` = 0, `active_status` = 'no'
WHERE `user_id` = '45E8V2';
INSERT INTO `arreva_api_logs` (`user_id`, `email`, `endpoint`, `response`, `date`) VALUES ('45E8V2', 'travelegendcy+1@gmail.com', 'deactivatemember', '\"Unable to find user matching email or contract number or otherid\"', '2025-11-15 00:05:03');
INSERT INTO `inactive_history` (`user_id`, `commission_balance`, `amount`, `date`) VALUES ('45E8V2', '50', '150', '2025-11-15 00:05:03');
INSERT INTO `inactive_point_history` (`user_id`, `point`, `date`) VALUES ('H2HQC8', '0', '2025-11-15 00:05:03');
UPDATE `user_registration` SET `sub_point` = 0, `active_status` = 'no'
WHERE `user_id` = 'H2HQC8';
INSERT INTO `arreva_api_logs` (`user_id`, `email`, `endpoint`, `response`, `date`) VALUES ('H2HQC8', 'travelegendcy+4@gmail.com', 'deactivatemember', '\"Unable to find user matching email or contract number or otherid\"', '2025-11-15 00:05:03');
INSERT INTO `inactive_history` (`user_id`, `commission_balance`, `amount`, `date`) VALUES ('H2HQC8', '110', '150', '2025-11-15 00:05:03');
INSERT INTO `inactive_point_history` (`user_id`, `point`, `date`) VALUES ('XVTJOY', '0', '2025-11-15 00:05:03');
UPDATE `user_registration` SET `sub_point` = 0, `active_status` = 'no'
WHERE `user_id` = 'XVTJOY';
INSERT INTO `arreva_api_logs` (`user_id`, `email`, `endpoint`, `response`, `date`) VALUES ('XVTJOY', 'travelegendcy+5@gmail.com', 'deactivatemember', '\"Unable to find user matching email or contract number or otherid\"', '2025-11-15 00:05:03');
INSERT INTO `inactive_history` (`user_id`, `commission_balance`, `amount`, `date`) VALUES ('XVTJOY', '100', '150', '2025-11-15 00:05:03');
INSERT INTO `inactive_point_history` (`user_id`, `point`, `date`) VALUES ('4E1CRI', '0', '2025-11-15 00:05:03');
UPDATE `user_registration` SET `sub_point` = 0, `active_status` = 'no'
WHERE `user_id` = '4E1CRI';
INSERT INTO `arreva_api_logs` (`user_id`, `email`, `endpoint`, `response`, `date`) VALUES ('4E1CRI', 'ferr2085+1@gmail.com', 'deactivatemember', '\"Unable to find user matching email or contract number or otherid\"', '2025-11-15 00:05:03');
INSERT INTO `inactive_history` (`user_id`, `commission_balance`, `amount`, `date`) VALUES ('4E1CRI', '100', '150', '2025-11-15 00:05:03');
INSERT INTO `inactive_point_history` (`user_id`, `point`, `date`) VALUES ('PBFKSY', '0', '2025-11-15 00:05:03');
UPDATE `user_registration` SET `sub_point` = 0, `active_status` = 'no'
WHERE `user_id` = 'PBFKSY';
INSERT INTO `arreva_api_logs` (`user_id`, `email`, `endpoint`, `response`, `date`) VALUES ('PBFKSY', 'travelegendcy+3@gmail.com', 'deactivatemember', '\"Unable to find user matching email or contract number or otherid\"', '2025-11-15 00:05:04');
INSERT INTO `inactive_history` (`user_id`, `commission_balance`, `amount`, `date`) VALUES ('PBFKSY', '0', '150', '2025-11-15 00:05:04');
INSERT INTO `inactive_point_history` (`user_id`, `point`, `date`) VALUES ('R37QLI', '0', '2025-11-15 00:05:04');
UPDATE `user_registration` SET `sub_point` = 0, `active_status` = 'no'
WHERE `user_id` = 'R37QLI';
INSERT INTO `arreva_api_logs` (`user_id`, `email`, `endpoint`, `response`, `date`) VALUES ('R37QLI', 'atravel4uu@gmail.com', 'deactivatemember', '\"Unable to find user matching email or contract number or otherid\"', '2025-11-15 00:05:04');
INSERT INTO `inactive_history` (`user_id`, `commission_balance`, `amount`, `date`) VALUES ('R37QLI', '80', '150', '2025-11-15 00:05:04');
INSERT INTO `inactive_point_history` (`user_id`, `point`, `date`) VALUES ('Q6D63V', '0', '2025-11-15 00:05:04');
UPDATE `user_registration` SET `sub_point` = 0, `active_status` = 'no'
WHERE `user_id` = 'Q6D63V';
INSERT INTO `arreva_api_logs` (`user_id`, `email`, `endpoint`, `response`, `date`) VALUES ('Q6D63V', 'deeptalent@hotmail.com', 'deactivatemember', '\"Unable to find user matching email or contract number or otherid\"', '2025-11-15 00:05:04');
INSERT INTO `inactive_history` (`user_id`, `commission_balance`, `amount`, `date`) VALUES ('Q6D63V', '100', '150', '2025-11-15 00:05:04');
INSERT INTO `inactive_point_history` (`user_id`, `point`, `date`) VALUES ('N6GZAE', '0', '2025-11-15 00:05:04');
UPDATE `user_registration` SET `sub_point` = 0, `active_status` = 'no'
WHERE `user_id` = 'N6GZAE';
INSERT INTO `arreva_api_logs` (`user_id`, `email`, `endpoint`, `response`, `date`) VALUES ('N6GZAE', 'travelegendcy+71@gmail.com', 'deactivatemember', '\"Unable to find user matching email or contract number or otherid\"', '2025-11-15 00:05:04');
INSERT INTO `inactive_history` (`user_id`, `commission_balance`, `amount`, `date`) VALUES ('N6GZAE', '50', '150', '2025-11-15 00:05:04');
INSERT INTO `inactive_point_history` (`user_id`, `point`, `date`) VALUES ('Q834IS', '0', '2025-11-15 00:05:04');
UPDATE `user_registration` SET `sub_point` = 0, `active_status` = 'no'
WHERE `user_id` = 'Q834IS';
INSERT INTO `arreva_api_logs` (`user_id`, `email`, `endpoint`, `response`, `date`) VALUES ('Q834IS', 'ganofelizyo@gmail.com', 'deactivatemember', '\"Unable to find user matching email or contract number or otherid\"', '2025-11-15 00:05:04');
INSERT INTO `inactive_history` (`user_id`, `commission_balance`, `amount`, `date`) VALUES ('Q834IS', '0', '50', '2025-11-15 00:05:04');
INSERT INTO `inactive_point_history` (`user_id`, `point`, `date`) VALUES ('PKHRN5', '0', '2025-11-15 00:05:04');
UPDATE `user_registration` SET `sub_point` = 0, `active_status` = 'no'
WHERE `user_id` = 'PKHRN5';
INSERT INTO `arreva_api_logs` (`user_id`, `email`, `endpoint`, `response`, `date`) VALUES ('PKHRN5', 'nrproducts20@gmail.com', 'deactivatemember', '\"Unable to find user matching email or contract number or otherid\"', '2025-11-15 00:05:05');
INSERT INTO `inactive_history` (`user_id`, `commission_balance`, `amount`, `date`) VALUES ('PKHRN5', '28', '50', '2025-11-15 00:05:05');
INSERT INTO `inactive_point_history` (`user_id`, `point`, `date`) VALUES ('MT8QJF', '0', '2025-11-15 00:05:05');
UPDATE `user_registration` SET `sub_point` = 0, `active_status` = 'no'
WHERE `user_id` = 'MT8QJF';
INSERT INTO `arreva_api_logs` (`user_id`, `email`, `endpoint`, `response`, `date`) VALUES ('MT8QJF', 'bustamantemoni@yahoo.com', 'deactivatemember', '\"Unable to find user matching email or contract number or otherid\"', '2025-11-15 00:05:05');
INSERT INTO `inactive_history` (`user_id`, `commission_balance`, `amount`, `date`) VALUES ('MT8QJF', '0', '150', '2025-11-15 00:05:05');
INSERT INTO `inactive_point_history` (`user_id`, `point`, `date`) VALUES ('OWF3OA', '0', '2025-11-15 00:05:05');
UPDATE `user_registration` SET `sub_point` = 0, `active_status` = 'no'
WHERE `user_id` = 'OWF3OA';
INSERT INTO `arreva_api_logs` (`user_id`, `email`, `endpoint`, `response`, `date`) VALUES ('OWF3OA', 'caridadm70@gmail.com', 'deactivatemember', '\"Unable to find user matching email or contract number or otherid\"', '2025-11-15 00:05:05');
INSERT INTO `inactive_history` (`user_id`, `commission_balance`, `amount`, `date`) VALUES ('OWF3OA', '0', '150', '2025-11-15 00:05:05');
INSERT INTO `inactive_point_history` (`user_id`, `point`, `date`) VALUES ('HUDVJU', '0', '2025-11-15 00:05:05');
UPDATE `user_registration` SET `sub_point` = 0, `active_status` = 'no'
WHERE `user_id` = 'HUDVJU';
INSERT INTO `arreva_api_logs` (`user_id`, `email`, `endpoint`, `response`, `date`) VALUES ('HUDVJU', 'rsotolongok@aol.com', 'deactivatemember', '\"Unable to find user matching email or contract number or otherid\"', '2025-11-15 00:05:06');
INSERT INTO `inactive_history` (`user_id`, `commission_balance`, `amount`, `date`) VALUES ('HUDVJU', '30', '50', '2025-11-15 00:05:06');
INSERT INTO `inactive_point_history` (`user_id`, `point`, `date`) VALUES ('IEVPMD', '0', '2025-11-15 00:05:06');
UPDATE `user_registration` SET `sub_point` = 0, `active_status` = 'no'
WHERE `user_id` = 'IEVPMD';
INSERT INTO `arreva_api_logs` (`user_id`, `email`, `endpoint`, `response`, `date`) VALUES ('IEVPMD', 'ferr2085@gmail.com', 'deactivatemember', '\"Unable to find user matching email or contract number or otherid\"', '2025-11-15 00:05:06');
INSERT INTO `inactive_history` (`user_id`, `commission_balance`, `amount`, `date`) VALUES ('IEVPMD', '0', '150', '2025-11-15 00:05:06');
INSERT INTO `inactive_point_history` (`user_id`, `point`, `date`) VALUES ('CVVK4C', '0', '2025-11-15 00:05:06');
UPDATE `user_registration` SET `sub_point` = 0, `active_status` = 'no'
WHERE `user_id` = 'CVVK4C';
INSERT INTO `arreva_api_logs` (`user_id`, `email`, `endpoint`, `response`, `date`) VALUES ('CVVK4C', 'naranjo.manuel93@gmail.com', 'deactivatemember', '\"Unable to find user matching email or contract number or otherid\"', '2025-11-15 00:05:06');
INSERT INTO `inactive_history` (`user_id`, `commission_balance`, `amount`, `date`) VALUES ('CVVK4C', '0', '150', '2025-11-15 00:05:06');
INSERT INTO `inactive_point_history` (`user_id`, `point`, `date`) VALUES ('HQTCGF', '0', '2025-11-15 00:05:06');
UPDATE `user_registration` SET `sub_point` = 0, `active_status` = 'no'
WHERE `user_id` = 'HQTCGF';
INSERT INTO `arreva_api_logs` (`user_id`, `email`, `endpoint`, `response`, `date`) VALUES ('HQTCGF', 'naranjo.manuel@ymail.com', 'deactivatemember', '\"Unable to find user matching email or contract number or otherid\"', '2025-11-15 00:05:07');
INSERT INTO `inactive_history` (`user_id`, `commission_balance`, `amount`, `date`) VALUES ('HQTCGF', '0', '150', '2025-11-15 00:05:07');
INSERT INTO `inactive_point_history` (`user_id`, `point`, `date`) VALUES ('L2MNP5', '0', '2025-11-15 00:05:07');
UPDATE `user_registration` SET `sub_point` = 0, `active_status` = 'no'
WHERE `user_id` = 'L2MNP5';
INSERT INTO `arreva_api_logs` (`user_id`, `email`, `endpoint`, `response`, `date`) VALUES ('L2MNP5', 'caimandelcaribe1964@gmail.com', 'deactivatemember', '\"Unable to find user matching email or contract number or otherid\"', '2025-11-15 00:05:07');
INSERT INTO `inactive_history` (`user_id`, `commission_balance`, `amount`, `date`) VALUES ('L2MNP5', '0', '150', '2025-11-15 00:05:07');
INSERT INTO `inactive_point_history` (`user_id`, `point`, `date`) VALUES ('U7SMZ8', '0', '2025-11-15 00:05:07');
UPDATE `user_registration` SET `sub_point` = 0, `active_status` = 'no'
WHERE `user_id` = 'U7SMZ8';
INSERT INTO `arreva_api_logs` (`user_id`, `email`, `endpoint`, `response`, `date`) VALUES ('U7SMZ8', 'claujor06@hotmail.com', 'deactivatemember', '\"Unable to find user matching email or contract number or otherid\"', '2025-11-15 00:05:07');
INSERT INTO `inactive_history` (`user_id`, `commission_balance`, `amount`, `date`) VALUES ('U7SMZ8', '0', '150', '2025-11-15 00:05:07');
INSERT INTO `inactive_point_history` (`user_id`, `point`, `date`) VALUES ('PUJNHI', '0', '2025-11-15 00:05:07');
UPDATE `user_registration` SET `sub_point` = 0, `active_status` = 'no'
WHERE `user_id` = 'PUJNHI';
INSERT INTO `arreva_api_logs` (`user_id`, `email`, `endpoint`, `response`, `date`) VALUES ('PUJNHI', 'rt.amdream@gmail.com', 'deactivatemember', '\"Unable to find user matching email or contract number or otherid\"', '2025-11-15 00:05:07');
INSERT INTO `inactive_history` (`user_id`, `commission_balance`, `amount`, `date`) VALUES ('PUJNHI', '40', '150', '2025-11-15 00:05:07');
INSERT INTO `inactive_point_history` (`user_id`, `point`, `date`) VALUES ('WC5BL7', '0', '2025-11-15 00:05:07');
UPDATE `user_registration` SET `sub_point` = 0, `active_status` = 'no'
WHERE `user_id` = 'WC5BL7';
INSERT INTO `arreva_api_logs` (`user_id`, `email`, `endpoint`, `response`, `date`) VALUES ('WC5BL7', 'guecab74@gmail.com', 'deactivatemember', '\"Unable to find user matching email or contract number or otherid\"', '2025-11-15 00:05:08');
INSERT INTO `inactive_history` (`user_id`, `commission_balance`, `amount`, `date`) VALUES ('WC5BL7', '0', '50', '2025-11-15 00:05:08');
INSERT INTO `inactive_point_history` (`user_id`, `point`, `date`) VALUES ('W17SG2', '0', '2025-11-15 00:05:08');
UPDATE `user_registration` SET `sub_point` = 0, `active_status` = 'no'
WHERE `user_id` = 'W17SG2';
INSERT INTO `arreva_api_logs` (`user_id`, `email`, `endpoint`, `response`, `date`) VALUES ('W17SG2', 'jnsh44@gmail.com', 'deactivatemember', '\"Unable to find user matching email or contract number or otherid\"', '2025-11-15 00:05:08');
INSERT INTO `inactive_history` (`user_id`, `commission_balance`, `amount`, `date`) VALUES ('W17SG2', '0', '150', '2025-11-15 00:05:08');
INSERT INTO `inactive_point_history` (`user_id`, `point`, `date`) VALUES ('PR92IO', '0', '2025-11-15 00:05:08');
UPDATE `user_registration` SET `sub_point` = 0, `active_status` = 'no'
WHERE `user_id` = 'PR92IO';
INSERT INTO `arreva_api_logs` (`user_id`, `email`, `endpoint`, `response`, `date`) VALUES ('PR92IO', 'onielguerra@yahoo.com', 'deactivatemember', '\"Unable to find user matching email or contract number or otherid\"', '2025-11-15 00:05:08');
INSERT INTO `inactive_history` (`user_id`, `commission_balance`, `amount`, `date`) VALUES ('PR92IO', '0', '50', '2025-11-15 00:05:08');
INSERT INTO `inactive_point_history` (`user_id`, `point`, `date`) VALUES ('UTF7YN', '0', '2025-11-15 00:05:08');
UPDATE `user_registration` SET `sub_point` = 0, `active_status` = 'no'
WHERE `user_id` = 'UTF7YN';
INSERT INTO `arreva_api_logs` (`user_id`, `email`, `endpoint`, `response`, `date`) VALUES ('UTF7YN', 'miguelmartinezzamora89@gmail.com', 'deactivatemember', '\"Unable to find user matching email or contract number or otherid\"', '2025-11-15 00:05:08');
INSERT INTO `inactive_history` (`user_id`, `commission_balance`, `amount`, `date`) VALUES ('UTF7YN', '0', '150', '2025-11-15 00:05:08');
INSERT INTO `inactive_point_history` (`user_id`, `point`, `date`) VALUES ('JIL8K9', '0', '2025-11-15 00:05:08');
UPDATE `user_registration` SET `sub_point` = 0, `active_status` = 'no'
WHERE `user_id` = 'JIL8K9';
INSERT INTO `arreva_api_logs` (`user_id`, `email`, `endpoint`, `response`, `date`) VALUES ('JIL8K9', 'urquia0831@gmail.com', 'deactivatemember', '\"Unable to find user matching email or contract number or otherid\"', '2025-11-15 00:05:09');
INSERT INTO `inactive_history` (`user_id`, `commission_balance`, `amount`, `date`) VALUES ('JIL8K9', '20', '150', '2025-11-15 00:05:09');
INSERT INTO `inactive_point_history` (`user_id`, `point`, `date`) VALUES ('XHO8CJ', '0', '2025-11-15 00:05:09');
UPDATE `user_registration` SET `sub_point` = 0, `active_status` = 'no'
WHERE `user_id` = 'XHO8CJ';
INSERT INTO `arreva_api_logs` (`user_id`, `email`, `endpoint`, `response`, `date`) VALUES ('XHO8CJ', 'arielzomoza@hotmail.com', 'deactivatemember', '\"Unable to find user matching email or contract number or otherid\"', '2025-11-15 00:05:09');
INSERT INTO `inactive_history` (`user_id`, `commission_balance`, `amount`, `date`) VALUES ('XHO8CJ', '0', '150', '2025-11-15 00:05:09');
INSERT INTO `inactive_point_history` (`user_id`, `point`, `date`) VALUES ('L8NRSC', '0', '2025-11-15 00:05:09');
UPDATE `user_registration` SET `sub_point` = 0, `active_status` = 'no'
WHERE `user_id` = 'L8NRSC';
INSERT INTO `arreva_api_logs` (`user_id`, `email`, `endpoint`, `response`, `date`) VALUES ('L8NRSC', 'heviaelina17@gmail.com', 'deactivatemember', '\"Unable to find user matching email or contract number or otherid\"', '2025-11-15 00:05:09');
INSERT INTO `inactive_history` (`user_id`, `commission_balance`, `amount`, `date`) VALUES ('L8NRSC', '50', '150', '2025-11-15 00:05:09');
INSERT INTO `inactive_point_history` (`user_id`, `point`, `date`) VALUES ('6H3N98', '0', '2025-11-15 00:05:09');
UPDATE `user_registration` SET `sub_point` = 0, `active_status` = 'no'
WHERE `user_id` = '6H3N98';
INSERT INTO `arreva_api_logs` (`user_id`, `email`, `endpoint`, `response`, `date`) VALUES ('6H3N98', 'Polanco1961.jmp@gmail.com', 'deactivatemember', '\"Unable to find user matching email or contract number or otherid\"', '2025-11-15 00:05:10');
INSERT INTO `inactive_history` (`user_id`, `commission_balance`, `amount`, `date`) VALUES ('6H3N98', '100', '150', '2025-11-15 00:05:10');
INSERT INTO `inactive_point_history` (`user_id`, `point`, `date`) VALUES ('HP6YP2', '0', '2025-11-15 00:05:10');
UPDATE `user_registration` SET `sub_point` = 0, `active_status` = 'no'
WHERE `user_id` = 'HP6YP2';
INSERT INTO `arreva_api_logs` (`user_id`, `email`, `endpoint`, `response`, `date`) VALUES ('HP6YP2', 'josedavila0923@hotmail.com', 'deactivatemember', '\"Unable to find user matching email or contract number or otherid\"', '2025-11-15 00:05:10');
INSERT INTO `inactive_history` (`user_id`, `commission_balance`, `amount`, `date`) VALUES ('HP6YP2', '50', '150', '2025-11-15 00:05:10');
INSERT INTO `inactive_point_history` (`user_id`, `point`, `date`) VALUES ('8RVNYT', '0', '2025-11-15 00:05:10');
UPDATE `user_registration` SET `sub_point` = 0, `active_status` = 'no'
WHERE `user_id` = '8RVNYT';
INSERT INTO `arreva_api_logs` (`user_id`, `email`, `endpoint`, `response`, `date`) VALUES ('8RVNYT', 'dduany59@gmail.com', 'deactivatemember', '\"Unable to find user matching email or contract number or otherid\"', '2025-11-15 00:05:10');
INSERT INTO `inactive_history` (`user_id`, `commission_balance`, `amount`, `date`) VALUES ('8RVNYT', '0', '150', '2025-11-15 00:05:10');
INSERT INTO `inactive_point_history` (`user_id`, `point`, `date`) VALUES ('K8DXP2', '0', '2025-11-15 00:05:10');
UPDATE `user_registration` SET `sub_point` = 0, `active_status` = 'no'
WHERE `user_id` = 'K8DXP2';
INSERT INTO `arreva_api_logs` (`user_id`, `email`, `endpoint`, `response`, `date`) VALUES ('K8DXP2', 'danieladm02@icloud.com', 'deactivatemember', '\"Unable to find user matching email or contract number or otherid\"', '2025-11-15 00:05:10');
INSERT INTO `inactive_history` (`user_id`, `commission_balance`, `amount`, `date`) VALUES ('K8DXP2', '0', '150', '2025-11-15 00:05:10');
INSERT INTO `inactive_point_history` (`user_id`, `point`, `date`) VALUES ('BD2ZLC', '0', '2025-11-15 00:05:10');
UPDATE `user_registration` SET `sub_point` = 0, `active_status` = 'no'
WHERE `user_id` = 'BD2ZLC';
INSERT INTO `arreva_api_logs` (`user_id`, `email`, `endpoint`, `response`, `date`) VALUES ('BD2ZLC', 'misleydacuba@hotmail.com', 'deactivatemember', '\"Unable to find user matching email or contract number or otherid\"', '2025-11-15 00:05:11');
INSERT INTO `inactive_history` (`user_id`, `commission_balance`, `amount`, `date`) VALUES ('BD2ZLC', '100', '150', '2025-11-15 00:05:11');
INSERT INTO `inactive_point_history` (`user_id`, `point`, `date`) VALUES ('2MBPZI', '0', '2025-11-15 00:05:11');
UPDATE `user_registration` SET `sub_point` = 0, `active_status` = 'no'
WHERE `user_id` = '2MBPZI';
INSERT INTO `arreva_api_logs` (`user_id`, `email`, `endpoint`, `response`, `date`) VALUES ('2MBPZI', 'lamora07@icloud.com', 'deactivatemember', '\"Unable to find user matching email or contract number or otherid\"', '2025-11-15 00:05:12');
INSERT INTO `inactive_history` (`user_id`, `commission_balance`, `amount`, `date`) VALUES ('2MBPZI', '0', '150', '2025-11-15 00:05:12');
INSERT INTO `inactive_point_history` (`user_id`, `point`, `date`) VALUES ('XXI66Z', '0', '2025-11-15 00:05:12');
UPDATE `user_registration` SET `sub_point` = 0, `active_status` = 'no'
WHERE `user_id` = 'XXI66Z';
INSERT INTO `arreva_api_logs` (`user_id`, `email`, `endpoint`, `response`, `date`) VALUES ('XXI66Z', 'nora.cuenca722@gmail.com', 'deactivatemember', '\"Unable to find user matching email or contract number or otherid\"', '2025-11-15 00:05:12');
INSERT INTO `inactive_history` (`user_id`, `commission_balance`, `amount`, `date`) VALUES ('XXI66Z', '0', '150', '2025-11-15 00:05:12');
INSERT INTO `inactive_point_history` (`user_id`, `point`, `date`) VALUES ('Q82ZV9', '0', '2025-11-15 00:05:12');
UPDATE `user_registration` SET `sub_point` = 0, `active_status` = 'no'
WHERE `user_id` = 'Q82ZV9';
INSERT INTO `arreva_api_logs` (`user_id`, `email`, `endpoint`, `response`, `date`) VALUES ('Q82ZV9', 'Jcab777@hotmail.com', 'deactivatemember', '\"Unable to find user matching email or contract number or otherid\"', '2025-11-15 00:05:12');
INSERT INTO `inactive_history` (`user_id`, `commission_balance`, `amount`, `date`) VALUES ('Q82ZV9', '20', '50', '2025-11-15 00:05:12');
INSERT INTO `inactive_point_history` (`user_id`, `point`, `date`) VALUES ('IWTOLP', '0', '2025-11-15 00:05:12');
UPDATE `user_registration` SET `sub_point` = 0, `active_status` = 'no'
WHERE `user_id` = 'IWTOLP';
INSERT INTO `arreva_api_logs` (`user_id`, `email`, `endpoint`, `response`, `date`) VALUES ('IWTOLP', 'Hectorvaldes84@gmail.com', 'deactivatemember', '\"Unable to find user matching email or contract number or otherid\"', '2025-11-15 00:05:13');
INSERT INTO `inactive_history` (`user_id`, `commission_balance`, `amount`, `date`) VALUES ('IWTOLP', '0', '50', '2025-11-15 00:05:13');
INSERT INTO `inactive_point_history` (`user_id`, `point`, `date`) VALUES ('9QPRWH', '0', '2025-11-15 00:05:13');
UPDATE `user_registration` SET `sub_point` = 0, `active_status` = 'no'
WHERE `user_id` = '9QPRWH';
INSERT INTO `arreva_api_logs` (`user_id`, `email`, `endpoint`, `response`, `date`) VALUES ('9QPRWH', 'danny.ortiz93@yahoo.com', 'deactivatemember', '\"Unable to find user matching email or contract number or otherid\"', '2025-11-15 00:05:13');
INSERT INTO `inactive_history` (`user_id`, `commission_balance`, `amount`, `date`) VALUES ('9QPRWH', '0', '150', '2025-11-15 00:05:13');
INSERT INTO `inactive_point_history` (`user_id`, `point`, `date`) VALUES ('LBY7TN', '0', '2025-11-15 00:05:13');
UPDATE `user_registration` SET `sub_point` = 0, `active_status` = 'no'
WHERE `user_id` = 'LBY7TN';
INSERT INTO `arreva_api_logs` (`user_id`, `email`, `endpoint`, `response`, `date`) VALUES ('LBY7TN', 'realtororlando1@gmail.com', 'deactivatemember', '\"Unable to find user matching email or contract number or otherid\"', '2025-11-15 00:05:13');
INSERT INTO `inactive_history` (`user_id`, `commission_balance`, `amount`, `date`) VALUES ('LBY7TN', '0', '150', '2025-11-15 00:05:13');
INSERT INTO `inactive_point_history` (`user_id`, `point`, `date`) VALUES ('WDEXJT', '0', '2025-11-15 00:05:13');
UPDATE `user_registration` SET `sub_point` = 0, `active_status` = 'no'
WHERE `user_id` = 'WDEXJT';
INSERT INTO `arreva_api_logs` (`user_id`, `email`, `endpoint`, `response`, `date`) VALUES ('WDEXJT', 'randol1976@gmail.com', 'deactivatemember', '\"Unable to find user matching email or contract number or otherid\"', '2025-11-15 00:05:14');
INSERT INTO `inactive_history` (`user_id`, `commission_balance`, `amount`, `date`) VALUES ('WDEXJT', '0', '150', '2025-11-15 00:05:14');
INSERT INTO `inactive_point_history` (`user_id`, `point`, `date`) VALUES ('78UOV5', '0', '2025-11-15 00:05:14');
UPDATE `user_registration` SET `sub_point` = 0, `active_status` = 'no'
WHERE `user_id` = '78UOV5';
INSERT INTO `arreva_api_logs` (`user_id`, `email`, `endpoint`, `response`, `date`) VALUES ('78UOV5', 'Marvincano2006@hotmail.com', 'deactivatemember', '\"Unable to find user matching email or contract number or otherid\"', '2025-11-15 00:05:14');
INSERT INTO `inactive_history` (`user_id`, `commission_balance`, `amount`, `date`) VALUES ('78UOV5', '0', '50', '2025-11-15 00:05:14');
INSERT INTO `inactive_point_history` (`user_id`, `point`, `date`) VALUES ('8D7CNL', '0', '2025-11-15 00:05:14');
UPDATE `user_registration` SET `sub_point` = 0, `active_status` = 'no'
WHERE `user_id` = '8D7CNL';
INSERT INTO `arreva_api_logs` (`user_id`, `email`, `endpoint`, `response`, `date`) VALUES ('8D7CNL', 'ulambert45@gmail.com', 'deactivatemember', '\"Unable to find user matching email or contract number or otherid\"', '2025-11-15 00:05:14');
INSERT INTO `inactive_history` (`user_id`, `commission_balance`, `amount`, `date`) VALUES ('8D7CNL', '100', '150', '2025-11-15 00:05:14');
INSERT INTO `inactive_point_history` (`user_id`, `point`, `date`) VALUES ('UJXP99', '0', '2025-11-15 00:05:14');
UPDATE `user_registration` SET `sub_point` = 0, `active_status` = 'no'
WHERE `user_id` = 'UJXP99';
INSERT INTO `arreva_api_logs` (`user_id`, `email`, `endpoint`, `response`, `date`) VALUES ('UJXP99', 'aldocamporota@yahoo.com', 'deactivatemember', '\"Unable to find user matching email or contract number or otherid\"', '2025-11-15 00:05:15');
INSERT INTO `inactive_history` (`user_id`, `commission_balance`, `amount`, `date`) VALUES ('UJXP99', '0', '50', '2025-11-15 00:05:15');
INSERT INTO `inactive_point_history` (`user_id`, `point`, `date`) VALUES ('L268VW', '0', '2025-11-15 00:05:15');
UPDATE `user_registration` SET `sub_point` = 0, `active_status` = 'no'
WHERE `user_id` = 'L268VW';
INSERT INTO `arreva_api_logs` (`user_id`, `email`, `endpoint`, `response`, `date`) VALUES ('L268VW', 'omy2228@gmail.com', 'deactivatemember', '\"Unable to find user matching email or contract number or otherid\"', '2025-11-15 00:05:15');
INSERT INTO `inactive_history` (`user_id`, `commission_balance`, `amount`, `date`) VALUES ('L268VW', '0', '50', '2025-11-15 00:05:15');
INSERT INTO `inactive_point_history` (`user_id`, `point`, `date`) VALUES ('UVJ6L9', '0', '2025-11-15 00:05:15');
UPDATE `user_registration` SET `sub_point` = 0, `active_status` = 'no'
WHERE `user_id` = 'UVJ6L9';
INSERT INTO `arreva_api_logs` (`user_id`, `email`, `endpoint`, `response`, `date`) VALUES ('UVJ6L9', 'nrproducts20+1@gmail.com', 'deactivatemember', '\"Unable to find user matching email or contract number or otherid\"', '2025-11-15 00:05:16');
INSERT INTO `inactive_history` (`user_id`, `commission_balance`, `amount`, `date`) VALUES ('UVJ6L9', '0', '50', '2025-11-15 00:05:16');
INSERT INTO `inactive_point_history` (`user_id`, `point`, `date`) VALUES ('T2U73Q', '0', '2025-11-15 00:05:16');
UPDATE `user_registration` SET `sub_point` = 0, `active_status` = 'no'
WHERE `user_id` = 'T2U73Q';
INSERT INTO `arreva_api_logs` (`user_id`, `email`, `endpoint`, `response`, `date`) VALUES ('T2U73Q', 'aidacano1694@gmail.com', 'deactivatemember', '\"Unable to find user matching email or contract number or otherid\"', '2025-11-15 00:05:16');
INSERT INTO `inactive_history` (`user_id`, `commission_balance`, `amount`, `date`) VALUES ('T2U73Q', '0', '50', '2025-11-15 00:05:16');
INSERT INTO `inactive_point_history` (`user_id`, `point`, `date`) VALUES ('ULHSH2', '0', '2025-11-15 00:05:16');
UPDATE `user_registration` SET `sub_point` = 0, `active_status` = 'no'
WHERE `user_id` = 'ULHSH2';
INSERT INTO `arreva_api_logs` (`user_id`, `email`, `endpoint`, `response`, `date`) VALUES ('ULHSH2', 'asny_melody11@hotmail.com', 'deactivatemember', '\"Unable to find user matching email or contract number or otherid\"', '2025-11-15 00:05:17');
INSERT INTO `inactive_history` (`user_id`, `commission_balance`, `amount`, `date`) VALUES ('ULHSH2', '0', '150', '2025-11-15 00:05:17');
INSERT INTO `inactive_point_history` (`user_id`, `point`, `date`) VALUES ('H1XYDK', '0', '2025-11-15 00:05:17');
UPDATE `user_registration` SET `sub_point` = 0, `active_status` = 'no'
WHERE `user_id` = 'H1XYDK';
INSERT INTO `arreva_api_logs` (`user_id`, `email`, `endpoint`, `response`, `date`) VALUES ('H1XYDK', 'bingostarsforever@gmail.com', 'deactivatemember', '\"Unable to find user matching email or contract number or otherid\"', '2025-11-15 00:05:17');
INSERT INTO `inactive_history` (`user_id`, `commission_balance`, `amount`, `date`) VALUES ('H1XYDK', '0', '50', '2025-11-15 00:05:17');
INSERT INTO `inactive_point_history` (`user_id`, `point`, `date`) VALUES ('3UFB1M', '0', '2025-11-15 00:05:17');
UPDATE `user_registration` SET `sub_point` = 0, `active_status` = 'no'
WHERE `user_id` = '3UFB1M';
INSERT INTO `arreva_api_logs` (`user_id`, `email`, `endpoint`, `response`, `date`) VALUES ('3UFB1M', 'mariodiamantes2014@gmail.com', 'deactivatemember', '\"Unable to find user matching email or contract number or otherid\"', '2025-11-15 00:05:18');
INSERT INTO `inactive_history` (`user_id`, `commission_balance`, `amount`, `date`) VALUES ('3UFB1M', '100', '150', '2025-11-15 00:05:18');
INSERT INTO `inactive_point_history` (`user_id`, `point`, `date`) VALUES ('72W7M6', '0', '2025-11-15 00:05:18');
UPDATE `user_registration` SET `sub_point` = 0, `active_status` = 'no'
WHERE `user_id` = '72W7M6';
INSERT INTO `arreva_api_logs` (`user_id`, `email`, `endpoint`, `response`, `date`) VALUES ('72W7M6', 'finanzasyprosperidad777@gmail.com', 'deactivatemember', '\"Unable to find user matching email or contract number or otherid\"', '2025-11-15 00:05:18');
INSERT INTO `inactive_history` (`user_id`, `commission_balance`, `amount`, `date`) VALUES ('72W7M6', '0', '50', '2025-11-15 00:05:18');
INSERT INTO `inactive_point_history` (`user_id`, `point`, `date`) VALUES ('8PK4HK', '0', '2025-11-15 00:05:18');
UPDATE `user_registration` SET `sub_point` = 0, `active_status` = 'no'
WHERE `user_id` = '8PK4HK';
INSERT INTO `arreva_api_logs` (`user_id`, `email`, `endpoint`, `response`, `date`) VALUES ('8PK4HK', 'romandebora44@gmail.com', 'deactivatemember', '\"Unable to find user matching email or contract number or otherid\"', '2025-11-15 00:05:19');
INSERT INTO `inactive_history` (`user_id`, `commission_balance`, `amount`, `date`) VALUES ('8PK4HK', '0', '150', '2025-11-15 00:05:19');
INSERT INTO `inactive_point_history` (`user_id`, `point`, `date`) VALUES ('LEOFNI', '0', '2025-11-15 00:05:19');
UPDATE `user_registration` SET `sub_point` = 0, `active_status` = 'no'
WHERE `user_id` = 'LEOFNI';
INSERT INTO `arreva_api_logs` (`user_id`, `email`, `endpoint`, `response`, `date`) VALUES ('LEOFNI', 'nrproducts20+2@gmail.com', 'deactivatemember', '\"Unable to find user matching email or contract number or otherid\"', '2025-11-15 00:05:19');
INSERT INTO `inactive_history` (`user_id`, `commission_balance`, `amount`, `date`) VALUES ('LEOFNI', '0', '150', '2025-11-15 00:05:19');
INSERT INTO `inactive_point_history` (`user_id`, `point`, `date`) VALUES ('75X85X', '0', '2025-11-15 00:05:19');
UPDATE `user_registration` SET `sub_point` = 0, `active_status` = 'no'
WHERE `user_id` = '75X85X';
INSERT INTO `arreva_api_logs` (`user_id`, `email`, `endpoint`, `response`, `date`) VALUES ('75X85X', 'nrproducts20+3@gmail.com', 'deactivatemember', '\"Unable to find user matching email or contract number or otherid\"', '2025-11-15 00:05:20');
INSERT INTO `inactive_history` (`user_id`, `commission_balance`, `amount`, `date`) VALUES ('75X85X', '0', '50', '2025-11-15 00:05:20');
INSERT INTO `inactive_point_history` (`user_id`, `point`, `date`) VALUES ('UC1QRN', '0', '2025-11-15 00:05:20');
UPDATE `user_registration` SET `sub_point` = 0, `active_status` = 'no'
WHERE `user_id` = 'UC1QRN';
INSERT INTO `arreva_api_logs` (`user_id`, `email`, `endpoint`, `response`, `date`) VALUES ('UC1QRN', 'orelfernandezg@gmail.com', 'deactivatemember', '\"Unable to find user matching email or contract number or otherid\"', '2025-11-15 00:05:21');
INSERT INTO `inactive_history` (`user_id`, `commission_balance`, `amount`, `date`) VALUES ('UC1QRN', '0', '150', '2025-11-15 00:05:21');
INSERT INTO `inactive_point_history` (`user_id`, `point`, `date`) VALUES ('7YU16B', '0', '2025-11-15 00:05:21');
UPDATE `user_registration` SET `sub_point` = 0, `active_status` = 'no'
WHERE `user_id` = '7YU16B';
INSERT INTO `arreva_api_logs` (`user_id`, `email`, `endpoint`, `response`, `date`) VALUES ('7YU16B', 'glefran@gmail.com', 'deactivatemember', '\"Unable to find user matching email or contract number or otherid\"', '2025-11-15 00:05:21');
INSERT INTO `inactive_history` (`user_id`, `commission_balance`, `amount`, `date`) VALUES ('7YU16B', '0', '50', '2025-11-15 00:05:21');
INSERT INTO `inactive_point_history` (`user_id`, `point`, `date`) VALUES ('OEM6F6', '0', '2025-11-15 00:05:21');
UPDATE `user_registration` SET `sub_point` = 0, `active_status` = 'no'
WHERE `user_id` = 'OEM6F6';
INSERT INTO `arreva_api_logs` (`user_id`, `email`, `endpoint`, `response`, `date`) VALUES ('OEM6F6', 'oceci.nieves@gmail.com', 'deactivatemember', '\"Unable to find user matching email or contract number or otherid\"', '2025-11-15 00:05:21');
INSERT INTO `inactive_history` (`user_id`, `commission_balance`, `amount`, `date`) VALUES ('OEM6F6', '0', '50', '2025-11-15 00:05:21');
INSERT INTO `inactive_point_history` (`user_id`, `point`, `date`) VALUES ('TU7MHD', '0', '2025-11-15 00:05:21');
UPDATE `user_registration` SET `sub_point` = 0, `active_status` = 'no'
WHERE `user_id` = 'TU7MHD';
INSERT INTO `arreva_api_logs` (`user_id`, `email`, `endpoint`, `response`, `date`) VALUES ('TU7MHD', 'betgarc42@gmaill.com', 'deactivatemember', '\"Unable to find user matching email or contract number or otherid\"', '2025-11-15 00:05:22');
INSERT INTO `inactive_history` (`user_id`, `commission_balance`, `amount`, `date`) VALUES ('TU7MHD', '100', '150', '2025-11-15 00:05:22');
INSERT INTO `inactive_point_history` (`user_id`, `point`, `date`) VALUES ('7BQJK5', '0', '2025-11-15 00:05:22');
UPDATE `user_registration` SET `sub_point` = 0, `active_status` = 'no'
WHERE `user_id` = '7BQJK5';
INSERT INTO `arreva_api_logs` (`user_id`, `email`, `endpoint`, `response`, `date`) VALUES ('7BQJK5', 'YPENABAD@HOTMAIL.COM', 'deactivatemember', '\"Unable to find user matching email or contract number or otherid\"', '2025-11-15 00:05:22');
INSERT INTO `inactive_history` (`user_id`, `commission_balance`, `amount`, `date`) VALUES ('7BQJK5', '20', '150', '2025-11-15 00:05:22');
INSERT INTO `inactive_point_history` (`user_id`, `point`, `date`) VALUES ('XMN3MK', '0', '2025-11-15 00:05:22');
UPDATE `user_registration` SET `sub_point` = 0, `active_status` = 'no'
WHERE `user_id` = 'XMN3MK';
INSERT INTO `arreva_api_logs` (`user_id`, `email`, `endpoint`, `response`, `date`) VALUES ('XMN3MK', 'narotnebur324058@gmail.com', 'deactivatemember', '\"Unable to find user matching email or contract number or otherid\"', '2025-11-15 00:05:23');
INSERT INTO `inactive_history` (`user_id`, `commission_balance`, `amount`, `date`) VALUES ('XMN3MK', '0', '150', '2025-11-15 00:05:23');
INSERT INTO `inactive_point_history` (`user_id`, `point`, `date`) VALUES ('7SMFPM', '0', '2025-11-15 00:05:23');
UPDATE `user_registration` SET `sub_point` = 0, `active_status` = 'no'
WHERE `user_id` = '7SMFPM';
INSERT INTO `arreva_api_logs` (`user_id`, `email`, `endpoint`, `response`, `date`) VALUES ('7SMFPM', 'volcanu2080@gmail.com', 'deactivatemember', '\"Unable to find user matching email or contract number or otherid\"', '2025-11-15 00:05:23');
INSERT INTO `inactive_history` (`user_id`, `commission_balance`, `amount`, `date`) VALUES ('7SMFPM', '0', '50', '2025-11-15 00:05:23');
INSERT INTO `inactive_point_history` (`user_id`, `point`, `date`) VALUES ('WS9KK9', '0', '2025-11-15 00:05:23');
UPDATE `user_registration` SET `sub_point` = 0, `active_status` = 'no'
WHERE `user_id` = 'WS9KK9';
INSERT INTO `arreva_api_logs` (`user_id`, `email`, `endpoint`, `response`, `date`) VALUES ('WS9KK9', 'aller.r@hotmail.com', 'deactivatemember', '\"Unable to find user matching email or contract number or otherid\"', '2025-11-15 00:05:23');
INSERT INTO `inactive_history` (`user_id`, `commission_balance`, `amount`, `date`) VALUES ('WS9KK9', '0', '150', '2025-11-15 00:05:23');
INSERT INTO `inactive_point_history` (`user_id`, `point`, `date`) VALUES ('BJFCEM', '0', '2025-11-15 00:05:23');
UPDATE `user_registration` SET `sub_point` = 0, `active_status` = 'no'
WHERE `user_id` = 'BJFCEM';
INSERT INTO `arreva_api_logs` (`user_id`, `email`, `endpoint`, `response`, `date`) VALUES ('BJFCEM', 'moneysavetoday@gmail.com', 'deactivatemember', '\"Unable to find user matching email or contract number or otherid\"', '2025-11-15 00:05:24');
INSERT INTO `inactive_history` (`user_id`, `commission_balance`, `amount`, `date`) VALUES ('BJFCEM', '0', '50', '2025-11-15 00:05:24');
INSERT INTO `inactive_point_history` (`user_id`, `point`, `date`) VALUES ('9EDD8W', '0', '2025-11-15 00:05:24');
UPDATE `user_registration` SET `sub_point` = 0, `active_status` = 'no'
WHERE `user_id` = '9EDD8W';
INSERT INTO `arreva_api_logs` (`user_id`, `email`, `endpoint`, `response`, `date`) VALUES ('9EDD8W', 'fabrehands@gmail.com', 'deactivatemember', '\"Unable to find user matching email or contract number or otherid\"', '2025-11-15 00:05:24');
INSERT INTO `inactive_history` (`user_id`, `commission_balance`, `amount`, `date`) VALUES ('9EDD8W', '0', '50', '2025-11-15 00:05:24');
INSERT INTO `inactive_point_history` (`user_id`, `point`, `date`) VALUES ('TOTNOR', '0', '2025-11-15 00:05:24');
UPDATE `user_registration` SET `sub_point` = 0, `active_status` = 'no'
WHERE `user_id` = 'TOTNOR';
INSERT INTO `arreva_api_logs` (`user_id`, `email`, `endpoint`, `response`, `date`) VALUES ('TOTNOR', 'triptripclub@gmail.com', 'deactivatemember', '\"Unable to find user matching email or contract number or otherid\"', '2025-11-15 00:05:24');
INSERT INTO `inactive_history` (`user_id`, `commission_balance`, `amount`, `date`) VALUES ('TOTNOR', '0', '50', '2025-11-15 00:05:24');
INSERT INTO `inactive_point_history` (`user_id`, `point`, `date`) VALUES ('M2XFK7', '0', '2025-11-15 00:05:24');
UPDATE `user_registration` SET `sub_point` = 0, `active_status` = 'no'
WHERE `user_id` = 'M2XFK7';
INSERT INTO `arreva_api_logs` (`user_id`, `email`, `endpoint`, `response`, `date`) VALUES ('M2XFK7', 'omartoranzo24@gmail.com', 'deactivatemember', '\"Unable to find user matching email or contract number or otherid\"', '2025-11-15 00:05:25');
INSERT INTO `inactive_history` (`user_id`, `commission_balance`, `amount`, `date`) VALUES ('M2XFK7', '0', '150', '2025-11-15 00:05:25');
INSERT INTO `inactive_point_history` (`user_id`, `point`, `date`) VALUES ('82W7DS', '0', '2025-11-15 00:05:25');
UPDATE `user_registration` SET `sub_point` = 0, `active_status` = 'no'
WHERE `user_id` = '82W7DS';
INSERT INTO `arreva_api_logs` (`user_id`, `email`, `endpoint`, `response`, `date`) VALUES ('82W7DS', 'ernestop148@gmail.com', 'deactivatemember', '\"Unable to find user matching email or contract number or otherid\"', '2025-11-15 00:05:25');
INSERT INTO `inactive_history` (`user_id`, `commission_balance`, `amount`, `date`) VALUES ('82W7DS', '0', '50', '2025-11-15 00:05:25');
INSERT INTO `inactive_point_history` (`user_id`, `point`, `date`) VALUES ('9T4ALJ', '0', '2025-11-15 00:05:25');
UPDATE `user_registration` SET `sub_point` = 0, `active_status` = 'no'
WHERE `user_id` = '9T4ALJ';
INSERT INTO `arreva_api_logs` (`user_id`, `email`, `endpoint`, `response`, `date`) VALUES ('9T4ALJ', 'terina.quinones@gmail.com', 'deactivatemember', '\"Unable to find user matching email or contract number or otherid\"', '2025-11-15 00:05:25');
INSERT INTO `inactive_history` (`user_id`, `commission_balance`, `amount`, `date`) VALUES ('9T4ALJ', '0', '150', '2025-11-15 00:05:25');
INSERT INTO `inactive_point_history` (`user_id`, `point`, `date`) VALUES ('648GBY', '0', '2025-11-15 00:05:25');
UPDATE `user_registration` SET `sub_point` = 0, `active_status` = 'no'
WHERE `user_id` = '648GBY';
INSERT INTO `arreva_api_logs` (`user_id`, `email`, `endpoint`, `response`, `date`) VALUES ('648GBY', 'shaniarodri888@gmail.com', 'deactivatemember', '\"Unable to find user matching email or contract number or otherid\"', '2025-11-15 00:05:25');
INSERT INTO `inactive_history` (`user_id`, `commission_balance`, `amount`, `date`) VALUES ('648GBY', '20', '50', '2025-11-15 00:05:25');
INSERT INTO `inactive_point_history` (`user_id`, `point`, `date`) VALUES ('X5T3ZT', '0', '2025-11-15 00:05:25');
UPDATE `user_registration` SET `sub_point` = 0, `active_status` = 'no'
WHERE `user_id` = 'X5T3ZT';
INSERT INTO `arreva_api_logs` (`user_id`, `email`, `endpoint`, `response`, `date`) VALUES ('X5T3ZT', 'joseantonio112759@gmail.com', 'deactivatemember', '\"Unable to find user matching email or contract number or otherid\"', '2025-11-15 00:05:26');
INSERT INTO `inactive_history` (`user_id`, `commission_balance`, `amount`, `date`) VALUES ('X5T3ZT', '0', '150', '2025-11-15 00:05:26');
INSERT INTO `inactive_point_history` (`user_id`, `point`, `date`) VALUES ('PXHCYN', '0', '2025-11-15 00:05:26');
UPDATE `user_registration` SET `sub_point` = 0, `active_status` = 'no'
WHERE `user_id` = 'PXHCYN';
INSERT INTO `arreva_api_logs` (`user_id`, `email`, `endpoint`, `response`, `date`) VALUES ('PXHCYN', 'heribertoortega68@yahoo.com', 'deactivatemember', '\"Unable to find user matching email or contract number or otherid\"', '2025-11-15 00:05:26');
INSERT INTO `inactive_history` (`user_id`, `commission_balance`, `amount`, `date`) VALUES ('PXHCYN', '0', '150', '2025-11-15 00:05:26');
INSERT INTO `inactive_point_history` (`user_id`, `point`, `date`) VALUES ('1GNDEQ', '0', '2025-11-15 00:05:26');
UPDATE `user_registration` SET `sub_point` = 0, `active_status` = 'no'
WHERE `user_id` = '1GNDEQ';
INSERT INTO `arreva_api_logs` (`user_id`, `email`, `endpoint`, `response`, `date`) VALUES ('1GNDEQ', 'Bettylaracormier@gmail.com', 'deactivatemember', '\"Unable to find user matching email or contract number or otherid\"', '2025-11-15 00:05:26');
INSERT INTO `inactive_history` (`user_id`, `commission_balance`, `amount`, `date`) VALUES ('1GNDEQ', '50', '150', '2025-11-15 00:05:26');
INSERT INTO `inactive_point_history` (`user_id`, `point`, `date`) VALUES ('4PJDWH', '0', '2025-11-15 00:05:26');
UPDATE `user_registration` SET `sub_point` = 0, `active_status` = 'no'
WHERE `user_id` = '4PJDWH';
INSERT INTO `arreva_api_logs` (`user_id`, `email`, `endpoint`, `response`, `date`) VALUES ('4PJDWH', 'dayceesaldana169@gmail.com', 'deactivatemember', '\"Unable to find user matching email or contract number or otherid\"', '2025-11-15 00:05:26');
INSERT INTO `inactive_history` (`user_id`, `commission_balance`, `amount`, `date`) VALUES ('4PJDWH', '0', '150', '2025-11-15 00:05:26');
INSERT INTO `inactive_point_history` (`user_id`, `point`, `date`) VALUES ('G3WYIA', '0', '2025-11-15 00:05:26');
UPDATE `user_registration` SET `sub_point` = 0, `active_status` = 'no'
WHERE `user_id` = 'G3WYIA';
INSERT INTO `arreva_api_logs` (`user_id`, `email`, `endpoint`, `response`, `date`) VALUES ('G3WYIA', 'Cmorgansanchez@yahoo.com', 'deactivatemember', '\"Unable to find user matching email or contract number or otherid\"', '2025-11-15 00:05:27');
INSERT INTO `inactive_history` (`user_id`, `commission_balance`, `amount`, `date`) VALUES ('G3WYIA', '0', '150', '2025-11-15 00:05:27');
INSERT INTO `inactive_point_history` (`user_id`, `point`, `date`) VALUES ('VZYEPG', '0', '2025-11-15 00:05:27');
UPDATE `user_registration` SET `sub_point` = 0, `active_status` = 'no'
WHERE `user_id` = 'VZYEPG';
INSERT INTO `arreva_api_logs` (`user_id`, `email`, `endpoint`, `response`, `date`) VALUES ('VZYEPG', 'a.ramos9321@icloud.com', 'deactivatemember', '\"Unable to find user matching email or contract number or otherid\"', '2025-11-15 00:05:27');
INSERT INTO `inactive_history` (`user_id`, `commission_balance`, `amount`, `date`) VALUES ('VZYEPG', '0', '150', '2025-11-15 00:05:27');
INSERT INTO `inactive_point_history` (`user_id`, `point`, `date`) VALUES ('TB42PA', '0', '2025-11-15 00:05:27');
UPDATE `user_registration` SET `sub_point` = 0, `active_status` = 'no'
WHERE `user_id` = 'TB42PA';
INSERT INTO `arreva_api_logs` (`user_id`, `email`, `endpoint`, `response`, `date`) VALUES ('TB42PA', 'betsycf@msn.com', 'deactivatemember', '\"Unable to find user matching email or contract number or otherid\"', '2025-11-15 00:05:28');
INSERT INTO `inactive_history` (`user_id`, `commission_balance`, `amount`, `date`) VALUES ('TB42PA', '0', '150', '2025-11-15 00:05:28');
INSERT INTO `inactive_point_history` (`user_id`, `point`, `date`) VALUES ('2KPJZJ', '0', '2025-11-15 00:05:28');
UPDATE `user_registration` SET `sub_point` = 0, `active_status` = 'no'
WHERE `user_id` = '2KPJZJ';
INSERT INTO `arreva_api_logs` (`user_id`, `email`, `endpoint`, `response`, `date`) VALUES ('2KPJZJ', 'marlonlimonta11@gmail.com', 'deactivatemember', '\"Unable to find user matching email or contract number or otherid\"', '2025-11-15 00:05:28');
INSERT INTO `inactive_history` (`user_id`, `commission_balance`, `amount`, `date`) VALUES ('2KPJZJ', '0', '150', '2025-11-15 00:05:28');
INSERT INTO `inactive_point_history` (`user_id`, `point`, `date`) VALUES ('8634EF', '0', '2025-11-15 00:05:28');
UPDATE `user_registration` SET `sub_point` = 0, `active_status` = 'no'
WHERE `user_id` = '8634EF';
INSERT INTO `arreva_api_logs` (`user_id`, `email`, `endpoint`, `response`, `date`) VALUES ('8634EF', 'taymi1509@gmail.com', 'deactivatemember', '\"Unable to find user matching email or contract number or otherid\"', '2025-11-15 00:05:28');
INSERT INTO `inactive_history` (`user_id`, `commission_balance`, `amount`, `date`) VALUES ('8634EF', '0', '150', '2025-11-15 00:05:28');
INSERT INTO `inactive_point_history` (`user_id`, `point`, `date`) VALUES ('7P1TWW', '0', '2025-11-15 00:05:28');
UPDATE `user_registration` SET `sub_point` = 0, `active_status` = 'no'
WHERE `user_id` = '7P1TWW';
INSERT INTO `arreva_api_logs` (`user_id`, `email`, `endpoint`, `response`, `date`) VALUES ('7P1TWW', 'marthamarin9993@gmail.com', 'deactivatemember', '\"Unable to find user matching email or contract number or otherid\"', '2025-11-15 00:05:29');
INSERT INTO `inactive_history` (`user_id`, `commission_balance`, `amount`, `date`) VALUES ('7P1TWW', '20', '150', '2025-11-15 00:05:29');
INSERT INTO `inactive_point_history` (`user_id`, `point`, `date`) VALUES ('WNT6C4', '0', '2025-11-15 00:05:29');
UPDATE `user_registration` SET `sub_point` = 0, `active_status` = 'no'
WHERE `user_id` = 'WNT6C4';
INSERT INTO `arreva_api_logs` (`user_id`, `email`, `endpoint`, `response`, `date`) VALUES ('WNT6C4', 'lizanaya0310@gmail.com', 'deactivatemember', '\"Unable to find user matching email or contract number or otherid\"', '2025-11-15 00:05:29');
INSERT INTO `inactive_history` (`user_id`, `commission_balance`, `amount`, `date`) VALUES ('WNT6C4', '0', '150', '2025-11-15 00:05:29');
INSERT INTO `inactive_point_history` (`user_id`, `point`, `date`) VALUES ('KYPLBN', '0', '2025-11-15 00:05:29');
UPDATE `user_registration` SET `sub_point` = 0, `active_status` = 'no'
WHERE `user_id` = 'KYPLBN';
INSERT INTO `arreva_api_logs` (`user_id`, `email`, `endpoint`, `response`, `date`) VALUES ('KYPLBN', 'ivanportega02@gmail.com', 'deactivatemember', '\"Unable to find user matching email or contract number or otherid\"', '2025-11-15 00:05:29');
INSERT INTO `inactive_history` (`user_id`, `commission_balance`, `amount`, `date`) VALUES ('KYPLBN', '0', '150', '2025-11-15 00:05:29');
INSERT INTO `inactive_point_history` (`user_id`, `point`, `date`) VALUES ('5MW4H3', '0', '2025-11-15 00:05:29');
UPDATE `user_registration` SET `sub_point` = 0, `active_status` = 'no'
WHERE `user_id` = '5MW4H3';
INSERT INTO `arreva_api_logs` (`user_id`, `email`, `endpoint`, `response`, `date`) VALUES ('5MW4H3', 'yaredari2023@gmail.com', 'deactivatemember', '\"Unable to find user matching email or contract number or otherid\"', '2025-11-15 00:05:30');
INSERT INTO `inactive_history` (`user_id`, `commission_balance`, `amount`, `date`) VALUES ('5MW4H3', '0', '150', '2025-11-15 00:05:30');
INSERT INTO `inactive_point_history` (`user_id`, `point`, `date`) VALUES ('XT3VLL', '0', '2025-11-15 00:05:30');
UPDATE `user_registration` SET `sub_point` = 0, `active_status` = 'no'
WHERE `user_id` = 'XT3VLL';
INSERT INTO `arreva_api_logs` (`user_id`, `email`, `endpoint`, `response`, `date`) VALUES ('XT3VLL', 'daychavez912@gmail.com', 'deactivatemember', '\"Unable to find user matching email or contract number or otherid\"', '2025-11-15 00:05:30');
INSERT INTO `inactive_history` (`user_id`, `commission_balance`, `amount`, `date`) VALUES ('XT3VLL', '0', '150', '2025-11-15 00:05:30');
INSERT INTO `inactive_point_history` (`user_id`, `point`, `date`) VALUES ('WP5PIA', '0', '2025-11-15 00:05:30');
UPDATE `user_registration` SET `sub_point` = 0, `active_status` = 'no'
WHERE `user_id` = 'WP5PIA';
INSERT INTO `arreva_api_logs` (`user_id`, `email`, `endpoint`, `response`, `date`) VALUES ('WP5PIA', 'zuramacortina@gmail.com', 'deactivatemember', '\"Unable to find user matching email or contract number or otherid\"', '2025-11-15 00:05:30');
INSERT INTO `inactive_history` (`user_id`, `commission_balance`, `amount`, `date`) VALUES ('WP5PIA', '50', '150', '2025-11-15 00:05:30');
INSERT INTO `inactive_point_history` (`user_id`, `point`, `date`) VALUES ('DSVFR5', '0', '2025-11-15 00:05:30');
UPDATE `user_registration` SET `sub_point` = 0, `active_status` = 'no'
WHERE `user_id` = 'DSVFR5';
INSERT INTO `arreva_api_logs` (`user_id`, `email`, `endpoint`, `response`, `date`) VALUES ('DSVFR5', 'jesuscruzsantovenia@gmail.com', 'deactivatemember', '\"Unable to find user matching email or contract number or otherid\"', '2025-11-15 00:05:31');
INSERT INTO `inactive_history` (`user_id`, `commission_balance`, `amount`, `date`) VALUES ('DSVFR5', '87.5', '150', '2025-11-15 00:05:31');
INSERT INTO `inactive_point_history` (`user_id`, `point`, `date`) VALUES ('7ZQOFP', '0', '2025-11-15 00:05:31');
UPDATE `user_registration` SET `sub_point` = 0, `active_status` = 'no'
WHERE `user_id` = '7ZQOFP';
INSERT INTO `arreva_api_logs` (`user_id`, `email`, `endpoint`, `response`, `date`) VALUES ('7ZQOFP', 'hilvarshopping@gmail.com', 'deactivatemember', '\"Unable to find user matching email or contract number or otherid\"', '2025-11-15 00:05:31');
INSERT INTO `inactive_history` (`user_id`, `commission_balance`, `amount`, `date`) VALUES ('7ZQOFP', '20', '150', '2025-11-15 00:05:31');
INSERT INTO `inactive_point_history` (`user_id`, `point`, `date`) VALUES ('4Q2HUA', '0', '2025-11-15 00:05:31');
UPDATE `user_registration` SET `sub_point` = 0, `active_status` = 'no'
WHERE `user_id` = '4Q2HUA';
INSERT INTO `arreva_api_logs` (`user_id`, `email`, `endpoint`, `response`, `date`) VALUES ('4Q2HUA', 'yeniaesquijarrosa@gmail.com', 'deactivatemember', '\"Unable to find user matching email or contract number or otherid\"', '2025-11-15 00:05:31');
INSERT INTO `inactive_history` (`user_id`, `commission_balance`, `amount`, `date`) VALUES ('4Q2HUA', '0', '150', '2025-11-15 00:05:31');
INSERT INTO `inactive_point_history` (`user_id`, `point`, `date`) VALUES ('DLHC7V', '0', '2025-11-15 00:05:31');
UPDATE `user_registration` SET `sub_point` = 0, `active_status` = 'no'
WHERE `user_id` = 'DLHC7V';
INSERT INTO `arreva_api_logs` (`user_id`, `email`, `endpoint`, `response`, `date`) VALUES ('DLHC7V', 'bacarote54@gmail.com', 'deactivatemember', '\"Unable to find user matching email or contract number or otherid\"', '2025-11-15 00:05:31');
INSERT INTO `inactive_history` (`user_id`, `commission_balance`, `amount`, `date`) VALUES ('DLHC7V', '0', '150', '2025-11-15 00:05:31');
INSERT INTO `inactive_point_history` (`user_id`, `point`, `date`) VALUES ('QXETAG', '0', '2025-11-15 00:05:31');
UPDATE `user_registration` SET `sub_point` = 0, `active_status` = 'no'
WHERE `user_id` = 'QXETAG';
INSERT INTO `arreva_api_logs` (`user_id`, `email`, `endpoint`, `response`, `date`) VALUES ('QXETAG', 'amadorsonia67@icloud.com', 'deactivatemember', '\"Unable to find user matching email or contract number or otherid\"', '2025-11-15 00:05:32');
INSERT INTO `inactive_history` (`user_id`, `commission_balance`, `amount`, `date`) VALUES ('QXETAG', '0', '150', '2025-11-15 00:05:32');
INSERT INTO `inactive_point_history` (`user_id`, `point`, `date`) VALUES ('41V5DE', '0', '2025-11-15 00:05:32');
UPDATE `user_registration` SET `sub_point` = 0, `active_status` = 'no'
WHERE `user_id` = '41V5DE';
INSERT INTO `arreva_api_logs` (`user_id`, `email`, `endpoint`, `response`, `date`) VALUES ('41V5DE', 'yoansz79@gmail.com', 'deactivatemember', '\"Unable to find user matching email or contract number or otherid\"', '2025-11-15 00:05:32');
INSERT INTO `inactive_history` (`user_id`, `commission_balance`, `amount`, `date`) VALUES ('41V5DE', '0', '150', '2025-11-15 00:05:32');
INSERT INTO `inactive_point_history` (`user_id`, `point`, `date`) VALUES ('SX4SBY', '0', '2025-11-15 00:05:32');
UPDATE `user_registration` SET `sub_point` = 0, `active_status` = 'no'
WHERE `user_id` = 'SX4SBY';
INSERT INTO `arreva_api_logs` (`user_id`, `email`, `endpoint`, `response`, `date`) VALUES ('SX4SBY', 'enriquemasso42@gmail.com', 'deactivatemember', '\"Unable to find user matching email or contract number or otherid\"', '2025-11-15 00:05:32');
INSERT INTO `inactive_history` (`user_id`, `commission_balance`, `amount`, `date`) VALUES ('SX4SBY', '0', '150', '2025-11-15 00:05:32');
INSERT INTO `inactive_point_history` (`user_id`, `point`, `date`) VALUES ('5SGU6D', '0', '2025-11-15 00:05:32');
UPDATE `user_registration` SET `sub_point` = 0, `active_status` = 'no'
WHERE `user_id` = '5SGU6D';
INSERT INTO `arreva_api_logs` (`user_id`, `email`, `endpoint`, `response`, `date`) VALUES ('5SGU6D', 'sonitac1226@gmail.comp', 'deactivatemember', '\"Unable to find user matching email or contract number or otherid\"', '2025-11-15 00:05:32');
INSERT INTO `inactive_history` (`user_id`, `commission_balance`, `amount`, `date`) VALUES ('5SGU6D', '0', '150', '2025-11-15 00:05:32');
INSERT INTO `inactive_point_history` (`user_id`, `point`, `date`) VALUES ('JYZE9L', '0', '2025-11-15 00:05:32');
UPDATE `user_registration` SET `sub_point` = 0, `active_status` = 'no'
WHERE `user_id` = 'JYZE9L';
INSERT INTO `arreva_api_logs` (`user_id`, `email`, `endpoint`, `response`, `date`) VALUES ('JYZE9L', 'mari0803@yahoo.es', 'deactivatemember', '\"Unable to find user matching email or contract number or otherid\"', '2025-11-15 00:05:33');
INSERT INTO `inactive_history` (`user_id`, `commission_balance`, `amount`, `date`) VALUES ('JYZE9L', '125', '150', '2025-11-15 00:05:33');
INSERT INTO `inactive_point_history` (`user_id`, `point`, `date`) VALUES ('L84ITK', '0', '2025-11-15 00:05:33');
UPDATE `user_registration` SET `sub_point` = 0, `active_status` = 'no'
WHERE `user_id` = 'L84ITK';
INSERT INTO `arreva_api_logs` (`user_id`, `email`, `endpoint`, `response`, `date`) VALUES ('L84ITK', 'nelson.hernandez62@hotmail.com', 'deactivatemember', '\"Unable to find user matching email or contract number or otherid\"', '2025-11-15 00:05:33');
INSERT INTO `inactive_history` (`user_id`, `commission_balance`, `amount`, `date`) VALUES ('L84ITK', '0', '150', '2025-11-15 00:05:33');
INSERT INTO `inactive_point_history` (`user_id`, `point`, `date`) VALUES ('6UFXJY', '0', '2025-11-15 00:05:33');
UPDATE `user_registration` SET `sub_point` = 0, `active_status` = 'no'
WHERE `user_id` = '6UFXJY';
INSERT INTO `arreva_api_logs` (`user_id`, `email`, `endpoint`, `response`, `date`) VALUES ('6UFXJY', 'belindaserbellon2013@gmail.com', 'deactivatemember', '\"Unable to find user matching email or contract number or otherid\"', '2025-11-15 00:05:33');
INSERT INTO `inactive_history` (`user_id`, `commission_balance`, `amount`, `date`) VALUES ('6UFXJY', '0', '150', '2025-11-15 00:05:33');
INSERT INTO `inactive_point_history` (`user_id`, `point`, `date`) VALUES ('6FI4ND', '0', '2025-11-15 00:05:33');
UPDATE `user_registration` SET `sub_point` = 0, `active_status` = 'no'
WHERE `user_id` = '6FI4ND';
INSERT INTO `arreva_api_logs` (`user_id`, `email`, `endpoint`, `response`, `date`) VALUES ('6FI4ND', 'deylonhernandez34@gmail.com', 'deactivatemember', '\"Unable to find user matching email or contract number or otherid\"', '2025-11-15 00:05:33');
INSERT INTO `inactive_history` (`user_id`, `commission_balance`, `amount`, `date`) VALUES ('6FI4ND', '0', '150', '2025-11-15 00:05:33');
INSERT INTO `inactive_point_history` (`user_id`, `point`, `date`) VALUES ('2HKNYD', '0', '2025-11-15 00:05:33');
UPDATE `user_registration` SET `sub_point` = 0, `active_status` = 'no'
WHERE `user_id` = '2HKNYD';
INSERT INTO `arreva_api_logs` (`user_id`, `email`, `endpoint`, `response`, `date`) VALUES ('2HKNYD', 'ripollarlene0@gmail.com', 'deactivatemember', 'true', '2025-11-15 00:05:34');
INSERT INTO `inactive_history` (`user_id`, `commission_balance`, `amount`, `date`) VALUES ('2HKNYD', '0', '150', '2025-11-15 00:05:34');
INSERT INTO `inactive_point_history` (`user_id`, `point`, `date`) VALUES ('55ASP4', '0', '2025-11-15 00:05:34');
UPDATE `user_registration` SET `sub_point` = 0, `active_status` = 'no'
WHERE `user_id` = '55ASP4';
INSERT INTO `arreva_api_logs` (`user_id`, `email`, `endpoint`, `response`, `date`) VALUES ('55ASP4', 'sbsfunding79@gmail.com', 'deactivatemember', '\"Unable to find user matching email or contract number or otherid\"', '2025-11-15 00:05:35');
INSERT INTO `inactive_history` (`user_id`, `commission_balance`, `amount`, `date`) VALUES ('55ASP4', '0', '150', '2025-11-15 00:05:35');
INSERT INTO `inactive_point_history` (`user_id`, `point`, `date`) VALUES ('VB9KQJ', '0', '2025-11-15 00:05:35');
UPDATE `user_registration` SET `sub_point` = 0, `active_status` = 'no'
WHERE `user_id` = 'VB9KQJ';
INSERT INTO `arreva_api_logs` (`user_id`, `email`, `endpoint`, `response`, `date`) VALUES ('VB9KQJ', 'caridad7955@gmail.com', 'deactivatemember', '\"Unable to find user matching email or contract number or otherid\"', '2025-11-15 00:05:35');
INSERT INTO `inactive_history` (`user_id`, `commission_balance`, `amount`, `date`) VALUES ('VB9KQJ', '0', '150', '2025-11-15 00:05:35');
INSERT INTO `inactive_point_history` (`user_id`, `point`, `date`) VALUES ('P16KP7', '0', '2025-11-15 00:05:35');
UPDATE `user_registration` SET `sub_point` = 0, `active_status` = 'no'
WHERE `user_id` = 'P16KP7';
INSERT INTO `arreva_api_logs` (`user_id`, `email`, `endpoint`, `response`, `date`) VALUES ('P16KP7', 'breijocrespo@gmail.com', 'deactivatemember', '\"Unable to find user matching email or contract number or otherid\"', '2025-11-15 00:05:36');
INSERT INTO `inactive_history` (`user_id`, `commission_balance`, `amount`, `date`) VALUES ('P16KP7', '0', '150', '2025-11-15 00:05:36');
INSERT INTO `inactive_point_history` (`user_id`, `point`, `date`) VALUES ('7VETI8', '0', '2025-11-15 00:05:36');
UPDATE `user_registration` SET `sub_point` = 0, `active_status` = 'no'
WHERE `user_id` = '7VETI8';
INSERT INTO `arreva_api_logs` (`user_id`, `email`, `endpoint`, `response`, `date`) VALUES ('7VETI8', 'sotolongor+955@gmail.com', 'deactivatemember', '\"Unable to find user matching email or contract number or otherid\"', '2025-11-15 00:05:36');
INSERT INTO `inactive_history` (`user_id`, `commission_balance`, `amount`, `date`) VALUES ('7VETI8', '0', '150', '2025-11-15 00:05:36');
INSERT INTO `inactive_point_history` (`user_id`, `point`, `date`) VALUES ('EKTIVH', '0', '2025-11-15 00:05:36');
UPDATE `user_registration` SET `sub_point` = 0, `active_status` = 'no'
WHERE `user_id` = 'EKTIVH';
INSERT INTO `arreva_api_logs` (`user_id`, `email`, `endpoint`, `response`, `date`) VALUES ('EKTIVH', 'anniel.reyes@icloud.com', 'deactivatemember', '\"Unable to find user matching email or contract number or otherid\"', '2025-11-15 00:05:36');
INSERT INTO `inactive_history` (`user_id`, `commission_balance`, `amount`, `date`) VALUES ('EKTIVH', '0', '150', '2025-11-15 00:05:36');
INSERT INTO `inactive_point_history` (`user_id`, `point`, `date`) VALUES ('WAO86G', '0', '2025-11-15 00:05:36');
UPDATE `user_registration` SET `sub_point` = 0, `active_status` = 'no'
WHERE `user_id` = 'WAO86G';
INSERT INTO `arreva_api_logs` (`user_id`, `email`, `endpoint`, `response`, `date`) VALUES ('WAO86G', 'Albaperez2012@yahoo.com', 'deactivatemember', '\"Unable to find user matching email or contract number or otherid\"', '2025-11-15 00:05:37');
INSERT INTO `inactive_history` (`user_id`, `commission_balance`, `amount`, `date`) VALUES ('WAO86G', '0', '150', '2025-11-15 00:05:37');
INSERT INTO `inactive_point_history` (`user_id`, `point`, `date`) VALUES ('5YE99V', '0', '2025-11-15 00:05:37');
UPDATE `user_registration` SET `sub_point` = 0, `active_status` = 'no'
WHERE `user_id` = '5YE99V';
INSERT INTO `arreva_api_logs` (`user_id`, `email`, `endpoint`, `response`, `date`) VALUES ('5YE99V', 'esterperez75@yahoo.com', 'deactivatemember', '\"Unable to find user matching email or contract number or otherid\"', '2025-11-15 00:05:37');
INSERT INTO `inactive_history` (`user_id`, `commission_balance`, `amount`, `date`) VALUES ('5YE99V', '0', '50', '2025-11-15 00:05:37');
INSERT INTO `inactive_point_history` (`user_id`, `point`, `date`) VALUES ('XFX3US', '0', '2025-11-15 00:05:37');
UPDATE `user_registration` SET `sub_point` = 0, `active_status` = 'no'
WHERE `user_id` = 'XFX3US';
INSERT INTO `arreva_api_logs` (`user_id`, `email`, `endpoint`, `response`, `date`) VALUES ('XFX3US', 'vherreraaa16@gmail.com', 'deactivatemember', '\"Unable to find user matching email or contract number or otherid\"', '2025-11-15 00:05:37');
INSERT INTO `inactive_history` (`user_id`, `commission_balance`, `amount`, `date`) VALUES ('XFX3US', '0', '50', '2025-11-15 00:05:37');
INSERT INTO `inactive_point_history` (`user_id`, `point`, `date`) VALUES ('MRC89O', '0', '2025-11-15 00:05:37');
UPDATE `user_registration` SET `sub_point` = 0, `active_status` = 'no'
WHERE `user_id` = 'MRC89O';
INSERT INTO `arreva_api_logs` (`user_id`, `email`, `endpoint`, `response`, `date`) VALUES ('MRC89O', 'rosxcrz@gmail.com', 'deactivatemember', '\"Unable to find user matching email or contract number or otherid\"', '2025-11-15 00:05:38');
INSERT INTO `inactive_history` (`user_id`, `commission_balance`, `amount`, `date`) VALUES ('MRC89O', '50', '150', '2025-11-15 00:05:38');
INSERT INTO `inactive_point_history` (`user_id`, `point`, `date`) VALUES ('F8GQHM', '0', '2025-11-15 00:05:38');
UPDATE `user_registration` SET `sub_point` = 0, `active_status` = 'no'
WHERE `user_id` = 'F8GQHM';
INSERT INTO `arreva_api_logs` (`user_id`, `email`, `endpoint`, `response`, `date`) VALUES ('F8GQHM', 'carlosochoa1973@gmail.com', 'deactivatemember', '\"Unable to find user matching email or contract number or otherid\"', '2025-11-15 00:05:38');
INSERT INTO `inactive_history` (`user_id`, `commission_balance`, `amount`, `date`) VALUES ('F8GQHM', '0', '150', '2025-11-15 00:05:38');
INSERT INTO `inactive_point_history` (`user_id`, `point`, `date`) VALUES ('7R7D9E', '0', '2025-11-15 00:05:38');
UPDATE `user_registration` SET `sub_point` = 0, `active_status` = 'no'
WHERE `user_id` = '7R7D9E';
INSERT INTO `arreva_api_logs` (`user_id`, `email`, `endpoint`, `response`, `date`) VALUES ('7R7D9E', 'hjaa2711@gmail.com', 'deactivatemember', '\"Unable to find user matching email or contract number or otherid\"', '2025-11-15 00:05:38');
INSERT INTO `inactive_history` (`user_id`, `commission_balance`, `amount`, `date`) VALUES ('7R7D9E', '0', '150', '2025-11-15 00:05:38');
INSERT INTO `inactive_point_history` (`user_id`, `point`, `date`) VALUES ('FMXQ6T', '0', '2025-11-15 00:05:38');
UPDATE `user_registration` SET `sub_point` = 0, `active_status` = 'no'
WHERE `user_id` = 'FMXQ6T';
INSERT INTO `arreva_api_logs` (`user_id`, `email`, `endpoint`, `response`, `date`) VALUES ('FMXQ6T', 'yamisvaldes7@gmail.com', 'deactivatemember', '\"Unable to find user matching email or contract number or otherid\"', '2025-11-15 00:05:39');
INSERT INTO `inactive_history` (`user_id`, `commission_balance`, `amount`, `date`) VALUES ('FMXQ6T', '0', '150', '2025-11-15 00:05:39');
INSERT INTO `inactive_point_history` (`user_id`, `point`, `date`) VALUES ('BAR1UQ', '0', '2025-11-15 00:05:39');
UPDATE `user_registration` SET `sub_point` = 0, `active_status` = 'no'
WHERE `user_id` = 'BAR1UQ';
INSERT INTO `arreva_api_logs` (`user_id`, `email`, `endpoint`, `response`, `date`) VALUES ('BAR1UQ', 'alvarezperzabel1968@gmail.com', 'deactivatemember', '\"Unable to find user matching email or contract number or otherid\"', '2025-11-15 00:05:39');
INSERT INTO `inactive_history` (`user_id`, `commission_balance`, `amount`, `date`) VALUES ('BAR1UQ', '0', '150', '2025-11-15 00:05:39');
INSERT INTO `inactive_point_history` (`user_id`, `point`, `date`) VALUES ('6RCEKP', '0', '2025-11-15 00:05:39');
UPDATE `user_registration` SET `sub_point` = 0, `active_status` = 'no'
WHERE `user_id` = '6RCEKP';
INSERT INTO `arreva_api_logs` (`user_id`, `email`, `endpoint`, `response`, `date`) VALUES ('6RCEKP', 'felixarias171@gmail.com', 'deactivatemember', 'true', '2025-11-15 00:05:39');
INSERT INTO `inactive_history` (`user_id`, `commission_balance`, `amount`, `date`) VALUES ('6RCEKP', '0', '150', '2025-11-15 00:05:39');
INSERT INTO `inactive_point_history` (`user_id`, `point`, `date`) VALUES ('IH5JXX', '0', '2025-11-15 00:05:39');
UPDATE `user_registration` SET `sub_point` = 0, `active_status` = 'no'
WHERE `user_id` = 'IH5JXX';
INSERT INTO `arreva_api_logs` (`user_id`, `email`, `endpoint`, `response`, `date`) VALUES ('IH5JXX', 'junika.realtor@gmail.com', 'deactivatemember', '\"Unable to find user matching email or contract number or otherid\"', '2025-11-15 00:05:40');
INSERT INTO `inactive_history` (`user_id`, `commission_balance`, `amount`, `date`) VALUES ('IH5JXX', '0', '50', '2025-11-15 00:05:40');
INSERT INTO `inactive_point_history` (`user_id`, `point`, `date`) VALUES ('5J9Q6A', '0', '2025-11-15 00:05:40');
UPDATE `user_registration` SET `sub_point` = 0, `active_status` = 'no'
WHERE `user_id` = '5J9Q6A';
INSERT INTO `arreva_api_logs` (`user_id`, `email`, `endpoint`, `response`, `date`) VALUES ('5J9Q6A', 'reiderglz16@gmail.com', 'deactivatemember', '\"Unable to find user matching email or contract number or otherid\"', '2025-11-15 00:05:40');
INSERT INTO `inactive_history` (`user_id`, `commission_balance`, `amount`, `date`) VALUES ('5J9Q6A', '0', '150', '2025-11-15 00:05:40');
INSERT INTO `inactive_point_history` (`user_id`, `point`, `date`) VALUES ('RHLTER', '0', '2025-11-15 00:05:40');
UPDATE `user_registration` SET `sub_point` = 0, `active_status` = 'no'
WHERE `user_id` = 'RHLTER';
INSERT INTO `arreva_api_logs` (`user_id`, `email`, `endpoint`, `response`, `date`) VALUES ('RHLTER', 'leydisvaldes5@gmail.com', 'deactivatemember', '\"Unable to find user matching email or contract number or otherid\"', '2025-11-15 00:05:40');
INSERT INTO `inactive_history` (`user_id`, `commission_balance`, `amount`, `date`) VALUES ('RHLTER', '0', '150', '2025-11-15 00:05:40');
INSERT INTO `inactive_point_history` (`user_id`, `point`, `date`) VALUES ('FGI2FY', '0', '2025-11-15 00:05:40');
UPDATE `user_registration` SET `sub_point` = 0, `active_status` = 'no'
WHERE `user_id` = 'FGI2FY';
INSERT INTO `arreva_api_logs` (`user_id`, `email`, `endpoint`, `response`, `date`) VALUES ('FGI2FY', 'elizabethvicente25@yahoo.com', 'deactivatemember', '\"Unable to find user matching email or contract number or otherid\"', '2025-11-15 00:05:40');
INSERT INTO `inactive_history` (`user_id`, `commission_balance`, `amount`, `date`) VALUES ('FGI2FY', '0', '150', '2025-11-15 00:05:40');
UPDATE `user_registration` SET commission_balance = ROUND(commission_balance - 0,2)
WHERE `user_id` = 'HGPBRA';
INSERT INTO `sub_history` (`user_id`, `package_id`, `amount`, `payment_method`, `date`) VALUES ('HGPBRA', '0', 0, 'Ewallet', '2025-11-15 00:05:40');
UPDATE `user_registration` SET sub_point = ROUND(sub_point + 50,2)
WHERE `user_id` = 'HGPBRA';
INSERT INTO `investment` (`invest_date`, `user_id`, `type`, `amount`, `package_id`) VALUES ('2025-11-15 00:05:40', 'HGPBRA', 'subscription', '50', '0');
UPDATE `user_registration` SET total_points = ROUND(total_points + 50,2)
WHERE `user_id` = 'HGPBRA';
INSERT INTO `points_history` (`user_id`, `points`, `type`, `date`) VALUES ('HGPBRA', '50', 'subscription', '2025-11-15 00:05:');
UPDATE `user_registration` SET `subscription_date` = '2025-12-15', `active_status` = 'yes', `reminder_sent` = 'no'
WHERE `user_id` = 'HGPBRA';
INSERT INTO `arreva_api_logs` (`user_id`, `email`, `endpoint`, `response`, `date`) VALUES ('HGPBRA', 'rivaslazaro41@gmail.com', 'activatemember', '\"Unable to find user matching email or contract number or otherid\"', '2025-11-15 00:05:41');
UPDATE `user_registration` SET commission_balance = ROUND(commission_balance - 0,2)
WHERE `user_id` = 'EFFHZP';
INSERT INTO `sub_history` (`user_id`, `package_id`, `amount`, `payment_method`, `date`) VALUES ('EFFHZP', '0', 0, 'Ewallet', '2025-11-15 00:05:41');
UPDATE `user_registration` SET sub_point = ROUND(sub_point + 50,2)
WHERE `user_id` = 'EFFHZP';
INSERT INTO `investment` (`invest_date`, `user_id`, `type`, `amount`, `package_id`) VALUES ('2025-11-15 00:05:41', 'EFFHZP', 'subscription', '50', '0');
UPDATE `user_registration` SET total_points = ROUND(total_points + 50,2)
WHERE `user_id` = 'EFFHZP';
INSERT INTO `points_history` (`user_id`, `points`, `type`, `date`) VALUES ('EFFHZP', '50', 'subscription', '2025-11-15 00:05:');
UPDATE `user_registration` SET `subscription_date` = '2025-12-15', `active_status` = 'yes', `reminder_sent` = 'no'
WHERE `user_id` = 'EFFHZP';
INSERT INTO `arreva_api_logs` (`user_id`, `email`, `endpoint`, `response`, `date`) VALUES ('EFFHZP', 'alberperez667@gmail.com', 'activatemember', '\"Unable to find user matching email or contract number or otherid\"', '2025-11-15 00:05:42');
INSERT INTO `inactive_point_history` (`user_id`, `point`, `date`) VALUES ('JLPXI6', '0', '2025-11-15 00:05:42');
UPDATE `user_registration` SET `sub_point` = 0, `active_status` = 'no'
WHERE `user_id` = 'JLPXI6';
INSERT INTO `arreva_api_logs` (`user_id`, `email`, `endpoint`, `response`, `date`) VALUES ('JLPXI6', 'mariaisabel74@live.com', 'deactivatemember', '\"Unable to find user matching email or contract number or otherid\"', '2025-11-15 00:05:42');
INSERT INTO `inactive_history` (`user_id`, `commission_balance`, `amount`, `date`) VALUES ('JLPXI6', '0', '150', '2025-11-15 00:05:42');
INSERT INTO `inactive_point_history` (`user_id`, `point`, `date`) VALUES ('1HT8BK', '0', '2025-11-15 00:05:42');
UPDATE `user_registration` SET `sub_point` = 0, `active_status` = 'no'
WHERE `user_id` = '1HT8BK';
INSERT INTO `arreva_api_logs` (`user_id`, `email`, `endpoint`, `response`, `date`) VALUES ('1HT8BK', 'astrid1246@gmail.com', 'deactivatemember', '\"Unable to find user matching email or contract number or otherid\"', '2025-11-15 00:05:42');
INSERT INTO `inactive_history` (`user_id`, `commission_balance`, `amount`, `date`) VALUES ('1HT8BK', '0', '150', '2025-11-15 00:05:42');
INSERT INTO `inactive_point_history` (`user_id`, `point`, `date`) VALUES ('YFRSTE', '0', '2025-11-15 00:05:42');
UPDATE `user_registration` SET `sub_point` = 0, `active_status` = 'no'
WHERE `user_id` = 'YFRSTE';
INSERT INTO `arreva_api_logs` (`user_id`, `email`, `endpoint`, `response`, `date`) VALUES ('YFRSTE', 'jimenez781108@gmail.com', 'deactivatemember', '\"Unable to find user matching email or contract number or otherid\"', '2025-11-15 00:05:43');
INSERT INTO `inactive_history` (`user_id`, `commission_balance`, `amount`, `date`) VALUES ('YFRSTE', '0', '150', '2025-11-15 00:05:43');
INSERT INTO `inactive_point_history` (`user_id`, `point`, `date`) VALUES ('G53DXI', '0', '2025-11-15 00:05:43');
UPDATE `user_registration` SET `sub_point` = 0, `active_status` = 'no'
WHERE `user_id` = 'G53DXI';
INSERT INTO `arreva_api_logs` (`user_id`, `email`, `endpoint`, `response`, `date`) VALUES ('G53DXI', 'hernandezasnialis@gmail.com', 'deactivatemember', '\"Unable to find user matching email or contract number or otherid\"', '2025-11-15 00:05:43');
INSERT INTO `inactive_history` (`user_id`, `commission_balance`, `amount`, `date`) VALUES ('G53DXI', '0', '50', '2025-11-15 00:05:43');
INSERT INTO `inactive_point_history` (`user_id`, `point`, `date`) VALUES ('1KMQ3V', '0', '2025-11-15 00:05:43');
UPDATE `user_registration` SET `sub_point` = 0, `active_status` = 'no'
WHERE `user_id` = '1KMQ3V';
INSERT INTO `arreva_api_logs` (`user_id`, `email`, `endpoint`, `response`, `date`) VALUES ('1KMQ3V', 'adrianlimapadron@gmail.com', 'deactivatemember', '\"Unable to find user matching email or contract number or otherid\"', '2025-11-15 00:05:44');
INSERT INTO `inactive_history` (`user_id`, `commission_balance`, `amount`, `date`) VALUES ('1KMQ3V', '100', '150', '2025-11-15 00:05:44');
INSERT INTO `inactive_point_history` (`user_id`, `point`, `date`) VALUES ('ZVZUJ1', '0', '2025-11-15 00:05:44');
UPDATE `user_registration` SET `sub_point` = 0, `active_status` = 'no'
WHERE `user_id` = 'ZVZUJ1';
INSERT INTO `arreva_api_logs` (`user_id`, `email`, `endpoint`, `response`, `date`) VALUES ('ZVZUJ1', 'acielpollo@gmail.com', 'deactivatemember', '\"Unable to find user matching email or contract number or otherid\"', '2025-11-15 00:05:44');
INSERT INTO `inactive_history` (`user_id`, `commission_balance`, `amount`, `date`) VALUES ('ZVZUJ1', '0', '150', '2025-11-15 00:05:44');
INSERT INTO `inactive_point_history` (`user_id`, `point`, `date`) VALUES ('SAMPQX', '0', '2025-11-15 00:05:44');
UPDATE `user_registration` SET `sub_point` = 0, `active_status` = 'no'
WHERE `user_id` = 'SAMPQX';
INSERT INTO `arreva_api_logs` (`user_id`, `email`, `endpoint`, `response`, `date`) VALUES ('SAMPQX', 'inamsay80@gmail.com', 'deactivatemember', '\"Unable to find user matching email or contract number or otherid\"', '2025-11-15 00:05:45');
INSERT INTO `inactive_history` (`user_id`, `commission_balance`, `amount`, `date`) VALUES ('SAMPQX', '0', '150', '2025-11-15 00:05:45');
INSERT INTO `inactive_point_history` (`user_id`, `point`, `date`) VALUES ('F3SYYS', '0', '2025-11-15 00:05:45');
UPDATE `user_registration` SET `sub_point` = 0, `active_status` = 'no'
WHERE `user_id` = 'F3SYYS';
INSERT INTO `arreva_api_logs` (`user_id`, `email`, `endpoint`, `response`, `date`) VALUES ('F3SYYS', 'eideneilen2128@yahoo.com', 'deactivatemember', '\"Unable to find user matching email or contract number or otherid\"', '2025-11-15 00:05:45');
INSERT INTO `inactive_history` (`user_id`, `commission_balance`, `amount`, `date`) VALUES ('F3SYYS', '0', '150', '2025-11-15 00:05:45');
INSERT INTO `inactive_point_history` (`user_id`, `point`, `date`) VALUES ('9T3Q72', '0', '2025-11-15 00:05:45');
UPDATE `user_registration` SET `sub_point` = 0, `active_status` = 'no'
WHERE `user_id` = '9T3Q72';
INSERT INTO `arreva_api_logs` (`user_id`, `email`, `endpoint`, `response`, `date`) VALUES ('9T3Q72', 'yohaniamartinez2005@gmail.com', 'deactivatemember', '\"Unable to find user matching email or contract number or otherid\"', '2025-11-15 00:05:45');
INSERT INTO `inactive_history` (`user_id`, `commission_balance`, `amount`, `date`) VALUES ('9T3Q72', '0', '150', '2025-11-15 00:05:45');
INSERT INTO `inactive_point_history` (`user_id`, `point`, `date`) VALUES ('23UJOB', '0', '2025-11-15 00:05:45');
UPDATE `user_registration` SET `sub_point` = 0, `active_status` = 'no'
WHERE `user_id` = '23UJOB';
INSERT INTO `arreva_api_logs` (`user_id`, `email`, `endpoint`, `response`, `date`) VALUES ('23UJOB', 'alfreddgdo@gmail.com', 'deactivatemember', '\"Unable to find user matching email or contract number or otherid\"', '2025-11-15 00:05:45');
INSERT INTO `inactive_history` (`user_id`, `commission_balance`, `amount`, `date`) VALUES ('23UJOB', '0', '150', '2025-11-15 00:05:45');
INSERT INTO `inactive_point_history` (`user_id`, `point`, `date`) VALUES ('NB7P18', '0', '2025-11-15 00:05:45');
UPDATE `user_registration` SET `sub_point` = 0, `active_status` = 'no'
WHERE `user_id` = 'NB7P18';
INSERT INTO `arreva_api_logs` (`user_id`, `email`, `endpoint`, `response`, `date`) VALUES ('NB7P18', 'santoslayra796@gmail.com', 'deactivatemember', '\"Unable to find user matching email or contract number or otherid\"', '2025-11-15 00:05:46');
INSERT INTO `inactive_history` (`user_id`, `commission_balance`, `amount`, `date`) VALUES ('NB7P18', '0', '150', '2025-11-15 00:05:46');
INSERT INTO `inactive_point_history` (`user_id`, `point`, `date`) VALUES ('7A2JD7', '0', '2025-11-15 00:05:46');
UPDATE `user_registration` SET `sub_point` = 0, `active_status` = 'no'
WHERE `user_id` = '7A2JD7';
INSERT INTO `arreva_api_logs` (`user_id`, `email`, `endpoint`, `response`, `date`) VALUES ('7A2JD7', 'aztiral_26love@yahoo.com', 'deactivatemember', '\"Unable to find user matching email or contract number or otherid\"', '2025-11-15 00:05:46');
INSERT INTO `inactive_history` (`user_id`, `commission_balance`, `amount`, `date`) VALUES ('7A2JD7', '0', '150', '2025-11-15 00:05:46');
INSERT INTO `inactive_point_history` (`user_id`, `point`, `date`) VALUES ('9VPMSG', '0', '2025-11-15 00:05:46');
UPDATE `user_registration` SET `sub_point` = 0, `active_status` = 'no'
WHERE `user_id` = '9VPMSG';
INSERT INTO `arreva_api_logs` (`user_id`, `email`, `endpoint`, `response`, `date`) VALUES ('9VPMSG', 'Jinglyguerravigo2015@gmail.com', 'deactivatemember', '\"Unable to find user matching email or contract number or otherid\"', '2025-11-15 00:05:46');
INSERT INTO `inactive_history` (`user_id`, `commission_balance`, `amount`, `date`) VALUES ('9VPMSG', '0', '150', '2025-11-15 00:05:46');
INSERT INTO `inactive_point_history` (`user_id`, `point`, `date`) VALUES ('J385D5', '0', '2025-11-15 00:05:46');
UPDATE `user_registration` SET `sub_point` = 0, `active_status` = 'no'
WHERE `user_id` = 'J385D5';
INSERT INTO `arreva_api_logs` (`user_id`, `email`, `endpoint`, `response`, `date`) VALUES ('J385D5', 'yohandymartinez@yahoo.com', 'deactivatemember', '\"Unable to find user matching email or contract number or otherid\"', '2025-11-15 00:05:47');
INSERT INTO `inactive_history` (`user_id`, `commission_balance`, `amount`, `date`) VALUES ('J385D5', '0', '150', '2025-11-15 00:05:47');
INSERT INTO `inactive_point_history` (`user_id`, `point`, `date`) VALUES ('GPPR8G', '0', '2025-11-15 00:05:47');
UPDATE `user_registration` SET `sub_point` = 0, `active_status` = 'no'
WHERE `user_id` = 'GPPR8G';
INSERT INTO `arreva_api_logs` (`user_id`, `email`, `endpoint`, `response`, `date`) VALUES ('GPPR8G', 'neftalidela7@gmail.com', 'deactivatemember', 'true', '2025-11-15 00:05:47');
INSERT INTO `inactive_history` (`user_id`, `commission_balance`, `amount`, `date`) VALUES ('GPPR8G', '20', '150', '2025-11-15 00:05:47');
INSERT INTO `inactive_point_history` (`user_id`, `point`, `date`) VALUES ('AM2FR1', '0', '2025-11-15 00:05:47');
UPDATE `user_registration` SET `sub_point` = 0, `active_status` = 'no'
WHERE `user_id` = 'AM2FR1';
INSERT INTO `arreva_api_logs` (`user_id`, `email`, `endpoint`, `response`, `date`) VALUES ('AM2FR1', 'eldacrespo71@yahoo.com', 'deactivatemember', '\"Unable to find user matching email or contract number or otherid\"', '2025-11-15 00:05:47');
INSERT INTO `inactive_history` (`user_id`, `commission_balance`, `amount`, `date`) VALUES ('AM2FR1', '0', '150', '2025-11-15 00:05:47');
INSERT INTO `inactive_point_history` (`user_id`, `point`, `date`) VALUES ('YRYHV2', '0', '2025-11-15 00:05:47');
UPDATE `user_registration` SET `sub_point` = 0, `active_status` = 'no'
WHERE `user_id` = 'YRYHV2';
INSERT INTO `arreva_api_logs` (`user_id`, `email`, `endpoint`, `response`, `date`) VALUES ('YRYHV2', 'aaguila46@yahoo.com', 'deactivatemember', '\"Unable to find user matching email or contract number or otherid\"', '2025-11-15 00:05:47');
INSERT INTO `inactive_history` (`user_id`, `commission_balance`, `amount`, `date`) VALUES ('YRYHV2', '0', '150', '2025-11-15 00:05:47');
INSERT INTO `inactive_point_history` (`user_id`, `point`, `date`) VALUES ('7GDBOU', '0', '2025-11-15 00:05:47');
UPDATE `user_registration` SET `sub_point` = 0, `active_status` = 'no'
WHERE `user_id` = '7GDBOU';
INSERT INTO `arreva_api_logs` (`user_id`, `email`, `endpoint`, `response`, `date`) VALUES ('7GDBOU', 'avalosnarciso@icloud.com', 'deactivatemember', 'true', '2025-11-15 00:05:48');
INSERT INTO `inactive_history` (`user_id`, `commission_balance`, `amount`, `date`) VALUES ('7GDBOU', '100', '150', '2025-11-15 00:05:48');
INSERT INTO `inactive_point_history` (`user_id`, `point`, `date`) VALUES ('BV2MNJ', '0', '2025-11-15 00:05:48');
UPDATE `user_registration` SET `sub_point` = 0, `active_status` = 'no'
WHERE `user_id` = 'BV2MNJ';
INSERT INTO `arreva_api_logs` (`user_id`, `email`, `endpoint`, `response`, `date`) VALUES ('BV2MNJ', 'frankavalos1973@yahoo.com', 'deactivatemember', 'true', '2025-11-15 00:05:48');
INSERT INTO `inactive_history` (`user_id`, `commission_balance`, `amount`, `date`) VALUES ('BV2MNJ', '70', '150', '2025-11-15 00:05:48');
INSERT INTO `inactive_point_history` (`user_id`, `point`, `date`) VALUES ('CM4JLT', '0', '2025-11-15 00:05:48');
UPDATE `user_registration` SET `sub_point` = 0, `active_status` = 'no'
WHERE `user_id` = 'CM4JLT';
INSERT INTO `arreva_api_logs` (`user_id`, `email`, `endpoint`, `response`, `date`) VALUES ('CM4JLT', 'ramirezloren1962@gmail.com', 'deactivatemember', '\"Unable to find user matching email or contract number or otherid\"', '2025-11-15 00:05:48');
INSERT INTO `inactive_history` (`user_id`, `commission_balance`, `amount`, `date`) VALUES ('CM4JLT', '62.5', '150', '2025-11-15 00:05:48');
INSERT INTO `inactive_point_history` (`user_id`, `point`, `date`) VALUES ('R18IYC', '0', '2025-11-15 00:05:48');
UPDATE `user_registration` SET `sub_point` = 0, `active_status` = 'no'
WHERE `user_id` = 'R18IYC';
INSERT INTO `arreva_api_logs` (`user_id`, `email`, `endpoint`, `response`, `date`) VALUES ('R18IYC', 'cachirulo63@gmail.com', 'deactivatemember', '\"Unable to find user matching email or contract number or otherid\"', '2025-11-15 00:05:49');
INSERT INTO `inactive_history` (`user_id`, `commission_balance`, `amount`, `date`) VALUES ('R18IYC', '0', '150', '2025-11-15 00:05:49');
INSERT INTO `inactive_point_history` (`user_id`, `point`, `date`) VALUES ('ERQYYW', '0', '2025-11-15 00:05:49');
UPDATE `user_registration` SET `sub_point` = 0, `active_status` = 'no'
WHERE `user_id` = 'ERQYYW';
INSERT INTO `arreva_api_logs` (`user_id`, `email`, `endpoint`, `response`, `date`) VALUES ('ERQYYW', 'luvcelia@yahoo.com', 'deactivatemember', '\"Unable to find user matching email or contract number or otherid\"', '2025-11-15 00:05:49');
INSERT INTO `inactive_history` (`user_id`, `commission_balance`, `amount`, `date`) VALUES ('ERQYYW', '0', '50', '2025-11-15 00:05:49');
INSERT INTO `inactive_point_history` (`user_id`, `point`, `date`) VALUES ('WYBCPQ', '0', '2025-11-15 00:05:49');
UPDATE `user_registration` SET `sub_point` = 0, `active_status` = 'no'
WHERE `user_id` = 'WYBCPQ';
INSERT INTO `arreva_api_logs` (`user_id`, `email`, `endpoint`, `response`, `date`) VALUES ('WYBCPQ', 'caryalvarez19621@outlook.com', 'deactivatemember', '\"Unable to find user matching email or contract number or otherid\"', '2025-11-15 00:05:49');
INSERT INTO `inactive_history` (`user_id`, `commission_balance`, `amount`, `date`) VALUES ('WYBCPQ', '100', '150', '2025-11-15 00:05:49');
INSERT INTO `inactive_point_history` (`user_id`, `point`, `date`) VALUES ('55IB4V', '0', '2025-11-15 00:05:49');
UPDATE `user_registration` SET `sub_point` = 0, `active_status` = 'no'
WHERE `user_id` = '55IB4V';
INSERT INTO `arreva_api_logs` (`user_id`, `email`, `endpoint`, `response`, `date`) VALUES ('55IB4V', 'delacruzrafael.890925@yahoo.com', 'deactivatemember', '\"Unable to find user matching email or contract number or otherid\"', '2025-11-15 00:05:49');
INSERT INTO `inactive_history` (`user_id`, `commission_balance`, `amount`, `date`) VALUES ('55IB4V', '0', '50', '2025-11-15 00:05:49');
INSERT INTO `inactive_point_history` (`user_id`, `point`, `date`) VALUES ('XEINAA', '0', '2025-11-15 00:05:49');
UPDATE `user_registration` SET `sub_point` = 0, `active_status` = 'no'
WHERE `user_id` = 'XEINAA';
INSERT INTO `arreva_api_logs` (`user_id`, `email`, `endpoint`, `response`, `date`) VALUES ('XEINAA', 'sofi.ibarzabal15@gmail.com', 'deactivatemember', '\"Unable to find user matching email or contract number or otherid\"', '2025-11-15 00:05:50');
INSERT INTO `inactive_history` (`user_id`, `commission_balance`, `amount`, `date`) VALUES ('XEINAA', '0', '50', '2025-11-15 00:05:50');
INSERT INTO `inactive_point_history` (`user_id`, `point`, `date`) VALUES ('5UADRJ', '0', '2025-11-15 00:05:50');
UPDATE `user_registration` SET `sub_point` = 0, `active_status` = 'no'
WHERE `user_id` = '5UADRJ';
INSERT INTO `arreva_api_logs` (`user_id`, `email`, `endpoint`, `response`, `date`) VALUES ('5UADRJ', 'caryalvarez1962@yahoo.com', 'deactivatemember', '\"Unable to find user matching email or contract number or otherid\"', '2025-11-15 00:05:50');
INSERT INTO `inactive_history` (`user_id`, `commission_balance`, `amount`, `date`) VALUES ('5UADRJ', '125', '150', '2025-11-15 00:05:50');
INSERT INTO `inactive_point_history` (`user_id`, `point`, `date`) VALUES ('HP51N7', '0', '2025-11-15 00:05:50');
UPDATE `user_registration` SET `sub_point` = 0, `active_status` = 'no'
WHERE `user_id` = 'HP51N7';
INSERT INTO `arreva_api_logs` (`user_id`, `email`, `endpoint`, `response`, `date`) VALUES ('HP51N7', 'avalossandro5@gmail.com', 'deactivatemember', '\"Unable to find user matching email or contract number or otherid\"', '2025-11-15 00:05:50');
INSERT INTO `inactive_history` (`user_id`, `commission_balance`, `amount`, `date`) VALUES ('HP51N7', '0', '150', '2025-11-15 00:05:50');
INSERT INTO `inactive_point_history` (`user_id`, `point`, `date`) VALUES ('JIYOH4', '0', '2025-11-15 00:05:50');
UPDATE `user_registration` SET `sub_point` = 0, `active_status` = 'no'
WHERE `user_id` = 'JIYOH4';
INSERT INTO `arreva_api_logs` (`user_id`, `email`, `endpoint`, `response`, `date`) VALUES ('JIYOH4', 'ikabemi70@gmail.com', 'deactivatemember', '\"Unable to find user matching email or contract number or otherid\"', '2025-11-15 00:05:51');
INSERT INTO `inactive_history` (`user_id`, `commission_balance`, `amount`, `date`) VALUES ('JIYOH4', '0', '150', '2025-11-15 00:05:51');
INSERT INTO `inactive_point_history` (`user_id`, `point`, `date`) VALUES ('AO42V8', '0', '2025-11-15 00:05:51');
UPDATE `user_registration` SET `sub_point` = 0, `active_status` = 'no'
WHERE `user_id` = 'AO42V8';
INSERT INTO `arreva_api_logs` (`user_id`, `email`, `endpoint`, `response`, `date`) VALUES ('AO42V8', 'at71164@gmail.com', 'deactivatemember', '\"Unable to find user matching email or contract number or otherid\"', '2025-11-15 00:05:51');
INSERT INTO `inactive_history` (`user_id`, `commission_balance`, `amount`, `date`) VALUES ('AO42V8', '0', '150', '2025-11-15 00:05:51');
INSERT INTO `inactive_point_history` (`user_id`, `point`, `date`) VALUES ('OI3UR6', '0', '2025-11-15 00:05:51');
UPDATE `user_registration` SET `sub_point` = 0, `active_status` = 'no'
WHERE `user_id` = 'OI3UR6';
INSERT INTO `arreva_api_logs` (`user_id`, `email`, `endpoint`, `response`, `date`) VALUES ('OI3UR6', 'marilin214@yahoo.com', 'deactivatemember', '\"Unable to find user matching email or contract number or otherid\"', '2025-11-15 00:05:51');
INSERT INTO `inactive_history` (`user_id`, `commission_balance`, `amount`, `date`) VALUES ('OI3UR6', '0', '150', '2025-11-15 00:05:51');
INSERT INTO `inactive_point_history` (`user_id`, `point`, `date`) VALUES ('M5FNDM', '0', '2025-11-15 00:05:51');
UPDATE `user_registration` SET `sub_point` = 0, `active_status` = 'no'
WHERE `user_id` = 'M5FNDM';
INSERT INTO `arreva_api_logs` (`user_id`, `email`, `endpoint`, `response`, `date`) VALUES ('M5FNDM', 'tanite0369@gmail.com', 'deactivatemember', '\"Unable to find user matching email or contract number or otherid\"', '2025-11-15 00:05:51');
INSERT INTO `inactive_history` (`user_id`, `commission_balance`, `amount`, `date`) VALUES ('M5FNDM', '50', '150', '2025-11-15 00:05:51');
INSERT INTO `inactive_point_history` (`user_id`, `point`, `date`) VALUES ('AQ47VU', '0', '2025-11-15 00:05:51');
UPDATE `user_registration` SET `sub_point` = 0, `active_status` = 'no'
WHERE `user_id` = 'AQ47VU';
INSERT INTO `arreva_api_logs` (`user_id`, `email`, `endpoint`, `response`, `date`) VALUES ('AQ47VU', 'luritzabatista@yahoo.com', 'deactivatemember', '\"Unable to find user matching email or contract number or otherid\"', '2025-11-15 00:05:52');
INSERT INTO `inactive_history` (`user_id`, `commission_balance`, `amount`, `date`) VALUES ('AQ47VU', '0', '150', '2025-11-15 00:05:52');
INSERT INTO `inactive_point_history` (`user_id`, `point`, `date`) VALUES ('XIP2DP', '0', '2025-11-15 00:05:52');
UPDATE `user_registration` SET `sub_point` = 0, `active_status` = 'no'
WHERE `user_id` = 'XIP2DP';
INSERT INTO `arreva_api_logs` (`user_id`, `email`, `endpoint`, `response`, `date`) VALUES ('XIP2DP', 'zaldivar.julian@gmail.com', 'deactivatemember', '\"Unable to find user matching email or contract number or otherid\"', '2025-11-15 00:05:52');
INSERT INTO `inactive_history` (`user_id`, `commission_balance`, `amount`, `date`) VALUES ('XIP2DP', '0', '150', '2025-11-15 00:05:52');
INSERT INTO `inactive_point_history` (`user_id`, `point`, `date`) VALUES ('9WFPZ6', '0', '2025-11-15 00:05:52');
UPDATE `user_registration` SET `sub_point` = 0, `active_status` = 'no'
WHERE `user_id` = '9WFPZ6';
INSERT INTO `arreva_api_logs` (`user_id`, `email`, `endpoint`, `response`, `date`) VALUES ('9WFPZ6', 'yuniorquevedogarcia03@gmail.com', 'deactivatemember', '\"Unable to find user matching email or contract number or otherid\"', '2025-11-15 00:05:52');
INSERT INTO `inactive_history` (`user_id`, `commission_balance`, `amount`, `date`) VALUES ('9WFPZ6', '20', '150', '2025-11-15 00:05:52');
INSERT INTO `inactive_point_history` (`user_id`, `point`, `date`) VALUES ('L8O2QX', '0', '2025-11-15 00:05:52');
UPDATE `user_registration` SET `sub_point` = 0, `active_status` = 'no'
WHERE `user_id` = 'L8O2QX';
INSERT INTO `arreva_api_logs` (`user_id`, `email`, `endpoint`, `response`, `date`) VALUES ('L8O2QX', 'andresroldano18@gmail.com', 'deactivatemember', '\"Unable to find user matching email or contract number or otherid\"', '2025-11-15 00:05:52');
INSERT INTO `inactive_history` (`user_id`, `commission_balance`, `amount`, `date`) VALUES ('L8O2QX', '0', '50', '2025-11-15 00:05:52');
INSERT INTO `inactive_point_history` (`user_id`, `point`, `date`) VALUES ('7HHJ17', '0', '2025-11-15 00:05:52');
UPDATE `user_registration` SET `sub_point` = 0, `active_status` = 'no'
WHERE `user_id` = '7HHJ17';
INSERT INTO `arreva_api_logs` (`user_id`, `email`, `endpoint`, `response`, `date`) VALUES ('7HHJ17', 'roigexcelencia5197148@gmail.com', 'deactivatemember', '\"Unable to find user matching email or contract number or otherid\"', '2025-11-15 00:05:53');
INSERT INTO `inactive_history` (`user_id`, `commission_balance`, `amount`, `date`) VALUES ('7HHJ17', '0', '150', '2025-11-15 00:05:53');
INSERT INTO `inactive_point_history` (`user_id`, `point`, `date`) VALUES ('H5E5WF', '0', '2025-11-15 00:05:53');
UPDATE `user_registration` SET `sub_point` = 0, `active_status` = 'no'
WHERE `user_id` = 'H5E5WF';
INSERT INTO `arreva_api_logs` (`user_id`, `email`, `endpoint`, `response`, `date`) VALUES ('H5E5WF', 'cskloco@gmail.com', 'deactivatemember', '\"Unable to find user matching email or contract number or otherid\"', '2025-11-15 00:05:53');
INSERT INTO `inactive_history` (`user_id`, `commission_balance`, `amount`, `date`) VALUES ('H5E5WF', '125', '150', '2025-11-15 00:05:53');
INSERT INTO `inactive_point_history` (`user_id`, `point`, `date`) VALUES ('NTAGI6', '0', '2025-11-15 00:05:53');
UPDATE `user_registration` SET `sub_point` = 0, `active_status` = 'no'
WHERE `user_id` = 'NTAGI6';
INSERT INTO `arreva_api_logs` (`user_id`, `email`, `endpoint`, `response`, `date`) VALUES ('NTAGI6', 'elizabeth_pardo91@yahoo.com', 'deactivatemember', '\"Unable to find user matching email or contract number or otherid\"', '2025-11-15 00:05:53');
INSERT INTO `inactive_history` (`user_id`, `commission_balance`, `amount`, `date`) VALUES ('NTAGI6', '0', '150', '2025-11-15 00:05:53');
INSERT INTO `inactive_point_history` (`user_id`, `point`, `date`) VALUES ('Z5DNR2', '0', '2025-11-15 00:05:53');
UPDATE `user_registration` SET `sub_point` = 0, `active_status` = 'no'
WHERE `user_id` = 'Z5DNR2';
INSERT INTO `arreva_api_logs` (`user_id`, `email`, `endpoint`, `response`, `date`) VALUES ('Z5DNR2', 'kelly_azate@yahoo.com', 'deactivatemember', '\"Unable to find user matching email or contract number or otherid\"', '2025-11-15 00:05:53');
INSERT INTO `inactive_history` (`user_id`, `commission_balance`, `amount`, `date`) VALUES ('Z5DNR2', '0', '150', '2025-11-15 00:05:53');
INSERT INTO `inactive_point_history` (`user_id`, `point`, `date`) VALUES ('7P5XVX', '0', '2025-11-15 00:05:53');
UPDATE `user_registration` SET `sub_point` = 0, `active_status` = 'no'
WHERE `user_id` = '7P5XVX';
INSERT INTO `arreva_api_logs` (`user_id`, `email`, `endpoint`, `response`, `date`) VALUES ('7P5XVX', 'deylonhernandez@icloud.com', 'deactivatemember', '\"Unable to find user matching email or contract number or otherid\"', '2025-11-15 00:05:53');
INSERT INTO `inactive_history` (`user_id`, `commission_balance`, `amount`, `date`) VALUES ('7P5XVX', '0', '150', '2025-11-15 00:05:53');
UPDATE `user_registration` SET commission_balance = ROUND(commission_balance - 150,2)
WHERE `user_id` = 'A11V1Y';
INSERT INTO `sub_history` (`user_id`, `package_id`, `amount`, `payment_method`, `date`) VALUES ('A11V1Y', '2', '150', 'Ewallet', '2025-11-15 00:05:53');
UPDATE `user_registration` SET sub_point = ROUND(sub_point + 150,2)
WHERE `user_id` = 'A11V1Y';
INSERT INTO `investment` (`invest_date`, `user_id`, `type`, `amount`, `package_id`) VALUES ('2025-11-15 00:05:53', 'A11V1Y', 'subscription', '150', '2');
UPDATE `user_registration` SET total_points = ROUND(total_points + 150,2)
WHERE `user_id` = 'A11V1Y';
INSERT INTO `points_history` (`user_id`, `points`, `type`, `date`) VALUES ('A11V1Y', '150', 'subscription', '2025-11-15 00:05:');
UPDATE `bv_updation` SET left_carry = left_carry+150, total_left = total_left+150
WHERE `user_id` = '47XL7H';
INSERT INTO `placement_bv_update_history` (`left_carry`, `date`, `from_id`, `user_id`) VALUES ('150', '2025-11-15 00:05:53', 'A11V1Y', '47XL7H');
UPDATE `bv_updation` SET left_carry = left_carry+150, total_left = total_left+150
WHERE `user_id` = 'AM2FR1';
INSERT INTO `placement_bv_update_history` (`left_carry`, `date`, `from_id`, `user_id`) VALUES ('150', '2025-11-15 00:05:53', 'A11V1Y', 'AM2FR1');
UPDATE `bv_updation` SET left_carry = left_carry+150, total_left = total_left+150
WHERE `user_id` = 'RKMICU';
INSERT INTO `placement_bv_update_history` (`left_carry`, `date`, `from_id`, `user_id`) VALUES ('150', '2025-11-15 00:05:53', 'A11V1Y', 'RKMICU');
UPDATE `bv_updation` SET left_carry = left_carry+150, total_left = total_left+150
WHERE `user_id` = '1HT8BK';
INSERT INTO `placement_bv_update_history` (`left_carry`, `date`, `from_id`, `user_id`) VALUES ('150', '2025-11-15 00:05:54', 'A11V1Y', '1HT8BK');
UPDATE `bv_updation` SET left_carry = left_carry+150, total_left = total_left+150
WHERE `user_id` = 'VPMCC5';
INSERT INTO `placement_bv_update_history` (`left_carry`, `date`, `from_id`, `user_id`) VALUES ('150', '2025-11-15 00:05:54', 'A11V1Y', 'VPMCC5');
UPDATE `user_registration` SET `cycle_rank_id` = '1'
WHERE `user_id` = 'VPMCC5';
INSERT INTO `rank_history` (`rank_id`, `user_id`, `name`, `bv`, `date`, `amount`, `type`) VALUES ('1', 'VPMCC5', 'Affiliate', '0', '2025-11-15 00:05:54', '0', 'auto');
UPDATE `bv_updation` SET left_carry = left_carry+150, total_left = total_left+150
WHERE `user_id` = '5XIPYS';
INSERT INTO `placement_bv_update_history` (`left_carry`, `date`, `from_id`, `user_id`) VALUES ('150', '2025-11-15 00:05:54', 'A11V1Y', '5XIPYS');
UPDATE `bv_updation` SET left_carry = left_carry+150, total_left = total_left+150
WHERE `user_id` = '1MHVTB';
INSERT INTO `placement_bv_update_history` (`left_carry`, `date`, `from_id`, `user_id`) VALUES ('150', '2025-11-15 00:05:54', 'A11V1Y', '1MHVTB');
UPDATE `bv_updation` SET left_carry = left_carry+150, total_left = total_left+150
WHERE `user_id` = '4WVWXZ';
INSERT INTO `placement_bv_update_history` (`left_carry`, `date`, `from_id`, `user_id`) VALUES ('150', '2025-11-15 00:05:54', 'A11V1Y', '4WVWXZ');
UPDATE `user_registration` SET `cycle_rank_id` = '1'
WHERE `user_id` = '4WVWXZ';
INSERT INTO `rank_history` (`rank_id`, `user_id`, `name`, `bv`, `date`, `amount`, `type`) VALUES ('1', '4WVWXZ', 'Affiliate', '0', '2025-11-15 00:05:54', '0', 'auto');
UPDATE `bv_updation` SET left_carry = left_carry+150, total_left = total_left+150
WHERE `user_id` = 'GTPJAP';
INSERT INTO `placement_bv_update_history` (`left_carry`, `date`, `from_id`, `user_id`) VALUES ('150', '2025-11-15 00:05:54', 'A11V1Y', 'GTPJAP');
UPDATE `bv_updation` SET left_carry = left_carry+150, total_left = total_left+150
WHERE `user_id` = '4VE7D1';
INSERT INTO `placement_bv_update_history` (`left_carry`, `date`, `from_id`, `user_id`) VALUES ('150', '2025-11-15 00:05:54', 'A11V1Y', '4VE7D1');
UPDATE `user_registration` SET `cycle_rank_id` = '1'
WHERE `user_id` = '4VE7D1';
INSERT INTO `rank_history` (`rank_id`, `user_id`, `name`, `bv`, `date`, `amount`, `type`) VALUES ('1', '4VE7D1', 'Affiliate', '0', '2025-11-15 00:05:54', '0', 'auto');
UPDATE `bv_updation` SET left_carry = left_carry+150, total_left = total_left+150
WHERE `user_id` = '2KPJZJ';
INSERT INTO `placement_bv_update_history` (`left_carry`, `date`, `from_id`, `user_id`) VALUES ('150', '2025-11-15 00:05:54', 'A11V1Y', '2KPJZJ');
UPDATE `bv_updation` SET left_carry = left_carry+150, total_left = total_left+150
WHERE `user_id` = 'B5EVHD';
INSERT INTO `placement_bv_update_history` (`left_carry`, `date`, `from_id`, `user_id`) VALUES ('150', '2025-11-15 00:05:54', 'A11V1Y', 'B5EVHD');
UPDATE `user_registration` SET `cycle_rank_id` = '1'
WHERE `user_id` = 'B5EVHD';
INSERT INTO `rank_history` (`rank_id`, `user_id`, `name`, `bv`, `date`, `amount`, `type`) VALUES ('1', 'B5EVHD', 'Affiliate', '0', '2025-11-15 00:05:54', '0', 'auto');
UPDATE `bv_updation` SET left_carry = left_carry+150, total_left = total_left+150
WHERE `user_id` = 'AQJLZA';
INSERT INTO `placement_bv_update_history` (`left_carry`, `date`, `from_id`, `user_id`) VALUES ('150', '2025-11-15 00:05:54', 'A11V1Y', 'AQJLZA');
UPDATE `bv_updation` SET left_carry = left_carry+150, total_left = total_left+150
WHERE `user_id` = '2V26XM';
INSERT INTO `placement_bv_update_history` (`left_carry`, `date`, `from_id`, `user_id`) VALUES ('150', '2025-11-15 00:05:54', 'A11V1Y', '2V26XM');
UPDATE `bv_updation` SET left_carry = left_carry+150, total_left = total_left+150
WHERE `user_id` = 'K8DXP2';
INSERT INTO `placement_bv_update_history` (`left_carry`, `date`, `from_id`, `user_id`) VALUES ('150', '2025-11-15 00:05:54', 'A11V1Y', 'K8DXP2');
UPDATE `bv_updation` SET left_carry = left_carry+150, total_left = total_left+150
WHERE `user_id` = 'HP6YP2';
INSERT INTO `placement_bv_update_history` (`left_carry`, `date`, `from_id`, `user_id`) VALUES ('150', '2025-11-15 00:05:54', 'A11V1Y', 'HP6YP2');
UPDATE `user_registration` SET `cycle_rank_id` = '1'
WHERE `user_id` = 'HP6YP2';
INSERT INTO `rank_history` (`rank_id`, `user_id`, `name`, `bv`, `date`, `amount`, `type`) VALUES ('1', 'HP6YP2', 'Affiliate', '0', '2025-11-15 00:05:54', '0', 'auto');
UPDATE `bv_updation` SET left_carry = left_carry+150, total_left = total_left+150
WHERE `user_id` = 'L8NRSC';
INSERT INTO `placement_bv_update_history` (`left_carry`, `date`, `from_id`, `user_id`) VALUES ('150', '2025-11-15 00:05:54', 'A11V1Y', 'L8NRSC');
UPDATE `user_registration` SET `cycle_rank_id` = '1'
WHERE `user_id` = 'L8NRSC';
INSERT INTO `rank_history` (`rank_id`, `user_id`, `name`, `bv`, `date`, `amount`, `type`) VALUES ('1', 'L8NRSC', 'Affiliate', '0', '2025-11-15 00:05:54', '0', 'auto');
UPDATE `bv_updation` SET left_carry = left_carry+150, total_left = total_left+150
WHERE `user_id` = 'JHRDHS';
INSERT INTO `placement_bv_update_history` (`left_carry`, `date`, `from_id`, `user_id`) VALUES ('150', '2025-11-15 00:05:54', 'A11V1Y', 'JHRDHS');
UPDATE `user_registration` SET `cycle_rank_id` = '2'
WHERE `user_id` = 'JHRDHS';
INSERT INTO `rank_history` (`rank_id`, `user_id`, `name`, `bv`, `date`, `amount`, `type`) VALUES ('2', 'JHRDHS', 'Associate', '1200', '2025-11-15 00:05:54', '100', 'auto');
UPDATE `bv_updation` SET sponsor_left_carry = sponsor_left_carry+150, sponsor_total_left = sponsor_total_left+150
WHERE `user_id` = 'JHRDHS';
INSERT INTO `sponsor_bv_update_history` (`left_carry`, `date`, `user_id`) VALUES ('150', '2025-11-15 00:05:54', 'JHRDHS');
UPDATE `bv_updation` SET right_carry = right_carry+150, total_right = total_right+150
WHERE `user_id` = 'CVVK4C';
INSERT INTO `placement_bv_update_history` (`right_carry`, `date`, `from_id`, `user_id`) VALUES ('150', '2025-11-15 00:05:54', 'A11V1Y', 'CVVK4C');
UPDATE `user_registration` SET `cycle_rank_id` = '1'
WHERE `user_id` = 'CVVK4C';
INSERT INTO `rank_history` (`rank_id`, `user_id`, `name`, `bv`, `date`, `amount`, `type`) VALUES ('1', 'CVVK4C', 'Affiliate', '0', '2025-11-15 00:05:54', '0', 'auto');
UPDATE `bv_updation` SET left_carry = left_carry+150, total_left = total_left+150
WHERE `user_id` = 'K55EDD';
INSERT INTO `placement_bv_update_history` (`left_carry`, `date`, `from_id`, `user_id`) VALUES ('150', '2025-11-15 00:05:54', 'A11V1Y', 'K55EDD');
UPDATE `user_registration` SET `cycle_rank_id` = '1'
WHERE `user_id` = 'K55EDD';
INSERT INTO `rank_history` (`rank_id`, `user_id`, `name`, `bv`, `date`, `amount`, `type`) VALUES ('1', 'K55EDD', 'Affiliate', '0', '2025-11-15 00:05:54', '0', 'auto');
UPDATE `bv_updation` SET left_carry = left_carry+150, total_left = total_left+150
WHERE `user_id` = 'UQO7EQ';
INSERT INTO `placement_bv_update_history` (`left_carry`, `date`, `from_id`, `user_id`) VALUES ('150', '2025-11-15 00:05:54', 'A11V1Y', 'UQO7EQ');
UPDATE `user_registration` SET `cycle_rank_id` = '1'
WHERE `user_id` = 'UQO7EQ';
INSERT INTO `rank_history` (`rank_id`, `user_id`, `name`, `bv`, `date`, `amount`, `type`) VALUES ('1', 'UQO7EQ', 'Affiliate', '0', '2025-11-15 00:05:54', '0', 'auto');
UPDATE `bv_updation` SET left_carry = left_carry+150, total_left = total_left+150
WHERE `user_id` = 'N6GZAE';
INSERT INTO `placement_bv_update_history` (`left_carry`, `date`, `from_id`, `user_id`) VALUES ('150', '2025-11-15 00:05:54', 'A11V1Y', 'N6GZAE');
UPDATE `user_registration` SET `cycle_rank_id` = '1'
WHERE `user_id` = 'N6GZAE';
INSERT INTO `rank_history` (`rank_id`, `user_id`, `name`, `bv`, `date`, `amount`, `type`) VALUES ('1', 'N6GZAE', 'Affiliate', '0', '2025-11-15 00:05:54', '0', 'auto');
UPDATE `bv_updation` SET left_carry = left_carry+150, total_left = total_left+150
WHERE `user_id` = '4E1CRI';
INSERT INTO `placement_bv_update_history` (`left_carry`, `date`, `from_id`, `user_id`) VALUES ('150', '2025-11-15 00:05:54', 'A11V1Y', '4E1CRI');
UPDATE `bv_updation` SET left_carry = left_carry+150, total_left = total_left+150
WHERE `user_id` = 'SJBNYJ';
INSERT INTO `placement_bv_update_history` (`left_carry`, `date`, `from_id`, `user_id`) VALUES ('150', '2025-11-15 00:05:54', 'A11V1Y', 'SJBNYJ');
UPDATE `user_registration` SET `cycle_rank_id` = '1'
WHERE `user_id` = 'SJBNYJ';
INSERT INTO `rank_history` (`rank_id`, `user_id`, `name`, `bv`, `date`, `amount`, `type`) VALUES ('1', 'SJBNYJ', 'Affiliate', '0', '2025-11-15 00:05:54', '0', 'auto');
UPDATE `bv_updation` SET left_carry = left_carry+150, total_left = total_left+150
WHERE `user_id` = '44B9Y4';
INSERT INTO `placement_bv_update_history` (`left_carry`, `date`, `from_id`, `user_id`) VALUES ('150', '2025-11-15 00:05:54', 'A11V1Y', '44B9Y4');
UPDATE `user_registration` SET `cycle_rank_id` = '1'
WHERE `user_id` = '44B9Y4';
INSERT INTO `rank_history` (`rank_id`, `user_id`, `name`, `bv`, `date`, `amount`, `type`) VALUES ('1', '44B9Y4', 'Affiliate', '0', '2025-11-15 00:05:54', '0', 'auto');
UPDATE `bv_updation` SET right_carry = right_carry+150, total_right = total_right+150
WHERE `user_id` = 'admin';
INSERT INTO `placement_bv_update_history` (`right_carry`, `date`, `from_id`, `user_id`) VALUES ('150', '2025-11-15 00:05:54', 'A11V1Y', 'admin');
UPDATE `user_registration` SET `cycle_rank_id` = '1'
WHERE `user_id` = 'admin';
INSERT INTO `rank_history` (`rank_id`, `user_id`, `name`, `bv`, `date`, `amount`, `type`) VALUES ('1', 'admin', 'Affiliate', '0', '2025-11-15 00:05:54', '0', 'auto');
UPDATE `user_registration` SET `subscription_date` = '2025-12-15', `active_status` = 'yes', `reminder_sent` = 'no'
WHERE `user_id` = 'A11V1Y';
INSERT INTO `arreva_api_logs` (`user_id`, `email`, `endpoint`, `response`, `date`) VALUES ('A11V1Y', 'iseldaldana980@gmail.com', 'activatemember', '\"Unable to find user matching email or contract number or otherid\"', '2025-11-15 00:05:54');
INSERT INTO `inactive_point_history` (`user_id`, `point`, `date`) VALUES ('SCC34I', '0', '2025-11-15 00:05:54');
UPDATE `user_registration` SET `sub_point` = 0, `active_status` = 'no'
WHERE `user_id` = 'SCC34I';
INSERT INTO `arreva_api_logs` (`user_id`, `email`, `endpoint`, `response`, `date`) VALUES ('SCC34I', 'Avalossandro08@gmail.com', 'deactivatemember', '\"Unable to find user matching email or contract number or otherid\"', '2025-11-15 00:05:54');
INSERT INTO `inactive_history` (`user_id`, `commission_balance`, `amount`, `date`) VALUES ('SCC34I', '0', '150', '2025-11-15 00:05:54');
INSERT INTO `inactive_point_history` (`user_id`, `point`, `date`) VALUES ('J4BGK4', '0', '2025-11-15 00:05:54');
UPDATE `user_registration` SET `sub_point` = 0, `active_status` = 'no'
WHERE `user_id` = 'J4BGK4';
INSERT INTO `arreva_api_logs` (`user_id`, `email`, `endpoint`, `response`, `date`) VALUES ('J4BGK4', 'rodriguezjf2000@yahoo.com', 'deactivatemember', '\"Unable to find user matching email or contract number or otherid\"', '2025-11-15 00:05:54');
INSERT INTO `inactive_history` (`user_id`, `commission_balance`, `amount`, `date`) VALUES ('J4BGK4', '0', '150', '2025-11-15 00:05:54');
INSERT INTO `inactive_point_history` (`user_id`, `point`, `date`) VALUES ('K67AMG', '0', '2025-11-15 00:05:54');
UPDATE `user_registration` SET `sub_point` = 0, `active_status` = 'no'
WHERE `user_id` = 'K67AMG';
INSERT INTO `arreva_api_logs` (`user_id`, `email`, `endpoint`, `response`, `date`) VALUES ('K67AMG', 'carlohernandez1963@gmail.com', 'deactivatemember', '\"Unable to find user matching email or contract number or otherid\"', '2025-11-15 00:05:55');
INSERT INTO `inactive_history` (`user_id`, `commission_balance`, `amount`, `date`) VALUES ('K67AMG', '0', '150', '2025-11-15 00:05:55');
INSERT INTO `inactive_point_history` (`user_id`, `point`, `date`) VALUES ('N6VMK1', '0', '2025-11-15 00:05:55');
UPDATE `user_registration` SET `sub_point` = 0, `active_status` = 'no'
WHERE `user_id` = 'N6VMK1';
INSERT INTO `arreva_api_logs` (`user_id`, `email`, `endpoint`, `response`, `date`) VALUES ('N6VMK1', 'javier.rodriguez.novelo@gmail.com', 'deactivatemember', '\"Unable to find user matching email or contract number or otherid\"', '2025-11-15 00:05:55');
INSERT INTO `inactive_history` (`user_id`, `commission_balance`, `amount`, `date`) VALUES ('N6VMK1', '0', '150', '2025-11-15 00:05:55');
INSERT INTO `inactive_point_history` (`user_id`, `point`, `date`) VALUES ('2WYFRD', '0', '2025-11-15 00:05:55');
UPDATE `user_registration` SET `sub_point` = 0, `active_status` = 'no'
WHERE `user_id` = '2WYFRD';
INSERT INTO `arreva_api_logs` (`user_id`, `email`, `endpoint`, `response`, `date`) VALUES ('2WYFRD', 'sotolongor+37@gmail.com', 'deactivatemember', 'true', '2025-11-15 00:05:55');
INSERT INTO `inactive_history` (`user_id`, `commission_balance`, `amount`, `date`) VALUES ('2WYFRD', '0', '150', '2025-11-15 00:05:55');
INSERT INTO `inactive_point_history` (`user_id`, `point`, `date`) VALUES ('DFEDKO', '0', '2025-11-15 00:05:55');
UPDATE `user_registration` SET `sub_point` = 0, `active_status` = 'no'
WHERE `user_id` = 'DFEDKO';
INSERT INTO `arreva_api_logs` (`user_id`, `email`, `endpoint`, `response`, `date`) VALUES ('DFEDKO', 'anegociarfree+1@gmail.com', 'deactivatemember', 'true', '2025-11-15 00:05:56');
INSERT INTO `inactive_history` (`user_id`, `commission_balance`, `amount`, `date`) VALUES ('DFEDKO', '20', '150', '2025-11-15 00:05:56');
INSERT INTO `inactive_point_history` (`user_id`, `point`, `date`) VALUES ('N5PLRR', '0', '2025-11-15 00:05:56');
UPDATE `user_registration` SET `sub_point` = 0, `active_status` = 'no'
WHERE `user_id` = 'N5PLRR';
INSERT INTO `arreva_api_logs` (`user_id`, `email`, `endpoint`, `response`, `date`) VALUES ('N5PLRR', 'deeptalent.boza@gmail.com', 'deactivatemember', '\"Unable to find user matching email or contract number or otherid\"', '2025-11-15 00:05:56');
INSERT INTO `inactive_history` (`user_id`, `commission_balance`, `amount`, `date`) VALUES ('N5PLRR', '30', '50', '2025-11-15 00:05:56');
INSERT INTO `inactive_point_history` (`user_id`, `point`, `date`) VALUES ('RSM4DG', '0', '2025-11-15 00:05:56');
UPDATE `user_registration` SET `sub_point` = 0, `active_status` = 'no'
WHERE `user_id` = 'RSM4DG';
INSERT INTO `arreva_api_logs` (`user_id`, `email`, `endpoint`, `response`, `date`) VALUES ('RSM4DG', 'fssicentral+1@gmail.com', 'deactivatemember', '\"Unable to find user matching email or contract number or otherid\"', '2025-11-15 00:05:56');
INSERT INTO `inactive_history` (`user_id`, `commission_balance`, `amount`, `date`) VALUES ('RSM4DG', '30', '50', '2025-11-15 00:05:56');
INSERT INTO `inactive_point_history` (`user_id`, `point`, `date`) VALUES ('V43EWT', '0', '2025-11-15 00:05:56');
UPDATE `user_registration` SET `sub_point` = 0, `active_status` = 'no'
WHERE `user_id` = 'V43EWT';
INSERT INTO `arreva_api_logs` (`user_id`, `email`, `endpoint`, `response`, `date`) VALUES ('V43EWT', 'deeptalent+1@hotmail.com', 'deactivatemember', '\"Unable to find user matching email or contract number or otherid\"', '2025-11-15 00:05:57');
INSERT INTO `inactive_history` (`user_id`, `commission_balance`, `amount`, `date`) VALUES ('V43EWT', '0', '50', '2025-11-15 00:05:57');
INSERT INTO `inactive_point_history` (`user_id`, `point`, `date`) VALUES ('NDTM1I', '0', '2025-11-15 00:05:57');
UPDATE `user_registration` SET `sub_point` = 0, `active_status` = 'no'
WHERE `user_id` = 'NDTM1I';
INSERT INTO `arreva_api_logs` (`user_id`, `email`, `endpoint`, `response`, `date`) VALUES ('NDTM1I', 'deeptalent+2@hotmail.com', 'deactivatemember', '\"Unable to find user matching email or contract number or otherid\"', '2025-11-15 00:05:57');
INSERT INTO `inactive_history` (`user_id`, `commission_balance`, `amount`, `date`) VALUES ('NDTM1I', '0', '50', '2025-11-15 00:05:57');
INSERT INTO `inactive_point_history` (`user_id`, `point`, `date`) VALUES ('GCLF2W', '0', '2025-11-15 00:05:57');
UPDATE `user_registration` SET `sub_point` = 0, `active_status` = 'no'
WHERE `user_id` = 'GCLF2W';
INSERT INTO `arreva_api_logs` (`user_id`, `email`, `endpoint`, `response`, `date`) VALUES ('GCLF2W', 'rt.amdream+1@gmail.com', 'deactivatemember', '\"Unable to find user matching email or contract number or otherid\"', '2025-11-15 00:05:57');
INSERT INTO `inactive_history` (`user_id`, `commission_balance`, `amount`, `date`) VALUES ('GCLF2W', '20', '50', '2025-11-15 00:05:57');
INSERT INTO `inactive_point_history` (`user_id`, `point`, `date`) VALUES ('6HA49X', '0', '2025-11-15 00:05:57');
UPDATE `user_registration` SET `sub_point` = 0, `active_status` = 'no'
WHERE `user_id` = '6HA49X';
INSERT INTO `arreva_api_logs` (`user_id`, `email`, `endpoint`, `response`, `date`) VALUES ('6HA49X', 'fssicentral+2@gmail.com', 'deactivatemember', '\"Unable to find user matching email or contract number or otherid\"', '2025-11-15 00:05:57');
INSERT INTO `inactive_history` (`user_id`, `commission_balance`, `amount`, `date`) VALUES ('6HA49X', '0', '50', '2025-11-15 00:05:57');
INSERT INTO `inactive_point_history` (`user_id`, `point`, `date`) VALUES ('CN59WR', '0', '2025-11-15 00:05:57');
UPDATE `user_registration` SET `sub_point` = 0, `active_status` = 'no'
WHERE `user_id` = 'CN59WR';
INSERT INTO `arreva_api_logs` (`user_id`, `email`, `endpoint`, `response`, `date`) VALUES ('CN59WR', 'deeptalent.boza+5@gmail.com', 'deactivatemember', '\"Unable to find user matching email or contract number or otherid\"', '2025-11-15 00:05:58');
INSERT INTO `inactive_history` (`user_id`, `commission_balance`, `amount`, `date`) VALUES ('CN59WR', '0', '50', '2025-11-15 00:05:58');
INSERT INTO `inactive_point_history` (`user_id`, `point`, `date`) VALUES ('WCHBRD', '0', '2025-11-15 00:05:58');
UPDATE `user_registration` SET `sub_point` = 0, `active_status` = 'no'
WHERE `user_id` = 'WCHBRD';
INSERT INTO `arreva_api_logs` (`user_id`, `email`, `endpoint`, `response`, `date`) VALUES ('WCHBRD', 'nrproducts20+11@gmail.com', 'deactivatemember', '\"Unable to find user matching email or contract number or otherid\"', '2025-11-15 00:05:58');
INSERT INTO `inactive_history` (`user_id`, `commission_balance`, `amount`, `date`) VALUES ('WCHBRD', '0', '50', '2025-11-15 00:05:58');
INSERT INTO `inactive_point_history` (`user_id`, `point`, `date`) VALUES ('MHTJIU', '0', '2025-11-15 00:05:58');
UPDATE `user_registration` SET `sub_point` = 0, `active_status` = 'no'
WHERE `user_id` = 'MHTJIU';
INSERT INTO `arreva_api_logs` (`user_id`, `email`, `endpoint`, `response`, `date`) VALUES ('MHTJIU', 'onielguerra+2@yahoo.com', 'deactivatemember', '\"Unable to find user matching email or contract number or otherid\"', '2025-11-15 00:05:58');
INSERT INTO `inactive_history` (`user_id`, `commission_balance`, `amount`, `date`) VALUES ('MHTJIU', '20', '50', '2025-11-15 00:05:58');
INSERT INTO `inactive_point_history` (`user_id`, `point`, `date`) VALUES ('C66Y3L', '0', '2025-11-15 00:05:58');
UPDATE `user_registration` SET `sub_point` = 0, `active_status` = 'no'
WHERE `user_id` = 'C66Y3L';
INSERT INTO `arreva_api_logs` (`user_id`, `email`, `endpoint`, `response`, `date`) VALUES ('C66Y3L', 'fssicentral+12@gmail.com', 'deactivatemember', '\"Unable to find user matching email or contract number or otherid\"', '2025-11-15 00:05:59');
INSERT INTO `inactive_history` (`user_id`, `commission_balance`, `amount`, `date`) VALUES ('C66Y3L', '20', '50', '2025-11-15 00:05:59');
INSERT INTO `inactive_point_history` (`user_id`, `point`, `date`) VALUES ('4OOCCH', '0', '2025-11-15 00:05:59');
UPDATE `user_registration` SET `sub_point` = 0, `active_status` = 'no'
WHERE `user_id` = '4OOCCH';
INSERT INTO `arreva_api_logs` (`user_id`, `email`, `endpoint`, `response`, `date`) VALUES ('4OOCCH', 'sfssi+11@gmail.com', 'deactivatemember', '\"Unable to find user matching email or contract number or otherid\"', '2025-11-15 00:05:59');
INSERT INTO `inactive_history` (`user_id`, `commission_balance`, `amount`, `date`) VALUES ('4OOCCH', '0', '50', '2025-11-15 00:05:59');
INSERT INTO `inactive_point_history` (`user_id`, `point`, `date`) VALUES ('G4EQDP', '0', '2025-11-15 00:05:59');
UPDATE `user_registration` SET `sub_point` = 0, `active_status` = 'no'
WHERE `user_id` = 'G4EQDP';
INSERT INTO `arreva_api_logs` (`user_id`, `email`, `endpoint`, `response`, `date`) VALUES ('G4EQDP', 'sfssiw+13@gmail.com', 'deactivatemember', '\"Unable to find user matching email or contract number or otherid\"', '2025-11-15 00:05:59');
INSERT INTO `inactive_history` (`user_id`, `commission_balance`, `amount`, `date`) VALUES ('G4EQDP', '0', '50', '2025-11-15 00:05:59');
INSERT INTO `inactive_point_history` (`user_id`, `point`, `date`) VALUES ('G95C91', '0', '2025-11-15 00:05:59');
UPDATE `user_registration` SET `sub_point` = 0, `active_status` = 'no'
WHERE `user_id` = 'G95C91';
INSERT INTO `arreva_api_logs` (`user_id`, `email`, `endpoint`, `response`, `date`) VALUES ('G95C91', 'sfssiw+15@gmail.com', 'deactivatemember', '\"Unable to find user matching email or contract number or otherid\"', '2025-11-15 00:05:59');
INSERT INTO `inactive_history` (`user_id`, `commission_balance`, `amount`, `date`) VALUES ('G95C91', '0', '50', '2025-11-15 00:05:59');
INSERT INTO `inactive_point_history` (`user_id`, `point`, `date`) VALUES ('SZ1N3Z', '0', '2025-11-15 00:05:59');
UPDATE `user_registration` SET `sub_point` = 0, `active_status` = 'no'
WHERE `user_id` = 'SZ1N3Z';
INSERT INTO `arreva_api_logs` (`user_id`, `email`, `endpoint`, `response`, `date`) VALUES ('SZ1N3Z', 'sfssiw+16@gmail.com', 'deactivatemember', '\"Unable to find user matching email or contract number or otherid\"', '2025-11-15 00:06:00');
INSERT INTO `inactive_history` (`user_id`, `commission_balance`, `amount`, `date`) VALUES ('SZ1N3Z', '0', '50', '2025-11-15 00:06:00');
INSERT INTO `inactive_point_history` (`user_id`, `point`, `date`) VALUES ('4S3VM7', '0', '2025-11-15 00:06:00');
UPDATE `user_registration` SET `sub_point` = 0, `active_status` = 'no'
WHERE `user_id` = '4S3VM7';
INSERT INTO `arreva_api_logs` (`user_id`, `email`, `endpoint`, `response`, `date`) VALUES ('4S3VM7', 'sfssiw+17@gmail.com', 'deactivatemember', '\"Unable to find user matching email or contract number or otherid\"', '2025-11-15 00:06:00');
INSERT INTO `inactive_history` (`user_id`, `commission_balance`, `amount`, `date`) VALUES ('4S3VM7', '0', '50', '2025-11-15 00:06:00');
INSERT INTO `inactive_point_history` (`user_id`, `point`, `date`) VALUES ('G5QCEL', '0', '2025-11-15 00:06:00');
UPDATE `user_registration` SET `sub_point` = 0, `active_status` = 'no'
WHERE `user_id` = 'G5QCEL';
INSERT INTO `arreva_api_logs` (`user_id`, `email`, `endpoint`, `response`, `date`) VALUES ('G5QCEL', 'sfssiw+18@gmail.com', 'deactivatemember', '\"Unable to find user matching email or contract number or otherid\"', '2025-11-15 00:06:00');
INSERT INTO `inactive_history` (`user_id`, `commission_balance`, `amount`, `date`) VALUES ('G5QCEL', '0', '50', '2025-11-15 00:06:00');
INSERT INTO `inactive_point_history` (`user_id`, `point`, `date`) VALUES ('6CYPUS', '0', '2025-11-15 00:06:00');
UPDATE `user_registration` SET `sub_point` = 0, `active_status` = 'no'
WHERE `user_id` = '6CYPUS';
INSERT INTO `arreva_api_logs` (`user_id`, `email`, `endpoint`, `response`, `date`) VALUES ('6CYPUS', 'nquiros@ymail.com', 'deactivatemember', '\"Unable to find user matching email or contract number or otherid\"', '2025-11-15 00:06:00');
INSERT INTO `inactive_history` (`user_id`, `commission_balance`, `amount`, `date`) VALUES ('6CYPUS', '0', '150', '2025-11-15 00:06:00');
INSERT INTO `inactive_point_history` (`user_id`, `point`, `date`) VALUES ('52FDFS', '0', '2025-11-15 00:06:00');
UPDATE `user_registration` SET `sub_point` = 0, `active_status` = 'no'
WHERE `user_id` = '52FDFS';
INSERT INTO `arreva_api_logs` (`user_id`, `email`, `endpoint`, `response`, `date`) VALUES ('52FDFS', 'mariajcarloa@gmail.com', 'deactivatemember', '\"Unable to find user matching email or contract number or otherid\"', '2025-11-15 00:06:00');
INSERT INTO `inactive_history` (`user_id`, `commission_balance`, `amount`, `date`) VALUES ('52FDFS', '0', '150', '2025-11-15 00:06:00');
INSERT INTO `inactive_point_history` (`user_id`, `point`, `date`) VALUES ('LI6NAA', '0', '2025-11-15 00:06:00');
UPDATE `user_registration` SET `sub_point` = 0, `active_status` = 'no'
WHERE `user_id` = 'LI6NAA';
INSERT INTO `arreva_api_logs` (`user_id`, `email`, `endpoint`, `response`, `date`) VALUES ('LI6NAA', 'sotolongor+96@gmail.com', 'deactivatemember', 'true', '2025-11-15 00:06:01');
INSERT INTO `inactive_history` (`user_id`, `commission_balance`, `amount`, `date`) VALUES ('LI6NAA', '0', '150', '2025-11-15 00:06:01');
INSERT INTO `inactive_point_history` (`user_id`, `point`, `date`) VALUES ('NOBRW6', '0', '2025-11-15 00:06:01');
UPDATE `user_registration` SET `sub_point` = 0, `active_status` = 'no'
WHERE `user_id` = 'NOBRW6';
INSERT INTO `arreva_api_logs` (`user_id`, `email`, `endpoint`, `response`, `date`) VALUES ('NOBRW6', 'yosvanyperezcruckshank@gmail.com', 'deactivatemember', 'true', '2025-11-15 00:06:01');
INSERT INTO `inactive_history` (`user_id`, `commission_balance`, `amount`, `date`) VALUES ('NOBRW6', '0', '150', '2025-11-15 00:06:01');
INSERT INTO `inactive_point_history` (`user_id`, `point`, `date`) VALUES ('6XB3NC', '0', '2025-11-15 00:06:01');
UPDATE `user_registration` SET `sub_point` = 0, `active_status` = 'no'
WHERE `user_id` = '6XB3NC';
INSERT INTO `arreva_api_logs` (`user_id`, `email`, `endpoint`, `response`, `date`) VALUES ('6XB3NC', 'aymeelucia1971@gmail.com', 'deactivatemember', 'true', '2025-11-15 00:06:01');
INSERT INTO `inactive_history` (`user_id`, `commission_balance`, `amount`, `date`) VALUES ('6XB3NC', '0', '150', '2025-11-15 00:06:01');
UPDATE `cron_job_history` SET `status` = 'done', `date_end` = '2025-11-15 00:06:01'
WHERE `id` = 808;
INSERT INTO `cron_job_history` (`name`, `date_started`, `status`) VALUES ('sendReminderMail', '2025-11-15 00:10:01', 'started');
UPDATE `cron_job_history` SET `status` = 'done', `date_end` = '2025-11-15 00:10:02'
WHERE `id` = 809;
INSERT INTO `login_history` (`user_id`, `device`, `ip_address`, `date`) VALUES ('2RSJNO', 'Mozilla/5.0 (iPhone; CPU iPhone OS 26_0_1 like Mac OS X) AppleWebKit/605.1.15 (KHTML, like Gecko) GSA/394.1.829830871 Mobile/15E148 Safari/604.1', '2607:fb90:9166:46d1:cce3:22a9:1317:e87a', '25-11-15 06:42');
UPDATE `user_registration` SET `popup_seen` = 'yes'
WHERE `user_id` = '2RSJNO';
UPDATE `admin` SET `last_logout` = '2025-11-15 07:02:37'
WHERE `id` IS NULL;
DELETE FROM `ci_sessions`
WHERE `id` = 'fcf52c0a8966eba461aa38fc188c4fc03accb4aa';
UPDATE `admin` SET `last_login` = '2025-11-15 07:02:41', `ip_address` = '172.56.182.185'
WHERE `id` = '1';
INSERT INTO `payquicker_token` (`response`, `token`, `created_time`, `expires_at`) VALUES ('{\"access_token\":\"F13EEDB378F52023E73523A36E0D00EF4A8A71CB9CFA60B230579C65364E84CF-1\",\"expires_in\":3600,\"token_type\":\"Bearer\",\"scope\":\"api useraccount_balance useraccount_debit useraccount_invitation useraccount_payment\"}', 'F13EEDB378F52023E73523A36E0D00EF4A8A71CB9CFA60B230579C65364E84CF-1', '2025-11-15 07:05:51', '2025-11-15 08:05:51');
UPDATE `withdraw` SET `payment_details` = '[{\"payments\":[{\"accountingId\":\"travelegendcy38149\",\"authDate\":\"2025-11-15T13:05:54Z\",\"monetary\":{\"amount\":-562.5000,\"currency\":\"Currency_USD\",\"language\":\"Languages_EN_US\",\"bank\":null,\"formattedAmount\":\"($562.50) USD\"},\"transactionPublicId\":\"TRN1AXKWP5SCF5OK\",\"transactionStatusType\":\"TransactionStatusType_Complete\"}]}]'
WHERE `withdraw_id` = '56';
UPDATE `withdraw` SET `success_date` = '2025-11-15 07:05:55', `status` = 2
WHERE `withdraw_id` = '56'
AND `user_id` = 'IYCRUH';
UPDATE `withdraw` SET `payment_details` = '[{\"payments\":[{\"accountingId\":\"travelegendcy49331\",\"authDate\":\"2025-11-15T13:05:58Z\",\"monetary\":{\"amount\":-805.0000,\"currency\":\"Currency_USD\",\"language\":\"Languages_EN_US\",\"bank\":null,\"formattedAmount\":\"($805.00) USD\"},\"transactionPublicId\":\"TRN1AXH5D32RQ5PD\",\"transactionStatusType\":\"TransactionStatusType_Complete\"}]}]'
WHERE `withdraw_id` = '57';
UPDATE `withdraw` SET `success_date` = '2025-11-15 07:05:59', `status` = 2
WHERE `withdraw_id` = '57'
AND `user_id` = 'UQO7EQ';
UPDATE `withdraw` SET `payment_details` = '[{\"payments\":[{\"accountingId\":\"travelegendcy78586\",\"authDate\":\"2025-11-15T13:06:02Z\",\"monetary\":{\"amount\":-623.5000,\"currency\":\"Currency_USD\",\"language\":\"Languages_EN_US\",\"bank\":null,\"formattedAmount\":\"($623.50) USD\"},\"transactionPublicId\":\"TRN1AXH5DD16FOEA\",\"transactionStatusType\":\"TransactionStatusType_Complete\"}]}]'
WHERE `withdraw_id` = '58';
UPDATE `withdraw` SET `success_date` = '2025-11-15 07:06:02', `status` = 2
WHERE `withdraw_id` = '58'
AND `user_id` = 'O94ZPY';
UPDATE `withdraw` SET `payment_details` = '[{\"payments\":[{\"accountingId\":\"travelegendcy73624\",\"authDate\":\"2025-11-15T13:06:05Z\",\"monetary\":{\"amount\":-2400.0000,\"currency\":\"Currency_USD\",\"language\":\"Languages_EN_US\",\"bank\":null,\"formattedAmount\":\"($2,400.00) USD\"},\"transactionPublicId\":\"TRN1AXH5D32RQ5PH\",\"transactionStatusType\":\"TransactionStatusType_Complete\"}]}]'
WHERE `withdraw_id` = '59';
UPDATE `withdraw` SET `success_date` = '2025-11-15 07:06:05', `status` = 2
WHERE `withdraw_id` = '59'
AND `user_id` = 'JHRDHS';
UPDATE `withdraw` SET `payment_details` = '[{\"payments\":[{\"accountingId\":\"travelegendcy94293\",\"authDate\":\"2025-11-15T13:06:10Z\",\"monetary\":{\"amount\":-525.0000,\"currency\":\"Currency_USD\",\"language\":\"Languages_EN_US\",\"bank\":null,\"formattedAmount\":\"($525.00) USD\"},\"transactionPublicId\":\"TRN1AXH5DDI8E584\",\"transactionStatusType\":\"TransactionStatusType_Complete\"}]}]'
WHERE `withdraw_id` = '60';
UPDATE `withdraw` SET `success_date` = '2025-11-15 07:06:10', `status` = 2
WHERE `withdraw_id` = '60'
AND `user_id` = 'QJ5U9C';
UPDATE `withdraw` SET `payment_details` = '[{\"payments\":[{\"accountingId\":\"travelegendcy83864\",\"authDate\":\"2025-11-15T13:06:15Z\",\"monetary\":{\"amount\":-725.0000,\"currency\":\"Currency_USD\",\"language\":\"Languages_EN_US\",\"bank\":null,\"formattedAmount\":\"($725.00) USD\"},\"transactionPublicId\":\"TRN1AXGIEHGX5J36\",\"transactionStatusType\":\"TransactionStatusType_Complete\"}]}]'
WHERE `withdraw_id` = '61';
UPDATE `withdraw` SET `success_date` = '2025-11-15 07:06:16', `status` = 2
WHERE `withdraw_id` = '61'
AND `user_id` = '2RSJNO';
UPDATE `ci_sessions` SET `timestamp` = 1763213192, `data` = '__ci_last_regenerate|i:1763213192;isLogIn|b:1;isAdmin|b:1;id|s:1:\"1\";fullname|s:11:\"admin admin\";user_level|s:5:\"Admin\";email|s:23:\"admin@travelegendcy.com\";image|s:53:\"upload/settings/4a1f1b602322adb837a7a3547ee69cf3.jpeg\";last_login|s:19:\"2025-11-14 07:37:04\";last_logout|s:19:\"2025-08-08 12:04:54\";ip_address|s:13:\"85.57.223.138\";'
WHERE `id` = '6035d2c778e761467aa1c45433542ce09ffbbda3';
INSERT INTO `login_history` (`user_id`, `device`, `ip_address`, `date`) VALUES ('QJ5U9C', 'Mozilla/5.0 (Windows NT 10.0; Win64; x64) AppleWebKit/537.36 (KHTML, like Gecko) Chrome/142.0.0.0 Safari/537.36', '2601:586:cf83:e530:279c:2bca:98c3:ac7d', '25-11-15 08:31');
UPDATE `user_registration` SET `popup_seen` = 'yes'
WHERE `user_id` = 'QJ5U9C';
UPDATE `user_registration` SET `popup_seen` = 'no'
WHERE `user_id` = 'QJ5U9C';
DELETE FROM `ci_sessions`
WHERE `id` = '17aa632a1aaa021cfdbd505658c33d33ed44c1f3';
INSERT INTO `login_history` (`user_id`, `device`, `ip_address`, `date`) VALUES ('NEXXDG', 'Mozilla/5.0 (iPhone; CPU iPhone OS 18_6_2 like Mac OS X) AppleWebKit/605.1.15 (KHTML, like Gecko) Version/18.6 Mobile/15E148 Safari/604.1', '2601:586:ce01:4c80:4c17:cd47:1c26:ab08', '25-11-15 08:36');
UPDATE `user_registration` SET `popup_seen` = 'yes'
WHERE `user_id` = 'NEXXDG';
INSERT INTO `temp_register` (`post_data`, `date`, `payment_method`, `type`) VALUES ('{\"user_id\":\"NEXXDG\",\"card_id\":\"4\",\"card_cost\":\"150\",\"card_value\":\"150\",\"payment_option\":\"stripe\",\"date\":\"2025-11-15 08:37:21\"}', '2025-11-15 08:37:21', 'stripe', 'buy+top_up_card');
UPDATE `temp_register` SET `response` = '{\"stripeToken\":\"tok_1STkcr2NUoYUjiuuQ3K2J1qk\",\"stripeTokenType\":\"card\",\"stripeEmail\":\"valdesweldingserviceinc@gmail.com\"}', `date_modified` = '2025-11-15 08:38:58', `payment_status` = '{\"id\":\"ch_3STkcv2NUoYUjiuu1vRvccKm\",\"object\":\"charge\",\"amount\":15000,\"amount_captured\":15000,\"amount_refunded\":0,\"application\":null,\"application_fee\":null,\"application_fee_amount\":null,\"balance_transaction\":\"txn_3STkcv2NUoYUjiuu1WKzDQm3\",\"billing_details\":{\"address\":{\"city\":null,\"country\":null,\"line1\":null,\"line2\":null,\"postal_code\":null,\"state\":null},\"email\":null,\"name\":\"valdesweldingserviceinc@gmail.com\",\"phone\":null,\"tax_id\":null},\"calculated_statement_descriptor\":\"TRAVELEGENDCY LLC\",\"captured\":true,\"created\":1763217537,\"currency\":\"usd\",\"customer\":\"cus_TQbqimiWXYtQ0O\",\"description\":null,\"destination\":null,\"dispute\":null,\"disputed\":false,\"failure_balance_transaction\":null,\"failure_code\":null,\"failure_message\":null,\"fraud_details\":[],\"invoice\":null,\"livemode\":true,\"metadata\":[],\"on_behalf_of\":null,\"order\":null,\"outcome\":{\"advice_code\":null,\"network_advice_code\":null,\"network_decline_code\":null,\"network_status\":\"approved_by_network\",\"reason\":null,\"risk_level\":\"normal\",\"seller_message\":\"Payment complete.\",\"type\":\"authorized\"},\"paid\":true,\"payment_intent\":null,\"payment_method\":\"card_1STkcr2NUoYUjiuuMq3BCUuN\",\"payment_method_details\":{\"card\":{\"amount_authorized\":15000,\"authorization_code\":\"087129\",\"brand\":\"mastercard\",\"checks\":{\"address_line1_check\":null,\"address_postal_code_check\":null,\"cvc_check\":\"pass\"},\"country\":\"US\",\"exp_month\":2,\"exp_year\":2028,\"extended_authorization\":{\"status\":\"disabled\"},\"fingerprint\":\"DKBdqkGhkS5LHpLO\",\"funding\":\"debit\",\"incremental_authorization\":{\"status\":\"unavailable\"},\"installments\":null,\"last4\":\"9766\",\"mandate\":null,\"multicapture\":{\"status\":\"unavailable\"},\"network\":\"mastercard\",\"network_token\":{\"used\":false},\"network_transaction_id\":\"MDBE7RJ1V1115\",\"overcapture\":{\"maximum_amount_capturable\":15000,\"status\":\"unavailable\"},\"regulated_status\":\"unregulated\",\"three_d_secure\":null,\"wallet\":null},\"type\":\"card\"},\"receipt_email\":null,\"receipt_number\":null,\"receipt_url\":\"https:\\/\\/pay.stripe.com\\/receipts\\/payment\\/CAcQARoXChVhY2N0XzFRUEFGdjJOVW9ZVWppdXUogqHiyAYyBl_zekjESTosFghswf9MQzs0K0Nq7zKLPoNW9s0VXoH1qpOfbCEdeRjZpgD4IuGo6CMYQ-s\",\"refunded\":false,\"review\":null,\"shipping\":null,\"source\":{\"id\":\"card_1STkcr2NUoYUjiuuMq3BCUuN\",\"object\":\"card\",\"address_city\":null,\"address_country\":null,\"address_line1\":null,\"address_line1_check\":null,\"address_line2\":null,\"address_state\":null,\"address_zip\":null,\"address_zip_check\":null,\"allow_redisplay\":\"unspecified\",\"brand\":\"MasterCard\",\"country\":\"US\",\"customer\":\"cus_TQbqimiWXYtQ0O\",\"cvc_check\":\"pass\",\"dynamic_last4\":null,\"email\":null,\"exp_month\":2,\"exp_year\":2028,\"fingerprint\":\"DKBdqkGhkS5LHpLO\",\"funding\":\"debit\",\"last4\":\"9766\",\"metadata\":[],\"name\":\"valdesweldingserviceinc@gmail.com\",\"phone\":null,\"regulated_status\":\"unregulated\",\"tokenization_method\":null,\"wallet\":null},\"source_transfer\":null,\"statement_descriptor\":null,\"statement_descriptor_suffix\":null,\"status\":\"succeeded\",\"transfer_data\":null,\"transfer_group\":null}'
WHERE `id` = 1189;
INSERT INTO `card_purchase_history` (`user_id`, `card_id`, `card_cost`, `card_value`, `payment_option`, `date`) VALUES ('NEXXDG', '4', '150', '150', 'stripe', '2025-11-15 08:37:21');
UPDATE `user_registration` SET commission_balance = ROUND(commission_balance + 150,2)
WHERE `user_id` = 'NEXXDG';
UPDATE `user_registration` SET `popup_seen` = 'yes'
WHERE `user_id` = 'NEXXDG';
UPDATE `ci_sessions` SET `timestamp` = 1763217691, `data` = '__ci_last_regenerate|i:1763217691;id|s:4:\"2359\";user_id|s:6:\"NEXXDG\";username|s:7:\"Josev75\";sponsor_id|s:6:\"7KTC9V\";fullname|s:11:\"JOSE VALDES\";email|s:33:\"valdesweldingserviceinc@gmail.com\";phone|s:10:\"7864193178\";isLogIn|b:1;reg_stripe_id|i:1189;'
WHERE `id` = 'fa23e109d5a0d338ae010c63d2e6f192845c1251';
UPDATE `user_registration` SET `popup_seen` = 'yes'
WHERE `user_id` = 'NEXXDG';
UPDATE `user_registration` SET `popup_seen` = 'yes'
WHERE `user_id` = 'NEXXDG';
INSERT INTO `login_history` (`user_id`, `device`, `ip_address`, `date`) VALUES ('PXOKY7', 'Mozilla/5.0 (Macintosh; Intel Mac OS X 10_15_7) AppleWebKit/605.1.15 (KHTML, like Gecko) Version/15.6.1 Safari/605.1.15', '2600:1700:3d60:523f:fddc:3958:8881:81da', '25-11-15 08:46');
UPDATE `user_registration` SET `popup_seen` = 'yes'
WHERE `user_id` = 'PXOKY7';
UPDATE `user_registration` SET `popup_seen` = 'yes'
WHERE `user_id` = 'PXOKY7';
INSERT INTO `login_history` (`user_id`, `device`, `ip_address`, `date`) VALUES ('UQO7EQ', 'Mozilla/5.0 (Windows NT 10.0; Win64; x64) AppleWebKit/537.36 (KHTML, like Gecko) Chrome/142.0.0.0 Safari/537.36', '2601:58a:897c:5f70:f554:520:99bb:d6d3', '25-11-15 08:53');
UPDATE `user_registration` SET `popup_seen` = 'yes'
WHERE `user_id` = 'UQO7EQ';
UPDATE `user_registration` SET `popup_seen` = 'yes'
WHERE `user_id` = 'UQO7EQ';
UPDATE `user_registration` SET `popup_seen` = 'no'
WHERE `user_id` = 'UQO7EQ';
DELETE FROM `ci_sessions`
WHERE `id` = '647cc95eb07ca93b39a70b310b5f18a55c52bc46';
INSERT INTO `login_history` (`user_id`, `device`, `ip_address`, `date`) VALUES ('UQO7EQ', 'Mozilla/5.0 (Windows NT 10.0; Win64; x64) AppleWebKit/537.36 (KHTML, like Gecko) Chrome/142.0.0.0 Safari/537.36', '2601:58a:897c:5f70:f554:520:99bb:d6d3', '25-11-15 09:00');
UPDATE `user_registration` SET `popup_seen` = 'yes'
WHERE `user_id` = 'UQO7EQ';
UPDATE `user_registration` SET `popup_seen` = 'yes'
WHERE `user_id` = 'UQO7EQ';
UPDATE `ci_sessions` SET `timestamp` = 1763218955, `data` = '__ci_last_regenerate|i:1763218955;id|s:4:\"2042\";user_id|s:6:\"UQO7EQ\";username|s:6:\"Rafa51\";sponsor_id|s:6:\"N6GZAE\";fullname|s:16:\"Rafael Rodriguez\";email|s:18:\"rafagana@yahoo.com\";phone|s:10:\"3057610606\";isLogIn|b:1;'
WHERE `id` = 'cc70efd783eebce433bef959bd24f0f37bcd320a';
UPDATE `user_registration` SET `popup_seen` = 'no'
WHERE `user_id` = 'UQO7EQ';
DELETE FROM `ci_sessions`
WHERE `id` = '3a26dae8fffb7a3380bd59e886b452316da7aa98';
INSERT INTO `login_history` (`user_id`, `device`, `ip_address`, `date`) VALUES ('JHRDHS', 'Mozilla/5.0 (iPhone; CPU iPhone OS 18_7_1 like Mac OS X) AppleWebKit/605.1.15 (KHTML, like Gecko) Version/18.7 Mobile/15E148 Safari/604.1', '2600:1702:50d0:a580:e934:cfe:accc:94d8', '25-11-15 09:15');
UPDATE `user_registration` SET `popup_seen` = 'yes'
WHERE `user_id` = 'JHRDHS';
UPDATE `ci_sessions` SET `timestamp` = 1763222836, `data` = '__ci_last_regenerate|i:1763222836;captcha|s:4:\"tdx6\";'
WHERE `id` = '72a3c014f323c716d8ddf7e3d22918d5945c48c1';
INSERT INTO `login_history` (`user_id`, `device`, `ip_address`, `date`) VALUES ('UQO7EQ', 'Mozilla/5.0 (Windows NT 10.0; Win64; x64) AppleWebKit/537.36 (KHTML, like Gecko) Chrome/142.0.0.0 Safari/537.36', '2601:58a:897c:5f70:f554:520:99bb:d6d3', '25-11-15 10:07');
UPDATE `user_registration` SET `popup_seen` = 'yes'
WHERE `user_id` = 'UQO7EQ';
UPDATE `ci_sessions` SET `timestamp` = 1763224007, `data` = '__ci_last_regenerate|i:1763224007;id|s:4:\"2042\";user_id|s:6:\"UQO7EQ\";username|s:6:\"Rafa51\";sponsor_id|s:6:\"N6GZAE\";fullname|s:16:\"Rafael Rodriguez\";email|s:18:\"rafagana@yahoo.com\";phone|s:10:\"3057610606\";isLogIn|b:1;message|s:24:\"Welcome Rafael Rodriguez\";__ci_vars|a:1:{s:7:\"message\";s:3:\"old\";}'
WHERE `id` = '5a2018b9fd22f3c9d4d104037c3763b3db7470ed';
UPDATE `user_registration` SET `popup_seen` = 'yes'
WHERE `user_id` = 'UQO7EQ';
UPDATE `user_registration` SET `popup_seen` = 'yes'
WHERE `user_id` = 'UQO7EQ';
INSERT INTO `login_history` (`user_id`, `device`, `ip_address`, `date`) VALUES ('O94ZPY', 'Mozilla/5.0 (Macintosh; Intel Mac OS X 10_15_7) AppleWebKit/605.1.15 (KHTML, like Gecko) Version/18.5 Safari/605.1.15', '97.221.38.225', '25-11-15 10:40');
UPDATE `user_registration` SET `popup_seen` = 'yes'
WHERE `user_id` = 'O94ZPY';
UPDATE `ci_sessions` SET `timestamp` = 1763225053, `data` = '__ci_last_regenerate|i:1763225053;id|s:4:\"2042\";user_id|s:6:\"UQO7EQ\";username|s:6:\"Rafa51\";sponsor_id|s:6:\"N6GZAE\";fullname|s:16:\"Rafael Rodriguez\";email|s:18:\"rafagana@yahoo.com\";phone|s:10:\"3057610606\";isLogIn|b:1;'
WHERE `id` = 'ea4722eda45aaed12955184ca0054065f549c044';
UPDATE `user_registration` SET `popup_seen` = 'yes'
WHERE `user_id` = 'UQO7EQ';
UPDATE `user_registration` SET `popup_seen` = 'no'
WHERE `user_id` = 'UQO7EQ';
DELETE FROM `ci_sessions`
WHERE `id` = 'cec6617bc5b2e714d13670f0913496f8ea8dcae2';
UPDATE `ci_sessions` SET `timestamp` = 1763225288, `data` = '__ci_last_regenerate|i:1763225288;id|s:4:\"2075\";user_id|s:6:\"O94ZPY\";username|s:12:\"angelito4817\";sponsor_id|s:6:\"JHRDHS\";fullname|s:15:\"Angel Fernandez\";email|s:25:\"angelito.magaly@gmail.com\";phone|s:0:\"\";isLogIn|b:1;message|s:23:\"Welcome Angel Fernandez\";__ci_vars|a:1:{s:7:\"message\";s:3:\"old\";}'
WHERE `id` = 'a624af180725b403eae58a072ad969edadfced1a';
INSERT INTO `login_history` (`user_id`, `device`, `ip_address`, `date`) VALUES ('UQO7EQ', 'Mozilla/5.0 (Windows NT 10.0; Win64; x64) AppleWebKit/537.36 (KHTML, like Gecko) Chrome/142.0.0.0 Safari/537.36', '2601:58a:897c:5f70:f554:520:99bb:d6d3', '25-11-15 10:48');
UPDATE `user_registration` SET `popup_seen` = 'yes'
WHERE `user_id` = 'UQO7EQ';
UPDATE `user_registration` SET `popup_seen` = 'no'
WHERE `user_id` = 'UQO7EQ';
DELETE FROM `ci_sessions`
WHERE `id` = '7b850ef2a02fca16f7ad3bb912949ffe1fbbe483';
UPDATE `ci_sessions` SET `timestamp` = 1763225660, `data` = '__ci_last_regenerate|i:1763225660;id|s:4:\"2075\";user_id|s:6:\"O94ZPY\";username|s:12:\"angelito4817\";sponsor_id|s:6:\"JHRDHS\";fullname|s:15:\"Angel Fernandez\";email|s:25:\"angelito.magaly@gmail.com\";phone|s:0:\"\";isLogIn|b:1;'
WHERE `id` = '72e94c78287723cd6827c9e05d6812f8db8ec036';
UPDATE `ci_sessions` SET `timestamp` = 1763225789, `data` = '__ci_last_regenerate|i:1763225789;captcha|s:4:\"hpn4\";'
WHERE `id` = '958413ec0a42db2b8ce0978896a49acd9db209e7';
INSERT INTO `login_history` (`user_id`, `device`, `ip_address`, `date`) VALUES ('UQO7EQ', 'Mozilla/5.0 (Windows NT 10.0; Win64; x64) AppleWebKit/537.36 (KHTML, like Gecko) Chrome/142.0.0.0 Safari/537.36', '2601:58a:897c:5f70:f554:520:99bb:d6d3', '25-11-15 10:56');
UPDATE `user_registration` SET `popup_seen` = 'yes'
WHERE `user_id` = 'UQO7EQ';
UPDATE `user_registration` SET `popup_seen` = 'no'
WHERE `user_id` = 'UQO7EQ';
DELETE FROM `ci_sessions`
WHERE `id` = '9fde9cc0b1da141f15d446f50fee9beda01ed446';
UPDATE `ci_sessions` SET `timestamp` = 1763225992, `data` = '__ci_last_regenerate|i:1763225992;id|s:4:\"2075\";user_id|s:6:\"O94ZPY\";username|s:12:\"angelito4817\";sponsor_id|s:6:\"JHRDHS\";fullname|s:15:\"Angel Fernandez\";email|s:25:\"angelito.magaly@gmail.com\";phone|s:0:\"\";isLogIn|b:1;'
WHERE `id` = '009f4651854953a00dc5cfc6e9b337454542aa45';
UPDATE `ci_sessions` SET `timestamp` = 1763226645, `data` = '__ci_last_regenerate|i:1763226645;id|s:4:\"2075\";user_id|s:6:\"O94ZPY\";username|s:12:\"angelito4817\";sponsor_id|s:6:\"JHRDHS\";fullname|s:15:\"Angel Fernandez\";email|s:25:\"angelito.magaly@gmail.com\";phone|s:0:\"\";isLogIn|b:1;'
WHERE `id` = 'c904552e7e4333a7ef746ee97cc9d37e723411cc';
UPDATE `user_registration` SET `popup_seen` = 'yes'
WHERE `user_id` = 'O94ZPY';
UPDATE `user_registration` SET `popup_seen` = 'yes'
WHERE `user_id` = 'O94ZPY';
UPDATE `admin` SET `last_login` = '2025-11-15 11:11:14', `ip_address` = '83.49.43.141'
WHERE `id` = '1';
UPDATE `ci_sessions` SET `timestamp` = 1763227562, `data` = '__ci_last_regenerate|i:1763227562;captcha|s:4:\"wio3\";'
WHERE `id` = '5fed62ffcb15eda43f528497a16492be1d336065';
INSERT INTO `login_history` (`user_id`, `device`, `ip_address`, `date`) VALUES ('UQO7EQ', 'Mozilla/5.0 (Windows NT 10.0; Win64; x64) AppleWebKit/537.36 (KHTML, like Gecko) Chrome/142.0.0.0 Safari/537.36', '2601:58a:897c:5f70:f554:520:99bb:d6d3', '25-11-15 11:26');
UPDATE `user_registration` SET `popup_seen` = 'yes'
WHERE `user_id` = 'UQO7EQ';
UPDATE `user_registration` SET `popup_seen` = 'no'
WHERE `user_id` = 'UQO7EQ';
DELETE FROM `ci_sessions`
WHERE `id` = '78095f3c5e086b0471994390af0373c9b11b891b';
UPDATE `ci_sessions` SET `timestamp` = 1763228814, `data` = '__ci_last_regenerate|i:1763228814;captcha|s:4:\"4vh3\";'
WHERE `id` = '4d6356573596d49e5027b46c390e6877e876a22b';
INSERT INTO `login_history` (`user_id`, `device`, `ip_address`, `date`) VALUES ('UQO7EQ', 'Mozilla/5.0 (Windows NT 10.0; Win64; x64) AppleWebKit/537.36 (KHTML, like Gecko) Chrome/142.0.0.0 Safari/537.36', '2601:58a:897c:5f70:f554:520:99bb:d6d3', '25-11-15 11:46');
UPDATE `user_registration` SET `popup_seen` = 'yes'
WHERE `user_id` = 'UQO7EQ';
UPDATE `user_registration` SET `popup_seen` = 'no'
WHERE `user_id` = 'UQO7EQ';
DELETE FROM `ci_sessions`
WHERE `id` = 'c51b4d3a535fa89e5621f16d94815c93a2165c25';
INSERT INTO `login_history` (`user_id`, `device`, `ip_address`, `date`) VALUES ('NEXXDG', 'Mozilla/5.0 (iPhone; CPU iPhone OS 18_6_2 like Mac OS X) AppleWebKit/605.1.15 (KHTML, like Gecko) Version/18.6 Mobile/15E148 Safari/604.1', '2607:fb91:19da:c4a7:8ddf:f1dc:ef5d:4573', '25-11-15 11:51');
UPDATE `user_registration` SET `popup_seen` = 'yes'
WHERE `user_id` = 'NEXXDG';
INSERT INTO `login_history` (`user_id`, `device`, `ip_address`, `date`) VALUES ('B5EVHD', 'Mozilla/5.0 (iPhone; CPU iPhone OS 18_7 like Mac OS X) AppleWebKit/605.1.15 (KHTML, like Gecko) Version/26.0.1 Mobile/15E148 Safari/604.1', '2600:1702:790:2540:c8b0:82e1:8597:a2d5', '25-11-15 12:26');
UPDATE `user_registration` SET `popup_seen` = 'yes'
WHERE `user_id` = 'B5EVHD';
UPDATE `user_registration` SET `popup_seen` = 'yes'
WHERE `user_id` = 'B5EVHD';
UPDATE `ci_sessions` SET `timestamp` = 1763231502, `data` = '__ci_last_regenerate|i:1763231502;id|s:4:\"2216\";user_id|s:6:\"B5EVHD\";username|s:10:\"AlexVale57\";sponsor_id|s:6:\"2V26XM\";fullname|s:13:\"Xiomara Perez\";email|s:19:\"xiomy2852@gmail.com\";phone|s:10:\"7863331253\";isLogIn|b:1;'
WHERE `id` = 'fb2582ec1272676b52b63b52afbe70addf532008';
UPDATE `user_registration` SET `popup_seen` = 'yes'
WHERE `user_id` = 'B5EVHD';
UPDATE `user_registration` SET `popup_seen` = 'no'
WHERE `user_id` = 'B5EVHD';
DELETE FROM `ci_sessions`
WHERE `id` = 'fb2582ec1272676b52b63b52afbe70addf532008';
INSERT INTO `login_history` (`user_id`, `device`, `ip_address`, `date`) VALUES ('7QBGQ1', 'Mozilla/5.0 (iPhone; CPU iPhone OS 18_7 like Mac OS X) AppleWebKit/605.1.15 (KHTML, like Gecko) Version/26.0.1 Mobile/15E148 Safari/604.1', '2600:1702:790:2540:c8b0:82e1:8597:a2d5', '25-11-15 12:32');
UPDATE `user_registration` SET `popup_seen` = 'yes'
WHERE `user_id` = '7QBGQ1';
INSERT INTO `login_history` (`user_id`, `device`, `ip_address`, `date`) VALUES ('1USKR2', 'Mozilla/5.0 (iPhone; CPU iPhone OS 18_6_2 like Mac OS X) AppleWebKit/605.1.15 (KHTML, like Gecko) Version/18.6 Mobile/15E148 Safari/604.1', '108.213.122.161', '25-11-15 13:17');
UPDATE `user_registration` SET `popup_seen` = 'yes'
WHERE `user_id` = '1USKR2';
UPDATE `ci_sessions` SET `timestamp` = 1763234519, `data` = '__ci_last_regenerate|i:1763234519;captcha|s:4:\"bue9\";'
WHERE `id` = 'd88ecee1c367a1bd9668597803886e9a6c53c16f';
INSERT INTO `login_history` (`user_id`, `device`, `ip_address`, `date`) VALUES ('UQO7EQ', 'Mozilla/5.0 (Windows NT 10.0; Win64; x64) AppleWebKit/537.36 (KHTML, like Gecko) Chrome/142.0.0.0 Safari/537.36', '2601:58a:897c:5f70:f554:520:99bb:d6d3', '25-11-15 13:21');
UPDATE `user_registration` SET `popup_seen` = 'yes'
WHERE `user_id` = 'UQO7EQ';
UPDATE `user_registration` SET `popup_seen` = 'no'
WHERE `user_id` = 'UQO7EQ';
DELETE FROM `ci_sessions`
WHERE `id` = 'd4e6b4a4b485e03b858dd165dd58b1c4db271737';
UPDATE `ci_sessions` SET `timestamp` = 1763234857, `data` = '__ci_last_regenerate|i:1763234857;id|s:4:\"2425\";user_id|s:6:\"1USKR2\";username|s:12:\"MARIACARIDAD\";sponsor_id|s:6:\"YV2PUQ\";fullname|s:28:\"MARIA CARIDAD BORREGO TORRES\";email|s:22:\"maryborrego6@gmail.com\";phone|s:12:\"+17867688236\";isLogIn|b:1;message|s:36:\"Welcome MARIA CARIDAD BORREGO TORRES\";__ci_vars|a:1:{s:7:\"message\";s:3:\"old\";}'
WHERE `id` = '639ecb91b50e5d5b0cb9324fe0bfc9e751beafef';
UPDATE `user_registration` SET `popup_seen` = 'yes'
WHERE `user_id` = '1USKR2';
INSERT INTO `temp_register` (`post_data`, `date`, `payment_method`, `type`) VALUES ('{\"user_id\":\"1USKR2\",\"card_id\":\"4\",\"card_cost\":\"150\",\"card_value\":\"150\",\"payment_option\":\"stripe\",\"date\":\"2025-11-15 13:28:51\"}', '2025-11-15 13:28:51', 'stripe', 'buy+top_up_card');
UPDATE `temp_register` SET `response` = '{\"stripeToken\":\"tok_1STpBQ2NUoYUjiuucJDr3oO5\",\"stripeTokenType\":\"card\",\"stripeEmail\":\"maryborrego6@gmail.com\"}', `date_modified` = '2025-11-15 13:30:57', `payment_status` = '{\"id\":\"ch_3STpBT2NUoYUjiuu1gF2SkUg\",\"object\":\"charge\",\"amount\":15000,\"amount_captured\":15000,\"amount_refunded\":0,\"application\":null,\"application_fee\":null,\"application_fee_amount\":null,\"balance_transaction\":\"txn_3STpBT2NUoYUjiuu1Sq5cn16\",\"billing_details\":{\"address\":{\"city\":null,\"country\":null,\"line1\":null,\"line2\":null,\"postal_code\":null,\"state\":null},\"email\":null,\"name\":\"maryborrego6@gmail.com\",\"phone\":null,\"tax_id\":null},\"calculated_statement_descriptor\":\"TRAVELEGENDCY LLC\",\"captured\":true,\"created\":1763235055,\"currency\":\"usd\",\"customer\":\"cus_TQgYhrcpQ0NiYj\",\"description\":null,\"destination\":null,\"dispute\":null,\"disputed\":false,\"failure_balance_transaction\":null,\"failure_code\":null,\"failure_message\":null,\"fraud_details\":[],\"invoice\":null,\"livemode\":true,\"metadata\":[],\"on_behalf_of\":null,\"order\":null,\"outcome\":{\"advice_code\":null,\"network_advice_code\":null,\"network_decline_code\":null,\"network_status\":\"approved_by_network\",\"reason\":null,\"risk_level\":\"normal\",\"seller_message\":\"Payment complete.\",\"type\":\"authorized\"},\"paid\":true,\"payment_intent\":null,\"payment_method\":\"card_1STpBQ2NUoYUjiuuxZwXBky9\",\"payment_method_details\":{\"card\":{\"amount_authorized\":15000,\"authorization_code\":\"094311\",\"brand\":\"visa\",\"checks\":{\"address_line1_check\":null,\"address_postal_code_check\":null,\"cvc_check\":\"pass\"},\"country\":\"US\",\"exp_month\":6,\"exp_year\":2028,\"extended_authorization\":{\"status\":\"disabled\"},\"fingerprint\":\"JZWvL20Y69y7F8ex\",\"funding\":\"debit\",\"incremental_authorization\":{\"status\":\"unavailable\"},\"installments\":null,\"last4\":\"3112\",\"mandate\":null,\"multicapture\":{\"status\":\"unavailable\"},\"network\":\"visa\",\"network_token\":{\"used\":false},\"network_transaction_id\":\"585319702566911\",\"overcapture\":{\"maximum_amount_capturable\":15000,\"status\":\"unavailable\"},\"regulated_status\":\"regulated\",\"three_d_secure\":null,\"wallet\":null},\"type\":\"card\"},\"receipt_email\":null,\"receipt_number\":null,\"receipt_url\":\"https:\\/\\/pay.stripe.com\\/receipts\\/payment\\/CAcQARoXChVhY2N0XzFRUEFGdjJOVW9ZVWppdXUo8anjyAYyBiMtHxOzVDosFq07cBji7fZqEO0ak8AE3WsqL5B5tX0W6RCwU4S5ZXlY61EBOTiqXCZxBRs\",\"refunded\":false,\"review\":null,\"shipping\":null,\"source\":{\"id\":\"card_1STpBQ2NUoYUjiuuxZwXBky9\",\"object\":\"card\",\"address_city\":null,\"address_country\":null,\"address_line1\":null,\"address_line1_check\":null,\"address_line2\":null,\"address_state\":null,\"address_zip\":null,\"address_zip_check\":null,\"allow_redisplay\":\"unspecified\",\"brand\":\"Visa\",\"country\":\"US\",\"customer\":\"cus_TQgYhrcpQ0NiYj\",\"cvc_check\":\"pass\",\"dynamic_last4\":null,\"email\":null,\"exp_month\":6,\"exp_year\":2028,\"fingerprint\":\"JZWvL20Y69y7F8ex\",\"funding\":\"debit\",\"last4\":\"3112\",\"metadata\":[],\"name\":\"maryborrego6@gmail.com\",\"phone\":null,\"regulated_status\":\"regulated\",\"tokenization_method\":null,\"wallet\":null},\"source_transfer\":null,\"statement_descriptor\":null,\"statement_descriptor_suffix\":null,\"status\":\"succeeded\",\"transfer_data\":null,\"transfer_group\":null}'
WHERE `id` = 1190;
INSERT INTO `card_purchase_history` (`user_id`, `card_id`, `card_cost`, `card_value`, `payment_option`, `date`) VALUES ('1USKR2', '4', '150', '150', 'stripe', '2025-11-15 13:28:51');
UPDATE `user_registration` SET commission_balance = ROUND(commission_balance + 150,2)
WHERE `user_id` = '1USKR2';
UPDATE `user_registration` SET `popup_seen` = 'yes'
WHERE `user_id` = '1USKR2';
UPDATE `user_registration` SET `popup_seen` = 'no'
WHERE `user_id` = '1USKR2';
DELETE FROM `ci_sessions`
WHERE `id` = 'a144f020a62bf168ba40a93742fdfd8f22d11584';
INSERT INTO `login_history` (`user_id`, `device`, `ip_address`, `date`) VALUES ('IYCRUH', 'Mozilla/5.0 (iPhone; CPU iPhone OS 18_6_2 like Mac OS X) AppleWebKit/605.1.15 (KHTML, like Gecko) Version/18.6 Mobile/15E148 Safari/604.1', '2600:1700:4c04:4240:3566:9d66:484e:19d', '25-11-15 13:31');
UPDATE `user_registration` SET `popup_seen` = 'yes'
WHERE `user_id` = 'IYCRUH';
UPDATE `user_registration` SET `popup_seen` = 'no'
WHERE `user_id` = 'IYCRUH';
DELETE FROM `ci_sessions`
WHERE `id` = '74cbcc143051bf0552ddd3d9231fd251e8bc53a1';
INSERT INTO `login_history` (`user_id`, `device`, `ip_address`, `date`) VALUES ('J382ZU', 'Mozilla/5.0 (Windows NT 10.0; Win64; x64) AppleWebKit/537.36 (KHTML, like Gecko) Chrome/142.0.0.0 Safari/537.36', '2600:1700:3960:fd00:501f:69ee:7f21:f349', '25-11-15 14:02');
UPDATE `user_registration` SET `popup_seen` = 'yes'
WHERE `user_id` = 'J382ZU';
INSERT INTO `login_history` (`user_id`, `device`, `ip_address`, `date`) VALUES ('UQO7EQ', 'Mozilla/5.0 (Linux; Android 10; K) AppleWebKit/537.36 (KHTML, like Gecko) Chrome/142.0.0.0 Mobile Safari/537.36', '2607:fb91:c32:48ce:21ed:3ee:9611:6553', '25-11-15 14:11');
UPDATE `user_registration` SET `popup_seen` = 'yes'
WHERE `user_id` = 'UQO7EQ';
UPDATE `user_registration` SET `popup_seen` = 'no'
WHERE `user_id` = 'UQO7EQ';
DELETE FROM `ci_sessions`
WHERE `id` = '228c5f8b280108144236b1bafce6b461202b2e6c';
UPDATE `ci_sessions` SET `timestamp` = 1763237532, `data` = '__ci_last_regenerate|i:1763237532;id|s:4:\"2457\";user_id|s:6:\"7QBGQ1\";username|s:8:\"LazXio57\";sponsor_id|s:6:\"B5EVHD\";fullname|s:22:\"Lazaro García Suarez \";email|s:21:\"lachy200946@gmail.com\";phone|s:10:\"7864137122\";isLogIn|b:1;'
WHERE `id` = '282ad1d21595d962d8ae83856c50fac8e4da985f';
INSERT INTO `temp_register` (`post_data`, `date`, `payment_method`, `type`) VALUES ('{\"user_id\":\"7QBGQ1\",\"packge_id\":\"8\",\"amount\":\"148.61\",\"value\":\"0\",\"point\":\"0\",\"image\":\"upload\\/benefits_pack_image\\/99a66b849fe5a3cde36d7c389a208455.png\",\"image_id\":\"N\\/A\",\"country\":\"N\\/A\",\"city\":\"N\\/A\",\"available_points\":\"300\",\"conversion_point_rate\":\"1\",\"payment_option\":\"stripe\",\"package_title\":\"Travelegendcy - Encuentro Regional  \",\"date\":\"2025-11-15 14:12:12\",\"type\":\"benefits_event_purchase\",\"full_name\":\"Lazaro Garcia Suarez\",\"phone\":\"7864137122\",\"email\":\"lachy200946@gmail.com\",\"quantity\":\"4\"}', '2025-11-15 14:12:12', 'stripe', 'benefits_event_purchase');
UPDATE `temp_register` SET `response` = '{\"stripeToken\":\"tok_1STpr62NUoYUjiuupweFChOy\",\"stripeTokenType\":\"card\",\"stripeEmail\":\"lachy200946@gmail.com\"}', `date_modified` = '2025-11-15 14:14:01', `payment_status` = '{\"id\":\"ch_3STprA2NUoYUjiuu1i8d2e2Q\",\"object\":\"charge\",\"amount\":14861,\"amount_captured\":14861,\"amount_refunded\":0,\"application\":null,\"application_fee\":null,\"application_fee_amount\":null,\"balance_transaction\":\"txn_3STprA2NUoYUjiuu1Jqqmlay\",\"billing_details\":{\"address\":{\"city\":null,\"country\":null,\"line1\":null,\"line2\":null,\"postal_code\":null,\"state\":null},\"email\":null,\"name\":\"lachy200946@gmail.com\",\"phone\":null,\"tax_id\":null},\"calculated_statement_descriptor\":\"TRAVELEGENDCY LLC\",\"captured\":true,\"created\":1763237640,\"currency\":\"usd\",\"customer\":\"cus_TQhFHDYZeqlEqO\",\"description\":null,\"destination\":null,\"dispute\":null,\"disputed\":false,\"failure_balance_transaction\":null,\"failure_code\":null,\"failure_message\":null,\"fraud_details\":[],\"invoice\":null,\"livemode\":true,\"metadata\":{\"name\":\" \"},\"on_behalf_of\":null,\"order\":null,\"outcome\":{\"advice_code\":null,\"network_advice_code\":null,\"network_decline_code\":null,\"network_status\":\"approved_by_network\",\"reason\":null,\"risk_level\":\"normal\",\"seller_message\":\"Payment complete.\",\"type\":\"authorized\"},\"paid\":true,\"payment_intent\":null,\"payment_method\":\"card_1STpr62NUoYUjiuum0pG2Xka\",\"payment_method_details\":{\"card\":{\"amount_authorized\":14861,\"authorization_code\":\"191347\",\"brand\":\"visa\",\"checks\":{\"address_line1_check\":null,\"address_postal_code_check\":null,\"cvc_check\":\"pass\"},\"country\":\"US\",\"exp_month\":5,\"exp_year\":2029,\"extended_authorization\":{\"status\":\"disabled\"},\"fingerprint\":\"XdfrnJBBu7nqBeDA\",\"funding\":\"debit\",\"incremental_authorization\":{\"status\":\"unavailable\"},\"installments\":null,\"last4\":\"4095\",\"mandate\":null,\"multicapture\":{\"status\":\"unavailable\"},\"network\":\"visa\",\"network_token\":{\"used\":true},\"network_transaction_id\":\"385319728407339\",\"overcapture\":{\"maximum_amount_capturable\":14861,\"status\":\"unavailable\"},\"regulated_status\":\"regulated\",\"three_d_secure\":null,\"wallet\":null},\"type\":\"card\"},\"receipt_email\":null,\"receipt_number\":null,\"receipt_url\":\"https:\\/\\/pay.stripe.com\\/receipts\\/payment\\/CAcQARoXChVhY2N0XzFRUEFGdjJOVW9ZVWppdXUoib7jyAYyBvJuWQYZkTosFrAc38enOFvUbN6EjOuAWVSFG6A9bBgiNZbYt7iJDmuHzMEbH2msSiLOGE0\",\"refunded\":false,\"review\":null,\"shipping\":null,\"source\":{\"id\":\"card_1STpr62NUoYUjiuum0pG2Xka\",\"object\":\"card\",\"address_city\":null,\"address_country\":null,\"address_line1\":null,\"address_line1_check\":null,\"address_line2\":null,\"address_state\":null,\"address_zip\":null,\"address_zip_check\":null,\"allow_redisplay\":\"unspecified\",\"brand\":\"Visa\",\"country\":\"US\",\"customer\":\"cus_TQhFHDYZeqlEqO\",\"cvc_check\":\"pass\",\"dynamic_last4\":null,\"email\":null,\"exp_month\":5,\"exp_year\":2029,\"fingerprint\":\"XdfrnJBBu7nqBeDA\",\"funding\":\"debit\",\"last4\":\"4095\",\"metadata\":[],\"name\":\"lachy200946@gmail.com\",\"phone\":null,\"regulated_status\":\"regulated\",\"tokenization_method\":null,\"wallet\":null},\"source_transfer\":null,\"statement_descriptor\":null,\"statement_descriptor_suffix\":null,\"status\":\"succeeded\",\"transfer_data\":null,\"transfer_group\":null}'
WHERE `id` = 1191;
INSERT INTO `benefits_pack_purchase_history` (`user_id`, `packge_id`, `amount`, `value`, `point`, `image`, `image_id`, `country`, `city`, `available_points`, `conversion_point_rate`, `payment_option`, `package_title`, `date`, `type`, `full_name`, `phone`, `email`, `quantity`) VALUES ('7QBGQ1', '8', '148.61', '0', '0', 'upload/benefits_pack_image/99a66b849fe5a3cde36d7c389a208455.png', 'N/A', 'N/A', 'N/A', '300', '1', 'stripe', 'Travelegendcy - Encuentro Regional  ', '2025-11-15 14:12:12', 'benefits_event_purchase', 'Lazaro Garcia Suarez', '7864137122', 'lachy200946@gmail.com', '4');
UPDATE `ci_sessions` SET `timestamp` = 1763237844, `data` = '__ci_last_regenerate|i:1763237844;id|s:4:\"2470\";user_id|s:6:\"J382ZU\";username|s:9:\"IslaideFG\";sponsor_id|s:6:\"PXOKY7\";fullname|s:16:\"Islaide Fournier\";email|s:19:\"islaidefg@gmail.com\";phone|s:10:\"7864866056\";isLogIn|b:1;'
WHERE `id` = '68807a2cf0894ff14c60249fe865ace6576866f3';
UPDATE `user_registration` SET `popup_seen` = 'yes'
WHERE `user_id` = 'J382ZU';
INSERT INTO `login_history` (`user_id`, `device`, `ip_address`, `date`) VALUES ('7QBGQ1', 'Mozilla/5.0 (iPhone; CPU iPhone OS 18_7 like Mac OS X) AppleWebKit/605.1.15 (KHTML, like Gecko) Version/26.0.1 Mobile/15E148 Safari/604.1', '2600:1702:790:2540:c8b0:82e1:8597:a2d5', '25-11-15 14:43');
UPDATE `user_registration` SET `popup_seen` = 'yes'
WHERE `user_id` = '7QBGQ1';
INSERT INTO `login_history` (`user_id`, `device`, `ip_address`, `date`) VALUES ('K55EDD', 'Mozilla/5.0 (Macintosh; Intel Mac OS X 10_15_7) AppleWebKit/605.1.15 (KHTML, like Gecko) Version/18.5 Safari/605.1.15', '2600:1702:59d2:17f0:f53b:f115:2aad:43d1', '25-11-15 14:58');
UPDATE `user_registration` SET `popup_seen` = 'yes'
WHERE `user_id` = 'K55EDD';
UPDATE `ci_sessions` SET `timestamp` = 1763240723, `data` = '__ci_last_regenerate|i:1763240723;id|s:4:\"2052\";user_id|s:6:\"K55EDD\";username|s:10:\"Varadero20\";sponsor_id|s:6:\"UQO7EQ\";fullname|s:10:\"Luis Perez\";email|s:20:\"luison1060@gmail.com\";phone|s:10:\"7864020891\";isLogIn|b:1;'
WHERE `id` = 'bea9803a59fe18a69cad2ea80020ce0bff50bbba';
UPDATE `user_registration` SET `password` = '2907ee99b8a8601e04aa3c6ce0ecb1a1'
WHERE `user_id` = 'K55EDD';
UPDATE `user_registration` SET `popup_seen` = 'no'
WHERE `user_id` = 'K55EDD';
DELETE FROM `ci_sessions`
WHERE `id` = 'cb039ee98006fb79869c85d1e32417d2232b686b';
INSERT INTO `login_history` (`user_id`, `device`, `ip_address`, `date`) VALUES ('K55EDD', 'Mozilla/5.0 (Macintosh; Intel Mac OS X 10_15_7) AppleWebKit/605.1.15 (KHTML, like Gecko) Version/18.5 Safari/605.1.15', '2600:1702:59d2:17f0:f53b:f115:2aad:43d1', '25-11-15 15:07');
UPDATE `user_registration` SET `popup_seen` = 'yes'
WHERE `user_id` = 'K55EDD';
INSERT INTO `login_history` (`user_id`, `device`, `ip_address`, `date`) VALUES ('NEXXDG', 'Mozilla/5.0 (iPhone; CPU iPhone OS 18_6_2 like Mac OS X) AppleWebKit/605.1.15 (KHTML, like Gecko) Version/18.6 Mobile/15E148 Safari/604.1', '2607:fb91:19da:c4a7:8ddf:f1dc:ef5d:4573', '25-11-15 15:29');
