UPDATE `user_registration` SET commission_balance = ROUND(commission_balance + 100,2)
WHERE `user_id` = 'S56TH3';
INSERT INTO `earnings` (`user_id`, `Purchaser_id`, `earning_type`, `package_id`, `amount`, `date`, `comments`, `invest_amount`, `comm_perc`, `level`, `rank_id`, `order_id`) VALUES ('admin', '22FABQ', 'Expansion Bonus', '2', 100, '2024-09-26 09:20:05', 'Expansion Bonus', 200, 0, 1, '', 120);
UPDATE `user_registration` SET commission_balance = ROUND(commission_balance + 100,2)
WHERE `user_id` = 'admin';
INSERT INTO `matrix_filling` (`placement_id`, `downline_id`, `level`, `matrix`) VALUES ('BL2EI6', '22FABQ', 1, 1);
UPDATE `bv_updation` SET left_carry = left_carry+50, total_left = total_left+50
WHERE `user_id` = 'BL2EI6';
INSERT INTO `placement_bv_update_history` (`left_carry`, `date`, `from_id`, `user_id`) VALUES ('50', '2024-09-26 09:20:05', '22FABQ', 'BL2EI6');
INSERT INTO `matrix_filling` (`placement_id`, `downline_id`, `level`, `matrix`) VALUES ('GHVYLT', '22FABQ', 2, 1);
UPDATE `bv_updation` SET left_carry = left_carry+50, total_left = total_left+50
WHERE `user_id` = 'GHVYLT';
INSERT INTO `placement_bv_update_history` (`left_carry`, `date`, `from_id`, `user_id`) VALUES ('50', '2024-09-26 09:20:05', '22FABQ', 'GHVYLT');
INSERT INTO `matrix_filling` (`placement_id`, `downline_id`, `level`, `matrix`) VALUES ('CD1WCU', '22FABQ', 3, 1);
UPDATE `bv_updation` SET left_carry = left_carry+50, total_left = total_left+50
WHERE `user_id` = 'CD1WCU';
INSERT INTO `placement_bv_update_history` (`left_carry`, `date`, `from_id`, `user_id`) VALUES ('50', '2024-09-26 09:20:05', '22FABQ', 'CD1WCU');
INSERT INTO `matrix_filling` (`placement_id`, `downline_id`, `level`, `matrix`) VALUES ('DVUB2W', '22FABQ', 4, 1);
UPDATE `bv_updation` SET left_carry = left_carry+50, total_left = total_left+50
WHERE `user_id` = 'DVUB2W';
INSERT INTO `placement_bv_update_history` (`left_carry`, `date`, `from_id`, `user_id`) VALUES ('50', '2024-09-26 09:20:05', '22FABQ', 'DVUB2W');
INSERT INTO `matrix_filling` (`placement_id`, `downline_id`, `level`, `matrix`) VALUES ('I39CTH', '22FABQ', 5, 1);
UPDATE `bv_updation` SET left_carry = left_carry+50, total_left = total_left+50
WHERE `user_id` = 'I39CTH';
INSERT INTO `placement_bv_update_history` (`left_carry`, `date`, `from_id`, `user_id`) VALUES ('50', '2024-09-26 09:20:05', '22FABQ', 'I39CTH');
INSERT INTO `matrix_filling` (`placement_id`, `downline_id`, `level`, `matrix`) VALUES ('CUUVU7', '22FABQ', 6, 1);
INSERT INTO `matrix_filling` (`placement_id`, `downline_id`, `level`, `matrix`) VALUES ('HI62BI', '22FABQ', 7, 1);
INSERT INTO `matrix_filling` (`placement_id`, `downline_id`, `level`, `matrix`) VALUES ('1FFFBU', '22FABQ', 8, 1);
UPDATE `bv_updation` SET right_carry = right_carry+50, total_right = total_right+50
WHERE `user_id` = '1FFFBU';
INSERT INTO `placement_bv_update_history` (`right_carry`, `date`, `from_id`, `user_id`) VALUES ('50', '2024-09-26 09:20:05', '22FABQ', '1FFFBU');
INSERT INTO `matrix_filling` (`placement_id`, `downline_id`, `level`, `matrix`) VALUES ('J4CGUT', '22FABQ', 9, 1);
UPDATE `bv_updation` SET left_carry = left_carry+50, total_left = total_left+50
WHERE `user_id` = 'J4CGUT';
INSERT INTO `placement_bv_update_history` (`left_carry`, `date`, `from_id`, `user_id`) VALUES ('50', '2024-09-26 09:20:05', '22FABQ', 'J4CGUT');
INSERT INTO `matrix_filling` (`placement_id`, `downline_id`, `level`, `matrix`) VALUES ('S1RTX3', '22FABQ', 10, 1);
UPDATE `bv_updation` SET left_carry = left_carry+50, total_left = total_left+50
WHERE `user_id` = 'S1RTX3';
INSERT INTO `placement_bv_update_history` (`left_carry`, `date`, `from_id`, `user_id`) VALUES ('50', '2024-09-26 09:20:05', '22FABQ', 'S1RTX3');
INSERT INTO `matrix_filling` (`placement_id`, `downline_id`, `level`, `matrix`) VALUES ('I8YWQA', '22FABQ', 11, 1);
UPDATE `bv_updation` SET left_carry = left_carry+50, total_left = total_left+50
WHERE `user_id` = 'I8YWQA';
INSERT INTO `placement_bv_update_history` (`left_carry`, `date`, `from_id`, `user_id`) VALUES ('50', '2024-09-26 09:20:05', '22FABQ', 'I8YWQA');
INSERT INTO `matrix_filling` (`placement_id`, `downline_id`, `level`, `matrix`) VALUES ('I3MZBU', '22FABQ', 12, 1);
UPDATE `bv_updation` SET left_carry = left_carry+50, total_left = total_left+50
WHERE `user_id` = 'I3MZBU';
INSERT INTO `placement_bv_update_history` (`left_carry`, `date`, `from_id`, `user_id`) VALUES ('50', '2024-09-26 09:20:05', '22FABQ', 'I3MZBU');
INSERT INTO `matrix_filling` (`placement_id`, `downline_id`, `level`, `matrix`) VALUES ('H2I33O', '22FABQ', 13, 1);
UPDATE `bv_updation` SET left_carry = left_carry+50, total_left = total_left+50
WHERE `user_id` = 'H2I33O';
INSERT INTO `placement_bv_update_history` (`left_carry`, `date`, `from_id`, `user_id`) VALUES ('50', '2024-09-26 09:20:05', '22FABQ', 'H2I33O');
INSERT INTO `matrix_filling` (`placement_id`, `downline_id`, `level`, `matrix`) VALUES ('AL7XWH', '22FABQ', 14, 1);
UPDATE `bv_updation` SET left_carry = left_carry+50, total_left = total_left+50
WHERE `user_id` = 'AL7XWH';
INSERT INTO `placement_bv_update_history` (`left_carry`, `date`, `from_id`, `user_id`) VALUES ('50', '2024-09-26 09:20:05', '22FABQ', 'AL7XWH');
INSERT INTO `matrix_filling` (`placement_id`, `downline_id`, `level`, `matrix`) VALUES ('HFZ9SA', '22FABQ', 15, 1);
UPDATE `bv_updation` SET left_carry = left_carry+50, total_left = total_left+50
WHERE `user_id` = 'HFZ9SA';
INSERT INTO `placement_bv_update_history` (`left_carry`, `date`, `from_id`, `user_id`) VALUES ('50', '2024-09-26 09:20:05', '22FABQ', 'HFZ9SA');
INSERT INTO `matrix_filling` (`placement_id`, `downline_id`, `level`, `matrix`) VALUES ('A2MTZ3', '22FABQ', 16, 1);
UPDATE `bv_updation` SET left_carry = left_carry+50, total_left = total_left+50
WHERE `user_id` = 'A2MTZ3';
INSERT INTO `placement_bv_update_history` (`left_carry`, `date`, `from_id`, `user_id`) VALUES ('50', '2024-09-26 09:20:05', '22FABQ', 'A2MTZ3');
INSERT INTO `matrix_filling` (`placement_id`, `downline_id`, `level`, `matrix`) VALUES ('RUEKCW', '22FABQ', 17, 1);
UPDATE `bv_updation` SET left_carry = left_carry+50, total_left = total_left+50
WHERE `user_id` = 'RUEKCW';
INSERT INTO `placement_bv_update_history` (`left_carry`, `date`, `from_id`, `user_id`) VALUES ('50', '2024-09-26 09:20:05', '22FABQ', 'RUEKCW');
INSERT INTO `matrix_filling` (`placement_id`, `downline_id`, `level`, `matrix`) VALUES ('K3GTG4', '22FABQ', 18, 1);
UPDATE `bv_updation` SET left_carry = left_carry+50, total_left = total_left+50
WHERE `user_id` = 'K3GTG4';
INSERT INTO `placement_bv_update_history` (`left_carry`, `date`, `from_id`, `user_id`) VALUES ('50', '2024-09-26 09:20:05', '22FABQ', 'K3GTG4');
INSERT INTO `matrix_filling` (`placement_id`, `downline_id`, `level`, `matrix`) VALUES ('I1TUBN', '22FABQ', 19, 1);
UPDATE `bv_updation` SET left_carry = left_carry+50, total_left = total_left+50
WHERE `user_id` = 'I1TUBN';
INSERT INTO `placement_bv_update_history` (`left_carry`, `date`, `from_id`, `user_id`) VALUES ('50', '2024-09-26 09:20:05', '22FABQ', 'I1TUBN');
INSERT INTO `matrix_filling` (`placement_id`, `downline_id`, `level`, `matrix`) VALUES ('BAUCCU', '22FABQ', 20, 1);
UPDATE `bv_updation` SET left_carry = left_carry+50, total_left = total_left+50
WHERE `user_id` = 'BAUCCU';
INSERT INTO `placement_bv_update_history` (`left_carry`, `date`, `from_id`, `user_id`) VALUES ('50', '2024-09-26 09:20:05', '22FABQ', 'BAUCCU');
INSERT INTO `matrix_filling` (`placement_id`, `downline_id`, `level`, `matrix`) VALUES ('62QO97', '22FABQ', 21, 1);
UPDATE `bv_updation` SET left_carry = left_carry+50, total_left = total_left+50
WHERE `user_id` = '62QO97';
INSERT INTO `placement_bv_update_history` (`left_carry`, `date`, `from_id`, `user_id`) VALUES ('50', '2024-09-26 09:20:05', '22FABQ', '62QO97');
INSERT INTO `matrix_filling` (`placement_id`, `downline_id`, `level`, `matrix`) VALUES ('OHLQEO', '22FABQ', 22, 1);
UPDATE `bv_updation` SET left_carry = left_carry+50, total_left = total_left+50
WHERE `user_id` = 'OHLQEO';
INSERT INTO `placement_bv_update_history` (`left_carry`, `date`, `from_id`, `user_id`) VALUES ('50', '2024-09-26 09:20:05', '22FABQ', 'OHLQEO');
INSERT INTO `matrix_filling` (`placement_id`, `downline_id`, `level`, `matrix`) VALUES ('7APFKG', '22FABQ', 23, 1);
UPDATE `bv_updation` SET left_carry = left_carry+50, total_left = total_left+50
WHERE `user_id` = '7APFKG';
INSERT INTO `placement_bv_update_history` (`left_carry`, `date`, `from_id`, `user_id`) VALUES ('50', '2024-09-26 09:20:05', '22FABQ', '7APFKG');
INSERT INTO `matrix_filling` (`placement_id`, `downline_id`, `level`, `matrix`) VALUES ('Q2Q92Y', '22FABQ', 24, 1);
UPDATE `bv_updation` SET left_carry = left_carry+50, total_left = total_left+50
WHERE `user_id` = 'Q2Q92Y';
INSERT INTO `placement_bv_update_history` (`left_carry`, `date`, `from_id`, `user_id`) VALUES ('50', '2024-09-26 09:20:05', '22FABQ', 'Q2Q92Y');
INSERT INTO `matrix_filling` (`placement_id`, `downline_id`, `level`, `matrix`) VALUES ('E9ITRC', '22FABQ', 25, 1);
UPDATE `bv_updation` SET left_carry = left_carry+50, total_left = total_left+50
WHERE `user_id` = 'E9ITRC';
INSERT INTO `placement_bv_update_history` (`left_carry`, `date`, `from_id`, `user_id`) VALUES ('50', '2024-09-26 09:20:05', '22FABQ', 'E9ITRC');
INSERT INTO `matrix_filling` (`placement_id`, `downline_id`, `level`, `matrix`) VALUES ('7COKBB', '22FABQ', 26, 1);
UPDATE `bv_updation` SET left_carry = left_carry+50, total_left = total_left+50
WHERE `user_id` = '7COKBB';
INSERT INTO `placement_bv_update_history` (`left_carry`, `date`, `from_id`, `user_id`) VALUES ('50', '2024-09-26 09:20:05', '22FABQ', '7COKBB');
INSERT INTO `matrix_filling` (`placement_id`, `downline_id`, `level`, `matrix`) VALUES ('BDNS17', '22FABQ', 27, 1);
UPDATE `bv_updation` SET left_carry = left_carry+50, total_left = total_left+50
WHERE `user_id` = 'BDNS17';
INSERT INTO `placement_bv_update_history` (`left_carry`, `date`, `from_id`, `user_id`) VALUES ('50', '2024-09-26 09:20:05', '22FABQ', 'BDNS17');
INSERT INTO `matrix_filling` (`placement_id`, `downline_id`, `level`, `matrix`) VALUES ('7ZXRRE', '22FABQ', 28, 1);
UPDATE `bv_updation` SET left_carry = left_carry+50, total_left = total_left+50
WHERE `user_id` = '7ZXRRE';
INSERT INTO `placement_bv_update_history` (`left_carry`, `date`, `from_id`, `user_id`) VALUES ('50', '2024-09-26 09:20:05', '22FABQ', '7ZXRRE');
INSERT INTO `matrix_filling` (`placement_id`, `downline_id`, `level`, `matrix`) VALUES ('KLRAF5', '22FABQ', 29, 1);
UPDATE `bv_updation` SET left_carry = left_carry+50, total_left = total_left+50
WHERE `user_id` = 'KLRAF5';
INSERT INTO `placement_bv_update_history` (`left_carry`, `date`, `from_id`, `user_id`) VALUES ('50', '2024-09-26 09:20:05', '22FABQ', 'KLRAF5');
INSERT INTO `matrix_filling` (`placement_id`, `downline_id`, `level`, `matrix`) VALUES ('IFJHZG', '22FABQ', 30, 1);
UPDATE `bv_updation` SET left_carry = left_carry+50, total_left = total_left+50
WHERE `user_id` = 'IFJHZG';
INSERT INTO `placement_bv_update_history` (`left_carry`, `date`, `from_id`, `user_id`) VALUES ('50', '2024-09-26 09:20:05', '22FABQ', 'IFJHZG');
INSERT INTO `matrix_filling` (`placement_id`, `downline_id`, `level`, `matrix`) VALUES ('MXUV8Q', '22FABQ', 31, 1);
UPDATE `bv_updation` SET left_carry = left_carry+50, total_left = total_left+50
WHERE `user_id` = 'MXUV8Q';
INSERT INTO `placement_bv_update_history` (`left_carry`, `date`, `from_id`, `user_id`) VALUES ('50', '2024-09-26 09:20:05', '22FABQ', 'MXUV8Q');
INSERT INTO `matrix_filling` (`placement_id`, `downline_id`, `level`, `matrix`) VALUES ('GGM164', '22FABQ', 32, 1);
UPDATE `bv_updation` SET left_carry = left_carry+50, total_left = total_left+50
WHERE `user_id` = 'GGM164';
INSERT INTO `placement_bv_update_history` (`left_carry`, `date`, `from_id`, `user_id`) VALUES ('50', '2024-09-26 09:20:05', '22FABQ', 'GGM164');
INSERT INTO `matrix_filling` (`placement_id`, `downline_id`, `level`, `matrix`) VALUES ('3NKIEX', '22FABQ', 33, 1);
UPDATE `bv_updation` SET left_carry = left_carry+50, total_left = total_left+50
WHERE `user_id` = '3NKIEX';
INSERT INTO `placement_bv_update_history` (`left_carry`, `date`, `from_id`, `user_id`) VALUES ('50', '2024-09-26 09:20:05', '22FABQ', '3NKIEX');
INSERT INTO `matrix_filling` (`placement_id`, `downline_id`, `level`, `matrix`) VALUES ('S56TH3', '22FABQ', 34, 1);
UPDATE `bv_updation` SET left_carry = left_carry+50, total_left = total_left+50
WHERE `user_id` = 'S56TH3';
INSERT INTO `placement_bv_update_history` (`left_carry`, `date`, `from_id`, `user_id`) VALUES ('50', '2024-09-26 09:20:05', '22FABQ', 'S56TH3');
INSERT INTO `matrix_filling` (`placement_id`, `downline_id`, `level`, `matrix`) VALUES ('XYG89U', '22FABQ', 35, 1);
UPDATE `bv_updation` SET left_carry = left_carry+50, total_left = total_left+50
WHERE `user_id` = 'XYG89U';
INSERT INTO `placement_bv_update_history` (`left_carry`, `date`, `from_id`, `user_id`) VALUES ('50', '2024-09-26 09:20:05', '22FABQ', 'XYG89U');
INSERT INTO `matrix_filling` (`placement_id`, `downline_id`, `level`, `matrix`) VALUES ('HTFY93', '22FABQ', 36, 1);
UPDATE `bv_updation` SET left_carry = left_carry+50, total_left = total_left+50
WHERE `user_id` = 'HTFY93';
INSERT INTO `placement_bv_update_history` (`left_carry`, `date`, `from_id`, `user_id`) VALUES ('50', '2024-09-26 09:20:05', '22FABQ', 'HTFY93');
INSERT INTO `matrix_filling` (`placement_id`, `downline_id`, `level`, `matrix`) VALUES ('3PR393', '22FABQ', 37, 1);
UPDATE `bv_updation` SET left_carry = left_carry+50, total_left = total_left+50
WHERE `user_id` = '3PR393';
INSERT INTO `placement_bv_update_history` (`left_carry`, `date`, `from_id`, `user_id`) VALUES ('50', '2024-09-26 09:20:05', '22FABQ', '3PR393');
INSERT INTO `matrix_filling` (`placement_id`, `downline_id`, `level`, `matrix`) VALUES ('T3MRY1', '22FABQ', 38, 1);
UPDATE `bv_updation` SET left_carry = left_carry+50, total_left = total_left+50
WHERE `user_id` = 'T3MRY1';
INSERT INTO `placement_bv_update_history` (`left_carry`, `date`, `from_id`, `user_id`) VALUES ('50', '2024-09-26 09:20:05', '22FABQ', 'T3MRY1');
INSERT INTO `matrix_filling` (`placement_id`, `downline_id`, `level`, `matrix`) VALUES ('GTMCCK', '22FABQ', 39, 1);
UPDATE `bv_updation` SET left_carry = left_carry+50, total_left = total_left+50
WHERE `user_id` = 'GTMCCK';
INSERT INTO `placement_bv_update_history` (`left_carry`, `date`, `from_id`, `user_id`) VALUES ('50', '2024-09-26 09:20:05', '22FABQ', 'GTMCCK');
INSERT INTO `matrix_filling` (`placement_id`, `downline_id`, `level`, `matrix`) VALUES ('DLYMIF', '22FABQ', 40, 1);
UPDATE `bv_updation` SET left_carry = left_carry+50, total_left = total_left+50
WHERE `user_id` = 'DLYMIF';
INSERT INTO `placement_bv_update_history` (`left_carry`, `date`, `from_id`, `user_id`) VALUES ('50', '2024-09-26 09:20:05', '22FABQ', 'DLYMIF');
INSERT INTO `matrix_filling` (`placement_id`, `downline_id`, `level`, `matrix`) VALUES ('WGJ5KE', '22FABQ', 41, 1);
UPDATE `bv_updation` SET left_carry = left_carry+50, total_left = total_left+50
WHERE `user_id` = 'WGJ5KE';
INSERT INTO `placement_bv_update_history` (`left_carry`, `date`, `from_id`, `user_id`) VALUES ('50', '2024-09-26 09:20:05', '22FABQ', 'WGJ5KE');
INSERT INTO `matrix_filling` (`placement_id`, `downline_id`, `level`, `matrix`) VALUES ('ORRJ3M', '22FABQ', 42, 1);
UPDATE `bv_updation` SET left_carry = left_carry+50, total_left = total_left+50
WHERE `user_id` = 'ORRJ3M';
INSERT INTO `placement_bv_update_history` (`left_carry`, `date`, `from_id`, `user_id`) VALUES ('50', '2024-09-26 09:20:05', '22FABQ', 'ORRJ3M');
INSERT INTO `matrix_filling` (`placement_id`, `downline_id`, `level`, `matrix`) VALUES ('AA8V6V', '22FABQ', 43, 1);
UPDATE `bv_updation` SET left_carry = left_carry+50, total_left = total_left+50
WHERE `user_id` = 'AA8V6V';
INSERT INTO `placement_bv_update_history` (`left_carry`, `date`, `from_id`, `user_id`) VALUES ('50', '2024-09-26 09:20:05', '22FABQ', 'AA8V6V');
INSERT INTO `matrix_filling` (`placement_id`, `downline_id`, `level`, `matrix`) VALUES ('61ME4O', '22FABQ', 44, 1);
UPDATE `bv_updation` SET left_carry = left_carry+50, total_left = total_left+50
WHERE `user_id` = '61ME4O';
INSERT INTO `placement_bv_update_history` (`left_carry`, `date`, `from_id`, `user_id`) VALUES ('50', '2024-09-26 09:20:05', '22FABQ', '61ME4O');
INSERT INTO `matrix_filling` (`placement_id`, `downline_id`, `level`, `matrix`) VALUES ('WS1SZZ', '22FABQ', 45, 1);
UPDATE `bv_updation` SET left_carry = left_carry+50, total_left = total_left+50
WHERE `user_id` = 'WS1SZZ';
INSERT INTO `placement_bv_update_history` (`left_carry`, `date`, `from_id`, `user_id`) VALUES ('50', '2024-09-26 09:20:05', '22FABQ', 'WS1SZZ');
INSERT INTO `matrix_filling` (`placement_id`, `downline_id`, `level`, `matrix`) VALUES ('TBN4MZ', '22FABQ', 46, 1);
UPDATE `bv_updation` SET left_carry = left_carry+50, total_left = total_left+50
WHERE `user_id` = 'TBN4MZ';
INSERT INTO `placement_bv_update_history` (`left_carry`, `date`, `from_id`, `user_id`) VALUES ('50', '2024-09-26 09:20:05', '22FABQ', 'TBN4MZ');
INSERT INTO `matrix_filling` (`placement_id`, `downline_id`, `level`, `matrix`) VALUES ('OEMJ8R', '22FABQ', 47, 1);
UPDATE `bv_updation` SET left_carry = left_carry+50, total_left = total_left+50
WHERE `user_id` = 'OEMJ8R';
INSERT INTO `placement_bv_update_history` (`left_carry`, `date`, `from_id`, `user_id`) VALUES ('50', '2024-09-26 09:20:05', '22FABQ', 'OEMJ8R');
INSERT INTO `matrix_filling` (`placement_id`, `downline_id`, `level`, `matrix`) VALUES ('FXAYIE', '22FABQ', 48, 1);
UPDATE `bv_updation` SET left_carry = left_carry+50, total_left = total_left+50
WHERE `user_id` = 'FXAYIE';
INSERT INTO `placement_bv_update_history` (`left_carry`, `date`, `from_id`, `user_id`) VALUES ('50', '2024-09-26 09:20:05', '22FABQ', 'FXAYIE');
INSERT INTO `matrix_filling` (`placement_id`, `downline_id`, `level`, `matrix`) VALUES ('ELXZWC', '22FABQ', 49, 1);
UPDATE `bv_updation` SET left_carry = left_carry+50, total_left = total_left+50
WHERE `user_id` = 'ELXZWC';
INSERT INTO `placement_bv_update_history` (`left_carry`, `date`, `from_id`, `user_id`) VALUES ('50', '2024-09-26 09:20:05', '22FABQ', 'ELXZWC');
INSERT INTO `matrix_filling` (`placement_id`, `downline_id`, `level`, `matrix`) VALUES ('C1TQVI', '22FABQ', 50, 1);
UPDATE `bv_updation` SET left_carry = left_carry+50, total_left = total_left+50
WHERE `user_id` = 'C1TQVI';
INSERT INTO `placement_bv_update_history` (`left_carry`, `date`, `from_id`, `user_id`) VALUES ('50', '2024-09-26 09:20:05', '22FABQ', 'C1TQVI');
INSERT INTO `matrix_filling` (`placement_id`, `downline_id`, `level`, `matrix`) VALUES ('F5GPDF', '22FABQ', 51, 1);
UPDATE `bv_updation` SET left_carry = left_carry+50, total_left = total_left+50
WHERE `user_id` = 'F5GPDF';
INSERT INTO `placement_bv_update_history` (`left_carry`, `date`, `from_id`, `user_id`) VALUES ('50', '2024-09-26 09:20:05', '22FABQ', 'F5GPDF');
INSERT INTO `matrix_filling` (`placement_id`, `downline_id`, `level`, `matrix`) VALUES ('91PYDK', '22FABQ', 52, 1);
UPDATE `bv_updation` SET left_carry = left_carry+50, total_left = total_left+50
WHERE `user_id` = '91PYDK';
INSERT INTO `placement_bv_update_history` (`left_carry`, `date`, `from_id`, `user_id`) VALUES ('50', '2024-09-26 09:20:05', '22FABQ', '91PYDK');
INSERT INTO `matrix_filling` (`placement_id`, `downline_id`, `level`, `matrix`) VALUES ('4OT7RX', '22FABQ', 53, 1);
UPDATE `bv_updation` SET left_carry = left_carry+50, total_left = total_left+50
WHERE `user_id` = '4OT7RX';
INSERT INTO `placement_bv_update_history` (`left_carry`, `date`, `from_id`, `user_id`) VALUES ('50', '2024-09-26 09:20:05', '22FABQ', '4OT7RX');
INSERT INTO `matrix_filling` (`placement_id`, `downline_id`, `level`, `matrix`) VALUES ('ZJZA3M', '22FABQ', 54, 1);
UPDATE `bv_updation` SET left_carry = left_carry+50, total_left = total_left+50
WHERE `user_id` = 'ZJZA3M';
INSERT INTO `placement_bv_update_history` (`left_carry`, `date`, `from_id`, `user_id`) VALUES ('50', '2024-09-26 09:20:05', '22FABQ', 'ZJZA3M');
INSERT INTO `matrix_filling` (`placement_id`, `downline_id`, `level`, `matrix`) VALUES ('XN6ETC', '22FABQ', 55, 1);
UPDATE `bv_updation` SET left_carry = left_carry+50, total_left = total_left+50
WHERE `user_id` = 'XN6ETC';
INSERT INTO `placement_bv_update_history` (`left_carry`, `date`, `from_id`, `user_id`) VALUES ('50', '2024-09-26 09:20:05', '22FABQ', 'XN6ETC');
INSERT INTO `matrix_filling` (`placement_id`, `downline_id`, `level`, `matrix`) VALUES ('KVQN1O', '22FABQ', 56, 1);
UPDATE `bv_updation` SET left_carry = left_carry+50, total_left = total_left+50
WHERE `user_id` = 'KVQN1O';
INSERT INTO `placement_bv_update_history` (`left_carry`, `date`, `from_id`, `user_id`) VALUES ('50', '2024-09-26 09:20:05', '22FABQ', 'KVQN1O');
INSERT INTO `matrix_filling` (`placement_id`, `downline_id`, `level`, `matrix`) VALUES ('X3V7DJ', '22FABQ', 57, 1);
UPDATE `bv_updation` SET left_carry = left_carry+50, total_left = total_left+50
WHERE `user_id` = 'X3V7DJ';
INSERT INTO `placement_bv_update_history` (`left_carry`, `date`, `from_id`, `user_id`) VALUES ('50', '2024-09-26 09:20:05', '22FABQ', 'X3V7DJ');
INSERT INTO `matrix_filling` (`placement_id`, `downline_id`, `level`, `matrix`) VALUES ('DJ77NH', '22FABQ', 58, 1);
UPDATE `bv_updation` SET left_carry = left_carry+50, total_left = total_left+50
WHERE `user_id` = 'DJ77NH';
INSERT INTO `placement_bv_update_history` (`left_carry`, `date`, `from_id`, `user_id`) VALUES ('50', '2024-09-26 09:20:05', '22FABQ', 'DJ77NH');
INSERT INTO `matrix_filling` (`placement_id`, `downline_id`, `level`, `matrix`) VALUES ('PX7XCL', '22FABQ', 59, 1);
UPDATE `bv_updation` SET left_carry = left_carry+50, total_left = total_left+50
WHERE `user_id` = 'PX7XCL';
INSERT INTO `placement_bv_update_history` (`left_carry`, `date`, `from_id`, `user_id`) VALUES ('50', '2024-09-26 09:20:05', '22FABQ', 'PX7XCL');
INSERT INTO `matrix_filling` (`placement_id`, `downline_id`, `level`, `matrix`) VALUES ('L8PM4Z', '22FABQ', 60, 1);
UPDATE `bv_updation` SET left_carry = left_carry+50, total_left = total_left+50
WHERE `user_id` = 'L8PM4Z';
INSERT INTO `placement_bv_update_history` (`left_carry`, `date`, `from_id`, `user_id`) VALUES ('50', '2024-09-26 09:20:05', '22FABQ', 'L8PM4Z');
INSERT INTO `matrix_filling` (`placement_id`, `downline_id`, `level`, `matrix`) VALUES ('GBSIER', '22FABQ', 61, 1);
UPDATE `bv_updation` SET left_carry = left_carry+50, total_left = total_left+50
WHERE `user_id` = 'GBSIER';
INSERT INTO `placement_bv_update_history` (`left_carry`, `date`, `from_id`, `user_id`) VALUES ('50', '2024-09-26 09:20:05', '22FABQ', 'GBSIER');
INSERT INTO `matrix_filling` (`placement_id`, `downline_id`, `level`, `matrix`) VALUES ('AV48YQ', '22FABQ', 62, 1);
UPDATE `bv_updation` SET left_carry = left_carry+50, total_left = total_left+50
WHERE `user_id` = 'AV48YQ';
INSERT INTO `placement_bv_update_history` (`left_carry`, `date`, `from_id`, `user_id`) VALUES ('50', '2024-09-26 09:20:05', '22FABQ', 'AV48YQ');
INSERT INTO `matrix_filling` (`placement_id`, `downline_id`, `level`, `matrix`) VALUES ('admin', '22FABQ', 63, 1);
INSERT INTO `package_purchase_history` (`user_id`, `package_id`, `reg_fee`, `package_name`, `monthly_fee`, `type`, `date`, `payment_option`) VALUES ('22FABQ', '2', '595', 'Traveler Pro', '150', 'sign_up', '2024-09-26 09:20:05', 'free');
UPDATE `user_registration` SET `popup_seen` = 'yes'
WHERE `user_id` = 'HI62BI';
UPDATE `user_registration` SET `uid` = '2554', `user_id` = 'Y5UHMF', `username` = 'claudia7', `sponsor_id` = '1FFFBU', `vacant` = 'no', `f_name` = 'Claudia', `l_name` = 'Pisana', `address` = '8100 sw 14 terr', `position` = 'left', `email` = 'claudia7@gmail.com', `password` = 'f9505a4a7ea5c7575e30b52b1f7ddb3b', `phone` = '7862876762', `country` = 'United States', `state` = 'Florida', `city` = 'Miami', `street` = '8100 sw 14 terr', `zip_code` = '33144', `reg_ip` = '172.70.83.106', `status` = 1, `package_id` = '2', `rank_id` = 1, `highest_rank` = 1, `created` = '2024-09-26 09:21:18', `subscription_date` = '2024-10-26', `google_secret` = 'ME5VYN6GTVVVHXTK'
WHERE `uid` = '2554';
INSERT INTO `user_registration` (`uid`, `user_id`, `username`, `sponsor_id`, `placement_id`, `vacant`, `f_name`, `l_name`, `address`, `position`, `email`, `password`, `phone`, `reg_ip`, `status`, `created`) VALUES (NULL, 'VZHNCI', 'SmLsglKM', 'Y5UHMF', 'Y5UHMF', 'yes', '', '', '', 'left', '@mail.com', '', '', '', 0, '2024-09-26 09:21:18');
INSERT INTO `user_registration` (`uid`, `user_id`, `username`, `sponsor_id`, `placement_id`, `vacant`, `f_name`, `l_name`, `address`, `position`, `email`, `password`, `phone`, `reg_ip`, `status`, `created`) VALUES (NULL, 'TFDRJP', 'PcKwHySE', 'Y5UHMF', 'Y5UHMF', 'yes', '', '', '', 'right', '@mail.com', '', '', '', 0, '2024-09-26 09:21:18');
INSERT INTO `bv_updation` (`user_id`) VALUES ('Y5UHMF');
UPDATE `user_registration` SET total_ref_count = total_ref_count+1
WHERE `user_id` = '1FFFBU';
UPDATE `user_registration` SET total_downlines = total_downlines+1
WHERE `user_id` = '6LMTFA';
UPDATE `user_registration` SET left_downlines = left_downlines+1
WHERE `user_id` = '6LMTFA';
UPDATE `user_registration` SET total_downlines = total_downlines+1
WHERE `user_id` = 'B9GZJZ';
UPDATE `user_registration` SET left_downlines = left_downlines+1
WHERE `user_id` = 'B9GZJZ';
UPDATE `user_registration` SET total_downlines = total_downlines+1
WHERE `user_id` = 'VTD8AZ';
UPDATE `user_registration` SET left_downlines = left_downlines+1
WHERE `user_id` = 'VTD8AZ';
UPDATE `user_registration` SET total_downlines = total_downlines+1
WHERE `user_id` = '3UB84P';
UPDATE `user_registration` SET left_downlines = left_downlines+1
WHERE `user_id` = '3UB84P';
UPDATE `user_registration` SET total_downlines = total_downlines+1
WHERE `user_id` = 'MFMD6M';
UPDATE `user_registration` SET left_downlines = left_downlines+1
WHERE `user_id` = 'MFMD6M';
UPDATE `user_registration` SET total_downlines = total_downlines+1
WHERE `user_id` = '97QHYG';
UPDATE `user_registration` SET left_downlines = left_downlines+1
WHERE `user_id` = '97QHYG';
UPDATE `user_registration` SET total_downlines = total_downlines+1
WHERE `user_id` = 'IW5GAU';
UPDATE `user_registration` SET left_downlines = left_downlines+1
WHERE `user_id` = 'IW5GAU';
UPDATE `user_registration` SET total_downlines = total_downlines+1
WHERE `user_id` = 'JQ3FLF';
UPDATE `user_registration` SET left_downlines = left_downlines+1
WHERE `user_id` = 'JQ3FLF';
UPDATE `user_registration` SET total_downlines = total_downlines+1
WHERE `user_id` = 'C3N32U';
UPDATE `user_registration` SET left_downlines = left_downlines+1
WHERE `user_id` = 'C3N32U';
UPDATE `user_registration` SET total_downlines = total_downlines+1
WHERE `user_id` = 'MNLXPP';
UPDATE `user_registration` SET left_downlines = left_downlines+1
WHERE `user_id` = 'MNLXPP';
UPDATE `user_registration` SET total_downlines = total_downlines+1
WHERE `user_id` = 'NUPA4K';
UPDATE `user_registration` SET left_downlines = left_downlines+1
WHERE `user_id` = 'NUPA4K';
UPDATE `user_registration` SET total_downlines = total_downlines+1
WHERE `user_id` = '1FFFBU';
UPDATE `user_registration` SET left_downlines = left_downlines+1
WHERE `user_id` = '1FFFBU';
UPDATE `user_registration` SET left_ref_count = left_ref_count+1
WHERE `user_id` = '1FFFBU';
UPDATE `user_registration` SET active_left = active_left+1
WHERE `user_id` = '1FFFBU';
UPDATE `user_registration` SET total_downlines = total_downlines+1
WHERE `user_id` = 'J4CGUT';
UPDATE `user_registration` SET left_downlines = left_downlines+1
WHERE `user_id` = 'J4CGUT';
UPDATE `user_registration` SET total_downlines = total_downlines+1
WHERE `user_id` = 'S1RTX3';
UPDATE `user_registration` SET left_downlines = left_downlines+1
WHERE `user_id` = 'S1RTX3';
UPDATE `user_registration` SET total_downlines = total_downlines+1
WHERE `user_id` = 'I8YWQA';
UPDATE `user_registration` SET left_downlines = left_downlines+1
WHERE `user_id` = 'I8YWQA';
UPDATE `user_registration` SET total_downlines = total_downlines+1
WHERE `user_id` = 'I3MZBU';
UPDATE `user_registration` SET left_downlines = left_downlines+1
WHERE `user_id` = 'I3MZBU';
UPDATE `user_registration` SET total_downlines = total_downlines+1
WHERE `user_id` = 'H2I33O';
UPDATE `user_registration` SET left_downlines = left_downlines+1
WHERE `user_id` = 'H2I33O';
UPDATE `user_registration` SET total_downlines = total_downlines+1
WHERE `user_id` = 'AL7XWH';
UPDATE `user_registration` SET left_downlines = left_downlines+1
WHERE `user_id` = 'AL7XWH';
UPDATE `user_registration` SET total_downlines = total_downlines+1
WHERE `user_id` = 'HFZ9SA';
UPDATE `user_registration` SET left_downlines = left_downlines+1
WHERE `user_id` = 'HFZ9SA';
UPDATE `user_registration` SET total_downlines = total_downlines+1
WHERE `user_id` = 'A2MTZ3';
UPDATE `user_registration` SET left_downlines = left_downlines+1
WHERE `user_id` = 'A2MTZ3';
UPDATE `user_registration` SET total_downlines = total_downlines+1
WHERE `user_id` = 'RUEKCW';
UPDATE `user_registration` SET left_downlines = left_downlines+1
WHERE `user_id` = 'RUEKCW';
UPDATE `user_registration` SET total_downlines = total_downlines+1
WHERE `user_id` = 'K3GTG4';
UPDATE `user_registration` SET left_downlines = left_downlines+1
WHERE `user_id` = 'K3GTG4';
UPDATE `user_registration` SET total_downlines = total_downlines+1
WHERE `user_id` = 'I1TUBN';
UPDATE `user_registration` SET left_downlines = left_downlines+1
WHERE `user_id` = 'I1TUBN';
UPDATE `user_registration` SET total_downlines = total_downlines+1
WHERE `user_id` = 'BAUCCU';
UPDATE `user_registration` SET left_downlines = left_downlines+1
WHERE `user_id` = 'BAUCCU';
UPDATE `user_registration` SET total_downlines = total_downlines+1
WHERE `user_id` = '62QO97';
UPDATE `user_registration` SET left_downlines = left_downlines+1
WHERE `user_id` = '62QO97';
UPDATE `user_registration` SET total_downlines = total_downlines+1
WHERE `user_id` = 'OHLQEO';
UPDATE `user_registration` SET left_downlines = left_downlines+1
WHERE `user_id` = 'OHLQEO';
UPDATE `user_registration` SET total_downlines = total_downlines+1
WHERE `user_id` = '7APFKG';
UPDATE `user_registration` SET left_downlines = left_downlines+1
WHERE `user_id` = '7APFKG';
UPDATE `user_registration` SET total_downlines = total_downlines+1
WHERE `user_id` = 'Q2Q92Y';
UPDATE `user_registration` SET left_downlines = left_downlines+1
WHERE `user_id` = 'Q2Q92Y';
UPDATE `user_registration` SET total_downlines = total_downlines+1
WHERE `user_id` = 'E9ITRC';
UPDATE `user_registration` SET left_downlines = left_downlines+1
WHERE `user_id` = 'E9ITRC';
UPDATE `user_registration` SET total_downlines = total_downlines+1
WHERE `user_id` = '7COKBB';
UPDATE `user_registration` SET left_downlines = left_downlines+1
WHERE `user_id` = '7COKBB';
UPDATE `user_registration` SET total_downlines = total_downlines+1
WHERE `user_id` = 'BDNS17';
UPDATE `user_registration` SET left_downlines = left_downlines+1
WHERE `user_id` = 'BDNS17';
UPDATE `user_registration` SET total_downlines = total_downlines+1
WHERE `user_id` = '7ZXRRE';
UPDATE `user_registration` SET left_downlines = left_downlines+1
WHERE `user_id` = '7ZXRRE';
UPDATE `user_registration` SET total_downlines = total_downlines+1
WHERE `user_id` = 'KLRAF5';
UPDATE `user_registration` SET left_downlines = left_downlines+1
WHERE `user_id` = 'KLRAF5';
UPDATE `user_registration` SET total_downlines = total_downlines+1
WHERE `user_id` = 'IFJHZG';
UPDATE `user_registration` SET left_downlines = left_downlines+1
WHERE `user_id` = 'IFJHZG';
UPDATE `user_registration` SET total_downlines = total_downlines+1
WHERE `user_id` = 'MXUV8Q';
UPDATE `user_registration` SET left_downlines = left_downlines+1
WHERE `user_id` = 'MXUV8Q';
UPDATE `user_registration` SET total_downlines = total_downlines+1
WHERE `user_id` = 'GGM164';
UPDATE `user_registration` SET left_downlines = left_downlines+1
WHERE `user_id` = 'GGM164';
UPDATE `user_registration` SET total_downlines = total_downlines+1
WHERE `user_id` = '3NKIEX';
UPDATE `user_registration` SET left_downlines = left_downlines+1
WHERE `user_id` = '3NKIEX';
UPDATE `user_registration` SET total_downlines = total_downlines+1
WHERE `user_id` = 'S56TH3';
UPDATE `user_registration` SET left_downlines = left_downlines+1
WHERE `user_id` = 'S56TH3';
UPDATE `user_registration` SET total_downlines = total_downlines+1
WHERE `user_id` = 'XYG89U';
UPDATE `user_registration` SET left_downlines = left_downlines+1
WHERE `user_id` = 'XYG89U';
UPDATE `user_registration` SET total_downlines = total_downlines+1
WHERE `user_id` = 'HTFY93';
UPDATE `user_registration` SET left_downlines = left_downlines+1
WHERE `user_id` = 'HTFY93';
UPDATE `user_registration` SET total_downlines = total_downlines+1
WHERE `user_id` = '3PR393';
UPDATE `user_registration` SET left_downlines = left_downlines+1
WHERE `user_id` = '3PR393';
UPDATE `user_registration` SET total_downlines = total_downlines+1
WHERE `user_id` = 'T3MRY1';
UPDATE `user_registration` SET left_downlines = left_downlines+1
WHERE `user_id` = 'T3MRY1';
UPDATE `user_registration` SET total_downlines = total_downlines+1
WHERE `user_id` = 'GTMCCK';
UPDATE `user_registration` SET left_downlines = left_downlines+1
WHERE `user_id` = 'GTMCCK';
UPDATE `user_registration` SET total_downlines = total_downlines+1
WHERE `user_id` = 'DLYMIF';
UPDATE `user_registration` SET left_downlines = left_downlines+1
WHERE `user_id` = 'DLYMIF';
UPDATE `user_registration` SET total_downlines = total_downlines+1
WHERE `user_id` = 'WGJ5KE';
UPDATE `user_registration` SET left_downlines = left_downlines+1
WHERE `user_id` = 'WGJ5KE';
UPDATE `user_registration` SET total_downlines = total_downlines+1
WHERE `user_id` = 'ORRJ3M';
UPDATE `user_registration` SET left_downlines = left_downlines+1
WHERE `user_id` = 'ORRJ3M';
UPDATE `user_registration` SET total_downlines = total_downlines+1
WHERE `user_id` = 'AA8V6V';
UPDATE `user_registration` SET left_downlines = left_downlines+1
WHERE `user_id` = 'AA8V6V';
UPDATE `user_registration` SET total_downlines = total_downlines+1
WHERE `user_id` = '61ME4O';
UPDATE `user_registration` SET left_downlines = left_downlines+1
WHERE `user_id` = '61ME4O';
UPDATE `user_registration` SET total_downlines = total_downlines+1
WHERE `user_id` = 'WS1SZZ';
UPDATE `user_registration` SET left_downlines = left_downlines+1
WHERE `user_id` = 'WS1SZZ';
UPDATE `user_registration` SET total_downlines = total_downlines+1
WHERE `user_id` = 'TBN4MZ';
UPDATE `user_registration` SET left_downlines = left_downlines+1
WHERE `user_id` = 'TBN4MZ';
UPDATE `user_registration` SET total_downlines = total_downlines+1
WHERE `user_id` = 'OEMJ8R';
UPDATE `user_registration` SET left_downlines = left_downlines+1
WHERE `user_id` = 'OEMJ8R';
UPDATE `user_registration` SET total_downlines = total_downlines+1
WHERE `user_id` = 'FXAYIE';
UPDATE `user_registration` SET left_downlines = left_downlines+1
WHERE `user_id` = 'FXAYIE';
UPDATE `user_registration` SET total_downlines = total_downlines+1
WHERE `user_id` = 'ELXZWC';
UPDATE `user_registration` SET left_downlines = left_downlines+1
WHERE `user_id` = 'ELXZWC';
UPDATE `user_registration` SET total_downlines = total_downlines+1
WHERE `user_id` = 'C1TQVI';
UPDATE `user_registration` SET left_downlines = left_downlines+1
WHERE `user_id` = 'C1TQVI';
UPDATE `user_registration` SET total_downlines = total_downlines+1
WHERE `user_id` = 'F5GPDF';
UPDATE `user_registration` SET left_downlines = left_downlines+1
WHERE `user_id` = 'F5GPDF';
UPDATE `user_registration` SET total_downlines = total_downlines+1
WHERE `user_id` = '91PYDK';
UPDATE `user_registration` SET left_downlines = left_downlines+1
WHERE `user_id` = '91PYDK';
UPDATE `user_registration` SET total_downlines = total_downlines+1
WHERE `user_id` = '4OT7RX';
UPDATE `user_registration` SET left_downlines = left_downlines+1
WHERE `user_id` = '4OT7RX';
UPDATE `user_registration` SET total_downlines = total_downlines+1
WHERE `user_id` = 'ZJZA3M';
UPDATE `user_registration` SET left_downlines = left_downlines+1
WHERE `user_id` = 'ZJZA3M';
UPDATE `user_registration` SET total_downlines = total_downlines+1
WHERE `user_id` = 'XN6ETC';
UPDATE `user_registration` SET left_downlines = left_downlines+1
WHERE `user_id` = 'XN6ETC';
UPDATE `user_registration` SET total_downlines = total_downlines+1
WHERE `user_id` = 'KVQN1O';
UPDATE `user_registration` SET left_downlines = left_downlines+1
WHERE `user_id` = 'KVQN1O';
UPDATE `user_registration` SET total_downlines = total_downlines+1
WHERE `user_id` = 'X3V7DJ';
UPDATE `user_registration` SET left_downlines = left_downlines+1
WHERE `user_id` = 'X3V7DJ';
UPDATE `user_registration` SET total_downlines = total_downlines+1
WHERE `user_id` = 'DJ77NH';
UPDATE `user_registration` SET left_downlines = left_downlines+1
WHERE `user_id` = 'DJ77NH';
UPDATE `user_registration` SET total_downlines = total_downlines+1
WHERE `user_id` = 'PX7XCL';
UPDATE `user_registration` SET left_downlines = left_downlines+1
WHERE `user_id` = 'PX7XCL';
UPDATE `user_registration` SET total_downlines = total_downlines+1
WHERE `user_id` = 'L8PM4Z';
UPDATE `user_registration` SET left_downlines = left_downlines+1
WHERE `user_id` = 'L8PM4Z';
UPDATE `user_registration` SET total_downlines = total_downlines+1
WHERE `user_id` = 'GBSIER';
UPDATE `user_registration` SET left_downlines = left_downlines+1
WHERE `user_id` = 'GBSIER';
UPDATE `user_registration` SET total_downlines = total_downlines+1
WHERE `user_id` = 'AV48YQ';
UPDATE `user_registration` SET left_downlines = left_downlines+1
WHERE `user_id` = 'AV48YQ';
UPDATE `user_registration` SET total_downlines = total_downlines+1
WHERE `user_id` = 'admin';
UPDATE `user_registration` SET left_downlines = left_downlines+1
WHERE `user_id` = 'admin';
INSERT INTO `investment` (`invest_date`, `user_id`, `type`, `amount`, `package_id`) VALUES ('2024-09-26 09:21:18', 'Y5UHMF', 'register', '595', '2');
INSERT INTO `earnings` (`user_id`, `Purchaser_id`, `earning_type`, `package_id`, `amount`, `date`, `comments`, `invest_amount`, `comm_perc`, `level`, `rank_id`, `order_id`) VALUES ('1FFFBU', 'Y5UHMF', 'Direct Referral Bonus', '2', '100', '2024-09-26 09:21:18', 'Direct Referral Bonus', 0, 0, 1, '', 121);
UPDATE `user_registration` SET commission_balance = ROUND(commission_balance + 100,2)
WHERE `user_id` = '1FFFBU';
INSERT INTO `earnings` (`user_id`, `Purchaser_id`, `earning_type`, `package_id`, `amount`, `date`, `comments`, `invest_amount`, `comm_perc`, `level`, `rank_id`, `order_id`) VALUES ('S56TH3', 'Y5UHMF', 'Expansion Bonus', '2', 100, '2024-09-26 09:21:18', 'Expansion Bonus', '100', 0, 1, '', 121);
UPDATE `user_registration` SET commission_balance = ROUND(commission_balance + 100,2)
WHERE `user_id` = 'S56TH3';
INSERT INTO `earnings` (`user_id`, `Purchaser_id`, `earning_type`, `package_id`, `amount`, `date`, `comments`, `invest_amount`, `comm_perc`, `level`, `rank_id`, `order_id`) VALUES ('admin', 'Y5UHMF', 'Expansion Bonus', '2', 100, '2024-09-26 09:21:18', 'Expansion Bonus', 200, 0, 1, '', 121);
UPDATE `user_registration` SET commission_balance = ROUND(commission_balance + 100,2)
WHERE `user_id` = 'admin';
INSERT INTO `matrix_filling` (`placement_id`, `downline_id`, `level`, `matrix`) VALUES ('6LMTFA', 'Y5UHMF', 1, 1);
UPDATE `bv_updation` SET left_carry = left_carry+50, total_left = total_left+50
WHERE `user_id` = '6LMTFA';
INSERT INTO `placement_bv_update_history` (`left_carry`, `date`, `from_id`, `user_id`) VALUES ('50', '2024-09-26 09:21:18', 'Y5UHMF', '6LMTFA');
INSERT INTO `matrix_filling` (`placement_id`, `downline_id`, `level`, `matrix`) VALUES ('B9GZJZ', 'Y5UHMF', 2, 1);
UPDATE `bv_updation` SET left_carry = left_carry+50, total_left = total_left+50
WHERE `user_id` = 'B9GZJZ';
INSERT INTO `placement_bv_update_history` (`left_carry`, `date`, `from_id`, `user_id`) VALUES ('50', '2024-09-26 09:21:18', 'Y5UHMF', 'B9GZJZ');
INSERT INTO `matrix_filling` (`placement_id`, `downline_id`, `level`, `matrix`) VALUES ('VTD8AZ', 'Y5UHMF', 3, 1);
UPDATE `bv_updation` SET left_carry = left_carry+50, total_left = total_left+50
WHERE `user_id` = 'VTD8AZ';
INSERT INTO `placement_bv_update_history` (`left_carry`, `date`, `from_id`, `user_id`) VALUES ('50', '2024-09-26 09:21:18', 'Y5UHMF', 'VTD8AZ');
INSERT INTO `matrix_filling` (`placement_id`, `downline_id`, `level`, `matrix`) VALUES ('3UB84P', 'Y5UHMF', 4, 1);
UPDATE `bv_updation` SET left_carry = left_carry+50, total_left = total_left+50
WHERE `user_id` = '3UB84P';
INSERT INTO `placement_bv_update_history` (`left_carry`, `date`, `from_id`, `user_id`) VALUES ('50', '2024-09-26 09:21:18', 'Y5UHMF', '3UB84P');
INSERT INTO `matrix_filling` (`placement_id`, `downline_id`, `level`, `matrix`) VALUES ('MFMD6M', 'Y5UHMF', 5, 1);
UPDATE `bv_updation` SET left_carry = left_carry+50, total_left = total_left+50
WHERE `user_id` = 'MFMD6M';
INSERT INTO `placement_bv_update_history` (`left_carry`, `date`, `from_id`, `user_id`) VALUES ('50', '2024-09-26 09:21:18', 'Y5UHMF', 'MFMD6M');
INSERT INTO `matrix_filling` (`placement_id`, `downline_id`, `level`, `matrix`) VALUES ('97QHYG', 'Y5UHMF', 6, 1);
UPDATE `bv_updation` SET left_carry = left_carry+50, total_left = total_left+50
WHERE `user_id` = '97QHYG';
INSERT INTO `placement_bv_update_history` (`left_carry`, `date`, `from_id`, `user_id`) VALUES ('50', '2024-09-26 09:21:18', 'Y5UHMF', '97QHYG');
INSERT INTO `matrix_filling` (`placement_id`, `downline_id`, `level`, `matrix`) VALUES ('IW5GAU', 'Y5UHMF', 7, 1);
UPDATE `bv_updation` SET left_carry = left_carry+50, total_left = total_left+50
WHERE `user_id` = 'IW5GAU';
INSERT INTO `placement_bv_update_history` (`left_carry`, `date`, `from_id`, `user_id`) VALUES ('50', '2024-09-26 09:21:18', 'Y5UHMF', 'IW5GAU');
INSERT INTO `matrix_filling` (`placement_id`, `downline_id`, `level`, `matrix`) VALUES ('JQ3FLF', 'Y5UHMF', 8, 1);
UPDATE `bv_updation` SET left_carry = left_carry+50, total_left = total_left+50
WHERE `user_id` = 'JQ3FLF';
INSERT INTO `placement_bv_update_history` (`left_carry`, `date`, `from_id`, `user_id`) VALUES ('50', '2024-09-26 09:21:18', 'Y5UHMF', 'JQ3FLF');
INSERT INTO `matrix_filling` (`placement_id`, `downline_id`, `level`, `matrix`) VALUES ('C3N32U', 'Y5UHMF', 9, 1);
UPDATE `bv_updation` SET left_carry = left_carry+50, total_left = total_left+50
WHERE `user_id` = 'C3N32U';
INSERT INTO `placement_bv_update_history` (`left_carry`, `date`, `from_id`, `user_id`) VALUES ('50', '2024-09-26 09:21:18', 'Y5UHMF', 'C3N32U');
INSERT INTO `matrix_filling` (`placement_id`, `downline_id`, `level`, `matrix`) VALUES ('MNLXPP', 'Y5UHMF', 10, 1);
UPDATE `bv_updation` SET left_carry = left_carry+50, total_left = total_left+50
WHERE `user_id` = 'MNLXPP';
INSERT INTO `placement_bv_update_history` (`left_carry`, `date`, `from_id`, `user_id`) VALUES ('50', '2024-09-26 09:21:18', 'Y5UHMF', 'MNLXPP');
INSERT INTO `matrix_filling` (`placement_id`, `downline_id`, `level`, `matrix`) VALUES ('NUPA4K', 'Y5UHMF', 11, 1);
UPDATE `bv_updation` SET left_carry = left_carry+50, total_left = total_left+50
WHERE `user_id` = 'NUPA4K';
INSERT INTO `placement_bv_update_history` (`left_carry`, `date`, `from_id`, `user_id`) VALUES ('50', '2024-09-26 09:21:18', 'Y5UHMF', 'NUPA4K');
INSERT INTO `matrix_filling` (`placement_id`, `downline_id`, `level`, `matrix`) VALUES ('1FFFBU', 'Y5UHMF', 12, 1);
UPDATE `bv_updation` SET left_carry = left_carry+50, total_left = total_left+50
WHERE `user_id` = '1FFFBU';
INSERT INTO `placement_bv_update_history` (`left_carry`, `date`, `from_id`, `user_id`) VALUES ('50', '2024-09-26 09:21:18', 'Y5UHMF', '1FFFBU');
UPDATE `bv_updation` SET sponsor_left_carry = sponsor_left_carry+50, sponsor_total_left = sponsor_total_left+50
WHERE `user_id` = '1FFFBU';
INSERT INTO `sponsor_bv_update_history` (`left_carry`, `date`, `user_id`) VALUES ('50', '2024-09-26 09:21:18', '1FFFBU');
INSERT INTO `matrix_filling` (`placement_id`, `downline_id`, `level`, `matrix`) VALUES ('J4CGUT', 'Y5UHMF', 13, 1);
UPDATE `bv_updation` SET left_carry = left_carry+50, total_left = total_left+50
WHERE `user_id` = 'J4CGUT';
INSERT INTO `placement_bv_update_history` (`left_carry`, `date`, `from_id`, `user_id`) VALUES ('50', '2024-09-26 09:21:18', 'Y5UHMF', 'J4CGUT');
INSERT INTO `matrix_filling` (`placement_id`, `downline_id`, `level`, `matrix`) VALUES ('S1RTX3', 'Y5UHMF', 14, 1);
UPDATE `bv_updation` SET left_carry = left_carry+50, total_left = total_left+50
WHERE `user_id` = 'S1RTX3';
INSERT INTO `placement_bv_update_history` (`left_carry`, `date`, `from_id`, `user_id`) VALUES ('50', '2024-09-26 09:21:18', 'Y5UHMF', 'S1RTX3');
INSERT INTO `matrix_filling` (`placement_id`, `downline_id`, `level`, `matrix`) VALUES ('I8YWQA', 'Y5UHMF', 15, 1);
UPDATE `bv_updation` SET left_carry = left_carry+50, total_left = total_left+50
WHERE `user_id` = 'I8YWQA';
INSERT INTO `placement_bv_update_history` (`left_carry`, `date`, `from_id`, `user_id`) VALUES ('50', '2024-09-26 09:21:18', 'Y5UHMF', 'I8YWQA');
INSERT INTO `matrix_filling` (`placement_id`, `downline_id`, `level`, `matrix`) VALUES ('I3MZBU', 'Y5UHMF', 16, 1);
UPDATE `bv_updation` SET left_carry = left_carry+50, total_left = total_left+50
WHERE `user_id` = 'I3MZBU';
INSERT INTO `placement_bv_update_history` (`left_carry`, `date`, `from_id`, `user_id`) VALUES ('50', '2024-09-26 09:21:18', 'Y5UHMF', 'I3MZBU');
INSERT INTO `matrix_filling` (`placement_id`, `downline_id`, `level`, `matrix`) VALUES ('H2I33O', 'Y5UHMF', 17, 1);
UPDATE `bv_updation` SET left_carry = left_carry+50, total_left = total_left+50
WHERE `user_id` = 'H2I33O';
INSERT INTO `placement_bv_update_history` (`left_carry`, `date`, `from_id`, `user_id`) VALUES ('50', '2024-09-26 09:21:18', 'Y5UHMF', 'H2I33O');
INSERT INTO `matrix_filling` (`placement_id`, `downline_id`, `level`, `matrix`) VALUES ('AL7XWH', 'Y5UHMF', 18, 1);
UPDATE `bv_updation` SET left_carry = left_carry+50, total_left = total_left+50
WHERE `user_id` = 'AL7XWH';
INSERT INTO `placement_bv_update_history` (`left_carry`, `date`, `from_id`, `user_id`) VALUES ('50', '2024-09-26 09:21:18', 'Y5UHMF', 'AL7XWH');
INSERT INTO `matrix_filling` (`placement_id`, `downline_id`, `level`, `matrix`) VALUES ('HFZ9SA', 'Y5UHMF', 19, 1);
UPDATE `bv_updation` SET left_carry = left_carry+50, total_left = total_left+50
WHERE `user_id` = 'HFZ9SA';
INSERT INTO `placement_bv_update_history` (`left_carry`, `date`, `from_id`, `user_id`) VALUES ('50', '2024-09-26 09:21:18', 'Y5UHMF', 'HFZ9SA');
INSERT INTO `matrix_filling` (`placement_id`, `downline_id`, `level`, `matrix`) VALUES ('A2MTZ3', 'Y5UHMF', 20, 1);
UPDATE `bv_updation` SET left_carry = left_carry+50, total_left = total_left+50
WHERE `user_id` = 'A2MTZ3';
INSERT INTO `placement_bv_update_history` (`left_carry`, `date`, `from_id`, `user_id`) VALUES ('50', '2024-09-26 09:21:18', 'Y5UHMF', 'A2MTZ3');
INSERT INTO `matrix_filling` (`placement_id`, `downline_id`, `level`, `matrix`) VALUES ('RUEKCW', 'Y5UHMF', 21, 1);
UPDATE `bv_updation` SET left_carry = left_carry+50, total_left = total_left+50
WHERE `user_id` = 'RUEKCW';
INSERT INTO `placement_bv_update_history` (`left_carry`, `date`, `from_id`, `user_id`) VALUES ('50', '2024-09-26 09:21:18', 'Y5UHMF', 'RUEKCW');
INSERT INTO `matrix_filling` (`placement_id`, `downline_id`, `level`, `matrix`) VALUES ('K3GTG4', 'Y5UHMF', 22, 1);
UPDATE `bv_updation` SET left_carry = left_carry+50, total_left = total_left+50
WHERE `user_id` = 'K3GTG4';
INSERT INTO `placement_bv_update_history` (`left_carry`, `date`, `from_id`, `user_id`) VALUES ('50', '2024-09-26 09:21:18', 'Y5UHMF', 'K3GTG4');
INSERT INTO `matrix_filling` (`placement_id`, `downline_id`, `level`, `matrix`) VALUES ('I1TUBN', 'Y5UHMF', 23, 1);
UPDATE `bv_updation` SET left_carry = left_carry+50, total_left = total_left+50
WHERE `user_id` = 'I1TUBN';
INSERT INTO `placement_bv_update_history` (`left_carry`, `date`, `from_id`, `user_id`) VALUES ('50', '2024-09-26 09:21:18', 'Y5UHMF', 'I1TUBN');
INSERT INTO `matrix_filling` (`placement_id`, `downline_id`, `level`, `matrix`) VALUES ('BAUCCU', 'Y5UHMF', 24, 1);
UPDATE `bv_updation` SET left_carry = left_carry+50, total_left = total_left+50
WHERE `user_id` = 'BAUCCU';
INSERT INTO `placement_bv_update_history` (`left_carry`, `date`, `from_id`, `user_id`) VALUES ('50', '2024-09-26 09:21:18', 'Y5UHMF', 'BAUCCU');
INSERT INTO `matrix_filling` (`placement_id`, `downline_id`, `level`, `matrix`) VALUES ('62QO97', 'Y5UHMF', 25, 1);
UPDATE `bv_updation` SET left_carry = left_carry+50, total_left = total_left+50
WHERE `user_id` = '62QO97';
INSERT INTO `placement_bv_update_history` (`left_carry`, `date`, `from_id`, `user_id`) VALUES ('50', '2024-09-26 09:21:18', 'Y5UHMF', '62QO97');
INSERT INTO `matrix_filling` (`placement_id`, `downline_id`, `level`, `matrix`) VALUES ('OHLQEO', 'Y5UHMF', 26, 1);
UPDATE `bv_updation` SET left_carry = left_carry+50, total_left = total_left+50
WHERE `user_id` = 'OHLQEO';
INSERT INTO `placement_bv_update_history` (`left_carry`, `date`, `from_id`, `user_id`) VALUES ('50', '2024-09-26 09:21:18', 'Y5UHMF', 'OHLQEO');
INSERT INTO `matrix_filling` (`placement_id`, `downline_id`, `level`, `matrix`) VALUES ('7APFKG', 'Y5UHMF', 27, 1);
UPDATE `bv_updation` SET left_carry = left_carry+50, total_left = total_left+50
WHERE `user_id` = '7APFKG';
INSERT INTO `placement_bv_update_history` (`left_carry`, `date`, `from_id`, `user_id`) VALUES ('50', '2024-09-26 09:21:18', 'Y5UHMF', '7APFKG');
INSERT INTO `matrix_filling` (`placement_id`, `downline_id`, `level`, `matrix`) VALUES ('Q2Q92Y', 'Y5UHMF', 28, 1);
UPDATE `bv_updation` SET left_carry = left_carry+50, total_left = total_left+50
WHERE `user_id` = 'Q2Q92Y';
INSERT INTO `placement_bv_update_history` (`left_carry`, `date`, `from_id`, `user_id`) VALUES ('50', '2024-09-26 09:21:18', 'Y5UHMF', 'Q2Q92Y');
INSERT INTO `matrix_filling` (`placement_id`, `downline_id`, `level`, `matrix`) VALUES ('E9ITRC', 'Y5UHMF', 29, 1);
UPDATE `bv_updation` SET left_carry = left_carry+50, total_left = total_left+50
WHERE `user_id` = 'E9ITRC';
INSERT INTO `placement_bv_update_history` (`left_carry`, `date`, `from_id`, `user_id`) VALUES ('50', '2024-09-26 09:21:18', 'Y5UHMF', 'E9ITRC');
INSERT INTO `matrix_filling` (`placement_id`, `downline_id`, `level`, `matrix`) VALUES ('7COKBB', 'Y5UHMF', 30, 1);
UPDATE `bv_updation` SET left_carry = left_carry+50, total_left = total_left+50
WHERE `user_id` = '7COKBB';
INSERT INTO `placement_bv_update_history` (`left_carry`, `date`, `from_id`, `user_id`) VALUES ('50', '2024-09-26 09:21:18', 'Y5UHMF', '7COKBB');
INSERT INTO `matrix_filling` (`placement_id`, `downline_id`, `level`, `matrix`) VALUES ('BDNS17', 'Y5UHMF', 31, 1);
UPDATE `bv_updation` SET left_carry = left_carry+50, total_left = total_left+50
WHERE `user_id` = 'BDNS17';
INSERT INTO `placement_bv_update_history` (`left_carry`, `date`, `from_id`, `user_id`) VALUES ('50', '2024-09-26 09:21:18', 'Y5UHMF', 'BDNS17');
INSERT INTO `matrix_filling` (`placement_id`, `downline_id`, `level`, `matrix`) VALUES ('7ZXRRE', 'Y5UHMF', 32, 1);
UPDATE `bv_updation` SET left_carry = left_carry+50, total_left = total_left+50
WHERE `user_id` = '7ZXRRE';
INSERT INTO `placement_bv_update_history` (`left_carry`, `date`, `from_id`, `user_id`) VALUES ('50', '2024-09-26 09:21:18', 'Y5UHMF', '7ZXRRE');
INSERT INTO `matrix_filling` (`placement_id`, `downline_id`, `level`, `matrix`) VALUES ('KLRAF5', 'Y5UHMF', 33, 1);
UPDATE `bv_updation` SET left_carry = left_carry+50, total_left = total_left+50
WHERE `user_id` = 'KLRAF5';
INSERT INTO `placement_bv_update_history` (`left_carry`, `date`, `from_id`, `user_id`) VALUES ('50', '2024-09-26 09:21:18', 'Y5UHMF', 'KLRAF5');
INSERT INTO `matrix_filling` (`placement_id`, `downline_id`, `level`, `matrix`) VALUES ('IFJHZG', 'Y5UHMF', 34, 1);
UPDATE `bv_updation` SET left_carry = left_carry+50, total_left = total_left+50
WHERE `user_id` = 'IFJHZG';
INSERT INTO `placement_bv_update_history` (`left_carry`, `date`, `from_id`, `user_id`) VALUES ('50', '2024-09-26 09:21:18', 'Y5UHMF', 'IFJHZG');
INSERT INTO `matrix_filling` (`placement_id`, `downline_id`, `level`, `matrix`) VALUES ('MXUV8Q', 'Y5UHMF', 35, 1);
UPDATE `bv_updation` SET left_carry = left_carry+50, total_left = total_left+50
WHERE `user_id` = 'MXUV8Q';
INSERT INTO `placement_bv_update_history` (`left_carry`, `date`, `from_id`, `user_id`) VALUES ('50', '2024-09-26 09:21:18', 'Y5UHMF', 'MXUV8Q');
INSERT INTO `matrix_filling` (`placement_id`, `downline_id`, `level`, `matrix`) VALUES ('GGM164', 'Y5UHMF', 36, 1);
UPDATE `bv_updation` SET left_carry = left_carry+50, total_left = total_left+50
WHERE `user_id` = 'GGM164';
INSERT INTO `placement_bv_update_history` (`left_carry`, `date`, `from_id`, `user_id`) VALUES ('50', '2024-09-26 09:21:18', 'Y5UHMF', 'GGM164');
INSERT INTO `matrix_filling` (`placement_id`, `downline_id`, `level`, `matrix`) VALUES ('3NKIEX', 'Y5UHMF', 37, 1);
UPDATE `bv_updation` SET left_carry = left_carry+50, total_left = total_left+50
WHERE `user_id` = '3NKIEX';
INSERT INTO `placement_bv_update_history` (`left_carry`, `date`, `from_id`, `user_id`) VALUES ('50', '2024-09-26 09:21:18', 'Y5UHMF', '3NKIEX');
INSERT INTO `matrix_filling` (`placement_id`, `downline_id`, `level`, `matrix`) VALUES ('S56TH3', 'Y5UHMF', 38, 1);
UPDATE `bv_updation` SET left_carry = left_carry+50, total_left = total_left+50
WHERE `user_id` = 'S56TH3';
INSERT INTO `placement_bv_update_history` (`left_carry`, `date`, `from_id`, `user_id`) VALUES ('50', '2024-09-26 09:21:18', 'Y5UHMF', 'S56TH3');
INSERT INTO `matrix_filling` (`placement_id`, `downline_id`, `level`, `matrix`) VALUES ('XYG89U', 'Y5UHMF', 39, 1);
UPDATE `bv_updation` SET left_carry = left_carry+50, total_left = total_left+50
WHERE `user_id` = 'XYG89U';
INSERT INTO `placement_bv_update_history` (`left_carry`, `date`, `from_id`, `user_id`) VALUES ('50', '2024-09-26 09:21:18', 'Y5UHMF', 'XYG89U');
INSERT INTO `matrix_filling` (`placement_id`, `downline_id`, `level`, `matrix`) VALUES ('HTFY93', 'Y5UHMF', 40, 1);
UPDATE `bv_updation` SET left_carry = left_carry+50, total_left = total_left+50
WHERE `user_id` = 'HTFY93';
INSERT INTO `placement_bv_update_history` (`left_carry`, `date`, `from_id`, `user_id`) VALUES ('50', '2024-09-26 09:21:18', 'Y5UHMF', 'HTFY93');
INSERT INTO `matrix_filling` (`placement_id`, `downline_id`, `level`, `matrix`) VALUES ('3PR393', 'Y5UHMF', 41, 1);
UPDATE `bv_updation` SET left_carry = left_carry+50, total_left = total_left+50
WHERE `user_id` = '3PR393';
INSERT INTO `placement_bv_update_history` (`left_carry`, `date`, `from_id`, `user_id`) VALUES ('50', '2024-09-26 09:21:18', 'Y5UHMF', '3PR393');
INSERT INTO `matrix_filling` (`placement_id`, `downline_id`, `level`, `matrix`) VALUES ('T3MRY1', 'Y5UHMF', 42, 1);
UPDATE `bv_updation` SET left_carry = left_carry+50, total_left = total_left+50
WHERE `user_id` = 'T3MRY1';
INSERT INTO `placement_bv_update_history` (`left_carry`, `date`, `from_id`, `user_id`) VALUES ('50', '2024-09-26 09:21:18', 'Y5UHMF', 'T3MRY1');
INSERT INTO `matrix_filling` (`placement_id`, `downline_id`, `level`, `matrix`) VALUES ('GTMCCK', 'Y5UHMF', 43, 1);
UPDATE `bv_updation` SET left_carry = left_carry+50, total_left = total_left+50
WHERE `user_id` = 'GTMCCK';
INSERT INTO `placement_bv_update_history` (`left_carry`, `date`, `from_id`, `user_id`) VALUES ('50', '2024-09-26 09:21:18', 'Y5UHMF', 'GTMCCK');
INSERT INTO `matrix_filling` (`placement_id`, `downline_id`, `level`, `matrix`) VALUES ('DLYMIF', 'Y5UHMF', 44, 1);
UPDATE `bv_updation` SET left_carry = left_carry+50, total_left = total_left+50
WHERE `user_id` = 'DLYMIF';
INSERT INTO `placement_bv_update_history` (`left_carry`, `date`, `from_id`, `user_id`) VALUES ('50', '2024-09-26 09:21:18', 'Y5UHMF', 'DLYMIF');
INSERT INTO `matrix_filling` (`placement_id`, `downline_id`, `level`, `matrix`) VALUES ('WGJ5KE', 'Y5UHMF', 45, 1);
UPDATE `bv_updation` SET left_carry = left_carry+50, total_left = total_left+50
WHERE `user_id` = 'WGJ5KE';
INSERT INTO `placement_bv_update_history` (`left_carry`, `date`, `from_id`, `user_id`) VALUES ('50', '2024-09-26 09:21:18', 'Y5UHMF', 'WGJ5KE');
INSERT INTO `matrix_filling` (`placement_id`, `downline_id`, `level`, `matrix`) VALUES ('ORRJ3M', 'Y5UHMF', 46, 1);
UPDATE `bv_updation` SET left_carry = left_carry+50, total_left = total_left+50
WHERE `user_id` = 'ORRJ3M';
INSERT INTO `placement_bv_update_history` (`left_carry`, `date`, `from_id`, `user_id`) VALUES ('50', '2024-09-26 09:21:18', 'Y5UHMF', 'ORRJ3M');
INSERT INTO `matrix_filling` (`placement_id`, `downline_id`, `level`, `matrix`) VALUES ('AA8V6V', 'Y5UHMF', 47, 1);
UPDATE `bv_updation` SET left_carry = left_carry+50, total_left = total_left+50
WHERE `user_id` = 'AA8V6V';
INSERT INTO `placement_bv_update_history` (`left_carry`, `date`, `from_id`, `user_id`) VALUES ('50', '2024-09-26 09:21:18', 'Y5UHMF', 'AA8V6V');
INSERT INTO `matrix_filling` (`placement_id`, `downline_id`, `level`, `matrix`) VALUES ('61ME4O', 'Y5UHMF', 48, 1);
UPDATE `bv_updation` SET left_carry = left_carry+50, total_left = total_left+50
WHERE `user_id` = '61ME4O';
INSERT INTO `placement_bv_update_history` (`left_carry`, `date`, `from_id`, `user_id`) VALUES ('50', '2024-09-26 09:21:18', 'Y5UHMF', '61ME4O');
INSERT INTO `matrix_filling` (`placement_id`, `downline_id`, `level`, `matrix`) VALUES ('WS1SZZ', 'Y5UHMF', 49, 1);
UPDATE `bv_updation` SET left_carry = left_carry+50, total_left = total_left+50
WHERE `user_id` = 'WS1SZZ';
INSERT INTO `placement_bv_update_history` (`left_carry`, `date`, `from_id`, `user_id`) VALUES ('50', '2024-09-26 09:21:18', 'Y5UHMF', 'WS1SZZ');
INSERT INTO `matrix_filling` (`placement_id`, `downline_id`, `level`, `matrix`) VALUES ('TBN4MZ', 'Y5UHMF', 50, 1);
UPDATE `bv_updation` SET left_carry = left_carry+50, total_left = total_left+50
WHERE `user_id` = 'TBN4MZ';
INSERT INTO `placement_bv_update_history` (`left_carry`, `date`, `from_id`, `user_id`) VALUES ('50', '2024-09-26 09:21:18', 'Y5UHMF', 'TBN4MZ');
INSERT INTO `matrix_filling` (`placement_id`, `downline_id`, `level`, `matrix`) VALUES ('OEMJ8R', 'Y5UHMF', 51, 1);
UPDATE `bv_updation` SET left_carry = left_carry+50, total_left = total_left+50
WHERE `user_id` = 'OEMJ8R';
INSERT INTO `placement_bv_update_history` (`left_carry`, `date`, `from_id`, `user_id`) VALUES ('50', '2024-09-26 09:21:18', 'Y5UHMF', 'OEMJ8R');
INSERT INTO `matrix_filling` (`placement_id`, `downline_id`, `level`, `matrix`) VALUES ('FXAYIE', 'Y5UHMF', 52, 1);
UPDATE `bv_updation` SET left_carry = left_carry+50, total_left = total_left+50
WHERE `user_id` = 'FXAYIE';
INSERT INTO `placement_bv_update_history` (`left_carry`, `date`, `from_id`, `user_id`) VALUES ('50', '2024-09-26 09:21:18', 'Y5UHMF', 'FXAYIE');
INSERT INTO `matrix_filling` (`placement_id`, `downline_id`, `level`, `matrix`) VALUES ('ELXZWC', 'Y5UHMF', 53, 1);
UPDATE `bv_updation` SET left_carry = left_carry+50, total_left = total_left+50
WHERE `user_id` = 'ELXZWC';
INSERT INTO `placement_bv_update_history` (`left_carry`, `date`, `from_id`, `user_id`) VALUES ('50', '2024-09-26 09:21:18', 'Y5UHMF', 'ELXZWC');
INSERT INTO `matrix_filling` (`placement_id`, `downline_id`, `level`, `matrix`) VALUES ('C1TQVI', 'Y5UHMF', 54, 1);
UPDATE `bv_updation` SET left_carry = left_carry+50, total_left = total_left+50
WHERE `user_id` = 'C1TQVI';
INSERT INTO `placement_bv_update_history` (`left_carry`, `date`, `from_id`, `user_id`) VALUES ('50', '2024-09-26 09:21:18', 'Y5UHMF', 'C1TQVI');
INSERT INTO `matrix_filling` (`placement_id`, `downline_id`, `level`, `matrix`) VALUES ('F5GPDF', 'Y5UHMF', 55, 1);
UPDATE `bv_updation` SET left_carry = left_carry+50, total_left = total_left+50
WHERE `user_id` = 'F5GPDF';
INSERT INTO `placement_bv_update_history` (`left_carry`, `date`, `from_id`, `user_id`) VALUES ('50', '2024-09-26 09:21:18', 'Y5UHMF', 'F5GPDF');
INSERT INTO `matrix_filling` (`placement_id`, `downline_id`, `level`, `matrix`) VALUES ('91PYDK', 'Y5UHMF', 56, 1);
UPDATE `bv_updation` SET left_carry = left_carry+50, total_left = total_left+50
WHERE `user_id` = '91PYDK';
INSERT INTO `placement_bv_update_history` (`left_carry`, `date`, `from_id`, `user_id`) VALUES ('50', '2024-09-26 09:21:18', 'Y5UHMF', '91PYDK');
INSERT INTO `matrix_filling` (`placement_id`, `downline_id`, `level`, `matrix`) VALUES ('4OT7RX', 'Y5UHMF', 57, 1);
UPDATE `bv_updation` SET left_carry = left_carry+50, total_left = total_left+50
WHERE `user_id` = '4OT7RX';
INSERT INTO `placement_bv_update_history` (`left_carry`, `date`, `from_id`, `user_id`) VALUES ('50', '2024-09-26 09:21:18', 'Y5UHMF', '4OT7RX');
INSERT INTO `matrix_filling` (`placement_id`, `downline_id`, `level`, `matrix`) VALUES ('ZJZA3M', 'Y5UHMF', 58, 1);
UPDATE `bv_updation` SET left_carry = left_carry+50, total_left = total_left+50
WHERE `user_id` = 'ZJZA3M';
INSERT INTO `placement_bv_update_history` (`left_carry`, `date`, `from_id`, `user_id`) VALUES ('50', '2024-09-26 09:21:18', 'Y5UHMF', 'ZJZA3M');
INSERT INTO `matrix_filling` (`placement_id`, `downline_id`, `level`, `matrix`) VALUES ('XN6ETC', 'Y5UHMF', 59, 1);
UPDATE `bv_updation` SET left_carry = left_carry+50, total_left = total_left+50
WHERE `user_id` = 'XN6ETC';
INSERT INTO `placement_bv_update_history` (`left_carry`, `date`, `from_id`, `user_id`) VALUES ('50', '2024-09-26 09:21:18', 'Y5UHMF', 'XN6ETC');
INSERT INTO `matrix_filling` (`placement_id`, `downline_id`, `level`, `matrix`) VALUES ('KVQN1O', 'Y5UHMF', 60, 1);
UPDATE `bv_updation` SET left_carry = left_carry+50, total_left = total_left+50
WHERE `user_id` = 'KVQN1O';
INSERT INTO `placement_bv_update_history` (`left_carry`, `date`, `from_id`, `user_id`) VALUES ('50', '2024-09-26 09:21:18', 'Y5UHMF', 'KVQN1O');
INSERT INTO `matrix_filling` (`placement_id`, `downline_id`, `level`, `matrix`) VALUES ('X3V7DJ', 'Y5UHMF', 61, 1);
UPDATE `bv_updation` SET left_carry = left_carry+50, total_left = total_left+50
WHERE `user_id` = 'X3V7DJ';
INSERT INTO `placement_bv_update_history` (`left_carry`, `date`, `from_id`, `user_id`) VALUES ('50', '2024-09-26 09:21:18', 'Y5UHMF', 'X3V7DJ');
INSERT INTO `matrix_filling` (`placement_id`, `downline_id`, `level`, `matrix`) VALUES ('DJ77NH', 'Y5UHMF', 62, 1);
UPDATE `bv_updation` SET left_carry = left_carry+50, total_left = total_left+50
WHERE `user_id` = 'DJ77NH';
INSERT INTO `placement_bv_update_history` (`left_carry`, `date`, `from_id`, `user_id`) VALUES ('50', '2024-09-26 09:21:18', 'Y5UHMF', 'DJ77NH');
INSERT INTO `matrix_filling` (`placement_id`, `downline_id`, `level`, `matrix`) VALUES ('PX7XCL', 'Y5UHMF', 63, 1);
UPDATE `bv_updation` SET left_carry = left_carry+50, total_left = total_left+50
WHERE `user_id` = 'PX7XCL';
INSERT INTO `placement_bv_update_history` (`left_carry`, `date`, `from_id`, `user_id`) VALUES ('50', '2024-09-26 09:21:18', 'Y5UHMF', 'PX7XCL');
INSERT INTO `matrix_filling` (`placement_id`, `downline_id`, `level`, `matrix`) VALUES ('L8PM4Z', 'Y5UHMF', 64, 1);
UPDATE `bv_updation` SET left_carry = left_carry+50, total_left = total_left+50
WHERE `user_id` = 'L8PM4Z';
INSERT INTO `placement_bv_update_history` (`left_carry`, `date`, `from_id`, `user_id`) VALUES ('50', '2024-09-26 09:21:18', 'Y5UHMF', 'L8PM4Z');
INSERT INTO `matrix_filling` (`placement_id`, `downline_id`, `level`, `matrix`) VALUES ('GBSIER', 'Y5UHMF', 65, 1);
UPDATE `bv_updation` SET left_carry = left_carry+50, total_left = total_left+50
WHERE `user_id` = 'GBSIER';
INSERT INTO `placement_bv_update_history` (`left_carry`, `date`, `from_id`, `user_id`) VALUES ('50', '2024-09-26 09:21:18', 'Y5UHMF', 'GBSIER');
INSERT INTO `matrix_filling` (`placement_id`, `downline_id`, `level`, `matrix`) VALUES ('AV48YQ', 'Y5UHMF', 66, 1);
UPDATE `bv_updation` SET left_carry = left_carry+50, total_left = total_left+50
WHERE `user_id` = 'AV48YQ';
INSERT INTO `placement_bv_update_history` (`left_carry`, `date`, `from_id`, `user_id`) VALUES ('50', '2024-09-26 09:21:18', 'Y5UHMF', 'AV48YQ');
INSERT INTO `matrix_filling` (`placement_id`, `downline_id`, `level`, `matrix`) VALUES ('admin', 'Y5UHMF', 67, 1);
INSERT INTO `package_purchase_history` (`user_id`, `package_id`, `reg_fee`, `package_name`, `monthly_fee`, `type`, `date`, `payment_option`) VALUES ('Y5UHMF', '2', '595', 'Traveler Pro', '150', 'sign_up', '2024-09-26 09:21:18', 'free');
UPDATE `ci_sessions` SET `timestamp` = 1727360500, `data` = '__ci_last_regenerate|i:1727360500;id|s:4:\"2505\";user_id|s:6:\"HI62BI\";username|s:7:\"rafael7\";sponsor_id|s:6:\"1FFFBU\";fullname|s:16:\"Rafael Rodriguez\";email|s:17:\"rafael7@gmail.com\";phone|s:10:\"7862876762\";isLogIn|b:1;'
WHERE `id` = 'd2d2658abf9e457bb10bb3c86b53e3a42984c1ab';
UPDATE `user_registration` SET `uid` = '2553', `user_id` = 'R5QKTJ', `username` = 'nelson7', `sponsor_id` = 'HI62BI', `vacant` = 'no', `f_name` = 'Nelson', `l_name` = 'Aguilar', `address` = '6520 Kendale Lakes Dr', `position` = 'right', `email` = 'nelson7@gmail.com', `password` = '8b526ddeae551f481ddb05393191fd83', `phone` = '3057610606', `country` = 'United States', `state` = 'Florida', `city` = 'Miami', `street` = '6520 Kendale Lakes Dr', `zip_code` = '33183', `reg_ip` = '172.70.255.86', `status` = 1, `package_id` = '2', `rank_id` = 1, `highest_rank` = 1, `created` = '2024-09-26 09:21:40', `subscription_date` = '2024-10-26', `google_secret` = 'K3WBLLNANOXQIHYT'
WHERE `uid` = '2553';
INSERT INTO `user_registration` (`uid`, `user_id`, `username`, `sponsor_id`, `placement_id`, `vacant`, `f_name`, `l_name`, `address`, `position`, `email`, `password`, `phone`, `reg_ip`, `status`, `created`) VALUES (NULL, 'VYYMBO', 'UVnBMjby', 'R5QKTJ', 'R5QKTJ', 'yes', '', '', '', 'left', '@mail.com', '', '', '', 0, '2024-09-26 09:21:40');
INSERT INTO `user_registration` (`uid`, `user_id`, `username`, `sponsor_id`, `placement_id`, `vacant`, `f_name`, `l_name`, `address`, `position`, `email`, `password`, `phone`, `reg_ip`, `status`, `created`) VALUES (NULL, 'IDLJVC', 'adABrgYA', 'R5QKTJ', 'R5QKTJ', 'yes', '', '', '', 'right', '@mail.com', '', '', '', 0, '2024-09-26 09:21:40');
INSERT INTO `bv_updation` (`user_id`) VALUES ('R5QKTJ');
UPDATE `user_registration` SET total_ref_count = total_ref_count+1
WHERE `user_id` = 'HI62BI';
UPDATE `user_registration` SET total_downlines = total_downlines+1
WHERE `user_id` = 'MFRGPZ';
UPDATE `user_registration` SET right_downlines = right_downlines+1
WHERE `user_id` = 'MFRGPZ';
UPDATE `user_registration` SET total_downlines = total_downlines+1
WHERE `user_id` = '4OR55J';
UPDATE `user_registration` SET right_downlines = right_downlines+1
WHERE `user_id` = '4OR55J';
UPDATE `user_registration` SET total_downlines = total_downlines+1
WHERE `user_id` = '1H17TW';
UPDATE `user_registration` SET right_downlines = right_downlines+1
WHERE `user_id` = '1H17TW';
UPDATE `user_registration` SET total_downlines = total_downlines+1
WHERE `user_id` = 'QM7JIM';
UPDATE `user_registration` SET right_downlines = right_downlines+1
WHERE `user_id` = 'QM7JIM';
UPDATE `user_registration` SET total_downlines = total_downlines+1
WHERE `user_id` = 'P7L6OE';
UPDATE `user_registration` SET right_downlines = right_downlines+1
WHERE `user_id` = 'P7L6OE';
UPDATE `user_registration` SET total_downlines = total_downlines+1
WHERE `user_id` = 'Z34OQI';
UPDATE `user_registration` SET right_downlines = right_downlines+1
WHERE `user_id` = 'Z34OQI';
UPDATE `user_registration` SET total_downlines = total_downlines+1
WHERE `user_id` = '5K7DS2';
UPDATE `user_registration` SET right_downlines = right_downlines+1
WHERE `user_id` = '5K7DS2';
UPDATE `user_registration` SET total_downlines = total_downlines+1
WHERE `user_id` = 'HI62BI';
UPDATE `user_registration` SET right_downlines = right_downlines+1
WHERE `user_id` = 'HI62BI';
UPDATE `user_registration` SET right_ref_count = right_ref_count+1
WHERE `user_id` = 'HI62BI';
UPDATE `user_registration` SET active_right = active_right+1
WHERE `user_id` = 'HI62BI';
UPDATE `user_registration` SET total_downlines = total_downlines+1
WHERE `user_id` = '1FFFBU';
UPDATE `user_registration` SET right_downlines = right_downlines+1
WHERE `user_id` = '1FFFBU';
UPDATE `user_registration` SET total_downlines = total_downlines+1
WHERE `user_id` = 'J4CGUT';
UPDATE `user_registration` SET left_downlines = left_downlines+1
WHERE `user_id` = 'J4CGUT';
UPDATE `user_registration` SET total_downlines = total_downlines+1
WHERE `user_id` = 'S1RTX3';
UPDATE `user_registration` SET left_downlines = left_downlines+1
WHERE `user_id` = 'S1RTX3';
UPDATE `user_registration` SET total_downlines = total_downlines+1
WHERE `user_id` = 'I8YWQA';
UPDATE `user_registration` SET left_downlines = left_downlines+1
WHERE `user_id` = 'I8YWQA';
UPDATE `user_registration` SET total_downlines = total_downlines+1
WHERE `user_id` = 'I3MZBU';
UPDATE `user_registration` SET left_downlines = left_downlines+1
WHERE `user_id` = 'I3MZBU';
UPDATE `user_registration` SET total_downlines = total_downlines+1
WHERE `user_id` = 'H2I33O';
UPDATE `user_registration` SET left_downlines = left_downlines+1
WHERE `user_id` = 'H2I33O';
UPDATE `user_registration` SET total_downlines = total_downlines+1
WHERE `user_id` = 'AL7XWH';
UPDATE `user_registration` SET left_downlines = left_downlines+1
WHERE `user_id` = 'AL7XWH';
UPDATE `user_registration` SET total_downlines = total_downlines+1
WHERE `user_id` = 'HFZ9SA';
UPDATE `user_registration` SET left_downlines = left_downlines+1
WHERE `user_id` = 'HFZ9SA';
UPDATE `user_registration` SET total_downlines = total_downlines+1
WHERE `user_id` = 'A2MTZ3';
UPDATE `user_registration` SET left_downlines = left_downlines+1
WHERE `user_id` = 'A2MTZ3';
UPDATE `user_registration` SET total_downlines = total_downlines+1
WHERE `user_id` = 'RUEKCW';
UPDATE `user_registration` SET left_downlines = left_downlines+1
WHERE `user_id` = 'RUEKCW';
UPDATE `user_registration` SET total_downlines = total_downlines+1
WHERE `user_id` = 'K3GTG4';
UPDATE `user_registration` SET left_downlines = left_downlines+1
WHERE `user_id` = 'K3GTG4';
UPDATE `user_registration` SET total_downlines = total_downlines+1
WHERE `user_id` = 'I1TUBN';
UPDATE `user_registration` SET left_downlines = left_downlines+1
WHERE `user_id` = 'I1TUBN';
UPDATE `user_registration` SET total_downlines = total_downlines+1
WHERE `user_id` = 'BAUCCU';
UPDATE `user_registration` SET left_downlines = left_downlines+1
WHERE `user_id` = 'BAUCCU';
UPDATE `user_registration` SET total_downlines = total_downlines+1
WHERE `user_id` = '62QO97';
UPDATE `user_registration` SET left_downlines = left_downlines+1
WHERE `user_id` = '62QO97';
UPDATE `user_registration` SET total_downlines = total_downlines+1
WHERE `user_id` = 'OHLQEO';
UPDATE `user_registration` SET left_downlines = left_downlines+1
WHERE `user_id` = 'OHLQEO';
UPDATE `user_registration` SET total_downlines = total_downlines+1
WHERE `user_id` = '7APFKG';
UPDATE `user_registration` SET left_downlines = left_downlines+1
WHERE `user_id` = '7APFKG';
UPDATE `user_registration` SET total_downlines = total_downlines+1
WHERE `user_id` = 'Q2Q92Y';
UPDATE `user_registration` SET left_downlines = left_downlines+1
WHERE `user_id` = 'Q2Q92Y';
UPDATE `user_registration` SET total_downlines = total_downlines+1
WHERE `user_id` = 'E9ITRC';
UPDATE `user_registration` SET left_downlines = left_downlines+1
WHERE `user_id` = 'E9ITRC';
UPDATE `user_registration` SET total_downlines = total_downlines+1
WHERE `user_id` = '7COKBB';
UPDATE `user_registration` SET left_downlines = left_downlines+1
WHERE `user_id` = '7COKBB';
UPDATE `user_registration` SET total_downlines = total_downlines+1
WHERE `user_id` = 'BDNS17';
UPDATE `user_registration` SET left_downlines = left_downlines+1
WHERE `user_id` = 'BDNS17';
UPDATE `user_registration` SET total_downlines = total_downlines+1
WHERE `user_id` = '7ZXRRE';
UPDATE `user_registration` SET left_downlines = left_downlines+1
WHERE `user_id` = '7ZXRRE';
UPDATE `user_registration` SET total_downlines = total_downlines+1
WHERE `user_id` = 'KLRAF5';
UPDATE `user_registration` SET left_downlines = left_downlines+1
WHERE `user_id` = 'KLRAF5';
UPDATE `user_registration` SET total_downlines = total_downlines+1
WHERE `user_id` = 'IFJHZG';
UPDATE `user_registration` SET left_downlines = left_downlines+1
WHERE `user_id` = 'IFJHZG';
UPDATE `user_registration` SET total_downlines = total_downlines+1
WHERE `user_id` = 'MXUV8Q';
UPDATE `user_registration` SET left_downlines = left_downlines+1
WHERE `user_id` = 'MXUV8Q';
UPDATE `user_registration` SET total_downlines = total_downlines+1
WHERE `user_id` = 'GGM164';
UPDATE `user_registration` SET left_downlines = left_downlines+1
WHERE `user_id` = 'GGM164';
UPDATE `user_registration` SET total_downlines = total_downlines+1
WHERE `user_id` = '3NKIEX';
UPDATE `user_registration` SET left_downlines = left_downlines+1
WHERE `user_id` = '3NKIEX';
UPDATE `user_registration` SET total_downlines = total_downlines+1
WHERE `user_id` = 'S56TH3';
UPDATE `user_registration` SET left_downlines = left_downlines+1
WHERE `user_id` = 'S56TH3';
UPDATE `user_registration` SET total_downlines = total_downlines+1
WHERE `user_id` = 'XYG89U';
UPDATE `user_registration` SET left_downlines = left_downlines+1
WHERE `user_id` = 'XYG89U';
UPDATE `user_registration` SET total_downlines = total_downlines+1
WHERE `user_id` = 'HTFY93';
UPDATE `user_registration` SET left_downlines = left_downlines+1
WHERE `user_id` = 'HTFY93';
UPDATE `user_registration` SET total_downlines = total_downlines+1
WHERE `user_id` = '3PR393';
UPDATE `user_registration` SET left_downlines = left_downlines+1
WHERE `user_id` = '3PR393';
UPDATE `user_registration` SET total_downlines = total_downlines+1
WHERE `user_id` = 'T3MRY1';
UPDATE `user_registration` SET left_downlines = left_downlines+1
WHERE `user_id` = 'T3MRY1';
UPDATE `user_registration` SET total_downlines = total_downlines+1
WHERE `user_id` = 'GTMCCK';
UPDATE `user_registration` SET left_downlines = left_downlines+1
WHERE `user_id` = 'GTMCCK';
UPDATE `user_registration` SET total_downlines = total_downlines+1
WHERE `user_id` = 'DLYMIF';
UPDATE `user_registration` SET left_downlines = left_downlines+1
WHERE `user_id` = 'DLYMIF';
UPDATE `user_registration` SET total_downlines = total_downlines+1
WHERE `user_id` = 'WGJ5KE';
UPDATE `user_registration` SET left_downlines = left_downlines+1
WHERE `user_id` = 'WGJ5KE';
UPDATE `user_registration` SET total_downlines = total_downlines+1
WHERE `user_id` = 'ORRJ3M';
UPDATE `user_registration` SET left_downlines = left_downlines+1
WHERE `user_id` = 'ORRJ3M';
UPDATE `user_registration` SET total_downlines = total_downlines+1
WHERE `user_id` = 'AA8V6V';
UPDATE `user_registration` SET left_downlines = left_downlines+1
WHERE `user_id` = 'AA8V6V';
UPDATE `user_registration` SET total_downlines = total_downlines+1
WHERE `user_id` = '61ME4O';
UPDATE `user_registration` SET left_downlines = left_downlines+1
WHERE `user_id` = '61ME4O';
UPDATE `user_registration` SET total_downlines = total_downlines+1
WHERE `user_id` = 'WS1SZZ';
UPDATE `user_registration` SET left_downlines = left_downlines+1
WHERE `user_id` = 'WS1SZZ';
UPDATE `user_registration` SET total_downlines = total_downlines+1
WHERE `user_id` = 'TBN4MZ';
UPDATE `user_registration` SET left_downlines = left_downlines+1
WHERE `user_id` = 'TBN4MZ';
UPDATE `user_registration` SET total_downlines = total_downlines+1
WHERE `user_id` = 'OEMJ8R';
UPDATE `user_registration` SET left_downlines = left_downlines+1
WHERE `user_id` = 'OEMJ8R';
UPDATE `user_registration` SET total_downlines = total_downlines+1
WHERE `user_id` = 'FXAYIE';
UPDATE `user_registration` SET left_downlines = left_downlines+1
WHERE `user_id` = 'FXAYIE';
UPDATE `user_registration` SET total_downlines = total_downlines+1
WHERE `user_id` = 'ELXZWC';
UPDATE `user_registration` SET left_downlines = left_downlines+1
WHERE `user_id` = 'ELXZWC';
UPDATE `user_registration` SET total_downlines = total_downlines+1
WHERE `user_id` = 'C1TQVI';
UPDATE `user_registration` SET left_downlines = left_downlines+1
WHERE `user_id` = 'C1TQVI';
UPDATE `user_registration` SET total_downlines = total_downlines+1
WHERE `user_id` = 'F5GPDF';
UPDATE `user_registration` SET left_downlines = left_downlines+1
WHERE `user_id` = 'F5GPDF';
UPDATE `user_registration` SET total_downlines = total_downlines+1
WHERE `user_id` = '91PYDK';
UPDATE `user_registration` SET left_downlines = left_downlines+1
WHERE `user_id` = '91PYDK';
UPDATE `user_registration` SET total_downlines = total_downlines+1
WHERE `user_id` = '4OT7RX';
UPDATE `user_registration` SET left_downlines = left_downlines+1
WHERE `user_id` = '4OT7RX';
UPDATE `user_registration` SET total_downlines = total_downlines+1
WHERE `user_id` = 'ZJZA3M';
UPDATE `user_registration` SET left_downlines = left_downlines+1
WHERE `user_id` = 'ZJZA3M';
UPDATE `user_registration` SET total_downlines = total_downlines+1
WHERE `user_id` = 'XN6ETC';
UPDATE `user_registration` SET left_downlines = left_downlines+1
WHERE `user_id` = 'XN6ETC';
UPDATE `user_registration` SET total_downlines = total_downlines+1
WHERE `user_id` = 'KVQN1O';
UPDATE `user_registration` SET left_downlines = left_downlines+1
WHERE `user_id` = 'KVQN1O';
UPDATE `user_registration` SET total_downlines = total_downlines+1
WHERE `user_id` = 'X3V7DJ';
UPDATE `user_registration` SET left_downlines = left_downlines+1
WHERE `user_id` = 'X3V7DJ';
UPDATE `user_registration` SET total_downlines = total_downlines+1
WHERE `user_id` = 'DJ77NH';
UPDATE `user_registration` SET left_downlines = left_downlines+1
WHERE `user_id` = 'DJ77NH';
UPDATE `user_registration` SET total_downlines = total_downlines+1
WHERE `user_id` = 'PX7XCL';
UPDATE `user_registration` SET left_downlines = left_downlines+1
WHERE `user_id` = 'PX7XCL';
UPDATE `user_registration` SET total_downlines = total_downlines+1
WHERE `user_id` = 'L8PM4Z';
UPDATE `user_registration` SET left_downlines = left_downlines+1
WHERE `user_id` = 'L8PM4Z';
UPDATE `user_registration` SET total_downlines = total_downlines+1
WHERE `user_id` = 'GBSIER';
UPDATE `user_registration` SET left_downlines = left_downlines+1
WHERE `user_id` = 'GBSIER';
UPDATE `user_registration` SET total_downlines = total_downlines+1
WHERE `user_id` = 'AV48YQ';
UPDATE `user_registration` SET left_downlines = left_downlines+1
WHERE `user_id` = 'AV48YQ';
UPDATE `user_registration` SET total_downlines = total_downlines+1
WHERE `user_id` = 'admin';
UPDATE `user_registration` SET left_downlines = left_downlines+1
WHERE `user_id` = 'admin';
INSERT INTO `investment` (`invest_date`, `user_id`, `type`, `amount`, `package_id`) VALUES ('2024-09-26 09:21:40', 'R5QKTJ', 'register', '595', '2');
INSERT INTO `earnings` (`user_id`, `Purchaser_id`, `earning_type`, `package_id`, `amount`, `date`, `comments`, `invest_amount`, `comm_perc`, `level`, `rank_id`, `order_id`) VALUES ('HI62BI', 'R5QKTJ', 'Direct Referral Bonus', '2', '100', '2024-09-26 09:21:40', 'Direct Referral Bonus', 0, 0, 1, '', 122);
UPDATE `user_registration` SET commission_balance = ROUND(commission_balance + 100,2)
WHERE `user_id` = 'HI62BI';
INSERT INTO `earnings` (`user_id`, `Purchaser_id`, `earning_type`, `package_id`, `amount`, `date`, `comments`, `invest_amount`, `comm_perc`, `level`, `rank_id`, `order_id`) VALUES ('S56TH3', 'R5QKTJ', 'Expansion Bonus', '2', 100, '2024-09-26 09:21:40', 'Expansion Bonus', '100', 0, 1, '', 122);
UPDATE `user_registration` SET commission_balance = ROUND(commission_balance + 100,2)
WHERE `user_id` = 'S56TH3';
INSERT INTO `earnings` (`user_id`, `Purchaser_id`, `earning_type`, `package_id`, `amount`, `date`, `comments`, `invest_amount`, `comm_perc`, `level`, `rank_id`, `order_id`) VALUES ('admin', 'R5QKTJ', 'Expansion Bonus', '2', 100, '2024-09-26 09:21:40', 'Expansion Bonus', 200, 0, 1, '', 122);
UPDATE `user_registration` SET commission_balance = ROUND(commission_balance + 100,2)
WHERE `user_id` = 'admin';
INSERT INTO `matrix_filling` (`placement_id`, `downline_id`, `level`, `matrix`) VALUES ('MFRGPZ', 'R5QKTJ', 1, 1);
UPDATE `bv_updation` SET right_carry = right_carry+50, total_right = total_right+50
WHERE `user_id` = 'MFRGPZ';
INSERT INTO `placement_bv_update_history` (`right_carry`, `date`, `from_id`, `user_id`) VALUES ('50', '2024-09-26 09:21:40', 'R5QKTJ', 'MFRGPZ');
INSERT INTO `matrix_filling` (`placement_id`, `downline_id`, `level`, `matrix`) VALUES ('4OR55J', 'R5QKTJ', 2, 1);
INSERT INTO `matrix_filling` (`placement_id`, `downline_id`, `level`, `matrix`) VALUES ('1H17TW', 'R5QKTJ', 3, 1);
UPDATE `bv_updation` SET right_carry = right_carry+50, total_right = total_right+50
WHERE `user_id` = '1H17TW';
INSERT INTO `placement_bv_update_history` (`right_carry`, `date`, `from_id`, `user_id`) VALUES ('50', '2024-09-26 09:21:40', 'R5QKTJ', '1H17TW');
INSERT INTO `matrix_filling` (`placement_id`, `downline_id`, `level`, `matrix`) VALUES ('QM7JIM', 'R5QKTJ', 4, 1);
UPDATE `bv_updation` SET right_carry = right_carry+50, total_right = total_right+50
WHERE `user_id` = 'QM7JIM';
INSERT INTO `placement_bv_update_history` (`right_carry`, `date`, `from_id`, `user_id`) VALUES ('50', '2024-09-26 09:21:40', 'R5QKTJ', 'QM7JIM');
INSERT INTO `matrix_filling` (`placement_id`, `downline_id`, `level`, `matrix`) VALUES ('P7L6OE', 'R5QKTJ', 5, 1);
UPDATE `bv_updation` SET right_carry = right_carry+50, total_right = total_right+50
WHERE `user_id` = 'P7L6OE';
INSERT INTO `placement_bv_update_history` (`right_carry`, `date`, `from_id`, `user_id`) VALUES ('50', '2024-09-26 09:21:40', 'R5QKTJ', 'P7L6OE');
INSERT INTO `matrix_filling` (`placement_id`, `downline_id`, `level`, `matrix`) VALUES ('Z34OQI', 'R5QKTJ', 6, 1);
UPDATE `bv_updation` SET right_carry = right_carry+50, total_right = total_right+50
WHERE `user_id` = 'Z34OQI';
INSERT INTO `placement_bv_update_history` (`right_carry`, `date`, `from_id`, `user_id`) VALUES ('50', '2024-09-26 09:21:40', 'R5QKTJ', 'Z34OQI');
INSERT INTO `matrix_filling` (`placement_id`, `downline_id`, `level`, `matrix`) VALUES ('5K7DS2', 'R5QKTJ', 7, 1);
INSERT INTO `matrix_filling` (`placement_id`, `downline_id`, `level`, `matrix`) VALUES ('HI62BI', 'R5QKTJ', 8, 1);
INSERT INTO `matrix_filling` (`placement_id`, `downline_id`, `level`, `matrix`) VALUES ('1FFFBU', 'R5QKTJ', 9, 1);
UPDATE `bv_updation` SET right_carry = right_carry+50, total_right = total_right+50
WHERE `user_id` = '1FFFBU';
INSERT INTO `placement_bv_update_history` (`right_carry`, `date`, `from_id`, `user_id`) VALUES ('50', '2024-09-26 09:21:40', 'R5QKTJ', '1FFFBU');
INSERT INTO `matrix_filling` (`placement_id`, `downline_id`, `level`, `matrix`) VALUES ('J4CGUT', 'R5QKTJ', 10, 1);
UPDATE `bv_updation` SET left_carry = left_carry+50, total_left = total_left+50
WHERE `user_id` = 'J4CGUT';
INSERT INTO `placement_bv_update_history` (`left_carry`, `date`, `from_id`, `user_id`) VALUES ('50', '2024-09-26 09:21:40', 'R5QKTJ', 'J4CGUT');
INSERT INTO `matrix_filling` (`placement_id`, `downline_id`, `level`, `matrix`) VALUES ('S1RTX3', 'R5QKTJ', 11, 1);
UPDATE `bv_updation` SET left_carry = left_carry+50, total_left = total_left+50
WHERE `user_id` = 'S1RTX3';
INSERT INTO `placement_bv_update_history` (`left_carry`, `date`, `from_id`, `user_id`) VALUES ('50', '2024-09-26 09:21:40', 'R5QKTJ', 'S1RTX3');
INSERT INTO `matrix_filling` (`placement_id`, `downline_id`, `level`, `matrix`) VALUES ('I8YWQA', 'R5QKTJ', 12, 1);
UPDATE `bv_updation` SET left_carry = left_carry+50, total_left = total_left+50
WHERE `user_id` = 'I8YWQA';
INSERT INTO `placement_bv_update_history` (`left_carry`, `date`, `from_id`, `user_id`) VALUES ('50', '2024-09-26 09:21:40', 'R5QKTJ', 'I8YWQA');
INSERT INTO `matrix_filling` (`placement_id`, `downline_id`, `level`, `matrix`) VALUES ('I3MZBU', 'R5QKTJ', 13, 1);
UPDATE `bv_updation` SET left_carry = left_carry+50, total_left = total_left+50
WHERE `user_id` = 'I3MZBU';
INSERT INTO `placement_bv_update_history` (`left_carry`, `date`, `from_id`, `user_id`) VALUES ('50', '2024-09-26 09:21:40', 'R5QKTJ', 'I3MZBU');
INSERT INTO `matrix_filling` (`placement_id`, `downline_id`, `level`, `matrix`) VALUES ('H2I33O', 'R5QKTJ', 14, 1);
UPDATE `bv_updation` SET left_carry = left_carry+50, total_left = total_left+50
WHERE `user_id` = 'H2I33O';
INSERT INTO `placement_bv_update_history` (`left_carry`, `date`, `from_id`, `user_id`) VALUES ('50', '2024-09-26 09:21:40', 'R5QKTJ', 'H2I33O');
INSERT INTO `matrix_filling` (`placement_id`, `downline_id`, `level`, `matrix`) VALUES ('AL7XWH', 'R5QKTJ', 15, 1);
UPDATE `bv_updation` SET left_carry = left_carry+50, total_left = total_left+50
WHERE `user_id` = 'AL7XWH';
INSERT INTO `placement_bv_update_history` (`left_carry`, `date`, `from_id`, `user_id`) VALUES ('50', '2024-09-26 09:21:40', 'R5QKTJ', 'AL7XWH');
INSERT INTO `matrix_filling` (`placement_id`, `downline_id`, `level`, `matrix`) VALUES ('HFZ9SA', 'R5QKTJ', 16, 1);
UPDATE `bv_updation` SET left_carry = left_carry+50, total_left = total_left+50
WHERE `user_id` = 'HFZ9SA';
INSERT INTO `placement_bv_update_history` (`left_carry`, `date`, `from_id`, `user_id`) VALUES ('50', '2024-09-26 09:21:40', 'R5QKTJ', 'HFZ9SA');
INSERT INTO `matrix_filling` (`placement_id`, `downline_id`, `level`, `matrix`) VALUES ('A2MTZ3', 'R5QKTJ', 17, 1);
UPDATE `bv_updation` SET left_carry = left_carry+50, total_left = total_left+50
WHERE `user_id` = 'A2MTZ3';
INSERT INTO `placement_bv_update_history` (`left_carry`, `date`, `from_id`, `user_id`) VALUES ('50', '2024-09-26 09:21:40', 'R5QKTJ', 'A2MTZ3');
INSERT INTO `matrix_filling` (`placement_id`, `downline_id`, `level`, `matrix`) VALUES ('RUEKCW', 'R5QKTJ', 18, 1);
UPDATE `bv_updation` SET left_carry = left_carry+50, total_left = total_left+50
WHERE `user_id` = 'RUEKCW';
INSERT INTO `placement_bv_update_history` (`left_carry`, `date`, `from_id`, `user_id`) VALUES ('50', '2024-09-26 09:21:40', 'R5QKTJ', 'RUEKCW');
INSERT INTO `matrix_filling` (`placement_id`, `downline_id`, `level`, `matrix`) VALUES ('K3GTG4', 'R5QKTJ', 19, 1);
UPDATE `bv_updation` SET left_carry = left_carry+50, total_left = total_left+50
WHERE `user_id` = 'K3GTG4';
INSERT INTO `placement_bv_update_history` (`left_carry`, `date`, `from_id`, `user_id`) VALUES ('50', '2024-09-26 09:21:40', 'R5QKTJ', 'K3GTG4');
INSERT INTO `matrix_filling` (`placement_id`, `downline_id`, `level`, `matrix`) VALUES ('I1TUBN', 'R5QKTJ', 20, 1);
UPDATE `bv_updation` SET left_carry = left_carry+50, total_left = total_left+50
WHERE `user_id` = 'I1TUBN';
INSERT INTO `placement_bv_update_history` (`left_carry`, `date`, `from_id`, `user_id`) VALUES ('50', '2024-09-26 09:21:40', 'R5QKTJ', 'I1TUBN');
INSERT INTO `matrix_filling` (`placement_id`, `downline_id`, `level`, `matrix`) VALUES ('BAUCCU', 'R5QKTJ', 21, 1);
UPDATE `bv_updation` SET left_carry = left_carry+50, total_left = total_left+50
WHERE `user_id` = 'BAUCCU';
INSERT INTO `placement_bv_update_history` (`left_carry`, `date`, `from_id`, `user_id`) VALUES ('50', '2024-09-26 09:21:40', 'R5QKTJ', 'BAUCCU');
INSERT INTO `matrix_filling` (`placement_id`, `downline_id`, `level`, `matrix`) VALUES ('62QO97', 'R5QKTJ', 22, 1);
UPDATE `bv_updation` SET left_carry = left_carry+50, total_left = total_left+50
WHERE `user_id` = '62QO97';
INSERT INTO `placement_bv_update_history` (`left_carry`, `date`, `from_id`, `user_id`) VALUES ('50', '2024-09-26 09:21:40', 'R5QKTJ', '62QO97');
INSERT INTO `matrix_filling` (`placement_id`, `downline_id`, `level`, `matrix`) VALUES ('OHLQEO', 'R5QKTJ', 23, 1);
UPDATE `bv_updation` SET left_carry = left_carry+50, total_left = total_left+50
WHERE `user_id` = 'OHLQEO';
INSERT INTO `placement_bv_update_history` (`left_carry`, `date`, `from_id`, `user_id`) VALUES ('50', '2024-09-26 09:21:40', 'R5QKTJ', 'OHLQEO');
INSERT INTO `matrix_filling` (`placement_id`, `downline_id`, `level`, `matrix`) VALUES ('7APFKG', 'R5QKTJ', 24, 1);
UPDATE `bv_updation` SET left_carry = left_carry+50, total_left = total_left+50
WHERE `user_id` = '7APFKG';
INSERT INTO `placement_bv_update_history` (`left_carry`, `date`, `from_id`, `user_id`) VALUES ('50', '2024-09-26 09:21:40', 'R5QKTJ', '7APFKG');
INSERT INTO `matrix_filling` (`placement_id`, `downline_id`, `level`, `matrix`) VALUES ('Q2Q92Y', 'R5QKTJ', 25, 1);
UPDATE `bv_updation` SET left_carry = left_carry+50, total_left = total_left+50
WHERE `user_id` = 'Q2Q92Y';
INSERT INTO `placement_bv_update_history` (`left_carry`, `date`, `from_id`, `user_id`) VALUES ('50', '2024-09-26 09:21:40', 'R5QKTJ', 'Q2Q92Y');
INSERT INTO `matrix_filling` (`placement_id`, `downline_id`, `level`, `matrix`) VALUES ('E9ITRC', 'R5QKTJ', 26, 1);
UPDATE `bv_updation` SET left_carry = left_carry+50, total_left = total_left+50
WHERE `user_id` = 'E9ITRC';
INSERT INTO `placement_bv_update_history` (`left_carry`, `date`, `from_id`, `user_id`) VALUES ('50', '2024-09-26 09:21:40', 'R5QKTJ', 'E9ITRC');
INSERT INTO `matrix_filling` (`placement_id`, `downline_id`, `level`, `matrix`) VALUES ('7COKBB', 'R5QKTJ', 27, 1);
UPDATE `bv_updation` SET left_carry = left_carry+50, total_left = total_left+50
WHERE `user_id` = '7COKBB';
INSERT INTO `placement_bv_update_history` (`left_carry`, `date`, `from_id`, `user_id`) VALUES ('50', '2024-09-26 09:21:40', 'R5QKTJ', '7COKBB');
INSERT INTO `matrix_filling` (`placement_id`, `downline_id`, `level`, `matrix`) VALUES ('BDNS17', 'R5QKTJ', 28, 1);
UPDATE `bv_updation` SET left_carry = left_carry+50, total_left = total_left+50
WHERE `user_id` = 'BDNS17';
INSERT INTO `placement_bv_update_history` (`left_carry`, `date`, `from_id`, `user_id`) VALUES ('50', '2024-09-26 09:21:40', 'R5QKTJ', 'BDNS17');
INSERT INTO `matrix_filling` (`placement_id`, `downline_id`, `level`, `matrix`) VALUES ('7ZXRRE', 'R5QKTJ', 29, 1);
UPDATE `bv_updation` SET left_carry = left_carry+50, total_left = total_left+50
WHERE `user_id` = '7ZXRRE';
INSERT INTO `placement_bv_update_history` (`left_carry`, `date`, `from_id`, `user_id`) VALUES ('50', '2024-09-26 09:21:40', 'R5QKTJ', '7ZXRRE');
INSERT INTO `matrix_filling` (`placement_id`, `downline_id`, `level`, `matrix`) VALUES ('KLRAF5', 'R5QKTJ', 30, 1);
UPDATE `bv_updation` SET left_carry = left_carry+50, total_left = total_left+50
WHERE `user_id` = 'KLRAF5';
INSERT INTO `placement_bv_update_history` (`left_carry`, `date`, `from_id`, `user_id`) VALUES ('50', '2024-09-26 09:21:40', 'R5QKTJ', 'KLRAF5');
INSERT INTO `matrix_filling` (`placement_id`, `downline_id`, `level`, `matrix`) VALUES ('IFJHZG', 'R5QKTJ', 31, 1);
UPDATE `bv_updation` SET left_carry = left_carry+50, total_left = total_left+50
WHERE `user_id` = 'IFJHZG';
INSERT INTO `placement_bv_update_history` (`left_carry`, `date`, `from_id`, `user_id`) VALUES ('50', '2024-09-26 09:21:40', 'R5QKTJ', 'IFJHZG');
INSERT INTO `matrix_filling` (`placement_id`, `downline_id`, `level`, `matrix`) VALUES ('MXUV8Q', 'R5QKTJ', 32, 1);
UPDATE `bv_updation` SET left_carry = left_carry+50, total_left = total_left+50
WHERE `user_id` = 'MXUV8Q';
INSERT INTO `placement_bv_update_history` (`left_carry`, `date`, `from_id`, `user_id`) VALUES ('50', '2024-09-26 09:21:40', 'R5QKTJ', 'MXUV8Q');
INSERT INTO `matrix_filling` (`placement_id`, `downline_id`, `level`, `matrix`) VALUES ('GGM164', 'R5QKTJ', 33, 1);
UPDATE `bv_updation` SET left_carry = left_carry+50, total_left = total_left+50
WHERE `user_id` = 'GGM164';
INSERT INTO `placement_bv_update_history` (`left_carry`, `date`, `from_id`, `user_id`) VALUES ('50', '2024-09-26 09:21:40', 'R5QKTJ', 'GGM164');
INSERT INTO `matrix_filling` (`placement_id`, `downline_id`, `level`, `matrix`) VALUES ('3NKIEX', 'R5QKTJ', 34, 1);
UPDATE `bv_updation` SET left_carry = left_carry+50, total_left = total_left+50
WHERE `user_id` = '3NKIEX';
INSERT INTO `placement_bv_update_history` (`left_carry`, `date`, `from_id`, `user_id`) VALUES ('50', '2024-09-26 09:21:40', 'R5QKTJ', '3NKIEX');
INSERT INTO `matrix_filling` (`placement_id`, `downline_id`, `level`, `matrix`) VALUES ('S56TH3', 'R5QKTJ', 35, 1);
UPDATE `bv_updation` SET left_carry = left_carry+50, total_left = total_left+50
WHERE `user_id` = 'S56TH3';
INSERT INTO `placement_bv_update_history` (`left_carry`, `date`, `from_id`, `user_id`) VALUES ('50', '2024-09-26 09:21:40', 'R5QKTJ', 'S56TH3');
INSERT INTO `matrix_filling` (`placement_id`, `downline_id`, `level`, `matrix`) VALUES ('XYG89U', 'R5QKTJ', 36, 1);
UPDATE `bv_updation` SET left_carry = left_carry+50, total_left = total_left+50
WHERE `user_id` = 'XYG89U';
INSERT INTO `placement_bv_update_history` (`left_carry`, `date`, `from_id`, `user_id`) VALUES ('50', '2024-09-26 09:21:40', 'R5QKTJ', 'XYG89U');
INSERT INTO `matrix_filling` (`placement_id`, `downline_id`, `level`, `matrix`) VALUES ('HTFY93', 'R5QKTJ', 37, 1);
UPDATE `bv_updation` SET left_carry = left_carry+50, total_left = total_left+50
WHERE `user_id` = 'HTFY93';
INSERT INTO `placement_bv_update_history` (`left_carry`, `date`, `from_id`, `user_id`) VALUES ('50', '2024-09-26 09:21:40', 'R5QKTJ', 'HTFY93');
INSERT INTO `matrix_filling` (`placement_id`, `downline_id`, `level`, `matrix`) VALUES ('3PR393', 'R5QKTJ', 38, 1);
UPDATE `bv_updation` SET left_carry = left_carry+50, total_left = total_left+50
WHERE `user_id` = '3PR393';
INSERT INTO `placement_bv_update_history` (`left_carry`, `date`, `from_id`, `user_id`) VALUES ('50', '2024-09-26 09:21:40', 'R5QKTJ', '3PR393');
INSERT INTO `matrix_filling` (`placement_id`, `downline_id`, `level`, `matrix`) VALUES ('T3MRY1', 'R5QKTJ', 39, 1);
UPDATE `bv_updation` SET left_carry = left_carry+50, total_left = total_left+50
WHERE `user_id` = 'T3MRY1';
INSERT INTO `placement_bv_update_history` (`left_carry`, `date`, `from_id`, `user_id`) VALUES ('50', '2024-09-26 09:21:40', 'R5QKTJ', 'T3MRY1');
INSERT INTO `matrix_filling` (`placement_id`, `downline_id`, `level`, `matrix`) VALUES ('GTMCCK', 'R5QKTJ', 40, 1);
UPDATE `bv_updation` SET left_carry = left_carry+50, total_left = total_left+50
WHERE `user_id` = 'GTMCCK';
INSERT INTO `placement_bv_update_history` (`left_carry`, `date`, `from_id`, `user_id`) VALUES ('50', '2024-09-26 09:21:40', 'R5QKTJ', 'GTMCCK');
INSERT INTO `matrix_filling` (`placement_id`, `downline_id`, `level`, `matrix`) VALUES ('DLYMIF', 'R5QKTJ', 41, 1);
UPDATE `bv_updation` SET left_carry = left_carry+50, total_left = total_left+50
WHERE `user_id` = 'DLYMIF';
INSERT INTO `placement_bv_update_history` (`left_carry`, `date`, `from_id`, `user_id`) VALUES ('50', '2024-09-26 09:21:40', 'R5QKTJ', 'DLYMIF');
INSERT INTO `matrix_filling` (`placement_id`, `downline_id`, `level`, `matrix`) VALUES ('WGJ5KE', 'R5QKTJ', 42, 1);
UPDATE `bv_updation` SET left_carry = left_carry+50, total_left = total_left+50
WHERE `user_id` = 'WGJ5KE';
INSERT INTO `placement_bv_update_history` (`left_carry`, `date`, `from_id`, `user_id`) VALUES ('50', '2024-09-26 09:21:40', 'R5QKTJ', 'WGJ5KE');
INSERT INTO `matrix_filling` (`placement_id`, `downline_id`, `level`, `matrix`) VALUES ('ORRJ3M', 'R5QKTJ', 43, 1);
UPDATE `bv_updation` SET left_carry = left_carry+50, total_left = total_left+50
WHERE `user_id` = 'ORRJ3M';
INSERT INTO `placement_bv_update_history` (`left_carry`, `date`, `from_id`, `user_id`) VALUES ('50', '2024-09-26 09:21:40', 'R5QKTJ', 'ORRJ3M');
INSERT INTO `matrix_filling` (`placement_id`, `downline_id`, `level`, `matrix`) VALUES ('AA8V6V', 'R5QKTJ', 44, 1);
UPDATE `bv_updation` SET left_carry = left_carry+50, total_left = total_left+50
WHERE `user_id` = 'AA8V6V';
INSERT INTO `placement_bv_update_history` (`left_carry`, `date`, `from_id`, `user_id`) VALUES ('50', '2024-09-26 09:21:40', 'R5QKTJ', 'AA8V6V');
INSERT INTO `matrix_filling` (`placement_id`, `downline_id`, `level`, `matrix`) VALUES ('61ME4O', 'R5QKTJ', 45, 1);
UPDATE `bv_updation` SET left_carry = left_carry+50, total_left = total_left+50
WHERE `user_id` = '61ME4O';
INSERT INTO `placement_bv_update_history` (`left_carry`, `date`, `from_id`, `user_id`) VALUES ('50', '2024-09-26 09:21:40', 'R5QKTJ', '61ME4O');
INSERT INTO `matrix_filling` (`placement_id`, `downline_id`, `level`, `matrix`) VALUES ('WS1SZZ', 'R5QKTJ', 46, 1);
UPDATE `bv_updation` SET left_carry = left_carry+50, total_left = total_left+50
WHERE `user_id` = 'WS1SZZ';
INSERT INTO `placement_bv_update_history` (`left_carry`, `date`, `from_id`, `user_id`) VALUES ('50', '2024-09-26 09:21:40', 'R5QKTJ', 'WS1SZZ');
INSERT INTO `matrix_filling` (`placement_id`, `downline_id`, `level`, `matrix`) VALUES ('TBN4MZ', 'R5QKTJ', 47, 1);
UPDATE `bv_updation` SET left_carry = left_carry+50, total_left = total_left+50
WHERE `user_id` = 'TBN4MZ';
INSERT INTO `placement_bv_update_history` (`left_carry`, `date`, `from_id`, `user_id`) VALUES ('50', '2024-09-26 09:21:40', 'R5QKTJ', 'TBN4MZ');
INSERT INTO `matrix_filling` (`placement_id`, `downline_id`, `level`, `matrix`) VALUES ('OEMJ8R', 'R5QKTJ', 48, 1);
UPDATE `bv_updation` SET left_carry = left_carry+50, total_left = total_left+50
WHERE `user_id` = 'OEMJ8R';
INSERT INTO `placement_bv_update_history` (`left_carry`, `date`, `from_id`, `user_id`) VALUES ('50', '2024-09-26 09:21:40', 'R5QKTJ', 'OEMJ8R');
INSERT INTO `matrix_filling` (`placement_id`, `downline_id`, `level`, `matrix`) VALUES ('FXAYIE', 'R5QKTJ', 49, 1);
UPDATE `bv_updation` SET left_carry = left_carry+50, total_left = total_left+50
WHERE `user_id` = 'FXAYIE';
INSERT INTO `placement_bv_update_history` (`left_carry`, `date`, `from_id`, `user_id`) VALUES ('50', '2024-09-26 09:21:40', 'R5QKTJ', 'FXAYIE');
INSERT INTO `matrix_filling` (`placement_id`, `downline_id`, `level`, `matrix`) VALUES ('ELXZWC', 'R5QKTJ', 50, 1);
UPDATE `bv_updation` SET left_carry = left_carry+50, total_left = total_left+50
WHERE `user_id` = 'ELXZWC';
INSERT INTO `placement_bv_update_history` (`left_carry`, `date`, `from_id`, `user_id`) VALUES ('50', '2024-09-26 09:21:40', 'R5QKTJ', 'ELXZWC');
INSERT INTO `matrix_filling` (`placement_id`, `downline_id`, `level`, `matrix`) VALUES ('C1TQVI', 'R5QKTJ', 51, 1);
UPDATE `bv_updation` SET left_carry = left_carry+50, total_left = total_left+50
WHERE `user_id` = 'C1TQVI';
INSERT INTO `placement_bv_update_history` (`left_carry`, `date`, `from_id`, `user_id`) VALUES ('50', '2024-09-26 09:21:40', 'R5QKTJ', 'C1TQVI');
INSERT INTO `matrix_filling` (`placement_id`, `downline_id`, `level`, `matrix`) VALUES ('F5GPDF', 'R5QKTJ', 52, 1);
UPDATE `bv_updation` SET left_carry = left_carry+50, total_left = total_left+50
WHERE `user_id` = 'F5GPDF';
INSERT INTO `placement_bv_update_history` (`left_carry`, `date`, `from_id`, `user_id`) VALUES ('50', '2024-09-26 09:21:40', 'R5QKTJ', 'F5GPDF');
INSERT INTO `matrix_filling` (`placement_id`, `downline_id`, `level`, `matrix`) VALUES ('91PYDK', 'R5QKTJ', 53, 1);
UPDATE `bv_updation` SET left_carry = left_carry+50, total_left = total_left+50
WHERE `user_id` = '91PYDK';
INSERT INTO `placement_bv_update_history` (`left_carry`, `date`, `from_id`, `user_id`) VALUES ('50', '2024-09-26 09:21:40', 'R5QKTJ', '91PYDK');
INSERT INTO `matrix_filling` (`placement_id`, `downline_id`, `level`, `matrix`) VALUES ('4OT7RX', 'R5QKTJ', 54, 1);
UPDATE `bv_updation` SET left_carry = left_carry+50, total_left = total_left+50
WHERE `user_id` = '4OT7RX';
INSERT INTO `placement_bv_update_history` (`left_carry`, `date`, `from_id`, `user_id`) VALUES ('50', '2024-09-26 09:21:40', 'R5QKTJ', '4OT7RX');
INSERT INTO `matrix_filling` (`placement_id`, `downline_id`, `level`, `matrix`) VALUES ('ZJZA3M', 'R5QKTJ', 55, 1);
UPDATE `bv_updation` SET left_carry = left_carry+50, total_left = total_left+50
WHERE `user_id` = 'ZJZA3M';
INSERT INTO `placement_bv_update_history` (`left_carry`, `date`, `from_id`, `user_id`) VALUES ('50', '2024-09-26 09:21:40', 'R5QKTJ', 'ZJZA3M');
INSERT INTO `matrix_filling` (`placement_id`, `downline_id`, `level`, `matrix`) VALUES ('XN6ETC', 'R5QKTJ', 56, 1);
UPDATE `bv_updation` SET left_carry = left_carry+50, total_left = total_left+50
WHERE `user_id` = 'XN6ETC';
INSERT INTO `placement_bv_update_history` (`left_carry`, `date`, `from_id`, `user_id`) VALUES ('50', '2024-09-26 09:21:40', 'R5QKTJ', 'XN6ETC');
INSERT INTO `matrix_filling` (`placement_id`, `downline_id`, `level`, `matrix`) VALUES ('KVQN1O', 'R5QKTJ', 57, 1);
UPDATE `bv_updation` SET left_carry = left_carry+50, total_left = total_left+50
WHERE `user_id` = 'KVQN1O';
INSERT INTO `placement_bv_update_history` (`left_carry`, `date`, `from_id`, `user_id`) VALUES ('50', '2024-09-26 09:21:40', 'R5QKTJ', 'KVQN1O');
INSERT INTO `matrix_filling` (`placement_id`, `downline_id`, `level`, `matrix`) VALUES ('X3V7DJ', 'R5QKTJ', 58, 1);
UPDATE `bv_updation` SET left_carry = left_carry+50, total_left = total_left+50
WHERE `user_id` = 'X3V7DJ';
INSERT INTO `placement_bv_update_history` (`left_carry`, `date`, `from_id`, `user_id`) VALUES ('50', '2024-09-26 09:21:40', 'R5QKTJ', 'X3V7DJ');
INSERT INTO `matrix_filling` (`placement_id`, `downline_id`, `level`, `matrix`) VALUES ('DJ77NH', 'R5QKTJ', 59, 1);
UPDATE `bv_updation` SET left_carry = left_carry+50, total_left = total_left+50
WHERE `user_id` = 'DJ77NH';
INSERT INTO `placement_bv_update_history` (`left_carry`, `date`, `from_id`, `user_id`) VALUES ('50', '2024-09-26 09:21:40', 'R5QKTJ', 'DJ77NH');
INSERT INTO `matrix_filling` (`placement_id`, `downline_id`, `level`, `matrix`) VALUES ('PX7XCL', 'R5QKTJ', 60, 1);
UPDATE `bv_updation` SET left_carry = left_carry+50, total_left = total_left+50
WHERE `user_id` = 'PX7XCL';
INSERT INTO `placement_bv_update_history` (`left_carry`, `date`, `from_id`, `user_id`) VALUES ('50', '2024-09-26 09:21:40', 'R5QKTJ', 'PX7XCL');
INSERT INTO `matrix_filling` (`placement_id`, `downline_id`, `level`, `matrix`) VALUES ('L8PM4Z', 'R5QKTJ', 61, 1);
UPDATE `bv_updation` SET left_carry = left_carry+50, total_left = total_left+50
WHERE `user_id` = 'L8PM4Z';
INSERT INTO `placement_bv_update_history` (`left_carry`, `date`, `from_id`, `user_id`) VALUES ('50', '2024-09-26 09:21:40', 'R5QKTJ', 'L8PM4Z');
INSERT INTO `matrix_filling` (`placement_id`, `downline_id`, `level`, `matrix`) VALUES ('GBSIER', 'R5QKTJ', 62, 1);
UPDATE `bv_updation` SET left_carry = left_carry+50, total_left = total_left+50
WHERE `user_id` = 'GBSIER';
INSERT INTO `placement_bv_update_history` (`left_carry`, `date`, `from_id`, `user_id`) VALUES ('50', '2024-09-26 09:21:40', 'R5QKTJ', 'GBSIER');
INSERT INTO `matrix_filling` (`placement_id`, `downline_id`, `level`, `matrix`) VALUES ('AV48YQ', 'R5QKTJ', 63, 1);
UPDATE `bv_updation` SET left_carry = left_carry+50, total_left = total_left+50
WHERE `user_id` = 'AV48YQ';
INSERT INTO `placement_bv_update_history` (`left_carry`, `date`, `from_id`, `user_id`) VALUES ('50', '2024-09-26 09:21:40', 'R5QKTJ', 'AV48YQ');
INSERT INTO `matrix_filling` (`placement_id`, `downline_id`, `level`, `matrix`) VALUES ('admin', 'R5QKTJ', 64, 1);
INSERT INTO `package_purchase_history` (`user_id`, `package_id`, `reg_fee`, `package_name`, `monthly_fee`, `type`, `date`, `payment_option`) VALUES ('R5QKTJ', '2', '595', 'Traveler Pro', '150', 'sign_up', '2024-09-26 09:21:40', 'free');
UPDATE `user_registration` SET `popup_seen` = 'yes'
WHERE `user_id` = 'HI62BI';
UPDATE `user_registration` SET `uid` = '2558', `user_id` = 'E98RLW', `username` = 'naty7', `sponsor_id` = '1FFFBU', `vacant` = 'no', `f_name` = 'Natalia', `l_name` = 'Crespo', `address` = '8100 sw 14 terr', `position` = 'left', `email` = 'naty7@gmail.com', `password` = '697d331f81e9d12733448bbb4b30885f', `phone` = '7862876762', `country` = 'United States', `state` = 'Florida', `city` = 'Miami', `street` = '8100 sw 14 terr', `zip_code` = '33144', `reg_ip` = '172.70.254.30', `status` = 1, `package_id` = '2', `rank_id` = 1, `highest_rank` = 1, `created` = '2024-09-26 09:22:31', `subscription_date` = '2024-10-26', `google_secret` = 'CR6MVGV4UU3VYDS3'
WHERE `uid` = '2558';
INSERT INTO `user_registration` (`uid`, `user_id`, `username`, `sponsor_id`, `placement_id`, `vacant`, `f_name`, `l_name`, `address`, `position`, `email`, `password`, `phone`, `reg_ip`, `status`, `created`) VALUES (NULL, 'YFOQCB', 'ETdbupsM', 'E98RLW', 'E98RLW', 'yes', '', '', '', 'left', '@mail.com', '', '', '', 0, '2024-09-26 09:22:31');
INSERT INTO `user_registration` (`uid`, `user_id`, `username`, `sponsor_id`, `placement_id`, `vacant`, `f_name`, `l_name`, `address`, `position`, `email`, `password`, `phone`, `reg_ip`, `status`, `created`) VALUES (NULL, 'KEBKJJ', 'vWCflkBO', 'E98RLW', 'E98RLW', 'yes', '', '', '', 'right', '@mail.com', '', '', '', 0, '2024-09-26 09:22:31');
INSERT INTO `bv_updation` (`user_id`) VALUES ('E98RLW');
UPDATE `user_registration` SET total_ref_count = total_ref_count+1
WHERE `user_id` = '1FFFBU';
UPDATE `user_registration` SET total_downlines = total_downlines+1
WHERE `user_id` = 'Y5UHMF';
UPDATE `user_registration` SET left_downlines = left_downlines+1
WHERE `user_id` = 'Y5UHMF';
UPDATE `user_registration` SET total_downlines = total_downlines+1
WHERE `user_id` = '6LMTFA';
UPDATE `user_registration` SET left_downlines = left_downlines+1
WHERE `user_id` = '6LMTFA';
UPDATE `user_registration` SET total_downlines = total_downlines+1
WHERE `user_id` = 'B9GZJZ';
UPDATE `user_registration` SET left_downlines = left_downlines+1
WHERE `user_id` = 'B9GZJZ';
UPDATE `user_registration` SET total_downlines = total_downlines+1
WHERE `user_id` = 'VTD8AZ';
UPDATE `user_registration` SET left_downlines = left_downlines+1
WHERE `user_id` = 'VTD8AZ';
UPDATE `user_registration` SET total_downlines = total_downlines+1
WHERE `user_id` = '3UB84P';
UPDATE `user_registration` SET left_downlines = left_downlines+1
WHERE `user_id` = '3UB84P';
UPDATE `user_registration` SET total_downlines = total_downlines+1
WHERE `user_id` = 'MFMD6M';
UPDATE `user_registration` SET left_downlines = left_downlines+1
WHERE `user_id` = 'MFMD6M';
UPDATE `user_registration` SET total_downlines = total_downlines+1
WHERE `user_id` = '97QHYG';
UPDATE `user_registration` SET left_downlines = left_downlines+1
WHERE `user_id` = '97QHYG';
UPDATE `user_registration` SET total_downlines = total_downlines+1
WHERE `user_id` = 'IW5GAU';
UPDATE `user_registration` SET left_downlines = left_downlines+1
WHERE `user_id` = 'IW5GAU';
UPDATE `user_registration` SET total_downlines = total_downlines+1
WHERE `user_id` = 'JQ3FLF';
UPDATE `user_registration` SET left_downlines = left_downlines+1
WHERE `user_id` = 'JQ3FLF';
UPDATE `user_registration` SET total_downlines = total_downlines+1
WHERE `user_id` = 'C3N32U';
UPDATE `user_registration` SET left_downlines = left_downlines+1
WHERE `user_id` = 'C3N32U';
UPDATE `user_registration` SET total_downlines = total_downlines+1
WHERE `user_id` = 'MNLXPP';
UPDATE `user_registration` SET left_downlines = left_downlines+1
WHERE `user_id` = 'MNLXPP';
UPDATE `user_registration` SET total_downlines = total_downlines+1
WHERE `user_id` = 'NUPA4K';
UPDATE `user_registration` SET left_downlines = left_downlines+1
WHERE `user_id` = 'NUPA4K';
UPDATE `user_registration` SET total_downlines = total_downlines+1
WHERE `user_id` = '1FFFBU';
UPDATE `user_registration` SET left_downlines = left_downlines+1
WHERE `user_id` = '1FFFBU';
UPDATE `user_registration` SET left_ref_count = left_ref_count+1
WHERE `user_id` = '1FFFBU';
UPDATE `user_registration` SET active_left = active_left+1
WHERE `user_id` = '1FFFBU';
UPDATE `user_registration` SET total_downlines = total_downlines+1
WHERE `user_id` = 'J4CGUT';
UPDATE `user_registration` SET left_downlines = left_downlines+1
WHERE `user_id` = 'J4CGUT';
UPDATE `user_registration` SET total_downlines = total_downlines+1
WHERE `user_id` = 'S1RTX3';
UPDATE `user_registration` SET left_downlines = left_downlines+1
WHERE `user_id` = 'S1RTX3';
UPDATE `user_registration` SET total_downlines = total_downlines+1
WHERE `user_id` = 'I8YWQA';
UPDATE `user_registration` SET left_downlines = left_downlines+1
WHERE `user_id` = 'I8YWQA';
UPDATE `user_registration` SET total_downlines = total_downlines+1
WHERE `user_id` = 'I3MZBU';
UPDATE `user_registration` SET left_downlines = left_downlines+1
WHERE `user_id` = 'I3MZBU';
UPDATE `user_registration` SET total_downlines = total_downlines+1
WHERE `user_id` = 'H2I33O';
UPDATE `user_registration` SET left_downlines = left_downlines+1
WHERE `user_id` = 'H2I33O';
UPDATE `user_registration` SET total_downlines = total_downlines+1
WHERE `user_id` = 'AL7XWH';
UPDATE `user_registration` SET left_downlines = left_downlines+1
WHERE `user_id` = 'AL7XWH';
UPDATE `user_registration` SET total_downlines = total_downlines+1
WHERE `user_id` = 'HFZ9SA';
UPDATE `user_registration` SET left_downlines = left_downlines+1
WHERE `user_id` = 'HFZ9SA';
UPDATE `user_registration` SET total_downlines = total_downlines+1
WHERE `user_id` = 'A2MTZ3';
UPDATE `user_registration` SET left_downlines = left_downlines+1
WHERE `user_id` = 'A2MTZ3';
UPDATE `user_registration` SET total_downlines = total_downlines+1
WHERE `user_id` = 'RUEKCW';
UPDATE `user_registration` SET left_downlines = left_downlines+1
WHERE `user_id` = 'RUEKCW';
UPDATE `user_registration` SET total_downlines = total_downlines+1
WHERE `user_id` = 'K3GTG4';
UPDATE `user_registration` SET left_downlines = left_downlines+1
WHERE `user_id` = 'K3GTG4';
UPDATE `user_registration` SET total_downlines = total_downlines+1
WHERE `user_id` = 'I1TUBN';
UPDATE `user_registration` SET left_downlines = left_downlines+1
WHERE `user_id` = 'I1TUBN';
UPDATE `user_registration` SET total_downlines = total_downlines+1
WHERE `user_id` = 'BAUCCU';
UPDATE `user_registration` SET left_downlines = left_downlines+1
WHERE `user_id` = 'BAUCCU';
UPDATE `user_registration` SET total_downlines = total_downlines+1
WHERE `user_id` = '62QO97';
UPDATE `user_registration` SET left_downlines = left_downlines+1
WHERE `user_id` = '62QO97';
UPDATE `user_registration` SET total_downlines = total_downlines+1
WHERE `user_id` = 'OHLQEO';
UPDATE `user_registration` SET left_downlines = left_downlines+1
WHERE `user_id` = 'OHLQEO';
UPDATE `user_registration` SET total_downlines = total_downlines+1
WHERE `user_id` = '7APFKG';
UPDATE `user_registration` SET left_downlines = left_downlines+1
WHERE `user_id` = '7APFKG';
UPDATE `user_registration` SET total_downlines = total_downlines+1
WHERE `user_id` = 'Q2Q92Y';
UPDATE `user_registration` SET left_downlines = left_downlines+1
WHERE `user_id` = 'Q2Q92Y';
UPDATE `user_registration` SET total_downlines = total_downlines+1
WHERE `user_id` = 'E9ITRC';
UPDATE `user_registration` SET left_downlines = left_downlines+1
WHERE `user_id` = 'E9ITRC';
UPDATE `user_registration` SET total_downlines = total_downlines+1
WHERE `user_id` = '7COKBB';
UPDATE `user_registration` SET left_downlines = left_downlines+1
WHERE `user_id` = '7COKBB';
UPDATE `user_registration` SET total_downlines = total_downlines+1
WHERE `user_id` = 'BDNS17';
UPDATE `user_registration` SET left_downlines = left_downlines+1
WHERE `user_id` = 'BDNS17';
UPDATE `user_registration` SET total_downlines = total_downlines+1
WHERE `user_id` = '7ZXRRE';
UPDATE `user_registration` SET left_downlines = left_downlines+1
WHERE `user_id` = '7ZXRRE';
UPDATE `user_registration` SET total_downlines = total_downlines+1
WHERE `user_id` = 'KLRAF5';
UPDATE `user_registration` SET left_downlines = left_downlines+1
WHERE `user_id` = 'KLRAF5';
UPDATE `user_registration` SET total_downlines = total_downlines+1
WHERE `user_id` = 'IFJHZG';
UPDATE `user_registration` SET left_downlines = left_downlines+1
WHERE `user_id` = 'IFJHZG';
UPDATE `user_registration` SET total_downlines = total_downlines+1
WHERE `user_id` = 'MXUV8Q';
UPDATE `user_registration` SET left_downlines = left_downlines+1
WHERE `user_id` = 'MXUV8Q';
UPDATE `user_registration` SET total_downlines = total_downlines+1
WHERE `user_id` = 'GGM164';
UPDATE `user_registration` SET left_downlines = left_downlines+1
WHERE `user_id` = 'GGM164';
UPDATE `user_registration` SET total_downlines = total_downlines+1
WHERE `user_id` = '3NKIEX';
UPDATE `user_registration` SET left_downlines = left_downlines+1
WHERE `user_id` = '3NKIEX';
UPDATE `user_registration` SET total_downlines = total_downlines+1
WHERE `user_id` = 'S56TH3';
UPDATE `user_registration` SET left_downlines = left_downlines+1
WHERE `user_id` = 'S56TH3';
UPDATE `user_registration` SET total_downlines = total_downlines+1
WHERE `user_id` = 'XYG89U';
UPDATE `user_registration` SET left_downlines = left_downlines+1
WHERE `user_id` = 'XYG89U';
UPDATE `user_registration` SET total_downlines = total_downlines+1
WHERE `user_id` = 'HTFY93';
UPDATE `user_registration` SET left_downlines = left_downlines+1
WHERE `user_id` = 'HTFY93';
UPDATE `user_registration` SET total_downlines = total_downlines+1
WHERE `user_id` = '3PR393';
UPDATE `user_registration` SET left_downlines = left_downlines+1
WHERE `user_id` = '3PR393';
UPDATE `user_registration` SET total_downlines = total_downlines+1
WHERE `user_id` = 'T3MRY1';
UPDATE `user_registration` SET left_downlines = left_downlines+1
WHERE `user_id` = 'T3MRY1';
UPDATE `user_registration` SET total_downlines = total_downlines+1
WHERE `user_id` = 'GTMCCK';
UPDATE `user_registration` SET left_downlines = left_downlines+1
WHERE `user_id` = 'GTMCCK';
UPDATE `user_registration` SET total_downlines = total_downlines+1
WHERE `user_id` = 'DLYMIF';
UPDATE `user_registration` SET left_downlines = left_downlines+1
WHERE `user_id` = 'DLYMIF';
UPDATE `user_registration` SET total_downlines = total_downlines+1
WHERE `user_id` = 'WGJ5KE';
UPDATE `user_registration` SET left_downlines = left_downlines+1
WHERE `user_id` = 'WGJ5KE';
UPDATE `user_registration` SET total_downlines = total_downlines+1
WHERE `user_id` = 'ORRJ3M';
UPDATE `user_registration` SET left_downlines = left_downlines+1
WHERE `user_id` = 'ORRJ3M';
UPDATE `user_registration` SET total_downlines = total_downlines+1
WHERE `user_id` = 'AA8V6V';
UPDATE `user_registration` SET left_downlines = left_downlines+1
WHERE `user_id` = 'AA8V6V';
UPDATE `user_registration` SET total_downlines = total_downlines+1
WHERE `user_id` = '61ME4O';
UPDATE `user_registration` SET left_downlines = left_downlines+1
WHERE `user_id` = '61ME4O';
UPDATE `user_registration` SET total_downlines = total_downlines+1
WHERE `user_id` = 'WS1SZZ';
UPDATE `user_registration` SET left_downlines = left_downlines+1
WHERE `user_id` = 'WS1SZZ';
UPDATE `user_registration` SET total_downlines = total_downlines+1
WHERE `user_id` = 'TBN4MZ';
UPDATE `user_registration` SET left_downlines = left_downlines+1
WHERE `user_id` = 'TBN4MZ';
UPDATE `user_registration` SET total_downlines = total_downlines+1
WHERE `user_id` = 'OEMJ8R';
UPDATE `user_registration` SET left_downlines = left_downlines+1
WHERE `user_id` = 'OEMJ8R';
UPDATE `user_registration` SET total_downlines = total_downlines+1
WHERE `user_id` = 'FXAYIE';
UPDATE `user_registration` SET left_downlines = left_downlines+1
WHERE `user_id` = 'FXAYIE';
UPDATE `user_registration` SET total_downlines = total_downlines+1
WHERE `user_id` = 'ELXZWC';
UPDATE `user_registration` SET left_downlines = left_downlines+1
WHERE `user_id` = 'ELXZWC';
UPDATE `user_registration` SET total_downlines = total_downlines+1
WHERE `user_id` = 'C1TQVI';
UPDATE `user_registration` SET left_downlines = left_downlines+1
WHERE `user_id` = 'C1TQVI';
UPDATE `user_registration` SET total_downlines = total_downlines+1
WHERE `user_id` = 'F5GPDF';
UPDATE `user_registration` SET left_downlines = left_downlines+1
WHERE `user_id` = 'F5GPDF';
UPDATE `user_registration` SET total_downlines = total_downlines+1
WHERE `user_id` = '91PYDK';
UPDATE `user_registration` SET left_downlines = left_downlines+1
WHERE `user_id` = '91PYDK';
UPDATE `user_registration` SET total_downlines = total_downlines+1
WHERE `user_id` = '4OT7RX';
UPDATE `user_registration` SET left_downlines = left_downlines+1
WHERE `user_id` = '4OT7RX';
UPDATE `user_registration` SET total_downlines = total_downlines+1
WHERE `user_id` = 'ZJZA3M';
UPDATE `user_registration` SET left_downlines = left_downlines+1
WHERE `user_id` = 'ZJZA3M';
UPDATE `user_registration` SET total_downlines = total_downlines+1
WHERE `user_id` = 'XN6ETC';
UPDATE `user_registration` SET left_downlines = left_downlines+1
WHERE `user_id` = 'XN6ETC';
UPDATE `user_registration` SET total_downlines = total_downlines+1
WHERE `user_id` = 'KVQN1O';
UPDATE `user_registration` SET left_downlines = left_downlines+1
WHERE `user_id` = 'KVQN1O';
UPDATE `user_registration` SET total_downlines = total_downlines+1
WHERE `user_id` = 'X3V7DJ';
UPDATE `user_registration` SET left_downlines = left_downlines+1
WHERE `user_id` = 'X3V7DJ';
UPDATE `user_registration` SET total_downlines = total_downlines+1
WHERE `user_id` = 'DJ77NH';
UPDATE `user_registration` SET left_downlines = left_downlines+1
WHERE `user_id` = 'DJ77NH';
UPDATE `user_registration` SET total_downlines = total_downlines+1
WHERE `user_id` = 'PX7XCL';
UPDATE `user_registration` SET left_downlines = left_downlines+1
WHERE `user_id` = 'PX7XCL';
UPDATE `user_registration` SET total_downlines = total_downlines+1
WHERE `user_id` = 'L8PM4Z';
UPDATE `user_registration` SET left_downlines = left_downlines+1
WHERE `user_id` = 'L8PM4Z';
UPDATE `user_registration` SET total_downlines = total_downlines+1
WHERE `user_id` = 'GBSIER';
UPDATE `user_registration` SET left_downlines = left_downlines+1
WHERE `user_id` = 'GBSIER';
UPDATE `user_registration` SET total_downlines = total_downlines+1
WHERE `user_id` = 'AV48YQ';
UPDATE `user_registration` SET left_downlines = left_downlines+1
WHERE `user_id` = 'AV48YQ';
UPDATE `user_registration` SET total_downlines = total_downlines+1
WHERE `user_id` = 'admin';
UPDATE `user_registration` SET left_downlines = left_downlines+1
WHERE `user_id` = 'admin';
INSERT INTO `investment` (`invest_date`, `user_id`, `type`, `amount`, `package_id`) VALUES ('2024-09-26 09:22:32', 'E98RLW', 'register', '595', '2');
INSERT INTO `earnings` (`user_id`, `Purchaser_id`, `earning_type`, `package_id`, `amount`, `date`, `comments`, `invest_amount`, `comm_perc`, `level`, `rank_id`, `order_id`) VALUES ('1FFFBU', 'E98RLW', 'Direct Referral Bonus', '2', '100', '2024-09-26 09:22:32', 'Direct Referral Bonus', 0, 0, 1, '', 123);
UPDATE `user_registration` SET commission_balance = ROUND(commission_balance + 100,2)
WHERE `user_id` = '1FFFBU';
INSERT INTO `earnings` (`user_id`, `Purchaser_id`, `earning_type`, `package_id`, `amount`, `date`, `comments`, `invest_amount`, `comm_perc`, `level`, `rank_id`, `order_id`) VALUES ('S56TH3', 'E98RLW', 'Expansion Bonus', '2', 100, '2024-09-26 09:22:32', 'Expansion Bonus', '100', 0, 1, '', 123);
UPDATE `user_registration` SET commission_balance = ROUND(commission_balance + 100,2)
WHERE `user_id` = 'S56TH3';
INSERT INTO `earnings` (`user_id`, `Purchaser_id`, `earning_type`, `package_id`, `amount`, `date`, `comments`, `invest_amount`, `comm_perc`, `level`, `rank_id`, `order_id`) VALUES ('admin', 'E98RLW', 'Expansion Bonus', '2', 100, '2024-09-26 09:22:32', 'Expansion Bonus', 200, 0, 1, '', 123);
UPDATE `user_registration` SET commission_balance = ROUND(commission_balance + 100,2)
WHERE `user_id` = 'admin';
INSERT INTO `matrix_filling` (`placement_id`, `downline_id`, `level`, `matrix`) VALUES ('Y5UHMF', 'E98RLW', 1, 1);
UPDATE `bv_updation` SET left_carry = left_carry+50, total_left = total_left+50
WHERE `user_id` = 'Y5UHMF';
INSERT INTO `placement_bv_update_history` (`left_carry`, `date`, `from_id`, `user_id`) VALUES ('50', '2024-09-26 09:22:32', 'E98RLW', 'Y5UHMF');
INSERT INTO `matrix_filling` (`placement_id`, `downline_id`, `level`, `matrix`) VALUES ('6LMTFA', 'E98RLW', 2, 1);
UPDATE `bv_updation` SET left_carry = left_carry+50, total_left = total_left+50
WHERE `user_id` = '6LMTFA';
INSERT INTO `placement_bv_update_history` (`left_carry`, `date`, `from_id`, `user_id`) VALUES ('50', '2024-09-26 09:22:32', 'E98RLW', '6LMTFA');
INSERT INTO `matrix_filling` (`placement_id`, `downline_id`, `level`, `matrix`) VALUES ('B9GZJZ', 'E98RLW', 3, 1);
UPDATE `bv_updation` SET left_carry = left_carry+50, total_left = total_left+50
WHERE `user_id` = 'B9GZJZ';
INSERT INTO `placement_bv_update_history` (`left_carry`, `date`, `from_id`, `user_id`) VALUES ('50', '2024-09-26 09:22:32', 'E98RLW', 'B9GZJZ');
INSERT INTO `matrix_filling` (`placement_id`, `downline_id`, `level`, `matrix`) VALUES ('VTD8AZ', 'E98RLW', 4, 1);
UPDATE `bv_updation` SET left_carry = left_carry+50, total_left = total_left+50
WHERE `user_id` = 'VTD8AZ';
INSERT INTO `placement_bv_update_history` (`left_carry`, `date`, `from_id`, `user_id`) VALUES ('50', '2024-09-26 09:22:32', 'E98RLW', 'VTD8AZ');
INSERT INTO `matrix_filling` (`placement_id`, `downline_id`, `level`, `matrix`) VALUES ('3UB84P', 'E98RLW', 5, 1);
UPDATE `bv_updation` SET left_carry = left_carry+50, total_left = total_left+50
WHERE `user_id` = '3UB84P';
INSERT INTO `placement_bv_update_history` (`left_carry`, `date`, `from_id`, `user_id`) VALUES ('50', '2024-09-26 09:22:32', 'E98RLW', '3UB84P');
INSERT INTO `matrix_filling` (`placement_id`, `downline_id`, `level`, `matrix`) VALUES ('MFMD6M', 'E98RLW', 6, 1);
UPDATE `bv_updation` SET left_carry = left_carry+50, total_left = total_left+50
WHERE `user_id` = 'MFMD6M';
INSERT INTO `placement_bv_update_history` (`left_carry`, `date`, `from_id`, `user_id`) VALUES ('50', '2024-09-26 09:22:32', 'E98RLW', 'MFMD6M');
INSERT INTO `matrix_filling` (`placement_id`, `downline_id`, `level`, `matrix`) VALUES ('97QHYG', 'E98RLW', 7, 1);
UPDATE `bv_updation` SET left_carry = left_carry+50, total_left = total_left+50
WHERE `user_id` = '97QHYG';
INSERT INTO `placement_bv_update_history` (`left_carry`, `date`, `from_id`, `user_id`) VALUES ('50', '2024-09-26 09:22:32', 'E98RLW', '97QHYG');
INSERT INTO `matrix_filling` (`placement_id`, `downline_id`, `level`, `matrix`) VALUES ('IW5GAU', 'E98RLW', 8, 1);
UPDATE `bv_updation` SET left_carry = left_carry+50, total_left = total_left+50
WHERE `user_id` = 'IW5GAU';
INSERT INTO `placement_bv_update_history` (`left_carry`, `date`, `from_id`, `user_id`) VALUES ('50', '2024-09-26 09:22:32', 'E98RLW', 'IW5GAU');
INSERT INTO `matrix_filling` (`placement_id`, `downline_id`, `level`, `matrix`) VALUES ('JQ3FLF', 'E98RLW', 9, 1);
UPDATE `bv_updation` SET left_carry = left_carry+50, total_left = total_left+50
WHERE `user_id` = 'JQ3FLF';
INSERT INTO `placement_bv_update_history` (`left_carry`, `date`, `from_id`, `user_id`) VALUES ('50', '2024-09-26 09:22:32', 'E98RLW', 'JQ3FLF');
INSERT INTO `matrix_filling` (`placement_id`, `downline_id`, `level`, `matrix`) VALUES ('C3N32U', 'E98RLW', 10, 1);
UPDATE `bv_updation` SET left_carry = left_carry+50, total_left = total_left+50
WHERE `user_id` = 'C3N32U';
INSERT INTO `placement_bv_update_history` (`left_carry`, `date`, `from_id`, `user_id`) VALUES ('50', '2024-09-26 09:22:32', 'E98RLW', 'C3N32U');
INSERT INTO `matrix_filling` (`placement_id`, `downline_id`, `level`, `matrix`) VALUES ('MNLXPP', 'E98RLW', 11, 1);
UPDATE `bv_updation` SET left_carry = left_carry+50, total_left = total_left+50
WHERE `user_id` = 'MNLXPP';
INSERT INTO `placement_bv_update_history` (`left_carry`, `date`, `from_id`, `user_id`) VALUES ('50', '2024-09-26 09:22:32', 'E98RLW', 'MNLXPP');
INSERT INTO `matrix_filling` (`placement_id`, `downline_id`, `level`, `matrix`) VALUES ('NUPA4K', 'E98RLW', 12, 1);
UPDATE `bv_updation` SET left_carry = left_carry+50, total_left = total_left+50
WHERE `user_id` = 'NUPA4K';
INSERT INTO `placement_bv_update_history` (`left_carry`, `date`, `from_id`, `user_id`) VALUES ('50', '2024-09-26 09:22:32', 'E98RLW', 'NUPA4K');
INSERT INTO `matrix_filling` (`placement_id`, `downline_id`, `level`, `matrix`) VALUES ('1FFFBU', 'E98RLW', 13, 1);
UPDATE `bv_updation` SET left_carry = left_carry+50, total_left = total_left+50
WHERE `user_id` = '1FFFBU';
INSERT INTO `placement_bv_update_history` (`left_carry`, `date`, `from_id`, `user_id`) VALUES ('50', '2024-09-26 09:22:32', 'E98RLW', '1FFFBU');
UPDATE `bv_updation` SET sponsor_left_carry = sponsor_left_carry+50, sponsor_total_left = sponsor_total_left+50
WHERE `user_id` = '1FFFBU';
INSERT INTO `sponsor_bv_update_history` (`left_carry`, `date`, `user_id`) VALUES ('50', '2024-09-26 09:22:32', '1FFFBU');
INSERT INTO `matrix_filling` (`placement_id`, `downline_id`, `level`, `matrix`) VALUES ('J4CGUT', 'E98RLW', 14, 1);
UPDATE `bv_updation` SET left_carry = left_carry+50, total_left = total_left+50
WHERE `user_id` = 'J4CGUT';
INSERT INTO `placement_bv_update_history` (`left_carry`, `date`, `from_id`, `user_id`) VALUES ('50', '2024-09-26 09:22:32', 'E98RLW', 'J4CGUT');
INSERT INTO `matrix_filling` (`placement_id`, `downline_id`, `level`, `matrix`) VALUES ('S1RTX3', 'E98RLW', 15, 1);
UPDATE `bv_updation` SET left_carry = left_carry+50, total_left = total_left+50
WHERE `user_id` = 'S1RTX3';
INSERT INTO `placement_bv_update_history` (`left_carry`, `date`, `from_id`, `user_id`) VALUES ('50', '2024-09-26 09:22:32', 'E98RLW', 'S1RTX3');
INSERT INTO `matrix_filling` (`placement_id`, `downline_id`, `level`, `matrix`) VALUES ('I8YWQA', 'E98RLW', 16, 1);
UPDATE `bv_updation` SET left_carry = left_carry+50, total_left = total_left+50
WHERE `user_id` = 'I8YWQA';
INSERT INTO `placement_bv_update_history` (`left_carry`, `date`, `from_id`, `user_id`) VALUES ('50', '2024-09-26 09:22:32', 'E98RLW', 'I8YWQA');
INSERT INTO `matrix_filling` (`placement_id`, `downline_id`, `level`, `matrix`) VALUES ('I3MZBU', 'E98RLW', 17, 1);
UPDATE `bv_updation` SET left_carry = left_carry+50, total_left = total_left+50
WHERE `user_id` = 'I3MZBU';
INSERT INTO `placement_bv_update_history` (`left_carry`, `date`, `from_id`, `user_id`) VALUES ('50', '2024-09-26 09:22:32', 'E98RLW', 'I3MZBU');
INSERT INTO `matrix_filling` (`placement_id`, `downline_id`, `level`, `matrix`) VALUES ('H2I33O', 'E98RLW', 18, 1);
UPDATE `bv_updation` SET left_carry = left_carry+50, total_left = total_left+50
WHERE `user_id` = 'H2I33O';
INSERT INTO `placement_bv_update_history` (`left_carry`, `date`, `from_id`, `user_id`) VALUES ('50', '2024-09-26 09:22:32', 'E98RLW', 'H2I33O');
INSERT INTO `matrix_filling` (`placement_id`, `downline_id`, `level`, `matrix`) VALUES ('AL7XWH', 'E98RLW', 19, 1);
UPDATE `bv_updation` SET left_carry = left_carry+50, total_left = total_left+50
WHERE `user_id` = 'AL7XWH';
INSERT INTO `placement_bv_update_history` (`left_carry`, `date`, `from_id`, `user_id`) VALUES ('50', '2024-09-26 09:22:32', 'E98RLW', 'AL7XWH');
INSERT INTO `matrix_filling` (`placement_id`, `downline_id`, `level`, `matrix`) VALUES ('HFZ9SA', 'E98RLW', 20, 1);
UPDATE `bv_updation` SET left_carry = left_carry+50, total_left = total_left+50
WHERE `user_id` = 'HFZ9SA';
INSERT INTO `placement_bv_update_history` (`left_carry`, `date`, `from_id`, `user_id`) VALUES ('50', '2024-09-26 09:22:32', 'E98RLW', 'HFZ9SA');
INSERT INTO `matrix_filling` (`placement_id`, `downline_id`, `level`, `matrix`) VALUES ('A2MTZ3', 'E98RLW', 21, 1);
UPDATE `bv_updation` SET left_carry = left_carry+50, total_left = total_left+50
WHERE `user_id` = 'A2MTZ3';
INSERT INTO `placement_bv_update_history` (`left_carry`, `date`, `from_id`, `user_id`) VALUES ('50', '2024-09-26 09:22:32', 'E98RLW', 'A2MTZ3');
INSERT INTO `matrix_filling` (`placement_id`, `downline_id`, `level`, `matrix`) VALUES ('RUEKCW', 'E98RLW', 22, 1);
UPDATE `bv_updation` SET left_carry = left_carry+50, total_left = total_left+50
WHERE `user_id` = 'RUEKCW';
INSERT INTO `placement_bv_update_history` (`left_carry`, `date`, `from_id`, `user_id`) VALUES ('50', '2024-09-26 09:22:32', 'E98RLW', 'RUEKCW');
INSERT INTO `matrix_filling` (`placement_id`, `downline_id`, `level`, `matrix`) VALUES ('K3GTG4', 'E98RLW', 23, 1);
UPDATE `bv_updation` SET left_carry = left_carry+50, total_left = total_left+50
WHERE `user_id` = 'K3GTG4';
INSERT INTO `placement_bv_update_history` (`left_carry`, `date`, `from_id`, `user_id`) VALUES ('50', '2024-09-26 09:22:32', 'E98RLW', 'K3GTG4');
INSERT INTO `matrix_filling` (`placement_id`, `downline_id`, `level`, `matrix`) VALUES ('I1TUBN', 'E98RLW', 24, 1);
UPDATE `bv_updation` SET left_carry = left_carry+50, total_left = total_left+50
WHERE `user_id` = 'I1TUBN';
INSERT INTO `placement_bv_update_history` (`left_carry`, `date`, `from_id`, `user_id`) VALUES ('50', '2024-09-26 09:22:32', 'E98RLW', 'I1TUBN');
INSERT INTO `matrix_filling` (`placement_id`, `downline_id`, `level`, `matrix`) VALUES ('BAUCCU', 'E98RLW', 25, 1);
UPDATE `bv_updation` SET left_carry = left_carry+50, total_left = total_left+50
WHERE `user_id` = 'BAUCCU';
INSERT INTO `placement_bv_update_history` (`left_carry`, `date`, `from_id`, `user_id`) VALUES ('50', '2024-09-26 09:22:32', 'E98RLW', 'BAUCCU');
INSERT INTO `matrix_filling` (`placement_id`, `downline_id`, `level`, `matrix`) VALUES ('62QO97', 'E98RLW', 26, 1);
UPDATE `bv_updation` SET left_carry = left_carry+50, total_left = total_left+50
WHERE `user_id` = '62QO97';
INSERT INTO `placement_bv_update_history` (`left_carry`, `date`, `from_id`, `user_id`) VALUES ('50', '2024-09-26 09:22:32', 'E98RLW', '62QO97');
INSERT INTO `matrix_filling` (`placement_id`, `downline_id`, `level`, `matrix`) VALUES ('OHLQEO', 'E98RLW', 27, 1);
UPDATE `bv_updation` SET left_carry = left_carry+50, total_left = total_left+50
WHERE `user_id` = 'OHLQEO';
INSERT INTO `placement_bv_update_history` (`left_carry`, `date`, `from_id`, `user_id`) VALUES ('50', '2024-09-26 09:22:32', 'E98RLW', 'OHLQEO');
INSERT INTO `matrix_filling` (`placement_id`, `downline_id`, `level`, `matrix`) VALUES ('7APFKG', 'E98RLW', 28, 1);
UPDATE `bv_updation` SET left_carry = left_carry+50, total_left = total_left+50
WHERE `user_id` = '7APFKG';
INSERT INTO `placement_bv_update_history` (`left_carry`, `date`, `from_id`, `user_id`) VALUES ('50', '2024-09-26 09:22:32', 'E98RLW', '7APFKG');
INSERT INTO `matrix_filling` (`placement_id`, `downline_id`, `level`, `matrix`) VALUES ('Q2Q92Y', 'E98RLW', 29, 1);
UPDATE `bv_updation` SET left_carry = left_carry+50, total_left = total_left+50
WHERE `user_id` = 'Q2Q92Y';
INSERT INTO `placement_bv_update_history` (`left_carry`, `date`, `from_id`, `user_id`) VALUES ('50', '2024-09-26 09:22:32', 'E98RLW', 'Q2Q92Y');
INSERT INTO `matrix_filling` (`placement_id`, `downline_id`, `level`, `matrix`) VALUES ('E9ITRC', 'E98RLW', 30, 1);
UPDATE `bv_updation` SET left_carry = left_carry+50, total_left = total_left+50
WHERE `user_id` = 'E9ITRC';
INSERT INTO `placement_bv_update_history` (`left_carry`, `date`, `from_id`, `user_id`) VALUES ('50', '2024-09-26 09:22:32', 'E98RLW', 'E9ITRC');
INSERT INTO `matrix_filling` (`placement_id`, `downline_id`, `level`, `matrix`) VALUES ('7COKBB', 'E98RLW', 31, 1);
UPDATE `bv_updation` SET left_carry = left_carry+50, total_left = total_left+50
WHERE `user_id` = '7COKBB';
INSERT INTO `placement_bv_update_history` (`left_carry`, `date`, `from_id`, `user_id`) VALUES ('50', '2024-09-26 09:22:32', 'E98RLW', '7COKBB');
INSERT INTO `matrix_filling` (`placement_id`, `downline_id`, `level`, `matrix`) VALUES ('BDNS17', 'E98RLW', 32, 1);
UPDATE `bv_updation` SET left_carry = left_carry+50, total_left = total_left+50
WHERE `user_id` = 'BDNS17';
INSERT INTO `placement_bv_update_history` (`left_carry`, `date`, `from_id`, `user_id`) VALUES ('50', '2024-09-26 09:22:32', 'E98RLW', 'BDNS17');
INSERT INTO `matrix_filling` (`placement_id`, `downline_id`, `level`, `matrix`) VALUES ('7ZXRRE', 'E98RLW', 33, 1);
UPDATE `bv_updation` SET left_carry = left_carry+50, total_left = total_left+50
WHERE `user_id` = '7ZXRRE';
INSERT INTO `placement_bv_update_history` (`left_carry`, `date`, `from_id`, `user_id`) VALUES ('50', '2024-09-26 09:22:32', 'E98RLW', '7ZXRRE');
INSERT INTO `matrix_filling` (`placement_id`, `downline_id`, `level`, `matrix`) VALUES ('KLRAF5', 'E98RLW', 34, 1);
UPDATE `bv_updation` SET left_carry = left_carry+50, total_left = total_left+50
WHERE `user_id` = 'KLRAF5';
INSERT INTO `placement_bv_update_history` (`left_carry`, `date`, `from_id`, `user_id`) VALUES ('50', '2024-09-26 09:22:32', 'E98RLW', 'KLRAF5');
INSERT INTO `matrix_filling` (`placement_id`, `downline_id`, `level`, `matrix`) VALUES ('IFJHZG', 'E98RLW', 35, 1);
UPDATE `bv_updation` SET left_carry = left_carry+50, total_left = total_left+50
WHERE `user_id` = 'IFJHZG';
INSERT INTO `placement_bv_update_history` (`left_carry`, `date`, `from_id`, `user_id`) VALUES ('50', '2024-09-26 09:22:32', 'E98RLW', 'IFJHZG');
INSERT INTO `matrix_filling` (`placement_id`, `downline_id`, `level`, `matrix`) VALUES ('MXUV8Q', 'E98RLW', 36, 1);
UPDATE `bv_updation` SET left_carry = left_carry+50, total_left = total_left+50
WHERE `user_id` = 'MXUV8Q';
INSERT INTO `placement_bv_update_history` (`left_carry`, `date`, `from_id`, `user_id`) VALUES ('50', '2024-09-26 09:22:32', 'E98RLW', 'MXUV8Q');
INSERT INTO `matrix_filling` (`placement_id`, `downline_id`, `level`, `matrix`) VALUES ('GGM164', 'E98RLW', 37, 1);
UPDATE `bv_updation` SET left_carry = left_carry+50, total_left = total_left+50
WHERE `user_id` = 'GGM164';
INSERT INTO `placement_bv_update_history` (`left_carry`, `date`, `from_id`, `user_id`) VALUES ('50', '2024-09-26 09:22:32', 'E98RLW', 'GGM164');
INSERT INTO `matrix_filling` (`placement_id`, `downline_id`, `level`, `matrix`) VALUES ('3NKIEX', 'E98RLW', 38, 1);
UPDATE `bv_updation` SET left_carry = left_carry+50, total_left = total_left+50
WHERE `user_id` = '3NKIEX';
INSERT INTO `placement_bv_update_history` (`left_carry`, `date`, `from_id`, `user_id`) VALUES ('50', '2024-09-26 09:22:32', 'E98RLW', '3NKIEX');
INSERT INTO `matrix_filling` (`placement_id`, `downline_id`, `level`, `matrix`) VALUES ('S56TH3', 'E98RLW', 39, 1);
UPDATE `bv_updation` SET left_carry = left_carry+50, total_left = total_left+50
WHERE `user_id` = 'S56TH3';
INSERT INTO `placement_bv_update_history` (`left_carry`, `date`, `from_id`, `user_id`) VALUES ('50', '2024-09-26 09:22:32', 'E98RLW', 'S56TH3');
INSERT INTO `matrix_filling` (`placement_id`, `downline_id`, `level`, `matrix`) VALUES ('XYG89U', 'E98RLW', 40, 1);
UPDATE `bv_updation` SET left_carry = left_carry+50, total_left = total_left+50
WHERE `user_id` = 'XYG89U';
INSERT INTO `placement_bv_update_history` (`left_carry`, `date`, `from_id`, `user_id`) VALUES ('50', '2024-09-26 09:22:32', 'E98RLW', 'XYG89U');
INSERT INTO `matrix_filling` (`placement_id`, `downline_id`, `level`, `matrix`) VALUES ('HTFY93', 'E98RLW', 41, 1);
UPDATE `bv_updation` SET left_carry = left_carry+50, total_left = total_left+50
WHERE `user_id` = 'HTFY93';
INSERT INTO `placement_bv_update_history` (`left_carry`, `date`, `from_id`, `user_id`) VALUES ('50', '2024-09-26 09:22:32', 'E98RLW', 'HTFY93');
INSERT INTO `matrix_filling` (`placement_id`, `downline_id`, `level`, `matrix`) VALUES ('3PR393', 'E98RLW', 42, 1);
UPDATE `bv_updation` SET left_carry = left_carry+50, total_left = total_left+50
WHERE `user_id` = '3PR393';
INSERT INTO `placement_bv_update_history` (`left_carry`, `date`, `from_id`, `user_id`) VALUES ('50', '2024-09-26 09:22:32', 'E98RLW', '3PR393');
INSERT INTO `matrix_filling` (`placement_id`, `downline_id`, `level`, `matrix`) VALUES ('T3MRY1', 'E98RLW', 43, 1);
UPDATE `bv_updation` SET left_carry = left_carry+50, total_left = total_left+50
WHERE `user_id` = 'T3MRY1';
INSERT INTO `placement_bv_update_history` (`left_carry`, `date`, `from_id`, `user_id`) VALUES ('50', '2024-09-26 09:22:32', 'E98RLW', 'T3MRY1');
INSERT INTO `matrix_filling` (`placement_id`, `downline_id`, `level`, `matrix`) VALUES ('GTMCCK', 'E98RLW', 44, 1);
UPDATE `bv_updation` SET left_carry = left_carry+50, total_left = total_left+50
WHERE `user_id` = 'GTMCCK';
INSERT INTO `placement_bv_update_history` (`left_carry`, `date`, `from_id`, `user_id`) VALUES ('50', '2024-09-26 09:22:32', 'E98RLW', 'GTMCCK');
INSERT INTO `matrix_filling` (`placement_id`, `downline_id`, `level`, `matrix`) VALUES ('DLYMIF', 'E98RLW', 45, 1);
UPDATE `bv_updation` SET left_carry = left_carry+50, total_left = total_left+50
WHERE `user_id` = 'DLYMIF';
INSERT INTO `placement_bv_update_history` (`left_carry`, `date`, `from_id`, `user_id`) VALUES ('50', '2024-09-26 09:22:32', 'E98RLW', 'DLYMIF');
INSERT INTO `matrix_filling` (`placement_id`, `downline_id`, `level`, `matrix`) VALUES ('WGJ5KE', 'E98RLW', 46, 1);
UPDATE `bv_updation` SET left_carry = left_carry+50, total_left = total_left+50
WHERE `user_id` = 'WGJ5KE';
INSERT INTO `placement_bv_update_history` (`left_carry`, `date`, `from_id`, `user_id`) VALUES ('50', '2024-09-26 09:22:32', 'E98RLW', 'WGJ5KE');
INSERT INTO `matrix_filling` (`placement_id`, `downline_id`, `level`, `matrix`) VALUES ('ORRJ3M', 'E98RLW', 47, 1);
UPDATE `bv_updation` SET left_carry = left_carry+50, total_left = total_left+50
WHERE `user_id` = 'ORRJ3M';
INSERT INTO `placement_bv_update_history` (`left_carry`, `date`, `from_id`, `user_id`) VALUES ('50', '2024-09-26 09:22:32', 'E98RLW', 'ORRJ3M');
INSERT INTO `matrix_filling` (`placement_id`, `downline_id`, `level`, `matrix`) VALUES ('AA8V6V', 'E98RLW', 48, 1);
UPDATE `bv_updation` SET left_carry = left_carry+50, total_left = total_left+50
WHERE `user_id` = 'AA8V6V';
INSERT INTO `placement_bv_update_history` (`left_carry`, `date`, `from_id`, `user_id`) VALUES ('50', '2024-09-26 09:22:32', 'E98RLW', 'AA8V6V');
INSERT INTO `matrix_filling` (`placement_id`, `downline_id`, `level`, `matrix`) VALUES ('61ME4O', 'E98RLW', 49, 1);
UPDATE `bv_updation` SET left_carry = left_carry+50, total_left = total_left+50
WHERE `user_id` = '61ME4O';
INSERT INTO `placement_bv_update_history` (`left_carry`, `date`, `from_id`, `user_id`) VALUES ('50', '2024-09-26 09:22:32', 'E98RLW', '61ME4O');
INSERT INTO `matrix_filling` (`placement_id`, `downline_id`, `level`, `matrix`) VALUES ('WS1SZZ', 'E98RLW', 50, 1);
UPDATE `bv_updation` SET left_carry = left_carry+50, total_left = total_left+50
WHERE `user_id` = 'WS1SZZ';
INSERT INTO `placement_bv_update_history` (`left_carry`, `date`, `from_id`, `user_id`) VALUES ('50', '2024-09-26 09:22:32', 'E98RLW', 'WS1SZZ');
INSERT INTO `matrix_filling` (`placement_id`, `downline_id`, `level`, `matrix`) VALUES ('TBN4MZ', 'E98RLW', 51, 1);
UPDATE `bv_updation` SET left_carry = left_carry+50, total_left = total_left+50
WHERE `user_id` = 'TBN4MZ';
INSERT INTO `placement_bv_update_history` (`left_carry`, `date`, `from_id`, `user_id`) VALUES ('50', '2024-09-26 09:22:32', 'E98RLW', 'TBN4MZ');
INSERT INTO `matrix_filling` (`placement_id`, `downline_id`, `level`, `matrix`) VALUES ('OEMJ8R', 'E98RLW', 52, 1);
UPDATE `bv_updation` SET left_carry = left_carry+50, total_left = total_left+50
WHERE `user_id` = 'OEMJ8R';
INSERT INTO `placement_bv_update_history` (`left_carry`, `date`, `from_id`, `user_id`) VALUES ('50', '2024-09-26 09:22:32', 'E98RLW', 'OEMJ8R');
INSERT INTO `matrix_filling` (`placement_id`, `downline_id`, `level`, `matrix`) VALUES ('FXAYIE', 'E98RLW', 53, 1);
UPDATE `bv_updation` SET left_carry = left_carry+50, total_left = total_left+50
WHERE `user_id` = 'FXAYIE';
INSERT INTO `placement_bv_update_history` (`left_carry`, `date`, `from_id`, `user_id`) VALUES ('50', '2024-09-26 09:22:32', 'E98RLW', 'FXAYIE');
INSERT INTO `matrix_filling` (`placement_id`, `downline_id`, `level`, `matrix`) VALUES ('ELXZWC', 'E98RLW', 54, 1);
UPDATE `bv_updation` SET left_carry = left_carry+50, total_left = total_left+50
WHERE `user_id` = 'ELXZWC';
INSERT INTO `placement_bv_update_history` (`left_carry`, `date`, `from_id`, `user_id`) VALUES ('50', '2024-09-26 09:22:32', 'E98RLW', 'ELXZWC');
INSERT INTO `matrix_filling` (`placement_id`, `downline_id`, `level`, `matrix`) VALUES ('C1TQVI', 'E98RLW', 55, 1);
UPDATE `bv_updation` SET left_carry = left_carry+50, total_left = total_left+50
WHERE `user_id` = 'C1TQVI';
INSERT INTO `placement_bv_update_history` (`left_carry`, `date`, `from_id`, `user_id`) VALUES ('50', '2024-09-26 09:22:32', 'E98RLW', 'C1TQVI');
INSERT INTO `matrix_filling` (`placement_id`, `downline_id`, `level`, `matrix`) VALUES ('F5GPDF', 'E98RLW', 56, 1);
UPDATE `bv_updation` SET left_carry = left_carry+50, total_left = total_left+50
WHERE `user_id` = 'F5GPDF';
INSERT INTO `placement_bv_update_history` (`left_carry`, `date`, `from_id`, `user_id`) VALUES ('50', '2024-09-26 09:22:32', 'E98RLW', 'F5GPDF');
INSERT INTO `matrix_filling` (`placement_id`, `downline_id`, `level`, `matrix`) VALUES ('91PYDK', 'E98RLW', 57, 1);
UPDATE `bv_updation` SET left_carry = left_carry+50, total_left = total_left+50
WHERE `user_id` = '91PYDK';
INSERT INTO `placement_bv_update_history` (`left_carry`, `date`, `from_id`, `user_id`) VALUES ('50', '2024-09-26 09:22:32', 'E98RLW', '91PYDK');
INSERT INTO `matrix_filling` (`placement_id`, `downline_id`, `level`, `matrix`) VALUES ('4OT7RX', 'E98RLW', 58, 1);
UPDATE `bv_updation` SET left_carry = left_carry+50, total_left = total_left+50
WHERE `user_id` = '4OT7RX';
INSERT INTO `placement_bv_update_history` (`left_carry`, `date`, `from_id`, `user_id`) VALUES ('50', '2024-09-26 09:22:32', 'E98RLW', '4OT7RX');
INSERT INTO `matrix_filling` (`placement_id`, `downline_id`, `level`, `matrix`) VALUES ('ZJZA3M', 'E98RLW', 59, 1);
UPDATE `bv_updation` SET left_carry = left_carry+50, total_left = total_left+50
WHERE `user_id` = 'ZJZA3M';
INSERT INTO `placement_bv_update_history` (`left_carry`, `date`, `from_id`, `user_id`) VALUES ('50', '2024-09-26 09:22:32', 'E98RLW', 'ZJZA3M');
INSERT INTO `matrix_filling` (`placement_id`, `downline_id`, `level`, `matrix`) VALUES ('XN6ETC', 'E98RLW', 60, 1);
UPDATE `bv_updation` SET left_carry = left_carry+50, total_left = total_left+50
WHERE `user_id` = 'XN6ETC';
INSERT INTO `placement_bv_update_history` (`left_carry`, `date`, `from_id`, `user_id`) VALUES ('50', '2024-09-26 09:22:32', 'E98RLW', 'XN6ETC');
INSERT INTO `matrix_filling` (`placement_id`, `downline_id`, `level`, `matrix`) VALUES ('KVQN1O', 'E98RLW', 61, 1);
UPDATE `bv_updation` SET left_carry = left_carry+50, total_left = total_left+50
WHERE `user_id` = 'KVQN1O';
INSERT INTO `placement_bv_update_history` (`left_carry`, `date`, `from_id`, `user_id`) VALUES ('50', '2024-09-26 09:22:32', 'E98RLW', 'KVQN1O');
INSERT INTO `matrix_filling` (`placement_id`, `downline_id`, `level`, `matrix`) VALUES ('X3V7DJ', 'E98RLW', 62, 1);
UPDATE `bv_updation` SET left_carry = left_carry+50, total_left = total_left+50
WHERE `user_id` = 'X3V7DJ';
INSERT INTO `placement_bv_update_history` (`left_carry`, `date`, `from_id`, `user_id`) VALUES ('50', '2024-09-26 09:22:32', 'E98RLW', 'X3V7DJ');
INSERT INTO `matrix_filling` (`placement_id`, `downline_id`, `level`, `matrix`) VALUES ('DJ77NH', 'E98RLW', 63, 1);
UPDATE `bv_updation` SET left_carry = left_carry+50, total_left = total_left+50
WHERE `user_id` = 'DJ77NH';
INSERT INTO `placement_bv_update_history` (`left_carry`, `date`, `from_id`, `user_id`) VALUES ('50', '2024-09-26 09:22:32', 'E98RLW', 'DJ77NH');
INSERT INTO `matrix_filling` (`placement_id`, `downline_id`, `level`, `matrix`) VALUES ('PX7XCL', 'E98RLW', 64, 1);
UPDATE `bv_updation` SET left_carry = left_carry+50, total_left = total_left+50
WHERE `user_id` = 'PX7XCL';
INSERT INTO `placement_bv_update_history` (`left_carry`, `date`, `from_id`, `user_id`) VALUES ('50', '2024-09-26 09:22:32', 'E98RLW', 'PX7XCL');
INSERT INTO `matrix_filling` (`placement_id`, `downline_id`, `level`, `matrix`) VALUES ('L8PM4Z', 'E98RLW', 65, 1);
UPDATE `bv_updation` SET left_carry = left_carry+50, total_left = total_left+50
WHERE `user_id` = 'L8PM4Z';
INSERT INTO `placement_bv_update_history` (`left_carry`, `date`, `from_id`, `user_id`) VALUES ('50', '2024-09-26 09:22:32', 'E98RLW', 'L8PM4Z');
INSERT INTO `matrix_filling` (`placement_id`, `downline_id`, `level`, `matrix`) VALUES ('GBSIER', 'E98RLW', 66, 1);
UPDATE `bv_updation` SET left_carry = left_carry+50, total_left = total_left+50
WHERE `user_id` = 'GBSIER';
INSERT INTO `placement_bv_update_history` (`left_carry`, `date`, `from_id`, `user_id`) VALUES ('50', '2024-09-26 09:22:32', 'E98RLW', 'GBSIER');
INSERT INTO `matrix_filling` (`placement_id`, `downline_id`, `level`, `matrix`) VALUES ('AV48YQ', 'E98RLW', 67, 1);
UPDATE `bv_updation` SET left_carry = left_carry+50, total_left = total_left+50
WHERE `user_id` = 'AV48YQ';
INSERT INTO `placement_bv_update_history` (`left_carry`, `date`, `from_id`, `user_id`) VALUES ('50', '2024-09-26 09:22:32', 'E98RLW', 'AV48YQ');
INSERT INTO `matrix_filling` (`placement_id`, `downline_id`, `level`, `matrix`) VALUES ('admin', 'E98RLW', 68, 1);
INSERT INTO `package_purchase_history` (`user_id`, `package_id`, `reg_fee`, `package_name`, `monthly_fee`, `type`, `date`, `payment_option`) VALUES ('E98RLW', '2', '595', 'Traveler Pro', '150', 'sign_up', '2024-09-26 09:22:32', 'free');
UPDATE `user_registration` SET `popup_seen` = 'yes'
WHERE `user_id` = '1FFFBU';
UPDATE `ci_sessions` SET `timestamp` = 1727360568, `data` = '__ci_last_regenerate|i:1727360568;id|s:4:\"2452\";user_id|s:6:\"1FFFBU\";username|s:7:\"Emilio8\";sponsor_id|s:6:\"S56TH3\";fullname|s:14:\"Emilio Tapanes\";email|s:17:\"Emilio8@gmail.com\";phone|s:10:\"7862876762\";isLogIn|b:1;'
WHERE `id` = '95789ced8c0db940ad7a5b213f4ff1c9cfa94999';
UPDATE `user_registration` SET `uid` = '2556', `user_id` = '7CVOZO', `username` = 'ricardo7', `sponsor_id` = 'HI62BI', `vacant` = 'no', `f_name` = 'Ricardo', `l_name` = 'Conde', `address` = '6520 Kendale Lakes Dr', `position` = 'left', `email` = 'ricardo7@gmail.com', `password` = '80dff741d4e095a1107f92c0ddfc397f', `phone` = '3057610606', `country` = 'United States', `state` = 'Florida', `city` = 'Miami', `street` = '6520 Kendale Lakes Dr', `zip_code` = '33183', `reg_ip` = '172.70.54.25', `status` = 1, `package_id` = '2', `rank_id` = 1, `highest_rank` = 1, `created` = '2024-09-26 09:23:02', `subscription_date` = '2024-10-26', `google_secret` = 'OFH4EM25226DUGNN'
WHERE `uid` = '2556';
INSERT INTO `user_registration` (`uid`, `user_id`, `username`, `sponsor_id`, `placement_id`, `vacant`, `f_name`, `l_name`, `address`, `position`, `email`, `password`, `phone`, `reg_ip`, `status`, `created`) VALUES (NULL, 'IBBSTP', 'XeXhenzf', '7CVOZO', '7CVOZO', 'yes', '', '', '', 'left', '@mail.com', '', '', '', 0, '2024-09-26 09:23:02');
INSERT INTO `user_registration` (`uid`, `user_id`, `username`, `sponsor_id`, `placement_id`, `vacant`, `f_name`, `l_name`, `address`, `position`, `email`, `password`, `phone`, `reg_ip`, `status`, `created`) VALUES (NULL, 'HVQTZQ', 'drbKzgSR', '7CVOZO', '7CVOZO', 'yes', '', '', '', 'right', '@mail.com', '', '', '', 0, '2024-09-26 09:23:02');
INSERT INTO `bv_updation` (`user_id`) VALUES ('7CVOZO');
UPDATE `user_registration` SET total_ref_count = total_ref_count+1
WHERE `user_id` = 'HI62BI';
UPDATE `user_registration` SET total_downlines = total_downlines+1
WHERE `user_id` = '22FABQ';
UPDATE `user_registration` SET left_downlines = left_downlines+1
WHERE `user_id` = '22FABQ';
UPDATE `user_registration` SET total_downlines = total_downlines+1
WHERE `user_id` = 'BL2EI6';
UPDATE `user_registration` SET left_downlines = left_downlines+1
WHERE `user_id` = 'BL2EI6';
UPDATE `user_registration` SET total_downlines = total_downlines+1
WHERE `user_id` = 'GHVYLT';
UPDATE `user_registration` SET left_downlines = left_downlines+1
WHERE `user_id` = 'GHVYLT';
UPDATE `user_registration` SET total_downlines = total_downlines+1
WHERE `user_id` = 'CD1WCU';
UPDATE `user_registration` SET left_downlines = left_downlines+1
WHERE `user_id` = 'CD1WCU';
UPDATE `user_registration` SET total_downlines = total_downlines+1
WHERE `user_id` = 'DVUB2W';
UPDATE `user_registration` SET left_downlines = left_downlines+1
WHERE `user_id` = 'DVUB2W';
UPDATE `user_registration` SET total_downlines = total_downlines+1
WHERE `user_id` = 'I39CTH';
UPDATE `user_registration` SET left_downlines = left_downlines+1
WHERE `user_id` = 'I39CTH';
UPDATE `user_registration` SET total_downlines = total_downlines+1
WHERE `user_id` = 'CUUVU7';
UPDATE `user_registration` SET left_downlines = left_downlines+1
WHERE `user_id` = 'CUUVU7';
UPDATE `user_registration` SET total_downlines = total_downlines+1
WHERE `user_id` = 'HI62BI';
UPDATE `user_registration` SET left_downlines = left_downlines+1
WHERE `user_id` = 'HI62BI';
UPDATE `user_registration` SET left_ref_count = left_ref_count+1
WHERE `user_id` = 'HI62BI';
UPDATE `user_registration` SET active_left = active_left+1
WHERE `user_id` = 'HI62BI';
UPDATE `user_registration` SET total_downlines = total_downlines+1
WHERE `user_id` = '1FFFBU';
UPDATE `user_registration` SET right_downlines = right_downlines+1
WHERE `user_id` = '1FFFBU';
UPDATE `user_registration` SET total_downlines = total_downlines+1
WHERE `user_id` = 'J4CGUT';
UPDATE `user_registration` SET left_downlines = left_downlines+1
WHERE `user_id` = 'J4CGUT';
UPDATE `user_registration` SET total_downlines = total_downlines+1
WHERE `user_id` = 'S1RTX3';
UPDATE `user_registration` SET left_downlines = left_downlines+1
WHERE `user_id` = 'S1RTX3';
UPDATE `user_registration` SET total_downlines = total_downlines+1
WHERE `user_id` = 'I8YWQA';
UPDATE `user_registration` SET left_downlines = left_downlines+1
WHERE `user_id` = 'I8YWQA';
UPDATE `user_registration` SET total_downlines = total_downlines+1
WHERE `user_id` = 'I3MZBU';
UPDATE `user_registration` SET left_downlines = left_downlines+1
WHERE `user_id` = 'I3MZBU';
UPDATE `user_registration` SET total_downlines = total_downlines+1
WHERE `user_id` = 'H2I33O';
UPDATE `user_registration` SET left_downlines = left_downlines+1
WHERE `user_id` = 'H2I33O';
UPDATE `user_registration` SET total_downlines = total_downlines+1
WHERE `user_id` = 'AL7XWH';
UPDATE `user_registration` SET left_downlines = left_downlines+1
WHERE `user_id` = 'AL7XWH';
UPDATE `user_registration` SET total_downlines = total_downlines+1
WHERE `user_id` = 'HFZ9SA';
UPDATE `user_registration` SET left_downlines = left_downlines+1
WHERE `user_id` = 'HFZ9SA';
UPDATE `user_registration` SET total_downlines = total_downlines+1
WHERE `user_id` = 'A2MTZ3';
UPDATE `user_registration` SET left_downlines = left_downlines+1
WHERE `user_id` = 'A2MTZ3';
UPDATE `user_registration` SET total_downlines = total_downlines+1
WHERE `user_id` = 'RUEKCW';
UPDATE `user_registration` SET left_downlines = left_downlines+1
WHERE `user_id` = 'RUEKCW';
UPDATE `user_registration` SET total_downlines = total_downlines+1
WHERE `user_id` = 'K3GTG4';
UPDATE `user_registration` SET left_downlines = left_downlines+1
WHERE `user_id` = 'K3GTG4';
UPDATE `user_registration` SET total_downlines = total_downlines+1
WHERE `user_id` = 'I1TUBN';
UPDATE `user_registration` SET left_downlines = left_downlines+1
WHERE `user_id` = 'I1TUBN';
UPDATE `user_registration` SET total_downlines = total_downlines+1
WHERE `user_id` = 'BAUCCU';
UPDATE `user_registration` SET left_downlines = left_downlines+1
WHERE `user_id` = 'BAUCCU';
UPDATE `user_registration` SET total_downlines = total_downlines+1
WHERE `user_id` = '62QO97';
UPDATE `user_registration` SET left_downlines = left_downlines+1
WHERE `user_id` = '62QO97';
UPDATE `user_registration` SET total_downlines = total_downlines+1
WHERE `user_id` = 'OHLQEO';
UPDATE `user_registration` SET left_downlines = left_downlines+1
WHERE `user_id` = 'OHLQEO';
UPDATE `user_registration` SET total_downlines = total_downlines+1
WHERE `user_id` = '7APFKG';
UPDATE `user_registration` SET left_downlines = left_downlines+1
WHERE `user_id` = '7APFKG';
UPDATE `user_registration` SET total_downlines = total_downlines+1
WHERE `user_id` = 'Q2Q92Y';
UPDATE `user_registration` SET left_downlines = left_downlines+1
WHERE `user_id` = 'Q2Q92Y';
UPDATE `user_registration` SET total_downlines = total_downlines+1
WHERE `user_id` = 'E9ITRC';
UPDATE `user_registration` SET left_downlines = left_downlines+1
WHERE `user_id` = 'E9ITRC';
UPDATE `user_registration` SET total_downlines = total_downlines+1
WHERE `user_id` = '7COKBB';
UPDATE `user_registration` SET left_downlines = left_downlines+1
WHERE `user_id` = '7COKBB';
UPDATE `user_registration` SET total_downlines = total_downlines+1
WHERE `user_id` = 'BDNS17';
UPDATE `user_registration` SET left_downlines = left_downlines+1
WHERE `user_id` = 'BDNS17';
UPDATE `user_registration` SET total_downlines = total_downlines+1
WHERE `user_id` = '7ZXRRE';
UPDATE `user_registration` SET left_downlines = left_downlines+1
WHERE `user_id` = '7ZXRRE';
UPDATE `user_registration` SET total_downlines = total_downlines+1
WHERE `user_id` = 'KLRAF5';
UPDATE `user_registration` SET left_downlines = left_downlines+1
WHERE `user_id` = 'KLRAF5';
UPDATE `user_registration` SET total_downlines = total_downlines+1
WHERE `user_id` = 'IFJHZG';
UPDATE `user_registration` SET left_downlines = left_downlines+1
WHERE `user_id` = 'IFJHZG';
UPDATE `user_registration` SET total_downlines = total_downlines+1
WHERE `user_id` = 'MXUV8Q';
UPDATE `user_registration` SET left_downlines = left_downlines+1
WHERE `user_id` = 'MXUV8Q';
UPDATE `user_registration` SET total_downlines = total_downlines+1
WHERE `user_id` = 'GGM164';
UPDATE `user_registration` SET left_downlines = left_downlines+1
WHERE `user_id` = 'GGM164';
UPDATE `user_registration` SET total_downlines = total_downlines+1
WHERE `user_id` = '3NKIEX';
UPDATE `user_registration` SET left_downlines = left_downlines+1
WHERE `user_id` = '3NKIEX';
UPDATE `user_registration` SET total_downlines = total_downlines+1
WHERE `user_id` = 'S56TH3';
UPDATE `user_registration` SET left_downlines = left_downlines+1
WHERE `user_id` = 'S56TH3';
UPDATE `user_registration` SET total_downlines = total_downlines+1
WHERE `user_id` = 'XYG89U';
UPDATE `user_registration` SET left_downlines = left_downlines+1
WHERE `user_id` = 'XYG89U';
UPDATE `user_registration` SET total_downlines = total_downlines+1
WHERE `user_id` = 'HTFY93';
UPDATE `user_registration` SET left_downlines = left_downlines+1
WHERE `user_id` = 'HTFY93';
UPDATE `user_registration` SET total_downlines = total_downlines+1
WHERE `user_id` = '3PR393';
UPDATE `user_registration` SET left_downlines = left_downlines+1
WHERE `user_id` = '3PR393';
UPDATE `user_registration` SET total_downlines = total_downlines+1
WHERE `user_id` = 'T3MRY1';
UPDATE `user_registration` SET left_downlines = left_downlines+1
WHERE `user_id` = 'T3MRY1';
UPDATE `user_registration` SET total_downlines = total_downlines+1
WHERE `user_id` = 'GTMCCK';
UPDATE `user_registration` SET left_downlines = left_downlines+1
WHERE `user_id` = 'GTMCCK';
UPDATE `user_registration` SET total_downlines = total_downlines+1
WHERE `user_id` = 'DLYMIF';
UPDATE `user_registration` SET left_downlines = left_downlines+1
WHERE `user_id` = 'DLYMIF';
UPDATE `user_registration` SET total_downlines = total_downlines+1
WHERE `user_id` = 'WGJ5KE';
UPDATE `user_registration` SET left_downlines = left_downlines+1
WHERE `user_id` = 'WGJ5KE';
UPDATE `user_registration` SET total_downlines = total_downlines+1
WHERE `user_id` = 'ORRJ3M';
UPDATE `user_registration` SET left_downlines = left_downlines+1
WHERE `user_id` = 'ORRJ3M';
UPDATE `user_registration` SET total_downlines = total_downlines+1
WHERE `user_id` = 'AA8V6V';
UPDATE `user_registration` SET left_downlines = left_downlines+1
WHERE `user_id` = 'AA8V6V';
UPDATE `user_registration` SET total_downlines = total_downlines+1
WHERE `user_id` = '61ME4O';
UPDATE `user_registration` SET left_downlines = left_downlines+1
WHERE `user_id` = '61ME4O';
UPDATE `user_registration` SET total_downlines = total_downlines+1
WHERE `user_id` = 'WS1SZZ';
UPDATE `user_registration` SET left_downlines = left_downlines+1
WHERE `user_id` = 'WS1SZZ';
UPDATE `user_registration` SET total_downlines = total_downlines+1
WHERE `user_id` = 'TBN4MZ';
UPDATE `user_registration` SET left_downlines = left_downlines+1
WHERE `user_id` = 'TBN4MZ';
UPDATE `user_registration` SET total_downlines = total_downlines+1
WHERE `user_id` = 'OEMJ8R';
UPDATE `user_registration` SET left_downlines = left_downlines+1
WHERE `user_id` = 'OEMJ8R';
UPDATE `user_registration` SET total_downlines = total_downlines+1
WHERE `user_id` = 'FXAYIE';
UPDATE `user_registration` SET left_downlines = left_downlines+1
WHERE `user_id` = 'FXAYIE';
UPDATE `user_registration` SET total_downlines = total_downlines+1
WHERE `user_id` = 'ELXZWC';
UPDATE `user_registration` SET left_downlines = left_downlines+1
WHERE `user_id` = 'ELXZWC';
UPDATE `user_registration` SET total_downlines = total_downlines+1
WHERE `user_id` = 'C1TQVI';
UPDATE `user_registration` SET left_downlines = left_downlines+1
WHERE `user_id` = 'C1TQVI';
UPDATE `user_registration` SET total_downlines = total_downlines+1
WHERE `user_id` = 'F5GPDF';
UPDATE `user_registration` SET left_downlines = left_downlines+1
WHERE `user_id` = 'F5GPDF';
UPDATE `user_registration` SET total_downlines = total_downlines+1
WHERE `user_id` = '91PYDK';
UPDATE `user_registration` SET left_downlines = left_downlines+1
WHERE `user_id` = '91PYDK';
UPDATE `user_registration` SET total_downlines = total_downlines+1
WHERE `user_id` = '4OT7RX';
UPDATE `user_registration` SET left_downlines = left_downlines+1
WHERE `user_id` = '4OT7RX';
UPDATE `user_registration` SET total_downlines = total_downlines+1
WHERE `user_id` = 'ZJZA3M';
UPDATE `user_registration` SET left_downlines = left_downlines+1
WHERE `user_id` = 'ZJZA3M';
UPDATE `user_registration` SET total_downlines = total_downlines+1
WHERE `user_id` = 'XN6ETC';
UPDATE `user_registration` SET left_downlines = left_downlines+1
WHERE `user_id` = 'XN6ETC';
UPDATE `user_registration` SET total_downlines = total_downlines+1
WHERE `user_id` = 'KVQN1O';
UPDATE `user_registration` SET left_downlines = left_downlines+1
WHERE `user_id` = 'KVQN1O';
UPDATE `user_registration` SET total_downlines = total_downlines+1
WHERE `user_id` = 'X3V7DJ';
UPDATE `user_registration` SET left_downlines = left_downlines+1
WHERE `user_id` = 'X3V7DJ';
UPDATE `user_registration` SET total_downlines = total_downlines+1
WHERE `user_id` = 'DJ77NH';
UPDATE `user_registration` SET left_downlines = left_downlines+1
WHERE `user_id` = 'DJ77NH';
UPDATE `user_registration` SET total_downlines = total_downlines+1
WHERE `user_id` = 'PX7XCL';
UPDATE `user_registration` SET left_downlines = left_downlines+1
WHERE `user_id` = 'PX7XCL';
UPDATE `user_registration` SET total_downlines = total_downlines+1
WHERE `user_id` = 'L8PM4Z';
UPDATE `user_registration` SET left_downlines = left_downlines+1
WHERE `user_id` = 'L8PM4Z';
UPDATE `user_registration` SET total_downlines = total_downlines+1
WHERE `user_id` = 'GBSIER';
UPDATE `user_registration` SET left_downlines = left_downlines+1
WHERE `user_id` = 'GBSIER';
UPDATE `user_registration` SET total_downlines = total_downlines+1
WHERE `user_id` = 'AV48YQ';
UPDATE `user_registration` SET left_downlines = left_downlines+1
WHERE `user_id` = 'AV48YQ';
UPDATE `user_registration` SET total_downlines = total_downlines+1
WHERE `user_id` = 'admin';
UPDATE `user_registration` SET left_downlines = left_downlines+1
WHERE `user_id` = 'admin';
INSERT INTO `investment` (`invest_date`, `user_id`, `type`, `amount`, `package_id`) VALUES ('2024-09-26 09:23:02', '7CVOZO', 'register', '595', '2');
INSERT INTO `earnings` (`user_id`, `Purchaser_id`, `earning_type`, `package_id`, `amount`, `date`, `comments`, `invest_amount`, `comm_perc`, `level`, `rank_id`, `order_id`) VALUES ('HI62BI', '7CVOZO', 'Direct Referral Bonus', '2', '100', '2024-09-26 09:23:02', 'Direct Referral Bonus', 0, 0, 1, '', 124);
UPDATE `user_registration` SET commission_balance = ROUND(commission_balance + 100,2)
WHERE `user_id` = 'HI62BI';
INSERT INTO `earnings` (`user_id`, `Purchaser_id`, `earning_type`, `package_id`, `amount`, `date`, `comments`, `invest_amount`, `comm_perc`, `level`, `rank_id`, `order_id`) VALUES ('S56TH3', '7CVOZO', 'Expansion Bonus', '2', 100, '2024-09-26 09:23:02', 'Expansion Bonus', '100', 0, 1, '', 124);
UPDATE `user_registration` SET commission_balance = ROUND(commission_balance + 100,2)
WHERE `user_id` = 'S56TH3';
INSERT INTO `earnings` (`user_id`, `Purchaser_id`, `earning_type`, `package_id`, `amount`, `date`, `comments`, `invest_amount`, `comm_perc`, `level`, `rank_id`, `order_id`) VALUES ('admin', '7CVOZO', 'Expansion Bonus', '2', 100, '2024-09-26 09:23:02', 'Expansion Bonus', 200, 0, 1, '', 124);
UPDATE `user_registration` SET commission_balance = ROUND(commission_balance + 100,2)
WHERE `user_id` = 'admin';
INSERT INTO `matrix_filling` (`placement_id`, `downline_id`, `level`, `matrix`) VALUES ('22FABQ', '7CVOZO', 1, 1);
UPDATE `bv_updation` SET left_carry = left_carry+50, total_left = total_left+50
WHERE `user_id` = '22FABQ';
INSERT INTO `placement_bv_update_history` (`left_carry`, `date`, `from_id`, `user_id`) VALUES ('50', '2024-09-26 09:23:02', '7CVOZO', '22FABQ');
INSERT INTO `matrix_filling` (`placement_id`, `downline_id`, `level`, `matrix`) VALUES ('BL2EI6', '7CVOZO', 2, 1);
UPDATE `bv_updation` SET left_carry = left_carry+50, total_left = total_left+50
WHERE `user_id` = 'BL2EI6';
INSERT INTO `placement_bv_update_history` (`left_carry`, `date`, `from_id`, `user_id`) VALUES ('50', '2024-09-26 09:23:02', '7CVOZO', 'BL2EI6');
INSERT INTO `matrix_filling` (`placement_id`, `downline_id`, `level`, `matrix`) VALUES ('GHVYLT', '7CVOZO', 3, 1);
UPDATE `bv_updation` SET left_carry = left_carry+50, total_left = total_left+50
WHERE `user_id` = 'GHVYLT';
INSERT INTO `placement_bv_update_history` (`left_carry`, `date`, `from_id`, `user_id`) VALUES ('50', '2024-09-26 09:23:02', '7CVOZO', 'GHVYLT');
INSERT INTO `matrix_filling` (`placement_id`, `downline_id`, `level`, `matrix`) VALUES ('CD1WCU', '7CVOZO', 4, 1);
UPDATE `bv_updation` SET left_carry = left_carry+50, total_left = total_left+50
WHERE `user_id` = 'CD1WCU';
INSERT INTO `placement_bv_update_history` (`left_carry`, `date`, `from_id`, `user_id`) VALUES ('50', '2024-09-26 09:23:02', '7CVOZO', 'CD1WCU');
INSERT INTO `matrix_filling` (`placement_id`, `downline_id`, `level`, `matrix`) VALUES ('DVUB2W', '7CVOZO', 5, 1);
UPDATE `bv_updation` SET left_carry = left_carry+50, total_left = total_left+50
WHERE `user_id` = 'DVUB2W';
INSERT INTO `placement_bv_update_history` (`left_carry`, `date`, `from_id`, `user_id`) VALUES ('50', '2024-09-26 09:23:02', '7CVOZO', 'DVUB2W');
INSERT INTO `matrix_filling` (`placement_id`, `downline_id`, `level`, `matrix`) VALUES ('I39CTH', '7CVOZO', 6, 1);
UPDATE `bv_updation` SET left_carry = left_carry+50, total_left = total_left+50
WHERE `user_id` = 'I39CTH';
INSERT INTO `placement_bv_update_history` (`left_carry`, `date`, `from_id`, `user_id`) VALUES ('50', '2024-09-26 09:23:02', '7CVOZO', 'I39CTH');
INSERT INTO `matrix_filling` (`placement_id`, `downline_id`, `level`, `matrix`) VALUES ('CUUVU7', '7CVOZO', 7, 1);
INSERT INTO `matrix_filling` (`placement_id`, `downline_id`, `level`, `matrix`) VALUES ('HI62BI', '7CVOZO', 8, 1);
INSERT INTO `matrix_filling` (`placement_id`, `downline_id`, `level`, `matrix`) VALUES ('1FFFBU', '7CVOZO', 9, 1);
UPDATE `bv_updation` SET right_carry = right_carry+50, total_right = total_right+50
WHERE `user_id` = '1FFFBU';
INSERT INTO `placement_bv_update_history` (`right_carry`, `date`, `from_id`, `user_id`) VALUES ('50', '2024-09-26 09:23:02', '7CVOZO', '1FFFBU');
INSERT INTO `matrix_filling` (`placement_id`, `downline_id`, `level`, `matrix`) VALUES ('J4CGUT', '7CVOZO', 10, 1);
UPDATE `bv_updation` SET left_carry = left_carry+50, total_left = total_left+50
WHERE `user_id` = 'J4CGUT';
INSERT INTO `placement_bv_update_history` (`left_carry`, `date`, `from_id`, `user_id`) VALUES ('50', '2024-09-26 09:23:02', '7CVOZO', 'J4CGUT');
INSERT INTO `matrix_filling` (`placement_id`, `downline_id`, `level`, `matrix`) VALUES ('S1RTX3', '7CVOZO', 11, 1);
UPDATE `bv_updation` SET left_carry = left_carry+50, total_left = total_left+50
WHERE `user_id` = 'S1RTX3';
INSERT INTO `placement_bv_update_history` (`left_carry`, `date`, `from_id`, `user_id`) VALUES ('50', '2024-09-26 09:23:02', '7CVOZO', 'S1RTX3');
INSERT INTO `matrix_filling` (`placement_id`, `downline_id`, `level`, `matrix`) VALUES ('I8YWQA', '7CVOZO', 12, 1);
UPDATE `bv_updation` SET left_carry = left_carry+50, total_left = total_left+50
WHERE `user_id` = 'I8YWQA';
INSERT INTO `placement_bv_update_history` (`left_carry`, `date`, `from_id`, `user_id`) VALUES ('50', '2024-09-26 09:23:02', '7CVOZO', 'I8YWQA');
INSERT INTO `matrix_filling` (`placement_id`, `downline_id`, `level`, `matrix`) VALUES ('I3MZBU', '7CVOZO', 13, 1);
UPDATE `bv_updation` SET left_carry = left_carry+50, total_left = total_left+50
WHERE `user_id` = 'I3MZBU';
INSERT INTO `placement_bv_update_history` (`left_carry`, `date`, `from_id`, `user_id`) VALUES ('50', '2024-09-26 09:23:02', '7CVOZO', 'I3MZBU');
INSERT INTO `matrix_filling` (`placement_id`, `downline_id`, `level`, `matrix`) VALUES ('H2I33O', '7CVOZO', 14, 1);
UPDATE `bv_updation` SET left_carry = left_carry+50, total_left = total_left+50
WHERE `user_id` = 'H2I33O';
INSERT INTO `placement_bv_update_history` (`left_carry`, `date`, `from_id`, `user_id`) VALUES ('50', '2024-09-26 09:23:02', '7CVOZO', 'H2I33O');
INSERT INTO `matrix_filling` (`placement_id`, `downline_id`, `level`, `matrix`) VALUES ('AL7XWH', '7CVOZO', 15, 1);
UPDATE `bv_updation` SET left_carry = left_carry+50, total_left = total_left+50
WHERE `user_id` = 'AL7XWH';
INSERT INTO `placement_bv_update_history` (`left_carry`, `date`, `from_id`, `user_id`) VALUES ('50', '2024-09-26 09:23:02', '7CVOZO', 'AL7XWH');
INSERT INTO `matrix_filling` (`placement_id`, `downline_id`, `level`, `matrix`) VALUES ('HFZ9SA', '7CVOZO', 16, 1);
UPDATE `bv_updation` SET left_carry = left_carry+50, total_left = total_left+50
WHERE `user_id` = 'HFZ9SA';
INSERT INTO `placement_bv_update_history` (`left_carry`, `date`, `from_id`, `user_id`) VALUES ('50', '2024-09-26 09:23:02', '7CVOZO', 'HFZ9SA');
INSERT INTO `matrix_filling` (`placement_id`, `downline_id`, `level`, `matrix`) VALUES ('A2MTZ3', '7CVOZO', 17, 1);
UPDATE `bv_updation` SET left_carry = left_carry+50, total_left = total_left+50
WHERE `user_id` = 'A2MTZ3';
INSERT INTO `placement_bv_update_history` (`left_carry`, `date`, `from_id`, `user_id`) VALUES ('50', '2024-09-26 09:23:02', '7CVOZO', 'A2MTZ3');
INSERT INTO `matrix_filling` (`placement_id`, `downline_id`, `level`, `matrix`) VALUES ('RUEKCW', '7CVOZO', 18, 1);
UPDATE `bv_updation` SET left_carry = left_carry+50, total_left = total_left+50
WHERE `user_id` = 'RUEKCW';
INSERT INTO `placement_bv_update_history` (`left_carry`, `date`, `from_id`, `user_id`) VALUES ('50', '2024-09-26 09:23:02', '7CVOZO', 'RUEKCW');
INSERT INTO `matrix_filling` (`placement_id`, `downline_id`, `level`, `matrix`) VALUES ('K3GTG4', '7CVOZO', 19, 1);
UPDATE `bv_updation` SET left_carry = left_carry+50, total_left = total_left+50
WHERE `user_id` = 'K3GTG4';
INSERT INTO `placement_bv_update_history` (`left_carry`, `date`, `from_id`, `user_id`) VALUES ('50', '2024-09-26 09:23:02', '7CVOZO', 'K3GTG4');
INSERT INTO `matrix_filling` (`placement_id`, `downline_id`, `level`, `matrix`) VALUES ('I1TUBN', '7CVOZO', 20, 1);
UPDATE `bv_updation` SET left_carry = left_carry+50, total_left = total_left+50
WHERE `user_id` = 'I1TUBN';
INSERT INTO `placement_bv_update_history` (`left_carry`, `date`, `from_id`, `user_id`) VALUES ('50', '2024-09-26 09:23:02', '7CVOZO', 'I1TUBN');
INSERT INTO `matrix_filling` (`placement_id`, `downline_id`, `level`, `matrix`) VALUES ('BAUCCU', '7CVOZO', 21, 1);
UPDATE `bv_updation` SET left_carry = left_carry+50, total_left = total_left+50
WHERE `user_id` = 'BAUCCU';
INSERT INTO `placement_bv_update_history` (`left_carry`, `date`, `from_id`, `user_id`) VALUES ('50', '2024-09-26 09:23:02', '7CVOZO', 'BAUCCU');
INSERT INTO `matrix_filling` (`placement_id`, `downline_id`, `level`, `matrix`) VALUES ('62QO97', '7CVOZO', 22, 1);
UPDATE `bv_updation` SET left_carry = left_carry+50, total_left = total_left+50
WHERE `user_id` = '62QO97';
INSERT INTO `placement_bv_update_history` (`left_carry`, `date`, `from_id`, `user_id`) VALUES ('50', '2024-09-26 09:23:02', '7CVOZO', '62QO97');
INSERT INTO `matrix_filling` (`placement_id`, `downline_id`, `level`, `matrix`) VALUES ('OHLQEO', '7CVOZO', 23, 1);
UPDATE `bv_updation` SET left_carry = left_carry+50, total_left = total_left+50
WHERE `user_id` = 'OHLQEO';
INSERT INTO `placement_bv_update_history` (`left_carry`, `date`, `from_id`, `user_id`) VALUES ('50', '2024-09-26 09:23:02', '7CVOZO', 'OHLQEO');
INSERT INTO `matrix_filling` (`placement_id`, `downline_id`, `level`, `matrix`) VALUES ('7APFKG', '7CVOZO', 24, 1);
UPDATE `bv_updation` SET left_carry = left_carry+50, total_left = total_left+50
WHERE `user_id` = '7APFKG';
INSERT INTO `placement_bv_update_history` (`left_carry`, `date`, `from_id`, `user_id`) VALUES ('50', '2024-09-26 09:23:02', '7CVOZO', '7APFKG');
INSERT INTO `matrix_filling` (`placement_id`, `downline_id`, `level`, `matrix`) VALUES ('Q2Q92Y', '7CVOZO', 25, 1);
UPDATE `bv_updation` SET left_carry = left_carry+50, total_left = total_left+50
WHERE `user_id` = 'Q2Q92Y';
INSERT INTO `placement_bv_update_history` (`left_carry`, `date`, `from_id`, `user_id`) VALUES ('50', '2024-09-26 09:23:02', '7CVOZO', 'Q2Q92Y');
INSERT INTO `matrix_filling` (`placement_id`, `downline_id`, `level`, `matrix`) VALUES ('E9ITRC', '7CVOZO', 26, 1);
UPDATE `bv_updation` SET left_carry = left_carry+50, total_left = total_left+50
WHERE `user_id` = 'E9ITRC';
INSERT INTO `placement_bv_update_history` (`left_carry`, `date`, `from_id`, `user_id`) VALUES ('50', '2024-09-26 09:23:02', '7CVOZO', 'E9ITRC');
INSERT INTO `matrix_filling` (`placement_id`, `downline_id`, `level`, `matrix`) VALUES ('7COKBB', '7CVOZO', 27, 1);
UPDATE `bv_updation` SET left_carry = left_carry+50, total_left = total_left+50
WHERE `user_id` = '7COKBB';
INSERT INTO `placement_bv_update_history` (`left_carry`, `date`, `from_id`, `user_id`) VALUES ('50', '2024-09-26 09:23:02', '7CVOZO', '7COKBB');
INSERT INTO `matrix_filling` (`placement_id`, `downline_id`, `level`, `matrix`) VALUES ('BDNS17', '7CVOZO', 28, 1);
UPDATE `bv_updation` SET left_carry = left_carry+50, total_left = total_left+50
WHERE `user_id` = 'BDNS17';
INSERT INTO `placement_bv_update_history` (`left_carry`, `date`, `from_id`, `user_id`) VALUES ('50', '2024-09-26 09:23:02', '7CVOZO', 'BDNS17');
INSERT INTO `matrix_filling` (`placement_id`, `downline_id`, `level`, `matrix`) VALUES ('7ZXRRE', '7CVOZO', 29, 1);
UPDATE `bv_updation` SET left_carry = left_carry+50, total_left = total_left+50
WHERE `user_id` = '7ZXRRE';
INSERT INTO `placement_bv_update_history` (`left_carry`, `date`, `from_id`, `user_id`) VALUES ('50', '2024-09-26 09:23:02', '7CVOZO', '7ZXRRE');
INSERT INTO `matrix_filling` (`placement_id`, `downline_id`, `level`, `matrix`) VALUES ('KLRAF5', '7CVOZO', 30, 1);
UPDATE `bv_updation` SET left_carry = left_carry+50, total_left = total_left+50
WHERE `user_id` = 'KLRAF5';
INSERT INTO `placement_bv_update_history` (`left_carry`, `date`, `from_id`, `user_id`) VALUES ('50', '2024-09-26 09:23:02', '7CVOZO', 'KLRAF5');
INSERT INTO `matrix_filling` (`placement_id`, `downline_id`, `level`, `matrix`) VALUES ('IFJHZG', '7CVOZO', 31, 1);
UPDATE `bv_updation` SET left_carry = left_carry+50, total_left = total_left+50
WHERE `user_id` = 'IFJHZG';
INSERT INTO `placement_bv_update_history` (`left_carry`, `date`, `from_id`, `user_id`) VALUES ('50', '2024-09-26 09:23:02', '7CVOZO', 'IFJHZG');
INSERT INTO `matrix_filling` (`placement_id`, `downline_id`, `level`, `matrix`) VALUES ('MXUV8Q', '7CVOZO', 32, 1);
UPDATE `bv_updation` SET left_carry = left_carry+50, total_left = total_left+50
WHERE `user_id` = 'MXUV8Q';
INSERT INTO `placement_bv_update_history` (`left_carry`, `date`, `from_id`, `user_id`) VALUES ('50', '2024-09-26 09:23:02', '7CVOZO', 'MXUV8Q');
INSERT INTO `matrix_filling` (`placement_id`, `downline_id`, `level`, `matrix`) VALUES ('GGM164', '7CVOZO', 33, 1);
UPDATE `bv_updation` SET left_carry = left_carry+50, total_left = total_left+50
WHERE `user_id` = 'GGM164';
INSERT INTO `placement_bv_update_history` (`left_carry`, `date`, `from_id`, `user_id`) VALUES ('50', '2024-09-26 09:23:02', '7CVOZO', 'GGM164');
INSERT INTO `matrix_filling` (`placement_id`, `downline_id`, `level`, `matrix`) VALUES ('3NKIEX', '7CVOZO', 34, 1);
UPDATE `bv_updation` SET left_carry = left_carry+50, total_left = total_left+50
WHERE `user_id` = '3NKIEX';
INSERT INTO `placement_bv_update_history` (`left_carry`, `date`, `from_id`, `user_id`) VALUES ('50', '2024-09-26 09:23:02', '7CVOZO', '3NKIEX');
INSERT INTO `matrix_filling` (`placement_id`, `downline_id`, `level`, `matrix`) VALUES ('S56TH3', '7CVOZO', 35, 1);
UPDATE `bv_updation` SET left_carry = left_carry+50, total_left = total_left+50
WHERE `user_id` = 'S56TH3';
INSERT INTO `placement_bv_update_history` (`left_carry`, `date`, `from_id`, `user_id`) VALUES ('50', '2024-09-26 09:23:02', '7CVOZO', 'S56TH3');
INSERT INTO `matrix_filling` (`placement_id`, `downline_id`, `level`, `matrix`) VALUES ('XYG89U', '7CVOZO', 36, 1);
UPDATE `bv_updation` SET left_carry = left_carry+50, total_left = total_left+50
WHERE `user_id` = 'XYG89U';
INSERT INTO `placement_bv_update_history` (`left_carry`, `date`, `from_id`, `user_id`) VALUES ('50', '2024-09-26 09:23:02', '7CVOZO', 'XYG89U');
INSERT INTO `matrix_filling` (`placement_id`, `downline_id`, `level`, `matrix`) VALUES ('HTFY93', '7CVOZO', 37, 1);
UPDATE `bv_updation` SET left_carry = left_carry+50, total_left = total_left+50
WHERE `user_id` = 'HTFY93';
INSERT INTO `placement_bv_update_history` (`left_carry`, `date`, `from_id`, `user_id`) VALUES ('50', '2024-09-26 09:23:02', '7CVOZO', 'HTFY93');
INSERT INTO `matrix_filling` (`placement_id`, `downline_id`, `level`, `matrix`) VALUES ('3PR393', '7CVOZO', 38, 1);
UPDATE `bv_updation` SET left_carry = left_carry+50, total_left = total_left+50
WHERE `user_id` = '3PR393';
INSERT INTO `placement_bv_update_history` (`left_carry`, `date`, `from_id`, `user_id`) VALUES ('50', '2024-09-26 09:23:02', '7CVOZO', '3PR393');
INSERT INTO `matrix_filling` (`placement_id`, `downline_id`, `level`, `matrix`) VALUES ('T3MRY1', '7CVOZO', 39, 1);
UPDATE `bv_updation` SET left_carry = left_carry+50, total_left = total_left+50
WHERE `user_id` = 'T3MRY1';
INSERT INTO `placement_bv_update_history` (`left_carry`, `date`, `from_id`, `user_id`) VALUES ('50', '2024-09-26 09:23:02', '7CVOZO', 'T3MRY1');
INSERT INTO `matrix_filling` (`placement_id`, `downline_id`, `level`, `matrix`) VALUES ('GTMCCK', '7CVOZO', 40, 1);
UPDATE `bv_updation` SET left_carry = left_carry+50, total_left = total_left+50
WHERE `user_id` = 'GTMCCK';
INSERT INTO `placement_bv_update_history` (`left_carry`, `date`, `from_id`, `user_id`) VALUES ('50', '2024-09-26 09:23:02', '7CVOZO', 'GTMCCK');
INSERT INTO `matrix_filling` (`placement_id`, `downline_id`, `level`, `matrix`) VALUES ('DLYMIF', '7CVOZO', 41, 1);
UPDATE `bv_updation` SET left_carry = left_carry+50, total_left = total_left+50
WHERE `user_id` = 'DLYMIF';
INSERT INTO `placement_bv_update_history` (`left_carry`, `date`, `from_id`, `user_id`) VALUES ('50', '2024-09-26 09:23:02', '7CVOZO', 'DLYMIF');
INSERT INTO `matrix_filling` (`placement_id`, `downline_id`, `level`, `matrix`) VALUES ('WGJ5KE', '7CVOZO', 42, 1);
UPDATE `bv_updation` SET left_carry = left_carry+50, total_left = total_left+50
WHERE `user_id` = 'WGJ5KE';
INSERT INTO `placement_bv_update_history` (`left_carry`, `date`, `from_id`, `user_id`) VALUES ('50', '2024-09-26 09:23:02', '7CVOZO', 'WGJ5KE');
INSERT INTO `matrix_filling` (`placement_id`, `downline_id`, `level`, `matrix`) VALUES ('ORRJ3M', '7CVOZO', 43, 1);
UPDATE `bv_updation` SET left_carry = left_carry+50, total_left = total_left+50
WHERE `user_id` = 'ORRJ3M';
INSERT INTO `placement_bv_update_history` (`left_carry`, `date`, `from_id`, `user_id`) VALUES ('50', '2024-09-26 09:23:02', '7CVOZO', 'ORRJ3M');
INSERT INTO `matrix_filling` (`placement_id`, `downline_id`, `level`, `matrix`) VALUES ('AA8V6V', '7CVOZO', 44, 1);
UPDATE `bv_updation` SET left_carry = left_carry+50, total_left = total_left+50
WHERE `user_id` = 'AA8V6V';
INSERT INTO `placement_bv_update_history` (`left_carry`, `date`, `from_id`, `user_id`) VALUES ('50', '2024-09-26 09:23:02', '7CVOZO', 'AA8V6V');
INSERT INTO `matrix_filling` (`placement_id`, `downline_id`, `level`, `matrix`) VALUES ('61ME4O', '7CVOZO', 45, 1);
UPDATE `bv_updation` SET left_carry = left_carry+50, total_left = total_left+50
WHERE `user_id` = '61ME4O';
INSERT INTO `placement_bv_update_history` (`left_carry`, `date`, `from_id`, `user_id`) VALUES ('50', '2024-09-26 09:23:02', '7CVOZO', '61ME4O');
INSERT INTO `matrix_filling` (`placement_id`, `downline_id`, `level`, `matrix`) VALUES ('WS1SZZ', '7CVOZO', 46, 1);
UPDATE `bv_updation` SET left_carry = left_carry+50, total_left = total_left+50
WHERE `user_id` = 'WS1SZZ';
INSERT INTO `placement_bv_update_history` (`left_carry`, `date`, `from_id`, `user_id`) VALUES ('50', '2024-09-26 09:23:03', '7CVOZO', 'WS1SZZ');
INSERT INTO `matrix_filling` (`placement_id`, `downline_id`, `level`, `matrix`) VALUES ('TBN4MZ', '7CVOZO', 47, 1);
UPDATE `bv_updation` SET left_carry = left_carry+50, total_left = total_left+50
WHERE `user_id` = 'TBN4MZ';
INSERT INTO `placement_bv_update_history` (`left_carry`, `date`, `from_id`, `user_id`) VALUES ('50', '2024-09-26 09:23:03', '7CVOZO', 'TBN4MZ');
INSERT INTO `matrix_filling` (`placement_id`, `downline_id`, `level`, `matrix`) VALUES ('OEMJ8R', '7CVOZO', 48, 1);
UPDATE `bv_updation` SET left_carry = left_carry+50, total_left = total_left+50
WHERE `user_id` = 'OEMJ8R';
INSERT INTO `placement_bv_update_history` (`left_carry`, `date`, `from_id`, `user_id`) VALUES ('50', '2024-09-26 09:23:03', '7CVOZO', 'OEMJ8R');
INSERT INTO `matrix_filling` (`placement_id`, `downline_id`, `level`, `matrix`) VALUES ('FXAYIE', '7CVOZO', 49, 1);
UPDATE `bv_updation` SET left_carry = left_carry+50, total_left = total_left+50
WHERE `user_id` = 'FXAYIE';
INSERT INTO `placement_bv_update_history` (`left_carry`, `date`, `from_id`, `user_id`) VALUES ('50', '2024-09-26 09:23:03', '7CVOZO', 'FXAYIE');
INSERT INTO `matrix_filling` (`placement_id`, `downline_id`, `level`, `matrix`) VALUES ('ELXZWC', '7CVOZO', 50, 1);
UPDATE `bv_updation` SET left_carry = left_carry+50, total_left = total_left+50
WHERE `user_id` = 'ELXZWC';
INSERT INTO `placement_bv_update_history` (`left_carry`, `date`, `from_id`, `user_id`) VALUES ('50', '2024-09-26 09:23:03', '7CVOZO', 'ELXZWC');
INSERT INTO `matrix_filling` (`placement_id`, `downline_id`, `level`, `matrix`) VALUES ('C1TQVI', '7CVOZO', 51, 1);
UPDATE `bv_updation` SET left_carry = left_carry+50, total_left = total_left+50
WHERE `user_id` = 'C1TQVI';
INSERT INTO `placement_bv_update_history` (`left_carry`, `date`, `from_id`, `user_id`) VALUES ('50', '2024-09-26 09:23:03', '7CVOZO', 'C1TQVI');
INSERT INTO `matrix_filling` (`placement_id`, `downline_id`, `level`, `matrix`) VALUES ('F5GPDF', '7CVOZO', 52, 1);
UPDATE `bv_updation` SET left_carry = left_carry+50, total_left = total_left+50
WHERE `user_id` = 'F5GPDF';
INSERT INTO `placement_bv_update_history` (`left_carry`, `date`, `from_id`, `user_id`) VALUES ('50', '2024-09-26 09:23:03', '7CVOZO', 'F5GPDF');
INSERT INTO `matrix_filling` (`placement_id`, `downline_id`, `level`, `matrix`) VALUES ('91PYDK', '7CVOZO', 53, 1);
UPDATE `bv_updation` SET left_carry = left_carry+50, total_left = total_left+50
WHERE `user_id` = '91PYDK';
INSERT INTO `placement_bv_update_history` (`left_carry`, `date`, `from_id`, `user_id`) VALUES ('50', '2024-09-26 09:23:03', '7CVOZO', '91PYDK');
INSERT INTO `matrix_filling` (`placement_id`, `downline_id`, `level`, `matrix`) VALUES ('4OT7RX', '7CVOZO', 54, 1);
UPDATE `bv_updation` SET left_carry = left_carry+50, total_left = total_left+50
WHERE `user_id` = '4OT7RX';
INSERT INTO `placement_bv_update_history` (`left_carry`, `date`, `from_id`, `user_id`) VALUES ('50', '2024-09-26 09:23:03', '7CVOZO', '4OT7RX');
INSERT INTO `matrix_filling` (`placement_id`, `downline_id`, `level`, `matrix`) VALUES ('ZJZA3M', '7CVOZO', 55, 1);
UPDATE `bv_updation` SET left_carry = left_carry+50, total_left = total_left+50
WHERE `user_id` = 'ZJZA3M';
INSERT INTO `placement_bv_update_history` (`left_carry`, `date`, `from_id`, `user_id`) VALUES ('50', '2024-09-26 09:23:03', '7CVOZO', 'ZJZA3M');
INSERT INTO `matrix_filling` (`placement_id`, `downline_id`, `level`, `matrix`) VALUES ('XN6ETC', '7CVOZO', 56, 1);
UPDATE `bv_updation` SET left_carry = left_carry+50, total_left = total_left+50
WHERE `user_id` = 'XN6ETC';
INSERT INTO `placement_bv_update_history` (`left_carry`, `date`, `from_id`, `user_id`) VALUES ('50', '2024-09-26 09:23:03', '7CVOZO', 'XN6ETC');
INSERT INTO `matrix_filling` (`placement_id`, `downline_id`, `level`, `matrix`) VALUES ('KVQN1O', '7CVOZO', 57, 1);
UPDATE `bv_updation` SET left_carry = left_carry+50, total_left = total_left+50
WHERE `user_id` = 'KVQN1O';
INSERT INTO `placement_bv_update_history` (`left_carry`, `date`, `from_id`, `user_id`) VALUES ('50', '2024-09-26 09:23:03', '7CVOZO', 'KVQN1O');
INSERT INTO `matrix_filling` (`placement_id`, `downline_id`, `level`, `matrix`) VALUES ('X3V7DJ', '7CVOZO', 58, 1);
UPDATE `bv_updation` SET left_carry = left_carry+50, total_left = total_left+50
WHERE `user_id` = 'X3V7DJ';
INSERT INTO `placement_bv_update_history` (`left_carry`, `date`, `from_id`, `user_id`) VALUES ('50', '2024-09-26 09:23:03', '7CVOZO', 'X3V7DJ');
INSERT INTO `matrix_filling` (`placement_id`, `downline_id`, `level`, `matrix`) VALUES ('DJ77NH', '7CVOZO', 59, 1);
UPDATE `bv_updation` SET left_carry = left_carry+50, total_left = total_left+50
WHERE `user_id` = 'DJ77NH';
INSERT INTO `placement_bv_update_history` (`left_carry`, `date`, `from_id`, `user_id`) VALUES ('50', '2024-09-26 09:23:03', '7CVOZO', 'DJ77NH');
INSERT INTO `matrix_filling` (`placement_id`, `downline_id`, `level`, `matrix`) VALUES ('PX7XCL', '7CVOZO', 60, 1);
UPDATE `bv_updation` SET left_carry = left_carry+50, total_left = total_left+50
WHERE `user_id` = 'PX7XCL';
INSERT INTO `placement_bv_update_history` (`left_carry`, `date`, `from_id`, `user_id`) VALUES ('50', '2024-09-26 09:23:03', '7CVOZO', 'PX7XCL');
INSERT INTO `matrix_filling` (`placement_id`, `downline_id`, `level`, `matrix`) VALUES ('L8PM4Z', '7CVOZO', 61, 1);
UPDATE `bv_updation` SET left_carry = left_carry+50, total_left = total_left+50
WHERE `user_id` = 'L8PM4Z';
INSERT INTO `placement_bv_update_history` (`left_carry`, `date`, `from_id`, `user_id`) VALUES ('50', '2024-09-26 09:23:03', '7CVOZO', 'L8PM4Z');
INSERT INTO `matrix_filling` (`placement_id`, `downline_id`, `level`, `matrix`) VALUES ('GBSIER', '7CVOZO', 62, 1);
UPDATE `bv_updation` SET left_carry = left_carry+50, total_left = total_left+50
WHERE `user_id` = 'GBSIER';
INSERT INTO `placement_bv_update_history` (`left_carry`, `date`, `from_id`, `user_id`) VALUES ('50', '2024-09-26 09:23:03', '7CVOZO', 'GBSIER');
INSERT INTO `matrix_filling` (`placement_id`, `downline_id`, `level`, `matrix`) VALUES ('AV48YQ', '7CVOZO', 63, 1);
UPDATE `bv_updation` SET left_carry = left_carry+50, total_left = total_left+50
WHERE `user_id` = 'AV48YQ';
INSERT INTO `placement_bv_update_history` (`left_carry`, `date`, `from_id`, `user_id`) VALUES ('50', '2024-09-26 09:23:03', '7CVOZO', 'AV48YQ');
INSERT INTO `matrix_filling` (`placement_id`, `downline_id`, `level`, `matrix`) VALUES ('admin', '7CVOZO', 64, 1);
INSERT INTO `package_purchase_history` (`user_id`, `package_id`, `reg_fee`, `package_name`, `monthly_fee`, `type`, `date`, `payment_option`) VALUES ('7CVOZO', '2', '595', 'Traveler Pro', '150', 'sign_up', '2024-09-26 09:23:03', 'free');
UPDATE `user_registration` SET `popup_seen` = 'yes'
WHERE `user_id` = 'HI62BI';
UPDATE `user_registration` SET `uid` = '2562', `user_id` = 'N2BTW5', `username` = 'susana7', `sponsor_id` = '1FFFBU', `vacant` = 'no', `f_name` = 'Susana', `l_name` = 'Quevedo', `address` = '8100 sw 14 terr', `position` = 'left', `email` = 'susana7@gmail.com', `password` = '5255709b17b64545a1fa4961c0585eae', `phone` = '7862876762', `country` = 'United States', `state` = 'Florida', `city` = 'Miami', `street` = '8100 sw 14 terr', `zip_code` = '33144', `reg_ip` = '172.70.55.167', `status` = 1, `package_id` = '2', `rank_id` = 1, `highest_rank` = 1, `created` = '2024-09-26 09:24:07', `subscription_date` = '2024-10-26', `google_secret` = 'KNOAKORWSSF4NSAI'
WHERE `uid` = '2562';
INSERT INTO `user_registration` (`uid`, `user_id`, `username`, `sponsor_id`, `placement_id`, `vacant`, `f_name`, `l_name`, `address`, `position`, `email`, `password`, `phone`, `reg_ip`, `status`, `created`) VALUES (NULL, 'JGACHX', 'uQTpbypS', 'N2BTW5', 'N2BTW5', 'yes', '', '', '', 'left', '@mail.com', '', '', '', 0, '2024-09-26 09:24:07');
INSERT INTO `user_registration` (`uid`, `user_id`, `username`, `sponsor_id`, `placement_id`, `vacant`, `f_name`, `l_name`, `address`, `position`, `email`, `password`, `phone`, `reg_ip`, `status`, `created`) VALUES (NULL, 'TACSEG', 'DgMalGhq', 'N2BTW5', 'N2BTW5', 'yes', '', '', '', 'right', '@mail.com', '', '', '', 0, '2024-09-26 09:24:07');
INSERT INTO `bv_updation` (`user_id`) VALUES ('N2BTW5');
UPDATE `user_registration` SET total_ref_count = total_ref_count+1
WHERE `user_id` = '1FFFBU';
UPDATE `user_registration` SET total_downlines = total_downlines+1
WHERE `user_id` = 'E98RLW';
UPDATE `user_registration` SET left_downlines = left_downlines+1
WHERE `user_id` = 'E98RLW';
UPDATE `user_registration` SET total_downlines = total_downlines+1
WHERE `user_id` = 'Y5UHMF';
UPDATE `user_registration` SET left_downlines = left_downlines+1
WHERE `user_id` = 'Y5UHMF';
UPDATE `user_registration` SET total_downlines = total_downlines+1
WHERE `user_id` = '6LMTFA';
UPDATE `user_registration` SET left_downlines = left_downlines+1
WHERE `user_id` = '6LMTFA';
UPDATE `user_registration` SET total_downlines = total_downlines+1
WHERE `user_id` = 'B9GZJZ';
UPDATE `user_registration` SET left_downlines = left_downlines+1
WHERE `user_id` = 'B9GZJZ';
UPDATE `user_registration` SET total_downlines = total_downlines+1
WHERE `user_id` = 'VTD8AZ';
UPDATE `user_registration` SET left_downlines = left_downlines+1
WHERE `user_id` = 'VTD8AZ';
UPDATE `user_registration` SET total_downlines = total_downlines+1
WHERE `user_id` = '3UB84P';
UPDATE `user_registration` SET left_downlines = left_downlines+1
WHERE `user_id` = '3UB84P';
UPDATE `user_registration` SET total_downlines = total_downlines+1
WHERE `user_id` = 'MFMD6M';
UPDATE `user_registration` SET left_downlines = left_downlines+1
WHERE `user_id` = 'MFMD6M';
UPDATE `user_registration` SET total_downlines = total_downlines+1
WHERE `user_id` = '97QHYG';
UPDATE `user_registration` SET left_downlines = left_downlines+1
WHERE `user_id` = '97QHYG';
UPDATE `user_registration` SET total_downlines = total_downlines+1
WHERE `user_id` = 'IW5GAU';
UPDATE `user_registration` SET left_downlines = left_downlines+1
WHERE `user_id` = 'IW5GAU';
UPDATE `user_registration` SET total_downlines = total_downlines+1
WHERE `user_id` = 'JQ3FLF';
UPDATE `user_registration` SET left_downlines = left_downlines+1
WHERE `user_id` = 'JQ3FLF';
UPDATE `user_registration` SET total_downlines = total_downlines+1
WHERE `user_id` = 'C3N32U';
UPDATE `user_registration` SET left_downlines = left_downlines+1
WHERE `user_id` = 'C3N32U';
UPDATE `user_registration` SET total_downlines = total_downlines+1
WHERE `user_id` = 'MNLXPP';
UPDATE `user_registration` SET left_downlines = left_downlines+1
WHERE `user_id` = 'MNLXPP';
UPDATE `user_registration` SET total_downlines = total_downlines+1
WHERE `user_id` = 'NUPA4K';
UPDATE `user_registration` SET left_downlines = left_downlines+1
WHERE `user_id` = 'NUPA4K';
UPDATE `user_registration` SET total_downlines = total_downlines+1
WHERE `user_id` = '1FFFBU';
UPDATE `user_registration` SET left_downlines = left_downlines+1
WHERE `user_id` = '1FFFBU';
UPDATE `user_registration` SET left_ref_count = left_ref_count+1
WHERE `user_id` = '1FFFBU';
UPDATE `user_registration` SET active_left = active_left+1
WHERE `user_id` = '1FFFBU';
UPDATE `user_registration` SET total_downlines = total_downlines+1
WHERE `user_id` = 'J4CGUT';
UPDATE `user_registration` SET left_downlines = left_downlines+1
WHERE `user_id` = 'J4CGUT';
UPDATE `user_registration` SET total_downlines = total_downlines+1
WHERE `user_id` = 'S1RTX3';
UPDATE `user_registration` SET left_downlines = left_downlines+1
WHERE `user_id` = 'S1RTX3';
UPDATE `user_registration` SET total_downlines = total_downlines+1
WHERE `user_id` = 'I8YWQA';
UPDATE `user_registration` SET left_downlines = left_downlines+1
WHERE `user_id` = 'I8YWQA';
UPDATE `user_registration` SET total_downlines = total_downlines+1
WHERE `user_id` = 'I3MZBU';
UPDATE `user_registration` SET left_downlines = left_downlines+1
WHERE `user_id` = 'I3MZBU';
UPDATE `user_registration` SET total_downlines = total_downlines+1
WHERE `user_id` = 'H2I33O';
UPDATE `user_registration` SET left_downlines = left_downlines+1
WHERE `user_id` = 'H2I33O';
UPDATE `user_registration` SET total_downlines = total_downlines+1
WHERE `user_id` = 'AL7XWH';
UPDATE `user_registration` SET left_downlines = left_downlines+1
WHERE `user_id` = 'AL7XWH';
UPDATE `user_registration` SET total_downlines = total_downlines+1
WHERE `user_id` = 'HFZ9SA';
UPDATE `user_registration` SET left_downlines = left_downlines+1
WHERE `user_id` = 'HFZ9SA';
UPDATE `user_registration` SET total_downlines = total_downlines+1
WHERE `user_id` = 'A2MTZ3';
UPDATE `user_registration` SET left_downlines = left_downlines+1
WHERE `user_id` = 'A2MTZ3';
UPDATE `user_registration` SET total_downlines = total_downlines+1
WHERE `user_id` = 'RUEKCW';
UPDATE `user_registration` SET left_downlines = left_downlines+1
WHERE `user_id` = 'RUEKCW';
UPDATE `user_registration` SET total_downlines = total_downlines+1
WHERE `user_id` = 'K3GTG4';
UPDATE `user_registration` SET left_downlines = left_downlines+1
WHERE `user_id` = 'K3GTG4';
UPDATE `user_registration` SET total_downlines = total_downlines+1
WHERE `user_id` = 'I1TUBN';
UPDATE `user_registration` SET left_downlines = left_downlines+1
WHERE `user_id` = 'I1TUBN';
UPDATE `user_registration` SET total_downlines = total_downlines+1
WHERE `user_id` = 'BAUCCU';
UPDATE `user_registration` SET left_downlines = left_downlines+1
WHERE `user_id` = 'BAUCCU';
UPDATE `user_registration` SET total_downlines = total_downlines+1
WHERE `user_id` = '62QO97';
UPDATE `user_registration` SET left_downlines = left_downlines+1
WHERE `user_id` = '62QO97';
UPDATE `user_registration` SET total_downlines = total_downlines+1
WHERE `user_id` = 'OHLQEO';
UPDATE `user_registration` SET left_downlines = left_downlines+1
WHERE `user_id` = 'OHLQEO';
UPDATE `user_registration` SET total_downlines = total_downlines+1
WHERE `user_id` = '7APFKG';
UPDATE `user_registration` SET left_downlines = left_downlines+1
WHERE `user_id` = '7APFKG';
UPDATE `user_registration` SET total_downlines = total_downlines+1
WHERE `user_id` = 'Q2Q92Y';
UPDATE `user_registration` SET left_downlines = left_downlines+1
WHERE `user_id` = 'Q2Q92Y';
UPDATE `user_registration` SET total_downlines = total_downlines+1
WHERE `user_id` = 'E9ITRC';
UPDATE `user_registration` SET left_downlines = left_downlines+1
WHERE `user_id` = 'E9ITRC';
UPDATE `user_registration` SET total_downlines = total_downlines+1
WHERE `user_id` = '7COKBB';
UPDATE `user_registration` SET left_downlines = left_downlines+1
WHERE `user_id` = '7COKBB';
UPDATE `user_registration` SET total_downlines = total_downlines+1
WHERE `user_id` = 'BDNS17';
UPDATE `user_registration` SET left_downlines = left_downlines+1
WHERE `user_id` = 'BDNS17';
UPDATE `user_registration` SET total_downlines = total_downlines+1
WHERE `user_id` = '7ZXRRE';
UPDATE `user_registration` SET left_downlines = left_downlines+1
WHERE `user_id` = '7ZXRRE';
UPDATE `user_registration` SET total_downlines = total_downlines+1
WHERE `user_id` = 'KLRAF5';
UPDATE `user_registration` SET left_downlines = left_downlines+1
WHERE `user_id` = 'KLRAF5';
UPDATE `user_registration` SET total_downlines = total_downlines+1
WHERE `user_id` = 'IFJHZG';
UPDATE `user_registration` SET left_downlines = left_downlines+1
WHERE `user_id` = 'IFJHZG';
UPDATE `user_registration` SET total_downlines = total_downlines+1
WHERE `user_id` = 'MXUV8Q';
UPDATE `user_registration` SET left_downlines = left_downlines+1
WHERE `user_id` = 'MXUV8Q';
UPDATE `user_registration` SET total_downlines = total_downlines+1
WHERE `user_id` = 'GGM164';
UPDATE `user_registration` SET left_downlines = left_downlines+1
WHERE `user_id` = 'GGM164';
UPDATE `user_registration` SET total_downlines = total_downlines+1
WHERE `user_id` = '3NKIEX';
UPDATE `user_registration` SET left_downlines = left_downlines+1
WHERE `user_id` = '3NKIEX';
UPDATE `user_registration` SET total_downlines = total_downlines+1
WHERE `user_id` = 'S56TH3';
UPDATE `user_registration` SET left_downlines = left_downlines+1
WHERE `user_id` = 'S56TH3';
UPDATE `user_registration` SET total_downlines = total_downlines+1
WHERE `user_id` = 'XYG89U';
UPDATE `user_registration` SET left_downlines = left_downlines+1
WHERE `user_id` = 'XYG89U';
UPDATE `user_registration` SET total_downlines = total_downlines+1
WHERE `user_id` = 'HTFY93';
UPDATE `user_registration` SET left_downlines = left_downlines+1
WHERE `user_id` = 'HTFY93';
UPDATE `user_registration` SET total_downlines = total_downlines+1
WHERE `user_id` = '3PR393';
UPDATE `user_registration` SET left_downlines = left_downlines+1
WHERE `user_id` = '3PR393';
UPDATE `user_registration` SET total_downlines = total_downlines+1
WHERE `user_id` = 'T3MRY1';
UPDATE `user_registration` SET left_downlines = left_downlines+1
WHERE `user_id` = 'T3MRY1';
UPDATE `user_registration` SET total_downlines = total_downlines+1
WHERE `user_id` = 'GTMCCK';
UPDATE `user_registration` SET left_downlines = left_downlines+1
WHERE `user_id` = 'GTMCCK';
UPDATE `user_registration` SET total_downlines = total_downlines+1
WHERE `user_id` = 'DLYMIF';
UPDATE `user_registration` SET left_downlines = left_downlines+1
WHERE `user_id` = 'DLYMIF';
UPDATE `user_registration` SET total_downlines = total_downlines+1
WHERE `user_id` = 'WGJ5KE';
UPDATE `user_registration` SET left_downlines = left_downlines+1
WHERE `user_id` = 'WGJ5KE';
UPDATE `user_registration` SET total_downlines = total_downlines+1
WHERE `user_id` = 'ORRJ3M';
UPDATE `user_registration` SET left_downlines = left_downlines+1
WHERE `user_id` = 'ORRJ3M';
UPDATE `user_registration` SET total_downlines = total_downlines+1
WHERE `user_id` = 'AA8V6V';
UPDATE `user_registration` SET left_downlines = left_downlines+1
WHERE `user_id` = 'AA8V6V';
UPDATE `user_registration` SET total_downlines = total_downlines+1
WHERE `user_id` = '61ME4O';
UPDATE `user_registration` SET left_downlines = left_downlines+1
WHERE `user_id` = '61ME4O';
UPDATE `user_registration` SET total_downlines = total_downlines+1
WHERE `user_id` = 'WS1SZZ';
UPDATE `user_registration` SET left_downlines = left_downlines+1
WHERE `user_id` = 'WS1SZZ';
UPDATE `user_registration` SET total_downlines = total_downlines+1
WHERE `user_id` = 'TBN4MZ';
UPDATE `user_registration` SET left_downlines = left_downlines+1
WHERE `user_id` = 'TBN4MZ';
UPDATE `user_registration` SET total_downlines = total_downlines+1
WHERE `user_id` = 'OEMJ8R';
UPDATE `user_registration` SET left_downlines = left_downlines+1
WHERE `user_id` = 'OEMJ8R';
UPDATE `user_registration` SET total_downlines = total_downlines+1
WHERE `user_id` = 'FXAYIE';
UPDATE `user_registration` SET left_downlines = left_downlines+1
WHERE `user_id` = 'FXAYIE';
UPDATE `user_registration` SET total_downlines = total_downlines+1
WHERE `user_id` = 'ELXZWC';
UPDATE `user_registration` SET left_downlines = left_downlines+1
WHERE `user_id` = 'ELXZWC';
UPDATE `user_registration` SET total_downlines = total_downlines+1
WHERE `user_id` = 'C1TQVI';
UPDATE `user_registration` SET left_downlines = left_downlines+1
WHERE `user_id` = 'C1TQVI';
UPDATE `user_registration` SET total_downlines = total_downlines+1
WHERE `user_id` = 'F5GPDF';
UPDATE `user_registration` SET left_downlines = left_downlines+1
WHERE `user_id` = 'F5GPDF';
UPDATE `user_registration` SET total_downlines = total_downlines+1
WHERE `user_id` = '91PYDK';
UPDATE `user_registration` SET left_downlines = left_downlines+1
WHERE `user_id` = '91PYDK';
UPDATE `user_registration` SET total_downlines = total_downlines+1
WHERE `user_id` = '4OT7RX';
UPDATE `user_registration` SET left_downlines = left_downlines+1
WHERE `user_id` = '4OT7RX';
UPDATE `user_registration` SET total_downlines = total_downlines+1
WHERE `user_id` = 'ZJZA3M';
UPDATE `user_registration` SET left_downlines = left_downlines+1
WHERE `user_id` = 'ZJZA3M';
UPDATE `user_registration` SET total_downlines = total_downlines+1
WHERE `user_id` = 'XN6ETC';
UPDATE `user_registration` SET left_downlines = left_downlines+1
WHERE `user_id` = 'XN6ETC';
UPDATE `user_registration` SET total_downlines = total_downlines+1
WHERE `user_id` = 'KVQN1O';
UPDATE `user_registration` SET left_downlines = left_downlines+1
WHERE `user_id` = 'KVQN1O';
UPDATE `user_registration` SET total_downlines = total_downlines+1
WHERE `user_id` = 'X3V7DJ';
UPDATE `user_registration` SET left_downlines = left_downlines+1
WHERE `user_id` = 'X3V7DJ';
UPDATE `user_registration` SET total_downlines = total_downlines+1
WHERE `user_id` = 'DJ77NH';
UPDATE `user_registration` SET left_downlines = left_downlines+1
WHERE `user_id` = 'DJ77NH';
UPDATE `user_registration` SET total_downlines = total_downlines+1
WHERE `user_id` = 'PX7XCL';
UPDATE `user_registration` SET left_downlines = left_downlines+1
WHERE `user_id` = 'PX7XCL';
UPDATE `user_registration` SET total_downlines = total_downlines+1
WHERE `user_id` = 'L8PM4Z';
UPDATE `user_registration` SET left_downlines = left_downlines+1
WHERE `user_id` = 'L8PM4Z';
UPDATE `user_registration` SET total_downlines = total_downlines+1
WHERE `user_id` = 'GBSIER';
UPDATE `user_registration` SET left_downlines = left_downlines+1
WHERE `user_id` = 'GBSIER';
UPDATE `user_registration` SET total_downlines = total_downlines+1
WHERE `user_id` = 'AV48YQ';
UPDATE `user_registration` SET left_downlines = left_downlines+1
WHERE `user_id` = 'AV48YQ';
UPDATE `user_registration` SET total_downlines = total_downlines+1
WHERE `user_id` = 'admin';
UPDATE `user_registration` SET left_downlines = left_downlines+1
WHERE `user_id` = 'admin';
INSERT INTO `investment` (`invest_date`, `user_id`, `type`, `amount`, `package_id`) VALUES ('2024-09-26 09:24:07', 'N2BTW5', 'register', '595', '2');
INSERT INTO `earnings` (`user_id`, `Purchaser_id`, `earning_type`, `package_id`, `amount`, `date`, `comments`, `invest_amount`, `comm_perc`, `level`, `rank_id`, `order_id`) VALUES ('1FFFBU', 'N2BTW5', 'Direct Referral Bonus', '2', '100', '2024-09-26 09:24:07', 'Direct Referral Bonus', 0, 0, 1, '', 125);
UPDATE `user_registration` SET commission_balance = ROUND(commission_balance + 100,2)
WHERE `user_id` = '1FFFBU';
INSERT INTO `earnings` (`user_id`, `Purchaser_id`, `earning_type`, `package_id`, `amount`, `date`, `comments`, `invest_amount`, `comm_perc`, `level`, `rank_id`, `order_id`) VALUES ('S56TH3', 'N2BTW5', 'Expansion Bonus', '2', 100, '2024-09-26 09:24:07', 'Expansion Bonus', '100', 0, 1, '', 125);
UPDATE `user_registration` SET commission_balance = ROUND(commission_balance + 100,2)
WHERE `user_id` = 'S56TH3';
INSERT INTO `earnings` (`user_id`, `Purchaser_id`, `earning_type`, `package_id`, `amount`, `date`, `comments`, `invest_amount`, `comm_perc`, `level`, `rank_id`, `order_id`) VALUES ('admin', 'N2BTW5', 'Expansion Bonus', '2', 100, '2024-09-26 09:24:07', 'Expansion Bonus', 200, 0, 1, '', 125);
UPDATE `user_registration` SET commission_balance = ROUND(commission_balance + 100,2)
WHERE `user_id` = 'admin';
INSERT INTO `matrix_filling` (`placement_id`, `downline_id`, `level`, `matrix`) VALUES ('E98RLW', 'N2BTW5', 1, 1);
UPDATE `bv_updation` SET left_carry = left_carry+50, total_left = total_left+50
WHERE `user_id` = 'E98RLW';
INSERT INTO `placement_bv_update_history` (`left_carry`, `date`, `from_id`, `user_id`) VALUES ('50', '2024-09-26 09:24:07', 'N2BTW5', 'E98RLW');
INSERT INTO `matrix_filling` (`placement_id`, `downline_id`, `level`, `matrix`) VALUES ('Y5UHMF', 'N2BTW5', 2, 1);
UPDATE `bv_updation` SET left_carry = left_carry+50, total_left = total_left+50
WHERE `user_id` = 'Y5UHMF';
INSERT INTO `placement_bv_update_history` (`left_carry`, `date`, `from_id`, `user_id`) VALUES ('50', '2024-09-26 09:24:07', 'N2BTW5', 'Y5UHMF');
INSERT INTO `matrix_filling` (`placement_id`, `downline_id`, `level`, `matrix`) VALUES ('6LMTFA', 'N2BTW5', 3, 1);
UPDATE `bv_updation` SET left_carry = left_carry+50, total_left = total_left+50
WHERE `user_id` = '6LMTFA';
INSERT INTO `placement_bv_update_history` (`left_carry`, `date`, `from_id`, `user_id`) VALUES ('50', '2024-09-26 09:24:07', 'N2BTW5', '6LMTFA');
INSERT INTO `matrix_filling` (`placement_id`, `downline_id`, `level`, `matrix`) VALUES ('B9GZJZ', 'N2BTW5', 4, 1);
UPDATE `bv_updation` SET left_carry = left_carry+50, total_left = total_left+50
WHERE `user_id` = 'B9GZJZ';
INSERT INTO `placement_bv_update_history` (`left_carry`, `date`, `from_id`, `user_id`) VALUES ('50', '2024-09-26 09:24:07', 'N2BTW5', 'B9GZJZ');
INSERT INTO `matrix_filling` (`placement_id`, `downline_id`, `level`, `matrix`) VALUES ('VTD8AZ', 'N2BTW5', 5, 1);
UPDATE `bv_updation` SET left_carry = left_carry+50, total_left = total_left+50
WHERE `user_id` = 'VTD8AZ';
INSERT INTO `placement_bv_update_history` (`left_carry`, `date`, `from_id`, `user_id`) VALUES ('50', '2024-09-26 09:24:07', 'N2BTW5', 'VTD8AZ');
INSERT INTO `matrix_filling` (`placement_id`, `downline_id`, `level`, `matrix`) VALUES ('3UB84P', 'N2BTW5', 6, 1);
UPDATE `bv_updation` SET left_carry = left_carry+50, total_left = total_left+50
WHERE `user_id` = '3UB84P';
INSERT INTO `placement_bv_update_history` (`left_carry`, `date`, `from_id`, `user_id`) VALUES ('50', '2024-09-26 09:24:07', 'N2BTW5', '3UB84P');
INSERT INTO `matrix_filling` (`placement_id`, `downline_id`, `level`, `matrix`) VALUES ('MFMD6M', 'N2BTW5', 7, 1);
UPDATE `bv_updation` SET left_carry = left_carry+50, total_left = total_left+50
WHERE `user_id` = 'MFMD6M';
INSERT INTO `placement_bv_update_history` (`left_carry`, `date`, `from_id`, `user_id`) VALUES ('50', '2024-09-26 09:24:07', 'N2BTW5', 'MFMD6M');
INSERT INTO `matrix_filling` (`placement_id`, `downline_id`, `level`, `matrix`) VALUES ('97QHYG', 'N2BTW5', 8, 1);
UPDATE `bv_updation` SET left_carry = left_carry+50, total_left = total_left+50
WHERE `user_id` = '97QHYG';
INSERT INTO `placement_bv_update_history` (`left_carry`, `date`, `from_id`, `user_id`) VALUES ('50', '2024-09-26 09:24:07', 'N2BTW5', '97QHYG');
INSERT INTO `matrix_filling` (`placement_id`, `downline_id`, `level`, `matrix`) VALUES ('IW5GAU', 'N2BTW5', 9, 1);
UPDATE `bv_updation` SET left_carry = left_carry+50, total_left = total_left+50
WHERE `user_id` = 'IW5GAU';
INSERT INTO `placement_bv_update_history` (`left_carry`, `date`, `from_id`, `user_id`) VALUES ('50', '2024-09-26 09:24:07', 'N2BTW5', 'IW5GAU');
INSERT INTO `matrix_filling` (`placement_id`, `downline_id`, `level`, `matrix`) VALUES ('JQ3FLF', 'N2BTW5', 10, 1);
UPDATE `bv_updation` SET left_carry = left_carry+50, total_left = total_left+50
WHERE `user_id` = 'JQ3FLF';
INSERT INTO `placement_bv_update_history` (`left_carry`, `date`, `from_id`, `user_id`) VALUES ('50', '2024-09-26 09:24:07', 'N2BTW5', 'JQ3FLF');
INSERT INTO `matrix_filling` (`placement_id`, `downline_id`, `level`, `matrix`) VALUES ('C3N32U', 'N2BTW5', 11, 1);
UPDATE `bv_updation` SET left_carry = left_carry+50, total_left = total_left+50
WHERE `user_id` = 'C3N32U';
INSERT INTO `placement_bv_update_history` (`left_carry`, `date`, `from_id`, `user_id`) VALUES ('50', '2024-09-26 09:24:07', 'N2BTW5', 'C3N32U');
INSERT INTO `matrix_filling` (`placement_id`, `downline_id`, `level`, `matrix`) VALUES ('MNLXPP', 'N2BTW5', 12, 1);
UPDATE `bv_updation` SET left_carry = left_carry+50, total_left = total_left+50
WHERE `user_id` = 'MNLXPP';
INSERT INTO `placement_bv_update_history` (`left_carry`, `date`, `from_id`, `user_id`) VALUES ('50', '2024-09-26 09:24:07', 'N2BTW5', 'MNLXPP');
INSERT INTO `matrix_filling` (`placement_id`, `downline_id`, `level`, `matrix`) VALUES ('NUPA4K', 'N2BTW5', 13, 1);
UPDATE `bv_updation` SET left_carry = left_carry+50, total_left = total_left+50
WHERE `user_id` = 'NUPA4K';
INSERT INTO `placement_bv_update_history` (`left_carry`, `date`, `from_id`, `user_id`) VALUES ('50', '2024-09-26 09:24:07', 'N2BTW5', 'NUPA4K');
INSERT INTO `matrix_filling` (`placement_id`, `downline_id`, `level`, `matrix`) VALUES ('1FFFBU', 'N2BTW5', 14, 1);
UPDATE `bv_updation` SET left_carry = left_carry+50, total_left = total_left+50
WHERE `user_id` = '1FFFBU';
INSERT INTO `placement_bv_update_history` (`left_carry`, `date`, `from_id`, `user_id`) VALUES ('50', '2024-09-26 09:24:07', 'N2BTW5', '1FFFBU');
UPDATE `bv_updation` SET sponsor_left_carry = sponsor_left_carry+50, sponsor_total_left = sponsor_total_left+50
WHERE `user_id` = '1FFFBU';
INSERT INTO `sponsor_bv_update_history` (`left_carry`, `date`, `user_id`) VALUES ('50', '2024-09-26 09:24:07', '1FFFBU');
INSERT INTO `matrix_filling` (`placement_id`, `downline_id`, `level`, `matrix`) VALUES ('J4CGUT', 'N2BTW5', 15, 1);
UPDATE `bv_updation` SET left_carry = left_carry+50, total_left = total_left+50
WHERE `user_id` = 'J4CGUT';
INSERT INTO `placement_bv_update_history` (`left_carry`, `date`, `from_id`, `user_id`) VALUES ('50', '2024-09-26 09:24:07', 'N2BTW5', 'J4CGUT');
INSERT INTO `matrix_filling` (`placement_id`, `downline_id`, `level`, `matrix`) VALUES ('S1RTX3', 'N2BTW5', 16, 1);
UPDATE `bv_updation` SET left_carry = left_carry+50, total_left = total_left+50
WHERE `user_id` = 'S1RTX3';
INSERT INTO `placement_bv_update_history` (`left_carry`, `date`, `from_id`, `user_id`) VALUES ('50', '2024-09-26 09:24:07', 'N2BTW5', 'S1RTX3');
INSERT INTO `matrix_filling` (`placement_id`, `downline_id`, `level`, `matrix`) VALUES ('I8YWQA', 'N2BTW5', 17, 1);
UPDATE `bv_updation` SET left_carry = left_carry+50, total_left = total_left+50
WHERE `user_id` = 'I8YWQA';
INSERT INTO `placement_bv_update_history` (`left_carry`, `date`, `from_id`, `user_id`) VALUES ('50', '2024-09-26 09:24:08', 'N2BTW5', 'I8YWQA');
INSERT INTO `matrix_filling` (`placement_id`, `downline_id`, `level`, `matrix`) VALUES ('I3MZBU', 'N2BTW5', 18, 1);
UPDATE `bv_updation` SET left_carry = left_carry+50, total_left = total_left+50
WHERE `user_id` = 'I3MZBU';
INSERT INTO `placement_bv_update_history` (`left_carry`, `date`, `from_id`, `user_id`) VALUES ('50', '2024-09-26 09:24:08', 'N2BTW5', 'I3MZBU');
INSERT INTO `matrix_filling` (`placement_id`, `downline_id`, `level`, `matrix`) VALUES ('H2I33O', 'N2BTW5', 19, 1);
UPDATE `bv_updation` SET left_carry = left_carry+50, total_left = total_left+50
WHERE `user_id` = 'H2I33O';
INSERT INTO `placement_bv_update_history` (`left_carry`, `date`, `from_id`, `user_id`) VALUES ('50', '2024-09-26 09:24:08', 'N2BTW5', 'H2I33O');
INSERT INTO `matrix_filling` (`placement_id`, `downline_id`, `level`, `matrix`) VALUES ('AL7XWH', 'N2BTW5', 20, 1);
UPDATE `bv_updation` SET left_carry = left_carry+50, total_left = total_left+50
WHERE `user_id` = 'AL7XWH';
INSERT INTO `placement_bv_update_history` (`left_carry`, `date`, `from_id`, `user_id`) VALUES ('50', '2024-09-26 09:24:08', 'N2BTW5', 'AL7XWH');
INSERT INTO `matrix_filling` (`placement_id`, `downline_id`, `level`, `matrix`) VALUES ('HFZ9SA', 'N2BTW5', 21, 1);
UPDATE `bv_updation` SET left_carry = left_carry+50, total_left = total_left+50
WHERE `user_id` = 'HFZ9SA';
INSERT INTO `placement_bv_update_history` (`left_carry`, `date`, `from_id`, `user_id`) VALUES ('50', '2024-09-26 09:24:08', 'N2BTW5', 'HFZ9SA');
INSERT INTO `matrix_filling` (`placement_id`, `downline_id`, `level`, `matrix`) VALUES ('A2MTZ3', 'N2BTW5', 22, 1);
UPDATE `bv_updation` SET left_carry = left_carry+50, total_left = total_left+50
WHERE `user_id` = 'A2MTZ3';
INSERT INTO `placement_bv_update_history` (`left_carry`, `date`, `from_id`, `user_id`) VALUES ('50', '2024-09-26 09:24:08', 'N2BTW5', 'A2MTZ3');
INSERT INTO `matrix_filling` (`placement_id`, `downline_id`, `level`, `matrix`) VALUES ('RUEKCW', 'N2BTW5', 23, 1);
UPDATE `bv_updation` SET left_carry = left_carry+50, total_left = total_left+50
WHERE `user_id` = 'RUEKCW';
INSERT INTO `placement_bv_update_history` (`left_carry`, `date`, `from_id`, `user_id`) VALUES ('50', '2024-09-26 09:24:08', 'N2BTW5', 'RUEKCW');
INSERT INTO `matrix_filling` (`placement_id`, `downline_id`, `level`, `matrix`) VALUES ('K3GTG4', 'N2BTW5', 24, 1);
UPDATE `bv_updation` SET left_carry = left_carry+50, total_left = total_left+50
WHERE `user_id` = 'K3GTG4';
INSERT INTO `placement_bv_update_history` (`left_carry`, `date`, `from_id`, `user_id`) VALUES ('50', '2024-09-26 09:24:08', 'N2BTW5', 'K3GTG4');
INSERT INTO `matrix_filling` (`placement_id`, `downline_id`, `level`, `matrix`) VALUES ('I1TUBN', 'N2BTW5', 25, 1);
UPDATE `bv_updation` SET left_carry = left_carry+50, total_left = total_left+50
WHERE `user_id` = 'I1TUBN';
INSERT INTO `placement_bv_update_history` (`left_carry`, `date`, `from_id`, `user_id`) VALUES ('50', '2024-09-26 09:24:08', 'N2BTW5', 'I1TUBN');
INSERT INTO `matrix_filling` (`placement_id`, `downline_id`, `level`, `matrix`) VALUES ('BAUCCU', 'N2BTW5', 26, 1);
UPDATE `bv_updation` SET left_carry = left_carry+50, total_left = total_left+50
WHERE `user_id` = 'BAUCCU';
INSERT INTO `placement_bv_update_history` (`left_carry`, `date`, `from_id`, `user_id`) VALUES ('50', '2024-09-26 09:24:08', 'N2BTW5', 'BAUCCU');
INSERT INTO `matrix_filling` (`placement_id`, `downline_id`, `level`, `matrix`) VALUES ('62QO97', 'N2BTW5', 27, 1);
UPDATE `bv_updation` SET left_carry = left_carry+50, total_left = total_left+50
WHERE `user_id` = '62QO97';
INSERT INTO `placement_bv_update_history` (`left_carry`, `date`, `from_id`, `user_id`) VALUES ('50', '2024-09-26 09:24:08', 'N2BTW5', '62QO97');
INSERT INTO `matrix_filling` (`placement_id`, `downline_id`, `level`, `matrix`) VALUES ('OHLQEO', 'N2BTW5', 28, 1);
UPDATE `bv_updation` SET left_carry = left_carry+50, total_left = total_left+50
WHERE `user_id` = 'OHLQEO';
INSERT INTO `placement_bv_update_history` (`left_carry`, `date`, `from_id`, `user_id`) VALUES ('50', '2024-09-26 09:24:08', 'N2BTW5', 'OHLQEO');
INSERT INTO `matrix_filling` (`placement_id`, `downline_id`, `level`, `matrix`) VALUES ('7APFKG', 'N2BTW5', 29, 1);
UPDATE `bv_updation` SET left_carry = left_carry+50, total_left = total_left+50
WHERE `user_id` = '7APFKG';
INSERT INTO `placement_bv_update_history` (`left_carry`, `date`, `from_id`, `user_id`) VALUES ('50', '2024-09-26 09:24:08', 'N2BTW5', '7APFKG');
INSERT INTO `matrix_filling` (`placement_id`, `downline_id`, `level`, `matrix`) VALUES ('Q2Q92Y', 'N2BTW5', 30, 1);
UPDATE `bv_updation` SET left_carry = left_carry+50, total_left = total_left+50
WHERE `user_id` = 'Q2Q92Y';
INSERT INTO `placement_bv_update_history` (`left_carry`, `date`, `from_id`, `user_id`) VALUES ('50', '2024-09-26 09:24:08', 'N2BTW5', 'Q2Q92Y');
INSERT INTO `matrix_filling` (`placement_id`, `downline_id`, `level`, `matrix`) VALUES ('E9ITRC', 'N2BTW5', 31, 1);
UPDATE `bv_updation` SET left_carry = left_carry+50, total_left = total_left+50
WHERE `user_id` = 'E9ITRC';
INSERT INTO `placement_bv_update_history` (`left_carry`, `date`, `from_id`, `user_id`) VALUES ('50', '2024-09-26 09:24:08', 'N2BTW5', 'E9ITRC');
INSERT INTO `matrix_filling` (`placement_id`, `downline_id`, `level`, `matrix`) VALUES ('7COKBB', 'N2BTW5', 32, 1);
UPDATE `bv_updation` SET left_carry = left_carry+50, total_left = total_left+50
WHERE `user_id` = '7COKBB';
INSERT INTO `placement_bv_update_history` (`left_carry`, `date`, `from_id`, `user_id`) VALUES ('50', '2024-09-26 09:24:08', 'N2BTW5', '7COKBB');
INSERT INTO `matrix_filling` (`placement_id`, `downline_id`, `level`, `matrix`) VALUES ('BDNS17', 'N2BTW5', 33, 1);
UPDATE `bv_updation` SET left_carry = left_carry+50, total_left = total_left+50
WHERE `user_id` = 'BDNS17';
INSERT INTO `placement_bv_update_history` (`left_carry`, `date`, `from_id`, `user_id`) VALUES ('50', '2024-09-26 09:24:08', 'N2BTW5', 'BDNS17');
INSERT INTO `matrix_filling` (`placement_id`, `downline_id`, `level`, `matrix`) VALUES ('7ZXRRE', 'N2BTW5', 34, 1);
UPDATE `bv_updation` SET left_carry = left_carry+50, total_left = total_left+50
WHERE `user_id` = '7ZXRRE';
INSERT INTO `placement_bv_update_history` (`left_carry`, `date`, `from_id`, `user_id`) VALUES ('50', '2024-09-26 09:24:08', 'N2BTW5', '7ZXRRE');
INSERT INTO `matrix_filling` (`placement_id`, `downline_id`, `level`, `matrix`) VALUES ('KLRAF5', 'N2BTW5', 35, 1);
UPDATE `bv_updation` SET left_carry = left_carry+50, total_left = total_left+50
WHERE `user_id` = 'KLRAF5';
INSERT INTO `placement_bv_update_history` (`left_carry`, `date`, `from_id`, `user_id`) VALUES ('50', '2024-09-26 09:24:08', 'N2BTW5', 'KLRAF5');
INSERT INTO `matrix_filling` (`placement_id`, `downline_id`, `level`, `matrix`) VALUES ('IFJHZG', 'N2BTW5', 36, 1);
UPDATE `bv_updation` SET left_carry = left_carry+50, total_left = total_left+50
WHERE `user_id` = 'IFJHZG';
INSERT INTO `placement_bv_update_history` (`left_carry`, `date`, `from_id`, `user_id`) VALUES ('50', '2024-09-26 09:24:08', 'N2BTW5', 'IFJHZG');
INSERT INTO `matrix_filling` (`placement_id`, `downline_id`, `level`, `matrix`) VALUES ('MXUV8Q', 'N2BTW5', 37, 1);
UPDATE `bv_updation` SET left_carry = left_carry+50, total_left = total_left+50
WHERE `user_id` = 'MXUV8Q';
INSERT INTO `placement_bv_update_history` (`left_carry`, `date`, `from_id`, `user_id`) VALUES ('50', '2024-09-26 09:24:08', 'N2BTW5', 'MXUV8Q');
INSERT INTO `matrix_filling` (`placement_id`, `downline_id`, `level`, `matrix`) VALUES ('GGM164', 'N2BTW5', 38, 1);
UPDATE `bv_updation` SET left_carry = left_carry+50, total_left = total_left+50
WHERE `user_id` = 'GGM164';
INSERT INTO `placement_bv_update_history` (`left_carry`, `date`, `from_id`, `user_id`) VALUES ('50', '2024-09-26 09:24:08', 'N2BTW5', 'GGM164');
INSERT INTO `matrix_filling` (`placement_id`, `downline_id`, `level`, `matrix`) VALUES ('3NKIEX', 'N2BTW5', 39, 1);
UPDATE `bv_updation` SET left_carry = left_carry+50, total_left = total_left+50
WHERE `user_id` = '3NKIEX';
INSERT INTO `placement_bv_update_history` (`left_carry`, `date`, `from_id`, `user_id`) VALUES ('50', '2024-09-26 09:24:08', 'N2BTW5', '3NKIEX');
INSERT INTO `matrix_filling` (`placement_id`, `downline_id`, `level`, `matrix`) VALUES ('S56TH3', 'N2BTW5', 40, 1);
UPDATE `bv_updation` SET left_carry = left_carry+50, total_left = total_left+50
WHERE `user_id` = 'S56TH3';
INSERT INTO `placement_bv_update_history` (`left_carry`, `date`, `from_id`, `user_id`) VALUES ('50', '2024-09-26 09:24:08', 'N2BTW5', 'S56TH3');
INSERT INTO `matrix_filling` (`placement_id`, `downline_id`, `level`, `matrix`) VALUES ('XYG89U', 'N2BTW5', 41, 1);
UPDATE `bv_updation` SET left_carry = left_carry+50, total_left = total_left+50
WHERE `user_id` = 'XYG89U';
INSERT INTO `placement_bv_update_history` (`left_carry`, `date`, `from_id`, `user_id`) VALUES ('50', '2024-09-26 09:24:08', 'N2BTW5', 'XYG89U');
INSERT INTO `matrix_filling` (`placement_id`, `downline_id`, `level`, `matrix`) VALUES ('HTFY93', 'N2BTW5', 42, 1);
UPDATE `bv_updation` SET left_carry = left_carry+50, total_left = total_left+50
WHERE `user_id` = 'HTFY93';
INSERT INTO `placement_bv_update_history` (`left_carry`, `date`, `from_id`, `user_id`) VALUES ('50', '2024-09-26 09:24:08', 'N2BTW5', 'HTFY93');
INSERT INTO `matrix_filling` (`placement_id`, `downline_id`, `level`, `matrix`) VALUES ('3PR393', 'N2BTW5', 43, 1);
UPDATE `bv_updation` SET left_carry = left_carry+50, total_left = total_left+50
WHERE `user_id` = '3PR393';
INSERT INTO `placement_bv_update_history` (`left_carry`, `date`, `from_id`, `user_id`) VALUES ('50', '2024-09-26 09:24:08', 'N2BTW5', '3PR393');
INSERT INTO `matrix_filling` (`placement_id`, `downline_id`, `level`, `matrix`) VALUES ('T3MRY1', 'N2BTW5', 44, 1);
UPDATE `bv_updation` SET left_carry = left_carry+50, total_left = total_left+50
WHERE `user_id` = 'T3MRY1';
INSERT INTO `placement_bv_update_history` (`left_carry`, `date`, `from_id`, `user_id`) VALUES ('50', '2024-09-26 09:24:08', 'N2BTW5', 'T3MRY1');
INSERT INTO `matrix_filling` (`placement_id`, `downline_id`, `level`, `matrix`) VALUES ('GTMCCK', 'N2BTW5', 45, 1);
UPDATE `bv_updation` SET left_carry = left_carry+50, total_left = total_left+50
WHERE `user_id` = 'GTMCCK';
INSERT INTO `placement_bv_update_history` (`left_carry`, `date`, `from_id`, `user_id`) VALUES ('50', '2024-09-26 09:24:08', 'N2BTW5', 'GTMCCK');
INSERT INTO `matrix_filling` (`placement_id`, `downline_id`, `level`, `matrix`) VALUES ('DLYMIF', 'N2BTW5', 46, 1);
UPDATE `bv_updation` SET left_carry = left_carry+50, total_left = total_left+50
WHERE `user_id` = 'DLYMIF';
INSERT INTO `placement_bv_update_history` (`left_carry`, `date`, `from_id`, `user_id`) VALUES ('50', '2024-09-26 09:24:08', 'N2BTW5', 'DLYMIF');
INSERT INTO `matrix_filling` (`placement_id`, `downline_id`, `level`, `matrix`) VALUES ('WGJ5KE', 'N2BTW5', 47, 1);
UPDATE `bv_updation` SET left_carry = left_carry+50, total_left = total_left+50
WHERE `user_id` = 'WGJ5KE';
INSERT INTO `placement_bv_update_history` (`left_carry`, `date`, `from_id`, `user_id`) VALUES ('50', '2024-09-26 09:24:08', 'N2BTW5', 'WGJ5KE');
INSERT INTO `matrix_filling` (`placement_id`, `downline_id`, `level`, `matrix`) VALUES ('ORRJ3M', 'N2BTW5', 48, 1);
UPDATE `bv_updation` SET left_carry = left_carry+50, total_left = total_left+50
WHERE `user_id` = 'ORRJ3M';
INSERT INTO `placement_bv_update_history` (`left_carry`, `date`, `from_id`, `user_id`) VALUES ('50', '2024-09-26 09:24:08', 'N2BTW5', 'ORRJ3M');
INSERT INTO `matrix_filling` (`placement_id`, `downline_id`, `level`, `matrix`) VALUES ('AA8V6V', 'N2BTW5', 49, 1);
UPDATE `bv_updation` SET left_carry = left_carry+50, total_left = total_left+50
WHERE `user_id` = 'AA8V6V';
INSERT INTO `placement_bv_update_history` (`left_carry`, `date`, `from_id`, `user_id`) VALUES ('50', '2024-09-26 09:24:08', 'N2BTW5', 'AA8V6V');
INSERT INTO `matrix_filling` (`placement_id`, `downline_id`, `level`, `matrix`) VALUES ('61ME4O', 'N2BTW5', 50, 1);
UPDATE `bv_updation` SET left_carry = left_carry+50, total_left = total_left+50
WHERE `user_id` = '61ME4O';
INSERT INTO `placement_bv_update_history` (`left_carry`, `date`, `from_id`, `user_id`) VALUES ('50', '2024-09-26 09:24:08', 'N2BTW5', '61ME4O');
INSERT INTO `matrix_filling` (`placement_id`, `downline_id`, `level`, `matrix`) VALUES ('WS1SZZ', 'N2BTW5', 51, 1);
UPDATE `bv_updation` SET left_carry = left_carry+50, total_left = total_left+50
WHERE `user_id` = 'WS1SZZ';
INSERT INTO `placement_bv_update_history` (`left_carry`, `date`, `from_id`, `user_id`) VALUES ('50', '2024-09-26 09:24:08', 'N2BTW5', 'WS1SZZ');
INSERT INTO `matrix_filling` (`placement_id`, `downline_id`, `level`, `matrix`) VALUES ('TBN4MZ', 'N2BTW5', 52, 1);
UPDATE `bv_updation` SET left_carry = left_carry+50, total_left = total_left+50
WHERE `user_id` = 'TBN4MZ';
INSERT INTO `placement_bv_update_history` (`left_carry`, `date`, `from_id`, `user_id`) VALUES ('50', '2024-09-26 09:24:08', 'N2BTW5', 'TBN4MZ');
INSERT INTO `matrix_filling` (`placement_id`, `downline_id`, `level`, `matrix`) VALUES ('OEMJ8R', 'N2BTW5', 53, 1);
UPDATE `bv_updation` SET left_carry = left_carry+50, total_left = total_left+50
WHERE `user_id` = 'OEMJ8R';
INSERT INTO `placement_bv_update_history` (`left_carry`, `date`, `from_id`, `user_id`) VALUES ('50', '2024-09-26 09:24:08', 'N2BTW5', 'OEMJ8R');
INSERT INTO `matrix_filling` (`placement_id`, `downline_id`, `level`, `matrix`) VALUES ('FXAYIE', 'N2BTW5', 54, 1);
UPDATE `bv_updation` SET left_carry = left_carry+50, total_left = total_left+50
WHERE `user_id` = 'FXAYIE';
INSERT INTO `placement_bv_update_history` (`left_carry`, `date`, `from_id`, `user_id`) VALUES ('50', '2024-09-26 09:24:08', 'N2BTW5', 'FXAYIE');
INSERT INTO `matrix_filling` (`placement_id`, `downline_id`, `level`, `matrix`) VALUES ('ELXZWC', 'N2BTW5', 55, 1);
UPDATE `bv_updation` SET left_carry = left_carry+50, total_left = total_left+50
WHERE `user_id` = 'ELXZWC';
INSERT INTO `placement_bv_update_history` (`left_carry`, `date`, `from_id`, `user_id`) VALUES ('50', '2024-09-26 09:24:08', 'N2BTW5', 'ELXZWC');
INSERT INTO `matrix_filling` (`placement_id`, `downline_id`, `level`, `matrix`) VALUES ('C1TQVI', 'N2BTW5', 56, 1);
UPDATE `bv_updation` SET left_carry = left_carry+50, total_left = total_left+50
WHERE `user_id` = 'C1TQVI';
INSERT INTO `placement_bv_update_history` (`left_carry`, `date`, `from_id`, `user_id`) VALUES ('50', '2024-09-26 09:24:08', 'N2BTW5', 'C1TQVI');
INSERT INTO `matrix_filling` (`placement_id`, `downline_id`, `level`, `matrix`) VALUES ('F5GPDF', 'N2BTW5', 57, 1);
UPDATE `bv_updation` SET left_carry = left_carry+50, total_left = total_left+50
WHERE `user_id` = 'F5GPDF';
INSERT INTO `placement_bv_update_history` (`left_carry`, `date`, `from_id`, `user_id`) VALUES ('50', '2024-09-26 09:24:08', 'N2BTW5', 'F5GPDF');
INSERT INTO `matrix_filling` (`placement_id`, `downline_id`, `level`, `matrix`) VALUES ('91PYDK', 'N2BTW5', 58, 1);
UPDATE `bv_updation` SET left_carry = left_carry+50, total_left = total_left+50
WHERE `user_id` = '91PYDK';
INSERT INTO `placement_bv_update_history` (`left_carry`, `date`, `from_id`, `user_id`) VALUES ('50', '2024-09-26 09:24:08', 'N2BTW5', '91PYDK');
INSERT INTO `matrix_filling` (`placement_id`, `downline_id`, `level`, `matrix`) VALUES ('4OT7RX', 'N2BTW5', 59, 1);
UPDATE `bv_updation` SET left_carry = left_carry+50, total_left = total_left+50
WHERE `user_id` = '4OT7RX';
INSERT INTO `placement_bv_update_history` (`left_carry`, `date`, `from_id`, `user_id`) VALUES ('50', '2024-09-26 09:24:08', 'N2BTW5', '4OT7RX');
INSERT INTO `matrix_filling` (`placement_id`, `downline_id`, `level`, `matrix`) VALUES ('ZJZA3M', 'N2BTW5', 60, 1);
UPDATE `bv_updation` SET left_carry = left_carry+50, total_left = total_left+50
WHERE `user_id` = 'ZJZA3M';
INSERT INTO `placement_bv_update_history` (`left_carry`, `date`, `from_id`, `user_id`) VALUES ('50', '2024-09-26 09:24:08', 'N2BTW5', 'ZJZA3M');
INSERT INTO `matrix_filling` (`placement_id`, `downline_id`, `level`, `matrix`) VALUES ('XN6ETC', 'N2BTW5', 61, 1);
UPDATE `bv_updation` SET left_carry = left_carry+50, total_left = total_left+50
WHERE `user_id` = 'XN6ETC';
INSERT INTO `placement_bv_update_history` (`left_carry`, `date`, `from_id`, `user_id`) VALUES ('50', '2024-09-26 09:24:08', 'N2BTW5', 'XN6ETC');
INSERT INTO `matrix_filling` (`placement_id`, `downline_id`, `level`, `matrix`) VALUES ('KVQN1O', 'N2BTW5', 62, 1);
UPDATE `bv_updation` SET left_carry = left_carry+50, total_left = total_left+50
WHERE `user_id` = 'KVQN1O';
INSERT INTO `placement_bv_update_history` (`left_carry`, `date`, `from_id`, `user_id`) VALUES ('50', '2024-09-26 09:24:08', 'N2BTW5', 'KVQN1O');
INSERT INTO `matrix_filling` (`placement_id`, `downline_id`, `level`, `matrix`) VALUES ('X3V7DJ', 'N2BTW5', 63, 1);
UPDATE `bv_updation` SET left_carry = left_carry+50, total_left = total_left+50
WHERE `user_id` = 'X3V7DJ';
INSERT INTO `placement_bv_update_history` (`left_carry`, `date`, `from_id`, `user_id`) VALUES ('50', '2024-09-26 09:24:08', 'N2BTW5', 'X3V7DJ');
INSERT INTO `matrix_filling` (`placement_id`, `downline_id`, `level`, `matrix`) VALUES ('DJ77NH', 'N2BTW5', 64, 1);
UPDATE `bv_updation` SET left_carry = left_carry+50, total_left = total_left+50
WHERE `user_id` = 'DJ77NH';
INSERT INTO `placement_bv_update_history` (`left_carry`, `date`, `from_id`, `user_id`) VALUES ('50', '2024-09-26 09:24:08', 'N2BTW5', 'DJ77NH');
INSERT INTO `matrix_filling` (`placement_id`, `downline_id`, `level`, `matrix`) VALUES ('PX7XCL', 'N2BTW5', 65, 1);
UPDATE `bv_updation` SET left_carry = left_carry+50, total_left = total_left+50
WHERE `user_id` = 'PX7XCL';
INSERT INTO `placement_bv_update_history` (`left_carry`, `date`, `from_id`, `user_id`) VALUES ('50', '2024-09-26 09:24:08', 'N2BTW5', 'PX7XCL');
INSERT INTO `matrix_filling` (`placement_id`, `downline_id`, `level`, `matrix`) VALUES ('L8PM4Z', 'N2BTW5', 66, 1);
UPDATE `bv_updation` SET left_carry = left_carry+50, total_left = total_left+50
WHERE `user_id` = 'L8PM4Z';
INSERT INTO `placement_bv_update_history` (`left_carry`, `date`, `from_id`, `user_id`) VALUES ('50', '2024-09-26 09:24:08', 'N2BTW5', 'L8PM4Z');
INSERT INTO `matrix_filling` (`placement_id`, `downline_id`, `level`, `matrix`) VALUES ('GBSIER', 'N2BTW5', 67, 1);
UPDATE `bv_updation` SET left_carry = left_carry+50, total_left = total_left+50
WHERE `user_id` = 'GBSIER';
INSERT INTO `placement_bv_update_history` (`left_carry`, `date`, `from_id`, `user_id`) VALUES ('50', '2024-09-26 09:24:08', 'N2BTW5', 'GBSIER');
INSERT INTO `matrix_filling` (`placement_id`, `downline_id`, `level`, `matrix`) VALUES ('AV48YQ', 'N2BTW5', 68, 1);
UPDATE `bv_updation` SET left_carry = left_carry+50, total_left = total_left+50
WHERE `user_id` = 'AV48YQ';
INSERT INTO `placement_bv_update_history` (`left_carry`, `date`, `from_id`, `user_id`) VALUES ('50', '2024-09-26 09:24:08', 'N2BTW5', 'AV48YQ');
INSERT INTO `matrix_filling` (`placement_id`, `downline_id`, `level`, `matrix`) VALUES ('admin', 'N2BTW5', 69, 1);
INSERT INTO `package_purchase_history` (`user_id`, `package_id`, `reg_fee`, `package_name`, `monthly_fee`, `type`, `date`, `payment_option`) VALUES ('N2BTW5', '2', '595', 'Traveler Pro', '150', 'sign_up', '2024-09-26 09:24:08', 'free');
UPDATE `user_registration` SET `uid` = '2561', `user_id` = 'T7HLTF', `username` = 'ania7', `sponsor_id` = 'HI62BI', `vacant` = 'no', `f_name` = 'Ania', `l_name` = 'Debora', `address` = '6520 Kendale Lakes Dr', `position` = 'right', `email` = 'ania7@gmail.com', `password` = 'cc26cd414f8376f8237027628069cc66', `phone` = '3057610606', `country` = 'United States', `state` = 'Florida', `city` = 'Miami', `street` = '6520 Kendale Lakes Dr', `zip_code` = '33183', `reg_ip` = '172.70.255.207', `status` = 1, `package_id` = '2', `rank_id` = 1, `highest_rank` = 1, `created` = '2024-09-26 09:24:35', `subscription_date` = '2024-10-26', `google_secret` = 'SEMMOHIYHCESTJFN'
WHERE `uid` = '2561';
INSERT INTO `user_registration` (`uid`, `user_id`, `username`, `sponsor_id`, `placement_id`, `vacant`, `f_name`, `l_name`, `address`, `position`, `email`, `password`, `phone`, `reg_ip`, `status`, `created`) VALUES (NULL, 'RGNSGR', 'xabxLRHt', 'T7HLTF', 'T7HLTF', 'yes', '', '', '', 'left', '@mail.com', '', '', '', 0, '2024-09-26 09:24:35');
INSERT INTO `user_registration` (`uid`, `user_id`, `username`, `sponsor_id`, `placement_id`, `vacant`, `f_name`, `l_name`, `address`, `position`, `email`, `password`, `phone`, `reg_ip`, `status`, `created`) VALUES (NULL, 'CFVWZB', 'eXQDqnQA', 'T7HLTF', 'T7HLTF', 'yes', '', '', '', 'right', '@mail.com', '', '', '', 0, '2024-09-26 09:24:35');
INSERT INTO `bv_updation` (`user_id`) VALUES ('T7HLTF');
UPDATE `user_registration` SET total_ref_count = total_ref_count+1
WHERE `user_id` = 'HI62BI';
UPDATE `user_registration` SET total_downlines = total_downlines+1
WHERE `user_id` = 'R5QKTJ';
UPDATE `user_registration` SET right_downlines = right_downlines+1
WHERE `user_id` = 'R5QKTJ';
UPDATE `user_registration` SET total_downlines = total_downlines+1
WHERE `user_id` = 'MFRGPZ';
UPDATE `user_registration` SET right_downlines = right_downlines+1
WHERE `user_id` = 'MFRGPZ';
UPDATE `user_registration` SET total_downlines = total_downlines+1
WHERE `user_id` = '4OR55J';
UPDATE `user_registration` SET right_downlines = right_downlines+1
WHERE `user_id` = '4OR55J';
UPDATE `user_registration` SET total_downlines = total_downlines+1
WHERE `user_id` = '1H17TW';
UPDATE `user_registration` SET right_downlines = right_downlines+1
WHERE `user_id` = '1H17TW';
UPDATE `user_registration` SET total_downlines = total_downlines+1
WHERE `user_id` = 'QM7JIM';
UPDATE `user_registration` SET right_downlines = right_downlines+1
WHERE `user_id` = 'QM7JIM';
UPDATE `user_registration` SET total_downlines = total_downlines+1
WHERE `user_id` = 'P7L6OE';
UPDATE `user_registration` SET right_downlines = right_downlines+1
WHERE `user_id` = 'P7L6OE';
UPDATE `user_registration` SET total_downlines = total_downlines+1
WHERE `user_id` = 'Z34OQI';
UPDATE `user_registration` SET right_downlines = right_downlines+1
WHERE `user_id` = 'Z34OQI';
UPDATE `user_registration` SET total_downlines = total_downlines+1
WHERE `user_id` = '5K7DS2';
UPDATE `user_registration` SET right_downlines = right_downlines+1
WHERE `user_id` = '5K7DS2';
UPDATE `user_registration` SET total_downlines = total_downlines+1
WHERE `user_id` = 'HI62BI';
UPDATE `user_registration` SET right_downlines = right_downlines+1
WHERE `user_id` = 'HI62BI';
UPDATE `user_registration` SET right_ref_count = right_ref_count+1
WHERE `user_id` = 'HI62BI';
UPDATE `user_registration` SET active_right = active_right+1
WHERE `user_id` = 'HI62BI';
UPDATE `user_registration` SET total_downlines = total_downlines+1
WHERE `user_id` = '1FFFBU';
UPDATE `user_registration` SET right_downlines = right_downlines+1
WHERE `user_id` = '1FFFBU';
UPDATE `user_registration` SET total_downlines = total_downlines+1
WHERE `user_id` = 'J4CGUT';
UPDATE `user_registration` SET left_downlines = left_downlines+1
WHERE `user_id` = 'J4CGUT';
UPDATE `user_registration` SET total_downlines = total_downlines+1
WHERE `user_id` = 'S1RTX3';
UPDATE `user_registration` SET left_downlines = left_downlines+1
WHERE `user_id` = 'S1RTX3';
UPDATE `user_registration` SET total_downlines = total_downlines+1
WHERE `user_id` = 'I8YWQA';
UPDATE `user_registration` SET left_downlines = left_downlines+1
WHERE `user_id` = 'I8YWQA';
UPDATE `user_registration` SET total_downlines = total_downlines+1
WHERE `user_id` = 'I3MZBU';
UPDATE `user_registration` SET left_downlines = left_downlines+1
WHERE `user_id` = 'I3MZBU';
UPDATE `user_registration` SET total_downlines = total_downlines+1
WHERE `user_id` = 'H2I33O';
UPDATE `user_registration` SET left_downlines = left_downlines+1
WHERE `user_id` = 'H2I33O';
UPDATE `user_registration` SET total_downlines = total_downlines+1
WHERE `user_id` = 'AL7XWH';
UPDATE `user_registration` SET left_downlines = left_downlines+1
WHERE `user_id` = 'AL7XWH';
UPDATE `user_registration` SET total_downlines = total_downlines+1
WHERE `user_id` = 'HFZ9SA';
UPDATE `user_registration` SET left_downlines = left_downlines+1
WHERE `user_id` = 'HFZ9SA';
UPDATE `user_registration` SET total_downlines = total_downlines+1
WHERE `user_id` = 'A2MTZ3';
UPDATE `user_registration` SET left_downlines = left_downlines+1
WHERE `user_id` = 'A2MTZ3';
UPDATE `user_registration` SET total_downlines = total_downlines+1
WHERE `user_id` = 'RUEKCW';
UPDATE `user_registration` SET left_downlines = left_downlines+1
WHERE `user_id` = 'RUEKCW';
UPDATE `user_registration` SET total_downlines = total_downlines+1
WHERE `user_id` = 'K3GTG4';
UPDATE `user_registration` SET left_downlines = left_downlines+1
WHERE `user_id` = 'K3GTG4';
UPDATE `user_registration` SET total_downlines = total_downlines+1
WHERE `user_id` = 'I1TUBN';
UPDATE `user_registration` SET left_downlines = left_downlines+1
WHERE `user_id` = 'I1TUBN';
UPDATE `user_registration` SET total_downlines = total_downlines+1
WHERE `user_id` = 'BAUCCU';
UPDATE `user_registration` SET left_downlines = left_downlines+1
WHERE `user_id` = 'BAUCCU';
UPDATE `user_registration` SET total_downlines = total_downlines+1
WHERE `user_id` = '62QO97';
UPDATE `user_registration` SET left_downlines = left_downlines+1
WHERE `user_id` = '62QO97';
UPDATE `user_registration` SET total_downlines = total_downlines+1
WHERE `user_id` = 'OHLQEO';
UPDATE `user_registration` SET left_downlines = left_downlines+1
WHERE `user_id` = 'OHLQEO';
UPDATE `user_registration` SET total_downlines = total_downlines+1
WHERE `user_id` = '7APFKG';
UPDATE `user_registration` SET left_downlines = left_downlines+1
WHERE `user_id` = '7APFKG';
UPDATE `user_registration` SET total_downlines = total_downlines+1
WHERE `user_id` = 'Q2Q92Y';
UPDATE `user_registration` SET left_downlines = left_downlines+1
WHERE `user_id` = 'Q2Q92Y';
UPDATE `user_registration` SET total_downlines = total_downlines+1
WHERE `user_id` = 'E9ITRC';
UPDATE `user_registration` SET left_downlines = left_downlines+1
WHERE `user_id` = 'E9ITRC';
UPDATE `user_registration` SET total_downlines = total_downlines+1
WHERE `user_id` = '7COKBB';
UPDATE `user_registration` SET left_downlines = left_downlines+1
WHERE `user_id` = '7COKBB';
UPDATE `user_registration` SET total_downlines = total_downlines+1
WHERE `user_id` = 'BDNS17';
UPDATE `user_registration` SET left_downlines = left_downlines+1
WHERE `user_id` = 'BDNS17';
UPDATE `user_registration` SET total_downlines = total_downlines+1
WHERE `user_id` = '7ZXRRE';
UPDATE `user_registration` SET left_downlines = left_downlines+1
WHERE `user_id` = '7ZXRRE';
UPDATE `user_registration` SET total_downlines = total_downlines+1
WHERE `user_id` = 'KLRAF5';
UPDATE `user_registration` SET left_downlines = left_downlines+1
WHERE `user_id` = 'KLRAF5';
UPDATE `user_registration` SET total_downlines = total_downlines+1
WHERE `user_id` = 'IFJHZG';
UPDATE `user_registration` SET left_downlines = left_downlines+1
WHERE `user_id` = 'IFJHZG';
UPDATE `user_registration` SET total_downlines = total_downlines+1
WHERE `user_id` = 'MXUV8Q';
UPDATE `user_registration` SET left_downlines = left_downlines+1
WHERE `user_id` = 'MXUV8Q';
UPDATE `user_registration` SET total_downlines = total_downlines+1
WHERE `user_id` = 'GGM164';
UPDATE `user_registration` SET left_downlines = left_downlines+1
WHERE `user_id` = 'GGM164';
UPDATE `user_registration` SET total_downlines = total_downlines+1
WHERE `user_id` = '3NKIEX';
UPDATE `user_registration` SET left_downlines = left_downlines+1
WHERE `user_id` = '3NKIEX';
UPDATE `user_registration` SET total_downlines = total_downlines+1
WHERE `user_id` = 'S56TH3';
UPDATE `user_registration` SET left_downlines = left_downlines+1
WHERE `user_id` = 'S56TH3';
UPDATE `user_registration` SET total_downlines = total_downlines+1
WHERE `user_id` = 'XYG89U';
UPDATE `user_registration` SET left_downlines = left_downlines+1
WHERE `user_id` = 'XYG89U';
UPDATE `user_registration` SET total_downlines = total_downlines+1
WHERE `user_id` = 'HTFY93';
UPDATE `user_registration` SET left_downlines = left_downlines+1
WHERE `user_id` = 'HTFY93';
UPDATE `user_registration` SET total_downlines = total_downlines+1
WHERE `user_id` = '3PR393';
UPDATE `user_registration` SET left_downlines = left_downlines+1
WHERE `user_id` = '3PR393';
UPDATE `user_registration` SET total_downlines = total_downlines+1
WHERE `user_id` = 'T3MRY1';
UPDATE `user_registration` SET left_downlines = left_downlines+1
WHERE `user_id` = 'T3MRY1';
UPDATE `user_registration` SET total_downlines = total_downlines+1
WHERE `user_id` = 'GTMCCK';
UPDATE `user_registration` SET left_downlines = left_downlines+1
WHERE `user_id` = 'GTMCCK';
UPDATE `user_registration` SET total_downlines = total_downlines+1
WHERE `user_id` = 'DLYMIF';
UPDATE `user_registration` SET left_downlines = left_downlines+1
WHERE `user_id` = 'DLYMIF';
UPDATE `user_registration` SET total_downlines = total_downlines+1
WHERE `user_id` = 'WGJ5KE';
UPDATE `user_registration` SET left_downlines = left_downlines+1
WHERE `user_id` = 'WGJ5KE';
UPDATE `user_registration` SET total_downlines = total_downlines+1
WHERE `user_id` = 'ORRJ3M';
UPDATE `user_registration` SET left_downlines = left_downlines+1
WHERE `user_id` = 'ORRJ3M';
UPDATE `user_registration` SET total_downlines = total_downlines+1
WHERE `user_id` = 'AA8V6V';
UPDATE `user_registration` SET left_downlines = left_downlines+1
WHERE `user_id` = 'AA8V6V';
UPDATE `user_registration` SET total_downlines = total_downlines+1
WHERE `user_id` = '61ME4O';
UPDATE `user_registration` SET left_downlines = left_downlines+1
WHERE `user_id` = '61ME4O';
UPDATE `user_registration` SET total_downlines = total_downlines+1
WHERE `user_id` = 'WS1SZZ';
UPDATE `user_registration` SET left_downlines = left_downlines+1
WHERE `user_id` = 'WS1SZZ';
UPDATE `user_registration` SET total_downlines = total_downlines+1
WHERE `user_id` = 'TBN4MZ';
UPDATE `user_registration` SET left_downlines = left_downlines+1
WHERE `user_id` = 'TBN4MZ';
UPDATE `user_registration` SET total_downlines = total_downlines+1
WHERE `user_id` = 'OEMJ8R';
UPDATE `user_registration` SET left_downlines = left_downlines+1
WHERE `user_id` = 'OEMJ8R';
UPDATE `user_registration` SET total_downlines = total_downlines+1
WHERE `user_id` = 'FXAYIE';
UPDATE `user_registration` SET left_downlines = left_downlines+1
WHERE `user_id` = 'FXAYIE';
UPDATE `user_registration` SET total_downlines = total_downlines+1
WHERE `user_id` = 'ELXZWC';
UPDATE `user_registration` SET left_downlines = left_downlines+1
WHERE `user_id` = 'ELXZWC';
UPDATE `user_registration` SET total_downlines = total_downlines+1
WHERE `user_id` = 'C1TQVI';
UPDATE `user_registration` SET left_downlines = left_downlines+1
WHERE `user_id` = 'C1TQVI';
UPDATE `user_registration` SET total_downlines = total_downlines+1
WHERE `user_id` = 'F5GPDF';
UPDATE `user_registration` SET left_downlines = left_downlines+1
WHERE `user_id` = 'F5GPDF';
UPDATE `user_registration` SET total_downlines = total_downlines+1
WHERE `user_id` = '91PYDK';
UPDATE `user_registration` SET left_downlines = left_downlines+1
WHERE `user_id` = '91PYDK';
UPDATE `user_registration` SET total_downlines = total_downlines+1
WHERE `user_id` = '4OT7RX';
UPDATE `user_registration` SET left_downlines = left_downlines+1
WHERE `user_id` = '4OT7RX';
UPDATE `user_registration` SET total_downlines = total_downlines+1
WHERE `user_id` = 'ZJZA3M';
UPDATE `user_registration` SET left_downlines = left_downlines+1
WHERE `user_id` = 'ZJZA3M';
UPDATE `user_registration` SET total_downlines = total_downlines+1
WHERE `user_id` = 'XN6ETC';
UPDATE `user_registration` SET left_downlines = left_downlines+1
WHERE `user_id` = 'XN6ETC';
UPDATE `user_registration` SET total_downlines = total_downlines+1
WHERE `user_id` = 'KVQN1O';
UPDATE `user_registration` SET left_downlines = left_downlines+1
WHERE `user_id` = 'KVQN1O';
UPDATE `user_registration` SET total_downlines = total_downlines+1
WHERE `user_id` = 'X3V7DJ';
UPDATE `user_registration` SET left_downlines = left_downlines+1
WHERE `user_id` = 'X3V7DJ';
UPDATE `user_registration` SET total_downlines = total_downlines+1
WHERE `user_id` = 'DJ77NH';
UPDATE `user_registration` SET left_downlines = left_downlines+1
WHERE `user_id` = 'DJ77NH';
UPDATE `user_registration` SET total_downlines = total_downlines+1
WHERE `user_id` = 'PX7XCL';
UPDATE `user_registration` SET left_downlines = left_downlines+1
WHERE `user_id` = 'PX7XCL';
UPDATE `user_registration` SET total_downlines = total_downlines+1
WHERE `user_id` = 'L8PM4Z';
UPDATE `user_registration` SET left_downlines = left_downlines+1
WHERE `user_id` = 'L8PM4Z';
UPDATE `user_registration` SET total_downlines = total_downlines+1
WHERE `user_id` = 'GBSIER';
UPDATE `user_registration` SET left_downlines = left_downlines+1
WHERE `user_id` = 'GBSIER';
UPDATE `user_registration` SET total_downlines = total_downlines+1
WHERE `user_id` = 'AV48YQ';
UPDATE `user_registration` SET left_downlines = left_downlines+1
WHERE `user_id` = 'AV48YQ';
UPDATE `user_registration` SET total_downlines = total_downlines+1
WHERE `user_id` = 'admin';
UPDATE `user_registration` SET left_downlines = left_downlines+1
WHERE `user_id` = 'admin';
INSERT INTO `investment` (`invest_date`, `user_id`, `type`, `amount`, `package_id`) VALUES ('2024-09-26 09:24:35', 'T7HLTF', 'register', '595', '2');
INSERT INTO `earnings` (`user_id`, `Purchaser_id`, `earning_type`, `package_id`, `amount`, `date`, `comments`, `invest_amount`, `comm_perc`, `level`, `rank_id`, `order_id`) VALUES ('HI62BI', 'T7HLTF', 'Direct Referral Bonus', '2', '100', '2024-09-26 09:24:35', 'Direct Referral Bonus', 0, 0, 1, '', 126);
UPDATE `user_registration` SET commission_balance = ROUND(commission_balance + 100,2)
WHERE `user_id` = 'HI62BI';
INSERT INTO `earnings` (`user_id`, `Purchaser_id`, `earning_type`, `package_id`, `amount`, `date`, `comments`, `invest_amount`, `comm_perc`, `level`, `rank_id`, `order_id`) VALUES ('S56TH3', 'T7HLTF', 'Expansion Bonus', '2', 100, '2024-09-26 09:24:35', 'Expansion Bonus', '100', 0, 1, '', 126);
UPDATE `user_registration` SET commission_balance = ROUND(commission_balance + 100,2)
WHERE `user_id` = 'S56TH3';
INSERT INTO `earnings` (`user_id`, `Purchaser_id`, `earning_type`, `package_id`, `amount`, `date`, `comments`, `invest_amount`, `comm_perc`, `level`, `rank_id`, `order_id`) VALUES ('admin', 'T7HLTF', 'Expansion Bonus', '2', 100, '2024-09-26 09:24:35', 'Expansion Bonus', 200, 0, 1, '', 126);
UPDATE `user_registration` SET commission_balance = ROUND(commission_balance + 100,2)
WHERE `user_id` = 'admin';
INSERT INTO `matrix_filling` (`placement_id`, `downline_id`, `level`, `matrix`) VALUES ('R5QKTJ', 'T7HLTF', 1, 1);
UPDATE `bv_updation` SET right_carry = right_carry+50, total_right = total_right+50
WHERE `user_id` = 'R5QKTJ';
INSERT INTO `placement_bv_update_history` (`right_carry`, `date`, `from_id`, `user_id`) VALUES ('50', '2024-09-26 09:24:35', 'T7HLTF', 'R5QKTJ');
INSERT INTO `matrix_filling` (`placement_id`, `downline_id`, `level`, `matrix`) VALUES ('MFRGPZ', 'T7HLTF', 2, 1);
UPDATE `bv_updation` SET right_carry = right_carry+50, total_right = total_right+50
WHERE `user_id` = 'MFRGPZ';
INSERT INTO `placement_bv_update_history` (`right_carry`, `date`, `from_id`, `user_id`) VALUES ('50', '2024-09-26 09:24:35', 'T7HLTF', 'MFRGPZ');
INSERT INTO `matrix_filling` (`placement_id`, `downline_id`, `level`, `matrix`) VALUES ('4OR55J', 'T7HLTF', 3, 1);
INSERT INTO `matrix_filling` (`placement_id`, `downline_id`, `level`, `matrix`) VALUES ('1H17TW', 'T7HLTF', 4, 1);
UPDATE `bv_updation` SET right_carry = right_carry+50, total_right = total_right+50
WHERE `user_id` = '1H17TW';
INSERT INTO `placement_bv_update_history` (`right_carry`, `date`, `from_id`, `user_id`) VALUES ('50', '2024-09-26 09:24:35', 'T7HLTF', '1H17TW');
INSERT INTO `matrix_filling` (`placement_id`, `downline_id`, `level`, `matrix`) VALUES ('QM7JIM', 'T7HLTF', 5, 1);
UPDATE `bv_updation` SET right_carry = right_carry+50, total_right = total_right+50
WHERE `user_id` = 'QM7JIM';
INSERT INTO `placement_bv_update_history` (`right_carry`, `date`, `from_id`, `user_id`) VALUES ('50', '2024-09-26 09:24:35', 'T7HLTF', 'QM7JIM');
INSERT INTO `matrix_filling` (`placement_id`, `downline_id`, `level`, `matrix`) VALUES ('P7L6OE', 'T7HLTF', 6, 1);
UPDATE `bv_updation` SET right_carry = right_carry+50, total_right = total_right+50
WHERE `user_id` = 'P7L6OE';
INSERT INTO `placement_bv_update_history` (`right_carry`, `date`, `from_id`, `user_id`) VALUES ('50', '2024-09-26 09:24:35', 'T7HLTF', 'P7L6OE');
INSERT INTO `matrix_filling` (`placement_id`, `downline_id`, `level`, `matrix`) VALUES ('Z34OQI', 'T7HLTF', 7, 1);
UPDATE `bv_updation` SET right_carry = right_carry+50, total_right = total_right+50
WHERE `user_id` = 'Z34OQI';
INSERT INTO `placement_bv_update_history` (`right_carry`, `date`, `from_id`, `user_id`) VALUES ('50', '2024-09-26 09:24:35', 'T7HLTF', 'Z34OQI');
INSERT INTO `matrix_filling` (`placement_id`, `downline_id`, `level`, `matrix`) VALUES ('5K7DS2', 'T7HLTF', 8, 1);
INSERT INTO `matrix_filling` (`placement_id`, `downline_id`, `level`, `matrix`) VALUES ('HI62BI', 'T7HLTF', 9, 1);
INSERT INTO `matrix_filling` (`placement_id`, `downline_id`, `level`, `matrix`) VALUES ('1FFFBU', 'T7HLTF', 10, 1);
UPDATE `bv_updation` SET right_carry = right_carry+50, total_right = total_right+50
WHERE `user_id` = '1FFFBU';
INSERT INTO `placement_bv_update_history` (`right_carry`, `date`, `from_id`, `user_id`) VALUES ('50', '2024-09-26 09:24:35', 'T7HLTF', '1FFFBU');
INSERT INTO `matrix_filling` (`placement_id`, `downline_id`, `level`, `matrix`) VALUES ('J4CGUT', 'T7HLTF', 11, 1);
UPDATE `bv_updation` SET left_carry = left_carry+50, total_left = total_left+50
WHERE `user_id` = 'J4CGUT';
INSERT INTO `placement_bv_update_history` (`left_carry`, `date`, `from_id`, `user_id`) VALUES ('50', '2024-09-26 09:24:36', 'T7HLTF', 'J4CGUT');
INSERT INTO `matrix_filling` (`placement_id`, `downline_id`, `level`, `matrix`) VALUES ('S1RTX3', 'T7HLTF', 12, 1);
UPDATE `bv_updation` SET left_carry = left_carry+50, total_left = total_left+50
WHERE `user_id` = 'S1RTX3';
INSERT INTO `placement_bv_update_history` (`left_carry`, `date`, `from_id`, `user_id`) VALUES ('50', '2024-09-26 09:24:36', 'T7HLTF', 'S1RTX3');
INSERT INTO `matrix_filling` (`placement_id`, `downline_id`, `level`, `matrix`) VALUES ('I8YWQA', 'T7HLTF', 13, 1);
UPDATE `bv_updation` SET left_carry = left_carry+50, total_left = total_left+50
WHERE `user_id` = 'I8YWQA';
INSERT INTO `placement_bv_update_history` (`left_carry`, `date`, `from_id`, `user_id`) VALUES ('50', '2024-09-26 09:24:36', 'T7HLTF', 'I8YWQA');
INSERT INTO `matrix_filling` (`placement_id`, `downline_id`, `level`, `matrix`) VALUES ('I3MZBU', 'T7HLTF', 14, 1);
UPDATE `bv_updation` SET left_carry = left_carry+50, total_left = total_left+50
WHERE `user_id` = 'I3MZBU';
INSERT INTO `placement_bv_update_history` (`left_carry`, `date`, `from_id`, `user_id`) VALUES ('50', '2024-09-26 09:24:36', 'T7HLTF', 'I3MZBU');
INSERT INTO `matrix_filling` (`placement_id`, `downline_id`, `level`, `matrix`) VALUES ('H2I33O', 'T7HLTF', 15, 1);
UPDATE `bv_updation` SET left_carry = left_carry+50, total_left = total_left+50
WHERE `user_id` = 'H2I33O';
INSERT INTO `placement_bv_update_history` (`left_carry`, `date`, `from_id`, `user_id`) VALUES ('50', '2024-09-26 09:24:36', 'T7HLTF', 'H2I33O');
INSERT INTO `matrix_filling` (`placement_id`, `downline_id`, `level`, `matrix`) VALUES ('AL7XWH', 'T7HLTF', 16, 1);
UPDATE `bv_updation` SET left_carry = left_carry+50, total_left = total_left+50
WHERE `user_id` = 'AL7XWH';
INSERT INTO `placement_bv_update_history` (`left_carry`, `date`, `from_id`, `user_id`) VALUES ('50', '2024-09-26 09:24:36', 'T7HLTF', 'AL7XWH');
INSERT INTO `matrix_filling` (`placement_id`, `downline_id`, `level`, `matrix`) VALUES ('HFZ9SA', 'T7HLTF', 17, 1);
UPDATE `bv_updation` SET left_carry = left_carry+50, total_left = total_left+50
WHERE `user_id` = 'HFZ9SA';
INSERT INTO `placement_bv_update_history` (`left_carry`, `date`, `from_id`, `user_id`) VALUES ('50', '2024-09-26 09:24:36', 'T7HLTF', 'HFZ9SA');
INSERT INTO `matrix_filling` (`placement_id`, `downline_id`, `level`, `matrix`) VALUES ('A2MTZ3', 'T7HLTF', 18, 1);
UPDATE `bv_updation` SET left_carry = left_carry+50, total_left = total_left+50
WHERE `user_id` = 'A2MTZ3';
INSERT INTO `placement_bv_update_history` (`left_carry`, `date`, `from_id`, `user_id`) VALUES ('50', '2024-09-26 09:24:36', 'T7HLTF', 'A2MTZ3');
INSERT INTO `matrix_filling` (`placement_id`, `downline_id`, `level`, `matrix`) VALUES ('RUEKCW', 'T7HLTF', 19, 1);
UPDATE `bv_updation` SET left_carry = left_carry+50, total_left = total_left+50
WHERE `user_id` = 'RUEKCW';
INSERT INTO `placement_bv_update_history` (`left_carry`, `date`, `from_id`, `user_id`) VALUES ('50', '2024-09-26 09:24:36', 'T7HLTF', 'RUEKCW');
INSERT INTO `matrix_filling` (`placement_id`, `downline_id`, `level`, `matrix`) VALUES ('K3GTG4', 'T7HLTF', 20, 1);
UPDATE `bv_updation` SET left_carry = left_carry+50, total_left = total_left+50
WHERE `user_id` = 'K3GTG4';
INSERT INTO `placement_bv_update_history` (`left_carry`, `date`, `from_id`, `user_id`) VALUES ('50', '2024-09-26 09:24:36', 'T7HLTF', 'K3GTG4');
INSERT INTO `matrix_filling` (`placement_id`, `downline_id`, `level`, `matrix`) VALUES ('I1TUBN', 'T7HLTF', 21, 1);
UPDATE `bv_updation` SET left_carry = left_carry+50, total_left = total_left+50
WHERE `user_id` = 'I1TUBN';
INSERT INTO `placement_bv_update_history` (`left_carry`, `date`, `from_id`, `user_id`) VALUES ('50', '2024-09-26 09:24:36', 'T7HLTF', 'I1TUBN');
INSERT INTO `matrix_filling` (`placement_id`, `downline_id`, `level`, `matrix`) VALUES ('BAUCCU', 'T7HLTF', 22, 1);
UPDATE `bv_updation` SET left_carry = left_carry+50, total_left = total_left+50
WHERE `user_id` = 'BAUCCU';
INSERT INTO `placement_bv_update_history` (`left_carry`, `date`, `from_id`, `user_id`) VALUES ('50', '2024-09-26 09:24:36', 'T7HLTF', 'BAUCCU');
INSERT INTO `matrix_filling` (`placement_id`, `downline_id`, `level`, `matrix`) VALUES ('62QO97', 'T7HLTF', 23, 1);
UPDATE `bv_updation` SET left_carry = left_carry+50, total_left = total_left+50
WHERE `user_id` = '62QO97';
INSERT INTO `placement_bv_update_history` (`left_carry`, `date`, `from_id`, `user_id`) VALUES ('50', '2024-09-26 09:24:36', 'T7HLTF', '62QO97');
INSERT INTO `matrix_filling` (`placement_id`, `downline_id`, `level`, `matrix`) VALUES ('OHLQEO', 'T7HLTF', 24, 1);
UPDATE `bv_updation` SET left_carry = left_carry+50, total_left = total_left+50
WHERE `user_id` = 'OHLQEO';
INSERT INTO `placement_bv_update_history` (`left_carry`, `date`, `from_id`, `user_id`) VALUES ('50', '2024-09-26 09:24:36', 'T7HLTF', 'OHLQEO');
INSERT INTO `matrix_filling` (`placement_id`, `downline_id`, `level`, `matrix`) VALUES ('7APFKG', 'T7HLTF', 25, 1);
UPDATE `bv_updation` SET left_carry = left_carry+50, total_left = total_left+50
WHERE `user_id` = '7APFKG';
INSERT INTO `placement_bv_update_history` (`left_carry`, `date`, `from_id`, `user_id`) VALUES ('50', '2024-09-26 09:24:36', 'T7HLTF', '7APFKG');
INSERT INTO `matrix_filling` (`placement_id`, `downline_id`, `level`, `matrix`) VALUES ('Q2Q92Y', 'T7HLTF', 26, 1);
UPDATE `bv_updation` SET left_carry = left_carry+50, total_left = total_left+50
WHERE `user_id` = 'Q2Q92Y';
INSERT INTO `placement_bv_update_history` (`left_carry`, `date`, `from_id`, `user_id`) VALUES ('50', '2024-09-26 09:24:36', 'T7HLTF', 'Q2Q92Y');
INSERT INTO `matrix_filling` (`placement_id`, `downline_id`, `level`, `matrix`) VALUES ('E9ITRC', 'T7HLTF', 27, 1);
UPDATE `bv_updation` SET left_carry = left_carry+50, total_left = total_left+50
WHERE `user_id` = 'E9ITRC';
INSERT INTO `placement_bv_update_history` (`left_carry`, `date`, `from_id`, `user_id`) VALUES ('50', '2024-09-26 09:24:36', 'T7HLTF', 'E9ITRC');
INSERT INTO `matrix_filling` (`placement_id`, `downline_id`, `level`, `matrix`) VALUES ('7COKBB', 'T7HLTF', 28, 1);
UPDATE `bv_updation` SET left_carry = left_carry+50, total_left = total_left+50
WHERE `user_id` = '7COKBB';
INSERT INTO `placement_bv_update_history` (`left_carry`, `date`, `from_id`, `user_id`) VALUES ('50', '2024-09-26 09:24:36', 'T7HLTF', '7COKBB');
INSERT INTO `matrix_filling` (`placement_id`, `downline_id`, `level`, `matrix`) VALUES ('BDNS17', 'T7HLTF', 29, 1);
UPDATE `bv_updation` SET left_carry = left_carry+50, total_left = total_left+50
WHERE `user_id` = 'BDNS17';
INSERT INTO `placement_bv_update_history` (`left_carry`, `date`, `from_id`, `user_id`) VALUES ('50', '2024-09-26 09:24:36', 'T7HLTF', 'BDNS17');
INSERT INTO `matrix_filling` (`placement_id`, `downline_id`, `level`, `matrix`) VALUES ('7ZXRRE', 'T7HLTF', 30, 1);
UPDATE `bv_updation` SET left_carry = left_carry+50, total_left = total_left+50
WHERE `user_id` = '7ZXRRE';
INSERT INTO `placement_bv_update_history` (`left_carry`, `date`, `from_id`, `user_id`) VALUES ('50', '2024-09-26 09:24:36', 'T7HLTF', '7ZXRRE');
INSERT INTO `matrix_filling` (`placement_id`, `downline_id`, `level`, `matrix`) VALUES ('KLRAF5', 'T7HLTF', 31, 1);
UPDATE `bv_updation` SET left_carry = left_carry+50, total_left = total_left+50
WHERE `user_id` = 'KLRAF5';
INSERT INTO `placement_bv_update_history` (`left_carry`, `date`, `from_id`, `user_id`) VALUES ('50', '2024-09-26 09:24:36', 'T7HLTF', 'KLRAF5');
INSERT INTO `matrix_filling` (`placement_id`, `downline_id`, `level`, `matrix`) VALUES ('IFJHZG', 'T7HLTF', 32, 1);
UPDATE `bv_updation` SET left_carry = left_carry+50, total_left = total_left+50
WHERE `user_id` = 'IFJHZG';
INSERT INTO `placement_bv_update_history` (`left_carry`, `date`, `from_id`, `user_id`) VALUES ('50', '2024-09-26 09:24:36', 'T7HLTF', 'IFJHZG');
INSERT INTO `matrix_filling` (`placement_id`, `downline_id`, `level`, `matrix`) VALUES ('MXUV8Q', 'T7HLTF', 33, 1);
UPDATE `bv_updation` SET left_carry = left_carry+50, total_left = total_left+50
WHERE `user_id` = 'MXUV8Q';
INSERT INTO `placement_bv_update_history` (`left_carry`, `date`, `from_id`, `user_id`) VALUES ('50', '2024-09-26 09:24:36', 'T7HLTF', 'MXUV8Q');
INSERT INTO `matrix_filling` (`placement_id`, `downline_id`, `level`, `matrix`) VALUES ('GGM164', 'T7HLTF', 34, 1);
UPDATE `bv_updation` SET left_carry = left_carry+50, total_left = total_left+50
WHERE `user_id` = 'GGM164';
INSERT INTO `placement_bv_update_history` (`left_carry`, `date`, `from_id`, `user_id`) VALUES ('50', '2024-09-26 09:24:36', 'T7HLTF', 'GGM164');
INSERT INTO `matrix_filling` (`placement_id`, `downline_id`, `level`, `matrix`) VALUES ('3NKIEX', 'T7HLTF', 35, 1);
UPDATE `bv_updation` SET left_carry = left_carry+50, total_left = total_left+50
WHERE `user_id` = '3NKIEX';
INSERT INTO `placement_bv_update_history` (`left_carry`, `date`, `from_id`, `user_id`) VALUES ('50', '2024-09-26 09:24:36', 'T7HLTF', '3NKIEX');
INSERT INTO `matrix_filling` (`placement_id`, `downline_id`, `level`, `matrix`) VALUES ('S56TH3', 'T7HLTF', 36, 1);
UPDATE `bv_updation` SET left_carry = left_carry+50, total_left = total_left+50
WHERE `user_id` = 'S56TH3';
INSERT INTO `placement_bv_update_history` (`left_carry`, `date`, `from_id`, `user_id`) VALUES ('50', '2024-09-26 09:24:36', 'T7HLTF', 'S56TH3');
INSERT INTO `matrix_filling` (`placement_id`, `downline_id`, `level`, `matrix`) VALUES ('XYG89U', 'T7HLTF', 37, 1);
UPDATE `bv_updation` SET left_carry = left_carry+50, total_left = total_left+50
WHERE `user_id` = 'XYG89U';
INSERT INTO `placement_bv_update_history` (`left_carry`, `date`, `from_id`, `user_id`) VALUES ('50', '2024-09-26 09:24:36', 'T7HLTF', 'XYG89U');
INSERT INTO `matrix_filling` (`placement_id`, `downline_id`, `level`, `matrix`) VALUES ('HTFY93', 'T7HLTF', 38, 1);
UPDATE `bv_updation` SET left_carry = left_carry+50, total_left = total_left+50
WHERE `user_id` = 'HTFY93';
INSERT INTO `placement_bv_update_history` (`left_carry`, `date`, `from_id`, `user_id`) VALUES ('50', '2024-09-26 09:24:36', 'T7HLTF', 'HTFY93');
INSERT INTO `matrix_filling` (`placement_id`, `downline_id`, `level`, `matrix`) VALUES ('3PR393', 'T7HLTF', 39, 1);
UPDATE `bv_updation` SET left_carry = left_carry+50, total_left = total_left+50
WHERE `user_id` = '3PR393';
INSERT INTO `placement_bv_update_history` (`left_carry`, `date`, `from_id`, `user_id`) VALUES ('50', '2024-09-26 09:24:36', 'T7HLTF', '3PR393');
INSERT INTO `matrix_filling` (`placement_id`, `downline_id`, `level`, `matrix`) VALUES ('T3MRY1', 'T7HLTF', 40, 1);
UPDATE `bv_updation` SET left_carry = left_carry+50, total_left = total_left+50
WHERE `user_id` = 'T3MRY1';
INSERT INTO `placement_bv_update_history` (`left_carry`, `date`, `from_id`, `user_id`) VALUES ('50', '2024-09-26 09:24:36', 'T7HLTF', 'T3MRY1');
INSERT INTO `matrix_filling` (`placement_id`, `downline_id`, `level`, `matrix`) VALUES ('GTMCCK', 'T7HLTF', 41, 1);
UPDATE `bv_updation` SET left_carry = left_carry+50, total_left = total_left+50
WHERE `user_id` = 'GTMCCK';
INSERT INTO `placement_bv_update_history` (`left_carry`, `date`, `from_id`, `user_id`) VALUES ('50', '2024-09-26 09:24:36', 'T7HLTF', 'GTMCCK');
INSERT INTO `matrix_filling` (`placement_id`, `downline_id`, `level`, `matrix`) VALUES ('DLYMIF', 'T7HLTF', 42, 1);
UPDATE `bv_updation` SET left_carry = left_carry+50, total_left = total_left+50
WHERE `user_id` = 'DLYMIF';
INSERT INTO `placement_bv_update_history` (`left_carry`, `date`, `from_id`, `user_id`) VALUES ('50', '2024-09-26 09:24:36', 'T7HLTF', 'DLYMIF');
INSERT INTO `matrix_filling` (`placement_id`, `downline_id`, `level`, `matrix`) VALUES ('WGJ5KE', 'T7HLTF', 43, 1);
UPDATE `bv_updation` SET left_carry = left_carry+50, total_left = total_left+50
WHERE `user_id` = 'WGJ5KE';
INSERT INTO `placement_bv_update_history` (`left_carry`, `date`, `from_id`, `user_id`) VALUES ('50', '2024-09-26 09:24:36', 'T7HLTF', 'WGJ5KE');
INSERT INTO `matrix_filling` (`placement_id`, `downline_id`, `level`, `matrix`) VALUES ('ORRJ3M', 'T7HLTF', 44, 1);
UPDATE `bv_updation` SET left_carry = left_carry+50, total_left = total_left+50
WHERE `user_id` = 'ORRJ3M';
INSERT INTO `placement_bv_update_history` (`left_carry`, `date`, `from_id`, `user_id`) VALUES ('50', '2024-09-26 09:24:36', 'T7HLTF', 'ORRJ3M');
INSERT INTO `matrix_filling` (`placement_id`, `downline_id`, `level`, `matrix`) VALUES ('AA8V6V', 'T7HLTF', 45, 1);
UPDATE `bv_updation` SET left_carry = left_carry+50, total_left = total_left+50
WHERE `user_id` = 'AA8V6V';
INSERT INTO `placement_bv_update_history` (`left_carry`, `date`, `from_id`, `user_id`) VALUES ('50', '2024-09-26 09:24:36', 'T7HLTF', 'AA8V6V');
INSERT INTO `matrix_filling` (`placement_id`, `downline_id`, `level`, `matrix`) VALUES ('61ME4O', 'T7HLTF', 46, 1);
UPDATE `bv_updation` SET left_carry = left_carry+50, total_left = total_left+50
WHERE `user_id` = '61ME4O';
INSERT INTO `placement_bv_update_history` (`left_carry`, `date`, `from_id`, `user_id`) VALUES ('50', '2024-09-26 09:24:36', 'T7HLTF', '61ME4O');
INSERT INTO `matrix_filling` (`placement_id`, `downline_id`, `level`, `matrix`) VALUES ('WS1SZZ', 'T7HLTF', 47, 1);
UPDATE `bv_updation` SET left_carry = left_carry+50, total_left = total_left+50
WHERE `user_id` = 'WS1SZZ';
INSERT INTO `placement_bv_update_history` (`left_carry`, `date`, `from_id`, `user_id`) VALUES ('50', '2024-09-26 09:24:36', 'T7HLTF', 'WS1SZZ');
INSERT INTO `matrix_filling` (`placement_id`, `downline_id`, `level`, `matrix`) VALUES ('TBN4MZ', 'T7HLTF', 48, 1);
UPDATE `bv_updation` SET left_carry = left_carry+50, total_left = total_left+50
WHERE `user_id` = 'TBN4MZ';
INSERT INTO `placement_bv_update_history` (`left_carry`, `date`, `from_id`, `user_id`) VALUES ('50', '2024-09-26 09:24:36', 'T7HLTF', 'TBN4MZ');
INSERT INTO `matrix_filling` (`placement_id`, `downline_id`, `level`, `matrix`) VALUES ('OEMJ8R', 'T7HLTF', 49, 1);
UPDATE `bv_updation` SET left_carry = left_carry+50, total_left = total_left+50
WHERE `user_id` = 'OEMJ8R';
INSERT INTO `placement_bv_update_history` (`left_carry`, `date`, `from_id`, `user_id`) VALUES ('50', '2024-09-26 09:24:36', 'T7HLTF', 'OEMJ8R');
INSERT INTO `matrix_filling` (`placement_id`, `downline_id`, `level`, `matrix`) VALUES ('FXAYIE', 'T7HLTF', 50, 1);
UPDATE `bv_updation` SET left_carry = left_carry+50, total_left = total_left+50
WHERE `user_id` = 'FXAYIE';
INSERT INTO `placement_bv_update_history` (`left_carry`, `date`, `from_id`, `user_id`) VALUES ('50', '2024-09-26 09:24:36', 'T7HLTF', 'FXAYIE');
INSERT INTO `matrix_filling` (`placement_id`, `downline_id`, `level`, `matrix`) VALUES ('ELXZWC', 'T7HLTF', 51, 1);
UPDATE `bv_updation` SET left_carry = left_carry+50, total_left = total_left+50
WHERE `user_id` = 'ELXZWC';
INSERT INTO `placement_bv_update_history` (`left_carry`, `date`, `from_id`, `user_id`) VALUES ('50', '2024-09-26 09:24:36', 'T7HLTF', 'ELXZWC');
INSERT INTO `matrix_filling` (`placement_id`, `downline_id`, `level`, `matrix`) VALUES ('C1TQVI', 'T7HLTF', 52, 1);
UPDATE `bv_updation` SET left_carry = left_carry+50, total_left = total_left+50
WHERE `user_id` = 'C1TQVI';
INSERT INTO `placement_bv_update_history` (`left_carry`, `date`, `from_id`, `user_id`) VALUES ('50', '2024-09-26 09:24:36', 'T7HLTF', 'C1TQVI');
INSERT INTO `matrix_filling` (`placement_id`, `downline_id`, `level`, `matrix`) VALUES ('F5GPDF', 'T7HLTF', 53, 1);
UPDATE `bv_updation` SET left_carry = left_carry+50, total_left = total_left+50
WHERE `user_id` = 'F5GPDF';
INSERT INTO `placement_bv_update_history` (`left_carry`, `date`, `from_id`, `user_id`) VALUES ('50', '2024-09-26 09:24:36', 'T7HLTF', 'F5GPDF');
INSERT INTO `matrix_filling` (`placement_id`, `downline_id`, `level`, `matrix`) VALUES ('91PYDK', 'T7HLTF', 54, 1);
UPDATE `bv_updation` SET left_carry = left_carry+50, total_left = total_left+50
WHERE `user_id` = '91PYDK';
INSERT INTO `placement_bv_update_history` (`left_carry`, `date`, `from_id`, `user_id`) VALUES ('50', '2024-09-26 09:24:36', 'T7HLTF', '91PYDK');
INSERT INTO `matrix_filling` (`placement_id`, `downline_id`, `level`, `matrix`) VALUES ('4OT7RX', 'T7HLTF', 55, 1);
UPDATE `bv_updation` SET left_carry = left_carry+50, total_left = total_left+50
WHERE `user_id` = '4OT7RX';
INSERT INTO `placement_bv_update_history` (`left_carry`, `date`, `from_id`, `user_id`) VALUES ('50', '2024-09-26 09:24:36', 'T7HLTF', '4OT7RX');
INSERT INTO `matrix_filling` (`placement_id`, `downline_id`, `level`, `matrix`) VALUES ('ZJZA3M', 'T7HLTF', 56, 1);
UPDATE `bv_updation` SET left_carry = left_carry+50, total_left = total_left+50
WHERE `user_id` = 'ZJZA3M';
INSERT INTO `placement_bv_update_history` (`left_carry`, `date`, `from_id`, `user_id`) VALUES ('50', '2024-09-26 09:24:36', 'T7HLTF', 'ZJZA3M');
INSERT INTO `matrix_filling` (`placement_id`, `downline_id`, `level`, `matrix`) VALUES ('XN6ETC', 'T7HLTF', 57, 1);
UPDATE `bv_updation` SET left_carry = left_carry+50, total_left = total_left+50
WHERE `user_id` = 'XN6ETC';
INSERT INTO `placement_bv_update_history` (`left_carry`, `date`, `from_id`, `user_id`) VALUES ('50', '2024-09-26 09:24:36', 'T7HLTF', 'XN6ETC');
INSERT INTO `matrix_filling` (`placement_id`, `downline_id`, `level`, `matrix`) VALUES ('KVQN1O', 'T7HLTF', 58, 1);
UPDATE `bv_updation` SET left_carry = left_carry+50, total_left = total_left+50
WHERE `user_id` = 'KVQN1O';
INSERT INTO `placement_bv_update_history` (`left_carry`, `date`, `from_id`, `user_id`) VALUES ('50', '2024-09-26 09:24:36', 'T7HLTF', 'KVQN1O');
INSERT INTO `matrix_filling` (`placement_id`, `downline_id`, `level`, `matrix`) VALUES ('X3V7DJ', 'T7HLTF', 59, 1);
UPDATE `bv_updation` SET left_carry = left_carry+50, total_left = total_left+50
WHERE `user_id` = 'X3V7DJ';
INSERT INTO `placement_bv_update_history` (`left_carry`, `date`, `from_id`, `user_id`) VALUES ('50', '2024-09-26 09:24:36', 'T7HLTF', 'X3V7DJ');
INSERT INTO `matrix_filling` (`placement_id`, `downline_id`, `level`, `matrix`) VALUES ('DJ77NH', 'T7HLTF', 60, 1);
UPDATE `bv_updation` SET left_carry = left_carry+50, total_left = total_left+50
WHERE `user_id` = 'DJ77NH';
INSERT INTO `placement_bv_update_history` (`left_carry`, `date`, `from_id`, `user_id`) VALUES ('50', '2024-09-26 09:24:36', 'T7HLTF', 'DJ77NH');
INSERT INTO `matrix_filling` (`placement_id`, `downline_id`, `level`, `matrix`) VALUES ('PX7XCL', 'T7HLTF', 61, 1);
UPDATE `bv_updation` SET left_carry = left_carry+50, total_left = total_left+50
WHERE `user_id` = 'PX7XCL';
INSERT INTO `placement_bv_update_history` (`left_carry`, `date`, `from_id`, `user_id`) VALUES ('50', '2024-09-26 09:24:36', 'T7HLTF', 'PX7XCL');
INSERT INTO `matrix_filling` (`placement_id`, `downline_id`, `level`, `matrix`) VALUES ('L8PM4Z', 'T7HLTF', 62, 1);
UPDATE `bv_updation` SET left_carry = left_carry+50, total_left = total_left+50
WHERE `user_id` = 'L8PM4Z';
INSERT INTO `placement_bv_update_history` (`left_carry`, `date`, `from_id`, `user_id`) VALUES ('50', '2024-09-26 09:24:36', 'T7HLTF', 'L8PM4Z');
INSERT INTO `matrix_filling` (`placement_id`, `downline_id`, `level`, `matrix`) VALUES ('GBSIER', 'T7HLTF', 63, 1);
UPDATE `bv_updation` SET left_carry = left_carry+50, total_left = total_left+50
WHERE `user_id` = 'GBSIER';
INSERT INTO `placement_bv_update_history` (`left_carry`, `date`, `from_id`, `user_id`) VALUES ('50', '2024-09-26 09:24:36', 'T7HLTF', 'GBSIER');
INSERT INTO `matrix_filling` (`placement_id`, `downline_id`, `level`, `matrix`) VALUES ('AV48YQ', 'T7HLTF', 64, 1);
UPDATE `bv_updation` SET left_carry = left_carry+50, total_left = total_left+50
WHERE `user_id` = 'AV48YQ';
INSERT INTO `placement_bv_update_history` (`left_carry`, `date`, `from_id`, `user_id`) VALUES ('50', '2024-09-26 09:24:36', 'T7HLTF', 'AV48YQ');
INSERT INTO `matrix_filling` (`placement_id`, `downline_id`, `level`, `matrix`) VALUES ('admin', 'T7HLTF', 65, 1);
INSERT INTO `package_purchase_history` (`user_id`, `package_id`, `reg_fee`, `package_name`, `monthly_fee`, `type`, `date`, `payment_option`) VALUES ('T7HLTF', '2', '595', 'Traveler Pro', '150', 'sign_up', '2024-09-26 09:24:36', 'free');
UPDATE `user_registration` SET `uid` = '2566', `user_id` = '5YBOHR', `username` = 'raybel7', `sponsor_id` = '1FFFBU', `vacant` = 'no', `f_name` = 'Raybel', `l_name` = 'Vazquez', `address` = '8100 sw 14 terr', `position` = 'left', `email` = 'raybel7@gmail.com', `password` = '286c22bdbeaeed0176ff5ab1a7a8e1d1', `phone` = '7862876762', `country` = 'United States', `state` = 'Florida', `city` = 'Miami', `street` = '8100 sw 14 terr', `zip_code` = '33144', `reg_ip` = '172.70.82.95', `status` = 1, `package_id` = '2', `rank_id` = 1, `highest_rank` = 1, `created` = '2024-09-26 09:25:25', `subscription_date` = '2024-10-26', `google_secret` = 'DJDVZUOFMOHESYUW'
WHERE `uid` = '2566';
INSERT INTO `user_registration` (`uid`, `user_id`, `username`, `sponsor_id`, `placement_id`, `vacant`, `f_name`, `l_name`, `address`, `position`, `email`, `password`, `phone`, `reg_ip`, `status`, `created`) VALUES (NULL, 'IVVPIP', 'JPiSGJPs', '5YBOHR', '5YBOHR', 'yes', '', '', '', 'left', '@mail.com', '', '', '', 0, '2024-09-26 09:25:25');
INSERT INTO `user_registration` (`uid`, `user_id`, `username`, `sponsor_id`, `placement_id`, `vacant`, `f_name`, `l_name`, `address`, `position`, `email`, `password`, `phone`, `reg_ip`, `status`, `created`) VALUES (NULL, 'ZJZKOO', 'tvRfbKaZ', '5YBOHR', '5YBOHR', 'yes', '', '', '', 'right', '@mail.com', '', '', '', 0, '2024-09-26 09:25:25');
INSERT INTO `bv_updation` (`user_id`) VALUES ('5YBOHR');
UPDATE `user_registration` SET total_ref_count = total_ref_count+1
WHERE `user_id` = '1FFFBU';
UPDATE `user_registration` SET total_downlines = total_downlines+1
WHERE `user_id` = 'N2BTW5';
UPDATE `user_registration` SET left_downlines = left_downlines+1
WHERE `user_id` = 'N2BTW5';
UPDATE `user_registration` SET total_downlines = total_downlines+1
WHERE `user_id` = 'E98RLW';
UPDATE `user_registration` SET left_downlines = left_downlines+1
WHERE `user_id` = 'E98RLW';
UPDATE `user_registration` SET total_downlines = total_downlines+1
WHERE `user_id` = 'Y5UHMF';
UPDATE `user_registration` SET left_downlines = left_downlines+1
WHERE `user_id` = 'Y5UHMF';
UPDATE `user_registration` SET total_downlines = total_downlines+1
WHERE `user_id` = '6LMTFA';
UPDATE `user_registration` SET left_downlines = left_downlines+1
WHERE `user_id` = '6LMTFA';
UPDATE `user_registration` SET total_downlines = total_downlines+1
WHERE `user_id` = 'B9GZJZ';
UPDATE `user_registration` SET left_downlines = left_downlines+1
WHERE `user_id` = 'B9GZJZ';
UPDATE `user_registration` SET total_downlines = total_downlines+1
WHERE `user_id` = 'VTD8AZ';
UPDATE `user_registration` SET left_downlines = left_downlines+1
WHERE `user_id` = 'VTD8AZ';
UPDATE `user_registration` SET total_downlines = total_downlines+1
WHERE `user_id` = '3UB84P';
UPDATE `user_registration` SET left_downlines = left_downlines+1
WHERE `user_id` = '3UB84P';
UPDATE `user_registration` SET total_downlines = total_downlines+1
WHERE `user_id` = 'MFMD6M';
UPDATE `user_registration` SET left_downlines = left_downlines+1
WHERE `user_id` = 'MFMD6M';
UPDATE `user_registration` SET total_downlines = total_downlines+1
WHERE `user_id` = '97QHYG';
UPDATE `user_registration` SET left_downlines = left_downlines+1
WHERE `user_id` = '97QHYG';
UPDATE `user_registration` SET total_downlines = total_downlines+1
WHERE `user_id` = 'IW5GAU';
UPDATE `user_registration` SET left_downlines = left_downlines+1
WHERE `user_id` = 'IW5GAU';
UPDATE `user_registration` SET total_downlines = total_downlines+1
WHERE `user_id` = 'JQ3FLF';
UPDATE `user_registration` SET left_downlines = left_downlines+1
WHERE `user_id` = 'JQ3FLF';
UPDATE `user_registration` SET total_downlines = total_downlines+1
WHERE `user_id` = 'C3N32U';
UPDATE `user_registration` SET left_downlines = left_downlines+1
WHERE `user_id` = 'C3N32U';
UPDATE `user_registration` SET total_downlines = total_downlines+1
WHERE `user_id` = 'MNLXPP';
UPDATE `user_registration` SET left_downlines = left_downlines+1
WHERE `user_id` = 'MNLXPP';
UPDATE `user_registration` SET total_downlines = total_downlines+1
WHERE `user_id` = 'NUPA4K';
UPDATE `user_registration` SET left_downlines = left_downlines+1
WHERE `user_id` = 'NUPA4K';
UPDATE `user_registration` SET total_downlines = total_downlines+1
WHERE `user_id` = '1FFFBU';
UPDATE `user_registration` SET left_downlines = left_downlines+1
WHERE `user_id` = '1FFFBU';
UPDATE `user_registration` SET left_ref_count = left_ref_count+1
WHERE `user_id` = '1FFFBU';
UPDATE `user_registration` SET active_left = active_left+1
WHERE `user_id` = '1FFFBU';
UPDATE `user_registration` SET total_downlines = total_downlines+1
WHERE `user_id` = 'J4CGUT';
UPDATE `user_registration` SET left_downlines = left_downlines+1
WHERE `user_id` = 'J4CGUT';
UPDATE `user_registration` SET total_downlines = total_downlines+1
WHERE `user_id` = 'S1RTX3';
UPDATE `user_registration` SET left_downlines = left_downlines+1
WHERE `user_id` = 'S1RTX3';
UPDATE `user_registration` SET total_downlines = total_downlines+1
WHERE `user_id` = 'I8YWQA';
UPDATE `user_registration` SET left_downlines = left_downlines+1
WHERE `user_id` = 'I8YWQA';
UPDATE `user_registration` SET total_downlines = total_downlines+1
WHERE `user_id` = 'I3MZBU';
UPDATE `user_registration` SET left_downlines = left_downlines+1
WHERE `user_id` = 'I3MZBU';
UPDATE `user_registration` SET total_downlines = total_downlines+1
WHERE `user_id` = 'H2I33O';
UPDATE `user_registration` SET left_downlines = left_downlines+1
WHERE `user_id` = 'H2I33O';
UPDATE `user_registration` SET total_downlines = total_downlines+1
WHERE `user_id` = 'AL7XWH';
UPDATE `user_registration` SET left_downlines = left_downlines+1
WHERE `user_id` = 'AL7XWH';
UPDATE `user_registration` SET total_downlines = total_downlines+1
WHERE `user_id` = 'HFZ9SA';
UPDATE `user_registration` SET left_downlines = left_downlines+1
WHERE `user_id` = 'HFZ9SA';
UPDATE `user_registration` SET total_downlines = total_downlines+1
WHERE `user_id` = 'A2MTZ3';
UPDATE `user_registration` SET left_downlines = left_downlines+1
WHERE `user_id` = 'A2MTZ3';
UPDATE `user_registration` SET total_downlines = total_downlines+1
WHERE `user_id` = 'RUEKCW';
UPDATE `user_registration` SET left_downlines = left_downlines+1
WHERE `user_id` = 'RUEKCW';
UPDATE `user_registration` SET total_downlines = total_downlines+1
WHERE `user_id` = 'K3GTG4';
UPDATE `user_registration` SET left_downlines = left_downlines+1
WHERE `user_id` = 'K3GTG4';
UPDATE `user_registration` SET total_downlines = total_downlines+1
WHERE `user_id` = 'I1TUBN';
UPDATE `user_registration` SET left_downlines = left_downlines+1
WHERE `user_id` = 'I1TUBN';
UPDATE `user_registration` SET total_downlines = total_downlines+1
WHERE `user_id` = 'BAUCCU';
UPDATE `user_registration` SET left_downlines = left_downlines+1
WHERE `user_id` = 'BAUCCU';
UPDATE `user_registration` SET total_downlines = total_downlines+1
WHERE `user_id` = '62QO97';
UPDATE `user_registration` SET left_downlines = left_downlines+1
WHERE `user_id` = '62QO97';
UPDATE `user_registration` SET total_downlines = total_downlines+1
WHERE `user_id` = 'OHLQEO';
UPDATE `user_registration` SET left_downlines = left_downlines+1
WHERE `user_id` = 'OHLQEO';
UPDATE `user_registration` SET total_downlines = total_downlines+1
WHERE `user_id` = '7APFKG';
UPDATE `user_registration` SET left_downlines = left_downlines+1
WHERE `user_id` = '7APFKG';
UPDATE `user_registration` SET total_downlines = total_downlines+1
WHERE `user_id` = 'Q2Q92Y';
UPDATE `user_registration` SET left_downlines = left_downlines+1
WHERE `user_id` = 'Q2Q92Y';
UPDATE `user_registration` SET total_downlines = total_downlines+1
WHERE `user_id` = 'E9ITRC';
UPDATE `user_registration` SET left_downlines = left_downlines+1
WHERE `user_id` = 'E9ITRC';
UPDATE `user_registration` SET total_downlines = total_downlines+1
WHERE `user_id` = '7COKBB';
UPDATE `user_registration` SET left_downlines = left_downlines+1
WHERE `user_id` = '7COKBB';
UPDATE `user_registration` SET total_downlines = total_downlines+1
WHERE `user_id` = 'BDNS17';
UPDATE `user_registration` SET left_downlines = left_downlines+1
WHERE `user_id` = 'BDNS17';
UPDATE `user_registration` SET total_downlines = total_downlines+1
WHERE `user_id` = '7ZXRRE';
UPDATE `user_registration` SET left_downlines = left_downlines+1
WHERE `user_id` = '7ZXRRE';
UPDATE `user_registration` SET total_downlines = total_downlines+1
WHERE `user_id` = 'KLRAF5';
UPDATE `user_registration` SET left_downlines = left_downlines+1
WHERE `user_id` = 'KLRAF5';
UPDATE `user_registration` SET total_downlines = total_downlines+1
WHERE `user_id` = 'IFJHZG';
UPDATE `user_registration` SET left_downlines = left_downlines+1
WHERE `user_id` = 'IFJHZG';
UPDATE `user_registration` SET total_downlines = total_downlines+1
WHERE `user_id` = 'MXUV8Q';
UPDATE `user_registration` SET left_downlines = left_downlines+1
WHERE `user_id` = 'MXUV8Q';
UPDATE `user_registration` SET total_downlines = total_downlines+1
WHERE `user_id` = 'GGM164';
UPDATE `user_registration` SET left_downlines = left_downlines+1
WHERE `user_id` = 'GGM164';
UPDATE `user_registration` SET total_downlines = total_downlines+1
WHERE `user_id` = '3NKIEX';
UPDATE `user_registration` SET left_downlines = left_downlines+1
WHERE `user_id` = '3NKIEX';
UPDATE `user_registration` SET total_downlines = total_downlines+1
WHERE `user_id` = 'S56TH3';
UPDATE `user_registration` SET left_downlines = left_downlines+1
WHERE `user_id` = 'S56TH3';
UPDATE `user_registration` SET total_downlines = total_downlines+1
WHERE `user_id` = 'XYG89U';
UPDATE `user_registration` SET left_downlines = left_downlines+1
WHERE `user_id` = 'XYG89U';
UPDATE `user_registration` SET total_downlines = total_downlines+1
WHERE `user_id` = 'HTFY93';
UPDATE `user_registration` SET left_downlines = left_downlines+1
WHERE `user_id` = 'HTFY93';
UPDATE `user_registration` SET total_downlines = total_downlines+1
WHERE `user_id` = '3PR393';
UPDATE `user_registration` SET left_downlines = left_downlines+1
WHERE `user_id` = '3PR393';
UPDATE `user_registration` SET total_downlines = total_downlines+1
WHERE `user_id` = 'T3MRY1';
UPDATE `user_registration` SET left_downlines = left_downlines+1
WHERE `user_id` = 'T3MRY1';
UPDATE `user_registration` SET total_downlines = total_downlines+1
WHERE `user_id` = 'GTMCCK';
UPDATE `user_registration` SET left_downlines = left_downlines+1
WHERE `user_id` = 'GTMCCK';
UPDATE `user_registration` SET total_downlines = total_downlines+1
WHERE `user_id` = 'DLYMIF';
UPDATE `user_registration` SET left_downlines = left_downlines+1
WHERE `user_id` = 'DLYMIF';
UPDATE `user_registration` SET total_downlines = total_downlines+1
WHERE `user_id` = 'WGJ5KE';
UPDATE `user_registration` SET left_downlines = left_downlines+1
WHERE `user_id` = 'WGJ5KE';
UPDATE `user_registration` SET total_downlines = total_downlines+1
WHERE `user_id` = 'ORRJ3M';
UPDATE `user_registration` SET left_downlines = left_downlines+1
WHERE `user_id` = 'ORRJ3M';
UPDATE `user_registration` SET total_downlines = total_downlines+1
WHERE `user_id` = 'AA8V6V';
UPDATE `user_registration` SET left_downlines = left_downlines+1
WHERE `user_id` = 'AA8V6V';
UPDATE `user_registration` SET total_downlines = total_downlines+1
WHERE `user_id` = '61ME4O';
UPDATE `user_registration` SET left_downlines = left_downlines+1
WHERE `user_id` = '61ME4O';
UPDATE `user_registration` SET total_downlines = total_downlines+1
WHERE `user_id` = 'WS1SZZ';
UPDATE `user_registration` SET left_downlines = left_downlines+1
WHERE `user_id` = 'WS1SZZ';
UPDATE `user_registration` SET total_downlines = total_downlines+1
WHERE `user_id` = 'TBN4MZ';
UPDATE `user_registration` SET left_downlines = left_downlines+1
WHERE `user_id` = 'TBN4MZ';
UPDATE `user_registration` SET total_downlines = total_downlines+1
WHERE `user_id` = 'OEMJ8R';
UPDATE `user_registration` SET left_downlines = left_downlines+1
WHERE `user_id` = 'OEMJ8R';
UPDATE `user_registration` SET total_downlines = total_downlines+1
WHERE `user_id` = 'FXAYIE';
UPDATE `user_registration` SET left_downlines = left_downlines+1
WHERE `user_id` = 'FXAYIE';
UPDATE `user_registration` SET total_downlines = total_downlines+1
WHERE `user_id` = 'ELXZWC';
UPDATE `user_registration` SET left_downlines = left_downlines+1
WHERE `user_id` = 'ELXZWC';
UPDATE `user_registration` SET total_downlines = total_downlines+1
WHERE `user_id` = 'C1TQVI';
UPDATE `user_registration` SET left_downlines = left_downlines+1
WHERE `user_id` = 'C1TQVI';
UPDATE `user_registration` SET total_downlines = total_downlines+1
WHERE `user_id` = 'F5GPDF';
UPDATE `user_registration` SET left_downlines = left_downlines+1
WHERE `user_id` = 'F5GPDF';
UPDATE `user_registration` SET total_downlines = total_downlines+1
WHERE `user_id` = '91PYDK';
UPDATE `user_registration` SET left_downlines = left_downlines+1
WHERE `user_id` = '91PYDK';
UPDATE `user_registration` SET total_downlines = total_downlines+1
WHERE `user_id` = '4OT7RX';
UPDATE `user_registration` SET left_downlines = left_downlines+1
WHERE `user_id` = '4OT7RX';
UPDATE `user_registration` SET total_downlines = total_downlines+1
WHERE `user_id` = 'ZJZA3M';
UPDATE `user_registration` SET left_downlines = left_downlines+1
WHERE `user_id` = 'ZJZA3M';
UPDATE `user_registration` SET total_downlines = total_downlines+1
WHERE `user_id` = 'XN6ETC';
UPDATE `user_registration` SET left_downlines = left_downlines+1
WHERE `user_id` = 'XN6ETC';
UPDATE `user_registration` SET total_downlines = total_downlines+1
WHERE `user_id` = 'KVQN1O';
UPDATE `user_registration` SET left_downlines = left_downlines+1
WHERE `user_id` = 'KVQN1O';
UPDATE `user_registration` SET total_downlines = total_downlines+1
WHERE `user_id` = 'X3V7DJ';
UPDATE `user_registration` SET left_downlines = left_downlines+1
WHERE `user_id` = 'X3V7DJ';
UPDATE `user_registration` SET total_downlines = total_downlines+1
WHERE `user_id` = 'DJ77NH';
UPDATE `user_registration` SET left_downlines = left_downlines+1
WHERE `user_id` = 'DJ77NH';
UPDATE `user_registration` SET total_downlines = total_downlines+1
WHERE `user_id` = 'PX7XCL';
UPDATE `user_registration` SET left_downlines = left_downlines+1
WHERE `user_id` = 'PX7XCL';
UPDATE `user_registration` SET total_downlines = total_downlines+1
WHERE `user_id` = 'L8PM4Z';
UPDATE `user_registration` SET left_downlines = left_downlines+1
WHERE `user_id` = 'L8PM4Z';
UPDATE `user_registration` SET total_downlines = total_downlines+1
WHERE `user_id` = 'GBSIER';
UPDATE `user_registration` SET left_downlines = left_downlines+1
WHERE `user_id` = 'GBSIER';
UPDATE `user_registration` SET total_downlines = total_downlines+1
WHERE `user_id` = 'AV48YQ';
UPDATE `user_registration` SET left_downlines = left_downlines+1
WHERE `user_id` = 'AV48YQ';
UPDATE `user_registration` SET total_downlines = total_downlines+1
WHERE `user_id` = 'admin';
UPDATE `user_registration` SET left_downlines = left_downlines+1
WHERE `user_id` = 'admin';
INSERT INTO `investment` (`invest_date`, `user_id`, `type`, `amount`, `package_id`) VALUES ('2024-09-26 09:25:25', '5YBOHR', 'register', '595', '2');
INSERT INTO `earnings` (`user_id`, `Purchaser_id`, `earning_type`, `package_id`, `amount`, `date`, `comments`, `invest_amount`, `comm_perc`, `level`, `rank_id`, `order_id`) VALUES ('1FFFBU', '5YBOHR', 'Direct Referral Bonus', '2', '100', '2024-09-26 09:25:25', 'Direct Referral Bonus', 0, 0, 1, '', 127);
UPDATE `user_registration` SET commission_balance = ROUND(commission_balance + 100,2)
WHERE `user_id` = '1FFFBU';
INSERT INTO `earnings` (`user_id`, `Purchaser_id`, `earning_type`, `package_id`, `amount`, `date`, `comments`, `invest_amount`, `comm_perc`, `level`, `rank_id`, `order_id`) VALUES ('S56TH3', '5YBOHR', 'Expansion Bonus', '2', 100, '2024-09-26 09:25:25', 'Expansion Bonus', '100', 0, 1, '', 127);
UPDATE `user_registration` SET commission_balance = ROUND(commission_balance + 100,2)
WHERE `user_id` = 'S56TH3';
INSERT INTO `earnings` (`user_id`, `Purchaser_id`, `earning_type`, `package_id`, `amount`, `date`, `comments`, `invest_amount`, `comm_perc`, `level`, `rank_id`, `order_id`) VALUES ('admin', '5YBOHR', 'Expansion Bonus', '2', 100, '2024-09-26 09:25:25', 'Expansion Bonus', 200, 0, 1, '', 127);
UPDATE `user_registration` SET commission_balance = ROUND(commission_balance + 100,2)
WHERE `user_id` = 'admin';
INSERT INTO `matrix_filling` (`placement_id`, `downline_id`, `level`, `matrix`) VALUES ('N2BTW5', '5YBOHR', 1, 1);
UPDATE `bv_updation` SET left_carry = left_carry+50, total_left = total_left+50
WHERE `user_id` = 'N2BTW5';
INSERT INTO `placement_bv_update_history` (`left_carry`, `date`, `from_id`, `user_id`) VALUES ('50', '2024-09-26 09:25:25', '5YBOHR', 'N2BTW5');
INSERT INTO `matrix_filling` (`placement_id`, `downline_id`, `level`, `matrix`) VALUES ('E98RLW', '5YBOHR', 2, 1);
UPDATE `bv_updation` SET left_carry = left_carry+50, total_left = total_left+50
WHERE `user_id` = 'E98RLW';
INSERT INTO `placement_bv_update_history` (`left_carry`, `date`, `from_id`, `user_id`) VALUES ('50', '2024-09-26 09:25:25', '5YBOHR', 'E98RLW');
INSERT INTO `matrix_filling` (`placement_id`, `downline_id`, `level`, `matrix`) VALUES ('Y5UHMF', '5YBOHR', 3, 1);
UPDATE `bv_updation` SET left_carry = left_carry+50, total_left = total_left+50
WHERE `user_id` = 'Y5UHMF';
INSERT INTO `placement_bv_update_history` (`left_carry`, `date`, `from_id`, `user_id`) VALUES ('50', '2024-09-26 09:25:25', '5YBOHR', 'Y5UHMF');
INSERT INTO `matrix_filling` (`placement_id`, `downline_id`, `level`, `matrix`) VALUES ('6LMTFA', '5YBOHR', 4, 1);
UPDATE `bv_updation` SET left_carry = left_carry+50, total_left = total_left+50
WHERE `user_id` = '6LMTFA';
INSERT INTO `placement_bv_update_history` (`left_carry`, `date`, `from_id`, `user_id`) VALUES ('50', '2024-09-26 09:25:25', '5YBOHR', '6LMTFA');
INSERT INTO `matrix_filling` (`placement_id`, `downline_id`, `level`, `matrix`) VALUES ('B9GZJZ', '5YBOHR', 5, 1);
UPDATE `bv_updation` SET left_carry = left_carry+50, total_left = total_left+50
WHERE `user_id` = 'B9GZJZ';
INSERT INTO `placement_bv_update_history` (`left_carry`, `date`, `from_id`, `user_id`) VALUES ('50', '2024-09-26 09:25:25', '5YBOHR', 'B9GZJZ');
INSERT INTO `matrix_filling` (`placement_id`, `downline_id`, `level`, `matrix`) VALUES ('VTD8AZ', '5YBOHR', 6, 1);
UPDATE `bv_updation` SET left_carry = left_carry+50, total_left = total_left+50
WHERE `user_id` = 'VTD8AZ';
INSERT INTO `placement_bv_update_history` (`left_carry`, `date`, `from_id`, `user_id`) VALUES ('50', '2024-09-26 09:25:25', '5YBOHR', 'VTD8AZ');
INSERT INTO `matrix_filling` (`placement_id`, `downline_id`, `level`, `matrix`) VALUES ('3UB84P', '5YBOHR', 7, 1);
UPDATE `bv_updation` SET left_carry = left_carry+50, total_left = total_left+50
WHERE `user_id` = '3UB84P';
INSERT INTO `placement_bv_update_history` (`left_carry`, `date`, `from_id`, `user_id`) VALUES ('50', '2024-09-26 09:25:25', '5YBOHR', '3UB84P');
INSERT INTO `matrix_filling` (`placement_id`, `downline_id`, `level`, `matrix`) VALUES ('MFMD6M', '5YBOHR', 8, 1);
UPDATE `bv_updation` SET left_carry = left_carry+50, total_left = total_left+50
WHERE `user_id` = 'MFMD6M';
INSERT INTO `placement_bv_update_history` (`left_carry`, `date`, `from_id`, `user_id`) VALUES ('50', '2024-09-26 09:25:25', '5YBOHR', 'MFMD6M');
INSERT INTO `matrix_filling` (`placement_id`, `downline_id`, `level`, `matrix`) VALUES ('97QHYG', '5YBOHR', 9, 1);
UPDATE `bv_updation` SET left_carry = left_carry+50, total_left = total_left+50
WHERE `user_id` = '97QHYG';
INSERT INTO `placement_bv_update_history` (`left_carry`, `date`, `from_id`, `user_id`) VALUES ('50', '2024-09-26 09:25:25', '5YBOHR', '97QHYG');
INSERT INTO `matrix_filling` (`placement_id`, `downline_id`, `level`, `matrix`) VALUES ('IW5GAU', '5YBOHR', 10, 1);
UPDATE `bv_updation` SET left_carry = left_carry+50, total_left = total_left+50
WHERE `user_id` = 'IW5GAU';
INSERT INTO `placement_bv_update_history` (`left_carry`, `date`, `from_id`, `user_id`) VALUES ('50', '2024-09-26 09:25:25', '5YBOHR', 'IW5GAU');
INSERT INTO `matrix_filling` (`placement_id`, `downline_id`, `level`, `matrix`) VALUES ('JQ3FLF', '5YBOHR', 11, 1);
UPDATE `bv_updation` SET left_carry = left_carry+50, total_left = total_left+50
WHERE `user_id` = 'JQ3FLF';
INSERT INTO `placement_bv_update_history` (`left_carry`, `date`, `from_id`, `user_id`) VALUES ('50', '2024-09-26 09:25:25', '5YBOHR', 'JQ3FLF');
INSERT INTO `matrix_filling` (`placement_id`, `downline_id`, `level`, `matrix`) VALUES ('C3N32U', '5YBOHR', 12, 1);
UPDATE `bv_updation` SET left_carry = left_carry+50, total_left = total_left+50
WHERE `user_id` = 'C3N32U';
INSERT INTO `placement_bv_update_history` (`left_carry`, `date`, `from_id`, `user_id`) VALUES ('50', '2024-09-26 09:25:25', '5YBOHR', 'C3N32U');
INSERT INTO `matrix_filling` (`placement_id`, `downline_id`, `level`, `matrix`) VALUES ('MNLXPP', '5YBOHR', 13, 1);
UPDATE `bv_updation` SET left_carry = left_carry+50, total_left = total_left+50
WHERE `user_id` = 'MNLXPP';
INSERT INTO `placement_bv_update_history` (`left_carry`, `date`, `from_id`, `user_id`) VALUES ('50', '2024-09-26 09:25:25', '5YBOHR', 'MNLXPP');
INSERT INTO `matrix_filling` (`placement_id`, `downline_id`, `level`, `matrix`) VALUES ('NUPA4K', '5YBOHR', 14, 1);
UPDATE `bv_updation` SET left_carry = left_carry+50, total_left = total_left+50
WHERE `user_id` = 'NUPA4K';
INSERT INTO `placement_bv_update_history` (`left_carry`, `date`, `from_id`, `user_id`) VALUES ('50', '2024-09-26 09:25:25', '5YBOHR', 'NUPA4K');
INSERT INTO `matrix_filling` (`placement_id`, `downline_id`, `level`, `matrix`) VALUES ('1FFFBU', '5YBOHR', 15, 1);
UPDATE `bv_updation` SET left_carry = left_carry+50, total_left = total_left+50
WHERE `user_id` = '1FFFBU';
INSERT INTO `placement_bv_update_history` (`left_carry`, `date`, `from_id`, `user_id`) VALUES ('50', '2024-09-26 09:25:25', '5YBOHR', '1FFFBU');
UPDATE `bv_updation` SET sponsor_left_carry = sponsor_left_carry+50, sponsor_total_left = sponsor_total_left+50
WHERE `user_id` = '1FFFBU';
INSERT INTO `sponsor_bv_update_history` (`left_carry`, `date`, `user_id`) VALUES ('50', '2024-09-26 09:25:25', '1FFFBU');
INSERT INTO `matrix_filling` (`placement_id`, `downline_id`, `level`, `matrix`) VALUES ('J4CGUT', '5YBOHR', 16, 1);
UPDATE `bv_updation` SET left_carry = left_carry+50, total_left = total_left+50
WHERE `user_id` = 'J4CGUT';
INSERT INTO `placement_bv_update_history` (`left_carry`, `date`, `from_id`, `user_id`) VALUES ('50', '2024-09-26 09:25:25', '5YBOHR', 'J4CGUT');
INSERT INTO `matrix_filling` (`placement_id`, `downline_id`, `level`, `matrix`) VALUES ('S1RTX3', '5YBOHR', 17, 1);
UPDATE `bv_updation` SET left_carry = left_carry+50, total_left = total_left+50
WHERE `user_id` = 'S1RTX3';
INSERT INTO `placement_bv_update_history` (`left_carry`, `date`, `from_id`, `user_id`) VALUES ('50', '2024-09-26 09:25:25', '5YBOHR', 'S1RTX3');
INSERT INTO `matrix_filling` (`placement_id`, `downline_id`, `level`, `matrix`) VALUES ('I8YWQA', '5YBOHR', 18, 1);
UPDATE `bv_updation` SET left_carry = left_carry+50, total_left = total_left+50
WHERE `user_id` = 'I8YWQA';
INSERT INTO `placement_bv_update_history` (`left_carry`, `date`, `from_id`, `user_id`) VALUES ('50', '2024-09-26 09:25:25', '5YBOHR', 'I8YWQA');
INSERT INTO `matrix_filling` (`placement_id`, `downline_id`, `level`, `matrix`) VALUES ('I3MZBU', '5YBOHR', 19, 1);
UPDATE `bv_updation` SET left_carry = left_carry+50, total_left = total_left+50
WHERE `user_id` = 'I3MZBU';
INSERT INTO `placement_bv_update_history` (`left_carry`, `date`, `from_id`, `user_id`) VALUES ('50', '2024-09-26 09:25:25', '5YBOHR', 'I3MZBU');
INSERT INTO `matrix_filling` (`placement_id`, `downline_id`, `level`, `matrix`) VALUES ('H2I33O', '5YBOHR', 20, 1);
UPDATE `bv_updation` SET left_carry = left_carry+50, total_left = total_left+50
WHERE `user_id` = 'H2I33O';
INSERT INTO `placement_bv_update_history` (`left_carry`, `date`, `from_id`, `user_id`) VALUES ('50', '2024-09-26 09:25:25', '5YBOHR', 'H2I33O');
INSERT INTO `matrix_filling` (`placement_id`, `downline_id`, `level`, `matrix`) VALUES ('AL7XWH', '5YBOHR', 21, 1);
UPDATE `bv_updation` SET left_carry = left_carry+50, total_left = total_left+50
WHERE `user_id` = 'AL7XWH';
INSERT INTO `placement_bv_update_history` (`left_carry`, `date`, `from_id`, `user_id`) VALUES ('50', '2024-09-26 09:25:25', '5YBOHR', 'AL7XWH');
INSERT INTO `matrix_filling` (`placement_id`, `downline_id`, `level`, `matrix`) VALUES ('HFZ9SA', '5YBOHR', 22, 1);
UPDATE `bv_updation` SET left_carry = left_carry+50, total_left = total_left+50
WHERE `user_id` = 'HFZ9SA';
INSERT INTO `placement_bv_update_history` (`left_carry`, `date`, `from_id`, `user_id`) VALUES ('50', '2024-09-26 09:25:25', '5YBOHR', 'HFZ9SA');
INSERT INTO `matrix_filling` (`placement_id`, `downline_id`, `level`, `matrix`) VALUES ('A2MTZ3', '5YBOHR', 23, 1);
UPDATE `bv_updation` SET left_carry = left_carry+50, total_left = total_left+50
WHERE `user_id` = 'A2MTZ3';
INSERT INTO `placement_bv_update_history` (`left_carry`, `date`, `from_id`, `user_id`) VALUES ('50', '2024-09-26 09:25:25', '5YBOHR', 'A2MTZ3');
INSERT INTO `matrix_filling` (`placement_id`, `downline_id`, `level`, `matrix`) VALUES ('RUEKCW', '5YBOHR', 24, 1);
UPDATE `bv_updation` SET left_carry = left_carry+50, total_left = total_left+50
WHERE `user_id` = 'RUEKCW';
INSERT INTO `placement_bv_update_history` (`left_carry`, `date`, `from_id`, `user_id`) VALUES ('50', '2024-09-26 09:25:25', '5YBOHR', 'RUEKCW');
INSERT INTO `matrix_filling` (`placement_id`, `downline_id`, `level`, `matrix`) VALUES ('K3GTG4', '5YBOHR', 25, 1);
UPDATE `bv_updation` SET left_carry = left_carry+50, total_left = total_left+50
WHERE `user_id` = 'K3GTG4';
INSERT INTO `placement_bv_update_history` (`left_carry`, `date`, `from_id`, `user_id`) VALUES ('50', '2024-09-26 09:25:25', '5YBOHR', 'K3GTG4');
INSERT INTO `matrix_filling` (`placement_id`, `downline_id`, `level`, `matrix`) VALUES ('I1TUBN', '5YBOHR', 26, 1);
UPDATE `bv_updation` SET left_carry = left_carry+50, total_left = total_left+50
WHERE `user_id` = 'I1TUBN';
INSERT INTO `placement_bv_update_history` (`left_carry`, `date`, `from_id`, `user_id`) VALUES ('50', '2024-09-26 09:25:25', '5YBOHR', 'I1TUBN');
INSERT INTO `matrix_filling` (`placement_id`, `downline_id`, `level`, `matrix`) VALUES ('BAUCCU', '5YBOHR', 27, 1);
UPDATE `bv_updation` SET left_carry = left_carry+50, total_left = total_left+50
WHERE `user_id` = 'BAUCCU';
INSERT INTO `placement_bv_update_history` (`left_carry`, `date`, `from_id`, `user_id`) VALUES ('50', '2024-09-26 09:25:25', '5YBOHR', 'BAUCCU');
INSERT INTO `matrix_filling` (`placement_id`, `downline_id`, `level`, `matrix`) VALUES ('62QO97', '5YBOHR', 28, 1);
UPDATE `bv_updation` SET left_carry = left_carry+50, total_left = total_left+50
WHERE `user_id` = '62QO97';
INSERT INTO `placement_bv_update_history` (`left_carry`, `date`, `from_id`, `user_id`) VALUES ('50', '2024-09-26 09:25:25', '5YBOHR', '62QO97');
INSERT INTO `matrix_filling` (`placement_id`, `downline_id`, `level`, `matrix`) VALUES ('OHLQEO', '5YBOHR', 29, 1);
UPDATE `bv_updation` SET left_carry = left_carry+50, total_left = total_left+50
WHERE `user_id` = 'OHLQEO';
INSERT INTO `placement_bv_update_history` (`left_carry`, `date`, `from_id`, `user_id`) VALUES ('50', '2024-09-26 09:25:25', '5YBOHR', 'OHLQEO');
INSERT INTO `matrix_filling` (`placement_id`, `downline_id`, `level`, `matrix`) VALUES ('7APFKG', '5YBOHR', 30, 1);
UPDATE `bv_updation` SET left_carry = left_carry+50, total_left = total_left+50
WHERE `user_id` = '7APFKG';
INSERT INTO `placement_bv_update_history` (`left_carry`, `date`, `from_id`, `user_id`) VALUES ('50', '2024-09-26 09:25:25', '5YBOHR', '7APFKG');
INSERT INTO `matrix_filling` (`placement_id`, `downline_id`, `level`, `matrix`) VALUES ('Q2Q92Y', '5YBOHR', 31, 1);
UPDATE `bv_updation` SET left_carry = left_carry+50, total_left = total_left+50
WHERE `user_id` = 'Q2Q92Y';
INSERT INTO `placement_bv_update_history` (`left_carry`, `date`, `from_id`, `user_id`) VALUES ('50', '2024-09-26 09:25:25', '5YBOHR', 'Q2Q92Y');
INSERT INTO `matrix_filling` (`placement_id`, `downline_id`, `level`, `matrix`) VALUES ('E9ITRC', '5YBOHR', 32, 1);
UPDATE `bv_updation` SET left_carry = left_carry+50, total_left = total_left+50
WHERE `user_id` = 'E9ITRC';
INSERT INTO `placement_bv_update_history` (`left_carry`, `date`, `from_id`, `user_id`) VALUES ('50', '2024-09-26 09:25:25', '5YBOHR', 'E9ITRC');
INSERT INTO `matrix_filling` (`placement_id`, `downline_id`, `level`, `matrix`) VALUES ('7COKBB', '5YBOHR', 33, 1);
UPDATE `bv_updation` SET left_carry = left_carry+50, total_left = total_left+50
WHERE `user_id` = '7COKBB';
INSERT INTO `placement_bv_update_history` (`left_carry`, `date`, `from_id`, `user_id`) VALUES ('50', '2024-09-26 09:25:25', '5YBOHR', '7COKBB');
INSERT INTO `matrix_filling` (`placement_id`, `downline_id`, `level`, `matrix`) VALUES ('BDNS17', '5YBOHR', 34, 1);
UPDATE `bv_updation` SET left_carry = left_carry+50, total_left = total_left+50
WHERE `user_id` = 'BDNS17';
INSERT INTO `placement_bv_update_history` (`left_carry`, `date`, `from_id`, `user_id`) VALUES ('50', '2024-09-26 09:25:25', '5YBOHR', 'BDNS17');
INSERT INTO `matrix_filling` (`placement_id`, `downline_id`, `level`, `matrix`) VALUES ('7ZXRRE', '5YBOHR', 35, 1);
UPDATE `bv_updation` SET left_carry = left_carry+50, total_left = total_left+50
WHERE `user_id` = '7ZXRRE';
INSERT INTO `placement_bv_update_history` (`left_carry`, `date`, `from_id`, `user_id`) VALUES ('50', '2024-09-26 09:25:25', '5YBOHR', '7ZXRRE');
INSERT INTO `matrix_filling` (`placement_id`, `downline_id`, `level`, `matrix`) VALUES ('KLRAF5', '5YBOHR', 36, 1);
UPDATE `bv_updation` SET left_carry = left_carry+50, total_left = total_left+50
WHERE `user_id` = 'KLRAF5';
INSERT INTO `placement_bv_update_history` (`left_carry`, `date`, `from_id`, `user_id`) VALUES ('50', '2024-09-26 09:25:25', '5YBOHR', 'KLRAF5');
INSERT INTO `matrix_filling` (`placement_id`, `downline_id`, `level`, `matrix`) VALUES ('IFJHZG', '5YBOHR', 37, 1);
UPDATE `bv_updation` SET left_carry = left_carry+50, total_left = total_left+50
WHERE `user_id` = 'IFJHZG';
INSERT INTO `placement_bv_update_history` (`left_carry`, `date`, `from_id`, `user_id`) VALUES ('50', '2024-09-26 09:25:25', '5YBOHR', 'IFJHZG');
INSERT INTO `matrix_filling` (`placement_id`, `downline_id`, `level`, `matrix`) VALUES ('MXUV8Q', '5YBOHR', 38, 1);
UPDATE `bv_updation` SET left_carry = left_carry+50, total_left = total_left+50
WHERE `user_id` = 'MXUV8Q';
INSERT INTO `placement_bv_update_history` (`left_carry`, `date`, `from_id`, `user_id`) VALUES ('50', '2024-09-26 09:25:25', '5YBOHR', 'MXUV8Q');
INSERT INTO `matrix_filling` (`placement_id`, `downline_id`, `level`, `matrix`) VALUES ('GGM164', '5YBOHR', 39, 1);
UPDATE `bv_updation` SET left_carry = left_carry+50, total_left = total_left+50
WHERE `user_id` = 'GGM164';
INSERT INTO `placement_bv_update_history` (`left_carry`, `date`, `from_id`, `user_id`) VALUES ('50', '2024-09-26 09:25:25', '5YBOHR', 'GGM164');
INSERT INTO `matrix_filling` (`placement_id`, `downline_id`, `level`, `matrix`) VALUES ('3NKIEX', '5YBOHR', 40, 1);
UPDATE `bv_updation` SET left_carry = left_carry+50, total_left = total_left+50
WHERE `user_id` = '3NKIEX';
INSERT INTO `placement_bv_update_history` (`left_carry`, `date`, `from_id`, `user_id`) VALUES ('50', '2024-09-26 09:25:25', '5YBOHR', '3NKIEX');
INSERT INTO `matrix_filling` (`placement_id`, `downline_id`, `level`, `matrix`) VALUES ('S56TH3', '5YBOHR', 41, 1);
UPDATE `bv_updation` SET left_carry = left_carry+50, total_left = total_left+50
WHERE `user_id` = 'S56TH3';
INSERT INTO `placement_bv_update_history` (`left_carry`, `date`, `from_id`, `user_id`) VALUES ('50', '2024-09-26 09:25:25', '5YBOHR', 'S56TH3');
INSERT INTO `matrix_filling` (`placement_id`, `downline_id`, `level`, `matrix`) VALUES ('XYG89U', '5YBOHR', 42, 1);
UPDATE `bv_updation` SET left_carry = left_carry+50, total_left = total_left+50
WHERE `user_id` = 'XYG89U';
INSERT INTO `placement_bv_update_history` (`left_carry`, `date`, `from_id`, `user_id`) VALUES ('50', '2024-09-26 09:25:25', '5YBOHR', 'XYG89U');
INSERT INTO `matrix_filling` (`placement_id`, `downline_id`, `level`, `matrix`) VALUES ('HTFY93', '5YBOHR', 43, 1);
UPDATE `bv_updation` SET left_carry = left_carry+50, total_left = total_left+50
WHERE `user_id` = 'HTFY93';
INSERT INTO `placement_bv_update_history` (`left_carry`, `date`, `from_id`, `user_id`) VALUES ('50', '2024-09-26 09:25:25', '5YBOHR', 'HTFY93');
INSERT INTO `matrix_filling` (`placement_id`, `downline_id`, `level`, `matrix`) VALUES ('3PR393', '5YBOHR', 44, 1);
UPDATE `bv_updation` SET left_carry = left_carry+50, total_left = total_left+50
WHERE `user_id` = '3PR393';
INSERT INTO `placement_bv_update_history` (`left_carry`, `date`, `from_id`, `user_id`) VALUES ('50', '2024-09-26 09:25:25', '5YBOHR', '3PR393');
INSERT INTO `matrix_filling` (`placement_id`, `downline_id`, `level`, `matrix`) VALUES ('T3MRY1', '5YBOHR', 45, 1);
UPDATE `bv_updation` SET left_carry = left_carry+50, total_left = total_left+50
WHERE `user_id` = 'T3MRY1';
INSERT INTO `placement_bv_update_history` (`left_carry`, `date`, `from_id`, `user_id`) VALUES ('50', '2024-09-26 09:25:25', '5YBOHR', 'T3MRY1');
INSERT INTO `matrix_filling` (`placement_id`, `downline_id`, `level`, `matrix`) VALUES ('GTMCCK', '5YBOHR', 46, 1);
UPDATE `bv_updation` SET left_carry = left_carry+50, total_left = total_left+50
WHERE `user_id` = 'GTMCCK';
INSERT INTO `placement_bv_update_history` (`left_carry`, `date`, `from_id`, `user_id`) VALUES ('50', '2024-09-26 09:25:25', '5YBOHR', 'GTMCCK');
INSERT INTO `matrix_filling` (`placement_id`, `downline_id`, `level`, `matrix`) VALUES ('DLYMIF', '5YBOHR', 47, 1);
UPDATE `bv_updation` SET left_carry = left_carry+50, total_left = total_left+50
WHERE `user_id` = 'DLYMIF';
INSERT INTO `placement_bv_update_history` (`left_carry`, `date`, `from_id`, `user_id`) VALUES ('50', '2024-09-26 09:25:25', '5YBOHR', 'DLYMIF');
INSERT INTO `matrix_filling` (`placement_id`, `downline_id`, `level`, `matrix`) VALUES ('WGJ5KE', '5YBOHR', 48, 1);
UPDATE `bv_updation` SET left_carry = left_carry+50, total_left = total_left+50
WHERE `user_id` = 'WGJ5KE';
INSERT INTO `placement_bv_update_history` (`left_carry`, `date`, `from_id`, `user_id`) VALUES ('50', '2024-09-26 09:25:25', '5YBOHR', 'WGJ5KE');
INSERT INTO `matrix_filling` (`placement_id`, `downline_id`, `level`, `matrix`) VALUES ('ORRJ3M', '5YBOHR', 49, 1);
UPDATE `bv_updation` SET left_carry = left_carry+50, total_left = total_left+50
WHERE `user_id` = 'ORRJ3M';
INSERT INTO `placement_bv_update_history` (`left_carry`, `date`, `from_id`, `user_id`) VALUES ('50', '2024-09-26 09:25:25', '5YBOHR', 'ORRJ3M');
INSERT INTO `matrix_filling` (`placement_id`, `downline_id`, `level`, `matrix`) VALUES ('AA8V6V', '5YBOHR', 50, 1);
UPDATE `bv_updation` SET left_carry = left_carry+50, total_left = total_left+50
WHERE `user_id` = 'AA8V6V';
INSERT INTO `placement_bv_update_history` (`left_carry`, `date`, `from_id`, `user_id`) VALUES ('50', '2024-09-26 09:25:25', '5YBOHR', 'AA8V6V');
INSERT INTO `matrix_filling` (`placement_id`, `downline_id`, `level`, `matrix`) VALUES ('61ME4O', '5YBOHR', 51, 1);
UPDATE `bv_updation` SET left_carry = left_carry+50, total_left = total_left+50
WHERE `user_id` = '61ME4O';
INSERT INTO `placement_bv_update_history` (`left_carry`, `date`, `from_id`, `user_id`) VALUES ('50', '2024-09-26 09:25:25', '5YBOHR', '61ME4O');
INSERT INTO `matrix_filling` (`placement_id`, `downline_id`, `level`, `matrix`) VALUES ('WS1SZZ', '5YBOHR', 52, 1);
UPDATE `bv_updation` SET left_carry = left_carry+50, total_left = total_left+50
WHERE `user_id` = 'WS1SZZ';
INSERT INTO `placement_bv_update_history` (`left_carry`, `date`, `from_id`, `user_id`) VALUES ('50', '2024-09-26 09:25:25', '5YBOHR', 'WS1SZZ');
INSERT INTO `matrix_filling` (`placement_id`, `downline_id`, `level`, `matrix`) VALUES ('TBN4MZ', '5YBOHR', 53, 1);
UPDATE `bv_updation` SET left_carry = left_carry+50, total_left = total_left+50
WHERE `user_id` = 'TBN4MZ';
INSERT INTO `placement_bv_update_history` (`left_carry`, `date`, `from_id`, `user_id`) VALUES ('50', '2024-09-26 09:25:25', '5YBOHR', 'TBN4MZ');
INSERT INTO `matrix_filling` (`placement_id`, `downline_id`, `level`, `matrix`) VALUES ('OEMJ8R', '5YBOHR', 54, 1);
UPDATE `bv_updation` SET left_carry = left_carry+50, total_left = total_left+50
WHERE `user_id` = 'OEMJ8R';
INSERT INTO `placement_bv_update_history` (`left_carry`, `date`, `from_id`, `user_id`) VALUES ('50', '2024-09-26 09:25:25', '5YBOHR', 'OEMJ8R');
INSERT INTO `matrix_filling` (`placement_id`, `downline_id`, `level`, `matrix`) VALUES ('FXAYIE', '5YBOHR', 55, 1);
UPDATE `bv_updation` SET left_carry = left_carry+50, total_left = total_left+50
WHERE `user_id` = 'FXAYIE';
INSERT INTO `placement_bv_update_history` (`left_carry`, `date`, `from_id`, `user_id`) VALUES ('50', '2024-09-26 09:25:25', '5YBOHR', 'FXAYIE');
INSERT INTO `matrix_filling` (`placement_id`, `downline_id`, `level`, `matrix`) VALUES ('ELXZWC', '5YBOHR', 56, 1);
UPDATE `bv_updation` SET left_carry = left_carry+50, total_left = total_left+50
WHERE `user_id` = 'ELXZWC';
INSERT INTO `placement_bv_update_history` (`left_carry`, `date`, `from_id`, `user_id`) VALUES ('50', '2024-09-26 09:25:25', '5YBOHR', 'ELXZWC');
INSERT INTO `matrix_filling` (`placement_id`, `downline_id`, `level`, `matrix`) VALUES ('C1TQVI', '5YBOHR', 57, 1);
UPDATE `bv_updation` SET left_carry = left_carry+50, total_left = total_left+50
WHERE `user_id` = 'C1TQVI';
INSERT INTO `placement_bv_update_history` (`left_carry`, `date`, `from_id`, `user_id`) VALUES ('50', '2024-09-26 09:25:25', '5YBOHR', 'C1TQVI');
INSERT INTO `matrix_filling` (`placement_id`, `downline_id`, `level`, `matrix`) VALUES ('F5GPDF', '5YBOHR', 58, 1);
UPDATE `bv_updation` SET left_carry = left_carry+50, total_left = total_left+50
WHERE `user_id` = 'F5GPDF';
INSERT INTO `placement_bv_update_history` (`left_carry`, `date`, `from_id`, `user_id`) VALUES ('50', '2024-09-26 09:25:25', '5YBOHR', 'F5GPDF');
INSERT INTO `matrix_filling` (`placement_id`, `downline_id`, `level`, `matrix`) VALUES ('91PYDK', '5YBOHR', 59, 1);
UPDATE `bv_updation` SET left_carry = left_carry+50, total_left = total_left+50
WHERE `user_id` = '91PYDK';
INSERT INTO `placement_bv_update_history` (`left_carry`, `date`, `from_id`, `user_id`) VALUES ('50', '2024-09-26 09:25:25', '5YBOHR', '91PYDK');
INSERT INTO `matrix_filling` (`placement_id`, `downline_id`, `level`, `matrix`) VALUES ('4OT7RX', '5YBOHR', 60, 1);
UPDATE `bv_updation` SET left_carry = left_carry+50, total_left = total_left+50
WHERE `user_id` = '4OT7RX';
INSERT INTO `placement_bv_update_history` (`left_carry`, `date`, `from_id`, `user_id`) VALUES ('50', '2024-09-26 09:25:25', '5YBOHR', '4OT7RX');
INSERT INTO `matrix_filling` (`placement_id`, `downline_id`, `level`, `matrix`) VALUES ('ZJZA3M', '5YBOHR', 61, 1);
UPDATE `bv_updation` SET left_carry = left_carry+50, total_left = total_left+50
WHERE `user_id` = 'ZJZA3M';
INSERT INTO `placement_bv_update_history` (`left_carry`, `date`, `from_id`, `user_id`) VALUES ('50', '2024-09-26 09:25:25', '5YBOHR', 'ZJZA3M');
INSERT INTO `matrix_filling` (`placement_id`, `downline_id`, `level`, `matrix`) VALUES ('XN6ETC', '5YBOHR', 62, 1);
UPDATE `bv_updation` SET left_carry = left_carry+50, total_left = total_left+50
WHERE `user_id` = 'XN6ETC';
INSERT INTO `placement_bv_update_history` (`left_carry`, `date`, `from_id`, `user_id`) VALUES ('50', '2024-09-26 09:25:25', '5YBOHR', 'XN6ETC');
INSERT INTO `matrix_filling` (`placement_id`, `downline_id`, `level`, `matrix`) VALUES ('KVQN1O', '5YBOHR', 63, 1);
UPDATE `bv_updation` SET left_carry = left_carry+50, total_left = total_left+50
WHERE `user_id` = 'KVQN1O';
INSERT INTO `placement_bv_update_history` (`left_carry`, `date`, `from_id`, `user_id`) VALUES ('50', '2024-09-26 09:25:25', '5YBOHR', 'KVQN1O');
INSERT INTO `matrix_filling` (`placement_id`, `downline_id`, `level`, `matrix`) VALUES ('X3V7DJ', '5YBOHR', 64, 1);
UPDATE `bv_updation` SET left_carry = left_carry+50, total_left = total_left+50
WHERE `user_id` = 'X3V7DJ';
INSERT INTO `placement_bv_update_history` (`left_carry`, `date`, `from_id`, `user_id`) VALUES ('50', '2024-09-26 09:25:25', '5YBOHR', 'X3V7DJ');
INSERT INTO `matrix_filling` (`placement_id`, `downline_id`, `level`, `matrix`) VALUES ('DJ77NH', '5YBOHR', 65, 1);
UPDATE `bv_updation` SET left_carry = left_carry+50, total_left = total_left+50
WHERE `user_id` = 'DJ77NH';
INSERT INTO `placement_bv_update_history` (`left_carry`, `date`, `from_id`, `user_id`) VALUES ('50', '2024-09-26 09:25:25', '5YBOHR', 'DJ77NH');
INSERT INTO `matrix_filling` (`placement_id`, `downline_id`, `level`, `matrix`) VALUES ('PX7XCL', '5YBOHR', 66, 1);
UPDATE `bv_updation` SET left_carry = left_carry+50, total_left = total_left+50
WHERE `user_id` = 'PX7XCL';
INSERT INTO `placement_bv_update_history` (`left_carry`, `date`, `from_id`, `user_id`) VALUES ('50', '2024-09-26 09:25:25', '5YBOHR', 'PX7XCL');
INSERT INTO `matrix_filling` (`placement_id`, `downline_id`, `level`, `matrix`) VALUES ('L8PM4Z', '5YBOHR', 67, 1);
UPDATE `bv_updation` SET left_carry = left_carry+50, total_left = total_left+50
WHERE `user_id` = 'L8PM4Z';
INSERT INTO `placement_bv_update_history` (`left_carry`, `date`, `from_id`, `user_id`) VALUES ('50', '2024-09-26 09:25:25', '5YBOHR', 'L8PM4Z');
INSERT INTO `matrix_filling` (`placement_id`, `downline_id`, `level`, `matrix`) VALUES ('GBSIER', '5YBOHR', 68, 1);
UPDATE `bv_updation` SET left_carry = left_carry+50, total_left = total_left+50
WHERE `user_id` = 'GBSIER';
INSERT INTO `placement_bv_update_history` (`left_carry`, `date`, `from_id`, `user_id`) VALUES ('50', '2024-09-26 09:25:25', '5YBOHR', 'GBSIER');
INSERT INTO `matrix_filling` (`placement_id`, `downline_id`, `level`, `matrix`) VALUES ('AV48YQ', '5YBOHR', 69, 1);
UPDATE `bv_updation` SET left_carry = left_carry+50, total_left = total_left+50
WHERE `user_id` = 'AV48YQ';
INSERT INTO `placement_bv_update_history` (`left_carry`, `date`, `from_id`, `user_id`) VALUES ('50', '2024-09-26 09:25:25', '5YBOHR', 'AV48YQ');
INSERT INTO `matrix_filling` (`placement_id`, `downline_id`, `level`, `matrix`) VALUES ('admin', '5YBOHR', 70, 1);
INSERT INTO `package_purchase_history` (`user_id`, `package_id`, `reg_fee`, `package_name`, `monthly_fee`, `type`, `date`, `payment_option`) VALUES ('5YBOHR', '2', '595', 'Traveler Pro', '150', 'sign_up', '2024-09-26 09:25:25', 'free');
UPDATE `user_registration` SET `uid` = '2564', `user_id` = 'PRFNUF', `username` = 'anylus7', `sponsor_id` = 'HI62BI', `vacant` = 'no', `f_name` = 'Ana Lourdes', `l_name` = 'Guerlach', `address` = '6520 Kendale Lakes Dr', `position` = 'left', `email` = 'anylus7@gmail.com', `password` = 'c62c859c222895d65c5d17ad60b35710', `phone` = '3057610606', `country` = 'United States', `state` = 'Florida', `city` = 'Miami', `street` = '6520 Kendale Lakes Dr', `zip_code` = '33183', `reg_ip` = '172.70.254.95', `status` = 1, `package_id` = '2', `rank_id` = 1, `highest_rank` = 1, `created` = '2024-09-26 09:26:19', `subscription_date` = '2024-10-26', `google_secret` = 'WNJPJM6PFOX4ZLWG'
WHERE `uid` = '2564';
INSERT INTO `user_registration` (`uid`, `user_id`, `username`, `sponsor_id`, `placement_id`, `vacant`, `f_name`, `l_name`, `address`, `position`, `email`, `password`, `phone`, `reg_ip`, `status`, `created`) VALUES (NULL, 'TPXTDY', 'hotNTBPz', 'PRFNUF', 'PRFNUF', 'yes', '', '', '', 'left', '@mail.com', '', '', '', 0, '2024-09-26 09:26:19');
INSERT INTO `user_registration` (`uid`, `user_id`, `username`, `sponsor_id`, `placement_id`, `vacant`, `f_name`, `l_name`, `address`, `position`, `email`, `password`, `phone`, `reg_ip`, `status`, `created`) VALUES (NULL, 'XEGIFO', 'DWjrKdRP', 'PRFNUF', 'PRFNUF', 'yes', '', '', '', 'right', '@mail.com', '', '', '', 0, '2024-09-26 09:26:19');
INSERT INTO `bv_updation` (`user_id`) VALUES ('PRFNUF');
UPDATE `user_registration` SET total_ref_count = total_ref_count+1
WHERE `user_id` = 'HI62BI';
UPDATE `user_registration` SET total_downlines = total_downlines+1
WHERE `user_id` = '7CVOZO';
UPDATE `user_registration` SET left_downlines = left_downlines+1
WHERE `user_id` = '7CVOZO';
UPDATE `user_registration` SET total_downlines = total_downlines+1
WHERE `user_id` = '22FABQ';
UPDATE `user_registration` SET left_downlines = left_downlines+1
WHERE `user_id` = '22FABQ';
UPDATE `user_registration` SET total_downlines = total_downlines+1
WHERE `user_id` = 'BL2EI6';
UPDATE `user_registration` SET left_downlines = left_downlines+1
WHERE `user_id` = 'BL2EI6';
UPDATE `user_registration` SET total_downlines = total_downlines+1
WHERE `user_id` = 'GHVYLT';
UPDATE `user_registration` SET left_downlines = left_downlines+1
WHERE `user_id` = 'GHVYLT';
UPDATE `user_registration` SET total_downlines = total_downlines+1
WHERE `user_id` = 'CD1WCU';
UPDATE `user_registration` SET left_downlines = left_downlines+1
WHERE `user_id` = 'CD1WCU';
UPDATE `user_registration` SET total_downlines = total_downlines+1
WHERE `user_id` = 'DVUB2W';
UPDATE `user_registration` SET left_downlines = left_downlines+1
WHERE `user_id` = 'DVUB2W';
UPDATE `user_registration` SET total_downlines = total_downlines+1
WHERE `user_id` = 'I39CTH';
UPDATE `user_registration` SET left_downlines = left_downlines+1
WHERE `user_id` = 'I39CTH';
UPDATE `user_registration` SET total_downlines = total_downlines+1
WHERE `user_id` = 'CUUVU7';
UPDATE `user_registration` SET left_downlines = left_downlines+1
WHERE `user_id` = 'CUUVU7';
UPDATE `user_registration` SET total_downlines = total_downlines+1
WHERE `user_id` = 'HI62BI';
UPDATE `user_registration` SET left_downlines = left_downlines+1
WHERE `user_id` = 'HI62BI';
UPDATE `user_registration` SET left_ref_count = left_ref_count+1
WHERE `user_id` = 'HI62BI';
UPDATE `user_registration` SET active_left = active_left+1
WHERE `user_id` = 'HI62BI';
UPDATE `user_registration` SET total_downlines = total_downlines+1
WHERE `user_id` = '1FFFBU';
UPDATE `user_registration` SET right_downlines = right_downlines+1
WHERE `user_id` = '1FFFBU';
UPDATE `user_registration` SET total_downlines = total_downlines+1
WHERE `user_id` = 'J4CGUT';
UPDATE `user_registration` SET left_downlines = left_downlines+1
WHERE `user_id` = 'J4CGUT';
UPDATE `user_registration` SET total_downlines = total_downlines+1
WHERE `user_id` = 'S1RTX3';
UPDATE `user_registration` SET left_downlines = left_downlines+1
WHERE `user_id` = 'S1RTX3';
UPDATE `user_registration` SET total_downlines = total_downlines+1
WHERE `user_id` = 'I8YWQA';
UPDATE `user_registration` SET left_downlines = left_downlines+1
WHERE `user_id` = 'I8YWQA';
UPDATE `user_registration` SET total_downlines = total_downlines+1
WHERE `user_id` = 'I3MZBU';
UPDATE `user_registration` SET left_downlines = left_downlines+1
WHERE `user_id` = 'I3MZBU';
UPDATE `user_registration` SET total_downlines = total_downlines+1
WHERE `user_id` = 'H2I33O';
UPDATE `user_registration` SET left_downlines = left_downlines+1
WHERE `user_id` = 'H2I33O';
UPDATE `user_registration` SET total_downlines = total_downlines+1
WHERE `user_id` = 'AL7XWH';
UPDATE `user_registration` SET left_downlines = left_downlines+1
WHERE `user_id` = 'AL7XWH';
UPDATE `user_registration` SET total_downlines = total_downlines+1
WHERE `user_id` = 'HFZ9SA';
UPDATE `user_registration` SET left_downlines = left_downlines+1
WHERE `user_id` = 'HFZ9SA';
UPDATE `user_registration` SET total_downlines = total_downlines+1
WHERE `user_id` = 'A2MTZ3';
UPDATE `user_registration` SET left_downlines = left_downlines+1
WHERE `user_id` = 'A2MTZ3';
UPDATE `user_registration` SET total_downlines = total_downlines+1
WHERE `user_id` = 'RUEKCW';
UPDATE `user_registration` SET left_downlines = left_downlines+1
WHERE `user_id` = 'RUEKCW';
UPDATE `user_registration` SET total_downlines = total_downlines+1
WHERE `user_id` = 'K3GTG4';
UPDATE `user_registration` SET left_downlines = left_downlines+1
WHERE `user_id` = 'K3GTG4';
UPDATE `user_registration` SET total_downlines = total_downlines+1
WHERE `user_id` = 'I1TUBN';
UPDATE `user_registration` SET left_downlines = left_downlines+1
WHERE `user_id` = 'I1TUBN';
UPDATE `user_registration` SET total_downlines = total_downlines+1
WHERE `user_id` = 'BAUCCU';
UPDATE `user_registration` SET left_downlines = left_downlines+1
WHERE `user_id` = 'BAUCCU';
UPDATE `user_registration` SET total_downlines = total_downlines+1
WHERE `user_id` = '62QO97';
UPDATE `user_registration` SET left_downlines = left_downlines+1
WHERE `user_id` = '62QO97';
UPDATE `user_registration` SET total_downlines = total_downlines+1
WHERE `user_id` = 'OHLQEO';
UPDATE `user_registration` SET left_downlines = left_downlines+1
WHERE `user_id` = 'OHLQEO';
UPDATE `user_registration` SET total_downlines = total_downlines+1
WHERE `user_id` = '7APFKG';
UPDATE `user_registration` SET left_downlines = left_downlines+1
WHERE `user_id` = '7APFKG';
UPDATE `user_registration` SET total_downlines = total_downlines+1
WHERE `user_id` = 'Q2Q92Y';
UPDATE `user_registration` SET left_downlines = left_downlines+1
WHERE `user_id` = 'Q2Q92Y';
UPDATE `user_registration` SET total_downlines = total_downlines+1
WHERE `user_id` = 'E9ITRC';
UPDATE `user_registration` SET left_downlines = left_downlines+1
WHERE `user_id` = 'E9ITRC';
UPDATE `user_registration` SET total_downlines = total_downlines+1
WHERE `user_id` = '7COKBB';
UPDATE `user_registration` SET left_downlines = left_downlines+1
WHERE `user_id` = '7COKBB';
UPDATE `user_registration` SET total_downlines = total_downlines+1
WHERE `user_id` = 'BDNS17';
UPDATE `user_registration` SET left_downlines = left_downlines+1
WHERE `user_id` = 'BDNS17';
UPDATE `user_registration` SET total_downlines = total_downlines+1
WHERE `user_id` = '7ZXRRE';
UPDATE `user_registration` SET left_downlines = left_downlines+1
WHERE `user_id` = '7ZXRRE';
UPDATE `user_registration` SET total_downlines = total_downlines+1
WHERE `user_id` = 'KLRAF5';
UPDATE `user_registration` SET left_downlines = left_downlines+1
WHERE `user_id` = 'KLRAF5';
UPDATE `user_registration` SET total_downlines = total_downlines+1
WHERE `user_id` = 'IFJHZG';
UPDATE `user_registration` SET left_downlines = left_downlines+1
WHERE `user_id` = 'IFJHZG';
UPDATE `user_registration` SET total_downlines = total_downlines+1
WHERE `user_id` = 'MXUV8Q';
UPDATE `user_registration` SET left_downlines = left_downlines+1
WHERE `user_id` = 'MXUV8Q';
UPDATE `user_registration` SET total_downlines = total_downlines+1
WHERE `user_id` = 'GGM164';
UPDATE `user_registration` SET left_downlines = left_downlines+1
WHERE `user_id` = 'GGM164';
UPDATE `user_registration` SET total_downlines = total_downlines+1
WHERE `user_id` = '3NKIEX';
UPDATE `user_registration` SET left_downlines = left_downlines+1
WHERE `user_id` = '3NKIEX';
UPDATE `user_registration` SET total_downlines = total_downlines+1
WHERE `user_id` = 'S56TH3';
UPDATE `user_registration` SET left_downlines = left_downlines+1
WHERE `user_id` = 'S56TH3';
UPDATE `user_registration` SET total_downlines = total_downlines+1
WHERE `user_id` = 'XYG89U';
UPDATE `user_registration` SET left_downlines = left_downlines+1
WHERE `user_id` = 'XYG89U';
UPDATE `user_registration` SET total_downlines = total_downlines+1
WHERE `user_id` = 'HTFY93';
UPDATE `user_registration` SET left_downlines = left_downlines+1
WHERE `user_id` = 'HTFY93';
UPDATE `user_registration` SET total_downlines = total_downlines+1
WHERE `user_id` = '3PR393';
UPDATE `user_registration` SET left_downlines = left_downlines+1
WHERE `user_id` = '3PR393';
UPDATE `user_registration` SET total_downlines = total_downlines+1
WHERE `user_id` = 'T3MRY1';
UPDATE `user_registration` SET left_downlines = left_downlines+1
WHERE `user_id` = 'T3MRY1';
UPDATE `user_registration` SET total_downlines = total_downlines+1
WHERE `user_id` = 'GTMCCK';
UPDATE `user_registration` SET left_downlines = left_downlines+1
WHERE `user_id` = 'GTMCCK';
UPDATE `user_registration` SET total_downlines = total_downlines+1
WHERE `user_id` = 'DLYMIF';
UPDATE `user_registration` SET left_downlines = left_downlines+1
WHERE `user_id` = 'DLYMIF';
UPDATE `user_registration` SET total_downlines = total_downlines+1
WHERE `user_id` = 'WGJ5KE';
UPDATE `user_registration` SET left_downlines = left_downlines+1
WHERE `user_id` = 'WGJ5KE';
UPDATE `user_registration` SET total_downlines = total_downlines+1
WHERE `user_id` = 'ORRJ3M';
UPDATE `user_registration` SET left_downlines = left_downlines+1
WHERE `user_id` = 'ORRJ3M';
UPDATE `user_registration` SET total_downlines = total_downlines+1
WHERE `user_id` = 'AA8V6V';
UPDATE `user_registration` SET left_downlines = left_downlines+1
WHERE `user_id` = 'AA8V6V';
UPDATE `user_registration` SET total_downlines = total_downlines+1
WHERE `user_id` = '61ME4O';
UPDATE `user_registration` SET left_downlines = left_downlines+1
WHERE `user_id` = '61ME4O';
UPDATE `user_registration` SET total_downlines = total_downlines+1
WHERE `user_id` = 'WS1SZZ';
UPDATE `user_registration` SET left_downlines = left_downlines+1
WHERE `user_id` = 'WS1SZZ';
UPDATE `user_registration` SET total_downlines = total_downlines+1
WHERE `user_id` = 'TBN4MZ';
UPDATE `user_registration` SET left_downlines = left_downlines+1
WHERE `user_id` = 'TBN4MZ';
UPDATE `user_registration` SET total_downlines = total_downlines+1
WHERE `user_id` = 'OEMJ8R';
UPDATE `user_registration` SET left_downlines = left_downlines+1
WHERE `user_id` = 'OEMJ8R';
UPDATE `user_registration` SET total_downlines = total_downlines+1
WHERE `user_id` = 'FXAYIE';
UPDATE `user_registration` SET left_downlines = left_downlines+1
WHERE `user_id` = 'FXAYIE';
UPDATE `user_registration` SET total_downlines = total_downlines+1
WHERE `user_id` = 'ELXZWC';
UPDATE `user_registration` SET left_downlines = left_downlines+1
WHERE `user_id` = 'ELXZWC';
UPDATE `user_registration` SET total_downlines = total_downlines+1
WHERE `user_id` = 'C1TQVI';
UPDATE `user_registration` SET left_downlines = left_downlines+1
WHERE `user_id` = 'C1TQVI';
UPDATE `user_registration` SET total_downlines = total_downlines+1
WHERE `user_id` = 'F5GPDF';
UPDATE `user_registration` SET left_downlines = left_downlines+1
WHERE `user_id` = 'F5GPDF';
UPDATE `user_registration` SET total_downlines = total_downlines+1
WHERE `user_id` = '91PYDK';
UPDATE `user_registration` SET left_downlines = left_downlines+1
WHERE `user_id` = '91PYDK';
UPDATE `user_registration` SET total_downlines = total_downlines+1
WHERE `user_id` = '4OT7RX';
UPDATE `user_registration` SET left_downlines = left_downlines+1
WHERE `user_id` = '4OT7RX';
UPDATE `user_registration` SET total_downlines = total_downlines+1
WHERE `user_id` = 'ZJZA3M';
UPDATE `user_registration` SET left_downlines = left_downlines+1
WHERE `user_id` = 'ZJZA3M';
UPDATE `user_registration` SET total_downlines = total_downlines+1
WHERE `user_id` = 'XN6ETC';
UPDATE `user_registration` SET left_downlines = left_downlines+1
WHERE `user_id` = 'XN6ETC';
UPDATE `user_registration` SET total_downlines = total_downlines+1
WHERE `user_id` = 'KVQN1O';
UPDATE `user_registration` SET left_downlines = left_downlines+1
WHERE `user_id` = 'KVQN1O';
UPDATE `user_registration` SET total_downlines = total_downlines+1
WHERE `user_id` = 'X3V7DJ';
UPDATE `user_registration` SET left_downlines = left_downlines+1
WHERE `user_id` = 'X3V7DJ';
UPDATE `user_registration` SET total_downlines = total_downlines+1
WHERE `user_id` = 'DJ77NH';
UPDATE `user_registration` SET left_downlines = left_downlines+1
WHERE `user_id` = 'DJ77NH';
UPDATE `user_registration` SET total_downlines = total_downlines+1
WHERE `user_id` = 'PX7XCL';
UPDATE `user_registration` SET left_downlines = left_downlines+1
WHERE `user_id` = 'PX7XCL';
UPDATE `user_registration` SET total_downlines = total_downlines+1
WHERE `user_id` = 'L8PM4Z';
UPDATE `user_registration` SET left_downlines = left_downlines+1
WHERE `user_id` = 'L8PM4Z';
UPDATE `user_registration` SET total_downlines = total_downlines+1
WHERE `user_id` = 'GBSIER';
UPDATE `user_registration` SET left_downlines = left_downlines+1
WHERE `user_id` = 'GBSIER';
UPDATE `user_registration` SET total_downlines = total_downlines+1
WHERE `user_id` = 'AV48YQ';
UPDATE `user_registration` SET left_downlines = left_downlines+1
WHERE `user_id` = 'AV48YQ';
UPDATE `user_registration` SET total_downlines = total_downlines+1
WHERE `user_id` = 'admin';
UPDATE `user_registration` SET left_downlines = left_downlines+1
WHERE `user_id` = 'admin';
INSERT INTO `investment` (`invest_date`, `user_id`, `type`, `amount`, `package_id`) VALUES ('2024-09-26 09:26:19', 'PRFNUF', 'register', '595', '2');
INSERT INTO `earnings` (`user_id`, `Purchaser_id`, `earning_type`, `package_id`, `amount`, `date`, `comments`, `invest_amount`, `comm_perc`, `level`, `rank_id`, `order_id`) VALUES ('HI62BI', 'PRFNUF', 'Direct Referral Bonus', '2', '100', '2024-09-26 09:26:19', 'Direct Referral Bonus', 0, 0, 1, '', 128);
UPDATE `user_registration` SET commission_balance = ROUND(commission_balance + 100,2)
WHERE `user_id` = 'HI62BI';
INSERT INTO `earnings` (`user_id`, `Purchaser_id`, `earning_type`, `package_id`, `amount`, `date`, `comments`, `invest_amount`, `comm_perc`, `level`, `rank_id`, `order_id`) VALUES ('S56TH3', 'PRFNUF', 'Expansion Bonus', '2', 100, '2024-09-26 09:26:19', 'Expansion Bonus', '100', 0, 1, '', 128);
UPDATE `user_registration` SET commission_balance = ROUND(commission_balance + 100,2)
WHERE `user_id` = 'S56TH3';
INSERT INTO `earnings` (`user_id`, `Purchaser_id`, `earning_type`, `package_id`, `amount`, `date`, `comments`, `invest_amount`, `comm_perc`, `level`, `rank_id`, `order_id`) VALUES ('admin', 'PRFNUF', 'Expansion Bonus', '2', 100, '2024-09-26 09:26:19', 'Expansion Bonus', 200, 0, 1, '', 128);
UPDATE `user_registration` SET commission_balance = ROUND(commission_balance + 100,2)
WHERE `user_id` = 'admin';
INSERT INTO `matrix_filling` (`placement_id`, `downline_id`, `level`, `matrix`) VALUES ('7CVOZO', 'PRFNUF', 1, 1);
UPDATE `bv_updation` SET left_carry = left_carry+50, total_left = total_left+50
WHERE `user_id` = '7CVOZO';
INSERT INTO `placement_bv_update_history` (`left_carry`, `date`, `from_id`, `user_id`) VALUES ('50', '2024-09-26 09:26:19', 'PRFNUF', '7CVOZO');
INSERT INTO `matrix_filling` (`placement_id`, `downline_id`, `level`, `matrix`) VALUES ('22FABQ', 'PRFNUF', 2, 1);
UPDATE `bv_updation` SET left_carry = left_carry+50, total_left = total_left+50
WHERE `user_id` = '22FABQ';
INSERT INTO `placement_bv_update_history` (`left_carry`, `date`, `from_id`, `user_id`) VALUES ('50', '2024-09-26 09:26:19', 'PRFNUF', '22FABQ');
INSERT INTO `matrix_filling` (`placement_id`, `downline_id`, `level`, `matrix`) VALUES ('BL2EI6', 'PRFNUF', 3, 1);
UPDATE `bv_updation` SET left_carry = left_carry+50, total_left = total_left+50
WHERE `user_id` = 'BL2EI6';
INSERT INTO `placement_bv_update_history` (`left_carry`, `date`, `from_id`, `user_id`) VALUES ('50', '2024-09-26 09:26:19', 'PRFNUF', 'BL2EI6');
INSERT INTO `matrix_filling` (`placement_id`, `downline_id`, `level`, `matrix`) VALUES ('GHVYLT', 'PRFNUF', 4, 1);
UPDATE `bv_updation` SET left_carry = left_carry+50, total_left = total_left+50
WHERE `user_id` = 'GHVYLT';
INSERT INTO `placement_bv_update_history` (`left_carry`, `date`, `from_id`, `user_id`) VALUES ('50', '2024-09-26 09:26:19', 'PRFNUF', 'GHVYLT');
INSERT INTO `matrix_filling` (`placement_id`, `downline_id`, `level`, `matrix`) VALUES ('CD1WCU', 'PRFNUF', 5, 1);
UPDATE `bv_updation` SET left_carry = left_carry+50, total_left = total_left+50
WHERE `user_id` = 'CD1WCU';
INSERT INTO `placement_bv_update_history` (`left_carry`, `date`, `from_id`, `user_id`) VALUES ('50', '2024-09-26 09:26:19', 'PRFNUF', 'CD1WCU');
INSERT INTO `matrix_filling` (`placement_id`, `downline_id`, `level`, `matrix`) VALUES ('DVUB2W', 'PRFNUF', 6, 1);
UPDATE `bv_updation` SET left_carry = left_carry+50, total_left = total_left+50
WHERE `user_id` = 'DVUB2W';
INSERT INTO `placement_bv_update_history` (`left_carry`, `date`, `from_id`, `user_id`) VALUES ('50', '2024-09-26 09:26:19', 'PRFNUF', 'DVUB2W');
INSERT INTO `matrix_filling` (`placement_id`, `downline_id`, `level`, `matrix`) VALUES ('I39CTH', 'PRFNUF', 7, 1);
UPDATE `bv_updation` SET left_carry = left_carry+50, total_left = total_left+50
WHERE `user_id` = 'I39CTH';
INSERT INTO `placement_bv_update_history` (`left_carry`, `date`, `from_id`, `user_id`) VALUES ('50', '2024-09-26 09:26:19', 'PRFNUF', 'I39CTH');
INSERT INTO `matrix_filling` (`placement_id`, `downline_id`, `level`, `matrix`) VALUES ('CUUVU7', 'PRFNUF', 8, 1);
INSERT INTO `matrix_filling` (`placement_id`, `downline_id`, `level`, `matrix`) VALUES ('HI62BI', 'PRFNUF', 9, 1);
INSERT INTO `matrix_filling` (`placement_id`, `downline_id`, `level`, `matrix`) VALUES ('1FFFBU', 'PRFNUF', 10, 1);
UPDATE `bv_updation` SET right_carry = right_carry+50, total_right = total_right+50
WHERE `user_id` = '1FFFBU';
INSERT INTO `placement_bv_update_history` (`right_carry`, `date`, `from_id`, `user_id`) VALUES ('50', '2024-09-26 09:26:19', 'PRFNUF', '1FFFBU');
INSERT INTO `matrix_filling` (`placement_id`, `downline_id`, `level`, `matrix`) VALUES ('J4CGUT', 'PRFNUF', 11, 1);
UPDATE `bv_updation` SET left_carry = left_carry+50, total_left = total_left+50
WHERE `user_id` = 'J4CGUT';
INSERT INTO `placement_bv_update_history` (`left_carry`, `date`, `from_id`, `user_id`) VALUES ('50', '2024-09-26 09:26:19', 'PRFNUF', 'J4CGUT');
INSERT INTO `matrix_filling` (`placement_id`, `downline_id`, `level`, `matrix`) VALUES ('S1RTX3', 'PRFNUF', 12, 1);
UPDATE `bv_updation` SET left_carry = left_carry+50, total_left = total_left+50
WHERE `user_id` = 'S1RTX3';
INSERT INTO `placement_bv_update_history` (`left_carry`, `date`, `from_id`, `user_id`) VALUES ('50', '2024-09-26 09:26:19', 'PRFNUF', 'S1RTX3');
INSERT INTO `matrix_filling` (`placement_id`, `downline_id`, `level`, `matrix`) VALUES ('I8YWQA', 'PRFNUF', 13, 1);
UPDATE `bv_updation` SET left_carry = left_carry+50, total_left = total_left+50
WHERE `user_id` = 'I8YWQA';
INSERT INTO `placement_bv_update_history` (`left_carry`, `date`, `from_id`, `user_id`) VALUES ('50', '2024-09-26 09:26:19', 'PRFNUF', 'I8YWQA');
INSERT INTO `matrix_filling` (`placement_id`, `downline_id`, `level`, `matrix`) VALUES ('I3MZBU', 'PRFNUF', 14, 1);
UPDATE `bv_updation` SET left_carry = left_carry+50, total_left = total_left+50
WHERE `user_id` = 'I3MZBU';
INSERT INTO `placement_bv_update_history` (`left_carry`, `date`, `from_id`, `user_id`) VALUES ('50', '2024-09-26 09:26:19', 'PRFNUF', 'I3MZBU');
INSERT INTO `matrix_filling` (`placement_id`, `downline_id`, `level`, `matrix`) VALUES ('H2I33O', 'PRFNUF', 15, 1);
UPDATE `bv_updation` SET left_carry = left_carry+50, total_left = total_left+50
WHERE `user_id` = 'H2I33O';
INSERT INTO `placement_bv_update_history` (`left_carry`, `date`, `from_id`, `user_id`) VALUES ('50', '2024-09-26 09:26:19', 'PRFNUF', 'H2I33O');
INSERT INTO `matrix_filling` (`placement_id`, `downline_id`, `level`, `matrix`) VALUES ('AL7XWH', 'PRFNUF', 16, 1);
UPDATE `bv_updation` SET left_carry = left_carry+50, total_left = total_left+50
WHERE `user_id` = 'AL7XWH';
INSERT INTO `placement_bv_update_history` (`left_carry`, `date`, `from_id`, `user_id`) VALUES ('50', '2024-09-26 09:26:19', 'PRFNUF', 'AL7XWH');
INSERT INTO `matrix_filling` (`placement_id`, `downline_id`, `level`, `matrix`) VALUES ('HFZ9SA', 'PRFNUF', 17, 1);
UPDATE `bv_updation` SET left_carry = left_carry+50, total_left = total_left+50
WHERE `user_id` = 'HFZ9SA';
INSERT INTO `placement_bv_update_history` (`left_carry`, `date`, `from_id`, `user_id`) VALUES ('50', '2024-09-26 09:26:19', 'PRFNUF', 'HFZ9SA');
INSERT INTO `matrix_filling` (`placement_id`, `downline_id`, `level`, `matrix`) VALUES ('A2MTZ3', 'PRFNUF', 18, 1);
UPDATE `bv_updation` SET left_carry = left_carry+50, total_left = total_left+50
WHERE `user_id` = 'A2MTZ3';
INSERT INTO `placement_bv_update_history` (`left_carry`, `date`, `from_id`, `user_id`) VALUES ('50', '2024-09-26 09:26:19', 'PRFNUF', 'A2MTZ3');
INSERT INTO `matrix_filling` (`placement_id`, `downline_id`, `level`, `matrix`) VALUES ('RUEKCW', 'PRFNUF', 19, 1);
UPDATE `bv_updation` SET left_carry = left_carry+50, total_left = total_left+50
WHERE `user_id` = 'RUEKCW';
INSERT INTO `placement_bv_update_history` (`left_carry`, `date`, `from_id`, `user_id`) VALUES ('50', '2024-09-26 09:26:19', 'PRFNUF', 'RUEKCW');
INSERT INTO `matrix_filling` (`placement_id`, `downline_id`, `level`, `matrix`) VALUES ('K3GTG4', 'PRFNUF', 20, 1);
UPDATE `bv_updation` SET left_carry = left_carry+50, total_left = total_left+50
WHERE `user_id` = 'K3GTG4';
INSERT INTO `placement_bv_update_history` (`left_carry`, `date`, `from_id`, `user_id`) VALUES ('50', '2024-09-26 09:26:19', 'PRFNUF', 'K3GTG4');
INSERT INTO `matrix_filling` (`placement_id`, `downline_id`, `level`, `matrix`) VALUES ('I1TUBN', 'PRFNUF', 21, 1);
UPDATE `bv_updation` SET left_carry = left_carry+50, total_left = total_left+50
WHERE `user_id` = 'I1TUBN';
INSERT INTO `placement_bv_update_history` (`left_carry`, `date`, `from_id`, `user_id`) VALUES ('50', '2024-09-26 09:26:19', 'PRFNUF', 'I1TUBN');
INSERT INTO `matrix_filling` (`placement_id`, `downline_id`, `level`, `matrix`) VALUES ('BAUCCU', 'PRFNUF', 22, 1);
UPDATE `bv_updation` SET left_carry = left_carry+50, total_left = total_left+50
WHERE `user_id` = 'BAUCCU';
INSERT INTO `placement_bv_update_history` (`left_carry`, `date`, `from_id`, `user_id`) VALUES ('50', '2024-09-26 09:26:19', 'PRFNUF', 'BAUCCU');
INSERT INTO `matrix_filling` (`placement_id`, `downline_id`, `level`, `matrix`) VALUES ('62QO97', 'PRFNUF', 23, 1);
UPDATE `bv_updation` SET left_carry = left_carry+50, total_left = total_left+50
WHERE `user_id` = '62QO97';
INSERT INTO `placement_bv_update_history` (`left_carry`, `date`, `from_id`, `user_id`) VALUES ('50', '2024-09-26 09:26:19', 'PRFNUF', '62QO97');
INSERT INTO `matrix_filling` (`placement_id`, `downline_id`, `level`, `matrix`) VALUES ('OHLQEO', 'PRFNUF', 24, 1);
UPDATE `bv_updation` SET left_carry = left_carry+50, total_left = total_left+50
WHERE `user_id` = 'OHLQEO';
INSERT INTO `placement_bv_update_history` (`left_carry`, `date`, `from_id`, `user_id`) VALUES ('50', '2024-09-26 09:26:19', 'PRFNUF', 'OHLQEO');
INSERT INTO `matrix_filling` (`placement_id`, `downline_id`, `level`, `matrix`) VALUES ('7APFKG', 'PRFNUF', 25, 1);
UPDATE `bv_updation` SET left_carry = left_carry+50, total_left = total_left+50
WHERE `user_id` = '7APFKG';
INSERT INTO `placement_bv_update_history` (`left_carry`, `date`, `from_id`, `user_id`) VALUES ('50', '2024-09-26 09:26:19', 'PRFNUF', '7APFKG');
INSERT INTO `matrix_filling` (`placement_id`, `downline_id`, `level`, `matrix`) VALUES ('Q2Q92Y', 'PRFNUF', 26, 1);
UPDATE `bv_updation` SET left_carry = left_carry+50, total_left = total_left+50
WHERE `user_id` = 'Q2Q92Y';
INSERT INTO `placement_bv_update_history` (`left_carry`, `date`, `from_id`, `user_id`) VALUES ('50', '2024-09-26 09:26:19', 'PRFNUF', 'Q2Q92Y');
INSERT INTO `matrix_filling` (`placement_id`, `downline_id`, `level`, `matrix`) VALUES ('E9ITRC', 'PRFNUF', 27, 1);
UPDATE `bv_updation` SET left_carry = left_carry+50, total_left = total_left+50
WHERE `user_id` = 'E9ITRC';
INSERT INTO `placement_bv_update_history` (`left_carry`, `date`, `from_id`, `user_id`) VALUES ('50', '2024-09-26 09:26:19', 'PRFNUF', 'E9ITRC');
INSERT INTO `matrix_filling` (`placement_id`, `downline_id`, `level`, `matrix`) VALUES ('7COKBB', 'PRFNUF', 28, 1);
UPDATE `bv_updation` SET left_carry = left_carry+50, total_left = total_left+50
WHERE `user_id` = '7COKBB';
INSERT INTO `placement_bv_update_history` (`left_carry`, `date`, `from_id`, `user_id`) VALUES ('50', '2024-09-26 09:26:19', 'PRFNUF', '7COKBB');
INSERT INTO `matrix_filling` (`placement_id`, `downline_id`, `level`, `matrix`) VALUES ('BDNS17', 'PRFNUF', 29, 1);
UPDATE `bv_updation` SET left_carry = left_carry+50, total_left = total_left+50
WHERE `user_id` = 'BDNS17';
INSERT INTO `placement_bv_update_history` (`left_carry`, `date`, `from_id`, `user_id`) VALUES ('50', '2024-09-26 09:26:19', 'PRFNUF', 'BDNS17');
INSERT INTO `matrix_filling` (`placement_id`, `downline_id`, `level`, `matrix`) VALUES ('7ZXRRE', 'PRFNUF', 30, 1);
UPDATE `bv_updation` SET left_carry = left_carry+50, total_left = total_left+50
WHERE `user_id` = '7ZXRRE';
INSERT INTO `placement_bv_update_history` (`left_carry`, `date`, `from_id`, `user_id`) VALUES ('50', '2024-09-26 09:26:19', 'PRFNUF', '7ZXRRE');
INSERT INTO `matrix_filling` (`placement_id`, `downline_id`, `level`, `matrix`) VALUES ('KLRAF5', 'PRFNUF', 31, 1);
UPDATE `bv_updation` SET left_carry = left_carry+50, total_left = total_left+50
WHERE `user_id` = 'KLRAF5';
INSERT INTO `placement_bv_update_history` (`left_carry`, `date`, `from_id`, `user_id`) VALUES ('50', '2024-09-26 09:26:19', 'PRFNUF', 'KLRAF5');
INSERT INTO `matrix_filling` (`placement_id`, `downline_id`, `level`, `matrix`) VALUES ('IFJHZG', 'PRFNUF', 32, 1);
UPDATE `bv_updation` SET left_carry = left_carry+50, total_left = total_left+50
WHERE `user_id` = 'IFJHZG';
INSERT INTO `placement_bv_update_history` (`left_carry`, `date`, `from_id`, `user_id`) VALUES ('50', '2024-09-26 09:26:19', 'PRFNUF', 'IFJHZG');
INSERT INTO `matrix_filling` (`placement_id`, `downline_id`, `level`, `matrix`) VALUES ('MXUV8Q', 'PRFNUF', 33, 1);
UPDATE `bv_updation` SET left_carry = left_carry+50, total_left = total_left+50
WHERE `user_id` = 'MXUV8Q';
INSERT INTO `placement_bv_update_history` (`left_carry`, `date`, `from_id`, `user_id`) VALUES ('50', '2024-09-26 09:26:19', 'PRFNUF', 'MXUV8Q');
INSERT INTO `matrix_filling` (`placement_id`, `downline_id`, `level`, `matrix`) VALUES ('GGM164', 'PRFNUF', 34, 1);
UPDATE `bv_updation` SET left_carry = left_carry+50, total_left = total_left+50
WHERE `user_id` = 'GGM164';
INSERT INTO `placement_bv_update_history` (`left_carry`, `date`, `from_id`, `user_id`) VALUES ('50', '2024-09-26 09:26:19', 'PRFNUF', 'GGM164');
INSERT INTO `matrix_filling` (`placement_id`, `downline_id`, `level`, `matrix`) VALUES ('3NKIEX', 'PRFNUF', 35, 1);
UPDATE `bv_updation` SET left_carry = left_carry+50, total_left = total_left+50
WHERE `user_id` = '3NKIEX';
INSERT INTO `placement_bv_update_history` (`left_carry`, `date`, `from_id`, `user_id`) VALUES ('50', '2024-09-26 09:26:19', 'PRFNUF', '3NKIEX');
INSERT INTO `matrix_filling` (`placement_id`, `downline_id`, `level`, `matrix`) VALUES ('S56TH3', 'PRFNUF', 36, 1);
UPDATE `bv_updation` SET left_carry = left_carry+50, total_left = total_left+50
WHERE `user_id` = 'S56TH3';
INSERT INTO `placement_bv_update_history` (`left_carry`, `date`, `from_id`, `user_id`) VALUES ('50', '2024-09-26 09:26:19', 'PRFNUF', 'S56TH3');
INSERT INTO `matrix_filling` (`placement_id`, `downline_id`, `level`, `matrix`) VALUES ('XYG89U', 'PRFNUF', 37, 1);
UPDATE `bv_updation` SET left_carry = left_carry+50, total_left = total_left+50
WHERE `user_id` = 'XYG89U';
INSERT INTO `placement_bv_update_history` (`left_carry`, `date`, `from_id`, `user_id`) VALUES ('50', '2024-09-26 09:26:19', 'PRFNUF', 'XYG89U');
INSERT INTO `matrix_filling` (`placement_id`, `downline_id`, `level`, `matrix`) VALUES ('HTFY93', 'PRFNUF', 38, 1);
UPDATE `bv_updation` SET left_carry = left_carry+50, total_left = total_left+50
WHERE `user_id` = 'HTFY93';
INSERT INTO `placement_bv_update_history` (`left_carry`, `date`, `from_id`, `user_id`) VALUES ('50', '2024-09-26 09:26:19', 'PRFNUF', 'HTFY93');
INSERT INTO `matrix_filling` (`placement_id`, `downline_id`, `level`, `matrix`) VALUES ('3PR393', 'PRFNUF', 39, 1);
UPDATE `bv_updation` SET left_carry = left_carry+50, total_left = total_left+50
WHERE `user_id` = '3PR393';
INSERT INTO `placement_bv_update_history` (`left_carry`, `date`, `from_id`, `user_id`) VALUES ('50', '2024-09-26 09:26:19', 'PRFNUF', '3PR393');
INSERT INTO `matrix_filling` (`placement_id`, `downline_id`, `level`, `matrix`) VALUES ('T3MRY1', 'PRFNUF', 40, 1);
UPDATE `bv_updation` SET left_carry = left_carry+50, total_left = total_left+50
WHERE `user_id` = 'T3MRY1';
INSERT INTO `placement_bv_update_history` (`left_carry`, `date`, `from_id`, `user_id`) VALUES ('50', '2024-09-26 09:26:19', 'PRFNUF', 'T3MRY1');
INSERT INTO `matrix_filling` (`placement_id`, `downline_id`, `level`, `matrix`) VALUES ('GTMCCK', 'PRFNUF', 41, 1);
UPDATE `bv_updation` SET left_carry = left_carry+50, total_left = total_left+50
WHERE `user_id` = 'GTMCCK';
INSERT INTO `placement_bv_update_history` (`left_carry`, `date`, `from_id`, `user_id`) VALUES ('50', '2024-09-26 09:26:19', 'PRFNUF', 'GTMCCK');
INSERT INTO `matrix_filling` (`placement_id`, `downline_id`, `level`, `matrix`) VALUES ('DLYMIF', 'PRFNUF', 42, 1);
UPDATE `bv_updation` SET left_carry = left_carry+50, total_left = total_left+50
WHERE `user_id` = 'DLYMIF';
INSERT INTO `placement_bv_update_history` (`left_carry`, `date`, `from_id`, `user_id`) VALUES ('50', '2024-09-26 09:26:19', 'PRFNUF', 'DLYMIF');
INSERT INTO `matrix_filling` (`placement_id`, `downline_id`, `level`, `matrix`) VALUES ('WGJ5KE', 'PRFNUF', 43, 1);
UPDATE `bv_updation` SET left_carry = left_carry+50, total_left = total_left+50
WHERE `user_id` = 'WGJ5KE';
INSERT INTO `placement_bv_update_history` (`left_carry`, `date`, `from_id`, `user_id`) VALUES ('50', '2024-09-26 09:26:19', 'PRFNUF', 'WGJ5KE');
INSERT INTO `matrix_filling` (`placement_id`, `downline_id`, `level`, `matrix`) VALUES ('ORRJ3M', 'PRFNUF', 44, 1);
UPDATE `bv_updation` SET left_carry = left_carry+50, total_left = total_left+50
WHERE `user_id` = 'ORRJ3M';
INSERT INTO `placement_bv_update_history` (`left_carry`, `date`, `from_id`, `user_id`) VALUES ('50', '2024-09-26 09:26:19', 'PRFNUF', 'ORRJ3M');
INSERT INTO `matrix_filling` (`placement_id`, `downline_id`, `level`, `matrix`) VALUES ('AA8V6V', 'PRFNUF', 45, 1);
UPDATE `bv_updation` SET left_carry = left_carry+50, total_left = total_left+50
WHERE `user_id` = 'AA8V6V';
INSERT INTO `placement_bv_update_history` (`left_carry`, `date`, `from_id`, `user_id`) VALUES ('50', '2024-09-26 09:26:19', 'PRFNUF', 'AA8V6V');
INSERT INTO `matrix_filling` (`placement_id`, `downline_id`, `level`, `matrix`) VALUES ('61ME4O', 'PRFNUF', 46, 1);
UPDATE `bv_updation` SET left_carry = left_carry+50, total_left = total_left+50
WHERE `user_id` = '61ME4O';
INSERT INTO `placement_bv_update_history` (`left_carry`, `date`, `from_id`, `user_id`) VALUES ('50', '2024-09-26 09:26:19', 'PRFNUF', '61ME4O');
INSERT INTO `matrix_filling` (`placement_id`, `downline_id`, `level`, `matrix`) VALUES ('WS1SZZ', 'PRFNUF', 47, 1);
UPDATE `bv_updation` SET left_carry = left_carry+50, total_left = total_left+50
WHERE `user_id` = 'WS1SZZ';
INSERT INTO `placement_bv_update_history` (`left_carry`, `date`, `from_id`, `user_id`) VALUES ('50', '2024-09-26 09:26:19', 'PRFNUF', 'WS1SZZ');
INSERT INTO `matrix_filling` (`placement_id`, `downline_id`, `level`, `matrix`) VALUES ('TBN4MZ', 'PRFNUF', 48, 1);
UPDATE `bv_updation` SET left_carry = left_carry+50, total_left = total_left+50
WHERE `user_id` = 'TBN4MZ';
INSERT INTO `placement_bv_update_history` (`left_carry`, `date`, `from_id`, `user_id`) VALUES ('50', '2024-09-26 09:26:19', 'PRFNUF', 'TBN4MZ');
INSERT INTO `matrix_filling` (`placement_id`, `downline_id`, `level`, `matrix`) VALUES ('OEMJ8R', 'PRFNUF', 49, 1);
UPDATE `bv_updation` SET left_carry = left_carry+50, total_left = total_left+50
WHERE `user_id` = 'OEMJ8R';
INSERT INTO `placement_bv_update_history` (`left_carry`, `date`, `from_id`, `user_id`) VALUES ('50', '2024-09-26 09:26:19', 'PRFNUF', 'OEMJ8R');
INSERT INTO `matrix_filling` (`placement_id`, `downline_id`, `level`, `matrix`) VALUES ('FXAYIE', 'PRFNUF', 50, 1);
UPDATE `bv_updation` SET left_carry = left_carry+50, total_left = total_left+50
WHERE `user_id` = 'FXAYIE';
INSERT INTO `placement_bv_update_history` (`left_carry`, `date`, `from_id`, `user_id`) VALUES ('50', '2024-09-26 09:26:19', 'PRFNUF', 'FXAYIE');
INSERT INTO `matrix_filling` (`placement_id`, `downline_id`, `level`, `matrix`) VALUES ('ELXZWC', 'PRFNUF', 51, 1);
UPDATE `bv_updation` SET left_carry = left_carry+50, total_left = total_left+50
WHERE `user_id` = 'ELXZWC';
INSERT INTO `placement_bv_update_history` (`left_carry`, `date`, `from_id`, `user_id`) VALUES ('50', '2024-09-26 09:26:19', 'PRFNUF', 'ELXZWC');
INSERT INTO `matrix_filling` (`placement_id`, `downline_id`, `level`, `matrix`) VALUES ('C1TQVI', 'PRFNUF', 52, 1);
UPDATE `bv_updation` SET left_carry = left_carry+50, total_left = total_left+50
WHERE `user_id` = 'C1TQVI';
INSERT INTO `placement_bv_update_history` (`left_carry`, `date`, `from_id`, `user_id`) VALUES ('50', '2024-09-26 09:26:19', 'PRFNUF', 'C1TQVI');
INSERT INTO `matrix_filling` (`placement_id`, `downline_id`, `level`, `matrix`) VALUES ('F5GPDF', 'PRFNUF', 53, 1);
UPDATE `bv_updation` SET left_carry = left_carry+50, total_left = total_left+50
WHERE `user_id` = 'F5GPDF';
INSERT INTO `placement_bv_update_history` (`left_carry`, `date`, `from_id`, `user_id`) VALUES ('50', '2024-09-26 09:26:19', 'PRFNUF', 'F5GPDF');
INSERT INTO `matrix_filling` (`placement_id`, `downline_id`, `level`, `matrix`) VALUES ('91PYDK', 'PRFNUF', 54, 1);
UPDATE `bv_updation` SET left_carry = left_carry+50, total_left = total_left+50
WHERE `user_id` = '91PYDK';
INSERT INTO `placement_bv_update_history` (`left_carry`, `date`, `from_id`, `user_id`) VALUES ('50', '2024-09-26 09:26:19', 'PRFNUF', '91PYDK');
INSERT INTO `matrix_filling` (`placement_id`, `downline_id`, `level`, `matrix`) VALUES ('4OT7RX', 'PRFNUF', 55, 1);
UPDATE `bv_updation` SET left_carry = left_carry+50, total_left = total_left+50
WHERE `user_id` = '4OT7RX';
INSERT INTO `placement_bv_update_history` (`left_carry`, `date`, `from_id`, `user_id`) VALUES ('50', '2024-09-26 09:26:19', 'PRFNUF', '4OT7RX');
INSERT INTO `matrix_filling` (`placement_id`, `downline_id`, `level`, `matrix`) VALUES ('ZJZA3M', 'PRFNUF', 56, 1);
UPDATE `bv_updation` SET left_carry = left_carry+50, total_left = total_left+50
WHERE `user_id` = 'ZJZA3M';
INSERT INTO `placement_bv_update_history` (`left_carry`, `date`, `from_id`, `user_id`) VALUES ('50', '2024-09-26 09:26:19', 'PRFNUF', 'ZJZA3M');
INSERT INTO `matrix_filling` (`placement_id`, `downline_id`, `level`, `matrix`) VALUES ('XN6ETC', 'PRFNUF', 57, 1);
UPDATE `bv_updation` SET left_carry = left_carry+50, total_left = total_left+50
WHERE `user_id` = 'XN6ETC';
INSERT INTO `placement_bv_update_history` (`left_carry`, `date`, `from_id`, `user_id`) VALUES ('50', '2024-09-26 09:26:19', 'PRFNUF', 'XN6ETC');
INSERT INTO `matrix_filling` (`placement_id`, `downline_id`, `level`, `matrix`) VALUES ('KVQN1O', 'PRFNUF', 58, 1);
UPDATE `bv_updation` SET left_carry = left_carry+50, total_left = total_left+50
WHERE `user_id` = 'KVQN1O';
INSERT INTO `placement_bv_update_history` (`left_carry`, `date`, `from_id`, `user_id`) VALUES ('50', '2024-09-26 09:26:19', 'PRFNUF', 'KVQN1O');
INSERT INTO `matrix_filling` (`placement_id`, `downline_id`, `level`, `matrix`) VALUES ('X3V7DJ', 'PRFNUF', 59, 1);
UPDATE `bv_updation` SET left_carry = left_carry+50, total_left = total_left+50
WHERE `user_id` = 'X3V7DJ';
INSERT INTO `placement_bv_update_history` (`left_carry`, `date`, `from_id`, `user_id`) VALUES ('50', '2024-09-26 09:26:19', 'PRFNUF', 'X3V7DJ');
INSERT INTO `matrix_filling` (`placement_id`, `downline_id`, `level`, `matrix`) VALUES ('DJ77NH', 'PRFNUF', 60, 1);
UPDATE `bv_updation` SET left_carry = left_carry+50, total_left = total_left+50
WHERE `user_id` = 'DJ77NH';
INSERT INTO `placement_bv_update_history` (`left_carry`, `date`, `from_id`, `user_id`) VALUES ('50', '2024-09-26 09:26:19', 'PRFNUF', 'DJ77NH');
INSERT INTO `matrix_filling` (`placement_id`, `downline_id`, `level`, `matrix`) VALUES ('PX7XCL', 'PRFNUF', 61, 1);
UPDATE `bv_updation` SET left_carry = left_carry+50, total_left = total_left+50
WHERE `user_id` = 'PX7XCL';
INSERT INTO `placement_bv_update_history` (`left_carry`, `date`, `from_id`, `user_id`) VALUES ('50', '2024-09-26 09:26:19', 'PRFNUF', 'PX7XCL');
INSERT INTO `matrix_filling` (`placement_id`, `downline_id`, `level`, `matrix`) VALUES ('L8PM4Z', 'PRFNUF', 62, 1);
UPDATE `bv_updation` SET left_carry = left_carry+50, total_left = total_left+50
WHERE `user_id` = 'L8PM4Z';
INSERT INTO `placement_bv_update_history` (`left_carry`, `date`, `from_id`, `user_id`) VALUES ('50', '2024-09-26 09:26:19', 'PRFNUF', 'L8PM4Z');
INSERT INTO `matrix_filling` (`placement_id`, `downline_id`, `level`, `matrix`) VALUES ('GBSIER', 'PRFNUF', 63, 1);
UPDATE `bv_updation` SET left_carry = left_carry+50, total_left = total_left+50
WHERE `user_id` = 'GBSIER';
INSERT INTO `placement_bv_update_history` (`left_carry`, `date`, `from_id`, `user_id`) VALUES ('50', '2024-09-26 09:26:19', 'PRFNUF', 'GBSIER');
INSERT INTO `matrix_filling` (`placement_id`, `downline_id`, `level`, `matrix`) VALUES ('AV48YQ', 'PRFNUF', 64, 1);
UPDATE `bv_updation` SET left_carry = left_carry+50, total_left = total_left+50
WHERE `user_id` = 'AV48YQ';
INSERT INTO `placement_bv_update_history` (`left_carry`, `date`, `from_id`, `user_id`) VALUES ('50', '2024-09-26 09:26:19', 'PRFNUF', 'AV48YQ');
INSERT INTO `matrix_filling` (`placement_id`, `downline_id`, `level`, `matrix`) VALUES ('admin', 'PRFNUF', 65, 1);
INSERT INTO `package_purchase_history` (`user_id`, `package_id`, `reg_fee`, `package_name`, `monthly_fee`, `type`, `date`, `payment_option`) VALUES ('PRFNUF', '2', '595', 'Traveler Pro', '150', 'sign_up', '2024-09-26 09:26:19', 'free');
UPDATE `user_registration` SET `popup_seen` = 'yes'
WHERE `user_id` = 'HI62BI';
UPDATE `user_registration` SET `uid` = '2570', `user_id` = 'I3P7MA', `username` = 'aurora7', `sponsor_id` = '1FFFBU', `vacant` = 'no', `f_name` = 'Aurura', `l_name` = 'Capo', `address` = '8100 sw 14 terr', `position` = 'left', `email` = 'aurora7@gmai.com', `password` = '5ec0b6355d9a5fdb2996c5b9950cc1c6', `phone` = '7862876762', `country` = 'United States', `state` = 'Florida', `city` = 'Miami', `street` = '8100 sw 14 terr', `zip_code` = '33144', `reg_ip` = '172.70.254.165', `status` = 1, `package_id` = '2', `rank_id` = 1, `highest_rank` = 1, `created` = '2024-09-26 09:27:19', `subscription_date` = '2024-10-26', `google_secret` = 'JJRAXFR5MVWDBCYJ'
WHERE `uid` = '2570';
INSERT INTO `user_registration` (`uid`, `user_id`, `username`, `sponsor_id`, `placement_id`, `vacant`, `f_name`, `l_name`, `address`, `position`, `email`, `password`, `phone`, `reg_ip`, `status`, `created`) VALUES (NULL, 'DSVSQV', 'pLhCTcnX', 'I3P7MA', 'I3P7MA', 'yes', '', '', '', 'left', '@mail.com', '', '', '', 0, '2024-09-26 09:27:19');
INSERT INTO `user_registration` (`uid`, `user_id`, `username`, `sponsor_id`, `placement_id`, `vacant`, `f_name`, `l_name`, `address`, `position`, `email`, `password`, `phone`, `reg_ip`, `status`, `created`) VALUES (NULL, 'JPHODT', 'TPRsyIzw', 'I3P7MA', 'I3P7MA', 'yes', '', '', '', 'right', '@mail.com', '', '', '', 0, '2024-09-26 09:27:19');
INSERT INTO `bv_updation` (`user_id`) VALUES ('I3P7MA');
UPDATE `user_registration` SET total_ref_count = total_ref_count+1
WHERE `user_id` = '1FFFBU';
UPDATE `user_registration` SET total_downlines = total_downlines+1
WHERE `user_id` = '5YBOHR';
UPDATE `user_registration` SET left_downlines = left_downlines+1
WHERE `user_id` = '5YBOHR';
UPDATE `user_registration` SET total_downlines = total_downlines+1
WHERE `user_id` = 'N2BTW5';
UPDATE `user_registration` SET left_downlines = left_downlines+1
WHERE `user_id` = 'N2BTW5';
UPDATE `user_registration` SET total_downlines = total_downlines+1
WHERE `user_id` = 'E98RLW';
UPDATE `user_registration` SET left_downlines = left_downlines+1
WHERE `user_id` = 'E98RLW';
UPDATE `user_registration` SET total_downlines = total_downlines+1
WHERE `user_id` = 'Y5UHMF';
UPDATE `user_registration` SET left_downlines = left_downlines+1
WHERE `user_id` = 'Y5UHMF';
UPDATE `user_registration` SET total_downlines = total_downlines+1
WHERE `user_id` = '6LMTFA';
UPDATE `user_registration` SET left_downlines = left_downlines+1
WHERE `user_id` = '6LMTFA';
UPDATE `user_registration` SET total_downlines = total_downlines+1
WHERE `user_id` = 'B9GZJZ';
UPDATE `user_registration` SET left_downlines = left_downlines+1
WHERE `user_id` = 'B9GZJZ';
UPDATE `user_registration` SET total_downlines = total_downlines+1
WHERE `user_id` = 'VTD8AZ';
UPDATE `user_registration` SET left_downlines = left_downlines+1
WHERE `user_id` = 'VTD8AZ';
UPDATE `user_registration` SET total_downlines = total_downlines+1
WHERE `user_id` = '3UB84P';
UPDATE `user_registration` SET left_downlines = left_downlines+1
WHERE `user_id` = '3UB84P';
UPDATE `user_registration` SET total_downlines = total_downlines+1
WHERE `user_id` = 'MFMD6M';
UPDATE `user_registration` SET left_downlines = left_downlines+1
WHERE `user_id` = 'MFMD6M';
UPDATE `user_registration` SET total_downlines = total_downlines+1
WHERE `user_id` = '97QHYG';
UPDATE `user_registration` SET left_downlines = left_downlines+1
WHERE `user_id` = '97QHYG';
UPDATE `user_registration` SET total_downlines = total_downlines+1
WHERE `user_id` = 'IW5GAU';
UPDATE `user_registration` SET left_downlines = left_downlines+1
WHERE `user_id` = 'IW5GAU';
UPDATE `user_registration` SET total_downlines = total_downlines+1
WHERE `user_id` = 'JQ3FLF';
UPDATE `user_registration` SET left_downlines = left_downlines+1
WHERE `user_id` = 'JQ3FLF';
UPDATE `user_registration` SET total_downlines = total_downlines+1
WHERE `user_id` = 'C3N32U';
UPDATE `user_registration` SET left_downlines = left_downlines+1
WHERE `user_id` = 'C3N32U';
UPDATE `user_registration` SET total_downlines = total_downlines+1
WHERE `user_id` = 'MNLXPP';
UPDATE `user_registration` SET left_downlines = left_downlines+1
WHERE `user_id` = 'MNLXPP';
UPDATE `user_registration` SET total_downlines = total_downlines+1
WHERE `user_id` = 'NUPA4K';
UPDATE `user_registration` SET left_downlines = left_downlines+1
WHERE `user_id` = 'NUPA4K';
UPDATE `user_registration` SET total_downlines = total_downlines+1
WHERE `user_id` = '1FFFBU';
UPDATE `user_registration` SET left_downlines = left_downlines+1
WHERE `user_id` = '1FFFBU';
UPDATE `user_registration` SET left_ref_count = left_ref_count+1
WHERE `user_id` = '1FFFBU';
UPDATE `user_registration` SET active_left = active_left+1
WHERE `user_id` = '1FFFBU';
UPDATE `user_registration` SET total_downlines = total_downlines+1
WHERE `user_id` = 'J4CGUT';
UPDATE `user_registration` SET left_downlines = left_downlines+1
WHERE `user_id` = 'J4CGUT';
UPDATE `user_registration` SET total_downlines = total_downlines+1
WHERE `user_id` = 'S1RTX3';
UPDATE `user_registration` SET left_downlines = left_downlines+1
WHERE `user_id` = 'S1RTX3';
UPDATE `user_registration` SET total_downlines = total_downlines+1
WHERE `user_id` = 'I8YWQA';
UPDATE `user_registration` SET left_downlines = left_downlines+1
WHERE `user_id` = 'I8YWQA';
UPDATE `user_registration` SET total_downlines = total_downlines+1
WHERE `user_id` = 'I3MZBU';
UPDATE `user_registration` SET left_downlines = left_downlines+1
WHERE `user_id` = 'I3MZBU';
UPDATE `user_registration` SET total_downlines = total_downlines+1
WHERE `user_id` = 'H2I33O';
UPDATE `user_registration` SET left_downlines = left_downlines+1
WHERE `user_id` = 'H2I33O';
UPDATE `user_registration` SET total_downlines = total_downlines+1
WHERE `user_id` = 'AL7XWH';
UPDATE `user_registration` SET left_downlines = left_downlines+1
WHERE `user_id` = 'AL7XWH';
UPDATE `user_registration` SET total_downlines = total_downlines+1
WHERE `user_id` = 'HFZ9SA';
UPDATE `user_registration` SET left_downlines = left_downlines+1
WHERE `user_id` = 'HFZ9SA';
UPDATE `user_registration` SET total_downlines = total_downlines+1
WHERE `user_id` = 'A2MTZ3';
UPDATE `user_registration` SET left_downlines = left_downlines+1
WHERE `user_id` = 'A2MTZ3';
UPDATE `user_registration` SET total_downlines = total_downlines+1
WHERE `user_id` = 'RUEKCW';
UPDATE `user_registration` SET left_downlines = left_downlines+1
WHERE `user_id` = 'RUEKCW';
UPDATE `user_registration` SET total_downlines = total_downlines+1
WHERE `user_id` = 'K3GTG4';
UPDATE `user_registration` SET left_downlines = left_downlines+1
WHERE `user_id` = 'K3GTG4';
UPDATE `user_registration` SET total_downlines = total_downlines+1
WHERE `user_id` = 'I1TUBN';
UPDATE `user_registration` SET left_downlines = left_downlines+1
WHERE `user_id` = 'I1TUBN';
UPDATE `user_registration` SET total_downlines = total_downlines+1
WHERE `user_id` = 'BAUCCU';
UPDATE `user_registration` SET left_downlines = left_downlines+1
WHERE `user_id` = 'BAUCCU';
UPDATE `user_registration` SET total_downlines = total_downlines+1
WHERE `user_id` = '62QO97';
UPDATE `user_registration` SET left_downlines = left_downlines+1
WHERE `user_id` = '62QO97';
UPDATE `user_registration` SET total_downlines = total_downlines+1
WHERE `user_id` = 'OHLQEO';
UPDATE `user_registration` SET left_downlines = left_downlines+1
WHERE `user_id` = 'OHLQEO';
UPDATE `user_registration` SET total_downlines = total_downlines+1
WHERE `user_id` = '7APFKG';
UPDATE `user_registration` SET left_downlines = left_downlines+1
WHERE `user_id` = '7APFKG';
UPDATE `user_registration` SET total_downlines = total_downlines+1
WHERE `user_id` = 'Q2Q92Y';
UPDATE `user_registration` SET left_downlines = left_downlines+1
WHERE `user_id` = 'Q2Q92Y';
UPDATE `user_registration` SET total_downlines = total_downlines+1
WHERE `user_id` = 'E9ITRC';
UPDATE `user_registration` SET left_downlines = left_downlines+1
WHERE `user_id` = 'E9ITRC';
UPDATE `user_registration` SET total_downlines = total_downlines+1
WHERE `user_id` = '7COKBB';
UPDATE `user_registration` SET left_downlines = left_downlines+1
WHERE `user_id` = '7COKBB';
UPDATE `user_registration` SET total_downlines = total_downlines+1
WHERE `user_id` = 'BDNS17';
UPDATE `user_registration` SET left_downlines = left_downlines+1
WHERE `user_id` = 'BDNS17';
UPDATE `user_registration` SET total_downlines = total_downlines+1
WHERE `user_id` = '7ZXRRE';
UPDATE `user_registration` SET left_downlines = left_downlines+1
WHERE `user_id` = '7ZXRRE';
UPDATE `user_registration` SET total_downlines = total_downlines+1
WHERE `user_id` = 'KLRAF5';
UPDATE `user_registration` SET left_downlines = left_downlines+1
WHERE `user_id` = 'KLRAF5';
UPDATE `user_registration` SET total_downlines = total_downlines+1
WHERE `user_id` = 'IFJHZG';
UPDATE `user_registration` SET left_downlines = left_downlines+1
WHERE `user_id` = 'IFJHZG';
UPDATE `user_registration` SET total_downlines = total_downlines+1
WHERE `user_id` = 'MXUV8Q';
UPDATE `user_registration` SET left_downlines = left_downlines+1
WHERE `user_id` = 'MXUV8Q';
UPDATE `user_registration` SET total_downlines = total_downlines+1
WHERE `user_id` = 'GGM164';
UPDATE `user_registration` SET left_downlines = left_downlines+1
WHERE `user_id` = 'GGM164';
UPDATE `user_registration` SET total_downlines = total_downlines+1
WHERE `user_id` = '3NKIEX';
UPDATE `user_registration` SET left_downlines = left_downlines+1
WHERE `user_id` = '3NKIEX';
UPDATE `user_registration` SET total_downlines = total_downlines+1
WHERE `user_id` = 'S56TH3';
UPDATE `user_registration` SET left_downlines = left_downlines+1
WHERE `user_id` = 'S56TH3';
UPDATE `user_registration` SET total_downlines = total_downlines+1
WHERE `user_id` = 'XYG89U';
UPDATE `user_registration` SET left_downlines = left_downlines+1
WHERE `user_id` = 'XYG89U';
UPDATE `user_registration` SET total_downlines = total_downlines+1
WHERE `user_id` = 'HTFY93';
UPDATE `user_registration` SET left_downlines = left_downlines+1
WHERE `user_id` = 'HTFY93';
UPDATE `user_registration` SET total_downlines = total_downlines+1
WHERE `user_id` = '3PR393';
UPDATE `user_registration` SET left_downlines = left_downlines+1
WHERE `user_id` = '3PR393';
UPDATE `user_registration` SET total_downlines = total_downlines+1
WHERE `user_id` = 'T3MRY1';
UPDATE `user_registration` SET left_downlines = left_downlines+1
WHERE `user_id` = 'T3MRY1';
UPDATE `user_registration` SET total_downlines = total_downlines+1
WHERE `user_id` = 'GTMCCK';
UPDATE `user_registration` SET left_downlines = left_downlines+1
WHERE `user_id` = 'GTMCCK';
UPDATE `user_registration` SET total_downlines = total_downlines+1
WHERE `user_id` = 'DLYMIF';
UPDATE `user_registration` SET left_downlines = left_downlines+1
WHERE `user_id` = 'DLYMIF';
UPDATE `user_registration` SET total_downlines = total_downlines+1
WHERE `user_id` = 'WGJ5KE';
UPDATE `user_registration` SET left_downlines = left_downlines+1
WHERE `user_id` = 'WGJ5KE';
UPDATE `user_registration` SET total_downlines = total_downlines+1
WHERE `user_id` = 'ORRJ3M';
UPDATE `user_registration` SET left_downlines = left_downlines+1
WHERE `user_id` = 'ORRJ3M';
UPDATE `user_registration` SET total_downlines = total_downlines+1
WHERE `user_id` = 'AA8V6V';
UPDATE `user_registration` SET left_downlines = left_downlines+1
WHERE `user_id` = 'AA8V6V';
UPDATE `user_registration` SET total_downlines = total_downlines+1
WHERE `user_id` = '61ME4O';
UPDATE `user_registration` SET left_downlines = left_downlines+1
WHERE `user_id` = '61ME4O';
UPDATE `user_registration` SET total_downlines = total_downlines+1
WHERE `user_id` = 'WS1SZZ';
UPDATE `user_registration` SET left_downlines = left_downlines+1
WHERE `user_id` = 'WS1SZZ';
UPDATE `user_registration` SET total_downlines = total_downlines+1
WHERE `user_id` = 'TBN4MZ';
UPDATE `user_registration` SET left_downlines = left_downlines+1
WHERE `user_id` = 'TBN4MZ';
UPDATE `user_registration` SET total_downlines = total_downlines+1
WHERE `user_id` = 'OEMJ8R';
UPDATE `user_registration` SET left_downlines = left_downlines+1
WHERE `user_id` = 'OEMJ8R';
UPDATE `user_registration` SET total_downlines = total_downlines+1
WHERE `user_id` = 'FXAYIE';
UPDATE `user_registration` SET left_downlines = left_downlines+1
WHERE `user_id` = 'FXAYIE';
UPDATE `user_registration` SET total_downlines = total_downlines+1
WHERE `user_id` = 'ELXZWC';
UPDATE `user_registration` SET left_downlines = left_downlines+1
WHERE `user_id` = 'ELXZWC';
UPDATE `user_registration` SET total_downlines = total_downlines+1
WHERE `user_id` = 'C1TQVI';
UPDATE `user_registration` SET left_downlines = left_downlines+1
WHERE `user_id` = 'C1TQVI';
UPDATE `user_registration` SET total_downlines = total_downlines+1
WHERE `user_id` = 'F5GPDF';
UPDATE `user_registration` SET left_downlines = left_downlines+1
WHERE `user_id` = 'F5GPDF';
UPDATE `user_registration` SET total_downlines = total_downlines+1
WHERE `user_id` = '91PYDK';
UPDATE `user_registration` SET left_downlines = left_downlines+1
WHERE `user_id` = '91PYDK';
UPDATE `user_registration` SET total_downlines = total_downlines+1
WHERE `user_id` = '4OT7RX';
UPDATE `user_registration` SET left_downlines = left_downlines+1
WHERE `user_id` = '4OT7RX';
UPDATE `user_registration` SET total_downlines = total_downlines+1
WHERE `user_id` = 'ZJZA3M';
UPDATE `user_registration` SET left_downlines = left_downlines+1
WHERE `user_id` = 'ZJZA3M';
UPDATE `user_registration` SET total_downlines = total_downlines+1
WHERE `user_id` = 'XN6ETC';
UPDATE `user_registration` SET left_downlines = left_downlines+1
WHERE `user_id` = 'XN6ETC';
UPDATE `user_registration` SET total_downlines = total_downlines+1
WHERE `user_id` = 'KVQN1O';
UPDATE `user_registration` SET left_downlines = left_downlines+1
WHERE `user_id` = 'KVQN1O';
UPDATE `user_registration` SET total_downlines = total_downlines+1
WHERE `user_id` = 'X3V7DJ';
UPDATE `user_registration` SET left_downlines = left_downlines+1
WHERE `user_id` = 'X3V7DJ';
UPDATE `user_registration` SET total_downlines = total_downlines+1
WHERE `user_id` = 'DJ77NH';
UPDATE `user_registration` SET left_downlines = left_downlines+1
WHERE `user_id` = 'DJ77NH';
UPDATE `user_registration` SET total_downlines = total_downlines+1
WHERE `user_id` = 'PX7XCL';
UPDATE `user_registration` SET left_downlines = left_downlines+1
WHERE `user_id` = 'PX7XCL';
UPDATE `user_registration` SET total_downlines = total_downlines+1
WHERE `user_id` = 'L8PM4Z';
UPDATE `user_registration` SET left_downlines = left_downlines+1
WHERE `user_id` = 'L8PM4Z';
UPDATE `user_registration` SET total_downlines = total_downlines+1
WHERE `user_id` = 'GBSIER';
UPDATE `user_registration` SET left_downlines = left_downlines+1
WHERE `user_id` = 'GBSIER';
UPDATE `user_registration` SET total_downlines = total_downlines+1
WHERE `user_id` = 'AV48YQ';
UPDATE `user_registration` SET left_downlines = left_downlines+1
WHERE `user_id` = 'AV48YQ';
UPDATE `user_registration` SET total_downlines = total_downlines+1
WHERE `user_id` = 'admin';
UPDATE `user_registration` SET left_downlines = left_downlines+1
WHERE `user_id` = 'admin';
INSERT INTO `investment` (`invest_date`, `user_id`, `type`, `amount`, `package_id`) VALUES ('2024-09-26 09:27:19', 'I3P7MA', 'register', '595', '2');
INSERT INTO `earnings` (`user_id`, `Purchaser_id`, `earning_type`, `package_id`, `amount`, `date`, `comments`, `invest_amount`, `comm_perc`, `level`, `rank_id`, `order_id`) VALUES ('1FFFBU', 'I3P7MA', 'Direct Referral Bonus', '2', '100', '2024-09-26 09:27:19', 'Direct Referral Bonus', 0, 0, 1, '', 129);
UPDATE `user_registration` SET commission_balance = ROUND(commission_balance + 100,2)
WHERE `user_id` = '1FFFBU';
INSERT INTO `earnings` (`user_id`, `Purchaser_id`, `earning_type`, `package_id`, `amount`, `date`, `comments`, `invest_amount`, `comm_perc`, `level`, `rank_id`, `order_id`) VALUES ('S56TH3', 'I3P7MA', 'Expansion Bonus', '2', 100, '2024-09-26 09:27:19', 'Expansion Bonus', '100', 0, 1, '', 129);
UPDATE `user_registration` SET commission_balance = ROUND(commission_balance + 100,2)
WHERE `user_id` = 'S56TH3';
INSERT INTO `earnings` (`user_id`, `Purchaser_id`, `earning_type`, `package_id`, `amount`, `date`, `comments`, `invest_amount`, `comm_perc`, `level`, `rank_id`, `order_id`) VALUES ('admin', 'I3P7MA', 'Expansion Bonus', '2', 100, '2024-09-26 09:27:19', 'Expansion Bonus', 200, 0, 1, '', 129);
UPDATE `user_registration` SET commission_balance = ROUND(commission_balance + 100,2)
WHERE `user_id` = 'admin';
INSERT INTO `matrix_filling` (`placement_id`, `downline_id`, `level`, `matrix`) VALUES ('5YBOHR', 'I3P7MA', 1, 1);
UPDATE `bv_updation` SET left_carry = left_carry+50, total_left = total_left+50
WHERE `user_id` = '5YBOHR';
INSERT INTO `placement_bv_update_history` (`left_carry`, `date`, `from_id`, `user_id`) VALUES ('50', '2024-09-26 09:27:19', 'I3P7MA', '5YBOHR');
INSERT INTO `matrix_filling` (`placement_id`, `downline_id`, `level`, `matrix`) VALUES ('N2BTW5', 'I3P7MA', 2, 1);
UPDATE `bv_updation` SET left_carry = left_carry+50, total_left = total_left+50
WHERE `user_id` = 'N2BTW5';
INSERT INTO `placement_bv_update_history` (`left_carry`, `date`, `from_id`, `user_id`) VALUES ('50', '2024-09-26 09:27:19', 'I3P7MA', 'N2BTW5');
INSERT INTO `matrix_filling` (`placement_id`, `downline_id`, `level`, `matrix`) VALUES ('E98RLW', 'I3P7MA', 3, 1);
UPDATE `bv_updation` SET left_carry = left_carry+50, total_left = total_left+50
WHERE `user_id` = 'E98RLW';
INSERT INTO `placement_bv_update_history` (`left_carry`, `date`, `from_id`, `user_id`) VALUES ('50', '2024-09-26 09:27:19', 'I3P7MA', 'E98RLW');
INSERT INTO `matrix_filling` (`placement_id`, `downline_id`, `level`, `matrix`) VALUES ('Y5UHMF', 'I3P7MA', 4, 1);
UPDATE `bv_updation` SET left_carry = left_carry+50, total_left = total_left+50
WHERE `user_id` = 'Y5UHMF';
INSERT INTO `placement_bv_update_history` (`left_carry`, `date`, `from_id`, `user_id`) VALUES ('50', '2024-09-26 09:27:19', 'I3P7MA', 'Y5UHMF');
INSERT INTO `matrix_filling` (`placement_id`, `downline_id`, `level`, `matrix`) VALUES ('6LMTFA', 'I3P7MA', 5, 1);
UPDATE `bv_updation` SET left_carry = left_carry+50, total_left = total_left+50
WHERE `user_id` = '6LMTFA';
INSERT INTO `placement_bv_update_history` (`left_carry`, `date`, `from_id`, `user_id`) VALUES ('50', '2024-09-26 09:27:19', 'I3P7MA', '6LMTFA');
INSERT INTO `matrix_filling` (`placement_id`, `downline_id`, `level`, `matrix`) VALUES ('B9GZJZ', 'I3P7MA', 6, 1);
UPDATE `bv_updation` SET left_carry = left_carry+50, total_left = total_left+50
WHERE `user_id` = 'B9GZJZ';
INSERT INTO `placement_bv_update_history` (`left_carry`, `date`, `from_id`, `user_id`) VALUES ('50', '2024-09-26 09:27:19', 'I3P7MA', 'B9GZJZ');
INSERT INTO `matrix_filling` (`placement_id`, `downline_id`, `level`, `matrix`) VALUES ('VTD8AZ', 'I3P7MA', 7, 1);
UPDATE `bv_updation` SET left_carry = left_carry+50, total_left = total_left+50
WHERE `user_id` = 'VTD8AZ';
INSERT INTO `placement_bv_update_history` (`left_carry`, `date`, `from_id`, `user_id`) VALUES ('50', '2024-09-26 09:27:19', 'I3P7MA', 'VTD8AZ');
INSERT INTO `matrix_filling` (`placement_id`, `downline_id`, `level`, `matrix`) VALUES ('3UB84P', 'I3P7MA', 8, 1);
UPDATE `bv_updation` SET left_carry = left_carry+50, total_left = total_left+50
WHERE `user_id` = '3UB84P';
INSERT INTO `placement_bv_update_history` (`left_carry`, `date`, `from_id`, `user_id`) VALUES ('50', '2024-09-26 09:27:19', 'I3P7MA', '3UB84P');
INSERT INTO `matrix_filling` (`placement_id`, `downline_id`, `level`, `matrix`) VALUES ('MFMD6M', 'I3P7MA', 9, 1);
UPDATE `bv_updation` SET left_carry = left_carry+50, total_left = total_left+50
WHERE `user_id` = 'MFMD6M';
INSERT INTO `placement_bv_update_history` (`left_carry`, `date`, `from_id`, `user_id`) VALUES ('50', '2024-09-26 09:27:19', 'I3P7MA', 'MFMD6M');
INSERT INTO `matrix_filling` (`placement_id`, `downline_id`, `level`, `matrix`) VALUES ('97QHYG', 'I3P7MA', 10, 1);
UPDATE `bv_updation` SET left_carry = left_carry+50, total_left = total_left+50
WHERE `user_id` = '97QHYG';
INSERT INTO `placement_bv_update_history` (`left_carry`, `date`, `from_id`, `user_id`) VALUES ('50', '2024-09-26 09:27:19', 'I3P7MA', '97QHYG');
INSERT INTO `matrix_filling` (`placement_id`, `downline_id`, `level`, `matrix`) VALUES ('IW5GAU', 'I3P7MA', 11, 1);
UPDATE `bv_updation` SET left_carry = left_carry+50, total_left = total_left+50
WHERE `user_id` = 'IW5GAU';
INSERT INTO `placement_bv_update_history` (`left_carry`, `date`, `from_id`, `user_id`) VALUES ('50', '2024-09-26 09:27:19', 'I3P7MA', 'IW5GAU');
INSERT INTO `matrix_filling` (`placement_id`, `downline_id`, `level`, `matrix`) VALUES ('JQ3FLF', 'I3P7MA', 12, 1);
UPDATE `bv_updation` SET left_carry = left_carry+50, total_left = total_left+50
WHERE `user_id` = 'JQ3FLF';
INSERT INTO `placement_bv_update_history` (`left_carry`, `date`, `from_id`, `user_id`) VALUES ('50', '2024-09-26 09:27:19', 'I3P7MA', 'JQ3FLF');
INSERT INTO `matrix_filling` (`placement_id`, `downline_id`, `level`, `matrix`) VALUES ('C3N32U', 'I3P7MA', 13, 1);
UPDATE `bv_updation` SET left_carry = left_carry+50, total_left = total_left+50
WHERE `user_id` = 'C3N32U';
INSERT INTO `placement_bv_update_history` (`left_carry`, `date`, `from_id`, `user_id`) VALUES ('50', '2024-09-26 09:27:19', 'I3P7MA', 'C3N32U');
INSERT INTO `matrix_filling` (`placement_id`, `downline_id`, `level`, `matrix`) VALUES ('MNLXPP', 'I3P7MA', 14, 1);
UPDATE `bv_updation` SET left_carry = left_carry+50, total_left = total_left+50
WHERE `user_id` = 'MNLXPP';
INSERT INTO `placement_bv_update_history` (`left_carry`, `date`, `from_id`, `user_id`) VALUES ('50', '2024-09-26 09:27:19', 'I3P7MA', 'MNLXPP');
INSERT INTO `matrix_filling` (`placement_id`, `downline_id`, `level`, `matrix`) VALUES ('NUPA4K', 'I3P7MA', 15, 1);
UPDATE `bv_updation` SET left_carry = left_carry+50, total_left = total_left+50
WHERE `user_id` = 'NUPA4K';
INSERT INTO `placement_bv_update_history` (`left_carry`, `date`, `from_id`, `user_id`) VALUES ('50', '2024-09-26 09:27:19', 'I3P7MA', 'NUPA4K');
INSERT INTO `matrix_filling` (`placement_id`, `downline_id`, `level`, `matrix`) VALUES ('1FFFBU', 'I3P7MA', 16, 1);
UPDATE `bv_updation` SET left_carry = left_carry+50, total_left = total_left+50
WHERE `user_id` = '1FFFBU';
INSERT INTO `placement_bv_update_history` (`left_carry`, `date`, `from_id`, `user_id`) VALUES ('50', '2024-09-26 09:27:19', 'I3P7MA', '1FFFBU');
UPDATE `bv_updation` SET sponsor_left_carry = sponsor_left_carry+50, sponsor_total_left = sponsor_total_left+50
WHERE `user_id` = '1FFFBU';
INSERT INTO `sponsor_bv_update_history` (`left_carry`, `date`, `user_id`) VALUES ('50', '2024-09-26 09:27:19', '1FFFBU');
INSERT INTO `matrix_filling` (`placement_id`, `downline_id`, `level`, `matrix`) VALUES ('J4CGUT', 'I3P7MA', 17, 1);
UPDATE `bv_updation` SET left_carry = left_carry+50, total_left = total_left+50
WHERE `user_id` = 'J4CGUT';
INSERT INTO `placement_bv_update_history` (`left_carry`, `date`, `from_id`, `user_id`) VALUES ('50', '2024-09-26 09:27:19', 'I3P7MA', 'J4CGUT');
INSERT INTO `matrix_filling` (`placement_id`, `downline_id`, `level`, `matrix`) VALUES ('S1RTX3', 'I3P7MA', 18, 1);
UPDATE `bv_updation` SET left_carry = left_carry+50, total_left = total_left+50
WHERE `user_id` = 'S1RTX3';
INSERT INTO `placement_bv_update_history` (`left_carry`, `date`, `from_id`, `user_id`) VALUES ('50', '2024-09-26 09:27:19', 'I3P7MA', 'S1RTX3');
INSERT INTO `matrix_filling` (`placement_id`, `downline_id`, `level`, `matrix`) VALUES ('I8YWQA', 'I3P7MA', 19, 1);
UPDATE `bv_updation` SET left_carry = left_carry+50, total_left = total_left+50
WHERE `user_id` = 'I8YWQA';
INSERT INTO `placement_bv_update_history` (`left_carry`, `date`, `from_id`, `user_id`) VALUES ('50', '2024-09-26 09:27:19', 'I3P7MA', 'I8YWQA');
INSERT INTO `matrix_filling` (`placement_id`, `downline_id`, `level`, `matrix`) VALUES ('I3MZBU', 'I3P7MA', 20, 1);
UPDATE `bv_updation` SET left_carry = left_carry+50, total_left = total_left+50
WHERE `user_id` = 'I3MZBU';
INSERT INTO `placement_bv_update_history` (`left_carry`, `date`, `from_id`, `user_id`) VALUES ('50', '2024-09-26 09:27:19', 'I3P7MA', 'I3MZBU');
INSERT INTO `matrix_filling` (`placement_id`, `downline_id`, `level`, `matrix`) VALUES ('H2I33O', 'I3P7MA', 21, 1);
UPDATE `bv_updation` SET left_carry = left_carry+50, total_left = total_left+50
WHERE `user_id` = 'H2I33O';
INSERT INTO `placement_bv_update_history` (`left_carry`, `date`, `from_id`, `user_id`) VALUES ('50', '2024-09-26 09:27:19', 'I3P7MA', 'H2I33O');
INSERT INTO `matrix_filling` (`placement_id`, `downline_id`, `level`, `matrix`) VALUES ('AL7XWH', 'I3P7MA', 22, 1);
UPDATE `bv_updation` SET left_carry = left_carry+50, total_left = total_left+50
WHERE `user_id` = 'AL7XWH';
INSERT INTO `placement_bv_update_history` (`left_carry`, `date`, `from_id`, `user_id`) VALUES ('50', '2024-09-26 09:27:19', 'I3P7MA', 'AL7XWH');
INSERT INTO `matrix_filling` (`placement_id`, `downline_id`, `level`, `matrix`) VALUES ('HFZ9SA', 'I3P7MA', 23, 1);
UPDATE `bv_updation` SET left_carry = left_carry+50, total_left = total_left+50
WHERE `user_id` = 'HFZ9SA';
INSERT INTO `placement_bv_update_history` (`left_carry`, `date`, `from_id`, `user_id`) VALUES ('50', '2024-09-26 09:27:19', 'I3P7MA', 'HFZ9SA');
INSERT INTO `matrix_filling` (`placement_id`, `downline_id`, `level`, `matrix`) VALUES ('A2MTZ3', 'I3P7MA', 24, 1);
UPDATE `bv_updation` SET left_carry = left_carry+50, total_left = total_left+50
WHERE `user_id` = 'A2MTZ3';
INSERT INTO `placement_bv_update_history` (`left_carry`, `date`, `from_id`, `user_id`) VALUES ('50', '2024-09-26 09:27:19', 'I3P7MA', 'A2MTZ3');
INSERT INTO `matrix_filling` (`placement_id`, `downline_id`, `level`, `matrix`) VALUES ('RUEKCW', 'I3P7MA', 25, 1);
UPDATE `bv_updation` SET left_carry = left_carry+50, total_left = total_left+50
WHERE `user_id` = 'RUEKCW';
INSERT INTO `placement_bv_update_history` (`left_carry`, `date`, `from_id`, `user_id`) VALUES ('50', '2024-09-26 09:27:19', 'I3P7MA', 'RUEKCW');
INSERT INTO `matrix_filling` (`placement_id`, `downline_id`, `level`, `matrix`) VALUES ('K3GTG4', 'I3P7MA', 26, 1);
UPDATE `bv_updation` SET left_carry = left_carry+50, total_left = total_left+50
WHERE `user_id` = 'K3GTG4';
INSERT INTO `placement_bv_update_history` (`left_carry`, `date`, `from_id`, `user_id`) VALUES ('50', '2024-09-26 09:27:19', 'I3P7MA', 'K3GTG4');
INSERT INTO `matrix_filling` (`placement_id`, `downline_id`, `level`, `matrix`) VALUES ('I1TUBN', 'I3P7MA', 27, 1);
UPDATE `bv_updation` SET left_carry = left_carry+50, total_left = total_left+50
WHERE `user_id` = 'I1TUBN';
INSERT INTO `placement_bv_update_history` (`left_carry`, `date`, `from_id`, `user_id`) VALUES ('50', '2024-09-26 09:27:19', 'I3P7MA', 'I1TUBN');
INSERT INTO `matrix_filling` (`placement_id`, `downline_id`, `level`, `matrix`) VALUES ('BAUCCU', 'I3P7MA', 28, 1);
UPDATE `bv_updation` SET left_carry = left_carry+50, total_left = total_left+50
WHERE `user_id` = 'BAUCCU';
INSERT INTO `placement_bv_update_history` (`left_carry`, `date`, `from_id`, `user_id`) VALUES ('50', '2024-09-26 09:27:19', 'I3P7MA', 'BAUCCU');
INSERT INTO `matrix_filling` (`placement_id`, `downline_id`, `level`, `matrix`) VALUES ('62QO97', 'I3P7MA', 29, 1);
UPDATE `bv_updation` SET left_carry = left_carry+50, total_left = total_left+50
WHERE `user_id` = '62QO97';
INSERT INTO `placement_bv_update_history` (`left_carry`, `date`, `from_id`, `user_id`) VALUES ('50', '2024-09-26 09:27:19', 'I3P7MA', '62QO97');
INSERT INTO `matrix_filling` (`placement_id`, `downline_id`, `level`, `matrix`) VALUES ('OHLQEO', 'I3P7MA', 30, 1);
UPDATE `bv_updation` SET left_carry = left_carry+50, total_left = total_left+50
WHERE `user_id` = 'OHLQEO';
INSERT INTO `placement_bv_update_history` (`left_carry`, `date`, `from_id`, `user_id`) VALUES ('50', '2024-09-26 09:27:19', 'I3P7MA', 'OHLQEO');
INSERT INTO `matrix_filling` (`placement_id`, `downline_id`, `level`, `matrix`) VALUES ('7APFKG', 'I3P7MA', 31, 1);
UPDATE `bv_updation` SET left_carry = left_carry+50, total_left = total_left+50
WHERE `user_id` = '7APFKG';
INSERT INTO `placement_bv_update_history` (`left_carry`, `date`, `from_id`, `user_id`) VALUES ('50', '2024-09-26 09:27:19', 'I3P7MA', '7APFKG');
INSERT INTO `matrix_filling` (`placement_id`, `downline_id`, `level`, `matrix`) VALUES ('Q2Q92Y', 'I3P7MA', 32, 1);
UPDATE `bv_updation` SET left_carry = left_carry+50, total_left = total_left+50
WHERE `user_id` = 'Q2Q92Y';
INSERT INTO `placement_bv_update_history` (`left_carry`, `date`, `from_id`, `user_id`) VALUES ('50', '2024-09-26 09:27:19', 'I3P7MA', 'Q2Q92Y');
INSERT INTO `matrix_filling` (`placement_id`, `downline_id`, `level`, `matrix`) VALUES ('E9ITRC', 'I3P7MA', 33, 1);
UPDATE `bv_updation` SET left_carry = left_carry+50, total_left = total_left+50
WHERE `user_id` = 'E9ITRC';
INSERT INTO `placement_bv_update_history` (`left_carry`, `date`, `from_id`, `user_id`) VALUES ('50', '2024-09-26 09:27:19', 'I3P7MA', 'E9ITRC');
INSERT INTO `matrix_filling` (`placement_id`, `downline_id`, `level`, `matrix`) VALUES ('7COKBB', 'I3P7MA', 34, 1);
UPDATE `bv_updation` SET left_carry = left_carry+50, total_left = total_left+50
WHERE `user_id` = '7COKBB';
INSERT INTO `placement_bv_update_history` (`left_carry`, `date`, `from_id`, `user_id`) VALUES ('50', '2024-09-26 09:27:19', 'I3P7MA', '7COKBB');
INSERT INTO `matrix_filling` (`placement_id`, `downline_id`, `level`, `matrix`) VALUES ('BDNS17', 'I3P7MA', 35, 1);
UPDATE `bv_updation` SET left_carry = left_carry+50, total_left = total_left+50
WHERE `user_id` = 'BDNS17';
INSERT INTO `placement_bv_update_history` (`left_carry`, `date`, `from_id`, `user_id`) VALUES ('50', '2024-09-26 09:27:19', 'I3P7MA', 'BDNS17');
INSERT INTO `matrix_filling` (`placement_id`, `downline_id`, `level`, `matrix`) VALUES ('7ZXRRE', 'I3P7MA', 36, 1);
UPDATE `bv_updation` SET left_carry = left_carry+50, total_left = total_left+50
WHERE `user_id` = '7ZXRRE';
INSERT INTO `placement_bv_update_history` (`left_carry`, `date`, `from_id`, `user_id`) VALUES ('50', '2024-09-26 09:27:19', 'I3P7MA', '7ZXRRE');
INSERT INTO `matrix_filling` (`placement_id`, `downline_id`, `level`, `matrix`) VALUES ('KLRAF5', 'I3P7MA', 37, 1);
UPDATE `bv_updation` SET left_carry = left_carry+50, total_left = total_left+50
WHERE `user_id` = 'KLRAF5';
INSERT INTO `placement_bv_update_history` (`left_carry`, `date`, `from_id`, `user_id`) VALUES ('50', '2024-09-26 09:27:19', 'I3P7MA', 'KLRAF5');
INSERT INTO `matrix_filling` (`placement_id`, `downline_id`, `level`, `matrix`) VALUES ('IFJHZG', 'I3P7MA', 38, 1);
UPDATE `bv_updation` SET left_carry = left_carry+50, total_left = total_left+50
WHERE `user_id` = 'IFJHZG';
INSERT INTO `placement_bv_update_history` (`left_carry`, `date`, `from_id`, `user_id`) VALUES ('50', '2024-09-26 09:27:19', 'I3P7MA', 'IFJHZG');
INSERT INTO `matrix_filling` (`placement_id`, `downline_id`, `level`, `matrix`) VALUES ('MXUV8Q', 'I3P7MA', 39, 1);
UPDATE `bv_updation` SET left_carry = left_carry+50, total_left = total_left+50
WHERE `user_id` = 'MXUV8Q';
INSERT INTO `placement_bv_update_history` (`left_carry`, `date`, `from_id`, `user_id`) VALUES ('50', '2024-09-26 09:27:19', 'I3P7MA', 'MXUV8Q');
INSERT INTO `matrix_filling` (`placement_id`, `downline_id`, `level`, `matrix`) VALUES ('GGM164', 'I3P7MA', 40, 1);
UPDATE `bv_updation` SET left_carry = left_carry+50, total_left = total_left+50
WHERE `user_id` = 'GGM164';
INSERT INTO `placement_bv_update_history` (`left_carry`, `date`, `from_id`, `user_id`) VALUES ('50', '2024-09-26 09:27:19', 'I3P7MA', 'GGM164');
INSERT INTO `matrix_filling` (`placement_id`, `downline_id`, `level`, `matrix`) VALUES ('3NKIEX', 'I3P7MA', 41, 1);
UPDATE `bv_updation` SET left_carry = left_carry+50, total_left = total_left+50
WHERE `user_id` = '3NKIEX';
INSERT INTO `placement_bv_update_history` (`left_carry`, `date`, `from_id`, `user_id`) VALUES ('50', '2024-09-26 09:27:19', 'I3P7MA', '3NKIEX');
INSERT INTO `matrix_filling` (`placement_id`, `downline_id`, `level`, `matrix`) VALUES ('S56TH3', 'I3P7MA', 42, 1);
UPDATE `bv_updation` SET left_carry = left_carry+50, total_left = total_left+50
WHERE `user_id` = 'S56TH3';
INSERT INTO `placement_bv_update_history` (`left_carry`, `date`, `from_id`, `user_id`) VALUES ('50', '2024-09-26 09:27:19', 'I3P7MA', 'S56TH3');
INSERT INTO `matrix_filling` (`placement_id`, `downline_id`, `level`, `matrix`) VALUES ('XYG89U', 'I3P7MA', 43, 1);
UPDATE `bv_updation` SET left_carry = left_carry+50, total_left = total_left+50
WHERE `user_id` = 'XYG89U';
INSERT INTO `placement_bv_update_history` (`left_carry`, `date`, `from_id`, `user_id`) VALUES ('50', '2024-09-26 09:27:19', 'I3P7MA', 'XYG89U');
INSERT INTO `matrix_filling` (`placement_id`, `downline_id`, `level`, `matrix`) VALUES ('HTFY93', 'I3P7MA', 44, 1);
UPDATE `bv_updation` SET left_carry = left_carry+50, total_left = total_left+50
WHERE `user_id` = 'HTFY93';
INSERT INTO `placement_bv_update_history` (`left_carry`, `date`, `from_id`, `user_id`) VALUES ('50', '2024-09-26 09:27:19', 'I3P7MA', 'HTFY93');
INSERT INTO `matrix_filling` (`placement_id`, `downline_id`, `level`, `matrix`) VALUES ('3PR393', 'I3P7MA', 45, 1);
UPDATE `bv_updation` SET left_carry = left_carry+50, total_left = total_left+50
WHERE `user_id` = '3PR393';
INSERT INTO `placement_bv_update_history` (`left_carry`, `date`, `from_id`, `user_id`) VALUES ('50', '2024-09-26 09:27:19', 'I3P7MA', '3PR393');
INSERT INTO `matrix_filling` (`placement_id`, `downline_id`, `level`, `matrix`) VALUES ('T3MRY1', 'I3P7MA', 46, 1);
UPDATE `bv_updation` SET left_carry = left_carry+50, total_left = total_left+50
WHERE `user_id` = 'T3MRY1';
INSERT INTO `placement_bv_update_history` (`left_carry`, `date`, `from_id`, `user_id`) VALUES ('50', '2024-09-26 09:27:19', 'I3P7MA', 'T3MRY1');
INSERT INTO `matrix_filling` (`placement_id`, `downline_id`, `level`, `matrix`) VALUES ('GTMCCK', 'I3P7MA', 47, 1);
UPDATE `bv_updation` SET left_carry = left_carry+50, total_left = total_left+50
WHERE `user_id` = 'GTMCCK';
INSERT INTO `placement_bv_update_history` (`left_carry`, `date`, `from_id`, `user_id`) VALUES ('50', '2024-09-26 09:27:19', 'I3P7MA', 'GTMCCK');
INSERT INTO `matrix_filling` (`placement_id`, `downline_id`, `level`, `matrix`) VALUES ('DLYMIF', 'I3P7MA', 48, 1);
UPDATE `bv_updation` SET left_carry = left_carry+50, total_left = total_left+50
WHERE `user_id` = 'DLYMIF';
INSERT INTO `placement_bv_update_history` (`left_carry`, `date`, `from_id`, `user_id`) VALUES ('50', '2024-09-26 09:27:19', 'I3P7MA', 'DLYMIF');
INSERT INTO `matrix_filling` (`placement_id`, `downline_id`, `level`, `matrix`) VALUES ('WGJ5KE', 'I3P7MA', 49, 1);
UPDATE `bv_updation` SET left_carry = left_carry+50, total_left = total_left+50
WHERE `user_id` = 'WGJ5KE';
INSERT INTO `placement_bv_update_history` (`left_carry`, `date`, `from_id`, `user_id`) VALUES ('50', '2024-09-26 09:27:19', 'I3P7MA', 'WGJ5KE');
INSERT INTO `matrix_filling` (`placement_id`, `downline_id`, `level`, `matrix`) VALUES ('ORRJ3M', 'I3P7MA', 50, 1);
UPDATE `bv_updation` SET left_carry = left_carry+50, total_left = total_left+50
WHERE `user_id` = 'ORRJ3M';
INSERT INTO `placement_bv_update_history` (`left_carry`, `date`, `from_id`, `user_id`) VALUES ('50', '2024-09-26 09:27:19', 'I3P7MA', 'ORRJ3M');
INSERT INTO `matrix_filling` (`placement_id`, `downline_id`, `level`, `matrix`) VALUES ('AA8V6V', 'I3P7MA', 51, 1);
UPDATE `bv_updation` SET left_carry = left_carry+50, total_left = total_left+50
WHERE `user_id` = 'AA8V6V';
INSERT INTO `placement_bv_update_history` (`left_carry`, `date`, `from_id`, `user_id`) VALUES ('50', '2024-09-26 09:27:19', 'I3P7MA', 'AA8V6V');
INSERT INTO `matrix_filling` (`placement_id`, `downline_id`, `level`, `matrix`) VALUES ('61ME4O', 'I3P7MA', 52, 1);
UPDATE `bv_updation` SET left_carry = left_carry+50, total_left = total_left+50
WHERE `user_id` = '61ME4O';
INSERT INTO `placement_bv_update_history` (`left_carry`, `date`, `from_id`, `user_id`) VALUES ('50', '2024-09-26 09:27:19', 'I3P7MA', '61ME4O');
INSERT INTO `matrix_filling` (`placement_id`, `downline_id`, `level`, `matrix`) VALUES ('WS1SZZ', 'I3P7MA', 53, 1);
UPDATE `bv_updation` SET left_carry = left_carry+50, total_left = total_left+50
WHERE `user_id` = 'WS1SZZ';
INSERT INTO `placement_bv_update_history` (`left_carry`, `date`, `from_id`, `user_id`) VALUES ('50', '2024-09-26 09:27:19', 'I3P7MA', 'WS1SZZ');
INSERT INTO `matrix_filling` (`placement_id`, `downline_id`, `level`, `matrix`) VALUES ('TBN4MZ', 'I3P7MA', 54, 1);
UPDATE `bv_updation` SET left_carry = left_carry+50, total_left = total_left+50
WHERE `user_id` = 'TBN4MZ';
INSERT INTO `placement_bv_update_history` (`left_carry`, `date`, `from_id`, `user_id`) VALUES ('50', '2024-09-26 09:27:19', 'I3P7MA', 'TBN4MZ');
INSERT INTO `matrix_filling` (`placement_id`, `downline_id`, `level`, `matrix`) VALUES ('OEMJ8R', 'I3P7MA', 55, 1);
UPDATE `bv_updation` SET left_carry = left_carry+50, total_left = total_left+50
WHERE `user_id` = 'OEMJ8R';
INSERT INTO `placement_bv_update_history` (`left_carry`, `date`, `from_id`, `user_id`) VALUES ('50', '2024-09-26 09:27:19', 'I3P7MA', 'OEMJ8R');
INSERT INTO `matrix_filling` (`placement_id`, `downline_id`, `level`, `matrix`) VALUES ('FXAYIE', 'I3P7MA', 56, 1);
UPDATE `bv_updation` SET left_carry = left_carry+50, total_left = total_left+50
WHERE `user_id` = 'FXAYIE';
INSERT INTO `placement_bv_update_history` (`left_carry`, `date`, `from_id`, `user_id`) VALUES ('50', '2024-09-26 09:27:19', 'I3P7MA', 'FXAYIE');
INSERT INTO `matrix_filling` (`placement_id`, `downline_id`, `level`, `matrix`) VALUES ('ELXZWC', 'I3P7MA', 57, 1);
UPDATE `bv_updation` SET left_carry = left_carry+50, total_left = total_left+50
WHERE `user_id` = 'ELXZWC';
INSERT INTO `placement_bv_update_history` (`left_carry`, `date`, `from_id`, `user_id`) VALUES ('50', '2024-09-26 09:27:19', 'I3P7MA', 'ELXZWC');
INSERT INTO `matrix_filling` (`placement_id`, `downline_id`, `level`, `matrix`) VALUES ('C1TQVI', 'I3P7MA', 58, 1);
UPDATE `bv_updation` SET left_carry = left_carry+50, total_left = total_left+50
WHERE `user_id` = 'C1TQVI';
INSERT INTO `placement_bv_update_history` (`left_carry`, `date`, `from_id`, `user_id`) VALUES ('50', '2024-09-26 09:27:19', 'I3P7MA', 'C1TQVI');
INSERT INTO `matrix_filling` (`placement_id`, `downline_id`, `level`, `matrix`) VALUES ('F5GPDF', 'I3P7MA', 59, 1);
UPDATE `bv_updation` SET left_carry = left_carry+50, total_left = total_left+50
WHERE `user_id` = 'F5GPDF';
INSERT INTO `placement_bv_update_history` (`left_carry`, `date`, `from_id`, `user_id`) VALUES ('50', '2024-09-26 09:27:19', 'I3P7MA', 'F5GPDF');
INSERT INTO `matrix_filling` (`placement_id`, `downline_id`, `level`, `matrix`) VALUES ('91PYDK', 'I3P7MA', 60, 1);
UPDATE `bv_updation` SET left_carry = left_carry+50, total_left = total_left+50
WHERE `user_id` = '91PYDK';
INSERT INTO `placement_bv_update_history` (`left_carry`, `date`, `from_id`, `user_id`) VALUES ('50', '2024-09-26 09:27:19', 'I3P7MA', '91PYDK');
INSERT INTO `matrix_filling` (`placement_id`, `downline_id`, `level`, `matrix`) VALUES ('4OT7RX', 'I3P7MA', 61, 1);
UPDATE `bv_updation` SET left_carry = left_carry+50, total_left = total_left+50
WHERE `user_id` = '4OT7RX';
INSERT INTO `placement_bv_update_history` (`left_carry`, `date`, `from_id`, `user_id`) VALUES ('50', '2024-09-26 09:27:19', 'I3P7MA', '4OT7RX');
INSERT INTO `matrix_filling` (`placement_id`, `downline_id`, `level`, `matrix`) VALUES ('ZJZA3M', 'I3P7MA', 62, 1);
UPDATE `bv_updation` SET left_carry = left_carry+50, total_left = total_left+50
WHERE `user_id` = 'ZJZA3M';
INSERT INTO `placement_bv_update_history` (`left_carry`, `date`, `from_id`, `user_id`) VALUES ('50', '2024-09-26 09:27:19', 'I3P7MA', 'ZJZA3M');
INSERT INTO `matrix_filling` (`placement_id`, `downline_id`, `level`, `matrix`) VALUES ('XN6ETC', 'I3P7MA', 63, 1);
UPDATE `bv_updation` SET left_carry = left_carry+50, total_left = total_left+50
WHERE `user_id` = 'XN6ETC';
INSERT INTO `placement_bv_update_history` (`left_carry`, `date`, `from_id`, `user_id`) VALUES ('50', '2024-09-26 09:27:19', 'I3P7MA', 'XN6ETC');
INSERT INTO `matrix_filling` (`placement_id`, `downline_id`, `level`, `matrix`) VALUES ('KVQN1O', 'I3P7MA', 64, 1);
UPDATE `bv_updation` SET left_carry = left_carry+50, total_left = total_left+50
WHERE `user_id` = 'KVQN1O';
INSERT INTO `placement_bv_update_history` (`left_carry`, `date`, `from_id`, `user_id`) VALUES ('50', '2024-09-26 09:27:19', 'I3P7MA', 'KVQN1O');
INSERT INTO `matrix_filling` (`placement_id`, `downline_id`, `level`, `matrix`) VALUES ('X3V7DJ', 'I3P7MA', 65, 1);
UPDATE `bv_updation` SET left_carry = left_carry+50, total_left = total_left+50
WHERE `user_id` = 'X3V7DJ';
INSERT INTO `placement_bv_update_history` (`left_carry`, `date`, `from_id`, `user_id`) VALUES ('50', '2024-09-26 09:27:19', 'I3P7MA', 'X3V7DJ');
INSERT INTO `matrix_filling` (`placement_id`, `downline_id`, `level`, `matrix`) VALUES ('DJ77NH', 'I3P7MA', 66, 1);
UPDATE `bv_updation` SET left_carry = left_carry+50, total_left = total_left+50
WHERE `user_id` = 'DJ77NH';
INSERT INTO `placement_bv_update_history` (`left_carry`, `date`, `from_id`, `user_id`) VALUES ('50', '2024-09-26 09:27:19', 'I3P7MA', 'DJ77NH');
INSERT INTO `matrix_filling` (`placement_id`, `downline_id`, `level`, `matrix`) VALUES ('PX7XCL', 'I3P7MA', 67, 1);
UPDATE `bv_updation` SET left_carry = left_carry+50, total_left = total_left+50
WHERE `user_id` = 'PX7XCL';
INSERT INTO `placement_bv_update_history` (`left_carry`, `date`, `from_id`, `user_id`) VALUES ('50', '2024-09-26 09:27:19', 'I3P7MA', 'PX7XCL');
INSERT INTO `matrix_filling` (`placement_id`, `downline_id`, `level`, `matrix`) VALUES ('L8PM4Z', 'I3P7MA', 68, 1);
UPDATE `bv_updation` SET left_carry = left_carry+50, total_left = total_left+50
WHERE `user_id` = 'L8PM4Z';
INSERT INTO `placement_bv_update_history` (`left_carry`, `date`, `from_id`, `user_id`) VALUES ('50', '2024-09-26 09:27:19', 'I3P7MA', 'L8PM4Z');
INSERT INTO `matrix_filling` (`placement_id`, `downline_id`, `level`, `matrix`) VALUES ('GBSIER', 'I3P7MA', 69, 1);
UPDATE `bv_updation` SET left_carry = left_carry+50, total_left = total_left+50
WHERE `user_id` = 'GBSIER';
INSERT INTO `placement_bv_update_history` (`left_carry`, `date`, `from_id`, `user_id`) VALUES ('50', '2024-09-26 09:27:19', 'I3P7MA', 'GBSIER');
INSERT INTO `matrix_filling` (`placement_id`, `downline_id`, `level`, `matrix`) VALUES ('AV48YQ', 'I3P7MA', 70, 1);
UPDATE `bv_updation` SET left_carry = left_carry+50, total_left = total_left+50
WHERE `user_id` = 'AV48YQ';
INSERT INTO `placement_bv_update_history` (`left_carry`, `date`, `from_id`, `user_id`) VALUES ('50', '2024-09-26 09:27:19', 'I3P7MA', 'AV48YQ');
INSERT INTO `matrix_filling` (`placement_id`, `downline_id`, `level`, `matrix`) VALUES ('admin', 'I3P7MA', 71, 1);
INSERT INTO `package_purchase_history` (`user_id`, `package_id`, `reg_fee`, `package_name`, `monthly_fee`, `type`, `date`, `payment_option`) VALUES ('I3P7MA', '2', '595', 'Traveler Pro', '150', 'sign_up', '2024-09-26 09:27:19', 'free');
UPDATE `ci_sessions` SET `timestamp` = 1727360898, `data` = '__ci_last_regenerate|i:1727360898;id|s:4:\"2505\";user_id|s:6:\"HI62BI\";username|s:7:\"rafael7\";sponsor_id|s:6:\"1FFFBU\";fullname|s:16:\"Rafael Rodriguez\";email|s:17:\"rafael7@gmail.com\";phone|s:10:\"7862876762\";isLogIn|b:1;'
WHERE `id` = 'f1560aa70bb2f0ab5640549abaa9617aa49988bd';
UPDATE `user_registration` SET `uid` = '2569', `user_id` = 'BQJO4S', `username` = 'joel7', `sponsor_id` = 'HI62BI', `vacant` = 'no', `f_name` = 'Joel', `l_name` = 'Talavera', `address` = '6520 Kendale Lakes Dr', `position` = 'right', `email` = 'joel7@gmail.com', `password` = '21a04cc03de6f12ca7a683c6fd271af4', `phone` = '3057610606', `country` = 'United States', `state` = 'Florida', `city` = 'Miami', `street` = '6520 Kendale Lakes Dr', `zip_code` = '33183', `reg_ip` = '172.70.255.26', `status` = 1, `package_id` = '2', `rank_id` = 1, `highest_rank` = 1, `created` = '2024-09-26 09:28:19', `subscription_date` = '2024-10-26', `google_secret` = 'T4XBUB6I3U6IHTEZ'
WHERE `uid` = '2569';
INSERT INTO `user_registration` (`uid`, `user_id`, `username`, `sponsor_id`, `placement_id`, `vacant`, `f_name`, `l_name`, `address`, `position`, `email`, `password`, `phone`, `reg_ip`, `status`, `created`) VALUES (NULL, 'PSJTWX', 'ILKdfbmy', 'BQJO4S', 'BQJO4S', 'yes', '', '', '', 'left', '@mail.com', '', '', '', 0, '2024-09-26 09:28:19');
INSERT INTO `user_registration` (`uid`, `user_id`, `username`, `sponsor_id`, `placement_id`, `vacant`, `f_name`, `l_name`, `address`, `position`, `email`, `password`, `phone`, `reg_ip`, `status`, `created`) VALUES (NULL, 'UTEAEN', 'vcYSbkAm', 'BQJO4S', 'BQJO4S', 'yes', '', '', '', 'right', '@mail.com', '', '', '', 0, '2024-09-26 09:28:19');
INSERT INTO `bv_updation` (`user_id`) VALUES ('BQJO4S');
UPDATE `user_registration` SET total_ref_count = total_ref_count+1
WHERE `user_id` = 'HI62BI';
UPDATE `user_registration` SET total_downlines = total_downlines+1
WHERE `user_id` = 'T7HLTF';
UPDATE `user_registration` SET right_downlines = right_downlines+1
WHERE `user_id` = 'T7HLTF';
UPDATE `user_registration` SET total_downlines = total_downlines+1
WHERE `user_id` = 'R5QKTJ';
UPDATE `user_registration` SET right_downlines = right_downlines+1
WHERE `user_id` = 'R5QKTJ';
UPDATE `user_registration` SET total_downlines = total_downlines+1
WHERE `user_id` = 'MFRGPZ';
UPDATE `user_registration` SET right_downlines = right_downlines+1
WHERE `user_id` = 'MFRGPZ';
UPDATE `user_registration` SET total_downlines = total_downlines+1
WHERE `user_id` = '4OR55J';
UPDATE `user_registration` SET right_downlines = right_downlines+1
WHERE `user_id` = '4OR55J';
UPDATE `user_registration` SET total_downlines = total_downlines+1
WHERE `user_id` = '1H17TW';
UPDATE `user_registration` SET right_downlines = right_downlines+1
WHERE `user_id` = '1H17TW';
UPDATE `user_registration` SET total_downlines = total_downlines+1
WHERE `user_id` = 'QM7JIM';
UPDATE `user_registration` SET right_downlines = right_downlines+1
WHERE `user_id` = 'QM7JIM';
UPDATE `user_registration` SET total_downlines = total_downlines+1
WHERE `user_id` = 'P7L6OE';
UPDATE `user_registration` SET right_downlines = right_downlines+1
WHERE `user_id` = 'P7L6OE';
UPDATE `user_registration` SET total_downlines = total_downlines+1
WHERE `user_id` = 'Z34OQI';
UPDATE `user_registration` SET right_downlines = right_downlines+1
WHERE `user_id` = 'Z34OQI';
UPDATE `user_registration` SET total_downlines = total_downlines+1
WHERE `user_id` = '5K7DS2';
UPDATE `user_registration` SET right_downlines = right_downlines+1
WHERE `user_id` = '5K7DS2';
UPDATE `user_registration` SET total_downlines = total_downlines+1
WHERE `user_id` = 'HI62BI';
UPDATE `user_registration` SET right_downlines = right_downlines+1
WHERE `user_id` = 'HI62BI';
UPDATE `user_registration` SET right_ref_count = right_ref_count+1
WHERE `user_id` = 'HI62BI';
UPDATE `user_registration` SET active_right = active_right+1
WHERE `user_id` = 'HI62BI';
UPDATE `user_registration` SET total_downlines = total_downlines+1
WHERE `user_id` = '1FFFBU';
UPDATE `user_registration` SET right_downlines = right_downlines+1
WHERE `user_id` = '1FFFBU';
UPDATE `user_registration` SET total_downlines = total_downlines+1
WHERE `user_id` = 'J4CGUT';
UPDATE `user_registration` SET left_downlines = left_downlines+1
WHERE `user_id` = 'J4CGUT';
UPDATE `user_registration` SET total_downlines = total_downlines+1
WHERE `user_id` = 'S1RTX3';
UPDATE `user_registration` SET left_downlines = left_downlines+1
WHERE `user_id` = 'S1RTX3';
UPDATE `user_registration` SET total_downlines = total_downlines+1
WHERE `user_id` = 'I8YWQA';
UPDATE `user_registration` SET left_downlines = left_downlines+1
WHERE `user_id` = 'I8YWQA';
UPDATE `user_registration` SET total_downlines = total_downlines+1
WHERE `user_id` = 'I3MZBU';
UPDATE `user_registration` SET left_downlines = left_downlines+1
WHERE `user_id` = 'I3MZBU';
UPDATE `user_registration` SET total_downlines = total_downlines+1
WHERE `user_id` = 'H2I33O';
UPDATE `user_registration` SET left_downlines = left_downlines+1
WHERE `user_id` = 'H2I33O';
UPDATE `user_registration` SET total_downlines = total_downlines+1
WHERE `user_id` = 'AL7XWH';
UPDATE `user_registration` SET left_downlines = left_downlines+1
WHERE `user_id` = 'AL7XWH';
UPDATE `user_registration` SET total_downlines = total_downlines+1
WHERE `user_id` = 'HFZ9SA';
UPDATE `user_registration` SET left_downlines = left_downlines+1
WHERE `user_id` = 'HFZ9SA';
UPDATE `user_registration` SET total_downlines = total_downlines+1
WHERE `user_id` = 'A2MTZ3';
UPDATE `user_registration` SET left_downlines = left_downlines+1
WHERE `user_id` = 'A2MTZ3';
UPDATE `user_registration` SET total_downlines = total_downlines+1
WHERE `user_id` = 'RUEKCW';
UPDATE `user_registration` SET left_downlines = left_downlines+1
WHERE `user_id` = 'RUEKCW';
UPDATE `user_registration` SET total_downlines = total_downlines+1
WHERE `user_id` = 'K3GTG4';
UPDATE `user_registration` SET left_downlines = left_downlines+1
WHERE `user_id` = 'K3GTG4';
UPDATE `user_registration` SET total_downlines = total_downlines+1
WHERE `user_id` = 'I1TUBN';
UPDATE `user_registration` SET left_downlines = left_downlines+1
WHERE `user_id` = 'I1TUBN';
UPDATE `user_registration` SET total_downlines = total_downlines+1
WHERE `user_id` = 'BAUCCU';
UPDATE `user_registration` SET left_downlines = left_downlines+1
WHERE `user_id` = 'BAUCCU';
UPDATE `user_registration` SET total_downlines = total_downlines+1
WHERE `user_id` = '62QO97';
UPDATE `user_registration` SET left_downlines = left_downlines+1
WHERE `user_id` = '62QO97';
