UPDATE `user_registration` SET total_downlines = total_downlines+1
WHERE `user_id` = 'UQO7EQ';
UPDATE `user_registration` SET right_downlines = right_downlines+1
WHERE `user_id` = 'UQO7EQ';
UPDATE `user_registration` SET right_ref_count = right_ref_count+1
WHERE `user_id` = 'UQO7EQ';
UPDATE `user_registration` SET active_right = active_right+1
WHERE `user_id` = 'UQO7EQ';
UPDATE `user_registration` SET total_downlines = total_downlines+1
WHERE `user_id` = 'N6GZAE';
UPDATE `user_registration` SET left_downlines = left_downlines+1
WHERE `user_id` = 'N6GZAE';
UPDATE `user_registration` SET total_downlines = total_downlines+1
WHERE `user_id` = '4E1CRI';
UPDATE `user_registration` SET left_downlines = left_downlines+1
WHERE `user_id` = '4E1CRI';
UPDATE `user_registration` SET total_downlines = total_downlines+1
WHERE `user_id` = 'SJBNYJ';
UPDATE `user_registration` SET left_downlines = left_downlines+1
WHERE `user_id` = 'SJBNYJ';
UPDATE `user_registration` SET total_downlines = total_downlines+1
WHERE `user_id` = '44B9Y4';
UPDATE `user_registration` SET left_downlines = left_downlines+1
WHERE `user_id` = '44B9Y4';
UPDATE `user_registration` SET total_downlines = total_downlines+1
WHERE `user_id` = 'admin';
UPDATE `user_registration` SET right_downlines = right_downlines+1
WHERE `user_id` = 'admin';
INSERT INTO `investment` (`invest_date`, `user_id`, `type`, `amount`, `package_id`) VALUES ('2025-01-24 21:59:37', 'U7SMZ8', 'register', '595', '2');
INSERT INTO `earnings` (`user_id`, `Purchaser_id`, `earning_type`, `package_id`, `amount`, `date`, `comments`, `invest_amount`, `comm_perc`, `level`, `rank_id`, `order_id`) VALUES ('UQO7EQ', 'U7SMZ8', 'Direct Referral Bonus', '2', '100', '2025-01-24 21:59:37', 'Direct Referral Bonus', 0, 0, 1, '', 29);
UPDATE `user_registration` SET commission_balance = ROUND(commission_balance + 100,2)
WHERE `user_id` = 'UQO7EQ';
UPDATE `user_registration` SET referral_bonus = ROUND(referral_bonus + 100,2)
WHERE `user_id` = 'UQO7EQ';
UPDATE `user_registration` SET total_points = ROUND(total_points + 50,2)
WHERE `user_id` = 'U7SMZ8';
INSERT INTO `points_history` (`user_id`, `points`, `type`, `date`) VALUES ('U7SMZ8', '50', 'register', '2025-01-24 21:59:');
INSERT INTO `matrix_filling` (`placement_id`, `downline_id`, `level`, `matrix`) VALUES ('AABG7W', 'U7SMZ8', 1, 1);
UPDATE `bv_updation` SET right_carry = right_carry+50, total_right = total_right+50
WHERE `user_id` = 'AABG7W';
INSERT INTO `placement_bv_update_history` (`right_carry`, `date`, `from_id`, `user_id`) VALUES ('50', '2025-01-24 21:59:37', 'U7SMZ8', 'AABG7W');
INSERT INTO `matrix_filling` (`placement_id`, `downline_id`, `level`, `matrix`) VALUES ('3ZDIFO', 'U7SMZ8', 2, 1);
UPDATE `bv_updation` SET right_carry = right_carry+50, total_right = total_right+50
WHERE `user_id` = '3ZDIFO';
INSERT INTO `placement_bv_update_history` (`right_carry`, `date`, `from_id`, `user_id`) VALUES ('50', '2025-01-24 21:59:37', 'U7SMZ8', '3ZDIFO');
INSERT INTO `matrix_filling` (`placement_id`, `downline_id`, `level`, `matrix`) VALUES ('UQO7EQ', 'U7SMZ8', 3, 1);
UPDATE `bv_updation` SET right_carry = right_carry+50, total_right = total_right+50
WHERE `user_id` = 'UQO7EQ';
INSERT INTO `placement_bv_update_history` (`right_carry`, `date`, `from_id`, `user_id`) VALUES ('50', '2025-01-24 21:59:37', 'U7SMZ8', 'UQO7EQ');
UPDATE `bv_updation` SET sponsor_right_carry = sponsor_right_carry+50, sponsor_total_right = sponsor_total_right+50
WHERE `user_id` = 'UQO7EQ';
INSERT INTO `sponsor_bv_update_history` (`right_carry`, `date`, `user_id`) VALUES ('50', '2025-01-24 21:59:37', 'UQO7EQ');
INSERT INTO `matrix_filling` (`placement_id`, `downline_id`, `level`, `matrix`) VALUES ('N6GZAE', 'U7SMZ8', 4, 1);
UPDATE `bv_updation` SET left_carry = left_carry+50, total_left = total_left+50
WHERE `user_id` = 'N6GZAE';
INSERT INTO `placement_bv_update_history` (`left_carry`, `date`, `from_id`, `user_id`) VALUES ('50', '2025-01-24 21:59:37', 'U7SMZ8', 'N6GZAE');
INSERT INTO `matrix_filling` (`placement_id`, `downline_id`, `level`, `matrix`) VALUES ('4E1CRI', 'U7SMZ8', 5, 1);
UPDATE `bv_updation` SET left_carry = left_carry+50, total_left = total_left+50
WHERE `user_id` = '4E1CRI';
INSERT INTO `placement_bv_update_history` (`left_carry`, `date`, `from_id`, `user_id`) VALUES ('50', '2025-01-24 21:59:37', 'U7SMZ8', '4E1CRI');
INSERT INTO `matrix_filling` (`placement_id`, `downline_id`, `level`, `matrix`) VALUES ('SJBNYJ', 'U7SMZ8', 6, 1);
UPDATE `bv_updation` SET left_carry = left_carry+50, total_left = total_left+50
WHERE `user_id` = 'SJBNYJ';
INSERT INTO `placement_bv_update_history` (`left_carry`, `date`, `from_id`, `user_id`) VALUES ('50', '2025-01-24 21:59:37', 'U7SMZ8', 'SJBNYJ');
INSERT INTO `matrix_filling` (`placement_id`, `downline_id`, `level`, `matrix`) VALUES ('44B9Y4', 'U7SMZ8', 7, 1);
UPDATE `bv_updation` SET left_carry = left_carry+50, total_left = total_left+50
WHERE `user_id` = '44B9Y4';
INSERT INTO `placement_bv_update_history` (`left_carry`, `date`, `from_id`, `user_id`) VALUES ('50', '2025-01-24 21:59:37', 'U7SMZ8', '44B9Y4');
INSERT INTO `matrix_filling` (`placement_id`, `downline_id`, `level`, `matrix`) VALUES ('admin', 'U7SMZ8', 8, 1);
UPDATE `bv_updation` SET right_carry = right_carry+50, total_right = total_right+50
WHERE `user_id` = 'admin';
INSERT INTO `placement_bv_update_history` (`right_carry`, `date`, `from_id`, `user_id`) VALUES ('50', '2025-01-24 21:59:37', 'U7SMZ8', 'admin');
INSERT INTO `package_purchase_history` (`user_id`, `package_id`, `reg_fee`, `package_name`, `monthly_fee`, `type`, `date`, `payment_option`) VALUES ('U7SMZ8', '2', '595', 'Traveler Pro', '150', 'sign_up', '2025-01-24 21:59:37', 'stripe');
UPDATE `ci_sessions` SET `timestamp` = 1737777726, `data` = '__ci_last_regenerate|i:1737777726;id|s:4:\"2054\";user_id|s:6:\"CVVK4C\";username|s:7:\"ManuelN\";sponsor_id|s:6:\"K55EDD\";fullname|s:14:\"Manuel Naranjo\";email|s:26:\"naranjo.manuel93@gmail.com\";phone|s:6:\"786326\";isLogIn|b:1;message|s:38:\"Your default Leg Updated Successfully!\";__ci_vars|a:1:{s:7:\"message\";s:3:\"old\";}'
WHERE `id` = 'f1f9f02cbe9173dbe9eaf5051a825a352a4a312e';
UPDATE `ci_sessions` SET `timestamp` = 1737777856, `data` = '__ci_last_regenerate|i:1737777856;id|s:4:\"2031\";user_id|s:6:\"R37QLI\";username|s:5:\"dleon\";sponsor_id|s:6:\"H2HQC8\";fullname|s:11:\"Dayami Leon\";email|s:20:\"atravel4uu@gmail.com\";phone|s:10:\"7865069935\";isLogIn|b:1;'
WHERE `id` = '1cc742f1532229546aa0e3cb8605f8d4d35617c0';
UPDATE `user_registration` SET `popup_seen` = 'yes'
WHERE `user_id` = 'R37QLI';
UPDATE `user_registration` SET `popup_seen` = 'yes'
WHERE `user_id` = 'CVVK4C';
UPDATE `ci_sessions` SET `timestamp` = 1737778101, `data` = '__ci_last_regenerate|i:1737778101;id|s:4:\"2042\";user_id|s:6:\"UQO7EQ\";username|s:6:\"Rafa51\";sponsor_id|s:6:\"N6GZAE\";fullname|s:16:\"Rafael Rodriguez\";email|s:18:\"rafagana@yahoo.com\";phone|s:10:\"3057610606\";isLogIn|b:1;'
WHERE `id` = 'eab9eee61b0cd02e90a938fc9bc69c2b822b25a3';
UPDATE `user_registration` SET `popup_seen` = 'yes'
WHERE `user_id` = 'UQO7EQ';
UPDATE `user_registration` SET `popup_seen` = 'yes'
WHERE `user_id` = 'R37QLI';
UPDATE `ci_sessions` SET `timestamp` = 1737778152, `data` = '__ci_last_regenerate|i:1737778152;message|s:44:\"Your registration completed successfully...!\";__ci_vars|a:1:{s:7:\"message\";s:3:\"old\";}'
WHERE `id` = 'e4f37b269bd94f0212a769b9c8fff2f760b9c35f';
INSERT INTO `login_history` (`user_id`, `device`, `ip_address`, `date`) VALUES ('U7SMZ8', 'Mozilla/5.0 (Macintosh; Intel Mac OS X 10_15_7) AppleWebKit/605.1.15 (KHTML, like Gecko) Version/17.6 Safari/605.1.15', '172.70.254.136', '25-01-24 22:09');
UPDATE `user_registration` SET `popup_seen` = 'yes'
WHERE `user_id` = 'U7SMZ8';
UPDATE `ci_sessions` SET `timestamp` = 1737778216, `data` = '__ci_last_regenerate|i:1737778216;id|s:4:\"2031\";user_id|s:6:\"R37QLI\";username|s:5:\"dleon\";sponsor_id|s:6:\"H2HQC8\";fullname|s:11:\"Dayami Leon\";email|s:20:\"atravel4uu@gmail.com\";phone|s:10:\"7865069935\";isLogIn|b:1;'
WHERE `id` = 'fecef813141158234bc646af3ca494f38835b1ed';
UPDATE `user_registration` SET `popup_seen` = 'yes'
WHERE `user_id` = 'R37QLI';
UPDATE `user_registration` SET `popup_seen` = 'yes'
WHERE `user_id` = 'UQO7EQ';
UPDATE `user_registration` SET `popup_seen` = 'yes'
WHERE `user_id` = 'U7SMZ8';
UPDATE `ci_sessions` SET `timestamp` = 1737778556, `data` = '__ci_last_regenerate|i:1737778556;id|s:4:\"2042\";user_id|s:6:\"UQO7EQ\";username|s:6:\"Rafa51\";sponsor_id|s:6:\"N6GZAE\";fullname|s:16:\"Rafael Rodriguez\";email|s:18:\"rafagana@yahoo.com\";phone|s:10:\"3057610606\";isLogIn|b:1;'
WHERE `id` = 'b0c9479ccae3ce7b356b361115cd8e9bd109df81';
UPDATE `user_registration` SET `popup_seen` = 'no'
WHERE `user_id` = 'UQO7EQ';
DELETE FROM `ci_sessions`
WHERE `id` = '3435ee144b0984d6e5b01b0d465bbf523ff65873';
UPDATE `ci_sessions` SET `timestamp` = 1737778571, `data` = '__ci_last_regenerate|i:1737778571;id|s:4:\"2061\";user_id|s:6:\"U7SMZ8\";username|s:6:\"Clau66\";sponsor_id|s:6:\"UQO7EQ\";fullname|s:14:\"Claudia Pisana\";email|s:21:\"claujor06@hotmail.com\";phone|s:10:\"7863843449\";isLogIn|b:1;'
WHERE `id` = '2705d4658b531d64f98345229e57cedfa32b3bff';
UPDATE `user_registration` SET `popup_seen` = 'yes'
WHERE `user_id` = 'U7SMZ8';
UPDATE `user_registration` SET `popup_seen` = 'yes'
WHERE `user_id` = 'U7SMZ8';
UPDATE `ci_sessions` SET `timestamp` = 1737778590, `data` = '__ci_last_regenerate|i:1737778590;'
WHERE `id` = '734940e4065b2631392217b34f24c789d4e5a940';
INSERT INTO `temp_register` (`post_data`, `date`, `payment_method`, `type`) VALUES ('{\"uid\":\"2071\",\"user_id\":\"JHRDHS\",\"username\":\"mbecena\",\"sponsor_id\":\"CVVK4C\",\"vacant\":\"no\",\"f_name\":\"Maria\",\"l_name\":\"Becena\",\"position\":\"right\",\"email\":\"mbecena@bellsouth.net\",\"password\":\"2907ee99b8a8601e04aa3c6ce0ecb1a1\",\"phone\":\"7862360387\",\"country\":\"United States\",\"state\":\"Florida\",\"city\":\"Hialeah\",\"street\":\"7160 W 30th Avenue\",\"zip_code\":\"33018\",\"reg_ip\":\"172.70.54.35\",\"status\":1,\"package_id\":\"2\",\"rank_id\":1,\"highest_rank\":1,\"cycle_rank_id\":1,\"created\":\"2025-01-24 22:16:30\",\"subscription_date\":\"2025-02-23\",\"google_secret\":\"JN5Y4XLB7DC2VARX\"}', '2025-01-24 22:16:30', 'stripe', 'register');
UPDATE `user_registration` SET `default_leg` = 'right'
WHERE `user_id` = 'U7SMZ8';
UPDATE `user_registration` SET `popup_seen` = 'yes'
WHERE `user_id` = 'U7SMZ8';
UPDATE `user_registration` SET `popup_seen` = 'yes'
WHERE `user_id` = 'U7SMZ8';
UPDATE `user_registration` SET `popup_seen` = 'no'
WHERE `user_id` = 'U7SMZ8';
DELETE FROM `ci_sessions`
WHERE `id` = '53ae04330f4e6a906f3c0ca65ac9382efd35dcff';
UPDATE `ci_sessions` SET `timestamp` = 1737778723, `data` = '__ci_last_regenerate|i:1737778723;id|s:4:\"2054\";user_id|s:6:\"CVVK4C\";username|s:7:\"ManuelN\";sponsor_id|s:6:\"K55EDD\";fullname|s:14:\"Manuel Naranjo\";email|s:26:\"naranjo.manuel93@gmail.com\";phone|s:6:\"786326\";isLogIn|b:1;'
WHERE `id` = 'c797137970d0d83cd429e721e27ce9f00998ca14';
UPDATE `user_registration` SET `popup_seen` = 'yes'
WHERE `user_id` = 'CVVK4C';
UPDATE `temp_register` SET `response` = '{\"stripeToken\":\"tok_1Ql0pk2NUoYUjiuuXG4hz54y\",\"stripeTokenType\":\"card\",\"stripeEmail\":\"mbecena@bellsouth.net\"}', `date_modified` = '2025-01-24 22:19:05', `payment_status` = '{\"id\":\"ch_3Ql0pp2NUoYUjiuu1QtTshCp\",\"object\":\"charge\",\"amount\":59500,\"amount_captured\":59500,\"amount_refunded\":0,\"application\":null,\"application_fee\":null,\"application_fee_amount\":null,\"balance_transaction\":\"txn_3Ql0pp2NUoYUjiuu1Q7Wb4Wn\",\"billing_details\":{\"address\":{\"city\":null,\"country\":null,\"line1\":null,\"line2\":null,\"postal_code\":null,\"state\":null},\"email\":null,\"name\":\"mbecena@bellsouth.net\",\"phone\":null},\"calculated_statement_descriptor\":\"TRAVELEGENDCY LLC\",\"captured\":true,\"created\":1737778745,\"currency\":\"usd\",\"customer\":\"cus_ReJStoLgVYICrs\",\"description\":null,\"destination\":null,\"dispute\":null,\"disputed\":false,\"failure_balance_transaction\":null,\"failure_code\":null,\"failure_message\":null,\"fraud_details\":[],\"invoice\":null,\"livemode\":true,\"metadata\":{\"name\":\"Maria Becena\",\"username\":\"mbecena\"},\"on_behalf_of\":null,\"order\":null,\"outcome\":{\"advice_code\":null,\"network_advice_code\":null,\"network_decline_code\":null,\"network_status\":\"approved_by_network\",\"reason\":null,\"risk_level\":\"normal\",\"seller_message\":\"Payment complete.\",\"type\":\"authorized\"},\"paid\":true,\"payment_intent\":null,\"payment_method\":\"card_1Ql0pk2NUoYUjiuukqerC5kZ\",\"payment_method_details\":{\"card\":{\"amount_authorized\":59500,\"authorization_code\":\"02490R\",\"brand\":\"discover\",\"checks\":{\"address_line1_check\":null,\"address_postal_code_check\":null,\"cvc_check\":\"pass\"},\"country\":\"US\",\"exp_month\":9,\"exp_year\":2029,\"extended_authorization\":{\"status\":\"disabled\"},\"fingerprint\":\"10EfcjhRAXM2NAMB\",\"funding\":\"credit\",\"incremental_authorization\":{\"status\":\"unavailable\"},\"installments\":null,\"last4\":\"8556\",\"mandate\":null,\"multicapture\":{\"status\":\"unavailable\"},\"network\":\"discover\",\"network_token\":{\"used\":false},\"network_transaction_id\":\"805020711450491\",\"overcapture\":{\"maximum_amount_capturable\":59500,\"status\":\"unavailable\"},\"regulated_status\":\"unregulated\",\"three_d_secure\":null,\"wallet\":null},\"type\":\"card\"},\"receipt_email\":null,\"receipt_number\":null,\"receipt_url\":\"https:\\/\\/pay.stripe.com\\/receipts\\/payment\\/CAcQARoXChVhY2N0XzFRUEFGdjJOVW9ZVWppdXUouszRvAYyBlCmBWNBHzosFnmbR1V59J7HpOszlwr6ZGNkXRc51bF5Vjzp42DfsHM5D14asRXRBcQgG-o\",\"refunded\":false,\"review\":null,\"shipping\":null,\"source\":{\"id\":\"card_1Ql0pk2NUoYUjiuukqerC5kZ\",\"object\":\"card\",\"address_city\":null,\"address_country\":null,\"address_line1\":null,\"address_line1_check\":null,\"address_line2\":null,\"address_state\":null,\"address_zip\":null,\"address_zip_check\":null,\"allow_redisplay\":\"unspecified\",\"brand\":\"Discover\",\"country\":\"US\",\"customer\":\"cus_ReJStoLgVYICrs\",\"cvc_check\":\"pass\",\"dynamic_last4\":null,\"exp_month\":9,\"exp_year\":2029,\"fingerprint\":\"10EfcjhRAXM2NAMB\",\"funding\":\"credit\",\"last4\":\"8556\",\"metadata\":[],\"name\":\"mbecena@bellsouth.net\",\"regulated_status\":\"unregulated\",\"tokenization_method\":null,\"wallet\":null},\"source_transfer\":null,\"statement_descriptor\":null,\"statement_descriptor_suffix\":null,\"status\":\"succeeded\",\"transfer_data\":null,\"transfer_group\":null}'
WHERE `id` = 37;
UPDATE `user_registration` SET `uid` = '2071', `user_id` = 'JHRDHS', `username` = 'mbecena', `sponsor_id` = 'CVVK4C', `vacant` = 'no', `f_name` = 'Maria', `l_name` = 'Becena', `position` = 'right', `email` = 'mbecena@bellsouth.net', `password` = '2907ee99b8a8601e04aa3c6ce0ecb1a1', `phone` = '7862360387', `country` = 'United States', `state` = 'Florida', `city` = 'Hialeah', `street` = '7160 W 30th Avenue', `zip_code` = '33018', `reg_ip` = '172.70.54.35', `status` = 1, `package_id` = '2', `rank_id` = 1, `highest_rank` = 1, `cycle_rank_id` = 1, `created` = '2025-01-24 22:16:30', `subscription_date` = '2025-02-23', `google_secret` = 'JN5Y4XLB7DC2VARX'
WHERE `uid` = '2071';
INSERT INTO `user_registration` (`uid`, `user_id`, `username`, `sponsor_id`, `placement_id`, `vacant`, `f_name`, `l_name`, `address`, `position`, `email`, `password`, `phone`, `reg_ip`, `status`, `created`) VALUES (NULL, 'HJQZOX', 'WUkDDodr', 'JHRDHS', 'JHRDHS', 'yes', '', '', '', 'left', '@mail.com', '', '', '', 0, '2025-01-24 22:19:05');
INSERT INTO `user_registration` (`uid`, `user_id`, `username`, `sponsor_id`, `placement_id`, `vacant`, `f_name`, `l_name`, `address`, `position`, `email`, `password`, `phone`, `reg_ip`, `status`, `created`) VALUES (NULL, 'WTFXST', 'eAXfTwKJ', 'JHRDHS', 'JHRDHS', 'yes', '', '', '', 'right', '@mail.com', '', '', '', 0, '2025-01-24 22:19:05');
INSERT INTO `bv_updation` (`user_id`) VALUES ('JHRDHS');
UPDATE `user_registration` SET total_ref_count = total_ref_count+1
WHERE `user_id` = 'CVVK4C';
UPDATE `user_registration` SET total_downlines = total_downlines+1
WHERE `user_id` = 'CVVK4C';
UPDATE `user_registration` SET right_downlines = right_downlines+1
WHERE `user_id` = 'CVVK4C';
UPDATE `user_registration` SET right_ref_count = right_ref_count+1
WHERE `user_id` = 'CVVK4C';
UPDATE `user_registration` SET active_right = active_right+1
WHERE `user_id` = 'CVVK4C';
UPDATE `user_registration` SET total_downlines = total_downlines+1
WHERE `user_id` = 'K55EDD';
UPDATE `user_registration` SET left_downlines = left_downlines+1
WHERE `user_id` = 'K55EDD';
UPDATE `user_registration` SET total_downlines = total_downlines+1
WHERE `user_id` = 'UQO7EQ';
UPDATE `user_registration` SET left_downlines = left_downlines+1
WHERE `user_id` = 'UQO7EQ';
UPDATE `user_registration` SET total_downlines = total_downlines+1
WHERE `user_id` = 'N6GZAE';
UPDATE `user_registration` SET left_downlines = left_downlines+1
WHERE `user_id` = 'N6GZAE';
UPDATE `user_registration` SET total_downlines = total_downlines+1
WHERE `user_id` = '4E1CRI';
UPDATE `user_registration` SET left_downlines = left_downlines+1
WHERE `user_id` = '4E1CRI';
UPDATE `user_registration` SET total_downlines = total_downlines+1
WHERE `user_id` = 'SJBNYJ';
UPDATE `user_registration` SET left_downlines = left_downlines+1
WHERE `user_id` = 'SJBNYJ';
UPDATE `user_registration` SET total_downlines = total_downlines+1
WHERE `user_id` = '44B9Y4';
UPDATE `user_registration` SET left_downlines = left_downlines+1
WHERE `user_id` = '44B9Y4';
UPDATE `user_registration` SET total_downlines = total_downlines+1
WHERE `user_id` = 'admin';
UPDATE `user_registration` SET right_downlines = right_downlines+1
WHERE `user_id` = 'admin';
INSERT INTO `investment` (`invest_date`, `user_id`, `type`, `amount`, `package_id`) VALUES ('2025-01-24 22:19:05', 'JHRDHS', 'register', '595', '2');
INSERT INTO `earnings` (`user_id`, `Purchaser_id`, `earning_type`, `package_id`, `amount`, `date`, `comments`, `invest_amount`, `comm_perc`, `level`, `rank_id`, `order_id`) VALUES ('CVVK4C', 'JHRDHS', 'Direct Referral Bonus', '2', '100', '2025-01-24 22:19:05', 'Direct Referral Bonus', 0, 0, 1, '', 30);
UPDATE `user_registration` SET commission_balance = ROUND(commission_balance + 100,2)
WHERE `user_id` = 'CVVK4C';
UPDATE `user_registration` SET referral_bonus = ROUND(referral_bonus + 100,2)
WHERE `user_id` = 'CVVK4C';
UPDATE `user_registration` SET total_points = ROUND(total_points + 50,2)
WHERE `user_id` = 'JHRDHS';
INSERT INTO `points_history` (`user_id`, `points`, `type`, `date`) VALUES ('JHRDHS', '50', 'register', '2025-01-24 22:19:');
INSERT INTO `matrix_filling` (`placement_id`, `downline_id`, `level`, `matrix`) VALUES ('CVVK4C', 'JHRDHS', 1, 1);
UPDATE `bv_updation` SET right_carry = right_carry+50, total_right = total_right+50
WHERE `user_id` = 'CVVK4C';
INSERT INTO `placement_bv_update_history` (`right_carry`, `date`, `from_id`, `user_id`) VALUES ('50', '2025-01-24 22:19:05', 'JHRDHS', 'CVVK4C');
UPDATE `bv_updation` SET sponsor_right_carry = sponsor_right_carry+50, sponsor_total_right = sponsor_total_right+50
WHERE `user_id` = 'CVVK4C';
INSERT INTO `sponsor_bv_update_history` (`right_carry`, `date`, `user_id`) VALUES ('50', '2025-01-24 22:19:05', 'CVVK4C');
INSERT INTO `matrix_filling` (`placement_id`, `downline_id`, `level`, `matrix`) VALUES ('K55EDD', 'JHRDHS', 2, 1);
UPDATE `bv_updation` SET left_carry = left_carry+50, total_left = total_left+50
WHERE `user_id` = 'K55EDD';
INSERT INTO `placement_bv_update_history` (`left_carry`, `date`, `from_id`, `user_id`) VALUES ('50', '2025-01-24 22:19:05', 'JHRDHS', 'K55EDD');
INSERT INTO `matrix_filling` (`placement_id`, `downline_id`, `level`, `matrix`) VALUES ('UQO7EQ', 'JHRDHS', 3, 1);
UPDATE `bv_updation` SET left_carry = left_carry+50, total_left = total_left+50
WHERE `user_id` = 'UQO7EQ';
INSERT INTO `placement_bv_update_history` (`left_carry`, `date`, `from_id`, `user_id`) VALUES ('50', '2025-01-24 22:19:05', 'JHRDHS', 'UQO7EQ');
INSERT INTO `matrix_filling` (`placement_id`, `downline_id`, `level`, `matrix`) VALUES ('N6GZAE', 'JHRDHS', 4, 1);
UPDATE `bv_updation` SET left_carry = left_carry+50, total_left = total_left+50
WHERE `user_id` = 'N6GZAE';
INSERT INTO `placement_bv_update_history` (`left_carry`, `date`, `from_id`, `user_id`) VALUES ('50', '2025-01-24 22:19:05', 'JHRDHS', 'N6GZAE');
INSERT INTO `matrix_filling` (`placement_id`, `downline_id`, `level`, `matrix`) VALUES ('4E1CRI', 'JHRDHS', 5, 1);
UPDATE `bv_updation` SET left_carry = left_carry+50, total_left = total_left+50
WHERE `user_id` = '4E1CRI';
INSERT INTO `placement_bv_update_history` (`left_carry`, `date`, `from_id`, `user_id`) VALUES ('50', '2025-01-24 22:19:05', 'JHRDHS', '4E1CRI');
INSERT INTO `matrix_filling` (`placement_id`, `downline_id`, `level`, `matrix`) VALUES ('SJBNYJ', 'JHRDHS', 6, 1);
UPDATE `bv_updation` SET left_carry = left_carry+50, total_left = total_left+50
WHERE `user_id` = 'SJBNYJ';
INSERT INTO `placement_bv_update_history` (`left_carry`, `date`, `from_id`, `user_id`) VALUES ('50', '2025-01-24 22:19:05', 'JHRDHS', 'SJBNYJ');
INSERT INTO `matrix_filling` (`placement_id`, `downline_id`, `level`, `matrix`) VALUES ('44B9Y4', 'JHRDHS', 7, 1);
UPDATE `bv_updation` SET left_carry = left_carry+50, total_left = total_left+50
WHERE `user_id` = '44B9Y4';
INSERT INTO `placement_bv_update_history` (`left_carry`, `date`, `from_id`, `user_id`) VALUES ('50', '2025-01-24 22:19:05', 'JHRDHS', '44B9Y4');
INSERT INTO `matrix_filling` (`placement_id`, `downline_id`, `level`, `matrix`) VALUES ('admin', 'JHRDHS', 8, 1);
UPDATE `bv_updation` SET right_carry = right_carry+50, total_right = total_right+50
WHERE `user_id` = 'admin';
INSERT INTO `placement_bv_update_history` (`right_carry`, `date`, `from_id`, `user_id`) VALUES ('50', '2025-01-24 22:19:05', 'JHRDHS', 'admin');
INSERT INTO `package_purchase_history` (`user_id`, `package_id`, `reg_fee`, `package_name`, `monthly_fee`, `type`, `date`, `payment_option`) VALUES ('JHRDHS', '2', '595', 'Traveler Pro', '150', 'sign_up', '2025-01-24 22:19:05', 'stripe');
INSERT INTO `login_history` (`user_id`, `device`, `ip_address`, `date`) VALUES ('UQO7EQ', 'Mozilla/5.0 (Windows NT 10.0; Win64; x64) AppleWebKit/537.36 (KHTML, like Gecko) Chrome/132.0.0.0 Safari/537.36', '172.69.132.240', '25-01-24 22:20');
UPDATE `user_registration` SET `popup_seen` = 'yes'
WHERE `user_id` = 'UQO7EQ';
INSERT INTO `login_history` (`user_id`, `device`, `ip_address`, `date`) VALUES ('JHRDHS', 'Mozilla/5.0 (Macintosh; Intel Mac OS X 10_15_7) AppleWebKit/605.1.15 (KHTML, like Gecko) Version/17.6 Safari/605.1.15', '172.70.54.35', '25-01-24 22:21');
UPDATE `user_registration` SET `popup_seen` = 'yes'
WHERE `user_id` = 'JHRDHS';
UPDATE `ci_sessions` SET `timestamp` = 1737778877, `data` = '__ci_last_regenerate|i:1737778877;id|s:4:\"2042\";user_id|s:6:\"UQO7EQ\";username|s:6:\"Rafa51\";sponsor_id|s:6:\"N6GZAE\";fullname|s:16:\"Rafael Rodriguez\";email|s:18:\"rafagana@yahoo.com\";phone|s:10:\"3057610606\";isLogIn|b:1;'
WHERE `id` = '3006302f7e62f79a42c4d12bf4ad5a5d2beff83c';
UPDATE `user_registration` SET `popup_seen` = 'yes'
WHERE `user_id` = 'UQO7EQ';
UPDATE `ci_sessions` SET `timestamp` = 1737778909, `data` = '__ci_last_regenerate|i:1737778909;id|s:4:\"2071\";user_id|s:6:\"JHRDHS\";username|s:7:\"mbecena\";sponsor_id|s:6:\"CVVK4C\";fullname|s:12:\"Maria Becena\";email|s:21:\"mbecena@bellsouth.net\";phone|s:10:\"7862360387\";isLogIn|b:1;'
WHERE `id` = '77c7038fef5eff242f1711e790b417a0218c740f';
UPDATE `user_registration` SET `default_leg` = 'right'
WHERE `user_id` = 'JHRDHS';
UPDATE `user_registration` SET `popup_seen` = 'yes'
WHERE `user_id` = 'JHRDHS';
UPDATE `user_registration` SET `popup_seen` = 'yes'
WHERE `user_id` = 'UQO7EQ';
UPDATE `user_registration` SET `popup_seen` = 'yes'
WHERE `user_id` = 'JHRDHS';
UPDATE `user_registration` SET `popup_seen` = 'yes'
WHERE `user_id` = 'UQO7EQ';
UPDATE `user_registration` SET `popup_seen` = 'no'
WHERE `user_id` = 'UQO7EQ';
DELETE FROM `ci_sessions`
WHERE `id` = '763fede9a55fd3ea6050ab714cd149d192e623d9';
INSERT INTO `login_history` (`user_id`, `device`, `ip_address`, `date`) VALUES ('K55EDD', 'Mozilla/5.0 (Windows NT 10.0; Win64; x64) AppleWebKit/537.36 (KHTML, like Gecko) Chrome/132.0.0.0 Safari/537.36', '172.69.132.241', '25-01-24 22:27');
UPDATE `user_registration` SET `popup_seen` = 'yes'
WHERE `user_id` = 'K55EDD';
UPDATE `ci_sessions` SET `timestamp` = 1737779350, `data` = '__ci_last_regenerate|i:1737779350;id|s:4:\"2071\";user_id|s:6:\"JHRDHS\";username|s:7:\"mbecena\";sponsor_id|s:6:\"CVVK4C\";fullname|s:12:\"Maria Becena\";email|s:21:\"mbecena@bellsouth.net\";phone|s:10:\"7862360387\";isLogIn|b:1;'
WHERE `id` = 'fabb18624fdb664e8ca4c3eeeacebfbd745a68dc';
UPDATE `user_registration` SET `popup_seen` = 'yes'
WHERE `user_id` = 'JHRDHS';
UPDATE `user_registration` SET `popup_seen` = 'yes'
WHERE `user_id` = 'JHRDHS';
UPDATE `ci_sessions` SET `timestamp` = 1737779660, `data` = '__ci_last_regenerate|i:1737779660;id|s:4:\"2071\";user_id|s:6:\"JHRDHS\";username|s:7:\"mbecena\";sponsor_id|s:6:\"CVVK4C\";fullname|s:12:\"Maria Becena\";email|s:21:\"mbecena@bellsouth.net\";phone|s:10:\"7862360387\";isLogIn|b:1;'
WHERE `id` = 'e92cf69770c1fdda7983a81c21a99b9dd8c02272';
UPDATE `user_registration` SET `popup_seen` = 'yes'
WHERE `user_id` = 'JHRDHS';
INSERT INTO `temp_register` (`post_data`, `date`, `payment_method`, `type`) VALUES ('{\"uid\":\"2075\",\"user_id\":\"C3SVPE\",\"username\":\"ehevia\",\"sponsor_id\":\"JHRDHS\",\"vacant\":\"no\",\"f_name\":\"Elina \",\"l_name\":\"Hevia\",\"position\":\"right\",\"email\":\"heviaelina17@gmail.com\",\"password\":\"bba09cf8fffa871672e366279a7b67bb\",\"phone\":\"7862615995\",\"country\":\"United States\",\"state\":\"Florida\",\"city\":\"Homestead\",\"street\":\"11343 sw  239 st\",\"zip_code\":\"33032\",\"reg_ip\":\"172.70.254.2\",\"status\":1,\"package_id\":\"2\",\"rank_id\":1,\"highest_rank\":1,\"cycle_rank_id\":1,\"created\":\"2025-01-24 22:35:33\",\"subscription_date\":\"2025-02-23\",\"google_secret\":\"FOLSIR2XOPLGHSFS\"}', '2025-01-24 22:35:33', 'stripe', 'register');
UPDATE `ci_sessions` SET `timestamp` = 1737779851, `data` = '__ci_last_regenerate|i:1737779851;reg_stripe_id|i:38;'
WHERE `id` = 'a0821b117fcb3e632f0105b0894ad95cc31661ff';
UPDATE `ci_sessions` SET `timestamp` = 1737779997, `data` = '__ci_last_regenerate|i:1737779997;id|s:4:\"2054\";user_id|s:6:\"CVVK4C\";username|s:7:\"ManuelN\";sponsor_id|s:6:\"K55EDD\";fullname|s:14:\"Manuel Naranjo\";email|s:26:\"naranjo.manuel93@gmail.com\";phone|s:6:\"786326\";isLogIn|b:1;'
WHERE `id` = 'e242da05e37f846ec94a872ea0ecb1d76eea8146';
UPDATE `user_registration` SET `popup_seen` = 'yes'
WHERE `user_id` = 'CVVK4C';
INSERT INTO `temp_register` (`post_data`, `date`, `payment_method`, `type`) VALUES ('{\"uid\":\"2075\",\"user_id\":\"OK2ZAZ\",\"username\":\"ehevia\",\"sponsor_id\":\"JHRDHS\",\"vacant\":\"no\",\"f_name\":\"Elina \",\"l_name\":\"Hevia\",\"position\":\"right\",\"email\":\"heviaelina17@gmail.com\",\"password\":\"bba09cf8fffa871672e366279a7b67bb\",\"phone\":\"7862615995\",\"country\":\"United States\",\"state\":\"Florida\",\"city\":\"Homestead\",\"street\":\"11343 sw  239 st\",\"zip_code\":\"33032\",\"reg_ip\":\"172.70.82.190\",\"status\":1,\"package_id\":\"2\",\"rank_id\":1,\"highest_rank\":1,\"cycle_rank_id\":1,\"created\":\"2025-01-24 22:40:04\",\"subscription_date\":\"2025-02-23\",\"google_secret\":\"QB25ZIEQUASSRQQN\"}', '2025-01-24 22:40:04', 'stripe', 'register');
UPDATE `user_registration` SET `popup_seen` = 'yes'
WHERE `user_id` = 'CVVK4C';
UPDATE `ci_sessions` SET `timestamp` = 1737780058, `data` = '__ci_last_regenerate|i:1737780058;id|s:4:\"2052\";user_id|s:6:\"K55EDD\";username|s:10:\"Varadero20\";sponsor_id|s:6:\"UQO7EQ\";fullname|s:16:\"Francisco Prieto\";email|s:24:\"prieto112015@hotmail.com\";phone|s:10:\"3059264135\";isLogIn|b:1;'
WHERE `id` = '75ef6f1be3df3768734ed67ee25233797d43235e';
INSERT INTO `temp_register` (`post_data`, `date`, `payment_method`, `type`) VALUES ('{\"uid\":\"2059\",\"user_id\":\"4C8R79\",\"username\":\"LCOMiami\",\"sponsor_id\":\"K55EDD\",\"vacant\":\"no\",\"f_name\":\"Leonardo\",\"l_name\":\"Camacho Oviedo\",\"position\":\"right\",\"email\":\"caimandelcaribe1964@gmail.com\",\"password\":\"30bc49459870239661c1807c5a1a814f\",\"phone\":\"9082908827\",\"country\":\"United States\",\"state\":\"Florida\",\"city\":\" Miami Beach\",\"street\":\"801 South Pointe Drive\",\"zip_code\":\"33139\",\"reg_ip\":\"172.70.82.190\",\"status\":1,\"package_id\":\"2\",\"rank_id\":1,\"highest_rank\":1,\"cycle_rank_id\":1,\"created\":\"2025-01-24 22:40:58\",\"subscription_date\":\"2025-02-23\",\"google_secret\":\"4O2QUAOKICXZQUUU\"}', '2025-01-24 22:40:58', 'stripe', 'register');
UPDATE `ci_sessions` SET `timestamp` = 1737780122, `data` = '__ci_last_regenerate|i:1737780122;id|s:4:\"2071\";user_id|s:6:\"JHRDHS\";username|s:7:\"mbecena\";sponsor_id|s:6:\"CVVK4C\";fullname|s:12:\"Maria Becena\";email|s:21:\"mbecena@bellsouth.net\";phone|s:10:\"7862360387\";isLogIn|b:1;'
WHERE `id` = '4abfeb8b0b9130774487287b258ed6529cdf5ccb';
UPDATE `user_registration` SET `popup_seen` = 'yes'
WHERE `user_id` = 'JHRDHS';
INSERT INTO `temp_register` (`post_data`, `date`, `payment_method`, `type`) VALUES ('{\"uid\":\"2059\",\"user_id\":\"L2MNP5\",\"username\":\"LCOMiami\",\"sponsor_id\":\"K55EDD\",\"vacant\":\"no\",\"f_name\":\"Leonardo\",\"l_name\":\"Camacho Oviedo\",\"position\":\"right\",\"email\":\"caimandelcaribe1964@gmail.com\",\"password\":\"30bc49459870239661c1807c5a1a814f\",\"phone\":\"9082908827\",\"country\":\"United States\",\"state\":\"Florida\",\"city\":\" Miami Beach\",\"street\":\"801 South Pointe Drive\",\"zip_code\":\"33139\",\"reg_ip\":\"172.70.82.190\",\"status\":1,\"package_id\":\"2\",\"rank_id\":1,\"highest_rank\":1,\"cycle_rank_id\":1,\"created\":\"2025-01-24 22:43:01\",\"subscription_date\":\"2025-02-23\",\"google_secret\":\"AUKFNHYUVLV67J6Z\"}', '2025-01-24 22:43:01', 'stripe', 'register');
UPDATE `user_registration` SET `popup_seen` = 'yes'
WHERE `user_id` = 'JHRDHS';
UPDATE `ci_sessions` SET `timestamp` = 1737780268, `data` = '__ci_last_regenerate|i:1737780268;reg_stripe_id|i:39;'
WHERE `id` = '5459af697381c8017d61c2f1ac555850082c7efe';
UPDATE `temp_register` SET `response` = '{\"stripeToken\":\"tok_1Ql1Ek2NUoYUjiuuVYX5bBU3\",\"stripeTokenType\":\"card\",\"stripeEmail\":\"caimandelcaribe1964@gmail.com\"}', `date_modified` = '2025-01-24 22:44:55', `payment_status` = '{\"id\":\"ch_3Ql1Ep2NUoYUjiuu16tLfD8e\",\"object\":\"charge\",\"amount\":59500,\"amount_captured\":59500,\"amount_refunded\":0,\"application\":null,\"application_fee\":null,\"application_fee_amount\":null,\"balance_transaction\":\"txn_3Ql1Ep2NUoYUjiuu1IEUdqCA\",\"billing_details\":{\"address\":{\"city\":null,\"country\":null,\"line1\":null,\"line2\":null,\"postal_code\":null,\"state\":null},\"email\":null,\"name\":\"caimandelcaribe1964@gmail.com\",\"phone\":null},\"calculated_statement_descriptor\":\"TRAVELEGENDCY LLC\",\"captured\":true,\"created\":1737780295,\"currency\":\"usd\",\"customer\":\"cus_ReJseSgn9sq0K0\",\"description\":null,\"destination\":null,\"dispute\":null,\"disputed\":false,\"failure_balance_transaction\":null,\"failure_code\":null,\"failure_message\":null,\"fraud_details\":[],\"invoice\":null,\"livemode\":true,\"metadata\":{\"name\":\"Leonardo Camacho Oviedo\",\"username\":\"LCOMiami\"},\"on_behalf_of\":null,\"order\":null,\"outcome\":{\"advice_code\":null,\"network_advice_code\":null,\"network_decline_code\":null,\"network_status\":\"approved_by_network\",\"reason\":null,\"risk_level\":\"normal\",\"seller_message\":\"Payment complete.\",\"type\":\"authorized\"},\"paid\":true,\"payment_intent\":null,\"payment_method\":\"card_1Ql1Ek2NUoYUjiuutU2imNXo\",\"payment_method_details\":{\"card\":{\"amount_authorized\":59500,\"authorization_code\":\"024243\",\"brand\":\"visa\",\"checks\":{\"address_line1_check\":null,\"address_postal_code_check\":null,\"cvc_check\":\"pass\"},\"country\":\"US\",\"exp_month\":5,\"exp_year\":2025,\"extended_authorization\":{\"status\":\"disabled\"},\"fingerprint\":\"zHE5iYJRAzqMQhHX\",\"funding\":\"credit\",\"incremental_authorization\":{\"status\":\"unavailable\"},\"installments\":null,\"last4\":\"3040\",\"mandate\":null,\"multicapture\":{\"status\":\"unavailable\"},\"network\":\"visa\",\"network_token\":{\"used\":false},\"network_transaction_id\":\"305025170958618\",\"overcapture\":{\"maximum_amount_capturable\":59500,\"status\":\"unavailable\"},\"regulated_status\":\"unregulated\",\"three_d_secure\":null,\"wallet\":null},\"type\":\"card\"},\"receipt_email\":null,\"receipt_number\":null,\"receipt_url\":\"https:\\/\\/pay.stripe.com\\/receipts\\/payment\\/CAcQARoXChVhY2N0XzFRUEFGdjJOVW9ZVWppdXUox9jRvAYyBrlHsEus0josFuTNKvto0KTBCK8BLxYIAswUdkn0LrLfJdfz4VUx2BuQmARsyr5E8eKj02g\",\"refunded\":false,\"review\":null,\"shipping\":null,\"source\":{\"id\":\"card_1Ql1Ek2NUoYUjiuutU2imNXo\",\"object\":\"card\",\"address_city\":null,\"address_country\":null,\"address_line1\":null,\"address_line1_check\":null,\"address_line2\":null,\"address_state\":null,\"address_zip\":null,\"address_zip_check\":null,\"allow_redisplay\":\"unspecified\",\"brand\":\"Visa\",\"country\":\"US\",\"customer\":\"cus_ReJseSgn9sq0K0\",\"cvc_check\":\"pass\",\"dynamic_last4\":null,\"exp_month\":5,\"exp_year\":2025,\"fingerprint\":\"zHE5iYJRAzqMQhHX\",\"funding\":\"credit\",\"last4\":\"3040\",\"metadata\":[],\"name\":\"caimandelcaribe1964@gmail.com\",\"regulated_status\":\"unregulated\",\"tokenization_method\":null,\"wallet\":null},\"source_transfer\":null,\"statement_descriptor\":null,\"statement_descriptor_suffix\":null,\"status\":\"succeeded\",\"transfer_data\":null,\"transfer_group\":null}'
WHERE `id` = 41;
UPDATE `user_registration` SET `uid` = '2059', `user_id` = 'L2MNP5', `username` = 'LCOMiami', `sponsor_id` = 'K55EDD', `vacant` = 'no', `f_name` = 'Leonardo', `l_name` = 'Camacho Oviedo', `position` = 'right', `email` = 'caimandelcaribe1964@gmail.com', `password` = '30bc49459870239661c1807c5a1a814f', `phone` = '9082908827', `country` = 'United States', `state` = 'Florida', `city` = ' Miami Beach', `street` = '801 South Pointe Drive', `zip_code` = '33139', `reg_ip` = '172.70.82.190', `status` = 1, `package_id` = '2', `rank_id` = 1, `highest_rank` = 1, `cycle_rank_id` = 1, `created` = '2025-01-24 22:43:01', `subscription_date` = '2025-02-23', `google_secret` = 'AUKFNHYUVLV67J6Z'
WHERE `uid` = '2059';
INSERT INTO `user_registration` (`uid`, `user_id`, `username`, `sponsor_id`, `placement_id`, `vacant`, `f_name`, `l_name`, `address`, `position`, `email`, `password`, `phone`, `reg_ip`, `status`, `created`) VALUES (NULL, 'SJQFGP', 'QDYteNVp', 'L2MNP5', 'L2MNP5', 'yes', '', '', '', 'left', '@mail.com', '', '', '', 0, '2025-01-24 22:44:55');
INSERT INTO `user_registration` (`uid`, `user_id`, `username`, `sponsor_id`, `placement_id`, `vacant`, `f_name`, `l_name`, `address`, `position`, `email`, `password`, `phone`, `reg_ip`, `status`, `created`) VALUES (NULL, 'VZKLWI', 'wOMpjazj', 'L2MNP5', 'L2MNP5', 'yes', '', '', '', 'right', '@mail.com', '', '', '', 0, '2025-01-24 22:44:55');
INSERT INTO `bv_updation` (`user_id`) VALUES ('L2MNP5');
UPDATE `user_registration` SET total_ref_count = total_ref_count+1
WHERE `user_id` = 'K55EDD';
UPDATE `user_registration` SET total_downlines = total_downlines+1
WHERE `user_id` = 'HQTCGF';
UPDATE `user_registration` SET right_downlines = right_downlines+1
WHERE `user_id` = 'HQTCGF';
UPDATE `user_registration` SET total_downlines = total_downlines+1
WHERE `user_id` = 'K55EDD';
UPDATE `user_registration` SET right_downlines = right_downlines+1
WHERE `user_id` = 'K55EDD';
UPDATE `user_registration` SET right_ref_count = right_ref_count+1
WHERE `user_id` = 'K55EDD';
UPDATE `user_registration` SET active_right = active_right+1
WHERE `user_id` = 'K55EDD';
UPDATE `user_registration` SET total_downlines = total_downlines+1
WHERE `user_id` = 'UQO7EQ';
UPDATE `user_registration` SET left_downlines = left_downlines+1
WHERE `user_id` = 'UQO7EQ';
UPDATE `user_registration` SET total_downlines = total_downlines+1
WHERE `user_id` = 'N6GZAE';
UPDATE `user_registration` SET left_downlines = left_downlines+1
WHERE `user_id` = 'N6GZAE';
UPDATE `user_registration` SET total_downlines = total_downlines+1
WHERE `user_id` = '4E1CRI';
UPDATE `user_registration` SET left_downlines = left_downlines+1
WHERE `user_id` = '4E1CRI';
UPDATE `user_registration` SET total_downlines = total_downlines+1
WHERE `user_id` = 'SJBNYJ';
UPDATE `user_registration` SET left_downlines = left_downlines+1
WHERE `user_id` = 'SJBNYJ';
UPDATE `user_registration` SET total_downlines = total_downlines+1
WHERE `user_id` = '44B9Y4';
UPDATE `user_registration` SET left_downlines = left_downlines+1
WHERE `user_id` = '44B9Y4';
UPDATE `user_registration` SET total_downlines = total_downlines+1
WHERE `user_id` = 'admin';
UPDATE `user_registration` SET right_downlines = right_downlines+1
WHERE `user_id` = 'admin';
INSERT INTO `investment` (`invest_date`, `user_id`, `type`, `amount`, `package_id`) VALUES ('2025-01-24 22:44:55', 'L2MNP5', 'register', '595', '2');
INSERT INTO `earnings` (`user_id`, `Purchaser_id`, `earning_type`, `package_id`, `amount`, `date`, `comments`, `invest_amount`, `comm_perc`, `level`, `rank_id`, `order_id`) VALUES ('K55EDD', 'L2MNP5', 'Direct Referral Bonus', '2', '100', '2025-01-24 22:44:55', 'Direct Referral Bonus', 0, 0, 1, '', 31);
UPDATE `user_registration` SET commission_balance = ROUND(commission_balance + 100,2)
WHERE `user_id` = 'K55EDD';
UPDATE `user_registration` SET referral_bonus = ROUND(referral_bonus + 100,2)
WHERE `user_id` = 'K55EDD';
UPDATE `user_registration` SET total_points = ROUND(total_points + 50,2)
WHERE `user_id` = 'L2MNP5';
INSERT INTO `points_history` (`user_id`, `points`, `type`, `date`) VALUES ('L2MNP5', '50', 'register', '2025-01-24 22:44:');
INSERT INTO `matrix_filling` (`placement_id`, `downline_id`, `level`, `matrix`) VALUES ('HQTCGF', 'L2MNP5', 1, 1);
UPDATE `bv_updation` SET right_carry = right_carry+50, total_right = total_right+50
WHERE `user_id` = 'HQTCGF';
INSERT INTO `placement_bv_update_history` (`right_carry`, `date`, `from_id`, `user_id`) VALUES ('50', '2025-01-24 22:44:55', 'L2MNP5', 'HQTCGF');
INSERT INTO `matrix_filling` (`placement_id`, `downline_id`, `level`, `matrix`) VALUES ('K55EDD', 'L2MNP5', 2, 1);
UPDATE `bv_updation` SET right_carry = right_carry+50, total_right = total_right+50
WHERE `user_id` = 'K55EDD';
INSERT INTO `placement_bv_update_history` (`right_carry`, `date`, `from_id`, `user_id`) VALUES ('50', '2025-01-24 22:44:55', 'L2MNP5', 'K55EDD');
UPDATE `bv_updation` SET sponsor_right_carry = sponsor_right_carry+50, sponsor_total_right = sponsor_total_right+50
WHERE `user_id` = 'K55EDD';
INSERT INTO `sponsor_bv_update_history` (`right_carry`, `date`, `user_id`) VALUES ('50', '2025-01-24 22:44:55', 'K55EDD');
INSERT INTO `matrix_filling` (`placement_id`, `downline_id`, `level`, `matrix`) VALUES ('UQO7EQ', 'L2MNP5', 3, 1);
UPDATE `bv_updation` SET left_carry = left_carry+50, total_left = total_left+50
WHERE `user_id` = 'UQO7EQ';
INSERT INTO `placement_bv_update_history` (`left_carry`, `date`, `from_id`, `user_id`) VALUES ('50', '2025-01-24 22:44:55', 'L2MNP5', 'UQO7EQ');
INSERT INTO `matrix_filling` (`placement_id`, `downline_id`, `level`, `matrix`) VALUES ('N6GZAE', 'L2MNP5', 4, 1);
UPDATE `bv_updation` SET left_carry = left_carry+50, total_left = total_left+50
WHERE `user_id` = 'N6GZAE';
INSERT INTO `placement_bv_update_history` (`left_carry`, `date`, `from_id`, `user_id`) VALUES ('50', '2025-01-24 22:44:55', 'L2MNP5', 'N6GZAE');
INSERT INTO `matrix_filling` (`placement_id`, `downline_id`, `level`, `matrix`) VALUES ('4E1CRI', 'L2MNP5', 5, 1);
UPDATE `bv_updation` SET left_carry = left_carry+50, total_left = total_left+50
WHERE `user_id` = '4E1CRI';
INSERT INTO `placement_bv_update_history` (`left_carry`, `date`, `from_id`, `user_id`) VALUES ('50', '2025-01-24 22:44:55', 'L2MNP5', '4E1CRI');
INSERT INTO `matrix_filling` (`placement_id`, `downline_id`, `level`, `matrix`) VALUES ('SJBNYJ', 'L2MNP5', 6, 1);
UPDATE `bv_updation` SET left_carry = left_carry+50, total_left = total_left+50
WHERE `user_id` = 'SJBNYJ';
INSERT INTO `placement_bv_update_history` (`left_carry`, `date`, `from_id`, `user_id`) VALUES ('50', '2025-01-24 22:44:55', 'L2MNP5', 'SJBNYJ');
INSERT INTO `matrix_filling` (`placement_id`, `downline_id`, `level`, `matrix`) VALUES ('44B9Y4', 'L2MNP5', 7, 1);
UPDATE `bv_updation` SET left_carry = left_carry+50, total_left = total_left+50
WHERE `user_id` = '44B9Y4';
INSERT INTO `placement_bv_update_history` (`left_carry`, `date`, `from_id`, `user_id`) VALUES ('50', '2025-01-24 22:44:55', 'L2MNP5', '44B9Y4');
INSERT INTO `matrix_filling` (`placement_id`, `downline_id`, `level`, `matrix`) VALUES ('admin', 'L2MNP5', 8, 1);
UPDATE `bv_updation` SET right_carry = right_carry+50, total_right = total_right+50
WHERE `user_id` = 'admin';
INSERT INTO `placement_bv_update_history` (`right_carry`, `date`, `from_id`, `user_id`) VALUES ('50', '2025-01-24 22:44:55', 'L2MNP5', 'admin');
INSERT INTO `package_purchase_history` (`user_id`, `package_id`, `reg_fee`, `package_name`, `monthly_fee`, `type`, `date`, `payment_option`) VALUES ('L2MNP5', '2', '595', 'Traveler Pro', '150', 'sign_up', '2025-01-24 22:44:55', 'stripe');
UPDATE `user_registration` SET `popup_seen` = 'yes'
WHERE `user_id` = 'K55EDD';
INSERT INTO `temp_register` (`post_data`, `date`, `payment_method`, `type`) VALUES ('{\"uid\":\"2075\",\"user_id\":\"ZPMLYE\",\"username\":\"ehevia\",\"sponsor_id\":\"JHRDHS\",\"vacant\":\"no\",\"f_name\":\"Elina \",\"l_name\":\"Hevia\",\"position\":\"right\",\"email\":\"heviaelina17@gmail.com\",\"password\":\"bba09cf8fffa871672e366279a7b67bb\",\"phone\":\"7862615995\",\"country\":\"United States\",\"state\":\"Florida\",\"city\":\"Homestead\",\"street\":\"11343 sw  239 st\",\"zip_code\":\"33032\",\"reg_ip\":\"108.162.212.158\",\"status\":1,\"package_id\":\"2\",\"rank_id\":1,\"highest_rank\":1,\"cycle_rank_id\":1,\"created\":\"2025-01-24 22:45:38\",\"subscription_date\":\"2025-02-23\",\"google_secret\":\"WXP6CXOOW67MHTX2\"}', '2025-01-24 22:45:38', 'stripe', 'register');
UPDATE `user_registration` SET `popup_seen` = 'no'
WHERE `user_id` = 'JHRDHS';
DELETE FROM `ci_sessions`
WHERE `id` = '559ccf271b71c8f8ccbfb99380685bdede1529e7';
INSERT INTO `login_history` (`user_id`, `device`, `ip_address`, `date`) VALUES ('JHRDHS', 'Mozilla/5.0 (Macintosh; Intel Mac OS X 10_15_7) AppleWebKit/605.1.15 (KHTML, like Gecko) Version/17.6 Safari/605.1.15', '172.70.54.35', '25-01-24 22:46');
UPDATE `user_registration` SET `popup_seen` = 'yes'
WHERE `user_id` = 'JHRDHS';
UPDATE `ci_sessions` SET `timestamp` = 1737780464, `data` = '__ci_last_regenerate|i:1737780464;id|s:4:\"2052\";user_id|s:6:\"K55EDD\";username|s:10:\"Varadero20\";sponsor_id|s:6:\"UQO7EQ\";fullname|s:16:\"Francisco Prieto\";email|s:24:\"prieto112015@hotmail.com\";phone|s:10:\"3059264135\";isLogIn|b:1;'
WHERE `id` = '563b3e359f310a48a3665d2862b4f6500d6c485d';
UPDATE `user_registration` SET `popup_seen` = 'no'
WHERE `user_id` = 'K55EDD';
DELETE FROM `ci_sessions`
WHERE `id` = '70d3925bead5bd61c0cac4c760eb01115ebe5233';
INSERT INTO `login_history` (`user_id`, `device`, `ip_address`, `date`) VALUES ('UQO7EQ', 'Mozilla/5.0 (Windows NT 10.0; Win64; x64) AppleWebKit/537.36 (KHTML, like Gecko) Chrome/132.0.0.0 Safari/537.36', '108.162.212.189', '25-01-24 22:48');
UPDATE `user_registration` SET `popup_seen` = 'yes'
WHERE `user_id` = 'UQO7EQ';
UPDATE `user_registration` SET `popup_seen` = 'yes'
WHERE `user_id` = 'UQO7EQ';
INSERT INTO `login_history` (`user_id`, `device`, `ip_address`, `date`) VALUES ('L2MNP5', 'Mozilla/5.0 (Linux; Android 10; K) AppleWebKit/537.36 (KHTML, like Gecko) Chrome/131.0.0.0 Mobile Safari/537.36', '172.70.255.193', '25-01-24 22:54');
UPDATE `user_registration` SET `popup_seen` = 'yes'
WHERE `user_id` = 'L2MNP5';
UPDATE `ci_sessions` SET `timestamp` = 1737780981, `data` = '__ci_last_regenerate|i:1737780981;id|s:4:\"2042\";user_id|s:6:\"UQO7EQ\";username|s:6:\"Rafa51\";sponsor_id|s:6:\"N6GZAE\";fullname|s:16:\"Rafael Rodriguez\";email|s:18:\"rafagana@yahoo.com\";phone|s:10:\"3057610606\";isLogIn|b:1;'
WHERE `id` = '744f7171579fc3c8bef931db8ffdafebf0c4477f';
UPDATE `ci_sessions` SET `timestamp` = 1737781080, `data` = '__ci_last_regenerate|i:1737781080;reg_stripe_id|i:42;'
WHERE `id` = 'd85a989802b3d7b1dcdcd61c7f13d43fd02c9091';
UPDATE `ci_sessions` SET `timestamp` = 1737781258, `data` = '__ci_last_regenerate|i:1737781258;id|s:4:\"2071\";user_id|s:6:\"JHRDHS\";username|s:7:\"mbecena\";sponsor_id|s:6:\"CVVK4C\";fullname|s:12:\"Maria Becena\";email|s:21:\"mbecena@bellsouth.net\";phone|s:10:\"7862360387\";isLogIn|b:1;'
WHERE `id` = 'd2eb7f336ad95dd49139e17e16478f7e16af875e';
INSERT INTO `temp_register` (`post_data`, `date`, `payment_method`, `type`) VALUES ('{\"uid\":\"2075\",\"user_id\":\"NPUSEJ\",\"username\":\"ehevia\",\"sponsor_id\":\"JHRDHS\",\"vacant\":\"no\",\"f_name\":\"Elina\",\"l_name\":\"Hevia\",\"position\":\"right\",\"email\":\"heviaelina17@gmail.com\",\"password\":\"5a467099ac93b10c60acea966f50064f\",\"phone\":\"7862615995\",\"country\":\"United States\",\"state\":\"Florida\",\"city\":\"Homestead\",\"street\":\"11343 SW 239th Street\",\"zip_code\":\"33032\",\"reg_ip\":\"172.70.55.204\",\"status\":1,\"package_id\":\"2\",\"rank_id\":1,\"highest_rank\":1,\"cycle_rank_id\":1,\"created\":\"2025-01-24 23:00:58\",\"subscription_date\":\"2025-02-23\",\"google_secret\":\"YDKPE7V63N2LVDI6\"}', '2025-01-24 23:00:58', 'stripe', 'register');
UPDATE `ci_sessions` SET `timestamp` = 1737781266, `data` = '__ci_last_regenerate|i:1737781266;id|s:4:\"2059\";user_id|s:6:\"L2MNP5\";username|s:8:\"LCOMiami\";sponsor_id|s:6:\"K55EDD\";fullname|s:23:\"Leonardo Camacho Oviedo\";email|s:29:\"caimandelcaribe1964@gmail.com\";phone|s:10:\"9082908827\";isLogIn|b:1;'
WHERE `id` = 'c329a8cedfe70fb39ddff2cd0c84eb7fe6d59f7a';
UPDATE `user_registration` SET `popup_seen` = 'no'
WHERE `user_id` = 'L2MNP5';
DELETE FROM `ci_sessions`
WHERE `id` = 'ef205e9b93598410cd1523fd801855b67678d8f7';
UPDATE `ci_sessions` SET `timestamp` = 1737781354, `data` = '__ci_last_regenerate|i:1737781354;id|s:4:\"2042\";user_id|s:6:\"UQO7EQ\";username|s:6:\"Rafa51\";sponsor_id|s:6:\"N6GZAE\";fullname|s:16:\"Rafael Rodriguez\";email|s:18:\"rafagana@yahoo.com\";phone|s:10:\"3057610606\";isLogIn|b:1;'
WHERE `id` = '6d0568b5816839b54318f660d7cbae2542cdd5e4';
UPDATE `user_registration` SET `popup_seen` = 'no'
WHERE `user_id` = 'UQO7EQ';
DELETE FROM `ci_sessions`
WHERE `id` = 'd89bcf22c27945c2d6f78a6e0a524a00218257b8';
UPDATE `ci_sessions` SET `timestamp` = 1737781496, `data` = '__ci_last_regenerate|i:1737781496;'
WHERE `id` = '30cab4c960380df8dc5aae5ee0e3368c27f470c7';
UPDATE `ci_sessions` SET `timestamp` = 1737781615, `data` = '__ci_last_regenerate|i:1737781615;id|s:4:\"2071\";user_id|s:6:\"JHRDHS\";username|s:7:\"mbecena\";sponsor_id|s:6:\"CVVK4C\";fullname|s:12:\"Maria Becena\";email|s:21:\"mbecena@bellsouth.net\";phone|s:10:\"7862360387\";isLogIn|b:1;reg_stripe_id|i:43;'
WHERE `id` = '941eb7a785c50a3802ebf17564c232e259bee346';
UPDATE `user_registration` SET `popup_seen` = 'yes'
WHERE `user_id` = 'JHRDHS';
UPDATE `user_registration` SET `popup_seen` = 'yes'
WHERE `user_id` = 'JHRDHS';
UPDATE `user_registration` SET `default_leg` = 'left'
WHERE `user_id` = 'JHRDHS';
UPDATE `user_registration` SET `popup_seen` = 'yes'
WHERE `user_id` = 'JHRDHS';
UPDATE `ci_sessions` SET `timestamp` = 1737781759, `data` = '__ci_last_regenerate|i:1737781759;'
WHERE `id` = '2397d881399754c4e79ab014d26fe81672ee2b7b';
UPDATE `ci_sessions` SET `timestamp` = 1737781949, `data` = '__ci_last_regenerate|i:1737781949;id|s:4:\"2071\";user_id|s:6:\"JHRDHS\";username|s:7:\"mbecena\";sponsor_id|s:6:\"CVVK4C\";fullname|s:12:\"Maria Becena\";email|s:21:\"mbecena@bellsouth.net\";phone|s:10:\"7862360387\";isLogIn|b:1;reg_stripe_id|i:43;'
WHERE `id` = '8dbbce47402dd1cd3754329a7b6a109737f50cbf';
UPDATE `user_registration` SET `popup_seen` = 'yes'
WHERE `user_id` = 'JHRDHS';
UPDATE `user_registration` SET `popup_seen` = 'no'
WHERE `user_id` = 'JHRDHS';
DELETE FROM `ci_sessions`
WHERE `id` = '0757294b70cac4cd971b416d5b791be442e18256';
INSERT INTO `login_history` (`user_id`, `device`, `ip_address`, `date`) VALUES ('44B9Y4', 'Mozilla/5.0 (X11; Linux x86_64) AppleWebKit/537.36 (KHTML, like Gecko) Chrome/131.0.0.0 Safari/537.36', '172.70.255.70', '25-01-24 23:51');
UPDATE `user_registration` SET `popup_seen` = 'yes'
WHERE `user_id` = '44B9Y4';
INSERT INTO `cron_job_history` (`name`, `date_started`, `status`) VALUES ('backup', '2025-01-25 00:00:02', 'started');
UPDATE `cron_job_history` SET `status` = 'done', `date_end` = '2025-01-25 00:00:02'
WHERE `id` = 155;
INSERT INTO `cron_job_history` (`name`, `date_started`, `status`) VALUES ('deduct_sub_amt_from_ewallet', '2025-01-25 00:05:01', 'started');
UPDATE `cron_job_history` SET `status` = 'done', `date_end` = '2025-01-25 00:05:01'
WHERE `id` = 156;
INSERT INTO `login_history` (`user_id`, `device`, `ip_address`, `date`) VALUES ('AABG7W', 'Mozilla/5.0 (Linux; Android 10; K) AppleWebKit/537.36 (KHTML, like Gecko) Chrome/132.0.0.0 Mobile Safari/537.36', '172.70.54.94', '25-01-25 03:24');
UPDATE `user_registration` SET `popup_seen` = 'yes'
WHERE `user_id` = 'AABG7W';
UPDATE `user_registration` SET `popup_seen` = 'yes'
WHERE `user_id` = 'AABG7W';
UPDATE `ci_sessions` SET `timestamp` = 1737797425, `data` = '__ci_last_regenerate|i:1737797425;id|s:4:\"2057\";user_id|s:6:\"AABG7W\";username|s:10:\"freeurlife\";sponsor_id|s:6:\"UQO7EQ\";fullname|s:12:\"Lesli Andreu\";email|s:21:\"cranbarrier@gmail.com\";phone|s:10:\"7864171626\";isLogIn|b:1;'
WHERE `id` = '29070e0958c917c2ba1c729bbe59fc2f404b3a73';
INSERT INTO `login_history` (`user_id`, `device`, `ip_address`, `date`) VALUES ('K55EDD', 'Mozilla/5.0 (iPhone; CPU iPhone OS 18_0 like Mac OS X) AppleWebKit/605.1.15 (KHTML, like Gecko) Version/18.0 Mobile/15E148 Safari/604.1', '108.162.210.220', '25-01-25 03:50');
UPDATE `user_registration` SET `popup_seen` = 'yes'
WHERE `user_id` = 'K55EDD';
UPDATE `user_registration` SET `popup_seen` = 'yes'
WHERE `user_id` = 'K55EDD';
UPDATE `user_registration` SET `popup_seen` = 'yes'
WHERE `user_id` = 'K55EDD';
UPDATE `user_registration` SET `popup_seen` = 'yes'
WHERE `user_id` = 'K55EDD';
UPDATE `user_registration` SET `popup_seen` = 'yes'
WHERE `user_id` = 'K55EDD';
UPDATE `ci_sessions` SET `timestamp` = 1737798786, `data` = '__ci_last_regenerate|i:1737798786;id|s:4:\"2052\";user_id|s:6:\"K55EDD\";username|s:10:\"Varadero20\";sponsor_id|s:6:\"UQO7EQ\";fullname|s:16:\"Francisco Prieto\";email|s:24:\"prieto112015@hotmail.com\";phone|s:10:\"3059264135\";isLogIn|b:1;'
WHERE `id` = '07a006b60bbb7239b34a117ab903fe7795cbafd2';
UPDATE `user_registration` SET `popup_seen` = 'yes'
WHERE `user_id` = 'K55EDD';
UPDATE `user_registration` SET `popup_seen` = 'yes'
WHERE `user_id` = 'K55EDD';
UPDATE `user_registration` SET `popup_seen` = 'yes'
WHERE `user_id` = 'K55EDD';
UPDATE `user_registration` SET `popup_seen` = 'yes'
WHERE `user_id` = 'K55EDD';
INSERT INTO `login_history` (`user_id`, `device`, `ip_address`, `date`) VALUES ('U7SMZ8', 'Mozilla/5.0 (Macintosh; Intel Mac OS X 10_15_7) AppleWebKit/605.1.15 (KHTML, like Gecko) Version/17.6 Safari/605.1.15', '172.70.255.17', '25-01-25 06:08');
UPDATE `user_registration` SET `popup_seen` = 'yes'
WHERE `user_id` = 'U7SMZ8';
UPDATE `user_registration` SET `popup_seen` = 'yes'
WHERE `user_id` = 'U7SMZ8';
UPDATE `user_registration` SET `popup_seen` = 'yes'
WHERE `user_id` = 'U7SMZ8';
UPDATE `user_registration` SET `popup_seen` = 'yes'
WHERE `user_id` = 'U7SMZ8';
UPDATE `ci_sessions` SET `timestamp` = 1737807259, `data` = '__ci_last_regenerate|i:1737807259;id|s:4:\"2061\";user_id|s:6:\"U7SMZ8\";username|s:6:\"Clau66\";sponsor_id|s:6:\"UQO7EQ\";fullname|s:14:\"Claudia Pisana\";email|s:21:\"claujor06@hotmail.com\";phone|s:10:\"7863843449\";isLogIn|b:1;'
WHERE `id` = 'c0c6201eba399496c75ac4b7d83347ff21f293ee';
UPDATE `user_registration` SET `popup_seen` = 'yes'
WHERE `user_id` = 'U7SMZ8';
UPDATE `user_registration` SET `popup_seen` = 'yes'
WHERE `user_id` = 'U7SMZ8';
UPDATE `user_registration` SET `popup_seen` = 'no'
WHERE `user_id` = 'U7SMZ8';
DELETE FROM `ci_sessions`
WHERE `id` = '929ce0cf9068e36e593db877d114bf9ee2557d22';
INSERT INTO `temp_register` (`post_data`, `date`, `payment_method`, `type`) VALUES ('{\"uid\":\"2073\",\"user_id\":\"XHO8CJ\",\"username\":\"Ariel78\",\"sponsor_id\":\"U7SMZ8\",\"vacant\":\"no\",\"f_name\":\"Ariel\",\"l_name\":\"Zomoza\",\"position\":\"right\",\"email\":\"arielzomoza@hotmail.com\",\"password\":\"ec52c3e378ca50315593ee071b4b8445\",\"phone\":\"7863844290\",\"country\":\"United States\",\"state\":\"Florida\",\"city\":\"Hialeah\",\"street\":\"7381 W 31 ave\",\"zip_code\":\"33018\",\"reg_ip\":\"172.70.254.50\",\"status\":1,\"package_id\":\"2\",\"rank_id\":1,\"highest_rank\":1,\"cycle_rank_id\":1,\"created\":\"2025-01-25 06:16:37\",\"subscription_date\":\"2025-02-24\",\"google_secret\":\"5WW4YYWQALWVDGLL\"}', '2025-01-25 06:16:37', 'stripe', 'register');
UPDATE `ci_sessions` SET `timestamp` = 1737807433, `data` = '__ci_last_regenerate|i:1737807433;reg_stripe_id|i:44;'
WHERE `id` = '1bd4f15a63f3e707cfe1a18829f4e10d88d2f96d';
UPDATE `temp_register` SET `response` = '{\"stripeToken\":\"tok_1Ql8IU2NUoYUjiuu5YF4r3o0\",\"stripeTokenType\":\"card\",\"stripeEmail\":\"arielzomoza@hotmail.com\"}', `date_modified` = '2025-01-25 06:17:15', `payment_status` = '{\"id\":\"ch_3Ql8IZ2NUoYUjiuu03Nj0S4E\",\"object\":\"charge\",\"amount\":59500,\"amount_captured\":59500,\"amount_refunded\":0,\"application\":null,\"application_fee\":null,\"application_fee_amount\":null,\"balance_transaction\":\"txn_3Ql8IZ2NUoYUjiuu0SiANGvr\",\"billing_details\":{\"address\":{\"city\":null,\"country\":null,\"line1\":null,\"line2\":null,\"postal_code\":null,\"state\":null},\"email\":null,\"name\":\"arielzomoza@hotmail.com\",\"phone\":null},\"calculated_statement_descriptor\":\"TRAVELEGENDCY LLC\",\"captured\":true,\"created\":1737807435,\"currency\":\"usd\",\"customer\":\"cus_ReRAMmVYS9ao3m\",\"description\":null,\"destination\":null,\"dispute\":null,\"disputed\":false,\"failure_balance_transaction\":null,\"failure_code\":null,\"failure_message\":null,\"fraud_details\":[],\"invoice\":null,\"livemode\":true,\"metadata\":{\"name\":\"Ariel Zomoza\",\"username\":\"Ariel78\"},\"on_behalf_of\":null,\"order\":null,\"outcome\":{\"advice_code\":null,\"network_advice_code\":null,\"network_decline_code\":null,\"network_status\":\"approved_by_network\",\"reason\":null,\"risk_level\":\"normal\",\"seller_message\":\"Payment complete.\",\"type\":\"authorized\"},\"paid\":true,\"payment_intent\":null,\"payment_method\":\"card_1Ql8IU2NUoYUjiuujQAEz3O5\",\"payment_method_details\":{\"card\":{\"amount_authorized\":59500,\"authorization_code\":\"025015\",\"brand\":\"visa\",\"checks\":{\"address_line1_check\":null,\"address_postal_code_check\":null,\"cvc_check\":\"pass\"},\"country\":\"US\",\"exp_month\":8,\"exp_year\":2028,\"extended_authorization\":{\"status\":\"disabled\"},\"fingerprint\":\"husSOllWn3M9fXDW\",\"funding\":\"credit\",\"incremental_authorization\":{\"status\":\"unavailable\"},\"installments\":null,\"last4\":\"8030\",\"mandate\":null,\"multicapture\":{\"status\":\"unavailable\"},\"network\":\"visa\",\"network_token\":{\"used\":false},\"network_transaction_id\":\"465025442363225\",\"overcapture\":{\"maximum_amount_capturable\":59500,\"status\":\"unavailable\"},\"regulated_status\":\"unregulated\",\"three_d_secure\":null,\"wallet\":null},\"type\":\"card\"},\"receipt_email\":null,\"receipt_number\":null,\"receipt_url\":\"https:\\/\\/pay.stripe.com\\/receipts\\/payment\\/CAcQARoXChVhY2N0XzFRUEFGdjJOVW9ZVWppdXUozKzTvAYyBkM6qnx8JzosFpqyzr3hq6aJw-sOERNefc1BvApYK1rAwmoBBC6IK4qidQaGxJosnwWVk3Q\",\"refunded\":false,\"review\":null,\"shipping\":null,\"source\":{\"id\":\"card_1Ql8IU2NUoYUjiuujQAEz3O5\",\"object\":\"card\",\"address_city\":null,\"address_country\":null,\"address_line1\":null,\"address_line1_check\":null,\"address_line2\":null,\"address_state\":null,\"address_zip\":null,\"address_zip_check\":null,\"allow_redisplay\":\"unspecified\",\"brand\":\"Visa\",\"country\":\"US\",\"customer\":\"cus_ReRAMmVYS9ao3m\",\"cvc_check\":\"pass\",\"dynamic_last4\":null,\"exp_month\":8,\"exp_year\":2028,\"fingerprint\":\"husSOllWn3M9fXDW\",\"funding\":\"credit\",\"last4\":\"8030\",\"metadata\":[],\"name\":\"arielzomoza@hotmail.com\",\"regulated_status\":\"unregulated\",\"tokenization_method\":null,\"wallet\":null},\"source_transfer\":null,\"statement_descriptor\":null,\"statement_descriptor_suffix\":null,\"status\":\"succeeded\",\"transfer_data\":null,\"transfer_group\":null}'
WHERE `id` = 44;
UPDATE `user_registration` SET `uid` = '2073', `user_id` = 'XHO8CJ', `username` = 'Ariel78', `sponsor_id` = 'U7SMZ8', `vacant` = 'no', `f_name` = 'Ariel', `l_name` = 'Zomoza', `position` = 'right', `email` = 'arielzomoza@hotmail.com', `password` = 'ec52c3e378ca50315593ee071b4b8445', `phone` = '7863844290', `country` = 'United States', `state` = 'Florida', `city` = 'Hialeah', `street` = '7381 W 31 ave', `zip_code` = '33018', `reg_ip` = '172.70.254.50', `status` = 1, `package_id` = '2', `rank_id` = 1, `highest_rank` = 1, `cycle_rank_id` = 1, `created` = '2025-01-25 06:16:37', `subscription_date` = '2025-02-24', `google_secret` = '5WW4YYWQALWVDGLL'
WHERE `uid` = '2073';
INSERT INTO `user_registration` (`uid`, `user_id`, `username`, `sponsor_id`, `placement_id`, `vacant`, `f_name`, `l_name`, `address`, `position`, `email`, `password`, `phone`, `reg_ip`, `status`, `created`) VALUES (NULL, 'FQDPZD', 'znUjGseI', 'XHO8CJ', 'XHO8CJ', 'yes', '', '', '', 'left', '@mail.com', '', '', '', 0, '2025-01-25 06:17:15');
INSERT INTO `user_registration` (`uid`, `user_id`, `username`, `sponsor_id`, `placement_id`, `vacant`, `f_name`, `l_name`, `address`, `position`, `email`, `password`, `phone`, `reg_ip`, `status`, `created`) VALUES (NULL, 'WOHMQV', 'uwFczsBf', 'XHO8CJ', 'XHO8CJ', 'yes', '', '', '', 'right', '@mail.com', '', '', '', 0, '2025-01-25 06:17:15');
INSERT INTO `bv_updation` (`user_id`) VALUES ('XHO8CJ');
UPDATE `user_registration` SET total_ref_count = total_ref_count+1
WHERE `user_id` = 'U7SMZ8';
UPDATE `user_registration` SET total_downlines = total_downlines+1
WHERE `user_id` = 'U7SMZ8';
UPDATE `user_registration` SET right_downlines = right_downlines+1
WHERE `user_id` = 'U7SMZ8';
UPDATE `user_registration` SET right_ref_count = right_ref_count+1
WHERE `user_id` = 'U7SMZ8';
UPDATE `user_registration` SET active_right = active_right+1
WHERE `user_id` = 'U7SMZ8';
UPDATE `user_registration` SET total_downlines = total_downlines+1
WHERE `user_id` = 'AABG7W';
UPDATE `user_registration` SET right_downlines = right_downlines+1
WHERE `user_id` = 'AABG7W';
UPDATE `user_registration` SET total_downlines = total_downlines+1
WHERE `user_id` = '3ZDIFO';
UPDATE `user_registration` SET right_downlines = right_downlines+1
WHERE `user_id` = '3ZDIFO';
UPDATE `user_registration` SET total_downlines = total_downlines+1
WHERE `user_id` = 'UQO7EQ';
UPDATE `user_registration` SET right_downlines = right_downlines+1
WHERE `user_id` = 'UQO7EQ';
UPDATE `user_registration` SET total_downlines = total_downlines+1
WHERE `user_id` = 'N6GZAE';
UPDATE `user_registration` SET left_downlines = left_downlines+1
WHERE `user_id` = 'N6GZAE';
UPDATE `user_registration` SET total_downlines = total_downlines+1
WHERE `user_id` = '4E1CRI';
UPDATE `user_registration` SET left_downlines = left_downlines+1
WHERE `user_id` = '4E1CRI';
UPDATE `user_registration` SET total_downlines = total_downlines+1
WHERE `user_id` = 'SJBNYJ';
UPDATE `user_registration` SET left_downlines = left_downlines+1
WHERE `user_id` = 'SJBNYJ';
UPDATE `user_registration` SET total_downlines = total_downlines+1
WHERE `user_id` = '44B9Y4';
UPDATE `user_registration` SET left_downlines = left_downlines+1
WHERE `user_id` = '44B9Y4';
UPDATE `user_registration` SET total_downlines = total_downlines+1
WHERE `user_id` = 'admin';
UPDATE `user_registration` SET right_downlines = right_downlines+1
WHERE `user_id` = 'admin';
INSERT INTO `investment` (`invest_date`, `user_id`, `type`, `amount`, `package_id`) VALUES ('2025-01-25 06:17:15', 'XHO8CJ', 'register', '595', '2');
INSERT INTO `earnings` (`user_id`, `Purchaser_id`, `earning_type`, `package_id`, `amount`, `date`, `comments`, `invest_amount`, `comm_perc`, `level`, `rank_id`, `order_id`) VALUES ('U7SMZ8', 'XHO8CJ', 'Direct Referral Bonus', '2', '100', '2025-01-25 06:17:15', 'Direct Referral Bonus', 0, 0, 1, '', 32);
UPDATE `user_registration` SET commission_balance = ROUND(commission_balance + 100,2)
WHERE `user_id` = 'U7SMZ8';
UPDATE `user_registration` SET referral_bonus = ROUND(referral_bonus + 100,2)
WHERE `user_id` = 'U7SMZ8';
UPDATE `user_registration` SET total_points = ROUND(total_points + 50,2)
WHERE `user_id` = 'XHO8CJ';
INSERT INTO `points_history` (`user_id`, `points`, `type`, `date`) VALUES ('XHO8CJ', '50', 'register', '2025-01-25 06:17:');
INSERT INTO `matrix_filling` (`placement_id`, `downline_id`, `level`, `matrix`) VALUES ('U7SMZ8', 'XHO8CJ', 1, 1);
UPDATE `bv_updation` SET right_carry = right_carry+50, total_right = total_right+50
WHERE `user_id` = 'U7SMZ8';
INSERT INTO `placement_bv_update_history` (`right_carry`, `date`, `from_id`, `user_id`) VALUES ('50', '2025-01-25 06:17:15', 'XHO8CJ', 'U7SMZ8');
UPDATE `bv_updation` SET sponsor_right_carry = sponsor_right_carry+50, sponsor_total_right = sponsor_total_right+50
WHERE `user_id` = 'U7SMZ8';
INSERT INTO `sponsor_bv_update_history` (`right_carry`, `date`, `user_id`) VALUES ('50', '2025-01-25 06:17:15', 'U7SMZ8');
INSERT INTO `matrix_filling` (`placement_id`, `downline_id`, `level`, `matrix`) VALUES ('AABG7W', 'XHO8CJ', 2, 1);
UPDATE `bv_updation` SET right_carry = right_carry+50, total_right = total_right+50
WHERE `user_id` = 'AABG7W';
INSERT INTO `placement_bv_update_history` (`right_carry`, `date`, `from_id`, `user_id`) VALUES ('50', '2025-01-25 06:17:15', 'XHO8CJ', 'AABG7W');
INSERT INTO `matrix_filling` (`placement_id`, `downline_id`, `level`, `matrix`) VALUES ('3ZDIFO', 'XHO8CJ', 3, 1);
UPDATE `bv_updation` SET right_carry = right_carry+50, total_right = total_right+50
WHERE `user_id` = '3ZDIFO';
INSERT INTO `placement_bv_update_history` (`right_carry`, `date`, `from_id`, `user_id`) VALUES ('50', '2025-01-25 06:17:15', 'XHO8CJ', '3ZDIFO');
INSERT INTO `matrix_filling` (`placement_id`, `downline_id`, `level`, `matrix`) VALUES ('UQO7EQ', 'XHO8CJ', 4, 1);
UPDATE `bv_updation` SET right_carry = right_carry+50, total_right = total_right+50
WHERE `user_id` = 'UQO7EQ';
INSERT INTO `placement_bv_update_history` (`right_carry`, `date`, `from_id`, `user_id`) VALUES ('50', '2025-01-25 06:17:15', 'XHO8CJ', 'UQO7EQ');
INSERT INTO `matrix_filling` (`placement_id`, `downline_id`, `level`, `matrix`) VALUES ('N6GZAE', 'XHO8CJ', 5, 1);
UPDATE `bv_updation` SET left_carry = left_carry+50, total_left = total_left+50
WHERE `user_id` = 'N6GZAE';
INSERT INTO `placement_bv_update_history` (`left_carry`, `date`, `from_id`, `user_id`) VALUES ('50', '2025-01-25 06:17:15', 'XHO8CJ', 'N6GZAE');
INSERT INTO `matrix_filling` (`placement_id`, `downline_id`, `level`, `matrix`) VALUES ('4E1CRI', 'XHO8CJ', 6, 1);
UPDATE `bv_updation` SET left_carry = left_carry+50, total_left = total_left+50
WHERE `user_id` = '4E1CRI';
INSERT INTO `placement_bv_update_history` (`left_carry`, `date`, `from_id`, `user_id`) VALUES ('50', '2025-01-25 06:17:15', 'XHO8CJ', '4E1CRI');
INSERT INTO `matrix_filling` (`placement_id`, `downline_id`, `level`, `matrix`) VALUES ('SJBNYJ', 'XHO8CJ', 7, 1);
UPDATE `bv_updation` SET left_carry = left_carry+50, total_left = total_left+50
WHERE `user_id` = 'SJBNYJ';
INSERT INTO `placement_bv_update_history` (`left_carry`, `date`, `from_id`, `user_id`) VALUES ('50', '2025-01-25 06:17:15', 'XHO8CJ', 'SJBNYJ');
INSERT INTO `matrix_filling` (`placement_id`, `downline_id`, `level`, `matrix`) VALUES ('44B9Y4', 'XHO8CJ', 8, 1);
UPDATE `bv_updation` SET left_carry = left_carry+50, total_left = total_left+50
WHERE `user_id` = '44B9Y4';
INSERT INTO `placement_bv_update_history` (`left_carry`, `date`, `from_id`, `user_id`) VALUES ('50', '2025-01-25 06:17:15', 'XHO8CJ', '44B9Y4');
INSERT INTO `matrix_filling` (`placement_id`, `downline_id`, `level`, `matrix`) VALUES ('admin', 'XHO8CJ', 9, 1);
UPDATE `bv_updation` SET right_carry = right_carry+50, total_right = total_right+50
WHERE `user_id` = 'admin';
INSERT INTO `placement_bv_update_history` (`right_carry`, `date`, `from_id`, `user_id`) VALUES ('50', '2025-01-25 06:17:15', 'XHO8CJ', 'admin');
INSERT INTO `package_purchase_history` (`user_id`, `package_id`, `reg_fee`, `package_name`, `monthly_fee`, `type`, `date`, `payment_option`) VALUES ('XHO8CJ', '2', '595', 'Traveler Pro', '150', 'sign_up', '2025-01-25 06:17:15', 'stripe');
UPDATE `ci_sessions` SET `timestamp` = 1737807592, `data` = '__ci_last_regenerate|i:1737807592;captcha|s:4:\"fhob\";'
WHERE `id` = 'c5040bf19824fa499de58dee5f1f1f92b9263d81';
INSERT INTO `login_history` (`user_id`, `device`, `ip_address`, `date`) VALUES ('U7SMZ8', 'Mozilla/5.0 (Macintosh; Intel Mac OS X 10_15_7) AppleWebKit/605.1.15 (KHTML, like Gecko) Version/17.6 Safari/605.1.15', '172.70.255.17', '25-01-25 06:20');
UPDATE `user_registration` SET `popup_seen` = 'yes'
WHERE `user_id` = 'U7SMZ8';
INSERT INTO `login_history` (`user_id`, `device`, `ip_address`, `date`) VALUES ('XHO8CJ', 'Mozilla/5.0 (Windows NT 10.0; Win64; x64) AppleWebKit/537.36 (KHTML, like Gecko) Chrome/131.0.0.0 Safari/537.36', '172.70.82.107', '25-01-25 06:21');
UPDATE `user_registration` SET `popup_seen` = 'yes'
WHERE `user_id` = 'XHO8CJ';
UPDATE `user_registration` SET `popup_seen` = 'yes'
WHERE `user_id` = 'U7SMZ8';
INSERT INTO `temp_register` (`post_data`, `date`, `payment_method`, `type`) VALUES ('{\"uid\":\"2074\",\"user_id\":\"L8NRSC\",\"username\":\"ehevia\",\"sponsor_id\":\"JHRDHS\",\"vacant\":\"no\",\"f_name\":\"Elina \",\"l_name\":\"Hevia\",\"position\":\"left\",\"email\":\"heviaelina17@gmail.com\",\"password\":\"bba09cf8fffa871672e366279a7b67bb\",\"phone\":\"7862615995\",\"country\":\"United States\",\"state\":\"Florida\",\"city\":\"Homestead\",\"street\":\"11343 sw  239 st\",\"zip_code\":\"33032\",\"reg_ip\":\"172.70.54.187\",\"status\":1,\"package_id\":\"2\",\"rank_id\":1,\"highest_rank\":1,\"cycle_rank_id\":1,\"created\":\"2025-01-25 06:21:57\",\"subscription_date\":\"2025-02-24\",\"google_secret\":\"GIBEXP7GS3S5U45E\"}', '2025-01-25 06:21:57', 'stripe', 'register');
UPDATE `ci_sessions` SET `timestamp` = 1737807744, `data` = '__ci_last_regenerate|i:1737807744;id|s:4:\"2073\";user_id|s:6:\"XHO8CJ\";username|s:7:\"Ariel78\";sponsor_id|s:6:\"U7SMZ8\";fullname|s:12:\"Ariel Zomoza\";email|s:23:\"arielzomoza@hotmail.com\";phone|s:10:\"7863844290\";isLogIn|b:1;message|s:20:\"Welcome Ariel Zomoza\";__ci_vars|a:1:{s:7:\"message\";s:3:\"old\";}'
WHERE `id` = '8af5282791ed54efbb9e6d14f1977750aa185e04';
UPDATE `user_registration` SET `popup_seen` = 'yes'
WHERE `user_id` = 'XHO8CJ';
UPDATE `temp_register` SET `response` = '{\"stripeToken\":\"tok_1Ql8Oe2NUoYUjiuuu5Uufolz\",\"stripeTokenType\":\"card\",\"stripeEmail\":\"heviaelina17@gmail.com\"}', `date_modified` = '2025-01-25 06:23:37', `payment_status` = '{\"id\":\"ch_3Ql8Oj2NUoYUjiuu0v8qnYxt\",\"object\":\"charge\",\"amount\":59500,\"amount_captured\":59500,\"amount_refunded\":0,\"application\":null,\"application_fee\":null,\"application_fee_amount\":null,\"balance_transaction\":\"txn_3Ql8Oj2NUoYUjiuu060dSWiz\",\"billing_details\":{\"address\":{\"city\":null,\"country\":null,\"line1\":null,\"line2\":null,\"postal_code\":null,\"state\":null},\"email\":null,\"name\":\"heviaelina17@gmail.com\",\"phone\":null},\"calculated_statement_descriptor\":\"TRAVELEGENDCY LLC\",\"captured\":true,\"created\":1737807817,\"currency\":\"usd\",\"customer\":\"cus_ReRHxokbMQAs1D\",\"description\":null,\"destination\":null,\"dispute\":null,\"disputed\":false,\"failure_balance_transaction\":null,\"failure_code\":null,\"failure_message\":null,\"fraud_details\":[],\"invoice\":null,\"livemode\":true,\"metadata\":{\"name\":\"Elina  Hevia\",\"username\":\"ehevia\"},\"on_behalf_of\":null,\"order\":null,\"outcome\":{\"advice_code\":null,\"network_advice_code\":null,\"network_decline_code\":null,\"network_status\":\"approved_by_network\",\"reason\":null,\"risk_level\":\"normal\",\"seller_message\":\"Payment complete.\",\"type\":\"authorized\"},\"paid\":true,\"payment_intent\":null,\"payment_method\":\"card_1Ql8Oe2NUoYUjiuupV5E1x0I\",\"payment_method_details\":{\"card\":{\"amount_authorized\":59500,\"authorization_code\":\"082307\",\"brand\":\"visa\",\"checks\":{\"address_line1_check\":null,\"address_postal_code_check\":null,\"cvc_check\":\"pass\"},\"country\":\"US\",\"exp_month\":5,\"exp_year\":2029,\"extended_authorization\":{\"status\":\"disabled\"},\"fingerprint\":\"HBK4MXPOyJzX9mb2\",\"funding\":\"debit\",\"incremental_authorization\":{\"status\":\"unavailable\"},\"installments\":null,\"last4\":\"5279\",\"mandate\":null,\"multicapture\":{\"status\":\"unavailable\"},\"network\":\"visa\",\"network_token\":{\"used\":true},\"network_transaction_id\":\"585025446171250\",\"overcapture\":{\"maximum_amount_capturable\":59500,\"status\":\"unavailable\"},\"regulated_status\":\"regulated\",\"three_d_secure\":null,\"wallet\":null},\"type\":\"card\"},\"receipt_email\":null,\"receipt_number\":null,\"receipt_url\":\"https:\\/\\/pay.stripe.com\\/receipts\\/payment\\/CAcQARoXChVhY2N0XzFRUEFGdjJOVW9ZVWppdXUoyq_TvAYyBrsy-UoOejosFt9keIMY6B81qHm3nSUR4ozABuTtD4RAlQB7YCgxpZxS9NB0LWybs3B6SUQ\",\"refunded\":false,\"review\":null,\"shipping\":null,\"source\":{\"id\":\"card_1Ql8Oe2NUoYUjiuupV5E1x0I\",\"object\":\"card\",\"address_city\":null,\"address_country\":null,\"address_line1\":null,\"address_line1_check\":null,\"address_line2\":null,\"address_state\":null,\"address_zip\":null,\"address_zip_check\":null,\"allow_redisplay\":\"unspecified\",\"brand\":\"Visa\",\"country\":\"US\",\"customer\":\"cus_ReRHxokbMQAs1D\",\"cvc_check\":\"pass\",\"dynamic_last4\":null,\"exp_month\":5,\"exp_year\":2029,\"fingerprint\":\"HBK4MXPOyJzX9mb2\",\"funding\":\"debit\",\"last4\":\"5279\",\"metadata\":[],\"name\":\"heviaelina17@gmail.com\",\"regulated_status\":\"regulated\",\"tokenization_method\":null,\"wallet\":null},\"source_transfer\":null,\"statement_descriptor\":null,\"statement_descriptor_suffix\":null,\"status\":\"succeeded\",\"transfer_data\":null,\"transfer_group\":null}'
WHERE `id` = 45;
UPDATE `user_registration` SET `uid` = '2074', `user_id` = 'L8NRSC', `username` = 'ehevia', `sponsor_id` = 'JHRDHS', `vacant` = 'no', `f_name` = 'Elina ', `l_name` = 'Hevia', `position` = 'left', `email` = 'heviaelina17@gmail.com', `password` = 'bba09cf8fffa871672e366279a7b67bb', `phone` = '7862615995', `country` = 'United States', `state` = 'Florida', `city` = 'Homestead', `street` = '11343 sw  239 st', `zip_code` = '33032', `reg_ip` = '172.70.54.187', `status` = 1, `package_id` = '2', `rank_id` = 1, `highest_rank` = 1, `cycle_rank_id` = 1, `created` = '2025-01-25 06:21:57', `subscription_date` = '2025-02-24', `google_secret` = 'GIBEXP7GS3S5U45E'
WHERE `uid` = '2074';
INSERT INTO `user_registration` (`uid`, `user_id`, `username`, `sponsor_id`, `placement_id`, `vacant`, `f_name`, `l_name`, `address`, `position`, `email`, `password`, `phone`, `reg_ip`, `status`, `created`) VALUES (NULL, 'RAPSZG', 'uKrgwxzg', 'L8NRSC', 'L8NRSC', 'yes', '', '', '', 'left', '@mail.com', '', '', '', 0, '2025-01-25 06:23:37');
INSERT INTO `user_registration` (`uid`, `user_id`, `username`, `sponsor_id`, `placement_id`, `vacant`, `f_name`, `l_name`, `address`, `position`, `email`, `password`, `phone`, `reg_ip`, `status`, `created`) VALUES (NULL, 'HSULHN', 'NRilMkHl', 'L8NRSC', 'L8NRSC', 'yes', '', '', '', 'right', '@mail.com', '', '', '', 0, '2025-01-25 06:23:37');
INSERT INTO `bv_updation` (`user_id`) VALUES ('L8NRSC');
UPDATE `user_registration` SET total_ref_count = total_ref_count+1
WHERE `user_id` = 'JHRDHS';
UPDATE `user_registration` SET total_downlines = total_downlines+1
WHERE `user_id` = 'JHRDHS';
UPDATE `user_registration` SET left_downlines = left_downlines+1
WHERE `user_id` = 'JHRDHS';
UPDATE `user_registration` SET left_ref_count = left_ref_count+1
WHERE `user_id` = 'JHRDHS';
UPDATE `user_registration` SET active_left = active_left+1
WHERE `user_id` = 'JHRDHS';
UPDATE `user_registration` SET total_downlines = total_downlines+1
WHERE `user_id` = 'CVVK4C';
UPDATE `user_registration` SET right_downlines = right_downlines+1
WHERE `user_id` = 'CVVK4C';
UPDATE `user_registration` SET total_downlines = total_downlines+1
WHERE `user_id` = 'K55EDD';
UPDATE `user_registration` SET left_downlines = left_downlines+1
WHERE `user_id` = 'K55EDD';
UPDATE `user_registration` SET total_downlines = total_downlines+1
WHERE `user_id` = 'UQO7EQ';
UPDATE `user_registration` SET left_downlines = left_downlines+1
WHERE `user_id` = 'UQO7EQ';
UPDATE `user_registration` SET total_downlines = total_downlines+1
WHERE `user_id` = 'N6GZAE';
UPDATE `user_registration` SET left_downlines = left_downlines+1
WHERE `user_id` = 'N6GZAE';
UPDATE `user_registration` SET total_downlines = total_downlines+1
WHERE `user_id` = '4E1CRI';
UPDATE `user_registration` SET left_downlines = left_downlines+1
WHERE `user_id` = '4E1CRI';
UPDATE `user_registration` SET total_downlines = total_downlines+1
WHERE `user_id` = 'SJBNYJ';
UPDATE `user_registration` SET left_downlines = left_downlines+1
WHERE `user_id` = 'SJBNYJ';
UPDATE `user_registration` SET total_downlines = total_downlines+1
WHERE `user_id` = '44B9Y4';
UPDATE `user_registration` SET left_downlines = left_downlines+1
WHERE `user_id` = '44B9Y4';
UPDATE `user_registration` SET total_downlines = total_downlines+1
WHERE `user_id` = 'admin';
UPDATE `user_registration` SET right_downlines = right_downlines+1
WHERE `user_id` = 'admin';
INSERT INTO `investment` (`invest_date`, `user_id`, `type`, `amount`, `package_id`) VALUES ('2025-01-25 06:23:37', 'L8NRSC', 'register', '595', '2');
INSERT INTO `earnings` (`user_id`, `Purchaser_id`, `earning_type`, `package_id`, `amount`, `date`, `comments`, `invest_amount`, `comm_perc`, `level`, `rank_id`, `order_id`) VALUES ('JHRDHS', 'L8NRSC', 'Direct Referral Bonus', '2', '100', '2025-01-25 06:23:37', 'Direct Referral Bonus', 0, 0, 1, '', 33);
UPDATE `user_registration` SET commission_balance = ROUND(commission_balance + 100,2)
WHERE `user_id` = 'JHRDHS';
UPDATE `user_registration` SET referral_bonus = ROUND(referral_bonus + 100,2)
WHERE `user_id` = 'JHRDHS';
UPDATE `user_registration` SET total_points = ROUND(total_points + 50,2)
WHERE `user_id` = 'L8NRSC';
INSERT INTO `points_history` (`user_id`, `points`, `type`, `date`) VALUES ('L8NRSC', '50', 'register', '2025-01-25 06:23:');
INSERT INTO `matrix_filling` (`placement_id`, `downline_id`, `level`, `matrix`) VALUES ('JHRDHS', 'L8NRSC', 1, 1);
UPDATE `bv_updation` SET left_carry = left_carry+50, total_left = total_left+50
WHERE `user_id` = 'JHRDHS';
INSERT INTO `placement_bv_update_history` (`left_carry`, `date`, `from_id`, `user_id`) VALUES ('50', '2025-01-25 06:23:37', 'L8NRSC', 'JHRDHS');
UPDATE `bv_updation` SET sponsor_left_carry = sponsor_left_carry+50, sponsor_total_left = sponsor_total_left+50
WHERE `user_id` = 'JHRDHS';
INSERT INTO `sponsor_bv_update_history` (`left_carry`, `date`, `user_id`) VALUES ('50', '2025-01-25 06:23:37', 'JHRDHS');
INSERT INTO `matrix_filling` (`placement_id`, `downline_id`, `level`, `matrix`) VALUES ('CVVK4C', 'L8NRSC', 2, 1);
UPDATE `bv_updation` SET right_carry = right_carry+50, total_right = total_right+50
WHERE `user_id` = 'CVVK4C';
INSERT INTO `placement_bv_update_history` (`right_carry`, `date`, `from_id`, `user_id`) VALUES ('50', '2025-01-25 06:23:37', 'L8NRSC', 'CVVK4C');
INSERT INTO `matrix_filling` (`placement_id`, `downline_id`, `level`, `matrix`) VALUES ('K55EDD', 'L8NRSC', 3, 1);
UPDATE `bv_updation` SET left_carry = left_carry+50, total_left = total_left+50
WHERE `user_id` = 'K55EDD';
INSERT INTO `placement_bv_update_history` (`left_carry`, `date`, `from_id`, `user_id`) VALUES ('50', '2025-01-25 06:23:37', 'L8NRSC', 'K55EDD');
INSERT INTO `matrix_filling` (`placement_id`, `downline_id`, `level`, `matrix`) VALUES ('UQO7EQ', 'L8NRSC', 4, 1);
UPDATE `bv_updation` SET left_carry = left_carry+50, total_left = total_left+50
WHERE `user_id` = 'UQO7EQ';
INSERT INTO `placement_bv_update_history` (`left_carry`, `date`, `from_id`, `user_id`) VALUES ('50', '2025-01-25 06:23:37', 'L8NRSC', 'UQO7EQ');
INSERT INTO `matrix_filling` (`placement_id`, `downline_id`, `level`, `matrix`) VALUES ('N6GZAE', 'L8NRSC', 5, 1);
UPDATE `bv_updation` SET left_carry = left_carry+50, total_left = total_left+50
WHERE `user_id` = 'N6GZAE';
INSERT INTO `placement_bv_update_history` (`left_carry`, `date`, `from_id`, `user_id`) VALUES ('50', '2025-01-25 06:23:37', 'L8NRSC', 'N6GZAE');
INSERT INTO `matrix_filling` (`placement_id`, `downline_id`, `level`, `matrix`) VALUES ('4E1CRI', 'L8NRSC', 6, 1);
UPDATE `bv_updation` SET left_carry = left_carry+50, total_left = total_left+50
WHERE `user_id` = '4E1CRI';
INSERT INTO `placement_bv_update_history` (`left_carry`, `date`, `from_id`, `user_id`) VALUES ('50', '2025-01-25 06:23:37', 'L8NRSC', '4E1CRI');
INSERT INTO `matrix_filling` (`placement_id`, `downline_id`, `level`, `matrix`) VALUES ('SJBNYJ', 'L8NRSC', 7, 1);
UPDATE `bv_updation` SET left_carry = left_carry+50, total_left = total_left+50
WHERE `user_id` = 'SJBNYJ';
INSERT INTO `placement_bv_update_history` (`left_carry`, `date`, `from_id`, `user_id`) VALUES ('50', '2025-01-25 06:23:37', 'L8NRSC', 'SJBNYJ');
INSERT INTO `matrix_filling` (`placement_id`, `downline_id`, `level`, `matrix`) VALUES ('44B9Y4', 'L8NRSC', 8, 1);
UPDATE `bv_updation` SET left_carry = left_carry+50, total_left = total_left+50
WHERE `user_id` = '44B9Y4';
INSERT INTO `placement_bv_update_history` (`left_carry`, `date`, `from_id`, `user_id`) VALUES ('50', '2025-01-25 06:23:37', 'L8NRSC', '44B9Y4');
INSERT INTO `matrix_filling` (`placement_id`, `downline_id`, `level`, `matrix`) VALUES ('admin', 'L8NRSC', 9, 1);
UPDATE `bv_updation` SET right_carry = right_carry+50, total_right = total_right+50
WHERE `user_id` = 'admin';
INSERT INTO `placement_bv_update_history` (`right_carry`, `date`, `from_id`, `user_id`) VALUES ('50', '2025-01-25 06:23:37', 'L8NRSC', 'admin');
INSERT INTO `package_purchase_history` (`user_id`, `package_id`, `reg_fee`, `package_name`, `monthly_fee`, `type`, `date`, `payment_option`) VALUES ('L8NRSC', '2', '595', 'Traveler Pro', '150', 'sign_up', '2025-01-25 06:23:37', 'stripe');
UPDATE `user_registration` SET `popup_seen` = 'yes'
WHERE `user_id` = 'U7SMZ8';
UPDATE `user_registration` SET `popup_seen` = 'yes'
WHERE `user_id` = 'U7SMZ8';
UPDATE `user_registration` SET `popup_seen` = 'no'
WHERE `user_id` = 'U7SMZ8';
DELETE FROM `ci_sessions`
WHERE `id` = '7b7b9b37183e81208514812682739b46a8b362b3';
UPDATE `ci_sessions` SET `timestamp` = 1737807973, `data` = '__ci_last_regenerate|i:1737807973;captcha|s:4:\"fkmm\";'
WHERE `id` = '77381922e6ebf4c7b64bd327597310b58618390b';
INSERT INTO `login_history` (`user_id`, `device`, `ip_address`, `date`) VALUES ('L8NRSC', 'Mozilla/5.0 (Windows NT 10.0; Win64; x64) AppleWebKit/537.36 (KHTML, like Gecko) Chrome/132.0.0.0 Safari/537.36 Edg/132.0.0.0', '172.70.254.112', '25-01-25 06:26');
UPDATE `user_registration` SET `popup_seen` = 'yes'
WHERE `user_id` = 'L8NRSC';
UPDATE `ci_sessions` SET `timestamp` = 1737808074, `data` = '__ci_last_regenerate|i:1737808074;id|s:4:\"2073\";user_id|s:6:\"XHO8CJ\";username|s:7:\"Ariel78\";sponsor_id|s:6:\"U7SMZ8\";fullname|s:12:\"Ariel Zomoza\";email|s:23:\"arielzomoza@hotmail.com\";phone|s:10:\"7863844290\";isLogIn|b:1;'
WHERE `id` = '79fe8b88f986c08efe37f25f7aa9e8cbb02ad570';
UPDATE `user_registration` SET `popup_seen` = 'yes'
WHERE `user_id` = 'XHO8CJ';
INSERT INTO `login_history` (`user_id`, `device`, `ip_address`, `date`) VALUES ('UQO7EQ', 'Mozilla/5.0 (Linux; Android 10; K) AppleWebKit/537.36 (KHTML, like Gecko) Chrome/131.0.0.0 Mobile Safari/537.36', '172.70.82.106', '25-01-25 06:30');
UPDATE `user_registration` SET `popup_seen` = 'yes'
WHERE `user_id` = 'UQO7EQ';
UPDATE `ci_sessions` SET `timestamp` = 1737808285, `data` = '__ci_last_regenerate|i:1737808285;id|s:4:\"2074\";user_id|s:6:\"L8NRSC\";username|s:6:\"ehevia\";sponsor_id|s:6:\"JHRDHS\";fullname|s:12:\"Elina  Hevia\";email|s:22:\"heviaelina17@gmail.com\";phone|s:10:\"7862615995\";isLogIn|b:1;'
WHERE `id` = 'c92d1a8354f602004a173a6bba587466841b9be3';
UPDATE `user_registration` SET `popup_seen` = 'yes'
WHERE `user_id` = 'L8NRSC';
UPDATE `user_registration` SET `popup_seen` = 'yes'
WHERE `user_id` = 'L8NRSC';
UPDATE `user_registration` SET `popup_seen` = 'yes'
WHERE `user_id` = 'UQO7EQ';
UPDATE `ci_sessions` SET `timestamp` = 1737808424, `data` = '__ci_last_regenerate|i:1737808424;id|s:4:\"2073\";user_id|s:6:\"XHO8CJ\";username|s:7:\"Ariel78\";sponsor_id|s:6:\"U7SMZ8\";fullname|s:12:\"Ariel Zomoza\";email|s:23:\"arielzomoza@hotmail.com\";phone|s:10:\"7863844290\";isLogIn|b:1;'
WHERE `id` = 'e86d00509e1ef16d0303a02b0c573c0c96238058';
UPDATE `user_registration` SET `popup_seen` = 'yes'
WHERE `user_id` = 'XHO8CJ';
UPDATE `user_registration` SET `language` = 'spanish'
WHERE `user_id` = 'XHO8CJ';
UPDATE `user_registration` SET `popup_seen` = 'no'
WHERE `user_id` = 'UQO7EQ';
DELETE FROM `ci_sessions`
WHERE `id` = '8405e4d373ac3d78722a52dc3d5cf8f2b3ae4e30';
UPDATE `user_registration` SET `language` = 'spanish'
WHERE `user_id` = 'L8NRSC';
UPDATE `user_registration` SET `default_leg` = 'left'
WHERE `user_id` = 'L8NRSC';
UPDATE `ci_sessions` SET `timestamp` = 1737808755, `data` = '__ci_last_regenerate|i:1737808755;id|s:4:\"2074\";user_id|s:6:\"L8NRSC\";username|s:6:\"ehevia\";sponsor_id|s:6:\"JHRDHS\";fullname|s:12:\"Elina  Hevia\";email|s:22:\"heviaelina17@gmail.com\";phone|s:10:\"7862615995\";isLogIn|b:1;'
WHERE `id` = '4b29f267209348637658cf867abfad117ecd6d0d';
INSERT INTO `temp_register` (`post_data`, `date`, `payment_method`, `type`) VALUES ('{\"uid\":\"2080\",\"user_id\":\"XGYW47\",\"username\":\"ddavila\",\"sponsor_id\":\"L8NRSC\",\"vacant\":\"no\",\"f_name\":\"Jose D\",\"l_name\":\"Davila\",\"position\":\"left\",\"email\":\"josedavila0923@hotmail.com\",\"password\":\"6421456690eb00eedc1f1e1164805b26\",\"phone\":\"7863579417\",\"country\":\"United States\",\"state\":\"Florida\",\"city\":\"Miami\",\"street\":\"711 SW 56th Ave\",\"zip_code\":\"33134\",\"reg_ip\":\"172.70.255.248\",\"status\":1,\"package_id\":\"2\",\"rank_id\":1,\"highest_rank\":1,\"cycle_rank_id\":1,\"created\":\"2025-01-25 06:39:15\",\"subscription_date\":\"2025-02-24\",\"google_secret\":\"TPBTLNKHBZI7DPOD\"}', '2025-01-25 06:39:15', 'stripe', 'register');
UPDATE `ci_sessions` SET `timestamp` = 1737808794, `data` = '__ci_last_regenerate|i:1737808794;id|s:4:\"2073\";user_id|s:6:\"XHO8CJ\";username|s:7:\"Ariel78\";sponsor_id|s:6:\"U7SMZ8\";fullname|s:12:\"Ariel Zomoza\";email|s:23:\"arielzomoza@hotmail.com\";phone|s:10:\"7863844290\";isLogIn|b:1;'
WHERE `id` = '6d7d6133989c7229cbd8f14c6394ee078b9e07cb';
UPDATE `user_registration` SET `language` = 'english'
WHERE `user_id` = 'XHO8CJ';
UPDATE `user_registration` SET `popup_seen` = 'yes'
WHERE `user_id` = 'XHO8CJ';
UPDATE `ci_sessions` SET `timestamp` = 1737809332, `data` = '__ci_last_regenerate|i:1737809332;id|s:4:\"2074\";user_id|s:6:\"L8NRSC\";username|s:6:\"ehevia\";sponsor_id|s:6:\"JHRDHS\";fullname|s:12:\"Elina  Hevia\";email|s:22:\"heviaelina17@gmail.com\";phone|s:10:\"7862615995\";isLogIn|b:1;reg_stripe_id|i:46;'
WHERE `id` = 'd5a2da78ce8dd5808a6437318fb78a96313f5a05';
UPDATE `user_registration` SET `popup_seen` = 'yes'
WHERE `user_id` = 'L8NRSC';
UPDATE `user_registration` SET `popup_seen` = 'yes'
WHERE `user_id` = 'L8NRSC';
INSERT INTO `temp_register` (`post_data`, `date`, `payment_method`, `type`) VALUES ('{\"uid\":\"2080\",\"user_id\":\"HP6YP2\",\"username\":\"ddavila\",\"sponsor_id\":\"L8NRSC\",\"vacant\":\"no\",\"f_name\":\"Jose D\",\"l_name\":\"Davila\",\"position\":\"left\",\"email\":\"josedavila0923@hotmail.com\",\"password\":\"6421456690eb00eedc1f1e1164805b26\",\"phone\":\"7863579417\",\"country\":\"United States\",\"state\":\"Florida\",\"city\":\"Miami\",\"street\":\"711 SW 56th Ave\",\"zip_code\":\"33134\",\"reg_ip\":\"108.162.210.252\",\"status\":1,\"package_id\":\"2\",\"rank_id\":1,\"highest_rank\":1,\"cycle_rank_id\":1,\"created\":\"2025-01-25 06:53:08\",\"subscription_date\":\"2025-02-24\",\"google_secret\":\"PVTFFWZJYXWBKZ43\"}', '2025-01-25 06:53:08', 'stripe', 'register');
UPDATE `ci_sessions` SET `timestamp` = 1737809711, `data` = '__ci_last_regenerate|i:1737809711;id|s:4:\"2074\";user_id|s:6:\"L8NRSC\";username|s:6:\"ehevia\";sponsor_id|s:6:\"JHRDHS\";fullname|s:12:\"Elina  Hevia\";email|s:22:\"heviaelina17@gmail.com\";phone|s:10:\"7862615995\";isLogIn|b:1;reg_stripe_id|i:47;'
WHERE `id` = '460300ebc0b6acba380425dca7a041991fdd5572';
UPDATE `temp_register` SET `response` = '{\"stripeToken\":\"tok_1Ql8tF2NUoYUjiuua52gXkRF\",\"stripeTokenType\":\"card\",\"stripeEmail\":\"heviaelina17@gmail.com\"}', `date_modified` = '2025-01-25 06:55:14', `payment_status` = '{\"id\":\"ch_3Ql8tK2NUoYUjiuu11LFlIEo\",\"object\":\"charge\",\"amount\":59500,\"amount_captured\":59500,\"amount_refunded\":0,\"application\":null,\"application_fee\":null,\"application_fee_amount\":null,\"balance_transaction\":\"txn_3Ql8tK2NUoYUjiuu1dIpcRrz\",\"billing_details\":{\"address\":{\"city\":null,\"country\":null,\"line1\":null,\"line2\":null,\"postal_code\":null,\"state\":null},\"email\":null,\"name\":\"heviaelina17@gmail.com\",\"phone\":null},\"calculated_statement_descriptor\":\"TRAVELEGENDCY LLC\",\"captured\":true,\"created\":1737809714,\"currency\":\"usd\",\"customer\":\"cus_ReRmC66uy2rrMq\",\"description\":null,\"destination\":null,\"dispute\":null,\"disputed\":false,\"failure_balance_transaction\":null,\"failure_code\":null,\"failure_message\":null,\"fraud_details\":[],\"invoice\":null,\"livemode\":true,\"metadata\":{\"name\":\"Jose D Davila\",\"username\":\"ddavila\"},\"on_behalf_of\":null,\"order\":null,\"outcome\":{\"advice_code\":null,\"network_advice_code\":null,\"network_decline_code\":null,\"network_status\":\"approved_by_network\",\"reason\":null,\"risk_level\":\"normal\",\"seller_message\":\"Payment complete.\",\"type\":\"authorized\"},\"paid\":true,\"payment_intent\":null,\"payment_method\":\"card_1Ql8tF2NUoYUjiuuFRzNkAC6\",\"payment_method_details\":{\"card\":{\"amount_authorized\":59500,\"authorization_code\":\"055507\",\"brand\":\"visa\",\"checks\":{\"address_line1_check\":null,\"address_postal_code_check\":null,\"cvc_check\":\"pass\"},\"country\":\"US\",\"exp_month\":5,\"exp_year\":2029,\"extended_authorization\":{\"status\":\"disabled\"},\"fingerprint\":\"HBK4MXPOyJzX9mb2\",\"funding\":\"debit\",\"incremental_authorization\":{\"status\":\"unavailable\"},\"installments\":null,\"last4\":\"5279\",\"mandate\":null,\"multicapture\":{\"status\":\"unavailable\"},\"network\":\"visa\",\"network_token\":{\"used\":true},\"network_transaction_id\":\"385025465144422\",\"overcapture\":{\"maximum_amount_capturable\":59500,\"status\":\"unavailable\"},\"regulated_status\":\"regulated\",\"three_d_secure\":null,\"wallet\":null},\"type\":\"card\"},\"receipt_email\":null,\"receipt_number\":null,\"receipt_url\":\"https:\\/\\/pay.stripe.com\\/receipts\\/payment\\/CAcQARoXChVhY2N0XzFRUEFGdjJOVW9ZVWppdXUos77TvAYyBtmHhUHb_TosFoFXL8ywf5GjvfQc45d-RAgmcsfXEWQqLLQRccVwLDo8_RkkMERSY1kLk8I\",\"refunded\":false,\"review\":null,\"shipping\":null,\"source\":{\"id\":\"card_1Ql8tF2NUoYUjiuuFRzNkAC6\",\"object\":\"card\",\"address_city\":null,\"address_country\":null,\"address_line1\":null,\"address_line1_check\":null,\"address_line2\":null,\"address_state\":null,\"address_zip\":null,\"address_zip_check\":null,\"allow_redisplay\":\"unspecified\",\"brand\":\"Visa\",\"country\":\"US\",\"customer\":\"cus_ReRmC66uy2rrMq\",\"cvc_check\":\"pass\",\"dynamic_last4\":null,\"exp_month\":5,\"exp_year\":2029,\"fingerprint\":\"HBK4MXPOyJzX9mb2\",\"funding\":\"debit\",\"last4\":\"5279\",\"metadata\":[],\"name\":\"heviaelina17@gmail.com\",\"regulated_status\":\"regulated\",\"tokenization_method\":null,\"wallet\":null},\"source_transfer\":null,\"statement_descriptor\":null,\"statement_descriptor_suffix\":null,\"status\":\"succeeded\",\"transfer_data\":null,\"transfer_group\":null}'
WHERE `id` = 47;
UPDATE `user_registration` SET `uid` = '2080', `user_id` = 'HP6YP2', `username` = 'ddavila', `sponsor_id` = 'L8NRSC', `vacant` = 'no', `f_name` = 'Jose D', `l_name` = 'Davila', `position` = 'left', `email` = 'josedavila0923@hotmail.com', `password` = '6421456690eb00eedc1f1e1164805b26', `phone` = '7863579417', `country` = 'United States', `state` = 'Florida', `city` = 'Miami', `street` = '711 SW 56th Ave', `zip_code` = '33134', `reg_ip` = '108.162.210.252', `status` = 1, `package_id` = '2', `rank_id` = 1, `highest_rank` = 1, `cycle_rank_id` = 1, `created` = '2025-01-25 06:53:08', `subscription_date` = '2025-02-24', `google_secret` = 'PVTFFWZJYXWBKZ43'
WHERE `uid` = '2080';
INSERT INTO `user_registration` (`uid`, `user_id`, `username`, `sponsor_id`, `placement_id`, `vacant`, `f_name`, `l_name`, `address`, `position`, `email`, `password`, `phone`, `reg_ip`, `status`, `created`) VALUES (NULL, 'CLOBPQ', 'jIiEFBjH', 'HP6YP2', 'HP6YP2', 'yes', '', '', '', 'left', '@mail.com', '', '', '', 0, '2025-01-25 06:55:14');
INSERT INTO `user_registration` (`uid`, `user_id`, `username`, `sponsor_id`, `placement_id`, `vacant`, `f_name`, `l_name`, `address`, `position`, `email`, `password`, `phone`, `reg_ip`, `status`, `created`) VALUES (NULL, 'XDGKWQ', 'piiPdyeF', 'HP6YP2', 'HP6YP2', 'yes', '', '', '', 'right', '@mail.com', '', '', '', 0, '2025-01-25 06:55:14');
INSERT INTO `bv_updation` (`user_id`) VALUES ('HP6YP2');
UPDATE `user_registration` SET total_ref_count = total_ref_count+1
WHERE `user_id` = 'L8NRSC';
UPDATE `user_registration` SET total_downlines = total_downlines+1
WHERE `user_id` = 'L8NRSC';
UPDATE `user_registration` SET left_downlines = left_downlines+1
WHERE `user_id` = 'L8NRSC';
UPDATE `user_registration` SET left_ref_count = left_ref_count+1
WHERE `user_id` = 'L8NRSC';
UPDATE `user_registration` SET active_left = active_left+1
WHERE `user_id` = 'L8NRSC';
UPDATE `user_registration` SET total_downlines = total_downlines+1
WHERE `user_id` = 'JHRDHS';
UPDATE `user_registration` SET left_downlines = left_downlines+1
WHERE `user_id` = 'JHRDHS';
UPDATE `user_registration` SET total_downlines = total_downlines+1
WHERE `user_id` = 'CVVK4C';
UPDATE `user_registration` SET right_downlines = right_downlines+1
WHERE `user_id` = 'CVVK4C';
UPDATE `user_registration` SET total_downlines = total_downlines+1
WHERE `user_id` = 'K55EDD';
UPDATE `user_registration` SET left_downlines = left_downlines+1
WHERE `user_id` = 'K55EDD';
UPDATE `user_registration` SET total_downlines = total_downlines+1
WHERE `user_id` = 'UQO7EQ';
UPDATE `user_registration` SET left_downlines = left_downlines+1
WHERE `user_id` = 'UQO7EQ';
UPDATE `user_registration` SET total_downlines = total_downlines+1
WHERE `user_id` = 'N6GZAE';
UPDATE `user_registration` SET left_downlines = left_downlines+1
WHERE `user_id` = 'N6GZAE';
UPDATE `user_registration` SET total_downlines = total_downlines+1
WHERE `user_id` = '4E1CRI';
UPDATE `user_registration` SET left_downlines = left_downlines+1
WHERE `user_id` = '4E1CRI';
UPDATE `user_registration` SET total_downlines = total_downlines+1
WHERE `user_id` = 'SJBNYJ';
UPDATE `user_registration` SET left_downlines = left_downlines+1
WHERE `user_id` = 'SJBNYJ';
UPDATE `user_registration` SET total_downlines = total_downlines+1
WHERE `user_id` = '44B9Y4';
UPDATE `user_registration` SET left_downlines = left_downlines+1
WHERE `user_id` = '44B9Y4';
UPDATE `user_registration` SET total_downlines = total_downlines+1
WHERE `user_id` = 'admin';
UPDATE `user_registration` SET right_downlines = right_downlines+1
WHERE `user_id` = 'admin';
INSERT INTO `investment` (`invest_date`, `user_id`, `type`, `amount`, `package_id`) VALUES ('2025-01-25 06:55:14', 'HP6YP2', 'register', '595', '2');
INSERT INTO `earnings` (`user_id`, `Purchaser_id`, `earning_type`, `package_id`, `amount`, `date`, `comments`, `invest_amount`, `comm_perc`, `level`, `rank_id`, `order_id`) VALUES ('L8NRSC', 'HP6YP2', 'Direct Referral Bonus', '2', '100', '2025-01-25 06:55:14', 'Direct Referral Bonus', 0, 0, 1, '', 34);
UPDATE `user_registration` SET commission_balance = ROUND(commission_balance + 100,2)
WHERE `user_id` = 'L8NRSC';
UPDATE `user_registration` SET referral_bonus = ROUND(referral_bonus + 100,2)
WHERE `user_id` = 'L8NRSC';
UPDATE `user_registration` SET total_points = ROUND(total_points + 50,2)
WHERE `user_id` = 'HP6YP2';
INSERT INTO `points_history` (`user_id`, `points`, `type`, `date`) VALUES ('HP6YP2', '50', 'register', '2025-01-25 06:55:');
INSERT INTO `matrix_filling` (`placement_id`, `downline_id`, `level`, `matrix`) VALUES ('L8NRSC', 'HP6YP2', 1, 1);
UPDATE `bv_updation` SET left_carry = left_carry+50, total_left = total_left+50
WHERE `user_id` = 'L8NRSC';
INSERT INTO `placement_bv_update_history` (`left_carry`, `date`, `from_id`, `user_id`) VALUES ('50', '2025-01-25 06:55:14', 'HP6YP2', 'L8NRSC');
UPDATE `bv_updation` SET sponsor_left_carry = sponsor_left_carry+50, sponsor_total_left = sponsor_total_left+50
WHERE `user_id` = 'L8NRSC';
INSERT INTO `sponsor_bv_update_history` (`left_carry`, `date`, `user_id`) VALUES ('50', '2025-01-25 06:55:14', 'L8NRSC');
INSERT INTO `matrix_filling` (`placement_id`, `downline_id`, `level`, `matrix`) VALUES ('JHRDHS', 'HP6YP2', 2, 1);
UPDATE `bv_updation` SET left_carry = left_carry+50, total_left = total_left+50
WHERE `user_id` = 'JHRDHS';
INSERT INTO `placement_bv_update_history` (`left_carry`, `date`, `from_id`, `user_id`) VALUES ('50', '2025-01-25 06:55:14', 'HP6YP2', 'JHRDHS');
INSERT INTO `matrix_filling` (`placement_id`, `downline_id`, `level`, `matrix`) VALUES ('CVVK4C', 'HP6YP2', 3, 1);
UPDATE `bv_updation` SET right_carry = right_carry+50, total_right = total_right+50
WHERE `user_id` = 'CVVK4C';
INSERT INTO `placement_bv_update_history` (`right_carry`, `date`, `from_id`, `user_id`) VALUES ('50', '2025-01-25 06:55:14', 'HP6YP2', 'CVVK4C');
INSERT INTO `matrix_filling` (`placement_id`, `downline_id`, `level`, `matrix`) VALUES ('K55EDD', 'HP6YP2', 4, 1);
UPDATE `bv_updation` SET left_carry = left_carry+50, total_left = total_left+50
WHERE `user_id` = 'K55EDD';
INSERT INTO `placement_bv_update_history` (`left_carry`, `date`, `from_id`, `user_id`) VALUES ('50', '2025-01-25 06:55:14', 'HP6YP2', 'K55EDD');
INSERT INTO `matrix_filling` (`placement_id`, `downline_id`, `level`, `matrix`) VALUES ('UQO7EQ', 'HP6YP2', 5, 1);
UPDATE `bv_updation` SET left_carry = left_carry+50, total_left = total_left+50
WHERE `user_id` = 'UQO7EQ';
INSERT INTO `placement_bv_update_history` (`left_carry`, `date`, `from_id`, `user_id`) VALUES ('50', '2025-01-25 06:55:14', 'HP6YP2', 'UQO7EQ');
INSERT INTO `matrix_filling` (`placement_id`, `downline_id`, `level`, `matrix`) VALUES ('N6GZAE', 'HP6YP2', 6, 1);
UPDATE `bv_updation` SET left_carry = left_carry+50, total_left = total_left+50
WHERE `user_id` = 'N6GZAE';
INSERT INTO `placement_bv_update_history` (`left_carry`, `date`, `from_id`, `user_id`) VALUES ('50', '2025-01-25 06:55:14', 'HP6YP2', 'N6GZAE');
INSERT INTO `matrix_filling` (`placement_id`, `downline_id`, `level`, `matrix`) VALUES ('4E1CRI', 'HP6YP2', 7, 1);
UPDATE `bv_updation` SET left_carry = left_carry+50, total_left = total_left+50
WHERE `user_id` = '4E1CRI';
INSERT INTO `placement_bv_update_history` (`left_carry`, `date`, `from_id`, `user_id`) VALUES ('50', '2025-01-25 06:55:14', 'HP6YP2', '4E1CRI');
INSERT INTO `matrix_filling` (`placement_id`, `downline_id`, `level`, `matrix`) VALUES ('SJBNYJ', 'HP6YP2', 8, 1);
UPDATE `bv_updation` SET left_carry = left_carry+50, total_left = total_left+50
WHERE `user_id` = 'SJBNYJ';
INSERT INTO `placement_bv_update_history` (`left_carry`, `date`, `from_id`, `user_id`) VALUES ('50', '2025-01-25 06:55:14', 'HP6YP2', 'SJBNYJ');
INSERT INTO `matrix_filling` (`placement_id`, `downline_id`, `level`, `matrix`) VALUES ('44B9Y4', 'HP6YP2', 9, 1);
UPDATE `bv_updation` SET left_carry = left_carry+50, total_left = total_left+50
WHERE `user_id` = '44B9Y4';
INSERT INTO `placement_bv_update_history` (`left_carry`, `date`, `from_id`, `user_id`) VALUES ('50', '2025-01-25 06:55:14', 'HP6YP2', '44B9Y4');
INSERT INTO `matrix_filling` (`placement_id`, `downline_id`, `level`, `matrix`) VALUES ('admin', 'HP6YP2', 10, 1);
UPDATE `bv_updation` SET right_carry = right_carry+50, total_right = total_right+50
WHERE `user_id` = 'admin';
INSERT INTO `placement_bv_update_history` (`right_carry`, `date`, `from_id`, `user_id`) VALUES ('50', '2025-01-25 06:55:14', 'HP6YP2', 'admin');
INSERT INTO `package_purchase_history` (`user_id`, `package_id`, `reg_fee`, `package_name`, `monthly_fee`, `type`, `date`, `payment_option`) VALUES ('HP6YP2', '2', '595', 'Traveler Pro', '150', 'sign_up', '2025-01-25 06:55:14', 'stripe');
UPDATE `user_registration` SET `popup_seen` = 'yes'
WHERE `user_id` = 'L8NRSC';
UPDATE `ci_sessions` SET `timestamp` = 1737809954, `data` = '__ci_last_regenerate|i:1737809954;id|s:4:\"2073\";user_id|s:6:\"XHO8CJ\";username|s:7:\"Ariel78\";sponsor_id|s:6:\"U7SMZ8\";fullname|s:12:\"Ariel Zomoza\";email|s:23:\"arielzomoza@hotmail.com\";phone|s:10:\"7863844290\";isLogIn|b:1;'
WHERE `id` = 'fcfe558ebe6c7b71ff5ce9ea7c3a3e214f17a55f';
UPDATE `user_registration` SET `popup_seen` = 'yes'
WHERE `user_id` = 'XHO8CJ';
UPDATE `ci_sessions` SET `timestamp` = 1737810027, `data` = '__ci_last_regenerate|i:1737810027;id|s:4:\"2074\";user_id|s:6:\"L8NRSC\";username|s:6:\"ehevia\";sponsor_id|s:6:\"JHRDHS\";fullname|s:12:\"Elina  Hevia\";email|s:22:\"heviaelina17@gmail.com\";phone|s:10:\"7862615995\";isLogIn|b:1;'
WHERE `id` = '5926894050c1aecf99d28962999405e2a58403b1';
UPDATE `user_registration` SET `popup_seen` = 'yes'
WHERE `user_id` = 'L8NRSC';
UPDATE `ci_sessions` SET `timestamp` = 1737810392, `data` = '__ci_last_regenerate|i:1737810392;id|s:4:\"2074\";user_id|s:6:\"L8NRSC\";username|s:6:\"ehevia\";sponsor_id|s:6:\"JHRDHS\";fullname|s:12:\"Elina  Hevia\";email|s:22:\"heviaelina17@gmail.com\";phone|s:10:\"7862615995\";isLogIn|b:1;'
WHERE `id` = 'd602f43a7c73970d96b06aec746966858985079d';
UPDATE `user_registration` SET `popup_seen` = 'yes'
WHERE `user_id` = 'L8NRSC';
UPDATE `user_registration` SET `popup_seen` = 'no'
WHERE `user_id` = 'L8NRSC';
DELETE FROM `ci_sessions`
WHERE `id` = 'ebc8479fb2d1ec8a1e2a0f3b63e77c1c5b3cb5df';
INSERT INTO `login_history` (`user_id`, `device`, `ip_address`, `date`) VALUES ('HP6YP2', 'Mozilla/5.0 (Macintosh; Intel Mac OS X 10_15_7) AppleWebKit/537.36 (KHTML, like Gecko) Chrome/131.0.0.0 Safari/537.36', '172.70.255.78', '25-01-25 07:18');
UPDATE `user_registration` SET `popup_seen` = 'yes'
WHERE `user_id` = 'HP6YP2';
UPDATE `ci_sessions` SET `timestamp` = 1737811198, `data` = '__ci_last_regenerate|i:1737811198;captcha|s:4:\"sav1\";'
WHERE `id` = '6abc365e4ffaf904b06f0e52009d42dc53c70f3d';
INSERT INTO `login_history` (`user_id`, `device`, `ip_address`, `date`) VALUES ('L8NRSC', 'Mozilla/5.0 (Windows NT 10.0; Win64; x64) AppleWebKit/537.36 (KHTML, like Gecko) Chrome/132.0.0.0 Safari/537.36 Edg/132.0.0.0', '172.70.54.248', '25-01-25 07:21');
UPDATE `user_registration` SET `popup_seen` = 'yes'
WHERE `user_id` = 'L8NRSC';
UPDATE `user_registration` SET `language` = 'english'
WHERE `user_id` = 'L8NRSC';
UPDATE `ci_sessions` SET `timestamp` = 1737811345, `data` = '__ci_last_regenerate|i:1737811345;id|s:4:\"2073\";user_id|s:6:\"XHO8CJ\";username|s:7:\"Ariel78\";sponsor_id|s:6:\"U7SMZ8\";fullname|s:12:\"Ariel Zomoza\";email|s:23:\"arielzomoza@hotmail.com\";phone|s:10:\"7863844290\";isLogIn|b:1;'
WHERE `id` = '4763ed090d51e14a5241040b72ab9d9f1c9589b8';
INSERT INTO `login_history` (`user_id`, `device`, `ip_address`, `date`) VALUES ('CVVK4C', 'Mozilla/5.0 (iPhone; CPU iPhone OS 18_3 like Mac OS X) AppleWebKit/605.1.15 (KHTML, like Gecko) Version/18.3 Mobile/15E148 Safari/604.1', '172.71.156.142', '25-01-25 07:24');
UPDATE `user_registration` SET `popup_seen` = 'yes'
WHERE `user_id` = 'CVVK4C';
UPDATE `ci_sessions` SET `timestamp` = 1737811544, `data` = '__ci_last_regenerate|i:1737811544;id|s:4:\"2074\";user_id|s:6:\"L8NRSC\";username|s:6:\"ehevia\";sponsor_id|s:6:\"JHRDHS\";fullname|s:12:\"Elina  Hevia\";email|s:22:\"heviaelina17@gmail.com\";phone|s:10:\"7862615995\";isLogIn|b:1;'
WHERE `id` = 'a2bac00a45d92637be5a546b1e8744ba66cbd055';
UPDATE `user_registration` SET `popup_seen` = 'yes'
WHERE `user_id` = 'L8NRSC';
UPDATE `ci_sessions` SET `timestamp` = 1737811562, `data` = '__ci_last_regenerate|i:1737811562;id|s:4:\"2080\";user_id|s:6:\"HP6YP2\";username|s:7:\"ddavila\";sponsor_id|s:6:\"L8NRSC\";fullname|s:13:\"Jose D Davila\";email|s:26:\"josedavila0923@hotmail.com\";phone|s:10:\"7863579417\";isLogIn|b:1;'
WHERE `id` = '3490069c2e2d0d3f9a88f0560eaa4804e6a2a6f2';
UPDATE `user_registration` SET `popup_seen` = 'yes'
WHERE `user_id` = 'HP6YP2';
UPDATE `user_registration` SET `language` = 'spanish'
WHERE `user_id` = 'L8NRSC';
UPDATE `user_registration` SET `popup_seen` = 'yes'
WHERE `user_id` = 'L8NRSC';
UPDATE `user_registration` SET `default_leg` = 'auto'
WHERE `user_id` = 'HP6YP2';
UPDATE `user_registration` SET `default_leg` = 'auto'
WHERE `user_id` = 'HP6YP2';
UPDATE `ci_sessions` SET `timestamp` = 1737811766, `data` = '__ci_last_regenerate|i:1737811766;id|s:4:\"2054\";user_id|s:6:\"CVVK4C\";username|s:7:\"ManuelN\";sponsor_id|s:6:\"K55EDD\";fullname|s:14:\"Manuel Naranjo\";email|s:26:\"naranjo.manuel93@gmail.com\";phone|s:6:\"786326\";isLogIn|b:1;'
WHERE `id` = 'f3549991d98cfb6356f4093413a5ec6c020e7fe1';
UPDATE `user_registration` SET `popup_seen` = 'yes'
WHERE `user_id` = 'L8NRSC';
UPDATE `user_registration` SET `default_leg` = 'left'
WHERE `user_id` = 'CVVK4C';
UPDATE `user_registration` SET `popup_seen` = 'yes'
WHERE `user_id` = 'HP6YP2';
UPDATE `ci_sessions` SET `timestamp` = 1737811901, `data` = '__ci_last_regenerate|i:1737811901;id|s:4:\"2080\";user_id|s:6:\"HP6YP2\";username|s:7:\"ddavila\";sponsor_id|s:6:\"L8NRSC\";fullname|s:13:\"Jose D Davila\";email|s:26:\"josedavila0923@hotmail.com\";phone|s:10:\"7863579417\";isLogIn|b:1;'
WHERE `id` = 'aae794216213e1def36f61a099d62e84f054ba50';
UPDATE `user_registration` SET `popup_seen` = 'no'
WHERE `user_id` = 'HP6YP2';
DELETE FROM `ci_sessions`
WHERE `id` = 'b6a763f926ca713073fd6ac3f5ee3c325434ee36';
UPDATE `user_registration` SET `popup_seen` = 'yes'
WHERE `user_id` = 'CVVK4C';
UPDATE `ci_sessions` SET `timestamp` = 1737812004, `data` = '__ci_last_regenerate|i:1737812004;id|s:4:\"2074\";user_id|s:6:\"L8NRSC\";username|s:6:\"ehevia\";sponsor_id|s:6:\"JHRDHS\";fullname|s:12:\"Elina  Hevia\";email|s:22:\"heviaelina17@gmail.com\";phone|s:10:\"7862615995\";isLogIn|b:1;'
WHERE `id` = '64ea39263b7c6ad0dfb8da50c279da31fdfa1a9c';
UPDATE `user_registration` SET `popup_seen` = 'yes'
WHERE `user_id` = 'L8NRSC';
UPDATE `user_registration` SET `popup_seen` = 'yes'
WHERE `user_id` = 'CVVK4C';
UPDATE `user_registration` SET `default_leg` = 'right'
WHERE `user_id` = 'L8NRSC';
UPDATE `user_registration` SET `popup_seen` = 'yes'
WHERE `user_id` = 'L8NRSC';
UPDATE `ci_sessions` SET `timestamp` = 1737812292, `data` = '__ci_last_regenerate|i:1737812292;'
WHERE `id` = 'ee7e6968482c465065601814bccc8ba8cf518df8';
INSERT INTO `temp_register` (`post_data`, `date`, `payment_method`, `type`) VALUES ('{\"uid\":\"2079\",\"user_id\":\"X77N1Y\",\"username\":\"Susyqp\",\"sponsor_id\":\"UQO7EQ\",\"vacant\":\"no\",\"f_name\":\"Susana\",\"l_name\":\"Quevedo\",\"position\":\"right\",\"email\":\"susyqp2@gmail.com\",\"password\":\"cd6d4e355e296ee090e9be0c27665bad\",\"phone\":\"3059243795\",\"country\":\"United States\",\"state\":\"Florida\",\"city\":\"Miami\",\"street\":\"3563 SW 150 th CT\",\"zip_code\":\"33185\",\"reg_ip\":\"172.69.132.247\",\"status\":1,\"package_id\":\"1\",\"rank_id\":1,\"highest_rank\":1,\"cycle_rank_id\":1,\"created\":\"2025-01-25 07:38:12\",\"subscription_date\":\"2025-02-24\",\"google_secret\":\"ZILFLEHHTWQPTKKB\"}', '2025-01-25 07:38:12', 'stripe', 'register');
UPDATE `ci_sessions` SET `timestamp` = 1737812324, `data` = '__ci_last_regenerate|i:1737812324;id|s:4:\"2074\";user_id|s:6:\"L8NRSC\";username|s:6:\"ehevia\";sponsor_id|s:6:\"JHRDHS\";fullname|s:12:\"Elina  Hevia\";email|s:22:\"heviaelina17@gmail.com\";phone|s:10:\"7862615995\";isLogIn|b:1;'
WHERE `id` = 'f5b090537e44aaa8b70d7e0d6bc3433ba6c45681';
UPDATE `user_registration` SET `popup_seen` = 'yes'
WHERE `user_id` = 'L8NRSC';
UPDATE `ci_sessions` SET `timestamp` = 1737812443, `data` = '__ci_last_regenerate|i:1737812443;captcha|s:4:\"3vmh\";'
WHERE `id` = '5078be490d88cc7b4460c7dd82deb247020e7881';
UPDATE `ci_sessions` SET `timestamp` = 1737812518, `data` = '__ci_last_regenerate|i:1737812518;captcha|s:4:\"lt5d\";'
WHERE `id` = '1dc3724b69afba657390df1400e2d1d6b371adac';
UPDATE `ci_sessions` SET `timestamp` = 1737812642, `data` = '__ci_last_regenerate|i:1737812642;id|s:4:\"2074\";user_id|s:6:\"L8NRSC\";username|s:6:\"ehevia\";sponsor_id|s:6:\"JHRDHS\";fullname|s:12:\"Elina  Hevia\";email|s:22:\"heviaelina17@gmail.com\";phone|s:10:\"7862615995\";isLogIn|b:1;'
WHERE `id` = '43c5fac322ae70d9b65f89a5a8c9c756dc4eb982';
UPDATE `ci_sessions` SET `timestamp` = 1737812661, `data` = '__ci_last_regenerate|i:1737812661;captcha|s:4:\"5id6\";'
WHERE `id` = '532413a2670501af7c2a3cf7ab96e26d33b0edfe';
INSERT INTO `login_history` (`user_id`, `device`, `ip_address`, `date`) VALUES ('U7SMZ8', 'Mozilla/5.0 (Macintosh; Intel Mac OS X 10_15_7) AppleWebKit/605.1.15 (KHTML, like Gecko) Version/17.6 Safari/605.1.15', '108.162.210.186', '25-01-25 07:44');
UPDATE `user_registration` SET `popup_seen` = 'yes'
WHERE `user_id` = 'U7SMZ8';
UPDATE `user_registration` SET `popup_seen` = 'yes'
WHERE `user_id` = 'U7SMZ8';
UPDATE `user_registration` SET `language` = 'spanish'
WHERE `user_id` = 'L8NRSC';
UPDATE `user_registration` SET `popup_seen` = 'yes'
WHERE `user_id` = 'U7SMZ8';
UPDATE `user_registration` SET `popup_seen` = 'no'
WHERE `user_id` = 'U7SMZ8';
DELETE FROM `ci_sessions`
WHERE `id` = '8fc5dc875dcea4ca9b599ba359b96d96d7762880';
INSERT INTO `payquicker_token` (`response`, `token`, `created_time`, `expires_at`) VALUES ('{\"access_token\":\"FC30E22478AF7D45DDCEDDF15594710436D8825C56B5652C5AAD8F19877E2259-1\",\"expires_in\":3600,\"token_type\":\"Bearer\",\"scope\":\"api useraccount_balance useraccount_debit useraccount_invitation useraccount_payment\"}', 'FC30E22478AF7D45DDCEDDF15594710436D8825C56B5652C5AAD8F19877E2259-1', '2025-01-25 07:46:40', '2025-01-25 08:46:40');
INSERT INTO `payment_metod_setting` (`user_id`, `method`, `email`, `wallet_id`, `status`, `date`) VALUES ('L8NRSC', 'payquicker', 'heviaelina17@gmail.com', 'eheviatCnh', 0, '2025-01-25 07:46:42');
INSERT INTO `payquicker_send_invite` (`user_id`, `userCompanyAssignedUniqueKey`, `response`, `date`) VALUES ('L8NRSC', 'eheviatCnh', '[{\"dateInvited\":\"2025-01-25T13:46:43Z\",\"invitationKey\":\"qlm2jD887y7s0ykzZd3jEHiRvSea6PJMlfpmSoT9fxW2WJPUdZ2babsfRhwrmK1ij5E7OUZxpfca1gPeCPe9uyqPiL0biTLmWPNLWeAMed5wvXv7ErfjpLPkBZeJziU0x8Nwm570OQhwLUhISc6CdODii7F8tfSUC39Bg78czaBxgr00jMDoouOBLdABcBcnKhK1xCzPkYBbW9kWEdYvWDPAflEt6BrsqaAXcdJfatt8wm7kexFSzHxVUwON5w2p\",\"invitationStatus\":\"InvitationStatusType_Pending\",\"registrationStatus\":\"NotStarted\",\"registrationDetails\":{\"addresses\":[{\"city\":\"Homestead\",\"country\":\"USA\",\"postalCode\":\"33032\",\"region\":\"Florida\",\"streetAddress1\":\"11343 sw  239 st\",\"created\":\"0001-01-01T00:00:00Z\",\"type\":\"AddressType_Residential\"}],\"fundingAccountPublicId\":\"4e84a85ac47e46639c648f932d48fdf0\",\"issuePlasticCard\":true,\"notifyUser\":true,\"userDetails\":{\"emailAddress\":\"heviaelina17@gmail.com\",\"firstName\":\"Elina\",\"lastName\":\"Hevia\",\"userCompanyAssignedUniqueKey\":\"eheviatCnh\"}}}]', '2025-01-25 07:46:42');
UPDATE `ci_sessions` SET `timestamp` = 1737812923, `data` = '__ci_last_regenerate|i:1737812923;id|s:4:\"2054\";user_id|s:6:\"CVVK4C\";username|s:7:\"ManuelN\";sponsor_id|s:6:\"K55EDD\";fullname|s:14:\"Manuel Naranjo\";email|s:26:\"naranjo.manuel93@gmail.com\";phone|s:6:\"786326\";isLogIn|b:1;'
WHERE `id` = 'b3260a8268e6dd6430bfb2aff87b89aa05795adf';
UPDATE `user_registration` SET `popup_seen` = 'yes'
WHERE `user_id` = 'CVVK4C';
UPDATE `ci_sessions` SET `timestamp` = 1737813347, `data` = '__ci_last_regenerate|i:1737813347;captcha|s:4:\"mnj8\";'
WHERE `id` = '78475fe135399263330eda429623b331cdcc4bf8';
INSERT INTO `login_history` (`user_id`, `device`, `ip_address`, `date`) VALUES ('U7SMZ8', 'Mozilla/5.0 (Macintosh; Intel Mac OS X 10_15_7) AppleWebKit/605.1.15 (KHTML, like Gecko) Version/17.6 Safari/605.1.15', '172.70.255.162', '25-01-25 07:56');
UPDATE `user_registration` SET `popup_seen` = 'yes'
WHERE `user_id` = 'U7SMZ8';
UPDATE `user_registration` SET `popup_seen` = 'yes'
WHERE `user_id` = 'U7SMZ8';
UPDATE `user_registration` SET `popup_seen` = 'no'
WHERE `user_id` = 'U7SMZ8';
DELETE FROM `ci_sessions`
WHERE `id` = 'ad5fc2666615b2aa30d6b0b0d6472129108ee998';
UPDATE `ci_sessions` SET `timestamp` = 1737813546, `data` = '__ci_last_regenerate|i:1737813546;id|s:4:\"2074\";user_id|s:6:\"L8NRSC\";username|s:6:\"ehevia\";sponsor_id|s:6:\"JHRDHS\";fullname|s:12:\"Elina  Hevia\";email|s:22:\"heviaelina17@gmail.com\";phone|s:10:\"7862615995\";isLogIn|b:1;message|s:97:\"Successfully send signup link to your email, Please complete the registration as soon as possible\";__ci_vars|a:1:{s:7:\"message\";s:3:\"old\";}'
WHERE `id` = '6ad2874858b0d9337bcd09c286415c1c08ed7608';
UPDATE `payquicker_send_invite` SET `response` = '[{\"dateInvited\":\"2025-01-25T13:46:43Z\",\"invitationKey\":\"qlm2jD887y7s0ykzZd3jEHiRvSea6PJMlfpmSoT9fxW2WJPUdZ2babsfRhwrmK1ij5E7OUZxpfca1gPeCPe9uyqPiL0biTLmWPNLWeAMed5wvXv7ErfjpLPkBZeJziU0x8Nwm570OQhwLUhISc6CdODii7F8tfSUC39Bg78czaBxgr00jMDoouOBLdABcBcnKhK1xCzPkYBbW9kWEdYvWDPAflEt6BrsqaAXcdJfatt8wm7kexFSzHxVUwON5w2p\",\"invitationStatus\":\"InvitationStatusType_Used\",\"registrationStatus\":\"Completed\",\"registrationDetails\":{\"addresses\":[{\"city\":\"Homestead\",\"country\":\"USA\",\"postalCode\":\"33032\",\"region\":\"Florida\",\"streetAddress1\":\"11343 sw  239 st\",\"created\":\"0001-01-01T00:00:00Z\",\"type\":\"AddressType_Residential\"}],\"fundingAccountPublicId\":\"4e84a85ac47e46639c648f932d48fdf0\",\"issuePlasticCard\":true,\"notifyUser\":true,\"userDetails\":{\"emailAddress\":\"heviaelina17@gmail.com\",\"firstName\":\"Elina\",\"lastName\":\"Hevia\",\"userCompanyAssignedUniqueKey\":\"eheviatCnh\"}}}]', `date` = '2025-01-25 07:59:07';
UPDATE `payment_metod_setting` SET `status` = 1
WHERE `user_id` = 'L8NRSC';
UPDATE `ci_sessions` SET `timestamp` = 1737813818, `data` = '__ci_last_regenerate|i:1737813818;captcha|s:4:\"nowp\";'
WHERE `id` = '7bb9b45153d554173ff61335b89a4599c7954783';
INSERT INTO `login_history` (`user_id`, `device`, `ip_address`, `date`) VALUES ('U7SMZ8', 'Mozilla/5.0 (Macintosh; Intel Mac OS X 10_15_7) AppleWebKit/605.1.15 (KHTML, like Gecko) Version/17.6 Safari/605.1.15', '172.70.255.162', '25-01-25 08:03');
UPDATE `user_registration` SET `popup_seen` = 'yes'
WHERE `user_id` = 'U7SMZ8';
UPDATE `user_registration` SET `popup_seen` = 'yes'
WHERE `user_id` = 'U7SMZ8';
UPDATE `user_registration` SET `popup_seen` = 'yes'
WHERE `user_id` = 'U7SMZ8';
UPDATE `user_registration` SET `popup_seen` = 'yes'
WHERE `user_id` = 'U7SMZ8';
INSERT INTO `login_history` (`user_id`, `device`, `ip_address`, `date`) VALUES ('JHRDHS', 'Mozilla/5.0 (Macintosh; Intel Mac OS X 10_15_7) AppleWebKit/605.1.15 (KHTML, like Gecko) Version/17.6 Safari/605.1.15', '172.70.54.248', '25-01-25 08:08');
UPDATE `user_registration` SET `popup_seen` = 'yes'
WHERE `user_id` = 'JHRDHS';
UPDATE `user_registration` SET `default_leg` = 'right'
WHERE `user_id` = 'JHRDHS';
UPDATE `user_registration` SET `popup_seen` = 'yes'
WHERE `user_id` = 'JHRDHS';
UPDATE `ci_sessions` SET `timestamp` = 1737814154, `data` = '__ci_last_regenerate|i:1737814154;id|s:4:\"2073\";user_id|s:6:\"XHO8CJ\";username|s:7:\"Ariel78\";sponsor_id|s:6:\"U7SMZ8\";fullname|s:12:\"Ariel Zomoza\";email|s:23:\"arielzomoza@hotmail.com\";phone|s:10:\"7863844290\";isLogIn|b:1;'
WHERE `id` = '115b3c7d4435e56733f32d63ed158e3897eff995';
UPDATE `user_registration` SET `popup_seen` = 'yes'
WHERE `user_id` = 'XHO8CJ';
UPDATE `user_registration` SET `popup_seen` = 'yes'
WHERE `user_id` = 'XHO8CJ';
UPDATE `user_registration` SET `popup_seen` = 'yes'
WHERE `user_id` = 'JHRDHS';
UPDATE `user_registration` SET `popup_seen` = 'yes'
WHERE `user_id` = 'XHO8CJ';
UPDATE `ci_sessions` SET `timestamp` = 1737814413, `data` = '__ci_last_regenerate|i:1737814413;id|s:4:\"2071\";user_id|s:6:\"JHRDHS\";username|s:7:\"mbecena\";sponsor_id|s:6:\"CVVK4C\";fullname|s:12:\"Maria Becena\";email|s:21:\"mbecena@bellsouth.net\";phone|s:10:\"7862360387\";isLogIn|b:1;'
WHERE `id` = 'b5c223f35abbfece02afc2a961892c2f28c12f8f';
UPDATE `user_registration` SET `popup_seen` = 'yes'
WHERE `user_id` = 'JHRDHS';
UPDATE `ci_sessions` SET `timestamp` = 1737814479, `data` = '__ci_last_regenerate|i:1737814479;id|s:4:\"2073\";user_id|s:6:\"XHO8CJ\";username|s:7:\"Ariel78\";sponsor_id|s:6:\"U7SMZ8\";fullname|s:12:\"Ariel Zomoza\";email|s:23:\"arielzomoza@hotmail.com\";phone|s:10:\"7863844290\";isLogIn|b:1;'
WHERE `id` = '20c7fa8c86a9f1363deddf0c29a7b799b0640570';
UPDATE `ci_sessions` SET `timestamp` = 1737814537, `data` = '__ci_last_regenerate|i:1737814537;'
WHERE `id` = 'f574d3391454681209cb47a5b2dc2492ce68b092';
INSERT INTO `temp_register` (`post_data`, `date`, `payment_method`, `type`) VALUES ('{\"uid\":\"2075\",\"user_id\":\"O94ZPY\",\"username\":\"angelito4817\",\"sponsor_id\":\"JHRDHS\",\"vacant\":\"no\",\"f_name\":\"Angel\",\"l_name\":\"Fernandez\",\"position\":\"right\",\"email\":\"angelito.magaly@gmail.com\",\"password\":\"01acc68c0870e8947ef90e6ef08bacdd\",\"phone\":\"\",\"country\":\"United States\",\"state\":\"Florida\",\"city\":\"Hialeah\",\"street\":\"4581 E 1 Ave Hialeah\",\"zip_code\":\"33013\",\"reg_ip\":\"172.70.82.191\",\"status\":1,\"package_id\":\"2\",\"rank_id\":1,\"highest_rank\":1,\"cycle_rank_id\":1,\"created\":\"2025-01-25 08:15:37\",\"subscription_date\":\"2025-02-24\",\"google_secret\":\"YPRUAFODOFIPU6JC\"}', '2025-01-25 08:15:37', 'stripe', 'register');
UPDATE `ci_sessions` SET `timestamp` = 1737814649, `data` = '__ci_last_regenerate|i:1737814649;reg_stripe_id|i:48;'
WHERE `id` = '3a349e24ede5ca555e12b36a1dde365f66e88b8b';
UPDATE `temp_register` SET `response` = '{\"stripeToken\":\"tok_1QlAAu2NUoYUjiuuT58UZqf3\",\"stripeTokenType\":\"card\",\"stripeEmail\":\"angelito.magaly@gmail.com\"}', `date_modified` = '2025-01-25 08:17:33', `payment_status` = '{\"id\":\"ch_3QlAAz2NUoYUjiuu0F6UtNid\",\"object\":\"charge\",\"amount\":59500,\"amount_captured\":59500,\"amount_refunded\":0,\"application\":null,\"application_fee\":null,\"application_fee_amount\":null,\"balance_transaction\":\"txn_3QlAAz2NUoYUjiuu0QuKlwyx\",\"billing_details\":{\"address\":{\"city\":null,\"country\":null,\"line1\":null,\"line2\":null,\"postal_code\":null,\"state\":null},\"email\":null,\"name\":\"angelito.magaly@gmail.com\",\"phone\":null},\"calculated_statement_descriptor\":\"TRAVELEGENDCY LLC\",\"captured\":true,\"created\":1737814653,\"currency\":\"usd\",\"customer\":\"cus_ReT7SF2vWuT9He\",\"description\":null,\"destination\":null,\"dispute\":null,\"disputed\":false,\"failure_balance_transaction\":null,\"failure_code\":null,\"failure_message\":null,\"fraud_details\":[],\"invoice\":null,\"livemode\":true,\"metadata\":{\"name\":\"Angel Fernandez\",\"username\":\"angelito4817\"},\"on_behalf_of\":null,\"order\":null,\"outcome\":{\"advice_code\":null,\"network_advice_code\":null,\"network_decline_code\":null,\"network_status\":\"approved_by_network\",\"reason\":null,\"risk_level\":\"normal\",\"seller_message\":\"Payment complete.\",\"type\":\"authorized\"},\"paid\":true,\"payment_intent\":null,\"payment_method\":\"card_1QlAAu2NUoYUjiuuxpnANwsZ\",\"payment_method_details\":{\"card\":{\"amount_authorized\":59500,\"authorization_code\":\"02013G\",\"brand\":\"visa\",\"checks\":{\"address_line1_check\":null,\"address_postal_code_check\":null,\"cvc_check\":\"pass\"},\"country\":\"US\",\"exp_month\":11,\"exp_year\":2026,\"extended_authorization\":{\"status\":\"disabled\"},\"fingerprint\":\"aJ9q3SKQcQIObALj\",\"funding\":\"credit\",\"incremental_authorization\":{\"status\":\"unavailable\"},\"installments\":null,\"last4\":\"3366\",\"mandate\":null,\"multicapture\":{\"status\":\"unavailable\"},\"network\":\"visa\",\"network_token\":{\"used\":true},\"network_transaction_id\":\"585025514532297\",\"overcapture\":{\"maximum_amount_capturable\":59500,\"status\":\"unavailable\"},\"regulated_status\":\"unregulated\",\"three_d_secure\":null,\"wallet\":null},\"type\":\"card\"},\"receipt_email\":null,\"receipt_number\":null,\"receipt_url\":\"https:\\/\\/pay.stripe.com\\/receipts\\/payment\\/CAcQARoXChVhY2N0XzFRUEFGdjJOVW9ZVWppdXUo_uTTvAYyBuSCN-Jk2zosFqIg02BQLqZMWA86OuLpNHQ5QxRFf-XiLLPeEfSnf4hJj0OZ3fm7rQ7buk0\",\"refunded\":false,\"review\":null,\"shipping\":null,\"source\":{\"id\":\"card_1QlAAu2NUoYUjiuuxpnANwsZ\",\"object\":\"card\",\"address_city\":null,\"address_country\":null,\"address_line1\":null,\"address_line1_check\":null,\"address_line2\":null,\"address_state\":null,\"address_zip\":null,\"address_zip_check\":null,\"allow_redisplay\":\"unspecified\",\"brand\":\"Visa\",\"country\":\"US\",\"customer\":\"cus_ReT7SF2vWuT9He\",\"cvc_check\":\"pass\",\"dynamic_last4\":null,\"exp_month\":11,\"exp_year\":2026,\"fingerprint\":\"aJ9q3SKQcQIObALj\",\"funding\":\"credit\",\"last4\":\"3366\",\"metadata\":[],\"name\":\"angelito.magaly@gmail.com\",\"regulated_status\":\"unregulated\",\"tokenization_method\":null,\"wallet\":null},\"source_transfer\":null,\"statement_descriptor\":null,\"statement_descriptor_suffix\":null,\"status\":\"succeeded\",\"transfer_data\":null,\"transfer_group\":null}'
WHERE `id` = 49;
UPDATE `user_registration` SET `uid` = '2075', `user_id` = 'O94ZPY', `username` = 'angelito4817', `sponsor_id` = 'JHRDHS', `vacant` = 'no', `f_name` = 'Angel', `l_name` = 'Fernandez', `position` = 'right', `email` = 'angelito.magaly@gmail.com', `password` = '01acc68c0870e8947ef90e6ef08bacdd', `phone` = '', `country` = 'United States', `state` = 'Florida', `city` = 'Hialeah', `street` = '4581 E 1 Ave Hialeah', `zip_code` = '33013', `reg_ip` = '172.70.82.191', `status` = 1, `package_id` = '2', `rank_id` = 1, `highest_rank` = 1, `cycle_rank_id` = 1, `created` = '2025-01-25 08:15:37', `subscription_date` = '2025-02-24', `google_secret` = 'YPRUAFODOFIPU6JC'
WHERE `uid` = '2075';
INSERT INTO `user_registration` (`uid`, `user_id`, `username`, `sponsor_id`, `placement_id`, `vacant`, `f_name`, `l_name`, `address`, `position`, `email`, `password`, `phone`, `reg_ip`, `status`, `created`) VALUES (NULL, 'TQKJPF', 'yGYaJbVX', 'O94ZPY', 'O94ZPY', 'yes', '', '', '', 'left', '@mail.com', '', '', '', 0, '2025-01-25 08:17:33');
INSERT INTO `user_registration` (`uid`, `user_id`, `username`, `sponsor_id`, `placement_id`, `vacant`, `f_name`, `l_name`, `address`, `position`, `email`, `password`, `phone`, `reg_ip`, `status`, `created`) VALUES (NULL, 'BHDTDG', 'mAXDUjkG', 'O94ZPY', 'O94ZPY', 'yes', '', '', '', 'right', '@mail.com', '', '', '', 0, '2025-01-25 08:17:33');
INSERT INTO `bv_updation` (`user_id`) VALUES ('O94ZPY');
UPDATE `user_registration` SET total_ref_count = total_ref_count+1
WHERE `user_id` = 'JHRDHS';
UPDATE `user_registration` SET total_downlines = total_downlines+1
WHERE `user_id` = 'JHRDHS';
UPDATE `user_registration` SET right_downlines = right_downlines+1
WHERE `user_id` = 'JHRDHS';
UPDATE `user_registration` SET right_ref_count = right_ref_count+1
WHERE `user_id` = 'JHRDHS';
UPDATE `user_registration` SET active_right = active_right+1
WHERE `user_id` = 'JHRDHS';
UPDATE `user_registration` SET `binary_qualified` = 'yes', `binary_qualified_date` = '2025-01-25 08:17:33'
WHERE `user_id` = 'JHRDHS';
UPDATE `user_registration` SET total_downlines = total_downlines+1
WHERE `user_id` = 'CVVK4C';
UPDATE `user_registration` SET right_downlines = right_downlines+1
WHERE `user_id` = 'CVVK4C';
UPDATE `user_registration` SET total_downlines = total_downlines+1
WHERE `user_id` = 'K55EDD';
UPDATE `user_registration` SET left_downlines = left_downlines+1
WHERE `user_id` = 'K55EDD';
UPDATE `user_registration` SET total_downlines = total_downlines+1
WHERE `user_id` = 'UQO7EQ';
UPDATE `user_registration` SET left_downlines = left_downlines+1
WHERE `user_id` = 'UQO7EQ';
UPDATE `user_registration` SET total_downlines = total_downlines+1
WHERE `user_id` = 'N6GZAE';
UPDATE `user_registration` SET left_downlines = left_downlines+1
WHERE `user_id` = 'N6GZAE';
UPDATE `user_registration` SET total_downlines = total_downlines+1
WHERE `user_id` = '4E1CRI';
UPDATE `user_registration` SET left_downlines = left_downlines+1
WHERE `user_id` = '4E1CRI';
UPDATE `user_registration` SET total_downlines = total_downlines+1
WHERE `user_id` = 'SJBNYJ';
UPDATE `user_registration` SET left_downlines = left_downlines+1
WHERE `user_id` = 'SJBNYJ';
UPDATE `user_registration` SET total_downlines = total_downlines+1
WHERE `user_id` = '44B9Y4';
UPDATE `user_registration` SET left_downlines = left_downlines+1
WHERE `user_id` = '44B9Y4';
UPDATE `user_registration` SET total_downlines = total_downlines+1
WHERE `user_id` = 'admin';
UPDATE `user_registration` SET right_downlines = right_downlines+1
WHERE `user_id` = 'admin';
INSERT INTO `investment` (`invest_date`, `user_id`, `type`, `amount`, `package_id`) VALUES ('2025-01-25 08:17:33', 'O94ZPY', 'register', '595', '2');
INSERT INTO `earnings` (`user_id`, `Purchaser_id`, `earning_type`, `package_id`, `amount`, `date`, `comments`, `invest_amount`, `comm_perc`, `level`, `rank_id`, `order_id`) VALUES ('JHRDHS', 'O94ZPY', 'Direct Referral Bonus', '2', '100', '2025-01-25 08:17:33', 'Direct Referral Bonus', 0, 0, 1, '', 35);
UPDATE `user_registration` SET commission_balance = ROUND(commission_balance + 100,2)
WHERE `user_id` = 'JHRDHS';
UPDATE `user_registration` SET referral_bonus = ROUND(referral_bonus + 100,2)
WHERE `user_id` = 'JHRDHS';
UPDATE `user_registration` SET total_points = ROUND(total_points + 50,2)
WHERE `user_id` = 'O94ZPY';
INSERT INTO `points_history` (`user_id`, `points`, `type`, `date`) VALUES ('O94ZPY', '50', 'register', '2025-01-25 08:17:');
INSERT INTO `matrix_filling` (`placement_id`, `downline_id`, `level`, `matrix`) VALUES ('JHRDHS', 'O94ZPY', 1, 1);
UPDATE `bv_updation` SET right_carry = right_carry+50, total_right = total_right+50
WHERE `user_id` = 'JHRDHS';
INSERT INTO `placement_bv_update_history` (`right_carry`, `date`, `from_id`, `user_id`) VALUES ('50', '2025-01-25 08:17:33', 'O94ZPY', 'JHRDHS');
UPDATE `bv_updation` SET sponsor_right_carry = sponsor_right_carry+50, sponsor_total_right = sponsor_total_right+50
WHERE `user_id` = 'JHRDHS';
INSERT INTO `sponsor_bv_update_history` (`right_carry`, `date`, `user_id`) VALUES ('50', '2025-01-25 08:17:33', 'JHRDHS');
INSERT INTO `matrix_filling` (`placement_id`, `downline_id`, `level`, `matrix`) VALUES ('CVVK4C', 'O94ZPY', 2, 1);
UPDATE `bv_updation` SET right_carry = right_carry+50, total_right = total_right+50
WHERE `user_id` = 'CVVK4C';
INSERT INTO `placement_bv_update_history` (`right_carry`, `date`, `from_id`, `user_id`) VALUES ('50', '2025-01-25 08:17:33', 'O94ZPY', 'CVVK4C');
INSERT INTO `matrix_filling` (`placement_id`, `downline_id`, `level`, `matrix`) VALUES ('K55EDD', 'O94ZPY', 3, 1);
UPDATE `bv_updation` SET left_carry = left_carry+50, total_left = total_left+50
WHERE `user_id` = 'K55EDD';
INSERT INTO `placement_bv_update_history` (`left_carry`, `date`, `from_id`, `user_id`) VALUES ('50', '2025-01-25 08:17:33', 'O94ZPY', 'K55EDD');
INSERT INTO `matrix_filling` (`placement_id`, `downline_id`, `level`, `matrix`) VALUES ('UQO7EQ', 'O94ZPY', 4, 1);
UPDATE `bv_updation` SET left_carry = left_carry+50, total_left = total_left+50
WHERE `user_id` = 'UQO7EQ';
INSERT INTO `placement_bv_update_history` (`left_carry`, `date`, `from_id`, `user_id`) VALUES ('50', '2025-01-25 08:17:33', 'O94ZPY', 'UQO7EQ');
INSERT INTO `matrix_filling` (`placement_id`, `downline_id`, `level`, `matrix`) VALUES ('N6GZAE', 'O94ZPY', 5, 1);
UPDATE `bv_updation` SET left_carry = left_carry+50, total_left = total_left+50
WHERE `user_id` = 'N6GZAE';
INSERT INTO `placement_bv_update_history` (`left_carry`, `date`, `from_id`, `user_id`) VALUES ('50', '2025-01-25 08:17:33', 'O94ZPY', 'N6GZAE');
INSERT INTO `matrix_filling` (`placement_id`, `downline_id`, `level`, `matrix`) VALUES ('4E1CRI', 'O94ZPY', 6, 1);
UPDATE `bv_updation` SET left_carry = left_carry+50, total_left = total_left+50
WHERE `user_id` = '4E1CRI';
INSERT INTO `placement_bv_update_history` (`left_carry`, `date`, `from_id`, `user_id`) VALUES ('50', '2025-01-25 08:17:33', 'O94ZPY', '4E1CRI');
INSERT INTO `matrix_filling` (`placement_id`, `downline_id`, `level`, `matrix`) VALUES ('SJBNYJ', 'O94ZPY', 7, 1);
UPDATE `bv_updation` SET left_carry = left_carry+50, total_left = total_left+50
WHERE `user_id` = 'SJBNYJ';
INSERT INTO `placement_bv_update_history` (`left_carry`, `date`, `from_id`, `user_id`) VALUES ('50', '2025-01-25 08:17:33', 'O94ZPY', 'SJBNYJ');
INSERT INTO `matrix_filling` (`placement_id`, `downline_id`, `level`, `matrix`) VALUES ('44B9Y4', 'O94ZPY', 8, 1);
UPDATE `bv_updation` SET left_carry = left_carry+50, total_left = total_left+50
WHERE `user_id` = '44B9Y4';
INSERT INTO `placement_bv_update_history` (`left_carry`, `date`, `from_id`, `user_id`) VALUES ('50', '2025-01-25 08:17:33', 'O94ZPY', '44B9Y4');
INSERT INTO `matrix_filling` (`placement_id`, `downline_id`, `level`, `matrix`) VALUES ('admin', 'O94ZPY', 9, 1);
UPDATE `bv_updation` SET right_carry = right_carry+50, total_right = total_right+50
WHERE `user_id` = 'admin';
INSERT INTO `placement_bv_update_history` (`right_carry`, `date`, `from_id`, `user_id`) VALUES ('50', '2025-01-25 08:17:33', 'O94ZPY', 'admin');
INSERT INTO `package_purchase_history` (`user_id`, `package_id`, `reg_fee`, `package_name`, `monthly_fee`, `type`, `date`, `payment_option`) VALUES ('O94ZPY', '2', '595', 'Traveler Pro', '150', 'sign_up', '2025-01-25 08:17:33', 'stripe');
UPDATE `ci_sessions` SET `timestamp` = 1737814883, `data` = '__ci_last_regenerate|i:1737814883;'
WHERE `id` = '1fdf2ce059c4e5bda28fe57b2e11a62369f48e72';
UPDATE `ci_sessions` SET `timestamp` = 1737814905, `data` = '__ci_last_regenerate|i:1737814905;id|s:4:\"2071\";user_id|s:6:\"JHRDHS\";username|s:7:\"mbecena\";sponsor_id|s:6:\"CVVK4C\";fullname|s:12:\"Maria Becena\";email|s:21:\"mbecena@bellsouth.net\";phone|s:10:\"7862360387\";isLogIn|b:1;'
WHERE `id` = '908b65910129548adf00c8284cf840395d944870';
INSERT INTO `temp_register` (`post_data`, `date`, `payment_method`, `type`) VALUES ('{\"uid\":\"2079\",\"user_id\":\"1Q1ADJ\",\"username\":\"Susyqp2\",\"sponsor_id\":\"UQO7EQ\",\"vacant\":\"no\",\"f_name\":\"Susana\",\"l_name\":\"Quevedo\",\"position\":\"right\",\"email\":\"susyqp2@gmail.com\",\"password\":\"5c02a1553636eb123ec338029e3190cd\",\"phone\":\"3059243795\",\"country\":\"United States\",\"state\":\"Florida\",\"city\":\"Miami\",\"street\":\"3563 SW 150 thCT\",\"zip_code\":\"33185\",\"reg_ip\":\"172.70.54.196\",\"status\":1,\"package_id\":\"1\",\"rank_id\":1,\"highest_rank\":1,\"cycle_rank_id\":1,\"created\":\"2025-01-25 08:21:52\",\"subscription_date\":\"2025-02-24\",\"google_secret\":\"TXGKL4CXEY427JCO\"}', '2025-01-25 08:21:52', 'stripe', 'register');
UPDATE `user_registration` SET `popup_seen` = 'yes'
WHERE `user_id` = 'JHRDHS';
UPDATE `ci_sessions` SET `timestamp` = 1737815061, `data` = '__ci_last_regenerate|i:1737815061;captcha|s:4:\"og93\";'
WHERE `id` = '08d659165d49c989ee20e0b62c15436a13664788';
INSERT INTO `login_history` (`user_id`, `device`, `ip_address`, `date`) VALUES ('UQO7EQ', 'Mozilla/5.0 (Linux; Android 10; K) AppleWebKit/537.36 (KHTML, like Gecko) Chrome/131.0.0.0 Mobile Safari/537.36', '172.70.254.94', '25-01-25 08:24');
UPDATE `user_registration` SET `popup_seen` = 'yes'
WHERE `user_id` = 'UQO7EQ';
UPDATE `ci_sessions` SET `timestamp` = 1737815129, `data` = '__ci_last_regenerate|i:1737815129;reg_stripe_id|i:50;'
WHERE `id` = '6b8958f444bcc4445bf70552ee4a7ac5f8b49168';
UPDATE `user_registration` SET `popup_seen` = 'yes'
WHERE `user_id` = 'JHRDHS';
UPDATE `temp_register` SET `response` = '{\"stripeToken\":\"tok_1QlAIe2NUoYUjiuuDh5y4l63\",\"stripeTokenType\":\"card\",\"stripeEmail\":\"susyqp2@gmail.com\"}', `date_modified` = '2025-01-25 08:25:32', `payment_status` = '{\"id\":\"ch_3QlAIi2NUoYUjiuu05KyeUR5\",\"object\":\"charge\",\"amount\":19500,\"amount_captured\":19500,\"amount_refunded\":0,\"application\":null,\"application_fee\":null,\"application_fee_amount\":null,\"balance_transaction\":\"txn_3QlAIi2NUoYUjiuu0ZE73QvI\",\"billing_details\":{\"address\":{\"city\":null,\"country\":null,\"line1\":null,\"line2\":null,\"postal_code\":null,\"state\":null},\"email\":null,\"name\":\"susyqp2@gmail.com\",\"phone\":null},\"calculated_statement_descriptor\":\"TRAVELEGENDCY LLC\",\"captured\":true,\"created\":1737815132,\"currency\":\"usd\",\"customer\":\"cus_ReTFShKmodCNjk\",\"description\":null,\"destination\":null,\"dispute\":null,\"disputed\":false,\"failure_balance_transaction\":null,\"failure_code\":null,\"failure_message\":null,\"fraud_details\":[],\"invoice\":null,\"livemode\":true,\"metadata\":{\"name\":\"Susana Quevedo\",\"username\":\"Susyqp2\"},\"on_behalf_of\":null,\"order\":null,\"outcome\":{\"advice_code\":null,\"network_advice_code\":null,\"network_decline_code\":null,\"network_status\":\"approved_by_network\",\"reason\":null,\"risk_level\":\"normal\",\"seller_message\":\"Payment complete.\",\"type\":\"authorized\"},\"paid\":true,\"payment_intent\":null,\"payment_method\":\"card_1QlAIe2NUoYUjiuuzqXFovfJ\",\"payment_method_details\":{\"card\":{\"amount_authorized\":19500,\"authorization_code\":\"031031\",\"brand\":\"visa\",\"checks\":{\"address_line1_check\":null,\"address_postal_code_check\":null,\"cvc_check\":\"pass\"},\"country\":\"US\",\"exp_month\":4,\"exp_year\":2028,\"extended_authorization\":{\"status\":\"disabled\"},\"fingerprint\":\"F6E0nUYzqsj7qKkQ\",\"funding\":\"debit\",\"incremental_authorization\":{\"status\":\"unavailable\"},\"installments\":null,\"last4\":\"1418\",\"mandate\":null,\"multicapture\":{\"status\":\"unavailable\"},\"network\":\"visa\",\"network_token\":{\"used\":false},\"network_transaction_id\":\"305025519329985\",\"overcapture\":{\"maximum_amount_capturable\":19500,\"status\":\"unavailable\"},\"regulated_status\":\"regulated\",\"three_d_secure\":null,\"wallet\":null},\"type\":\"card\"},\"receipt_email\":null,\"receipt_number\":null,\"receipt_url\":\"https:\\/\\/pay.stripe.com\\/receipts\\/payment\\/CAcQARoXChVhY2N0XzFRUEFGdjJOVW9ZVWppdXUo3ejTvAYyBp1SdkAAxjosFh79gQd-6vbB3rm-I_cyN7t6QJWnr7TePNDjY-BPjH_knxrUviwrWzTY4dg\",\"refunded\":false,\"review\":null,\"shipping\":null,\"source\":{\"id\":\"card_1QlAIe2NUoYUjiuuzqXFovfJ\",\"object\":\"card\",\"address_city\":null,\"address_country\":null,\"address_line1\":null,\"address_line1_check\":null,\"address_line2\":null,\"address_state\":null,\"address_zip\":null,\"address_zip_check\":null,\"allow_redisplay\":\"unspecified\",\"brand\":\"Visa\",\"country\":\"US\",\"customer\":\"cus_ReTFShKmodCNjk\",\"cvc_check\":\"pass\",\"dynamic_last4\":null,\"exp_month\":4,\"exp_year\":2028,\"fingerprint\":\"F6E0nUYzqsj7qKkQ\",\"funding\":\"debit\",\"last4\":\"1418\",\"metadata\":[],\"name\":\"susyqp2@gmail.com\",\"regulated_status\":\"regulated\",\"tokenization_method\":null,\"wallet\":null},\"source_transfer\":null,\"statement_descriptor\":null,\"statement_descriptor_suffix\":null,\"status\":\"succeeded\",\"transfer_data\":null,\"transfer_group\":null}'
WHERE `id` = 50;
UPDATE `user_registration` SET `uid` = '2079', `user_id` = '1Q1ADJ', `username` = 'Susyqp2', `sponsor_id` = 'UQO7EQ', `vacant` = 'no', `f_name` = 'Susana', `l_name` = 'Quevedo', `position` = 'right', `email` = 'susyqp2@gmail.com', `password` = '5c02a1553636eb123ec338029e3190cd', `phone` = '3059243795', `country` = 'United States', `state` = 'Florida', `city` = 'Miami', `street` = '3563 SW 150 thCT', `zip_code` = '33185', `reg_ip` = '172.70.54.196', `status` = 1, `package_id` = '1', `rank_id` = 1, `highest_rank` = 1, `cycle_rank_id` = 1, `created` = '2025-01-25 08:21:52', `subscription_date` = '2025-02-24', `google_secret` = 'TXGKL4CXEY427JCO'
WHERE `uid` = '2079';
INSERT INTO `user_registration` (`uid`, `user_id`, `username`, `sponsor_id`, `placement_id`, `vacant`, `f_name`, `l_name`, `address`, `position`, `email`, `password`, `phone`, `reg_ip`, `status`, `created`) VALUES (NULL, 'WUFVQJ', 'UtmRbmNr', '1Q1ADJ', '1Q1ADJ', 'yes', '', '', '', 'left', '@mail.com', '', '', '', 0, '2025-01-25 08:25:32');
INSERT INTO `user_registration` (`uid`, `user_id`, `username`, `sponsor_id`, `placement_id`, `vacant`, `f_name`, `l_name`, `address`, `position`, `email`, `password`, `phone`, `reg_ip`, `status`, `created`) VALUES (NULL, 'BSKYVS', 'aIRCNpPu', '1Q1ADJ', '1Q1ADJ', 'yes', '', '', '', 'right', '@mail.com', '', '', '', 0, '2025-01-25 08:25:32');
INSERT INTO `bv_updation` (`user_id`) VALUES ('1Q1ADJ');
UPDATE `user_registration` SET total_ref_count = total_ref_count+1
WHERE `user_id` = 'UQO7EQ';
UPDATE `user_registration` SET total_downlines = total_downlines+1
WHERE `user_id` = 'XHO8CJ';
UPDATE `user_registration` SET right_downlines = right_downlines+1
WHERE `user_id` = 'XHO8CJ';
UPDATE `user_registration` SET total_downlines = total_downlines+1
WHERE `user_id` = 'U7SMZ8';
UPDATE `user_registration` SET right_downlines = right_downlines+1
WHERE `user_id` = 'U7SMZ8';
UPDATE `user_registration` SET total_downlines = total_downlines+1
WHERE `user_id` = 'AABG7W';
UPDATE `user_registration` SET right_downlines = right_downlines+1
WHERE `user_id` = 'AABG7W';
UPDATE `user_registration` SET total_downlines = total_downlines+1
WHERE `user_id` = '3ZDIFO';
UPDATE `user_registration` SET right_downlines = right_downlines+1
WHERE `user_id` = '3ZDIFO';
UPDATE `user_registration` SET total_downlines = total_downlines+1
WHERE `user_id` = 'UQO7EQ';
UPDATE `user_registration` SET right_downlines = right_downlines+1
WHERE `user_id` = 'UQO7EQ';
UPDATE `user_registration` SET right_ref_count = right_ref_count+1
WHERE `user_id` = 'UQO7EQ';
UPDATE `user_registration` SET active_right = active_right+1
WHERE `user_id` = 'UQO7EQ';
UPDATE `user_registration` SET total_downlines = total_downlines+1
WHERE `user_id` = 'N6GZAE';
UPDATE `user_registration` SET left_downlines = left_downlines+1
WHERE `user_id` = 'N6GZAE';
UPDATE `user_registration` SET total_downlines = total_downlines+1
WHERE `user_id` = '4E1CRI';
UPDATE `user_registration` SET left_downlines = left_downlines+1
WHERE `user_id` = '4E1CRI';
UPDATE `user_registration` SET total_downlines = total_downlines+1
WHERE `user_id` = 'SJBNYJ';
UPDATE `user_registration` SET left_downlines = left_downlines+1
WHERE `user_id` = 'SJBNYJ';
UPDATE `user_registration` SET total_downlines = total_downlines+1
WHERE `user_id` = '44B9Y4';
UPDATE `user_registration` SET left_downlines = left_downlines+1
WHERE `user_id` = '44B9Y4';
UPDATE `user_registration` SET total_downlines = total_downlines+1
WHERE `user_id` = 'admin';
UPDATE `user_registration` SET right_downlines = right_downlines+1
WHERE `user_id` = 'admin';
INSERT INTO `investment` (`invest_date`, `user_id`, `type`, `amount`, `package_id`) VALUES ('2025-01-25 08:25:32', '1Q1ADJ', 'register', '195', '1');
INSERT INTO `earnings` (`user_id`, `Purchaser_id`, `earning_type`, `package_id`, `amount`, `date`, `comments`, `invest_amount`, `comm_perc`, `level`, `rank_id`, `order_id`) VALUES ('UQO7EQ', '1Q1ADJ', 'Direct Referral Bonus', '1', '20', '2025-01-25 08:25:32', 'Direct Referral Bonus', 0, 0, 1, '', 36);
UPDATE `user_registration` SET commission_balance = ROUND(commission_balance + 20,2)
WHERE `user_id` = 'UQO7EQ';
UPDATE `user_registration` SET referral_bonus = ROUND(referral_bonus + 20,2)
WHERE `user_id` = 'UQO7EQ';
UPDATE `user_registration` SET total_points = ROUND(total_points + 20,2)
WHERE `user_id` = '1Q1ADJ';
INSERT INTO `points_history` (`user_id`, `points`, `type`, `date`) VALUES ('1Q1ADJ', '20', 'register', '2025-01-25 08:25:');
INSERT INTO `matrix_filling` (`placement_id`, `downline_id`, `level`, `matrix`) VALUES ('XHO8CJ', '1Q1ADJ', 1, 1);
UPDATE `bv_updation` SET right_carry = right_carry+20, total_right = total_right+20
WHERE `user_id` = 'XHO8CJ';
INSERT INTO `placement_bv_update_history` (`right_carry`, `date`, `from_id`, `user_id`) VALUES ('20', '2025-01-25 08:25:32', '1Q1ADJ', 'XHO8CJ');
INSERT INTO `matrix_filling` (`placement_id`, `downline_id`, `level`, `matrix`) VALUES ('U7SMZ8', '1Q1ADJ', 2, 1);
UPDATE `bv_updation` SET right_carry = right_carry+20, total_right = total_right+20
WHERE `user_id` = 'U7SMZ8';
INSERT INTO `placement_bv_update_history` (`right_carry`, `date`, `from_id`, `user_id`) VALUES ('20', '2025-01-25 08:25:32', '1Q1ADJ', 'U7SMZ8');
INSERT INTO `matrix_filling` (`placement_id`, `downline_id`, `level`, `matrix`) VALUES ('AABG7W', '1Q1ADJ', 3, 1);
UPDATE `bv_updation` SET right_carry = right_carry+20, total_right = total_right+20
WHERE `user_id` = 'AABG7W';
INSERT INTO `placement_bv_update_history` (`right_carry`, `date`, `from_id`, `user_id`) VALUES ('20', '2025-01-25 08:25:32', '1Q1ADJ', 'AABG7W');
INSERT INTO `matrix_filling` (`placement_id`, `downline_id`, `level`, `matrix`) VALUES ('3ZDIFO', '1Q1ADJ', 4, 1);
UPDATE `bv_updation` SET right_carry = right_carry+20, total_right = total_right+20
WHERE `user_id` = '3ZDIFO';
INSERT INTO `placement_bv_update_history` (`right_carry`, `date`, `from_id`, `user_id`) VALUES ('20', '2025-01-25 08:25:32', '1Q1ADJ', '3ZDIFO');
INSERT INTO `matrix_filling` (`placement_id`, `downline_id`, `level`, `matrix`) VALUES ('UQO7EQ', '1Q1ADJ', 5, 1);
UPDATE `bv_updation` SET right_carry = right_carry+20, total_right = total_right+20
WHERE `user_id` = 'UQO7EQ';
INSERT INTO `placement_bv_update_history` (`right_carry`, `date`, `from_id`, `user_id`) VALUES ('20', '2025-01-25 08:25:32', '1Q1ADJ', 'UQO7EQ');
UPDATE `bv_updation` SET sponsor_right_carry = sponsor_right_carry+20, sponsor_total_right = sponsor_total_right+20
WHERE `user_id` = 'UQO7EQ';
INSERT INTO `sponsor_bv_update_history` (`right_carry`, `date`, `user_id`) VALUES ('20', '2025-01-25 08:25:32', 'UQO7EQ');
INSERT INTO `matrix_filling` (`placement_id`, `downline_id`, `level`, `matrix`) VALUES ('N6GZAE', '1Q1ADJ', 6, 1);
UPDATE `bv_updation` SET left_carry = left_carry+20, total_left = total_left+20
WHERE `user_id` = 'N6GZAE';
INSERT INTO `placement_bv_update_history` (`left_carry`, `date`, `from_id`, `user_id`) VALUES ('20', '2025-01-25 08:25:32', '1Q1ADJ', 'N6GZAE');
INSERT INTO `matrix_filling` (`placement_id`, `downline_id`, `level`, `matrix`) VALUES ('4E1CRI', '1Q1ADJ', 7, 1);
UPDATE `bv_updation` SET left_carry = left_carry+20, total_left = total_left+20
WHERE `user_id` = '4E1CRI';
INSERT INTO `placement_bv_update_history` (`left_carry`, `date`, `from_id`, `user_id`) VALUES ('20', '2025-01-25 08:25:32', '1Q1ADJ', '4E1CRI');
INSERT INTO `matrix_filling` (`placement_id`, `downline_id`, `level`, `matrix`) VALUES ('SJBNYJ', '1Q1ADJ', 8, 1);
UPDATE `bv_updation` SET left_carry = left_carry+20, total_left = total_left+20
WHERE `user_id` = 'SJBNYJ';
INSERT INTO `placement_bv_update_history` (`left_carry`, `date`, `from_id`, `user_id`) VALUES ('20', '2025-01-25 08:25:32', '1Q1ADJ', 'SJBNYJ');
INSERT INTO `matrix_filling` (`placement_id`, `downline_id`, `level`, `matrix`) VALUES ('44B9Y4', '1Q1ADJ', 9, 1);
UPDATE `bv_updation` SET left_carry = left_carry+20, total_left = total_left+20
WHERE `user_id` = '44B9Y4';
INSERT INTO `placement_bv_update_history` (`left_carry`, `date`, `from_id`, `user_id`) VALUES ('20', '2025-01-25 08:25:32', '1Q1ADJ', '44B9Y4');
INSERT INTO `matrix_filling` (`placement_id`, `downline_id`, `level`, `matrix`) VALUES ('admin', '1Q1ADJ', 10, 1);
UPDATE `bv_updation` SET right_carry = right_carry+20, total_right = total_right+20
WHERE `user_id` = 'admin';
INSERT INTO `placement_bv_update_history` (`right_carry`, `date`, `from_id`, `user_id`) VALUES ('20', '2025-01-25 08:25:32', '1Q1ADJ', 'admin');
INSERT INTO `package_purchase_history` (`user_id`, `package_id`, `reg_fee`, `package_name`, `monthly_fee`, `type`, `date`, `payment_option`) VALUES ('1Q1ADJ', '1', '195', 'Traveler', '50', 'sign_up', '2025-01-25 08:25:32', 'stripe');
UPDATE `ci_sessions` SET `timestamp` = 1737815143, `data` = '__ci_last_regenerate|i:1737815143;'
WHERE `id` = 'f70a0210abec4b678441b1b031fdfc590065b638';
UPDATE `user_registration` SET `popup_seen` = 'yes'
WHERE `user_id` = 'UQO7EQ';
INSERT INTO `login_history` (`user_id`, `device`, `ip_address`, `date`) VALUES ('AABG7W', 'Mozilla/5.0 (Linux; Android 10; K) AppleWebKit/537.36 (KHTML, like Gecko) Chrome/132.0.0.0 Mobile Safari/537.36', '172.69.132.241', '25-01-25 08:27');
UPDATE `user_registration` SET `popup_seen` = 'yes'
WHERE `user_id` = 'AABG7W';
UPDATE `ci_sessions` SET `timestamp` = 1737815478, `data` = '__ci_last_regenerate|i:1737815478;id|s:4:\"2061\";user_id|s:6:\"U7SMZ8\";username|s:6:\"Clau66\";sponsor_id|s:6:\"UQO7EQ\";fullname|s:14:\"Claudia Pisana\";email|s:21:\"claujor06@hotmail.com\";phone|s:10:\"7863843449\";isLogIn|b:1;'
WHERE `id` = '4c5df4a377d0c5cd5dd7daf3dead89bc11e31349';
UPDATE `user_registration` SET `popup_seen` = 'yes'
WHERE `user_id` = 'U7SMZ8';
UPDATE `user_registration` SET `popup_seen` = 'no'
WHERE `user_id` = 'U7SMZ8';
DELETE FROM `ci_sessions`
WHERE `id` = '7ddf23e3e78ef6bc70081d9868bba80844ea7a0a';
INSERT INTO `login_history` (`user_id`, `device`, `ip_address`, `date`) VALUES ('U7SMZ8', 'Mozilla/5.0 (Macintosh; Intel Mac OS X 10_15_7) AppleWebKit/605.1.15 (KHTML, like Gecko) Version/17.6 Safari/605.1.15', '172.70.254.95', '25-01-25 08:31');
UPDATE `user_registration` SET `popup_seen` = 'yes'
WHERE `user_id` = 'U7SMZ8';
UPDATE `ci_sessions` SET `timestamp` = 1737815565, `data` = '__ci_last_regenerate|i:1737815565;id|s:4:\"2073\";user_id|s:6:\"XHO8CJ\";username|s:7:\"Ariel78\";sponsor_id|s:6:\"U7SMZ8\";fullname|s:12:\"Ariel Zomoza\";email|s:23:\"arielzomoza@hotmail.com\";phone|s:10:\"7863844290\";isLogIn|b:1;message|s:29:\"Request Accessed Successfully\";__ci_vars|a:1:{s:7:\"message\";s:3:\"old\";}'
WHERE `id` = '432c46b388606726b62057c356f80ce21f651b9e';
UPDATE `user_registration` SET `popup_seen` = 'yes'
WHERE `user_id` = 'U7SMZ8';
UPDATE `user_registration` SET `popup_seen` = 'yes'
WHERE `user_id` = 'XHO8CJ';
UPDATE `user_registration` SET `popup_seen` = 'yes'
WHERE `user_id` = 'XHO8CJ';
UPDATE `user_registration` SET `popup_seen` = 'yes'
WHERE `user_id` = 'U7SMZ8';
INSERT INTO `login_history` (`user_id`, `device`, `ip_address`, `date`) VALUES ('K55EDD', 'Mozilla/5.0 (iPhone; CPU iPhone OS 18_0 like Mac OS X) AppleWebKit/605.1.15 (KHTML, like Gecko) Version/18.0 Mobile/15E148 Safari/604.1', '108.162.210.236', '25-01-25 08:36');
UPDATE `user_registration` SET `popup_seen` = 'yes'
WHERE `user_id` = 'K55EDD';
UPDATE `ci_sessions` SET `timestamp` = 1737815793, `data` = '__ci_last_regenerate|i:1737815793;id|s:4:\"2061\";user_id|s:6:\"U7SMZ8\";username|s:6:\"Clau66\";sponsor_id|s:6:\"UQO7EQ\";fullname|s:14:\"Claudia Pisana\";email|s:21:\"claujor06@hotmail.com\";phone|s:10:\"7863843449\";isLogIn|b:1;'
WHERE `id` = '25058f01cc302076b95a0de0cdc145662d561c2f';
UPDATE `user_registration` SET `popup_seen` = 'yes'
WHERE `user_id` = 'U7SMZ8';
UPDATE `user_registration` SET `popup_seen` = 'yes'
WHERE `user_id` = 'K55EDD';
UPDATE `user_registration` SET `popup_seen` = 'yes'
WHERE `user_id` = 'K55EDD';
UPDATE `user_registration` SET `popup_seen` = 'no'
WHERE `user_id` = 'K55EDD';
DELETE FROM `ci_sessions`
WHERE `id` = 'f712f9e512177636bc51386cabd99b1c5b0deb34';
UPDATE `ci_sessions` SET `timestamp` = 1737816285, `data` = '__ci_last_regenerate|i:1737816285;id|s:4:\"2071\";user_id|s:6:\"JHRDHS\";username|s:7:\"mbecena\";sponsor_id|s:6:\"CVVK4C\";fullname|s:12:\"Maria Becena\";email|s:21:\"mbecena@bellsouth.net\";phone|s:10:\"7862360387\";isLogIn|b:1;'
WHERE `id` = 'e3243ec6674f5bd6b805768ff3a8cb8140e033b2';
INSERT INTO `login_history` (`user_id`, `device`, `ip_address`, `date`) VALUES ('PKHRN5', 'Mozilla/5.0 (X11; Linux x86_64) AppleWebKit/537.36 (KHTML, like Gecko) Chrome/131.0.0.0 Safari/537.36', '172.70.82.158', '25-01-25 08:51');
UPDATE `user_registration` SET `popup_seen` = 'yes'
WHERE `user_id` = 'PKHRN5';
UPDATE `ci_sessions` SET `timestamp` = 1737816691, `data` = '__ci_last_regenerate|i:1737816691;'
WHERE `id` = '355c3cbc6cd8f002196774fd290c0de35def3c16';
UPDATE `user_registration` SET `popup_seen` = 'no'
WHERE `user_id` = 'PKHRN5';
DELETE FROM `ci_sessions`
WHERE `id` = '077c5ab29f1e9e004935aff578145abe5111afff';
UPDATE `ci_sessions` SET `timestamp` = 1737816785, `data` = '__ci_last_regenerate|i:1737816785;id|s:4:\"2071\";user_id|s:6:\"JHRDHS\";username|s:7:\"mbecena\";sponsor_id|s:6:\"CVVK4C\";fullname|s:12:\"Maria Becena\";email|s:21:\"mbecena@bellsouth.net\";phone|s:10:\"7862360387\";isLogIn|b:1;'
WHERE `id` = 'a9892541e3c690f922d2f12860f00275d870f5b8';
UPDATE `user_registration` SET `popup_seen` = 'yes'
WHERE `user_id` = 'JHRDHS';
INSERT INTO `login_history` (`user_id`, `device`, `ip_address`, `date`) VALUES ('L2MNP5', 'Mozilla/5.0 (Linux; Android 10; K) AppleWebKit/537.36 (KHTML, like Gecko) Chrome/131.0.0.0 Mobile Safari/537.36', '172.70.55.77', '25-01-25 08:54');
UPDATE `user_registration` SET `popup_seen` = 'yes'
WHERE `user_id` = 'L2MNP5';
UPDATE `user_registration` SET `popup_seen` = 'no'
WHERE `user_id` = 'L2MNP5';
DELETE FROM `ci_sessions`
WHERE `id` = '85c3ea5c4136765d6116ff111e3b8ab24dc82272';
UPDATE `ci_sessions` SET `timestamp` = 1737817158, `data` = '__ci_last_regenerate|i:1737817158;id|s:4:\"2071\";user_id|s:6:\"JHRDHS\";username|s:7:\"mbecena\";sponsor_id|s:6:\"CVVK4C\";fullname|s:12:\"Maria Becena\";email|s:21:\"mbecena@bellsouth.net\";phone|s:10:\"7862360387\";isLogIn|b:1;'
WHERE `id` = '30d8c22a7a6d5f71aad820ead838f5f276e98410';
UPDATE `user_registration` SET `popup_seen` = 'no'
WHERE `user_id` = 'JHRDHS';
DELETE FROM `ci_sessions`
WHERE `id` = 'eb1d611f299bf03e986a57d703adae79f5e65562';
INSERT INTO `login_history` (`user_id`, `device`, `ip_address`, `date`) VALUES ('JHRDHS', 'Mozilla/5.0 (iPhone; CPU iPhone OS 18_1_1 like Mac OS X) AppleWebKit/605.1.15 (KHTML, like Gecko) Version/18.1.1 Mobile/15E148 Safari/604.1', '172.70.254.232', '25-01-25 09:03');
UPDATE `user_registration` SET `popup_seen` = 'yes'
WHERE `user_id` = 'JHRDHS';
UPDATE `ci_sessions` SET `timestamp` = 1737817454, `data` = '__ci_last_regenerate|i:1737817454;'
WHERE `id` = '71c1b79b3bddc77e9095c9473650e80fdabb4f73';
INSERT INTO `temp_register` (`post_data`, `date`, `payment_method`, `type`) VALUES ('{\"uid\":\"2087\",\"user_id\":\"2MBPZI\",\"username\":\"hernandezi\",\"sponsor_id\":\"U7SMZ8\",\"vacant\":\"no\",\"f_name\":\"Isahermis\",\"l_name\":\"Hernandez\",\"position\":\"right\",\"email\":\"lamora07@icloud.com\",\"password\":\"0f8720cbf82876cbb8859a7e55aa5a08\",\"phone\":\"5617017060\",\"country\":\"United States\",\"state\":\"Florida\",\"city\":\"Royal Palm Beach\",\"street\":\"170 Seminole Lakes Dr.\",\"zip_code\":\"33411\",\"reg_ip\":\"172.69.132.230\",\"status\":1,\"package_id\":\"2\",\"rank_id\":1,\"highest_rank\":1,\"cycle_rank_id\":1,\"created\":\"2025-01-25 09:04:14\",\"subscription_date\":\"2025-02-24\",\"google_secret\":\"KZ743T3D7YKJHQON\"}', '2025-01-25 09:04:14', 'stripe', 'register');
UPDATE `temp_register` SET `response` = '{\"stripeToken\":\"tok_1QlAuT2NUoYUjiuuldV604rf\",\"stripeTokenType\":\"card\",\"stripeEmail\":\"lamora07@icloud.com\"}', `date_modified` = '2025-01-25 09:04:38', `payment_status` = '{\"id\":\"ch_3QlAuX2NUoYUjiuu01eeXD7m\",\"object\":\"charge\",\"amount\":59500,\"amount_captured\":59500,\"amount_refunded\":0,\"application\":null,\"application_fee\":null,\"application_fee_amount\":null,\"balance_transaction\":\"txn_3QlAuX2NUoYUjiuu0TcGnTLK\",\"billing_details\":{\"address\":{\"city\":null,\"country\":null,\"line1\":null,\"line2\":null,\"postal_code\":null,\"state\":null},\"email\":null,\"name\":\"lamora07@icloud.com\",\"phone\":null},\"calculated_statement_descriptor\":\"TRAVELEGENDCY LLC\",\"captured\":true,\"created\":1737817477,\"currency\":\"usd\",\"customer\":\"cus_ReTs7uMo8kYmYq\",\"description\":null,\"destination\":null,\"dispute\":null,\"disputed\":false,\"failure_balance_transaction\":null,\"failure_code\":null,\"failure_message\":null,\"fraud_details\":[],\"invoice\":null,\"livemode\":true,\"metadata\":{\"name\":\"Isahermis Hernandez\",\"username\":\"hernandezi\"},\"on_behalf_of\":null,\"order\":null,\"outcome\":{\"advice_code\":null,\"network_advice_code\":null,\"network_decline_code\":null,\"network_status\":\"approved_by_network\",\"reason\":null,\"risk_level\":\"normal\",\"seller_message\":\"Payment complete.\",\"type\":\"authorized\"},\"paid\":true,\"payment_intent\":null,\"payment_method\":\"card_1QlAuS2NUoYUjiuuGRoW6DPs\",\"payment_method_details\":{\"card\":{\"amount_authorized\":59500,\"authorization_code\":\"223161\",\"brand\":\"amex\",\"checks\":{\"address_line1_check\":null,\"address_postal_code_check\":null,\"cvc_check\":\"pass\"},\"country\":\"US\",\"exp_month\":11,\"exp_year\":2028,\"extended_authorization\":{\"status\":\"disabled\"},\"fingerprint\":\"zgNsSGimIkD7Dw2n\",\"funding\":\"credit\",\"incremental_authorization\":{\"status\":\"unavailable\"},\"installments\":null,\"last4\":\"8002\",\"mandate\":null,\"multicapture\":{\"status\":\"unavailable\"},\"network\":\"amex\",\"network_token\":{\"used\":false},\"network_transaction_id\":\"010776377885325\",\"overcapture\":{\"maximum_amount_capturable\":59500,\"status\":\"unavailable\"},\"regulated_status\":\"unregulated\",\"three_d_secure\":null,\"wallet\":null},\"type\":\"card\"},\"receipt_email\":null,\"receipt_number\":null,\"receipt_url\":\"https:\\/\\/pay.stripe.com\\/receipts\\/payment\\/CAcQARoXChVhY2N0XzFRUEFGdjJOVW9ZVWppdXUoh_vTvAYyBlrOCFrTdTosFvY9NTtV_DctBadYgs5qpZjKr2OMy8G2ugIwn0LjCViHQRqjNq6WrDg22jk\",\"refunded\":false,\"review\":null,\"shipping\":null,\"source\":{\"id\":\"card_1QlAuS2NUoYUjiuuGRoW6DPs\",\"object\":\"card\",\"address_city\":null,\"address_country\":null,\"address_line1\":null,\"address_line1_check\":null,\"address_line2\":null,\"address_state\":null,\"address_zip\":null,\"address_zip_check\":null,\"allow_redisplay\":\"unspecified\",\"brand\":\"American Express\",\"country\":\"US\",\"customer\":\"cus_ReTs7uMo8kYmYq\",\"cvc_check\":\"pass\",\"dynamic_last4\":null,\"exp_month\":11,\"exp_year\":2028,\"fingerprint\":\"zgNsSGimIkD7Dw2n\",\"funding\":\"credit\",\"last4\":\"8002\",\"metadata\":[],\"name\":\"lamora07@icloud.com\",\"regulated_status\":\"unregulated\",\"tokenization_method\":null,\"wallet\":null},\"source_transfer\":null,\"statement_descriptor\":null,\"statement_descriptor_suffix\":null,\"status\":\"succeeded\",\"transfer_data\":null,\"transfer_group\":null}'
WHERE `id` = 51;
UPDATE `user_registration` SET `uid` = '2087', `user_id` = '2MBPZI', `username` = 'hernandezi', `sponsor_id` = 'U7SMZ8', `vacant` = 'no', `f_name` = 'Isahermis', `l_name` = 'Hernandez', `position` = 'right', `email` = 'lamora07@icloud.com', `password` = '0f8720cbf82876cbb8859a7e55aa5a08', `phone` = '5617017060', `country` = 'United States', `state` = 'Florida', `city` = 'Royal Palm Beach', `street` = '170 Seminole Lakes Dr.', `zip_code` = '33411', `reg_ip` = '172.69.132.230', `status` = 1, `package_id` = '2', `rank_id` = 1, `highest_rank` = 1, `cycle_rank_id` = 1, `created` = '2025-01-25 09:04:14', `subscription_date` = '2025-02-24', `google_secret` = 'KZ743T3D7YKJHQON'
WHERE `uid` = '2087';
INSERT INTO `user_registration` (`uid`, `user_id`, `username`, `sponsor_id`, `placement_id`, `vacant`, `f_name`, `l_name`, `address`, `position`, `email`, `password`, `phone`, `reg_ip`, `status`, `created`) VALUES (NULL, 'FMEYEG', 'nvcZWwFn', '2MBPZI', '2MBPZI', 'yes', '', '', '', 'left', '@mail.com', '', '', '', 0, '2025-01-25 09:04:38');
INSERT INTO `user_registration` (`uid`, `user_id`, `username`, `sponsor_id`, `placement_id`, `vacant`, `f_name`, `l_name`, `address`, `position`, `email`, `password`, `phone`, `reg_ip`, `status`, `created`) VALUES (NULL, 'NYNYGK', 'rWpNpHEV', '2MBPZI', '2MBPZI', 'yes', '', '', '', 'right', '@mail.com', '', '', '', 0, '2025-01-25 09:04:38');
INSERT INTO `bv_updation` (`user_id`) VALUES ('2MBPZI');
UPDATE `user_registration` SET total_ref_count = total_ref_count+1
WHERE `user_id` = 'U7SMZ8';
UPDATE `user_registration` SET total_downlines = total_downlines+1
WHERE `user_id` = '1Q1ADJ';
UPDATE `user_registration` SET right_downlines = right_downlines+1
WHERE `user_id` = '1Q1ADJ';
UPDATE `user_registration` SET total_downlines = total_downlines+1
WHERE `user_id` = 'XHO8CJ';
UPDATE `user_registration` SET right_downlines = right_downlines+1
WHERE `user_id` = 'XHO8CJ';
UPDATE `user_registration` SET total_downlines = total_downlines+1
WHERE `user_id` = 'U7SMZ8';
UPDATE `user_registration` SET right_downlines = right_downlines+1
WHERE `user_id` = 'U7SMZ8';
UPDATE `user_registration` SET right_ref_count = right_ref_count+1
WHERE `user_id` = 'U7SMZ8';
UPDATE `user_registration` SET active_right = active_right+1
WHERE `user_id` = 'U7SMZ8';
UPDATE `user_registration` SET total_downlines = total_downlines+1
WHERE `user_id` = 'AABG7W';
UPDATE `user_registration` SET right_downlines = right_downlines+1
WHERE `user_id` = 'AABG7W';
UPDATE `user_registration` SET total_downlines = total_downlines+1
WHERE `user_id` = '3ZDIFO';
UPDATE `user_registration` SET right_downlines = right_downlines+1
WHERE `user_id` = '3ZDIFO';
UPDATE `user_registration` SET total_downlines = total_downlines+1
WHERE `user_id` = 'UQO7EQ';
UPDATE `user_registration` SET right_downlines = right_downlines+1
WHERE `user_id` = 'UQO7EQ';
UPDATE `user_registration` SET total_downlines = total_downlines+1
WHERE `user_id` = 'N6GZAE';
UPDATE `user_registration` SET left_downlines = left_downlines+1
WHERE `user_id` = 'N6GZAE';
UPDATE `user_registration` SET total_downlines = total_downlines+1
WHERE `user_id` = '4E1CRI';
UPDATE `user_registration` SET left_downlines = left_downlines+1
WHERE `user_id` = '4E1CRI';
UPDATE `user_registration` SET total_downlines = total_downlines+1
WHERE `user_id` = 'SJBNYJ';
UPDATE `user_registration` SET left_downlines = left_downlines+1
WHERE `user_id` = 'SJBNYJ';
UPDATE `user_registration` SET total_downlines = total_downlines+1
WHERE `user_id` = '44B9Y4';
UPDATE `user_registration` SET left_downlines = left_downlines+1
WHERE `user_id` = '44B9Y4';
UPDATE `user_registration` SET total_downlines = total_downlines+1
WHERE `user_id` = 'admin';
UPDATE `user_registration` SET right_downlines = right_downlines+1
WHERE `user_id` = 'admin';
INSERT INTO `investment` (`invest_date`, `user_id`, `type`, `amount`, `package_id`) VALUES ('2025-01-25 09:04:38', '2MBPZI', 'register', '595', '2');
INSERT INTO `earnings` (`user_id`, `Purchaser_id`, `earning_type`, `package_id`, `amount`, `date`, `comments`, `invest_amount`, `comm_perc`, `level`, `rank_id`, `order_id`) VALUES ('U7SMZ8', '2MBPZI', 'Direct Referral Bonus', '2', '100', '2025-01-25 09:04:38', 'Direct Referral Bonus', 0, 0, 1, '', 37);
UPDATE `user_registration` SET commission_balance = ROUND(commission_balance + 100,2)
WHERE `user_id` = 'U7SMZ8';
UPDATE `user_registration` SET referral_bonus = ROUND(referral_bonus + 100,2)
WHERE `user_id` = 'U7SMZ8';
UPDATE `user_registration` SET total_points = ROUND(total_points + 50,2)
WHERE `user_id` = '2MBPZI';
INSERT INTO `points_history` (`user_id`, `points`, `type`, `date`) VALUES ('2MBPZI', '50', 'register', '2025-01-25 09:04:');
INSERT INTO `matrix_filling` (`placement_id`, `downline_id`, `level`, `matrix`) VALUES ('1Q1ADJ', '2MBPZI', 1, 1);
INSERT INTO `matrix_filling` (`placement_id`, `downline_id`, `level`, `matrix`) VALUES ('XHO8CJ', '2MBPZI', 2, 1);
UPDATE `bv_updation` SET right_carry = right_carry+50, total_right = total_right+50
WHERE `user_id` = 'XHO8CJ';
INSERT INTO `placement_bv_update_history` (`right_carry`, `date`, `from_id`, `user_id`) VALUES ('50', '2025-01-25 09:04:38', '2MBPZI', 'XHO8CJ');
INSERT INTO `matrix_filling` (`placement_id`, `downline_id`, `level`, `matrix`) VALUES ('U7SMZ8', '2MBPZI', 3, 1);
UPDATE `bv_updation` SET right_carry = right_carry+50, total_right = total_right+50
WHERE `user_id` = 'U7SMZ8';
INSERT INTO `placement_bv_update_history` (`right_carry`, `date`, `from_id`, `user_id`) VALUES ('50', '2025-01-25 09:04:38', '2MBPZI', 'U7SMZ8');
UPDATE `bv_updation` SET sponsor_right_carry = sponsor_right_carry+50, sponsor_total_right = sponsor_total_right+50
WHERE `user_id` = 'U7SMZ8';
INSERT INTO `sponsor_bv_update_history` (`right_carry`, `date`, `user_id`) VALUES ('50', '2025-01-25 09:04:38', 'U7SMZ8');
INSERT INTO `matrix_filling` (`placement_id`, `downline_id`, `level`, `matrix`) VALUES ('AABG7W', '2MBPZI', 4, 1);
UPDATE `bv_updation` SET right_carry = right_carry+50, total_right = total_right+50
WHERE `user_id` = 'AABG7W';
INSERT INTO `placement_bv_update_history` (`right_carry`, `date`, `from_id`, `user_id`) VALUES ('50', '2025-01-25 09:04:38', '2MBPZI', 'AABG7W');
INSERT INTO `matrix_filling` (`placement_id`, `downline_id`, `level`, `matrix`) VALUES ('3ZDIFO', '2MBPZI', 5, 1);
UPDATE `bv_updation` SET right_carry = right_carry+50, total_right = total_right+50
WHERE `user_id` = '3ZDIFO';
INSERT INTO `placement_bv_update_history` (`right_carry`, `date`, `from_id`, `user_id`) VALUES ('50', '2025-01-25 09:04:38', '2MBPZI', '3ZDIFO');
INSERT INTO `matrix_filling` (`placement_id`, `downline_id`, `level`, `matrix`) VALUES ('UQO7EQ', '2MBPZI', 6, 1);
UPDATE `bv_updation` SET right_carry = right_carry+50, total_right = total_right+50
WHERE `user_id` = 'UQO7EQ';
INSERT INTO `placement_bv_update_history` (`right_carry`, `date`, `from_id`, `user_id`) VALUES ('50', '2025-01-25 09:04:38', '2MBPZI', 'UQO7EQ');
INSERT INTO `matrix_filling` (`placement_id`, `downline_id`, `level`, `matrix`) VALUES ('N6GZAE', '2MBPZI', 7, 1);
UPDATE `bv_updation` SET left_carry = left_carry+50, total_left = total_left+50
WHERE `user_id` = 'N6GZAE';
INSERT INTO `placement_bv_update_history` (`left_carry`, `date`, `from_id`, `user_id`) VALUES ('50', '2025-01-25 09:04:38', '2MBPZI', 'N6GZAE');
INSERT INTO `matrix_filling` (`placement_id`, `downline_id`, `level`, `matrix`) VALUES ('4E1CRI', '2MBPZI', 8, 1);
UPDATE `bv_updation` SET left_carry = left_carry+50, total_left = total_left+50
WHERE `user_id` = '4E1CRI';
INSERT INTO `placement_bv_update_history` (`left_carry`, `date`, `from_id`, `user_id`) VALUES ('50', '2025-01-25 09:04:38', '2MBPZI', '4E1CRI');
INSERT INTO `matrix_filling` (`placement_id`, `downline_id`, `level`, `matrix`) VALUES ('SJBNYJ', '2MBPZI', 9, 1);
UPDATE `bv_updation` SET left_carry = left_carry+50, total_left = total_left+50
WHERE `user_id` = 'SJBNYJ';
INSERT INTO `placement_bv_update_history` (`left_carry`, `date`, `from_id`, `user_id`) VALUES ('50', '2025-01-25 09:04:38', '2MBPZI', 'SJBNYJ');
INSERT INTO `matrix_filling` (`placement_id`, `downline_id`, `level`, `matrix`) VALUES ('44B9Y4', '2MBPZI', 10, 1);
UPDATE `bv_updation` SET left_carry = left_carry+50, total_left = total_left+50
WHERE `user_id` = '44B9Y4';
INSERT INTO `placement_bv_update_history` (`left_carry`, `date`, `from_id`, `user_id`) VALUES ('50', '2025-01-25 09:04:38', '2MBPZI', '44B9Y4');
INSERT INTO `matrix_filling` (`placement_id`, `downline_id`, `level`, `matrix`) VALUES ('admin', '2MBPZI', 11, 1);
UPDATE `bv_updation` SET right_carry = right_carry+50, total_right = total_right+50
WHERE `user_id` = 'admin';
INSERT INTO `placement_bv_update_history` (`right_carry`, `date`, `from_id`, `user_id`) VALUES ('50', '2025-01-25 09:04:38', '2MBPZI', 'admin');
INSERT INTO `package_purchase_history` (`user_id`, `package_id`, `reg_fee`, `package_name`, `monthly_fee`, `type`, `date`, `payment_option`) VALUES ('2MBPZI', '2', '595', 'Traveler Pro', '150', 'sign_up', '2025-01-25 09:04:38', 'stripe');
UPDATE `ci_sessions` SET `timestamp` = 1737817486, `data` = '__ci_last_regenerate|i:1737817486;captcha|s:4:\"fi8e\";'
WHERE `id` = '9f9f84ac84532a5408477d11cf742f0843a0a91e';
UPDATE `user_registration` SET `popup_seen` = 'no'
WHERE `user_id` = 'JHRDHS';
DELETE FROM `ci_sessions`
WHERE `id` = 'a31b0172ab4fda60cc1f38ec81785407a7c0d3bb';
UPDATE `ci_sessions` SET `timestamp` = 1737817545, `data` = '__ci_last_regenerate|i:1737817545;id|s:4:\"2061\";user_id|s:6:\"U7SMZ8\";username|s:6:\"Clau66\";sponsor_id|s:6:\"UQO7EQ\";fullname|s:14:\"Claudia Pisana\";email|s:21:\"claujor06@hotmail.com\";phone|s:10:\"7863843449\";isLogIn|b:1;'
WHERE `id` = 'a9cab1d83d0b5612667d1f3dc64fee720b15df46';
UPDATE `user_registration` SET `popup_seen` = 'no'
WHERE `user_id` = 'U7SMZ8';
DELETE FROM `ci_sessions`
WHERE `id` = '6caae0f9d43b5d29d25a3c1ea4b10d6ff97edb28';
INSERT INTO `temp_register` (`post_data`, `date`, `payment_method`, `type`) VALUES ('{\"uid\":\"2067\",\"user_id\":\"PR92IO\",\"username\":\"arte20\",\"sponsor_id\":\"PUJNHI\",\"vacant\":\"no\",\"f_name\":\"Oniel\",\"l_name\":\"Guerra\",\"position\":\"right\",\"email\":\"onielguerra@yahoo.com\",\"password\":\"b7f8647c85e772461c3016bdb1c4b923\",\"phone\":\"9549345744\",\"country\":\"United States\",\"state\":\"Florida\",\"city\":\"Broward\",\"street\":\"1913 SW 67 Ave\",\"zip_code\":\"33068\",\"reg_ip\":\"108.162.212.189\",\"status\":1,\"package_id\":\"1\",\"rank_id\":1,\"highest_rank\":1,\"cycle_rank_id\":1,\"created\":\"2025-01-25 09:05:57\",\"subscription_date\":\"2025-02-24\",\"google_secret\":\"USQBVKUHHQVJ4VYJ\"}', '2025-01-25 09:05:57', 'stripe', 'register');
INSERT INTO `login_history` (`user_id`, `device`, `ip_address`, `date`) VALUES ('U7SMZ8', 'Mozilla/5.0 (Macintosh; Intel Mac OS X 10_15_7) AppleWebKit/605.1.15 (KHTML, like Gecko) Version/17.6 Safari/605.1.15', '172.70.254.136', '25-01-25 09:05');
UPDATE `user_registration` SET `popup_seen` = 'yes'
WHERE `user_id` = 'U7SMZ8';
INSERT INTO `login_history` (`user_id`, `device`, `ip_address`, `date`) VALUES ('2MBPZI', 'Mozilla/5.0 (Macintosh; Intel Mac OS X 10_15_7) AppleWebKit/605.1.15 (KHTML, like Gecko) Version/17.5 Safari/605.1.15', '172.69.132.230', '25-01-25 09:05');
UPDATE `user_registration` SET `popup_seen` = 'yes'
WHERE `user_id` = '2MBPZI';
UPDATE `user_registration` SET `default_leg` = 'left'
WHERE `user_id` = '2MBPZI';
UPDATE `temp_register` SET `response` = '{\"stripeToken\":\"tok_1QlAx72NUoYUjiuueqgntRze\",\"stripeTokenType\":\"card\",\"stripeEmail\":\"sotolongor@gmail.com\"}', `date_modified` = '2025-01-25 09:07:22', `payment_status` = '{\"id\":\"ch_3QlAxC2NUoYUjiuu1Q9G3qzy\",\"object\":\"charge\",\"amount\":19500,\"amount_captured\":19500,\"amount_refunded\":0,\"application\":null,\"application_fee\":null,\"application_fee_amount\":null,\"balance_transaction\":\"txn_3QlAxC2NUoYUjiuu1SoKiAk9\",\"billing_details\":{\"address\":{\"city\":null,\"country\":null,\"line1\":null,\"line2\":null,\"postal_code\":null,\"state\":null},\"email\":null,\"name\":\"sotolongor@gmail.com\",\"phone\":null},\"calculated_statement_descriptor\":\"TRAVELEGENDCY LLC\",\"captured\":true,\"created\":1737817642,\"currency\":\"usd\",\"customer\":\"cus_ReTvkLLCLqGNj3\",\"description\":null,\"destination\":null,\"dispute\":null,\"disputed\":false,\"failure_balance_transaction\":null,\"failure_code\":null,\"failure_message\":null,\"fraud_details\":[],\"invoice\":null,\"livemode\":true,\"metadata\":{\"name\":\"Oniel Guerra\",\"username\":\"arte20\"},\"on_behalf_of\":null,\"order\":null,\"outcome\":{\"advice_code\":null,\"network_advice_code\":null,\"network_decline_code\":null,\"network_status\":\"approved_by_network\",\"reason\":null,\"risk_level\":\"normal\",\"seller_message\":\"Payment complete.\",\"type\":\"authorized\"},\"paid\":true,\"payment_intent\":null,\"payment_method\":\"card_1QlAx72NUoYUjiuuQEuU3tig\",\"payment_method_details\":{\"card\":{\"amount_authorized\":19500,\"authorization_code\":\"020710\",\"brand\":\"visa\",\"checks\":{\"address_line1_check\":null,\"address_postal_code_check\":null,\"cvc_check\":\"pass\"},\"country\":\"US\",\"exp_month\":6,\"exp_year\":2029,\"extended_authorization\":{\"status\":\"disabled\"},\"fingerprint\":\"PsWWtRaDB29N63nI\",\"funding\":\"debit\",\"incremental_authorization\":{\"status\":\"unavailable\"},\"installments\":null,\"last4\":\"4457\",\"mandate\":null,\"multicapture\":{\"status\":\"unavailable\"},\"network\":\"visa\",\"network_token\":{\"used\":true},\"network_transaction_id\":\"305025544424137\",\"overcapture\":{\"maximum_amount_capturable\":19500,\"status\":\"unavailable\"},\"regulated_status\":\"regulated\",\"three_d_secure\":null,\"wallet\":null},\"type\":\"card\"},\"receipt_email\":null,\"receipt_number\":null,\"receipt_url\":\"https:\\/\\/pay.stripe.com\\/receipts\\/payment\\/CAcQARoXChVhY2N0XzFRUEFGdjJOVW9ZVWppdXUoq_zTvAYyBko0BX60FjosFpYOJHfKIHHBSMnh-VwKFcvCMMTSzLOgejmOhxWhdZyGB-prxERYVurMpkU\",\"refunded\":false,\"review\":null,\"shipping\":null,\"source\":{\"id\":\"card_1QlAx72NUoYUjiuuQEuU3tig\",\"object\":\"card\",\"address_city\":null,\"address_country\":null,\"address_line1\":null,\"address_line1_check\":null,\"address_line2\":null,\"address_state\":null,\"address_zip\":null,\"address_zip_check\":null,\"allow_redisplay\":\"unspecified\",\"brand\":\"Visa\",\"country\":\"US\",\"customer\":\"cus_ReTvkLLCLqGNj3\",\"cvc_check\":\"pass\",\"dynamic_last4\":null,\"exp_month\":6,\"exp_year\":2029,\"fingerprint\":\"PsWWtRaDB29N63nI\",\"funding\":\"debit\",\"last4\":\"4457\",\"metadata\":[],\"name\":\"sotolongor@gmail.com\",\"regulated_status\":\"regulated\",\"tokenization_method\":null,\"wallet\":null},\"source_transfer\":null,\"statement_descriptor\":null,\"statement_descriptor_suffix\":null,\"status\":\"succeeded\",\"transfer_data\":null,\"transfer_group\":null}'
WHERE `id` = 52;
UPDATE `user_registration` SET `uid` = '2067', `user_id` = 'PR92IO', `username` = 'arte20', `sponsor_id` = 'PUJNHI', `vacant` = 'no', `f_name` = 'Oniel', `l_name` = 'Guerra', `position` = 'right', `email` = 'onielguerra@yahoo.com', `password` = 'b7f8647c85e772461c3016bdb1c4b923', `phone` = '9549345744', `country` = 'United States', `state` = 'Florida', `city` = 'Broward', `street` = '1913 SW 67 Ave', `zip_code` = '33068', `reg_ip` = '108.162.212.189', `status` = 1, `package_id` = '1', `rank_id` = 1, `highest_rank` = 1, `cycle_rank_id` = 1, `created` = '2025-01-25 09:05:57', `subscription_date` = '2025-02-24', `google_secret` = 'USQBVKUHHQVJ4VYJ'
WHERE `uid` = '2067';
INSERT INTO `user_registration` (`uid`, `user_id`, `username`, `sponsor_id`, `placement_id`, `vacant`, `f_name`, `l_name`, `address`, `position`, `email`, `password`, `phone`, `reg_ip`, `status`, `created`) VALUES (NULL, 'VSJOFW', 'IMJCjDDc', 'PR92IO', 'PR92IO', 'yes', '', '', '', 'left', '@mail.com', '', '', '', 0, '2025-01-25 09:07:22');
INSERT INTO `user_registration` (`uid`, `user_id`, `username`, `sponsor_id`, `placement_id`, `vacant`, `f_name`, `l_name`, `address`, `position`, `email`, `password`, `phone`, `reg_ip`, `status`, `created`) VALUES (NULL, 'HGXGLC', 'MwSNGPQQ', 'PR92IO', 'PR92IO', 'yes', '', '', '', 'right', '@mail.com', '', '', '', 0, '2025-01-25 09:07:22');
INSERT INTO `bv_updation` (`user_id`) VALUES ('PR92IO');
UPDATE `user_registration` SET total_ref_count = total_ref_count+1
WHERE `user_id` = 'PUJNHI';
UPDATE `user_registration` SET total_downlines = total_downlines+1
WHERE `user_id` = 'W17SG2';
UPDATE `user_registration` SET right_downlines = right_downlines+1
WHERE `user_id` = 'W17SG2';
UPDATE `user_registration` SET total_downlines = total_downlines+1
WHERE `user_id` = 'PUJNHI';
UPDATE `user_registration` SET right_downlines = right_downlines+1
WHERE `user_id` = 'PUJNHI';
UPDATE `user_registration` SET right_ref_count = right_ref_count+1
WHERE `user_id` = 'PUJNHI';
UPDATE `user_registration` SET active_right = active_right+1
WHERE `user_id` = 'PUJNHI';
UPDATE `user_registration` SET `binary_qualified` = 'yes', `binary_qualified_date` = '2025-01-25 09:07:22'
WHERE `user_id` = 'PUJNHI';
UPDATE `user_registration` SET total_downlines = total_downlines+1
WHERE `user_id` = 'IEVPMD';
UPDATE `user_registration` SET right_downlines = right_downlines+1
WHERE `user_id` = 'IEVPMD';
UPDATE `user_registration` SET total_downlines = total_downlines+1
WHERE `user_id` = 'HUDVJU';
UPDATE `user_registration` SET right_downlines = right_downlines+1
WHERE `user_id` = 'HUDVJU';
UPDATE `user_registration` SET total_downlines = total_downlines+1
WHERE `user_id` = 'OWF3OA';
UPDATE `user_registration` SET right_downlines = right_downlines+1
WHERE `user_id` = 'OWF3OA';
UPDATE `user_registration` SET total_downlines = total_downlines+1
WHERE `user_id` = 'PKHRN5';
UPDATE `user_registration` SET right_downlines = right_downlines+1
WHERE `user_id` = 'PKHRN5';
UPDATE `user_registration` SET total_downlines = total_downlines+1
WHERE `user_id` = 'R37QLI';
UPDATE `user_registration` SET right_downlines = right_downlines+1
WHERE `user_id` = 'R37QLI';
UPDATE `user_registration` SET total_downlines = total_downlines+1
WHERE `user_id` = 'H2HQC8';
UPDATE `user_registration` SET right_downlines = right_downlines+1
WHERE `user_id` = 'H2HQC8';
UPDATE `user_registration` SET total_downlines = total_downlines+1
WHERE `user_id` = '45E8V2';
UPDATE `user_registration` SET left_downlines = left_downlines+1
WHERE `user_id` = '45E8V2';
UPDATE `user_registration` SET total_downlines = total_downlines+1
WHERE `user_id` = '44B9Y4';
UPDATE `user_registration` SET right_downlines = right_downlines+1
WHERE `user_id` = '44B9Y4';
UPDATE `user_registration` SET total_downlines = total_downlines+1
WHERE `user_id` = 'admin';
UPDATE `user_registration` SET right_downlines = right_downlines+1
WHERE `user_id` = 'admin';
INSERT INTO `investment` (`invest_date`, `user_id`, `type`, `amount`, `package_id`) VALUES ('2025-01-25 09:07:22', 'PR92IO', 'register', '195', '1');
INSERT INTO `earnings` (`user_id`, `Purchaser_id`, `earning_type`, `package_id`, `amount`, `date`, `comments`, `invest_amount`, `comm_perc`, `level`, `rank_id`, `order_id`) VALUES ('PUJNHI', 'PR92IO', 'Direct Referral Bonus', '1', '20', '2025-01-25 09:07:22', 'Direct Referral Bonus', 0, 0, 1, '', 38);
UPDATE `user_registration` SET commission_balance = ROUND(commission_balance + 20,2)
WHERE `user_id` = 'PUJNHI';
UPDATE `user_registration` SET referral_bonus = ROUND(referral_bonus + 20,2)
WHERE `user_id` = 'PUJNHI';
UPDATE `user_registration` SET total_points = ROUND(total_points + 20,2)
WHERE `user_id` = 'PR92IO';
INSERT INTO `points_history` (`user_id`, `points`, `type`, `date`) VALUES ('PR92IO', '20', 'register', '2025-01-25 09:07:');
INSERT INTO `matrix_filling` (`placement_id`, `downline_id`, `level`, `matrix`) VALUES ('W17SG2', 'PR92IO', 1, 1);
UPDATE `bv_updation` SET right_carry = right_carry+20, total_right = total_right+20
WHERE `user_id` = 'W17SG2';
INSERT INTO `placement_bv_update_history` (`right_carry`, `date`, `from_id`, `user_id`) VALUES ('20', '2025-01-25 09:07:22', 'PR92IO', 'W17SG2');
INSERT INTO `matrix_filling` (`placement_id`, `downline_id`, `level`, `matrix`) VALUES ('PUJNHI', 'PR92IO', 2, 1);
UPDATE `bv_updation` SET right_carry = right_carry+20, total_right = total_right+20
WHERE `user_id` = 'PUJNHI';
INSERT INTO `placement_bv_update_history` (`right_carry`, `date`, `from_id`, `user_id`) VALUES ('20', '2025-01-25 09:07:22', 'PR92IO', 'PUJNHI');
UPDATE `bv_updation` SET sponsor_right_carry = sponsor_right_carry+20, sponsor_total_right = sponsor_total_right+20
WHERE `user_id` = 'PUJNHI';
INSERT INTO `sponsor_bv_update_history` (`right_carry`, `date`, `user_id`) VALUES ('20', '2025-01-25 09:07:22', 'PUJNHI');
INSERT INTO `matrix_filling` (`placement_id`, `downline_id`, `level`, `matrix`) VALUES ('IEVPMD', 'PR92IO', 3, 1);
INSERT INTO `matrix_filling` (`placement_id`, `downline_id`, `level`, `matrix`) VALUES ('HUDVJU', 'PR92IO', 4, 1);
INSERT INTO `matrix_filling` (`placement_id`, `downline_id`, `level`, `matrix`) VALUES ('OWF3OA', 'PR92IO', 5, 1);
UPDATE `bv_updation` SET right_carry = right_carry+20, total_right = total_right+20
WHERE `user_id` = 'OWF3OA';
INSERT INTO `placement_bv_update_history` (`right_carry`, `date`, `from_id`, `user_id`) VALUES ('20', '2025-01-25 09:07:22', 'PR92IO', 'OWF3OA');
INSERT INTO `matrix_filling` (`placement_id`, `downline_id`, `level`, `matrix`) VALUES ('PKHRN5', 'PR92IO', 6, 1);
INSERT INTO `matrix_filling` (`placement_id`, `downline_id`, `level`, `matrix`) VALUES ('R37QLI', 'PR92IO', 7, 1);
UPDATE `bv_updation` SET right_carry = right_carry+20, total_right = total_right+20
WHERE `user_id` = 'R37QLI';
INSERT INTO `placement_bv_update_history` (`right_carry`, `date`, `from_id`, `user_id`) VALUES ('20', '2025-01-25 09:07:22', 'PR92IO', 'R37QLI');
INSERT INTO `matrix_filling` (`placement_id`, `downline_id`, `level`, `matrix`) VALUES ('H2HQC8', 'PR92IO', 8, 1);
UPDATE `bv_updation` SET right_carry = right_carry+20, total_right = total_right+20
WHERE `user_id` = 'H2HQC8';
INSERT INTO `placement_bv_update_history` (`right_carry`, `date`, `from_id`, `user_id`) VALUES ('20', '2025-01-25 09:07:22', 'PR92IO', 'H2HQC8');
INSERT INTO `matrix_filling` (`placement_id`, `downline_id`, `level`, `matrix`) VALUES ('45E8V2', 'PR92IO', 9, 1);
UPDATE `bv_updation` SET left_carry = left_carry+20, total_left = total_left+20
WHERE `user_id` = '45E8V2';
INSERT INTO `placement_bv_update_history` (`left_carry`, `date`, `from_id`, `user_id`) VALUES ('20', '2025-01-25 09:07:22', 'PR92IO', '45E8V2');
INSERT INTO `matrix_filling` (`placement_id`, `downline_id`, `level`, `matrix`) VALUES ('44B9Y4', 'PR92IO', 10, 1);
UPDATE `bv_updation` SET right_carry = right_carry+20, total_right = total_right+20
WHERE `user_id` = '44B9Y4';
INSERT INTO `placement_bv_update_history` (`right_carry`, `date`, `from_id`, `user_id`) VALUES ('20', '2025-01-25 09:07:22', 'PR92IO', '44B9Y4');
INSERT INTO `matrix_filling` (`placement_id`, `downline_id`, `level`, `matrix`) VALUES ('admin', 'PR92IO', 11, 1);
UPDATE `bv_updation` SET right_carry = right_carry+20, total_right = total_right+20
WHERE `user_id` = 'admin';
INSERT INTO `placement_bv_update_history` (`right_carry`, `date`, `from_id`, `user_id`) VALUES ('20', '2025-01-25 09:07:22', 'PR92IO', 'admin');
INSERT INTO `package_purchase_history` (`user_id`, `package_id`, `reg_fee`, `package_name`, `monthly_fee`, `type`, `date`, `payment_option`) VALUES ('PR92IO', '1', '195', 'Traveler', '50', 'sign_up', '2025-01-25 09:07:22', 'stripe');
UPDATE `ci_sessions` SET `timestamp` = 1737817661, `data` = '__ci_last_regenerate|i:1737817661;id|s:4:\"2073\";user_id|s:6:\"XHO8CJ\";username|s:7:\"Ariel78\";sponsor_id|s:6:\"U7SMZ8\";fullname|s:12:\"Ariel Zomoza\";email|s:23:\"arielzomoza@hotmail.com\";phone|s:10:\"7863844290\";isLogIn|b:1;'
WHERE `id` = '33544f3fa69fac8d99347f32e841815627c36749';
UPDATE `user_registration` SET `popup_seen` = 'yes'
WHERE `user_id` = 'XHO8CJ';
INSERT INTO `login_history` (`user_id`, `device`, `ip_address`, `date`) VALUES ('PKHRN5', 'Mozilla/5.0 (X11; Linux x86_64) AppleWebKit/537.36 (KHTML, like Gecko) Chrome/131.0.0.0 Safari/537.36', '172.70.82.159', '25-01-25 09:08');
UPDATE `user_registration` SET `popup_seen` = 'yes'
WHERE `user_id` = 'PKHRN5';
UPDATE `user_registration` SET `popup_seen` = 'yes'
WHERE `user_id` = 'XHO8CJ';
UPDATE `ci_sessions` SET `timestamp` = 1737817907, `data` = '__ci_last_regenerate|i:1737817907;id|s:4:\"2061\";user_id|s:6:\"U7SMZ8\";username|s:6:\"Clau66\";sponsor_id|s:6:\"UQO7EQ\";fullname|s:14:\"Claudia Pisana\";email|s:21:\"claujor06@hotmail.com\";phone|s:10:\"7863843449\";isLogIn|b:1;'
WHERE `id` = '8d44773e2d49866683fbfea7e797dc79ffc09b57';
UPDATE `user_registration` SET `default_leg` = 'left'
WHERE `user_id` = 'U7SMZ8';
UPDATE `user_registration` SET `popup_seen` = 'yes'
WHERE `user_id` = 'U7SMZ8';
UPDATE `ci_sessions` SET `timestamp` = 1737818044, `data` = '__ci_last_regenerate|i:1737818044;id|s:4:\"2042\";user_id|s:6:\"UQO7EQ\";username|s:6:\"Rafa51\";sponsor_id|s:6:\"N6GZAE\";fullname|s:16:\"Rafael Rodriguez\";email|s:18:\"rafagana@yahoo.com\";phone|s:10:\"3057610606\";isLogIn|b:1;'
WHERE `id` = 'a57fb761ea3b89f4e244a49c93b14b6a8640d874';
UPDATE `user_registration` SET `popup_seen` = 'yes'
WHERE `user_id` = 'UQO7EQ';
UPDATE `user_registration` SET `popup_seen` = 'no'
WHERE `user_id` = 'UQO7EQ';
DELETE FROM `ci_sessions`
WHERE `id` = '47deae547e54f09cdb6e79e943a3b8e48002b775';
UPDATE `ci_sessions` SET `timestamp` = 1737818306, `data` = '__ci_last_regenerate|i:1737818306;id|s:4:\"2087\";user_id|s:6:\"2MBPZI\";username|s:10:\"hernandezi\";sponsor_id|s:6:\"U7SMZ8\";fullname|s:19:\"Isahermis Hernandez\";email|s:19:\"lamora07@icloud.com\";phone|s:10:\"5617017060\";isLogIn|b:1;message|s:38:\"Your default Leg Updated Successfully!\";__ci_vars|a:1:{s:7:\"message\";s:3:\"old\";}'
WHERE `id` = '4c3df51a4b3f2fa60b29eef556f03ebd447d1e23';
UPDATE `user_registration` SET `popup_seen` = 'yes'
WHERE `user_id` = '2MBPZI';
UPDATE `ci_sessions` SET `timestamp` = 1737818337, `data` = '__ci_last_regenerate|i:1737818337;id|s:4:\"2061\";user_id|s:6:\"U7SMZ8\";username|s:6:\"Clau66\";sponsor_id|s:6:\"UQO7EQ\";fullname|s:14:\"Claudia Pisana\";email|s:21:\"claujor06@hotmail.com\";phone|s:10:\"7863843449\";isLogIn|b:1;'
WHERE `id` = '051083d4285afc0cab754981e1ee5eb91cbfaa38';
UPDATE `user_registration` SET `popup_seen` = 'yes'
WHERE `user_id` = 'U7SMZ8';
UPDATE `user_registration` SET `popup_seen` = 'yes'
WHERE `user_id` = '2MBPZI';
UPDATE `ci_sessions` SET `timestamp` = 1737818729, `data` = '__ci_last_regenerate|i:1737818729;id|s:4:\"2087\";user_id|s:6:\"2MBPZI\";username|s:10:\"hernandezi\";sponsor_id|s:6:\"U7SMZ8\";fullname|s:19:\"Isahermis Hernandez\";email|s:19:\"lamora07@icloud.com\";phone|s:10:\"5617017060\";isLogIn|b:1;'
WHERE `id` = '0c4a84111bf12daa6a4ad6295e3e3910196111c5';
UPDATE `user_registration` SET `popup_seen` = 'yes'
WHERE `user_id` = '2MBPZI';
UPDATE `user_registration` SET `popup_seen` = 'yes'
WHERE `user_id` = '2MBPZI';
UPDATE `user_registration` SET `popup_seen` = 'no'
WHERE `user_id` = '2MBPZI';
DELETE FROM `ci_sessions`
WHERE `id` = '379f2c9d804d7f131fd3e610aec972eaa6f9c64d';
UPDATE `ci_sessions` SET `timestamp` = 1737818874, `data` = '__ci_last_regenerate|i:1737818874;id|s:4:\"2073\";user_id|s:6:\"XHO8CJ\";username|s:7:\"Ariel78\";sponsor_id|s:6:\"U7SMZ8\";fullname|s:12:\"Ariel Zomoza\";email|s:23:\"arielzomoza@hotmail.com\";phone|s:10:\"7863844290\";isLogIn|b:1;'
WHERE `id` = '9aa4a67b817a7a542ce0e7cb03d0cca2f990a3a1';
UPDATE `ci_sessions` SET `timestamp` = 1737818900, `data` = '__ci_last_regenerate|i:1737818900;id|s:4:\"2061\";user_id|s:6:\"U7SMZ8\";username|s:6:\"Clau66\";sponsor_id|s:6:\"UQO7EQ\";fullname|s:14:\"Claudia Pisana\";email|s:21:\"claujor06@hotmail.com\";phone|s:10:\"7863843449\";isLogIn|b:1;'
WHERE `id` = 'bb65b4d058133049a59ae5d6b665112559cdfd39';
INSERT INTO `login_history` (`user_id`, `device`, `ip_address`, `date`) VALUES ('2MBPZI', 'Mozilla/5.0 (Macintosh; Intel Mac OS X 10_15_7) AppleWebKit/605.1.15 (KHTML, like Gecko) Version/17.5 Safari/605.1.15', '172.70.255.194', '25-01-25 09:28');
UPDATE `user_registration` SET `popup_seen` = 'yes'
WHERE `user_id` = '2MBPZI';
UPDATE `ci_sessions` SET `timestamp` = 1737819126, `data` = '__ci_last_regenerate|i:1737819126;id|s:4:\"2039\";user_id|s:6:\"PKHRN5\";username|s:7:\"Caracas\";sponsor_id|s:6:\"R37QLI\";fullname|s:11:\"Ninon Ramos\";email|s:22:\"nrproducts20@gmail.com\";phone|s:10:\"7865069935\";isLogIn|b:1;'
WHERE `id` = '6a37e0c361bb74a7cb1d3a9cd7a77bda1c2428ab';
UPDATE `user_registration` SET `popup_seen` = 'no'
WHERE `user_id` = 'PKHRN5';
DELETE FROM `ci_sessions`
WHERE `id` = '9bbeceddae6cc77f74b6891ad0e2db0c24d0f1cd';
INSERT INTO `login_history` (`user_id`, `device`, `ip_address`, `date`) VALUES ('H2HQC8', 'Mozilla/5.0 (X11; Linux x86_64) AppleWebKit/537.36 (KHTML, like Gecko) Chrome/131.0.0.0 Safari/537.36', '108.162.210.157', '25-01-25 09:33');
UPDATE `user_registration` SET `popup_seen` = 'yes'
WHERE `user_id` = 'H2HQC8';
UPDATE `user_registration` SET `popup_seen` = 'yes'
WHERE `user_id` = 'H2HQC8';
UPDATE `ci_sessions` SET `timestamp` = 1737819461, `data` = '__ci_last_regenerate|i:1737819461;id|s:4:\"2061\";user_id|s:6:\"U7SMZ8\";username|s:6:\"Clau66\";sponsor_id|s:6:\"UQO7EQ\";fullname|s:14:\"Claudia Pisana\";email|s:21:\"claujor06@hotmail.com\";phone|s:10:\"7863843449\";isLogIn|b:1;'
WHERE `id` = 'da118f0b3de2cf9d54560d2e5b1c2d2fac0ffc2f';
UPDATE `user_registration` SET `popup_seen` = 'yes'
WHERE `user_id` = 'U7SMZ8';
UPDATE `user_registration` SET `popup_seen` = 'yes'
WHERE `user_id` = 'U7SMZ8';
UPDATE `ci_sessions` SET `timestamp` = 1737819619, `data` = '__ci_last_regenerate|i:1737819619;id|s:4:\"2026\";user_id|s:6:\"H2HQC8\";username|s:4:\"Roma\";sponsor_id|s:6:\"45E8V2\";fullname|s:16:\"Yordanis Fuentes\";email|s:25:\"emiliotapanes+4@gmail.com\";phone|s:10:\"7862876762\";isLogIn|b:1;'
WHERE `id` = 'f10f9228685de54cbc4ead6ae1bbf874df3c08b5';
INSERT INTO `temp_register` (`post_data`, `date`, `payment_method`, `type`) VALUES ('{\"uid\":\"2091\",\"user_id\":\"Q82ZV9\",\"username\":\"Jcab777\",\"sponsor_id\":\"H2HQC8\",\"vacant\":\"no\",\"f_name\":\"Juan\",\"l_name\":\"Cabrera\",\"position\":\"right\",\"email\":\"Jcab777@hotmail.com\",\"password\":\"d3ba1ec505218998d58adb6fb3b4b9d1\",\"phone\":\"7862814222\",\"country\":\"United States\",\"state\":\"Florida\",\"city\":\"Miami\",\"street\":\"9380 sw 72 st\",\"zip_code\":\"33174\",\"reg_ip\":\"172.69.132.230\",\"status\":1,\"package_id\":\"1\",\"rank_id\":1,\"highest_rank\":1,\"cycle_rank_id\":1,\"created\":\"2025-01-25 09:40:19\",\"subscription_date\":\"2025-02-24\",\"google_secret\":\"AQ5SMCZE3G7XLEFB\"}', '2025-01-25 09:40:19', 'stripe', 'register');
UPDATE `ci_sessions` SET `timestamp` = 1737819630, `data` = '__ci_last_regenerate|i:1737819630;captcha|s:4:\"ln7n\";'
WHERE `id` = 'a94f253efdcfe0adc93127a3104f7090a91f16f6';
INSERT INTO `login_history` (`user_id`, `device`, `ip_address`, `date`) VALUES ('UQO7EQ', 'Mozilla/5.0 (Linux; Android 10; K) AppleWebKit/537.36 (KHTML, like Gecko) Chrome/131.0.0.0 Mobile Safari/537.36', '108.162.210.236', '25-01-25 09:40');
UPDATE `user_registration` SET `popup_seen` = 'yes'
WHERE `user_id` = 'UQO7EQ';
UPDATE `temp_register` SET `response` = '{\"stripeToken\":\"tok_1QlBUG2NUoYUjiuuQjcHFhzV\",\"stripeTokenType\":\"card\",\"stripeEmail\":\"sotolongor@gmail.com\"}', `date_modified` = '2025-01-25 09:41:37', `payment_status` = '{\"id\":\"ch_3QlBUL2NUoYUjiuu1S3Yhz5S\",\"object\":\"charge\",\"amount\":19500,\"amount_captured\":19500,\"amount_refunded\":0,\"application\":null,\"application_fee\":null,\"application_fee_amount\":null,\"balance_transaction\":\"txn_3QlBUL2NUoYUjiuu1joAI0q9\",\"billing_details\":{\"address\":{\"city\":null,\"country\":null,\"line1\":null,\"line2\":null,\"postal_code\":null,\"state\":null},\"email\":null,\"name\":\"sotolongor@gmail.com\",\"phone\":null},\"calculated_statement_descriptor\":\"TRAVELEGENDCY LLC\",\"captured\":true,\"created\":1737819697,\"currency\":\"usd\",\"customer\":\"cus_ReUTZVMCkcKFbn\",\"description\":null,\"destination\":null,\"dispute\":null,\"disputed\":false,\"failure_balance_transaction\":null,\"failure_code\":null,\"failure_message\":null,\"fraud_details\":[],\"invoice\":null,\"livemode\":true,\"metadata\":{\"name\":\"Juan Cabrera\",\"username\":\"Jcab777\"},\"on_behalf_of\":null,\"order\":null,\"outcome\":{\"advice_code\":null,\"network_advice_code\":null,\"network_decline_code\":null,\"network_status\":\"approved_by_network\",\"reason\":null,\"risk_level\":\"normal\",\"seller_message\":\"Payment complete.\",\"type\":\"authorized\"},\"paid\":true,\"payment_intent\":null,\"payment_method\":\"card_1QlBUG2NUoYUjiuuKdntuK4N\",\"payment_method_details\":{\"card\":{\"amount_authorized\":19500,\"authorization_code\":\"074110\",\"brand\":\"visa\",\"checks\":{\"address_line1_check\":null,\"address_postal_code_check\":null,\"cvc_check\":\"pass\"},\"country\":\"US\",\"exp_month\":6,\"exp_year\":2029,\"extended_authorization\":{\"status\":\"disabled\"},\"fingerprint\":\"PsWWtRaDB29N63nI\",\"funding\":\"debit\",\"incremental_authorization\":{\"status\":\"unavailable\"},\"installments\":null,\"last4\":\"4457\",\"mandate\":null,\"multicapture\":{\"status\":\"unavailable\"},\"network\":\"visa\",\"network_token\":{\"used\":true},\"network_transaction_id\":\"385025564973391\",\"overcapture\":{\"maximum_amount_capturable\":19500,\"status\":\"unavailable\"},\"regulated_status\":\"regulated\",\"three_d_secure\":null,\"wallet\":null},\"type\":\"card\"},\"receipt_email\":null,\"receipt_number\":null,\"receipt_url\":\"https:\\/\\/pay.stripe.com\\/receipts\\/payment\\/CAcQARoXChVhY2N0XzFRUEFGdjJOVW9ZVWppdXUosozUvAYyBq90-90cSjosFqWuF4mDlLgWzkd31olPZOiNazL_VJb5-mNHiRsXx5fAsAKRXJdGNFbWPtY\",\"refunded\":false,\"review\":null,\"shipping\":null,\"source\":{\"id\":\"card_1QlBUG2NUoYUjiuuKdntuK4N\",\"object\":\"card\",\"address_city\":null,\"address_country\":null,\"address_line1\":null,\"address_line1_check\":null,\"address_line2\":null,\"address_state\":null,\"address_zip\":null,\"address_zip_check\":null,\"allow_redisplay\":\"unspecified\",\"brand\":\"Visa\",\"country\":\"US\",\"customer\":\"cus_ReUTZVMCkcKFbn\",\"cvc_check\":\"pass\",\"dynamic_last4\":null,\"exp_month\":6,\"exp_year\":2029,\"fingerprint\":\"PsWWtRaDB29N63nI\",\"funding\":\"debit\",\"last4\":\"4457\",\"metadata\":[],\"name\":\"sotolongor@gmail.com\",\"regulated_status\":\"regulated\",\"tokenization_method\":null,\"wallet\":null},\"source_transfer\":null,\"statement_descriptor\":null,\"statement_descriptor_suffix\":null,\"status\":\"succeeded\",\"transfer_data\":null,\"transfer_group\":null}'
WHERE `id` = 53;
UPDATE `user_registration` SET `uid` = '2091', `user_id` = 'Q82ZV9', `username` = 'Jcab777', `sponsor_id` = 'H2HQC8', `vacant` = 'no', `f_name` = 'Juan', `l_name` = 'Cabrera', `position` = 'right', `email` = 'Jcab777@hotmail.com', `password` = 'd3ba1ec505218998d58adb6fb3b4b9d1', `phone` = '7862814222', `country` = 'United States', `state` = 'Florida', `city` = 'Miami', `street` = '9380 sw 72 st', `zip_code` = '33174', `reg_ip` = '172.69.132.230', `status` = 1, `package_id` = '1', `rank_id` = 1, `highest_rank` = 1, `cycle_rank_id` = 1, `created` = '2025-01-25 09:40:19', `subscription_date` = '2025-02-24', `google_secret` = 'AQ5SMCZE3G7XLEFB'
WHERE `uid` = '2091';
INSERT INTO `user_registration` (`uid`, `user_id`, `username`, `sponsor_id`, `placement_id`, `vacant`, `f_name`, `l_name`, `address`, `position`, `email`, `password`, `phone`, `reg_ip`, `status`, `created`) VALUES (NULL, 'XNOTLU', 'ixPNKFGb', 'Q82ZV9', 'Q82ZV9', 'yes', '', '', '', 'left', '@mail.com', '', '', '', 0, '2025-01-25 09:41:37');
INSERT INTO `user_registration` (`uid`, `user_id`, `username`, `sponsor_id`, `placement_id`, `vacant`, `f_name`, `l_name`, `address`, `position`, `email`, `password`, `phone`, `reg_ip`, `status`, `created`) VALUES (NULL, 'TQXNUL', 'QLKbHyto', 'Q82ZV9', 'Q82ZV9', 'yes', '', '', '', 'right', '@mail.com', '', '', '', 0, '2025-01-25 09:41:37');
INSERT INTO `bv_updation` (`user_id`) VALUES ('Q82ZV9');
UPDATE `user_registration` SET total_ref_count = total_ref_count+1
WHERE `user_id` = 'H2HQC8';
UPDATE `user_registration` SET total_downlines = total_downlines+1
WHERE `user_id` = 'PR92IO';
UPDATE `user_registration` SET right_downlines = right_downlines+1
WHERE `user_id` = 'PR92IO';
UPDATE `user_registration` SET total_downlines = total_downlines+1
WHERE `user_id` = 'W17SG2';
UPDATE `user_registration` SET right_downlines = right_downlines+1
WHERE `user_id` = 'W17SG2';
UPDATE `user_registration` SET total_downlines = total_downlines+1
WHERE `user_id` = 'PUJNHI';
UPDATE `user_registration` SET right_downlines = right_downlines+1
WHERE `user_id` = 'PUJNHI';
UPDATE `user_registration` SET total_downlines = total_downlines+1
WHERE `user_id` = 'IEVPMD';
UPDATE `user_registration` SET right_downlines = right_downlines+1
WHERE `user_id` = 'IEVPMD';
UPDATE `user_registration` SET total_downlines = total_downlines+1
WHERE `user_id` = 'HUDVJU';
UPDATE `user_registration` SET right_downlines = right_downlines+1
WHERE `user_id` = 'HUDVJU';
UPDATE `user_registration` SET total_downlines = total_downlines+1
WHERE `user_id` = 'OWF3OA';
UPDATE `user_registration` SET right_downlines = right_downlines+1
WHERE `user_id` = 'OWF3OA';
UPDATE `user_registration` SET total_downlines = total_downlines+1
WHERE `user_id` = 'PKHRN5';
UPDATE `user_registration` SET right_downlines = right_downlines+1
WHERE `user_id` = 'PKHRN5';
UPDATE `user_registration` SET total_downlines = total_downlines+1
WHERE `user_id` = 'R37QLI';
UPDATE `user_registration` SET right_downlines = right_downlines+1
WHERE `user_id` = 'R37QLI';
UPDATE `user_registration` SET total_downlines = total_downlines+1
WHERE `user_id` = 'H2HQC8';
UPDATE `user_registration` SET right_downlines = right_downlines+1
WHERE `user_id` = 'H2HQC8';
UPDATE `user_registration` SET right_ref_count = right_ref_count+1
WHERE `user_id` = 'H2HQC8';
UPDATE `user_registration` SET active_right = active_right+1
WHERE `user_id` = 'H2HQC8';
UPDATE `user_registration` SET total_downlines = total_downlines+1
WHERE `user_id` = '45E8V2';
UPDATE `user_registration` SET left_downlines = left_downlines+1
WHERE `user_id` = '45E8V2';
UPDATE `user_registration` SET total_downlines = total_downlines+1
WHERE `user_id` = '44B9Y4';
UPDATE `user_registration` SET right_downlines = right_downlines+1
WHERE `user_id` = '44B9Y4';
UPDATE `user_registration` SET total_downlines = total_downlines+1
WHERE `user_id` = 'admin';
UPDATE `user_registration` SET right_downlines = right_downlines+1
WHERE `user_id` = 'admin';
INSERT INTO `investment` (`invest_date`, `user_id`, `type`, `amount`, `package_id`) VALUES ('2025-01-25 09:41:37', 'Q82ZV9', 'register', '195', '1');
INSERT INTO `earnings` (`user_id`, `Purchaser_id`, `earning_type`, `package_id`, `amount`, `date`, `comments`, `invest_amount`, `comm_perc`, `level`, `rank_id`, `order_id`) VALUES ('H2HQC8', 'Q82ZV9', 'Direct Referral Bonus', '1', '20', '2025-01-25 09:41:37', 'Direct Referral Bonus', 0, 0, 1, '', 39);
UPDATE `user_registration` SET commission_balance = ROUND(commission_balance + 20,2)
WHERE `user_id` = 'H2HQC8';
UPDATE `user_registration` SET referral_bonus = ROUND(referral_bonus + 20,2)
WHERE `user_id` = 'H2HQC8';
UPDATE `user_registration` SET total_points = ROUND(total_points + 20,2)
WHERE `user_id` = 'Q82ZV9';
INSERT INTO `points_history` (`user_id`, `points`, `type`, `date`) VALUES ('Q82ZV9', '20', 'register', '2025-01-25 09:41:');
INSERT INTO `matrix_filling` (`placement_id`, `downline_id`, `level`, `matrix`) VALUES ('PR92IO', 'Q82ZV9', 1, 1);
INSERT INTO `matrix_filling` (`placement_id`, `downline_id`, `level`, `matrix`) VALUES ('W17SG2', 'Q82ZV9', 2, 1);
UPDATE `bv_updation` SET right_carry = right_carry+20, total_right = total_right+20
WHERE `user_id` = 'W17SG2';
INSERT INTO `placement_bv_update_history` (`right_carry`, `date`, `from_id`, `user_id`) VALUES ('20', '2025-01-25 09:41:37', 'Q82ZV9', 'W17SG2');
INSERT INTO `matrix_filling` (`placement_id`, `downline_id`, `level`, `matrix`) VALUES ('PUJNHI', 'Q82ZV9', 3, 1);
UPDATE `bv_updation` SET right_carry = right_carry+20, total_right = total_right+20
WHERE `user_id` = 'PUJNHI';
INSERT INTO `placement_bv_update_history` (`right_carry`, `date`, `from_id`, `user_id`) VALUES ('20', '2025-01-25 09:41:37', 'Q82ZV9', 'PUJNHI');
INSERT INTO `matrix_filling` (`placement_id`, `downline_id`, `level`, `matrix`) VALUES ('IEVPMD', 'Q82ZV9', 4, 1);
INSERT INTO `matrix_filling` (`placement_id`, `downline_id`, `level`, `matrix`) VALUES ('HUDVJU', 'Q82ZV9', 5, 1);
INSERT INTO `matrix_filling` (`placement_id`, `downline_id`, `level`, `matrix`) VALUES ('OWF3OA', 'Q82ZV9', 6, 1);
UPDATE `bv_updation` SET right_carry = right_carry+20, total_right = total_right+20
WHERE `user_id` = 'OWF3OA';
INSERT INTO `placement_bv_update_history` (`right_carry`, `date`, `from_id`, `user_id`) VALUES ('20', '2025-01-25 09:41:37', 'Q82ZV9', 'OWF3OA');
INSERT INTO `matrix_filling` (`placement_id`, `downline_id`, `level`, `matrix`) VALUES ('PKHRN5', 'Q82ZV9', 7, 1);
INSERT INTO `matrix_filling` (`placement_id`, `downline_id`, `level`, `matrix`) VALUES ('R37QLI', 'Q82ZV9', 8, 1);
UPDATE `bv_updation` SET right_carry = right_carry+20, total_right = total_right+20
WHERE `user_id` = 'R37QLI';
INSERT INTO `placement_bv_update_history` (`right_carry`, `date`, `from_id`, `user_id`) VALUES ('20', '2025-01-25 09:41:37', 'Q82ZV9', 'R37QLI');
INSERT INTO `matrix_filling` (`placement_id`, `downline_id`, `level`, `matrix`) VALUES ('H2HQC8', 'Q82ZV9', 9, 1);
UPDATE `bv_updation` SET right_carry = right_carry+20, total_right = total_right+20
WHERE `user_id` = 'H2HQC8';
INSERT INTO `placement_bv_update_history` (`right_carry`, `date`, `from_id`, `user_id`) VALUES ('20', '2025-01-25 09:41:37', 'Q82ZV9', 'H2HQC8');
UPDATE `bv_updation` SET sponsor_right_carry = sponsor_right_carry+20, sponsor_total_right = sponsor_total_right+20
WHERE `user_id` = 'H2HQC8';
INSERT INTO `sponsor_bv_update_history` (`right_carry`, `date`, `user_id`) VALUES ('20', '2025-01-25 09:41:37', 'H2HQC8');
INSERT INTO `matrix_filling` (`placement_id`, `downline_id`, `level`, `matrix`) VALUES ('45E8V2', 'Q82ZV9', 10, 1);
UPDATE `bv_updation` SET left_carry = left_carry+20, total_left = total_left+20
WHERE `user_id` = '45E8V2';
INSERT INTO `placement_bv_update_history` (`left_carry`, `date`, `from_id`, `user_id`) VALUES ('20', '2025-01-25 09:41:37', 'Q82ZV9', '45E8V2');
INSERT INTO `matrix_filling` (`placement_id`, `downline_id`, `level`, `matrix`) VALUES ('44B9Y4', 'Q82ZV9', 11, 1);
UPDATE `bv_updation` SET right_carry = right_carry+20, total_right = total_right+20
WHERE `user_id` = '44B9Y4';
INSERT INTO `placement_bv_update_history` (`right_carry`, `date`, `from_id`, `user_id`) VALUES ('20', '2025-01-25 09:41:37', 'Q82ZV9', '44B9Y4');
INSERT INTO `matrix_filling` (`placement_id`, `downline_id`, `level`, `matrix`) VALUES ('admin', 'Q82ZV9', 12, 1);
UPDATE `bv_updation` SET right_carry = right_carry+20, total_right = total_right+20
WHERE `user_id` = 'admin';
INSERT INTO `placement_bv_update_history` (`right_carry`, `date`, `from_id`, `user_id`) VALUES ('20', '2025-01-25 09:41:37', 'Q82ZV9', 'admin');
INSERT INTO `package_purchase_history` (`user_id`, `package_id`, `reg_fee`, `package_name`, `monthly_fee`, `type`, `date`, `payment_option`) VALUES ('Q82ZV9', '1', '195', 'Traveler', '50', 'sign_up', '2025-01-25 09:41:37', 'stripe');
UPDATE `user_registration` SET `popup_seen` = 'no'
WHERE `user_id` = 'UQO7EQ';
DELETE FROM `ci_sessions`
WHERE `id` = 'ddf2d32613fdf2ab3f8919c0412e5236a79baa57';
UPDATE `user_registration` SET `popup_seen` = 'yes'
WHERE `user_id` = 'H2HQC8';
UPDATE `user_registration` SET `popup_seen` = 'yes'
WHERE `user_id` = 'H2HQC8';
UPDATE `user_registration` SET `popup_seen` = 'yes'
WHERE `user_id` = 'H2HQC8';
UPDATE `user_registration` SET `popup_seen` = 'no'
WHERE `user_id` = 'H2HQC8';
DELETE FROM `ci_sessions`
WHERE `id` = '89b4c6282739752ecda3d796c53b019dad9785ab';
INSERT INTO `login_history` (`user_id`, `device`, `ip_address`, `date`) VALUES ('Q82ZV9', 'Mozilla/5.0 (X11; Linux x86_64) AppleWebKit/537.36 (KHTML, like Gecko) Chrome/131.0.0.0 Safari/537.36', '172.70.83.12', '25-01-25 09:43');
UPDATE `user_registration` SET `popup_seen` = 'yes'
WHERE `user_id` = 'Q82ZV9';
UPDATE `user_registration` SET `popup_seen` = 'yes'
WHERE `user_id` = 'Q82ZV9';
INSERT INTO `temp_register` (`post_data`, `date`, `payment_method`, `type`) VALUES ('{\"uid\":\"2093\",\"user_id\":\"IWTOLP\",\"username\":\"Hvaldes\",\"sponsor_id\":\"Q82ZV9\",\"vacant\":\"no\",\"f_name\":\"Hector\",\"l_name\":\"Valdes\",\"position\":\"right\",\"email\":\"Hectorvaldes84@gmail.com\",\"password\":\"9626708475b8158dc3b60778c3fc87e8\",\"phone\":\"7862814222\",\"country\":\"United States\",\"state\":\"Florida\",\"city\":\"Miami\",\"street\":\"9380 sw 72 st\",\"zip_code\":\"33173\",\"reg_ip\":\"172.71.156.142\",\"status\":1,\"package_id\":\"1\",\"rank_id\":1,\"highest_rank\":1,\"cycle_rank_id\":1,\"created\":\"2025-01-25 09:47:01\",\"subscription_date\":\"2025-02-24\",\"google_secret\":\"4AJCDTNJ7EDZKOLA\"}', '2025-01-25 09:47:01', 'stripe', 'register');
UPDATE `temp_register` SET `response` = '{\"stripeToken\":\"tok_1QlBa62NUoYUjiuu8VM4bBdu\",\"stripeTokenType\":\"card\",\"stripeEmail\":\"sotolongor@gmail.com\"}', `date_modified` = '2025-01-25 09:47:39', `payment_status` = '{\"id\":\"ch_3QlBaA2NUoYUjiuu04HQIMf4\",\"object\":\"charge\",\"amount\":19500,\"amount_captured\":19500,\"amount_refunded\":0,\"application\":null,\"application_fee\":null,\"application_fee_amount\":null,\"balance_transaction\":\"txn_3QlBaA2NUoYUjiuu0yhyLQhQ\",\"billing_details\":{\"address\":{\"city\":null,\"country\":null,\"line1\":null,\"line2\":null,\"postal_code\":null,\"state\":null},\"email\":null,\"name\":\"sotolongor@gmail.com\",\"phone\":null},\"calculated_statement_descriptor\":\"TRAVELEGENDCY LLC\",\"captured\":true,\"created\":1737820058,\"currency\":\"usd\",\"customer\":\"cus_ReUZwn2MIGFB8G\",\"description\":null,\"destination\":null,\"dispute\":null,\"disputed\":false,\"failure_balance_transaction\":null,\"failure_code\":null,\"failure_message\":null,\"fraud_details\":[],\"invoice\":null,\"livemode\":true,\"metadata\":{\"name\":\"Hector Valdes\",\"username\":\"Hvaldes\"},\"on_behalf_of\":null,\"order\":null,\"outcome\":{\"advice_code\":null,\"network_advice_code\":null,\"network_decline_code\":null,\"network_status\":\"approved_by_network\",\"reason\":null,\"risk_level\":\"normal\",\"seller_message\":\"Payment complete.\",\"type\":\"authorized\"},\"paid\":true,\"payment_intent\":null,\"payment_method\":\"card_1QlBa52NUoYUjiuuaHk4AfhO\",\"payment_method_details\":{\"card\":{\"amount_authorized\":19500,\"authorization_code\":\"048921\",\"brand\":\"visa\",\"checks\":{\"address_line1_check\":null,\"address_postal_code_check\":null,\"cvc_check\":\"pass\"},\"country\":\"US\",\"exp_month\":6,\"exp_year\":2028,\"extended_authorization\":{\"status\":\"disabled\"},\"fingerprint\":\"fo7MsEm00ugdBZHN\",\"funding\":\"debit\",\"incremental_authorization\":{\"status\":\"unavailable\"},\"installments\":null,\"last4\":\"8351\",\"mandate\":null,\"multicapture\":{\"status\":\"unavailable\"},\"network\":\"visa\",\"network_token\":{\"used\":false},\"network_transaction_id\":\"585025568593759\",\"overcapture\":{\"maximum_amount_capturable\":19500,\"status\":\"unavailable\"},\"regulated_status\":\"regulated\",\"three_d_secure\":null,\"wallet\":null},\"type\":\"card\"},\"receipt_email\":null,\"receipt_number\":null,\"receipt_url\":\"https:\\/\\/pay.stripe.com\\/receipts\\/payment\\/CAcQARoXChVhY2N0XzFRUEFGdjJOVW9ZVWppdXUonI_UvAYyBisQx5HiMDosFlLq2ceR0Zx-pyiERt4rTwgnCRqtbT6l1ecifESKd_MSPaqRjinYLaKrOYo\",\"refunded\":false,\"review\":null,\"shipping\":null,\"source\":{\"id\":\"card_1QlBa52NUoYUjiuuaHk4AfhO\",\"object\":\"card\",\"address_city\":null,\"address_country\":null,\"address_line1\":null,\"address_line1_check\":null,\"address_line2\":null,\"address_state\":null,\"address_zip\":null,\"address_zip_check\":null,\"allow_redisplay\":\"unspecified\",\"brand\":\"Visa\",\"country\":\"US\",\"customer\":\"cus_ReUZwn2MIGFB8G\",\"cvc_check\":\"pass\",\"dynamic_last4\":null,\"exp_month\":6,\"exp_year\":2028,\"fingerprint\":\"fo7MsEm00ugdBZHN\",\"funding\":\"debit\",\"last4\":\"8351\",\"metadata\":[],\"name\":\"sotolongor@gmail.com\",\"regulated_status\":\"regulated\",\"tokenization_method\":null,\"wallet\":null},\"source_transfer\":null,\"statement_descriptor\":null,\"statement_descriptor_suffix\":null,\"status\":\"succeeded\",\"transfer_data\":null,\"transfer_group\":null}'
WHERE `id` = 54;
UPDATE `user_registration` SET `uid` = '2093', `user_id` = 'IWTOLP', `username` = 'Hvaldes', `sponsor_id` = 'Q82ZV9', `vacant` = 'no', `f_name` = 'Hector', `l_name` = 'Valdes', `position` = 'right', `email` = 'Hectorvaldes84@gmail.com', `password` = '9626708475b8158dc3b60778c3fc87e8', `phone` = '7862814222', `country` = 'United States', `state` = 'Florida', `city` = 'Miami', `street` = '9380 sw 72 st', `zip_code` = '33173', `reg_ip` = '172.71.156.142', `status` = 1, `package_id` = '1', `rank_id` = 1, `highest_rank` = 1, `cycle_rank_id` = 1, `created` = '2025-01-25 09:47:01', `subscription_date` = '2025-02-24', `google_secret` = '4AJCDTNJ7EDZKOLA'
WHERE `uid` = '2093';
INSERT INTO `user_registration` (`uid`, `user_id`, `username`, `sponsor_id`, `placement_id`, `vacant`, `f_name`, `l_name`, `address`, `position`, `email`, `password`, `phone`, `reg_ip`, `status`, `created`) VALUES (NULL, 'HJJGDV', 'RQaZPYst', 'IWTOLP', 'IWTOLP', 'yes', '', '', '', 'left', '@mail.com', '', '', '', 0, '2025-01-25 09:47:39');
INSERT INTO `user_registration` (`uid`, `user_id`, `username`, `sponsor_id`, `placement_id`, `vacant`, `f_name`, `l_name`, `address`, `position`, `email`, `password`, `phone`, `reg_ip`, `status`, `created`) VALUES (NULL, 'CDNWPW', 'zOogJzHq', 'IWTOLP', 'IWTOLP', 'yes', '', '', '', 'right', '@mail.com', '', '', '', 0, '2025-01-25 09:47:39');
INSERT INTO `bv_updation` (`user_id`) VALUES ('IWTOLP');
UPDATE `user_registration` SET total_ref_count = total_ref_count+1
WHERE `user_id` = 'Q82ZV9';
UPDATE `user_registration` SET total_downlines = total_downlines+1
WHERE `user_id` = 'Q82ZV9';
UPDATE `user_registration` SET right_downlines = right_downlines+1
WHERE `user_id` = 'Q82ZV9';
UPDATE `user_registration` SET right_ref_count = right_ref_count+1
WHERE `user_id` = 'Q82ZV9';
UPDATE `user_registration` SET active_right = active_right+1
WHERE `user_id` = 'Q82ZV9';
UPDATE `user_registration` SET total_downlines = total_downlines+1
WHERE `user_id` = 'PR92IO';
UPDATE `user_registration` SET right_downlines = right_downlines+1
WHERE `user_id` = 'PR92IO';
UPDATE `user_registration` SET total_downlines = total_downlines+1
WHERE `user_id` = 'W17SG2';
UPDATE `user_registration` SET right_downlines = right_downlines+1
WHERE `user_id` = 'W17SG2';
UPDATE `user_registration` SET total_downlines = total_downlines+1
WHERE `user_id` = 'PUJNHI';
UPDATE `user_registration` SET right_downlines = right_downlines+1
WHERE `user_id` = 'PUJNHI';
UPDATE `user_registration` SET total_downlines = total_downlines+1
WHERE `user_id` = 'IEVPMD';
UPDATE `user_registration` SET right_downlines = right_downlines+1
WHERE `user_id` = 'IEVPMD';
UPDATE `user_registration` SET total_downlines = total_downlines+1
WHERE `user_id` = 'HUDVJU';
UPDATE `user_registration` SET right_downlines = right_downlines+1
WHERE `user_id` = 'HUDVJU';
UPDATE `user_registration` SET total_downlines = total_downlines+1
WHERE `user_id` = 'OWF3OA';
UPDATE `user_registration` SET right_downlines = right_downlines+1
WHERE `user_id` = 'OWF3OA';
UPDATE `user_registration` SET total_downlines = total_downlines+1
WHERE `user_id` = 'PKHRN5';
UPDATE `user_registration` SET right_downlines = right_downlines+1
WHERE `user_id` = 'PKHRN5';
UPDATE `user_registration` SET total_downlines = total_downlines+1
WHERE `user_id` = 'R37QLI';
UPDATE `user_registration` SET right_downlines = right_downlines+1
WHERE `user_id` = 'R37QLI';
UPDATE `user_registration` SET total_downlines = total_downlines+1
WHERE `user_id` = 'H2HQC8';
UPDATE `user_registration` SET right_downlines = right_downlines+1
WHERE `user_id` = 'H2HQC8';
UPDATE `user_registration` SET total_downlines = total_downlines+1
WHERE `user_id` = '45E8V2';
UPDATE `user_registration` SET left_downlines = left_downlines+1
WHERE `user_id` = '45E8V2';
UPDATE `user_registration` SET total_downlines = total_downlines+1
WHERE `user_id` = '44B9Y4';
UPDATE `user_registration` SET right_downlines = right_downlines+1
WHERE `user_id` = '44B9Y4';
UPDATE `user_registration` SET total_downlines = total_downlines+1
WHERE `user_id` = 'admin';
UPDATE `user_registration` SET right_downlines = right_downlines+1
WHERE `user_id` = 'admin';
INSERT INTO `investment` (`invest_date`, `user_id`, `type`, `amount`, `package_id`) VALUES ('2025-01-25 09:47:39', 'IWTOLP', 'register', '195', '1');
INSERT INTO `earnings` (`user_id`, `Purchaser_id`, `earning_type`, `package_id`, `amount`, `date`, `comments`, `invest_amount`, `comm_perc`, `level`, `rank_id`, `order_id`) VALUES ('Q82ZV9', 'IWTOLP', 'Direct Referral Bonus', '1', '20', '2025-01-25 09:47:39', 'Direct Referral Bonus', 0, 0, 1, '', 40);
UPDATE `user_registration` SET commission_balance = ROUND(commission_balance + 20,2)
WHERE `user_id` = 'Q82ZV9';
UPDATE `user_registration` SET referral_bonus = ROUND(referral_bonus + 20,2)
WHERE `user_id` = 'Q82ZV9';
UPDATE `user_registration` SET total_points = ROUND(total_points + 20,2)
WHERE `user_id` = 'IWTOLP';
INSERT INTO `points_history` (`user_id`, `points`, `type`, `date`) VALUES ('IWTOLP', '20', 'register', '2025-01-25 09:47:');
INSERT INTO `matrix_filling` (`placement_id`, `downline_id`, `level`, `matrix`) VALUES ('Q82ZV9', 'IWTOLP', 1, 1);
INSERT INTO `matrix_filling` (`placement_id`, `downline_id`, `level`, `matrix`) VALUES ('PR92IO', 'IWTOLP', 2, 1);
INSERT INTO `matrix_filling` (`placement_id`, `downline_id`, `level`, `matrix`) VALUES ('W17SG2', 'IWTOLP', 3, 1);
UPDATE `bv_updation` SET right_carry = right_carry+20, total_right = total_right+20
WHERE `user_id` = 'W17SG2';
INSERT INTO `placement_bv_update_history` (`right_carry`, `date`, `from_id`, `user_id`) VALUES ('20', '2025-01-25 09:47:39', 'IWTOLP', 'W17SG2');
INSERT INTO `matrix_filling` (`placement_id`, `downline_id`, `level`, `matrix`) VALUES ('PUJNHI', 'IWTOLP', 4, 1);
UPDATE `bv_updation` SET right_carry = right_carry+20, total_right = total_right+20
WHERE `user_id` = 'PUJNHI';
INSERT INTO `placement_bv_update_history` (`right_carry`, `date`, `from_id`, `user_id`) VALUES ('20', '2025-01-25 09:47:39', 'IWTOLP', 'PUJNHI');
INSERT INTO `matrix_filling` (`placement_id`, `downline_id`, `level`, `matrix`) VALUES ('IEVPMD', 'IWTOLP', 5, 1);
INSERT INTO `matrix_filling` (`placement_id`, `downline_id`, `level`, `matrix`) VALUES ('HUDVJU', 'IWTOLP', 6, 1);
INSERT INTO `matrix_filling` (`placement_id`, `downline_id`, `level`, `matrix`) VALUES ('OWF3OA', 'IWTOLP', 7, 1);
UPDATE `bv_updation` SET right_carry = right_carry+20, total_right = total_right+20
WHERE `user_id` = 'OWF3OA';
INSERT INTO `placement_bv_update_history` (`right_carry`, `date`, `from_id`, `user_id`) VALUES ('20', '2025-01-25 09:47:39', 'IWTOLP', 'OWF3OA');
INSERT INTO `matrix_filling` (`placement_id`, `downline_id`, `level`, `matrix`) VALUES ('PKHRN5', 'IWTOLP', 8, 1);
INSERT INTO `matrix_filling` (`placement_id`, `downline_id`, `level`, `matrix`) VALUES ('R37QLI', 'IWTOLP', 9, 1);
UPDATE `bv_updation` SET right_carry = right_carry+20, total_right = total_right+20
WHERE `user_id` = 'R37QLI';
INSERT INTO `placement_bv_update_history` (`right_carry`, `date`, `from_id`, `user_id`) VALUES ('20', '2025-01-25 09:47:39', 'IWTOLP', 'R37QLI');
INSERT INTO `matrix_filling` (`placement_id`, `downline_id`, `level`, `matrix`) VALUES ('H2HQC8', 'IWTOLP', 10, 1);
UPDATE `bv_updation` SET right_carry = right_carry+20, total_right = total_right+20
WHERE `user_id` = 'H2HQC8';
INSERT INTO `placement_bv_update_history` (`right_carry`, `date`, `from_id`, `user_id`) VALUES ('20', '2025-01-25 09:47:39', 'IWTOLP', 'H2HQC8');
INSERT INTO `matrix_filling` (`placement_id`, `downline_id`, `level`, `matrix`) VALUES ('45E8V2', 'IWTOLP', 11, 1);
UPDATE `bv_updation` SET left_carry = left_carry+20, total_left = total_left+20
WHERE `user_id` = '45E8V2';
INSERT INTO `placement_bv_update_history` (`left_carry`, `date`, `from_id`, `user_id`) VALUES ('20', '2025-01-25 09:47:39', 'IWTOLP', '45E8V2');
INSERT INTO `matrix_filling` (`placement_id`, `downline_id`, `level`, `matrix`) VALUES ('44B9Y4', 'IWTOLP', 12, 1);
UPDATE `bv_updation` SET right_carry = right_carry+20, total_right = total_right+20
WHERE `user_id` = '44B9Y4';
INSERT INTO `placement_bv_update_history` (`right_carry`, `date`, `from_id`, `user_id`) VALUES ('20', '2025-01-25 09:47:39', 'IWTOLP', '44B9Y4');
INSERT INTO `matrix_filling` (`placement_id`, `downline_id`, `level`, `matrix`) VALUES ('admin', 'IWTOLP', 13, 1);
UPDATE `bv_updation` SET right_carry = right_carry+20, total_right = total_right+20
WHERE `user_id` = 'admin';
INSERT INTO `placement_bv_update_history` (`right_carry`, `date`, `from_id`, `user_id`) VALUES ('20', '2025-01-25 09:47:39', 'IWTOLP', 'admin');
INSERT INTO `package_purchase_history` (`user_id`, `package_id`, `reg_fee`, `package_name`, `monthly_fee`, `type`, `date`, `payment_option`) VALUES ('IWTOLP', '1', '195', 'Traveler', '50', 'sign_up', '2025-01-25 09:47:39', 'stripe');
UPDATE `ci_sessions` SET `timestamp` = 1737820095, `data` = '__ci_last_regenerate|i:1737820095;id|s:4:\"2091\";user_id|s:6:\"Q82ZV9\";username|s:7:\"Jcab777\";sponsor_id|s:6:\"H2HQC8\";fullname|s:12:\"Juan Cabrera\";email|s:19:\"Jcab777@hotmail.com\";phone|s:10:\"7862814222\";isLogIn|b:1;'
WHERE `id` = '9b12a3558e8f5806cc5b6b35fedc8bcf205f83ea';
UPDATE `user_registration` SET `popup_seen` = 'yes'
WHERE `user_id` = 'Q82ZV9';
UPDATE `user_registration` SET `popup_seen` = 'no'
WHERE `user_id` = 'Q82ZV9';
DELETE FROM `ci_sessions`
WHERE `id` = '7994c82c7c3179392b82dcb3031350dc1892e2ac';
INSERT INTO `login_history` (`user_id`, `device`, `ip_address`, `date`) VALUES ('H2HQC8', 'Mozilla/5.0 (X11; Linux x86_64) AppleWebKit/537.36 (KHTML, like Gecko) Chrome/131.0.0.0 Safari/537.36', '172.69.132.241', '25-01-25 09:48');
UPDATE `user_registration` SET `popup_seen` = 'yes'
WHERE `user_id` = 'H2HQC8';
UPDATE `ci_sessions` SET `timestamp` = 1737820232, `data` = '__ci_last_regenerate|i:1737820232;id|s:4:\"2087\";user_id|s:6:\"2MBPZI\";username|s:10:\"hernandezi\";sponsor_id|s:6:\"U7SMZ8\";fullname|s:19:\"Isahermis Hernandez\";email|s:19:\"lamora07@icloud.com\";phone|s:10:\"5617017060\";isLogIn|b:1;'
WHERE `id` = 'd2822b1094a67fcedabc3bf290cf88c1fd8e867b';
UPDATE `ci_sessions` SET `timestamp` = 1737820244, `data` = '__ci_last_regenerate|i:1737820244;id|s:4:\"2073\";user_id|s:6:\"XHO8CJ\";username|s:7:\"Ariel78\";sponsor_id|s:6:\"U7SMZ8\";fullname|s:12:\"Ariel Zomoza\";email|s:23:\"arielzomoza@hotmail.com\";phone|s:10:\"7863844290\";isLogIn|b:1;'
WHERE `id` = '0f5360c3b38e05aecb7a825fec55e72c9df22312';
UPDATE `ci_sessions` SET `timestamp` = 1737820266, `data` = '__ci_last_regenerate|i:1737820266;id|s:4:\"2061\";user_id|s:6:\"U7SMZ8\";username|s:6:\"Clau66\";sponsor_id|s:6:\"UQO7EQ\";fullname|s:14:\"Claudia Pisana\";email|s:21:\"claujor06@hotmail.com\";phone|s:10:\"7863843449\";isLogIn|b:1;'
WHERE `id` = '96ff63844ae48c9d376a7ffbc887497ea403169c';
UPDATE `user_registration` SET `popup_seen` = 'yes'
WHERE `user_id` = 'U7SMZ8';
UPDATE `user_registration` SET `popup_seen` = 'yes'
WHERE `user_id` = 'XHO8CJ';
UPDATE `user_registration` SET `popup_seen` = 'yes'
WHERE `user_id` = 'U7SMZ8';
INSERT INTO `login_history` (`user_id`, `device`, `ip_address`, `date`) VALUES ('CVVK4C', 'Mozilla/5.0 (iPhone; CPU iPhone OS 18_3 like Mac OS X) AppleWebKit/605.1.15 (KHTML, like Gecko) Version/18.3 Mobile/15E148 Safari/604.1', '172.70.82.169', '25-01-25 09:53');
UPDATE `user_registration` SET `popup_seen` = 'yes'
WHERE `user_id` = 'CVVK4C';
UPDATE `user_registration` SET `popup_seen` = 'no'
WHERE `user_id` = 'U7SMZ8';
DELETE FROM `ci_sessions`
WHERE `id` = '7cfe1aa6c0dddda7cbde6905cfaa1e8224f99216';
UPDATE `user_registration` SET `popup_seen` = 'yes'
WHERE `user_id` = 'CVVK4C';
UPDATE `ci_sessions` SET `timestamp` = 1737820860, `data` = '__ci_last_regenerate|i:1737820860;captcha|s:4:\"mtbz\";'
WHERE `id` = '60572215b4b0f7268c7526d0f903e44861a5bca4';
INSERT INTO `login_history` (`user_id`, `device`, `ip_address`, `date`) VALUES ('JHRDHS', 'Mozilla/5.0 (iPhone; CPU iPhone OS 18_1_1 like Mac OS X) AppleWebKit/605.1.15 (KHTML, like Gecko) Version/18.1.1 Mobile/15E148 Safari/604.1', '108.162.210.156', '25-01-25 10:01');
UPDATE `user_registration` SET `popup_seen` = 'yes'
WHERE `user_id` = 'JHRDHS';
UPDATE `ci_sessions` SET `timestamp` = 1737820971, `data` = '__ci_last_regenerate|i:1737820971;id|s:4:\"2057\";user_id|s:6:\"AABG7W\";username|s:10:\"freeurlife\";sponsor_id|s:6:\"UQO7EQ\";fullname|s:12:\"Lesli Andreu\";email|s:21:\"cranbarrier@gmail.com\";phone|s:10:\"7864171626\";isLogIn|b:1;'
WHERE `id` = 'b8ba35f35d2a91b1af1798c0bb4f0a3c1b5f68eb';
UPDATE `user_registration` SET `popup_seen` = 'yes'
WHERE `user_id` = 'AABG7W';
UPDATE `ci_sessions` SET `timestamp` = 1737821045, `data` = '__ci_last_regenerate|i:1737821045;id|s:4:\"2073\";user_id|s:6:\"XHO8CJ\";username|s:7:\"Ariel78\";sponsor_id|s:6:\"U7SMZ8\";fullname|s:12:\"Ariel Zomoza\";email|s:23:\"arielzomoza@hotmail.com\";phone|s:10:\"7863844290\";isLogIn|b:1;'
WHERE `id` = '879b00fd2a1d751a3842e95cac1d7f15a7d436d8';
UPDATE `user_registration` SET `popup_seen` = 'yes'
WHERE `user_id` = 'XHO8CJ';
UPDATE `user_registration` SET `popup_seen` = 'no'
WHERE `user_id` = 'JHRDHS';
DELETE FROM `ci_sessions`
WHERE `id` = '7f142953738b986d42e08626c21cafc7c4fc7e87';
UPDATE `ci_sessions` SET `timestamp` = 1737821203, `data` = '__ci_last_regenerate|i:1737821203;captcha|s:4:\"ykau\";'
WHERE `id` = 'c8fc2ecd8a48d8bcab087159fe47f5e4e6f9f4af';
INSERT INTO `login_history` (`user_id`, `device`, `ip_address`, `date`) VALUES ('U7SMZ8', 'Mozilla/5.0 (Macintosh; Intel Mac OS X 10_15_7) AppleWebKit/605.1.15 (KHTML, like Gecko) Version/17.6 Safari/605.1.15', '172.70.254.3', '25-01-25 10:06');
UPDATE `user_registration` SET `popup_seen` = 'yes'
WHERE `user_id` = 'U7SMZ8';
INSERT INTO `login_history` (`user_id`, `device`, `ip_address`, `date`) VALUES ('R37QLI', 'Mozilla/5.0 (Macintosh; Intel Mac OS X 10_15_7) AppleWebKit/605.1.15 (KHTML, like Gecko) Version/17.4 Safari/605.1.15', '172.70.255.70', '25-01-25 10:07');
UPDATE `user_registration` SET `popup_seen` = 'yes'
WHERE `user_id` = 'R37QLI';
UPDATE `user_registration` SET `popup_seen` = 'yes'
WHERE `user_id` = 'U7SMZ8';
UPDATE `ci_sessions` SET `timestamp` = 1737821808, `data` = '__ci_last_regenerate|i:1737821808;id|s:4:\"2054\";user_id|s:6:\"CVVK4C\";username|s:7:\"ManuelN\";sponsor_id|s:6:\"K55EDD\";fullname|s:14:\"Manuel Naranjo\";email|s:26:\"naranjo.manuel93@gmail.com\";phone|s:6:\"786326\";isLogIn|b:1;'
WHERE `id` = 'bc050aae91a3dc943fd46f62d49a6ad12e04a482';
UPDATE `user_registration` SET `popup_seen` = 'yes'
WHERE `user_id` = 'CVVK4C';
UPDATE `user_registration` SET `default_leg` = 'left'
WHERE `user_id` = 'CVVK4C';
INSERT INTO `login_history` (`user_id`, `device`, `ip_address`, `date`) VALUES ('44B9Y4', 'Mozilla/5.0 (Windows NT 10.0; Win64; x64) AppleWebKit/537.36 (KHTML, like Gecko) Chrome/132.0.0.0 Safari/537.36 Edg/132.0.0.0', '172.69.132.224', '25-01-25 10:18');
UPDATE `user_registration` SET `popup_seen` = 'yes'
WHERE `user_id` = '44B9Y4';
UPDATE `user_registration` SET `popup_seen` = 'yes'
WHERE `user_id` = '44B9Y4';
UPDATE `ci_sessions` SET `timestamp` = 1737822001, `data` = '__ci_last_regenerate|i:1737822001;id|s:4:\"2073\";user_id|s:6:\"XHO8CJ\";username|s:7:\"Ariel78\";sponsor_id|s:6:\"U7SMZ8\";fullname|s:12:\"Ariel Zomoza\";email|s:23:\"arielzomoza@hotmail.com\";phone|s:10:\"7863844290\";isLogIn|b:1;'
WHERE `id` = 'a571a5194bd061ad2a0954f77bd1cd0835a11397';
UPDATE `user_registration` SET `popup_seen` = 'yes'
WHERE `user_id` = 'XHO8CJ';
UPDATE `user_registration` SET `popup_seen` = 'no'
WHERE `user_id` = '44B9Y4';
DELETE FROM `ci_sessions`
WHERE `id` = 'cc35c69abf23c854474711f05001244fe81cd726';
INSERT INTO `login_history` (`user_id`, `device`, `ip_address`, `date`) VALUES ('PBFKSY', 'Mozilla/5.0 (Windows NT 10.0; Win64; x64) AppleWebKit/537.36 (KHTML, like Gecko) Chrome/132.0.0.0 Safari/537.36 Edg/132.0.0.0', '172.70.82.179', '25-01-25 10:20');
UPDATE `user_registration` SET `popup_seen` = 'yes'
WHERE `user_id` = 'PBFKSY';
INSERT INTO `login_history` (`user_id`, `device`, `ip_address`, `date`) VALUES ('L8NRSC', 'Mozilla/5.0 (Windows NT 10.0; Win64; x64) AppleWebKit/537.36 (KHTML, like Gecko) Chrome/132.0.0.0 Safari/537.36 Edg/132.0.0.0', '172.71.156.142', '25-01-25 10:20');
UPDATE `user_registration` SET `popup_seen` = 'yes'
WHERE `user_id` = 'L8NRSC';
UPDATE `ci_sessions` SET `timestamp` = 1737822212, `data` = '__ci_last_regenerate|i:1737822212;id|s:4:\"2031\";user_id|s:6:\"R37QLI\";username|s:5:\"dleon\";sponsor_id|s:6:\"H2HQC8\";fullname|s:11:\"Dayami Leon\";email|s:20:\"atravel4uu@gmail.com\";phone|s:10:\"7865069935\";isLogIn|b:1;'
WHERE `id` = 'b7578bc8a08ce6f5c0558e80642a26e9ba5de0df';
UPDATE `user_registration` SET `popup_seen` = 'yes'
WHERE `user_id` = 'R37QLI';
UPDATE `ci_sessions` SET `timestamp` = 1737822384, `data` = '__ci_last_regenerate|i:1737822384;id|s:4:\"2054\";user_id|s:6:\"CVVK4C\";username|s:7:\"ManuelN\";sponsor_id|s:6:\"K55EDD\";fullname|s:14:\"Manuel Naranjo\";email|s:26:\"naranjo.manuel93@gmail.com\";phone|s:6:\"786326\";isLogIn|b:1;'
WHERE `id` = '319d808b65787b9e3d7a578925af64f38dcbe0e0';
UPDATE `ci_sessions` SET `timestamp` = 1737822521, `data` = '__ci_last_regenerate|i:1737822521;id|s:4:\"2061\";user_id|s:6:\"U7SMZ8\";username|s:6:\"Clau66\";sponsor_id|s:6:\"UQO7EQ\";fullname|s:14:\"Claudia Pisana\";email|s:21:\"claujor06@hotmail.com\";phone|s:10:\"7863843449\";isLogIn|b:1;'
WHERE `id` = '3ca311e9ef5efce364e07886af4c6e4d2dc724d1';
UPDATE `user_registration` SET `popup_seen` = 'yes'
WHERE `user_id` = 'U7SMZ8';
UPDATE `ci_sessions` SET `timestamp` = 1737822637, `data` = '__ci_last_regenerate|i:1737822637;captcha|s:4:\"oeh7\";'
WHERE `id` = 'd1a952fcc63b7aa02913a067fb7717f56570ce4e';
INSERT INTO `login_history` (`user_id`, `device`, `ip_address`, `date`) VALUES ('JHRDHS', 'Mozilla/5.0 (iPhone; CPU iPhone OS 18_1_1 like Mac OS X) AppleWebKit/605.1.15 (KHTML, like Gecko) Version/18.1.1 Mobile/15E148 Safari/604.1', '172.70.54.156', '25-01-25 10:31');
UPDATE `user_registration` SET `popup_seen` = 'yes'
WHERE `user_id` = 'JHRDHS';
UPDATE `user_registration` SET `popup_seen` = 'no'
WHERE `user_id` = 'U7SMZ8';
DELETE FROM `ci_sessions`
WHERE `id` = '96226bb5ad841229e7287355f0b7f6a10d0162ce';
UPDATE `user_registration` SET `popup_seen` = 'no'
WHERE `user_id` = 'JHRDHS';
DELETE FROM `ci_sessions`
WHERE `id` = '140b9262ff019803db537341374c57321df34346';
UPDATE `ci_sessions` SET `timestamp` = 1737823120, `data` = '__ci_last_regenerate|i:1737823120;'
WHERE `id` = 'd9922f9250e78b26d2e193581be8d039d7239fa1';
INSERT INTO `temp_register` (`post_data`, `date`, `payment_method`, `type`) VALUES ('{\"uid\":\"2070\",\"user_id\":\"UTF7YN\",\"username\":\"Miguelm\",\"sponsor_id\":\"CVVK4C\",\"vacant\":\"no\",\"f_name\":\"Miguel\",\"l_name\":\"Martinez \",\"position\":\"left\",\"email\":\"miguelmartinezzamora89@gmail.com\",\"password\":\"bdaf69ba7ffdd359acb06ae208b61e08\",\"phone\":\"7866948502\",\"country\":\"United States\",\"state\":\"Florida\",\"city\":\"Hialeah \",\"street\":\"569 E 30 St \",\"zip_code\":\"33013\",\"reg_ip\":\"172.70.82.169\",\"status\":1,\"package_id\":\"2\",\"rank_id\":1,\"highest_rank\":1,\"cycle_rank_id\":1,\"created\":\"2025-01-25 10:40:33\",\"subscription_date\":\"2025-02-24\",\"google_secret\":\"6ZQMJCB33A3ZV5ZR\"}', '2025-01-25 10:40:33', 'stripe', 'register');
UPDATE `ci_sessions` SET `timestamp` = 1737823347, `data` = '__ci_last_regenerate|i:1737823347;id|s:4:\"2073\";user_id|s:6:\"XHO8CJ\";username|s:7:\"Ariel78\";sponsor_id|s:6:\"U7SMZ8\";fullname|s:12:\"Ariel Zomoza\";email|s:23:\"arielzomoza@hotmail.com\";phone|s:10:\"7863844290\";isLogIn|b:1;'
WHERE `id` = '6fc3346eb7910bedc4513c5e0acb1362df35dc2b';
UPDATE `user_registration` SET `popup_seen` = 'yes'
WHERE `user_id` = 'XHO8CJ';
UPDATE `temp_register` SET `response` = '{\"stripeToken\":\"tok_1QlCRA2NUoYUjiuu2V0IPw9V\",\"stripeTokenType\":\"card\",\"stripeEmail\":\"miguelmartinezzamora89@gmail.com\"}', `date_modified` = '2025-01-25 10:42:28', `payment_status` = '{\"id\":\"ch_3QlCRD2NUoYUjiuu0hgXJEv7\",\"object\":\"charge\",\"amount\":59500,\"amount_captured\":59500,\"amount_refunded\":0,\"application\":null,\"application_fee\":null,\"application_fee_amount\":null,\"balance_transaction\":\"txn_3QlCRD2NUoYUjiuu0NERN19N\",\"billing_details\":{\"address\":{\"city\":null,\"country\":null,\"line1\":null,\"line2\":null,\"postal_code\":null,\"state\":null},\"email\":null,\"name\":\"miguelmartinezzamora89@gmail.com\",\"phone\":null},\"calculated_statement_descriptor\":\"TRAVELEGENDCY LLC\",\"captured\":true,\"created\":1737823347,\"currency\":\"usd\",\"customer\":\"cus_ReVSXLvX1Otnfl\",\"description\":null,\"destination\":null,\"dispute\":null,\"disputed\":false,\"failure_balance_transaction\":null,\"failure_code\":null,\"failure_message\":null,\"fraud_details\":[],\"invoice\":null,\"livemode\":true,\"metadata\":{\"name\":\"Miguel Martinez \",\"username\":\"Miguelm\"},\"on_behalf_of\":null,\"order\":null,\"outcome\":{\"advice_code\":null,\"network_advice_code\":null,\"network_decline_code\":null,\"network_status\":\"approved_by_network\",\"reason\":null,\"risk_level\":\"normal\",\"seller_message\":\"Payment complete.\",\"type\":\"authorized\"},\"paid\":true,\"payment_intent\":null,\"payment_method\":\"card_1QlCRA2NUoYUjiuuEwEXpoLO\",\"payment_method_details\":{\"card\":{\"amount_authorized\":59500,\"authorization_code\":\"004228\",\"brand\":\"visa\",\"checks\":{\"address_line1_check\":null,\"address_postal_code_check\":null,\"cvc_check\":\"pass\"},\"country\":\"US\",\"exp_month\":11,\"exp_year\":2027,\"extended_authorization\":{\"status\":\"disabled\"},\"fingerprint\":\"kGjHpzMqgaCAUwQO\",\"funding\":\"debit\",\"incremental_authorization\":{\"status\":\"unavailable\"},\"installments\":null,\"last4\":\"6742\",\"mandate\":null,\"multicapture\":{\"status\":\"unavailable\"},\"network\":\"visa\",\"network_token\":{\"used\":false},\"network_transaction_id\":\"585025601486884\",\"overcapture\":{\"maximum_amount_capturable\":59500,\"status\":\"unavailable\"},\"regulated_status\":\"regulated\",\"three_d_secure\":null,\"wallet\":null},\"type\":\"card\"},\"receipt_email\":null,\"receipt_number\":null,\"receipt_url\":\"https:\\/\\/pay.stripe.com\\/receipts\\/payment\\/CAcQARoXChVhY2N0XzFRUEFGdjJOVW9ZVWppdXUo9ajUvAYyBgGQWur_XTosFnHmWEYkJ1rcZ_dN_YeivpLaqxdyppXmSLXE2Dn1OJTbSFdHZPgMET0eN9Y\",\"refunded\":false,\"review\":null,\"shipping\":null,\"source\":{\"id\":\"card_1QlCRA2NUoYUjiuuEwEXpoLO\",\"object\":\"card\",\"address_city\":null,\"address_country\":null,\"address_line1\":null,\"address_line1_check\":null,\"address_line2\":null,\"address_state\":null,\"address_zip\":null,\"address_zip_check\":null,\"allow_redisplay\":\"unspecified\",\"brand\":\"Visa\",\"country\":\"US\",\"customer\":\"cus_ReVSXLvX1Otnfl\",\"cvc_check\":\"pass\",\"dynamic_last4\":null,\"exp_month\":11,\"exp_year\":2027,\"fingerprint\":\"kGjHpzMqgaCAUwQO\",\"funding\":\"debit\",\"last4\":\"6742\",\"metadata\":[],\"name\":\"miguelmartinezzamora89@gmail.com\",\"regulated_status\":\"regulated\",\"tokenization_method\":null,\"wallet\":null},\"source_transfer\":null,\"statement_descriptor\":null,\"statement_descriptor_suffix\":null,\"status\":\"succeeded\",\"transfer_data\":null,\"transfer_group\":null}'
WHERE `id` = 55;
UPDATE `user_registration` SET `uid` = '2070', `user_id` = 'UTF7YN', `username` = 'Miguelm', `sponsor_id` = 'CVVK4C', `vacant` = 'no', `f_name` = 'Miguel', `l_name` = 'Martinez ', `position` = 'left', `email` = 'miguelmartinezzamora89@gmail.com', `password` = 'bdaf69ba7ffdd359acb06ae208b61e08', `phone` = '7866948502', `country` = 'United States', `state` = 'Florida', `city` = 'Hialeah ', `street` = '569 E 30 St ', `zip_code` = '33013', `reg_ip` = '172.70.82.169', `status` = 1, `package_id` = '2', `rank_id` = 1, `highest_rank` = 1, `cycle_rank_id` = 1, `created` = '2025-01-25 10:40:33', `subscription_date` = '2025-02-24', `google_secret` = '6ZQMJCB33A3ZV5ZR'
WHERE `uid` = '2070';
INSERT INTO `user_registration` (`uid`, `user_id`, `username`, `sponsor_id`, `placement_id`, `vacant`, `f_name`, `l_name`, `address`, `position`, `email`, `password`, `phone`, `reg_ip`, `status`, `created`) VALUES (NULL, 'PMQDEJ', 'ZSSnDYGx', 'UTF7YN', 'UTF7YN', 'yes', '', '', '', 'left', '@mail.com', '', '', '', 0, '2025-01-25 10:42:28');
INSERT INTO `user_registration` (`uid`, `user_id`, `username`, `sponsor_id`, `placement_id`, `vacant`, `f_name`, `l_name`, `address`, `position`, `email`, `password`, `phone`, `reg_ip`, `status`, `created`) VALUES (NULL, 'KXRAGK', 'hGMdTBse', 'UTF7YN', 'UTF7YN', 'yes', '', '', '', 'right', '@mail.com', '', '', '', 0, '2025-01-25 10:42:28');
INSERT INTO `bv_updation` (`user_id`) VALUES ('UTF7YN');
UPDATE `user_registration` SET total_ref_count = total_ref_count+1
WHERE `user_id` = 'CVVK4C';
UPDATE `user_registration` SET total_downlines = total_downlines+1
WHERE `user_id` = 'CVVK4C';
UPDATE `user_registration` SET left_downlines = left_downlines+1
WHERE `user_id` = 'CVVK4C';
UPDATE `user_registration` SET left_ref_count = left_ref_count+1
WHERE `user_id` = 'CVVK4C';
UPDATE `user_registration` SET active_left = active_left+1
WHERE `user_id` = 'CVVK4C';
UPDATE `user_registration` SET `binary_qualified` = 'yes', `binary_qualified_date` = '2025-01-25 10:42:28'
WHERE `user_id` = 'CVVK4C';
UPDATE `user_registration` SET total_downlines = total_downlines+1
WHERE `user_id` = 'K55EDD';
UPDATE `user_registration` SET left_downlines = left_downlines+1
WHERE `user_id` = 'K55EDD';
UPDATE `user_registration` SET total_downlines = total_downlines+1
WHERE `user_id` = 'UQO7EQ';
UPDATE `user_registration` SET left_downlines = left_downlines+1
WHERE `user_id` = 'UQO7EQ';
UPDATE `user_registration` SET total_downlines = total_downlines+1
WHERE `user_id` = 'N6GZAE';
UPDATE `user_registration` SET left_downlines = left_downlines+1
WHERE `user_id` = 'N6GZAE';
UPDATE `user_registration` SET total_downlines = total_downlines+1
WHERE `user_id` = '4E1CRI';
UPDATE `user_registration` SET left_downlines = left_downlines+1
WHERE `user_id` = '4E1CRI';
UPDATE `user_registration` SET total_downlines = total_downlines+1
WHERE `user_id` = 'SJBNYJ';
UPDATE `user_registration` SET left_downlines = left_downlines+1
WHERE `user_id` = 'SJBNYJ';
UPDATE `user_registration` SET total_downlines = total_downlines+1
WHERE `user_id` = '44B9Y4';
UPDATE `user_registration` SET left_downlines = left_downlines+1
WHERE `user_id` = '44B9Y4';
UPDATE `user_registration` SET total_downlines = total_downlines+1
WHERE `user_id` = 'admin';
UPDATE `user_registration` SET right_downlines = right_downlines+1
WHERE `user_id` = 'admin';
INSERT INTO `investment` (`invest_date`, `user_id`, `type`, `amount`, `package_id`) VALUES ('2025-01-25 10:42:28', 'UTF7YN', 'register', '595', '2');
INSERT INTO `earnings` (`user_id`, `Purchaser_id`, `earning_type`, `package_id`, `amount`, `date`, `comments`, `invest_amount`, `comm_perc`, `level`, `rank_id`, `order_id`) VALUES ('CVVK4C', 'UTF7YN', 'Direct Referral Bonus', '2', '100', '2025-01-25 10:42:28', 'Direct Referral Bonus', 0, 0, 1, '', 41);
UPDATE `user_registration` SET commission_balance = ROUND(commission_balance + 100,2)
WHERE `user_id` = 'CVVK4C';
UPDATE `user_registration` SET referral_bonus = ROUND(referral_bonus + 100,2)
WHERE `user_id` = 'CVVK4C';
UPDATE `user_registration` SET total_points = ROUND(total_points + 50,2)
WHERE `user_id` = 'UTF7YN';
INSERT INTO `points_history` (`user_id`, `points`, `type`, `date`) VALUES ('UTF7YN', '50', 'register', '2025-01-25 10:42:');
INSERT INTO `matrix_filling` (`placement_id`, `downline_id`, `level`, `matrix`) VALUES ('CVVK4C', 'UTF7YN', 1, 1);
UPDATE `bv_updation` SET left_carry = left_carry+50, total_left = total_left+50
WHERE `user_id` = 'CVVK4C';
INSERT INTO `placement_bv_update_history` (`left_carry`, `date`, `from_id`, `user_id`) VALUES ('50', '2025-01-25 10:42:28', 'UTF7YN', 'CVVK4C');
UPDATE `bv_updation` SET sponsor_left_carry = sponsor_left_carry+50, sponsor_total_left = sponsor_total_left+50
WHERE `user_id` = 'CVVK4C';
INSERT INTO `sponsor_bv_update_history` (`left_carry`, `date`, `user_id`) VALUES ('50', '2025-01-25 10:42:28', 'CVVK4C');
INSERT INTO `matrix_filling` (`placement_id`, `downline_id`, `level`, `matrix`) VALUES ('K55EDD', 'UTF7YN', 2, 1);
UPDATE `bv_updation` SET left_carry = left_carry+50, total_left = total_left+50
WHERE `user_id` = 'K55EDD';
INSERT INTO `placement_bv_update_history` (`left_carry`, `date`, `from_id`, `user_id`) VALUES ('50', '2025-01-25 10:42:28', 'UTF7YN', 'K55EDD');
INSERT INTO `matrix_filling` (`placement_id`, `downline_id`, `level`, `matrix`) VALUES ('UQO7EQ', 'UTF7YN', 3, 1);
UPDATE `bv_updation` SET left_carry = left_carry+50, total_left = total_left+50
WHERE `user_id` = 'UQO7EQ';
INSERT INTO `placement_bv_update_history` (`left_carry`, `date`, `from_id`, `user_id`) VALUES ('50', '2025-01-25 10:42:28', 'UTF7YN', 'UQO7EQ');
INSERT INTO `matrix_filling` (`placement_id`, `downline_id`, `level`, `matrix`) VALUES ('N6GZAE', 'UTF7YN', 4, 1);
UPDATE `bv_updation` SET left_carry = left_carry+50, total_left = total_left+50
WHERE `user_id` = 'N6GZAE';
INSERT INTO `placement_bv_update_history` (`left_carry`, `date`, `from_id`, `user_id`) VALUES ('50', '2025-01-25 10:42:28', 'UTF7YN', 'N6GZAE');
INSERT INTO `matrix_filling` (`placement_id`, `downline_id`, `level`, `matrix`) VALUES ('4E1CRI', 'UTF7YN', 5, 1);
UPDATE `bv_updation` SET left_carry = left_carry+50, total_left = total_left+50
WHERE `user_id` = '4E1CRI';
INSERT INTO `placement_bv_update_history` (`left_carry`, `date`, `from_id`, `user_id`) VALUES ('50', '2025-01-25 10:42:28', 'UTF7YN', '4E1CRI');
INSERT INTO `matrix_filling` (`placement_id`, `downline_id`, `level`, `matrix`) VALUES ('SJBNYJ', 'UTF7YN', 6, 1);
UPDATE `bv_updation` SET left_carry = left_carry+50, total_left = total_left+50
WHERE `user_id` = 'SJBNYJ';
INSERT INTO `placement_bv_update_history` (`left_carry`, `date`, `from_id`, `user_id`) VALUES ('50', '2025-01-25 10:42:28', 'UTF7YN', 'SJBNYJ');
INSERT INTO `matrix_filling` (`placement_id`, `downline_id`, `level`, `matrix`) VALUES ('44B9Y4', 'UTF7YN', 7, 1);
UPDATE `bv_updation` SET left_carry = left_carry+50, total_left = total_left+50
WHERE `user_id` = '44B9Y4';
INSERT INTO `placement_bv_update_history` (`left_carry`, `date`, `from_id`, `user_id`) VALUES ('50', '2025-01-25 10:42:28', 'UTF7YN', '44B9Y4');
INSERT INTO `matrix_filling` (`placement_id`, `downline_id`, `level`, `matrix`) VALUES ('admin', 'UTF7YN', 8, 1);
UPDATE `bv_updation` SET right_carry = right_carry+50, total_right = total_right+50
WHERE `user_id` = 'admin';
INSERT INTO `placement_bv_update_history` (`right_carry`, `date`, `from_id`, `user_id`) VALUES ('50', '2025-01-25 10:42:28', 'UTF7YN', 'admin');
INSERT INTO `package_purchase_history` (`user_id`, `package_id`, `reg_fee`, `package_name`, `monthly_fee`, `type`, `date`, `payment_option`) VALUES ('UTF7YN', '2', '595', 'Traveler Pro', '150', 'sign_up', '2025-01-25 10:42:28', 'stripe');
UPDATE `ci_sessions` SET `timestamp` = 1737823448, `data` = '__ci_last_regenerate|i:1737823448;captcha|s:4:\"61mk\";'
WHERE `id` = '392a8ea933ccab4bd5788ffac7961ec05a50d3a6';
INSERT INTO `login_history` (`user_id`, `device`, `ip_address`, `date`) VALUES ('UTF7YN', 'Mozilla/5.0 (Linux; Android 10; K) AppleWebKit/537.36 (KHTML, like Gecko) Chrome/131.0.0.0 Mobile Safari/537.36', '172.70.255.182', '25-01-25 10:44');
UPDATE `user_registration` SET `popup_seen` = 'yes'
WHERE `user_id` = 'UTF7YN';
UPDATE `user_registration` SET `popup_seen` = 'yes'
WHERE `user_id` = 'UTF7YN';
UPDATE `ci_sessions` SET `timestamp` = 1737823533, `data` = '__ci_last_regenerate|i:1737823533;id|s:4:\"2031\";user_id|s:6:\"R37QLI\";username|s:5:\"dleon\";sponsor_id|s:6:\"H2HQC8\";fullname|s:11:\"Dayami Leon\";email|s:20:\"atravel4uu@gmail.com\";phone|s:10:\"7865069935\";isLogIn|b:1;'
WHERE `id` = 'd5e34d7513e42d2f09b16aafe9fd6590bb0ea5ed';
UPDATE `user_registration` SET `popup_seen` = 'yes'
WHERE `user_id` = 'R37QLI';
UPDATE `user_registration` SET `popup_seen` = 'yes'
WHERE `user_id` = 'UTF7YN';
UPDATE `ci_sessions` SET `timestamp` = 1737823566, `data` = '__ci_last_regenerate|i:1737823566;captcha|s:4:\"goj3\";'
WHERE `id` = '8c65b41a8daf2cf0d00f5d0eb4e441f2323f8e0b';
INSERT INTO `login_history` (`user_id`, `device`, `ip_address`, `date`) VALUES ('UQO7EQ', 'Mozilla/5.0 (Linux; Android 10; K) AppleWebKit/537.36 (KHTML, like Gecko) Chrome/131.0.0.0 Mobile Safari/537.36', '172.70.255.194', '25-01-25 10:46');
UPDATE `user_registration` SET `popup_seen` = 'yes'
WHERE `user_id` = 'UQO7EQ';
UPDATE `user_registration` SET `popup_seen` = 'yes'
WHERE `user_id` = 'UQO7EQ';
UPDATE `user_registration` SET `popup_seen` = 'no'
WHERE `user_id` = 'UQO7EQ';
DELETE FROM `ci_sessions`
WHERE `id` = '0f3a8504b9b6aa64e922cfa9ae605415a1d4eafc';
UPDATE `ci_sessions` SET `timestamp` = 1737823882, `data` = '__ci_last_regenerate|i:1737823882;id|s:4:\"2070\";user_id|s:6:\"UTF7YN\";username|s:7:\"Miguelm\";sponsor_id|s:6:\"CVVK4C\";fullname|s:16:\"Miguel Martinez \";email|s:32:\"miguelmartinezzamora89@gmail.com\";phone|s:10:\"7866948502\";isLogIn|b:1;'
WHERE `id` = '467074485b66811667aae9472d38404527280a6b';
UPDATE `user_registration` SET `popup_seen` = 'yes'
WHERE `user_id` = 'UTF7YN';
UPDATE `user_registration` SET `popup_seen` = 'yes'
WHERE `user_id` = 'UTF7YN';
UPDATE `user_registration` SET `language` = 'spanish'
WHERE `user_id` = 'UTF7YN';
UPDATE `user_registration` SET `popup_seen` = 'yes'
WHERE `user_id` = 'UTF7YN';
UPDATE `user_registration` SET `popup_seen` = 'yes'
WHERE `user_id` = 'UTF7YN';
UPDATE `ci_sessions` SET `timestamp` = 1737824153, `data` = '__ci_last_regenerate|i:1737824153;id|s:4:\"2054\";user_id|s:6:\"CVVK4C\";username|s:7:\"ManuelN\";sponsor_id|s:6:\"K55EDD\";fullname|s:14:\"Manuel Naranjo\";email|s:26:\"naranjo.manuel93@gmail.com\";phone|s:6:\"786326\";isLogIn|b:1;'
WHERE `id` = '84f3272c4d271272889c62b43436936df7089222';
UPDATE `user_registration` SET `popup_seen` = 'yes'
WHERE `user_id` = 'CVVK4C';
UPDATE `ci_sessions` SET `timestamp` = 1737824349, `data` = '__ci_last_regenerate|i:1737824349;id|s:4:\"2029\";user_id|s:6:\"PBFKSY\";username|s:7:\"Palermo\";sponsor_id|s:6:\"SJBNYJ\";fullname|s:13:\"Rosmery Gomez\";email|s:25:\"emiliotapanes+5@gmail.com\";phone|s:10:\"7862876762\";isLogIn|b:1;message|s:21:\"Welcome Rosmery Gomez\";__ci_vars|a:1:{s:7:\"message\";s:3:\"old\";}'
WHERE `id` = '2ed148a90d3cdfb3d5da2fe8493956f2cd9b32af';
UPDATE `user_registration` SET `popup_seen` = 'yes'
WHERE `user_id` = 'PBFKSY';
UPDATE `admin` SET `last_login` = '2025-01-25 11:03:52', `ip_address` = '162.158.186.17'
WHERE `id` = '1';
UPDATE `ci_sessions` SET `timestamp` = 1737824670, `data` = '__ci_last_regenerate|i:1737824670;id|s:4:\"2029\";user_id|s:6:\"PBFKSY\";username|s:7:\"Palermo\";sponsor_id|s:6:\"SJBNYJ\";fullname|s:13:\"Rosmery Gomez\";email|s:25:\"emiliotapanes+5@gmail.com\";phone|s:10:\"7862876762\";isLogIn|b:1;'
WHERE `id` = '792bbfac47757a8d8bbcb56a13a5a89022faecbd';
UPDATE `ci_sessions` SET `timestamp` = 1737824800, `data` = '__ci_last_regenerate|i:1737824800;id|s:4:\"2074\";user_id|s:6:\"L8NRSC\";username|s:6:\"ehevia\";sponsor_id|s:6:\"JHRDHS\";fullname|s:12:\"Elina  Hevia\";email|s:22:\"heviaelina17@gmail.com\";phone|s:10:\"7862615995\";isLogIn|b:1;'
WHERE `id` = 'd204eb7a2f0d4edda269dd35339fb11a60e814a9';
UPDATE `ci_sessions` SET `timestamp` = 1737824960, `data` = '__ci_last_regenerate|i:1737824960;id|s:4:\"2070\";user_id|s:6:\"UTF7YN\";username|s:7:\"Miguelm\";sponsor_id|s:6:\"CVVK4C\";fullname|s:16:\"Miguel Martinez \";email|s:32:\"miguelmartinezzamora89@gmail.com\";phone|s:10:\"7866948502\";isLogIn|b:1;'
WHERE `id` = '591c4066aa42497465fff81082fdcdcf669c274c';
UPDATE `user_registration` SET `popup_seen` = 'yes'
WHERE `user_id` = 'UTF7YN';
UPDATE `user_registration` SET `popup_seen` = 'yes'
WHERE `user_id` = 'UTF7YN';
UPDATE `ci_sessions` SET `timestamp` = 1737824975, `data` = '__ci_last_regenerate|i:1737824975;id|s:4:\"2029\";user_id|s:6:\"PBFKSY\";username|s:7:\"Palermo\";sponsor_id|s:6:\"SJBNYJ\";fullname|s:13:\"Rosmery Gomez\";email|s:25:\"emiliotapanes+5@gmail.com\";phone|s:10:\"7862876762\";isLogIn|b:1;'
WHERE `id` = 'e2b0db65ee3e0e9fdc5a56a140c08244f9c2d287';
UPDATE `ci_sessions` SET `timestamp` = 1737824997, `data` = '__ci_last_regenerate|i:1737824997;id|s:4:\"2073\";user_id|s:6:\"XHO8CJ\";username|s:7:\"Ariel78\";sponsor_id|s:6:\"U7SMZ8\";fullname|s:12:\"Ariel Zomoza\";email|s:23:\"arielzomoza@hotmail.com\";phone|s:10:\"7863844290\";isLogIn|b:1;'
WHERE `id` = '168ce73a368e5e6c57aa7ed27fd69ede446496a0';
UPDATE `user_registration` SET `popup_seen` = 'yes'
WHERE `user_id` = 'XHO8CJ';
UPDATE `user_registration` SET `popup_seen` = 'yes'
WHERE `user_id` = 'L8NRSC';
INSERT INTO `login_history` (`user_id`, `device`, `ip_address`, `date`) VALUES ('44B9Y4', 'Mozilla/5.0 (Windows NT 10.0; Win64; x64) AppleWebKit/537.36 (KHTML, like Gecko) Chrome/131.0.0.0 Safari/537.36', '172.70.82.178', '25-01-25 11:13');
UPDATE `user_registration` SET `popup_seen` = 'yes'
WHERE `user_id` = '44B9Y4';
UPDATE `user_registration` SET `popup_seen` = 'yes'
WHERE `user_id` = 'UTF7YN';
UPDATE `user_registration` SET `popup_seen` = 'yes'
WHERE `user_id` = 'UTF7YN';
UPDATE `ci_sessions` SET `timestamp` = 1737825264, `data` = '__ci_last_regenerate|i:1737825264;id|s:4:\"2070\";user_id|s:6:\"UTF7YN\";username|s:7:\"Miguelm\";sponsor_id|s:6:\"CVVK4C\";fullname|s:16:\"Miguel Martinez \";email|s:32:\"miguelmartinezzamora89@gmail.com\";phone|s:10:\"7866948502\";isLogIn|b:1;'
WHERE `id` = '129379971b0ccc85a3149a0fbf18c5206a344546';
UPDATE `user_registration` SET `popup_seen` = 'yes'
WHERE `user_id` = 'UTF7YN';
UPDATE `user_registration` SET `popup_seen` = 'yes'
WHERE `user_id` = 'UTF7YN';
UPDATE `user_registration` SET `popup_seen` = 'yes'
WHERE `user_id` = 'UTF7YN';
UPDATE `user_registration` SET `popup_seen` = 'yes'
WHERE `user_id` = 'UTF7YN';
UPDATE `user_registration` SET `popup_seen` = 'yes'
WHERE `user_id` = 'UTF7YN';
UPDATE `user_registration` SET `popup_seen` = 'yes'
WHERE `user_id` = 'UTF7YN';
UPDATE `user_registration` SET `popup_seen` = 'yes'
WHERE `user_id` = 'UTF7YN';
UPDATE `user_registration` SET `popup_seen` = 'yes'
WHERE `user_id` = 'UTF7YN';
UPDATE `user_registration` SET `default_leg` = 'left'
WHERE `user_id` = 'UTF7YN';
UPDATE `user_registration` SET `popup_seen` = 'yes'
WHERE `user_id` = 'UTF7YN';
UPDATE `ci_sessions` SET `timestamp` = 1737825932, `data` = '__ci_last_regenerate|i:1737825932;id|s:4:\"2031\";user_id|s:6:\"R37QLI\";username|s:5:\"dleon\";sponsor_id|s:6:\"H2HQC8\";fullname|s:11:\"Dayami Leon\";email|s:20:\"atravel4uu@gmail.com\";phone|s:10:\"7865069935\";isLogIn|b:1;'
WHERE `id` = '1fcfbf47c3da112400b8f0088064de7bf512ae80';
UPDATE `user_registration` SET `popup_seen` = 'yes'
WHERE `user_id` = 'R37QLI';
UPDATE `ci_sessions` SET `timestamp` = 1737826004, `data` = '__ci_last_regenerate|i:1737826004;id|s:4:\"2073\";user_id|s:6:\"XHO8CJ\";username|s:7:\"Ariel78\";sponsor_id|s:6:\"U7SMZ8\";fullname|s:12:\"Ariel Zomoza\";email|s:23:\"arielzomoza@hotmail.com\";phone|s:10:\"7863844290\";isLogIn|b:1;'
WHERE `id` = '40ec68b38cad0be0e90fa18c3eb1fb6a1bc1bf95';
UPDATE `user_registration` SET `popup_seen` = 'yes'
WHERE `user_id` = 'XHO8CJ';
INSERT INTO `login_history` (`user_id`, `device`, `ip_address`, `date`) VALUES ('H2HQC8', 'Mozilla/5.0 (Linux; Android 10; K) AppleWebKit/537.36 (KHTML, like Gecko) Chrome/132.0.0.0 Mobile Safari/537.36', '172.70.255.70', '25-01-25 11:29');
UPDATE `user_registration` SET `popup_seen` = 'yes'
WHERE `user_id` = 'H2HQC8';
UPDATE `user_registration` SET `popup_seen` = 'yes'
WHERE `user_id` = 'H2HQC8';
UPDATE `user_registration` SET `popup_seen` = 'no'
WHERE `user_id` = 'H2HQC8';
DELETE FROM `ci_sessions`
WHERE `id` = '30cba36540f06363526c56c55b0d16257105b68e';
INSERT INTO `login_history` (`user_id`, `device`, `ip_address`, `date`) VALUES ('44B9Y4', 'Mozilla/5.0 (Linux; Android 10; K) AppleWebKit/537.36 (KHTML, like Gecko) Chrome/132.0.0.0 Mobile Safari/537.36', '172.69.132.225', '25-01-25 11:31');
UPDATE `user_registration` SET `popup_seen` = 'yes'
WHERE `user_id` = '44B9Y4';
UPDATE `user_registration` SET `popup_seen` = 'yes'
WHERE `user_id` = '44B9Y4';
UPDATE `ci_sessions` SET `timestamp` = 1737826902, `data` = '__ci_last_regenerate|i:1737826902;captcha|s:4:\"vcvx\";'
WHERE `id` = '6a7527bc5a1973eae23c2c150ed3dc8fda130c94';
INSERT INTO `login_history` (`user_id`, `device`, `ip_address`, `date`) VALUES ('UQO7EQ', 'Mozilla/5.0 (Linux; Android 10; K) AppleWebKit/537.36 (KHTML, like Gecko) Chrome/131.0.0.0 Mobile Safari/537.36', '108.162.210.134', '25-01-25 11:42');
UPDATE `user_registration` SET `popup_seen` = 'yes'
WHERE `user_id` = 'UQO7EQ';
UPDATE `ci_sessions` SET `timestamp` = 1737826956, `data` = '__ci_last_regenerate|i:1737826956;captcha|s:4:\"474s\";'
WHERE `id` = '70d19ee245f8acd6e264d9cbc2d812e9440042dd';
UPDATE `user_registration` SET `popup_seen` = 'yes'
WHERE `user_id` = 'UQO7EQ';
UPDATE `user_registration` SET `popup_seen` = 'no'
WHERE `user_id` = 'UQO7EQ';
DELETE FROM `ci_sessions`
WHERE `id` = '46a56dfd1a84894b06de93cb8eaefab4d03fa0fb';
UPDATE `ci_sessions` SET `timestamp` = 1737826987, `data` = '__ci_last_regenerate|i:1737826987;id|s:4:\"2031\";user_id|s:6:\"R37QLI\";username|s:5:\"dleon\";sponsor_id|s:6:\"H2HQC8\";fullname|s:11:\"Dayami Leon\";email|s:20:\"atravel4uu@gmail.com\";phone|s:10:\"7865069935\";isLogIn|b:1;'
WHERE `id` = 'f4ff7195263f76f5d3483b282a359a3e5989ee92';
UPDATE `user_registration` SET `popup_seen` = 'yes'
WHERE `user_id` = 'R37QLI';
UPDATE `user_registration` SET `popup_seen` = 'yes'
WHERE `user_id` = 'R37QLI';
UPDATE `user_registration` SET `popup_seen` = 'yes'
WHERE `user_id` = 'R37QLI';
INSERT INTO `login_history` (`user_id`, `device`, `ip_address`, `date`) VALUES ('U7SMZ8', 'Mozilla/5.0 (Macintosh; Intel Mac OS X 10_15_7) AppleWebKit/605.1.15 (KHTML, like Gecko) Version/17.6 Safari/605.1.15', '172.70.255.69', '25-01-25 11:46');
UPDATE `user_registration` SET `popup_seen` = 'yes'
WHERE `user_id` = 'U7SMZ8';
UPDATE `ci_sessions` SET `timestamp` = 1737827403, `data` = '__ci_last_regenerate|i:1737827403;id|s:4:\"2031\";user_id|s:6:\"R37QLI\";username|s:5:\"dleon\";sponsor_id|s:6:\"H2HQC8\";fullname|s:11:\"Dayami Leon\";email|s:20:\"atravel4uu@gmail.com\";phone|s:10:\"7865069935\";isLogIn|b:1;'
WHERE `id` = 'e321b9a7ea26ced0edf554a08a15f20a4d4f8085';
UPDATE `user_registration` SET `popup_seen` = 'yes'
WHERE `user_id` = 'R37QLI';
UPDATE `ci_sessions` SET `timestamp` = 1737827454, `data` = '__ci_last_regenerate|i:1737827454;id|s:4:\"2021\";user_id|s:6:\"44B9Y4\";username|s:7:\"Talimbi\";sponsor_id|s:5:\"admin\";fullname|s:14:\"Emilio Tapanes\";email|s:23:\"emiliotapanes@gmail.com\";phone|s:10:\"7862876762\";isLogIn|b:1;'
WHERE `id` = '7eea0cfb13b7b799ca24d990a8863c3eda8238a3';
UPDATE `user_registration` SET `popup_seen` = 'yes'
WHERE `user_id` = 'R37QLI';
UPDATE `user_registration` SET `default_leg` = 'left'
WHERE `user_id` = 'R37QLI';
UPDATE `user_registration` SET `popup_seen` = 'yes'
WHERE `user_id` = 'R37QLI';
UPDATE `ci_sessions` SET `timestamp` = 1737827697, `data` = '__ci_last_regenerate|i:1737827697;id|s:4:\"2061\";user_id|s:6:\"U7SMZ8\";username|s:6:\"Clau66\";sponsor_id|s:6:\"UQO7EQ\";fullname|s:14:\"Claudia Pisana\";email|s:21:\"claujor06@hotmail.com\";phone|s:10:\"7863843449\";isLogIn|b:1;'
WHERE `id` = '651021852d33c3dc86a7813ddd5bb7774b328d5d';
INSERT INTO `temp_register` (`post_data`, `date`, `payment_method`, `type`) VALUES ('{\"uid\":\"2072\",\"user_id\":\"JIL8K9\",\"username\":\"Daysi1970\",\"sponsor_id\":\"U7SMZ8\",\"vacant\":\"no\",\"f_name\":\"Daysi\",\"l_name\":\"Chavarria\",\"position\":\"left\",\"email\":\"urquia0831@gmail.com\",\"password\":\"9e41b942d5a2d7fb2a385b6f438a0ef1\",\"phone\":\"3055707872\",\"country\":\"United States\",\"state\":\"Florida\",\"city\":\"Miami\",\"street\":\"300 NW 194th Ter\",\"zip_code\":\"33169\",\"reg_ip\":\"172.70.83.12\",\"status\":1,\"package_id\":\"2\",\"rank_id\":1,\"highest_rank\":1,\"cycle_rank_id\":1,\"created\":\"2025-01-25 11:55:29\",\"subscription_date\":\"2025-02-24\",\"google_secret\":\"XLAW2XNKFF5TRO4K\"}', '2025-01-25 11:55:29', 'stripe', 'register');
UPDATE `temp_register` SET `response` = '{\"stripeToken\":\"tok_1QlDbX2NUoYUjiuuLrRLh8Wz\",\"stripeTokenType\":\"card\",\"stripeEmail\":\"urquia0831@gmail.com\"}', `date_modified` = '2025-01-25 11:57:16', `payment_status` = '{\"id\":\"ch_3QlDbb2NUoYUjiuu1p8dSGEZ\",\"object\":\"charge\",\"amount\":59500,\"amount_captured\":59500,\"amount_refunded\":0,\"application\":null,\"application_fee\":null,\"application_fee_amount\":null,\"balance_transaction\":\"txn_3QlDbb2NUoYUjiuu1bq6taSZ\",\"billing_details\":{\"address\":{\"city\":null,\"country\":null,\"line1\":null,\"line2\":null,\"postal_code\":null,\"state\":null},\"email\":null,\"name\":\"urquia0831@gmail.com\",\"phone\":null},\"calculated_statement_descriptor\":\"TRAVELEGENDCY LLC\",\"captured\":true,\"created\":1737827835,\"currency\":\"usd\",\"customer\":\"cus_ReWecJLnSjPHXh\",\"description\":null,\"destination\":null,\"dispute\":null,\"disputed\":false,\"failure_balance_transaction\":null,\"failure_code\":null,\"failure_message\":null,\"fraud_details\":[],\"invoice\":null,\"livemode\":true,\"metadata\":{\"name\":\"Daysi Chavarria\",\"username\":\"Daysi1970\"},\"on_behalf_of\":null,\"order\":null,\"outcome\":{\"advice_code\":null,\"network_advice_code\":null,\"network_decline_code\":null,\"network_status\":\"approved_by_network\",\"reason\":null,\"risk_level\":\"normal\",\"seller_message\":\"Payment complete.\",\"type\":\"authorized\"},\"paid\":true,\"payment_intent\":null,\"payment_method\":\"card_1QlDbX2NUoYUjiuuykYt3CKP\",\"payment_method_details\":{\"card\":{\"amount_authorized\":59500,\"authorization_code\":\"065712\",\"brand\":\"visa\",\"checks\":{\"address_line1_check\":null,\"address_postal_code_check\":null,\"cvc_check\":\"pass\"},\"country\":\"US\",\"exp_month\":9,\"exp_year\":2027,\"extended_authorization\":{\"status\":\"disabled\"},\"fingerprint\":\"c69gcVGtGfBjdarP\",\"funding\":\"debit\",\"incremental_authorization\":{\"status\":\"unavailable\"},\"installments\":null,\"last4\":\"4582\",\"mandate\":null,\"multicapture\":{\"status\":\"unavailable\"},\"network\":\"visa\",\"network_token\":{\"used\":false},\"network_transaction_id\":\"465025646363987\",\"overcapture\":{\"maximum_amount_capturable\":59500,\"status\":\"unavailable\"},\"regulated_status\":\"regulated\",\"three_d_secure\":null,\"wallet\":null},\"type\":\"card\"},\"receipt_email\":null,\"receipt_number\":null,\"receipt_url\":\"https:\\/\\/pay.stripe.com\\/receipts\\/payment\\/CAcQARoXChVhY2N0XzFRUEFGdjJOVW9ZVWppdXUo_MvUvAYyBnUxz0iHszosFr5Ky05Wcl6wbF3tIHpW4ObE27alj6QImU0ZH4ooA9Cblnq-OLrqB4WVnT8\",\"refunded\":false,\"review\":null,\"shipping\":null,\"source\":{\"id\":\"card_1QlDbX2NUoYUjiuuykYt3CKP\",\"object\":\"card\",\"address_city\":null,\"address_country\":null,\"address_line1\":null,\"address_line1_check\":null,\"address_line2\":null,\"address_state\":null,\"address_zip\":null,\"address_zip_check\":null,\"allow_redisplay\":\"unspecified\",\"brand\":\"Visa\",\"country\":\"US\",\"customer\":\"cus_ReWecJLnSjPHXh\",\"cvc_check\":\"pass\",\"dynamic_last4\":null,\"exp_month\":9,\"exp_year\":2027,\"fingerprint\":\"c69gcVGtGfBjdarP\",\"funding\":\"debit\",\"last4\":\"4582\",\"metadata\":[],\"name\":\"urquia0831@gmail.com\",\"regulated_status\":\"regulated\",\"tokenization_method\":null,\"wallet\":null},\"source_transfer\":null,\"statement_descriptor\":null,\"statement_descriptor_suffix\":null,\"status\":\"succeeded\",\"transfer_data\":null,\"transfer_group\":null}'
WHERE `id` = 56;
UPDATE `user_registration` SET `uid` = '2072', `user_id` = 'JIL8K9', `username` = 'Daysi1970', `sponsor_id` = 'U7SMZ8', `vacant` = 'no', `f_name` = 'Daysi', `l_name` = 'Chavarria', `position` = 'left', `email` = 'urquia0831@gmail.com', `password` = '9e41b942d5a2d7fb2a385b6f438a0ef1', `phone` = '3055707872', `country` = 'United States', `state` = 'Florida', `city` = 'Miami', `street` = '300 NW 194th Ter', `zip_code` = '33169', `reg_ip` = '172.70.83.12', `status` = 1, `package_id` = '2', `rank_id` = 1, `highest_rank` = 1, `cycle_rank_id` = 1, `created` = '2025-01-25 11:55:29', `subscription_date` = '2025-02-24', `google_secret` = 'XLAW2XNKFF5TRO4K'
WHERE `uid` = '2072';
INSERT INTO `user_registration` (`uid`, `user_id`, `username`, `sponsor_id`, `placement_id`, `vacant`, `f_name`, `l_name`, `address`, `position`, `email`, `password`, `phone`, `reg_ip`, `status`, `created`) VALUES (NULL, 'ZAWUWT', 'QYFKIFcF', 'JIL8K9', 'JIL8K9', 'yes', '', '', '', 'left', '@mail.com', '', '', '', 0, '2025-01-25 11:57:16');
INSERT INTO `user_registration` (`uid`, `user_id`, `username`, `sponsor_id`, `placement_id`, `vacant`, `f_name`, `l_name`, `address`, `position`, `email`, `password`, `phone`, `reg_ip`, `status`, `created`) VALUES (NULL, 'GNBSMH', 'EaWAPqqn', 'JIL8K9', 'JIL8K9', 'yes', '', '', '', 'right', '@mail.com', '', '', '', 0, '2025-01-25 11:57:16');
INSERT INTO `bv_updation` (`user_id`) VALUES ('JIL8K9');
UPDATE `user_registration` SET total_ref_count = total_ref_count+1
WHERE `user_id` = 'U7SMZ8';
UPDATE `user_registration` SET total_downlines = total_downlines+1
WHERE `user_id` = 'U7SMZ8';
UPDATE `user_registration` SET left_downlines = left_downlines+1
WHERE `user_id` = 'U7SMZ8';
UPDATE `user_registration` SET left_ref_count = left_ref_count+1
WHERE `user_id` = 'U7SMZ8';
UPDATE `user_registration` SET active_left = active_left+1
WHERE `user_id` = 'U7SMZ8';
UPDATE `user_registration` SET `binary_qualified` = 'yes', `binary_qualified_date` = '2025-01-25 11:57:16'
WHERE `user_id` = 'U7SMZ8';
UPDATE `user_registration` SET total_downlines = total_downlines+1
WHERE `user_id` = 'AABG7W';
UPDATE `user_registration` SET right_downlines = right_downlines+1
WHERE `user_id` = 'AABG7W';
UPDATE `user_registration` SET total_downlines = total_downlines+1
WHERE `user_id` = '3ZDIFO';
UPDATE `user_registration` SET right_downlines = right_downlines+1
WHERE `user_id` = '3ZDIFO';
UPDATE `user_registration` SET total_downlines = total_downlines+1
WHERE `user_id` = 'UQO7EQ';
UPDATE `user_registration` SET right_downlines = right_downlines+1
WHERE `user_id` = 'UQO7EQ';
UPDATE `user_registration` SET total_downlines = total_downlines+1
WHERE `user_id` = 'N6GZAE';
UPDATE `user_registration` SET left_downlines = left_downlines+1
WHERE `user_id` = 'N6GZAE';
UPDATE `user_registration` SET total_downlines = total_downlines+1
WHERE `user_id` = '4E1CRI';
UPDATE `user_registration` SET left_downlines = left_downlines+1
WHERE `user_id` = '4E1CRI';
UPDATE `user_registration` SET total_downlines = total_downlines+1
WHERE `user_id` = 'SJBNYJ';
UPDATE `user_registration` SET left_downlines = left_downlines+1
WHERE `user_id` = 'SJBNYJ';
UPDATE `user_registration` SET total_downlines = total_downlines+1
WHERE `user_id` = '44B9Y4';
UPDATE `user_registration` SET left_downlines = left_downlines+1
WHERE `user_id` = '44B9Y4';
UPDATE `user_registration` SET total_downlines = total_downlines+1
WHERE `user_id` = 'admin';
UPDATE `user_registration` SET right_downlines = right_downlines+1
WHERE `user_id` = 'admin';
INSERT INTO `investment` (`invest_date`, `user_id`, `type`, `amount`, `package_id`) VALUES ('2025-01-25 11:57:16', 'JIL8K9', 'register', '595', '2');
INSERT INTO `earnings` (`user_id`, `Purchaser_id`, `earning_type`, `package_id`, `amount`, `date`, `comments`, `invest_amount`, `comm_perc`, `level`, `rank_id`, `order_id`) VALUES ('U7SMZ8', 'JIL8K9', 'Direct Referral Bonus', '2', '100', '2025-01-25 11:57:16', 'Direct Referral Bonus', 0, 0, 1, '', 42);
UPDATE `user_registration` SET commission_balance = ROUND(commission_balance + 100,2)
WHERE `user_id` = 'U7SMZ8';
UPDATE `user_registration` SET referral_bonus = ROUND(referral_bonus + 100,2)
WHERE `user_id` = 'U7SMZ8';
UPDATE `user_registration` SET total_points = ROUND(total_points + 50,2)
WHERE `user_id` = 'JIL8K9';
INSERT INTO `points_history` (`user_id`, `points`, `type`, `date`) VALUES ('JIL8K9', '50', 'register', '2025-01-25 11:57:');
INSERT INTO `matrix_filling` (`placement_id`, `downline_id`, `level`, `matrix`) VALUES ('U7SMZ8', 'JIL8K9', 1, 1);
UPDATE `bv_updation` SET left_carry = left_carry+50, total_left = total_left+50
WHERE `user_id` = 'U7SMZ8';
INSERT INTO `placement_bv_update_history` (`left_carry`, `date`, `from_id`, `user_id`) VALUES ('50', '2025-01-25 11:57:16', 'JIL8K9', 'U7SMZ8');
UPDATE `bv_updation` SET sponsor_left_carry = sponsor_left_carry+50, sponsor_total_left = sponsor_total_left+50
WHERE `user_id` = 'U7SMZ8';
INSERT INTO `sponsor_bv_update_history` (`left_carry`, `date`, `user_id`) VALUES ('50', '2025-01-25 11:57:16', 'U7SMZ8');
INSERT INTO `matrix_filling` (`placement_id`, `downline_id`, `level`, `matrix`) VALUES ('AABG7W', 'JIL8K9', 2, 1);
UPDATE `bv_updation` SET right_carry = right_carry+50, total_right = total_right+50
WHERE `user_id` = 'AABG7W';
INSERT INTO `placement_bv_update_history` (`right_carry`, `date`, `from_id`, `user_id`) VALUES ('50', '2025-01-25 11:57:16', 'JIL8K9', 'AABG7W');
INSERT INTO `matrix_filling` (`placement_id`, `downline_id`, `level`, `matrix`) VALUES ('3ZDIFO', 'JIL8K9', 3, 1);
UPDATE `bv_updation` SET right_carry = right_carry+50, total_right = total_right+50
WHERE `user_id` = '3ZDIFO';
INSERT INTO `placement_bv_update_history` (`right_carry`, `date`, `from_id`, `user_id`) VALUES ('50', '2025-01-25 11:57:16', 'JIL8K9', '3ZDIFO');
INSERT INTO `matrix_filling` (`placement_id`, `downline_id`, `level`, `matrix`) VALUES ('UQO7EQ', 'JIL8K9', 4, 1);
UPDATE `bv_updation` SET right_carry = right_carry+50, total_right = total_right+50
WHERE `user_id` = 'UQO7EQ';
INSERT INTO `placement_bv_update_history` (`right_carry`, `date`, `from_id`, `user_id`) VALUES ('50', '2025-01-25 11:57:16', 'JIL8K9', 'UQO7EQ');
INSERT INTO `matrix_filling` (`placement_id`, `downline_id`, `level`, `matrix`) VALUES ('N6GZAE', 'JIL8K9', 5, 1);
UPDATE `bv_updation` SET left_carry = left_carry+50, total_left = total_left+50
WHERE `user_id` = 'N6GZAE';
INSERT INTO `placement_bv_update_history` (`left_carry`, `date`, `from_id`, `user_id`) VALUES ('50', '2025-01-25 11:57:16', 'JIL8K9', 'N6GZAE');
INSERT INTO `matrix_filling` (`placement_id`, `downline_id`, `level`, `matrix`) VALUES ('4E1CRI', 'JIL8K9', 6, 1);
UPDATE `bv_updation` SET left_carry = left_carry+50, total_left = total_left+50
WHERE `user_id` = '4E1CRI';
INSERT INTO `placement_bv_update_history` (`left_carry`, `date`, `from_id`, `user_id`) VALUES ('50', '2025-01-25 11:57:16', 'JIL8K9', '4E1CRI');
INSERT INTO `matrix_filling` (`placement_id`, `downline_id`, `level`, `matrix`) VALUES ('SJBNYJ', 'JIL8K9', 7, 1);
UPDATE `bv_updation` SET left_carry = left_carry+50, total_left = total_left+50
WHERE `user_id` = 'SJBNYJ';
INSERT INTO `placement_bv_update_history` (`left_carry`, `date`, `from_id`, `user_id`) VALUES ('50', '2025-01-25 11:57:16', 'JIL8K9', 'SJBNYJ');
INSERT INTO `matrix_filling` (`placement_id`, `downline_id`, `level`, `matrix`) VALUES ('44B9Y4', 'JIL8K9', 8, 1);
UPDATE `bv_updation` SET left_carry = left_carry+50, total_left = total_left+50
WHERE `user_id` = '44B9Y4';
INSERT INTO `placement_bv_update_history` (`left_carry`, `date`, `from_id`, `user_id`) VALUES ('50', '2025-01-25 11:57:16', 'JIL8K9', '44B9Y4');
INSERT INTO `matrix_filling` (`placement_id`, `downline_id`, `level`, `matrix`) VALUES ('admin', 'JIL8K9', 9, 1);
UPDATE `bv_updation` SET right_carry = right_carry+50, total_right = total_right+50
WHERE `user_id` = 'admin';
INSERT INTO `placement_bv_update_history` (`right_carry`, `date`, `from_id`, `user_id`) VALUES ('50', '2025-01-25 11:57:16', 'JIL8K9', 'admin');
INSERT INTO `package_purchase_history` (`user_id`, `package_id`, `reg_fee`, `package_name`, `monthly_fee`, `type`, `date`, `payment_option`) VALUES ('JIL8K9', '2', '595', 'Traveler Pro', '150', 'sign_up', '2025-01-25 11:57:16', 'stripe');
INSERT INTO `login_history` (`user_id`, `device`, `ip_address`, `date`) VALUES ('UQO7EQ', 'Mozilla/5.0 (Windows NT 10.0; Win64; x64) AppleWebKit/537.36 (KHTML, like Gecko) Chrome/132.0.0.0 Safari/537.36 Edg/132.0.0.0', '172.69.132.233', '25-01-25 11:58');
UPDATE `user_registration` SET `popup_seen` = 'yes'
WHERE `user_id` = 'UQO7EQ';
INSERT INTO `login_history` (`user_id`, `device`, `ip_address`, `date`) VALUES ('JIL8K9', 'Mozilla/5.0 (iPhone; CPU iPhone OS 18_1_1 like Mac OS X) AppleWebKit/605.1.15 (KHTML, like Gecko) Version/18.1.1 Mobile/15E148 Safari/604.1', '172.71.194.158', '25-01-25 11:59');
UPDATE `user_registration` SET `popup_seen` = 'yes'
WHERE `user_id` = 'JIL8K9';
UPDATE `user_registration` SET `popup_seen` = 'yes'
WHERE `user_id` = 'UQO7EQ';
UPDATE `user_registration` SET `popup_seen` = 'no'
WHERE `user_id` = 'UQO7EQ';
DELETE FROM `ci_sessions`
WHERE `id` = '2f074f7610b8f837d600657e7656ebc2f38d6b23';
UPDATE `ci_sessions` SET `timestamp` = 1737828206, `data` = '__ci_last_regenerate|i:1737828206;id|s:4:\"2061\";user_id|s:6:\"U7SMZ8\";username|s:6:\"Clau66\";sponsor_id|s:6:\"UQO7EQ\";fullname|s:14:\"Claudia Pisana\";email|s:21:\"claujor06@hotmail.com\";phone|s:10:\"7863843449\";isLogIn|b:1;message|s:44:\"Your registration completed successfully...!\";__ci_vars|a:1:{s:7:\"message\";s:3:\"old\";}'
WHERE `id` = 'c6f2de008239b1d81892866a4d97185446ae8138';
UPDATE `ci_sessions` SET `timestamp` = 1737828280, `data` = '__ci_last_regenerate|i:1737828280;id|s:4:\"2072\";user_id|s:6:\"JIL8K9\";username|s:9:\"Daysi1970\";sponsor_id|s:6:\"U7SMZ8\";fullname|s:15:\"Daysi Chavarria\";email|s:20:\"urquia0831@gmail.com\";phone|s:10:\"3055707872\";isLogIn|b:1;'
WHERE `id` = 'ded2184de289fe403990c630b3e95a6db87d60e4';
UPDATE `user_registration` SET `default_leg` = 'left'
WHERE `user_id` = 'JIL8K9';
UPDATE `ci_sessions` SET `timestamp` = 1737828640, `data` = '__ci_last_regenerate|i:1737828640;id|s:4:\"2061\";user_id|s:6:\"U7SMZ8\";username|s:6:\"Clau66\";sponsor_id|s:6:\"UQO7EQ\";fullname|s:14:\"Claudia Pisana\";email|s:21:\"claujor06@hotmail.com\";phone|s:10:\"7863843449\";isLogIn|b:1;'
WHERE `id` = '580c86b5e527006f64fbc40ba0677851c4a1179e';
UPDATE `user_registration` SET `popup_seen` = 'no'
WHERE `user_id` = 'U7SMZ8';
DELETE FROM `ci_sessions`
WHERE `id` = '70df46b79c4b66d7b6df5fe8bebbc09fabf92e14';
INSERT INTO `login_history` (`user_id`, `device`, `ip_address`, `date`) VALUES ('U7SMZ8', 'Mozilla/5.0 (Macintosh; Intel Mac OS X 10_15_7) AppleWebKit/605.1.15 (KHTML, like Gecko) Version/17.6 Safari/605.1.15', '172.70.255.162', '25-01-25 12:13');
UPDATE `user_registration` SET `popup_seen` = 'yes'
WHERE `user_id` = 'U7SMZ8';
UPDATE `user_registration` SET `popup_seen` = 'yes'
WHERE `user_id` = 'U7SMZ8';
UPDATE `ci_sessions` SET `timestamp` = 1737828945, `data` = '__ci_last_regenerate|i:1737828945;id|s:4:\"2031\";user_id|s:6:\"R37QLI\";username|s:5:\"dleon\";sponsor_id|s:6:\"H2HQC8\";fullname|s:11:\"Dayami Leon\";email|s:20:\"atravel4uu@gmail.com\";phone|s:10:\"7865069935\";isLogIn|b:1;'
WHERE `id` = '7a71625fe986d5a39987bb4c2b4a620911e5e6fb';
UPDATE `user_registration` SET `popup_seen` = 'yes'
WHERE `user_id` = 'R37QLI';
UPDATE `user_registration` SET `popup_seen` = 'yes'
WHERE `user_id` = 'R37QLI';
UPDATE `ci_sessions` SET `timestamp` = 1737829035, `data` = '__ci_last_regenerate|i:1737829035;id|s:4:\"2061\";user_id|s:6:\"U7SMZ8\";username|s:6:\"Clau66\";sponsor_id|s:6:\"UQO7EQ\";fullname|s:14:\"Claudia Pisana\";email|s:21:\"claujor06@hotmail.com\";phone|s:10:\"7863843449\";isLogIn|b:1;'
WHERE `id` = '9e45f412fa542c9a5ac3497ce09ce3015f9c0e37';
UPDATE `user_registration` SET `popup_seen` = 'yes'
WHERE `user_id` = 'U7SMZ8';
UPDATE `ci_sessions` SET `timestamp` = 1737829047, `data` = '__ci_last_regenerate|i:1737829047;id|s:4:\"2072\";user_id|s:6:\"JIL8K9\";username|s:9:\"Daysi1970\";sponsor_id|s:6:\"U7SMZ8\";fullname|s:15:\"Daysi Chavarria\";email|s:20:\"urquia0831@gmail.com\";phone|s:10:\"3055707872\";isLogIn|b:1;message|s:38:\"Your default Leg Updated Successfully!\";__ci_vars|a:1:{s:7:\"message\";s:3:\"old\";}'
WHERE `id` = '681a87abf86d5944b273f70405a8be426b07afd0';
UPDATE `user_registration` SET `popup_seen` = 'yes'
WHERE `user_id` = 'JIL8K9';
UPDATE `user_registration` SET `popup_seen` = 'yes'
WHERE `user_id` = 'JIL8K9';
UPDATE `user_registration` SET `popup_seen` = 'yes'
WHERE `user_id` = 'JIL8K9';
UPDATE `user_registration` SET `language` = 'spanish'
WHERE `user_id` = 'JIL8K9';
UPDATE `user_registration` SET `popup_seen` = 'yes'
WHERE `user_id` = 'JIL8K9';
UPDATE `user_registration` SET `popup_seen` = 'yes'
WHERE `user_id` = 'R37QLI';
UPDATE `user_registration` SET `popup_seen` = 'no'
WHERE `user_id` = 'JIL8K9';
DELETE FROM `ci_sessions`
WHERE `id` = '66d56260bca28c2d46748b624d82bdb3f33353ac';
UPDATE `ci_sessions` SET `timestamp` = 1737829466, `data` = '__ci_last_regenerate|i:1737829466;id|s:4:\"2070\";user_id|s:6:\"UTF7YN\";username|s:7:\"Miguelm\";sponsor_id|s:6:\"CVVK4C\";fullname|s:16:\"Miguel Martinez \";email|s:32:\"miguelmartinezzamora89@gmail.com\";phone|s:10:\"7866948502\";isLogIn|b:1;'
WHERE `id` = 'e0163e695bcdbe50faf66df72e9cff8e08f782bf';
UPDATE `user_registration` SET `popup_seen` = 'yes'
WHERE `user_id` = 'UTF7YN';
UPDATE `ci_sessions` SET `timestamp` = 1737829469, `data` = '__ci_last_regenerate|i:1737829469;id|s:4:\"2031\";user_id|s:6:\"R37QLI\";username|s:5:\"dleon\";sponsor_id|s:6:\"H2HQC8\";fullname|s:11:\"Dayami Leon\";email|s:20:\"atravel4uu@gmail.com\";phone|s:10:\"7865069935\";isLogIn|b:1;'
WHERE `id` = 'faa4215ed0d387eba7b6aec80d77344faeed5070';
UPDATE `user_registration` SET `popup_seen` = 'yes'
WHERE `user_id` = 'R37QLI';
INSERT INTO `login_history` (`user_id`, `device`, `ip_address`, `date`) VALUES ('L2MNP5', 'Mozilla/5.0 (X11; Linux x86_64) AppleWebKit/537.36 (KHTML, like Gecko) SamsungBrowser/25.0 Chrome/121.0.0.0 Safari/537.36', '172.69.132.246', '25-01-25 12:25');
UPDATE `user_registration` SET `popup_seen` = 'yes'
WHERE `user_id` = 'L2MNP5';
INSERT INTO `login_history` (`user_id`, `device`, `ip_address`, `date`) VALUES ('R37QLI', 'Mozilla/5.0 (iPhone; CPU iPhone OS 16_7_10 like Mac OS X) AppleWebKit/605.1.15 (KHTML, like Gecko) Version/16.6 Mobile/15E148 Safari/604.1', '108.162.210.184', '25-01-25 12:27');
UPDATE `user_registration` SET `popup_seen` = 'yes'
WHERE `user_id` = 'R37QLI';
UPDATE `ci_sessions` SET `timestamp` = 1737829658, `data` = '__ci_last_regenerate|i:1737829658;id|s:4:\"2061\";user_id|s:6:\"U7SMZ8\";username|s:6:\"Clau66\";sponsor_id|s:6:\"UQO7EQ\";fullname|s:14:\"Claudia Pisana\";email|s:21:\"claujor06@hotmail.com\";phone|s:10:\"7863843449\";isLogIn|b:1;'
WHERE `id` = '39fea7d4df6b7fe9e6a205020057963acba5f162';
UPDATE `user_registration` SET `popup_seen` = 'yes'
WHERE `user_id` = 'U7SMZ8';
UPDATE `user_registration` SET `popup_seen` = 'no'
WHERE `user_id` = 'U7SMZ8';
DELETE FROM `ci_sessions`
WHERE `id` = '356267a9df574f97e531553ef81614f6b7d504fb';
UPDATE `ci_sessions` SET `timestamp` = 1737829892, `data` = '__ci_last_regenerate|i:1737829892;id|s:4:\"2059\";user_id|s:6:\"L2MNP5\";username|s:8:\"LCOMiami\";sponsor_id|s:6:\"K55EDD\";fullname|s:23:\"Leonardo Camacho Oviedo\";email|s:29:\"caimandelcaribe1964@gmail.com\";phone|s:10:\"9082908827\";isLogIn|b:1;'
WHERE `id` = '43f7afb0af2388e253996e669947575a7252fcb2';
INSERT INTO `temp_register` (`post_data`, `date`, `payment_method`, `type`) VALUES ('{\"uid\":\"2077\",\"user_id\":\"6H3N98\",\"username\":\"Polan2382\",\"sponsor_id\":\"L2MNP5\",\"vacant\":\"no\",\"f_name\":\"JuanManuel\",\"l_name\":\"Perez Polanco\",\"position\":\"right\",\"email\":\"Polanco1961.jmp@gmail.com\",\"password\":\"983a95152d95483e956d24e874ba5497\",\"phone\":\"7864249090\",\"country\":\"United States\",\"state\":\"Florida\",\"city\":\"Hialeah \",\"street\":\"581 e 56 stree\",\"zip_code\":\"33013\",\"reg_ip\":\"172.70.82.149\",\"status\":1,\"package_id\":\"2\",\"rank_id\":1,\"highest_rank\":1,\"cycle_rank_id\":1,\"created\":\"2025-01-25 12:31:32\",\"subscription_date\":\"2025-02-24\",\"google_secret\":\"PZ5WSE5YDVFYL334\"}', '2025-01-25 12:31:32', 'stripe', 'register');
UPDATE `temp_register` SET `response` = '{\"stripeToken\":\"tok_1QlEB82NUoYUjiuuxTPg4jCd\",\"stripeTokenType\":\"card\",\"stripeEmail\":\"Polanco1961.jmp@gmail.com\"}', `date_modified` = '2025-01-25 12:34:04', `payment_status` = '{\"id\":\"ch_3QlEBD2NUoYUjiuu1SgoiEAY\",\"object\":\"charge\",\"amount\":59500,\"amount_captured\":59500,\"amount_refunded\":0,\"application\":null,\"application_fee\":null,\"application_fee_amount\":null,\"balance_transaction\":\"txn_3QlEBD2NUoYUjiuu11NVuQ1e\",\"billing_details\":{\"address\":{\"city\":null,\"country\":null,\"line1\":null,\"line2\":null,\"postal_code\":null,\"state\":null},\"email\":null,\"name\":\"Polanco1961.jmp@gmail.com\",\"phone\":null},\"calculated_statement_descriptor\":\"TRAVELEGENDCY LLC\",\"captured\":true,\"created\":1737830043,\"currency\":\"usd\",\"customer\":\"cus_ReXFXyz8nxGdCB\",\"description\":null,\"destination\":null,\"dispute\":null,\"disputed\":false,\"failure_balance_transaction\":null,\"failure_code\":null,\"failure_message\":null,\"fraud_details\":[],\"invoice\":null,\"livemode\":true,\"metadata\":{\"name\":\"JuanManuel Perez Polanco\",\"username\":\"Polan2382\"},\"on_behalf_of\":null,\"order\":null,\"outcome\":{\"advice_code\":null,\"network_advice_code\":null,\"network_decline_code\":null,\"network_status\":\"approved_by_network\",\"reason\":null,\"risk_level\":\"normal\",\"seller_message\":\"Payment complete.\",\"type\":\"authorized\"},\"paid\":true,\"payment_intent\":null,\"payment_method\":\"card_1QlEB82NUoYUjiuufzELEPHz\",\"payment_method_details\":{\"card\":{\"amount_authorized\":59500,\"authorization_code\":\"025904\",\"brand\":\"visa\",\"checks\":{\"address_line1_check\":null,\"address_postal_code_check\":null,\"cvc_check\":\"pass\"},\"country\":\"US\",\"exp_month\":1,\"exp_year\":2027,\"extended_authorization\":{\"status\":\"disabled\"},\"fingerprint\":\"P4cVfCrpPRoldXFB\",\"funding\":\"credit\",\"incremental_authorization\":{\"status\":\"unavailable\"},\"installments\":null,\"last4\":\"2354\",\"mandate\":null,\"multicapture\":{\"status\":\"unavailable\"},\"network\":\"visa\",\"network_token\":{\"used\":false},\"network_transaction_id\":\"305025668447164\",\"overcapture\":{\"maximum_amount_capturable\":59500,\"status\":\"unavailable\"},\"regulated_status\":\"unregulated\",\"three_d_secure\":null,\"wallet\":null},\"type\":\"card\"},\"receipt_email\":null,\"receipt_number\":null,\"receipt_url\":\"https:\\/\\/pay.stripe.com\\/receipts\\/payment\\/CAcQARoXChVhY2N0XzFRUEFGdjJOVW9ZVWppdXUonN3UvAYyBkOj2BLuEDosFva8XaKQaootYiAuDVEbmQIjVoofT0lDmdcl5Hd2x_CNJQzTRv9HYKxtld0\",\"refunded\":false,\"review\":null,\"shipping\":null,\"source\":{\"id\":\"card_1QlEB82NUoYUjiuufzELEPHz\",\"object\":\"card\",\"address_city\":null,\"address_country\":null,\"address_line1\":null,\"address_line1_check\":null,\"address_line2\":null,\"address_state\":null,\"address_zip\":null,\"address_zip_check\":null,\"allow_redisplay\":\"unspecified\",\"brand\":\"Visa\",\"country\":\"US\",\"customer\":\"cus_ReXFXyz8nxGdCB\",\"cvc_check\":\"pass\",\"dynamic_last4\":null,\"exp_month\":1,\"exp_year\":2027,\"fingerprint\":\"P4cVfCrpPRoldXFB\",\"funding\":\"credit\",\"last4\":\"2354\",\"metadata\":[],\"name\":\"Polanco1961.jmp@gmail.com\",\"regulated_status\":\"unregulated\",\"tokenization_method\":null,\"wallet\":null},\"source_transfer\":null,\"statement_descriptor\":null,\"statement_descriptor_suffix\":null,\"status\":\"succeeded\",\"transfer_data\":null,\"transfer_group\":null}'
WHERE `id` = 57;
UPDATE `user_registration` SET `uid` = '2077', `user_id` = '6H3N98', `username` = 'Polan2382', `sponsor_id` = 'L2MNP5', `vacant` = 'no', `f_name` = 'JuanManuel', `l_name` = 'Perez Polanco', `position` = 'right', `email` = 'Polanco1961.jmp@gmail.com', `password` = '983a95152d95483e956d24e874ba5497', `phone` = '7864249090', `country` = 'United States', `state` = 'Florida', `city` = 'Hialeah ', `street` = '581 e 56 stree', `zip_code` = '33013', `reg_ip` = '172.70.82.149', `status` = 1, `package_id` = '2', `rank_id` = 1, `highest_rank` = 1, `cycle_rank_id` = 1, `created` = '2025-01-25 12:31:32', `subscription_date` = '2025-02-24', `google_secret` = 'PZ5WSE5YDVFYL334'
WHERE `uid` = '2077';
INSERT INTO `user_registration` (`uid`, `user_id`, `username`, `sponsor_id`, `placement_id`, `vacant`, `f_name`, `l_name`, `address`, `position`, `email`, `password`, `phone`, `reg_ip`, `status`, `created`) VALUES (NULL, 'WHRKCP', 'QxnhtcQv', '6H3N98', '6H3N98', 'yes', '', '', '', 'left', '@mail.com', '', '', '', 0, '2025-01-25 12:34:04');
INSERT INTO `user_registration` (`uid`, `user_id`, `username`, `sponsor_id`, `placement_id`, `vacant`, `f_name`, `l_name`, `address`, `position`, `email`, `password`, `phone`, `reg_ip`, `status`, `created`) VALUES (NULL, 'FQNUUK', 'hjbRLvwR', '6H3N98', '6H3N98', 'yes', '', '', '', 'right', '@mail.com', '', '', '', 0, '2025-01-25 12:34:04');
INSERT INTO `bv_updation` (`user_id`) VALUES ('6H3N98');
UPDATE `user_registration` SET total_ref_count = total_ref_count+1
WHERE `user_id` = 'L2MNP5';
UPDATE `user_registration` SET total_downlines = total_downlines+1
WHERE `user_id` = 'L2MNP5';
UPDATE `user_registration` SET right_downlines = right_downlines+1
WHERE `user_id` = 'L2MNP5';
UPDATE `user_registration` SET right_ref_count = right_ref_count+1
WHERE `user_id` = 'L2MNP5';
UPDATE `user_registration` SET active_right = active_right+1
WHERE `user_id` = 'L2MNP5';
UPDATE `user_registration` SET total_downlines = total_downlines+1
WHERE `user_id` = 'HQTCGF';
UPDATE `user_registration` SET right_downlines = right_downlines+1
WHERE `user_id` = 'HQTCGF';
UPDATE `user_registration` SET total_downlines = total_downlines+1
WHERE `user_id` = 'K55EDD';
UPDATE `user_registration` SET right_downlines = right_downlines+1
WHERE `user_id` = 'K55EDD';
UPDATE `user_registration` SET total_downlines = total_downlines+1
WHERE `user_id` = 'UQO7EQ';
UPDATE `user_registration` SET left_downlines = left_downlines+1
WHERE `user_id` = 'UQO7EQ';
UPDATE `user_registration` SET total_downlines = total_downlines+1
WHERE `user_id` = 'N6GZAE';
UPDATE `user_registration` SET left_downlines = left_downlines+1
WHERE `user_id` = 'N6GZAE';
UPDATE `user_registration` SET total_downlines = total_downlines+1
WHERE `user_id` = '4E1CRI';
UPDATE `user_registration` SET left_downlines = left_downlines+1
WHERE `user_id` = '4E1CRI';
UPDATE `user_registration` SET total_downlines = total_downlines+1
WHERE `user_id` = 'SJBNYJ';
UPDATE `user_registration` SET left_downlines = left_downlines+1
WHERE `user_id` = 'SJBNYJ';
UPDATE `user_registration` SET total_downlines = total_downlines+1
WHERE `user_id` = '44B9Y4';
UPDATE `user_registration` SET left_downlines = left_downlines+1
WHERE `user_id` = '44B9Y4';
UPDATE `user_registration` SET total_downlines = total_downlines+1
WHERE `user_id` = 'admin';
UPDATE `user_registration` SET right_downlines = right_downlines+1
WHERE `user_id` = 'admin';
INSERT INTO `investment` (`invest_date`, `user_id`, `type`, `amount`, `package_id`) VALUES ('2025-01-25 12:34:04', '6H3N98', 'register', '595', '2');
INSERT INTO `earnings` (`user_id`, `Purchaser_id`, `earning_type`, `package_id`, `amount`, `date`, `comments`, `invest_amount`, `comm_perc`, `level`, `rank_id`, `order_id`) VALUES ('L2MNP5', '6H3N98', 'Direct Referral Bonus', '2', '100', '2025-01-25 12:34:04', 'Direct Referral Bonus', 0, 0, 1, '', 43);
UPDATE `user_registration` SET commission_balance = ROUND(commission_balance + 100,2)
WHERE `user_id` = 'L2MNP5';
UPDATE `user_registration` SET referral_bonus = ROUND(referral_bonus + 100,2)
WHERE `user_id` = 'L2MNP5';
UPDATE `user_registration` SET total_points = ROUND(total_points + 50,2)
WHERE `user_id` = '6H3N98';
INSERT INTO `points_history` (`user_id`, `points`, `type`, `date`) VALUES ('6H3N98', '50', 'register', '2025-01-25 12:34:');
INSERT INTO `matrix_filling` (`placement_id`, `downline_id`, `level`, `matrix`) VALUES ('L2MNP5', '6H3N98', 1, 1);
UPDATE `bv_updation` SET right_carry = right_carry+50, total_right = total_right+50
WHERE `user_id` = 'L2MNP5';
INSERT INTO `placement_bv_update_history` (`right_carry`, `date`, `from_id`, `user_id`) VALUES ('50', '2025-01-25 12:34:04', '6H3N98', 'L2MNP5');
UPDATE `bv_updation` SET sponsor_right_carry = sponsor_right_carry+50, sponsor_total_right = sponsor_total_right+50
WHERE `user_id` = 'L2MNP5';
INSERT INTO `sponsor_bv_update_history` (`right_carry`, `date`, `user_id`) VALUES ('50', '2025-01-25 12:34:04', 'L2MNP5');
INSERT INTO `matrix_filling` (`placement_id`, `downline_id`, `level`, `matrix`) VALUES ('HQTCGF', '6H3N98', 2, 1);
UPDATE `bv_updation` SET right_carry = right_carry+50, total_right = total_right+50
WHERE `user_id` = 'HQTCGF';
INSERT INTO `placement_bv_update_history` (`right_carry`, `date`, `from_id`, `user_id`) VALUES ('50', '2025-01-25 12:34:04', '6H3N98', 'HQTCGF');
INSERT INTO `matrix_filling` (`placement_id`, `downline_id`, `level`, `matrix`) VALUES ('K55EDD', '6H3N98', 3, 1);
UPDATE `bv_updation` SET right_carry = right_carry+50, total_right = total_right+50
WHERE `user_id` = 'K55EDD';
INSERT INTO `placement_bv_update_history` (`right_carry`, `date`, `from_id`, `user_id`) VALUES ('50', '2025-01-25 12:34:04', '6H3N98', 'K55EDD');
INSERT INTO `matrix_filling` (`placement_id`, `downline_id`, `level`, `matrix`) VALUES ('UQO7EQ', '6H3N98', 4, 1);
UPDATE `bv_updation` SET left_carry = left_carry+50, total_left = total_left+50
WHERE `user_id` = 'UQO7EQ';
INSERT INTO `placement_bv_update_history` (`left_carry`, `date`, `from_id`, `user_id`) VALUES ('50', '2025-01-25 12:34:04', '6H3N98', 'UQO7EQ');
INSERT INTO `matrix_filling` (`placement_id`, `downline_id`, `level`, `matrix`) VALUES ('N6GZAE', '6H3N98', 5, 1);
UPDATE `bv_updation` SET left_carry = left_carry+50, total_left = total_left+50
WHERE `user_id` = 'N6GZAE';
INSERT INTO `placement_bv_update_history` (`left_carry`, `date`, `from_id`, `user_id`) VALUES ('50', '2025-01-25 12:34:04', '6H3N98', 'N6GZAE');
INSERT INTO `matrix_filling` (`placement_id`, `downline_id`, `level`, `matrix`) VALUES ('4E1CRI', '6H3N98', 6, 1);
UPDATE `bv_updation` SET left_carry = left_carry+50, total_left = total_left+50
WHERE `user_id` = '4E1CRI';
INSERT INTO `placement_bv_update_history` (`left_carry`, `date`, `from_id`, `user_id`) VALUES ('50', '2025-01-25 12:34:04', '6H3N98', '4E1CRI');
INSERT INTO `matrix_filling` (`placement_id`, `downline_id`, `level`, `matrix`) VALUES ('SJBNYJ', '6H3N98', 7, 1);
UPDATE `bv_updation` SET left_carry = left_carry+50, total_left = total_left+50
WHERE `user_id` = 'SJBNYJ';
INSERT INTO `placement_bv_update_history` (`left_carry`, `date`, `from_id`, `user_id`) VALUES ('50', '2025-01-25 12:34:04', '6H3N98', 'SJBNYJ');
INSERT INTO `matrix_filling` (`placement_id`, `downline_id`, `level`, `matrix`) VALUES ('44B9Y4', '6H3N98', 8, 1);
UPDATE `bv_updation` SET left_carry = left_carry+50, total_left = total_left+50
WHERE `user_id` = '44B9Y4';
INSERT INTO `placement_bv_update_history` (`left_carry`, `date`, `from_id`, `user_id`) VALUES ('50', '2025-01-25 12:34:04', '6H3N98', '44B9Y4');
INSERT INTO `matrix_filling` (`placement_id`, `downline_id`, `level`, `matrix`) VALUES ('admin', '6H3N98', 9, 1);
UPDATE `bv_updation` SET right_carry = right_carry+50, total_right = total_right+50
WHERE `user_id` = 'admin';
INSERT INTO `placement_bv_update_history` (`right_carry`, `date`, `from_id`, `user_id`) VALUES ('50', '2025-01-25 12:34:04', '6H3N98', 'admin');
INSERT INTO `package_purchase_history` (`user_id`, `package_id`, `reg_fee`, `package_name`, `monthly_fee`, `type`, `date`, `payment_option`) VALUES ('6H3N98', '2', '595', 'Traveler Pro', '150', 'sign_up', '2025-01-25 12:34:04', 'stripe');
INSERT INTO `login_history` (`user_id`, `device`, `ip_address`, `date`) VALUES ('6H3N98', 'Mozilla/5.0 (Linux; Android 10; K) AppleWebKit/537.36 (KHTML, like Gecko) Chrome/132.0.0.0 Mobile Safari/537.36', '172.70.82.168', '25-01-25 12:36');
UPDATE `user_registration` SET `popup_seen` = 'yes'
WHERE `user_id` = '6H3N98';
INSERT INTO `temp_register` (`post_data`, `date`, `payment_method`, `type`) VALUES ('{\"uid\":\"2098\",\"user_id\":\"WDEXJT\",\"username\":\"Randol25\",\"sponsor_id\":\"U7SMZ8\",\"vacant\":\"no\",\"f_name\":\"Randol\",\"l_name\":\"Perez\",\"position\":\"left\",\"email\":\"randol1976@gmail.com\",\"password\":\"99c76a2bceff95f7148b6db5bb9ddf08\",\"phone\":\"7866240573\",\"country\":\"United States\",\"state\":\"Florida\",\"city\":\"Miami\",\"street\":\"911 SW 31 CT\",\"zip_code\":\"33135\",\"reg_ip\":\"172.70.254.95\",\"status\":1,\"package_id\":\"2\",\"rank_id\":1,\"highest_rank\":1,\"cycle_rank_id\":1,\"created\":\"2025-01-25 12:38:55\",\"subscription_date\":\"2025-02-24\",\"google_secret\":\"XQDVONR3G6UR5FAD\"}', '2025-01-25 12:38:55', 'stripe', 'register');
UPDATE `ci_sessions` SET `timestamp` = 1737830378, `data` = '__ci_last_regenerate|i:1737830378;id|s:4:\"2059\";user_id|s:6:\"L2MNP5\";username|s:8:\"LCOMiami\";sponsor_id|s:6:\"K55EDD\";fullname|s:23:\"Leonardo Camacho Oviedo\";email|s:29:\"caimandelcaribe1964@gmail.com\";phone|s:10:\"9082908827\";isLogIn|b:1;'
WHERE `id` = 'fffdf6a6b7267f5f4488127b970ac5937dd6d8bc';
UPDATE `ci_sessions` SET `timestamp` = 1737830392, `data` = '__ci_last_regenerate|i:1737830392;reg_stripe_id|i:58;'
WHERE `id` = 'd32232281d54ac2523f81ce9657310402ead0552';
UPDATE `temp_register` SET `response` = '{\"stripeToken\":\"tok_1QlEGo2NUoYUjiuuLtDdeD3r\",\"stripeTokenType\":\"card\",\"stripeEmail\":\"randol1976@gmail.com\"}', `date_modified` = '2025-01-25 12:39:55', `payment_status` = '{\"id\":\"ch_3QlEGt2NUoYUjiuu0D4CGqyO\",\"object\":\"charge\",\"amount\":59500,\"amount_captured\":59500,\"amount_refunded\":0,\"application\":null,\"application_fee\":null,\"application_fee_amount\":null,\"balance_transaction\":\"txn_3QlEGt2NUoYUjiuu0KMeyKt8\",\"billing_details\":{\"address\":{\"city\":null,\"country\":null,\"line1\":null,\"line2\":null,\"postal_code\":null,\"state\":null},\"email\":null,\"name\":\"randol1976@gmail.com\",\"phone\":null},\"calculated_statement_descriptor\":\"TRAVELEGENDCY LLC\",\"captured\":true,\"created\":1737830395,\"currency\":\"usd\",\"customer\":\"cus_ReXLiaCgi1sDmE\",\"description\":null,\"destination\":null,\"dispute\":null,\"disputed\":false,\"failure_balance_transaction\":null,\"failure_code\":null,\"failure_message\":null,\"fraud_details\":[],\"invoice\":null,\"livemode\":true,\"metadata\":{\"name\":\"Randol Perez\",\"username\":\"Randol25\"},\"on_behalf_of\":null,\"order\":null,\"outcome\":{\"advice_code\":null,\"network_advice_code\":null,\"network_decline_code\":null,\"network_status\":\"approved_by_network\",\"reason\":null,\"risk_level\":\"normal\",\"seller_message\":\"Payment complete.\",\"type\":\"authorized\"},\"paid\":true,\"payment_intent\":null,\"payment_method\":\"card_1QlEGo2NUoYUjiuuwcRc554V\",\"payment_method_details\":{\"card\":{\"amount_authorized\":59500,\"authorization_code\":\"023955\",\"brand\":\"visa\",\"checks\":{\"address_line1_check\":null,\"address_postal_code_check\":null,\"cvc_check\":\"pass\"},\"country\":\"US\",\"exp_month\":11,\"exp_year\":2028,\"extended_authorization\":{\"status\":\"disabled\"},\"fingerprint\":\"1WxX6phf6iMjh9Uw\",\"funding\":\"debit\",\"incremental_authorization\":{\"status\":\"unavailable\"},\"installments\":null,\"last4\":\"0942\",\"mandate\":null,\"multicapture\":{\"status\":\"unavailable\"},\"network\":\"visa\",\"network_token\":{\"used\":false},\"network_transaction_id\":\"305025671951453\",\"overcapture\":{\"maximum_amount_capturable\":59500,\"status\":\"unavailable\"},\"regulated_status\":\"regulated\",\"three_d_secure\":null,\"wallet\":null},\"type\":\"card\"},\"receipt_email\":null,\"receipt_number\":null,\"receipt_url\":\"https:\\/\\/pay.stripe.com\\/receipts\\/payment\\/CAcQARoXChVhY2N0XzFRUEFGdjJOVW9ZVWppdXUo_N_UvAYyBrJMgq3WgzosFiL-YEId2THbscYRH1w6-x2HmduFZZljaiBMDTQ89C6vnBwa9X6_AGF0ELw\",\"refunded\":false,\"review\":null,\"shipping\":null,\"source\":{\"id\":\"card_1QlEGo2NUoYUjiuuwcRc554V\",\"object\":\"card\",\"address_city\":null,\"address_country\":null,\"address_line1\":null,\"address_line1_check\":null,\"address_line2\":null,\"address_state\":null,\"address_zip\":null,\"address_zip_check\":null,\"allow_redisplay\":\"unspecified\",\"brand\":\"Visa\",\"country\":\"US\",\"customer\":\"cus_ReXLiaCgi1sDmE\",\"cvc_check\":\"pass\",\"dynamic_last4\":null,\"exp_month\":11,\"exp_year\":2028,\"fingerprint\":\"1WxX6phf6iMjh9Uw\",\"funding\":\"debit\",\"last4\":\"0942\",\"metadata\":[],\"name\":\"randol1976@gmail.com\",\"regulated_status\":\"regulated\",\"tokenization_method\":null,\"wallet\":null},\"source_transfer\":null,\"statement_descriptor\":null,\"statement_descriptor_suffix\":null,\"status\":\"succeeded\",\"transfer_data\":null,\"transfer_group\":null}'
WHERE `id` = 58;
UPDATE `user_registration` SET `uid` = '2098', `user_id` = 'WDEXJT', `username` = 'Randol25', `sponsor_id` = 'U7SMZ8', `vacant` = 'no', `f_name` = 'Randol', `l_name` = 'Perez', `position` = 'left', `email` = 'randol1976@gmail.com', `password` = '99c76a2bceff95f7148b6db5bb9ddf08', `phone` = '7866240573', `country` = 'United States', `state` = 'Florida', `city` = 'Miami', `street` = '911 SW 31 CT', `zip_code` = '33135', `reg_ip` = '172.70.254.95', `status` = 1, `package_id` = '2', `rank_id` = 1, `highest_rank` = 1, `cycle_rank_id` = 1, `created` = '2025-01-25 12:38:55', `subscription_date` = '2025-02-24', `google_secret` = 'XQDVONR3G6UR5FAD'
WHERE `uid` = '2098';
INSERT INTO `user_registration` (`uid`, `user_id`, `username`, `sponsor_id`, `placement_id`, `vacant`, `f_name`, `l_name`, `address`, `position`, `email`, `password`, `phone`, `reg_ip`, `status`, `created`) VALUES (NULL, 'QILLTF', 'atSSrBOL', 'WDEXJT', 'WDEXJT', 'yes', '', '', '', 'left', '@mail.com', '', '', '', 0, '2025-01-25 12:39:55');
INSERT INTO `user_registration` (`uid`, `user_id`, `username`, `sponsor_id`, `placement_id`, `vacant`, `f_name`, `l_name`, `address`, `position`, `email`, `password`, `phone`, `reg_ip`, `status`, `created`) VALUES (NULL, 'FLXQDN', 'xnZUQfNu', 'WDEXJT', 'WDEXJT', 'yes', '', '', '', 'right', '@mail.com', '', '', '', 0, '2025-01-25 12:39:55');
INSERT INTO `bv_updation` (`user_id`) VALUES ('WDEXJT');
UPDATE `user_registration` SET total_ref_count = total_ref_count+1
WHERE `user_id` = 'U7SMZ8';
UPDATE `user_registration` SET total_downlines = total_downlines+1
WHERE `user_id` = 'JIL8K9';
UPDATE `user_registration` SET left_downlines = left_downlines+1
WHERE `user_id` = 'JIL8K9';
UPDATE `user_registration` SET total_downlines = total_downlines+1
WHERE `user_id` = 'U7SMZ8';
UPDATE `user_registration` SET left_downlines = left_downlines+1
WHERE `user_id` = 'U7SMZ8';
UPDATE `user_registration` SET left_ref_count = left_ref_count+1
WHERE `user_id` = 'U7SMZ8';
UPDATE `user_registration` SET active_left = active_left+1
WHERE `user_id` = 'U7SMZ8';
UPDATE `user_registration` SET total_downlines = total_downlines+1
WHERE `user_id` = 'AABG7W';
UPDATE `user_registration` SET right_downlines = right_downlines+1
WHERE `user_id` = 'AABG7W';
UPDATE `user_registration` SET total_downlines = total_downlines+1
WHERE `user_id` = '3ZDIFO';
UPDATE `user_registration` SET right_downlines = right_downlines+1
WHERE `user_id` = '3ZDIFO';
UPDATE `user_registration` SET total_downlines = total_downlines+1
WHERE `user_id` = 'UQO7EQ';
UPDATE `user_registration` SET right_downlines = right_downlines+1
WHERE `user_id` = 'UQO7EQ';
UPDATE `user_registration` SET total_downlines = total_downlines+1
WHERE `user_id` = 'N6GZAE';
UPDATE `user_registration` SET left_downlines = left_downlines+1
WHERE `user_id` = 'N6GZAE';
UPDATE `user_registration` SET total_downlines = total_downlines+1
WHERE `user_id` = '4E1CRI';
UPDATE `user_registration` SET left_downlines = left_downlines+1
WHERE `user_id` = '4E1CRI';
UPDATE `user_registration` SET total_downlines = total_downlines+1
WHERE `user_id` = 'SJBNYJ';
UPDATE `user_registration` SET left_downlines = left_downlines+1
WHERE `user_id` = 'SJBNYJ';
UPDATE `user_registration` SET total_downlines = total_downlines+1
WHERE `user_id` = '44B9Y4';
UPDATE `user_registration` SET left_downlines = left_downlines+1
WHERE `user_id` = '44B9Y4';
UPDATE `user_registration` SET total_downlines = total_downlines+1
WHERE `user_id` = 'admin';
UPDATE `user_registration` SET right_downlines = right_downlines+1
WHERE `user_id` = 'admin';
INSERT INTO `investment` (`invest_date`, `user_id`, `type`, `amount`, `package_id`) VALUES ('2025-01-25 12:39:55', 'WDEXJT', 'register', '595', '2');
INSERT INTO `earnings` (`user_id`, `Purchaser_id`, `earning_type`, `package_id`, `amount`, `date`, `comments`, `invest_amount`, `comm_perc`, `level`, `rank_id`, `order_id`) VALUES ('U7SMZ8', 'WDEXJT', 'Direct Referral Bonus', '2', '100', '2025-01-25 12:39:55', 'Direct Referral Bonus', 0, 0, 1, '', 44);
UPDATE `user_registration` SET commission_balance = ROUND(commission_balance + 100,2)
WHERE `user_id` = 'U7SMZ8';
UPDATE `user_registration` SET referral_bonus = ROUND(referral_bonus + 100,2)
WHERE `user_id` = 'U7SMZ8';
UPDATE `user_registration` SET total_points = ROUND(total_points + 50,2)
WHERE `user_id` = 'WDEXJT';
INSERT INTO `points_history` (`user_id`, `points`, `type`, `date`) VALUES ('WDEXJT', '50', 'register', '2025-01-25 12:39:');
INSERT INTO `matrix_filling` (`placement_id`, `downline_id`, `level`, `matrix`) VALUES ('JIL8K9', 'WDEXJT', 1, 1);
UPDATE `bv_updation` SET left_carry = left_carry+50, total_left = total_left+50
WHERE `user_id` = 'JIL8K9';
INSERT INTO `placement_bv_update_history` (`left_carry`, `date`, `from_id`, `user_id`) VALUES ('50', '2025-01-25 12:39:55', 'WDEXJT', 'JIL8K9');
INSERT INTO `matrix_filling` (`placement_id`, `downline_id`, `level`, `matrix`) VALUES ('U7SMZ8', 'WDEXJT', 2, 1);
UPDATE `bv_updation` SET left_carry = left_carry+50, total_left = total_left+50
WHERE `user_id` = 'U7SMZ8';
INSERT INTO `placement_bv_update_history` (`left_carry`, `date`, `from_id`, `user_id`) VALUES ('50', '2025-01-25 12:39:55', 'WDEXJT', 'U7SMZ8');
UPDATE `bv_updation` SET sponsor_left_carry = sponsor_left_carry+50, sponsor_total_left = sponsor_total_left+50
WHERE `user_id` = 'U7SMZ8';
INSERT INTO `sponsor_bv_update_history` (`left_carry`, `date`, `user_id`) VALUES ('50', '2025-01-25 12:39:55', 'U7SMZ8');
INSERT INTO `matrix_filling` (`placement_id`, `downline_id`, `level`, `matrix`) VALUES ('AABG7W', 'WDEXJT', 3, 1);
UPDATE `bv_updation` SET right_carry = right_carry+50, total_right = total_right+50
WHERE `user_id` = 'AABG7W';
INSERT INTO `placement_bv_update_history` (`right_carry`, `date`, `from_id`, `user_id`) VALUES ('50', '2025-01-25 12:39:55', 'WDEXJT', 'AABG7W');
INSERT INTO `matrix_filling` (`placement_id`, `downline_id`, `level`, `matrix`) VALUES ('3ZDIFO', 'WDEXJT', 4, 1);
UPDATE `bv_updation` SET right_carry = right_carry+50, total_right = total_right+50
WHERE `user_id` = '3ZDIFO';
INSERT INTO `placement_bv_update_history` (`right_carry`, `date`, `from_id`, `user_id`) VALUES ('50', '2025-01-25 12:39:55', 'WDEXJT', '3ZDIFO');
INSERT INTO `matrix_filling` (`placement_id`, `downline_id`, `level`, `matrix`) VALUES ('UQO7EQ', 'WDEXJT', 5, 1);
UPDATE `bv_updation` SET right_carry = right_carry+50, total_right = total_right+50
WHERE `user_id` = 'UQO7EQ';
INSERT INTO `placement_bv_update_history` (`right_carry`, `date`, `from_id`, `user_id`) VALUES ('50', '2025-01-25 12:39:55', 'WDEXJT', 'UQO7EQ');
INSERT INTO `matrix_filling` (`placement_id`, `downline_id`, `level`, `matrix`) VALUES ('N6GZAE', 'WDEXJT', 6, 1);
UPDATE `bv_updation` SET left_carry = left_carry+50, total_left = total_left+50
WHERE `user_id` = 'N6GZAE';
INSERT INTO `placement_bv_update_history` (`left_carry`, `date`, `from_id`, `user_id`) VALUES ('50', '2025-01-25 12:39:55', 'WDEXJT', 'N6GZAE');
INSERT INTO `matrix_filling` (`placement_id`, `downline_id`, `level`, `matrix`) VALUES ('4E1CRI', 'WDEXJT', 7, 1);
UPDATE `bv_updation` SET left_carry = left_carry+50, total_left = total_left+50
WHERE `user_id` = '4E1CRI';
INSERT INTO `placement_bv_update_history` (`left_carry`, `date`, `from_id`, `user_id`) VALUES ('50', '2025-01-25 12:39:55', 'WDEXJT', '4E1CRI');
INSERT INTO `matrix_filling` (`placement_id`, `downline_id`, `level`, `matrix`) VALUES ('SJBNYJ', 'WDEXJT', 8, 1);
UPDATE `bv_updation` SET left_carry = left_carry+50, total_left = total_left+50
WHERE `user_id` = 'SJBNYJ';
INSERT INTO `placement_bv_update_history` (`left_carry`, `date`, `from_id`, `user_id`) VALUES ('50', '2025-01-25 12:39:55', 'WDEXJT', 'SJBNYJ');
INSERT INTO `matrix_filling` (`placement_id`, `downline_id`, `level`, `matrix`) VALUES ('44B9Y4', 'WDEXJT', 9, 1);
UPDATE `bv_updation` SET left_carry = left_carry+50, total_left = total_left+50
WHERE `user_id` = '44B9Y4';
INSERT INTO `placement_bv_update_history` (`left_carry`, `date`, `from_id`, `user_id`) VALUES ('50', '2025-01-25 12:39:55', 'WDEXJT', '44B9Y4');
INSERT INTO `matrix_filling` (`placement_id`, `downline_id`, `level`, `matrix`) VALUES ('admin', 'WDEXJT', 10, 1);
UPDATE `bv_updation` SET right_carry = right_carry+50, total_right = total_right+50
WHERE `user_id` = 'admin';
INSERT INTO `placement_bv_update_history` (`right_carry`, `date`, `from_id`, `user_id`) VALUES ('50', '2025-01-25 12:39:55', 'WDEXJT', 'admin');
INSERT INTO `package_purchase_history` (`user_id`, `package_id`, `reg_fee`, `package_name`, `monthly_fee`, `type`, `date`, `payment_option`) VALUES ('WDEXJT', '2', '595', 'Traveler Pro', '150', 'sign_up', '2025-01-25 12:39:55', 'stripe');
UPDATE `ci_sessions` SET `timestamp` = 1737830424, `data` = '__ci_last_regenerate|i:1737830424;id|s:4:\"2077\";user_id|s:6:\"6H3N98\";username|s:9:\"Polan2382\";sponsor_id|s:6:\"L2MNP5\";fullname|s:24:\"JuanManuel Perez Polanco\";email|s:25:\"Polanco1961.jmp@gmail.com\";phone|s:10:\"7864249090\";isLogIn|b:1;'
WHERE `id` = 'cb0c9b89bda9d45944c1077eed84e0b8d5cae6bd';
INSERT INTO `login_history` (`user_id`, `device`, `ip_address`, `date`) VALUES ('PKHRN5', 'Mozilla/5.0 (Windows NT 10.0; Win64; x64) AppleWebKit/537.36 (KHTML, like Gecko) Chrome/132.0.0.0 Safari/537.36 Edg/132.0.0.0', '172.70.254.136', '25-01-25 12:40');
UPDATE `user_registration` SET `popup_seen` = 'yes'
WHERE `user_id` = 'PKHRN5';
UPDATE `user_registration` SET `popup_seen` = 'no'
WHERE `user_id` = 'PKHRN5';
DELETE FROM `ci_sessions`
WHERE `id` = 'd2841783919f77b8d3259b4d8778cda577c11c4e';
INSERT INTO `login_history` (`user_id`, `device`, `ip_address`, `date`) VALUES ('WDEXJT', 'Mozilla/5.0 (Macintosh; Intel Mac OS X 10_15_7) AppleWebKit/605.1.15 (KHTML, like Gecko) Version/17.6 Safari/605.1.15', '172.70.254.95', '25-01-25 12:41');
UPDATE `user_registration` SET `popup_seen` = 'yes'
WHERE `user_id` = 'WDEXJT';
UPDATE `user_registration` SET `f_name` = 'Randol', `l_name` = 'Perez', `phone` = '7866240573', `country` = 'United States', `state` = 'Florida', `city` = 'Miami', `street` = '911 SW 31 CT', `zip_code` = '33135'
WHERE `user_id` = 'WDEXJT';
INSERT INTO `notifications` (`user_id`, `notification_type`, `subject`, `details`, `date`, `status`) VALUES ('WDEXJT', 'profile_update', 'Profile Update Notification', 'Your profile has been updated successfully.', '2025-01-25 12:43:53', 0);
UPDATE `user_registration` SET `popup_seen` = 'no'
WHERE `user_id` = 'WDEXJT';
DELETE FROM `ci_sessions`
WHERE `id` = '5f94a3293e79636b882db5c177d4fbcf30b44ec9';
UPDATE `user_registration` SET `popup_seen` = 'no'
WHERE `user_id` = '6H3N98';
DELETE FROM `ci_sessions`
WHERE `id` = '57c4b3547fde480df4a047661418023151be2bb9';
INSERT INTO `login_history` (`user_id`, `device`, `ip_address`, `date`) VALUES ('WDEXJT', 'Mozilla/5.0 (Macintosh; Intel Mac OS X 10_15_7) AppleWebKit/605.1.15 (KHTML, like Gecko) Version/17.6 Safari/605.1.15', '172.70.254.94', '25-01-25 12:44');
UPDATE `user_registration` SET `popup_seen` = 'yes'
WHERE `user_id` = 'WDEXJT';
UPDATE `user_registration` SET `f_name` = 'Randol', `l_name` = 'Perez', `phone` = '7866240573', `country` = 'United States', `state` = 'Florida', `city` = 'Miami', `street` = '911 SW 31 CT', `zip_code` = '33135'
WHERE `user_id` = 'WDEXJT';
INSERT INTO `notifications` (`user_id`, `notification_type`, `subject`, `details`, `date`, `status`) VALUES ('WDEXJT', 'profile_update', 'Profile Update Notification', 'Your profile has been updated successfully.', '2025-01-25 12:45:21', 0);
INSERT INTO `login_history` (`user_id`, `device`, `ip_address`, `date`) VALUES ('6H3N98', 'Mozilla/5.0 (Linux; Android 10; K) AppleWebKit/537.36 (KHTML, like Gecko) Chrome/132.0.0.0 Mobile Safari/537.36', '172.70.54.249', '25-01-25 12:45');
UPDATE `user_registration` SET `popup_seen` = 'yes'
WHERE `user_id` = '6H3N98';
UPDATE `user_registration` SET `popup_seen` = 'yes'
WHERE `user_id` = '6H3N98';
UPDATE `ci_sessions` SET `timestamp` = 1737830768, `data` = '__ci_last_regenerate|i:1737830768;id|s:4:\"2059\";user_id|s:6:\"L2MNP5\";username|s:8:\"LCOMiami\";sponsor_id|s:6:\"K55EDD\";fullname|s:23:\"Leonardo Camacho Oviedo\";email|s:29:\"caimandelcaribe1964@gmail.com\";phone|s:10:\"9082908827\";isLogIn|b:1;'
WHERE `id` = 'a3aaaec7bb8872c1a5947fae66bca53c797646be';
UPDATE `user_registration` SET `popup_seen` = 'no'
WHERE `user_id` = 'L2MNP5';
DELETE FROM `ci_sessions`
WHERE `id` = 'f31f362466bd4d5ed7d119989b31ad557f3a818f';
UPDATE `user_registration` SET `popup_seen` = 'yes'
WHERE `user_id` = '6H3N98';
UPDATE `user_registration` SET `popup_seen` = 'yes'
WHERE `user_id` = '6H3N98';
UPDATE `user_registration` SET `popup_seen` = 'yes'
WHERE `user_id` = '6H3N98';
UPDATE `user_registration` SET `popup_seen` = 'yes'
WHERE `user_id` = '6H3N98';
UPDATE `user_registration` SET `popup_seen` = 'yes'
WHERE `user_id` = '6H3N98';
UPDATE `user_registration` SET `popup_seen` = 'yes'
WHERE `user_id` = '6H3N98';
UPDATE `user_registration` SET `popup_seen` = 'yes'
WHERE `user_id` = '6H3N98';
UPDATE `user_registration` SET `popup_seen` = 'yes'
WHERE `user_id` = '6H3N98';
UPDATE `user_registration` SET `popup_seen` = 'yes'
WHERE `user_id` = '6H3N98';
UPDATE `user_registration` SET `popup_seen` = 'yes'
WHERE `user_id` = '6H3N98';
UPDATE `ci_sessions` SET `timestamp` = 1737830952, `data` = '__ci_last_regenerate|i:1737830952;id|s:4:\"2098\";user_id|s:6:\"WDEXJT\";username|s:8:\"Randol25\";sponsor_id|s:6:\"U7SMZ8\";fullname|s:12:\"Randol Perez\";email|s:20:\"randol1976@gmail.com\";phone|s:10:\"7866240573\";isLogIn|b:1;'
WHERE `id` = '3c1e82502a264f35268f007cf494ad19484d8920';
UPDATE `ci_sessions` SET `timestamp` = 1737830980, `data` = '__ci_last_regenerate|i:1737830980;id|s:4:\"2077\";user_id|s:6:\"6H3N98\";username|s:9:\"Polan2382\";sponsor_id|s:6:\"L2MNP5\";fullname|s:24:\"JuanManuel Perez Polanco\";email|s:25:\"Polanco1961.jmp@gmail.com\";phone|s:10:\"7864249090\";isLogIn|b:1;'
WHERE `id` = 'e63f3567032522f105cd4a8f18194b947792512a';
UPDATE `user_registration` SET `popup_seen` = 'no'
WHERE `user_id` = '6H3N98';
DELETE FROM `ci_sessions`
WHERE `id` = '8e1cff90fa56ddcb35284e0c456c81f37470b084';
UPDATE `ci_sessions` SET `timestamp` = 1737831021, `data` = '__ci_last_regenerate|i:1737831021;captcha|s:4:\"dx2o\";'
WHERE `id` = '02c24bd7b275eb2469a14f958c8c141406a05035';
INSERT INTO `login_history` (`user_id`, `device`, `ip_address`, `date`) VALUES ('U7SMZ8', 'Mozilla/5.0 (Macintosh; Intel Mac OS X 10_15_7) AppleWebKit/605.1.15 (KHTML, like Gecko) Version/17.6 Safari/605.1.15', '172.70.54.196', '25-01-25 12:50');
UPDATE `user_registration` SET `popup_seen` = 'yes'
WHERE `user_id` = 'U7SMZ8';
UPDATE `ci_sessions` SET `timestamp` = 1737831071, `data` = '__ci_last_regenerate|i:1737831071;id|s:4:\"2031\";user_id|s:6:\"R37QLI\";username|s:5:\"dleon\";sponsor_id|s:6:\"H2HQC8\";fullname|s:11:\"Dayami Leon\";email|s:20:\"atravel4uu@gmail.com\";phone|s:10:\"7865069935\";isLogIn|b:1;message|s:19:\"Welcome Dayami Leon\";__ci_vars|a:1:{s:7:\"message\";s:3:\"old\";}'
WHERE `id` = '239336aee8bd2deb72623caf39dd82f08fbdaa6b';
UPDATE `user_registration` SET `popup_seen` = 'yes'
WHERE `user_id` = 'R37QLI';
UPDATE `user_registration` SET `popup_seen` = 'yes'
WHERE `user_id` = 'R37QLI';
UPDATE `ci_sessions` SET `timestamp` = 1737831133, `data` = '__ci_last_regenerate|i:1737831133;id|s:4:\"2054\";user_id|s:6:\"CVVK4C\";username|s:7:\"ManuelN\";sponsor_id|s:6:\"K55EDD\";fullname|s:14:\"Manuel Naranjo\";email|s:26:\"naranjo.manuel93@gmail.com\";phone|s:6:\"786326\";isLogIn|b:1;'
WHERE `id` = '846bce5713d8f59b9b628d535882b58a1076acdd';
UPDATE `user_registration` SET `popup_seen` = 'yes'
WHERE `user_id` = 'CVVK4C';
UPDATE `user_registration` SET `language` = 'spanish'
WHERE `user_id` = 'U7SMZ8';
UPDATE `ci_sessions` SET `timestamp` = 1737831260, `data` = '__ci_last_regenerate|i:1737831260;id|s:4:\"2098\";user_id|s:6:\"WDEXJT\";username|s:8:\"Randol25\";sponsor_id|s:6:\"U7SMZ8\";fullname|s:12:\"Randol Perez\";email|s:20:\"randol1976@gmail.com\";phone|s:10:\"7866240573\";isLogIn|b:1;'
WHERE `id` = 'b8e897421dfe1edff22d1a725efe0323dd7bf580';
UPDATE `user_registration` SET `default_leg` = 'right'
WHERE `user_id` = 'R37QLI';
UPDATE `user_registration` SET `default_leg` = 'right'
WHERE `user_id` = 'R37QLI';
UPDATE `user_registration` SET `popup_seen` = 'yes'
WHERE `user_id` = 'R37QLI';
UPDATE `user_registration` SET `popup_seen` = 'yes'
WHERE `user_id` = 'R37QLI';
UPDATE `ci_sessions` SET `timestamp` = 1737831293, `data` = '__ci_last_regenerate|i:1737831293;captcha|s:4:\"w4h5\";'
WHERE `id` = '7a29058fab5887a3c57db5a47fc50ba2accdd96e';
INSERT INTO `temp_register` (`post_data`, `date`, `payment_method`, `type`) VALUES ('{\"uid\":\"2095\",\"user_id\":\"9QPRWH\",\"username\":\"DannyPoderoso\",\"sponsor_id\":\"R37QLI\",\"vacant\":\"no\",\"f_name\":\"Danny\",\"l_name\":\"Ortiz\",\"position\":\"right\",\"email\":\"danny.ortiz93@yahoo.com\",\"password\":\"4e0c0e016f34b99b57a6c3a8ce4b83ad\",\"phone\":\"7874232588\",\"country\":\"United States\",\"state\":\"Florida\",\"city\":\"Miami\",\"street\":\"9380 SW 72 St SUITE \",\"zip_code\":\"33173\",\"reg_ip\":\"172.70.254.3\",\"status\":1,\"package_id\":\"2\",\"rank_id\":1,\"highest_rank\":1,\"cycle_rank_id\":1,\"created\":\"2025-01-25 12:54:53\",\"subscription_date\":\"2025-02-24\",\"google_secret\":\"WAISLJV2BTY4RGGS\"}', '2025-01-25 12:54:53', 'stripe', 'register');
UPDATE `user_registration` SET `popup_seen` = 'yes'
WHERE `user_id` = 'R37QLI';
UPDATE `user_registration` SET `language` = 'english'
WHERE `user_id` = 'U7SMZ8';
UPDATE `temp_register` SET `response` = '{\"stripeToken\":\"tok_1QlEW02NUoYUjiuuDtcu43Bq\",\"stripeTokenType\":\"card\",\"stripeEmail\":\"sotolongor@gmail.com\"}', `date_modified` = '2025-01-25 12:55:37', `payment_status` = '{\"id\":\"ch_3QlEW42NUoYUjiuu0LA4ztil\",\"object\":\"charge\",\"amount\":59500,\"amount_captured\":59500,\"amount_refunded\":0,\"application\":null,\"application_fee\":null,\"application_fee_amount\":null,\"balance_transaction\":\"txn_3QlEW42NUoYUjiuu0jCvZeb1\",\"billing_details\":{\"address\":{\"city\":null,\"country\":null,\"line1\":null,\"line2\":null,\"postal_code\":null,\"state\":null},\"email\":null,\"name\":\"sotolongor@gmail.com\",\"phone\":null},\"calculated_statement_descriptor\":\"TRAVELEGENDCY LLC\",\"captured\":true,\"created\":1737831336,\"currency\":\"usd\",\"customer\":\"cus_ReXb8MIJMiCbOx\",\"description\":null,\"destination\":null,\"dispute\":null,\"disputed\":false,\"failure_balance_transaction\":null,\"failure_code\":null,\"failure_message\":null,\"fraud_details\":[],\"invoice\":null,\"livemode\":true,\"metadata\":{\"name\":\"Danny Ortiz\",\"username\":\"DannyPoderoso\"},\"on_behalf_of\":null,\"order\":null,\"outcome\":{\"advice_code\":null,\"network_advice_code\":null,\"network_decline_code\":null,\"network_status\":\"approved_by_network\",\"reason\":null,\"risk_level\":\"normal\",\"seller_message\":\"Payment complete.\",\"type\":\"authorized\"},\"paid\":true,\"payment_intent\":null,\"payment_method\":\"card_1QlEW02NUoYUjiuuBExjNbRu\",\"payment_method_details\":{\"card\":{\"amount_authorized\":59500,\"authorization_code\":\"060772\",\"brand\":\"visa\",\"checks\":{\"address_line1_check\":null,\"address_postal_code_check\":null,\"cvc_check\":\"pass\"},\"country\":\"US\",\"exp_month\":11,\"exp_year\":2028,\"extended_authorization\":{\"status\":\"disabled\"},\"fingerprint\":\"8mRLNp5E7vfYnhp1\",\"funding\":\"debit\",\"incremental_authorization\":{\"status\":\"unavailable\"},\"installments\":null,\"last4\":\"8636\",\"mandate\":null,\"multicapture\":{\"status\":\"unavailable\"},\"network\":\"visa\",\"network_token\":{\"used\":false},\"network_transaction_id\":\"465025681372827\",\"overcapture\":{\"maximum_amount_capturable\":59500,\"status\":\"unavailable\"},\"regulated_status\":\"regulated\",\"three_d_secure\":null,\"wallet\":null},\"type\":\"card\"},\"receipt_email\":null,\"receipt_number\":null,\"receipt_url\":\"https:\\/\\/pay.stripe.com\\/receipts\\/payment\\/CAcQARoXChVhY2N0XzFRUEFGdjJOVW9ZVWppdXUoqefUvAYyBhX9UvibvDosFg1-6oXeDr4jvWMGqX6pR54-k6yE0RnMFrhXhxskKxbDbGagfxaKt2Lgnn0\",\"refunded\":false,\"review\":null,\"shipping\":null,\"source\":{\"id\":\"card_1QlEW02NUoYUjiuuBExjNbRu\",\"object\":\"card\",\"address_city\":null,\"address_country\":null,\"address_line1\":null,\"address_line1_check\":null,\"address_line2\":null,\"address_state\":null,\"address_zip\":null,\"address_zip_check\":null,\"allow_redisplay\":\"unspecified\",\"brand\":\"Visa\",\"country\":\"US\",\"customer\":\"cus_ReXb8MIJMiCbOx\",\"cvc_check\":\"pass\",\"dynamic_last4\":null,\"exp_month\":11,\"exp_year\":2028,\"fingerprint\":\"8mRLNp5E7vfYnhp1\",\"funding\":\"debit\",\"last4\":\"8636\",\"metadata\":[],\"name\":\"sotolongor@gmail.com\",\"regulated_status\":\"regulated\",\"tokenization_method\":null,\"wallet\":null},\"source_transfer\":null,\"statement_descriptor\":null,\"statement_descriptor_suffix\":null,\"status\":\"succeeded\",\"transfer_data\":null,\"transfer_group\":null}'
WHERE `id` = 59;
UPDATE `user_registration` SET `uid` = '2095', `user_id` = '9QPRWH', `username` = 'DannyPoderoso', `sponsor_id` = 'R37QLI', `vacant` = 'no', `f_name` = 'Danny', `l_name` = 'Ortiz', `position` = 'right', `email` = 'danny.ortiz93@yahoo.com', `password` = '4e0c0e016f34b99b57a6c3a8ce4b83ad', `phone` = '7874232588', `country` = 'United States', `state` = 'Florida', `city` = 'Miami', `street` = '9380 SW 72 St SUITE ', `zip_code` = '33173', `reg_ip` = '172.70.254.3', `status` = 1, `package_id` = '2', `rank_id` = 1, `highest_rank` = 1, `cycle_rank_id` = 1, `created` = '2025-01-25 12:54:53', `subscription_date` = '2025-02-24', `google_secret` = 'WAISLJV2BTY4RGGS'
WHERE `uid` = '2095';
INSERT INTO `user_registration` (`uid`, `user_id`, `username`, `sponsor_id`, `placement_id`, `vacant`, `f_name`, `l_name`, `address`, `position`, `email`, `password`, `phone`, `reg_ip`, `status`, `created`) VALUES (NULL, 'LGGOIX', 'DHuZiPJb', '9QPRWH', '9QPRWH', 'yes', '', '', '', 'left', '@mail.com', '', '', '', 0, '2025-01-25 12:55:37');
INSERT INTO `user_registration` (`uid`, `user_id`, `username`, `sponsor_id`, `placement_id`, `vacant`, `f_name`, `l_name`, `address`, `position`, `email`, `password`, `phone`, `reg_ip`, `status`, `created`) VALUES (NULL, 'FOVZYG', 'JbdLOmLP', '9QPRWH', '9QPRWH', 'yes', '', '', '', 'right', '@mail.com', '', '', '', 0, '2025-01-25 12:55:37');
INSERT INTO `bv_updation` (`user_id`) VALUES ('9QPRWH');
UPDATE `user_registration` SET total_ref_count = total_ref_count+1
WHERE `user_id` = 'R37QLI';
UPDATE `user_registration` SET total_downlines = total_downlines+1
WHERE `user_id` = 'IWTOLP';
UPDATE `user_registration` SET right_downlines = right_downlines+1
WHERE `user_id` = 'IWTOLP';
UPDATE `user_registration` SET total_downlines = total_downlines+1
WHERE `user_id` = 'Q82ZV9';
UPDATE `user_registration` SET right_downlines = right_downlines+1
WHERE `user_id` = 'Q82ZV9';
UPDATE `user_registration` SET total_downlines = total_downlines+1
WHERE `user_id` = 'PR92IO';
UPDATE `user_registration` SET right_downlines = right_downlines+1
WHERE `user_id` = 'PR92IO';
UPDATE `user_registration` SET total_downlines = total_downlines+1
WHERE `user_id` = 'W17SG2';
UPDATE `user_registration` SET right_downlines = right_downlines+1
WHERE `user_id` = 'W17SG2';
UPDATE `user_registration` SET total_downlines = total_downlines+1
WHERE `user_id` = 'PUJNHI';
UPDATE `user_registration` SET right_downlines = right_downlines+1
WHERE `user_id` = 'PUJNHI';
UPDATE `user_registration` SET total_downlines = total_downlines+1
WHERE `user_id` = 'IEVPMD';
UPDATE `user_registration` SET right_downlines = right_downlines+1
WHERE `user_id` = 'IEVPMD';
UPDATE `user_registration` SET total_downlines = total_downlines+1
WHERE `user_id` = 'HUDVJU';
UPDATE `user_registration` SET right_downlines = right_downlines+1
WHERE `user_id` = 'HUDVJU';
UPDATE `user_registration` SET total_downlines = total_downlines+1
WHERE `user_id` = 'OWF3OA';
UPDATE `user_registration` SET right_downlines = right_downlines+1
WHERE `user_id` = 'OWF3OA';
UPDATE `user_registration` SET total_downlines = total_downlines+1
WHERE `user_id` = 'PKHRN5';
UPDATE `user_registration` SET right_downlines = right_downlines+1
WHERE `user_id` = 'PKHRN5';
UPDATE `user_registration` SET total_downlines = total_downlines+1
WHERE `user_id` = 'R37QLI';
UPDATE `user_registration` SET right_downlines = right_downlines+1
WHERE `user_id` = 'R37QLI';
UPDATE `user_registration` SET right_ref_count = right_ref_count+1
WHERE `user_id` = 'R37QLI';
UPDATE `user_registration` SET active_right = active_right+1
WHERE `user_id` = 'R37QLI';
UPDATE `user_registration` SET total_downlines = total_downlines+1
WHERE `user_id` = 'H2HQC8';
UPDATE `user_registration` SET right_downlines = right_downlines+1
WHERE `user_id` = 'H2HQC8';
UPDATE `user_registration` SET total_downlines = total_downlines+1
WHERE `user_id` = '45E8V2';
UPDATE `user_registration` SET left_downlines = left_downlines+1
WHERE `user_id` = '45E8V2';
UPDATE `user_registration` SET total_downlines = total_downlines+1
WHERE `user_id` = '44B9Y4';
UPDATE `user_registration` SET right_downlines = right_downlines+1
WHERE `user_id` = '44B9Y4';
UPDATE `user_registration` SET total_downlines = total_downlines+1
WHERE `user_id` = 'admin';
UPDATE `user_registration` SET right_downlines = right_downlines+1
WHERE `user_id` = 'admin';
INSERT INTO `investment` (`invest_date`, `user_id`, `type`, `amount`, `package_id`) VALUES ('2025-01-25 12:55:37', '9QPRWH', 'register', '595', '2');
INSERT INTO `earnings` (`user_id`, `Purchaser_id`, `earning_type`, `package_id`, `amount`, `date`, `comments`, `invest_amount`, `comm_perc`, `level`, `rank_id`, `order_id`) VALUES ('R37QLI', '9QPRWH', 'Direct Referral Bonus', '2', '100', '2025-01-25 12:55:37', 'Direct Referral Bonus', 0, 0, 1, '', 45);
UPDATE `user_registration` SET commission_balance = ROUND(commission_balance + 100,2)
WHERE `user_id` = 'R37QLI';
UPDATE `user_registration` SET referral_bonus = ROUND(referral_bonus + 100,2)
WHERE `user_id` = 'R37QLI';
UPDATE `user_registration` SET total_points = ROUND(total_points + 50,2)
WHERE `user_id` = '9QPRWH';
INSERT INTO `points_history` (`user_id`, `points`, `type`, `date`) VALUES ('9QPRWH', '50', 'register', '2025-01-25 12:55:');
INSERT INTO `matrix_filling` (`placement_id`, `downline_id`, `level`, `matrix`) VALUES ('IWTOLP', '9QPRWH', 1, 1);
INSERT INTO `matrix_filling` (`placement_id`, `downline_id`, `level`, `matrix`) VALUES ('Q82ZV9', '9QPRWH', 2, 1);
INSERT INTO `matrix_filling` (`placement_id`, `downline_id`, `level`, `matrix`) VALUES ('PR92IO', '9QPRWH', 3, 1);
INSERT INTO `matrix_filling` (`placement_id`, `downline_id`, `level`, `matrix`) VALUES ('W17SG2', '9QPRWH', 4, 1);
UPDATE `bv_updation` SET right_carry = right_carry+50, total_right = total_right+50
WHERE `user_id` = 'W17SG2';
INSERT INTO `placement_bv_update_history` (`right_carry`, `date`, `from_id`, `user_id`) VALUES ('50', '2025-01-25 12:55:37', '9QPRWH', 'W17SG2');
INSERT INTO `matrix_filling` (`placement_id`, `downline_id`, `level`, `matrix`) VALUES ('PUJNHI', '9QPRWH', 5, 1);
UPDATE `bv_updation` SET right_carry = right_carry+50, total_right = total_right+50
WHERE `user_id` = 'PUJNHI';
INSERT INTO `placement_bv_update_history` (`right_carry`, `date`, `from_id`, `user_id`) VALUES ('50', '2025-01-25 12:55:37', '9QPRWH', 'PUJNHI');
INSERT INTO `matrix_filling` (`placement_id`, `downline_id`, `level`, `matrix`) VALUES ('IEVPMD', '9QPRWH', 6, 1);
INSERT INTO `matrix_filling` (`placement_id`, `downline_id`, `level`, `matrix`) VALUES ('HUDVJU', '9QPRWH', 7, 1);
INSERT INTO `matrix_filling` (`placement_id`, `downline_id`, `level`, `matrix`) VALUES ('OWF3OA', '9QPRWH', 8, 1);
UPDATE `bv_updation` SET right_carry = right_carry+50, total_right = total_right+50
WHERE `user_id` = 'OWF3OA';
INSERT INTO `placement_bv_update_history` (`right_carry`, `date`, `from_id`, `user_id`) VALUES ('50', '2025-01-25 12:55:37', '9QPRWH', 'OWF3OA');
INSERT INTO `matrix_filling` (`placement_id`, `downline_id`, `level`, `matrix`) VALUES ('PKHRN5', '9QPRWH', 9, 1);
INSERT INTO `matrix_filling` (`placement_id`, `downline_id`, `level`, `matrix`) VALUES ('R37QLI', '9QPRWH', 10, 1);
UPDATE `bv_updation` SET right_carry = right_carry+50, total_right = total_right+50
WHERE `user_id` = 'R37QLI';
INSERT INTO `placement_bv_update_history` (`right_carry`, `date`, `from_id`, `user_id`) VALUES ('50', '2025-01-25 12:55:37', '9QPRWH', 'R37QLI');
UPDATE `bv_updation` SET sponsor_right_carry = sponsor_right_carry+50, sponsor_total_right = sponsor_total_right+50
WHERE `user_id` = 'R37QLI';
INSERT INTO `sponsor_bv_update_history` (`right_carry`, `date`, `user_id`) VALUES ('50', '2025-01-25 12:55:37', 'R37QLI');
INSERT INTO `matrix_filling` (`placement_id`, `downline_id`, `level`, `matrix`) VALUES ('H2HQC8', '9QPRWH', 11, 1);
UPDATE `bv_updation` SET right_carry = right_carry+50, total_right = total_right+50
WHERE `user_id` = 'H2HQC8';
INSERT INTO `placement_bv_update_history` (`right_carry`, `date`, `from_id`, `user_id`) VALUES ('50', '2025-01-25 12:55:37', '9QPRWH', 'H2HQC8');
INSERT INTO `matrix_filling` (`placement_id`, `downline_id`, `level`, `matrix`) VALUES ('45E8V2', '9QPRWH', 12, 1);
UPDATE `bv_updation` SET left_carry = left_carry+50, total_left = total_left+50
WHERE `user_id` = '45E8V2';
INSERT INTO `placement_bv_update_history` (`left_carry`, `date`, `from_id`, `user_id`) VALUES ('50', '2025-01-25 12:55:37', '9QPRWH', '45E8V2');
INSERT INTO `matrix_filling` (`placement_id`, `downline_id`, `level`, `matrix`) VALUES ('44B9Y4', '9QPRWH', 13, 1);
UPDATE `bv_updation` SET right_carry = right_carry+50, total_right = total_right+50
WHERE `user_id` = '44B9Y4';
INSERT INTO `placement_bv_update_history` (`right_carry`, `date`, `from_id`, `user_id`) VALUES ('50', '2025-01-25 12:55:37', '9QPRWH', '44B9Y4');
INSERT INTO `matrix_filling` (`placement_id`, `downline_id`, `level`, `matrix`) VALUES ('admin', '9QPRWH', 14, 1);
UPDATE `bv_updation` SET right_carry = right_carry+50, total_right = total_right+50
WHERE `user_id` = 'admin';
INSERT INTO `placement_bv_update_history` (`right_carry`, `date`, `from_id`, `user_id`) VALUES ('50', '2025-01-25 12:55:37', '9QPRWH', 'admin');
INSERT INTO `package_purchase_history` (`user_id`, `package_id`, `reg_fee`, `package_name`, `monthly_fee`, `type`, `date`, `payment_option`) VALUES ('9QPRWH', '2', '595', 'Traveler Pro', '150', 'sign_up', '2025-01-25 12:55:37', 'stripe');
UPDATE `user_registration` SET `popup_seen` = 'yes'
WHERE `user_id` = 'R37QLI';
UPDATE `ci_sessions` SET `timestamp` = 1737831354, `data` = '__ci_last_regenerate|i:1737831354;id|s:4:\"2073\";user_id|s:6:\"XHO8CJ\";username|s:7:\"Ariel78\";sponsor_id|s:6:\"U7SMZ8\";fullname|s:12:\"Ariel Zomoza\";email|s:23:\"arielzomoza@hotmail.com\";phone|s:10:\"7863844290\";isLogIn|b:1;'
WHERE `id` = '9d438a92d9d61e2a8058a147525624cd82d80b40';
UPDATE `user_registration` SET `popup_seen` = 'yes'
WHERE `user_id` = 'XHO8CJ';
INSERT INTO `login_history` (`user_id`, `device`, `ip_address`, `date`) VALUES ('PKHRN5', 'Mozilla/5.0 (Windows NT 10.0; Win64; x64) AppleWebKit/537.36 (KHTML, like Gecko) Chrome/132.0.0.0 Safari/537.36 Edg/132.0.0.0', '172.70.254.232', '25-01-25 12:56');
UPDATE `user_registration` SET `popup_seen` = 'yes'
WHERE `user_id` = 'PKHRN5';
UPDATE `ci_sessions` SET `timestamp` = 1737831374, `data` = '__ci_last_regenerate|i:1737831374;id|s:4:\"2031\";user_id|s:6:\"R37QLI\";username|s:5:\"dleon\";sponsor_id|s:6:\"H2HQC8\";fullname|s:11:\"Dayami Leon\";email|s:20:\"atravel4uu@gmail.com\";phone|s:10:\"7865069935\";isLogIn|b:1;'
WHERE `id` = '7c07801fe23d005239dbd9019e48a34d8ece6408';
UPDATE `user_registration` SET `popup_seen` = 'yes'
WHERE `user_id` = 'R37QLI';
UPDATE `user_registration` SET `popup_seen` = 'yes'
WHERE `user_id` = 'PKHRN5';
UPDATE `user_registration` SET `default_leg` = 'left'
WHERE `user_id` = 'R37QLI';
UPDATE `user_registration` SET `popup_seen` = 'yes'
WHERE `user_id` = 'R37QLI';
UPDATE `user_registration` SET `popup_seen` = 'no'
WHERE `user_id` = 'PKHRN5';
DELETE FROM `ci_sessions`
WHERE `id` = '3023a7d9a5e1878dc4b2df21056ff991d4a34815';
INSERT INTO `login_history` (`user_id`, `device`, `ip_address`, `date`) VALUES ('PKHRN5', 'Mozilla/5.0 (Windows NT 10.0; Win64; x64) AppleWebKit/537.36 (KHTML, like Gecko) Chrome/132.0.0.0 Safari/537.36 Edg/132.0.0.0', '108.162.210.253', '25-01-25 12:59');
UPDATE `user_registration` SET `popup_seen` = 'yes'
WHERE `user_id` = 'PKHRN5';
UPDATE `user_registration` SET `popup_seen` = 'yes'
WHERE `user_id` = 'PKHRN5';
UPDATE `user_registration` SET `popup_seen` = 'no'
WHERE `user_id` = 'PKHRN5';
DELETE FROM `ci_sessions`
WHERE `id` = 'bb096091f484361ad35bdf68b5fb51bbdcf68a3f';
UPDATE `user_registration` SET `popup_seen` = 'yes'
WHERE `user_id` = 'R37QLI';
INSERT INTO `login_history` (`user_id`, `device`, `ip_address`, `date`) VALUES ('IEVPMD', 'Mozilla/5.0 (Windows NT 10.0; Win64; x64) AppleWebKit/537.36 (KHTML, like Gecko) Chrome/132.0.0.0 Safari/537.36 Edg/132.0.0.0', '108.162.210.253', '25-01-25 12:59');
UPDATE `user_registration` SET `popup_seen` = 'yes'
WHERE `user_id` = 'IEVPMD';
UPDATE `user_registration` SET `popup_seen` = 'yes'
WHERE `user_id` = 'IEVPMD';
UPDATE `user_registration` SET `popup_seen` = 'no'
WHERE `user_id` = 'IEVPMD';
DELETE FROM `ci_sessions`
WHERE `id` = '92ec6dbdc0b7e72b4349c3d510235665ee6d4cca';
INSERT INTO `login_history` (`user_id`, `device`, `ip_address`, `date`) VALUES ('JHRDHS', 'Mozilla/5.0 (iPhone; CPU iPhone OS 18_1_1 like Mac OS X) AppleWebKit/605.1.15 (KHTML, like Gecko) Version/18.1.1 Mobile/15E148 Safari/604.1', '172.69.132.232', '25-01-25 13:00');
UPDATE `user_registration` SET `popup_seen` = 'yes'
WHERE `user_id` = 'JHRDHS';
INSERT INTO `login_history` (`user_id`, `device`, `ip_address`, `date`) VALUES ('H2HQC8', 'Mozilla/5.0 (Windows NT 10.0; Win64; x64) AppleWebKit/537.36 (KHTML, like Gecko) Chrome/132.0.0.0 Safari/537.36 Edg/132.0.0.0', '108.162.210.252', '25-01-25 13:01');
UPDATE `user_registration` SET `popup_seen` = 'yes'
WHERE `user_id` = 'H2HQC8';
UPDATE `user_registration` SET `popup_seen` = 'no'
WHERE `user_id` = 'JHRDHS';
DELETE FROM `ci_sessions`
WHERE `id` = '0b3a8cefef80b76413f53a0cc32e938e8c78d614';
UPDATE `user_registration` SET `popup_seen` = 'yes'
WHERE `user_id` = 'H2HQC8';
INSERT INTO `login_history` (`user_id`, `device`, `ip_address`, `date`) VALUES ('44B9Y4', 'Mozilla/5.0 (iPhone; CPU iPhone OS 18_1_1 like Mac OS X) AppleWebKit/605.1.15 (KHTML, like Gecko) Version/18.1.1 Mobile/15E148 Safari/604.1', '172.70.82.158', '25-01-25 13:01');
UPDATE `user_registration` SET `popup_seen` = 'yes'
WHERE `user_id` = '44B9Y4';
UPDATE `user_registration` SET `default_leg` = 'right'
WHERE `user_id` = 'H2HQC8';
UPDATE `user_registration` SET `popup_seen` = 'yes'
WHERE `user_id` = 'H2HQC8';
UPDATE `ci_sessions` SET `timestamp` = 1737831853, `data` = '__ci_last_regenerate|i:1737831853;id|s:4:\"2031\";user_id|s:6:\"R37QLI\";username|s:5:\"dleon\";sponsor_id|s:6:\"H2HQC8\";fullname|s:11:\"Dayami Leon\";email|s:20:\"atravel4uu@gmail.com\";phone|s:10:\"7865069935\";isLogIn|b:1;'
WHERE `id` = '8cccf77c3db2278422300d4a19386adfb6d247ed';
UPDATE `user_registration` SET `popup_seen` = 'yes'
WHERE `user_id` = 'R37QLI';
UPDATE `ci_sessions` SET `timestamp` = 1737832022, `data` = '__ci_last_regenerate|i:1737832022;id|s:4:\"2054\";user_id|s:6:\"CVVK4C\";username|s:7:\"ManuelN\";sponsor_id|s:6:\"K55EDD\";fullname|s:14:\"Manuel Naranjo\";email|s:26:\"naranjo.manuel93@gmail.com\";phone|s:6:\"786326\";isLogIn|b:1;'
WHERE `id` = '8cf0aaf57b19bf41e6a69b96eb716a7297e6c275';
UPDATE `user_registration` SET `popup_seen` = 'yes'
WHERE `user_id` = 'CVVK4C';
UPDATE `ci_sessions` SET `timestamp` = 1737832094, `data` = '__ci_last_regenerate|i:1737832094;id|s:4:\"2026\";user_id|s:6:\"H2HQC8\";username|s:4:\"Roma\";sponsor_id|s:6:\"45E8V2\";fullname|s:16:\"Yordanis Fuentes\";email|s:25:\"emiliotapanes+4@gmail.com\";phone|s:10:\"7862876762\";isLogIn|b:1;'
WHERE `id` = '1f63c6a00ead6304feb698ad14c559921a04ee67';
INSERT INTO `temp_register` (`post_data`, `date`, `payment_method`, `type`) VALUES ('{\"uid\":\"2105\",\"user_id\":\"UJXP99\",\"username\":\"abundancia\",\"sponsor_id\":\"H2HQC8\",\"vacant\":\"no\",\"f_name\":\"Aldo\",\"l_name\":\"Camporota\",\"position\":\"right\",\"email\":\"aldocamporota@yahoo.com\",\"password\":\"d23989ea4e6fe3b805f8be07020dcba8\",\"phone\":\"9546960411\",\"country\":\"United States\",\"state\":\"Florida\",\"city\":\"MIAMI\",\"street\":\"9380 SW 72 St\",\"zip_code\":\"33174\",\"reg_ip\":\"172.70.55.160\",\"status\":1,\"package_id\":\"1\",\"rank_id\":1,\"highest_rank\":1,\"cycle_rank_id\":1,\"created\":\"2025-01-25 13:08:14\",\"subscription_date\":\"2025-02-24\",\"google_secret\":\"3XBY47A6QTF7XOCB\"}', '2025-01-25 13:08:14', 'stripe', 'register');
UPDATE `temp_register` SET `response` = '{\"stripeToken\":\"tok_1QlEj32NUoYUjiuuNPzWIOK5\",\"stripeTokenType\":\"card\",\"stripeEmail\":\"sfssiw@gmail.com\"}', `date_modified` = '2025-01-25 13:09:06', `payment_status` = '{\"id\":\"ch_3QlEj82NUoYUjiuu0mqq7uZk\",\"object\":\"charge\",\"amount\":19500,\"amount_captured\":19500,\"amount_refunded\":0,\"application\":null,\"application_fee\":null,\"application_fee_amount\":null,\"balance_transaction\":\"txn_3QlEj82NUoYUjiuu06irPKyl\",\"billing_details\":{\"address\":{\"city\":null,\"country\":null,\"line1\":null,\"line2\":null,\"postal_code\":null,\"state\":null},\"email\":null,\"name\":\"sfssiw@gmail.com\",\"phone\":null},\"calculated_statement_descriptor\":\"TRAVELEGENDCY LLC\",\"captured\":true,\"created\":1737832146,\"currency\":\"usd\",\"customer\":\"cus_ReXoR2o4iwsUQw\",\"description\":null,\"destination\":null,\"dispute\":null,\"disputed\":false,\"failure_balance_transaction\":null,\"failure_code\":null,\"failure_message\":null,\"fraud_details\":[],\"invoice\":null,\"livemode\":true,\"metadata\":{\"name\":\"Aldo Camporota\",\"username\":\"abundancia\"},\"on_behalf_of\":null,\"order\":null,\"outcome\":{\"advice_code\":null,\"network_advice_code\":null,\"network_decline_code\":null,\"network_status\":\"approved_by_network\",\"reason\":null,\"risk_level\":\"normal\",\"seller_message\":\"Payment complete.\",\"type\":\"authorized\"},\"paid\":true,\"payment_intent\":null,\"payment_method\":\"card_1QlEj32NUoYUjiuukaQTlbpB\",\"payment_method_details\":{\"card\":{\"amount_authorized\":19500,\"authorization_code\":\"010436\",\"brand\":\"visa\",\"checks\":{\"address_line1_check\":null,\"address_postal_code_check\":null,\"cvc_check\":\"pass\"},\"country\":\"US\",\"exp_month\":6,\"exp_year\":2028,\"extended_authorization\":{\"status\":\"disabled\"},\"fingerprint\":\"fo7MsEm00ugdBZHN\",\"funding\":\"debit\",\"incremental_authorization\":{\"status\":\"unavailable\"},\"installments\":null,\"last4\":\"8351\",\"mandate\":null,\"multicapture\":{\"status\":\"unavailable\"},\"network\":\"visa\",\"network_token\":{\"used\":false},\"network_transaction_id\":\"585025689467175\",\"overcapture\":{\"maximum_amount_capturable\":19500,\"status\":\"unavailable\"},\"regulated_status\":\"regulated\",\"three_d_secure\":null,\"wallet\":null},\"type\":\"card\"},\"receipt_email\":null,\"receipt_number\":null,\"receipt_url\":\"https:\\/\\/pay.stripe.com\\/receipts\\/payment\\/CAcQARoXChVhY2N0XzFRUEFGdjJOVW9ZVWppdXUo0-3UvAYyBhjVUeUq0TosFuIgBEV-Y4lVNvIaTiNvBQXQh6ybwZL8lKrFOvVNYKtraiNxLpJM6-GZb60\",\"refunded\":false,\"review\":null,\"shipping\":null,\"source\":{\"id\":\"card_1QlEj32NUoYUjiuukaQTlbpB\",\"object\":\"card\",\"address_city\":null,\"address_country\":null,\"address_line1\":null,\"address_line1_check\":null,\"address_line2\":null,\"address_state\":null,\"address_zip\":null,\"address_zip_check\":null,\"allow_redisplay\":\"unspecified\",\"brand\":\"Visa\",\"country\":\"US\",\"customer\":\"cus_ReXoR2o4iwsUQw\",\"cvc_check\":\"pass\",\"dynamic_last4\":null,\"exp_month\":6,\"exp_year\":2028,\"fingerprint\":\"fo7MsEm00ugdBZHN\",\"funding\":\"debit\",\"last4\":\"8351\",\"metadata\":[],\"name\":\"sfssiw@gmail.com\",\"regulated_status\":\"regulated\",\"tokenization_method\":null,\"wallet\":null},\"source_transfer\":null,\"statement_descriptor\":null,\"statement_descriptor_suffix\":null,\"status\":\"succeeded\",\"transfer_data\":null,\"transfer_group\":null}'
WHERE `id` = 60;
UPDATE `user_registration` SET `uid` = '2105', `user_id` = 'UJXP99', `username` = 'abundancia', `sponsor_id` = 'H2HQC8', `vacant` = 'no', `f_name` = 'Aldo', `l_name` = 'Camporota', `position` = 'right', `email` = 'aldocamporota@yahoo.com', `password` = 'd23989ea4e6fe3b805f8be07020dcba8', `phone` = '9546960411', `country` = 'United States', `state` = 'Florida', `city` = 'MIAMI', `street` = '9380 SW 72 St', `zip_code` = '33174', `reg_ip` = '172.70.55.160', `status` = 1, `package_id` = '1', `rank_id` = 1, `highest_rank` = 1, `cycle_rank_id` = 1, `created` = '2025-01-25 13:08:14', `subscription_date` = '2025-02-24', `google_secret` = '3XBY47A6QTF7XOCB'
WHERE `uid` = '2105';
INSERT INTO `user_registration` (`uid`, `user_id`, `username`, `sponsor_id`, `placement_id`, `vacant`, `f_name`, `l_name`, `address`, `position`, `email`, `password`, `phone`, `reg_ip`, `status`, `created`) VALUES (NULL, 'VLXVHO', 'LPdrBSfE', 'UJXP99', 'UJXP99', 'yes', '', '', '', 'left', '@mail.com', '', '', '', 0, '2025-01-25 13:09:06');
INSERT INTO `user_registration` (`uid`, `user_id`, `username`, `sponsor_id`, `placement_id`, `vacant`, `f_name`, `l_name`, `address`, `position`, `email`, `password`, `phone`, `reg_ip`, `status`, `created`) VALUES (NULL, 'VSAWLZ', 'YPJOlmwu', 'UJXP99', 'UJXP99', 'yes', '', '', '', 'right', '@mail.com', '', '', '', 0, '2025-01-25 13:09:06');
INSERT INTO `bv_updation` (`user_id`) VALUES ('UJXP99');
UPDATE `user_registration` SET total_ref_count = total_ref_count+1
WHERE `user_id` = 'H2HQC8';
UPDATE `user_registration` SET total_downlines = total_downlines+1
WHERE `user_id` = '9QPRWH';
UPDATE `user_registration` SET right_downlines = right_downlines+1
WHERE `user_id` = '9QPRWH';
UPDATE `user_registration` SET total_downlines = total_downlines+1
WHERE `user_id` = 'IWTOLP';
UPDATE `user_registration` SET right_downlines = right_downlines+1
WHERE `user_id` = 'IWTOLP';
UPDATE `user_registration` SET total_downlines = total_downlines+1
WHERE `user_id` = 'Q82ZV9';
UPDATE `user_registration` SET right_downlines = right_downlines+1
WHERE `user_id` = 'Q82ZV9';
UPDATE `user_registration` SET total_downlines = total_downlines+1
WHERE `user_id` = 'PR92IO';
UPDATE `user_registration` SET right_downlines = right_downlines+1
WHERE `user_id` = 'PR92IO';
UPDATE `user_registration` SET total_downlines = total_downlines+1
WHERE `user_id` = 'W17SG2';
UPDATE `user_registration` SET right_downlines = right_downlines+1
WHERE `user_id` = 'W17SG2';
UPDATE `user_registration` SET total_downlines = total_downlines+1
WHERE `user_id` = 'PUJNHI';
UPDATE `user_registration` SET right_downlines = right_downlines+1
WHERE `user_id` = 'PUJNHI';
UPDATE `user_registration` SET total_downlines = total_downlines+1
WHERE `user_id` = 'IEVPMD';
UPDATE `user_registration` SET right_downlines = right_downlines+1
WHERE `user_id` = 'IEVPMD';
UPDATE `user_registration` SET total_downlines = total_downlines+1
WHERE `user_id` = 'HUDVJU';
UPDATE `user_registration` SET right_downlines = right_downlines+1
WHERE `user_id` = 'HUDVJU';
UPDATE `user_registration` SET total_downlines = total_downlines+1
WHERE `user_id` = 'OWF3OA';
UPDATE `user_registration` SET right_downlines = right_downlines+1
WHERE `user_id` = 'OWF3OA';
UPDATE `user_registration` SET total_downlines = total_downlines+1
WHERE `user_id` = 'PKHRN5';
UPDATE `user_registration` SET right_downlines = right_downlines+1
WHERE `user_id` = 'PKHRN5';
UPDATE `user_registration` SET total_downlines = total_downlines+1
WHERE `user_id` = 'R37QLI';
UPDATE `user_registration` SET right_downlines = right_downlines+1
WHERE `user_id` = 'R37QLI';
UPDATE `user_registration` SET total_downlines = total_downlines+1
WHERE `user_id` = 'H2HQC8';
UPDATE `user_registration` SET right_downlines = right_downlines+1
WHERE `user_id` = 'H2HQC8';
UPDATE `user_registration` SET right_ref_count = right_ref_count+1
WHERE `user_id` = 'H2HQC8';
UPDATE `user_registration` SET active_right = active_right+1
WHERE `user_id` = 'H2HQC8';
UPDATE `user_registration` SET total_downlines = total_downlines+1
WHERE `user_id` = '45E8V2';
UPDATE `user_registration` SET left_downlines = left_downlines+1
WHERE `user_id` = '45E8V2';
UPDATE `user_registration` SET total_downlines = total_downlines+1
WHERE `user_id` = '44B9Y4';
UPDATE `user_registration` SET right_downlines = right_downlines+1
WHERE `user_id` = '44B9Y4';
UPDATE `user_registration` SET total_downlines = total_downlines+1
WHERE `user_id` = 'admin';
UPDATE `user_registration` SET right_downlines = right_downlines+1
WHERE `user_id` = 'admin';
INSERT INTO `investment` (`invest_date`, `user_id`, `type`, `amount`, `package_id`) VALUES ('2025-01-25 13:09:06', 'UJXP99', 'register', '195', '1');
INSERT INTO `earnings` (`user_id`, `Purchaser_id`, `earning_type`, `package_id`, `amount`, `date`, `comments`, `invest_amount`, `comm_perc`, `level`, `rank_id`, `order_id`) VALUES ('H2HQC8', 'UJXP99', 'Direct Referral Bonus', '1', '20', '2025-01-25 13:09:06', 'Direct Referral Bonus', 0, 0, 1, '', 46);
UPDATE `user_registration` SET commission_balance = ROUND(commission_balance + 20,2)
WHERE `user_id` = 'H2HQC8';
UPDATE `user_registration` SET referral_bonus = ROUND(referral_bonus + 20,2)
WHERE `user_id` = 'H2HQC8';
UPDATE `user_registration` SET total_points = ROUND(total_points + 20,2)
WHERE `user_id` = 'UJXP99';
INSERT INTO `points_history` (`user_id`, `points`, `type`, `date`) VALUES ('UJXP99', '20', 'register', '2025-01-25 13:09:');
INSERT INTO `matrix_filling` (`placement_id`, `downline_id`, `level`, `matrix`) VALUES ('9QPRWH', 'UJXP99', 1, 1);
UPDATE `bv_updation` SET right_carry = right_carry+20, total_right = total_right+20
WHERE `user_id` = '9QPRWH';
INSERT INTO `placement_bv_update_history` (`right_carry`, `date`, `from_id`, `user_id`) VALUES ('20', '2025-01-25 13:09:06', 'UJXP99', '9QPRWH');
INSERT INTO `matrix_filling` (`placement_id`, `downline_id`, `level`, `matrix`) VALUES ('IWTOLP', 'UJXP99', 2, 1);
INSERT INTO `matrix_filling` (`placement_id`, `downline_id`, `level`, `matrix`) VALUES ('Q82ZV9', 'UJXP99', 3, 1);
INSERT INTO `matrix_filling` (`placement_id`, `downline_id`, `level`, `matrix`) VALUES ('PR92IO', 'UJXP99', 4, 1);
INSERT INTO `matrix_filling` (`placement_id`, `downline_id`, `level`, `matrix`) VALUES ('W17SG2', 'UJXP99', 5, 1);
UPDATE `bv_updation` SET right_carry = right_carry+20, total_right = total_right+20
WHERE `user_id` = 'W17SG2';
INSERT INTO `placement_bv_update_history` (`right_carry`, `date`, `from_id`, `user_id`) VALUES ('20', '2025-01-25 13:09:06', 'UJXP99', 'W17SG2');
INSERT INTO `matrix_filling` (`placement_id`, `downline_id`, `level`, `matrix`) VALUES ('PUJNHI', 'UJXP99', 6, 1);
UPDATE `bv_updation` SET right_carry = right_carry+20, total_right = total_right+20
WHERE `user_id` = 'PUJNHI';
INSERT INTO `placement_bv_update_history` (`right_carry`, `date`, `from_id`, `user_id`) VALUES ('20', '2025-01-25 13:09:06', 'UJXP99', 'PUJNHI');
INSERT INTO `matrix_filling` (`placement_id`, `downline_id`, `level`, `matrix`) VALUES ('IEVPMD', 'UJXP99', 7, 1);
INSERT INTO `matrix_filling` (`placement_id`, `downline_id`, `level`, `matrix`) VALUES ('HUDVJU', 'UJXP99', 8, 1);
INSERT INTO `matrix_filling` (`placement_id`, `downline_id`, `level`, `matrix`) VALUES ('OWF3OA', 'UJXP99', 9, 1);
UPDATE `bv_updation` SET right_carry = right_carry+20, total_right = total_right+20
WHERE `user_id` = 'OWF3OA';
INSERT INTO `placement_bv_update_history` (`right_carry`, `date`, `from_id`, `user_id`) VALUES ('20', '2025-01-25 13:09:06', 'UJXP99', 'OWF3OA');
INSERT INTO `matrix_filling` (`placement_id`, `downline_id`, `level`, `matrix`) VALUES ('PKHRN5', 'UJXP99', 10, 1);
INSERT INTO `matrix_filling` (`placement_id`, `downline_id`, `level`, `matrix`) VALUES ('R37QLI', 'UJXP99', 11, 1);
UPDATE `bv_updation` SET right_carry = right_carry+20, total_right = total_right+20
WHERE `user_id` = 'R37QLI';
INSERT INTO `placement_bv_update_history` (`right_carry`, `date`, `from_id`, `user_id`) VALUES ('20', '2025-01-25 13:09:06', 'UJXP99', 'R37QLI');
INSERT INTO `matrix_filling` (`placement_id`, `downline_id`, `level`, `matrix`) VALUES ('H2HQC8', 'UJXP99', 12, 1);
UPDATE `bv_updation` SET right_carry = right_carry+20, total_right = total_right+20
WHERE `user_id` = 'H2HQC8';
INSERT INTO `placement_bv_update_history` (`right_carry`, `date`, `from_id`, `user_id`) VALUES ('20', '2025-01-25 13:09:06', 'UJXP99', 'H2HQC8');
UPDATE `bv_updation` SET sponsor_right_carry = sponsor_right_carry+20, sponsor_total_right = sponsor_total_right+20
WHERE `user_id` = 'H2HQC8';
INSERT INTO `sponsor_bv_update_history` (`right_carry`, `date`, `user_id`) VALUES ('20', '2025-01-25 13:09:06', 'H2HQC8');
INSERT INTO `matrix_filling` (`placement_id`, `downline_id`, `level`, `matrix`) VALUES ('45E8V2', 'UJXP99', 13, 1);
UPDATE `bv_updation` SET left_carry = left_carry+20, total_left = total_left+20
WHERE `user_id` = '45E8V2';
INSERT INTO `placement_bv_update_history` (`left_carry`, `date`, `from_id`, `user_id`) VALUES ('20', '2025-01-25 13:09:06', 'UJXP99', '45E8V2');
INSERT INTO `matrix_filling` (`placement_id`, `downline_id`, `level`, `matrix`) VALUES ('44B9Y4', 'UJXP99', 14, 1);
UPDATE `bv_updation` SET right_carry = right_carry+20, total_right = total_right+20
WHERE `user_id` = '44B9Y4';
INSERT INTO `placement_bv_update_history` (`right_carry`, `date`, `from_id`, `user_id`) VALUES ('20', '2025-01-25 13:09:06', 'UJXP99', '44B9Y4');
INSERT INTO `matrix_filling` (`placement_id`, `downline_id`, `level`, `matrix`) VALUES ('admin', 'UJXP99', 15, 1);
UPDATE `bv_updation` SET right_carry = right_carry+20, total_right = total_right+20
WHERE `user_id` = 'admin';
INSERT INTO `placement_bv_update_history` (`right_carry`, `date`, `from_id`, `user_id`) VALUES ('20', '2025-01-25 13:09:06', 'UJXP99', 'admin');
INSERT INTO `package_purchase_history` (`user_id`, `package_id`, `reg_fee`, `package_name`, `monthly_fee`, `type`, `date`, `payment_option`) VALUES ('UJXP99', '1', '195', 'Traveler', '50', 'sign_up', '2025-01-25 13:09:06', 'stripe');
UPDATE `user_registration` SET `popup_seen` = 'yes'
WHERE `user_id` = 'H2HQC8';
UPDATE `ci_sessions` SET `timestamp` = 1737832199, `data` = '__ci_last_regenerate|i:1737832199;id|s:4:\"2098\";user_id|s:6:\"WDEXJT\";username|s:8:\"Randol25\";sponsor_id|s:6:\"U7SMZ8\";fullname|s:12:\"Randol Perez\";email|s:20:\"randol1976@gmail.com\";phone|s:10:\"7866240573\";isLogIn|b:1;'
WHERE `id` = '1f7b20bc1f678d6f782e66400883f6862cf2cfe3';
UPDATE `ci_sessions` SET `timestamp` = 1737832232, `data` = '__ci_last_regenerate|i:1737832232;id|s:4:\"2061\";user_id|s:6:\"U7SMZ8\";username|s:6:\"Clau66\";sponsor_id|s:6:\"UQO7EQ\";fullname|s:14:\"Claudia Pisana\";email|s:21:\"claujor06@hotmail.com\";phone|s:10:\"7863843449\";isLogIn|b:1;'
WHERE `id` = '18775c15908947fde38b61337d4ab8bbc60ace13';
UPDATE `user_registration` SET `popup_seen` = 'yes'
WHERE `user_id` = 'U7SMZ8';
UPDATE `user_registration` SET `popup_seen` = 'yes'
WHERE `user_id` = 'H2HQC8';
UPDATE `user_registration` SET `popup_seen` = 'yes'
WHERE `user_id` = 'H2HQC8';
UPDATE `user_registration` SET `popup_seen` = 'yes'
WHERE `user_id` = 'H2HQC8';
UPDATE `user_registration` SET `popup_seen` = 'yes'
WHERE `user_id` = 'U7SMZ8';
UPDATE `user_registration` SET `popup_seen` = 'yes'
WHERE `user_id` = 'U7SMZ8';
UPDATE `ci_sessions` SET `timestamp` = 1737832539, `data` = '__ci_last_regenerate|i:1737832539;id|s:4:\"2061\";user_id|s:6:\"U7SMZ8\";username|s:6:\"Clau66\";sponsor_id|s:6:\"UQO7EQ\";fullname|s:14:\"Claudia Pisana\";email|s:21:\"claujor06@hotmail.com\";phone|s:10:\"7863843449\";isLogIn|b:1;'
WHERE `id` = '83eaed43321c5a083586cd566b556ba77098ac50';
UPDATE `user_registration` SET `popup_seen` = 'yes'
WHERE `user_id` = 'U7SMZ8';
UPDATE `ci_sessions` SET `timestamp` = 1737832617, `data` = '__ci_last_regenerate|i:1737832617;id|s:4:\"2098\";user_id|s:6:\"WDEXJT\";username|s:8:\"Randol25\";sponsor_id|s:6:\"U7SMZ8\";fullname|s:12:\"Randol Perez\";email|s:20:\"randol1976@gmail.com\";phone|s:10:\"7866240573\";isLogIn|b:1;'
WHERE `id` = '8d9b40f51b45091a0ae8be8c6340a1a6bdc81c59';
UPDATE `user_registration` SET `popup_seen` = 'yes'
WHERE `user_id` = 'WDEXJT';
UPDATE `ci_sessions` SET `timestamp` = 1737832680, `data` = '__ci_last_regenerate|i:1737832680;id|s:4:\"2026\";user_id|s:6:\"H2HQC8\";username|s:4:\"Roma\";sponsor_id|s:6:\"45E8V2\";fullname|s:16:\"Yordanis Fuentes\";email|s:25:\"emiliotapanes+4@gmail.com\";phone|s:10:\"7862876762\";isLogIn|b:1;'
WHERE `id` = '3f7d9b5178c4cde7b1a2e80620b34023a5274c5c';
INSERT INTO `temp_register` (`post_data`, `date`, `payment_method`, `type`) VALUES ('{\"uid\":\"2107\",\"user_id\":\"L268VW\",\"username\":\"omy\",\"sponsor_id\":\"H2HQC8\",\"vacant\":\"no\",\"f_name\":\"Omaida\",\"l_name\":\"Cordova\",\"position\":\"right\",\"email\":\"omy2228@gmail.com\",\"password\":\"bf78d2b21c350a48364aa6a7df0d13c9\",\"phone\":\"7867201745\",\"country\":\"United States\",\"state\":\"Florida\",\"city\":\"MIAMI\",\"street\":\"9380 SW 72 St\",\"zip_code\":\"33174\",\"reg_ip\":\"172.71.156.143\",\"status\":1,\"package_id\":\"1\",\"rank_id\":1,\"highest_rank\":1,\"cycle_rank_id\":1,\"created\":\"2025-01-25 13:18:43\",\"subscription_date\":\"2025-02-24\",\"google_secret\":\"IOEGBW6HOYYQJ5YL\"}', '2025-01-25 13:18:43', 'stripe', 'register');
UPDATE `temp_register` SET `response` = '{\"stripeToken\":\"tok_1QlEtK2NUoYUjiuu68HhDBiR\",\"stripeTokenType\":\"card\",\"stripeEmail\":\"fssicentral@gmail.com\"}', `date_modified` = '2025-01-25 13:19:44', `payment_status` = '{\"id\":\"ch_3QlEtP2NUoYUjiuu1gR4M5GZ\",\"object\":\"charge\",\"amount\":19500,\"amount_captured\":19500,\"amount_refunded\":0,\"application\":null,\"application_fee\":null,\"application_fee_amount\":null,\"balance_transaction\":\"txn_3QlEtP2NUoYUjiuu18Usjd9E\",\"billing_details\":{\"address\":{\"city\":null,\"country\":null,\"line1\":null,\"line2\":null,\"postal_code\":null,\"state\":null},\"email\":null,\"name\":\"fssicentral@gmail.com\",\"phone\":null},\"calculated_statement_descriptor\":\"TRAVELEGENDCY LLC\",\"captured\":true,\"created\":1737832783,\"currency\":\"usd\",\"customer\":\"cus_ReXzjDj8WNSl7a\",\"description\":null,\"destination\":null,\"dispute\":null,\"disputed\":false,\"failure_balance_transaction\":null,\"failure_code\":null,\"failure_message\":null,\"fraud_details\":[],\"invoice\":null,\"livemode\":true,\"metadata\":{\"name\":\"Omaida Cordova\",\"username\":\"omy\"},\"on_behalf_of\":null,\"order\":null,\"outcome\":{\"advice_code\":null,\"network_advice_code\":null,\"network_decline_code\":null,\"network_status\":\"approved_by_network\",\"reason\":null,\"risk_level\":\"normal\",\"seller_message\":\"Payment complete.\",\"type\":\"authorized\"},\"paid\":true,\"payment_intent\":null,\"payment_method\":\"card_1QlEtK2NUoYUjiuuD91mJwyk\",\"payment_method_details\":{\"card\":{\"amount_authorized\":19500,\"authorization_code\":\"076692\",\"brand\":\"visa\",\"checks\":{\"address_line1_check\":null,\"address_postal_code_check\":null,\"cvc_check\":\"pass\"},\"country\":\"US\",\"exp_month\":6,\"exp_year\":2028,\"extended_authorization\":{\"status\":\"disabled\"},\"fingerprint\":\"fo7MsEm00ugdBZHN\",\"funding\":\"debit\",\"incremental_authorization\":{\"status\":\"unavailable\"},\"installments\":null,\"last4\":\"8351\",\"mandate\":null,\"multicapture\":{\"status\":\"unavailable\"},\"network\":\"visa\",\"network_token\":{\"used\":false},\"network_transaction_id\":\"305025695843511\",\"overcapture\":{\"maximum_amount_capturable\":19500,\"status\":\"unavailable\"},\"regulated_status\":\"regulated\",\"three_d_secure\":null,\"wallet\":null},\"type\":\"card\"},\"receipt_email\":null,\"receipt_number\":null,\"receipt_url\":\"https:\\/\\/pay.stripe.com\\/receipts\\/payment\\/CAcQARoXChVhY2N0XzFRUEFGdjJOVW9ZVWppdXUo0fLUvAYyBhEt0mpmOzosFqbesb63H12-gK1Ju6J1haMGaqv-JMg1LcVkvIWh_n4L9HssLB-aVpXYpRk\",\"refunded\":false,\"review\":null,\"shipping\":null,\"source\":{\"id\":\"card_1QlEtK2NUoYUjiuuD91mJwyk\",\"object\":\"card\",\"address_city\":null,\"address_country\":null,\"address_line1\":null,\"address_line1_check\":null,\"address_line2\":null,\"address_state\":null,\"address_zip\":null,\"address_zip_check\":null,\"allow_redisplay\":\"unspecified\",\"brand\":\"Visa\",\"country\":\"US\",\"customer\":\"cus_ReXzjDj8WNSl7a\",\"cvc_check\":\"pass\",\"dynamic_last4\":null,\"exp_month\":6,\"exp_year\":2028,\"fingerprint\":\"fo7MsEm00ugdBZHN\",\"funding\":\"debit\",\"last4\":\"8351\",\"metadata\":[],\"name\":\"fssicentral@gmail.com\",\"regulated_status\":\"regulated\",\"tokenization_method\":null,\"wallet\":null},\"source_transfer\":null,\"statement_descriptor\":null,\"statement_descriptor_suffix\":null,\"status\":\"succeeded\",\"transfer_data\":null,\"transfer_group\":null}'
WHERE `id` = 61;
UPDATE `user_registration` SET `uid` = '2107', `user_id` = 'L268VW', `username` = 'omy', `sponsor_id` = 'H2HQC8', `vacant` = 'no', `f_name` = 'Omaida', `l_name` = 'Cordova', `position` = 'right', `email` = 'omy2228@gmail.com', `password` = 'bf78d2b21c350a48364aa6a7df0d13c9', `phone` = '7867201745', `country` = 'United States', `state` = 'Florida', `city` = 'MIAMI', `street` = '9380 SW 72 St', `zip_code` = '33174', `reg_ip` = '172.71.156.143', `status` = 1, `package_id` = '1', `rank_id` = 1, `highest_rank` = 1, `cycle_rank_id` = 1, `created` = '2025-01-25 13:18:43', `subscription_date` = '2025-02-24', `google_secret` = 'IOEGBW6HOYYQJ5YL'
WHERE `uid` = '2107';
INSERT INTO `user_registration` (`uid`, `user_id`, `username`, `sponsor_id`, `placement_id`, `vacant`, `f_name`, `l_name`, `address`, `position`, `email`, `password`, `phone`, `reg_ip`, `status`, `created`) VALUES (NULL, 'UPLEIS', 'LLfvhmwW', 'L268VW', 'L268VW', 'yes', '', '', '', 'left', '@mail.com', '', '', '', 0, '2025-01-25 13:19:44');
INSERT INTO `user_registration` (`uid`, `user_id`, `username`, `sponsor_id`, `placement_id`, `vacant`, `f_name`, `l_name`, `address`, `position`, `email`, `password`, `phone`, `reg_ip`, `status`, `created`) VALUES (NULL, 'UKRHDK', 'qAFPQsPd', 'L268VW', 'L268VW', 'yes', '', '', '', 'right', '@mail.com', '', '', '', 0, '2025-01-25 13:19:44');
INSERT INTO `bv_updation` (`user_id`) VALUES ('L268VW');
UPDATE `user_registration` SET total_ref_count = total_ref_count+1
WHERE `user_id` = 'H2HQC8';
UPDATE `user_registration` SET total_downlines = total_downlines+1
WHERE `user_id` = 'UJXP99';
UPDATE `user_registration` SET right_downlines = right_downlines+1
WHERE `user_id` = 'UJXP99';
UPDATE `user_registration` SET total_downlines = total_downlines+1
WHERE `user_id` = '9QPRWH';
UPDATE `user_registration` SET right_downlines = right_downlines+1
WHERE `user_id` = '9QPRWH';
UPDATE `user_registration` SET total_downlines = total_downlines+1
WHERE `user_id` = 'IWTOLP';
UPDATE `user_registration` SET right_downlines = right_downlines+1
WHERE `user_id` = 'IWTOLP';
UPDATE `user_registration` SET total_downlines = total_downlines+1
WHERE `user_id` = 'Q82ZV9';
UPDATE `user_registration` SET right_downlines = right_downlines+1
WHERE `user_id` = 'Q82ZV9';
UPDATE `user_registration` SET total_downlines = total_downlines+1
WHERE `user_id` = 'PR92IO';
UPDATE `user_registration` SET right_downlines = right_downlines+1
WHERE `user_id` = 'PR92IO';
UPDATE `user_registration` SET total_downlines = total_downlines+1
WHERE `user_id` = 'W17SG2';
UPDATE `user_registration` SET right_downlines = right_downlines+1
WHERE `user_id` = 'W17SG2';
UPDATE `user_registration` SET total_downlines = total_downlines+1
WHERE `user_id` = 'PUJNHI';
UPDATE `user_registration` SET right_downlines = right_downlines+1
WHERE `user_id` = 'PUJNHI';
UPDATE `user_registration` SET total_downlines = total_downlines+1
WHERE `user_id` = 'IEVPMD';
UPDATE `user_registration` SET right_downlines = right_downlines+1
WHERE `user_id` = 'IEVPMD';
UPDATE `user_registration` SET total_downlines = total_downlines+1
WHERE `user_id` = 'HUDVJU';
UPDATE `user_registration` SET right_downlines = right_downlines+1
WHERE `user_id` = 'HUDVJU';
UPDATE `user_registration` SET total_downlines = total_downlines+1
WHERE `user_id` = 'OWF3OA';
UPDATE `user_registration` SET right_downlines = right_downlines+1
WHERE `user_id` = 'OWF3OA';
UPDATE `user_registration` SET total_downlines = total_downlines+1
WHERE `user_id` = 'PKHRN5';
UPDATE `user_registration` SET right_downlines = right_downlines+1
WHERE `user_id` = 'PKHRN5';
UPDATE `user_registration` SET total_downlines = total_downlines+1
WHERE `user_id` = 'R37QLI';
UPDATE `user_registration` SET right_downlines = right_downlines+1
WHERE `user_id` = 'R37QLI';
UPDATE `user_registration` SET total_downlines = total_downlines+1
WHERE `user_id` = 'H2HQC8';
UPDATE `user_registration` SET right_downlines = right_downlines+1
WHERE `user_id` = 'H2HQC8';
UPDATE `user_registration` SET right_ref_count = right_ref_count+1
WHERE `user_id` = 'H2HQC8';
UPDATE `user_registration` SET active_right = active_right+1
WHERE `user_id` = 'H2HQC8';
UPDATE `user_registration` SET total_downlines = total_downlines+1
WHERE `user_id` = '45E8V2';
UPDATE `user_registration` SET left_downlines = left_downlines+1
WHERE `user_id` = '45E8V2';
UPDATE `user_registration` SET total_downlines = total_downlines+1
WHERE `user_id` = '44B9Y4';
UPDATE `user_registration` SET right_downlines = right_downlines+1
WHERE `user_id` = '44B9Y4';
UPDATE `user_registration` SET total_downlines = total_downlines+1
WHERE `user_id` = 'admin';
UPDATE `user_registration` SET right_downlines = right_downlines+1
WHERE `user_id` = 'admin';
INSERT INTO `investment` (`invest_date`, `user_id`, `type`, `amount`, `package_id`) VALUES ('2025-01-25 13:19:44', 'L268VW', 'register', '195', '1');
INSERT INTO `earnings` (`user_id`, `Purchaser_id`, `earning_type`, `package_id`, `amount`, `date`, `comments`, `invest_amount`, `comm_perc`, `level`, `rank_id`, `order_id`) VALUES ('H2HQC8', 'L268VW', 'Direct Referral Bonus', '1', '20', '2025-01-25 13:19:44', 'Direct Referral Bonus', 0, 0, 1, '', 47);
UPDATE `user_registration` SET commission_balance = ROUND(commission_balance + 20,2)
WHERE `user_id` = 'H2HQC8';
UPDATE `user_registration` SET referral_bonus = ROUND(referral_bonus + 20,2)
WHERE `user_id` = 'H2HQC8';
UPDATE `user_registration` SET total_points = ROUND(total_points + 20,2)
WHERE `user_id` = 'L268VW';
INSERT INTO `points_history` (`user_id`, `points`, `type`, `date`) VALUES ('L268VW', '20', 'register', '2025-01-25 13:19:');
INSERT INTO `matrix_filling` (`placement_id`, `downline_id`, `level`, `matrix`) VALUES ('UJXP99', 'L268VW', 1, 1);
INSERT INTO `matrix_filling` (`placement_id`, `downline_id`, `level`, `matrix`) VALUES ('9QPRWH', 'L268VW', 2, 1);
UPDATE `bv_updation` SET right_carry = right_carry+20, total_right = total_right+20
WHERE `user_id` = '9QPRWH';
INSERT INTO `placement_bv_update_history` (`right_carry`, `date`, `from_id`, `user_id`) VALUES ('20', '2025-01-25 13:19:44', 'L268VW', '9QPRWH');
INSERT INTO `matrix_filling` (`placement_id`, `downline_id`, `level`, `matrix`) VALUES ('IWTOLP', 'L268VW', 3, 1);
INSERT INTO `matrix_filling` (`placement_id`, `downline_id`, `level`, `matrix`) VALUES ('Q82ZV9', 'L268VW', 4, 1);
INSERT INTO `matrix_filling` (`placement_id`, `downline_id`, `level`, `matrix`) VALUES ('PR92IO', 'L268VW', 5, 1);
INSERT INTO `matrix_filling` (`placement_id`, `downline_id`, `level`, `matrix`) VALUES ('W17SG2', 'L268VW', 6, 1);
UPDATE `bv_updation` SET right_carry = right_carry+20, total_right = total_right+20
WHERE `user_id` = 'W17SG2';
INSERT INTO `placement_bv_update_history` (`right_carry`, `date`, `from_id`, `user_id`) VALUES ('20', '2025-01-25 13:19:44', 'L268VW', 'W17SG2');
INSERT INTO `matrix_filling` (`placement_id`, `downline_id`, `level`, `matrix`) VALUES ('PUJNHI', 'L268VW', 7, 1);
UPDATE `bv_updation` SET right_carry = right_carry+20, total_right = total_right+20
WHERE `user_id` = 'PUJNHI';
INSERT INTO `placement_bv_update_history` (`right_carry`, `date`, `from_id`, `user_id`) VALUES ('20', '2025-01-25 13:19:44', 'L268VW', 'PUJNHI');
INSERT INTO `matrix_filling` (`placement_id`, `downline_id`, `level`, `matrix`) VALUES ('IEVPMD', 'L268VW', 8, 1);
INSERT INTO `matrix_filling` (`placement_id`, `downline_id`, `level`, `matrix`) VALUES ('HUDVJU', 'L268VW', 9, 1);
INSERT INTO `matrix_filling` (`placement_id`, `downline_id`, `level`, `matrix`) VALUES ('OWF3OA', 'L268VW', 10, 1);
UPDATE `bv_updation` SET right_carry = right_carry+20, total_right = total_right+20
WHERE `user_id` = 'OWF3OA';
INSERT INTO `placement_bv_update_history` (`right_carry`, `date`, `from_id`, `user_id`) VALUES ('20', '2025-01-25 13:19:44', 'L268VW', 'OWF3OA');
INSERT INTO `matrix_filling` (`placement_id`, `downline_id`, `level`, `matrix`) VALUES ('PKHRN5', 'L268VW', 11, 1);
INSERT INTO `matrix_filling` (`placement_id`, `downline_id`, `level`, `matrix`) VALUES ('R37QLI', 'L268VW', 12, 1);
UPDATE `bv_updation` SET right_carry = right_carry+20, total_right = total_right+20
WHERE `user_id` = 'R37QLI';
INSERT INTO `placement_bv_update_history` (`right_carry`, `date`, `from_id`, `user_id`) VALUES ('20', '2025-01-25 13:19:44', 'L268VW', 'R37QLI');
INSERT INTO `matrix_filling` (`placement_id`, `downline_id`, `level`, `matrix`) VALUES ('H2HQC8', 'L268VW', 13, 1);
UPDATE `bv_updation` SET right_carry = right_carry+20, total_right = total_right+20
WHERE `user_id` = 'H2HQC8';
INSERT INTO `placement_bv_update_history` (`right_carry`, `date`, `from_id`, `user_id`) VALUES ('20', '2025-01-25 13:19:44', 'L268VW', 'H2HQC8');
UPDATE `bv_updation` SET sponsor_right_carry = sponsor_right_carry+20, sponsor_total_right = sponsor_total_right+20
WHERE `user_id` = 'H2HQC8';
INSERT INTO `sponsor_bv_update_history` (`right_carry`, `date`, `user_id`) VALUES ('20', '2025-01-25 13:19:44', 'H2HQC8');
INSERT INTO `matrix_filling` (`placement_id`, `downline_id`, `level`, `matrix`) VALUES ('45E8V2', 'L268VW', 14, 1);
UPDATE `bv_updation` SET left_carry = left_carry+20, total_left = total_left+20
WHERE `user_id` = '45E8V2';
INSERT INTO `placement_bv_update_history` (`left_carry`, `date`, `from_id`, `user_id`) VALUES ('20', '2025-01-25 13:19:44', 'L268VW', '45E8V2');
INSERT INTO `matrix_filling` (`placement_id`, `downline_id`, `level`, `matrix`) VALUES ('44B9Y4', 'L268VW', 15, 1);
UPDATE `bv_updation` SET right_carry = right_carry+20, total_right = total_right+20
WHERE `user_id` = '44B9Y4';
INSERT INTO `placement_bv_update_history` (`right_carry`, `date`, `from_id`, `user_id`) VALUES ('20', '2025-01-25 13:19:44', 'L268VW', '44B9Y4');
INSERT INTO `matrix_filling` (`placement_id`, `downline_id`, `level`, `matrix`) VALUES ('admin', 'L268VW', 16, 1);
UPDATE `bv_updation` SET right_carry = right_carry+20, total_right = total_right+20
WHERE `user_id` = 'admin';
INSERT INTO `placement_bv_update_history` (`right_carry`, `date`, `from_id`, `user_id`) VALUES ('20', '2025-01-25 13:19:44', 'L268VW', 'admin');
INSERT INTO `package_purchase_history` (`user_id`, `package_id`, `reg_fee`, `package_name`, `monthly_fee`, `type`, `date`, `payment_option`) VALUES ('L268VW', '1', '195', 'Traveler', '50', 'sign_up', '2025-01-25 13:19:44', 'stripe');
UPDATE `user_registration` SET `popup_seen` = 'no'
WHERE `user_id` = 'H2HQC8';
DELETE FROM `ci_sessions`
WHERE `id` = '0d2a5048241d37aa91edbfbdf489fe28ba33e4e0';
INSERT INTO `login_history` (`user_id`, `device`, `ip_address`, `date`) VALUES ('H2HQC8', 'Mozilla/5.0 (Windows NT 10.0; Win64; x64) AppleWebKit/537.36 (KHTML, like Gecko) Chrome/132.0.0.0 Safari/537.36 Edg/132.0.0.0', '172.69.132.241', '25-01-25 13:20');
UPDATE `user_registration` SET `popup_seen` = 'yes'
WHERE `user_id` = 'H2HQC8';
UPDATE `ci_sessions` SET `timestamp` = 1737832848, `data` = '__ci_last_regenerate|i:1737832848;id|s:4:\"2031\";user_id|s:6:\"R37QLI\";username|s:5:\"dleon\";sponsor_id|s:6:\"H2HQC8\";fullname|s:11:\"Dayami Leon\";email|s:20:\"atravel4uu@gmail.com\";phone|s:10:\"7865069935\";isLogIn|b:1;'
WHERE `id` = '2c7c12187aec7560d4e03db5821d3a6d5ac981e0';
UPDATE `user_registration` SET `popup_seen` = 'yes'
WHERE `user_id` = 'R37QLI';
UPDATE `user_registration` SET `popup_seen` = 'yes'
WHERE `user_id` = 'H2HQC8';
UPDATE `user_registration` SET `popup_seen` = 'yes'
WHERE `user_id` = 'R37QLI';
UPDATE `user_registration` SET `popup_seen` = 'no'
WHERE `user_id` = 'H2HQC8';
DELETE FROM `ci_sessions`
WHERE `id` = '1f38f33b5de4259c30ca8927d58de02a84322b37';
INSERT INTO `login_history` (`user_id`, `device`, `ip_address`, `date`) VALUES ('L268VW', 'Mozilla/5.0 (Windows NT 10.0; Win64; x64) AppleWebKit/537.36 (KHTML, like Gecko) Chrome/132.0.0.0 Safari/537.36 Edg/132.0.0.0', '172.70.255.193', '25-01-25 13:24');
UPDATE `user_registration` SET `popup_seen` = 'yes'
WHERE `user_id` = 'L268VW';
UPDATE `ci_sessions` SET `timestamp` = 1737833084, `data` = '__ci_last_regenerate|i:1737833084;id|s:4:\"2070\";user_id|s:6:\"UTF7YN\";username|s:7:\"Miguelm\";sponsor_id|s:6:\"CVVK4C\";fullname|s:16:\"Miguel Martinez \";email|s:32:\"miguelmartinezzamora89@gmail.com\";phone|s:10:\"7866948502\";isLogIn|b:1;'
WHERE `id` = 'd981dffb8806fc16293dbc06ef016ca4e29432eb';
UPDATE `user_registration` SET `popup_seen` = 'yes'
WHERE `user_id` = 'UTF7YN';
UPDATE `user_registration` SET `popup_seen` = 'no'
WHERE `user_id` = 'L268VW';
DELETE FROM `ci_sessions`
WHERE `id` = '2c96c1ed5503d3fd065be4109ea569299d91f023';
UPDATE `ci_sessions` SET `timestamp` = 1737833187, `data` = '__ci_last_regenerate|i:1737833187;id|s:4:\"2061\";user_id|s:6:\"U7SMZ8\";username|s:6:\"Clau66\";sponsor_id|s:6:\"UQO7EQ\";fullname|s:14:\"Claudia Pisana\";email|s:21:\"claujor06@hotmail.com\";phone|s:10:\"7863843449\";isLogIn|b:1;'
WHERE `id` = 'c72c0e5e7a5415f37a1598b22b0d107f1525acf5';
INSERT INTO `login_history` (`user_id`, `device`, `ip_address`, `date`) VALUES ('K55EDD', 'Mozilla/5.0 (iPhone; CPU iPhone OS 18_0 like Mac OS X) AppleWebKit/605.1.15 (KHTML, like Gecko) Version/18.0 Mobile/15E148 Safari/604.1', '172.70.82.149', '25-01-25 13:26');
UPDATE `user_registration` SET `popup_seen` = 'yes'
WHERE `user_id` = 'K55EDD';
UPDATE `ci_sessions` SET `timestamp` = 1737833197, `data` = '__ci_last_regenerate|i:1737833197;id|s:4:\"2098\";user_id|s:6:\"WDEXJT\";username|s:8:\"Randol25\";sponsor_id|s:6:\"U7SMZ8\";fullname|s:12:\"Randol Perez\";email|s:20:\"randol1976@gmail.com\";phone|s:10:\"7866240573\";isLogIn|b:1;'
WHERE `id` = '01de792a509f70661b3b1000fb93289e8340e79a';
UPDATE `ci_sessions` SET `timestamp` = 1737833221, `data` = '__ci_last_regenerate|i:1737833221;id|s:4:\"2031\";user_id|s:6:\"R37QLI\";username|s:5:\"dleon\";sponsor_id|s:6:\"H2HQC8\";fullname|s:11:\"Dayami Leon\";email|s:20:\"atravel4uu@gmail.com\";phone|s:10:\"7865069935\";isLogIn|b:1;'
WHERE `id` = 'ba403c93fead47dbb655fd860dea5d5f9960bc65';
UPDATE `user_registration` SET `popup_seen` = 'yes'
WHERE `user_id` = 'R37QLI';
UPDATE `user_registration` SET `popup_seen` = 'yes'
WHERE `user_id` = 'U7SMZ8';
INSERT INTO `login_history` (`user_id`, `device`, `ip_address`, `date`) VALUES ('L8NRSC', 'Mozilla/5.0 (Windows NT 10.0; Win64; x64) AppleWebKit/537.36 (KHTML, like Gecko) Chrome/132.0.0.0 Safari/537.36 Edg/132.0.0.0', '108.162.212.30', '25-01-25 13:28');
UPDATE `user_registration` SET `popup_seen` = 'yes'
WHERE `user_id` = 'L8NRSC';
UPDATE `user_registration` SET `popup_seen` = 'yes'
WHERE `user_id` = 'K55EDD';
UPDATE `ci_sessions` SET `timestamp` = 1737833366, `data` = '__ci_last_regenerate|i:1737833366;captcha|s:4:\"qzrz\";'
WHERE `id` = 'c2ae3b1c402fb1251c8a0e5aa3694348936c38b9';
INSERT INTO `login_history` (`user_id`, `device`, `ip_address`, `date`) VALUES ('UQO7EQ', 'Mozilla/5.0 (Linux; Android 10; K) AppleWebKit/537.36 (KHTML, like Gecko) Chrome/131.0.0.0 Mobile Safari/537.36', '108.162.210.157', '25-01-25 13:29');
UPDATE `user_registration` SET `popup_seen` = 'yes'
WHERE `user_id` = 'UQO7EQ';
UPDATE `user_registration` SET `popup_seen` = 'yes'
WHERE `user_id` = 'K55EDD';
UPDATE `user_registration` SET `popup_seen` = 'yes'
WHERE `user_id` = 'K55EDD';
UPDATE `ci_sessions` SET `timestamp` = 1737833536, `data` = '__ci_last_regenerate|i:1737833536;id|s:4:\"2074\";user_id|s:6:\"L8NRSC\";username|s:6:\"ehevia\";sponsor_id|s:6:\"JHRDHS\";fullname|s:12:\"Elina  Hevia\";email|s:22:\"heviaelina17@gmail.com\";phone|s:10:\"7862615995\";isLogIn|b:1;'
WHERE `id` = '75c37618731746b637c9de906c94eba861bd8711';
UPDATE `user_registration` SET `language` = 'spanish'
WHERE `user_id` = 'L8NRSC';
UPDATE `user_registration` SET `popup_seen` = 'no'
WHERE `user_id` = 'UQO7EQ';
DELETE FROM `ci_sessions`
WHERE `id` = '6fb2306d840ecbea6e69d97c9221efe2f024e5b0';
INSERT INTO `login_history` (`user_id`, `device`, `ip_address`, `date`) VALUES ('AABG7W', 'Mozilla/5.0 (Linux; Android 10; K) AppleWebKit/537.36 (KHTML, like Gecko) Chrome/132.0.0.0 Mobile Safari/537.36', '108.162.210.187', '25-01-25 13:39');
UPDATE `user_registration` SET `popup_seen` = 'yes'
WHERE `user_id` = 'AABG7W';
UPDATE `ci_sessions` SET `timestamp` = 1737834094, `data` = '__ci_last_regenerate|i:1737834094;id|s:4:\"2061\";user_id|s:6:\"U7SMZ8\";username|s:6:\"Clau66\";sponsor_id|s:6:\"UQO7EQ\";fullname|s:14:\"Claudia Pisana\";email|s:21:\"claujor06@hotmail.com\";phone|s:10:\"7863843449\";isLogIn|b:1;'
WHERE `id` = '046fabed6b08bcac69ba3d014caafd3dfa4e4ad3';
UPDATE `user_registration` SET `popup_seen` = 'no'
WHERE `user_id` = 'U7SMZ8';
DELETE FROM `ci_sessions`
WHERE `id` = '2fe72efe3c0edc20df02879131f8b236ef3fe16e';
UPDATE `ci_sessions` SET `timestamp` = 1737834269, `data` = '__ci_last_regenerate|i:1737834269;id|s:4:\"2074\";user_id|s:6:\"L8NRSC\";username|s:6:\"ehevia\";sponsor_id|s:6:\"JHRDHS\";fullname|s:12:\"Elina  Hevia\";email|s:22:\"heviaelina17@gmail.com\";phone|s:10:\"7862615995\";isLogIn|b:1;'
WHERE `id` = '40719eb44691e96301abb0c7145b9fafc06c910a';
UPDATE `user_registration` SET `popup_seen` = 'yes'
WHERE `user_id` = 'L8NRSC';
UPDATE `ci_sessions` SET `timestamp` = 1737834760, `data` = '__ci_last_regenerate|i:1737834760;id|s:4:\"2031\";user_id|s:6:\"R37QLI\";username|s:5:\"dleon\";sponsor_id|s:6:\"H2HQC8\";fullname|s:11:\"Dayami Leon\";email|s:20:\"atravel4uu@gmail.com\";phone|s:10:\"7865069935\";isLogIn|b:1;'
WHERE `id` = '8f7a21cbf666e7fbc5f93473e980f56f27c863f6';
UPDATE `user_registration` SET `popup_seen` = 'yes'
WHERE `user_id` = 'R37QLI';
UPDATE `ci_sessions` SET `timestamp` = 1737835055, `data` = '__ci_last_regenerate|i:1737835055;id|s:4:\"2052\";user_id|s:6:\"K55EDD\";username|s:10:\"Varadero20\";sponsor_id|s:6:\"UQO7EQ\";fullname|s:16:\"Francisco Prieto\";email|s:24:\"prieto112015@hotmail.com\";phone|s:10:\"3059264135\";isLogIn|b:1;'
WHERE `id` = '07aed119436464344eeda3120ebce150ff1bb2f9';
UPDATE `user_registration` SET `popup_seen` = 'yes'
WHERE `user_id` = 'K55EDD';
UPDATE `user_registration` SET `popup_seen` = 'yes'
WHERE `user_id` = 'K55EDD';
UPDATE `ci_sessions` SET `timestamp` = 1737835277, `data` = '__ci_last_regenerate|i:1737835277;id|s:4:\"2054\";user_id|s:6:\"CVVK4C\";username|s:7:\"ManuelN\";sponsor_id|s:6:\"K55EDD\";fullname|s:14:\"Manuel Naranjo\";email|s:26:\"naranjo.manuel93@gmail.com\";phone|s:6:\"786326\";isLogIn|b:1;'
WHERE `id` = 'f9fb424e35e680eb5b738ef0fee86260dbc49e74';
UPDATE `user_registration` SET `popup_seen` = 'yes'
WHERE `user_id` = 'CVVK4C';
UPDATE `user_registration` SET `popup_seen` = 'yes'
WHERE `user_id` = 'CVVK4C';
UPDATE `ci_sessions` SET `timestamp` = 1737835555, `data` = '__ci_last_regenerate|i:1737835555;id|s:4:\"2021\";user_id|s:6:\"44B9Y4\";username|s:7:\"Talimbi\";sponsor_id|s:5:\"admin\";fullname|s:14:\"Emilio Tapanes\";email|s:23:\"emiliotapanes@gmail.com\";phone|s:10:\"7862876762\";isLogIn|b:1;'
WHERE `id` = 'ff26227cd3ce5467fb0931efdae454800b0b5d2f';
UPDATE `ci_sessions` SET `timestamp` = 1737835983, `data` = '__ci_last_regenerate|i:1737835983;id|s:4:\"2031\";user_id|s:6:\"R37QLI\";username|s:5:\"dleon\";sponsor_id|s:6:\"H2HQC8\";fullname|s:11:\"Dayami Leon\";email|s:20:\"atravel4uu@gmail.com\";phone|s:10:\"7865069935\";isLogIn|b:1;'
WHERE `id` = '9876676a663a5280cc247bd7fd6ab7cfb6215e96';
UPDATE `user_registration` SET `popup_seen` = 'yes'
WHERE `user_id` = 'R37QLI';
UPDATE `ci_sessions` SET `timestamp` = 1737836193, `data` = '__ci_last_regenerate|i:1737836193;id|s:4:\"2054\";user_id|s:6:\"CVVK4C\";username|s:7:\"ManuelN\";sponsor_id|s:6:\"K55EDD\";fullname|s:14:\"Manuel Naranjo\";email|s:26:\"naranjo.manuel93@gmail.com\";phone|s:6:\"786326\";isLogIn|b:1;'
WHERE `id` = '03444d3889f52b732162b7aaf1f85aede234e1da';
UPDATE `user_registration` SET `popup_seen` = 'yes'
WHERE `user_id` = 'CVVK4C';
UPDATE `user_registration` SET `popup_seen` = 'yes'
WHERE `user_id` = 'CVVK4C';
UPDATE `ci_sessions` SET `timestamp` = 1737836516, `data` = '__ci_last_regenerate|i:1737836516;id|s:4:\"2073\";user_id|s:6:\"XHO8CJ\";username|s:7:\"Ariel78\";sponsor_id|s:6:\"U7SMZ8\";fullname|s:12:\"Ariel Zomoza\";email|s:23:\"arielzomoza@hotmail.com\";phone|s:10:\"7863844290\";isLogIn|b:1;'
WHERE `id` = '23998f1af93dcf07e0444f97665e9baa46f7f8ef';
UPDATE `user_registration` SET `popup_seen` = 'yes'
WHERE `user_id` = 'XHO8CJ';
INSERT INTO `login_history` (`user_id`, `device`, `ip_address`, `date`) VALUES ('44B9Y4', 'Mozilla/5.0 (Linux; Android 10; K) AppleWebKit/537.36 (KHTML, like Gecko) Chrome/132.0.0.0 Mobile Safari/537.36', '172.70.82.158', '25-01-25 14:25');
UPDATE `user_registration` SET `popup_seen` = 'yes'
WHERE `user_id` = '44B9Y4';
UPDATE `ci_sessions` SET `timestamp` = 1737837415, `data` = '__ci_last_regenerate|i:1737837415;id|s:4:\"2074\";user_id|s:6:\"L8NRSC\";username|s:6:\"ehevia\";sponsor_id|s:6:\"JHRDHS\";fullname|s:12:\"Elina  Hevia\";email|s:22:\"heviaelina17@gmail.com\";phone|s:10:\"7862615995\";isLogIn|b:1;'
WHERE `id` = 'd55dd4ca96e9cfbe2ed00abd6379a93545430232';
UPDATE `user_registration` SET `popup_seen` = 'yes'
WHERE `user_id` = 'L8NRSC';
UPDATE `ci_sessions` SET `timestamp` = 1737838164, `data` = '__ci_last_regenerate|i:1737838164;id|s:4:\"2031\";user_id|s:6:\"R37QLI\";username|s:5:\"dleon\";sponsor_id|s:6:\"H2HQC8\";fullname|s:11:\"Dayami Leon\";email|s:20:\"atravel4uu@gmail.com\";phone|s:10:\"7865069935\";isLogIn|b:1;'
WHERE `id` = 'b89e7e4aa924ebc783b3a9234ad7e26a804373a6';
UPDATE `user_registration` SET `popup_seen` = 'yes'
WHERE `user_id` = 'R37QLI';
UPDATE `user_registration` SET `popup_seen` = 'yes'
WHERE `user_id` = 'R37QLI';
UPDATE `ci_sessions` SET `timestamp` = 1737838784, `data` = '__ci_last_regenerate|i:1737838784;id|s:4:\"2052\";user_id|s:6:\"K55EDD\";username|s:10:\"Varadero20\";sponsor_id|s:6:\"UQO7EQ\";fullname|s:16:\"Francisco Prieto\";email|s:24:\"prieto112015@hotmail.com\";phone|s:10:\"3059264135\";isLogIn|b:1;'
WHERE `id` = 'e9413752bf69b0c4ca6f26d49a97c1fd3b105705';
UPDATE `user_registration` SET `popup_seen` = 'yes'
WHERE `user_id` = 'K55EDD';
UPDATE `user_registration` SET `popup_seen` = 'yes'
WHERE `user_id` = 'K55EDD';
UPDATE `user_registration` SET `popup_seen` = 'yes'
WHERE `user_id` = 'K55EDD';
UPDATE `user_registration` SET `popup_seen` = 'yes'
WHERE `user_id` = 'K55EDD';
UPDATE `ci_sessions` SET `timestamp` = 1737839174, `data` = '__ci_last_regenerate|i:1737839174;id|s:4:\"2031\";user_id|s:6:\"R37QLI\";username|s:5:\"dleon\";sponsor_id|s:6:\"H2HQC8\";fullname|s:11:\"Dayami Leon\";email|s:20:\"atravel4uu@gmail.com\";phone|s:10:\"7865069935\";isLogIn|b:1;'
WHERE `id` = '8aa39d9bbd1e492d16a78aae01230b7b049f24b4';
UPDATE `user_registration` SET `popup_seen` = 'yes'
WHERE `user_id` = 'R37QLI';
UPDATE `ci_sessions` SET `timestamp` = 1737839315, `data` = '__ci_last_regenerate|i:1737839315;captcha|s:4:\"whcy\";'
WHERE `id` = 'e4251f8399d7eaefb2e6278e5eb737f8dd6f8b57';
INSERT INTO `login_history` (`user_id`, `device`, `ip_address`, `date`) VALUES ('U7SMZ8', 'Mozilla/5.0 (Macintosh; Intel Mac OS X 10_15_7) AppleWebKit/605.1.15 (KHTML, like Gecko) Version/17.6 Safari/605.1.15', '172.70.254.2', '25-01-25 15:09');
UPDATE `user_registration` SET `popup_seen` = 'yes'
WHERE `user_id` = 'U7SMZ8';
UPDATE `user_registration` SET `popup_seen` = 'no'
WHERE `user_id` = 'U7SMZ8';
DELETE FROM `ci_sessions`
WHERE `id` = '3772bf7f6557de0ab71f962cababa02c9df5f334';
UPDATE `ci_sessions` SET `timestamp` = 1737839649, `data` = '__ci_last_regenerate|i:1737839649;id|s:4:\"2098\";user_id|s:6:\"WDEXJT\";username|s:8:\"Randol25\";sponsor_id|s:6:\"U7SMZ8\";fullname|s:12:\"Randol Perez\";email|s:20:\"randol1976@gmail.com\";phone|s:10:\"7866240573\";isLogIn|b:1;'
WHERE `id` = '33e903fec7f9a04529dda58c85764a22a640a9e0';
UPDATE `ci_sessions` SET `timestamp` = 1737839888, `data` = '__ci_last_regenerate|i:1737839888;id|s:4:\"2021\";user_id|s:6:\"44B9Y4\";username|s:7:\"Talimbi\";sponsor_id|s:5:\"admin\";fullname|s:14:\"Emilio Tapanes\";email|s:23:\"emiliotapanes@gmail.com\";phone|s:10:\"7862876762\";isLogIn|b:1;'
WHERE `id` = '277e025de17617f99370b3404378f67545962048';
UPDATE `user_registration` SET `popup_seen` = 'yes'
WHERE `user_id` = '44B9Y4';
UPDATE `ci_sessions` SET `timestamp` = 1737840230, `data` = '__ci_last_regenerate|i:1737840230;id|s:4:\"2031\";user_id|s:6:\"R37QLI\";username|s:5:\"dleon\";sponsor_id|s:6:\"H2HQC8\";fullname|s:11:\"Dayami Leon\";email|s:20:\"atravel4uu@gmail.com\";phone|s:10:\"7865069935\";isLogIn|b:1;'
WHERE `id` = '71b775f74561f5da03de7980111b3b2b04efd8bc';
UPDATE `user_registration` SET `popup_seen` = 'yes'
WHERE `user_id` = 'R37QLI';
UPDATE `ci_sessions` SET `timestamp` = 1737840278, `data` = '__ci_last_regenerate|i:1737840278;id|s:4:\"2073\";user_id|s:6:\"XHO8CJ\";username|s:7:\"Ariel78\";sponsor_id|s:6:\"U7SMZ8\";fullname|s:12:\"Ariel Zomoza\";email|s:23:\"arielzomoza@hotmail.com\";phone|s:10:\"7863844290\";isLogIn|b:1;'
WHERE `id` = '5a8f47d963448afee14bd125cb374940ace97ee3';
UPDATE `user_registration` SET `popup_seen` = 'no'
WHERE `user_id` = 'XHO8CJ';
DELETE FROM `ci_sessions`
WHERE `id` = 'fb5c94e7ae421512554bff9630777eeef26fc65d';
INSERT INTO `login_history` (`user_id`, `device`, `ip_address`, `date`) VALUES ('XHO8CJ', 'Mozilla/5.0 (Windows NT 10.0; Win64; x64) AppleWebKit/537.36 (KHTML, like Gecko) Chrome/131.0.0.0 Safari/537.36', '108.162.212.30', '25-01-25 15:24');
UPDATE `user_registration` SET `popup_seen` = 'yes'
WHERE `user_id` = 'XHO8CJ';
UPDATE `ci_sessions` SET `timestamp` = 1737840302, `data` = '__ci_last_regenerate|i:1737840302;captcha|s:4:\"mjm5\";'
WHERE `id` = 'ba47680cd8001150a859f15a866658ac7a226008';
INSERT INTO `login_history` (`user_id`, `device`, `ip_address`, `date`) VALUES ('U7SMZ8', 'Mozilla/5.0 (Macintosh; Intel Mac OS X 10_15_7) AppleWebKit/605.1.15 (KHTML, like Gecko) Version/17.6 Safari/605.1.15', '172.70.55.158', '25-01-25 15:25');
UPDATE `user_registration` SET `popup_seen` = 'yes'
WHERE `user_id` = 'U7SMZ8';
UPDATE `user_registration` SET `popup_seen` = 'no'
WHERE `user_id` = 'U7SMZ8';
DELETE FROM `ci_sessions`
WHERE `id` = '06948e27f473463f68796a9010f6805fd93966df';
UPDATE `ci_sessions` SET `timestamp` = 1737840386, `data` = '__ci_last_regenerate|i:1737840386;id|s:4:\"2021\";user_id|s:6:\"44B9Y4\";username|s:7:\"Talimbi\";sponsor_id|s:5:\"admin\";fullname|s:14:\"Emilio Tapanes\";email|s:23:\"emiliotapanes@gmail.com\";phone|s:10:\"7862876762\";isLogIn|b:1;'
WHERE `id` = 'a7dfb6b2c36f57e014f9e7f4dbbbf7ff13072d02';
INSERT INTO `login_history` (`user_id`, `device`, `ip_address`, `date`) VALUES ('U7SMZ8', 'Mozilla/5.0 (Macintosh; Intel Mac OS X 10_15_7) AppleWebKit/605.1.15 (KHTML, like Gecko) Version/17.6 Safari/605.1.15', '172.70.55.158', '25-01-25 15:27');
UPDATE `user_registration` SET `popup_seen` = 'yes'
WHERE `user_id` = 'U7SMZ8';
UPDATE `ci_sessions` SET `timestamp` = 1737840966, `data` = '__ci_last_regenerate|i:1737840966;id|s:4:\"2061\";user_id|s:6:\"U7SMZ8\";username|s:6:\"Clau66\";sponsor_id|s:6:\"UQO7EQ\";fullname|s:14:\"Claudia Pisana\";email|s:21:\"claujor06@hotmail.com\";phone|s:10:\"7863843449\";isLogIn|b:1;'
WHERE `id` = '95678d9855474add2da6c4c39ed5106e8dacd299';
INSERT INTO `temp_register` (`post_data`, `date`, `payment_method`, `type`) VALUES ('{\"uid\":\"2102\",\"user_id\":\"OMGB4G\",\"username\":\"Debora68\",\"sponsor_id\":\"U7SMZ8\",\"vacant\":\"no\",\"f_name\":\"Ania\",\"l_name\":\"Debora\",\"position\":\"left\",\"email\":\"aniadebora8@gmail.com\",\"password\":\"03ceb604968db90ac866756151e883e1\",\"phone\":\"3057261484\",\"country\":\"United States\",\"state\":\"Florida\",\"city\":\"Opa Locka\",\"street\":\"4050 NW 135 ST Bldg 2-15\",\"zip_code\":\"33054\",\"reg_ip\":\"172.70.55.203\",\"status\":1,\"package_id\":\"2\",\"rank_id\":1,\"highest_rank\":1,\"cycle_rank_id\":1,\"created\":\"2025-01-25 15:36:06\",\"subscription_date\":\"2025-02-24\",\"google_secret\":\"BRGIZR65A22PJ36L\"}', '2025-01-25 15:36:06', 'stripe', 'register');
UPDATE `ci_sessions` SET `timestamp` = 1737841061, `data` = '__ci_last_regenerate|i:1737841061;id|s:4:\"2073\";user_id|s:6:\"XHO8CJ\";username|s:7:\"Ariel78\";sponsor_id|s:6:\"U7SMZ8\";fullname|s:12:\"Ariel Zomoza\";email|s:23:\"arielzomoza@hotmail.com\";phone|s:10:\"7863844290\";isLogIn|b:1;message|s:20:\"Welcome Ariel Zomoza\";__ci_vars|a:1:{s:7:\"message\";s:3:\"old\";}'
WHERE `id` = 'ed8ef9bf96344c813bc74937ed3c65d5b8e1353c';
UPDATE `user_registration` SET `popup_seen` = 'yes'
WHERE `user_id` = 'XHO8CJ';
UPDATE `temp_register` SET `response` = '{\"stripeToken\":\"tok_1QlH3a2NUoYUjiuudkxhKF1J\",\"stripeTokenType\":\"card\",\"stripeEmail\":\"aniadebora8@gmail.com\"}', `date_modified` = '2025-01-25 15:38:27', `payment_status` = '{\"id\":\"ch_3QlH3f2NUoYUjiuu1dqRAVhi\",\"object\":\"charge\",\"amount\":59500,\"amount_captured\":59500,\"amount_refunded\":0,\"application\":null,\"application_fee\":null,\"application_fee_amount\":null,\"balance_transaction\":\"txn_3QlH3f2NUoYUjiuu1VQVOp9I\",\"billing_details\":{\"address\":{\"city\":null,\"country\":null,\"line1\":null,\"line2\":null,\"postal_code\":null,\"state\":null},\"email\":null,\"name\":\"aniadebora8@gmail.com\",\"phone\":null},\"calculated_statement_descriptor\":\"TRAVELEGENDCY LLC\",\"captured\":true,\"created\":1737841107,\"currency\":\"usd\",\"customer\":\"cus_ReaEZFAgB4vC38\",\"description\":null,\"destination\":null,\"dispute\":null,\"disputed\":false,\"failure_balance_transaction\":null,\"failure_code\":null,\"failure_message\":null,\"fraud_details\":[],\"invoice\":null,\"livemode\":true,\"metadata\":{\"name\":\"Ania Debora\",\"username\":\"Debora68\"},\"on_behalf_of\":null,\"order\":null,\"outcome\":{\"advice_code\":null,\"network_advice_code\":null,\"network_decline_code\":null,\"network_status\":\"approved_by_network\",\"reason\":null,\"risk_level\":\"normal\",\"seller_message\":\"Payment complete.\",\"type\":\"authorized\"},\"paid\":true,\"payment_intent\":null,\"payment_method\":\"card_1QlH3a2NUoYUjiuudV48XJwo\",\"payment_method_details\":{\"card\":{\"amount_authorized\":59500,\"authorization_code\":\"02528R\",\"brand\":\"discover\",\"checks\":{\"address_line1_check\":null,\"address_postal_code_check\":null,\"cvc_check\":\"pass\"},\"country\":\"US\",\"exp_month\":10,\"exp_year\":2029,\"extended_authorization\":{\"status\":\"disabled\"},\"fingerprint\":\"1ymzcaSnhwHy8k0S\",\"funding\":\"credit\",\"incremental_authorization\":{\"status\":\"unavailable\"},\"installments\":null,\"last4\":\"9855\",\"mandate\":null,\"multicapture\":{\"status\":\"unavailable\"},\"network\":\"discover\",\"network_token\":{\"used\":false},\"network_transaction_id\":\"755021335070539\",\"overcapture\":{\"maximum_amount_capturable\":59500,\"status\":\"unavailable\"},\"regulated_status\":\"unregulated\",\"three_d_secure\":null,\"wallet\":null},\"type\":\"card\"},\"receipt_email\":null,\"receipt_number\":null,\"receipt_url\":\"https:\\/\\/pay.stripe.com\\/receipts\\/payment\\/CAcQARoXChVhY2N0XzFRUEFGdjJOVW9ZVWppdXUo1LPVvAYyBmPoKH32CjosFqMWzjutysbbZOn4Ilt3vqxweIbGktd_Qp1E2kMMNmwK3tVHBfBecuy4XW8\",\"refunded\":false,\"review\":null,\"shipping\":null,\"source\":{\"id\":\"card_1QlH3a2NUoYUjiuudV48XJwo\",\"object\":\"card\",\"address_city\":null,\"address_country\":null,\"address_line1\":null,\"address_line1_check\":null,\"address_line2\":null,\"address_state\":null,\"address_zip\":null,\"address_zip_check\":null,\"allow_redisplay\":\"unspecified\",\"brand\":\"Discover\",\"country\":\"US\",\"customer\":\"cus_ReaEZFAgB4vC38\",\"cvc_check\":\"pass\",\"dynamic_last4\":null,\"exp_month\":10,\"exp_year\":2029,\"fingerprint\":\"1ymzcaSnhwHy8k0S\",\"funding\":\"credit\",\"last4\":\"9855\",\"metadata\":[],\"name\":\"aniadebora8@gmail.com\",\"regulated_status\":\"unregulated\",\"tokenization_method\":null,\"wallet\":null},\"source_transfer\":null,\"statement_descriptor\":null,\"statement_descriptor_suffix\":null,\"status\":\"succeeded\",\"transfer_data\":null,\"transfer_group\":null}'
WHERE `id` = 62;
UPDATE `user_registration` SET `uid` = '2102', `user_id` = 'OMGB4G', `username` = 'Debora68', `sponsor_id` = 'U7SMZ8', `vacant` = 'no', `f_name` = 'Ania', `l_name` = 'Debora', `position` = 'left', `email` = 'aniadebora8@gmail.com', `password` = '03ceb604968db90ac866756151e883e1', `phone` = '3057261484', `country` = 'United States', `state` = 'Florida', `city` = 'Opa Locka', `street` = '4050 NW 135 ST Bldg 2-15', `zip_code` = '33054', `reg_ip` = '172.70.55.203', `status` = 1, `package_id` = '2', `rank_id` = 1, `highest_rank` = 1, `cycle_rank_id` = 1, `created` = '2025-01-25 15:36:06', `subscription_date` = '2025-02-24', `google_secret` = 'BRGIZR65A22PJ36L'
WHERE `uid` = '2102';
INSERT INTO `user_registration` (`uid`, `user_id`, `username`, `sponsor_id`, `placement_id`, `vacant`, `f_name`, `l_name`, `address`, `position`, `email`, `password`, `phone`, `reg_ip`, `status`, `created`) VALUES (NULL, 'WSWCMM', 'RBwafWTz', 'OMGB4G', 'OMGB4G', 'yes', '', '', '', 'left', '@mail.com', '', '', '', 0, '2025-01-25 15:38:27');
INSERT INTO `user_registration` (`uid`, `user_id`, `username`, `sponsor_id`, `placement_id`, `vacant`, `f_name`, `l_name`, `address`, `position`, `email`, `password`, `phone`, `reg_ip`, `status`, `created`) VALUES (NULL, 'SXRWGG', 'pFuQRIJi', 'OMGB4G', 'OMGB4G', 'yes', '', '', '', 'right', '@mail.com', '', '', '', 0, '2025-01-25 15:38:27');
INSERT INTO `bv_updation` (`user_id`) VALUES ('OMGB4G');
UPDATE `user_registration` SET total_ref_count = total_ref_count+1
WHERE `user_id` = 'U7SMZ8';
UPDATE `user_registration` SET total_downlines = total_downlines+1
WHERE `user_id` = 'WDEXJT';
UPDATE `user_registration` SET left_downlines = left_downlines+1
WHERE `user_id` = 'WDEXJT';
UPDATE `user_registration` SET total_downlines = total_downlines+1
WHERE `user_id` = 'JIL8K9';
UPDATE `user_registration` SET left_downlines = left_downlines+1
WHERE `user_id` = 'JIL8K9';
UPDATE `user_registration` SET total_downlines = total_downlines+1
WHERE `user_id` = 'U7SMZ8';
UPDATE `user_registration` SET left_downlines = left_downlines+1
WHERE `user_id` = 'U7SMZ8';
UPDATE `user_registration` SET left_ref_count = left_ref_count+1
WHERE `user_id` = 'U7SMZ8';
UPDATE `user_registration` SET active_left = active_left+1
WHERE `user_id` = 'U7SMZ8';
UPDATE `user_registration` SET total_downlines = total_downlines+1
WHERE `user_id` = 'AABG7W';
UPDATE `user_registration` SET right_downlines = right_downlines+1
WHERE `user_id` = 'AABG7W';
UPDATE `user_registration` SET total_downlines = total_downlines+1
WHERE `user_id` = '3ZDIFO';
UPDATE `user_registration` SET right_downlines = right_downlines+1
WHERE `user_id` = '3ZDIFO';
UPDATE `user_registration` SET total_downlines = total_downlines+1
WHERE `user_id` = 'UQO7EQ';
UPDATE `user_registration` SET right_downlines = right_downlines+1
WHERE `user_id` = 'UQO7EQ';
UPDATE `user_registration` SET total_downlines = total_downlines+1
WHERE `user_id` = 'N6GZAE';
UPDATE `user_registration` SET left_downlines = left_downlines+1
WHERE `user_id` = 'N6GZAE';
UPDATE `user_registration` SET total_downlines = total_downlines+1
WHERE `user_id` = '4E1CRI';
UPDATE `user_registration` SET left_downlines = left_downlines+1
WHERE `user_id` = '4E1CRI';
UPDATE `user_registration` SET total_downlines = total_downlines+1
WHERE `user_id` = 'SJBNYJ';
UPDATE `user_registration` SET left_downlines = left_downlines+1
WHERE `user_id` = 'SJBNYJ';
UPDATE `user_registration` SET total_downlines = total_downlines+1
WHERE `user_id` = '44B9Y4';
UPDATE `user_registration` SET left_downlines = left_downlines+1
WHERE `user_id` = '44B9Y4';
UPDATE `user_registration` SET total_downlines = total_downlines+1
WHERE `user_id` = 'admin';
UPDATE `user_registration` SET right_downlines = right_downlines+1
WHERE `user_id` = 'admin';
INSERT INTO `investment` (`invest_date`, `user_id`, `type`, `amount`, `package_id`) VALUES ('2025-01-25 15:38:27', 'OMGB4G', 'register', '595', '2');
INSERT INTO `earnings` (`user_id`, `Purchaser_id`, `earning_type`, `package_id`, `amount`, `date`, `comments`, `invest_amount`, `comm_perc`, `level`, `rank_id`, `order_id`) VALUES ('U7SMZ8', 'OMGB4G', 'Direct Referral Bonus', '2', '100', '2025-01-25 15:38:27', 'Direct Referral Bonus', 0, 0, 1, '', 48);
UPDATE `user_registration` SET commission_balance = ROUND(commission_balance + 100,2)
WHERE `user_id` = 'U7SMZ8';
UPDATE `user_registration` SET referral_bonus = ROUND(referral_bonus + 100,2)
WHERE `user_id` = 'U7SMZ8';
UPDATE `user_registration` SET total_points = ROUND(total_points + 50,2)
WHERE `user_id` = 'OMGB4G';
INSERT INTO `points_history` (`user_id`, `points`, `type`, `date`) VALUES ('OMGB4G', '50', 'register', '2025-01-25 15:38:');
INSERT INTO `matrix_filling` (`placement_id`, `downline_id`, `level`, `matrix`) VALUES ('WDEXJT', 'OMGB4G', 1, 1);
UPDATE `bv_updation` SET left_carry = left_carry+50, total_left = total_left+50
WHERE `user_id` = 'WDEXJT';
INSERT INTO `placement_bv_update_history` (`left_carry`, `date`, `from_id`, `user_id`) VALUES ('50', '2025-01-25 15:38:27', 'OMGB4G', 'WDEXJT');
INSERT INTO `matrix_filling` (`placement_id`, `downline_id`, `level`, `matrix`) VALUES ('JIL8K9', 'OMGB4G', 2, 1);
UPDATE `bv_updation` SET left_carry = left_carry+50, total_left = total_left+50
WHERE `user_id` = 'JIL8K9';
INSERT INTO `placement_bv_update_history` (`left_carry`, `date`, `from_id`, `user_id`) VALUES ('50', '2025-01-25 15:38:27', 'OMGB4G', 'JIL8K9');
INSERT INTO `matrix_filling` (`placement_id`, `downline_id`, `level`, `matrix`) VALUES ('U7SMZ8', 'OMGB4G', 3, 1);
UPDATE `bv_updation` SET left_carry = left_carry+50, total_left = total_left+50
WHERE `user_id` = 'U7SMZ8';
INSERT INTO `placement_bv_update_history` (`left_carry`, `date`, `from_id`, `user_id`) VALUES ('50', '2025-01-25 15:38:27', 'OMGB4G', 'U7SMZ8');
UPDATE `bv_updation` SET sponsor_left_carry = sponsor_left_carry+50, sponsor_total_left = sponsor_total_left+50
WHERE `user_id` = 'U7SMZ8';
INSERT INTO `sponsor_bv_update_history` (`left_carry`, `date`, `user_id`) VALUES ('50', '2025-01-25 15:38:27', 'U7SMZ8');
INSERT INTO `matrix_filling` (`placement_id`, `downline_id`, `level`, `matrix`) VALUES ('AABG7W', 'OMGB4G', 4, 1);
UPDATE `bv_updation` SET right_carry = right_carry+50, total_right = total_right+50
WHERE `user_id` = 'AABG7W';
INSERT INTO `placement_bv_update_history` (`right_carry`, `date`, `from_id`, `user_id`) VALUES ('50', '2025-01-25 15:38:27', 'OMGB4G', 'AABG7W');
INSERT INTO `matrix_filling` (`placement_id`, `downline_id`, `level`, `matrix`) VALUES ('3ZDIFO', 'OMGB4G', 5, 1);
UPDATE `bv_updation` SET right_carry = right_carry+50, total_right = total_right+50
WHERE `user_id` = '3ZDIFO';
INSERT INTO `placement_bv_update_history` (`right_carry`, `date`, `from_id`, `user_id`) VALUES ('50', '2025-01-25 15:38:27', 'OMGB4G', '3ZDIFO');
INSERT INTO `matrix_filling` (`placement_id`, `downline_id`, `level`, `matrix`) VALUES ('UQO7EQ', 'OMGB4G', 6, 1);
UPDATE `bv_updation` SET right_carry = right_carry+50, total_right = total_right+50
WHERE `user_id` = 'UQO7EQ';
INSERT INTO `placement_bv_update_history` (`right_carry`, `date`, `from_id`, `user_id`) VALUES ('50', '2025-01-25 15:38:27', 'OMGB4G', 'UQO7EQ');
INSERT INTO `matrix_filling` (`placement_id`, `downline_id`, `level`, `matrix`) VALUES ('N6GZAE', 'OMGB4G', 7, 1);
UPDATE `bv_updation` SET left_carry = left_carry+50, total_left = total_left+50
WHERE `user_id` = 'N6GZAE';
INSERT INTO `placement_bv_update_history` (`left_carry`, `date`, `from_id`, `user_id`) VALUES ('50', '2025-01-25 15:38:27', 'OMGB4G', 'N6GZAE');
INSERT INTO `matrix_filling` (`placement_id`, `downline_id`, `level`, `matrix`) VALUES ('4E1CRI', 'OMGB4G', 8, 1);
UPDATE `bv_updation` SET left_carry = left_carry+50, total_left = total_left+50
WHERE `user_id` = '4E1CRI';
INSERT INTO `placement_bv_update_history` (`left_carry`, `date`, `from_id`, `user_id`) VALUES ('50', '2025-01-25 15:38:27', 'OMGB4G', '4E1CRI');
INSERT INTO `matrix_filling` (`placement_id`, `downline_id`, `level`, `matrix`) VALUES ('SJBNYJ', 'OMGB4G', 9, 1);
UPDATE `bv_updation` SET left_carry = left_carry+50, total_left = total_left+50
WHERE `user_id` = 'SJBNYJ';
INSERT INTO `placement_bv_update_history` (`left_carry`, `date`, `from_id`, `user_id`) VALUES ('50', '2025-01-25 15:38:27', 'OMGB4G', 'SJBNYJ');
INSERT INTO `matrix_filling` (`placement_id`, `downline_id`, `level`, `matrix`) VALUES ('44B9Y4', 'OMGB4G', 10, 1);
UPDATE `bv_updation` SET left_carry = left_carry+50, total_left = total_left+50
WHERE `user_id` = '44B9Y4';
INSERT INTO `placement_bv_update_history` (`left_carry`, `date`, `from_id`, `user_id`) VALUES ('50', '2025-01-25 15:38:27', 'OMGB4G', '44B9Y4');
INSERT INTO `matrix_filling` (`placement_id`, `downline_id`, `level`, `matrix`) VALUES ('admin', 'OMGB4G', 11, 1);
UPDATE `bv_updation` SET right_carry = right_carry+50, total_right = total_right+50
WHERE `user_id` = 'admin';
INSERT INTO `placement_bv_update_history` (`right_carry`, `date`, `from_id`, `user_id`) VALUES ('50', '2025-01-25 15:38:27', 'OMGB4G', 'admin');
INSERT INTO `package_purchase_history` (`user_id`, `package_id`, `reg_fee`, `package_name`, `monthly_fee`, `type`, `date`, `payment_option`) VALUES ('OMGB4G', '2', '595', 'Traveler Pro', '150', 'sign_up', '2025-01-25 15:38:27', 'stripe');
UPDATE `user_registration` SET `popup_seen` = 'yes'
WHERE `user_id` = 'XHO8CJ';
UPDATE `ci_sessions` SET `timestamp` = 1737841356, `data` = '__ci_last_regenerate|i:1737841356;id|s:4:\"2061\";user_id|s:6:\"U7SMZ8\";username|s:6:\"Clau66\";sponsor_id|s:6:\"UQO7EQ\";fullname|s:14:\"Claudia Pisana\";email|s:21:\"claujor06@hotmail.com\";phone|s:10:\"7863843449\";isLogIn|b:1;message|s:44:\"Your registration completed successfully...!\";__ci_vars|a:1:{s:7:\"message\";s:3:\"old\";}'
WHERE `id` = '6386f51d72bcab9afda3f3bce7bd37aadeb48ea7';
UPDATE `user_registration` SET `popup_seen` = 'no'
WHERE `user_id` = 'U7SMZ8';
DELETE FROM `ci_sessions`
WHERE `id` = 'b934509a0e3a141d341152ec237e5be74ee9079a';
UPDATE `ci_sessions` SET `timestamp` = 1737841392, `data` = '__ci_last_regenerate|i:1737841392;id|s:4:\"2021\";user_id|s:6:\"44B9Y4\";username|s:7:\"Talimbi\";sponsor_id|s:5:\"admin\";fullname|s:14:\"Emilio Tapanes\";email|s:23:\"emiliotapanes@gmail.com\";phone|s:10:\"7862876762\";isLogIn|b:1;'
WHERE `id` = '01fb7487418ec2c1ad2d781c722c8db7424eb120';
UPDATE `ci_sessions` SET `timestamp` = 1737841544, `data` = '__ci_last_regenerate|i:1737841544;id|s:4:\"2031\";user_id|s:6:\"R37QLI\";username|s:5:\"dleon\";sponsor_id|s:6:\"H2HQC8\";fullname|s:11:\"Dayami Leon\";email|s:20:\"atravel4uu@gmail.com\";phone|s:10:\"7865069935\";isLogIn|b:1;'
WHERE `id` = 'd3c7c5f335356d6a3efced25dbfc8fe841865f21';
UPDATE `user_registration` SET `popup_seen` = 'yes'
WHERE `user_id` = 'R37QLI';
UPDATE `ci_sessions` SET `timestamp` = 1737841690, `data` = '__ci_last_regenerate|i:1737841690;captcha|s:4:\"vuxj\";'
WHERE `id` = '468fe96ed2f47d4f7882173a949b8638409d7063';
UPDATE `ci_sessions` SET `timestamp` = 1737841699, `data` = '__ci_last_regenerate|i:1737841699;id|s:4:\"2052\";user_id|s:6:\"K55EDD\";username|s:10:\"Varadero20\";sponsor_id|s:6:\"UQO7EQ\";fullname|s:16:\"Francisco Prieto\";email|s:24:\"prieto112015@hotmail.com\";phone|s:10:\"3059264135\";isLogIn|b:1;'
WHERE `id` = '01f0d47bf597d80218ae59c183083724d5eb226d';
UPDATE `user_registration` SET `popup_seen` = 'yes'
WHERE `user_id` = 'K55EDD';
UPDATE `user_registration` SET `popup_seen` = 'yes'
WHERE `user_id` = 'K55EDD';
UPDATE `ci_sessions` SET `timestamp` = 1737841727, `data` = '__ci_last_regenerate|i:1737841727;captcha|s:4:\"2op6\";'
WHERE `id` = '52ca0c7fa54ad86a7d9271af68e79cd5e9ea4080';
UPDATE `user_registration` SET `popup_seen` = 'yes'
WHERE `user_id` = 'K55EDD';
UPDATE `ci_sessions` SET `timestamp` = 1737841750, `data` = '__ci_last_regenerate|i:1737841750;id|s:4:\"2054\";user_id|s:6:\"CVVK4C\";username|s:7:\"ManuelN\";sponsor_id|s:6:\"K55EDD\";fullname|s:14:\"Manuel Naranjo\";email|s:26:\"naranjo.manuel93@gmail.com\";phone|s:6:\"786326\";isLogIn|b:1;'
WHERE `id` = 'cff6b1f07c8e0000a7d100863b280decb222dffc';
UPDATE `user_registration` SET `popup_seen` = 'yes'
WHERE `user_id` = 'CVVK4C';
UPDATE `user_registration` SET `popup_seen` = 'yes'
WHERE `user_id` = 'K55EDD';
UPDATE `user_registration` SET `popup_seen` = 'yes'
WHERE `user_id` = 'CVVK4C';
INSERT INTO `login_history` (`user_id`, `device`, `ip_address`, `date`) VALUES ('OMGB4G', 'Mozilla/5.0 (Macintosh; Intel Mac OS X 10_15_7) AppleWebKit/605.1.15 (KHTML, like Gecko) Version/17.6 Safari/605.1.15', '172.70.254.3', '25-01-25 15:49');
UPDATE `user_registration` SET `popup_seen` = 'yes'
WHERE `user_id` = 'OMGB4G';
UPDATE `user_registration` SET `popup_seen` = 'yes'
WHERE `user_id` = 'OMGB4G';
UPDATE `user_registration` SET `popup_seen` = 'yes'
WHERE `user_id` = 'OMGB4G';
UPDATE `ci_sessions` SET `timestamp` = 1737841918, `data` = '__ci_last_regenerate|i:1737841918;captcha|s:4:\"cnu6\";'
WHERE `id` = '9519553bc57623e5337802d21dfddc9b651cf535';
UPDATE `user_registration` SET `popup_seen` = 'yes'
WHERE `user_id` = 'CVVK4C';
UPDATE `user_registration` SET `language` = 'spanish'
WHERE `user_id` = 'OMGB4G';
UPDATE `user_registration` SET `popup_seen` = 'yes'
WHERE `user_id` = 'OMGB4G';
UPDATE `user_registration` SET `default_leg` = 'left'
WHERE `user_id` = 'OMGB4G';
UPDATE `ci_sessions` SET `timestamp` = 1737842043, `data` = '__ci_last_regenerate|i:1737842043;id|s:4:\"2102\";user_id|s:6:\"OMGB4G\";username|s:8:\"Debora68\";sponsor_id|s:6:\"U7SMZ8\";fullname|s:11:\"Ania Debora\";email|s:21:\"aniadebora8@gmail.com\";phone|s:10:\"3057261484\";isLogIn|b:1;message|s:38:\"Your default Leg Updated Successfully!\";__ci_vars|a:1:{s:7:\"message\";s:3:\"old\";}'
WHERE `id` = '89da98bf27116edd60381055ab5ccc94e37482de';
UPDATE `user_registration` SET `default_leg` = 'right'
WHERE `user_id` = 'OMGB4G';
UPDATE `user_registration` SET `default_leg` = 'auto'
WHERE `user_id` = 'OMGB4G';
UPDATE `user_registration` SET `popup_seen` = 'yes'
WHERE `user_id` = 'OMGB4G';
UPDATE `ci_sessions` SET `timestamp` = 1737842238, `data` = '__ci_last_regenerate|i:1737842238;'
WHERE `id` = '78360c5c7a14b4d5031654c35441c3b5ca47d835';
INSERT INTO `login_history` (`user_id`, `device`, `ip_address`, `date`) VALUES ('AABG7W', 'Mozilla/5.0 (Linux; Android 10; K) AppleWebKit/537.36 (KHTML, like Gecko) Chrome/132.0.0.0 Mobile Safari/537.36', '172.70.255.77', '25-01-25 15:58');
UPDATE `user_registration` SET `popup_seen` = 'yes'
WHERE `user_id` = 'AABG7W';
UPDATE `user_registration` SET `popup_seen` = 'yes'
WHERE `user_id` = 'AABG7W';
UPDATE `ci_sessions` SET `timestamp` = 1737842446, `data` = '__ci_last_regenerate|i:1737842446;id|s:4:\"2021\";user_id|s:6:\"44B9Y4\";username|s:7:\"Talimbi\";sponsor_id|s:5:\"admin\";fullname|s:14:\"Emilio Tapanes\";email|s:23:\"emiliotapanes@gmail.com\";phone|s:10:\"7862876762\";isLogIn|b:1;'
WHERE `id` = '29a5e6f7ea483181bc8fc2d0d144fbd8d5898e5d';
UPDATE `ci_sessions` SET `timestamp` = 1737842572, `data` = '__ci_last_regenerate|i:1737842572;id|s:4:\"2102\";user_id|s:6:\"OMGB4G\";username|s:8:\"Debora68\";sponsor_id|s:6:\"U7SMZ8\";fullname|s:11:\"Ania Debora\";email|s:21:\"aniadebora8@gmail.com\";phone|s:10:\"3057261484\";isLogIn|b:1;'
WHERE `id` = '759bdae8a3cc48c834c370becff83ff1f0fc5913';
UPDATE `user_registration` SET `popup_seen` = 'no'
WHERE `user_id` = 'OMGB4G';
DELETE FROM `ci_sessions`
WHERE `id` = 'c1032c36be0e834673450bd63b1200805175bfce';
UPDATE `ci_sessions` SET `timestamp` = 1737843239, `data` = '__ci_last_regenerate|i:1737843239;id|s:4:\"2052\";user_id|s:6:\"K55EDD\";username|s:10:\"Varadero20\";sponsor_id|s:6:\"UQO7EQ\";fullname|s:16:\"Francisco Prieto\";email|s:24:\"prieto112015@hotmail.com\";phone|s:10:\"3059264135\";isLogIn|b:1;'
WHERE `id` = 'b050492edd347563ce827afb6ba0c2bb545c704a';
UPDATE `user_registration` SET `popup_seen` = 'yes'
WHERE `user_id` = 'K55EDD';
UPDATE `user_registration` SET `popup_seen` = 'yes'
WHERE `user_id` = 'K55EDD';
UPDATE `user_registration` SET `popup_seen` = 'yes'
WHERE `user_id` = 'K55EDD';
UPDATE `ci_sessions` SET `timestamp` = 1737843484, `data` = '__ci_last_regenerate|i:1737843484;captcha|s:4:\"7nhg\";'
WHERE `id` = '8d320179b77193b0c528fc1da7e13572c904f530';
INSERT INTO `login_history` (`user_id`, `device`, `ip_address`, `date`) VALUES ('OMGB4G', 'Mozilla/5.0 (Linux; Android 10; K) AppleWebKit/537.36 (KHTML, like Gecko) Chrome/131.0.0.0 Mobile Safari/537.36', '172.69.132.224', '25-01-25 16:19');
UPDATE `user_registration` SET `popup_seen` = 'yes'
WHERE `user_id` = 'OMGB4G';
UPDATE `user_registration` SET `popup_seen` = 'yes'
WHERE `user_id` = 'OMGB4G';
UPDATE `ci_sessions` SET `timestamp` = 1737843638, `data` = '__ci_last_regenerate|i:1737843638;captcha|s:4:\"887p\";'
WHERE `id` = 'e622720b79bbbb5bdf7a05b86d96e13bf0f4520d';
INSERT INTO `login_history` (`user_id`, `device`, `ip_address`, `date`) VALUES ('U7SMZ8', 'Mozilla/5.0 (Macintosh; Intel Mac OS X 10_15_7) AppleWebKit/605.1.15 (KHTML, like Gecko) Version/17.6 Safari/605.1.15', '172.70.54.249', '25-01-25 16:20');
UPDATE `user_registration` SET `popup_seen` = 'yes'
WHERE `user_id` = 'U7SMZ8';
UPDATE `user_registration` SET `popup_seen` = 'yes'
WHERE `user_id` = 'U7SMZ8';
UPDATE `user_registration` SET `popup_seen` = 'yes'
WHERE `user_id` = 'OMGB4G';
INSERT INTO `login_history` (`user_id`, `device`, `ip_address`, `date`) VALUES ('JHRDHS', 'Mozilla/5.0 (iPhone; CPU iPhone OS 18_1_1 like Mac OS X) AppleWebKit/605.1.15 (KHTML, like Gecko) Version/18.1.1 Mobile/15E148 Safari/604.1', '172.70.254.95', '25-01-25 16:22');
UPDATE `user_registration` SET `popup_seen` = 'yes'
WHERE `user_id` = 'JHRDHS';
UPDATE `ci_sessions` SET `timestamp` = 1737843756, `data` = '__ci_last_regenerate|i:1737843756;id|s:4:\"2031\";user_id|s:6:\"R37QLI\";username|s:5:\"dleon\";sponsor_id|s:6:\"H2HQC8\";fullname|s:11:\"Dayami Leon\";email|s:20:\"atravel4uu@gmail.com\";phone|s:10:\"7865069935\";isLogIn|b:1;'
WHERE `id` = 'e0ab3ab948d8ed3d2597f50944e59ddc8c5d33e9';
UPDATE `user_registration` SET `popup_seen` = 'yes'
WHERE `user_id` = 'R37QLI';
UPDATE `user_registration` SET `popup_seen` = 'yes'
WHERE `user_id` = 'OMGB4G';
UPDATE `user_registration` SET `popup_seen` = 'yes'
WHERE `user_id` = 'OMGB4G';
UPDATE `user_registration` SET `popup_seen` = 'yes'
WHERE `user_id` = 'R37QLI';
UPDATE `user_registration` SET `popup_seen` = 'yes'
WHERE `user_id` = 'R37QLI';
UPDATE `user_registration` SET `popup_seen` = 'yes'
WHERE `user_id` = 'R37QLI';
UPDATE `user_registration` SET `popup_seen` = 'yes'
WHERE `user_id` = 'R37QLI';
UPDATE `user_registration` SET `popup_seen` = 'no'
WHERE `user_id` = 'JHRDHS';
DELETE FROM `ci_sessions`
WHERE `id` = '90ba233f7231e135d755616361e6a534287d7a3e';
UPDATE `ci_sessions` SET `timestamp` = 1737843908, `data` = '__ci_last_regenerate|i:1737843908;id|s:4:\"2102\";user_id|s:6:\"OMGB4G\";username|s:8:\"Debora68\";sponsor_id|s:6:\"U7SMZ8\";fullname|s:11:\"Ania Debora\";email|s:21:\"aniadebora8@gmail.com\";phone|s:10:\"3057261484\";isLogIn|b:1;'
WHERE `id` = 'ead3724cbf5e5e9fb8590ac43587c4979993bd08';
UPDATE `user_registration` SET `popup_seen` = 'yes'
WHERE `user_id` = 'OMGB4G';
UPDATE `user_registration` SET `popup_seen` = 'yes'
WHERE `user_id` = 'OMGB4G';
UPDATE `user_registration` SET `popup_seen` = 'yes'
WHERE `user_id` = 'OMGB4G';
UPDATE `ci_sessions` SET `timestamp` = 1737844002, `data` = '__ci_last_regenerate|i:1737844002;id|s:4:\"2061\";user_id|s:6:\"U7SMZ8\";username|s:6:\"Clau66\";sponsor_id|s:6:\"UQO7EQ\";fullname|s:14:\"Claudia Pisana\";email|s:21:\"claujor06@hotmail.com\";phone|s:10:\"7863843449\";isLogIn|b:1;'
WHERE `id` = '98caf0f62d54d6351b9c31556d61a5a0c4ff57eb';
UPDATE `user_registration` SET `popup_seen` = 'no'
WHERE `user_id` = 'U7SMZ8';
DELETE FROM `ci_sessions`
WHERE `id` = 'c57dd35979c30de84922fe10030846b83fed1b93';
INSERT INTO `login_history` (`user_id`, `device`, `ip_address`, `date`) VALUES ('L2MNP5', 'Mozilla/5.0 (Linux; Android 10; K) AppleWebKit/537.36 (KHTML, like Gecko) Chrome/131.0.0.0 Mobile Safari/537.36', '172.70.255.182', '25-01-25 16:26');
UPDATE `user_registration` SET `popup_seen` = 'yes'
WHERE `user_id` = 'L2MNP5';
UPDATE `ci_sessions` SET `timestamp` = 1737844022, `data` = '__ci_last_regenerate|i:1737844022;captcha|s:4:\"p8uk\";'
WHERE `id` = '976934d184ae9cf85360d8e70447ea018560abe1';
UPDATE `user_registration` SET `default_leg` = 'left'
WHERE `user_id` = 'L2MNP5';
UPDATE `user_registration` SET `default_leg` = 'left'
WHERE `user_id` = 'L2MNP5';
UPDATE `user_registration` SET `popup_seen` = 'no'
WHERE `user_id` = 'L2MNP5';
DELETE FROM `ci_sessions`
WHERE `id` = '1327f14b32803ba12c846d0e5310dc72c30a6b05';
INSERT INTO `login_history` (`user_id`, `device`, `ip_address`, `date`) VALUES ('R37QLI', 'Mozilla/5.0 (Macintosh; Intel Mac OS X 10_15_7) AppleWebKit/605.1.15 (KHTML, like Gecko) Version/17.4 Safari/605.1.15', '172.70.82.148', '25-01-25 16:32');
UPDATE `user_registration` SET `popup_seen` = 'yes'
WHERE `user_id` = 'R37QLI';
UPDATE `user_registration` SET `popup_seen` = 'yes'
WHERE `user_id` = 'R37QLI';
UPDATE `ci_sessions` SET `timestamp` = 1737844391, `data` = '__ci_last_regenerate|i:1737844391;id|s:4:\"2052\";user_id|s:6:\"K55EDD\";username|s:10:\"Varadero20\";sponsor_id|s:6:\"UQO7EQ\";fullname|s:16:\"Francisco Prieto\";email|s:24:\"prieto112015@hotmail.com\";phone|s:10:\"3059264135\";isLogIn|b:1;'
WHERE `id` = '5f6f3cba159da7551a775906864c7e77b54bbcdc';
UPDATE `ci_sessions` SET `timestamp` = 1737844657, `data` = '__ci_last_regenerate|i:1737844657;id|s:4:\"2031\";user_id|s:6:\"R37QLI\";username|s:5:\"dleon\";sponsor_id|s:6:\"H2HQC8\";fullname|s:11:\"Dayami Leon\";email|s:20:\"atravel4uu@gmail.com\";phone|s:10:\"7865069935\";isLogIn|b:1;'
WHERE `id` = '52b28bbf8f5ebe389eff3528cc3f6b296a452013';
UPDATE `user_registration` SET `popup_seen` = 'yes'
WHERE `user_id` = 'R37QLI';
UPDATE `ci_sessions` SET `timestamp` = 1737845078, `data` = '__ci_last_regenerate|i:1737845078;id|s:4:\"2031\";user_id|s:6:\"R37QLI\";username|s:5:\"dleon\";sponsor_id|s:6:\"H2HQC8\";fullname|s:11:\"Dayami Leon\";email|s:20:\"atravel4uu@gmail.com\";phone|s:10:\"7865069935\";isLogIn|b:1;'
WHERE `id` = '5f030e13dd50c04e95b58b3363e2b668ffa34ee6';
UPDATE `user_registration` SET `f_name` = 'Dayami', `l_name` = 'Leon', `phone` = '7865069935', `country` = 'United States', `state` = 'Florida', `city` = '9380 SW 72 St', `street` = '230', `zip_code` = '33173', `picture_url` = 'https://travelegendcy.com/backoffice/assets/images/uploads/WhatsApp_Image_2025-01-25_at_5_41_43_PM-removebg-preview.png'
WHERE `user_id` = 'R37QLI';
INSERT INTO `notifications` (`user_id`, `notification_type`, `subject`, `details`, `date`, `status`) VALUES ('R37QLI', 'profile_update', 'Profile Update Notification', 'Your profile has been updated successfully.', '2025-01-25 16:44:38', 0);
UPDATE `user_registration` SET `popup_seen` = 'yes'
WHERE `user_id` = 'R37QLI';
UPDATE `user_registration` SET `popup_seen` = 'yes'
WHERE `user_id` = 'R37QLI';
UPDATE `user_registration` SET `popup_seen` = 'yes'
WHERE `user_id` = 'R37QLI';
UPDATE `user_registration` SET `popup_seen` = 'yes'
WHERE `user_id` = 'R37QLI';
UPDATE `ci_sessions` SET `timestamp` = 1737845698, `data` = '__ci_last_regenerate|i:1737845698;id|s:4:\"2052\";user_id|s:6:\"K55EDD\";username|s:10:\"Varadero20\";sponsor_id|s:6:\"UQO7EQ\";fullname|s:16:\"Francisco Prieto\";email|s:24:\"prieto112015@hotmail.com\";phone|s:10:\"3059264135\";isLogIn|b:1;'
WHERE `id` = '207b815360f37e5f9266d6eac6d0e69207ae4d2b';
UPDATE `user_registration` SET `popup_seen` = 'yes'
WHERE `user_id` = 'K55EDD';
UPDATE `user_registration` SET `popup_seen` = 'yes'
WHERE `user_id` = 'K55EDD';
UPDATE `user_registration` SET `popup_seen` = 'yes'
WHERE `user_id` = 'K55EDD';
UPDATE `user_registration` SET `popup_seen` = 'yes'
WHERE `user_id` = 'K55EDD';
UPDATE `user_registration` SET `popup_seen` = 'yes'
WHERE `user_id` = 'K55EDD';
UPDATE `user_registration` SET `popup_seen` = 'yes'
WHERE `user_id` = 'K55EDD';
UPDATE `user_registration` SET `popup_seen` = 'yes'
WHERE `user_id` = 'K55EDD';
UPDATE `user_registration` SET `popup_seen` = 'yes'
WHERE `user_id` = 'K55EDD';
