INSERT INTO `matrix_filling` (`placement_id`, `downline_id`, `level`, `matrix`) VALUES ('GLSBMT', 'CZ5F64', 1, 1);
UPDATE `bv_updation` SET left_carry = left_carry+50, total_left = total_left+50
WHERE `user_id` = 'GLSBMT';
INSERT INTO `placement_bv_update_history` (`left_carry`, `date`, `from_id`, `user_id`) VALUES ('50', '2024-09-26 17:10:11', 'CZ5F64', 'GLSBMT');
INSERT INTO `matrix_filling` (`placement_id`, `downline_id`, `level`, `matrix`) VALUES ('JOOGJ8', 'CZ5F64', 2, 1);
UPDATE `bv_updation` SET left_carry = left_carry+50, total_left = total_left+50
WHERE `user_id` = 'JOOGJ8';
INSERT INTO `placement_bv_update_history` (`left_carry`, `date`, `from_id`, `user_id`) VALUES ('50', '2024-09-26 17:10:11', 'CZ5F64', 'JOOGJ8');
UPDATE `bv_updation` SET sponsor_left_carry = sponsor_left_carry+50, sponsor_total_left = sponsor_total_left+50
WHERE `user_id` = 'JOOGJ8';
INSERT INTO `sponsor_bv_update_history` (`left_carry`, `date`, `user_id`) VALUES ('50', '2024-09-26 17:10:11', 'JOOGJ8');
INSERT INTO `matrix_filling` (`placement_id`, `downline_id`, `level`, `matrix`) VALUES ('IW5GAU', 'CZ5F64', 3, 1);
UPDATE `bv_updation` SET right_carry = right_carry+50, total_right = total_right+50
WHERE `user_id` = 'IW5GAU';
INSERT INTO `placement_bv_update_history` (`right_carry`, `date`, `from_id`, `user_id`) VALUES ('50', '2024-09-26 17:10:11', 'CZ5F64', 'IW5GAU');
INSERT INTO `matrix_filling` (`placement_id`, `downline_id`, `level`, `matrix`) VALUES ('JQ3FLF', 'CZ5F64', 4, 1);
UPDATE `bv_updation` SET left_carry = left_carry+50, total_left = total_left+50
WHERE `user_id` = 'JQ3FLF';
INSERT INTO `placement_bv_update_history` (`left_carry`, `date`, `from_id`, `user_id`) VALUES ('50', '2024-09-26 17:10:11', 'CZ5F64', 'JQ3FLF');
INSERT INTO `matrix_filling` (`placement_id`, `downline_id`, `level`, `matrix`) VALUES ('C3N32U', 'CZ5F64', 5, 1);
UPDATE `bv_updation` SET left_carry = left_carry+50, total_left = total_left+50
WHERE `user_id` = 'C3N32U';
INSERT INTO `placement_bv_update_history` (`left_carry`, `date`, `from_id`, `user_id`) VALUES ('50', '2024-09-26 17:10:11', 'CZ5F64', 'C3N32U');
INSERT INTO `matrix_filling` (`placement_id`, `downline_id`, `level`, `matrix`) VALUES ('MNLXPP', 'CZ5F64', 6, 1);
UPDATE `bv_updation` SET left_carry = left_carry+50, total_left = total_left+50
WHERE `user_id` = 'MNLXPP';
INSERT INTO `placement_bv_update_history` (`left_carry`, `date`, `from_id`, `user_id`) VALUES ('50', '2024-09-26 17:10:11', 'CZ5F64', 'MNLXPP');
INSERT INTO `matrix_filling` (`placement_id`, `downline_id`, `level`, `matrix`) VALUES ('NUPA4K', 'CZ5F64', 7, 1);
UPDATE `bv_updation` SET left_carry = left_carry+50, total_left = total_left+50
WHERE `user_id` = 'NUPA4K';
INSERT INTO `placement_bv_update_history` (`left_carry`, `date`, `from_id`, `user_id`) VALUES ('50', '2024-09-26 17:10:11', 'CZ5F64', 'NUPA4K');
INSERT INTO `matrix_filling` (`placement_id`, `downline_id`, `level`, `matrix`) VALUES ('1FFFBU', 'CZ5F64', 8, 1);
UPDATE `bv_updation` SET left_carry = left_carry+50, total_left = total_left+50
WHERE `user_id` = '1FFFBU';
INSERT INTO `placement_bv_update_history` (`left_carry`, `date`, `from_id`, `user_id`) VALUES ('50', '2024-09-26 17:10:11', 'CZ5F64', '1FFFBU');
INSERT INTO `matrix_filling` (`placement_id`, `downline_id`, `level`, `matrix`) VALUES ('J4CGUT', 'CZ5F64', 9, 1);
UPDATE `bv_updation` SET left_carry = left_carry+50, total_left = total_left+50
WHERE `user_id` = 'J4CGUT';
INSERT INTO `placement_bv_update_history` (`left_carry`, `date`, `from_id`, `user_id`) VALUES ('50', '2024-09-26 17:10:11', 'CZ5F64', 'J4CGUT');
INSERT INTO `matrix_filling` (`placement_id`, `downline_id`, `level`, `matrix`) VALUES ('S1RTX3', 'CZ5F64', 10, 1);
UPDATE `bv_updation` SET left_carry = left_carry+50, total_left = total_left+50
WHERE `user_id` = 'S1RTX3';
INSERT INTO `placement_bv_update_history` (`left_carry`, `date`, `from_id`, `user_id`) VALUES ('50', '2024-09-26 17:10:11', 'CZ5F64', 'S1RTX3');
INSERT INTO `matrix_filling` (`placement_id`, `downline_id`, `level`, `matrix`) VALUES ('I8YWQA', 'CZ5F64', 11, 1);
UPDATE `bv_updation` SET left_carry = left_carry+50, total_left = total_left+50
WHERE `user_id` = 'I8YWQA';
INSERT INTO `placement_bv_update_history` (`left_carry`, `date`, `from_id`, `user_id`) VALUES ('50', '2024-09-26 17:10:11', 'CZ5F64', 'I8YWQA');
INSERT INTO `matrix_filling` (`placement_id`, `downline_id`, `level`, `matrix`) VALUES ('I3MZBU', 'CZ5F64', 12, 1);
UPDATE `bv_updation` SET left_carry = left_carry+50, total_left = total_left+50
WHERE `user_id` = 'I3MZBU';
INSERT INTO `placement_bv_update_history` (`left_carry`, `date`, `from_id`, `user_id`) VALUES ('50', '2024-09-26 17:10:11', 'CZ5F64', 'I3MZBU');
INSERT INTO `matrix_filling` (`placement_id`, `downline_id`, `level`, `matrix`) VALUES ('H2I33O', 'CZ5F64', 13, 1);
UPDATE `bv_updation` SET left_carry = left_carry+50, total_left = total_left+50
WHERE `user_id` = 'H2I33O';
INSERT INTO `placement_bv_update_history` (`left_carry`, `date`, `from_id`, `user_id`) VALUES ('50', '2024-09-26 17:10:11', 'CZ5F64', 'H2I33O');
INSERT INTO `matrix_filling` (`placement_id`, `downline_id`, `level`, `matrix`) VALUES ('AL7XWH', 'CZ5F64', 14, 1);
UPDATE `bv_updation` SET left_carry = left_carry+50, total_left = total_left+50
WHERE `user_id` = 'AL7XWH';
INSERT INTO `placement_bv_update_history` (`left_carry`, `date`, `from_id`, `user_id`) VALUES ('50', '2024-09-26 17:10:11', 'CZ5F64', 'AL7XWH');
INSERT INTO `matrix_filling` (`placement_id`, `downline_id`, `level`, `matrix`) VALUES ('HFZ9SA', 'CZ5F64', 15, 1);
UPDATE `bv_updation` SET left_carry = left_carry+50, total_left = total_left+50
WHERE `user_id` = 'HFZ9SA';
INSERT INTO `placement_bv_update_history` (`left_carry`, `date`, `from_id`, `user_id`) VALUES ('50', '2024-09-26 17:10:11', 'CZ5F64', 'HFZ9SA');
INSERT INTO `matrix_filling` (`placement_id`, `downline_id`, `level`, `matrix`) VALUES ('A2MTZ3', 'CZ5F64', 16, 1);
UPDATE `bv_updation` SET left_carry = left_carry+50, total_left = total_left+50
WHERE `user_id` = 'A2MTZ3';
INSERT INTO `placement_bv_update_history` (`left_carry`, `date`, `from_id`, `user_id`) VALUES ('50', '2024-09-26 17:10:11', 'CZ5F64', 'A2MTZ3');
INSERT INTO `matrix_filling` (`placement_id`, `downline_id`, `level`, `matrix`) VALUES ('RUEKCW', 'CZ5F64', 17, 1);
UPDATE `bv_updation` SET left_carry = left_carry+50, total_left = total_left+50
WHERE `user_id` = 'RUEKCW';
INSERT INTO `placement_bv_update_history` (`left_carry`, `date`, `from_id`, `user_id`) VALUES ('50', '2024-09-26 17:10:11', 'CZ5F64', 'RUEKCW');
INSERT INTO `matrix_filling` (`placement_id`, `downline_id`, `level`, `matrix`) VALUES ('K3GTG4', 'CZ5F64', 18, 1);
UPDATE `bv_updation` SET left_carry = left_carry+50, total_left = total_left+50
WHERE `user_id` = 'K3GTG4';
INSERT INTO `placement_bv_update_history` (`left_carry`, `date`, `from_id`, `user_id`) VALUES ('50', '2024-09-26 17:10:11', 'CZ5F64', 'K3GTG4');
INSERT INTO `matrix_filling` (`placement_id`, `downline_id`, `level`, `matrix`) VALUES ('I1TUBN', 'CZ5F64', 19, 1);
UPDATE `bv_updation` SET left_carry = left_carry+50, total_left = total_left+50
WHERE `user_id` = 'I1TUBN';
INSERT INTO `placement_bv_update_history` (`left_carry`, `date`, `from_id`, `user_id`) VALUES ('50', '2024-09-26 17:10:11', 'CZ5F64', 'I1TUBN');
INSERT INTO `matrix_filling` (`placement_id`, `downline_id`, `level`, `matrix`) VALUES ('BAUCCU', 'CZ5F64', 20, 1);
UPDATE `bv_updation` SET left_carry = left_carry+50, total_left = total_left+50
WHERE `user_id` = 'BAUCCU';
INSERT INTO `placement_bv_update_history` (`left_carry`, `date`, `from_id`, `user_id`) VALUES ('50', '2024-09-26 17:10:11', 'CZ5F64', 'BAUCCU');
INSERT INTO `matrix_filling` (`placement_id`, `downline_id`, `level`, `matrix`) VALUES ('62QO97', 'CZ5F64', 21, 1);
UPDATE `bv_updation` SET left_carry = left_carry+50, total_left = total_left+50
WHERE `user_id` = '62QO97';
INSERT INTO `placement_bv_update_history` (`left_carry`, `date`, `from_id`, `user_id`) VALUES ('50', '2024-09-26 17:10:11', 'CZ5F64', '62QO97');
INSERT INTO `matrix_filling` (`placement_id`, `downline_id`, `level`, `matrix`) VALUES ('OHLQEO', 'CZ5F64', 22, 1);
UPDATE `bv_updation` SET left_carry = left_carry+50, total_left = total_left+50
WHERE `user_id` = 'OHLQEO';
INSERT INTO `placement_bv_update_history` (`left_carry`, `date`, `from_id`, `user_id`) VALUES ('50', '2024-09-26 17:10:11', 'CZ5F64', 'OHLQEO');
INSERT INTO `matrix_filling` (`placement_id`, `downline_id`, `level`, `matrix`) VALUES ('7APFKG', 'CZ5F64', 23, 1);
UPDATE `bv_updation` SET left_carry = left_carry+50, total_left = total_left+50
WHERE `user_id` = '7APFKG';
INSERT INTO `placement_bv_update_history` (`left_carry`, `date`, `from_id`, `user_id`) VALUES ('50', '2024-09-26 17:10:11', 'CZ5F64', '7APFKG');
INSERT INTO `matrix_filling` (`placement_id`, `downline_id`, `level`, `matrix`) VALUES ('Q2Q92Y', 'CZ5F64', 24, 1);
UPDATE `bv_updation` SET left_carry = left_carry+50, total_left = total_left+50
WHERE `user_id` = 'Q2Q92Y';
INSERT INTO `placement_bv_update_history` (`left_carry`, `date`, `from_id`, `user_id`) VALUES ('50', '2024-09-26 17:10:11', 'CZ5F64', 'Q2Q92Y');
INSERT INTO `matrix_filling` (`placement_id`, `downline_id`, `level`, `matrix`) VALUES ('E9ITRC', 'CZ5F64', 25, 1);
UPDATE `bv_updation` SET left_carry = left_carry+50, total_left = total_left+50
WHERE `user_id` = 'E9ITRC';
INSERT INTO `placement_bv_update_history` (`left_carry`, `date`, `from_id`, `user_id`) VALUES ('50', '2024-09-26 17:10:11', 'CZ5F64', 'E9ITRC');
INSERT INTO `matrix_filling` (`placement_id`, `downline_id`, `level`, `matrix`) VALUES ('7COKBB', 'CZ5F64', 26, 1);
UPDATE `bv_updation` SET left_carry = left_carry+50, total_left = total_left+50
WHERE `user_id` = '7COKBB';
INSERT INTO `placement_bv_update_history` (`left_carry`, `date`, `from_id`, `user_id`) VALUES ('50', '2024-09-26 17:10:11', 'CZ5F64', '7COKBB');
INSERT INTO `matrix_filling` (`placement_id`, `downline_id`, `level`, `matrix`) VALUES ('BDNS17', 'CZ5F64', 27, 1);
UPDATE `bv_updation` SET left_carry = left_carry+50, total_left = total_left+50
WHERE `user_id` = 'BDNS17';
INSERT INTO `placement_bv_update_history` (`left_carry`, `date`, `from_id`, `user_id`) VALUES ('50', '2024-09-26 17:10:11', 'CZ5F64', 'BDNS17');
INSERT INTO `matrix_filling` (`placement_id`, `downline_id`, `level`, `matrix`) VALUES ('7ZXRRE', 'CZ5F64', 28, 1);
UPDATE `bv_updation` SET left_carry = left_carry+50, total_left = total_left+50
WHERE `user_id` = '7ZXRRE';
INSERT INTO `placement_bv_update_history` (`left_carry`, `date`, `from_id`, `user_id`) VALUES ('50', '2024-09-26 17:10:11', 'CZ5F64', '7ZXRRE');
INSERT INTO `matrix_filling` (`placement_id`, `downline_id`, `level`, `matrix`) VALUES ('KLRAF5', 'CZ5F64', 29, 1);
UPDATE `bv_updation` SET left_carry = left_carry+50, total_left = total_left+50
WHERE `user_id` = 'KLRAF5';
INSERT INTO `placement_bv_update_history` (`left_carry`, `date`, `from_id`, `user_id`) VALUES ('50', '2024-09-26 17:10:11', 'CZ5F64', 'KLRAF5');
INSERT INTO `matrix_filling` (`placement_id`, `downline_id`, `level`, `matrix`) VALUES ('IFJHZG', 'CZ5F64', 30, 1);
UPDATE `bv_updation` SET left_carry = left_carry+50, total_left = total_left+50
WHERE `user_id` = 'IFJHZG';
INSERT INTO `placement_bv_update_history` (`left_carry`, `date`, `from_id`, `user_id`) VALUES ('50', '2024-09-26 17:10:11', 'CZ5F64', 'IFJHZG');
INSERT INTO `matrix_filling` (`placement_id`, `downline_id`, `level`, `matrix`) VALUES ('MXUV8Q', 'CZ5F64', 31, 1);
UPDATE `bv_updation` SET left_carry = left_carry+50, total_left = total_left+50
WHERE `user_id` = 'MXUV8Q';
INSERT INTO `placement_bv_update_history` (`left_carry`, `date`, `from_id`, `user_id`) VALUES ('50', '2024-09-26 17:10:11', 'CZ5F64', 'MXUV8Q');
INSERT INTO `matrix_filling` (`placement_id`, `downline_id`, `level`, `matrix`) VALUES ('GGM164', 'CZ5F64', 32, 1);
UPDATE `bv_updation` SET left_carry = left_carry+50, total_left = total_left+50
WHERE `user_id` = 'GGM164';
INSERT INTO `placement_bv_update_history` (`left_carry`, `date`, `from_id`, `user_id`) VALUES ('50', '2024-09-26 17:10:11', 'CZ5F64', 'GGM164');
INSERT INTO `matrix_filling` (`placement_id`, `downline_id`, `level`, `matrix`) VALUES ('3NKIEX', 'CZ5F64', 33, 1);
UPDATE `bv_updation` SET left_carry = left_carry+50, total_left = total_left+50
WHERE `user_id` = '3NKIEX';
INSERT INTO `placement_bv_update_history` (`left_carry`, `date`, `from_id`, `user_id`) VALUES ('50', '2024-09-26 17:10:11', 'CZ5F64', '3NKIEX');
INSERT INTO `matrix_filling` (`placement_id`, `downline_id`, `level`, `matrix`) VALUES ('S56TH3', 'CZ5F64', 34, 1);
UPDATE `bv_updation` SET left_carry = left_carry+50, total_left = total_left+50
WHERE `user_id` = 'S56TH3';
INSERT INTO `placement_bv_update_history` (`left_carry`, `date`, `from_id`, `user_id`) VALUES ('50', '2024-09-26 17:10:11', 'CZ5F64', 'S56TH3');
INSERT INTO `matrix_filling` (`placement_id`, `downline_id`, `level`, `matrix`) VALUES ('XYG89U', 'CZ5F64', 35, 1);
UPDATE `bv_updation` SET left_carry = left_carry+50, total_left = total_left+50
WHERE `user_id` = 'XYG89U';
INSERT INTO `placement_bv_update_history` (`left_carry`, `date`, `from_id`, `user_id`) VALUES ('50', '2024-09-26 17:10:11', 'CZ5F64', 'XYG89U');
INSERT INTO `matrix_filling` (`placement_id`, `downline_id`, `level`, `matrix`) VALUES ('HTFY93', 'CZ5F64', 36, 1);
UPDATE `bv_updation` SET left_carry = left_carry+50, total_left = total_left+50
WHERE `user_id` = 'HTFY93';
INSERT INTO `placement_bv_update_history` (`left_carry`, `date`, `from_id`, `user_id`) VALUES ('50', '2024-09-26 17:10:11', 'CZ5F64', 'HTFY93');
INSERT INTO `matrix_filling` (`placement_id`, `downline_id`, `level`, `matrix`) VALUES ('3PR393', 'CZ5F64', 37, 1);
UPDATE `bv_updation` SET left_carry = left_carry+50, total_left = total_left+50
WHERE `user_id` = '3PR393';
INSERT INTO `placement_bv_update_history` (`left_carry`, `date`, `from_id`, `user_id`) VALUES ('50', '2024-09-26 17:10:11', 'CZ5F64', '3PR393');
INSERT INTO `matrix_filling` (`placement_id`, `downline_id`, `level`, `matrix`) VALUES ('T3MRY1', 'CZ5F64', 38, 1);
UPDATE `bv_updation` SET left_carry = left_carry+50, total_left = total_left+50
WHERE `user_id` = 'T3MRY1';
INSERT INTO `placement_bv_update_history` (`left_carry`, `date`, `from_id`, `user_id`) VALUES ('50', '2024-09-26 17:10:11', 'CZ5F64', 'T3MRY1');
INSERT INTO `matrix_filling` (`placement_id`, `downline_id`, `level`, `matrix`) VALUES ('GTMCCK', 'CZ5F64', 39, 1);
UPDATE `bv_updation` SET left_carry = left_carry+50, total_left = total_left+50
WHERE `user_id` = 'GTMCCK';
INSERT INTO `placement_bv_update_history` (`left_carry`, `date`, `from_id`, `user_id`) VALUES ('50', '2024-09-26 17:10:11', 'CZ5F64', 'GTMCCK');
INSERT INTO `matrix_filling` (`placement_id`, `downline_id`, `level`, `matrix`) VALUES ('DLYMIF', 'CZ5F64', 40, 1);
UPDATE `bv_updation` SET left_carry = left_carry+50, total_left = total_left+50
WHERE `user_id` = 'DLYMIF';
INSERT INTO `placement_bv_update_history` (`left_carry`, `date`, `from_id`, `user_id`) VALUES ('50', '2024-09-26 17:10:11', 'CZ5F64', 'DLYMIF');
INSERT INTO `matrix_filling` (`placement_id`, `downline_id`, `level`, `matrix`) VALUES ('WGJ5KE', 'CZ5F64', 41, 1);
UPDATE `bv_updation` SET left_carry = left_carry+50, total_left = total_left+50
WHERE `user_id` = 'WGJ5KE';
INSERT INTO `placement_bv_update_history` (`left_carry`, `date`, `from_id`, `user_id`) VALUES ('50', '2024-09-26 17:10:11', 'CZ5F64', 'WGJ5KE');
INSERT INTO `matrix_filling` (`placement_id`, `downline_id`, `level`, `matrix`) VALUES ('ORRJ3M', 'CZ5F64', 42, 1);
UPDATE `bv_updation` SET left_carry = left_carry+50, total_left = total_left+50
WHERE `user_id` = 'ORRJ3M';
INSERT INTO `placement_bv_update_history` (`left_carry`, `date`, `from_id`, `user_id`) VALUES ('50', '2024-09-26 17:10:11', 'CZ5F64', 'ORRJ3M');
INSERT INTO `matrix_filling` (`placement_id`, `downline_id`, `level`, `matrix`) VALUES ('AA8V6V', 'CZ5F64', 43, 1);
UPDATE `bv_updation` SET left_carry = left_carry+50, total_left = total_left+50
WHERE `user_id` = 'AA8V6V';
INSERT INTO `placement_bv_update_history` (`left_carry`, `date`, `from_id`, `user_id`) VALUES ('50', '2024-09-26 17:10:11', 'CZ5F64', 'AA8V6V');
INSERT INTO `matrix_filling` (`placement_id`, `downline_id`, `level`, `matrix`) VALUES ('61ME4O', 'CZ5F64', 44, 1);
UPDATE `bv_updation` SET left_carry = left_carry+50, total_left = total_left+50
WHERE `user_id` = '61ME4O';
INSERT INTO `placement_bv_update_history` (`left_carry`, `date`, `from_id`, `user_id`) VALUES ('50', '2024-09-26 17:10:11', 'CZ5F64', '61ME4O');
INSERT INTO `matrix_filling` (`placement_id`, `downline_id`, `level`, `matrix`) VALUES ('WS1SZZ', 'CZ5F64', 45, 1);
UPDATE `bv_updation` SET left_carry = left_carry+50, total_left = total_left+50
WHERE `user_id` = 'WS1SZZ';
INSERT INTO `placement_bv_update_history` (`left_carry`, `date`, `from_id`, `user_id`) VALUES ('50', '2024-09-26 17:10:11', 'CZ5F64', 'WS1SZZ');
INSERT INTO `matrix_filling` (`placement_id`, `downline_id`, `level`, `matrix`) VALUES ('TBN4MZ', 'CZ5F64', 46, 1);
UPDATE `bv_updation` SET left_carry = left_carry+50, total_left = total_left+50
WHERE `user_id` = 'TBN4MZ';
INSERT INTO `placement_bv_update_history` (`left_carry`, `date`, `from_id`, `user_id`) VALUES ('50', '2024-09-26 17:10:11', 'CZ5F64', 'TBN4MZ');
INSERT INTO `matrix_filling` (`placement_id`, `downline_id`, `level`, `matrix`) VALUES ('OEMJ8R', 'CZ5F64', 47, 1);
UPDATE `bv_updation` SET left_carry = left_carry+50, total_left = total_left+50
WHERE `user_id` = 'OEMJ8R';
INSERT INTO `placement_bv_update_history` (`left_carry`, `date`, `from_id`, `user_id`) VALUES ('50', '2024-09-26 17:10:11', 'CZ5F64', 'OEMJ8R');
INSERT INTO `matrix_filling` (`placement_id`, `downline_id`, `level`, `matrix`) VALUES ('FXAYIE', 'CZ5F64', 48, 1);
UPDATE `bv_updation` SET left_carry = left_carry+50, total_left = total_left+50
WHERE `user_id` = 'FXAYIE';
INSERT INTO `placement_bv_update_history` (`left_carry`, `date`, `from_id`, `user_id`) VALUES ('50', '2024-09-26 17:10:11', 'CZ5F64', 'FXAYIE');
INSERT INTO `matrix_filling` (`placement_id`, `downline_id`, `level`, `matrix`) VALUES ('ELXZWC', 'CZ5F64', 49, 1);
UPDATE `bv_updation` SET left_carry = left_carry+50, total_left = total_left+50
WHERE `user_id` = 'ELXZWC';
INSERT INTO `placement_bv_update_history` (`left_carry`, `date`, `from_id`, `user_id`) VALUES ('50', '2024-09-26 17:10:11', 'CZ5F64', 'ELXZWC');
INSERT INTO `matrix_filling` (`placement_id`, `downline_id`, `level`, `matrix`) VALUES ('C1TQVI', 'CZ5F64', 50, 1);
UPDATE `bv_updation` SET left_carry = left_carry+50, total_left = total_left+50
WHERE `user_id` = 'C1TQVI';
INSERT INTO `placement_bv_update_history` (`left_carry`, `date`, `from_id`, `user_id`) VALUES ('50', '2024-09-26 17:10:11', 'CZ5F64', 'C1TQVI');
INSERT INTO `matrix_filling` (`placement_id`, `downline_id`, `level`, `matrix`) VALUES ('F5GPDF', 'CZ5F64', 51, 1);
UPDATE `bv_updation` SET left_carry = left_carry+50, total_left = total_left+50
WHERE `user_id` = 'F5GPDF';
INSERT INTO `placement_bv_update_history` (`left_carry`, `date`, `from_id`, `user_id`) VALUES ('50', '2024-09-26 17:10:11', 'CZ5F64', 'F5GPDF');
INSERT INTO `matrix_filling` (`placement_id`, `downline_id`, `level`, `matrix`) VALUES ('91PYDK', 'CZ5F64', 52, 1);
UPDATE `bv_updation` SET left_carry = left_carry+50, total_left = total_left+50
WHERE `user_id` = '91PYDK';
INSERT INTO `placement_bv_update_history` (`left_carry`, `date`, `from_id`, `user_id`) VALUES ('50', '2024-09-26 17:10:11', 'CZ5F64', '91PYDK');
INSERT INTO `matrix_filling` (`placement_id`, `downline_id`, `level`, `matrix`) VALUES ('4OT7RX', 'CZ5F64', 53, 1);
UPDATE `bv_updation` SET left_carry = left_carry+50, total_left = total_left+50
WHERE `user_id` = '4OT7RX';
INSERT INTO `placement_bv_update_history` (`left_carry`, `date`, `from_id`, `user_id`) VALUES ('50', '2024-09-26 17:10:11', 'CZ5F64', '4OT7RX');
INSERT INTO `matrix_filling` (`placement_id`, `downline_id`, `level`, `matrix`) VALUES ('ZJZA3M', 'CZ5F64', 54, 1);
UPDATE `bv_updation` SET left_carry = left_carry+50, total_left = total_left+50
WHERE `user_id` = 'ZJZA3M';
INSERT INTO `placement_bv_update_history` (`left_carry`, `date`, `from_id`, `user_id`) VALUES ('50', '2024-09-26 17:10:11', 'CZ5F64', 'ZJZA3M');
INSERT INTO `matrix_filling` (`placement_id`, `downline_id`, `level`, `matrix`) VALUES ('XN6ETC', 'CZ5F64', 55, 1);
UPDATE `bv_updation` SET left_carry = left_carry+50, total_left = total_left+50
WHERE `user_id` = 'XN6ETC';
INSERT INTO `placement_bv_update_history` (`left_carry`, `date`, `from_id`, `user_id`) VALUES ('50', '2024-09-26 17:10:11', 'CZ5F64', 'XN6ETC');
INSERT INTO `matrix_filling` (`placement_id`, `downline_id`, `level`, `matrix`) VALUES ('KVQN1O', 'CZ5F64', 56, 1);
UPDATE `bv_updation` SET left_carry = left_carry+50, total_left = total_left+50
WHERE `user_id` = 'KVQN1O';
INSERT INTO `placement_bv_update_history` (`left_carry`, `date`, `from_id`, `user_id`) VALUES ('50', '2024-09-26 17:10:11', 'CZ5F64', 'KVQN1O');
INSERT INTO `matrix_filling` (`placement_id`, `downline_id`, `level`, `matrix`) VALUES ('X3V7DJ', 'CZ5F64', 57, 1);
UPDATE `bv_updation` SET left_carry = left_carry+50, total_left = total_left+50
WHERE `user_id` = 'X3V7DJ';
INSERT INTO `placement_bv_update_history` (`left_carry`, `date`, `from_id`, `user_id`) VALUES ('50', '2024-09-26 17:10:11', 'CZ5F64', 'X3V7DJ');
INSERT INTO `matrix_filling` (`placement_id`, `downline_id`, `level`, `matrix`) VALUES ('DJ77NH', 'CZ5F64', 58, 1);
UPDATE `bv_updation` SET left_carry = left_carry+50, total_left = total_left+50
WHERE `user_id` = 'DJ77NH';
INSERT INTO `placement_bv_update_history` (`left_carry`, `date`, `from_id`, `user_id`) VALUES ('50', '2024-09-26 17:10:11', 'CZ5F64', 'DJ77NH');
INSERT INTO `matrix_filling` (`placement_id`, `downline_id`, `level`, `matrix`) VALUES ('PX7XCL', 'CZ5F64', 59, 1);
UPDATE `bv_updation` SET left_carry = left_carry+50, total_left = total_left+50
WHERE `user_id` = 'PX7XCL';
INSERT INTO `placement_bv_update_history` (`left_carry`, `date`, `from_id`, `user_id`) VALUES ('50', '2024-09-26 17:10:11', 'CZ5F64', 'PX7XCL');
INSERT INTO `matrix_filling` (`placement_id`, `downline_id`, `level`, `matrix`) VALUES ('L8PM4Z', 'CZ5F64', 60, 1);
UPDATE `bv_updation` SET left_carry = left_carry+50, total_left = total_left+50
WHERE `user_id` = 'L8PM4Z';
INSERT INTO `placement_bv_update_history` (`left_carry`, `date`, `from_id`, `user_id`) VALUES ('50', '2024-09-26 17:10:11', 'CZ5F64', 'L8PM4Z');
INSERT INTO `matrix_filling` (`placement_id`, `downline_id`, `level`, `matrix`) VALUES ('GBSIER', 'CZ5F64', 61, 1);
UPDATE `bv_updation` SET left_carry = left_carry+50, total_left = total_left+50
WHERE `user_id` = 'GBSIER';
INSERT INTO `placement_bv_update_history` (`left_carry`, `date`, `from_id`, `user_id`) VALUES ('50', '2024-09-26 17:10:11', 'CZ5F64', 'GBSIER');
INSERT INTO `matrix_filling` (`placement_id`, `downline_id`, `level`, `matrix`) VALUES ('AV48YQ', 'CZ5F64', 62, 1);
UPDATE `bv_updation` SET left_carry = left_carry+50, total_left = total_left+50
WHERE `user_id` = 'AV48YQ';
INSERT INTO `placement_bv_update_history` (`left_carry`, `date`, `from_id`, `user_id`) VALUES ('50', '2024-09-26 17:10:11', 'CZ5F64', 'AV48YQ');
INSERT INTO `matrix_filling` (`placement_id`, `downline_id`, `level`, `matrix`) VALUES ('admin', 'CZ5F64', 63, 1);
INSERT INTO `package_purchase_history` (`user_id`, `package_id`, `reg_fee`, `package_name`, `monthly_fee`, `type`, `date`, `payment_option`) VALUES ('CZ5F64', '2', '595', 'Traveler Pro', '150', 'sign_up', '2024-09-26 17:10:11', 'free');
UPDATE `ci_sessions` SET `timestamp` = 1727388764, `data` = '__ci_last_regenerate|i:1727388764;id|s:4:\"2521\";user_id|s:6:\"JOOGJ8\";username|s:7:\"nestor7\";sponsor_id|s:6:\"IW5GAU\";fullname|s:15:\"Nestor Angarita\";email|s:17:\"nestor7@gmail.com\";phone|s:10:\"7862876762\";isLogIn|b:1;'
WHERE `id` = 'bf8941175447d6a6d5e8114bcfad39623798e63e';
UPDATE `user_registration` SET `uid` = '2890', `user_id` = 'V3QV68', `username` = 'felix7', `sponsor_id` = 'JOOGJ8', `vacant` = 'no', `f_name` = 'Felix', `l_name` = 'Arias', `address` = '8100 SW 14 Terr', `position` = 'left', `email` = 'felix7@gmail.com', `password` = 'b66d780df6daab944cfe74ab6a51e0f1', `phone` = '7862876762', `country` = 'United States', `state` = 'Florida', `city` = 'Miami', `street` = '8100 SW 14 Terr', `zip_code` = '33144', `reg_ip` = '172.70.54.191', `status` = 1, `package_id` = '2', `rank_id` = 1, `highest_rank` = 1, `created` = '2024-09-26 17:12:44', `subscription_date` = '2024-10-26', `google_secret` = '6HDZJLZIRFSUD2XS'
WHERE `uid` = '2890';
INSERT INTO `user_registration` (`uid`, `user_id`, `username`, `sponsor_id`, `placement_id`, `vacant`, `f_name`, `l_name`, `address`, `position`, `email`, `password`, `phone`, `reg_ip`, `status`, `created`) VALUES (NULL, 'BIELYT', 'ILJReNng', 'V3QV68', 'V3QV68', 'yes', '', '', '', 'left', '@mail.com', '', '', '', 0, '2024-09-26 17:12:44');
INSERT INTO `user_registration` (`uid`, `user_id`, `username`, `sponsor_id`, `placement_id`, `vacant`, `f_name`, `l_name`, `address`, `position`, `email`, `password`, `phone`, `reg_ip`, `status`, `created`) VALUES (NULL, 'WAQZLV', 'yKoiTLCo', 'V3QV68', 'V3QV68', 'yes', '', '', '', 'right', '@mail.com', '', '', '', 0, '2024-09-26 17:12:44');
INSERT INTO `bv_updation` (`user_id`) VALUES ('V3QV68');
UPDATE `user_registration` SET total_ref_count = total_ref_count+1
WHERE `user_id` = 'JOOGJ8';
UPDATE `user_registration` SET total_downlines = total_downlines+1
WHERE `user_id` = 'CZ5F64';
UPDATE `user_registration` SET left_downlines = left_downlines+1
WHERE `user_id` = 'CZ5F64';
UPDATE `user_registration` SET total_downlines = total_downlines+1
WHERE `user_id` = 'GLSBMT';
UPDATE `user_registration` SET left_downlines = left_downlines+1
WHERE `user_id` = 'GLSBMT';
UPDATE `user_registration` SET total_downlines = total_downlines+1
WHERE `user_id` = 'JOOGJ8';
UPDATE `user_registration` SET left_downlines = left_downlines+1
WHERE `user_id` = 'JOOGJ8';
UPDATE `user_registration` SET left_ref_count = left_ref_count+1
WHERE `user_id` = 'JOOGJ8';
UPDATE `user_registration` SET active_left = active_left+1
WHERE `user_id` = 'JOOGJ8';
UPDATE `user_registration` SET total_downlines = total_downlines+1
WHERE `user_id` = 'IW5GAU';
UPDATE `user_registration` SET right_downlines = right_downlines+1
WHERE `user_id` = 'IW5GAU';
UPDATE `user_registration` SET total_downlines = total_downlines+1
WHERE `user_id` = 'JQ3FLF';
UPDATE `user_registration` SET left_downlines = left_downlines+1
WHERE `user_id` = 'JQ3FLF';
UPDATE `user_registration` SET total_downlines = total_downlines+1
WHERE `user_id` = 'C3N32U';
UPDATE `user_registration` SET left_downlines = left_downlines+1
WHERE `user_id` = 'C3N32U';
UPDATE `user_registration` SET total_downlines = total_downlines+1
WHERE `user_id` = 'MNLXPP';
UPDATE `user_registration` SET left_downlines = left_downlines+1
WHERE `user_id` = 'MNLXPP';
UPDATE `user_registration` SET total_downlines = total_downlines+1
WHERE `user_id` = 'NUPA4K';
UPDATE `user_registration` SET left_downlines = left_downlines+1
WHERE `user_id` = 'NUPA4K';
UPDATE `user_registration` SET total_downlines = total_downlines+1
WHERE `user_id` = '1FFFBU';
UPDATE `user_registration` SET left_downlines = left_downlines+1
WHERE `user_id` = '1FFFBU';
UPDATE `user_registration` SET total_downlines = total_downlines+1
WHERE `user_id` = 'J4CGUT';
UPDATE `user_registration` SET left_downlines = left_downlines+1
WHERE `user_id` = 'J4CGUT';
UPDATE `user_registration` SET total_downlines = total_downlines+1
WHERE `user_id` = 'S1RTX3';
UPDATE `user_registration` SET left_downlines = left_downlines+1
WHERE `user_id` = 'S1RTX3';
UPDATE `user_registration` SET total_downlines = total_downlines+1
WHERE `user_id` = 'I8YWQA';
UPDATE `user_registration` SET left_downlines = left_downlines+1
WHERE `user_id` = 'I8YWQA';
UPDATE `user_registration` SET total_downlines = total_downlines+1
WHERE `user_id` = 'I3MZBU';
UPDATE `user_registration` SET left_downlines = left_downlines+1
WHERE `user_id` = 'I3MZBU';
UPDATE `user_registration` SET total_downlines = total_downlines+1
WHERE `user_id` = 'H2I33O';
UPDATE `user_registration` SET left_downlines = left_downlines+1
WHERE `user_id` = 'H2I33O';
UPDATE `user_registration` SET total_downlines = total_downlines+1
WHERE `user_id` = 'AL7XWH';
UPDATE `user_registration` SET left_downlines = left_downlines+1
WHERE `user_id` = 'AL7XWH';
UPDATE `user_registration` SET total_downlines = total_downlines+1
WHERE `user_id` = 'HFZ9SA';
UPDATE `user_registration` SET left_downlines = left_downlines+1
WHERE `user_id` = 'HFZ9SA';
UPDATE `user_registration` SET total_downlines = total_downlines+1
WHERE `user_id` = 'A2MTZ3';
UPDATE `user_registration` SET left_downlines = left_downlines+1
WHERE `user_id` = 'A2MTZ3';
UPDATE `user_registration` SET total_downlines = total_downlines+1
WHERE `user_id` = 'RUEKCW';
UPDATE `user_registration` SET left_downlines = left_downlines+1
WHERE `user_id` = 'RUEKCW';
UPDATE `user_registration` SET total_downlines = total_downlines+1
WHERE `user_id` = 'K3GTG4';
UPDATE `user_registration` SET left_downlines = left_downlines+1
WHERE `user_id` = 'K3GTG4';
UPDATE `user_registration` SET total_downlines = total_downlines+1
WHERE `user_id` = 'I1TUBN';
UPDATE `user_registration` SET left_downlines = left_downlines+1
WHERE `user_id` = 'I1TUBN';
UPDATE `user_registration` SET total_downlines = total_downlines+1
WHERE `user_id` = 'BAUCCU';
UPDATE `user_registration` SET left_downlines = left_downlines+1
WHERE `user_id` = 'BAUCCU';
UPDATE `user_registration` SET total_downlines = total_downlines+1
WHERE `user_id` = '62QO97';
UPDATE `user_registration` SET left_downlines = left_downlines+1
WHERE `user_id` = '62QO97';
UPDATE `user_registration` SET total_downlines = total_downlines+1
WHERE `user_id` = 'OHLQEO';
UPDATE `user_registration` SET left_downlines = left_downlines+1
WHERE `user_id` = 'OHLQEO';
UPDATE `user_registration` SET total_downlines = total_downlines+1
WHERE `user_id` = '7APFKG';
UPDATE `user_registration` SET left_downlines = left_downlines+1
WHERE `user_id` = '7APFKG';
UPDATE `user_registration` SET total_downlines = total_downlines+1
WHERE `user_id` = 'Q2Q92Y';
UPDATE `user_registration` SET left_downlines = left_downlines+1
WHERE `user_id` = 'Q2Q92Y';
UPDATE `user_registration` SET total_downlines = total_downlines+1
WHERE `user_id` = 'E9ITRC';
UPDATE `user_registration` SET left_downlines = left_downlines+1
WHERE `user_id` = 'E9ITRC';
UPDATE `user_registration` SET total_downlines = total_downlines+1
WHERE `user_id` = '7COKBB';
UPDATE `user_registration` SET left_downlines = left_downlines+1
WHERE `user_id` = '7COKBB';
UPDATE `user_registration` SET total_downlines = total_downlines+1
WHERE `user_id` = 'BDNS17';
UPDATE `user_registration` SET left_downlines = left_downlines+1
WHERE `user_id` = 'BDNS17';
UPDATE `user_registration` SET total_downlines = total_downlines+1
WHERE `user_id` = '7ZXRRE';
UPDATE `user_registration` SET left_downlines = left_downlines+1
WHERE `user_id` = '7ZXRRE';
UPDATE `user_registration` SET total_downlines = total_downlines+1
WHERE `user_id` = 'KLRAF5';
UPDATE `user_registration` SET left_downlines = left_downlines+1
WHERE `user_id` = 'KLRAF5';
UPDATE `user_registration` SET total_downlines = total_downlines+1
WHERE `user_id` = 'IFJHZG';
UPDATE `user_registration` SET left_downlines = left_downlines+1
WHERE `user_id` = 'IFJHZG';
UPDATE `user_registration` SET total_downlines = total_downlines+1
WHERE `user_id` = 'MXUV8Q';
UPDATE `user_registration` SET left_downlines = left_downlines+1
WHERE `user_id` = 'MXUV8Q';
UPDATE `user_registration` SET total_downlines = total_downlines+1
WHERE `user_id` = 'GGM164';
UPDATE `user_registration` SET left_downlines = left_downlines+1
WHERE `user_id` = 'GGM164';
UPDATE `user_registration` SET total_downlines = total_downlines+1
WHERE `user_id` = '3NKIEX';
UPDATE `user_registration` SET left_downlines = left_downlines+1
WHERE `user_id` = '3NKIEX';
UPDATE `user_registration` SET total_downlines = total_downlines+1
WHERE `user_id` = 'S56TH3';
UPDATE `user_registration` SET left_downlines = left_downlines+1
WHERE `user_id` = 'S56TH3';
UPDATE `user_registration` SET total_downlines = total_downlines+1
WHERE `user_id` = 'XYG89U';
UPDATE `user_registration` SET left_downlines = left_downlines+1
WHERE `user_id` = 'XYG89U';
UPDATE `user_registration` SET total_downlines = total_downlines+1
WHERE `user_id` = 'HTFY93';
UPDATE `user_registration` SET left_downlines = left_downlines+1
WHERE `user_id` = 'HTFY93';
UPDATE `user_registration` SET total_downlines = total_downlines+1
WHERE `user_id` = '3PR393';
UPDATE `user_registration` SET left_downlines = left_downlines+1
WHERE `user_id` = '3PR393';
UPDATE `user_registration` SET total_downlines = total_downlines+1
WHERE `user_id` = 'T3MRY1';
UPDATE `user_registration` SET left_downlines = left_downlines+1
WHERE `user_id` = 'T3MRY1';
UPDATE `user_registration` SET total_downlines = total_downlines+1
WHERE `user_id` = 'GTMCCK';
UPDATE `user_registration` SET left_downlines = left_downlines+1
WHERE `user_id` = 'GTMCCK';
UPDATE `user_registration` SET total_downlines = total_downlines+1
WHERE `user_id` = 'DLYMIF';
UPDATE `user_registration` SET left_downlines = left_downlines+1
WHERE `user_id` = 'DLYMIF';
UPDATE `user_registration` SET total_downlines = total_downlines+1
WHERE `user_id` = 'WGJ5KE';
UPDATE `user_registration` SET left_downlines = left_downlines+1
WHERE `user_id` = 'WGJ5KE';
UPDATE `user_registration` SET total_downlines = total_downlines+1
WHERE `user_id` = 'ORRJ3M';
UPDATE `user_registration` SET left_downlines = left_downlines+1
WHERE `user_id` = 'ORRJ3M';
UPDATE `user_registration` SET total_downlines = total_downlines+1
WHERE `user_id` = 'AA8V6V';
UPDATE `user_registration` SET left_downlines = left_downlines+1
WHERE `user_id` = 'AA8V6V';
UPDATE `user_registration` SET total_downlines = total_downlines+1
WHERE `user_id` = '61ME4O';
UPDATE `user_registration` SET left_downlines = left_downlines+1
WHERE `user_id` = '61ME4O';
UPDATE `user_registration` SET total_downlines = total_downlines+1
WHERE `user_id` = 'WS1SZZ';
UPDATE `user_registration` SET left_downlines = left_downlines+1
WHERE `user_id` = 'WS1SZZ';
UPDATE `user_registration` SET total_downlines = total_downlines+1
WHERE `user_id` = 'TBN4MZ';
UPDATE `user_registration` SET left_downlines = left_downlines+1
WHERE `user_id` = 'TBN4MZ';
UPDATE `user_registration` SET total_downlines = total_downlines+1
WHERE `user_id` = 'OEMJ8R';
UPDATE `user_registration` SET left_downlines = left_downlines+1
WHERE `user_id` = 'OEMJ8R';
UPDATE `user_registration` SET total_downlines = total_downlines+1
WHERE `user_id` = 'FXAYIE';
UPDATE `user_registration` SET left_downlines = left_downlines+1
WHERE `user_id` = 'FXAYIE';
UPDATE `user_registration` SET total_downlines = total_downlines+1
WHERE `user_id` = 'ELXZWC';
UPDATE `user_registration` SET left_downlines = left_downlines+1
WHERE `user_id` = 'ELXZWC';
UPDATE `user_registration` SET total_downlines = total_downlines+1
WHERE `user_id` = 'C1TQVI';
UPDATE `user_registration` SET left_downlines = left_downlines+1
WHERE `user_id` = 'C1TQVI';
UPDATE `user_registration` SET total_downlines = total_downlines+1
WHERE `user_id` = 'F5GPDF';
UPDATE `user_registration` SET left_downlines = left_downlines+1
WHERE `user_id` = 'F5GPDF';
UPDATE `user_registration` SET total_downlines = total_downlines+1
WHERE `user_id` = '91PYDK';
UPDATE `user_registration` SET left_downlines = left_downlines+1
WHERE `user_id` = '91PYDK';
UPDATE `user_registration` SET total_downlines = total_downlines+1
WHERE `user_id` = '4OT7RX';
UPDATE `user_registration` SET left_downlines = left_downlines+1
WHERE `user_id` = '4OT7RX';
UPDATE `user_registration` SET total_downlines = total_downlines+1
WHERE `user_id` = 'ZJZA3M';
UPDATE `user_registration` SET left_downlines = left_downlines+1
WHERE `user_id` = 'ZJZA3M';
UPDATE `user_registration` SET total_downlines = total_downlines+1
WHERE `user_id` = 'XN6ETC';
UPDATE `user_registration` SET left_downlines = left_downlines+1
WHERE `user_id` = 'XN6ETC';
UPDATE `user_registration` SET total_downlines = total_downlines+1
WHERE `user_id` = 'KVQN1O';
UPDATE `user_registration` SET left_downlines = left_downlines+1
WHERE `user_id` = 'KVQN1O';
UPDATE `user_registration` SET total_downlines = total_downlines+1
WHERE `user_id` = 'X3V7DJ';
UPDATE `user_registration` SET left_downlines = left_downlines+1
WHERE `user_id` = 'X3V7DJ';
UPDATE `user_registration` SET total_downlines = total_downlines+1
WHERE `user_id` = 'DJ77NH';
UPDATE `user_registration` SET left_downlines = left_downlines+1
WHERE `user_id` = 'DJ77NH';
UPDATE `user_registration` SET total_downlines = total_downlines+1
WHERE `user_id` = 'PX7XCL';
UPDATE `user_registration` SET left_downlines = left_downlines+1
WHERE `user_id` = 'PX7XCL';
UPDATE `user_registration` SET total_downlines = total_downlines+1
WHERE `user_id` = 'L8PM4Z';
UPDATE `user_registration` SET left_downlines = left_downlines+1
WHERE `user_id` = 'L8PM4Z';
UPDATE `user_registration` SET total_downlines = total_downlines+1
WHERE `user_id` = 'GBSIER';
UPDATE `user_registration` SET left_downlines = left_downlines+1
WHERE `user_id` = 'GBSIER';
UPDATE `user_registration` SET total_downlines = total_downlines+1
WHERE `user_id` = 'AV48YQ';
UPDATE `user_registration` SET left_downlines = left_downlines+1
WHERE `user_id` = 'AV48YQ';
UPDATE `user_registration` SET total_downlines = total_downlines+1
WHERE `user_id` = 'admin';
UPDATE `user_registration` SET left_downlines = left_downlines+1
WHERE `user_id` = 'admin';
INSERT INTO `investment` (`invest_date`, `user_id`, `type`, `amount`, `package_id`) VALUES ('2024-09-26 17:12:44', 'V3QV68', 'register', '595', '2');
INSERT INTO `earnings` (`user_id`, `Purchaser_id`, `earning_type`, `package_id`, `amount`, `date`, `comments`, `invest_amount`, `comm_perc`, `level`, `rank_id`, `order_id`) VALUES ('JOOGJ8', 'V3QV68', 'Direct Referral Bonus', '2', '100', '2024-09-26 17:12:44', 'Direct Referral Bonus', 0, 0, 1, '', 292);
UPDATE `user_registration` SET commission_balance = ROUND(commission_balance + 100,2)
WHERE `user_id` = 'JOOGJ8';
INSERT INTO `earnings` (`user_id`, `Purchaser_id`, `earning_type`, `package_id`, `amount`, `date`, `comments`, `invest_amount`, `comm_perc`, `level`, `rank_id`, `order_id`) VALUES ('1FFFBU', 'V3QV68', 'Expansion Bonus', '2', 200, '2024-09-26 17:12:44', 'Expansion Bonus', '100', 0, 1, '', 292);
UPDATE `user_registration` SET commission_balance = ROUND(commission_balance + 200,2)
WHERE `user_id` = '1FFFBU';
INSERT INTO `matrix_filling` (`placement_id`, `downline_id`, `level`, `matrix`) VALUES ('CZ5F64', 'V3QV68', 1, 1);
UPDATE `bv_updation` SET left_carry = left_carry+50, total_left = total_left+50
WHERE `user_id` = 'CZ5F64';
INSERT INTO `placement_bv_update_history` (`left_carry`, `date`, `from_id`, `user_id`) VALUES ('50', '2024-09-26 17:12:44', 'V3QV68', 'CZ5F64');
INSERT INTO `matrix_filling` (`placement_id`, `downline_id`, `level`, `matrix`) VALUES ('GLSBMT', 'V3QV68', 2, 1);
UPDATE `bv_updation` SET left_carry = left_carry+50, total_left = total_left+50
WHERE `user_id` = 'GLSBMT';
INSERT INTO `placement_bv_update_history` (`left_carry`, `date`, `from_id`, `user_id`) VALUES ('50', '2024-09-26 17:12:44', 'V3QV68', 'GLSBMT');
INSERT INTO `matrix_filling` (`placement_id`, `downline_id`, `level`, `matrix`) VALUES ('JOOGJ8', 'V3QV68', 3, 1);
UPDATE `bv_updation` SET left_carry = left_carry+50, total_left = total_left+50
WHERE `user_id` = 'JOOGJ8';
INSERT INTO `placement_bv_update_history` (`left_carry`, `date`, `from_id`, `user_id`) VALUES ('50', '2024-09-26 17:12:44', 'V3QV68', 'JOOGJ8');
UPDATE `bv_updation` SET sponsor_left_carry = sponsor_left_carry+50, sponsor_total_left = sponsor_total_left+50
WHERE `user_id` = 'JOOGJ8';
INSERT INTO `sponsor_bv_update_history` (`left_carry`, `date`, `user_id`) VALUES ('50', '2024-09-26 17:12:44', 'JOOGJ8');
INSERT INTO `matrix_filling` (`placement_id`, `downline_id`, `level`, `matrix`) VALUES ('IW5GAU', 'V3QV68', 4, 1);
UPDATE `bv_updation` SET right_carry = right_carry+50, total_right = total_right+50
WHERE `user_id` = 'IW5GAU';
INSERT INTO `placement_bv_update_history` (`right_carry`, `date`, `from_id`, `user_id`) VALUES ('50', '2024-09-26 17:12:44', 'V3QV68', 'IW5GAU');
INSERT INTO `matrix_filling` (`placement_id`, `downline_id`, `level`, `matrix`) VALUES ('JQ3FLF', 'V3QV68', 5, 1);
UPDATE `bv_updation` SET left_carry = left_carry+50, total_left = total_left+50
WHERE `user_id` = 'JQ3FLF';
INSERT INTO `placement_bv_update_history` (`left_carry`, `date`, `from_id`, `user_id`) VALUES ('50', '2024-09-26 17:12:44', 'V3QV68', 'JQ3FLF');
INSERT INTO `matrix_filling` (`placement_id`, `downline_id`, `level`, `matrix`) VALUES ('C3N32U', 'V3QV68', 6, 1);
UPDATE `bv_updation` SET left_carry = left_carry+50, total_left = total_left+50
WHERE `user_id` = 'C3N32U';
INSERT INTO `placement_bv_update_history` (`left_carry`, `date`, `from_id`, `user_id`) VALUES ('50', '2024-09-26 17:12:44', 'V3QV68', 'C3N32U');
INSERT INTO `matrix_filling` (`placement_id`, `downline_id`, `level`, `matrix`) VALUES ('MNLXPP', 'V3QV68', 7, 1);
UPDATE `bv_updation` SET left_carry = left_carry+50, total_left = total_left+50
WHERE `user_id` = 'MNLXPP';
INSERT INTO `placement_bv_update_history` (`left_carry`, `date`, `from_id`, `user_id`) VALUES ('50', '2024-09-26 17:12:44', 'V3QV68', 'MNLXPP');
INSERT INTO `matrix_filling` (`placement_id`, `downline_id`, `level`, `matrix`) VALUES ('NUPA4K', 'V3QV68', 8, 1);
UPDATE `bv_updation` SET left_carry = left_carry+50, total_left = total_left+50
WHERE `user_id` = 'NUPA4K';
INSERT INTO `placement_bv_update_history` (`left_carry`, `date`, `from_id`, `user_id`) VALUES ('50', '2024-09-26 17:12:44', 'V3QV68', 'NUPA4K');
INSERT INTO `matrix_filling` (`placement_id`, `downline_id`, `level`, `matrix`) VALUES ('1FFFBU', 'V3QV68', 9, 1);
UPDATE `bv_updation` SET left_carry = left_carry+50, total_left = total_left+50
WHERE `user_id` = '1FFFBU';
INSERT INTO `placement_bv_update_history` (`left_carry`, `date`, `from_id`, `user_id`) VALUES ('50', '2024-09-26 17:12:44', 'V3QV68', '1FFFBU');
INSERT INTO `matrix_filling` (`placement_id`, `downline_id`, `level`, `matrix`) VALUES ('J4CGUT', 'V3QV68', 10, 1);
UPDATE `bv_updation` SET left_carry = left_carry+50, total_left = total_left+50
WHERE `user_id` = 'J4CGUT';
INSERT INTO `placement_bv_update_history` (`left_carry`, `date`, `from_id`, `user_id`) VALUES ('50', '2024-09-26 17:12:44', 'V3QV68', 'J4CGUT');
INSERT INTO `matrix_filling` (`placement_id`, `downline_id`, `level`, `matrix`) VALUES ('S1RTX3', 'V3QV68', 11, 1);
UPDATE `bv_updation` SET left_carry = left_carry+50, total_left = total_left+50
WHERE `user_id` = 'S1RTX3';
INSERT INTO `placement_bv_update_history` (`left_carry`, `date`, `from_id`, `user_id`) VALUES ('50', '2024-09-26 17:12:44', 'V3QV68', 'S1RTX3');
INSERT INTO `matrix_filling` (`placement_id`, `downline_id`, `level`, `matrix`) VALUES ('I8YWQA', 'V3QV68', 12, 1);
UPDATE `bv_updation` SET left_carry = left_carry+50, total_left = total_left+50
WHERE `user_id` = 'I8YWQA';
INSERT INTO `placement_bv_update_history` (`left_carry`, `date`, `from_id`, `user_id`) VALUES ('50', '2024-09-26 17:12:44', 'V3QV68', 'I8YWQA');
INSERT INTO `matrix_filling` (`placement_id`, `downline_id`, `level`, `matrix`) VALUES ('I3MZBU', 'V3QV68', 13, 1);
UPDATE `bv_updation` SET left_carry = left_carry+50, total_left = total_left+50
WHERE `user_id` = 'I3MZBU';
INSERT INTO `placement_bv_update_history` (`left_carry`, `date`, `from_id`, `user_id`) VALUES ('50', '2024-09-26 17:12:44', 'V3QV68', 'I3MZBU');
INSERT INTO `matrix_filling` (`placement_id`, `downline_id`, `level`, `matrix`) VALUES ('H2I33O', 'V3QV68', 14, 1);
UPDATE `bv_updation` SET left_carry = left_carry+50, total_left = total_left+50
WHERE `user_id` = 'H2I33O';
INSERT INTO `placement_bv_update_history` (`left_carry`, `date`, `from_id`, `user_id`) VALUES ('50', '2024-09-26 17:12:44', 'V3QV68', 'H2I33O');
INSERT INTO `matrix_filling` (`placement_id`, `downline_id`, `level`, `matrix`) VALUES ('AL7XWH', 'V3QV68', 15, 1);
UPDATE `bv_updation` SET left_carry = left_carry+50, total_left = total_left+50
WHERE `user_id` = 'AL7XWH';
INSERT INTO `placement_bv_update_history` (`left_carry`, `date`, `from_id`, `user_id`) VALUES ('50', '2024-09-26 17:12:44', 'V3QV68', 'AL7XWH');
INSERT INTO `matrix_filling` (`placement_id`, `downline_id`, `level`, `matrix`) VALUES ('HFZ9SA', 'V3QV68', 16, 1);
UPDATE `bv_updation` SET left_carry = left_carry+50, total_left = total_left+50
WHERE `user_id` = 'HFZ9SA';
INSERT INTO `placement_bv_update_history` (`left_carry`, `date`, `from_id`, `user_id`) VALUES ('50', '2024-09-26 17:12:44', 'V3QV68', 'HFZ9SA');
INSERT INTO `matrix_filling` (`placement_id`, `downline_id`, `level`, `matrix`) VALUES ('A2MTZ3', 'V3QV68', 17, 1);
UPDATE `bv_updation` SET left_carry = left_carry+50, total_left = total_left+50
WHERE `user_id` = 'A2MTZ3';
INSERT INTO `placement_bv_update_history` (`left_carry`, `date`, `from_id`, `user_id`) VALUES ('50', '2024-09-26 17:12:44', 'V3QV68', 'A2MTZ3');
INSERT INTO `matrix_filling` (`placement_id`, `downline_id`, `level`, `matrix`) VALUES ('RUEKCW', 'V3QV68', 18, 1);
UPDATE `bv_updation` SET left_carry = left_carry+50, total_left = total_left+50
WHERE `user_id` = 'RUEKCW';
INSERT INTO `placement_bv_update_history` (`left_carry`, `date`, `from_id`, `user_id`) VALUES ('50', '2024-09-26 17:12:44', 'V3QV68', 'RUEKCW');
INSERT INTO `matrix_filling` (`placement_id`, `downline_id`, `level`, `matrix`) VALUES ('K3GTG4', 'V3QV68', 19, 1);
UPDATE `bv_updation` SET left_carry = left_carry+50, total_left = total_left+50
WHERE `user_id` = 'K3GTG4';
INSERT INTO `placement_bv_update_history` (`left_carry`, `date`, `from_id`, `user_id`) VALUES ('50', '2024-09-26 17:12:44', 'V3QV68', 'K3GTG4');
INSERT INTO `matrix_filling` (`placement_id`, `downline_id`, `level`, `matrix`) VALUES ('I1TUBN', 'V3QV68', 20, 1);
UPDATE `bv_updation` SET left_carry = left_carry+50, total_left = total_left+50
WHERE `user_id` = 'I1TUBN';
INSERT INTO `placement_bv_update_history` (`left_carry`, `date`, `from_id`, `user_id`) VALUES ('50', '2024-09-26 17:12:44', 'V3QV68', 'I1TUBN');
INSERT INTO `matrix_filling` (`placement_id`, `downline_id`, `level`, `matrix`) VALUES ('BAUCCU', 'V3QV68', 21, 1);
UPDATE `bv_updation` SET left_carry = left_carry+50, total_left = total_left+50
WHERE `user_id` = 'BAUCCU';
INSERT INTO `placement_bv_update_history` (`left_carry`, `date`, `from_id`, `user_id`) VALUES ('50', '2024-09-26 17:12:44', 'V3QV68', 'BAUCCU');
INSERT INTO `matrix_filling` (`placement_id`, `downline_id`, `level`, `matrix`) VALUES ('62QO97', 'V3QV68', 22, 1);
UPDATE `bv_updation` SET left_carry = left_carry+50, total_left = total_left+50
WHERE `user_id` = '62QO97';
INSERT INTO `placement_bv_update_history` (`left_carry`, `date`, `from_id`, `user_id`) VALUES ('50', '2024-09-26 17:12:44', 'V3QV68', '62QO97');
INSERT INTO `matrix_filling` (`placement_id`, `downline_id`, `level`, `matrix`) VALUES ('OHLQEO', 'V3QV68', 23, 1);
UPDATE `bv_updation` SET left_carry = left_carry+50, total_left = total_left+50
WHERE `user_id` = 'OHLQEO';
INSERT INTO `placement_bv_update_history` (`left_carry`, `date`, `from_id`, `user_id`) VALUES ('50', '2024-09-26 17:12:44', 'V3QV68', 'OHLQEO');
INSERT INTO `matrix_filling` (`placement_id`, `downline_id`, `level`, `matrix`) VALUES ('7APFKG', 'V3QV68', 24, 1);
UPDATE `bv_updation` SET left_carry = left_carry+50, total_left = total_left+50
WHERE `user_id` = '7APFKG';
INSERT INTO `placement_bv_update_history` (`left_carry`, `date`, `from_id`, `user_id`) VALUES ('50', '2024-09-26 17:12:44', 'V3QV68', '7APFKG');
INSERT INTO `matrix_filling` (`placement_id`, `downline_id`, `level`, `matrix`) VALUES ('Q2Q92Y', 'V3QV68', 25, 1);
UPDATE `bv_updation` SET left_carry = left_carry+50, total_left = total_left+50
WHERE `user_id` = 'Q2Q92Y';
INSERT INTO `placement_bv_update_history` (`left_carry`, `date`, `from_id`, `user_id`) VALUES ('50', '2024-09-26 17:12:44', 'V3QV68', 'Q2Q92Y');
INSERT INTO `matrix_filling` (`placement_id`, `downline_id`, `level`, `matrix`) VALUES ('E9ITRC', 'V3QV68', 26, 1);
UPDATE `bv_updation` SET left_carry = left_carry+50, total_left = total_left+50
WHERE `user_id` = 'E9ITRC';
INSERT INTO `placement_bv_update_history` (`left_carry`, `date`, `from_id`, `user_id`) VALUES ('50', '2024-09-26 17:12:44', 'V3QV68', 'E9ITRC');
INSERT INTO `matrix_filling` (`placement_id`, `downline_id`, `level`, `matrix`) VALUES ('7COKBB', 'V3QV68', 27, 1);
UPDATE `bv_updation` SET left_carry = left_carry+50, total_left = total_left+50
WHERE `user_id` = '7COKBB';
INSERT INTO `placement_bv_update_history` (`left_carry`, `date`, `from_id`, `user_id`) VALUES ('50', '2024-09-26 17:12:44', 'V3QV68', '7COKBB');
INSERT INTO `matrix_filling` (`placement_id`, `downline_id`, `level`, `matrix`) VALUES ('BDNS17', 'V3QV68', 28, 1);
UPDATE `bv_updation` SET left_carry = left_carry+50, total_left = total_left+50
WHERE `user_id` = 'BDNS17';
INSERT INTO `placement_bv_update_history` (`left_carry`, `date`, `from_id`, `user_id`) VALUES ('50', '2024-09-26 17:12:44', 'V3QV68', 'BDNS17');
INSERT INTO `matrix_filling` (`placement_id`, `downline_id`, `level`, `matrix`) VALUES ('7ZXRRE', 'V3QV68', 29, 1);
UPDATE `bv_updation` SET left_carry = left_carry+50, total_left = total_left+50
WHERE `user_id` = '7ZXRRE';
INSERT INTO `placement_bv_update_history` (`left_carry`, `date`, `from_id`, `user_id`) VALUES ('50', '2024-09-26 17:12:44', 'V3QV68', '7ZXRRE');
INSERT INTO `matrix_filling` (`placement_id`, `downline_id`, `level`, `matrix`) VALUES ('KLRAF5', 'V3QV68', 30, 1);
UPDATE `bv_updation` SET left_carry = left_carry+50, total_left = total_left+50
WHERE `user_id` = 'KLRAF5';
INSERT INTO `placement_bv_update_history` (`left_carry`, `date`, `from_id`, `user_id`) VALUES ('50', '2024-09-26 17:12:44', 'V3QV68', 'KLRAF5');
INSERT INTO `matrix_filling` (`placement_id`, `downline_id`, `level`, `matrix`) VALUES ('IFJHZG', 'V3QV68', 31, 1);
UPDATE `bv_updation` SET left_carry = left_carry+50, total_left = total_left+50
WHERE `user_id` = 'IFJHZG';
INSERT INTO `placement_bv_update_history` (`left_carry`, `date`, `from_id`, `user_id`) VALUES ('50', '2024-09-26 17:12:44', 'V3QV68', 'IFJHZG');
INSERT INTO `matrix_filling` (`placement_id`, `downline_id`, `level`, `matrix`) VALUES ('MXUV8Q', 'V3QV68', 32, 1);
UPDATE `bv_updation` SET left_carry = left_carry+50, total_left = total_left+50
WHERE `user_id` = 'MXUV8Q';
INSERT INTO `placement_bv_update_history` (`left_carry`, `date`, `from_id`, `user_id`) VALUES ('50', '2024-09-26 17:12:44', 'V3QV68', 'MXUV8Q');
INSERT INTO `matrix_filling` (`placement_id`, `downline_id`, `level`, `matrix`) VALUES ('GGM164', 'V3QV68', 33, 1);
UPDATE `bv_updation` SET left_carry = left_carry+50, total_left = total_left+50
WHERE `user_id` = 'GGM164';
INSERT INTO `placement_bv_update_history` (`left_carry`, `date`, `from_id`, `user_id`) VALUES ('50', '2024-09-26 17:12:44', 'V3QV68', 'GGM164');
INSERT INTO `matrix_filling` (`placement_id`, `downline_id`, `level`, `matrix`) VALUES ('3NKIEX', 'V3QV68', 34, 1);
UPDATE `bv_updation` SET left_carry = left_carry+50, total_left = total_left+50
WHERE `user_id` = '3NKIEX';
INSERT INTO `placement_bv_update_history` (`left_carry`, `date`, `from_id`, `user_id`) VALUES ('50', '2024-09-26 17:12:44', 'V3QV68', '3NKIEX');
INSERT INTO `matrix_filling` (`placement_id`, `downline_id`, `level`, `matrix`) VALUES ('S56TH3', 'V3QV68', 35, 1);
UPDATE `bv_updation` SET left_carry = left_carry+50, total_left = total_left+50
WHERE `user_id` = 'S56TH3';
INSERT INTO `placement_bv_update_history` (`left_carry`, `date`, `from_id`, `user_id`) VALUES ('50', '2024-09-26 17:12:44', 'V3QV68', 'S56TH3');
INSERT INTO `matrix_filling` (`placement_id`, `downline_id`, `level`, `matrix`) VALUES ('XYG89U', 'V3QV68', 36, 1);
UPDATE `bv_updation` SET left_carry = left_carry+50, total_left = total_left+50
WHERE `user_id` = 'XYG89U';
INSERT INTO `placement_bv_update_history` (`left_carry`, `date`, `from_id`, `user_id`) VALUES ('50', '2024-09-26 17:12:44', 'V3QV68', 'XYG89U');
INSERT INTO `matrix_filling` (`placement_id`, `downline_id`, `level`, `matrix`) VALUES ('HTFY93', 'V3QV68', 37, 1);
UPDATE `bv_updation` SET left_carry = left_carry+50, total_left = total_left+50
WHERE `user_id` = 'HTFY93';
INSERT INTO `placement_bv_update_history` (`left_carry`, `date`, `from_id`, `user_id`) VALUES ('50', '2024-09-26 17:12:44', 'V3QV68', 'HTFY93');
INSERT INTO `matrix_filling` (`placement_id`, `downline_id`, `level`, `matrix`) VALUES ('3PR393', 'V3QV68', 38, 1);
UPDATE `bv_updation` SET left_carry = left_carry+50, total_left = total_left+50
WHERE `user_id` = '3PR393';
INSERT INTO `placement_bv_update_history` (`left_carry`, `date`, `from_id`, `user_id`) VALUES ('50', '2024-09-26 17:12:44', 'V3QV68', '3PR393');
INSERT INTO `matrix_filling` (`placement_id`, `downline_id`, `level`, `matrix`) VALUES ('T3MRY1', 'V3QV68', 39, 1);
UPDATE `bv_updation` SET left_carry = left_carry+50, total_left = total_left+50
WHERE `user_id` = 'T3MRY1';
INSERT INTO `placement_bv_update_history` (`left_carry`, `date`, `from_id`, `user_id`) VALUES ('50', '2024-09-26 17:12:44', 'V3QV68', 'T3MRY1');
INSERT INTO `matrix_filling` (`placement_id`, `downline_id`, `level`, `matrix`) VALUES ('GTMCCK', 'V3QV68', 40, 1);
UPDATE `bv_updation` SET left_carry = left_carry+50, total_left = total_left+50
WHERE `user_id` = 'GTMCCK';
INSERT INTO `placement_bv_update_history` (`left_carry`, `date`, `from_id`, `user_id`) VALUES ('50', '2024-09-26 17:12:44', 'V3QV68', 'GTMCCK');
INSERT INTO `matrix_filling` (`placement_id`, `downline_id`, `level`, `matrix`) VALUES ('DLYMIF', 'V3QV68', 41, 1);
UPDATE `bv_updation` SET left_carry = left_carry+50, total_left = total_left+50
WHERE `user_id` = 'DLYMIF';
INSERT INTO `placement_bv_update_history` (`left_carry`, `date`, `from_id`, `user_id`) VALUES ('50', '2024-09-26 17:12:44', 'V3QV68', 'DLYMIF');
INSERT INTO `matrix_filling` (`placement_id`, `downline_id`, `level`, `matrix`) VALUES ('WGJ5KE', 'V3QV68', 42, 1);
UPDATE `bv_updation` SET left_carry = left_carry+50, total_left = total_left+50
WHERE `user_id` = 'WGJ5KE';
INSERT INTO `placement_bv_update_history` (`left_carry`, `date`, `from_id`, `user_id`) VALUES ('50', '2024-09-26 17:12:45', 'V3QV68', 'WGJ5KE');
INSERT INTO `matrix_filling` (`placement_id`, `downline_id`, `level`, `matrix`) VALUES ('ORRJ3M', 'V3QV68', 43, 1);
UPDATE `bv_updation` SET left_carry = left_carry+50, total_left = total_left+50
WHERE `user_id` = 'ORRJ3M';
INSERT INTO `placement_bv_update_history` (`left_carry`, `date`, `from_id`, `user_id`) VALUES ('50', '2024-09-26 17:12:45', 'V3QV68', 'ORRJ3M');
INSERT INTO `matrix_filling` (`placement_id`, `downline_id`, `level`, `matrix`) VALUES ('AA8V6V', 'V3QV68', 44, 1);
UPDATE `bv_updation` SET left_carry = left_carry+50, total_left = total_left+50
WHERE `user_id` = 'AA8V6V';
INSERT INTO `placement_bv_update_history` (`left_carry`, `date`, `from_id`, `user_id`) VALUES ('50', '2024-09-26 17:12:45', 'V3QV68', 'AA8V6V');
INSERT INTO `matrix_filling` (`placement_id`, `downline_id`, `level`, `matrix`) VALUES ('61ME4O', 'V3QV68', 45, 1);
UPDATE `bv_updation` SET left_carry = left_carry+50, total_left = total_left+50
WHERE `user_id` = '61ME4O';
INSERT INTO `placement_bv_update_history` (`left_carry`, `date`, `from_id`, `user_id`) VALUES ('50', '2024-09-26 17:12:45', 'V3QV68', '61ME4O');
INSERT INTO `matrix_filling` (`placement_id`, `downline_id`, `level`, `matrix`) VALUES ('WS1SZZ', 'V3QV68', 46, 1);
UPDATE `bv_updation` SET left_carry = left_carry+50, total_left = total_left+50
WHERE `user_id` = 'WS1SZZ';
INSERT INTO `placement_bv_update_history` (`left_carry`, `date`, `from_id`, `user_id`) VALUES ('50', '2024-09-26 17:12:45', 'V3QV68', 'WS1SZZ');
INSERT INTO `matrix_filling` (`placement_id`, `downline_id`, `level`, `matrix`) VALUES ('TBN4MZ', 'V3QV68', 47, 1);
UPDATE `bv_updation` SET left_carry = left_carry+50, total_left = total_left+50
WHERE `user_id` = 'TBN4MZ';
INSERT INTO `placement_bv_update_history` (`left_carry`, `date`, `from_id`, `user_id`) VALUES ('50', '2024-09-26 17:12:45', 'V3QV68', 'TBN4MZ');
INSERT INTO `matrix_filling` (`placement_id`, `downline_id`, `level`, `matrix`) VALUES ('OEMJ8R', 'V3QV68', 48, 1);
UPDATE `bv_updation` SET left_carry = left_carry+50, total_left = total_left+50
WHERE `user_id` = 'OEMJ8R';
INSERT INTO `placement_bv_update_history` (`left_carry`, `date`, `from_id`, `user_id`) VALUES ('50', '2024-09-26 17:12:45', 'V3QV68', 'OEMJ8R');
INSERT INTO `matrix_filling` (`placement_id`, `downline_id`, `level`, `matrix`) VALUES ('FXAYIE', 'V3QV68', 49, 1);
UPDATE `bv_updation` SET left_carry = left_carry+50, total_left = total_left+50
WHERE `user_id` = 'FXAYIE';
INSERT INTO `placement_bv_update_history` (`left_carry`, `date`, `from_id`, `user_id`) VALUES ('50', '2024-09-26 17:12:45', 'V3QV68', 'FXAYIE');
INSERT INTO `matrix_filling` (`placement_id`, `downline_id`, `level`, `matrix`) VALUES ('ELXZWC', 'V3QV68', 50, 1);
UPDATE `bv_updation` SET left_carry = left_carry+50, total_left = total_left+50
WHERE `user_id` = 'ELXZWC';
INSERT INTO `placement_bv_update_history` (`left_carry`, `date`, `from_id`, `user_id`) VALUES ('50', '2024-09-26 17:12:45', 'V3QV68', 'ELXZWC');
INSERT INTO `matrix_filling` (`placement_id`, `downline_id`, `level`, `matrix`) VALUES ('C1TQVI', 'V3QV68', 51, 1);
UPDATE `bv_updation` SET left_carry = left_carry+50, total_left = total_left+50
WHERE `user_id` = 'C1TQVI';
INSERT INTO `placement_bv_update_history` (`left_carry`, `date`, `from_id`, `user_id`) VALUES ('50', '2024-09-26 17:12:45', 'V3QV68', 'C1TQVI');
INSERT INTO `matrix_filling` (`placement_id`, `downline_id`, `level`, `matrix`) VALUES ('F5GPDF', 'V3QV68', 52, 1);
UPDATE `bv_updation` SET left_carry = left_carry+50, total_left = total_left+50
WHERE `user_id` = 'F5GPDF';
INSERT INTO `placement_bv_update_history` (`left_carry`, `date`, `from_id`, `user_id`) VALUES ('50', '2024-09-26 17:12:45', 'V3QV68', 'F5GPDF');
INSERT INTO `matrix_filling` (`placement_id`, `downline_id`, `level`, `matrix`) VALUES ('91PYDK', 'V3QV68', 53, 1);
UPDATE `bv_updation` SET left_carry = left_carry+50, total_left = total_left+50
WHERE `user_id` = '91PYDK';
INSERT INTO `placement_bv_update_history` (`left_carry`, `date`, `from_id`, `user_id`) VALUES ('50', '2024-09-26 17:12:45', 'V3QV68', '91PYDK');
INSERT INTO `matrix_filling` (`placement_id`, `downline_id`, `level`, `matrix`) VALUES ('4OT7RX', 'V3QV68', 54, 1);
UPDATE `bv_updation` SET left_carry = left_carry+50, total_left = total_left+50
WHERE `user_id` = '4OT7RX';
INSERT INTO `placement_bv_update_history` (`left_carry`, `date`, `from_id`, `user_id`) VALUES ('50', '2024-09-26 17:12:45', 'V3QV68', '4OT7RX');
INSERT INTO `matrix_filling` (`placement_id`, `downline_id`, `level`, `matrix`) VALUES ('ZJZA3M', 'V3QV68', 55, 1);
UPDATE `bv_updation` SET left_carry = left_carry+50, total_left = total_left+50
WHERE `user_id` = 'ZJZA3M';
INSERT INTO `placement_bv_update_history` (`left_carry`, `date`, `from_id`, `user_id`) VALUES ('50', '2024-09-26 17:12:45', 'V3QV68', 'ZJZA3M');
INSERT INTO `matrix_filling` (`placement_id`, `downline_id`, `level`, `matrix`) VALUES ('XN6ETC', 'V3QV68', 56, 1);
UPDATE `bv_updation` SET left_carry = left_carry+50, total_left = total_left+50
WHERE `user_id` = 'XN6ETC';
INSERT INTO `placement_bv_update_history` (`left_carry`, `date`, `from_id`, `user_id`) VALUES ('50', '2024-09-26 17:12:45', 'V3QV68', 'XN6ETC');
INSERT INTO `matrix_filling` (`placement_id`, `downline_id`, `level`, `matrix`) VALUES ('KVQN1O', 'V3QV68', 57, 1);
UPDATE `bv_updation` SET left_carry = left_carry+50, total_left = total_left+50
WHERE `user_id` = 'KVQN1O';
INSERT INTO `placement_bv_update_history` (`left_carry`, `date`, `from_id`, `user_id`) VALUES ('50', '2024-09-26 17:12:45', 'V3QV68', 'KVQN1O');
INSERT INTO `matrix_filling` (`placement_id`, `downline_id`, `level`, `matrix`) VALUES ('X3V7DJ', 'V3QV68', 58, 1);
UPDATE `bv_updation` SET left_carry = left_carry+50, total_left = total_left+50
WHERE `user_id` = 'X3V7DJ';
INSERT INTO `placement_bv_update_history` (`left_carry`, `date`, `from_id`, `user_id`) VALUES ('50', '2024-09-26 17:12:45', 'V3QV68', 'X3V7DJ');
INSERT INTO `matrix_filling` (`placement_id`, `downline_id`, `level`, `matrix`) VALUES ('DJ77NH', 'V3QV68', 59, 1);
UPDATE `bv_updation` SET left_carry = left_carry+50, total_left = total_left+50
WHERE `user_id` = 'DJ77NH';
INSERT INTO `placement_bv_update_history` (`left_carry`, `date`, `from_id`, `user_id`) VALUES ('50', '2024-09-26 17:12:45', 'V3QV68', 'DJ77NH');
INSERT INTO `matrix_filling` (`placement_id`, `downline_id`, `level`, `matrix`) VALUES ('PX7XCL', 'V3QV68', 60, 1);
UPDATE `bv_updation` SET left_carry = left_carry+50, total_left = total_left+50
WHERE `user_id` = 'PX7XCL';
INSERT INTO `placement_bv_update_history` (`left_carry`, `date`, `from_id`, `user_id`) VALUES ('50', '2024-09-26 17:12:45', 'V3QV68', 'PX7XCL');
INSERT INTO `matrix_filling` (`placement_id`, `downline_id`, `level`, `matrix`) VALUES ('L8PM4Z', 'V3QV68', 61, 1);
UPDATE `bv_updation` SET left_carry = left_carry+50, total_left = total_left+50
WHERE `user_id` = 'L8PM4Z';
INSERT INTO `placement_bv_update_history` (`left_carry`, `date`, `from_id`, `user_id`) VALUES ('50', '2024-09-26 17:12:45', 'V3QV68', 'L8PM4Z');
INSERT INTO `matrix_filling` (`placement_id`, `downline_id`, `level`, `matrix`) VALUES ('GBSIER', 'V3QV68', 62, 1);
UPDATE `bv_updation` SET left_carry = left_carry+50, total_left = total_left+50
WHERE `user_id` = 'GBSIER';
INSERT INTO `placement_bv_update_history` (`left_carry`, `date`, `from_id`, `user_id`) VALUES ('50', '2024-09-26 17:12:45', 'V3QV68', 'GBSIER');
INSERT INTO `matrix_filling` (`placement_id`, `downline_id`, `level`, `matrix`) VALUES ('AV48YQ', 'V3QV68', 63, 1);
UPDATE `bv_updation` SET left_carry = left_carry+50, total_left = total_left+50
WHERE `user_id` = 'AV48YQ';
INSERT INTO `placement_bv_update_history` (`left_carry`, `date`, `from_id`, `user_id`) VALUES ('50', '2024-09-26 17:12:45', 'V3QV68', 'AV48YQ');
INSERT INTO `matrix_filling` (`placement_id`, `downline_id`, `level`, `matrix`) VALUES ('admin', 'V3QV68', 64, 1);
INSERT INTO `package_purchase_history` (`user_id`, `package_id`, `reg_fee`, `package_name`, `monthly_fee`, `type`, `date`, `payment_option`) VALUES ('V3QV68', '2', '595', 'Traveler Pro', '150', 'sign_up', '2024-09-26 17:12:45', 'free');
UPDATE `user_registration` SET `uid` = '2892', `user_id` = 'B91RBB', `username` = 'tomas7', `sponsor_id` = 'JOOGJ8', `vacant` = 'no', `f_name` = 'Tomas', `l_name` = 'Perez', `address` = '8100 SW 14 Terr', `position` = 'left', `email` = 'tomas7@gmail.com', `password` = '9a7269b4e6f75ac54aa213e6275a7825', `phone` = '7862876762', `country` = 'United States', `state` = 'Florida', `city` = 'Miami', `street` = '8100 SW 14 Terr', `zip_code` = '33144', `reg_ip` = '172.70.254.165', `status` = 1, `package_id` = '2', `rank_id` = 1, `highest_rank` = 1, `created` = '2024-09-26 17:16:35', `subscription_date` = '2024-10-26', `google_secret` = 'C7URTL3MDN3YPDZ3'
WHERE `uid` = '2892';
INSERT INTO `user_registration` (`uid`, `user_id`, `username`, `sponsor_id`, `placement_id`, `vacant`, `f_name`, `l_name`, `address`, `position`, `email`, `password`, `phone`, `reg_ip`, `status`, `created`) VALUES (NULL, 'KSNAJR', 'dZNMWZpe', 'B91RBB', 'B91RBB', 'yes', '', '', '', 'left', '@mail.com', '', '', '', 0, '2024-09-26 17:16:35');
INSERT INTO `user_registration` (`uid`, `user_id`, `username`, `sponsor_id`, `placement_id`, `vacant`, `f_name`, `l_name`, `address`, `position`, `email`, `password`, `phone`, `reg_ip`, `status`, `created`) VALUES (NULL, 'OPGXQP', 'CEBylVVa', 'B91RBB', 'B91RBB', 'yes', '', '', '', 'right', '@mail.com', '', '', '', 0, '2024-09-26 17:16:35');
INSERT INTO `bv_updation` (`user_id`) VALUES ('B91RBB');
UPDATE `user_registration` SET total_ref_count = total_ref_count+1
WHERE `user_id` = 'JOOGJ8';
UPDATE `user_registration` SET total_downlines = total_downlines+1
WHERE `user_id` = 'V3QV68';
UPDATE `user_registration` SET left_downlines = left_downlines+1
WHERE `user_id` = 'V3QV68';
UPDATE `user_registration` SET total_downlines = total_downlines+1
WHERE `user_id` = 'CZ5F64';
UPDATE `user_registration` SET left_downlines = left_downlines+1
WHERE `user_id` = 'CZ5F64';
UPDATE `user_registration` SET total_downlines = total_downlines+1
WHERE `user_id` = 'GLSBMT';
UPDATE `user_registration` SET left_downlines = left_downlines+1
WHERE `user_id` = 'GLSBMT';
UPDATE `user_registration` SET total_downlines = total_downlines+1
WHERE `user_id` = 'JOOGJ8';
UPDATE `user_registration` SET left_downlines = left_downlines+1
WHERE `user_id` = 'JOOGJ8';
UPDATE `user_registration` SET left_ref_count = left_ref_count+1
WHERE `user_id` = 'JOOGJ8';
UPDATE `user_registration` SET active_left = active_left+1
WHERE `user_id` = 'JOOGJ8';
UPDATE `user_registration` SET total_downlines = total_downlines+1
WHERE `user_id` = 'IW5GAU';
UPDATE `user_registration` SET right_downlines = right_downlines+1
WHERE `user_id` = 'IW5GAU';
UPDATE `user_registration` SET total_downlines = total_downlines+1
WHERE `user_id` = 'JQ3FLF';
UPDATE `user_registration` SET left_downlines = left_downlines+1
WHERE `user_id` = 'JQ3FLF';
UPDATE `user_registration` SET total_downlines = total_downlines+1
WHERE `user_id` = 'C3N32U';
UPDATE `user_registration` SET left_downlines = left_downlines+1
WHERE `user_id` = 'C3N32U';
UPDATE `user_registration` SET total_downlines = total_downlines+1
WHERE `user_id` = 'MNLXPP';
UPDATE `user_registration` SET left_downlines = left_downlines+1
WHERE `user_id` = 'MNLXPP';
UPDATE `user_registration` SET total_downlines = total_downlines+1
WHERE `user_id` = 'NUPA4K';
UPDATE `user_registration` SET left_downlines = left_downlines+1
WHERE `user_id` = 'NUPA4K';
UPDATE `user_registration` SET total_downlines = total_downlines+1
WHERE `user_id` = '1FFFBU';
UPDATE `user_registration` SET left_downlines = left_downlines+1
WHERE `user_id` = '1FFFBU';
UPDATE `user_registration` SET total_downlines = total_downlines+1
WHERE `user_id` = 'J4CGUT';
UPDATE `user_registration` SET left_downlines = left_downlines+1
WHERE `user_id` = 'J4CGUT';
UPDATE `user_registration` SET total_downlines = total_downlines+1
WHERE `user_id` = 'S1RTX3';
UPDATE `user_registration` SET left_downlines = left_downlines+1
WHERE `user_id` = 'S1RTX3';
UPDATE `user_registration` SET total_downlines = total_downlines+1
WHERE `user_id` = 'I8YWQA';
UPDATE `user_registration` SET left_downlines = left_downlines+1
WHERE `user_id` = 'I8YWQA';
UPDATE `user_registration` SET total_downlines = total_downlines+1
WHERE `user_id` = 'I3MZBU';
UPDATE `user_registration` SET left_downlines = left_downlines+1
WHERE `user_id` = 'I3MZBU';
UPDATE `user_registration` SET total_downlines = total_downlines+1
WHERE `user_id` = 'H2I33O';
UPDATE `user_registration` SET left_downlines = left_downlines+1
WHERE `user_id` = 'H2I33O';
UPDATE `user_registration` SET total_downlines = total_downlines+1
WHERE `user_id` = 'AL7XWH';
UPDATE `user_registration` SET left_downlines = left_downlines+1
WHERE `user_id` = 'AL7XWH';
UPDATE `user_registration` SET total_downlines = total_downlines+1
WHERE `user_id` = 'HFZ9SA';
UPDATE `user_registration` SET left_downlines = left_downlines+1
WHERE `user_id` = 'HFZ9SA';
UPDATE `user_registration` SET total_downlines = total_downlines+1
WHERE `user_id` = 'A2MTZ3';
UPDATE `user_registration` SET left_downlines = left_downlines+1
WHERE `user_id` = 'A2MTZ3';
UPDATE `user_registration` SET total_downlines = total_downlines+1
WHERE `user_id` = 'RUEKCW';
UPDATE `user_registration` SET left_downlines = left_downlines+1
WHERE `user_id` = 'RUEKCW';
UPDATE `user_registration` SET total_downlines = total_downlines+1
WHERE `user_id` = 'K3GTG4';
UPDATE `user_registration` SET left_downlines = left_downlines+1
WHERE `user_id` = 'K3GTG4';
UPDATE `user_registration` SET total_downlines = total_downlines+1
WHERE `user_id` = 'I1TUBN';
UPDATE `user_registration` SET left_downlines = left_downlines+1
WHERE `user_id` = 'I1TUBN';
UPDATE `user_registration` SET total_downlines = total_downlines+1
WHERE `user_id` = 'BAUCCU';
UPDATE `user_registration` SET left_downlines = left_downlines+1
WHERE `user_id` = 'BAUCCU';
UPDATE `user_registration` SET total_downlines = total_downlines+1
WHERE `user_id` = '62QO97';
UPDATE `user_registration` SET left_downlines = left_downlines+1
WHERE `user_id` = '62QO97';
UPDATE `user_registration` SET total_downlines = total_downlines+1
WHERE `user_id` = 'OHLQEO';
UPDATE `user_registration` SET left_downlines = left_downlines+1
WHERE `user_id` = 'OHLQEO';
UPDATE `user_registration` SET total_downlines = total_downlines+1
WHERE `user_id` = '7APFKG';
UPDATE `user_registration` SET left_downlines = left_downlines+1
WHERE `user_id` = '7APFKG';
UPDATE `user_registration` SET total_downlines = total_downlines+1
WHERE `user_id` = 'Q2Q92Y';
UPDATE `user_registration` SET left_downlines = left_downlines+1
WHERE `user_id` = 'Q2Q92Y';
UPDATE `user_registration` SET total_downlines = total_downlines+1
WHERE `user_id` = 'E9ITRC';
UPDATE `user_registration` SET left_downlines = left_downlines+1
WHERE `user_id` = 'E9ITRC';
UPDATE `user_registration` SET total_downlines = total_downlines+1
WHERE `user_id` = '7COKBB';
UPDATE `user_registration` SET left_downlines = left_downlines+1
WHERE `user_id` = '7COKBB';
UPDATE `user_registration` SET total_downlines = total_downlines+1
WHERE `user_id` = 'BDNS17';
UPDATE `user_registration` SET left_downlines = left_downlines+1
WHERE `user_id` = 'BDNS17';
UPDATE `user_registration` SET total_downlines = total_downlines+1
WHERE `user_id` = '7ZXRRE';
UPDATE `user_registration` SET left_downlines = left_downlines+1
WHERE `user_id` = '7ZXRRE';
UPDATE `user_registration` SET total_downlines = total_downlines+1
WHERE `user_id` = 'KLRAF5';
UPDATE `user_registration` SET left_downlines = left_downlines+1
WHERE `user_id` = 'KLRAF5';
UPDATE `user_registration` SET total_downlines = total_downlines+1
WHERE `user_id` = 'IFJHZG';
UPDATE `user_registration` SET left_downlines = left_downlines+1
WHERE `user_id` = 'IFJHZG';
UPDATE `user_registration` SET total_downlines = total_downlines+1
WHERE `user_id` = 'MXUV8Q';
UPDATE `user_registration` SET left_downlines = left_downlines+1
WHERE `user_id` = 'MXUV8Q';
UPDATE `user_registration` SET total_downlines = total_downlines+1
WHERE `user_id` = 'GGM164';
UPDATE `user_registration` SET left_downlines = left_downlines+1
WHERE `user_id` = 'GGM164';
UPDATE `user_registration` SET total_downlines = total_downlines+1
WHERE `user_id` = '3NKIEX';
UPDATE `user_registration` SET left_downlines = left_downlines+1
WHERE `user_id` = '3NKIEX';
UPDATE `user_registration` SET total_downlines = total_downlines+1
WHERE `user_id` = 'S56TH3';
UPDATE `user_registration` SET left_downlines = left_downlines+1
WHERE `user_id` = 'S56TH3';
UPDATE `user_registration` SET total_downlines = total_downlines+1
WHERE `user_id` = 'XYG89U';
UPDATE `user_registration` SET left_downlines = left_downlines+1
WHERE `user_id` = 'XYG89U';
UPDATE `user_registration` SET total_downlines = total_downlines+1
WHERE `user_id` = 'HTFY93';
UPDATE `user_registration` SET left_downlines = left_downlines+1
WHERE `user_id` = 'HTFY93';
UPDATE `user_registration` SET total_downlines = total_downlines+1
WHERE `user_id` = '3PR393';
UPDATE `user_registration` SET left_downlines = left_downlines+1
WHERE `user_id` = '3PR393';
UPDATE `user_registration` SET total_downlines = total_downlines+1
WHERE `user_id` = 'T3MRY1';
UPDATE `user_registration` SET left_downlines = left_downlines+1
WHERE `user_id` = 'T3MRY1';
UPDATE `user_registration` SET total_downlines = total_downlines+1
WHERE `user_id` = 'GTMCCK';
UPDATE `user_registration` SET left_downlines = left_downlines+1
WHERE `user_id` = 'GTMCCK';
UPDATE `user_registration` SET total_downlines = total_downlines+1
WHERE `user_id` = 'DLYMIF';
UPDATE `user_registration` SET left_downlines = left_downlines+1
WHERE `user_id` = 'DLYMIF';
UPDATE `user_registration` SET total_downlines = total_downlines+1
WHERE `user_id` = 'WGJ5KE';
UPDATE `user_registration` SET left_downlines = left_downlines+1
WHERE `user_id` = 'WGJ5KE';
UPDATE `user_registration` SET total_downlines = total_downlines+1
WHERE `user_id` = 'ORRJ3M';
UPDATE `user_registration` SET left_downlines = left_downlines+1
WHERE `user_id` = 'ORRJ3M';
UPDATE `user_registration` SET total_downlines = total_downlines+1
WHERE `user_id` = 'AA8V6V';
UPDATE `user_registration` SET left_downlines = left_downlines+1
WHERE `user_id` = 'AA8V6V';
UPDATE `user_registration` SET total_downlines = total_downlines+1
WHERE `user_id` = '61ME4O';
UPDATE `user_registration` SET left_downlines = left_downlines+1
WHERE `user_id` = '61ME4O';
UPDATE `user_registration` SET total_downlines = total_downlines+1
WHERE `user_id` = 'WS1SZZ';
UPDATE `user_registration` SET left_downlines = left_downlines+1
WHERE `user_id` = 'WS1SZZ';
UPDATE `user_registration` SET total_downlines = total_downlines+1
WHERE `user_id` = 'TBN4MZ';
UPDATE `user_registration` SET left_downlines = left_downlines+1
WHERE `user_id` = 'TBN4MZ';
UPDATE `user_registration` SET total_downlines = total_downlines+1
WHERE `user_id` = 'OEMJ8R';
UPDATE `user_registration` SET left_downlines = left_downlines+1
WHERE `user_id` = 'OEMJ8R';
UPDATE `user_registration` SET total_downlines = total_downlines+1
WHERE `user_id` = 'FXAYIE';
UPDATE `user_registration` SET left_downlines = left_downlines+1
WHERE `user_id` = 'FXAYIE';
UPDATE `user_registration` SET total_downlines = total_downlines+1
WHERE `user_id` = 'ELXZWC';
UPDATE `user_registration` SET left_downlines = left_downlines+1
WHERE `user_id` = 'ELXZWC';
UPDATE `user_registration` SET total_downlines = total_downlines+1
WHERE `user_id` = 'C1TQVI';
UPDATE `user_registration` SET left_downlines = left_downlines+1
WHERE `user_id` = 'C1TQVI';
UPDATE `user_registration` SET total_downlines = total_downlines+1
WHERE `user_id` = 'F5GPDF';
UPDATE `user_registration` SET left_downlines = left_downlines+1
WHERE `user_id` = 'F5GPDF';
UPDATE `user_registration` SET total_downlines = total_downlines+1
WHERE `user_id` = '91PYDK';
UPDATE `user_registration` SET left_downlines = left_downlines+1
WHERE `user_id` = '91PYDK';
UPDATE `user_registration` SET total_downlines = total_downlines+1
WHERE `user_id` = '4OT7RX';
UPDATE `user_registration` SET left_downlines = left_downlines+1
WHERE `user_id` = '4OT7RX';
UPDATE `user_registration` SET total_downlines = total_downlines+1
WHERE `user_id` = 'ZJZA3M';
UPDATE `user_registration` SET left_downlines = left_downlines+1
WHERE `user_id` = 'ZJZA3M';
UPDATE `user_registration` SET total_downlines = total_downlines+1
WHERE `user_id` = 'XN6ETC';
UPDATE `user_registration` SET left_downlines = left_downlines+1
WHERE `user_id` = 'XN6ETC';
UPDATE `user_registration` SET total_downlines = total_downlines+1
WHERE `user_id` = 'KVQN1O';
UPDATE `user_registration` SET left_downlines = left_downlines+1
WHERE `user_id` = 'KVQN1O';
UPDATE `user_registration` SET total_downlines = total_downlines+1
WHERE `user_id` = 'X3V7DJ';
UPDATE `user_registration` SET left_downlines = left_downlines+1
WHERE `user_id` = 'X3V7DJ';
UPDATE `user_registration` SET total_downlines = total_downlines+1
WHERE `user_id` = 'DJ77NH';
UPDATE `user_registration` SET left_downlines = left_downlines+1
WHERE `user_id` = 'DJ77NH';
UPDATE `user_registration` SET total_downlines = total_downlines+1
WHERE `user_id` = 'PX7XCL';
UPDATE `user_registration` SET left_downlines = left_downlines+1
WHERE `user_id` = 'PX7XCL';
UPDATE `user_registration` SET total_downlines = total_downlines+1
WHERE `user_id` = 'L8PM4Z';
UPDATE `user_registration` SET left_downlines = left_downlines+1
WHERE `user_id` = 'L8PM4Z';
UPDATE `user_registration` SET total_downlines = total_downlines+1
WHERE `user_id` = 'GBSIER';
UPDATE `user_registration` SET left_downlines = left_downlines+1
WHERE `user_id` = 'GBSIER';
UPDATE `user_registration` SET total_downlines = total_downlines+1
WHERE `user_id` = 'AV48YQ';
UPDATE `user_registration` SET left_downlines = left_downlines+1
WHERE `user_id` = 'AV48YQ';
UPDATE `user_registration` SET total_downlines = total_downlines+1
WHERE `user_id` = 'admin';
UPDATE `user_registration` SET left_downlines = left_downlines+1
WHERE `user_id` = 'admin';
INSERT INTO `investment` (`invest_date`, `user_id`, `type`, `amount`, `package_id`) VALUES ('2024-09-26 17:16:35', 'B91RBB', 'register', '595', '2');
INSERT INTO `earnings` (`user_id`, `Purchaser_id`, `earning_type`, `package_id`, `amount`, `date`, `comments`, `invest_amount`, `comm_perc`, `level`, `rank_id`, `order_id`) VALUES ('JOOGJ8', 'B91RBB', 'Direct Referral Bonus', '2', '100', '2024-09-26 17:16:35', 'Direct Referral Bonus', 0, 0, 1, '', 293);
UPDATE `user_registration` SET commission_balance = ROUND(commission_balance + 100,2)
WHERE `user_id` = 'JOOGJ8';
INSERT INTO `earnings` (`user_id`, `Purchaser_id`, `earning_type`, `package_id`, `amount`, `date`, `comments`, `invest_amount`, `comm_perc`, `level`, `rank_id`, `order_id`) VALUES ('1FFFBU', 'B91RBB', 'Expansion Bonus', '2', 200, '2024-09-26 17:16:35', 'Expansion Bonus', '100', 0, 1, '', 293);
UPDATE `user_registration` SET commission_balance = ROUND(commission_balance + 200,2)
WHERE `user_id` = '1FFFBU';
INSERT INTO `matrix_filling` (`placement_id`, `downline_id`, `level`, `matrix`) VALUES ('V3QV68', 'B91RBB', 1, 1);
UPDATE `bv_updation` SET left_carry = left_carry+50, total_left = total_left+50
WHERE `user_id` = 'V3QV68';
INSERT INTO `placement_bv_update_history` (`left_carry`, `date`, `from_id`, `user_id`) VALUES ('50', '2024-09-26 17:16:35', 'B91RBB', 'V3QV68');
INSERT INTO `matrix_filling` (`placement_id`, `downline_id`, `level`, `matrix`) VALUES ('CZ5F64', 'B91RBB', 2, 1);
UPDATE `bv_updation` SET left_carry = left_carry+50, total_left = total_left+50
WHERE `user_id` = 'CZ5F64';
INSERT INTO `placement_bv_update_history` (`left_carry`, `date`, `from_id`, `user_id`) VALUES ('50', '2024-09-26 17:16:35', 'B91RBB', 'CZ5F64');
INSERT INTO `matrix_filling` (`placement_id`, `downline_id`, `level`, `matrix`) VALUES ('GLSBMT', 'B91RBB', 3, 1);
UPDATE `bv_updation` SET left_carry = left_carry+50, total_left = total_left+50
WHERE `user_id` = 'GLSBMT';
INSERT INTO `placement_bv_update_history` (`left_carry`, `date`, `from_id`, `user_id`) VALUES ('50', '2024-09-26 17:16:35', 'B91RBB', 'GLSBMT');
INSERT INTO `matrix_filling` (`placement_id`, `downline_id`, `level`, `matrix`) VALUES ('JOOGJ8', 'B91RBB', 4, 1);
UPDATE `bv_updation` SET left_carry = left_carry+50, total_left = total_left+50
WHERE `user_id` = 'JOOGJ8';
INSERT INTO `placement_bv_update_history` (`left_carry`, `date`, `from_id`, `user_id`) VALUES ('50', '2024-09-26 17:16:35', 'B91RBB', 'JOOGJ8');
UPDATE `bv_updation` SET sponsor_left_carry = sponsor_left_carry+50, sponsor_total_left = sponsor_total_left+50
WHERE `user_id` = 'JOOGJ8';
INSERT INTO `sponsor_bv_update_history` (`left_carry`, `date`, `user_id`) VALUES ('50', '2024-09-26 17:16:35', 'JOOGJ8');
INSERT INTO `matrix_filling` (`placement_id`, `downline_id`, `level`, `matrix`) VALUES ('IW5GAU', 'B91RBB', 5, 1);
UPDATE `bv_updation` SET right_carry = right_carry+50, total_right = total_right+50
WHERE `user_id` = 'IW5GAU';
INSERT INTO `placement_bv_update_history` (`right_carry`, `date`, `from_id`, `user_id`) VALUES ('50', '2024-09-26 17:16:35', 'B91RBB', 'IW5GAU');
INSERT INTO `matrix_filling` (`placement_id`, `downline_id`, `level`, `matrix`) VALUES ('JQ3FLF', 'B91RBB', 6, 1);
UPDATE `bv_updation` SET left_carry = left_carry+50, total_left = total_left+50
WHERE `user_id` = 'JQ3FLF';
INSERT INTO `placement_bv_update_history` (`left_carry`, `date`, `from_id`, `user_id`) VALUES ('50', '2024-09-26 17:16:35', 'B91RBB', 'JQ3FLF');
INSERT INTO `matrix_filling` (`placement_id`, `downline_id`, `level`, `matrix`) VALUES ('C3N32U', 'B91RBB', 7, 1);
UPDATE `bv_updation` SET left_carry = left_carry+50, total_left = total_left+50
WHERE `user_id` = 'C3N32U';
INSERT INTO `placement_bv_update_history` (`left_carry`, `date`, `from_id`, `user_id`) VALUES ('50', '2024-09-26 17:16:35', 'B91RBB', 'C3N32U');
INSERT INTO `matrix_filling` (`placement_id`, `downline_id`, `level`, `matrix`) VALUES ('MNLXPP', 'B91RBB', 8, 1);
UPDATE `bv_updation` SET left_carry = left_carry+50, total_left = total_left+50
WHERE `user_id` = 'MNLXPP';
INSERT INTO `placement_bv_update_history` (`left_carry`, `date`, `from_id`, `user_id`) VALUES ('50', '2024-09-26 17:16:35', 'B91RBB', 'MNLXPP');
INSERT INTO `matrix_filling` (`placement_id`, `downline_id`, `level`, `matrix`) VALUES ('NUPA4K', 'B91RBB', 9, 1);
UPDATE `bv_updation` SET left_carry = left_carry+50, total_left = total_left+50
WHERE `user_id` = 'NUPA4K';
INSERT INTO `placement_bv_update_history` (`left_carry`, `date`, `from_id`, `user_id`) VALUES ('50', '2024-09-26 17:16:35', 'B91RBB', 'NUPA4K');
INSERT INTO `matrix_filling` (`placement_id`, `downline_id`, `level`, `matrix`) VALUES ('1FFFBU', 'B91RBB', 10, 1);
UPDATE `bv_updation` SET left_carry = left_carry+50, total_left = total_left+50
WHERE `user_id` = '1FFFBU';
INSERT INTO `placement_bv_update_history` (`left_carry`, `date`, `from_id`, `user_id`) VALUES ('50', '2024-09-26 17:16:35', 'B91RBB', '1FFFBU');
INSERT INTO `matrix_filling` (`placement_id`, `downline_id`, `level`, `matrix`) VALUES ('J4CGUT', 'B91RBB', 11, 1);
UPDATE `bv_updation` SET left_carry = left_carry+50, total_left = total_left+50
WHERE `user_id` = 'J4CGUT';
INSERT INTO `placement_bv_update_history` (`left_carry`, `date`, `from_id`, `user_id`) VALUES ('50', '2024-09-26 17:16:35', 'B91RBB', 'J4CGUT');
INSERT INTO `matrix_filling` (`placement_id`, `downline_id`, `level`, `matrix`) VALUES ('S1RTX3', 'B91RBB', 12, 1);
UPDATE `bv_updation` SET left_carry = left_carry+50, total_left = total_left+50
WHERE `user_id` = 'S1RTX3';
INSERT INTO `placement_bv_update_history` (`left_carry`, `date`, `from_id`, `user_id`) VALUES ('50', '2024-09-26 17:16:35', 'B91RBB', 'S1RTX3');
INSERT INTO `matrix_filling` (`placement_id`, `downline_id`, `level`, `matrix`) VALUES ('I8YWQA', 'B91RBB', 13, 1);
UPDATE `bv_updation` SET left_carry = left_carry+50, total_left = total_left+50
WHERE `user_id` = 'I8YWQA';
INSERT INTO `placement_bv_update_history` (`left_carry`, `date`, `from_id`, `user_id`) VALUES ('50', '2024-09-26 17:16:35', 'B91RBB', 'I8YWQA');
INSERT INTO `matrix_filling` (`placement_id`, `downline_id`, `level`, `matrix`) VALUES ('I3MZBU', 'B91RBB', 14, 1);
UPDATE `bv_updation` SET left_carry = left_carry+50, total_left = total_left+50
WHERE `user_id` = 'I3MZBU';
INSERT INTO `placement_bv_update_history` (`left_carry`, `date`, `from_id`, `user_id`) VALUES ('50', '2024-09-26 17:16:35', 'B91RBB', 'I3MZBU');
INSERT INTO `matrix_filling` (`placement_id`, `downline_id`, `level`, `matrix`) VALUES ('H2I33O', 'B91RBB', 15, 1);
UPDATE `bv_updation` SET left_carry = left_carry+50, total_left = total_left+50
WHERE `user_id` = 'H2I33O';
INSERT INTO `placement_bv_update_history` (`left_carry`, `date`, `from_id`, `user_id`) VALUES ('50', '2024-09-26 17:16:35', 'B91RBB', 'H2I33O');
INSERT INTO `matrix_filling` (`placement_id`, `downline_id`, `level`, `matrix`) VALUES ('AL7XWH', 'B91RBB', 16, 1);
UPDATE `bv_updation` SET left_carry = left_carry+50, total_left = total_left+50
WHERE `user_id` = 'AL7XWH';
INSERT INTO `placement_bv_update_history` (`left_carry`, `date`, `from_id`, `user_id`) VALUES ('50', '2024-09-26 17:16:35', 'B91RBB', 'AL7XWH');
INSERT INTO `matrix_filling` (`placement_id`, `downline_id`, `level`, `matrix`) VALUES ('HFZ9SA', 'B91RBB', 17, 1);
UPDATE `bv_updation` SET left_carry = left_carry+50, total_left = total_left+50
WHERE `user_id` = 'HFZ9SA';
INSERT INTO `placement_bv_update_history` (`left_carry`, `date`, `from_id`, `user_id`) VALUES ('50', '2024-09-26 17:16:35', 'B91RBB', 'HFZ9SA');
INSERT INTO `matrix_filling` (`placement_id`, `downline_id`, `level`, `matrix`) VALUES ('A2MTZ3', 'B91RBB', 18, 1);
UPDATE `bv_updation` SET left_carry = left_carry+50, total_left = total_left+50
WHERE `user_id` = 'A2MTZ3';
INSERT INTO `placement_bv_update_history` (`left_carry`, `date`, `from_id`, `user_id`) VALUES ('50', '2024-09-26 17:16:35', 'B91RBB', 'A2MTZ3');
INSERT INTO `matrix_filling` (`placement_id`, `downline_id`, `level`, `matrix`) VALUES ('RUEKCW', 'B91RBB', 19, 1);
UPDATE `bv_updation` SET left_carry = left_carry+50, total_left = total_left+50
WHERE `user_id` = 'RUEKCW';
INSERT INTO `placement_bv_update_history` (`left_carry`, `date`, `from_id`, `user_id`) VALUES ('50', '2024-09-26 17:16:35', 'B91RBB', 'RUEKCW');
INSERT INTO `matrix_filling` (`placement_id`, `downline_id`, `level`, `matrix`) VALUES ('K3GTG4', 'B91RBB', 20, 1);
UPDATE `bv_updation` SET left_carry = left_carry+50, total_left = total_left+50
WHERE `user_id` = 'K3GTG4';
INSERT INTO `placement_bv_update_history` (`left_carry`, `date`, `from_id`, `user_id`) VALUES ('50', '2024-09-26 17:16:35', 'B91RBB', 'K3GTG4');
INSERT INTO `matrix_filling` (`placement_id`, `downline_id`, `level`, `matrix`) VALUES ('I1TUBN', 'B91RBB', 21, 1);
UPDATE `bv_updation` SET left_carry = left_carry+50, total_left = total_left+50
WHERE `user_id` = 'I1TUBN';
INSERT INTO `placement_bv_update_history` (`left_carry`, `date`, `from_id`, `user_id`) VALUES ('50', '2024-09-26 17:16:35', 'B91RBB', 'I1TUBN');
INSERT INTO `matrix_filling` (`placement_id`, `downline_id`, `level`, `matrix`) VALUES ('BAUCCU', 'B91RBB', 22, 1);
UPDATE `bv_updation` SET left_carry = left_carry+50, total_left = total_left+50
WHERE `user_id` = 'BAUCCU';
INSERT INTO `placement_bv_update_history` (`left_carry`, `date`, `from_id`, `user_id`) VALUES ('50', '2024-09-26 17:16:35', 'B91RBB', 'BAUCCU');
INSERT INTO `matrix_filling` (`placement_id`, `downline_id`, `level`, `matrix`) VALUES ('62QO97', 'B91RBB', 23, 1);
UPDATE `bv_updation` SET left_carry = left_carry+50, total_left = total_left+50
WHERE `user_id` = '62QO97';
INSERT INTO `placement_bv_update_history` (`left_carry`, `date`, `from_id`, `user_id`) VALUES ('50', '2024-09-26 17:16:35', 'B91RBB', '62QO97');
INSERT INTO `matrix_filling` (`placement_id`, `downline_id`, `level`, `matrix`) VALUES ('OHLQEO', 'B91RBB', 24, 1);
UPDATE `bv_updation` SET left_carry = left_carry+50, total_left = total_left+50
WHERE `user_id` = 'OHLQEO';
INSERT INTO `placement_bv_update_history` (`left_carry`, `date`, `from_id`, `user_id`) VALUES ('50', '2024-09-26 17:16:35', 'B91RBB', 'OHLQEO');
INSERT INTO `matrix_filling` (`placement_id`, `downline_id`, `level`, `matrix`) VALUES ('7APFKG', 'B91RBB', 25, 1);
UPDATE `bv_updation` SET left_carry = left_carry+50, total_left = total_left+50
WHERE `user_id` = '7APFKG';
INSERT INTO `placement_bv_update_history` (`left_carry`, `date`, `from_id`, `user_id`) VALUES ('50', '2024-09-26 17:16:35', 'B91RBB', '7APFKG');
INSERT INTO `matrix_filling` (`placement_id`, `downline_id`, `level`, `matrix`) VALUES ('Q2Q92Y', 'B91RBB', 26, 1);
UPDATE `bv_updation` SET left_carry = left_carry+50, total_left = total_left+50
WHERE `user_id` = 'Q2Q92Y';
INSERT INTO `placement_bv_update_history` (`left_carry`, `date`, `from_id`, `user_id`) VALUES ('50', '2024-09-26 17:16:35', 'B91RBB', 'Q2Q92Y');
INSERT INTO `matrix_filling` (`placement_id`, `downline_id`, `level`, `matrix`) VALUES ('E9ITRC', 'B91RBB', 27, 1);
UPDATE `bv_updation` SET left_carry = left_carry+50, total_left = total_left+50
WHERE `user_id` = 'E9ITRC';
INSERT INTO `placement_bv_update_history` (`left_carry`, `date`, `from_id`, `user_id`) VALUES ('50', '2024-09-26 17:16:35', 'B91RBB', 'E9ITRC');
INSERT INTO `matrix_filling` (`placement_id`, `downline_id`, `level`, `matrix`) VALUES ('7COKBB', 'B91RBB', 28, 1);
UPDATE `bv_updation` SET left_carry = left_carry+50, total_left = total_left+50
WHERE `user_id` = '7COKBB';
INSERT INTO `placement_bv_update_history` (`left_carry`, `date`, `from_id`, `user_id`) VALUES ('50', '2024-09-26 17:16:35', 'B91RBB', '7COKBB');
INSERT INTO `matrix_filling` (`placement_id`, `downline_id`, `level`, `matrix`) VALUES ('BDNS17', 'B91RBB', 29, 1);
UPDATE `bv_updation` SET left_carry = left_carry+50, total_left = total_left+50
WHERE `user_id` = 'BDNS17';
INSERT INTO `placement_bv_update_history` (`left_carry`, `date`, `from_id`, `user_id`) VALUES ('50', '2024-09-26 17:16:35', 'B91RBB', 'BDNS17');
INSERT INTO `matrix_filling` (`placement_id`, `downline_id`, `level`, `matrix`) VALUES ('7ZXRRE', 'B91RBB', 30, 1);
UPDATE `bv_updation` SET left_carry = left_carry+50, total_left = total_left+50
WHERE `user_id` = '7ZXRRE';
INSERT INTO `placement_bv_update_history` (`left_carry`, `date`, `from_id`, `user_id`) VALUES ('50', '2024-09-26 17:16:35', 'B91RBB', '7ZXRRE');
INSERT INTO `matrix_filling` (`placement_id`, `downline_id`, `level`, `matrix`) VALUES ('KLRAF5', 'B91RBB', 31, 1);
UPDATE `bv_updation` SET left_carry = left_carry+50, total_left = total_left+50
WHERE `user_id` = 'KLRAF5';
INSERT INTO `placement_bv_update_history` (`left_carry`, `date`, `from_id`, `user_id`) VALUES ('50', '2024-09-26 17:16:35', 'B91RBB', 'KLRAF5');
INSERT INTO `matrix_filling` (`placement_id`, `downline_id`, `level`, `matrix`) VALUES ('IFJHZG', 'B91RBB', 32, 1);
UPDATE `bv_updation` SET left_carry = left_carry+50, total_left = total_left+50
WHERE `user_id` = 'IFJHZG';
INSERT INTO `placement_bv_update_history` (`left_carry`, `date`, `from_id`, `user_id`) VALUES ('50', '2024-09-26 17:16:35', 'B91RBB', 'IFJHZG');
INSERT INTO `matrix_filling` (`placement_id`, `downline_id`, `level`, `matrix`) VALUES ('MXUV8Q', 'B91RBB', 33, 1);
UPDATE `bv_updation` SET left_carry = left_carry+50, total_left = total_left+50
WHERE `user_id` = 'MXUV8Q';
INSERT INTO `placement_bv_update_history` (`left_carry`, `date`, `from_id`, `user_id`) VALUES ('50', '2024-09-26 17:16:35', 'B91RBB', 'MXUV8Q');
INSERT INTO `matrix_filling` (`placement_id`, `downline_id`, `level`, `matrix`) VALUES ('GGM164', 'B91RBB', 34, 1);
UPDATE `bv_updation` SET left_carry = left_carry+50, total_left = total_left+50
WHERE `user_id` = 'GGM164';
INSERT INTO `placement_bv_update_history` (`left_carry`, `date`, `from_id`, `user_id`) VALUES ('50', '2024-09-26 17:16:35', 'B91RBB', 'GGM164');
INSERT INTO `matrix_filling` (`placement_id`, `downline_id`, `level`, `matrix`) VALUES ('3NKIEX', 'B91RBB', 35, 1);
UPDATE `bv_updation` SET left_carry = left_carry+50, total_left = total_left+50
WHERE `user_id` = '3NKIEX';
INSERT INTO `placement_bv_update_history` (`left_carry`, `date`, `from_id`, `user_id`) VALUES ('50', '2024-09-26 17:16:35', 'B91RBB', '3NKIEX');
INSERT INTO `matrix_filling` (`placement_id`, `downline_id`, `level`, `matrix`) VALUES ('S56TH3', 'B91RBB', 36, 1);
UPDATE `bv_updation` SET left_carry = left_carry+50, total_left = total_left+50
WHERE `user_id` = 'S56TH3';
INSERT INTO `placement_bv_update_history` (`left_carry`, `date`, `from_id`, `user_id`) VALUES ('50', '2024-09-26 17:16:35', 'B91RBB', 'S56TH3');
INSERT INTO `matrix_filling` (`placement_id`, `downline_id`, `level`, `matrix`) VALUES ('XYG89U', 'B91RBB', 37, 1);
UPDATE `bv_updation` SET left_carry = left_carry+50, total_left = total_left+50
WHERE `user_id` = 'XYG89U';
INSERT INTO `placement_bv_update_history` (`left_carry`, `date`, `from_id`, `user_id`) VALUES ('50', '2024-09-26 17:16:35', 'B91RBB', 'XYG89U');
INSERT INTO `matrix_filling` (`placement_id`, `downline_id`, `level`, `matrix`) VALUES ('HTFY93', 'B91RBB', 38, 1);
UPDATE `bv_updation` SET left_carry = left_carry+50, total_left = total_left+50
WHERE `user_id` = 'HTFY93';
INSERT INTO `placement_bv_update_history` (`left_carry`, `date`, `from_id`, `user_id`) VALUES ('50', '2024-09-26 17:16:35', 'B91RBB', 'HTFY93');
INSERT INTO `matrix_filling` (`placement_id`, `downline_id`, `level`, `matrix`) VALUES ('3PR393', 'B91RBB', 39, 1);
UPDATE `bv_updation` SET left_carry = left_carry+50, total_left = total_left+50
WHERE `user_id` = '3PR393';
INSERT INTO `placement_bv_update_history` (`left_carry`, `date`, `from_id`, `user_id`) VALUES ('50', '2024-09-26 17:16:35', 'B91RBB', '3PR393');
INSERT INTO `matrix_filling` (`placement_id`, `downline_id`, `level`, `matrix`) VALUES ('T3MRY1', 'B91RBB', 40, 1);
UPDATE `bv_updation` SET left_carry = left_carry+50, total_left = total_left+50
WHERE `user_id` = 'T3MRY1';
INSERT INTO `placement_bv_update_history` (`left_carry`, `date`, `from_id`, `user_id`) VALUES ('50', '2024-09-26 17:16:35', 'B91RBB', 'T3MRY1');
INSERT INTO `matrix_filling` (`placement_id`, `downline_id`, `level`, `matrix`) VALUES ('GTMCCK', 'B91RBB', 41, 1);
UPDATE `bv_updation` SET left_carry = left_carry+50, total_left = total_left+50
WHERE `user_id` = 'GTMCCK';
INSERT INTO `placement_bv_update_history` (`left_carry`, `date`, `from_id`, `user_id`) VALUES ('50', '2024-09-26 17:16:35', 'B91RBB', 'GTMCCK');
INSERT INTO `matrix_filling` (`placement_id`, `downline_id`, `level`, `matrix`) VALUES ('DLYMIF', 'B91RBB', 42, 1);
UPDATE `bv_updation` SET left_carry = left_carry+50, total_left = total_left+50
WHERE `user_id` = 'DLYMIF';
INSERT INTO `placement_bv_update_history` (`left_carry`, `date`, `from_id`, `user_id`) VALUES ('50', '2024-09-26 17:16:35', 'B91RBB', 'DLYMIF');
INSERT INTO `matrix_filling` (`placement_id`, `downline_id`, `level`, `matrix`) VALUES ('WGJ5KE', 'B91RBB', 43, 1);
UPDATE `bv_updation` SET left_carry = left_carry+50, total_left = total_left+50
WHERE `user_id` = 'WGJ5KE';
INSERT INTO `placement_bv_update_history` (`left_carry`, `date`, `from_id`, `user_id`) VALUES ('50', '2024-09-26 17:16:35', 'B91RBB', 'WGJ5KE');
INSERT INTO `matrix_filling` (`placement_id`, `downline_id`, `level`, `matrix`) VALUES ('ORRJ3M', 'B91RBB', 44, 1);
UPDATE `bv_updation` SET left_carry = left_carry+50, total_left = total_left+50
WHERE `user_id` = 'ORRJ3M';
INSERT INTO `placement_bv_update_history` (`left_carry`, `date`, `from_id`, `user_id`) VALUES ('50', '2024-09-26 17:16:35', 'B91RBB', 'ORRJ3M');
INSERT INTO `matrix_filling` (`placement_id`, `downline_id`, `level`, `matrix`) VALUES ('AA8V6V', 'B91RBB', 45, 1);
UPDATE `bv_updation` SET left_carry = left_carry+50, total_left = total_left+50
WHERE `user_id` = 'AA8V6V';
INSERT INTO `placement_bv_update_history` (`left_carry`, `date`, `from_id`, `user_id`) VALUES ('50', '2024-09-26 17:16:35', 'B91RBB', 'AA8V6V');
INSERT INTO `matrix_filling` (`placement_id`, `downline_id`, `level`, `matrix`) VALUES ('61ME4O', 'B91RBB', 46, 1);
UPDATE `bv_updation` SET left_carry = left_carry+50, total_left = total_left+50
WHERE `user_id` = '61ME4O';
INSERT INTO `placement_bv_update_history` (`left_carry`, `date`, `from_id`, `user_id`) VALUES ('50', '2024-09-26 17:16:35', 'B91RBB', '61ME4O');
INSERT INTO `matrix_filling` (`placement_id`, `downline_id`, `level`, `matrix`) VALUES ('WS1SZZ', 'B91RBB', 47, 1);
UPDATE `bv_updation` SET left_carry = left_carry+50, total_left = total_left+50
WHERE `user_id` = 'WS1SZZ';
INSERT INTO `placement_bv_update_history` (`left_carry`, `date`, `from_id`, `user_id`) VALUES ('50', '2024-09-26 17:16:35', 'B91RBB', 'WS1SZZ');
INSERT INTO `matrix_filling` (`placement_id`, `downline_id`, `level`, `matrix`) VALUES ('TBN4MZ', 'B91RBB', 48, 1);
UPDATE `bv_updation` SET left_carry = left_carry+50, total_left = total_left+50
WHERE `user_id` = 'TBN4MZ';
INSERT INTO `placement_bv_update_history` (`left_carry`, `date`, `from_id`, `user_id`) VALUES ('50', '2024-09-26 17:16:35', 'B91RBB', 'TBN4MZ');
INSERT INTO `matrix_filling` (`placement_id`, `downline_id`, `level`, `matrix`) VALUES ('OEMJ8R', 'B91RBB', 49, 1);
UPDATE `bv_updation` SET left_carry = left_carry+50, total_left = total_left+50
WHERE `user_id` = 'OEMJ8R';
INSERT INTO `placement_bv_update_history` (`left_carry`, `date`, `from_id`, `user_id`) VALUES ('50', '2024-09-26 17:16:35', 'B91RBB', 'OEMJ8R');
INSERT INTO `matrix_filling` (`placement_id`, `downline_id`, `level`, `matrix`) VALUES ('FXAYIE', 'B91RBB', 50, 1);
UPDATE `bv_updation` SET left_carry = left_carry+50, total_left = total_left+50
WHERE `user_id` = 'FXAYIE';
INSERT INTO `placement_bv_update_history` (`left_carry`, `date`, `from_id`, `user_id`) VALUES ('50', '2024-09-26 17:16:35', 'B91RBB', 'FXAYIE');
INSERT INTO `matrix_filling` (`placement_id`, `downline_id`, `level`, `matrix`) VALUES ('ELXZWC', 'B91RBB', 51, 1);
UPDATE `bv_updation` SET left_carry = left_carry+50, total_left = total_left+50
WHERE `user_id` = 'ELXZWC';
INSERT INTO `placement_bv_update_history` (`left_carry`, `date`, `from_id`, `user_id`) VALUES ('50', '2024-09-26 17:16:35', 'B91RBB', 'ELXZWC');
INSERT INTO `matrix_filling` (`placement_id`, `downline_id`, `level`, `matrix`) VALUES ('C1TQVI', 'B91RBB', 52, 1);
UPDATE `bv_updation` SET left_carry = left_carry+50, total_left = total_left+50
WHERE `user_id` = 'C1TQVI';
INSERT INTO `placement_bv_update_history` (`left_carry`, `date`, `from_id`, `user_id`) VALUES ('50', '2024-09-26 17:16:35', 'B91RBB', 'C1TQVI');
INSERT INTO `matrix_filling` (`placement_id`, `downline_id`, `level`, `matrix`) VALUES ('F5GPDF', 'B91RBB', 53, 1);
UPDATE `bv_updation` SET left_carry = left_carry+50, total_left = total_left+50
WHERE `user_id` = 'F5GPDF';
INSERT INTO `placement_bv_update_history` (`left_carry`, `date`, `from_id`, `user_id`) VALUES ('50', '2024-09-26 17:16:35', 'B91RBB', 'F5GPDF');
INSERT INTO `matrix_filling` (`placement_id`, `downline_id`, `level`, `matrix`) VALUES ('91PYDK', 'B91RBB', 54, 1);
UPDATE `bv_updation` SET left_carry = left_carry+50, total_left = total_left+50
WHERE `user_id` = '91PYDK';
INSERT INTO `placement_bv_update_history` (`left_carry`, `date`, `from_id`, `user_id`) VALUES ('50', '2024-09-26 17:16:35', 'B91RBB', '91PYDK');
INSERT INTO `matrix_filling` (`placement_id`, `downline_id`, `level`, `matrix`) VALUES ('4OT7RX', 'B91RBB', 55, 1);
UPDATE `bv_updation` SET left_carry = left_carry+50, total_left = total_left+50
WHERE `user_id` = '4OT7RX';
INSERT INTO `placement_bv_update_history` (`left_carry`, `date`, `from_id`, `user_id`) VALUES ('50', '2024-09-26 17:16:35', 'B91RBB', '4OT7RX');
INSERT INTO `matrix_filling` (`placement_id`, `downline_id`, `level`, `matrix`) VALUES ('ZJZA3M', 'B91RBB', 56, 1);
UPDATE `bv_updation` SET left_carry = left_carry+50, total_left = total_left+50
WHERE `user_id` = 'ZJZA3M';
INSERT INTO `placement_bv_update_history` (`left_carry`, `date`, `from_id`, `user_id`) VALUES ('50', '2024-09-26 17:16:35', 'B91RBB', 'ZJZA3M');
INSERT INTO `matrix_filling` (`placement_id`, `downline_id`, `level`, `matrix`) VALUES ('XN6ETC', 'B91RBB', 57, 1);
UPDATE `bv_updation` SET left_carry = left_carry+50, total_left = total_left+50
WHERE `user_id` = 'XN6ETC';
INSERT INTO `placement_bv_update_history` (`left_carry`, `date`, `from_id`, `user_id`) VALUES ('50', '2024-09-26 17:16:35', 'B91RBB', 'XN6ETC');
INSERT INTO `matrix_filling` (`placement_id`, `downline_id`, `level`, `matrix`) VALUES ('KVQN1O', 'B91RBB', 58, 1);
UPDATE `bv_updation` SET left_carry = left_carry+50, total_left = total_left+50
WHERE `user_id` = 'KVQN1O';
INSERT INTO `placement_bv_update_history` (`left_carry`, `date`, `from_id`, `user_id`) VALUES ('50', '2024-09-26 17:16:35', 'B91RBB', 'KVQN1O');
INSERT INTO `matrix_filling` (`placement_id`, `downline_id`, `level`, `matrix`) VALUES ('X3V7DJ', 'B91RBB', 59, 1);
UPDATE `bv_updation` SET left_carry = left_carry+50, total_left = total_left+50
WHERE `user_id` = 'X3V7DJ';
INSERT INTO `placement_bv_update_history` (`left_carry`, `date`, `from_id`, `user_id`) VALUES ('50', '2024-09-26 17:16:35', 'B91RBB', 'X3V7DJ');
INSERT INTO `matrix_filling` (`placement_id`, `downline_id`, `level`, `matrix`) VALUES ('DJ77NH', 'B91RBB', 60, 1);
UPDATE `bv_updation` SET left_carry = left_carry+50, total_left = total_left+50
WHERE `user_id` = 'DJ77NH';
INSERT INTO `placement_bv_update_history` (`left_carry`, `date`, `from_id`, `user_id`) VALUES ('50', '2024-09-26 17:16:35', 'B91RBB', 'DJ77NH');
INSERT INTO `matrix_filling` (`placement_id`, `downline_id`, `level`, `matrix`) VALUES ('PX7XCL', 'B91RBB', 61, 1);
UPDATE `bv_updation` SET left_carry = left_carry+50, total_left = total_left+50
WHERE `user_id` = 'PX7XCL';
INSERT INTO `placement_bv_update_history` (`left_carry`, `date`, `from_id`, `user_id`) VALUES ('50', '2024-09-26 17:16:35', 'B91RBB', 'PX7XCL');
INSERT INTO `matrix_filling` (`placement_id`, `downline_id`, `level`, `matrix`) VALUES ('L8PM4Z', 'B91RBB', 62, 1);
UPDATE `bv_updation` SET left_carry = left_carry+50, total_left = total_left+50
WHERE `user_id` = 'L8PM4Z';
INSERT INTO `placement_bv_update_history` (`left_carry`, `date`, `from_id`, `user_id`) VALUES ('50', '2024-09-26 17:16:35', 'B91RBB', 'L8PM4Z');
INSERT INTO `matrix_filling` (`placement_id`, `downline_id`, `level`, `matrix`) VALUES ('GBSIER', 'B91RBB', 63, 1);
UPDATE `bv_updation` SET left_carry = left_carry+50, total_left = total_left+50
WHERE `user_id` = 'GBSIER';
INSERT INTO `placement_bv_update_history` (`left_carry`, `date`, `from_id`, `user_id`) VALUES ('50', '2024-09-26 17:16:35', 'B91RBB', 'GBSIER');
INSERT INTO `matrix_filling` (`placement_id`, `downline_id`, `level`, `matrix`) VALUES ('AV48YQ', 'B91RBB', 64, 1);
UPDATE `bv_updation` SET left_carry = left_carry+50, total_left = total_left+50
WHERE `user_id` = 'AV48YQ';
INSERT INTO `placement_bv_update_history` (`left_carry`, `date`, `from_id`, `user_id`) VALUES ('50', '2024-09-26 17:16:35', 'B91RBB', 'AV48YQ');
INSERT INTO `matrix_filling` (`placement_id`, `downline_id`, `level`, `matrix`) VALUES ('admin', 'B91RBB', 65, 1);
INSERT INTO `package_purchase_history` (`user_id`, `package_id`, `reg_fee`, `package_name`, `monthly_fee`, `type`, `date`, `payment_option`) VALUES ('B91RBB', '2', '595', 'Traveler Pro', '150', 'sign_up', '2024-09-26 17:16:35', 'free');
UPDATE `ci_sessions` SET `timestamp` = 1727389101, `data` = '__ci_last_regenerate|i:1727389101;id|s:4:\"2521\";user_id|s:6:\"JOOGJ8\";username|s:7:\"nestor7\";sponsor_id|s:6:\"IW5GAU\";fullname|s:15:\"Nestor Angarita\";email|s:17:\"nestor7@gmail.com\";phone|s:10:\"7862876762\";isLogIn|b:1;'
WHERE `id` = '9752082864d9af9b917ea361259b54bd1ae509d0';
UPDATE `user_registration` SET `uid` = '2887', `user_id` = 'RPDH3F', `username` = 'douglas7', `sponsor_id` = 'JOOGJ8', `vacant` = 'no', `f_name` = 'Douglas', `l_name` = 'Severino', `address` = '8100 SW 14 Terr', `position` = 'right', `email` = 'douglas7@gmail.com', `password` = 'a73fef62285cb06d5650dc27a2b69eda', `phone` = '7862876762', `country` = 'United States', `state` = 'Florida', `city` = 'Miami', `street` = '8100 SW 14 Terr', `zip_code` = '33144', `reg_ip` = '108.162.212.7', `status` = 1, `package_id` = '2', `rank_id` = 1, `highest_rank` = 1, `created` = '2024-09-26 17:18:21', `subscription_date` = '2024-10-26', `google_secret` = 'IO2WYHVUHULEGK4B'
WHERE `uid` = '2887';
INSERT INTO `user_registration` (`uid`, `user_id`, `username`, `sponsor_id`, `placement_id`, `vacant`, `f_name`, `l_name`, `address`, `position`, `email`, `password`, `phone`, `reg_ip`, `status`, `created`) VALUES (NULL, 'OTJCTF', 'nKeFGiaC', 'RPDH3F', 'RPDH3F', 'yes', '', '', '', 'left', '@mail.com', '', '', '', 0, '2024-09-26 17:18:21');
INSERT INTO `user_registration` (`uid`, `user_id`, `username`, `sponsor_id`, `placement_id`, `vacant`, `f_name`, `l_name`, `address`, `position`, `email`, `password`, `phone`, `reg_ip`, `status`, `created`) VALUES (NULL, 'GATQDL', 'NkFIMQks', 'RPDH3F', 'RPDH3F', 'yes', '', '', '', 'right', '@mail.com', '', '', '', 0, '2024-09-26 17:18:21');
INSERT INTO `bv_updation` (`user_id`) VALUES ('RPDH3F');
UPDATE `user_registration` SET total_ref_count = total_ref_count+1
WHERE `user_id` = 'JOOGJ8';
UPDATE `user_registration` SET total_downlines = total_downlines+1
WHERE `user_id` = 'ISFCIT';
UPDATE `user_registration` SET right_downlines = right_downlines+1
WHERE `user_id` = 'ISFCIT';
UPDATE `user_registration` SET total_downlines = total_downlines+1
WHERE `user_id` = '132L5K';
UPDATE `user_registration` SET right_downlines = right_downlines+1
WHERE `user_id` = '132L5K';
UPDATE `user_registration` SET total_downlines = total_downlines+1
WHERE `user_id` = 'LYT8K3';
UPDATE `user_registration` SET right_downlines = right_downlines+1
WHERE `user_id` = 'LYT8K3';
UPDATE `user_registration` SET total_downlines = total_downlines+1
WHERE `user_id` = '491MZ8';
UPDATE `user_registration` SET right_downlines = right_downlines+1
WHERE `user_id` = '491MZ8';
UPDATE `user_registration` SET total_downlines = total_downlines+1
WHERE `user_id` = 'JOOGJ8';
UPDATE `user_registration` SET right_downlines = right_downlines+1
WHERE `user_id` = 'JOOGJ8';
UPDATE `user_registration` SET right_ref_count = right_ref_count+1
WHERE `user_id` = 'JOOGJ8';
UPDATE `user_registration` SET active_right = active_right+1
WHERE `user_id` = 'JOOGJ8';
UPDATE `user_registration` SET `binary_qualified` = 'yes', `binary_qualified_date` = '2024-09-26 17:18:21'
WHERE `user_id` = 'JOOGJ8';
UPDATE `user_registration` SET total_downlines = total_downlines+1
WHERE `user_id` = 'IW5GAU';
UPDATE `user_registration` SET right_downlines = right_downlines+1
WHERE `user_id` = 'IW5GAU';
UPDATE `user_registration` SET total_downlines = total_downlines+1
WHERE `user_id` = 'JQ3FLF';
UPDATE `user_registration` SET left_downlines = left_downlines+1
WHERE `user_id` = 'JQ3FLF';
UPDATE `user_registration` SET total_downlines = total_downlines+1
WHERE `user_id` = 'C3N32U';
UPDATE `user_registration` SET left_downlines = left_downlines+1
WHERE `user_id` = 'C3N32U';
UPDATE `user_registration` SET total_downlines = total_downlines+1
WHERE `user_id` = 'MNLXPP';
UPDATE `user_registration` SET left_downlines = left_downlines+1
WHERE `user_id` = 'MNLXPP';
UPDATE `user_registration` SET total_downlines = total_downlines+1
WHERE `user_id` = 'NUPA4K';
UPDATE `user_registration` SET left_downlines = left_downlines+1
WHERE `user_id` = 'NUPA4K';
UPDATE `user_registration` SET total_downlines = total_downlines+1
WHERE `user_id` = '1FFFBU';
UPDATE `user_registration` SET left_downlines = left_downlines+1
WHERE `user_id` = '1FFFBU';
UPDATE `user_registration` SET total_downlines = total_downlines+1
WHERE `user_id` = 'J4CGUT';
UPDATE `user_registration` SET left_downlines = left_downlines+1
WHERE `user_id` = 'J4CGUT';
UPDATE `user_registration` SET total_downlines = total_downlines+1
WHERE `user_id` = 'S1RTX3';
UPDATE `user_registration` SET left_downlines = left_downlines+1
WHERE `user_id` = 'S1RTX3';
UPDATE `user_registration` SET total_downlines = total_downlines+1
WHERE `user_id` = 'I8YWQA';
UPDATE `user_registration` SET left_downlines = left_downlines+1
WHERE `user_id` = 'I8YWQA';
UPDATE `user_registration` SET total_downlines = total_downlines+1
WHERE `user_id` = 'I3MZBU';
UPDATE `user_registration` SET left_downlines = left_downlines+1
WHERE `user_id` = 'I3MZBU';
UPDATE `user_registration` SET total_downlines = total_downlines+1
WHERE `user_id` = 'H2I33O';
UPDATE `user_registration` SET left_downlines = left_downlines+1
WHERE `user_id` = 'H2I33O';
UPDATE `user_registration` SET total_downlines = total_downlines+1
WHERE `user_id` = 'AL7XWH';
UPDATE `user_registration` SET left_downlines = left_downlines+1
WHERE `user_id` = 'AL7XWH';
UPDATE `user_registration` SET total_downlines = total_downlines+1
WHERE `user_id` = 'HFZ9SA';
UPDATE `user_registration` SET left_downlines = left_downlines+1
WHERE `user_id` = 'HFZ9SA';
UPDATE `user_registration` SET total_downlines = total_downlines+1
WHERE `user_id` = 'A2MTZ3';
UPDATE `user_registration` SET left_downlines = left_downlines+1
WHERE `user_id` = 'A2MTZ3';
UPDATE `user_registration` SET total_downlines = total_downlines+1
WHERE `user_id` = 'RUEKCW';
UPDATE `user_registration` SET left_downlines = left_downlines+1
WHERE `user_id` = 'RUEKCW';
UPDATE `user_registration` SET total_downlines = total_downlines+1
WHERE `user_id` = 'K3GTG4';
UPDATE `user_registration` SET left_downlines = left_downlines+1
WHERE `user_id` = 'K3GTG4';
UPDATE `user_registration` SET total_downlines = total_downlines+1
WHERE `user_id` = 'I1TUBN';
UPDATE `user_registration` SET left_downlines = left_downlines+1
WHERE `user_id` = 'I1TUBN';
UPDATE `user_registration` SET total_downlines = total_downlines+1
WHERE `user_id` = 'BAUCCU';
UPDATE `user_registration` SET left_downlines = left_downlines+1
WHERE `user_id` = 'BAUCCU';
UPDATE `user_registration` SET total_downlines = total_downlines+1
WHERE `user_id` = '62QO97';
UPDATE `user_registration` SET left_downlines = left_downlines+1
WHERE `user_id` = '62QO97';
UPDATE `user_registration` SET total_downlines = total_downlines+1
WHERE `user_id` = 'OHLQEO';
UPDATE `user_registration` SET left_downlines = left_downlines+1
WHERE `user_id` = 'OHLQEO';
UPDATE `user_registration` SET total_downlines = total_downlines+1
WHERE `user_id` = '7APFKG';
UPDATE `user_registration` SET left_downlines = left_downlines+1
WHERE `user_id` = '7APFKG';
UPDATE `user_registration` SET total_downlines = total_downlines+1
WHERE `user_id` = 'Q2Q92Y';
UPDATE `user_registration` SET left_downlines = left_downlines+1
WHERE `user_id` = 'Q2Q92Y';
UPDATE `user_registration` SET total_downlines = total_downlines+1
WHERE `user_id` = 'E9ITRC';
UPDATE `user_registration` SET left_downlines = left_downlines+1
WHERE `user_id` = 'E9ITRC';
UPDATE `user_registration` SET total_downlines = total_downlines+1
WHERE `user_id` = '7COKBB';
UPDATE `user_registration` SET left_downlines = left_downlines+1
WHERE `user_id` = '7COKBB';
UPDATE `user_registration` SET total_downlines = total_downlines+1
WHERE `user_id` = 'BDNS17';
UPDATE `user_registration` SET left_downlines = left_downlines+1
WHERE `user_id` = 'BDNS17';
UPDATE `user_registration` SET total_downlines = total_downlines+1
WHERE `user_id` = '7ZXRRE';
UPDATE `user_registration` SET left_downlines = left_downlines+1
WHERE `user_id` = '7ZXRRE';
UPDATE `user_registration` SET total_downlines = total_downlines+1
WHERE `user_id` = 'KLRAF5';
UPDATE `user_registration` SET left_downlines = left_downlines+1
WHERE `user_id` = 'KLRAF5';
UPDATE `user_registration` SET total_downlines = total_downlines+1
WHERE `user_id` = 'IFJHZG';
UPDATE `user_registration` SET left_downlines = left_downlines+1
WHERE `user_id` = 'IFJHZG';
UPDATE `user_registration` SET total_downlines = total_downlines+1
WHERE `user_id` = 'MXUV8Q';
UPDATE `user_registration` SET left_downlines = left_downlines+1
WHERE `user_id` = 'MXUV8Q';
UPDATE `user_registration` SET total_downlines = total_downlines+1
WHERE `user_id` = 'GGM164';
UPDATE `user_registration` SET left_downlines = left_downlines+1
WHERE `user_id` = 'GGM164';
UPDATE `user_registration` SET total_downlines = total_downlines+1
WHERE `user_id` = '3NKIEX';
UPDATE `user_registration` SET left_downlines = left_downlines+1
WHERE `user_id` = '3NKIEX';
UPDATE `user_registration` SET total_downlines = total_downlines+1
WHERE `user_id` = 'S56TH3';
UPDATE `user_registration` SET left_downlines = left_downlines+1
WHERE `user_id` = 'S56TH3';
UPDATE `user_registration` SET total_downlines = total_downlines+1
WHERE `user_id` = 'XYG89U';
UPDATE `user_registration` SET left_downlines = left_downlines+1
WHERE `user_id` = 'XYG89U';
UPDATE `user_registration` SET total_downlines = total_downlines+1
WHERE `user_id` = 'HTFY93';
UPDATE `user_registration` SET left_downlines = left_downlines+1
WHERE `user_id` = 'HTFY93';
UPDATE `user_registration` SET total_downlines = total_downlines+1
WHERE `user_id` = '3PR393';
UPDATE `user_registration` SET left_downlines = left_downlines+1
WHERE `user_id` = '3PR393';
UPDATE `user_registration` SET total_downlines = total_downlines+1
WHERE `user_id` = 'T3MRY1';
UPDATE `user_registration` SET left_downlines = left_downlines+1
WHERE `user_id` = 'T3MRY1';
UPDATE `user_registration` SET total_downlines = total_downlines+1
WHERE `user_id` = 'GTMCCK';
UPDATE `user_registration` SET left_downlines = left_downlines+1
WHERE `user_id` = 'GTMCCK';
UPDATE `user_registration` SET total_downlines = total_downlines+1
WHERE `user_id` = 'DLYMIF';
UPDATE `user_registration` SET left_downlines = left_downlines+1
WHERE `user_id` = 'DLYMIF';
UPDATE `user_registration` SET total_downlines = total_downlines+1
WHERE `user_id` = 'WGJ5KE';
UPDATE `user_registration` SET left_downlines = left_downlines+1
WHERE `user_id` = 'WGJ5KE';
UPDATE `user_registration` SET total_downlines = total_downlines+1
WHERE `user_id` = 'ORRJ3M';
UPDATE `user_registration` SET left_downlines = left_downlines+1
WHERE `user_id` = 'ORRJ3M';
UPDATE `user_registration` SET total_downlines = total_downlines+1
WHERE `user_id` = 'AA8V6V';
UPDATE `user_registration` SET left_downlines = left_downlines+1
WHERE `user_id` = 'AA8V6V';
UPDATE `user_registration` SET total_downlines = total_downlines+1
WHERE `user_id` = '61ME4O';
UPDATE `user_registration` SET left_downlines = left_downlines+1
WHERE `user_id` = '61ME4O';
UPDATE `user_registration` SET total_downlines = total_downlines+1
WHERE `user_id` = 'WS1SZZ';
UPDATE `user_registration` SET left_downlines = left_downlines+1
WHERE `user_id` = 'WS1SZZ';
UPDATE `user_registration` SET total_downlines = total_downlines+1
WHERE `user_id` = 'TBN4MZ';
UPDATE `user_registration` SET left_downlines = left_downlines+1
WHERE `user_id` = 'TBN4MZ';
UPDATE `user_registration` SET total_downlines = total_downlines+1
WHERE `user_id` = 'OEMJ8R';
UPDATE `user_registration` SET left_downlines = left_downlines+1
WHERE `user_id` = 'OEMJ8R';
UPDATE `user_registration` SET total_downlines = total_downlines+1
WHERE `user_id` = 'FXAYIE';
UPDATE `user_registration` SET left_downlines = left_downlines+1
WHERE `user_id` = 'FXAYIE';
UPDATE `user_registration` SET total_downlines = total_downlines+1
WHERE `user_id` = 'ELXZWC';
UPDATE `user_registration` SET left_downlines = left_downlines+1
WHERE `user_id` = 'ELXZWC';
UPDATE `user_registration` SET total_downlines = total_downlines+1
WHERE `user_id` = 'C1TQVI';
UPDATE `user_registration` SET left_downlines = left_downlines+1
WHERE `user_id` = 'C1TQVI';
UPDATE `user_registration` SET total_downlines = total_downlines+1
WHERE `user_id` = 'F5GPDF';
UPDATE `user_registration` SET left_downlines = left_downlines+1
WHERE `user_id` = 'F5GPDF';
UPDATE `user_registration` SET total_downlines = total_downlines+1
WHERE `user_id` = '91PYDK';
UPDATE `user_registration` SET left_downlines = left_downlines+1
WHERE `user_id` = '91PYDK';
UPDATE `user_registration` SET total_downlines = total_downlines+1
WHERE `user_id` = '4OT7RX';
UPDATE `user_registration` SET left_downlines = left_downlines+1
WHERE `user_id` = '4OT7RX';
UPDATE `user_registration` SET total_downlines = total_downlines+1
WHERE `user_id` = 'ZJZA3M';
UPDATE `user_registration` SET left_downlines = left_downlines+1
WHERE `user_id` = 'ZJZA3M';
UPDATE `user_registration` SET total_downlines = total_downlines+1
WHERE `user_id` = 'XN6ETC';
UPDATE `user_registration` SET left_downlines = left_downlines+1
WHERE `user_id` = 'XN6ETC';
UPDATE `user_registration` SET total_downlines = total_downlines+1
WHERE `user_id` = 'KVQN1O';
UPDATE `user_registration` SET left_downlines = left_downlines+1
WHERE `user_id` = 'KVQN1O';
UPDATE `user_registration` SET total_downlines = total_downlines+1
WHERE `user_id` = 'X3V7DJ';
UPDATE `user_registration` SET left_downlines = left_downlines+1
WHERE `user_id` = 'X3V7DJ';
UPDATE `user_registration` SET total_downlines = total_downlines+1
WHERE `user_id` = 'DJ77NH';
UPDATE `user_registration` SET left_downlines = left_downlines+1
WHERE `user_id` = 'DJ77NH';
UPDATE `user_registration` SET total_downlines = total_downlines+1
WHERE `user_id` = 'PX7XCL';
UPDATE `user_registration` SET left_downlines = left_downlines+1
WHERE `user_id` = 'PX7XCL';
UPDATE `user_registration` SET total_downlines = total_downlines+1
WHERE `user_id` = 'L8PM4Z';
UPDATE `user_registration` SET left_downlines = left_downlines+1
WHERE `user_id` = 'L8PM4Z';
UPDATE `user_registration` SET total_downlines = total_downlines+1
WHERE `user_id` = 'GBSIER';
UPDATE `user_registration` SET left_downlines = left_downlines+1
WHERE `user_id` = 'GBSIER';
UPDATE `user_registration` SET total_downlines = total_downlines+1
WHERE `user_id` = 'AV48YQ';
UPDATE `user_registration` SET left_downlines = left_downlines+1
WHERE `user_id` = 'AV48YQ';
UPDATE `user_registration` SET total_downlines = total_downlines+1
WHERE `user_id` = 'admin';
UPDATE `user_registration` SET left_downlines = left_downlines+1
WHERE `user_id` = 'admin';
INSERT INTO `investment` (`invest_date`, `user_id`, `type`, `amount`, `package_id`) VALUES ('2024-09-26 17:18:21', 'RPDH3F', 'register', '595', '2');
INSERT INTO `earnings` (`user_id`, `Purchaser_id`, `earning_type`, `package_id`, `amount`, `date`, `comments`, `invest_amount`, `comm_perc`, `level`, `rank_id`, `order_id`) VALUES ('JOOGJ8', 'RPDH3F', 'Direct Referral Bonus', '2', '100', '2024-09-26 17:18:21', 'Direct Referral Bonus', 0, 0, 1, '', 294);
UPDATE `user_registration` SET commission_balance = ROUND(commission_balance + 100,2)
WHERE `user_id` = 'JOOGJ8';
INSERT INTO `earnings` (`user_id`, `Purchaser_id`, `earning_type`, `package_id`, `amount`, `date`, `comments`, `invest_amount`, `comm_perc`, `level`, `rank_id`, `order_id`) VALUES ('1FFFBU', 'RPDH3F', 'Expansion Bonus', '2', 200, '2024-09-26 17:18:21', 'Expansion Bonus', '100', 0, 1, '', 294);
UPDATE `user_registration` SET commission_balance = ROUND(commission_balance + 200,2)
WHERE `user_id` = '1FFFBU';
INSERT INTO `matrix_filling` (`placement_id`, `downline_id`, `level`, `matrix`) VALUES ('ISFCIT', 'RPDH3F', 1, 1);
UPDATE `bv_updation` SET right_carry = right_carry+50, total_right = total_right+50
WHERE `user_id` = 'ISFCIT';
INSERT INTO `placement_bv_update_history` (`right_carry`, `date`, `from_id`, `user_id`) VALUES ('50', '2024-09-26 17:18:21', 'RPDH3F', 'ISFCIT');
INSERT INTO `matrix_filling` (`placement_id`, `downline_id`, `level`, `matrix`) VALUES ('132L5K', 'RPDH3F', 2, 1);
UPDATE `bv_updation` SET right_carry = right_carry+50, total_right = total_right+50
WHERE `user_id` = '132L5K';
INSERT INTO `placement_bv_update_history` (`right_carry`, `date`, `from_id`, `user_id`) VALUES ('50', '2024-09-26 17:18:21', 'RPDH3F', '132L5K');
INSERT INTO `matrix_filling` (`placement_id`, `downline_id`, `level`, `matrix`) VALUES ('LYT8K3', 'RPDH3F', 3, 1);
UPDATE `bv_updation` SET right_carry = right_carry+50, total_right = total_right+50
WHERE `user_id` = 'LYT8K3';
INSERT INTO `placement_bv_update_history` (`right_carry`, `date`, `from_id`, `user_id`) VALUES ('50', '2024-09-26 17:18:21', 'RPDH3F', 'LYT8K3');
INSERT INTO `matrix_filling` (`placement_id`, `downline_id`, `level`, `matrix`) VALUES ('491MZ8', 'RPDH3F', 4, 1);
UPDATE `bv_updation` SET right_carry = right_carry+50, total_right = total_right+50
WHERE `user_id` = '491MZ8';
INSERT INTO `placement_bv_update_history` (`right_carry`, `date`, `from_id`, `user_id`) VALUES ('50', '2024-09-26 17:18:21', 'RPDH3F', '491MZ8');
INSERT INTO `matrix_filling` (`placement_id`, `downline_id`, `level`, `matrix`) VALUES ('JOOGJ8', 'RPDH3F', 5, 1);
UPDATE `bv_updation` SET right_carry = right_carry+50, total_right = total_right+50
WHERE `user_id` = 'JOOGJ8';
INSERT INTO `placement_bv_update_history` (`right_carry`, `date`, `from_id`, `user_id`) VALUES ('50', '2024-09-26 17:18:21', 'RPDH3F', 'JOOGJ8');
UPDATE `bv_updation` SET sponsor_right_carry = sponsor_right_carry+50, sponsor_total_right = sponsor_total_right+50
WHERE `user_id` = 'JOOGJ8';
INSERT INTO `sponsor_bv_update_history` (`right_carry`, `date`, `user_id`) VALUES ('50', '2024-09-26 17:18:21', 'JOOGJ8');
INSERT INTO `matrix_filling` (`placement_id`, `downline_id`, `level`, `matrix`) VALUES ('IW5GAU', 'RPDH3F', 6, 1);
UPDATE `bv_updation` SET right_carry = right_carry+50, total_right = total_right+50
WHERE `user_id` = 'IW5GAU';
INSERT INTO `placement_bv_update_history` (`right_carry`, `date`, `from_id`, `user_id`) VALUES ('50', '2024-09-26 17:18:21', 'RPDH3F', 'IW5GAU');
INSERT INTO `matrix_filling` (`placement_id`, `downline_id`, `level`, `matrix`) VALUES ('JQ3FLF', 'RPDH3F', 7, 1);
UPDATE `bv_updation` SET left_carry = left_carry+50, total_left = total_left+50
WHERE `user_id` = 'JQ3FLF';
INSERT INTO `placement_bv_update_history` (`left_carry`, `date`, `from_id`, `user_id`) VALUES ('50', '2024-09-26 17:18:21', 'RPDH3F', 'JQ3FLF');
INSERT INTO `matrix_filling` (`placement_id`, `downline_id`, `level`, `matrix`) VALUES ('C3N32U', 'RPDH3F', 8, 1);
UPDATE `bv_updation` SET left_carry = left_carry+50, total_left = total_left+50
WHERE `user_id` = 'C3N32U';
INSERT INTO `placement_bv_update_history` (`left_carry`, `date`, `from_id`, `user_id`) VALUES ('50', '2024-09-26 17:18:21', 'RPDH3F', 'C3N32U');
INSERT INTO `matrix_filling` (`placement_id`, `downline_id`, `level`, `matrix`) VALUES ('MNLXPP', 'RPDH3F', 9, 1);
UPDATE `bv_updation` SET left_carry = left_carry+50, total_left = total_left+50
WHERE `user_id` = 'MNLXPP';
INSERT INTO `placement_bv_update_history` (`left_carry`, `date`, `from_id`, `user_id`) VALUES ('50', '2024-09-26 17:18:21', 'RPDH3F', 'MNLXPP');
INSERT INTO `matrix_filling` (`placement_id`, `downline_id`, `level`, `matrix`) VALUES ('NUPA4K', 'RPDH3F', 10, 1);
UPDATE `bv_updation` SET left_carry = left_carry+50, total_left = total_left+50
WHERE `user_id` = 'NUPA4K';
INSERT INTO `placement_bv_update_history` (`left_carry`, `date`, `from_id`, `user_id`) VALUES ('50', '2024-09-26 17:18:21', 'RPDH3F', 'NUPA4K');
INSERT INTO `matrix_filling` (`placement_id`, `downline_id`, `level`, `matrix`) VALUES ('1FFFBU', 'RPDH3F', 11, 1);
UPDATE `bv_updation` SET left_carry = left_carry+50, total_left = total_left+50
WHERE `user_id` = '1FFFBU';
INSERT INTO `placement_bv_update_history` (`left_carry`, `date`, `from_id`, `user_id`) VALUES ('50', '2024-09-26 17:18:21', 'RPDH3F', '1FFFBU');
INSERT INTO `matrix_filling` (`placement_id`, `downline_id`, `level`, `matrix`) VALUES ('J4CGUT', 'RPDH3F', 12, 1);
UPDATE `bv_updation` SET left_carry = left_carry+50, total_left = total_left+50
WHERE `user_id` = 'J4CGUT';
INSERT INTO `placement_bv_update_history` (`left_carry`, `date`, `from_id`, `user_id`) VALUES ('50', '2024-09-26 17:18:21', 'RPDH3F', 'J4CGUT');
INSERT INTO `matrix_filling` (`placement_id`, `downline_id`, `level`, `matrix`) VALUES ('S1RTX3', 'RPDH3F', 13, 1);
UPDATE `bv_updation` SET left_carry = left_carry+50, total_left = total_left+50
WHERE `user_id` = 'S1RTX3';
INSERT INTO `placement_bv_update_history` (`left_carry`, `date`, `from_id`, `user_id`) VALUES ('50', '2024-09-26 17:18:21', 'RPDH3F', 'S1RTX3');
INSERT INTO `matrix_filling` (`placement_id`, `downline_id`, `level`, `matrix`) VALUES ('I8YWQA', 'RPDH3F', 14, 1);
UPDATE `bv_updation` SET left_carry = left_carry+50, total_left = total_left+50
WHERE `user_id` = 'I8YWQA';
INSERT INTO `placement_bv_update_history` (`left_carry`, `date`, `from_id`, `user_id`) VALUES ('50', '2024-09-26 17:18:21', 'RPDH3F', 'I8YWQA');
INSERT INTO `matrix_filling` (`placement_id`, `downline_id`, `level`, `matrix`) VALUES ('I3MZBU', 'RPDH3F', 15, 1);
UPDATE `bv_updation` SET left_carry = left_carry+50, total_left = total_left+50
WHERE `user_id` = 'I3MZBU';
INSERT INTO `placement_bv_update_history` (`left_carry`, `date`, `from_id`, `user_id`) VALUES ('50', '2024-09-26 17:18:21', 'RPDH3F', 'I3MZBU');
INSERT INTO `matrix_filling` (`placement_id`, `downline_id`, `level`, `matrix`) VALUES ('H2I33O', 'RPDH3F', 16, 1);
UPDATE `bv_updation` SET left_carry = left_carry+50, total_left = total_left+50
WHERE `user_id` = 'H2I33O';
INSERT INTO `placement_bv_update_history` (`left_carry`, `date`, `from_id`, `user_id`) VALUES ('50', '2024-09-26 17:18:21', 'RPDH3F', 'H2I33O');
INSERT INTO `matrix_filling` (`placement_id`, `downline_id`, `level`, `matrix`) VALUES ('AL7XWH', 'RPDH3F', 17, 1);
UPDATE `bv_updation` SET left_carry = left_carry+50, total_left = total_left+50
WHERE `user_id` = 'AL7XWH';
INSERT INTO `placement_bv_update_history` (`left_carry`, `date`, `from_id`, `user_id`) VALUES ('50', '2024-09-26 17:18:21', 'RPDH3F', 'AL7XWH');
INSERT INTO `matrix_filling` (`placement_id`, `downline_id`, `level`, `matrix`) VALUES ('HFZ9SA', 'RPDH3F', 18, 1);
UPDATE `bv_updation` SET left_carry = left_carry+50, total_left = total_left+50
WHERE `user_id` = 'HFZ9SA';
INSERT INTO `placement_bv_update_history` (`left_carry`, `date`, `from_id`, `user_id`) VALUES ('50', '2024-09-26 17:18:21', 'RPDH3F', 'HFZ9SA');
INSERT INTO `matrix_filling` (`placement_id`, `downline_id`, `level`, `matrix`) VALUES ('A2MTZ3', 'RPDH3F', 19, 1);
UPDATE `bv_updation` SET left_carry = left_carry+50, total_left = total_left+50
WHERE `user_id` = 'A2MTZ3';
INSERT INTO `placement_bv_update_history` (`left_carry`, `date`, `from_id`, `user_id`) VALUES ('50', '2024-09-26 17:18:21', 'RPDH3F', 'A2MTZ3');
INSERT INTO `matrix_filling` (`placement_id`, `downline_id`, `level`, `matrix`) VALUES ('RUEKCW', 'RPDH3F', 20, 1);
UPDATE `bv_updation` SET left_carry = left_carry+50, total_left = total_left+50
WHERE `user_id` = 'RUEKCW';
INSERT INTO `placement_bv_update_history` (`left_carry`, `date`, `from_id`, `user_id`) VALUES ('50', '2024-09-26 17:18:21', 'RPDH3F', 'RUEKCW');
INSERT INTO `matrix_filling` (`placement_id`, `downline_id`, `level`, `matrix`) VALUES ('K3GTG4', 'RPDH3F', 21, 1);
UPDATE `bv_updation` SET left_carry = left_carry+50, total_left = total_left+50
WHERE `user_id` = 'K3GTG4';
INSERT INTO `placement_bv_update_history` (`left_carry`, `date`, `from_id`, `user_id`) VALUES ('50', '2024-09-26 17:18:21', 'RPDH3F', 'K3GTG4');
INSERT INTO `matrix_filling` (`placement_id`, `downline_id`, `level`, `matrix`) VALUES ('I1TUBN', 'RPDH3F', 22, 1);
UPDATE `bv_updation` SET left_carry = left_carry+50, total_left = total_left+50
WHERE `user_id` = 'I1TUBN';
INSERT INTO `placement_bv_update_history` (`left_carry`, `date`, `from_id`, `user_id`) VALUES ('50', '2024-09-26 17:18:21', 'RPDH3F', 'I1TUBN');
INSERT INTO `matrix_filling` (`placement_id`, `downline_id`, `level`, `matrix`) VALUES ('BAUCCU', 'RPDH3F', 23, 1);
UPDATE `bv_updation` SET left_carry = left_carry+50, total_left = total_left+50
WHERE `user_id` = 'BAUCCU';
INSERT INTO `placement_bv_update_history` (`left_carry`, `date`, `from_id`, `user_id`) VALUES ('50', '2024-09-26 17:18:21', 'RPDH3F', 'BAUCCU');
INSERT INTO `matrix_filling` (`placement_id`, `downline_id`, `level`, `matrix`) VALUES ('62QO97', 'RPDH3F', 24, 1);
UPDATE `bv_updation` SET left_carry = left_carry+50, total_left = total_left+50
WHERE `user_id` = '62QO97';
INSERT INTO `placement_bv_update_history` (`left_carry`, `date`, `from_id`, `user_id`) VALUES ('50', '2024-09-26 17:18:21', 'RPDH3F', '62QO97');
INSERT INTO `matrix_filling` (`placement_id`, `downline_id`, `level`, `matrix`) VALUES ('OHLQEO', 'RPDH3F', 25, 1);
UPDATE `bv_updation` SET left_carry = left_carry+50, total_left = total_left+50
WHERE `user_id` = 'OHLQEO';
INSERT INTO `placement_bv_update_history` (`left_carry`, `date`, `from_id`, `user_id`) VALUES ('50', '2024-09-26 17:18:21', 'RPDH3F', 'OHLQEO');
INSERT INTO `matrix_filling` (`placement_id`, `downline_id`, `level`, `matrix`) VALUES ('7APFKG', 'RPDH3F', 26, 1);
UPDATE `bv_updation` SET left_carry = left_carry+50, total_left = total_left+50
WHERE `user_id` = '7APFKG';
INSERT INTO `placement_bv_update_history` (`left_carry`, `date`, `from_id`, `user_id`) VALUES ('50', '2024-09-26 17:18:21', 'RPDH3F', '7APFKG');
INSERT INTO `matrix_filling` (`placement_id`, `downline_id`, `level`, `matrix`) VALUES ('Q2Q92Y', 'RPDH3F', 27, 1);
UPDATE `bv_updation` SET left_carry = left_carry+50, total_left = total_left+50
WHERE `user_id` = 'Q2Q92Y';
INSERT INTO `placement_bv_update_history` (`left_carry`, `date`, `from_id`, `user_id`) VALUES ('50', '2024-09-26 17:18:21', 'RPDH3F', 'Q2Q92Y');
INSERT INTO `matrix_filling` (`placement_id`, `downline_id`, `level`, `matrix`) VALUES ('E9ITRC', 'RPDH3F', 28, 1);
UPDATE `bv_updation` SET left_carry = left_carry+50, total_left = total_left+50
WHERE `user_id` = 'E9ITRC';
INSERT INTO `placement_bv_update_history` (`left_carry`, `date`, `from_id`, `user_id`) VALUES ('50', '2024-09-26 17:18:21', 'RPDH3F', 'E9ITRC');
INSERT INTO `matrix_filling` (`placement_id`, `downline_id`, `level`, `matrix`) VALUES ('7COKBB', 'RPDH3F', 29, 1);
UPDATE `bv_updation` SET left_carry = left_carry+50, total_left = total_left+50
WHERE `user_id` = '7COKBB';
INSERT INTO `placement_bv_update_history` (`left_carry`, `date`, `from_id`, `user_id`) VALUES ('50', '2024-09-26 17:18:21', 'RPDH3F', '7COKBB');
INSERT INTO `matrix_filling` (`placement_id`, `downline_id`, `level`, `matrix`) VALUES ('BDNS17', 'RPDH3F', 30, 1);
UPDATE `bv_updation` SET left_carry = left_carry+50, total_left = total_left+50
WHERE `user_id` = 'BDNS17';
INSERT INTO `placement_bv_update_history` (`left_carry`, `date`, `from_id`, `user_id`) VALUES ('50', '2024-09-26 17:18:21', 'RPDH3F', 'BDNS17');
INSERT INTO `matrix_filling` (`placement_id`, `downline_id`, `level`, `matrix`) VALUES ('7ZXRRE', 'RPDH3F', 31, 1);
UPDATE `bv_updation` SET left_carry = left_carry+50, total_left = total_left+50
WHERE `user_id` = '7ZXRRE';
INSERT INTO `placement_bv_update_history` (`left_carry`, `date`, `from_id`, `user_id`) VALUES ('50', '2024-09-26 17:18:21', 'RPDH3F', '7ZXRRE');
INSERT INTO `matrix_filling` (`placement_id`, `downline_id`, `level`, `matrix`) VALUES ('KLRAF5', 'RPDH3F', 32, 1);
UPDATE `bv_updation` SET left_carry = left_carry+50, total_left = total_left+50
WHERE `user_id` = 'KLRAF5';
INSERT INTO `placement_bv_update_history` (`left_carry`, `date`, `from_id`, `user_id`) VALUES ('50', '2024-09-26 17:18:21', 'RPDH3F', 'KLRAF5');
INSERT INTO `matrix_filling` (`placement_id`, `downline_id`, `level`, `matrix`) VALUES ('IFJHZG', 'RPDH3F', 33, 1);
UPDATE `bv_updation` SET left_carry = left_carry+50, total_left = total_left+50
WHERE `user_id` = 'IFJHZG';
INSERT INTO `placement_bv_update_history` (`left_carry`, `date`, `from_id`, `user_id`) VALUES ('50', '2024-09-26 17:18:21', 'RPDH3F', 'IFJHZG');
INSERT INTO `matrix_filling` (`placement_id`, `downline_id`, `level`, `matrix`) VALUES ('MXUV8Q', 'RPDH3F', 34, 1);
UPDATE `bv_updation` SET left_carry = left_carry+50, total_left = total_left+50
WHERE `user_id` = 'MXUV8Q';
INSERT INTO `placement_bv_update_history` (`left_carry`, `date`, `from_id`, `user_id`) VALUES ('50', '2024-09-26 17:18:21', 'RPDH3F', 'MXUV8Q');
INSERT INTO `matrix_filling` (`placement_id`, `downline_id`, `level`, `matrix`) VALUES ('GGM164', 'RPDH3F', 35, 1);
UPDATE `bv_updation` SET left_carry = left_carry+50, total_left = total_left+50
WHERE `user_id` = 'GGM164';
INSERT INTO `placement_bv_update_history` (`left_carry`, `date`, `from_id`, `user_id`) VALUES ('50', '2024-09-26 17:18:21', 'RPDH3F', 'GGM164');
INSERT INTO `matrix_filling` (`placement_id`, `downline_id`, `level`, `matrix`) VALUES ('3NKIEX', 'RPDH3F', 36, 1);
UPDATE `bv_updation` SET left_carry = left_carry+50, total_left = total_left+50
WHERE `user_id` = '3NKIEX';
INSERT INTO `placement_bv_update_history` (`left_carry`, `date`, `from_id`, `user_id`) VALUES ('50', '2024-09-26 17:18:21', 'RPDH3F', '3NKIEX');
INSERT INTO `matrix_filling` (`placement_id`, `downline_id`, `level`, `matrix`) VALUES ('S56TH3', 'RPDH3F', 37, 1);
UPDATE `bv_updation` SET left_carry = left_carry+50, total_left = total_left+50
WHERE `user_id` = 'S56TH3';
INSERT INTO `placement_bv_update_history` (`left_carry`, `date`, `from_id`, `user_id`) VALUES ('50', '2024-09-26 17:18:21', 'RPDH3F', 'S56TH3');
INSERT INTO `matrix_filling` (`placement_id`, `downline_id`, `level`, `matrix`) VALUES ('XYG89U', 'RPDH3F', 38, 1);
UPDATE `bv_updation` SET left_carry = left_carry+50, total_left = total_left+50
WHERE `user_id` = 'XYG89U';
INSERT INTO `placement_bv_update_history` (`left_carry`, `date`, `from_id`, `user_id`) VALUES ('50', '2024-09-26 17:18:21', 'RPDH3F', 'XYG89U');
INSERT INTO `matrix_filling` (`placement_id`, `downline_id`, `level`, `matrix`) VALUES ('HTFY93', 'RPDH3F', 39, 1);
UPDATE `bv_updation` SET left_carry = left_carry+50, total_left = total_left+50
WHERE `user_id` = 'HTFY93';
INSERT INTO `placement_bv_update_history` (`left_carry`, `date`, `from_id`, `user_id`) VALUES ('50', '2024-09-26 17:18:21', 'RPDH3F', 'HTFY93');
INSERT INTO `matrix_filling` (`placement_id`, `downline_id`, `level`, `matrix`) VALUES ('3PR393', 'RPDH3F', 40, 1);
UPDATE `bv_updation` SET left_carry = left_carry+50, total_left = total_left+50
WHERE `user_id` = '3PR393';
INSERT INTO `placement_bv_update_history` (`left_carry`, `date`, `from_id`, `user_id`) VALUES ('50', '2024-09-26 17:18:21', 'RPDH3F', '3PR393');
INSERT INTO `matrix_filling` (`placement_id`, `downline_id`, `level`, `matrix`) VALUES ('T3MRY1', 'RPDH3F', 41, 1);
UPDATE `bv_updation` SET left_carry = left_carry+50, total_left = total_left+50
WHERE `user_id` = 'T3MRY1';
INSERT INTO `placement_bv_update_history` (`left_carry`, `date`, `from_id`, `user_id`) VALUES ('50', '2024-09-26 17:18:21', 'RPDH3F', 'T3MRY1');
INSERT INTO `matrix_filling` (`placement_id`, `downline_id`, `level`, `matrix`) VALUES ('GTMCCK', 'RPDH3F', 42, 1);
UPDATE `bv_updation` SET left_carry = left_carry+50, total_left = total_left+50
WHERE `user_id` = 'GTMCCK';
INSERT INTO `placement_bv_update_history` (`left_carry`, `date`, `from_id`, `user_id`) VALUES ('50', '2024-09-26 17:18:21', 'RPDH3F', 'GTMCCK');
INSERT INTO `matrix_filling` (`placement_id`, `downline_id`, `level`, `matrix`) VALUES ('DLYMIF', 'RPDH3F', 43, 1);
UPDATE `bv_updation` SET left_carry = left_carry+50, total_left = total_left+50
WHERE `user_id` = 'DLYMIF';
INSERT INTO `placement_bv_update_history` (`left_carry`, `date`, `from_id`, `user_id`) VALUES ('50', '2024-09-26 17:18:21', 'RPDH3F', 'DLYMIF');
INSERT INTO `matrix_filling` (`placement_id`, `downline_id`, `level`, `matrix`) VALUES ('WGJ5KE', 'RPDH3F', 44, 1);
UPDATE `bv_updation` SET left_carry = left_carry+50, total_left = total_left+50
WHERE `user_id` = 'WGJ5KE';
INSERT INTO `placement_bv_update_history` (`left_carry`, `date`, `from_id`, `user_id`) VALUES ('50', '2024-09-26 17:18:21', 'RPDH3F', 'WGJ5KE');
INSERT INTO `matrix_filling` (`placement_id`, `downline_id`, `level`, `matrix`) VALUES ('ORRJ3M', 'RPDH3F', 45, 1);
UPDATE `bv_updation` SET left_carry = left_carry+50, total_left = total_left+50
WHERE `user_id` = 'ORRJ3M';
INSERT INTO `placement_bv_update_history` (`left_carry`, `date`, `from_id`, `user_id`) VALUES ('50', '2024-09-26 17:18:21', 'RPDH3F', 'ORRJ3M');
INSERT INTO `matrix_filling` (`placement_id`, `downline_id`, `level`, `matrix`) VALUES ('AA8V6V', 'RPDH3F', 46, 1);
UPDATE `bv_updation` SET left_carry = left_carry+50, total_left = total_left+50
WHERE `user_id` = 'AA8V6V';
INSERT INTO `placement_bv_update_history` (`left_carry`, `date`, `from_id`, `user_id`) VALUES ('50', '2024-09-26 17:18:21', 'RPDH3F', 'AA8V6V');
INSERT INTO `matrix_filling` (`placement_id`, `downline_id`, `level`, `matrix`) VALUES ('61ME4O', 'RPDH3F', 47, 1);
UPDATE `bv_updation` SET left_carry = left_carry+50, total_left = total_left+50
WHERE `user_id` = '61ME4O';
INSERT INTO `placement_bv_update_history` (`left_carry`, `date`, `from_id`, `user_id`) VALUES ('50', '2024-09-26 17:18:21', 'RPDH3F', '61ME4O');
INSERT INTO `matrix_filling` (`placement_id`, `downline_id`, `level`, `matrix`) VALUES ('WS1SZZ', 'RPDH3F', 48, 1);
UPDATE `bv_updation` SET left_carry = left_carry+50, total_left = total_left+50
WHERE `user_id` = 'WS1SZZ';
INSERT INTO `placement_bv_update_history` (`left_carry`, `date`, `from_id`, `user_id`) VALUES ('50', '2024-09-26 17:18:21', 'RPDH3F', 'WS1SZZ');
INSERT INTO `matrix_filling` (`placement_id`, `downline_id`, `level`, `matrix`) VALUES ('TBN4MZ', 'RPDH3F', 49, 1);
UPDATE `bv_updation` SET left_carry = left_carry+50, total_left = total_left+50
WHERE `user_id` = 'TBN4MZ';
INSERT INTO `placement_bv_update_history` (`left_carry`, `date`, `from_id`, `user_id`) VALUES ('50', '2024-09-26 17:18:21', 'RPDH3F', 'TBN4MZ');
INSERT INTO `matrix_filling` (`placement_id`, `downline_id`, `level`, `matrix`) VALUES ('OEMJ8R', 'RPDH3F', 50, 1);
UPDATE `bv_updation` SET left_carry = left_carry+50, total_left = total_left+50
WHERE `user_id` = 'OEMJ8R';
INSERT INTO `placement_bv_update_history` (`left_carry`, `date`, `from_id`, `user_id`) VALUES ('50', '2024-09-26 17:18:21', 'RPDH3F', 'OEMJ8R');
INSERT INTO `matrix_filling` (`placement_id`, `downline_id`, `level`, `matrix`) VALUES ('FXAYIE', 'RPDH3F', 51, 1);
UPDATE `bv_updation` SET left_carry = left_carry+50, total_left = total_left+50
WHERE `user_id` = 'FXAYIE';
INSERT INTO `placement_bv_update_history` (`left_carry`, `date`, `from_id`, `user_id`) VALUES ('50', '2024-09-26 17:18:21', 'RPDH3F', 'FXAYIE');
INSERT INTO `matrix_filling` (`placement_id`, `downline_id`, `level`, `matrix`) VALUES ('ELXZWC', 'RPDH3F', 52, 1);
UPDATE `bv_updation` SET left_carry = left_carry+50, total_left = total_left+50
WHERE `user_id` = 'ELXZWC';
INSERT INTO `placement_bv_update_history` (`left_carry`, `date`, `from_id`, `user_id`) VALUES ('50', '2024-09-26 17:18:21', 'RPDH3F', 'ELXZWC');
INSERT INTO `matrix_filling` (`placement_id`, `downline_id`, `level`, `matrix`) VALUES ('C1TQVI', 'RPDH3F', 53, 1);
UPDATE `bv_updation` SET left_carry = left_carry+50, total_left = total_left+50
WHERE `user_id` = 'C1TQVI';
INSERT INTO `placement_bv_update_history` (`left_carry`, `date`, `from_id`, `user_id`) VALUES ('50', '2024-09-26 17:18:21', 'RPDH3F', 'C1TQVI');
INSERT INTO `matrix_filling` (`placement_id`, `downline_id`, `level`, `matrix`) VALUES ('F5GPDF', 'RPDH3F', 54, 1);
UPDATE `bv_updation` SET left_carry = left_carry+50, total_left = total_left+50
WHERE `user_id` = 'F5GPDF';
INSERT INTO `placement_bv_update_history` (`left_carry`, `date`, `from_id`, `user_id`) VALUES ('50', '2024-09-26 17:18:21', 'RPDH3F', 'F5GPDF');
INSERT INTO `matrix_filling` (`placement_id`, `downline_id`, `level`, `matrix`) VALUES ('91PYDK', 'RPDH3F', 55, 1);
UPDATE `bv_updation` SET left_carry = left_carry+50, total_left = total_left+50
WHERE `user_id` = '91PYDK';
INSERT INTO `placement_bv_update_history` (`left_carry`, `date`, `from_id`, `user_id`) VALUES ('50', '2024-09-26 17:18:21', 'RPDH3F', '91PYDK');
INSERT INTO `matrix_filling` (`placement_id`, `downline_id`, `level`, `matrix`) VALUES ('4OT7RX', 'RPDH3F', 56, 1);
UPDATE `bv_updation` SET left_carry = left_carry+50, total_left = total_left+50
WHERE `user_id` = '4OT7RX';
INSERT INTO `placement_bv_update_history` (`left_carry`, `date`, `from_id`, `user_id`) VALUES ('50', '2024-09-26 17:18:21', 'RPDH3F', '4OT7RX');
INSERT INTO `matrix_filling` (`placement_id`, `downline_id`, `level`, `matrix`) VALUES ('ZJZA3M', 'RPDH3F', 57, 1);
UPDATE `bv_updation` SET left_carry = left_carry+50, total_left = total_left+50
WHERE `user_id` = 'ZJZA3M';
INSERT INTO `placement_bv_update_history` (`left_carry`, `date`, `from_id`, `user_id`) VALUES ('50', '2024-09-26 17:18:21', 'RPDH3F', 'ZJZA3M');
INSERT INTO `matrix_filling` (`placement_id`, `downline_id`, `level`, `matrix`) VALUES ('XN6ETC', 'RPDH3F', 58, 1);
UPDATE `bv_updation` SET left_carry = left_carry+50, total_left = total_left+50
WHERE `user_id` = 'XN6ETC';
INSERT INTO `placement_bv_update_history` (`left_carry`, `date`, `from_id`, `user_id`) VALUES ('50', '2024-09-26 17:18:21', 'RPDH3F', 'XN6ETC');
INSERT INTO `matrix_filling` (`placement_id`, `downline_id`, `level`, `matrix`) VALUES ('KVQN1O', 'RPDH3F', 59, 1);
UPDATE `bv_updation` SET left_carry = left_carry+50, total_left = total_left+50
WHERE `user_id` = 'KVQN1O';
INSERT INTO `placement_bv_update_history` (`left_carry`, `date`, `from_id`, `user_id`) VALUES ('50', '2024-09-26 17:18:21', 'RPDH3F', 'KVQN1O');
INSERT INTO `matrix_filling` (`placement_id`, `downline_id`, `level`, `matrix`) VALUES ('X3V7DJ', 'RPDH3F', 60, 1);
UPDATE `bv_updation` SET left_carry = left_carry+50, total_left = total_left+50
WHERE `user_id` = 'X3V7DJ';
INSERT INTO `placement_bv_update_history` (`left_carry`, `date`, `from_id`, `user_id`) VALUES ('50', '2024-09-26 17:18:21', 'RPDH3F', 'X3V7DJ');
INSERT INTO `matrix_filling` (`placement_id`, `downline_id`, `level`, `matrix`) VALUES ('DJ77NH', 'RPDH3F', 61, 1);
UPDATE `bv_updation` SET left_carry = left_carry+50, total_left = total_left+50
WHERE `user_id` = 'DJ77NH';
INSERT INTO `placement_bv_update_history` (`left_carry`, `date`, `from_id`, `user_id`) VALUES ('50', '2024-09-26 17:18:21', 'RPDH3F', 'DJ77NH');
INSERT INTO `matrix_filling` (`placement_id`, `downline_id`, `level`, `matrix`) VALUES ('PX7XCL', 'RPDH3F', 62, 1);
UPDATE `bv_updation` SET left_carry = left_carry+50, total_left = total_left+50
WHERE `user_id` = 'PX7XCL';
INSERT INTO `placement_bv_update_history` (`left_carry`, `date`, `from_id`, `user_id`) VALUES ('50', '2024-09-26 17:18:21', 'RPDH3F', 'PX7XCL');
INSERT INTO `matrix_filling` (`placement_id`, `downline_id`, `level`, `matrix`) VALUES ('L8PM4Z', 'RPDH3F', 63, 1);
UPDATE `bv_updation` SET left_carry = left_carry+50, total_left = total_left+50
WHERE `user_id` = 'L8PM4Z';
INSERT INTO `placement_bv_update_history` (`left_carry`, `date`, `from_id`, `user_id`) VALUES ('50', '2024-09-26 17:18:21', 'RPDH3F', 'L8PM4Z');
INSERT INTO `matrix_filling` (`placement_id`, `downline_id`, `level`, `matrix`) VALUES ('GBSIER', 'RPDH3F', 64, 1);
UPDATE `bv_updation` SET left_carry = left_carry+50, total_left = total_left+50
WHERE `user_id` = 'GBSIER';
INSERT INTO `placement_bv_update_history` (`left_carry`, `date`, `from_id`, `user_id`) VALUES ('50', '2024-09-26 17:18:21', 'RPDH3F', 'GBSIER');
INSERT INTO `matrix_filling` (`placement_id`, `downline_id`, `level`, `matrix`) VALUES ('AV48YQ', 'RPDH3F', 65, 1);
UPDATE `bv_updation` SET left_carry = left_carry+50, total_left = total_left+50
WHERE `user_id` = 'AV48YQ';
INSERT INTO `placement_bv_update_history` (`left_carry`, `date`, `from_id`, `user_id`) VALUES ('50', '2024-09-26 17:18:21', 'RPDH3F', 'AV48YQ');
INSERT INTO `matrix_filling` (`placement_id`, `downline_id`, `level`, `matrix`) VALUES ('admin', 'RPDH3F', 66, 1);
INSERT INTO `package_purchase_history` (`user_id`, `package_id`, `reg_fee`, `package_name`, `monthly_fee`, `type`, `date`, `payment_option`) VALUES ('RPDH3F', '2', '595', 'Traveler Pro', '150', 'sign_up', '2024-09-26 17:18:21', 'free');
UPDATE `user_registration` SET `uid` = '2894', `user_id` = 'D84WMU', `username` = 'caridad7', `sponsor_id` = 'JOOGJ8', `vacant` = 'no', `f_name` = 'Caridad', `l_name` = 'Morales', `address` = '8100 SW 14 Terr', `position` = 'left', `email` = 'caridad7@gmail.com', `password` = '651d7b587dab47ffda420584b8c21df3', `phone` = '7862876762', `country` = 'United States', `state` = 'Florida', `city` = 'Miami', `street` = '8100 SW 14 Terr', `zip_code` = '33144', `reg_ip` = '172.70.55.7', `status` = 1, `package_id` = '2', `rank_id` = 1, `highest_rank` = 1, `created` = '2024-09-26 17:20:12', `subscription_date` = '2024-10-26', `google_secret` = '4PXWPVQ3LZU5HZDE'
WHERE `uid` = '2894';
INSERT INTO `user_registration` (`uid`, `user_id`, `username`, `sponsor_id`, `placement_id`, `vacant`, `f_name`, `l_name`, `address`, `position`, `email`, `password`, `phone`, `reg_ip`, `status`, `created`) VALUES (NULL, 'RDAOOL', 'IGaILDTz', 'D84WMU', 'D84WMU', 'yes', '', '', '', 'left', '@mail.com', '', '', '', 0, '2024-09-26 17:20:12');
INSERT INTO `user_registration` (`uid`, `user_id`, `username`, `sponsor_id`, `placement_id`, `vacant`, `f_name`, `l_name`, `address`, `position`, `email`, `password`, `phone`, `reg_ip`, `status`, `created`) VALUES (NULL, 'OIWTPN', 'utVYdKhX', 'D84WMU', 'D84WMU', 'yes', '', '', '', 'right', '@mail.com', '', '', '', 0, '2024-09-26 17:20:12');
INSERT INTO `bv_updation` (`user_id`) VALUES ('D84WMU');
UPDATE `user_registration` SET total_ref_count = total_ref_count+1
WHERE `user_id` = 'JOOGJ8';
UPDATE `user_registration` SET total_downlines = total_downlines+1
WHERE `user_id` = 'B91RBB';
UPDATE `user_registration` SET left_downlines = left_downlines+1
WHERE `user_id` = 'B91RBB';
UPDATE `user_registration` SET total_downlines = total_downlines+1
WHERE `user_id` = 'V3QV68';
UPDATE `user_registration` SET left_downlines = left_downlines+1
WHERE `user_id` = 'V3QV68';
UPDATE `user_registration` SET total_downlines = total_downlines+1
WHERE `user_id` = 'CZ5F64';
UPDATE `user_registration` SET left_downlines = left_downlines+1
WHERE `user_id` = 'CZ5F64';
UPDATE `user_registration` SET total_downlines = total_downlines+1
WHERE `user_id` = 'GLSBMT';
UPDATE `user_registration` SET left_downlines = left_downlines+1
WHERE `user_id` = 'GLSBMT';
UPDATE `user_registration` SET total_downlines = total_downlines+1
WHERE `user_id` = 'JOOGJ8';
UPDATE `user_registration` SET left_downlines = left_downlines+1
WHERE `user_id` = 'JOOGJ8';
UPDATE `user_registration` SET left_ref_count = left_ref_count+1
WHERE `user_id` = 'JOOGJ8';
UPDATE `user_registration` SET active_left = active_left+1
WHERE `user_id` = 'JOOGJ8';
UPDATE `user_registration` SET total_downlines = total_downlines+1
WHERE `user_id` = 'IW5GAU';
UPDATE `user_registration` SET right_downlines = right_downlines+1
WHERE `user_id` = 'IW5GAU';
UPDATE `user_registration` SET total_downlines = total_downlines+1
WHERE `user_id` = 'JQ3FLF';
UPDATE `user_registration` SET left_downlines = left_downlines+1
WHERE `user_id` = 'JQ3FLF';
UPDATE `user_registration` SET total_downlines = total_downlines+1
WHERE `user_id` = 'C3N32U';
UPDATE `user_registration` SET left_downlines = left_downlines+1
WHERE `user_id` = 'C3N32U';
UPDATE `user_registration` SET total_downlines = total_downlines+1
WHERE `user_id` = 'MNLXPP';
UPDATE `user_registration` SET left_downlines = left_downlines+1
WHERE `user_id` = 'MNLXPP';
UPDATE `user_registration` SET total_downlines = total_downlines+1
WHERE `user_id` = 'NUPA4K';
UPDATE `user_registration` SET left_downlines = left_downlines+1
WHERE `user_id` = 'NUPA4K';
UPDATE `user_registration` SET total_downlines = total_downlines+1
WHERE `user_id` = '1FFFBU';
UPDATE `user_registration` SET left_downlines = left_downlines+1
WHERE `user_id` = '1FFFBU';
UPDATE `user_registration` SET total_downlines = total_downlines+1
WHERE `user_id` = 'J4CGUT';
UPDATE `user_registration` SET left_downlines = left_downlines+1
WHERE `user_id` = 'J4CGUT';
UPDATE `user_registration` SET total_downlines = total_downlines+1
WHERE `user_id` = 'S1RTX3';
UPDATE `user_registration` SET left_downlines = left_downlines+1
WHERE `user_id` = 'S1RTX3';
UPDATE `user_registration` SET total_downlines = total_downlines+1
WHERE `user_id` = 'I8YWQA';
UPDATE `user_registration` SET left_downlines = left_downlines+1
WHERE `user_id` = 'I8YWQA';
UPDATE `user_registration` SET total_downlines = total_downlines+1
WHERE `user_id` = 'I3MZBU';
UPDATE `user_registration` SET left_downlines = left_downlines+1
WHERE `user_id` = 'I3MZBU';
UPDATE `user_registration` SET total_downlines = total_downlines+1
WHERE `user_id` = 'H2I33O';
UPDATE `user_registration` SET left_downlines = left_downlines+1
WHERE `user_id` = 'H2I33O';
UPDATE `user_registration` SET total_downlines = total_downlines+1
WHERE `user_id` = 'AL7XWH';
UPDATE `user_registration` SET left_downlines = left_downlines+1
WHERE `user_id` = 'AL7XWH';
UPDATE `user_registration` SET total_downlines = total_downlines+1
WHERE `user_id` = 'HFZ9SA';
UPDATE `user_registration` SET left_downlines = left_downlines+1
WHERE `user_id` = 'HFZ9SA';
UPDATE `user_registration` SET total_downlines = total_downlines+1
WHERE `user_id` = 'A2MTZ3';
UPDATE `user_registration` SET left_downlines = left_downlines+1
WHERE `user_id` = 'A2MTZ3';
UPDATE `user_registration` SET total_downlines = total_downlines+1
WHERE `user_id` = 'RUEKCW';
UPDATE `user_registration` SET left_downlines = left_downlines+1
WHERE `user_id` = 'RUEKCW';
UPDATE `user_registration` SET total_downlines = total_downlines+1
WHERE `user_id` = 'K3GTG4';
UPDATE `user_registration` SET left_downlines = left_downlines+1
WHERE `user_id` = 'K3GTG4';
UPDATE `user_registration` SET total_downlines = total_downlines+1
WHERE `user_id` = 'I1TUBN';
UPDATE `user_registration` SET left_downlines = left_downlines+1
WHERE `user_id` = 'I1TUBN';
UPDATE `user_registration` SET total_downlines = total_downlines+1
WHERE `user_id` = 'BAUCCU';
UPDATE `user_registration` SET left_downlines = left_downlines+1
WHERE `user_id` = 'BAUCCU';
UPDATE `user_registration` SET total_downlines = total_downlines+1
WHERE `user_id` = '62QO97';
UPDATE `user_registration` SET left_downlines = left_downlines+1
WHERE `user_id` = '62QO97';
UPDATE `user_registration` SET total_downlines = total_downlines+1
WHERE `user_id` = 'OHLQEO';
UPDATE `user_registration` SET left_downlines = left_downlines+1
WHERE `user_id` = 'OHLQEO';
UPDATE `user_registration` SET total_downlines = total_downlines+1
WHERE `user_id` = '7APFKG';
UPDATE `user_registration` SET left_downlines = left_downlines+1
WHERE `user_id` = '7APFKG';
UPDATE `user_registration` SET total_downlines = total_downlines+1
WHERE `user_id` = 'Q2Q92Y';
UPDATE `user_registration` SET left_downlines = left_downlines+1
WHERE `user_id` = 'Q2Q92Y';
UPDATE `user_registration` SET total_downlines = total_downlines+1
WHERE `user_id` = 'E9ITRC';
UPDATE `user_registration` SET left_downlines = left_downlines+1
WHERE `user_id` = 'E9ITRC';
UPDATE `user_registration` SET total_downlines = total_downlines+1
WHERE `user_id` = '7COKBB';
UPDATE `user_registration` SET left_downlines = left_downlines+1
WHERE `user_id` = '7COKBB';
UPDATE `user_registration` SET total_downlines = total_downlines+1
WHERE `user_id` = 'BDNS17';
UPDATE `user_registration` SET left_downlines = left_downlines+1
WHERE `user_id` = 'BDNS17';
UPDATE `user_registration` SET total_downlines = total_downlines+1
WHERE `user_id` = '7ZXRRE';
UPDATE `user_registration` SET left_downlines = left_downlines+1
WHERE `user_id` = '7ZXRRE';
UPDATE `user_registration` SET total_downlines = total_downlines+1
WHERE `user_id` = 'KLRAF5';
UPDATE `user_registration` SET left_downlines = left_downlines+1
WHERE `user_id` = 'KLRAF5';
UPDATE `user_registration` SET total_downlines = total_downlines+1
WHERE `user_id` = 'IFJHZG';
UPDATE `user_registration` SET left_downlines = left_downlines+1
WHERE `user_id` = 'IFJHZG';
UPDATE `user_registration` SET total_downlines = total_downlines+1
WHERE `user_id` = 'MXUV8Q';
UPDATE `user_registration` SET left_downlines = left_downlines+1
WHERE `user_id` = 'MXUV8Q';
UPDATE `user_registration` SET total_downlines = total_downlines+1
WHERE `user_id` = 'GGM164';
UPDATE `user_registration` SET left_downlines = left_downlines+1
WHERE `user_id` = 'GGM164';
UPDATE `user_registration` SET total_downlines = total_downlines+1
WHERE `user_id` = '3NKIEX';
UPDATE `user_registration` SET left_downlines = left_downlines+1
WHERE `user_id` = '3NKIEX';
UPDATE `user_registration` SET total_downlines = total_downlines+1
WHERE `user_id` = 'S56TH3';
UPDATE `user_registration` SET left_downlines = left_downlines+1
WHERE `user_id` = 'S56TH3';
UPDATE `user_registration` SET total_downlines = total_downlines+1
WHERE `user_id` = 'XYG89U';
UPDATE `user_registration` SET left_downlines = left_downlines+1
WHERE `user_id` = 'XYG89U';
UPDATE `user_registration` SET total_downlines = total_downlines+1
WHERE `user_id` = 'HTFY93';
UPDATE `user_registration` SET left_downlines = left_downlines+1
WHERE `user_id` = 'HTFY93';
UPDATE `user_registration` SET total_downlines = total_downlines+1
WHERE `user_id` = '3PR393';
UPDATE `user_registration` SET left_downlines = left_downlines+1
WHERE `user_id` = '3PR393';
UPDATE `user_registration` SET total_downlines = total_downlines+1
WHERE `user_id` = 'T3MRY1';
UPDATE `user_registration` SET left_downlines = left_downlines+1
WHERE `user_id` = 'T3MRY1';
UPDATE `user_registration` SET total_downlines = total_downlines+1
WHERE `user_id` = 'GTMCCK';
UPDATE `user_registration` SET left_downlines = left_downlines+1
WHERE `user_id` = 'GTMCCK';
UPDATE `user_registration` SET total_downlines = total_downlines+1
WHERE `user_id` = 'DLYMIF';
UPDATE `user_registration` SET left_downlines = left_downlines+1
WHERE `user_id` = 'DLYMIF';
UPDATE `user_registration` SET total_downlines = total_downlines+1
WHERE `user_id` = 'WGJ5KE';
UPDATE `user_registration` SET left_downlines = left_downlines+1
WHERE `user_id` = 'WGJ5KE';
UPDATE `user_registration` SET total_downlines = total_downlines+1
WHERE `user_id` = 'ORRJ3M';
UPDATE `user_registration` SET left_downlines = left_downlines+1
WHERE `user_id` = 'ORRJ3M';
UPDATE `user_registration` SET total_downlines = total_downlines+1
WHERE `user_id` = 'AA8V6V';
UPDATE `user_registration` SET left_downlines = left_downlines+1
WHERE `user_id` = 'AA8V6V';
UPDATE `user_registration` SET total_downlines = total_downlines+1
WHERE `user_id` = '61ME4O';
UPDATE `user_registration` SET left_downlines = left_downlines+1
WHERE `user_id` = '61ME4O';
UPDATE `user_registration` SET total_downlines = total_downlines+1
WHERE `user_id` = 'WS1SZZ';
UPDATE `user_registration` SET left_downlines = left_downlines+1
WHERE `user_id` = 'WS1SZZ';
UPDATE `user_registration` SET total_downlines = total_downlines+1
WHERE `user_id` = 'TBN4MZ';
UPDATE `user_registration` SET left_downlines = left_downlines+1
WHERE `user_id` = 'TBN4MZ';
UPDATE `user_registration` SET total_downlines = total_downlines+1
WHERE `user_id` = 'OEMJ8R';
UPDATE `user_registration` SET left_downlines = left_downlines+1
WHERE `user_id` = 'OEMJ8R';
UPDATE `user_registration` SET total_downlines = total_downlines+1
WHERE `user_id` = 'FXAYIE';
UPDATE `user_registration` SET left_downlines = left_downlines+1
WHERE `user_id` = 'FXAYIE';
UPDATE `user_registration` SET total_downlines = total_downlines+1
WHERE `user_id` = 'ELXZWC';
UPDATE `user_registration` SET left_downlines = left_downlines+1
WHERE `user_id` = 'ELXZWC';
UPDATE `user_registration` SET total_downlines = total_downlines+1
WHERE `user_id` = 'C1TQVI';
UPDATE `user_registration` SET left_downlines = left_downlines+1
WHERE `user_id` = 'C1TQVI';
UPDATE `user_registration` SET total_downlines = total_downlines+1
WHERE `user_id` = 'F5GPDF';
UPDATE `user_registration` SET left_downlines = left_downlines+1
WHERE `user_id` = 'F5GPDF';
UPDATE `user_registration` SET total_downlines = total_downlines+1
WHERE `user_id` = '91PYDK';
UPDATE `user_registration` SET left_downlines = left_downlines+1
WHERE `user_id` = '91PYDK';
UPDATE `user_registration` SET total_downlines = total_downlines+1
WHERE `user_id` = '4OT7RX';
UPDATE `user_registration` SET left_downlines = left_downlines+1
WHERE `user_id` = '4OT7RX';
UPDATE `user_registration` SET total_downlines = total_downlines+1
WHERE `user_id` = 'ZJZA3M';
UPDATE `user_registration` SET left_downlines = left_downlines+1
WHERE `user_id` = 'ZJZA3M';
UPDATE `user_registration` SET total_downlines = total_downlines+1
WHERE `user_id` = 'XN6ETC';
UPDATE `user_registration` SET left_downlines = left_downlines+1
WHERE `user_id` = 'XN6ETC';
UPDATE `user_registration` SET total_downlines = total_downlines+1
WHERE `user_id` = 'KVQN1O';
UPDATE `user_registration` SET left_downlines = left_downlines+1
WHERE `user_id` = 'KVQN1O';
UPDATE `user_registration` SET total_downlines = total_downlines+1
WHERE `user_id` = 'X3V7DJ';
UPDATE `user_registration` SET left_downlines = left_downlines+1
WHERE `user_id` = 'X3V7DJ';
UPDATE `user_registration` SET total_downlines = total_downlines+1
WHERE `user_id` = 'DJ77NH';
UPDATE `user_registration` SET left_downlines = left_downlines+1
WHERE `user_id` = 'DJ77NH';
UPDATE `user_registration` SET total_downlines = total_downlines+1
WHERE `user_id` = 'PX7XCL';
UPDATE `user_registration` SET left_downlines = left_downlines+1
WHERE `user_id` = 'PX7XCL';
UPDATE `user_registration` SET total_downlines = total_downlines+1
WHERE `user_id` = 'L8PM4Z';
UPDATE `user_registration` SET left_downlines = left_downlines+1
WHERE `user_id` = 'L8PM4Z';
UPDATE `user_registration` SET total_downlines = total_downlines+1
WHERE `user_id` = 'GBSIER';
UPDATE `user_registration` SET left_downlines = left_downlines+1
WHERE `user_id` = 'GBSIER';
UPDATE `user_registration` SET total_downlines = total_downlines+1
WHERE `user_id` = 'AV48YQ';
UPDATE `user_registration` SET left_downlines = left_downlines+1
WHERE `user_id` = 'AV48YQ';
UPDATE `user_registration` SET total_downlines = total_downlines+1
WHERE `user_id` = 'admin';
UPDATE `user_registration` SET left_downlines = left_downlines+1
WHERE `user_id` = 'admin';
INSERT INTO `investment` (`invest_date`, `user_id`, `type`, `amount`, `package_id`) VALUES ('2024-09-26 17:20:12', 'D84WMU', 'register', '595', '2');
INSERT INTO `earnings` (`user_id`, `Purchaser_id`, `earning_type`, `package_id`, `amount`, `date`, `comments`, `invest_amount`, `comm_perc`, `level`, `rank_id`, `order_id`) VALUES ('JOOGJ8', 'D84WMU', 'Direct Referral Bonus', '2', '100', '2024-09-26 17:20:12', 'Direct Referral Bonus', 0, 0, 1, '', 295);
UPDATE `user_registration` SET commission_balance = ROUND(commission_balance + 100,2)
WHERE `user_id` = 'JOOGJ8';
INSERT INTO `earnings` (`user_id`, `Purchaser_id`, `earning_type`, `package_id`, `amount`, `date`, `comments`, `invest_amount`, `comm_perc`, `level`, `rank_id`, `order_id`) VALUES ('1FFFBU', 'D84WMU', 'Expansion Bonus', '2', 200, '2024-09-26 17:20:12', 'Expansion Bonus', '100', 0, 1, '', 295);
UPDATE `user_registration` SET commission_balance = ROUND(commission_balance + 200,2)
WHERE `user_id` = '1FFFBU';
INSERT INTO `matrix_filling` (`placement_id`, `downline_id`, `level`, `matrix`) VALUES ('B91RBB', 'D84WMU', 1, 1);
UPDATE `bv_updation` SET left_carry = left_carry+50, total_left = total_left+50
WHERE `user_id` = 'B91RBB';
INSERT INTO `placement_bv_update_history` (`left_carry`, `date`, `from_id`, `user_id`) VALUES ('50', '2024-09-26 17:20:12', 'D84WMU', 'B91RBB');
INSERT INTO `matrix_filling` (`placement_id`, `downline_id`, `level`, `matrix`) VALUES ('V3QV68', 'D84WMU', 2, 1);
UPDATE `bv_updation` SET left_carry = left_carry+50, total_left = total_left+50
WHERE `user_id` = 'V3QV68';
INSERT INTO `placement_bv_update_history` (`left_carry`, `date`, `from_id`, `user_id`) VALUES ('50', '2024-09-26 17:20:12', 'D84WMU', 'V3QV68');
INSERT INTO `matrix_filling` (`placement_id`, `downline_id`, `level`, `matrix`) VALUES ('CZ5F64', 'D84WMU', 3, 1);
UPDATE `bv_updation` SET left_carry = left_carry+50, total_left = total_left+50
WHERE `user_id` = 'CZ5F64';
INSERT INTO `placement_bv_update_history` (`left_carry`, `date`, `from_id`, `user_id`) VALUES ('50', '2024-09-26 17:20:12', 'D84WMU', 'CZ5F64');
INSERT INTO `matrix_filling` (`placement_id`, `downline_id`, `level`, `matrix`) VALUES ('GLSBMT', 'D84WMU', 4, 1);
UPDATE `bv_updation` SET left_carry = left_carry+50, total_left = total_left+50
WHERE `user_id` = 'GLSBMT';
INSERT INTO `placement_bv_update_history` (`left_carry`, `date`, `from_id`, `user_id`) VALUES ('50', '2024-09-26 17:20:12', 'D84WMU', 'GLSBMT');
INSERT INTO `matrix_filling` (`placement_id`, `downline_id`, `level`, `matrix`) VALUES ('JOOGJ8', 'D84WMU', 5, 1);
UPDATE `bv_updation` SET left_carry = left_carry+50, total_left = total_left+50
WHERE `user_id` = 'JOOGJ8';
INSERT INTO `placement_bv_update_history` (`left_carry`, `date`, `from_id`, `user_id`) VALUES ('50', '2024-09-26 17:20:13', 'D84WMU', 'JOOGJ8');
UPDATE `bv_updation` SET sponsor_left_carry = sponsor_left_carry+50, sponsor_total_left = sponsor_total_left+50
WHERE `user_id` = 'JOOGJ8';
INSERT INTO `sponsor_bv_update_history` (`left_carry`, `date`, `user_id`) VALUES ('50', '2024-09-26 17:20:13', 'JOOGJ8');
INSERT INTO `matrix_filling` (`placement_id`, `downline_id`, `level`, `matrix`) VALUES ('IW5GAU', 'D84WMU', 6, 1);
UPDATE `bv_updation` SET right_carry = right_carry+50, total_right = total_right+50
WHERE `user_id` = 'IW5GAU';
INSERT INTO `placement_bv_update_history` (`right_carry`, `date`, `from_id`, `user_id`) VALUES ('50', '2024-09-26 17:20:13', 'D84WMU', 'IW5GAU');
INSERT INTO `matrix_filling` (`placement_id`, `downline_id`, `level`, `matrix`) VALUES ('JQ3FLF', 'D84WMU', 7, 1);
UPDATE `bv_updation` SET left_carry = left_carry+50, total_left = total_left+50
WHERE `user_id` = 'JQ3FLF';
INSERT INTO `placement_bv_update_history` (`left_carry`, `date`, `from_id`, `user_id`) VALUES ('50', '2024-09-26 17:20:13', 'D84WMU', 'JQ3FLF');
INSERT INTO `matrix_filling` (`placement_id`, `downline_id`, `level`, `matrix`) VALUES ('C3N32U', 'D84WMU', 8, 1);
UPDATE `bv_updation` SET left_carry = left_carry+50, total_left = total_left+50
WHERE `user_id` = 'C3N32U';
INSERT INTO `placement_bv_update_history` (`left_carry`, `date`, `from_id`, `user_id`) VALUES ('50', '2024-09-26 17:20:13', 'D84WMU', 'C3N32U');
INSERT INTO `matrix_filling` (`placement_id`, `downline_id`, `level`, `matrix`) VALUES ('MNLXPP', 'D84WMU', 9, 1);
UPDATE `bv_updation` SET left_carry = left_carry+50, total_left = total_left+50
WHERE `user_id` = 'MNLXPP';
INSERT INTO `placement_bv_update_history` (`left_carry`, `date`, `from_id`, `user_id`) VALUES ('50', '2024-09-26 17:20:13', 'D84WMU', 'MNLXPP');
INSERT INTO `matrix_filling` (`placement_id`, `downline_id`, `level`, `matrix`) VALUES ('NUPA4K', 'D84WMU', 10, 1);
UPDATE `bv_updation` SET left_carry = left_carry+50, total_left = total_left+50
WHERE `user_id` = 'NUPA4K';
INSERT INTO `placement_bv_update_history` (`left_carry`, `date`, `from_id`, `user_id`) VALUES ('50', '2024-09-26 17:20:13', 'D84WMU', 'NUPA4K');
INSERT INTO `matrix_filling` (`placement_id`, `downline_id`, `level`, `matrix`) VALUES ('1FFFBU', 'D84WMU', 11, 1);
UPDATE `bv_updation` SET left_carry = left_carry+50, total_left = total_left+50
WHERE `user_id` = '1FFFBU';
INSERT INTO `placement_bv_update_history` (`left_carry`, `date`, `from_id`, `user_id`) VALUES ('50', '2024-09-26 17:20:13', 'D84WMU', '1FFFBU');
INSERT INTO `matrix_filling` (`placement_id`, `downline_id`, `level`, `matrix`) VALUES ('J4CGUT', 'D84WMU', 12, 1);
UPDATE `bv_updation` SET left_carry = left_carry+50, total_left = total_left+50
WHERE `user_id` = 'J4CGUT';
INSERT INTO `placement_bv_update_history` (`left_carry`, `date`, `from_id`, `user_id`) VALUES ('50', '2024-09-26 17:20:13', 'D84WMU', 'J4CGUT');
INSERT INTO `matrix_filling` (`placement_id`, `downline_id`, `level`, `matrix`) VALUES ('S1RTX3', 'D84WMU', 13, 1);
UPDATE `bv_updation` SET left_carry = left_carry+50, total_left = total_left+50
WHERE `user_id` = 'S1RTX3';
INSERT INTO `placement_bv_update_history` (`left_carry`, `date`, `from_id`, `user_id`) VALUES ('50', '2024-09-26 17:20:13', 'D84WMU', 'S1RTX3');
INSERT INTO `matrix_filling` (`placement_id`, `downline_id`, `level`, `matrix`) VALUES ('I8YWQA', 'D84WMU', 14, 1);
UPDATE `bv_updation` SET left_carry = left_carry+50, total_left = total_left+50
WHERE `user_id` = 'I8YWQA';
INSERT INTO `placement_bv_update_history` (`left_carry`, `date`, `from_id`, `user_id`) VALUES ('50', '2024-09-26 17:20:13', 'D84WMU', 'I8YWQA');
INSERT INTO `matrix_filling` (`placement_id`, `downline_id`, `level`, `matrix`) VALUES ('I3MZBU', 'D84WMU', 15, 1);
UPDATE `bv_updation` SET left_carry = left_carry+50, total_left = total_left+50
WHERE `user_id` = 'I3MZBU';
INSERT INTO `placement_bv_update_history` (`left_carry`, `date`, `from_id`, `user_id`) VALUES ('50', '2024-09-26 17:20:13', 'D84WMU', 'I3MZBU');
INSERT INTO `matrix_filling` (`placement_id`, `downline_id`, `level`, `matrix`) VALUES ('H2I33O', 'D84WMU', 16, 1);
UPDATE `bv_updation` SET left_carry = left_carry+50, total_left = total_left+50
WHERE `user_id` = 'H2I33O';
INSERT INTO `placement_bv_update_history` (`left_carry`, `date`, `from_id`, `user_id`) VALUES ('50', '2024-09-26 17:20:13', 'D84WMU', 'H2I33O');
INSERT INTO `matrix_filling` (`placement_id`, `downline_id`, `level`, `matrix`) VALUES ('AL7XWH', 'D84WMU', 17, 1);
UPDATE `bv_updation` SET left_carry = left_carry+50, total_left = total_left+50
WHERE `user_id` = 'AL7XWH';
INSERT INTO `placement_bv_update_history` (`left_carry`, `date`, `from_id`, `user_id`) VALUES ('50', '2024-09-26 17:20:13', 'D84WMU', 'AL7XWH');
INSERT INTO `matrix_filling` (`placement_id`, `downline_id`, `level`, `matrix`) VALUES ('HFZ9SA', 'D84WMU', 18, 1);
UPDATE `bv_updation` SET left_carry = left_carry+50, total_left = total_left+50
WHERE `user_id` = 'HFZ9SA';
INSERT INTO `placement_bv_update_history` (`left_carry`, `date`, `from_id`, `user_id`) VALUES ('50', '2024-09-26 17:20:13', 'D84WMU', 'HFZ9SA');
INSERT INTO `matrix_filling` (`placement_id`, `downline_id`, `level`, `matrix`) VALUES ('A2MTZ3', 'D84WMU', 19, 1);
UPDATE `bv_updation` SET left_carry = left_carry+50, total_left = total_left+50
WHERE `user_id` = 'A2MTZ3';
INSERT INTO `placement_bv_update_history` (`left_carry`, `date`, `from_id`, `user_id`) VALUES ('50', '2024-09-26 17:20:13', 'D84WMU', 'A2MTZ3');
INSERT INTO `matrix_filling` (`placement_id`, `downline_id`, `level`, `matrix`) VALUES ('RUEKCW', 'D84WMU', 20, 1);
UPDATE `bv_updation` SET left_carry = left_carry+50, total_left = total_left+50
WHERE `user_id` = 'RUEKCW';
INSERT INTO `placement_bv_update_history` (`left_carry`, `date`, `from_id`, `user_id`) VALUES ('50', '2024-09-26 17:20:13', 'D84WMU', 'RUEKCW');
INSERT INTO `matrix_filling` (`placement_id`, `downline_id`, `level`, `matrix`) VALUES ('K3GTG4', 'D84WMU', 21, 1);
UPDATE `bv_updation` SET left_carry = left_carry+50, total_left = total_left+50
WHERE `user_id` = 'K3GTG4';
INSERT INTO `placement_bv_update_history` (`left_carry`, `date`, `from_id`, `user_id`) VALUES ('50', '2024-09-26 17:20:13', 'D84WMU', 'K3GTG4');
INSERT INTO `matrix_filling` (`placement_id`, `downline_id`, `level`, `matrix`) VALUES ('I1TUBN', 'D84WMU', 22, 1);
UPDATE `bv_updation` SET left_carry = left_carry+50, total_left = total_left+50
WHERE `user_id` = 'I1TUBN';
INSERT INTO `placement_bv_update_history` (`left_carry`, `date`, `from_id`, `user_id`) VALUES ('50', '2024-09-26 17:20:13', 'D84WMU', 'I1TUBN');
INSERT INTO `matrix_filling` (`placement_id`, `downline_id`, `level`, `matrix`) VALUES ('BAUCCU', 'D84WMU', 23, 1);
UPDATE `bv_updation` SET left_carry = left_carry+50, total_left = total_left+50
WHERE `user_id` = 'BAUCCU';
INSERT INTO `placement_bv_update_history` (`left_carry`, `date`, `from_id`, `user_id`) VALUES ('50', '2024-09-26 17:20:13', 'D84WMU', 'BAUCCU');
INSERT INTO `matrix_filling` (`placement_id`, `downline_id`, `level`, `matrix`) VALUES ('62QO97', 'D84WMU', 24, 1);
UPDATE `bv_updation` SET left_carry = left_carry+50, total_left = total_left+50
WHERE `user_id` = '62QO97';
INSERT INTO `placement_bv_update_history` (`left_carry`, `date`, `from_id`, `user_id`) VALUES ('50', '2024-09-26 17:20:13', 'D84WMU', '62QO97');
INSERT INTO `matrix_filling` (`placement_id`, `downline_id`, `level`, `matrix`) VALUES ('OHLQEO', 'D84WMU', 25, 1);
UPDATE `bv_updation` SET left_carry = left_carry+50, total_left = total_left+50
WHERE `user_id` = 'OHLQEO';
INSERT INTO `placement_bv_update_history` (`left_carry`, `date`, `from_id`, `user_id`) VALUES ('50', '2024-09-26 17:20:13', 'D84WMU', 'OHLQEO');
INSERT INTO `matrix_filling` (`placement_id`, `downline_id`, `level`, `matrix`) VALUES ('7APFKG', 'D84WMU', 26, 1);
UPDATE `bv_updation` SET left_carry = left_carry+50, total_left = total_left+50
WHERE `user_id` = '7APFKG';
INSERT INTO `placement_bv_update_history` (`left_carry`, `date`, `from_id`, `user_id`) VALUES ('50', '2024-09-26 17:20:13', 'D84WMU', '7APFKG');
INSERT INTO `matrix_filling` (`placement_id`, `downline_id`, `level`, `matrix`) VALUES ('Q2Q92Y', 'D84WMU', 27, 1);
UPDATE `bv_updation` SET left_carry = left_carry+50, total_left = total_left+50
WHERE `user_id` = 'Q2Q92Y';
INSERT INTO `placement_bv_update_history` (`left_carry`, `date`, `from_id`, `user_id`) VALUES ('50', '2024-09-26 17:20:13', 'D84WMU', 'Q2Q92Y');
INSERT INTO `matrix_filling` (`placement_id`, `downline_id`, `level`, `matrix`) VALUES ('E9ITRC', 'D84WMU', 28, 1);
UPDATE `bv_updation` SET left_carry = left_carry+50, total_left = total_left+50
WHERE `user_id` = 'E9ITRC';
INSERT INTO `placement_bv_update_history` (`left_carry`, `date`, `from_id`, `user_id`) VALUES ('50', '2024-09-26 17:20:13', 'D84WMU', 'E9ITRC');
INSERT INTO `matrix_filling` (`placement_id`, `downline_id`, `level`, `matrix`) VALUES ('7COKBB', 'D84WMU', 29, 1);
UPDATE `bv_updation` SET left_carry = left_carry+50, total_left = total_left+50
WHERE `user_id` = '7COKBB';
INSERT INTO `placement_bv_update_history` (`left_carry`, `date`, `from_id`, `user_id`) VALUES ('50', '2024-09-26 17:20:13', 'D84WMU', '7COKBB');
INSERT INTO `matrix_filling` (`placement_id`, `downline_id`, `level`, `matrix`) VALUES ('BDNS17', 'D84WMU', 30, 1);
UPDATE `bv_updation` SET left_carry = left_carry+50, total_left = total_left+50
WHERE `user_id` = 'BDNS17';
INSERT INTO `placement_bv_update_history` (`left_carry`, `date`, `from_id`, `user_id`) VALUES ('50', '2024-09-26 17:20:13', 'D84WMU', 'BDNS17');
INSERT INTO `matrix_filling` (`placement_id`, `downline_id`, `level`, `matrix`) VALUES ('7ZXRRE', 'D84WMU', 31, 1);
UPDATE `bv_updation` SET left_carry = left_carry+50, total_left = total_left+50
WHERE `user_id` = '7ZXRRE';
INSERT INTO `placement_bv_update_history` (`left_carry`, `date`, `from_id`, `user_id`) VALUES ('50', '2024-09-26 17:20:13', 'D84WMU', '7ZXRRE');
INSERT INTO `matrix_filling` (`placement_id`, `downline_id`, `level`, `matrix`) VALUES ('KLRAF5', 'D84WMU', 32, 1);
UPDATE `bv_updation` SET left_carry = left_carry+50, total_left = total_left+50
WHERE `user_id` = 'KLRAF5';
INSERT INTO `placement_bv_update_history` (`left_carry`, `date`, `from_id`, `user_id`) VALUES ('50', '2024-09-26 17:20:13', 'D84WMU', 'KLRAF5');
INSERT INTO `matrix_filling` (`placement_id`, `downline_id`, `level`, `matrix`) VALUES ('IFJHZG', 'D84WMU', 33, 1);
UPDATE `bv_updation` SET left_carry = left_carry+50, total_left = total_left+50
WHERE `user_id` = 'IFJHZG';
INSERT INTO `placement_bv_update_history` (`left_carry`, `date`, `from_id`, `user_id`) VALUES ('50', '2024-09-26 17:20:13', 'D84WMU', 'IFJHZG');
INSERT INTO `matrix_filling` (`placement_id`, `downline_id`, `level`, `matrix`) VALUES ('MXUV8Q', 'D84WMU', 34, 1);
UPDATE `bv_updation` SET left_carry = left_carry+50, total_left = total_left+50
WHERE `user_id` = 'MXUV8Q';
INSERT INTO `placement_bv_update_history` (`left_carry`, `date`, `from_id`, `user_id`) VALUES ('50', '2024-09-26 17:20:13', 'D84WMU', 'MXUV8Q');
INSERT INTO `matrix_filling` (`placement_id`, `downline_id`, `level`, `matrix`) VALUES ('GGM164', 'D84WMU', 35, 1);
UPDATE `bv_updation` SET left_carry = left_carry+50, total_left = total_left+50
WHERE `user_id` = 'GGM164';
INSERT INTO `placement_bv_update_history` (`left_carry`, `date`, `from_id`, `user_id`) VALUES ('50', '2024-09-26 17:20:13', 'D84WMU', 'GGM164');
INSERT INTO `matrix_filling` (`placement_id`, `downline_id`, `level`, `matrix`) VALUES ('3NKIEX', 'D84WMU', 36, 1);
UPDATE `bv_updation` SET left_carry = left_carry+50, total_left = total_left+50
WHERE `user_id` = '3NKIEX';
INSERT INTO `placement_bv_update_history` (`left_carry`, `date`, `from_id`, `user_id`) VALUES ('50', '2024-09-26 17:20:13', 'D84WMU', '3NKIEX');
INSERT INTO `matrix_filling` (`placement_id`, `downline_id`, `level`, `matrix`) VALUES ('S56TH3', 'D84WMU', 37, 1);
UPDATE `bv_updation` SET left_carry = left_carry+50, total_left = total_left+50
WHERE `user_id` = 'S56TH3';
INSERT INTO `placement_bv_update_history` (`left_carry`, `date`, `from_id`, `user_id`) VALUES ('50', '2024-09-26 17:20:13', 'D84WMU', 'S56TH3');
INSERT INTO `matrix_filling` (`placement_id`, `downline_id`, `level`, `matrix`) VALUES ('XYG89U', 'D84WMU', 38, 1);
UPDATE `bv_updation` SET left_carry = left_carry+50, total_left = total_left+50
WHERE `user_id` = 'XYG89U';
INSERT INTO `placement_bv_update_history` (`left_carry`, `date`, `from_id`, `user_id`) VALUES ('50', '2024-09-26 17:20:13', 'D84WMU', 'XYG89U');
INSERT INTO `matrix_filling` (`placement_id`, `downline_id`, `level`, `matrix`) VALUES ('HTFY93', 'D84WMU', 39, 1);
UPDATE `bv_updation` SET left_carry = left_carry+50, total_left = total_left+50
WHERE `user_id` = 'HTFY93';
INSERT INTO `placement_bv_update_history` (`left_carry`, `date`, `from_id`, `user_id`) VALUES ('50', '2024-09-26 17:20:13', 'D84WMU', 'HTFY93');
INSERT INTO `matrix_filling` (`placement_id`, `downline_id`, `level`, `matrix`) VALUES ('3PR393', 'D84WMU', 40, 1);
UPDATE `bv_updation` SET left_carry = left_carry+50, total_left = total_left+50
WHERE `user_id` = '3PR393';
INSERT INTO `placement_bv_update_history` (`left_carry`, `date`, `from_id`, `user_id`) VALUES ('50', '2024-09-26 17:20:13', 'D84WMU', '3PR393');
INSERT INTO `matrix_filling` (`placement_id`, `downline_id`, `level`, `matrix`) VALUES ('T3MRY1', 'D84WMU', 41, 1);
UPDATE `bv_updation` SET left_carry = left_carry+50, total_left = total_left+50
WHERE `user_id` = 'T3MRY1';
INSERT INTO `placement_bv_update_history` (`left_carry`, `date`, `from_id`, `user_id`) VALUES ('50', '2024-09-26 17:20:13', 'D84WMU', 'T3MRY1');
INSERT INTO `matrix_filling` (`placement_id`, `downline_id`, `level`, `matrix`) VALUES ('GTMCCK', 'D84WMU', 42, 1);
UPDATE `bv_updation` SET left_carry = left_carry+50, total_left = total_left+50
WHERE `user_id` = 'GTMCCK';
INSERT INTO `placement_bv_update_history` (`left_carry`, `date`, `from_id`, `user_id`) VALUES ('50', '2024-09-26 17:20:13', 'D84WMU', 'GTMCCK');
INSERT INTO `matrix_filling` (`placement_id`, `downline_id`, `level`, `matrix`) VALUES ('DLYMIF', 'D84WMU', 43, 1);
UPDATE `bv_updation` SET left_carry = left_carry+50, total_left = total_left+50
WHERE `user_id` = 'DLYMIF';
INSERT INTO `placement_bv_update_history` (`left_carry`, `date`, `from_id`, `user_id`) VALUES ('50', '2024-09-26 17:20:13', 'D84WMU', 'DLYMIF');
INSERT INTO `matrix_filling` (`placement_id`, `downline_id`, `level`, `matrix`) VALUES ('WGJ5KE', 'D84WMU', 44, 1);
UPDATE `bv_updation` SET left_carry = left_carry+50, total_left = total_left+50
WHERE `user_id` = 'WGJ5KE';
INSERT INTO `placement_bv_update_history` (`left_carry`, `date`, `from_id`, `user_id`) VALUES ('50', '2024-09-26 17:20:13', 'D84WMU', 'WGJ5KE');
INSERT INTO `matrix_filling` (`placement_id`, `downline_id`, `level`, `matrix`) VALUES ('ORRJ3M', 'D84WMU', 45, 1);
UPDATE `bv_updation` SET left_carry = left_carry+50, total_left = total_left+50
WHERE `user_id` = 'ORRJ3M';
INSERT INTO `placement_bv_update_history` (`left_carry`, `date`, `from_id`, `user_id`) VALUES ('50', '2024-09-26 17:20:13', 'D84WMU', 'ORRJ3M');
INSERT INTO `matrix_filling` (`placement_id`, `downline_id`, `level`, `matrix`) VALUES ('AA8V6V', 'D84WMU', 46, 1);
UPDATE `bv_updation` SET left_carry = left_carry+50, total_left = total_left+50
WHERE `user_id` = 'AA8V6V';
INSERT INTO `placement_bv_update_history` (`left_carry`, `date`, `from_id`, `user_id`) VALUES ('50', '2024-09-26 17:20:13', 'D84WMU', 'AA8V6V');
INSERT INTO `matrix_filling` (`placement_id`, `downline_id`, `level`, `matrix`) VALUES ('61ME4O', 'D84WMU', 47, 1);
UPDATE `bv_updation` SET left_carry = left_carry+50, total_left = total_left+50
WHERE `user_id` = '61ME4O';
INSERT INTO `placement_bv_update_history` (`left_carry`, `date`, `from_id`, `user_id`) VALUES ('50', '2024-09-26 17:20:13', 'D84WMU', '61ME4O');
INSERT INTO `matrix_filling` (`placement_id`, `downline_id`, `level`, `matrix`) VALUES ('WS1SZZ', 'D84WMU', 48, 1);
UPDATE `bv_updation` SET left_carry = left_carry+50, total_left = total_left+50
WHERE `user_id` = 'WS1SZZ';
INSERT INTO `placement_bv_update_history` (`left_carry`, `date`, `from_id`, `user_id`) VALUES ('50', '2024-09-26 17:20:13', 'D84WMU', 'WS1SZZ');
INSERT INTO `matrix_filling` (`placement_id`, `downline_id`, `level`, `matrix`) VALUES ('TBN4MZ', 'D84WMU', 49, 1);
UPDATE `bv_updation` SET left_carry = left_carry+50, total_left = total_left+50
WHERE `user_id` = 'TBN4MZ';
INSERT INTO `placement_bv_update_history` (`left_carry`, `date`, `from_id`, `user_id`) VALUES ('50', '2024-09-26 17:20:13', 'D84WMU', 'TBN4MZ');
INSERT INTO `matrix_filling` (`placement_id`, `downline_id`, `level`, `matrix`) VALUES ('OEMJ8R', 'D84WMU', 50, 1);
UPDATE `bv_updation` SET left_carry = left_carry+50, total_left = total_left+50
WHERE `user_id` = 'OEMJ8R';
INSERT INTO `placement_bv_update_history` (`left_carry`, `date`, `from_id`, `user_id`) VALUES ('50', '2024-09-26 17:20:13', 'D84WMU', 'OEMJ8R');
INSERT INTO `matrix_filling` (`placement_id`, `downline_id`, `level`, `matrix`) VALUES ('FXAYIE', 'D84WMU', 51, 1);
UPDATE `bv_updation` SET left_carry = left_carry+50, total_left = total_left+50
WHERE `user_id` = 'FXAYIE';
INSERT INTO `placement_bv_update_history` (`left_carry`, `date`, `from_id`, `user_id`) VALUES ('50', '2024-09-26 17:20:13', 'D84WMU', 'FXAYIE');
INSERT INTO `matrix_filling` (`placement_id`, `downline_id`, `level`, `matrix`) VALUES ('ELXZWC', 'D84WMU', 52, 1);
UPDATE `bv_updation` SET left_carry = left_carry+50, total_left = total_left+50
WHERE `user_id` = 'ELXZWC';
INSERT INTO `placement_bv_update_history` (`left_carry`, `date`, `from_id`, `user_id`) VALUES ('50', '2024-09-26 17:20:13', 'D84WMU', 'ELXZWC');
INSERT INTO `matrix_filling` (`placement_id`, `downline_id`, `level`, `matrix`) VALUES ('C1TQVI', 'D84WMU', 53, 1);
UPDATE `bv_updation` SET left_carry = left_carry+50, total_left = total_left+50
WHERE `user_id` = 'C1TQVI';
INSERT INTO `placement_bv_update_history` (`left_carry`, `date`, `from_id`, `user_id`) VALUES ('50', '2024-09-26 17:20:13', 'D84WMU', 'C1TQVI');
INSERT INTO `matrix_filling` (`placement_id`, `downline_id`, `level`, `matrix`) VALUES ('F5GPDF', 'D84WMU', 54, 1);
UPDATE `bv_updation` SET left_carry = left_carry+50, total_left = total_left+50
WHERE `user_id` = 'F5GPDF';
INSERT INTO `placement_bv_update_history` (`left_carry`, `date`, `from_id`, `user_id`) VALUES ('50', '2024-09-26 17:20:13', 'D84WMU', 'F5GPDF');
INSERT INTO `matrix_filling` (`placement_id`, `downline_id`, `level`, `matrix`) VALUES ('91PYDK', 'D84WMU', 55, 1);
UPDATE `bv_updation` SET left_carry = left_carry+50, total_left = total_left+50
WHERE `user_id` = '91PYDK';
INSERT INTO `placement_bv_update_history` (`left_carry`, `date`, `from_id`, `user_id`) VALUES ('50', '2024-09-26 17:20:13', 'D84WMU', '91PYDK');
INSERT INTO `matrix_filling` (`placement_id`, `downline_id`, `level`, `matrix`) VALUES ('4OT7RX', 'D84WMU', 56, 1);
UPDATE `bv_updation` SET left_carry = left_carry+50, total_left = total_left+50
WHERE `user_id` = '4OT7RX';
INSERT INTO `placement_bv_update_history` (`left_carry`, `date`, `from_id`, `user_id`) VALUES ('50', '2024-09-26 17:20:13', 'D84WMU', '4OT7RX');
INSERT INTO `matrix_filling` (`placement_id`, `downline_id`, `level`, `matrix`) VALUES ('ZJZA3M', 'D84WMU', 57, 1);
UPDATE `bv_updation` SET left_carry = left_carry+50, total_left = total_left+50
WHERE `user_id` = 'ZJZA3M';
INSERT INTO `placement_bv_update_history` (`left_carry`, `date`, `from_id`, `user_id`) VALUES ('50', '2024-09-26 17:20:13', 'D84WMU', 'ZJZA3M');
INSERT INTO `matrix_filling` (`placement_id`, `downline_id`, `level`, `matrix`) VALUES ('XN6ETC', 'D84WMU', 58, 1);
UPDATE `bv_updation` SET left_carry = left_carry+50, total_left = total_left+50
WHERE `user_id` = 'XN6ETC';
INSERT INTO `placement_bv_update_history` (`left_carry`, `date`, `from_id`, `user_id`) VALUES ('50', '2024-09-26 17:20:13', 'D84WMU', 'XN6ETC');
INSERT INTO `matrix_filling` (`placement_id`, `downline_id`, `level`, `matrix`) VALUES ('KVQN1O', 'D84WMU', 59, 1);
UPDATE `bv_updation` SET left_carry = left_carry+50, total_left = total_left+50
WHERE `user_id` = 'KVQN1O';
INSERT INTO `placement_bv_update_history` (`left_carry`, `date`, `from_id`, `user_id`) VALUES ('50', '2024-09-26 17:20:13', 'D84WMU', 'KVQN1O');
INSERT INTO `matrix_filling` (`placement_id`, `downline_id`, `level`, `matrix`) VALUES ('X3V7DJ', 'D84WMU', 60, 1);
UPDATE `bv_updation` SET left_carry = left_carry+50, total_left = total_left+50
WHERE `user_id` = 'X3V7DJ';
INSERT INTO `placement_bv_update_history` (`left_carry`, `date`, `from_id`, `user_id`) VALUES ('50', '2024-09-26 17:20:13', 'D84WMU', 'X3V7DJ');
INSERT INTO `matrix_filling` (`placement_id`, `downline_id`, `level`, `matrix`) VALUES ('DJ77NH', 'D84WMU', 61, 1);
UPDATE `bv_updation` SET left_carry = left_carry+50, total_left = total_left+50
WHERE `user_id` = 'DJ77NH';
INSERT INTO `placement_bv_update_history` (`left_carry`, `date`, `from_id`, `user_id`) VALUES ('50', '2024-09-26 17:20:13', 'D84WMU', 'DJ77NH');
INSERT INTO `matrix_filling` (`placement_id`, `downline_id`, `level`, `matrix`) VALUES ('PX7XCL', 'D84WMU', 62, 1);
UPDATE `bv_updation` SET left_carry = left_carry+50, total_left = total_left+50
WHERE `user_id` = 'PX7XCL';
INSERT INTO `placement_bv_update_history` (`left_carry`, `date`, `from_id`, `user_id`) VALUES ('50', '2024-09-26 17:20:13', 'D84WMU', 'PX7XCL');
INSERT INTO `matrix_filling` (`placement_id`, `downline_id`, `level`, `matrix`) VALUES ('L8PM4Z', 'D84WMU', 63, 1);
UPDATE `bv_updation` SET left_carry = left_carry+50, total_left = total_left+50
WHERE `user_id` = 'L8PM4Z';
INSERT INTO `placement_bv_update_history` (`left_carry`, `date`, `from_id`, `user_id`) VALUES ('50', '2024-09-26 17:20:13', 'D84WMU', 'L8PM4Z');
INSERT INTO `matrix_filling` (`placement_id`, `downline_id`, `level`, `matrix`) VALUES ('GBSIER', 'D84WMU', 64, 1);
UPDATE `bv_updation` SET left_carry = left_carry+50, total_left = total_left+50
WHERE `user_id` = 'GBSIER';
INSERT INTO `placement_bv_update_history` (`left_carry`, `date`, `from_id`, `user_id`) VALUES ('50', '2024-09-26 17:20:13', 'D84WMU', 'GBSIER');
INSERT INTO `matrix_filling` (`placement_id`, `downline_id`, `level`, `matrix`) VALUES ('AV48YQ', 'D84WMU', 65, 1);
UPDATE `bv_updation` SET left_carry = left_carry+50, total_left = total_left+50
WHERE `user_id` = 'AV48YQ';
INSERT INTO `placement_bv_update_history` (`left_carry`, `date`, `from_id`, `user_id`) VALUES ('50', '2024-09-26 17:20:13', 'D84WMU', 'AV48YQ');
INSERT INTO `matrix_filling` (`placement_id`, `downline_id`, `level`, `matrix`) VALUES ('admin', 'D84WMU', 66, 1);
INSERT INTO `package_purchase_history` (`user_id`, `package_id`, `reg_fee`, `package_name`, `monthly_fee`, `type`, `date`, `payment_option`) VALUES ('D84WMU', '2', '595', 'Traveler Pro', '150', 'sign_up', '2024-09-26 17:20:13', 'free');
UPDATE `user_registration` SET `uid` = '2897', `user_id` = 'XFNG3G', `username` = 'ileana7', `sponsor_id` = 'JOOGJ8', `vacant` = 'no', `f_name` = 'Ileana', `l_name` = 'Ricardo', `address` = '8100 SW 14 Terr', `position` = 'right', `email` = 'ileana7@gmail.com', `password` = 'b80699cff967b7c02af7afdfd083a5ee', `phone` = '7862876762', `country` = 'United States', `state` = 'Florida', `city` = 'Miami', `street` = '8100 SW 14 Terr', `zip_code` = '33144', `reg_ip` = '172.70.54.25', `status` = 1, `package_id` = '2', `rank_id` = 1, `highest_rank` = 1, `created` = '2024-09-26 17:21:15', `subscription_date` = '2024-10-26', `google_secret` = 'OVOBXQXRMYHQ5GNR'
WHERE `uid` = '2897';
INSERT INTO `user_registration` (`uid`, `user_id`, `username`, `sponsor_id`, `placement_id`, `vacant`, `f_name`, `l_name`, `address`, `position`, `email`, `password`, `phone`, `reg_ip`, `status`, `created`) VALUES (NULL, 'MNCAXP', 'uLhlsXGy', 'XFNG3G', 'XFNG3G', 'yes', '', '', '', 'left', '@mail.com', '', '', '', 0, '2024-09-26 17:21:15');
INSERT INTO `user_registration` (`uid`, `user_id`, `username`, `sponsor_id`, `placement_id`, `vacant`, `f_name`, `l_name`, `address`, `position`, `email`, `password`, `phone`, `reg_ip`, `status`, `created`) VALUES (NULL, 'OOYCNM', 'fyfFvglW', 'XFNG3G', 'XFNG3G', 'yes', '', '', '', 'right', '@mail.com', '', '', '', 0, '2024-09-26 17:21:15');
INSERT INTO `bv_updation` (`user_id`) VALUES ('XFNG3G');
UPDATE `user_registration` SET total_ref_count = total_ref_count+1
WHERE `user_id` = 'JOOGJ8';
UPDATE `user_registration` SET total_downlines = total_downlines+1
WHERE `user_id` = 'RPDH3F';
UPDATE `user_registration` SET right_downlines = right_downlines+1
WHERE `user_id` = 'RPDH3F';
UPDATE `user_registration` SET total_downlines = total_downlines+1
WHERE `user_id` = 'ISFCIT';
UPDATE `user_registration` SET right_downlines = right_downlines+1
WHERE `user_id` = 'ISFCIT';
UPDATE `user_registration` SET total_downlines = total_downlines+1
WHERE `user_id` = '132L5K';
UPDATE `user_registration` SET right_downlines = right_downlines+1
WHERE `user_id` = '132L5K';
UPDATE `user_registration` SET total_downlines = total_downlines+1
WHERE `user_id` = 'LYT8K3';
UPDATE `user_registration` SET right_downlines = right_downlines+1
WHERE `user_id` = 'LYT8K3';
UPDATE `user_registration` SET total_downlines = total_downlines+1
WHERE `user_id` = '491MZ8';
UPDATE `user_registration` SET right_downlines = right_downlines+1
WHERE `user_id` = '491MZ8';
UPDATE `user_registration` SET total_downlines = total_downlines+1
WHERE `user_id` = 'JOOGJ8';
UPDATE `user_registration` SET right_downlines = right_downlines+1
WHERE `user_id` = 'JOOGJ8';
UPDATE `user_registration` SET right_ref_count = right_ref_count+1
WHERE `user_id` = 'JOOGJ8';
UPDATE `user_registration` SET active_right = active_right+1
WHERE `user_id` = 'JOOGJ8';
UPDATE `user_registration` SET total_downlines = total_downlines+1
WHERE `user_id` = 'IW5GAU';
UPDATE `user_registration` SET right_downlines = right_downlines+1
WHERE `user_id` = 'IW5GAU';
UPDATE `user_registration` SET total_downlines = total_downlines+1
WHERE `user_id` = 'JQ3FLF';
UPDATE `user_registration` SET left_downlines = left_downlines+1
WHERE `user_id` = 'JQ3FLF';
UPDATE `user_registration` SET total_downlines = total_downlines+1
WHERE `user_id` = 'C3N32U';
UPDATE `user_registration` SET left_downlines = left_downlines+1
WHERE `user_id` = 'C3N32U';
UPDATE `user_registration` SET total_downlines = total_downlines+1
WHERE `user_id` = 'MNLXPP';
UPDATE `user_registration` SET left_downlines = left_downlines+1
WHERE `user_id` = 'MNLXPP';
UPDATE `user_registration` SET total_downlines = total_downlines+1
WHERE `user_id` = 'NUPA4K';
UPDATE `user_registration` SET left_downlines = left_downlines+1
WHERE `user_id` = 'NUPA4K';
UPDATE `user_registration` SET total_downlines = total_downlines+1
WHERE `user_id` = '1FFFBU';
UPDATE `user_registration` SET left_downlines = left_downlines+1
WHERE `user_id` = '1FFFBU';
UPDATE `user_registration` SET total_downlines = total_downlines+1
WHERE `user_id` = 'J4CGUT';
UPDATE `user_registration` SET left_downlines = left_downlines+1
WHERE `user_id` = 'J4CGUT';
UPDATE `user_registration` SET total_downlines = total_downlines+1
WHERE `user_id` = 'S1RTX3';
UPDATE `user_registration` SET left_downlines = left_downlines+1
WHERE `user_id` = 'S1RTX3';
UPDATE `user_registration` SET total_downlines = total_downlines+1
WHERE `user_id` = 'I8YWQA';
UPDATE `user_registration` SET left_downlines = left_downlines+1
WHERE `user_id` = 'I8YWQA';
UPDATE `user_registration` SET total_downlines = total_downlines+1
WHERE `user_id` = 'I3MZBU';
UPDATE `user_registration` SET left_downlines = left_downlines+1
WHERE `user_id` = 'I3MZBU';
UPDATE `user_registration` SET total_downlines = total_downlines+1
WHERE `user_id` = 'H2I33O';
UPDATE `user_registration` SET left_downlines = left_downlines+1
WHERE `user_id` = 'H2I33O';
UPDATE `user_registration` SET total_downlines = total_downlines+1
WHERE `user_id` = 'AL7XWH';
UPDATE `user_registration` SET left_downlines = left_downlines+1
WHERE `user_id` = 'AL7XWH';
UPDATE `user_registration` SET total_downlines = total_downlines+1
WHERE `user_id` = 'HFZ9SA';
UPDATE `user_registration` SET left_downlines = left_downlines+1
WHERE `user_id` = 'HFZ9SA';
UPDATE `user_registration` SET total_downlines = total_downlines+1
WHERE `user_id` = 'A2MTZ3';
UPDATE `user_registration` SET left_downlines = left_downlines+1
WHERE `user_id` = 'A2MTZ3';
UPDATE `user_registration` SET total_downlines = total_downlines+1
WHERE `user_id` = 'RUEKCW';
UPDATE `user_registration` SET left_downlines = left_downlines+1
WHERE `user_id` = 'RUEKCW';
UPDATE `user_registration` SET total_downlines = total_downlines+1
WHERE `user_id` = 'K3GTG4';
UPDATE `user_registration` SET left_downlines = left_downlines+1
WHERE `user_id` = 'K3GTG4';
UPDATE `user_registration` SET total_downlines = total_downlines+1
WHERE `user_id` = 'I1TUBN';
UPDATE `user_registration` SET left_downlines = left_downlines+1
WHERE `user_id` = 'I1TUBN';
UPDATE `user_registration` SET total_downlines = total_downlines+1
WHERE `user_id` = 'BAUCCU';
UPDATE `user_registration` SET left_downlines = left_downlines+1
WHERE `user_id` = 'BAUCCU';
UPDATE `user_registration` SET total_downlines = total_downlines+1
WHERE `user_id` = '62QO97';
UPDATE `user_registration` SET left_downlines = left_downlines+1
WHERE `user_id` = '62QO97';
UPDATE `user_registration` SET total_downlines = total_downlines+1
WHERE `user_id` = 'OHLQEO';
UPDATE `user_registration` SET left_downlines = left_downlines+1
WHERE `user_id` = 'OHLQEO';
UPDATE `user_registration` SET total_downlines = total_downlines+1
WHERE `user_id` = '7APFKG';
UPDATE `user_registration` SET left_downlines = left_downlines+1
WHERE `user_id` = '7APFKG';
UPDATE `user_registration` SET total_downlines = total_downlines+1
WHERE `user_id` = 'Q2Q92Y';
UPDATE `user_registration` SET left_downlines = left_downlines+1
WHERE `user_id` = 'Q2Q92Y';
UPDATE `user_registration` SET total_downlines = total_downlines+1
WHERE `user_id` = 'E9ITRC';
UPDATE `user_registration` SET left_downlines = left_downlines+1
WHERE `user_id` = 'E9ITRC';
UPDATE `user_registration` SET total_downlines = total_downlines+1
WHERE `user_id` = '7COKBB';
UPDATE `user_registration` SET left_downlines = left_downlines+1
WHERE `user_id` = '7COKBB';
UPDATE `user_registration` SET total_downlines = total_downlines+1
WHERE `user_id` = 'BDNS17';
UPDATE `user_registration` SET left_downlines = left_downlines+1
WHERE `user_id` = 'BDNS17';
UPDATE `user_registration` SET total_downlines = total_downlines+1
WHERE `user_id` = '7ZXRRE';
UPDATE `user_registration` SET left_downlines = left_downlines+1
WHERE `user_id` = '7ZXRRE';
UPDATE `user_registration` SET total_downlines = total_downlines+1
WHERE `user_id` = 'KLRAF5';
UPDATE `user_registration` SET left_downlines = left_downlines+1
WHERE `user_id` = 'KLRAF5';
UPDATE `user_registration` SET total_downlines = total_downlines+1
WHERE `user_id` = 'IFJHZG';
UPDATE `user_registration` SET left_downlines = left_downlines+1
WHERE `user_id` = 'IFJHZG';
UPDATE `user_registration` SET total_downlines = total_downlines+1
WHERE `user_id` = 'MXUV8Q';
UPDATE `user_registration` SET left_downlines = left_downlines+1
WHERE `user_id` = 'MXUV8Q';
UPDATE `user_registration` SET total_downlines = total_downlines+1
WHERE `user_id` = 'GGM164';
UPDATE `user_registration` SET left_downlines = left_downlines+1
WHERE `user_id` = 'GGM164';
UPDATE `user_registration` SET total_downlines = total_downlines+1
WHERE `user_id` = '3NKIEX';
UPDATE `user_registration` SET left_downlines = left_downlines+1
WHERE `user_id` = '3NKIEX';
UPDATE `user_registration` SET total_downlines = total_downlines+1
WHERE `user_id` = 'S56TH3';
UPDATE `user_registration` SET left_downlines = left_downlines+1
WHERE `user_id` = 'S56TH3';
UPDATE `user_registration` SET total_downlines = total_downlines+1
WHERE `user_id` = 'XYG89U';
UPDATE `user_registration` SET left_downlines = left_downlines+1
WHERE `user_id` = 'XYG89U';
UPDATE `user_registration` SET total_downlines = total_downlines+1
WHERE `user_id` = 'HTFY93';
UPDATE `user_registration` SET left_downlines = left_downlines+1
WHERE `user_id` = 'HTFY93';
UPDATE `user_registration` SET total_downlines = total_downlines+1
WHERE `user_id` = '3PR393';
UPDATE `user_registration` SET left_downlines = left_downlines+1
WHERE `user_id` = '3PR393';
UPDATE `user_registration` SET total_downlines = total_downlines+1
WHERE `user_id` = 'T3MRY1';
UPDATE `user_registration` SET left_downlines = left_downlines+1
WHERE `user_id` = 'T3MRY1';
UPDATE `user_registration` SET total_downlines = total_downlines+1
WHERE `user_id` = 'GTMCCK';
UPDATE `user_registration` SET left_downlines = left_downlines+1
WHERE `user_id` = 'GTMCCK';
UPDATE `user_registration` SET total_downlines = total_downlines+1
WHERE `user_id` = 'DLYMIF';
UPDATE `user_registration` SET left_downlines = left_downlines+1
WHERE `user_id` = 'DLYMIF';
UPDATE `user_registration` SET total_downlines = total_downlines+1
WHERE `user_id` = 'WGJ5KE';
UPDATE `user_registration` SET left_downlines = left_downlines+1
WHERE `user_id` = 'WGJ5KE';
UPDATE `user_registration` SET total_downlines = total_downlines+1
WHERE `user_id` = 'ORRJ3M';
UPDATE `user_registration` SET left_downlines = left_downlines+1
WHERE `user_id` = 'ORRJ3M';
UPDATE `user_registration` SET total_downlines = total_downlines+1
WHERE `user_id` = 'AA8V6V';
UPDATE `user_registration` SET left_downlines = left_downlines+1
WHERE `user_id` = 'AA8V6V';
UPDATE `user_registration` SET total_downlines = total_downlines+1
WHERE `user_id` = '61ME4O';
UPDATE `user_registration` SET left_downlines = left_downlines+1
WHERE `user_id` = '61ME4O';
UPDATE `user_registration` SET total_downlines = total_downlines+1
WHERE `user_id` = 'WS1SZZ';
UPDATE `user_registration` SET left_downlines = left_downlines+1
WHERE `user_id` = 'WS1SZZ';
UPDATE `user_registration` SET total_downlines = total_downlines+1
WHERE `user_id` = 'TBN4MZ';
UPDATE `user_registration` SET left_downlines = left_downlines+1
WHERE `user_id` = 'TBN4MZ';
UPDATE `user_registration` SET total_downlines = total_downlines+1
WHERE `user_id` = 'OEMJ8R';
UPDATE `user_registration` SET left_downlines = left_downlines+1
WHERE `user_id` = 'OEMJ8R';
UPDATE `user_registration` SET total_downlines = total_downlines+1
WHERE `user_id` = 'FXAYIE';
UPDATE `user_registration` SET left_downlines = left_downlines+1
WHERE `user_id` = 'FXAYIE';
UPDATE `user_registration` SET total_downlines = total_downlines+1
WHERE `user_id` = 'ELXZWC';
UPDATE `user_registration` SET left_downlines = left_downlines+1
WHERE `user_id` = 'ELXZWC';
UPDATE `user_registration` SET total_downlines = total_downlines+1
WHERE `user_id` = 'C1TQVI';
UPDATE `user_registration` SET left_downlines = left_downlines+1
WHERE `user_id` = 'C1TQVI';
UPDATE `user_registration` SET total_downlines = total_downlines+1
WHERE `user_id` = 'F5GPDF';
UPDATE `user_registration` SET left_downlines = left_downlines+1
WHERE `user_id` = 'F5GPDF';
UPDATE `user_registration` SET total_downlines = total_downlines+1
WHERE `user_id` = '91PYDK';
UPDATE `user_registration` SET left_downlines = left_downlines+1
WHERE `user_id` = '91PYDK';
UPDATE `user_registration` SET total_downlines = total_downlines+1
WHERE `user_id` = '4OT7RX';
UPDATE `user_registration` SET left_downlines = left_downlines+1
WHERE `user_id` = '4OT7RX';
UPDATE `user_registration` SET total_downlines = total_downlines+1
WHERE `user_id` = 'ZJZA3M';
UPDATE `user_registration` SET left_downlines = left_downlines+1
WHERE `user_id` = 'ZJZA3M';
UPDATE `user_registration` SET total_downlines = total_downlines+1
WHERE `user_id` = 'XN6ETC';
UPDATE `user_registration` SET left_downlines = left_downlines+1
WHERE `user_id` = 'XN6ETC';
UPDATE `user_registration` SET total_downlines = total_downlines+1
WHERE `user_id` = 'KVQN1O';
UPDATE `user_registration` SET left_downlines = left_downlines+1
WHERE `user_id` = 'KVQN1O';
UPDATE `user_registration` SET total_downlines = total_downlines+1
WHERE `user_id` = 'X3V7DJ';
UPDATE `user_registration` SET left_downlines = left_downlines+1
WHERE `user_id` = 'X3V7DJ';
UPDATE `user_registration` SET total_downlines = total_downlines+1
WHERE `user_id` = 'DJ77NH';
UPDATE `user_registration` SET left_downlines = left_downlines+1
WHERE `user_id` = 'DJ77NH';
UPDATE `user_registration` SET total_downlines = total_downlines+1
WHERE `user_id` = 'PX7XCL';
UPDATE `user_registration` SET left_downlines = left_downlines+1
WHERE `user_id` = 'PX7XCL';
UPDATE `user_registration` SET total_downlines = total_downlines+1
WHERE `user_id` = 'L8PM4Z';
UPDATE `user_registration` SET left_downlines = left_downlines+1
WHERE `user_id` = 'L8PM4Z';
UPDATE `user_registration` SET total_downlines = total_downlines+1
WHERE `user_id` = 'GBSIER';
UPDATE `user_registration` SET left_downlines = left_downlines+1
WHERE `user_id` = 'GBSIER';
UPDATE `user_registration` SET total_downlines = total_downlines+1
WHERE `user_id` = 'AV48YQ';
UPDATE `user_registration` SET left_downlines = left_downlines+1
WHERE `user_id` = 'AV48YQ';
UPDATE `user_registration` SET total_downlines = total_downlines+1
WHERE `user_id` = 'admin';
UPDATE `user_registration` SET left_downlines = left_downlines+1
WHERE `user_id` = 'admin';
INSERT INTO `investment` (`invest_date`, `user_id`, `type`, `amount`, `package_id`) VALUES ('2024-09-26 17:21:15', 'XFNG3G', 'register', '595', '2');
INSERT INTO `earnings` (`user_id`, `Purchaser_id`, `earning_type`, `package_id`, `amount`, `date`, `comments`, `invest_amount`, `comm_perc`, `level`, `rank_id`, `order_id`) VALUES ('JOOGJ8', 'XFNG3G', 'Direct Referral Bonus', '2', '100', '2024-09-26 17:21:15', 'Direct Referral Bonus', 0, 0, 1, '', 296);
UPDATE `user_registration` SET commission_balance = ROUND(commission_balance + 100,2)
WHERE `user_id` = 'JOOGJ8';
INSERT INTO `earnings` (`user_id`, `Purchaser_id`, `earning_type`, `package_id`, `amount`, `date`, `comments`, `invest_amount`, `comm_perc`, `level`, `rank_id`, `order_id`) VALUES ('1FFFBU', 'XFNG3G', 'Expansion Bonus', '2', 200, '2024-09-26 17:21:15', 'Expansion Bonus', '100', 0, 1, '', 296);
UPDATE `user_registration` SET commission_balance = ROUND(commission_balance + 200,2)
WHERE `user_id` = '1FFFBU';
INSERT INTO `matrix_filling` (`placement_id`, `downline_id`, `level`, `matrix`) VALUES ('RPDH3F', 'XFNG3G', 1, 1);
UPDATE `bv_updation` SET right_carry = right_carry+50, total_right = total_right+50
WHERE `user_id` = 'RPDH3F';
INSERT INTO `placement_bv_update_history` (`right_carry`, `date`, `from_id`, `user_id`) VALUES ('50', '2024-09-26 17:21:15', 'XFNG3G', 'RPDH3F');
INSERT INTO `matrix_filling` (`placement_id`, `downline_id`, `level`, `matrix`) VALUES ('ISFCIT', 'XFNG3G', 2, 1);
UPDATE `bv_updation` SET right_carry = right_carry+50, total_right = total_right+50
WHERE `user_id` = 'ISFCIT';
INSERT INTO `placement_bv_update_history` (`right_carry`, `date`, `from_id`, `user_id`) VALUES ('50', '2024-09-26 17:21:15', 'XFNG3G', 'ISFCIT');
INSERT INTO `matrix_filling` (`placement_id`, `downline_id`, `level`, `matrix`) VALUES ('132L5K', 'XFNG3G', 3, 1);
UPDATE `bv_updation` SET right_carry = right_carry+50, total_right = total_right+50
WHERE `user_id` = '132L5K';
INSERT INTO `placement_bv_update_history` (`right_carry`, `date`, `from_id`, `user_id`) VALUES ('50', '2024-09-26 17:21:15', 'XFNG3G', '132L5K');
INSERT INTO `matrix_filling` (`placement_id`, `downline_id`, `level`, `matrix`) VALUES ('LYT8K3', 'XFNG3G', 4, 1);
UPDATE `bv_updation` SET right_carry = right_carry+50, total_right = total_right+50
WHERE `user_id` = 'LYT8K3';
INSERT INTO `placement_bv_update_history` (`right_carry`, `date`, `from_id`, `user_id`) VALUES ('50', '2024-09-26 17:21:15', 'XFNG3G', 'LYT8K3');
INSERT INTO `matrix_filling` (`placement_id`, `downline_id`, `level`, `matrix`) VALUES ('491MZ8', 'XFNG3G', 5, 1);
UPDATE `bv_updation` SET right_carry = right_carry+50, total_right = total_right+50
WHERE `user_id` = '491MZ8';
INSERT INTO `placement_bv_update_history` (`right_carry`, `date`, `from_id`, `user_id`) VALUES ('50', '2024-09-26 17:21:15', 'XFNG3G', '491MZ8');
INSERT INTO `matrix_filling` (`placement_id`, `downline_id`, `level`, `matrix`) VALUES ('JOOGJ8', 'XFNG3G', 6, 1);
UPDATE `bv_updation` SET right_carry = right_carry+50, total_right = total_right+50
WHERE `user_id` = 'JOOGJ8';
INSERT INTO `placement_bv_update_history` (`right_carry`, `date`, `from_id`, `user_id`) VALUES ('50', '2024-09-26 17:21:15', 'XFNG3G', 'JOOGJ8');
UPDATE `bv_updation` SET sponsor_right_carry = sponsor_right_carry+50, sponsor_total_right = sponsor_total_right+50
WHERE `user_id` = 'JOOGJ8';
INSERT INTO `sponsor_bv_update_history` (`right_carry`, `date`, `user_id`) VALUES ('50', '2024-09-26 17:21:15', 'JOOGJ8');
INSERT INTO `matrix_filling` (`placement_id`, `downline_id`, `level`, `matrix`) VALUES ('IW5GAU', 'XFNG3G', 7, 1);
UPDATE `bv_updation` SET right_carry = right_carry+50, total_right = total_right+50
WHERE `user_id` = 'IW5GAU';
INSERT INTO `placement_bv_update_history` (`right_carry`, `date`, `from_id`, `user_id`) VALUES ('50', '2024-09-26 17:21:15', 'XFNG3G', 'IW5GAU');
INSERT INTO `matrix_filling` (`placement_id`, `downline_id`, `level`, `matrix`) VALUES ('JQ3FLF', 'XFNG3G', 8, 1);
UPDATE `bv_updation` SET left_carry = left_carry+50, total_left = total_left+50
WHERE `user_id` = 'JQ3FLF';
INSERT INTO `placement_bv_update_history` (`left_carry`, `date`, `from_id`, `user_id`) VALUES ('50', '2024-09-26 17:21:15', 'XFNG3G', 'JQ3FLF');
INSERT INTO `matrix_filling` (`placement_id`, `downline_id`, `level`, `matrix`) VALUES ('C3N32U', 'XFNG3G', 9, 1);
UPDATE `bv_updation` SET left_carry = left_carry+50, total_left = total_left+50
WHERE `user_id` = 'C3N32U';
INSERT INTO `placement_bv_update_history` (`left_carry`, `date`, `from_id`, `user_id`) VALUES ('50', '2024-09-26 17:21:15', 'XFNG3G', 'C3N32U');
INSERT INTO `matrix_filling` (`placement_id`, `downline_id`, `level`, `matrix`) VALUES ('MNLXPP', 'XFNG3G', 10, 1);
UPDATE `bv_updation` SET left_carry = left_carry+50, total_left = total_left+50
WHERE `user_id` = 'MNLXPP';
INSERT INTO `placement_bv_update_history` (`left_carry`, `date`, `from_id`, `user_id`) VALUES ('50', '2024-09-26 17:21:15', 'XFNG3G', 'MNLXPP');
INSERT INTO `matrix_filling` (`placement_id`, `downline_id`, `level`, `matrix`) VALUES ('NUPA4K', 'XFNG3G', 11, 1);
UPDATE `bv_updation` SET left_carry = left_carry+50, total_left = total_left+50
WHERE `user_id` = 'NUPA4K';
INSERT INTO `placement_bv_update_history` (`left_carry`, `date`, `from_id`, `user_id`) VALUES ('50', '2024-09-26 17:21:15', 'XFNG3G', 'NUPA4K');
INSERT INTO `matrix_filling` (`placement_id`, `downline_id`, `level`, `matrix`) VALUES ('1FFFBU', 'XFNG3G', 12, 1);
UPDATE `bv_updation` SET left_carry = left_carry+50, total_left = total_left+50
WHERE `user_id` = '1FFFBU';
INSERT INTO `placement_bv_update_history` (`left_carry`, `date`, `from_id`, `user_id`) VALUES ('50', '2024-09-26 17:21:15', 'XFNG3G', '1FFFBU');
INSERT INTO `matrix_filling` (`placement_id`, `downline_id`, `level`, `matrix`) VALUES ('J4CGUT', 'XFNG3G', 13, 1);
UPDATE `bv_updation` SET left_carry = left_carry+50, total_left = total_left+50
WHERE `user_id` = 'J4CGUT';
INSERT INTO `placement_bv_update_history` (`left_carry`, `date`, `from_id`, `user_id`) VALUES ('50', '2024-09-26 17:21:15', 'XFNG3G', 'J4CGUT');
INSERT INTO `matrix_filling` (`placement_id`, `downline_id`, `level`, `matrix`) VALUES ('S1RTX3', 'XFNG3G', 14, 1);
UPDATE `bv_updation` SET left_carry = left_carry+50, total_left = total_left+50
WHERE `user_id` = 'S1RTX3';
INSERT INTO `placement_bv_update_history` (`left_carry`, `date`, `from_id`, `user_id`) VALUES ('50', '2024-09-26 17:21:15', 'XFNG3G', 'S1RTX3');
INSERT INTO `matrix_filling` (`placement_id`, `downline_id`, `level`, `matrix`) VALUES ('I8YWQA', 'XFNG3G', 15, 1);
UPDATE `bv_updation` SET left_carry = left_carry+50, total_left = total_left+50
WHERE `user_id` = 'I8YWQA';
INSERT INTO `placement_bv_update_history` (`left_carry`, `date`, `from_id`, `user_id`) VALUES ('50', '2024-09-26 17:21:15', 'XFNG3G', 'I8YWQA');
INSERT INTO `matrix_filling` (`placement_id`, `downline_id`, `level`, `matrix`) VALUES ('I3MZBU', 'XFNG3G', 16, 1);
UPDATE `bv_updation` SET left_carry = left_carry+50, total_left = total_left+50
WHERE `user_id` = 'I3MZBU';
INSERT INTO `placement_bv_update_history` (`left_carry`, `date`, `from_id`, `user_id`) VALUES ('50', '2024-09-26 17:21:15', 'XFNG3G', 'I3MZBU');
INSERT INTO `matrix_filling` (`placement_id`, `downline_id`, `level`, `matrix`) VALUES ('H2I33O', 'XFNG3G', 17, 1);
UPDATE `bv_updation` SET left_carry = left_carry+50, total_left = total_left+50
WHERE `user_id` = 'H2I33O';
INSERT INTO `placement_bv_update_history` (`left_carry`, `date`, `from_id`, `user_id`) VALUES ('50', '2024-09-26 17:21:15', 'XFNG3G', 'H2I33O');
INSERT INTO `matrix_filling` (`placement_id`, `downline_id`, `level`, `matrix`) VALUES ('AL7XWH', 'XFNG3G', 18, 1);
UPDATE `bv_updation` SET left_carry = left_carry+50, total_left = total_left+50
WHERE `user_id` = 'AL7XWH';
INSERT INTO `placement_bv_update_history` (`left_carry`, `date`, `from_id`, `user_id`) VALUES ('50', '2024-09-26 17:21:15', 'XFNG3G', 'AL7XWH');
INSERT INTO `matrix_filling` (`placement_id`, `downline_id`, `level`, `matrix`) VALUES ('HFZ9SA', 'XFNG3G', 19, 1);
UPDATE `bv_updation` SET left_carry = left_carry+50, total_left = total_left+50
WHERE `user_id` = 'HFZ9SA';
INSERT INTO `placement_bv_update_history` (`left_carry`, `date`, `from_id`, `user_id`) VALUES ('50', '2024-09-26 17:21:15', 'XFNG3G', 'HFZ9SA');
INSERT INTO `matrix_filling` (`placement_id`, `downline_id`, `level`, `matrix`) VALUES ('A2MTZ3', 'XFNG3G', 20, 1);
UPDATE `bv_updation` SET left_carry = left_carry+50, total_left = total_left+50
WHERE `user_id` = 'A2MTZ3';
INSERT INTO `placement_bv_update_history` (`left_carry`, `date`, `from_id`, `user_id`) VALUES ('50', '2024-09-26 17:21:15', 'XFNG3G', 'A2MTZ3');
INSERT INTO `matrix_filling` (`placement_id`, `downline_id`, `level`, `matrix`) VALUES ('RUEKCW', 'XFNG3G', 21, 1);
UPDATE `bv_updation` SET left_carry = left_carry+50, total_left = total_left+50
WHERE `user_id` = 'RUEKCW';
INSERT INTO `placement_bv_update_history` (`left_carry`, `date`, `from_id`, `user_id`) VALUES ('50', '2024-09-26 17:21:15', 'XFNG3G', 'RUEKCW');
INSERT INTO `matrix_filling` (`placement_id`, `downline_id`, `level`, `matrix`) VALUES ('K3GTG4', 'XFNG3G', 22, 1);
UPDATE `bv_updation` SET left_carry = left_carry+50, total_left = total_left+50
WHERE `user_id` = 'K3GTG4';
INSERT INTO `placement_bv_update_history` (`left_carry`, `date`, `from_id`, `user_id`) VALUES ('50', '2024-09-26 17:21:15', 'XFNG3G', 'K3GTG4');
INSERT INTO `matrix_filling` (`placement_id`, `downline_id`, `level`, `matrix`) VALUES ('I1TUBN', 'XFNG3G', 23, 1);
UPDATE `bv_updation` SET left_carry = left_carry+50, total_left = total_left+50
WHERE `user_id` = 'I1TUBN';
INSERT INTO `placement_bv_update_history` (`left_carry`, `date`, `from_id`, `user_id`) VALUES ('50', '2024-09-26 17:21:15', 'XFNG3G', 'I1TUBN');
INSERT INTO `matrix_filling` (`placement_id`, `downline_id`, `level`, `matrix`) VALUES ('BAUCCU', 'XFNG3G', 24, 1);
UPDATE `bv_updation` SET left_carry = left_carry+50, total_left = total_left+50
WHERE `user_id` = 'BAUCCU';
INSERT INTO `placement_bv_update_history` (`left_carry`, `date`, `from_id`, `user_id`) VALUES ('50', '2024-09-26 17:21:15', 'XFNG3G', 'BAUCCU');
INSERT INTO `matrix_filling` (`placement_id`, `downline_id`, `level`, `matrix`) VALUES ('62QO97', 'XFNG3G', 25, 1);
UPDATE `bv_updation` SET left_carry = left_carry+50, total_left = total_left+50
WHERE `user_id` = '62QO97';
INSERT INTO `placement_bv_update_history` (`left_carry`, `date`, `from_id`, `user_id`) VALUES ('50', '2024-09-26 17:21:15', 'XFNG3G', '62QO97');
INSERT INTO `matrix_filling` (`placement_id`, `downline_id`, `level`, `matrix`) VALUES ('OHLQEO', 'XFNG3G', 26, 1);
UPDATE `bv_updation` SET left_carry = left_carry+50, total_left = total_left+50
WHERE `user_id` = 'OHLQEO';
INSERT INTO `placement_bv_update_history` (`left_carry`, `date`, `from_id`, `user_id`) VALUES ('50', '2024-09-26 17:21:15', 'XFNG3G', 'OHLQEO');
INSERT INTO `matrix_filling` (`placement_id`, `downline_id`, `level`, `matrix`) VALUES ('7APFKG', 'XFNG3G', 27, 1);
UPDATE `bv_updation` SET left_carry = left_carry+50, total_left = total_left+50
WHERE `user_id` = '7APFKG';
INSERT INTO `placement_bv_update_history` (`left_carry`, `date`, `from_id`, `user_id`) VALUES ('50', '2024-09-26 17:21:15', 'XFNG3G', '7APFKG');
INSERT INTO `matrix_filling` (`placement_id`, `downline_id`, `level`, `matrix`) VALUES ('Q2Q92Y', 'XFNG3G', 28, 1);
UPDATE `bv_updation` SET left_carry = left_carry+50, total_left = total_left+50
WHERE `user_id` = 'Q2Q92Y';
INSERT INTO `placement_bv_update_history` (`left_carry`, `date`, `from_id`, `user_id`) VALUES ('50', '2024-09-26 17:21:15', 'XFNG3G', 'Q2Q92Y');
INSERT INTO `matrix_filling` (`placement_id`, `downline_id`, `level`, `matrix`) VALUES ('E9ITRC', 'XFNG3G', 29, 1);
UPDATE `bv_updation` SET left_carry = left_carry+50, total_left = total_left+50
WHERE `user_id` = 'E9ITRC';
INSERT INTO `placement_bv_update_history` (`left_carry`, `date`, `from_id`, `user_id`) VALUES ('50', '2024-09-26 17:21:15', 'XFNG3G', 'E9ITRC');
INSERT INTO `matrix_filling` (`placement_id`, `downline_id`, `level`, `matrix`) VALUES ('7COKBB', 'XFNG3G', 30, 1);
UPDATE `bv_updation` SET left_carry = left_carry+50, total_left = total_left+50
WHERE `user_id` = '7COKBB';
INSERT INTO `placement_bv_update_history` (`left_carry`, `date`, `from_id`, `user_id`) VALUES ('50', '2024-09-26 17:21:15', 'XFNG3G', '7COKBB');
INSERT INTO `matrix_filling` (`placement_id`, `downline_id`, `level`, `matrix`) VALUES ('BDNS17', 'XFNG3G', 31, 1);
UPDATE `bv_updation` SET left_carry = left_carry+50, total_left = total_left+50
WHERE `user_id` = 'BDNS17';
INSERT INTO `placement_bv_update_history` (`left_carry`, `date`, `from_id`, `user_id`) VALUES ('50', '2024-09-26 17:21:15', 'XFNG3G', 'BDNS17');
INSERT INTO `matrix_filling` (`placement_id`, `downline_id`, `level`, `matrix`) VALUES ('7ZXRRE', 'XFNG3G', 32, 1);
UPDATE `bv_updation` SET left_carry = left_carry+50, total_left = total_left+50
WHERE `user_id` = '7ZXRRE';
INSERT INTO `placement_bv_update_history` (`left_carry`, `date`, `from_id`, `user_id`) VALUES ('50', '2024-09-26 17:21:15', 'XFNG3G', '7ZXRRE');
INSERT INTO `matrix_filling` (`placement_id`, `downline_id`, `level`, `matrix`) VALUES ('KLRAF5', 'XFNG3G', 33, 1);
UPDATE `bv_updation` SET left_carry = left_carry+50, total_left = total_left+50
WHERE `user_id` = 'KLRAF5';
INSERT INTO `placement_bv_update_history` (`left_carry`, `date`, `from_id`, `user_id`) VALUES ('50', '2024-09-26 17:21:15', 'XFNG3G', 'KLRAF5');
INSERT INTO `matrix_filling` (`placement_id`, `downline_id`, `level`, `matrix`) VALUES ('IFJHZG', 'XFNG3G', 34, 1);
UPDATE `bv_updation` SET left_carry = left_carry+50, total_left = total_left+50
WHERE `user_id` = 'IFJHZG';
INSERT INTO `placement_bv_update_history` (`left_carry`, `date`, `from_id`, `user_id`) VALUES ('50', '2024-09-26 17:21:15', 'XFNG3G', 'IFJHZG');
INSERT INTO `matrix_filling` (`placement_id`, `downline_id`, `level`, `matrix`) VALUES ('MXUV8Q', 'XFNG3G', 35, 1);
UPDATE `bv_updation` SET left_carry = left_carry+50, total_left = total_left+50
WHERE `user_id` = 'MXUV8Q';
INSERT INTO `placement_bv_update_history` (`left_carry`, `date`, `from_id`, `user_id`) VALUES ('50', '2024-09-26 17:21:15', 'XFNG3G', 'MXUV8Q');
INSERT INTO `matrix_filling` (`placement_id`, `downline_id`, `level`, `matrix`) VALUES ('GGM164', 'XFNG3G', 36, 1);
UPDATE `bv_updation` SET left_carry = left_carry+50, total_left = total_left+50
WHERE `user_id` = 'GGM164';
INSERT INTO `placement_bv_update_history` (`left_carry`, `date`, `from_id`, `user_id`) VALUES ('50', '2024-09-26 17:21:15', 'XFNG3G', 'GGM164');
INSERT INTO `matrix_filling` (`placement_id`, `downline_id`, `level`, `matrix`) VALUES ('3NKIEX', 'XFNG3G', 37, 1);
UPDATE `bv_updation` SET left_carry = left_carry+50, total_left = total_left+50
WHERE `user_id` = '3NKIEX';
INSERT INTO `placement_bv_update_history` (`left_carry`, `date`, `from_id`, `user_id`) VALUES ('50', '2024-09-26 17:21:15', 'XFNG3G', '3NKIEX');
INSERT INTO `matrix_filling` (`placement_id`, `downline_id`, `level`, `matrix`) VALUES ('S56TH3', 'XFNG3G', 38, 1);
UPDATE `bv_updation` SET left_carry = left_carry+50, total_left = total_left+50
WHERE `user_id` = 'S56TH3';
INSERT INTO `placement_bv_update_history` (`left_carry`, `date`, `from_id`, `user_id`) VALUES ('50', '2024-09-26 17:21:15', 'XFNG3G', 'S56TH3');
INSERT INTO `matrix_filling` (`placement_id`, `downline_id`, `level`, `matrix`) VALUES ('XYG89U', 'XFNG3G', 39, 1);
UPDATE `bv_updation` SET left_carry = left_carry+50, total_left = total_left+50
WHERE `user_id` = 'XYG89U';
INSERT INTO `placement_bv_update_history` (`left_carry`, `date`, `from_id`, `user_id`) VALUES ('50', '2024-09-26 17:21:15', 'XFNG3G', 'XYG89U');
INSERT INTO `matrix_filling` (`placement_id`, `downline_id`, `level`, `matrix`) VALUES ('HTFY93', 'XFNG3G', 40, 1);
UPDATE `bv_updation` SET left_carry = left_carry+50, total_left = total_left+50
WHERE `user_id` = 'HTFY93';
INSERT INTO `placement_bv_update_history` (`left_carry`, `date`, `from_id`, `user_id`) VALUES ('50', '2024-09-26 17:21:15', 'XFNG3G', 'HTFY93');
INSERT INTO `matrix_filling` (`placement_id`, `downline_id`, `level`, `matrix`) VALUES ('3PR393', 'XFNG3G', 41, 1);
UPDATE `bv_updation` SET left_carry = left_carry+50, total_left = total_left+50
WHERE `user_id` = '3PR393';
INSERT INTO `placement_bv_update_history` (`left_carry`, `date`, `from_id`, `user_id`) VALUES ('50', '2024-09-26 17:21:15', 'XFNG3G', '3PR393');
INSERT INTO `matrix_filling` (`placement_id`, `downline_id`, `level`, `matrix`) VALUES ('T3MRY1', 'XFNG3G', 42, 1);
UPDATE `bv_updation` SET left_carry = left_carry+50, total_left = total_left+50
WHERE `user_id` = 'T3MRY1';
INSERT INTO `placement_bv_update_history` (`left_carry`, `date`, `from_id`, `user_id`) VALUES ('50', '2024-09-26 17:21:15', 'XFNG3G', 'T3MRY1');
INSERT INTO `matrix_filling` (`placement_id`, `downline_id`, `level`, `matrix`) VALUES ('GTMCCK', 'XFNG3G', 43, 1);
UPDATE `bv_updation` SET left_carry = left_carry+50, total_left = total_left+50
WHERE `user_id` = 'GTMCCK';
INSERT INTO `placement_bv_update_history` (`left_carry`, `date`, `from_id`, `user_id`) VALUES ('50', '2024-09-26 17:21:15', 'XFNG3G', 'GTMCCK');
INSERT INTO `matrix_filling` (`placement_id`, `downline_id`, `level`, `matrix`) VALUES ('DLYMIF', 'XFNG3G', 44, 1);
UPDATE `bv_updation` SET left_carry = left_carry+50, total_left = total_left+50
WHERE `user_id` = 'DLYMIF';
INSERT INTO `placement_bv_update_history` (`left_carry`, `date`, `from_id`, `user_id`) VALUES ('50', '2024-09-26 17:21:15', 'XFNG3G', 'DLYMIF');
INSERT INTO `matrix_filling` (`placement_id`, `downline_id`, `level`, `matrix`) VALUES ('WGJ5KE', 'XFNG3G', 45, 1);
UPDATE `bv_updation` SET left_carry = left_carry+50, total_left = total_left+50
WHERE `user_id` = 'WGJ5KE';
INSERT INTO `placement_bv_update_history` (`left_carry`, `date`, `from_id`, `user_id`) VALUES ('50', '2024-09-26 17:21:15', 'XFNG3G', 'WGJ5KE');
INSERT INTO `matrix_filling` (`placement_id`, `downline_id`, `level`, `matrix`) VALUES ('ORRJ3M', 'XFNG3G', 46, 1);
UPDATE `bv_updation` SET left_carry = left_carry+50, total_left = total_left+50
WHERE `user_id` = 'ORRJ3M';
INSERT INTO `placement_bv_update_history` (`left_carry`, `date`, `from_id`, `user_id`) VALUES ('50', '2024-09-26 17:21:15', 'XFNG3G', 'ORRJ3M');
INSERT INTO `matrix_filling` (`placement_id`, `downline_id`, `level`, `matrix`) VALUES ('AA8V6V', 'XFNG3G', 47, 1);
UPDATE `bv_updation` SET left_carry = left_carry+50, total_left = total_left+50
WHERE `user_id` = 'AA8V6V';
INSERT INTO `placement_bv_update_history` (`left_carry`, `date`, `from_id`, `user_id`) VALUES ('50', '2024-09-26 17:21:15', 'XFNG3G', 'AA8V6V');
INSERT INTO `matrix_filling` (`placement_id`, `downline_id`, `level`, `matrix`) VALUES ('61ME4O', 'XFNG3G', 48, 1);
UPDATE `bv_updation` SET left_carry = left_carry+50, total_left = total_left+50
WHERE `user_id` = '61ME4O';
INSERT INTO `placement_bv_update_history` (`left_carry`, `date`, `from_id`, `user_id`) VALUES ('50', '2024-09-26 17:21:15', 'XFNG3G', '61ME4O');
INSERT INTO `matrix_filling` (`placement_id`, `downline_id`, `level`, `matrix`) VALUES ('WS1SZZ', 'XFNG3G', 49, 1);
UPDATE `bv_updation` SET left_carry = left_carry+50, total_left = total_left+50
WHERE `user_id` = 'WS1SZZ';
INSERT INTO `placement_bv_update_history` (`left_carry`, `date`, `from_id`, `user_id`) VALUES ('50', '2024-09-26 17:21:15', 'XFNG3G', 'WS1SZZ');
INSERT INTO `matrix_filling` (`placement_id`, `downline_id`, `level`, `matrix`) VALUES ('TBN4MZ', 'XFNG3G', 50, 1);
UPDATE `bv_updation` SET left_carry = left_carry+50, total_left = total_left+50
WHERE `user_id` = 'TBN4MZ';
INSERT INTO `placement_bv_update_history` (`left_carry`, `date`, `from_id`, `user_id`) VALUES ('50', '2024-09-26 17:21:15', 'XFNG3G', 'TBN4MZ');
INSERT INTO `matrix_filling` (`placement_id`, `downline_id`, `level`, `matrix`) VALUES ('OEMJ8R', 'XFNG3G', 51, 1);
UPDATE `bv_updation` SET left_carry = left_carry+50, total_left = total_left+50
WHERE `user_id` = 'OEMJ8R';
INSERT INTO `placement_bv_update_history` (`left_carry`, `date`, `from_id`, `user_id`) VALUES ('50', '2024-09-26 17:21:15', 'XFNG3G', 'OEMJ8R');
INSERT INTO `matrix_filling` (`placement_id`, `downline_id`, `level`, `matrix`) VALUES ('FXAYIE', 'XFNG3G', 52, 1);
UPDATE `bv_updation` SET left_carry = left_carry+50, total_left = total_left+50
WHERE `user_id` = 'FXAYIE';
INSERT INTO `placement_bv_update_history` (`left_carry`, `date`, `from_id`, `user_id`) VALUES ('50', '2024-09-26 17:21:15', 'XFNG3G', 'FXAYIE');
INSERT INTO `matrix_filling` (`placement_id`, `downline_id`, `level`, `matrix`) VALUES ('ELXZWC', 'XFNG3G', 53, 1);
UPDATE `bv_updation` SET left_carry = left_carry+50, total_left = total_left+50
WHERE `user_id` = 'ELXZWC';
INSERT INTO `placement_bv_update_history` (`left_carry`, `date`, `from_id`, `user_id`) VALUES ('50', '2024-09-26 17:21:15', 'XFNG3G', 'ELXZWC');
INSERT INTO `matrix_filling` (`placement_id`, `downline_id`, `level`, `matrix`) VALUES ('C1TQVI', 'XFNG3G', 54, 1);
UPDATE `bv_updation` SET left_carry = left_carry+50, total_left = total_left+50
WHERE `user_id` = 'C1TQVI';
INSERT INTO `placement_bv_update_history` (`left_carry`, `date`, `from_id`, `user_id`) VALUES ('50', '2024-09-26 17:21:15', 'XFNG3G', 'C1TQVI');
INSERT INTO `matrix_filling` (`placement_id`, `downline_id`, `level`, `matrix`) VALUES ('F5GPDF', 'XFNG3G', 55, 1);
UPDATE `bv_updation` SET left_carry = left_carry+50, total_left = total_left+50
WHERE `user_id` = 'F5GPDF';
INSERT INTO `placement_bv_update_history` (`left_carry`, `date`, `from_id`, `user_id`) VALUES ('50', '2024-09-26 17:21:15', 'XFNG3G', 'F5GPDF');
INSERT INTO `matrix_filling` (`placement_id`, `downline_id`, `level`, `matrix`) VALUES ('91PYDK', 'XFNG3G', 56, 1);
UPDATE `bv_updation` SET left_carry = left_carry+50, total_left = total_left+50
WHERE `user_id` = '91PYDK';
INSERT INTO `placement_bv_update_history` (`left_carry`, `date`, `from_id`, `user_id`) VALUES ('50', '2024-09-26 17:21:15', 'XFNG3G', '91PYDK');
INSERT INTO `matrix_filling` (`placement_id`, `downline_id`, `level`, `matrix`) VALUES ('4OT7RX', 'XFNG3G', 57, 1);
UPDATE `bv_updation` SET left_carry = left_carry+50, total_left = total_left+50
WHERE `user_id` = '4OT7RX';
INSERT INTO `placement_bv_update_history` (`left_carry`, `date`, `from_id`, `user_id`) VALUES ('50', '2024-09-26 17:21:15', 'XFNG3G', '4OT7RX');
INSERT INTO `matrix_filling` (`placement_id`, `downline_id`, `level`, `matrix`) VALUES ('ZJZA3M', 'XFNG3G', 58, 1);
UPDATE `bv_updation` SET left_carry = left_carry+50, total_left = total_left+50
WHERE `user_id` = 'ZJZA3M';
INSERT INTO `placement_bv_update_history` (`left_carry`, `date`, `from_id`, `user_id`) VALUES ('50', '2024-09-26 17:21:15', 'XFNG3G', 'ZJZA3M');
INSERT INTO `matrix_filling` (`placement_id`, `downline_id`, `level`, `matrix`) VALUES ('XN6ETC', 'XFNG3G', 59, 1);
UPDATE `bv_updation` SET left_carry = left_carry+50, total_left = total_left+50
WHERE `user_id` = 'XN6ETC';
INSERT INTO `placement_bv_update_history` (`left_carry`, `date`, `from_id`, `user_id`) VALUES ('50', '2024-09-26 17:21:15', 'XFNG3G', 'XN6ETC');
INSERT INTO `matrix_filling` (`placement_id`, `downline_id`, `level`, `matrix`) VALUES ('KVQN1O', 'XFNG3G', 60, 1);
UPDATE `bv_updation` SET left_carry = left_carry+50, total_left = total_left+50
WHERE `user_id` = 'KVQN1O';
INSERT INTO `placement_bv_update_history` (`left_carry`, `date`, `from_id`, `user_id`) VALUES ('50', '2024-09-26 17:21:15', 'XFNG3G', 'KVQN1O');
INSERT INTO `matrix_filling` (`placement_id`, `downline_id`, `level`, `matrix`) VALUES ('X3V7DJ', 'XFNG3G', 61, 1);
UPDATE `bv_updation` SET left_carry = left_carry+50, total_left = total_left+50
WHERE `user_id` = 'X3V7DJ';
INSERT INTO `placement_bv_update_history` (`left_carry`, `date`, `from_id`, `user_id`) VALUES ('50', '2024-09-26 17:21:15', 'XFNG3G', 'X3V7DJ');
INSERT INTO `matrix_filling` (`placement_id`, `downline_id`, `level`, `matrix`) VALUES ('DJ77NH', 'XFNG3G', 62, 1);
UPDATE `bv_updation` SET left_carry = left_carry+50, total_left = total_left+50
WHERE `user_id` = 'DJ77NH';
INSERT INTO `placement_bv_update_history` (`left_carry`, `date`, `from_id`, `user_id`) VALUES ('50', '2024-09-26 17:21:15', 'XFNG3G', 'DJ77NH');
INSERT INTO `matrix_filling` (`placement_id`, `downline_id`, `level`, `matrix`) VALUES ('PX7XCL', 'XFNG3G', 63, 1);
UPDATE `bv_updation` SET left_carry = left_carry+50, total_left = total_left+50
WHERE `user_id` = 'PX7XCL';
INSERT INTO `placement_bv_update_history` (`left_carry`, `date`, `from_id`, `user_id`) VALUES ('50', '2024-09-26 17:21:15', 'XFNG3G', 'PX7XCL');
INSERT INTO `matrix_filling` (`placement_id`, `downline_id`, `level`, `matrix`) VALUES ('L8PM4Z', 'XFNG3G', 64, 1);
UPDATE `bv_updation` SET left_carry = left_carry+50, total_left = total_left+50
WHERE `user_id` = 'L8PM4Z';
INSERT INTO `placement_bv_update_history` (`left_carry`, `date`, `from_id`, `user_id`) VALUES ('50', '2024-09-26 17:21:15', 'XFNG3G', 'L8PM4Z');
INSERT INTO `matrix_filling` (`placement_id`, `downline_id`, `level`, `matrix`) VALUES ('GBSIER', 'XFNG3G', 65, 1);
UPDATE `bv_updation` SET left_carry = left_carry+50, total_left = total_left+50
WHERE `user_id` = 'GBSIER';
INSERT INTO `placement_bv_update_history` (`left_carry`, `date`, `from_id`, `user_id`) VALUES ('50', '2024-09-26 17:21:15', 'XFNG3G', 'GBSIER');
INSERT INTO `matrix_filling` (`placement_id`, `downline_id`, `level`, `matrix`) VALUES ('AV48YQ', 'XFNG3G', 66, 1);
UPDATE `bv_updation` SET left_carry = left_carry+50, total_left = total_left+50
WHERE `user_id` = 'AV48YQ';
INSERT INTO `placement_bv_update_history` (`left_carry`, `date`, `from_id`, `user_id`) VALUES ('50', '2024-09-26 17:21:15', 'XFNG3G', 'AV48YQ');
INSERT INTO `matrix_filling` (`placement_id`, `downline_id`, `level`, `matrix`) VALUES ('admin', 'XFNG3G', 67, 1);
INSERT INTO `package_purchase_history` (`user_id`, `package_id`, `reg_fee`, `package_name`, `monthly_fee`, `type`, `date`, `payment_option`) VALUES ('XFNG3G', '2', '595', 'Traveler Pro', '150', 'sign_up', '2024-09-26 17:21:15', 'free');
UPDATE `user_registration` SET `uid` = '2898', `user_id` = '3G5LT6', `username` = 'oscar7', `sponsor_id` = 'JOOGJ8', `vacant` = 'no', `f_name` = 'Oscar', `l_name` = 'Ortiz', `address` = '8100 SW 14 Terr', `position` = 'left', `email` = 'oscar7@gmail.com', `password` = '08ae3939d8cb005f4069ab453a398850', `phone` = '7862876762', `country` = 'United States', `state` = 'Florida', `city` = 'Miami', `street` = '8100 SW 14 Terr', `zip_code` = '33144', `reg_ip` = '172.70.83.93', `status` = 1, `package_id` = '2', `rank_id` = 1, `highest_rank` = 1, `created` = '2024-09-26 17:22:25', `subscription_date` = '2024-10-26', `google_secret` = '23GHO4P3M2OGUA5V'
WHERE `uid` = '2898';
INSERT INTO `user_registration` (`uid`, `user_id`, `username`, `sponsor_id`, `placement_id`, `vacant`, `f_name`, `l_name`, `address`, `position`, `email`, `password`, `phone`, `reg_ip`, `status`, `created`) VALUES (NULL, 'FBWDUE', 'XqhEpDYD', '3G5LT6', '3G5LT6', 'yes', '', '', '', 'left', '@mail.com', '', '', '', 0, '2024-09-26 17:22:25');
INSERT INTO `user_registration` (`uid`, `user_id`, `username`, `sponsor_id`, `placement_id`, `vacant`, `f_name`, `l_name`, `address`, `position`, `email`, `password`, `phone`, `reg_ip`, `status`, `created`) VALUES (NULL, 'PBZBOT', 'sRfXPMNP', '3G5LT6', '3G5LT6', 'yes', '', '', '', 'right', '@mail.com', '', '', '', 0, '2024-09-26 17:22:25');
INSERT INTO `bv_updation` (`user_id`) VALUES ('3G5LT6');
UPDATE `user_registration` SET total_ref_count = total_ref_count+1
WHERE `user_id` = 'JOOGJ8';
UPDATE `user_registration` SET total_downlines = total_downlines+1
WHERE `user_id` = 'D84WMU';
UPDATE `user_registration` SET left_downlines = left_downlines+1
WHERE `user_id` = 'D84WMU';
UPDATE `user_registration` SET total_downlines = total_downlines+1
WHERE `user_id` = 'B91RBB';
UPDATE `user_registration` SET left_downlines = left_downlines+1
WHERE `user_id` = 'B91RBB';
UPDATE `user_registration` SET total_downlines = total_downlines+1
WHERE `user_id` = 'V3QV68';
UPDATE `user_registration` SET left_downlines = left_downlines+1
WHERE `user_id` = 'V3QV68';
UPDATE `user_registration` SET total_downlines = total_downlines+1
WHERE `user_id` = 'CZ5F64';
UPDATE `user_registration` SET left_downlines = left_downlines+1
WHERE `user_id` = 'CZ5F64';
UPDATE `user_registration` SET total_downlines = total_downlines+1
WHERE `user_id` = 'GLSBMT';
UPDATE `user_registration` SET left_downlines = left_downlines+1
WHERE `user_id` = 'GLSBMT';
UPDATE `user_registration` SET total_downlines = total_downlines+1
WHERE `user_id` = 'JOOGJ8';
UPDATE `user_registration` SET left_downlines = left_downlines+1
WHERE `user_id` = 'JOOGJ8';
UPDATE `user_registration` SET left_ref_count = left_ref_count+1
WHERE `user_id` = 'JOOGJ8';
UPDATE `user_registration` SET active_left = active_left+1
WHERE `user_id` = 'JOOGJ8';
UPDATE `user_registration` SET total_downlines = total_downlines+1
WHERE `user_id` = 'IW5GAU';
UPDATE `user_registration` SET right_downlines = right_downlines+1
WHERE `user_id` = 'IW5GAU';
UPDATE `user_registration` SET total_downlines = total_downlines+1
WHERE `user_id` = 'JQ3FLF';
UPDATE `user_registration` SET left_downlines = left_downlines+1
WHERE `user_id` = 'JQ3FLF';
UPDATE `user_registration` SET total_downlines = total_downlines+1
WHERE `user_id` = 'C3N32U';
UPDATE `user_registration` SET left_downlines = left_downlines+1
WHERE `user_id` = 'C3N32U';
UPDATE `user_registration` SET total_downlines = total_downlines+1
WHERE `user_id` = 'MNLXPP';
UPDATE `user_registration` SET left_downlines = left_downlines+1
WHERE `user_id` = 'MNLXPP';
UPDATE `user_registration` SET total_downlines = total_downlines+1
WHERE `user_id` = 'NUPA4K';
UPDATE `user_registration` SET left_downlines = left_downlines+1
WHERE `user_id` = 'NUPA4K';
UPDATE `user_registration` SET total_downlines = total_downlines+1
WHERE `user_id` = '1FFFBU';
UPDATE `user_registration` SET left_downlines = left_downlines+1
WHERE `user_id` = '1FFFBU';
UPDATE `user_registration` SET total_downlines = total_downlines+1
WHERE `user_id` = 'J4CGUT';
UPDATE `user_registration` SET left_downlines = left_downlines+1
WHERE `user_id` = 'J4CGUT';
UPDATE `user_registration` SET total_downlines = total_downlines+1
WHERE `user_id` = 'S1RTX3';
UPDATE `user_registration` SET left_downlines = left_downlines+1
WHERE `user_id` = 'S1RTX3';
UPDATE `user_registration` SET total_downlines = total_downlines+1
WHERE `user_id` = 'I8YWQA';
UPDATE `user_registration` SET left_downlines = left_downlines+1
WHERE `user_id` = 'I8YWQA';
UPDATE `user_registration` SET total_downlines = total_downlines+1
WHERE `user_id` = 'I3MZBU';
UPDATE `user_registration` SET left_downlines = left_downlines+1
WHERE `user_id` = 'I3MZBU';
UPDATE `user_registration` SET total_downlines = total_downlines+1
WHERE `user_id` = 'H2I33O';
UPDATE `user_registration` SET left_downlines = left_downlines+1
WHERE `user_id` = 'H2I33O';
UPDATE `user_registration` SET total_downlines = total_downlines+1
WHERE `user_id` = 'AL7XWH';
UPDATE `user_registration` SET left_downlines = left_downlines+1
WHERE `user_id` = 'AL7XWH';
UPDATE `user_registration` SET total_downlines = total_downlines+1
WHERE `user_id` = 'HFZ9SA';
UPDATE `user_registration` SET left_downlines = left_downlines+1
WHERE `user_id` = 'HFZ9SA';
UPDATE `user_registration` SET total_downlines = total_downlines+1
WHERE `user_id` = 'A2MTZ3';
UPDATE `user_registration` SET left_downlines = left_downlines+1
WHERE `user_id` = 'A2MTZ3';
UPDATE `user_registration` SET total_downlines = total_downlines+1
WHERE `user_id` = 'RUEKCW';
UPDATE `user_registration` SET left_downlines = left_downlines+1
WHERE `user_id` = 'RUEKCW';
UPDATE `user_registration` SET total_downlines = total_downlines+1
WHERE `user_id` = 'K3GTG4';
UPDATE `user_registration` SET left_downlines = left_downlines+1
WHERE `user_id` = 'K3GTG4';
UPDATE `user_registration` SET total_downlines = total_downlines+1
WHERE `user_id` = 'I1TUBN';
UPDATE `user_registration` SET left_downlines = left_downlines+1
WHERE `user_id` = 'I1TUBN';
UPDATE `user_registration` SET total_downlines = total_downlines+1
WHERE `user_id` = 'BAUCCU';
UPDATE `user_registration` SET left_downlines = left_downlines+1
WHERE `user_id` = 'BAUCCU';
UPDATE `user_registration` SET total_downlines = total_downlines+1
WHERE `user_id` = '62QO97';
UPDATE `user_registration` SET left_downlines = left_downlines+1
WHERE `user_id` = '62QO97';
UPDATE `user_registration` SET total_downlines = total_downlines+1
WHERE `user_id` = 'OHLQEO';
UPDATE `user_registration` SET left_downlines = left_downlines+1
WHERE `user_id` = 'OHLQEO';
UPDATE `user_registration` SET total_downlines = total_downlines+1
WHERE `user_id` = '7APFKG';
UPDATE `user_registration` SET left_downlines = left_downlines+1
WHERE `user_id` = '7APFKG';
UPDATE `user_registration` SET total_downlines = total_downlines+1
WHERE `user_id` = 'Q2Q92Y';
UPDATE `user_registration` SET left_downlines = left_downlines+1
WHERE `user_id` = 'Q2Q92Y';
UPDATE `user_registration` SET total_downlines = total_downlines+1
WHERE `user_id` = 'E9ITRC';
UPDATE `user_registration` SET left_downlines = left_downlines+1
WHERE `user_id` = 'E9ITRC';
UPDATE `user_registration` SET total_downlines = total_downlines+1
WHERE `user_id` = '7COKBB';
UPDATE `user_registration` SET left_downlines = left_downlines+1
WHERE `user_id` = '7COKBB';
UPDATE `user_registration` SET total_downlines = total_downlines+1
WHERE `user_id` = 'BDNS17';
UPDATE `user_registration` SET left_downlines = left_downlines+1
WHERE `user_id` = 'BDNS17';
UPDATE `user_registration` SET total_downlines = total_downlines+1
WHERE `user_id` = '7ZXRRE';
UPDATE `user_registration` SET left_downlines = left_downlines+1
WHERE `user_id` = '7ZXRRE';
UPDATE `user_registration` SET total_downlines = total_downlines+1
WHERE `user_id` = 'KLRAF5';
UPDATE `user_registration` SET left_downlines = left_downlines+1
WHERE `user_id` = 'KLRAF5';
UPDATE `user_registration` SET total_downlines = total_downlines+1
WHERE `user_id` = 'IFJHZG';
UPDATE `user_registration` SET left_downlines = left_downlines+1
WHERE `user_id` = 'IFJHZG';
UPDATE `user_registration` SET total_downlines = total_downlines+1
WHERE `user_id` = 'MXUV8Q';
UPDATE `user_registration` SET left_downlines = left_downlines+1
WHERE `user_id` = 'MXUV8Q';
UPDATE `user_registration` SET total_downlines = total_downlines+1
WHERE `user_id` = 'GGM164';
UPDATE `user_registration` SET left_downlines = left_downlines+1
WHERE `user_id` = 'GGM164';
UPDATE `user_registration` SET total_downlines = total_downlines+1
WHERE `user_id` = '3NKIEX';
UPDATE `user_registration` SET left_downlines = left_downlines+1
WHERE `user_id` = '3NKIEX';
UPDATE `user_registration` SET total_downlines = total_downlines+1
WHERE `user_id` = 'S56TH3';
UPDATE `user_registration` SET left_downlines = left_downlines+1
WHERE `user_id` = 'S56TH3';
UPDATE `user_registration` SET total_downlines = total_downlines+1
WHERE `user_id` = 'XYG89U';
UPDATE `user_registration` SET left_downlines = left_downlines+1
WHERE `user_id` = 'XYG89U';
UPDATE `user_registration` SET total_downlines = total_downlines+1
WHERE `user_id` = 'HTFY93';
UPDATE `user_registration` SET left_downlines = left_downlines+1
WHERE `user_id` = 'HTFY93';
UPDATE `user_registration` SET total_downlines = total_downlines+1
WHERE `user_id` = '3PR393';
UPDATE `user_registration` SET left_downlines = left_downlines+1
WHERE `user_id` = '3PR393';
UPDATE `user_registration` SET total_downlines = total_downlines+1
WHERE `user_id` = 'T3MRY1';
UPDATE `user_registration` SET left_downlines = left_downlines+1
WHERE `user_id` = 'T3MRY1';
UPDATE `user_registration` SET total_downlines = total_downlines+1
WHERE `user_id` = 'GTMCCK';
UPDATE `user_registration` SET left_downlines = left_downlines+1
WHERE `user_id` = 'GTMCCK';
UPDATE `user_registration` SET total_downlines = total_downlines+1
WHERE `user_id` = 'DLYMIF';
UPDATE `user_registration` SET left_downlines = left_downlines+1
WHERE `user_id` = 'DLYMIF';
UPDATE `user_registration` SET total_downlines = total_downlines+1
WHERE `user_id` = 'WGJ5KE';
UPDATE `user_registration` SET left_downlines = left_downlines+1
WHERE `user_id` = 'WGJ5KE';
UPDATE `user_registration` SET total_downlines = total_downlines+1
WHERE `user_id` = 'ORRJ3M';
UPDATE `user_registration` SET left_downlines = left_downlines+1
WHERE `user_id` = 'ORRJ3M';
UPDATE `user_registration` SET total_downlines = total_downlines+1
WHERE `user_id` = 'AA8V6V';
UPDATE `user_registration` SET left_downlines = left_downlines+1
WHERE `user_id` = 'AA8V6V';
UPDATE `user_registration` SET total_downlines = total_downlines+1
WHERE `user_id` = '61ME4O';
UPDATE `user_registration` SET left_downlines = left_downlines+1
WHERE `user_id` = '61ME4O';
UPDATE `user_registration` SET total_downlines = total_downlines+1
WHERE `user_id` = 'WS1SZZ';
UPDATE `user_registration` SET left_downlines = left_downlines+1
WHERE `user_id` = 'WS1SZZ';
UPDATE `user_registration` SET total_downlines = total_downlines+1
WHERE `user_id` = 'TBN4MZ';
UPDATE `user_registration` SET left_downlines = left_downlines+1
WHERE `user_id` = 'TBN4MZ';
UPDATE `user_registration` SET total_downlines = total_downlines+1
WHERE `user_id` = 'OEMJ8R';
UPDATE `user_registration` SET left_downlines = left_downlines+1
WHERE `user_id` = 'OEMJ8R';
UPDATE `user_registration` SET total_downlines = total_downlines+1
WHERE `user_id` = 'FXAYIE';
UPDATE `user_registration` SET left_downlines = left_downlines+1
WHERE `user_id` = 'FXAYIE';
UPDATE `user_registration` SET total_downlines = total_downlines+1
WHERE `user_id` = 'ELXZWC';
UPDATE `user_registration` SET left_downlines = left_downlines+1
WHERE `user_id` = 'ELXZWC';
UPDATE `user_registration` SET total_downlines = total_downlines+1
WHERE `user_id` = 'C1TQVI';
UPDATE `user_registration` SET left_downlines = left_downlines+1
WHERE `user_id` = 'C1TQVI';
UPDATE `user_registration` SET total_downlines = total_downlines+1
WHERE `user_id` = 'F5GPDF';
UPDATE `user_registration` SET left_downlines = left_downlines+1
WHERE `user_id` = 'F5GPDF';
UPDATE `user_registration` SET total_downlines = total_downlines+1
WHERE `user_id` = '91PYDK';
UPDATE `user_registration` SET left_downlines = left_downlines+1
WHERE `user_id` = '91PYDK';
UPDATE `user_registration` SET total_downlines = total_downlines+1
WHERE `user_id` = '4OT7RX';
UPDATE `user_registration` SET left_downlines = left_downlines+1
WHERE `user_id` = '4OT7RX';
UPDATE `user_registration` SET total_downlines = total_downlines+1
WHERE `user_id` = 'ZJZA3M';
UPDATE `user_registration` SET left_downlines = left_downlines+1
WHERE `user_id` = 'ZJZA3M';
UPDATE `user_registration` SET total_downlines = total_downlines+1
WHERE `user_id` = 'XN6ETC';
UPDATE `user_registration` SET left_downlines = left_downlines+1
WHERE `user_id` = 'XN6ETC';
UPDATE `user_registration` SET total_downlines = total_downlines+1
WHERE `user_id` = 'KVQN1O';
UPDATE `user_registration` SET left_downlines = left_downlines+1
WHERE `user_id` = 'KVQN1O';
UPDATE `user_registration` SET total_downlines = total_downlines+1
WHERE `user_id` = 'X3V7DJ';
UPDATE `user_registration` SET left_downlines = left_downlines+1
WHERE `user_id` = 'X3V7DJ';
UPDATE `user_registration` SET total_downlines = total_downlines+1
WHERE `user_id` = 'DJ77NH';
UPDATE `user_registration` SET left_downlines = left_downlines+1
WHERE `user_id` = 'DJ77NH';
UPDATE `user_registration` SET total_downlines = total_downlines+1
WHERE `user_id` = 'PX7XCL';
UPDATE `user_registration` SET left_downlines = left_downlines+1
WHERE `user_id` = 'PX7XCL';
UPDATE `user_registration` SET total_downlines = total_downlines+1
WHERE `user_id` = 'L8PM4Z';
UPDATE `user_registration` SET left_downlines = left_downlines+1
WHERE `user_id` = 'L8PM4Z';
UPDATE `user_registration` SET total_downlines = total_downlines+1
WHERE `user_id` = 'GBSIER';
UPDATE `user_registration` SET left_downlines = left_downlines+1
WHERE `user_id` = 'GBSIER';
UPDATE `user_registration` SET total_downlines = total_downlines+1
WHERE `user_id` = 'AV48YQ';
UPDATE `user_registration` SET left_downlines = left_downlines+1
WHERE `user_id` = 'AV48YQ';
UPDATE `user_registration` SET total_downlines = total_downlines+1
WHERE `user_id` = 'admin';
UPDATE `user_registration` SET left_downlines = left_downlines+1
WHERE `user_id` = 'admin';
INSERT INTO `investment` (`invest_date`, `user_id`, `type`, `amount`, `package_id`) VALUES ('2024-09-26 17:22:25', '3G5LT6', 'register', '595', '2');
INSERT INTO `earnings` (`user_id`, `Purchaser_id`, `earning_type`, `package_id`, `amount`, `date`, `comments`, `invest_amount`, `comm_perc`, `level`, `rank_id`, `order_id`) VALUES ('JOOGJ8', '3G5LT6', 'Direct Referral Bonus', '2', '100', '2024-09-26 17:22:25', 'Direct Referral Bonus', 0, 0, 1, '', 297);
UPDATE `user_registration` SET commission_balance = ROUND(commission_balance + 100,2)
WHERE `user_id` = 'JOOGJ8';
INSERT INTO `earnings` (`user_id`, `Purchaser_id`, `earning_type`, `package_id`, `amount`, `date`, `comments`, `invest_amount`, `comm_perc`, `level`, `rank_id`, `order_id`) VALUES ('1FFFBU', '3G5LT6', 'Expansion Bonus', '2', 200, '2024-09-26 17:22:25', 'Expansion Bonus', '100', 0, 1, '', 297);
UPDATE `user_registration` SET commission_balance = ROUND(commission_balance + 200,2)
WHERE `user_id` = '1FFFBU';
INSERT INTO `matrix_filling` (`placement_id`, `downline_id`, `level`, `matrix`) VALUES ('D84WMU', '3G5LT6', 1, 1);
UPDATE `bv_updation` SET left_carry = left_carry+50, total_left = total_left+50
WHERE `user_id` = 'D84WMU';
INSERT INTO `placement_bv_update_history` (`left_carry`, `date`, `from_id`, `user_id`) VALUES ('50', '2024-09-26 17:22:26', '3G5LT6', 'D84WMU');
INSERT INTO `matrix_filling` (`placement_id`, `downline_id`, `level`, `matrix`) VALUES ('B91RBB', '3G5LT6', 2, 1);
UPDATE `bv_updation` SET left_carry = left_carry+50, total_left = total_left+50
WHERE `user_id` = 'B91RBB';
INSERT INTO `placement_bv_update_history` (`left_carry`, `date`, `from_id`, `user_id`) VALUES ('50', '2024-09-26 17:22:26', '3G5LT6', 'B91RBB');
INSERT INTO `matrix_filling` (`placement_id`, `downline_id`, `level`, `matrix`) VALUES ('V3QV68', '3G5LT6', 3, 1);
UPDATE `bv_updation` SET left_carry = left_carry+50, total_left = total_left+50
WHERE `user_id` = 'V3QV68';
INSERT INTO `placement_bv_update_history` (`left_carry`, `date`, `from_id`, `user_id`) VALUES ('50', '2024-09-26 17:22:26', '3G5LT6', 'V3QV68');
INSERT INTO `matrix_filling` (`placement_id`, `downline_id`, `level`, `matrix`) VALUES ('CZ5F64', '3G5LT6', 4, 1);
UPDATE `bv_updation` SET left_carry = left_carry+50, total_left = total_left+50
WHERE `user_id` = 'CZ5F64';
INSERT INTO `placement_bv_update_history` (`left_carry`, `date`, `from_id`, `user_id`) VALUES ('50', '2024-09-26 17:22:26', '3G5LT6', 'CZ5F64');
INSERT INTO `matrix_filling` (`placement_id`, `downline_id`, `level`, `matrix`) VALUES ('GLSBMT', '3G5LT6', 5, 1);
UPDATE `bv_updation` SET left_carry = left_carry+50, total_left = total_left+50
WHERE `user_id` = 'GLSBMT';
INSERT INTO `placement_bv_update_history` (`left_carry`, `date`, `from_id`, `user_id`) VALUES ('50', '2024-09-26 17:22:26', '3G5LT6', 'GLSBMT');
INSERT INTO `matrix_filling` (`placement_id`, `downline_id`, `level`, `matrix`) VALUES ('JOOGJ8', '3G5LT6', 6, 1);
UPDATE `bv_updation` SET left_carry = left_carry+50, total_left = total_left+50
WHERE `user_id` = 'JOOGJ8';
INSERT INTO `placement_bv_update_history` (`left_carry`, `date`, `from_id`, `user_id`) VALUES ('50', '2024-09-26 17:22:26', '3G5LT6', 'JOOGJ8');
UPDATE `bv_updation` SET sponsor_left_carry = sponsor_left_carry+50, sponsor_total_left = sponsor_total_left+50
WHERE `user_id` = 'JOOGJ8';
INSERT INTO `sponsor_bv_update_history` (`left_carry`, `date`, `user_id`) VALUES ('50', '2024-09-26 17:22:26', 'JOOGJ8');
INSERT INTO `matrix_filling` (`placement_id`, `downline_id`, `level`, `matrix`) VALUES ('IW5GAU', '3G5LT6', 7, 1);
UPDATE `bv_updation` SET right_carry = right_carry+50, total_right = total_right+50
WHERE `user_id` = 'IW5GAU';
INSERT INTO `placement_bv_update_history` (`right_carry`, `date`, `from_id`, `user_id`) VALUES ('50', '2024-09-26 17:22:26', '3G5LT6', 'IW5GAU');
INSERT INTO `matrix_filling` (`placement_id`, `downline_id`, `level`, `matrix`) VALUES ('JQ3FLF', '3G5LT6', 8, 1);
UPDATE `bv_updation` SET left_carry = left_carry+50, total_left = total_left+50
WHERE `user_id` = 'JQ3FLF';
INSERT INTO `placement_bv_update_history` (`left_carry`, `date`, `from_id`, `user_id`) VALUES ('50', '2024-09-26 17:22:26', '3G5LT6', 'JQ3FLF');
INSERT INTO `matrix_filling` (`placement_id`, `downline_id`, `level`, `matrix`) VALUES ('C3N32U', '3G5LT6', 9, 1);
UPDATE `bv_updation` SET left_carry = left_carry+50, total_left = total_left+50
WHERE `user_id` = 'C3N32U';
INSERT INTO `placement_bv_update_history` (`left_carry`, `date`, `from_id`, `user_id`) VALUES ('50', '2024-09-26 17:22:26', '3G5LT6', 'C3N32U');
INSERT INTO `matrix_filling` (`placement_id`, `downline_id`, `level`, `matrix`) VALUES ('MNLXPP', '3G5LT6', 10, 1);
UPDATE `bv_updation` SET left_carry = left_carry+50, total_left = total_left+50
WHERE `user_id` = 'MNLXPP';
INSERT INTO `placement_bv_update_history` (`left_carry`, `date`, `from_id`, `user_id`) VALUES ('50', '2024-09-26 17:22:26', '3G5LT6', 'MNLXPP');
INSERT INTO `matrix_filling` (`placement_id`, `downline_id`, `level`, `matrix`) VALUES ('NUPA4K', '3G5LT6', 11, 1);
UPDATE `bv_updation` SET left_carry = left_carry+50, total_left = total_left+50
WHERE `user_id` = 'NUPA4K';
INSERT INTO `placement_bv_update_history` (`left_carry`, `date`, `from_id`, `user_id`) VALUES ('50', '2024-09-26 17:22:26', '3G5LT6', 'NUPA4K');
INSERT INTO `matrix_filling` (`placement_id`, `downline_id`, `level`, `matrix`) VALUES ('1FFFBU', '3G5LT6', 12, 1);
UPDATE `bv_updation` SET left_carry = left_carry+50, total_left = total_left+50
WHERE `user_id` = '1FFFBU';
INSERT INTO `placement_bv_update_history` (`left_carry`, `date`, `from_id`, `user_id`) VALUES ('50', '2024-09-26 17:22:26', '3G5LT6', '1FFFBU');
INSERT INTO `matrix_filling` (`placement_id`, `downline_id`, `level`, `matrix`) VALUES ('J4CGUT', '3G5LT6', 13, 1);
UPDATE `bv_updation` SET left_carry = left_carry+50, total_left = total_left+50
WHERE `user_id` = 'J4CGUT';
INSERT INTO `placement_bv_update_history` (`left_carry`, `date`, `from_id`, `user_id`) VALUES ('50', '2024-09-26 17:22:26', '3G5LT6', 'J4CGUT');
INSERT INTO `matrix_filling` (`placement_id`, `downline_id`, `level`, `matrix`) VALUES ('S1RTX3', '3G5LT6', 14, 1);
UPDATE `bv_updation` SET left_carry = left_carry+50, total_left = total_left+50
WHERE `user_id` = 'S1RTX3';
INSERT INTO `placement_bv_update_history` (`left_carry`, `date`, `from_id`, `user_id`) VALUES ('50', '2024-09-26 17:22:26', '3G5LT6', 'S1RTX3');
INSERT INTO `matrix_filling` (`placement_id`, `downline_id`, `level`, `matrix`) VALUES ('I8YWQA', '3G5LT6', 15, 1);
UPDATE `bv_updation` SET left_carry = left_carry+50, total_left = total_left+50
WHERE `user_id` = 'I8YWQA';
INSERT INTO `placement_bv_update_history` (`left_carry`, `date`, `from_id`, `user_id`) VALUES ('50', '2024-09-26 17:22:26', '3G5LT6', 'I8YWQA');
INSERT INTO `matrix_filling` (`placement_id`, `downline_id`, `level`, `matrix`) VALUES ('I3MZBU', '3G5LT6', 16, 1);
UPDATE `bv_updation` SET left_carry = left_carry+50, total_left = total_left+50
WHERE `user_id` = 'I3MZBU';
INSERT INTO `placement_bv_update_history` (`left_carry`, `date`, `from_id`, `user_id`) VALUES ('50', '2024-09-26 17:22:26', '3G5LT6', 'I3MZBU');
INSERT INTO `matrix_filling` (`placement_id`, `downline_id`, `level`, `matrix`) VALUES ('H2I33O', '3G5LT6', 17, 1);
UPDATE `bv_updation` SET left_carry = left_carry+50, total_left = total_left+50
WHERE `user_id` = 'H2I33O';
INSERT INTO `placement_bv_update_history` (`left_carry`, `date`, `from_id`, `user_id`) VALUES ('50', '2024-09-26 17:22:26', '3G5LT6', 'H2I33O');
INSERT INTO `matrix_filling` (`placement_id`, `downline_id`, `level`, `matrix`) VALUES ('AL7XWH', '3G5LT6', 18, 1);
UPDATE `bv_updation` SET left_carry = left_carry+50, total_left = total_left+50
WHERE `user_id` = 'AL7XWH';
INSERT INTO `placement_bv_update_history` (`left_carry`, `date`, `from_id`, `user_id`) VALUES ('50', '2024-09-26 17:22:26', '3G5LT6', 'AL7XWH');
INSERT INTO `matrix_filling` (`placement_id`, `downline_id`, `level`, `matrix`) VALUES ('HFZ9SA', '3G5LT6', 19, 1);
UPDATE `bv_updation` SET left_carry = left_carry+50, total_left = total_left+50
WHERE `user_id` = 'HFZ9SA';
INSERT INTO `placement_bv_update_history` (`left_carry`, `date`, `from_id`, `user_id`) VALUES ('50', '2024-09-26 17:22:26', '3G5LT6', 'HFZ9SA');
INSERT INTO `matrix_filling` (`placement_id`, `downline_id`, `level`, `matrix`) VALUES ('A2MTZ3', '3G5LT6', 20, 1);
UPDATE `bv_updation` SET left_carry = left_carry+50, total_left = total_left+50
WHERE `user_id` = 'A2MTZ3';
INSERT INTO `placement_bv_update_history` (`left_carry`, `date`, `from_id`, `user_id`) VALUES ('50', '2024-09-26 17:22:26', '3G5LT6', 'A2MTZ3');
INSERT INTO `matrix_filling` (`placement_id`, `downline_id`, `level`, `matrix`) VALUES ('RUEKCW', '3G5LT6', 21, 1);
UPDATE `bv_updation` SET left_carry = left_carry+50, total_left = total_left+50
WHERE `user_id` = 'RUEKCW';
INSERT INTO `placement_bv_update_history` (`left_carry`, `date`, `from_id`, `user_id`) VALUES ('50', '2024-09-26 17:22:26', '3G5LT6', 'RUEKCW');
INSERT INTO `matrix_filling` (`placement_id`, `downline_id`, `level`, `matrix`) VALUES ('K3GTG4', '3G5LT6', 22, 1);
UPDATE `bv_updation` SET left_carry = left_carry+50, total_left = total_left+50
WHERE `user_id` = 'K3GTG4';
INSERT INTO `placement_bv_update_history` (`left_carry`, `date`, `from_id`, `user_id`) VALUES ('50', '2024-09-26 17:22:26', '3G5LT6', 'K3GTG4');
INSERT INTO `matrix_filling` (`placement_id`, `downline_id`, `level`, `matrix`) VALUES ('I1TUBN', '3G5LT6', 23, 1);
UPDATE `bv_updation` SET left_carry = left_carry+50, total_left = total_left+50
WHERE `user_id` = 'I1TUBN';
INSERT INTO `placement_bv_update_history` (`left_carry`, `date`, `from_id`, `user_id`) VALUES ('50', '2024-09-26 17:22:26', '3G5LT6', 'I1TUBN');
INSERT INTO `matrix_filling` (`placement_id`, `downline_id`, `level`, `matrix`) VALUES ('BAUCCU', '3G5LT6', 24, 1);
UPDATE `bv_updation` SET left_carry = left_carry+50, total_left = total_left+50
WHERE `user_id` = 'BAUCCU';
INSERT INTO `placement_bv_update_history` (`left_carry`, `date`, `from_id`, `user_id`) VALUES ('50', '2024-09-26 17:22:26', '3G5LT6', 'BAUCCU');
INSERT INTO `matrix_filling` (`placement_id`, `downline_id`, `level`, `matrix`) VALUES ('62QO97', '3G5LT6', 25, 1);
UPDATE `bv_updation` SET left_carry = left_carry+50, total_left = total_left+50
WHERE `user_id` = '62QO97';
INSERT INTO `placement_bv_update_history` (`left_carry`, `date`, `from_id`, `user_id`) VALUES ('50', '2024-09-26 17:22:26', '3G5LT6', '62QO97');
INSERT INTO `matrix_filling` (`placement_id`, `downline_id`, `level`, `matrix`) VALUES ('OHLQEO', '3G5LT6', 26, 1);
UPDATE `bv_updation` SET left_carry = left_carry+50, total_left = total_left+50
WHERE `user_id` = 'OHLQEO';
INSERT INTO `placement_bv_update_history` (`left_carry`, `date`, `from_id`, `user_id`) VALUES ('50', '2024-09-26 17:22:26', '3G5LT6', 'OHLQEO');
INSERT INTO `matrix_filling` (`placement_id`, `downline_id`, `level`, `matrix`) VALUES ('7APFKG', '3G5LT6', 27, 1);
UPDATE `bv_updation` SET left_carry = left_carry+50, total_left = total_left+50
WHERE `user_id` = '7APFKG';
INSERT INTO `placement_bv_update_history` (`left_carry`, `date`, `from_id`, `user_id`) VALUES ('50', '2024-09-26 17:22:26', '3G5LT6', '7APFKG');
INSERT INTO `matrix_filling` (`placement_id`, `downline_id`, `level`, `matrix`) VALUES ('Q2Q92Y', '3G5LT6', 28, 1);
UPDATE `bv_updation` SET left_carry = left_carry+50, total_left = total_left+50
WHERE `user_id` = 'Q2Q92Y';
INSERT INTO `placement_bv_update_history` (`left_carry`, `date`, `from_id`, `user_id`) VALUES ('50', '2024-09-26 17:22:26', '3G5LT6', 'Q2Q92Y');
INSERT INTO `matrix_filling` (`placement_id`, `downline_id`, `level`, `matrix`) VALUES ('E9ITRC', '3G5LT6', 29, 1);
UPDATE `bv_updation` SET left_carry = left_carry+50, total_left = total_left+50
WHERE `user_id` = 'E9ITRC';
INSERT INTO `placement_bv_update_history` (`left_carry`, `date`, `from_id`, `user_id`) VALUES ('50', '2024-09-26 17:22:26', '3G5LT6', 'E9ITRC');
INSERT INTO `matrix_filling` (`placement_id`, `downline_id`, `level`, `matrix`) VALUES ('7COKBB', '3G5LT6', 30, 1);
UPDATE `bv_updation` SET left_carry = left_carry+50, total_left = total_left+50
WHERE `user_id` = '7COKBB';
INSERT INTO `placement_bv_update_history` (`left_carry`, `date`, `from_id`, `user_id`) VALUES ('50', '2024-09-26 17:22:26', '3G5LT6', '7COKBB');
INSERT INTO `matrix_filling` (`placement_id`, `downline_id`, `level`, `matrix`) VALUES ('BDNS17', '3G5LT6', 31, 1);
UPDATE `bv_updation` SET left_carry = left_carry+50, total_left = total_left+50
WHERE `user_id` = 'BDNS17';
INSERT INTO `placement_bv_update_history` (`left_carry`, `date`, `from_id`, `user_id`) VALUES ('50', '2024-09-26 17:22:26', '3G5LT6', 'BDNS17');
INSERT INTO `matrix_filling` (`placement_id`, `downline_id`, `level`, `matrix`) VALUES ('7ZXRRE', '3G5LT6', 32, 1);
UPDATE `bv_updation` SET left_carry = left_carry+50, total_left = total_left+50
WHERE `user_id` = '7ZXRRE';
INSERT INTO `placement_bv_update_history` (`left_carry`, `date`, `from_id`, `user_id`) VALUES ('50', '2024-09-26 17:22:26', '3G5LT6', '7ZXRRE');
INSERT INTO `matrix_filling` (`placement_id`, `downline_id`, `level`, `matrix`) VALUES ('KLRAF5', '3G5LT6', 33, 1);
UPDATE `bv_updation` SET left_carry = left_carry+50, total_left = total_left+50
WHERE `user_id` = 'KLRAF5';
INSERT INTO `placement_bv_update_history` (`left_carry`, `date`, `from_id`, `user_id`) VALUES ('50', '2024-09-26 17:22:26', '3G5LT6', 'KLRAF5');
INSERT INTO `matrix_filling` (`placement_id`, `downline_id`, `level`, `matrix`) VALUES ('IFJHZG', '3G5LT6', 34, 1);
UPDATE `bv_updation` SET left_carry = left_carry+50, total_left = total_left+50
WHERE `user_id` = 'IFJHZG';
INSERT INTO `placement_bv_update_history` (`left_carry`, `date`, `from_id`, `user_id`) VALUES ('50', '2024-09-26 17:22:26', '3G5LT6', 'IFJHZG');
INSERT INTO `matrix_filling` (`placement_id`, `downline_id`, `level`, `matrix`) VALUES ('MXUV8Q', '3G5LT6', 35, 1);
UPDATE `bv_updation` SET left_carry = left_carry+50, total_left = total_left+50
WHERE `user_id` = 'MXUV8Q';
INSERT INTO `placement_bv_update_history` (`left_carry`, `date`, `from_id`, `user_id`) VALUES ('50', '2024-09-26 17:22:26', '3G5LT6', 'MXUV8Q');
INSERT INTO `matrix_filling` (`placement_id`, `downline_id`, `level`, `matrix`) VALUES ('GGM164', '3G5LT6', 36, 1);
UPDATE `bv_updation` SET left_carry = left_carry+50, total_left = total_left+50
WHERE `user_id` = 'GGM164';
INSERT INTO `placement_bv_update_history` (`left_carry`, `date`, `from_id`, `user_id`) VALUES ('50', '2024-09-26 17:22:26', '3G5LT6', 'GGM164');
INSERT INTO `matrix_filling` (`placement_id`, `downline_id`, `level`, `matrix`) VALUES ('3NKIEX', '3G5LT6', 37, 1);
UPDATE `bv_updation` SET left_carry = left_carry+50, total_left = total_left+50
WHERE `user_id` = '3NKIEX';
INSERT INTO `placement_bv_update_history` (`left_carry`, `date`, `from_id`, `user_id`) VALUES ('50', '2024-09-26 17:22:26', '3G5LT6', '3NKIEX');
INSERT INTO `matrix_filling` (`placement_id`, `downline_id`, `level`, `matrix`) VALUES ('S56TH3', '3G5LT6', 38, 1);
UPDATE `bv_updation` SET left_carry = left_carry+50, total_left = total_left+50
WHERE `user_id` = 'S56TH3';
INSERT INTO `placement_bv_update_history` (`left_carry`, `date`, `from_id`, `user_id`) VALUES ('50', '2024-09-26 17:22:26', '3G5LT6', 'S56TH3');
INSERT INTO `matrix_filling` (`placement_id`, `downline_id`, `level`, `matrix`) VALUES ('XYG89U', '3G5LT6', 39, 1);
UPDATE `bv_updation` SET left_carry = left_carry+50, total_left = total_left+50
WHERE `user_id` = 'XYG89U';
INSERT INTO `placement_bv_update_history` (`left_carry`, `date`, `from_id`, `user_id`) VALUES ('50', '2024-09-26 17:22:26', '3G5LT6', 'XYG89U');
INSERT INTO `matrix_filling` (`placement_id`, `downline_id`, `level`, `matrix`) VALUES ('HTFY93', '3G5LT6', 40, 1);
UPDATE `bv_updation` SET left_carry = left_carry+50, total_left = total_left+50
WHERE `user_id` = 'HTFY93';
INSERT INTO `placement_bv_update_history` (`left_carry`, `date`, `from_id`, `user_id`) VALUES ('50', '2024-09-26 17:22:26', '3G5LT6', 'HTFY93');
INSERT INTO `matrix_filling` (`placement_id`, `downline_id`, `level`, `matrix`) VALUES ('3PR393', '3G5LT6', 41, 1);
UPDATE `bv_updation` SET left_carry = left_carry+50, total_left = total_left+50
WHERE `user_id` = '3PR393';
INSERT INTO `placement_bv_update_history` (`left_carry`, `date`, `from_id`, `user_id`) VALUES ('50', '2024-09-26 17:22:26', '3G5LT6', '3PR393');
INSERT INTO `matrix_filling` (`placement_id`, `downline_id`, `level`, `matrix`) VALUES ('T3MRY1', '3G5LT6', 42, 1);
UPDATE `bv_updation` SET left_carry = left_carry+50, total_left = total_left+50
WHERE `user_id` = 'T3MRY1';
INSERT INTO `placement_bv_update_history` (`left_carry`, `date`, `from_id`, `user_id`) VALUES ('50', '2024-09-26 17:22:26', '3G5LT6', 'T3MRY1');
INSERT INTO `matrix_filling` (`placement_id`, `downline_id`, `level`, `matrix`) VALUES ('GTMCCK', '3G5LT6', 43, 1);
UPDATE `bv_updation` SET left_carry = left_carry+50, total_left = total_left+50
WHERE `user_id` = 'GTMCCK';
INSERT INTO `placement_bv_update_history` (`left_carry`, `date`, `from_id`, `user_id`) VALUES ('50', '2024-09-26 17:22:26', '3G5LT6', 'GTMCCK');
INSERT INTO `matrix_filling` (`placement_id`, `downline_id`, `level`, `matrix`) VALUES ('DLYMIF', '3G5LT6', 44, 1);
UPDATE `bv_updation` SET left_carry = left_carry+50, total_left = total_left+50
WHERE `user_id` = 'DLYMIF';
INSERT INTO `placement_bv_update_history` (`left_carry`, `date`, `from_id`, `user_id`) VALUES ('50', '2024-09-26 17:22:26', '3G5LT6', 'DLYMIF');
INSERT INTO `matrix_filling` (`placement_id`, `downline_id`, `level`, `matrix`) VALUES ('WGJ5KE', '3G5LT6', 45, 1);
UPDATE `bv_updation` SET left_carry = left_carry+50, total_left = total_left+50
WHERE `user_id` = 'WGJ5KE';
INSERT INTO `placement_bv_update_history` (`left_carry`, `date`, `from_id`, `user_id`) VALUES ('50', '2024-09-26 17:22:26', '3G5LT6', 'WGJ5KE');
INSERT INTO `matrix_filling` (`placement_id`, `downline_id`, `level`, `matrix`) VALUES ('ORRJ3M', '3G5LT6', 46, 1);
UPDATE `bv_updation` SET left_carry = left_carry+50, total_left = total_left+50
WHERE `user_id` = 'ORRJ3M';
INSERT INTO `placement_bv_update_history` (`left_carry`, `date`, `from_id`, `user_id`) VALUES ('50', '2024-09-26 17:22:26', '3G5LT6', 'ORRJ3M');
INSERT INTO `matrix_filling` (`placement_id`, `downline_id`, `level`, `matrix`) VALUES ('AA8V6V', '3G5LT6', 47, 1);
UPDATE `bv_updation` SET left_carry = left_carry+50, total_left = total_left+50
WHERE `user_id` = 'AA8V6V';
INSERT INTO `placement_bv_update_history` (`left_carry`, `date`, `from_id`, `user_id`) VALUES ('50', '2024-09-26 17:22:26', '3G5LT6', 'AA8V6V');
INSERT INTO `matrix_filling` (`placement_id`, `downline_id`, `level`, `matrix`) VALUES ('61ME4O', '3G5LT6', 48, 1);
UPDATE `bv_updation` SET left_carry = left_carry+50, total_left = total_left+50
WHERE `user_id` = '61ME4O';
INSERT INTO `placement_bv_update_history` (`left_carry`, `date`, `from_id`, `user_id`) VALUES ('50', '2024-09-26 17:22:26', '3G5LT6', '61ME4O');
INSERT INTO `matrix_filling` (`placement_id`, `downline_id`, `level`, `matrix`) VALUES ('WS1SZZ', '3G5LT6', 49, 1);
UPDATE `bv_updation` SET left_carry = left_carry+50, total_left = total_left+50
WHERE `user_id` = 'WS1SZZ';
INSERT INTO `placement_bv_update_history` (`left_carry`, `date`, `from_id`, `user_id`) VALUES ('50', '2024-09-26 17:22:26', '3G5LT6', 'WS1SZZ');
INSERT INTO `matrix_filling` (`placement_id`, `downline_id`, `level`, `matrix`) VALUES ('TBN4MZ', '3G5LT6', 50, 1);
UPDATE `bv_updation` SET left_carry = left_carry+50, total_left = total_left+50
WHERE `user_id` = 'TBN4MZ';
INSERT INTO `placement_bv_update_history` (`left_carry`, `date`, `from_id`, `user_id`) VALUES ('50', '2024-09-26 17:22:26', '3G5LT6', 'TBN4MZ');
INSERT INTO `matrix_filling` (`placement_id`, `downline_id`, `level`, `matrix`) VALUES ('OEMJ8R', '3G5LT6', 51, 1);
UPDATE `bv_updation` SET left_carry = left_carry+50, total_left = total_left+50
WHERE `user_id` = 'OEMJ8R';
INSERT INTO `placement_bv_update_history` (`left_carry`, `date`, `from_id`, `user_id`) VALUES ('50', '2024-09-26 17:22:26', '3G5LT6', 'OEMJ8R');
INSERT INTO `matrix_filling` (`placement_id`, `downline_id`, `level`, `matrix`) VALUES ('FXAYIE', '3G5LT6', 52, 1);
UPDATE `bv_updation` SET left_carry = left_carry+50, total_left = total_left+50
WHERE `user_id` = 'FXAYIE';
INSERT INTO `placement_bv_update_history` (`left_carry`, `date`, `from_id`, `user_id`) VALUES ('50', '2024-09-26 17:22:26', '3G5LT6', 'FXAYIE');
INSERT INTO `matrix_filling` (`placement_id`, `downline_id`, `level`, `matrix`) VALUES ('ELXZWC', '3G5LT6', 53, 1);
UPDATE `bv_updation` SET left_carry = left_carry+50, total_left = total_left+50
WHERE `user_id` = 'ELXZWC';
INSERT INTO `placement_bv_update_history` (`left_carry`, `date`, `from_id`, `user_id`) VALUES ('50', '2024-09-26 17:22:26', '3G5LT6', 'ELXZWC');
INSERT INTO `matrix_filling` (`placement_id`, `downline_id`, `level`, `matrix`) VALUES ('C1TQVI', '3G5LT6', 54, 1);
UPDATE `bv_updation` SET left_carry = left_carry+50, total_left = total_left+50
WHERE `user_id` = 'C1TQVI';
INSERT INTO `placement_bv_update_history` (`left_carry`, `date`, `from_id`, `user_id`) VALUES ('50', '2024-09-26 17:22:26', '3G5LT6', 'C1TQVI');
INSERT INTO `matrix_filling` (`placement_id`, `downline_id`, `level`, `matrix`) VALUES ('F5GPDF', '3G5LT6', 55, 1);
UPDATE `bv_updation` SET left_carry = left_carry+50, total_left = total_left+50
WHERE `user_id` = 'F5GPDF';
INSERT INTO `placement_bv_update_history` (`left_carry`, `date`, `from_id`, `user_id`) VALUES ('50', '2024-09-26 17:22:26', '3G5LT6', 'F5GPDF');
INSERT INTO `matrix_filling` (`placement_id`, `downline_id`, `level`, `matrix`) VALUES ('91PYDK', '3G5LT6', 56, 1);
UPDATE `bv_updation` SET left_carry = left_carry+50, total_left = total_left+50
WHERE `user_id` = '91PYDK';
INSERT INTO `placement_bv_update_history` (`left_carry`, `date`, `from_id`, `user_id`) VALUES ('50', '2024-09-26 17:22:26', '3G5LT6', '91PYDK');
INSERT INTO `matrix_filling` (`placement_id`, `downline_id`, `level`, `matrix`) VALUES ('4OT7RX', '3G5LT6', 57, 1);
UPDATE `bv_updation` SET left_carry = left_carry+50, total_left = total_left+50
WHERE `user_id` = '4OT7RX';
INSERT INTO `placement_bv_update_history` (`left_carry`, `date`, `from_id`, `user_id`) VALUES ('50', '2024-09-26 17:22:26', '3G5LT6', '4OT7RX');
INSERT INTO `matrix_filling` (`placement_id`, `downline_id`, `level`, `matrix`) VALUES ('ZJZA3M', '3G5LT6', 58, 1);
UPDATE `bv_updation` SET left_carry = left_carry+50, total_left = total_left+50
WHERE `user_id` = 'ZJZA3M';
INSERT INTO `placement_bv_update_history` (`left_carry`, `date`, `from_id`, `user_id`) VALUES ('50', '2024-09-26 17:22:26', '3G5LT6', 'ZJZA3M');
INSERT INTO `matrix_filling` (`placement_id`, `downline_id`, `level`, `matrix`) VALUES ('XN6ETC', '3G5LT6', 59, 1);
UPDATE `bv_updation` SET left_carry = left_carry+50, total_left = total_left+50
WHERE `user_id` = 'XN6ETC';
INSERT INTO `placement_bv_update_history` (`left_carry`, `date`, `from_id`, `user_id`) VALUES ('50', '2024-09-26 17:22:26', '3G5LT6', 'XN6ETC');
INSERT INTO `matrix_filling` (`placement_id`, `downline_id`, `level`, `matrix`) VALUES ('KVQN1O', '3G5LT6', 60, 1);
UPDATE `bv_updation` SET left_carry = left_carry+50, total_left = total_left+50
WHERE `user_id` = 'KVQN1O';
INSERT INTO `placement_bv_update_history` (`left_carry`, `date`, `from_id`, `user_id`) VALUES ('50', '2024-09-26 17:22:26', '3G5LT6', 'KVQN1O');
INSERT INTO `matrix_filling` (`placement_id`, `downline_id`, `level`, `matrix`) VALUES ('X3V7DJ', '3G5LT6', 61, 1);
UPDATE `bv_updation` SET left_carry = left_carry+50, total_left = total_left+50
WHERE `user_id` = 'X3V7DJ';
INSERT INTO `placement_bv_update_history` (`left_carry`, `date`, `from_id`, `user_id`) VALUES ('50', '2024-09-26 17:22:26', '3G5LT6', 'X3V7DJ');
INSERT INTO `matrix_filling` (`placement_id`, `downline_id`, `level`, `matrix`) VALUES ('DJ77NH', '3G5LT6', 62, 1);
UPDATE `bv_updation` SET left_carry = left_carry+50, total_left = total_left+50
WHERE `user_id` = 'DJ77NH';
INSERT INTO `placement_bv_update_history` (`left_carry`, `date`, `from_id`, `user_id`) VALUES ('50', '2024-09-26 17:22:26', '3G5LT6', 'DJ77NH');
INSERT INTO `matrix_filling` (`placement_id`, `downline_id`, `level`, `matrix`) VALUES ('PX7XCL', '3G5LT6', 63, 1);
UPDATE `bv_updation` SET left_carry = left_carry+50, total_left = total_left+50
WHERE `user_id` = 'PX7XCL';
INSERT INTO `placement_bv_update_history` (`left_carry`, `date`, `from_id`, `user_id`) VALUES ('50', '2024-09-26 17:22:26', '3G5LT6', 'PX7XCL');
INSERT INTO `matrix_filling` (`placement_id`, `downline_id`, `level`, `matrix`) VALUES ('L8PM4Z', '3G5LT6', 64, 1);
UPDATE `bv_updation` SET left_carry = left_carry+50, total_left = total_left+50
WHERE `user_id` = 'L8PM4Z';
INSERT INTO `placement_bv_update_history` (`left_carry`, `date`, `from_id`, `user_id`) VALUES ('50', '2024-09-26 17:22:26', '3G5LT6', 'L8PM4Z');
INSERT INTO `matrix_filling` (`placement_id`, `downline_id`, `level`, `matrix`) VALUES ('GBSIER', '3G5LT6', 65, 1);
UPDATE `bv_updation` SET left_carry = left_carry+50, total_left = total_left+50
WHERE `user_id` = 'GBSIER';
INSERT INTO `placement_bv_update_history` (`left_carry`, `date`, `from_id`, `user_id`) VALUES ('50', '2024-09-26 17:22:26', '3G5LT6', 'GBSIER');
INSERT INTO `matrix_filling` (`placement_id`, `downline_id`, `level`, `matrix`) VALUES ('AV48YQ', '3G5LT6', 66, 1);
UPDATE `bv_updation` SET left_carry = left_carry+50, total_left = total_left+50
WHERE `user_id` = 'AV48YQ';
INSERT INTO `placement_bv_update_history` (`left_carry`, `date`, `from_id`, `user_id`) VALUES ('50', '2024-09-26 17:22:26', '3G5LT6', 'AV48YQ');
INSERT INTO `matrix_filling` (`placement_id`, `downline_id`, `level`, `matrix`) VALUES ('admin', '3G5LT6', 67, 1);
INSERT INTO `package_purchase_history` (`user_id`, `package_id`, `reg_fee`, `package_name`, `monthly_fee`, `type`, `date`, `payment_option`) VALUES ('3G5LT6', '2', '595', 'Traveler Pro', '150', 'sign_up', '2024-09-26 17:22:26', 'free');
UPDATE `ci_sessions` SET `timestamp` = 1727389483, `data` = '__ci_last_regenerate|i:1727389483;id|s:4:\"2521\";user_id|s:6:\"JOOGJ8\";username|s:7:\"nestor7\";sponsor_id|s:6:\"IW5GAU\";fullname|s:15:\"Nestor Angarita\";email|s:17:\"nestor7@gmail.com\";phone|s:10:\"7862876762\";isLogIn|b:1;'
WHERE `id` = 'b358f4dce7e852f33f05e66f7bc3f47985be9b92';
UPDATE `user_registration` SET `uid` = '2901', `user_id` = 'F3Z7BV', `username` = 'erika7', `sponsor_id` = 'JOOGJ8', `vacant` = 'no', `f_name` = 'Erika', `l_name` = 'Parra', `address` = '8100 SW 14 Terr', `position` = 'right', `email` = 'erika7@gmail.com', `password` = 'ff78b1ac3dfa79e5a0c39d15073c520b', `phone` = '7862876762', `country` = 'United States', `state` = 'Florida', `city` = 'Miami', `street` = '8100 SW 14 Terr', `zip_code` = '33144', `reg_ip` = '172.70.54.25', `status` = 1, `package_id` = '2', `rank_id` = 1, `highest_rank` = 1, `created` = '2024-09-26 17:24:43', `subscription_date` = '2024-10-26', `google_secret` = 'ZYXN3A6SDOMZSWBH'
WHERE `uid` = '2901';
INSERT INTO `user_registration` (`uid`, `user_id`, `username`, `sponsor_id`, `placement_id`, `vacant`, `f_name`, `l_name`, `address`, `position`, `email`, `password`, `phone`, `reg_ip`, `status`, `created`) VALUES (NULL, 'EWVZDQ', 'GvlEvbad', 'F3Z7BV', 'F3Z7BV', 'yes', '', '', '', 'left', '@mail.com', '', '', '', 0, '2024-09-26 17:24:43');
INSERT INTO `user_registration` (`uid`, `user_id`, `username`, `sponsor_id`, `placement_id`, `vacant`, `f_name`, `l_name`, `address`, `position`, `email`, `password`, `phone`, `reg_ip`, `status`, `created`) VALUES (NULL, 'FUFBHG', 'dlfSdcXu', 'F3Z7BV', 'F3Z7BV', 'yes', '', '', '', 'right', '@mail.com', '', '', '', 0, '2024-09-26 17:24:43');
INSERT INTO `bv_updation` (`user_id`) VALUES ('F3Z7BV');
UPDATE `user_registration` SET total_ref_count = total_ref_count+1
WHERE `user_id` = 'JOOGJ8';
UPDATE `user_registration` SET total_downlines = total_downlines+1
WHERE `user_id` = 'XFNG3G';
UPDATE `user_registration` SET right_downlines = right_downlines+1
WHERE `user_id` = 'XFNG3G';
UPDATE `user_registration` SET total_downlines = total_downlines+1
WHERE `user_id` = 'RPDH3F';
UPDATE `user_registration` SET right_downlines = right_downlines+1
WHERE `user_id` = 'RPDH3F';
UPDATE `user_registration` SET total_downlines = total_downlines+1
WHERE `user_id` = 'ISFCIT';
UPDATE `user_registration` SET right_downlines = right_downlines+1
WHERE `user_id` = 'ISFCIT';
UPDATE `user_registration` SET total_downlines = total_downlines+1
WHERE `user_id` = '132L5K';
UPDATE `user_registration` SET right_downlines = right_downlines+1
WHERE `user_id` = '132L5K';
UPDATE `user_registration` SET total_downlines = total_downlines+1
WHERE `user_id` = 'LYT8K3';
UPDATE `user_registration` SET right_downlines = right_downlines+1
WHERE `user_id` = 'LYT8K3';
UPDATE `user_registration` SET total_downlines = total_downlines+1
WHERE `user_id` = '491MZ8';
UPDATE `user_registration` SET right_downlines = right_downlines+1
WHERE `user_id` = '491MZ8';
UPDATE `user_registration` SET total_downlines = total_downlines+1
WHERE `user_id` = 'JOOGJ8';
UPDATE `user_registration` SET right_downlines = right_downlines+1
WHERE `user_id` = 'JOOGJ8';
UPDATE `user_registration` SET right_ref_count = right_ref_count+1
WHERE `user_id` = 'JOOGJ8';
UPDATE `user_registration` SET active_right = active_right+1
WHERE `user_id` = 'JOOGJ8';
UPDATE `user_registration` SET total_downlines = total_downlines+1
WHERE `user_id` = 'IW5GAU';
UPDATE `user_registration` SET right_downlines = right_downlines+1
WHERE `user_id` = 'IW5GAU';
UPDATE `user_registration` SET total_downlines = total_downlines+1
WHERE `user_id` = 'JQ3FLF';
UPDATE `user_registration` SET left_downlines = left_downlines+1
WHERE `user_id` = 'JQ3FLF';
UPDATE `user_registration` SET total_downlines = total_downlines+1
WHERE `user_id` = 'C3N32U';
UPDATE `user_registration` SET left_downlines = left_downlines+1
WHERE `user_id` = 'C3N32U';
UPDATE `user_registration` SET total_downlines = total_downlines+1
WHERE `user_id` = 'MNLXPP';
UPDATE `user_registration` SET left_downlines = left_downlines+1
WHERE `user_id` = 'MNLXPP';
UPDATE `user_registration` SET total_downlines = total_downlines+1
WHERE `user_id` = 'NUPA4K';
UPDATE `user_registration` SET left_downlines = left_downlines+1
WHERE `user_id` = 'NUPA4K';
UPDATE `user_registration` SET total_downlines = total_downlines+1
WHERE `user_id` = '1FFFBU';
UPDATE `user_registration` SET left_downlines = left_downlines+1
WHERE `user_id` = '1FFFBU';
UPDATE `user_registration` SET total_downlines = total_downlines+1
WHERE `user_id` = 'J4CGUT';
UPDATE `user_registration` SET left_downlines = left_downlines+1
WHERE `user_id` = 'J4CGUT';
UPDATE `user_registration` SET total_downlines = total_downlines+1
WHERE `user_id` = 'S1RTX3';
UPDATE `user_registration` SET left_downlines = left_downlines+1
WHERE `user_id` = 'S1RTX3';
UPDATE `user_registration` SET total_downlines = total_downlines+1
WHERE `user_id` = 'I8YWQA';
UPDATE `user_registration` SET left_downlines = left_downlines+1
WHERE `user_id` = 'I8YWQA';
UPDATE `user_registration` SET total_downlines = total_downlines+1
WHERE `user_id` = 'I3MZBU';
UPDATE `user_registration` SET left_downlines = left_downlines+1
WHERE `user_id` = 'I3MZBU';
UPDATE `user_registration` SET total_downlines = total_downlines+1
WHERE `user_id` = 'H2I33O';
UPDATE `user_registration` SET left_downlines = left_downlines+1
WHERE `user_id` = 'H2I33O';
UPDATE `user_registration` SET total_downlines = total_downlines+1
WHERE `user_id` = 'AL7XWH';
UPDATE `user_registration` SET left_downlines = left_downlines+1
WHERE `user_id` = 'AL7XWH';
UPDATE `user_registration` SET total_downlines = total_downlines+1
WHERE `user_id` = 'HFZ9SA';
UPDATE `user_registration` SET left_downlines = left_downlines+1
WHERE `user_id` = 'HFZ9SA';
UPDATE `user_registration` SET total_downlines = total_downlines+1
WHERE `user_id` = 'A2MTZ3';
UPDATE `user_registration` SET left_downlines = left_downlines+1
WHERE `user_id` = 'A2MTZ3';
UPDATE `user_registration` SET total_downlines = total_downlines+1
WHERE `user_id` = 'RUEKCW';
UPDATE `user_registration` SET left_downlines = left_downlines+1
WHERE `user_id` = 'RUEKCW';
UPDATE `user_registration` SET total_downlines = total_downlines+1
WHERE `user_id` = 'K3GTG4';
UPDATE `user_registration` SET left_downlines = left_downlines+1
WHERE `user_id` = 'K3GTG4';
UPDATE `user_registration` SET total_downlines = total_downlines+1
WHERE `user_id` = 'I1TUBN';
UPDATE `user_registration` SET left_downlines = left_downlines+1
WHERE `user_id` = 'I1TUBN';
UPDATE `user_registration` SET total_downlines = total_downlines+1
WHERE `user_id` = 'BAUCCU';
UPDATE `user_registration` SET left_downlines = left_downlines+1
WHERE `user_id` = 'BAUCCU';
UPDATE `user_registration` SET total_downlines = total_downlines+1
WHERE `user_id` = '62QO97';
UPDATE `user_registration` SET left_downlines = left_downlines+1
WHERE `user_id` = '62QO97';
UPDATE `user_registration` SET total_downlines = total_downlines+1
WHERE `user_id` = 'OHLQEO';
UPDATE `user_registration` SET left_downlines = left_downlines+1
WHERE `user_id` = 'OHLQEO';
UPDATE `user_registration` SET total_downlines = total_downlines+1
WHERE `user_id` = '7APFKG';
UPDATE `user_registration` SET left_downlines = left_downlines+1
WHERE `user_id` = '7APFKG';
UPDATE `user_registration` SET total_downlines = total_downlines+1
WHERE `user_id` = 'Q2Q92Y';
UPDATE `user_registration` SET left_downlines = left_downlines+1
WHERE `user_id` = 'Q2Q92Y';
UPDATE `user_registration` SET total_downlines = total_downlines+1
WHERE `user_id` = 'E9ITRC';
UPDATE `user_registration` SET left_downlines = left_downlines+1
WHERE `user_id` = 'E9ITRC';
UPDATE `user_registration` SET total_downlines = total_downlines+1
WHERE `user_id` = '7COKBB';
UPDATE `user_registration` SET left_downlines = left_downlines+1
WHERE `user_id` = '7COKBB';
UPDATE `user_registration` SET total_downlines = total_downlines+1
WHERE `user_id` = 'BDNS17';
UPDATE `user_registration` SET left_downlines = left_downlines+1
WHERE `user_id` = 'BDNS17';
UPDATE `user_registration` SET total_downlines = total_downlines+1
WHERE `user_id` = '7ZXRRE';
UPDATE `user_registration` SET left_downlines = left_downlines+1
WHERE `user_id` = '7ZXRRE';
UPDATE `user_registration` SET total_downlines = total_downlines+1
WHERE `user_id` = 'KLRAF5';
UPDATE `user_registration` SET left_downlines = left_downlines+1
WHERE `user_id` = 'KLRAF5';
UPDATE `user_registration` SET total_downlines = total_downlines+1
WHERE `user_id` = 'IFJHZG';
UPDATE `user_registration` SET left_downlines = left_downlines+1
WHERE `user_id` = 'IFJHZG';
UPDATE `user_registration` SET total_downlines = total_downlines+1
WHERE `user_id` = 'MXUV8Q';
UPDATE `user_registration` SET left_downlines = left_downlines+1
WHERE `user_id` = 'MXUV8Q';
UPDATE `user_registration` SET total_downlines = total_downlines+1
WHERE `user_id` = 'GGM164';
UPDATE `user_registration` SET left_downlines = left_downlines+1
WHERE `user_id` = 'GGM164';
UPDATE `user_registration` SET total_downlines = total_downlines+1
WHERE `user_id` = '3NKIEX';
UPDATE `user_registration` SET left_downlines = left_downlines+1
WHERE `user_id` = '3NKIEX';
UPDATE `user_registration` SET total_downlines = total_downlines+1
WHERE `user_id` = 'S56TH3';
UPDATE `user_registration` SET left_downlines = left_downlines+1
WHERE `user_id` = 'S56TH3';
UPDATE `user_registration` SET total_downlines = total_downlines+1
WHERE `user_id` = 'XYG89U';
UPDATE `user_registration` SET left_downlines = left_downlines+1
WHERE `user_id` = 'XYG89U';
UPDATE `user_registration` SET total_downlines = total_downlines+1
WHERE `user_id` = 'HTFY93';
UPDATE `user_registration` SET left_downlines = left_downlines+1
WHERE `user_id` = 'HTFY93';
UPDATE `user_registration` SET total_downlines = total_downlines+1
WHERE `user_id` = '3PR393';
UPDATE `user_registration` SET left_downlines = left_downlines+1
WHERE `user_id` = '3PR393';
UPDATE `user_registration` SET total_downlines = total_downlines+1
WHERE `user_id` = 'T3MRY1';
UPDATE `user_registration` SET left_downlines = left_downlines+1
WHERE `user_id` = 'T3MRY1';
UPDATE `user_registration` SET total_downlines = total_downlines+1
WHERE `user_id` = 'GTMCCK';
UPDATE `user_registration` SET left_downlines = left_downlines+1
WHERE `user_id` = 'GTMCCK';
UPDATE `user_registration` SET total_downlines = total_downlines+1
WHERE `user_id` = 'DLYMIF';
UPDATE `user_registration` SET left_downlines = left_downlines+1
WHERE `user_id` = 'DLYMIF';
UPDATE `user_registration` SET total_downlines = total_downlines+1
WHERE `user_id` = 'WGJ5KE';
UPDATE `user_registration` SET left_downlines = left_downlines+1
WHERE `user_id` = 'WGJ5KE';
UPDATE `user_registration` SET total_downlines = total_downlines+1
WHERE `user_id` = 'ORRJ3M';
UPDATE `user_registration` SET left_downlines = left_downlines+1
WHERE `user_id` = 'ORRJ3M';
UPDATE `user_registration` SET total_downlines = total_downlines+1
WHERE `user_id` = 'AA8V6V';
UPDATE `user_registration` SET left_downlines = left_downlines+1
WHERE `user_id` = 'AA8V6V';
UPDATE `user_registration` SET total_downlines = total_downlines+1
WHERE `user_id` = '61ME4O';
UPDATE `user_registration` SET left_downlines = left_downlines+1
WHERE `user_id` = '61ME4O';
UPDATE `user_registration` SET total_downlines = total_downlines+1
WHERE `user_id` = 'WS1SZZ';
UPDATE `user_registration` SET left_downlines = left_downlines+1
WHERE `user_id` = 'WS1SZZ';
UPDATE `user_registration` SET total_downlines = total_downlines+1
WHERE `user_id` = 'TBN4MZ';
UPDATE `user_registration` SET left_downlines = left_downlines+1
WHERE `user_id` = 'TBN4MZ';
UPDATE `user_registration` SET total_downlines = total_downlines+1
WHERE `user_id` = 'OEMJ8R';
UPDATE `user_registration` SET left_downlines = left_downlines+1
WHERE `user_id` = 'OEMJ8R';
UPDATE `user_registration` SET total_downlines = total_downlines+1
WHERE `user_id` = 'FXAYIE';
UPDATE `user_registration` SET left_downlines = left_downlines+1
WHERE `user_id` = 'FXAYIE';
UPDATE `user_registration` SET total_downlines = total_downlines+1
WHERE `user_id` = 'ELXZWC';
UPDATE `user_registration` SET left_downlines = left_downlines+1
WHERE `user_id` = 'ELXZWC';
UPDATE `user_registration` SET total_downlines = total_downlines+1
WHERE `user_id` = 'C1TQVI';
UPDATE `user_registration` SET left_downlines = left_downlines+1
WHERE `user_id` = 'C1TQVI';
UPDATE `user_registration` SET total_downlines = total_downlines+1
WHERE `user_id` = 'F5GPDF';
UPDATE `user_registration` SET left_downlines = left_downlines+1
WHERE `user_id` = 'F5GPDF';
UPDATE `user_registration` SET total_downlines = total_downlines+1
WHERE `user_id` = '91PYDK';
UPDATE `user_registration` SET left_downlines = left_downlines+1
WHERE `user_id` = '91PYDK';
UPDATE `user_registration` SET total_downlines = total_downlines+1
WHERE `user_id` = '4OT7RX';
UPDATE `user_registration` SET left_downlines = left_downlines+1
WHERE `user_id` = '4OT7RX';
UPDATE `user_registration` SET total_downlines = total_downlines+1
WHERE `user_id` = 'ZJZA3M';
UPDATE `user_registration` SET left_downlines = left_downlines+1
WHERE `user_id` = 'ZJZA3M';
UPDATE `user_registration` SET total_downlines = total_downlines+1
WHERE `user_id` = 'XN6ETC';
UPDATE `user_registration` SET left_downlines = left_downlines+1
WHERE `user_id` = 'XN6ETC';
UPDATE `user_registration` SET total_downlines = total_downlines+1
WHERE `user_id` = 'KVQN1O';
UPDATE `user_registration` SET left_downlines = left_downlines+1
WHERE `user_id` = 'KVQN1O';
UPDATE `user_registration` SET total_downlines = total_downlines+1
WHERE `user_id` = 'X3V7DJ';
UPDATE `user_registration` SET left_downlines = left_downlines+1
WHERE `user_id` = 'X3V7DJ';
UPDATE `user_registration` SET total_downlines = total_downlines+1
WHERE `user_id` = 'DJ77NH';
UPDATE `user_registration` SET left_downlines = left_downlines+1
WHERE `user_id` = 'DJ77NH';
UPDATE `user_registration` SET total_downlines = total_downlines+1
WHERE `user_id` = 'PX7XCL';
UPDATE `user_registration` SET left_downlines = left_downlines+1
WHERE `user_id` = 'PX7XCL';
UPDATE `user_registration` SET total_downlines = total_downlines+1
WHERE `user_id` = 'L8PM4Z';
UPDATE `user_registration` SET left_downlines = left_downlines+1
WHERE `user_id` = 'L8PM4Z';
UPDATE `user_registration` SET total_downlines = total_downlines+1
WHERE `user_id` = 'GBSIER';
UPDATE `user_registration` SET left_downlines = left_downlines+1
WHERE `user_id` = 'GBSIER';
UPDATE `user_registration` SET total_downlines = total_downlines+1
WHERE `user_id` = 'AV48YQ';
UPDATE `user_registration` SET left_downlines = left_downlines+1
WHERE `user_id` = 'AV48YQ';
UPDATE `user_registration` SET total_downlines = total_downlines+1
WHERE `user_id` = 'admin';
UPDATE `user_registration` SET left_downlines = left_downlines+1
WHERE `user_id` = 'admin';
INSERT INTO `investment` (`invest_date`, `user_id`, `type`, `amount`, `package_id`) VALUES ('2024-09-26 17:24:43', 'F3Z7BV', 'register', '595', '2');
INSERT INTO `earnings` (`user_id`, `Purchaser_id`, `earning_type`, `package_id`, `amount`, `date`, `comments`, `invest_amount`, `comm_perc`, `level`, `rank_id`, `order_id`) VALUES ('JOOGJ8', 'F3Z7BV', 'Direct Referral Bonus', '2', '100', '2024-09-26 17:24:43', 'Direct Referral Bonus', 0, 0, 1, '', 298);
UPDATE `user_registration` SET commission_balance = ROUND(commission_balance + 100,2)
WHERE `user_id` = 'JOOGJ8';
INSERT INTO `earnings` (`user_id`, `Purchaser_id`, `earning_type`, `package_id`, `amount`, `date`, `comments`, `invest_amount`, `comm_perc`, `level`, `rank_id`, `order_id`) VALUES ('1FFFBU', 'F3Z7BV', 'Expansion Bonus', '2', 200, '2024-09-26 17:24:43', 'Expansion Bonus', '100', 0, 1, '', 298);
UPDATE `user_registration` SET commission_balance = ROUND(commission_balance + 200,2)
WHERE `user_id` = '1FFFBU';
INSERT INTO `matrix_filling` (`placement_id`, `downline_id`, `level`, `matrix`) VALUES ('XFNG3G', 'F3Z7BV', 1, 1);
UPDATE `bv_updation` SET right_carry = right_carry+50, total_right = total_right+50
WHERE `user_id` = 'XFNG3G';
INSERT INTO `placement_bv_update_history` (`right_carry`, `date`, `from_id`, `user_id`) VALUES ('50', '2024-09-26 17:24:43', 'F3Z7BV', 'XFNG3G');
INSERT INTO `matrix_filling` (`placement_id`, `downline_id`, `level`, `matrix`) VALUES ('RPDH3F', 'F3Z7BV', 2, 1);
UPDATE `bv_updation` SET right_carry = right_carry+50, total_right = total_right+50
WHERE `user_id` = 'RPDH3F';
INSERT INTO `placement_bv_update_history` (`right_carry`, `date`, `from_id`, `user_id`) VALUES ('50', '2024-09-26 17:24:43', 'F3Z7BV', 'RPDH3F');
INSERT INTO `matrix_filling` (`placement_id`, `downline_id`, `level`, `matrix`) VALUES ('ISFCIT', 'F3Z7BV', 3, 1);
UPDATE `bv_updation` SET right_carry = right_carry+50, total_right = total_right+50
WHERE `user_id` = 'ISFCIT';
INSERT INTO `placement_bv_update_history` (`right_carry`, `date`, `from_id`, `user_id`) VALUES ('50', '2024-09-26 17:24:43', 'F3Z7BV', 'ISFCIT');
INSERT INTO `matrix_filling` (`placement_id`, `downline_id`, `level`, `matrix`) VALUES ('132L5K', 'F3Z7BV', 4, 1);
UPDATE `bv_updation` SET right_carry = right_carry+50, total_right = total_right+50
WHERE `user_id` = '132L5K';
INSERT INTO `placement_bv_update_history` (`right_carry`, `date`, `from_id`, `user_id`) VALUES ('50', '2024-09-26 17:24:43', 'F3Z7BV', '132L5K');
INSERT INTO `matrix_filling` (`placement_id`, `downline_id`, `level`, `matrix`) VALUES ('LYT8K3', 'F3Z7BV', 5, 1);
UPDATE `bv_updation` SET right_carry = right_carry+50, total_right = total_right+50
WHERE `user_id` = 'LYT8K3';
INSERT INTO `placement_bv_update_history` (`right_carry`, `date`, `from_id`, `user_id`) VALUES ('50', '2024-09-26 17:24:43', 'F3Z7BV', 'LYT8K3');
INSERT INTO `matrix_filling` (`placement_id`, `downline_id`, `level`, `matrix`) VALUES ('491MZ8', 'F3Z7BV', 6, 1);
UPDATE `bv_updation` SET right_carry = right_carry+50, total_right = total_right+50
WHERE `user_id` = '491MZ8';
INSERT INTO `placement_bv_update_history` (`right_carry`, `date`, `from_id`, `user_id`) VALUES ('50', '2024-09-26 17:24:43', 'F3Z7BV', '491MZ8');
INSERT INTO `matrix_filling` (`placement_id`, `downline_id`, `level`, `matrix`) VALUES ('JOOGJ8', 'F3Z7BV', 7, 1);
UPDATE `bv_updation` SET right_carry = right_carry+50, total_right = total_right+50
WHERE `user_id` = 'JOOGJ8';
INSERT INTO `placement_bv_update_history` (`right_carry`, `date`, `from_id`, `user_id`) VALUES ('50', '2024-09-26 17:24:43', 'F3Z7BV', 'JOOGJ8');
UPDATE `bv_updation` SET sponsor_right_carry = sponsor_right_carry+50, sponsor_total_right = sponsor_total_right+50
WHERE `user_id` = 'JOOGJ8';
INSERT INTO `sponsor_bv_update_history` (`right_carry`, `date`, `user_id`) VALUES ('50', '2024-09-26 17:24:43', 'JOOGJ8');
INSERT INTO `matrix_filling` (`placement_id`, `downline_id`, `level`, `matrix`) VALUES ('IW5GAU', 'F3Z7BV', 8, 1);
UPDATE `bv_updation` SET right_carry = right_carry+50, total_right = total_right+50
WHERE `user_id` = 'IW5GAU';
INSERT INTO `placement_bv_update_history` (`right_carry`, `date`, `from_id`, `user_id`) VALUES ('50', '2024-09-26 17:24:43', 'F3Z7BV', 'IW5GAU');
INSERT INTO `matrix_filling` (`placement_id`, `downline_id`, `level`, `matrix`) VALUES ('JQ3FLF', 'F3Z7BV', 9, 1);
UPDATE `bv_updation` SET left_carry = left_carry+50, total_left = total_left+50
WHERE `user_id` = 'JQ3FLF';
INSERT INTO `placement_bv_update_history` (`left_carry`, `date`, `from_id`, `user_id`) VALUES ('50', '2024-09-26 17:24:43', 'F3Z7BV', 'JQ3FLF');
INSERT INTO `matrix_filling` (`placement_id`, `downline_id`, `level`, `matrix`) VALUES ('C3N32U', 'F3Z7BV', 10, 1);
UPDATE `bv_updation` SET left_carry = left_carry+50, total_left = total_left+50
WHERE `user_id` = 'C3N32U';
INSERT INTO `placement_bv_update_history` (`left_carry`, `date`, `from_id`, `user_id`) VALUES ('50', '2024-09-26 17:24:43', 'F3Z7BV', 'C3N32U');
INSERT INTO `matrix_filling` (`placement_id`, `downline_id`, `level`, `matrix`) VALUES ('MNLXPP', 'F3Z7BV', 11, 1);
UPDATE `bv_updation` SET left_carry = left_carry+50, total_left = total_left+50
WHERE `user_id` = 'MNLXPP';
INSERT INTO `placement_bv_update_history` (`left_carry`, `date`, `from_id`, `user_id`) VALUES ('50', '2024-09-26 17:24:43', 'F3Z7BV', 'MNLXPP');
INSERT INTO `matrix_filling` (`placement_id`, `downline_id`, `level`, `matrix`) VALUES ('NUPA4K', 'F3Z7BV', 12, 1);
UPDATE `bv_updation` SET left_carry = left_carry+50, total_left = total_left+50
WHERE `user_id` = 'NUPA4K';
INSERT INTO `placement_bv_update_history` (`left_carry`, `date`, `from_id`, `user_id`) VALUES ('50', '2024-09-26 17:24:43', 'F3Z7BV', 'NUPA4K');
INSERT INTO `matrix_filling` (`placement_id`, `downline_id`, `level`, `matrix`) VALUES ('1FFFBU', 'F3Z7BV', 13, 1);
UPDATE `bv_updation` SET left_carry = left_carry+50, total_left = total_left+50
WHERE `user_id` = '1FFFBU';
INSERT INTO `placement_bv_update_history` (`left_carry`, `date`, `from_id`, `user_id`) VALUES ('50', '2024-09-26 17:24:43', 'F3Z7BV', '1FFFBU');
INSERT INTO `matrix_filling` (`placement_id`, `downline_id`, `level`, `matrix`) VALUES ('J4CGUT', 'F3Z7BV', 14, 1);
UPDATE `bv_updation` SET left_carry = left_carry+50, total_left = total_left+50
WHERE `user_id` = 'J4CGUT';
INSERT INTO `placement_bv_update_history` (`left_carry`, `date`, `from_id`, `user_id`) VALUES ('50', '2024-09-26 17:24:43', 'F3Z7BV', 'J4CGUT');
INSERT INTO `matrix_filling` (`placement_id`, `downline_id`, `level`, `matrix`) VALUES ('S1RTX3', 'F3Z7BV', 15, 1);
UPDATE `bv_updation` SET left_carry = left_carry+50, total_left = total_left+50
WHERE `user_id` = 'S1RTX3';
INSERT INTO `placement_bv_update_history` (`left_carry`, `date`, `from_id`, `user_id`) VALUES ('50', '2024-09-26 17:24:43', 'F3Z7BV', 'S1RTX3');
INSERT INTO `matrix_filling` (`placement_id`, `downline_id`, `level`, `matrix`) VALUES ('I8YWQA', 'F3Z7BV', 16, 1);
UPDATE `bv_updation` SET left_carry = left_carry+50, total_left = total_left+50
WHERE `user_id` = 'I8YWQA';
INSERT INTO `placement_bv_update_history` (`left_carry`, `date`, `from_id`, `user_id`) VALUES ('50', '2024-09-26 17:24:43', 'F3Z7BV', 'I8YWQA');
INSERT INTO `matrix_filling` (`placement_id`, `downline_id`, `level`, `matrix`) VALUES ('I3MZBU', 'F3Z7BV', 17, 1);
UPDATE `bv_updation` SET left_carry = left_carry+50, total_left = total_left+50
WHERE `user_id` = 'I3MZBU';
INSERT INTO `placement_bv_update_history` (`left_carry`, `date`, `from_id`, `user_id`) VALUES ('50', '2024-09-26 17:24:43', 'F3Z7BV', 'I3MZBU');
INSERT INTO `matrix_filling` (`placement_id`, `downline_id`, `level`, `matrix`) VALUES ('H2I33O', 'F3Z7BV', 18, 1);
UPDATE `bv_updation` SET left_carry = left_carry+50, total_left = total_left+50
WHERE `user_id` = 'H2I33O';
INSERT INTO `placement_bv_update_history` (`left_carry`, `date`, `from_id`, `user_id`) VALUES ('50', '2024-09-26 17:24:43', 'F3Z7BV', 'H2I33O');
INSERT INTO `matrix_filling` (`placement_id`, `downline_id`, `level`, `matrix`) VALUES ('AL7XWH', 'F3Z7BV', 19, 1);
UPDATE `bv_updation` SET left_carry = left_carry+50, total_left = total_left+50
WHERE `user_id` = 'AL7XWH';
INSERT INTO `placement_bv_update_history` (`left_carry`, `date`, `from_id`, `user_id`) VALUES ('50', '2024-09-26 17:24:43', 'F3Z7BV', 'AL7XWH');
INSERT INTO `matrix_filling` (`placement_id`, `downline_id`, `level`, `matrix`) VALUES ('HFZ9SA', 'F3Z7BV', 20, 1);
UPDATE `bv_updation` SET left_carry = left_carry+50, total_left = total_left+50
WHERE `user_id` = 'HFZ9SA';
INSERT INTO `placement_bv_update_history` (`left_carry`, `date`, `from_id`, `user_id`) VALUES ('50', '2024-09-26 17:24:43', 'F3Z7BV', 'HFZ9SA');
INSERT INTO `matrix_filling` (`placement_id`, `downline_id`, `level`, `matrix`) VALUES ('A2MTZ3', 'F3Z7BV', 21, 1);
UPDATE `bv_updation` SET left_carry = left_carry+50, total_left = total_left+50
WHERE `user_id` = 'A2MTZ3';
INSERT INTO `placement_bv_update_history` (`left_carry`, `date`, `from_id`, `user_id`) VALUES ('50', '2024-09-26 17:24:43', 'F3Z7BV', 'A2MTZ3');
INSERT INTO `matrix_filling` (`placement_id`, `downline_id`, `level`, `matrix`) VALUES ('RUEKCW', 'F3Z7BV', 22, 1);
UPDATE `bv_updation` SET left_carry = left_carry+50, total_left = total_left+50
WHERE `user_id` = 'RUEKCW';
INSERT INTO `placement_bv_update_history` (`left_carry`, `date`, `from_id`, `user_id`) VALUES ('50', '2024-09-26 17:24:43', 'F3Z7BV', 'RUEKCW');
INSERT INTO `matrix_filling` (`placement_id`, `downline_id`, `level`, `matrix`) VALUES ('K3GTG4', 'F3Z7BV', 23, 1);
UPDATE `bv_updation` SET left_carry = left_carry+50, total_left = total_left+50
WHERE `user_id` = 'K3GTG4';
INSERT INTO `placement_bv_update_history` (`left_carry`, `date`, `from_id`, `user_id`) VALUES ('50', '2024-09-26 17:24:43', 'F3Z7BV', 'K3GTG4');
INSERT INTO `matrix_filling` (`placement_id`, `downline_id`, `level`, `matrix`) VALUES ('I1TUBN', 'F3Z7BV', 24, 1);
UPDATE `bv_updation` SET left_carry = left_carry+50, total_left = total_left+50
WHERE `user_id` = 'I1TUBN';
INSERT INTO `placement_bv_update_history` (`left_carry`, `date`, `from_id`, `user_id`) VALUES ('50', '2024-09-26 17:24:43', 'F3Z7BV', 'I1TUBN');
INSERT INTO `matrix_filling` (`placement_id`, `downline_id`, `level`, `matrix`) VALUES ('BAUCCU', 'F3Z7BV', 25, 1);
UPDATE `bv_updation` SET left_carry = left_carry+50, total_left = total_left+50
WHERE `user_id` = 'BAUCCU';
INSERT INTO `placement_bv_update_history` (`left_carry`, `date`, `from_id`, `user_id`) VALUES ('50', '2024-09-26 17:24:43', 'F3Z7BV', 'BAUCCU');
INSERT INTO `matrix_filling` (`placement_id`, `downline_id`, `level`, `matrix`) VALUES ('62QO97', 'F3Z7BV', 26, 1);
UPDATE `bv_updation` SET left_carry = left_carry+50, total_left = total_left+50
WHERE `user_id` = '62QO97';
INSERT INTO `placement_bv_update_history` (`left_carry`, `date`, `from_id`, `user_id`) VALUES ('50', '2024-09-26 17:24:43', 'F3Z7BV', '62QO97');
INSERT INTO `matrix_filling` (`placement_id`, `downline_id`, `level`, `matrix`) VALUES ('OHLQEO', 'F3Z7BV', 27, 1);
UPDATE `bv_updation` SET left_carry = left_carry+50, total_left = total_left+50
WHERE `user_id` = 'OHLQEO';
INSERT INTO `placement_bv_update_history` (`left_carry`, `date`, `from_id`, `user_id`) VALUES ('50', '2024-09-26 17:24:43', 'F3Z7BV', 'OHLQEO');
INSERT INTO `matrix_filling` (`placement_id`, `downline_id`, `level`, `matrix`) VALUES ('7APFKG', 'F3Z7BV', 28, 1);
UPDATE `bv_updation` SET left_carry = left_carry+50, total_left = total_left+50
WHERE `user_id` = '7APFKG';
INSERT INTO `placement_bv_update_history` (`left_carry`, `date`, `from_id`, `user_id`) VALUES ('50', '2024-09-26 17:24:43', 'F3Z7BV', '7APFKG');
INSERT INTO `matrix_filling` (`placement_id`, `downline_id`, `level`, `matrix`) VALUES ('Q2Q92Y', 'F3Z7BV', 29, 1);
UPDATE `bv_updation` SET left_carry = left_carry+50, total_left = total_left+50
WHERE `user_id` = 'Q2Q92Y';
INSERT INTO `placement_bv_update_history` (`left_carry`, `date`, `from_id`, `user_id`) VALUES ('50', '2024-09-26 17:24:43', 'F3Z7BV', 'Q2Q92Y');
INSERT INTO `matrix_filling` (`placement_id`, `downline_id`, `level`, `matrix`) VALUES ('E9ITRC', 'F3Z7BV', 30, 1);
UPDATE `bv_updation` SET left_carry = left_carry+50, total_left = total_left+50
WHERE `user_id` = 'E9ITRC';
INSERT INTO `placement_bv_update_history` (`left_carry`, `date`, `from_id`, `user_id`) VALUES ('50', '2024-09-26 17:24:43', 'F3Z7BV', 'E9ITRC');
INSERT INTO `matrix_filling` (`placement_id`, `downline_id`, `level`, `matrix`) VALUES ('7COKBB', 'F3Z7BV', 31, 1);
UPDATE `bv_updation` SET left_carry = left_carry+50, total_left = total_left+50
WHERE `user_id` = '7COKBB';
INSERT INTO `placement_bv_update_history` (`left_carry`, `date`, `from_id`, `user_id`) VALUES ('50', '2024-09-26 17:24:43', 'F3Z7BV', '7COKBB');
INSERT INTO `matrix_filling` (`placement_id`, `downline_id`, `level`, `matrix`) VALUES ('BDNS17', 'F3Z7BV', 32, 1);
UPDATE `bv_updation` SET left_carry = left_carry+50, total_left = total_left+50
WHERE `user_id` = 'BDNS17';
INSERT INTO `placement_bv_update_history` (`left_carry`, `date`, `from_id`, `user_id`) VALUES ('50', '2024-09-26 17:24:43', 'F3Z7BV', 'BDNS17');
INSERT INTO `matrix_filling` (`placement_id`, `downline_id`, `level`, `matrix`) VALUES ('7ZXRRE', 'F3Z7BV', 33, 1);
UPDATE `bv_updation` SET left_carry = left_carry+50, total_left = total_left+50
WHERE `user_id` = '7ZXRRE';
INSERT INTO `placement_bv_update_history` (`left_carry`, `date`, `from_id`, `user_id`) VALUES ('50', '2024-09-26 17:24:43', 'F3Z7BV', '7ZXRRE');
INSERT INTO `matrix_filling` (`placement_id`, `downline_id`, `level`, `matrix`) VALUES ('KLRAF5', 'F3Z7BV', 34, 1);
UPDATE `bv_updation` SET left_carry = left_carry+50, total_left = total_left+50
WHERE `user_id` = 'KLRAF5';
INSERT INTO `placement_bv_update_history` (`left_carry`, `date`, `from_id`, `user_id`) VALUES ('50', '2024-09-26 17:24:43', 'F3Z7BV', 'KLRAF5');
INSERT INTO `matrix_filling` (`placement_id`, `downline_id`, `level`, `matrix`) VALUES ('IFJHZG', 'F3Z7BV', 35, 1);
UPDATE `bv_updation` SET left_carry = left_carry+50, total_left = total_left+50
WHERE `user_id` = 'IFJHZG';
INSERT INTO `placement_bv_update_history` (`left_carry`, `date`, `from_id`, `user_id`) VALUES ('50', '2024-09-26 17:24:43', 'F3Z7BV', 'IFJHZG');
INSERT INTO `matrix_filling` (`placement_id`, `downline_id`, `level`, `matrix`) VALUES ('MXUV8Q', 'F3Z7BV', 36, 1);
UPDATE `bv_updation` SET left_carry = left_carry+50, total_left = total_left+50
WHERE `user_id` = 'MXUV8Q';
INSERT INTO `placement_bv_update_history` (`left_carry`, `date`, `from_id`, `user_id`) VALUES ('50', '2024-09-26 17:24:43', 'F3Z7BV', 'MXUV8Q');
INSERT INTO `matrix_filling` (`placement_id`, `downline_id`, `level`, `matrix`) VALUES ('GGM164', 'F3Z7BV', 37, 1);
UPDATE `bv_updation` SET left_carry = left_carry+50, total_left = total_left+50
WHERE `user_id` = 'GGM164';
INSERT INTO `placement_bv_update_history` (`left_carry`, `date`, `from_id`, `user_id`) VALUES ('50', '2024-09-26 17:24:43', 'F3Z7BV', 'GGM164');
INSERT INTO `matrix_filling` (`placement_id`, `downline_id`, `level`, `matrix`) VALUES ('3NKIEX', 'F3Z7BV', 38, 1);
UPDATE `bv_updation` SET left_carry = left_carry+50, total_left = total_left+50
WHERE `user_id` = '3NKIEX';
INSERT INTO `placement_bv_update_history` (`left_carry`, `date`, `from_id`, `user_id`) VALUES ('50', '2024-09-26 17:24:43', 'F3Z7BV', '3NKIEX');
INSERT INTO `matrix_filling` (`placement_id`, `downline_id`, `level`, `matrix`) VALUES ('S56TH3', 'F3Z7BV', 39, 1);
UPDATE `bv_updation` SET left_carry = left_carry+50, total_left = total_left+50
WHERE `user_id` = 'S56TH3';
INSERT INTO `placement_bv_update_history` (`left_carry`, `date`, `from_id`, `user_id`) VALUES ('50', '2024-09-26 17:24:43', 'F3Z7BV', 'S56TH3');
INSERT INTO `matrix_filling` (`placement_id`, `downline_id`, `level`, `matrix`) VALUES ('XYG89U', 'F3Z7BV', 40, 1);
UPDATE `bv_updation` SET left_carry = left_carry+50, total_left = total_left+50
WHERE `user_id` = 'XYG89U';
INSERT INTO `placement_bv_update_history` (`left_carry`, `date`, `from_id`, `user_id`) VALUES ('50', '2024-09-26 17:24:43', 'F3Z7BV', 'XYG89U');
INSERT INTO `matrix_filling` (`placement_id`, `downline_id`, `level`, `matrix`) VALUES ('HTFY93', 'F3Z7BV', 41, 1);
UPDATE `bv_updation` SET left_carry = left_carry+50, total_left = total_left+50
WHERE `user_id` = 'HTFY93';
INSERT INTO `placement_bv_update_history` (`left_carry`, `date`, `from_id`, `user_id`) VALUES ('50', '2024-09-26 17:24:43', 'F3Z7BV', 'HTFY93');
INSERT INTO `matrix_filling` (`placement_id`, `downline_id`, `level`, `matrix`) VALUES ('3PR393', 'F3Z7BV', 42, 1);
UPDATE `bv_updation` SET left_carry = left_carry+50, total_left = total_left+50
WHERE `user_id` = '3PR393';
INSERT INTO `placement_bv_update_history` (`left_carry`, `date`, `from_id`, `user_id`) VALUES ('50', '2024-09-26 17:24:43', 'F3Z7BV', '3PR393');
INSERT INTO `matrix_filling` (`placement_id`, `downline_id`, `level`, `matrix`) VALUES ('T3MRY1', 'F3Z7BV', 43, 1);
UPDATE `bv_updation` SET left_carry = left_carry+50, total_left = total_left+50
WHERE `user_id` = 'T3MRY1';
INSERT INTO `placement_bv_update_history` (`left_carry`, `date`, `from_id`, `user_id`) VALUES ('50', '2024-09-26 17:24:43', 'F3Z7BV', 'T3MRY1');
INSERT INTO `matrix_filling` (`placement_id`, `downline_id`, `level`, `matrix`) VALUES ('GTMCCK', 'F3Z7BV', 44, 1);
UPDATE `bv_updation` SET left_carry = left_carry+50, total_left = total_left+50
WHERE `user_id` = 'GTMCCK';
INSERT INTO `placement_bv_update_history` (`left_carry`, `date`, `from_id`, `user_id`) VALUES ('50', '2024-09-26 17:24:43', 'F3Z7BV', 'GTMCCK');
INSERT INTO `matrix_filling` (`placement_id`, `downline_id`, `level`, `matrix`) VALUES ('DLYMIF', 'F3Z7BV', 45, 1);
UPDATE `bv_updation` SET left_carry = left_carry+50, total_left = total_left+50
WHERE `user_id` = 'DLYMIF';
INSERT INTO `placement_bv_update_history` (`left_carry`, `date`, `from_id`, `user_id`) VALUES ('50', '2024-09-26 17:24:43', 'F3Z7BV', 'DLYMIF');
INSERT INTO `matrix_filling` (`placement_id`, `downline_id`, `level`, `matrix`) VALUES ('WGJ5KE', 'F3Z7BV', 46, 1);
UPDATE `bv_updation` SET left_carry = left_carry+50, total_left = total_left+50
WHERE `user_id` = 'WGJ5KE';
INSERT INTO `placement_bv_update_history` (`left_carry`, `date`, `from_id`, `user_id`) VALUES ('50', '2024-09-26 17:24:43', 'F3Z7BV', 'WGJ5KE');
INSERT INTO `matrix_filling` (`placement_id`, `downline_id`, `level`, `matrix`) VALUES ('ORRJ3M', 'F3Z7BV', 47, 1);
UPDATE `bv_updation` SET left_carry = left_carry+50, total_left = total_left+50
WHERE `user_id` = 'ORRJ3M';
INSERT INTO `placement_bv_update_history` (`left_carry`, `date`, `from_id`, `user_id`) VALUES ('50', '2024-09-26 17:24:44', 'F3Z7BV', 'ORRJ3M');
INSERT INTO `matrix_filling` (`placement_id`, `downline_id`, `level`, `matrix`) VALUES ('AA8V6V', 'F3Z7BV', 48, 1);
UPDATE `bv_updation` SET left_carry = left_carry+50, total_left = total_left+50
WHERE `user_id` = 'AA8V6V';
INSERT INTO `placement_bv_update_history` (`left_carry`, `date`, `from_id`, `user_id`) VALUES ('50', '2024-09-26 17:24:44', 'F3Z7BV', 'AA8V6V');
INSERT INTO `matrix_filling` (`placement_id`, `downline_id`, `level`, `matrix`) VALUES ('61ME4O', 'F3Z7BV', 49, 1);
UPDATE `bv_updation` SET left_carry = left_carry+50, total_left = total_left+50
WHERE `user_id` = '61ME4O';
INSERT INTO `placement_bv_update_history` (`left_carry`, `date`, `from_id`, `user_id`) VALUES ('50', '2024-09-26 17:24:44', 'F3Z7BV', '61ME4O');
INSERT INTO `matrix_filling` (`placement_id`, `downline_id`, `level`, `matrix`) VALUES ('WS1SZZ', 'F3Z7BV', 50, 1);
UPDATE `bv_updation` SET left_carry = left_carry+50, total_left = total_left+50
WHERE `user_id` = 'WS1SZZ';
INSERT INTO `placement_bv_update_history` (`left_carry`, `date`, `from_id`, `user_id`) VALUES ('50', '2024-09-26 17:24:44', 'F3Z7BV', 'WS1SZZ');
INSERT INTO `matrix_filling` (`placement_id`, `downline_id`, `level`, `matrix`) VALUES ('TBN4MZ', 'F3Z7BV', 51, 1);
UPDATE `bv_updation` SET left_carry = left_carry+50, total_left = total_left+50
WHERE `user_id` = 'TBN4MZ';
INSERT INTO `placement_bv_update_history` (`left_carry`, `date`, `from_id`, `user_id`) VALUES ('50', '2024-09-26 17:24:44', 'F3Z7BV', 'TBN4MZ');
INSERT INTO `matrix_filling` (`placement_id`, `downline_id`, `level`, `matrix`) VALUES ('OEMJ8R', 'F3Z7BV', 52, 1);
UPDATE `bv_updation` SET left_carry = left_carry+50, total_left = total_left+50
WHERE `user_id` = 'OEMJ8R';
INSERT INTO `placement_bv_update_history` (`left_carry`, `date`, `from_id`, `user_id`) VALUES ('50', '2024-09-26 17:24:44', 'F3Z7BV', 'OEMJ8R');
INSERT INTO `matrix_filling` (`placement_id`, `downline_id`, `level`, `matrix`) VALUES ('FXAYIE', 'F3Z7BV', 53, 1);
UPDATE `bv_updation` SET left_carry = left_carry+50, total_left = total_left+50
WHERE `user_id` = 'FXAYIE';
INSERT INTO `placement_bv_update_history` (`left_carry`, `date`, `from_id`, `user_id`) VALUES ('50', '2024-09-26 17:24:44', 'F3Z7BV', 'FXAYIE');
INSERT INTO `matrix_filling` (`placement_id`, `downline_id`, `level`, `matrix`) VALUES ('ELXZWC', 'F3Z7BV', 54, 1);
UPDATE `bv_updation` SET left_carry = left_carry+50, total_left = total_left+50
WHERE `user_id` = 'ELXZWC';
INSERT INTO `placement_bv_update_history` (`left_carry`, `date`, `from_id`, `user_id`) VALUES ('50', '2024-09-26 17:24:44', 'F3Z7BV', 'ELXZWC');
INSERT INTO `matrix_filling` (`placement_id`, `downline_id`, `level`, `matrix`) VALUES ('C1TQVI', 'F3Z7BV', 55, 1);
UPDATE `bv_updation` SET left_carry = left_carry+50, total_left = total_left+50
WHERE `user_id` = 'C1TQVI';
INSERT INTO `placement_bv_update_history` (`left_carry`, `date`, `from_id`, `user_id`) VALUES ('50', '2024-09-26 17:24:44', 'F3Z7BV', 'C1TQVI');
INSERT INTO `matrix_filling` (`placement_id`, `downline_id`, `level`, `matrix`) VALUES ('F5GPDF', 'F3Z7BV', 56, 1);
UPDATE `bv_updation` SET left_carry = left_carry+50, total_left = total_left+50
WHERE `user_id` = 'F5GPDF';
INSERT INTO `placement_bv_update_history` (`left_carry`, `date`, `from_id`, `user_id`) VALUES ('50', '2024-09-26 17:24:44', 'F3Z7BV', 'F5GPDF');
INSERT INTO `matrix_filling` (`placement_id`, `downline_id`, `level`, `matrix`) VALUES ('91PYDK', 'F3Z7BV', 57, 1);
UPDATE `bv_updation` SET left_carry = left_carry+50, total_left = total_left+50
WHERE `user_id` = '91PYDK';
INSERT INTO `placement_bv_update_history` (`left_carry`, `date`, `from_id`, `user_id`) VALUES ('50', '2024-09-26 17:24:44', 'F3Z7BV', '91PYDK');
INSERT INTO `matrix_filling` (`placement_id`, `downline_id`, `level`, `matrix`) VALUES ('4OT7RX', 'F3Z7BV', 58, 1);
UPDATE `bv_updation` SET left_carry = left_carry+50, total_left = total_left+50
WHERE `user_id` = '4OT7RX';
INSERT INTO `placement_bv_update_history` (`left_carry`, `date`, `from_id`, `user_id`) VALUES ('50', '2024-09-26 17:24:44', 'F3Z7BV', '4OT7RX');
INSERT INTO `matrix_filling` (`placement_id`, `downline_id`, `level`, `matrix`) VALUES ('ZJZA3M', 'F3Z7BV', 59, 1);
UPDATE `bv_updation` SET left_carry = left_carry+50, total_left = total_left+50
WHERE `user_id` = 'ZJZA3M';
INSERT INTO `placement_bv_update_history` (`left_carry`, `date`, `from_id`, `user_id`) VALUES ('50', '2024-09-26 17:24:44', 'F3Z7BV', 'ZJZA3M');
INSERT INTO `matrix_filling` (`placement_id`, `downline_id`, `level`, `matrix`) VALUES ('XN6ETC', 'F3Z7BV', 60, 1);
UPDATE `bv_updation` SET left_carry = left_carry+50, total_left = total_left+50
WHERE `user_id` = 'XN6ETC';
INSERT INTO `placement_bv_update_history` (`left_carry`, `date`, `from_id`, `user_id`) VALUES ('50', '2024-09-26 17:24:44', 'F3Z7BV', 'XN6ETC');
INSERT INTO `matrix_filling` (`placement_id`, `downline_id`, `level`, `matrix`) VALUES ('KVQN1O', 'F3Z7BV', 61, 1);
UPDATE `bv_updation` SET left_carry = left_carry+50, total_left = total_left+50
WHERE `user_id` = 'KVQN1O';
INSERT INTO `placement_bv_update_history` (`left_carry`, `date`, `from_id`, `user_id`) VALUES ('50', '2024-09-26 17:24:44', 'F3Z7BV', 'KVQN1O');
INSERT INTO `matrix_filling` (`placement_id`, `downline_id`, `level`, `matrix`) VALUES ('X3V7DJ', 'F3Z7BV', 62, 1);
UPDATE `bv_updation` SET left_carry = left_carry+50, total_left = total_left+50
WHERE `user_id` = 'X3V7DJ';
INSERT INTO `placement_bv_update_history` (`left_carry`, `date`, `from_id`, `user_id`) VALUES ('50', '2024-09-26 17:24:44', 'F3Z7BV', 'X3V7DJ');
INSERT INTO `matrix_filling` (`placement_id`, `downline_id`, `level`, `matrix`) VALUES ('DJ77NH', 'F3Z7BV', 63, 1);
UPDATE `bv_updation` SET left_carry = left_carry+50, total_left = total_left+50
WHERE `user_id` = 'DJ77NH';
INSERT INTO `placement_bv_update_history` (`left_carry`, `date`, `from_id`, `user_id`) VALUES ('50', '2024-09-26 17:24:44', 'F3Z7BV', 'DJ77NH');
INSERT INTO `matrix_filling` (`placement_id`, `downline_id`, `level`, `matrix`) VALUES ('PX7XCL', 'F3Z7BV', 64, 1);
UPDATE `bv_updation` SET left_carry = left_carry+50, total_left = total_left+50
WHERE `user_id` = 'PX7XCL';
INSERT INTO `placement_bv_update_history` (`left_carry`, `date`, `from_id`, `user_id`) VALUES ('50', '2024-09-26 17:24:44', 'F3Z7BV', 'PX7XCL');
INSERT INTO `matrix_filling` (`placement_id`, `downline_id`, `level`, `matrix`) VALUES ('L8PM4Z', 'F3Z7BV', 65, 1);
UPDATE `bv_updation` SET left_carry = left_carry+50, total_left = total_left+50
WHERE `user_id` = 'L8PM4Z';
INSERT INTO `placement_bv_update_history` (`left_carry`, `date`, `from_id`, `user_id`) VALUES ('50', '2024-09-26 17:24:44', 'F3Z7BV', 'L8PM4Z');
INSERT INTO `matrix_filling` (`placement_id`, `downline_id`, `level`, `matrix`) VALUES ('GBSIER', 'F3Z7BV', 66, 1);
UPDATE `bv_updation` SET left_carry = left_carry+50, total_left = total_left+50
WHERE `user_id` = 'GBSIER';
INSERT INTO `placement_bv_update_history` (`left_carry`, `date`, `from_id`, `user_id`) VALUES ('50', '2024-09-26 17:24:44', 'F3Z7BV', 'GBSIER');
INSERT INTO `matrix_filling` (`placement_id`, `downline_id`, `level`, `matrix`) VALUES ('AV48YQ', 'F3Z7BV', 67, 1);
UPDATE `bv_updation` SET left_carry = left_carry+50, total_left = total_left+50
WHERE `user_id` = 'AV48YQ';
INSERT INTO `placement_bv_update_history` (`left_carry`, `date`, `from_id`, `user_id`) VALUES ('50', '2024-09-26 17:24:44', 'F3Z7BV', 'AV48YQ');
INSERT INTO `matrix_filling` (`placement_id`, `downline_id`, `level`, `matrix`) VALUES ('admin', 'F3Z7BV', 68, 1);
INSERT INTO `package_purchase_history` (`user_id`, `package_id`, `reg_fee`, `package_name`, `monthly_fee`, `type`, `date`, `payment_option`) VALUES ('F3Z7BV', '2', '595', 'Traveler Pro', '150', 'sign_up', '2024-09-26 17:24:44', 'free');
UPDATE `user_registration` SET `uid` = '2902', `user_id` = '25EOX3', `username` = 'ernesto7', `sponsor_id` = 'JOOGJ8', `vacant` = 'no', `f_name` = 'Ernesto', `l_name` = 'Parra', `address` = '8100 SW 14 Terr', `position` = 'left', `email` = 'ernesto7@gmail.com', `password` = 'ff78b1ac3dfa79e5a0c39d15073c520b', `phone` = '7862876762', `country` = 'United States', `state` = 'Florida', `city` = 'Miami', `street` = '8100 SW 14 Terr', `zip_code` = '33144', `reg_ip` = '172.70.255.25', `status` = 1, `package_id` = '2', `rank_id` = 1, `highest_rank` = 1, `created` = '2024-09-26 17:26:45', `subscription_date` = '2024-10-26', `google_secret` = 'D6M6Y3OI7XBGZTFW'
WHERE `uid` = '2902';
INSERT INTO `user_registration` (`uid`, `user_id`, `username`, `sponsor_id`, `placement_id`, `vacant`, `f_name`, `l_name`, `address`, `position`, `email`, `password`, `phone`, `reg_ip`, `status`, `created`) VALUES (NULL, 'BBTEHW', 'hPOYQbXS', '25EOX3', '25EOX3', 'yes', '', '', '', 'left', '@mail.com', '', '', '', 0, '2024-09-26 17:26:45');
INSERT INTO `user_registration` (`uid`, `user_id`, `username`, `sponsor_id`, `placement_id`, `vacant`, `f_name`, `l_name`, `address`, `position`, `email`, `password`, `phone`, `reg_ip`, `status`, `created`) VALUES (NULL, 'UXLAJL', 'yBxEvJMT', '25EOX3', '25EOX3', 'yes', '', '', '', 'right', '@mail.com', '', '', '', 0, '2024-09-26 17:26:45');
INSERT INTO `bv_updation` (`user_id`) VALUES ('25EOX3');
UPDATE `user_registration` SET total_ref_count = total_ref_count+1
WHERE `user_id` = 'JOOGJ8';
UPDATE `user_registration` SET total_downlines = total_downlines+1
WHERE `user_id` = '3G5LT6';
UPDATE `user_registration` SET left_downlines = left_downlines+1
WHERE `user_id` = '3G5LT6';
UPDATE `user_registration` SET total_downlines = total_downlines+1
WHERE `user_id` = 'D84WMU';
UPDATE `user_registration` SET left_downlines = left_downlines+1
WHERE `user_id` = 'D84WMU';
UPDATE `user_registration` SET total_downlines = total_downlines+1
WHERE `user_id` = 'B91RBB';
UPDATE `user_registration` SET left_downlines = left_downlines+1
WHERE `user_id` = 'B91RBB';
UPDATE `user_registration` SET total_downlines = total_downlines+1
WHERE `user_id` = 'V3QV68';
UPDATE `user_registration` SET left_downlines = left_downlines+1
WHERE `user_id` = 'V3QV68';
UPDATE `user_registration` SET total_downlines = total_downlines+1
WHERE `user_id` = 'CZ5F64';
UPDATE `user_registration` SET left_downlines = left_downlines+1
WHERE `user_id` = 'CZ5F64';
UPDATE `user_registration` SET total_downlines = total_downlines+1
WHERE `user_id` = 'GLSBMT';
UPDATE `user_registration` SET left_downlines = left_downlines+1
WHERE `user_id` = 'GLSBMT';
UPDATE `user_registration` SET total_downlines = total_downlines+1
WHERE `user_id` = 'JOOGJ8';
UPDATE `user_registration` SET left_downlines = left_downlines+1
WHERE `user_id` = 'JOOGJ8';
UPDATE `user_registration` SET left_ref_count = left_ref_count+1
WHERE `user_id` = 'JOOGJ8';
UPDATE `user_registration` SET active_left = active_left+1
WHERE `user_id` = 'JOOGJ8';
UPDATE `user_registration` SET total_downlines = total_downlines+1
WHERE `user_id` = 'IW5GAU';
UPDATE `user_registration` SET right_downlines = right_downlines+1
WHERE `user_id` = 'IW5GAU';
UPDATE `user_registration` SET total_downlines = total_downlines+1
WHERE `user_id` = 'JQ3FLF';
UPDATE `user_registration` SET left_downlines = left_downlines+1
WHERE `user_id` = 'JQ3FLF';
UPDATE `user_registration` SET total_downlines = total_downlines+1
WHERE `user_id` = 'C3N32U';
UPDATE `user_registration` SET left_downlines = left_downlines+1
WHERE `user_id` = 'C3N32U';
UPDATE `user_registration` SET total_downlines = total_downlines+1
WHERE `user_id` = 'MNLXPP';
UPDATE `user_registration` SET left_downlines = left_downlines+1
WHERE `user_id` = 'MNLXPP';
UPDATE `user_registration` SET total_downlines = total_downlines+1
WHERE `user_id` = 'NUPA4K';
UPDATE `user_registration` SET left_downlines = left_downlines+1
WHERE `user_id` = 'NUPA4K';
UPDATE `user_registration` SET total_downlines = total_downlines+1
WHERE `user_id` = '1FFFBU';
UPDATE `user_registration` SET left_downlines = left_downlines+1
WHERE `user_id` = '1FFFBU';
UPDATE `user_registration` SET total_downlines = total_downlines+1
WHERE `user_id` = 'J4CGUT';
UPDATE `user_registration` SET left_downlines = left_downlines+1
WHERE `user_id` = 'J4CGUT';
UPDATE `user_registration` SET total_downlines = total_downlines+1
WHERE `user_id` = 'S1RTX3';
UPDATE `user_registration` SET left_downlines = left_downlines+1
WHERE `user_id` = 'S1RTX3';
UPDATE `user_registration` SET total_downlines = total_downlines+1
WHERE `user_id` = 'I8YWQA';
UPDATE `user_registration` SET left_downlines = left_downlines+1
WHERE `user_id` = 'I8YWQA';
UPDATE `user_registration` SET total_downlines = total_downlines+1
WHERE `user_id` = 'I3MZBU';
UPDATE `user_registration` SET left_downlines = left_downlines+1
WHERE `user_id` = 'I3MZBU';
UPDATE `user_registration` SET total_downlines = total_downlines+1
WHERE `user_id` = 'H2I33O';
UPDATE `user_registration` SET left_downlines = left_downlines+1
WHERE `user_id` = 'H2I33O';
UPDATE `user_registration` SET total_downlines = total_downlines+1
WHERE `user_id` = 'AL7XWH';
UPDATE `user_registration` SET left_downlines = left_downlines+1
WHERE `user_id` = 'AL7XWH';
UPDATE `user_registration` SET total_downlines = total_downlines+1
WHERE `user_id` = 'HFZ9SA';
UPDATE `user_registration` SET left_downlines = left_downlines+1
WHERE `user_id` = 'HFZ9SA';
UPDATE `user_registration` SET total_downlines = total_downlines+1
WHERE `user_id` = 'A2MTZ3';
UPDATE `user_registration` SET left_downlines = left_downlines+1
WHERE `user_id` = 'A2MTZ3';
UPDATE `user_registration` SET total_downlines = total_downlines+1
WHERE `user_id` = 'RUEKCW';
UPDATE `user_registration` SET left_downlines = left_downlines+1
WHERE `user_id` = 'RUEKCW';
UPDATE `user_registration` SET total_downlines = total_downlines+1
WHERE `user_id` = 'K3GTG4';
UPDATE `user_registration` SET left_downlines = left_downlines+1
WHERE `user_id` = 'K3GTG4';
UPDATE `user_registration` SET total_downlines = total_downlines+1
WHERE `user_id` = 'I1TUBN';
UPDATE `user_registration` SET left_downlines = left_downlines+1
WHERE `user_id` = 'I1TUBN';
UPDATE `user_registration` SET total_downlines = total_downlines+1
WHERE `user_id` = 'BAUCCU';
UPDATE `user_registration` SET left_downlines = left_downlines+1
WHERE `user_id` = 'BAUCCU';
UPDATE `user_registration` SET total_downlines = total_downlines+1
WHERE `user_id` = '62QO97';
UPDATE `user_registration` SET left_downlines = left_downlines+1
WHERE `user_id` = '62QO97';
UPDATE `user_registration` SET total_downlines = total_downlines+1
WHERE `user_id` = 'OHLQEO';
UPDATE `user_registration` SET left_downlines = left_downlines+1
WHERE `user_id` = 'OHLQEO';
UPDATE `user_registration` SET total_downlines = total_downlines+1
WHERE `user_id` = '7APFKG';
UPDATE `user_registration` SET left_downlines = left_downlines+1
WHERE `user_id` = '7APFKG';
UPDATE `user_registration` SET total_downlines = total_downlines+1
WHERE `user_id` = 'Q2Q92Y';
UPDATE `user_registration` SET left_downlines = left_downlines+1
WHERE `user_id` = 'Q2Q92Y';
UPDATE `user_registration` SET total_downlines = total_downlines+1
WHERE `user_id` = 'E9ITRC';
UPDATE `user_registration` SET left_downlines = left_downlines+1
WHERE `user_id` = 'E9ITRC';
UPDATE `user_registration` SET total_downlines = total_downlines+1
WHERE `user_id` = '7COKBB';
UPDATE `user_registration` SET left_downlines = left_downlines+1
WHERE `user_id` = '7COKBB';
UPDATE `user_registration` SET total_downlines = total_downlines+1
WHERE `user_id` = 'BDNS17';
UPDATE `user_registration` SET left_downlines = left_downlines+1
WHERE `user_id` = 'BDNS17';
UPDATE `user_registration` SET total_downlines = total_downlines+1
WHERE `user_id` = '7ZXRRE';
UPDATE `user_registration` SET left_downlines = left_downlines+1
WHERE `user_id` = '7ZXRRE';
UPDATE `user_registration` SET total_downlines = total_downlines+1
WHERE `user_id` = 'KLRAF5';
UPDATE `user_registration` SET left_downlines = left_downlines+1
WHERE `user_id` = 'KLRAF5';
UPDATE `user_registration` SET total_downlines = total_downlines+1
WHERE `user_id` = 'IFJHZG';
UPDATE `user_registration` SET left_downlines = left_downlines+1
WHERE `user_id` = 'IFJHZG';
UPDATE `user_registration` SET total_downlines = total_downlines+1
WHERE `user_id` = 'MXUV8Q';
UPDATE `user_registration` SET left_downlines = left_downlines+1
WHERE `user_id` = 'MXUV8Q';
UPDATE `user_registration` SET total_downlines = total_downlines+1
WHERE `user_id` = 'GGM164';
UPDATE `user_registration` SET left_downlines = left_downlines+1
WHERE `user_id` = 'GGM164';
UPDATE `user_registration` SET total_downlines = total_downlines+1
WHERE `user_id` = '3NKIEX';
UPDATE `user_registration` SET left_downlines = left_downlines+1
WHERE `user_id` = '3NKIEX';
UPDATE `user_registration` SET total_downlines = total_downlines+1
WHERE `user_id` = 'S56TH3';
UPDATE `user_registration` SET left_downlines = left_downlines+1
WHERE `user_id` = 'S56TH3';
UPDATE `user_registration` SET total_downlines = total_downlines+1
WHERE `user_id` = 'XYG89U';
UPDATE `user_registration` SET left_downlines = left_downlines+1
WHERE `user_id` = 'XYG89U';
UPDATE `user_registration` SET total_downlines = total_downlines+1
WHERE `user_id` = 'HTFY93';
UPDATE `user_registration` SET left_downlines = left_downlines+1
WHERE `user_id` = 'HTFY93';
UPDATE `user_registration` SET total_downlines = total_downlines+1
WHERE `user_id` = '3PR393';
UPDATE `user_registration` SET left_downlines = left_downlines+1
WHERE `user_id` = '3PR393';
UPDATE `user_registration` SET total_downlines = total_downlines+1
WHERE `user_id` = 'T3MRY1';
UPDATE `user_registration` SET left_downlines = left_downlines+1
WHERE `user_id` = 'T3MRY1';
UPDATE `user_registration` SET total_downlines = total_downlines+1
WHERE `user_id` = 'GTMCCK';
UPDATE `user_registration` SET left_downlines = left_downlines+1
WHERE `user_id` = 'GTMCCK';
UPDATE `user_registration` SET total_downlines = total_downlines+1
WHERE `user_id` = 'DLYMIF';
UPDATE `user_registration` SET left_downlines = left_downlines+1
WHERE `user_id` = 'DLYMIF';
UPDATE `user_registration` SET total_downlines = total_downlines+1
WHERE `user_id` = 'WGJ5KE';
UPDATE `user_registration` SET left_downlines = left_downlines+1
WHERE `user_id` = 'WGJ5KE';
UPDATE `user_registration` SET total_downlines = total_downlines+1
WHERE `user_id` = 'ORRJ3M';
UPDATE `user_registration` SET left_downlines = left_downlines+1
WHERE `user_id` = 'ORRJ3M';
UPDATE `user_registration` SET total_downlines = total_downlines+1
WHERE `user_id` = 'AA8V6V';
UPDATE `user_registration` SET left_downlines = left_downlines+1
WHERE `user_id` = 'AA8V6V';
UPDATE `user_registration` SET total_downlines = total_downlines+1
WHERE `user_id` = '61ME4O';
UPDATE `user_registration` SET left_downlines = left_downlines+1
WHERE `user_id` = '61ME4O';
UPDATE `user_registration` SET total_downlines = total_downlines+1
WHERE `user_id` = 'WS1SZZ';
UPDATE `user_registration` SET left_downlines = left_downlines+1
WHERE `user_id` = 'WS1SZZ';
UPDATE `user_registration` SET total_downlines = total_downlines+1
WHERE `user_id` = 'TBN4MZ';
UPDATE `user_registration` SET left_downlines = left_downlines+1
WHERE `user_id` = 'TBN4MZ';
UPDATE `user_registration` SET total_downlines = total_downlines+1
WHERE `user_id` = 'OEMJ8R';
UPDATE `user_registration` SET left_downlines = left_downlines+1
WHERE `user_id` = 'OEMJ8R';
UPDATE `user_registration` SET total_downlines = total_downlines+1
WHERE `user_id` = 'FXAYIE';
UPDATE `user_registration` SET left_downlines = left_downlines+1
WHERE `user_id` = 'FXAYIE';
UPDATE `user_registration` SET total_downlines = total_downlines+1
WHERE `user_id` = 'ELXZWC';
UPDATE `user_registration` SET left_downlines = left_downlines+1
WHERE `user_id` = 'ELXZWC';
UPDATE `user_registration` SET total_downlines = total_downlines+1
WHERE `user_id` = 'C1TQVI';
UPDATE `user_registration` SET left_downlines = left_downlines+1
WHERE `user_id` = 'C1TQVI';
UPDATE `user_registration` SET total_downlines = total_downlines+1
WHERE `user_id` = 'F5GPDF';
UPDATE `user_registration` SET left_downlines = left_downlines+1
WHERE `user_id` = 'F5GPDF';
UPDATE `user_registration` SET total_downlines = total_downlines+1
WHERE `user_id` = '91PYDK';
UPDATE `user_registration` SET left_downlines = left_downlines+1
WHERE `user_id` = '91PYDK';
UPDATE `user_registration` SET total_downlines = total_downlines+1
WHERE `user_id` = '4OT7RX';
UPDATE `user_registration` SET left_downlines = left_downlines+1
WHERE `user_id` = '4OT7RX';
UPDATE `user_registration` SET total_downlines = total_downlines+1
WHERE `user_id` = 'ZJZA3M';
UPDATE `user_registration` SET left_downlines = left_downlines+1
WHERE `user_id` = 'ZJZA3M';
UPDATE `user_registration` SET total_downlines = total_downlines+1
WHERE `user_id` = 'XN6ETC';
UPDATE `user_registration` SET left_downlines = left_downlines+1
WHERE `user_id` = 'XN6ETC';
UPDATE `user_registration` SET total_downlines = total_downlines+1
WHERE `user_id` = 'KVQN1O';
UPDATE `user_registration` SET left_downlines = left_downlines+1
WHERE `user_id` = 'KVQN1O';
UPDATE `user_registration` SET total_downlines = total_downlines+1
WHERE `user_id` = 'X3V7DJ';
UPDATE `user_registration` SET left_downlines = left_downlines+1
WHERE `user_id` = 'X3V7DJ';
UPDATE `user_registration` SET total_downlines = total_downlines+1
WHERE `user_id` = 'DJ77NH';
UPDATE `user_registration` SET left_downlines = left_downlines+1
WHERE `user_id` = 'DJ77NH';
UPDATE `user_registration` SET total_downlines = total_downlines+1
WHERE `user_id` = 'PX7XCL';
UPDATE `user_registration` SET left_downlines = left_downlines+1
WHERE `user_id` = 'PX7XCL';
UPDATE `user_registration` SET total_downlines = total_downlines+1
WHERE `user_id` = 'L8PM4Z';
UPDATE `user_registration` SET left_downlines = left_downlines+1
WHERE `user_id` = 'L8PM4Z';
UPDATE `user_registration` SET total_downlines = total_downlines+1
WHERE `user_id` = 'GBSIER';
UPDATE `user_registration` SET left_downlines = left_downlines+1
WHERE `user_id` = 'GBSIER';
UPDATE `user_registration` SET total_downlines = total_downlines+1
WHERE `user_id` = 'AV48YQ';
UPDATE `user_registration` SET left_downlines = left_downlines+1
WHERE `user_id` = 'AV48YQ';
UPDATE `user_registration` SET total_downlines = total_downlines+1
WHERE `user_id` = 'admin';
UPDATE `user_registration` SET left_downlines = left_downlines+1
WHERE `user_id` = 'admin';
INSERT INTO `investment` (`invest_date`, `user_id`, `type`, `amount`, `package_id`) VALUES ('2024-09-26 17:26:45', '25EOX3', 'register', '595', '2');
INSERT INTO `earnings` (`user_id`, `Purchaser_id`, `earning_type`, `package_id`, `amount`, `date`, `comments`, `invest_amount`, `comm_perc`, `level`, `rank_id`, `order_id`) VALUES ('JOOGJ8', '25EOX3', 'Direct Referral Bonus', '2', '100', '2024-09-26 17:26:45', 'Direct Referral Bonus', 0, 0, 1, '', 299);
UPDATE `user_registration` SET commission_balance = ROUND(commission_balance + 100,2)
WHERE `user_id` = 'JOOGJ8';
INSERT INTO `earnings` (`user_id`, `Purchaser_id`, `earning_type`, `package_id`, `amount`, `date`, `comments`, `invest_amount`, `comm_perc`, `level`, `rank_id`, `order_id`) VALUES ('1FFFBU', '25EOX3', 'Expansion Bonus', '2', 200, '2024-09-26 17:26:45', 'Expansion Bonus', '100', 0, 1, '', 299);
UPDATE `user_registration` SET commission_balance = ROUND(commission_balance + 200,2)
WHERE `user_id` = '1FFFBU';
INSERT INTO `matrix_filling` (`placement_id`, `downline_id`, `level`, `matrix`) VALUES ('3G5LT6', '25EOX3', 1, 1);
UPDATE `bv_updation` SET left_carry = left_carry+50, total_left = total_left+50
WHERE `user_id` = '3G5LT6';
INSERT INTO `placement_bv_update_history` (`left_carry`, `date`, `from_id`, `user_id`) VALUES ('50', '2024-09-26 17:26:45', '25EOX3', '3G5LT6');
INSERT INTO `matrix_filling` (`placement_id`, `downline_id`, `level`, `matrix`) VALUES ('D84WMU', '25EOX3', 2, 1);
UPDATE `bv_updation` SET left_carry = left_carry+50, total_left = total_left+50
WHERE `user_id` = 'D84WMU';
INSERT INTO `placement_bv_update_history` (`left_carry`, `date`, `from_id`, `user_id`) VALUES ('50', '2024-09-26 17:26:45', '25EOX3', 'D84WMU');
INSERT INTO `matrix_filling` (`placement_id`, `downline_id`, `level`, `matrix`) VALUES ('B91RBB', '25EOX3', 3, 1);
UPDATE `bv_updation` SET left_carry = left_carry+50, total_left = total_left+50
WHERE `user_id` = 'B91RBB';
INSERT INTO `placement_bv_update_history` (`left_carry`, `date`, `from_id`, `user_id`) VALUES ('50', '2024-09-26 17:26:45', '25EOX3', 'B91RBB');
INSERT INTO `matrix_filling` (`placement_id`, `downline_id`, `level`, `matrix`) VALUES ('V3QV68', '25EOX3', 4, 1);
UPDATE `bv_updation` SET left_carry = left_carry+50, total_left = total_left+50
WHERE `user_id` = 'V3QV68';
INSERT INTO `placement_bv_update_history` (`left_carry`, `date`, `from_id`, `user_id`) VALUES ('50', '2024-09-26 17:26:45', '25EOX3', 'V3QV68');
INSERT INTO `matrix_filling` (`placement_id`, `downline_id`, `level`, `matrix`) VALUES ('CZ5F64', '25EOX3', 5, 1);
UPDATE `bv_updation` SET left_carry = left_carry+50, total_left = total_left+50
WHERE `user_id` = 'CZ5F64';
INSERT INTO `placement_bv_update_history` (`left_carry`, `date`, `from_id`, `user_id`) VALUES ('50', '2024-09-26 17:26:45', '25EOX3', 'CZ5F64');
INSERT INTO `matrix_filling` (`placement_id`, `downline_id`, `level`, `matrix`) VALUES ('GLSBMT', '25EOX3', 6, 1);
UPDATE `bv_updation` SET left_carry = left_carry+50, total_left = total_left+50
WHERE `user_id` = 'GLSBMT';
INSERT INTO `placement_bv_update_history` (`left_carry`, `date`, `from_id`, `user_id`) VALUES ('50', '2024-09-26 17:26:45', '25EOX3', 'GLSBMT');
INSERT INTO `matrix_filling` (`placement_id`, `downline_id`, `level`, `matrix`) VALUES ('JOOGJ8', '25EOX3', 7, 1);
UPDATE `bv_updation` SET left_carry = left_carry+50, total_left = total_left+50
WHERE `user_id` = 'JOOGJ8';
INSERT INTO `placement_bv_update_history` (`left_carry`, `date`, `from_id`, `user_id`) VALUES ('50', '2024-09-26 17:26:45', '25EOX3', 'JOOGJ8');
UPDATE `bv_updation` SET sponsor_left_carry = sponsor_left_carry+50, sponsor_total_left = sponsor_total_left+50
WHERE `user_id` = 'JOOGJ8';
INSERT INTO `sponsor_bv_update_history` (`left_carry`, `date`, `user_id`) VALUES ('50', '2024-09-26 17:26:45', 'JOOGJ8');
INSERT INTO `matrix_filling` (`placement_id`, `downline_id`, `level`, `matrix`) VALUES ('IW5GAU', '25EOX3', 8, 1);
UPDATE `bv_updation` SET right_carry = right_carry+50, total_right = total_right+50
WHERE `user_id` = 'IW5GAU';
INSERT INTO `placement_bv_update_history` (`right_carry`, `date`, `from_id`, `user_id`) VALUES ('50', '2024-09-26 17:26:45', '25EOX3', 'IW5GAU');
INSERT INTO `matrix_filling` (`placement_id`, `downline_id`, `level`, `matrix`) VALUES ('JQ3FLF', '25EOX3', 9, 1);
UPDATE `bv_updation` SET left_carry = left_carry+50, total_left = total_left+50
WHERE `user_id` = 'JQ3FLF';
INSERT INTO `placement_bv_update_history` (`left_carry`, `date`, `from_id`, `user_id`) VALUES ('50', '2024-09-26 17:26:45', '25EOX3', 'JQ3FLF');
INSERT INTO `matrix_filling` (`placement_id`, `downline_id`, `level`, `matrix`) VALUES ('C3N32U', '25EOX3', 10, 1);
UPDATE `bv_updation` SET left_carry = left_carry+50, total_left = total_left+50
WHERE `user_id` = 'C3N32U';
INSERT INTO `placement_bv_update_history` (`left_carry`, `date`, `from_id`, `user_id`) VALUES ('50', '2024-09-26 17:26:45', '25EOX3', 'C3N32U');
INSERT INTO `matrix_filling` (`placement_id`, `downline_id`, `level`, `matrix`) VALUES ('MNLXPP', '25EOX3', 11, 1);
UPDATE `bv_updation` SET left_carry = left_carry+50, total_left = total_left+50
WHERE `user_id` = 'MNLXPP';
INSERT INTO `placement_bv_update_history` (`left_carry`, `date`, `from_id`, `user_id`) VALUES ('50', '2024-09-26 17:26:45', '25EOX3', 'MNLXPP');
INSERT INTO `matrix_filling` (`placement_id`, `downline_id`, `level`, `matrix`) VALUES ('NUPA4K', '25EOX3', 12, 1);
UPDATE `bv_updation` SET left_carry = left_carry+50, total_left = total_left+50
WHERE `user_id` = 'NUPA4K';
INSERT INTO `placement_bv_update_history` (`left_carry`, `date`, `from_id`, `user_id`) VALUES ('50', '2024-09-26 17:26:45', '25EOX3', 'NUPA4K');
INSERT INTO `matrix_filling` (`placement_id`, `downline_id`, `level`, `matrix`) VALUES ('1FFFBU', '25EOX3', 13, 1);
UPDATE `bv_updation` SET left_carry = left_carry+50, total_left = total_left+50
WHERE `user_id` = '1FFFBU';
INSERT INTO `placement_bv_update_history` (`left_carry`, `date`, `from_id`, `user_id`) VALUES ('50', '2024-09-26 17:26:45', '25EOX3', '1FFFBU');
INSERT INTO `matrix_filling` (`placement_id`, `downline_id`, `level`, `matrix`) VALUES ('J4CGUT', '25EOX3', 14, 1);
UPDATE `bv_updation` SET left_carry = left_carry+50, total_left = total_left+50
WHERE `user_id` = 'J4CGUT';
INSERT INTO `placement_bv_update_history` (`left_carry`, `date`, `from_id`, `user_id`) VALUES ('50', '2024-09-26 17:26:45', '25EOX3', 'J4CGUT');
INSERT INTO `matrix_filling` (`placement_id`, `downline_id`, `level`, `matrix`) VALUES ('S1RTX3', '25EOX3', 15, 1);
UPDATE `bv_updation` SET left_carry = left_carry+50, total_left = total_left+50
WHERE `user_id` = 'S1RTX3';
INSERT INTO `placement_bv_update_history` (`left_carry`, `date`, `from_id`, `user_id`) VALUES ('50', '2024-09-26 17:26:45', '25EOX3', 'S1RTX3');
INSERT INTO `matrix_filling` (`placement_id`, `downline_id`, `level`, `matrix`) VALUES ('I8YWQA', '25EOX3', 16, 1);
UPDATE `bv_updation` SET left_carry = left_carry+50, total_left = total_left+50
WHERE `user_id` = 'I8YWQA';
INSERT INTO `placement_bv_update_history` (`left_carry`, `date`, `from_id`, `user_id`) VALUES ('50', '2024-09-26 17:26:45', '25EOX3', 'I8YWQA');
INSERT INTO `matrix_filling` (`placement_id`, `downline_id`, `level`, `matrix`) VALUES ('I3MZBU', '25EOX3', 17, 1);
UPDATE `bv_updation` SET left_carry = left_carry+50, total_left = total_left+50
WHERE `user_id` = 'I3MZBU';
INSERT INTO `placement_bv_update_history` (`left_carry`, `date`, `from_id`, `user_id`) VALUES ('50', '2024-09-26 17:26:45', '25EOX3', 'I3MZBU');
INSERT INTO `matrix_filling` (`placement_id`, `downline_id`, `level`, `matrix`) VALUES ('H2I33O', '25EOX3', 18, 1);
UPDATE `bv_updation` SET left_carry = left_carry+50, total_left = total_left+50
WHERE `user_id` = 'H2I33O';
INSERT INTO `placement_bv_update_history` (`left_carry`, `date`, `from_id`, `user_id`) VALUES ('50', '2024-09-26 17:26:45', '25EOX3', 'H2I33O');
INSERT INTO `matrix_filling` (`placement_id`, `downline_id`, `level`, `matrix`) VALUES ('AL7XWH', '25EOX3', 19, 1);
UPDATE `bv_updation` SET left_carry = left_carry+50, total_left = total_left+50
WHERE `user_id` = 'AL7XWH';
INSERT INTO `placement_bv_update_history` (`left_carry`, `date`, `from_id`, `user_id`) VALUES ('50', '2024-09-26 17:26:45', '25EOX3', 'AL7XWH');
INSERT INTO `matrix_filling` (`placement_id`, `downline_id`, `level`, `matrix`) VALUES ('HFZ9SA', '25EOX3', 20, 1);
UPDATE `bv_updation` SET left_carry = left_carry+50, total_left = total_left+50
WHERE `user_id` = 'HFZ9SA';
INSERT INTO `placement_bv_update_history` (`left_carry`, `date`, `from_id`, `user_id`) VALUES ('50', '2024-09-26 17:26:45', '25EOX3', 'HFZ9SA');
INSERT INTO `matrix_filling` (`placement_id`, `downline_id`, `level`, `matrix`) VALUES ('A2MTZ3', '25EOX3', 21, 1);
UPDATE `bv_updation` SET left_carry = left_carry+50, total_left = total_left+50
WHERE `user_id` = 'A2MTZ3';
INSERT INTO `placement_bv_update_history` (`left_carry`, `date`, `from_id`, `user_id`) VALUES ('50', '2024-09-26 17:26:45', '25EOX3', 'A2MTZ3');
INSERT INTO `matrix_filling` (`placement_id`, `downline_id`, `level`, `matrix`) VALUES ('RUEKCW', '25EOX3', 22, 1);
UPDATE `bv_updation` SET left_carry = left_carry+50, total_left = total_left+50
WHERE `user_id` = 'RUEKCW';
INSERT INTO `placement_bv_update_history` (`left_carry`, `date`, `from_id`, `user_id`) VALUES ('50', '2024-09-26 17:26:45', '25EOX3', 'RUEKCW');
INSERT INTO `matrix_filling` (`placement_id`, `downline_id`, `level`, `matrix`) VALUES ('K3GTG4', '25EOX3', 23, 1);
UPDATE `bv_updation` SET left_carry = left_carry+50, total_left = total_left+50
WHERE `user_id` = 'K3GTG4';
INSERT INTO `placement_bv_update_history` (`left_carry`, `date`, `from_id`, `user_id`) VALUES ('50', '2024-09-26 17:26:45', '25EOX3', 'K3GTG4');
INSERT INTO `matrix_filling` (`placement_id`, `downline_id`, `level`, `matrix`) VALUES ('I1TUBN', '25EOX3', 24, 1);
UPDATE `bv_updation` SET left_carry = left_carry+50, total_left = total_left+50
WHERE `user_id` = 'I1TUBN';
INSERT INTO `placement_bv_update_history` (`left_carry`, `date`, `from_id`, `user_id`) VALUES ('50', '2024-09-26 17:26:45', '25EOX3', 'I1TUBN');
INSERT INTO `matrix_filling` (`placement_id`, `downline_id`, `level`, `matrix`) VALUES ('BAUCCU', '25EOX3', 25, 1);
UPDATE `bv_updation` SET left_carry = left_carry+50, total_left = total_left+50
WHERE `user_id` = 'BAUCCU';
INSERT INTO `placement_bv_update_history` (`left_carry`, `date`, `from_id`, `user_id`) VALUES ('50', '2024-09-26 17:26:45', '25EOX3', 'BAUCCU');
INSERT INTO `matrix_filling` (`placement_id`, `downline_id`, `level`, `matrix`) VALUES ('62QO97', '25EOX3', 26, 1);
UPDATE `bv_updation` SET left_carry = left_carry+50, total_left = total_left+50
WHERE `user_id` = '62QO97';
INSERT INTO `placement_bv_update_history` (`left_carry`, `date`, `from_id`, `user_id`) VALUES ('50', '2024-09-26 17:26:45', '25EOX3', '62QO97');
INSERT INTO `matrix_filling` (`placement_id`, `downline_id`, `level`, `matrix`) VALUES ('OHLQEO', '25EOX3', 27, 1);
UPDATE `bv_updation` SET left_carry = left_carry+50, total_left = total_left+50
WHERE `user_id` = 'OHLQEO';
INSERT INTO `placement_bv_update_history` (`left_carry`, `date`, `from_id`, `user_id`) VALUES ('50', '2024-09-26 17:26:45', '25EOX3', 'OHLQEO');
INSERT INTO `matrix_filling` (`placement_id`, `downline_id`, `level`, `matrix`) VALUES ('7APFKG', '25EOX3', 28, 1);
UPDATE `bv_updation` SET left_carry = left_carry+50, total_left = total_left+50
WHERE `user_id` = '7APFKG';
INSERT INTO `placement_bv_update_history` (`left_carry`, `date`, `from_id`, `user_id`) VALUES ('50', '2024-09-26 17:26:45', '25EOX3', '7APFKG');
INSERT INTO `matrix_filling` (`placement_id`, `downline_id`, `level`, `matrix`) VALUES ('Q2Q92Y', '25EOX3', 29, 1);
UPDATE `bv_updation` SET left_carry = left_carry+50, total_left = total_left+50
WHERE `user_id` = 'Q2Q92Y';
INSERT INTO `placement_bv_update_history` (`left_carry`, `date`, `from_id`, `user_id`) VALUES ('50', '2024-09-26 17:26:45', '25EOX3', 'Q2Q92Y');
INSERT INTO `matrix_filling` (`placement_id`, `downline_id`, `level`, `matrix`) VALUES ('E9ITRC', '25EOX3', 30, 1);
UPDATE `bv_updation` SET left_carry = left_carry+50, total_left = total_left+50
WHERE `user_id` = 'E9ITRC';
INSERT INTO `placement_bv_update_history` (`left_carry`, `date`, `from_id`, `user_id`) VALUES ('50', '2024-09-26 17:26:45', '25EOX3', 'E9ITRC');
INSERT INTO `matrix_filling` (`placement_id`, `downline_id`, `level`, `matrix`) VALUES ('7COKBB', '25EOX3', 31, 1);
UPDATE `bv_updation` SET left_carry = left_carry+50, total_left = total_left+50
WHERE `user_id` = '7COKBB';
INSERT INTO `placement_bv_update_history` (`left_carry`, `date`, `from_id`, `user_id`) VALUES ('50', '2024-09-26 17:26:45', '25EOX3', '7COKBB');
INSERT INTO `matrix_filling` (`placement_id`, `downline_id`, `level`, `matrix`) VALUES ('BDNS17', '25EOX3', 32, 1);
UPDATE `bv_updation` SET left_carry = left_carry+50, total_left = total_left+50
WHERE `user_id` = 'BDNS17';
INSERT INTO `placement_bv_update_history` (`left_carry`, `date`, `from_id`, `user_id`) VALUES ('50', '2024-09-26 17:26:45', '25EOX3', 'BDNS17');
INSERT INTO `matrix_filling` (`placement_id`, `downline_id`, `level`, `matrix`) VALUES ('7ZXRRE', '25EOX3', 33, 1);
UPDATE `bv_updation` SET left_carry = left_carry+50, total_left = total_left+50
WHERE `user_id` = '7ZXRRE';
INSERT INTO `placement_bv_update_history` (`left_carry`, `date`, `from_id`, `user_id`) VALUES ('50', '2024-09-26 17:26:45', '25EOX3', '7ZXRRE');
INSERT INTO `matrix_filling` (`placement_id`, `downline_id`, `level`, `matrix`) VALUES ('KLRAF5', '25EOX3', 34, 1);
UPDATE `bv_updation` SET left_carry = left_carry+50, total_left = total_left+50
WHERE `user_id` = 'KLRAF5';
INSERT INTO `placement_bv_update_history` (`left_carry`, `date`, `from_id`, `user_id`) VALUES ('50', '2024-09-26 17:26:45', '25EOX3', 'KLRAF5');
INSERT INTO `matrix_filling` (`placement_id`, `downline_id`, `level`, `matrix`) VALUES ('IFJHZG', '25EOX3', 35, 1);
UPDATE `bv_updation` SET left_carry = left_carry+50, total_left = total_left+50
WHERE `user_id` = 'IFJHZG';
INSERT INTO `placement_bv_update_history` (`left_carry`, `date`, `from_id`, `user_id`) VALUES ('50', '2024-09-26 17:26:45', '25EOX3', 'IFJHZG');
INSERT INTO `matrix_filling` (`placement_id`, `downline_id`, `level`, `matrix`) VALUES ('MXUV8Q', '25EOX3', 36, 1);
UPDATE `bv_updation` SET left_carry = left_carry+50, total_left = total_left+50
WHERE `user_id` = 'MXUV8Q';
INSERT INTO `placement_bv_update_history` (`left_carry`, `date`, `from_id`, `user_id`) VALUES ('50', '2024-09-26 17:26:45', '25EOX3', 'MXUV8Q');
INSERT INTO `matrix_filling` (`placement_id`, `downline_id`, `level`, `matrix`) VALUES ('GGM164', '25EOX3', 37, 1);
UPDATE `bv_updation` SET left_carry = left_carry+50, total_left = total_left+50
WHERE `user_id` = 'GGM164';
INSERT INTO `placement_bv_update_history` (`left_carry`, `date`, `from_id`, `user_id`) VALUES ('50', '2024-09-26 17:26:45', '25EOX3', 'GGM164');
INSERT INTO `matrix_filling` (`placement_id`, `downline_id`, `level`, `matrix`) VALUES ('3NKIEX', '25EOX3', 38, 1);
UPDATE `bv_updation` SET left_carry = left_carry+50, total_left = total_left+50
WHERE `user_id` = '3NKIEX';
INSERT INTO `placement_bv_update_history` (`left_carry`, `date`, `from_id`, `user_id`) VALUES ('50', '2024-09-26 17:26:45', '25EOX3', '3NKIEX');
INSERT INTO `matrix_filling` (`placement_id`, `downline_id`, `level`, `matrix`) VALUES ('S56TH3', '25EOX3', 39, 1);
UPDATE `bv_updation` SET left_carry = left_carry+50, total_left = total_left+50
WHERE `user_id` = 'S56TH3';
INSERT INTO `placement_bv_update_history` (`left_carry`, `date`, `from_id`, `user_id`) VALUES ('50', '2024-09-26 17:26:45', '25EOX3', 'S56TH3');
INSERT INTO `matrix_filling` (`placement_id`, `downline_id`, `level`, `matrix`) VALUES ('XYG89U', '25EOX3', 40, 1);
UPDATE `bv_updation` SET left_carry = left_carry+50, total_left = total_left+50
WHERE `user_id` = 'XYG89U';
INSERT INTO `placement_bv_update_history` (`left_carry`, `date`, `from_id`, `user_id`) VALUES ('50', '2024-09-26 17:26:45', '25EOX3', 'XYG89U');
INSERT INTO `matrix_filling` (`placement_id`, `downline_id`, `level`, `matrix`) VALUES ('HTFY93', '25EOX3', 41, 1);
UPDATE `bv_updation` SET left_carry = left_carry+50, total_left = total_left+50
WHERE `user_id` = 'HTFY93';
INSERT INTO `placement_bv_update_history` (`left_carry`, `date`, `from_id`, `user_id`) VALUES ('50', '2024-09-26 17:26:45', '25EOX3', 'HTFY93');
INSERT INTO `matrix_filling` (`placement_id`, `downline_id`, `level`, `matrix`) VALUES ('3PR393', '25EOX3', 42, 1);
UPDATE `bv_updation` SET left_carry = left_carry+50, total_left = total_left+50
WHERE `user_id` = '3PR393';
INSERT INTO `placement_bv_update_history` (`left_carry`, `date`, `from_id`, `user_id`) VALUES ('50', '2024-09-26 17:26:45', '25EOX3', '3PR393');
INSERT INTO `matrix_filling` (`placement_id`, `downline_id`, `level`, `matrix`) VALUES ('T3MRY1', '25EOX3', 43, 1);
UPDATE `bv_updation` SET left_carry = left_carry+50, total_left = total_left+50
WHERE `user_id` = 'T3MRY1';
INSERT INTO `placement_bv_update_history` (`left_carry`, `date`, `from_id`, `user_id`) VALUES ('50', '2024-09-26 17:26:45', '25EOX3', 'T3MRY1');
INSERT INTO `matrix_filling` (`placement_id`, `downline_id`, `level`, `matrix`) VALUES ('GTMCCK', '25EOX3', 44, 1);
UPDATE `bv_updation` SET left_carry = left_carry+50, total_left = total_left+50
WHERE `user_id` = 'GTMCCK';
INSERT INTO `placement_bv_update_history` (`left_carry`, `date`, `from_id`, `user_id`) VALUES ('50', '2024-09-26 17:26:45', '25EOX3', 'GTMCCK');
INSERT INTO `matrix_filling` (`placement_id`, `downline_id`, `level`, `matrix`) VALUES ('DLYMIF', '25EOX3', 45, 1);
UPDATE `bv_updation` SET left_carry = left_carry+50, total_left = total_left+50
WHERE `user_id` = 'DLYMIF';
INSERT INTO `placement_bv_update_history` (`left_carry`, `date`, `from_id`, `user_id`) VALUES ('50', '2024-09-26 17:26:45', '25EOX3', 'DLYMIF');
INSERT INTO `matrix_filling` (`placement_id`, `downline_id`, `level`, `matrix`) VALUES ('WGJ5KE', '25EOX3', 46, 1);
UPDATE `bv_updation` SET left_carry = left_carry+50, total_left = total_left+50
WHERE `user_id` = 'WGJ5KE';
INSERT INTO `placement_bv_update_history` (`left_carry`, `date`, `from_id`, `user_id`) VALUES ('50', '2024-09-26 17:26:45', '25EOX3', 'WGJ5KE');
INSERT INTO `matrix_filling` (`placement_id`, `downline_id`, `level`, `matrix`) VALUES ('ORRJ3M', '25EOX3', 47, 1);
UPDATE `bv_updation` SET left_carry = left_carry+50, total_left = total_left+50
WHERE `user_id` = 'ORRJ3M';
INSERT INTO `placement_bv_update_history` (`left_carry`, `date`, `from_id`, `user_id`) VALUES ('50', '2024-09-26 17:26:45', '25EOX3', 'ORRJ3M');
INSERT INTO `matrix_filling` (`placement_id`, `downline_id`, `level`, `matrix`) VALUES ('AA8V6V', '25EOX3', 48, 1);
UPDATE `bv_updation` SET left_carry = left_carry+50, total_left = total_left+50
WHERE `user_id` = 'AA8V6V';
INSERT INTO `placement_bv_update_history` (`left_carry`, `date`, `from_id`, `user_id`) VALUES ('50', '2024-09-26 17:26:45', '25EOX3', 'AA8V6V');
INSERT INTO `matrix_filling` (`placement_id`, `downline_id`, `level`, `matrix`) VALUES ('61ME4O', '25EOX3', 49, 1);
UPDATE `bv_updation` SET left_carry = left_carry+50, total_left = total_left+50
WHERE `user_id` = '61ME4O';
INSERT INTO `placement_bv_update_history` (`left_carry`, `date`, `from_id`, `user_id`) VALUES ('50', '2024-09-26 17:26:45', '25EOX3', '61ME4O');
INSERT INTO `matrix_filling` (`placement_id`, `downline_id`, `level`, `matrix`) VALUES ('WS1SZZ', '25EOX3', 50, 1);
UPDATE `bv_updation` SET left_carry = left_carry+50, total_left = total_left+50
WHERE `user_id` = 'WS1SZZ';
INSERT INTO `placement_bv_update_history` (`left_carry`, `date`, `from_id`, `user_id`) VALUES ('50', '2024-09-26 17:26:45', '25EOX3', 'WS1SZZ');
INSERT INTO `matrix_filling` (`placement_id`, `downline_id`, `level`, `matrix`) VALUES ('TBN4MZ', '25EOX3', 51, 1);
UPDATE `bv_updation` SET left_carry = left_carry+50, total_left = total_left+50
WHERE `user_id` = 'TBN4MZ';
INSERT INTO `placement_bv_update_history` (`left_carry`, `date`, `from_id`, `user_id`) VALUES ('50', '2024-09-26 17:26:45', '25EOX3', 'TBN4MZ');
INSERT INTO `matrix_filling` (`placement_id`, `downline_id`, `level`, `matrix`) VALUES ('OEMJ8R', '25EOX3', 52, 1);
UPDATE `bv_updation` SET left_carry = left_carry+50, total_left = total_left+50
WHERE `user_id` = 'OEMJ8R';
INSERT INTO `placement_bv_update_history` (`left_carry`, `date`, `from_id`, `user_id`) VALUES ('50', '2024-09-26 17:26:45', '25EOX3', 'OEMJ8R');
INSERT INTO `matrix_filling` (`placement_id`, `downline_id`, `level`, `matrix`) VALUES ('FXAYIE', '25EOX3', 53, 1);
UPDATE `bv_updation` SET left_carry = left_carry+50, total_left = total_left+50
WHERE `user_id` = 'FXAYIE';
INSERT INTO `placement_bv_update_history` (`left_carry`, `date`, `from_id`, `user_id`) VALUES ('50', '2024-09-26 17:26:45', '25EOX3', 'FXAYIE');
INSERT INTO `matrix_filling` (`placement_id`, `downline_id`, `level`, `matrix`) VALUES ('ELXZWC', '25EOX3', 54, 1);
UPDATE `bv_updation` SET left_carry = left_carry+50, total_left = total_left+50
WHERE `user_id` = 'ELXZWC';
INSERT INTO `placement_bv_update_history` (`left_carry`, `date`, `from_id`, `user_id`) VALUES ('50', '2024-09-26 17:26:45', '25EOX3', 'ELXZWC');
INSERT INTO `matrix_filling` (`placement_id`, `downline_id`, `level`, `matrix`) VALUES ('C1TQVI', '25EOX3', 55, 1);
UPDATE `bv_updation` SET left_carry = left_carry+50, total_left = total_left+50
WHERE `user_id` = 'C1TQVI';
INSERT INTO `placement_bv_update_history` (`left_carry`, `date`, `from_id`, `user_id`) VALUES ('50', '2024-09-26 17:26:45', '25EOX3', 'C1TQVI');
INSERT INTO `matrix_filling` (`placement_id`, `downline_id`, `level`, `matrix`) VALUES ('F5GPDF', '25EOX3', 56, 1);
UPDATE `bv_updation` SET left_carry = left_carry+50, total_left = total_left+50
WHERE `user_id` = 'F5GPDF';
INSERT INTO `placement_bv_update_history` (`left_carry`, `date`, `from_id`, `user_id`) VALUES ('50', '2024-09-26 17:26:45', '25EOX3', 'F5GPDF');
INSERT INTO `matrix_filling` (`placement_id`, `downline_id`, `level`, `matrix`) VALUES ('91PYDK', '25EOX3', 57, 1);
UPDATE `bv_updation` SET left_carry = left_carry+50, total_left = total_left+50
WHERE `user_id` = '91PYDK';
INSERT INTO `placement_bv_update_history` (`left_carry`, `date`, `from_id`, `user_id`) VALUES ('50', '2024-09-26 17:26:45', '25EOX3', '91PYDK');
INSERT INTO `matrix_filling` (`placement_id`, `downline_id`, `level`, `matrix`) VALUES ('4OT7RX', '25EOX3', 58, 1);
UPDATE `bv_updation` SET left_carry = left_carry+50, total_left = total_left+50
WHERE `user_id` = '4OT7RX';
INSERT INTO `placement_bv_update_history` (`left_carry`, `date`, `from_id`, `user_id`) VALUES ('50', '2024-09-26 17:26:45', '25EOX3', '4OT7RX');
INSERT INTO `matrix_filling` (`placement_id`, `downline_id`, `level`, `matrix`) VALUES ('ZJZA3M', '25EOX3', 59, 1);
UPDATE `bv_updation` SET left_carry = left_carry+50, total_left = total_left+50
WHERE `user_id` = 'ZJZA3M';
INSERT INTO `placement_bv_update_history` (`left_carry`, `date`, `from_id`, `user_id`) VALUES ('50', '2024-09-26 17:26:45', '25EOX3', 'ZJZA3M');
INSERT INTO `matrix_filling` (`placement_id`, `downline_id`, `level`, `matrix`) VALUES ('XN6ETC', '25EOX3', 60, 1);
UPDATE `bv_updation` SET left_carry = left_carry+50, total_left = total_left+50
WHERE `user_id` = 'XN6ETC';
INSERT INTO `placement_bv_update_history` (`left_carry`, `date`, `from_id`, `user_id`) VALUES ('50', '2024-09-26 17:26:45', '25EOX3', 'XN6ETC');
INSERT INTO `matrix_filling` (`placement_id`, `downline_id`, `level`, `matrix`) VALUES ('KVQN1O', '25EOX3', 61, 1);
UPDATE `bv_updation` SET left_carry = left_carry+50, total_left = total_left+50
WHERE `user_id` = 'KVQN1O';
INSERT INTO `placement_bv_update_history` (`left_carry`, `date`, `from_id`, `user_id`) VALUES ('50', '2024-09-26 17:26:45', '25EOX3', 'KVQN1O');
INSERT INTO `matrix_filling` (`placement_id`, `downline_id`, `level`, `matrix`) VALUES ('X3V7DJ', '25EOX3', 62, 1);
UPDATE `bv_updation` SET left_carry = left_carry+50, total_left = total_left+50
WHERE `user_id` = 'X3V7DJ';
INSERT INTO `placement_bv_update_history` (`left_carry`, `date`, `from_id`, `user_id`) VALUES ('50', '2024-09-26 17:26:45', '25EOX3', 'X3V7DJ');
INSERT INTO `matrix_filling` (`placement_id`, `downline_id`, `level`, `matrix`) VALUES ('DJ77NH', '25EOX3', 63, 1);
UPDATE `bv_updation` SET left_carry = left_carry+50, total_left = total_left+50
WHERE `user_id` = 'DJ77NH';
INSERT INTO `placement_bv_update_history` (`left_carry`, `date`, `from_id`, `user_id`) VALUES ('50', '2024-09-26 17:26:45', '25EOX3', 'DJ77NH');
INSERT INTO `matrix_filling` (`placement_id`, `downline_id`, `level`, `matrix`) VALUES ('PX7XCL', '25EOX3', 64, 1);
UPDATE `bv_updation` SET left_carry = left_carry+50, total_left = total_left+50
WHERE `user_id` = 'PX7XCL';
INSERT INTO `placement_bv_update_history` (`left_carry`, `date`, `from_id`, `user_id`) VALUES ('50', '2024-09-26 17:26:45', '25EOX3', 'PX7XCL');
INSERT INTO `matrix_filling` (`placement_id`, `downline_id`, `level`, `matrix`) VALUES ('L8PM4Z', '25EOX3', 65, 1);
UPDATE `bv_updation` SET left_carry = left_carry+50, total_left = total_left+50
WHERE `user_id` = 'L8PM4Z';
INSERT INTO `placement_bv_update_history` (`left_carry`, `date`, `from_id`, `user_id`) VALUES ('50', '2024-09-26 17:26:45', '25EOX3', 'L8PM4Z');
INSERT INTO `matrix_filling` (`placement_id`, `downline_id`, `level`, `matrix`) VALUES ('GBSIER', '25EOX3', 66, 1);
UPDATE `bv_updation` SET left_carry = left_carry+50, total_left = total_left+50
WHERE `user_id` = 'GBSIER';
INSERT INTO `placement_bv_update_history` (`left_carry`, `date`, `from_id`, `user_id`) VALUES ('50', '2024-09-26 17:26:45', '25EOX3', 'GBSIER');
INSERT INTO `matrix_filling` (`placement_id`, `downline_id`, `level`, `matrix`) VALUES ('AV48YQ', '25EOX3', 67, 1);
UPDATE `bv_updation` SET left_carry = left_carry+50, total_left = total_left+50
WHERE `user_id` = 'AV48YQ';
INSERT INTO `placement_bv_update_history` (`left_carry`, `date`, `from_id`, `user_id`) VALUES ('50', '2024-09-26 17:26:45', '25EOX3', 'AV48YQ');
INSERT INTO `matrix_filling` (`placement_id`, `downline_id`, `level`, `matrix`) VALUES ('admin', '25EOX3', 68, 1);
INSERT INTO `package_purchase_history` (`user_id`, `package_id`, `reg_fee`, `package_name`, `monthly_fee`, `type`, `date`, `payment_option`) VALUES ('25EOX3', '2', '595', 'Traveler Pro', '150', 'sign_up', '2024-09-26 17:26:45', 'free');
UPDATE `user_registration` SET `popup_seen` = 'yes'
WHERE `user_id` = 'JOOGJ8';
UPDATE `user_registration` SET `popup_seen` = 'no'
WHERE `user_id` = 'JOOGJ8';
DELETE FROM `ci_sessions`
WHERE `id` = 'd03fd8db10a89e946f012a76d71420ffda05b046';
INSERT INTO `login_history` (`user_id`, `device`, `ip_address`, `date`) VALUES ('1FFFBU', 'Mozilla/5.0 (Windows NT 10.0; Win64; x64) AppleWebKit/537.36 (KHTML, like Gecko) Chrome/128.0.0.0 Safari/537.36', '172.70.255.25', '24-09-26 17:27');
UPDATE `user_registration` SET `popup_seen` = 'yes'
WHERE `user_id` = '1FFFBU';
UPDATE `user_registration` SET `popup_seen` = 'no'
WHERE `user_id` = '1FFFBU';
DELETE FROM `ci_sessions`
WHERE `id` = '16ea0c30def8a49b9d8a9ee7bc6959c2057fe579';
INSERT INTO `login_history` (`user_id`, `device`, `ip_address`, `date`) VALUES ('KJ9UDH', 'Mozilla/5.0 (Windows NT 10.0; Win64; x64) AppleWebKit/537.36 (KHTML, like Gecko) Chrome/128.0.0.0 Safari/537.36', '108.162.210.149', '24-09-26 17:32');
UPDATE `user_registration` SET `popup_seen` = 'yes'
WHERE `user_id` = 'KJ9UDH';
UPDATE `user_registration` SET `uid` = '2844', `user_id` = 'ITNJ2A', `username` = 'tania7', `sponsor_id` = 'KJ9UDH', `vacant` = 'no', `f_name` = 'Tania', `l_name` = 'Morales', `address` = '8100 SW 14 Terr', `position` = 'left', `email` = 'tania7@gmail.com', `password` = 'fcac9a3991856aa0ab6d8bf1e1ed72f0', `phone` = '7862876762', `country` = 'United States', `state` = 'Florida', `city` = 'Miami', `street` = '8100 SW 14 Terr', `zip_code` = '33144', `reg_ip` = '172.70.54.30', `status` = 1, `package_id` = '2', `rank_id` = 1, `highest_rank` = 1, `created` = '2024-09-26 17:35:34', `subscription_date` = '2024-10-26', `google_secret` = 'QLSQD3UM247ZHADZ'
WHERE `uid` = '2844';
INSERT INTO `user_registration` (`uid`, `user_id`, `username`, `sponsor_id`, `placement_id`, `vacant`, `f_name`, `l_name`, `address`, `position`, `email`, `password`, `phone`, `reg_ip`, `status`, `created`) VALUES (NULL, 'KLHSZS', 'NozNjYLI', 'ITNJ2A', 'ITNJ2A', 'yes', '', '', '', 'left', '@mail.com', '', '', '', 0, '2024-09-26 17:35:34');
INSERT INTO `user_registration` (`uid`, `user_id`, `username`, `sponsor_id`, `placement_id`, `vacant`, `f_name`, `l_name`, `address`, `position`, `email`, `password`, `phone`, `reg_ip`, `status`, `created`) VALUES (NULL, 'LPZQRE', 'vueqKkys', 'ITNJ2A', 'ITNJ2A', 'yes', '', '', '', 'right', '@mail.com', '', '', '', 0, '2024-09-26 17:35:34');
INSERT INTO `bv_updation` (`user_id`) VALUES ('ITNJ2A');
UPDATE `user_registration` SET total_ref_count = total_ref_count+1
WHERE `user_id` = 'KJ9UDH';
UPDATE `user_registration` SET total_downlines = total_downlines+1
WHERE `user_id` = 'KJ9UDH';
UPDATE `user_registration` SET left_downlines = left_downlines+1
WHERE `user_id` = 'KJ9UDH';
UPDATE `user_registration` SET left_ref_count = left_ref_count+1
WHERE `user_id` = 'KJ9UDH';
UPDATE `user_registration` SET active_left = active_left+1
WHERE `user_id` = 'KJ9UDH';
UPDATE `user_registration` SET total_downlines = total_downlines+1
WHERE `user_id` = 'C3N32U';
UPDATE `user_registration` SET right_downlines = right_downlines+1
WHERE `user_id` = 'C3N32U';
UPDATE `user_registration` SET total_downlines = total_downlines+1
WHERE `user_id` = 'MNLXPP';
UPDATE `user_registration` SET left_downlines = left_downlines+1
WHERE `user_id` = 'MNLXPP';
UPDATE `user_registration` SET total_downlines = total_downlines+1
WHERE `user_id` = 'NUPA4K';
UPDATE `user_registration` SET left_downlines = left_downlines+1
WHERE `user_id` = 'NUPA4K';
UPDATE `user_registration` SET total_downlines = total_downlines+1
WHERE `user_id` = '1FFFBU';
UPDATE `user_registration` SET left_downlines = left_downlines+1
WHERE `user_id` = '1FFFBU';
UPDATE `user_registration` SET total_downlines = total_downlines+1
WHERE `user_id` = 'J4CGUT';
UPDATE `user_registration` SET left_downlines = left_downlines+1
WHERE `user_id` = 'J4CGUT';
UPDATE `user_registration` SET total_downlines = total_downlines+1
WHERE `user_id` = 'S1RTX3';
UPDATE `user_registration` SET left_downlines = left_downlines+1
WHERE `user_id` = 'S1RTX3';
UPDATE `user_registration` SET total_downlines = total_downlines+1
WHERE `user_id` = 'I8YWQA';
UPDATE `user_registration` SET left_downlines = left_downlines+1
WHERE `user_id` = 'I8YWQA';
UPDATE `user_registration` SET total_downlines = total_downlines+1
WHERE `user_id` = 'I3MZBU';
UPDATE `user_registration` SET left_downlines = left_downlines+1
WHERE `user_id` = 'I3MZBU';
UPDATE `user_registration` SET total_downlines = total_downlines+1
WHERE `user_id` = 'H2I33O';
UPDATE `user_registration` SET left_downlines = left_downlines+1
WHERE `user_id` = 'H2I33O';
UPDATE `user_registration` SET total_downlines = total_downlines+1
WHERE `user_id` = 'AL7XWH';
UPDATE `user_registration` SET left_downlines = left_downlines+1
WHERE `user_id` = 'AL7XWH';
UPDATE `user_registration` SET total_downlines = total_downlines+1
WHERE `user_id` = 'HFZ9SA';
UPDATE `user_registration` SET left_downlines = left_downlines+1
WHERE `user_id` = 'HFZ9SA';
UPDATE `user_registration` SET total_downlines = total_downlines+1
WHERE `user_id` = 'A2MTZ3';
UPDATE `user_registration` SET left_downlines = left_downlines+1
WHERE `user_id` = 'A2MTZ3';
UPDATE `user_registration` SET total_downlines = total_downlines+1
WHERE `user_id` = 'RUEKCW';
UPDATE `user_registration` SET left_downlines = left_downlines+1
WHERE `user_id` = 'RUEKCW';
UPDATE `user_registration` SET total_downlines = total_downlines+1
WHERE `user_id` = 'K3GTG4';
UPDATE `user_registration` SET left_downlines = left_downlines+1
WHERE `user_id` = 'K3GTG4';
UPDATE `user_registration` SET total_downlines = total_downlines+1
WHERE `user_id` = 'I1TUBN';
UPDATE `user_registration` SET left_downlines = left_downlines+1
WHERE `user_id` = 'I1TUBN';
UPDATE `user_registration` SET total_downlines = total_downlines+1
WHERE `user_id` = 'BAUCCU';
UPDATE `user_registration` SET left_downlines = left_downlines+1
WHERE `user_id` = 'BAUCCU';
UPDATE `user_registration` SET total_downlines = total_downlines+1
WHERE `user_id` = '62QO97';
UPDATE `user_registration` SET left_downlines = left_downlines+1
WHERE `user_id` = '62QO97';
UPDATE `user_registration` SET total_downlines = total_downlines+1
WHERE `user_id` = 'OHLQEO';
UPDATE `user_registration` SET left_downlines = left_downlines+1
WHERE `user_id` = 'OHLQEO';
UPDATE `user_registration` SET total_downlines = total_downlines+1
WHERE `user_id` = '7APFKG';
UPDATE `user_registration` SET left_downlines = left_downlines+1
WHERE `user_id` = '7APFKG';
UPDATE `user_registration` SET total_downlines = total_downlines+1
WHERE `user_id` = 'Q2Q92Y';
UPDATE `user_registration` SET left_downlines = left_downlines+1
WHERE `user_id` = 'Q2Q92Y';
UPDATE `user_registration` SET total_downlines = total_downlines+1
WHERE `user_id` = 'E9ITRC';
UPDATE `user_registration` SET left_downlines = left_downlines+1
WHERE `user_id` = 'E9ITRC';
UPDATE `user_registration` SET total_downlines = total_downlines+1
WHERE `user_id` = '7COKBB';
UPDATE `user_registration` SET left_downlines = left_downlines+1
WHERE `user_id` = '7COKBB';
UPDATE `user_registration` SET total_downlines = total_downlines+1
WHERE `user_id` = 'BDNS17';
UPDATE `user_registration` SET left_downlines = left_downlines+1
WHERE `user_id` = 'BDNS17';
UPDATE `user_registration` SET total_downlines = total_downlines+1
WHERE `user_id` = '7ZXRRE';
UPDATE `user_registration` SET left_downlines = left_downlines+1
WHERE `user_id` = '7ZXRRE';
UPDATE `user_registration` SET total_downlines = total_downlines+1
WHERE `user_id` = 'KLRAF5';
UPDATE `user_registration` SET left_downlines = left_downlines+1
WHERE `user_id` = 'KLRAF5';
UPDATE `user_registration` SET total_downlines = total_downlines+1
WHERE `user_id` = 'IFJHZG';
UPDATE `user_registration` SET left_downlines = left_downlines+1
WHERE `user_id` = 'IFJHZG';
UPDATE `user_registration` SET total_downlines = total_downlines+1
WHERE `user_id` = 'MXUV8Q';
UPDATE `user_registration` SET left_downlines = left_downlines+1
WHERE `user_id` = 'MXUV8Q';
UPDATE `user_registration` SET total_downlines = total_downlines+1
WHERE `user_id` = 'GGM164';
UPDATE `user_registration` SET left_downlines = left_downlines+1
WHERE `user_id` = 'GGM164';
UPDATE `user_registration` SET total_downlines = total_downlines+1
WHERE `user_id` = '3NKIEX';
UPDATE `user_registration` SET left_downlines = left_downlines+1
WHERE `user_id` = '3NKIEX';
UPDATE `user_registration` SET total_downlines = total_downlines+1
WHERE `user_id` = 'S56TH3';
UPDATE `user_registration` SET left_downlines = left_downlines+1
WHERE `user_id` = 'S56TH3';
UPDATE `user_registration` SET total_downlines = total_downlines+1
WHERE `user_id` = 'XYG89U';
UPDATE `user_registration` SET left_downlines = left_downlines+1
WHERE `user_id` = 'XYG89U';
UPDATE `user_registration` SET total_downlines = total_downlines+1
WHERE `user_id` = 'HTFY93';
UPDATE `user_registration` SET left_downlines = left_downlines+1
WHERE `user_id` = 'HTFY93';
UPDATE `user_registration` SET total_downlines = total_downlines+1
WHERE `user_id` = '3PR393';
UPDATE `user_registration` SET left_downlines = left_downlines+1
WHERE `user_id` = '3PR393';
UPDATE `user_registration` SET total_downlines = total_downlines+1
WHERE `user_id` = 'T3MRY1';
UPDATE `user_registration` SET left_downlines = left_downlines+1
WHERE `user_id` = 'T3MRY1';
UPDATE `user_registration` SET total_downlines = total_downlines+1
WHERE `user_id` = 'GTMCCK';
UPDATE `user_registration` SET left_downlines = left_downlines+1
WHERE `user_id` = 'GTMCCK';
UPDATE `user_registration` SET total_downlines = total_downlines+1
WHERE `user_id` = 'DLYMIF';
UPDATE `user_registration` SET left_downlines = left_downlines+1
WHERE `user_id` = 'DLYMIF';
UPDATE `user_registration` SET total_downlines = total_downlines+1
WHERE `user_id` = 'WGJ5KE';
UPDATE `user_registration` SET left_downlines = left_downlines+1
WHERE `user_id` = 'WGJ5KE';
UPDATE `user_registration` SET total_downlines = total_downlines+1
WHERE `user_id` = 'ORRJ3M';
UPDATE `user_registration` SET left_downlines = left_downlines+1
WHERE `user_id` = 'ORRJ3M';
UPDATE `user_registration` SET total_downlines = total_downlines+1
WHERE `user_id` = 'AA8V6V';
UPDATE `user_registration` SET left_downlines = left_downlines+1
WHERE `user_id` = 'AA8V6V';
UPDATE `user_registration` SET total_downlines = total_downlines+1
WHERE `user_id` = '61ME4O';
UPDATE `user_registration` SET left_downlines = left_downlines+1
WHERE `user_id` = '61ME4O';
UPDATE `user_registration` SET total_downlines = total_downlines+1
WHERE `user_id` = 'WS1SZZ';
UPDATE `user_registration` SET left_downlines = left_downlines+1
WHERE `user_id` = 'WS1SZZ';
UPDATE `user_registration` SET total_downlines = total_downlines+1
WHERE `user_id` = 'TBN4MZ';
UPDATE `user_registration` SET left_downlines = left_downlines+1
WHERE `user_id` = 'TBN4MZ';
UPDATE `user_registration` SET total_downlines = total_downlines+1
WHERE `user_id` = 'OEMJ8R';
UPDATE `user_registration` SET left_downlines = left_downlines+1
WHERE `user_id` = 'OEMJ8R';
UPDATE `user_registration` SET total_downlines = total_downlines+1
WHERE `user_id` = 'FXAYIE';
UPDATE `user_registration` SET left_downlines = left_downlines+1
WHERE `user_id` = 'FXAYIE';
UPDATE `user_registration` SET total_downlines = total_downlines+1
WHERE `user_id` = 'ELXZWC';
UPDATE `user_registration` SET left_downlines = left_downlines+1
WHERE `user_id` = 'ELXZWC';
UPDATE `user_registration` SET total_downlines = total_downlines+1
WHERE `user_id` = 'C1TQVI';
UPDATE `user_registration` SET left_downlines = left_downlines+1
WHERE `user_id` = 'C1TQVI';
UPDATE `user_registration` SET total_downlines = total_downlines+1
WHERE `user_id` = 'F5GPDF';
UPDATE `user_registration` SET left_downlines = left_downlines+1
WHERE `user_id` = 'F5GPDF';
UPDATE `user_registration` SET total_downlines = total_downlines+1
WHERE `user_id` = '91PYDK';
UPDATE `user_registration` SET left_downlines = left_downlines+1
WHERE `user_id` = '91PYDK';
UPDATE `user_registration` SET total_downlines = total_downlines+1
WHERE `user_id` = '4OT7RX';
UPDATE `user_registration` SET left_downlines = left_downlines+1
WHERE `user_id` = '4OT7RX';
UPDATE `user_registration` SET total_downlines = total_downlines+1
WHERE `user_id` = 'ZJZA3M';
UPDATE `user_registration` SET left_downlines = left_downlines+1
WHERE `user_id` = 'ZJZA3M';
UPDATE `user_registration` SET total_downlines = total_downlines+1
WHERE `user_id` = 'XN6ETC';
UPDATE `user_registration` SET left_downlines = left_downlines+1
WHERE `user_id` = 'XN6ETC';
UPDATE `user_registration` SET total_downlines = total_downlines+1
WHERE `user_id` = 'KVQN1O';
UPDATE `user_registration` SET left_downlines = left_downlines+1
WHERE `user_id` = 'KVQN1O';
UPDATE `user_registration` SET total_downlines = total_downlines+1
WHERE `user_id` = 'X3V7DJ';
UPDATE `user_registration` SET left_downlines = left_downlines+1
WHERE `user_id` = 'X3V7DJ';
UPDATE `user_registration` SET total_downlines = total_downlines+1
WHERE `user_id` = 'DJ77NH';
UPDATE `user_registration` SET left_downlines = left_downlines+1
WHERE `user_id` = 'DJ77NH';
UPDATE `user_registration` SET total_downlines = total_downlines+1
WHERE `user_id` = 'PX7XCL';
UPDATE `user_registration` SET left_downlines = left_downlines+1
WHERE `user_id` = 'PX7XCL';
UPDATE `user_registration` SET total_downlines = total_downlines+1
WHERE `user_id` = 'L8PM4Z';
UPDATE `user_registration` SET left_downlines = left_downlines+1
WHERE `user_id` = 'L8PM4Z';
UPDATE `user_registration` SET total_downlines = total_downlines+1
WHERE `user_id` = 'GBSIER';
UPDATE `user_registration` SET left_downlines = left_downlines+1
WHERE `user_id` = 'GBSIER';
UPDATE `user_registration` SET total_downlines = total_downlines+1
WHERE `user_id` = 'AV48YQ';
UPDATE `user_registration` SET left_downlines = left_downlines+1
WHERE `user_id` = 'AV48YQ';
UPDATE `user_registration` SET total_downlines = total_downlines+1
WHERE `user_id` = 'admin';
UPDATE `user_registration` SET left_downlines = left_downlines+1
WHERE `user_id` = 'admin';
INSERT INTO `investment` (`invest_date`, `user_id`, `type`, `amount`, `package_id`) VALUES ('2024-09-26 17:35:35', 'ITNJ2A', 'register', '595', '2');
INSERT INTO `earnings` (`user_id`, `Purchaser_id`, `earning_type`, `package_id`, `amount`, `date`, `comments`, `invest_amount`, `comm_perc`, `level`, `rank_id`, `order_id`) VALUES ('KJ9UDH', 'ITNJ2A', 'Direct Referral Bonus', '2', '100', '2024-09-26 17:35:35', 'Direct Referral Bonus', 0, 0, 1, '', 300);
UPDATE `user_registration` SET commission_balance = ROUND(commission_balance + 100,2)
WHERE `user_id` = 'KJ9UDH';
INSERT INTO `earnings` (`user_id`, `Purchaser_id`, `earning_type`, `package_id`, `amount`, `date`, `comments`, `invest_amount`, `comm_perc`, `level`, `rank_id`, `order_id`) VALUES ('1FFFBU', 'ITNJ2A', 'Expansion Bonus', '2', 200, '2024-09-26 17:35:35', 'Expansion Bonus', '100', 0, 1, '', 300);
UPDATE `user_registration` SET commission_balance = ROUND(commission_balance + 200,2)
WHERE `user_id` = '1FFFBU';
INSERT INTO `matrix_filling` (`placement_id`, `downline_id`, `level`, `matrix`) VALUES ('KJ9UDH', 'ITNJ2A', 1, 1);
UPDATE `bv_updation` SET left_carry = left_carry+50, total_left = total_left+50
WHERE `user_id` = 'KJ9UDH';
INSERT INTO `placement_bv_update_history` (`left_carry`, `date`, `from_id`, `user_id`) VALUES ('50', '2024-09-26 17:35:35', 'ITNJ2A', 'KJ9UDH');
UPDATE `bv_updation` SET sponsor_left_carry = sponsor_left_carry+50, sponsor_total_left = sponsor_total_left+50
WHERE `user_id` = 'KJ9UDH';
INSERT INTO `sponsor_bv_update_history` (`left_carry`, `date`, `user_id`) VALUES ('50', '2024-09-26 17:35:35', 'KJ9UDH');
INSERT INTO `matrix_filling` (`placement_id`, `downline_id`, `level`, `matrix`) VALUES ('C3N32U', 'ITNJ2A', 2, 1);
UPDATE `bv_updation` SET right_carry = right_carry+50, total_right = total_right+50
WHERE `user_id` = 'C3N32U';
INSERT INTO `placement_bv_update_history` (`right_carry`, `date`, `from_id`, `user_id`) VALUES ('50', '2024-09-26 17:35:35', 'ITNJ2A', 'C3N32U');
INSERT INTO `matrix_filling` (`placement_id`, `downline_id`, `level`, `matrix`) VALUES ('MNLXPP', 'ITNJ2A', 3, 1);
UPDATE `bv_updation` SET left_carry = left_carry+50, total_left = total_left+50
WHERE `user_id` = 'MNLXPP';
INSERT INTO `placement_bv_update_history` (`left_carry`, `date`, `from_id`, `user_id`) VALUES ('50', '2024-09-26 17:35:35', 'ITNJ2A', 'MNLXPP');
INSERT INTO `matrix_filling` (`placement_id`, `downline_id`, `level`, `matrix`) VALUES ('NUPA4K', 'ITNJ2A', 4, 1);
UPDATE `bv_updation` SET left_carry = left_carry+50, total_left = total_left+50
WHERE `user_id` = 'NUPA4K';
INSERT INTO `placement_bv_update_history` (`left_carry`, `date`, `from_id`, `user_id`) VALUES ('50', '2024-09-26 17:35:35', 'ITNJ2A', 'NUPA4K');
INSERT INTO `matrix_filling` (`placement_id`, `downline_id`, `level`, `matrix`) VALUES ('1FFFBU', 'ITNJ2A', 5, 1);
UPDATE `bv_updation` SET left_carry = left_carry+50, total_left = total_left+50
WHERE `user_id` = '1FFFBU';
INSERT INTO `placement_bv_update_history` (`left_carry`, `date`, `from_id`, `user_id`) VALUES ('50', '2024-09-26 17:35:35', 'ITNJ2A', '1FFFBU');
INSERT INTO `matrix_filling` (`placement_id`, `downline_id`, `level`, `matrix`) VALUES ('J4CGUT', 'ITNJ2A', 6, 1);
UPDATE `bv_updation` SET left_carry = left_carry+50, total_left = total_left+50
WHERE `user_id` = 'J4CGUT';
INSERT INTO `placement_bv_update_history` (`left_carry`, `date`, `from_id`, `user_id`) VALUES ('50', '2024-09-26 17:35:35', 'ITNJ2A', 'J4CGUT');
INSERT INTO `matrix_filling` (`placement_id`, `downline_id`, `level`, `matrix`) VALUES ('S1RTX3', 'ITNJ2A', 7, 1);
UPDATE `bv_updation` SET left_carry = left_carry+50, total_left = total_left+50
WHERE `user_id` = 'S1RTX3';
INSERT INTO `placement_bv_update_history` (`left_carry`, `date`, `from_id`, `user_id`) VALUES ('50', '2024-09-26 17:35:35', 'ITNJ2A', 'S1RTX3');
INSERT INTO `matrix_filling` (`placement_id`, `downline_id`, `level`, `matrix`) VALUES ('I8YWQA', 'ITNJ2A', 8, 1);
UPDATE `bv_updation` SET left_carry = left_carry+50, total_left = total_left+50
WHERE `user_id` = 'I8YWQA';
INSERT INTO `placement_bv_update_history` (`left_carry`, `date`, `from_id`, `user_id`) VALUES ('50', '2024-09-26 17:35:35', 'ITNJ2A', 'I8YWQA');
INSERT INTO `matrix_filling` (`placement_id`, `downline_id`, `level`, `matrix`) VALUES ('I3MZBU', 'ITNJ2A', 9, 1);
UPDATE `bv_updation` SET left_carry = left_carry+50, total_left = total_left+50
WHERE `user_id` = 'I3MZBU';
INSERT INTO `placement_bv_update_history` (`left_carry`, `date`, `from_id`, `user_id`) VALUES ('50', '2024-09-26 17:35:35', 'ITNJ2A', 'I3MZBU');
INSERT INTO `matrix_filling` (`placement_id`, `downline_id`, `level`, `matrix`) VALUES ('H2I33O', 'ITNJ2A', 10, 1);
UPDATE `bv_updation` SET left_carry = left_carry+50, total_left = total_left+50
WHERE `user_id` = 'H2I33O';
INSERT INTO `placement_bv_update_history` (`left_carry`, `date`, `from_id`, `user_id`) VALUES ('50', '2024-09-26 17:35:35', 'ITNJ2A', 'H2I33O');
INSERT INTO `matrix_filling` (`placement_id`, `downline_id`, `level`, `matrix`) VALUES ('AL7XWH', 'ITNJ2A', 11, 1);
UPDATE `bv_updation` SET left_carry = left_carry+50, total_left = total_left+50
WHERE `user_id` = 'AL7XWH';
INSERT INTO `placement_bv_update_history` (`left_carry`, `date`, `from_id`, `user_id`) VALUES ('50', '2024-09-26 17:35:35', 'ITNJ2A', 'AL7XWH');
INSERT INTO `matrix_filling` (`placement_id`, `downline_id`, `level`, `matrix`) VALUES ('HFZ9SA', 'ITNJ2A', 12, 1);
UPDATE `bv_updation` SET left_carry = left_carry+50, total_left = total_left+50
WHERE `user_id` = 'HFZ9SA';
INSERT INTO `placement_bv_update_history` (`left_carry`, `date`, `from_id`, `user_id`) VALUES ('50', '2024-09-26 17:35:35', 'ITNJ2A', 'HFZ9SA');
INSERT INTO `matrix_filling` (`placement_id`, `downline_id`, `level`, `matrix`) VALUES ('A2MTZ3', 'ITNJ2A', 13, 1);
UPDATE `bv_updation` SET left_carry = left_carry+50, total_left = total_left+50
WHERE `user_id` = 'A2MTZ3';
INSERT INTO `placement_bv_update_history` (`left_carry`, `date`, `from_id`, `user_id`) VALUES ('50', '2024-09-26 17:35:35', 'ITNJ2A', 'A2MTZ3');
INSERT INTO `matrix_filling` (`placement_id`, `downline_id`, `level`, `matrix`) VALUES ('RUEKCW', 'ITNJ2A', 14, 1);
UPDATE `bv_updation` SET left_carry = left_carry+50, total_left = total_left+50
WHERE `user_id` = 'RUEKCW';
INSERT INTO `placement_bv_update_history` (`left_carry`, `date`, `from_id`, `user_id`) VALUES ('50', '2024-09-26 17:35:35', 'ITNJ2A', 'RUEKCW');
INSERT INTO `matrix_filling` (`placement_id`, `downline_id`, `level`, `matrix`) VALUES ('K3GTG4', 'ITNJ2A', 15, 1);
UPDATE `bv_updation` SET left_carry = left_carry+50, total_left = total_left+50
WHERE `user_id` = 'K3GTG4';
INSERT INTO `placement_bv_update_history` (`left_carry`, `date`, `from_id`, `user_id`) VALUES ('50', '2024-09-26 17:35:35', 'ITNJ2A', 'K3GTG4');
INSERT INTO `matrix_filling` (`placement_id`, `downline_id`, `level`, `matrix`) VALUES ('I1TUBN', 'ITNJ2A', 16, 1);
UPDATE `bv_updation` SET left_carry = left_carry+50, total_left = total_left+50
WHERE `user_id` = 'I1TUBN';
INSERT INTO `placement_bv_update_history` (`left_carry`, `date`, `from_id`, `user_id`) VALUES ('50', '2024-09-26 17:35:35', 'ITNJ2A', 'I1TUBN');
INSERT INTO `matrix_filling` (`placement_id`, `downline_id`, `level`, `matrix`) VALUES ('BAUCCU', 'ITNJ2A', 17, 1);
UPDATE `bv_updation` SET left_carry = left_carry+50, total_left = total_left+50
WHERE `user_id` = 'BAUCCU';
INSERT INTO `placement_bv_update_history` (`left_carry`, `date`, `from_id`, `user_id`) VALUES ('50', '2024-09-26 17:35:35', 'ITNJ2A', 'BAUCCU');
INSERT INTO `matrix_filling` (`placement_id`, `downline_id`, `level`, `matrix`) VALUES ('62QO97', 'ITNJ2A', 18, 1);
UPDATE `bv_updation` SET left_carry = left_carry+50, total_left = total_left+50
WHERE `user_id` = '62QO97';
INSERT INTO `placement_bv_update_history` (`left_carry`, `date`, `from_id`, `user_id`) VALUES ('50', '2024-09-26 17:35:35', 'ITNJ2A', '62QO97');
INSERT INTO `matrix_filling` (`placement_id`, `downline_id`, `level`, `matrix`) VALUES ('OHLQEO', 'ITNJ2A', 19, 1);
UPDATE `bv_updation` SET left_carry = left_carry+50, total_left = total_left+50
WHERE `user_id` = 'OHLQEO';
INSERT INTO `placement_bv_update_history` (`left_carry`, `date`, `from_id`, `user_id`) VALUES ('50', '2024-09-26 17:35:35', 'ITNJ2A', 'OHLQEO');
INSERT INTO `matrix_filling` (`placement_id`, `downline_id`, `level`, `matrix`) VALUES ('7APFKG', 'ITNJ2A', 20, 1);
UPDATE `bv_updation` SET left_carry = left_carry+50, total_left = total_left+50
WHERE `user_id` = '7APFKG';
INSERT INTO `placement_bv_update_history` (`left_carry`, `date`, `from_id`, `user_id`) VALUES ('50', '2024-09-26 17:35:35', 'ITNJ2A', '7APFKG');
INSERT INTO `matrix_filling` (`placement_id`, `downline_id`, `level`, `matrix`) VALUES ('Q2Q92Y', 'ITNJ2A', 21, 1);
UPDATE `bv_updation` SET left_carry = left_carry+50, total_left = total_left+50
WHERE `user_id` = 'Q2Q92Y';
INSERT INTO `placement_bv_update_history` (`left_carry`, `date`, `from_id`, `user_id`) VALUES ('50', '2024-09-26 17:35:35', 'ITNJ2A', 'Q2Q92Y');
INSERT INTO `matrix_filling` (`placement_id`, `downline_id`, `level`, `matrix`) VALUES ('E9ITRC', 'ITNJ2A', 22, 1);
UPDATE `bv_updation` SET left_carry = left_carry+50, total_left = total_left+50
WHERE `user_id` = 'E9ITRC';
INSERT INTO `placement_bv_update_history` (`left_carry`, `date`, `from_id`, `user_id`) VALUES ('50', '2024-09-26 17:35:35', 'ITNJ2A', 'E9ITRC');
INSERT INTO `matrix_filling` (`placement_id`, `downline_id`, `level`, `matrix`) VALUES ('7COKBB', 'ITNJ2A', 23, 1);
UPDATE `bv_updation` SET left_carry = left_carry+50, total_left = total_left+50
WHERE `user_id` = '7COKBB';
INSERT INTO `placement_bv_update_history` (`left_carry`, `date`, `from_id`, `user_id`) VALUES ('50', '2024-09-26 17:35:35', 'ITNJ2A', '7COKBB');
INSERT INTO `matrix_filling` (`placement_id`, `downline_id`, `level`, `matrix`) VALUES ('BDNS17', 'ITNJ2A', 24, 1);
UPDATE `bv_updation` SET left_carry = left_carry+50, total_left = total_left+50
WHERE `user_id` = 'BDNS17';
INSERT INTO `placement_bv_update_history` (`left_carry`, `date`, `from_id`, `user_id`) VALUES ('50', '2024-09-26 17:35:35', 'ITNJ2A', 'BDNS17');
INSERT INTO `matrix_filling` (`placement_id`, `downline_id`, `level`, `matrix`) VALUES ('7ZXRRE', 'ITNJ2A', 25, 1);
UPDATE `bv_updation` SET left_carry = left_carry+50, total_left = total_left+50
WHERE `user_id` = '7ZXRRE';
INSERT INTO `placement_bv_update_history` (`left_carry`, `date`, `from_id`, `user_id`) VALUES ('50', '2024-09-26 17:35:35', 'ITNJ2A', '7ZXRRE');
INSERT INTO `matrix_filling` (`placement_id`, `downline_id`, `level`, `matrix`) VALUES ('KLRAF5', 'ITNJ2A', 26, 1);
UPDATE `bv_updation` SET left_carry = left_carry+50, total_left = total_left+50
WHERE `user_id` = 'KLRAF5';
INSERT INTO `placement_bv_update_history` (`left_carry`, `date`, `from_id`, `user_id`) VALUES ('50', '2024-09-26 17:35:35', 'ITNJ2A', 'KLRAF5');
INSERT INTO `matrix_filling` (`placement_id`, `downline_id`, `level`, `matrix`) VALUES ('IFJHZG', 'ITNJ2A', 27, 1);
UPDATE `bv_updation` SET left_carry = left_carry+50, total_left = total_left+50
WHERE `user_id` = 'IFJHZG';
INSERT INTO `placement_bv_update_history` (`left_carry`, `date`, `from_id`, `user_id`) VALUES ('50', '2024-09-26 17:35:35', 'ITNJ2A', 'IFJHZG');
INSERT INTO `matrix_filling` (`placement_id`, `downline_id`, `level`, `matrix`) VALUES ('MXUV8Q', 'ITNJ2A', 28, 1);
UPDATE `bv_updation` SET left_carry = left_carry+50, total_left = total_left+50
WHERE `user_id` = 'MXUV8Q';
INSERT INTO `placement_bv_update_history` (`left_carry`, `date`, `from_id`, `user_id`) VALUES ('50', '2024-09-26 17:35:35', 'ITNJ2A', 'MXUV8Q');
INSERT INTO `matrix_filling` (`placement_id`, `downline_id`, `level`, `matrix`) VALUES ('GGM164', 'ITNJ2A', 29, 1);
UPDATE `bv_updation` SET left_carry = left_carry+50, total_left = total_left+50
WHERE `user_id` = 'GGM164';
INSERT INTO `placement_bv_update_history` (`left_carry`, `date`, `from_id`, `user_id`) VALUES ('50', '2024-09-26 17:35:35', 'ITNJ2A', 'GGM164');
INSERT INTO `matrix_filling` (`placement_id`, `downline_id`, `level`, `matrix`) VALUES ('3NKIEX', 'ITNJ2A', 30, 1);
UPDATE `bv_updation` SET left_carry = left_carry+50, total_left = total_left+50
WHERE `user_id` = '3NKIEX';
INSERT INTO `placement_bv_update_history` (`left_carry`, `date`, `from_id`, `user_id`) VALUES ('50', '2024-09-26 17:35:35', 'ITNJ2A', '3NKIEX');
INSERT INTO `matrix_filling` (`placement_id`, `downline_id`, `level`, `matrix`) VALUES ('S56TH3', 'ITNJ2A', 31, 1);
UPDATE `bv_updation` SET left_carry = left_carry+50, total_left = total_left+50
WHERE `user_id` = 'S56TH3';
INSERT INTO `placement_bv_update_history` (`left_carry`, `date`, `from_id`, `user_id`) VALUES ('50', '2024-09-26 17:35:35', 'ITNJ2A', 'S56TH3');
INSERT INTO `matrix_filling` (`placement_id`, `downline_id`, `level`, `matrix`) VALUES ('XYG89U', 'ITNJ2A', 32, 1);
UPDATE `bv_updation` SET left_carry = left_carry+50, total_left = total_left+50
WHERE `user_id` = 'XYG89U';
INSERT INTO `placement_bv_update_history` (`left_carry`, `date`, `from_id`, `user_id`) VALUES ('50', '2024-09-26 17:35:35', 'ITNJ2A', 'XYG89U');
INSERT INTO `matrix_filling` (`placement_id`, `downline_id`, `level`, `matrix`) VALUES ('HTFY93', 'ITNJ2A', 33, 1);
UPDATE `bv_updation` SET left_carry = left_carry+50, total_left = total_left+50
WHERE `user_id` = 'HTFY93';
INSERT INTO `placement_bv_update_history` (`left_carry`, `date`, `from_id`, `user_id`) VALUES ('50', '2024-09-26 17:35:35', 'ITNJ2A', 'HTFY93');
INSERT INTO `matrix_filling` (`placement_id`, `downline_id`, `level`, `matrix`) VALUES ('3PR393', 'ITNJ2A', 34, 1);
UPDATE `bv_updation` SET left_carry = left_carry+50, total_left = total_left+50
WHERE `user_id` = '3PR393';
INSERT INTO `placement_bv_update_history` (`left_carry`, `date`, `from_id`, `user_id`) VALUES ('50', '2024-09-26 17:35:35', 'ITNJ2A', '3PR393');
INSERT INTO `matrix_filling` (`placement_id`, `downline_id`, `level`, `matrix`) VALUES ('T3MRY1', 'ITNJ2A', 35, 1);
UPDATE `bv_updation` SET left_carry = left_carry+50, total_left = total_left+50
WHERE `user_id` = 'T3MRY1';
INSERT INTO `placement_bv_update_history` (`left_carry`, `date`, `from_id`, `user_id`) VALUES ('50', '2024-09-26 17:35:35', 'ITNJ2A', 'T3MRY1');
INSERT INTO `matrix_filling` (`placement_id`, `downline_id`, `level`, `matrix`) VALUES ('GTMCCK', 'ITNJ2A', 36, 1);
UPDATE `bv_updation` SET left_carry = left_carry+50, total_left = total_left+50
WHERE `user_id` = 'GTMCCK';
INSERT INTO `placement_bv_update_history` (`left_carry`, `date`, `from_id`, `user_id`) VALUES ('50', '2024-09-26 17:35:35', 'ITNJ2A', 'GTMCCK');
INSERT INTO `matrix_filling` (`placement_id`, `downline_id`, `level`, `matrix`) VALUES ('DLYMIF', 'ITNJ2A', 37, 1);
UPDATE `bv_updation` SET left_carry = left_carry+50, total_left = total_left+50
WHERE `user_id` = 'DLYMIF';
INSERT INTO `placement_bv_update_history` (`left_carry`, `date`, `from_id`, `user_id`) VALUES ('50', '2024-09-26 17:35:35', 'ITNJ2A', 'DLYMIF');
INSERT INTO `matrix_filling` (`placement_id`, `downline_id`, `level`, `matrix`) VALUES ('WGJ5KE', 'ITNJ2A', 38, 1);
UPDATE `bv_updation` SET left_carry = left_carry+50, total_left = total_left+50
WHERE `user_id` = 'WGJ5KE';
INSERT INTO `placement_bv_update_history` (`left_carry`, `date`, `from_id`, `user_id`) VALUES ('50', '2024-09-26 17:35:35', 'ITNJ2A', 'WGJ5KE');
INSERT INTO `matrix_filling` (`placement_id`, `downline_id`, `level`, `matrix`) VALUES ('ORRJ3M', 'ITNJ2A', 39, 1);
UPDATE `bv_updation` SET left_carry = left_carry+50, total_left = total_left+50
WHERE `user_id` = 'ORRJ3M';
INSERT INTO `placement_bv_update_history` (`left_carry`, `date`, `from_id`, `user_id`) VALUES ('50', '2024-09-26 17:35:35', 'ITNJ2A', 'ORRJ3M');
INSERT INTO `matrix_filling` (`placement_id`, `downline_id`, `level`, `matrix`) VALUES ('AA8V6V', 'ITNJ2A', 40, 1);
UPDATE `bv_updation` SET left_carry = left_carry+50, total_left = total_left+50
WHERE `user_id` = 'AA8V6V';
INSERT INTO `placement_bv_update_history` (`left_carry`, `date`, `from_id`, `user_id`) VALUES ('50', '2024-09-26 17:35:35', 'ITNJ2A', 'AA8V6V');
INSERT INTO `matrix_filling` (`placement_id`, `downline_id`, `level`, `matrix`) VALUES ('61ME4O', 'ITNJ2A', 41, 1);
UPDATE `bv_updation` SET left_carry = left_carry+50, total_left = total_left+50
WHERE `user_id` = '61ME4O';
INSERT INTO `placement_bv_update_history` (`left_carry`, `date`, `from_id`, `user_id`) VALUES ('50', '2024-09-26 17:35:35', 'ITNJ2A', '61ME4O');
INSERT INTO `matrix_filling` (`placement_id`, `downline_id`, `level`, `matrix`) VALUES ('WS1SZZ', 'ITNJ2A', 42, 1);
UPDATE `bv_updation` SET left_carry = left_carry+50, total_left = total_left+50
WHERE `user_id` = 'WS1SZZ';
INSERT INTO `placement_bv_update_history` (`left_carry`, `date`, `from_id`, `user_id`) VALUES ('50', '2024-09-26 17:35:35', 'ITNJ2A', 'WS1SZZ');
INSERT INTO `matrix_filling` (`placement_id`, `downline_id`, `level`, `matrix`) VALUES ('TBN4MZ', 'ITNJ2A', 43, 1);
UPDATE `bv_updation` SET left_carry = left_carry+50, total_left = total_left+50
WHERE `user_id` = 'TBN4MZ';
INSERT INTO `placement_bv_update_history` (`left_carry`, `date`, `from_id`, `user_id`) VALUES ('50', '2024-09-26 17:35:35', 'ITNJ2A', 'TBN4MZ');
INSERT INTO `matrix_filling` (`placement_id`, `downline_id`, `level`, `matrix`) VALUES ('OEMJ8R', 'ITNJ2A', 44, 1);
UPDATE `bv_updation` SET left_carry = left_carry+50, total_left = total_left+50
WHERE `user_id` = 'OEMJ8R';
INSERT INTO `placement_bv_update_history` (`left_carry`, `date`, `from_id`, `user_id`) VALUES ('50', '2024-09-26 17:35:35', 'ITNJ2A', 'OEMJ8R');
INSERT INTO `matrix_filling` (`placement_id`, `downline_id`, `level`, `matrix`) VALUES ('FXAYIE', 'ITNJ2A', 45, 1);
UPDATE `bv_updation` SET left_carry = left_carry+50, total_left = total_left+50
WHERE `user_id` = 'FXAYIE';
INSERT INTO `placement_bv_update_history` (`left_carry`, `date`, `from_id`, `user_id`) VALUES ('50', '2024-09-26 17:35:35', 'ITNJ2A', 'FXAYIE');
INSERT INTO `matrix_filling` (`placement_id`, `downline_id`, `level`, `matrix`) VALUES ('ELXZWC', 'ITNJ2A', 46, 1);
UPDATE `bv_updation` SET left_carry = left_carry+50, total_left = total_left+50
WHERE `user_id` = 'ELXZWC';
INSERT INTO `placement_bv_update_history` (`left_carry`, `date`, `from_id`, `user_id`) VALUES ('50', '2024-09-26 17:35:35', 'ITNJ2A', 'ELXZWC');
INSERT INTO `matrix_filling` (`placement_id`, `downline_id`, `level`, `matrix`) VALUES ('C1TQVI', 'ITNJ2A', 47, 1);
UPDATE `bv_updation` SET left_carry = left_carry+50, total_left = total_left+50
WHERE `user_id` = 'C1TQVI';
INSERT INTO `placement_bv_update_history` (`left_carry`, `date`, `from_id`, `user_id`) VALUES ('50', '2024-09-26 17:35:35', 'ITNJ2A', 'C1TQVI');
INSERT INTO `matrix_filling` (`placement_id`, `downline_id`, `level`, `matrix`) VALUES ('F5GPDF', 'ITNJ2A', 48, 1);
UPDATE `bv_updation` SET left_carry = left_carry+50, total_left = total_left+50
WHERE `user_id` = 'F5GPDF';
INSERT INTO `placement_bv_update_history` (`left_carry`, `date`, `from_id`, `user_id`) VALUES ('50', '2024-09-26 17:35:35', 'ITNJ2A', 'F5GPDF');
INSERT INTO `matrix_filling` (`placement_id`, `downline_id`, `level`, `matrix`) VALUES ('91PYDK', 'ITNJ2A', 49, 1);
UPDATE `bv_updation` SET left_carry = left_carry+50, total_left = total_left+50
WHERE `user_id` = '91PYDK';
INSERT INTO `placement_bv_update_history` (`left_carry`, `date`, `from_id`, `user_id`) VALUES ('50', '2024-09-26 17:35:35', 'ITNJ2A', '91PYDK');
INSERT INTO `matrix_filling` (`placement_id`, `downline_id`, `level`, `matrix`) VALUES ('4OT7RX', 'ITNJ2A', 50, 1);
UPDATE `bv_updation` SET left_carry = left_carry+50, total_left = total_left+50
WHERE `user_id` = '4OT7RX';
INSERT INTO `placement_bv_update_history` (`left_carry`, `date`, `from_id`, `user_id`) VALUES ('50', '2024-09-26 17:35:35', 'ITNJ2A', '4OT7RX');
INSERT INTO `matrix_filling` (`placement_id`, `downline_id`, `level`, `matrix`) VALUES ('ZJZA3M', 'ITNJ2A', 51, 1);
UPDATE `bv_updation` SET left_carry = left_carry+50, total_left = total_left+50
WHERE `user_id` = 'ZJZA3M';
INSERT INTO `placement_bv_update_history` (`left_carry`, `date`, `from_id`, `user_id`) VALUES ('50', '2024-09-26 17:35:35', 'ITNJ2A', 'ZJZA3M');
INSERT INTO `matrix_filling` (`placement_id`, `downline_id`, `level`, `matrix`) VALUES ('XN6ETC', 'ITNJ2A', 52, 1);
UPDATE `bv_updation` SET left_carry = left_carry+50, total_left = total_left+50
WHERE `user_id` = 'XN6ETC';
INSERT INTO `placement_bv_update_history` (`left_carry`, `date`, `from_id`, `user_id`) VALUES ('50', '2024-09-26 17:35:35', 'ITNJ2A', 'XN6ETC');
INSERT INTO `matrix_filling` (`placement_id`, `downline_id`, `level`, `matrix`) VALUES ('KVQN1O', 'ITNJ2A', 53, 1);
UPDATE `bv_updation` SET left_carry = left_carry+50, total_left = total_left+50
WHERE `user_id` = 'KVQN1O';
INSERT INTO `placement_bv_update_history` (`left_carry`, `date`, `from_id`, `user_id`) VALUES ('50', '2024-09-26 17:35:35', 'ITNJ2A', 'KVQN1O');
INSERT INTO `matrix_filling` (`placement_id`, `downline_id`, `level`, `matrix`) VALUES ('X3V7DJ', 'ITNJ2A', 54, 1);
UPDATE `bv_updation` SET left_carry = left_carry+50, total_left = total_left+50
WHERE `user_id` = 'X3V7DJ';
INSERT INTO `placement_bv_update_history` (`left_carry`, `date`, `from_id`, `user_id`) VALUES ('50', '2024-09-26 17:35:35', 'ITNJ2A', 'X3V7DJ');
INSERT INTO `matrix_filling` (`placement_id`, `downline_id`, `level`, `matrix`) VALUES ('DJ77NH', 'ITNJ2A', 55, 1);
UPDATE `bv_updation` SET left_carry = left_carry+50, total_left = total_left+50
WHERE `user_id` = 'DJ77NH';
INSERT INTO `placement_bv_update_history` (`left_carry`, `date`, `from_id`, `user_id`) VALUES ('50', '2024-09-26 17:35:35', 'ITNJ2A', 'DJ77NH');
INSERT INTO `matrix_filling` (`placement_id`, `downline_id`, `level`, `matrix`) VALUES ('PX7XCL', 'ITNJ2A', 56, 1);
UPDATE `bv_updation` SET left_carry = left_carry+50, total_left = total_left+50
WHERE `user_id` = 'PX7XCL';
INSERT INTO `placement_bv_update_history` (`left_carry`, `date`, `from_id`, `user_id`) VALUES ('50', '2024-09-26 17:35:35', 'ITNJ2A', 'PX7XCL');
INSERT INTO `matrix_filling` (`placement_id`, `downline_id`, `level`, `matrix`) VALUES ('L8PM4Z', 'ITNJ2A', 57, 1);
UPDATE `bv_updation` SET left_carry = left_carry+50, total_left = total_left+50
WHERE `user_id` = 'L8PM4Z';
INSERT INTO `placement_bv_update_history` (`left_carry`, `date`, `from_id`, `user_id`) VALUES ('50', '2024-09-26 17:35:35', 'ITNJ2A', 'L8PM4Z');
INSERT INTO `matrix_filling` (`placement_id`, `downline_id`, `level`, `matrix`) VALUES ('GBSIER', 'ITNJ2A', 58, 1);
UPDATE `bv_updation` SET left_carry = left_carry+50, total_left = total_left+50
WHERE `user_id` = 'GBSIER';
INSERT INTO `placement_bv_update_history` (`left_carry`, `date`, `from_id`, `user_id`) VALUES ('50', '2024-09-26 17:35:35', 'ITNJ2A', 'GBSIER');
INSERT INTO `matrix_filling` (`placement_id`, `downline_id`, `level`, `matrix`) VALUES ('AV48YQ', 'ITNJ2A', 59, 1);
UPDATE `bv_updation` SET left_carry = left_carry+50, total_left = total_left+50
WHERE `user_id` = 'AV48YQ';
INSERT INTO `placement_bv_update_history` (`left_carry`, `date`, `from_id`, `user_id`) VALUES ('50', '2024-09-26 17:35:35', 'ITNJ2A', 'AV48YQ');
INSERT INTO `matrix_filling` (`placement_id`, `downline_id`, `level`, `matrix`) VALUES ('admin', 'ITNJ2A', 60, 1);
INSERT INTO `package_purchase_history` (`user_id`, `package_id`, `reg_fee`, `package_name`, `monthly_fee`, `type`, `date`, `payment_option`) VALUES ('ITNJ2A', '2', '595', 'Traveler Pro', '150', 'sign_up', '2024-09-26 17:35:35', 'free');
UPDATE `ci_sessions` SET `timestamp` = 1727390249, `data` = '__ci_last_regenerate|i:1727390249;id|s:4:\"2515\";user_id|s:6:\"KJ9UDH\";username|s:5:\"lucy7\";sponsor_id|s:6:\"C3N32U\";fullname|s:15:\"Lucy Harrington\";email|s:15:\"lucy7@gmail.com\";phone|s:10:\"7862876762\";isLogIn|b:1;'
WHERE `id` = '5949ecc4c42be93adb698430443399aa143beaba';
UPDATE `user_registration` SET `uid` = '2908', `user_id` = 'RE29PU', `username` = 'licet7', `sponsor_id` = 'KJ9UDH', `vacant` = 'no', `f_name` = 'Licet', `l_name` = 'Lima', `address` = '8100 SW 14 Terr', `position` = 'left', `email` = 'licet7@gmail.com', `password` = '4a77e1f514bba2e7c23382f0c78434e0', `phone` = '7862876762', `country` = 'United States', `state` = 'Florida', `city` = 'Miami', `street` = '8100 SW 14 Terr', `zip_code` = '33144', `reg_ip` = '172.70.83.8', `status` = 1, `package_id` = '2', `rank_id` = 1, `highest_rank` = 1, `created` = '2024-09-26 17:37:29', `subscription_date` = '2024-10-26', `google_secret` = 'RE4HPNLWOAN743NY'
WHERE `uid` = '2908';
INSERT INTO `user_registration` (`uid`, `user_id`, `username`, `sponsor_id`, `placement_id`, `vacant`, `f_name`, `l_name`, `address`, `position`, `email`, `password`, `phone`, `reg_ip`, `status`, `created`) VALUES (NULL, 'XLGCLD', 'jIxUTTIG', 'RE29PU', 'RE29PU', 'yes', '', '', '', 'left', '@mail.com', '', '', '', 0, '2024-09-26 17:37:30');
INSERT INTO `user_registration` (`uid`, `user_id`, `username`, `sponsor_id`, `placement_id`, `vacant`, `f_name`, `l_name`, `address`, `position`, `email`, `password`, `phone`, `reg_ip`, `status`, `created`) VALUES (NULL, 'WJWQVG', 'bEKrLKIq', 'RE29PU', 'RE29PU', 'yes', '', '', '', 'right', '@mail.com', '', '', '', 0, '2024-09-26 17:37:30');
INSERT INTO `bv_updation` (`user_id`) VALUES ('RE29PU');
UPDATE `user_registration` SET total_ref_count = total_ref_count+1
WHERE `user_id` = 'KJ9UDH';
UPDATE `user_registration` SET total_downlines = total_downlines+1
WHERE `user_id` = 'ITNJ2A';
UPDATE `user_registration` SET left_downlines = left_downlines+1
WHERE `user_id` = 'ITNJ2A';
UPDATE `user_registration` SET total_downlines = total_downlines+1
WHERE `user_id` = 'KJ9UDH';
UPDATE `user_registration` SET left_downlines = left_downlines+1
WHERE `user_id` = 'KJ9UDH';
UPDATE `user_registration` SET left_ref_count = left_ref_count+1
WHERE `user_id` = 'KJ9UDH';
UPDATE `user_registration` SET active_left = active_left+1
WHERE `user_id` = 'KJ9UDH';
UPDATE `user_registration` SET total_downlines = total_downlines+1
WHERE `user_id` = 'C3N32U';
UPDATE `user_registration` SET right_downlines = right_downlines+1
WHERE `user_id` = 'C3N32U';
UPDATE `user_registration` SET total_downlines = total_downlines+1
WHERE `user_id` = 'MNLXPP';
UPDATE `user_registration` SET left_downlines = left_downlines+1
WHERE `user_id` = 'MNLXPP';
UPDATE `user_registration` SET total_downlines = total_downlines+1
WHERE `user_id` = 'NUPA4K';
UPDATE `user_registration` SET left_downlines = left_downlines+1
WHERE `user_id` = 'NUPA4K';
UPDATE `user_registration` SET total_downlines = total_downlines+1
WHERE `user_id` = '1FFFBU';
UPDATE `user_registration` SET left_downlines = left_downlines+1
WHERE `user_id` = '1FFFBU';
UPDATE `user_registration` SET total_downlines = total_downlines+1
WHERE `user_id` = 'J4CGUT';
UPDATE `user_registration` SET left_downlines = left_downlines+1
WHERE `user_id` = 'J4CGUT';
UPDATE `user_registration` SET total_downlines = total_downlines+1
WHERE `user_id` = 'S1RTX3';
UPDATE `user_registration` SET left_downlines = left_downlines+1
WHERE `user_id` = 'S1RTX3';
UPDATE `user_registration` SET total_downlines = total_downlines+1
WHERE `user_id` = 'I8YWQA';
UPDATE `user_registration` SET left_downlines = left_downlines+1
WHERE `user_id` = 'I8YWQA';
UPDATE `user_registration` SET total_downlines = total_downlines+1
WHERE `user_id` = 'I3MZBU';
UPDATE `user_registration` SET left_downlines = left_downlines+1
WHERE `user_id` = 'I3MZBU';
UPDATE `user_registration` SET total_downlines = total_downlines+1
WHERE `user_id` = 'H2I33O';
UPDATE `user_registration` SET left_downlines = left_downlines+1
WHERE `user_id` = 'H2I33O';
UPDATE `user_registration` SET total_downlines = total_downlines+1
WHERE `user_id` = 'AL7XWH';
UPDATE `user_registration` SET left_downlines = left_downlines+1
WHERE `user_id` = 'AL7XWH';
UPDATE `user_registration` SET total_downlines = total_downlines+1
WHERE `user_id` = 'HFZ9SA';
UPDATE `user_registration` SET left_downlines = left_downlines+1
WHERE `user_id` = 'HFZ9SA';
UPDATE `user_registration` SET total_downlines = total_downlines+1
WHERE `user_id` = 'A2MTZ3';
UPDATE `user_registration` SET left_downlines = left_downlines+1
WHERE `user_id` = 'A2MTZ3';
UPDATE `user_registration` SET total_downlines = total_downlines+1
WHERE `user_id` = 'RUEKCW';
UPDATE `user_registration` SET left_downlines = left_downlines+1
WHERE `user_id` = 'RUEKCW';
UPDATE `user_registration` SET total_downlines = total_downlines+1
WHERE `user_id` = 'K3GTG4';
UPDATE `user_registration` SET left_downlines = left_downlines+1
WHERE `user_id` = 'K3GTG4';
UPDATE `user_registration` SET total_downlines = total_downlines+1
WHERE `user_id` = 'I1TUBN';
UPDATE `user_registration` SET left_downlines = left_downlines+1
WHERE `user_id` = 'I1TUBN';
UPDATE `user_registration` SET total_downlines = total_downlines+1
WHERE `user_id` = 'BAUCCU';
UPDATE `user_registration` SET left_downlines = left_downlines+1
WHERE `user_id` = 'BAUCCU';
UPDATE `user_registration` SET total_downlines = total_downlines+1
WHERE `user_id` = '62QO97';
UPDATE `user_registration` SET left_downlines = left_downlines+1
WHERE `user_id` = '62QO97';
UPDATE `user_registration` SET total_downlines = total_downlines+1
WHERE `user_id` = 'OHLQEO';
UPDATE `user_registration` SET left_downlines = left_downlines+1
WHERE `user_id` = 'OHLQEO';
UPDATE `user_registration` SET total_downlines = total_downlines+1
WHERE `user_id` = '7APFKG';
UPDATE `user_registration` SET left_downlines = left_downlines+1
WHERE `user_id` = '7APFKG';
UPDATE `user_registration` SET total_downlines = total_downlines+1
WHERE `user_id` = 'Q2Q92Y';
UPDATE `user_registration` SET left_downlines = left_downlines+1
WHERE `user_id` = 'Q2Q92Y';
UPDATE `user_registration` SET total_downlines = total_downlines+1
WHERE `user_id` = 'E9ITRC';
UPDATE `user_registration` SET left_downlines = left_downlines+1
WHERE `user_id` = 'E9ITRC';
UPDATE `user_registration` SET total_downlines = total_downlines+1
WHERE `user_id` = '7COKBB';
UPDATE `user_registration` SET left_downlines = left_downlines+1
WHERE `user_id` = '7COKBB';
UPDATE `user_registration` SET total_downlines = total_downlines+1
WHERE `user_id` = 'BDNS17';
UPDATE `user_registration` SET left_downlines = left_downlines+1
WHERE `user_id` = 'BDNS17';
UPDATE `user_registration` SET total_downlines = total_downlines+1
WHERE `user_id` = '7ZXRRE';
UPDATE `user_registration` SET left_downlines = left_downlines+1
WHERE `user_id` = '7ZXRRE';
UPDATE `user_registration` SET total_downlines = total_downlines+1
WHERE `user_id` = 'KLRAF5';
UPDATE `user_registration` SET left_downlines = left_downlines+1
WHERE `user_id` = 'KLRAF5';
UPDATE `user_registration` SET total_downlines = total_downlines+1
WHERE `user_id` = 'IFJHZG';
UPDATE `user_registration` SET left_downlines = left_downlines+1
WHERE `user_id` = 'IFJHZG';
UPDATE `user_registration` SET total_downlines = total_downlines+1
WHERE `user_id` = 'MXUV8Q';
UPDATE `user_registration` SET left_downlines = left_downlines+1
WHERE `user_id` = 'MXUV8Q';
UPDATE `user_registration` SET total_downlines = total_downlines+1
WHERE `user_id` = 'GGM164';
UPDATE `user_registration` SET left_downlines = left_downlines+1
WHERE `user_id` = 'GGM164';
UPDATE `user_registration` SET total_downlines = total_downlines+1
WHERE `user_id` = '3NKIEX';
UPDATE `user_registration` SET left_downlines = left_downlines+1
WHERE `user_id` = '3NKIEX';
UPDATE `user_registration` SET total_downlines = total_downlines+1
WHERE `user_id` = 'S56TH3';
UPDATE `user_registration` SET left_downlines = left_downlines+1
WHERE `user_id` = 'S56TH3';
UPDATE `user_registration` SET total_downlines = total_downlines+1
WHERE `user_id` = 'XYG89U';
UPDATE `user_registration` SET left_downlines = left_downlines+1
WHERE `user_id` = 'XYG89U';
UPDATE `user_registration` SET total_downlines = total_downlines+1
WHERE `user_id` = 'HTFY93';
UPDATE `user_registration` SET left_downlines = left_downlines+1
WHERE `user_id` = 'HTFY93';
UPDATE `user_registration` SET total_downlines = total_downlines+1
WHERE `user_id` = '3PR393';
UPDATE `user_registration` SET left_downlines = left_downlines+1
WHERE `user_id` = '3PR393';
UPDATE `user_registration` SET total_downlines = total_downlines+1
WHERE `user_id` = 'T3MRY1';
UPDATE `user_registration` SET left_downlines = left_downlines+1
WHERE `user_id` = 'T3MRY1';
UPDATE `user_registration` SET total_downlines = total_downlines+1
WHERE `user_id` = 'GTMCCK';
UPDATE `user_registration` SET left_downlines = left_downlines+1
WHERE `user_id` = 'GTMCCK';
UPDATE `user_registration` SET total_downlines = total_downlines+1
WHERE `user_id` = 'DLYMIF';
UPDATE `user_registration` SET left_downlines = left_downlines+1
WHERE `user_id` = 'DLYMIF';
UPDATE `user_registration` SET total_downlines = total_downlines+1
WHERE `user_id` = 'WGJ5KE';
UPDATE `user_registration` SET left_downlines = left_downlines+1
WHERE `user_id` = 'WGJ5KE';
UPDATE `user_registration` SET total_downlines = total_downlines+1
WHERE `user_id` = 'ORRJ3M';
UPDATE `user_registration` SET left_downlines = left_downlines+1
WHERE `user_id` = 'ORRJ3M';
UPDATE `user_registration` SET total_downlines = total_downlines+1
WHERE `user_id` = 'AA8V6V';
UPDATE `user_registration` SET left_downlines = left_downlines+1
WHERE `user_id` = 'AA8V6V';
UPDATE `user_registration` SET total_downlines = total_downlines+1
WHERE `user_id` = '61ME4O';
UPDATE `user_registration` SET left_downlines = left_downlines+1
WHERE `user_id` = '61ME4O';
UPDATE `user_registration` SET total_downlines = total_downlines+1
WHERE `user_id` = 'WS1SZZ';
UPDATE `user_registration` SET left_downlines = left_downlines+1
WHERE `user_id` = 'WS1SZZ';
UPDATE `user_registration` SET total_downlines = total_downlines+1
WHERE `user_id` = 'TBN4MZ';
UPDATE `user_registration` SET left_downlines = left_downlines+1
WHERE `user_id` = 'TBN4MZ';
UPDATE `user_registration` SET total_downlines = total_downlines+1
WHERE `user_id` = 'OEMJ8R';
UPDATE `user_registration` SET left_downlines = left_downlines+1
WHERE `user_id` = 'OEMJ8R';
UPDATE `user_registration` SET total_downlines = total_downlines+1
WHERE `user_id` = 'FXAYIE';
UPDATE `user_registration` SET left_downlines = left_downlines+1
WHERE `user_id` = 'FXAYIE';
UPDATE `user_registration` SET total_downlines = total_downlines+1
WHERE `user_id` = 'ELXZWC';
UPDATE `user_registration` SET left_downlines = left_downlines+1
WHERE `user_id` = 'ELXZWC';
UPDATE `user_registration` SET total_downlines = total_downlines+1
WHERE `user_id` = 'C1TQVI';
UPDATE `user_registration` SET left_downlines = left_downlines+1
WHERE `user_id` = 'C1TQVI';
UPDATE `user_registration` SET total_downlines = total_downlines+1
WHERE `user_id` = 'F5GPDF';
UPDATE `user_registration` SET left_downlines = left_downlines+1
WHERE `user_id` = 'F5GPDF';
UPDATE `user_registration` SET total_downlines = total_downlines+1
WHERE `user_id` = '91PYDK';
UPDATE `user_registration` SET left_downlines = left_downlines+1
WHERE `user_id` = '91PYDK';
UPDATE `user_registration` SET total_downlines = total_downlines+1
WHERE `user_id` = '4OT7RX';
UPDATE `user_registration` SET left_downlines = left_downlines+1
WHERE `user_id` = '4OT7RX';
UPDATE `user_registration` SET total_downlines = total_downlines+1
WHERE `user_id` = 'ZJZA3M';
UPDATE `user_registration` SET left_downlines = left_downlines+1
WHERE `user_id` = 'ZJZA3M';
UPDATE `user_registration` SET total_downlines = total_downlines+1
WHERE `user_id` = 'XN6ETC';
UPDATE `user_registration` SET left_downlines = left_downlines+1
WHERE `user_id` = 'XN6ETC';
