UPDATE `bv_updation` SET `rank_id` = 1
WHERE `user_id` = 'MFMD6M';
UPDATE `user_registration` SET `rank_id` = 1
WHERE `user_id` = 'MFMD6M';
UPDATE `bv_updation` SET left_carry = 0, right_carry = 0
WHERE `user_id` = 'MFMD6M';
INSERT INTO `monthly_cleared_data` (`user_id`, `left_carry`, `right_carry`, `rank_id`, `date`) VALUES ('577V9K', '0', '300', '1', '2024-09-28 20:09:01');
UPDATE `bv_updation` SET `rank_id` = 1
WHERE `user_id` = '577V9K';
UPDATE `user_registration` SET `rank_id` = 1
WHERE `user_id` = '577V9K';
UPDATE `bv_updation` SET left_carry = 0, right_carry = 0
WHERE `user_id` = '577V9K';
INSERT INTO `monthly_cleared_data` (`user_id`, `left_carry`, `right_carry`, `rank_id`, `date`) VALUES ('QM7JIM', '0', '1120', '1', '2024-09-28 20:09:01');
UPDATE `bv_updation` SET `rank_id` = 1
WHERE `user_id` = 'QM7JIM';
UPDATE `user_registration` SET `rank_id` = 1
WHERE `user_id` = 'QM7JIM';
UPDATE `bv_updation` SET left_carry = 0, right_carry = 0
WHERE `user_id` = 'QM7JIM';
INSERT INTO `monthly_cleared_data` (`user_id`, `left_carry`, `right_carry`, `rank_id`, `date`) VALUES ('CD1WCU', '1100', '0', '1', '2024-09-28 20:09:01');
UPDATE `bv_updation` SET `rank_id` = 1
WHERE `user_id` = 'CD1WCU';
UPDATE `user_registration` SET `rank_id` = 1
WHERE `user_id` = 'CD1WCU';
UPDATE `bv_updation` SET left_carry = 0, right_carry = 0
WHERE `user_id` = 'CD1WCU';
INSERT INTO `monthly_cleared_data` (`user_id`, `left_carry`, `right_carry`, `rank_id`, `date`) VALUES ('G5UA8O', '0', '100', '1', '2024-09-28 20:09:01');
UPDATE `bv_updation` SET `rank_id` = 1
WHERE `user_id` = 'G5UA8O';
UPDATE `user_registration` SET `rank_id` = 1
WHERE `user_id` = 'G5UA8O';
UPDATE `bv_updation` SET left_carry = 0, right_carry = 0
WHERE `user_id` = 'G5UA8O';
INSERT INTO `monthly_cleared_data` (`user_id`, `left_carry`, `right_carry`, `rank_id`, `date`) VALUES ('1H17TW', '0', '1070', '1', '2024-09-28 20:09:01');
UPDATE `bv_updation` SET `rank_id` = 1
WHERE `user_id` = '1H17TW';
UPDATE `user_registration` SET `rank_id` = 1
WHERE `user_id` = '1H17TW';
UPDATE `bv_updation` SET left_carry = 0, right_carry = 0
WHERE `user_id` = '1H17TW';
INSERT INTO `monthly_cleared_data` (`user_id`, `left_carry`, `right_carry`, `rank_id`, `date`) VALUES ('GHVYLT', '1050', '0', '1', '2024-09-28 20:09:01');
UPDATE `bv_updation` SET `rank_id` = 1
WHERE `user_id` = 'GHVYLT';
UPDATE `user_registration` SET `rank_id` = 1
WHERE `user_id` = 'GHVYLT';
UPDATE `bv_updation` SET left_carry = 0, right_carry = 0
WHERE `user_id` = 'GHVYLT';
INSERT INTO `monthly_cleared_data` (`user_id`, `left_carry`, `right_carry`, `rank_id`, `date`) VALUES ('4OR55J', '50', '550', '1', '2024-09-28 20:09:01');
UPDATE `bv_updation` SET `rank_id` = 1
WHERE `user_id` = '4OR55J';
UPDATE `user_registration` SET `rank_id` = 1
WHERE `user_id` = '4OR55J';
UPDATE `bv_updation` SET left_carry = 0, right_carry = 0
WHERE `user_id` = '4OR55J';
INSERT INTO `monthly_cleared_data` (`user_id`, `left_carry`, `right_carry`, `rank_id`, `date`) VALUES ('3UB84P', '1120', '0', '1', '2024-09-28 20:09:01');
UPDATE `bv_updation` SET `rank_id` = 1
WHERE `user_id` = '3UB84P';
UPDATE `user_registration` SET `rank_id` = 1
WHERE `user_id` = '3UB84P';
UPDATE `bv_updation` SET left_carry = 0, right_carry = 0
WHERE `user_id` = '3UB84P';
INSERT INTO `monthly_cleared_data` (`user_id`, `left_carry`, `right_carry`, `rank_id`, `date`) VALUES ('BL2EI6', '1000', '0', '1', '2024-09-28 20:09:01');
UPDATE `bv_updation` SET `rank_id` = 1
WHERE `user_id` = 'BL2EI6';
UPDATE `user_registration` SET `rank_id` = 1
WHERE `user_id` = 'BL2EI6';
UPDATE `bv_updation` SET left_carry = 0, right_carry = 0
WHERE `user_id` = 'BL2EI6';
INSERT INTO `monthly_cleared_data` (`user_id`, `left_carry`, `right_carry`, `rank_id`, `date`) VALUES ('CPCWHW', '0', '0', '1', '2024-09-28 20:09:01');
UPDATE `bv_updation` SET `rank_id` = 1
WHERE `user_id` = 'CPCWHW';
UPDATE `user_registration` SET `rank_id` = 1
WHERE `user_id` = 'CPCWHW';
UPDATE `bv_updation` SET left_carry = 0, right_carry = 0
WHERE `user_id` = 'CPCWHW';
INSERT INTO `monthly_cleared_data` (`user_id`, `left_carry`, `right_carry`, `rank_id`, `date`) VALUES ('MFRGPZ', '0', '900', '1', '2024-09-28 20:09:01');
UPDATE `bv_updation` SET `rank_id` = 1
WHERE `user_id` = 'MFRGPZ';
UPDATE `user_registration` SET `rank_id` = 1
WHERE `user_id` = 'MFRGPZ';
UPDATE `bv_updation` SET left_carry = 0, right_carry = 0
WHERE `user_id` = 'MFRGPZ';
INSERT INTO `monthly_cleared_data` (`user_id`, `left_carry`, `right_carry`, `rank_id`, `date`) VALUES ('VTD8AZ', '1070', '0', '1', '2024-09-28 20:09:01');
UPDATE `bv_updation` SET `rank_id` = 1
WHERE `user_id` = 'VTD8AZ';
UPDATE `user_registration` SET `rank_id` = 1
WHERE `user_id` = 'VTD8AZ';
UPDATE `bv_updation` SET left_carry = 0, right_carry = 0
WHERE `user_id` = 'VTD8AZ';
INSERT INTO `monthly_cleared_data` (`user_id`, `left_carry`, `right_carry`, `rank_id`, `date`) VALUES ('22FABQ', '950', '0', '1', '2024-09-28 20:09:01');
UPDATE `bv_updation` SET `rank_id` = 1
WHERE `user_id` = '22FABQ';
UPDATE `user_registration` SET `rank_id` = 1
WHERE `user_id` = '22FABQ';
UPDATE `bv_updation` SET left_carry = 0, right_carry = 0
WHERE `user_id` = '22FABQ';
INSERT INTO `monthly_cleared_data` (`user_id`, `left_carry`, `right_carry`, `rank_id`, `date`) VALUES ('B9GZJZ', '1020', '0', '1', '2024-09-28 20:09:01');
UPDATE `bv_updation` SET `rank_id` = 1
WHERE `user_id` = 'B9GZJZ';
UPDATE `user_registration` SET `rank_id` = 1
WHERE `user_id` = 'B9GZJZ';
UPDATE `bv_updation` SET left_carry = 0, right_carry = 0
WHERE `user_id` = 'B9GZJZ';
INSERT INTO `monthly_cleared_data` (`user_id`, `left_carry`, `right_carry`, `rank_id`, `date`) VALUES ('6LMTFA', '970', '0', '1', '2024-09-28 20:09:01');
UPDATE `bv_updation` SET `rank_id` = 1
WHERE `user_id` = '6LMTFA';
UPDATE `user_registration` SET `rank_id` = 1
WHERE `user_id` = '6LMTFA';
UPDATE `bv_updation` SET left_carry = 0, right_carry = 0
WHERE `user_id` = '6LMTFA';
INSERT INTO `monthly_cleared_data` (`user_id`, `left_carry`, `right_carry`, `rank_id`, `date`) VALUES ('R5QKTJ', '0', '850', '1', '2024-09-28 20:09:01');
UPDATE `bv_updation` SET `rank_id` = 1
WHERE `user_id` = 'R5QKTJ';
UPDATE `user_registration` SET `rank_id` = 1
WHERE `user_id` = 'R5QKTJ';
UPDATE `bv_updation` SET left_carry = 0, right_carry = 0
WHERE `user_id` = 'R5QKTJ';
INSERT INTO `monthly_cleared_data` (`user_id`, `left_carry`, `right_carry`, `rank_id`, `date`) VALUES ('Y5UHMF', '920', '0', '1', '2024-09-28 20:09:01');
UPDATE `bv_updation` SET `rank_id` = 1
WHERE `user_id` = 'Y5UHMF';
UPDATE `user_registration` SET `rank_id` = 1
WHERE `user_id` = 'Y5UHMF';
UPDATE `bv_updation` SET left_carry = 0, right_carry = 0
WHERE `user_id` = 'Y5UHMF';
INSERT INTO `monthly_cleared_data` (`user_id`, `left_carry`, `right_carry`, `rank_id`, `date`) VALUES ('7CVOZO', '900', '0', '1', '2024-09-28 20:09:01');
UPDATE `bv_updation` SET `rank_id` = 1
WHERE `user_id` = '7CVOZO';
UPDATE `user_registration` SET `rank_id` = 1
WHERE `user_id` = '7CVOZO';
UPDATE `bv_updation` SET left_carry = 0, right_carry = 0
WHERE `user_id` = '7CVOZO';
INSERT INTO `monthly_cleared_data` (`user_id`, `left_carry`, `right_carry`, `rank_id`, `date`) VALUES ('E98RLW', '870', '0', '1', '2024-09-28 20:09:01');
UPDATE `bv_updation` SET `rank_id` = 1
WHERE `user_id` = 'E98RLW';
UPDATE `user_registration` SET `rank_id` = 1
WHERE `user_id` = 'E98RLW';
UPDATE `bv_updation` SET left_carry = 0, right_carry = 0
WHERE `user_id` = 'E98RLW';
INSERT INTO `monthly_cleared_data` (`user_id`, `left_carry`, `right_carry`, `rank_id`, `date`) VALUES ('T7HLTF', '0', '800', '1', '2024-09-28 20:09:01');
UPDATE `bv_updation` SET `rank_id` = 1
WHERE `user_id` = 'T7HLTF';
UPDATE `user_registration` SET `rank_id` = 1
WHERE `user_id` = 'T7HLTF';
UPDATE `bv_updation` SET left_carry = 0, right_carry = 0
WHERE `user_id` = 'T7HLTF';
INSERT INTO `monthly_cleared_data` (`user_id`, `left_carry`, `right_carry`, `rank_id`, `date`) VALUES ('N2BTW5', '820', '0', '1', '2024-09-28 20:09:01');
UPDATE `bv_updation` SET `rank_id` = 1
WHERE `user_id` = 'N2BTW5';
UPDATE `user_registration` SET `rank_id` = 1
WHERE `user_id` = 'N2BTW5';
UPDATE `bv_updation` SET left_carry = 0, right_carry = 0
WHERE `user_id` = 'N2BTW5';
INSERT INTO `monthly_cleared_data` (`user_id`, `left_carry`, `right_carry`, `rank_id`, `date`) VALUES ('PRFNUF', '850', '0', '1', '2024-09-28 20:09:01');
UPDATE `bv_updation` SET `rank_id` = 1
WHERE `user_id` = 'PRFNUF';
UPDATE `user_registration` SET `rank_id` = 1
WHERE `user_id` = 'PRFNUF';
UPDATE `bv_updation` SET left_carry = 0, right_carry = 0
WHERE `user_id` = 'PRFNUF';
INSERT INTO `monthly_cleared_data` (`user_id`, `left_carry`, `right_carry`, `rank_id`, `date`) VALUES ('5YBOHR', '770', '0', '1', '2024-09-28 20:09:01');
UPDATE `bv_updation` SET `rank_id` = 1
WHERE `user_id` = '5YBOHR';
UPDATE `user_registration` SET `rank_id` = 1
WHERE `user_id` = '5YBOHR';
UPDATE `bv_updation` SET left_carry = 0, right_carry = 0
WHERE `user_id` = '5YBOHR';
INSERT INTO `monthly_cleared_data` (`user_id`, `left_carry`, `right_carry`, `rank_id`, `date`) VALUES ('BQJO4S', '0', '750', '1', '2024-09-28 20:09:01');
UPDATE `bv_updation` SET `rank_id` = 1
WHERE `user_id` = 'BQJO4S';
UPDATE `user_registration` SET `rank_id` = 1
WHERE `user_id` = 'BQJO4S';
UPDATE `bv_updation` SET left_carry = 0, right_carry = 0
WHERE `user_id` = 'BQJO4S';
INSERT INTO `monthly_cleared_data` (`user_id`, `left_carry`, `right_carry`, `rank_id`, `date`) VALUES ('I3P7MA', '720', '0', '1', '2024-09-28 20:09:01');
UPDATE `bv_updation` SET `rank_id` = 1
WHERE `user_id` = 'I3P7MA';
UPDATE `user_registration` SET `rank_id` = 1
WHERE `user_id` = 'I3P7MA';
UPDATE `bv_updation` SET left_carry = 0, right_carry = 0
WHERE `user_id` = 'I3P7MA';
INSERT INTO `monthly_cleared_data` (`user_id`, `left_carry`, `right_carry`, `rank_id`, `date`) VALUES ('5AOYIT', '800', '0', '1', '2024-09-28 20:09:01');
UPDATE `bv_updation` SET `rank_id` = 1
WHERE `user_id` = '5AOYIT';
UPDATE `user_registration` SET `rank_id` = 1
WHERE `user_id` = '5AOYIT';
UPDATE `bv_updation` SET left_carry = 0, right_carry = 0
WHERE `user_id` = '5AOYIT';
INSERT INTO `monthly_cleared_data` (`user_id`, `left_carry`, `right_carry`, `rank_id`, `date`) VALUES ('77QUE4', '670', '0', '1', '2024-09-28 20:09:01');
UPDATE `bv_updation` SET `rank_id` = 1
WHERE `user_id` = '77QUE4';
UPDATE `user_registration` SET `rank_id` = 1
WHERE `user_id` = '77QUE4';
UPDATE `bv_updation` SET left_carry = 0, right_carry = 0
WHERE `user_id` = '77QUE4';
INSERT INTO `monthly_cleared_data` (`user_id`, `left_carry`, `right_carry`, `rank_id`, `date`) VALUES ('4ZFEAJ', '0', '700', '1', '2024-09-28 20:09:01');
UPDATE `bv_updation` SET `rank_id` = 1
WHERE `user_id` = '4ZFEAJ';
UPDATE `user_registration` SET `rank_id` = 1
WHERE `user_id` = '4ZFEAJ';
UPDATE `bv_updation` SET left_carry = 0, right_carry = 0
WHERE `user_id` = '4ZFEAJ';
INSERT INTO `monthly_cleared_data` (`user_id`, `left_carry`, `right_carry`, `rank_id`, `date`) VALUES ('YR3YGG', '620', '0', '1', '2024-09-28 20:09:01');
UPDATE `bv_updation` SET `rank_id` = 1
WHERE `user_id` = 'YR3YGG';
UPDATE `user_registration` SET `rank_id` = 1
WHERE `user_id` = 'YR3YGG';
UPDATE `bv_updation` SET left_carry = 0, right_carry = 0
WHERE `user_id` = 'YR3YGG';
INSERT INTO `monthly_cleared_data` (`user_id`, `left_carry`, `right_carry`, `rank_id`, `date`) VALUES ('42IYGY', '750', '0', '1', '2024-09-28 20:09:01');
UPDATE `bv_updation` SET `rank_id` = 1
WHERE `user_id` = '42IYGY';
UPDATE `user_registration` SET `rank_id` = 1
WHERE `user_id` = '42IYGY';
UPDATE `bv_updation` SET left_carry = 0, right_carry = 0
WHERE `user_id` = '42IYGY';
INSERT INTO `monthly_cleared_data` (`user_id`, `left_carry`, `right_carry`, `rank_id`, `date`) VALUES ('IDFWSV', '570', '0', '1', '2024-09-28 20:09:01');
UPDATE `bv_updation` SET `rank_id` = 1
WHERE `user_id` = 'IDFWSV';
UPDATE `user_registration` SET `rank_id` = 1
WHERE `user_id` = 'IDFWSV';
UPDATE `bv_updation` SET left_carry = 0, right_carry = 0
WHERE `user_id` = 'IDFWSV';
INSERT INTO `monthly_cleared_data` (`user_id`, `left_carry`, `right_carry`, `rank_id`, `date`) VALUES ('4JAFWS', '0', '650', '1', '2024-09-28 20:09:01');
UPDATE `bv_updation` SET `rank_id` = 1
WHERE `user_id` = '4JAFWS';
UPDATE `user_registration` SET `rank_id` = 1
WHERE `user_id` = '4JAFWS';
UPDATE `bv_updation` SET left_carry = 0, right_carry = 0
WHERE `user_id` = '4JAFWS';
INSERT INTO `monthly_cleared_data` (`user_id`, `left_carry`, `right_carry`, `rank_id`, `date`) VALUES ('58GQ4V', '520', '0', '1', '2024-09-28 20:09:01');
UPDATE `bv_updation` SET `rank_id` = 1
WHERE `user_id` = '58GQ4V';
UPDATE `user_registration` SET `rank_id` = 1
WHERE `user_id` = '58GQ4V';
UPDATE `bv_updation` SET left_carry = 0, right_carry = 0
WHERE `user_id` = '58GQ4V';
INSERT INTO `monthly_cleared_data` (`user_id`, `left_carry`, `right_carry`, `rank_id`, `date`) VALUES ('7KE1AH', '700', '0', '1', '2024-09-28 20:09:01');
UPDATE `bv_updation` SET `rank_id` = 1
WHERE `user_id` = '7KE1AH';
UPDATE `user_registration` SET `rank_id` = 1
WHERE `user_id` = '7KE1AH';
UPDATE `bv_updation` SET left_carry = 0, right_carry = 0
WHERE `user_id` = '7KE1AH';
INSERT INTO `monthly_cleared_data` (`user_id`, `left_carry`, `right_carry`, `rank_id`, `date`) VALUES ('SN2QFY', '470', '0', '1', '2024-09-28 20:09:01');
UPDATE `bv_updation` SET `rank_id` = 1
WHERE `user_id` = 'SN2QFY';
UPDATE `user_registration` SET `rank_id` = 1
WHERE `user_id` = 'SN2QFY';
UPDATE `bv_updation` SET left_carry = 0, right_carry = 0
WHERE `user_id` = 'SN2QFY';
INSERT INTO `monthly_cleared_data` (`user_id`, `left_carry`, `right_carry`, `rank_id`, `date`) VALUES ('SRF4D8', '0', '600', '1', '2024-09-28 20:09:01');
UPDATE `bv_updation` SET `rank_id` = 1
WHERE `user_id` = 'SRF4D8';
UPDATE `user_registration` SET `rank_id` = 1
WHERE `user_id` = 'SRF4D8';
UPDATE `bv_updation` SET left_carry = 0, right_carry = 0
WHERE `user_id` = 'SRF4D8';
INSERT INTO `monthly_cleared_data` (`user_id`, `left_carry`, `right_carry`, `rank_id`, `date`) VALUES ('2BQ6BU', '420', '0', '1', '2024-09-28 20:09:01');
UPDATE `bv_updation` SET `rank_id` = 1
WHERE `user_id` = '2BQ6BU';
UPDATE `user_registration` SET `rank_id` = 1
WHERE `user_id` = '2BQ6BU';
UPDATE `bv_updation` SET left_carry = 0, right_carry = 0
WHERE `user_id` = '2BQ6BU';
INSERT INTO `monthly_cleared_data` (`user_id`, `left_carry`, `right_carry`, `rank_id`, `date`) VALUES ('SQ1QQT', '650', '0', '1', '2024-09-28 20:09:01');
UPDATE `bv_updation` SET `rank_id` = 1
WHERE `user_id` = 'SQ1QQT';
UPDATE `user_registration` SET `rank_id` = 1
WHERE `user_id` = 'SQ1QQT';
UPDATE `bv_updation` SET left_carry = 0, right_carry = 0
WHERE `user_id` = 'SQ1QQT';
INSERT INTO `monthly_cleared_data` (`user_id`, `left_carry`, `right_carry`, `rank_id`, `date`) VALUES ('33FGGD', '0', '550', '1', '2024-09-28 20:09:01');
UPDATE `bv_updation` SET `rank_id` = 1
WHERE `user_id` = '33FGGD';
UPDATE `user_registration` SET `rank_id` = 1
WHERE `user_id` = '33FGGD';
UPDATE `bv_updation` SET left_carry = 0, right_carry = 0
WHERE `user_id` = '33FGGD';
INSERT INTO `monthly_cleared_data` (`user_id`, `left_carry`, `right_carry`, `rank_id`, `date`) VALUES ('N2N9GH', '370', '0', '1', '2024-09-28 20:09:01');
UPDATE `bv_updation` SET `rank_id` = 1
WHERE `user_id` = 'N2N9GH';
UPDATE `user_registration` SET `rank_id` = 1
WHERE `user_id` = 'N2N9GH';
UPDATE `bv_updation` SET left_carry = 0, right_carry = 0
WHERE `user_id` = 'N2N9GH';
INSERT INTO `monthly_cleared_data` (`user_id`, `left_carry`, `right_carry`, `rank_id`, `date`) VALUES ('DR64AF', '600', '0', '1', '2024-09-28 20:09:01');
UPDATE `bv_updation` SET `rank_id` = 1
WHERE `user_id` = 'DR64AF';
UPDATE `user_registration` SET `rank_id` = 1
WHERE `user_id` = 'DR64AF';
UPDATE `bv_updation` SET left_carry = 0, right_carry = 0
WHERE `user_id` = 'DR64AF';
INSERT INTO `monthly_cleared_data` (`user_id`, `left_carry`, `right_carry`, `rank_id`, `date`) VALUES ('R58216', '320', '0', '1', '2024-09-28 20:09:01');
UPDATE `bv_updation` SET `rank_id` = 1
WHERE `user_id` = 'R58216';
UPDATE `user_registration` SET `rank_id` = 1
WHERE `user_id` = 'R58216';
UPDATE `bv_updation` SET left_carry = 0, right_carry = 0
WHERE `user_id` = 'R58216';
INSERT INTO `monthly_cleared_data` (`user_id`, `left_carry`, `right_carry`, `rank_id`, `date`) VALUES ('O75P58', '0', '500', '1', '2024-09-28 20:09:01');
UPDATE `bv_updation` SET `rank_id` = 1
WHERE `user_id` = 'O75P58';
UPDATE `user_registration` SET `rank_id` = 1
WHERE `user_id` = 'O75P58';
UPDATE `bv_updation` SET left_carry = 0, right_carry = 0
WHERE `user_id` = 'O75P58';
INSERT INTO `monthly_cleared_data` (`user_id`, `left_carry`, `right_carry`, `rank_id`, `date`) VALUES ('1SNQ4Q', '270', '0', '1', '2024-09-28 20:09:01');
UPDATE `bv_updation` SET `rank_id` = 1
WHERE `user_id` = '1SNQ4Q';
UPDATE `user_registration` SET `rank_id` = 1
WHERE `user_id` = '1SNQ4Q';
UPDATE `bv_updation` SET left_carry = 0, right_carry = 0
WHERE `user_id` = '1SNQ4Q';
INSERT INTO `monthly_cleared_data` (`user_id`, `left_carry`, `right_carry`, `rank_id`, `date`) VALUES ('MQNE39', '1100', '0', '1', '2024-09-28 20:09:01');
UPDATE `bv_updation` SET `rank_id` = 1
WHERE `user_id` = 'MQNE39';
UPDATE `user_registration` SET `rank_id` = 1
WHERE `user_id` = 'MQNE39';
UPDATE `bv_updation` SET left_carry = 0, right_carry = 0
WHERE `user_id` = 'MQNE39';
INSERT INTO `monthly_cleared_data` (`user_id`, `left_carry`, `right_carry`, `rank_id`, `date`) VALUES ('VHYSA7', '0', '450', '1', '2024-09-28 20:09:01');
UPDATE `bv_updation` SET `rank_id` = 1
WHERE `user_id` = 'VHYSA7';
UPDATE `user_registration` SET `rank_id` = 1
WHERE `user_id` = 'VHYSA7';
UPDATE `bv_updation` SET left_carry = 0, right_carry = 0
WHERE `user_id` = 'VHYSA7';
INSERT INTO `monthly_cleared_data` (`user_id`, `left_carry`, `right_carry`, `rank_id`, `date`) VALUES ('X3NL3Q', '1050', '0', '1', '2024-09-28 20:09:01');
UPDATE `bv_updation` SET `rank_id` = 1
WHERE `user_id` = 'X3NL3Q';
UPDATE `user_registration` SET `rank_id` = 1
WHERE `user_id` = 'X3NL3Q';
UPDATE `bv_updation` SET left_carry = 0, right_carry = 0
WHERE `user_id` = 'X3NL3Q';
INSERT INTO `monthly_cleared_data` (`user_id`, `left_carry`, `right_carry`, `rank_id`, `date`) VALUES ('9XKM93', '1000', '0', '1', '2024-09-28 20:09:01');
UPDATE `bv_updation` SET `rank_id` = 1
WHERE `user_id` = '9XKM93';
UPDATE `user_registration` SET `rank_id` = 1
WHERE `user_id` = '9XKM93';
UPDATE `bv_updation` SET left_carry = 0, right_carry = 0
WHERE `user_id` = '9XKM93';
INSERT INTO `monthly_cleared_data` (`user_id`, `left_carry`, `right_carry`, `rank_id`, `date`) VALUES ('YPOM7N', '0', '450', '1', '2024-09-28 20:09:01');
UPDATE `bv_updation` SET `rank_id` = 1
WHERE `user_id` = 'YPOM7N';
UPDATE `user_registration` SET `rank_id` = 1
WHERE `user_id` = 'YPOM7N';
UPDATE `bv_updation` SET left_carry = 0, right_carry = 0
WHERE `user_id` = 'YPOM7N';
INSERT INTO `monthly_cleared_data` (`user_id`, `left_carry`, `right_carry`, `rank_id`, `date`) VALUES ('GHZNKU', '550', '0', '1', '2024-09-28 20:09:01');
UPDATE `bv_updation` SET `rank_id` = 1
WHERE `user_id` = 'GHZNKU';
UPDATE `user_registration` SET `rank_id` = 1
WHERE `user_id` = 'GHZNKU';
UPDATE `bv_updation` SET left_carry = 0, right_carry = 0
WHERE `user_id` = 'GHZNKU';
INSERT INTO `monthly_cleared_data` (`user_id`, `left_carry`, `right_carry`, `rank_id`, `date`) VALUES ('LPFX8X', '950', '0', '1', '2024-09-28 20:09:01');
UPDATE `bv_updation` SET `rank_id` = 1
WHERE `user_id` = 'LPFX8X';
UPDATE `user_registration` SET `rank_id` = 1
WHERE `user_id` = 'LPFX8X';
UPDATE `bv_updation` SET left_carry = 0, right_carry = 0
WHERE `user_id` = 'LPFX8X';
INSERT INTO `monthly_cleared_data` (`user_id`, `left_carry`, `right_carry`, `rank_id`, `date`) VALUES ('RK3ZQ6', '900', '0', '1', '2024-09-28 20:09:01');
UPDATE `bv_updation` SET `rank_id` = 1
WHERE `user_id` = 'RK3ZQ6';
UPDATE `user_registration` SET `rank_id` = 1
WHERE `user_id` = 'RK3ZQ6';
UPDATE `bv_updation` SET left_carry = 0, right_carry = 0
WHERE `user_id` = 'RK3ZQ6';
INSERT INTO `monthly_cleared_data` (`user_id`, `left_carry`, `right_carry`, `rank_id`, `date`) VALUES ('UTDZ1L', '1150', '0', '1', '2024-09-28 20:09:01');
UPDATE `bv_updation` SET `rank_id` = 1
WHERE `user_id` = 'UTDZ1L';
UPDATE `user_registration` SET `rank_id` = 1
WHERE `user_id` = 'UTDZ1L';
UPDATE `bv_updation` SET left_carry = 0, right_carry = 0
WHERE `user_id` = 'UTDZ1L';
INSERT INTO `monthly_cleared_data` (`user_id`, `left_carry`, `right_carry`, `rank_id`, `date`) VALUES ('5CXKTT', '0', '1200', '1', '2024-09-28 20:09:01');
UPDATE `bv_updation` SET `rank_id` = 1
WHERE `user_id` = '5CXKTT';
UPDATE `user_registration` SET `rank_id` = 1
WHERE `user_id` = '5CXKTT';
UPDATE `bv_updation` SET left_carry = 0, right_carry = 0
WHERE `user_id` = '5CXKTT';
INSERT INTO `monthly_cleared_data` (`user_id`, `left_carry`, `right_carry`, `rank_id`, `date`) VALUES ('BO7NRM', '850', '0', '1', '2024-09-28 20:09:01');
UPDATE `bv_updation` SET `rank_id` = 1
WHERE `user_id` = 'BO7NRM';
UPDATE `user_registration` SET `rank_id` = 1
WHERE `user_id` = 'BO7NRM';
UPDATE `bv_updation` SET left_carry = 0, right_carry = 0
WHERE `user_id` = 'BO7NRM';
INSERT INTO `monthly_cleared_data` (`user_id`, `left_carry`, `right_carry`, `rank_id`, `date`) VALUES ('PWBJM3', '800', '0', '1', '2024-09-28 20:09:01');
UPDATE `bv_updation` SET `rank_id` = 1
WHERE `user_id` = 'PWBJM3';
UPDATE `user_registration` SET `rank_id` = 1
WHERE `user_id` = 'PWBJM3';
UPDATE `bv_updation` SET left_carry = 0, right_carry = 0
WHERE `user_id` = 'PWBJM3';
INSERT INTO `monthly_cleared_data` (`user_id`, `left_carry`, `right_carry`, `rank_id`, `date`) VALUES ('H1M5R8', '750', '0', '1', '2024-09-28 20:09:01');
UPDATE `bv_updation` SET `rank_id` = 1
WHERE `user_id` = 'H1M5R8';
UPDATE `user_registration` SET `rank_id` = 1
WHERE `user_id` = 'H1M5R8';
UPDATE `bv_updation` SET left_carry = 0, right_carry = 0
WHERE `user_id` = 'H1M5R8';
INSERT INTO `monthly_cleared_data` (`user_id`, `left_carry`, `right_carry`, `rank_id`, `date`) VALUES ('LKE7MK', '700', '0', '1', '2024-09-28 20:09:01');
UPDATE `bv_updation` SET `rank_id` = 1
WHERE `user_id` = 'LKE7MK';
UPDATE `user_registration` SET `rank_id` = 1
WHERE `user_id` = 'LKE7MK';
UPDATE `bv_updation` SET left_carry = 0, right_carry = 0
WHERE `user_id` = 'LKE7MK';
INSERT INTO `monthly_cleared_data` (`user_id`, `left_carry`, `right_carry`, `rank_id`, `date`) VALUES ('VWRUXM', '650', '0', '1', '2024-09-28 20:09:01');
UPDATE `bv_updation` SET `rank_id` = 1
WHERE `user_id` = 'VWRUXM';
UPDATE `user_registration` SET `rank_id` = 1
WHERE `user_id` = 'VWRUXM';
UPDATE `bv_updation` SET left_carry = 0, right_carry = 0
WHERE `user_id` = 'VWRUXM';
INSERT INTO `monthly_cleared_data` (`user_id`, `left_carry`, `right_carry`, `rank_id`, `date`) VALUES ('RUEPZ3', '0', '1150', '1', '2024-09-28 20:09:01');
UPDATE `bv_updation` SET `rank_id` = 1
WHERE `user_id` = 'RUEPZ3';
UPDATE `user_registration` SET `rank_id` = 1
WHERE `user_id` = 'RUEPZ3';
UPDATE `bv_updation` SET left_carry = 0, right_carry = 0
WHERE `user_id` = 'RUEPZ3';
INSERT INTO `monthly_cleared_data` (`user_id`, `left_carry`, `right_carry`, `rank_id`, `date`) VALUES ('5IHDZE', '600', '0', '1', '2024-09-28 20:09:01');
UPDATE `bv_updation` SET `rank_id` = 1
WHERE `user_id` = '5IHDZE';
UPDATE `user_registration` SET `rank_id` = 1
WHERE `user_id` = '5IHDZE';
UPDATE `bv_updation` SET left_carry = 0, right_carry = 0
WHERE `user_id` = '5IHDZE';
INSERT INTO `monthly_cleared_data` (`user_id`, `left_carry`, `right_carry`, `rank_id`, `date`) VALUES ('MSD4O2', '0', '1100', '1', '2024-09-28 20:09:01');
UPDATE `bv_updation` SET `rank_id` = 1
WHERE `user_id` = 'MSD4O2';
UPDATE `user_registration` SET `rank_id` = 1
WHERE `user_id` = 'MSD4O2';
UPDATE `bv_updation` SET left_carry = 0, right_carry = 0
WHERE `user_id` = 'MSD4O2';
INSERT INTO `monthly_cleared_data` (`user_id`, `left_carry`, `right_carry`, `rank_id`, `date`) VALUES ('MFCZQ9', '550', '0', '1', '2024-09-28 20:09:01');
UPDATE `bv_updation` SET `rank_id` = 1
WHERE `user_id` = 'MFCZQ9';
UPDATE `user_registration` SET `rank_id` = 1
WHERE `user_id` = 'MFCZQ9';
UPDATE `bv_updation` SET left_carry = 0, right_carry = 0
WHERE `user_id` = 'MFCZQ9';
INSERT INTO `monthly_cleared_data` (`user_id`, `left_carry`, `right_carry`, `rank_id`, `date`) VALUES ('CGSZCC', '0', '1050', '1', '2024-09-28 20:09:01');
UPDATE `bv_updation` SET `rank_id` = 1
WHERE `user_id` = 'CGSZCC';
UPDATE `user_registration` SET `rank_id` = 1
WHERE `user_id` = 'CGSZCC';
UPDATE `bv_updation` SET left_carry = 0, right_carry = 0
WHERE `user_id` = 'CGSZCC';
INSERT INTO `monthly_cleared_data` (`user_id`, `left_carry`, `right_carry`, `rank_id`, `date`) VALUES ('KJQTCB', '0', '1000', '1', '2024-09-28 20:09:01');
UPDATE `bv_updation` SET `rank_id` = 1
WHERE `user_id` = 'KJQTCB';
UPDATE `user_registration` SET `rank_id` = 1
WHERE `user_id` = 'KJQTCB';
UPDATE `bv_updation` SET left_carry = 0, right_carry = 0
WHERE `user_id` = 'KJQTCB';
INSERT INTO `monthly_cleared_data` (`user_id`, `left_carry`, `right_carry`, `rank_id`, `date`) VALUES ('OC1RA6', '500', '0', '1', '2024-09-28 20:09:01');
UPDATE `bv_updation` SET `rank_id` = 1
WHERE `user_id` = 'OC1RA6';
UPDATE `user_registration` SET `rank_id` = 1
WHERE `user_id` = 'OC1RA6';
UPDATE `bv_updation` SET left_carry = 0, right_carry = 0
WHERE `user_id` = 'OC1RA6';
INSERT INTO `monthly_cleared_data` (`user_id`, `left_carry`, `right_carry`, `rank_id`, `date`) VALUES ('SYVQKF', '450', '0', '1', '2024-09-28 20:09:01');
UPDATE `bv_updation` SET `rank_id` = 1
WHERE `user_id` = 'SYVQKF';
UPDATE `user_registration` SET `rank_id` = 1
WHERE `user_id` = 'SYVQKF';
UPDATE `bv_updation` SET left_carry = 0, right_carry = 0
WHERE `user_id` = 'SYVQKF';
INSERT INTO `monthly_cleared_data` (`user_id`, `left_carry`, `right_carry`, `rank_id`, `date`) VALUES ('IAXL4Y', '0', '950', '1', '2024-09-28 20:09:01');
UPDATE `bv_updation` SET `rank_id` = 1
WHERE `user_id` = 'IAXL4Y';
UPDATE `user_registration` SET `rank_id` = 1
WHERE `user_id` = 'IAXL4Y';
UPDATE `bv_updation` SET left_carry = 0, right_carry = 0
WHERE `user_id` = 'IAXL4Y';
INSERT INTO `monthly_cleared_data` (`user_id`, `left_carry`, `right_carry`, `rank_id`, `date`) VALUES ('CBGVQU', '400', '0', '1', '2024-09-28 20:09:01');
UPDATE `bv_updation` SET `rank_id` = 1
WHERE `user_id` = 'CBGVQU';
UPDATE `user_registration` SET `rank_id` = 1
WHERE `user_id` = 'CBGVQU';
UPDATE `bv_updation` SET left_carry = 0, right_carry = 0
WHERE `user_id` = 'CBGVQU';
INSERT INTO `monthly_cleared_data` (`user_id`, `left_carry`, `right_carry`, `rank_id`, `date`) VALUES ('8IO4AU', '0', '900', '1', '2024-09-28 20:09:01');
UPDATE `bv_updation` SET `rank_id` = 1
WHERE `user_id` = '8IO4AU';
UPDATE `user_registration` SET `rank_id` = 1
WHERE `user_id` = '8IO4AU';
UPDATE `bv_updation` SET left_carry = 0, right_carry = 0
WHERE `user_id` = '8IO4AU';
INSERT INTO `monthly_cleared_data` (`user_id`, `left_carry`, `right_carry`, `rank_id`, `date`) VALUES ('LZUVNW', '0', '400', '1', '2024-09-28 20:09:01');
UPDATE `bv_updation` SET `rank_id` = 1
WHERE `user_id` = 'LZUVNW';
UPDATE `user_registration` SET `rank_id` = 1
WHERE `user_id` = 'LZUVNW';
UPDATE `bv_updation` SET left_carry = 0, right_carry = 0
WHERE `user_id` = 'LZUVNW';
INSERT INTO `monthly_cleared_data` (`user_id`, `left_carry`, `right_carry`, `rank_id`, `date`) VALUES ('6O8Z46', '0', '850', '1', '2024-09-28 20:09:01');
UPDATE `bv_updation` SET `rank_id` = 1
WHERE `user_id` = '6O8Z46';
UPDATE `user_registration` SET `rank_id` = 1
WHERE `user_id` = '6O8Z46';
UPDATE `bv_updation` SET left_carry = 0, right_carry = 0
WHERE `user_id` = '6O8Z46';
INSERT INTO `monthly_cleared_data` (`user_id`, `left_carry`, `right_carry`, `rank_id`, `date`) VALUES ('IF93OZ', '0', '800', '1', '2024-09-28 20:09:01');
UPDATE `bv_updation` SET `rank_id` = 1
WHERE `user_id` = 'IF93OZ';
UPDATE `user_registration` SET `rank_id` = 1
WHERE `user_id` = 'IF93OZ';
UPDATE `bv_updation` SET left_carry = 0, right_carry = 0
WHERE `user_id` = 'IF93OZ';
INSERT INTO `monthly_cleared_data` (`user_id`, `left_carry`, `right_carry`, `rank_id`, `date`) VALUES ('VRG6MB', '0', '750', '1', '2024-09-28 20:09:01');
UPDATE `bv_updation` SET `rank_id` = 1
WHERE `user_id` = 'VRG6MB';
UPDATE `user_registration` SET `rank_id` = 1
WHERE `user_id` = 'VRG6MB';
UPDATE `bv_updation` SET left_carry = 0, right_carry = 0
WHERE `user_id` = 'VRG6MB';
INSERT INTO `monthly_cleared_data` (`user_id`, `left_carry`, `right_carry`, `rank_id`, `date`) VALUES ('1BM251', '0', '700', '1', '2024-09-28 20:09:01');
UPDATE `bv_updation` SET `rank_id` = 1
WHERE `user_id` = '1BM251';
UPDATE `user_registration` SET `rank_id` = 1
WHERE `user_id` = '1BM251';
UPDATE `bv_updation` SET left_carry = 0, right_carry = 0
WHERE `user_id` = '1BM251';
INSERT INTO `monthly_cleared_data` (`user_id`, `left_carry`, `right_carry`, `rank_id`, `date`) VALUES ('7DZUTJ', '0', '650', '1', '2024-09-28 20:09:01');
UPDATE `bv_updation` SET `rank_id` = 1
WHERE `user_id` = '7DZUTJ';
UPDATE `user_registration` SET `rank_id` = 1
WHERE `user_id` = '7DZUTJ';
UPDATE `bv_updation` SET left_carry = 0, right_carry = 0
WHERE `user_id` = '7DZUTJ';
INSERT INTO `monthly_cleared_data` (`user_id`, `left_carry`, `right_carry`, `rank_id`, `date`) VALUES ('CFS634', '350', '0', '1', '2024-09-28 20:09:01');
UPDATE `bv_updation` SET `rank_id` = 1
WHERE `user_id` = 'CFS634';
UPDATE `user_registration` SET `rank_id` = 1
WHERE `user_id` = 'CFS634';
UPDATE `bv_updation` SET left_carry = 0, right_carry = 0
WHERE `user_id` = 'CFS634';
INSERT INTO `monthly_cleared_data` (`user_id`, `left_carry`, `right_carry`, `rank_id`, `date`) VALUES ('UR3QY8', '0', '600', '1', '2024-09-28 20:09:01');
UPDATE `bv_updation` SET `rank_id` = 1
WHERE `user_id` = 'UR3QY8';
UPDATE `user_registration` SET `rank_id` = 1
WHERE `user_id` = 'UR3QY8';
UPDATE `bv_updation` SET left_carry = 0, right_carry = 0
WHERE `user_id` = 'UR3QY8';
INSERT INTO `monthly_cleared_data` (`user_id`, `left_carry`, `right_carry`, `rank_id`, `date`) VALUES ('O5UVIR', '0', '350', '1', '2024-09-28 20:09:01');
UPDATE `bv_updation` SET `rank_id` = 1
WHERE `user_id` = 'O5UVIR';
UPDATE `user_registration` SET `rank_id` = 1
WHERE `user_id` = 'O5UVIR';
UPDATE `bv_updation` SET left_carry = 0, right_carry = 0
WHERE `user_id` = 'O5UVIR';
INSERT INTO `monthly_cleared_data` (`user_id`, `left_carry`, `right_carry`, `rank_id`, `date`) VALUES ('R1HSGO', '300', '0', '1', '2024-09-28 20:09:01');
UPDATE `bv_updation` SET `rank_id` = 1
WHERE `user_id` = 'R1HSGO';
UPDATE `user_registration` SET `rank_id` = 1
WHERE `user_id` = 'R1HSGO';
UPDATE `bv_updation` SET left_carry = 0, right_carry = 0
WHERE `user_id` = 'R1HSGO';
INSERT INTO `monthly_cleared_data` (`user_id`, `left_carry`, `right_carry`, `rank_id`, `date`) VALUES ('F21O15', '0', '550', '1', '2024-09-28 20:09:01');
UPDATE `bv_updation` SET `rank_id` = 1
WHERE `user_id` = 'F21O15';
UPDATE `user_registration` SET `rank_id` = 1
WHERE `user_id` = 'F21O15';
UPDATE `bv_updation` SET left_carry = 0, right_carry = 0
WHERE `user_id` = 'F21O15';
INSERT INTO `monthly_cleared_data` (`user_id`, `left_carry`, `right_carry`, `rank_id`, `date`) VALUES ('1X3T3B', '0', '300', '1', '2024-09-28 20:09:01');
UPDATE `bv_updation` SET `rank_id` = 1
WHERE `user_id` = '1X3T3B';
UPDATE `user_registration` SET `rank_id` = 1
WHERE `user_id` = '1X3T3B';
UPDATE `bv_updation` SET left_carry = 0, right_carry = 0
WHERE `user_id` = '1X3T3B';
INSERT INTO `monthly_cleared_data` (`user_id`, `left_carry`, `right_carry`, `rank_id`, `date`) VALUES ('DD7ZS2', '0', '500', '1', '2024-09-28 20:09:01');
UPDATE `bv_updation` SET `rank_id` = 1
WHERE `user_id` = 'DD7ZS2';
UPDATE `user_registration` SET `rank_id` = 1
WHERE `user_id` = 'DD7ZS2';
UPDATE `bv_updation` SET left_carry = 0, right_carry = 0
WHERE `user_id` = 'DD7ZS2';
INSERT INTO `monthly_cleared_data` (`user_id`, `left_carry`, `right_carry`, `rank_id`, `date`) VALUES ('N8PGG8', '250', '0', '1', '2024-09-28 20:09:01');
UPDATE `bv_updation` SET `rank_id` = 1
WHERE `user_id` = 'N8PGG8';
UPDATE `user_registration` SET `rank_id` = 1
WHERE `user_id` = 'N8PGG8';
UPDATE `bv_updation` SET left_carry = 0, right_carry = 0
WHERE `user_id` = 'N8PGG8';
INSERT INTO `monthly_cleared_data` (`user_id`, `left_carry`, `right_carry`, `rank_id`, `date`) VALUES ('6Z6LXC', '0', '450', '1', '2024-09-28 20:09:01');
UPDATE `bv_updation` SET `rank_id` = 1
WHERE `user_id` = '6Z6LXC';
UPDATE `user_registration` SET `rank_id` = 1
WHERE `user_id` = '6Z6LXC';
UPDATE `bv_updation` SET left_carry = 0, right_carry = 0
WHERE `user_id` = '6Z6LXC';
INSERT INTO `monthly_cleared_data` (`user_id`, `left_carry`, `right_carry`, `rank_id`, `date`) VALUES ('85HMZ3', '0', '250', '1', '2024-09-28 20:09:01');
UPDATE `bv_updation` SET `rank_id` = 1
WHERE `user_id` = '85HMZ3';
UPDATE `user_registration` SET `rank_id` = 1
WHERE `user_id` = '85HMZ3';
UPDATE `bv_updation` SET left_carry = 0, right_carry = 0
WHERE `user_id` = '85HMZ3';
INSERT INTO `monthly_cleared_data` (`user_id`, `left_carry`, `right_carry`, `rank_id`, `date`) VALUES ('58YES2', '0', '400', '1', '2024-09-28 20:09:01');
UPDATE `bv_updation` SET `rank_id` = 1
WHERE `user_id` = '58YES2';
UPDATE `user_registration` SET `rank_id` = 1
WHERE `user_id` = '58YES2';
UPDATE `bv_updation` SET left_carry = 0, right_carry = 0
WHERE `user_id` = '58YES2';
INSERT INTO `monthly_cleared_data` (`user_id`, `left_carry`, `right_carry`, `rank_id`, `date`) VALUES ('UQ8XDR', '200', '0', '1', '2024-09-28 20:09:02');
UPDATE `bv_updation` SET `rank_id` = 1
WHERE `user_id` = 'UQ8XDR';
UPDATE `user_registration` SET `rank_id` = 1
WHERE `user_id` = 'UQ8XDR';
UPDATE `bv_updation` SET left_carry = 0, right_carry = 0
WHERE `user_id` = 'UQ8XDR';
INSERT INTO `monthly_cleared_data` (`user_id`, `left_carry`, `right_carry`, `rank_id`, `date`) VALUES ('7B88IX', '0', '200', '1', '2024-09-28 20:09:02');
UPDATE `bv_updation` SET `rank_id` = 1
WHERE `user_id` = '7B88IX';
UPDATE `user_registration` SET `rank_id` = 1
WHERE `user_id` = '7B88IX';
UPDATE `bv_updation` SET left_carry = 0, right_carry = 0
WHERE `user_id` = '7B88IX';
INSERT INTO `monthly_cleared_data` (`user_id`, `left_carry`, `right_carry`, `rank_id`, `date`) VALUES ('W69YZO', '150', '0', '1', '2024-09-28 20:09:02');
UPDATE `bv_updation` SET `rank_id` = 1
WHERE `user_id` = 'W69YZO';
UPDATE `user_registration` SET `rank_id` = 1
WHERE `user_id` = 'W69YZO';
UPDATE `bv_updation` SET left_carry = 0, right_carry = 0
WHERE `user_id` = 'W69YZO';
INSERT INTO `monthly_cleared_data` (`user_id`, `left_carry`, `right_carry`, `rank_id`, `date`) VALUES ('W177M2', '0', '150', '1', '2024-09-28 20:09:02');
UPDATE `bv_updation` SET `rank_id` = 1
WHERE `user_id` = 'W177M2';
UPDATE `user_registration` SET `rank_id` = 1
WHERE `user_id` = 'W177M2';
UPDATE `bv_updation` SET left_carry = 0, right_carry = 0
WHERE `user_id` = 'W177M2';
INSERT INTO `monthly_cleared_data` (`user_id`, `left_carry`, `right_carry`, `rank_id`, `date`) VALUES ('XMJUCA', '100', '0', '1', '2024-09-28 20:09:02');
UPDATE `bv_updation` SET `rank_id` = 1
WHERE `user_id` = 'XMJUCA';
UPDATE `user_registration` SET `rank_id` = 1
WHERE `user_id` = 'XMJUCA';
UPDATE `bv_updation` SET left_carry = 0, right_carry = 0
WHERE `user_id` = 'XMJUCA';
INSERT INTO `monthly_cleared_data` (`user_id`, `left_carry`, `right_carry`, `rank_id`, `date`) VALUES ('1IP5EQ', '0', '100', '1', '2024-09-28 20:09:02');
UPDATE `bv_updation` SET `rank_id` = 1
WHERE `user_id` = '1IP5EQ';
UPDATE `user_registration` SET `rank_id` = 1
WHERE `user_id` = '1IP5EQ';
UPDATE `bv_updation` SET left_carry = 0, right_carry = 0
WHERE `user_id` = '1IP5EQ';
INSERT INTO `monthly_cleared_data` (`user_id`, `left_carry`, `right_carry`, `rank_id`, `date`) VALUES ('5I2V99', '50', '0', '1', '2024-09-28 20:09:02');
UPDATE `bv_updation` SET `rank_id` = 1
WHERE `user_id` = '5I2V99';
UPDATE `user_registration` SET `rank_id` = 1
WHERE `user_id` = '5I2V99';
UPDATE `bv_updation` SET left_carry = 0, right_carry = 0
WHERE `user_id` = '5I2V99';
INSERT INTO `monthly_cleared_data` (`user_id`, `left_carry`, `right_carry`, `rank_id`, `date`) VALUES ('T316IJ', '0', '50', '1', '2024-09-28 20:09:02');
UPDATE `bv_updation` SET `rank_id` = 1
WHERE `user_id` = 'T316IJ';
UPDATE `user_registration` SET `rank_id` = 1
WHERE `user_id` = 'T316IJ';
UPDATE `bv_updation` SET left_carry = 0, right_carry = 0
WHERE `user_id` = 'T316IJ';
INSERT INTO `monthly_cleared_data` (`user_id`, `left_carry`, `right_carry`, `rank_id`, `date`) VALUES ('1X25N3', '0', '0', '1', '2024-09-28 20:09:02');
UPDATE `bv_updation` SET `rank_id` = 1
WHERE `user_id` = '1X25N3';
UPDATE `user_registration` SET `rank_id` = 1
WHERE `user_id` = '1X25N3';
UPDATE `bv_updation` SET left_carry = 0, right_carry = 0
WHERE `user_id` = '1X25N3';
INSERT INTO `monthly_cleared_data` (`user_id`, `left_carry`, `right_carry`, `rank_id`, `date`) VALUES ('T3LE8B', '0', '0', '1', '2024-09-28 20:09:02');
UPDATE `bv_updation` SET `rank_id` = 1
WHERE `user_id` = 'T3LE8B';
UPDATE `user_registration` SET `rank_id` = 1
WHERE `user_id` = 'T3LE8B';
UPDATE `bv_updation` SET left_carry = 0, right_carry = 0
WHERE `user_id` = 'T3LE8B';
INSERT INTO `monthly_cleared_data` (`user_id`, `left_carry`, `right_carry`, `rank_id`, `date`) VALUES ('E2NSCB', '0', '350', '1', '2024-09-28 20:09:02');
UPDATE `bv_updation` SET `rank_id` = 1
WHERE `user_id` = 'E2NSCB';
UPDATE `user_registration` SET `rank_id` = 1
WHERE `user_id` = 'E2NSCB';
UPDATE `bv_updation` SET left_carry = 0, right_carry = 0
WHERE `user_id` = 'E2NSCB';
INSERT INTO `monthly_cleared_data` (`user_id`, `left_carry`, `right_carry`, `rank_id`, `date`) VALUES ('ZOJLIW', '0', '1100', '1', '2024-09-28 20:09:02');
UPDATE `bv_updation` SET `rank_id` = 1
WHERE `user_id` = 'ZOJLIW';
UPDATE `user_registration` SET `rank_id` = 1
WHERE `user_id` = 'ZOJLIW';
UPDATE `bv_updation` SET left_carry = 0, right_carry = 0
WHERE `user_id` = 'ZOJLIW';
INSERT INTO `monthly_cleared_data` (`user_id`, `left_carry`, `right_carry`, `rank_id`, `date`) VALUES ('CPEEHG', '0', '300', '1', '2024-09-28 20:09:02');
UPDATE `bv_updation` SET `rank_id` = 1
WHERE `user_id` = 'CPEEHG';
UPDATE `user_registration` SET `rank_id` = 1
WHERE `user_id` = 'CPEEHG';
UPDATE `bv_updation` SET left_carry = 0, right_carry = 0
WHERE `user_id` = 'CPEEHG';
INSERT INTO `monthly_cleared_data` (`user_id`, `left_carry`, `right_carry`, `rank_id`, `date`) VALUES ('8M8OOQ', '0', '250', '1', '2024-09-28 20:09:02');
UPDATE `bv_updation` SET `rank_id` = 1
WHERE `user_id` = '8M8OOQ';
UPDATE `user_registration` SET `rank_id` = 1
WHERE `user_id` = '8M8OOQ';
UPDATE `bv_updation` SET left_carry = 0, right_carry = 0
WHERE `user_id` = '8M8OOQ';
INSERT INTO `monthly_cleared_data` (`user_id`, `left_carry`, `right_carry`, `rank_id`, `date`) VALUES ('VN39HZ', '0', '1050', '1', '2024-09-28 20:09:02');
UPDATE `bv_updation` SET `rank_id` = 1
WHERE `user_id` = 'VN39HZ';
UPDATE `user_registration` SET `rank_id` = 1
WHERE `user_id` = 'VN39HZ';
UPDATE `bv_updation` SET left_carry = 0, right_carry = 0
WHERE `user_id` = 'VN39HZ';
INSERT INTO `monthly_cleared_data` (`user_id`, `left_carry`, `right_carry`, `rank_id`, `date`) VALUES ('RXCUNH', '0', '200', '1', '2024-09-28 20:09:02');
UPDATE `bv_updation` SET `rank_id` = 1
WHERE `user_id` = 'RXCUNH';
UPDATE `user_registration` SET `rank_id` = 1
WHERE `user_id` = 'RXCUNH';
UPDATE `bv_updation` SET left_carry = 0, right_carry = 0
WHERE `user_id` = 'RXCUNH';
INSERT INTO `monthly_cleared_data` (`user_id`, `left_carry`, `right_carry`, `rank_id`, `date`) VALUES ('W5O3W5', '0', '1000', '1', '2024-09-28 20:09:02');
UPDATE `bv_updation` SET `rank_id` = 1
WHERE `user_id` = 'W5O3W5';
UPDATE `user_registration` SET `rank_id` = 1
WHERE `user_id` = 'W5O3W5';
UPDATE `bv_updation` SET left_carry = 0, right_carry = 0
WHERE `user_id` = 'W5O3W5';
INSERT INTO `monthly_cleared_data` (`user_id`, `left_carry`, `right_carry`, `rank_id`, `date`) VALUES ('9RBW13', '0', '150', '1', '2024-09-28 20:09:02');
UPDATE `bv_updation` SET `rank_id` = 1
WHERE `user_id` = '9RBW13';
UPDATE `user_registration` SET `rank_id` = 1
WHERE `user_id` = '9RBW13';
UPDATE `bv_updation` SET left_carry = 0, right_carry = 0
WHERE `user_id` = '9RBW13';
INSERT INTO `monthly_cleared_data` (`user_id`, `left_carry`, `right_carry`, `rank_id`, `date`) VALUES ('SKFDZH', '0', '950', '1', '2024-09-28 20:09:02');
UPDATE `bv_updation` SET `rank_id` = 1
WHERE `user_id` = 'SKFDZH';
UPDATE `user_registration` SET `rank_id` = 1
WHERE `user_id` = 'SKFDZH';
UPDATE `bv_updation` SET left_carry = 0, right_carry = 0
WHERE `user_id` = 'SKFDZH';
INSERT INTO `monthly_cleared_data` (`user_id`, `left_carry`, `right_carry`, `rank_id`, `date`) VALUES ('LATIKR', '0', '100', '1', '2024-09-28 20:09:02');
UPDATE `bv_updation` SET `rank_id` = 1
WHERE `user_id` = 'LATIKR';
UPDATE `user_registration` SET `rank_id` = 1
WHERE `user_id` = 'LATIKR';
UPDATE `bv_updation` SET left_carry = 0, right_carry = 0
WHERE `user_id` = 'LATIKR';
INSERT INTO `monthly_cleared_data` (`user_id`, `left_carry`, `right_carry`, `rank_id`, `date`) VALUES ('8UNMJK', '0', '50', '1', '2024-09-28 20:09:02');
UPDATE `bv_updation` SET `rank_id` = 1
WHERE `user_id` = '8UNMJK';
UPDATE `user_registration` SET `rank_id` = 1
WHERE `user_id` = '8UNMJK';
UPDATE `bv_updation` SET left_carry = 0, right_carry = 0
WHERE `user_id` = '8UNMJK';
INSERT INTO `monthly_cleared_data` (`user_id`, `left_carry`, `right_carry`, `rank_id`, `date`) VALUES ('CU4NEX', '220', '0', '1', '2024-09-28 20:09:02');
UPDATE `bv_updation` SET `rank_id` = 1
WHERE `user_id` = 'CU4NEX';
UPDATE `user_registration` SET `rank_id` = 1
WHERE `user_id` = 'CU4NEX';
UPDATE `bv_updation` SET left_carry = 0, right_carry = 0
WHERE `user_id` = 'CU4NEX';
INSERT INTO `monthly_cleared_data` (`user_id`, `left_carry`, `right_carry`, `rank_id`, `date`) VALUES ('2UHHXY', '0', '900', '1', '2024-09-28 20:09:02');
UPDATE `bv_updation` SET `rank_id` = 1
WHERE `user_id` = '2UHHXY';
UPDATE `user_registration` SET `rank_id` = 1
WHERE `user_id` = '2UHHXY';
UPDATE `bv_updation` SET left_carry = 0, right_carry = 0
WHERE `user_id` = '2UHHXY';
INSERT INTO `monthly_cleared_data` (`user_id`, `left_carry`, `right_carry`, `rank_id`, `date`) VALUES ('MMSJTL', '0', '850', '1', '2024-09-28 20:09:02');
UPDATE `bv_updation` SET `rank_id` = 1
WHERE `user_id` = 'MMSJTL';
UPDATE `user_registration` SET `rank_id` = 1
WHERE `user_id` = 'MMSJTL';
UPDATE `bv_updation` SET left_carry = 0, right_carry = 0
WHERE `user_id` = 'MMSJTL';
INSERT INTO `monthly_cleared_data` (`user_id`, `left_carry`, `right_carry`, `rank_id`, `date`) VALUES ('WIDX67', '0', '0', '1', '2024-09-28 20:09:02');
UPDATE `bv_updation` SET `rank_id` = 1
WHERE `user_id` = 'WIDX67';
UPDATE `user_registration` SET `rank_id` = 1
WHERE `user_id` = 'WIDX67';
UPDATE `bv_updation` SET left_carry = 0, right_carry = 0
WHERE `user_id` = 'WIDX67';
INSERT INTO `monthly_cleared_data` (`user_id`, `left_carry`, `right_carry`, `rank_id`, `date`) VALUES ('VWUP9W', '0', '800', '1', '2024-09-28 20:09:02');
UPDATE `bv_updation` SET `rank_id` = 1
WHERE `user_id` = 'VWUP9W';
UPDATE `user_registration` SET `rank_id` = 1
WHERE `user_id` = 'VWUP9W';
UPDATE `bv_updation` SET left_carry = 0, right_carry = 0
WHERE `user_id` = 'VWUP9W';
INSERT INTO `monthly_cleared_data` (`user_id`, `left_carry`, `right_carry`, `rank_id`, `date`) VALUES ('462BRC', '0', '750', '1', '2024-09-28 20:09:02');
UPDATE `bv_updation` SET `rank_id` = 1
WHERE `user_id` = '462BRC';
UPDATE `user_registration` SET `rank_id` = 1
WHERE `user_id` = '462BRC';
UPDATE `bv_updation` SET left_carry = 0, right_carry = 0
WHERE `user_id` = '462BRC';
INSERT INTO `monthly_cleared_data` (`user_id`, `left_carry`, `right_carry`, `rank_id`, `date`) VALUES ('NVTL22', '150', '0', '1', '2024-09-28 20:09:02');
UPDATE `bv_updation` SET `rank_id` = 1
WHERE `user_id` = 'NVTL22';
UPDATE `user_registration` SET `rank_id` = 1
WHERE `user_id` = 'NVTL22';
UPDATE `bv_updation` SET left_carry = 0, right_carry = 0
WHERE `user_id` = 'NVTL22';
INSERT INTO `monthly_cleared_data` (`user_id`, `left_carry`, `right_carry`, `rank_id`, `date`) VALUES ('TM3K4V', '0', '700', '1', '2024-09-28 20:09:02');
UPDATE `bv_updation` SET `rank_id` = 1
WHERE `user_id` = 'TM3K4V';
UPDATE `user_registration` SET `rank_id` = 1
WHERE `user_id` = 'TM3K4V';
UPDATE `bv_updation` SET left_carry = 0, right_carry = 0
WHERE `user_id` = 'TM3K4V';
INSERT INTO `monthly_cleared_data` (`user_id`, `left_carry`, `right_carry`, `rank_id`, `date`) VALUES ('P6R7LW', '0', '650', '1', '2024-09-28 20:09:02');
UPDATE `bv_updation` SET `rank_id` = 1
WHERE `user_id` = 'P6R7LW';
UPDATE `user_registration` SET `rank_id` = 1
WHERE `user_id` = 'P6R7LW';
UPDATE `bv_updation` SET left_carry = 0, right_carry = 0
WHERE `user_id` = 'P6R7LW';
INSERT INTO `monthly_cleared_data` (`user_id`, `left_carry`, `right_carry`, `rank_id`, `date`) VALUES ('BEONL2', '0', '600', '1', '2024-09-28 20:09:02');
UPDATE `bv_updation` SET `rank_id` = 1
WHERE `user_id` = 'BEONL2';
UPDATE `user_registration` SET `rank_id` = 1
WHERE `user_id` = 'BEONL2';
UPDATE `bv_updation` SET left_carry = 0, right_carry = 0
WHERE `user_id` = 'BEONL2';
INSERT INTO `monthly_cleared_data` (`user_id`, `left_carry`, `right_carry`, `rank_id`, `date`) VALUES ('QAM4MS', '0', '550', '1', '2024-09-28 20:09:02');
UPDATE `bv_updation` SET `rank_id` = 1
WHERE `user_id` = 'QAM4MS';
UPDATE `user_registration` SET `rank_id` = 1
WHERE `user_id` = 'QAM4MS';
UPDATE `bv_updation` SET left_carry = 0, right_carry = 0
WHERE `user_id` = 'QAM4MS';
INSERT INTO `monthly_cleared_data` (`user_id`, `left_carry`, `right_carry`, `rank_id`, `date`) VALUES ('T9A6O5', '0', '500', '1', '2024-09-28 20:09:02');
UPDATE `bv_updation` SET `rank_id` = 1
WHERE `user_id` = 'T9A6O5';
UPDATE `user_registration` SET `rank_id` = 1
WHERE `user_id` = 'T9A6O5';
UPDATE `bv_updation` SET left_carry = 0, right_carry = 0
WHERE `user_id` = 'T9A6O5';
INSERT INTO `monthly_cleared_data` (`user_id`, `left_carry`, `right_carry`, `rank_id`, `date`) VALUES ('NGCGMD', '0', '450', '1', '2024-09-28 20:09:02');
UPDATE `bv_updation` SET `rank_id` = 1
WHERE `user_id` = 'NGCGMD';
UPDATE `user_registration` SET `rank_id` = 1
WHERE `user_id` = 'NGCGMD';
UPDATE `bv_updation` SET left_carry = 0, right_carry = 0
WHERE `user_id` = 'NGCGMD';
INSERT INTO `monthly_cleared_data` (`user_id`, `left_carry`, `right_carry`, `rank_id`, `date`) VALUES ('86MB6X', '0', '400', '1', '2024-09-28 20:09:02');
UPDATE `bv_updation` SET `rank_id` = 1
WHERE `user_id` = '86MB6X';
UPDATE `user_registration` SET `rank_id` = 1
WHERE `user_id` = '86MB6X';
UPDATE `bv_updation` SET left_carry = 0, right_carry = 0
WHERE `user_id` = '86MB6X';
INSERT INTO `monthly_cleared_data` (`user_id`, `left_carry`, `right_carry`, `rank_id`, `date`) VALUES ('7GHZF9', '0', '350', '1', '2024-09-28 20:09:02');
UPDATE `bv_updation` SET `rank_id` = 1
WHERE `user_id` = '7GHZF9';
UPDATE `user_registration` SET `rank_id` = 1
WHERE `user_id` = '7GHZF9';
UPDATE `bv_updation` SET left_carry = 0, right_carry = 0
WHERE `user_id` = '7GHZF9';
INSERT INTO `monthly_cleared_data` (`user_id`, `left_carry`, `right_carry`, `rank_id`, `date`) VALUES ('JSP9Q6', '0', '300', '1', '2024-09-28 20:09:02');
UPDATE `bv_updation` SET `rank_id` = 1
WHERE `user_id` = 'JSP9Q6';
UPDATE `user_registration` SET `rank_id` = 1
WHERE `user_id` = 'JSP9Q6';
UPDATE `bv_updation` SET left_carry = 0, right_carry = 0
WHERE `user_id` = 'JSP9Q6';
INSERT INTO `monthly_cleared_data` (`user_id`, `left_carry`, `right_carry`, `rank_id`, `date`) VALUES ('GGS225', '0', '250', '1', '2024-09-28 20:09:02');
UPDATE `bv_updation` SET `rank_id` = 1
WHERE `user_id` = 'GGS225';
UPDATE `user_registration` SET `rank_id` = 1
WHERE `user_id` = 'GGS225';
UPDATE `bv_updation` SET left_carry = 0, right_carry = 0
WHERE `user_id` = 'GGS225';
INSERT INTO `monthly_cleared_data` (`user_id`, `left_carry`, `right_carry`, `rank_id`, `date`) VALUES ('PN7TNQ', '0', '200', '1', '2024-09-28 20:09:02');
UPDATE `bv_updation` SET `rank_id` = 1
WHERE `user_id` = 'PN7TNQ';
UPDATE `user_registration` SET `rank_id` = 1
WHERE `user_id` = 'PN7TNQ';
UPDATE `bv_updation` SET left_carry = 0, right_carry = 0
WHERE `user_id` = 'PN7TNQ';
INSERT INTO `monthly_cleared_data` (`user_id`, `left_carry`, `right_carry`, `rank_id`, `date`) VALUES ('LJITQQ', '0', '150', '1', '2024-09-28 20:09:02');
UPDATE `bv_updation` SET `rank_id` = 1
WHERE `user_id` = 'LJITQQ';
UPDATE `user_registration` SET `rank_id` = 1
WHERE `user_id` = 'LJITQQ';
UPDATE `bv_updation` SET left_carry = 0, right_carry = 0
WHERE `user_id` = 'LJITQQ';
INSERT INTO `monthly_cleared_data` (`user_id`, `left_carry`, `right_carry`, `rank_id`, `date`) VALUES ('DYNIP5', '0', '100', '1', '2024-09-28 20:09:02');
UPDATE `bv_updation` SET `rank_id` = 1
WHERE `user_id` = 'DYNIP5';
UPDATE `user_registration` SET `rank_id` = 1
WHERE `user_id` = 'DYNIP5';
UPDATE `bv_updation` SET left_carry = 0, right_carry = 0
WHERE `user_id` = 'DYNIP5';
INSERT INTO `monthly_cleared_data` (`user_id`, `left_carry`, `right_carry`, `rank_id`, `date`) VALUES ('PO7V97', '0', '50', '1', '2024-09-28 20:09:02');
UPDATE `bv_updation` SET `rank_id` = 1
WHERE `user_id` = 'PO7V97';
UPDATE `user_registration` SET `rank_id` = 1
WHERE `user_id` = 'PO7V97';
UPDATE `bv_updation` SET left_carry = 0, right_carry = 0
WHERE `user_id` = 'PO7V97';
INSERT INTO `monthly_cleared_data` (`user_id`, `left_carry`, `right_carry`, `rank_id`, `date`) VALUES ('BCHOP4', '0', '0', '1', '2024-09-28 20:09:02');
UPDATE `bv_updation` SET `rank_id` = 1
WHERE `user_id` = 'BCHOP4';
UPDATE `user_registration` SET `rank_id` = 1
WHERE `user_id` = 'BCHOP4';
UPDATE `bv_updation` SET left_carry = 0, right_carry = 0
WHERE `user_id` = 'BCHOP4';
INSERT INTO `monthly_cleared_data` (`user_id`, `left_carry`, `right_carry`, `rank_id`, `date`) VALUES ('ZKRBHH', '500', '0', '1', '2024-09-28 20:09:02');
UPDATE `bv_updation` SET `rank_id` = 1
WHERE `user_id` = 'ZKRBHH';
UPDATE `user_registration` SET `rank_id` = 1
WHERE `user_id` = 'ZKRBHH';
UPDATE `bv_updation` SET left_carry = 0, right_carry = 0
WHERE `user_id` = 'ZKRBHH';
INSERT INTO `monthly_cleared_data` (`user_id`, `left_carry`, `right_carry`, `rank_id`, `date`) VALUES ('1NGLBZ', '450', '0', '1', '2024-09-28 20:09:02');
UPDATE `bv_updation` SET `rank_id` = 1
WHERE `user_id` = '1NGLBZ';
UPDATE `user_registration` SET `rank_id` = 1
WHERE `user_id` = '1NGLBZ';
UPDATE `bv_updation` SET left_carry = 0, right_carry = 0
WHERE `user_id` = '1NGLBZ';
INSERT INTO `monthly_cleared_data` (`user_id`, `left_carry`, `right_carry`, `rank_id`, `date`) VALUES ('LTS662', '400', '0', '1', '2024-09-28 20:09:02');
UPDATE `bv_updation` SET `rank_id` = 1
WHERE `user_id` = 'LTS662';
UPDATE `user_registration` SET `rank_id` = 1
WHERE `user_id` = 'LTS662';
UPDATE `bv_updation` SET left_carry = 0, right_carry = 0
WHERE `user_id` = 'LTS662';
INSERT INTO `monthly_cleared_data` (`user_id`, `left_carry`, `right_carry`, `rank_id`, `date`) VALUES ('11VF6B', '350', '0', '1', '2024-09-28 20:09:02');
UPDATE `bv_updation` SET `rank_id` = 1
WHERE `user_id` = '11VF6B';
UPDATE `user_registration` SET `rank_id` = 1
WHERE `user_id` = '11VF6B';
UPDATE `bv_updation` SET left_carry = 0, right_carry = 0
WHERE `user_id` = '11VF6B';
INSERT INTO `monthly_cleared_data` (`user_id`, `left_carry`, `right_carry`, `rank_id`, `date`) VALUES ('Q2Y785', '300', '0', '1', '2024-09-28 20:09:02');
UPDATE `bv_updation` SET `rank_id` = 1
WHERE `user_id` = 'Q2Y785';
UPDATE `user_registration` SET `rank_id` = 1
WHERE `user_id` = 'Q2Y785';
UPDATE `bv_updation` SET left_carry = 0, right_carry = 0
WHERE `user_id` = 'Q2Y785';
INSERT INTO `monthly_cleared_data` (`user_id`, `left_carry`, `right_carry`, `rank_id`, `date`) VALUES ('QMK18A', '250', '0', '1', '2024-09-28 20:09:02');
UPDATE `bv_updation` SET `rank_id` = 1
WHERE `user_id` = 'QMK18A';
UPDATE `user_registration` SET `rank_id` = 1
WHERE `user_id` = 'QMK18A';
UPDATE `bv_updation` SET left_carry = 0, right_carry = 0
WHERE `user_id` = 'QMK18A';
INSERT INTO `monthly_cleared_data` (`user_id`, `left_carry`, `right_carry`, `rank_id`, `date`) VALUES ('6E8AB3', '200', '0', '1', '2024-09-28 20:09:02');
UPDATE `bv_updation` SET `rank_id` = 1
WHERE `user_id` = '6E8AB3';
UPDATE `user_registration` SET `rank_id` = 1
WHERE `user_id` = '6E8AB3';
UPDATE `bv_updation` SET left_carry = 0, right_carry = 0
WHERE `user_id` = '6E8AB3';
INSERT INTO `monthly_cleared_data` (`user_id`, `left_carry`, `right_carry`, `rank_id`, `date`) VALUES ('RKO44V', '150', '0', '1', '2024-09-28 20:09:02');
UPDATE `bv_updation` SET `rank_id` = 1
WHERE `user_id` = 'RKO44V';
UPDATE `user_registration` SET `rank_id` = 1
WHERE `user_id` = 'RKO44V';
UPDATE `bv_updation` SET left_carry = 0, right_carry = 0
WHERE `user_id` = 'RKO44V';
INSERT INTO `monthly_cleared_data` (`user_id`, `left_carry`, `right_carry`, `rank_id`, `date`) VALUES ('C5CDWG', '100', '0', '1', '2024-09-28 20:09:02');
UPDATE `bv_updation` SET `rank_id` = 1
WHERE `user_id` = 'C5CDWG';
UPDATE `user_registration` SET `rank_id` = 1
WHERE `user_id` = 'C5CDWG';
UPDATE `bv_updation` SET left_carry = 0, right_carry = 0
WHERE `user_id` = 'C5CDWG';
INSERT INTO `monthly_cleared_data` (`user_id`, `left_carry`, `right_carry`, `rank_id`, `date`) VALUES ('DNCY5I', '50', '0', '1', '2024-09-28 20:09:02');
UPDATE `bv_updation` SET `rank_id` = 1
WHERE `user_id` = 'DNCY5I';
UPDATE `user_registration` SET `rank_id` = 1
WHERE `user_id` = 'DNCY5I';
UPDATE `bv_updation` SET left_carry = 0, right_carry = 0
WHERE `user_id` = 'DNCY5I';
INSERT INTO `monthly_cleared_data` (`user_id`, `left_carry`, `right_carry`, `rank_id`, `date`) VALUES ('P2KMSD', '0', '0', '1', '2024-09-28 20:09:02');
UPDATE `bv_updation` SET `rank_id` = 1
WHERE `user_id` = 'P2KMSD';
UPDATE `user_registration` SET `rank_id` = 1
WHERE `user_id` = 'P2KMSD';
UPDATE `bv_updation` SET left_carry = 0, right_carry = 0
WHERE `user_id` = 'P2KMSD';
INSERT INTO `monthly_cleared_data` (`user_id`, `left_carry`, `right_carry`, `rank_id`, `date`) VALUES ('R23HP5', '0', '1100', '1', '2024-09-28 20:09:02');
UPDATE `bv_updation` SET `rank_id` = 1
WHERE `user_id` = 'R23HP5';
UPDATE `user_registration` SET `rank_id` = 1
WHERE `user_id` = 'R23HP5';
UPDATE `bv_updation` SET left_carry = 0, right_carry = 0
WHERE `user_id` = 'R23HP5';
INSERT INTO `monthly_cleared_data` (`user_id`, `left_carry`, `right_carry`, `rank_id`, `date`) VALUES ('JDWHX8', '0', '1050', '1', '2024-09-28 20:09:02');
UPDATE `bv_updation` SET `rank_id` = 1
WHERE `user_id` = 'JDWHX8';
UPDATE `user_registration` SET `rank_id` = 1
WHERE `user_id` = 'JDWHX8';
UPDATE `bv_updation` SET left_carry = 0, right_carry = 0
WHERE `user_id` = 'JDWHX8';
INSERT INTO `monthly_cleared_data` (`user_id`, `left_carry`, `right_carry`, `rank_id`, `date`) VALUES ('TYOKGK', '0', '1000', '1', '2024-09-28 20:09:02');
UPDATE `bv_updation` SET `rank_id` = 1
WHERE `user_id` = 'TYOKGK';
UPDATE `user_registration` SET `rank_id` = 1
WHERE `user_id` = 'TYOKGK';
UPDATE `bv_updation` SET left_carry = 0, right_carry = 0
WHERE `user_id` = 'TYOKGK';
INSERT INTO `monthly_cleared_data` (`user_id`, `left_carry`, `right_carry`, `rank_id`, `date`) VALUES ('2FWBSX', '0', '950', '1', '2024-09-28 20:09:02');
UPDATE `bv_updation` SET `rank_id` = 1
WHERE `user_id` = '2FWBSX';
UPDATE `user_registration` SET `rank_id` = 1
WHERE `user_id` = '2FWBSX';
UPDATE `bv_updation` SET left_carry = 0, right_carry = 0
WHERE `user_id` = '2FWBSX';
INSERT INTO `monthly_cleared_data` (`user_id`, `left_carry`, `right_carry`, `rank_id`, `date`) VALUES ('PVHRND', '0', '900', '1', '2024-09-28 20:09:02');
UPDATE `bv_updation` SET `rank_id` = 1
WHERE `user_id` = 'PVHRND';
UPDATE `user_registration` SET `rank_id` = 1
WHERE `user_id` = 'PVHRND';
UPDATE `bv_updation` SET left_carry = 0, right_carry = 0
WHERE `user_id` = 'PVHRND';
INSERT INTO `monthly_cleared_data` (`user_id`, `left_carry`, `right_carry`, `rank_id`, `date`) VALUES ('VLF525', '0', '850', '1', '2024-09-28 20:09:02');
UPDATE `bv_updation` SET `rank_id` = 1
WHERE `user_id` = 'VLF525';
UPDATE `user_registration` SET `rank_id` = 1
WHERE `user_id` = 'VLF525';
UPDATE `bv_updation` SET left_carry = 0, right_carry = 0
WHERE `user_id` = 'VLF525';
INSERT INTO `monthly_cleared_data` (`user_id`, `left_carry`, `right_carry`, `rank_id`, `date`) VALUES ('YYQ9ZR', '0', '800', '1', '2024-09-28 20:09:02');
UPDATE `bv_updation` SET `rank_id` = 1
WHERE `user_id` = 'YYQ9ZR';
UPDATE `user_registration` SET `rank_id` = 1
WHERE `user_id` = 'YYQ9ZR';
UPDATE `bv_updation` SET left_carry = 0, right_carry = 0
WHERE `user_id` = 'YYQ9ZR';
INSERT INTO `monthly_cleared_data` (`user_id`, `left_carry`, `right_carry`, `rank_id`, `date`) VALUES ('RX8A88', '0', '750', '1', '2024-09-28 20:09:02');
UPDATE `bv_updation` SET `rank_id` = 1
WHERE `user_id` = 'RX8A88';
UPDATE `user_registration` SET `rank_id` = 1
WHERE `user_id` = 'RX8A88';
UPDATE `bv_updation` SET left_carry = 0, right_carry = 0
WHERE `user_id` = 'RX8A88';
INSERT INTO `monthly_cleared_data` (`user_id`, `left_carry`, `right_carry`, `rank_id`, `date`) VALUES ('R2XD86', '0', '700', '1', '2024-09-28 20:09:02');
UPDATE `bv_updation` SET `rank_id` = 1
WHERE `user_id` = 'R2XD86';
UPDATE `user_registration` SET `rank_id` = 1
WHERE `user_id` = 'R2XD86';
UPDATE `bv_updation` SET left_carry = 0, right_carry = 0
WHERE `user_id` = 'R2XD86';
INSERT INTO `monthly_cleared_data` (`user_id`, `left_carry`, `right_carry`, `rank_id`, `date`) VALUES ('HCAPX2', '0', '650', '1', '2024-09-28 20:09:02');
UPDATE `bv_updation` SET `rank_id` = 1
WHERE `user_id` = 'HCAPX2';
UPDATE `user_registration` SET `rank_id` = 1
WHERE `user_id` = 'HCAPX2';
UPDATE `bv_updation` SET left_carry = 0, right_carry = 0
WHERE `user_id` = 'HCAPX2';
INSERT INTO `monthly_cleared_data` (`user_id`, `left_carry`, `right_carry`, `rank_id`, `date`) VALUES ('EX39DW', '0', '600', '1', '2024-09-28 20:09:02');
UPDATE `bv_updation` SET `rank_id` = 1
WHERE `user_id` = 'EX39DW';
UPDATE `user_registration` SET `rank_id` = 1
WHERE `user_id` = 'EX39DW';
UPDATE `bv_updation` SET left_carry = 0, right_carry = 0
WHERE `user_id` = 'EX39DW';
INSERT INTO `monthly_cleared_data` (`user_id`, `left_carry`, `right_carry`, `rank_id`, `date`) VALUES ('OWI85Y', '0', '550', '1', '2024-09-28 20:09:02');
UPDATE `bv_updation` SET `rank_id` = 1
WHERE `user_id` = 'OWI85Y';
UPDATE `user_registration` SET `rank_id` = 1
WHERE `user_id` = 'OWI85Y';
UPDATE `bv_updation` SET left_carry = 0, right_carry = 0
WHERE `user_id` = 'OWI85Y';
INSERT INTO `monthly_cleared_data` (`user_id`, `left_carry`, `right_carry`, `rank_id`, `date`) VALUES ('CUSOFF', '0', '500', '1', '2024-09-28 20:09:02');
UPDATE `bv_updation` SET `rank_id` = 1
WHERE `user_id` = 'CUSOFF';
UPDATE `user_registration` SET `rank_id` = 1
WHERE `user_id` = 'CUSOFF';
UPDATE `bv_updation` SET left_carry = 0, right_carry = 0
WHERE `user_id` = 'CUSOFF';
INSERT INTO `monthly_cleared_data` (`user_id`, `left_carry`, `right_carry`, `rank_id`, `date`) VALUES ('R1D3CJ', '0', '450', '1', '2024-09-28 20:09:02');
UPDATE `bv_updation` SET `rank_id` = 1
WHERE `user_id` = 'R1D3CJ';
UPDATE `user_registration` SET `rank_id` = 1
WHERE `user_id` = 'R1D3CJ';
UPDATE `bv_updation` SET left_carry = 0, right_carry = 0
WHERE `user_id` = 'R1D3CJ';
INSERT INTO `monthly_cleared_data` (`user_id`, `left_carry`, `right_carry`, `rank_id`, `date`) VALUES ('QS8ULS', '0', '400', '1', '2024-09-28 20:09:02');
UPDATE `bv_updation` SET `rank_id` = 1
WHERE `user_id` = 'QS8ULS';
UPDATE `user_registration` SET `rank_id` = 1
WHERE `user_id` = 'QS8ULS';
UPDATE `bv_updation` SET left_carry = 0, right_carry = 0
WHERE `user_id` = 'QS8ULS';
INSERT INTO `monthly_cleared_data` (`user_id`, `left_carry`, `right_carry`, `rank_id`, `date`) VALUES ('DWJYVJ', '0', '350', '1', '2024-09-28 20:09:02');
UPDATE `bv_updation` SET `rank_id` = 1
WHERE `user_id` = 'DWJYVJ';
UPDATE `user_registration` SET `rank_id` = 1
WHERE `user_id` = 'DWJYVJ';
UPDATE `bv_updation` SET left_carry = 0, right_carry = 0
WHERE `user_id` = 'DWJYVJ';
INSERT INTO `monthly_cleared_data` (`user_id`, `left_carry`, `right_carry`, `rank_id`, `date`) VALUES ('PKA38P', '0', '300', '1', '2024-09-28 20:09:02');
UPDATE `bv_updation` SET `rank_id` = 1
WHERE `user_id` = 'PKA38P';
UPDATE `user_registration` SET `rank_id` = 1
WHERE `user_id` = 'PKA38P';
UPDATE `bv_updation` SET left_carry = 0, right_carry = 0
WHERE `user_id` = 'PKA38P';
INSERT INTO `monthly_cleared_data` (`user_id`, `left_carry`, `right_carry`, `rank_id`, `date`) VALUES ('V47GBF', '0', '250', '1', '2024-09-28 20:09:02');
UPDATE `bv_updation` SET `rank_id` = 1
WHERE `user_id` = 'V47GBF';
UPDATE `user_registration` SET `rank_id` = 1
WHERE `user_id` = 'V47GBF';
UPDATE `bv_updation` SET left_carry = 0, right_carry = 0
WHERE `user_id` = 'V47GBF';
INSERT INTO `monthly_cleared_data` (`user_id`, `left_carry`, `right_carry`, `rank_id`, `date`) VALUES ('UUJ71W', '0', '200', '1', '2024-09-28 20:09:02');
UPDATE `bv_updation` SET `rank_id` = 1
WHERE `user_id` = 'UUJ71W';
UPDATE `user_registration` SET `rank_id` = 1
WHERE `user_id` = 'UUJ71W';
UPDATE `bv_updation` SET left_carry = 0, right_carry = 0
WHERE `user_id` = 'UUJ71W';
INSERT INTO `monthly_cleared_data` (`user_id`, `left_carry`, `right_carry`, `rank_id`, `date`) VALUES ('ITNJ2A', '200', '0', '1', '2024-09-28 20:09:02');
UPDATE `bv_updation` SET `rank_id` = 1
WHERE `user_id` = 'ITNJ2A';
UPDATE `user_registration` SET `rank_id` = 1
WHERE `user_id` = 'ITNJ2A';
UPDATE `bv_updation` SET left_carry = 0, right_carry = 0
WHERE `user_id` = 'ITNJ2A';
INSERT INTO `monthly_cleared_data` (`user_id`, `left_carry`, `right_carry`, `rank_id`, `date`) VALUES ('UJCT5G', '0', '250', '1', '2024-09-28 20:09:02');
UPDATE `bv_updation` SET `rank_id` = 1
WHERE `user_id` = 'UJCT5G';
UPDATE `user_registration` SET `rank_id` = 1
WHERE `user_id` = 'UJCT5G';
UPDATE `bv_updation` SET left_carry = 0, right_carry = 0
WHERE `user_id` = 'UJCT5G';
INSERT INTO `monthly_cleared_data` (`user_id`, `left_carry`, `right_carry`, `rank_id`, `date`) VALUES ('UYO4R2', '0', '200', '1', '2024-09-28 20:09:02');
UPDATE `bv_updation` SET `rank_id` = 1
WHERE `user_id` = 'UYO4R2';
UPDATE `user_registration` SET `rank_id` = 1
WHERE `user_id` = 'UYO4R2';
UPDATE `bv_updation` SET left_carry = 0, right_carry = 0
WHERE `user_id` = 'UYO4R2';
INSERT INTO `monthly_cleared_data` (`user_id`, `left_carry`, `right_carry`, `rank_id`, `date`) VALUES ('AZ4ROG', '0', '150', '1', '2024-09-28 20:09:02');
UPDATE `bv_updation` SET `rank_id` = 1
WHERE `user_id` = 'AZ4ROG';
UPDATE `user_registration` SET `rank_id` = 1
WHERE `user_id` = 'AZ4ROG';
UPDATE `bv_updation` SET left_carry = 0, right_carry = 0
WHERE `user_id` = 'AZ4ROG';
INSERT INTO `monthly_cleared_data` (`user_id`, `left_carry`, `right_carry`, `rank_id`, `date`) VALUES ('622H8H', '0', '100', '1', '2024-09-28 20:09:02');
UPDATE `bv_updation` SET `rank_id` = 1
WHERE `user_id` = '622H8H';
UPDATE `user_registration` SET `rank_id` = 1
WHERE `user_id` = '622H8H';
UPDATE `bv_updation` SET left_carry = 0, right_carry = 0
WHERE `user_id` = '622H8H';
INSERT INTO `monthly_cleared_data` (`user_id`, `left_carry`, `right_carry`, `rank_id`, `date`) VALUES ('LQXYRY', '0', '50', '1', '2024-09-28 20:09:02');
UPDATE `bv_updation` SET `rank_id` = 1
WHERE `user_id` = 'LQXYRY';
UPDATE `user_registration` SET `rank_id` = 1
WHERE `user_id` = 'LQXYRY';
UPDATE `bv_updation` SET left_carry = 0, right_carry = 0
WHERE `user_id` = 'LQXYRY';
INSERT INTO `monthly_cleared_data` (`user_id`, `left_carry`, `right_carry`, `rank_id`, `date`) VALUES ('RJDQQY', '0', '0', '1', '2024-09-28 20:09:02');
UPDATE `bv_updation` SET `rank_id` = 1
WHERE `user_id` = 'RJDQQY';
UPDATE `user_registration` SET `rank_id` = 1
WHERE `user_id` = 'RJDQQY';
UPDATE `bv_updation` SET left_carry = 0, right_carry = 0
WHERE `user_id` = 'RJDQQY';
INSERT INTO `monthly_cleared_data` (`user_id`, `left_carry`, `right_carry`, `rank_id`, `date`) VALUES ('T2FH7D', '1100', '0', '1', '2024-09-28 20:09:02');
UPDATE `bv_updation` SET `rank_id` = 1
WHERE `user_id` = 'T2FH7D';
UPDATE `user_registration` SET `rank_id` = 1
WHERE `user_id` = 'T2FH7D';
UPDATE `bv_updation` SET left_carry = 0, right_carry = 0
WHERE `user_id` = 'T2FH7D';
INSERT INTO `monthly_cleared_data` (`user_id`, `left_carry`, `right_carry`, `rank_id`, `date`) VALUES ('Z38U8O', '1050', '0', '1', '2024-09-28 20:09:02');
UPDATE `bv_updation` SET `rank_id` = 1
WHERE `user_id` = 'Z38U8O';
UPDATE `user_registration` SET `rank_id` = 1
WHERE `user_id` = 'Z38U8O';
UPDATE `bv_updation` SET left_carry = 0, right_carry = 0
WHERE `user_id` = 'Z38U8O';
INSERT INTO `monthly_cleared_data` (`user_id`, `left_carry`, `right_carry`, `rank_id`, `date`) VALUES ('7I55M4', '1000', '0', '1', '2024-09-28 20:09:02');
UPDATE `bv_updation` SET `rank_id` = 1
WHERE `user_id` = '7I55M4';
UPDATE `user_registration` SET `rank_id` = 1
WHERE `user_id` = '7I55M4';
UPDATE `bv_updation` SET left_carry = 0, right_carry = 0
WHERE `user_id` = '7I55M4';
INSERT INTO `monthly_cleared_data` (`user_id`, `left_carry`, `right_carry`, `rank_id`, `date`) VALUES ('JICQFJ', '950', '0', '1', '2024-09-28 20:09:02');
UPDATE `bv_updation` SET `rank_id` = 1
WHERE `user_id` = 'JICQFJ';
UPDATE `user_registration` SET `rank_id` = 1
WHERE `user_id` = 'JICQFJ';
UPDATE `bv_updation` SET left_carry = 0, right_carry = 0
WHERE `user_id` = 'JICQFJ';
INSERT INTO `monthly_cleared_data` (`user_id`, `left_carry`, `right_carry`, `rank_id`, `date`) VALUES ('9QPR7F', '900', '0', '1', '2024-09-28 20:09:02');
UPDATE `bv_updation` SET `rank_id` = 1
WHERE `user_id` = '9QPR7F';
UPDATE `user_registration` SET `rank_id` = 1
WHERE `user_id` = '9QPR7F';
UPDATE `bv_updation` SET left_carry = 0, right_carry = 0
WHERE `user_id` = '9QPR7F';
INSERT INTO `monthly_cleared_data` (`user_id`, `left_carry`, `right_carry`, `rank_id`, `date`) VALUES ('9PR22S', '850', '0', '1', '2024-09-28 20:09:02');
UPDATE `bv_updation` SET `rank_id` = 1
WHERE `user_id` = '9PR22S';
UPDATE `user_registration` SET `rank_id` = 1
WHERE `user_id` = '9PR22S';
UPDATE `bv_updation` SET left_carry = 0, right_carry = 0
WHERE `user_id` = '9PR22S';
INSERT INTO `monthly_cleared_data` (`user_id`, `left_carry`, `right_carry`, `rank_id`, `date`) VALUES ('U4TTOS', '800', '0', '1', '2024-09-28 20:09:02');
UPDATE `bv_updation` SET `rank_id` = 1
WHERE `user_id` = 'U4TTOS';
UPDATE `user_registration` SET `rank_id` = 1
WHERE `user_id` = 'U4TTOS';
UPDATE `bv_updation` SET left_carry = 0, right_carry = 0
WHERE `user_id` = 'U4TTOS';
INSERT INTO `monthly_cleared_data` (`user_id`, `left_carry`, `right_carry`, `rank_id`, `date`) VALUES ('ONTQID', '750', '0', '1', '2024-09-28 20:09:02');
UPDATE `bv_updation` SET `rank_id` = 1
WHERE `user_id` = 'ONTQID';
UPDATE `user_registration` SET `rank_id` = 1
WHERE `user_id` = 'ONTQID';
UPDATE `bv_updation` SET left_carry = 0, right_carry = 0
WHERE `user_id` = 'ONTQID';
INSERT INTO `monthly_cleared_data` (`user_id`, `left_carry`, `right_carry`, `rank_id`, `date`) VALUES ('U2VZAK', '700', '0', '1', '2024-09-28 20:09:02');
UPDATE `bv_updation` SET `rank_id` = 1
WHERE `user_id` = 'U2VZAK';
UPDATE `user_registration` SET `rank_id` = 1
WHERE `user_id` = 'U2VZAK';
UPDATE `bv_updation` SET left_carry = 0, right_carry = 0
WHERE `user_id` = 'U2VZAK';
INSERT INTO `monthly_cleared_data` (`user_id`, `left_carry`, `right_carry`, `rank_id`, `date`) VALUES ('24CPJ9', '650', '0', '1', '2024-09-28 20:09:02');
UPDATE `bv_updation` SET `rank_id` = 1
WHERE `user_id` = '24CPJ9';
UPDATE `user_registration` SET `rank_id` = 1
WHERE `user_id` = '24CPJ9';
UPDATE `bv_updation` SET left_carry = 0, right_carry = 0
WHERE `user_id` = '24CPJ9';
INSERT INTO `monthly_cleared_data` (`user_id`, `left_carry`, `right_carry`, `rank_id`, `date`) VALUES ('9KYD4N', '600', '0', '1', '2024-09-28 20:09:02');
UPDATE `bv_updation` SET `rank_id` = 1
WHERE `user_id` = '9KYD4N';
UPDATE `user_registration` SET `rank_id` = 1
WHERE `user_id` = '9KYD4N';
UPDATE `bv_updation` SET left_carry = 0, right_carry = 0
WHERE `user_id` = '9KYD4N';
INSERT INTO `monthly_cleared_data` (`user_id`, `left_carry`, `right_carry`, `rank_id`, `date`) VALUES ('GLSBMT', '300', '0', '1', '2024-09-28 20:09:02');
UPDATE `bv_updation` SET `rank_id` = 1
WHERE `user_id` = 'GLSBMT';
UPDATE `user_registration` SET `rank_id` = 1
WHERE `user_id` = 'GLSBMT';
UPDATE `bv_updation` SET left_carry = 0, right_carry = 0
WHERE `user_id` = 'GLSBMT';
INSERT INTO `monthly_cleared_data` (`user_id`, `left_carry`, `right_carry`, `rank_id`, `date`) VALUES ('491MZ8', '0', '750', '1', '2024-09-28 20:09:02');
UPDATE `bv_updation` SET `rank_id` = 1
WHERE `user_id` = '491MZ8';
UPDATE `user_registration` SET `rank_id` = 1
WHERE `user_id` = '491MZ8';
UPDATE `bv_updation` SET left_carry = 0, right_carry = 0
WHERE `user_id` = '491MZ8';
INSERT INTO `monthly_cleared_data` (`user_id`, `left_carry`, `right_carry`, `rank_id`, `date`) VALUES ('LYT8K3', '0', '700', '1', '2024-09-28 20:09:02');
UPDATE `bv_updation` SET `rank_id` = 1
WHERE `user_id` = 'LYT8K3';
UPDATE `user_registration` SET `rank_id` = 1
WHERE `user_id` = 'LYT8K3';
UPDATE `bv_updation` SET left_carry = 0, right_carry = 0
WHERE `user_id` = 'LYT8K3';
INSERT INTO `monthly_cleared_data` (`user_id`, `left_carry`, `right_carry`, `rank_id`, `date`) VALUES ('132L5K', '0', '650', '1', '2024-09-28 20:09:02');
UPDATE `bv_updation` SET `rank_id` = 1
WHERE `user_id` = '132L5K';
UPDATE `user_registration` SET `rank_id` = 1
WHERE `user_id` = '132L5K';
UPDATE `bv_updation` SET left_carry = 0, right_carry = 0
WHERE `user_id` = '132L5K';
INSERT INTO `monthly_cleared_data` (`user_id`, `left_carry`, `right_carry`, `rank_id`, `date`) VALUES ('ISFCIT', '0', '600', '1', '2024-09-28 20:09:02');
UPDATE `bv_updation` SET `rank_id` = 1
WHERE `user_id` = 'ISFCIT';
UPDATE `user_registration` SET `rank_id` = 1
WHERE `user_id` = 'ISFCIT';
UPDATE `bv_updation` SET left_carry = 0, right_carry = 0
WHERE `user_id` = 'ISFCIT';
INSERT INTO `monthly_cleared_data` (`user_id`, `left_carry`, `right_carry`, `rank_id`, `date`) VALUES ('RPDH3F', '0', '550', '1', '2024-09-28 20:09:02');
UPDATE `bv_updation` SET `rank_id` = 1
WHERE `user_id` = 'RPDH3F';
UPDATE `user_registration` SET `rank_id` = 1
WHERE `user_id` = 'RPDH3F';
UPDATE `bv_updation` SET left_carry = 0, right_carry = 0
WHERE `user_id` = 'RPDH3F';
INSERT INTO `monthly_cleared_data` (`user_id`, `left_carry`, `right_carry`, `rank_id`, `date`) VALUES ('CZ5F64', '250', '0', '1', '2024-09-28 20:09:02');
UPDATE `bv_updation` SET `rank_id` = 1
WHERE `user_id` = 'CZ5F64';
UPDATE `user_registration` SET `rank_id` = 1
WHERE `user_id` = 'CZ5F64';
UPDATE `bv_updation` SET left_carry = 0, right_carry = 0
WHERE `user_id` = 'CZ5F64';
INSERT INTO `monthly_cleared_data` (`user_id`, `left_carry`, `right_carry`, `rank_id`, `date`) VALUES ('V3QV68', '200', '0', '1', '2024-09-28 20:09:02');
UPDATE `bv_updation` SET `rank_id` = 1
WHERE `user_id` = 'V3QV68';
UPDATE `user_registration` SET `rank_id` = 1
WHERE `user_id` = 'V3QV68';
UPDATE `bv_updation` SET left_carry = 0, right_carry = 0
WHERE `user_id` = 'V3QV68';
INSERT INTO `monthly_cleared_data` (`user_id`, `left_carry`, `right_carry`, `rank_id`, `date`) VALUES ('B91RBB', '150', '0', '1', '2024-09-28 20:09:02');
UPDATE `bv_updation` SET `rank_id` = 1
WHERE `user_id` = 'B91RBB';
UPDATE `user_registration` SET `rank_id` = 1
WHERE `user_id` = 'B91RBB';
UPDATE `bv_updation` SET left_carry = 0, right_carry = 0
WHERE `user_id` = 'B91RBB';
INSERT INTO `monthly_cleared_data` (`user_id`, `left_carry`, `right_carry`, `rank_id`, `date`) VALUES ('D84WMU', '100', '0', '1', '2024-09-28 20:09:02');
UPDATE `bv_updation` SET `rank_id` = 1
WHERE `user_id` = 'D84WMU';
UPDATE `user_registration` SET `rank_id` = 1
WHERE `user_id` = 'D84WMU';
UPDATE `bv_updation` SET left_carry = 0, right_carry = 0
WHERE `user_id` = 'D84WMU';
INSERT INTO `monthly_cleared_data` (`user_id`, `left_carry`, `right_carry`, `rank_id`, `date`) VALUES ('XFNG3G', '0', '500', '1', '2024-09-28 20:09:02');
UPDATE `bv_updation` SET `rank_id` = 1
WHERE `user_id` = 'XFNG3G';
UPDATE `user_registration` SET `rank_id` = 1
WHERE `user_id` = 'XFNG3G';
UPDATE `bv_updation` SET left_carry = 0, right_carry = 0
WHERE `user_id` = 'XFNG3G';
INSERT INTO `monthly_cleared_data` (`user_id`, `left_carry`, `right_carry`, `rank_id`, `date`) VALUES ('3G5LT6', '50', '0', '1', '2024-09-28 20:09:02');
UPDATE `bv_updation` SET `rank_id` = 1
WHERE `user_id` = '3G5LT6';
UPDATE `user_registration` SET `rank_id` = 1
WHERE `user_id` = '3G5LT6';
UPDATE `bv_updation` SET left_carry = 0, right_carry = 0
WHERE `user_id` = '3G5LT6';
INSERT INTO `monthly_cleared_data` (`user_id`, `left_carry`, `right_carry`, `rank_id`, `date`) VALUES ('F3Z7BV', '0', '450', '1', '2024-09-28 20:09:02');
UPDATE `bv_updation` SET `rank_id` = 1
WHERE `user_id` = 'F3Z7BV';
UPDATE `user_registration` SET `rank_id` = 1
WHERE `user_id` = 'F3Z7BV';
UPDATE `bv_updation` SET left_carry = 0, right_carry = 0
WHERE `user_id` = 'F3Z7BV';
INSERT INTO `monthly_cleared_data` (`user_id`, `left_carry`, `right_carry`, `rank_id`, `date`) VALUES ('25EOX3', '0', '0', '1', '2024-09-28 20:09:02');
UPDATE `bv_updation` SET `rank_id` = 1
WHERE `user_id` = '25EOX3';
UPDATE `user_registration` SET `rank_id` = 1
WHERE `user_id` = '25EOX3';
UPDATE `bv_updation` SET left_carry = 0, right_carry = 0
WHERE `user_id` = '25EOX3';
INSERT INTO `monthly_cleared_data` (`user_id`, `left_carry`, `right_carry`, `rank_id`, `date`) VALUES ('8B3JUK', '0', '400', '1', '2024-09-28 20:09:02');
UPDATE `bv_updation` SET `rank_id` = 1
WHERE `user_id` = '8B3JUK';
UPDATE `user_registration` SET `rank_id` = 1
WHERE `user_id` = '8B3JUK';
UPDATE `bv_updation` SET left_carry = 0, right_carry = 0
WHERE `user_id` = '8B3JUK';
INSERT INTO `monthly_cleared_data` (`user_id`, `left_carry`, `right_carry`, `rank_id`, `date`) VALUES ('RE29PU', '150', '0', '1', '2024-09-28 20:09:02');
UPDATE `bv_updation` SET `rank_id` = 1
WHERE `user_id` = 'RE29PU';
UPDATE `user_registration` SET `rank_id` = 1
WHERE `user_id` = 'RE29PU';
UPDATE `bv_updation` SET left_carry = 0, right_carry = 0
WHERE `user_id` = 'RE29PU';
INSERT INTO `monthly_cleared_data` (`user_id`, `left_carry`, `right_carry`, `rank_id`, `date`) VALUES ('OE978P', '100', '0', '1', '2024-09-28 20:09:02');
UPDATE `bv_updation` SET `rank_id` = 1
WHERE `user_id` = 'OE978P';
UPDATE `user_registration` SET `rank_id` = 1
WHERE `user_id` = 'OE978P';
UPDATE `bv_updation` SET left_carry = 0, right_carry = 0
WHERE `user_id` = 'OE978P';
INSERT INTO `monthly_cleared_data` (`user_id`, `left_carry`, `right_carry`, `rank_id`, `date`) VALUES ('JEB642', '50', '0', '1', '2024-09-28 20:09:02');
UPDATE `bv_updation` SET `rank_id` = 1
WHERE `user_id` = 'JEB642';
UPDATE `user_registration` SET `rank_id` = 1
WHERE `user_id` = 'JEB642';
UPDATE `bv_updation` SET left_carry = 0, right_carry = 0
WHERE `user_id` = 'JEB642';
INSERT INTO `monthly_cleared_data` (`user_id`, `left_carry`, `right_carry`, `rank_id`, `date`) VALUES ('MU2WN6', '0', '0', '1', '2024-09-28 20:09:02');
UPDATE `bv_updation` SET `rank_id` = 1
WHERE `user_id` = 'MU2WN6';
UPDATE `user_registration` SET `rank_id` = 1
WHERE `user_id` = 'MU2WN6';
UPDATE `bv_updation` SET left_carry = 0, right_carry = 0
WHERE `user_id` = 'MU2WN6';
INSERT INTO `monthly_cleared_data` (`user_id`, `left_carry`, `right_carry`, `rank_id`, `date`) VALUES ('5Z8WCW', '100', '0', '1', '2024-09-28 20:09:02');
UPDATE `bv_updation` SET `rank_id` = 1
WHERE `user_id` = '5Z8WCW';
UPDATE `user_registration` SET `rank_id` = 1
WHERE `user_id` = '5Z8WCW';
UPDATE `bv_updation` SET left_carry = 0, right_carry = 0
WHERE `user_id` = '5Z8WCW';
INSERT INTO `monthly_cleared_data` (`user_id`, `left_carry`, `right_carry`, `rank_id`, `date`) VALUES ('YO5TK1', '0', '1100', '1', '2024-09-28 20:09:02');
UPDATE `bv_updation` SET `rank_id` = 1
WHERE `user_id` = 'YO5TK1';
UPDATE `user_registration` SET `rank_id` = 1
WHERE `user_id` = 'YO5TK1';
UPDATE `bv_updation` SET left_carry = 0, right_carry = 0
WHERE `user_id` = 'YO5TK1';
INSERT INTO `monthly_cleared_data` (`user_id`, `left_carry`, `right_carry`, `rank_id`, `date`) VALUES ('T7NVYY', '0', '1050', '1', '2024-09-28 20:09:02');
UPDATE `bv_updation` SET `rank_id` = 1
WHERE `user_id` = 'T7NVYY';
UPDATE `user_registration` SET `rank_id` = 1
WHERE `user_id` = 'T7NVYY';
UPDATE `bv_updation` SET left_carry = 0, right_carry = 0
WHERE `user_id` = 'T7NVYY';
INSERT INTO `monthly_cleared_data` (`user_id`, `left_carry`, `right_carry`, `rank_id`, `date`) VALUES ('DYLY61', '0', '1000', '1', '2024-09-28 20:09:02');
UPDATE `bv_updation` SET `rank_id` = 1
WHERE `user_id` = 'DYLY61';
UPDATE `user_registration` SET `rank_id` = 1
WHERE `user_id` = 'DYLY61';
UPDATE `bv_updation` SET left_carry = 0, right_carry = 0
WHERE `user_id` = 'DYLY61';
INSERT INTO `monthly_cleared_data` (`user_id`, `left_carry`, `right_carry`, `rank_id`, `date`) VALUES ('ZQ7IZT', '0', '950', '1', '2024-09-28 20:09:02');
UPDATE `bv_updation` SET `rank_id` = 1
WHERE `user_id` = 'ZQ7IZT';
UPDATE `user_registration` SET `rank_id` = 1
WHERE `user_id` = 'ZQ7IZT';
UPDATE `bv_updation` SET left_carry = 0, right_carry = 0
WHERE `user_id` = 'ZQ7IZT';
INSERT INTO `monthly_cleared_data` (`user_id`, `left_carry`, `right_carry`, `rank_id`, `date`) VALUES ('GPTICC', '0', '900', '1', '2024-09-28 20:09:02');
UPDATE `bv_updation` SET `rank_id` = 1
WHERE `user_id` = 'GPTICC';
UPDATE `user_registration` SET `rank_id` = 1
WHERE `user_id` = 'GPTICC';
UPDATE `bv_updation` SET left_carry = 0, right_carry = 0
WHERE `user_id` = 'GPTICC';
INSERT INTO `monthly_cleared_data` (`user_id`, `left_carry`, `right_carry`, `rank_id`, `date`) VALUES ('DZT5SL', '0', '850', '1', '2024-09-28 20:09:02');
UPDATE `bv_updation` SET `rank_id` = 1
WHERE `user_id` = 'DZT5SL';
UPDATE `user_registration` SET `rank_id` = 1
WHERE `user_id` = 'DZT5SL';
UPDATE `bv_updation` SET left_carry = 0, right_carry = 0
WHERE `user_id` = 'DZT5SL';
INSERT INTO `monthly_cleared_data` (`user_id`, `left_carry`, `right_carry`, `rank_id`, `date`) VALUES ('F2RMFL', '1100', '0', '1', '2024-09-28 20:09:02');
UPDATE `bv_updation` SET `rank_id` = 1
WHERE `user_id` = 'F2RMFL';
UPDATE `user_registration` SET `rank_id` = 1
WHERE `user_id` = 'F2RMFL';
UPDATE `bv_updation` SET left_carry = 0, right_carry = 0
WHERE `user_id` = 'F2RMFL';
INSERT INTO `monthly_cleared_data` (`user_id`, `left_carry`, `right_carry`, `rank_id`, `date`) VALUES ('V6438E', '1050', '0', '1', '2024-09-28 20:09:02');
UPDATE `bv_updation` SET `rank_id` = 1
WHERE `user_id` = 'V6438E';
UPDATE `user_registration` SET `rank_id` = 1
WHERE `user_id` = 'V6438E';
UPDATE `bv_updation` SET left_carry = 0, right_carry = 0
WHERE `user_id` = 'V6438E';
INSERT INTO `monthly_cleared_data` (`user_id`, `left_carry`, `right_carry`, `rank_id`, `date`) VALUES ('XLBVMK', '0', '800', '1', '2024-09-28 20:09:02');
UPDATE `bv_updation` SET `rank_id` = 1
WHERE `user_id` = 'XLBVMK';
UPDATE `user_registration` SET `rank_id` = 1
WHERE `user_id` = 'XLBVMK';
UPDATE `bv_updation` SET left_carry = 0, right_carry = 0
WHERE `user_id` = 'XLBVMK';
INSERT INTO `monthly_cleared_data` (`user_id`, `left_carry`, `right_carry`, `rank_id`, `date`) VALUES ('GCVMBV', '1000', '0', '1', '2024-09-28 20:09:02');
UPDATE `bv_updation` SET `rank_id` = 1
WHERE `user_id` = 'GCVMBV';
UPDATE `user_registration` SET `rank_id` = 1
WHERE `user_id` = 'GCVMBV';
UPDATE `bv_updation` SET left_carry = 0, right_carry = 0
WHERE `user_id` = 'GCVMBV';
INSERT INTO `monthly_cleared_data` (`user_id`, `left_carry`, `right_carry`, `rank_id`, `date`) VALUES ('5WVWL3', '0', '750', '1', '2024-09-28 20:09:02');
UPDATE `bv_updation` SET `rank_id` = 1
WHERE `user_id` = '5WVWL3';
UPDATE `user_registration` SET `rank_id` = 1
WHERE `user_id` = '5WVWL3';
UPDATE `bv_updation` SET left_carry = 0, right_carry = 0
WHERE `user_id` = '5WVWL3';
INSERT INTO `monthly_cleared_data` (`user_id`, `left_carry`, `right_carry`, `rank_id`, `date`) VALUES ('YXNE4Z', '0', '700', '1', '2024-09-28 20:09:02');
UPDATE `bv_updation` SET `rank_id` = 1
WHERE `user_id` = 'YXNE4Z';
UPDATE `user_registration` SET `rank_id` = 1
WHERE `user_id` = 'YXNE4Z';
UPDATE `bv_updation` SET left_carry = 0, right_carry = 0
WHERE `user_id` = 'YXNE4Z';
INSERT INTO `monthly_cleared_data` (`user_id`, `left_carry`, `right_carry`, `rank_id`, `date`) VALUES ('M66HM9', '950', '0', '1', '2024-09-28 20:09:02');
UPDATE `bv_updation` SET `rank_id` = 1
WHERE `user_id` = 'M66HM9';
UPDATE `user_registration` SET `rank_id` = 1
WHERE `user_id` = 'M66HM9';
UPDATE `bv_updation` SET left_carry = 0, right_carry = 0
WHERE `user_id` = 'M66HM9';
INSERT INTO `monthly_cleared_data` (`user_id`, `left_carry`, `right_carry`, `rank_id`, `date`) VALUES ('LOYA7U', '900', '0', '1', '2024-09-28 20:09:02');
UPDATE `bv_updation` SET `rank_id` = 1
WHERE `user_id` = 'LOYA7U';
UPDATE `user_registration` SET `rank_id` = 1
WHERE `user_id` = 'LOYA7U';
UPDATE `bv_updation` SET left_carry = 0, right_carry = 0
WHERE `user_id` = 'LOYA7U';
INSERT INTO `monthly_cleared_data` (`user_id`, `left_carry`, `right_carry`, `rank_id`, `date`) VALUES ('8I75FF', '0', '650', '1', '2024-09-28 20:09:02');
UPDATE `bv_updation` SET `rank_id` = 1
WHERE `user_id` = '8I75FF';
UPDATE `user_registration` SET `rank_id` = 1
WHERE `user_id` = '8I75FF';
UPDATE `bv_updation` SET left_carry = 0, right_carry = 0
WHERE `user_id` = '8I75FF';
INSERT INTO `monthly_cleared_data` (`user_id`, `left_carry`, `right_carry`, `rank_id`, `date`) VALUES ('5QN8RG', '850', '0', '1', '2024-09-28 20:09:02');
UPDATE `bv_updation` SET `rank_id` = 1
WHERE `user_id` = '5QN8RG';
UPDATE `user_registration` SET `rank_id` = 1
WHERE `user_id` = '5QN8RG';
UPDATE `bv_updation` SET left_carry = 0, right_carry = 0
WHERE `user_id` = '5QN8RG';
INSERT INTO `monthly_cleared_data` (`user_id`, `left_carry`, `right_carry`, `rank_id`, `date`) VALUES ('PPDXLU', '800', '0', '1', '2024-09-28 20:09:02');
UPDATE `bv_updation` SET `rank_id` = 1
WHERE `user_id` = 'PPDXLU';
UPDATE `user_registration` SET `rank_id` = 1
WHERE `user_id` = 'PPDXLU';
UPDATE `bv_updation` SET left_carry = 0, right_carry = 0
WHERE `user_id` = 'PPDXLU';
INSERT INTO `monthly_cleared_data` (`user_id`, `left_carry`, `right_carry`, `rank_id`, `date`) VALUES ('7PZK7D', '0', '600', '1', '2024-09-28 20:09:02');
UPDATE `bv_updation` SET `rank_id` = 1
WHERE `user_id` = '7PZK7D';
UPDATE `user_registration` SET `rank_id` = 1
WHERE `user_id` = '7PZK7D';
UPDATE `bv_updation` SET left_carry = 0, right_carry = 0
WHERE `user_id` = '7PZK7D';
INSERT INTO `monthly_cleared_data` (`user_id`, `left_carry`, `right_carry`, `rank_id`, `date`) VALUES ('7JKEQ1', '750', '0', '1', '2024-09-28 20:09:02');
UPDATE `bv_updation` SET `rank_id` = 1
WHERE `user_id` = '7JKEQ1';
UPDATE `user_registration` SET `rank_id` = 1
WHERE `user_id` = '7JKEQ1';
UPDATE `bv_updation` SET left_carry = 0, right_carry = 0
WHERE `user_id` = '7JKEQ1';
INSERT INTO `monthly_cleared_data` (`user_id`, `left_carry`, `right_carry`, `rank_id`, `date`) VALUES ('19TRNC', '700', '0', '1', '2024-09-28 20:09:02');
UPDATE `bv_updation` SET `rank_id` = 1
WHERE `user_id` = '19TRNC';
UPDATE `user_registration` SET `rank_id` = 1
WHERE `user_id` = '19TRNC';
UPDATE `bv_updation` SET left_carry = 0, right_carry = 0
WHERE `user_id` = '19TRNC';
INSERT INTO `monthly_cleared_data` (`user_id`, `left_carry`, `right_carry`, `rank_id`, `date`) VALUES ('PG17NT', '0', '550', '1', '2024-09-28 20:09:02');
UPDATE `bv_updation` SET `rank_id` = 1
WHERE `user_id` = 'PG17NT';
UPDATE `user_registration` SET `rank_id` = 1
WHERE `user_id` = 'PG17NT';
UPDATE `bv_updation` SET left_carry = 0, right_carry = 0
WHERE `user_id` = 'PG17NT';
INSERT INTO `monthly_cleared_data` (`user_id`, `left_carry`, `right_carry`, `rank_id`, `date`) VALUES ('396W18', '650', '0', '1', '2024-09-28 20:09:02');
UPDATE `bv_updation` SET `rank_id` = 1
WHERE `user_id` = '396W18';
UPDATE `user_registration` SET `rank_id` = 1
WHERE `user_id` = '396W18';
UPDATE `bv_updation` SET left_carry = 0, right_carry = 0
WHERE `user_id` = '396W18';
INSERT INTO `monthly_cleared_data` (`user_id`, `left_carry`, `right_carry`, `rank_id`, `date`) VALUES ('AA1J7Z', '0', '500', '1', '2024-09-28 20:09:02');
UPDATE `bv_updation` SET `rank_id` = 1
WHERE `user_id` = 'AA1J7Z';
UPDATE `user_registration` SET `rank_id` = 1
WHERE `user_id` = 'AA1J7Z';
UPDATE `bv_updation` SET left_carry = 0, right_carry = 0
WHERE `user_id` = 'AA1J7Z';
INSERT INTO `monthly_cleared_data` (`user_id`, `left_carry`, `right_carry`, `rank_id`, `date`) VALUES ('RS7CRY', '0', '1150', '1', '2024-09-28 20:09:02');
UPDATE `bv_updation` SET `rank_id` = 1
WHERE `user_id` = 'RS7CRY';
UPDATE `user_registration` SET `rank_id` = 1
WHERE `user_id` = 'RS7CRY';
UPDATE `bv_updation` SET left_carry = 0, right_carry = 0
WHERE `user_id` = 'RS7CRY';
INSERT INTO `monthly_cleared_data` (`user_id`, `left_carry`, `right_carry`, `rank_id`, `date`) VALUES ('IS1GZG', '0', '1100', '1', '2024-09-28 20:09:02');
UPDATE `bv_updation` SET `rank_id` = 1
WHERE `user_id` = 'IS1GZG';
UPDATE `user_registration` SET `rank_id` = 1
WHERE `user_id` = 'IS1GZG';
UPDATE `bv_updation` SET left_carry = 0, right_carry = 0
WHERE `user_id` = 'IS1GZG';
INSERT INTO `monthly_cleared_data` (`user_id`, `left_carry`, `right_carry`, `rank_id`, `date`) VALUES ('ZU7TDR', '0', '450', '1', '2024-09-28 20:09:02');
UPDATE `bv_updation` SET `rank_id` = 1
WHERE `user_id` = 'ZU7TDR';
UPDATE `user_registration` SET `rank_id` = 1
WHERE `user_id` = 'ZU7TDR';
UPDATE `bv_updation` SET left_carry = 0, right_carry = 0
WHERE `user_id` = 'ZU7TDR';
INSERT INTO `monthly_cleared_data` (`user_id`, `left_carry`, `right_carry`, `rank_id`, `date`) VALUES ('4PP9LH', '0', '1050', '1', '2024-09-28 20:09:02');
UPDATE `bv_updation` SET `rank_id` = 1
WHERE `user_id` = '4PP9LH';
UPDATE `user_registration` SET `rank_id` = 1
WHERE `user_id` = '4PP9LH';
UPDATE `bv_updation` SET left_carry = 0, right_carry = 0
WHERE `user_id` = '4PP9LH';
INSERT INTO `monthly_cleared_data` (`user_id`, `left_carry`, `right_carry`, `rank_id`, `date`) VALUES ('7PB7PF', '0', '400', '1', '2024-09-28 20:09:02');
UPDATE `bv_updation` SET `rank_id` = 1
WHERE `user_id` = '7PB7PF';
UPDATE `user_registration` SET `rank_id` = 1
WHERE `user_id` = '7PB7PF';
UPDATE `bv_updation` SET left_carry = 0, right_carry = 0
WHERE `user_id` = '7PB7PF';
INSERT INTO `monthly_cleared_data` (`user_id`, `left_carry`, `right_carry`, `rank_id`, `date`) VALUES ('R3OXGP', '0', '1000', '1', '2024-09-28 20:09:02');
UPDATE `bv_updation` SET `rank_id` = 1
WHERE `user_id` = 'R3OXGP';
UPDATE `user_registration` SET `rank_id` = 1
WHERE `user_id` = 'R3OXGP';
UPDATE `bv_updation` SET left_carry = 0, right_carry = 0
WHERE `user_id` = 'R3OXGP';
INSERT INTO `monthly_cleared_data` (`user_id`, `left_carry`, `right_carry`, `rank_id`, `date`) VALUES ('Z38NYP', '0', '350', '1', '2024-09-28 20:09:02');
UPDATE `bv_updation` SET `rank_id` = 1
WHERE `user_id` = 'Z38NYP';
UPDATE `user_registration` SET `rank_id` = 1
WHERE `user_id` = 'Z38NYP';
UPDATE `bv_updation` SET left_carry = 0, right_carry = 0
WHERE `user_id` = 'Z38NYP';
INSERT INTO `monthly_cleared_data` (`user_id`, `left_carry`, `right_carry`, `rank_id`, `date`) VALUES ('ZM6TF7', '0', '950', '1', '2024-09-28 20:09:02');
UPDATE `bv_updation` SET `rank_id` = 1
WHERE `user_id` = 'ZM6TF7';
UPDATE `user_registration` SET `rank_id` = 1
WHERE `user_id` = 'ZM6TF7';
UPDATE `bv_updation` SET left_carry = 0, right_carry = 0
WHERE `user_id` = 'ZM6TF7';
INSERT INTO `monthly_cleared_data` (`user_id`, `left_carry`, `right_carry`, `rank_id`, `date`) VALUES ('LE1TMM', '0', '900', '1', '2024-09-28 20:09:02');
UPDATE `bv_updation` SET `rank_id` = 1
WHERE `user_id` = 'LE1TMM';
UPDATE `user_registration` SET `rank_id` = 1
WHERE `user_id` = 'LE1TMM';
UPDATE `bv_updation` SET left_carry = 0, right_carry = 0
WHERE `user_id` = 'LE1TMM';
INSERT INTO `monthly_cleared_data` (`user_id`, `left_carry`, `right_carry`, `rank_id`, `date`) VALUES ('58LEQ3', '0', '300', '1', '2024-09-28 20:09:02');
UPDATE `bv_updation` SET `rank_id` = 1
WHERE `user_id` = '58LEQ3';
UPDATE `user_registration` SET `rank_id` = 1
WHERE `user_id` = '58LEQ3';
UPDATE `bv_updation` SET left_carry = 0, right_carry = 0
WHERE `user_id` = '58LEQ3';
INSERT INTO `monthly_cleared_data` (`user_id`, `left_carry`, `right_carry`, `rank_id`, `date`) VALUES ('R2LFZF', '0', '850', '1', '2024-09-28 20:09:02');
UPDATE `bv_updation` SET `rank_id` = 1
WHERE `user_id` = 'R2LFZF';
UPDATE `user_registration` SET `rank_id` = 1
WHERE `user_id` = 'R2LFZF';
UPDATE `bv_updation` SET left_carry = 0, right_carry = 0
WHERE `user_id` = 'R2LFZF';
INSERT INTO `monthly_cleared_data` (`user_id`, `left_carry`, `right_carry`, `rank_id`, `date`) VALUES ('P16HZ7', '0', '250', '1', '2024-09-28 20:09:02');
UPDATE `bv_updation` SET `rank_id` = 1
WHERE `user_id` = 'P16HZ7';
UPDATE `user_registration` SET `rank_id` = 1
WHERE `user_id` = 'P16HZ7';
UPDATE `bv_updation` SET left_carry = 0, right_carry = 0
WHERE `user_id` = 'P16HZ7';
INSERT INTO `monthly_cleared_data` (`user_id`, `left_carry`, `right_carry`, `rank_id`, `date`) VALUES ('G6RIGS', '0', '200', '1', '2024-09-28 20:09:02');
UPDATE `bv_updation` SET `rank_id` = 1
WHERE `user_id` = 'G6RIGS';
UPDATE `user_registration` SET `rank_id` = 1
WHERE `user_id` = 'G6RIGS';
UPDATE `bv_updation` SET left_carry = 0, right_carry = 0
WHERE `user_id` = 'G6RIGS';
INSERT INTO `monthly_cleared_data` (`user_id`, `left_carry`, `right_carry`, `rank_id`, `date`) VALUES ('2AVYRU', '0', '800', '1', '2024-09-28 20:09:02');
UPDATE `bv_updation` SET `rank_id` = 1
WHERE `user_id` = '2AVYRU';
UPDATE `user_registration` SET `rank_id` = 1
WHERE `user_id` = '2AVYRU';
UPDATE `bv_updation` SET left_carry = 0, right_carry = 0
WHERE `user_id` = '2AVYRU';
INSERT INTO `monthly_cleared_data` (`user_id`, `left_carry`, `right_carry`, `rank_id`, `date`) VALUES ('O63FBY', '0', '750', '1', '2024-09-28 20:09:02');
UPDATE `bv_updation` SET `rank_id` = 1
WHERE `user_id` = 'O63FBY';
UPDATE `user_registration` SET `rank_id` = 1
WHERE `user_id` = 'O63FBY';
UPDATE `bv_updation` SET left_carry = 0, right_carry = 0
WHERE `user_id` = 'O63FBY';
INSERT INTO `monthly_cleared_data` (`user_id`, `left_carry`, `right_carry`, `rank_id`, `date`) VALUES ('BM4AAZ', '0', '700', '1', '2024-09-28 20:09:02');
UPDATE `bv_updation` SET `rank_id` = 1
WHERE `user_id` = 'BM4AAZ';
UPDATE `user_registration` SET `rank_id` = 1
WHERE `user_id` = 'BM4AAZ';
UPDATE `bv_updation` SET left_carry = 0, right_carry = 0
WHERE `user_id` = 'BM4AAZ';
INSERT INTO `monthly_cleared_data` (`user_id`, `left_carry`, `right_carry`, `rank_id`, `date`) VALUES ('UQF63D', '0', '150', '1', '2024-09-28 20:09:02');
UPDATE `bv_updation` SET `rank_id` = 1
WHERE `user_id` = 'UQF63D';
UPDATE `user_registration` SET `rank_id` = 1
WHERE `user_id` = 'UQF63D';
UPDATE `bv_updation` SET left_carry = 0, right_carry = 0
WHERE `user_id` = 'UQF63D';
INSERT INTO `monthly_cleared_data` (`user_id`, `left_carry`, `right_carry`, `rank_id`, `date`) VALUES ('G8MWR6', '0', '100', '1', '2024-09-28 20:09:02');
UPDATE `bv_updation` SET `rank_id` = 1
WHERE `user_id` = 'G8MWR6';
UPDATE `user_registration` SET `rank_id` = 1
WHERE `user_id` = 'G8MWR6';
UPDATE `bv_updation` SET left_carry = 0, right_carry = 0
WHERE `user_id` = 'G8MWR6';
INSERT INTO `monthly_cleared_data` (`user_id`, `left_carry`, `right_carry`, `rank_id`, `date`) VALUES ('A3U9QE', '0', '400', '1', '2024-09-28 20:09:02');
UPDATE `bv_updation` SET `rank_id` = 1
WHERE `user_id` = 'A3U9QE';
UPDATE `user_registration` SET `rank_id` = 1
WHERE `user_id` = 'A3U9QE';
UPDATE `bv_updation` SET left_carry = 0, right_carry = 0
WHERE `user_id` = 'A3U9QE';
INSERT INTO `monthly_cleared_data` (`user_id`, `left_carry`, `right_carry`, `rank_id`, `date`) VALUES ('8L8S44', '0', '50', '1', '2024-09-28 20:09:02');
UPDATE `bv_updation` SET `rank_id` = 1
WHERE `user_id` = '8L8S44';
UPDATE `user_registration` SET `rank_id` = 1
WHERE `user_id` = '8L8S44';
UPDATE `bv_updation` SET left_carry = 0, right_carry = 0
WHERE `user_id` = '8L8S44';
INSERT INTO `monthly_cleared_data` (`user_id`, `left_carry`, `right_carry`, `rank_id`, `date`) VALUES ('MGO2GW', '0', '350', '1', '2024-09-28 20:09:02');
UPDATE `bv_updation` SET `rank_id` = 1
WHERE `user_id` = 'MGO2GW';
UPDATE `user_registration` SET `rank_id` = 1
WHERE `user_id` = 'MGO2GW';
UPDATE `bv_updation` SET left_carry = 0, right_carry = 0
WHERE `user_id` = 'MGO2GW';
INSERT INTO `monthly_cleared_data` (`user_id`, `left_carry`, `right_carry`, `rank_id`, `date`) VALUES ('4TCY2C', '0', '0', '1', '2024-09-28 20:09:02');
UPDATE `bv_updation` SET `rank_id` = 1
WHERE `user_id` = '4TCY2C';
UPDATE `user_registration` SET `rank_id` = 1
WHERE `user_id` = '4TCY2C';
UPDATE `bv_updation` SET left_carry = 0, right_carry = 0
WHERE `user_id` = '4TCY2C';
INSERT INTO `monthly_cleared_data` (`user_id`, `left_carry`, `right_carry`, `rank_id`, `date`) VALUES ('1XCQUI', '0', '300', '1', '2024-09-28 20:09:02');
UPDATE `bv_updation` SET `rank_id` = 1
WHERE `user_id` = '1XCQUI';
UPDATE `user_registration` SET `rank_id` = 1
WHERE `user_id` = '1XCQUI';
UPDATE `bv_updation` SET left_carry = 0, right_carry = 0
WHERE `user_id` = '1XCQUI';
INSERT INTO `monthly_cleared_data` (`user_id`, `left_carry`, `right_carry`, `rank_id`, `date`) VALUES ('F5GZUD', '0', '250', '1', '2024-09-28 20:09:02');
UPDATE `bv_updation` SET `rank_id` = 1
WHERE `user_id` = 'F5GZUD';
UPDATE `user_registration` SET `rank_id` = 1
WHERE `user_id` = 'F5GZUD';
UPDATE `bv_updation` SET left_carry = 0, right_carry = 0
WHERE `user_id` = 'F5GZUD';
INSERT INTO `monthly_cleared_data` (`user_id`, `left_carry`, `right_carry`, `rank_id`, `date`) VALUES ('XUE2YU', '0', '200', '1', '2024-09-28 20:09:02');
UPDATE `bv_updation` SET `rank_id` = 1
WHERE `user_id` = 'XUE2YU';
UPDATE `user_registration` SET `rank_id` = 1
WHERE `user_id` = 'XUE2YU';
UPDATE `bv_updation` SET left_carry = 0, right_carry = 0
WHERE `user_id` = 'XUE2YU';
INSERT INTO `monthly_cleared_data` (`user_id`, `left_carry`, `right_carry`, `rank_id`, `date`) VALUES ('GVYB3E', '50', '0', '1', '2024-09-28 20:09:02');
UPDATE `bv_updation` SET `rank_id` = 1
WHERE `user_id` = 'GVYB3E';
UPDATE `user_registration` SET `rank_id` = 1
WHERE `user_id` = 'GVYB3E';
UPDATE `bv_updation` SET left_carry = 0, right_carry = 0
WHERE `user_id` = 'GVYB3E';
INSERT INTO `monthly_cleared_data` (`user_id`, `left_carry`, `right_carry`, `rank_id`, `date`) VALUES ('CV3W4Z', '0', '150', '1', '2024-09-28 20:09:02');
UPDATE `bv_updation` SET `rank_id` = 1
WHERE `user_id` = 'CV3W4Z';
UPDATE `user_registration` SET `rank_id` = 1
WHERE `user_id` = 'CV3W4Z';
UPDATE `bv_updation` SET left_carry = 0, right_carry = 0
WHERE `user_id` = 'CV3W4Z';
INSERT INTO `monthly_cleared_data` (`user_id`, `left_carry`, `right_carry`, `rank_id`, `date`) VALUES ('SCHE8B', '0', '100', '1', '2024-09-28 20:09:02');
UPDATE `bv_updation` SET `rank_id` = 1
WHERE `user_id` = 'SCHE8B';
UPDATE `user_registration` SET `rank_id` = 1
WHERE `user_id` = 'SCHE8B';
UPDATE `bv_updation` SET left_carry = 0, right_carry = 0
WHERE `user_id` = 'SCHE8B';
INSERT INTO `monthly_cleared_data` (`user_id`, `left_carry`, `right_carry`, `rank_id`, `date`) VALUES ('H3YF7Q', '0', '50', '1', '2024-09-28 20:09:02');
UPDATE `bv_updation` SET `rank_id` = 1
WHERE `user_id` = 'H3YF7Q';
UPDATE `user_registration` SET `rank_id` = 1
WHERE `user_id` = 'H3YF7Q';
UPDATE `bv_updation` SET left_carry = 0, right_carry = 0
WHERE `user_id` = 'H3YF7Q';
INSERT INTO `monthly_cleared_data` (`user_id`, `left_carry`, `right_carry`, `rank_id`, `date`) VALUES ('C1TW4L', '0', '0', '1', '2024-09-28 20:09:02');
UPDATE `bv_updation` SET `rank_id` = 1
WHERE `user_id` = 'C1TW4L';
UPDATE `user_registration` SET `rank_id` = 1
WHERE `user_id` = 'C1TW4L';
UPDATE `bv_updation` SET left_carry = 0, right_carry = 0
WHERE `user_id` = 'C1TW4L';
INSERT INTO `monthly_cleared_data` (`user_id`, `left_carry`, `right_carry`, `rank_id`, `date`) VALUES ('IIG2SJ', '0', '250', '1', '2024-09-28 20:09:02');
UPDATE `bv_updation` SET `rank_id` = 1
WHERE `user_id` = 'IIG2SJ';
UPDATE `user_registration` SET `rank_id` = 1
WHERE `user_id` = 'IIG2SJ';
UPDATE `bv_updation` SET left_carry = 0, right_carry = 0
WHERE `user_id` = 'IIG2SJ';
INSERT INTO `monthly_cleared_data` (`user_id`, `left_carry`, `right_carry`, `rank_id`, `date`) VALUES ('RM4VZX', '0', '200', '1', '2024-09-28 20:09:02');
UPDATE `bv_updation` SET `rank_id` = 1
WHERE `user_id` = 'RM4VZX';
UPDATE `user_registration` SET `rank_id` = 1
WHERE `user_id` = 'RM4VZX';
UPDATE `bv_updation` SET left_carry = 0, right_carry = 0
WHERE `user_id` = 'RM4VZX';
INSERT INTO `monthly_cleared_data` (`user_id`, `left_carry`, `right_carry`, `rank_id`, `date`) VALUES ('P4SO6C', '0', '150', '1', '2024-09-28 20:09:02');
UPDATE `bv_updation` SET `rank_id` = 1
WHERE `user_id` = 'P4SO6C';
UPDATE `user_registration` SET `rank_id` = 1
WHERE `user_id` = 'P4SO6C';
UPDATE `bv_updation` SET left_carry = 0, right_carry = 0
WHERE `user_id` = 'P4SO6C';
INSERT INTO `monthly_cleared_data` (`user_id`, `left_carry`, `right_carry`, `rank_id`, `date`) VALUES ('U31P5J', '0', '50', '1', '2024-09-28 20:09:02');
UPDATE `bv_updation` SET `rank_id` = 1
WHERE `user_id` = 'U31P5J';
UPDATE `user_registration` SET `rank_id` = 1
WHERE `user_id` = 'U31P5J';
UPDATE `bv_updation` SET left_carry = 0, right_carry = 0
WHERE `user_id` = 'U31P5J';
INSERT INTO `monthly_cleared_data` (`user_id`, `left_carry`, `right_carry`, `rank_id`, `date`) VALUES ('O7Q59B', '0', '100', '1', '2024-09-28 20:09:02');
UPDATE `bv_updation` SET `rank_id` = 1
WHERE `user_id` = 'O7Q59B';
UPDATE `user_registration` SET `rank_id` = 1
WHERE `user_id` = 'O7Q59B';
UPDATE `bv_updation` SET left_carry = 0, right_carry = 0
WHERE `user_id` = 'O7Q59B';
INSERT INTO `monthly_cleared_data` (`user_id`, `left_carry`, `right_carry`, `rank_id`, `date`) VALUES ('O42S2Q', '0', '50', '1', '2024-09-28 20:09:02');
UPDATE `bv_updation` SET `rank_id` = 1
WHERE `user_id` = 'O42S2Q';
UPDATE `user_registration` SET `rank_id` = 1
WHERE `user_id` = 'O42S2Q';
UPDATE `bv_updation` SET left_carry = 0, right_carry = 0
WHERE `user_id` = 'O42S2Q';
INSERT INTO `monthly_cleared_data` (`user_id`, `left_carry`, `right_carry`, `rank_id`, `date`) VALUES ('KFGKBQ', '0', '0', '1', '2024-09-28 20:09:02');
UPDATE `bv_updation` SET `rank_id` = 1
WHERE `user_id` = 'KFGKBQ';
UPDATE `user_registration` SET `rank_id` = 1
WHERE `user_id` = 'KFGKBQ';
UPDATE `bv_updation` SET left_carry = 0, right_carry = 0
WHERE `user_id` = 'KFGKBQ';
INSERT INTO `monthly_cleared_data` (`user_id`, `left_carry`, `right_carry`, `rank_id`, `date`) VALUES ('CVN4IS', '0', '0', '1', '2024-09-28 20:09:02');
UPDATE `bv_updation` SET `rank_id` = 1
WHERE `user_id` = 'CVN4IS';
UPDATE `user_registration` SET `rank_id` = 1
WHERE `user_id` = 'CVN4IS';
UPDATE `bv_updation` SET left_carry = 0, right_carry = 0
WHERE `user_id` = 'CVN4IS';
INSERT INTO `monthly_cleared_data` (`user_id`, `left_carry`, `right_carry`, `rank_id`, `date`) VALUES ('S6TKPQ', '0', '350', '1', '2024-09-28 20:09:02');
UPDATE `bv_updation` SET `rank_id` = 1
WHERE `user_id` = 'S6TKPQ';
UPDATE `user_registration` SET `rank_id` = 1
WHERE `user_id` = 'S6TKPQ';
UPDATE `bv_updation` SET left_carry = 0, right_carry = 0
WHERE `user_id` = 'S6TKPQ';
INSERT INTO `monthly_cleared_data` (`user_id`, `left_carry`, `right_carry`, `rank_id`, `date`) VALUES ('YFEJZU', '0', '650', '1', '2024-09-28 20:09:02');
UPDATE `bv_updation` SET `rank_id` = 1
WHERE `user_id` = 'YFEJZU';
UPDATE `user_registration` SET `rank_id` = 1
WHERE `user_id` = 'YFEJZU';
UPDATE `bv_updation` SET left_carry = 0, right_carry = 0
WHERE `user_id` = 'YFEJZU';
INSERT INTO `monthly_cleared_data` (`user_id`, `left_carry`, `right_carry`, `rank_id`, `date`) VALUES ('93ZHWZ', '0', '300', '1', '2024-09-28 20:09:02');
UPDATE `bv_updation` SET `rank_id` = 1
WHERE `user_id` = '93ZHWZ';
UPDATE `user_registration` SET `rank_id` = 1
WHERE `user_id` = '93ZHWZ';
UPDATE `bv_updation` SET left_carry = 0, right_carry = 0
WHERE `user_id` = '93ZHWZ';
INSERT INTO `monthly_cleared_data` (`user_id`, `left_carry`, `right_carry`, `rank_id`, `date`) VALUES ('W83HLL', '0', '600', '1', '2024-09-28 20:09:02');
UPDATE `bv_updation` SET `rank_id` = 1
WHERE `user_id` = 'W83HLL';
UPDATE `user_registration` SET `rank_id` = 1
WHERE `user_id` = 'W83HLL';
UPDATE `bv_updation` SET left_carry = 0, right_carry = 0
WHERE `user_id` = 'W83HLL';
INSERT INTO `monthly_cleared_data` (`user_id`, `left_carry`, `right_carry`, `rank_id`, `date`) VALUES ('6M9VBB', '0', '550', '1', '2024-09-28 20:09:02');
UPDATE `bv_updation` SET `rank_id` = 1
WHERE `user_id` = '6M9VBB';
UPDATE `user_registration` SET `rank_id` = 1
WHERE `user_id` = '6M9VBB';
UPDATE `bv_updation` SET left_carry = 0, right_carry = 0
WHERE `user_id` = '6M9VBB';
INSERT INTO `monthly_cleared_data` (`user_id`, `left_carry`, `right_carry`, `rank_id`, `date`) VALUES ('EH9RR3', '0', '250', '1', '2024-09-28 20:09:02');
UPDATE `bv_updation` SET `rank_id` = 1
WHERE `user_id` = 'EH9RR3';
UPDATE `user_registration` SET `rank_id` = 1
WHERE `user_id` = 'EH9RR3';
UPDATE `bv_updation` SET left_carry = 0, right_carry = 0
WHERE `user_id` = 'EH9RR3';
INSERT INTO `monthly_cleared_data` (`user_id`, `left_carry`, `right_carry`, `rank_id`, `date`) VALUES ('VPNWH7', '0', '500', '1', '2024-09-28 20:09:02');
UPDATE `bv_updation` SET `rank_id` = 1
WHERE `user_id` = 'VPNWH7';
UPDATE `user_registration` SET `rank_id` = 1
WHERE `user_id` = 'VPNWH7';
UPDATE `bv_updation` SET left_carry = 0, right_carry = 0
WHERE `user_id` = 'VPNWH7';
INSERT INTO `monthly_cleared_data` (`user_id`, `left_carry`, `right_carry`, `rank_id`, `date`) VALUES ('G1SF2S', '0', '200', '1', '2024-09-28 20:09:02');
UPDATE `bv_updation` SET `rank_id` = 1
WHERE `user_id` = 'G1SF2S';
UPDATE `user_registration` SET `rank_id` = 1
WHERE `user_id` = 'G1SF2S';
UPDATE `bv_updation` SET left_carry = 0, right_carry = 0
WHERE `user_id` = 'G1SF2S';
INSERT INTO `monthly_cleared_data` (`user_id`, `left_carry`, `right_carry`, `rank_id`, `date`) VALUES ('2BBBFS', '0', '450', '1', '2024-09-28 20:09:02');
UPDATE `bv_updation` SET `rank_id` = 1
WHERE `user_id` = '2BBBFS';
UPDATE `user_registration` SET `rank_id` = 1
WHERE `user_id` = '2BBBFS';
UPDATE `bv_updation` SET left_carry = 0, right_carry = 0
WHERE `user_id` = '2BBBFS';
INSERT INTO `monthly_cleared_data` (`user_id`, `left_carry`, `right_carry`, `rank_id`, `date`) VALUES ('J9GFLA', '0', '150', '1', '2024-09-28 20:09:02');
UPDATE `bv_updation` SET `rank_id` = 1
WHERE `user_id` = 'J9GFLA';
UPDATE `user_registration` SET `rank_id` = 1
WHERE `user_id` = 'J9GFLA';
UPDATE `bv_updation` SET left_carry = 0, right_carry = 0
WHERE `user_id` = 'J9GFLA';
INSERT INTO `monthly_cleared_data` (`user_id`, `left_carry`, `right_carry`, `rank_id`, `date`) VALUES ('DVPXAJ', '0', '400', '1', '2024-09-28 20:09:02');
UPDATE `bv_updation` SET `rank_id` = 1
WHERE `user_id` = 'DVPXAJ';
UPDATE `user_registration` SET `rank_id` = 1
WHERE `user_id` = 'DVPXAJ';
UPDATE `bv_updation` SET left_carry = 0, right_carry = 0
WHERE `user_id` = 'DVPXAJ';
INSERT INTO `monthly_cleared_data` (`user_id`, `left_carry`, `right_carry`, `rank_id`, `date`) VALUES ('HG8YWM', '0', '350', '1', '2024-09-28 20:09:02');
UPDATE `bv_updation` SET `rank_id` = 1
WHERE `user_id` = 'HG8YWM';
UPDATE `user_registration` SET `rank_id` = 1
WHERE `user_id` = 'HG8YWM';
UPDATE `bv_updation` SET left_carry = 0, right_carry = 0
WHERE `user_id` = 'HG8YWM';
INSERT INTO `monthly_cleared_data` (`user_id`, `left_carry`, `right_carry`, `rank_id`, `date`) VALUES ('49POKZ', '0', '100', '1', '2024-09-28 20:09:02');
UPDATE `bv_updation` SET `rank_id` = 1
WHERE `user_id` = '49POKZ';
UPDATE `user_registration` SET `rank_id` = 1
WHERE `user_id` = '49POKZ';
UPDATE `bv_updation` SET left_carry = 0, right_carry = 0
WHERE `user_id` = '49POKZ';
INSERT INTO `monthly_cleared_data` (`user_id`, `left_carry`, `right_carry`, `rank_id`, `date`) VALUES ('RIQRPE', '0', '300', '1', '2024-09-28 20:09:02');
UPDATE `bv_updation` SET `rank_id` = 1
WHERE `user_id` = 'RIQRPE';
UPDATE `user_registration` SET `rank_id` = 1
WHERE `user_id` = 'RIQRPE';
UPDATE `bv_updation` SET left_carry = 0, right_carry = 0
WHERE `user_id` = 'RIQRPE';
INSERT INTO `monthly_cleared_data` (`user_id`, `left_carry`, `right_carry`, `rank_id`, `date`) VALUES ('SI1MG4', '0', '50', '1', '2024-09-28 20:09:02');
UPDATE `bv_updation` SET `rank_id` = 1
WHERE `user_id` = 'SI1MG4';
UPDATE `user_registration` SET `rank_id` = 1
WHERE `user_id` = 'SI1MG4';
UPDATE `bv_updation` SET left_carry = 0, right_carry = 0
WHERE `user_id` = 'SI1MG4';
INSERT INTO `monthly_cleared_data` (`user_id`, `left_carry`, `right_carry`, `rank_id`, `date`) VALUES ('OV6R3Z', '0', '250', '1', '2024-09-28 20:09:02');
UPDATE `bv_updation` SET `rank_id` = 1
WHERE `user_id` = 'OV6R3Z';
UPDATE `user_registration` SET `rank_id` = 1
WHERE `user_id` = 'OV6R3Z';
UPDATE `bv_updation` SET left_carry = 0, right_carry = 0
WHERE `user_id` = 'OV6R3Z';
INSERT INTO `monthly_cleared_data` (`user_id`, `left_carry`, `right_carry`, `rank_id`, `date`) VALUES ('IQBVE4', '0', '0', '1', '2024-09-28 20:09:02');
UPDATE `bv_updation` SET `rank_id` = 1
WHERE `user_id` = 'IQBVE4';
UPDATE `user_registration` SET `rank_id` = 1
WHERE `user_id` = 'IQBVE4';
UPDATE `bv_updation` SET left_carry = 0, right_carry = 0
WHERE `user_id` = 'IQBVE4';
INSERT INTO `monthly_cleared_data` (`user_id`, `left_carry`, `right_carry`, `rank_id`, `date`) VALUES ('JWDI1C', '0', '200', '1', '2024-09-28 20:09:02');
UPDATE `bv_updation` SET `rank_id` = 1
WHERE `user_id` = 'JWDI1C';
UPDATE `user_registration` SET `rank_id` = 1
WHERE `user_id` = 'JWDI1C';
UPDATE `bv_updation` SET left_carry = 0, right_carry = 0
WHERE `user_id` = 'JWDI1C';
INSERT INTO `monthly_cleared_data` (`user_id`, `left_carry`, `right_carry`, `rank_id`, `date`) VALUES ('DIJSJS', '0', '150', '1', '2024-09-28 20:09:02');
UPDATE `bv_updation` SET `rank_id` = 1
WHERE `user_id` = 'DIJSJS';
UPDATE `user_registration` SET `rank_id` = 1
WHERE `user_id` = 'DIJSJS';
UPDATE `bv_updation` SET left_carry = 0, right_carry = 0
WHERE `user_id` = 'DIJSJS';
INSERT INTO `monthly_cleared_data` (`user_id`, `left_carry`, `right_carry`, `rank_id`, `date`) VALUES ('NL2HGM', '0', '100', '1', '2024-09-28 20:09:02');
UPDATE `bv_updation` SET `rank_id` = 1
WHERE `user_id` = 'NL2HGM';
UPDATE `user_registration` SET `rank_id` = 1
WHERE `user_id` = 'NL2HGM';
UPDATE `bv_updation` SET left_carry = 0, right_carry = 0
WHERE `user_id` = 'NL2HGM';
INSERT INTO `monthly_cleared_data` (`user_id`, `left_carry`, `right_carry`, `rank_id`, `date`) VALUES ('ONU5LC', '0', '50', '1', '2024-09-28 20:09:02');
UPDATE `bv_updation` SET `rank_id` = 1
WHERE `user_id` = 'ONU5LC';
UPDATE `user_registration` SET `rank_id` = 1
WHERE `user_id` = 'ONU5LC';
UPDATE `bv_updation` SET left_carry = 0, right_carry = 0
WHERE `user_id` = 'ONU5LC';
INSERT INTO `monthly_cleared_data` (`user_id`, `left_carry`, `right_carry`, `rank_id`, `date`) VALUES ('HU9L94', '0', '0', '1', '2024-09-28 20:09:02');
UPDATE `bv_updation` SET `rank_id` = 1
WHERE `user_id` = 'HU9L94';
UPDATE `user_registration` SET `rank_id` = 1
WHERE `user_id` = 'HU9L94';
UPDATE `bv_updation` SET left_carry = 0, right_carry = 0
WHERE `user_id` = 'HU9L94';
INSERT INTO `monthly_cleared_data` (`user_id`, `left_carry`, `right_carry`, `rank_id`, `date`) VALUES ('KTWWBE', '0', '0', '1', '2024-09-28 20:09:02');
UPDATE `bv_updation` SET `rank_id` = 1
WHERE `user_id` = 'KTWWBE';
UPDATE `user_registration` SET `rank_id` = 1
WHERE `user_id` = 'KTWWBE';
UPDATE `bv_updation` SET left_carry = 0, right_carry = 0
WHERE `user_id` = 'KTWWBE';
INSERT INTO `monthly_cleared_data` (`user_id`, `left_carry`, `right_carry`, `rank_id`, `date`) VALUES ('M14VIY', '550', '0', '1', '2024-09-28 20:09:02');
UPDATE `bv_updation` SET `rank_id` = 1
WHERE `user_id` = 'M14VIY';
UPDATE `user_registration` SET `rank_id` = 1
WHERE `user_id` = 'M14VIY';
UPDATE `bv_updation` SET left_carry = 0, right_carry = 0
WHERE `user_id` = 'M14VIY';
INSERT INTO `monthly_cleared_data` (`user_id`, `left_carry`, `right_carry`, `rank_id`, `date`) VALUES ('LLTTRM', '500', '0', '1', '2024-09-28 20:09:02');
UPDATE `bv_updation` SET `rank_id` = 1
WHERE `user_id` = 'LLTTRM';
UPDATE `user_registration` SET `rank_id` = 1
WHERE `user_id` = 'LLTTRM';
UPDATE `bv_updation` SET left_carry = 0, right_carry = 0
WHERE `user_id` = 'LLTTRM';
INSERT INTO `monthly_cleared_data` (`user_id`, `left_carry`, `right_carry`, `rank_id`, `date`) VALUES ('SFNL3Y', '600', '0', '1', '2024-09-28 20:09:02');
UPDATE `bv_updation` SET `rank_id` = 1
WHERE `user_id` = 'SFNL3Y';
UPDATE `user_registration` SET `rank_id` = 1
WHERE `user_id` = 'SFNL3Y';
UPDATE `bv_updation` SET left_carry = 0, right_carry = 0
WHERE `user_id` = 'SFNL3Y';
INSERT INTO `monthly_cleared_data` (`user_id`, `left_carry`, `right_carry`, `rank_id`, `date`) VALUES ('LPXDJ2', '450', '0', '1', '2024-09-28 20:09:02');
UPDATE `bv_updation` SET `rank_id` = 1
WHERE `user_id` = 'LPXDJ2';
UPDATE `user_registration` SET `rank_id` = 1
WHERE `user_id` = 'LPXDJ2';
UPDATE `bv_updation` SET left_carry = 0, right_carry = 0
WHERE `user_id` = 'LPXDJ2';
INSERT INTO `monthly_cleared_data` (`user_id`, `left_carry`, `right_carry`, `rank_id`, `date`) VALUES ('NPA2SP', '550', '0', '1', '2024-09-28 20:09:02');
UPDATE `bv_updation` SET `rank_id` = 1
WHERE `user_id` = 'NPA2SP';
UPDATE `user_registration` SET `rank_id` = 1
WHERE `user_id` = 'NPA2SP';
UPDATE `bv_updation` SET left_carry = 0, right_carry = 0
WHERE `user_id` = 'NPA2SP';
INSERT INTO `monthly_cleared_data` (`user_id`, `left_carry`, `right_carry`, `rank_id`, `date`) VALUES ('TJUKJO', '500', '0', '1', '2024-09-28 20:09:02');
UPDATE `bv_updation` SET `rank_id` = 1
WHERE `user_id` = 'TJUKJO';
UPDATE `user_registration` SET `rank_id` = 1
WHERE `user_id` = 'TJUKJO';
UPDATE `bv_updation` SET left_carry = 0, right_carry = 0
WHERE `user_id` = 'TJUKJO';
INSERT INTO `monthly_cleared_data` (`user_id`, `left_carry`, `right_carry`, `rank_id`, `date`) VALUES ('R9EFP4', '400', '0', '1', '2024-09-28 20:09:02');
UPDATE `bv_updation` SET `rank_id` = 1
WHERE `user_id` = 'R9EFP4';
UPDATE `user_registration` SET `rank_id` = 1
WHERE `user_id` = 'R9EFP4';
UPDATE `bv_updation` SET left_carry = 0, right_carry = 0
WHERE `user_id` = 'R9EFP4';
INSERT INTO `monthly_cleared_data` (`user_id`, `left_carry`, `right_carry`, `rank_id`, `date`) VALUES ('Q8FLBX', '450', '0', '1', '2024-09-28 20:09:02');
UPDATE `bv_updation` SET `rank_id` = 1
WHERE `user_id` = 'Q8FLBX';
UPDATE `user_registration` SET `rank_id` = 1
WHERE `user_id` = 'Q8FLBX';
UPDATE `bv_updation` SET left_carry = 0, right_carry = 0
WHERE `user_id` = 'Q8FLBX';
INSERT INTO `monthly_cleared_data` (`user_id`, `left_carry`, `right_carry`, `rank_id`, `date`) VALUES ('DATHUF', '350', '0', '1', '2024-09-28 20:09:02');
UPDATE `bv_updation` SET `rank_id` = 1
WHERE `user_id` = 'DATHUF';
UPDATE `user_registration` SET `rank_id` = 1
WHERE `user_id` = 'DATHUF';
UPDATE `bv_updation` SET left_carry = 0, right_carry = 0
WHERE `user_id` = 'DATHUF';
INSERT INTO `monthly_cleared_data` (`user_id`, `left_carry`, `right_carry`, `rank_id`, `date`) VALUES ('9GFPFP', '400', '0', '1', '2024-09-28 20:09:02');
UPDATE `bv_updation` SET `rank_id` = 1
WHERE `user_id` = '9GFPFP';
UPDATE `user_registration` SET `rank_id` = 1
WHERE `user_id` = '9GFPFP';
UPDATE `bv_updation` SET left_carry = 0, right_carry = 0
WHERE `user_id` = '9GFPFP';
INSERT INTO `monthly_cleared_data` (`user_id`, `left_carry`, `right_carry`, `rank_id`, `date`) VALUES ('83EHIK', '300', '0', '1', '2024-09-28 20:09:02');
UPDATE `bv_updation` SET `rank_id` = 1
WHERE `user_id` = '83EHIK';
UPDATE `user_registration` SET `rank_id` = 1
WHERE `user_id` = '83EHIK';
UPDATE `bv_updation` SET left_carry = 0, right_carry = 0
WHERE `user_id` = '83EHIK';
INSERT INTO `monthly_cleared_data` (`user_id`, `left_carry`, `right_carry`, `rank_id`, `date`) VALUES ('6C81E1', '250', '0', '1', '2024-09-28 20:09:02');
UPDATE `bv_updation` SET `rank_id` = 1
WHERE `user_id` = '6C81E1';
UPDATE `user_registration` SET `rank_id` = 1
WHERE `user_id` = '6C81E1';
UPDATE `bv_updation` SET left_carry = 0, right_carry = 0
WHERE `user_id` = '6C81E1';
INSERT INTO `monthly_cleared_data` (`user_id`, `left_carry`, `right_carry`, `rank_id`, `date`) VALUES ('XKKVLI', '200', '0', '1', '2024-09-28 20:09:02');
UPDATE `bv_updation` SET `rank_id` = 1
WHERE `user_id` = 'XKKVLI';
UPDATE `user_registration` SET `rank_id` = 1
WHERE `user_id` = 'XKKVLI';
UPDATE `bv_updation` SET left_carry = 0, right_carry = 0
WHERE `user_id` = 'XKKVLI';
INSERT INTO `monthly_cleared_data` (`user_id`, `left_carry`, `right_carry`, `rank_id`, `date`) VALUES ('69UN7M', '150', '0', '1', '2024-09-28 20:09:02');
UPDATE `bv_updation` SET `rank_id` = 1
WHERE `user_id` = '69UN7M';
UPDATE `user_registration` SET `rank_id` = 1
WHERE `user_id` = '69UN7M';
UPDATE `bv_updation` SET left_carry = 0, right_carry = 0
WHERE `user_id` = '69UN7M';
INSERT INTO `monthly_cleared_data` (`user_id`, `left_carry`, `right_carry`, `rank_id`, `date`) VALUES ('J7UYZW', '350', '0', '1', '2024-09-28 20:09:02');
UPDATE `bv_updation` SET `rank_id` = 1
WHERE `user_id` = 'J7UYZW';
UPDATE `user_registration` SET `rank_id` = 1
WHERE `user_id` = 'J7UYZW';
UPDATE `bv_updation` SET left_carry = 0, right_carry = 0
WHERE `user_id` = 'J7UYZW';
INSERT INTO `monthly_cleared_data` (`user_id`, `left_carry`, `right_carry`, `rank_id`, `date`) VALUES ('JVHMQC', '100', '0', '1', '2024-09-28 20:09:02');
UPDATE `bv_updation` SET `rank_id` = 1
WHERE `user_id` = 'JVHMQC';
UPDATE `user_registration` SET `rank_id` = 1
WHERE `user_id` = 'JVHMQC';
UPDATE `bv_updation` SET left_carry = 0, right_carry = 0
WHERE `user_id` = 'JVHMQC';
INSERT INTO `monthly_cleared_data` (`user_id`, `left_carry`, `right_carry`, `rank_id`, `date`) VALUES ('AXBPCP', '300', '0', '1', '2024-09-28 20:09:02');
UPDATE `bv_updation` SET `rank_id` = 1
WHERE `user_id` = 'AXBPCP';
UPDATE `user_registration` SET `rank_id` = 1
WHERE `user_id` = 'AXBPCP';
UPDATE `bv_updation` SET left_carry = 0, right_carry = 0
WHERE `user_id` = 'AXBPCP';
INSERT INTO `monthly_cleared_data` (`user_id`, `left_carry`, `right_carry`, `rank_id`, `date`) VALUES ('QRFVLY', '50', '0', '1', '2024-09-28 20:09:02');
UPDATE `bv_updation` SET `rank_id` = 1
WHERE `user_id` = 'QRFVLY';
UPDATE `user_registration` SET `rank_id` = 1
WHERE `user_id` = 'QRFVLY';
UPDATE `bv_updation` SET left_carry = 0, right_carry = 0
WHERE `user_id` = 'QRFVLY';
INSERT INTO `monthly_cleared_data` (`user_id`, `left_carry`, `right_carry`, `rank_id`, `date`) VALUES ('858A1M', '250', '0', '1', '2024-09-28 20:09:02');
UPDATE `bv_updation` SET `rank_id` = 1
WHERE `user_id` = '858A1M';
UPDATE `user_registration` SET `rank_id` = 1
WHERE `user_id` = '858A1M';
UPDATE `bv_updation` SET left_carry = 0, right_carry = 0
WHERE `user_id` = '858A1M';
INSERT INTO `monthly_cleared_data` (`user_id`, `left_carry`, `right_carry`, `rank_id`, `date`) VALUES ('6SF5FJ', '0', '0', '1', '2024-09-28 20:09:02');
UPDATE `bv_updation` SET `rank_id` = 1
WHERE `user_id` = '6SF5FJ';
UPDATE `user_registration` SET `rank_id` = 1
WHERE `user_id` = '6SF5FJ';
UPDATE `bv_updation` SET left_carry = 0, right_carry = 0
WHERE `user_id` = '6SF5FJ';
INSERT INTO `monthly_cleared_data` (`user_id`, `left_carry`, `right_carry`, `rank_id`, `date`) VALUES ('IBIQZW', '200', '0', '1', '2024-09-28 20:09:02');
UPDATE `bv_updation` SET `rank_id` = 1
WHERE `user_id` = 'IBIQZW';
UPDATE `user_registration` SET `rank_id` = 1
WHERE `user_id` = 'IBIQZW';
UPDATE `bv_updation` SET left_carry = 0, right_carry = 0
WHERE `user_id` = 'IBIQZW';
INSERT INTO `monthly_cleared_data` (`user_id`, `left_carry`, `right_carry`, `rank_id`, `date`) VALUES ('FNHNYM', '150', '0', '1', '2024-09-28 20:09:02');
UPDATE `bv_updation` SET `rank_id` = 1
WHERE `user_id` = 'FNHNYM';
UPDATE `user_registration` SET `rank_id` = 1
WHERE `user_id` = 'FNHNYM';
UPDATE `bv_updation` SET left_carry = 0, right_carry = 0
WHERE `user_id` = 'FNHNYM';
INSERT INTO `monthly_cleared_data` (`user_id`, `left_carry`, `right_carry`, `rank_id`, `date`) VALUES ('UX7LO7', '100', '0', '1', '2024-09-28 20:09:02');
UPDATE `bv_updation` SET `rank_id` = 1
WHERE `user_id` = 'UX7LO7';
UPDATE `user_registration` SET `rank_id` = 1
WHERE `user_id` = 'UX7LO7';
UPDATE `bv_updation` SET left_carry = 0, right_carry = 0
WHERE `user_id` = 'UX7LO7';
INSERT INTO `monthly_cleared_data` (`user_id`, `left_carry`, `right_carry`, `rank_id`, `date`) VALUES ('62CL2X', '50', '0', '1', '2024-09-28 20:09:02');
UPDATE `bv_updation` SET `rank_id` = 1
WHERE `user_id` = '62CL2X';
UPDATE `user_registration` SET `rank_id` = 1
WHERE `user_id` = '62CL2X';
UPDATE `bv_updation` SET left_carry = 0, right_carry = 0
WHERE `user_id` = '62CL2X';
INSERT INTO `monthly_cleared_data` (`user_id`, `left_carry`, `right_carry`, `rank_id`, `date`) VALUES ('W5LI69', '0', '0', '1', '2024-09-28 20:09:02');
UPDATE `bv_updation` SET `rank_id` = 1
WHERE `user_id` = 'W5LI69';
UPDATE `user_registration` SET `rank_id` = 1
WHERE `user_id` = 'W5LI69';
UPDATE `bv_updation` SET left_carry = 0, right_carry = 0
WHERE `user_id` = 'W5LI69';
INSERT INTO `monthly_cleared_data` (`user_id`, `left_carry`, `right_carry`, `rank_id`, `date`) VALUES ('NP2ZAW', '0', '150', '1', '2024-09-28 20:09:02');
UPDATE `bv_updation` SET `rank_id` = 1
WHERE `user_id` = 'NP2ZAW';
UPDATE `user_registration` SET `rank_id` = 1
WHERE `user_id` = 'NP2ZAW';
UPDATE `bv_updation` SET left_carry = 0, right_carry = 0
WHERE `user_id` = 'NP2ZAW';
INSERT INTO `monthly_cleared_data` (`user_id`, `left_carry`, `right_carry`, `rank_id`, `date`) VALUES ('GE9LLR', '0', '100', '1', '2024-09-28 20:09:02');
UPDATE `bv_updation` SET `rank_id` = 1
WHERE `user_id` = 'GE9LLR';
UPDATE `user_registration` SET `rank_id` = 1
WHERE `user_id` = 'GE9LLR';
UPDATE `bv_updation` SET left_carry = 0, right_carry = 0
WHERE `user_id` = 'GE9LLR';
INSERT INTO `monthly_cleared_data` (`user_id`, `left_carry`, `right_carry`, `rank_id`, `date`) VALUES ('JSHFVM', '0', '50', '1', '2024-09-28 20:09:02');
UPDATE `bv_updation` SET `rank_id` = 1
WHERE `user_id` = 'JSHFVM';
UPDATE `user_registration` SET `rank_id` = 1
WHERE `user_id` = 'JSHFVM';
UPDATE `bv_updation` SET left_carry = 0, right_carry = 0
WHERE `user_id` = 'JSHFVM';
INSERT INTO `monthly_cleared_data` (`user_id`, `left_carry`, `right_carry`, `rank_id`, `date`) VALUES ('6VU8E2', '0', '0', '1', '2024-09-28 20:09:02');
UPDATE `bv_updation` SET `rank_id` = 1
WHERE `user_id` = '6VU8E2';
UPDATE `user_registration` SET `rank_id` = 1
WHERE `user_id` = '6VU8E2';
UPDATE `bv_updation` SET left_carry = 0, right_carry = 0
WHERE `user_id` = '6VU8E2';
UPDATE `cron_job_history` SET `status` = 'done', `date_end` = '2024-09-28 20:09:02'
WHERE `id` = 3;
UPDATE `ci_sessions` SET `timestamp` = 1727572738, `data` = '__ci_last_regenerate|i:1727572738;id|s:4:\"2452\";user_id|s:6:\"1FFFBU\";username|s:7:\"Emilio8\";sponsor_id|s:6:\"S56TH3\";fullname|s:14:\"Emilio Tapanes\";email|s:17:\"Emilio8@gmail.com\";phone|s:10:\"7862876762\";isLogIn|b:1;'
WHERE `id` = '1d917aee2171cf946f7d1811b3413f2d4909f152';
UPDATE `user_registration` SET `popup_seen` = 'yes'
WHERE `user_id` = '1FFFBU';
UPDATE `user_registration` SET `popup_seen` = 'yes'
WHERE `user_id` = '1FFFBU';
UPDATE `user_registration` SET `popup_seen` = 'no'
WHERE `user_id` = '1FFFBU';
DELETE FROM `ci_sessions`
WHERE `id` = 'fa50ea5446ae79c338cdcc5953f074f069b7b524';
INSERT INTO `login_history` (`user_id`, `device`, `ip_address`, `date`) VALUES ('NUPA4K', 'Mozilla/5.0 (Windows NT 10.0; Win64; x64) AppleWebKit/537.36 (KHTML, like Gecko) Chrome/128.0.0.0 Safari/537.36', '172.69.132.225', '24-09-28 20:22');
UPDATE `user_registration` SET `popup_seen` = 'yes'
WHERE `user_id` = 'NUPA4K';
UPDATE `user_registration` SET `popup_seen` = 'no'
WHERE `user_id` = 'NUPA4K';
DELETE FROM `ci_sessions`
WHERE `id` = 'f8332758ad81d9a5ea2f25c9707a9fabc013d743';
INSERT INTO `login_history` (`user_id`, `device`, `ip_address`, `date`) VALUES ('MNLXPP', 'Mozilla/5.0 (Windows NT 10.0; Win64; x64) AppleWebKit/537.36 (KHTML, like Gecko) Chrome/128.0.0.0 Safari/537.36', '172.70.82.254', '24-09-28 20:24');
UPDATE `user_registration` SET `popup_seen` = 'yes'
WHERE `user_id` = 'MNLXPP';
UPDATE `ci_sessions` SET `timestamp` = 1727573639, `data` = '__ci_last_regenerate|i:1727573639;id|s:4:\"2508\";user_id|s:6:\"MNLXPP\";username|s:8:\"rosmery7\";sponsor_id|s:6:\"1FFFBU\";fullname|s:13:\"Rosmery Gomez\";email|s:18:\"rosmery7@gmail.com\";phone|s:10:\"7862876762\";isLogIn|b:1;message|s:21:\"Welcome Rosmery Gomez\";__ci_vars|a:1:{s:7:\"message\";s:3:\"old\";}'
WHERE `id` = '2b9a05cd5b43cd356fdc959021499e64cfea592c';
UPDATE `user_registration` SET `popup_seen` = 'no'
WHERE `user_id` = 'MNLXPP';
DELETE FROM `ci_sessions`
WHERE `id` = 'f0a70fbcc52c7d00a86eefd24655f9a8d7329a2b';
INSERT INTO `login_history` (`user_id`, `device`, `ip_address`, `date`) VALUES ('HI62BI', 'Mozilla/5.0 (Windows NT 10.0; Win64; x64) AppleWebKit/537.36 (KHTML, like Gecko) Chrome/128.0.0.0 Safari/537.36', '172.70.254.164', '24-09-28 20:34');
UPDATE `user_registration` SET `popup_seen` = 'yes'
WHERE `user_id` = 'HI62BI';
UPDATE `user_registration` SET `popup_seen` = 'no'
WHERE `user_id` = 'HI62BI';
DELETE FROM `ci_sessions`
WHERE `id` = '0994ba39f0430e96651a10d5a5ea5d77b4b9a9a1';
INSERT INTO `login_history` (`user_id`, `device`, `ip_address`, `date`) VALUES ('1FFFBU', 'Mozilla/5.0 (Windows NT 10.0; Win64; x64) AppleWebKit/537.36 (KHTML, like Gecko) Chrome/128.0.0.0 Safari/537.36', '172.70.255.208', '24-09-28 20:38');
UPDATE `user_registration` SET `popup_seen` = 'yes'
WHERE `user_id` = '1FFFBU';
UPDATE `ci_sessions` SET `timestamp` = 1727574260, `data` = '__ci_last_regenerate|i:1727574260;id|s:4:\"2452\";user_id|s:6:\"1FFFBU\";username|s:7:\"Emilio8\";sponsor_id|s:6:\"S56TH3\";fullname|s:14:\"Emilio Tapanes\";email|s:17:\"Emilio8@gmail.com\";phone|s:10:\"7862876762\";isLogIn|b:1;'
WHERE `id` = '6dd9823095472afbc9df6151feaa4f5e8c49e2c2';
UPDATE `user_registration` SET `popup_seen` = 'yes'
WHERE `user_id` = '1FFFBU';
UPDATE `ci_sessions` SET `timestamp` = 1727575693, `data` = '__ci_last_regenerate|i:1727575693;id|s:4:\"2452\";user_id|s:6:\"1FFFBU\";username|s:7:\"Emilio8\";sponsor_id|s:6:\"S56TH3\";fullname|s:14:\"Emilio Tapanes\";email|s:17:\"Emilio8@gmail.com\";phone|s:10:\"7862876762\";isLogIn|b:1;'
WHERE `id` = '5bcdf828130b75212efb8d4ebf108ccc8f18a3d2';
UPDATE `ci_sessions` SET `timestamp` = 1727576392, `data` = '__ci_last_regenerate|i:1727576392;id|s:4:\"2452\";user_id|s:6:\"1FFFBU\";username|s:7:\"Emilio8\";sponsor_id|s:6:\"S56TH3\";fullname|s:14:\"Emilio Tapanes\";email|s:17:\"Emilio8@gmail.com\";phone|s:10:\"7862876762\";isLogIn|b:1;'
WHERE `id` = 'd9cfde34636cb6ca88aef5de43592ad22c5cccce';
UPDATE `user_registration` SET `popup_seen` = 'yes'
WHERE `user_id` = '1FFFBU';
UPDATE `admin` SET `last_logout` = '2024-09-29 06:58:47'
WHERE `id` IS NULL;
DELETE FROM `ci_sessions`
WHERE `id` = '9442cd360b1e6cd2a56dc3a31640fc5bb034ce58';
UPDATE `admin` SET `last_login` = '2024-09-29 06:58:50', `ip_address` = '108.162.212.145'
WHERE `id` = '1';
UPDATE `ci_sessions` SET `timestamp` = 1727612589, `data` = '__ci_last_regenerate|i:1727612589;isLogIn|b:1;isAdmin|b:1;id|s:1:\"1\";fullname|s:11:\"admin admin\";user_level|s:5:\"Admin\";email|s:15:\"admin@admin.com\";image|s:53:\"upload/settings/4a1f1b602322adb837a7a3547ee69cf3.jpeg\";last_login|s:19:\"2024-09-28 19:59:23\";last_logout|s:19:\"2024-09-20 10:41:03\";ip_address|s:12:\"172.70.54.74\";message|s:25:\"Welcome back  admin admin\";__ci_vars|a:1:{s:7:\"message\";s:3:\"old\";}'
WHERE `id` = '491edf1e2fb5d100e4df97989a41d1d81f22dc6d';
UPDATE `ci_sessions` SET `timestamp` = 1727614182, `data` = '__ci_last_regenerate|i:1727614182;isLogIn|b:1;isAdmin|b:1;id|s:1:\"1\";fullname|s:11:\"admin admin\";user_level|s:5:\"Admin\";email|s:15:\"admin@admin.com\";image|s:53:\"upload/settings/4a1f1b602322adb837a7a3547ee69cf3.jpeg\";last_login|s:19:\"2024-09-28 19:59:23\";last_logout|s:19:\"2024-09-20 10:41:03\";ip_address|s:12:\"172.70.54.74\";'
WHERE `id` = '38a37b23fe47338486c28b3d74560966eddb81ca';
UPDATE `ci_sessions` SET `timestamp` = 1727614975, `data` = '__ci_last_regenerate|i:1727614975;isLogIn|b:1;isAdmin|b:1;id|s:1:\"1\";fullname|s:11:\"admin admin\";user_level|s:5:\"Admin\";email|s:15:\"admin@admin.com\";image|s:53:\"upload/settings/4a1f1b602322adb837a7a3547ee69cf3.jpeg\";last_login|s:19:\"2024-09-28 19:59:23\";last_logout|s:19:\"2024-09-20 10:41:03\";ip_address|s:12:\"172.70.54.74\";'
WHERE `id` = '3edf514385d1dca667cc3193a3e0f707f10c6374';
INSERT INTO `login_history` (`user_id`, `device`, `ip_address`, `date`) VALUES ('admin', 'Mozilla/5.0 (Windows NT 10.0; Win64; x64) AppleWebKit/537.36 (KHTML, like Gecko) Chrome/129.0.0.0 Safari/537.36', '172.70.83.104', '24-09-29 08:34');
UPDATE `user_registration` SET `popup_seen` = 'yes'
WHERE `user_id` = 'admin';
UPDATE `ci_sessions` SET `timestamp` = 1727617358, `data` = '__ci_last_regenerate|i:1727617358;id|s:4:\"2019\";user_id|s:5:\"admin\";username|s:5:\"admin\";sponsor_id|s:1:\"0\";fullname|s:11:\"Alex Carrey\";email|s:15:\"admin@admin.com\";phone|s:10:\"1235467892\";isLogIn|b:1;'
WHERE `id` = '9db194a93dd479ee709a1c5e0a7c6e0ccd71a856';
UPDATE `user_registration` SET `popup_seen` = 'yes'
WHERE `user_id` = 'admin';
INSERT INTO `login_history` (`user_id`, `device`, `ip_address`, `date`) VALUES ('1FFFBU', 'Mozilla/5.0 (Windows NT 10.0; Win64; x64) AppleWebKit/537.36 (KHTML, like Gecko) Chrome/128.0.0.0 Safari/537.36', '172.70.82.94', '24-09-29 10:08');
UPDATE `user_registration` SET `popup_seen` = 'yes'
WHERE `user_id` = '1FFFBU';
INSERT INTO `login_history` (`user_id`, `device`, `ip_address`, `date`) VALUES ('admin', 'Mozilla/5.0 (Windows NT 10.0; Win64; x64) AppleWebKit/537.36 (KHTML, like Gecko) Chrome/129.0.0.0 Safari/537.36', '172.70.82.95', '24-09-29 10:44');
UPDATE `user_registration` SET `popup_seen` = 'yes'
WHERE `user_id` = 'admin';
UPDATE `ci_sessions` SET `timestamp` = 1727625970, `data` = '__ci_last_regenerate|i:1727625970;id|s:4:\"2019\";user_id|s:5:\"admin\";username|s:5:\"admin\";sponsor_id|s:1:\"0\";fullname|s:11:\"Alex Carrey\";email|s:15:\"admin@admin.com\";phone|s:10:\"1235467892\";isLogIn|b:1;'
WHERE `id` = '26b980d309933aa089dcefc443739d4d146ec51f';
UPDATE `user_registration` SET `popup_seen` = 'yes'
WHERE `user_id` = 'admin';
UPDATE `ci_sessions` SET `timestamp` = 1727633070, `data` = '__ci_last_regenerate|i:1727633070;lang|s:8:\"japanese\";'
WHERE `id` = 'd6cd66e5ca72a5339bc0e540f99987fb68bff069';
INSERT INTO `login_history` (`user_id`, `device`, `ip_address`, `date`) VALUES ('admin', 'Mozilla/5.0 (Windows NT 10.0; Win64; x64) AppleWebKit/537.36 (KHTML, like Gecko) Chrome/129.0.0.0 Safari/537.36', '172.70.255.208', '24-09-29 17:18');
UPDATE `user_registration` SET `popup_seen` = 'yes'
WHERE `user_id` = 'admin';
UPDATE `admin` SET `last_logout` = '2024-09-29 17:23:12'
WHERE `id` IS NULL;
DELETE FROM `ci_sessions`
WHERE `id` = '2d7bc4e5d5a8c1dc108837c205350feb8c207a00';
UPDATE `admin` SET `last_login` = '2024-09-29 17:23:15', `ip_address` = '108.162.212.136'
WHERE `id` = '1';
UPDATE `admin` SET `last_logout` = '2024-09-29 21:04:49'
WHERE `id` IS NULL;
DELETE FROM `ci_sessions`
WHERE `id` = 'c8fde2d52d439e9cf99b8cd193309435fd194982';
UPDATE `admin` SET `last_login` = '2024-09-29 21:04:51', `ip_address` = '172.70.83.104'
WHERE `id` = '1';
INSERT INTO `top_up_card` (`id`, `card_cost`, `card_value`, `date`, `card_image`) VALUES ('', '50', '52.50', '2024-09-29 21:06:24', 'upload/card_image/0c9ba1da747d028fd54f7a81abd9490a.png');
INSERT INTO `login_history` (`user_id`, `device`, `ip_address`, `date`) VALUES ('admin', 'Mozilla/5.0 (Windows NT 10.0; Win64; x64) AppleWebKit/537.36 (KHTML, like Gecko) Chrome/129.0.0.0 Safari/537.36', '108.162.210.149', '24-09-29 21:06');
UPDATE `user_registration` SET `popup_seen` = 'yes'
WHERE `user_id` = 'admin';
UPDATE `top_up_card` SET `id` = '1', `card_cost` = '50', `card_value` = '52.5', `date` = '2024-09-29 21:08:19', `card_image` = 'upload/card_image/c94cfbb65c78936c18ff6ed6b4427515.png'
WHERE `id` = '1';
UPDATE `ci_sessions` SET `timestamp` = 1727662272, `data` = '__ci_last_regenerate|i:1727662272;isLogIn|b:1;isAdmin|b:1;id|s:1:\"1\";fullname|s:11:\"admin admin\";user_level|s:5:\"Admin\";email|s:15:\"admin@admin.com\";image|s:53:\"upload/settings/4a1f1b602322adb837a7a3547ee69cf3.jpeg\";last_login|s:19:\"2024-09-29 17:23:15\";last_logout|s:19:\"2024-09-20 10:41:03\";ip_address|s:14:\"108.162.212.13\";message|s:20:\"Update Successfully!\";__ci_vars|a:1:{s:7:\"message\";s:3:\"old\";}'
WHERE `id` = '1266f145623367e51fd99dd0a7ac1894d471efd8';
UPDATE `top_up_card` SET `id` = '1', `card_cost` = '50', `card_value` = '52.5', `date` = '2024-09-29 21:11:17', `card_image` = 'upload/card_image/5b3d17c03e44eb11e6904b51a71f9b19.png'
WHERE `id` = '1';
INSERT INTO `login_history` (`user_id`, `device`, `ip_address`, `date`) VALUES ('1FFFBU', 'Mozilla/5.0 (Windows NT 10.0; Win64; x64) AppleWebKit/537.36 (KHTML, like Gecko) Chrome/128.0.0.0 Safari/537.36', '172.70.82.95', '24-09-29 21:37');
UPDATE `user_registration` SET `popup_seen` = 'yes'
WHERE `user_id` = '1FFFBU';
UPDATE `ci_sessions` SET `timestamp` = 1727663960, `data` = '__ci_last_regenerate|i:1727663960;id|s:4:\"2019\";user_id|s:5:\"admin\";username|s:5:\"admin\";sponsor_id|s:1:\"0\";fullname|s:11:\"Alex Carrey\";email|s:15:\"admin@admin.com\";phone|s:10:\"1235467892\";isLogIn|b:1;'
WHERE `id` = 'cfbe52f73bacd39eb6fe6624639bcd969e76aad8';
UPDATE `user_registration` SET `popup_seen` = 'yes'
WHERE `user_id` = 'admin';
UPDATE `ci_sessions` SET `timestamp` = 1727665735, `data` = '__ci_last_regenerate|i:1727665735;isLogIn|b:1;isAdmin|b:1;id|s:1:\"1\";fullname|s:11:\"admin admin\";user_level|s:5:\"Admin\";email|s:15:\"admin@admin.com\";image|s:53:\"upload/settings/4a1f1b602322adb837a7a3547ee69cf3.jpeg\";last_login|s:19:\"2024-09-29 17:23:15\";last_logout|s:19:\"2024-09-20 10:41:03\";ip_address|s:14:\"108.162.212.13\";message|s:20:\"Update Successfully!\";__ci_vars|a:1:{s:7:\"message\";s:3:\"old\";}'
WHERE `id` = '8d5bff4129afbcd8d31ff028216791420a5c45a9';
UPDATE `admin` SET `last_login` = '2024-09-29 23:34:35', `ip_address` = '172.71.198.11'
WHERE `id` = '1';
UPDATE `ci_sessions` SET `timestamp` = 1727671169, `data` = '__ci_last_regenerate|i:1727671169;isLogIn|b:1;isAdmin|b:1;id|s:1:\"1\";fullname|s:11:\"admin admin\";user_level|s:5:\"Admin\";email|s:15:\"admin@admin.com\";image|s:53:\"upload/settings/4a1f1b602322adb837a7a3547ee69cf3.jpeg\";last_login|s:19:\"2024-09-29 21:04:51\";last_logout|s:19:\"2024-09-20 10:41:03\";ip_address|s:13:\"172.70.83.104\";'
WHERE `id` = '96a87ce096cc07bffaa0a14117cc6a8cea22dfb8';
UPDATE `admin` SET `last_logout` = '2024-09-29 23:41:50'
WHERE `id` IS NULL;
DELETE FROM `ci_sessions`
WHERE `id` = 'a3f83a9fd9279a029009a4a1c34319e04bec1f2e';
UPDATE `ci_sessions` SET `timestamp` = 1727672873, `data` = '__ci_last_regenerate|i:1727672873;isLogIn|b:1;isAdmin|b:1;id|s:1:\"1\";fullname|s:11:\"admin admin\";user_level|s:5:\"Admin\";email|s:15:\"admin@admin.com\";image|s:53:\"upload/settings/4a1f1b602322adb837a7a3547ee69cf3.jpeg\";last_login|s:19:\"2024-09-29 21:04:51\";last_logout|s:19:\"2024-09-20 10:41:03\";ip_address|s:13:\"172.70.83.104\";'
WHERE `id` = '7b768510e1d73c132bd7813a776c6ac4ae7fe01d';
INSERT INTO `login_history` (`user_id`, `device`, `ip_address`, `date`) VALUES ('HI62BI', 'Mozilla/5.0 (Windows NT 10.0; Win64; x64) AppleWebKit/537.36 (KHTML, like Gecko) Chrome/129.0.0.0 Safari/537.36', '108.162.210.149', '24-09-30 16:07');
UPDATE `user_registration` SET `popup_seen` = 'yes'
WHERE `user_id` = 'HI62BI';
UPDATE `user_registration` SET `popup_seen` = 'no'
WHERE `user_id` = 'HI62BI';
DELETE FROM `ci_sessions`
WHERE `id` = '7b97e484578d84cb25c55c2ea9d07a71538df485';
UPDATE `ci_sessions` SET `timestamp` = 1727733464, `data` = '__ci_last_regenerate|i:1727733464;lang|s:6:\"french\";'
WHERE `id` = 'ff17e6b09db993ec5bfc62bdf29d532995815f08';
UPDATE `ci_sessions` SET `timestamp` = 1727735302, `data` = '__ci_last_regenerate|i:1727735302;lang|s:6:\"german\";'
WHERE `id` = '3a75ae9d4ac07f98dc2c6006a1cedf28c6fbb015';
INSERT INTO `login_history` (`user_id`, `device`, `ip_address`, `date`) VALUES ('1FFFBU', 'Mozilla/5.0 (Windows NT 10.0; Win64; x64) AppleWebKit/537.36 (KHTML, like Gecko) Chrome/128.0.0.0 Safari/537.36', '172.70.54.25', '24-09-30 21:26');
UPDATE `user_registration` SET `popup_seen` = 'yes'
WHERE `user_id` = '1FFFBU';
INSERT INTO `login_history` (`user_id`, `device`, `ip_address`, `date`) VALUES ('admin', 'Mozilla/5.0 (Macintosh; Intel Mac OS X 10_15_7) AppleWebKit/537.36 (KHTML, like Gecko) Chrome/129.0.0.0 Safari/537.36', '172.69.94.132', '24-10-01 01:37');
UPDATE `user_registration` SET `popup_seen` = 'yes'
WHERE `user_id` = 'admin';
UPDATE `ci_sessions` SET `timestamp` = 1727765237, `data` = '__ci_last_regenerate|i:1727765237;id|s:4:\"2019\";user_id|s:5:\"admin\";username|s:5:\"admin\";sponsor_id|s:1:\"0\";fullname|s:11:\"Alex Carrey\";email|s:15:\"admin@admin.com\";phone|s:10:\"1235467892\";isLogIn|b:1;message|s:19:\"Welcome Alex Carrey\";__ci_vars|a:1:{s:7:\"message\";s:3:\"old\";}'
WHERE `id` = '5f50921f43ab64e5a73be819c07a61059a107f34';
UPDATE `user_registration` SET `popup_seen` = 'yes'
WHERE `user_id` = 'admin';
UPDATE `user_registration` SET `popup_seen` = 'yes'
WHERE `user_id` = 'admin';
UPDATE `admin` SET `last_login` = '2024-10-01 01:51:02', `ip_address` = '172.69.178.239'
WHERE `id` = '1';
INSERT INTO `login_history` (`user_id`, `device`, `ip_address`, `date`) VALUES ('admin', 'Mozilla/5.0 (X11; Ubuntu; Linux x86_64; rv:130.0) Gecko/20100101 Firefox/130.0', '172.70.218.132', '24-10-01 02:41');
UPDATE `user_registration` SET `popup_seen` = 'yes'
WHERE `user_id` = 'admin';
INSERT INTO `login_history` (`user_id`, `device`, `ip_address`, `date`) VALUES ('admin', 'Mozilla/5.0 (Windows NT 10.0; Win64; x64) AppleWebKit/537.36 (KHTML, like Gecko) Chrome/129.0.0.0 Safari/537.36', '172.70.82.21', '24-10-01 04:15');
UPDATE `user_registration` SET `popup_seen` = 'yes'
WHERE `user_id` = 'admin';
INSERT INTO `login_history` (`user_id`, `device`, `ip_address`, `date`) VALUES ('admin', 'Mozilla/5.0 (Macintosh; Intel Mac OS X 10_15_7) AppleWebKit/537.36 (KHTML, like Gecko) Chrome/129.0.0.0 Safari/537.36', '172.69.178.248', '24-10-01 04:28');
UPDATE `user_registration` SET `popup_seen` = 'yes'
WHERE `user_id` = 'admin';
UPDATE `user_registration` SET `popup_seen` = 'yes'
WHERE `user_id` = 'admin';
UPDATE `ci_sessions` SET `timestamp` = 1727775253, `data` = '__ci_last_regenerate|i:1727775253;id|s:4:\"2019\";user_id|s:5:\"admin\";username|s:5:\"admin\";sponsor_id|s:1:\"0\";fullname|s:11:\"Alex Carrey\";email|s:15:\"admin@admin.com\";phone|s:10:\"1235467892\";isLogIn|b:1;'
WHERE `id` = '534f85752c03e33c22d6dd53d7849b66b925ffb2';
UPDATE `user_registration` SET `popup_seen` = 'no'
WHERE `user_id` = 'admin';
DELETE FROM `ci_sessions`
WHERE `id` = '1f7deeb18b05c5b3c6a5140109e3377aaa3c3366';
UPDATE `ci_sessions` SET `timestamp` = 1727776868, `data` = '__ci_last_regenerate|i:1727776868;captcha|s:4:\"56dz\";'
WHERE `id` = '1a4bbde4f392c7f7226da235da6eb9dd3155689f';
UPDATE `admin` SET `last_login` = '2024-10-01 05:01:15', `ip_address` = '172.69.94.244'
WHERE `id` = '1';
UPDATE `ci_sessions` SET `timestamp` = 1727778658, `data` = '__ci_last_regenerate|i:1727778658;isLogIn|b:1;isAdmin|b:1;id|s:1:\"1\";fullname|s:11:\"admin admin\";user_level|s:5:\"Admin\";email|s:15:\"admin@admin.com\";image|s:53:\"upload/settings/4a1f1b602322adb837a7a3547ee69cf3.jpeg\";last_login|s:19:\"2024-10-01 01:51:02\";last_logout|s:19:\"2024-09-20 10:41:03\";ip_address|s:14:\"172.69.178.239\";'
WHERE `id` = '6317981c7f7542642392d23f802ef5aa01d19920';
INSERT INTO `cron_job_history` (`name`, `date_started`, `status`) VALUES ('calculate_pool_bonus', '2024-10-01 05:30:58', 'started');
INSERT INTO `earnings` (`user_id`, `Purchaser_id`, `earning_type`, `package_id`, `amount`, `date`, `comments`, `invest_amount`, `comm_perc`, `level`, `rank_id`, `order_id`) VALUES ('YGDS4B', 'YGDS4B', 'Global Pool Bonus', 0, 23.809523809524, '2024-10-01 05:30:58', 'Global Pool Bonus', '1000', 0, 0, '', '');
UPDATE `user_registration` SET commission_balance = ROUND(commission_balance + 23.809523809524,2)
WHERE `user_id` = 'YGDS4B';
INSERT INTO `earnings` (`user_id`, `Purchaser_id`, `earning_type`, `package_id`, `amount`, `date`, `comments`, `invest_amount`, `comm_perc`, `level`, `rank_id`, `order_id`) VALUES ('L8PM4Z', 'L8PM4Z', 'Global Pool Bonus', 0, 23.809523809524, '2024-10-01 05:30:58', 'Global Pool Bonus', '1000', 0, 0, '', '');
UPDATE `user_registration` SET commission_balance = ROUND(commission_balance + 23.809523809524,2)
WHERE `user_id` = 'L8PM4Z';
INSERT INTO `earnings` (`user_id`, `Purchaser_id`, `earning_type`, `package_id`, `amount`, `date`, `comments`, `invest_amount`, `comm_perc`, `level`, `rank_id`, `order_id`) VALUES ('ZJZA3M', 'ZJZA3M', 'Global Pool Bonus', 0, 23.809523809524, '2024-10-01 05:30:58', 'Global Pool Bonus', '1000', 0, 0, '', '');
UPDATE `user_registration` SET commission_balance = ROUND(commission_balance + 23.809523809524,2)
WHERE `user_id` = 'ZJZA3M';
INSERT INTO `earnings` (`user_id`, `Purchaser_id`, `earning_type`, `package_id`, `amount`, `date`, `comments`, `invest_amount`, `comm_perc`, `level`, `rank_id`, `order_id`) VALUES ('S56TH3', 'S56TH3', 'Global Pool Bonus', 0, 23.809523809524, '2024-10-01 05:30:58', 'Global Pool Bonus', '1000', 0, 0, '', '');
UPDATE `user_registration` SET commission_balance = ROUND(commission_balance + 23.809523809524,2)
WHERE `user_id` = 'S56TH3';
INSERT INTO `earnings` (`user_id`, `Purchaser_id`, `earning_type`, `package_id`, `amount`, `date`, `comments`, `invest_amount`, `comm_perc`, `level`, `rank_id`, `order_id`) VALUES ('NUPA4K', 'NUPA4K', 'Global Pool Bonus', 0, 23.809523809524, '2024-10-01 05:30:58', 'Global Pool Bonus', '1000', 0, 0, '', '');
UPDATE `user_registration` SET commission_balance = ROUND(commission_balance + 23.809523809524,2)
WHERE `user_id` = 'NUPA4K';
INSERT INTO `earnings` (`user_id`, `Purchaser_id`, `earning_type`, `package_id`, `amount`, `date`, `comments`, `invest_amount`, `comm_perc`, `level`, `rank_id`, `order_id`) VALUES ('HI62BI', 'HI62BI', 'Global Pool Bonus', 0, 23.809523809524, '2024-10-01 05:30:58', 'Global Pool Bonus', '1000', 0, 0, '', '');
UPDATE `user_registration` SET commission_balance = ROUND(commission_balance + 23.809523809524,2)
WHERE `user_id` = 'HI62BI';
INSERT INTO `earnings` (`user_id`, `Purchaser_id`, `earning_type`, `package_id`, `amount`, `date`, `comments`, `invest_amount`, `comm_perc`, `level`, `rank_id`, `order_id`) VALUES ('MNLXPP', 'MNLXPP', 'Global Pool Bonus', 0, 23.809523809524, '2024-10-01 05:30:58', 'Global Pool Bonus', '1000', 0, 0, '', '');
UPDATE `user_registration` SET commission_balance = ROUND(commission_balance + 23.809523809524,2)
WHERE `user_id` = 'MNLXPP';
INSERT INTO `earnings` (`user_id`, `Purchaser_id`, `earning_type`, `package_id`, `amount`, `date`, `comments`, `invest_amount`, `comm_perc`, `level`, `rank_id`, `order_id`) VALUES ('S75FP2', 'S75FP2', 'Global Pool Bonus', 0, 23.809523809524, '2024-10-01 05:30:58', 'Global Pool Bonus', '1000', 0, 0, '', '');
UPDATE `user_registration` SET commission_balance = ROUND(commission_balance + 23.809523809524,2)
WHERE `user_id` = 'S75FP2';
INSERT INTO `earnings` (`user_id`, `Purchaser_id`, `earning_type`, `package_id`, `amount`, `date`, `comments`, `invest_amount`, `comm_perc`, `level`, `rank_id`, `order_id`) VALUES ('Z34OQI', 'Z34OQI', 'Global Pool Bonus', 0, 23.809523809524, '2024-10-01 05:30:58', 'Global Pool Bonus', '1000', 0, 0, '', '');
UPDATE `user_registration` SET commission_balance = ROUND(commission_balance + 23.809523809524,2)
WHERE `user_id` = 'Z34OQI';
INSERT INTO `earnings` (`user_id`, `Purchaser_id`, `earning_type`, `package_id`, `amount`, `date`, `comments`, `invest_amount`, `comm_perc`, `level`, `rank_id`, `order_id`) VALUES ('JQ3FLF', 'JQ3FLF', 'Global Pool Bonus', 0, 23.809523809524, '2024-10-01 05:30:58', 'Global Pool Bonus', '1000', 0, 0, '', '');
UPDATE `user_registration` SET commission_balance = ROUND(commission_balance + 23.809523809524,2)
WHERE `user_id` = 'JQ3FLF';
INSERT INTO `earnings` (`user_id`, `Purchaser_id`, `earning_type`, `package_id`, `amount`, `date`, `comments`, `invest_amount`, `comm_perc`, `level`, `rank_id`, `order_id`) VALUES ('IW5GAU', 'IW5GAU', 'Global Pool Bonus', 0, 23.809523809524, '2024-10-01 05:30:58', 'Global Pool Bonus', '1000', 0, 0, '', '');
UPDATE `user_registration` SET commission_balance = ROUND(commission_balance + 23.809523809524,2)
WHERE `user_id` = 'IW5GAU';
INSERT INTO `earnings` (`user_id`, `Purchaser_id`, `earning_type`, `package_id`, `amount`, `date`, `comments`, `invest_amount`, `comm_perc`, `level`, `rank_id`, `order_id`) VALUES ('I39CTH', 'I39CTH', 'Global Pool Bonus', 0, 23.809523809524, '2024-10-01 05:30:58', 'Global Pool Bonus', '1000', 0, 0, '', '');
UPDATE `user_registration` SET commission_balance = ROUND(commission_balance + 23.809523809524,2)
WHERE `user_id` = 'I39CTH';
INSERT INTO `earnings` (`user_id`, `Purchaser_id`, `earning_type`, `package_id`, `amount`, `date`, `comments`, `invest_amount`, `comm_perc`, `level`, `rank_id`, `order_id`) VALUES ('admin', 'admin', 'Global Pool Bonus', 0, 47.619047619048, '2024-10-01 05:30:58', 'Global Pool Bonus', '1000', 0, 0, '', '');
UPDATE `user_registration` SET commission_balance = ROUND(commission_balance + 47.619047619048,2)
WHERE `user_id` = 'admin';
INSERT INTO `earnings` (`user_id`, `Purchaser_id`, `earning_type`, `package_id`, `amount`, `date`, `comments`, `invest_amount`, `comm_perc`, `level`, `rank_id`, `order_id`) VALUES ('AV48YQ', 'AV48YQ', 'Global Pool Bonus', 0, 47.619047619048, '2024-10-01 05:30:58', 'Global Pool Bonus', '1000', 0, 0, '', '');
UPDATE `user_registration` SET commission_balance = ROUND(commission_balance + 47.619047619048,2)
WHERE `user_id` = 'AV48YQ';
INSERT INTO `earnings` (`user_id`, `Purchaser_id`, `earning_type`, `package_id`, `amount`, `date`, `comments`, `invest_amount`, `comm_perc`, `level`, `rank_id`, `order_id`) VALUES ('ETK8W6', 'ETK8W6', 'Global Pool Bonus', 0, 47.619047619048, '2024-10-01 05:30:58', 'Global Pool Bonus', '1000', 0, 0, '', '');
UPDATE `user_registration` SET commission_balance = ROUND(commission_balance + 47.619047619048,2)
WHERE `user_id` = 'ETK8W6';
INSERT INTO `earnings` (`user_id`, `Purchaser_id`, `earning_type`, `package_id`, `amount`, `date`, `comments`, `invest_amount`, `comm_perc`, `level`, `rank_id`, `order_id`) VALUES ('G6LKS6', 'G6LKS6', 'Global Pool Bonus', 0, 47.619047619048, '2024-10-01 05:30:58', 'Global Pool Bonus', '1000', 0, 0, '', '');
UPDATE `user_registration` SET commission_balance = ROUND(commission_balance + 47.619047619048,2)
WHERE `user_id` = 'G6LKS6';
INSERT INTO `earnings` (`user_id`, `Purchaser_id`, `earning_type`, `package_id`, `amount`, `date`, `comments`, `invest_amount`, `comm_perc`, `level`, `rank_id`, `order_id`) VALUES ('WL6EY5', 'WL6EY5', 'Global Pool Bonus', 0, 47.619047619048, '2024-10-01 05:30:58', 'Global Pool Bonus', '1000', 0, 0, '', '');
UPDATE `user_registration` SET commission_balance = ROUND(commission_balance + 47.619047619048,2)
WHERE `user_id` = 'WL6EY5';
INSERT INTO `earnings` (`user_id`, `Purchaser_id`, `earning_type`, `package_id`, `amount`, `date`, `comments`, `invest_amount`, `comm_perc`, `level`, `rank_id`, `order_id`) VALUES ('UWP9CE', 'UWP9CE', 'Global Pool Bonus', 0, 47.619047619048, '2024-10-01 05:30:58', 'Global Pool Bonus', '1000', 0, 0, '', '');
UPDATE `user_registration` SET commission_balance = ROUND(commission_balance + 47.619047619048,2)
WHERE `user_id` = 'UWP9CE';
INSERT INTO `earnings` (`user_id`, `Purchaser_id`, `earning_type`, `package_id`, `amount`, `date`, `comments`, `invest_amount`, `comm_perc`, `level`, `rank_id`, `order_id`) VALUES ('5UCJT8', '5UCJT8', 'Global Pool Bonus', 0, 47.619047619048, '2024-10-01 05:30:58', 'Global Pool Bonus', '1000', 0, 0, '', '');
UPDATE `user_registration` SET commission_balance = ROUND(commission_balance + 47.619047619048,2)
WHERE `user_id` = '5UCJT8';
INSERT INTO `earnings` (`user_id`, `Purchaser_id`, `earning_type`, `package_id`, `amount`, `date`, `comments`, `invest_amount`, `comm_perc`, `level`, `rank_id`, `order_id`) VALUES ('JI8ZHF', 'JI8ZHF', 'Global Pool Bonus', 0, 47.619047619048, '2024-10-01 05:30:58', 'Global Pool Bonus', '1000', 0, 0, '', '');
UPDATE `user_registration` SET commission_balance = ROUND(commission_balance + 47.619047619048,2)
WHERE `user_id` = 'JI8ZHF';
INSERT INTO `earnings` (`user_id`, `Purchaser_id`, `earning_type`, `package_id`, `amount`, `date`, `comments`, `invest_amount`, `comm_perc`, `level`, `rank_id`, `order_id`) VALUES ('BWFGXM', 'BWFGXM', 'Global Pool Bonus', 0, 47.619047619048, '2024-10-01 05:30:58', 'Global Pool Bonus', '1000', 0, 0, '', '');
UPDATE `user_registration` SET commission_balance = ROUND(commission_balance + 47.619047619048,2)
WHERE `user_id` = 'BWFGXM';
INSERT INTO `earnings` (`user_id`, `Purchaser_id`, `earning_type`, `package_id`, `amount`, `date`, `comments`, `invest_amount`, `comm_perc`, `level`, `rank_id`, `order_id`) VALUES ('FY5RUC', 'FY5RUC', 'Global Pool Bonus', 0, 47.619047619048, '2024-10-01 05:30:58', 'Global Pool Bonus', '1000', 0, 0, '', '');
UPDATE `user_registration` SET commission_balance = ROUND(commission_balance + 47.619047619048,2)
WHERE `user_id` = 'FY5RUC';
INSERT INTO `earnings` (`user_id`, `Purchaser_id`, `earning_type`, `package_id`, `amount`, `date`, `comments`, `invest_amount`, `comm_perc`, `level`, `rank_id`, `order_id`) VALUES ('7XGM66', '7XGM66', 'Global Pool Bonus', 0, 47.619047619048, '2024-10-01 05:30:58', 'Global Pool Bonus', '1000', 0, 0, '', '');
UPDATE `user_registration` SET commission_balance = ROUND(commission_balance + 47.619047619048,2)
WHERE `user_id` = '7XGM66';
INSERT INTO `earnings` (`user_id`, `Purchaser_id`, `earning_type`, `package_id`, `amount`, `date`, `comments`, `invest_amount`, `comm_perc`, `level`, `rank_id`, `order_id`) VALUES ('BK9III', 'BK9III', 'Global Pool Bonus', 0, 47.619047619048, '2024-10-01 05:30:58', 'Global Pool Bonus', '1000', 0, 0, '', '');
UPDATE `user_registration` SET commission_balance = ROUND(commission_balance + 47.619047619048,2)
WHERE `user_id` = 'BK9III';
INSERT INTO `earnings` (`user_id`, `Purchaser_id`, `earning_type`, `package_id`, `amount`, `date`, `comments`, `invest_amount`, `comm_perc`, `level`, `rank_id`, `order_id`) VALUES ('7X1CM5', '7X1CM5', 'Global Pool Bonus', 0, 47.619047619048, '2024-10-01 05:30:58', 'Global Pool Bonus', '1000', 0, 0, '', '');
UPDATE `user_registration` SET commission_balance = ROUND(commission_balance + 47.619047619048,2)
WHERE `user_id` = '7X1CM5';
INSERT INTO `earnings` (`user_id`, `Purchaser_id`, `earning_type`, `package_id`, `amount`, `date`, `comments`, `invest_amount`, `comm_perc`, `level`, `rank_id`, `order_id`) VALUES ('G2S1Q6', 'G2S1Q6', 'Global Pool Bonus', 0, 47.619047619048, '2024-10-01 05:30:58', 'Global Pool Bonus', '1000', 0, 0, '', '');
UPDATE `user_registration` SET commission_balance = ROUND(commission_balance + 47.619047619048,2)
WHERE `user_id` = 'G2S1Q6';
INSERT INTO `earnings` (`user_id`, `Purchaser_id`, `earning_type`, `package_id`, `amount`, `date`, `comments`, `invest_amount`, `comm_perc`, `level`, `rank_id`, `order_id`) VALUES ('1FFFBU', '1FFFBU', 'Global Pool Bonus', 0, 47.619047619048, '2024-10-01 05:30:58', 'Global Pool Bonus', '1000', 0, 0, '', '');
UPDATE `user_registration` SET commission_balance = ROUND(commission_balance + 47.619047619048,2)
WHERE `user_id` = '1FFFBU';
UPDATE `cron_job_history` SET `status` = 'done', `date_end` = '2024-10-01 05:30:58'
WHERE `id` = 4;
UPDATE `admin` SET `last_logout` = '2024-10-01 05:35:31'
WHERE `id` = '1';
DELETE FROM `ci_sessions`
WHERE `id` = '336169f1403f956312147a27d4bb193454c38069';
UPDATE `admin` SET `last_logout` = '2024-10-01 06:25:57'
WHERE `id` IS NULL;
DELETE FROM `ci_sessions`
WHERE `id` = 'd46eed0c9661e617f70f9707dc3fa9b746dd50a9';
UPDATE `admin` SET `last_login` = '2024-10-01 07:37:03', `ip_address` = '172.68.146.174'
WHERE `id` = '1';
TRUNCATE `investment`;
TRUNCATE `deposit`;
TRUNCATE `earnings`;
TRUNCATE `notifications`;
TRUNCATE `transections`;
TRUNCATE `transfer`;
TRUNCATE `user_registration`;
TRUNCATE `verify_tbl`;
TRUNCATE `withdraw`;
TRUNCATE `matrix_filling`;
TRUNCATE `temp_register`;
TRUNCATE `epin_request`;
TRUNCATE `epin_used`;
TRUNCATE `paystack_epin_purchase`;
TRUNCATE `user_epin`;
TRUNCATE `bv_updation`;
TRUNCATE `sponsor_bv_update_history`;
TRUNCATE `placement_bv_update_history`;
TRUNCATE `rank_history`;
TRUNCATE `payment_proof`;
TRUNCATE `activate_history`;
TRUNCATE `deactive_history`;
TRUNCATE `user_status_change_history`;
TRUNCATE `bank_info`;
TRUNCATE `package_purchase_history`;
TRUNCATE `coinbase_register`;
TRUNCATE `coinbase_response`;
TRUNCATE `cron_job_history`;
TRUNCATE `message`;
TRUNCATE `web_news`;
TRUNCATE `missed_earnings`;
TRUNCATE `uploads`;
TRUNCATE `package_upgrade_history`;
TRUNCATE `package_purchase_history`;
TRUNCATE `pair_history`;
TRUNCATE `payment_metod_setting`;
TRUNCATE `ticketattachments`;
TRUNCATE `ticketpipelog`;
TRUNCATE `ticketreplies`;
TRUNCATE `tickets`;
TRUNCATE `ticketsspamcontrol`;
TRUNCATE `debit`;
TRUNCATE `login_history`;
TRUNCATE `add_cart`;
TRUNCATE `orders`;
TRUNCATE `total_orders`;
TRUNCATE `product_purchase_history`;
TRUNCATE `reward_purchase_history`;
TRUNCATE `kyc`;
TRUNCATE `stripe_subscriptions_details`;
TRUNCATE `stripe_subscription_history`;
TRUNCATE `autoship_buy_history`;
TRUNCATE `monthly_cleared_data`;
TRUNCATE `sub_history`;
TRUNCATE `top_up_card`;
TRUNCATE `card_purchase_history`;
TRUNCATE `two_fa_disabled_history`;
INSERT INTO `bv_updation` (`user_id`) VALUES ('admin');
INSERT INTO `user_registration` (`uid`, `user_id`, `username`, `vacant`, `sponsor_id`, `placement_id`, `f_name`, `l_name`, `email`, `password`, `phone`, `reg_ip`, `status`, `package_id`, `rank_id`, `highest_rank`, `cycle_rank_id`, `active_status`) VALUES (2019, 'admin', 'admin', 'no', 0, 0, 'Alex', 'Carrey', 'admin@admin.com', 'e10adc3949ba59abbe56e057f20f883e', '1235467892', ':1', '1', '2', '1', '1', '1', 'yes');
INSERT INTO `user_registration` (`uid`, `user_id`, `username`, `sponsor_id`, `placement_id`, `vacant`, `f_name`, `l_name`, `address`, `position`, `email`, `password`, `phone`, `reg_ip`, `status`, `created`) VALUES (NULL, 'JKKDNH', 'KVLhpCVa', 'admin', 'admin', 'yes', '', '', '', 'left', '@mail.com', '', '', '', 0, '2024-10-01 07:37:18');
INSERT INTO `user_registration` (`uid`, `user_id`, `username`, `sponsor_id`, `placement_id`, `vacant`, `f_name`, `l_name`, `address`, `position`, `email`, `password`, `phone`, `reg_ip`, `status`, `created`) VALUES (NULL, 'SXBHDG', 'WSFlVztO', 'admin', 'admin', 'yes', '', '', '', 'right', '@mail.com', '', '', '', 0, '2024-10-01 07:37:18');
INSERT INTO `login_history` (`user_id`, `device`, `ip_address`, `date`) VALUES ('admin', 'Mozilla/5.0 (Linux; Android 10; K) AppleWebKit/537.36 (KHTML, like Gecko) Chrome/129.0.0.0 Mobile Safari/537.36', '172.70.254.165', '24-10-01 10:13');
UPDATE `user_registration` SET `popup_seen` = 'yes'
WHERE `user_id` = 'admin';
UPDATE `user_registration` SET `popup_seen` = 'no'
WHERE `user_id` IS NULL;
DELETE FROM `ci_sessions`
WHERE `id` = '7bf456882b370b44f810ebf2dc79d4750b974999';
UPDATE `ci_sessions` SET `timestamp` = 1727798702, `data` = '__ci_last_regenerate|i:1727798702;id|s:4:\"2019\";user_id|s:5:\"admin\";username|s:5:\"admin\";sponsor_id|s:1:\"0\";fullname|s:11:\"Alex Carrey\";email|s:15:\"admin@admin.com\";phone|s:10:\"1235467892\";isLogIn|b:1;message|s:19:\"Welcome Alex Carrey\";__ci_vars|a:1:{s:7:\"message\";s:3:\"old\";}'
WHERE `id` = '69b6844bbbb6cf1a5a968df030bd2b4a49ad88ee';
UPDATE `user_registration` SET `popup_seen` = 'yes'
WHERE `user_id` = 'admin';
UPDATE `ci_sessions` SET `timestamp` = 1727798766, `data` = '__ci_last_regenerate|i:1727798766;exception|s:31:\"Incorrect Username Or Password!\";__ci_vars|a:1:{s:9:\"exception\";s:3:\"old\";}captcha|s:4:\"rle6\";'
WHERE `id` = '9fa4d866eb43445a7640ea791ae6f27c1a2e518a';
UPDATE `user_registration` SET `uid` = '2021', `user_id` = 'A9858P', `username` = 'emilio', `sponsor_id` = 'admin', `vacant` = 'no', `f_name` = 'Emilio', `l_name` = 'Tapanes', `address` = '8100 SW 14 Terr', `position` = 'right', `email` = 'emiliotapanes@gmail.com', `password` = 'ef92ff79ddc488689c4ad11a0cf8f361', `phone` = '7862876762', `country` = 'United States', `state` = 'Florida', `city` = 'Miami', `street` = '8100 SW 14 Terr', `zip_code` = '33144', `reg_ip` = '172.70.254.30', `status` = 1, `package_id` = '2', `rank_id` = 1, `highest_rank` = 1, `cycle_rank_id` = 1, `created` = '2024-10-01 11:08:57', `subscription_date` = '2024-10-31', `google_secret` = '2AWUQCIEJPLNK5UB'
WHERE `uid` = '2021';
INSERT INTO `user_registration` (`uid`, `user_id`, `username`, `sponsor_id`, `placement_id`, `vacant`, `f_name`, `l_name`, `address`, `position`, `email`, `password`, `phone`, `reg_ip`, `status`, `created`) VALUES (NULL, 'WFZDKQ', 'xtRAVDbX', 'A9858P', 'A9858P', 'yes', '', '', '', 'left', '@mail.com', '', '', '', 0, '2024-10-01 11:08:57');
INSERT INTO `user_registration` (`uid`, `user_id`, `username`, `sponsor_id`, `placement_id`, `vacant`, `f_name`, `l_name`, `address`, `position`, `email`, `password`, `phone`, `reg_ip`, `status`, `created`) VALUES (NULL, 'VPKOOH', 'EnPLpGba', 'A9858P', 'A9858P', 'yes', '', '', '', 'right', '@mail.com', '', '', '', 0, '2024-10-01 11:08:57');
INSERT INTO `bv_updation` (`user_id`) VALUES ('A9858P');
UPDATE `user_registration` SET total_ref_count = total_ref_count+1
WHERE `user_id` = 'admin';
UPDATE `user_registration` SET total_downlines = total_downlines+1
WHERE `user_id` = 'admin';
UPDATE `user_registration` SET right_downlines = right_downlines+1
WHERE `user_id` = 'admin';
UPDATE `user_registration` SET right_ref_count = right_ref_count+1
WHERE `user_id` = 'admin';
UPDATE `user_registration` SET active_right = active_right+1
WHERE `user_id` = 'admin';
INSERT INTO `investment` (`invest_date`, `user_id`, `type`, `amount`, `package_id`) VALUES ('2024-10-01 11:08:57', 'A9858P', 'register', '595', '2');
INSERT INTO `earnings` (`user_id`, `Purchaser_id`, `earning_type`, `package_id`, `amount`, `date`, `comments`, `invest_amount`, `comm_perc`, `level`, `rank_id`, `order_id`) VALUES ('admin', 'A9858P', 'Direct Referral Bonus', '2', '100', '2024-10-01 11:08:57', 'Direct Referral Bonus', 0, 0, 1, '', 1);
UPDATE `user_registration` SET commission_balance = ROUND(commission_balance + 100,2)
WHERE `user_id` = 'admin';
UPDATE `user_registration` SET referral_bonus = ROUND(referral_bonus + 100,2)
WHERE `user_id` = 'admin';
INSERT INTO `matrix_filling` (`placement_id`, `downline_id`, `level`, `matrix`) VALUES ('admin', 'A9858P', 1, 1);
UPDATE `bv_updation` SET right_carry = right_carry+50, total_right = total_right+50
WHERE `user_id` = 'admin';
INSERT INTO `placement_bv_update_history` (`right_carry`, `date`, `from_id`, `user_id`) VALUES ('50', '2024-10-01 11:08:57', 'A9858P', 'admin');
UPDATE `bv_updation` SET sponsor_right_carry = sponsor_right_carry+50, sponsor_total_right = sponsor_total_right+50
WHERE `user_id` = 'admin';
INSERT INTO `sponsor_bv_update_history` (`right_carry`, `date`, `user_id`) VALUES ('50', '2024-10-01 11:08:57', 'admin');
INSERT INTO `package_purchase_history` (`user_id`, `package_id`, `reg_fee`, `package_name`, `monthly_fee`, `type`, `date`, `payment_option`) VALUES ('A9858P', '2', '595', 'Traveler Pro', '150', 'sign_up', '2024-10-01 11:08:57', 'free');
INSERT INTO `login_history` (`user_id`, `device`, `ip_address`, `date`) VALUES ('A9858P', 'Mozilla/5.0 (Windows NT 10.0; Win64; x64) AppleWebKit/537.36 (KHTML, like Gecko) Chrome/128.0.0.0 Safari/537.36', '172.70.254.30', '24-10-01 11:09');
UPDATE `user_registration` SET `popup_seen` = 'yes'
WHERE `user_id` = 'A9858P';
UPDATE `user_registration` SET `uid` = '2023', `user_id` = 'ADZTOG', `username` = 'rafael1', `sponsor_id` = 'A9858P', `vacant` = 'no', `f_name` = 'Rafael', `l_name` = 'Rodriguez', `address` = '8100 SW 14 Terr', `position` = 'right', `email` = 'rafael1@gmail.com', `password` = '3c61fcc3acdda18081a66dcc7d773af5', `phone` = '7862876762', `country` = 'United States', `state` = 'Florida', `city` = 'Miami', `street` = '8100 SW 14 Terr', `zip_code` = '33144', `reg_ip` = '172.70.55.235', `status` = 1, `package_id` = '1', `rank_id` = 1, `highest_rank` = 1, `cycle_rank_id` = 1, `created` = '2024-10-01 11:10:40', `subscription_date` = '2024-10-31', `google_secret` = 'E2KZXRSL3ORUDSXV'
WHERE `uid` = '2023';
INSERT INTO `user_registration` (`uid`, `user_id`, `username`, `sponsor_id`, `placement_id`, `vacant`, `f_name`, `l_name`, `address`, `position`, `email`, `password`, `phone`, `reg_ip`, `status`, `created`) VALUES (NULL, 'HSQNCJ', 'GcFgbbxC', 'ADZTOG', 'ADZTOG', 'yes', '', '', '', 'left', '@mail.com', '', '', '', 0, '2024-10-01 11:10:40');
INSERT INTO `user_registration` (`uid`, `user_id`, `username`, `sponsor_id`, `placement_id`, `vacant`, `f_name`, `l_name`, `address`, `position`, `email`, `password`, `phone`, `reg_ip`, `status`, `created`) VALUES (NULL, 'ERNVLA', 'IEYVDJsX', 'ADZTOG', 'ADZTOG', 'yes', '', '', '', 'right', '@mail.com', '', '', '', 0, '2024-10-01 11:10:40');
INSERT INTO `bv_updation` (`user_id`) VALUES ('ADZTOG');
UPDATE `user_registration` SET total_ref_count = total_ref_count+1
WHERE `user_id` = 'A9858P';
UPDATE `user_registration` SET total_downlines = total_downlines+1
WHERE `user_id` = 'A9858P';
UPDATE `user_registration` SET right_downlines = right_downlines+1
WHERE `user_id` = 'A9858P';
UPDATE `user_registration` SET right_ref_count = right_ref_count+1
WHERE `user_id` = 'A9858P';
UPDATE `user_registration` SET active_right = active_right+1
WHERE `user_id` = 'A9858P';
UPDATE `user_registration` SET total_downlines = total_downlines+1
WHERE `user_id` = 'admin';
UPDATE `user_registration` SET right_downlines = right_downlines+1
WHERE `user_id` = 'admin';
INSERT INTO `investment` (`invest_date`, `user_id`, `type`, `amount`, `package_id`) VALUES ('2024-10-01 11:10:40', 'ADZTOG', 'register', '195', '1');
INSERT INTO `earnings` (`user_id`, `Purchaser_id`, `earning_type`, `package_id`, `amount`, `date`, `comments`, `invest_amount`, `comm_perc`, `level`, `rank_id`, `order_id`) VALUES ('A9858P', 'ADZTOG', 'Direct Referral Bonus', '1', '20', '2024-10-01 11:10:40', 'Direct Referral Bonus', 0, 0, 1, '', 2);
UPDATE `user_registration` SET commission_balance = ROUND(commission_balance + 20,2)
WHERE `user_id` = 'A9858P';
UPDATE `user_registration` SET referral_bonus = ROUND(referral_bonus + 20,2)
WHERE `user_id` = 'A9858P';
INSERT INTO `matrix_filling` (`placement_id`, `downline_id`, `level`, `matrix`) VALUES ('A9858P', 'ADZTOG', 1, 1);
UPDATE `bv_updation` SET right_carry = right_carry+20, total_right = total_right+20
WHERE `user_id` = 'A9858P';
INSERT INTO `placement_bv_update_history` (`right_carry`, `date`, `from_id`, `user_id`) VALUES ('20', '2024-10-01 11:10:40', 'ADZTOG', 'A9858P');
UPDATE `bv_updation` SET sponsor_right_carry = sponsor_right_carry+20, sponsor_total_right = sponsor_total_right+20
WHERE `user_id` = 'A9858P';
INSERT INTO `sponsor_bv_update_history` (`right_carry`, `date`, `user_id`) VALUES ('20', '2024-10-01 11:10:40', 'A9858P');
INSERT INTO `matrix_filling` (`placement_id`, `downline_id`, `level`, `matrix`) VALUES ('admin', 'ADZTOG', 2, 1);
UPDATE `bv_updation` SET right_carry = right_carry+20, total_right = total_right+20
WHERE `user_id` = 'admin';
INSERT INTO `placement_bv_update_history` (`right_carry`, `date`, `from_id`, `user_id`) VALUES ('20', '2024-10-01 11:10:40', 'ADZTOG', 'admin');
INSERT INTO `package_purchase_history` (`user_id`, `package_id`, `reg_fee`, `package_name`, `monthly_fee`, `type`, `date`, `payment_option`) VALUES ('ADZTOG', '1', '195', 'Traveler', '50', 'sign_up', '2024-10-01 11:10:40', 'free');
UPDATE `ci_sessions` SET `timestamp` = 1727799112, `data` = '__ci_last_regenerate|i:1727799112;captcha|s:4:\"k8cu\";'
WHERE `id` = 'ff98798ca498f0892dd49bb4a6faec5d731a79ed';
INSERT INTO `login_history` (`user_id`, `device`, `ip_address`, `date`) VALUES ('ADZTOG', 'Mozilla/5.0 (Windows NT 10.0; Win64; x64) AppleWebKit/537.36 (KHTML, like Gecko) Chrome/129.0.0.0 Safari/537.36', '172.70.254.30', '24-10-01 11:12');
UPDATE `user_registration` SET `popup_seen` = 'yes'
WHERE `user_id` = 'ADZTOG';
UPDATE `ci_sessions` SET `timestamp` = 1727799171, `data` = '__ci_last_regenerate|i:1727799171;id|s:4:\"2021\";user_id|s:6:\"A9858P\";username|s:6:\"emilio\";sponsor_id|s:5:\"admin\";fullname|s:14:\"Emilio Tapanes\";email|s:23:\"emiliotapanes@gmail.com\";phone|s:10:\"7862876762\";isLogIn|b:1;'
WHERE `id` = '18c9917b664fc0443a699fbefd0904b98d49322e';
UPDATE `user_registration` SET `uid` = '2022', `user_id` = 'DM1Y9N', `username` = 'ray1', `sponsor_id` = 'A9858P', `vacant` = 'no', `f_name` = 'Ray', `l_name` = 'Rodriguez', `address` = '8100 SW 14 Terr', `position` = 'left', `email` = 'ray1@gmail.com', `password` = '3c61fcc3acdda18081a66dcc7d773af5', `phone` = '7862876762', `country` = 'United States', `state` = 'Florida', `city` = 'Miami', `street` = '8100 SW 14 Terr', `zip_code` = '33144', `reg_ip` = '172.70.83.94', `status` = 1, `package_id` = '2', `rank_id` = 1, `highest_rank` = 1, `cycle_rank_id` = 1, `created` = '2024-10-01 11:13:10', `subscription_date` = '2024-10-31', `google_secret` = 'QNVOR3NBVFFZLM2H'
WHERE `uid` = '2022';
INSERT INTO `user_registration` (`uid`, `user_id`, `username`, `sponsor_id`, `placement_id`, `vacant`, `f_name`, `l_name`, `address`, `position`, `email`, `password`, `phone`, `reg_ip`, `status`, `created`) VALUES (NULL, 'BQQLCB', 'lKLlIjyH', 'DM1Y9N', 'DM1Y9N', 'yes', '', '', '', 'left', '@mail.com', '', '', '', 0, '2024-10-01 11:13:10');
INSERT INTO `user_registration` (`uid`, `user_id`, `username`, `sponsor_id`, `placement_id`, `vacant`, `f_name`, `l_name`, `address`, `position`, `email`, `password`, `phone`, `reg_ip`, `status`, `created`) VALUES (NULL, 'JGZYLA', 'JBeouwgK', 'DM1Y9N', 'DM1Y9N', 'yes', '', '', '', 'right', '@mail.com', '', '', '', 0, '2024-10-01 11:13:10');
INSERT INTO `bv_updation` (`user_id`) VALUES ('DM1Y9N');
UPDATE `user_registration` SET total_ref_count = total_ref_count+1
WHERE `user_id` = 'A9858P';
UPDATE `user_registration` SET total_downlines = total_downlines+1
WHERE `user_id` = 'A9858P';
UPDATE `user_registration` SET left_downlines = left_downlines+1
WHERE `user_id` = 'A9858P';
UPDATE `user_registration` SET left_ref_count = left_ref_count+1
WHERE `user_id` = 'A9858P';
UPDATE `user_registration` SET active_left = active_left+1
WHERE `user_id` = 'A9858P';
UPDATE `user_registration` SET `binary_qualified` = 'yes', `binary_qualified_date` = '2024-10-01 11:13:10'
WHERE `user_id` = 'A9858P';
UPDATE `user_registration` SET total_downlines = total_downlines+1
WHERE `user_id` = 'admin';
UPDATE `user_registration` SET right_downlines = right_downlines+1
WHERE `user_id` = 'admin';
INSERT INTO `investment` (`invest_date`, `user_id`, `type`, `amount`, `package_id`) VALUES ('2024-10-01 11:13:10', 'DM1Y9N', 'register', '595', '2');
INSERT INTO `earnings` (`user_id`, `Purchaser_id`, `earning_type`, `package_id`, `amount`, `date`, `comments`, `invest_amount`, `comm_perc`, `level`, `rank_id`, `order_id`) VALUES ('A9858P', 'DM1Y9N', 'Direct Referral Bonus', '2', '100', '2024-10-01 11:13:10', 'Direct Referral Bonus', 0, 0, 1, '', 3);
UPDATE `user_registration` SET commission_balance = ROUND(commission_balance + 100,2)
WHERE `user_id` = 'A9858P';
UPDATE `user_registration` SET referral_bonus = ROUND(referral_bonus + 100,2)
WHERE `user_id` = 'A9858P';
INSERT INTO `matrix_filling` (`placement_id`, `downline_id`, `level`, `matrix`) VALUES ('A9858P', 'DM1Y9N', 1, 1);
UPDATE `bv_updation` SET left_carry = left_carry+50, total_left = total_left+50
WHERE `user_id` = 'A9858P';
INSERT INTO `placement_bv_update_history` (`left_carry`, `date`, `from_id`, `user_id`) VALUES ('50', '2024-10-01 11:13:10', 'DM1Y9N', 'A9858P');
UPDATE `bv_updation` SET sponsor_left_carry = sponsor_left_carry+50, sponsor_total_left = sponsor_total_left+50
WHERE `user_id` = 'A9858P';
INSERT INTO `sponsor_bv_update_history` (`left_carry`, `date`, `user_id`) VALUES ('50', '2024-10-01 11:13:11', 'A9858P');
INSERT INTO `matrix_filling` (`placement_id`, `downline_id`, `level`, `matrix`) VALUES ('admin', 'DM1Y9N', 2, 1);
UPDATE `bv_updation` SET right_carry = right_carry+50, total_right = total_right+50
WHERE `user_id` = 'admin';
INSERT INTO `placement_bv_update_history` (`right_carry`, `date`, `from_id`, `user_id`) VALUES ('50', '2024-10-01 11:13:11', 'DM1Y9N', 'admin');
INSERT INTO `package_purchase_history` (`user_id`, `package_id`, `reg_fee`, `package_name`, `monthly_fee`, `type`, `date`, `payment_option`) VALUES ('DM1Y9N', '2', '595', 'Traveler Pro', '150', 'sign_up', '2024-10-01 11:13:11', 'free');
UPDATE `user_registration` SET `popup_seen` = 'yes'
WHERE `user_id` = 'A9858P';
UPDATE `user_registration` SET `f_name` = 'Rafael', `l_name` = 'Rodriguez', `phone` = '3057610606', `address` = '6520 Kendale Lakes Dr', `country` = 'United States', `state` = 'Florida', `city` = 'Miami', `street` = '6520 Kendale Lakes  Dr', `zip_code` = '33183'
WHERE `user_id` = 'ADZTOG';
INSERT INTO `notifications` (`user_id`, `notification_type`, `subject`, `details`, `date`, `status`) VALUES ('ADZTOG', 'profile_update', 'Profile Update Notification', 'Your profile has been updated successfully.', '2024-10-01 11:15:25', 0);
UPDATE `ci_sessions` SET `timestamp` = 1727799473, `data` = '__ci_last_regenerate|i:1727799473;id|s:4:\"2023\";user_id|s:6:\"ADZTOG\";username|s:7:\"rafael1\";sponsor_id|s:6:\"A9858P\";fullname|s:16:\"Rafael Rodriguez\";email|s:17:\"rafael1@gmail.com\";phone|s:10:\"7862876762\";isLogIn|b:1;'
WHERE `id` = '5800987e0639be882bd7f01c24470443594e167d';
UPDATE `user_registration` SET `uid` = '2025', `user_id` = '7RY1ZP', `username` = 'frank1', `sponsor_id` = 'ADZTOG', `vacant` = 'no', `f_name` = 'Francisco', `l_name` = 'Prieto', `address` = '6520 Kendale Lakes Dr', `position` = 'right', `email` = 'frank1@gmail.com', `password` = '61df6f2517b331ae8323d0d3716740bd', `phone` = '3057610606', `country` = 'United States', `state` = 'Florida', `city` = 'Miami', `street` = '6520 Kendale Lakes Dr', `zip_code` = '33183', `reg_ip` = '172.70.255.20', `status` = 1, `package_id` = '1', `rank_id` = 1, `highest_rank` = 1, `cycle_rank_id` = 1, `created` = '2024-10-01 11:17:53', `subscription_date` = '2024-10-31', `google_secret` = 'CRIBBWYJOSOWHIZS'
WHERE `uid` = '2025';
INSERT INTO `user_registration` (`uid`, `user_id`, `username`, `sponsor_id`, `placement_id`, `vacant`, `f_name`, `l_name`, `address`, `position`, `email`, `password`, `phone`, `reg_ip`, `status`, `created`) VALUES (NULL, 'GJXUZG', 'rssUZQbz', '7RY1ZP', '7RY1ZP', 'yes', '', '', '', 'left', '@mail.com', '', '', '', 0, '2024-10-01 11:17:53');
INSERT INTO `user_registration` (`uid`, `user_id`, `username`, `sponsor_id`, `placement_id`, `vacant`, `f_name`, `l_name`, `address`, `position`, `email`, `password`, `phone`, `reg_ip`, `status`, `created`) VALUES (NULL, 'SKAOUH', 'UzQANTGa', '7RY1ZP', '7RY1ZP', 'yes', '', '', '', 'right', '@mail.com', '', '', '', 0, '2024-10-01 11:17:53');
INSERT INTO `bv_updation` (`user_id`) VALUES ('7RY1ZP');
UPDATE `user_registration` SET total_ref_count = total_ref_count+1
WHERE `user_id` = 'ADZTOG';
UPDATE `user_registration` SET total_downlines = total_downlines+1
WHERE `user_id` = 'ADZTOG';
UPDATE `user_registration` SET right_downlines = right_downlines+1
WHERE `user_id` = 'ADZTOG';
UPDATE `user_registration` SET right_ref_count = right_ref_count+1
WHERE `user_id` = 'ADZTOG';
UPDATE `user_registration` SET active_right = active_right+1
WHERE `user_id` = 'ADZTOG';
UPDATE `user_registration` SET total_downlines = total_downlines+1
WHERE `user_id` = 'A9858P';
UPDATE `user_registration` SET right_downlines = right_downlines+1
WHERE `user_id` = 'A9858P';
UPDATE `user_registration` SET total_downlines = total_downlines+1
WHERE `user_id` = 'admin';
UPDATE `user_registration` SET right_downlines = right_downlines+1
WHERE `user_id` = 'admin';
INSERT INTO `investment` (`invest_date`, `user_id`, `type`, `amount`, `package_id`) VALUES ('2024-10-01 11:17:53', '7RY1ZP', 'register', '195', '1');
INSERT INTO `earnings` (`user_id`, `Purchaser_id`, `earning_type`, `package_id`, `amount`, `date`, `comments`, `invest_amount`, `comm_perc`, `level`, `rank_id`, `order_id`) VALUES ('ADZTOG', '7RY1ZP', 'Direct Referral Bonus', '1', '20', '2024-10-01 11:17:53', 'Direct Referral Bonus', 0, 0, 1, '', 4);
UPDATE `user_registration` SET commission_balance = ROUND(commission_balance + 20,2)
WHERE `user_id` = 'ADZTOG';
UPDATE `user_registration` SET referral_bonus = ROUND(referral_bonus + 20,2)
WHERE `user_id` = 'ADZTOG';
INSERT INTO `matrix_filling` (`placement_id`, `downline_id`, `level`, `matrix`) VALUES ('ADZTOG', '7RY1ZP', 1, 1);
INSERT INTO `matrix_filling` (`placement_id`, `downline_id`, `level`, `matrix`) VALUES ('A9858P', '7RY1ZP', 2, 1);
UPDATE `bv_updation` SET right_carry = right_carry+20, total_right = total_right+20
WHERE `user_id` = 'A9858P';
INSERT INTO `placement_bv_update_history` (`right_carry`, `date`, `from_id`, `user_id`) VALUES ('20', '2024-10-01 11:17:53', '7RY1ZP', 'A9858P');
INSERT INTO `matrix_filling` (`placement_id`, `downline_id`, `level`, `matrix`) VALUES ('admin', '7RY1ZP', 3, 1);
UPDATE `bv_updation` SET right_carry = right_carry+20, total_right = total_right+20
WHERE `user_id` = 'admin';
INSERT INTO `placement_bv_update_history` (`right_carry`, `date`, `from_id`, `user_id`) VALUES ('20', '2024-10-01 11:17:53', '7RY1ZP', 'admin');
INSERT INTO `package_purchase_history` (`user_id`, `package_id`, `reg_fee`, `package_name`, `monthly_fee`, `type`, `date`, `payment_option`) VALUES ('7RY1ZP', '1', '195', 'Traveler', '50', 'sign_up', '2024-10-01 11:17:53', 'free');
UPDATE `user_registration` SET `popup_seen` = 'yes'
WHERE `user_id` = 'ADZTOG';
UPDATE `user_registration` SET `popup_seen` = 'no'
WHERE `user_id` = 'ADZTOG';
DELETE FROM `ci_sessions`
WHERE `id` = '82b39922dcaba7f868ed41d5c83ba1b344a9c1c6';
INSERT INTO `login_history` (`user_id`, `device`, `ip_address`, `date`) VALUES ('7RY1ZP', 'Mozilla/5.0 (Windows NT 10.0; Win64; x64) AppleWebKit/537.36 (KHTML, like Gecko) Chrome/129.0.0.0 Safari/537.36', '172.70.83.3', '24-10-01 11:18');
UPDATE `user_registration` SET `popup_seen` = 'yes'
WHERE `user_id` = '7RY1ZP';
INSERT INTO `package_purchase_history` (`user_id`, `package_id`, `reg_fee`, `package_name`, `monthly_fee`, `type`, `date`, `payment_option`) VALUES ('7RY1ZP', '2', '595', 'Traveler Pro', '150', 'upgrade', '2024-10-01 11:20:09', 'free');
UPDATE `user_registration` SET `package_id` = '2'
WHERE `user_id` = '7RY1ZP';
INSERT INTO `investment` (`invest_date`, `user_id`, `type`, `amount`, `package_id`) VALUES ('2024-10-01 11:20:09', '7RY1ZP', 'upgrade', '595', '2');
INSERT INTO `earnings` (`user_id`, `Purchaser_id`, `earning_type`, `package_id`, `amount`, `date`, `comments`, `invest_amount`, `comm_perc`, `level`, `rank_id`, `order_id`) VALUES ('ADZTOG', '7RY1ZP', 'Direct Referral Bonus', '2', '100', '2024-10-01 11:20:09', 'Direct Referral Bonus', 0, 0, 1, '', 5);
UPDATE `user_registration` SET commission_balance = ROUND(commission_balance + 100,2)
WHERE `user_id` = 'ADZTOG';
UPDATE `user_registration` SET referral_bonus = ROUND(referral_bonus + 100,2)
WHERE `user_id` = 'ADZTOG';
INSERT INTO `matrix_filling` (`placement_id`, `downline_id`, `level`, `matrix`) VALUES ('ADZTOG', '7RY1ZP', 1, 1);
INSERT INTO `matrix_filling` (`placement_id`, `downline_id`, `level`, `matrix`) VALUES ('A9858P', '7RY1ZP', 2, 1);
UPDATE `bv_updation` SET right_carry = right_carry+50, total_right = total_right+50
WHERE `user_id` = 'A9858P';
INSERT INTO `placement_bv_update_history` (`right_carry`, `date`, `from_id`, `user_id`) VALUES ('50', '2024-10-01 11:20:09', '7RY1ZP', 'A9858P');
INSERT INTO `matrix_filling` (`placement_id`, `downline_id`, `level`, `matrix`) VALUES ('admin', '7RY1ZP', 3, 1);
UPDATE `bv_updation` SET right_carry = right_carry+50, total_right = total_right+50
WHERE `user_id` = 'admin';
INSERT INTO `placement_bv_update_history` (`right_carry`, `date`, `from_id`, `user_id`) VALUES ('50', '2024-10-01 11:20:09', '7RY1ZP', 'admin');
UPDATE `user_registration` SET `popup_seen` = 'no'
WHERE `user_id` = '7RY1ZP';
DELETE FROM `ci_sessions`
WHERE `id` = 'f22828bbe1b5ec7672190be647f1955be3897268';
INSERT INTO `login_history` (`user_id`, `device`, `ip_address`, `date`) VALUES ('ADZTOG', 'Mozilla/5.0 (Windows NT 10.0; Win64; x64) AppleWebKit/537.36 (KHTML, like Gecko) Chrome/129.0.0.0 Safari/537.36', '172.70.83.4', '24-10-01 11:20');
UPDATE `user_registration` SET `popup_seen` = 'yes'
WHERE `user_id` = 'ADZTOG';
UPDATE `user_registration` SET `uid` = '2024', `user_id` = 'TKWQIW', `username` = 'ramoncito1', `sponsor_id` = 'ADZTOG', `vacant` = 'no', `f_name` = 'Ramon', `l_name` = 'Fernandez', `address` = '6520 Kendale Lakes Dr', `position` = 'left', `email` = 'ramoncito1@gmail.com', `password` = 'a0c8b1e6278c6bfddf2c883f921d4839', `phone` = '3057610606', `country` = 'United States', `state` = 'Florida', `city` = 'Miami', `street` = '6520 Kendale Lakes Dr', `zip_code` = '33183', `reg_ip` = '172.70.255.26', `status` = 1, `package_id` = '2', `rank_id` = 1, `highest_rank` = 1, `cycle_rank_id` = 1, `created` = '2024-10-01 11:22:45', `subscription_date` = '2024-10-31', `google_secret` = 'SNBB62QIXZ6TSW7U'
WHERE `uid` = '2024';
INSERT INTO `user_registration` (`uid`, `user_id`, `username`, `sponsor_id`, `placement_id`, `vacant`, `f_name`, `l_name`, `address`, `position`, `email`, `password`, `phone`, `reg_ip`, `status`, `created`) VALUES (NULL, 'WOJBEW', 'YqLatgXa', 'TKWQIW', 'TKWQIW', 'yes', '', '', '', 'left', '@mail.com', '', '', '', 0, '2024-10-01 11:22:45');
INSERT INTO `user_registration` (`uid`, `user_id`, `username`, `sponsor_id`, `placement_id`, `vacant`, `f_name`, `l_name`, `address`, `position`, `email`, `password`, `phone`, `reg_ip`, `status`, `created`) VALUES (NULL, 'TQWVFN', 'TlhsGfFo', 'TKWQIW', 'TKWQIW', 'yes', '', '', '', 'right', '@mail.com', '', '', '', 0, '2024-10-01 11:22:45');
INSERT INTO `bv_updation` (`user_id`) VALUES ('TKWQIW');
UPDATE `user_registration` SET total_ref_count = total_ref_count+1
WHERE `user_id` = 'ADZTOG';
UPDATE `user_registration` SET total_downlines = total_downlines+1
WHERE `user_id` = 'ADZTOG';
UPDATE `user_registration` SET left_downlines = left_downlines+1
WHERE `user_id` = 'ADZTOG';
UPDATE `user_registration` SET left_ref_count = left_ref_count+1
WHERE `user_id` = 'ADZTOG';
UPDATE `user_registration` SET active_left = active_left+1
WHERE `user_id` = 'ADZTOG';
UPDATE `user_registration` SET `binary_qualified` = 'yes', `binary_qualified_date` = '2024-10-01 11:22:45'
WHERE `user_id` = 'ADZTOG';
UPDATE `user_registration` SET total_downlines = total_downlines+1
WHERE `user_id` = 'A9858P';
UPDATE `user_registration` SET right_downlines = right_downlines+1
WHERE `user_id` = 'A9858P';
UPDATE `user_registration` SET total_downlines = total_downlines+1
WHERE `user_id` = 'admin';
UPDATE `user_registration` SET right_downlines = right_downlines+1
WHERE `user_id` = 'admin';
INSERT INTO `investment` (`invest_date`, `user_id`, `type`, `amount`, `package_id`) VALUES ('2024-10-01 11:22:45', 'TKWQIW', 'register', '595', '2');
INSERT INTO `earnings` (`user_id`, `Purchaser_id`, `earning_type`, `package_id`, `amount`, `date`, `comments`, `invest_amount`, `comm_perc`, `level`, `rank_id`, `order_id`) VALUES ('ADZTOG', 'TKWQIW', 'Direct Referral Bonus', '2', '100', '2024-10-01 11:22:45', 'Direct Referral Bonus', 0, 0, 1, '', 6);
UPDATE `user_registration` SET commission_balance = ROUND(commission_balance + 100,2)
WHERE `user_id` = 'ADZTOG';
UPDATE `user_registration` SET referral_bonus = ROUND(referral_bonus + 100,2)
WHERE `user_id` = 'ADZTOG';
INSERT INTO `matrix_filling` (`placement_id`, `downline_id`, `level`, `matrix`) VALUES ('ADZTOG', 'TKWQIW', 1, 1);
INSERT INTO `matrix_filling` (`placement_id`, `downline_id`, `level`, `matrix`) VALUES ('A9858P', 'TKWQIW', 2, 1);
UPDATE `bv_updation` SET right_carry = right_carry+50, total_right = total_right+50
WHERE `user_id` = 'A9858P';
INSERT INTO `placement_bv_update_history` (`right_carry`, `date`, `from_id`, `user_id`) VALUES ('50', '2024-10-01 11:22:45', 'TKWQIW', 'A9858P');
INSERT INTO `matrix_filling` (`placement_id`, `downline_id`, `level`, `matrix`) VALUES ('admin', 'TKWQIW', 3, 1);
UPDATE `bv_updation` SET right_carry = right_carry+50, total_right = total_right+50
WHERE `user_id` = 'admin';
INSERT INTO `placement_bv_update_history` (`right_carry`, `date`, `from_id`, `user_id`) VALUES ('50', '2024-10-01 11:22:45', 'TKWQIW', 'admin');
INSERT INTO `package_purchase_history` (`user_id`, `package_id`, `reg_fee`, `package_name`, `monthly_fee`, `type`, `date`, `payment_option`) VALUES ('TKWQIW', '2', '595', 'Traveler Pro', '150', 'sign_up', '2024-10-01 11:22:45', 'free');
UPDATE `user_registration` SET `popup_seen` = 'yes'
WHERE `user_id` = 'ADZTOG';
INSERT INTO `package_purchase_history` (`user_id`, `package_id`, `reg_fee`, `package_name`, `monthly_fee`, `type`, `date`, `payment_option`) VALUES ('ADZTOG', '2', '595', 'Traveler Pro', '150', 'upgrade', '2024-10-01 11:24:45', 'free');
UPDATE `user_registration` SET `package_id` = '2'
WHERE `user_id` = 'ADZTOG';
INSERT INTO `investment` (`invest_date`, `user_id`, `type`, `amount`, `package_id`) VALUES ('2024-10-01 11:24:45', 'ADZTOG', 'upgrade', '595', '2');
INSERT INTO `earnings` (`user_id`, `Purchaser_id`, `earning_type`, `package_id`, `amount`, `date`, `comments`, `invest_amount`, `comm_perc`, `level`, `rank_id`, `order_id`) VALUES ('A9858P', 'ADZTOG', 'Direct Referral Bonus', '2', '100', '2024-10-01 11:24:45', 'Direct Referral Bonus', 0, 0, 1, '', 7);
UPDATE `user_registration` SET commission_balance = ROUND(commission_balance + 100,2)
WHERE `user_id` = 'A9858P';
UPDATE `user_registration` SET referral_bonus = ROUND(referral_bonus + 100,2)
WHERE `user_id` = 'A9858P';
INSERT INTO `matrix_filling` (`placement_id`, `downline_id`, `level`, `matrix`) VALUES ('A9858P', 'ADZTOG', 1, 1);
UPDATE `bv_updation` SET right_carry = right_carry+50, total_right = total_right+50
WHERE `user_id` = 'A9858P';
INSERT INTO `placement_bv_update_history` (`right_carry`, `date`, `from_id`, `user_id`) VALUES ('50', '2024-10-01 11:24:45', 'ADZTOG', 'A9858P');
UPDATE `bv_updation` SET sponsor_right_carry = sponsor_right_carry+50, sponsor_total_right = sponsor_total_right+50
WHERE `user_id` = 'A9858P';
INSERT INTO `sponsor_bv_update_history` (`right_carry`, `date`, `user_id`) VALUES ('50', '2024-10-01 11:24:45', 'A9858P');
INSERT INTO `matrix_filling` (`placement_id`, `downline_id`, `level`, `matrix`) VALUES ('admin', 'ADZTOG', 2, 1);
UPDATE `bv_updation` SET right_carry = right_carry+50, total_right = total_right+50
WHERE `user_id` = 'admin';
INSERT INTO `placement_bv_update_history` (`right_carry`, `date`, `from_id`, `user_id`) VALUES ('50', '2024-10-01 11:24:45', 'ADZTOG', 'admin');
UPDATE `user_registration` SET `popup_seen` = 'yes'
WHERE `user_id` = 'ADZTOG';
UPDATE `ci_sessions` SET `timestamp` = 1727800015, `data` = '__ci_last_regenerate|i:1727800015;id|s:4:\"2023\";user_id|s:6:\"ADZTOG\";username|s:7:\"rafael1\";sponsor_id|s:6:\"A9858P\";fullname|s:16:\"Rafael Rodriguez\";email|s:17:\"rafael1@gmail.com\";phone|s:10:\"3057610606\";isLogIn|b:1;'
WHERE `id` = 'f44fdf710111ffde48b984a2ae430332fd91de3a';
UPDATE `user_registration` SET `uid` = '2029', `user_id` = 'KCF78M', `username` = 'ricardo1', `sponsor_id` = 'ADZTOG', `vacant` = 'no', `f_name` = 'Ricardo', `l_name` = 'Conde', `address` = '6520 Kendale Lakes Dr', `position` = 'right', `email` = 'ricardo1@gmail.com', `password` = '80dff741d4e095a1107f92c0ddfc397f', `phone` = '3057610606', `country` = 'United States', `state` = 'Florida', `city` = 'Miami', `street` = '6520 Kendale Lakes Dr', `zip_code` = '33183', `reg_ip` = '172.70.254.165', `status` = 1, `package_id` = '2', `rank_id` = 1, `highest_rank` = 1, `cycle_rank_id` = 1, `created` = '2024-10-01 11:28:50', `subscription_date` = '2024-10-31', `google_secret` = 'GQHNRMSV5QXPXFF5'
WHERE `uid` = '2029';
INSERT INTO `user_registration` (`uid`, `user_id`, `username`, `sponsor_id`, `placement_id`, `vacant`, `f_name`, `l_name`, `address`, `position`, `email`, `password`, `phone`, `reg_ip`, `status`, `created`) VALUES (NULL, 'KNWRPQ', 'NCbnYySI', 'KCF78M', 'KCF78M', 'yes', '', '', '', 'left', '@mail.com', '', '', '', 0, '2024-10-01 11:28:50');
INSERT INTO `user_registration` (`uid`, `user_id`, `username`, `sponsor_id`, `placement_id`, `vacant`, `f_name`, `l_name`, `address`, `position`, `email`, `password`, `phone`, `reg_ip`, `status`, `created`) VALUES (NULL, 'NYGFXR', 'ZExOCQaX', 'KCF78M', 'KCF78M', 'yes', '', '', '', 'right', '@mail.com', '', '', '', 0, '2024-10-01 11:28:50');
INSERT INTO `bv_updation` (`user_id`) VALUES ('KCF78M');
UPDATE `user_registration` SET total_ref_count = total_ref_count+1
WHERE `user_id` = 'ADZTOG';
UPDATE `user_registration` SET total_downlines = total_downlines+1
WHERE `user_id` = '7RY1ZP';
UPDATE `user_registration` SET right_downlines = right_downlines+1
WHERE `user_id` = '7RY1ZP';
UPDATE `user_registration` SET total_downlines = total_downlines+1
WHERE `user_id` = 'ADZTOG';
UPDATE `user_registration` SET right_downlines = right_downlines+1
WHERE `user_id` = 'ADZTOG';
UPDATE `user_registration` SET right_ref_count = right_ref_count+1
WHERE `user_id` = 'ADZTOG';
UPDATE `user_registration` SET active_right = active_right+1
WHERE `user_id` = 'ADZTOG';
UPDATE `user_registration` SET total_downlines = total_downlines+1
WHERE `user_id` = 'A9858P';
UPDATE `user_registration` SET right_downlines = right_downlines+1
WHERE `user_id` = 'A9858P';
UPDATE `user_registration` SET total_downlines = total_downlines+1
WHERE `user_id` = 'admin';
UPDATE `user_registration` SET right_downlines = right_downlines+1
WHERE `user_id` = 'admin';
INSERT INTO `investment` (`invest_date`, `user_id`, `type`, `amount`, `package_id`) VALUES ('2024-10-01 11:28:50', 'KCF78M', 'register', '595', '2');
INSERT INTO `earnings` (`user_id`, `Purchaser_id`, `earning_type`, `package_id`, `amount`, `date`, `comments`, `invest_amount`, `comm_perc`, `level`, `rank_id`, `order_id`) VALUES ('ADZTOG', 'KCF78M', 'Direct Referral Bonus', '2', '100', '2024-10-01 11:28:50', 'Direct Referral Bonus', 0, 0, 1, '', 8);
UPDATE `user_registration` SET commission_balance = ROUND(commission_balance + 100,2)
WHERE `user_id` = 'ADZTOG';
UPDATE `user_registration` SET referral_bonus = ROUND(referral_bonus + 100,2)
WHERE `user_id` = 'ADZTOG';
INSERT INTO `matrix_filling` (`placement_id`, `downline_id`, `level`, `matrix`) VALUES ('7RY1ZP', 'KCF78M', 1, 1);
UPDATE `bv_updation` SET right_carry = right_carry+50, total_right = total_right+50
WHERE `user_id` = '7RY1ZP';
INSERT INTO `placement_bv_update_history` (`right_carry`, `date`, `from_id`, `user_id`) VALUES ('50', '2024-10-01 11:28:50', 'KCF78M', '7RY1ZP');
INSERT INTO `matrix_filling` (`placement_id`, `downline_id`, `level`, `matrix`) VALUES ('ADZTOG', 'KCF78M', 2, 1);
UPDATE `bv_updation` SET right_carry = right_carry+50, total_right = total_right+50
WHERE `user_id` = 'ADZTOG';
INSERT INTO `placement_bv_update_history` (`right_carry`, `date`, `from_id`, `user_id`) VALUES ('50', '2024-10-01 11:28:50', 'KCF78M', 'ADZTOG');
UPDATE `bv_updation` SET sponsor_right_carry = sponsor_right_carry+50, sponsor_total_right = sponsor_total_right+50
WHERE `user_id` = 'ADZTOG';
INSERT INTO `sponsor_bv_update_history` (`right_carry`, `date`, `user_id`) VALUES ('50', '2024-10-01 11:28:50', 'ADZTOG');
INSERT INTO `matrix_filling` (`placement_id`, `downline_id`, `level`, `matrix`) VALUES ('A9858P', 'KCF78M', 3, 1);
UPDATE `bv_updation` SET right_carry = right_carry+50, total_right = total_right+50
WHERE `user_id` = 'A9858P';
INSERT INTO `placement_bv_update_history` (`right_carry`, `date`, `from_id`, `user_id`) VALUES ('50', '2024-10-01 11:28:50', 'KCF78M', 'A9858P');
INSERT INTO `matrix_filling` (`placement_id`, `downline_id`, `level`, `matrix`) VALUES ('admin', 'KCF78M', 4, 1);
UPDATE `bv_updation` SET right_carry = right_carry+50, total_right = total_right+50
WHERE `user_id` = 'admin';
INSERT INTO `placement_bv_update_history` (`right_carry`, `date`, `from_id`, `user_id`) VALUES ('50', '2024-10-01 11:28:50', 'KCF78M', 'admin');
INSERT INTO `package_purchase_history` (`user_id`, `package_id`, `reg_fee`, `package_name`, `monthly_fee`, `type`, `date`, `payment_option`) VALUES ('KCF78M', '2', '595', 'Traveler Pro', '150', 'sign_up', '2024-10-01 11:28:50', 'free');
UPDATE `user_registration` SET `popup_seen` = 'yes'
WHERE `user_id` = 'ADZTOG';
UPDATE `user_registration` SET `uid` = '2030', `user_id` = 'S8QNVM', `username` = 'manolito1', `sponsor_id` = 'ADZTOG', `vacant` = 'no', `f_name` = 'Manuel', `l_name` = 'Sanchez', `address` = '6520 Kendale Lakes Dr', `position` = 'left', `email` = 'manolito1@gmail.com', `password` = 'a15170e6ec6f9f461ed1612840972257', `phone` = '3057610606', `country` = 'United States', `state` = 'Florida', `city` = 'Miami', `street` = '6520 Kendale Lakes Dr', `zip_code` = '33183', `reg_ip` = '172.70.54.74', `status` = 1, `package_id` = '2', `rank_id` = 1, `highest_rank` = 1, `cycle_rank_id` = 1, `created` = '2024-10-01 11:31:05', `subscription_date` = '2024-10-31', `google_secret` = 'C5EQPRM5UJAYOMF2'
WHERE `uid` = '2030';
INSERT INTO `user_registration` (`uid`, `user_id`, `username`, `sponsor_id`, `placement_id`, `vacant`, `f_name`, `l_name`, `address`, `position`, `email`, `password`, `phone`, `reg_ip`, `status`, `created`) VALUES (NULL, 'EJQXRW', 'TWolWfPf', 'S8QNVM', 'S8QNVM', 'yes', '', '', '', 'left', '@mail.com', '', '', '', 0, '2024-10-01 11:31:05');
INSERT INTO `user_registration` (`uid`, `user_id`, `username`, `sponsor_id`, `placement_id`, `vacant`, `f_name`, `l_name`, `address`, `position`, `email`, `password`, `phone`, `reg_ip`, `status`, `created`) VALUES (NULL, 'HQOVNR', 'BlMMnrWT', 'S8QNVM', 'S8QNVM', 'yes', '', '', '', 'right', '@mail.com', '', '', '', 0, '2024-10-01 11:31:05');
INSERT INTO `bv_updation` (`user_id`) VALUES ('S8QNVM');
UPDATE `user_registration` SET total_ref_count = total_ref_count+1
WHERE `user_id` = 'ADZTOG';
UPDATE `user_registration` SET total_downlines = total_downlines+1
WHERE `user_id` = 'TKWQIW';
UPDATE `user_registration` SET left_downlines = left_downlines+1
WHERE `user_id` = 'TKWQIW';
UPDATE `user_registration` SET total_downlines = total_downlines+1
WHERE `user_id` = 'ADZTOG';
UPDATE `user_registration` SET left_downlines = left_downlines+1
WHERE `user_id` = 'ADZTOG';
UPDATE `user_registration` SET left_ref_count = left_ref_count+1
WHERE `user_id` = 'ADZTOG';
UPDATE `user_registration` SET active_left = active_left+1
WHERE `user_id` = 'ADZTOG';
UPDATE `user_registration` SET total_downlines = total_downlines+1
WHERE `user_id` = 'A9858P';
UPDATE `user_registration` SET right_downlines = right_downlines+1
WHERE `user_id` = 'A9858P';
UPDATE `user_registration` SET total_downlines = total_downlines+1
WHERE `user_id` = 'admin';
UPDATE `user_registration` SET right_downlines = right_downlines+1
WHERE `user_id` = 'admin';
INSERT INTO `investment` (`invest_date`, `user_id`, `type`, `amount`, `package_id`) VALUES ('2024-10-01 11:31:05', 'S8QNVM', 'register', '595', '2');
INSERT INTO `earnings` (`user_id`, `Purchaser_id`, `earning_type`, `package_id`, `amount`, `date`, `comments`, `invest_amount`, `comm_perc`, `level`, `rank_id`, `order_id`) VALUES ('ADZTOG', 'S8QNVM', 'Direct Referral Bonus', '2', '100', '2024-10-01 11:31:05', 'Direct Referral Bonus', 0, 0, 1, '', 9);
UPDATE `user_registration` SET commission_balance = ROUND(commission_balance + 100,2)
WHERE `user_id` = 'ADZTOG';
UPDATE `user_registration` SET referral_bonus = ROUND(referral_bonus + 100,2)
WHERE `user_id` = 'ADZTOG';
INSERT INTO `matrix_filling` (`placement_id`, `downline_id`, `level`, `matrix`) VALUES ('TKWQIW', 'S8QNVM', 1, 1);
UPDATE `bv_updation` SET left_carry = left_carry+50, total_left = total_left+50
WHERE `user_id` = 'TKWQIW';
INSERT INTO `placement_bv_update_history` (`left_carry`, `date`, `from_id`, `user_id`) VALUES ('50', '2024-10-01 11:31:05', 'S8QNVM', 'TKWQIW');
INSERT INTO `matrix_filling` (`placement_id`, `downline_id`, `level`, `matrix`) VALUES ('ADZTOG', 'S8QNVM', 2, 1);
UPDATE `bv_updation` SET left_carry = left_carry+50, total_left = total_left+50
WHERE `user_id` = 'ADZTOG';
INSERT INTO `placement_bv_update_history` (`left_carry`, `date`, `from_id`, `user_id`) VALUES ('50', '2024-10-01 11:31:05', 'S8QNVM', 'ADZTOG');
UPDATE `bv_updation` SET sponsor_left_carry = sponsor_left_carry+50, sponsor_total_left = sponsor_total_left+50
WHERE `user_id` = 'ADZTOG';
INSERT INTO `sponsor_bv_update_history` (`left_carry`, `date`, `user_id`) VALUES ('50', '2024-10-01 11:31:05', 'ADZTOG');
INSERT INTO `matrix_filling` (`placement_id`, `downline_id`, `level`, `matrix`) VALUES ('A9858P', 'S8QNVM', 3, 1);
UPDATE `bv_updation` SET right_carry = right_carry+50, total_right = total_right+50
WHERE `user_id` = 'A9858P';
INSERT INTO `placement_bv_update_history` (`right_carry`, `date`, `from_id`, `user_id`) VALUES ('50', '2024-10-01 11:31:05', 'S8QNVM', 'A9858P');
INSERT INTO `matrix_filling` (`placement_id`, `downline_id`, `level`, `matrix`) VALUES ('admin', 'S8QNVM', 4, 1);
UPDATE `bv_updation` SET right_carry = right_carry+50, total_right = total_right+50
WHERE `user_id` = 'admin';
INSERT INTO `placement_bv_update_history` (`right_carry`, `date`, `from_id`, `user_id`) VALUES ('50', '2024-10-01 11:31:05', 'S8QNVM', 'admin');
INSERT INTO `package_purchase_history` (`user_id`, `package_id`, `reg_fee`, `package_name`, `monthly_fee`, `type`, `date`, `payment_option`) VALUES ('S8QNVM', '2', '595', 'Traveler Pro', '150', 'sign_up', '2024-10-01 11:31:05', 'free');
UPDATE `user_registration` SET `popup_seen` = 'yes'
WHERE `user_id` = 'ADZTOG';
UPDATE `ci_sessions` SET `timestamp` = 1727800325, `data` = '__ci_last_regenerate|i:1727800325;id|s:4:\"2023\";user_id|s:6:\"ADZTOG\";username|s:7:\"rafael1\";sponsor_id|s:6:\"A9858P\";fullname|s:16:\"Rafael Rodriguez\";email|s:17:\"rafael1@gmail.com\";phone|s:10:\"3057610606\";isLogIn|b:1;'
WHERE `id` = 'd39d280fa6354802131f93f9f132154ee219df4f';
UPDATE `user_registration` SET `uid` = '2033', `user_id` = 'QPNZO1', `username` = 'consuelito1', `sponsor_id` = 'ADZTOG', `vacant` = 'no', `f_name` = 'Consuelo', `l_name` = 'Vidal', `address` = '6520 Kendale Lakes Dr', `position` = 'right', `email` = 'consuelito1@gmail.com', `password` = '5cea6b1f0972e914ee04c1ac2de5198c', `phone` = '3057610606', `country` = 'United States', `state` = 'Florida', `city` = 'Miami', `street` = '6520 Kendale Lakes Dr', `zip_code` = '33183', `reg_ip` = '172.70.255.65', `status` = 1, `package_id` = '2', `rank_id` = 1, `highest_rank` = 1, `cycle_rank_id` = 1, `created` = '2024-10-01 11:33:40', `subscription_date` = '2024-10-31', `google_secret` = 'N4NSFENLIT7BFQE6'
WHERE `uid` = '2033';
INSERT INTO `user_registration` (`uid`, `user_id`, `username`, `sponsor_id`, `placement_id`, `vacant`, `f_name`, `l_name`, `address`, `position`, `email`, `password`, `phone`, `reg_ip`, `status`, `created`) VALUES (NULL, 'YEOSNE', 'UaGccQhc', 'QPNZO1', 'QPNZO1', 'yes', '', '', '', 'left', '@mail.com', '', '', '', 0, '2024-10-01 11:33:40');
INSERT INTO `user_registration` (`uid`, `user_id`, `username`, `sponsor_id`, `placement_id`, `vacant`, `f_name`, `l_name`, `address`, `position`, `email`, `password`, `phone`, `reg_ip`, `status`, `created`) VALUES (NULL, 'HTASUC', 'nSavrvZF', 'QPNZO1', 'QPNZO1', 'yes', '', '', '', 'right', '@mail.com', '', '', '', 0, '2024-10-01 11:33:40');
INSERT INTO `bv_updation` (`user_id`) VALUES ('QPNZO1');
UPDATE `user_registration` SET total_ref_count = total_ref_count+1
WHERE `user_id` = 'ADZTOG';
UPDATE `user_registration` SET total_downlines = total_downlines+1
WHERE `user_id` = 'KCF78M';
UPDATE `user_registration` SET right_downlines = right_downlines+1
WHERE `user_id` = 'KCF78M';
UPDATE `user_registration` SET total_downlines = total_downlines+1
WHERE `user_id` = '7RY1ZP';
UPDATE `user_registration` SET right_downlines = right_downlines+1
WHERE `user_id` = '7RY1ZP';
UPDATE `user_registration` SET total_downlines = total_downlines+1
WHERE `user_id` = 'ADZTOG';
UPDATE `user_registration` SET right_downlines = right_downlines+1
WHERE `user_id` = 'ADZTOG';
UPDATE `user_registration` SET right_ref_count = right_ref_count+1
WHERE `user_id` = 'ADZTOG';
UPDATE `user_registration` SET active_right = active_right+1
WHERE `user_id` = 'ADZTOG';
UPDATE `user_registration` SET total_downlines = total_downlines+1
WHERE `user_id` = 'A9858P';
UPDATE `user_registration` SET right_downlines = right_downlines+1
WHERE `user_id` = 'A9858P';
UPDATE `user_registration` SET total_downlines = total_downlines+1
WHERE `user_id` = 'admin';
UPDATE `user_registration` SET right_downlines = right_downlines+1
WHERE `user_id` = 'admin';
INSERT INTO `investment` (`invest_date`, `user_id`, `type`, `amount`, `package_id`) VALUES ('2024-10-01 11:33:40', 'QPNZO1', 'register', '595', '2');
INSERT INTO `earnings` (`user_id`, `Purchaser_id`, `earning_type`, `package_id`, `amount`, `date`, `comments`, `invest_amount`, `comm_perc`, `level`, `rank_id`, `order_id`) VALUES ('ADZTOG', 'QPNZO1', 'Direct Referral Bonus', '2', '100', '2024-10-01 11:33:40', 'Direct Referral Bonus', 0, 0, 1, '', 10);
UPDATE `user_registration` SET commission_balance = ROUND(commission_balance + 100,2)
WHERE `user_id` = 'ADZTOG';
UPDATE `user_registration` SET referral_bonus = ROUND(referral_bonus + 100,2)
WHERE `user_id` = 'ADZTOG';
INSERT INTO `matrix_filling` (`placement_id`, `downline_id`, `level`, `matrix`) VALUES ('KCF78M', 'QPNZO1', 1, 1);
UPDATE `bv_updation` SET right_carry = right_carry+50, total_right = total_right+50
WHERE `user_id` = 'KCF78M';
INSERT INTO `placement_bv_update_history` (`right_carry`, `date`, `from_id`, `user_id`) VALUES ('50', '2024-10-01 11:33:40', 'QPNZO1', 'KCF78M');
INSERT INTO `matrix_filling` (`placement_id`, `downline_id`, `level`, `matrix`) VALUES ('7RY1ZP', 'QPNZO1', 2, 1);
UPDATE `bv_updation` SET right_carry = right_carry+50, total_right = total_right+50
WHERE `user_id` = '7RY1ZP';
INSERT INTO `placement_bv_update_history` (`right_carry`, `date`, `from_id`, `user_id`) VALUES ('50', '2024-10-01 11:33:40', 'QPNZO1', '7RY1ZP');
INSERT INTO `matrix_filling` (`placement_id`, `downline_id`, `level`, `matrix`) VALUES ('ADZTOG', 'QPNZO1', 3, 1);
UPDATE `bv_updation` SET right_carry = right_carry+50, total_right = total_right+50
WHERE `user_id` = 'ADZTOG';
INSERT INTO `placement_bv_update_history` (`right_carry`, `date`, `from_id`, `user_id`) VALUES ('50', '2024-10-01 11:33:40', 'QPNZO1', 'ADZTOG');
UPDATE `bv_updation` SET sponsor_right_carry = sponsor_right_carry+50, sponsor_total_right = sponsor_total_right+50
WHERE `user_id` = 'ADZTOG';
INSERT INTO `sponsor_bv_update_history` (`right_carry`, `date`, `user_id`) VALUES ('50', '2024-10-01 11:33:40', 'ADZTOG');
INSERT INTO `matrix_filling` (`placement_id`, `downline_id`, `level`, `matrix`) VALUES ('A9858P', 'QPNZO1', 4, 1);
UPDATE `bv_updation` SET right_carry = right_carry+50, total_right = total_right+50
WHERE `user_id` = 'A9858P';
INSERT INTO `placement_bv_update_history` (`right_carry`, `date`, `from_id`, `user_id`) VALUES ('50', '2024-10-01 11:33:40', 'QPNZO1', 'A9858P');
INSERT INTO `matrix_filling` (`placement_id`, `downline_id`, `level`, `matrix`) VALUES ('admin', 'QPNZO1', 5, 1);
UPDATE `bv_updation` SET right_carry = right_carry+50, total_right = total_right+50
WHERE `user_id` = 'admin';
INSERT INTO `placement_bv_update_history` (`right_carry`, `date`, `from_id`, `user_id`) VALUES ('50', '2024-10-01 11:33:40', 'QPNZO1', 'admin');
INSERT INTO `package_purchase_history` (`user_id`, `package_id`, `reg_fee`, `package_name`, `monthly_fee`, `type`, `date`, `payment_option`) VALUES ('QPNZO1', '2', '595', 'Traveler Pro', '150', 'sign_up', '2024-10-01 11:33:40', 'free');
UPDATE `user_registration` SET `popup_seen` = 'yes'
WHERE `user_id` = 'ADZTOG';
UPDATE `user_registration` SET `uid` = '2034', `user_id` = 'FEFAEE', `username` = 'enriqueta1', `sponsor_id` = 'ADZTOG', `vacant` = 'no', `f_name` = 'Enriqueta', `l_name` = 'Arredondo', `address` = '6520 Kendale Lakes Dr', `position` = 'left', `email` = 'enriqueta1@gmail.com', `password` = 'ba913f2acea3273c21a3a97e7ca7fedf', `phone` = '3057610606', `country` = 'United States', `state` = 'Florida', `city` = 'Miami', `street` = '6520 Kendale Lakes Dr', `zip_code` = '33183', `reg_ip` = '172.70.83.101', `status` = 1, `package_id` = '2', `rank_id` = 1, `highest_rank` = 1, `cycle_rank_id` = 1, `created` = '2024-10-01 11:35:41', `subscription_date` = '2024-10-31', `google_secret` = 'DDNCK6MWR2ZOEYHE'
WHERE `uid` = '2034';
INSERT INTO `user_registration` (`uid`, `user_id`, `username`, `sponsor_id`, `placement_id`, `vacant`, `f_name`, `l_name`, `address`, `position`, `email`, `password`, `phone`, `reg_ip`, `status`, `created`) VALUES (NULL, 'YUTMMB', 'axGJSQKM', 'FEFAEE', 'FEFAEE', 'yes', '', '', '', 'left', '@mail.com', '', '', '', 0, '2024-10-01 11:35:41');
INSERT INTO `user_registration` (`uid`, `user_id`, `username`, `sponsor_id`, `placement_id`, `vacant`, `f_name`, `l_name`, `address`, `position`, `email`, `password`, `phone`, `reg_ip`, `status`, `created`) VALUES (NULL, 'VNKNMG', 'XhZYxDES', 'FEFAEE', 'FEFAEE', 'yes', '', '', '', 'right', '@mail.com', '', '', '', 0, '2024-10-01 11:35:41');
INSERT INTO `bv_updation` (`user_id`) VALUES ('FEFAEE');
UPDATE `user_registration` SET total_ref_count = total_ref_count+1
WHERE `user_id` = 'ADZTOG';
UPDATE `user_registration` SET total_downlines = total_downlines+1
WHERE `user_id` = 'S8QNVM';
UPDATE `user_registration` SET left_downlines = left_downlines+1
WHERE `user_id` = 'S8QNVM';
UPDATE `user_registration` SET total_downlines = total_downlines+1
WHERE `user_id` = 'TKWQIW';
UPDATE `user_registration` SET left_downlines = left_downlines+1
WHERE `user_id` = 'TKWQIW';
UPDATE `user_registration` SET total_downlines = total_downlines+1
WHERE `user_id` = 'ADZTOG';
UPDATE `user_registration` SET left_downlines = left_downlines+1
WHERE `user_id` = 'ADZTOG';
UPDATE `user_registration` SET left_ref_count = left_ref_count+1
WHERE `user_id` = 'ADZTOG';
UPDATE `user_registration` SET active_left = active_left+1
WHERE `user_id` = 'ADZTOG';
UPDATE `user_registration` SET total_downlines = total_downlines+1
WHERE `user_id` = 'A9858P';
UPDATE `user_registration` SET right_downlines = right_downlines+1
WHERE `user_id` = 'A9858P';
UPDATE `user_registration` SET total_downlines = total_downlines+1
WHERE `user_id` = 'admin';
UPDATE `user_registration` SET right_downlines = right_downlines+1
WHERE `user_id` = 'admin';
INSERT INTO `investment` (`invest_date`, `user_id`, `type`, `amount`, `package_id`) VALUES ('2024-10-01 11:35:41', 'FEFAEE', 'register', '595', '2');
INSERT INTO `earnings` (`user_id`, `Purchaser_id`, `earning_type`, `package_id`, `amount`, `date`, `comments`, `invest_amount`, `comm_perc`, `level`, `rank_id`, `order_id`) VALUES ('ADZTOG', 'FEFAEE', 'Direct Referral Bonus', '2', '100', '2024-10-01 11:35:41', 'Direct Referral Bonus', 0, 0, 1, '', 11);
UPDATE `user_registration` SET commission_balance = ROUND(commission_balance + 100,2)
WHERE `user_id` = 'ADZTOG';
UPDATE `user_registration` SET referral_bonus = ROUND(referral_bonus + 100,2)
WHERE `user_id` = 'ADZTOG';
INSERT INTO `matrix_filling` (`placement_id`, `downline_id`, `level`, `matrix`) VALUES ('S8QNVM', 'FEFAEE', 1, 1);
UPDATE `bv_updation` SET left_carry = left_carry+50, total_left = total_left+50
WHERE `user_id` = 'S8QNVM';
INSERT INTO `placement_bv_update_history` (`left_carry`, `date`, `from_id`, `user_id`) VALUES ('50', '2024-10-01 11:35:41', 'FEFAEE', 'S8QNVM');
INSERT INTO `matrix_filling` (`placement_id`, `downline_id`, `level`, `matrix`) VALUES ('TKWQIW', 'FEFAEE', 2, 1);
UPDATE `bv_updation` SET left_carry = left_carry+50, total_left = total_left+50
WHERE `user_id` = 'TKWQIW';
INSERT INTO `placement_bv_update_history` (`left_carry`, `date`, `from_id`, `user_id`) VALUES ('50', '2024-10-01 11:35:41', 'FEFAEE', 'TKWQIW');
INSERT INTO `matrix_filling` (`placement_id`, `downline_id`, `level`, `matrix`) VALUES ('ADZTOG', 'FEFAEE', 3, 1);
UPDATE `bv_updation` SET left_carry = left_carry+50, total_left = total_left+50
WHERE `user_id` = 'ADZTOG';
INSERT INTO `placement_bv_update_history` (`left_carry`, `date`, `from_id`, `user_id`) VALUES ('50', '2024-10-01 11:35:41', 'FEFAEE', 'ADZTOG');
UPDATE `bv_updation` SET sponsor_left_carry = sponsor_left_carry+50, sponsor_total_left = sponsor_total_left+50
WHERE `user_id` = 'ADZTOG';
INSERT INTO `sponsor_bv_update_history` (`left_carry`, `date`, `user_id`) VALUES ('50', '2024-10-01 11:35:41', 'ADZTOG');
INSERT INTO `matrix_filling` (`placement_id`, `downline_id`, `level`, `matrix`) VALUES ('A9858P', 'FEFAEE', 4, 1);
UPDATE `bv_updation` SET right_carry = right_carry+50, total_right = total_right+50
WHERE `user_id` = 'A9858P';
INSERT INTO `placement_bv_update_history` (`right_carry`, `date`, `from_id`, `user_id`) VALUES ('50', '2024-10-01 11:35:41', 'FEFAEE', 'A9858P');
INSERT INTO `matrix_filling` (`placement_id`, `downline_id`, `level`, `matrix`) VALUES ('admin', 'FEFAEE', 5, 1);
UPDATE `bv_updation` SET right_carry = right_carry+50, total_right = total_right+50
WHERE `user_id` = 'admin';
INSERT INTO `placement_bv_update_history` (`right_carry`, `date`, `from_id`, `user_id`) VALUES ('50', '2024-10-01 11:35:41', 'FEFAEE', 'admin');
INSERT INTO `package_purchase_history` (`user_id`, `package_id`, `reg_fee`, `package_name`, `monthly_fee`, `type`, `date`, `payment_option`) VALUES ('FEFAEE', '2', '595', 'Traveler Pro', '150', 'sign_up', '2024-10-01 11:35:41', 'free');
UPDATE `user_registration` SET `popup_seen` = 'yes'
WHERE `user_id` = 'ADZTOG';
UPDATE `ci_sessions` SET `timestamp` = 1727800692, `data` = '__ci_last_regenerate|i:1727800692;id|s:4:\"2023\";user_id|s:6:\"ADZTOG\";username|s:7:\"rafael1\";sponsor_id|s:6:\"A9858P\";fullname|s:16:\"Rafael Rodriguez\";email|s:17:\"rafael1@gmail.com\";phone|s:10:\"3057610606\";isLogIn|b:1;'
WHERE `id` = 'ca835dbafeef96694164c4db0037cd5021ac7016';
UPDATE `user_registration` SET `uid` = '2037', `user_id` = '7WQBA7', `username` = 'roxana1', `sponsor_id` = 'ADZTOG', `vacant` = 'no', `f_name` = 'Roxana', `l_name` = 'Perez', `address` = '6520 Kendale Lakes Dr', `position` = 'right', `email` = 'roxana1@gmail.com', `password` = '2b1c85c34a40f587631d6bbc1aa77fb3', `phone` = '3057610606', `country` = 'United States', `state` = 'Florida', `city` = 'Miami', `street` = '6520 Kendale Lakes Dr', `zip_code` = '33183', `reg_ip` = '172.70.254.95', `status` = 1, `package_id` = '2', `rank_id` = 1, `highest_rank` = 1, `cycle_rank_id` = 1, `created` = '2024-10-01 11:38:12', `subscription_date` = '2024-10-31', `google_secret` = 'AA4BTAATXTVY54RG'
WHERE `uid` = '2037';
INSERT INTO `user_registration` (`uid`, `user_id`, `username`, `sponsor_id`, `placement_id`, `vacant`, `f_name`, `l_name`, `address`, `position`, `email`, `password`, `phone`, `reg_ip`, `status`, `created`) VALUES (NULL, 'YMOGQE', 'mKEFGJOE', '7WQBA7', '7WQBA7', 'yes', '', '', '', 'left', '@mail.com', '', '', '', 0, '2024-10-01 11:38:12');
INSERT INTO `user_registration` (`uid`, `user_id`, `username`, `sponsor_id`, `placement_id`, `vacant`, `f_name`, `l_name`, `address`, `position`, `email`, `password`, `phone`, `reg_ip`, `status`, `created`) VALUES (NULL, 'RSQCBP', 'qMAGacCx', '7WQBA7', '7WQBA7', 'yes', '', '', '', 'right', '@mail.com', '', '', '', 0, '2024-10-01 11:38:12');
INSERT INTO `bv_updation` (`user_id`) VALUES ('7WQBA7');
UPDATE `user_registration` SET total_ref_count = total_ref_count+1
WHERE `user_id` = 'ADZTOG';
UPDATE `user_registration` SET total_downlines = total_downlines+1
WHERE `user_id` = 'QPNZO1';
UPDATE `user_registration` SET right_downlines = right_downlines+1
WHERE `user_id` = 'QPNZO1';
UPDATE `user_registration` SET total_downlines = total_downlines+1
WHERE `user_id` = 'KCF78M';
UPDATE `user_registration` SET right_downlines = right_downlines+1
WHERE `user_id` = 'KCF78M';
UPDATE `user_registration` SET total_downlines = total_downlines+1
WHERE `user_id` = '7RY1ZP';
UPDATE `user_registration` SET right_downlines = right_downlines+1
WHERE `user_id` = '7RY1ZP';
UPDATE `user_registration` SET total_downlines = total_downlines+1
WHERE `user_id` = 'ADZTOG';
UPDATE `user_registration` SET right_downlines = right_downlines+1
WHERE `user_id` = 'ADZTOG';
UPDATE `user_registration` SET right_ref_count = right_ref_count+1
WHERE `user_id` = 'ADZTOG';
UPDATE `user_registration` SET active_right = active_right+1
WHERE `user_id` = 'ADZTOG';
UPDATE `user_registration` SET total_downlines = total_downlines+1
WHERE `user_id` = 'A9858P';
UPDATE `user_registration` SET right_downlines = right_downlines+1
WHERE `user_id` = 'A9858P';
UPDATE `user_registration` SET total_downlines = total_downlines+1
WHERE `user_id` = 'admin';
UPDATE `user_registration` SET right_downlines = right_downlines+1
WHERE `user_id` = 'admin';
INSERT INTO `investment` (`invest_date`, `user_id`, `type`, `amount`, `package_id`) VALUES ('2024-10-01 11:38:12', '7WQBA7', 'register', '595', '2');
INSERT INTO `earnings` (`user_id`, `Purchaser_id`, `earning_type`, `package_id`, `amount`, `date`, `comments`, `invest_amount`, `comm_perc`, `level`, `rank_id`, `order_id`) VALUES ('ADZTOG', '7WQBA7', 'Direct Referral Bonus', '2', '100', '2024-10-01 11:38:12', 'Direct Referral Bonus', 0, 0, 1, '', 12);
UPDATE `user_registration` SET commission_balance = ROUND(commission_balance + 100,2)
WHERE `user_id` = 'ADZTOG';
UPDATE `user_registration` SET referral_bonus = ROUND(referral_bonus + 100,2)
WHERE `user_id` = 'ADZTOG';
INSERT INTO `matrix_filling` (`placement_id`, `downline_id`, `level`, `matrix`) VALUES ('QPNZO1', '7WQBA7', 1, 1);
UPDATE `bv_updation` SET right_carry = right_carry+50, total_right = total_right+50
WHERE `user_id` = 'QPNZO1';
INSERT INTO `placement_bv_update_history` (`right_carry`, `date`, `from_id`, `user_id`) VALUES ('50', '2024-10-01 11:38:12', '7WQBA7', 'QPNZO1');
INSERT INTO `matrix_filling` (`placement_id`, `downline_id`, `level`, `matrix`) VALUES ('KCF78M', '7WQBA7', 2, 1);
UPDATE `bv_updation` SET right_carry = right_carry+50, total_right = total_right+50
WHERE `user_id` = 'KCF78M';
INSERT INTO `placement_bv_update_history` (`right_carry`, `date`, `from_id`, `user_id`) VALUES ('50', '2024-10-01 11:38:12', '7WQBA7', 'KCF78M');
INSERT INTO `matrix_filling` (`placement_id`, `downline_id`, `level`, `matrix`) VALUES ('7RY1ZP', '7WQBA7', 3, 1);
UPDATE `bv_updation` SET right_carry = right_carry+50, total_right = total_right+50
WHERE `user_id` = '7RY1ZP';
INSERT INTO `placement_bv_update_history` (`right_carry`, `date`, `from_id`, `user_id`) VALUES ('50', '2024-10-01 11:38:12', '7WQBA7', '7RY1ZP');
INSERT INTO `matrix_filling` (`placement_id`, `downline_id`, `level`, `matrix`) VALUES ('ADZTOG', '7WQBA7', 4, 1);
UPDATE `bv_updation` SET right_carry = right_carry+50, total_right = total_right+50
WHERE `user_id` = 'ADZTOG';
INSERT INTO `placement_bv_update_history` (`right_carry`, `date`, `from_id`, `user_id`) VALUES ('50', '2024-10-01 11:38:12', '7WQBA7', 'ADZTOG');
UPDATE `bv_updation` SET sponsor_right_carry = sponsor_right_carry+50, sponsor_total_right = sponsor_total_right+50
WHERE `user_id` = 'ADZTOG';
INSERT INTO `sponsor_bv_update_history` (`right_carry`, `date`, `user_id`) VALUES ('50', '2024-10-01 11:38:12', 'ADZTOG');
INSERT INTO `matrix_filling` (`placement_id`, `downline_id`, `level`, `matrix`) VALUES ('A9858P', '7WQBA7', 5, 1);
UPDATE `bv_updation` SET right_carry = right_carry+50, total_right = total_right+50
WHERE `user_id` = 'A9858P';
INSERT INTO `placement_bv_update_history` (`right_carry`, `date`, `from_id`, `user_id`) VALUES ('50', '2024-10-01 11:38:12', '7WQBA7', 'A9858P');
INSERT INTO `matrix_filling` (`placement_id`, `downline_id`, `level`, `matrix`) VALUES ('admin', '7WQBA7', 6, 1);
UPDATE `bv_updation` SET right_carry = right_carry+50, total_right = total_right+50
WHERE `user_id` = 'admin';
INSERT INTO `placement_bv_update_history` (`right_carry`, `date`, `from_id`, `user_id`) VALUES ('50', '2024-10-01 11:38:12', '7WQBA7', 'admin');
INSERT INTO `package_purchase_history` (`user_id`, `package_id`, `reg_fee`, `package_name`, `monthly_fee`, `type`, `date`, `payment_option`) VALUES ('7WQBA7', '2', '595', 'Traveler Pro', '150', 'sign_up', '2024-10-01 11:38:12', 'free');
UPDATE `user_registration` SET `popup_seen` = 'yes'
WHERE `user_id` = 'ADZTOG';
UPDATE `user_registration` SET `uid` = '2038', `user_id` = 'XYHOZ4', `username` = 'livio1', `sponsor_id` = 'ADZTOG', `vacant` = 'no', `f_name` = 'Livio', `l_name` = 'Fernández', `address` = '6520 Kendale Lakes Dr', `position` = 'left', `email` = 'livio1@gmail.com', `password` = 'cb411f4de8b4bb93c98a6af28bd23335', `phone` = '3057610606', `country` = 'United States', `state` = 'Florida', `city` = 'Miami', `street` = '6520 Kendale Lakes Dr', `zip_code` = '33183', `reg_ip` = '172.70.255.59', `status` = 1, `package_id` = '2', `rank_id` = 1, `highest_rank` = 1, `cycle_rank_id` = 1, `created` = '2024-10-01 11:39:46', `subscription_date` = '2024-10-31', `google_secret` = 'E67VI6VR4HKZBPA2'
WHERE `uid` = '2038';
INSERT INTO `user_registration` (`uid`, `user_id`, `username`, `sponsor_id`, `placement_id`, `vacant`, `f_name`, `l_name`, `address`, `position`, `email`, `password`, `phone`, `reg_ip`, `status`, `created`) VALUES (NULL, 'WEEVPA', 'qSrnZSmq', 'XYHOZ4', 'XYHOZ4', 'yes', '', '', '', 'left', '@mail.com', '', '', '', 0, '2024-10-01 11:39:46');
INSERT INTO `user_registration` (`uid`, `user_id`, `username`, `sponsor_id`, `placement_id`, `vacant`, `f_name`, `l_name`, `address`, `position`, `email`, `password`, `phone`, `reg_ip`, `status`, `created`) VALUES (NULL, 'FXKOIF', 'ehWbeAvn', 'XYHOZ4', 'XYHOZ4', 'yes', '', '', '', 'right', '@mail.com', '', '', '', 0, '2024-10-01 11:39:46');
INSERT INTO `bv_updation` (`user_id`) VALUES ('XYHOZ4');
UPDATE `user_registration` SET total_ref_count = total_ref_count+1
WHERE `user_id` = 'ADZTOG';
UPDATE `user_registration` SET total_downlines = total_downlines+1
WHERE `user_id` = 'FEFAEE';
UPDATE `user_registration` SET left_downlines = left_downlines+1
WHERE `user_id` = 'FEFAEE';
UPDATE `user_registration` SET total_downlines = total_downlines+1
WHERE `user_id` = 'S8QNVM';
UPDATE `user_registration` SET left_downlines = left_downlines+1
WHERE `user_id` = 'S8QNVM';
UPDATE `user_registration` SET total_downlines = total_downlines+1
WHERE `user_id` = 'TKWQIW';
UPDATE `user_registration` SET left_downlines = left_downlines+1
WHERE `user_id` = 'TKWQIW';
UPDATE `user_registration` SET total_downlines = total_downlines+1
WHERE `user_id` = 'ADZTOG';
UPDATE `user_registration` SET left_downlines = left_downlines+1
WHERE `user_id` = 'ADZTOG';
UPDATE `user_registration` SET left_ref_count = left_ref_count+1
WHERE `user_id` = 'ADZTOG';
UPDATE `user_registration` SET active_left = active_left+1
WHERE `user_id` = 'ADZTOG';
UPDATE `user_registration` SET total_downlines = total_downlines+1
WHERE `user_id` = 'A9858P';
UPDATE `user_registration` SET right_downlines = right_downlines+1
WHERE `user_id` = 'A9858P';
UPDATE `user_registration` SET total_downlines = total_downlines+1
WHERE `user_id` = 'admin';
UPDATE `user_registration` SET right_downlines = right_downlines+1
WHERE `user_id` = 'admin';
INSERT INTO `investment` (`invest_date`, `user_id`, `type`, `amount`, `package_id`) VALUES ('2024-10-01 11:39:46', 'XYHOZ4', 'register', '595', '2');
INSERT INTO `earnings` (`user_id`, `Purchaser_id`, `earning_type`, `package_id`, `amount`, `date`, `comments`, `invest_amount`, `comm_perc`, `level`, `rank_id`, `order_id`) VALUES ('ADZTOG', 'XYHOZ4', 'Direct Referral Bonus', '2', '100', '2024-10-01 11:39:46', 'Direct Referral Bonus', 0, 0, 1, '', 13);
UPDATE `user_registration` SET commission_balance = ROUND(commission_balance + 100,2)
WHERE `user_id` = 'ADZTOG';
UPDATE `user_registration` SET referral_bonus = ROUND(referral_bonus + 100,2)
WHERE `user_id` = 'ADZTOG';
INSERT INTO `matrix_filling` (`placement_id`, `downline_id`, `level`, `matrix`) VALUES ('FEFAEE', 'XYHOZ4', 1, 1);
UPDATE `bv_updation` SET left_carry = left_carry+50, total_left = total_left+50
WHERE `user_id` = 'FEFAEE';
INSERT INTO `placement_bv_update_history` (`left_carry`, `date`, `from_id`, `user_id`) VALUES ('50', '2024-10-01 11:39:46', 'XYHOZ4', 'FEFAEE');
INSERT INTO `matrix_filling` (`placement_id`, `downline_id`, `level`, `matrix`) VALUES ('S8QNVM', 'XYHOZ4', 2, 1);
UPDATE `bv_updation` SET left_carry = left_carry+50, total_left = total_left+50
WHERE `user_id` = 'S8QNVM';
INSERT INTO `placement_bv_update_history` (`left_carry`, `date`, `from_id`, `user_id`) VALUES ('50', '2024-10-01 11:39:46', 'XYHOZ4', 'S8QNVM');
INSERT INTO `matrix_filling` (`placement_id`, `downline_id`, `level`, `matrix`) VALUES ('TKWQIW', 'XYHOZ4', 3, 1);
UPDATE `bv_updation` SET left_carry = left_carry+50, total_left = total_left+50
WHERE `user_id` = 'TKWQIW';
INSERT INTO `placement_bv_update_history` (`left_carry`, `date`, `from_id`, `user_id`) VALUES ('50', '2024-10-01 11:39:46', 'XYHOZ4', 'TKWQIW');
INSERT INTO `matrix_filling` (`placement_id`, `downline_id`, `level`, `matrix`) VALUES ('ADZTOG', 'XYHOZ4', 4, 1);
UPDATE `bv_updation` SET left_carry = left_carry+50, total_left = total_left+50
WHERE `user_id` = 'ADZTOG';
INSERT INTO `placement_bv_update_history` (`left_carry`, `date`, `from_id`, `user_id`) VALUES ('50', '2024-10-01 11:39:46', 'XYHOZ4', 'ADZTOG');
UPDATE `bv_updation` SET sponsor_left_carry = sponsor_left_carry+50, sponsor_total_left = sponsor_total_left+50
WHERE `user_id` = 'ADZTOG';
INSERT INTO `sponsor_bv_update_history` (`left_carry`, `date`, `user_id`) VALUES ('50', '2024-10-01 11:39:46', 'ADZTOG');
INSERT INTO `matrix_filling` (`placement_id`, `downline_id`, `level`, `matrix`) VALUES ('A9858P', 'XYHOZ4', 5, 1);
UPDATE `bv_updation` SET right_carry = right_carry+50, total_right = total_right+50
WHERE `user_id` = 'A9858P';
INSERT INTO `placement_bv_update_history` (`right_carry`, `date`, `from_id`, `user_id`) VALUES ('50', '2024-10-01 11:39:46', 'XYHOZ4', 'A9858P');
INSERT INTO `matrix_filling` (`placement_id`, `downline_id`, `level`, `matrix`) VALUES ('admin', 'XYHOZ4', 6, 1);
UPDATE `bv_updation` SET right_carry = right_carry+50, total_right = total_right+50
WHERE `user_id` = 'admin';
INSERT INTO `placement_bv_update_history` (`right_carry`, `date`, `from_id`, `user_id`) VALUES ('50', '2024-10-01 11:39:46', 'XYHOZ4', 'admin');
INSERT INTO `package_purchase_history` (`user_id`, `package_id`, `reg_fee`, `package_name`, `monthly_fee`, `type`, `date`, `payment_option`) VALUES ('XYHOZ4', '2', '595', 'Traveler Pro', '150', 'sign_up', '2024-10-01 11:39:46', 'free');
UPDATE `user_registration` SET `popup_seen` = 'yes'
WHERE `user_id` = 'ADZTOG';
UPDATE `ci_sessions` SET `timestamp` = 1727801054, `data` = '__ci_last_regenerate|i:1727801054;id|s:4:\"2023\";user_id|s:6:\"ADZTOG\";username|s:7:\"rafael1\";sponsor_id|s:6:\"A9858P\";fullname|s:16:\"Rafael Rodriguez\";email|s:17:\"rafael1@gmail.com\";phone|s:10:\"3057610606\";isLogIn|b:1;'
WHERE `id` = '5153770d74e39458d43f812cba81fcffe2b3ba4d';
UPDATE `user_registration` SET `uid` = '2041', `user_id` = 'HHALCM', `username` = 'viviana1', `sponsor_id` = 'ADZTOG', `vacant` = 'no', `f_name` = 'Viviana', `l_name` = 'Rodriguez', `address` = '6520 Kendale Lakes Dr', `position` = 'right', `email` = 'viviana1@gmail.com', `password` = '6f4996792d914adcde75405edac98d30', `phone` = '3057610606', `country` = 'United States', `state` = 'Florida', `city` = 'Miami', `street` = '6520 Kendale Lakes Dr', `zip_code` = '33183', `reg_ip` = '172.70.254.135', `status` = 1, `package_id` = '1', `rank_id` = 1, `highest_rank` = 1, `cycle_rank_id` = 1, `created` = '2024-10-01 11:44:14', `subscription_date` = '2024-10-31', `google_secret` = 'RWBR4JJD4VPXPPUT'
WHERE `uid` = '2041';
INSERT INTO `user_registration` (`uid`, `user_id`, `username`, `sponsor_id`, `placement_id`, `vacant`, `f_name`, `l_name`, `address`, `position`, `email`, `password`, `phone`, `reg_ip`, `status`, `created`) VALUES (NULL, 'UUGCQP', 'aFrJNxHw', 'HHALCM', 'HHALCM', 'yes', '', '', '', 'left', '@mail.com', '', '', '', 0, '2024-10-01 11:44:14');
INSERT INTO `user_registration` (`uid`, `user_id`, `username`, `sponsor_id`, `placement_id`, `vacant`, `f_name`, `l_name`, `address`, `position`, `email`, `password`, `phone`, `reg_ip`, `status`, `created`) VALUES (NULL, 'GIFFBM', 'AumFjdPg', 'HHALCM', 'HHALCM', 'yes', '', '', '', 'right', '@mail.com', '', '', '', 0, '2024-10-01 11:44:14');
INSERT INTO `bv_updation` (`user_id`) VALUES ('HHALCM');
UPDATE `user_registration` SET total_ref_count = total_ref_count+1
WHERE `user_id` = 'ADZTOG';
UPDATE `user_registration` SET total_downlines = total_downlines+1
WHERE `user_id` = '7WQBA7';
UPDATE `user_registration` SET right_downlines = right_downlines+1
WHERE `user_id` = '7WQBA7';
UPDATE `user_registration` SET total_downlines = total_downlines+1
WHERE `user_id` = 'QPNZO1';
UPDATE `user_registration` SET right_downlines = right_downlines+1
WHERE `user_id` = 'QPNZO1';
UPDATE `user_registration` SET total_downlines = total_downlines+1
WHERE `user_id` = 'KCF78M';
UPDATE `user_registration` SET right_downlines = right_downlines+1
WHERE `user_id` = 'KCF78M';
UPDATE `user_registration` SET total_downlines = total_downlines+1
WHERE `user_id` = '7RY1ZP';
UPDATE `user_registration` SET right_downlines = right_downlines+1
WHERE `user_id` = '7RY1ZP';
UPDATE `user_registration` SET total_downlines = total_downlines+1
WHERE `user_id` = 'ADZTOG';
UPDATE `user_registration` SET right_downlines = right_downlines+1
WHERE `user_id` = 'ADZTOG';
UPDATE `user_registration` SET right_ref_count = right_ref_count+1
WHERE `user_id` = 'ADZTOG';
UPDATE `user_registration` SET active_right = active_right+1
WHERE `user_id` = 'ADZTOG';
UPDATE `user_registration` SET total_downlines = total_downlines+1
WHERE `user_id` = 'A9858P';
UPDATE `user_registration` SET right_downlines = right_downlines+1
WHERE `user_id` = 'A9858P';
UPDATE `user_registration` SET total_downlines = total_downlines+1
WHERE `user_id` = 'admin';
UPDATE `user_registration` SET right_downlines = right_downlines+1
WHERE `user_id` = 'admin';
INSERT INTO `investment` (`invest_date`, `user_id`, `type`, `amount`, `package_id`) VALUES ('2024-10-01 11:44:14', 'HHALCM', 'register', '195', '1');
INSERT INTO `earnings` (`user_id`, `Purchaser_id`, `earning_type`, `package_id`, `amount`, `date`, `comments`, `invest_amount`, `comm_perc`, `level`, `rank_id`, `order_id`) VALUES ('ADZTOG', 'HHALCM', 'Direct Referral Bonus', '1', '20', '2024-10-01 11:44:14', 'Direct Referral Bonus', 0, 0, 1, '', 14);
UPDATE `user_registration` SET commission_balance = ROUND(commission_balance + 20,2)
WHERE `user_id` = 'ADZTOG';
UPDATE `user_registration` SET referral_bonus = ROUND(referral_bonus + 20,2)
WHERE `user_id` = 'ADZTOG';
INSERT INTO `matrix_filling` (`placement_id`, `downline_id`, `level`, `matrix`) VALUES ('7WQBA7', 'HHALCM', 1, 1);
UPDATE `bv_updation` SET right_carry = right_carry+20, total_right = total_right+20
WHERE `user_id` = '7WQBA7';
INSERT INTO `placement_bv_update_history` (`right_carry`, `date`, `from_id`, `user_id`) VALUES ('20', '2024-10-01 11:44:14', 'HHALCM', '7WQBA7');
INSERT INTO `matrix_filling` (`placement_id`, `downline_id`, `level`, `matrix`) VALUES ('QPNZO1', 'HHALCM', 2, 1);
UPDATE `bv_updation` SET right_carry = right_carry+20, total_right = total_right+20
WHERE `user_id` = 'QPNZO1';
INSERT INTO `placement_bv_update_history` (`right_carry`, `date`, `from_id`, `user_id`) VALUES ('20', '2024-10-01 11:44:14', 'HHALCM', 'QPNZO1');
INSERT INTO `matrix_filling` (`placement_id`, `downline_id`, `level`, `matrix`) VALUES ('KCF78M', 'HHALCM', 3, 1);
UPDATE `bv_updation` SET right_carry = right_carry+20, total_right = total_right+20
WHERE `user_id` = 'KCF78M';
INSERT INTO `placement_bv_update_history` (`right_carry`, `date`, `from_id`, `user_id`) VALUES ('20', '2024-10-01 11:44:14', 'HHALCM', 'KCF78M');
INSERT INTO `matrix_filling` (`placement_id`, `downline_id`, `level`, `matrix`) VALUES ('7RY1ZP', 'HHALCM', 4, 1);
UPDATE `bv_updation` SET right_carry = right_carry+20, total_right = total_right+20
WHERE `user_id` = '7RY1ZP';
INSERT INTO `placement_bv_update_history` (`right_carry`, `date`, `from_id`, `user_id`) VALUES ('20', '2024-10-01 11:44:14', 'HHALCM', '7RY1ZP');
INSERT INTO `matrix_filling` (`placement_id`, `downline_id`, `level`, `matrix`) VALUES ('ADZTOG', 'HHALCM', 5, 1);
UPDATE `bv_updation` SET right_carry = right_carry+20, total_right = total_right+20
WHERE `user_id` = 'ADZTOG';
INSERT INTO `placement_bv_update_history` (`right_carry`, `date`, `from_id`, `user_id`) VALUES ('20', '2024-10-01 11:44:14', 'HHALCM', 'ADZTOG');
UPDATE `bv_updation` SET sponsor_right_carry = sponsor_right_carry+20, sponsor_total_right = sponsor_total_right+20
WHERE `user_id` = 'ADZTOG';
INSERT INTO `sponsor_bv_update_history` (`right_carry`, `date`, `user_id`) VALUES ('20', '2024-10-01 11:44:14', 'ADZTOG');
INSERT INTO `matrix_filling` (`placement_id`, `downline_id`, `level`, `matrix`) VALUES ('A9858P', 'HHALCM', 6, 1);
UPDATE `bv_updation` SET right_carry = right_carry+20, total_right = total_right+20
WHERE `user_id` = 'A9858P';
INSERT INTO `placement_bv_update_history` (`right_carry`, `date`, `from_id`, `user_id`) VALUES ('20', '2024-10-01 11:44:14', 'HHALCM', 'A9858P');
INSERT INTO `matrix_filling` (`placement_id`, `downline_id`, `level`, `matrix`) VALUES ('admin', 'HHALCM', 7, 1);
UPDATE `bv_updation` SET right_carry = right_carry+20, total_right = total_right+20
WHERE `user_id` = 'admin';
INSERT INTO `placement_bv_update_history` (`right_carry`, `date`, `from_id`, `user_id`) VALUES ('20', '2024-10-01 11:44:14', 'HHALCM', 'admin');
INSERT INTO `package_purchase_history` (`user_id`, `package_id`, `reg_fee`, `package_name`, `monthly_fee`, `type`, `date`, `payment_option`) VALUES ('HHALCM', '1', '195', 'Traveler', '50', 'sign_up', '2024-10-01 11:44:14', 'free');
UPDATE `user_registration` SET `popup_seen` = 'yes'
WHERE `user_id` = 'ADZTOG';
UPDATE `user_registration` SET `popup_seen` = 'no'
WHERE `user_id` = 'ADZTOG';
DELETE FROM `ci_sessions`
WHERE `id` = '679d184cd1798cc4a1f55ae05eeac6dbfcceba26';
INSERT INTO `login_history` (`user_id`, `device`, `ip_address`, `date`) VALUES ('HHALCM', 'Mozilla/5.0 (Windows NT 10.0; Win64; x64) AppleWebKit/537.36 (KHTML, like Gecko) Chrome/129.0.0.0 Safari/537.36', '172.70.83.93', '24-10-01 11:45');
UPDATE `user_registration` SET `popup_seen` = 'yes'
WHERE `user_id` = 'HHALCM';
INSERT INTO `package_purchase_history` (`user_id`, `package_id`, `reg_fee`, `package_name`, `monthly_fee`, `type`, `date`, `payment_option`) VALUES ('HHALCM', '2', '595', 'Traveler Pro', '150', 'upgrade', '2024-10-01 11:46:15', 'free');
UPDATE `user_registration` SET `package_id` = '2'
WHERE `user_id` = 'HHALCM';
INSERT INTO `investment` (`invest_date`, `user_id`, `type`, `amount`, `package_id`) VALUES ('2024-10-01 11:46:15', 'HHALCM', 'upgrade', '595', '2');
INSERT INTO `earnings` (`user_id`, `Purchaser_id`, `earning_type`, `package_id`, `amount`, `date`, `comments`, `invest_amount`, `comm_perc`, `level`, `rank_id`, `order_id`) VALUES ('ADZTOG', 'HHALCM', 'Direct Referral Bonus', '2', '100', '2024-10-01 11:46:15', 'Direct Referral Bonus', 0, 0, 1, '', 15);
UPDATE `user_registration` SET commission_balance = ROUND(commission_balance + 100,2)
WHERE `user_id` = 'ADZTOG';
UPDATE `user_registration` SET referral_bonus = ROUND(referral_bonus + 100,2)
WHERE `user_id` = 'ADZTOG';
INSERT INTO `matrix_filling` (`placement_id`, `downline_id`, `level`, `matrix`) VALUES ('7WQBA7', 'HHALCM', 1, 1);
UPDATE `bv_updation` SET right_carry = right_carry+50, total_right = total_right+50
WHERE `user_id` = '7WQBA7';
INSERT INTO `placement_bv_update_history` (`right_carry`, `date`, `from_id`, `user_id`) VALUES ('50', '2024-10-01 11:46:15', 'HHALCM', '7WQBA7');
INSERT INTO `matrix_filling` (`placement_id`, `downline_id`, `level`, `matrix`) VALUES ('QPNZO1', 'HHALCM', 2, 1);
UPDATE `bv_updation` SET right_carry = right_carry+50, total_right = total_right+50
WHERE `user_id` = 'QPNZO1';
INSERT INTO `placement_bv_update_history` (`right_carry`, `date`, `from_id`, `user_id`) VALUES ('50', '2024-10-01 11:46:15', 'HHALCM', 'QPNZO1');
INSERT INTO `matrix_filling` (`placement_id`, `downline_id`, `level`, `matrix`) VALUES ('KCF78M', 'HHALCM', 3, 1);
UPDATE `bv_updation` SET right_carry = right_carry+50, total_right = total_right+50
WHERE `user_id` = 'KCF78M';
INSERT INTO `placement_bv_update_history` (`right_carry`, `date`, `from_id`, `user_id`) VALUES ('50', '2024-10-01 11:46:15', 'HHALCM', 'KCF78M');
INSERT INTO `matrix_filling` (`placement_id`, `downline_id`, `level`, `matrix`) VALUES ('7RY1ZP', 'HHALCM', 4, 1);
UPDATE `bv_updation` SET right_carry = right_carry+50, total_right = total_right+50
WHERE `user_id` = '7RY1ZP';
INSERT INTO `placement_bv_update_history` (`right_carry`, `date`, `from_id`, `user_id`) VALUES ('50', '2024-10-01 11:46:15', 'HHALCM', '7RY1ZP');
INSERT INTO `matrix_filling` (`placement_id`, `downline_id`, `level`, `matrix`) VALUES ('ADZTOG', 'HHALCM', 5, 1);
UPDATE `bv_updation` SET right_carry = right_carry+50, total_right = total_right+50
WHERE `user_id` = 'ADZTOG';
INSERT INTO `placement_bv_update_history` (`right_carry`, `date`, `from_id`, `user_id`) VALUES ('50', '2024-10-01 11:46:15', 'HHALCM', 'ADZTOG');
UPDATE `bv_updation` SET sponsor_right_carry = sponsor_right_carry+50, sponsor_total_right = sponsor_total_right+50
WHERE `user_id` = 'ADZTOG';
INSERT INTO `sponsor_bv_update_history` (`right_carry`, `date`, `user_id`) VALUES ('50', '2024-10-01 11:46:15', 'ADZTOG');
INSERT INTO `matrix_filling` (`placement_id`, `downline_id`, `level`, `matrix`) VALUES ('A9858P', 'HHALCM', 6, 1);
UPDATE `bv_updation` SET right_carry = right_carry+50, total_right = total_right+50
WHERE `user_id` = 'A9858P';
INSERT INTO `placement_bv_update_history` (`right_carry`, `date`, `from_id`, `user_id`) VALUES ('50', '2024-10-01 11:46:15', 'HHALCM', 'A9858P');
INSERT INTO `matrix_filling` (`placement_id`, `downline_id`, `level`, `matrix`) VALUES ('admin', 'HHALCM', 7, 1);
UPDATE `bv_updation` SET right_carry = right_carry+50, total_right = total_right+50
WHERE `user_id` = 'admin';
INSERT INTO `placement_bv_update_history` (`right_carry`, `date`, `from_id`, `user_id`) VALUES ('50', '2024-10-01 11:46:15', 'HHALCM', 'admin');
UPDATE `user_registration` SET `popup_seen` = 'no'
WHERE `user_id` = 'HHALCM';
DELETE FROM `ci_sessions`
WHERE `id` = '706d494615581cc880447ca2b337757d8280c8a5';
INSERT INTO `login_history` (`user_id`, `device`, `ip_address`, `date`) VALUES ('ADZTOG', 'Mozilla/5.0 (Windows NT 10.0; Win64; x64) AppleWebKit/537.36 (KHTML, like Gecko) Chrome/129.0.0.0 Safari/537.36', '172.70.255.19', '24-10-01 11:47');
UPDATE `user_registration` SET `popup_seen` = 'yes'
WHERE `user_id` = 'ADZTOG';
UPDATE `user_registration` SET `popup_seen` = 'yes'
WHERE `user_id` = 'ADZTOG';
UPDATE `user_registration` SET `popup_seen` = 'yes'
WHERE `user_id` = 'ADZTOG';
UPDATE `ci_sessions` SET `timestamp` = 1727801578, `data` = '__ci_last_regenerate|i:1727801578;id|s:4:\"2023\";user_id|s:6:\"ADZTOG\";username|s:7:\"rafael1\";sponsor_id|s:6:\"A9858P\";fullname|s:16:\"Rafael Rodriguez\";email|s:17:\"rafael1@gmail.com\";phone|s:10:\"3057610606\";isLogIn|b:1;'
WHERE `id` = 'd631fa01a70630013ad0996627dbd7c441741319';
UPDATE `user_registration` SET `uid` = '2042', `user_id` = '3F1L3D', `username` = 'romualdo1', `sponsor_id` = 'ADZTOG', `vacant` = 'no', `f_name` = 'Romualdo', `l_name` = 'Martín', `address` = '6520 Kendale Lakes Dr', `position` = 'left', `email` = 'romualdo1@gmail.com', `password` = 'a7db1df2eef4ea7ead5a9570ac79593b', `phone` = '3057610606', `country` = 'United States', `state` = 'Florida', `city` = 'Miami', `street` = '6520 Kendale Lakes Dr', `zip_code` = '33183', `reg_ip` = '172.70.82.254', `status` = 1, `package_id` = '2', `rank_id` = 1, `highest_rank` = 1, `cycle_rank_id` = 1, `created` = '2024-10-01 11:52:58', `subscription_date` = '2024-10-31', `google_secret` = 'CNCQXHKH2KAMVTJ5'
WHERE `uid` = '2042';
INSERT INTO `user_registration` (`uid`, `user_id`, `username`, `sponsor_id`, `placement_id`, `vacant`, `f_name`, `l_name`, `address`, `position`, `email`, `password`, `phone`, `reg_ip`, `status`, `created`) VALUES (NULL, 'YNYDKB', 'yyEdRzeR', '3F1L3D', '3F1L3D', 'yes', '', '', '', 'left', '@mail.com', '', '', '', 0, '2024-10-01 11:52:58');
INSERT INTO `user_registration` (`uid`, `user_id`, `username`, `sponsor_id`, `placement_id`, `vacant`, `f_name`, `l_name`, `address`, `position`, `email`, `password`, `phone`, `reg_ip`, `status`, `created`) VALUES (NULL, 'NDQEZJ', 'apYaPLNt', '3F1L3D', '3F1L3D', 'yes', '', '', '', 'right', '@mail.com', '', '', '', 0, '2024-10-01 11:52:58');
INSERT INTO `bv_updation` (`user_id`) VALUES ('3F1L3D');
UPDATE `user_registration` SET total_ref_count = total_ref_count+1
WHERE `user_id` = 'ADZTOG';
UPDATE `user_registration` SET total_downlines = total_downlines+1
WHERE `user_id` = 'XYHOZ4';
UPDATE `user_registration` SET left_downlines = left_downlines+1
WHERE `user_id` = 'XYHOZ4';
UPDATE `user_registration` SET total_downlines = total_downlines+1
WHERE `user_id` = 'FEFAEE';
UPDATE `user_registration` SET left_downlines = left_downlines+1
WHERE `user_id` = 'FEFAEE';
UPDATE `user_registration` SET total_downlines = total_downlines+1
WHERE `user_id` = 'S8QNVM';
UPDATE `user_registration` SET left_downlines = left_downlines+1
WHERE `user_id` = 'S8QNVM';
UPDATE `user_registration` SET total_downlines = total_downlines+1
WHERE `user_id` = 'TKWQIW';
UPDATE `user_registration` SET left_downlines = left_downlines+1
WHERE `user_id` = 'TKWQIW';
UPDATE `user_registration` SET total_downlines = total_downlines+1
WHERE `user_id` = 'ADZTOG';
UPDATE `user_registration` SET left_downlines = left_downlines+1
WHERE `user_id` = 'ADZTOG';
UPDATE `user_registration` SET left_ref_count = left_ref_count+1
WHERE `user_id` = 'ADZTOG';
UPDATE `user_registration` SET active_left = active_left+1
WHERE `user_id` = 'ADZTOG';
UPDATE `user_registration` SET total_downlines = total_downlines+1
WHERE `user_id` = 'A9858P';
UPDATE `user_registration` SET right_downlines = right_downlines+1
WHERE `user_id` = 'A9858P';
UPDATE `user_registration` SET total_downlines = total_downlines+1
WHERE `user_id` = 'admin';
UPDATE `user_registration` SET right_downlines = right_downlines+1
WHERE `user_id` = 'admin';
INSERT INTO `investment` (`invest_date`, `user_id`, `type`, `amount`, `package_id`) VALUES ('2024-10-01 11:52:58', '3F1L3D', 'register', '595', '2');
INSERT INTO `earnings` (`user_id`, `Purchaser_id`, `earning_type`, `package_id`, `amount`, `date`, `comments`, `invest_amount`, `comm_perc`, `level`, `rank_id`, `order_id`) VALUES ('ADZTOG', '3F1L3D', 'Direct Referral Bonus', '2', '100', '2024-10-01 11:52:58', 'Direct Referral Bonus', 0, 0, 1, '', 16);
UPDATE `user_registration` SET commission_balance = ROUND(commission_balance + 100,2)
WHERE `user_id` = 'ADZTOG';
UPDATE `user_registration` SET referral_bonus = ROUND(referral_bonus + 100,2)
WHERE `user_id` = 'ADZTOG';
INSERT INTO `matrix_filling` (`placement_id`, `downline_id`, `level`, `matrix`) VALUES ('XYHOZ4', '3F1L3D', 1, 1);
UPDATE `bv_updation` SET left_carry = left_carry+50, total_left = total_left+50
WHERE `user_id` = 'XYHOZ4';
INSERT INTO `placement_bv_update_history` (`left_carry`, `date`, `from_id`, `user_id`) VALUES ('50', '2024-10-01 11:52:58', '3F1L3D', 'XYHOZ4');
INSERT INTO `matrix_filling` (`placement_id`, `downline_id`, `level`, `matrix`) VALUES ('FEFAEE', '3F1L3D', 2, 1);
UPDATE `bv_updation` SET left_carry = left_carry+50, total_left = total_left+50
WHERE `user_id` = 'FEFAEE';
INSERT INTO `placement_bv_update_history` (`left_carry`, `date`, `from_id`, `user_id`) VALUES ('50', '2024-10-01 11:52:58', '3F1L3D', 'FEFAEE');
INSERT INTO `matrix_filling` (`placement_id`, `downline_id`, `level`, `matrix`) VALUES ('S8QNVM', '3F1L3D', 3, 1);
UPDATE `bv_updation` SET left_carry = left_carry+50, total_left = total_left+50
WHERE `user_id` = 'S8QNVM';
INSERT INTO `placement_bv_update_history` (`left_carry`, `date`, `from_id`, `user_id`) VALUES ('50', '2024-10-01 11:52:58', '3F1L3D', 'S8QNVM');
INSERT INTO `matrix_filling` (`placement_id`, `downline_id`, `level`, `matrix`) VALUES ('TKWQIW', '3F1L3D', 4, 1);
UPDATE `bv_updation` SET left_carry = left_carry+50, total_left = total_left+50
WHERE `user_id` = 'TKWQIW';
INSERT INTO `placement_bv_update_history` (`left_carry`, `date`, `from_id`, `user_id`) VALUES ('50', '2024-10-01 11:52:58', '3F1L3D', 'TKWQIW');
INSERT INTO `matrix_filling` (`placement_id`, `downline_id`, `level`, `matrix`) VALUES ('ADZTOG', '3F1L3D', 5, 1);
UPDATE `bv_updation` SET left_carry = left_carry+50, total_left = total_left+50
WHERE `user_id` = 'ADZTOG';
INSERT INTO `placement_bv_update_history` (`left_carry`, `date`, `from_id`, `user_id`) VALUES ('50', '2024-10-01 11:52:58', '3F1L3D', 'ADZTOG');
UPDATE `bv_updation` SET sponsor_left_carry = sponsor_left_carry+50, sponsor_total_left = sponsor_total_left+50
WHERE `user_id` = 'ADZTOG';
INSERT INTO `sponsor_bv_update_history` (`left_carry`, `date`, `user_id`) VALUES ('50', '2024-10-01 11:52:58', 'ADZTOG');
INSERT INTO `matrix_filling` (`placement_id`, `downline_id`, `level`, `matrix`) VALUES ('A9858P', '3F1L3D', 6, 1);
UPDATE `bv_updation` SET right_carry = right_carry+50, total_right = total_right+50
WHERE `user_id` = 'A9858P';
INSERT INTO `placement_bv_update_history` (`right_carry`, `date`, `from_id`, `user_id`) VALUES ('50', '2024-10-01 11:52:58', '3F1L3D', 'A9858P');
INSERT INTO `matrix_filling` (`placement_id`, `downline_id`, `level`, `matrix`) VALUES ('admin', '3F1L3D', 7, 1);
UPDATE `bv_updation` SET right_carry = right_carry+50, total_right = total_right+50
WHERE `user_id` = 'admin';
INSERT INTO `placement_bv_update_history` (`right_carry`, `date`, `from_id`, `user_id`) VALUES ('50', '2024-10-01 11:52:58', '3F1L3D', 'admin');
INSERT INTO `package_purchase_history` (`user_id`, `package_id`, `reg_fee`, `package_name`, `monthly_fee`, `type`, `date`, `payment_option`) VALUES ('3F1L3D', '2', '595', 'Traveler Pro', '150', 'sign_up', '2024-10-01 11:52:58', 'free');
UPDATE `user_registration` SET `popup_seen` = 'yes'
WHERE `user_id` = 'ADZTOG';
UPDATE `user_registration` SET `uid` = '2045', `user_id` = 'X1RH6U', `username` = 'sunyen1', `sponsor_id` = 'ADZTOG', `vacant` = 'no', `f_name` = 'Sunyen', `l_name` = 'Lee', `address` = '6520 Kendale Lakes Dr', `position` = 'right', `email` = 'sunyen1@gmail.com', `password` = 'dc3dd2fddeb4b84207734bae554e39a0', `phone` = '3057610606', `country` = 'United States', `state` = 'Florida', `city` = 'Miami', `street` = '6520 Kendale Lakes Dr', `zip_code` = '33183', `reg_ip` = '172.70.255.66', `status` = 1, `package_id` = '2', `rank_id` = 1, `highest_rank` = 1, `cycle_rank_id` = 1, `created` = '2024-10-01 11:54:42', `subscription_date` = '2024-10-31', `google_secret` = 'KRJYIIQ7VBJPUTNP'
WHERE `uid` = '2045';
INSERT INTO `user_registration` (`uid`, `user_id`, `username`, `sponsor_id`, `placement_id`, `vacant`, `f_name`, `l_name`, `address`, `position`, `email`, `password`, `phone`, `reg_ip`, `status`, `created`) VALUES (NULL, 'SSEMSI', 'DymMCYPc', 'X1RH6U', 'X1RH6U', 'yes', '', '', '', 'left', '@mail.com', '', '', '', 0, '2024-10-01 11:54:42');
INSERT INTO `user_registration` (`uid`, `user_id`, `username`, `sponsor_id`, `placement_id`, `vacant`, `f_name`, `l_name`, `address`, `position`, `email`, `password`, `phone`, `reg_ip`, `status`, `created`) VALUES (NULL, 'ZIOZCG', 'mpDHlXfR', 'X1RH6U', 'X1RH6U', 'yes', '', '', '', 'right', '@mail.com', '', '', '', 0, '2024-10-01 11:54:42');
INSERT INTO `bv_updation` (`user_id`) VALUES ('X1RH6U');
UPDATE `user_registration` SET total_ref_count = total_ref_count+1
WHERE `user_id` = 'ADZTOG';
UPDATE `user_registration` SET total_downlines = total_downlines+1
WHERE `user_id` = 'HHALCM';
UPDATE `user_registration` SET right_downlines = right_downlines+1
WHERE `user_id` = 'HHALCM';
UPDATE `user_registration` SET total_downlines = total_downlines+1
WHERE `user_id` = '7WQBA7';
UPDATE `user_registration` SET right_downlines = right_downlines+1
WHERE `user_id` = '7WQBA7';
UPDATE `user_registration` SET total_downlines = total_downlines+1
WHERE `user_id` = 'QPNZO1';
UPDATE `user_registration` SET right_downlines = right_downlines+1
WHERE `user_id` = 'QPNZO1';
UPDATE `user_registration` SET total_downlines = total_downlines+1
WHERE `user_id` = 'KCF78M';
UPDATE `user_registration` SET right_downlines = right_downlines+1
WHERE `user_id` = 'KCF78M';
UPDATE `user_registration` SET total_downlines = total_downlines+1
WHERE `user_id` = '7RY1ZP';
UPDATE `user_registration` SET right_downlines = right_downlines+1
WHERE `user_id` = '7RY1ZP';
UPDATE `user_registration` SET total_downlines = total_downlines+1
WHERE `user_id` = 'ADZTOG';
UPDATE `user_registration` SET right_downlines = right_downlines+1
WHERE `user_id` = 'ADZTOG';
UPDATE `user_registration` SET right_ref_count = right_ref_count+1
WHERE `user_id` = 'ADZTOG';
UPDATE `user_registration` SET active_right = active_right+1
WHERE `user_id` = 'ADZTOG';
UPDATE `user_registration` SET total_downlines = total_downlines+1
WHERE `user_id` = 'A9858P';
UPDATE `user_registration` SET right_downlines = right_downlines+1
WHERE `user_id` = 'A9858P';
UPDATE `user_registration` SET total_downlines = total_downlines+1
WHERE `user_id` = 'admin';
UPDATE `user_registration` SET right_downlines = right_downlines+1
WHERE `user_id` = 'admin';
INSERT INTO `investment` (`invest_date`, `user_id`, `type`, `amount`, `package_id`) VALUES ('2024-10-01 11:54:43', 'X1RH6U', 'register', '595', '2');
INSERT INTO `earnings` (`user_id`, `Purchaser_id`, `earning_type`, `package_id`, `amount`, `date`, `comments`, `invest_amount`, `comm_perc`, `level`, `rank_id`, `order_id`) VALUES ('ADZTOG', 'X1RH6U', 'Direct Referral Bonus', '2', '100', '2024-10-01 11:54:43', 'Direct Referral Bonus', 0, 0, 1, '', 17);
UPDATE `user_registration` SET commission_balance = ROUND(commission_balance + 100,2)
WHERE `user_id` = 'ADZTOG';
UPDATE `user_registration` SET referral_bonus = ROUND(referral_bonus + 100,2)
WHERE `user_id` = 'ADZTOG';
INSERT INTO `matrix_filling` (`placement_id`, `downline_id`, `level`, `matrix`) VALUES ('HHALCM', 'X1RH6U', 1, 1);
UPDATE `bv_updation` SET right_carry = right_carry+50, total_right = total_right+50
WHERE `user_id` = 'HHALCM';
INSERT INTO `placement_bv_update_history` (`right_carry`, `date`, `from_id`, `user_id`) VALUES ('50', '2024-10-01 11:54:43', 'X1RH6U', 'HHALCM');
INSERT INTO `matrix_filling` (`placement_id`, `downline_id`, `level`, `matrix`) VALUES ('7WQBA7', 'X1RH6U', 2, 1);
UPDATE `bv_updation` SET right_carry = right_carry+50, total_right = total_right+50
WHERE `user_id` = '7WQBA7';
INSERT INTO `placement_bv_update_history` (`right_carry`, `date`, `from_id`, `user_id`) VALUES ('50', '2024-10-01 11:54:43', 'X1RH6U', '7WQBA7');
INSERT INTO `matrix_filling` (`placement_id`, `downline_id`, `level`, `matrix`) VALUES ('QPNZO1', 'X1RH6U', 3, 1);
UPDATE `bv_updation` SET right_carry = right_carry+50, total_right = total_right+50
WHERE `user_id` = 'QPNZO1';
INSERT INTO `placement_bv_update_history` (`right_carry`, `date`, `from_id`, `user_id`) VALUES ('50', '2024-10-01 11:54:43', 'X1RH6U', 'QPNZO1');
INSERT INTO `matrix_filling` (`placement_id`, `downline_id`, `level`, `matrix`) VALUES ('KCF78M', 'X1RH6U', 4, 1);
UPDATE `bv_updation` SET right_carry = right_carry+50, total_right = total_right+50
WHERE `user_id` = 'KCF78M';
INSERT INTO `placement_bv_update_history` (`right_carry`, `date`, `from_id`, `user_id`) VALUES ('50', '2024-10-01 11:54:43', 'X1RH6U', 'KCF78M');
INSERT INTO `matrix_filling` (`placement_id`, `downline_id`, `level`, `matrix`) VALUES ('7RY1ZP', 'X1RH6U', 5, 1);
UPDATE `bv_updation` SET right_carry = right_carry+50, total_right = total_right+50
WHERE `user_id` = '7RY1ZP';
INSERT INTO `placement_bv_update_history` (`right_carry`, `date`, `from_id`, `user_id`) VALUES ('50', '2024-10-01 11:54:43', 'X1RH6U', '7RY1ZP');
INSERT INTO `matrix_filling` (`placement_id`, `downline_id`, `level`, `matrix`) VALUES ('ADZTOG', 'X1RH6U', 6, 1);
UPDATE `bv_updation` SET right_carry = right_carry+50, total_right = total_right+50
WHERE `user_id` = 'ADZTOG';
INSERT INTO `placement_bv_update_history` (`right_carry`, `date`, `from_id`, `user_id`) VALUES ('50', '2024-10-01 11:54:43', 'X1RH6U', 'ADZTOG');
UPDATE `bv_updation` SET sponsor_right_carry = sponsor_right_carry+50, sponsor_total_right = sponsor_total_right+50
WHERE `user_id` = 'ADZTOG';
INSERT INTO `sponsor_bv_update_history` (`right_carry`, `date`, `user_id`) VALUES ('50', '2024-10-01 11:54:43', 'ADZTOG');
INSERT INTO `matrix_filling` (`placement_id`, `downline_id`, `level`, `matrix`) VALUES ('A9858P', 'X1RH6U', 7, 1);
UPDATE `bv_updation` SET right_carry = right_carry+50, total_right = total_right+50
WHERE `user_id` = 'A9858P';
INSERT INTO `placement_bv_update_history` (`right_carry`, `date`, `from_id`, `user_id`) VALUES ('50', '2024-10-01 11:54:43', 'X1RH6U', 'A9858P');
INSERT INTO `matrix_filling` (`placement_id`, `downline_id`, `level`, `matrix`) VALUES ('admin', 'X1RH6U', 8, 1);
UPDATE `bv_updation` SET right_carry = right_carry+50, total_right = total_right+50
WHERE `user_id` = 'admin';
INSERT INTO `placement_bv_update_history` (`right_carry`, `date`, `from_id`, `user_id`) VALUES ('50', '2024-10-01 11:54:43', 'X1RH6U', 'admin');
INSERT INTO `package_purchase_history` (`user_id`, `package_id`, `reg_fee`, `package_name`, `monthly_fee`, `type`, `date`, `payment_option`) VALUES ('X1RH6U', '2', '595', 'Traveler Pro', '150', 'sign_up', '2024-10-01 11:54:43', 'free');
UPDATE `user_registration` SET `popup_seen` = 'yes'
WHERE `user_id` = 'ADZTOG';
UPDATE `user_registration` SET `uid` = '2046', `user_id` = '2DKJUD', `username` = 'alfredo1', `sponsor_id` = 'ADZTOG', `vacant` = 'no', `f_name` = 'Alfredo', `l_name` = 'Quintana', `address` = '6520 Kendale Lakes Dr', `position` = 'left', `email` = 'alfredo1@gmail.com', `password` = 'fd98b56cb225ccd8efc2ca42db54362c', `phone` = '3057610606', `country` = 'United States', `state` = 'Florida', `city` = 'Miami', `street` = '6520 Kendale Lakes Dr', `zip_code` = '33183', `reg_ip` = '108.162.210.225', `status` = 1, `package_id` = '2', `rank_id` = 1, `highest_rank` = 1, `cycle_rank_id` = 1, `created` = '2024-10-01 11:56:19', `subscription_date` = '2024-10-31', `google_secret` = 'BRUEARYXYJ4RQ2EU'
WHERE `uid` = '2046';
INSERT INTO `user_registration` (`uid`, `user_id`, `username`, `sponsor_id`, `placement_id`, `vacant`, `f_name`, `l_name`, `address`, `position`, `email`, `password`, `phone`, `reg_ip`, `status`, `created`) VALUES (NULL, 'QYEJWW', 'KtJiPOSe', '2DKJUD', '2DKJUD', 'yes', '', '', '', 'left', '@mail.com', '', '', '', 0, '2024-10-01 11:56:19');
INSERT INTO `user_registration` (`uid`, `user_id`, `username`, `sponsor_id`, `placement_id`, `vacant`, `f_name`, `l_name`, `address`, `position`, `email`, `password`, `phone`, `reg_ip`, `status`, `created`) VALUES (NULL, 'HOBNXQ', 'CkrrBAdC', '2DKJUD', '2DKJUD', 'yes', '', '', '', 'right', '@mail.com', '', '', '', 0, '2024-10-01 11:56:19');
INSERT INTO `bv_updation` (`user_id`) VALUES ('2DKJUD');
UPDATE `user_registration` SET total_ref_count = total_ref_count+1
WHERE `user_id` = 'ADZTOG';
UPDATE `user_registration` SET total_downlines = total_downlines+1
WHERE `user_id` = '3F1L3D';
UPDATE `user_registration` SET left_downlines = left_downlines+1
WHERE `user_id` = '3F1L3D';
UPDATE `user_registration` SET total_downlines = total_downlines+1
WHERE `user_id` = 'XYHOZ4';
UPDATE `user_registration` SET left_downlines = left_downlines+1
WHERE `user_id` = 'XYHOZ4';
UPDATE `user_registration` SET total_downlines = total_downlines+1
WHERE `user_id` = 'FEFAEE';
UPDATE `user_registration` SET left_downlines = left_downlines+1
WHERE `user_id` = 'FEFAEE';
UPDATE `user_registration` SET total_downlines = total_downlines+1
WHERE `user_id` = 'S8QNVM';
UPDATE `user_registration` SET left_downlines = left_downlines+1
WHERE `user_id` = 'S8QNVM';
UPDATE `user_registration` SET total_downlines = total_downlines+1
WHERE `user_id` = 'TKWQIW';
UPDATE `user_registration` SET left_downlines = left_downlines+1
WHERE `user_id` = 'TKWQIW';
UPDATE `user_registration` SET total_downlines = total_downlines+1
WHERE `user_id` = 'ADZTOG';
UPDATE `user_registration` SET left_downlines = left_downlines+1
WHERE `user_id` = 'ADZTOG';
UPDATE `user_registration` SET left_ref_count = left_ref_count+1
WHERE `user_id` = 'ADZTOG';
UPDATE `user_registration` SET active_left = active_left+1
WHERE `user_id` = 'ADZTOG';
UPDATE `user_registration` SET total_downlines = total_downlines+1
WHERE `user_id` = 'A9858P';
UPDATE `user_registration` SET right_downlines = right_downlines+1
WHERE `user_id` = 'A9858P';
UPDATE `user_registration` SET total_downlines = total_downlines+1
WHERE `user_id` = 'admin';
UPDATE `user_registration` SET right_downlines = right_downlines+1
WHERE `user_id` = 'admin';
INSERT INTO `investment` (`invest_date`, `user_id`, `type`, `amount`, `package_id`) VALUES ('2024-10-01 11:56:19', '2DKJUD', 'register', '595', '2');
INSERT INTO `earnings` (`user_id`, `Purchaser_id`, `earning_type`, `package_id`, `amount`, `date`, `comments`, `invest_amount`, `comm_perc`, `level`, `rank_id`, `order_id`) VALUES ('ADZTOG', '2DKJUD', 'Direct Referral Bonus', '2', '100', '2024-10-01 11:56:19', 'Direct Referral Bonus', 0, 0, 1, '', 18);
UPDATE `user_registration` SET commission_balance = ROUND(commission_balance + 100,2)
WHERE `user_id` = 'ADZTOG';
UPDATE `user_registration` SET referral_bonus = ROUND(referral_bonus + 100,2)
WHERE `user_id` = 'ADZTOG';
INSERT INTO `matrix_filling` (`placement_id`, `downline_id`, `level`, `matrix`) VALUES ('3F1L3D', '2DKJUD', 1, 1);
UPDATE `bv_updation` SET left_carry = left_carry+50, total_left = total_left+50
WHERE `user_id` = '3F1L3D';
INSERT INTO `placement_bv_update_history` (`left_carry`, `date`, `from_id`, `user_id`) VALUES ('50', '2024-10-01 11:56:19', '2DKJUD', '3F1L3D');
INSERT INTO `matrix_filling` (`placement_id`, `downline_id`, `level`, `matrix`) VALUES ('XYHOZ4', '2DKJUD', 2, 1);
UPDATE `bv_updation` SET left_carry = left_carry+50, total_left = total_left+50
WHERE `user_id` = 'XYHOZ4';
INSERT INTO `placement_bv_update_history` (`left_carry`, `date`, `from_id`, `user_id`) VALUES ('50', '2024-10-01 11:56:19', '2DKJUD', 'XYHOZ4');
INSERT INTO `matrix_filling` (`placement_id`, `downline_id`, `level`, `matrix`) VALUES ('FEFAEE', '2DKJUD', 3, 1);
UPDATE `bv_updation` SET left_carry = left_carry+50, total_left = total_left+50
WHERE `user_id` = 'FEFAEE';
INSERT INTO `placement_bv_update_history` (`left_carry`, `date`, `from_id`, `user_id`) VALUES ('50', '2024-10-01 11:56:19', '2DKJUD', 'FEFAEE');
INSERT INTO `matrix_filling` (`placement_id`, `downline_id`, `level`, `matrix`) VALUES ('S8QNVM', '2DKJUD', 4, 1);
UPDATE `bv_updation` SET left_carry = left_carry+50, total_left = total_left+50
WHERE `user_id` = 'S8QNVM';
INSERT INTO `placement_bv_update_history` (`left_carry`, `date`, `from_id`, `user_id`) VALUES ('50', '2024-10-01 11:56:19', '2DKJUD', 'S8QNVM');
INSERT INTO `matrix_filling` (`placement_id`, `downline_id`, `level`, `matrix`) VALUES ('TKWQIW', '2DKJUD', 5, 1);
UPDATE `bv_updation` SET left_carry = left_carry+50, total_left = total_left+50
WHERE `user_id` = 'TKWQIW';
INSERT INTO `placement_bv_update_history` (`left_carry`, `date`, `from_id`, `user_id`) VALUES ('50', '2024-10-01 11:56:19', '2DKJUD', 'TKWQIW');
INSERT INTO `matrix_filling` (`placement_id`, `downline_id`, `level`, `matrix`) VALUES ('ADZTOG', '2DKJUD', 6, 1);
UPDATE `bv_updation` SET left_carry = left_carry+50, total_left = total_left+50
WHERE `user_id` = 'ADZTOG';
INSERT INTO `placement_bv_update_history` (`left_carry`, `date`, `from_id`, `user_id`) VALUES ('50', '2024-10-01 11:56:19', '2DKJUD', 'ADZTOG');
UPDATE `bv_updation` SET sponsor_left_carry = sponsor_left_carry+50, sponsor_total_left = sponsor_total_left+50
WHERE `user_id` = 'ADZTOG';
INSERT INTO `sponsor_bv_update_history` (`left_carry`, `date`, `user_id`) VALUES ('50', '2024-10-01 11:56:19', 'ADZTOG');
INSERT INTO `matrix_filling` (`placement_id`, `downline_id`, `level`, `matrix`) VALUES ('A9858P', '2DKJUD', 7, 1);
UPDATE `bv_updation` SET right_carry = right_carry+50, total_right = total_right+50
WHERE `user_id` = 'A9858P';
INSERT INTO `placement_bv_update_history` (`right_carry`, `date`, `from_id`, `user_id`) VALUES ('50', '2024-10-01 11:56:19', '2DKJUD', 'A9858P');
INSERT INTO `matrix_filling` (`placement_id`, `downline_id`, `level`, `matrix`) VALUES ('admin', '2DKJUD', 8, 1);
UPDATE `bv_updation` SET right_carry = right_carry+50, total_right = total_right+50
WHERE `user_id` = 'admin';
INSERT INTO `placement_bv_update_history` (`right_carry`, `date`, `from_id`, `user_id`) VALUES ('50', '2024-10-01 11:56:19', '2DKJUD', 'admin');
INSERT INTO `package_purchase_history` (`user_id`, `package_id`, `reg_fee`, `package_name`, `monthly_fee`, `type`, `date`, `payment_option`) VALUES ('2DKJUD', '2', '595', 'Traveler Pro', '150', 'sign_up', '2024-10-01 11:56:19', 'free');
UPDATE `user_registration` SET `popup_seen` = 'yes'
WHERE `user_id` = 'ADZTOG';
UPDATE `user_registration` SET `uid` = '2049', `user_id` = 'MBPRQB', `username` = 'erasmo1', `sponsor_id` = 'ADZTOG', `vacant` = 'no', `f_name` = 'Erasmo', `l_name` = 'López', `address` = '6520 Kendale Lakes Dr', `position` = 'right', `email` = 'erasmo1@gmail.com', `password` = 'ded2e80a51407ab3a557715a7f6d992e', `phone` = '3057610606', `country` = 'United States', `state` = 'Florida', `city` = 'Miami', `street` = '6520 Kendale Lakes Dr', `zip_code` = '33183', `reg_ip` = '172.70.83.2', `status` = 1, `package_id` = '2', `rank_id` = 1, `highest_rank` = 1, `cycle_rank_id` = 1, `created` = '2024-10-01 11:57:42', `subscription_date` = '2024-10-31', `google_secret` = '5RPM25CYZTTMSL72'
WHERE `uid` = '2049';
INSERT INTO `user_registration` (`uid`, `user_id`, `username`, `sponsor_id`, `placement_id`, `vacant`, `f_name`, `l_name`, `address`, `position`, `email`, `password`, `phone`, `reg_ip`, `status`, `created`) VALUES (NULL, 'KSRLRE', 'pSaAKmeg', 'MBPRQB', 'MBPRQB', 'yes', '', '', '', 'left', '@mail.com', '', '', '', 0, '2024-10-01 11:57:42');
INSERT INTO `user_registration` (`uid`, `user_id`, `username`, `sponsor_id`, `placement_id`, `vacant`, `f_name`, `l_name`, `address`, `position`, `email`, `password`, `phone`, `reg_ip`, `status`, `created`) VALUES (NULL, 'SELZRV', 'xizaVJjZ', 'MBPRQB', 'MBPRQB', 'yes', '', '', '', 'right', '@mail.com', '', '', '', 0, '2024-10-01 11:57:42');
INSERT INTO `bv_updation` (`user_id`) VALUES ('MBPRQB');
UPDATE `user_registration` SET total_ref_count = total_ref_count+1
WHERE `user_id` = 'ADZTOG';
UPDATE `user_registration` SET total_downlines = total_downlines+1
WHERE `user_id` = 'X1RH6U';
UPDATE `user_registration` SET right_downlines = right_downlines+1
WHERE `user_id` = 'X1RH6U';
UPDATE `user_registration` SET total_downlines = total_downlines+1
WHERE `user_id` = 'HHALCM';
UPDATE `user_registration` SET right_downlines = right_downlines+1
WHERE `user_id` = 'HHALCM';
UPDATE `user_registration` SET total_downlines = total_downlines+1
WHERE `user_id` = '7WQBA7';
UPDATE `user_registration` SET right_downlines = right_downlines+1
WHERE `user_id` = '7WQBA7';
UPDATE `user_registration` SET total_downlines = total_downlines+1
WHERE `user_id` = 'QPNZO1';
UPDATE `user_registration` SET right_downlines = right_downlines+1
WHERE `user_id` = 'QPNZO1';
UPDATE `user_registration` SET total_downlines = total_downlines+1
WHERE `user_id` = 'KCF78M';
UPDATE `user_registration` SET right_downlines = right_downlines+1
WHERE `user_id` = 'KCF78M';
UPDATE `user_registration` SET total_downlines = total_downlines+1
WHERE `user_id` = '7RY1ZP';
UPDATE `user_registration` SET right_downlines = right_downlines+1
WHERE `user_id` = '7RY1ZP';
UPDATE `user_registration` SET total_downlines = total_downlines+1
WHERE `user_id` = 'ADZTOG';
UPDATE `user_registration` SET right_downlines = right_downlines+1
WHERE `user_id` = 'ADZTOG';
UPDATE `user_registration` SET right_ref_count = right_ref_count+1
WHERE `user_id` = 'ADZTOG';
UPDATE `user_registration` SET active_right = active_right+1
WHERE `user_id` = 'ADZTOG';
UPDATE `user_registration` SET total_downlines = total_downlines+1
WHERE `user_id` = 'A9858P';
UPDATE `user_registration` SET right_downlines = right_downlines+1
WHERE `user_id` = 'A9858P';
UPDATE `user_registration` SET total_downlines = total_downlines+1
WHERE `user_id` = 'admin';
UPDATE `user_registration` SET right_downlines = right_downlines+1
WHERE `user_id` = 'admin';
INSERT INTO `investment` (`invest_date`, `user_id`, `type`, `amount`, `package_id`) VALUES ('2024-10-01 11:57:42', 'MBPRQB', 'register', '595', '2');
INSERT INTO `earnings` (`user_id`, `Purchaser_id`, `earning_type`, `package_id`, `amount`, `date`, `comments`, `invest_amount`, `comm_perc`, `level`, `rank_id`, `order_id`) VALUES ('ADZTOG', 'MBPRQB', 'Direct Referral Bonus', '2', '100', '2024-10-01 11:57:42', 'Direct Referral Bonus', 0, 0, 1, '', 19);
UPDATE `user_registration` SET commission_balance = ROUND(commission_balance + 100,2)
WHERE `user_id` = 'ADZTOG';
UPDATE `user_registration` SET referral_bonus = ROUND(referral_bonus + 100,2)
WHERE `user_id` = 'ADZTOG';
INSERT INTO `matrix_filling` (`placement_id`, `downline_id`, `level`, `matrix`) VALUES ('X1RH6U', 'MBPRQB', 1, 1);
UPDATE `bv_updation` SET right_carry = right_carry+50, total_right = total_right+50
WHERE `user_id` = 'X1RH6U';
INSERT INTO `placement_bv_update_history` (`right_carry`, `date`, `from_id`, `user_id`) VALUES ('50', '2024-10-01 11:57:42', 'MBPRQB', 'X1RH6U');
INSERT INTO `matrix_filling` (`placement_id`, `downline_id`, `level`, `matrix`) VALUES ('HHALCM', 'MBPRQB', 2, 1);
UPDATE `bv_updation` SET right_carry = right_carry+50, total_right = total_right+50
WHERE `user_id` = 'HHALCM';
INSERT INTO `placement_bv_update_history` (`right_carry`, `date`, `from_id`, `user_id`) VALUES ('50', '2024-10-01 11:57:42', 'MBPRQB', 'HHALCM');
INSERT INTO `matrix_filling` (`placement_id`, `downline_id`, `level`, `matrix`) VALUES ('7WQBA7', 'MBPRQB', 3, 1);
UPDATE `bv_updation` SET right_carry = right_carry+50, total_right = total_right+50
WHERE `user_id` = '7WQBA7';
INSERT INTO `placement_bv_update_history` (`right_carry`, `date`, `from_id`, `user_id`) VALUES ('50', '2024-10-01 11:57:42', 'MBPRQB', '7WQBA7');
INSERT INTO `matrix_filling` (`placement_id`, `downline_id`, `level`, `matrix`) VALUES ('QPNZO1', 'MBPRQB', 4, 1);
UPDATE `bv_updation` SET right_carry = right_carry+50, total_right = total_right+50
WHERE `user_id` = 'QPNZO1';
INSERT INTO `placement_bv_update_history` (`right_carry`, `date`, `from_id`, `user_id`) VALUES ('50', '2024-10-01 11:57:42', 'MBPRQB', 'QPNZO1');
INSERT INTO `matrix_filling` (`placement_id`, `downline_id`, `level`, `matrix`) VALUES ('KCF78M', 'MBPRQB', 5, 1);
UPDATE `bv_updation` SET right_carry = right_carry+50, total_right = total_right+50
WHERE `user_id` = 'KCF78M';
INSERT INTO `placement_bv_update_history` (`right_carry`, `date`, `from_id`, `user_id`) VALUES ('50', '2024-10-01 11:57:42', 'MBPRQB', 'KCF78M');
INSERT INTO `matrix_filling` (`placement_id`, `downline_id`, `level`, `matrix`) VALUES ('7RY1ZP', 'MBPRQB', 6, 1);
UPDATE `bv_updation` SET right_carry = right_carry+50, total_right = total_right+50
WHERE `user_id` = '7RY1ZP';
INSERT INTO `placement_bv_update_history` (`right_carry`, `date`, `from_id`, `user_id`) VALUES ('50', '2024-10-01 11:57:42', 'MBPRQB', '7RY1ZP');
INSERT INTO `matrix_filling` (`placement_id`, `downline_id`, `level`, `matrix`) VALUES ('ADZTOG', 'MBPRQB', 7, 1);
UPDATE `bv_updation` SET right_carry = right_carry+50, total_right = total_right+50
WHERE `user_id` = 'ADZTOG';
INSERT INTO `placement_bv_update_history` (`right_carry`, `date`, `from_id`, `user_id`) VALUES ('50', '2024-10-01 11:57:42', 'MBPRQB', 'ADZTOG');
UPDATE `bv_updation` SET sponsor_right_carry = sponsor_right_carry+50, sponsor_total_right = sponsor_total_right+50
WHERE `user_id` = 'ADZTOG';
INSERT INTO `sponsor_bv_update_history` (`right_carry`, `date`, `user_id`) VALUES ('50', '2024-10-01 11:57:42', 'ADZTOG');
INSERT INTO `matrix_filling` (`placement_id`, `downline_id`, `level`, `matrix`) VALUES ('A9858P', 'MBPRQB', 8, 1);
UPDATE `bv_updation` SET right_carry = right_carry+50, total_right = total_right+50
WHERE `user_id` = 'A9858P';
INSERT INTO `placement_bv_update_history` (`right_carry`, `date`, `from_id`, `user_id`) VALUES ('50', '2024-10-01 11:57:42', 'MBPRQB', 'A9858P');
INSERT INTO `matrix_filling` (`placement_id`, `downline_id`, `level`, `matrix`) VALUES ('admin', 'MBPRQB', 9, 1);
UPDATE `bv_updation` SET right_carry = right_carry+50, total_right = total_right+50
WHERE `user_id` = 'admin';
INSERT INTO `placement_bv_update_history` (`right_carry`, `date`, `from_id`, `user_id`) VALUES ('50', '2024-10-01 11:57:42', 'MBPRQB', 'admin');
INSERT INTO `package_purchase_history` (`user_id`, `package_id`, `reg_fee`, `package_name`, `monthly_fee`, `type`, `date`, `payment_option`) VALUES ('MBPRQB', '2', '595', 'Traveler Pro', '150', 'sign_up', '2024-10-01 11:57:42', 'free');
UPDATE `user_registration` SET `popup_seen` = 'yes'
WHERE `user_id` = 'ADZTOG';
UPDATE `ci_sessions` SET `timestamp` = 1727801882, `data` = '__ci_last_regenerate|i:1727801882;id|s:4:\"2023\";user_id|s:6:\"ADZTOG\";username|s:7:\"rafael1\";sponsor_id|s:6:\"A9858P\";fullname|s:16:\"Rafael Rodriguez\";email|s:17:\"rafael1@gmail.com\";phone|s:10:\"3057610606\";isLogIn|b:1;'
WHERE `id` = '00ec4f25ccd82fa3d3de45f815c76eb8e4136bbb';
UPDATE `user_registration` SET `uid` = '2050', `user_id` = 'DOVI87', `username` = 'edgardo1', `sponsor_id` = 'ADZTOG', `vacant` = 'no', `f_name` = 'Edgardo', `l_name` = 'Martin', `address` = '6520 Kendale Lakes Dr', `position` = 'left', `email` = 'edgardo1@gmail.com', `password` = 'c0aa5db3194b43ca91a30da4652ab935', `phone` = '3057610606', `country` = 'United States', `state` = 'Florida', `city` = 'Miami', `street` = '6520 Kendale Lakes Dr', `zip_code` = '33183', `reg_ip` = '172.70.255.66', `status` = 1, `package_id` = '2', `rank_id` = 1, `highest_rank` = 1, `cycle_rank_id` = 1, `created` = '2024-10-01 11:59:16', `subscription_date` = '2024-10-31', `google_secret` = 'BQIDKZNZ5EMWV6H2'
WHERE `uid` = '2050';
INSERT INTO `user_registration` (`uid`, `user_id`, `username`, `sponsor_id`, `placement_id`, `vacant`, `f_name`, `l_name`, `address`, `position`, `email`, `password`, `phone`, `reg_ip`, `status`, `created`) VALUES (NULL, 'UFIWDD', 'pvJVbVxh', 'DOVI87', 'DOVI87', 'yes', '', '', '', 'left', '@mail.com', '', '', '', 0, '2024-10-01 11:59:16');
INSERT INTO `user_registration` (`uid`, `user_id`, `username`, `sponsor_id`, `placement_id`, `vacant`, `f_name`, `l_name`, `address`, `position`, `email`, `password`, `phone`, `reg_ip`, `status`, `created`) VALUES (NULL, 'IXIDVZ', 'VxFkneyl', 'DOVI87', 'DOVI87', 'yes', '', '', '', 'right', '@mail.com', '', '', '', 0, '2024-10-01 11:59:16');
INSERT INTO `bv_updation` (`user_id`) VALUES ('DOVI87');
UPDATE `user_registration` SET total_ref_count = total_ref_count+1
WHERE `user_id` = 'ADZTOG';
UPDATE `user_registration` SET total_downlines = total_downlines+1
WHERE `user_id` = '2DKJUD';
UPDATE `user_registration` SET left_downlines = left_downlines+1
WHERE `user_id` = '2DKJUD';
UPDATE `user_registration` SET total_downlines = total_downlines+1
WHERE `user_id` = '3F1L3D';
UPDATE `user_registration` SET left_downlines = left_downlines+1
WHERE `user_id` = '3F1L3D';
UPDATE `user_registration` SET total_downlines = total_downlines+1
WHERE `user_id` = 'XYHOZ4';
UPDATE `user_registration` SET left_downlines = left_downlines+1
WHERE `user_id` = 'XYHOZ4';
UPDATE `user_registration` SET total_downlines = total_downlines+1
WHERE `user_id` = 'FEFAEE';
UPDATE `user_registration` SET left_downlines = left_downlines+1
WHERE `user_id` = 'FEFAEE';
UPDATE `user_registration` SET total_downlines = total_downlines+1
WHERE `user_id` = 'S8QNVM';
UPDATE `user_registration` SET left_downlines = left_downlines+1
WHERE `user_id` = 'S8QNVM';
UPDATE `user_registration` SET total_downlines = total_downlines+1
WHERE `user_id` = 'TKWQIW';
UPDATE `user_registration` SET left_downlines = left_downlines+1
WHERE `user_id` = 'TKWQIW';
UPDATE `user_registration` SET total_downlines = total_downlines+1
WHERE `user_id` = 'ADZTOG';
UPDATE `user_registration` SET left_downlines = left_downlines+1
WHERE `user_id` = 'ADZTOG';
UPDATE `user_registration` SET left_ref_count = left_ref_count+1
WHERE `user_id` = 'ADZTOG';
UPDATE `user_registration` SET active_left = active_left+1
WHERE `user_id` = 'ADZTOG';
UPDATE `user_registration` SET total_downlines = total_downlines+1
WHERE `user_id` = 'A9858P';
UPDATE `user_registration` SET right_downlines = right_downlines+1
WHERE `user_id` = 'A9858P';
UPDATE `user_registration` SET total_downlines = total_downlines+1
WHERE `user_id` = 'admin';
UPDATE `user_registration` SET right_downlines = right_downlines+1
WHERE `user_id` = 'admin';
INSERT INTO `investment` (`invest_date`, `user_id`, `type`, `amount`, `package_id`) VALUES ('2024-10-01 11:59:16', 'DOVI87', 'register', '595', '2');
INSERT INTO `earnings` (`user_id`, `Purchaser_id`, `earning_type`, `package_id`, `amount`, `date`, `comments`, `invest_amount`, `comm_perc`, `level`, `rank_id`, `order_id`) VALUES ('ADZTOG', 'DOVI87', 'Direct Referral Bonus', '2', '100', '2024-10-01 11:59:16', 'Direct Referral Bonus', 0, 0, 1, '', 20);
UPDATE `user_registration` SET commission_balance = ROUND(commission_balance + 100,2)
WHERE `user_id` = 'ADZTOG';
UPDATE `user_registration` SET referral_bonus = ROUND(referral_bonus + 100,2)
WHERE `user_id` = 'ADZTOG';
INSERT INTO `matrix_filling` (`placement_id`, `downline_id`, `level`, `matrix`) VALUES ('2DKJUD', 'DOVI87', 1, 1);
UPDATE `bv_updation` SET left_carry = left_carry+50, total_left = total_left+50
WHERE `user_id` = '2DKJUD';
INSERT INTO `placement_bv_update_history` (`left_carry`, `date`, `from_id`, `user_id`) VALUES ('50', '2024-10-01 11:59:16', 'DOVI87', '2DKJUD');
INSERT INTO `matrix_filling` (`placement_id`, `downline_id`, `level`, `matrix`) VALUES ('3F1L3D', 'DOVI87', 2, 1);
UPDATE `bv_updation` SET left_carry = left_carry+50, total_left = total_left+50
WHERE `user_id` = '3F1L3D';
INSERT INTO `placement_bv_update_history` (`left_carry`, `date`, `from_id`, `user_id`) VALUES ('50', '2024-10-01 11:59:16', 'DOVI87', '3F1L3D');
INSERT INTO `matrix_filling` (`placement_id`, `downline_id`, `level`, `matrix`) VALUES ('XYHOZ4', 'DOVI87', 3, 1);
UPDATE `bv_updation` SET left_carry = left_carry+50, total_left = total_left+50
WHERE `user_id` = 'XYHOZ4';
INSERT INTO `placement_bv_update_history` (`left_carry`, `date`, `from_id`, `user_id`) VALUES ('50', '2024-10-01 11:59:16', 'DOVI87', 'XYHOZ4');
INSERT INTO `matrix_filling` (`placement_id`, `downline_id`, `level`, `matrix`) VALUES ('FEFAEE', 'DOVI87', 4, 1);
UPDATE `bv_updation` SET left_carry = left_carry+50, total_left = total_left+50
WHERE `user_id` = 'FEFAEE';
INSERT INTO `placement_bv_update_history` (`left_carry`, `date`, `from_id`, `user_id`) VALUES ('50', '2024-10-01 11:59:16', 'DOVI87', 'FEFAEE');
INSERT INTO `matrix_filling` (`placement_id`, `downline_id`, `level`, `matrix`) VALUES ('S8QNVM', 'DOVI87', 5, 1);
UPDATE `bv_updation` SET left_carry = left_carry+50, total_left = total_left+50
WHERE `user_id` = 'S8QNVM';
INSERT INTO `placement_bv_update_history` (`left_carry`, `date`, `from_id`, `user_id`) VALUES ('50', '2024-10-01 11:59:16', 'DOVI87', 'S8QNVM');
INSERT INTO `matrix_filling` (`placement_id`, `downline_id`, `level`, `matrix`) VALUES ('TKWQIW', 'DOVI87', 6, 1);
UPDATE `bv_updation` SET left_carry = left_carry+50, total_left = total_left+50
WHERE `user_id` = 'TKWQIW';
INSERT INTO `placement_bv_update_history` (`left_carry`, `date`, `from_id`, `user_id`) VALUES ('50', '2024-10-01 11:59:16', 'DOVI87', 'TKWQIW');
INSERT INTO `matrix_filling` (`placement_id`, `downline_id`, `level`, `matrix`) VALUES ('ADZTOG', 'DOVI87', 7, 1);
UPDATE `bv_updation` SET left_carry = left_carry+50, total_left = total_left+50
WHERE `user_id` = 'ADZTOG';
INSERT INTO `placement_bv_update_history` (`left_carry`, `date`, `from_id`, `user_id`) VALUES ('50', '2024-10-01 11:59:16', 'DOVI87', 'ADZTOG');
UPDATE `bv_updation` SET sponsor_left_carry = sponsor_left_carry+50, sponsor_total_left = sponsor_total_left+50
WHERE `user_id` = 'ADZTOG';
INSERT INTO `sponsor_bv_update_history` (`left_carry`, `date`, `user_id`) VALUES ('50', '2024-10-01 11:59:16', 'ADZTOG');
INSERT INTO `matrix_filling` (`placement_id`, `downline_id`, `level`, `matrix`) VALUES ('A9858P', 'DOVI87', 8, 1);
UPDATE `bv_updation` SET right_carry = right_carry+50, total_right = total_right+50
WHERE `user_id` = 'A9858P';
INSERT INTO `placement_bv_update_history` (`right_carry`, `date`, `from_id`, `user_id`) VALUES ('50', '2024-10-01 11:59:16', 'DOVI87', 'A9858P');
INSERT INTO `matrix_filling` (`placement_id`, `downline_id`, `level`, `matrix`) VALUES ('admin', 'DOVI87', 9, 1);
UPDATE `bv_updation` SET right_carry = right_carry+50, total_right = total_right+50
WHERE `user_id` = 'admin';
INSERT INTO `placement_bv_update_history` (`right_carry`, `date`, `from_id`, `user_id`) VALUES ('50', '2024-10-01 11:59:16', 'DOVI87', 'admin');
INSERT INTO `package_purchase_history` (`user_id`, `package_id`, `reg_fee`, `package_name`, `monthly_fee`, `type`, `date`, `payment_option`) VALUES ('DOVI87', '2', '595', 'Traveler Pro', '150', 'sign_up', '2024-10-01 11:59:16', 'free');
UPDATE `user_registration` SET `popup_seen` = 'yes'
WHERE `user_id` = 'ADZTOG';
UPDATE `user_registration` SET `uid` = '2053', `user_id` = 'GPRO3Q', `username` = 'nelia1', `sponsor_id` = 'ADZTOG', `vacant` = 'no', `f_name` = 'Nelia ', `l_name` = 'Dominguez', `address` = '6520 Kendale Lakes Dr', `position` = 'right', `email` = 'nelia1@gmail.com', `password` = '448a8463fa026e0fac0f02445838d7e6', `phone` = '3057610606', `country` = 'United States', `state` = 'Florida', `city` = 'Miami', `street` = '6520 Kendale Lakes Dr', `zip_code` = '33183', `reg_ip` = '108.162.210.225', `status` = 1, `package_id` = '2', `rank_id` = 1, `highest_rank` = 1, `cycle_rank_id` = 1, `created` = '2024-10-01 12:00:40', `subscription_date` = '2024-10-31', `google_secret` = 'C6VTKE3AL37PSAVR'
WHERE `uid` = '2053';
INSERT INTO `user_registration` (`uid`, `user_id`, `username`, `sponsor_id`, `placement_id`, `vacant`, `f_name`, `l_name`, `address`, `position`, `email`, `password`, `phone`, `reg_ip`, `status`, `created`) VALUES (NULL, 'IPGYJJ', 'CEpfBbmW', 'GPRO3Q', 'GPRO3Q', 'yes', '', '', '', 'left', '@mail.com', '', '', '', 0, '2024-10-01 12:00:40');
INSERT INTO `user_registration` (`uid`, `user_id`, `username`, `sponsor_id`, `placement_id`, `vacant`, `f_name`, `l_name`, `address`, `position`, `email`, `password`, `phone`, `reg_ip`, `status`, `created`) VALUES (NULL, 'VFIYXA', 'QvtrwpgH', 'GPRO3Q', 'GPRO3Q', 'yes', '', '', '', 'right', '@mail.com', '', '', '', 0, '2024-10-01 12:00:40');
INSERT INTO `bv_updation` (`user_id`) VALUES ('GPRO3Q');
UPDATE `user_registration` SET total_ref_count = total_ref_count+1
WHERE `user_id` = 'ADZTOG';
UPDATE `user_registration` SET total_downlines = total_downlines+1
WHERE `user_id` = 'MBPRQB';
UPDATE `user_registration` SET right_downlines = right_downlines+1
WHERE `user_id` = 'MBPRQB';
UPDATE `user_registration` SET total_downlines = total_downlines+1
WHERE `user_id` = 'X1RH6U';
UPDATE `user_registration` SET right_downlines = right_downlines+1
WHERE `user_id` = 'X1RH6U';
UPDATE `user_registration` SET total_downlines = total_downlines+1
WHERE `user_id` = 'HHALCM';
UPDATE `user_registration` SET right_downlines = right_downlines+1
WHERE `user_id` = 'HHALCM';
UPDATE `user_registration` SET total_downlines = total_downlines+1
WHERE `user_id` = '7WQBA7';
UPDATE `user_registration` SET right_downlines = right_downlines+1
WHERE `user_id` = '7WQBA7';
UPDATE `user_registration` SET total_downlines = total_downlines+1
WHERE `user_id` = 'QPNZO1';
UPDATE `user_registration` SET right_downlines = right_downlines+1
WHERE `user_id` = 'QPNZO1';
UPDATE `user_registration` SET total_downlines = total_downlines+1
WHERE `user_id` = 'KCF78M';
UPDATE `user_registration` SET right_downlines = right_downlines+1
WHERE `user_id` = 'KCF78M';
UPDATE `user_registration` SET total_downlines = total_downlines+1
WHERE `user_id` = '7RY1ZP';
UPDATE `user_registration` SET right_downlines = right_downlines+1
WHERE `user_id` = '7RY1ZP';
UPDATE `user_registration` SET total_downlines = total_downlines+1
WHERE `user_id` = 'ADZTOG';
UPDATE `user_registration` SET right_downlines = right_downlines+1
WHERE `user_id` = 'ADZTOG';
UPDATE `user_registration` SET right_ref_count = right_ref_count+1
WHERE `user_id` = 'ADZTOG';
UPDATE `user_registration` SET active_right = active_right+1
WHERE `user_id` = 'ADZTOG';
UPDATE `user_registration` SET total_downlines = total_downlines+1
WHERE `user_id` = 'A9858P';
UPDATE `user_registration` SET right_downlines = right_downlines+1
WHERE `user_id` = 'A9858P';
UPDATE `user_registration` SET total_downlines = total_downlines+1
WHERE `user_id` = 'admin';
UPDATE `user_registration` SET right_downlines = right_downlines+1
WHERE `user_id` = 'admin';
INSERT INTO `investment` (`invest_date`, `user_id`, `type`, `amount`, `package_id`) VALUES ('2024-10-01 12:00:40', 'GPRO3Q', 'register', '595', '2');
INSERT INTO `earnings` (`user_id`, `Purchaser_id`, `earning_type`, `package_id`, `amount`, `date`, `comments`, `invest_amount`, `comm_perc`, `level`, `rank_id`, `order_id`) VALUES ('ADZTOG', 'GPRO3Q', 'Direct Referral Bonus', '2', '100', '2024-10-01 12:00:40', 'Direct Referral Bonus', 0, 0, 1, '', 21);
UPDATE `user_registration` SET commission_balance = ROUND(commission_balance + 100,2)
WHERE `user_id` = 'ADZTOG';
UPDATE `user_registration` SET referral_bonus = ROUND(referral_bonus + 100,2)
WHERE `user_id` = 'ADZTOG';
INSERT INTO `matrix_filling` (`placement_id`, `downline_id`, `level`, `matrix`) VALUES ('MBPRQB', 'GPRO3Q', 1, 1);
UPDATE `bv_updation` SET right_carry = right_carry+50, total_right = total_right+50
WHERE `user_id` = 'MBPRQB';
INSERT INTO `placement_bv_update_history` (`right_carry`, `date`, `from_id`, `user_id`) VALUES ('50', '2024-10-01 12:00:40', 'GPRO3Q', 'MBPRQB');
INSERT INTO `matrix_filling` (`placement_id`, `downline_id`, `level`, `matrix`) VALUES ('X1RH6U', 'GPRO3Q', 2, 1);
UPDATE `bv_updation` SET right_carry = right_carry+50, total_right = total_right+50
WHERE `user_id` = 'X1RH6U';
INSERT INTO `placement_bv_update_history` (`right_carry`, `date`, `from_id`, `user_id`) VALUES ('50', '2024-10-01 12:00:40', 'GPRO3Q', 'X1RH6U');
INSERT INTO `matrix_filling` (`placement_id`, `downline_id`, `level`, `matrix`) VALUES ('HHALCM', 'GPRO3Q', 3, 1);
UPDATE `bv_updation` SET right_carry = right_carry+50, total_right = total_right+50
WHERE `user_id` = 'HHALCM';
INSERT INTO `placement_bv_update_history` (`right_carry`, `date`, `from_id`, `user_id`) VALUES ('50', '2024-10-01 12:00:40', 'GPRO3Q', 'HHALCM');
INSERT INTO `matrix_filling` (`placement_id`, `downline_id`, `level`, `matrix`) VALUES ('7WQBA7', 'GPRO3Q', 4, 1);
UPDATE `bv_updation` SET right_carry = right_carry+50, total_right = total_right+50
WHERE `user_id` = '7WQBA7';
INSERT INTO `placement_bv_update_history` (`right_carry`, `date`, `from_id`, `user_id`) VALUES ('50', '2024-10-01 12:00:40', 'GPRO3Q', '7WQBA7');
INSERT INTO `matrix_filling` (`placement_id`, `downline_id`, `level`, `matrix`) VALUES ('QPNZO1', 'GPRO3Q', 5, 1);
UPDATE `bv_updation` SET right_carry = right_carry+50, total_right = total_right+50
WHERE `user_id` = 'QPNZO1';
INSERT INTO `placement_bv_update_history` (`right_carry`, `date`, `from_id`, `user_id`) VALUES ('50', '2024-10-01 12:00:40', 'GPRO3Q', 'QPNZO1');
INSERT INTO `matrix_filling` (`placement_id`, `downline_id`, `level`, `matrix`) VALUES ('KCF78M', 'GPRO3Q', 6, 1);
UPDATE `bv_updation` SET right_carry = right_carry+50, total_right = total_right+50
WHERE `user_id` = 'KCF78M';
INSERT INTO `placement_bv_update_history` (`right_carry`, `date`, `from_id`, `user_id`) VALUES ('50', '2024-10-01 12:00:40', 'GPRO3Q', 'KCF78M');
INSERT INTO `matrix_filling` (`placement_id`, `downline_id`, `level`, `matrix`) VALUES ('7RY1ZP', 'GPRO3Q', 7, 1);
UPDATE `bv_updation` SET right_carry = right_carry+50, total_right = total_right+50
WHERE `user_id` = '7RY1ZP';
INSERT INTO `placement_bv_update_history` (`right_carry`, `date`, `from_id`, `user_id`) VALUES ('50', '2024-10-01 12:00:40', 'GPRO3Q', '7RY1ZP');
INSERT INTO `matrix_filling` (`placement_id`, `downline_id`, `level`, `matrix`) VALUES ('ADZTOG', 'GPRO3Q', 8, 1);
UPDATE `bv_updation` SET right_carry = right_carry+50, total_right = total_right+50
WHERE `user_id` = 'ADZTOG';
INSERT INTO `placement_bv_update_history` (`right_carry`, `date`, `from_id`, `user_id`) VALUES ('50', '2024-10-01 12:00:40', 'GPRO3Q', 'ADZTOG');
UPDATE `bv_updation` SET sponsor_right_carry = sponsor_right_carry+50, sponsor_total_right = sponsor_total_right+50
WHERE `user_id` = 'ADZTOG';
INSERT INTO `sponsor_bv_update_history` (`right_carry`, `date`, `user_id`) VALUES ('50', '2024-10-01 12:00:40', 'ADZTOG');
INSERT INTO `matrix_filling` (`placement_id`, `downline_id`, `level`, `matrix`) VALUES ('A9858P', 'GPRO3Q', 9, 1);
UPDATE `bv_updation` SET right_carry = right_carry+50, total_right = total_right+50
WHERE `user_id` = 'A9858P';
INSERT INTO `placement_bv_update_history` (`right_carry`, `date`, `from_id`, `user_id`) VALUES ('50', '2024-10-01 12:00:40', 'GPRO3Q', 'A9858P');
INSERT INTO `matrix_filling` (`placement_id`, `downline_id`, `level`, `matrix`) VALUES ('admin', 'GPRO3Q', 10, 1);
UPDATE `bv_updation` SET right_carry = right_carry+50, total_right = total_right+50
WHERE `user_id` = 'admin';
INSERT INTO `placement_bv_update_history` (`right_carry`, `date`, `from_id`, `user_id`) VALUES ('50', '2024-10-01 12:00:40', 'GPRO3Q', 'admin');
INSERT INTO `package_purchase_history` (`user_id`, `package_id`, `reg_fee`, `package_name`, `monthly_fee`, `type`, `date`, `payment_option`) VALUES ('GPRO3Q', '2', '595', 'Traveler Pro', '150', 'sign_up', '2024-10-01 12:00:40', 'free');
UPDATE `user_registration` SET `popup_seen` = 'yes'
WHERE `user_id` = 'ADZTOG';
UPDATE `user_registration` SET `uid` = '2054', `user_id` = 'FJ73DP', `username` = 'nilda1', `sponsor_id` = 'ADZTOG', `vacant` = 'no', `f_name` = 'Nilda', `l_name` = 'Castro', `address` = '6520 Kendale Lakes Dr', `position` = 'left', `email` = 'nilda1@gmail.com', `password` = '697d331f81e9d12733448bbb4b30885f', `phone` = '3057610606', `country` = 'United States', `state` = 'Florida', `city` = 'Miami', `street` = '6520 Kendale Lakes Dr', `zip_code` = '33183', `reg_ip` = '172.70.254.226', `status` = 1, `package_id` = '2', `rank_id` = 1, `highest_rank` = 1, `cycle_rank_id` = 1, `created` = '2024-10-01 12:01:50', `subscription_date` = '2024-10-31', `google_secret` = 'QRANYCLDKSG6XCLY'
WHERE `uid` = '2054';
INSERT INTO `user_registration` (`uid`, `user_id`, `username`, `sponsor_id`, `placement_id`, `vacant`, `f_name`, `l_name`, `address`, `position`, `email`, `password`, `phone`, `reg_ip`, `status`, `created`) VALUES (NULL, 'FSUONL', 'YzwOltXH', 'FJ73DP', 'FJ73DP', 'yes', '', '', '', 'left', '@mail.com', '', '', '', 0, '2024-10-01 12:01:50');
INSERT INTO `user_registration` (`uid`, `user_id`, `username`, `sponsor_id`, `placement_id`, `vacant`, `f_name`, `l_name`, `address`, `position`, `email`, `password`, `phone`, `reg_ip`, `status`, `created`) VALUES (NULL, 'JKXCJU', 'sBHwUYNV', 'FJ73DP', 'FJ73DP', 'yes', '', '', '', 'right', '@mail.com', '', '', '', 0, '2024-10-01 12:01:50');
INSERT INTO `bv_updation` (`user_id`) VALUES ('FJ73DP');
UPDATE `user_registration` SET total_ref_count = total_ref_count+1
WHERE `user_id` = 'ADZTOG';
UPDATE `user_registration` SET total_downlines = total_downlines+1
WHERE `user_id` = 'DOVI87';
UPDATE `user_registration` SET left_downlines = left_downlines+1
WHERE `user_id` = 'DOVI87';
UPDATE `user_registration` SET total_downlines = total_downlines+1
WHERE `user_id` = '2DKJUD';
UPDATE `user_registration` SET left_downlines = left_downlines+1
WHERE `user_id` = '2DKJUD';
UPDATE `user_registration` SET total_downlines = total_downlines+1
WHERE `user_id` = '3F1L3D';
UPDATE `user_registration` SET left_downlines = left_downlines+1
WHERE `user_id` = '3F1L3D';
UPDATE `user_registration` SET total_downlines = total_downlines+1
WHERE `user_id` = 'XYHOZ4';
UPDATE `user_registration` SET left_downlines = left_downlines+1
WHERE `user_id` = 'XYHOZ4';
UPDATE `user_registration` SET total_downlines = total_downlines+1
WHERE `user_id` = 'FEFAEE';
UPDATE `user_registration` SET left_downlines = left_downlines+1
WHERE `user_id` = 'FEFAEE';
UPDATE `user_registration` SET total_downlines = total_downlines+1
WHERE `user_id` = 'S8QNVM';
UPDATE `user_registration` SET left_downlines = left_downlines+1
WHERE `user_id` = 'S8QNVM';
UPDATE `user_registration` SET total_downlines = total_downlines+1
WHERE `user_id` = 'TKWQIW';
UPDATE `user_registration` SET left_downlines = left_downlines+1
WHERE `user_id` = 'TKWQIW';
UPDATE `user_registration` SET total_downlines = total_downlines+1
WHERE `user_id` = 'ADZTOG';
UPDATE `user_registration` SET left_downlines = left_downlines+1
WHERE `user_id` = 'ADZTOG';
UPDATE `user_registration` SET left_ref_count = left_ref_count+1
WHERE `user_id` = 'ADZTOG';
UPDATE `user_registration` SET active_left = active_left+1
WHERE `user_id` = 'ADZTOG';
UPDATE `user_registration` SET total_downlines = total_downlines+1
WHERE `user_id` = 'A9858P';
UPDATE `user_registration` SET right_downlines = right_downlines+1
WHERE `user_id` = 'A9858P';
UPDATE `user_registration` SET total_downlines = total_downlines+1
WHERE `user_id` = 'admin';
UPDATE `user_registration` SET right_downlines = right_downlines+1
WHERE `user_id` = 'admin';
INSERT INTO `investment` (`invest_date`, `user_id`, `type`, `amount`, `package_id`) VALUES ('2024-10-01 12:01:50', 'FJ73DP', 'register', '595', '2');
INSERT INTO `earnings` (`user_id`, `Purchaser_id`, `earning_type`, `package_id`, `amount`, `date`, `comments`, `invest_amount`, `comm_perc`, `level`, `rank_id`, `order_id`) VALUES ('ADZTOG', 'FJ73DP', 'Direct Referral Bonus', '2', '100', '2024-10-01 12:01:50', 'Direct Referral Bonus', 0, 0, 1, '', 22);
UPDATE `user_registration` SET commission_balance = ROUND(commission_balance + 100,2)
WHERE `user_id` = 'ADZTOG';
UPDATE `user_registration` SET referral_bonus = ROUND(referral_bonus + 100,2)
WHERE `user_id` = 'ADZTOG';
INSERT INTO `matrix_filling` (`placement_id`, `downline_id`, `level`, `matrix`) VALUES ('DOVI87', 'FJ73DP', 1, 1);
UPDATE `bv_updation` SET left_carry = left_carry+50, total_left = total_left+50
WHERE `user_id` = 'DOVI87';
INSERT INTO `placement_bv_update_history` (`left_carry`, `date`, `from_id`, `user_id`) VALUES ('50', '2024-10-01 12:01:50', 'FJ73DP', 'DOVI87');
INSERT INTO `matrix_filling` (`placement_id`, `downline_id`, `level`, `matrix`) VALUES ('2DKJUD', 'FJ73DP', 2, 1);
UPDATE `bv_updation` SET left_carry = left_carry+50, total_left = total_left+50
WHERE `user_id` = '2DKJUD';
INSERT INTO `placement_bv_update_history` (`left_carry`, `date`, `from_id`, `user_id`) VALUES ('50', '2024-10-01 12:01:50', 'FJ73DP', '2DKJUD');
INSERT INTO `matrix_filling` (`placement_id`, `downline_id`, `level`, `matrix`) VALUES ('3F1L3D', 'FJ73DP', 3, 1);
UPDATE `bv_updation` SET left_carry = left_carry+50, total_left = total_left+50
WHERE `user_id` = '3F1L3D';
INSERT INTO `placement_bv_update_history` (`left_carry`, `date`, `from_id`, `user_id`) VALUES ('50', '2024-10-01 12:01:50', 'FJ73DP', '3F1L3D');
INSERT INTO `matrix_filling` (`placement_id`, `downline_id`, `level`, `matrix`) VALUES ('XYHOZ4', 'FJ73DP', 4, 1);
UPDATE `bv_updation` SET left_carry = left_carry+50, total_left = total_left+50
WHERE `user_id` = 'XYHOZ4';
INSERT INTO `placement_bv_update_history` (`left_carry`, `date`, `from_id`, `user_id`) VALUES ('50', '2024-10-01 12:01:50', 'FJ73DP', 'XYHOZ4');
INSERT INTO `matrix_filling` (`placement_id`, `downline_id`, `level`, `matrix`) VALUES ('FEFAEE', 'FJ73DP', 5, 1);
UPDATE `bv_updation` SET left_carry = left_carry+50, total_left = total_left+50
WHERE `user_id` = 'FEFAEE';
INSERT INTO `placement_bv_update_history` (`left_carry`, `date`, `from_id`, `user_id`) VALUES ('50', '2024-10-01 12:01:50', 'FJ73DP', 'FEFAEE');
INSERT INTO `matrix_filling` (`placement_id`, `downline_id`, `level`, `matrix`) VALUES ('S8QNVM', 'FJ73DP', 6, 1);
UPDATE `bv_updation` SET left_carry = left_carry+50, total_left = total_left+50
WHERE `user_id` = 'S8QNVM';
INSERT INTO `placement_bv_update_history` (`left_carry`, `date`, `from_id`, `user_id`) VALUES ('50', '2024-10-01 12:01:50', 'FJ73DP', 'S8QNVM');
INSERT INTO `matrix_filling` (`placement_id`, `downline_id`, `level`, `matrix`) VALUES ('TKWQIW', 'FJ73DP', 7, 1);
UPDATE `bv_updation` SET left_carry = left_carry+50, total_left = total_left+50
WHERE `user_id` = 'TKWQIW';
INSERT INTO `placement_bv_update_history` (`left_carry`, `date`, `from_id`, `user_id`) VALUES ('50', '2024-10-01 12:01:50', 'FJ73DP', 'TKWQIW');
INSERT INTO `matrix_filling` (`placement_id`, `downline_id`, `level`, `matrix`) VALUES ('ADZTOG', 'FJ73DP', 8, 1);
UPDATE `bv_updation` SET left_carry = left_carry+50, total_left = total_left+50
WHERE `user_id` = 'ADZTOG';
INSERT INTO `placement_bv_update_history` (`left_carry`, `date`, `from_id`, `user_id`) VALUES ('50', '2024-10-01 12:01:50', 'FJ73DP', 'ADZTOG');
UPDATE `bv_updation` SET sponsor_left_carry = sponsor_left_carry+50, sponsor_total_left = sponsor_total_left+50
WHERE `user_id` = 'ADZTOG';
INSERT INTO `sponsor_bv_update_history` (`left_carry`, `date`, `user_id`) VALUES ('50', '2024-10-01 12:01:50', 'ADZTOG');
INSERT INTO `matrix_filling` (`placement_id`, `downline_id`, `level`, `matrix`) VALUES ('A9858P', 'FJ73DP', 9, 1);
UPDATE `bv_updation` SET right_carry = right_carry+50, total_right = total_right+50
WHERE `user_id` = 'A9858P';
INSERT INTO `placement_bv_update_history` (`right_carry`, `date`, `from_id`, `user_id`) VALUES ('50', '2024-10-01 12:01:50', 'FJ73DP', 'A9858P');
INSERT INTO `matrix_filling` (`placement_id`, `downline_id`, `level`, `matrix`) VALUES ('admin', 'FJ73DP', 10, 1);
UPDATE `bv_updation` SET right_carry = right_carry+50, total_right = total_right+50
WHERE `user_id` = 'admin';
INSERT INTO `placement_bv_update_history` (`right_carry`, `date`, `from_id`, `user_id`) VALUES ('50', '2024-10-01 12:01:50', 'FJ73DP', 'admin');
INSERT INTO `package_purchase_history` (`user_id`, `package_id`, `reg_fee`, `package_name`, `monthly_fee`, `type`, `date`, `payment_option`) VALUES ('FJ73DP', '2', '595', 'Traveler Pro', '150', 'sign_up', '2024-10-01 12:01:50', 'free');
UPDATE `user_registration` SET `popup_seen` = 'yes'
WHERE `user_id` = 'ADZTOG';
UPDATE `ci_sessions` SET `timestamp` = 1727802190, `data` = '__ci_last_regenerate|i:1727802190;id|s:4:\"2023\";user_id|s:6:\"ADZTOG\";username|s:7:\"rafael1\";sponsor_id|s:6:\"A9858P\";fullname|s:16:\"Rafael Rodriguez\";email|s:17:\"rafael1@gmail.com\";phone|s:10:\"3057610606\";isLogIn|b:1;'
WHERE `id` = '0b79ca94471eae79822f11145f9dba423b0485e7';
UPDATE `user_registration` SET `uid` = '2057', `user_id` = '6UO8TB', `username` = 'rogelio1', `sponsor_id` = 'ADZTOG', `vacant` = 'no', `f_name` = 'Rogelio', `l_name` = 'Miró', `address` = '6520 Kendale Lakes Dr', `position` = 'right', `email` = 'rogelio1@gmail.com', `password` = 'a7db1df2eef4ea7ead5a9570ac79593b', `phone` = '3057610606', `country` = 'United States', `state` = 'Florida', `city` = 'Miami', `street` = '6520 Kendale Lakes Dr', `zip_code` = '33183', `reg_ip` = '172.70.83.105', `status` = 1, `package_id` = '2', `rank_id` = 1, `highest_rank` = 1, `cycle_rank_id` = 1, `created` = '2024-10-01 12:03:10', `subscription_date` = '2024-10-31', `google_secret` = 'HQ7QDYWDUEX4NZFZ'
WHERE `uid` = '2057';
INSERT INTO `user_registration` (`uid`, `user_id`, `username`, `sponsor_id`, `placement_id`, `vacant`, `f_name`, `l_name`, `address`, `position`, `email`, `password`, `phone`, `reg_ip`, `status`, `created`) VALUES (NULL, 'VPUQHS', 'YgFjWZux', '6UO8TB', '6UO8TB', 'yes', '', '', '', 'left', '@mail.com', '', '', '', 0, '2024-10-01 12:03:10');
INSERT INTO `user_registration` (`uid`, `user_id`, `username`, `sponsor_id`, `placement_id`, `vacant`, `f_name`, `l_name`, `address`, `position`, `email`, `password`, `phone`, `reg_ip`, `status`, `created`) VALUES (NULL, 'DESTHX', 'ymWgleoS', '6UO8TB', '6UO8TB', 'yes', '', '', '', 'right', '@mail.com', '', '', '', 0, '2024-10-01 12:03:10');
INSERT INTO `bv_updation` (`user_id`) VALUES ('6UO8TB');
UPDATE `user_registration` SET total_ref_count = total_ref_count+1
WHERE `user_id` = 'ADZTOG';
UPDATE `user_registration` SET total_downlines = total_downlines+1
WHERE `user_id` = 'GPRO3Q';
UPDATE `user_registration` SET right_downlines = right_downlines+1
WHERE `user_id` = 'GPRO3Q';
UPDATE `user_registration` SET total_downlines = total_downlines+1
WHERE `user_id` = 'MBPRQB';
UPDATE `user_registration` SET right_downlines = right_downlines+1
WHERE `user_id` = 'MBPRQB';
UPDATE `user_registration` SET total_downlines = total_downlines+1
WHERE `user_id` = 'X1RH6U';
UPDATE `user_registration` SET right_downlines = right_downlines+1
WHERE `user_id` = 'X1RH6U';
UPDATE `user_registration` SET total_downlines = total_downlines+1
WHERE `user_id` = 'HHALCM';
UPDATE `user_registration` SET right_downlines = right_downlines+1
WHERE `user_id` = 'HHALCM';
UPDATE `user_registration` SET total_downlines = total_downlines+1
WHERE `user_id` = '7WQBA7';
UPDATE `user_registration` SET right_downlines = right_downlines+1
WHERE `user_id` = '7WQBA7';
UPDATE `user_registration` SET total_downlines = total_downlines+1
WHERE `user_id` = 'QPNZO1';
UPDATE `user_registration` SET right_downlines = right_downlines+1
WHERE `user_id` = 'QPNZO1';
UPDATE `user_registration` SET total_downlines = total_downlines+1
WHERE `user_id` = 'KCF78M';
UPDATE `user_registration` SET right_downlines = right_downlines+1
WHERE `user_id` = 'KCF78M';
UPDATE `user_registration` SET total_downlines = total_downlines+1
WHERE `user_id` = '7RY1ZP';
UPDATE `user_registration` SET right_downlines = right_downlines+1
WHERE `user_id` = '7RY1ZP';
UPDATE `user_registration` SET total_downlines = total_downlines+1
WHERE `user_id` = 'ADZTOG';
UPDATE `user_registration` SET right_downlines = right_downlines+1
WHERE `user_id` = 'ADZTOG';
UPDATE `user_registration` SET right_ref_count = right_ref_count+1
WHERE `user_id` = 'ADZTOG';
UPDATE `user_registration` SET active_right = active_right+1
WHERE `user_id` = 'ADZTOG';
UPDATE `user_registration` SET total_downlines = total_downlines+1
WHERE `user_id` = 'A9858P';
UPDATE `user_registration` SET right_downlines = right_downlines+1
WHERE `user_id` = 'A9858P';
UPDATE `user_registration` SET total_downlines = total_downlines+1
WHERE `user_id` = 'admin';
UPDATE `user_registration` SET right_downlines = right_downlines+1
WHERE `user_id` = 'admin';
INSERT INTO `investment` (`invest_date`, `user_id`, `type`, `amount`, `package_id`) VALUES ('2024-10-01 12:03:10', '6UO8TB', 'register', '595', '2');
INSERT INTO `earnings` (`user_id`, `Purchaser_id`, `earning_type`, `package_id`, `amount`, `date`, `comments`, `invest_amount`, `comm_perc`, `level`, `rank_id`, `order_id`) VALUES ('ADZTOG', '6UO8TB', 'Direct Referral Bonus', '2', '100', '2024-10-01 12:03:10', 'Direct Referral Bonus', 0, 0, 1, '', 23);
UPDATE `user_registration` SET commission_balance = ROUND(commission_balance + 100,2)
WHERE `user_id` = 'ADZTOG';
UPDATE `user_registration` SET referral_bonus = ROUND(referral_bonus + 100,2)
WHERE `user_id` = 'ADZTOG';
INSERT INTO `matrix_filling` (`placement_id`, `downline_id`, `level`, `matrix`) VALUES ('GPRO3Q', '6UO8TB', 1, 1);
UPDATE `bv_updation` SET right_carry = right_carry+50, total_right = total_right+50
WHERE `user_id` = 'GPRO3Q';
INSERT INTO `placement_bv_update_history` (`right_carry`, `date`, `from_id`, `user_id`) VALUES ('50', '2024-10-01 12:03:10', '6UO8TB', 'GPRO3Q');
INSERT INTO `matrix_filling` (`placement_id`, `downline_id`, `level`, `matrix`) VALUES ('MBPRQB', '6UO8TB', 2, 1);
UPDATE `bv_updation` SET right_carry = right_carry+50, total_right = total_right+50
WHERE `user_id` = 'MBPRQB';
INSERT INTO `placement_bv_update_history` (`right_carry`, `date`, `from_id`, `user_id`) VALUES ('50', '2024-10-01 12:03:10', '6UO8TB', 'MBPRQB');
INSERT INTO `matrix_filling` (`placement_id`, `downline_id`, `level`, `matrix`) VALUES ('X1RH6U', '6UO8TB', 3, 1);
UPDATE `bv_updation` SET right_carry = right_carry+50, total_right = total_right+50
WHERE `user_id` = 'X1RH6U';
INSERT INTO `placement_bv_update_history` (`right_carry`, `date`, `from_id`, `user_id`) VALUES ('50', '2024-10-01 12:03:10', '6UO8TB', 'X1RH6U');
INSERT INTO `matrix_filling` (`placement_id`, `downline_id`, `level`, `matrix`) VALUES ('HHALCM', '6UO8TB', 4, 1);
UPDATE `bv_updation` SET right_carry = right_carry+50, total_right = total_right+50
WHERE `user_id` = 'HHALCM';
INSERT INTO `placement_bv_update_history` (`right_carry`, `date`, `from_id`, `user_id`) VALUES ('50', '2024-10-01 12:03:10', '6UO8TB', 'HHALCM');
INSERT INTO `matrix_filling` (`placement_id`, `downline_id`, `level`, `matrix`) VALUES ('7WQBA7', '6UO8TB', 5, 1);
UPDATE `bv_updation` SET right_carry = right_carry+50, total_right = total_right+50
WHERE `user_id` = '7WQBA7';
INSERT INTO `placement_bv_update_history` (`right_carry`, `date`, `from_id`, `user_id`) VALUES ('50', '2024-10-01 12:03:10', '6UO8TB', '7WQBA7');
INSERT INTO `matrix_filling` (`placement_id`, `downline_id`, `level`, `matrix`) VALUES ('QPNZO1', '6UO8TB', 6, 1);
UPDATE `bv_updation` SET right_carry = right_carry+50, total_right = total_right+50
WHERE `user_id` = 'QPNZO1';
INSERT INTO `placement_bv_update_history` (`right_carry`, `date`, `from_id`, `user_id`) VALUES ('50', '2024-10-01 12:03:10', '6UO8TB', 'QPNZO1');
INSERT INTO `matrix_filling` (`placement_id`, `downline_id`, `level`, `matrix`) VALUES ('KCF78M', '6UO8TB', 7, 1);
UPDATE `bv_updation` SET right_carry = right_carry+50, total_right = total_right+50
WHERE `user_id` = 'KCF78M';
INSERT INTO `placement_bv_update_history` (`right_carry`, `date`, `from_id`, `user_id`) VALUES ('50', '2024-10-01 12:03:10', '6UO8TB', 'KCF78M');
INSERT INTO `matrix_filling` (`placement_id`, `downline_id`, `level`, `matrix`) VALUES ('7RY1ZP', '6UO8TB', 8, 1);
UPDATE `bv_updation` SET right_carry = right_carry+50, total_right = total_right+50
WHERE `user_id` = '7RY1ZP';
INSERT INTO `placement_bv_update_history` (`right_carry`, `date`, `from_id`, `user_id`) VALUES ('50', '2024-10-01 12:03:10', '6UO8TB', '7RY1ZP');
INSERT INTO `matrix_filling` (`placement_id`, `downline_id`, `level`, `matrix`) VALUES ('ADZTOG', '6UO8TB', 9, 1);
UPDATE `bv_updation` SET right_carry = right_carry+50, total_right = total_right+50
WHERE `user_id` = 'ADZTOG';
INSERT INTO `placement_bv_update_history` (`right_carry`, `date`, `from_id`, `user_id`) VALUES ('50', '2024-10-01 12:03:10', '6UO8TB', 'ADZTOG');
UPDATE `bv_updation` SET sponsor_right_carry = sponsor_right_carry+50, sponsor_total_right = sponsor_total_right+50
WHERE `user_id` = 'ADZTOG';
INSERT INTO `sponsor_bv_update_history` (`right_carry`, `date`, `user_id`) VALUES ('50', '2024-10-01 12:03:10', 'ADZTOG');
INSERT INTO `matrix_filling` (`placement_id`, `downline_id`, `level`, `matrix`) VALUES ('A9858P', '6UO8TB', 10, 1);
UPDATE `bv_updation` SET right_carry = right_carry+50, total_right = total_right+50
WHERE `user_id` = 'A9858P';
INSERT INTO `placement_bv_update_history` (`right_carry`, `date`, `from_id`, `user_id`) VALUES ('50', '2024-10-01 12:03:10', '6UO8TB', 'A9858P');
INSERT INTO `matrix_filling` (`placement_id`, `downline_id`, `level`, `matrix`) VALUES ('admin', '6UO8TB', 11, 1);
UPDATE `bv_updation` SET right_carry = right_carry+50, total_right = total_right+50
WHERE `user_id` = 'admin';
INSERT INTO `placement_bv_update_history` (`right_carry`, `date`, `from_id`, `user_id`) VALUES ('50', '2024-10-01 12:03:10', '6UO8TB', 'admin');
INSERT INTO `package_purchase_history` (`user_id`, `package_id`, `reg_fee`, `package_name`, `monthly_fee`, `type`, `date`, `payment_option`) VALUES ('6UO8TB', '2', '595', 'Traveler Pro', '150', 'sign_up', '2024-10-01 12:03:10', 'free');
UPDATE `user_registration` SET `popup_seen` = 'yes'
WHERE `user_id` = 'ADZTOG';
UPDATE `user_registration` SET `uid` = '2058', `user_id` = 'TAOC9S', `username` = 'suaima1', `sponsor_id` = 'ADZTOG', `vacant` = 'no', `f_name` = 'Suaima', `l_name` = 'Gutierrez', `address` = '6520 Kendale Lakes Dr', `position` = 'left', `email` = 'suaima1@gmail.com', `password` = '4ca1b1638481dbef6f2e06826fc65c0a', `phone` = '3057610606', `country` = 'United States', `state` = 'Florida', `city` = 'Miami', `street` = '6520 Kendale Lakes Dr', `zip_code` = '33183', `reg_ip` = '172.70.255.59', `status` = 1, `package_id` = '2', `rank_id` = 1, `highest_rank` = 1, `cycle_rank_id` = 1, `created` = '2024-10-01 12:04:35', `subscription_date` = '2024-10-31', `google_secret` = 'YFQ7TMRDI6CSGK56'
WHERE `uid` = '2058';
INSERT INTO `user_registration` (`uid`, `user_id`, `username`, `sponsor_id`, `placement_id`, `vacant`, `f_name`, `l_name`, `address`, `position`, `email`, `password`, `phone`, `reg_ip`, `status`, `created`) VALUES (NULL, 'KRAHWU', 'UUpQuSKh', 'TAOC9S', 'TAOC9S', 'yes', '', '', '', 'left', '@mail.com', '', '', '', 0, '2024-10-01 12:04:35');
INSERT INTO `user_registration` (`uid`, `user_id`, `username`, `sponsor_id`, `placement_id`, `vacant`, `f_name`, `l_name`, `address`, `position`, `email`, `password`, `phone`, `reg_ip`, `status`, `created`) VALUES (NULL, 'LWDEGI', 'FaDnoshB', 'TAOC9S', 'TAOC9S', 'yes', '', '', '', 'right', '@mail.com', '', '', '', 0, '2024-10-01 12:04:35');
INSERT INTO `bv_updation` (`user_id`) VALUES ('TAOC9S');
UPDATE `user_registration` SET total_ref_count = total_ref_count+1
WHERE `user_id` = 'ADZTOG';
UPDATE `user_registration` SET total_downlines = total_downlines+1
WHERE `user_id` = 'FJ73DP';
UPDATE `user_registration` SET left_downlines = left_downlines+1
WHERE `user_id` = 'FJ73DP';
UPDATE `user_registration` SET total_downlines = total_downlines+1
WHERE `user_id` = 'DOVI87';
UPDATE `user_registration` SET left_downlines = left_downlines+1
WHERE `user_id` = 'DOVI87';
UPDATE `user_registration` SET total_downlines = total_downlines+1
WHERE `user_id` = '2DKJUD';
UPDATE `user_registration` SET left_downlines = left_downlines+1
WHERE `user_id` = '2DKJUD';
UPDATE `user_registration` SET total_downlines = total_downlines+1
WHERE `user_id` = '3F1L3D';
UPDATE `user_registration` SET left_downlines = left_downlines+1
WHERE `user_id` = '3F1L3D';
UPDATE `user_registration` SET total_downlines = total_downlines+1
WHERE `user_id` = 'XYHOZ4';
UPDATE `user_registration` SET left_downlines = left_downlines+1
WHERE `user_id` = 'XYHOZ4';
UPDATE `user_registration` SET total_downlines = total_downlines+1
WHERE `user_id` = 'FEFAEE';
UPDATE `user_registration` SET left_downlines = left_downlines+1
WHERE `user_id` = 'FEFAEE';
UPDATE `user_registration` SET total_downlines = total_downlines+1
WHERE `user_id` = 'S8QNVM';
UPDATE `user_registration` SET left_downlines = left_downlines+1
WHERE `user_id` = 'S8QNVM';
UPDATE `user_registration` SET total_downlines = total_downlines+1
WHERE `user_id` = 'TKWQIW';
UPDATE `user_registration` SET left_downlines = left_downlines+1
WHERE `user_id` = 'TKWQIW';
UPDATE `user_registration` SET total_downlines = total_downlines+1
WHERE `user_id` = 'ADZTOG';
UPDATE `user_registration` SET left_downlines = left_downlines+1
WHERE `user_id` = 'ADZTOG';
UPDATE `user_registration` SET left_ref_count = left_ref_count+1
WHERE `user_id` = 'ADZTOG';
UPDATE `user_registration` SET active_left = active_left+1
WHERE `user_id` = 'ADZTOG';
UPDATE `user_registration` SET total_downlines = total_downlines+1
WHERE `user_id` = 'A9858P';
UPDATE `user_registration` SET right_downlines = right_downlines+1
WHERE `user_id` = 'A9858P';
UPDATE `user_registration` SET total_downlines = total_downlines+1
WHERE `user_id` = 'admin';
UPDATE `user_registration` SET right_downlines = right_downlines+1
WHERE `user_id` = 'admin';
INSERT INTO `investment` (`invest_date`, `user_id`, `type`, `amount`, `package_id`) VALUES ('2024-10-01 12:04:35', 'TAOC9S', 'register', '595', '2');
INSERT INTO `earnings` (`user_id`, `Purchaser_id`, `earning_type`, `package_id`, `amount`, `date`, `comments`, `invest_amount`, `comm_perc`, `level`, `rank_id`, `order_id`) VALUES ('ADZTOG', 'TAOC9S', 'Direct Referral Bonus', '2', '100', '2024-10-01 12:04:35', 'Direct Referral Bonus', 0, 0, 1, '', 24);
UPDATE `user_registration` SET commission_balance = ROUND(commission_balance + 100,2)
WHERE `user_id` = 'ADZTOG';
UPDATE `user_registration` SET referral_bonus = ROUND(referral_bonus + 100,2)
WHERE `user_id` = 'ADZTOG';
INSERT INTO `matrix_filling` (`placement_id`, `downline_id`, `level`, `matrix`) VALUES ('FJ73DP', 'TAOC9S', 1, 1);
UPDATE `bv_updation` SET left_carry = left_carry+50, total_left = total_left+50
WHERE `user_id` = 'FJ73DP';
INSERT INTO `placement_bv_update_history` (`left_carry`, `date`, `from_id`, `user_id`) VALUES ('50', '2024-10-01 12:04:35', 'TAOC9S', 'FJ73DP');
INSERT INTO `matrix_filling` (`placement_id`, `downline_id`, `level`, `matrix`) VALUES ('DOVI87', 'TAOC9S', 2, 1);
UPDATE `bv_updation` SET left_carry = left_carry+50, total_left = total_left+50
WHERE `user_id` = 'DOVI87';
INSERT INTO `placement_bv_update_history` (`left_carry`, `date`, `from_id`, `user_id`) VALUES ('50', '2024-10-01 12:04:35', 'TAOC9S', 'DOVI87');
INSERT INTO `matrix_filling` (`placement_id`, `downline_id`, `level`, `matrix`) VALUES ('2DKJUD', 'TAOC9S', 3, 1);
UPDATE `bv_updation` SET left_carry = left_carry+50, total_left = total_left+50
WHERE `user_id` = '2DKJUD';
INSERT INTO `placement_bv_update_history` (`left_carry`, `date`, `from_id`, `user_id`) VALUES ('50', '2024-10-01 12:04:35', 'TAOC9S', '2DKJUD');
INSERT INTO `matrix_filling` (`placement_id`, `downline_id`, `level`, `matrix`) VALUES ('3F1L3D', 'TAOC9S', 4, 1);
UPDATE `bv_updation` SET left_carry = left_carry+50, total_left = total_left+50
WHERE `user_id` = '3F1L3D';
INSERT INTO `placement_bv_update_history` (`left_carry`, `date`, `from_id`, `user_id`) VALUES ('50', '2024-10-01 12:04:35', 'TAOC9S', '3F1L3D');
INSERT INTO `matrix_filling` (`placement_id`, `downline_id`, `level`, `matrix`) VALUES ('XYHOZ4', 'TAOC9S', 5, 1);
UPDATE `bv_updation` SET left_carry = left_carry+50, total_left = total_left+50
WHERE `user_id` = 'XYHOZ4';
INSERT INTO `placement_bv_update_history` (`left_carry`, `date`, `from_id`, `user_id`) VALUES ('50', '2024-10-01 12:04:35', 'TAOC9S', 'XYHOZ4');
INSERT INTO `matrix_filling` (`placement_id`, `downline_id`, `level`, `matrix`) VALUES ('FEFAEE', 'TAOC9S', 6, 1);
UPDATE `bv_updation` SET left_carry = left_carry+50, total_left = total_left+50
WHERE `user_id` = 'FEFAEE';
INSERT INTO `placement_bv_update_history` (`left_carry`, `date`, `from_id`, `user_id`) VALUES ('50', '2024-10-01 12:04:35', 'TAOC9S', 'FEFAEE');
INSERT INTO `matrix_filling` (`placement_id`, `downline_id`, `level`, `matrix`) VALUES ('S8QNVM', 'TAOC9S', 7, 1);
UPDATE `bv_updation` SET left_carry = left_carry+50, total_left = total_left+50
WHERE `user_id` = 'S8QNVM';
INSERT INTO `placement_bv_update_history` (`left_carry`, `date`, `from_id`, `user_id`) VALUES ('50', '2024-10-01 12:04:35', 'TAOC9S', 'S8QNVM');
INSERT INTO `matrix_filling` (`placement_id`, `downline_id`, `level`, `matrix`) VALUES ('TKWQIW', 'TAOC9S', 8, 1);
UPDATE `bv_updation` SET left_carry = left_carry+50, total_left = total_left+50
WHERE `user_id` = 'TKWQIW';
INSERT INTO `placement_bv_update_history` (`left_carry`, `date`, `from_id`, `user_id`) VALUES ('50', '2024-10-01 12:04:35', 'TAOC9S', 'TKWQIW');
INSERT INTO `matrix_filling` (`placement_id`, `downline_id`, `level`, `matrix`) VALUES ('ADZTOG', 'TAOC9S', 9, 1);
UPDATE `bv_updation` SET left_carry = left_carry+50, total_left = total_left+50
WHERE `user_id` = 'ADZTOG';
INSERT INTO `placement_bv_update_history` (`left_carry`, `date`, `from_id`, `user_id`) VALUES ('50', '2024-10-01 12:04:35', 'TAOC9S', 'ADZTOG');
UPDATE `bv_updation` SET sponsor_left_carry = sponsor_left_carry+50, sponsor_total_left = sponsor_total_left+50
WHERE `user_id` = 'ADZTOG';
INSERT INTO `sponsor_bv_update_history` (`left_carry`, `date`, `user_id`) VALUES ('50', '2024-10-01 12:04:35', 'ADZTOG');
INSERT INTO `matrix_filling` (`placement_id`, `downline_id`, `level`, `matrix`) VALUES ('A9858P', 'TAOC9S', 10, 1);
UPDATE `bv_updation` SET right_carry = right_carry+50, total_right = total_right+50
WHERE `user_id` = 'A9858P';
INSERT INTO `placement_bv_update_history` (`right_carry`, `date`, `from_id`, `user_id`) VALUES ('50', '2024-10-01 12:04:35', 'TAOC9S', 'A9858P');
INSERT INTO `matrix_filling` (`placement_id`, `downline_id`, `level`, `matrix`) VALUES ('admin', 'TAOC9S', 11, 1);
UPDATE `bv_updation` SET right_carry = right_carry+50, total_right = total_right+50
WHERE `user_id` = 'admin';
INSERT INTO `placement_bv_update_history` (`right_carry`, `date`, `from_id`, `user_id`) VALUES ('50', '2024-10-01 12:04:35', 'TAOC9S', 'admin');
INSERT INTO `package_purchase_history` (`user_id`, `package_id`, `reg_fee`, `package_name`, `monthly_fee`, `type`, `date`, `payment_option`) VALUES ('TAOC9S', '2', '595', 'Traveler Pro', '150', 'sign_up', '2024-10-01 12:04:35', 'free');
UPDATE `user_registration` SET `popup_seen` = 'yes'
WHERE `user_id` = 'ADZTOG';
UPDATE `user_registration` SET `uid` = '2061', `user_id` = 'LYDDQ5', `username` = 'onelia1', `sponsor_id` = 'ADZTOG', `vacant` = 'no', `f_name` = 'Onelia', `l_name` = 'Ruiz', `address` = '6520 Kendale Lakes Dr', `position` = 'right', `email` = 'onelia1@gmail.com', `password` = '64c54ce58fc5d66ac119ac1f5efa0e85', `phone` = '3057610606', `country` = 'United States', `state` = 'Florida', `city` = 'Miami', `street` = '6520 Kendale Lakes Dr', `zip_code` = '33183', `reg_ip` = '172.70.254.95', `status` = 1, `package_id` = '2', `rank_id` = 1, `highest_rank` = 1, `cycle_rank_id` = 1, `created` = '2024-10-01 12:06:02', `subscription_date` = '2024-10-31', `google_secret` = '5X4DGEGHI4QRL423'
WHERE `uid` = '2061';
INSERT INTO `user_registration` (`uid`, `user_id`, `username`, `sponsor_id`, `placement_id`, `vacant`, `f_name`, `l_name`, `address`, `position`, `email`, `password`, `phone`, `reg_ip`, `status`, `created`) VALUES (NULL, 'FPSQRV', 'BMGIZKnY', 'LYDDQ5', 'LYDDQ5', 'yes', '', '', '', 'left', '@mail.com', '', '', '', 0, '2024-10-01 12:06:02');
INSERT INTO `user_registration` (`uid`, `user_id`, `username`, `sponsor_id`, `placement_id`, `vacant`, `f_name`, `l_name`, `address`, `position`, `email`, `password`, `phone`, `reg_ip`, `status`, `created`) VALUES (NULL, 'CTWUTI', 'sKOVAJZE', 'LYDDQ5', 'LYDDQ5', 'yes', '', '', '', 'right', '@mail.com', '', '', '', 0, '2024-10-01 12:06:02');
INSERT INTO `bv_updation` (`user_id`) VALUES ('LYDDQ5');
UPDATE `user_registration` SET total_ref_count = total_ref_count+1
WHERE `user_id` = 'ADZTOG';
UPDATE `user_registration` SET total_downlines = total_downlines+1
WHERE `user_id` = '6UO8TB';
UPDATE `user_registration` SET right_downlines = right_downlines+1
WHERE `user_id` = '6UO8TB';
UPDATE `user_registration` SET total_downlines = total_downlines+1
WHERE `user_id` = 'GPRO3Q';
UPDATE `user_registration` SET right_downlines = right_downlines+1
WHERE `user_id` = 'GPRO3Q';
UPDATE `user_registration` SET total_downlines = total_downlines+1
WHERE `user_id` = 'MBPRQB';
UPDATE `user_registration` SET right_downlines = right_downlines+1
WHERE `user_id` = 'MBPRQB';
UPDATE `user_registration` SET total_downlines = total_downlines+1
WHERE `user_id` = 'X1RH6U';
UPDATE `user_registration` SET right_downlines = right_downlines+1
WHERE `user_id` = 'X1RH6U';
UPDATE `user_registration` SET total_downlines = total_downlines+1
WHERE `user_id` = 'HHALCM';
UPDATE `user_registration` SET right_downlines = right_downlines+1
WHERE `user_id` = 'HHALCM';
UPDATE `user_registration` SET total_downlines = total_downlines+1
WHERE `user_id` = '7WQBA7';
UPDATE `user_registration` SET right_downlines = right_downlines+1
WHERE `user_id` = '7WQBA7';
UPDATE `user_registration` SET total_downlines = total_downlines+1
WHERE `user_id` = 'QPNZO1';
UPDATE `user_registration` SET right_downlines = right_downlines+1
WHERE `user_id` = 'QPNZO1';
UPDATE `user_registration` SET total_downlines = total_downlines+1
WHERE `user_id` = 'KCF78M';
UPDATE `user_registration` SET right_downlines = right_downlines+1
WHERE `user_id` = 'KCF78M';
UPDATE `user_registration` SET total_downlines = total_downlines+1
WHERE `user_id` = '7RY1ZP';
UPDATE `user_registration` SET right_downlines = right_downlines+1
WHERE `user_id` = '7RY1ZP';
UPDATE `user_registration` SET total_downlines = total_downlines+1
WHERE `user_id` = 'ADZTOG';
UPDATE `user_registration` SET right_downlines = right_downlines+1
WHERE `user_id` = 'ADZTOG';
UPDATE `user_registration` SET right_ref_count = right_ref_count+1
WHERE `user_id` = 'ADZTOG';
UPDATE `user_registration` SET active_right = active_right+1
WHERE `user_id` = 'ADZTOG';
UPDATE `user_registration` SET total_downlines = total_downlines+1
WHERE `user_id` = 'A9858P';
UPDATE `user_registration` SET right_downlines = right_downlines+1
WHERE `user_id` = 'A9858P';
UPDATE `user_registration` SET total_downlines = total_downlines+1
WHERE `user_id` = 'admin';
UPDATE `user_registration` SET right_downlines = right_downlines+1
WHERE `user_id` = 'admin';
INSERT INTO `investment` (`invest_date`, `user_id`, `type`, `amount`, `package_id`) VALUES ('2024-10-01 12:06:02', 'LYDDQ5', 'register', '595', '2');
INSERT INTO `earnings` (`user_id`, `Purchaser_id`, `earning_type`, `package_id`, `amount`, `date`, `comments`, `invest_amount`, `comm_perc`, `level`, `rank_id`, `order_id`) VALUES ('ADZTOG', 'LYDDQ5', 'Direct Referral Bonus', '2', '100', '2024-10-01 12:06:02', 'Direct Referral Bonus', 0, 0, 1, '', 25);
UPDATE `user_registration` SET commission_balance = ROUND(commission_balance + 100,2)
WHERE `user_id` = 'ADZTOG';
UPDATE `user_registration` SET referral_bonus = ROUND(referral_bonus + 100,2)
WHERE `user_id` = 'ADZTOG';
INSERT INTO `matrix_filling` (`placement_id`, `downline_id`, `level`, `matrix`) VALUES ('6UO8TB', 'LYDDQ5', 1, 1);
UPDATE `bv_updation` SET right_carry = right_carry+50, total_right = total_right+50
WHERE `user_id` = '6UO8TB';
INSERT INTO `placement_bv_update_history` (`right_carry`, `date`, `from_id`, `user_id`) VALUES ('50', '2024-10-01 12:06:02', 'LYDDQ5', '6UO8TB');
INSERT INTO `matrix_filling` (`placement_id`, `downline_id`, `level`, `matrix`) VALUES ('GPRO3Q', 'LYDDQ5', 2, 1);
UPDATE `bv_updation` SET right_carry = right_carry+50, total_right = total_right+50
WHERE `user_id` = 'GPRO3Q';
INSERT INTO `placement_bv_update_history` (`right_carry`, `date`, `from_id`, `user_id`) VALUES ('50', '2024-10-01 12:06:02', 'LYDDQ5', 'GPRO3Q');
INSERT INTO `matrix_filling` (`placement_id`, `downline_id`, `level`, `matrix`) VALUES ('MBPRQB', 'LYDDQ5', 3, 1);
UPDATE `bv_updation` SET right_carry = right_carry+50, total_right = total_right+50
WHERE `user_id` = 'MBPRQB';
INSERT INTO `placement_bv_update_history` (`right_carry`, `date`, `from_id`, `user_id`) VALUES ('50', '2024-10-01 12:06:02', 'LYDDQ5', 'MBPRQB');
INSERT INTO `matrix_filling` (`placement_id`, `downline_id`, `level`, `matrix`) VALUES ('X1RH6U', 'LYDDQ5', 4, 1);
UPDATE `bv_updation` SET right_carry = right_carry+50, total_right = total_right+50
WHERE `user_id` = 'X1RH6U';
INSERT INTO `placement_bv_update_history` (`right_carry`, `date`, `from_id`, `user_id`) VALUES ('50', '2024-10-01 12:06:02', 'LYDDQ5', 'X1RH6U');
INSERT INTO `matrix_filling` (`placement_id`, `downline_id`, `level`, `matrix`) VALUES ('HHALCM', 'LYDDQ5', 5, 1);
UPDATE `bv_updation` SET right_carry = right_carry+50, total_right = total_right+50
WHERE `user_id` = 'HHALCM';
INSERT INTO `placement_bv_update_history` (`right_carry`, `date`, `from_id`, `user_id`) VALUES ('50', '2024-10-01 12:06:02', 'LYDDQ5', 'HHALCM');
INSERT INTO `matrix_filling` (`placement_id`, `downline_id`, `level`, `matrix`) VALUES ('7WQBA7', 'LYDDQ5', 6, 1);
UPDATE `bv_updation` SET right_carry = right_carry+50, total_right = total_right+50
WHERE `user_id` = '7WQBA7';
INSERT INTO `placement_bv_update_history` (`right_carry`, `date`, `from_id`, `user_id`) VALUES ('50', '2024-10-01 12:06:02', 'LYDDQ5', '7WQBA7');
INSERT INTO `matrix_filling` (`placement_id`, `downline_id`, `level`, `matrix`) VALUES ('QPNZO1', 'LYDDQ5', 7, 1);
UPDATE `bv_updation` SET right_carry = right_carry+50, total_right = total_right+50
WHERE `user_id` = 'QPNZO1';
INSERT INTO `placement_bv_update_history` (`right_carry`, `date`, `from_id`, `user_id`) VALUES ('50', '2024-10-01 12:06:02', 'LYDDQ5', 'QPNZO1');
INSERT INTO `matrix_filling` (`placement_id`, `downline_id`, `level`, `matrix`) VALUES ('KCF78M', 'LYDDQ5', 8, 1);
UPDATE `bv_updation` SET right_carry = right_carry+50, total_right = total_right+50
WHERE `user_id` = 'KCF78M';
INSERT INTO `placement_bv_update_history` (`right_carry`, `date`, `from_id`, `user_id`) VALUES ('50', '2024-10-01 12:06:02', 'LYDDQ5', 'KCF78M');
INSERT INTO `matrix_filling` (`placement_id`, `downline_id`, `level`, `matrix`) VALUES ('7RY1ZP', 'LYDDQ5', 9, 1);
UPDATE `bv_updation` SET right_carry = right_carry+50, total_right = total_right+50
WHERE `user_id` = '7RY1ZP';
INSERT INTO `placement_bv_update_history` (`right_carry`, `date`, `from_id`, `user_id`) VALUES ('50', '2024-10-01 12:06:02', 'LYDDQ5', '7RY1ZP');
INSERT INTO `matrix_filling` (`placement_id`, `downline_id`, `level`, `matrix`) VALUES ('ADZTOG', 'LYDDQ5', 10, 1);
UPDATE `bv_updation` SET right_carry = right_carry+50, total_right = total_right+50
WHERE `user_id` = 'ADZTOG';
INSERT INTO `placement_bv_update_history` (`right_carry`, `date`, `from_id`, `user_id`) VALUES ('50', '2024-10-01 12:06:02', 'LYDDQ5', 'ADZTOG');
UPDATE `bv_updation` SET sponsor_right_carry = sponsor_right_carry+50, sponsor_total_right = sponsor_total_right+50
WHERE `user_id` = 'ADZTOG';
INSERT INTO `sponsor_bv_update_history` (`right_carry`, `date`, `user_id`) VALUES ('50', '2024-10-01 12:06:02', 'ADZTOG');
INSERT INTO `matrix_filling` (`placement_id`, `downline_id`, `level`, `matrix`) VALUES ('A9858P', 'LYDDQ5', 11, 1);
UPDATE `bv_updation` SET right_carry = right_carry+50, total_right = total_right+50
WHERE `user_id` = 'A9858P';
INSERT INTO `placement_bv_update_history` (`right_carry`, `date`, `from_id`, `user_id`) VALUES ('50', '2024-10-01 12:06:02', 'LYDDQ5', 'A9858P');
INSERT INTO `matrix_filling` (`placement_id`, `downline_id`, `level`, `matrix`) VALUES ('admin', 'LYDDQ5', 12, 1);
UPDATE `bv_updation` SET right_carry = right_carry+50, total_right = total_right+50
WHERE `user_id` = 'admin';
INSERT INTO `placement_bv_update_history` (`right_carry`, `date`, `from_id`, `user_id`) VALUES ('50', '2024-10-01 12:06:02', 'LYDDQ5', 'admin');
INSERT INTO `package_purchase_history` (`user_id`, `package_id`, `reg_fee`, `package_name`, `monthly_fee`, `type`, `date`, `payment_option`) VALUES ('LYDDQ5', '2', '595', 'Traveler Pro', '150', 'sign_up', '2024-10-01 12:06:02', 'free');
UPDATE `user_registration` SET `popup_seen` = 'yes'
WHERE `user_id` = 'ADZTOG';
UPDATE `user_registration` SET `uid` = '2062', `user_id` = '2HJKJ8', `username` = 'albertico1', `sponsor_id` = 'ADZTOG', `vacant` = 'no', `f_name` = 'Alberto', `l_name` = 'Pujol', `address` = '6520 Kendale Lakes Dr', `position` = 'left', `email` = 'albertico1@gmail.com', `password` = '40104916e07c61bfb6d19a79f5360092', `phone` = '3057610606', `country` = 'United States', `state` = 'Florida', `city` = 'Miami', `street` = '6520 Kendale Lakes Dr', `zip_code` = '33183', `reg_ip` = '172.70.83.93', `status` = 1, `package_id` = '2', `rank_id` = 1, `highest_rank` = 1, `cycle_rank_id` = 1, `created` = '2024-10-01 12:07:34', `subscription_date` = '2024-10-31', `google_secret` = '7R3NDWRX6VDBJOJN'
WHERE `uid` = '2062';
INSERT INTO `user_registration` (`uid`, `user_id`, `username`, `sponsor_id`, `placement_id`, `vacant`, `f_name`, `l_name`, `address`, `position`, `email`, `password`, `phone`, `reg_ip`, `status`, `created`) VALUES (NULL, 'ENMDKO', 'TbGgErQr', '2HJKJ8', '2HJKJ8', 'yes', '', '', '', 'left', '@mail.com', '', '', '', 0, '2024-10-01 12:07:34');
INSERT INTO `user_registration` (`uid`, `user_id`, `username`, `sponsor_id`, `placement_id`, `vacant`, `f_name`, `l_name`, `address`, `position`, `email`, `password`, `phone`, `reg_ip`, `status`, `created`) VALUES (NULL, 'BWNKTU', 'kUvWjBst', '2HJKJ8', '2HJKJ8', 'yes', '', '', '', 'right', '@mail.com', '', '', '', 0, '2024-10-01 12:07:34');
INSERT INTO `bv_updation` (`user_id`) VALUES ('2HJKJ8');
UPDATE `user_registration` SET total_ref_count = total_ref_count+1
WHERE `user_id` = 'ADZTOG';
UPDATE `user_registration` SET total_downlines = total_downlines+1
WHERE `user_id` = 'TAOC9S';
UPDATE `user_registration` SET left_downlines = left_downlines+1
WHERE `user_id` = 'TAOC9S';
UPDATE `user_registration` SET total_downlines = total_downlines+1
WHERE `user_id` = 'FJ73DP';
UPDATE `user_registration` SET left_downlines = left_downlines+1
WHERE `user_id` = 'FJ73DP';
UPDATE `user_registration` SET total_downlines = total_downlines+1
WHERE `user_id` = 'DOVI87';
UPDATE `user_registration` SET left_downlines = left_downlines+1
WHERE `user_id` = 'DOVI87';
UPDATE `user_registration` SET total_downlines = total_downlines+1
WHERE `user_id` = '2DKJUD';
UPDATE `user_registration` SET left_downlines = left_downlines+1
WHERE `user_id` = '2DKJUD';
UPDATE `user_registration` SET total_downlines = total_downlines+1
WHERE `user_id` = '3F1L3D';
UPDATE `user_registration` SET left_downlines = left_downlines+1
WHERE `user_id` = '3F1L3D';
UPDATE `user_registration` SET total_downlines = total_downlines+1
WHERE `user_id` = 'XYHOZ4';
UPDATE `user_registration` SET left_downlines = left_downlines+1
WHERE `user_id` = 'XYHOZ4';
UPDATE `user_registration` SET total_downlines = total_downlines+1
WHERE `user_id` = 'FEFAEE';
UPDATE `user_registration` SET left_downlines = left_downlines+1
WHERE `user_id` = 'FEFAEE';
UPDATE `user_registration` SET total_downlines = total_downlines+1
WHERE `user_id` = 'S8QNVM';
UPDATE `user_registration` SET left_downlines = left_downlines+1
WHERE `user_id` = 'S8QNVM';
UPDATE `user_registration` SET total_downlines = total_downlines+1
WHERE `user_id` = 'TKWQIW';
UPDATE `user_registration` SET left_downlines = left_downlines+1
WHERE `user_id` = 'TKWQIW';
UPDATE `user_registration` SET total_downlines = total_downlines+1
WHERE `user_id` = 'ADZTOG';
UPDATE `user_registration` SET left_downlines = left_downlines+1
WHERE `user_id` = 'ADZTOG';
UPDATE `user_registration` SET left_ref_count = left_ref_count+1
WHERE `user_id` = 'ADZTOG';
UPDATE `user_registration` SET active_left = active_left+1
WHERE `user_id` = 'ADZTOG';
UPDATE `user_registration` SET total_downlines = total_downlines+1
WHERE `user_id` = 'A9858P';
UPDATE `user_registration` SET right_downlines = right_downlines+1
WHERE `user_id` = 'A9858P';
UPDATE `user_registration` SET total_downlines = total_downlines+1
WHERE `user_id` = 'admin';
UPDATE `user_registration` SET right_downlines = right_downlines+1
WHERE `user_id` = 'admin';
INSERT INTO `investment` (`invest_date`, `user_id`, `type`, `amount`, `package_id`) VALUES ('2024-10-01 12:07:34', '2HJKJ8', 'register', '595', '2');
INSERT INTO `earnings` (`user_id`, `Purchaser_id`, `earning_type`, `package_id`, `amount`, `date`, `comments`, `invest_amount`, `comm_perc`, `level`, `rank_id`, `order_id`) VALUES ('ADZTOG', '2HJKJ8', 'Direct Referral Bonus', '2', '100', '2024-10-01 12:07:34', 'Direct Referral Bonus', 0, 0, 1, '', 26);
UPDATE `user_registration` SET commission_balance = ROUND(commission_balance + 100,2)
WHERE `user_id` = 'ADZTOG';
UPDATE `user_registration` SET referral_bonus = ROUND(referral_bonus + 100,2)
WHERE `user_id` = 'ADZTOG';
INSERT INTO `matrix_filling` (`placement_id`, `downline_id`, `level`, `matrix`) VALUES ('TAOC9S', '2HJKJ8', 1, 1);
UPDATE `bv_updation` SET left_carry = left_carry+50, total_left = total_left+50
WHERE `user_id` = 'TAOC9S';
INSERT INTO `placement_bv_update_history` (`left_carry`, `date`, `from_id`, `user_id`) VALUES ('50', '2024-10-01 12:07:34', '2HJKJ8', 'TAOC9S');
INSERT INTO `matrix_filling` (`placement_id`, `downline_id`, `level`, `matrix`) VALUES ('FJ73DP', '2HJKJ8', 2, 1);
UPDATE `bv_updation` SET left_carry = left_carry+50, total_left = total_left+50
WHERE `user_id` = 'FJ73DP';
INSERT INTO `placement_bv_update_history` (`left_carry`, `date`, `from_id`, `user_id`) VALUES ('50', '2024-10-01 12:07:34', '2HJKJ8', 'FJ73DP');
INSERT INTO `matrix_filling` (`placement_id`, `downline_id`, `level`, `matrix`) VALUES ('DOVI87', '2HJKJ8', 3, 1);
UPDATE `bv_updation` SET left_carry = left_carry+50, total_left = total_left+50
WHERE `user_id` = 'DOVI87';
INSERT INTO `placement_bv_update_history` (`left_carry`, `date`, `from_id`, `user_id`) VALUES ('50', '2024-10-01 12:07:34', '2HJKJ8', 'DOVI87');
INSERT INTO `matrix_filling` (`placement_id`, `downline_id`, `level`, `matrix`) VALUES ('2DKJUD', '2HJKJ8', 4, 1);
UPDATE `bv_updation` SET left_carry = left_carry+50, total_left = total_left+50
WHERE `user_id` = '2DKJUD';
INSERT INTO `placement_bv_update_history` (`left_carry`, `date`, `from_id`, `user_id`) VALUES ('50', '2024-10-01 12:07:34', '2HJKJ8', '2DKJUD');
INSERT INTO `matrix_filling` (`placement_id`, `downline_id`, `level`, `matrix`) VALUES ('3F1L3D', '2HJKJ8', 5, 1);
UPDATE `bv_updation` SET left_carry = left_carry+50, total_left = total_left+50
WHERE `user_id` = '3F1L3D';
INSERT INTO `placement_bv_update_history` (`left_carry`, `date`, `from_id`, `user_id`) VALUES ('50', '2024-10-01 12:07:34', '2HJKJ8', '3F1L3D');
INSERT INTO `matrix_filling` (`placement_id`, `downline_id`, `level`, `matrix`) VALUES ('XYHOZ4', '2HJKJ8', 6, 1);
UPDATE `bv_updation` SET left_carry = left_carry+50, total_left = total_left+50
WHERE `user_id` = 'XYHOZ4';
INSERT INTO `placement_bv_update_history` (`left_carry`, `date`, `from_id`, `user_id`) VALUES ('50', '2024-10-01 12:07:34', '2HJKJ8', 'XYHOZ4');
INSERT INTO `matrix_filling` (`placement_id`, `downline_id`, `level`, `matrix`) VALUES ('FEFAEE', '2HJKJ8', 7, 1);
UPDATE `bv_updation` SET left_carry = left_carry+50, total_left = total_left+50
WHERE `user_id` = 'FEFAEE';
INSERT INTO `placement_bv_update_history` (`left_carry`, `date`, `from_id`, `user_id`) VALUES ('50', '2024-10-01 12:07:34', '2HJKJ8', 'FEFAEE');
INSERT INTO `matrix_filling` (`placement_id`, `downline_id`, `level`, `matrix`) VALUES ('S8QNVM', '2HJKJ8', 8, 1);
UPDATE `bv_updation` SET left_carry = left_carry+50, total_left = total_left+50
WHERE `user_id` = 'S8QNVM';
INSERT INTO `placement_bv_update_history` (`left_carry`, `date`, `from_id`, `user_id`) VALUES ('50', '2024-10-01 12:07:34', '2HJKJ8', 'S8QNVM');
INSERT INTO `matrix_filling` (`placement_id`, `downline_id`, `level`, `matrix`) VALUES ('TKWQIW', '2HJKJ8', 9, 1);
UPDATE `bv_updation` SET left_carry = left_carry+50, total_left = total_left+50
WHERE `user_id` = 'TKWQIW';
INSERT INTO `placement_bv_update_history` (`left_carry`, `date`, `from_id`, `user_id`) VALUES ('50', '2024-10-01 12:07:34', '2HJKJ8', 'TKWQIW');
INSERT INTO `matrix_filling` (`placement_id`, `downline_id`, `level`, `matrix`) VALUES ('ADZTOG', '2HJKJ8', 10, 1);
UPDATE `bv_updation` SET left_carry = left_carry+50, total_left = total_left+50
WHERE `user_id` = 'ADZTOG';
INSERT INTO `placement_bv_update_history` (`left_carry`, `date`, `from_id`, `user_id`) VALUES ('50', '2024-10-01 12:07:34', '2HJKJ8', 'ADZTOG');
UPDATE `bv_updation` SET sponsor_left_carry = sponsor_left_carry+50, sponsor_total_left = sponsor_total_left+50
WHERE `user_id` = 'ADZTOG';
INSERT INTO `sponsor_bv_update_history` (`left_carry`, `date`, `user_id`) VALUES ('50', '2024-10-01 12:07:34', 'ADZTOG');
INSERT INTO `matrix_filling` (`placement_id`, `downline_id`, `level`, `matrix`) VALUES ('A9858P', '2HJKJ8', 11, 1);
UPDATE `bv_updation` SET right_carry = right_carry+50, total_right = total_right+50
WHERE `user_id` = 'A9858P';
INSERT INTO `placement_bv_update_history` (`right_carry`, `date`, `from_id`, `user_id`) VALUES ('50', '2024-10-01 12:07:34', '2HJKJ8', 'A9858P');
INSERT INTO `matrix_filling` (`placement_id`, `downline_id`, `level`, `matrix`) VALUES ('admin', '2HJKJ8', 12, 1);
UPDATE `bv_updation` SET right_carry = right_carry+50, total_right = total_right+50
WHERE `user_id` = 'admin';
INSERT INTO `placement_bv_update_history` (`right_carry`, `date`, `from_id`, `user_id`) VALUES ('50', '2024-10-01 12:07:34', '2HJKJ8', 'admin');
INSERT INTO `package_purchase_history` (`user_id`, `package_id`, `reg_fee`, `package_name`, `monthly_fee`, `type`, `date`, `payment_option`) VALUES ('2HJKJ8', '2', '595', 'Traveler Pro', '150', 'sign_up', '2024-10-01 12:07:34', 'free');
UPDATE `ci_sessions` SET `timestamp` = 1727802529, `data` = '__ci_last_regenerate|i:1727802529;id|s:4:\"2023\";user_id|s:6:\"ADZTOG\";username|s:7:\"rafael1\";sponsor_id|s:6:\"A9858P\";fullname|s:16:\"Rafael Rodriguez\";email|s:17:\"rafael1@gmail.com\";phone|s:10:\"3057610606\";isLogIn|b:1;'
WHERE `id` = '2c4698812b87059e7f5c974af8df7598144aa18a';
UPDATE `user_registration` SET `uid` = '2065', `user_id` = 'LN7PEK', `username` = 'marianela1', `sponsor_id` = 'ADZTOG', `vacant` = 'no', `f_name` = 'Marianela', `l_name` = 'Castro', `address` = '6520 Kendale Lakes Dr', `position` = 'right', `email` = 'marianela1@gmail.com', `password` = '48c165439ddcfa478f903244ad3e1eb6', `phone` = '3057610606', `country` = 'United States', `state` = 'Florida', `city` = 'Miami', `street` = '6520 Kendale Lakes Dr', `zip_code` = '33183', `reg_ip` = '172.70.54.30', `status` = 1, `package_id` = '2', `rank_id` = 1, `highest_rank` = 1, `cycle_rank_id` = 1, `created` = '2024-10-01 12:08:49', `subscription_date` = '2024-10-31', `google_secret` = 'VB6J33JN2OYOYCIZ'
WHERE `uid` = '2065';
INSERT INTO `user_registration` (`uid`, `user_id`, `username`, `sponsor_id`, `placement_id`, `vacant`, `f_name`, `l_name`, `address`, `position`, `email`, `password`, `phone`, `reg_ip`, `status`, `created`) VALUES (NULL, 'XDFUNS', 'NOqpXeve', 'LN7PEK', 'LN7PEK', 'yes', '', '', '', 'left', '@mail.com', '', '', '', 0, '2024-10-01 12:08:49');
INSERT INTO `user_registration` (`uid`, `user_id`, `username`, `sponsor_id`, `placement_id`, `vacant`, `f_name`, `l_name`, `address`, `position`, `email`, `password`, `phone`, `reg_ip`, `status`, `created`) VALUES (NULL, 'OMWLLI', 'IntrRlNy', 'LN7PEK', 'LN7PEK', 'yes', '', '', '', 'right', '@mail.com', '', '', '', 0, '2024-10-01 12:08:49');
INSERT INTO `bv_updation` (`user_id`) VALUES ('LN7PEK');
UPDATE `user_registration` SET total_ref_count = total_ref_count+1
WHERE `user_id` = 'ADZTOG';
UPDATE `user_registration` SET total_downlines = total_downlines+1
WHERE `user_id` = 'LYDDQ5';
UPDATE `user_registration` SET right_downlines = right_downlines+1
WHERE `user_id` = 'LYDDQ5';
UPDATE `user_registration` SET total_downlines = total_downlines+1
WHERE `user_id` = '6UO8TB';
UPDATE `user_registration` SET right_downlines = right_downlines+1
WHERE `user_id` = '6UO8TB';
UPDATE `user_registration` SET total_downlines = total_downlines+1
WHERE `user_id` = 'GPRO3Q';
UPDATE `user_registration` SET right_downlines = right_downlines+1
WHERE `user_id` = 'GPRO3Q';
UPDATE `user_registration` SET total_downlines = total_downlines+1
WHERE `user_id` = 'MBPRQB';
UPDATE `user_registration` SET right_downlines = right_downlines+1
WHERE `user_id` = 'MBPRQB';
UPDATE `user_registration` SET total_downlines = total_downlines+1
WHERE `user_id` = 'X1RH6U';
UPDATE `user_registration` SET right_downlines = right_downlines+1
WHERE `user_id` = 'X1RH6U';
UPDATE `user_registration` SET total_downlines = total_downlines+1
WHERE `user_id` = 'HHALCM';
UPDATE `user_registration` SET right_downlines = right_downlines+1
WHERE `user_id` = 'HHALCM';
UPDATE `user_registration` SET total_downlines = total_downlines+1
WHERE `user_id` = '7WQBA7';
UPDATE `user_registration` SET right_downlines = right_downlines+1
WHERE `user_id` = '7WQBA7';
UPDATE `user_registration` SET total_downlines = total_downlines+1
WHERE `user_id` = 'QPNZO1';
UPDATE `user_registration` SET right_downlines = right_downlines+1
WHERE `user_id` = 'QPNZO1';
UPDATE `user_registration` SET total_downlines = total_downlines+1
WHERE `user_id` = 'KCF78M';
UPDATE `user_registration` SET right_downlines = right_downlines+1
WHERE `user_id` = 'KCF78M';
UPDATE `user_registration` SET total_downlines = total_downlines+1
WHERE `user_id` = '7RY1ZP';
UPDATE `user_registration` SET right_downlines = right_downlines+1
WHERE `user_id` = '7RY1ZP';
UPDATE `user_registration` SET total_downlines = total_downlines+1
WHERE `user_id` = 'ADZTOG';
UPDATE `user_registration` SET right_downlines = right_downlines+1
WHERE `user_id` = 'ADZTOG';
UPDATE `user_registration` SET right_ref_count = right_ref_count+1
WHERE `user_id` = 'ADZTOG';
UPDATE `user_registration` SET active_right = active_right+1
WHERE `user_id` = 'ADZTOG';
UPDATE `user_registration` SET total_downlines = total_downlines+1
WHERE `user_id` = 'A9858P';
UPDATE `user_registration` SET right_downlines = right_downlines+1
WHERE `user_id` = 'A9858P';
UPDATE `user_registration` SET total_downlines = total_downlines+1
WHERE `user_id` = 'admin';
UPDATE `user_registration` SET right_downlines = right_downlines+1
WHERE `user_id` = 'admin';
INSERT INTO `investment` (`invest_date`, `user_id`, `type`, `amount`, `package_id`) VALUES ('2024-10-01 12:08:49', 'LN7PEK', 'register', '595', '2');
INSERT INTO `earnings` (`user_id`, `Purchaser_id`, `earning_type`, `package_id`, `amount`, `date`, `comments`, `invest_amount`, `comm_perc`, `level`, `rank_id`, `order_id`) VALUES ('ADZTOG', 'LN7PEK', 'Direct Referral Bonus', '2', '100', '2024-10-01 12:08:49', 'Direct Referral Bonus', 0, 0, 1, '', 27);
UPDATE `user_registration` SET commission_balance = ROUND(commission_balance + 100,2)
WHERE `user_id` = 'ADZTOG';
UPDATE `user_registration` SET referral_bonus = ROUND(referral_bonus + 100,2)
WHERE `user_id` = 'ADZTOG';
INSERT INTO `matrix_filling` (`placement_id`, `downline_id`, `level`, `matrix`) VALUES ('LYDDQ5', 'LN7PEK', 1, 1);
UPDATE `bv_updation` SET right_carry = right_carry+50, total_right = total_right+50
WHERE `user_id` = 'LYDDQ5';
INSERT INTO `placement_bv_update_history` (`right_carry`, `date`, `from_id`, `user_id`) VALUES ('50', '2024-10-01 12:08:49', 'LN7PEK', 'LYDDQ5');
INSERT INTO `matrix_filling` (`placement_id`, `downline_id`, `level`, `matrix`) VALUES ('6UO8TB', 'LN7PEK', 2, 1);
UPDATE `bv_updation` SET right_carry = right_carry+50, total_right = total_right+50
WHERE `user_id` = '6UO8TB';
INSERT INTO `placement_bv_update_history` (`right_carry`, `date`, `from_id`, `user_id`) VALUES ('50', '2024-10-01 12:08:49', 'LN7PEK', '6UO8TB');
INSERT INTO `matrix_filling` (`placement_id`, `downline_id`, `level`, `matrix`) VALUES ('GPRO3Q', 'LN7PEK', 3, 1);
UPDATE `bv_updation` SET right_carry = right_carry+50, total_right = total_right+50
WHERE `user_id` = 'GPRO3Q';
INSERT INTO `placement_bv_update_history` (`right_carry`, `date`, `from_id`, `user_id`) VALUES ('50', '2024-10-01 12:08:49', 'LN7PEK', 'GPRO3Q');
INSERT INTO `matrix_filling` (`placement_id`, `downline_id`, `level`, `matrix`) VALUES ('MBPRQB', 'LN7PEK', 4, 1);
UPDATE `bv_updation` SET right_carry = right_carry+50, total_right = total_right+50
WHERE `user_id` = 'MBPRQB';
INSERT INTO `placement_bv_update_history` (`right_carry`, `date`, `from_id`, `user_id`) VALUES ('50', '2024-10-01 12:08:49', 'LN7PEK', 'MBPRQB');
INSERT INTO `matrix_filling` (`placement_id`, `downline_id`, `level`, `matrix`) VALUES ('X1RH6U', 'LN7PEK', 5, 1);
UPDATE `bv_updation` SET right_carry = right_carry+50, total_right = total_right+50
WHERE `user_id` = 'X1RH6U';
INSERT INTO `placement_bv_update_history` (`right_carry`, `date`, `from_id`, `user_id`) VALUES ('50', '2024-10-01 12:08:49', 'LN7PEK', 'X1RH6U');
INSERT INTO `matrix_filling` (`placement_id`, `downline_id`, `level`, `matrix`) VALUES ('HHALCM', 'LN7PEK', 6, 1);
UPDATE `bv_updation` SET right_carry = right_carry+50, total_right = total_right+50
WHERE `user_id` = 'HHALCM';
INSERT INTO `placement_bv_update_history` (`right_carry`, `date`, `from_id`, `user_id`) VALUES ('50', '2024-10-01 12:08:49', 'LN7PEK', 'HHALCM');
INSERT INTO `matrix_filling` (`placement_id`, `downline_id`, `level`, `matrix`) VALUES ('7WQBA7', 'LN7PEK', 7, 1);
UPDATE `bv_updation` SET right_carry = right_carry+50, total_right = total_right+50
WHERE `user_id` = '7WQBA7';
INSERT INTO `placement_bv_update_history` (`right_carry`, `date`, `from_id`, `user_id`) VALUES ('50', '2024-10-01 12:08:49', 'LN7PEK', '7WQBA7');
INSERT INTO `matrix_filling` (`placement_id`, `downline_id`, `level`, `matrix`) VALUES ('QPNZO1', 'LN7PEK', 8, 1);
UPDATE `bv_updation` SET right_carry = right_carry+50, total_right = total_right+50
WHERE `user_id` = 'QPNZO1';
INSERT INTO `placement_bv_update_history` (`right_carry`, `date`, `from_id`, `user_id`) VALUES ('50', '2024-10-01 12:08:49', 'LN7PEK', 'QPNZO1');
INSERT INTO `matrix_filling` (`placement_id`, `downline_id`, `level`, `matrix`) VALUES ('KCF78M', 'LN7PEK', 9, 1);
UPDATE `bv_updation` SET right_carry = right_carry+50, total_right = total_right+50
WHERE `user_id` = 'KCF78M';
INSERT INTO `placement_bv_update_history` (`right_carry`, `date`, `from_id`, `user_id`) VALUES ('50', '2024-10-01 12:08:49', 'LN7PEK', 'KCF78M');
INSERT INTO `matrix_filling` (`placement_id`, `downline_id`, `level`, `matrix`) VALUES ('7RY1ZP', 'LN7PEK', 10, 1);
UPDATE `bv_updation` SET right_carry = right_carry+50, total_right = total_right+50
WHERE `user_id` = '7RY1ZP';
INSERT INTO `placement_bv_update_history` (`right_carry`, `date`, `from_id`, `user_id`) VALUES ('50', '2024-10-01 12:08:49', 'LN7PEK', '7RY1ZP');
INSERT INTO `matrix_filling` (`placement_id`, `downline_id`, `level`, `matrix`) VALUES ('ADZTOG', 'LN7PEK', 11, 1);
UPDATE `bv_updation` SET right_carry = right_carry+50, total_right = total_right+50
WHERE `user_id` = 'ADZTOG';
INSERT INTO `placement_bv_update_history` (`right_carry`, `date`, `from_id`, `user_id`) VALUES ('50', '2024-10-01 12:08:49', 'LN7PEK', 'ADZTOG');
UPDATE `bv_updation` SET sponsor_right_carry = sponsor_right_carry+50, sponsor_total_right = sponsor_total_right+50
WHERE `user_id` = 'ADZTOG';
INSERT INTO `sponsor_bv_update_history` (`right_carry`, `date`, `user_id`) VALUES ('50', '2024-10-01 12:08:49', 'ADZTOG');
INSERT INTO `matrix_filling` (`placement_id`, `downline_id`, `level`, `matrix`) VALUES ('A9858P', 'LN7PEK', 12, 1);
UPDATE `bv_updation` SET right_carry = right_carry+50, total_right = total_right+50
WHERE `user_id` = 'A9858P';
INSERT INTO `placement_bv_update_history` (`right_carry`, `date`, `from_id`, `user_id`) VALUES ('50', '2024-10-01 12:08:49', 'LN7PEK', 'A9858P');
INSERT INTO `matrix_filling` (`placement_id`, `downline_id`, `level`, `matrix`) VALUES ('admin', 'LN7PEK', 13, 1);
UPDATE `bv_updation` SET right_carry = right_carry+50, total_right = total_right+50
WHERE `user_id` = 'admin';
INSERT INTO `placement_bv_update_history` (`right_carry`, `date`, `from_id`, `user_id`) VALUES ('50', '2024-10-01 12:08:49', 'LN7PEK', 'admin');
INSERT INTO `package_purchase_history` (`user_id`, `package_id`, `reg_fee`, `package_name`, `monthly_fee`, `type`, `date`, `payment_option`) VALUES ('LN7PEK', '2', '595', 'Traveler Pro', '150', 'sign_up', '2024-10-01 12:08:49', 'free');
UPDATE `user_registration` SET `popup_seen` = 'yes'
WHERE `user_id` = 'ADZTOG';
UPDATE `user_registration` SET `uid` = '2066', `user_id` = 'QCAQPF', `username` = 'casto1', `sponsor_id` = 'ADZTOG', `vacant` = 'no', `f_name` = 'Casto', `l_name` = 'Quintana', `address` = '6520 Kendale Lakes Dr', `position` = 'left', `email` = 'casto1@gmail.com', `password` = '63f2f2870cfae4a2e6f1a46e278fb36f', `phone` = '3057610606', `country` = 'United States', `state` = 'Florida', `city` = 'Miami', `street` = '6520 Kendale Lakes Dr', `zip_code` = '33183', `reg_ip` = '108.162.212.54', `status` = 1, `package_id` = '2', `rank_id` = 1, `highest_rank` = 1, `cycle_rank_id` = 1, `created` = '2024-10-01 12:10:08', `subscription_date` = '2024-10-31', `google_secret` = '5YVAMG5YTQ2EI247'
WHERE `uid` = '2066';
INSERT INTO `user_registration` (`uid`, `user_id`, `username`, `sponsor_id`, `placement_id`, `vacant`, `f_name`, `l_name`, `address`, `position`, `email`, `password`, `phone`, `reg_ip`, `status`, `created`) VALUES (NULL, 'FVCADX', 'FLHVtJya', 'QCAQPF', 'QCAQPF', 'yes', '', '', '', 'left', '@mail.com', '', '', '', 0, '2024-10-01 12:10:08');
INSERT INTO `user_registration` (`uid`, `user_id`, `username`, `sponsor_id`, `placement_id`, `vacant`, `f_name`, `l_name`, `address`, `position`, `email`, `password`, `phone`, `reg_ip`, `status`, `created`) VALUES (NULL, 'STPDHX', 'cWOGCfKy', 'QCAQPF', 'QCAQPF', 'yes', '', '', '', 'right', '@mail.com', '', '', '', 0, '2024-10-01 12:10:08');
INSERT INTO `bv_updation` (`user_id`) VALUES ('QCAQPF');
UPDATE `user_registration` SET total_ref_count = total_ref_count+1
WHERE `user_id` = 'ADZTOG';
UPDATE `user_registration` SET total_downlines = total_downlines+1
WHERE `user_id` = '2HJKJ8';
UPDATE `user_registration` SET left_downlines = left_downlines+1
WHERE `user_id` = '2HJKJ8';
UPDATE `user_registration` SET total_downlines = total_downlines+1
WHERE `user_id` = 'TAOC9S';
UPDATE `user_registration` SET left_downlines = left_downlines+1
WHERE `user_id` = 'TAOC9S';
UPDATE `user_registration` SET total_downlines = total_downlines+1
WHERE `user_id` = 'FJ73DP';
UPDATE `user_registration` SET left_downlines = left_downlines+1
WHERE `user_id` = 'FJ73DP';
UPDATE `user_registration` SET total_downlines = total_downlines+1
WHERE `user_id` = 'DOVI87';
UPDATE `user_registration` SET left_downlines = left_downlines+1
WHERE `user_id` = 'DOVI87';
UPDATE `user_registration` SET total_downlines = total_downlines+1
WHERE `user_id` = '2DKJUD';
UPDATE `user_registration` SET left_downlines = left_downlines+1
WHERE `user_id` = '2DKJUD';
UPDATE `user_registration` SET total_downlines = total_downlines+1
WHERE `user_id` = '3F1L3D';
UPDATE `user_registration` SET left_downlines = left_downlines+1
WHERE `user_id` = '3F1L3D';
UPDATE `user_registration` SET total_downlines = total_downlines+1
WHERE `user_id` = 'XYHOZ4';
UPDATE `user_registration` SET left_downlines = left_downlines+1
WHERE `user_id` = 'XYHOZ4';
UPDATE `user_registration` SET total_downlines = total_downlines+1
WHERE `user_id` = 'FEFAEE';
UPDATE `user_registration` SET left_downlines = left_downlines+1
WHERE `user_id` = 'FEFAEE';
UPDATE `user_registration` SET total_downlines = total_downlines+1
WHERE `user_id` = 'S8QNVM';
UPDATE `user_registration` SET left_downlines = left_downlines+1
WHERE `user_id` = 'S8QNVM';
UPDATE `user_registration` SET total_downlines = total_downlines+1
WHERE `user_id` = 'TKWQIW';
UPDATE `user_registration` SET left_downlines = left_downlines+1
WHERE `user_id` = 'TKWQIW';
UPDATE `user_registration` SET total_downlines = total_downlines+1
WHERE `user_id` = 'ADZTOG';
UPDATE `user_registration` SET left_downlines = left_downlines+1
WHERE `user_id` = 'ADZTOG';
UPDATE `user_registration` SET left_ref_count = left_ref_count+1
WHERE `user_id` = 'ADZTOG';
UPDATE `user_registration` SET active_left = active_left+1
WHERE `user_id` = 'ADZTOG';
UPDATE `user_registration` SET total_downlines = total_downlines+1
WHERE `user_id` = 'A9858P';
UPDATE `user_registration` SET right_downlines = right_downlines+1
WHERE `user_id` = 'A9858P';
UPDATE `user_registration` SET total_downlines = total_downlines+1
WHERE `user_id` = 'admin';
UPDATE `user_registration` SET right_downlines = right_downlines+1
WHERE `user_id` = 'admin';
INSERT INTO `investment` (`invest_date`, `user_id`, `type`, `amount`, `package_id`) VALUES ('2024-10-01 12:10:08', 'QCAQPF', 'register', '595', '2');
INSERT INTO `earnings` (`user_id`, `Purchaser_id`, `earning_type`, `package_id`, `amount`, `date`, `comments`, `invest_amount`, `comm_perc`, `level`, `rank_id`, `order_id`) VALUES ('ADZTOG', 'QCAQPF', 'Direct Referral Bonus', '2', '100', '2024-10-01 12:10:08', 'Direct Referral Bonus', 0, 0, 1, '', 28);
UPDATE `user_registration` SET commission_balance = ROUND(commission_balance + 100,2)
WHERE `user_id` = 'ADZTOG';
UPDATE `user_registration` SET referral_bonus = ROUND(referral_bonus + 100,2)
WHERE `user_id` = 'ADZTOG';
INSERT INTO `matrix_filling` (`placement_id`, `downline_id`, `level`, `matrix`) VALUES ('2HJKJ8', 'QCAQPF', 1, 1);
UPDATE `bv_updation` SET left_carry = left_carry+50, total_left = total_left+50
WHERE `user_id` = '2HJKJ8';
INSERT INTO `placement_bv_update_history` (`left_carry`, `date`, `from_id`, `user_id`) VALUES ('50', '2024-10-01 12:10:08', 'QCAQPF', '2HJKJ8');
INSERT INTO `matrix_filling` (`placement_id`, `downline_id`, `level`, `matrix`) VALUES ('TAOC9S', 'QCAQPF', 2, 1);
UPDATE `bv_updation` SET left_carry = left_carry+50, total_left = total_left+50
WHERE `user_id` = 'TAOC9S';
INSERT INTO `placement_bv_update_history` (`left_carry`, `date`, `from_id`, `user_id`) VALUES ('50', '2024-10-01 12:10:08', 'QCAQPF', 'TAOC9S');
INSERT INTO `matrix_filling` (`placement_id`, `downline_id`, `level`, `matrix`) VALUES ('FJ73DP', 'QCAQPF', 3, 1);
UPDATE `bv_updation` SET left_carry = left_carry+50, total_left = total_left+50
WHERE `user_id` = 'FJ73DP';
INSERT INTO `placement_bv_update_history` (`left_carry`, `date`, `from_id`, `user_id`) VALUES ('50', '2024-10-01 12:10:08', 'QCAQPF', 'FJ73DP');
INSERT INTO `matrix_filling` (`placement_id`, `downline_id`, `level`, `matrix`) VALUES ('DOVI87', 'QCAQPF', 4, 1);
UPDATE `bv_updation` SET left_carry = left_carry+50, total_left = total_left+50
WHERE `user_id` = 'DOVI87';
INSERT INTO `placement_bv_update_history` (`left_carry`, `date`, `from_id`, `user_id`) VALUES ('50', '2024-10-01 12:10:08', 'QCAQPF', 'DOVI87');
INSERT INTO `matrix_filling` (`placement_id`, `downline_id`, `level`, `matrix`) VALUES ('2DKJUD', 'QCAQPF', 5, 1);
UPDATE `bv_updation` SET left_carry = left_carry+50, total_left = total_left+50
WHERE `user_id` = '2DKJUD';
INSERT INTO `placement_bv_update_history` (`left_carry`, `date`, `from_id`, `user_id`) VALUES ('50', '2024-10-01 12:10:08', 'QCAQPF', '2DKJUD');
INSERT INTO `matrix_filling` (`placement_id`, `downline_id`, `level`, `matrix`) VALUES ('3F1L3D', 'QCAQPF', 6, 1);
UPDATE `bv_updation` SET left_carry = left_carry+50, total_left = total_left+50
WHERE `user_id` = '3F1L3D';
INSERT INTO `placement_bv_update_history` (`left_carry`, `date`, `from_id`, `user_id`) VALUES ('50', '2024-10-01 12:10:08', 'QCAQPF', '3F1L3D');
INSERT INTO `matrix_filling` (`placement_id`, `downline_id`, `level`, `matrix`) VALUES ('XYHOZ4', 'QCAQPF', 7, 1);
UPDATE `bv_updation` SET left_carry = left_carry+50, total_left = total_left+50
WHERE `user_id` = 'XYHOZ4';
INSERT INTO `placement_bv_update_history` (`left_carry`, `date`, `from_id`, `user_id`) VALUES ('50', '2024-10-01 12:10:08', 'QCAQPF', 'XYHOZ4');
INSERT INTO `matrix_filling` (`placement_id`, `downline_id`, `level`, `matrix`) VALUES ('FEFAEE', 'QCAQPF', 8, 1);
UPDATE `bv_updation` SET left_carry = left_carry+50, total_left = total_left+50
WHERE `user_id` = 'FEFAEE';
INSERT INTO `placement_bv_update_history` (`left_carry`, `date`, `from_id`, `user_id`) VALUES ('50', '2024-10-01 12:10:08', 'QCAQPF', 'FEFAEE');
INSERT INTO `matrix_filling` (`placement_id`, `downline_id`, `level`, `matrix`) VALUES ('S8QNVM', 'QCAQPF', 9, 1);
UPDATE `bv_updation` SET left_carry = left_carry+50, total_left = total_left+50
WHERE `user_id` = 'S8QNVM';
INSERT INTO `placement_bv_update_history` (`left_carry`, `date`, `from_id`, `user_id`) VALUES ('50', '2024-10-01 12:10:08', 'QCAQPF', 'S8QNVM');
INSERT INTO `matrix_filling` (`placement_id`, `downline_id`, `level`, `matrix`) VALUES ('TKWQIW', 'QCAQPF', 10, 1);
UPDATE `bv_updation` SET left_carry = left_carry+50, total_left = total_left+50
WHERE `user_id` = 'TKWQIW';
INSERT INTO `placement_bv_update_history` (`left_carry`, `date`, `from_id`, `user_id`) VALUES ('50', '2024-10-01 12:10:08', 'QCAQPF', 'TKWQIW');
INSERT INTO `matrix_filling` (`placement_id`, `downline_id`, `level`, `matrix`) VALUES ('ADZTOG', 'QCAQPF', 11, 1);
UPDATE `bv_updation` SET left_carry = left_carry+50, total_left = total_left+50
WHERE `user_id` = 'ADZTOG';
INSERT INTO `placement_bv_update_history` (`left_carry`, `date`, `from_id`, `user_id`) VALUES ('50', '2024-10-01 12:10:08', 'QCAQPF', 'ADZTOG');
UPDATE `bv_updation` SET sponsor_left_carry = sponsor_left_carry+50, sponsor_total_left = sponsor_total_left+50
WHERE `user_id` = 'ADZTOG';
INSERT INTO `sponsor_bv_update_history` (`left_carry`, `date`, `user_id`) VALUES ('50', '2024-10-01 12:10:08', 'ADZTOG');
INSERT INTO `matrix_filling` (`placement_id`, `downline_id`, `level`, `matrix`) VALUES ('A9858P', 'QCAQPF', 12, 1);
UPDATE `bv_updation` SET right_carry = right_carry+50, total_right = total_right+50
WHERE `user_id` = 'A9858P';
INSERT INTO `placement_bv_update_history` (`right_carry`, `date`, `from_id`, `user_id`) VALUES ('50', '2024-10-01 12:10:08', 'QCAQPF', 'A9858P');
INSERT INTO `matrix_filling` (`placement_id`, `downline_id`, `level`, `matrix`) VALUES ('admin', 'QCAQPF', 13, 1);
UPDATE `bv_updation` SET right_carry = right_carry+50, total_right = total_right+50
WHERE `user_id` = 'admin';
INSERT INTO `placement_bv_update_history` (`right_carry`, `date`, `from_id`, `user_id`) VALUES ('50', '2024-10-01 12:10:08', 'QCAQPF', 'admin');
INSERT INTO `package_purchase_history` (`user_id`, `package_id`, `reg_fee`, `package_name`, `monthly_fee`, `type`, `date`, `payment_option`) VALUES ('QCAQPF', '2', '595', 'Traveler Pro', '150', 'sign_up', '2024-10-01 12:10:08', 'free');
UPDATE `user_registration` SET `uid` = '2069', `user_id` = 'QKHYPY', `username` = 'samuel1', `sponsor_id` = 'ADZTOG', `vacant` = 'no', `f_name` = 'Samuel', `l_name` = 'Lee', `address` = '6520 Kendale Lakes Dr', `position` = 'right', `email` = 'samuel1@gmail.com', `password` = 'dc3dd2fddeb4b84207734bae554e39a0', `phone` = '3057610606', `country` = 'United States', `state` = 'Florida', `city` = 'Miami', `street` = '6520 Kendale Lakes Dr', `zip_code` = '33183', `reg_ip` = '172.70.83.2', `status` = 1, `package_id` = '2', `rank_id` = 1, `highest_rank` = 1, `cycle_rank_id` = 1, `created` = '2024-10-01 12:11:20', `subscription_date` = '2024-10-31', `google_secret` = '3KL2AM3GGMNBA5C3'
WHERE `uid` = '2069';
INSERT INTO `user_registration` (`uid`, `user_id`, `username`, `sponsor_id`, `placement_id`, `vacant`, `f_name`, `l_name`, `address`, `position`, `email`, `password`, `phone`, `reg_ip`, `status`, `created`) VALUES (NULL, 'JEHXWU', 'KwNqrGMl', 'QKHYPY', 'QKHYPY', 'yes', '', '', '', 'left', '@mail.com', '', '', '', 0, '2024-10-01 12:11:20');
INSERT INTO `user_registration` (`uid`, `user_id`, `username`, `sponsor_id`, `placement_id`, `vacant`, `f_name`, `l_name`, `address`, `position`, `email`, `password`, `phone`, `reg_ip`, `status`, `created`) VALUES (NULL, 'XWKIUF', 'mjsYsVgm', 'QKHYPY', 'QKHYPY', 'yes', '', '', '', 'right', '@mail.com', '', '', '', 0, '2024-10-01 12:11:20');
INSERT INTO `bv_updation` (`user_id`) VALUES ('QKHYPY');
UPDATE `user_registration` SET total_ref_count = total_ref_count+1
WHERE `user_id` = 'ADZTOG';
UPDATE `user_registration` SET total_downlines = total_downlines+1
WHERE `user_id` = 'LN7PEK';
UPDATE `user_registration` SET right_downlines = right_downlines+1
WHERE `user_id` = 'LN7PEK';
UPDATE `user_registration` SET total_downlines = total_downlines+1
WHERE `user_id` = 'LYDDQ5';
UPDATE `user_registration` SET right_downlines = right_downlines+1
WHERE `user_id` = 'LYDDQ5';
UPDATE `user_registration` SET total_downlines = total_downlines+1
WHERE `user_id` = '6UO8TB';
UPDATE `user_registration` SET right_downlines = right_downlines+1
WHERE `user_id` = '6UO8TB';
UPDATE `user_registration` SET total_downlines = total_downlines+1
WHERE `user_id` = 'GPRO3Q';
UPDATE `user_registration` SET right_downlines = right_downlines+1
WHERE `user_id` = 'GPRO3Q';
UPDATE `user_registration` SET total_downlines = total_downlines+1
WHERE `user_id` = 'MBPRQB';
UPDATE `user_registration` SET right_downlines = right_downlines+1
WHERE `user_id` = 'MBPRQB';
UPDATE `user_registration` SET total_downlines = total_downlines+1
WHERE `user_id` = 'X1RH6U';
UPDATE `user_registration` SET right_downlines = right_downlines+1
WHERE `user_id` = 'X1RH6U';
UPDATE `user_registration` SET total_downlines = total_downlines+1
WHERE `user_id` = 'HHALCM';
UPDATE `user_registration` SET right_downlines = right_downlines+1
WHERE `user_id` = 'HHALCM';
UPDATE `user_registration` SET total_downlines = total_downlines+1
WHERE `user_id` = '7WQBA7';
UPDATE `user_registration` SET right_downlines = right_downlines+1
WHERE `user_id` = '7WQBA7';
UPDATE `user_registration` SET total_downlines = total_downlines+1
WHERE `user_id` = 'QPNZO1';
UPDATE `user_registration` SET right_downlines = right_downlines+1
WHERE `user_id` = 'QPNZO1';
UPDATE `user_registration` SET total_downlines = total_downlines+1
WHERE `user_id` = 'KCF78M';
UPDATE `user_registration` SET right_downlines = right_downlines+1
WHERE `user_id` = 'KCF78M';
UPDATE `user_registration` SET total_downlines = total_downlines+1
WHERE `user_id` = '7RY1ZP';
UPDATE `user_registration` SET right_downlines = right_downlines+1
WHERE `user_id` = '7RY1ZP';
UPDATE `user_registration` SET total_downlines = total_downlines+1
WHERE `user_id` = 'ADZTOG';
UPDATE `user_registration` SET right_downlines = right_downlines+1
WHERE `user_id` = 'ADZTOG';
UPDATE `user_registration` SET right_ref_count = right_ref_count+1
WHERE `user_id` = 'ADZTOG';
UPDATE `user_registration` SET active_right = active_right+1
WHERE `user_id` = 'ADZTOG';
UPDATE `user_registration` SET total_downlines = total_downlines+1
WHERE `user_id` = 'A9858P';
UPDATE `user_registration` SET right_downlines = right_downlines+1
WHERE `user_id` = 'A9858P';
UPDATE `user_registration` SET total_downlines = total_downlines+1
WHERE `user_id` = 'admin';
UPDATE `user_registration` SET right_downlines = right_downlines+1
WHERE `user_id` = 'admin';
INSERT INTO `investment` (`invest_date`, `user_id`, `type`, `amount`, `package_id`) VALUES ('2024-10-01 12:11:20', 'QKHYPY', 'register', '595', '2');
INSERT INTO `earnings` (`user_id`, `Purchaser_id`, `earning_type`, `package_id`, `amount`, `date`, `comments`, `invest_amount`, `comm_perc`, `level`, `rank_id`, `order_id`) VALUES ('ADZTOG', 'QKHYPY', 'Direct Referral Bonus', '2', '100', '2024-10-01 12:11:20', 'Direct Referral Bonus', 0, 0, 1, '', 29);
UPDATE `user_registration` SET commission_balance = ROUND(commission_balance + 100,2)
WHERE `user_id` = 'ADZTOG';
UPDATE `user_registration` SET referral_bonus = ROUND(referral_bonus + 100,2)
WHERE `user_id` = 'ADZTOG';
INSERT INTO `matrix_filling` (`placement_id`, `downline_id`, `level`, `matrix`) VALUES ('LN7PEK', 'QKHYPY', 1, 1);
UPDATE `bv_updation` SET right_carry = right_carry+50, total_right = total_right+50
WHERE `user_id` = 'LN7PEK';
INSERT INTO `placement_bv_update_history` (`right_carry`, `date`, `from_id`, `user_id`) VALUES ('50', '2024-10-01 12:11:20', 'QKHYPY', 'LN7PEK');
INSERT INTO `matrix_filling` (`placement_id`, `downline_id`, `level`, `matrix`) VALUES ('LYDDQ5', 'QKHYPY', 2, 1);
UPDATE `bv_updation` SET right_carry = right_carry+50, total_right = total_right+50
WHERE `user_id` = 'LYDDQ5';
INSERT INTO `placement_bv_update_history` (`right_carry`, `date`, `from_id`, `user_id`) VALUES ('50', '2024-10-01 12:11:20', 'QKHYPY', 'LYDDQ5');
INSERT INTO `matrix_filling` (`placement_id`, `downline_id`, `level`, `matrix`) VALUES ('6UO8TB', 'QKHYPY', 3, 1);
UPDATE `bv_updation` SET right_carry = right_carry+50, total_right = total_right+50
WHERE `user_id` = '6UO8TB';
INSERT INTO `placement_bv_update_history` (`right_carry`, `date`, `from_id`, `user_id`) VALUES ('50', '2024-10-01 12:11:20', 'QKHYPY', '6UO8TB');
INSERT INTO `matrix_filling` (`placement_id`, `downline_id`, `level`, `matrix`) VALUES ('GPRO3Q', 'QKHYPY', 4, 1);
UPDATE `bv_updation` SET right_carry = right_carry+50, total_right = total_right+50
WHERE `user_id` = 'GPRO3Q';
INSERT INTO `placement_bv_update_history` (`right_carry`, `date`, `from_id`, `user_id`) VALUES ('50', '2024-10-01 12:11:20', 'QKHYPY', 'GPRO3Q');
INSERT INTO `matrix_filling` (`placement_id`, `downline_id`, `level`, `matrix`) VALUES ('MBPRQB', 'QKHYPY', 5, 1);
UPDATE `bv_updation` SET right_carry = right_carry+50, total_right = total_right+50
WHERE `user_id` = 'MBPRQB';
INSERT INTO `placement_bv_update_history` (`right_carry`, `date`, `from_id`, `user_id`) VALUES ('50', '2024-10-01 12:11:20', 'QKHYPY', 'MBPRQB');
INSERT INTO `matrix_filling` (`placement_id`, `downline_id`, `level`, `matrix`) VALUES ('X1RH6U', 'QKHYPY', 6, 1);
UPDATE `bv_updation` SET right_carry = right_carry+50, total_right = total_right+50
WHERE `user_id` = 'X1RH6U';
INSERT INTO `placement_bv_update_history` (`right_carry`, `date`, `from_id`, `user_id`) VALUES ('50', '2024-10-01 12:11:20', 'QKHYPY', 'X1RH6U');
INSERT INTO `matrix_filling` (`placement_id`, `downline_id`, `level`, `matrix`) VALUES ('HHALCM', 'QKHYPY', 7, 1);
UPDATE `bv_updation` SET right_carry = right_carry+50, total_right = total_right+50
WHERE `user_id` = 'HHALCM';
INSERT INTO `placement_bv_update_history` (`right_carry`, `date`, `from_id`, `user_id`) VALUES ('50', '2024-10-01 12:11:20', 'QKHYPY', 'HHALCM');
INSERT INTO `matrix_filling` (`placement_id`, `downline_id`, `level`, `matrix`) VALUES ('7WQBA7', 'QKHYPY', 8, 1);
UPDATE `bv_updation` SET right_carry = right_carry+50, total_right = total_right+50
WHERE `user_id` = '7WQBA7';
INSERT INTO `placement_bv_update_history` (`right_carry`, `date`, `from_id`, `user_id`) VALUES ('50', '2024-10-01 12:11:20', 'QKHYPY', '7WQBA7');
INSERT INTO `matrix_filling` (`placement_id`, `downline_id`, `level`, `matrix`) VALUES ('QPNZO1', 'QKHYPY', 9, 1);
UPDATE `bv_updation` SET right_carry = right_carry+50, total_right = total_right+50
WHERE `user_id` = 'QPNZO1';
INSERT INTO `placement_bv_update_history` (`right_carry`, `date`, `from_id`, `user_id`) VALUES ('50', '2024-10-01 12:11:20', 'QKHYPY', 'QPNZO1');
INSERT INTO `matrix_filling` (`placement_id`, `downline_id`, `level`, `matrix`) VALUES ('KCF78M', 'QKHYPY', 10, 1);
UPDATE `bv_updation` SET right_carry = right_carry+50, total_right = total_right+50
WHERE `user_id` = 'KCF78M';
INSERT INTO `placement_bv_update_history` (`right_carry`, `date`, `from_id`, `user_id`) VALUES ('50', '2024-10-01 12:11:20', 'QKHYPY', 'KCF78M');
INSERT INTO `matrix_filling` (`placement_id`, `downline_id`, `level`, `matrix`) VALUES ('7RY1ZP', 'QKHYPY', 11, 1);
UPDATE `bv_updation` SET right_carry = right_carry+50, total_right = total_right+50
WHERE `user_id` = '7RY1ZP';
INSERT INTO `placement_bv_update_history` (`right_carry`, `date`, `from_id`, `user_id`) VALUES ('50', '2024-10-01 12:11:20', 'QKHYPY', '7RY1ZP');
INSERT INTO `matrix_filling` (`placement_id`, `downline_id`, `level`, `matrix`) VALUES ('ADZTOG', 'QKHYPY', 12, 1);
UPDATE `bv_updation` SET right_carry = right_carry+50, total_right = total_right+50
WHERE `user_id` = 'ADZTOG';
INSERT INTO `placement_bv_update_history` (`right_carry`, `date`, `from_id`, `user_id`) VALUES ('50', '2024-10-01 12:11:20', 'QKHYPY', 'ADZTOG');
UPDATE `bv_updation` SET sponsor_right_carry = sponsor_right_carry+50, sponsor_total_right = sponsor_total_right+50
WHERE `user_id` = 'ADZTOG';
INSERT INTO `sponsor_bv_update_history` (`right_carry`, `date`, `user_id`) VALUES ('50', '2024-10-01 12:11:20', 'ADZTOG');
INSERT INTO `matrix_filling` (`placement_id`, `downline_id`, `level`, `matrix`) VALUES ('A9858P', 'QKHYPY', 13, 1);
UPDATE `bv_updation` SET right_carry = right_carry+50, total_right = total_right+50
WHERE `user_id` = 'A9858P';
INSERT INTO `placement_bv_update_history` (`right_carry`, `date`, `from_id`, `user_id`) VALUES ('50', '2024-10-01 12:11:20', 'QKHYPY', 'A9858P');
INSERT INTO `matrix_filling` (`placement_id`, `downline_id`, `level`, `matrix`) VALUES ('admin', 'QKHYPY', 14, 1);
UPDATE `bv_updation` SET right_carry = right_carry+50, total_right = total_right+50
WHERE `user_id` = 'admin';
INSERT INTO `placement_bv_update_history` (`right_carry`, `date`, `from_id`, `user_id`) VALUES ('50', '2024-10-01 12:11:20', 'QKHYPY', 'admin');
INSERT INTO `package_purchase_history` (`user_id`, `package_id`, `reg_fee`, `package_name`, `monthly_fee`, `type`, `date`, `payment_option`) VALUES ('QKHYPY', '2', '595', 'Traveler Pro', '150', 'sign_up', '2024-10-01 12:11:20', 'free');
UPDATE `user_registration` SET `uid` = '2070', `user_id` = 'FSZULY', `username` = 'jacinto1', `sponsor_id` = 'ADZTOG', `vacant` = 'no', `f_name` = 'Jacinto', `l_name` = 'Pedroso', `address` = '6520 Kendale Lakes Dr', `position` = 'left', `email` = 'jacinto1@gmail.com', `password` = '9292761895cc7d561fee82257631efe5', `phone` = '3057610606', `country` = 'United States', `state` = 'Florida', `city` = 'Miami', `street` = '6520 Kendale Lakes Dr', `zip_code` = '33183', `reg_ip` = '172.70.255.86', `status` = 1, `package_id` = '2', `rank_id` = 1, `highest_rank` = 1, `cycle_rank_id` = 1, `created` = '2024-10-01 12:12:29', `subscription_date` = '2024-10-31', `google_secret` = 'ZKATF5OCJ5PEWX5U'
WHERE `uid` = '2070';
INSERT INTO `user_registration` (`uid`, `user_id`, `username`, `sponsor_id`, `placement_id`, `vacant`, `f_name`, `l_name`, `address`, `position`, `email`, `password`, `phone`, `reg_ip`, `status`, `created`) VALUES (NULL, 'IPGCMF', 'pnKRUkmt', 'FSZULY', 'FSZULY', 'yes', '', '', '', 'left', '@mail.com', '', '', '', 0, '2024-10-01 12:12:29');
INSERT INTO `user_registration` (`uid`, `user_id`, `username`, `sponsor_id`, `placement_id`, `vacant`, `f_name`, `l_name`, `address`, `position`, `email`, `password`, `phone`, `reg_ip`, `status`, `created`) VALUES (NULL, 'XHPDCK', 'WXdWLHgt', 'FSZULY', 'FSZULY', 'yes', '', '', '', 'right', '@mail.com', '', '', '', 0, '2024-10-01 12:12:29');
INSERT INTO `bv_updation` (`user_id`) VALUES ('FSZULY');
UPDATE `user_registration` SET total_ref_count = total_ref_count+1
WHERE `user_id` = 'ADZTOG';
UPDATE `user_registration` SET total_downlines = total_downlines+1
WHERE `user_id` = 'QCAQPF';
UPDATE `user_registration` SET left_downlines = left_downlines+1
WHERE `user_id` = 'QCAQPF';
UPDATE `user_registration` SET total_downlines = total_downlines+1
WHERE `user_id` = '2HJKJ8';
UPDATE `user_registration` SET left_downlines = left_downlines+1
WHERE `user_id` = '2HJKJ8';
UPDATE `user_registration` SET total_downlines = total_downlines+1
WHERE `user_id` = 'TAOC9S';
UPDATE `user_registration` SET left_downlines = left_downlines+1
WHERE `user_id` = 'TAOC9S';
UPDATE `user_registration` SET total_downlines = total_downlines+1
WHERE `user_id` = 'FJ73DP';
UPDATE `user_registration` SET left_downlines = left_downlines+1
WHERE `user_id` = 'FJ73DP';
UPDATE `user_registration` SET total_downlines = total_downlines+1
WHERE `user_id` = 'DOVI87';
UPDATE `user_registration` SET left_downlines = left_downlines+1
WHERE `user_id` = 'DOVI87';
UPDATE `user_registration` SET total_downlines = total_downlines+1
WHERE `user_id` = '2DKJUD';
UPDATE `user_registration` SET left_downlines = left_downlines+1
WHERE `user_id` = '2DKJUD';
UPDATE `user_registration` SET total_downlines = total_downlines+1
WHERE `user_id` = '3F1L3D';
UPDATE `user_registration` SET left_downlines = left_downlines+1
WHERE `user_id` = '3F1L3D';
UPDATE `user_registration` SET total_downlines = total_downlines+1
WHERE `user_id` = 'XYHOZ4';
UPDATE `user_registration` SET left_downlines = left_downlines+1
WHERE `user_id` = 'XYHOZ4';
UPDATE `user_registration` SET total_downlines = total_downlines+1
WHERE `user_id` = 'FEFAEE';
UPDATE `user_registration` SET left_downlines = left_downlines+1
WHERE `user_id` = 'FEFAEE';
UPDATE `user_registration` SET total_downlines = total_downlines+1
WHERE `user_id` = 'S8QNVM';
UPDATE `user_registration` SET left_downlines = left_downlines+1
WHERE `user_id` = 'S8QNVM';
UPDATE `user_registration` SET total_downlines = total_downlines+1
WHERE `user_id` = 'TKWQIW';
UPDATE `user_registration` SET left_downlines = left_downlines+1
WHERE `user_id` = 'TKWQIW';
UPDATE `user_registration` SET total_downlines = total_downlines+1
WHERE `user_id` = 'ADZTOG';
UPDATE `user_registration` SET left_downlines = left_downlines+1
WHERE `user_id` = 'ADZTOG';
UPDATE `user_registration` SET left_ref_count = left_ref_count+1
WHERE `user_id` = 'ADZTOG';
UPDATE `user_registration` SET active_left = active_left+1
WHERE `user_id` = 'ADZTOG';
UPDATE `user_registration` SET total_downlines = total_downlines+1
WHERE `user_id` = 'A9858P';
UPDATE `user_registration` SET right_downlines = right_downlines+1
WHERE `user_id` = 'A9858P';
UPDATE `user_registration` SET total_downlines = total_downlines+1
WHERE `user_id` = 'admin';
UPDATE `user_registration` SET right_downlines = right_downlines+1
WHERE `user_id` = 'admin';
INSERT INTO `investment` (`invest_date`, `user_id`, `type`, `amount`, `package_id`) VALUES ('2024-10-01 12:12:29', 'FSZULY', 'register', '595', '2');
INSERT INTO `earnings` (`user_id`, `Purchaser_id`, `earning_type`, `package_id`, `amount`, `date`, `comments`, `invest_amount`, `comm_perc`, `level`, `rank_id`, `order_id`) VALUES ('ADZTOG', 'FSZULY', 'Direct Referral Bonus', '2', '100', '2024-10-01 12:12:29', 'Direct Referral Bonus', 0, 0, 1, '', 30);
UPDATE `user_registration` SET commission_balance = ROUND(commission_balance + 100,2)
WHERE `user_id` = 'ADZTOG';
UPDATE `user_registration` SET referral_bonus = ROUND(referral_bonus + 100,2)
WHERE `user_id` = 'ADZTOG';
INSERT INTO `matrix_filling` (`placement_id`, `downline_id`, `level`, `matrix`) VALUES ('QCAQPF', 'FSZULY', 1, 1);
UPDATE `bv_updation` SET left_carry = left_carry+50, total_left = total_left+50
WHERE `user_id` = 'QCAQPF';
INSERT INTO `placement_bv_update_history` (`left_carry`, `date`, `from_id`, `user_id`) VALUES ('50', '2024-10-01 12:12:29', 'FSZULY', 'QCAQPF');
INSERT INTO `matrix_filling` (`placement_id`, `downline_id`, `level`, `matrix`) VALUES ('2HJKJ8', 'FSZULY', 2, 1);
UPDATE `bv_updation` SET left_carry = left_carry+50, total_left = total_left+50
WHERE `user_id` = '2HJKJ8';
INSERT INTO `placement_bv_update_history` (`left_carry`, `date`, `from_id`, `user_id`) VALUES ('50', '2024-10-01 12:12:29', 'FSZULY', '2HJKJ8');
INSERT INTO `matrix_filling` (`placement_id`, `downline_id`, `level`, `matrix`) VALUES ('TAOC9S', 'FSZULY', 3, 1);
UPDATE `bv_updation` SET left_carry = left_carry+50, total_left = total_left+50
WHERE `user_id` = 'TAOC9S';
INSERT INTO `placement_bv_update_history` (`left_carry`, `date`, `from_id`, `user_id`) VALUES ('50', '2024-10-01 12:12:29', 'FSZULY', 'TAOC9S');
INSERT INTO `matrix_filling` (`placement_id`, `downline_id`, `level`, `matrix`) VALUES ('FJ73DP', 'FSZULY', 4, 1);
UPDATE `bv_updation` SET left_carry = left_carry+50, total_left = total_left+50
WHERE `user_id` = 'FJ73DP';
INSERT INTO `placement_bv_update_history` (`left_carry`, `date`, `from_id`, `user_id`) VALUES ('50', '2024-10-01 12:12:29', 'FSZULY', 'FJ73DP');
INSERT INTO `matrix_filling` (`placement_id`, `downline_id`, `level`, `matrix`) VALUES ('DOVI87', 'FSZULY', 5, 1);
UPDATE `bv_updation` SET left_carry = left_carry+50, total_left = total_left+50
WHERE `user_id` = 'DOVI87';
INSERT INTO `placement_bv_update_history` (`left_carry`, `date`, `from_id`, `user_id`) VALUES ('50', '2024-10-01 12:12:29', 'FSZULY', 'DOVI87');
INSERT INTO `matrix_filling` (`placement_id`, `downline_id`, `level`, `matrix`) VALUES ('2DKJUD', 'FSZULY', 6, 1);
UPDATE `bv_updation` SET left_carry = left_carry+50, total_left = total_left+50
WHERE `user_id` = '2DKJUD';
INSERT INTO `placement_bv_update_history` (`left_carry`, `date`, `from_id`, `user_id`) VALUES ('50', '2024-10-01 12:12:29', 'FSZULY', '2DKJUD');
INSERT INTO `matrix_filling` (`placement_id`, `downline_id`, `level`, `matrix`) VALUES ('3F1L3D', 'FSZULY', 7, 1);
UPDATE `bv_updation` SET left_carry = left_carry+50, total_left = total_left+50
WHERE `user_id` = '3F1L3D';
INSERT INTO `placement_bv_update_history` (`left_carry`, `date`, `from_id`, `user_id`) VALUES ('50', '2024-10-01 12:12:29', 'FSZULY', '3F1L3D');
INSERT INTO `matrix_filling` (`placement_id`, `downline_id`, `level`, `matrix`) VALUES ('XYHOZ4', 'FSZULY', 8, 1);
UPDATE `bv_updation` SET left_carry = left_carry+50, total_left = total_left+50
WHERE `user_id` = 'XYHOZ4';
INSERT INTO `placement_bv_update_history` (`left_carry`, `date`, `from_id`, `user_id`) VALUES ('50', '2024-10-01 12:12:29', 'FSZULY', 'XYHOZ4');
INSERT INTO `matrix_filling` (`placement_id`, `downline_id`, `level`, `matrix`) VALUES ('FEFAEE', 'FSZULY', 9, 1);
UPDATE `bv_updation` SET left_carry = left_carry+50, total_left = total_left+50
WHERE `user_id` = 'FEFAEE';
INSERT INTO `placement_bv_update_history` (`left_carry`, `date`, `from_id`, `user_id`) VALUES ('50', '2024-10-01 12:12:29', 'FSZULY', 'FEFAEE');
INSERT INTO `matrix_filling` (`placement_id`, `downline_id`, `level`, `matrix`) VALUES ('S8QNVM', 'FSZULY', 10, 1);
UPDATE `bv_updation` SET left_carry = left_carry+50, total_left = total_left+50
WHERE `user_id` = 'S8QNVM';
INSERT INTO `placement_bv_update_history` (`left_carry`, `date`, `from_id`, `user_id`) VALUES ('50', '2024-10-01 12:12:29', 'FSZULY', 'S8QNVM');
INSERT INTO `matrix_filling` (`placement_id`, `downline_id`, `level`, `matrix`) VALUES ('TKWQIW', 'FSZULY', 11, 1);
UPDATE `bv_updation` SET left_carry = left_carry+50, total_left = total_left+50
WHERE `user_id` = 'TKWQIW';
INSERT INTO `placement_bv_update_history` (`left_carry`, `date`, `from_id`, `user_id`) VALUES ('50', '2024-10-01 12:12:29', 'FSZULY', 'TKWQIW');
INSERT INTO `matrix_filling` (`placement_id`, `downline_id`, `level`, `matrix`) VALUES ('ADZTOG', 'FSZULY', 12, 1);
UPDATE `bv_updation` SET left_carry = left_carry+50, total_left = total_left+50
WHERE `user_id` = 'ADZTOG';
INSERT INTO `placement_bv_update_history` (`left_carry`, `date`, `from_id`, `user_id`) VALUES ('50', '2024-10-01 12:12:29', 'FSZULY', 'ADZTOG');
UPDATE `bv_updation` SET sponsor_left_carry = sponsor_left_carry+50, sponsor_total_left = sponsor_total_left+50
WHERE `user_id` = 'ADZTOG';
INSERT INTO `sponsor_bv_update_history` (`left_carry`, `date`, `user_id`) VALUES ('50', '2024-10-01 12:12:29', 'ADZTOG');
INSERT INTO `matrix_filling` (`placement_id`, `downline_id`, `level`, `matrix`) VALUES ('A9858P', 'FSZULY', 13, 1);
UPDATE `bv_updation` SET right_carry = right_carry+50, total_right = total_right+50
WHERE `user_id` = 'A9858P';
INSERT INTO `placement_bv_update_history` (`right_carry`, `date`, `from_id`, `user_id`) VALUES ('50', '2024-10-01 12:12:29', 'FSZULY', 'A9858P');
INSERT INTO `matrix_filling` (`placement_id`, `downline_id`, `level`, `matrix`) VALUES ('admin', 'FSZULY', 14, 1);
UPDATE `bv_updation` SET right_carry = right_carry+50, total_right = total_right+50
WHERE `user_id` = 'admin';
INSERT INTO `placement_bv_update_history` (`right_carry`, `date`, `from_id`, `user_id`) VALUES ('50', '2024-10-01 12:12:29', 'FSZULY', 'admin');
INSERT INTO `package_purchase_history` (`user_id`, `package_id`, `reg_fee`, `package_name`, `monthly_fee`, `type`, `date`, `payment_option`) VALUES ('FSZULY', '2', '595', 'Traveler Pro', '150', 'sign_up', '2024-10-01 12:12:29', 'free');
UPDATE `user_registration` SET `uid` = '2073', `user_id` = 'VT4PXI', `username` = 'saida1', `sponsor_id` = 'ADZTOG', `vacant` = 'no', `f_name` = 'Saida', `l_name` = 'Ortega', `address` = '6520 Kendale Lakes Dr', `position` = 'right', `email` = 'saida1@gmail.com', `password` = '1c828722751f1cf7cdc118ba3718e398', `phone` = '3057610606', `country` = 'United States', `state` = 'Florida', `city` = 'Miami', `street` = '6520 Kendale Lakes Dr', `zip_code` = '33183', `reg_ip` = '172.70.54.31', `status` = 1, `package_id` = '2', `rank_id` = 1, `highest_rank` = 1, `cycle_rank_id` = 1, `created` = '2024-10-01 12:13:33', `subscription_date` = '2024-10-31', `google_secret` = 'WRB5N33BSQBGI25X'
WHERE `uid` = '2073';
INSERT INTO `user_registration` (`uid`, `user_id`, `username`, `sponsor_id`, `placement_id`, `vacant`, `f_name`, `l_name`, `address`, `position`, `email`, `password`, `phone`, `reg_ip`, `status`, `created`) VALUES (NULL, 'TJYXQX', 'FuQDRXue', 'VT4PXI', 'VT4PXI', 'yes', '', '', '', 'left', '@mail.com', '', '', '', 0, '2024-10-01 12:13:33');
INSERT INTO `user_registration` (`uid`, `user_id`, `username`, `sponsor_id`, `placement_id`, `vacant`, `f_name`, `l_name`, `address`, `position`, `email`, `password`, `phone`, `reg_ip`, `status`, `created`) VALUES (NULL, 'RHPMQO', 'ItecJzuC', 'VT4PXI', 'VT4PXI', 'yes', '', '', '', 'right', '@mail.com', '', '', '', 0, '2024-10-01 12:13:33');
INSERT INTO `bv_updation` (`user_id`) VALUES ('VT4PXI');
UPDATE `user_registration` SET total_ref_count = total_ref_count+1
WHERE `user_id` = 'ADZTOG';
UPDATE `user_registration` SET total_downlines = total_downlines+1
WHERE `user_id` = 'QKHYPY';
UPDATE `user_registration` SET right_downlines = right_downlines+1
WHERE `user_id` = 'QKHYPY';
UPDATE `user_registration` SET total_downlines = total_downlines+1
WHERE `user_id` = 'LN7PEK';
UPDATE `user_registration` SET right_downlines = right_downlines+1
WHERE `user_id` = 'LN7PEK';
UPDATE `user_registration` SET total_downlines = total_downlines+1
WHERE `user_id` = 'LYDDQ5';
UPDATE `user_registration` SET right_downlines = right_downlines+1
WHERE `user_id` = 'LYDDQ5';
UPDATE `user_registration` SET total_downlines = total_downlines+1
WHERE `user_id` = '6UO8TB';
UPDATE `user_registration` SET right_downlines = right_downlines+1
WHERE `user_id` = '6UO8TB';
UPDATE `user_registration` SET total_downlines = total_downlines+1
WHERE `user_id` = 'GPRO3Q';
UPDATE `user_registration` SET right_downlines = right_downlines+1
WHERE `user_id` = 'GPRO3Q';
UPDATE `user_registration` SET total_downlines = total_downlines+1
WHERE `user_id` = 'MBPRQB';
UPDATE `user_registration` SET right_downlines = right_downlines+1
WHERE `user_id` = 'MBPRQB';
UPDATE `user_registration` SET total_downlines = total_downlines+1
WHERE `user_id` = 'X1RH6U';
UPDATE `user_registration` SET right_downlines = right_downlines+1
WHERE `user_id` = 'X1RH6U';
UPDATE `user_registration` SET total_downlines = total_downlines+1
WHERE `user_id` = 'HHALCM';
UPDATE `user_registration` SET right_downlines = right_downlines+1
WHERE `user_id` = 'HHALCM';
UPDATE `user_registration` SET total_downlines = total_downlines+1
WHERE `user_id` = '7WQBA7';
UPDATE `user_registration` SET right_downlines = right_downlines+1
WHERE `user_id` = '7WQBA7';
UPDATE `user_registration` SET total_downlines = total_downlines+1
WHERE `user_id` = 'QPNZO1';
UPDATE `user_registration` SET right_downlines = right_downlines+1
WHERE `user_id` = 'QPNZO1';
UPDATE `user_registration` SET total_downlines = total_downlines+1
WHERE `user_id` = 'KCF78M';
UPDATE `user_registration` SET right_downlines = right_downlines+1
WHERE `user_id` = 'KCF78M';
UPDATE `user_registration` SET total_downlines = total_downlines+1
WHERE `user_id` = '7RY1ZP';
UPDATE `user_registration` SET right_downlines = right_downlines+1
WHERE `user_id` = '7RY1ZP';
UPDATE `user_registration` SET total_downlines = total_downlines+1
WHERE `user_id` = 'ADZTOG';
UPDATE `user_registration` SET right_downlines = right_downlines+1
WHERE `user_id` = 'ADZTOG';
UPDATE `user_registration` SET right_ref_count = right_ref_count+1
WHERE `user_id` = 'ADZTOG';
UPDATE `user_registration` SET active_right = active_right+1
WHERE `user_id` = 'ADZTOG';
UPDATE `user_registration` SET total_downlines = total_downlines+1
WHERE `user_id` = 'A9858P';
UPDATE `user_registration` SET right_downlines = right_downlines+1
WHERE `user_id` = 'A9858P';
UPDATE `user_registration` SET total_downlines = total_downlines+1
WHERE `user_id` = 'admin';
UPDATE `user_registration` SET right_downlines = right_downlines+1
WHERE `user_id` = 'admin';
INSERT INTO `investment` (`invest_date`, `user_id`, `type`, `amount`, `package_id`) VALUES ('2024-10-01 12:13:33', 'VT4PXI', 'register', '595', '2');
INSERT INTO `earnings` (`user_id`, `Purchaser_id`, `earning_type`, `package_id`, `amount`, `date`, `comments`, `invest_amount`, `comm_perc`, `level`, `rank_id`, `order_id`) VALUES ('ADZTOG', 'VT4PXI', 'Direct Referral Bonus', '2', '100', '2024-10-01 12:13:33', 'Direct Referral Bonus', 0, 0, 1, '', 31);
UPDATE `user_registration` SET commission_balance = ROUND(commission_balance + 100,2)
WHERE `user_id` = 'ADZTOG';
UPDATE `user_registration` SET referral_bonus = ROUND(referral_bonus + 100,2)
WHERE `user_id` = 'ADZTOG';
INSERT INTO `matrix_filling` (`placement_id`, `downline_id`, `level`, `matrix`) VALUES ('QKHYPY', 'VT4PXI', 1, 1);
UPDATE `bv_updation` SET right_carry = right_carry+50, total_right = total_right+50
WHERE `user_id` = 'QKHYPY';
INSERT INTO `placement_bv_update_history` (`right_carry`, `date`, `from_id`, `user_id`) VALUES ('50', '2024-10-01 12:13:33', 'VT4PXI', 'QKHYPY');
INSERT INTO `matrix_filling` (`placement_id`, `downline_id`, `level`, `matrix`) VALUES ('LN7PEK', 'VT4PXI', 2, 1);
UPDATE `bv_updation` SET right_carry = right_carry+50, total_right = total_right+50
WHERE `user_id` = 'LN7PEK';
INSERT INTO `placement_bv_update_history` (`right_carry`, `date`, `from_id`, `user_id`) VALUES ('50', '2024-10-01 12:13:33', 'VT4PXI', 'LN7PEK');
INSERT INTO `matrix_filling` (`placement_id`, `downline_id`, `level`, `matrix`) VALUES ('LYDDQ5', 'VT4PXI', 3, 1);
UPDATE `bv_updation` SET right_carry = right_carry+50, total_right = total_right+50
WHERE `user_id` = 'LYDDQ5';
INSERT INTO `placement_bv_update_history` (`right_carry`, `date`, `from_id`, `user_id`) VALUES ('50', '2024-10-01 12:13:33', 'VT4PXI', 'LYDDQ5');
INSERT INTO `matrix_filling` (`placement_id`, `downline_id`, `level`, `matrix`) VALUES ('6UO8TB', 'VT4PXI', 4, 1);
UPDATE `bv_updation` SET right_carry = right_carry+50, total_right = total_right+50
WHERE `user_id` = '6UO8TB';
INSERT INTO `placement_bv_update_history` (`right_carry`, `date`, `from_id`, `user_id`) VALUES ('50', '2024-10-01 12:13:33', 'VT4PXI', '6UO8TB');
INSERT INTO `matrix_filling` (`placement_id`, `downline_id`, `level`, `matrix`) VALUES ('GPRO3Q', 'VT4PXI', 5, 1);
UPDATE `bv_updation` SET right_carry = right_carry+50, total_right = total_right+50
WHERE `user_id` = 'GPRO3Q';
INSERT INTO `placement_bv_update_history` (`right_carry`, `date`, `from_id`, `user_id`) VALUES ('50', '2024-10-01 12:13:33', 'VT4PXI', 'GPRO3Q');
INSERT INTO `matrix_filling` (`placement_id`, `downline_id`, `level`, `matrix`) VALUES ('MBPRQB', 'VT4PXI', 6, 1);
UPDATE `bv_updation` SET right_carry = right_carry+50, total_right = total_right+50
WHERE `user_id` = 'MBPRQB';
INSERT INTO `placement_bv_update_history` (`right_carry`, `date`, `from_id`, `user_id`) VALUES ('50', '2024-10-01 12:13:33', 'VT4PXI', 'MBPRQB');
INSERT INTO `matrix_filling` (`placement_id`, `downline_id`, `level`, `matrix`) VALUES ('X1RH6U', 'VT4PXI', 7, 1);
UPDATE `bv_updation` SET right_carry = right_carry+50, total_right = total_right+50
WHERE `user_id` = 'X1RH6U';
INSERT INTO `placement_bv_update_history` (`right_carry`, `date`, `from_id`, `user_id`) VALUES ('50', '2024-10-01 12:13:33', 'VT4PXI', 'X1RH6U');
INSERT INTO `matrix_filling` (`placement_id`, `downline_id`, `level`, `matrix`) VALUES ('HHALCM', 'VT4PXI', 8, 1);
UPDATE `bv_updation` SET right_carry = right_carry+50, total_right = total_right+50
WHERE `user_id` = 'HHALCM';
INSERT INTO `placement_bv_update_history` (`right_carry`, `date`, `from_id`, `user_id`) VALUES ('50', '2024-10-01 12:13:33', 'VT4PXI', 'HHALCM');
INSERT INTO `matrix_filling` (`placement_id`, `downline_id`, `level`, `matrix`) VALUES ('7WQBA7', 'VT4PXI', 9, 1);
UPDATE `bv_updation` SET right_carry = right_carry+50, total_right = total_right+50
WHERE `user_id` = '7WQBA7';
INSERT INTO `placement_bv_update_history` (`right_carry`, `date`, `from_id`, `user_id`) VALUES ('50', '2024-10-01 12:13:33', 'VT4PXI', '7WQBA7');
INSERT INTO `matrix_filling` (`placement_id`, `downline_id`, `level`, `matrix`) VALUES ('QPNZO1', 'VT4PXI', 10, 1);
UPDATE `bv_updation` SET right_carry = right_carry+50, total_right = total_right+50
WHERE `user_id` = 'QPNZO1';
INSERT INTO `placement_bv_update_history` (`right_carry`, `date`, `from_id`, `user_id`) VALUES ('50', '2024-10-01 12:13:33', 'VT4PXI', 'QPNZO1');
INSERT INTO `matrix_filling` (`placement_id`, `downline_id`, `level`, `matrix`) VALUES ('KCF78M', 'VT4PXI', 11, 1);
UPDATE `bv_updation` SET right_carry = right_carry+50, total_right = total_right+50
WHERE `user_id` = 'KCF78M';
INSERT INTO `placement_bv_update_history` (`right_carry`, `date`, `from_id`, `user_id`) VALUES ('50', '2024-10-01 12:13:33', 'VT4PXI', 'KCF78M');
INSERT INTO `matrix_filling` (`placement_id`, `downline_id`, `level`, `matrix`) VALUES ('7RY1ZP', 'VT4PXI', 12, 1);
UPDATE `bv_updation` SET right_carry = right_carry+50, total_right = total_right+50
WHERE `user_id` = '7RY1ZP';
INSERT INTO `placement_bv_update_history` (`right_carry`, `date`, `from_id`, `user_id`) VALUES ('50', '2024-10-01 12:13:33', 'VT4PXI', '7RY1ZP');
INSERT INTO `matrix_filling` (`placement_id`, `downline_id`, `level`, `matrix`) VALUES ('ADZTOG', 'VT4PXI', 13, 1);
UPDATE `bv_updation` SET right_carry = right_carry+50, total_right = total_right+50
WHERE `user_id` = 'ADZTOG';
INSERT INTO `placement_bv_update_history` (`right_carry`, `date`, `from_id`, `user_id`) VALUES ('50', '2024-10-01 12:13:33', 'VT4PXI', 'ADZTOG');
UPDATE `bv_updation` SET sponsor_right_carry = sponsor_right_carry+50, sponsor_total_right = sponsor_total_right+50
WHERE `user_id` = 'ADZTOG';
INSERT INTO `sponsor_bv_update_history` (`right_carry`, `date`, `user_id`) VALUES ('50', '2024-10-01 12:13:33', 'ADZTOG');
INSERT INTO `matrix_filling` (`placement_id`, `downline_id`, `level`, `matrix`) VALUES ('A9858P', 'VT4PXI', 14, 1);
UPDATE `bv_updation` SET right_carry = right_carry+50, total_right = total_right+50
WHERE `user_id` = 'A9858P';
INSERT INTO `placement_bv_update_history` (`right_carry`, `date`, `from_id`, `user_id`) VALUES ('50', '2024-10-01 12:13:33', 'VT4PXI', 'A9858P');
INSERT INTO `matrix_filling` (`placement_id`, `downline_id`, `level`, `matrix`) VALUES ('admin', 'VT4PXI', 15, 1);
UPDATE `bv_updation` SET right_carry = right_carry+50, total_right = total_right+50
WHERE `user_id` = 'admin';
INSERT INTO `placement_bv_update_history` (`right_carry`, `date`, `from_id`, `user_id`) VALUES ('50', '2024-10-01 12:13:33', 'VT4PXI', 'admin');
INSERT INTO `package_purchase_history` (`user_id`, `package_id`, `reg_fee`, `package_name`, `monthly_fee`, `type`, `date`, `payment_option`) VALUES ('VT4PXI', '2', '595', 'Traveler Pro', '150', 'sign_up', '2024-10-01 12:13:33', 'free');
UPDATE `ci_sessions` SET `timestamp` = 1727802899, `data` = '__ci_last_regenerate|i:1727802899;id|s:4:\"2023\";user_id|s:6:\"ADZTOG\";username|s:7:\"rafael1\";sponsor_id|s:6:\"A9858P\";fullname|s:16:\"Rafael Rodriguez\";email|s:17:\"rafael1@gmail.com\";phone|s:10:\"3057610606\";isLogIn|b:1;'
WHERE `id` = 'a1c6da75eb7b218c678faf8ba99eac90ed001885';
UPDATE `user_registration` SET `uid` = '2074', `user_id` = 'A97X6P', `username` = 'teodomira1', `sponsor_id` = 'ADZTOG', `vacant` = 'no', `f_name` = 'Teodomira', `l_name` = 'Dominguez', `address` = '6520 Kendale Lakes Dr', `position` = 'left', `email` = 'teodomira1@gmail.com', `password` = '094a1ba11d9579b4851e7886c55d2715', `phone` = '3057610606', `country` = 'United States', `state` = 'Florida', `city` = 'Miami', `street` = '6520 Kendale Lakes Dr', `zip_code` = '33183', `reg_ip` = '172.70.54.31', `status` = 1, `package_id` = '2', `rank_id` = 1, `highest_rank` = 1, `cycle_rank_id` = 1, `created` = '2024-10-01 12:14:59', `subscription_date` = '2024-10-31', `google_secret` = 'UOETBGFWZ4OUE65I'
WHERE `uid` = '2074';
INSERT INTO `user_registration` (`uid`, `user_id`, `username`, `sponsor_id`, `placement_id`, `vacant`, `f_name`, `l_name`, `address`, `position`, `email`, `password`, `phone`, `reg_ip`, `status`, `created`) VALUES (NULL, 'KZDROK', 'sLOvtfnI', 'A97X6P', 'A97X6P', 'yes', '', '', '', 'left', '@mail.com', '', '', '', 0, '2024-10-01 12:14:59');
INSERT INTO `user_registration` (`uid`, `user_id`, `username`, `sponsor_id`, `placement_id`, `vacant`, `f_name`, `l_name`, `address`, `position`, `email`, `password`, `phone`, `reg_ip`, `status`, `created`) VALUES (NULL, 'JFTHGL', 'FlWVaUJE', 'A97X6P', 'A97X6P', 'yes', '', '', '', 'right', '@mail.com', '', '', '', 0, '2024-10-01 12:14:59');
INSERT INTO `bv_updation` (`user_id`) VALUES ('A97X6P');
UPDATE `user_registration` SET total_ref_count = total_ref_count+1
WHERE `user_id` = 'ADZTOG';
UPDATE `user_registration` SET total_downlines = total_downlines+1
WHERE `user_id` = 'FSZULY';
UPDATE `user_registration` SET left_downlines = left_downlines+1
WHERE `user_id` = 'FSZULY';
UPDATE `user_registration` SET total_downlines = total_downlines+1
WHERE `user_id` = 'QCAQPF';
UPDATE `user_registration` SET left_downlines = left_downlines+1
WHERE `user_id` = 'QCAQPF';
UPDATE `user_registration` SET total_downlines = total_downlines+1
WHERE `user_id` = '2HJKJ8';
UPDATE `user_registration` SET left_downlines = left_downlines+1
WHERE `user_id` = '2HJKJ8';
UPDATE `user_registration` SET total_downlines = total_downlines+1
WHERE `user_id` = 'TAOC9S';
UPDATE `user_registration` SET left_downlines = left_downlines+1
WHERE `user_id` = 'TAOC9S';
UPDATE `user_registration` SET total_downlines = total_downlines+1
WHERE `user_id` = 'FJ73DP';
UPDATE `user_registration` SET left_downlines = left_downlines+1
WHERE `user_id` = 'FJ73DP';
UPDATE `user_registration` SET total_downlines = total_downlines+1
WHERE `user_id` = 'DOVI87';
UPDATE `user_registration` SET left_downlines = left_downlines+1
WHERE `user_id` = 'DOVI87';
UPDATE `user_registration` SET total_downlines = total_downlines+1
WHERE `user_id` = '2DKJUD';
UPDATE `user_registration` SET left_downlines = left_downlines+1
WHERE `user_id` = '2DKJUD';
UPDATE `user_registration` SET total_downlines = total_downlines+1
WHERE `user_id` = '3F1L3D';
UPDATE `user_registration` SET left_downlines = left_downlines+1
WHERE `user_id` = '3F1L3D';
UPDATE `user_registration` SET total_downlines = total_downlines+1
WHERE `user_id` = 'XYHOZ4';
UPDATE `user_registration` SET left_downlines = left_downlines+1
WHERE `user_id` = 'XYHOZ4';
UPDATE `user_registration` SET total_downlines = total_downlines+1
WHERE `user_id` = 'FEFAEE';
UPDATE `user_registration` SET left_downlines = left_downlines+1
WHERE `user_id` = 'FEFAEE';
UPDATE `user_registration` SET total_downlines = total_downlines+1
WHERE `user_id` = 'S8QNVM';
UPDATE `user_registration` SET left_downlines = left_downlines+1
WHERE `user_id` = 'S8QNVM';
UPDATE `user_registration` SET total_downlines = total_downlines+1
WHERE `user_id` = 'TKWQIW';
UPDATE `user_registration` SET left_downlines = left_downlines+1
WHERE `user_id` = 'TKWQIW';
UPDATE `user_registration` SET total_downlines = total_downlines+1
WHERE `user_id` = 'ADZTOG';
UPDATE `user_registration` SET left_downlines = left_downlines+1
WHERE `user_id` = 'ADZTOG';
UPDATE `user_registration` SET left_ref_count = left_ref_count+1
WHERE `user_id` = 'ADZTOG';
UPDATE `user_registration` SET active_left = active_left+1
WHERE `user_id` = 'ADZTOG';
UPDATE `user_registration` SET total_downlines = total_downlines+1
WHERE `user_id` = 'A9858P';
UPDATE `user_registration` SET right_downlines = right_downlines+1
WHERE `user_id` = 'A9858P';
UPDATE `user_registration` SET total_downlines = total_downlines+1
WHERE `user_id` = 'admin';
UPDATE `user_registration` SET right_downlines = right_downlines+1
WHERE `user_id` = 'admin';
INSERT INTO `investment` (`invest_date`, `user_id`, `type`, `amount`, `package_id`) VALUES ('2024-10-01 12:14:59', 'A97X6P', 'register', '595', '2');
INSERT INTO `earnings` (`user_id`, `Purchaser_id`, `earning_type`, `package_id`, `amount`, `date`, `comments`, `invest_amount`, `comm_perc`, `level`, `rank_id`, `order_id`) VALUES ('ADZTOG', 'A97X6P', 'Direct Referral Bonus', '2', '100', '2024-10-01 12:14:59', 'Direct Referral Bonus', 0, 0, 1, '', 32);
UPDATE `user_registration` SET commission_balance = ROUND(commission_balance + 100,2)
WHERE `user_id` = 'ADZTOG';
UPDATE `user_registration` SET referral_bonus = ROUND(referral_bonus + 100,2)
WHERE `user_id` = 'ADZTOG';
INSERT INTO `matrix_filling` (`placement_id`, `downline_id`, `level`, `matrix`) VALUES ('FSZULY', 'A97X6P', 1, 1);
UPDATE `bv_updation` SET left_carry = left_carry+50, total_left = total_left+50
WHERE `user_id` = 'FSZULY';
INSERT INTO `placement_bv_update_history` (`left_carry`, `date`, `from_id`, `user_id`) VALUES ('50', '2024-10-01 12:14:59', 'A97X6P', 'FSZULY');
INSERT INTO `matrix_filling` (`placement_id`, `downline_id`, `level`, `matrix`) VALUES ('QCAQPF', 'A97X6P', 2, 1);
UPDATE `bv_updation` SET left_carry = left_carry+50, total_left = total_left+50
WHERE `user_id` = 'QCAQPF';
INSERT INTO `placement_bv_update_history` (`left_carry`, `date`, `from_id`, `user_id`) VALUES ('50', '2024-10-01 12:14:59', 'A97X6P', 'QCAQPF');
INSERT INTO `matrix_filling` (`placement_id`, `downline_id`, `level`, `matrix`) VALUES ('2HJKJ8', 'A97X6P', 3, 1);
UPDATE `bv_updation` SET left_carry = left_carry+50, total_left = total_left+50
WHERE `user_id` = '2HJKJ8';
INSERT INTO `placement_bv_update_history` (`left_carry`, `date`, `from_id`, `user_id`) VALUES ('50', '2024-10-01 12:14:59', 'A97X6P', '2HJKJ8');
INSERT INTO `matrix_filling` (`placement_id`, `downline_id`, `level`, `matrix`) VALUES ('TAOC9S', 'A97X6P', 4, 1);
UPDATE `bv_updation` SET left_carry = left_carry+50, total_left = total_left+50
WHERE `user_id` = 'TAOC9S';
INSERT INTO `placement_bv_update_history` (`left_carry`, `date`, `from_id`, `user_id`) VALUES ('50', '2024-10-01 12:14:59', 'A97X6P', 'TAOC9S');
INSERT INTO `matrix_filling` (`placement_id`, `downline_id`, `level`, `matrix`) VALUES ('FJ73DP', 'A97X6P', 5, 1);
UPDATE `bv_updation` SET left_carry = left_carry+50, total_left = total_left+50
WHERE `user_id` = 'FJ73DP';
INSERT INTO `placement_bv_update_history` (`left_carry`, `date`, `from_id`, `user_id`) VALUES ('50', '2024-10-01 12:14:59', 'A97X6P', 'FJ73DP');
INSERT INTO `matrix_filling` (`placement_id`, `downline_id`, `level`, `matrix`) VALUES ('DOVI87', 'A97X6P', 6, 1);
UPDATE `bv_updation` SET left_carry = left_carry+50, total_left = total_left+50
WHERE `user_id` = 'DOVI87';
INSERT INTO `placement_bv_update_history` (`left_carry`, `date`, `from_id`, `user_id`) VALUES ('50', '2024-10-01 12:14:59', 'A97X6P', 'DOVI87');
INSERT INTO `matrix_filling` (`placement_id`, `downline_id`, `level`, `matrix`) VALUES ('2DKJUD', 'A97X6P', 7, 1);
UPDATE `bv_updation` SET left_carry = left_carry+50, total_left = total_left+50
WHERE `user_id` = '2DKJUD';
INSERT INTO `placement_bv_update_history` (`left_carry`, `date`, `from_id`, `user_id`) VALUES ('50', '2024-10-01 12:14:59', 'A97X6P', '2DKJUD');
INSERT INTO `matrix_filling` (`placement_id`, `downline_id`, `level`, `matrix`) VALUES ('3F1L3D', 'A97X6P', 8, 1);
UPDATE `bv_updation` SET left_carry = left_carry+50, total_left = total_left+50
WHERE `user_id` = '3F1L3D';
INSERT INTO `placement_bv_update_history` (`left_carry`, `date`, `from_id`, `user_id`) VALUES ('50', '2024-10-01 12:14:59', 'A97X6P', '3F1L3D');
INSERT INTO `matrix_filling` (`placement_id`, `downline_id`, `level`, `matrix`) VALUES ('XYHOZ4', 'A97X6P', 9, 1);
UPDATE `bv_updation` SET left_carry = left_carry+50, total_left = total_left+50
WHERE `user_id` = 'XYHOZ4';
INSERT INTO `placement_bv_update_history` (`left_carry`, `date`, `from_id`, `user_id`) VALUES ('50', '2024-10-01 12:14:59', 'A97X6P', 'XYHOZ4');
INSERT INTO `matrix_filling` (`placement_id`, `downline_id`, `level`, `matrix`) VALUES ('FEFAEE', 'A97X6P', 10, 1);
UPDATE `bv_updation` SET left_carry = left_carry+50, total_left = total_left+50
WHERE `user_id` = 'FEFAEE';
INSERT INTO `placement_bv_update_history` (`left_carry`, `date`, `from_id`, `user_id`) VALUES ('50', '2024-10-01 12:14:59', 'A97X6P', 'FEFAEE');
INSERT INTO `matrix_filling` (`placement_id`, `downline_id`, `level`, `matrix`) VALUES ('S8QNVM', 'A97X6P', 11, 1);
UPDATE `bv_updation` SET left_carry = left_carry+50, total_left = total_left+50
WHERE `user_id` = 'S8QNVM';
INSERT INTO `placement_bv_update_history` (`left_carry`, `date`, `from_id`, `user_id`) VALUES ('50', '2024-10-01 12:14:59', 'A97X6P', 'S8QNVM');
INSERT INTO `matrix_filling` (`placement_id`, `downline_id`, `level`, `matrix`) VALUES ('TKWQIW', 'A97X6P', 12, 1);
UPDATE `bv_updation` SET left_carry = left_carry+50, total_left = total_left+50
WHERE `user_id` = 'TKWQIW';
INSERT INTO `placement_bv_update_history` (`left_carry`, `date`, `from_id`, `user_id`) VALUES ('50', '2024-10-01 12:14:59', 'A97X6P', 'TKWQIW');
INSERT INTO `matrix_filling` (`placement_id`, `downline_id`, `level`, `matrix`) VALUES ('ADZTOG', 'A97X6P', 13, 1);
UPDATE `bv_updation` SET left_carry = left_carry+50, total_left = total_left+50
WHERE `user_id` = 'ADZTOG';
INSERT INTO `placement_bv_update_history` (`left_carry`, `date`, `from_id`, `user_id`) VALUES ('50', '2024-10-01 12:14:59', 'A97X6P', 'ADZTOG');
UPDATE `bv_updation` SET sponsor_left_carry = sponsor_left_carry+50, sponsor_total_left = sponsor_total_left+50
WHERE `user_id` = 'ADZTOG';
INSERT INTO `sponsor_bv_update_history` (`left_carry`, `date`, `user_id`) VALUES ('50', '2024-10-01 12:14:59', 'ADZTOG');
INSERT INTO `matrix_filling` (`placement_id`, `downline_id`, `level`, `matrix`) VALUES ('A9858P', 'A97X6P', 14, 1);
UPDATE `bv_updation` SET right_carry = right_carry+50, total_right = total_right+50
WHERE `user_id` = 'A9858P';
INSERT INTO `placement_bv_update_history` (`right_carry`, `date`, `from_id`, `user_id`) VALUES ('50', '2024-10-01 12:14:59', 'A97X6P', 'A9858P');
INSERT INTO `matrix_filling` (`placement_id`, `downline_id`, `level`, `matrix`) VALUES ('admin', 'A97X6P', 15, 1);
UPDATE `bv_updation` SET right_carry = right_carry+50, total_right = total_right+50
WHERE `user_id` = 'admin';
INSERT INTO `placement_bv_update_history` (`right_carry`, `date`, `from_id`, `user_id`) VALUES ('50', '2024-10-01 12:14:59', 'A97X6P', 'admin');
INSERT INTO `package_purchase_history` (`user_id`, `package_id`, `reg_fee`, `package_name`, `monthly_fee`, `type`, `date`, `payment_option`) VALUES ('A97X6P', '2', '595', 'Traveler Pro', '150', 'sign_up', '2024-10-01 12:14:59', 'free');
UPDATE `user_registration` SET `uid` = '2077', `user_id` = 'Z6E2C9', `username` = 'aurorita1', `sponsor_id` = 'ADZTOG', `vacant` = 'no', `f_name` = 'Aurora', `l_name` = 'Finalé', `address` = '6520 Kendale Lakes Dr', `position` = 'right', `email` = 'aurorita1@gmail.com', `password` = '7f4914f213ff9a13bd5706cde091f546', `phone` = '3057610606', `country` = 'United States', `state` = 'Florida', `city` = 'Miami', `street` = '6520 Kendale Lakes Dr', `zip_code` = '33183', `reg_ip` = '172.70.55.8', `status` = 1, `package_id` = '2', `rank_id` = 1, `highest_rank` = 1, `cycle_rank_id` = 1, `created` = '2024-10-01 12:16:24', `subscription_date` = '2024-10-31', `google_secret` = '4G5WKJOWYFWIAXMK'
WHERE `uid` = '2077';
INSERT INTO `user_registration` (`uid`, `user_id`, `username`, `sponsor_id`, `placement_id`, `vacant`, `f_name`, `l_name`, `address`, `position`, `email`, `password`, `phone`, `reg_ip`, `status`, `created`) VALUES (NULL, 'TLMVDJ', 'KLmySmgq', 'Z6E2C9', 'Z6E2C9', 'yes', '', '', '', 'left', '@mail.com', '', '', '', 0, '2024-10-01 12:16:24');
INSERT INTO `user_registration` (`uid`, `user_id`, `username`, `sponsor_id`, `placement_id`, `vacant`, `f_name`, `l_name`, `address`, `position`, `email`, `password`, `phone`, `reg_ip`, `status`, `created`) VALUES (NULL, 'IFEQED', 'zQzEficZ', 'Z6E2C9', 'Z6E2C9', 'yes', '', '', '', 'right', '@mail.com', '', '', '', 0, '2024-10-01 12:16:24');
INSERT INTO `bv_updation` (`user_id`) VALUES ('Z6E2C9');
UPDATE `user_registration` SET total_ref_count = total_ref_count+1
WHERE `user_id` = 'ADZTOG';
UPDATE `user_registration` SET total_downlines = total_downlines+1
WHERE `user_id` = 'VT4PXI';
UPDATE `user_registration` SET right_downlines = right_downlines+1
WHERE `user_id` = 'VT4PXI';
UPDATE `user_registration` SET total_downlines = total_downlines+1
WHERE `user_id` = 'QKHYPY';
UPDATE `user_registration` SET right_downlines = right_downlines+1
WHERE `user_id` = 'QKHYPY';
UPDATE `user_registration` SET total_downlines = total_downlines+1
WHERE `user_id` = 'LN7PEK';
UPDATE `user_registration` SET right_downlines = right_downlines+1
WHERE `user_id` = 'LN7PEK';
UPDATE `user_registration` SET total_downlines = total_downlines+1
WHERE `user_id` = 'LYDDQ5';
UPDATE `user_registration` SET right_downlines = right_downlines+1
WHERE `user_id` = 'LYDDQ5';
UPDATE `user_registration` SET total_downlines = total_downlines+1
WHERE `user_id` = '6UO8TB';
UPDATE `user_registration` SET right_downlines = right_downlines+1
WHERE `user_id` = '6UO8TB';
UPDATE `user_registration` SET total_downlines = total_downlines+1
WHERE `user_id` = 'GPRO3Q';
UPDATE `user_registration` SET right_downlines = right_downlines+1
WHERE `user_id` = 'GPRO3Q';
UPDATE `user_registration` SET total_downlines = total_downlines+1
WHERE `user_id` = 'MBPRQB';
UPDATE `user_registration` SET right_downlines = right_downlines+1
WHERE `user_id` = 'MBPRQB';
UPDATE `user_registration` SET total_downlines = total_downlines+1
WHERE `user_id` = 'X1RH6U';
UPDATE `user_registration` SET right_downlines = right_downlines+1
WHERE `user_id` = 'X1RH6U';
UPDATE `user_registration` SET total_downlines = total_downlines+1
WHERE `user_id` = 'HHALCM';
UPDATE `user_registration` SET right_downlines = right_downlines+1
WHERE `user_id` = 'HHALCM';
UPDATE `user_registration` SET total_downlines = total_downlines+1
WHERE `user_id` = '7WQBA7';
UPDATE `user_registration` SET right_downlines = right_downlines+1
WHERE `user_id` = '7WQBA7';
UPDATE `user_registration` SET total_downlines = total_downlines+1
WHERE `user_id` = 'QPNZO1';
UPDATE `user_registration` SET right_downlines = right_downlines+1
WHERE `user_id` = 'QPNZO1';
UPDATE `user_registration` SET total_downlines = total_downlines+1
WHERE `user_id` = 'KCF78M';
UPDATE `user_registration` SET right_downlines = right_downlines+1
WHERE `user_id` = 'KCF78M';
UPDATE `user_registration` SET total_downlines = total_downlines+1
WHERE `user_id` = '7RY1ZP';
UPDATE `user_registration` SET right_downlines = right_downlines+1
WHERE `user_id` = '7RY1ZP';
UPDATE `user_registration` SET total_downlines = total_downlines+1
WHERE `user_id` = 'ADZTOG';
UPDATE `user_registration` SET right_downlines = right_downlines+1
WHERE `user_id` = 'ADZTOG';
UPDATE `user_registration` SET right_ref_count = right_ref_count+1
WHERE `user_id` = 'ADZTOG';
UPDATE `user_registration` SET active_right = active_right+1
WHERE `user_id` = 'ADZTOG';
UPDATE `user_registration` SET total_downlines = total_downlines+1
WHERE `user_id` = 'A9858P';
UPDATE `user_registration` SET right_downlines = right_downlines+1
WHERE `user_id` = 'A9858P';
UPDATE `user_registration` SET total_downlines = total_downlines+1
WHERE `user_id` = 'admin';
UPDATE `user_registration` SET right_downlines = right_downlines+1
WHERE `user_id` = 'admin';
INSERT INTO `investment` (`invest_date`, `user_id`, `type`, `amount`, `package_id`) VALUES ('2024-10-01 12:16:24', 'Z6E2C9', 'register', '595', '2');
INSERT INTO `earnings` (`user_id`, `Purchaser_id`, `earning_type`, `package_id`, `amount`, `date`, `comments`, `invest_amount`, `comm_perc`, `level`, `rank_id`, `order_id`) VALUES ('ADZTOG', 'Z6E2C9', 'Direct Referral Bonus', '2', '100', '2024-10-01 12:16:24', 'Direct Referral Bonus', 0, 0, 1, '', 33);
UPDATE `user_registration` SET commission_balance = ROUND(commission_balance + 100,2)
WHERE `user_id` = 'ADZTOG';
UPDATE `user_registration` SET referral_bonus = ROUND(referral_bonus + 100,2)
WHERE `user_id` = 'ADZTOG';
INSERT INTO `matrix_filling` (`placement_id`, `downline_id`, `level`, `matrix`) VALUES ('VT4PXI', 'Z6E2C9', 1, 1);
UPDATE `bv_updation` SET right_carry = right_carry+50, total_right = total_right+50
WHERE `user_id` = 'VT4PXI';
INSERT INTO `placement_bv_update_history` (`right_carry`, `date`, `from_id`, `user_id`) VALUES ('50', '2024-10-01 12:16:24', 'Z6E2C9', 'VT4PXI');
INSERT INTO `matrix_filling` (`placement_id`, `downline_id`, `level`, `matrix`) VALUES ('QKHYPY', 'Z6E2C9', 2, 1);
UPDATE `bv_updation` SET right_carry = right_carry+50, total_right = total_right+50
WHERE `user_id` = 'QKHYPY';
INSERT INTO `placement_bv_update_history` (`right_carry`, `date`, `from_id`, `user_id`) VALUES ('50', '2024-10-01 12:16:24', 'Z6E2C9', 'QKHYPY');
INSERT INTO `matrix_filling` (`placement_id`, `downline_id`, `level`, `matrix`) VALUES ('LN7PEK', 'Z6E2C9', 3, 1);
UPDATE `bv_updation` SET right_carry = right_carry+50, total_right = total_right+50
WHERE `user_id` = 'LN7PEK';
INSERT INTO `placement_bv_update_history` (`right_carry`, `date`, `from_id`, `user_id`) VALUES ('50', '2024-10-01 12:16:24', 'Z6E2C9', 'LN7PEK');
INSERT INTO `matrix_filling` (`placement_id`, `downline_id`, `level`, `matrix`) VALUES ('LYDDQ5', 'Z6E2C9', 4, 1);
UPDATE `bv_updation` SET right_carry = right_carry+50, total_right = total_right+50
WHERE `user_id` = 'LYDDQ5';
INSERT INTO `placement_bv_update_history` (`right_carry`, `date`, `from_id`, `user_id`) VALUES ('50', '2024-10-01 12:16:24', 'Z6E2C9', 'LYDDQ5');
INSERT INTO `matrix_filling` (`placement_id`, `downline_id`, `level`, `matrix`) VALUES ('6UO8TB', 'Z6E2C9', 5, 1);
UPDATE `bv_updation` SET right_carry = right_carry+50, total_right = total_right+50
WHERE `user_id` = '6UO8TB';
INSERT INTO `placement_bv_update_history` (`right_carry`, `date`, `from_id`, `user_id`) VALUES ('50', '2024-10-01 12:16:24', 'Z6E2C9', '6UO8TB');
INSERT INTO `matrix_filling` (`placement_id`, `downline_id`, `level`, `matrix`) VALUES ('GPRO3Q', 'Z6E2C9', 6, 1);
UPDATE `bv_updation` SET right_carry = right_carry+50, total_right = total_right+50
WHERE `user_id` = 'GPRO3Q';
INSERT INTO `placement_bv_update_history` (`right_carry`, `date`, `from_id`, `user_id`) VALUES ('50', '2024-10-01 12:16:24', 'Z6E2C9', 'GPRO3Q');
