UPDATE `admin` SET `last_logout` = '2024-11-24 21:57:11'
WHERE `id` IS NULL;
DELETE FROM `ci_sessions`
WHERE `id` = '5c6afdaa4857c9dec8f10734566f8dd2bde3dc86';
UPDATE `admin` SET `last_login` = '2024-11-24 21:57:27', `ip_address` = '108.162.212.158'
WHERE `id` = '1';
INSERT INTO `product` (`product_id`, `product_name`, `product_amount`, `product_value`, `product_point`, `product_details`, `phone`, `address`, `category`, `status`, `date`, `product_image`) VALUES ('', 'Miami 5D/4N', '150', '150', '75', '<p><span style=\"color:rgb(0,0,0);\">\r\nMiami is a dynamic city known for its stunning beaches, vibrant nightlife, and diverse culture. From the art deco charm of South Beach to world-class dining and shopping, Miami offers an unforgettable tropical getaway.</span></p><p><span style=\"color:rgb(0,0,0);\"><strong>Timeshare: 3 days / 2 nights</strong></span></p><p><span style=\"color:rgb(0,0,0);\"><strong>Cost: $150</strong></span></p>', 'N/A', 'N/A', 'travel', 1, '2024-11-24 22:00:19', NULL);
INSERT INTO `product_country` (`product_id`, `country`, `state`, `image`) VALUES (1, '223', '4252', 'upload/reward_image/8554e64c3c18d50953288de013a274ce.png');
INSERT INTO `country_library` (`product_id`, `country`, `state`, `image`) VALUES (1, '223', '4252', 'upload/reward_image/8554e64c3c18d50953288de013a274ce.png');
UPDATE `product` SET `product_image` = 'upload/reward_image/8554e64c3c18d50953288de013a274ce.png'
WHERE `product_id` = 1;
INSERT INTO `login_history` (`user_id`, `device`, `ip_address`, `date`) VALUES ('admin', 'Mozilla/5.0 (Windows NT 10.0; Win64; x64) AppleWebKit/537.36 (KHTML, like Gecko) Chrome/128.0.0.0 Safari/537.36 OPR/114.0.0.0', '172.70.82.254', '24-11-24 22:00');
UPDATE `user_registration` SET `popup_seen` = 'yes'
WHERE `user_id` = 'admin';
UPDATE `product` SET `product_id` = '1', `product_name` = 'Visit beautiful Miami 5D/4N', `product_amount` = '150', `product_value` = '150', `product_point` = '75', `product_details` = '<p><span style=\"color:rgb(0,0,0);\">Miami is a dynamic city known for its stunning beaches, vibrant nightlife, and diverse culture. From the art deco charm of South Beach to world-class dining and shopping, Miami offers an unforgettable tropical getaway.</span></p><p><span style=\"color:rgb(0,0,0);\"><strong>Timeshare: 3 days / 2 nights</strong></span></p><p><span style=\"color:rgb(0,0,0);\"><strong>Cost: $150</strong></span></p>', `phone` = 'N/A', `address` = 'N/A', `category` = 'travel', `status` = 1, `date` = '2024-11-24 22:02:01', `product_image` = 'upload/reward_image/8554e64c3c18d50953288de013a274ce.png'
WHERE `product_id` = '1';
UPDATE `ci_sessions` SET `timestamp` = 1732507346, `data` = '__ci_last_regenerate|i:1732507346;isLogIn|b:1;isAdmin|b:1;id|s:1:\"1\";fullname|s:11:\"admin admin\";user_level|s:5:\"Admin\";email|s:15:\"admin@admin.com\";image|s:53:\"upload/settings/4a1f1b602322adb837a7a3547ee69cf3.jpeg\";last_login|s:19:\"2024-11-24 19:25:01\";last_logout|s:19:\"2024-11-20 23:51:35\";ip_address|s:14:\"172.70.255.237\";message|s:20:\"Update Successfully!\";__ci_vars|a:1:{s:7:\"message\";s:3:\"old\";}'
WHERE `id` = 'afcd60dff63dd388995fbda87effd47ead3b43fd';
UPDATE `setting` SET `setting_id` = 1, `reg_fee` = NULL, `month_fee` = NULL, `conversion_points` = '1', `global_pool_bonus` = '1000', `welcome_pack_title` = 'Welcome Packge', `welcome_pack_description` = '<p>We&rsquo;re thrilled to have you with us! As a member, you unlock exclusive savings on trips, vacations, and activities. To get you started, enjoy the advantages of all benefits from our partner platforms and and also, receive a super discount on your first trip.&nbsp;Get ready to explore top destinations, relax, and make unforgettable memories. Your adventure starts here!</p>\r\n\r\n<p>&nbsp;</p>\r\n', `memb_benefits_title` = 'Membership Benefits', `memb_benefits_description` = '<p>Enjoy incredible trips and vacations around the globe. With every consecutive monthly payment you accumulate points, bringing you closer to your dream destinations! Redeem your points for unforgettable travel experiences, from weekend getaways to luxurious vacations.&nbsp;Your total accumulated points will depend on the consecutiveness of your monthly renewal.</p>\r\n', `top_memb_rewards_title` = 'Top Members Rewards', `top_memb_rewards_description` = '<p>Congratulations! You have achieved our Higher Reward Tier, this is proof of you vision and commitment with our mission of putting a high quality live style within the reach of every hard working person around the world.&nbsp;Consider yourself more that part of our team, part of our family and treasure forever our respect and gratitude.</p>\r\n', `product_title` = 'Product Section', `product_description` = '<p>Explore an extensive selection of travel destinations and local services, from breathtaking vacation spots around the world to convenient services close to home, you&#39;ll find everything you need to elevate your experiences without breaking the bank. Enjoy high-quality options at special rates, making it easier to plan unforgettable trips and access essential services at a fraction of the cost. This is your gateway to incredible value and endless opportunities!</p>\r\n', `reward_title` = 'Reward Program', `reward_description` = '<p>Join our Reward Program and enjoy up to 89% discounts on trips across more than 35 countries and 100+ cities. From iconic landmarks to hidden gems, experience the best of global travel at unmatched rates. Enjoy exclusive deals, make unforgettable memories, and travel smarter with incredible savings on every adventure.</p>\r\n', `balance_title` = 'Balance Cards', `balance_description` = '<p>Our balance cards offer a quick, secure way to top up your account. Use them to add funds instantly, giving you the flexibility to explore our services and enjoy seamless purchases. Convenient and easy to use, these cards make managing your account balance a breeze.</p>\r\n'
WHERE `setting_id` = 1;
UPDATE `ci_sessions` SET `timestamp` = 1732507662, `data` = '__ci_last_regenerate|i:1732507662;isLogIn|b:1;isAdmin|b:1;id|s:1:\"1\";fullname|s:11:\"admin admin\";user_level|s:5:\"Admin\";email|s:15:\"admin@admin.com\";image|s:53:\"upload/settings/4a1f1b602322adb837a7a3547ee69cf3.jpeg\";last_login|s:19:\"2024-11-24 19:25:01\";last_logout|s:19:\"2024-11-20 23:51:35\";ip_address|s:14:\"172.70.255.237\";message|s:20:\"Update Successfully!\";__ci_vars|a:1:{s:7:\"message\";s:3:\"old\";}'
WHERE `id` = '08e37d3883479e4eff860e9f54e546307eef8f8e';
UPDATE `setting` SET `setting_id` = 1, `reg_fee` = NULL, `month_fee` = NULL, `conversion_points` = '1', `global_pool_bonus` = '1000', `welcome_pack_title` = 'Welcome Packge', `welcome_pack_description` = '<p>We&rsquo;re thrilled to have you with us! As a member, you unlock exclusive savings on trips, vacations, and activities. To get you started, enjoy the advantages of all benefits from our partner platforms and and also, receive a super discount on your first trip.&nbsp;Get ready to explore top destinations, relax, and make unforgettable memories. Your adventure starts here!</p>\r\n\r\n<p>&nbsp;</p>\r\n', `memb_benefits_title` = 'Membership Benefits', `memb_benefits_description` = '<p>Enjoy incredible trips and vacations around the globe. With every consecutive monthly payment you accumulate points, bringing you closer to your dream destinations! Redeem your points for unforgettable travel experiences, from weekend getaways to luxurious vacations.&nbsp;Your total accumulated points will depend on the consecutiveness of your monthly renewal.</p>\r\n', `top_memb_rewards_title` = 'Top Members Rewards', `top_memb_rewards_description` = '<p>Congratulations! You have achieved our Higher Reward Tier, this is proof of you vision and commitment with our mission of putting a high quality live style within the reach of every hard working person around the world.&nbsp;Consider yourself more that part of our team, part of our family and treasure forever our respect and gratitude.</p>\r\n', `product_title` = 'Explore Great Destination', `product_description` = '<p>Our Great Destinations section brings you a handpicked collection of extraordinary places to explore. Whether you&rsquo;re dreaming of relaxing on pristine beaches, wandering through bustling cities, or discovering rich cultural heritage, you&rsquo;ll find the perfect travel inspiration here. With a variety of destinations across the globe and exclusive deals, this is your gateway to planning unforgettable adventures. Dive into a world of possibilities and make your dream trip a reality!</p>\r\n', `reward_title` = 'Reward Program', `reward_description` = '<p>Join our Reward Program and enjoy up to 89% discounts on trips across more than 35 countries and 100+ cities. From iconic landmarks to hidden gems, experience the best of global travel at unmatched rates. Enjoy exclusive deals, make unforgettable memories, and travel smarter with incredible savings on every adventure.</p>\r\n', `balance_title` = 'Balance Cards', `balance_description` = '<p>Our balance cards offer a quick, secure way to top up your account. Use them to add funds instantly, giving you the flexibility to explore our services and enjoy seamless purchases. Convenient and easy to use, these cards make managing your account balance a breeze.</p>\r\n'
WHERE `setting_id` = 1;
UPDATE `ci_sessions` SET `timestamp` = 1732507666, `data` = '__ci_last_regenerate|i:1732507666;id|s:4:\"2019\";user_id|s:5:\"admin\";username|s:5:\"admin\";sponsor_id|s:1:\"0\";fullname|s:11:\"Alex Carrey\";email|s:15:\"admin@admin.com\";phone|s:10:\"1235467892\";isLogIn|b:1;'
WHERE `id` = '611ce88b61f6b9eb9ae4dfd54808c51f6236a19e';
UPDATE `ci_sessions` SET `timestamp` = 1732507997, `data` = '__ci_last_regenerate|i:1732507997;isLogIn|b:1;isAdmin|b:1;id|s:1:\"1\";fullname|s:11:\"admin admin\";user_level|s:5:\"Admin\";email|s:15:\"admin@admin.com\";image|s:53:\"upload/settings/4a1f1b602322adb837a7a3547ee69cf3.jpeg\";last_login|s:19:\"2024-11-24 19:25:01\";last_logout|s:19:\"2024-11-20 23:51:35\";ip_address|s:14:\"172.70.255.237\";'
WHERE `id` = '1d4874c039005fd730d434131d8ae1d520086427';
INSERT INTO `product` (`product_id`, `product_name`, `product_amount`, `product_value`, `product_point`, `product_details`, `phone`, `address`, `category`, `status`, `date`, `product_image`) VALUES ('', 'City of Dreams and Magic 4D/3N', '130', '130', '65', '<p><span style=\"color:rgb(0,0,0);\">Orlando is a must-visit destination known for its world-famous theme parks, vibrant entertainment, and sunny weather. From thrilling rides to incredible dining and shopping, it’s the ultimate family-friendly adventure spot.</span></p><p><span style=\"color:rgb(0,0,0);\"><strong>Timeshare: 4 days / 3 nights</strong></span></p><p><span style=\"color:rgb(0,0,0);\"><strong>Cost: $130</strong></span></p>', 'N/A', 'N/A', 'travel', 1, '2024-11-24 22:13:17', 'upload/product_image/ab4777ad70262853a504c2577754f667.png');
INSERT INTO `country_library` (`product_id`, `country`, `state`, `image`) VALUES (2, '223', '4250', 'upload/product_image/475456d5a5cd66be77a68eb9fa08a8fe.png');
INSERT INTO `product_country` (`product_id`, `country`, `state`, `image`) VALUES (2, '223', '4250', 'upload/product_image/475456d5a5cd66be77a68eb9fa08a8fe.png');
UPDATE `ci_sessions` SET `timestamp` = 1732508001, `data` = '__ci_last_regenerate|i:1732508001;id|s:4:\"2019\";user_id|s:5:\"admin\";username|s:5:\"admin\";sponsor_id|s:1:\"0\";fullname|s:11:\"Alex Carrey\";email|s:15:\"admin@admin.com\";phone|s:10:\"1235467892\";isLogIn|b:1;'
WHERE `id` = 'da02fc62af3e34e403ea4896b79c5320383d764f';
UPDATE `product` SET `product_id` = '2', `product_name` = 'City of Dreams and Magic 4D/3N', `product_amount` = '70', `product_value` = '70', `product_point` = '35', `product_details` = '<p><span style=\"color:rgb(0,0,0);\">Orlando is a must-visit destination known for its world-famous theme parks, vibrant entertainment, and sunny weather. From thrilling rides to incredible dining and shopping, it’s the ultimate family-friendly adventure spot.</span></p><p><span style=\"color:rgb(0,0,0);\"><strong>Timeshare: 3 days / 2 nights</strong></span></p><p><span style=\"color:rgb(0,0,0);\"><strong>Cost: $70</strong></span></p>', `phone` = 'N/A', `address` = 'N/A', `category` = 'travel', `status` = 1, `date` = '2024-11-24 22:15:44', `product_image` = 'upload/product_image/ab4777ad70262853a504c2577754f667.png'
WHERE `product_id` = '2';
UPDATE `ci_sessions` SET `timestamp` = 1732508401, `data` = '__ci_last_regenerate|i:1732508401;isLogIn|b:1;isAdmin|b:1;id|s:1:\"1\";fullname|s:11:\"admin admin\";user_level|s:5:\"Admin\";email|s:15:\"admin@admin.com\";image|s:53:\"upload/settings/4a1f1b602322adb837a7a3547ee69cf3.jpeg\";last_login|s:19:\"2024-11-24 19:25:01\";last_logout|s:19:\"2024-11-20 23:51:35\";ip_address|s:14:\"172.70.255.237\";'
WHERE `id` = 'd8e7ddcc0c1c06d9bde32756f7888d69387cc40a';
INSERT INTO `product` (`product_id`, `product_name`, `product_amount`, `product_value`, `product_point`, `product_details`, `phone`, `address`, `category`, `status`, `date`, `product_image`) VALUES ('', 'Living the Aventure 4D/3N', '130', '130', '65', '<p><span style=\"color:rgb(0,0,0);\">Orlando is a must-visit destination known for its world-famous theme parks, vibrant entertainment, and sunny weather. From thrilling rides to incredible dining and shopping, it’s the ultimate family-friendly adventure spot.</span></p><p><span style=\"color:rgb(0,0,0);\"><strong>Timeshare: 4 days / 3 nights</strong></span></p><p><span style=\"color:rgb(0,0,0);\"><strong>Cost: $130</strong></span></p>', 'N/A', 'N/A', 'travel', 1, '2024-11-24 22:22:50', 'upload/product_image/41ac4823d7e42427b2e48486ac3cbc61.png');
INSERT INTO `country_library` (`product_id`, `country`, `state`, `image`) VALUES (3, '223', '4250', 'upload/product_image/0683d94cdbf83395ae6c1b0e7a2e9e13.png');
INSERT INTO `product_country` (`product_id`, `country`, `state`, `image`) VALUES (3, '223', '4250', 'upload/product_image/0683d94cdbf83395ae6c1b0e7a2e9e13.png');
UPDATE `ci_sessions` SET `timestamp` = 1732508575, `data` = '__ci_last_regenerate|i:1732508575;id|s:4:\"2019\";user_id|s:5:\"admin\";username|s:5:\"admin\";sponsor_id|s:1:\"0\";fullname|s:11:\"Alex Carrey\";email|s:15:\"admin@admin.com\";phone|s:10:\"1235467892\";isLogIn|b:1;'
WHERE `id` = '72aa811cb0c39bcfb015e156cc844227d94911c9';
UPDATE `ci_sessions` SET `timestamp` = 1732509102, `data` = '__ci_last_regenerate|i:1732509102;isLogIn|b:1;isAdmin|b:1;id|s:1:\"1\";fullname|s:11:\"admin admin\";user_level|s:5:\"Admin\";email|s:15:\"admin@admin.com\";image|s:53:\"upload/settings/4a1f1b602322adb837a7a3547ee69cf3.jpeg\";last_login|s:19:\"2024-11-24 19:25:01\";last_logout|s:19:\"2024-11-20 23:51:35\";ip_address|s:14:\"172.70.255.237\";'
WHERE `id` = 'b05b6faf6926df8f7dda24527e1058300fa75846';
INSERT INTO `product` (`product_id`, `product_name`, `product_amount`, `product_value`, `product_point`, `product_details`, `phone`, `address`, `category`, `status`, `date`, `product_image`) VALUES ('', 'Nature closer than ever 5D/4V', '150', '150', '75', '<p><span style=\"color:rgb(0,0,0);\">Orlando is famed for its iconic theme parks, exciting attractions, and year-round sunshine. With thrilling adventures, diverse dining, and endless shopping, it’s a perfect getaway for families and fun-seekers alike.</span></p><p><span style=\"color:rgb(0,0,0);\"><strong>5 days / 4 nights</strong></span></p><p><span style=\"color:rgb(0,0,0);\"><strong>Cost: $150</strong></span></p>', 'N/A', 'N/A', 'travel', 1, '2024-11-24 22:31:42', 'upload/product_image/47bdc5b1bf77d9f53a68d790b6ad854b.png');
INSERT INTO `country_library` (`product_id`, `country`, `state`, `image`) VALUES (4, '223', '4250', 'upload/product_image/26befb7ea681b50416c8a9a9ac83fc6a.png');
INSERT INTO `product_country` (`product_id`, `country`, `state`, `image`) VALUES (4, '223', '4250', 'upload/product_image/26befb7ea681b50416c8a9a9ac83fc6a.png');
UPDATE `ci_sessions` SET `timestamp` = 1732509107, `data` = '__ci_last_regenerate|i:1732509107;id|s:4:\"2019\";user_id|s:5:\"admin\";username|s:5:\"admin\";sponsor_id|s:1:\"0\";fullname|s:11:\"Alex Carrey\";email|s:15:\"admin@admin.com\";phone|s:10:\"1235467892\";isLogIn|b:1;'
WHERE `id` = 'c423919267aa1b71455c43dd6164f5185cee6edd';
UPDATE `product` SET `product_id` = '2', `product_name` = 'City of Dreams and Magic 3D/2N', `product_amount` = '70', `product_value` = '70', `product_point` = '35', `product_details` = '<p><span style=\"background-color:rgb(255,255,255);color:rgb(0,0,0);\">Orlando is celebrated for its world-class theme parks, exciting activities, and sunny weather. With unforgettable adventures, incredible dining options, and premier shopping, it’s the ultimate destination for families and thrill-seekers.</span></p><p><span style=\"color:rgb(0,0,0);\"><strong>Timeshare: 3 days / 2 nights</strong></span></p><p><span style=\"color:rgb(0,0,0);\"><strong>Cost: $70</strong></span></p>', `phone` = 'N/A', `address` = 'N/A', `category` = 'travel', `status` = 1, `date` = '2024-11-24 22:33:42', `product_image` = 'upload/product_image/ab4777ad70262853a504c2577754f667.png'
WHERE `product_id` = '2';
UPDATE `product` SET `product_id` = '4', `product_name` = 'Nature closer than ever 5D/4N', `product_amount` = '150', `product_value` = '150', `product_point` = '75', `product_details` = '<p><span style=\"color:rgb(0,0,0);\">Orlando is famed for its iconic theme parks, exciting attractions, and year-round sunshine. With thrilling adventures, diverse dining, and endless shopping, it’s a perfect getaway for families and fun-seekers alike.</span></p><p><span style=\"color:rgb(0,0,0);\"><strong>5 days / 4 nights</strong></span></p><p><span style=\"color:rgb(0,0,0);\"><strong>Cost: $150</strong></span></p>', `phone` = 'N/A', `address` = 'N/A', `category` = 'travel', `status` = 1, `date` = '2024-11-24 22:34:23', `product_image` = 'upload/product_image/47bdc5b1bf77d9f53a68d790b6ad854b.png'
WHERE `product_id` = '4';
UPDATE `product` SET `product_id` = '4', `product_name` = 'Nature closer than ever 5D/4N', `product_amount` = '150', `product_value` = '150', `product_point` = '75', `product_details` = '<p><span style=\"color:rgb(0,0,0);\">Orlando is famed for its iconic theme parks, exciting attractions, and year-round sunshine. With thrilling adventures, diverse dining, and endless shopping, it’s a perfect getaway for families and fun-seekers alike.</span></p><p><span style=\"color:rgb(0,0,0);\"><strong>Timeshare: 5 days / 4 nights</strong></span></p><p><span style=\"color:rgb(0,0,0);\"><strong>Cost: $150</strong></span></p>', `phone` = 'N/A', `address` = 'N/A', `category` = 'travel', `status` = 1, `date` = '2024-11-24 22:34:57', `product_image` = 'upload/product_image/47bdc5b1bf77d9f53a68d790b6ad854b.png'
WHERE `product_id` = '4';
UPDATE `ci_sessions` SET `timestamp` = 1732509710, `data` = '__ci_last_regenerate|i:1732509710;id|s:4:\"2019\";user_id|s:5:\"admin\";username|s:5:\"admin\";sponsor_id|s:1:\"0\";fullname|s:11:\"Alex Carrey\";email|s:15:\"admin@admin.com\";phone|s:10:\"1235467892\";isLogIn|b:1;'
WHERE `id` = 'beeee2e5ed3378674e953ce2bc877b68e1edc8bd';
UPDATE `admin` SET `last_login` = '2024-11-24 22:52:02', `ip_address` = '172.71.198.60'
WHERE `id` = '1';
UPDATE `ci_sessions` SET `timestamp` = 1732510617, `data` = '__ci_last_regenerate|i:1732510617;isLogIn|b:1;isAdmin|b:1;id|s:1:\"1\";fullname|s:11:\"admin admin\";user_level|s:5:\"Admin\";email|s:15:\"admin@admin.com\";image|s:53:\"upload/settings/4a1f1b602322adb837a7a3547ee69cf3.jpeg\";last_login|s:19:\"2024-11-24 21:57:27\";last_logout|s:19:\"2024-11-20 23:51:35\";ip_address|s:14:\"108.162.212.15\";'
WHERE `id` = 'e4d5a8e5ba1d2b8398f5c51271be2782505d9f36';
UPDATE `ci_sessions` SET `timestamp` = 1732510950, `data` = '__ci_last_regenerate|i:1732510950;isLogIn|b:1;isAdmin|b:1;id|s:1:\"1\";fullname|s:11:\"admin admin\";user_level|s:5:\"Admin\";email|s:15:\"admin@admin.com\";image|s:53:\"upload/settings/4a1f1b602322adb837a7a3547ee69cf3.jpeg\";last_login|s:19:\"2024-11-24 21:57:27\";last_logout|s:19:\"2024-11-20 23:51:35\";ip_address|s:14:\"108.162.212.15\";'
WHERE `id` = '9dfcc1087973a389e7c09ce55b00318451a1847f';
INSERT INTO `cron_job_history` (`name`, `date_started`, `status`) VALUES ('backup', '2024-11-25 00:00:02', 'started');
UPDATE `cron_job_history` SET `status` = 'done', `date_end` = '2024-11-25 00:00:02'
WHERE `id` = 27;
INSERT INTO `cron_job_history` (`name`, `date_started`, `status`) VALUES ('deduct_sub_amt_from_ewallet', '2024-11-25 00:05:02', 'started');
UPDATE `cron_job_history` SET `status` = 'done', `date_end` = '2024-11-25 00:05:02'
WHERE `id` = 28;
INSERT INTO `login_history` (`user_id`, `device`, `ip_address`, `date`) VALUES ('admin', 'Mozilla/5.0 (Windows NT 10.0; Win64; x64) AppleWebKit/537.36 (KHTML, like Gecko) Chrome/128.0.0.0 Safari/537.36 OPR/114.0.0.0', '172.70.55.214', '24-11-25 15:15');
UPDATE `user_registration` SET `popup_seen` = 'yes'
WHERE `user_id` = 'admin';
UPDATE `admin` SET `last_logout` = '2024-11-25 18:43:59'
WHERE `id` IS NULL;
DELETE FROM `ci_sessions`
WHERE `id` = '39a2d685e3032bbc7aeee617dcb34af0ab57cf4a';
UPDATE `admin` SET `last_login` = '2024-11-25 18:44:10', `ip_address` = '108.162.212.30'
WHERE `id` = '1';
INSERT INTO `login_history` (`user_id`, `device`, `ip_address`, `date`) VALUES ('admin', 'Mozilla/5.0 (Windows NT 10.0; Win64; x64) AppleWebKit/537.36 (KHTML, like Gecko) Chrome/128.0.0.0 Safari/537.36 OPR/114.0.0.0', '172.69.132.137', '24-11-25 18:44');
UPDATE `user_registration` SET `popup_seen` = 'yes'
WHERE `user_id` = 'admin';
UPDATE `product` SET `product_id` = '2', `product_name` = 'City of Dreams and Magic 3D/2N', `product_amount` = '70', `product_value` = '70', `product_point` = '35', `product_details` = '<p><span style=\"background-color:rgb(255,255,255);color:rgb(0,0,0);\">Orlando is celebrated for its world-class theme parks, exciting activities, and sunny weather. With unforgettable adventures, incredible dining options, and premier shopping, it’s the ultimate destination for families and thrill-seekers.</span></p><p><span style=\"color:rgb(0,0,0);\"><strong>3 days / 2 nights</strong></span></p><p><span style=\"color:rgb(0,0,0);\"><strong>Cost: $70</strong></span></p>', `phone` = 'N/A', `address` = 'N/A', `category` = 'travel', `status` = 1, `date` = '2024-11-25 18:48:15', `product_image` = 'upload/product_image/ab4777ad70262853a504c2577754f667.png'
WHERE `product_id` = '2';
UPDATE `product` SET `product_id` = '3', `product_name` = 'Living the Aventure 4D/3N', `product_amount` = '130', `product_value` = '130', `product_point` = '65', `product_details` = '<p><span style=\"color:rgb(0,0,0);\">Orlando is a must-visit destination known for its world-famous theme parks, vibrant entertainment, and sunny weather. From thrilling rides to incredible dining and shopping, it’s the ultimate family-friendly adventure spot.</span></p><p><span style=\"color:rgb(0,0,0);\"><strong>4 days / 3 nights</strong></span></p><p><span style=\"color:rgb(0,0,0);\"><strong>Cost: $130</strong></span></p>', `phone` = 'N/A', `address` = 'N/A', `category` = 'travel', `status` = 1, `date` = '2024-11-25 18:48:26', `product_image` = 'upload/product_image/41ac4823d7e42427b2e48486ac3cbc61.png'
WHERE `product_id` = '3';
UPDATE `product` SET `product_id` = '4', `product_name` = 'Nature closer than ever 5D/4N', `product_amount` = '150', `product_value` = '150', `product_point` = '75', `product_details` = '<p><span style=\"color:rgb(0,0,0);\">Orlando is famed for its iconic theme parks, exciting attractions, and year-round sunshine. With thrilling adventures, diverse dining, and endless shopping, it’s a perfect getaway for families and fun-seekers alike.</span></p><p><span style=\"color:rgb(0,0,0);\"><strong>5 days / 4 nights</strong></span></p><p><span style=\"color:rgb(0,0,0);\"><strong>Cost: $150</strong></span></p>', `phone` = 'N/A', `address` = 'N/A', `category` = 'travel', `status` = 1, `date` = '2024-11-25 18:48:37', `product_image` = 'upload/product_image/47bdc5b1bf77d9f53a68d790b6ad854b.png'
WHERE `product_id` = '4';
UPDATE `product` SET `product_id` = '1', `product_name` = 'Visit beautiful Miami 5D/4N', `product_amount` = '150', `product_value` = '150', `product_point` = '75', `product_details` = '<p><span style=\"color:rgb(0,0,0);\">Miami is a dynamic city known for its stunning beaches, vibrant nightlife, and diverse culture. From the art deco charm of South Beach to world-class dining and shopping, Miami offers an unforgettable tropical getaway.</span></p><p><span style=\"color:rgb(0,0,0);\"><strong>3 days / 2 nights</strong></span></p><p><span style=\"color:rgb(0,0,0);\"><strong>Cost: $150</strong></span></p>', `phone` = 'N/A', `address` = 'N/A', `category` = 'travel', `status` = 1, `date` = '2024-11-25 18:48:48', `product_image` = 'upload/reward_image/8554e64c3c18d50953288de013a274ce.png'
WHERE `product_id` = '1';
UPDATE `ci_sessions` SET `timestamp` = 1732586160, `data` = '__ci_last_regenerate|i:1732586160;id|s:4:\"2019\";user_id|s:5:\"admin\";username|s:5:\"admin\";sponsor_id|s:1:\"0\";fullname|s:11:\"Alex Carrey\";email|s:15:\"admin@admin.com\";phone|s:10:\"1235467892\";isLogIn|b:1;'
WHERE `id` = '041c73b283a345a1ba1ffbe94ff5d110e14a9205';
UPDATE `user_registration` SET `popup_seen` = 'yes'
WHERE `user_id` = 'admin';
INSERT INTO `cron_job_history` (`name`, `date_started`, `status`) VALUES ('backup', '2024-11-26 00:00:02', 'started');
UPDATE `cron_job_history` SET `status` = 'done', `date_end` = '2024-11-26 00:00:02'
WHERE `id` = 29;
INSERT INTO `cron_job_history` (`name`, `date_started`, `status`) VALUES ('deduct_sub_amt_from_ewallet', '2024-11-26 00:05:02', 'started');
UPDATE `cron_job_history` SET `status` = 'done', `date_end` = '2024-11-26 00:05:02'
WHERE `id` = 30;
INSERT INTO `login_history` (`user_id`, `device`, `ip_address`, `date`) VALUES ('admin', 'Mozilla/5.0 (Linux; Android 10; K) AppleWebKit/537.36 (KHTML, like Gecko) Chrome/131.0.0.0 Safari/537.36', '172.70.83.2', '24-11-26 15:02');
UPDATE `user_registration` SET `popup_seen` = 'yes'
WHERE `user_id` = 'admin';
UPDATE `ci_sessions` SET `timestamp` = 1732655866, `data` = '__ci_last_regenerate|i:1732655866;id|s:4:\"2019\";user_id|s:5:\"admin\";username|s:5:\"admin\";sponsor_id|s:1:\"0\";fullname|s:11:\"Alex Carrey\";email|s:15:\"admin@admin.com\";phone|s:10:\"1235467892\";isLogIn|b:1;'
WHERE `id` = 'c092a2d87b622015d7207b839e17a30e68e5f6ed';
INSERT INTO `cron_job_history` (`name`, `date_started`, `status`) VALUES ('backup', '2024-11-27 00:00:01', 'started');
UPDATE `cron_job_history` SET `status` = 'done', `date_end` = '2024-11-27 00:00:01'
WHERE `id` = 31;
INSERT INTO `cron_job_history` (`name`, `date_started`, `status`) VALUES ('deduct_sub_amt_from_ewallet', '2024-11-27 00:05:01', 'started');
UPDATE `cron_job_history` SET `status` = 'done', `date_end` = '2024-11-27 00:05:01'
WHERE `id` = 32;
INSERT INTO `login_history` (`user_id`, `device`, `ip_address`, `date`) VALUES ('admin', 'Mozilla/5.0 (Windows NT 10.0; Win64; x64) AppleWebKit/537.36 (KHTML, like Gecko) Chrome/128.0.0.0 Safari/537.36 OPR/114.0.0.0', '172.69.132.225', '24-11-27 11:30');
UPDATE `user_registration` SET `popup_seen` = 'yes'
WHERE `user_id` = 'admin';
UPDATE `user_registration` SET `popup_seen` = 'yes'
WHERE `user_id` = 'admin';
UPDATE `admin` SET `last_login` = '2024-11-27 23:06:26', `ip_address` = '172.70.55.39'
WHERE `id` = '1';
UPDATE `ci_sessions` SET `timestamp` = 1732771609, `data` = '__ci_last_regenerate|i:1732771609;isLogIn|b:1;isAdmin|b:1;id|s:1:\"1\";fullname|s:11:\"admin admin\";user_level|s:5:\"Admin\";email|s:15:\"admin@admin.com\";image|s:53:\"upload/settings/4a1f1b602322adb837a7a3547ee69cf3.jpeg\";last_login|s:19:\"2024-11-25 18:44:10\";last_logout|s:19:\"2024-11-20 23:51:35\";ip_address|s:14:\"108.162.212.30\";'
WHERE `id` = 'ab91f1589c57e15facc3655f58667313ecbaccaa';
UPDATE `admin` SET `last_logout` = '2024-11-27 23:26:57'
WHERE `id` IS NULL;
DELETE FROM `ci_sessions`
WHERE `id` = '332f0ac4c6403bd1b817402905217723c7716e48';
INSERT INTO `login_history` (`user_id`, `device`, `ip_address`, `date`) VALUES ('admin', 'Mozilla/5.0 (Windows NT 10.0; Win64; x64; rv:132.0) Gecko/20100101 Firefox/132.0', '172.69.87.90', '24-11-27 23:41');
UPDATE `user_registration` SET `popup_seen` = 'yes'
WHERE `user_id` = 'admin';
INSERT INTO `add_cart` (`user_id`, `product_id`, `product_name`, `product_amount`, `product_point`, `product_image`, `product_details`, `quantity`, `total_amount`, `country`, `state`, `total_point`, `date`) VALUES ('admin', '1', 'Visit beautiful Miami 5D/4N', '150', '75', 'upload/reward_image/8554e64c3c18d50953288de013a274ce.png', '<p><span style=\"color:rgb(0,0,0);\">Miami is a dynamic city known for its stunning beaches, vibrant nightlife, and diverse culture. From the art deco charm of South Beach to world-class dining and shopping, Miami offers an unforgettable tropical getaway.</span></p><p><span style=\"color:rgb(0,0,0);\"><strong>3 days / 2 nights</strong></span></p><p><span style=\"color:rgb(0,0,0);\"><strong>Cost: $150</strong></span></p>', 1, 150, '', '', 75, '2024-11-27 23:42:03');
UPDATE `add_cart` SET `quantity` = '1', `total_amount` = 150, `total_point` = 75
WHERE `id` = '1';
INSERT INTO `temp_register` (`post_data`, `date`, `payment_method`, `type`) VALUES ('{\"0\":{\"id\":\"1\",\"product_id\":\"1\",\"user_id\":\"admin\",\"product_name\":\"Visit beautiful Miami 5D\\/4N\",\"product_amount\":\"150\",\"product_point\":\"75\",\"product_details\":\"<p><span style=\\\"color:rgb(0,0,0);\\\">Miami is a dynamic city known for its stunning beaches, vibrant nightlife, and diverse culture. From the art deco charm of South Beach to world-class dining and shopping, Miami offers an unforgettable tropical getaway.<\\/span><\\/p><p><span style=\\\"color:rgb(0,0,0);\\\"><strong>3 days \\/ 2 nights<\\/strong><\\/span><\\/p><p><span style=\\\"color:rgb(0,0,0);\\\"><strong>Cost: $150<\\/strong><\\/span><\\/p>\",\"product_image\":\"upload\\/reward_image\\/8554e64c3c18d50953288de013a274ce.png\",\"total_amount\":\"150\",\"total_point\":\"75\",\"country\":\"0\",\"state\":\"0\",\"quantity\":\"1\",\"status\":\"1\",\"date\":\"2024-11-27 23:42:03\"},\"position\":\"left\",\"total_points\":\"75\"}', '2024-11-27 23:42:28', 'stripe', 'shoping');
UPDATE `add_cart` SET `quantity` = '1', `total_amount` = 150, `total_point` = 75
WHERE `id` = '1';
UPDATE `ci_sessions` SET `timestamp` = 1732773042, `data` = '__ci_last_regenerate|i:1732773042;isLogIn|b:1;isAdmin|b:1;id|s:1:\"1\";fullname|s:11:\"admin admin\";user_level|s:5:\"Admin\";email|s:15:\"admin@admin.com\";image|s:53:\"upload/settings/4a1f1b602322adb837a7a3547ee69cf3.jpeg\";last_login|s:19:\"2024-11-25 18:44:10\";last_logout|s:19:\"2024-11-20 23:51:35\";ip_address|s:14:\"108.162.212.30\";'
WHERE `id` = '05ee0373c4ce5665ab3fdfe1d754fb90d456d21b';
INSERT INTO `cron_job_history` (`name`, `date_started`, `status`) VALUES ('backup', '2024-11-28 00:00:01', 'started');
UPDATE `cron_job_history` SET `status` = 'done', `date_end` = '2024-11-28 00:00:01'
WHERE `id` = 33;
INSERT INTO `cron_job_history` (`name`, `date_started`, `status`) VALUES ('deduct_sub_amt_from_ewallet', '2024-11-28 00:05:01', 'started');
UPDATE `cron_job_history` SET `status` = 'done', `date_end` = '2024-11-28 00:05:01'
WHERE `id` = 34;
INSERT INTO `login_history` (`user_id`, `device`, `ip_address`, `date`) VALUES ('admin', 'Mozilla/5.0 (Windows NT 10.0; Win64; x64) AppleWebKit/537.36 (KHTML, like Gecko) Chrome/130.0.0.0 Safari/537.36', '172.70.55.201', '24-11-28 11:18');
UPDATE `user_registration` SET `popup_seen` = 'yes'
WHERE `user_id` = 'admin';
DELETE FROM `add_cart`
WHERE `id` = '1';
UPDATE `ci_sessions` SET `timestamp` = 1732814789, `data` = '__ci_last_regenerate|i:1732814789;id|s:4:\"2019\";user_id|s:5:\"admin\";username|s:5:\"admin\";sponsor_id|s:1:\"0\";fullname|s:11:\"Alex Carrey\";email|s:15:\"admin@admin.com\";phone|s:10:\"1235467892\";isLogIn|b:1;'
WHERE `id` = '5aac4fd310f3b9feb3f510cff355ec2744b73fad';
UPDATE `admin` SET `last_logout` = '2024-11-28 22:39:34'
WHERE `id` IS NULL;
DELETE FROM `ci_sessions`
WHERE `id` = '46b4133bf01354f51cfe15ed3dba7bca28fc978f';
UPDATE `admin` SET `last_login` = '2024-11-28 22:39:38', `ip_address` = '172.69.87.90'
WHERE `id` = '1';
UPDATE `admin` SET `last_logout` = '2024-11-28 22:39:42'
WHERE `id` = '1';
DELETE FROM `ci_sessions`
WHERE `id` = 'e5872ab8fbc03fa6de4fba62a62b215d3e6c9af2';
INSERT INTO `login_history` (`user_id`, `device`, `ip_address`, `date`) VALUES ('admin', 'Mozilla/5.0 (Windows NT 10.0; Win64; x64; rv:132.0) Gecko/20100101 Firefox/132.0', '172.69.87.90', '24-11-28 22:39');
UPDATE `user_registration` SET `popup_seen` = 'yes'
WHERE `user_id` = 'admin';
INSERT INTO `login_history` (`user_id`, `device`, `ip_address`, `date`) VALUES ('admin', 'Mozilla/5.0 (Macintosh; Intel Mac OS X 10_15_7) AppleWebKit/537.36 (KHTML, like Gecko) Chrome/131.0.0.0 Safari/537.36', '172.71.124.202', '24-11-28 22:42');
UPDATE `user_registration` SET `popup_seen` = 'yes'
WHERE `user_id` = 'admin';
INSERT INTO `add_cart` (`user_id`, `product_id`, `product_name`, `product_amount`, `product_point`, `product_image`, `product_details`, `quantity`, `total_amount`, `country`, `state`, `total_point`, `date`) VALUES ('admin', '1', 'Visit beautiful Miami 5D/4N', '150', '75', 'upload/reward_image/8554e64c3c18d50953288de013a274ce.png', '<p><span style=\"color:rgb(0,0,0);\">Miami is a dynamic city known for its stunning beaches, vibrant nightlife, and diverse culture. From the art deco charm of South Beach to world-class dining and shopping, Miami offers an unforgettable tropical getaway.</span></p><p><span style=\"color:rgb(0,0,0);\"><strong>3 days / 2 nights</strong></span></p><p><span style=\"color:rgb(0,0,0);\"><strong>Cost: $150</strong></span></p>', 1, 150, '', '', 75, '2024-11-28 22:43:25');
INSERT INTO `add_cart` (`user_id`, `product_id`, `product_name`, `product_amount`, `product_point`, `product_image`, `product_details`, `quantity`, `total_amount`, `country`, `state`, `total_point`, `date`) VALUES ('admin', '2', 'City of Dreams and Magic 3D/2N', '70', '35', 'upload/product_image/ab4777ad70262853a504c2577754f667.png', '<p><span style=\"background-color:rgb(255,255,255);color:rgb(0,0,0);\">Orlando is celebrated for its world-class theme parks, exciting activities, and sunny weather. With unforgettable adventures, incredible dining options, and premier shopping, it’s the ultimate destination for families and thrill-seekers.</span></p><p><span style=\"color:rgb(0,0,0);\"><strong>3 days / 2 nights</strong></span></p><p><span style=\"color:rgb(0,0,0);\"><strong>Cost: $70</strong></span></p>', 1, 70, '', '', 35, '2024-11-28 22:43:32');
UPDATE `add_cart` SET `quantity` = '1', `total_amount` = 70, `total_point` = 35
WHERE `id` = '3';
UPDATE `add_cart` SET `quantity` = '1', `total_amount` = 150, `total_point` = 75
WHERE `id` = '2';
INSERT INTO `login_history` (`user_id`, `device`, `ip_address`, `date`) VALUES ('admin', 'Mozilla/5.0 (Linux; Android 10; K) AppleWebKit/537.36 (KHTML, like Gecko) Chrome/131.0.0.0 Mobile Safari/537.36', '108.162.212.68', '24-11-28 22:44');
UPDATE `user_registration` SET `popup_seen` = 'yes'
WHERE `user_id` = 'admin';
UPDATE `user_registration` SET `popup_seen` = 'no'
WHERE `user_id` = 'admin';
DELETE FROM `ci_sessions`
WHERE `id` = 'cd4aa88aac98317b291a9bf1da0058bd3873f598';
INSERT INTO `temp_register` (`post_data`, `date`, `payment_method`, `type`) VALUES ('{\"user_id\":\"admin\",\"packge_id\":\"1\",\"amount\":\"0\",\"value\":\"0\",\"point\":\"0\",\"image\":\"upload\\/reward_image\\/46c36f8a3910ed3a5bd01f99aac10d99.png\",\"image_id\":\"9\",\"country\":\"47\",\"city\":\"4281\",\"available_points\":\"150\",\"conversion_point_rate\":\"1\",\"payment_option\":\"stripe\",\"package_title\":\"The Journey Begins\",\"date\":\"2024-11-28 22:44:50\",\"type\":\"benefits_pack_claim\"}', '2024-11-28 22:44:50', 'stripe', 'claim_wlcome_pack');
UPDATE `ci_sessions` SET `timestamp` = 1732856082, `data` = '__ci_last_regenerate|i:1732856082;captcha|s:4:\"5mhu\";'
WHERE `id` = '4dbf9b9af01ae2cbb7a07e0c595284ee10515fb3';
UPDATE `ci_sessions` SET `timestamp` = 1732857823, `data` = '__ci_last_regenerate|i:1732857823;id|s:4:\"2019\";user_id|s:5:\"admin\";username|s:5:\"admin\";sponsor_id|s:1:\"0\";fullname|s:11:\"Alex Carrey\";email|s:15:\"admin@admin.com\";phone|s:10:\"1235467892\";isLogIn|b:1;'
WHERE `id` = '40e819f018cf7ff9bf4ed025e9c6e213954e4807';
INSERT INTO `temp_register` (`post_data`, `date`, `payment_method`, `type`) VALUES ('{\"user_id\":\"admin\",\"reward_id\":\"1\",\"amount\":\"20\",\"reward_value\":\"330\",\"reward_points\":\"60\",\"available_points\":\"150\",\"image\":\"upload\\/reward_image\\/fe3df7d6e2b62f0c9491b97eabce2d65.png\",\"image_id\":\"3\",\"conversion_point_rate\":\"1\",\"payment_option\":\"stripe\",\"reward_name\":\"Visiting North America 3D\\/2N\",\"country\":\"223\",\"state\":\"4251\",\"date\":\"2024-11-28 23:23:52\",\"type\":\"reward_claim\"}', '2024-11-28 23:23:52', 'stripe', 'claim_reward');
UPDATE `ci_sessions` SET `timestamp` = 1732858210, `data` = '__ci_last_regenerate|i:1732858210;captcha|s:4:\"5mhu\";'
WHERE `id` = 'a339d20fe8f1a5bf10124ed7de43f28b7ac0a7e1';
UPDATE `ci_sessions` SET `timestamp` = 1732858662, `data` = '__ci_last_regenerate|i:1732858662;id|s:4:\"2019\";user_id|s:5:\"admin\";username|s:5:\"admin\";sponsor_id|s:1:\"0\";fullname|s:11:\"Alex Carrey\";email|s:15:\"admin@admin.com\";phone|s:10:\"1235467892\";isLogIn|b:1;reg_stripe_id|i:3;'
WHERE `id` = '1aad6a977548c575df73c853f2f70801c1f9e093';
UPDATE `user_registration` SET `popup_seen` = 'no'
WHERE `user_id` = 'admin';
DELETE FROM `ci_sessions`
WHERE `id` = 'f45e4fa5d60ad37c625ba2b3f5232aa69f64ba15';
UPDATE `ci_sessions` SET `timestamp` = 1732858819, `data` = '__ci_last_regenerate|i:1732858819;captcha|s:4:\"5mhu\";'
WHERE `id` = 'bee8d92f39e2668e28097e508c1c82d190eb8e43';
INSERT INTO `login_history` (`user_id`, `device`, `ip_address`, `date`) VALUES ('admin', 'Mozilla/5.0 (Windows NT 10.0; Win64; x64; rv:132.0) Gecko/20100101 Firefox/132.0', '172.69.179.44', '24-11-28 23:41');
UPDATE `user_registration` SET `popup_seen` = 'yes'
WHERE `user_id` = 'admin';
UPDATE `ci_sessions` SET `timestamp` = 1732858972, `data` = '__ci_last_regenerate|i:1732858972;'
WHERE `id` = '6a37a8cd8dcd866c090e63a08dbb165513bc778d';
INSERT INTO `cron_job_history` (`name`, `date_started`, `status`) VALUES ('backup', '2024-11-29 00:00:01', 'started');
UPDATE `cron_job_history` SET `status` = 'done', `date_end` = '2024-11-29 00:00:01'
WHERE `id` = 35;
INSERT INTO `cron_job_history` (`name`, `date_started`, `status`) VALUES ('deduct_sub_amt_from_ewallet', '2024-11-29 00:05:01', 'started');
UPDATE `cron_job_history` SET `status` = 'done', `date_end` = '2024-11-29 00:05:01'
WHERE `id` = 36;
UPDATE `ci_sessions` SET `timestamp` = 1732875326, `data` = '__ci_last_regenerate|i:1732875326;captcha|s:4:\"rg4t\";'
WHERE `id` = '8e7defce83b58e41f6eb60fd28bf7b2988cdac51';
INSERT INTO `login_history` (`user_id`, `device`, `ip_address`, `date`) VALUES ('admin', 'Mozilla/5.0 (Windows NT 10.0; Win64; x64) AppleWebKit/537.36 (KHTML, like Gecko) Chrome/128.0.0.0 Safari/537.36 OPR/114.0.0.0', '172.70.55.40', '24-11-29 12:38');
UPDATE `user_registration` SET `popup_seen` = 'yes'
WHERE `user_id` = 'admin';
UPDATE `user_registration` SET `popup_seen` = 'yes'
WHERE `user_id` = 'admin';
INSERT INTO `login_history` (`user_id`, `device`, `ip_address`, `date`) VALUES ('admin', 'Mozilla/5.0 (Windows NT 10.0; Win64; x64) AppleWebKit/537.36 (KHTML, like Gecko) Chrome/130.0.0.0 Safari/537.36', '172.70.255.237', '24-11-29 22:43');
UPDATE `user_registration` SET `popup_seen` = 'yes'
WHERE `user_id` = 'admin';
INSERT INTO `cron_job_history` (`name`, `date_started`, `status`) VALUES ('backup', '2024-11-30 00:00:01', 'started');
UPDATE `cron_job_history` SET `status` = 'done', `date_end` = '2024-11-30 00:00:01'
WHERE `id` = 37;
INSERT INTO `cron_job_history` (`name`, `date_started`, `status`) VALUES ('deduct_sub_amt_from_ewallet', '2024-11-30 00:05:01', 'started');
UPDATE `cron_job_history` SET `status` = 'done', `date_end` = '2024-11-30 00:05:01'
WHERE `id` = 38;
UPDATE `user_registration` SET `popup_seen` = 'no'
WHERE `user_id` IS NULL;
DELETE FROM `ci_sessions`
WHERE `id` = '3bc610769de72d91bc99c353aaa9bed66f54dd84';
UPDATE `admin` SET `last_login` = '2024-11-30 04:13:24', `ip_address` = '172.69.95.58'
WHERE `id` = '1';
UPDATE `admin` SET `last_login` = '2024-11-30 04:39:05', `ip_address` = '172.71.124.16'
WHERE `id` = '1';
UPDATE `admin` SET `last_logout` = '2024-11-30 04:39:35'
WHERE `id` = '1';
DELETE FROM `ci_sessions`
WHERE `id` = 'f14772553d3e2dbd401e376efc8958e1ae77b6b0';
INSERT INTO `login_history` (`user_id`, `device`, `ip_address`, `date`) VALUES ('admin', 'Mozilla/5.0 (Windows NT 10.0; Win64; x64) AppleWebKit/537.36 (KHTML, like Gecko) Chrome/130.0.0.0 Safari/537.36', '172.70.254.237', '24-11-30 14:57');
UPDATE `user_registration` SET `popup_seen` = 'yes'
WHERE `user_id` = 'admin';
UPDATE `ci_sessions` SET `timestamp` = 1733002665, `data` = '__ci_last_regenerate|i:1733002665;id|s:4:\"2019\";user_id|s:5:\"admin\";username|s:5:\"admin\";sponsor_id|s:1:\"0\";fullname|s:11:\"Alex Carrey\";email|s:15:\"admin@admin.com\";phone|s:10:\"1235467892\";isLogIn|b:1;'
WHERE `id` = '687cfd31f5ddfe72621d458c8a0e6a12285bf720';
INSERT INTO `cron_job_history` (`name`, `date_started`, `status`) VALUES ('backup', '2024-12-01 00:00:01', 'started');
UPDATE `cron_job_history` SET `status` = 'done', `date_end` = '2024-12-01 00:00:01'
WHERE `id` = 39;
INSERT INTO `cron_job_history` (`name`, `date_started`, `status`) VALUES ('deduct_sub_amt_from_ewallet', '2024-12-01 00:05:01', 'started');
UPDATE `cron_job_history` SET `status` = 'done', `date_end` = '2024-12-01 00:05:01'
WHERE `id` = 40;
INSERT INTO `cron_job_history` (`name`, `date_started`, `status`) VALUES ('calculate_pool_bonus', '2024-12-01 00:10:01', 'started');
UPDATE `cron_job_history` SET `status` = 'done', `date_end` = '2024-12-01 00:10:01'
WHERE `id` = 41;
INSERT INTO `cron_job_history` (`name`, `date_started`, `status`) VALUES ('calculate_rank_bonus', '2024-12-01 00:15:01', 'started');
UPDATE `cron_job_history` SET `status` = 'done', `date_end` = '2024-12-01 00:15:01'
WHERE `id` = 42;
INSERT INTO `cron_job_history` (`name`, `date_started`, `status`) VALUES ('clear_carry_and_rank', '2024-12-01 00:20:02', 'started');
UPDATE `user_registration` SET `rank_id` = '1'
WHERE `user_id` = 'admin';
INSERT INTO `monthly_cleared_data` (`user_id`, `left_carry`, `right_carry`, `rank_id`, `date`) VALUES ('admin', '0', '0', '1', '2024-12-01 00:20:02');
UPDATE `user_registration` SET `cycle_rank_id` = 1, `referral_bonus` = 0, `residual_bonus` = 0, `expansion_bonus` = 0, `utility_bonus` = 0, `pool_bonus` = 0, `rank_bonus` = 0
WHERE `user_id` = 'admin';
UPDATE `bv_updation` SET left_carry = 0, right_carry = 0
WHERE `user_id` = 'admin';
UPDATE `cron_job_history` SET `status` = 'done', `date_end` = '2024-12-01 00:20:02'
WHERE `id` = 43;
INSERT INTO `cron_job_history` (`name`, `date_started`, `status`) VALUES ('backup', '2024-12-02 00:00:01', 'started');
UPDATE `cron_job_history` SET `status` = 'done', `date_end` = '2024-12-02 00:00:01'
WHERE `id` = 44;
INSERT INTO `cron_job_history` (`name`, `date_started`, `status`) VALUES ('deduct_sub_amt_from_ewallet', '2024-12-02 00:05:01', 'started');
UPDATE `cron_job_history` SET `status` = 'done', `date_end` = '2024-12-02 00:05:01'
WHERE `id` = 45;
INSERT INTO `login_history` (`user_id`, `device`, `ip_address`, `date`) VALUES ('admin', 'Mozilla/5.0 (Windows NT 10.0; Win64; x64) AppleWebKit/537.36 (KHTML, like Gecko) Chrome/130.0.0.0 Safari/537.36', '172.70.55.58', '24-12-02 17:18');
UPDATE `user_registration` SET `popup_seen` = 'yes'
WHERE `user_id` = 'admin';
UPDATE `ci_sessions` SET `timestamp` = 1733196555, `data` = '__ci_last_regenerate|i:1733196555;'
WHERE `id` = 'f3e37a44856ecf5f5a7082002fbdc6968a59d2cd';
INSERT INTO `temp_register` (`post_data`, `date`, `payment_method`, `type`) VALUES ('{\"uid\":\"2021\",\"user_id\":\"FGRID9\",\"username\":\"Talimbi\",\"sponsor_id\":\"admin\",\"vacant\":\"no\",\"f_name\":\"Emilio\",\"l_name\":\"Tapanes\",\"position\":\"right\",\"email\":\"emiliotapanes@gmail.com\",\"password\":\"7ccac8ad8e13793c8b8a27e0ede99587\",\"phone\":\"7862876762\",\"country\":\"United States\",\"state\":\"Florida\",\"city\":\"Miami\",\"street\":\"8100 SW 14 Terr\",\"zip_code\":\"33144\",\"reg_ip\":\"172.70.83.105\",\"status\":1,\"package_id\":\"1\",\"rank_id\":1,\"highest_rank\":1,\"cycle_rank_id\":1,\"created\":\"2024-12-02 21:29:51\",\"subscription_date\":\"2025-01-01\",\"google_secret\":\"VWBKLXOQK6JI4TUW\"}', '2024-12-02 21:29:51', 'stripe', 'register');
UPDATE `admin` SET `last_login` = '2024-12-02 23:18:43', `ip_address` = '172.71.202.51'
WHERE `id` = '1';
INSERT INTO `cron_job_history` (`name`, `date_started`, `status`) VALUES ('backup', '2024-12-03 00:00:02', 'started');
UPDATE `cron_job_history` SET `status` = 'done', `date_end` = '2024-12-03 00:00:02'
WHERE `id` = 46;
INSERT INTO `cron_job_history` (`name`, `date_started`, `status`) VALUES ('deduct_sub_amt_from_ewallet', '2024-12-03 00:05:01', 'started');
UPDATE `cron_job_history` SET `status` = 'done', `date_end` = '2024-12-03 00:05:01'
WHERE `id` = 47;
INSERT INTO `temp_register` (`post_data`, `date`, `payment_method`, `type`) VALUES ('{\"uid\":\"2021\",\"user_id\":\"LF3WCK\",\"username\":\"Talimbi\",\"sponsor_id\":\"admin\",\"vacant\":\"no\",\"f_name\":\"Emilio\",\"l_name\":\"Tapanes\",\"position\":\"right\",\"email\":\"emiliotapanes@gmail.com\",\"password\":\"7ccac8ad8e13793c8b8a27e0ede99587\",\"phone\":\"7862876762\",\"country\":\"United States\",\"state\":\"Florida\",\"city\":\"Miami\",\"street\":\"8100 SW 14 Terr\",\"zip_code\":\"33144\",\"reg_ip\":\"172.70.82.90\",\"status\":1,\"package_id\":\"1\",\"rank_id\":1,\"highest_rank\":1,\"cycle_rank_id\":1,\"created\":\"2024-12-03 21:00:44\",\"subscription_date\":\"2025-01-02\",\"google_secret\":\"E5GXNMS73TBMWU4L\"}', '2024-12-03 21:00:44', 'stripe', 'register');
INSERT INTO `cron_job_history` (`name`, `date_started`, `status`) VALUES ('backup', '2024-12-04 00:00:01', 'started');
UPDATE `cron_job_history` SET `status` = 'done', `date_end` = '2024-12-04 00:00:01'
WHERE `id` = 48;
INSERT INTO `cron_job_history` (`name`, `date_started`, `status`) VALUES ('deduct_sub_amt_from_ewallet', '2024-12-04 00:05:02', 'started');
UPDATE `cron_job_history` SET `status` = 'done', `date_end` = '2024-12-04 00:05:02'
WHERE `id` = 49;
UPDATE `admin` SET `last_logout` = '2024-12-04 03:55:11'
WHERE `id` IS NULL;
DELETE FROM `ci_sessions`
WHERE `id` = 'd29ac834e023b99dfb126e863dc4dcf7cfb55c37';
INSERT INTO `temp_register` (`post_data`, `date`, `payment_method`, `type`) VALUES ('{\"uid\":\"2021\",\"user_id\":\"T9BJ3Y\",\"username\":\"Talimbi\",\"sponsor_id\":\"admin\",\"vacant\":\"no\",\"f_name\":\"Emilio\",\"l_name\":\"Tapanes\",\"position\":\"right\",\"email\":\"emiliotapanes@gmail.com\",\"password\":\"7ccac8ad8e13793c8b8a27e0ede99587\",\"phone\":\"7862876762\",\"country\":\"United States\",\"state\":\"Florida\",\"city\":\"Miami\",\"street\":\"8100 SW 14 Terr\",\"zip_code\":\"33144\",\"reg_ip\":\"172.70.55.51\",\"status\":1,\"package_id\":\"1\",\"rank_id\":1,\"highest_rank\":1,\"cycle_rank_id\":1,\"created\":\"2024-12-04 08:49:44\",\"subscription_date\":\"2025-01-03\",\"google_secret\":\"66X56BNS4U5JEEL6\"}', '2024-12-04 08:49:44', 'stripe', 'register');
INSERT INTO `temp_register` (`post_data`, `date`, `payment_method`, `type`) VALUES ('{\"uid\":\"2021\",\"user_id\":\"44B9Y4\",\"username\":\"Talimbi\",\"sponsor_id\":\"admin\",\"vacant\":\"no\",\"f_name\":\"Emilio\",\"l_name\":\"Tapanes\",\"position\":\"right\",\"email\":\"emiliotapanes@gmail.com\",\"password\":\"7ccac8ad8e13793c8b8a27e0ede99587\",\"phone\":\"7862876762\",\"country\":\"United States\",\"state\":\"Florida\",\"city\":\"Miami\",\"street\":\"8100 SW 14 Terr\",\"zip_code\":\"33144\",\"reg_ip\":\"172.70.55.51\",\"status\":1,\"package_id\":\"1\",\"rank_id\":1,\"highest_rank\":1,\"cycle_rank_id\":1,\"created\":\"2024-12-04 08:49:44\",\"subscription_date\":\"2025-01-03\",\"google_secret\":\"SN3BFCR6LZBOKJJ4\"}', '2024-12-04 08:49:44', 'stripe', 'register');
UPDATE `temp_register` SET `response` = '{\"stripeToken\":\"tok_1QSJuh2NUoYUjiuukQXsYRd9\",\"stripeTokenType\":\"card\",\"stripeEmail\":\"emiliotapanes@gmail.com\"}', `date_modified` = '2024-12-04 08:50:57', `payment_status` = '{\"id\":\"ch_3QSJum2NUoYUjiuu0x1QWxQ1\",\"object\":\"charge\",\"amount\":19500,\"amount_captured\":19500,\"amount_refunded\":0,\"application\":null,\"application_fee\":null,\"application_fee_amount\":null,\"balance_transaction\":\"txn_3QSJum2NUoYUjiuu0DnjFSbA\",\"billing_details\":{\"address\":{\"city\":null,\"country\":null,\"line1\":null,\"line2\":null,\"postal_code\":null,\"state\":null},\"email\":null,\"name\":\"emiliotapanes@gmail.com\",\"phone\":null},\"calculated_statement_descriptor\":\"TRAVELEGENDCY LLC\",\"captured\":true,\"created\":1733323856,\"currency\":\"usd\",\"customer\":\"cus_RKzuKZ7vlKRNFw\",\"description\":null,\"destination\":null,\"dispute\":null,\"disputed\":false,\"failure_balance_transaction\":null,\"failure_code\":null,\"failure_message\":null,\"fraud_details\":[],\"invoice\":null,\"livemode\":true,\"metadata\":{\"name\":\"Emilio Tapanes\",\"username\":\"Talimbi\"},\"on_behalf_of\":null,\"order\":null,\"outcome\":{\"network_advice_code\":null,\"network_decline_code\":null,\"network_status\":\"approved_by_network\",\"reason\":null,\"risk_level\":\"normal\",\"seller_message\":\"Payment complete.\",\"type\":\"authorized\"},\"paid\":true,\"payment_intent\":null,\"payment_method\":\"card_1QSJuh2NUoYUjiuu7ANyZsZ5\",\"payment_method_details\":{\"card\":{\"amount_authorized\":19500,\"authorization_code\":\"39706Z\",\"brand\":\"mastercard\",\"checks\":{\"address_line1_check\":null,\"address_postal_code_check\":null,\"cvc_check\":\"pass\"},\"country\":\"US\",\"exp_month\":10,\"exp_year\":2028,\"extended_authorization\":{\"status\":\"disabled\"},\"fingerprint\":\"MiqFJa6XwmdjYZ6z\",\"funding\":\"credit\",\"incremental_authorization\":{\"status\":\"unavailable\"},\"installments\":null,\"last4\":\"1096\",\"mandate\":null,\"multicapture\":{\"status\":\"unavailable\"},\"network\":\"mastercard\",\"network_token\":{\"used\":false},\"overcapture\":{\"maximum_amount_capturable\":19500,\"status\":\"unavailable\"},\"three_d_secure\":null,\"wallet\":null},\"type\":\"card\"},\"receipt_email\":null,\"receipt_number\":null,\"receipt_url\":\"https:\\/\\/pay.stripe.com\\/receipts\\/payment\\/CAcQARoXChVhY2N0XzFRUEFGdjJOVW9ZVWppdXUo0djBugYyBqYdWWyy6TosFhNabtrm0sY9wDaxIngBd5-YzAbNc0noVYKH5_3uvFMoih5fuD6VrxAdvtg\",\"refunded\":false,\"review\":null,\"shipping\":null,\"source\":{\"id\":\"card_1QSJuh2NUoYUjiuu7ANyZsZ5\",\"object\":\"card\",\"address_city\":null,\"address_country\":null,\"address_line1\":null,\"address_line1_check\":null,\"address_line2\":null,\"address_state\":null,\"address_zip\":null,\"address_zip_check\":null,\"brand\":\"MasterCard\",\"country\":\"US\",\"customer\":\"cus_RKzuKZ7vlKRNFw\",\"cvc_check\":\"pass\",\"dynamic_last4\":null,\"exp_month\":10,\"exp_year\":2028,\"fingerprint\":\"MiqFJa6XwmdjYZ6z\",\"funding\":\"credit\",\"last4\":\"1096\",\"metadata\":[],\"name\":\"emiliotapanes@gmail.com\",\"tokenization_method\":null,\"wallet\":null},\"source_transfer\":null,\"statement_descriptor\":null,\"statement_descriptor_suffix\":null,\"status\":\"succeeded\",\"transfer_data\":null,\"transfer_group\":null}'
WHERE `id` = 7;
UPDATE `user_registration` SET `uid` = '2021', `user_id` = '44B9Y4', `username` = 'Talimbi', `sponsor_id` = 'admin', `vacant` = 'no', `f_name` = 'Emilio', `l_name` = 'Tapanes', `position` = 'right', `email` = 'emiliotapanes@gmail.com', `password` = '7ccac8ad8e13793c8b8a27e0ede99587', `phone` = '7862876762', `country` = 'United States', `state` = 'Florida', `city` = 'Miami', `street` = '8100 SW 14 Terr', `zip_code` = '33144', `reg_ip` = '172.70.55.51', `status` = 1, `package_id` = '1', `rank_id` = 1, `highest_rank` = 1, `cycle_rank_id` = 1, `created` = '2024-12-04 08:49:44', `subscription_date` = '2025-01-03', `google_secret` = 'SN3BFCR6LZBOKJJ4'
WHERE `uid` = '2021';
INSERT INTO `user_registration` (`uid`, `user_id`, `username`, `sponsor_id`, `placement_id`, `vacant`, `f_name`, `l_name`, `address`, `position`, `email`, `password`, `phone`, `reg_ip`, `status`, `created`) VALUES (NULL, 'VSYAPJ', 'wFvelaip', '44B9Y4', '44B9Y4', 'yes', '', '', '', 'left', '@mail.com', '', '', '', 0, '2024-12-04 08:50:57');
INSERT INTO `user_registration` (`uid`, `user_id`, `username`, `sponsor_id`, `placement_id`, `vacant`, `f_name`, `l_name`, `address`, `position`, `email`, `password`, `phone`, `reg_ip`, `status`, `created`) VALUES (NULL, 'VQFQXT', 'ODDnyiiZ', '44B9Y4', '44B9Y4', 'yes', '', '', '', 'right', '@mail.com', '', '', '', 0, '2024-12-04 08:50:57');
INSERT INTO `bv_updation` (`user_id`) VALUES ('44B9Y4');
UPDATE `user_registration` SET total_ref_count = total_ref_count+1
WHERE `user_id` = 'admin';
UPDATE `user_registration` SET total_downlines = total_downlines+1
WHERE `user_id` = 'admin';
UPDATE `user_registration` SET right_downlines = right_downlines+1
WHERE `user_id` = 'admin';
UPDATE `user_registration` SET right_ref_count = right_ref_count+1
WHERE `user_id` = 'admin';
UPDATE `user_registration` SET active_right = active_right+1
WHERE `user_id` = 'admin';
INSERT INTO `investment` (`invest_date`, `user_id`, `type`, `amount`, `package_id`) VALUES ('2024-12-04 08:50:57', '44B9Y4', 'register', '195', '1');
INSERT INTO `earnings` (`user_id`, `Purchaser_id`, `earning_type`, `package_id`, `amount`, `date`, `comments`, `invest_amount`, `comm_perc`, `level`, `rank_id`, `order_id`) VALUES ('admin', '44B9Y4', 'Direct Referral Bonus', '1', '20', '2024-12-04 08:50:57', 'Direct Referral Bonus', 0, 0, 1, '', 2);
UPDATE `user_registration` SET commission_balance = ROUND(commission_balance + 20,2)
WHERE `user_id` = 'admin';
UPDATE `user_registration` SET referral_bonus = ROUND(referral_bonus + 20,2)
WHERE `user_id` = 'admin';
UPDATE `user_registration` SET total_points = ROUND(total_points + 20,2)
WHERE `user_id` = '44B9Y4';
INSERT INTO `points_history` (`user_id`, `points`, `type`, `date`) VALUES ('44B9Y4', '20', 'register', '2024-12-04 08:50:');
INSERT INTO `matrix_filling` (`placement_id`, `downline_id`, `level`, `matrix`) VALUES ('admin', '44B9Y4', 1, 1);
UPDATE `bv_updation` SET right_carry = right_carry+20, total_right = total_right+20
WHERE `user_id` = 'admin';
INSERT INTO `placement_bv_update_history` (`right_carry`, `date`, `from_id`, `user_id`) VALUES ('20', '2024-12-04 08:50:57', '44B9Y4', 'admin');
UPDATE `bv_updation` SET sponsor_right_carry = sponsor_right_carry+20, sponsor_total_right = sponsor_total_right+20
WHERE `user_id` = 'admin';
INSERT INTO `sponsor_bv_update_history` (`right_carry`, `date`, `user_id`) VALUES ('20', '2024-12-04 08:50:57', 'admin');
INSERT INTO `package_purchase_history` (`user_id`, `package_id`, `reg_fee`, `package_name`, `monthly_fee`, `type`, `date`, `payment_option`) VALUES ('44B9Y4', '1', '195', 'Traveler', '50', 'sign_up', '2024-12-04 08:50:57', 'stripe');
INSERT INTO `login_history` (`user_id`, `device`, `ip_address`, `date`) VALUES ('44B9Y4', 'Mozilla/5.0 (Windows NT 10.0; Win64; x64) AppleWebKit/537.36 (KHTML, like Gecko) Chrome/131.0.0.0 Safari/537.36', '172.70.255.152', '24-12-04 08:51');
UPDATE `user_registration` SET `popup_seen` = 'yes'
WHERE `user_id` = '44B9Y4';
UPDATE `ci_sessions` SET `timestamp` = 1733324008, `data` = '__ci_last_regenerate|i:1733324008;id|s:4:\"2021\";user_id|s:6:\"44B9Y4\";username|s:7:\"Talimbi\";sponsor_id|s:5:\"admin\";fullname|s:14:\"Emilio Tapanes\";email|s:23:\"emiliotapanes@gmail.com\";phone|s:10:\"7862876762\";isLogIn|b:1;message|s:22:\"Welcome Emilio Tapanes\";__ci_vars|a:1:{s:7:\"message\";s:3:\"old\";}'
WHERE `id` = '111ac69fbc9d86ae614ccfb535782f0e88130396';
UPDATE `user_registration` SET `popup_seen` = 'yes'
WHERE `user_id` = '44B9Y4';
INSERT INTO `login_history` (`user_id`, `device`, `ip_address`, `date`) VALUES ('admin', 'Mozilla/5.0 (Windows NT 10.0; Win64; x64) AppleWebKit/537.36 (KHTML, like Gecko) Chrome/130.0.0.0 Safari/537.36', '108.162.210.128', '24-12-04 17:00');
UPDATE `user_registration` SET `popup_seen` = 'yes'
WHERE `user_id` = 'admin';
INSERT INTO `cron_job_history` (`name`, `date_started`, `status`) VALUES ('backup', '2024-12-05 00:00:02', 'started');
UPDATE `cron_job_history` SET `status` = 'done', `date_end` = '2024-12-05 00:00:02'
WHERE `id` = 50;
INSERT INTO `cron_job_history` (`name`, `date_started`, `status`) VALUES ('deduct_sub_amt_from_ewallet', '2024-12-05 00:05:01', 'started');
UPDATE `cron_job_history` SET `status` = 'done', `date_end` = '2024-12-05 00:05:01'
WHERE `id` = 51;
UPDATE `admin` SET `last_logout` = '2024-12-05 10:01:16'
WHERE `id` IS NULL;
DELETE FROM `ci_sessions`
WHERE `id` = '121f7af59d4ecb4d627d6af7d4d6c3934c8e4fee';
UPDATE `ci_sessions` SET `timestamp` = 1733415256, `data` = '__ci_last_regenerate|i:1733415256;captcha|s:4:\"zkph\";'
WHERE `id` = 'e0ce9c2518e790a30a13b1f26bc4b9d1d938daf8';
INSERT INTO `login_history` (`user_id`, `device`, `ip_address`, `date`) VALUES ('admin', 'Mozilla/5.0 (Linux; Android 10; K) AppleWebKit/537.36 (KHTML, like Gecko) Chrome/131.0.0.0 Safari/537.36', '108.162.210.111', '24-12-05 10:14');
UPDATE `user_registration` SET `popup_seen` = 'yes'
WHERE `user_id` = 'admin';
UPDATE `ci_sessions` SET `timestamp` = 1733415748, `data` = '__ci_last_regenerate|i:1733415748;id|s:4:\"2019\";user_id|s:5:\"admin\";username|s:5:\"admin\";sponsor_id|s:1:\"0\";fullname|s:11:\"Alex Carrey\";email|s:15:\"admin@admin.com\";phone|s:10:\"1235467892\";isLogIn|b:1;'
WHERE `id` = 'aa20c2f476aec16a1adcddcc4b3e7ceb3557b591';
INSERT INTO `cron_job_history` (`name`, `date_started`, `status`) VALUES ('backup', '2024-12-06 00:00:01', 'started');
UPDATE `cron_job_history` SET `status` = 'done', `date_end` = '2024-12-06 00:00:01'
WHERE `id` = 52;
INSERT INTO `cron_job_history` (`name`, `date_started`, `status`) VALUES ('deduct_sub_amt_from_ewallet', '2024-12-06 00:05:02', 'started');
UPDATE `cron_job_history` SET `status` = 'done', `date_end` = '2024-12-06 00:05:02'
WHERE `id` = 53;
INSERT INTO `login_history` (`user_id`, `device`, `ip_address`, `date`) VALUES ('44B9Y4', 'Mozilla/5.0 (Windows NT 10.0; Win64; x64) AppleWebKit/537.36 (KHTML, like Gecko) Chrome/131.0.0.0 Safari/537.36', '172.71.31.83', '24-12-06 14:01');
UPDATE `user_registration` SET `popup_seen` = 'yes'
WHERE `user_id` = '44B9Y4';
UPDATE `ci_sessions` SET `timestamp` = 1733515594, `data` = '__ci_last_regenerate|i:1733515594;id|s:4:\"2021\";user_id|s:6:\"44B9Y4\";username|s:7:\"Talimbi\";sponsor_id|s:5:\"admin\";fullname|s:14:\"Emilio Tapanes\";email|s:23:\"emiliotapanes@gmail.com\";phone|s:10:\"7862876762\";isLogIn|b:1;'
WHERE `id` = '976e849962e318648627d47dfd5ac8f40039c8de';
UPDATE `user_registration` SET `popup_seen` = 'yes'
WHERE `user_id` = '44B9Y4';
INSERT INTO `cron_job_history` (`name`, `date_started`, `status`) VALUES ('backup', '2024-12-07 00:00:02', 'started');
UPDATE `cron_job_history` SET `status` = 'done', `date_end` = '2024-12-07 00:00:02'
WHERE `id` = 54;
INSERT INTO `cron_job_history` (`name`, `date_started`, `status`) VALUES ('deduct_sub_amt_from_ewallet', '2024-12-07 00:05:01', 'started');
UPDATE `cron_job_history` SET `status` = 'done', `date_end` = '2024-12-07 00:05:01'
WHERE `id` = 55;
INSERT INTO `cron_job_history` (`name`, `date_started`, `status`) VALUES ('backup', '2024-12-08 00:00:01', 'started');
UPDATE `cron_job_history` SET `status` = 'done', `date_end` = '2024-12-08 00:00:01'
WHERE `id` = 56;
INSERT INTO `cron_job_history` (`name`, `date_started`, `status`) VALUES ('deduct_sub_amt_from_ewallet', '2024-12-08 00:05:01', 'started');
UPDATE `cron_job_history` SET `status` = 'done', `date_end` = '2024-12-08 00:05:01'
WHERE `id` = 57;
INSERT INTO `login_history` (`user_id`, `device`, `ip_address`, `date`) VALUES ('44B9Y4', 'Mozilla/5.0 (Windows NT 10.0; Win64; x64) AppleWebKit/537.36 (KHTML, like Gecko) Chrome/131.0.0.0 Safari/537.36', '172.70.83.93', '24-12-08 17:30');
UPDATE `user_registration` SET `popup_seen` = 'yes'
WHERE `user_id` = '44B9Y4';
INSERT INTO `cron_job_history` (`name`, `date_started`, `status`) VALUES ('backup', '2024-12-09 00:00:02', 'started');
UPDATE `cron_job_history` SET `status` = 'done', `date_end` = '2024-12-09 00:00:02'
WHERE `id` = 58;
INSERT INTO `cron_job_history` (`name`, `date_started`, `status`) VALUES ('deduct_sub_amt_from_ewallet', '2024-12-09 00:05:01', 'started');
UPDATE `cron_job_history` SET `status` = 'done', `date_end` = '2024-12-09 00:05:01'
WHERE `id` = 59;
INSERT INTO `login_history` (`user_id`, `device`, `ip_address`, `date`) VALUES ('44B9Y4', 'Mozilla/5.0 (Windows NT 10.0; Win64; x64) AppleWebKit/537.36 (KHTML, like Gecko) Chrome/131.0.0.0 Safari/537.36', '172.70.254.237', '24-12-09 19:56');
UPDATE `user_registration` SET `popup_seen` = 'yes'
WHERE `user_id` = '44B9Y4';
UPDATE `ci_sessions` SET `timestamp` = 1733800059, `data` = '__ci_last_regenerate|i:1733800059;id|s:4:\"2021\";user_id|s:6:\"44B9Y4\";username|s:7:\"Talimbi\";sponsor_id|s:5:\"admin\";fullname|s:14:\"Emilio Tapanes\";email|s:23:\"emiliotapanes@gmail.com\";phone|s:10:\"7862876762\";isLogIn|b:1;'
WHERE `id` = 'e0b6c147f64b311231edb3f68d3368b2df7f6be1';
UPDATE `user_registration` SET `popup_seen` = 'yes'
WHERE `user_id` = '44B9Y4';
UPDATE `ci_sessions` SET `timestamp` = 1733800397, `data` = '__ci_last_regenerate|i:1733800397;id|s:4:\"2021\";user_id|s:6:\"44B9Y4\";username|s:7:\"Talimbi\";sponsor_id|s:5:\"admin\";fullname|s:14:\"Emilio Tapanes\";email|s:23:\"emiliotapanes@gmail.com\";phone|s:10:\"7862876762\";isLogIn|b:1;'
WHERE `id` = '5a594ec5a9978908540a4a5371c3061f5ec23648';
UPDATE `user_registration` SET `popup_seen` = 'yes'
WHERE `user_id` = '44B9Y4';
UPDATE `ci_sessions` SET `timestamp` = 1733800698, `data` = '__ci_last_regenerate|i:1733800698;id|s:4:\"2021\";user_id|s:6:\"44B9Y4\";username|s:7:\"Talimbi\";sponsor_id|s:5:\"admin\";fullname|s:14:\"Emilio Tapanes\";email|s:23:\"emiliotapanes@gmail.com\";phone|s:10:\"7862876762\";isLogIn|b:1;'
WHERE `id` = 'd30de137236f430f7c1fbfe63ad4b53b7a8ffb8f';
INSERT INTO `cron_job_history` (`name`, `date_started`, `status`) VALUES ('backup', '2024-12-10 00:00:01', 'started');
UPDATE `cron_job_history` SET `status` = 'done', `date_end` = '2024-12-10 00:00:02'
WHERE `id` = 60;
INSERT INTO `cron_job_history` (`name`, `date_started`, `status`) VALUES ('deduct_sub_amt_from_ewallet', '2024-12-10 00:05:01', 'started');
UPDATE `cron_job_history` SET `status` = 'done', `date_end` = '2024-12-10 00:05:01'
WHERE `id` = 61;
INSERT INTO `login_history` (`user_id`, `device`, `ip_address`, `date`) VALUES ('admin', 'Mozilla/5.0 (Windows NT 10.0; Win64; x64) AppleWebKit/537.36 (KHTML, like Gecko) Chrome/130.0.0.0 Safari/537.36', '108.162.212.68', '24-12-10 01:06');
UPDATE `user_registration` SET `popup_seen` = 'yes'
WHERE `user_id` = 'admin';
UPDATE `ci_sessions` SET `timestamp` = 1733814816, `data` = '__ci_last_regenerate|i:1733814816;id|s:4:\"2019\";user_id|s:5:\"admin\";username|s:5:\"admin\";sponsor_id|s:1:\"0\";fullname|s:11:\"Alex Carrey\";email|s:15:\"admin@admin.com\";phone|s:10:\"1235467892\";isLogIn|b:1;'
WHERE `id` = '018e75bf23ad71683f06b38dd900b2f897a76a45';
UPDATE `ci_sessions` SET `timestamp` = 1733815363, `data` = '__ci_last_regenerate|i:1733815363;id|s:4:\"2019\";user_id|s:5:\"admin\";username|s:5:\"admin\";sponsor_id|s:1:\"0\";fullname|s:11:\"Alex Carrey\";email|s:15:\"admin@admin.com\";phone|s:10:\"1235467892\";isLogIn|b:1;'
WHERE `id` = '15f2b83cab2adb70b5a0a1a2ba90f042ce4fdd05';
UPDATE `user_registration` SET `popup_seen` = 'yes'
WHERE `user_id` = 'admin';
UPDATE `ci_sessions` SET `timestamp` = 1733815412, `data` = '__ci_last_regenerate|i:1733815412;captcha|s:4:\"sfxq\";'
WHERE `id` = '7a244e2b1482d3d042e4738d6db1864c8e75fd91';
INSERT INTO `login_history` (`user_id`, `device`, `ip_address`, `date`) VALUES ('admin', 'Mozilla/5.0 (Windows NT 10.0; Win64; x64) AppleWebKit/537.36 (KHTML, like Gecko) Chrome/131.0.0.0 Safari/537.36', '172.69.179.173', '24-12-10 01:23');
UPDATE `user_registration` SET `popup_seen` = 'yes'
WHERE `user_id` = 'admin';
INSERT INTO `login_history` (`user_id`, `device`, `ip_address`, `date`) VALUES ('admin', 'Mozilla/5.0 (Windows NT 10.0; Win64; x64) AppleWebKit/537.36 (KHTML, like Gecko) Chrome/131.0.0.0 Safari/537.36', '172.69.94.22', '24-12-10 03:26');
UPDATE `user_registration` SET `popup_seen` = 'yes'
WHERE `user_id` = 'admin';
UPDATE `ci_sessions` SET `timestamp` = 1733823464, `data` = '__ci_last_regenerate|i:1733823464;id|s:4:\"2019\";user_id|s:5:\"admin\";username|s:5:\"admin\";sponsor_id|s:1:\"0\";fullname|s:11:\"Alex Carrey\";email|s:15:\"admin@admin.com\";phone|s:10:\"1235467892\";isLogIn|b:1;'
WHERE `id` = '910496fa1aecd65a825b74155b94e5286c43f16b';
UPDATE `ci_sessions` SET `timestamp` = 1733824649, `data` = '__ci_last_regenerate|i:1733824649;id|s:4:\"2019\";user_id|s:5:\"admin\";username|s:5:\"admin\";sponsor_id|s:1:\"0\";fullname|s:11:\"Alex Carrey\";email|s:15:\"admin@admin.com\";phone|s:10:\"1235467892\";isLogIn|b:1;'
WHERE `id` = '3149a33fb5085681a170830443b5bd5939a00c30';
UPDATE `ci_sessions` SET `timestamp` = 1733825070, `data` = '__ci_last_regenerate|i:1733825070;id|s:4:\"2019\";user_id|s:5:\"admin\";username|s:5:\"admin\";sponsor_id|s:1:\"0\";fullname|s:11:\"Alex Carrey\";email|s:15:\"admin@admin.com\";phone|s:10:\"1235467892\";isLogIn|b:1;'
WHERE `id` = 'f2872ec67b64353b567cc78b1c2b66047a5018f9';
UPDATE `ci_sessions` SET `timestamp` = 1733825380, `data` = '__ci_last_regenerate|i:1733825380;id|s:4:\"2019\";user_id|s:5:\"admin\";username|s:5:\"admin\";sponsor_id|s:1:\"0\";fullname|s:11:\"Alex Carrey\";email|s:15:\"admin@admin.com\";phone|s:10:\"1235467892\";isLogIn|b:1;'
WHERE `id` = '8725485febae1816622a16c8e5debb029a6ead50';
UPDATE `ci_sessions` SET `timestamp` = 1733825981, `data` = '__ci_last_regenerate|i:1733825981;id|s:4:\"2019\";user_id|s:5:\"admin\";username|s:5:\"admin\";sponsor_id|s:1:\"0\";fullname|s:11:\"Alex Carrey\";email|s:15:\"admin@admin.com\";phone|s:10:\"1235467892\";isLogIn|b:1;'
WHERE `id` = 'd7f35dbe27886e5df00e8c83c268f5bf36777a76';
INSERT INTO `payment_metod_setting` (`user_id`, `method`, `wallet_id`) VALUES ('admin', 'stripe', 'khgjhgj');
UPDATE `payment_metod_setting` SET `user_id` = 'admin', `method` = 'stripe', `wallet_id` = 'acct_1QSB3MRt8aq2CHx0'
WHERE `user_id` = 'admin'
AND `method` = 'stripe';
UPDATE `ci_sessions` SET `timestamp` = 1733826286, `data` = '__ci_last_regenerate|i:1733826286;id|s:4:\"2019\";user_id|s:5:\"admin\";username|s:5:\"admin\";sponsor_id|s:1:\"0\";fullname|s:11:\"Alex Carrey\";email|s:15:\"admin@admin.com\";phone|s:10:\"1235467892\";isLogIn|b:1;'
WHERE `id` = '20d21793a8d58ac641cd720400d82a74c627380e';
UPDATE `payment_metod_setting` SET `user_id` = 'admin', `method` = 'stripe', `wallet_id` = 'acct_1QSB3MRt8aq2CHx0'
WHERE `user_id` = 'admin'
AND `method` = 'stripe';
UPDATE `ci_sessions` SET `timestamp` = 1733827731, `data` = '__ci_last_regenerate|i:1733827731;id|s:4:\"2019\";user_id|s:5:\"admin\";username|s:5:\"admin\";sponsor_id|s:1:\"0\";fullname|s:11:\"Alex Carrey\";email|s:15:\"admin@admin.com\";phone|s:10:\"1235467892\";isLogIn|b:1;'
WHERE `id` = '69ed8876575cefe4b330ff11905f9cd2381794d0';
UPDATE `user_registration` SET `trans_password` = '123456'
WHERE `user_id` = 'admin';
INSERT INTO `notifications` (`user_id`, `notification_type`, `subject`, `details`, `date`, `status`) VALUES ('admin', 'transaction_password_update', 'Transaction Password Notification', 'Your transaction password has been created successfully.', '2024-12-10 04:49:18', 0);
UPDATE `ci_sessions` SET `timestamp` = 1733828047, `data` = '__ci_last_regenerate|i:1733828047;id|s:4:\"2019\";user_id|s:5:\"admin\";username|s:5:\"admin\";sponsor_id|s:1:\"0\";fullname|s:11:\"Alex Carrey\";email|s:15:\"admin@admin.com\";phone|s:10:\"1235467892\";isLogIn|b:1;'
WHERE `id` = 'e6c2230166832da796a98a8508cfb23823ac627c';
UPDATE `payment_metod_setting` SET `user_id` = 'admin', `method` = 'stripe', `wallet_id` = 'acct_1QSsSPRoXeGoex4x'
WHERE `user_id` = 'admin'
AND `method` = 'stripe';
UPDATE `ci_sessions` SET `timestamp` = 1733828387, `data` = '__ci_last_regenerate|i:1733828387;id|s:4:\"2019\";user_id|s:5:\"admin\";username|s:5:\"admin\";sponsor_id|s:1:\"0\";fullname|s:11:\"Alex Carrey\";email|s:15:\"admin@admin.com\";phone|s:10:\"1235467892\";isLogIn|b:1;'
WHERE `id` = '3fdc341a34619cd6009cfb8e76ce3d228c633dd1';
UPDATE `ci_sessions` SET `timestamp` = 1733829560, `data` = '__ci_last_regenerate|i:1733829560;id|s:4:\"2019\";user_id|s:5:\"admin\";username|s:5:\"admin\";sponsor_id|s:1:\"0\";fullname|s:11:\"Alex Carrey\";email|s:15:\"admin@admin.com\";phone|s:10:\"1235467892\";isLogIn|b:1;'
WHERE `id` = '2f86e263cec1a10d5b755d33e2af402e1c47be41';
INSERT INTO `withdraw` (`name`, `user_id`, `walletid`, `mobile_no`, `uid`, `amount`, `method`, `fees`, `payment_details`, `fee_rate`, `request_ip`, `request_date`) VALUES ('Alex Carrey', 'admin', '', '1235467892', '2019', '1', 'direct_deposit', 0.05, 'N/A', '5', '172.69.179.173', '2024:12:10 05:19:20');
UPDATE `user_registration` SET commission_balance = ROUND(commission_balance - 1,2)
WHERE `user_id` = 'admin';
UPDATE `payment_metod_setting` SET `user_id` = 'admin', `method` = 'stripe', `wallet_id` = 'acct_1QRThF2ZAlYNDpuI'
WHERE `user_id` = 'admin'
AND `method` = 'stripe';
UPDATE `ci_sessions` SET `timestamp` = 1733829933, `data` = '__ci_last_regenerate|i:1733829933;id|s:4:\"2019\";user_id|s:5:\"admin\";username|s:5:\"admin\";sponsor_id|s:1:\"0\";fullname|s:11:\"Alex Carrey\";email|s:15:\"admin@admin.com\";phone|s:10:\"1235467892\";isLogIn|b:1;'
WHERE `id` = '08bc471b849cad93c283064bed9fdb0e7158d315';
UPDATE `ci_sessions` SET `timestamp` = 1733830628, `data` = '__ci_last_regenerate|i:1733830628;id|s:4:\"2019\";user_id|s:5:\"admin\";username|s:5:\"admin\";sponsor_id|s:1:\"0\";fullname|s:11:\"Alex Carrey\";email|s:15:\"admin@admin.com\";phone|s:10:\"1235467892\";isLogIn|b:1;exception|s:258:\"The provided key \'sk_live_*********************************************************************************************VVaUCz\' does not have access to account \'acct_1QRThF2ZAlYNDpuI\' (or that account does not exist). Application access may have been revoked.\";__ci_vars|a:1:{s:9:\"exception\";s:3:\"old\";}'
WHERE `id` = 'dfa5e1aa9253135b0dc9a2d6d12a2df539927fcc';
UPDATE `ci_sessions` SET `timestamp` = 1733832154, `data` = '__ci_last_regenerate|i:1733832154;id|s:4:\"2019\";user_id|s:5:\"admin\";username|s:5:\"admin\";sponsor_id|s:1:\"0\";fullname|s:11:\"Alex Carrey\";email|s:15:\"admin@admin.com\";phone|s:10:\"1235467892\";isLogIn|b:1;'
WHERE `id` = '75b5b35c637492d196e09bb5574c5e4d272dcb69';
UPDATE `ci_sessions` SET `timestamp` = 1733832490, `data` = '__ci_last_regenerate|i:1733832490;id|s:4:\"2019\";user_id|s:5:\"admin\";username|s:5:\"admin\";sponsor_id|s:1:\"0\";fullname|s:11:\"Alex Carrey\";email|s:15:\"admin@admin.com\";phone|s:10:\"1235467892\";isLogIn|b:1;'
WHERE `id` = 'b41098f7524b247bb132904bc94821f4bf3b21b3';
UPDATE `ci_sessions` SET `timestamp` = 1733832861, `data` = '__ci_last_regenerate|i:1733832861;id|s:4:\"2019\";user_id|s:5:\"admin\";username|s:5:\"admin\";sponsor_id|s:1:\"0\";fullname|s:11:\"Alex Carrey\";email|s:15:\"admin@admin.com\";phone|s:10:\"1235467892\";isLogIn|b:1;'
WHERE `id` = 'ff7984069c93b6f1149bb40d97422a07f0e78f72';
UPDATE `payment_metod_setting` SET `user_id` = 'admin', `method` = 'stripe', `wallet_id` = NULL
WHERE `user_id` = 'admin'
AND `method` = 'stripe';
UPDATE `payment_metod_setting` SET `user_id` = 'admin', `method` = 'stripe', `wallet_id` = 'acct_1QUSM8RpreCi7olG', `email` = 'vijeshkmr666@gmail.com'
WHERE `user_id` = 'admin'
AND `method` = 'stripe';
UPDATE `payment_metod_setting` SET `user_id` = 'admin', `method` = 'stripe', `wallet_id` = 'acct_1QUSOXRsQlo3oDEt', `email` = 'vijeshkmr666@gmail.com'
WHERE `user_id` = 'admin'
AND `method` = 'stripe';
UPDATE `payment_metod_setting` SET `user_id` = 'admin', `method` = 'stripe', `wallet_id` = 'acct_1QUSPIRwBBTS3qkQ', `email` = 'vijeshkmr666@gmail.com'
WHERE `user_id` = 'admin'
AND `method` = 'stripe';
UPDATE `ci_sessions` SET `timestamp` = 1733833223, `data` = '__ci_last_regenerate|i:1733833223;id|s:4:\"2019\";user_id|s:5:\"admin\";username|s:5:\"admin\";sponsor_id|s:1:\"0\";fullname|s:11:\"Alex Carrey\";email|s:15:\"admin@admin.com\";phone|s:10:\"1235467892\";isLogIn|b:1;message|s:40:\"Stripe Information Updated Successfully!\";__ci_vars|a:1:{s:7:\"message\";s:3:\"old\";}'
WHERE `id` = '30e47ad31e5a7edcde298be4df147d10f566414d';
UPDATE `ci_sessions` SET `timestamp` = 1733833540, `data` = '__ci_last_regenerate|i:1733833540;id|s:4:\"2019\";user_id|s:5:\"admin\";username|s:5:\"admin\";sponsor_id|s:1:\"0\";fullname|s:11:\"Alex Carrey\";email|s:15:\"admin@admin.com\";phone|s:10:\"1235467892\";isLogIn|b:1;'
WHERE `id` = '3ba7530411cb6ff185304aba75e2ef2555bcd95a';
INSERT INTO `login_history` (`user_id`, `device`, `ip_address`, `date`) VALUES ('admin', 'Mozilla/5.0 (Windows NT 10.0; Win64; x64) AppleWebKit/537.36 (KHTML, like Gecko) Chrome/130.0.0.0 Safari/537.36', '108.162.212.67', '24-12-10 16:22');
UPDATE `user_registration` SET `popup_seen` = 'yes'
WHERE `user_id` = 'admin';
INSERT INTO `login_history` (`user_id`, `device`, `ip_address`, `date`) VALUES ('admin', 'Mozilla/5.0 (Windows NT 10.0; Win64; x64) AppleWebKit/537.36 (KHTML, like Gecko) Chrome/128.0.0.0 Safari/537.36 OPR/114.0.0.0', '172.71.156.160', '24-12-10 20:03');
UPDATE `user_registration` SET `popup_seen` = 'yes'
WHERE `user_id` = 'admin';
UPDATE `payment_metod_setting` SET `user_id` = 'admin', `method` = 'stripe', `wallet_id` = 'acct_1QUfHSRroQhIFjrf', `email` = 'vijeshkmr666@gmail.com'
WHERE `user_id` = 'admin'
AND `method` = 'stripe';
INSERT INTO `login_history` (`user_id`, `device`, `ip_address`, `date`) VALUES ('admin', 'Mozilla/5.0 (Windows NT 10.0; Win64; x64) AppleWebKit/537.36 (KHTML, like Gecko) Chrome/131.0.0.0 Safari/537.36', '172.69.178.214', '24-12-10 22:18');
UPDATE `user_registration` SET `popup_seen` = 'yes'
WHERE `user_id` = 'admin';
UPDATE `ci_sessions` SET `timestamp` = 1733890993, `data` = '__ci_last_regenerate|i:1733890993;id|s:4:\"2019\";user_id|s:5:\"admin\";username|s:5:\"admin\";sponsor_id|s:1:\"0\";fullname|s:11:\"Alex Carrey\";email|s:15:\"admin@admin.com\";phone|s:10:\"1235467892\";isLogIn|b:1;message|s:19:\"Welcome Alex Carrey\";__ci_vars|a:1:{s:7:\"message\";s:3:\"old\";}'
WHERE `id` = 'c41eb0aaf30fba4353b89754447a4c1c15c1e433';
UPDATE `ci_sessions` SET `timestamp` = 1733891334, `data` = '__ci_last_regenerate|i:1733891334;id|s:4:\"2019\";user_id|s:5:\"admin\";username|s:5:\"admin\";sponsor_id|s:1:\"0\";fullname|s:11:\"Alex Carrey\";email|s:15:\"admin@admin.com\";phone|s:10:\"1235467892\";isLogIn|b:1;'
WHERE `id` = 'b5f8ac6564d3ed3d32e790eb040cd0f632ceea29';
UPDATE `ci_sessions` SET `timestamp` = 1733891640, `data` = '__ci_last_regenerate|i:1733891640;id|s:4:\"2019\";user_id|s:5:\"admin\";username|s:5:\"admin\";sponsor_id|s:1:\"0\";fullname|s:11:\"Alex Carrey\";email|s:15:\"admin@admin.com\";phone|s:10:\"1235467892\";isLogIn|b:1;'
WHERE `id` = '047daa93fb29757757873e57d98327ac3c78b6dc';
UPDATE `ci_sessions` SET `timestamp` = 1733891950, `data` = '__ci_last_regenerate|i:1733891950;id|s:4:\"2019\";user_id|s:5:\"admin\";username|s:5:\"admin\";sponsor_id|s:1:\"0\";fullname|s:11:\"Alex Carrey\";email|s:15:\"admin@admin.com\";phone|s:10:\"1235467892\";isLogIn|b:1;main_menu|s:8:\"settings\";'
WHERE `id` = '402fe357c6cea799cf6c10bb5ee5805a6f90c020';
UPDATE `user_registration` SET `popup_seen` = 'yes'
WHERE `user_id` = 'admin';
UPDATE `user_registration` SET `popup_seen` = 'yes'
WHERE `user_id` = 'admin';
UPDATE `user_registration` SET `popup_seen` = 'yes'
WHERE `user_id` = 'admin';
UPDATE `ci_sessions` SET `timestamp` = 1733892498, `data` = '__ci_last_regenerate|i:1733892498;id|s:4:\"2019\";user_id|s:5:\"admin\";username|s:5:\"admin\";sponsor_id|s:1:\"0\";fullname|s:11:\"Alex Carrey\";email|s:15:\"admin@admin.com\";phone|s:10:\"1235467892\";isLogIn|b:1;'
WHERE `id` = 'c3c5a1044887a9b1667536fcf039547223f40422';
UPDATE `ci_sessions` SET `timestamp` = 1733892818, `data` = '__ci_last_regenerate|i:1733892818;id|s:4:\"2019\";user_id|s:5:\"admin\";username|s:5:\"admin\";sponsor_id|s:1:\"0\";fullname|s:11:\"Alex Carrey\";email|s:15:\"admin@admin.com\";phone|s:10:\"1235467892\";isLogIn|b:1;'
WHERE `id` = 'b5fb6eca62fa4921ef7de4146865df56b0ae787c';
UPDATE `ci_sessions` SET `timestamp` = 1733893724, `data` = '__ci_last_regenerate|i:1733893724;id|s:4:\"2019\";user_id|s:5:\"admin\";username|s:5:\"admin\";sponsor_id|s:1:\"0\";fullname|s:11:\"Alex Carrey\";email|s:15:\"admin@admin.com\";phone|s:10:\"1235467892\";isLogIn|b:1;'
WHERE `id` = '4c2d6f7e30dbf35dcda4660af21695e4d87f02dc';
UPDATE `ci_sessions` SET `timestamp` = 1733894091, `data` = '__ci_last_regenerate|i:1733894091;id|s:4:\"2019\";user_id|s:5:\"admin\";username|s:5:\"admin\";sponsor_id|s:1:\"0\";fullname|s:11:\"Alex Carrey\";email|s:15:\"admin@admin.com\";phone|s:10:\"1235467892\";isLogIn|b:1;'
WHERE `id` = '0fe0da2b33317a38a193dd740de6439ef1d4b311';
UPDATE `ci_sessions` SET `timestamp` = 1733894428, `data` = '__ci_last_regenerate|i:1733894428;id|s:4:\"2019\";user_id|s:5:\"admin\";username|s:5:\"admin\";sponsor_id|s:1:\"0\";fullname|s:11:\"Alex Carrey\";email|s:15:\"admin@admin.com\";phone|s:10:\"1235467892\";isLogIn|b:1;'
WHERE `id` = '5c16c64ae13e5b18c089b44bee1b6d27e7ef0a51';
UPDATE `user_registration` SET `uid` = '2020', `user_id` = '35H9RV', `username` = 'testuser', `sponsor_id` = 'admin', `vacant` = 'no', `f_name` = 'testuser', `l_name` = 'test', `position` = 'left', `email` = 'testuser@mail.com', `password` = 'e10adc3949ba59abbe56e057f20f883e', `phone` = '6567576767', `country` = 'England', `state` = 'Alaska', `city` = 'testuser', `street` = '7868768', `zip_code` = '876876', `reg_ip` = '172.69.87.40', `status` = 1, `package_id` = '2', `rank_id` = 1, `highest_rank` = 1, `cycle_rank_id` = 1, `created` = '2024-12-10 23:24:26', `subscription_date` = '2025-01-09', `google_secret` = 'K53VCHZUZ655ZE6R'
WHERE `uid` = '2020';
INSERT INTO `user_registration` (`uid`, `user_id`, `username`, `sponsor_id`, `placement_id`, `vacant`, `f_name`, `l_name`, `address`, `position`, `email`, `password`, `phone`, `reg_ip`, `status`, `created`) VALUES (NULL, 'SVRPVN', 'AvuyIQFH', '35H9RV', '35H9RV', 'yes', '', '', '', 'left', '@mail.com', '', '', '', 0, '2024-12-10 23:24:26');
INSERT INTO `user_registration` (`uid`, `user_id`, `username`, `sponsor_id`, `placement_id`, `vacant`, `f_name`, `l_name`, `address`, `position`, `email`, `password`, `phone`, `reg_ip`, `status`, `created`) VALUES (NULL, 'VWHQAO', 'gPcNtBxP', '35H9RV', '35H9RV', 'yes', '', '', '', 'right', '@mail.com', '', '', '', 0, '2024-12-10 23:24:26');
INSERT INTO `bv_updation` (`user_id`) VALUES ('35H9RV');
UPDATE `user_registration` SET total_ref_count = total_ref_count+1
WHERE `user_id` = 'admin';
UPDATE `user_registration` SET total_downlines = total_downlines+1
WHERE `user_id` = 'admin';
UPDATE `user_registration` SET left_downlines = left_downlines+1
WHERE `user_id` = 'admin';
UPDATE `user_registration` SET left_ref_count = left_ref_count+1
WHERE `user_id` = 'admin';
UPDATE `user_registration` SET active_left = active_left+1
WHERE `user_id` = 'admin';
UPDATE `user_registration` SET `binary_qualified` = 'yes', `binary_qualified_date` = '2024-12-10 23:24:26'
WHERE `user_id` = 'admin';
INSERT INTO `investment` (`invest_date`, `user_id`, `type`, `amount`, `package_id`) VALUES ('2024-12-10 23:24:26', '35H9RV', 'register', '595', '2');
INSERT INTO `earnings` (`user_id`, `Purchaser_id`, `earning_type`, `package_id`, `amount`, `date`, `comments`, `invest_amount`, `comm_perc`, `level`, `rank_id`, `order_id`) VALUES ('admin', '35H9RV', 'Direct Referral Bonus', '2', '100', '2024-12-10 23:24:26', 'Direct Referral Bonus', 0, 0, 1, '', 3);
UPDATE `user_registration` SET commission_balance = ROUND(commission_balance + 100,2)
WHERE `user_id` = 'admin';
UPDATE `user_registration` SET referral_bonus = ROUND(referral_bonus + 100,2)
WHERE `user_id` = 'admin';
UPDATE `user_registration` SET total_points = ROUND(total_points + 50,2)
WHERE `user_id` = '35H9RV';
INSERT INTO `points_history` (`user_id`, `points`, `type`, `date`) VALUES ('35H9RV', '50', 'register', '2024-12-10 23:24:');
INSERT INTO `matrix_filling` (`placement_id`, `downline_id`, `level`, `matrix`) VALUES ('admin', '35H9RV', 1, 1);
UPDATE `bv_updation` SET left_carry = left_carry+50, total_left = total_left+50
WHERE `user_id` = 'admin';
INSERT INTO `placement_bv_update_history` (`left_carry`, `date`, `from_id`, `user_id`) VALUES ('50', '2024-12-10 23:24:26', '35H9RV', 'admin');
UPDATE `bv_updation` SET sponsor_left_carry = sponsor_left_carry+50, sponsor_total_left = sponsor_total_left+50
WHERE `user_id` = 'admin';
INSERT INTO `sponsor_bv_update_history` (`left_carry`, `date`, `user_id`) VALUES ('50', '2024-12-10 23:24:26', 'admin');
INSERT INTO `package_purchase_history` (`user_id`, `package_id`, `reg_fee`, `package_name`, `monthly_fee`, `type`, `date`, `payment_option`) VALUES ('35H9RV', '2', '595', 'Traveler Pro', '150', 'sign_up', '2024-12-10 23:24:26', 'free');
UPDATE `user_registration` SET `popup_seen` = 'no'
WHERE `user_id` = 'admin';
DELETE FROM `ci_sessions`
WHERE `id` = 'f5d15b0a0eec6e99c693c5f660df30e7fabc36d0';
INSERT INTO `login_history` (`user_id`, `device`, `ip_address`, `date`) VALUES ('35H9RV', 'Mozilla/5.0 (Windows NT 10.0; Win64; x64) AppleWebKit/537.36 (KHTML, like Gecko) Chrome/131.0.0.0 Safari/537.36', '172.69.87.40', '24-12-10 23:24');
UPDATE `user_registration` SET `popup_seen` = 'yes'
WHERE `user_id` = '35H9RV';
UPDATE `ci_sessions` SET `timestamp` = 1733895004, `data` = '__ci_last_regenerate|i:1733895004;id|s:4:\"2020\";user_id|s:6:\"35H9RV\";username|s:8:\"testuser\";sponsor_id|s:5:\"admin\";fullname|s:13:\"testuser test\";email|s:17:\"testuser@mail.com\";phone|s:10:\"6567576767\";isLogIn|b:1;main_menu|s:8:\"settings\";'
WHERE `id` = '6824e76a3218aceb21ecf95ffc2bc8f3c30d50bd';
INSERT INTO `login_history` (`user_id`, `device`, `ip_address`, `date`) VALUES ('admin', 'Mozilla/5.0 (Windows NT 10.0; Win64; x64) AppleWebKit/537.36 (KHTML, like Gecko) Chrome/131.0.0.0 Safari/537.36 Edg/131.0.0.0', '172.69.94.69', '24-12-10 23:34');
UPDATE `user_registration` SET `popup_seen` = 'yes'
WHERE `user_id` = 'admin';
UPDATE `ci_sessions` SET `timestamp` = 1733895449, `data` = '__ci_last_regenerate|i:1733895449;id|s:4:\"2020\";user_id|s:6:\"35H9RV\";username|s:8:\"testuser\";sponsor_id|s:5:\"admin\";fullname|s:13:\"testuser test\";email|s:17:\"testuser@mail.com\";phone|s:10:\"6567576767\";isLogIn|b:1;'
WHERE `id` = 'b81f5dddd68bb64b4aa0939e104803390af4fd07';
UPDATE `user_registration` SET `trans_password` = '123456'
WHERE `user_id` = '35H9RV';
INSERT INTO `notifications` (`user_id`, `notification_type`, `subject`, `details`, `date`, `status`) VALUES ('35H9RV', 'transaction_password_update', 'Transaction Password Notification', 'Your transaction password has been created successfully.', '2024-12-10 23:38:03', 0);
UPDATE `user_registration` SET `popup_seen` = 'no'
WHERE `user_id` = 'admin';
DELETE FROM `ci_sessions`
WHERE `id` = 'd774112a64c5fd0ad5ae97167c2f2bc67ea21f1e';
UPDATE `admin` SET `last_login` = '2024-12-10 23:39:46', `ip_address` = '172.71.198.182'
WHERE `id` = '1';
INSERT INTO `deposit` (`user_id`, `deposit_amount`, `deposit_method`, `fees`, `comments`, `deposit_date`, `deposit_ip`, `status`) VALUES ('35H9RV', '100', 'admin', 0, 'test', '2024-12-10 11:40:09', '172.71.198.182', 1);
INSERT INTO `transections` (`user_id`, `transection_category`, `releted_id`, `amount`, `comments`, `transection_date_timestamp`) VALUES ('35H9RV', 'deposit', 1, '100', 'test', '2024-12-10 11:40:09');
UPDATE `user_registration` SET commission_balance = ROUND(commission_balance + 100,2)
WHERE `user_id` = '35H9RV';
UPDATE `ci_sessions` SET `timestamp` = 1733895787, `data` = '__ci_last_regenerate|i:1733895787;id|s:4:\"2020\";user_id|s:6:\"35H9RV\";username|s:8:\"testuser\";sponsor_id|s:5:\"admin\";fullname|s:13:\"testuser test\";email|s:17:\"testuser@mail.com\";phone|s:10:\"6567576767\";isLogIn|b:1;exception|s:123:\"Please update the details in <a href=\"https://travelegendcy.com/backoffice/customer/settings/bank_info\">Payout Settings</a>\";__ci_vars|a:1:{s:9:\"exception\";s:3:\"old\";}'
WHERE `id` = 'b3ee024a72dc6ee231e0bd470379d7a8c932812d';
INSERT INTO `payment_metod_setting` (`user_id`, `method`, `wallet_id`, `email`) VALUES ('35H9RV', 'stripe', 'acct_1QUiim2NzovIYUf9', 'testuser@mail.com');
UPDATE `ci_sessions` SET `timestamp` = 1733895950, `data` = '__ci_last_regenerate|i:1733895950;isLogIn|b:1;isAdmin|b:1;id|s:1:\"1\";fullname|s:11:\"admin admin\";user_level|s:5:\"Admin\";email|s:15:\"admin@admin.com\";image|s:53:\"upload/settings/4a1f1b602322adb837a7a3547ee69cf3.jpeg\";last_login|s:19:\"2024-12-02 23:18:43\";last_logout|s:19:\"2024-11-30 04:39:35\";ip_address|s:13:\"172.71.202.51\";message|s:28:\"Send the amount successfully\";__ci_vars|a:1:{s:7:\"message\";s:3:\"old\";}'
WHERE `id` = '4085857f2eda07da67ab62e486a4cad01e53fd84';
INSERT INTO `cron_job_history` (`name`, `date_started`, `status`) VALUES ('backup', '2024-12-11 00:00:01', 'started');
UPDATE `cron_job_history` SET `status` = 'done', `date_end` = '2024-12-11 00:00:02'
WHERE `id` = 62;
INSERT INTO `cron_job_history` (`name`, `date_started`, `status`) VALUES ('deduct_sub_amt_from_ewallet', '2024-12-11 00:05:01', 'started');
UPDATE `cron_job_history` SET `status` = 'done', `date_end` = '2024-12-11 00:05:01'
WHERE `id` = 63;
UPDATE `ci_sessions` SET `timestamp` = 1733898988, `data` = '__ci_last_regenerate|i:1733898988;isLogIn|b:1;isAdmin|b:1;id|s:1:\"1\";fullname|s:11:\"admin admin\";user_level|s:5:\"Admin\";email|s:15:\"admin@admin.com\";image|s:53:\"upload/settings/4a1f1b602322adb837a7a3547ee69cf3.jpeg\";last_login|s:19:\"2024-12-02 23:18:43\";last_logout|s:19:\"2024-11-30 04:39:35\";ip_address|s:13:\"172.71.202.51\";'
WHERE `id` = '26147814e9fa7de73669596f1be305b85519b5bb';
UPDATE `ci_sessions` SET `timestamp` = 1733899374, `data` = '__ci_last_regenerate|i:1733899374;id|s:4:\"2020\";user_id|s:6:\"35H9RV\";username|s:8:\"testuser\";sponsor_id|s:5:\"admin\";fullname|s:13:\"testuser test\";email|s:17:\"testuser@mail.com\";phone|s:10:\"6567576767\";isLogIn|b:1;'
WHERE `id` = '13ddd085356174444e90cda136eef5f386871ef8';
UPDATE `user_registration` SET `popup_seen` = 'no'
WHERE `user_id` = '35H9RV';
DELETE FROM `ci_sessions`
WHERE `id` = 'd3b9ee6f838bf91892e4f1f9400e6c2d193923e9';
INSERT INTO `login_history` (`user_id`, `device`, `ip_address`, `date`) VALUES ('admin', 'Mozilla/5.0 (Windows NT 10.0; Win64; x64) AppleWebKit/537.36 (KHTML, like Gecko) Chrome/131.0.0.0 Safari/537.36', '172.69.87.79', '24-12-11 00:43');
UPDATE `user_registration` SET `popup_seen` = 'yes'
WHERE `user_id` = 'admin';
UPDATE `ci_sessions` SET `timestamp` = 1733899417, `data` = '__ci_last_regenerate|i:1733899417;isLogIn|b:1;isAdmin|b:1;id|s:1:\"1\";fullname|s:11:\"admin admin\";user_level|s:5:\"Admin\";email|s:15:\"admin@admin.com\";image|s:53:\"upload/settings/4a1f1b602322adb837a7a3547ee69cf3.jpeg\";last_login|s:19:\"2024-12-02 23:18:43\";last_logout|s:19:\"2024-11-30 04:39:35\";ip_address|s:13:\"172.71.202.51\";'
WHERE `id` = '418f9c07bc7da86503cef99ac6c74dcdde1dda16';
UPDATE `ci_sessions` SET `timestamp` = 1733899870, `data` = '__ci_last_regenerate|i:1733899870;isLogIn|b:1;isAdmin|b:1;id|s:1:\"1\";fullname|s:11:\"admin admin\";user_level|s:5:\"Admin\";email|s:15:\"admin@admin.com\";image|s:53:\"upload/settings/4a1f1b602322adb837a7a3547ee69cf3.jpeg\";last_login|s:19:\"2024-12-02 23:18:43\";last_logout|s:19:\"2024-11-30 04:39:35\";ip_address|s:13:\"172.71.202.51\";'
WHERE `id` = 'ba7797be2770f9adc99c469283720a5ee003e58d';
UPDATE `ci_sessions` SET `timestamp` = 1733901560, `data` = '__ci_last_regenerate|i:1733901560;isLogIn|b:1;isAdmin|b:1;id|s:1:\"1\";fullname|s:11:\"admin admin\";user_level|s:5:\"Admin\";email|s:15:\"admin@admin.com\";image|s:53:\"upload/settings/4a1f1b602322adb837a7a3547ee69cf3.jpeg\";last_login|s:19:\"2024-12-02 23:18:43\";last_logout|s:19:\"2024-11-30 04:39:35\";ip_address|s:13:\"172.71.202.51\";exception|s:158:\"Invalid Request Error: Your destination account needs to have at least one of the following capabilities enabled: transfers, crypto_transfers, legacy_payments\";__ci_vars|a:1:{s:9:\"exception\";s:3:\"old\";}'
WHERE `id` = 'f4d9fccd6d9036ae5535f05f380ffc24a94d63bd';
UPDATE `setting` SET `setting_id` = 1, `withdraw_fee` = '5', `min_withdraw` = '0'
WHERE `setting_id` = 1;
UPDATE `ci_sessions` SET `timestamp` = 1733901600, `data` = '__ci_last_regenerate|i:1733901600;id|s:4:\"2019\";user_id|s:5:\"admin\";username|s:5:\"admin\";sponsor_id|s:1:\"0\";fullname|s:11:\"Alex Carrey\";email|s:15:\"admin@admin.com\";phone|s:10:\"1235467892\";isLogIn|b:1;'
WHERE `id` = '2c289a05081f578c8d6f79ef0d8fe708517df47f';
UPDATE `user_registration` SET `twofa_enabled` = 'yes'
WHERE `user_id` = 'admin';
UPDATE `ci_sessions` SET `timestamp` = 1733901905, `data` = '__ci_last_regenerate|i:1733901905;id|s:4:\"2019\";user_id|s:5:\"admin\";username|s:5:\"admin\";sponsor_id|s:1:\"0\";fullname|s:11:\"Alex Carrey\";email|s:15:\"admin@admin.com\";phone|s:10:\"1235467892\";isLogIn|b:1;message|s:58:\"OTP is Validated Succesfully. You are now verifed your 2FA\";__ci_vars|a:1:{s:7:\"message\";s:3:\"old\";}'
WHERE `id` = '39526eb68d0e145ab299a1e7f471a45caef56d39';
UPDATE `ci_sessions` SET `timestamp` = 1733902925, `data` = '__ci_last_regenerate|i:1733902925;id|s:4:\"2019\";user_id|s:5:\"admin\";username|s:5:\"admin\";sponsor_id|s:1:\"0\";fullname|s:11:\"Alex Carrey\";email|s:15:\"admin@admin.com\";phone|s:10:\"1235467892\";isLogIn|b:1;exception|s:243:\"Your account needs to have at least one of the following capabilities enabled: transfers, crypto_transfers, legacy_payments! Please check the page  <a href=\"https://travelegendcy.com/backoffice/customer/settings/bank_info\">Payout Settings</a>.\";__ci_vars|a:1:{s:9:\"exception\";s:3:\"old\";}'
WHERE `id` = 'f7bd125d1b1f0cefb58c3e2aee930a768d073bb0';
UPDATE `ci_sessions` SET `timestamp` = 1733903114, `data` = '__ci_last_regenerate|i:1733903114;isLogIn|b:1;isAdmin|b:1;id|s:1:\"1\";fullname|s:11:\"admin admin\";user_level|s:5:\"Admin\";email|s:15:\"admin@admin.com\";image|s:53:\"upload/settings/4a1f1b602322adb837a7a3547ee69cf3.jpeg\";last_login|s:19:\"2024-12-02 23:18:43\";last_logout|s:19:\"2024-11-30 04:39:35\";ip_address|s:13:\"172.71.202.51\";message|s:18:\"Save Successfully!\";__ci_vars|a:1:{s:7:\"message\";s:3:\"old\";}'
WHERE `id` = '708230be733430dc269bd1a9658475da8dd50b24';
UPDATE `ci_sessions` SET `timestamp` = 1733903362, `data` = '__ci_last_regenerate|i:1733903362;id|s:4:\"2019\";user_id|s:5:\"admin\";username|s:5:\"admin\";sponsor_id|s:1:\"0\";fullname|s:11:\"Alex Carrey\";email|s:15:\"admin@admin.com\";phone|s:10:\"1235467892\";isLogIn|b:1;'
WHERE `id` = '5bdfd32e4575fc59035c947b28b2e46299e349e7';
UPDATE `admin` SET `last_login` = '2024-12-11 11:26:46', `ip_address` = '172.70.254.97'
WHERE `id` = '1';
UPDATE `user_registration` SET `popup_seen` = 'yes'
WHERE `user_id` IS NULL;
UPDATE `user_registration` SET `popup_seen` = 'no'
WHERE `user_id` IS NULL;
DELETE FROM `ci_sessions`
WHERE `id` = 'a2c206e4784126e857ed0e6310d4aff90a91296b';
UPDATE `admin` SET `last_logout` = '2024-12-11 11:27:51'
WHERE `id` IS NULL;
DELETE FROM `ci_sessions`
WHERE `id` = '92dc9c0df2b8c7a23af5df971b9478734f0ae5eb';
UPDATE `admin` SET `last_login` = '2024-12-11 11:27:54', `ip_address` = '172.70.82.91'
WHERE `id` = '1';
UPDATE `user_registration` SET `twofa_enabled` = 'no'
WHERE `user_id` = 'admin';
INSERT INTO `two_fa_disabled_history` (`user_id`, `date`) VALUES ('admin', '2024-12-11 11:30:33');
INSERT INTO `login_history` (`user_id`, `device`, `ip_address`, `date`) VALUES ('admin', 'Mozilla/5.0 (Windows NT 10.0; Win64; x64) AppleWebKit/537.36 (KHTML, like Gecko) Chrome/130.0.0.0 Safari/537.36', '172.71.156.160', '24-12-11 11:30');
UPDATE `user_registration` SET `popup_seen` = 'yes'
WHERE `user_id` = 'admin';
UPDATE `ci_sessions` SET `timestamp` = 1733939801, `data` = '__ci_last_regenerate|i:1733939801;isLogIn|b:1;isAdmin|b:1;id|s:1:\"1\";fullname|s:11:\"admin admin\";user_level|s:5:\"Admin\";email|s:15:\"admin@admin.com\";image|s:53:\"upload/settings/4a1f1b602322adb837a7a3547ee69cf3.jpeg\";last_login|s:19:\"2024-12-11 11:26:46\";last_logout|s:19:\"2024-11-30 04:39:35\";ip_address|s:13:\"172.70.254.97\";message|s:22:\"Disabled successfully!\";__ci_vars|a:1:{s:7:\"message\";s:3:\"old\";}'
WHERE `id` = 'c4a5a2deabdc12375908d243ced6aeda15d73f18';
UPDATE `ci_sessions` SET `timestamp` = 1733940409, `data` = '__ci_last_regenerate|i:1733940409;isLogIn|b:1;isAdmin|b:1;id|s:1:\"1\";fullname|s:11:\"admin admin\";user_level|s:5:\"Admin\";email|s:15:\"admin@admin.com\";image|s:53:\"upload/settings/4a1f1b602322adb837a7a3547ee69cf3.jpeg\";last_login|s:19:\"2024-12-11 11:26:46\";last_logout|s:19:\"2024-11-30 04:39:35\";ip_address|s:13:\"172.70.254.97\";'
WHERE `id` = '3ee7a758b6416e6b4ad6096746e32c8a713e2f8c';
INSERT INTO `login_history` (`user_id`, `device`, `ip_address`, `date`) VALUES ('44B9Y4', 'Mozilla/5.0 (Windows NT 10.0; Win64; x64) AppleWebKit/537.36 (KHTML, like Gecko) Chrome/131.0.0.0 Safari/537.36', '172.70.255.41', '24-12-11 12:53');
UPDATE `user_registration` SET `popup_seen` = 'yes'
WHERE `user_id` = '44B9Y4';
UPDATE `user_registration` SET `uid` = '2023', `user_id` = '45E8V2', `username` = 'Legend', `sponsor_id` = '44B9Y4', `vacant` = 'no', `f_name` = 'Martin', `l_name` = 'Fuentes', `position` = 'right', `email` = 'emiliotapanes+1@gmail.com', `password` = '7ccac8ad8e13793c8b8a27e0ede99587', `phone` = '7862876762', `country` = 'United States', `state` = 'Florida', `city` = 'Miami', `street` = '8100 SW 14 Terr', `zip_code` = '33144', `reg_ip` = '172.70.254.69', `status` = 1, `package_id` = '2', `rank_id` = 1, `highest_rank` = 1, `cycle_rank_id` = 1, `created` = '2024-12-11 12:57:32', `subscription_date` = '2025-01-10', `google_secret` = 'H7YOFCD5AROVJ527'
WHERE `uid` = '2023';
INSERT INTO `user_registration` (`uid`, `user_id`, `username`, `sponsor_id`, `placement_id`, `vacant`, `f_name`, `l_name`, `address`, `position`, `email`, `password`, `phone`, `reg_ip`, `status`, `created`) VALUES (NULL, 'EZHEHZ', 'vIPqRfJW', '45E8V2', '45E8V2', 'yes', '', '', '', 'left', '@mail.com', '', '', '', 0, '2024-12-11 12:57:32');
INSERT INTO `user_registration` (`uid`, `user_id`, `username`, `sponsor_id`, `placement_id`, `vacant`, `f_name`, `l_name`, `address`, `position`, `email`, `password`, `phone`, `reg_ip`, `status`, `created`) VALUES (NULL, 'QPBIMH', 'IVTkAeSK', '45E8V2', '45E8V2', 'yes', '', '', '', 'right', '@mail.com', '', '', '', 0, '2024-12-11 12:57:32');
INSERT INTO `bv_updation` (`user_id`) VALUES ('45E8V2');
UPDATE `user_registration` SET total_ref_count = total_ref_count+1
WHERE `user_id` = '44B9Y4';
UPDATE `user_registration` SET total_downlines = total_downlines+1
WHERE `user_id` = '44B9Y4';
UPDATE `user_registration` SET right_downlines = right_downlines+1
WHERE `user_id` = '44B9Y4';
UPDATE `user_registration` SET right_ref_count = right_ref_count+1
WHERE `user_id` = '44B9Y4';
UPDATE `user_registration` SET active_right = active_right+1
WHERE `user_id` = '44B9Y4';
UPDATE `user_registration` SET total_downlines = total_downlines+1
WHERE `user_id` = 'admin';
UPDATE `user_registration` SET right_downlines = right_downlines+1
WHERE `user_id` = 'admin';
INSERT INTO `investment` (`invest_date`, `user_id`, `type`, `amount`, `package_id`) VALUES ('2024-12-11 12:57:32', '45E8V2', 'register', '595', '2');
INSERT INTO `earnings` (`user_id`, `Purchaser_id`, `earning_type`, `package_id`, `amount`, `date`, `comments`, `invest_amount`, `comm_perc`, `level`, `rank_id`, `order_id`) VALUES ('44B9Y4', '45E8V2', 'Direct Referral Bonus', '2', '100', '2024-12-11 12:57:32', 'Direct Referral Bonus', 0, 0, 1, '', 4);
UPDATE `user_registration` SET commission_balance = ROUND(commission_balance + 100,2)
WHERE `user_id` = '44B9Y4';
UPDATE `user_registration` SET referral_bonus = ROUND(referral_bonus + 100,2)
WHERE `user_id` = '44B9Y4';
UPDATE `user_registration` SET total_points = ROUND(total_points + 50,2)
WHERE `user_id` = '45E8V2';
INSERT INTO `points_history` (`user_id`, `points`, `type`, `date`) VALUES ('45E8V2', '50', 'register', '2024-12-11 12:57:');
INSERT INTO `matrix_filling` (`placement_id`, `downline_id`, `level`, `matrix`) VALUES ('44B9Y4', '45E8V2', 1, 1);
INSERT INTO `matrix_filling` (`placement_id`, `downline_id`, `level`, `matrix`) VALUES ('admin', '45E8V2', 2, 1);
UPDATE `bv_updation` SET right_carry = right_carry+50, total_right = total_right+50
WHERE `user_id` = 'admin';
INSERT INTO `placement_bv_update_history` (`right_carry`, `date`, `from_id`, `user_id`) VALUES ('50', '2024-12-11 12:57:32', '45E8V2', 'admin');
INSERT INTO `package_purchase_history` (`user_id`, `package_id`, `reg_fee`, `package_name`, `monthly_fee`, `type`, `date`, `payment_option`) VALUES ('45E8V2', '2', '595', 'Traveler Pro', '150', 'sign_up', '2024-12-11 12:57:32', 'free');
UPDATE `user_registration` SET `popup_seen` = 'yes'
WHERE `user_id` = '44B9Y4';
UPDATE `ci_sessions` SET `timestamp` = 1733943645, `data` = '__ci_last_regenerate|i:1733943645;id|s:4:\"2021\";user_id|s:6:\"44B9Y4\";username|s:7:\"Talimbi\";sponsor_id|s:5:\"admin\";fullname|s:14:\"Emilio Tapanes\";email|s:23:\"emiliotapanes@gmail.com\";phone|s:10:\"7862876762\";isLogIn|b:1;'
WHERE `id` = '08db2aae89868d88bb1f599603a2865636d07527';
UPDATE `user_registration` SET `uid` = '2022', `user_id` = 'SJBNYJ', `username` = 'Leyenda', `sponsor_id` = '44B9Y4', `vacant` = 'no', `f_name` = 'Hortensia', `l_name` = 'Fuentes', `position` = 'left', `email` = 'emiliotapanes+2@gmail.com', `password` = '7ccac8ad8e13793c8b8a27e0ede99587', `phone` = '7862876762', `country` = 'United States', `state` = 'Florida', `city` = 'Miami', `street` = '8100 SW 14 Terr', `zip_code` = '33144', `reg_ip` = '172.70.55.201', `status` = 1, `package_id` = '2', `rank_id` = 1, `highest_rank` = 1, `cycle_rank_id` = 1, `created` = '2024-12-11 13:00:45', `subscription_date` = '2025-01-10', `google_secret` = 'ELLXOVF7UQLA5XQJ'
WHERE `uid` = '2022';
INSERT INTO `user_registration` (`uid`, `user_id`, `username`, `sponsor_id`, `placement_id`, `vacant`, `f_name`, `l_name`, `address`, `position`, `email`, `password`, `phone`, `reg_ip`, `status`, `created`) VALUES (NULL, 'WMQFGJ', 'UayiaItJ', 'SJBNYJ', 'SJBNYJ', 'yes', '', '', '', 'left', '@mail.com', '', '', '', 0, '2024-12-11 13:00:45');
INSERT INTO `user_registration` (`uid`, `user_id`, `username`, `sponsor_id`, `placement_id`, `vacant`, `f_name`, `l_name`, `address`, `position`, `email`, `password`, `phone`, `reg_ip`, `status`, `created`) VALUES (NULL, 'KOYEEW', 'tAjJjWYl', 'SJBNYJ', 'SJBNYJ', 'yes', '', '', '', 'right', '@mail.com', '', '', '', 0, '2024-12-11 13:00:45');
INSERT INTO `bv_updation` (`user_id`) VALUES ('SJBNYJ');
UPDATE `user_registration` SET total_ref_count = total_ref_count+1
WHERE `user_id` = '44B9Y4';
UPDATE `user_registration` SET total_downlines = total_downlines+1
WHERE `user_id` = '44B9Y4';
UPDATE `user_registration` SET left_downlines = left_downlines+1
WHERE `user_id` = '44B9Y4';
UPDATE `user_registration` SET left_ref_count = left_ref_count+1
WHERE `user_id` = '44B9Y4';
UPDATE `user_registration` SET active_left = active_left+1
WHERE `user_id` = '44B9Y4';
UPDATE `user_registration` SET `binary_qualified` = 'yes', `binary_qualified_date` = '2024-12-11 13:00:45'
WHERE `user_id` = '44B9Y4';
UPDATE `user_registration` SET total_downlines = total_downlines+1
WHERE `user_id` = 'admin';
UPDATE `user_registration` SET right_downlines = right_downlines+1
WHERE `user_id` = 'admin';
INSERT INTO `investment` (`invest_date`, `user_id`, `type`, `amount`, `package_id`) VALUES ('2024-12-11 13:00:45', 'SJBNYJ', 'register', '595', '2');
INSERT INTO `earnings` (`user_id`, `Purchaser_id`, `earning_type`, `package_id`, `amount`, `date`, `comments`, `invest_amount`, `comm_perc`, `level`, `rank_id`, `order_id`) VALUES ('44B9Y4', 'SJBNYJ', 'Direct Referral Bonus', '2', '100', '2024-12-11 13:00:45', 'Direct Referral Bonus', 0, 0, 1, '', 5);
UPDATE `user_registration` SET commission_balance = ROUND(commission_balance + 100,2)
WHERE `user_id` = '44B9Y4';
UPDATE `user_registration` SET referral_bonus = ROUND(referral_bonus + 100,2)
WHERE `user_id` = '44B9Y4';
UPDATE `user_registration` SET total_points = ROUND(total_points + 50,2)
WHERE `user_id` = 'SJBNYJ';
INSERT INTO `points_history` (`user_id`, `points`, `type`, `date`) VALUES ('SJBNYJ', '50', 'register', '2024-12-11 13:00:');
INSERT INTO `matrix_filling` (`placement_id`, `downline_id`, `level`, `matrix`) VALUES ('44B9Y4', 'SJBNYJ', 1, 1);
INSERT INTO `matrix_filling` (`placement_id`, `downline_id`, `level`, `matrix`) VALUES ('admin', 'SJBNYJ', 2, 1);
UPDATE `bv_updation` SET right_carry = right_carry+50, total_right = total_right+50
WHERE `user_id` = 'admin';
INSERT INTO `placement_bv_update_history` (`right_carry`, `date`, `from_id`, `user_id`) VALUES ('50', '2024-12-11 13:00:45', 'SJBNYJ', 'admin');
INSERT INTO `package_purchase_history` (`user_id`, `package_id`, `reg_fee`, `package_name`, `monthly_fee`, `type`, `date`, `payment_option`) VALUES ('SJBNYJ', '2', '595', 'Traveler Pro', '150', 'sign_up', '2024-12-11 13:00:45', 'free');
UPDATE `user_registration` SET `popup_seen` = 'no'
WHERE `user_id` = '44B9Y4';
DELETE FROM `ci_sessions`
WHERE `id` = 'e985c9caf7c382beebe6931fcf68d30b04fb22b3';
INSERT INTO `login_history` (`user_id`, `device`, `ip_address`, `date`) VALUES ('45E8V2', 'Mozilla/5.0 (Windows NT 10.0; Win64; x64) AppleWebKit/537.36 (KHTML, like Gecko) Chrome/131.0.0.0 Safari/537.36', '172.70.54.36', '24-12-11 13:02');
UPDATE `user_registration` SET `popup_seen` = 'yes'
WHERE `user_id` = '45E8V2';
UPDATE `user_registration` SET `default_leg` = 'left'
WHERE `user_id` = '45E8V2';
UPDATE `user_registration` SET `popup_seen` = 'yes'
WHERE `user_id` = '45E8V2';
UPDATE `ci_sessions` SET `timestamp` = 1733944062, `data` = '__ci_last_regenerate|i:1733944062;id|s:4:\"2023\";user_id|s:6:\"45E8V2\";username|s:6:\"Legend\";sponsor_id|s:6:\"44B9Y4\";fullname|s:14:\"Martin Fuentes\";email|s:25:\"emiliotapanes+1@gmail.com\";phone|s:10:\"7862876762\";isLogIn|b:1;'
WHERE `id` = 'bcf081a2fef5fb84b1f1d3154177a741ec24584c';
UPDATE `user_registration` SET `uid` = '2026', `user_id` = 'H2HQC8', `username` = 'Roma', `sponsor_id` = '45E8V2', `vacant` = 'no', `f_name` = 'Yordanis', `l_name` = 'Fuentes', `position` = 'left', `email` = 'emiliotapanes+4@gmail.com', `password` = '7ccac8ad8e13793c8b8a27e0ede99587', `phone` = '7862876762', `country` = 'United States', `state` = 'Florida', `city` = 'Miami', `street` = '8100 SW 14 Terr', `zip_code` = '33144', `reg_ip` = '172.70.255.225', `status` = 1, `package_id` = '2', `rank_id` = 1, `highest_rank` = 1, `cycle_rank_id` = 1, `created` = '2024-12-11 13:07:42', `subscription_date` = '2025-01-10', `google_secret` = 'B7FGMEWM5DU22L2K'
WHERE `uid` = '2026';
INSERT INTO `user_registration` (`uid`, `user_id`, `username`, `sponsor_id`, `placement_id`, `vacant`, `f_name`, `l_name`, `address`, `position`, `email`, `password`, `phone`, `reg_ip`, `status`, `created`) VALUES (NULL, 'EIOBJQ', 'chMFIpNE', 'H2HQC8', 'H2HQC8', 'yes', '', '', '', 'left', '@mail.com', '', '', '', 0, '2024-12-11 13:07:42');
INSERT INTO `user_registration` (`uid`, `user_id`, `username`, `sponsor_id`, `placement_id`, `vacant`, `f_name`, `l_name`, `address`, `position`, `email`, `password`, `phone`, `reg_ip`, `status`, `created`) VALUES (NULL, 'ONZVFO', 'ahdAtQzc', 'H2HQC8', 'H2HQC8', 'yes', '', '', '', 'right', '@mail.com', '', '', '', 0, '2024-12-11 13:07:42');
INSERT INTO `bv_updation` (`user_id`) VALUES ('H2HQC8');
UPDATE `user_registration` SET total_ref_count = total_ref_count+1
WHERE `user_id` = '45E8V2';
UPDATE `user_registration` SET total_downlines = total_downlines+1
WHERE `user_id` = '45E8V2';
UPDATE `user_registration` SET left_downlines = left_downlines+1
WHERE `user_id` = '45E8V2';
UPDATE `user_registration` SET left_ref_count = left_ref_count+1
WHERE `user_id` = '45E8V2';
UPDATE `user_registration` SET active_left = active_left+1
WHERE `user_id` = '45E8V2';
UPDATE `user_registration` SET total_downlines = total_downlines+1
WHERE `user_id` = '44B9Y4';
UPDATE `user_registration` SET right_downlines = right_downlines+1
WHERE `user_id` = '44B9Y4';
UPDATE `user_registration` SET total_downlines = total_downlines+1
WHERE `user_id` = 'admin';
UPDATE `user_registration` SET right_downlines = right_downlines+1
WHERE `user_id` = 'admin';
INSERT INTO `investment` (`invest_date`, `user_id`, `type`, `amount`, `package_id`) VALUES ('2024-12-11 13:07:42', 'H2HQC8', 'register', '595', '2');
INSERT INTO `earnings` (`user_id`, `Purchaser_id`, `earning_type`, `package_id`, `amount`, `date`, `comments`, `invest_amount`, `comm_perc`, `level`, `rank_id`, `order_id`) VALUES ('45E8V2', 'H2HQC8', 'Direct Referral Bonus', '2', '100', '2024-12-11 13:07:42', 'Direct Referral Bonus', 0, 0, 1, '', 6);
UPDATE `user_registration` SET commission_balance = ROUND(commission_balance + 100,2)
WHERE `user_id` = '45E8V2';
UPDATE `user_registration` SET referral_bonus = ROUND(referral_bonus + 100,2)
WHERE `user_id` = '45E8V2';
UPDATE `user_registration` SET total_points = ROUND(total_points + 50,2)
WHERE `user_id` = 'H2HQC8';
INSERT INTO `points_history` (`user_id`, `points`, `type`, `date`) VALUES ('H2HQC8', '50', 'register', '2024-12-11 13:07:');
INSERT INTO `matrix_filling` (`placement_id`, `downline_id`, `level`, `matrix`) VALUES ('45E8V2', 'H2HQC8', 1, 1);
UPDATE `bv_updation` SET left_carry = left_carry+50, total_left = total_left+50
WHERE `user_id` = '45E8V2';
INSERT INTO `placement_bv_update_history` (`left_carry`, `date`, `from_id`, `user_id`) VALUES ('50', '2024-12-11 13:07:42', 'H2HQC8', '45E8V2');
UPDATE `bv_updation` SET sponsor_left_carry = sponsor_left_carry+50, sponsor_total_left = sponsor_total_left+50
WHERE `user_id` = '45E8V2';
INSERT INTO `sponsor_bv_update_history` (`left_carry`, `date`, `user_id`) VALUES ('50', '2024-12-11 13:07:42', '45E8V2');
INSERT INTO `matrix_filling` (`placement_id`, `downline_id`, `level`, `matrix`) VALUES ('44B9Y4', 'H2HQC8', 2, 1);
INSERT INTO `matrix_filling` (`placement_id`, `downline_id`, `level`, `matrix`) VALUES ('admin', 'H2HQC8', 3, 1);
UPDATE `bv_updation` SET right_carry = right_carry+50, total_right = total_right+50
WHERE `user_id` = 'admin';
INSERT INTO `placement_bv_update_history` (`right_carry`, `date`, `from_id`, `user_id`) VALUES ('50', '2024-12-11 13:07:42', 'H2HQC8', 'admin');
INSERT INTO `package_purchase_history` (`user_id`, `package_id`, `reg_fee`, `package_name`, `monthly_fee`, `type`, `date`, `payment_option`) VALUES ('H2HQC8', '2', '595', 'Traveler Pro', '150', 'sign_up', '2024-12-11 13:07:42', 'free');
UPDATE `user_registration` SET `default_leg` = 'right'
WHERE `user_id` = '45E8V2';
UPDATE `user_registration` SET `uid` = '2027', `user_id` = 'XVTJOY', `username` = 'Milano', `sponsor_id` = '45E8V2', `vacant` = 'no', `f_name` = 'Yoandy', `l_name` = 'Fuentes', `position` = 'right', `email` = 'emiliotapanes+3@gmail.com', `password` = '7ccac8ad8e13793c8b8a27e0ede99587', `phone` = '7862876762', `country` = 'United States', `state` = 'Florida', `city` = 'Miami', `street` = '8100 SW 14 terr', `zip_code` = '33144', `reg_ip` = '172.70.255.238', `status` = 1, `package_id` = '2', `rank_id` = 1, `highest_rank` = 1, `cycle_rank_id` = 1, `created` = '2024-12-11 13:09:56', `subscription_date` = '2025-01-10', `google_secret` = 'EWR5XPMUC2SEJYUJ'
WHERE `uid` = '2027';
INSERT INTO `user_registration` (`uid`, `user_id`, `username`, `sponsor_id`, `placement_id`, `vacant`, `f_name`, `l_name`, `address`, `position`, `email`, `password`, `phone`, `reg_ip`, `status`, `created`) VALUES (NULL, 'KIDOBO', 'btBPWYVV', 'XVTJOY', 'XVTJOY', 'yes', '', '', '', 'left', '@mail.com', '', '', '', 0, '2024-12-11 13:09:56');
INSERT INTO `user_registration` (`uid`, `user_id`, `username`, `sponsor_id`, `placement_id`, `vacant`, `f_name`, `l_name`, `address`, `position`, `email`, `password`, `phone`, `reg_ip`, `status`, `created`) VALUES (NULL, 'OGSSHB', 'pyyPnRlh', 'XVTJOY', 'XVTJOY', 'yes', '', '', '', 'right', '@mail.com', '', '', '', 0, '2024-12-11 13:09:56');
INSERT INTO `bv_updation` (`user_id`) VALUES ('XVTJOY');
UPDATE `user_registration` SET total_ref_count = total_ref_count+1
WHERE `user_id` = '45E8V2';
UPDATE `user_registration` SET total_downlines = total_downlines+1
WHERE `user_id` = '45E8V2';
UPDATE `user_registration` SET right_downlines = right_downlines+1
WHERE `user_id` = '45E8V2';
UPDATE `user_registration` SET right_ref_count = right_ref_count+1
WHERE `user_id` = '45E8V2';
UPDATE `user_registration` SET active_right = active_right+1
WHERE `user_id` = '45E8V2';
UPDATE `user_registration` SET `binary_qualified` = 'yes', `binary_qualified_date` = '2024-12-11 13:09:56'
WHERE `user_id` = '45E8V2';
UPDATE `user_registration` SET total_downlines = total_downlines+1
WHERE `user_id` = '44B9Y4';
UPDATE `user_registration` SET right_downlines = right_downlines+1
WHERE `user_id` = '44B9Y4';
UPDATE `user_registration` SET total_downlines = total_downlines+1
WHERE `user_id` = 'admin';
UPDATE `user_registration` SET right_downlines = right_downlines+1
WHERE `user_id` = 'admin';
INSERT INTO `investment` (`invest_date`, `user_id`, `type`, `amount`, `package_id`) VALUES ('2024-12-11 13:09:57', 'XVTJOY', 'register', '595', '2');
INSERT INTO `earnings` (`user_id`, `Purchaser_id`, `earning_type`, `package_id`, `amount`, `date`, `comments`, `invest_amount`, `comm_perc`, `level`, `rank_id`, `order_id`) VALUES ('45E8V2', 'XVTJOY', 'Direct Referral Bonus', '2', '100', '2024-12-11 13:09:57', 'Direct Referral Bonus', 0, 0, 1, '', 7);
UPDATE `user_registration` SET commission_balance = ROUND(commission_balance + 100,2)
WHERE `user_id` = '45E8V2';
UPDATE `user_registration` SET referral_bonus = ROUND(referral_bonus + 100,2)
WHERE `user_id` = '45E8V2';
UPDATE `user_registration` SET total_points = ROUND(total_points + 50,2)
WHERE `user_id` = 'XVTJOY';
INSERT INTO `points_history` (`user_id`, `points`, `type`, `date`) VALUES ('XVTJOY', '50', 'register', '2024-12-11 13:09:');
INSERT INTO `matrix_filling` (`placement_id`, `downline_id`, `level`, `matrix`) VALUES ('45E8V2', 'XVTJOY', 1, 1);
UPDATE `bv_updation` SET right_carry = right_carry+50, total_right = total_right+50
WHERE `user_id` = '45E8V2';
INSERT INTO `placement_bv_update_history` (`right_carry`, `date`, `from_id`, `user_id`) VALUES ('50', '2024-12-11 13:09:57', 'XVTJOY', '45E8V2');
UPDATE `bv_updation` SET sponsor_right_carry = sponsor_right_carry+50, sponsor_total_right = sponsor_total_right+50
WHERE `user_id` = '45E8V2';
INSERT INTO `sponsor_bv_update_history` (`right_carry`, `date`, `user_id`) VALUES ('50', '2024-12-11 13:09:57', '45E8V2');
INSERT INTO `matrix_filling` (`placement_id`, `downline_id`, `level`, `matrix`) VALUES ('44B9Y4', 'XVTJOY', 2, 1);
INSERT INTO `matrix_filling` (`placement_id`, `downline_id`, `level`, `matrix`) VALUES ('admin', 'XVTJOY', 3, 1);
UPDATE `bv_updation` SET right_carry = right_carry+50, total_right = total_right+50
WHERE `user_id` = 'admin';
INSERT INTO `placement_bv_update_history` (`right_carry`, `date`, `from_id`, `user_id`) VALUES ('50', '2024-12-11 13:09:57', 'XVTJOY', 'admin');
INSERT INTO `package_purchase_history` (`user_id`, `package_id`, `reg_fee`, `package_name`, `monthly_fee`, `type`, `date`, `payment_option`) VALUES ('XVTJOY', '2', '595', 'Traveler Pro', '150', 'sign_up', '2024-12-11 13:09:57', 'free');
UPDATE `user_registration` SET `popup_seen` = 'no'
WHERE `user_id` = '45E8V2';
DELETE FROM `ci_sessions`
WHERE `id` = 'b81617a7f0200b2dbfd4a1ce64245de6d0bcb7ed';
INSERT INTO `login_history` (`user_id`, `device`, `ip_address`, `date`) VALUES ('SJBNYJ', 'Mozilla/5.0 (Windows NT 10.0; Win64; x64) AppleWebKit/537.36 (KHTML, like Gecko) Chrome/131.0.0.0 Safari/537.36', '172.70.255.238', '24-12-11 13:10');
UPDATE `user_registration` SET `popup_seen` = 'yes'
WHERE `user_id` = 'SJBNYJ';
UPDATE `user_registration` SET `default_leg` = 'left'
WHERE `user_id` = 'SJBNYJ';
UPDATE `user_registration` SET `uid` = '2028', `user_id` = '4E1CRI', `username` = 'Torino', `sponsor_id` = 'SJBNYJ', `vacant` = 'no', `f_name` = 'Ray', `l_name` = 'Rodriguez', `position` = 'left', `email` = 'emiliotapanes+6@gmail.com', `password` = '7ccac8ad8e13793c8b8a27e0ede99587', `phone` = '7862876762', `country` = 'United States', `state` = 'Florida', `city` = 'Miami', `street` = '8100 SW 14 Terr', `zip_code` = '33144', `reg_ip` = '172.70.55.222', `status` = 1, `package_id` = '2', `rank_id` = 1, `highest_rank` = 1, `cycle_rank_id` = 1, `created` = '2024-12-11 13:12:59', `subscription_date` = '2025-01-10', `google_secret` = '3H7QSYZIEBIZR5YB'
WHERE `uid` = '2028';
INSERT INTO `user_registration` (`uid`, `user_id`, `username`, `sponsor_id`, `placement_id`, `vacant`, `f_name`, `l_name`, `address`, `position`, `email`, `password`, `phone`, `reg_ip`, `status`, `created`) VALUES (NULL, 'FJOYQQ', 'bLxxDoLy', '4E1CRI', '4E1CRI', 'yes', '', '', '', 'left', '@mail.com', '', '', '', 0, '2024-12-11 13:12:59');
INSERT INTO `user_registration` (`uid`, `user_id`, `username`, `sponsor_id`, `placement_id`, `vacant`, `f_name`, `l_name`, `address`, `position`, `email`, `password`, `phone`, `reg_ip`, `status`, `created`) VALUES (NULL, 'KOTYPT', 'RLehDIFt', '4E1CRI', '4E1CRI', 'yes', '', '', '', 'right', '@mail.com', '', '', '', 0, '2024-12-11 13:12:59');
INSERT INTO `bv_updation` (`user_id`) VALUES ('4E1CRI');
UPDATE `user_registration` SET total_ref_count = total_ref_count+1
WHERE `user_id` = 'SJBNYJ';
UPDATE `user_registration` SET total_downlines = total_downlines+1
WHERE `user_id` = 'SJBNYJ';
UPDATE `user_registration` SET left_downlines = left_downlines+1
WHERE `user_id` = 'SJBNYJ';
UPDATE `user_registration` SET left_ref_count = left_ref_count+1
WHERE `user_id` = 'SJBNYJ';
UPDATE `user_registration` SET active_left = active_left+1
WHERE `user_id` = 'SJBNYJ';
UPDATE `user_registration` SET total_downlines = total_downlines+1
WHERE `user_id` = '44B9Y4';
UPDATE `user_registration` SET left_downlines = left_downlines+1
WHERE `user_id` = '44B9Y4';
UPDATE `user_registration` SET total_downlines = total_downlines+1
WHERE `user_id` = 'admin';
UPDATE `user_registration` SET right_downlines = right_downlines+1
WHERE `user_id` = 'admin';
INSERT INTO `investment` (`invest_date`, `user_id`, `type`, `amount`, `package_id`) VALUES ('2024-12-11 13:13:00', '4E1CRI', 'register', '595', '2');
INSERT INTO `earnings` (`user_id`, `Purchaser_id`, `earning_type`, `package_id`, `amount`, `date`, `comments`, `invest_amount`, `comm_perc`, `level`, `rank_id`, `order_id`) VALUES ('SJBNYJ', '4E1CRI', 'Direct Referral Bonus', '2', '100', '2024-12-11 13:13:00', 'Direct Referral Bonus', 0, 0, 1, '', 8);
UPDATE `user_registration` SET commission_balance = ROUND(commission_balance + 100,2)
WHERE `user_id` = 'SJBNYJ';
UPDATE `user_registration` SET referral_bonus = ROUND(referral_bonus + 100,2)
WHERE `user_id` = 'SJBNYJ';
UPDATE `user_registration` SET total_points = ROUND(total_points + 50,2)
WHERE `user_id` = '4E1CRI';
INSERT INTO `points_history` (`user_id`, `points`, `type`, `date`) VALUES ('4E1CRI', '50', 'register', '2024-12-11 13:13:');
INSERT INTO `matrix_filling` (`placement_id`, `downline_id`, `level`, `matrix`) VALUES ('SJBNYJ', '4E1CRI', 1, 1);
UPDATE `bv_updation` SET left_carry = left_carry+50, total_left = total_left+50
WHERE `user_id` = 'SJBNYJ';
INSERT INTO `placement_bv_update_history` (`left_carry`, `date`, `from_id`, `user_id`) VALUES ('50', '2024-12-11 13:13:00', '4E1CRI', 'SJBNYJ');
UPDATE `bv_updation` SET sponsor_left_carry = sponsor_left_carry+50, sponsor_total_left = sponsor_total_left+50
WHERE `user_id` = 'SJBNYJ';
INSERT INTO `sponsor_bv_update_history` (`left_carry`, `date`, `user_id`) VALUES ('50', '2024-12-11 13:13:00', 'SJBNYJ');
INSERT INTO `matrix_filling` (`placement_id`, `downline_id`, `level`, `matrix`) VALUES ('44B9Y4', '4E1CRI', 2, 1);
INSERT INTO `matrix_filling` (`placement_id`, `downline_id`, `level`, `matrix`) VALUES ('admin', '4E1CRI', 3, 1);
UPDATE `bv_updation` SET right_carry = right_carry+50, total_right = total_right+50
WHERE `user_id` = 'admin';
INSERT INTO `placement_bv_update_history` (`right_carry`, `date`, `from_id`, `user_id`) VALUES ('50', '2024-12-11 13:13:00', '4E1CRI', 'admin');
INSERT INTO `package_purchase_history` (`user_id`, `package_id`, `reg_fee`, `package_name`, `monthly_fee`, `type`, `date`, `payment_option`) VALUES ('4E1CRI', '2', '595', 'Traveler Pro', '150', 'sign_up', '2024-12-11 13:13:00', 'free');
UPDATE `user_registration` SET `default_leg` = 'right'
WHERE `user_id` = 'SJBNYJ';
UPDATE `user_registration` SET `uid` = '2029', `user_id` = 'PBFKSY', `username` = 'Palermo', `sponsor_id` = 'SJBNYJ', `vacant` = 'no', `f_name` = 'Rosmery', `l_name` = 'Gomez', `position` = 'right', `email` = 'emiliotapanes+5@gmail.com', `password` = '7ccac8ad8e13793c8b8a27e0ede99587', `phone` = '7862876762', `country` = 'United States', `state` = 'Florida', `city` = 'Miami', `street` = '8100 SW 14 Terr', `zip_code` = '33144', `reg_ip` = '172.70.55.221', `status` = 1, `package_id` = '2', `rank_id` = 1, `highest_rank` = 1, `cycle_rank_id` = 1, `created` = '2024-12-11 13:15:15', `subscription_date` = '2025-01-10', `google_secret` = 'XX3MUOG2PSRWZFAL'
WHERE `uid` = '2029';
INSERT INTO `user_registration` (`uid`, `user_id`, `username`, `sponsor_id`, `placement_id`, `vacant`, `f_name`, `l_name`, `address`, `position`, `email`, `password`, `phone`, `reg_ip`, `status`, `created`) VALUES (NULL, 'ZOFOMB', 'QezheHeN', 'PBFKSY', 'PBFKSY', 'yes', '', '', '', 'left', '@mail.com', '', '', '', 0, '2024-12-11 13:15:15');
INSERT INTO `user_registration` (`uid`, `user_id`, `username`, `sponsor_id`, `placement_id`, `vacant`, `f_name`, `l_name`, `address`, `position`, `email`, `password`, `phone`, `reg_ip`, `status`, `created`) VALUES (NULL, 'HFAHLB', 'NQhRMAlk', 'PBFKSY', 'PBFKSY', 'yes', '', '', '', 'right', '@mail.com', '', '', '', 0, '2024-12-11 13:15:15');
INSERT INTO `bv_updation` (`user_id`) VALUES ('PBFKSY');
UPDATE `user_registration` SET total_ref_count = total_ref_count+1
WHERE `user_id` = 'SJBNYJ';
UPDATE `user_registration` SET total_downlines = total_downlines+1
WHERE `user_id` = 'SJBNYJ';
UPDATE `user_registration` SET right_downlines = right_downlines+1
WHERE `user_id` = 'SJBNYJ';
UPDATE `user_registration` SET right_ref_count = right_ref_count+1
WHERE `user_id` = 'SJBNYJ';
UPDATE `user_registration` SET active_right = active_right+1
WHERE `user_id` = 'SJBNYJ';
UPDATE `user_registration` SET `binary_qualified` = 'yes', `binary_qualified_date` = '2024-12-11 13:15:15'
WHERE `user_id` = 'SJBNYJ';
UPDATE `user_registration` SET total_downlines = total_downlines+1
WHERE `user_id` = '44B9Y4';
UPDATE `user_registration` SET left_downlines = left_downlines+1
WHERE `user_id` = '44B9Y4';
UPDATE `user_registration` SET total_downlines = total_downlines+1
WHERE `user_id` = 'admin';
UPDATE `user_registration` SET right_downlines = right_downlines+1
WHERE `user_id` = 'admin';
INSERT INTO `investment` (`invest_date`, `user_id`, `type`, `amount`, `package_id`) VALUES ('2024-12-11 13:15:16', 'PBFKSY', 'register', '595', '2');
INSERT INTO `earnings` (`user_id`, `Purchaser_id`, `earning_type`, `package_id`, `amount`, `date`, `comments`, `invest_amount`, `comm_perc`, `level`, `rank_id`, `order_id`) VALUES ('SJBNYJ', 'PBFKSY', 'Direct Referral Bonus', '2', '100', '2024-12-11 13:15:16', 'Direct Referral Bonus', 0, 0, 1, '', 9);
UPDATE `user_registration` SET commission_balance = ROUND(commission_balance + 100,2)
WHERE `user_id` = 'SJBNYJ';
UPDATE `user_registration` SET referral_bonus = ROUND(referral_bonus + 100,2)
WHERE `user_id` = 'SJBNYJ';
UPDATE `user_registration` SET total_points = ROUND(total_points + 50,2)
WHERE `user_id` = 'PBFKSY';
INSERT INTO `points_history` (`user_id`, `points`, `type`, `date`) VALUES ('PBFKSY', '50', 'register', '2024-12-11 13:15:');
INSERT INTO `matrix_filling` (`placement_id`, `downline_id`, `level`, `matrix`) VALUES ('SJBNYJ', 'PBFKSY', 1, 1);
UPDATE `bv_updation` SET right_carry = right_carry+50, total_right = total_right+50
WHERE `user_id` = 'SJBNYJ';
INSERT INTO `placement_bv_update_history` (`right_carry`, `date`, `from_id`, `user_id`) VALUES ('50', '2024-12-11 13:15:16', 'PBFKSY', 'SJBNYJ');
UPDATE `bv_updation` SET sponsor_right_carry = sponsor_right_carry+50, sponsor_total_right = sponsor_total_right+50
WHERE `user_id` = 'SJBNYJ';
INSERT INTO `sponsor_bv_update_history` (`right_carry`, `date`, `user_id`) VALUES ('50', '2024-12-11 13:15:16', 'SJBNYJ');
INSERT INTO `matrix_filling` (`placement_id`, `downline_id`, `level`, `matrix`) VALUES ('44B9Y4', 'PBFKSY', 2, 1);
INSERT INTO `matrix_filling` (`placement_id`, `downline_id`, `level`, `matrix`) VALUES ('admin', 'PBFKSY', 3, 1);
UPDATE `bv_updation` SET right_carry = right_carry+50, total_right = total_right+50
WHERE `user_id` = 'admin';
INSERT INTO `placement_bv_update_history` (`right_carry`, `date`, `from_id`, `user_id`) VALUES ('50', '2024-12-11 13:15:16', 'PBFKSY', 'admin');
INSERT INTO `package_purchase_history` (`user_id`, `package_id`, `reg_fee`, `package_name`, `monthly_fee`, `type`, `date`, `payment_option`) VALUES ('PBFKSY', '2', '595', 'Traveler Pro', '150', 'sign_up', '2024-12-11 13:15:16', 'free');
UPDATE `user_registration` SET `popup_seen` = 'no'
WHERE `user_id` = 'SJBNYJ';
DELETE FROM `ci_sessions`
WHERE `id` = '2eda7033d27a5db57d6200a03ef00ec04e8972a4';
INSERT INTO `login_history` (`user_id`, `device`, `ip_address`, `date`) VALUES ('44B9Y4', 'Mozilla/5.0 (Windows NT 10.0; Win64; x64) AppleWebKit/537.36 (KHTML, like Gecko) Chrome/131.0.0.0 Safari/537.36', '172.70.55.221', '24-12-11 13:15');
UPDATE `user_registration` SET `popup_seen` = 'yes'
WHERE `user_id` = '44B9Y4';
UPDATE `user_registration` SET `popup_seen` = 'yes'
WHERE `user_id` = '44B9Y4';
UPDATE `user_registration` SET `popup_seen` = 'no'
WHERE `user_id` = '44B9Y4';
DELETE FROM `ci_sessions`
WHERE `id` = '647ad209f9806644dff8d99d7d91c8634797d47f';
INSERT INTO `login_history` (`user_id`, `device`, `ip_address`, `date`) VALUES ('H2HQC8', 'Mozilla/5.0 (Windows NT 10.0; Win64; x64) AppleWebKit/537.36 (KHTML, like Gecko) Chrome/131.0.0.0 Safari/537.36', '172.70.55.222', '24-12-11 13:16');
UPDATE `user_registration` SET `popup_seen` = 'yes'
WHERE `user_id` = 'H2HQC8';
UPDATE `ci_sessions` SET `timestamp` = 1733947545, `data` = '__ci_last_regenerate|i:1733947545;id|s:4:\"2026\";user_id|s:6:\"H2HQC8\";username|s:4:\"Roma\";sponsor_id|s:6:\"45E8V2\";fullname|s:16:\"Yordanis Fuentes\";email|s:25:\"emiliotapanes+4@gmail.com\";phone|s:10:\"7862876762\";isLogIn|b:1;message|s:24:\"Welcome Yordanis Fuentes\";__ci_vars|a:1:{s:7:\"message\";s:3:\"old\";}'
WHERE `id` = 'dccc8588058573e06eb032234c5a138481ea5f5b';
UPDATE `user_registration` SET `popup_seen` = 'yes'
WHERE `user_id` = 'H2HQC8';
UPDATE `user_registration` SET `popup_seen` = 'no'
WHERE `user_id` = 'H2HQC8';
DELETE FROM `ci_sessions`
WHERE `id` = '92e0a86b6fca5bba68ad3bf65d72f890e42b3851';
INSERT INTO `login_history` (`user_id`, `device`, `ip_address`, `date`) VALUES ('44B9Y4', 'Mozilla/5.0 (Windows NT 10.0; Win64; x64) AppleWebKit/537.36 (KHTML, like Gecko) Chrome/131.0.0.0 Safari/537.36', '172.70.55.52', '24-12-11 14:06');
UPDATE `user_registration` SET `popup_seen` = 'yes'
WHERE `user_id` = '44B9Y4';
UPDATE `ci_sessions` SET `timestamp` = 1733947980, `data` = '__ci_last_regenerate|i:1733947980;id|s:4:\"2021\";user_id|s:6:\"44B9Y4\";username|s:7:\"Talimbi\";sponsor_id|s:5:\"admin\";fullname|s:14:\"Emilio Tapanes\";email|s:23:\"emiliotapanes@gmail.com\";phone|s:10:\"7862876762\";isLogIn|b:1;message|s:22:\"Welcome Emilio Tapanes\";__ci_vars|a:1:{s:7:\"message\";s:3:\"old\";}'
WHERE `id` = '1dab62210ac2b2290f46c092d195019abbd5e741';
UPDATE `user_registration` SET `popup_seen` = 'no'
WHERE `user_id` = '44B9Y4';
DELETE FROM `ci_sessions`
WHERE `id` = 'c1b8a41c1ffe50eb56d743bd50471c182c9dca82';
INSERT INTO `login_history` (`user_id`, `device`, `ip_address`, `date`) VALUES ('4E1CRI', 'Mozilla/5.0 (Windows NT 10.0; Win64; x64) AppleWebKit/537.36 (KHTML, like Gecko) Chrome/131.0.0.0 Safari/537.36', '108.162.212.68', '24-12-11 14:13');
UPDATE `user_registration` SET `popup_seen` = 'yes'
WHERE `user_id` = '4E1CRI';
UPDATE `user_registration` SET `popup_seen` = 'no'
WHERE `user_id` = '4E1CRI';
DELETE FROM `ci_sessions`
WHERE `id` = 'd2e5b54dd1bfcc0eb3575ca25065c00b2cba0531';
UPDATE `ci_sessions` SET `timestamp` = 1733956659, `data` = '__ci_last_regenerate|i:1733956659;'
WHERE `id` = 'a46ba1e8f2d2dd26e10ef942bad8e0a041ced673';
UPDATE `user_registration` SET `uid` = '2031', `user_id` = 'R37QLI', `username` = 'dleon', `sponsor_id` = 'H2HQC8', `vacant` = 'no', `f_name` = 'Dayami', `l_name` = 'Leon', `position` = 'right', `email` = 'atravel4uu@gmail.com', `password` = '503698a73a32eff237bb00c5f7f2e177', `phone` = '7865069935', `country` = 'United States', `state` = 'Florida', `city` = '9380 SW 72 St', `street` = '230', `zip_code` = '33173', `reg_ip` = '108.162.212.161', `status` = 1, `package_id` = '2', `rank_id` = 1, `highest_rank` = 1, `cycle_rank_id` = 1, `created` = '2024-12-11 16:37:39', `subscription_date` = '2025-01-10', `google_secret` = 'A53NMLKC2XBURVCH'
WHERE `uid` = '2031';
INSERT INTO `user_registration` (`uid`, `user_id`, `username`, `sponsor_id`, `placement_id`, `vacant`, `f_name`, `l_name`, `address`, `position`, `email`, `password`, `phone`, `reg_ip`, `status`, `created`) VALUES (NULL, 'FBZYSF', 'UiwyCxyI', 'R37QLI', 'R37QLI', 'yes', '', '', '', 'left', '@mail.com', '', '', '', 0, '2024-12-11 16:37:39');
INSERT INTO `user_registration` (`uid`, `user_id`, `username`, `sponsor_id`, `placement_id`, `vacant`, `f_name`, `l_name`, `address`, `position`, `email`, `password`, `phone`, `reg_ip`, `status`, `created`) VALUES (NULL, 'KGQAZP', 'kAfXhjQB', 'R37QLI', 'R37QLI', 'yes', '', '', '', 'right', '@mail.com', '', '', '', 0, '2024-12-11 16:37:39');
INSERT INTO `bv_updation` (`user_id`) VALUES ('R37QLI');
UPDATE `user_registration` SET total_ref_count = total_ref_count+1
WHERE `user_id` = 'H2HQC8';
UPDATE `user_registration` SET total_downlines = total_downlines+1
WHERE `user_id` = 'H2HQC8';
UPDATE `user_registration` SET right_downlines = right_downlines+1
WHERE `user_id` = 'H2HQC8';
UPDATE `user_registration` SET right_ref_count = right_ref_count+1
WHERE `user_id` = 'H2HQC8';
UPDATE `user_registration` SET active_right = active_right+1
WHERE `user_id` = 'H2HQC8';
UPDATE `user_registration` SET total_downlines = total_downlines+1
WHERE `user_id` = '45E8V2';
UPDATE `user_registration` SET left_downlines = left_downlines+1
WHERE `user_id` = '45E8V2';
UPDATE `user_registration` SET total_downlines = total_downlines+1
WHERE `user_id` = '44B9Y4';
UPDATE `user_registration` SET right_downlines = right_downlines+1
WHERE `user_id` = '44B9Y4';
UPDATE `user_registration` SET total_downlines = total_downlines+1
WHERE `user_id` = 'admin';
UPDATE `user_registration` SET right_downlines = right_downlines+1
WHERE `user_id` = 'admin';
INSERT INTO `investment` (`invest_date`, `user_id`, `type`, `amount`, `package_id`) VALUES ('2024-12-11 16:37:39', 'R37QLI', 'register', '595', '2');
INSERT INTO `earnings` (`user_id`, `Purchaser_id`, `earning_type`, `package_id`, `amount`, `date`, `comments`, `invest_amount`, `comm_perc`, `level`, `rank_id`, `order_id`) VALUES ('H2HQC8', 'R37QLI', 'Direct Referral Bonus', '2', '100', '2024-12-11 16:37:39', 'Direct Referral Bonus', 0, 0, 1, '', 10);
UPDATE `user_registration` SET commission_balance = ROUND(commission_balance + 100,2)
WHERE `user_id` = 'H2HQC8';
UPDATE `user_registration` SET referral_bonus = ROUND(referral_bonus + 100,2)
WHERE `user_id` = 'H2HQC8';
UPDATE `user_registration` SET total_points = ROUND(total_points + 50,2)
WHERE `user_id` = 'R37QLI';
INSERT INTO `points_history` (`user_id`, `points`, `type`, `date`) VALUES ('R37QLI', '50', 'register', '2024-12-11 16:37:');
INSERT INTO `matrix_filling` (`placement_id`, `downline_id`, `level`, `matrix`) VALUES ('H2HQC8', 'R37QLI', 1, 1);
UPDATE `bv_updation` SET right_carry = right_carry+50, total_right = total_right+50
WHERE `user_id` = 'H2HQC8';
INSERT INTO `placement_bv_update_history` (`right_carry`, `date`, `from_id`, `user_id`) VALUES ('50', '2024-12-11 16:37:39', 'R37QLI', 'H2HQC8');
UPDATE `bv_updation` SET sponsor_right_carry = sponsor_right_carry+50, sponsor_total_right = sponsor_total_right+50
WHERE `user_id` = 'H2HQC8';
INSERT INTO `sponsor_bv_update_history` (`right_carry`, `date`, `user_id`) VALUES ('50', '2024-12-11 16:37:39', 'H2HQC8');
INSERT INTO `matrix_filling` (`placement_id`, `downline_id`, `level`, `matrix`) VALUES ('45E8V2', 'R37QLI', 2, 1);
UPDATE `bv_updation` SET left_carry = left_carry+50, total_left = total_left+50
WHERE `user_id` = '45E8V2';
INSERT INTO `placement_bv_update_history` (`left_carry`, `date`, `from_id`, `user_id`) VALUES ('50', '2024-12-11 16:37:39', 'R37QLI', '45E8V2');
INSERT INTO `matrix_filling` (`placement_id`, `downline_id`, `level`, `matrix`) VALUES ('44B9Y4', 'R37QLI', 3, 1);
INSERT INTO `matrix_filling` (`placement_id`, `downline_id`, `level`, `matrix`) VALUES ('admin', 'R37QLI', 4, 1);
UPDATE `bv_updation` SET right_carry = right_carry+50, total_right = total_right+50
WHERE `user_id` = 'admin';
INSERT INTO `placement_bv_update_history` (`right_carry`, `date`, `from_id`, `user_id`) VALUES ('50', '2024-12-11 16:37:39', 'R37QLI', 'admin');
INSERT INTO `package_purchase_history` (`user_id`, `package_id`, `reg_fee`, `package_name`, `monthly_fee`, `type`, `date`, `payment_option`) VALUES ('R37QLI', '2', '595', 'Traveler Pro', '150', 'sign_up', '2024-12-11 16:37:39', 'free');
INSERT INTO `login_history` (`user_id`, `device`, `ip_address`, `date`) VALUES ('R37QLI', 'Mozilla/5.0 (Windows NT 10.0; Win64; x64) AppleWebKit/537.36 (KHTML, like Gecko) Chrome/130.0.0.0 Safari/537.36', '108.162.212.162', '24-12-11 16:37');
UPDATE `user_registration` SET `popup_seen` = 'yes'
WHERE `user_id` = 'R37QLI';
UPDATE `ci_sessions` SET `timestamp` = 1733957520, `data` = '__ci_last_regenerate|i:1733957520;id|s:4:\"2031\";user_id|s:6:\"R37QLI\";username|s:5:\"dleon\";sponsor_id|s:6:\"H2HQC8\";fullname|s:11:\"Dayami Leon\";email|s:20:\"atravel4uu@gmail.com\";phone|s:10:\"7865069935\";isLogIn|b:1;'
WHERE `id` = 'f02673d05c8d5118378dd4b2297946175ea47bf6';
INSERT INTO `payment_metod_setting` (`user_id`, `method`, `wallet_id`, `email`) VALUES ('R37QLI', 'stripe', 'acct_1QUylC2LNur1I9tp', 'atravel4uu@gmail.com');
UPDATE `ci_sessions` SET `timestamp` = 1733959030, `data` = '__ci_last_regenerate|i:1733959030;id|s:4:\"2031\";user_id|s:6:\"R37QLI\";username|s:5:\"dleon\";sponsor_id|s:6:\"H2HQC8\";fullname|s:11:\"Dayami Leon\";email|s:20:\"atravel4uu@gmail.com\";phone|s:10:\"7865069935\";isLogIn|b:1;message|s:40:\"Stripe Information Updated Successfully!\";__ci_vars|a:1:{s:7:\"message\";s:3:\"old\";}'
WHERE `id` = '6bd7e4d1eae59965178a9461868b8bd268b13596';
UPDATE `ci_sessions` SET `timestamp` = 1733960804, `data` = '__ci_last_regenerate|i:1733960804;id|s:4:\"2031\";user_id|s:6:\"R37QLI\";username|s:5:\"dleon\";sponsor_id|s:6:\"H2HQC8\";fullname|s:11:\"Dayami Leon\";email|s:20:\"atravel4uu@gmail.com\";phone|s:10:\"7865069935\";isLogIn|b:1;'
WHERE `id` = '0a2faa756ce612bacd41511f9d3c44e4fd886add';
UPDATE `ci_sessions` SET `timestamp` = 1733961173, `data` = '__ci_last_regenerate|i:1733961173;id|s:4:\"2031\";user_id|s:6:\"R37QLI\";username|s:5:\"dleon\";sponsor_id|s:6:\"H2HQC8\";fullname|s:11:\"Dayami Leon\";email|s:20:\"atravel4uu@gmail.com\";phone|s:10:\"7865069935\";isLogIn|b:1;'
WHERE `id` = 'bd315e8b9f776cd00e22dda7e8997dafa8364dcc';
UPDATE `payment_metod_setting` SET `user_id` = 'R37QLI', `method` = 'stripe', `wallet_id` = 'acct_1QUzi6RwGlTkvd32', `email` = 'atravel4uu@gmail.com'
WHERE `user_id` = 'R37QLI'
AND `method` = 'stripe';
UPDATE `payment_metod_setting` SET `user_id` = 'R37QLI', `method` = 'stripe', `wallet_id` = 'acct_1QUzkaRxi8aDVUTj', `email` = 'atravel4uu@gmail.com'
WHERE `user_id` = 'R37QLI'
AND `method` = 'stripe';
UPDATE `ci_sessions` SET `timestamp` = 1733961928, `data` = '__ci_last_regenerate|i:1733961928;id|s:4:\"2031\";user_id|s:6:\"R37QLI\";username|s:5:\"dleon\";sponsor_id|s:6:\"H2HQC8\";fullname|s:11:\"Dayami Leon\";email|s:20:\"atravel4uu@gmail.com\";phone|s:10:\"7865069935\";isLogIn|b:1;message|s:40:\"Stripe Information Updated Successfully!\";__ci_vars|a:1:{s:7:\"message\";s:3:\"old\";}'
WHERE `id` = '1eab653fe49eff0b3edc58acfcdd57bc2da97c17';
UPDATE `payment_metod_setting` SET `user_id` = 'R37QLI', `method` = 'stripe', `wallet_id` = 'acct_1QUzuH2No0zGS5o4', `email` = 'atravel4uu@gmail.com'
WHERE `user_id` = 'R37QLI'
AND `method` = 'stripe';
UPDATE `payment_metod_setting` SET `user_id` = 'R37QLI', `method` = 'stripe', `wallet_id` = 'acct_1QUzvURoZx7Vd4Lg', `email` = 'atravel4uu@gmail.com'
WHERE `user_id` = 'R37QLI'
AND `method` = 'stripe';
UPDATE `ci_sessions` SET `timestamp` = 1733962256, `data` = '__ci_last_regenerate|i:1733962256;id|s:4:\"2031\";user_id|s:6:\"R37QLI\";username|s:5:\"dleon\";sponsor_id|s:6:\"H2HQC8\";fullname|s:11:\"Dayami Leon\";email|s:20:\"atravel4uu@gmail.com\";phone|s:10:\"7865069935\";isLogIn|b:1;message|s:40:\"Stripe Information Updated Successfully!\";__ci_vars|a:1:{s:7:\"message\";s:3:\"old\";}'
WHERE `id` = 'a20d6f510f5e46d63c77ac3bc6f32094bf8371a7';
UPDATE `payment_metod_setting` SET `user_id` = 'R37QLI', `method` = 'stripe', `wallet_id` = 'acct_1QUzzZRqqoSYPdzk', `email` = 'atravel4uu@gmail.com'
WHERE `user_id` = 'R37QLI'
AND `method` = 'stripe';
UPDATE `payment_metod_setting` SET `user_id` = 'R37QLI', `method` = 'stripe', `wallet_id` = 'acct_1QUzzu2MAkaZSNrK', `email` = 'atravel4uu@gmail.com'
WHERE `user_id` = 'R37QLI'
AND `method` = 'stripe';
INSERT INTO `login_history` (`user_id`, `device`, `ip_address`, `date`) VALUES ('44B9Y4', 'Mozilla/5.0 (Windows NT 10.0; Win64; x64) AppleWebKit/537.36 (KHTML, like Gecko) Chrome/131.0.0.0 Safari/537.36', '172.70.255.40', '24-12-11 20:41');
UPDATE `user_registration` SET `popup_seen` = 'yes'
WHERE `user_id` = '44B9Y4';
UPDATE `user_registration` SET `popup_seen` = 'yes'
WHERE `user_id` = '44B9Y4';
UPDATE `ci_sessions` SET `timestamp` = 1733971566, `data` = '__ci_last_regenerate|i:1733971566;id|s:4:\"2021\";user_id|s:6:\"44B9Y4\";username|s:7:\"Talimbi\";sponsor_id|s:5:\"admin\";fullname|s:14:\"Emilio Tapanes\";email|s:23:\"emiliotapanes@gmail.com\";phone|s:10:\"7862876762\";isLogIn|b:1;'
WHERE `id` = 'f356e8e4d91ab1c6842ee210c1650bd52d1f7908';
UPDATE `user_registration` SET `popup_seen` = 'yes'
WHERE `user_id` = '44B9Y4';
INSERT INTO `login_history` (`user_id`, `device`, `ip_address`, `date`) VALUES ('admin', 'Mozilla/5.0 (Windows NT 10.0; Win64; x64) AppleWebKit/537.36 (KHTML, like Gecko) Chrome/128.0.0.0 Safari/537.36 OPR/114.0.0.0', '172.70.254.237', '24-12-11 22:59');
UPDATE `user_registration` SET `popup_seen` = 'yes'
WHERE `user_id` = 'admin';
UPDATE `ci_sessions` SET `timestamp` = 1733981462, `data` = '__ci_last_regenerate|i:1733981462;id|s:4:\"2019\";user_id|s:5:\"admin\";username|s:5:\"admin\";sponsor_id|s:1:\"0\";fullname|s:11:\"Alex Carrey\";email|s:15:\"admin@admin.com\";phone|s:10:\"1235467892\";isLogIn|b:1;'
WHERE `id` = '4345f0a3c5c8556819f286ca1bc9be4282ef95e5';
UPDATE `user_registration` SET `popup_seen` = 'no'
WHERE `user_id` = 'admin';
DELETE FROM `ci_sessions`
WHERE `id` = 'eb21935f233a051c9a88727fd62aa158e3b50302';
INSERT INTO `login_history` (`user_id`, `device`, `ip_address`, `date`) VALUES ('R37QLI', 'Mozilla/5.0 (Windows NT 10.0; Win64; x64) AppleWebKit/537.36 (KHTML, like Gecko) Chrome/128.0.0.0 Safari/537.36 OPR/114.0.0.0', '172.70.82.140', '24-12-11 23:31');
UPDATE `user_registration` SET `popup_seen` = 'yes'
WHERE `user_id` = 'R37QLI';
UPDATE `ci_sessions` SET `timestamp` = 1733982330, `data` = '__ci_last_regenerate|i:1733982330;id|s:4:\"2031\";user_id|s:6:\"R37QLI\";username|s:5:\"dleon\";sponsor_id|s:6:\"H2HQC8\";fullname|s:11:\"Dayami Leon\";email|s:20:\"atravel4uu@gmail.com\";phone|s:10:\"7865069935\";isLogIn|b:1;'
WHERE `id` = '71289c31c4eb6465b31c98bd165917d7733812a9';
UPDATE `payment_metod_setting` SET `user_id` = 'R37QLI', `method` = 'stripe', `wallet_id` = 'acct_1QV5DLRsum1tVO5o', `email` = 'atravel4uu@gmail.com'
WHERE `user_id` = 'R37QLI'
AND `method` = 'stripe';
INSERT INTO `cron_job_history` (`name`, `date_started`, `status`) VALUES ('backup', '2024-12-12 00:00:01', 'started');
UPDATE `cron_job_history` SET `status` = 'done', `date_end` = '2024-12-12 00:00:02'
WHERE `id` = 64;
INSERT INTO `cron_job_history` (`name`, `date_started`, `status`) VALUES ('deduct_sub_amt_from_ewallet', '2024-12-12 00:05:01', 'started');
UPDATE `user_registration` SET `sub_point` = 0, `active_status` = 'no'
WHERE `user_id` = 'admin';
UPDATE `cron_job_history` SET `status` = 'done', `date_end` = '2024-12-12 00:05:01'
WHERE `id` = 65;
INSERT INTO `login_history` (`user_id`, `device`, `ip_address`, `date`) VALUES ('admin', 'Mozilla/5.0 (Windows NT 10.0; Win64; x64) AppleWebKit/537.36 (KHTML, like Gecko) Chrome/130.0.0.0 Safari/537.36', '172.70.255.42', '24-12-12 11:49');
UPDATE `user_registration` SET `popup_seen` = 'yes'
WHERE `user_id` = 'admin';
UPDATE `user_registration` SET `popup_seen` = 'yes'
WHERE `user_id` = 'admin';
UPDATE `user_registration` SET `popup_seen` = 'yes'
WHERE `user_id` = 'admin';
UPDATE `user_registration` SET `popup_seen` = 'yes'
WHERE `user_id` = 'admin';
UPDATE `user_registration` SET `popup_seen` = 'yes'
WHERE `user_id` = 'admin';
UPDATE `user_registration` SET `popup_seen` = 'no'
WHERE `user_id` = 'admin';
DELETE FROM `ci_sessions`
WHERE `id` = '54dad6f750e3ab321ec5d660e1a235fab0c05acf';
INSERT INTO `login_history` (`user_id`, `device`, `ip_address`, `date`) VALUES ('R37QLI', 'Mozilla/5.0 (Windows NT 10.0; Win64; x64) AppleWebKit/537.36 (KHTML, like Gecko) Chrome/130.0.0.0 Safari/537.36', '172.70.83.2', '24-12-12 11:51');
UPDATE `user_registration` SET `popup_seen` = 'yes'
WHERE `user_id` = 'R37QLI';
INSERT INTO `cron_job_history` (`name`, `date_started`, `status`) VALUES ('backup', '2024-12-13 00:00:01', 'started');
UPDATE `cron_job_history` SET `status` = 'done', `date_end` = '2024-12-13 00:00:01'
WHERE `id` = 66;
INSERT INTO `cron_job_history` (`name`, `date_started`, `status`) VALUES ('deduct_sub_amt_from_ewallet', '2024-12-13 00:05:02', 'started');
UPDATE `user_registration` SET `sub_point` = 0, `active_status` = 'no'
WHERE `user_id` = 'admin';
UPDATE `cron_job_history` SET `status` = 'done', `date_end` = '2024-12-13 00:05:02'
WHERE `id` = 67;
INSERT INTO `login_history` (`user_id`, `device`, `ip_address`, `date`) VALUES ('admin', 'Mozilla/5.0 (Linux; Android 10; K) AppleWebKit/537.36 (KHTML, like Gecko) Chrome/131.0.0.0 Mobile Safari/537.36', '172.70.83.93', '24-12-13 11:01');
UPDATE `user_registration` SET `popup_seen` = 'yes'
WHERE `user_id` = 'admin';
UPDATE `user_registration` SET `popup_seen` = 'no'
WHERE `user_id` = 'admin';
DELETE FROM `ci_sessions`
WHERE `id` = '94b1b229e237487a4abf78ab0cb5d12847f8f50b';
UPDATE `ci_sessions` SET `timestamp` = 1734111069, `data` = '__ci_last_regenerate|i:1734111069;exception|s:31:\"Incorrect Username Or Password!\";__ci_vars|a:1:{s:9:\"exception\";s:3:\"old\";}captcha|s:4:\"fanz\";'
WHERE `id` = '013091eaafe8da3e7483a2de75020b2c12fdbb03';
UPDATE `admin` SET `last_login` = '2024-12-13 21:50:11', `ip_address` = '162.158.54.17'
WHERE `id` = '1';
UPDATE `admin` SET `last_logout` = '2024-12-13 21:53:42'
WHERE `id` = '1';
DELETE FROM `ci_sessions`
WHERE `id` = 'e8166ef1fa671ab68818f7483352e64c1af0b92f';
INSERT INTO `login_history` (`user_id`, `device`, `ip_address`, `date`) VALUES ('admin', 'Mozilla/5.0 (Macintosh; Intel Mac OS X 10_15_7) AppleWebKit/537.36 (KHTML, like Gecko) Chrome/131.0.0.0 Safari/537.36', '162.158.54.237', '24-12-13 21:54');
UPDATE `user_registration` SET `popup_seen` = 'yes'
WHERE `user_id` = 'admin';
INSERT INTO `cron_job_history` (`name`, `date_started`, `status`) VALUES ('backup', '2024-12-14 00:00:01', 'started');
UPDATE `cron_job_history` SET `status` = 'done', `date_end` = '2024-12-14 00:00:01'
WHERE `id` = 68;
INSERT INTO `cron_job_history` (`name`, `date_started`, `status`) VALUES ('deduct_sub_amt_from_ewallet', '2024-12-14 00:05:01', 'started');
UPDATE `user_registration` SET `sub_point` = 0, `active_status` = 'no'
WHERE `user_id` = 'admin';
UPDATE `cron_job_history` SET `status` = 'done', `date_end` = '2024-12-14 00:05:01'
WHERE `id` = 69;
INSERT INTO `login_history` (`user_id`, `device`, `ip_address`, `date`) VALUES ('admin', 'Mozilla/5.0 (Macintosh; Intel Mac OS X 10_15_7) AppleWebKit/537.36 (KHTML, like Gecko) Chrome/131.0.0.0 Safari/537.36', '172.69.131.206', '24-12-14 00:55');
UPDATE `user_registration` SET `popup_seen` = 'yes'
WHERE `user_id` = 'admin';
UPDATE `user_registration` SET `popup_seen` = 'yes'
WHERE `user_id` = 'admin';
UPDATE `user_registration` SET `popup_seen` = 'yes'
WHERE `user_id` = 'admin';
INSERT INTO `login_history` (`user_id`, `device`, `ip_address`, `date`) VALUES ('admin', 'Mozilla/5.0 (Windows NT 10.0; Win64; x64; rv:133.0) Gecko/20100101 Firefox/133.0', '162.158.107.42', '24-12-14 01:21');
UPDATE `user_registration` SET `popup_seen` = 'yes'
WHERE `user_id` = 'admin';
INSERT INTO `login_history` (`user_id`, `device`, `ip_address`, `date`) VALUES ('44B9Y4', 'Mozilla/5.0 (Windows NT 10.0; Win64; x64) AppleWebKit/537.36 (KHTML, like Gecko) Chrome/130.0.0.0 Safari/537.36', '172.70.55.13', '24-12-14 11:42');
UPDATE `user_registration` SET `popup_seen` = 'yes'
WHERE `user_id` = '44B9Y4';
UPDATE `user_registration` SET `popup_seen` = 'yes'
WHERE `user_id` = '44B9Y4';
INSERT INTO `login_history` (`user_id`, `device`, `ip_address`, `date`) VALUES ('admin', 'Mozilla/5.0 (Linux; Android 10; K) AppleWebKit/537.36 (KHTML, like Gecko) Chrome/131.0.0.0 Mobile Safari/537.36', '172.70.83.101', '24-12-14 13:54');
UPDATE `user_registration` SET `popup_seen` = 'yes'
WHERE `user_id` = 'admin';
UPDATE `ci_sessions` SET `timestamp` = 1734209648, `data` = '__ci_last_regenerate|i:1734209648;id|s:4:\"2019\";user_id|s:5:\"admin\";username|s:5:\"admin\";sponsor_id|s:1:\"0\";fullname|s:11:\"Alex Carrey\";email|s:15:\"admin@admin.com\";phone|s:10:\"1235467892\";isLogIn|b:1;'
WHERE `id` = '7e7053cffb2025c2811513ecd5b7b31f71aac772';
INSERT INTO `cron_job_history` (`name`, `date_started`, `status`) VALUES ('backup', '2024-12-15 00:00:01', 'started');
UPDATE `cron_job_history` SET `status` = 'done', `date_end` = '2024-12-15 00:00:01'
WHERE `id` = 70;
INSERT INTO `cron_job_history` (`name`, `date_started`, `status`) VALUES ('deduct_sub_amt_from_ewallet', '2024-12-15 00:05:01', 'started');
UPDATE `user_registration` SET `sub_point` = 0, `active_status` = 'no'
WHERE `user_id` = 'admin';
UPDATE `cron_job_history` SET `status` = 'done', `date_end` = '2024-12-15 00:05:01'
WHERE `id` = 71;
INSERT INTO `login_history` (`user_id`, `device`, `ip_address`, `date`) VALUES ('admin', 'Mozilla/5.0 (Linux; Android 10; K) AppleWebKit/537.36 (KHTML, like Gecko) Chrome/131.0.0.0 Mobile Safari/537.36', '172.70.254.167', '24-12-15 02:15');
UPDATE `user_registration` SET `popup_seen` = 'yes'
WHERE `user_id` = 'admin';
INSERT INTO `login_history` (`user_id`, `device`, `ip_address`, `date`) VALUES ('44B9Y4', 'Mozilla/5.0 (Windows NT 10.0; Win64; x64) AppleWebKit/537.36 (KHTML, like Gecko) Chrome/131.0.0.0 Safari/537.36', '172.69.132.137', '24-12-15 15:10');
UPDATE `user_registration` SET `popup_seen` = 'yes'
WHERE `user_id` = '44B9Y4';
UPDATE `ci_sessions` SET `timestamp` = 1734297314, `data` = '__ci_last_regenerate|i:1734297314;id|s:4:\"2021\";user_id|s:6:\"44B9Y4\";username|s:7:\"Talimbi\";sponsor_id|s:5:\"admin\";fullname|s:14:\"Emilio Tapanes\";email|s:23:\"emiliotapanes@gmail.com\";phone|s:10:\"7862876762\";isLogIn|b:1;'
WHERE `id` = '5b2d069a9ad5949d5910264df0b0b7b9331d340b';
UPDATE `user_registration` SET `popup_seen` = 'yes'
WHERE `user_id` = '44B9Y4';
INSERT INTO `add_cart` (`user_id`, `product_id`, `product_name`, `product_amount`, `product_point`, `product_image`, `product_details`, `quantity`, `total_amount`, `country`, `state`, `total_point`, `date`) VALUES ('44B9Y4', '4', 'Nature closer than ever 5D/4N', '150', '75', 'upload/product_image/47bdc5b1bf77d9f53a68d790b6ad854b.png', '<p><span style=\"color:rgb(0,0,0);\">Orlando is famed for its iconic theme parks, exciting attractions, and year-round sunshine. With thrilling adventures, diverse dining, and endless shopping, it’s a perfect getaway for families and fun-seekers alike.</span></p><p><span style=\"color:rgb(0,0,0);\"><strong>5 days / 4 nights</strong></span></p><p><span style=\"color:rgb(0,0,0);\"><strong>Cost: $150</strong></span></p>', 1, 150, '', '', 75, '2024-12-15 15:19:55');
UPDATE `ci_sessions` SET `timestamp` = 1734297616, `data` = '__ci_last_regenerate|i:1734297616;id|s:4:\"2021\";user_id|s:6:\"44B9Y4\";username|s:7:\"Talimbi\";sponsor_id|s:5:\"admin\";fullname|s:14:\"Emilio Tapanes\";email|s:23:\"emiliotapanes@gmail.com\";phone|s:10:\"7862876762\";isLogIn|b:1;'
WHERE `id` = 'b4bc0613f9f1b00caa19bdfe80221fd8492c9bd7';
UPDATE `add_cart` SET `quantity` = '1', `total_amount` = 150, `total_point` = 75
WHERE `id` = '4';
UPDATE `ci_sessions` SET `timestamp` = 1734298281, `data` = '__ci_last_regenerate|i:1734298281;id|s:4:\"2021\";user_id|s:6:\"44B9Y4\";username|s:7:\"Talimbi\";sponsor_id|s:5:\"admin\";fullname|s:14:\"Emilio Tapanes\";email|s:23:\"emiliotapanes@gmail.com\";phone|s:10:\"7862876762\";isLogIn|b:1;'
WHERE `id` = '720defbd36fbc90feb164f188bacc4b32b22b078';
UPDATE `ci_sessions` SET `timestamp` = 1734298596, `data` = '__ci_last_regenerate|i:1734298596;id|s:4:\"2021\";user_id|s:6:\"44B9Y4\";username|s:7:\"Talimbi\";sponsor_id|s:5:\"admin\";fullname|s:14:\"Emilio Tapanes\";email|s:23:\"emiliotapanes@gmail.com\";phone|s:10:\"7862876762\";isLogIn|b:1;'
WHERE `id` = '3f81b5d21aae04e2efbc2a0aa3a937f3be10fc26';
DELETE FROM `add_cart`
WHERE `id` = '4';
UPDATE `ci_sessions` SET `timestamp` = 1734299205, `data` = '__ci_last_regenerate|i:1734299205;id|s:4:\"2021\";user_id|s:6:\"44B9Y4\";username|s:7:\"Talimbi\";sponsor_id|s:5:\"admin\";fullname|s:14:\"Emilio Tapanes\";email|s:23:\"emiliotapanes@gmail.com\";phone|s:10:\"7862876762\";isLogIn|b:1;'
WHERE `id` = 'a26a9cbb9d5f42ec611c94248474d13f77a0cfee';
INSERT INTO `add_cart` (`user_id`, `product_id`, `product_name`, `product_amount`, `product_point`, `product_image`, `product_details`, `quantity`, `total_amount`, `country`, `state`, `total_point`, `date`) VALUES ('44B9Y4', '1', 'Visit beautiful Miami 5D/4N', '150', '75', 'upload/reward_image/8554e64c3c18d50953288de013a274ce.png', '<p><span style=\"color:rgb(0,0,0);\">Miami is a dynamic city known for its stunning beaches, vibrant nightlife, and diverse culture. From the art deco charm of South Beach to world-class dining and shopping, Miami offers an unforgettable tropical getaway.</span></p><p><span style=\"color:rgb(0,0,0);\"><strong>3 days / 2 nights</strong></span></p><p><span style=\"color:rgb(0,0,0);\"><strong>Cost: $150</strong></span></p>', 1, 150, '223', '4252', 75, '2024-12-15 15:49:50');
UPDATE `user_registration` SET `popup_seen` = 'yes'
WHERE `user_id` = '44B9Y4';
DELETE FROM `add_cart`
WHERE `id` = '5';
UPDATE `user_registration` SET `popup_seen` = 'yes'
WHERE `user_id` = '44B9Y4';
INSERT INTO `cron_job_history` (`name`, `date_started`, `status`) VALUES ('backup', '2024-12-16 00:00:02', 'started');
UPDATE `cron_job_history` SET `status` = 'done', `date_end` = '2024-12-16 00:00:02'
WHERE `id` = 72;
INSERT INTO `cron_job_history` (`name`, `date_started`, `status`) VALUES ('deduct_sub_amt_from_ewallet', '2024-12-16 00:05:01', 'started');
UPDATE `user_registration` SET `sub_point` = 0, `active_status` = 'no'
WHERE `user_id` = 'admin';
UPDATE `cron_job_history` SET `status` = 'done', `date_end` = '2024-12-16 00:05:01'
WHERE `id` = 73;
INSERT INTO `login_history` (`user_id`, `device`, `ip_address`, `date`) VALUES ('admin', 'Mozilla/5.0 (Linux; Android 10; K) AppleWebKit/537.36 (KHTML, like Gecko) Chrome/131.0.0.0 Mobile Safari/537.36', '108.162.212.68', '24-12-16 13:39');
UPDATE `user_registration` SET `popup_seen` = 'yes'
WHERE `user_id` = 'admin';
UPDATE `ci_sessions` SET `timestamp` = 1734409155, `data` = '__ci_last_regenerate|i:1734409155;captcha|s:4:\"9kcu\";'
WHERE `id` = '6f02279c318558d7bdd697d6acd7e03c7ebe8089';
INSERT INTO `login_history` (`user_id`, `device`, `ip_address`, `date`) VALUES ('admin', 'Mozilla/5.0 (Macintosh; Intel Mac OS X 10_15_7) AppleWebKit/537.36 (KHTML, like Gecko) Chrome/131.0.0.0 Safari/537.36', '172.69.178.81', '24-12-16 22:22');
UPDATE `user_registration` SET `popup_seen` = 'yes'
WHERE `user_id` = 'admin';
UPDATE `user_registration` SET `popup_seen` = 'no'
WHERE `user_id` = 'admin';
DELETE FROM `ci_sessions`
WHERE `id` = 'da7aa5c775659cd9468633ba04cfd9859d6f26b2';
UPDATE `ci_sessions` SET `timestamp` = 1734409956, `data` = '__ci_last_regenerate|i:1734409956;captcha|s:4:\"duil\";'
WHERE `id` = '3a6fdd2a1f2da142ed6109ab83bc2d00ea127b23';
INSERT INTO `cron_job_history` (`name`, `date_started`, `status`) VALUES ('backup', '2024-12-17 00:00:01', 'started');
UPDATE `cron_job_history` SET `status` = 'done', `date_end` = '2024-12-17 00:00:01'
WHERE `id` = 74;
INSERT INTO `cron_job_history` (`name`, `date_started`, `status`) VALUES ('deduct_sub_amt_from_ewallet', '2024-12-17 00:05:02', 'started');
UPDATE `user_registration` SET `sub_point` = 0, `active_status` = 'no'
WHERE `user_id` = 'admin';
UPDATE `cron_job_history` SET `status` = 'done', `date_end` = '2024-12-17 00:05:02'
WHERE `id` = 75;
INSERT INTO `login_history` (`user_id`, `device`, `ip_address`, `date`) VALUES ('admin', 'Mozilla/5.0 (Windows NT 10.0; Win64; x64; rv:133.0) Gecko/20100101 Firefox/133.0', '162.158.54.16', '24-12-17 00:38');
UPDATE `user_registration` SET `popup_seen` = 'yes'
WHERE `user_id` = 'admin';
UPDATE `user_registration` SET `popup_seen` = 'yes'
WHERE `user_id` = 'admin';
UPDATE `user_registration` SET `popup_seen` = 'no'
WHERE `user_id` = 'admin';
DELETE FROM `ci_sessions`
WHERE `id` = 'd04993e498407b0cd816f121019e6c40477d7d8a';
INSERT INTO `temp_register` (`post_data`, `date`, `payment_method`, `type`) VALUES ('{\"uid\":\"2024\",\"user_id\":\"U52JD1\",\"username\":\"testingnew\",\"sponsor_id\":\"admin\",\"vacant\":\"no\",\"f_name\":\"qwqwq\",\"l_name\":\"23121qwq\",\"position\":\"left\",\"email\":\"qwqw@q.qwq\",\"password\":\"e10adc3949ba59abbe56e057f20f883e\",\"phone\":\"23232323\",\"country\":\"United States\",\"state\":\"American Samoa\",\"city\":\"asasq\",\"street\":\"qwq1212\",\"zip_code\":\"1121212\",\"reg_ip\":\"172.69.86.82\",\"status\":1,\"package_id\":\"1\",\"rank_id\":1,\"highest_rank\":1,\"cycle_rank_id\":1,\"created\":\"2024-12-17 00:52:18\",\"subscription_date\":\"2025-01-16\",\"google_secret\":\"G3GCK5IKL5FAX7U5\"}', '2024-12-17 00:52:18', 'stripe', 'register');
INSERT INTO `login_history` (`user_id`, `device`, `ip_address`, `date`) VALUES ('admin', 'Mozilla/5.0 (Macintosh; Intel Mac OS X 10_15_7) AppleWebKit/537.36 (KHTML, like Gecko) Chrome/131.0.0.0 Safari/537.36', '172.69.86.23', '24-12-17 00:54');
UPDATE `user_registration` SET `popup_seen` = 'yes'
WHERE `user_id` = 'admin';
UPDATE `ci_sessions` SET `timestamp` = 1734418513, `data` = '__ci_last_regenerate|i:1734418513;lang|s:7:\"english\";reg_stripe_id|i:8;id|s:4:\"2019\";user_id|s:5:\"admin\";username|s:5:\"admin\";sponsor_id|s:1:\"0\";fullname|s:11:\"Alex Carrey\";email|s:15:\"admin@admin.com\";phone|s:10:\"1235467892\";isLogIn|b:1;'
WHERE `id` = 'c23753c62d904df469cdfb9d1a9130f8dfe0b3db';
UPDATE `user_registration` SET `popup_seen` = 'yes'
WHERE `user_id` = 'admin';
UPDATE `user_registration` SET `popup_seen` = 'no'
WHERE `user_id` = 'admin';
DELETE FROM `ci_sessions`
WHERE `id` = '98e6bf1058faf1b426123690c342233e358da588';
INSERT INTO `login_history` (`user_id`, `device`, `ip_address`, `date`) VALUES ('admin', 'Mozilla/5.0 (Windows NT 10.0; Win64; x64) AppleWebKit/537.36 (KHTML, like Gecko) Chrome/130.0.0.0 Safari/537.36', '172.70.83.101', '24-12-17 00:56');
UPDATE `user_registration` SET `popup_seen` = 'yes'
WHERE `user_id` = 'admin';
UPDATE `ci_sessions` SET `timestamp` = 1734418789, `data` = '__ci_last_regenerate|i:1734418789;captcha|s:4:\"lzka\";'
WHERE `id` = 'df8f240b94bcf33eb52698f920d9cf18aa49a103';
INSERT INTO `login_history` (`user_id`, `device`, `ip_address`, `date`) VALUES ('35H9RV', 'Mozilla/5.0 (Windows NT 10.0; Win64; x64; rv:133.0) Gecko/20100101 Firefox/133.0', '172.68.146.169', '24-12-17 01:01');
UPDATE `user_registration` SET `popup_seen` = 'yes'
WHERE `user_id` = '35H9RV';
UPDATE `user_registration` SET `popup_seen` = 'no'
WHERE `user_id` = '35H9RV';
DELETE FROM `ci_sessions`
WHERE `id` = '5eea94dfc308325fd5ff4e814bb0af09916aeee3';
UPDATE `ci_sessions` SET `timestamp` = 1734418997, `data` = '__ci_last_regenerate|i:1734418997;captcha|s:4:\"hmp9\";'
WHERE `id` = '4614ada8478d12913424fd530d2601c9ea97d06d';
UPDATE `ci_sessions` SET `timestamp` = 1734419025, `data` = '__ci_last_regenerate|i:1734419025;id|s:4:\"2019\";user_id|s:5:\"admin\";username|s:5:\"admin\";sponsor_id|s:1:\"0\";fullname|s:11:\"Alex Carrey\";email|s:15:\"admin@admin.com\";phone|s:10:\"1235467892\";isLogIn|b:1;'
WHERE `id` = '49d64b849b29be61419f87cfa6a6c9514717b4d6';
INSERT INTO `reward_purchase_history` (`user_id`, `reward_id`, `amount`, `reward_value`, `reward_points`, `available_points`, `image`, `image_id`, `conversion_point_rate`, `payment_option`, `reward_name`, `country`, `state`, `date`, `type`) VALUES ('admin', '1', '20', '330', '60', '150', 'upload/reward_image/e2588a963e80ccde72224303e3eb881c.png', '2', '1', 'free', 'Visiting North America 3D/2N', '223', '4250', '2024-12-17 01:04:16', 'reward_claim');
UPDATE `user_registration` SET total_points = ROUND(total_points - 60,2)
WHERE `user_id` = 'admin';
UPDATE `ci_sessions` SET `timestamp` = 1734419787, `data` = '__ci_last_regenerate|i:1734419787;id|s:4:\"2019\";user_id|s:5:\"admin\";username|s:5:\"admin\";sponsor_id|s:1:\"0\";fullname|s:11:\"Alex Carrey\";email|s:15:\"admin@admin.com\";phone|s:10:\"1235467892\";isLogIn|b:1;'
WHERE `id` = 'e9bc8716757bc914262772a49d93d032fa2e17c0';
UPDATE `ci_sessions` SET `timestamp` = 1734420421, `data` = '__ci_last_regenerate|i:1734420421;id|s:4:\"2019\";user_id|s:5:\"admin\";username|s:5:\"admin\";sponsor_id|s:1:\"0\";fullname|s:11:\"Alex Carrey\";email|s:15:\"admin@admin.com\";phone|s:10:\"1235467892\";isLogIn|b:1;'
WHERE `id` = '4aa62ae630f597910c19052723a828ef88dd30f5';
UPDATE `user_registration` SET `popup_seen` = 'yes'
WHERE `user_id` = 'admin';
UPDATE `admin` SET `last_login` = '2024-12-17 18:31:10', `ip_address` = '108.162.210.238'
WHERE `id` = '1';
UPDATE `ci_sessions` SET `timestamp` = 1734482656, `data` = '__ci_last_regenerate|i:1734482656;isLogIn|b:1;isAdmin|b:1;id|s:1:\"1\";fullname|s:11:\"admin admin\";user_level|s:5:\"Admin\";email|s:15:\"admin@admin.com\";image|s:53:\"upload/settings/4a1f1b602322adb837a7a3547ee69cf3.jpeg\";last_login|s:19:\"2024-12-13 21:50:11\";last_logout|s:19:\"2024-12-13 21:53:42\";ip_address|s:13:\"162.158.54.17\";message|s:25:\"Welcome back  admin admin\";__ci_vars|a:1:{s:7:\"message\";s:3:\"old\";}'
WHERE `id` = 'c44e351bf3142b4ac88d90027f6dd30d779649fa';
UPDATE `ci_sessions` SET `timestamp` = 1734488585, `data` = '__ci_last_regenerate|i:1734488585;isLogIn|b:1;isAdmin|b:1;id|s:1:\"1\";fullname|s:11:\"admin admin\";user_level|s:5:\"Admin\";email|s:15:\"admin@admin.com\";image|s:53:\"upload/settings/4a1f1b602322adb837a7a3547ee69cf3.jpeg\";last_login|s:19:\"2024-12-13 21:50:11\";last_logout|s:19:\"2024-12-13 21:53:42\";ip_address|s:13:\"162.158.54.17\";'
WHERE `id` = '3c82a13956eaeac5816ab821600d281b0b0fa78d';
UPDATE `setting` SET `welcome_mail` = '<p><strong>Hello</strong> {name}, welcome to Travelegendcy!</p>\r\n\r\n<p>We&rsquo;re excited to have you join our platform, offering unbeatable savings and exclusive discounts on trips and vacations. As our affiliate, you&rsquo;ll help others save while earning rewards for yourself.</p>\r\n\r\n<p>Here is you access information:</p>\r\n\r\n<p><em>Username:</em> {username}</p>\r\n\r\n<p><em>Eamil:</em> {email}</p>\r\n\r\n<p><em>Login Link</em>: - {login_link}</p>\r\n\r\n<p><em>Referral Link</em><em>:</em> - {referral_link}</p>\r\n\r\n<p>This are your next steps:</p>\r\n\r\n<p>1. Log in to your affiliate dashboard.</p>\r\n\r\n<p>2. Share offers and discounts with your audience.</p>\r\n\r\n<p>3. Start earning as they save on dream vacations.</p>\r\n\r\n<p>Your journey toward creating fun and fortune starts now. Let&rsquo;s explore the world together!</p>\r\n\r\n<p>Welcome aboard,<br />\r\nThe Travelegendcy Team<br />\r\n&nbsp;</p>\r\n\r\n<p><strong>&nbsp;</strong></p>\r\n\r\n<p><strong>Lorem Ipsum</strong> is simply dummy text of the printing and typesetting industry. Lorem Ipsum has been the industry&#39;s standard dummy text ever since the 1500s,</p>\r\n\r\n<p><strong>Thanks</strong></p>\r\n'
WHERE `setting_id` = '1';
UPDATE `setting` SET `welcome_mail` = '<p><strong>Hello</strong> {name}, welcome to Travelegendcy!</p>\r\n\r\n<p>We&rsquo;re excited to have you join our platform, offering unbeatable savings and exclusive discounts on trips and vacations. As our affiliate, you&rsquo;ll help others save while earning rewards for yourself.</p>\r\n\r\n<p>Here is you access information:</p>\r\n\r\n<p><em>Username:</em> {username}</p>\r\n\r\n<p><em>Eamil:</em> {email}</p>\r\n\r\n<p><em>Login Link</em>: - {login_link}</p>\r\n\r\n<p><em>Referral Link</em><em>:</em> - {referral_link}</p>\r\n\r\n<p>This are your next steps:</p>\r\n\r\n<p>1. Log in to your affiliate dashboard.</p>\r\n\r\n<p>2. Share offers and discounts with your audience.</p>\r\n\r\n<p>3. Start earning as they save on dream vacations.</p>\r\n\r\n<p>Your journey toward creating fun and fortune starts now. Let&rsquo;s explore the world together!</p>\r\n\r\n<p>Welcome aboard,<br />\r\nThe Travelegendcy Team</p>\r\n'
WHERE `setting_id` = '1';
INSERT INTO `login_history` (`user_id`, `device`, `ip_address`, `date`) VALUES ('admin', 'Mozilla/5.0 (Windows NT 10.0; Win64; x64) AppleWebKit/537.36 (KHTML, like Gecko) Chrome/130.0.0.0 Safari/537.36', '108.162.210.116', '24-12-17 20:26');
UPDATE `user_registration` SET `popup_seen` = 'yes'
WHERE `user_id` = 'admin';
UPDATE `ci_sessions` SET `timestamp` = 1734489664, `data` = '__ci_last_regenerate|i:1734489664;id|s:4:\"2019\";user_id|s:5:\"admin\";username|s:5:\"admin\";sponsor_id|s:1:\"0\";fullname|s:11:\"Alex Carrey\";email|s:15:\"admin@admin.com\";phone|s:10:\"1235467892\";isLogIn|b:1;message|s:19:\"Welcome Alex Carrey\";__ci_vars|a:1:{s:7:\"message\";s:3:\"old\";}'
WHERE `id` = '0e082b85982327023b43d35e342efc355a7047ab';
UPDATE `ci_sessions` SET `timestamp` = 1734490826, `data` = '__ci_last_regenerate|i:1734490826;id|s:4:\"2019\";user_id|s:5:\"admin\";username|s:5:\"admin\";sponsor_id|s:1:\"0\";fullname|s:11:\"Alex Carrey\";email|s:15:\"admin@admin.com\";phone|s:10:\"1235467892\";isLogIn|b:1;'
WHERE `id` = 'fc4b3d9ed892e5011fc1c00d728350d2b658e6e1';
UPDATE `ci_sessions` SET `timestamp` = 1734491379, `data` = '__ci_last_regenerate|i:1734491379;id|s:4:\"2019\";user_id|s:5:\"admin\";username|s:5:\"admin\";sponsor_id|s:1:\"0\";fullname|s:11:\"Alex Carrey\";email|s:15:\"admin@admin.com\";phone|s:10:\"1235467892\";isLogIn|b:1;'
WHERE `id` = '2d905b327707479e7173a64ddcce1db771942b8a';
UPDATE `ci_sessions` SET `timestamp` = 1734494416, `data` = '__ci_last_regenerate|i:1734494416;isLogIn|b:1;isAdmin|b:1;id|s:1:\"1\";fullname|s:11:\"admin admin\";user_level|s:5:\"Admin\";email|s:15:\"admin@admin.com\";image|s:53:\"upload/settings/4a1f1b602322adb837a7a3547ee69cf3.jpeg\";last_login|s:19:\"2024-12-13 21:50:11\";last_logout|s:19:\"2024-12-13 21:53:42\";ip_address|s:13:\"162.158.54.17\";message|s:20:\"Update Successfully!\";__ci_vars|a:1:{s:7:\"message\";s:3:\"old\";}'
WHERE `id` = 'e44a4301348cf79e630bf11944bb1cb32eaec90e';
UPDATE `admin` SET `last_login` = '2024-12-17 22:08:31', `ip_address` = '172.69.178.80'
WHERE `id` = '1';
UPDATE `admin` SET `last_logout` = '2024-12-17 22:09:18'
WHERE `id` IS NULL;
DELETE FROM `ci_sessions`
WHERE `id` = 'dea5936fa5f3e4c8f1f265b9f2f2693b8b765437';
UPDATE `setting` SET `setting_id` = '1', `title` = 'TRAVELEGENDCY', `description` = 'TRAVELEGENDCY Address', `email` = 'info@travelegendcy.com', `phone` = '+87778787878', `logo` = 'upload/settings/2f38f1dfeae5f4248106d865cfe264dc.png', `logo_web` = NULL, `favicon` = 'upload/settings/b81753fb3fff41f10afb515b6ed65efe.png', `language` = NULL, `time_zone` = NULL, `site_align` = NULL, `office_time` = NULL, `latitude` = NULL, `footer_text` = '2024 © Copyright TRAVELEGENDCY', `terms_use` = 'upload/pdf/term_use.pdf', `policy` = 'upload/pdf/policy.pdf', `income` = 'upload/pdf/income.pdf', `term_condition` = 'upload/pdf/term_condition.pdf'
WHERE `setting_id` = '1';
UPDATE `ci_sessions` SET `timestamp` = 1734495359, `data` = '__ci_last_regenerate|i:1734495359;isLogIn|b:1;isAdmin|b:1;id|s:1:\"1\";fullname|s:11:\"admin admin\";user_level|s:5:\"Admin\";email|s:15:\"admin@admin.com\";image|s:53:\"upload/settings/4a1f1b602322adb837a7a3547ee69cf3.jpeg\";last_login|s:19:\"2024-12-17 18:31:10\";last_logout|s:19:\"2024-12-13 21:53:42\";ip_address|s:14:\"108.162.210.23\";'
WHERE `id` = 'e3613000cd88d099e0194565e87f192072a8d351';
UPDATE `ci_sessions` SET `timestamp` = 1734496217, `data` = '__ci_last_regenerate|i:1734496217;isLogIn|b:1;isAdmin|b:1;id|s:1:\"1\";fullname|s:11:\"admin admin\";user_level|s:5:\"Admin\";email|s:15:\"admin@admin.com\";image|s:53:\"upload/settings/4a1f1b602322adb837a7a3547ee69cf3.jpeg\";last_login|s:19:\"2024-12-13 21:50:11\";last_logout|s:19:\"2024-12-13 21:53:42\";ip_address|s:13:\"162.158.54.17\";'
WHERE `id` = 'a28306109245f21ab85d476f55056e5174595fc0';
UPDATE `ci_sessions` SET `timestamp` = 1734496225, `data` = '__ci_last_regenerate|i:1734496225;id|s:4:\"2019\";user_id|s:5:\"admin\";username|s:5:\"admin\";sponsor_id|s:1:\"0\";fullname|s:11:\"Alex Carrey\";email|s:15:\"admin@admin.com\";phone|s:10:\"1235467892\";isLogIn|b:1;'
WHERE `id` = 'f89bcdf60fe6ac0c575b4a9430c6c1a943792143';
UPDATE `user_registration` SET `popup_seen` = 'yes'
WHERE `user_id` = 'admin';
UPDATE `ci_sessions` SET `timestamp` = 1734497257, `data` = '__ci_last_regenerate|i:1734497257;isLogIn|b:1;isAdmin|b:1;id|s:1:\"1\";fullname|s:11:\"admin admin\";user_level|s:5:\"Admin\";email|s:15:\"admin@admin.com\";image|s:53:\"upload/settings/4a1f1b602322adb837a7a3547ee69cf3.jpeg\";last_login|s:19:\"2024-12-13 21:50:11\";last_logout|s:19:\"2024-12-13 21:53:42\";ip_address|s:13:\"162.158.54.17\";'
WHERE `id` = '44bf2da855530a8f15481ced60ddcf7747019720';
UPDATE `admin` SET `last_logout` = '2024-12-17 22:47:37'
WHERE `id` = '1';
DELETE FROM `ci_sessions`
WHERE `id` = '7e7e5921df82ed7cbfb4505d1248cf4f5b210f1d';
INSERT INTO `login_history` (`user_id`, `device`, `ip_address`, `date`) VALUES ('admin', 'Mozilla/5.0 (Windows NT 10.0; Win64; x64) AppleWebKit/537.36 (KHTML, like Gecko) Chrome/130.0.0.0 Safari/537.36', '172.70.82.94', '24-12-17 22:47');
UPDATE `user_registration` SET `popup_seen` = 'yes'
WHERE `user_id` = 'admin';
UPDATE `ci_sessions` SET `timestamp` = 1734500461, `data` = '__ci_last_regenerate|i:1734500461;id|s:4:\"2019\";user_id|s:5:\"admin\";username|s:5:\"admin\";sponsor_id|s:1:\"0\";fullname|s:11:\"Alex Carrey\";email|s:15:\"admin@admin.com\";phone|s:10:\"1235467892\";isLogIn|b:1;message|s:19:\"Welcome Alex Carrey\";__ci_vars|a:1:{s:7:\"message\";s:3:\"old\";}'
WHERE `id` = 'c26c4e5a35faad058791d82636dea7154ee1cbe7';
UPDATE `user_registration` SET `popup_seen` = 'yes'
WHERE `user_id` = 'admin';
UPDATE `ci_sessions` SET `timestamp` = 1734501571, `data` = '__ci_last_regenerate|i:1734501571;id|s:4:\"2019\";user_id|s:5:\"admin\";username|s:5:\"admin\";sponsor_id|s:1:\"0\";fullname|s:11:\"Alex Carrey\";email|s:15:\"admin@admin.com\";phone|s:10:\"1235467892\";isLogIn|b:1;'
WHERE `id` = '14974af1503eecfa3256e50deaffdd84da516263';
UPDATE `user_registration` SET `popup_seen` = 'yes'
WHERE `user_id` = 'admin';
INSERT INTO `cron_job_history` (`name`, `date_started`, `status`) VALUES ('backup', '2024-12-18 00:00:01', 'started');
UPDATE `cron_job_history` SET `status` = 'done', `date_end` = '2024-12-18 00:00:01'
WHERE `id` = 76;
UPDATE `user_registration` SET `popup_seen` = 'yes'
WHERE `user_id` = 'admin';
INSERT INTO `cron_job_history` (`name`, `date_started`, `status`) VALUES ('deduct_sub_amt_from_ewallet', '2024-12-18 00:05:02', 'started');
UPDATE `cron_job_history` SET `status` = 'done', `date_end` = '2024-12-18 00:05:02'
WHERE `id` = 77;
UPDATE `ci_sessions` SET `timestamp` = 1734501902, `data` = '__ci_last_regenerate|i:1734501902;isLogIn|b:1;isAdmin|b:1;id|s:1:\"1\";fullname|s:11:\"admin admin\";user_level|s:5:\"Admin\";email|s:15:\"admin@admin.com\";image|s:53:\"upload/settings/4a1f1b602322adb837a7a3547ee69cf3.jpeg\";last_login|s:19:\"2024-12-17 18:31:10\";last_logout|s:19:\"2024-12-13 21:53:42\";ip_address|s:14:\"108.162.210.23\";'
WHERE `id` = '81e277ad638eb824d456f82237544d2d2ecccb6e';
UPDATE `ci_sessions` SET `timestamp` = 1734502546, `data` = '__ci_last_regenerate|i:1734502546;isLogIn|b:1;isAdmin|b:1;id|s:1:\"1\";fullname|s:11:\"admin admin\";user_level|s:5:\"Admin\";email|s:15:\"admin@admin.com\";image|s:53:\"upload/settings/4a1f1b602322adb837a7a3547ee69cf3.jpeg\";last_login|s:19:\"2024-12-17 18:31:10\";last_logout|s:19:\"2024-12-13 21:53:42\";ip_address|s:14:\"108.162.210.23\";'
WHERE `id` = '3ab571c74c938fb5b4c15cb82ea786735a988db2';
UPDATE `admin` SET `last_logout` = '2024-12-18 00:16:02'
WHERE `id` IS NULL;
DELETE FROM `ci_sessions`
WHERE `id` = 'fbd4a57a19973b8047d0ab95b5fc8314e3695c34';
INSERT INTO `login_history` (`user_id`, `device`, `ip_address`, `date`) VALUES ('admin', 'Mozilla/5.0 (Macintosh; Intel Mac OS X 10_15_7) AppleWebKit/605.1.15 (KHTML, like Gecko) Version/17.2 Safari/605.1.15', '172.69.95.58', '24-12-18 00:16');
UPDATE `user_registration` SET `popup_seen` = 'yes'
WHERE `user_id` = 'admin';
UPDATE `user_registration` SET `popup_seen` = 'yes'
WHERE `user_id` = 'admin';
UPDATE `ci_sessions` SET `timestamp` = 1734503039, `data` = '__ci_last_regenerate|i:1734503039;id|s:4:\"2019\";user_id|s:5:\"admin\";username|s:5:\"admin\";sponsor_id|s:1:\"0\";fullname|s:11:\"Alex Carrey\";email|s:15:\"admin@admin.com\";phone|s:10:\"1235467892\";isLogIn|b:1;'
WHERE `id` = 'c38ebf07a1c4f52356da5cfd0b0a4e558ee178d4';
UPDATE `ci_sessions` SET `timestamp` = 1734503769, `data` = '__ci_last_regenerate|i:1734503769;id|s:4:\"2019\";user_id|s:5:\"admin\";username|s:5:\"admin\";sponsor_id|s:1:\"0\";fullname|s:11:\"Alex Carrey\";email|s:15:\"admin@admin.com\";phone|s:10:\"1235467892\";isLogIn|b:1;'
WHERE `id` = 'de3fa764cc1e2f7253bb319da70256d2849b9292';
UPDATE `admin` SET `last_logout` = '2024-12-18 01:40:31'
WHERE `id` IS NULL;
DELETE FROM `ci_sessions`
WHERE `id` = '644212c874a5c1bf7ce35b77faa8160f20110c48';
UPDATE `admin` SET `last_login` = '2024-12-18 19:28:33', `ip_address` = '172.70.82.95'
WHERE `id` = '1';
UPDATE `ci_sessions` SET `timestamp` = 1734572125, `data` = '__ci_last_regenerate|i:1734572125;isLogIn|b:1;isAdmin|b:1;id|s:1:\"1\";fullname|s:11:\"admin admin\";user_level|s:5:\"Admin\";email|s:15:\"admin@admin.com\";image|s:53:\"upload/settings/4a1f1b602322adb837a7a3547ee69cf3.jpeg\";last_login|s:19:\"2024-12-17 22:08:31\";last_logout|s:19:\"2024-12-17 22:47:37\";ip_address|s:13:\"172.69.178.80\";'
WHERE `id` = '725bc71e26d33ae2ee95095b3927cc5c6134ccf1';
UPDATE `admin` SET `last_logout` = '2024-12-18 19:39:32'
WHERE `id` = '1';
DELETE FROM `ci_sessions`
WHERE `id` = 'c6bcdc764e8e0bddfcfab74f04c0c00d3a1ab726';
INSERT INTO `login_history` (`user_id`, `device`, `ip_address`, `date`) VALUES ('admin', 'Mozilla/5.0 (Windows NT 10.0; Win64; x64) AppleWebKit/537.36 (KHTML, like Gecko) Chrome/130.0.0.0 Safari/537.36', '172.69.132.137', '24-12-18 19:40');
UPDATE `user_registration` SET `popup_seen` = 'yes'
WHERE `user_id` = 'admin';
UPDATE `ci_sessions` SET `timestamp` = 1734575178, `data` = '__ci_last_regenerate|i:1734575178;id|s:4:\"2019\";user_id|s:5:\"admin\";username|s:5:\"admin\";sponsor_id|s:1:\"0\";fullname|s:11:\"Alex Carrey\";email|s:15:\"admin@admin.com\";phone|s:10:\"1235467892\";isLogIn|b:1;message|s:19:\"Welcome Alex Carrey\";__ci_vars|a:1:{s:7:\"message\";s:3:\"old\";}'
WHERE `id` = '70d105bc36567c09195d92912299ab9aa2fa7758';
UPDATE `user_registration` SET `popup_seen` = 'yes'
WHERE `user_id` = 'admin';
UPDATE `ci_sessions` SET `timestamp` = 1734582139, `data` = '__ci_last_regenerate|i:1734582139;id|s:4:\"2019\";user_id|s:5:\"admin\";username|s:5:\"admin\";sponsor_id|s:1:\"0\";fullname|s:11:\"Alex Carrey\";email|s:15:\"admin@admin.com\";phone|s:10:\"1235467892\";isLogIn|b:1;'
WHERE `id` = '441cd1654108d823a8e7dacefc8d8c9e964871c6';
UPDATE `user_registration` SET `popup_seen` = 'yes'
WHERE `user_id` = 'admin';
UPDATE `ci_sessions` SET `timestamp` = 1734582537, `data` = '__ci_last_regenerate|i:1734582537;id|s:4:\"2019\";user_id|s:5:\"admin\";username|s:5:\"admin\";sponsor_id|s:1:\"0\";fullname|s:11:\"Alex Carrey\";email|s:15:\"admin@admin.com\";phone|s:10:\"1235467892\";isLogIn|b:1;'
WHERE `id` = '84aa2bd304febe0870766d686e713fb454616c5f';
UPDATE `user_registration` SET `popup_seen` = 'yes'
WHERE `user_id` = 'admin';
UPDATE `user_registration` SET `popup_seen` = 'yes'
WHERE `user_id` = 'admin';
UPDATE `admin` SET `last_login` = '2024-12-18 22:33:57', `ip_address` = '172.70.218.115'
WHERE `id` = '1';
UPDATE `ci_sessions` SET `timestamp` = 1734582903, `data` = '__ci_last_regenerate|i:1734582903;id|s:4:\"2019\";user_id|s:5:\"admin\";username|s:5:\"admin\";sponsor_id|s:1:\"0\";fullname|s:11:\"Alex Carrey\";email|s:15:\"admin@admin.com\";phone|s:10:\"1235467892\";isLogIn|b:1;'
WHERE `id` = '3229939301aea3e26cf979a67243bde8cd314e97';
UPDATE `user_registration` SET `popup_seen` = 'no'
WHERE `user_id` = 'admin';
DELETE FROM `ci_sessions`
WHERE `id` = '68f8a3ba18fcb568e86c49f6e78e52c957658b9d';
UPDATE `admin` SET `last_login` = '2024-12-18 22:35:10', `ip_address` = '108.162.210.220'
WHERE `id` = '1';
UPDATE `ci_sessions` SET `timestamp` = 1734584730, `data` = '__ci_last_regenerate|i:1734584730;isLogIn|b:1;isAdmin|b:1;id|s:1:\"1\";fullname|s:11:\"admin admin\";user_level|s:5:\"Admin\";email|s:15:\"admin@admin.com\";image|s:53:\"upload/settings/4a1f1b602322adb837a7a3547ee69cf3.jpeg\";last_login|s:19:\"2024-12-18 19:28:33\";last_logout|s:19:\"2024-12-18 19:39:32\";ip_address|s:12:\"172.70.82.95\";message|s:25:\"Welcome back  admin admin\";__ci_vars|a:1:{s:7:\"message\";s:3:\"old\";}'
WHERE `id` = '2f2aa3d611437f73f16814229ea7d4e930f085a5';
INSERT INTO `cron_job_history` (`name`, `date_started`, `status`) VALUES ('backup', '2024-12-19 00:00:01', 'started');
UPDATE `cron_job_history` SET `status` = 'done', `date_end` = '2024-12-19 00:00:01'
WHERE `id` = 78;
INSERT INTO `cron_job_history` (`name`, `date_started`, `status`) VALUES ('deduct_sub_amt_from_ewallet', '2024-12-19 00:05:01', 'started');
UPDATE `cron_job_history` SET `status` = 'done', `date_end` = '2024-12-19 00:05:01'
WHERE `id` = 79;
INSERT INTO `login_history` (`user_id`, `device`, `ip_address`, `date`) VALUES ('admin', 'Mozilla/5.0 (Windows NT 10.0; Win64; x64; rv:133.0) Gecko/20100101 Firefox/133.0', '172.69.87.213', '24-12-19 01:31');
UPDATE `user_registration` SET `popup_seen` = 'yes'
WHERE `user_id` = 'admin';
UPDATE `ci_sessions` SET `timestamp` = 1734596982, `data` = '__ci_last_regenerate|i:1734596982;id|s:4:\"2019\";user_id|s:5:\"admin\";username|s:5:\"admin\";sponsor_id|s:1:\"0\";fullname|s:11:\"Alex Carrey\";email|s:15:\"admin@admin.com\";phone|s:10:\"1235467892\";isLogIn|b:1;message|s:19:\"Welcome Alex Carrey\";__ci_vars|a:1:{s:7:\"message\";s:3:\"old\";}'
WHERE `id` = '8cac21c30fa58cffc5efd3d6d3210acc8924351b';
UPDATE `user_registration` SET `popup_seen` = 'yes'
WHERE `user_id` = 'admin';
UPDATE `user_registration` SET `popup_seen` = 'no'
WHERE `user_id` = 'admin';
DELETE FROM `ci_sessions`
WHERE `id` = '0128753c64c026f6fd8d796a491a754247d86d08';
INSERT INTO `login_history` (`user_id`, `device`, `ip_address`, `date`) VALUES ('35H9RV', 'Mozilla/5.0 (Windows NT 10.0; Win64; x64; rv:133.0) Gecko/20100101 Firefox/133.0', '162.158.227.85', '24-12-19 02:30');
UPDATE `user_registration` SET `popup_seen` = 'yes'
WHERE `user_id` = '35H9RV';
UPDATE `user_registration` SET `popup_seen` = 'yes'
WHERE `user_id` = '35H9RV';
INSERT INTO `benefits_pack_purchase_history` (`user_id`, `packge_id`, `amount`, `value`, `point`, `image`, `image_id`, `country`, `city`, `available_points`, `conversion_point_rate`, `payment_option`, `package_title`, `date`, `type`) VALUES ('35H9RV', '1', '0', '0', '0', 'upload/benefits_pack_image/36bd0266c43eda9bfdab7f46b8cca074.png', '17', '215', '3354', '0', '1', 'free', 'The Journey Begins', '2024-12-19 02:31:15', 'benefits_pack_claim');
INSERT INTO `add_cart` (`user_id`, `product_id`, `product_name`, `product_amount`, `product_point`, `product_image`, `product_details`, `quantity`, `total_amount`, `country`, `state`, `total_point`, `date`) VALUES ('35H9RV', '1', 'Visit beautiful Miami 5D/4N', '150', '75', 'upload/reward_image/8554e64c3c18d50953288de013a274ce.png', '<p><span style=\"color:rgb(0,0,0);\">Miami is a dynamic city known for its stunning beaches, vibrant nightlife, and diverse culture. From the art deco charm of South Beach to world-class dining and shopping, Miami offers an unforgettable tropical getaway.</span></p><p><span style=\"color:rgb(0,0,0);\"><strong>3 days / 2 nights</strong></span></p><p><span style=\"color:rgb(0,0,0);\"><strong>Cost: $150</strong></span></p>', 1, 150, '223', '4252', 75, '2024-12-19 02:32:16');
UPDATE `add_cart` SET `quantity` = '1', `total_amount` = 150, `total_point` = 75
WHERE `id` = '6';
INSERT INTO `total_orders` (`user_id`, `amount_to_pay`, `total_points`, `date`) VALUES ('35H9RV', '150', '75', '2024-12-19 02:32:33');
INSERT INTO `product_purchase_history` (`user_id`, `product_id`, `amount`, `quantity`, `total_amount`, `points`, `conversion_point_rate`, `payment_option`, `product_name`, `image_id`, `date`, `type`) VALUES ('35H9RV', '1', '150', '1', '150', 150, '1', 'free', 'Visit beautiful Miami 5D/4N', '1', '2024-12-19 02:32:33', 'repurchase');
UPDATE `user_registration` SET total_points = ROUND(total_points + 150,2)
WHERE `user_id` = '35H9RV';
INSERT INTO `points_history` (`user_id`, `points`, `type`, `date`) VALUES ('35H9RV', 150, 'product_prchase', '2024-12-19 02:32:');
INSERT INTO `orders` (`order_id`, `user_id`, `product_id`, `product_name`, `amount`, `quantity`, `total_amount`, `payment_option`, `date`) VALUES (1, '35H9RV', '1', 'Visit beautiful Miami 5D/4N', '150', '1', '150', 'free', '2024-12-19 02:32:33');
DELETE FROM `add_cart`
WHERE `id` = '6';
UPDATE `bv_updation` SET left_carry = left_carry+75, total_left = total_left+75
WHERE `user_id` = '35H9RV';
INSERT INTO `placement_bv_update_history` (`left_carry`, `date`, `from_id`, `user_id`) VALUES ('75', '2024-12-19 02:32:33', '35H9RV', '35H9RV');
INSERT INTO `add_cart` (`user_id`, `product_id`, `product_name`, `product_amount`, `product_point`, `product_image`, `product_details`, `quantity`, `total_amount`, `country`, `state`, `total_point`, `date`) VALUES ('35H9RV', '1', 'Visit beautiful Miami 5D/4N', '150', '75', 'upload/reward_image/8554e64c3c18d50953288de013a274ce.png', '<p><span style=\"color:rgb(0,0,0);\">Miami is a dynamic city known for its stunning beaches, vibrant nightlife, and diverse culture. From the art deco charm of South Beach to world-class dining and shopping, Miami offers an unforgettable tropical getaway.</span></p><p><span style=\"color:rgb(0,0,0);\"><strong>3 days / 2 nights</strong></span></p><p><span style=\"color:rgb(0,0,0);\"><strong>Cost: $150</strong></span></p>', 1, 150, '223', '4252', 75, '2024-12-19 02:34:51');
UPDATE `ci_sessions` SET `timestamp` = 1734597294, `data` = '__ci_last_regenerate|i:1734597294;id|s:4:\"2020\";user_id|s:6:\"35H9RV\";username|s:8:\"testuser\";sponsor_id|s:5:\"admin\";fullname|s:13:\"testuser test\";email|s:24:\"shahilshadh037@gmail.com\";phone|s:10:\"6567576767\";isLogIn|b:1;message|s:34:\"Product Added to Cart Successfully\";__ci_vars|a:1:{s:7:\"message\";s:3:\"old\";}'
WHERE `id` = '2608870888ee4bb64fe753e7061904481d50a7be';
UPDATE `add_cart` SET `quantity` = '1', `total_amount` = 150, `total_point` = 75
WHERE `id` = '7';
INSERT INTO `total_orders` (`user_id`, `amount_to_pay`, `total_points`, `date`) VALUES ('35H9RV', '150', '75', '2024-12-19 02:35:02');
INSERT INTO `product_purchase_history` (`user_id`, `product_id`, `amount`, `quantity`, `total_amount`, `points`, `conversion_point_rate`, `payment_option`, `product_name`, `image_id`, `date`, `type`) VALUES ('35H9RV', '1', '150', '1', '150', 150, '1', 'free', 'Visit beautiful Miami 5D/4N', '1', '2024-12-19 02:35:02', 'repurchase');
UPDATE `user_registration` SET total_points = ROUND(total_points + 150,2)
WHERE `user_id` = '35H9RV';
INSERT INTO `points_history` (`user_id`, `points`, `type`, `date`) VALUES ('35H9RV', 150, 'product_prchase', '2024-12-19 02:35:');
INSERT INTO `orders` (`order_id`, `user_id`, `product_id`, `product_name`, `amount`, `quantity`, `total_amount`, `payment_option`, `date`) VALUES (2, '35H9RV', '1', 'Visit beautiful Miami 5D/4N', '150', '1', '150', 'free', '2024-12-19 02:35:02');
DELETE FROM `add_cart`
WHERE `id` = '7';
UPDATE `bv_updation` SET left_carry = left_carry+75, total_left = total_left+75
WHERE `user_id` = '35H9RV';
INSERT INTO `placement_bv_update_history` (`left_carry`, `date`, `from_id`, `user_id`) VALUES ('75', '2024-12-19 02:35:02', '35H9RV', '35H9RV');
UPDATE `ci_sessions` SET `timestamp` = 1734602830, `data` = '__ci_last_regenerate|i:1734602830;id|s:4:\"2020\";user_id|s:6:\"35H9RV\";username|s:8:\"testuser\";sponsor_id|s:5:\"admin\";fullname|s:13:\"testuser test\";email|s:24:\"shahilshadh037@gmail.com\";phone|s:10:\"6567576767\";isLogIn|b:1;message|s:39:\"Product Purchase Completed Successfully\";__ci_vars|a:1:{s:7:\"message\";s:3:\"old\";}'
WHERE `id` = 'd8daa82ca35df1ba3d8003d5ec598394f875d8c8';
UPDATE `user_registration` SET `popup_seen` = 'yes'
WHERE `user_id` = '35H9RV';
INSERT INTO `reward_purchase_history` (`user_id`, `reward_id`, `amount`, `reward_value`, `reward_points`, `available_points`, `image`, `image_id`, `conversion_point_rate`, `payment_option`, `reward_name`, `country`, `state`, `date`, `type`) VALUES ('35H9RV', '1', '20', '330', '60', '350', 'upload/reward_image/fe3df7d6e2b62f0c9491b97eabce2d65.png', '3', '1', 'free', 'Visiting North America 3D/2N', '223', '4251', '2024-12-19 04:07:42', 'reward_claim');
UPDATE `user_registration` SET total_points = ROUND(total_points - 60,2)
WHERE `user_id` = '35H9RV';
INSERT INTO `add_cart` (`user_id`, `product_id`, `product_name`, `product_amount`, `product_point`, `product_image`, `product_details`, `quantity`, `total_amount`, `country`, `state`, `total_point`, `date`) VALUES ('35H9RV', '1', 'Visit beautiful Miami 5D/4N', '150', '75', 'upload/reward_image/8554e64c3c18d50953288de013a274ce.png', '<p><span style=\"color:rgb(0,0,0);\">Miami is a dynamic city known for its stunning beaches, vibrant nightlife, and diverse culture. From the art deco charm of South Beach to world-class dining and shopping, Miami offers an unforgettable tropical getaway.</span></p><p><span style=\"color:rgb(0,0,0);\"><strong>3 days / 2 nights</strong></span></p><p><span style=\"color:rgb(0,0,0);\"><strong>Cost: $150</strong></span></p>', 1, 150, '223', '4252', 75, '2024-12-19 04:07:54');
UPDATE `add_cart` SET `quantity` = '1', `total_amount` = 150, `total_point` = 75
WHERE `id` = '8';
INSERT INTO `total_orders` (`user_id`, `amount_to_pay`, `total_points`, `date`) VALUES ('35H9RV', '150', '75', '2024-12-19 04:08:06');
INSERT INTO `product_purchase_history` (`user_id`, `product_id`, `amount`, `quantity`, `total_amount`, `points`, `conversion_point_rate`, `payment_option`, `product_name`, `image_id`, `date`, `type`) VALUES ('35H9RV', '1', '150', '1', '150', 150, '1', 'free', 'Visit beautiful Miami 5D/4N', '1', '2024-12-19 04:08:06', 'repurchase');
UPDATE `user_registration` SET total_points = ROUND(total_points + 150,2)
WHERE `user_id` = '35H9RV';
INSERT INTO `points_history` (`user_id`, `points`, `type`, `date`) VALUES ('35H9RV', 150, 'product_prchase', '2024-12-19 04:08:');
INSERT INTO `orders` (`order_id`, `user_id`, `product_id`, `product_name`, `amount`, `quantity`, `total_amount`, `payment_option`, `date`) VALUES (3, '35H9RV', '1', 'Visit beautiful Miami 5D/4N', '150', '1', '150', 'free', '2024-12-19 04:08:06');
DELETE FROM `add_cart`
WHERE `id` = '8';
UPDATE `bv_updation` SET left_carry = left_carry+75, total_left = total_left+75
WHERE `user_id` = '35H9RV';
INSERT INTO `placement_bv_update_history` (`left_carry`, `date`, `from_id`, `user_id`) VALUES ('75', '2024-12-19 04:08:06', '35H9RV', '35H9RV');
UPDATE `ci_sessions` SET `timestamp` = 1734603488, `data` = '__ci_last_regenerate|i:1734603488;id|s:4:\"2020\";user_id|s:6:\"35H9RV\";username|s:8:\"testuser\";sponsor_id|s:5:\"admin\";fullname|s:13:\"testuser test\";email|s:24:\"shahilshadh037@gmail.com\";phone|s:10:\"6567576767\";isLogIn|b:1;message|s:39:\"Product Purchase Completed Successfully\";__ci_vars|a:1:{s:7:\"message\";s:3:\"old\";}'
WHERE `id` = 'd8daa82ca35df1ba3d8003d5ec598394f875d8c8';
INSERT INTO `reward_purchase_history` (`user_id`, `reward_id`, `amount`, `reward_value`, `reward_points`, `available_points`, `image`, `image_id`, `conversion_point_rate`, `payment_option`, `reward_name`, `country`, `state`, `date`, `type`) VALUES ('35H9RV', '1', '20', '330', '60', '440', 'upload/reward_image/8554e64c3c18d50953288de013a274ce.png', '9', '1', 'free', 'Visiting North America 3D/2N', '223', '4252', '2024-12-19 04:18:30', 'reward_claim');
UPDATE `user_registration` SET total_points = ROUND(total_points - 60,2)
WHERE `user_id` = '35H9RV';
INSERT INTO `add_cart` (`user_id`, `product_id`, `product_name`, `product_amount`, `product_point`, `product_image`, `product_details`, `quantity`, `total_amount`, `country`, `state`, `total_point`, `date`) VALUES ('35H9RV', '1', 'Visit beautiful Miami 5D/4N', '150', '75', 'upload/reward_image/8554e64c3c18d50953288de013a274ce.png', '<p><span style=\"color:rgb(0,0,0);\">Miami is a dynamic city known for its stunning beaches, vibrant nightlife, and diverse culture. From the art deco charm of South Beach to world-class dining and shopping, Miami offers an unforgettable tropical getaway.</span></p><p><span style=\"color:rgb(0,0,0);\"><strong>3 days / 2 nights</strong></span></p><p><span style=\"color:rgb(0,0,0);\"><strong>Cost: $150</strong></span></p>', 1, 150, '223', '4252', 75, '2024-12-19 04:18:55');
UPDATE `add_cart` SET `quantity` = '1', `total_amount` = 150, `total_point` = 75
WHERE `id` = '9';
INSERT INTO `total_orders` (`user_id`, `amount_to_pay`, `total_points`, `date`) VALUES ('35H9RV', '150', '75', '2024-12-19 04:19:10');
INSERT INTO `product_purchase_history` (`user_id`, `product_id`, `amount`, `quantity`, `total_amount`, `points`, `conversion_point_rate`, `payment_option`, `product_name`, `image_id`, `date`, `type`) VALUES ('35H9RV', '1', '150', '1', '150', 150, '1', 'free', 'Visit beautiful Miami 5D/4N', '1', '2024-12-19 04:19:10', 'repurchase');
UPDATE `user_registration` SET total_points = ROUND(total_points + 150,2)
WHERE `user_id` = '35H9RV';
INSERT INTO `points_history` (`user_id`, `points`, `type`, `date`) VALUES ('35H9RV', 150, 'product_prchase', '2024-12-19 04:19:');
INSERT INTO `orders` (`order_id`, `user_id`, `product_id`, `product_name`, `amount`, `quantity`, `total_amount`, `payment_option`, `date`) VALUES (4, '35H9RV', '1', 'Visit beautiful Miami 5D/4N', '150', '1', '150', 'free', '2024-12-19 04:19:10');
DELETE FROM `add_cart`
WHERE `id` = '9';
UPDATE `bv_updation` SET left_carry = left_carry+75, total_left = total_left+75
WHERE `user_id` = '35H9RV';
INSERT INTO `placement_bv_update_history` (`left_carry`, `date`, `from_id`, `user_id`) VALUES ('75', '2024-12-19 04:19:10', '35H9RV', '35H9RV');
UPDATE `ci_sessions` SET `timestamp` = 1734607490, `data` = '__ci_last_regenerate|i:1734607490;captcha|s:4:\"2mrn\";'
WHERE `id` = 'f9de58339d61d85d832ea9f7fe414af710e2fdac';
INSERT INTO `login_history` (`user_id`, `device`, `ip_address`, `date`) VALUES ('admin', 'Mozilla/5.0 (Macintosh; Intel Mac OS X 10_15_7) AppleWebKit/537.36 (KHTML, like Gecko) Chrome/131.0.0.0 Safari/537.36', '172.70.218.224', '24-12-19 05:25');
UPDATE `user_registration` SET `popup_seen` = 'yes'
WHERE `user_id` = 'admin';
INSERT INTO `login_history` (`user_id`, `device`, `ip_address`, `date`) VALUES ('admin', 'Mozilla/5.0 (Linux; Android 10; K) AppleWebKit/537.36 (KHTML, like Gecko) Chrome/131.0.0.0 Mobile Safari/537.36', '172.70.255.151', '24-12-19 08:35');
UPDATE `user_registration` SET `popup_seen` = 'yes'
WHERE `user_id` = 'admin';
UPDATE `user_registration` SET `popup_seen` = 'yes'
WHERE `user_id` = 'admin';
UPDATE `admin` SET `last_login` = '2024-12-19 09:03:26', `ip_address` = '108.162.210.221'
WHERE `id` = '1';
DELETE FROM `banner`
WHERE `id` = '1';
DELETE FROM `banner`
WHERE `id` = '2';
DELETE FROM `banner`
WHERE `id` = '3';
DELETE FROM `banner`
WHERE `id` = '4';
INSERT INTO `banner` (`name`, `date`, `banner_image`) VALUES ('The World is Yours', '2024-12-19 09:04:22', 'upload/banner/b854ef0e8173ba6abbcebc6f64044a05.png');
INSERT INTO `login_history` (`user_id`, `device`, `ip_address`, `date`) VALUES ('admin', 'Mozilla/5.0 (Windows NT 10.0; Win64; x64) AppleWebKit/537.36 (KHTML, like Gecko) Chrome/130.0.0.0 Safari/537.36', '172.70.82.254', '24-12-19 09:04');
UPDATE `user_registration` SET `popup_seen` = 'yes'
WHERE `user_id` = 'admin';
UPDATE `ci_sessions` SET `timestamp` = 1734620767, `data` = '__ci_last_regenerate|i:1734620767;id|s:4:\"2019\";user_id|s:5:\"admin\";username|s:5:\"admin\";sponsor_id|s:1:\"0\";fullname|s:11:\"Alex Carrey\";email|s:15:\"admin@admin.com\";phone|s:10:\"1235467892\";isLogIn|b:1;'
WHERE `id` = 'e12e4c0e2a28bc60968a94e1fee0e2838bd1655d';
UPDATE `user_registration` SET `popup_seen` = 'yes'
WHERE `user_id` = 'admin';
UPDATE `ci_sessions` SET `timestamp` = 1734621059, `data` = '__ci_last_regenerate|i:1734621059;isLogIn|b:1;isAdmin|b:1;id|s:1:\"1\";fullname|s:11:\"admin admin\";user_level|s:5:\"Admin\";email|s:15:\"admin@admin.com\";image|s:53:\"upload/settings/4a1f1b602322adb837a7a3547ee69cf3.jpeg\";last_login|s:19:\"2024-12-18 22:35:10\";last_logout|s:19:\"2024-12-18 19:39:32\";ip_address|s:14:\"108.162.210.22\";message|s:26:\"Banner added successfully!\";__ci_vars|a:1:{s:7:\"message\";s:3:\"old\";}'
WHERE `id` = '5c9244de929ed40a4d3f16cc3e6d05934bb50dd4';
DELETE FROM `banner`
WHERE `id` = '5';
INSERT INTO `banner` (`name`, `date`, `banner_image`) VALUES ('the world is yours', '2024-12-19 09:11:18', 'upload/banner/08eaea7a9487a40e46e8a3f8df9f0719.png');
INSERT INTO `login_history` (`user_id`, `device`, `ip_address`, `date`) VALUES ('admin', 'Mozilla/5.0 (Windows NT 10.0; Win64; x64) AppleWebKit/537.36 (KHTML, like Gecko) Chrome/130.0.0.0 Safari/537.36', '172.70.83.8', '24-12-19 09:12');
UPDATE `user_registration` SET `popup_seen` = 'yes'
WHERE `user_id` = 'admin';
UPDATE `user_registration` SET `popup_seen` = 'yes'
WHERE `user_id` = 'admin';
INSERT INTO `login_history` (`user_id`, `device`, `ip_address`, `date`) VALUES ('admin', 'Mozilla/5.0 (Linux; Android 10; K) AppleWebKit/537.36 (KHTML, like Gecko) Chrome/131.0.0.0 Mobile Safari/537.36', '172.70.54.36', '24-12-19 11:22');
UPDATE `user_registration` SET `popup_seen` = 'yes'
WHERE `user_id` = 'admin';
UPDATE `ci_sessions` SET `timestamp` = 1734633564, `data` = '__ci_last_regenerate|i:1734633564;id|s:4:\"2019\";user_id|s:5:\"admin\";username|s:5:\"admin\";sponsor_id|s:1:\"0\";fullname|s:11:\"Alex Carrey\";email|s:15:\"admin@admin.com\";phone|s:10:\"1235467892\";isLogIn|b:1;message|s:19:\"Welcome Alex Carrey\";__ci_vars|a:1:{s:7:\"message\";s:3:\"old\";}'
WHERE `id` = 'd6473545a85265c4ee5bf1ce661bd9ecda53a77f';
UPDATE `user_registration` SET `popup_seen` = 'yes'
WHERE `user_id` = 'admin';
UPDATE `ci_sessions` SET `timestamp` = 1734658480, `data` = '__ci_last_regenerate|i:1734658480;captcha|s:4:\"f4u5\";'
WHERE `id` = '0905e586189352ce0252fd7b412cafb0f44679e2';
INSERT INTO `login_history` (`user_id`, `device`, `ip_address`, `date`) VALUES ('44B9Y4', 'Mozilla/5.0 (Windows NT 10.0; Win64; x64) AppleWebKit/537.36 (KHTML, like Gecko) Chrome/131.0.0.0 Safari/537.36', '172.71.156.141', '24-12-19 19:35');
UPDATE `user_registration` SET `popup_seen` = 'yes'
WHERE `user_id` = '44B9Y4';
UPDATE `ci_sessions` SET `timestamp` = 1734658806, `data` = '__ci_last_regenerate|i:1734658806;id|s:4:\"2021\";user_id|s:6:\"44B9Y4\";username|s:7:\"Talimbi\";sponsor_id|s:5:\"admin\";fullname|s:14:\"Emilio Tapanes\";email|s:23:\"emiliotapanes@gmail.com\";phone|s:10:\"7862876762\";isLogIn|b:1;'
WHERE `id` = '535e478bbcfe896cef9c487ce4c806fd3e6e815f';
UPDATE `ci_sessions` SET `timestamp` = 1734661302, `data` = '__ci_last_regenerate|i:1734661302;id|s:4:\"2021\";user_id|s:6:\"44B9Y4\";username|s:7:\"Talimbi\";sponsor_id|s:5:\"admin\";fullname|s:14:\"Emilio Tapanes\";email|s:23:\"emiliotapanes@gmail.com\";phone|s:10:\"7862876762\";isLogIn|b:1;'
WHERE `id` = 'dd1f98fcf7758e12b87071538d119710d1b858ff';
INSERT INTO `add_cart` (`user_id`, `product_id`, `product_name`, `product_amount`, `product_point`, `product_image`, `product_details`, `quantity`, `total_amount`, `country`, `state`, `total_point`, `date`) VALUES ('44B9Y4', '4', 'Nature closer than ever 5D/4N', '150', '75', 'upload/product_image/47bdc5b1bf77d9f53a68d790b6ad854b.png', '<p><span style=\"color:rgb(0,0,0);\">Orlando is famed for its iconic theme parks, exciting attractions, and year-round sunshine. With thrilling adventures, diverse dining, and endless shopping, it’s a perfect getaway for families and fun-seekers alike.</span></p><p><span style=\"color:rgb(0,0,0);\"><strong>5 days / 4 nights</strong></span></p><p><span style=\"color:rgb(0,0,0);\"><strong>Cost: $150</strong></span></p>', 1, 150, '', '', 75, '2024-12-19 20:21:58');
UPDATE `add_cart` SET `quantity` = '1', `total_amount` = 150, `total_point` = 75
WHERE `id` = '10';
UPDATE `ci_sessions` SET `timestamp` = 1734662545, `data` = '__ci_last_regenerate|i:1734662545;id|s:4:\"2021\";user_id|s:6:\"44B9Y4\";username|s:7:\"Talimbi\";sponsor_id|s:5:\"admin\";fullname|s:14:\"Emilio Tapanes\";email|s:23:\"emiliotapanes@gmail.com\";phone|s:10:\"7862876762\";isLogIn|b:1;'
WHERE `id` = 'a88379033f3ed4c245f2d5ce32b508795522ed85';
UPDATE `user_registration` SET `popup_seen` = 'yes'
WHERE `user_id` = '44B9Y4';
UPDATE `user_registration` SET `popup_seen` = 'no'
WHERE `user_id` = '44B9Y4';
DELETE FROM `ci_sessions`
WHERE `id` = '5e96fd35a6069a47a180a09ce3a35eb73242d035';
INSERT INTO `login_history` (`user_id`, `device`, `ip_address`, `date`) VALUES ('XVTJOY', 'Mozilla/5.0 (Windows NT 10.0; Win64; x64) AppleWebKit/537.36 (KHTML, like Gecko) Chrome/131.0.0.0 Safari/537.36', '172.69.132.224', '24-12-19 20:44');
UPDATE `user_registration` SET `popup_seen` = 'yes'
WHERE `user_id` = 'XVTJOY';
UPDATE `user_registration` SET `popup_seen` = 'no'
WHERE `user_id` = 'XVTJOY';
DELETE FROM `ci_sessions`
WHERE `id` = 'ab5a93694ca5afd698fda7453d3eb15899cae5fb';
INSERT INTO `login_history` (`user_id`, `device`, `ip_address`, `date`) VALUES ('44B9Y4', 'Mozilla/5.0 (Windows NT 10.0; Win64; x64) AppleWebKit/537.36 (KHTML, like Gecko) Chrome/131.0.0.0 Safari/537.36', '172.70.82.141', '24-12-19 20:46');
UPDATE `user_registration` SET `popup_seen` = 'yes'
WHERE `user_id` = '44B9Y4';
DELETE FROM `add_cart`
WHERE `id` = '10';
UPDATE `ci_sessions` SET `timestamp` = 1734663079, `data` = '__ci_last_regenerate|i:1734663079;id|s:4:\"2021\";user_id|s:6:\"44B9Y4\";username|s:7:\"Talimbi\";sponsor_id|s:5:\"admin\";fullname|s:14:\"Emilio Tapanes\";email|s:23:\"emiliotapanes@gmail.com\";phone|s:10:\"7862876762\";isLogIn|b:1;'
WHERE `id` = '6b3c3cd20e69632db141e2c259bd93c430854546';
UPDATE `user_registration` SET `popup_seen` = 'yes'
WHERE `user_id` = '44B9Y4';
UPDATE `ci_sessions` SET `timestamp` = 1734663424, `data` = '__ci_last_regenerate|i:1734663424;id|s:4:\"2021\";user_id|s:6:\"44B9Y4\";username|s:7:\"Talimbi\";sponsor_id|s:5:\"admin\";fullname|s:14:\"Emilio Tapanes\";email|s:23:\"emiliotapanes@gmail.com\";phone|s:10:\"7862876762\";isLogIn|b:1;'
WHERE `id` = '3a00c3487e13aadeeae1eb9e3ae869570d453bbe';
UPDATE `user_registration` SET `popup_seen` = 'yes'
WHERE `user_id` = '44B9Y4';
INSERT INTO `login_history` (`user_id`, `device`, `ip_address`, `date`) VALUES ('admin', 'Mozilla/5.0 (Linux; Android 10; K) AppleWebKit/537.36 (KHTML, like Gecko) Chrome/131.0.0.0 Mobile Safari/537.36', '172.70.55.222', '24-12-19 21:00');
UPDATE `user_registration` SET `popup_seen` = 'yes'
WHERE `user_id` = 'admin';
UPDATE `ci_sessions` SET `timestamp` = 1734668655, `data` = '__ci_last_regenerate|i:1734668655;id|s:4:\"2019\";user_id|s:5:\"admin\";username|s:5:\"admin\";sponsor_id|s:1:\"0\";fullname|s:11:\"Alex Carrey\";email|s:15:\"admin@admin.com\";phone|s:10:\"1235467892\";isLogIn|b:1;message|s:19:\"Welcome Alex Carrey\";__ci_vars|a:1:{s:7:\"message\";s:3:\"old\";}'
WHERE `id` = '741d173905e02c97f4e0589ce1a6b17d040fdf60';
UPDATE `user_registration` SET `popup_seen` = 'yes'
WHERE `user_id` = 'admin';
INSERT INTO `login_history` (`user_id`, `device`, `ip_address`, `date`) VALUES ('admin', 'Mozilla/5.0 (Macintosh; Intel Mac OS X 10_15_7) AppleWebKit/537.36 (KHTML, like Gecko) Chrome/131.0.0.0 Safari/537.36', '172.69.178.190', '24-12-19 23:02');
UPDATE `user_registration` SET `popup_seen` = 'yes'
WHERE `user_id` = 'admin';
UPDATE `user_registration` SET `popup_seen` = 'no'
WHERE `user_id` = 'admin';
DELETE FROM `ci_sessions`
WHERE `id` = '8d84db97659e7046ec0cda48aa871c178cd086c2';
UPDATE `admin` SET `last_login` = '2024-12-19 23:06:41', `ip_address` = '172.69.178.220'
WHERE `id` = '1';
UPDATE `ci_sessions` SET `timestamp` = 1734672289, `data` = '__ci_last_regenerate|i:1734672289;isLogIn|b:1;isAdmin|b:1;id|s:1:\"1\";fullname|s:11:\"admin admin\";user_level|s:5:\"Admin\";email|s:15:\"admin@admin.com\";image|s:53:\"upload/settings/4a1f1b602322adb837a7a3547ee69cf3.jpeg\";last_login|s:19:\"2024-12-19 09:03:26\";last_logout|s:19:\"2024-12-18 19:39:32\";ip_address|s:14:\"108.162.210.22\";'
WHERE `id` = 'd74c9daecd64ffbcbcb62eb94fdb683ca1e1f004';
UPDATE `user_registration` SET `popup_seen` = 'yes'
WHERE `user_id` IS NULL;
UPDATE `user_registration` SET `popup_seen` = 'yes'
WHERE `user_id` IS NULL;
UPDATE `user_registration` SET `popup_seen` = 'no'
WHERE `user_id` IS NULL;
DELETE FROM `ci_sessions`
WHERE `id` = '4371c813a3c6fbbe21f3a6ca78cc8669fc0e08f6';
UPDATE `ci_sessions` SET `timestamp` = 1734674340, `data` = '__ci_last_regenerate|i:1734674340;captcha|s:4:\"veuz\";'
WHERE `id` = 'c42ca7cc6b0970d5d54315463e4cbc13993e92a7';
UPDATE `admin` SET `last_logout` = '2024-12-19 23:59:00'
WHERE `id` IS NULL;
DELETE FROM `ci_sessions`
WHERE `id` = 'f45c83b3a6827560dae0b98a06b4908d74463bbe';
UPDATE `admin` SET `last_login` = '2024-12-19 23:59:16', `ip_address` = '172.69.179.124'
WHERE `id` = '1';
INSERT INTO `cron_job_history` (`name`, `date_started`, `status`) VALUES ('backup', '2024-12-20 00:00:02', 'started');
UPDATE `cron_job_history` SET `status` = 'done', `date_end` = '2024-12-20 00:00:02'
WHERE `id` = 80;
UPDATE `ci_sessions` SET `timestamp` = 1734674683, `data` = '__ci_last_regenerate|i:1734674683;isLogIn|b:1;isAdmin|b:1;id|s:1:\"1\";fullname|s:11:\"admin admin\";user_level|s:5:\"Admin\";email|s:15:\"admin@admin.com\";image|s:53:\"upload/settings/4a1f1b602322adb837a7a3547ee69cf3.jpeg\";last_login|s:19:\"2024-12-19 23:06:41\";last_logout|s:19:\"2024-12-18 19:39:32\";ip_address|s:14:\"172.69.178.220\";message|s:25:\"Welcome back  admin admin\";__ci_vars|a:1:{s:7:\"message\";s:3:\"old\";}'
WHERE `id` = '9e2066bd6edc9673f06f85e0a498aac62a469c92';
INSERT INTO `cron_job_history` (`name`, `date_started`, `status`) VALUES ('deduct_sub_amt_from_ewallet', '2024-12-20 00:05:01', 'started');
UPDATE `cron_job_history` SET `status` = 'done', `date_end` = '2024-12-20 00:05:01'
WHERE `id` = 81;
UPDATE `ci_sessions` SET `timestamp` = 1734674928, `data` = '__ci_last_regenerate|i:1734674928;id|s:4:\"2019\";user_id|s:5:\"admin\";username|s:5:\"admin\";sponsor_id|s:1:\"0\";fullname|s:11:\"Alex Carrey\";email|s:15:\"admin@admin.com\";phone|s:10:\"1235467892\";isLogIn|b:1;'
WHERE `id` = '535dc21ae8eb78dc9b8cd2e6151365a38e914b40';
UPDATE `ci_sessions` SET `timestamp` = 1734676307, `data` = '__ci_last_regenerate|i:1734676307;id|s:4:\"2019\";user_id|s:5:\"admin\";username|s:5:\"admin\";sponsor_id|s:1:\"0\";fullname|s:11:\"Alex Carrey\";email|s:15:\"admin@admin.com\";phone|s:10:\"1235467892\";isLogIn|b:1;'
WHERE `id` = '265034eccb3e71312338dd2a491f8dfc044a86b8';
UPDATE `ci_sessions` SET `timestamp` = 1734676754, `data` = '__ci_last_regenerate|i:1734676754;isLogIn|b:1;isAdmin|b:1;id|s:1:\"1\";fullname|s:11:\"admin admin\";user_level|s:5:\"Admin\";email|s:15:\"admin@admin.com\";image|s:53:\"upload/settings/4a1f1b602322adb837a7a3547ee69cf3.jpeg\";last_login|s:19:\"2024-12-19 23:06:41\";last_logout|s:19:\"2024-12-18 19:39:32\";ip_address|s:14:\"172.69.178.220\";'
WHERE `id` = '12b3cefa91fc5449dc3916adb0c58c8726161ca4';
UPDATE `ci_sessions` SET `timestamp` = 1734676926, `data` = '__ci_last_regenerate|i:1734676926;id|s:4:\"2019\";user_id|s:5:\"admin\";username|s:5:\"admin\";sponsor_id|s:1:\"0\";fullname|s:11:\"Alex Carrey\";email|s:15:\"admin@admin.com\";phone|s:10:\"1235467892\";isLogIn|b:1;'
WHERE `id` = 'd9851dd2fa34fd36a30f1a125474ab7f68d4cb07';
UPDATE `user_registration` SET `popup_seen` = 'yes'
WHERE `user_id` = 'admin';
UPDATE `ci_sessions` SET `timestamp` = 1734677123, `data` = '__ci_last_regenerate|i:1734677123;isLogIn|b:1;isAdmin|b:1;id|s:1:\"1\";fullname|s:11:\"admin admin\";user_level|s:5:\"Admin\";email|s:15:\"admin@admin.com\";image|s:53:\"upload/settings/4a1f1b602322adb837a7a3547ee69cf3.jpeg\";last_login|s:19:\"2024-12-19 23:06:41\";last_logout|s:19:\"2024-12-18 19:39:32\";ip_address|s:14:\"172.69.178.220\";'
WHERE `id` = '002c097cdace550fa91ea709d6aeec8c24323e0a';
UPDATE `user_registration` SET `popup_seen` = 'yes'
WHERE `user_id` IS NULL;
UPDATE `user_registration` SET `popup_seen` = 'yes'
WHERE `user_id` IS NULL;
UPDATE `user_registration` SET `popup_seen` = 'no'
WHERE `user_id` IS NULL;
DELETE FROM `ci_sessions`
WHERE `id` = 'a6f45c258c7c173a07d8b31e02c4657b945b16f7';
UPDATE `admin` SET `last_logout` = '2024-12-20 00:46:32'
WHERE `id` IS NULL;
DELETE FROM `ci_sessions`
WHERE `id` = '3d74d82a9a543751c566f5461e1f1f2902354b16';
UPDATE `admin` SET `last_login` = '2024-12-20 00:50:36', `ip_address` = '172.71.202.143'
WHERE `id` = '1';
UPDATE `ci_sessions` SET `timestamp` = 1734677729, `data` = '__ci_last_regenerate|i:1734677729;isLogIn|b:1;isAdmin|b:1;id|s:1:\"1\";fullname|s:11:\"admin admin\";user_level|s:5:\"Admin\";email|s:15:\"admin@admin.com\";image|s:53:\"upload/settings/4a1f1b602322adb837a7a3547ee69cf3.jpeg\";last_login|s:19:\"2024-12-19 23:59:16\";last_logout|s:19:\"2024-12-18 19:39:32\";ip_address|s:14:\"172.69.179.124\";'
WHERE `id` = '769ede22f11a5a6eb290f4635d89199fa625383d';
INSERT INTO `uploads` (`id`, `item_title`, `item_link`, `date`, `description`) VALUES ('', 'Travelegendcy - Business Presentation 2025', 'upload/items/86e049935980aa4a72c61a5f9cda83c3.pdf', '2024-12-20 00:57:20', 'Travelegendcy - Business Presentation 2025');
UPDATE `ci_sessions` SET `timestamp` = 1734678131, `data` = '__ci_last_regenerate|i:1734678131;isLogIn|b:1;isAdmin|b:1;id|s:1:\"1\";fullname|s:11:\"admin admin\";user_level|s:5:\"Admin\";email|s:15:\"admin@admin.com\";image|s:53:\"upload/settings/4a1f1b602322adb837a7a3547ee69cf3.jpeg\";last_login|s:19:\"2024-12-19 23:59:16\";last_logout|s:19:\"2024-12-18 19:39:32\";ip_address|s:14:\"172.69.179.124\";'
WHERE `id` = 'c85de6d0c523d39e430a4f7a69e85b27281ab9ef';
INSERT INTO `uploads` (`id`, `item_title`, `item_link`, `date`, `description`) VALUES ('', 'Travelegendcy - Business Presentation 2025', 'upload/items/a47dc22ded07cedbae350fff7294b498.pdf', '2024-12-20 01:02:11', 'Travelegendcy - Business Presentation 2025');
INSERT INTO `login_history` (`user_id`, `device`, `ip_address`, `date`) VALUES ('admin', 'Mozilla/5.0 (Linux; Android 10; K) AppleWebKit/537.36 (KHTML, like Gecko) Chrome/131.0.0.0 Safari/537.36', '172.70.255.98', '24-12-20 09:09');
UPDATE `user_registration` SET `popup_seen` = 'yes'
WHERE `user_id` = 'admin';
INSERT INTO `login_history` (`user_id`, `device`, `ip_address`, `date`) VALUES ('admin', 'Mozilla/5.0 (Linux; Android 10; K) AppleWebKit/537.36 (KHTML, like Gecko) Chrome/131.0.0.0 Mobile Safari/537.36', '172.70.255.181', '24-12-20 15:26');
UPDATE `user_registration` SET `popup_seen` = 'yes'
WHERE `user_id` = 'admin';
UPDATE `user_registration` SET `popup_seen` = 'yes'
WHERE `user_id` = 'admin';
UPDATE `admin` SET `last_login` = '2024-12-20 18:33:57', `ip_address` = '172.70.255.41'
WHERE `id` = '1';
UPDATE `admin` SET `last_logout` = '2024-12-20 18:34:37'
WHERE `id` = '1';
DELETE FROM `ci_sessions`
WHERE `id` = 'f88d1efb1e081a5b3db01890f61e68a6aaedde29';
UPDATE `user_registration` SET `uid` = '2033', `user_id` = 'Q6D63V', `username` = 'mbozz', `sponsor_id` = 'XVTJOY', `vacant` = 'no', `f_name` = 'Seb', `l_name` = 'Bozz', `position` = 'right', `email` = 'deeptalent@hotmail.com', `password` = 'e10adc3949ba59abbe56e057f20f883e', `phone` = '', `country` = 'United States', `state` = 'Florida', `city` = 'Miami', `street` = '15831 SW 99 St', `zip_code` = '33196', `reg_ip` = '172.70.255.238', `status` = 1, `package_id` = '2', `rank_id` = 1, `highest_rank` = 1, `cycle_rank_id` = 1, `created` = '2024-12-20 18:38:42', `subscription_date` = '2025-01-19', `google_secret` = 'ZJECCFR5QOFEVG5K'
WHERE `uid` = '2033';
INSERT INTO `user_registration` (`uid`, `user_id`, `username`, `sponsor_id`, `placement_id`, `vacant`, `f_name`, `l_name`, `address`, `position`, `email`, `password`, `phone`, `reg_ip`, `status`, `created`) VALUES (NULL, 'CATFTI', 'LhQOgVTl', 'Q6D63V', 'Q6D63V', 'yes', '', '', '', 'left', '@mail.com', '', '', '', 0, '2024-12-20 18:38:42');
INSERT INTO `user_registration` (`uid`, `user_id`, `username`, `sponsor_id`, `placement_id`, `vacant`, `f_name`, `l_name`, `address`, `position`, `email`, `password`, `phone`, `reg_ip`, `status`, `created`) VALUES (NULL, 'NFTLIT', 'ktXHveLL', 'Q6D63V', 'Q6D63V', 'yes', '', '', '', 'right', '@mail.com', '', '', '', 0, '2024-12-20 18:38:42');
INSERT INTO `bv_updation` (`user_id`) VALUES ('Q6D63V');
UPDATE `user_registration` SET total_ref_count = total_ref_count+1
WHERE `user_id` = 'XVTJOY';
UPDATE `user_registration` SET total_downlines = total_downlines+1
WHERE `user_id` = 'XVTJOY';
UPDATE `user_registration` SET right_downlines = right_downlines+1
WHERE `user_id` = 'XVTJOY';
UPDATE `user_registration` SET right_ref_count = right_ref_count+1
WHERE `user_id` = 'XVTJOY';
UPDATE `user_registration` SET active_right = active_right+1
WHERE `user_id` = 'XVTJOY';
UPDATE `user_registration` SET total_downlines = total_downlines+1
WHERE `user_id` = '45E8V2';
UPDATE `user_registration` SET right_downlines = right_downlines+1
WHERE `user_id` = '45E8V2';
UPDATE `user_registration` SET total_downlines = total_downlines+1
WHERE `user_id` = '44B9Y4';
UPDATE `user_registration` SET right_downlines = right_downlines+1
WHERE `user_id` = '44B9Y4';
UPDATE `user_registration` SET total_downlines = total_downlines+1
WHERE `user_id` = 'admin';
UPDATE `user_registration` SET right_downlines = right_downlines+1
WHERE `user_id` = 'admin';
INSERT INTO `investment` (`invest_date`, `user_id`, `type`, `amount`, `package_id`) VALUES ('2024-12-20 18:38:42', 'Q6D63V', 'register', '595', '2');
INSERT INTO `earnings` (`user_id`, `Purchaser_id`, `earning_type`, `package_id`, `amount`, `date`, `comments`, `invest_amount`, `comm_perc`, `level`, `rank_id`, `order_id`) VALUES ('XVTJOY', 'Q6D63V', 'Direct Referral Bonus', '2', '100', '2024-12-20 18:38:42', 'Direct Referral Bonus', 0, 0, 1, '', 11);
UPDATE `user_registration` SET commission_balance = ROUND(commission_balance + 100,2)
WHERE `user_id` = 'XVTJOY';
UPDATE `user_registration` SET referral_bonus = ROUND(referral_bonus + 100,2)
WHERE `user_id` = 'XVTJOY';
UPDATE `user_registration` SET total_points = ROUND(total_points + 50,2)
WHERE `user_id` = 'Q6D63V';
INSERT INTO `points_history` (`user_id`, `points`, `type`, `date`) VALUES ('Q6D63V', '50', 'register', '2024-12-20 18:38:');
INSERT INTO `matrix_filling` (`placement_id`, `downline_id`, `level`, `matrix`) VALUES ('XVTJOY', 'Q6D63V', 1, 1);
UPDATE `bv_updation` SET right_carry = right_carry+50, total_right = total_right+50
WHERE `user_id` = 'XVTJOY';
INSERT INTO `placement_bv_update_history` (`right_carry`, `date`, `from_id`, `user_id`) VALUES ('50', '2024-12-20 18:38:42', 'Q6D63V', 'XVTJOY');
UPDATE `bv_updation` SET sponsor_right_carry = sponsor_right_carry+50, sponsor_total_right = sponsor_total_right+50
WHERE `user_id` = 'XVTJOY';
INSERT INTO `sponsor_bv_update_history` (`right_carry`, `date`, `user_id`) VALUES ('50', '2024-12-20 18:38:42', 'XVTJOY');
INSERT INTO `matrix_filling` (`placement_id`, `downline_id`, `level`, `matrix`) VALUES ('45E8V2', 'Q6D63V', 2, 1);
UPDATE `bv_updation` SET right_carry = right_carry+50, total_right = total_right+50
WHERE `user_id` = '45E8V2';
INSERT INTO `placement_bv_update_history` (`right_carry`, `date`, `from_id`, `user_id`) VALUES ('50', '2024-12-20 18:38:42', 'Q6D63V', '45E8V2');
INSERT INTO `matrix_filling` (`placement_id`, `downline_id`, `level`, `matrix`) VALUES ('44B9Y4', 'Q6D63V', 3, 1);
INSERT INTO `matrix_filling` (`placement_id`, `downline_id`, `level`, `matrix`) VALUES ('admin', 'Q6D63V', 4, 1);
UPDATE `bv_updation` SET right_carry = right_carry+50, total_right = total_right+50
WHERE `user_id` = 'admin';
INSERT INTO `placement_bv_update_history` (`right_carry`, `date`, `from_id`, `user_id`) VALUES ('50', '2024-12-20 18:38:42', 'Q6D63V', 'admin');
INSERT INTO `package_purchase_history` (`user_id`, `package_id`, `reg_fee`, `package_name`, `monthly_fee`, `type`, `date`, `payment_option`) VALUES ('Q6D63V', '2', '595', 'Traveler Pro', '150', 'sign_up', '2024-12-20 18:38:42', 'free');
INSERT INTO `login_history` (`user_id`, `device`, `ip_address`, `date`) VALUES ('44B9Y4', 'Mozilla/5.0 (Windows NT 10.0; Win64; x64) AppleWebKit/537.36 (KHTML, like Gecko) Chrome/131.0.0.0 Safari/537.36', '172.70.255.42', '24-12-20 18:47');
UPDATE `user_registration` SET `popup_seen` = 'yes'
WHERE `user_id` = '44B9Y4';
UPDATE `ci_sessions` SET `timestamp` = 1734742470, `data` = '__ci_last_regenerate|i:1734742470;id|s:4:\"2021\";user_id|s:6:\"44B9Y4\";username|s:7:\"Talimbi\";sponsor_id|s:5:\"admin\";fullname|s:14:\"Emilio Tapanes\";email|s:23:\"emiliotapanes@gmail.com\";phone|s:10:\"7862876762\";isLogIn|b:1;'
WHERE `id` = '8ee51bd634ee0d7ba76233ef5432241d4212f8be';
INSERT INTO `temp_register` (`post_data`, `date`, `payment_method`, `type`) VALUES ('{\"user_id\":\"44B9Y4\",\"new_package_id\":\"2\",\"old_package_id\":\"1\",\"amt_diff\":\"595\",\"bv_diff\":\"50\",\"new_pack_name\":\"Traveler Pro\"}', '2024-12-20 18:54:30', 'stripe', 'upgrade');
UPDATE `user_registration` SET `popup_seen` = 'yes'
WHERE `user_id` = '44B9Y4';
INSERT INTO `temp_register` (`post_data`, `date`, `payment_method`, `type`) VALUES ('{\"user_id\":\"44B9Y4\",\"new_package_id\":\"2\",\"old_package_id\":\"1\",\"amt_diff\":\"595\",\"bv_diff\":\"50\",\"new_pack_name\":\"Traveler Pro\"}', '2024-12-20 18:58:05', 'stripe', 'upgrade');
UPDATE `ci_sessions` SET `timestamp` = 1734742780, `data` = '__ci_last_regenerate|i:1734742780;id|s:4:\"2021\";user_id|s:6:\"44B9Y4\";username|s:7:\"Talimbi\";sponsor_id|s:5:\"admin\";fullname|s:14:\"Emilio Tapanes\";email|s:23:\"emiliotapanes@gmail.com\";phone|s:10:\"7862876762\";isLogIn|b:1;upgrade_stripe_id|i:10;'
WHERE `id` = '2bbf4800358422b041836c43cbef8acbebf471fb';
UPDATE `ci_sessions` SET `timestamp` = 1734743093, `data` = '__ci_last_regenerate|i:1734743093;id|s:4:\"2021\";user_id|s:6:\"44B9Y4\";username|s:7:\"Talimbi\";sponsor_id|s:5:\"admin\";fullname|s:14:\"Emilio Tapanes\";email|s:23:\"emiliotapanes@gmail.com\";phone|s:10:\"7862876762\";isLogIn|b:1;upgrade_stripe_id|i:10;'
WHERE `id` = 'da7328033850c71894a36018617c72333a54bf2a';
INSERT INTO `temp_register` (`post_data`, `date`, `payment_method`, `type`) VALUES ('{\"user_id\":\"44B9Y4\",\"new_package_id\":\"2\",\"old_package_id\":\"1\",\"amt_diff\":\"595\",\"bv_diff\":\"50\",\"new_pack_name\":\"Traveler Pro\"}', '2024-12-20 19:04:53', 'stripe', 'upgrade');
UPDATE `ci_sessions` SET `timestamp` = 1734748102, `data` = '__ci_last_regenerate|i:1734748102;captcha|s:4:\"atu4\";message|s:44:\"Your registration completed successfully...!\";__ci_vars|a:1:{s:7:\"message\";s:3:\"old\";}'
WHERE `id` = 'a606811951d3f2f3223119c077e39a4e210bd714';
UPDATE `admin` SET `last_login` = '2024-12-20 20:28:25', `ip_address` = '172.70.55.222'
WHERE `id` = '1';
INSERT INTO `cron_job_history` (`name`, `date_started`, `status`) VALUES ('backup', '2024-12-21 00:00:01', 'started');
UPDATE `cron_job_history` SET `status` = 'done', `date_end` = '2024-12-21 00:00:01'
WHERE `id` = 82;
INSERT INTO `cron_job_history` (`name`, `date_started`, `status`) VALUES ('deduct_sub_amt_from_ewallet', '2024-12-21 00:05:01', 'started');
UPDATE `cron_job_history` SET `status` = 'done', `date_end` = '2024-12-21 00:05:01'
WHERE `id` = 83;
INSERT INTO `cron_job_history` (`name`, `date_started`, `status`) VALUES ('backup', '2024-12-22 00:00:01', 'started');
UPDATE `cron_job_history` SET `status` = 'done', `date_end` = '2024-12-22 00:00:02'
WHERE `id` = 84;
INSERT INTO `cron_job_history` (`name`, `date_started`, `status`) VALUES ('deduct_sub_amt_from_ewallet', '2024-12-22 00:05:01', 'started');
UPDATE `cron_job_history` SET `status` = 'done', `date_end` = '2024-12-22 00:05:01'
WHERE `id` = 85;
INSERT INTO `login_history` (`user_id`, `device`, `ip_address`, `date`) VALUES ('44B9Y4', 'Mozilla/5.0 (Windows NT 10.0; Win64; x64) AppleWebKit/537.36 (KHTML, like Gecko) Chrome/131.0.0.0 Safari/537.36', '172.70.83.101', '24-12-22 11:28');
UPDATE `user_registration` SET `popup_seen` = 'yes'
WHERE `user_id` = '44B9Y4';
INSERT INTO `temp_register` (`post_data`, `date`, `payment_method`, `type`) VALUES ('{\"user_id\":\"44B9Y4\",\"new_package_id\":\"2\",\"old_package_id\":\"1\",\"amt_diff\":\"595\",\"bv_diff\":\"50\",\"new_pack_name\":\"Traveler Pro\"}', '2024-12-22 11:28:33', 'stripe', 'upgrade');
UPDATE `temp_register` SET `response` = '{\"stripeToken\":\"tok_1QYsy82NUoYUjiuuX2VvmST6\",\"stripeTokenType\":\"card\",\"stripeEmail\":\"emiliotapanes@gmail.com\"}', `date_modified` = '2024-12-22 11:29:38', `payment_status` = '{\"id\":\"ch_3QYsyD2NUoYUjiuu0ATWBHSd\",\"object\":\"charge\",\"amount\":59500,\"amount_captured\":59500,\"amount_refunded\":0,\"application\":null,\"application_fee\":null,\"application_fee_amount\":null,\"balance_transaction\":\"txn_3QYsyD2NUoYUjiuu0MSL8mGR\",\"billing_details\":{\"address\":{\"city\":null,\"country\":null,\"line1\":null,\"line2\":null,\"postal_code\":null,\"state\":null},\"email\":null,\"name\":\"emiliotapanes@gmail.com\",\"phone\":null},\"calculated_statement_descriptor\":\"TRAVELEGENDCY LLC\",\"captured\":true,\"created\":1734888577,\"currency\":\"usd\",\"customer\":\"cus_RRmXcgfhTCpLYs\",\"description\":null,\"destination\":null,\"dispute\":null,\"disputed\":false,\"failure_balance_transaction\":null,\"failure_code\":null,\"failure_message\":null,\"fraud_details\":[],\"invoice\":null,\"livemode\":true,\"metadata\":{\"name\":\" \"},\"on_behalf_of\":null,\"order\":null,\"outcome\":{\"advice_code\":null,\"network_advice_code\":null,\"network_decline_code\":null,\"network_status\":\"approved_by_network\",\"reason\":null,\"risk_level\":\"normal\",\"seller_message\":\"Payment complete.\",\"type\":\"authorized\"},\"paid\":true,\"payment_intent\":null,\"payment_method\":\"card_1QYsy82NUoYUjiuuVSn9hswM\",\"payment_method_details\":{\"card\":{\"amount_authorized\":59500,\"authorization_code\":\"18758Z\",\"brand\":\"mastercard\",\"checks\":{\"address_line1_check\":null,\"address_postal_code_check\":null,\"cvc_check\":\"pass\"},\"country\":\"US\",\"exp_month\":10,\"exp_year\":2028,\"extended_authorization\":{\"status\":\"disabled\"},\"fingerprint\":\"MiqFJa6XwmdjYZ6z\",\"funding\":\"credit\",\"incremental_authorization\":{\"status\":\"unavailable\"},\"installments\":null,\"last4\":\"1096\",\"mandate\":null,\"multicapture\":{\"status\":\"unavailable\"},\"network\":\"mastercard\",\"network_token\":{\"used\":false},\"network_transaction_id\":\"MCWGU83MO1222\",\"overcapture\":{\"maximum_amount_capturable\":59500,\"status\":\"unavailable\"},\"regulated_status\":\"unregulated\",\"three_d_secure\":null,\"wallet\":null},\"type\":\"card\"},\"receipt_email\":null,\"receipt_number\":null,\"receipt_url\":\"https:\\/\\/pay.stripe.com\\/receipts\\/payment\\/CAcQARoXChVhY2N0XzFRUEFGdjJOVW9ZVWppdXUogpmhuwYyBjQfCQWNgjosFl1apuWvqqUCNyOG5d3OKMUiFKRAgWRzh-I7XnXbuDLUxkivErm9YNQvk_Q\",\"refunded\":false,\"review\":null,\"shipping\":null,\"source\":{\"id\":\"card_1QYsy82NUoYUjiuuVSn9hswM\",\"object\":\"card\",\"address_city\":null,\"address_country\":null,\"address_line1\":null,\"address_line1_check\":null,\"address_line2\":null,\"address_state\":null,\"address_zip\":null,\"address_zip_check\":null,\"allow_redisplay\":\"unspecified\",\"brand\":\"MasterCard\",\"country\":\"US\",\"customer\":\"cus_RRmXcgfhTCpLYs\",\"cvc_check\":\"pass\",\"dynamic_last4\":null,\"exp_month\":10,\"exp_year\":2028,\"fingerprint\":\"MiqFJa6XwmdjYZ6z\",\"funding\":\"credit\",\"last4\":\"1096\",\"metadata\":[],\"name\":\"emiliotapanes@gmail.com\",\"regulated_status\":\"unregulated\",\"tokenization_method\":null,\"wallet\":null},\"source_transfer\":null,\"statement_descriptor\":null,\"statement_descriptor_suffix\":null,\"status\":\"succeeded\",\"transfer_data\":null,\"transfer_group\":null}'
WHERE `id` = 12;
INSERT INTO `package_purchase_history` (`user_id`, `package_id`, `reg_fee`, `package_name`, `monthly_fee`, `type`, `date`, `payment_option`) VALUES ('44B9Y4', '2', '595', 'Traveler Pro', '150', 'upgrade', '2024-12-22 11:29:38', 'stripe');
UPDATE `user_registration` SET `package_id` = '2'
WHERE `user_id` = '44B9Y4';
INSERT INTO `investment` (`invest_date`, `user_id`, `type`, `amount`, `package_id`) VALUES ('2024-12-22 11:29:38', '44B9Y4', 'upgrade', '595', '2');
INSERT INTO `earnings` (`user_id`, `Purchaser_id`, `earning_type`, `package_id`, `amount`, `date`, `comments`, `invest_amount`, `comm_perc`, `level`, `rank_id`, `order_id`) VALUES ('admin', '44B9Y4', 'Direct Referral Bonus', '2', '100', '2024-12-22 11:29:38', 'Direct Referral Bonus', 0, 0, 1, '', 12);
UPDATE `user_registration` SET commission_balance = ROUND(commission_balance + 100,2)
WHERE `user_id` = 'admin';
UPDATE `user_registration` SET referral_bonus = ROUND(referral_bonus + 100,2)
WHERE `user_id` = 'admin';
UPDATE `user_registration` SET total_points = ROUND(total_points + 50,2)
WHERE `user_id` = '44B9Y4';
INSERT INTO `points_history` (`user_id`, `points`, `type`, `date`) VALUES ('44B9Y4', '50', 'upgrade', '2024-12-22 11:29:');
INSERT INTO `matrix_filling` (`placement_id`, `downline_id`, `level`, `matrix`) VALUES ('admin', '44B9Y4', 1, 1);
UPDATE `bv_updation` SET right_carry = right_carry+50, total_right = total_right+50
WHERE `user_id` = 'admin';
INSERT INTO `placement_bv_update_history` (`right_carry`, `date`, `from_id`, `user_id`) VALUES ('50', '2024-12-22 11:29:38', '44B9Y4', 'admin');
UPDATE `bv_updation` SET sponsor_right_carry = sponsor_right_carry+50, sponsor_total_right = sponsor_total_right+50
WHERE `user_id` = 'admin';
INSERT INTO `sponsor_bv_update_history` (`right_carry`, `date`, `user_id`) VALUES ('50', '2024-12-22 11:29:38', 'admin');
INSERT INTO `reward_purchase_history` (`user_id`, `reward_id`, `amount`, `reward_value`, `reward_points`, `available_points`, `image`, `image_id`, `conversion_point_rate`, `payment_option`, `reward_name`, `country`, `state`, `date`, `type`) VALUES ('44B9Y4', '1', '20', '330', '60', '70', 'upload/reward_image/e2588a963e80ccde72224303e3eb881c.png', '2', '1', 'free', 'Visiting North America 3D/2N', '223', '4250', '2024-12-22 11:30:50', 'reward_claim');
UPDATE `user_registration` SET total_points = ROUND(total_points - 60,2)
WHERE `user_id` = '44B9Y4';
UPDATE `admin` SET `last_login` = '2024-12-22 12:53:02', `ip_address` = '172.70.83.104'
WHERE `id` = '1';
UPDATE `admin` SET `last_logout` = '2024-12-22 12:53:22'
WHERE `id` IS NULL;
DELETE FROM `ci_sessions`
WHERE `id` = 'f03d857faa2f72e902344ce7ca3bc8db31fcd08f';
UPDATE `ci_sessions` SET `timestamp` = 1734896154, `data` = '__ci_last_regenerate|i:1734896154;isLogIn|b:1;isAdmin|b:1;id|s:1:\"1\";fullname|s:11:\"admin admin\";user_level|s:5:\"Admin\";email|s:15:\"admin@admin.com\";image|s:53:\"upload/settings/4a1f1b602322adb837a7a3547ee69cf3.jpeg\";last_login|s:19:\"2024-12-20 20:28:25\";last_logout|s:19:\"2024-12-20 18:34:37\";ip_address|s:13:\"172.70.55.222\";'
WHERE `id` = 'e2a57fd121fa2bba9c2c637c63f037f93c9afcc5';
INSERT INTO `cron_job_history` (`name`, `date_started`, `status`) VALUES ('backup', '2024-12-23 00:00:01', 'started');
UPDATE `cron_job_history` SET `status` = 'done', `date_end` = '2024-12-23 00:00:01'
WHERE `id` = 86;
INSERT INTO `cron_job_history` (`name`, `date_started`, `status`) VALUES ('deduct_sub_amt_from_ewallet', '2024-12-23 00:05:01', 'started');
UPDATE `cron_job_history` SET `status` = 'done', `date_end` = '2024-12-23 00:05:01'
WHERE `id` = 87;
UPDATE `admin` SET `last_login` = '2024-12-23 14:24:22', `ip_address` = '172.70.55.213'
WHERE `id` = '1';
UPDATE `ci_sessions` SET `timestamp` = 1734985764, `data` = '__ci_last_regenerate|i:1734985764;isLogIn|b:1;isAdmin|b:1;id|s:1:\"1\";fullname|s:11:\"admin admin\";user_level|s:5:\"Admin\";email|s:15:\"admin@admin.com\";image|s:53:\"upload/settings/4a1f1b602322adb837a7a3547ee69cf3.jpeg\";last_login|s:19:\"2024-12-22 12:53:02\";last_logout|s:19:\"2024-12-20 18:34:37\";ip_address|s:13:\"172.70.83.104\";'
WHERE `id` = '29482d568ac95a8410928920bdca1c4db391695f';
INSERT INTO `login_history` (`user_id`, `device`, `ip_address`, `date`) VALUES ('44B9Y4', 'Mozilla/5.0 (Windows NT 10.0; Win64; x64) AppleWebKit/537.36 (KHTML, like Gecko) Chrome/131.0.0.0 Safari/537.36', '172.71.156.161', '24-12-23 14:31');
UPDATE `user_registration` SET `popup_seen` = 'yes'
WHERE `user_id` = '44B9Y4';
UPDATE `ci_sessions` SET `timestamp` = 1734986188, `data` = '__ci_last_regenerate|i:1734986188;isLogIn|b:1;isAdmin|b:1;id|s:1:\"1\";fullname|s:11:\"admin admin\";user_level|s:5:\"Admin\";email|s:15:\"admin@admin.com\";image|s:53:\"upload/settings/4a1f1b602322adb837a7a3547ee69cf3.jpeg\";last_login|s:19:\"2024-12-22 12:53:02\";last_logout|s:19:\"2024-12-20 18:34:37\";ip_address|s:13:\"172.70.83.104\";'
WHERE `id` = 'b4e623e48655ae1257d4bc505621266bd8ca8233';
UPDATE `ci_sessions` SET `timestamp` = 1734989069, `data` = '__ci_last_regenerate|i:1734989069;isLogIn|b:1;isAdmin|b:1;id|s:1:\"1\";fullname|s:11:\"admin admin\";user_level|s:5:\"Admin\";email|s:15:\"admin@admin.com\";image|s:53:\"upload/settings/4a1f1b602322adb837a7a3547ee69cf3.jpeg\";last_login|s:19:\"2024-12-22 12:53:02\";last_logout|s:19:\"2024-12-20 18:34:37\";ip_address|s:13:\"172.70.83.104\";'
WHERE `id` = '9b7b4f7642855a91c8a02a7e71df5fd672c598cd';
UPDATE `admin` SET `last_login` = '2024-12-23 23:48:45', `ip_address` = '172.70.254.233'
WHERE `id` = '1';
INSERT INTO `cron_job_history` (`name`, `date_started`, `status`) VALUES ('backup', '2024-12-24 00:00:01', 'started');
UPDATE `cron_job_history` SET `status` = 'done', `date_end` = '2024-12-24 00:00:01'
WHERE `id` = 88;
INSERT INTO `cron_job_history` (`name`, `date_started`, `status`) VALUES ('deduct_sub_amt_from_ewallet', '2024-12-24 00:05:02', 'started');
UPDATE `cron_job_history` SET `status` = 'done', `date_end` = '2024-12-24 00:05:02'
WHERE `id` = 89;
INSERT INTO `login_history` (`user_id`, `device`, `ip_address`, `date`) VALUES ('admin', 'Mozilla/5.0 (Linux; Android 10; K) AppleWebKit/537.36 (KHTML, like Gecko) Chrome/131.0.0.0 Safari/537.36', '172.70.55.210', '24-12-24 10:42');
UPDATE `user_registration` SET `popup_seen` = 'yes'
WHERE `user_id` = 'admin';
UPDATE `ci_sessions` SET `timestamp` = 1735101872, `data` = '__ci_last_regenerate|i:1735101872;captcha|s:4:\"ec68\";'
WHERE `id` = '661d4816f1c362007391a43fe79388b19cbdd436';
UPDATE `admin` SET `last_login` = '2024-12-24 22:44:47', `ip_address` = '162.158.54.50'
WHERE `id` = '1';
UPDATE `admin` SET `last_logout` = '2024-12-24 22:46:13'
WHERE `id` IS NULL;
DELETE FROM `ci_sessions`
WHERE `id` = 'c83a03310448c8167d94e94053c1448babd1463b';
INSERT INTO `login_history` (`user_id`, `device`, `ip_address`, `date`) VALUES ('admin', 'Mozilla/5.0 (Macintosh; Intel Mac OS X 10_15_7) AppleWebKit/605.1.15 (KHTML, like Gecko) Version/17.2 Safari/605.1.15', '172.69.129.181', '24-12-24 22:46');
UPDATE `user_registration` SET `popup_seen` = 'yes'
WHERE `user_id` = 'admin';
UPDATE `user_registration` SET `popup_seen` = 'yes'
WHERE `user_id` = 'admin';
UPDATE `admin` SET `last_logout` = '2024-12-24 23:00:20'
WHERE `id` IS NULL;
DELETE FROM `ci_sessions`
WHERE `id` = 'ebe6fcb4b46a493a256a33de689af92118aa0da3';
INSERT INTO `login_history` (`user_id`, `device`, `ip_address`, `date`) VALUES ('admin', 'Mozilla/5.0 (Macintosh; Intel Mac OS X 10_15_7) AppleWebKit/537.36 (KHTML, like Gecko) Chrome/131.0.0.0 Safari/537.36', '172.68.164.76', '24-12-24 23:01');
UPDATE `user_registration` SET `popup_seen` = 'yes'
WHERE `user_id` = 'admin';
UPDATE `user_registration` SET `popup_seen` = 'no'
WHERE `user_id` = 'admin';
DELETE FROM `ci_sessions`
WHERE `id` = 'ef29dd0e295490cc539fa497a899fa19f4c6c802';
INSERT INTO `cron_job_history` (`name`, `date_started`, `status`) VALUES ('backup', '2024-12-25 00:00:02', 'started');
UPDATE `cron_job_history` SET `status` = 'done', `date_end` = '2024-12-25 00:00:02'
WHERE `id` = 90;
INSERT INTO `cron_job_history` (`name`, `date_started`, `status`) VALUES ('deduct_sub_amt_from_ewallet', '2024-12-25 00:05:01', 'started');
UPDATE `cron_job_history` SET `status` = 'done', `date_end` = '2024-12-25 00:05:01'
WHERE `id` = 91;
INSERT INTO `login_history` (`user_id`, `device`, `ip_address`, `date`) VALUES ('admin', 'Mozilla/5.0 (Windows NT 10.0; Win64; x64) AppleWebKit/537.36 (KHTML, like Gecko) Chrome/131.0.0.0 Safari/537.36', '172.70.54.34', '24-12-25 11:31');
UPDATE `user_registration` SET `popup_seen` = 'yes'
WHERE `user_id` = 'admin';
UPDATE `user_registration` SET `popup_seen` = 'yes'
WHERE `user_id` = 'admin';
UPDATE `user_registration` SET `popup_seen` = 'yes'
WHERE `user_id` = 'admin';
UPDATE `ci_sessions` SET `timestamp` = 1735150921, `data` = '__ci_last_regenerate|i:1735150921;id|s:4:\"2019\";user_id|s:5:\"admin\";username|s:5:\"admin\";sponsor_id|s:1:\"0\";fullname|s:11:\"Alex Carrey\";email|s:15:\"admin@admin.com\";phone|s:10:\"1235467892\";isLogIn|b:1;'
WHERE `id` = 'c90025aa29c8d5c30679fca357fe5345bd999254';
UPDATE `user_registration` SET `popup_seen` = 'no'
WHERE `user_id` = 'admin';
DELETE FROM `ci_sessions`
WHERE `id` = '4c2f6f7cac4dc1995a31c538ebbed070c8ab0305';
UPDATE `admin` SET `last_login` = '2024-12-25 12:22:14', `ip_address` = '172.70.255.70'
WHERE `id` = '1';
INSERT INTO `cron_job_history` (`name`, `date_started`, `status`) VALUES ('backup', '2024-12-26 00:00:01', 'started');
UPDATE `cron_job_history` SET `status` = 'done', `date_end` = '2024-12-26 00:00:01'
WHERE `id` = 92;
INSERT INTO `cron_job_history` (`name`, `date_started`, `status`) VALUES ('deduct_sub_amt_from_ewallet', '2024-12-26 00:05:02', 'started');
UPDATE `cron_job_history` SET `status` = 'done', `date_end` = '2024-12-26 00:05:02'
WHERE `id` = 93;
UPDATE `admin` SET `last_logout` = '2024-12-26 03:56:46'
WHERE `id` IS NULL;
DELETE FROM `ci_sessions`
WHERE `id` = '71349020c4d3ebc27157f3a389659b6c1b8e808a';
INSERT INTO `login_history` (`user_id`, `device`, `ip_address`, `date`) VALUES ('admin', 'Mozilla/5.0 (Linux; Android 10; K) AppleWebKit/537.36 (KHTML, like Gecko) Chrome/131.0.0.0 Mobile Safari/537.36', '172.70.82.71', '24-12-26 03:59');
UPDATE `user_registration` SET `popup_seen` = 'yes'
WHERE `user_id` = 'admin';
UPDATE `user_registration` SET `popup_seen` = 'no'
WHERE `user_id` = 'admin';
DELETE FROM `ci_sessions`
WHERE `id` = '5997bb542366701a907a66ff74c3b27744709ee3';
UPDATE `admin` SET `last_login` = '2024-12-26 04:01:27', `ip_address` = '172.70.55.204'
WHERE `id` = '1';
INSERT INTO `cron_job_history` (`name`, `date_started`, `status`) VALUES ('backup', '2024-12-27 00:00:01', 'started');
UPDATE `cron_job_history` SET `status` = 'done', `date_end` = '2024-12-27 00:00:02'
WHERE `id` = 94;
INSERT INTO `cron_job_history` (`name`, `date_started`, `status`) VALUES ('deduct_sub_amt_from_ewallet', '2024-12-27 00:05:01', 'started');
UPDATE `cron_job_history` SET `status` = 'done', `date_end` = '2024-12-27 00:05:01'
WHERE `id` = 95;
INSERT INTO `cron_job_history` (`name`, `date_started`, `status`) VALUES ('backup', '2024-12-28 00:00:01', 'started');
UPDATE `cron_job_history` SET `status` = 'done', `date_end` = '2024-12-28 00:00:01'
WHERE `id` = 96;
INSERT INTO `cron_job_history` (`name`, `date_started`, `status`) VALUES ('deduct_sub_amt_from_ewallet', '2024-12-28 00:05:01', 'started');
UPDATE `cron_job_history` SET `status` = 'done', `date_end` = '2024-12-28 00:05:01'
WHERE `id` = 97;
UPDATE `ci_sessions` SET `timestamp` = 1735370830, `data` = '__ci_last_regenerate|i:1735370830;captcha|s:4:\"td2k\";'
WHERE `id` = 'd945b2f3fc64657ae668a2e1d187a185415354bf';
UPDATE `ci_sessions` SET `timestamp` = 1735373245, `data` = '__ci_last_regenerate|i:1735373245;captcha|s:4:\"yip8\";'
WHERE `id` = '3ce97016ed8a508dccf9eac529825b785eb88ce5';
INSERT INTO `login_history` (`user_id`, `device`, `ip_address`, `date`) VALUES ('44B9Y4', 'Mozilla/5.0 (iPhone; CPU iPhone OS 18_1_1 like Mac OS X) AppleWebKit/605.1.15 (KHTML, like Gecko) Version/18.1.1 Mobile/15E148 Safari/604.1', '172.70.254.136', '24-12-28 10:20');
UPDATE `user_registration` SET `popup_seen` = 'yes'
WHERE `user_id` = '44B9Y4';
UPDATE `ci_sessions` SET `timestamp` = 1735403474, `data` = '__ci_last_regenerate|i:1735403474;id|s:4:\"2021\";user_id|s:6:\"44B9Y4\";username|s:7:\"Talimbi\";sponsor_id|s:5:\"admin\";fullname|s:14:\"Emilio Tapanes\";email|s:23:\"emiliotapanes@gmail.com\";phone|s:10:\"7862876762\";isLogIn|b:1;'
WHERE `id` = 'eabcd263903ee3134e6aeb8703f88e00f8afb51b';
UPDATE `ci_sessions` SET `timestamp` = 1735403811, `data` = '__ci_last_regenerate|i:1735403811;id|s:4:\"2021\";user_id|s:6:\"44B9Y4\";username|s:7:\"Talimbi\";sponsor_id|s:5:\"admin\";fullname|s:14:\"Emilio Tapanes\";email|s:23:\"emiliotapanes@gmail.com\";phone|s:10:\"7862876762\";isLogIn|b:1;'
WHERE `id` = '84df68d9eb1f200ab4837dfd0514f6ecc2c5cf2f';
UPDATE `ci_sessions` SET `timestamp` = 1735409765, `data` = '__ci_last_regenerate|i:1735409765;id|s:4:\"2021\";user_id|s:6:\"44B9Y4\";username|s:7:\"Talimbi\";sponsor_id|s:5:\"admin\";fullname|s:14:\"Emilio Tapanes\";email|s:23:\"emiliotapanes@gmail.com\";phone|s:10:\"7862876762\";isLogIn|b:1;'
WHERE `id` = 'f79990b55cc7b5ebe9dc6d02894b6ea2d8ef89eb';
UPDATE `ci_sessions` SET `timestamp` = 1735411589, `data` = '__ci_last_regenerate|i:1735411589;id|s:4:\"2021\";user_id|s:6:\"44B9Y4\";username|s:7:\"Talimbi\";sponsor_id|s:5:\"admin\";fullname|s:14:\"Emilio Tapanes\";email|s:23:\"emiliotapanes@gmail.com\";phone|s:10:\"7862876762\";isLogIn|b:1;'
WHERE `id` = '70663050923621735be9981b996f33d5e6949f7f';
INSERT INTO `cron_job_history` (`name`, `date_started`, `status`) VALUES ('backup', '2024-12-29 00:00:01', 'started');
UPDATE `cron_job_history` SET `status` = 'done', `date_end` = '2024-12-29 00:00:01'
WHERE `id` = 98;
INSERT INTO `cron_job_history` (`name`, `date_started`, `status`) VALUES ('deduct_sub_amt_from_ewallet', '2024-12-29 00:05:02', 'started');
UPDATE `cron_job_history` SET `status` = 'done', `date_end` = '2024-12-29 00:05:02'
WHERE `id` = 99;
UPDATE `admin` SET `last_login` = '2024-12-29 23:22:41', `ip_address` = '172.70.83.150'
WHERE `id` = '1';
UPDATE `ci_sessions` SET `timestamp` = 1735537703, `data` = '__ci_last_regenerate|i:1735537703;isLogIn|b:1;isAdmin|b:1;id|s:1:\"1\";fullname|s:11:\"admin admin\";user_level|s:5:\"Admin\";email|s:15:\"admin@admin.com\";image|s:53:\"upload/settings/4a1f1b602322adb837a7a3547ee69cf3.jpeg\";last_login|s:19:\"2024-12-26 04:01:27\";last_logout|s:19:\"2024-12-20 18:34:37\";ip_address|s:13:\"172.70.55.204\";'
WHERE `id` = '28636ecfb19b21d89c9d1dd8a3b018ac19326f2d';
INSERT INTO `cron_job_history` (`name`, `date_started`, `status`) VALUES ('backup', '2024-12-30 00:00:01', 'started');
UPDATE `cron_job_history` SET `status` = 'done', `date_end` = '2024-12-30 00:00:01'
WHERE `id` = 100;
INSERT INTO `cron_job_history` (`name`, `date_started`, `status`) VALUES ('deduct_sub_amt_from_ewallet', '2024-12-30 00:05:01', 'started');
UPDATE `cron_job_history` SET `status` = 'done', `date_end` = '2024-12-30 00:05:01'
WHERE `id` = 101;
UPDATE `admin` SET `last_login` = '2024-12-30 04:47:45', `ip_address` = '172.68.147.155'
WHERE `id` = '1';
INSERT INTO `login_history` (`user_id`, `device`, `ip_address`, `date`) VALUES ('44B9Y4', 'Mozilla/5.0 (Windows NT 10.0; Win64; x64) AppleWebKit/537.36 (KHTML, like Gecko) Chrome/131.0.0.0 Safari/537.36', '172.70.254.233', '24-12-30 19:58');
UPDATE `user_registration` SET `popup_seen` = 'yes'
WHERE `user_id` = '44B9Y4';
UPDATE `ci_sessions` SET `timestamp` = 1735613932, `data` = '__ci_last_regenerate|i:1735613932;id|s:4:\"2021\";user_id|s:6:\"44B9Y4\";username|s:7:\"Talimbi\";sponsor_id|s:5:\"admin\";fullname|s:14:\"Emilio Tapanes\";email|s:23:\"emiliotapanes@gmail.com\";phone|s:10:\"7862876762\";isLogIn|b:1;'
WHERE `id` = '6413ef82eeca7bddebf3d94bc82f839dde82baba';
INSERT INTO `cron_job_history` (`name`, `date_started`, `status`) VALUES ('backup', '2024-12-31 00:00:01', 'started');
UPDATE `cron_job_history` SET `status` = 'done', `date_end` = '2024-12-31 00:00:01'
WHERE `id` = 102;
INSERT INTO `cron_job_history` (`name`, `date_started`, `status`) VALUES ('deduct_sub_amt_from_ewallet', '2024-12-31 00:05:02', 'started');
UPDATE `cron_job_history` SET `status` = 'done', `date_end` = '2024-12-31 00:05:02'
WHERE `id` = 103;
UPDATE `admin` SET `last_login` = '2024-12-31 13:21:35', `ip_address` = '172.71.156.143'
WHERE `id` = '1';
UPDATE `ci_sessions` SET `timestamp` = 1735673268, `data` = '__ci_last_regenerate|i:1735673268;isLogIn|b:1;isAdmin|b:1;id|s:1:\"1\";fullname|s:11:\"admin admin\";user_level|s:5:\"Admin\";email|s:15:\"admin@admin.com\";image|s:53:\"upload/settings/4a1f1b602322adb837a7a3547ee69cf3.jpeg\";last_login|s:19:\"2024-12-30 04:47:45\";last_logout|s:19:\"2024-12-20 18:34:37\";ip_address|s:14:\"172.68.147.155\";'
WHERE `id` = '77897d47ab10f939ca9f9acfc6ee1210699df2c2';
INSERT INTO `cron_job_history` (`name`, `date_started`, `status`) VALUES ('backup', '2025-01-01 00:00:01', 'started');
UPDATE `cron_job_history` SET `status` = 'done', `date_end` = '2025-01-01 00:00:01'
WHERE `id` = 104;
INSERT INTO `cron_job_history` (`name`, `date_started`, `status`) VALUES ('deduct_sub_amt_from_ewallet', '2025-01-01 00:05:01', 'started');
UPDATE `cron_job_history` SET `status` = 'done', `date_end` = '2025-01-01 00:05:01'
WHERE `id` = 105;
INSERT INTO `cron_job_history` (`name`, `date_started`, `status`) VALUES ('calculate_pool_bonus', '2025-01-01 00:10:01', 'started');
UPDATE `cron_job_history` SET `status` = 'done', `date_end` = '2025-01-01 00:10:01'
WHERE `id` = 106;
INSERT INTO `cron_job_history` (`name`, `date_started`, `status`) VALUES ('calculate_rank_bonus', '2025-01-01 00:15:01', 'started');
UPDATE `cron_job_history` SET `status` = 'done', `date_end` = '2025-01-01 00:15:01'
WHERE `id` = 107;
INSERT INTO `cron_job_history` (`name`, `date_started`, `status`) VALUES ('clear_carry_and_rank', '2025-01-01 00:20:01', 'started');
UPDATE `user_registration` SET `rank_id` = '1'
WHERE `user_id` = 'admin';
INSERT INTO `monthly_cleared_data` (`user_id`, `left_carry`, `right_carry`, `rank_id`, `date`) VALUES ('admin', '50', '470', '1', '2025-01-01 00:20:01');
UPDATE `user_registration` SET `cycle_rank_id` = 1, `referral_bonus` = 0, `residual_bonus` = 0, `expansion_bonus` = 0, `utility_bonus` = 0, `pool_bonus` = 0, `rank_bonus` = 0
WHERE `user_id` = 'admin';
UPDATE `bv_updation` SET left_carry = 0, right_carry = 0
WHERE `user_id` = 'admin';
UPDATE `user_registration` SET `rank_id` = '1'
WHERE `user_id` = '35H9RV';
INSERT INTO `monthly_cleared_data` (`user_id`, `left_carry`, `right_carry`, `rank_id`, `date`) VALUES ('35H9RV', '300', '0', '1', '2025-01-01 00:20:01');
UPDATE `user_registration` SET `cycle_rank_id` = 1, `referral_bonus` = 0, `residual_bonus` = 0, `expansion_bonus` = 0, `utility_bonus` = 0, `pool_bonus` = 0, `rank_bonus` = 0
WHERE `user_id` = '35H9RV';
UPDATE `bv_updation` SET left_carry = 0, right_carry = 0
WHERE `user_id` = '35H9RV';
UPDATE `user_registration` SET `rank_id` = '1'
WHERE `user_id` = '44B9Y4';
INSERT INTO `monthly_cleared_data` (`user_id`, `left_carry`, `right_carry`, `rank_id`, `date`) VALUES ('44B9Y4', '0', '0', '1', '2025-01-01 00:20:01');
UPDATE `user_registration` SET `cycle_rank_id` = 1, `referral_bonus` = 0, `residual_bonus` = 0, `expansion_bonus` = 0, `utility_bonus` = 0, `pool_bonus` = 0, `rank_bonus` = 0
WHERE `user_id` = '44B9Y4';
UPDATE `bv_updation` SET left_carry = 0, right_carry = 0
WHERE `user_id` = '44B9Y4';
UPDATE `user_registration` SET `rank_id` = '1'
WHERE `user_id` = 'SJBNYJ';
INSERT INTO `monthly_cleared_data` (`user_id`, `left_carry`, `right_carry`, `rank_id`, `date`) VALUES ('SJBNYJ', '50', '50', '1', '2025-01-01 00:20:01');
UPDATE `user_registration` SET `cycle_rank_id` = 1, `referral_bonus` = 0, `residual_bonus` = 0, `expansion_bonus` = 0, `utility_bonus` = 0, `pool_bonus` = 0, `rank_bonus` = 0
WHERE `user_id` = 'SJBNYJ';
UPDATE `bv_updation` SET left_carry = 0, right_carry = 0
WHERE `user_id` = 'SJBNYJ';
UPDATE `user_registration` SET `rank_id` = '1'
WHERE `user_id` = '45E8V2';
INSERT INTO `monthly_cleared_data` (`user_id`, `left_carry`, `right_carry`, `rank_id`, `date`) VALUES ('45E8V2', '100', '100', '1', '2025-01-01 00:20:01');
UPDATE `user_registration` SET `cycle_rank_id` = 1, `referral_bonus` = 0, `residual_bonus` = 0, `expansion_bonus` = 0, `utility_bonus` = 0, `pool_bonus` = 0, `rank_bonus` = 0
WHERE `user_id` = '45E8V2';
UPDATE `bv_updation` SET left_carry = 0, right_carry = 0
WHERE `user_id` = '45E8V2';
UPDATE `user_registration` SET `rank_id` = '1'
WHERE `user_id` = 'H2HQC8';
INSERT INTO `monthly_cleared_data` (`user_id`, `left_carry`, `right_carry`, `rank_id`, `date`) VALUES ('H2HQC8', '0', '50', '1', '2025-01-01 00:20:01');
UPDATE `user_registration` SET `cycle_rank_id` = 1, `referral_bonus` = 0, `residual_bonus` = 0, `expansion_bonus` = 0, `utility_bonus` = 0, `pool_bonus` = 0, `rank_bonus` = 0
WHERE `user_id` = 'H2HQC8';
UPDATE `bv_updation` SET left_carry = 0, right_carry = 0
WHERE `user_id` = 'H2HQC8';
UPDATE `user_registration` SET `rank_id` = '1'
WHERE `user_id` = 'XVTJOY';
INSERT INTO `monthly_cleared_data` (`user_id`, `left_carry`, `right_carry`, `rank_id`, `date`) VALUES ('XVTJOY', '0', '50', '1', '2025-01-01 00:20:01');
UPDATE `user_registration` SET `cycle_rank_id` = 1, `referral_bonus` = 0, `residual_bonus` = 0, `expansion_bonus` = 0, `utility_bonus` = 0, `pool_bonus` = 0, `rank_bonus` = 0
WHERE `user_id` = 'XVTJOY';
UPDATE `bv_updation` SET left_carry = 0, right_carry = 0
WHERE `user_id` = 'XVTJOY';
UPDATE `user_registration` SET `rank_id` = '1'
WHERE `user_id` = '4E1CRI';
INSERT INTO `monthly_cleared_data` (`user_id`, `left_carry`, `right_carry`, `rank_id`, `date`) VALUES ('4E1CRI', '0', '0', '1', '2025-01-01 00:20:01');
UPDATE `user_registration` SET `cycle_rank_id` = 1, `referral_bonus` = 0, `residual_bonus` = 0, `expansion_bonus` = 0, `utility_bonus` = 0, `pool_bonus` = 0, `rank_bonus` = 0
WHERE `user_id` = '4E1CRI';
UPDATE `bv_updation` SET left_carry = 0, right_carry = 0
WHERE `user_id` = '4E1CRI';
UPDATE `user_registration` SET `rank_id` = '1'
WHERE `user_id` = 'PBFKSY';
INSERT INTO `monthly_cleared_data` (`user_id`, `left_carry`, `right_carry`, `rank_id`, `date`) VALUES ('PBFKSY', '0', '0', '1', '2025-01-01 00:20:01');
UPDATE `user_registration` SET `cycle_rank_id` = 1, `referral_bonus` = 0, `residual_bonus` = 0, `expansion_bonus` = 0, `utility_bonus` = 0, `pool_bonus` = 0, `rank_bonus` = 0
WHERE `user_id` = 'PBFKSY';
UPDATE `bv_updation` SET left_carry = 0, right_carry = 0
WHERE `user_id` = 'PBFKSY';
UPDATE `user_registration` SET `rank_id` = '1'
WHERE `user_id` = 'R37QLI';
INSERT INTO `monthly_cleared_data` (`user_id`, `left_carry`, `right_carry`, `rank_id`, `date`) VALUES ('R37QLI', '0', '0', '1', '2025-01-01 00:20:01');
UPDATE `user_registration` SET `cycle_rank_id` = 1, `referral_bonus` = 0, `residual_bonus` = 0, `expansion_bonus` = 0, `utility_bonus` = 0, `pool_bonus` = 0, `rank_bonus` = 0
WHERE `user_id` = 'R37QLI';
UPDATE `bv_updation` SET left_carry = 0, right_carry = 0
WHERE `user_id` = 'R37QLI';
UPDATE `user_registration` SET `rank_id` = '1'
WHERE `user_id` = 'Q6D63V';
INSERT INTO `monthly_cleared_data` (`user_id`, `left_carry`, `right_carry`, `rank_id`, `date`) VALUES ('Q6D63V', '0', '0', '1', '2025-01-01 00:20:01');
UPDATE `user_registration` SET `cycle_rank_id` = 1, `referral_bonus` = 0, `residual_bonus` = 0, `expansion_bonus` = 0, `utility_bonus` = 0, `pool_bonus` = 0, `rank_bonus` = 0
WHERE `user_id` = 'Q6D63V';
UPDATE `bv_updation` SET left_carry = 0, right_carry = 0
WHERE `user_id` = 'Q6D63V';
UPDATE `cron_job_history` SET `status` = 'done', `date_end` = '2025-01-01 00:20:01'
WHERE `id` = 108;
INSERT INTO `cron_job_history` (`name`, `date_started`, `status`) VALUES ('backup', '2025-01-02 00:00:02', 'started');
UPDATE `cron_job_history` SET `status` = 'done', `date_end` = '2025-01-02 00:00:02'
WHERE `id` = 109;
INSERT INTO `cron_job_history` (`name`, `date_started`, `status`) VALUES ('deduct_sub_amt_from_ewallet', '2025-01-02 00:05:01', 'started');
UPDATE `cron_job_history` SET `status` = 'done', `date_end` = '2025-01-02 00:05:01'
WHERE `id` = 110;
INSERT INTO `login_history` (`user_id`, `device`, `ip_address`, `date`) VALUES ('admin', 'Mozilla/5.0 (Windows NT 10.0; Win64; x64) AppleWebKit/537.36 (KHTML, like Gecko) Chrome/131.0.0.0 Safari/537.36', '172.71.156.142', '25-01-02 21:17');
UPDATE `user_registration` SET `popup_seen` = 'yes'
WHERE `user_id` = 'admin';
UPDATE `ci_sessions` SET `timestamp` = 1735875164, `data` = '__ci_last_regenerate|i:1735875164;id|s:4:\"2019\";user_id|s:5:\"admin\";username|s:5:\"admin\";sponsor_id|s:1:\"0\";fullname|s:11:\"Alex Carrey\";email|s:15:\"admin@admin.com\";phone|s:10:\"1235467892\";isLogIn|b:1;message|s:19:\"Welcome Alex Carrey\";__ci_vars|a:1:{s:7:\"message\";s:3:\"old\";}'
WHERE `id` = '38b920d2a163c6a565e3475d4146fbf218d7ffd0';
UPDATE `ci_sessions` SET `timestamp` = 1735875467, `data` = '__ci_last_regenerate|i:1735875467;id|s:4:\"2019\";user_id|s:5:\"admin\";username|s:5:\"admin\";sponsor_id|s:1:\"0\";fullname|s:11:\"Alex Carrey\";email|s:15:\"admin@admin.com\";phone|s:10:\"1235467892\";isLogIn|b:1;'
WHERE `id` = '1ecc0389eab742e5c3926c6154c18a88136d77a0';
UPDATE `user_registration` SET `popup_seen` = 'yes'
WHERE `user_id` = 'admin';
UPDATE `add_cart` SET quantity = quantity + 1, total_amount = total_amount + 150, total_point = total_point + 75
WHERE `user_id` = 'admin'
AND `product_id` = '1';
DELETE FROM `add_cart`
WHERE `id` = '3';
UPDATE `add_cart` SET `quantity` = '1', `total_amount` = 150, `total_point` = 75
WHERE `id` = '2';
UPDATE `ci_sessions` SET `timestamp` = 1735875770, `data` = '__ci_last_regenerate|i:1735875770;id|s:4:\"2019\";user_id|s:5:\"admin\";username|s:5:\"admin\";sponsor_id|s:1:\"0\";fullname|s:11:\"Alex Carrey\";email|s:15:\"admin@admin.com\";phone|s:10:\"1235467892\";isLogIn|b:1;'
WHERE `id` = 'fd5f556491209e6aab09018b15b028c3f3479988';
UPDATE `user_registration` SET `popup_seen` = 'yes'
WHERE `user_id` = 'admin';
INSERT INTO `cron_job_history` (`name`, `date_started`, `status`) VALUES ('backup', '2025-01-03 00:00:01', 'started');
UPDATE `cron_job_history` SET `status` = 'done', `date_end` = '2025-01-03 00:00:01'
WHERE `id` = 111;
INSERT INTO `cron_job_history` (`name`, `date_started`, `status`) VALUES ('deduct_sub_amt_from_ewallet', '2025-01-03 00:05:01', 'started');
UPDATE `user_registration` SET commission_balance = ROUND(commission_balance - 150,2)
WHERE `user_id` = '44B9Y4';
INSERT INTO `sub_history` (`user_id`, `package_id`, `amount`, `payment_method`, `date`) VALUES ('44B9Y4', '2', '150', 'Ewallet', '2025-01-03 00:05:01');
UPDATE `user_registration` SET sub_point = ROUND(sub_point + 150,2)
WHERE `user_id` = '44B9Y4';
INSERT INTO `investment` (`invest_date`, `user_id`, `type`, `amount`, `package_id`) VALUES ('2025-01-03 00:05:01', '44B9Y4', 'subscription', '150', '2');
UPDATE `user_registration` SET total_points = ROUND(total_points + 150,2)
WHERE `user_id` = '44B9Y4';
INSERT INTO `points_history` (`user_id`, `points`, `type`, `date`) VALUES ('44B9Y4', '150', 'subscription', '2025-01-03 00:05:');
UPDATE `bv_updation` SET right_carry = right_carry+150, total_right = total_right+150
WHERE `user_id` = 'admin';
INSERT INTO `placement_bv_update_history` (`right_carry`, `date`, `from_id`, `user_id`) VALUES ('150', '2025-01-03 00:05:01', '44B9Y4', 'admin');
UPDATE `bv_updation` SET sponsor_right_carry = sponsor_right_carry+150, sponsor_total_right = sponsor_total_right+150
WHERE `user_id` = 'admin';
INSERT INTO `sponsor_bv_update_history` (`right_carry`, `date`, `user_id`) VALUES ('150', '2025-01-03 00:05:01', 'admin');
UPDATE `user_registration` SET `subscription_date` = '2025-02-02', `active_status` = 'yes'
WHERE `user_id` = '44B9Y4';
UPDATE `cron_job_history` SET `status` = 'done', `date_end` = '2025-01-03 00:05:01'
WHERE `id` = 112;
UPDATE `ci_sessions` SET `timestamp` = 1735953029, `data` = '__ci_last_regenerate|i:1735953029;captcha|s:4:\"14g1\";lang|s:7:\"spanish\";exception|s:13:\"Invalid Email\";__ci_vars|a:1:{s:9:\"exception\";s:3:\"old\";}'
WHERE `id` = '4f512b04efabeed8bc2229dabf3e737697173ad4';
INSERT INTO `cron_job_history` (`name`, `date_started`, `status`) VALUES ('backup', '2025-01-04 00:00:01', 'started');
UPDATE `cron_job_history` SET `status` = 'done', `date_end` = '2025-01-04 00:00:01'
WHERE `id` = 113;
INSERT INTO `cron_job_history` (`name`, `date_started`, `status`) VALUES ('deduct_sub_amt_from_ewallet', '2025-01-04 00:05:02', 'started');
UPDATE `cron_job_history` SET `status` = 'done', `date_end` = '2025-01-04 00:05:02'
WHERE `id` = 114;
INSERT INTO `login_history` (`user_id`, `device`, `ip_address`, `date`) VALUES ('44B9Y4', 'Mozilla/5.0 (iPhone; CPU iPhone OS 18_1_1 like Mac OS X) AppleWebKit/605.1.15 (KHTML, like Gecko) Version/18.1.1 Mobile/15E148 Safari/604.1', '172.70.83.93', '25-01-04 21:16');
UPDATE `user_registration` SET `popup_seen` = 'yes'
WHERE `user_id` = '44B9Y4';
INSERT INTO `cron_job_history` (`name`, `date_started`, `status`) VALUES ('backup', '2025-01-05 00:00:01', 'started');
UPDATE `cron_job_history` SET `status` = 'done', `date_end` = '2025-01-05 00:00:01'
WHERE `id` = 115;
INSERT INTO `cron_job_history` (`name`, `date_started`, `status`) VALUES ('deduct_sub_amt_from_ewallet', '2025-01-05 00:05:02', 'started');
UPDATE `cron_job_history` SET `status` = 'done', `date_end` = '2025-01-05 00:05:02'
WHERE `id` = 116;
UPDATE `admin` SET `last_login` = '2025-01-05 09:43:24', `ip_address` = '172.70.83.94'
WHERE `id` = '1';
UPDATE `ci_sessions` SET `timestamp` = 1736092213, `data` = '__ci_last_regenerate|i:1736092213;isLogIn|b:1;isAdmin|b:1;id|s:1:\"1\";fullname|s:11:\"admin admin\";user_level|s:5:\"Admin\";email|s:15:\"admin@admin.com\";image|s:53:\"upload/settings/4a1f1b602322adb837a7a3547ee69cf3.jpeg\";last_login|s:19:\"2024-12-31 13:21:35\";last_logout|s:19:\"2024-12-20 18:34:37\";ip_address|s:14:\"172.71.156.143\";'
WHERE `id` = '37ac36ae26338dacff7d73c9519b4420daf99377';
UPDATE `ci_sessions` SET `timestamp` = 1736092840, `data` = '__ci_last_regenerate|i:1736092840;isLogIn|b:1;isAdmin|b:1;id|s:1:\"1\";fullname|s:11:\"admin admin\";user_level|s:5:\"Admin\";email|s:15:\"admin@admin.com\";image|s:53:\"upload/settings/4a1f1b602322adb837a7a3547ee69cf3.jpeg\";last_login|s:19:\"2024-12-31 13:21:35\";last_logout|s:19:\"2024-12-20 18:34:37\";ip_address|s:14:\"172.71.156.143\";'
WHERE `id` = '15efaaa04c89f86e45017464a3100f182fc61ff5';
UPDATE `admin` SET `last_logout` = '2025-01-05 10:00:45'
WHERE `id` IS NULL;
DELETE FROM `ci_sessions`
WHERE `id` = '26fa59b1e21afd9bea756bf7d4361777eb72bea2';
UPDATE `ci_sessions` SET `timestamp` = 1736093152, `data` = '__ci_last_regenerate|i:1736093152;isLogIn|b:1;isAdmin|b:1;id|s:1:\"1\";fullname|s:11:\"admin admin\";user_level|s:5:\"Admin\";email|s:15:\"admin@admin.com\";image|s:53:\"upload/settings/4a1f1b602322adb837a7a3547ee69cf3.jpeg\";last_login|s:19:\"2024-12-31 13:21:35\";last_logout|s:19:\"2024-12-20 18:34:37\";ip_address|s:14:\"172.71.156.143\";'
WHERE `id` = 'db0b5c9340acdf465fc2353122cf8723502c02c2';
UPDATE `ci_sessions` SET `timestamp` = 1736095934, `data` = '__ci_last_regenerate|i:1736095934;isLogIn|b:1;isAdmin|b:1;id|s:1:\"1\";fullname|s:11:\"admin admin\";user_level|s:5:\"Admin\";email|s:15:\"admin@admin.com\";image|s:53:\"upload/settings/4a1f1b602322adb837a7a3547ee69cf3.jpeg\";last_login|s:19:\"2024-12-31 13:21:35\";last_logout|s:19:\"2024-12-20 18:34:37\";ip_address|s:14:\"172.71.156.143\";'
WHERE `id` = 'b99a2fbae74dd5101bf224783f7682eb1e33955d';
UPDATE `admin` SET `last_logout` = '2025-01-05 10:52:19'
WHERE `id` IS NULL;
DELETE FROM `ci_sessions`
WHERE `id` = '93c241ac5322f5d1db1e8801508ce789d6bb0892';
UPDATE `ci_sessions` SET `timestamp` = 1736096353, `data` = '__ci_last_regenerate|i:1736096353;isLogIn|b:1;isAdmin|b:1;id|s:1:\"1\";fullname|s:11:\"admin admin\";user_level|s:5:\"Admin\";email|s:15:\"admin@admin.com\";image|s:53:\"upload/settings/4a1f1b602322adb837a7a3547ee69cf3.jpeg\";last_login|s:19:\"2024-12-31 13:21:35\";last_logout|s:19:\"2024-12-20 18:34:37\";ip_address|s:14:\"172.71.156.143\";'
WHERE `id` = 'a682e3823138392d14c681a4f7377d1f49bcc51b';
UPDATE `admin` SET `last_logout` = '2025-01-05 10:59:13'
WHERE `id` = '1';
DELETE FROM `ci_sessions`
WHERE `id` = 'b50f6f52434f5956720ce8ccfb5ae82e174b1fc8';
INSERT INTO `login_history` (`user_id`, `device`, `ip_address`, `date`) VALUES ('admin', 'Mozilla/5.0 (Linux; Android 10; K) AppleWebKit/537.36 (KHTML, like Gecko) Chrome/131.0.0.0 Safari/537.36', '172.70.82.90', '25-01-05 10:59');
UPDATE `user_registration` SET `popup_seen` = 'yes'
WHERE `user_id` = 'admin';
UPDATE `ci_sessions` SET `timestamp` = 1736096660, `data` = '__ci_last_regenerate|i:1736096660;id|s:4:\"2019\";user_id|s:5:\"admin\";username|s:5:\"admin\";sponsor_id|s:1:\"0\";fullname|s:11:\"Alex Carrey\";email|s:15:\"admin@admin.com\";phone|s:10:\"1235467892\";isLogIn|b:1;'
WHERE `id` = '0c9d8db79e8442fa31a83240d031716a7f4f3271';
UPDATE `ci_sessions` SET `timestamp` = 1736097674, `data` = '__ci_last_regenerate|i:1736097674;id|s:4:\"2019\";user_id|s:5:\"admin\";username|s:5:\"admin\";sponsor_id|s:1:\"0\";fullname|s:11:\"Alex Carrey\";email|s:15:\"admin@admin.com\";phone|s:10:\"1235467892\";isLogIn|b:1;'
WHERE `id` = '50ba91ad39db34d04c5ef0d89cdfa760f94955a0';
UPDATE `user_registration` SET `popup_seen` = 'yes'
WHERE `user_id` = 'admin';
UPDATE `ci_sessions` SET `timestamp` = 1736098016, `data` = '__ci_last_regenerate|i:1736098016;id|s:4:\"2019\";user_id|s:5:\"admin\";username|s:5:\"admin\";sponsor_id|s:1:\"0\";fullname|s:11:\"Alex Carrey\";email|s:15:\"admin@admin.com\";phone|s:10:\"1235467892\";isLogIn|b:1;'
WHERE `id` = '9ffbbe921c38c7885beef4027ece460824ec8eae';
UPDATE `user_registration` SET `popup_seen` = 'no'
WHERE `user_id` = 'admin';
DELETE FROM `ci_sessions`
WHERE `id` = '94a8c46c9a970883d9c4106ecfcdd9e60c74a22f';
UPDATE `admin` SET `last_login` = '2025-01-05 11:27:10', `ip_address` = '172.70.54.68'
WHERE `id` = '1';
UPDATE `ci_sessions` SET `timestamp` = 1736099018, `data` = '__ci_last_regenerate|i:1736099018;isLogIn|b:1;isAdmin|b:1;id|s:1:\"1\";fullname|s:11:\"admin admin\";user_level|s:5:\"Admin\";email|s:15:\"admin@admin.com\";image|s:53:\"upload/settings/4a1f1b602322adb837a7a3547ee69cf3.jpeg\";last_login|s:19:\"2025-01-05 09:43:24\";last_logout|s:19:\"2025-01-05 10:59:13\";ip_address|s:12:\"172.70.83.94\";'
WHERE `id` = '267149c82092ff22555fa8f7950a3bee74e79045';
UPDATE `ci_sessions` SET `timestamp` = 1736099866, `data` = '__ci_last_regenerate|i:1736099866;isLogIn|b:1;isAdmin|b:1;id|s:1:\"1\";fullname|s:11:\"admin admin\";user_level|s:5:\"Admin\";email|s:15:\"admin@admin.com\";image|s:53:\"upload/settings/4a1f1b602322adb837a7a3547ee69cf3.jpeg\";last_login|s:19:\"2025-01-05 09:43:24\";last_logout|s:19:\"2025-01-05 10:59:13\";ip_address|s:12:\"172.70.83.94\";'
WHERE `id` = '235ceecc65736b767eff1f4067050dd3738e8381';
INSERT INTO `cron_job_history` (`name`, `date_started`, `status`) VALUES ('backup', '2025-01-06 00:00:02', 'started');
UPDATE `cron_job_history` SET `status` = 'done', `date_end` = '2025-01-06 00:00:02'
WHERE `id` = 117;
INSERT INTO `cron_job_history` (`name`, `date_started`, `status`) VALUES ('deduct_sub_amt_from_ewallet', '2025-01-06 00:05:01', 'started');
UPDATE `cron_job_history` SET `status` = 'done', `date_end` = '2025-01-06 00:05:01'
WHERE `id` = 118;
INSERT INTO `login_history` (`user_id`, `device`, `ip_address`, `date`) VALUES ('44B9Y4', 'Mozilla/5.0 (Windows NT 10.0; Win64; x64) AppleWebKit/537.36 (KHTML, like Gecko) Chrome/131.0.0.0 Safari/537.36', '172.70.83.2', '25-01-06 15:40');
UPDATE `user_registration` SET `popup_seen` = 'yes'
WHERE `user_id` = '44B9Y4';
INSERT INTO `add_cart` (`user_id`, `product_id`, `product_name`, `product_amount`, `product_point`, `product_image`, `product_details`, `quantity`, `total_amount`, `country`, `state`, `total_point`, `date`) VALUES ('44B9Y4', '4', 'Nature closer than ever 5D/4N', '150', '75', 'upload/product_image/47bdc5b1bf77d9f53a68d790b6ad854b.png', '<p><span style=\"color:rgb(0,0,0);\">Orlando is famed for its iconic theme parks, exciting attractions, and year-round sunshine. With thrilling adventures, diverse dining, and endless shopping, it’s a perfect getaway for families and fun-seekers alike.</span></p><p><span style=\"color:rgb(0,0,0);\"><strong>5 days / 4 nights</strong></span></p><p><span style=\"color:rgb(0,0,0);\"><strong>Cost: $150</strong></span></p>', 1, 150, '', '', 75, '2025-01-06 15:44:33');
UPDATE `add_cart` SET `quantity` = '1', `total_amount` = 150, `total_point` = 75
WHERE `id` = '11';
UPDATE `ci_sessions` SET `timestamp` = 1736199899, `data` = '__ci_last_regenerate|i:1736199899;id|s:4:\"2021\";user_id|s:6:\"44B9Y4\";username|s:7:\"Talimbi\";sponsor_id|s:5:\"admin\";fullname|s:14:\"Emilio Tapanes\";email|s:23:\"emiliotapanes@gmail.com\";phone|s:10:\"7862876762\";isLogIn|b:1;'
WHERE `id` = '87e12a735253dcca994d74629eec1236d440b5bc';
DELETE FROM `add_cart`
WHERE `id` = '11';
UPDATE `ci_sessions` SET `timestamp` = 1736200211, `data` = '__ci_last_regenerate|i:1736200211;id|s:4:\"2021\";user_id|s:6:\"44B9Y4\";username|s:7:\"Talimbi\";sponsor_id|s:5:\"admin\";fullname|s:14:\"Emilio Tapanes\";email|s:23:\"emiliotapanes@gmail.com\";phone|s:10:\"7862876762\";isLogIn|b:1;'
WHERE `id` = '9a4e2908c3a77a155bc6fb910169bace06c6c3f6';
INSERT INTO `add_cart` (`user_id`, `product_id`, `product_name`, `product_amount`, `product_point`, `product_image`, `product_details`, `quantity`, `total_amount`, `country`, `state`, `total_point`, `date`) VALUES ('44B9Y4', '4', 'Nature closer than ever 5D/4N', '150', '75', 'upload/product_image/47bdc5b1bf77d9f53a68d790b6ad854b.png', '<p><span style=\"color:rgb(0,0,0);\">Orlando is famed for its iconic theme parks, exciting attractions, and year-round sunshine. With thrilling adventures, diverse dining, and endless shopping, it’s a perfect getaway for families and fun-seekers alike.</span></p><p><span style=\"color:rgb(0,0,0);\"><strong>5 days / 4 nights</strong></span></p><p><span style=\"color:rgb(0,0,0);\"><strong>Cost: $150</strong></span></p>', 1, 150, '', '', 75, '2025-01-06 15:51:19');
UPDATE `add_cart` SET `quantity` = '1', `total_amount` = 150, `total_point` = 75
WHERE `id` = '12';
DELETE FROM `add_cart`
WHERE `id` = '12';
INSERT INTO `login_history` (`user_id`, `device`, `ip_address`, `date`) VALUES ('44B9Y4', 'Mozilla/5.0 (Windows NT 10.0; Win64; x64) AppleWebKit/537.36 (KHTML, like Gecko) Chrome/131.0.0.0 Safari/537.36', '172.70.83.7', '25-01-06 19:36');
UPDATE `user_registration` SET `popup_seen` = 'yes'
WHERE `user_id` = '44B9Y4';
UPDATE `user_registration` SET `popup_seen` = 'no'
WHERE `user_id` = '44B9Y4';
DELETE FROM `ci_sessions`
WHERE `id` = '0036678837b045976bdf75ab2d5f4ef4586e620a';
INSERT INTO `login_history` (`user_id`, `device`, `ip_address`, `date`) VALUES ('4E1CRI', 'Mozilla/5.0 (Windows NT 10.0; Win64; x64) AppleWebKit/537.36 (KHTML, like Gecko) Chrome/131.0.0.0 Safari/537.36', '172.70.83.8', '25-01-06 19:36');
UPDATE `user_registration` SET `popup_seen` = 'yes'
WHERE `user_id` = '4E1CRI';
INSERT INTO `login_history` (`user_id`, `device`, `ip_address`, `date`) VALUES ('admin', 'Mozilla/5.0 (Windows NT 10.0; Win64; x64) AppleWebKit/537.36 (KHTML, like Gecko) Chrome/131.0.0.0 Safari/537.36', '108.162.212.119', '25-01-06 22:35');
UPDATE `user_registration` SET `popup_seen` = 'yes'
WHERE `user_id` = 'admin';
INSERT INTO `login_history` (`user_id`, `device`, `ip_address`, `date`) VALUES ('admin', 'Mozilla/5.0 (Macintosh; Intel Mac OS X 10_15_7) AppleWebKit/537.36 (KHTML, like Gecko) Chrome/131.0.0.0 Safari/537.36', '172.69.178.169', '25-01-06 23:24');
UPDATE `user_registration` SET `popup_seen` = 'yes'
WHERE `user_id` = 'admin';
UPDATE `ci_sessions` SET `timestamp` = 1736227629, `data` = '__ci_last_regenerate|i:1736227629;id|s:4:\"2019\";user_id|s:5:\"admin\";username|s:5:\"admin\";sponsor_id|s:1:\"0\";fullname|s:11:\"Alex Carrey\";email|s:15:\"admin@admin.com\";phone|s:10:\"1235467892\";isLogIn|b:1;'
WHERE `id` = '5b3f203ccb73896511a1085e9479f9e9c4b0e2fe';
UPDATE `user_registration` SET `popup_seen` = 'yes'
WHERE `user_id` = 'admin';
INSERT INTO `reward_purchase_history` (`user_id`, `reward_id`, `amount`, `reward_value`, `reward_points`, `available_points`, `image`, `image_id`, `conversion_point_rate`, `payment_option`, `reward_name`, `country`, `state`, `date`, `type`) VALUES ('admin', '5', '30', '600', '90', '90', 'upload/reward_image/7092c686c1b5c7e459854c250f88892b.png', '43', '1', 'free', 'Journey Around the World 4D/3N', '21', '4276', '2025-01-06 23:27:52', 'reward_claim');
UPDATE `user_registration` SET total_points = ROUND(total_points - 90,2)
WHERE `user_id` = 'admin';
UPDATE `ci_sessions` SET `timestamp` = 1736227913, `data` = '__ci_last_regenerate|i:1736227913;id|s:4:\"2019\";user_id|s:5:\"admin\";username|s:5:\"admin\";sponsor_id|s:1:\"0\";fullname|s:11:\"Alex Carrey\";email|s:15:\"admin@admin.com\";phone|s:10:\"1235467892\";isLogIn|b:1;'
WHERE `id` = '086e9fe187e35bf65a25d167e9b8b01905fa3d0f';
INSERT INTO `add_cart` (`user_id`, `product_id`, `product_name`, `product_amount`, `product_point`, `product_image`, `product_details`, `quantity`, `total_amount`, `country`, `state`, `total_point`, `date`) VALUES ('admin', '4', 'Nature closer than ever 5D/4N', '150', '75', 'upload/product_image/26befb7ea681b50416c8a9a9ac83fc6a.png', '<p><span style=\"color:rgb(0,0,0);\">Orlando is famed for its iconic theme parks, exciting attractions, and year-round sunshine. With thrilling adventures, diverse dining, and endless shopping, it’s a perfect getaway for families and fun-seekers alike.</span></p><p><span style=\"color:rgb(0,0,0);\"><strong>5 days / 4 nights</strong></span></p><p><span style=\"color:rgb(0,0,0);\"><strong>Cost: $150</strong></span></p>', 1, 150, '223', '4250', 75, '2025-01-06 23:32:07');
DELETE FROM `add_cart`
WHERE `id` = '2';
DELETE FROM `add_cart`
WHERE `id` = '13';
INSERT INTO `cron_job_history` (`name`, `date_started`, `status`) VALUES ('backup', '2025-01-07 00:00:01', 'started');
UPDATE `cron_job_history` SET `status` = 'done', `date_end` = '2025-01-07 00:00:01'
WHERE `id` = 119;
INSERT INTO `cron_job_history` (`name`, `date_started`, `status`) VALUES ('deduct_sub_amt_from_ewallet', '2025-01-07 00:05:01', 'started');
UPDATE `cron_job_history` SET `status` = 'done', `date_end` = '2025-01-07 00:05:01'
WHERE `id` = 120;
UPDATE `ci_sessions` SET `timestamp` = 1736230579, `data` = '__ci_last_regenerate|i:1736230579;id|s:4:\"2019\";user_id|s:5:\"admin\";username|s:5:\"admin\";sponsor_id|s:1:\"0\";fullname|s:11:\"Alex Carrey\";email|s:15:\"admin@admin.com\";phone|s:10:\"1235467892\";isLogIn|b:1;'
WHERE `id` = '2cd64812b5fe2cf89694bdd51c2f460575b9c681';
UPDATE `user_registration` SET `popup_seen` = 'yes'
WHERE `user_id` = 'admin';
INSERT INTO `login_history` (`user_id`, `device`, `ip_address`, `date`) VALUES ('44B9Y4', 'Mozilla/5.0 (Windows NT 10.0; Win64; x64) AppleWebKit/537.36 (KHTML, like Gecko) Chrome/131.0.0.0 Safari/537.36', '172.70.55.158', '25-01-07 13:29');
UPDATE `user_registration` SET `popup_seen` = 'yes'
WHERE `user_id` = '44B9Y4';
UPDATE `ci_sessions` SET `timestamp` = 1736278474, `data` = '__ci_last_regenerate|i:1736278474;id|s:4:\"2021\";user_id|s:6:\"44B9Y4\";username|s:7:\"Talimbi\";sponsor_id|s:5:\"admin\";fullname|s:14:\"Emilio Tapanes\";email|s:23:\"emiliotapanes@gmail.com\";phone|s:10:\"7862876762\";isLogIn|b:1;'
WHERE `id` = '6ee6ea0afde0dad4acabb862a00f3384aa3e8a41';
UPDATE `ci_sessions` SET `timestamp` = 1736278862, `data` = '__ci_last_regenerate|i:1736278862;id|s:4:\"2021\";user_id|s:6:\"44B9Y4\";username|s:7:\"Talimbi\";sponsor_id|s:5:\"admin\";fullname|s:14:\"Emilio Tapanes\";email|s:23:\"emiliotapanes@gmail.com\";phone|s:10:\"7862876762\";isLogIn|b:1;'
WHERE `id` = '84251d75a1cc1830d0471b8db6d26dbe7ca3b6dc';
INSERT INTO `add_cart` (`user_id`, `product_id`, `product_name`, `product_amount`, `product_point`, `product_image`, `product_details`, `quantity`, `total_amount`, `country`, `state`, `total_point`, `date`) VALUES ('44B9Y4', '4', 'Nature closer than ever 5D/4N', '150', '75', 'upload/product_image/47bdc5b1bf77d9f53a68d790b6ad854b.png', '<p><span style=\"color:rgb(0,0,0);\">Orlando is famed for its iconic theme parks, exciting attractions, and year-round sunshine. With thrilling adventures, diverse dining, and endless shopping, it’s a perfect getaway for families and fun-seekers alike.</span></p><p><span style=\"color:rgb(0,0,0);\"><strong>5 days / 4 nights</strong></span></p><p><span style=\"color:rgb(0,0,0);\"><strong>Cost: $150</strong></span></p>', 1, 150, '', '', 75, '2025-01-07 13:41:28');
UPDATE `add_cart` SET `quantity` = '1', `total_amount` = 150, `total_point` = 75
WHERE `id` = '14';
DELETE FROM `add_cart`
WHERE `id` = '14';
INSERT INTO `add_cart` (`user_id`, `product_id`, `product_name`, `product_amount`, `product_point`, `product_image`, `product_details`, `quantity`, `total_amount`, `country`, `state`, `total_point`, `date`) VALUES ('44B9Y4', '4', 'Nature closer than ever 5D/4N', '150', '75', 'upload/product_image/26befb7ea681b50416c8a9a9ac83fc6a.png', '<p><span style=\"color:rgb(0,0,0);\">Orlando is famed for its iconic theme parks, exciting attractions, and year-round sunshine. With thrilling adventures, diverse dining, and endless shopping, it’s a perfect getaway for families and fun-seekers alike.</span></p><p><span style=\"color:rgb(0,0,0);\"><strong>5 days / 4 nights</strong></span></p><p><span style=\"color:rgb(0,0,0);\"><strong>Cost: $150</strong></span></p>', 1, 150, '223', '4250', 75, '2025-01-07 13:42:15');
UPDATE `add_cart` SET `quantity` = '1', `total_amount` = 150, `total_point` = 75
WHERE `id` = '15';
DELETE FROM `add_cart`
WHERE `id` = '15';
UPDATE `user_registration` SET `popup_seen` = 'yes'
WHERE `user_id` = '44B9Y4';
UPDATE `ci_sessions` SET `timestamp` = 1736279165, `data` = '__ci_last_regenerate|i:1736279165;id|s:4:\"2021\";user_id|s:6:\"44B9Y4\";username|s:7:\"Talimbi\";sponsor_id|s:5:\"admin\";fullname|s:14:\"Emilio Tapanes\";email|s:23:\"emiliotapanes@gmail.com\";phone|s:10:\"7862876762\";isLogIn|b:1;'
WHERE `id` = '148d718eba10f0b5e276dc09d1090ddc53b9dd2d';
UPDATE `user_registration` SET `popup_seen` = 'yes'
WHERE `user_id` = '44B9Y4';
UPDATE `ci_sessions` SET `timestamp` = 1736279469, `data` = '__ci_last_regenerate|i:1736279469;id|s:4:\"2021\";user_id|s:6:\"44B9Y4\";username|s:7:\"Talimbi\";sponsor_id|s:5:\"admin\";fullname|s:14:\"Emilio Tapanes\";email|s:23:\"emiliotapanes@gmail.com\";phone|s:10:\"7862876762\";isLogIn|b:1;'
WHERE `id` = '274f071445dad9c8e50f1d5ca5a25e979e7fc523';
UPDATE `user_registration` SET `popup_seen` = 'yes'
WHERE `user_id` = '44B9Y4';
UPDATE `user_registration` SET `popup_seen` = 'no'
WHERE `user_id` = '44B9Y4';
DELETE FROM `ci_sessions`
WHERE `id` = '0a6cc7356c49b453de24b8b9ef9773605b2bf1f0';
INSERT INTO `login_history` (`user_id`, `device`, `ip_address`, `date`) VALUES ('4E1CRI', 'Mozilla/5.0 (Windows NT 10.0; Win64; x64) AppleWebKit/537.36 (KHTML, like Gecko) Chrome/131.0.0.0 Safari/537.36', '172.70.54.68', '25-01-07 13:55');
UPDATE `user_registration` SET `popup_seen` = 'yes'
WHERE `user_id` = '4E1CRI';
UPDATE `ci_sessions` SET `timestamp` = 1736280007, `data` = '__ci_last_regenerate|i:1736280007;id|s:4:\"2028\";user_id|s:6:\"4E1CRI\";username|s:6:\"Torino\";sponsor_id|s:6:\"SJBNYJ\";fullname|s:13:\"Ray Rodriguez\";email|s:25:\"emiliotapanes+6@gmail.com\";phone|s:10:\"7862876762\";isLogIn|b:1;'
WHERE `id` = '39a6e63e0c78c9136931dc8ebd8560ea14d20d68';
UPDATE `user_registration` SET `popup_seen` = 'yes'
WHERE `user_id` = '4E1CRI';
UPDATE `user_registration` SET `popup_seen` = 'yes'
WHERE `user_id` = '4E1CRI';
UPDATE `ci_sessions` SET `timestamp` = 1736280357, `data` = '__ci_last_regenerate|i:1736280357;id|s:4:\"2028\";user_id|s:6:\"4E1CRI\";username|s:6:\"Torino\";sponsor_id|s:6:\"SJBNYJ\";fullname|s:13:\"Ray Rodriguez\";email|s:25:\"emiliotapanes+6@gmail.com\";phone|s:10:\"7862876762\";isLogIn|b:1;'
WHERE `id` = '18d2ee1f171299c93973986aa79d1d1f5142e4c5';
UPDATE `user_registration` SET `popup_seen` = 'no'
WHERE `user_id` = '4E1CRI';
DELETE FROM `ci_sessions`
WHERE `id` = '907c9b2f816ef8bd68a09e96b40d88ac3c08bc45';
INSERT INTO `login_history` (`user_id`, `device`, `ip_address`, `date`) VALUES ('44B9Y4', 'Mozilla/5.0 (Windows NT 10.0; Win64; x64) AppleWebKit/537.36 (KHTML, like Gecko) Chrome/131.0.0.0 Safari/537.36', '172.69.132.232', '25-01-07 14:06');
UPDATE `user_registration` SET `popup_seen` = 'yes'
WHERE `user_id` = '44B9Y4';
UPDATE `user_registration` SET `popup_seen` = 'no'
WHERE `user_id` = '44B9Y4';
DELETE FROM `ci_sessions`
WHERE `id` = '57ea9d43e41a0369cb803c1927d447c1e17616ba';
INSERT INTO `login_history` (`user_id`, `device`, `ip_address`, `date`) VALUES ('H2HQC8', 'Mozilla/5.0 (Windows NT 10.0; Win64; x64) AppleWebKit/537.36 (KHTML, like Gecko) Chrome/131.0.0.0 Safari/537.36', '172.70.254.2', '25-01-07 14:10');
UPDATE `user_registration` SET `popup_seen` = 'yes'
WHERE `user_id` = 'H2HQC8';
UPDATE `user_registration` SET `popup_seen` = 'no'
WHERE `user_id` = 'H2HQC8';
DELETE FROM `ci_sessions`
WHERE `id` = '6655773ea5a5df794bb48d30f316cdeaef409855';
UPDATE `user_registration` SET `popup_seen` = 'no'
WHERE `user_id` IS NULL;
DELETE FROM `ci_sessions`
WHERE `id` = '8c9489c3c4cec058649ba882aecf414088e7110a';
INSERT INTO `login_history` (`user_id`, `device`, `ip_address`, `date`) VALUES ('PBFKSY', 'Mozilla/5.0 (Windows NT 10.0; Win64; x64) AppleWebKit/537.36 (KHTML, like Gecko) Chrome/131.0.0.0 Safari/537.36', '172.70.55.209', '25-01-07 15:25');
UPDATE `user_registration` SET `popup_seen` = 'yes'
WHERE `user_id` = 'PBFKSY';
UPDATE `ci_sessions` SET `timestamp` = 1736285379, `data` = '__ci_last_regenerate|i:1736285379;id|s:4:\"2029\";user_id|s:6:\"PBFKSY\";username|s:7:\"Palermo\";sponsor_id|s:6:\"SJBNYJ\";fullname|s:13:\"Rosmery Gomez\";email|s:25:\"emiliotapanes+5@gmail.com\";phone|s:10:\"7862876762\";isLogIn|b:1;message|s:21:\"Welcome Rosmery Gomez\";__ci_vars|a:1:{s:7:\"message\";s:3:\"old\";}'
WHERE `id` = 'ddb1484f11a9223d340802cba33e83e11f3219b5';
UPDATE `ci_sessions` SET `timestamp` = 1736285706, `data` = '__ci_last_regenerate|i:1736285706;id|s:4:\"2029\";user_id|s:6:\"PBFKSY\";username|s:7:\"Palermo\";sponsor_id|s:6:\"SJBNYJ\";fullname|s:13:\"Rosmery Gomez\";email|s:25:\"emiliotapanes+5@gmail.com\";phone|s:10:\"7862876762\";isLogIn|b:1;'
WHERE `id` = '01b8b06f746c39775c217ab5cfc4165dcc371acb';
UPDATE `user_registration` SET `popup_seen` = 'yes'
WHERE `user_id` = 'PBFKSY';
UPDATE `user_registration` SET `popup_seen` = 'yes'
WHERE `user_id` = 'PBFKSY';
UPDATE `ci_sessions` SET `timestamp` = 1736286155, `data` = '__ci_last_regenerate|i:1736286155;id|s:4:\"2029\";user_id|s:6:\"PBFKSY\";username|s:7:\"Palermo\";sponsor_id|s:6:\"SJBNYJ\";fullname|s:13:\"Rosmery Gomez\";email|s:25:\"emiliotapanes+5@gmail.com\";phone|s:10:\"7862876762\";isLogIn|b:1;'
WHERE `id` = 'd4789dca2f2ad1816a14020176f9cdfbb2086a0f';
UPDATE `user_registration` SET `popup_seen` = 'yes'
WHERE `user_id` = 'PBFKSY';
UPDATE `user_registration` SET `language` = 'spanish'
WHERE `user_id` = 'PBFKSY';
UPDATE `user_registration` SET `popup_seen` = 'yes'
WHERE `user_id` = 'PBFKSY';
UPDATE `user_registration` SET `language` = 'english'
WHERE `user_id` = 'PBFKSY';
UPDATE `user_registration` SET `popup_seen` = 'yes'
WHERE `user_id` = 'PBFKSY';
INSERT INTO `add_cart` (`user_id`, `product_id`, `product_name`, `product_amount`, `product_point`, `product_image`, `product_details`, `quantity`, `total_amount`, `country`, `state`, `total_point`, `date`) VALUES ('PBFKSY', '4', 'Nature closer than ever 5D/4N', '150', '75', 'upload/product_image/47bdc5b1bf77d9f53a68d790b6ad854b.png', '<p><span style=\"color:rgb(0,0,0);\">Orlando is famed for its iconic theme parks, exciting attractions, and year-round sunshine. With thrilling adventures, diverse dining, and endless shopping, it’s a perfect getaway for families and fun-seekers alike.</span></p><p><span style=\"color:rgb(0,0,0);\"><strong>5 days / 4 nights</strong></span></p><p><span style=\"color:rgb(0,0,0);\"><strong>Cost: $150</strong></span></p>', 1, 150, '', '', 75, '2025-01-07 15:44:00');
UPDATE `add_cart` SET `quantity` = '1', `total_amount` = 150, `total_point` = 75
WHERE `id` = '16';
DELETE FROM `add_cart`
WHERE `id` = '16';
UPDATE `user_registration` SET `popup_seen` = 'yes'
WHERE `user_id` = 'PBFKSY';
UPDATE `ci_sessions` SET `timestamp` = 1736286460, `data` = '__ci_last_regenerate|i:1736286460;id|s:4:\"2029\";user_id|s:6:\"PBFKSY\";username|s:7:\"Palermo\";sponsor_id|s:6:\"SJBNYJ\";fullname|s:13:\"Rosmery Gomez\";email|s:25:\"emiliotapanes+5@gmail.com\";phone|s:10:\"7862876762\";isLogIn|b:1;'
WHERE `id` = '3f26d5a31a7c3befd6bb1a28d28264ce3b624fe0';
UPDATE `user_registration` SET `default_leg` = 'left'
WHERE `user_id` = 'PBFKSY';
UPDATE `user_registration` SET `default_leg` = 'right'
WHERE `user_id` = 'PBFKSY';
UPDATE `user_registration` SET `default_leg` = 'auto'
WHERE `user_id` = 'PBFKSY';
UPDATE `user_registration` SET `popup_seen` = 'yes'
WHERE `user_id` = 'PBFKSY';
UPDATE `user_registration` SET `popup_seen` = 'no'
WHERE `user_id` = 'PBFKSY';
DELETE FROM `ci_sessions`
WHERE `id` = 'bd89432ff54caa93fae8d4799b7bb5075e91c273';
UPDATE `ci_sessions` SET `timestamp` = 1736287245, `data` = '__ci_last_regenerate|i:1736287245;captcha|s:4:\"j2oi\";'
WHERE `id` = 'e5138110f953f4f2ea3dde60b34e61acbaa7211a';
INSERT INTO `login_history` (`user_id`, `device`, `ip_address`, `date`) VALUES ('H2HQC8', 'Mozilla/5.0 (Windows NT 10.0; Win64; x64) AppleWebKit/537.36 (KHTML, like Gecko) Chrome/131.0.0.0 Safari/537.36', '172.70.55.78', '25-01-07 16:52');
UPDATE `user_registration` SET `popup_seen` = 'yes'
WHERE `user_id` = 'H2HQC8';
UPDATE `user_registration` SET `default_leg` = 'right'
WHERE `user_id` = 'H2HQC8';
UPDATE `user_registration` SET `popup_seen` = 'yes'
WHERE `user_id` = 'H2HQC8';
UPDATE `ci_sessions` SET `timestamp` = 1736290570, `data` = '__ci_last_regenerate|i:1736290570;id|s:4:\"2026\";user_id|s:6:\"H2HQC8\";username|s:4:\"Roma\";sponsor_id|s:6:\"45E8V2\";fullname|s:16:\"Yordanis Fuentes\";email|s:25:\"emiliotapanes+4@gmail.com\";phone|s:10:\"7862876762\";isLogIn|b:1;'
WHERE `id` = 'a4cc7b7867c6df84c992e221b24b601ad7c39b23';
UPDATE `ci_sessions` SET `timestamp` = 1736292739, `data` = '__ci_last_regenerate|i:1736292739;captcha|s:4:\"gcxn\";'
WHERE `id` = 'b14b7eee6b9020e81788140ed420c095a8b1e5d8';
INSERT INTO `login_history` (`user_id`, `device`, `ip_address`, `date`) VALUES ('44B9Y4', 'Mozilla/5.0 (Windows NT 10.0; Win64; x64) AppleWebKit/537.36 (KHTML, like Gecko) Chrome/131.0.0.0 Safari/537.36', '172.69.132.247', '25-01-07 17:32');
UPDATE `user_registration` SET `popup_seen` = 'yes'
WHERE `user_id` = '44B9Y4';
UPDATE `user_registration` SET `popup_seen` = 'no'
WHERE `user_id` = '44B9Y4';
DELETE FROM `ci_sessions`
WHERE `id` = '667486d9d696f69e01d8da539cdb29ae42edabdd';
INSERT INTO `login_history` (`user_id`, `device`, `ip_address`, `date`) VALUES ('4E1CRI', 'Mozilla/5.0 (Windows NT 10.0; Win64; x64) AppleWebKit/537.36 (KHTML, like Gecko) Chrome/131.0.0.0 Safari/537.36', '172.70.254.133', '25-01-07 17:34');
UPDATE `user_registration` SET `popup_seen` = 'yes'
WHERE `user_id` = '4E1CRI';
UPDATE `user_registration` SET `default_leg` = 'left'
WHERE `user_id` = '4E1CRI';
UPDATE `user_registration` SET `default_leg` = 'left'
WHERE `user_id` = '4E1CRI';
UPDATE `ci_sessions` SET `timestamp` = 1736293252, `data` = '__ci_last_regenerate|i:1736293252;id|s:4:\"2028\";user_id|s:6:\"4E1CRI\";username|s:6:\"Torino\";sponsor_id|s:6:\"SJBNYJ\";fullname|s:13:\"Ray Rodriguez\";email|s:25:\"emiliotapanes+6@gmail.com\";phone|s:10:\"7862876762\";isLogIn|b:1;'
WHERE `id` = '927bee9831b6349f07979528d6bd9cc4eaabd316';
UPDATE `user_registration` SET `uid` = '2034', `user_id` = 'N6GZAE', `username` = 'Mariposa', `sponsor_id` = '4E1CRI', `vacant` = 'no', `f_name` = 'Yanepsy', `l_name` = 'Jimenez', `position` = 'left', `email` = 'emiliotapanes+7@gmail.com', `password` = '7ccac8ad8e13793c8b8a27e0ede99587', `phone` = '7862876762', `country` = 'United States', `state` = 'Florida', `city` = 'Miami', `street` = '8100 SW 14 Terr', `zip_code` = '33144', `reg_ip` = '172.70.82.191', `status` = 1, `package_id` = '2', `rank_id` = 1, `highest_rank` = 1, `cycle_rank_id` = 1, `created` = '2025-01-07 17:40:52', `subscription_date` = '2025-02-06', `google_secret` = 'V3B3IE4V5YB7B77H'
WHERE `uid` = '2034';
INSERT INTO `user_registration` (`uid`, `user_id`, `username`, `sponsor_id`, `placement_id`, `vacant`, `f_name`, `l_name`, `address`, `position`, `email`, `password`, `phone`, `reg_ip`, `status`, `created`) VALUES (NULL, 'XAZZMM', 'NLwPRUQk', 'N6GZAE', 'N6GZAE', 'yes', '', '', '', 'left', '@mail.com', '', '', '', 0, '2025-01-07 17:40:52');
INSERT INTO `user_registration` (`uid`, `user_id`, `username`, `sponsor_id`, `placement_id`, `vacant`, `f_name`, `l_name`, `address`, `position`, `email`, `password`, `phone`, `reg_ip`, `status`, `created`) VALUES (NULL, 'RPOLLZ', 'flNQwDIF', 'N6GZAE', 'N6GZAE', 'yes', '', '', '', 'right', '@mail.com', '', '', '', 0, '2025-01-07 17:40:52');
INSERT INTO `bv_updation` (`user_id`) VALUES ('N6GZAE');
UPDATE `user_registration` SET total_ref_count = total_ref_count+1
WHERE `user_id` = '4E1CRI';
UPDATE `user_registration` SET total_downlines = total_downlines+1
WHERE `user_id` = '4E1CRI';
UPDATE `user_registration` SET left_downlines = left_downlines+1
WHERE `user_id` = '4E1CRI';
UPDATE `user_registration` SET left_ref_count = left_ref_count+1
WHERE `user_id` = '4E1CRI';
UPDATE `user_registration` SET active_left = active_left+1
WHERE `user_id` = '4E1CRI';
UPDATE `user_registration` SET total_downlines = total_downlines+1
WHERE `user_id` = 'SJBNYJ';
UPDATE `user_registration` SET left_downlines = left_downlines+1
WHERE `user_id` = 'SJBNYJ';
UPDATE `user_registration` SET total_downlines = total_downlines+1
WHERE `user_id` = '44B9Y4';
UPDATE `user_registration` SET left_downlines = left_downlines+1
WHERE `user_id` = '44B9Y4';
UPDATE `user_registration` SET total_downlines = total_downlines+1
WHERE `user_id` = 'admin';
UPDATE `user_registration` SET right_downlines = right_downlines+1
WHERE `user_id` = 'admin';
INSERT INTO `investment` (`invest_date`, `user_id`, `type`, `amount`, `package_id`) VALUES ('2025-01-07 17:40:52', 'N6GZAE', 'register', '595', '2');
INSERT INTO `earnings` (`user_id`, `Purchaser_id`, `earning_type`, `package_id`, `amount`, `date`, `comments`, `invest_amount`, `comm_perc`, `level`, `rank_id`, `order_id`) VALUES ('4E1CRI', 'N6GZAE', 'Direct Referral Bonus', '2', '100', '2025-01-07 17:40:52', 'Direct Referral Bonus', 0, 0, 1, '', 14);
UPDATE `user_registration` SET commission_balance = ROUND(commission_balance + 100,2)
WHERE `user_id` = '4E1CRI';
UPDATE `user_registration` SET referral_bonus = ROUND(referral_bonus + 100,2)
WHERE `user_id` = '4E1CRI';
UPDATE `user_registration` SET total_points = ROUND(total_points + 50,2)
WHERE `user_id` = 'N6GZAE';
INSERT INTO `points_history` (`user_id`, `points`, `type`, `date`) VALUES ('N6GZAE', '50', 'register', '2025-01-07 17:40:');
INSERT INTO `matrix_filling` (`placement_id`, `downline_id`, `level`, `matrix`) VALUES ('4E1CRI', 'N6GZAE', 1, 1);
UPDATE `bv_updation` SET left_carry = left_carry+50, total_left = total_left+50
WHERE `user_id` = '4E1CRI';
INSERT INTO `placement_bv_update_history` (`left_carry`, `date`, `from_id`, `user_id`) VALUES ('50', '2025-01-07 17:40:52', 'N6GZAE', '4E1CRI');
UPDATE `bv_updation` SET sponsor_left_carry = sponsor_left_carry+50, sponsor_total_left = sponsor_total_left+50
WHERE `user_id` = '4E1CRI';
INSERT INTO `sponsor_bv_update_history` (`left_carry`, `date`, `user_id`) VALUES ('50', '2025-01-07 17:40:52', '4E1CRI');
INSERT INTO `matrix_filling` (`placement_id`, `downline_id`, `level`, `matrix`) VALUES ('SJBNYJ', 'N6GZAE', 2, 1);
UPDATE `bv_updation` SET left_carry = left_carry+50, total_left = total_left+50
WHERE `user_id` = 'SJBNYJ';
INSERT INTO `placement_bv_update_history` (`left_carry`, `date`, `from_id`, `user_id`) VALUES ('50', '2025-01-07 17:40:52', 'N6GZAE', 'SJBNYJ');
INSERT INTO `matrix_filling` (`placement_id`, `downline_id`, `level`, `matrix`) VALUES ('44B9Y4', 'N6GZAE', 3, 1);
UPDATE `bv_updation` SET left_carry = left_carry+50, total_left = total_left+50
WHERE `user_id` = '44B9Y4';
INSERT INTO `placement_bv_update_history` (`left_carry`, `date`, `from_id`, `user_id`) VALUES ('50', '2025-01-07 17:40:52', 'N6GZAE', '44B9Y4');
INSERT INTO `matrix_filling` (`placement_id`, `downline_id`, `level`, `matrix`) VALUES ('admin', 'N6GZAE', 4, 1);
UPDATE `bv_updation` SET right_carry = right_carry+50, total_right = total_right+50
WHERE `user_id` = 'admin';
INSERT INTO `placement_bv_update_history` (`right_carry`, `date`, `from_id`, `user_id`) VALUES ('50', '2025-01-07 17:40:52', 'N6GZAE', 'admin');
INSERT INTO `package_purchase_history` (`user_id`, `package_id`, `reg_fee`, `package_name`, `monthly_fee`, `type`, `date`, `payment_option`) VALUES ('N6GZAE', '2', '595', 'Traveler Pro', '150', 'sign_up', '2025-01-07 17:40:52', 'free');
UPDATE `user_registration` SET `popup_seen` = 'no'
WHERE `user_id` = '4E1CRI';
DELETE FROM `ci_sessions`
WHERE `id` = '6592a0a31f3a7574ee98dd3414bd0564a61e04aa';
INSERT INTO `login_history` (`user_id`, `device`, `ip_address`, `date`) VALUES ('N6GZAE', 'Mozilla/5.0 (Windows NT 10.0; Win64; x64) AppleWebKit/537.36 (KHTML, like Gecko) Chrome/131.0.0.0 Safari/537.36', '172.70.254.232', '25-01-07 17:42');
UPDATE `user_registration` SET `popup_seen` = 'yes'
WHERE `user_id` = 'N6GZAE';
UPDATE `ci_sessions` SET `timestamp` = 1736293823, `data` = '__ci_last_regenerate|i:1736293823;id|s:4:\"2034\";user_id|s:6:\"N6GZAE\";username|s:8:\"Mariposa\";sponsor_id|s:6:\"4E1CRI\";fullname|s:15:\"Yanepsy Jimenez\";email|s:25:\"emiliotapanes+7@gmail.com\";phone|s:10:\"7862876762\";isLogIn|b:1;message|s:23:\"Welcome Yanepsy Jimenez\";__ci_vars|a:1:{s:7:\"message\";s:3:\"old\";}'
WHERE `id` = 'eab6f7413e2f175fc6a3af2b1287823d217489af';
UPDATE `user_registration` SET `popup_seen` = 'no'
WHERE `user_id` = 'N6GZAE';
DELETE FROM `ci_sessions`
WHERE `id` = '299b977c29721ac9b99a5489edaeff2f5e097e42';
INSERT INTO `login_history` (`user_id`, `device`, `ip_address`, `date`) VALUES ('44B9Y4', 'Mozilla/5.0 (Windows NT 10.0; Win64; x64) AppleWebKit/537.36 (KHTML, like Gecko) Chrome/131.0.0.0 Safari/537.36', '108.162.210.128', '25-01-07 17:52');
UPDATE `user_registration` SET `popup_seen` = 'yes'
WHERE `user_id` = '44B9Y4';
UPDATE `user_registration` SET `popup_seen` = 'no'
WHERE `user_id` = '44B9Y4';
DELETE FROM `ci_sessions`
WHERE `id` = '7539662156ac1df659c9b70ac2d6b39864a5337c';
INSERT INTO `login_history` (`user_id`, `device`, `ip_address`, `date`) VALUES ('44B9Y4', 'Mozilla/5.0 (Windows NT 10.0; Win64; x64) AppleWebKit/537.36 (KHTML, like Gecko) Chrome/131.0.0.0 Safari/537.36', '172.69.132.231', '25-01-07 17:53');
UPDATE `user_registration` SET `popup_seen` = 'yes'
WHERE `user_id` = '44B9Y4';
UPDATE `ci_sessions` SET `timestamp` = 1736294422, `data` = '__ci_last_regenerate|i:1736294422;id|s:4:\"2021\";user_id|s:6:\"44B9Y4\";username|s:7:\"Talimbi\";sponsor_id|s:5:\"admin\";fullname|s:14:\"Emilio Tapanes\";email|s:23:\"emiliotapanes@gmail.com\";phone|s:10:\"7862876762\";isLogIn|b:1;'
WHERE `id` = 'c7c615666b028bb3da04a88c0f4998baefdc0f84';
INSERT INTO `add_cart` (`user_id`, `product_id`, `product_name`, `product_amount`, `product_point`, `product_image`, `product_details`, `quantity`, `total_amount`, `country`, `state`, `total_point`, `date`) VALUES ('44B9Y4', '1', 'Visit beautiful Miami 5D/4N', '150', '75', 'upload/reward_image/8554e64c3c18d50953288de013a274ce.png', '<p><span style=\"color:rgb(0,0,0);\">Miami is a dynamic city known for its stunning beaches, vibrant nightlife, and diverse culture. From the art deco charm of South Beach to world-class dining and shopping, Miami offers an unforgettable tropical getaway.</span></p><p><span style=\"color:rgb(0,0,0);\"><strong>3 days / 2 nights</strong></span></p><p><span style=\"color:rgb(0,0,0);\"><strong>Cost: $150</strong></span></p>', 1, 150, '223', '4252', 75, '2025-01-07 18:02:52');
UPDATE `add_cart` SET `quantity` = '1', `total_amount` = 150, `total_point` = 75
WHERE `id` = '17';
DELETE FROM `add_cart`
WHERE `id` = '17';
UPDATE `ci_sessions` SET `timestamp` = 1736294725, `data` = '__ci_last_regenerate|i:1736294725;id|s:4:\"2021\";user_id|s:6:\"44B9Y4\";username|s:7:\"Talimbi\";sponsor_id|s:5:\"admin\";fullname|s:14:\"Emilio Tapanes\";email|s:23:\"emiliotapanes@gmail.com\";phone|s:10:\"7862876762\";isLogIn|b:1;'
WHERE `id` = 'a668fdf287de720f539db4d5a79c1d377f07ed0e';
UPDATE `user_registration` SET `popup_seen` = 'yes'
WHERE `user_id` = '44B9Y4';
UPDATE `ci_sessions` SET `timestamp` = 1736295073, `data` = '__ci_last_regenerate|i:1736295073;id|s:4:\"2021\";user_id|s:6:\"44B9Y4\";username|s:7:\"Talimbi\";sponsor_id|s:5:\"admin\";fullname|s:14:\"Emilio Tapanes\";email|s:23:\"emiliotapanes@gmail.com\";phone|s:10:\"7862876762\";isLogIn|b:1;'
WHERE `id` = 'f15b09913a15a324b2db52f0ff18230e51f80663';
UPDATE `user_registration` SET `popup_seen` = 'yes'
WHERE `user_id` = '44B9Y4';
INSERT INTO `cron_job_history` (`name`, `date_started`, `status`) VALUES ('backup', '2025-01-08 00:00:02', 'started');
UPDATE `cron_job_history` SET `status` = 'done', `date_end` = '2025-01-08 00:00:02'
WHERE `id` = 121;
INSERT INTO `cron_job_history` (`name`, `date_started`, `status`) VALUES ('deduct_sub_amt_from_ewallet', '2025-01-08 00:05:01', 'started');
UPDATE `cron_job_history` SET `status` = 'done', `date_end` = '2025-01-08 00:05:01'
WHERE `id` = 122;
UPDATE `admin` SET `last_login` = '2025-01-08 00:33:58', `ip_address` = '172.68.146.215'
WHERE `id` = '1';
UPDATE `ci_sessions` SET `timestamp` = 1736318311, `data` = '__ci_last_regenerate|i:1736318311;isLogIn|b:1;isAdmin|b:1;id|s:1:\"1\";fullname|s:11:\"admin admin\";user_level|s:5:\"Admin\";email|s:15:\"admin@admin.com\";image|s:53:\"upload/settings/4a1f1b602322adb837a7a3547ee69cf3.jpeg\";last_login|s:19:\"2025-01-05 11:27:10\";last_logout|s:19:\"2025-01-05 10:59:13\";ip_address|s:12:\"172.70.54.68\";'
WHERE `id` = 'c0302c5f35ca643a69c9ab668705234f3b7db433';
UPDATE `setting` SET `setting_id` = '1', `disclaimer_reward_eng` = '<p>disclaimer reward english</p>\r\n', `disclaimer_reward_spa` = '<p>disclaimer reward spanish</p>\r\n', `disclaimer_benifit_eng` = '<p>disclaimer benefits english</p>\r\n', `disclaimer_benifit_spa` = '<p>disclaimer benefits spanish</p>\r\n', `disclaimer_gateways_eng` = '<p>disclaimer gateways english</p>\r\n', `disclaimer_gateways_spa` = '<p>disclaimer gateways spanish</p>\r\n'
WHERE `setting_id` = '1';
UPDATE `setting` SET `setting_id` = '1', `terms_condition_benifit_eng` = '<p>Terms &amp; Conditions Benefits(English)</p>\r\n', `terms_condition_benifit_spa` = '<p>Terms &amp; Conditions Benefits(Spanish)</p>\r\n', `terms_condition_reward_eng` = '<p>Terms &amp; Conditions Rewards(English)</p>\r\n', `terms_condition_reward_spa` = '<p>Terms &amp; Conditions Rewards(Spanish)</p>\r\n', `terms_condition_gateways_eng` = '<p>Terms &amp; Conditions Gateways(English)</p>\r\n', `terms_condition_gateways_spa` = '<p>Terms &amp; Conditions Gateways(Spanish)</p>\r\n'
WHERE `setting_id` = '1';
UPDATE `admin` SET `last_logout` = '2025-01-08 00:39:51'
WHERE `id` = '1';
DELETE FROM `ci_sessions`
WHERE `id` = '7bccbe4a0997c97436f75ef80cf414cd47234745';
UPDATE `ci_sessions` SET `timestamp` = 1736319045, `data` = '__ci_last_regenerate|i:1736319045;exception|s:31:\"Incorrect Username Or Password!\";__ci_vars|a:1:{s:9:\"exception\";s:3:\"old\";}captcha|s:4:\"ccnc\";'
WHERE `id` = '3a09924c22f6cc69c12fef2c412323ce6c5da241';
UPDATE `admin` SET `last_login` = '2025-01-08 00:52:54', `ip_address` = '172.69.131.197'
WHERE `id` = '1';
UPDATE `ci_sessions` SET `timestamp` = 1736319355, `data` = '__ci_last_regenerate|i:1736319355;isLogIn|b:1;isAdmin|b:1;id|s:1:\"1\";fullname|s:11:\"admin admin\";user_level|s:5:\"Admin\";email|s:23:\"admin@travelegendcy.com\";image|s:53:\"upload/settings/4a1f1b602322adb837a7a3547ee69cf3.jpeg\";last_login|s:19:\"2025-01-08 00:33:58\";last_logout|s:19:\"2025-01-08 00:39:51\";ip_address|s:14:\"172.68.146.215\";'
WHERE `id` = '30436cc9b5dc62be3d7c3aee3a66294a95dbadb2';
UPDATE `admin` SET `last_logout` = '2025-01-08 00:56:23'
WHERE `id` = '1';
DELETE FROM `ci_sessions`
WHERE `id` = 'ea9bb1ca484166b6acf4bc01302bfef2a5b66e42';
INSERT INTO `login_history` (`user_id`, `device`, `ip_address`, `date`) VALUES ('admin', 'Mozilla/5.0 (Macintosh; Intel Mac OS X 10_15_7) AppleWebKit/537.36 (KHTML, like Gecko) Chrome/131.0.0.0 Safari/537.36', '162.158.108.92', '25-01-08 00:59');
UPDATE `user_registration` SET `popup_seen` = 'yes'
WHERE `user_id` = 'admin';
UPDATE `ci_sessions` SET `timestamp` = 1736319738, `data` = '__ci_last_regenerate|i:1736319738;id|s:4:\"2019\";user_id|s:5:\"admin\";username|s:5:\"admin\";sponsor_id|s:1:\"0\";fullname|s:11:\"Alex Carrey\";email|s:15:\"admin@admin.com\";phone|s:10:\"1235467892\";isLogIn|b:1;message|s:19:\"Welcome Alex Carrey\";__ci_vars|a:1:{s:7:\"message\";s:3:\"old\";}'
WHERE `id` = 'a6ec4fab92f08f0f51714718a4d7da8c7e6c8bc7';
INSERT INTO `add_cart` (`user_id`, `product_id`, `product_name`, `product_amount`, `product_point`, `product_image`, `product_details`, `quantity`, `total_amount`, `country`, `state`, `total_point`, `date`) VALUES ('admin', '1', 'Visit beautiful Miami 5D/4N', '150', '75', 'upload/reward_image/8554e64c3c18d50953288de013a274ce.png', '<p><span style=\"color:rgb(0,0,0);\">Miami is a dynamic city known for its stunning beaches, vibrant nightlife, and diverse culture. From the art deco charm of South Beach to world-class dining and shopping, Miami offers an unforgettable tropical getaway.</span></p><p><span style=\"color:rgb(0,0,0);\"><strong>3 days / 2 nights</strong></span></p><p><span style=\"color:rgb(0,0,0);\"><strong>Cost: $150</strong></span></p>', 1, 150, '223', '4252', 75, '2025-01-08 01:03:08');
UPDATE `add_cart` SET `quantity` = '1', `total_amount` = 150, `total_point` = 75
WHERE `id` = '18';
DELETE FROM `add_cart`
WHERE `id` = '18';
INSERT INTO `add_cart` (`user_id`, `product_id`, `product_name`, `product_amount`, `product_point`, `product_image`, `product_details`, `quantity`, `total_amount`, `country`, `state`, `total_point`, `date`) VALUES ('admin', '1', 'Visit beautiful Miami 5D/4N', '150', '75', 'upload/reward_image/8554e64c3c18d50953288de013a274ce.png', '<p><span style=\"color:rgb(0,0,0);\">Miami is a dynamic city known for its stunning beaches, vibrant nightlife, and diverse culture. From the art deco charm of South Beach to world-class dining and shopping, Miami offers an unforgettable tropical getaway.</span></p><p><span style=\"color:rgb(0,0,0);\"><strong>3 days / 2 nights</strong></span></p><p><span style=\"color:rgb(0,0,0);\"><strong>Cost: $150</strong></span></p>', 1, 150, '223', '4252', 75, '2025-01-08 01:05:15');
UPDATE `add_cart` SET `quantity` = '1', `total_amount` = 150, `total_point` = 75
WHERE `id` = '19';
UPDATE `ci_sessions` SET `timestamp` = 1736320275, `data` = '__ci_last_regenerate|i:1736320275;id|s:4:\"2019\";user_id|s:5:\"admin\";username|s:5:\"admin\";sponsor_id|s:1:\"0\";fullname|s:11:\"Alex Carrey\";email|s:15:\"admin@admin.com\";phone|s:10:\"1235467892\";isLogIn|b:1;'
WHERE `id` = '8a9573f181e0c5c7370b934d35d372307a735d54';
INSERT INTO `login_history` (`user_id`, `device`, `ip_address`, `date`) VALUES ('35H9RV', 'Mozilla/5.0 (Windows NT 10.0; Win64; x64) AppleWebKit/537.36 (KHTML, like Gecko) Chrome/131.0.0.0 Safari/537.36', '172.68.147.155', '25-01-08 05:06');
UPDATE `user_registration` SET `popup_seen` = 'yes'
WHERE `user_id` = '35H9RV';
INSERT INTO `login_history` (`user_id`, `device`, `ip_address`, `date`) VALUES ('H2HQC8', 'Mozilla/5.0 (Windows NT 10.0; Win64; x64) AppleWebKit/537.36 (KHTML, like Gecko) Chrome/131.0.0.0 Safari/537.36 Edg/131.0.0.0', '108.162.210.121', '25-01-08 10:30');
UPDATE `user_registration` SET `popup_seen` = 'yes'
WHERE `user_id` = 'H2HQC8';
UPDATE `user_registration` SET `popup_seen` = 'yes'
WHERE `user_id` = 'H2HQC8';
UPDATE `ci_sessions` SET `timestamp` = 1736354009, `data` = '__ci_last_regenerate|i:1736354009;id|s:4:\"2026\";user_id|s:6:\"H2HQC8\";username|s:4:\"Roma\";sponsor_id|s:6:\"45E8V2\";fullname|s:16:\"Yordanis Fuentes\";email|s:25:\"emiliotapanes+4@gmail.com\";phone|s:10:\"7862876762\";isLogIn|b:1;'
WHERE `id` = '8549049b655c734e55240a9e250008b4613d1a68';
UPDATE `user_registration` SET `popup_seen` = 'no'
WHERE `user_id` = 'H2HQC8';
DELETE FROM `ci_sessions`
WHERE `id` = '837fe19bdb43f73aa05d259093ae106cea39c191';
INSERT INTO `login_history` (`user_id`, `device`, `ip_address`, `date`) VALUES ('admin', 'Mozilla/5.0 (Windows NT 10.0; Win64; x64) AppleWebKit/537.36 (KHTML, like Gecko) Chrome/131.0.0.0 Safari/537.36', '108.162.210.116', '25-01-08 19:29');
UPDATE `user_registration` SET `popup_seen` = 'yes'
WHERE `user_id` = 'admin';
UPDATE `user_registration` SET `popup_seen` = 'yes'
WHERE `user_id` = 'admin';
UPDATE `ci_sessions` SET `timestamp` = 1736386457, `data` = '__ci_last_regenerate|i:1736386457;id|s:4:\"2019\";user_id|s:5:\"admin\";username|s:5:\"admin\";sponsor_id|s:1:\"0\";fullname|s:11:\"Alex Carrey\";email|s:15:\"admin@admin.com\";phone|s:10:\"1235467892\";isLogIn|b:1;'
WHERE `id` = 'faf39ba60c194664869bb5061a57f1c6759a161b';
UPDATE `add_cart` SET quantity = quantity + 1, total_amount = total_amount + 150, total_point = total_point + 75
WHERE `user_id` = 'admin'
AND `product_id` = '1';
UPDATE `add_cart` SET `quantity` = '1', `total_amount` = 150, `total_point` = 75
WHERE `id` = '19';
UPDATE `ci_sessions` SET `timestamp` = 1736386758, `data` = '__ci_last_regenerate|i:1736386758;id|s:4:\"2019\";user_id|s:5:\"admin\";username|s:5:\"admin\";sponsor_id|s:1:\"0\";fullname|s:11:\"Alex Carrey\";email|s:15:\"admin@admin.com\";phone|s:10:\"1235467892\";isLogIn|b:1;'
WHERE `id` = 'af8061202bb2986e7659eff53a5eb4f902ddaa2c';
UPDATE `add_cart` SET `quantity` = '1', `total_amount` = 150, `total_point` = 75
WHERE `id` = '19';
UPDATE `user_registration` SET `language` = 'spanish'
WHERE `user_id` = 'admin';
UPDATE `ci_sessions` SET `timestamp` = 1736387160, `data` = '__ci_last_regenerate|i:1736387160;id|s:4:\"2019\";user_id|s:5:\"admin\";username|s:5:\"admin\";sponsor_id|s:1:\"0\";fullname|s:11:\"Alex Carrey\";email|s:15:\"admin@admin.com\";phone|s:10:\"1235467892\";isLogIn|b:1;'
WHERE `id` = '03b165bb3546bc9d58dd8c577a7ac0209ca874ae';
UPDATE `user_registration` SET `language` = 'english'
WHERE `user_id` = 'admin';
UPDATE `ci_sessions` SET `timestamp` = 1736389728, `data` = '__ci_last_regenerate|i:1736389728;id|s:4:\"2019\";user_id|s:5:\"admin\";username|s:5:\"admin\";sponsor_id|s:1:\"0\";fullname|s:11:\"Alex Carrey\";email|s:15:\"admin@admin.com\";phone|s:10:\"1235467892\";isLogIn|b:1;'
WHERE `id` = '02bb36519c04929df4e9abbbd60f847cd9c6b4f5';
UPDATE `admin` SET `last_login` = '2025-01-08 20:48:20', `ip_address` = '172.70.83.11'
WHERE `id` = '1';
INSERT INTO `login_history` (`user_id`, `device`, `ip_address`, `date`) VALUES ('admin', 'Mozilla/5.0 (Windows NT 10.0; Win64; x64) AppleWebKit/537.36 (KHTML, like Gecko) Chrome/89.0.4389.114 Safari/537.36 Edg/89.0.774.68', '108.162.210.239', '25-01-08 20:49');
UPDATE `user_registration` SET `popup_seen` = 'yes'
WHERE `user_id` = 'admin';
UPDATE `ci_sessions` SET `timestamp` = 1736391138, `data` = '__ci_last_regenerate|i:1736391138;isLogIn|b:1;isAdmin|b:1;id|s:1:\"1\";fullname|s:11:\"admin admin\";user_level|s:5:\"Admin\";email|s:23:\"admin@travelegendcy.com\";image|s:53:\"upload/settings/4a1f1b602322adb837a7a3547ee69cf3.jpeg\";last_login|s:19:\"2025-01-08 00:52:54\";last_logout|s:19:\"2025-01-08 00:56:23\";ip_address|s:14:\"172.69.131.197\";message|s:25:\"Welcome back  admin admin\";__ci_vars|a:1:{s:7:\"message\";s:3:\"old\";}'
WHERE `id` = '148782a3f5906ac026e0f69ad8c32ff4c73305a7';
INSERT INTO `membership_benefits` (`package_id`, `title`, `cost`, `value`, `points`, `details`, `phone`, `address`, `category`, `status`, `date`, `image`) VALUES ('', 'Test Benefir', '10', '100', '0', '<p>Please do not interact with this item</p>', NULL, NULL, 'travel', 1, '2025-01-08 20:55:11', NULL);
INSERT INTO `memb_benefits_pack_country` (`package_id`, `country`, `state`, `image`) VALUES (15, '223', '4301', 'upload/benefits_pack_image/0819c293f6655b5373f3826d97bbf9a0.png');
UPDATE `membership_benefits` SET `image` = 'upload/benefits_pack_image/0819c293f6655b5373f3826d97bbf9a0.png'
WHERE `package_id` = 15;
UPDATE `ci_sessions` SET `timestamp` = 1736391316, `data` = '__ci_last_regenerate|i:1736391316;id|s:4:\"2019\";user_id|s:5:\"admin\";username|s:5:\"admin\";sponsor_id|s:1:\"0\";fullname|s:11:\"Alex Carrey\";email|s:15:\"admin@admin.com\";phone|s:10:\"1235467892\";isLogIn|b:1;'
WHERE `id` = '26309f8c09278fc6611e15b7c9a87d34c547f092';
INSERT INTO `top_member_rewards` (`package_id`, `title`, `cost`, `value`, `points`, `details`, `phone`, `address`, `category`, `status`, `date`, `image`) VALUES ('', 'Test Benefit', '10', '100', '0', '<p>Please do not interact with this item</p>', NULL, NULL, 'travel', 1, '2025-01-08 20:57:00', NULL);
INSERT INTO `top_memb_reward_country` (`package_id`, `country`, `state`, `image`) VALUES (3, '223', '4301', 'upload/benefits_pack_image/0819c293f6655b5373f3826d97bbf9a0.png');
UPDATE `user_registration` SET `popup_seen` = 'yes'
WHERE `user_id` = 'admin';
UPDATE `user_registration` SET `popup_seen` = 'yes'
WHERE `user_id` = 'admin';
DELETE FROM `add_cart`
WHERE `id` = '19';
UPDATE `ci_sessions` SET `timestamp` = 1736391862, `data` = '__ci_last_regenerate|i:1736391862;id|s:4:\"2019\";user_id|s:5:\"admin\";username|s:5:\"admin\";sponsor_id|s:1:\"0\";fullname|s:11:\"Alex Carrey\";email|s:15:\"admin@admin.com\";phone|s:10:\"1235467892\";isLogIn|b:1;'
WHERE `id` = '12ec95cf4a5f886b0a8b3b8216a0cf1afcb46c6f';
UPDATE `ci_sessions` SET `timestamp` = 1736392176, `data` = '__ci_last_regenerate|i:1736392176;id|s:4:\"2019\";user_id|s:5:\"admin\";username|s:5:\"admin\";sponsor_id|s:1:\"0\";fullname|s:11:\"Alex Carrey\";email|s:15:\"admin@admin.com\";phone|s:10:\"1235467892\";isLogIn|b:1;'
WHERE `id` = 'bda13b214b1aae8ced0a7cdb2c947e1b700e87c7';
UPDATE `ci_sessions` SET `timestamp` = 1736392567, `data` = '__ci_last_regenerate|i:1736392567;id|s:4:\"2019\";user_id|s:5:\"admin\";username|s:5:\"admin\";sponsor_id|s:1:\"0\";fullname|s:11:\"Alex Carrey\";email|s:15:\"admin@admin.com\";phone|s:10:\"1235467892\";isLogIn|b:1;'
WHERE `id` = '21f7503fd34e9676cd01dfe42e65c03803e7a6ca';
UPDATE `user_registration` SET `popup_seen` = 'yes'
WHERE `user_id` = 'admin';
UPDATE `ci_sessions` SET `timestamp` = 1736392714, `data` = '__ci_last_regenerate|i:1736392714;isLogIn|b:1;isAdmin|b:1;id|s:1:\"1\";fullname|s:11:\"admin admin\";user_level|s:5:\"Admin\";email|s:23:\"admin@travelegendcy.com\";image|s:53:\"upload/settings/4a1f1b602322adb837a7a3547ee69cf3.jpeg\";last_login|s:19:\"2025-01-08 00:52:54\";last_logout|s:19:\"2025-01-08 00:56:23\";ip_address|s:14:\"172.69.131.197\";message|s:18:\"Save Successfully!\";__ci_vars|a:1:{s:7:\"message\";s:3:\"old\";}'
WHERE `id` = 'acc8a3f632c6bbc040e355588c24df1e24bad747';
INSERT INTO `reward` (`reward_id`, `reward_name`, `reward_amount`, `reward_value`, `reward_points`, `reward_details`, `phone`, `address`, `category`, `status`, `date`, `reward_image`) VALUES ('', 'Test Reward', '10', '100', '0', '<p>Please do not interact with this item.</p>', NULL, NULL, 'travel', 1, '2025-01-08 21:19:04', NULL);
INSERT INTO `reward_country` (`reward_id`, `country`, `state`, `image`) VALUES (14, '223', '4301', 'upload/benefits_pack_image/0819c293f6655b5373f3826d97bbf9a0.png');
UPDATE `reward` SET `reward_image` = 'upload/benefits_pack_image/0819c293f6655b5373f3826d97bbf9a0.png'
WHERE `reward_id` = 14;
UPDATE `ci_sessions` SET `timestamp` = 1736392921, `data` = '__ci_last_regenerate|i:1736392921;id|s:4:\"2019\";user_id|s:5:\"admin\";username|s:5:\"admin\";sponsor_id|s:1:\"0\";fullname|s:11:\"Alex Carrey\";email|s:15:\"admin@admin.com\";phone|s:10:\"1235467892\";isLogIn|b:1;'
WHERE `id` = '6f4ec35469f2a1635b0e2db79f90d755dd29a546';
INSERT INTO `add_cart` (`user_id`, `product_id`, `product_name`, `product_amount`, `product_point`, `product_image`, `product_details`, `quantity`, `total_amount`, `country`, `state`, `total_point`, `date`) VALUES ('admin', '1', 'Visit beautiful Miami 5D/4N', '150', '75', 'upload/reward_image/8554e64c3c18d50953288de013a274ce.png', '<p><span style=\"color:rgb(0,0,0);\">Miami is a dynamic city known for its stunning beaches, vibrant nightlife, and diverse culture. From the art deco charm of South Beach to world-class dining and shopping, Miami offers an unforgettable tropical getaway.</span></p><p><span style=\"color:rgb(0,0,0);\"><strong>3 days / 2 nights</strong></span></p><p><span style=\"color:rgb(0,0,0);\"><strong>Cost: $150</strong></span></p>', 1, 150, '', '', 75, '2025-01-08 21:22:05');
UPDATE `add_cart` SET `quantity` = '1', `total_amount` = 150, `total_point` = 75
WHERE `id` = '20';
UPDATE `ci_sessions` SET `timestamp` = 1736393230, `data` = '__ci_last_regenerate|i:1736393230;id|s:4:\"2019\";user_id|s:5:\"admin\";username|s:5:\"admin\";sponsor_id|s:1:\"0\";fullname|s:11:\"Alex Carrey\";email|s:15:\"admin@admin.com\";phone|s:10:\"1235467892\";isLogIn|b:1;'
WHERE `id` = '2f85f1ac05af63348c5e67d5b6017af8282b79d4';
UPDATE `ci_sessions` SET `timestamp` = 1736393293, `data` = '__ci_last_regenerate|i:1736393293;isLogIn|b:1;isAdmin|b:1;id|s:1:\"1\";fullname|s:11:\"admin admin\";user_level|s:5:\"Admin\";email|s:23:\"admin@travelegendcy.com\";image|s:53:\"upload/settings/4a1f1b602322adb837a7a3547ee69cf3.jpeg\";last_login|s:19:\"2025-01-08 00:52:54\";last_logout|s:19:\"2025-01-08 00:56:23\";ip_address|s:14:\"172.69.131.197\";message|s:18:\"Save Successfully!\";__ci_vars|a:1:{s:7:\"message\";s:3:\"old\";}'
WHERE `id` = '3d8a1817ff179fc297f6c6a3b5007e2093c136a5';
UPDATE `benefits_package` SET `package_id` = '2', `package_title` = 'Best Deals and Discount', `description` = '<p>Unlock the best life has to offer with exclusive savings on: Theme Parks, Attractions and Shows; Hotels, Flights and Rental Cars; Concerts, Sports and Live Events; Movie Tickets; Electronics and much more.</p><p>Elevate your upcoming journey with an expanded suite of travel benefits, including flights, hotels, rental cars and vacation packages.</p><p>Use TRAVELEGENCY as Joining Code.</p>', `category` = 'platform', `link` = 'https://www.workingadvantage.com/', `phone` = 'N/A', `address` = 'N/A', `cost` = '0', `pack_image` = 'upload/benefits_pack_image/f34030936efcb496b6c6e9d96a98ced9.png'
WHERE `package_id` = '2';
UPDATE `user_registration` SET `popup_seen` = 'yes'
WHERE `user_id` = 'admin';
UPDATE `user_registration` SET `language` = 'spanish'
WHERE `user_id` = 'admin';
UPDATE `user_registration` SET `language` = 'english'
WHERE `user_id` = 'admin';
INSERT INTO `login_history` (`user_id`, `device`, `ip_address`, `date`) VALUES ('44B9Y4', 'Mozilla/5.0 (Windows NT 10.0; Win64; x64) AppleWebKit/537.36 (KHTML, like Gecko) Chrome/131.0.0.0 Safari/537.36', '172.69.132.224', '25-01-08 21:38');
UPDATE `user_registration` SET `popup_seen` = 'yes'
WHERE `user_id` = '44B9Y4';
UPDATE `ci_sessions` SET `timestamp` = 1736394256, `data` = '__ci_last_regenerate|i:1736394256;id|s:4:\"2021\";user_id|s:6:\"44B9Y4\";username|s:7:\"Talimbi\";sponsor_id|s:5:\"admin\";fullname|s:14:\"Emilio Tapanes\";email|s:23:\"emiliotapanes@gmail.com\";phone|s:10:\"7862876762\";isLogIn|b:1;'
WHERE `id` = '36c5c3d5f4b511e591792a9bf1ac5f589f9fc3ad';
UPDATE `user_registration` SET `popup_seen` = 'yes'
WHERE `user_id` = '44B9Y4';
UPDATE `ci_sessions` SET `timestamp` = 1736396953, `data` = '__ci_last_regenerate|i:1736396953;captcha|s:4:\"9tjv\";'
WHERE `id` = 'bb54e6a637a54316d9be2239752e1ced1ace1309';
INSERT INTO `login_history` (`user_id`, `device`, `ip_address`, `date`) VALUES ('admin', 'Mozilla/5.0 (Macintosh; Intel Mac OS X 10_15_7) AppleWebKit/537.36 (KHTML, like Gecko) Chrome/131.0.0.0 Safari/537.36', '172.69.179.235', '25-01-08 22:29');
UPDATE `user_registration` SET `popup_seen` = 'yes'
WHERE `user_id` = 'admin';
INSERT INTO `cron_job_history` (`name`, `date_started`, `status`) VALUES ('backup', '2025-01-09 00:00:01', 'started');
UPDATE `cron_job_history` SET `status` = 'done', `date_end` = '2025-01-09 00:00:01'
WHERE `id` = 123;
INSERT INTO `cron_job_history` (`name`, `date_started`, `status`) VALUES ('deduct_sub_amt_from_ewallet', '2025-01-09 00:05:01', 'started');
UPDATE `cron_job_history` SET `status` = 'done', `date_end` = '2025-01-09 00:05:01'
WHERE `id` = 124;
INSERT INTO `login_history` (`user_id`, `device`, `ip_address`, `date`) VALUES ('admin', 'Mozilla/5.0 (Windows NT 10.0; Win64; x64) AppleWebKit/537.36 (KHTML, like Gecko) Chrome/131.0.0.0 Safari/537.36', '172.69.95.217', '25-01-09 04:03');
UPDATE `user_registration` SET `popup_seen` = 'yes'
WHERE `user_id` = 'admin';
UPDATE `ci_sessions` SET `timestamp` = 1736419253, `data` = '__ci_last_regenerate|i:1736419253;id|s:4:\"2019\";user_id|s:5:\"admin\";username|s:5:\"admin\";sponsor_id|s:1:\"0\";fullname|s:11:\"Alex Carrey\";email|s:15:\"admin@admin.com\";phone|s:10:\"1235467892\";isLogIn|b:1;'
WHERE `id` = '847de7a6881296dbc1020d107b6ada3cbf56cbdb';
UPDATE `user_registration` SET `popup_seen` = 'yes'
WHERE `user_id` = 'admin';
UPDATE `add_cart` SET `quantity` = '1', `total_amount` = 150, `total_point` = 75
WHERE `id` = '20';
UPDATE `user_registration` SET `popup_seen` = 'yes'
WHERE `user_id` = 'admin';
UPDATE `ci_sessions` SET `timestamp` = 1736420545, `data` = '__ci_last_regenerate|i:1736420545;id|s:4:\"2019\";user_id|s:5:\"admin\";username|s:5:\"admin\";sponsor_id|s:1:\"0\";fullname|s:11:\"Alex Carrey\";email|s:15:\"admin@admin.com\";phone|s:10:\"1235467892\";isLogIn|b:1;'
WHERE `id` = 'a9cf6c9e4e1bb936656742af7f1faca24eb94f7a';
UPDATE `ci_sessions` SET `timestamp` = 1736422608, `data` = '__ci_last_regenerate|i:1736422608;id|s:4:\"2019\";user_id|s:5:\"admin\";username|s:5:\"admin\";sponsor_id|s:1:\"0\";fullname|s:11:\"Alex Carrey\";email|s:15:\"admin@admin.com\";phone|s:10:\"1235467892\";isLogIn|b:1;'
WHERE `id` = 'd383d948ee5909006f53add4446ed3c9c3fba2c3';
UPDATE `user_registration` SET `popup_seen` = 'yes'
WHERE `user_id` = 'admin';
UPDATE `user_registration` SET `popup_seen` = 'yes'
WHERE `user_id` = 'admin';
UPDATE `user_registration` SET `popup_seen` = 'yes'
WHERE `user_id` = 'admin';
UPDATE `user_registration` SET `popup_seen` = 'yes'
WHERE `user_id` = 'admin';
UPDATE `ci_sessions` SET `timestamp` = 1736422942, `data` = '__ci_last_regenerate|i:1736422942;id|s:4:\"2019\";user_id|s:5:\"admin\";username|s:5:\"admin\";sponsor_id|s:1:\"0\";fullname|s:11:\"Alex Carrey\";email|s:15:\"admin@admin.com\";phone|s:10:\"1235467892\";isLogIn|b:1;'
WHERE `id` = '232de79e9f0eb7d8999192ad68c4622ad8f355ba';
UPDATE `user_registration` SET `popup_seen` = 'yes'
WHERE `user_id` = 'admin';
UPDATE `user_registration` SET `popup_seen` = 'yes'
WHERE `user_id` = 'admin';
UPDATE `user_registration` SET `popup_seen` = 'yes'
WHERE `user_id` = 'admin';
UPDATE `ci_sessions` SET `timestamp` = 1736423495, `data` = '__ci_last_regenerate|i:1736423495;id|s:4:\"2019\";user_id|s:5:\"admin\";username|s:5:\"admin\";sponsor_id|s:1:\"0\";fullname|s:11:\"Alex Carrey\";email|s:15:\"admin@admin.com\";phone|s:10:\"1235467892\";isLogIn|b:1;'
WHERE `id` = 'cb2c30fd5ec71cb6949f5ce24012b158d48f5c84';
UPDATE `user_registration` SET `popup_seen` = 'yes'
WHERE `user_id` = 'admin';
INSERT INTO `login_history` (`user_id`, `device`, `ip_address`, `date`) VALUES ('admin', 'Mozilla/5.0 (Windows NT 10.0; Win64; x64) AppleWebKit/537.36 (KHTML, like Gecko) Chrome/131.0.0.0 Safari/537.36', '108.162.212.161', '25-01-09 14:19');
UPDATE `user_registration` SET `popup_seen` = 'yes'
WHERE `user_id` = 'admin';
UPDATE `user_registration` SET `popup_seen` = 'yes'
WHERE `user_id` = 'admin';
UPDATE `ci_sessions` SET `timestamp` = 1736454960, `data` = '__ci_last_regenerate|i:1736454960;id|s:4:\"2019\";user_id|s:5:\"admin\";username|s:5:\"admin\";sponsor_id|s:1:\"0\";fullname|s:11:\"Alex Carrey\";email|s:15:\"admin@admin.com\";phone|s:10:\"1235467892\";isLogIn|b:1;'
WHERE `id` = '88d5c8e817b23fffa4fea5782442185ad7448d81';
UPDATE `ci_sessions` SET `timestamp` = 1736455419, `data` = '__ci_last_regenerate|i:1736455419;id|s:4:\"2019\";user_id|s:5:\"admin\";username|s:5:\"admin\";sponsor_id|s:1:\"0\";fullname|s:11:\"Alex Carrey\";email|s:15:\"admin@admin.com\";phone|s:10:\"1235467892\";isLogIn|b:1;'
WHERE `id` = '13ca74813b882fadc35e79b568fa73b332fa1aa9';
UPDATE `user_registration` SET `popup_seen` = 'no'
WHERE `user_id` = 'admin';
DELETE FROM `ci_sessions`
WHERE `id` = 'b24b2abf76534b3f90f206c8bc8dcf830e495891';
UPDATE `admin` SET `last_login` = '2025-01-09 14:45:25', `ip_address` = '172.70.255.78'
WHERE `id` = '1';
INSERT INTO `login_history` (`user_id`, `device`, `ip_address`, `date`) VALUES ('admin', 'Mozilla/5.0 (Windows NT 10.0; Win64; x64) AppleWebKit/537.36 (KHTML, like Gecko) Chrome/131.0.0.0 Safari/537.36', '172.70.83.11', '25-01-09 14:48');
UPDATE `user_registration` SET `popup_seen` = 'yes'
WHERE `user_id` = 'admin';
UPDATE `ci_sessions` SET `timestamp` = 1736455757, `data` = '__ci_last_regenerate|i:1736455757;isLogIn|b:1;isAdmin|b:1;id|s:1:\"1\";fullname|s:11:\"admin admin\";user_level|s:5:\"Admin\";email|s:23:\"admin@travelegendcy.com\";image|s:53:\"upload/settings/4a1f1b602322adb837a7a3547ee69cf3.jpeg\";last_login|s:19:\"2025-01-08 20:48:20\";last_logout|s:19:\"2025-01-08 00:56:23\";ip_address|s:12:\"172.70.83.11\";message|s:25:\"Welcome back  admin admin\";__ci_vars|a:1:{s:7:\"message\";s:3:\"old\";}'
WHERE `id` = '234973bb8ed3588a300576721c7fd338ca31a35d';
UPDATE `setting` SET `setting_id` = '1', `disclaimer_reward_eng` = '<p>The above information must belong to the traveler. Once the travel certificate is issued, no modifications or refunds will be allowed. After the certificate is submitted, all communication will be handled directly with the provider.</p>\r\n', `disclaimer_reward_spa` = '<p>La informaci&oacute;n anterior debe pertenecer al viajero. Una vez emitido el certificado de viaje, no se permitir&aacute;n modificaciones ni reembolsos. Despu&eacute;s de enviar el certificado, toda la comunicaci&oacute;n se manejar&aacute; directamente con el proveedor.</p>\r\n', `disclaimer_benifit_eng` = '<p>The above information must belong to the traveler. Once the travel certificate is issued, no modifications or refunds will be allowed. After the certificate is submitted, all communication will be handled directly with the provider.</p>\r\n', `disclaimer_benifit_spa` = '<p>La informaci&oacute;n anterior debe pertenecer al viajero. Una vez emitido el certificado de viaje, no se permitir&aacute;n modificaciones ni reembolsos. Despu&eacute;s de enviar el certificado, toda la comunicaci&oacute;n se manejar&aacute; directamente con el proveedor.</p>\r\n', `disclaimer_gateways_eng` = '<p>The above information must belong to the traveler. Once the travel certificate is issued, no modifications or refunds will be allowed. After the certificate is submitted, all communication will be handled directly with the provider.</p>\r\n', `disclaimer_gateways_spa` = '<p>La informaci&oacute;n anterior debe pertenecer al viajero. Una vez emitido el certificado de viaje, no se permitir&aacute;n modificaciones ni reembolsos. Despu&eacute;s de enviar el certificado, toda la comunicaci&oacute;n se manejar&aacute; directamente con el proveedor.</p>\r\n'
WHERE `setting_id` = '1';
UPDATE `ci_sessions` SET `timestamp` = 1736456059, `data` = '__ci_last_regenerate|i:1736456059;id|s:4:\"2019\";user_id|s:5:\"admin\";username|s:5:\"admin\";sponsor_id|s:1:\"0\";fullname|s:11:\"Alex Carrey\";email|s:15:\"admin@admin.com\";phone|s:10:\"1235467892\";isLogIn|b:1;'
WHERE `id` = 'a8f42f20e9f27c61bfac93989960ab2a99323fef';
UPDATE `ci_sessions` SET `timestamp` = 1736456088, `data` = '__ci_last_regenerate|i:1736456088;isLogIn|b:1;isAdmin|b:1;id|s:1:\"1\";fullname|s:11:\"admin admin\";user_level|s:5:\"Admin\";email|s:23:\"admin@travelegendcy.com\";image|s:53:\"upload/settings/4a1f1b602322adb837a7a3547ee69cf3.jpeg\";last_login|s:19:\"2025-01-08 20:48:20\";last_logout|s:19:\"2025-01-08 00:56:23\";ip_address|s:12:\"172.70.83.11\";message|s:20:\"Update Successfully!\";__ci_vars|a:1:{s:7:\"message\";s:3:\"old\";}'
WHERE `id` = 'af3a9fc15f4513766758af2a2d1873af0a909126';
UPDATE `setting` SET `setting_id` = '1', `terms_condition_benifit_eng` = '<h3><strong>TRAVEL TERMS AND CONDITIONS</strong></h3>\r\n\r\n<p>There are no timeshare presentations or other obligations required to redeem this vacation incentive. Activation is completed online by prepaying the associated hotel taxes and fees. Once activated, you can log in, search for participating resorts or hotels, and select your preferred travel dates.</p>\r\n\r\n<p>The expiration date indicated on this incentive applies to the redemption or activation process, not the travel itself. The incentive must be activated within seven days of receipt. Travel must be completed within 18 months of activation. This offer cannot be combined with any other hotel stay or promotional vacation offers.</p>\r\n\r\n<p><strong>Group Travel Restrictions</strong><br />\r\nOnly one incentive per household and per resort or hotel is permitted. Groups, including family, friends, acquaintances, or other associated parties traveling on the same or overlapping dates, are not eligible to redeem multiple incentives. Additional costs may apply for group travel scenarios.</p>\r\n\r\n<p><strong>Room Occupancy Guidelines</strong><br />\r\nThe incentive includes accommodations for a maximum of two adults, with at least one occupant aged 21 or older. This offer is tailored for singles or couples. Additional charges may apply for extra adults or children.</p>\r\n\r\n<p><strong>Terms of Use</strong><br />\r\nThis incentive becomes void if sold, traded, or purchased. Activation requires a valid government-issued ID and a major credit or debit card (Visa, Mastercard, or American Express). The recipient will receive complimentary hotel accommodation at a retail value of up to $350 USD per night but is responsible for other expenses, including but not limited to airfare, transfers, food, beverages, gratuities, resort fees, and other personal expenses. Resort fees, where applicable, vary by destination and are payable directly to the resort.</p>\r\n\r\n<p><strong>Booking and Travel Restrictions</strong><br />\r\nReservations must be made at least 30 days in advance and are subject to availability. Major holidays and special events at resorts are excluded. To maximize availability, Sunday through Thursday check-ins are recommended. Weekend and peak season dates may incur additional surcharges.</p>\r\n\r\n<p>This activation is final, non-refundable, and non-transferable. Travel must be completed within the allotted time frame, and once dates are confirmed, no changes are permitted. Cancellations or no-shows will result in the forfeiture of all fees paid.</p>\r\n\r\n<p><strong>Geographic Restrictions</strong><br />\r\nRecipients must reside at least 100 miles (160 kilometers) from the destination resort or select an alternative destination from the available options.</p>\r\n\r\n<p><strong>General Terms</strong><br />\r\nThis incentive has no cash value and is void where prohibited by law. The terms and conditions are subject to change without notice. In the event of limited availability, equivalent accommodations may be offered with prior approval from the incentive holder. Room configurations and types are subject to availability upon check-in unless a pre-paid upgrade has been selected.</p>\r\n\r\n<p>Only representations included in these terms and conditions should be considered valid. Recipients of multiple incentives may only redeem one per household or individual every 12 months. Travel to the same destination may only be redeemed once per lifetime per household or individual.</p>\r\n\r\n<p>To redeem, activate the incentive online and follow the instructions to select your destination, participating resorts or hotels, and preferred travel dates.</p>\r\n', `terms_condition_benifit_spa` = '<h3><strong>T&Eacute;RMINOS Y CONDICIONES DE VIAJE</strong></h3>\r\n\r\n<p>No se requiere asistir a presentaciones de tiempo compartido ni cumplir con otras obligaciones para redimir este incentivo vacacional. La activaci&oacute;n se realiza en l&iacute;nea mediante el pago por adelantado de los impuestos y tasas asociados con el hotel. Una vez activado, puedes iniciar sesi&oacute;n, buscar los resorts u hoteles participantes y seleccionar tus fechas de viaje preferidas.</p>\r\n\r\n<p>La fecha de vencimiento indicada en este incentivo se refiere &uacute;nicamente al proceso de redenci&oacute;n o activaci&oacute;n, no al viaje en s&iacute;. El incentivo debe activarse dentro de los siete d&iacute;as posteriores a su recepci&oacute;n. El viaje debe completarse dentro de los 18 meses posteriores a la activaci&oacute;n. Esta oferta no puede combinarse con otras estancias de hotel ni promociones vacacionales.</p>\r\n\r\n<p><strong>Restricciones para Viajes en Grupo</strong><br />\r\nSolo se permite un incentivo por hogar y por resort u hotel. Los grupos, incluidas familias, amigos, conocidos u otros asociados que viajen en las mismas fechas o en fechas que se superpongan, no son elegibles para redimir m&uacute;ltiples incentivos. Pueden aplicarse costos adicionales en escenarios de viaje grupal.</p>\r\n\r\n<p><strong>Directrices para Ocupaci&oacute;n de Habitaciones</strong><br />\r\nEl incentivo incluye alojamiento para un m&aacute;ximo de dos adultos, y al menos uno de ellos debe tener 21 a&ntilde;os o m&aacute;s. Esta oferta est&aacute; dise&ntilde;ada para personas solteras o parejas. Pueden aplicarse cargos adicionales por adultos o ni&ntilde;os adicionales.</p>\r\n\r\n<p><strong>T&eacute;rminos de Uso</strong><br />\r\nEste incentivo ser&aacute; considerado inv&aacute;lido si se vende, intercambia o compra. La activaci&oacute;n requiere una identificaci&oacute;n oficial v&aacute;lida y una tarjeta de cr&eacute;dito o d&eacute;bito (Visa, Mastercard o American Express). El beneficiario recibir&aacute; alojamiento gratuito en un hotel, con un valor de hasta 350 USD por noche, pero ser&aacute; responsable de otros gastos, como transporte a&eacute;reo, traslados, alimentos, bebidas, propinas, tasas del resort y otros gastos personales. Las tasas del resort, si aplican, var&iacute;an seg&uacute;n el destino y se pagan directamente al hotel.</p>\r\n\r\n<p><strong>Restricciones de Reserva y Viaje</strong><br />\r\nLas reservas deben realizarse con al menos 30 d&iacute;as de antelaci&oacute;n y est&aacute;n sujetas a disponibilidad. No se incluyen d&iacute;as festivos importantes ni eventos especiales en los resorts. Para maximizar la disponibilidad, se recomienda realizar el check-in de domingo a jueves. Las fechas de fin de semana y temporada alta pueden tener recargos adicionales.</p>\r\n\r\n<p>Esta activaci&oacute;n es final, no reembolsable y no transferible. El viaje debe completarse dentro del per&iacute;odo asignado y, una vez confirmadas las fechas, no se permiten cambios. Las cancelaciones o ausencias resultar&aacute;n en la p&eacute;rdida de las tarifas pagadas.</p>\r\n\r\n<p><strong>Restricciones Geogr&aacute;ficas</strong><br />\r\nLos beneficiarios deben residir al menos a 100 millas (160 kil&oacute;metros) del resort de destino o elegir una opci&oacute;n de destino alternativa entre las disponibles.</p>\r\n\r\n<p><strong>T&eacute;rminos Generales</strong><br />\r\nEste incentivo no tiene valor en efectivo y ser&aacute; inv&aacute;lido donde la ley lo proh&iacute;ba. Los t&eacute;rminos y condiciones est&aacute;n sujetos a cambios sin previo aviso. En caso de disponibilidad limitada, se pueden ofrecer alojamientos equivalentes con la aprobaci&oacute;n previa del titular del incentivo. La configuraci&oacute;n de camas y el tipo de habitaci&oacute;n est&aacute;n sujetos a disponibilidad al momento del check-in, a menos que se haya seleccionado y pagado previamente una mejora.</p>\r\n\r\n<p>Solo se deben considerar v&aacute;lidas las representaciones incluidas en estos t&eacute;rminos y condiciones. Los beneficiarios de m&uacute;ltiples incentivos solo pueden redimir uno por hogar o individuo cada 12 meses. Los viajes al mismo destino solo se pueden redimir una vez por vida por hogar o individuo.</p>\r\n\r\n<p>Para redimir, activa el incentivo en l&iacute;nea y sigue las instrucciones para seleccionar tu destino, resorts u hoteles participantes y las fechas de viaje preferidas.</p>\r\n', `terms_condition_reward_eng` = '<h3><strong>TRAVEL TERMS AND CONDITIONS</strong></h3>\r\n\r\n<p>There are no timeshare presentations or other obligations required to redeem this vacation incentive. Activation is completed online by prepaying the associated hotel taxes and fees. Once activated, you can log in, search for participating resorts or hotels, and select your preferred travel dates.</p>\r\n\r\n<p>The expiration date indicated on this incentive applies to the redemption or activation process, not the travel itself. The incentive must be activated within seven days of receipt. Travel must be completed within 18 months of activation. This offer cannot be combined with any other hotel stay or promotional vacation offers.</p>\r\n\r\n<p><strong>Group Travel Restrictions</strong><br />\r\nOnly one incentive per household and per resort or hotel is permitted. Groups, including family, friends, acquaintances, or other associated parties traveling on the same or overlapping dates, are not eligible to redeem multiple incentives. Additional costs may apply for group travel scenarios.</p>\r\n\r\n<p><strong>Room Occupancy Guidelines</strong><br />\r\nThe incentive includes accommodations for a maximum of two adults, with at least one occupant aged 21 or older. This offer is tailored for singles or couples. Additional charges may apply for extra adults or children.</p>\r\n\r\n<p><strong>Terms of Use</strong><br />\r\nThis incentive becomes void if sold, traded, or purchased. Activation requires a valid government-issued ID and a major credit or debit card (Visa, Mastercard, or American Express). The recipient will receive complimentary hotel accommodation at a retail value of up to $350 USD per night but is responsible for other expenses, including but not limited to airfare, transfers, food, beverages, gratuities, resort fees, and other personal expenses. Resort fees, where applicable, vary by destination and are payable directly to the resort.</p>\r\n\r\n<p><strong>Booking and Travel Restrictions</strong><br />\r\nReservations must be made at least 30 days in advance and are subject to availability. Major holidays and special events at resorts are excluded. To maximize availability, Sunday through Thursday check-ins are recommended. Weekend and peak season dates may incur additional surcharges.</p>\r\n\r\n<p>This activation is final, non-refundable, and non-transferable. Travel must be completed within the allotted time frame, and once dates are confirmed, no changes are permitted. Cancellations or no-shows will result in the forfeiture of all fees paid.</p>\r\n\r\n<p><strong>Geographic Restrictions</strong><br />\r\nRecipients must reside at least 100 miles (160 kilometers) from the destination resort or select an alternative destination from the available options.</p>\r\n\r\n<p><strong>General Terms</strong><br />\r\nThis incentive has no cash value and is void where prohibited by law. The terms and conditions are subject to change without notice. In the event of limited availability, equivalent accommodations may be offered with prior approval from the incentive holder. Room configurations and types are subject to availability upon check-in unless a pre-paid upgrade has been selected.</p>\r\n\r\n<p>Only representations included in these terms and conditions should be considered valid. Recipients of multiple incentives may only redeem one per household or individual every 12 months. Travel to the same destination may only be redeemed once per lifetime per household or individual.</p>\r\n\r\n<p>To redeem, activate the incentive online and follow the instructions to select your destination, participating resorts or hotels, and preferred travel dates.</p>\r\n', `terms_condition_reward_spa` = '<h3><strong>T&Eacute;RMINOS Y CONDICIONES DE VIAJE</strong></h3>\r\n\r\n<p>No se requiere asistir a presentaciones de tiempo compartido ni cumplir con otras obligaciones para redimir este incentivo vacacional. La activaci&oacute;n se realiza en l&iacute;nea mediante el pago por adelantado de los impuestos y tasas asociados con el hotel. Una vez activado, puedes iniciar sesi&oacute;n, buscar los resorts u hoteles participantes y seleccionar tus fechas de viaje preferidas.</p>\r\n\r\n<p>La fecha de vencimiento indicada en este incentivo se refiere &uacute;nicamente al proceso de redenci&oacute;n o activaci&oacute;n, no al viaje en s&iacute;. El incentivo debe activarse dentro de los siete d&iacute;as posteriores a su recepci&oacute;n. El viaje debe completarse dentro de los 18 meses posteriores a la activaci&oacute;n. Esta oferta no puede combinarse con otras estancias de hotel ni promociones vacacionales.</p>\r\n\r\n<p><strong>Restricciones para Viajes en Grupo</strong><br />\r\nSolo se permite un incentivo por hogar y por resort u hotel. Los grupos, incluidas familias, amigos, conocidos u otros asociados que viajen en las mismas fechas o en fechas que se superpongan, no son elegibles para redimir m&uacute;ltiples incentivos. Pueden aplicarse costos adicionales en escenarios de viaje grupal.</p>\r\n\r\n<p><strong>Directrices para Ocupaci&oacute;n de Habitaciones</strong><br />\r\nEl incentivo incluye alojamiento para un m&aacute;ximo de dos adultos, y al menos uno de ellos debe tener 21 a&ntilde;os o m&aacute;s. Esta oferta est&aacute; dise&ntilde;ada para personas solteras o parejas. Pueden aplicarse cargos adicionales por adultos o ni&ntilde;os adicionales.</p>\r\n\r\n<p><strong>T&eacute;rminos de Uso</strong><br />\r\nEste incentivo ser&aacute; considerado inv&aacute;lido si se vende, intercambia o compra. La activaci&oacute;n requiere una identificaci&oacute;n oficial v&aacute;lida y una tarjeta de cr&eacute;dito o d&eacute;bito (Visa, Mastercard o American Express). El beneficiario recibir&aacute; alojamiento gratuito en un hotel, con un valor de hasta 350 USD por noche, pero ser&aacute; responsable de otros gastos, como transporte a&eacute;reo, traslados, alimentos, bebidas, propinas, tasas del resort y otros gastos personales. Las tasas del resort, si aplican, var&iacute;an seg&uacute;n el destino y se pagan directamente al hotel.</p>\r\n\r\n<p><strong>Restricciones de Reserva y Viaje</strong><br />\r\nLas reservas deben realizarse con al menos 30 d&iacute;as de antelaci&oacute;n y est&aacute;n sujetas a disponibilidad. No se incluyen d&iacute;as festivos importantes ni eventos especiales en los resorts. Para maximizar la disponibilidad, se recomienda realizar el check-in de domingo a jueves. Las fechas de fin de semana y temporada alta pueden tener recargos adicionales.</p>\r\n\r\n<p>Esta activaci&oacute;n es final, no reembolsable y no transferible. El viaje debe completarse dentro del per&iacute;odo asignado y, una vez confirmadas las fechas, no se permiten cambios. Las cancelaciones o ausencias resultar&aacute;n en la p&eacute;rdida de las tarifas pagadas.</p>\r\n\r\n<p><strong>Restricciones Geogr&aacute;ficas</strong><br />\r\nLos beneficiarios deben residir al menos a 100 millas (160 kil&oacute;metros) del resort de destino o elegir una opci&oacute;n de destino alternativa entre las disponibles.</p>\r\n\r\n<p><strong>T&eacute;rminos Generales</strong><br />\r\nEste incentivo no tiene valor en efectivo y ser&aacute; inv&aacute;lido donde la ley lo proh&iacute;ba. Los t&eacute;rminos y condiciones est&aacute;n sujetos a cambios sin previo aviso. En caso de disponibilidad limitada, se pueden ofrecer alojamientos equivalentes con la aprobaci&oacute;n previa del titular del incentivo. La configuraci&oacute;n de camas y el tipo de habitaci&oacute;n est&aacute;n sujetos a disponibilidad al momento del check-in, a menos que se haya seleccionado y pagado previamente una mejora.</p>\r\n\r\n<p>Solo se deben considerar v&aacute;lidas las representaciones incluidas en estos t&eacute;rminos y condiciones. Los beneficiarios de m&uacute;ltiples incentivos solo pueden redimir uno por hogar o individuo cada 12 meses. Los viajes al mismo destino solo se pueden redimir una vez por vida por hogar o individuo.</p>\r\n\r\n<p>Para redimir, activa el incentivo en l&iacute;nea y sigue las instrucciones para seleccionar tu destino, resorts u hoteles participantes y las fechas de viaje preferidas.</p>\r\n', `terms_condition_gateways_eng` = '<h3><strong>TRAVEL TERMS AND CONDITIONS</strong></h3>\r\n\r\n<p>There are no timeshare presentations or other obligations required to redeem this vacation incentive. Activation is completed online by prepaying the associated hotel taxes and fees. Once activated, you can log in, search for participating resorts or hotels, and select your preferred travel dates.</p>\r\n\r\n<p>The expiration date indicated on this incentive applies to the redemption or activation process, not the travel itself. The incentive must be activated within seven days of receipt. Travel must be completed within 18 months of activation. This offer cannot be combined with any other hotel stay or promotional vacation offers.</p>\r\n\r\n<p><strong>Group Travel Restrictions</strong><br />\r\nOnly one incentive per household and per resort or hotel is permitted. Groups, including family, friends, acquaintances, or other associated parties traveling on the same or overlapping dates, are not eligible to redeem multiple incentives. Additional costs may apply for group travel scenarios.</p>\r\n\r\n<p><strong>Room Occupancy Guidelines</strong><br />\r\nThe incentive includes accommodations for a maximum of two adults, with at least one occupant aged 21 or older. This offer is tailored for singles or couples. Additional charges may apply for extra adults or children.</p>\r\n\r\n<p><strong>Terms of Use</strong><br />\r\nThis incentive becomes void if sold, traded, or purchased. Activation requires a valid government-issued ID and a major credit or debit card (Visa, Mastercard, or American Express). The recipient will receive complimentary hotel accommodation at a retail value of up to $350 USD per night but is responsible for other expenses, including but not limited to airfare, transfers, food, beverages, gratuities, resort fees, and other personal expenses. Resort fees, where applicable, vary by destination and are payable directly to the resort.</p>\r\n\r\n<p><strong>Booking and Travel Restrictions</strong><br />\r\nReservations must be made at least 30 days in advance and are subject to availability. Major holidays and special events at resorts are excluded. To maximize availability, Sunday through Thursday check-ins are recommended. Weekend and peak season dates may incur additional surcharges.</p>\r\n\r\n<p>This activation is final, non-refundable, and non-transferable. Travel must be completed within the allotted time frame, and once dates are confirmed, no changes are permitted. Cancellations or no-shows will result in the forfeiture of all fees paid.</p>\r\n\r\n<p><strong>Geographic Restrictions</strong><br />\r\nRecipients must reside at least 100 miles (160 kilometers) from the destination resort or select an alternative destination from the available options.</p>\r\n\r\n<p><strong>General Terms</strong><br />\r\nThis incentive has no cash value and is void where prohibited by law. The terms and conditions are subject to change without notice. In the event of limited availability, equivalent accommodations may be offered with prior approval from the incentive holder. Room configurations and types are subject to availability upon check-in unless a pre-paid upgrade has been selected.</p>\r\n\r\n<p>Only representations included in these terms and conditions should be considered valid. Recipients of multiple incentives may only redeem one per household or individual every 12 months. Travel to the same destination may only be redeemed once per lifetime per household or individual.</p>\r\n\r\n<p>To redeem, activate the incentive online and follow the instructions to select your destination, participating resorts or hotels, and preferred travel dates.</p>\r\n', `terms_condition_gateways_spa` = '<h3><strong>T&Eacute;RMINOS Y CONDICIONES DE VIAJE</strong></h3>\r\n\r\n<p>No se requiere asistir a presentaciones de tiempo compartido ni cumplir con otras obligaciones para redimir este incentivo vacacional. La activaci&oacute;n se realiza en l&iacute;nea mediante el pago por adelantado de los impuestos y tasas asociados con el hotel. Una vez activado, puedes iniciar sesi&oacute;n, buscar los resorts u hoteles participantes y seleccionar tus fechas de viaje preferidas.</p>\r\n\r\n<p>La fecha de vencimiento indicada en este incentivo se refiere &uacute;nicamente al proceso de redenci&oacute;n o activaci&oacute;n, no al viaje en s&iacute;. El incentivo debe activarse dentro de los siete d&iacute;as posteriores a su recepci&oacute;n. El viaje debe completarse dentro de los 18 meses posteriores a la activaci&oacute;n. Esta oferta no puede combinarse con otras estancias de hotel ni promociones vacacionales.</p>\r\n\r\n<p><strong>Restricciones para Viajes en Grupo</strong><br />\r\nSolo se permite un incentivo por hogar y por resort u hotel. Los grupos, incluidas familias, amigos, conocidos u otros asociados que viajen en las mismas fechas o en fechas que se superpongan, no son elegibles para redimir m&uacute;ltiples incentivos. Pueden aplicarse costos adicionales en escenarios de viaje grupal.</p>\r\n\r\n<p><strong>Directrices para Ocupaci&oacute;n de Habitaciones</strong><br />\r\nEl incentivo incluye alojamiento para un m&aacute;ximo de dos adultos, y al menos uno de ellos debe tener 21 a&ntilde;os o m&aacute;s. Esta oferta est&aacute; dise&ntilde;ada para personas solteras o parejas. Pueden aplicarse cargos adicionales por adultos o ni&ntilde;os adicionales.</p>\r\n\r\n<p><strong>T&eacute;rminos de Uso</strong><br />\r\nEste incentivo ser&aacute; considerado inv&aacute;lido si se vende, intercambia o compra. La activaci&oacute;n requiere una identificaci&oacute;n oficial v&aacute;lida y una tarjeta de cr&eacute;dito o d&eacute;bito (Visa, Mastercard o American Express). El beneficiario recibir&aacute; alojamiento gratuito en un hotel, con un valor de hasta 350 USD por noche, pero ser&aacute; responsable de otros gastos, como transporte a&eacute;reo, traslados, alimentos, bebidas, propinas, tasas del resort y otros gastos personales. Las tasas del resort, si aplican, var&iacute;an seg&uacute;n el destino y se pagan directamente al hotel.</p>\r\n\r\n<p><strong>Restricciones de Reserva y Viaje</strong><br />\r\nLas reservas deben realizarse con al menos 30 d&iacute;as de antelaci&oacute;n y est&aacute;n sujetas a disponibilidad. No se incluyen d&iacute;as festivos importantes ni eventos especiales en los resorts. Para maximizar la disponibilidad, se recomienda realizar el check-in de domingo a jueves. Las fechas de fin de semana y temporada alta pueden tener recargos adicionales.</p>\r\n\r\n<p>Esta activaci&oacute;n es final, no reembolsable y no transferible. El viaje debe completarse dentro del per&iacute;odo asignado y, una vez confirmadas las fechas, no se permiten cambios. Las cancelaciones o ausencias resultar&aacute;n en la p&eacute;rdida de las tarifas pagadas.</p>\r\n\r\n<p><strong>Restricciones Geogr&aacute;ficas</strong><br />\r\nLos beneficiarios deben residir al menos a 100 millas (160 kil&oacute;metros) del resort de destino o elegir una opci&oacute;n de destino alternativa entre las disponibles.</p>\r\n\r\n<p><strong>T&eacute;rminos Generales</strong><br />\r\nEste incentivo no tiene valor en efectivo y ser&aacute; inv&aacute;lido donde la ley lo proh&iacute;ba. Los t&eacute;rminos y condiciones est&aacute;n sujetos a cambios sin previo aviso. En caso de disponibilidad limitada, se pueden ofrecer alojamientos equivalentes con la aprobaci&oacute;n previa del titular del incentivo. La configuraci&oacute;n de camas y el tipo de habitaci&oacute;n est&aacute;n sujetos a disponibilidad al momento del check-in, a menos que se haya seleccionado y pagado previamente una mejora.</p>\r\n\r\n<p>Solo se deben considerar v&aacute;lidas las representaciones incluidas en estos t&eacute;rminos y condiciones. Los beneficiarios de m&uacute;ltiples incentivos solo pueden redimir uno por hogar o individuo cada 12 meses. Los viajes al mismo destino solo se pueden redimir una vez por vida por hogar o individuo.</p>\r\n\r\n<p>Para redimir, activa el incentivo en l&iacute;nea y sigue las instrucciones para seleccionar tu destino, resorts u hoteles participantes y las fechas de viaje preferidas.</p>\r\n'
WHERE `setting_id` = '1';
UPDATE `user_registration` SET `language` = 'spanish'
WHERE `user_id` = 'admin';
UPDATE `user_registration` SET `language` = 'english'
WHERE `user_id` = 'admin';
UPDATE `user_registration` SET `language` = 'spanish'
WHERE `user_id` = 'admin';
UPDATE `user_registration` SET `language` = 'english'
WHERE `user_id` = 'admin';
UPDATE `ci_sessions` SET `timestamp` = 1736456370, `data` = '__ci_last_regenerate|i:1736456370;id|s:4:\"2019\";user_id|s:5:\"admin\";username|s:5:\"admin\";sponsor_id|s:1:\"0\";fullname|s:11:\"Alex Carrey\";email|s:15:\"admin@admin.com\";phone|s:10:\"1235467892\";isLogIn|b:1;'
WHERE `id` = '41fd980e7d7094ce968efd491649c455324692b0';
INSERT INTO `temp_register` (`post_data`, `date`, `payment_method`, `type`) VALUES ('{\"user_id\":\"admin\",\"reward_id\":\"14\",\"amount\":\"10\",\"reward_value\":\"100\",\"reward_points\":\"0\",\"available_points\":\"0\",\"image\":\"upload\\/benefits_pack_image\\/0819c293f6655b5373f3826d97bbf9a0.png\",\"image_id\":\"67\",\"conversion_point_rate\":\"1\",\"payment_option\":\"stripe\",\"reward_name\":\"Test Reward\",\"country\":\"223\",\"state\":\"4301\",\"date\":\"2025-01-09 15:00:01\",\"type\":\"reward_claim\",\"full_name\":\"Abc\",\"phone\":\"786\",\"email\":\"email@email.vom\"}', '2025-01-09 15:00:01', 'stripe', 'claim_reward');
INSERT INTO `temp_register` (`post_data`, `date`, `payment_method`, `type`) VALUES ('{\"user_id\":\"admin\",\"packge_id\":\"1\",\"amount\":\"0\",\"value\":\"0\",\"point\":\"0\",\"image\":\"upload\\/reward_image\\/a7956001f92436771fdc2f6a7275c596.png\",\"image_id\":\"7\",\"country\":\"38\",\"city\":\"4284\",\"available_points\":\"0\",\"conversion_point_rate\":\"1\",\"payment_option\":\"stripe\",\"package_title\":\"The Journey Begins\",\"date\":\"2025-01-09 15:01:01\",\"type\":\"benefits_pack_claim\",\"full_name\":\"Name\",\"phone\":\"786\",\"email\":\"wmD@EMAIL.COM\"}', '2025-01-09 15:01:01', 'stripe', 'claim_wlcome_pack');
INSERT INTO `temp_register` (`post_data`, `date`, `payment_method`, `type`) VALUES ('{\"user_id\":\"admin\",\"packge_id\":\"15\",\"amount\":\"10\",\"value\":\"100\",\"point\":\"0\",\"image_id\":\"58\",\"country\":\"223\",\"city\":\"4301\",\"available_points\":\"0\",\"conversion_point_rate\":\"1\",\"payment_option\":\"stripe\",\"package_title\":\"Test Benefir\",\"date\":\"2025-01-09 15:02:04\",\"type\":\"membership_benefits_claim\",\"full_name\":\"nAME\",\"phone\":\"786\",\"email\":\"EMAIL@EDFVV.VOM\"}', '2025-01-09 15:02:04', 'stripe', 'claim_memb_benefits');
UPDATE `user_registration` SET `popup_seen` = 'yes'
WHERE `user_id` = 'admin';
INSERT INTO `add_cart` (`user_id`, `product_id`, `product_name`, `product_amount`, `product_point`, `product_image`, `product_details`, `quantity`, `total_amount`, `country`, `state`, `total_point`, `date`) VALUES ('admin', '4', 'Nature closer than ever 5D/4N', '150', '75', 'upload/product_image/47bdc5b1bf77d9f53a68d790b6ad854b.png', '<p><span style=\"color:rgb(0,0,0);\">Orlando is famed for its iconic theme parks, exciting attractions, and year-round sunshine. With thrilling adventures, diverse dining, and endless shopping, it’s a perfect getaway for families and fun-seekers alike.</span></p><p><span style=\"color:rgb(0,0,0);\"><strong>5 days / 4 nights</strong></span></p><p><span style=\"color:rgb(0,0,0);\"><strong>Cost: $150</strong></span></p>', 1, 150, '', '', 75, '2025-01-09 15:03:00');
DELETE FROM `add_cart`
WHERE `id` = '20';
UPDATE `add_cart` SET `quantity` = '1', `total_amount` = 150, `total_point` = 75
WHERE `id` = '21';
UPDATE `ci_sessions` SET `timestamp` = 1736456739, `data` = '__ci_last_regenerate|i:1736456739;isLogIn|b:1;isAdmin|b:1;id|s:1:\"1\";fullname|s:11:\"admin admin\";user_level|s:5:\"Admin\";email|s:23:\"admin@travelegendcy.com\";image|s:53:\"upload/settings/4a1f1b602322adb837a7a3547ee69cf3.jpeg\";last_login|s:19:\"2025-01-08 20:48:20\";last_logout|s:19:\"2025-01-08 00:56:23\";ip_address|s:12:\"172.70.83.11\";message|s:20:\"Update Successfully!\";__ci_vars|a:1:{s:7:\"message\";s:3:\"old\";}'
WHERE `id` = '3fc4866d444ec4fd2021f660b8d4869ae701ea9a';
UPDATE `ci_sessions` SET `timestamp` = 1736457464, `data` = '__ci_last_regenerate|i:1736457464;isLogIn|b:1;isAdmin|b:1;id|s:1:\"1\";fullname|s:11:\"admin admin\";user_level|s:5:\"Admin\";email|s:23:\"admin@travelegendcy.com\";image|s:53:\"upload/settings/4a1f1b602322adb837a7a3547ee69cf3.jpeg\";last_login|s:19:\"2025-01-08 20:48:20\";last_logout|s:19:\"2025-01-08 00:56:23\";ip_address|s:12:\"172.70.83.11\";'
WHERE `id` = '79bd18626f622be1015346d994dbc705da71acfe';
UPDATE `ci_sessions` SET `timestamp` = 1736457864, `data` = '__ci_last_regenerate|i:1736457864;isLogIn|b:1;isAdmin|b:1;id|s:1:\"1\";fullname|s:11:\"admin admin\";user_level|s:5:\"Admin\";email|s:23:\"admin@travelegendcy.com\";image|s:53:\"upload/settings/4a1f1b602322adb837a7a3547ee69cf3.jpeg\";last_login|s:19:\"2025-01-08 20:48:20\";last_logout|s:19:\"2025-01-08 00:56:23\";ip_address|s:12:\"172.70.83.11\";'
WHERE `id` = 'c5c2b719bec51d11275cb1cea764ca6788993c80';
UPDATE `user_registration` SET `f_name` = 'Dayami', `l_name` = 'Leon', `email` = 'atravel4uu@gmail.com', `password` = '38abd75cff0a1ad8ecea30c244986831', `phone` = '7865069935', `country` = 'United States', `state` = 'Florida', `city` = '9380 SW 72 St', `street` = '230', `zip_code` = '33173'
WHERE `uid` = '2031';
UPDATE `ci_sessions` SET `timestamp` = 1736458168, `data` = '__ci_last_regenerate|i:1736458168;isLogIn|b:1;isAdmin|b:1;id|s:1:\"1\";fullname|s:11:\"admin admin\";user_level|s:5:\"Admin\";email|s:23:\"admin@travelegendcy.com\";image|s:53:\"upload/settings/4a1f1b602322adb837a7a3547ee69cf3.jpeg\";last_login|s:19:\"2025-01-08 20:48:20\";last_logout|s:19:\"2025-01-08 00:56:23\";ip_address|s:12:\"172.70.83.11\";message|s:20:\"Update Successfully!\";__ci_vars|a:1:{s:7:\"message\";s:3:\"old\";}'
WHERE `id` = '2ca0493969d9651c6b2aee1b272877f3042bc76e';
UPDATE `admin` SET `last_logout` = '2025-01-09 15:31:09'
WHERE `id` = '1';
DELETE FROM `ci_sessions`
WHERE `id` = '71ff1ec29a4900b9548b4695de8231f4a51d0203';
INSERT INTO `login_history` (`user_id`, `device`, `ip_address`, `date`) VALUES ('admin', 'Mozilla/5.0 (Windows NT 10.0; Win64; x64) AppleWebKit/537.36 (KHTML, like Gecko) Chrome/131.0.0.0 Safari/537.36', '172.70.254.150', '25-01-09 15:31');
UPDATE `user_registration` SET `popup_seen` = 'yes'
WHERE `user_id` = 'admin';
UPDATE `ci_sessions` SET `timestamp` = 1736460542, `data` = '__ci_last_regenerate|i:1736460542;id|s:4:\"2019\";user_id|s:5:\"admin\";username|s:5:\"admin\";sponsor_id|s:1:\"0\";fullname|s:11:\"Alex Carrey\";email|s:15:\"admin@admin.com\";phone|s:10:\"1235467892\";isLogIn|b:1;'
WHERE `id` = 'b2fb46ed41ccd1f66bc6830ecb0bd088eeb06c32';
UPDATE `user_registration` SET `popup_seen` = 'yes'
WHERE `user_id` = 'admin';
INSERT INTO `login_history` (`user_id`, `device`, `ip_address`, `date`) VALUES ('PBFKSY', 'Mozilla/5.0 (Windows NT 10.0; Win64; x64) AppleWebKit/537.36 (KHTML, like Gecko) Chrome/131.0.0.0 Safari/537.36', '172.70.254.132', '25-01-09 16:22');
UPDATE `user_registration` SET `popup_seen` = 'yes'
WHERE `user_id` = 'PBFKSY';
UPDATE `ci_sessions` SET `timestamp` = 1736461745, `data` = '__ci_last_regenerate|i:1736461745;id|s:4:\"2029\";user_id|s:6:\"PBFKSY\";username|s:7:\"Palermo\";sponsor_id|s:6:\"SJBNYJ\";fullname|s:13:\"Rosmery Gomez\";email|s:25:\"emiliotapanes+5@gmail.com\";phone|s:10:\"7862876762\";isLogIn|b:1;'
WHERE `id` = '69a7aee7309df576eabead1f2b909ab67d7b5abc';
UPDATE `user_registration` SET `popup_seen` = 'yes'
WHERE `user_id` = 'PBFKSY';
UPDATE `user_registration` SET `popup_seen` = 'yes'
WHERE `user_id` = 'PBFKSY';
UPDATE `ci_sessions` SET `timestamp` = 1736462085, `data` = '__ci_last_regenerate|i:1736462085;id|s:4:\"2019\";user_id|s:5:\"admin\";username|s:5:\"admin\";sponsor_id|s:1:\"0\";fullname|s:11:\"Alex Carrey\";email|s:15:\"admin@admin.com\";phone|s:10:\"1235467892\";isLogIn|b:1;'
WHERE `id` = '8a183e39546f71c1ef21c83cbe789f24ac9db399';
UPDATE `user_registration` SET `popup_seen` = 'yes'
WHERE `user_id` = 'admin';
UPDATE `ci_sessions` SET `timestamp` = 1736463434, `data` = '__ci_last_regenerate|i:1736463434;id|s:4:\"2029\";user_id|s:6:\"PBFKSY\";username|s:7:\"Palermo\";sponsor_id|s:6:\"SJBNYJ\";fullname|s:13:\"Rosmery Gomez\";email|s:25:\"emiliotapanes+5@gmail.com\";phone|s:10:\"7862876762\";isLogIn|b:1;'
WHERE `id` = 'd185d989ae9c86f4d68936b65240945e2db25926';
UPDATE `ci_sessions` SET `timestamp` = 1736463887, `data` = '__ci_last_regenerate|i:1736463887;id|s:4:\"2029\";user_id|s:6:\"PBFKSY\";username|s:7:\"Palermo\";sponsor_id|s:6:\"SJBNYJ\";fullname|s:13:\"Rosmery Gomez\";email|s:25:\"emiliotapanes+5@gmail.com\";phone|s:10:\"7862876762\";isLogIn|b:1;'
WHERE `id` = '9647906f32a1ed3d2753a60e90ad6fd6647b31e0';
UPDATE `user_registration` SET `popup_seen` = 'yes'
WHERE `user_id` = 'PBFKSY';
UPDATE `ci_sessions` SET `timestamp` = 1736466270, `data` = '__ci_last_regenerate|i:1736466270;id|s:4:\"2019\";user_id|s:5:\"admin\";username|s:5:\"admin\";sponsor_id|s:1:\"0\";fullname|s:11:\"Alex Carrey\";email|s:15:\"admin@admin.com\";phone|s:10:\"1235467892\";isLogIn|b:1;'
WHERE `id` = 'bd426f29bc123f8fe355878b08f85360369a1a7d';
UPDATE `user_registration` SET `popup_seen` = 'yes'
WHERE `user_id` = 'admin';
UPDATE `ci_sessions` SET `timestamp` = 1736474411, `data` = '__ci_last_regenerate|i:1736474411;exception|s:31:\"Incorrect Username Or Password!\";__ci_vars|a:1:{s:9:\"exception\";s:3:\"old\";}captcha|s:4:\"366t\";'
WHERE `id` = '76c0ad2fc96c93a98b932671f80dffd907c0138b';
UPDATE `ci_sessions` SET `timestamp` = 1736475384, `data` = '__ci_last_regenerate|i:1736475384;captcha|s:4:\"535x\";'
WHERE `id` = 'ec4d4f4ae0195447a0240426c841c58dea28f730';
UPDATE `ci_sessions` SET `timestamp` = 1736476168, `data` = '__ci_last_regenerate|i:1736476168;captcha|s:4:\"535x\";'
WHERE `id` = '59a5e15beaaa359e2de239863aaf665718c5d9c3';
INSERT INTO `login_history` (`user_id`, `device`, `ip_address`, `date`) VALUES ('PBFKSY', 'Mozilla/5.0 (Windows NT 10.0; Win64; x64) AppleWebKit/537.36 (KHTML, like Gecko) Chrome/131.0.0.0 Safari/537.36', '172.70.255.194', '25-01-09 20:30');
UPDATE `user_registration` SET `popup_seen` = 'yes'
WHERE `user_id` = 'PBFKSY';
UPDATE `user_registration` SET `popup_seen` = 'yes'
WHERE `user_id` = 'PBFKSY';
UPDATE `user_registration` SET `popup_seen` = 'yes'
WHERE `user_id` = 'PBFKSY';
UPDATE `ci_sessions` SET `timestamp` = 1736476532, `data` = '__ci_last_regenerate|i:1736476532;id|s:4:\"2029\";user_id|s:6:\"PBFKSY\";username|s:7:\"Palermo\";sponsor_id|s:6:\"SJBNYJ\";fullname|s:13:\"Rosmery Gomez\";email|s:25:\"emiliotapanes+5@gmail.com\";phone|s:10:\"7862876762\";isLogIn|b:1;'
WHERE `id` = 'd4594380d6234900d59b8d1ebb2fe4d8a5663d0e';
UPDATE `user_registration` SET `default_leg` = 'left'
WHERE `user_id` = 'PBFKSY';
UPDATE `ci_sessions` SET `timestamp` = 1736476691, `data` = '__ci_last_regenerate|i:1736476691;captcha|s:4:\"5jx5\";'
WHERE `id` = '9c8e67fe0550e468a4d8583ef61641c881ba8357';
UPDATE `ci_sessions` SET `timestamp` = 1736476881, `data` = '__ci_last_regenerate|i:1736476881;id|s:4:\"2029\";user_id|s:6:\"PBFKSY\";username|s:7:\"Palermo\";sponsor_id|s:6:\"SJBNYJ\";fullname|s:13:\"Rosmery Gomez\";email|s:25:\"emiliotapanes+5@gmail.com\";phone|s:10:\"7862876762\";isLogIn|b:1;'
WHERE `id` = 'e7c3c62251bbc67a9c6ddf59c757cfcb2dca26d9';
INSERT INTO `add_cart` (`user_id`, `product_id`, `product_name`, `product_amount`, `product_point`, `product_image`, `product_details`, `quantity`, `total_amount`, `country`, `state`, `total_point`, `date`) VALUES ('PBFKSY', '4', 'Nature closer than ever 5D/4N', '150', '75', 'upload/product_image/26befb7ea681b50416c8a9a9ac83fc6a.png', '<p><span style=\"color:rgb(0,0,0);\">Orlando is famed for its iconic theme parks, exciting attractions, and year-round sunshine. With thrilling adventures, diverse dining, and endless shopping, it’s a perfect getaway for families and fun-seekers alike.</span></p><p><span style=\"color:rgb(0,0,0);\"><strong>5 days / 4 nights</strong></span></p><p><span style=\"color:rgb(0,0,0);\"><strong>Cost: $150</strong></span></p>', 1, 150, '223', '4250', 75, '2025-01-09 20:41:47');
UPDATE `add_cart` SET `quantity` = '1', `total_amount` = 150, `total_point` = 75
WHERE `id` = '22';
DELETE FROM `add_cart`
WHERE `id` = '22';
UPDATE `user_registration` SET `popup_seen` = 'yes'
WHERE `user_id` = 'PBFKSY';
UPDATE `ci_sessions` SET `timestamp` = 1736477223, `data` = '__ci_last_regenerate|i:1736477223;id|s:4:\"2029\";user_id|s:6:\"PBFKSY\";username|s:7:\"Palermo\";sponsor_id|s:6:\"SJBNYJ\";fullname|s:13:\"Rosmery Gomez\";email|s:25:\"emiliotapanes+5@gmail.com\";phone|s:10:\"7862876762\";isLogIn|b:1;'
WHERE `id` = 'b785ced52862b0224d60224fefa9dd5ba386ee70';
UPDATE `user_registration` SET `popup_seen` = 'yes'
WHERE `user_id` = 'PBFKSY';
UPDATE `user_registration` SET `popup_seen` = 'yes'
WHERE `user_id` = 'PBFKSY';
INSERT INTO `login_history` (`user_id`, `device`, `ip_address`, `date`) VALUES ('admin', 'Mozilla/5.0 (Linux; Android 10; K) AppleWebKit/537.36 (KHTML, like Gecko) Chrome/131.0.0.0 Mobile Safari/537.36', '172.70.255.193', '25-01-09 22:19');
UPDATE `user_registration` SET `popup_seen` = 'yes'
WHERE `user_id` = 'admin';
INSERT INTO `login_history` (`user_id`, `device`, `ip_address`, `date`) VALUES ('admin', 'Mozilla/5.0 (Windows NT 10.0; Win64; x64) AppleWebKit/537.36 (KHTML, like Gecko) Chrome/131.0.0.0 Safari/537.36 Edg/131.0.0.0', '172.69.95.218', '25-01-09 22:29');
UPDATE `user_registration` SET `popup_seen` = 'yes'
WHERE `user_id` = 'admin';
UPDATE `ci_sessions` SET `timestamp` = 1736483642, `data` = '__ci_last_regenerate|i:1736483642;id|s:4:\"2019\";user_id|s:5:\"admin\";username|s:5:\"admin\";sponsor_id|s:1:\"0\";fullname|s:11:\"Alex Carrey\";email|s:15:\"admin@admin.com\";phone|s:10:\"1235467892\";isLogIn|b:1;'
WHERE `id` = '805650a7567e158593b45ae4e748533594d1e724';
UPDATE `ci_sessions` SET `timestamp` = 1736488501, `data` = '__ci_last_regenerate|i:1736488501;id|s:4:\"2019\";user_id|s:5:\"admin\";username|s:5:\"admin\";sponsor_id|s:1:\"0\";fullname|s:11:\"Alex Carrey\";email|s:15:\"admin@admin.com\";phone|s:10:\"1235467892\";isLogIn|b:1;'
WHERE `id` = 'c2dc960e899e0e0de5097e703e22b987056d3ee2';
INSERT INTO `cron_job_history` (`name`, `date_started`, `status`) VALUES ('backup', '2025-01-10 00:00:02', 'started');
UPDATE `cron_job_history` SET `status` = 'done', `date_end` = '2025-01-10 00:00:02'
WHERE `id` = 125;
UPDATE `ci_sessions` SET `timestamp` = 1736488824, `data` = '__ci_last_regenerate|i:1736488824;id|s:4:\"2019\";user_id|s:5:\"admin\";username|s:5:\"admin\";sponsor_id|s:1:\"0\";fullname|s:11:\"Alex Carrey\";email|s:15:\"admin@admin.com\";phone|s:10:\"1235467892\";isLogIn|b:1;'
WHERE `id` = 'ee2e1185f07b583e748b12d4eca95d2f79ba08a8';
UPDATE `user_registration` SET `popup_seen` = 'no'
WHERE `user_id` = 'admin';
DELETE FROM `ci_sessions`
WHERE `id` = 'b7a6f7fa61edfae30a1c82b6fd51769d416c89d3';
INSERT INTO `cron_job_history` (`name`, `date_started`, `status`) VALUES ('deduct_sub_amt_from_ewallet', '2025-01-10 00:05:01', 'started');
UPDATE `cron_job_history` SET `status` = 'done', `date_end` = '2025-01-10 00:05:01'
WHERE `id` = 126;
UPDATE `admin` SET `last_login` = '2025-01-10 10:11:44', `ip_address` = '172.70.82.158'
WHERE `id` = '1';
DELETE FROM `uploads`
WHERE `id` = '2';
DELETE FROM `uploads`
WHERE `id` = '1';
UPDATE `ci_sessions` SET `timestamp` = 1736528539, `data` = '__ci_last_regenerate|i:1736528539;isLogIn|b:1;isAdmin|b:1;id|s:1:\"1\";fullname|s:11:\"admin admin\";user_level|s:5:\"Admin\";email|s:23:\"admin@travelegendcy.com\";image|s:53:\"upload/settings/4a1f1b602322adb837a7a3547ee69cf3.jpeg\";last_login|s:19:\"2025-01-09 14:45:25\";last_logout|s:19:\"2025-01-09 15:31:09\";ip_address|s:13:\"172.70.255.78\";'
WHERE `id` = 'b0119fb3da88e6d3bdf371803af20d8b6da0fbba';
UPDATE `ci_sessions` SET `timestamp` = 1736529604, `data` = '__ci_last_regenerate|i:1736529604;isLogIn|b:1;isAdmin|b:1;id|s:1:\"1\";fullname|s:11:\"admin admin\";user_level|s:5:\"Admin\";email|s:23:\"admin@travelegendcy.com\";image|s:53:\"upload/settings/4a1f1b602322adb837a7a3547ee69cf3.jpeg\";last_login|s:19:\"2025-01-09 14:45:25\";last_logout|s:19:\"2025-01-09 15:31:09\";ip_address|s:13:\"172.70.255.78\";'
WHERE `id` = 'b0119fb3da88e6d3bdf371803af20d8b6da0fbba';
UPDATE `ci_sessions` SET `timestamp` = 1736530297, `data` = '__ci_last_regenerate|i:1736530297;captcha|s:4:\"vo9s\";'
WHERE `id` = '80464b53ff407fb932c755d603cff58bfa5616ad';
UPDATE `ci_sessions` SET `timestamp` = 1736530685, `data` = '__ci_last_regenerate|i:1736530685;exception|s:31:\"Incorrect Username Or Password!\";__ci_vars|a:1:{s:9:\"exception\";s:3:\"old\";}captcha|s:4:\"p2sf\";'
WHERE `id` = '45af4ff01f3e0511a1ea8ae81164765a5bb210a3';
INSERT INTO `login_history` (`user_id`, `device`, `ip_address`, `date`) VALUES ('R37QLI', 'Mozilla/5.0 (Windows NT 10.0; Win64; x64) AppleWebKit/537.36 (KHTML, like Gecko) Chrome/131.0.0.0 Safari/537.36', '172.70.82.190', '25-01-10 11:39');
UPDATE `user_registration` SET `popup_seen` = 'yes'
WHERE `user_id` = 'R37QLI';
UPDATE `user_registration` SET `popup_seen` = 'no'
WHERE `user_id` = 'R37QLI';
DELETE FROM `ci_sessions`
WHERE `id` = 'bd3092cbc428d398bae3244a0347ed5f02f6fab1';
INSERT INTO `login_history` (`user_id`, `device`, `ip_address`, `date`) VALUES ('R37QLI', 'Mozilla/5.0 (Macintosh; Intel Mac OS X 10_15_7) AppleWebKit/605.1.15 (KHTML, like Gecko) Version/17.4 Safari/605.1.15', '108.162.212.161', '25-01-10 11:40');
UPDATE `user_registration` SET `popup_seen` = 'yes'
WHERE `user_id` = 'R37QLI';
UPDATE `user_registration` SET `popup_seen` = 'yes'
WHERE `user_id` = 'R37QLI';
UPDATE `user_registration` SET `popup_seen` = 'yes'
WHERE `user_id` = 'R37QLI';
UPDATE `ci_sessions` SET `timestamp` = 1736536851, `data` = '__ci_last_regenerate|i:1736536851;id|s:4:\"2031\";user_id|s:6:\"R37QLI\";username|s:5:\"dleon\";sponsor_id|s:6:\"H2HQC8\";fullname|s:11:\"Dayami Leon\";email|s:20:\"atravel4uu@gmail.com\";phone|s:10:\"7865069935\";isLogIn|b:1;'
WHERE `id` = '6add95433bcece1a0a5cd3ec665bb8f7ecb61cf7';
UPDATE `user_registration` SET `popup_seen` = 'yes'
WHERE `user_id` = 'R37QLI';
UPDATE `user_registration` SET `popup_seen` = 'yes'
WHERE `user_id` = 'R37QLI';
UPDATE `user_registration` SET `popup_seen` = 'yes'
WHERE `user_id` = 'R37QLI';
UPDATE `ci_sessions` SET `timestamp` = 1736540162, `data` = '__ci_last_regenerate|i:1736540162;id|s:4:\"2031\";user_id|s:6:\"R37QLI\";username|s:5:\"dleon\";sponsor_id|s:6:\"H2HQC8\";fullname|s:11:\"Dayami Leon\";email|s:20:\"atravel4uu@gmail.com\";phone|s:10:\"7865069935\";isLogIn|b:1;'
WHERE `id` = '73d00a3af97a531be08689c45c3eed447ce7fbd3';
UPDATE `user_registration` SET `popup_seen` = 'yes'
WHERE `user_id` = 'R37QLI';
INSERT INTO `cron_job_history` (`name`, `date_started`, `status`) VALUES ('backup', '2025-01-11 00:00:01', 'started');
UPDATE `cron_job_history` SET `status` = 'done', `date_end` = '2025-01-11 00:00:01'
WHERE `id` = 127;
INSERT INTO `cron_job_history` (`name`, `date_started`, `status`) VALUES ('deduct_sub_amt_from_ewallet', '2025-01-11 00:05:01', 'started');
UPDATE `cron_job_history` SET `status` = 'done', `date_end` = '2025-01-11 00:05:01'
WHERE `id` = 128;
UPDATE `admin` SET `last_login` = '2025-01-11 00:34:13', `ip_address` = '172.68.147.248'
WHERE `id` = '1';
INSERT INTO `login_history` (`user_id`, `device`, `ip_address`, `date`) VALUES ('35H9RV', 'Mozilla/5.0 (Windows NT 10.0; Win64; x64) AppleWebKit/537.36 (KHTML, like Gecko) Chrome/131.0.0.0 Safari/537.36', '172.68.147.248', '25-01-11 01:26');
UPDATE `user_registration` SET `popup_seen` = 'yes'
WHERE `user_id` = '35H9RV';
UPDATE `user_registration` SET `popup_seen` = 'no'
WHERE `user_id` = '35H9RV';
DELETE FROM `ci_sessions`
WHERE `id` = 'f5eb39f40d1bdead6db6f39f1bf865f7ab36fb19';
UPDATE `admin` SET `last_login` = '2025-01-11 01:28:32', `ip_address` = '162.158.108.70'
WHERE `id` = '1';
UPDATE `admin` SET `last_logout` = '2025-01-11 01:30:29'
WHERE `id` = '1';
DELETE FROM `ci_sessions`
WHERE `id` = '3b0006dd9ebd155b57e52fd0f0d606a4f9ae2887';
UPDATE `ci_sessions` SET `timestamp` = 1736582100, `data` = '__ci_last_regenerate|i:1736582100;isLogIn|b:1;isAdmin|b:1;id|s:1:\"1\";fullname|s:11:\"admin admin\";user_level|s:5:\"Admin\";email|s:23:\"admin@travelegendcy.com\";image|s:53:\"upload/settings/4a1f1b602322adb837a7a3547ee69cf3.jpeg\";last_login|s:19:\"2025-01-10 10:11:44\";last_logout|s:19:\"2025-01-09 15:31:09\";ip_address|s:13:\"172.70.82.158\";message|s:25:\"Welcome back  admin admin\";__ci_vars|a:1:{s:7:\"message\";s:3:\"old\";}'
WHERE `id` = '0516dd88b8ce07a6985c633fe274353869b03bcb';
UPDATE `admin` SET `last_login` = '2025-01-11 05:50:24', `ip_address` = '108.162.226.210'
WHERE `id` = '1';
UPDATE `admin` SET `last_logout` = '2025-01-11 05:51:30'
WHERE `id` = '1';
DELETE FROM `ci_sessions`
WHERE `id` = '5caeaf269f60ae151dad112b6c0af98b77d5478a';
UPDATE `admin` SET `last_login` = '2025-01-11 09:17:40', `ip_address` = '172.69.132.231'
WHERE `id` = '1';
UPDATE `ci_sessions` SET `timestamp` = 1736608968, `data` = '__ci_last_regenerate|i:1736608968;isLogIn|b:1;isAdmin|b:1;id|s:1:\"1\";fullname|s:11:\"admin admin\";user_level|s:5:\"Admin\";email|s:23:\"admin@travelegendcy.com\";image|s:53:\"upload/settings/4a1f1b602322adb837a7a3547ee69cf3.jpeg\";last_login|s:19:\"2025-01-11 05:50:24\";last_logout|s:19:\"2025-01-11 05:51:30\";ip_address|s:14:\"108.162.226.21\";'
WHERE `id` = '13915cb128dd74ea14104cfd5152f71df03f9556';
INSERT INTO `uploads` (`id`, `item_title`, `item_link`, `file_link`, `date`, `description`) VALUES ('', 'Business Presentation 2025', 'upload/items/d35d57d68ad956fb607c0b95e546cccc.png', 'upload/files/7418298db872277d342328174c3d6083.pdf', '2025-01-11 09:22:48', 'Use this presentation as a tool to share our business opportunity.');
UPDATE `ci_sessions` SET `timestamp` = 1736609546, `data` = '__ci_last_regenerate|i:1736609546;isLogIn|b:1;isAdmin|b:1;id|s:1:\"1\";fullname|s:11:\"admin admin\";user_level|s:5:\"Admin\";email|s:23:\"admin@travelegendcy.com\";image|s:53:\"upload/settings/4a1f1b602322adb837a7a3547ee69cf3.jpeg\";last_login|s:19:\"2025-01-11 05:50:24\";last_logout|s:19:\"2025-01-11 05:51:30\";ip_address|s:14:\"108.162.226.21\";'
WHERE `id` = '13915cb128dd74ea14104cfd5152f71df03f9556';
UPDATE `admin` SET `last_login` = '2025-01-11 09:45:01', `ip_address` = '172.69.131.237'
WHERE `id` = '1';
UPDATE `ci_sessions` SET `timestamp` = 1736610343, `data` = '__ci_last_regenerate|i:1736610343;isLogIn|b:1;isAdmin|b:1;id|s:1:\"1\";fullname|s:11:\"admin admin\";user_level|s:5:\"Admin\";email|s:23:\"admin@travelegendcy.com\";image|s:53:\"upload/settings/4a1f1b602322adb837a7a3547ee69cf3.jpeg\";last_login|s:19:\"2025-01-11 05:50:24\";last_logout|s:19:\"2025-01-11 05:51:30\";ip_address|s:14:\"108.162.226.21\";'
WHERE `id` = 'a6efb6787b9be39bdd14b13764f0f5da36d324a4';
INSERT INTO `login_history` (`user_id`, `device`, `ip_address`, `date`) VALUES ('35H9RV', 'Mozilla/5.0 (Macintosh; Intel Mac OS X 10_15_7) AppleWebKit/605.1.15 (KHTML, like Gecko) Version/17.2 Safari/605.1.15', '162.158.108.70', '25-01-11 09:46');
UPDATE `user_registration` SET `popup_seen` = 'yes'
WHERE `user_id` = '35H9RV';
INSERT INTO `login_history` (`user_id`, `device`, `ip_address`, `date`) VALUES ('admin', 'Mozilla/5.0 (Windows NT 10.0; Win64; x64) AppleWebKit/537.36 (KHTML, like Gecko) Chrome/131.0.0.0 Safari/537.36', '172.70.82.148', '25-01-11 09:49');
UPDATE `user_registration` SET `popup_seen` = 'yes'
WHERE `user_id` = 'admin';
UPDATE `user_registration` SET `popup_seen` = 'yes'
WHERE `user_id` = '35H9RV';
UPDATE `ci_sessions` SET `timestamp` = 1736610695, `data` = '__ci_last_regenerate|i:1736610695;isLogIn|b:1;isAdmin|b:1;id|s:1:\"1\";fullname|s:11:\"admin admin\";user_level|s:5:\"Admin\";email|s:23:\"admin@travelegendcy.com\";image|s:53:\"upload/settings/4a1f1b602322adb837a7a3547ee69cf3.jpeg\";last_login|s:19:\"2025-01-11 09:17:40\";last_logout|s:19:\"2025-01-11 05:51:30\";ip_address|s:14:\"172.69.132.231\";'
WHERE `id` = 'dcb097e37995177e6067b82f7acfb9b83264e1fa';
UPDATE `user_registration` SET `popup_seen` = 'yes'
WHERE `user_id` = 'admin';
UPDATE `ci_sessions` SET `timestamp` = 1736610816, `data` = '__ci_last_regenerate|i:1736610816;isLogIn|b:1;isAdmin|b:1;id|s:1:\"1\";fullname|s:11:\"admin admin\";user_level|s:5:\"Admin\";email|s:23:\"admin@travelegendcy.com\";image|s:53:\"upload/settings/4a1f1b602322adb837a7a3547ee69cf3.jpeg\";last_login|s:19:\"2025-01-11 05:50:24\";last_logout|s:19:\"2025-01-11 05:51:30\";ip_address|s:14:\"108.162.226.21\";'
WHERE `id` = 'e4c0158c21051961e57cfc5d5ba10c539c5daddf';
INSERT INTO `uploads` (`id`, `item_title`, `item_link`, `file_link`, `date`, `description`) VALUES ('', 'Presentación de Negocio 2025', 'upload/items/d84e10c53b7617b637efd94f4255287f.png', 'upload/files/0131ca585fa727d4fade13518a1cbf41.pdf', '2025-01-11 09:53:36', 'Use this presentation as a tool to share our business opportunity.');
UPDATE `ci_sessions` SET `timestamp` = 1736610865, `data` = '__ci_last_regenerate|i:1736610865;id|s:4:\"2019\";user_id|s:5:\"admin\";username|s:5:\"admin\";sponsor_id|s:1:\"0\";fullname|s:11:\"Alex Carrey\";email|s:15:\"admin@admin.com\";phone|s:10:\"1235467892\";isLogIn|b:1;'
WHERE `id` = '5c60fd18c4bb6015e2c689e1bea862a66378c3df';
UPDATE `ci_sessions` SET `timestamp` = 1736610902, `data` = '__ci_last_regenerate|i:1736610902;id|s:4:\"2020\";user_id|s:6:\"35H9RV\";username|s:6:\"vijesh\";sponsor_id|s:5:\"admin\";fullname|s:13:\"testuser test\";email|s:17:\"testuser@mail.com\";phone|s:10:\"6567576767\";isLogIn|b:1;'
WHERE `id` = '97c6c06809630f9a35fc5a8cb77d530bd89522b2';
UPDATE `user_registration` SET `popup_seen` = 'yes'
WHERE `user_id` = '35H9RV';
UPDATE `ci_sessions` SET `timestamp` = 1736613488, `data` = '__ci_last_regenerate|i:1736613488;isLogIn|b:1;isAdmin|b:1;id|s:1:\"1\";fullname|s:11:\"admin admin\";user_level|s:5:\"Admin\";email|s:23:\"admin@travelegendcy.com\";image|s:53:\"upload/settings/4a1f1b602322adb837a7a3547ee69cf3.jpeg\";last_login|s:19:\"2025-01-11 05:50:24\";last_logout|s:19:\"2025-01-11 05:51:30\";ip_address|s:14:\"108.162.226.21\";'
WHERE `id` = 'e4c0158c21051961e57cfc5d5ba10c539c5daddf';
DELETE FROM `uploads`
WHERE `id` = '4';
INSERT INTO `uploads` (`id`, `item_title`, `item_link`, `file_link`, `date`, `description`) VALUES ('', 'Presentación de Negocio 2025', 'upload/items/2f89050ca1b505cb8729ef2de91e41e3.png', 'upload/files/c6ed0de5dd78f30c47e890e2a897cbcc.pdf', '2025-01-11 10:41:33', 'Utilice esta presentación como herramienta para compartir nuestra oportunidad de negocio.');
UPDATE `ci_sessions` SET `timestamp` = 1736613859, `data` = '__ci_last_regenerate|i:1736613859;isLogIn|b:1;isAdmin|b:1;id|s:1:\"1\";fullname|s:11:\"admin admin\";user_level|s:5:\"Admin\";email|s:23:\"admin@travelegendcy.com\";image|s:53:\"upload/settings/4a1f1b602322adb837a7a3547ee69cf3.jpeg\";last_login|s:19:\"2025-01-11 05:50:24\";last_logout|s:19:\"2025-01-11 05:51:30\";ip_address|s:14:\"108.162.226.21\";main_menu|s:7:\"uploads\";message|s:18:\"Save Successfully!\";__ci_vars|a:1:{s:7:\"message\";s:3:\"new\";}'
WHERE `id` = '23f42a8a2d2cce0ef438087f09405c8b8eae78bf';
UPDATE `ci_sessions` SET `timestamp` = 1736613871, `data` = '__ci_last_regenerate|i:1736613871;id|s:4:\"2019\";user_id|s:5:\"admin\";username|s:5:\"admin\";sponsor_id|s:1:\"0\";fullname|s:11:\"Alex Carrey\";email|s:15:\"admin@admin.com\";phone|s:10:\"1235467892\";isLogIn|b:1;'
WHERE `id` = '3bec28d68bc587c0f2fd62de1b8a7518c1efdac4';
UPDATE `ci_sessions` SET `timestamp` = 1736614266, `data` = '__ci_last_regenerate|i:1736614266;isLogIn|b:1;isAdmin|b:1;id|s:1:\"1\";fullname|s:11:\"admin admin\";user_level|s:5:\"Admin\";email|s:23:\"admin@travelegendcy.com\";image|s:53:\"upload/settings/4a1f1b602322adb837a7a3547ee69cf3.jpeg\";last_login|s:19:\"2025-01-11 05:50:24\";last_logout|s:19:\"2025-01-11 05:51:30\";ip_address|s:14:\"108.162.226.21\";'
WHERE `id` = '12f4473221d2d2b1003345d1ce82c3721fa7828c';
INSERT INTO `benefits_package` (`package_id`, `package_title`, `description`, `category`, `link`, `phone`, `address`, `cost`, `pack_image`) VALUES ('', 'Avobe and Beyond', '<p>This is your ultimate platform for unlocking unparalleled savings on travel, shopping, and lifestyle essentials. Explore incredible deals on flights, accommodations, and vacations, while enjoying discounts on top brands and everyday luxuries. Elevate your lifestyle without exceeding your budget—because extraordinary experiences shouldn’t come with an extraordinary price tag.</p>', 'platform', 'https://hotelsetc.enjoymydeals.com/', 'N/A', 'N/A', '', 'upload/benefits_pack_image/c97d15d3137f3a70702798aae2c80905.png');
UPDATE `ci_sessions` SET `timestamp` = 1736614348, `data` = '__ci_last_regenerate|i:1736614348;id|s:4:\"2019\";user_id|s:5:\"admin\";username|s:5:\"admin\";sponsor_id|s:1:\"0\";fullname|s:11:\"Alex Carrey\";email|s:15:\"admin@admin.com\";phone|s:10:\"1235467892\";isLogIn|b:1;'
WHERE `id` = '6a311ea4b45831b1da375af15b9cb473b815d09f';
UPDATE `benefits_package` SET `package_id` = '4', `package_title` = 'Avobe and Beyond', `description` = '<p>This is your ultimate platform for unlocking unparalleled savings on travel, shopping, and lifestyle essentials.</p><p>Explore incredible deals on flights, accommodations, and vacations, while enjoying discounts on top brands and everyday luxuries. Elevate your lifestyle without exceeding your budget—because extraordinary experiences shouldn’t come with an extraordinary price tag.</p>', `category` = 'platform', `link` = 'https://hotelsetc.enjoymydeals.com/', `phone` = 'N/A', `address` = 'N/A', `cost` = '0', `pack_image` = 'upload/benefits_pack_image/c97d15d3137f3a70702798aae2c80905.png'
WHERE `package_id` = '4';
UPDATE `ci_sessions` SET `timestamp` = 1736614653, `data` = '__ci_last_regenerate|i:1736614653;id|s:4:\"2019\";user_id|s:5:\"admin\";username|s:5:\"admin\";sponsor_id|s:1:\"0\";fullname|s:11:\"Alex Carrey\";email|s:15:\"admin@admin.com\";phone|s:10:\"1235467892\";isLogIn|b:1;'
WHERE `id` = '77a9d2f50b1cc92b8a227046e6ba3cbba151df6d';
UPDATE `ci_sessions` SET `timestamp` = 1736614816, `data` = '__ci_last_regenerate|i:1736614816;isLogIn|b:1;isAdmin|b:1;id|s:1:\"1\";fullname|s:11:\"admin admin\";user_level|s:5:\"Admin\";email|s:23:\"admin@travelegendcy.com\";image|s:53:\"upload/settings/4a1f1b602322adb837a7a3547ee69cf3.jpeg\";last_login|s:19:\"2025-01-11 05:50:24\";last_logout|s:19:\"2025-01-11 05:51:30\";ip_address|s:14:\"108.162.226.21\";message|s:20:\"Update Successfully!\";__ci_vars|a:1:{s:7:\"message\";s:3:\"old\";}'
WHERE `id` = '97ae2f767f683e127d23de2f2fe4ec0b89efbfaf';
UPDATE `ci_sessions` SET `timestamp` = 1736617694, `data` = '__ci_last_regenerate|i:1736617694;id|s:4:\"2019\";user_id|s:5:\"admin\";username|s:5:\"admin\";sponsor_id|s:1:\"0\";fullname|s:11:\"Alex Carrey\";email|s:15:\"admin@admin.com\";phone|s:10:\"1235467892\";isLogIn|b:1;'
WHERE `id` = '145cf53e135a55cd9a8044ecec546f7064cf2b77';
UPDATE `user_registration` SET `popup_seen` = 'yes'
WHERE `user_id` = 'admin';
INSERT INTO `login_history` (`user_id`, `device`, `ip_address`, `date`) VALUES ('PBFKSY', 'Mozilla/5.0 (Windows NT 10.0; Win64; x64) AppleWebKit/537.36 (KHTML, like Gecko) Chrome/131.0.0.0 Safari/537.36', '172.70.83.12', '25-01-11 11:55');
UPDATE `user_registration` SET `popup_seen` = 'yes'
WHERE `user_id` = 'PBFKSY';
UPDATE `ci_sessions` SET `timestamp` = 1736618505, `data` = '__ci_last_regenerate|i:1736618505;id|s:4:\"2029\";user_id|s:6:\"PBFKSY\";username|s:7:\"Palermo\";sponsor_id|s:6:\"SJBNYJ\";fullname|s:13:\"Rosmery Gomez\";email|s:25:\"emiliotapanes+5@gmail.com\";phone|s:10:\"7862876762\";isLogIn|b:1;'
WHERE `id` = 'a1db477cae1381f586c16c4648918edd1a7a8298';
UPDATE `user_registration` SET `password` = '21faaf480f03cce3c584955896c6d526'
WHERE `user_id` = 'PBFKSY';
UPDATE `user_registration` SET `popup_seen` = 'yes'
WHERE `user_id` = 'PBFKSY';
UPDATE `user_registration` SET `popup_seen` = 'no'
WHERE `user_id` = 'PBFKSY';
DELETE FROM `ci_sessions`
WHERE `id` = 'a62ad4f126dcea3e6edd5b99996a096be5139f3a';
INSERT INTO `login_history` (`user_id`, `device`, `ip_address`, `date`) VALUES ('PBFKSY', 'Mozilla/5.0 (Windows NT 10.0; Win64; x64) AppleWebKit/537.36 (KHTML, like Gecko) Chrome/131.0.0.0 Safari/537.36', '172.69.132.246', '25-01-11 12:04');
UPDATE `user_registration` SET `popup_seen` = 'yes'
WHERE `user_id` = 'PBFKSY';
UPDATE `user_registration` SET `popup_seen` = 'no'
WHERE `user_id` = 'PBFKSY';
DELETE FROM `ci_sessions`
WHERE `id` = '27eec16adcb52871ee228e8dffb3bd702c45b668';
INSERT INTO `login_history` (`user_id`, `device`, `ip_address`, `date`) VALUES ('PBFKSY', 'Mozilla/5.0 (Windows NT 10.0; Win64; x64) AppleWebKit/537.36 (KHTML, like Gecko) Chrome/131.0.0.0 Safari/537.36', '172.70.254.136', '25-01-11 12:07');
UPDATE `user_registration` SET `popup_seen` = 'yes'
WHERE `user_id` = 'PBFKSY';
UPDATE `ci_sessions` SET `timestamp` = 1736619008, `data` = '__ci_last_regenerate|i:1736619008;id|s:4:\"2029\";user_id|s:6:\"PBFKSY\";username|s:7:\"Palermo\";sponsor_id|s:6:\"SJBNYJ\";fullname|s:13:\"Rosmery Gomez\";email|s:25:\"emiliotapanes+5@gmail.com\";phone|s:10:\"7862876762\";isLogIn|b:1;message|s:21:\"Welcome Rosmery Gomez\";__ci_vars|a:1:{s:7:\"message\";s:3:\"old\";}'
WHERE `id` = 'c0d23a9344d14fbe5f7c1dbdfa2608d256348839';
UPDATE `user_registration` SET `popup_seen` = 'no'
WHERE `user_id` = 'PBFKSY';
DELETE FROM `ci_sessions`
WHERE `id` = '4773d6d98c9372266013cf54a64a8260d545e990';
INSERT INTO `login_history` (`user_id`, `device`, `ip_address`, `date`) VALUES ('PBFKSY', 'Mozilla/5.0 (Windows NT 10.0; Win64; x64) AppleWebKit/537.36 (KHTML, like Gecko) Chrome/131.0.0.0 Safari/537.36', '172.70.55.159', '25-01-11 12:10');
UPDATE `user_registration` SET `popup_seen` = 'yes'
WHERE `user_id` = 'PBFKSY';
UPDATE `ci_sessions` SET `timestamp` = 1736619109, `data` = '__ci_last_regenerate|i:1736619109;captcha|s:4:\"t712\";'
WHERE `id` = 'daec4d6418f556b3b92927b22c266ae61f4fd1f6';
INSERT INTO `login_history` (`user_id`, `device`, `ip_address`, `date`) VALUES ('PBFKSY', 'Mozilla/5.0 (Macintosh; Intel Mac OS X 10_15_7) AppleWebKit/605.1.15 (KHTML, like Gecko) Version/17.6 Safari/605.1.15', '108.162.212.68', '25-01-11 12:11');
UPDATE `user_registration` SET `popup_seen` = 'yes'
WHERE `user_id` = 'PBFKSY';
UPDATE `user_registration` SET `popup_seen` = 'yes'
WHERE `user_id` = 'PBFKSY';
UPDATE `user_registration` SET `popup_seen` = 'yes'
WHERE `user_id` = 'PBFKSY';
UPDATE `ci_sessions` SET `timestamp` = 1736619426, `data` = '__ci_last_regenerate|i:1736619426;id|s:4:\"2029\";user_id|s:6:\"PBFKSY\";username|s:7:\"Palermo\";sponsor_id|s:6:\"SJBNYJ\";fullname|s:13:\"Rosmery Gomez\";email|s:25:\"emiliotapanes+5@gmail.com\";phone|s:10:\"7862876762\";isLogIn|b:1;'
WHERE `id` = '1f9184b203179d5d4f9d12e93df8b016b053da40';
UPDATE `ci_sessions` SET `timestamp` = 1736619428, `data` = '__ci_last_regenerate|i:1736619428;id|s:4:\"2029\";user_id|s:6:\"PBFKSY\";username|s:7:\"Palermo\";sponsor_id|s:6:\"SJBNYJ\";fullname|s:13:\"Rosmery Gomez\";email|s:25:\"emiliotapanes+5@gmail.com\";phone|s:10:\"7862876762\";isLogIn|b:1;'
WHERE `id` = '56572fcb89ffa2c4d06efb447ab16f67d135c2f6';
INSERT INTO `add_cart` (`user_id`, `product_id`, `product_name`, `product_amount`, `product_point`, `product_image`, `product_details`, `quantity`, `total_amount`, `country`, `state`, `total_point`, `date`) VALUES ('PBFKSY', '4', 'Nature closer than ever 5D/4N', '150', '75', 'upload/product_image/26befb7ea681b50416c8a9a9ac83fc6a.png', '<p><span style=\"color:rgb(0,0,0);\">Orlando is famed for its iconic theme parks, exciting attractions, and year-round sunshine. With thrilling adventures, diverse dining, and endless shopping, it’s a perfect getaway for families and fun-seekers alike.</span></p><p><span style=\"color:rgb(0,0,0);\"><strong>5 days / 4 nights</strong></span></p><p><span style=\"color:rgb(0,0,0);\"><strong>Cost: $150</strong></span></p>', 1, 150, '223', '4250', 75, '2025-01-11 12:20:56');
UPDATE `add_cart` SET quantity = quantity + 1, total_amount = total_amount + 150, total_point = total_point + 75
WHERE `user_id` = 'PBFKSY'
AND `product_id` = '4';
UPDATE `add_cart` SET `quantity` = '2', `total_amount` = 300, `total_point` = 150
WHERE `id` = '23';
UPDATE `add_cart` SET `quantity` = '2', `total_amount` = 300, `total_point` = 150
WHERE `id` = '23';
UPDATE `ci_sessions` SET `timestamp` = 1736619729, `data` = '__ci_last_regenerate|i:1736619729;id|s:4:\"2029\";user_id|s:6:\"PBFKSY\";username|s:7:\"Palermo\";sponsor_id|s:6:\"SJBNYJ\";fullname|s:13:\"Rosmery Gomez\";email|s:25:\"emiliotapanes+5@gmail.com\";phone|s:10:\"7862876762\";isLogIn|b:1;'
WHERE `id` = '0147245b38d182efbe677053a8344ab30cd4eb52';
DELETE FROM `add_cart`
WHERE `id` = '23';
UPDATE `ci_sessions` SET `timestamp` = 1736619740, `data` = '__ci_last_regenerate|i:1736619740;id|s:4:\"2029\";user_id|s:6:\"PBFKSY\";username|s:7:\"Palermo\";sponsor_id|s:6:\"SJBNYJ\";fullname|s:13:\"Rosmery Gomez\";email|s:25:\"emiliotapanes+5@gmail.com\";phone|s:10:\"7862876762\";isLogIn|b:1;'
WHERE `id` = 'aad283738cea8af1bbb43338d84d6d9cc07375a0';
UPDATE `ci_sessions` SET `timestamp` = 1736620517, `data` = '__ci_last_regenerate|i:1736620517;id|s:4:\"2029\";user_id|s:6:\"PBFKSY\";username|s:7:\"Palermo\";sponsor_id|s:6:\"SJBNYJ\";fullname|s:13:\"Rosmery Gomez\";email|s:25:\"emiliotapanes+5@gmail.com\";phone|s:10:\"7862876762\";isLogIn|b:1;'
WHERE `id` = '9fa8cd05fc9667a7cb3d95fe6d0779eb2d79fba6';
UPDATE `ci_sessions` SET `timestamp` = 1736620540, `data` = '__ci_last_regenerate|i:1736620540;id|s:4:\"2029\";user_id|s:6:\"PBFKSY\";username|s:7:\"Palermo\";sponsor_id|s:6:\"SJBNYJ\";fullname|s:13:\"Rosmery Gomez\";email|s:25:\"emiliotapanes+5@gmail.com\";phone|s:10:\"7862876762\";isLogIn|b:1;'
WHERE `id` = '7223fd1f976ca2ee59095a24543e483ec16ac9de';
UPDATE `user_registration` SET `default_leg` = 'right'
WHERE `user_id` = 'PBFKSY';
UPDATE `user_registration` SET `default_leg` = 'auto'
WHERE `user_id` = 'PBFKSY';
UPDATE `ci_sessions` SET `timestamp` = 1736620948, `data` = '__ci_last_regenerate|i:1736620948;id|s:4:\"2029\";user_id|s:6:\"PBFKSY\";username|s:7:\"Palermo\";sponsor_id|s:6:\"SJBNYJ\";fullname|s:13:\"Rosmery Gomez\";email|s:25:\"emiliotapanes+5@gmail.com\";phone|s:10:\"7862876762\";isLogIn|b:1;message|s:38:\"Your default Leg Updated Successfully!\";__ci_vars|a:1:{s:7:\"message\";s:3:\"old\";}'
WHERE `id` = '6ce36c8e575c86df901bd8beacc2d87ae8df9e9e';
UPDATE `user_registration` SET `popup_seen` = 'yes'
WHERE `user_id` = 'PBFKSY';
UPDATE `user_registration` SET `popup_seen` = 'yes'
WHERE `user_id` = 'PBFKSY';
UPDATE `ci_sessions` SET `timestamp` = 1736622351, `data` = '__ci_last_regenerate|i:1736622351;id|s:4:\"2029\";user_id|s:6:\"PBFKSY\";username|s:7:\"Palermo\";sponsor_id|s:6:\"SJBNYJ\";fullname|s:13:\"Rosmery Gomez\";email|s:25:\"emiliotapanes+5@gmail.com\";phone|s:10:\"7862876762\";isLogIn|b:1;'
WHERE `id` = '1715f5947f1ff09f3bcb0fe8a07c880ce0873726';
UPDATE `user_registration` SET `popup_seen` = 'yes'
WHERE `user_id` = 'PBFKSY';
INSERT INTO `login_history` (`user_id`, `device`, `ip_address`, `date`) VALUES ('PBFKSY', 'Mozilla/5.0 (Macintosh; Intel Mac OS X 10_15_7) AppleWebKit/605.1.15 (KHTML, like Gecko) Version/17.6 Safari/605.1.15', '172.70.82.149', '25-01-11 15:09');
UPDATE `user_registration` SET `popup_seen` = 'yes'
WHERE `user_id` = 'PBFKSY';
UPDATE `ci_sessions` SET `timestamp` = 1736629958, `data` = '__ci_last_regenerate|i:1736629958;id|s:4:\"2029\";user_id|s:6:\"PBFKSY\";username|s:7:\"Palermo\";sponsor_id|s:6:\"SJBNYJ\";fullname|s:13:\"Rosmery Gomez\";email|s:25:\"emiliotapanes+5@gmail.com\";phone|s:10:\"7862876762\";isLogIn|b:1;message|s:21:\"Welcome Rosmery Gomez\";__ci_vars|a:1:{s:7:\"message\";s:3:\"old\";}'
WHERE `id` = '18953bd5e966f035c03104bf1488f64a4e4179d7';
UPDATE `ci_sessions` SET `timestamp` = 1736630277, `data` = '__ci_last_regenerate|i:1736630277;id|s:4:\"2029\";user_id|s:6:\"PBFKSY\";username|s:7:\"Palermo\";sponsor_id|s:6:\"SJBNYJ\";fullname|s:13:\"Rosmery Gomez\";email|s:25:\"emiliotapanes+5@gmail.com\";phone|s:10:\"7862876762\";isLogIn|b:1;'
WHERE `id` = '70c66e3a8e1c469f551f3152d9e67351b04ecdb7';
UPDATE `user_registration` SET `language` = 'english'
WHERE `user_id` = 'PBFKSY';
UPDATE `user_registration` SET `language` = 'spanish'
WHERE `user_id` = 'PBFKSY';
UPDATE `user_registration` SET `language` = 'spanish'
WHERE `user_id` = 'PBFKSY';
UPDATE `user_registration` SET `language` = 'english'
WHERE `user_id` = 'PBFKSY';
UPDATE `user_registration` SET `language` = 'spanish'
WHERE `user_id` = 'PBFKSY';
UPDATE `ci_sessions` SET `timestamp` = 1736630607, `data` = '__ci_last_regenerate|i:1736630607;id|s:4:\"2029\";user_id|s:6:\"PBFKSY\";username|s:7:\"Palermo\";sponsor_id|s:6:\"SJBNYJ\";fullname|s:13:\"Rosmery Gomez\";email|s:25:\"emiliotapanes+5@gmail.com\";phone|s:10:\"7862876762\";isLogIn|b:1;'
WHERE `id` = 'e5206d9cf63439850e85c09049d2fa77bea78b1a';
UPDATE `user_registration` SET `popup_seen` = 'yes'
WHERE `user_id` = 'PBFKSY';
UPDATE `ci_sessions` SET `timestamp` = 1736630957, `data` = '__ci_last_regenerate|i:1736630957;id|s:4:\"2029\";user_id|s:6:\"PBFKSY\";username|s:7:\"Palermo\";sponsor_id|s:6:\"SJBNYJ\";fullname|s:13:\"Rosmery Gomez\";email|s:25:\"emiliotapanes+5@gmail.com\";phone|s:10:\"7862876762\";isLogIn|b:1;'
WHERE `id` = '4fc007e8f862f2801617dc1faa248818c8345104';
UPDATE `user_registration` SET `popup_seen` = 'no'
WHERE `user_id` = 'PBFKSY';
DELETE FROM `ci_sessions`
WHERE `id` = '76e7e79be6b84c907e3c6a2f4d50346ac6f03eaf';
UPDATE `ci_sessions` SET `timestamp` = 1736631492, `data` = '__ci_last_regenerate|i:1736631492;captcha|s:4:\"32m5\";'
WHERE `id` = '4bd457252466f8a82ee8e8f6f2cc50f52336c661';
INSERT INTO `login_history` (`user_id`, `device`, `ip_address`, `date`) VALUES ('PBFKSY', 'Mozilla/5.0 (Macintosh; Intel Mac OS X 10_15_7) AppleWebKit/605.1.15 (KHTML, like Gecko) Version/17.6 Safari/605.1.15', '172.70.82.190', '25-01-11 15:38');
UPDATE `user_registration` SET `popup_seen` = 'yes'
WHERE `user_id` = 'PBFKSY';
UPDATE `ci_sessions` SET `timestamp` = 1736634309, `data` = '__ci_last_regenerate|i:1736634309;id|s:4:\"2029\";user_id|s:6:\"PBFKSY\";username|s:7:\"Palermo\";sponsor_id|s:6:\"SJBNYJ\";fullname|s:13:\"Rosmery Gomez\";email|s:25:\"emiliotapanes+5@gmail.com\";phone|s:10:\"7862876762\";isLogIn|b:1;'
WHERE `id` = '0d345755d18fdea70021dbe160de52772f18db2e';
UPDATE `user_registration` SET `popup_seen` = 'yes'
WHERE `user_id` = 'PBFKSY';
INSERT INTO `cron_job_history` (`name`, `date_started`, `status`) VALUES ('backup', '2025-01-12 00:00:01', 'started');
UPDATE `cron_job_history` SET `status` = 'done', `date_end` = '2025-01-12 00:00:01'
WHERE `id` = 129;
INSERT INTO `cron_job_history` (`name`, `date_started`, `status`) VALUES ('deduct_sub_amt_from_ewallet', '2025-01-12 00:05:02', 'started');
UPDATE `cron_job_history` SET `status` = 'done', `date_end` = '2025-01-12 00:05:02'
WHERE `id` = 130;
INSERT INTO `cron_job_history` (`name`, `date_started`, `status`) VALUES ('backup', '2025-01-13 00:00:01', 'started');
UPDATE `cron_job_history` SET `status` = 'done', `date_end` = '2025-01-13 00:00:01'
WHERE `id` = 131;
INSERT INTO `cron_job_history` (`name`, `date_started`, `status`) VALUES ('deduct_sub_amt_from_ewallet', '2025-01-13 00:05:01', 'started');
UPDATE `cron_job_history` SET `status` = 'done', `date_end` = '2025-01-13 00:05:01'
WHERE `id` = 132;
UPDATE `ci_sessions` SET `timestamp` = 1736764395, `data` = '__ci_last_regenerate|i:1736764395;captcha|s:4:\"vqw0\";'
WHERE `id` = '916c9b9e9449b5a8e4c6b43e381140679561f632';
UPDATE `admin` SET `last_login` = '2025-01-13 04:34:12', `ip_address` = '172.69.178.41'
WHERE `id` = '1';
UPDATE `admin` SET `last_logout` = '2025-01-13 04:36:30'
WHERE `id` = '1';
DELETE FROM `ci_sessions`
WHERE `id` = '2ff2f570e9cdbc9b6bc53c6333265ebeceec7ba9';
UPDATE `ci_sessions` SET `timestamp` = 1736765988, `data` = '__ci_last_regenerate|i:1736765988;captcha|s:4:\"ui90\";'
WHERE `id` = '219ffe3ba8ac5230892b68f9785f30775554c96f';
UPDATE `admin` SET `last_login` = '2025-01-13 05:00:45', `ip_address` = '172.69.86.104'
WHERE `id` = '1';
UPDATE `admin` SET `last_logout` = '2025-01-13 05:01:05'
WHERE `id` = '1';
DELETE FROM `ci_sessions`
WHERE `id` = 'b2b890ffac9366673c1ba5deb0f01191c29f0bd5';
UPDATE `admin` SET `last_login` = '2025-01-13 05:01:12', `ip_address` = '172.69.86.104'
WHERE `id` = '1';
UPDATE `admin` SET `last_logout` = '2025-01-13 05:01:18'
WHERE `id` = '1';
DELETE FROM `ci_sessions`
WHERE `id` = '92ab6192e291dfd3d97a9b710d2761714fa94739';
UPDATE `ci_sessions` SET `timestamp` = 1736766122, `data` = '__ci_last_regenerate|i:1736766122;captcha|s:4:\"gisf\";'
WHERE `id` = '86aae48936fe978dfa05a1b6a8f051f6111b5ca3';
UPDATE `ci_sessions` SET `timestamp` = 1736768320, `data` = '__ci_last_regenerate|i:1736768320;captcha|s:4:\"nudz\";'
WHERE `id` = '745322e0fdddcef168a2db342ee22d720079c20c';
UPDATE `admin` SET `last_login` = '2025-01-13 05:38:40', `ip_address` = '172.69.94.205'
WHERE `id` = '1';
INSERT INTO `admin` (`id`, `firstname`, `lastname`, `email`, `password`, `about`, `image`, `last_login`, `last_logout`, `ip_address`, `status`, `is_admin`) VALUES ('', 'vijesh', 'kmr', 'vijeshkmr666@gmail.com', '4297f44b13955235245b2497399d7a93', 'aaqwq', 'upload/dashboard/10a66002f20d2d499e1c379f3b38900b.jpg', NULL, NULL, NULL, '1', 2);
UPDATE `admin` SET `last_logout` = '2025-01-13 05:41:52'
WHERE `id` = '1';
DELETE FROM `ci_sessions`
WHERE `id` = '71885f2a260e29abf11b16dc625730f8869751bf';
UPDATE `ci_sessions` SET `timestamp` = 1736769319, `data` = '__ci_last_regenerate|i:1736769319;captcha|s:4:\"e3kg\";'
WHERE `id` = '3b25d4bfd31059d6165f0bf15d19930a7784a82d';
INSERT INTO `login_history` (`user_id`, `device`, `ip_address`, `date`) VALUES ('PBFKSY', 'Mozilla/5.0 (Windows NT 10.0; Win64; x64) AppleWebKit/537.36 (KHTML, like Gecko) Chrome/131.0.0.0 Safari/537.36', '172.70.54.156', '25-01-13 09:38');
UPDATE `user_registration` SET `popup_seen` = 'yes'
WHERE `user_id` = 'PBFKSY';
UPDATE `user_registration` SET `popup_seen` = 'yes'
WHERE `user_id` = 'PBFKSY';
UPDATE `user_registration` SET `language` = 'english'
WHERE `user_id` = 'PBFKSY';
UPDATE `user_registration` SET `popup_seen` = 'yes'
WHERE `user_id` = 'PBFKSY';
UPDATE `ci_sessions` SET `timestamp` = 1736784278, `data` = '__ci_last_regenerate|i:1736784278;id|s:4:\"2029\";user_id|s:6:\"PBFKSY\";username|s:7:\"Palermo\";sponsor_id|s:6:\"SJBNYJ\";fullname|s:13:\"Rosmery Gomez\";email|s:25:\"emiliotapanes+5@gmail.com\";phone|s:10:\"7862876762\";isLogIn|b:1;'
WHERE `id` = 'a9bb310027c689b625d40ed3e353ed85a1286913';
UPDATE `ci_sessions` SET `timestamp` = 1736784599, `data` = '__ci_last_regenerate|i:1736784599;id|s:4:\"2029\";user_id|s:6:\"PBFKSY\";username|s:7:\"Palermo\";sponsor_id|s:6:\"SJBNYJ\";fullname|s:13:\"Rosmery Gomez\";email|s:25:\"emiliotapanes+5@gmail.com\";phone|s:10:\"7862876762\";isLogIn|b:1;'
WHERE `id` = '8ed6cdf9aa1380e9994c3d7af402272b1e02aa1b';
UPDATE `ci_sessions` SET `timestamp` = 1736784901, `data` = '__ci_last_regenerate|i:1736784901;id|s:4:\"2029\";user_id|s:6:\"PBFKSY\";username|s:7:\"Palermo\";sponsor_id|s:6:\"SJBNYJ\";fullname|s:13:\"Rosmery Gomez\";email|s:25:\"emiliotapanes+5@gmail.com\";phone|s:10:\"7862876762\";isLogIn|b:1;'
WHERE `id` = '47983f41425f3a2d375bdc0dd7654790e5377472';
UPDATE `user_registration` SET `default_leg` = 'right'
WHERE `user_id` = 'PBFKSY';
UPDATE `user_registration` SET `default_leg` = 'auto'
WHERE `user_id` = 'PBFKSY';
UPDATE `admin` SET `last_login` = '2025-01-13 10:47:51', `ip_address` = '172.70.255.181'
WHERE `id` = '1';
UPDATE `ci_sessions` SET `timestamp` = 1736787299, `data` = '__ci_last_regenerate|i:1736787299;isLogIn|b:1;isAdmin|b:1;id|s:1:\"1\";fullname|s:11:\"admin admin\";user_level|s:5:\"Admin\";email|s:23:\"admin@travelegendcy.com\";image|s:53:\"upload/settings/4a1f1b602322adb837a7a3547ee69cf3.jpeg\";last_login|s:19:\"2025-01-13 05:38:40\";last_logout|s:19:\"2025-01-13 05:41:52\";ip_address|s:13:\"172.69.94.205\";message|s:25:\"Welcome back  admin admin\";__ci_vars|a:1:{s:7:\"message\";s:3:\"old\";}'
WHERE `id` = '4d4dbeac408da5097e81a98acd304e7fa55c1026';
UPDATE `user_registration` SET `popup_seen` = 'yes'
WHERE `user_id` IS NULL;
UPDATE `user_registration` SET `popup_seen` = 'no'
WHERE `user_id` IS NULL;
DELETE FROM `ci_sessions`
WHERE `id` = 'cd0c3e5c05cba5fa5953798a741588f351a1f26e';
UPDATE `admin` SET `last_logout` = '2025-01-13 10:55:12'
WHERE `id` IS NULL;
DELETE FROM `ci_sessions`
WHERE `id` = 'e7a9aeeba1256720c39e633adb74e9bbdae83ad4';
UPDATE `admin` SET `last_login` = '2025-01-13 10:56:56', `ip_address` = '172.70.54.34'
WHERE `id` = '1';
UPDATE `admin` SET `last_logout` = '2025-01-13 10:57:13'
WHERE `id` = '1';
DELETE FROM `ci_sessions`
WHERE `id` = '7d40c44954a357b3fe8fcc61a9ea01fbbfb4c391';
UPDATE `admin` SET `last_login` = '2025-01-13 10:58:50', `ip_address` = '172.70.55.83'
WHERE `id` = '1';
UPDATE `ci_sessions` SET `timestamp` = 1736787743, `data` = '__ci_last_regenerate|i:1736787743;isLogIn|b:1;isAdmin|b:1;id|s:1:\"1\";fullname|s:11:\"admin admin\";user_level|s:5:\"Admin\";email|s:23:\"admin@travelegendcy.com\";image|s:53:\"upload/settings/4a1f1b602322adb837a7a3547ee69cf3.jpeg\";last_login|s:19:\"2025-01-13 10:56:56\";last_logout|s:19:\"2025-01-13 10:57:13\";ip_address|s:12:\"172.70.54.34\";'
WHERE `id` = '6578f5166acc82559d7c75a6bb7aa1e00f10030f';
INSERT INTO `admin` (`id`, `firstname`, `lastname`, `email`, `password`, `about`, `image`, `last_login`, `last_logout`, `ip_address`, `status`, `is_admin`) VALUES ('', 'Michael', 'Boza', 'deeptalent@hotmail.com', '47c22c46997f698ef864fb75053545a9', '', '', NULL, NULL, NULL, '1', 2);
UPDATE `admin` SET `last_login` = '2025-01-13 11:07:33', `ip_address` = '172.70.54.68'
WHERE `id` = '3';
UPDATE `user_registration` SET `popup_seen` = 'yes'
WHERE `user_id` IS NULL;
UPDATE `ci_sessions` SET `timestamp` = 1736788312, `data` = '__ci_last_regenerate|i:1736788312;isLogIn|b:1;isAdmin|b:1;id|s:1:\"1\";fullname|s:11:\"admin admin\";user_level|s:5:\"Admin\";email|s:23:\"admin@travelegendcy.com\";image|s:53:\"upload/settings/4a1f1b602322adb837a7a3547ee69cf3.jpeg\";last_login|s:19:\"2025-01-13 10:56:56\";last_logout|s:19:\"2025-01-13 10:57:13\";ip_address|s:12:\"172.70.54.34\";'
WHERE `id` = 'b7d3aa76a93b3105b2b70bd9bafd22ded0833f2d';
DELETE FROM `banner`
WHERE `id` = '6';
INSERT INTO `banner` (`name`, `date`, `banner_image`) VALUES ('Earn More', '2025-01-13 11:12:34', 'upload/banner/b537e7d07a5b9cdeb1ebfe8cbdd83f6c.png');
UPDATE `ci_sessions` SET `timestamp` = 1736788359, `data` = '__ci_last_regenerate|i:1736788359;isLogIn|b:1;isAdmin|b:1;id|s:1:\"3\";fullname|s:12:\"Michael Boza\";user_level|s:4:\"User\";email|s:22:\"deeptalent@hotmail.com\";image|s:0:\"\";last_login|N;last_logout|N;ip_address|N;'
WHERE `id` = '3a26b7c09211e7882da55c908b0b02bc4058d3fe';
UPDATE `user_registration` SET `popup_seen` = 'yes'
WHERE `user_id` IS NULL;
UPDATE `user_registration` SET `popup_seen` = 'yes'
WHERE `user_id` IS NULL;
UPDATE `ci_sessions` SET `timestamp` = 1736789442, `data` = '__ci_last_regenerate|i:1736789442;isLogIn|b:1;isAdmin|b:1;id|s:1:\"3\";fullname|s:12:\"Michael Boza\";user_level|s:4:\"User\";email|s:22:\"deeptalent@hotmail.com\";image|s:0:\"\";last_login|N;last_logout|N;ip_address|N;'
WHERE `id` = 'b93bf8211b4d31c7ae2fb1684918198dff89be3e';
UPDATE `user_registration` SET `popup_seen` = 'yes'
WHERE `user_id` IS NULL;
UPDATE `ci_sessions` SET `timestamp` = 1736790500, `data` = '__ci_last_regenerate|i:1736790500;isLogIn|b:1;isAdmin|b:1;id|s:1:\"3\";fullname|s:12:\"Michael Boza\";user_level|s:4:\"User\";email|s:22:\"deeptalent@hotmail.com\";image|s:0:\"\";last_login|N;last_logout|N;ip_address|N;'
WHERE `id` = 'bbf7cee0208b35578acdb51f345946cc9f5d8789';
UPDATE `user_registration` SET `popup_seen` = 'no'
WHERE `user_id` IS NULL;
DELETE FROM `ci_sessions`
WHERE `id` = '6ebb5a14908eec15e6819338db5857b84779740e';
INSERT INTO `login_history` (`user_id`, `device`, `ip_address`, `date`) VALUES ('admin', 'Mozilla/5.0 (Windows NT 10.0; Win64; x64) AppleWebKit/537.36 (KHTML, like Gecko) Chrome/131.0.0.0 Safari/537.36', '172.71.156.143', '25-01-13 11:48');
UPDATE `user_registration` SET `popup_seen` = 'yes'
WHERE `user_id` = 'admin';
UPDATE `ci_sessions` SET `timestamp` = 1736794392, `data` = '__ci_last_regenerate|i:1736794392;captcha|s:4:\"14vh\";'
WHERE `id` = 'af183611e88c225fb6e394ecda692869276a6169';
INSERT INTO `login_history` (`user_id`, `device`, `ip_address`, `date`) VALUES ('44B9Y4', 'Mozilla/5.0 (Windows NT 10.0; Win64; x64) AppleWebKit/537.36 (KHTML, like Gecko) Chrome/131.0.0.0 Safari/537.36', '172.69.132.246', '25-01-13 13:17');
UPDATE `user_registration` SET `popup_seen` = 'yes'
WHERE `user_id` = '44B9Y4';
UPDATE `user_registration` SET `popup_seen` = 'yes'
WHERE `user_id` = '44B9Y4';
UPDATE `ci_sessions` SET `timestamp` = 1736796138, `data` = '__ci_last_regenerate|i:1736796138;id|s:4:\"2021\";user_id|s:6:\"44B9Y4\";username|s:7:\"Talimbi\";sponsor_id|s:5:\"admin\";fullname|s:14:\"Emilio Tapanes\";email|s:23:\"emiliotapanes@gmail.com\";phone|s:10:\"7862876762\";isLogIn|b:1;'
WHERE `id` = 'cb2baea85568e192aafc4c9b6e579460c5bbef00';
UPDATE `user_registration` SET `popup_seen` = 'no'
WHERE `user_id` = '44B9Y4';
DELETE FROM `ci_sessions`
WHERE `id` = 'b9c0e885aa2d612ef6f961f5e3d2b6e9a03e39af';
UPDATE `ci_sessions` SET `timestamp` = 1736808113, `data` = '__ci_last_regenerate|i:1736808113;captcha|s:4:\"dic7\";'
WHERE `id` = 'dfb4c002721c0cd557dc8d3ed7e856005dcdc2a3';
INSERT INTO `temp_register` (`post_data`, `date`, `payment_method`, `type`) VALUES ('{\"uid\":\"2039\",\"user_id\":\"PKHRN5\",\"username\":\"Caracas\",\"sponsor_id\":\"R37QLI\",\"vacant\":\"no\",\"f_name\":\"Ninon\",\"l_name\":\"Ramos\",\"position\":\"right\",\"email\":\"nrproducts20@gmail.com\",\"password\":\"d0d6ddd0007ff6746fdcdad1de39d273\",\"phone\":\"7865069935\",\"country\":\"United States\",\"state\":\"Florida\",\"city\":\"Miami\",\"street\":\"9131 SW 122 AV APTO 108 \",\"zip_code\":\"33186\",\"reg_ip\":\"172.69.132.241\",\"status\":1,\"package_id\":\"1\",\"rank_id\":1,\"highest_rank\":1,\"cycle_rank_id\":1,\"created\":\"2025-01-13 16:41:53\",\"subscription_date\":\"2025-02-12\",\"google_secret\":\"5WY37TRFRK7L7RHX\"}', '2025-01-13 16:41:53', 'stripe', 'register');
UPDATE `temp_register` SET `response` = '{\"stripeToken\":\"tok_1QgwLJ2NUoYUjiuuxlSgGxpB\",\"stripeTokenType\":\"card\",\"stripeEmail\":\"nrproducts20@gmail.com\"}', `date_modified` = '2025-01-13 16:42:51', `payment_status` = '{\"id\":\"ch_3QgwLO2NUoYUjiuu0j98yef6\",\"object\":\"charge\",\"amount\":19500,\"amount_captured\":19500,\"amount_refunded\":0,\"application\":null,\"application_fee\":null,\"application_fee_amount\":null,\"balance_transaction\":\"txn_3QgwLO2NUoYUjiuu0v4K5FEK\",\"billing_details\":{\"address\":{\"city\":null,\"country\":null,\"line1\":null,\"line2\":null,\"postal_code\":null,\"state\":null},\"email\":null,\"name\":\"nrproducts20@gmail.com\",\"phone\":null},\"calculated_statement_descriptor\":\"TRAVELEGENDCY LLC\",\"captured\":true,\"created\":1736808170,\"currency\":\"usd\",\"customer\":\"cus_Ra6YdlVIN8NlcR\",\"description\":null,\"destination\":null,\"dispute\":null,\"disputed\":false,\"failure_balance_transaction\":null,\"failure_code\":null,\"failure_message\":null,\"fraud_details\":[],\"invoice\":null,\"livemode\":true,\"metadata\":{\"name\":\"Ninon Ramos\",\"username\":\"Caracas\"},\"on_behalf_of\":null,\"order\":null,\"outcome\":{\"advice_code\":null,\"network_advice_code\":null,\"network_decline_code\":null,\"network_status\":\"approved_by_network\",\"reason\":null,\"risk_level\":\"normal\",\"seller_message\":\"Payment complete.\",\"type\":\"authorized\"},\"paid\":true,\"payment_intent\":null,\"payment_method\":\"card_1QgwLJ2NUoYUjiuuJWi1b00g\",\"payment_method_details\":{\"card\":{\"amount_authorized\":19500,\"authorization_code\":\"043668\",\"brand\":\"visa\",\"checks\":{\"address_line1_check\":null,\"address_postal_code_check\":null,\"cvc_check\":\"pass\"},\"country\":\"US\",\"exp_month\":11,\"exp_year\":2028,\"extended_authorization\":{\"status\":\"disabled\"},\"fingerprint\":\"8mRLNp5E7vfYnhp1\",\"funding\":\"debit\",\"incremental_authorization\":{\"status\":\"unavailable\"},\"installments\":null,\"last4\":\"8636\",\"mandate\":null,\"multicapture\":{\"status\":\"unavailable\"},\"network\":\"visa\",\"network_token\":{\"used\":false},\"network_transaction_id\":\"585013817702704\",\"overcapture\":{\"maximum_amount_capturable\":19500,\"status\":\"unavailable\"},\"regulated_status\":\"regulated\",\"three_d_secure\":null,\"wallet\":null},\"type\":\"card\"},\"receipt_email\":null,\"receipt_number\":null,\"receipt_url\":\"https:\\/\\/pay.stripe.com\\/receipts\\/payment\\/CAcQARoXChVhY2N0XzFRUEFGdjJOVW9ZVWppdXUo662WvAYyBpi77fIkZjosFnFI1uGsqyrS_apOQLr4jqUKihaj7m8sughm7rtXco0muIkff9AXW0Xe0GY\",\"refunded\":false,\"review\":null,\"shipping\":null,\"source\":{\"id\":\"card_1QgwLJ2NUoYUjiuuJWi1b00g\",\"object\":\"card\",\"address_city\":null,\"address_country\":null,\"address_line1\":null,\"address_line1_check\":null,\"address_line2\":null,\"address_state\":null,\"address_zip\":null,\"address_zip_check\":null,\"allow_redisplay\":\"unspecified\",\"brand\":\"Visa\",\"country\":\"US\",\"customer\":\"cus_Ra6YdlVIN8NlcR\",\"cvc_check\":\"pass\",\"dynamic_last4\":null,\"exp_month\":11,\"exp_year\":2028,\"fingerprint\":\"8mRLNp5E7vfYnhp1\",\"funding\":\"debit\",\"last4\":\"8636\",\"metadata\":[],\"name\":\"nrproducts20@gmail.com\",\"regulated_status\":\"regulated\",\"tokenization_method\":null,\"wallet\":null},\"source_transfer\":null,\"statement_descriptor\":null,\"statement_descriptor_suffix\":null,\"status\":\"succeeded\",\"transfer_data\":null,\"transfer_group\":null}'
WHERE `id` = 16;
UPDATE `user_registration` SET `uid` = '2039', `user_id` = 'PKHRN5', `username` = 'Caracas', `sponsor_id` = 'R37QLI', `vacant` = 'no', `f_name` = 'Ninon', `l_name` = 'Ramos', `position` = 'right', `email` = 'nrproducts20@gmail.com', `password` = 'd0d6ddd0007ff6746fdcdad1de39d273', `phone` = '7865069935', `country` = 'United States', `state` = 'Florida', `city` = 'Miami', `street` = '9131 SW 122 AV APTO 108 ', `zip_code` = '33186', `reg_ip` = '172.69.132.241', `status` = 1, `package_id` = '1', `rank_id` = 1, `highest_rank` = 1, `cycle_rank_id` = 1, `created` = '2025-01-13 16:41:53', `subscription_date` = '2025-02-12', `google_secret` = '5WY37TRFRK7L7RHX'
WHERE `uid` = '2039';
INSERT INTO `user_registration` (`uid`, `user_id`, `username`, `sponsor_id`, `placement_id`, `vacant`, `f_name`, `l_name`, `address`, `position`, `email`, `password`, `phone`, `reg_ip`, `status`, `created`) VALUES (NULL, 'XLJSJT', 'mqxecVOH', 'PKHRN5', 'PKHRN5', 'yes', '', '', '', 'left', '@mail.com', '', '', '', 0, '2025-01-13 16:42:51');
INSERT INTO `user_registration` (`uid`, `user_id`, `username`, `sponsor_id`, `placement_id`, `vacant`, `f_name`, `l_name`, `address`, `position`, `email`, `password`, `phone`, `reg_ip`, `status`, `created`) VALUES (NULL, 'PAURSX', 'HohnnoQO', 'PKHRN5', 'PKHRN5', 'yes', '', '', '', 'right', '@mail.com', '', '', '', 0, '2025-01-13 16:42:51');
INSERT INTO `bv_updation` (`user_id`) VALUES ('PKHRN5');
UPDATE `user_registration` SET total_ref_count = total_ref_count+1
WHERE `user_id` = 'R37QLI';
UPDATE `user_registration` SET total_downlines = total_downlines+1
WHERE `user_id` = 'R37QLI';
UPDATE `user_registration` SET right_downlines = right_downlines+1
WHERE `user_id` = 'R37QLI';
UPDATE `user_registration` SET right_ref_count = right_ref_count+1
WHERE `user_id` = 'R37QLI';
UPDATE `user_registration` SET active_right = active_right+1
WHERE `user_id` = 'R37QLI';
UPDATE `user_registration` SET total_downlines = total_downlines+1
WHERE `user_id` = 'H2HQC8';
UPDATE `user_registration` SET right_downlines = right_downlines+1
WHERE `user_id` = 'H2HQC8';
UPDATE `user_registration` SET total_downlines = total_downlines+1
WHERE `user_id` = '45E8V2';
UPDATE `user_registration` SET left_downlines = left_downlines+1
WHERE `user_id` = '45E8V2';
UPDATE `user_registration` SET total_downlines = total_downlines+1
WHERE `user_id` = '44B9Y4';
UPDATE `user_registration` SET right_downlines = right_downlines+1
WHERE `user_id` = '44B9Y4';
UPDATE `user_registration` SET total_downlines = total_downlines+1
WHERE `user_id` = 'admin';
UPDATE `user_registration` SET right_downlines = right_downlines+1
WHERE `user_id` = 'admin';
INSERT INTO `investment` (`invest_date`, `user_id`, `type`, `amount`, `package_id`) VALUES ('2025-01-13 16:42:51', 'PKHRN5', 'register', '195', '1');
INSERT INTO `earnings` (`user_id`, `Purchaser_id`, `earning_type`, `package_id`, `amount`, `date`, `comments`, `invest_amount`, `comm_perc`, `level`, `rank_id`, `order_id`) VALUES ('R37QLI', 'PKHRN5', 'Direct Referral Bonus', '1', '20', '2025-01-13 16:42:51', 'Direct Referral Bonus', 0, 0, 1, '', 15);
UPDATE `user_registration` SET commission_balance = ROUND(commission_balance + 20,2)
WHERE `user_id` = 'R37QLI';
UPDATE `user_registration` SET referral_bonus = ROUND(referral_bonus + 20,2)
WHERE `user_id` = 'R37QLI';
UPDATE `user_registration` SET total_points = ROUND(total_points + 20,2)
WHERE `user_id` = 'PKHRN5';
INSERT INTO `points_history` (`user_id`, `points`, `type`, `date`) VALUES ('PKHRN5', '20', 'register', '2025-01-13 16:42:');
INSERT INTO `matrix_filling` (`placement_id`, `downline_id`, `level`, `matrix`) VALUES ('R37QLI', 'PKHRN5', 1, 1);
UPDATE `bv_updation` SET right_carry = right_carry+20, total_right = total_right+20
WHERE `user_id` = 'R37QLI';
INSERT INTO `placement_bv_update_history` (`right_carry`, `date`, `from_id`, `user_id`) VALUES ('20', '2025-01-13 16:42:51', 'PKHRN5', 'R37QLI');
UPDATE `bv_updation` SET sponsor_right_carry = sponsor_right_carry+20, sponsor_total_right = sponsor_total_right+20
WHERE `user_id` = 'R37QLI';
INSERT INTO `sponsor_bv_update_history` (`right_carry`, `date`, `user_id`) VALUES ('20', '2025-01-13 16:42:51', 'R37QLI');
INSERT INTO `matrix_filling` (`placement_id`, `downline_id`, `level`, `matrix`) VALUES ('H2HQC8', 'PKHRN5', 2, 1);
UPDATE `bv_updation` SET right_carry = right_carry+20, total_right = total_right+20
WHERE `user_id` = 'H2HQC8';
