INSERT INTO `inactive_history` (`user_id`, `commission_balance`, `amount`, `date`) VALUES ('7R7D9E', '0', '150', '2025-12-04 00:30:30');
INSERT INTO `inactive_point_history` (`user_id`, `point`, `date`) VALUES ('FMXQ6T', '0', '2025-12-04 00:30:30');
UPDATE `user_registration` SET `sub_point` = 0, `active_status` = 'no'
WHERE `user_id` = 'FMXQ6T';
INSERT INTO `arreva_api_logs` (`user_id`, `email`, `endpoint`, `response`, `date`) VALUES ('FMXQ6T', 'yamisvaldes7@gmail.com', 'deactivatemember', '\"Unable to find user matching email or contract number or otherid\"', '2025-12-04 00:30:30');
INSERT INTO `inactive_history` (`user_id`, `commission_balance`, `amount`, `date`) VALUES ('FMXQ6T', '0', '150', '2025-12-04 00:30:30');
INSERT INTO `inactive_point_history` (`user_id`, `point`, `date`) VALUES ('BAR1UQ', '0', '2025-12-04 00:30:30');
UPDATE `user_registration` SET `sub_point` = 0, `active_status` = 'no'
WHERE `user_id` = 'BAR1UQ';
INSERT INTO `arreva_api_logs` (`user_id`, `email`, `endpoint`, `response`, `date`) VALUES ('BAR1UQ', 'alvarezperzabel1968@gmail.com', 'deactivatemember', '\"Unable to find user matching email or contract number or otherid\"', '2025-12-04 00:30:30');
INSERT INTO `inactive_history` (`user_id`, `commission_balance`, `amount`, `date`) VALUES ('BAR1UQ', '0', '150', '2025-12-04 00:30:30');
INSERT INTO `inactive_point_history` (`user_id`, `point`, `date`) VALUES ('6RCEKP', '0', '2025-12-04 00:30:30');
UPDATE `user_registration` SET `sub_point` = 0, `active_status` = 'no'
WHERE `user_id` = '6RCEKP';
INSERT INTO `arreva_api_logs` (`user_id`, `email`, `endpoint`, `response`, `date`) VALUES ('6RCEKP', 'felixarias171@gmail.com', 'deactivatemember', 'true', '2025-12-04 00:30:31');
INSERT INTO `inactive_history` (`user_id`, `commission_balance`, `amount`, `date`) VALUES ('6RCEKP', '0', '150', '2025-12-04 00:30:31');
INSERT INTO `inactive_point_history` (`user_id`, `point`, `date`) VALUES ('5J9Q6A', '0', '2025-12-04 00:30:31');
UPDATE `user_registration` SET `sub_point` = 0, `active_status` = 'no'
WHERE `user_id` = '5J9Q6A';
INSERT INTO `arreva_api_logs` (`user_id`, `email`, `endpoint`, `response`, `date`) VALUES ('5J9Q6A', 'reiderglz16@gmail.com', 'deactivatemember', '\"Unable to find user matching email or contract number or otherid\"', '2025-12-04 00:30:31');
INSERT INTO `inactive_history` (`user_id`, `commission_balance`, `amount`, `date`) VALUES ('5J9Q6A', '0', '150', '2025-12-04 00:30:31');
INSERT INTO `inactive_point_history` (`user_id`, `point`, `date`) VALUES ('RHLTER', '0', '2025-12-04 00:30:31');
UPDATE `user_registration` SET `sub_point` = 0, `active_status` = 'no'
WHERE `user_id` = 'RHLTER';
INSERT INTO `arreva_api_logs` (`user_id`, `email`, `endpoint`, `response`, `date`) VALUES ('RHLTER', 'leydisvaldes5@gmail.com', 'deactivatemember', '\"Unable to find user matching email or contract number or otherid\"', '2025-12-04 00:30:32');
INSERT INTO `inactive_history` (`user_id`, `commission_balance`, `amount`, `date`) VALUES ('RHLTER', '0', '150', '2025-12-04 00:30:32');
INSERT INTO `inactive_point_history` (`user_id`, `point`, `date`) VALUES ('FGI2FY', '0', '2025-12-04 00:30:32');
UPDATE `user_registration` SET `sub_point` = 0, `active_status` = 'no'
WHERE `user_id` = 'FGI2FY';
INSERT INTO `arreva_api_logs` (`user_id`, `email`, `endpoint`, `response`, `date`) VALUES ('FGI2FY', 'elizabethvicente25@yahoo.com', 'deactivatemember', '\"Unable to find user matching email or contract number or otherid\"', '2025-12-04 00:30:32');
INSERT INTO `inactive_history` (`user_id`, `commission_balance`, `amount`, `date`) VALUES ('FGI2FY', '0', '150', '2025-12-04 00:30:32');
INSERT INTO `inactive_point_history` (`user_id`, `point`, `date`) VALUES ('JLPXI6', '0', '2025-12-04 00:30:32');
UPDATE `user_registration` SET `sub_point` = 0, `active_status` = 'no'
WHERE `user_id` = 'JLPXI6';
INSERT INTO `arreva_api_logs` (`user_id`, `email`, `endpoint`, `response`, `date`) VALUES ('JLPXI6', 'mariaisabel74@live.com', 'deactivatemember', '\"Unable to find user matching email or contract number or otherid\"', '2025-12-04 00:30:33');
INSERT INTO `inactive_history` (`user_id`, `commission_balance`, `amount`, `date`) VALUES ('JLPXI6', '0', '150', '2025-12-04 00:30:33');
INSERT INTO `inactive_point_history` (`user_id`, `point`, `date`) VALUES ('1HT8BK', '0', '2025-12-04 00:30:33');
UPDATE `user_registration` SET `sub_point` = 0, `active_status` = 'no'
WHERE `user_id` = '1HT8BK';
INSERT INTO `arreva_api_logs` (`user_id`, `email`, `endpoint`, `response`, `date`) VALUES ('1HT8BK', 'astrid1246@gmail.com', 'deactivatemember', '\"Unable to find user matching email or contract number or otherid\"', '2025-12-04 00:30:33');
INSERT INTO `inactive_history` (`user_id`, `commission_balance`, `amount`, `date`) VALUES ('1HT8BK', '0', '150', '2025-12-04 00:30:33');
INSERT INTO `inactive_point_history` (`user_id`, `point`, `date`) VALUES ('YFRSTE', '0', '2025-12-04 00:30:33');
UPDATE `user_registration` SET `sub_point` = 0, `active_status` = 'no'
WHERE `user_id` = 'YFRSTE';
INSERT INTO `arreva_api_logs` (`user_id`, `email`, `endpoint`, `response`, `date`) VALUES ('YFRSTE', 'jimenez781108@gmail.com', 'deactivatemember', '\"Unable to find user matching email or contract number or otherid\"', '2025-12-04 00:30:33');
INSERT INTO `inactive_history` (`user_id`, `commission_balance`, `amount`, `date`) VALUES ('YFRSTE', '0', '150', '2025-12-04 00:30:33');
INSERT INTO `inactive_point_history` (`user_id`, `point`, `date`) VALUES ('G53DXI', '0', '2025-12-04 00:30:33');
UPDATE `user_registration` SET `sub_point` = 0, `active_status` = 'no'
WHERE `user_id` = 'G53DXI';
INSERT INTO `arreva_api_logs` (`user_id`, `email`, `endpoint`, `response`, `date`) VALUES ('G53DXI', 'hernandezasnialis@gmail.com', 'deactivatemember', '\"Unable to find user matching email or contract number or otherid\"', '2025-12-04 00:30:33');
INSERT INTO `inactive_history` (`user_id`, `commission_balance`, `amount`, `date`) VALUES ('G53DXI', '0', '50', '2025-12-04 00:30:33');
INSERT INTO `inactive_point_history` (`user_id`, `point`, `date`) VALUES ('1KMQ3V', '0', '2025-12-04 00:30:33');
UPDATE `user_registration` SET `sub_point` = 0, `active_status` = 'no'
WHERE `user_id` = '1KMQ3V';
INSERT INTO `arreva_api_logs` (`user_id`, `email`, `endpoint`, `response`, `date`) VALUES ('1KMQ3V', 'adrianlimapadron@gmail.com', 'deactivatemember', '\"Unable to find user matching email or contract number or otherid\"', '2025-12-04 00:30:34');
INSERT INTO `inactive_history` (`user_id`, `commission_balance`, `amount`, `date`) VALUES ('1KMQ3V', '100', '150', '2025-12-04 00:30:34');
INSERT INTO `inactive_point_history` (`user_id`, `point`, `date`) VALUES ('ZVZUJ1', '0', '2025-12-04 00:30:34');
UPDATE `user_registration` SET `sub_point` = 0, `active_status` = 'no'
WHERE `user_id` = 'ZVZUJ1';
INSERT INTO `arreva_api_logs` (`user_id`, `email`, `endpoint`, `response`, `date`) VALUES ('ZVZUJ1', 'acielpollo@gmail.com', 'deactivatemember', '\"Unable to find user matching email or contract number or otherid\"', '2025-12-04 00:30:34');
INSERT INTO `inactive_history` (`user_id`, `commission_balance`, `amount`, `date`) VALUES ('ZVZUJ1', '0', '150', '2025-12-04 00:30:34');
INSERT INTO `inactive_point_history` (`user_id`, `point`, `date`) VALUES ('SAMPQX', '0', '2025-12-04 00:30:34');
UPDATE `user_registration` SET `sub_point` = 0, `active_status` = 'no'
WHERE `user_id` = 'SAMPQX';
INSERT INTO `arreva_api_logs` (`user_id`, `email`, `endpoint`, `response`, `date`) VALUES ('SAMPQX', 'inamsay80@gmail.com', 'deactivatemember', '\"Unable to find user matching email or contract number or otherid\"', '2025-12-04 00:30:34');
INSERT INTO `inactive_history` (`user_id`, `commission_balance`, `amount`, `date`) VALUES ('SAMPQX', '0', '150', '2025-12-04 00:30:34');
INSERT INTO `inactive_point_history` (`user_id`, `point`, `date`) VALUES ('F3SYYS', '0', '2025-12-04 00:30:34');
UPDATE `user_registration` SET `sub_point` = 0, `active_status` = 'no'
WHERE `user_id` = 'F3SYYS';
INSERT INTO `arreva_api_logs` (`user_id`, `email`, `endpoint`, `response`, `date`) VALUES ('F3SYYS', 'eideneilen2128@yahoo.com', 'deactivatemember', '\"Unable to find user matching email or contract number or otherid\"', '2025-12-04 00:30:34');
INSERT INTO `inactive_history` (`user_id`, `commission_balance`, `amount`, `date`) VALUES ('F3SYYS', '0', '150', '2025-12-04 00:30:34');
INSERT INTO `inactive_point_history` (`user_id`, `point`, `date`) VALUES ('9T3Q72', '0', '2025-12-04 00:30:34');
UPDATE `user_registration` SET `sub_point` = 0, `active_status` = 'no'
WHERE `user_id` = '9T3Q72';
INSERT INTO `arreva_api_logs` (`user_id`, `email`, `endpoint`, `response`, `date`) VALUES ('9T3Q72', 'yohaniamartinez2005@gmail.com', 'deactivatemember', '\"Unable to find user matching email or contract number or otherid\"', '2025-12-04 00:30:35');
INSERT INTO `inactive_history` (`user_id`, `commission_balance`, `amount`, `date`) VALUES ('9T3Q72', '0', '150', '2025-12-04 00:30:35');
INSERT INTO `inactive_point_history` (`user_id`, `point`, `date`) VALUES ('23UJOB', '0', '2025-12-04 00:30:35');
UPDATE `user_registration` SET `sub_point` = 0, `active_status` = 'no'
WHERE `user_id` = '23UJOB';
INSERT INTO `arreva_api_logs` (`user_id`, `email`, `endpoint`, `response`, `date`) VALUES ('23UJOB', 'alfreddgdo@gmail.com', 'deactivatemember', '\"Unable to find user matching email or contract number or otherid\"', '2025-12-04 00:30:35');
INSERT INTO `inactive_history` (`user_id`, `commission_balance`, `amount`, `date`) VALUES ('23UJOB', '0', '150', '2025-12-04 00:30:35');
INSERT INTO `inactive_point_history` (`user_id`, `point`, `date`) VALUES ('NB7P18', '0', '2025-12-04 00:30:35');
UPDATE `user_registration` SET `sub_point` = 0, `active_status` = 'no'
WHERE `user_id` = 'NB7P18';
INSERT INTO `arreva_api_logs` (`user_id`, `email`, `endpoint`, `response`, `date`) VALUES ('NB7P18', 'santoslayra796@gmail.com', 'deactivatemember', '\"Unable to find user matching email or contract number or otherid\"', '2025-12-04 00:30:35');
INSERT INTO `inactive_history` (`user_id`, `commission_balance`, `amount`, `date`) VALUES ('NB7P18', '0', '150', '2025-12-04 00:30:35');
INSERT INTO `inactive_point_history` (`user_id`, `point`, `date`) VALUES ('7A2JD7', '0', '2025-12-04 00:30:35');
UPDATE `user_registration` SET `sub_point` = 0, `active_status` = 'no'
WHERE `user_id` = '7A2JD7';
INSERT INTO `arreva_api_logs` (`user_id`, `email`, `endpoint`, `response`, `date`) VALUES ('7A2JD7', 'aztiral_26love@yahoo.com', 'deactivatemember', '\"Unable to find user matching email or contract number or otherid\"', '2025-12-04 00:30:35');
INSERT INTO `inactive_history` (`user_id`, `commission_balance`, `amount`, `date`) VALUES ('7A2JD7', '0', '150', '2025-12-04 00:30:35');
INSERT INTO `inactive_point_history` (`user_id`, `point`, `date`) VALUES ('9VPMSG', '0', '2025-12-04 00:30:35');
UPDATE `user_registration` SET `sub_point` = 0, `active_status` = 'no'
WHERE `user_id` = '9VPMSG';
INSERT INTO `arreva_api_logs` (`user_id`, `email`, `endpoint`, `response`, `date`) VALUES ('9VPMSG', 'Jinglyguerravigo2015@gmail.com', 'deactivatemember', '\"Unable to find user matching email or contract number or otherid\"', '2025-12-04 00:30:36');
INSERT INTO `inactive_history` (`user_id`, `commission_balance`, `amount`, `date`) VALUES ('9VPMSG', '0', '150', '2025-12-04 00:30:36');
INSERT INTO `inactive_point_history` (`user_id`, `point`, `date`) VALUES ('J385D5', '0', '2025-12-04 00:30:36');
UPDATE `user_registration` SET `sub_point` = 0, `active_status` = 'no'
WHERE `user_id` = 'J385D5';
INSERT INTO `arreva_api_logs` (`user_id`, `email`, `endpoint`, `response`, `date`) VALUES ('J385D5', 'yohandymartinez@yahoo.com', 'deactivatemember', '\"Unable to find user matching email or contract number or otherid\"', '2025-12-04 00:30:36');
INSERT INTO `inactive_history` (`user_id`, `commission_balance`, `amount`, `date`) VALUES ('J385D5', '0', '150', '2025-12-04 00:30:36');
INSERT INTO `inactive_point_history` (`user_id`, `point`, `date`) VALUES ('GPPR8G', '0', '2025-12-04 00:30:36');
UPDATE `user_registration` SET `sub_point` = 0, `active_status` = 'no'
WHERE `user_id` = 'GPPR8G';
INSERT INTO `arreva_api_logs` (`user_id`, `email`, `endpoint`, `response`, `date`) VALUES ('GPPR8G', 'neftalidela7@gmail.com', 'deactivatemember', 'true', '2025-12-04 00:30:36');
INSERT INTO `inactive_history` (`user_id`, `commission_balance`, `amount`, `date`) VALUES ('GPPR8G', '20', '150', '2025-12-04 00:30:36');
INSERT INTO `inactive_point_history` (`user_id`, `point`, `date`) VALUES ('AM2FR1', '0', '2025-12-04 00:30:36');
UPDATE `user_registration` SET `sub_point` = 0, `active_status` = 'no'
WHERE `user_id` = 'AM2FR1';
INSERT INTO `arreva_api_logs` (`user_id`, `email`, `endpoint`, `response`, `date`) VALUES ('AM2FR1', 'eldacrespo71@yahoo.com', 'deactivatemember', '\"Unable to find user matching email or contract number or otherid\"', '2025-12-04 00:30:36');
INSERT INTO `inactive_history` (`user_id`, `commission_balance`, `amount`, `date`) VALUES ('AM2FR1', '0', '150', '2025-12-04 00:30:36');
INSERT INTO `inactive_point_history` (`user_id`, `point`, `date`) VALUES ('YRYHV2', '0', '2025-12-04 00:30:36');
UPDATE `user_registration` SET `sub_point` = 0, `active_status` = 'no'
WHERE `user_id` = 'YRYHV2';
INSERT INTO `arreva_api_logs` (`user_id`, `email`, `endpoint`, `response`, `date`) VALUES ('YRYHV2', 'aaguila46@yahoo.com', 'deactivatemember', '\"Unable to find user matching email or contract number or otherid\"', '2025-12-04 00:30:37');
INSERT INTO `inactive_history` (`user_id`, `commission_balance`, `amount`, `date`) VALUES ('YRYHV2', '0', '150', '2025-12-04 00:30:37');
INSERT INTO `inactive_point_history` (`user_id`, `point`, `date`) VALUES ('7GDBOU', '0', '2025-12-04 00:30:37');
UPDATE `user_registration` SET `sub_point` = 0, `active_status` = 'no'
WHERE `user_id` = '7GDBOU';
INSERT INTO `arreva_api_logs` (`user_id`, `email`, `endpoint`, `response`, `date`) VALUES ('7GDBOU', 'avalosnarciso@icloud.com', 'deactivatemember', 'true', '2025-12-04 00:30:37');
INSERT INTO `inactive_history` (`user_id`, `commission_balance`, `amount`, `date`) VALUES ('7GDBOU', '100', '150', '2025-12-04 00:30:37');
INSERT INTO `inactive_point_history` (`user_id`, `point`, `date`) VALUES ('BV2MNJ', '0', '2025-12-04 00:30:37');
UPDATE `user_registration` SET `sub_point` = 0, `active_status` = 'no'
WHERE `user_id` = 'BV2MNJ';
INSERT INTO `arreva_api_logs` (`user_id`, `email`, `endpoint`, `response`, `date`) VALUES ('BV2MNJ', 'frankavalos1973@yahoo.com', 'deactivatemember', 'true', '2025-12-04 00:30:37');
INSERT INTO `inactive_history` (`user_id`, `commission_balance`, `amount`, `date`) VALUES ('BV2MNJ', '70', '150', '2025-12-04 00:30:37');
INSERT INTO `inactive_point_history` (`user_id`, `point`, `date`) VALUES ('CM4JLT', '0', '2025-12-04 00:30:37');
UPDATE `user_registration` SET `sub_point` = 0, `active_status` = 'no'
WHERE `user_id` = 'CM4JLT';
INSERT INTO `arreva_api_logs` (`user_id`, `email`, `endpoint`, `response`, `date`) VALUES ('CM4JLT', 'ramirezloren1962@gmail.com', 'deactivatemember', '\"Unable to find user matching email or contract number or otherid\"', '2025-12-04 00:30:38');
INSERT INTO `inactive_history` (`user_id`, `commission_balance`, `amount`, `date`) VALUES ('CM4JLT', '62.5', '150', '2025-12-04 00:30:38');
INSERT INTO `inactive_point_history` (`user_id`, `point`, `date`) VALUES ('R18IYC', '0', '2025-12-04 00:30:38');
UPDATE `user_registration` SET `sub_point` = 0, `active_status` = 'no'
WHERE `user_id` = 'R18IYC';
INSERT INTO `arreva_api_logs` (`user_id`, `email`, `endpoint`, `response`, `date`) VALUES ('R18IYC', 'cachirulo63@gmail.com', 'deactivatemember', '\"Unable to find user matching email or contract number or otherid\"', '2025-12-04 00:30:38');
INSERT INTO `inactive_history` (`user_id`, `commission_balance`, `amount`, `date`) VALUES ('R18IYC', '0', '150', '2025-12-04 00:30:38');
INSERT INTO `inactive_point_history` (`user_id`, `point`, `date`) VALUES ('ERQYYW', '0', '2025-12-04 00:30:38');
UPDATE `user_registration` SET `sub_point` = 0, `active_status` = 'no'
WHERE `user_id` = 'ERQYYW';
INSERT INTO `arreva_api_logs` (`user_id`, `email`, `endpoint`, `response`, `date`) VALUES ('ERQYYW', 'luvcelia@yahoo.com', 'deactivatemember', '\"Unable to find user matching email or contract number or otherid\"', '2025-12-04 00:30:38');
INSERT INTO `inactive_history` (`user_id`, `commission_balance`, `amount`, `date`) VALUES ('ERQYYW', '0', '50', '2025-12-04 00:30:38');
INSERT INTO `inactive_point_history` (`user_id`, `point`, `date`) VALUES ('WYBCPQ', '0', '2025-12-04 00:30:38');
UPDATE `user_registration` SET `sub_point` = 0, `active_status` = 'no'
WHERE `user_id` = 'WYBCPQ';
INSERT INTO `arreva_api_logs` (`user_id`, `email`, `endpoint`, `response`, `date`) VALUES ('WYBCPQ', 'caryalvarez19621@outlook.com', 'deactivatemember', '\"Unable to find user matching email or contract number or otherid\"', '2025-12-04 00:30:38');
INSERT INTO `inactive_history` (`user_id`, `commission_balance`, `amount`, `date`) VALUES ('WYBCPQ', '100', '150', '2025-12-04 00:30:38');
INSERT INTO `inactive_point_history` (`user_id`, `point`, `date`) VALUES ('55IB4V', '0', '2025-12-04 00:30:38');
UPDATE `user_registration` SET `sub_point` = 0, `active_status` = 'no'
WHERE `user_id` = '55IB4V';
INSERT INTO `arreva_api_logs` (`user_id`, `email`, `endpoint`, `response`, `date`) VALUES ('55IB4V', 'delacruzrafael.890925@yahoo.com', 'deactivatemember', '\"Unable to find user matching email or contract number or otherid\"', '2025-12-04 00:30:39');
INSERT INTO `inactive_history` (`user_id`, `commission_balance`, `amount`, `date`) VALUES ('55IB4V', '0', '50', '2025-12-04 00:30:39');
INSERT INTO `inactive_point_history` (`user_id`, `point`, `date`) VALUES ('XEINAA', '0', '2025-12-04 00:30:39');
UPDATE `user_registration` SET `sub_point` = 0, `active_status` = 'no'
WHERE `user_id` = 'XEINAA';
INSERT INTO `arreva_api_logs` (`user_id`, `email`, `endpoint`, `response`, `date`) VALUES ('XEINAA', 'sofi.ibarzabal15@gmail.com', 'deactivatemember', '\"Unable to find user matching email or contract number or otherid\"', '2025-12-04 00:30:39');
INSERT INTO `inactive_history` (`user_id`, `commission_balance`, `amount`, `date`) VALUES ('XEINAA', '0', '50', '2025-12-04 00:30:39');
INSERT INTO `inactive_point_history` (`user_id`, `point`, `date`) VALUES ('5UADRJ', '0', '2025-12-04 00:30:39');
UPDATE `user_registration` SET `sub_point` = 0, `active_status` = 'no'
WHERE `user_id` = '5UADRJ';
INSERT INTO `arreva_api_logs` (`user_id`, `email`, `endpoint`, `response`, `date`) VALUES ('5UADRJ', 'caryalvarez1962@yahoo.com', 'deactivatemember', '\"Unable to find user matching email or contract number or otherid\"', '2025-12-04 00:30:39');
INSERT INTO `inactive_history` (`user_id`, `commission_balance`, `amount`, `date`) VALUES ('5UADRJ', '125', '150', '2025-12-04 00:30:39');
INSERT INTO `inactive_point_history` (`user_id`, `point`, `date`) VALUES ('HP51N7', '0', '2025-12-04 00:30:39');
UPDATE `user_registration` SET `sub_point` = 0, `active_status` = 'no'
WHERE `user_id` = 'HP51N7';
INSERT INTO `arreva_api_logs` (`user_id`, `email`, `endpoint`, `response`, `date`) VALUES ('HP51N7', 'avalossandro5@gmail.com', 'deactivatemember', '\"Unable to find user matching email or contract number or otherid\"', '2025-12-04 00:30:39');
INSERT INTO `inactive_history` (`user_id`, `commission_balance`, `amount`, `date`) VALUES ('HP51N7', '0', '150', '2025-12-04 00:30:39');
INSERT INTO `inactive_point_history` (`user_id`, `point`, `date`) VALUES ('JIYOH4', '0', '2025-12-04 00:30:39');
UPDATE `user_registration` SET `sub_point` = 0, `active_status` = 'no'
WHERE `user_id` = 'JIYOH4';
INSERT INTO `arreva_api_logs` (`user_id`, `email`, `endpoint`, `response`, `date`) VALUES ('JIYOH4', 'ikabemi70@gmail.com', 'deactivatemember', '\"Unable to find user matching email or contract number or otherid\"', '2025-12-04 00:30:40');
INSERT INTO `inactive_history` (`user_id`, `commission_balance`, `amount`, `date`) VALUES ('JIYOH4', '0', '150', '2025-12-04 00:30:40');
INSERT INTO `inactive_point_history` (`user_id`, `point`, `date`) VALUES ('AO42V8', '0', '2025-12-04 00:30:40');
UPDATE `user_registration` SET `sub_point` = 0, `active_status` = 'no'
WHERE `user_id` = 'AO42V8';
INSERT INTO `arreva_api_logs` (`user_id`, `email`, `endpoint`, `response`, `date`) VALUES ('AO42V8', 'at71164@gmail.com', 'deactivatemember', '\"Unable to find user matching email or contract number or otherid\"', '2025-12-04 00:30:40');
INSERT INTO `inactive_history` (`user_id`, `commission_balance`, `amount`, `date`) VALUES ('AO42V8', '0', '150', '2025-12-04 00:30:40');
INSERT INTO `inactive_point_history` (`user_id`, `point`, `date`) VALUES ('OI3UR6', '0', '2025-12-04 00:30:40');
UPDATE `user_registration` SET `sub_point` = 0, `active_status` = 'no'
WHERE `user_id` = 'OI3UR6';
INSERT INTO `arreva_api_logs` (`user_id`, `email`, `endpoint`, `response`, `date`) VALUES ('OI3UR6', 'marilin214@yahoo.com', 'deactivatemember', '\"Unable to find user matching email or contract number or otherid\"', '2025-12-04 00:30:40');
INSERT INTO `inactive_history` (`user_id`, `commission_balance`, `amount`, `date`) VALUES ('OI3UR6', '0', '150', '2025-12-04 00:30:40');
UPDATE `user_registration` SET commission_balance = ROUND(commission_balance - 150,2)
WHERE `user_id` = 'I647JX';
INSERT INTO `sub_history` (`user_id`, `package_id`, `amount`, `payment_method`, `date`) VALUES ('I647JX', '2', '150', 'Ewallet', '2025-12-04 00:30:40');
UPDATE `user_registration` SET sub_point = ROUND(sub_point + 150,2)
WHERE `user_id` = 'I647JX';
INSERT INTO `investment` (`invest_date`, `user_id`, `type`, `amount`, `package_id`) VALUES ('2025-12-04 00:30:40', 'I647JX', 'subscription', '150', '2');
INSERT INTO `earnings` (`user_id`, `Purchaser_id`, `earning_type`, `package_id`, `amount`, `date`, `comments`, `invest_amount`, `comm_perc`, `level`, `rank_id`, `order_id`) VALUES ('4VB6SG', 'I647JX', 'Subscription Referral Bonus', '2', '37.5', '2025-12-04 00:30:40', 'Subscription Referral Bonus', 0, 0, 1, '', 1311);
UPDATE `user_registration` SET commission_balance = ROUND(commission_balance + 37.5,2)
WHERE `user_id` = '4VB6SG';
UPDATE `user_registration` SET total_points = ROUND(total_points + 150,2)
WHERE `user_id` = 'I647JX';
INSERT INTO `points_history` (`user_id`, `points`, `type`, `date`) VALUES ('I647JX', '150', 'subscription', '2025-12-04 00:30:');
UPDATE `bv_updation` SET left_carry = left_carry+150, total_left = total_left+150
WHERE `user_id` = '4VB6SG';
INSERT INTO `placement_bv_update_history` (`left_carry`, `date`, `from_id`, `user_id`) VALUES ('150', '2025-12-04 00:30:40', 'I647JX', '4VB6SG');
UPDATE `user_registration` SET `cycle_rank_id` = '1'
WHERE `user_id` = '4VB6SG';
INSERT INTO `rank_history` (`rank_id`, `user_id`, `name`, `bv`, `date`, `amount`, `type`) VALUES ('1', '4VB6SG', 'Affiliate', '0', '2025-12-04 00:30:40', '0', 'auto');
UPDATE `bv_updation` SET sponsor_left_carry = sponsor_left_carry+150, sponsor_total_left = sponsor_total_left+150
WHERE `user_id` = '4VB6SG';
INSERT INTO `sponsor_bv_update_history` (`left_carry`, `date`, `user_id`) VALUES ('150', '2025-12-04 00:30:40', '4VB6SG');
UPDATE `bv_updation` SET right_carry = right_carry+150, total_right = total_right+150
WHERE `user_id` = '4WVWXZ';
INSERT INTO `placement_bv_update_history` (`right_carry`, `date`, `from_id`, `user_id`) VALUES ('150', '2025-12-04 00:30:40', 'I647JX', '4WVWXZ');
UPDATE `user_registration` SET `cycle_rank_id` = '1'
WHERE `user_id` = '4WVWXZ';
INSERT INTO `rank_history` (`rank_id`, `user_id`, `name`, `bv`, `date`, `amount`, `type`) VALUES ('1', '4WVWXZ', 'Affiliate', '0', '2025-12-04 00:30:40', '0', 'auto');
UPDATE `bv_updation` SET left_carry = left_carry+150, total_left = total_left+150
WHERE `user_id` = 'GTPJAP';
INSERT INTO `placement_bv_update_history` (`left_carry`, `date`, `from_id`, `user_id`) VALUES ('150', '2025-12-04 00:30:40', 'I647JX', 'GTPJAP');
UPDATE `bv_updation` SET left_carry = left_carry+150, total_left = total_left+150
WHERE `user_id` = '4VE7D1';
INSERT INTO `placement_bv_update_history` (`left_carry`, `date`, `from_id`, `user_id`) VALUES ('150', '2025-12-04 00:30:40', 'I647JX', '4VE7D1');
UPDATE `user_registration` SET `cycle_rank_id` = '1'
WHERE `user_id` = '4VE7D1';
INSERT INTO `rank_history` (`rank_id`, `user_id`, `name`, `bv`, `date`, `amount`, `type`) VALUES ('1', '4VE7D1', 'Affiliate', '0', '2025-12-04 00:30:40', '0', 'auto');
UPDATE `bv_updation` SET left_carry = left_carry+150, total_left = total_left+150
WHERE `user_id` = '2KPJZJ';
INSERT INTO `placement_bv_update_history` (`left_carry`, `date`, `from_id`, `user_id`) VALUES ('150', '2025-12-04 00:30:40', 'I647JX', '2KPJZJ');
UPDATE `bv_updation` SET left_carry = left_carry+150, total_left = total_left+150
WHERE `user_id` = 'B5EVHD';
INSERT INTO `placement_bv_update_history` (`left_carry`, `date`, `from_id`, `user_id`) VALUES ('150', '2025-12-04 00:30:40', 'I647JX', 'B5EVHD');
UPDATE `user_registration` SET `cycle_rank_id` = '1'
WHERE `user_id` = 'B5EVHD';
INSERT INTO `rank_history` (`rank_id`, `user_id`, `name`, `bv`, `date`, `amount`, `type`) VALUES ('1', 'B5EVHD', 'Affiliate', '0', '2025-12-04 00:30:40', '0', 'auto');
UPDATE `bv_updation` SET left_carry = left_carry+150, total_left = total_left+150
WHERE `user_id` = 'AQJLZA';
INSERT INTO `placement_bv_update_history` (`left_carry`, `date`, `from_id`, `user_id`) VALUES ('150', '2025-12-04 00:30:40', 'I647JX', 'AQJLZA');
UPDATE `bv_updation` SET left_carry = left_carry+150, total_left = total_left+150
WHERE `user_id` = '2V26XM';
INSERT INTO `placement_bv_update_history` (`left_carry`, `date`, `from_id`, `user_id`) VALUES ('150', '2025-12-04 00:30:40', 'I647JX', '2V26XM');
UPDATE `bv_updation` SET left_carry = left_carry+150, total_left = total_left+150
WHERE `user_id` = 'K8DXP2';
INSERT INTO `placement_bv_update_history` (`left_carry`, `date`, `from_id`, `user_id`) VALUES ('150', '2025-12-04 00:30:40', 'I647JX', 'K8DXP2');
UPDATE `bv_updation` SET left_carry = left_carry+150, total_left = total_left+150
WHERE `user_id` = 'HP6YP2';
INSERT INTO `placement_bv_update_history` (`left_carry`, `date`, `from_id`, `user_id`) VALUES ('150', '2025-12-04 00:30:40', 'I647JX', 'HP6YP2');
UPDATE `user_registration` SET `cycle_rank_id` = '1'
WHERE `user_id` = 'HP6YP2';
INSERT INTO `rank_history` (`rank_id`, `user_id`, `name`, `bv`, `date`, `amount`, `type`) VALUES ('1', 'HP6YP2', 'Affiliate', '0', '2025-12-04 00:30:40', '0', 'auto');
UPDATE `bv_updation` SET left_carry = left_carry+150, total_left = total_left+150
WHERE `user_id` = 'L8NRSC';
INSERT INTO `placement_bv_update_history` (`left_carry`, `date`, `from_id`, `user_id`) VALUES ('150', '2025-12-04 00:30:40', 'I647JX', 'L8NRSC');
UPDATE `user_registration` SET `cycle_rank_id` = '1'
WHERE `user_id` = 'L8NRSC';
INSERT INTO `rank_history` (`rank_id`, `user_id`, `name`, `bv`, `date`, `amount`, `type`) VALUES ('1', 'L8NRSC', 'Affiliate', '0', '2025-12-04 00:30:40', '0', 'auto');
UPDATE `bv_updation` SET left_carry = left_carry+150, total_left = total_left+150
WHERE `user_id` = 'JHRDHS';
INSERT INTO `placement_bv_update_history` (`left_carry`, `date`, `from_id`, `user_id`) VALUES ('150', '2025-12-04 00:30:40', 'I647JX', 'JHRDHS');
UPDATE `user_registration` SET `cycle_rank_id` = '1'
WHERE `user_id` = 'JHRDHS';
INSERT INTO `rank_history` (`rank_id`, `user_id`, `name`, `bv`, `date`, `amount`, `type`) VALUES ('1', 'JHRDHS', 'Affiliate', '0', '2025-12-04 00:30:40', '0', 'auto');
UPDATE `bv_updation` SET right_carry = right_carry+150, total_right = total_right+150
WHERE `user_id` = 'CVVK4C';
INSERT INTO `placement_bv_update_history` (`right_carry`, `date`, `from_id`, `user_id`) VALUES ('150', '2025-12-04 00:30:40', 'I647JX', 'CVVK4C');
UPDATE `user_registration` SET `cycle_rank_id` = '1'
WHERE `user_id` = 'CVVK4C';
INSERT INTO `rank_history` (`rank_id`, `user_id`, `name`, `bv`, `date`, `amount`, `type`) VALUES ('1', 'CVVK4C', 'Affiliate', '0', '2025-12-04 00:30:40', '0', 'auto');
UPDATE `bv_updation` SET left_carry = left_carry+150, total_left = total_left+150
WHERE `user_id` = 'K55EDD';
INSERT INTO `placement_bv_update_history` (`left_carry`, `date`, `from_id`, `user_id`) VALUES ('150', '2025-12-04 00:30:40', 'I647JX', 'K55EDD');
UPDATE `user_registration` SET `cycle_rank_id` = '1'
WHERE `user_id` = 'K55EDD';
INSERT INTO `rank_history` (`rank_id`, `user_id`, `name`, `bv`, `date`, `amount`, `type`) VALUES ('1', 'K55EDD', 'Affiliate', '0', '2025-12-04 00:30:40', '0', 'auto');
UPDATE `bv_updation` SET left_carry = left_carry+150, total_left = total_left+150
WHERE `user_id` = 'UQO7EQ';
INSERT INTO `placement_bv_update_history` (`left_carry`, `date`, `from_id`, `user_id`) VALUES ('150', '2025-12-04 00:30:40', 'I647JX', 'UQO7EQ');
UPDATE `user_registration` SET `cycle_rank_id` = '1'
WHERE `user_id` = 'UQO7EQ';
INSERT INTO `rank_history` (`rank_id`, `user_id`, `name`, `bv`, `date`, `amount`, `type`) VALUES ('1', 'UQO7EQ', 'Affiliate', '0', '2025-12-04 00:30:40', '0', 'auto');
UPDATE `bv_updation` SET left_carry = left_carry+150, total_left = total_left+150
WHERE `user_id` = 'N6GZAE';
INSERT INTO `placement_bv_update_history` (`left_carry`, `date`, `from_id`, `user_id`) VALUES ('150', '2025-12-04 00:30:40', 'I647JX', 'N6GZAE');
UPDATE `user_registration` SET `cycle_rank_id` = '1'
WHERE `user_id` = 'N6GZAE';
INSERT INTO `rank_history` (`rank_id`, `user_id`, `name`, `bv`, `date`, `amount`, `type`) VALUES ('1', 'N6GZAE', 'Affiliate', '0', '2025-12-04 00:30:40', '0', 'auto');
UPDATE `bv_updation` SET left_carry = left_carry+150, total_left = total_left+150
WHERE `user_id` = '4E1CRI';
INSERT INTO `placement_bv_update_history` (`left_carry`, `date`, `from_id`, `user_id`) VALUES ('150', '2025-12-04 00:30:40', 'I647JX', '4E1CRI');
UPDATE `bv_updation` SET left_carry = left_carry+150, total_left = total_left+150
WHERE `user_id` = 'SJBNYJ';
INSERT INTO `placement_bv_update_history` (`left_carry`, `date`, `from_id`, `user_id`) VALUES ('150', '2025-12-04 00:30:40', 'I647JX', 'SJBNYJ');
UPDATE `user_registration` SET `cycle_rank_id` = '1'
WHERE `user_id` = 'SJBNYJ';
INSERT INTO `rank_history` (`rank_id`, `user_id`, `name`, `bv`, `date`, `amount`, `type`) VALUES ('1', 'SJBNYJ', 'Affiliate', '0', '2025-12-04 00:30:40', '0', 'auto');
UPDATE `bv_updation` SET left_carry = left_carry+150, total_left = total_left+150
WHERE `user_id` = '44B9Y4';
INSERT INTO `placement_bv_update_history` (`left_carry`, `date`, `from_id`, `user_id`) VALUES ('150', '2025-12-04 00:30:40', 'I647JX', '44B9Y4');
UPDATE `user_registration` SET `cycle_rank_id` = '1'
WHERE `user_id` = '44B9Y4';
INSERT INTO `rank_history` (`rank_id`, `user_id`, `name`, `bv`, `date`, `amount`, `type`) VALUES ('1', '44B9Y4', 'Affiliate', '0', '2025-12-04 00:30:40', '0', 'auto');
UPDATE `bv_updation` SET right_carry = right_carry+150, total_right = total_right+150
WHERE `user_id` = 'admin';
INSERT INTO `placement_bv_update_history` (`right_carry`, `date`, `from_id`, `user_id`) VALUES ('150', '2025-12-04 00:30:40', 'I647JX', 'admin');
UPDATE `user_registration` SET `cycle_rank_id` = '1'
WHERE `user_id` = 'admin';
INSERT INTO `rank_history` (`rank_id`, `user_id`, `name`, `bv`, `date`, `amount`, `type`) VALUES ('1', 'admin', 'Affiliate', '0', '2025-12-04 00:30:40', '0', 'auto');
UPDATE `user_registration` SET `subscription_date` = '2026-01-04', `active_status` = 'yes', `reminder_sent` = 'no'
WHERE `user_id` = 'I647JX';
INSERT INTO `arreva_api_logs` (`user_id`, `email`, `endpoint`, `response`, `date`) VALUES ('I647JX', 'luisnoris2011@gmail.com', 'activatemember', '\"Unable to find user matching email or contract number or otherid\"', '2025-12-04 00:30:41');
UPDATE `user_registration` SET commission_balance = ROUND(commission_balance - 150,2)
WHERE `user_id` = '3DPFMH';
INSERT INTO `sub_history` (`user_id`, `package_id`, `amount`, `payment_method`, `date`) VALUES ('3DPFMH', '2', '150', 'Ewallet', '2025-12-04 00:30:41');
UPDATE `user_registration` SET sub_point = ROUND(sub_point + 150,2)
WHERE `user_id` = '3DPFMH';
INSERT INTO `investment` (`invest_date`, `user_id`, `type`, `amount`, `package_id`) VALUES ('2025-12-04 00:30:41', '3DPFMH', 'subscription', '150', '2');
INSERT INTO `earnings` (`user_id`, `Purchaser_id`, `earning_type`, `package_id`, `amount`, `date`, `comments`, `invest_amount`, `comm_perc`, `level`, `rank_id`, `order_id`) VALUES ('I647JX', '3DPFMH', 'Subscription Referral Bonus', '2', '37.5', '2025-12-04 00:30:41', 'Subscription Referral Bonus', 0, 0, 1, '', 1312);
UPDATE `user_registration` SET commission_balance = ROUND(commission_balance + 37.5,2)
WHERE `user_id` = 'I647JX';
UPDATE `user_registration` SET total_points = ROUND(total_points + 150,2)
WHERE `user_id` = '3DPFMH';
INSERT INTO `points_history` (`user_id`, `points`, `type`, `date`) VALUES ('3DPFMH', '150', 'subscription', '2025-12-04 00:30:');
UPDATE `bv_updation` SET right_carry = right_carry+150, total_right = total_right+150
WHERE `user_id` = 'I647JX';
INSERT INTO `placement_bv_update_history` (`right_carry`, `date`, `from_id`, `user_id`) VALUES ('150', '2025-12-04 00:30:41', '3DPFMH', 'I647JX');
UPDATE `user_registration` SET `cycle_rank_id` = '1'
WHERE `user_id` = 'I647JX';
INSERT INTO `rank_history` (`rank_id`, `user_id`, `name`, `bv`, `date`, `amount`, `type`) VALUES ('1', 'I647JX', 'Affiliate', '0', '2025-12-04 00:30:41', '0', 'auto');
UPDATE `bv_updation` SET sponsor_right_carry = sponsor_right_carry+150, sponsor_total_right = sponsor_total_right+150
WHERE `user_id` = 'I647JX';
INSERT INTO `sponsor_bv_update_history` (`right_carry`, `date`, `user_id`) VALUES ('150', '2025-12-04 00:30:41', 'I647JX');
UPDATE `bv_updation` SET left_carry = left_carry+150, total_left = total_left+150
WHERE `user_id` = '4VB6SG';
INSERT INTO `placement_bv_update_history` (`left_carry`, `date`, `from_id`, `user_id`) VALUES ('150', '2025-12-04 00:30:41', '3DPFMH', '4VB6SG');
UPDATE `user_registration` SET `cycle_rank_id` = '1'
WHERE `user_id` = '4VB6SG';
INSERT INTO `rank_history` (`rank_id`, `user_id`, `name`, `bv`, `date`, `amount`, `type`) VALUES ('1', '4VB6SG', 'Affiliate', '0', '2025-12-04 00:30:41', '0', 'auto');
UPDATE `bv_updation` SET right_carry = right_carry+150, total_right = total_right+150
WHERE `user_id` = '4WVWXZ';
INSERT INTO `placement_bv_update_history` (`right_carry`, `date`, `from_id`, `user_id`) VALUES ('150', '2025-12-04 00:30:41', '3DPFMH', '4WVWXZ');
UPDATE `user_registration` SET `cycle_rank_id` = '1'
WHERE `user_id` = '4WVWXZ';
INSERT INTO `rank_history` (`rank_id`, `user_id`, `name`, `bv`, `date`, `amount`, `type`) VALUES ('1', '4WVWXZ', 'Affiliate', '0', '2025-12-04 00:30:41', '0', 'auto');
UPDATE `bv_updation` SET left_carry = left_carry+150, total_left = total_left+150
WHERE `user_id` = 'GTPJAP';
INSERT INTO `placement_bv_update_history` (`left_carry`, `date`, `from_id`, `user_id`) VALUES ('150', '2025-12-04 00:30:41', '3DPFMH', 'GTPJAP');
UPDATE `bv_updation` SET left_carry = left_carry+150, total_left = total_left+150
WHERE `user_id` = '4VE7D1';
INSERT INTO `placement_bv_update_history` (`left_carry`, `date`, `from_id`, `user_id`) VALUES ('150', '2025-12-04 00:30:41', '3DPFMH', '4VE7D1');
UPDATE `user_registration` SET `cycle_rank_id` = '1'
WHERE `user_id` = '4VE7D1';
INSERT INTO `rank_history` (`rank_id`, `user_id`, `name`, `bv`, `date`, `amount`, `type`) VALUES ('1', '4VE7D1', 'Affiliate', '0', '2025-12-04 00:30:41', '0', 'auto');
UPDATE `bv_updation` SET left_carry = left_carry+150, total_left = total_left+150
WHERE `user_id` = '2KPJZJ';
INSERT INTO `placement_bv_update_history` (`left_carry`, `date`, `from_id`, `user_id`) VALUES ('150', '2025-12-04 00:30:41', '3DPFMH', '2KPJZJ');
UPDATE `bv_updation` SET left_carry = left_carry+150, total_left = total_left+150
WHERE `user_id` = 'B5EVHD';
INSERT INTO `placement_bv_update_history` (`left_carry`, `date`, `from_id`, `user_id`) VALUES ('150', '2025-12-04 00:30:41', '3DPFMH', 'B5EVHD');
UPDATE `user_registration` SET `cycle_rank_id` = '1'
WHERE `user_id` = 'B5EVHD';
INSERT INTO `rank_history` (`rank_id`, `user_id`, `name`, `bv`, `date`, `amount`, `type`) VALUES ('1', 'B5EVHD', 'Affiliate', '0', '2025-12-04 00:30:41', '0', 'auto');
UPDATE `bv_updation` SET left_carry = left_carry+150, total_left = total_left+150
WHERE `user_id` = 'AQJLZA';
INSERT INTO `placement_bv_update_history` (`left_carry`, `date`, `from_id`, `user_id`) VALUES ('150', '2025-12-04 00:30:41', '3DPFMH', 'AQJLZA');
UPDATE `bv_updation` SET left_carry = left_carry+150, total_left = total_left+150
WHERE `user_id` = '2V26XM';
INSERT INTO `placement_bv_update_history` (`left_carry`, `date`, `from_id`, `user_id`) VALUES ('150', '2025-12-04 00:30:41', '3DPFMH', '2V26XM');
UPDATE `bv_updation` SET left_carry = left_carry+150, total_left = total_left+150
WHERE `user_id` = 'K8DXP2';
INSERT INTO `placement_bv_update_history` (`left_carry`, `date`, `from_id`, `user_id`) VALUES ('150', '2025-12-04 00:30:41', '3DPFMH', 'K8DXP2');
UPDATE `bv_updation` SET left_carry = left_carry+150, total_left = total_left+150
WHERE `user_id` = 'HP6YP2';
INSERT INTO `placement_bv_update_history` (`left_carry`, `date`, `from_id`, `user_id`) VALUES ('150', '2025-12-04 00:30:41', '3DPFMH', 'HP6YP2');
UPDATE `user_registration` SET `cycle_rank_id` = '1'
WHERE `user_id` = 'HP6YP2';
INSERT INTO `rank_history` (`rank_id`, `user_id`, `name`, `bv`, `date`, `amount`, `type`) VALUES ('1', 'HP6YP2', 'Affiliate', '0', '2025-12-04 00:30:41', '0', 'auto');
UPDATE `bv_updation` SET left_carry = left_carry+150, total_left = total_left+150
WHERE `user_id` = 'L8NRSC';
INSERT INTO `placement_bv_update_history` (`left_carry`, `date`, `from_id`, `user_id`) VALUES ('150', '2025-12-04 00:30:41', '3DPFMH', 'L8NRSC');
UPDATE `user_registration` SET `cycle_rank_id` = '1'
WHERE `user_id` = 'L8NRSC';
INSERT INTO `rank_history` (`rank_id`, `user_id`, `name`, `bv`, `date`, `amount`, `type`) VALUES ('1', 'L8NRSC', 'Affiliate', '0', '2025-12-04 00:30:41', '0', 'auto');
UPDATE `bv_updation` SET left_carry = left_carry+150, total_left = total_left+150
WHERE `user_id` = 'JHRDHS';
INSERT INTO `placement_bv_update_history` (`left_carry`, `date`, `from_id`, `user_id`) VALUES ('150', '2025-12-04 00:30:41', '3DPFMH', 'JHRDHS');
UPDATE `user_registration` SET `cycle_rank_id` = '1'
WHERE `user_id` = 'JHRDHS';
INSERT INTO `rank_history` (`rank_id`, `user_id`, `name`, `bv`, `date`, `amount`, `type`) VALUES ('1', 'JHRDHS', 'Affiliate', '0', '2025-12-04 00:30:41', '0', 'auto');
UPDATE `bv_updation` SET right_carry = right_carry+150, total_right = total_right+150
WHERE `user_id` = 'CVVK4C';
INSERT INTO `placement_bv_update_history` (`right_carry`, `date`, `from_id`, `user_id`) VALUES ('150', '2025-12-04 00:30:41', '3DPFMH', 'CVVK4C');
UPDATE `user_registration` SET `cycle_rank_id` = '1'
WHERE `user_id` = 'CVVK4C';
INSERT INTO `rank_history` (`rank_id`, `user_id`, `name`, `bv`, `date`, `amount`, `type`) VALUES ('1', 'CVVK4C', 'Affiliate', '0', '2025-12-04 00:30:41', '0', 'auto');
UPDATE `bv_updation` SET left_carry = left_carry+150, total_left = total_left+150
WHERE `user_id` = 'K55EDD';
INSERT INTO `placement_bv_update_history` (`left_carry`, `date`, `from_id`, `user_id`) VALUES ('150', '2025-12-04 00:30:41', '3DPFMH', 'K55EDD');
UPDATE `user_registration` SET `cycle_rank_id` = '1'
WHERE `user_id` = 'K55EDD';
INSERT INTO `rank_history` (`rank_id`, `user_id`, `name`, `bv`, `date`, `amount`, `type`) VALUES ('1', 'K55EDD', 'Affiliate', '0', '2025-12-04 00:30:41', '0', 'auto');
UPDATE `bv_updation` SET left_carry = left_carry+150, total_left = total_left+150
WHERE `user_id` = 'UQO7EQ';
INSERT INTO `placement_bv_update_history` (`left_carry`, `date`, `from_id`, `user_id`) VALUES ('150', '2025-12-04 00:30:41', '3DPFMH', 'UQO7EQ');
UPDATE `user_registration` SET `cycle_rank_id` = '1'
WHERE `user_id` = 'UQO7EQ';
INSERT INTO `rank_history` (`rank_id`, `user_id`, `name`, `bv`, `date`, `amount`, `type`) VALUES ('1', 'UQO7EQ', 'Affiliate', '0', '2025-12-04 00:30:41', '0', 'auto');
UPDATE `bv_updation` SET left_carry = left_carry+150, total_left = total_left+150
WHERE `user_id` = 'N6GZAE';
INSERT INTO `placement_bv_update_history` (`left_carry`, `date`, `from_id`, `user_id`) VALUES ('150', '2025-12-04 00:30:41', '3DPFMH', 'N6GZAE');
UPDATE `user_registration` SET `cycle_rank_id` = '1'
WHERE `user_id` = 'N6GZAE';
INSERT INTO `rank_history` (`rank_id`, `user_id`, `name`, `bv`, `date`, `amount`, `type`) VALUES ('1', 'N6GZAE', 'Affiliate', '0', '2025-12-04 00:30:41', '0', 'auto');
UPDATE `bv_updation` SET left_carry = left_carry+150, total_left = total_left+150
WHERE `user_id` = '4E1CRI';
INSERT INTO `placement_bv_update_history` (`left_carry`, `date`, `from_id`, `user_id`) VALUES ('150', '2025-12-04 00:30:41', '3DPFMH', '4E1CRI');
UPDATE `bv_updation` SET left_carry = left_carry+150, total_left = total_left+150
WHERE `user_id` = 'SJBNYJ';
INSERT INTO `placement_bv_update_history` (`left_carry`, `date`, `from_id`, `user_id`) VALUES ('150', '2025-12-04 00:30:41', '3DPFMH', 'SJBNYJ');
UPDATE `user_registration` SET `cycle_rank_id` = '1'
WHERE `user_id` = 'SJBNYJ';
INSERT INTO `rank_history` (`rank_id`, `user_id`, `name`, `bv`, `date`, `amount`, `type`) VALUES ('1', 'SJBNYJ', 'Affiliate', '0', '2025-12-04 00:30:41', '0', 'auto');
UPDATE `bv_updation` SET left_carry = left_carry+150, total_left = total_left+150
WHERE `user_id` = '44B9Y4';
INSERT INTO `placement_bv_update_history` (`left_carry`, `date`, `from_id`, `user_id`) VALUES ('150', '2025-12-04 00:30:41', '3DPFMH', '44B9Y4');
UPDATE `user_registration` SET `cycle_rank_id` = '1'
WHERE `user_id` = '44B9Y4';
INSERT INTO `rank_history` (`rank_id`, `user_id`, `name`, `bv`, `date`, `amount`, `type`) VALUES ('1', '44B9Y4', 'Affiliate', '0', '2025-12-04 00:30:41', '0', 'auto');
UPDATE `bv_updation` SET right_carry = right_carry+150, total_right = total_right+150
WHERE `user_id` = 'admin';
INSERT INTO `placement_bv_update_history` (`right_carry`, `date`, `from_id`, `user_id`) VALUES ('150', '2025-12-04 00:30:41', '3DPFMH', 'admin');
UPDATE `user_registration` SET `cycle_rank_id` = '1'
WHERE `user_id` = 'admin';
INSERT INTO `rank_history` (`rank_id`, `user_id`, `name`, `bv`, `date`, `amount`, `type`) VALUES ('1', 'admin', 'Affiliate', '0', '2025-12-04 00:30:41', '0', 'auto');
UPDATE `user_registration` SET `subscription_date` = '2026-01-04', `active_status` = 'yes', `reminder_sent` = 'no'
WHERE `user_id` = '3DPFMH';
INSERT INTO `arreva_api_logs` (`user_id`, `email`, `endpoint`, `response`, `date`) VALUES ('3DPFMH', 'dianamaria0467@gmail.com', 'activatemember', '\"Unable to find user matching email or contract number or otherid\"', '2025-12-04 00:30:41');
INSERT INTO `inactive_point_history` (`user_id`, `point`, `date`) VALUES ('M5FNDM', '0', '2025-12-04 00:30:41');
UPDATE `user_registration` SET `sub_point` = 0, `active_status` = 'no'
WHERE `user_id` = 'M5FNDM';
INSERT INTO `arreva_api_logs` (`user_id`, `email`, `endpoint`, `response`, `date`) VALUES ('M5FNDM', 'tanite0369@gmail.com', 'deactivatemember', '\"Unable to find user matching email or contract number or otherid\"', '2025-12-04 00:30:41');
INSERT INTO `inactive_history` (`user_id`, `commission_balance`, `amount`, `date`) VALUES ('M5FNDM', '50', '150', '2025-12-04 00:30:41');
INSERT INTO `inactive_point_history` (`user_id`, `point`, `date`) VALUES ('AQ47VU', '0', '2025-12-04 00:30:41');
UPDATE `user_registration` SET `sub_point` = 0, `active_status` = 'no'
WHERE `user_id` = 'AQ47VU';
INSERT INTO `arreva_api_logs` (`user_id`, `email`, `endpoint`, `response`, `date`) VALUES ('AQ47VU', 'luritzabatista@yahoo.com', 'deactivatemember', '\"Unable to find user matching email or contract number or otherid\"', '2025-12-04 00:30:42');
INSERT INTO `inactive_history` (`user_id`, `commission_balance`, `amount`, `date`) VALUES ('AQ47VU', '0', '150', '2025-12-04 00:30:42');
INSERT INTO `inactive_point_history` (`user_id`, `point`, `date`) VALUES ('L8O2QX', '0', '2025-12-04 00:30:42');
UPDATE `user_registration` SET `sub_point` = 0, `active_status` = 'no'
WHERE `user_id` = 'L8O2QX';
INSERT INTO `arreva_api_logs` (`user_id`, `email`, `endpoint`, `response`, `date`) VALUES ('L8O2QX', 'andresroldano18@gmail.com', 'deactivatemember', '\"Unable to find user matching email or contract number or otherid\"', '2025-12-04 00:30:42');
INSERT INTO `inactive_history` (`user_id`, `commission_balance`, `amount`, `date`) VALUES ('L8O2QX', '0', '50', '2025-12-04 00:30:42');
INSERT INTO `inactive_point_history` (`user_id`, `point`, `date`) VALUES ('H5E5WF', '0', '2025-12-04 00:30:42');
UPDATE `user_registration` SET `sub_point` = 0, `active_status` = 'no'
WHERE `user_id` = 'H5E5WF';
INSERT INTO `arreva_api_logs` (`user_id`, `email`, `endpoint`, `response`, `date`) VALUES ('H5E5WF', 'cskloco@gmail.com', 'deactivatemember', '\"Unable to find user matching email or contract number or otherid\"', '2025-12-04 00:30:42');
INSERT INTO `inactive_history` (`user_id`, `commission_balance`, `amount`, `date`) VALUES ('H5E5WF', '125', '150', '2025-12-04 00:30:42');
INSERT INTO `inactive_point_history` (`user_id`, `point`, `date`) VALUES ('NTAGI6', '0', '2025-12-04 00:30:42');
UPDATE `user_registration` SET `sub_point` = 0, `active_status` = 'no'
WHERE `user_id` = 'NTAGI6';
INSERT INTO `arreva_api_logs` (`user_id`, `email`, `endpoint`, `response`, `date`) VALUES ('NTAGI6', 'elizabeth_pardo91@yahoo.com', 'deactivatemember', '\"Unable to find user matching email or contract number or otherid\"', '2025-12-04 00:30:42');
INSERT INTO `inactive_history` (`user_id`, `commission_balance`, `amount`, `date`) VALUES ('NTAGI6', '0', '150', '2025-12-04 00:30:42');
INSERT INTO `inactive_point_history` (`user_id`, `point`, `date`) VALUES ('Z5DNR2', '0', '2025-12-04 00:30:42');
UPDATE `user_registration` SET `sub_point` = 0, `active_status` = 'no'
WHERE `user_id` = 'Z5DNR2';
INSERT INTO `arreva_api_logs` (`user_id`, `email`, `endpoint`, `response`, `date`) VALUES ('Z5DNR2', 'kelly_azate@yahoo.com', 'deactivatemember', '\"Unable to find user matching email or contract number or otherid\"', '2025-12-04 00:30:43');
INSERT INTO `inactive_history` (`user_id`, `commission_balance`, `amount`, `date`) VALUES ('Z5DNR2', '0', '150', '2025-12-04 00:30:43');
INSERT INTO `inactive_point_history` (`user_id`, `point`, `date`) VALUES ('7P5XVX', '0', '2025-12-04 00:30:43');
UPDATE `user_registration` SET `sub_point` = 0, `active_status` = 'no'
WHERE `user_id` = '7P5XVX';
INSERT INTO `arreva_api_logs` (`user_id`, `email`, `endpoint`, `response`, `date`) VALUES ('7P5XVX', 'deylonhernandez@icloud.com', 'deactivatemember', '\"Unable to find user matching email or contract number or otherid\"', '2025-12-04 00:30:43');
INSERT INTO `inactive_history` (`user_id`, `commission_balance`, `amount`, `date`) VALUES ('7P5XVX', '0', '150', '2025-12-04 00:30:43');
INSERT INTO `inactive_point_history` (`user_id`, `point`, `date`) VALUES ('SCC34I', '0', '2025-12-04 00:30:43');
UPDATE `user_registration` SET `sub_point` = 0, `active_status` = 'no'
WHERE `user_id` = 'SCC34I';
INSERT INTO `arreva_api_logs` (`user_id`, `email`, `endpoint`, `response`, `date`) VALUES ('SCC34I', 'Avalossandro08@gmail.com', 'deactivatemember', '\"Unable to find user matching email or contract number or otherid\"', '2025-12-04 00:30:43');
INSERT INTO `inactive_history` (`user_id`, `commission_balance`, `amount`, `date`) VALUES ('SCC34I', '0', '150', '2025-12-04 00:30:43');
INSERT INTO `inactive_point_history` (`user_id`, `point`, `date`) VALUES ('J4BGK4', '0', '2025-12-04 00:30:43');
UPDATE `user_registration` SET `sub_point` = 0, `active_status` = 'no'
WHERE `user_id` = 'J4BGK4';
INSERT INTO `arreva_api_logs` (`user_id`, `email`, `endpoint`, `response`, `date`) VALUES ('J4BGK4', 'rodriguezjf2000@yahoo.com', 'deactivatemember', '\"Unable to find user matching email or contract number or otherid\"', '2025-12-04 00:30:44');
INSERT INTO `inactive_history` (`user_id`, `commission_balance`, `amount`, `date`) VALUES ('J4BGK4', '0', '150', '2025-12-04 00:30:44');
INSERT INTO `inactive_point_history` (`user_id`, `point`, `date`) VALUES ('K67AMG', '0', '2025-12-04 00:30:44');
UPDATE `user_registration` SET `sub_point` = 0, `active_status` = 'no'
WHERE `user_id` = 'K67AMG';
INSERT INTO `arreva_api_logs` (`user_id`, `email`, `endpoint`, `response`, `date`) VALUES ('K67AMG', 'carlohernandez1963@gmail.com', 'deactivatemember', '\"Unable to find user matching email or contract number or otherid\"', '2025-12-04 00:30:44');
INSERT INTO `inactive_history` (`user_id`, `commission_balance`, `amount`, `date`) VALUES ('K67AMG', '0', '150', '2025-12-04 00:30:44');
INSERT INTO `inactive_point_history` (`user_id`, `point`, `date`) VALUES ('LIW8GV', '0', '2025-12-04 00:30:44');
UPDATE `user_registration` SET `sub_point` = 0, `active_status` = 'no'
WHERE `user_id` = 'LIW8GV';
INSERT INTO `arreva_api_logs` (`user_id`, `email`, `endpoint`, `response`, `date`) VALUES ('LIW8GV', 'luisnoris1990@gmail.com', 'deactivatemember', '\"Unable to find user matching email or contract number or otherid\"', '2025-12-04 00:30:44');
INSERT INTO `inactive_history` (`user_id`, `commission_balance`, `amount`, `date`) VALUES ('LIW8GV', '0', '150', '2025-12-04 00:30:44');
INSERT INTO `inactive_point_history` (`user_id`, `point`, `date`) VALUES ('N6VMK1', '0', '2025-12-04 00:30:44');
UPDATE `user_registration` SET `sub_point` = 0, `active_status` = 'no'
WHERE `user_id` = 'N6VMK1';
INSERT INTO `arreva_api_logs` (`user_id`, `email`, `endpoint`, `response`, `date`) VALUES ('N6VMK1', 'javier.rodriguez.novelo@gmail.com', 'deactivatemember', '\"Unable to find user matching email or contract number or otherid\"', '2025-12-04 00:30:44');
INSERT INTO `inactive_history` (`user_id`, `commission_balance`, `amount`, `date`) VALUES ('N6VMK1', '0', '150', '2025-12-04 00:30:44');
INSERT INTO `inactive_point_history` (`user_id`, `point`, `date`) VALUES ('54SJCL', '0', '2025-12-04 00:30:44');
UPDATE `user_registration` SET `sub_point` = 0, `active_status` = 'no'
WHERE `user_id` = '54SJCL';
INSERT INTO `arreva_api_logs` (`user_id`, `email`, `endpoint`, `response`, `date`) VALUES ('54SJCL', 'josejorge3011@hotmail.com', 'deactivatemember', '\"Unable to find user matching email or contract number or otherid\"', '2025-12-04 00:30:45');
INSERT INTO `inactive_history` (`user_id`, `commission_balance`, `amount`, `date`) VALUES ('54SJCL', '0', '150', '2025-12-04 00:30:45');
INSERT INTO `inactive_point_history` (`user_id`, `point`, `date`) VALUES ('DFEDKO', '0', '2025-12-04 00:30:45');
UPDATE `user_registration` SET `sub_point` = 0, `active_status` = 'no'
WHERE `user_id` = 'DFEDKO';
INSERT INTO `arreva_api_logs` (`user_id`, `email`, `endpoint`, `response`, `date`) VALUES ('DFEDKO', 'anegociarfree+1@gmail.com', 'deactivatemember', 'true', '2025-12-04 00:30:45');
INSERT INTO `inactive_history` (`user_id`, `commission_balance`, `amount`, `date`) VALUES ('DFEDKO', '20', '150', '2025-12-04 00:30:45');
INSERT INTO `inactive_point_history` (`user_id`, `point`, `date`) VALUES ('N5PLRR', '0', '2025-12-04 00:30:45');
UPDATE `user_registration` SET `sub_point` = 0, `active_status` = 'no'
WHERE `user_id` = 'N5PLRR';
INSERT INTO `arreva_api_logs` (`user_id`, `email`, `endpoint`, `response`, `date`) VALUES ('N5PLRR', 'deeptalent.boza@gmail.com', 'deactivatemember', '\"Unable to find user matching email or contract number or otherid\"', '2025-12-04 00:30:45');
INSERT INTO `inactive_history` (`user_id`, `commission_balance`, `amount`, `date`) VALUES ('N5PLRR', '30', '50', '2025-12-04 00:30:45');
INSERT INTO `inactive_point_history` (`user_id`, `point`, `date`) VALUES ('RSM4DG', '0', '2025-12-04 00:30:45');
UPDATE `user_registration` SET `sub_point` = 0, `active_status` = 'no'
WHERE `user_id` = 'RSM4DG';
INSERT INTO `arreva_api_logs` (`user_id`, `email`, `endpoint`, `response`, `date`) VALUES ('RSM4DG', 'fssicentral+1@gmail.com', 'deactivatemember', '\"Unable to find user matching email or contract number or otherid\"', '2025-12-04 00:30:45');
INSERT INTO `inactive_history` (`user_id`, `commission_balance`, `amount`, `date`) VALUES ('RSM4DG', '30', '50', '2025-12-04 00:30:45');
INSERT INTO `inactive_point_history` (`user_id`, `point`, `date`) VALUES ('V43EWT', '0', '2025-12-04 00:30:45');
UPDATE `user_registration` SET `sub_point` = 0, `active_status` = 'no'
WHERE `user_id` = 'V43EWT';
INSERT INTO `arreva_api_logs` (`user_id`, `email`, `endpoint`, `response`, `date`) VALUES ('V43EWT', 'deeptalent+1@hotmail.com', 'deactivatemember', '\"Unable to find user matching email or contract number or otherid\"', '2025-12-04 00:30:46');
INSERT INTO `inactive_history` (`user_id`, `commission_balance`, `amount`, `date`) VALUES ('V43EWT', '0', '50', '2025-12-04 00:30:46');
INSERT INTO `inactive_point_history` (`user_id`, `point`, `date`) VALUES ('NDTM1I', '0', '2025-12-04 00:30:46');
UPDATE `user_registration` SET `sub_point` = 0, `active_status` = 'no'
WHERE `user_id` = 'NDTM1I';
INSERT INTO `arreva_api_logs` (`user_id`, `email`, `endpoint`, `response`, `date`) VALUES ('NDTM1I', 'deeptalent+2@hotmail.com', 'deactivatemember', '\"Unable to find user matching email or contract number or otherid\"', '2025-12-04 00:30:46');
INSERT INTO `inactive_history` (`user_id`, `commission_balance`, `amount`, `date`) VALUES ('NDTM1I', '0', '50', '2025-12-04 00:30:46');
INSERT INTO `inactive_point_history` (`user_id`, `point`, `date`) VALUES ('GCLF2W', '0', '2025-12-04 00:30:46');
UPDATE `user_registration` SET `sub_point` = 0, `active_status` = 'no'
WHERE `user_id` = 'GCLF2W';
INSERT INTO `arreva_api_logs` (`user_id`, `email`, `endpoint`, `response`, `date`) VALUES ('GCLF2W', 'rt.amdream+1@gmail.com', 'deactivatemember', '\"Unable to find user matching email or contract number or otherid\"', '2025-12-04 00:30:46');
INSERT INTO `inactive_history` (`user_id`, `commission_balance`, `amount`, `date`) VALUES ('GCLF2W', '20', '50', '2025-12-04 00:30:46');
INSERT INTO `inactive_point_history` (`user_id`, `point`, `date`) VALUES ('6HA49X', '0', '2025-12-04 00:30:46');
UPDATE `user_registration` SET `sub_point` = 0, `active_status` = 'no'
WHERE `user_id` = '6HA49X';
INSERT INTO `arreva_api_logs` (`user_id`, `email`, `endpoint`, `response`, `date`) VALUES ('6HA49X', 'fssicentral+2@gmail.com', 'deactivatemember', '\"Unable to find user matching email or contract number or otherid\"', '2025-12-04 00:30:46');
INSERT INTO `inactive_history` (`user_id`, `commission_balance`, `amount`, `date`) VALUES ('6HA49X', '0', '50', '2025-12-04 00:30:46');
INSERT INTO `inactive_point_history` (`user_id`, `point`, `date`) VALUES ('CN59WR', '0', '2025-12-04 00:30:46');
UPDATE `user_registration` SET `sub_point` = 0, `active_status` = 'no'
WHERE `user_id` = 'CN59WR';
INSERT INTO `arreva_api_logs` (`user_id`, `email`, `endpoint`, `response`, `date`) VALUES ('CN59WR', 'deeptalent.boza+5@gmail.com', 'deactivatemember', '\"Unable to find user matching email or contract number or otherid\"', '2025-12-04 00:30:47');
INSERT INTO `inactive_history` (`user_id`, `commission_balance`, `amount`, `date`) VALUES ('CN59WR', '0', '50', '2025-12-04 00:30:47');
INSERT INTO `inactive_point_history` (`user_id`, `point`, `date`) VALUES ('WCHBRD', '0', '2025-12-04 00:30:47');
UPDATE `user_registration` SET `sub_point` = 0, `active_status` = 'no'
WHERE `user_id` = 'WCHBRD';
INSERT INTO `arreva_api_logs` (`user_id`, `email`, `endpoint`, `response`, `date`) VALUES ('WCHBRD', 'nrproducts20+11@gmail.com', 'deactivatemember', '\"Unable to find user matching email or contract number or otherid\"', '2025-12-04 00:30:47');
INSERT INTO `inactive_history` (`user_id`, `commission_balance`, `amount`, `date`) VALUES ('WCHBRD', '0', '50', '2025-12-04 00:30:47');
INSERT INTO `inactive_point_history` (`user_id`, `point`, `date`) VALUES ('MHTJIU', '0', '2025-12-04 00:30:47');
UPDATE `user_registration` SET `sub_point` = 0, `active_status` = 'no'
WHERE `user_id` = 'MHTJIU';
INSERT INTO `arreva_api_logs` (`user_id`, `email`, `endpoint`, `response`, `date`) VALUES ('MHTJIU', 'onielguerra+2@yahoo.com', 'deactivatemember', '\"Unable to find user matching email or contract number or otherid\"', '2025-12-04 00:30:47');
INSERT INTO `inactive_history` (`user_id`, `commission_balance`, `amount`, `date`) VALUES ('MHTJIU', '20', '50', '2025-12-04 00:30:47');
INSERT INTO `inactive_point_history` (`user_id`, `point`, `date`) VALUES ('C66Y3L', '0', '2025-12-04 00:30:47');
UPDATE `user_registration` SET `sub_point` = 0, `active_status` = 'no'
WHERE `user_id` = 'C66Y3L';
INSERT INTO `arreva_api_logs` (`user_id`, `email`, `endpoint`, `response`, `date`) VALUES ('C66Y3L', 'fssicentral+12@gmail.com', 'deactivatemember', '\"Unable to find user matching email or contract number or otherid\"', '2025-12-04 00:30:47');
INSERT INTO `inactive_history` (`user_id`, `commission_balance`, `amount`, `date`) VALUES ('C66Y3L', '20', '50', '2025-12-04 00:30:47');
INSERT INTO `inactive_point_history` (`user_id`, `point`, `date`) VALUES ('4OOCCH', '0', '2025-12-04 00:30:47');
UPDATE `user_registration` SET `sub_point` = 0, `active_status` = 'no'
WHERE `user_id` = '4OOCCH';
INSERT INTO `arreva_api_logs` (`user_id`, `email`, `endpoint`, `response`, `date`) VALUES ('4OOCCH', 'sfssi+11@gmail.com', 'deactivatemember', '\"Unable to find user matching email or contract number or otherid\"', '2025-12-04 00:30:48');
INSERT INTO `inactive_history` (`user_id`, `commission_balance`, `amount`, `date`) VALUES ('4OOCCH', '0', '50', '2025-12-04 00:30:48');
INSERT INTO `inactive_point_history` (`user_id`, `point`, `date`) VALUES ('G4EQDP', '0', '2025-12-04 00:30:48');
UPDATE `user_registration` SET `sub_point` = 0, `active_status` = 'no'
WHERE `user_id` = 'G4EQDP';
INSERT INTO `arreva_api_logs` (`user_id`, `email`, `endpoint`, `response`, `date`) VALUES ('G4EQDP', 'sfssiw+13@gmail.com', 'deactivatemember', '\"Unable to find user matching email or contract number or otherid\"', '2025-12-04 00:30:48');
INSERT INTO `inactive_history` (`user_id`, `commission_balance`, `amount`, `date`) VALUES ('G4EQDP', '0', '50', '2025-12-04 00:30:48');
INSERT INTO `inactive_point_history` (`user_id`, `point`, `date`) VALUES ('G95C91', '0', '2025-12-04 00:30:48');
UPDATE `user_registration` SET `sub_point` = 0, `active_status` = 'no'
WHERE `user_id` = 'G95C91';
INSERT INTO `arreva_api_logs` (`user_id`, `email`, `endpoint`, `response`, `date`) VALUES ('G95C91', 'sfssiw+15@gmail.com', 'deactivatemember', '\"Unable to find user matching email or contract number or otherid\"', '2025-12-04 00:30:48');
INSERT INTO `inactive_history` (`user_id`, `commission_balance`, `amount`, `date`) VALUES ('G95C91', '0', '50', '2025-12-04 00:30:48');
INSERT INTO `inactive_point_history` (`user_id`, `point`, `date`) VALUES ('SZ1N3Z', '0', '2025-12-04 00:30:48');
UPDATE `user_registration` SET `sub_point` = 0, `active_status` = 'no'
WHERE `user_id` = 'SZ1N3Z';
INSERT INTO `arreva_api_logs` (`user_id`, `email`, `endpoint`, `response`, `date`) VALUES ('SZ1N3Z', 'sfssiw+16@gmail.com', 'deactivatemember', '\"Unable to find user matching email or contract number or otherid\"', '2025-12-04 00:30:49');
INSERT INTO `inactive_history` (`user_id`, `commission_balance`, `amount`, `date`) VALUES ('SZ1N3Z', '0', '50', '2025-12-04 00:30:49');
INSERT INTO `inactive_point_history` (`user_id`, `point`, `date`) VALUES ('4S3VM7', '0', '2025-12-04 00:30:49');
UPDATE `user_registration` SET `sub_point` = 0, `active_status` = 'no'
WHERE `user_id` = '4S3VM7';
INSERT INTO `arreva_api_logs` (`user_id`, `email`, `endpoint`, `response`, `date`) VALUES ('4S3VM7', 'sfssiw+17@gmail.com', 'deactivatemember', '\"Unable to find user matching email or contract number or otherid\"', '2025-12-04 00:30:49');
INSERT INTO `inactive_history` (`user_id`, `commission_balance`, `amount`, `date`) VALUES ('4S3VM7', '0', '50', '2025-12-04 00:30:49');
INSERT INTO `inactive_point_history` (`user_id`, `point`, `date`) VALUES ('G5QCEL', '0', '2025-12-04 00:30:49');
UPDATE `user_registration` SET `sub_point` = 0, `active_status` = 'no'
WHERE `user_id` = 'G5QCEL';
INSERT INTO `arreva_api_logs` (`user_id`, `email`, `endpoint`, `response`, `date`) VALUES ('G5QCEL', 'sfssiw+18@gmail.com', 'deactivatemember', '\"Unable to find user matching email or contract number or otherid\"', '2025-12-04 00:30:49');
INSERT INTO `inactive_history` (`user_id`, `commission_balance`, `amount`, `date`) VALUES ('G5QCEL', '0', '50', '2025-12-04 00:30:49');
INSERT INTO `inactive_point_history` (`user_id`, `point`, `date`) VALUES ('6CYPUS', '0', '2025-12-04 00:30:49');
UPDATE `user_registration` SET `sub_point` = 0, `active_status` = 'no'
WHERE `user_id` = '6CYPUS';
INSERT INTO `arreva_api_logs` (`user_id`, `email`, `endpoint`, `response`, `date`) VALUES ('6CYPUS', 'nquiros@ymail.com', 'deactivatemember', '\"Unable to find user matching email or contract number or otherid\"', '2025-12-04 00:30:49');
INSERT INTO `inactive_history` (`user_id`, `commission_balance`, `amount`, `date`) VALUES ('6CYPUS', '0', '150', '2025-12-04 00:30:49');
INSERT INTO `inactive_point_history` (`user_id`, `point`, `date`) VALUES ('52FDFS', '0', '2025-12-04 00:30:49');
UPDATE `user_registration` SET `sub_point` = 0, `active_status` = 'no'
WHERE `user_id` = '52FDFS';
INSERT INTO `arreva_api_logs` (`user_id`, `email`, `endpoint`, `response`, `date`) VALUES ('52FDFS', 'mariajcarloa@gmail.com', 'deactivatemember', '\"Unable to find user matching email or contract number or otherid\"', '2025-12-04 00:30:49');
INSERT INTO `inactive_history` (`user_id`, `commission_balance`, `amount`, `date`) VALUES ('52FDFS', '0', '150', '2025-12-04 00:30:49');
INSERT INTO `inactive_point_history` (`user_id`, `point`, `date`) VALUES ('LI6NAA', '0', '2025-12-04 00:30:49');
UPDATE `user_registration` SET `sub_point` = 0, `active_status` = 'no'
WHERE `user_id` = 'LI6NAA';
INSERT INTO `arreva_api_logs` (`user_id`, `email`, `endpoint`, `response`, `date`) VALUES ('LI6NAA', 'sotolongor+96@gmail.com', 'deactivatemember', 'true', '2025-12-04 00:30:50');
INSERT INTO `inactive_history` (`user_id`, `commission_balance`, `amount`, `date`) VALUES ('LI6NAA', '0', '150', '2025-12-04 00:30:50');
INSERT INTO `inactive_point_history` (`user_id`, `point`, `date`) VALUES ('NOBRW6', '0', '2025-12-04 00:30:50');
UPDATE `user_registration` SET `sub_point` = 0, `active_status` = 'no'
WHERE `user_id` = 'NOBRW6';
INSERT INTO `arreva_api_logs` (`user_id`, `email`, `endpoint`, `response`, `date`) VALUES ('NOBRW6', 'yosvanyperezcruckshank@gmail.com', 'deactivatemember', 'true', '2025-12-04 00:30:50');
INSERT INTO `inactive_history` (`user_id`, `commission_balance`, `amount`, `date`) VALUES ('NOBRW6', '0', '150', '2025-12-04 00:30:50');
INSERT INTO `inactive_point_history` (`user_id`, `point`, `date`) VALUES ('6XB3NC', '0', '2025-12-04 00:30:50');
UPDATE `user_registration` SET `sub_point` = 0, `active_status` = 'no'
WHERE `user_id` = '6XB3NC';
INSERT INTO `arreva_api_logs` (`user_id`, `email`, `endpoint`, `response`, `date`) VALUES ('6XB3NC', 'aymeelucia1971@gmail.com', 'deactivatemember', 'true', '2025-12-04 00:30:50');
INSERT INTO `inactive_history` (`user_id`, `commission_balance`, `amount`, `date`) VALUES ('6XB3NC', '0', '150', '2025-12-04 00:30:50');
UPDATE `cron_job_history` SET `status` = 'done', `date_end` = '2025-12-04 00:30:50'
WHERE `id` = 863;
INSERT INTO `cron_job_history` (`name`, `date_started`, `status`) VALUES ('sendReminderMail', '2025-12-04 00:35:02', 'started');
UPDATE `cron_job_history` SET `status` = 'done', `date_end` = '2025-12-04 00:35:02'
WHERE `id` = 864;
INSERT INTO `login_history` (`user_id`, `device`, `ip_address`, `date`) VALUES ('N6GZAE', 'Mozilla/5.0 (Linux; Android 10; K) AppleWebKit/537.36 (KHTML, like Gecko) Chrome/142.0.0.0 Mobile Safari/537.36', '2600:1006:b044:85d9:1143:3d24:bc6f:be14', '25-12-04 06:44');
UPDATE `user_registration` SET `popup_seen` = 'yes'
WHERE `user_id` = 'N6GZAE';
UPDATE `user_registration` SET `popup_seen` = 'no'
WHERE `user_id` = 'N6GZAE';
DELETE FROM `ci_sessions`
WHERE `id` = '15ddc4e09848def6239c81970de9592d265d45b2';
INSERT INTO `login_history` (`user_id`, `device`, `ip_address`, `date`) VALUES ('2WYFRD', 'Mozilla/5.0 (Linux; Android 10; K) AppleWebKit/537.36 (KHTML, like Gecko) Chrome/142.0.0.0 Mobile Safari/537.36', '2600:1006:b044:85d9:1143:3d24:bc6f:be14', '25-12-04 06:45');
UPDATE `user_registration` SET `popup_seen` = 'yes'
WHERE `user_id` = '2WYFRD';
UPDATE `user_registration` SET `popup_seen` = 'yes'
WHERE `user_id` = '2WYFRD';
UPDATE `ci_sessions` SET `timestamp` = 1764852630, `data` = '__ci_last_regenerate|i:1764852630;id|s:4:\"2431\";user_id|s:6:\"2WYFRD\";username|s:12:\"worldventure\";sponsor_id|s:5:\"admin\";fullname|s:17:\"Roberto Sotolongo\";email|s:23:\"sotolongor+37@gmail.com\";phone|s:10:\"7862107045\";isLogIn|b:1;'
WHERE `id` = '8f4599a967666e08c6a546d21751856fcd04e94c';
UPDATE `user_registration` SET `popup_seen` = 'yes'
WHERE `user_id` = '2WYFRD';
UPDATE `user_registration` SET `popup_seen` = 'yes'
WHERE `user_id` = '2WYFRD';
UPDATE `user_registration` SET `popup_seen` = 'no'
WHERE `user_id` = '2WYFRD';
DELETE FROM `ci_sessions`
WHERE `id` = 'd99453a37d7ce6100aa04d44595160c8268560ff';
UPDATE `ci_sessions` SET `timestamp` = 1764855595, `data` = '__ci_last_regenerate|i:1764855595;captcha|s:4:\"sjjs\";'
WHERE `id` = 'aa71d7d506dbd7a63f55a6c42d7d4d76fcfe4407';
INSERT INTO `login_history` (`user_id`, `device`, `ip_address`, `date`) VALUES ('UQO7EQ', 'Mozilla/5.0 (Linux; Android 10; K) AppleWebKit/537.36 (KHTML, like Gecko) Chrome/142.0.0.0 Mobile Safari/537.36', '2607:fb90:91a6:c111:9c6:19ab:aa51:e33d', '25-12-04 07:44');
UPDATE `user_registration` SET `popup_seen` = 'yes'
WHERE `user_id` = 'UQO7EQ';
UPDATE `user_registration` SET `popup_seen` = 'no'
WHERE `user_id` = 'UQO7EQ';
DELETE FROM `ci_sessions`
WHERE `id` = 'e779d0cdfa38c853beaf7777cb317e6a88a325c9';
INSERT INTO `login_history` (`user_id`, `device`, `ip_address`, `date`) VALUES ('2RSJNO', 'Mozilla/5.0 (iPhone; CPU iPhone OS 26_1_0 like Mac OS X) AppleWebKit/605.1.15 (KHTML, like Gecko) GSA/396.0.833910942 Mobile/15E148 Safari/604.1', '2607:fb90:916a:ca4a:b437:8c63:eed7:416f', '25-12-04 08:08');
UPDATE `user_registration` SET `popup_seen` = 'yes'
WHERE `user_id` = '2RSJNO';
INSERT INTO `login_history` (`user_id`, `device`, `ip_address`, `date`) VALUES ('4WVWXZ', 'Mozilla/5.0 (Macintosh; Intel Mac OS X 10_15_7) AppleWebKit/537.36 (KHTML, like Gecko) Chrome/133.0.0.0 Safari/537.36', '108.238.78.81', '25-12-04 08:59');
UPDATE `user_registration` SET `popup_seen` = 'yes'
WHERE `user_id` = '4WVWXZ';
INSERT INTO `login_history` (`user_id`, `device`, `ip_address`, `date`) VALUES ('46H8G2', 'Mozilla/5.0 (Macintosh; Intel Mac OS X 10_15_7) AppleWebKit/605.1.15 (KHTML, like Gecko) Version/17.6 Safari/605.1.15', '2601:58a:8300:f640:95b9:186b:b41c:c21d', '25-12-04 09:24');
UPDATE `user_registration` SET `popup_seen` = 'yes'
WHERE `user_id` = '46H8G2';
INSERT INTO `temp_register` (`post_data`, `date`, `payment_method`, `type`) VALUES ('{\"user_id\":\"46H8G2\",\"packge_id\":\"8\",\"amount\":\"111.46\",\"value\":\"0\",\"point\":\"0\",\"image\":\"upload\\/benefits_pack_image\\/99a66b849fe5a3cde36d7c389a208455.png\",\"image_id\":\"N\\/A\",\"country\":\"N\\/A\",\"city\":\"N\\/A\",\"available_points\":\"750\",\"conversion_point_rate\":\"1\",\"payment_option\":\"stripe\",\"package_title\":\"Travelegendcy - Encuentro Regional  \",\"date\":\"2025-12-04 09:27:08\",\"type\":\"benefits_event_purchase\",\"full_name\":\"Yoan Martinez Vigo\",\"phone\":\"8133825424\",\"email\":\"yoanmtnz1977@gmail.com\",\"quantity\":\"3\"}', '2025-12-04 09:27:08', 'stripe', 'benefits_event_purchase');
UPDATE `temp_register` SET `response` = '{\"stripeToken\":\"tok_1SaeRR2NUoYUjiuubQu3Jexm\",\"stripeTokenType\":\"card\",\"stripeEmail\":\"yoanmtnz1977@gmail.com\"}', `date_modified` = '2025-12-04 09:27:43', `payment_status` = '{\"id\":\"ch_3SaeRW2NUoYUjiuu15gvdqCy\",\"object\":\"charge\",\"amount\":11146,\"amount_captured\":11146,\"amount_refunded\":0,\"application\":null,\"application_fee\":null,\"application_fee_amount\":null,\"balance_transaction\":\"txn_3SaeRW2NUoYUjiuu17bZWUHx\",\"billing_details\":{\"address\":{\"city\":null,\"country\":null,\"line1\":null,\"line2\":null,\"postal_code\":null,\"state\":null},\"email\":null,\"name\":\"yoanmtnz1977@gmail.com\",\"phone\":null,\"tax_id\":null},\"calculated_statement_descriptor\":\"TRAVELEGENDCY LLC\",\"captured\":true,\"created\":1764862062,\"currency\":\"usd\",\"customer\":\"cus_TXjv0t5e89LLcU\",\"description\":null,\"destination\":null,\"dispute\":null,\"disputed\":false,\"failure_balance_transaction\":null,\"failure_code\":null,\"failure_message\":null,\"fraud_details\":[],\"invoice\":null,\"livemode\":true,\"metadata\":{\"name\":\" \"},\"on_behalf_of\":null,\"order\":null,\"outcome\":{\"advice_code\":null,\"network_advice_code\":null,\"network_decline_code\":null,\"network_status\":\"approved_by_network\",\"reason\":null,\"risk_level\":\"normal\",\"seller_message\":\"Payment complete.\",\"type\":\"authorized\"},\"paid\":true,\"payment_intent\":null,\"payment_method\":\"card_1SaeRR2NUoYUjiuuL7xvWCPP\",\"payment_method_details\":{\"card\":{\"amount_authorized\":11146,\"authorization_code\":\"122471\",\"brand\":\"mastercard\",\"checks\":{\"address_line1_check\":null,\"address_postal_code_check\":null,\"cvc_check\":\"pass\"},\"country\":\"US\",\"exp_month\":10,\"exp_year\":2030,\"extended_authorization\":{\"status\":\"disabled\"},\"fingerprint\":\"52huXuHDEcieCSx1\",\"funding\":\"debit\",\"incremental_authorization\":{\"status\":\"unavailable\"},\"installments\":null,\"last4\":\"7633\",\"mandate\":null,\"multicapture\":{\"status\":\"unavailable\"},\"network\":\"mastercard\",\"network_token\":{\"used\":false},\"network_transaction_id\":\"MDJWHXHBG1204\",\"overcapture\":{\"maximum_amount_capturable\":11146,\"status\":\"unavailable\"},\"regulated_status\":\"regulated\",\"three_d_secure\":null,\"wallet\":null},\"type\":\"card\"},\"receipt_email\":null,\"receipt_number\":null,\"receipt_url\":\"https:\\/\\/pay.stripe.com\\/receipts\\/payment\\/CAcQARoXChVhY2N0XzFRUEFGdjJOVW9ZVWppdXUo79DGyQYyBhIWmEUjXTosFgSXV7hFzTyCnT5OPfsnX3iXtXq4CKWEgjruW1XyIibt2IvFmOQOrelBl7A\",\"refunded\":false,\"review\":null,\"shipping\":null,\"source\":{\"id\":\"card_1SaeRR2NUoYUjiuuL7xvWCPP\",\"object\":\"card\",\"address_city\":null,\"address_country\":null,\"address_line1\":null,\"address_line1_check\":null,\"address_line2\":null,\"address_state\":null,\"address_zip\":null,\"address_zip_check\":null,\"allow_redisplay\":\"unspecified\",\"brand\":\"MasterCard\",\"country\":\"US\",\"customer\":\"cus_TXjv0t5e89LLcU\",\"cvc_check\":\"pass\",\"dynamic_last4\":null,\"email\":null,\"exp_month\":10,\"exp_year\":2030,\"fingerprint\":\"52huXuHDEcieCSx1\",\"funding\":\"debit\",\"last4\":\"7633\",\"metadata\":[],\"name\":\"yoanmtnz1977@gmail.com\",\"phone\":null,\"regulated_status\":\"regulated\",\"tokenization_method\":null,\"wallet\":null},\"source_transfer\":null,\"statement_descriptor\":null,\"statement_descriptor_suffix\":null,\"status\":\"succeeded\",\"transfer_data\":null,\"transfer_group\":null}'
WHERE `id` = 1285;
INSERT INTO `benefits_pack_purchase_history` (`user_id`, `packge_id`, `amount`, `value`, `point`, `image`, `image_id`, `country`, `city`, `available_points`, `conversion_point_rate`, `payment_option`, `package_title`, `date`, `type`, `full_name`, `phone`, `email`, `quantity`) VALUES ('46H8G2', '8', '111.46', '0', '0', 'upload/benefits_pack_image/99a66b849fe5a3cde36d7c389a208455.png', 'N/A', 'N/A', 'N/A', '750', '1', 'stripe', 'Travelegendcy - Encuentro Regional  ', '2025-12-04 09:27:08', 'benefits_event_purchase', 'Yoan Martinez Vigo', '8133825424', 'yoanmtnz1977@gmail.com', '3');
INSERT INTO `login_history` (`user_id`, `device`, `ip_address`, `date`) VALUES ('UQO7EQ', 'Mozilla/5.0 (Windows NT 10.0; Win64; x64) AppleWebKit/537.36 (KHTML, like Gecko) Chrome/143.0.0.0 Safari/537.36', '2601:58a:897c:5f70:b405:c437:581f:b7c3', '25-12-04 09:28');
UPDATE `user_registration` SET `popup_seen` = 'yes'
WHERE `user_id` = 'UQO7EQ';
UPDATE `user_registration` SET `popup_seen` = 'no'
WHERE `user_id` = 'UQO7EQ';
DELETE FROM `ci_sessions`
WHERE `id` = 'ce18b551cd1094a478fd01453c8cf74ea93348c0';
UPDATE `ci_sessions` SET `timestamp` = 1764862172, `data` = '__ci_last_regenerate|i:1764862172;id|s:4:\"2225\";user_id|s:6:\"46H8G2\";username|s:6:\"yoanmv\";sponsor_id|s:6:\"HSP8ZI\";fullname|s:13:\"yoan martinez\";email|s:22:\"yoanmtnz1977@gmail.com\";phone|s:10:\"8133825424\";isLogIn|b:1;reg_stripe_id|i:1285;message|s:31:\"Purchase Completed Successfully\";__ci_vars|a:1:{s:7:\"message\";s:3:\"old\";}'
WHERE `id` = 'f456cbf96046c766fdce6d04f4a9d9a87aa7591d';
INSERT INTO `login_history` (`user_id`, `device`, `ip_address`, `date`) VALUES ('J382ZU', 'Mozilla/5.0 (Macintosh; Intel Mac OS X 10_15_7) AppleWebKit/537.36 (KHTML, like Gecko) Chrome/141.0.0.0 Safari/537.36', '2600:1700:3960:fd00:e907:473a:4eb0:e3ab', '25-12-04 09:30');
UPDATE `user_registration` SET `popup_seen` = 'yes'
WHERE `user_id` = 'J382ZU';
UPDATE `ci_sessions` SET `timestamp` = 1764863683, `data` = '__ci_last_regenerate|i:1764863683;id|s:4:\"2470\";user_id|s:6:\"J382ZU\";username|s:9:\"IslaideFG\";sponsor_id|s:6:\"PXOKY7\";fullname|s:16:\"Islaide Fournier\";email|s:19:\"islaidefg@gmail.com\";phone|s:10:\"7864866056\";isLogIn|b:1;'
WHERE `id` = '489aa8ca9e9ea26f031111d0f69b0729b83289f2';
UPDATE `user_registration` SET `popup_seen` = 'no'
WHERE `user_id` = 'J382ZU';
DELETE FROM `ci_sessions`
WHERE `id` = '34a9192f60253a7773f5a474457b326a3da59ca5';
INSERT INTO `login_history` (`user_id`, `device`, `ip_address`, `date`) VALUES ('J382ZU', 'Mozilla/5.0 (iPad; CPU OS 17_7_10 like Mac OS X) AppleWebKit/605.1.15 (KHTML, like Gecko) CriOS/142.0.7444.148 Mobile/15E148 Safari/604.1', '2600:1700:3960:fd00:6d5a:17b9:3dcd:be28', '25-12-04 09:55');
UPDATE `user_registration` SET `popup_seen` = 'yes'
WHERE `user_id` = 'J382ZU';
UPDATE `user_registration` SET `popup_seen` = 'no'
WHERE `user_id` = 'J382ZU';
DELETE FROM `ci_sessions`
WHERE `id` = '09c15609de3995ad99a749d9988407bd115f8277';
INSERT INTO `login_history` (`user_id`, `device`, `ip_address`, `date`) VALUES ('J382ZU', 'Mozilla/5.0 (Macintosh; Intel Mac OS X 10_15_7) AppleWebKit/537.36 (KHTML, like Gecko) Chrome/141.0.0.0 Safari/537.36', '2600:1700:3960:fd00:e907:473a:4eb0:e3ab', '25-12-04 09:59');
UPDATE `user_registration` SET `popup_seen` = 'yes'
WHERE `user_id` = 'J382ZU';
UPDATE `ci_sessions` SET `timestamp` = 1764864261, `data` = '__ci_last_regenerate|i:1764864261;id|s:4:\"2470\";user_id|s:6:\"J382ZU\";username|s:9:\"IslaideFG\";sponsor_id|s:6:\"PXOKY7\";fullname|s:16:\"Islaide Fournier\";email|s:19:\"islaidefg@gmail.com\";phone|s:10:\"7864866056\";isLogIn|b:1;'
WHERE `id` = 'd8aee3a61a1dd399c5ed5ab0f51fddb24b93572e';
INSERT INTO `temp_register` (`post_data`, `date`, `payment_method`, `type`) VALUES ('{\"user_id\":\"J382ZU\",\"packge_id\":\"8\",\"amount\":\"148.61\",\"value\":\"0\",\"point\":\"0\",\"image\":\"upload\\/benefits_pack_image\\/99a66b849fe5a3cde36d7c389a208455.png\",\"image_id\":\"N\\/A\",\"country\":\"N\\/A\",\"city\":\"N\\/A\",\"available_points\":\"0\",\"conversion_point_rate\":\"1\",\"payment_option\":\"stripe\",\"package_title\":\"Travelegendcy - Encuentro Regional  \",\"date\":\"2025-12-04 10:04:21\",\"type\":\"benefits_event_purchase\",\"full_name\":\"Islaide Fournier\",\"phone\":\"islaidefg@gmail.com\",\"email\":\"islaidefg@gmail.com\",\"quantity\":\"4\"}', '2025-12-04 10:04:21', 'stripe', 'benefits_event_purchase');
UPDATE `temp_register` SET `response` = '{\"stripeToken\":\"tok_1Saf262NUoYUjiuuWC8kBrFX\",\"stripeTokenType\":\"card\",\"stripeEmail\":\"islaidefg@gmail.com\"}', `date_modified` = '2025-12-04 10:05:35', `payment_status` = '{\"id\":\"ch_3Saf2A2NUoYUjiuu1dhngptB\",\"object\":\"charge\",\"amount\":14861,\"amount_captured\":14861,\"amount_refunded\":0,\"application\":null,\"application_fee\":null,\"application_fee_amount\":null,\"balance_transaction\":\"txn_3Saf2A2NUoYUjiuu1Rw0Iuq8\",\"billing_details\":{\"address\":{\"city\":null,\"country\":null,\"line1\":null,\"line2\":null,\"postal_code\":null,\"state\":null},\"email\":null,\"name\":\"islaidefg@gmail.com\",\"phone\":null,\"tax_id\":null},\"calculated_statement_descriptor\":\"TRAVELEGENDCY LLC\",\"captured\":true,\"created\":1764864334,\"currency\":\"usd\",\"customer\":\"cus_TXkXo4pg3goI2D\",\"description\":null,\"destination\":null,\"dispute\":null,\"disputed\":false,\"failure_balance_transaction\":null,\"failure_code\":null,\"failure_message\":null,\"fraud_details\":[],\"invoice\":null,\"livemode\":true,\"metadata\":{\"name\":\" \"},\"on_behalf_of\":null,\"order\":null,\"outcome\":{\"advice_code\":null,\"network_advice_code\":null,\"network_decline_code\":null,\"network_status\":\"approved_by_network\",\"reason\":null,\"risk_level\":\"normal\",\"seller_message\":\"Payment complete.\",\"type\":\"authorized\"},\"paid\":true,\"payment_intent\":null,\"payment_method\":\"card_1Saf262NUoYUjiuuSxbLTASj\",\"payment_method_details\":{\"card\":{\"amount_authorized\":14861,\"authorization_code\":\"06054Z\",\"brand\":\"mastercard\",\"checks\":{\"address_line1_check\":null,\"address_postal_code_check\":null,\"cvc_check\":\"pass\"},\"country\":\"US\",\"exp_month\":3,\"exp_year\":2029,\"extended_authorization\":{\"status\":\"disabled\"},\"fingerprint\":\"bvqBU2odfE17I2hl\",\"funding\":\"credit\",\"incremental_authorization\":{\"status\":\"unavailable\"},\"installments\":null,\"last4\":\"5029\",\"mandate\":null,\"multicapture\":{\"status\":\"unavailable\"},\"network\":\"mastercard\",\"network_token\":{\"used\":false},\"network_transaction_id\":\"MWETCKM8W1204\",\"overcapture\":{\"maximum_amount_capturable\":14861,\"status\":\"unavailable\"},\"regulated_status\":\"unregulated\",\"three_d_secure\":null,\"wallet\":null},\"type\":\"card\"},\"receipt_email\":null,\"receipt_number\":null,\"receipt_url\":\"https:\\/\\/pay.stripe.com\\/receipts\\/payment\\/CAcQARoXChVhY2N0XzFRUEFGdjJOVW9ZVWppdXUoz-LGyQYyBmz8kYdcTjosFh6YW6JoJNz35l7d1Ouyf-rikdPJJZ4nUDnCV1TtrpQDbvlXMT-Fl80Obsc\",\"refunded\":false,\"review\":null,\"shipping\":null,\"source\":{\"id\":\"card_1Saf262NUoYUjiuuSxbLTASj\",\"object\":\"card\",\"address_city\":null,\"address_country\":null,\"address_line1\":null,\"address_line1_check\":null,\"address_line2\":null,\"address_state\":null,\"address_zip\":null,\"address_zip_check\":null,\"allow_redisplay\":\"unspecified\",\"brand\":\"MasterCard\",\"country\":\"US\",\"customer\":\"cus_TXkXo4pg3goI2D\",\"cvc_check\":\"pass\",\"dynamic_last4\":null,\"email\":null,\"exp_month\":3,\"exp_year\":2029,\"fingerprint\":\"bvqBU2odfE17I2hl\",\"funding\":\"credit\",\"last4\":\"5029\",\"metadata\":[],\"name\":\"islaidefg@gmail.com\",\"phone\":null,\"regulated_status\":\"unregulated\",\"tokenization_method\":null,\"wallet\":null},\"source_transfer\":null,\"statement_descriptor\":null,\"statement_descriptor_suffix\":null,\"status\":\"succeeded\",\"transfer_data\":null,\"transfer_group\":null}'
WHERE `id` = 1286;
INSERT INTO `benefits_pack_purchase_history` (`user_id`, `packge_id`, `amount`, `value`, `point`, `image`, `image_id`, `country`, `city`, `available_points`, `conversion_point_rate`, `payment_option`, `package_title`, `date`, `type`, `full_name`, `phone`, `email`, `quantity`) VALUES ('J382ZU', '8', '148.61', '0', '0', 'upload/benefits_pack_image/99a66b849fe5a3cde36d7c389a208455.png', 'N/A', 'N/A', 'N/A', '0', '1', 'stripe', 'Travelegendcy - Encuentro Regional  ', '2025-12-04 10:04:21', 'benefits_event_purchase', 'Islaide Fournier', 'islaidefg@gmail.com', 'islaidefg@gmail.com', '4');
INSERT INTO `login_history` (`user_id`, `device`, `ip_address`, `date`) VALUES ('admin', 'Mozilla/5.0 (Windows NT 10.0; Win64; x64) AppleWebKit/537.36 (KHTML, like Gecko) Chrome/142.0.0.0 Safari/537.36 GLS/99.10.9140.91', '2603:3020:1809:e900:f4f6:272e:b943:5dc', '25-12-04 10:10');
UPDATE `user_registration` SET `popup_seen` = 'yes'
WHERE `user_id` = 'admin';
UPDATE `ci_sessions` SET `timestamp` = 1764865009, `data` = '__ci_last_regenerate|i:1764865009;id|s:4:\"2019\";user_id|s:5:\"admin\";username|s:5:\"admin\";sponsor_id|s:1:\"0\";fullname|s:11:\"Alex Carrey\";email|s:15:\"admin@admin.com\";phone|s:10:\"1235467892\";isLogIn|b:1;'
WHERE `id` = 'd018a0f26d79ed49975f46ef36c00df67a70179c';
UPDATE `admin` SET `last_logout` = '2025-12-04 10:23:43'
WHERE `id` IS NULL;
DELETE FROM `ci_sessions`
WHERE `id` = '09497a2a7cb32bb1bcdaa2261d3bab697626e4bc';
UPDATE `admin` SET `last_login` = '2025-12-04 10:23:46', `ip_address` = '172.56.16.56'
WHERE `id` = '1';
UPDATE `ci_sessions` SET `timestamp` = 1764865753, `data` = '__ci_last_regenerate|i:1764865753;isLogIn|b:1;isAdmin|b:1;id|s:1:\"1\";fullname|s:11:\"admin admin\";user_level|s:5:\"Admin\";email|s:23:\"admin@travelegendcy.com\";image|s:53:\"upload/settings/4a1f1b602322adb837a7a3547ee69cf3.jpeg\";last_login|s:19:\"2025-12-03 00:55:15\";last_logout|s:19:\"2025-11-20 12:23:18\";ip_address|s:12:\"83.49.43.141\";'
WHERE `id` = '5a874b964dc3e7314ba3b20cde41f813efeda959';
INSERT INTO `login_history` (`user_id`, `device`, `ip_address`, `date`) VALUES ('BBBUQN', 'Mozilla/5.0 (iPhone; CPU iPhone OS 26_1_0 like Mac OS X) AppleWebKit/605.1.15 (KHTML, like Gecko) GSA/397.0.836500703 Mobile/15E148 Safari/604.1', '12.116.237.46', '25-12-04 12:37');
UPDATE `user_registration` SET `popup_seen` = 'yes'
WHERE `user_id` = 'BBBUQN';
UPDATE `ci_sessions` SET `timestamp` = 1764874049, `data` = '__ci_last_regenerate|i:1764874049;id|s:4:\"2463\";user_id|s:6:\"BBBUQN\";username|s:5:\"UNZUE\";sponsor_id|s:6:\"8ZH73R\";fullname|s:13:\"Alfredo Unzue\";email|s:22:\"unzuealfredo@gmail.com\";phone|s:12:\"305 525 8862\";isLogIn|b:1;'
WHERE `id` = 'a72516dd2d51cddf7eeebae60f67e23582b01fee';
INSERT INTO `temp_register` (`post_data`, `date`, `payment_method`, `type`) VALUES ('{\"user_id\":\"BBBUQN\",\"packge_id\":\"8\",\"amount\":\"111.46\",\"value\":\"0\",\"point\":\"0\",\"image\":\"upload\\/benefits_pack_image\\/99a66b849fe5a3cde36d7c389a208455.png\",\"image_id\":\"N\\/A\",\"country\":\"N\\/A\",\"city\":\"N\\/A\",\"available_points\":\"150\",\"conversion_point_rate\":\"1\",\"payment_option\":\"stripe\",\"package_title\":\"Travelegendcy - Encuentro Regional  \",\"date\":\"2025-12-04 12:47:29\",\"type\":\"benefits_event_purchase\",\"full_name\":\"Alfredo Benigno Unzue\",\"phone\":\"3055258862\",\"email\":\"unzuealfredo@gmail.com\",\"quantity\":\"3\"}', '2025-12-04 12:47:29', 'stripe', 'benefits_event_purchase');
UPDATE `temp_register` SET `response` = '{\"stripeToken\":\"tok_1SahZp2NUoYUjiuuF1WAmZ15\",\"stripeTokenType\":\"card\",\"stripeEmail\":\"unzuealfredo@gmail.com\"}', `date_modified` = '2025-12-04 12:48:35', `payment_status` = '{\"id\":\"ch_3SahZu2NUoYUjiuu0zwTtu3L\",\"object\":\"charge\",\"amount\":11146,\"amount_captured\":11146,\"amount_refunded\":0,\"application\":null,\"application_fee\":null,\"application_fee_amount\":null,\"balance_transaction\":\"txn_3SahZu2NUoYUjiuu0UUKvunU\",\"billing_details\":{\"address\":{\"city\":null,\"country\":null,\"line1\":null,\"line2\":null,\"postal_code\":null,\"state\":null},\"email\":null,\"name\":\"unzuealfredo@gmail.com\",\"phone\":null,\"tax_id\":null},\"calculated_statement_descriptor\":\"TRAVELEGENDCY LLC\",\"captured\":true,\"created\":1764874114,\"currency\":\"usd\",\"customer\":\"cus_TXnARScUL1ar1a\",\"description\":null,\"destination\":null,\"dispute\":null,\"disputed\":false,\"failure_balance_transaction\":null,\"failure_code\":null,\"failure_message\":null,\"fraud_details\":[],\"invoice\":null,\"livemode\":true,\"metadata\":{\"name\":\" \"},\"on_behalf_of\":null,\"order\":null,\"outcome\":{\"advice_code\":null,\"network_advice_code\":null,\"network_decline_code\":null,\"network_status\":\"approved_by_network\",\"reason\":null,\"risk_level\":\"normal\",\"seller_message\":\"Payment complete.\",\"type\":\"authorized\"},\"paid\":true,\"payment_intent\":null,\"payment_method\":\"card_1SahZp2NUoYUjiuuOpcjq9dJ\",\"payment_method_details\":{\"card\":{\"amount_authorized\":11146,\"authorization_code\":\"174083\",\"brand\":\"mastercard\",\"checks\":{\"address_line1_check\":null,\"address_postal_code_check\":null,\"cvc_check\":\"pass\"},\"country\":\"US\",\"exp_month\":10,\"exp_year\":2030,\"extended_authorization\":{\"status\":\"disabled\"},\"fingerprint\":\"3q7jKZeOeWjDZJbH\",\"funding\":\"debit\",\"incremental_authorization\":{\"status\":\"unavailable\"},\"installments\":null,\"last4\":\"7243\",\"mandate\":null,\"multicapture\":{\"status\":\"unavailable\"},\"network\":\"mastercard\",\"network_token\":{\"used\":false},\"network_transaction_id\":\"MDJOJRDI41204\",\"overcapture\":{\"maximum_amount_capturable\":11146,\"status\":\"unavailable\"},\"regulated_status\":\"regulated\",\"three_d_secure\":null,\"wallet\":null},\"type\":\"card\"},\"receipt_email\":null,\"receipt_number\":null,\"receipt_url\":\"https:\\/\\/pay.stripe.com\\/receipts\\/payment\\/CAcQARoXChVhY2N0XzFRUEFGdjJOVW9ZVWppdXUohK_HyQYyBqphjgmFdDosFmuueN6ngjVcbxUpnntseEgd3z1fXpdgWuvsYwubY3qzixX_3ze3txpE4Eo\",\"refunded\":false,\"review\":null,\"shipping\":null,\"source\":{\"id\":\"card_1SahZp2NUoYUjiuuOpcjq9dJ\",\"object\":\"card\",\"address_city\":null,\"address_country\":null,\"address_line1\":null,\"address_line1_check\":null,\"address_line2\":null,\"address_state\":null,\"address_zip\":null,\"address_zip_check\":null,\"allow_redisplay\":\"unspecified\",\"brand\":\"MasterCard\",\"country\":\"US\",\"customer\":\"cus_TXnARScUL1ar1a\",\"cvc_check\":\"pass\",\"dynamic_last4\":null,\"email\":null,\"exp_month\":10,\"exp_year\":2030,\"fingerprint\":\"3q7jKZeOeWjDZJbH\",\"funding\":\"debit\",\"last4\":\"7243\",\"metadata\":[],\"name\":\"unzuealfredo@gmail.com\",\"phone\":null,\"regulated_status\":\"regulated\",\"tokenization_method\":null,\"wallet\":null},\"source_transfer\":null,\"statement_descriptor\":null,\"statement_descriptor_suffix\":null,\"status\":\"succeeded\",\"transfer_data\":null,\"transfer_group\":null}'
WHERE `id` = 1287;
INSERT INTO `benefits_pack_purchase_history` (`user_id`, `packge_id`, `amount`, `value`, `point`, `image`, `image_id`, `country`, `city`, `available_points`, `conversion_point_rate`, `payment_option`, `package_title`, `date`, `type`, `full_name`, `phone`, `email`, `quantity`) VALUES ('BBBUQN', '8', '111.46', '0', '0', 'upload/benefits_pack_image/99a66b849fe5a3cde36d7c389a208455.png', 'N/A', 'N/A', 'N/A', '150', '1', 'stripe', 'Travelegendcy - Encuentro Regional  ', '2025-12-04 12:47:29', 'benefits_event_purchase', 'Alfredo Benigno Unzue', '3055258862', 'unzuealfredo@gmail.com', '3');
UPDATE `ci_sessions` SET `timestamp` = 1764874363, `data` = '__ci_last_regenerate|i:1764874363;id|s:4:\"2463\";user_id|s:6:\"BBBUQN\";username|s:5:\"UNZUE\";sponsor_id|s:6:\"8ZH73R\";fullname|s:13:\"Alfredo Unzue\";email|s:22:\"unzuealfredo@gmail.com\";phone|s:12:\"305 525 8862\";isLogIn|b:1;reg_stripe_id|i:1287;message|s:31:\"Purchase Completed Successfully\";__ci_vars|a:1:{s:7:\"message\";s:3:\"old\";}'
WHERE `id` = '64d9bfe67587bd0f5c3cc418d9ad8205a5fdf9c7';
UPDATE `user_registration` SET `popup_seen` = 'yes'
WHERE `user_id` = 'BBBUQN';
UPDATE `user_registration` SET `popup_seen` = 'yes'
WHERE `user_id` = 'BBBUQN';
UPDATE `user_registration` SET `popup_seen` = 'yes'
WHERE `user_id` = 'BBBUQN';
UPDATE `user_registration` SET `popup_seen` = 'yes'
WHERE `user_id` = 'BBBUQN';
UPDATE `user_registration` SET `popup_seen` = 'yes'
WHERE `user_id` = 'BBBUQN';
INSERT INTO `login_history` (`user_id`, `device`, `ip_address`, `date`) VALUES ('UQO7EQ', 'Mozilla/5.0 (Windows NT 10.0; Win64; x64) AppleWebKit/537.36 (KHTML, like Gecko) Chrome/143.0.0.0 Safari/537.36', '2601:58a:897c:5f70:b405:c437:581f:b7c3', '25-12-04 13:05');
UPDATE `user_registration` SET `popup_seen` = 'yes'
WHERE `user_id` = 'UQO7EQ';
UPDATE `user_registration` SET `popup_seen` = 'yes'
WHERE `user_id` = 'UQO7EQ';
UPDATE `user_registration` SET `popup_seen` = 'no'
WHERE `user_id` = 'UQO7EQ';
DELETE FROM `ci_sessions`
WHERE `id` = '4d2184c512c23c5bb998b1bcc34cb06e85a82808';
UPDATE `ci_sessions` SET `timestamp` = 1764876483, `data` = '__ci_last_regenerate|i:1764876483;id|s:4:\"2463\";user_id|s:6:\"BBBUQN\";username|s:5:\"UNZUE\";sponsor_id|s:6:\"8ZH73R\";fullname|s:13:\"Alfredo Unzue\";email|s:22:\"unzuealfredo@gmail.com\";phone|s:12:\"305 525 8862\";isLogIn|b:1;reg_stripe_id|i:1287;'
WHERE `id` = '8327ff1e0d76ab53102ddde4542c33926200c836';
UPDATE `user_registration` SET `popup_seen` = 'yes'
WHERE `user_id` = 'BBBUQN';
INSERT INTO `login_history` (`user_id`, `device`, `ip_address`, `date`) VALUES ('BUWYXW', 'Mozilla/5.0 (Macintosh; Intel Mac OS X 10_15_7) AppleWebKit/605.1.15 (KHTML, like Gecko) Version/17.14 Safari/605.1.15', '2601:586:c280:2410:2cfd:72cb:13e0:e04b', '25-12-04 13:35');
UPDATE `user_registration` SET `popup_seen` = 'yes'
WHERE `user_id` = 'BUWYXW';
INSERT INTO `temp_register` (`post_data`, `date`, `payment_method`, `type`) VALUES ('{\"user_id\":\"BUWYXW\",\"card_id\":\"4\",\"card_cost\":\"150\",\"card_value\":\"150\",\"payment_option\":\"stripe\",\"date\":\"2025-12-04 13:36:08\"}', '2025-12-04 13:36:08', 'stripe', 'buy+top_up_card');
UPDATE `temp_register` SET `response` = '{\"stripeToken\":\"tok_1SaiLr2NUoYUjiuuU7zmpeoW\",\"stripeTokenType\":\"card\",\"stripeEmail\":\"maracas46@yahoo.com\"}', `date_modified` = '2025-12-04 13:38:13', `payment_status` = '{\"id\":\"ch_3SaiLw2NUoYUjiuu1drMcrPy\",\"object\":\"charge\",\"amount\":15000,\"amount_captured\":15000,\"amount_refunded\":0,\"application\":null,\"application_fee\":null,\"application_fee_amount\":null,\"balance_transaction\":\"txn_3SaiLw2NUoYUjiuu1Mly5Ght\",\"billing_details\":{\"address\":{\"city\":null,\"country\":null,\"line1\":null,\"line2\":null,\"postal_code\":null,\"state\":null},\"email\":null,\"name\":\"maracas46@yahoo.com\",\"phone\":null,\"tax_id\":null},\"calculated_statement_descriptor\":\"TRAVELEGENDCY LLC\",\"captured\":true,\"created\":1764877092,\"currency\":\"usd\",\"customer\":\"cus_TXnxwHaw3N1Kte\",\"description\":null,\"destination\":null,\"dispute\":null,\"disputed\":false,\"failure_balance_transaction\":null,\"failure_code\":null,\"failure_message\":null,\"fraud_details\":[],\"invoice\":null,\"livemode\":true,\"metadata\":[],\"on_behalf_of\":null,\"order\":null,\"outcome\":{\"advice_code\":null,\"network_advice_code\":null,\"network_decline_code\":null,\"network_status\":\"approved_by_network\",\"reason\":null,\"risk_level\":\"normal\",\"seller_message\":\"Payment complete.\",\"type\":\"authorized\"},\"paid\":true,\"payment_intent\":null,\"payment_method\":\"card_1SaiLr2NUoYUjiuusgEnsU9q\",\"payment_method_details\":{\"card\":{\"amount_authorized\":15000,\"authorization_code\":\"04400C\",\"brand\":\"visa\",\"checks\":{\"address_line1_check\":null,\"address_postal_code_check\":null,\"cvc_check\":\"pass\"},\"country\":\"US\",\"exp_month\":5,\"exp_year\":2026,\"extended_authorization\":{\"status\":\"disabled\"},\"fingerprint\":\"TRC6oy1BWwV7xtu2\",\"funding\":\"credit\",\"incremental_authorization\":{\"status\":\"unavailable\"},\"installments\":null,\"last4\":\"9245\",\"mandate\":null,\"multicapture\":{\"status\":\"unavailable\"},\"network\":\"visa\",\"network_token\":{\"used\":true},\"network_transaction_id\":\"345338706930641\",\"overcapture\":{\"maximum_amount_capturable\":15000,\"status\":\"unavailable\"},\"regulated_status\":\"unregulated\",\"three_d_secure\":null,\"wallet\":null},\"type\":\"card\"},\"receipt_email\":null,\"receipt_number\":null,\"receipt_url\":\"https:\\/\\/pay.stripe.com\\/receipts\\/payment\\/CAcQARoXChVhY2N0XzFRUEFGdjJOVW9ZVWppdXUopcbHyQYyBnRzDfKWfTosFu0HnU152SsvAtSidGLGiD9e4yvJIdQFk-GVzEcFM80qc1Dm-B68LUaO8tg\",\"refunded\":false,\"review\":null,\"shipping\":null,\"source\":{\"id\":\"card_1SaiLr2NUoYUjiuusgEnsU9q\",\"object\":\"card\",\"address_city\":null,\"address_country\":null,\"address_line1\":null,\"address_line1_check\":null,\"address_line2\":null,\"address_state\":null,\"address_zip\":null,\"address_zip_check\":null,\"allow_redisplay\":\"unspecified\",\"brand\":\"Visa\",\"country\":\"US\",\"customer\":\"cus_TXnxwHaw3N1Kte\",\"cvc_check\":\"pass\",\"dynamic_last4\":null,\"email\":null,\"exp_month\":5,\"exp_year\":2026,\"fingerprint\":\"TRC6oy1BWwV7xtu2\",\"funding\":\"credit\",\"last4\":\"9245\",\"metadata\":[],\"name\":\"maracas46@yahoo.com\",\"phone\":null,\"regulated_status\":\"unregulated\",\"tokenization_method\":null,\"wallet\":null},\"source_transfer\":null,\"statement_descriptor\":null,\"statement_descriptor_suffix\":null,\"status\":\"succeeded\",\"transfer_data\":null,\"transfer_group\":null}'
WHERE `id` = 1288;
INSERT INTO `card_purchase_history` (`user_id`, `card_id`, `card_cost`, `card_value`, `payment_option`, `date`) VALUES ('BUWYXW', '4', '150', '150', 'stripe', '2025-12-04 13:36:08');
UPDATE `user_registration` SET commission_balance = ROUND(commission_balance + 150,2)
WHERE `user_id` = 'BUWYXW';
UPDATE `ci_sessions` SET `timestamp` = 1764877192, `data` = '__ci_last_regenerate|i:1764877192;id|s:4:\"2115\";user_id|s:6:\"BUWYXW\";username|s:8:\"Splash99\";sponsor_id|s:6:\"JHRDHS\";fullname|s:16:\"Raquel Salgueiro\";email|s:19:\"maracas46@yahoo.com\";phone|s:10:\"3054097382\";isLogIn|b:1;reg_stripe_id|i:1288;message|s:31:\"Purchase Completed Successfully\";__ci_vars|a:1:{s:7:\"message\";s:3:\"old\";}'
WHERE `id` = '7f57b6f38eb69fd8806a1794ea96fe1b197bbedd';
UPDATE `user_registration` SET `popup_seen` = 'no'
WHERE `user_id` = 'BUWYXW';
DELETE FROM `ci_sessions`
WHERE `id` = '34e3cdaa0bf9f967cdd4537726325142e422b954';
INSERT INTO `login_history` (`user_id`, `device`, `ip_address`, `date`) VALUES ('BUWYXW', 'Mozilla/5.0 (iPhone; CPU iPhone OS 18_7 like Mac OS X) AppleWebKit/605.1.15 (KHTML, like Gecko) Version/26.1 Mobile/15E148 Safari/604.1', '2601:586:c280:2410:911e:c11f:48eb:326d', '25-12-04 13:42');
UPDATE `user_registration` SET `popup_seen` = 'yes'
WHERE `user_id` = 'BUWYXW';
UPDATE `ci_sessions` SET `timestamp` = 1764877490, `data` = '__ci_last_regenerate|i:1764877490;id|s:4:\"2115\";user_id|s:6:\"BUWYXW\";username|s:8:\"Splash99\";sponsor_id|s:6:\"JHRDHS\";fullname|s:16:\"Raquel Salgueiro\";email|s:19:\"maracas46@yahoo.com\";phone|s:10:\"3054097382\";isLogIn|b:1;message|s:24:\"Welcome Raquel Salgueiro\";__ci_vars|a:1:{s:7:\"message\";s:3:\"old\";}'
WHERE `id` = 'f57be376da810e124f1c8af360c6992cf9da249c';
UPDATE `user_registration` SET `popup_seen` = 'no'
WHERE `user_id` = 'BUWYXW';
DELETE FROM `ci_sessions`
WHERE `id` = 'ac79b1198d27ae27c96119977a355dd02958e8dc';
INSERT INTO `login_history` (`user_id`, `device`, `ip_address`, `date`) VALUES ('BUWYXW', 'Mozilla/5.0 (iPhone; CPU iPhone OS 18_7 like Mac OS X) AppleWebKit/605.1.15 (KHTML, like Gecko) Version/26.1 Mobile/15E148 Safari/604.1', '2601:586:c280:2410:911e:c11f:48eb:326d', '25-12-04 13:47');
UPDATE `user_registration` SET `popup_seen` = 'yes'
WHERE `user_id` = 'BUWYXW';
UPDATE `user_registration` SET `popup_seen` = 'yes'
WHERE `user_id` = 'BUWYXW';
UPDATE `user_registration` SET `popup_seen` = 'yes'
WHERE `user_id` = 'BUWYXW';
UPDATE `user_registration` SET `popup_seen` = 'no'
WHERE `user_id` = 'BUWYXW';
DELETE FROM `ci_sessions`
WHERE `id` = 'eb39dbf6e3c84000af826c6fec78a4db8626bfa5';
INSERT INTO `login_history` (`user_id`, `device`, `ip_address`, `date`) VALUES ('AABG7W', 'Mozilla/5.0 (Linux; Android 10; K) AppleWebKit/537.36 (KHTML, like Gecko) Chrome/142.0.0.0 Mobile Safari/537.36', '2607:fb90:798a:cb43:a906:ef79:1b74:8279', '25-12-04 14:15');
UPDATE `user_registration` SET `popup_seen` = 'yes'
WHERE `user_id` = 'AABG7W';
INSERT INTO `login_history` (`user_id`, `device`, `ip_address`, `date`) VALUES ('B5EVHD', 'Mozilla/5.0 (iPhone; CPU iPhone OS 18_7 like Mac OS X) AppleWebKit/605.1.15 (KHTML, like Gecko) Version/26.1 Mobile/15E148 Safari/604.1', '2600:1702:790:2540:a8cf:11a2:c537:4d89', '25-12-04 14:23');
UPDATE `user_registration` SET `popup_seen` = 'yes'
WHERE `user_id` = 'B5EVHD';
INSERT INTO `login_history` (`user_id`, `device`, `ip_address`, `date`) VALUES ('admin', 'Mozilla/5.0 (Windows NT 10.0; Win64; x64) AppleWebKit/537.36 (KHTML, like Gecko) Chrome/142.0.0.0 Safari/537.36 OpenWave/94.4.4348.38', '2603:3020:1809:e900:e9e7:19ed:2000:caf', '25-12-04 14:42');
UPDATE `user_registration` SET `popup_seen` = 'yes'
WHERE `user_id` = 'admin';
UPDATE `ci_sessions` SET `timestamp` = 1764881433, `data` = '__ci_last_regenerate|i:1764881433;id|s:4:\"2019\";user_id|s:5:\"admin\";username|s:5:\"admin\";sponsor_id|s:1:\"0\";fullname|s:11:\"Alex Carrey\";email|s:15:\"admin@admin.com\";phone|s:10:\"1235467892\";isLogIn|b:1;'
WHERE `id` = '118225fa07ec83b7496a9b16b1175b06ce50185c';
UPDATE `ci_sessions` SET `timestamp` = 1764882447, `data` = '__ci_last_regenerate|i:1764882447;captcha|s:4:\"kvaw\";'
WHERE `id` = 'd46866825d557dc4e61836ba7590f2b6b90536db';
UPDATE `admin` SET `last_login` = '2025-12-04 15:13:44', `ip_address` = '83.49.43.141'
WHERE `id` = '1';
UPDATE `user_registration` SET `f_name` = 'Jose', `l_name` = 'Alberto', `email` = 'travelegendcy+77@gmail.com', `password` = '50bdb2bd4fc24e31a6337977507d9272', `phone` = '789524132574', `country` = 'United States', `state` = 'Florida', `city` = 'HIALEAH', `street` = '8389 NW 189 STREET RD', `zip_code` = '33015'
WHERE `uid` = '2028';
UPDATE `ci_sessions` SET `timestamp` = 1764883239, `data` = '__ci_last_regenerate|i:1764883239;isLogIn|b:1;isAdmin|b:1;id|s:1:\"1\";fullname|s:11:\"admin admin\";user_level|s:5:\"Admin\";email|s:23:\"admin@travelegendcy.com\";image|s:53:\"upload/settings/4a1f1b602322adb837a7a3547ee69cf3.jpeg\";last_login|s:19:\"2025-12-04 10:23:46\";last_logout|s:19:\"2025-11-20 12:23:18\";ip_address|s:12:\"172.56.16.56\";'
WHERE `id` = 'b3ef3defb76faffaa3385c70b9071fb683d2cb18';
UPDATE `ci_sessions` SET `timestamp` = 1764883415, `data` = '__ci_last_regenerate|i:1764883415;id|s:4:\"2019\";user_id|s:5:\"admin\";username|s:5:\"admin\";sponsor_id|s:1:\"0\";fullname|s:11:\"Alex Carrey\";email|s:15:\"admin@admin.com\";phone|s:10:\"1235467892\";isLogIn|b:1;'
WHERE `id` = 'a5d81204af2dd415ab86ac89e59bbf93f34a1565';
UPDATE `ci_sessions` SET `timestamp` = 1764883601, `data` = '__ci_last_regenerate|i:1764883601;isLogIn|b:1;isAdmin|b:1;id|s:1:\"1\";fullname|s:11:\"admin admin\";user_level|s:5:\"Admin\";email|s:23:\"admin@travelegendcy.com\";image|s:53:\"upload/settings/4a1f1b602322adb837a7a3547ee69cf3.jpeg\";last_login|s:19:\"2025-12-04 10:23:46\";last_logout|s:19:\"2025-11-20 12:23:18\";ip_address|s:12:\"172.56.16.56\";user_user_id|s:6:\"4VE7D1\";'
WHERE `id` = 'de3a322ddb3722dc8b0fa3a758bcfce59a8d59a5';
UPDATE `ci_sessions` SET `timestamp` = 1764884059, `data` = '__ci_last_regenerate|i:1764884059;id|s:4:\"2019\";user_id|s:5:\"admin\";username|s:5:\"admin\";sponsor_id|s:1:\"0\";fullname|s:11:\"Alex Carrey\";email|s:15:\"admin@admin.com\";phone|s:10:\"1235467892\";isLogIn|b:1;'
WHERE `id` = '71f5ddb82cef47918378702c132d2b1d8828389d';
UPDATE `user_registration` SET `popup_seen` = 'yes'
WHERE `user_id` = 'admin';
UPDATE `ci_sessions` SET `timestamp` = 1764884383, `data` = '__ci_last_regenerate|i:1764884383;id|s:4:\"2019\";user_id|s:5:\"admin\";username|s:5:\"admin\";sponsor_id|s:1:\"0\";fullname|s:11:\"Alex Carrey\";email|s:15:\"admin@admin.com\";phone|s:10:\"1235467892\";isLogIn|b:1;'
WHERE `id` = '7bf3e57197f22b9eb81d7a2aa4db098e166be126';
UPDATE `user_registration` SET `popup_seen` = 'no'
WHERE `user_id` = 'admin';
DELETE FROM `ci_sessions`
WHERE `id` = '660b0c46503c253c623ea29db239e6f972ce8391';
INSERT INTO `login_history` (`user_id`, `device`, `ip_address`, `date`) VALUES ('admin', 'Mozilla/5.0 (Windows NT 10.0; Win64; x64) AppleWebKit/537.36 (KHTML, like Gecko) Chrome/142.0.0.0 Safari/537.36 OpenWave/94.4.4308.37', '2603:3020:1809:e900:e9e7:19ed:2000:caf', '25-12-04 15:42');
UPDATE `user_registration` SET `popup_seen` = 'yes'
WHERE `user_id` = 'admin';
UPDATE `user_registration` SET `popup_seen` = 'no'
WHERE `user_id` = 'admin';
DELETE FROM `ci_sessions`
WHERE `id` = '5401539b3eba7c33cd664d16c674f82fa023ba85';
INSERT INTO `login_history` (`user_id`, `device`, `ip_address`, `date`) VALUES ('K44I3E', 'Mozilla/5.0 (iPhone; CPU iPhone OS 18_6_2 like Mac OS X) AppleWebKit/605.1.15 (KHTML, like Gecko) Version/18.6 Mobile/15E148 Safari/604.1', '146.75.248.73', '25-12-04 15:56');
UPDATE `user_registration` SET `popup_seen` = 'yes'
WHERE `user_id` = 'K44I3E';
UPDATE `user_registration` SET `popup_seen` = 'yes'
WHERE `user_id` = 'K44I3E';
INSERT INTO `login_history` (`user_id`, `device`, `ip_address`, `date`) VALUES ('UQO7EQ', 'Mozilla/5.0 (Windows NT 10.0; Win64; x64) AppleWebKit/537.36 (KHTML, like Gecko) Chrome/143.0.0.0 Safari/537.36', '2601:58a:897c:5f70:b405:c437:581f:b7c3', '25-12-04 15:57');
UPDATE `user_registration` SET `popup_seen` = 'yes'
WHERE `user_id` = 'UQO7EQ';
UPDATE `user_registration` SET `popup_seen` = 'yes'
WHERE `user_id` = 'UQO7EQ';
UPDATE `user_registration` SET `popup_seen` = 'no'
WHERE `user_id` = 'UQO7EQ';
DELETE FROM `ci_sessions`
WHERE `id` = '5f72c76144ad048093094f4ec1dd63bbbf40a2a8';
UPDATE `user_registration` SET `popup_seen` = 'yes'
WHERE `user_id` = 'K44I3E';
UPDATE `ci_sessions` SET `timestamp` = 1764886131, `data` = '__ci_last_regenerate|i:1764886131;captcha|s:4:\"g3uu\";'
WHERE `id` = '619aeff5e762a60567235f2b18a516d2a6258fee';
INSERT INTO `login_history` (`user_id`, `device`, `ip_address`, `date`) VALUES ('UQO7EQ', 'Mozilla/5.0 (Windows NT 10.0; Win64; x64) AppleWebKit/537.36 (KHTML, like Gecko) Chrome/143.0.0.0 Safari/537.36', '2601:58a:897c:5f70:b405:c437:581f:b7c3', '25-12-04 16:08');
UPDATE `user_registration` SET `popup_seen` = 'yes'
WHERE `user_id` = 'UQO7EQ';
UPDATE `user_registration` SET `popup_seen` = 'no'
WHERE `user_id` = 'UQO7EQ';
DELETE FROM `ci_sessions`
WHERE `id` = '4b23854261be1d942eb1868c081a0d9ab1c5a188';
UPDATE `ci_sessions` SET `timestamp` = 1764886764, `data` = '__ci_last_regenerate|i:1764886764;captcha|s:4:\"7v6w\";'
WHERE `id` = 'c0972381b9aa014d2f8fc9cad7e8b1c7ff063634';
INSERT INTO `login_history` (`user_id`, `device`, `ip_address`, `date`) VALUES ('44B9Y4', 'Mozilla/5.0 (Windows NT 10.0; Win64; x64) AppleWebKit/537.36 (KHTML, like Gecko) Chrome/142.0.0.0 Safari/537.36 GLS/100.10.9949.100', '2603:3020:1809:e900:acac:acb4:9d62:1c95', '25-12-04 16:19');
UPDATE `user_registration` SET `popup_seen` = 'yes'
WHERE `user_id` = '44B9Y4';
UPDATE `user_registration` SET `popup_seen` = 'no'
WHERE `user_id` = '44B9Y4';
DELETE FROM `ci_sessions`
WHERE `id` = '35d5f62757c127e86bdc9b4ca222025ccf1c0455';
INSERT INTO `login_history` (`user_id`, `device`, `ip_address`, `date`) VALUES ('admin', 'Mozilla/5.0 (Windows NT 10.0; Win64; x64) AppleWebKit/537.36 (KHTML, like Gecko) Chrome/142.0.0.0 Safari/537.36 GLS/100.10.9949.100', '2603:3020:1809:e900:acac:acb4:9d62:1c95', '25-12-04 16:20');
UPDATE `user_registration` SET `popup_seen` = 'yes'
WHERE `user_id` = 'admin';
UPDATE `user_registration` SET `popup_seen` = 'no'
WHERE `user_id` = 'admin';
DELETE FROM `ci_sessions`
WHERE `id` = 'd0898b9c33032d0874340aa4f51af9d4bf7e7241';
INSERT INTO `login_history` (`user_id`, `device`, `ip_address`, `date`) VALUES ('7VETI8', 'Mozilla/5.0 (Windows NT 10.0; Win64; x64) AppleWebKit/537.36 (KHTML, like Gecko) Chrome/142.0.0.0 Safari/537.36 Edg/142.0.0.0 GLS/100.10.9949.100', '2603:3020:1809:e900:acac:acb4:9d62:1c95', '25-12-04 16:27');
UPDATE `user_registration` SET `popup_seen` = 'yes'
WHERE `user_id` = '7VETI8';
UPDATE `user_registration` SET `popup_seen` = 'yes'
WHERE `user_id` = '7VETI8';
UPDATE `ci_sessions` SET `timestamp` = 1764887742, `data` = '__ci_last_regenerate|i:1764887742;id|s:4:\"2468\";user_id|s:6:\"K44I3E\";username|s:5:\"JAMNY\";sponsor_id|s:6:\"RKMICU\";fullname|s:12:\"Jamny Capiro\";email|s:18:\"jcap1979@yahoo.com\";phone|s:10:\"3058049219\";isLogIn|b:1;'
WHERE `id` = '317fe65d5681191e79a6fb102b14890890df0dfd';
INSERT INTO `temp_register` (`post_data`, `date`, `payment_method`, `type`) VALUES ('{\"user_id\":\"K44I3E\",\"card_id\":\"4\",\"card_cost\":\"150\",\"card_value\":\"150\",\"payment_option\":\"stripe\",\"date\":\"2025-12-04 16:37:47\"}', '2025-12-04 16:37:47', 'stripe', 'buy+top_up_card');
UPDATE `temp_register` SET `response` = '{\"stripeToken\":\"tok_1SalA92NUoYUjiuuoWPcoLKM\",\"stripeTokenType\":\"card\",\"stripeEmail\":\"jcap1979@yahoo.com\"}', `date_modified` = '2025-12-04 16:38:18', `payment_status` = '{\"id\":\"ch_3SalAD2NUoYUjiuu13IYqJn1\",\"object\":\"charge\",\"amount\":15000,\"amount_captured\":15000,\"amount_refunded\":0,\"application\":null,\"application_fee\":null,\"application_fee_amount\":null,\"balance_transaction\":\"txn_3SalAD2NUoYUjiuu1U6YT1g7\",\"billing_details\":{\"address\":{\"city\":null,\"country\":null,\"line1\":null,\"line2\":null,\"postal_code\":null,\"state\":null},\"email\":null,\"name\":\"jcap1979@yahoo.com\",\"phone\":null,\"tax_id\":null},\"calculated_statement_descriptor\":\"TRAVELEGENDCY LLC\",\"captured\":true,\"created\":1764887897,\"currency\":\"usd\",\"customer\":\"cus_TXqreHgaLBXqyM\",\"description\":null,\"destination\":null,\"dispute\":null,\"disputed\":false,\"failure_balance_transaction\":null,\"failure_code\":null,\"failure_message\":null,\"fraud_details\":[],\"invoice\":null,\"livemode\":true,\"metadata\":[],\"on_behalf_of\":null,\"order\":null,\"outcome\":{\"advice_code\":null,\"network_advice_code\":null,\"network_decline_code\":null,\"network_status\":\"approved_by_network\",\"reason\":null,\"risk_level\":\"normal\",\"seller_message\":\"Payment complete.\",\"type\":\"authorized\"},\"paid\":true,\"payment_intent\":null,\"payment_method\":\"card_1SalA92NUoYUjiuukp8aoUqJ\",\"payment_method_details\":{\"card\":{\"amount_authorized\":15000,\"authorization_code\":\"613491\",\"brand\":\"visa\",\"checks\":{\"address_line1_check\":null,\"address_postal_code_check\":null,\"cvc_check\":\"pass\"},\"country\":\"US\",\"exp_month\":10,\"exp_year\":2030,\"extended_authorization\":{\"status\":\"disabled\"},\"fingerprint\":\"OLjXUxTRHRu7AQKn\",\"funding\":\"debit\",\"incremental_authorization\":{\"status\":\"unavailable\"},\"installments\":null,\"last4\":\"7510\",\"mandate\":null,\"multicapture\":{\"status\":\"unavailable\"},\"network\":\"visa\",\"network_token\":{\"used\":true},\"network_transaction_id\":\"305338814979124\",\"overcapture\":{\"maximum_amount_capturable\":15000,\"status\":\"unavailable\"},\"regulated_status\":\"regulated\",\"three_d_secure\":null,\"wallet\":null},\"type\":\"card\"},\"receipt_email\":null,\"receipt_number\":null,\"receipt_url\":\"https:\\/\\/pay.stripe.com\\/receipts\\/payment\\/CAcQARoXChVhY2N0XzFRUEFGdjJOVW9ZVWppdXUo2prIyQYyBlVm-m48_TosFssTOe6nHwjYFKkcB1UPu1h3VfzHihW3vZ4v6MF4F3rED-UCRfXF6SlofUo\",\"refunded\":false,\"review\":null,\"shipping\":null,\"source\":{\"id\":\"card_1SalA92NUoYUjiuukp8aoUqJ\",\"object\":\"card\",\"address_city\":null,\"address_country\":null,\"address_line1\":null,\"address_line1_check\":null,\"address_line2\":null,\"address_state\":null,\"address_zip\":null,\"address_zip_check\":null,\"allow_redisplay\":\"unspecified\",\"brand\":\"Visa\",\"country\":\"US\",\"customer\":\"cus_TXqreHgaLBXqyM\",\"cvc_check\":\"pass\",\"dynamic_last4\":null,\"email\":null,\"exp_month\":10,\"exp_year\":2030,\"fingerprint\":\"OLjXUxTRHRu7AQKn\",\"funding\":\"debit\",\"last4\":\"7510\",\"metadata\":[],\"name\":\"jcap1979@yahoo.com\",\"phone\":null,\"regulated_status\":\"regulated\",\"tokenization_method\":null,\"wallet\":null},\"source_transfer\":null,\"statement_descriptor\":null,\"statement_descriptor_suffix\":null,\"status\":\"succeeded\",\"transfer_data\":null,\"transfer_group\":null}'
WHERE `id` = 1289;
INSERT INTO `card_purchase_history` (`user_id`, `card_id`, `card_cost`, `card_value`, `payment_option`, `date`) VALUES ('K44I3E', '4', '150', '150', 'stripe', '2025-12-04 16:37:47');
UPDATE `user_registration` SET commission_balance = ROUND(commission_balance + 150,2)
WHERE `user_id` = 'K44I3E';
UPDATE `user_registration` SET `popup_seen` = 'yes'
WHERE `user_id` = 'K44I3E';
UPDATE `ci_sessions` SET `timestamp` = 1764888932, `data` = '__ci_last_regenerate|i:1764888932;captcha|s:4:\"dcnr\";'
WHERE `id` = '2754d23b2d472cf8e903265c718b537a5546c100';
INSERT INTO `login_history` (`user_id`, `device`, `ip_address`, `date`) VALUES ('UQO7EQ', 'Mozilla/5.0 (Windows NT 10.0; Win64; x64) AppleWebKit/537.36 (KHTML, like Gecko) Chrome/143.0.0.0 Safari/537.36', '2601:58a:897c:5f70:b405:c437:581f:b7c3', '25-12-04 16:55');
UPDATE `user_registration` SET `popup_seen` = 'yes'
WHERE `user_id` = 'UQO7EQ';
UPDATE `user_registration` SET `popup_seen` = 'yes'
WHERE `user_id` = 'UQO7EQ';
UPDATE `ci_sessions` SET `timestamp` = 1764892159, `data` = '__ci_last_regenerate|i:1764892159;id|s:4:\"2042\";user_id|s:6:\"UQO7EQ\";username|s:6:\"Rafa51\";sponsor_id|s:6:\"N6GZAE\";fullname|s:16:\"Rafael Rodriguez\";email|s:18:\"rafagana@yahoo.com\";phone|s:10:\"3057610606\";isLogIn|b:1;'
WHERE `id` = '5448f67d29d85e9607c63686c5aa71f19346746e';
UPDATE `user_registration` SET `popup_seen` = 'yes'
WHERE `user_id` = 'UQO7EQ';
UPDATE `user_registration` SET `popup_seen` = 'no'
WHERE `user_id` = 'UQO7EQ';
DELETE FROM `ci_sessions`
WHERE `id` = 'e4e86dfa2492c1cf2ca73842f9c43edd45d3985d';
UPDATE `ci_sessions` SET `timestamp` = 1764894126, `data` = '__ci_last_regenerate|i:1764894126;captcha|s:4:\"f2g6\";'
WHERE `id` = '4391bd3f8488b2e998e819ca8784074ed4c1b0a2';
INSERT INTO `login_history` (`user_id`, `device`, `ip_address`, `date`) VALUES ('UQO7EQ', 'Mozilla/5.0 (Windows NT 10.0; Win64; x64) AppleWebKit/537.36 (KHTML, like Gecko) Chrome/143.0.0.0 Safari/537.36', '2601:58a:897c:5f70:b405:c437:581f:b7c3', '25-12-04 18:22');
UPDATE `user_registration` SET `popup_seen` = 'yes'
WHERE `user_id` = 'UQO7EQ';
UPDATE `user_registration` SET `popup_seen` = 'no'
WHERE `user_id` = 'UQO7EQ';
DELETE FROM `ci_sessions`
WHERE `id` = 'ea4bab7336f9575e740f62ac198515c58fc7729a';
INSERT INTO `login_history` (`user_id`, `device`, `ip_address`, `date`) VALUES ('EE2FIS', 'Mozilla/5.0 (iPhone; CPU iPhone OS 18_7 like Mac OS X) AppleWebKit/605.1.15 (KHTML, like Gecko) Version/26.1 Mobile/15E148 Safari/604.1', '2600:1700:a670:ab0:9d19:e541:1882:3a9b', '25-12-04 18:40');
UPDATE `user_registration` SET `popup_seen` = 'yes'
WHERE `user_id` = 'EE2FIS';
INSERT INTO `temp_register` (`post_data`, `date`, `payment_method`, `type`) VALUES ('{\"user_id\":\"EE2FIS\",\"card_id\":\"4\",\"card_cost\":\"150\",\"card_value\":\"150\",\"payment_option\":\"stripe\",\"date\":\"2025-12-04 18:41:10\"}', '2025-12-04 18:41:10', 'stripe', 'buy+top_up_card');
UPDATE `user_registration` SET `popup_seen` = 'yes'
WHERE `user_id` = 'EE2FIS';
UPDATE `user_registration` SET `popup_seen` = 'yes'
WHERE `user_id` = 'EE2FIS';
INSERT INTO `payquicker_token` (`response`, `token`, `created_time`, `expires_at`) VALUES ('{\"access_token\":\"83BC94484340FB1F1AB920521A80C41CB1C81F8132EF5AB0EFE6E8D7008DE2C6-1\",\"expires_in\":3600,\"token_type\":\"Bearer\",\"scope\":\"api useraccount_balance useraccount_debit useraccount_invitation useraccount_payment\"}', '83BC94484340FB1F1AB920521A80C41CB1C81F8132EF5AB0EFE6E8D7008DE2C6-1', '2025-12-04 18:45:02', '2025-12-04 19:45:02');
INSERT INTO `payment_metod_setting` (`user_id`, `method`, `email`, `wallet_id`, `status`, `date`) VALUES ('EE2FIS', 'payquicker', 'porrero0626@gmail.com', 'Nancy0626prSr', 0, '2025-12-04 18:45:04');
INSERT INTO `payquicker_send_invite` (`user_id`, `userCompanyAssignedUniqueKey`, `response`, `date`) VALUES ('EE2FIS', 'Nancy0626prSr', '[{\"dateInvited\":\"2025-12-05T00:45:04Z\",\"invitationKey\":\"zmMka2DOhVwdNGCaRtI2xxGPwYj4OJ7vMiHnM3zeXN3Ecc0jLub8UnorHITHGXl7qMtqvG9DaFe1VvpQ81sJxQsycbWs5tS7LoD1LlKpi1S4tAhDLj0MlASh7zeXjWSshUUhnu3HFekpH0FTYXDgqw8UlRadj2jLkFjne37QGApeWdgARKVj6K73TZjigeECYtBnW8cqFxKOPpYi3WTDWYF4O38MNKGqfgw3J5LiDFVnyNChqZ6y8FJAoKU01Sg2\",\"invitationStatus\":\"InvitationStatusType_Pending\",\"registrationStatus\":\"NotStarted\",\"registrationDetails\":{\"addresses\":[{\"city\":\"houston\",\"country\":\"USA\",\"postalCode\":\"77049\",\"region\":\"Texas\",\"streetAddress1\":\"15847 marble bluff in houston\",\"created\":\"0001-01-01T00:00:00Z\",\"type\":\"AddressType_Residential\"}],\"fundingAccountPublicId\":\"4e84a85ac47e46639c648f932d48fdf0\",\"issuePlasticCard\":true,\"notifyUser\":true,\"userDetails\":{\"emailAddress\":\"porrero0626@gmail.com\",\"firstName\":\"Nancy\",\"lastName\":\"Porrero\",\"userCompanyAssignedUniqueKey\":\"Nancy0626prSr\"}}}]', '2025-12-04 18:45:04');
UPDATE `ci_sessions` SET `timestamp` = 1764895524, `data` = '__ci_last_regenerate|i:1764895524;id|s:4:\"2469\";user_id|s:6:\"EE2FIS\";username|s:9:\"Nancy0626\";sponsor_id|s:6:\"PXOKY7\";fullname|s:13:\"Nancy Porrero\";email|s:21:\"porrero0626@gmail.com\";phone|s:12:\"786 683 9119\";isLogIn|b:1;reg_stripe_id|i:1290;'
WHERE `id` = 'd449ac74e485ce90b61c1c58946447aaa49e7f2d';
UPDATE `user_registration` SET `popup_seen` = 'yes'
WHERE `user_id` = 'EE2FIS';
INSERT INTO `login_history` (`user_id`, `device`, `ip_address`, `date`) VALUES ('O94ZPY', 'Mozilla/5.0 (Macintosh; Intel Mac OS X 10_15_7) AppleWebKit/605.1.15 (KHTML, like Gecko) Version/18.5 Safari/605.1.15', '97.221.38.225', '25-12-04 19:14');
UPDATE `user_registration` SET `popup_seen` = 'yes'
WHERE `user_id` = 'O94ZPY';
INSERT INTO `login_history` (`user_id`, `device`, `ip_address`, `date`) VALUES ('ETPYLQ', 'Mozilla/5.0 (Windows NT 10.0; Win64; x64) AppleWebKit/537.36 (KHTML, like Gecko) Chrome/142.0.0.0 Safari/537.36', '2601:586:ce00:fca0:a0b3:c77a:7340:6215', '25-12-04 19:19');
UPDATE `user_registration` SET `popup_seen` = 'yes'
WHERE `user_id` = 'ETPYLQ';
UPDATE `ci_sessions` SET `timestamp` = 1764897595, `data` = '__ci_last_regenerate|i:1764897595;id|s:4:\"2075\";user_id|s:6:\"O94ZPY\";username|s:12:\"angelito4817\";sponsor_id|s:6:\"JHRDHS\";fullname|s:15:\"Angel Fernandez\";email|s:25:\"angelito.magaly@gmail.com\";phone|s:0:\"\";isLogIn|b:1;'
WHERE `id` = 'ad8c93f57af1644c64d8acd19b55cc7e2060685d';
UPDATE `user_registration` SET `popup_seen` = 'yes'
WHERE `user_id` = 'ETPYLQ';
UPDATE `ci_sessions` SET `timestamp` = 1764897598, `data` = '__ci_last_regenerate|i:1764897598;id|s:4:\"2469\";user_id|s:6:\"EE2FIS\";username|s:9:\"Nancy0626\";sponsor_id|s:6:\"PXOKY7\";fullname|s:13:\"Nancy Porrero\";email|s:21:\"porrero0626@gmail.com\";phone|s:12:\"786 683 9119\";isLogIn|b:1;reg_stripe_id|i:1290;'
WHERE `id` = 'b1113c32c76eeaff9d77a8a720c739269f92d335';
UPDATE `user_registration` SET `popup_seen` = 'yes'
WHERE `user_id` = 'EE2FIS';
UPDATE `user_registration` SET `popup_seen` = 'yes'
WHERE `user_id` = 'ETPYLQ';
UPDATE `user_registration` SET `popup_seen` = 'yes'
WHERE `user_id` = 'ETPYLQ';
UPDATE `user_registration` SET `popup_seen` = 'yes'
WHERE `user_id` = 'ETPYLQ';
UPDATE `user_registration` SET `popup_seen` = 'yes'
WHERE `user_id` = 'ETPYLQ';
UPDATE `user_registration` SET `popup_seen` = 'yes'
WHERE `user_id` = 'ETPYLQ';
UPDATE `user_registration` SET `popup_seen` = 'yes'
WHERE `user_id` = 'ETPYLQ';
UPDATE `user_registration` SET `popup_seen` = 'yes'
WHERE `user_id` = 'ETPYLQ';
UPDATE `user_registration` SET `popup_seen` = 'yes'
WHERE `user_id` = 'ETPYLQ';
UPDATE `ci_sessions` SET `timestamp` = 1764897849, `data` = '__ci_last_regenerate|i:1764897849;id|s:4:\"2186\";user_id|s:6:\"ETPYLQ\";username|s:16:\"JorgeLRMarrero47\";sponsor_id|s:6:\"QJ5U9C\";fullname|s:28:\"Jorge Luis Rodriguez Marrero\";email|s:24:\"jorgelrmarrero@gmail.com\";phone|s:10:\"7864700920\";isLogIn|b:1;'
WHERE `id` = '9a6e065800474e0db287d02c33b0ad8099f93207';
UPDATE `user_registration` SET `popup_seen` = 'yes'
WHERE `user_id` = 'O94ZPY';
UPDATE `user_registration` SET `popup_seen` = 'yes'
WHERE `user_id` = 'O94ZPY';
UPDATE `ci_sessions` SET `timestamp` = 1764897949, `data` = '__ci_last_regenerate|i:1764897949;id|s:4:\"2075\";user_id|s:6:\"O94ZPY\";username|s:12:\"angelito4817\";sponsor_id|s:6:\"JHRDHS\";fullname|s:15:\"Angel Fernandez\";email|s:25:\"angelito.magaly@gmail.com\";phone|s:0:\"\";isLogIn|b:1;'
WHERE `id` = 'b7a279de8d638a70729419442191e22f0d8b3481';
UPDATE `user_registration` SET `popup_seen` = 'yes'
WHERE `user_id` = 'O94ZPY';
UPDATE `user_registration` SET `popup_seen` = 'yes'
WHERE `user_id` = 'O94ZPY';
UPDATE `user_registration` SET `popup_seen` = 'no'
WHERE `user_id` = 'O94ZPY';
DELETE FROM `ci_sessions`
WHERE `id` = '1a6ab4bbd3f4a493f7cf01b09ede5b9e8d624ba9';
INSERT INTO `login_history` (`user_id`, `device`, `ip_address`, `date`) VALUES ('EE2FIS', 'Mozilla/5.0 (Macintosh; Intel Mac OS X 10_15_7) AppleWebKit/605.1.15 (KHTML, like Gecko) Version/18.5 Safari/605.1.15', '97.221.38.225', '25-12-04 19:29');
UPDATE `user_registration` SET `popup_seen` = 'yes'
WHERE `user_id` = 'EE2FIS';
INSERT INTO `temp_register` (`post_data`, `date`, `payment_method`, `type`) VALUES ('{\"user_id\":\"EE2FIS\",\"card_id\":\"4\",\"card_cost\":\"150\",\"card_value\":\"150\",\"payment_option\":\"stripe\",\"date\":\"2025-12-04 19:31:15\"}', '2025-12-04 19:31:15', 'stripe', 'buy+top_up_card');
UPDATE `temp_register` SET `response` = '{\"stripeToken\":\"tok_1Sanso2NUoYUjiuunQj4uYrX\",\"stripeTokenType\":\"card\",\"stripeEmail\":\"angelito.magaly@gmail.com\"}', `date_modified` = '2025-12-04 19:32:35', `payment_status` = '{\"id\":\"ch_3Sanst2NUoYUjiuu11wrSjws\",\"object\":\"charge\",\"amount\":15000,\"amount_captured\":15000,\"amount_refunded\":0,\"application\":null,\"application_fee\":null,\"application_fee_amount\":null,\"balance_transaction\":\"txn_3Sanst2NUoYUjiuu1T9w7IVo\",\"billing_details\":{\"address\":{\"city\":null,\"country\":null,\"line1\":null,\"line2\":null,\"postal_code\":null,\"state\":null},\"email\":null,\"name\":\"angelito.magaly@gmail.com\",\"phone\":null,\"tax_id\":null},\"calculated_statement_descriptor\":\"TRAVELEGENDCY LLC\",\"captured\":true,\"created\":1764898355,\"currency\":\"usd\",\"customer\":\"cus_TXtg3lEFpCECdx\",\"description\":null,\"destination\":null,\"dispute\":null,\"disputed\":false,\"failure_balance_transaction\":null,\"failure_code\":null,\"failure_message\":null,\"fraud_details\":[],\"invoice\":null,\"livemode\":true,\"metadata\":[],\"on_behalf_of\":null,\"order\":null,\"outcome\":{\"advice_code\":null,\"network_advice_code\":null,\"network_decline_code\":null,\"network_status\":\"approved_by_network\",\"reason\":null,\"risk_level\":\"normal\",\"seller_message\":\"Payment complete.\",\"type\":\"authorized\"},\"paid\":true,\"payment_intent\":null,\"payment_method\":\"card_1Sanso2NUoYUjiuuK55uaYRL\",\"payment_method_details\":{\"card\":{\"amount_authorized\":15000,\"authorization_code\":\"093235\",\"brand\":\"visa\",\"checks\":{\"address_line1_check\":null,\"address_postal_code_check\":null,\"cvc_check\":\"pass\"},\"country\":\"US\",\"exp_month\":9,\"exp_year\":2029,\"extended_authorization\":{\"status\":\"disabled\"},\"fingerprint\":\"2axwZptNdfeFuIOL\",\"funding\":\"debit\",\"incremental_authorization\":{\"status\":\"unavailable\"},\"installments\":null,\"last4\":\"0679\",\"mandate\":null,\"multicapture\":{\"status\":\"unavailable\"},\"network\":\"visa\",\"network_token\":{\"used\":true},\"network_transaction_id\":\"355339055550290\",\"overcapture\":{\"maximum_amount_capturable\":15000,\"status\":\"unavailable\"},\"regulated_status\":\"regulated\",\"three_d_secure\":null,\"wallet\":null},\"type\":\"card\"},\"receipt_email\":null,\"receipt_number\":null,\"receipt_url\":\"https:\\/\\/pay.stripe.com\\/receipts\\/payment\\/CAcQARoXChVhY2N0XzFRUEFGdjJOVW9ZVWppdXUotOzIyQYyBpgGOG2dkTosFtMmdsqA0gIdlZbWUYpP4XkN0nqThvgfzogAwzhOJM4_nKI_thYYPFwrxAw\",\"refunded\":false,\"review\":null,\"shipping\":null,\"source\":{\"id\":\"card_1Sanso2NUoYUjiuuK55uaYRL\",\"object\":\"card\",\"address_city\":null,\"address_country\":null,\"address_line1\":null,\"address_line1_check\":null,\"address_line2\":null,\"address_state\":null,\"address_zip\":null,\"address_zip_check\":null,\"allow_redisplay\":\"unspecified\",\"brand\":\"Visa\",\"country\":\"US\",\"customer\":\"cus_TXtg3lEFpCECdx\",\"cvc_check\":\"pass\",\"dynamic_last4\":null,\"email\":null,\"exp_month\":9,\"exp_year\":2029,\"fingerprint\":\"2axwZptNdfeFuIOL\",\"funding\":\"debit\",\"last4\":\"0679\",\"metadata\":[],\"name\":\"angelito.magaly@gmail.com\",\"phone\":null,\"regulated_status\":\"regulated\",\"tokenization_method\":null,\"wallet\":null},\"source_transfer\":null,\"statement_descriptor\":null,\"statement_descriptor_suffix\":null,\"status\":\"succeeded\",\"transfer_data\":null,\"transfer_group\":null}'
WHERE `id` = 1291;
INSERT INTO `card_purchase_history` (`user_id`, `card_id`, `card_cost`, `card_value`, `payment_option`, `date`) VALUES ('EE2FIS', '4', '150', '150', 'stripe', '2025-12-04 19:31:15');
UPDATE `user_registration` SET commission_balance = ROUND(commission_balance + 150,2)
WHERE `user_id` = 'EE2FIS';
UPDATE `user_registration` SET `popup_seen` = 'yes'
WHERE `user_id` = 'EE2FIS';
UPDATE `ci_sessions` SET `timestamp` = 1764898375, `data` = '__ci_last_regenerate|i:1764898375;captcha|s:4:\"qb2e\";'
WHERE `id` = 'ffe121cf1f11dc3246bc430f0db4994bcfb3207a';
INSERT INTO `login_history` (`user_id`, `device`, `ip_address`, `date`) VALUES ('UQO7EQ', 'Mozilla/5.0 (Windows NT 10.0; Win64; x64) AppleWebKit/537.36 (KHTML, like Gecko) Chrome/143.0.0.0 Safari/537.36', '2601:58a:897c:5f70:b405:c437:581f:b7c3', '25-12-04 19:33');
UPDATE `user_registration` SET `popup_seen` = 'yes'
WHERE `user_id` = 'UQO7EQ';
UPDATE `user_registration` SET `popup_seen` = 'no'
WHERE `user_id` = 'UQO7EQ';
DELETE FROM `ci_sessions`
WHERE `id` = '77e70ca9192f9f71781d10aa5964ddfda67c2317';
UPDATE `ci_sessions` SET `timestamp` = 1764898440, `data` = '__ci_last_regenerate|i:1764898440;id|s:4:\"2469\";user_id|s:6:\"EE2FIS\";username|s:9:\"Nancy0626\";sponsor_id|s:6:\"PXOKY7\";fullname|s:13:\"Nancy Porrero\";email|s:21:\"porrero0626@gmail.com\";phone|s:12:\"786 683 9119\";isLogIn|b:1;reg_stripe_id|i:1290;'
WHERE `id` = '371cc95cd6e53cf3f1a8794f5aeef894762355ca';
UPDATE `user_registration` SET `popup_seen` = 'yes'
WHERE `user_id` = 'EE2FIS';
UPDATE `ci_sessions` SET `timestamp` = 1764900037, `data` = '__ci_last_regenerate|i:1764900037;captcha|s:4:\"qqqe\";'
WHERE `id` = '4c59a9409b925b92ed22597c08fb93188f07eccd';
UPDATE `ci_sessions` SET `timestamp` = 1764900232, `data` = '__ci_last_regenerate|i:1764900232;id|s:4:\"2186\";user_id|s:6:\"ETPYLQ\";username|s:16:\"JorgeLRMarrero47\";sponsor_id|s:6:\"QJ5U9C\";fullname|s:28:\"Jorge Luis Rodriguez Marrero\";email|s:24:\"jorgelrmarrero@gmail.com\";phone|s:10:\"7864700920\";isLogIn|b:1;'
WHERE `id` = 'd207e57aa102f9b2e863725f67ec895715a1e72b';
UPDATE `user_registration` SET `popup_seen` = 'yes'
WHERE `user_id` = 'ETPYLQ';
UPDATE `user_registration` SET `popup_seen` = 'no'
WHERE `user_id` = 'ETPYLQ';
DELETE FROM `ci_sessions`
WHERE `id` = 'c79e0c8910d71f10d2b143b3a626c346115f0a64';
UPDATE `ci_sessions` SET `timestamp` = 1764901811, `data` = '__ci_last_regenerate|i:1764901811;captcha|s:4:\"472a\";'
WHERE `id` = 'e1e711a1a02dcac2047306f53bce794fe82d61e5';
INSERT INTO `login_history` (`user_id`, `device`, `ip_address`, `date`) VALUES ('UQO7EQ', 'Mozilla/5.0 (Windows NT 10.0; Win64; x64) AppleWebKit/537.36 (KHTML, like Gecko) Chrome/143.0.0.0 Safari/537.36', '2601:58a:897c:5f70:b405:c437:581f:b7c3', '25-12-04 20:30');
UPDATE `user_registration` SET `popup_seen` = 'yes'
WHERE `user_id` = 'UQO7EQ';
UPDATE `user_registration` SET `popup_seen` = 'no'
WHERE `user_id` = 'UQO7EQ';
DELETE FROM `ci_sessions`
WHERE `id` = '194d3d6edbaf0f7ab80ee0fa8fa3c61128da07d8';
INSERT INTO `login_history` (`user_id`, `device`, `ip_address`, `date`) VALUES ('AABG7W', 'Mozilla/5.0 (Linux; Android 10; K) AppleWebKit/537.36 (KHTML, like Gecko) Chrome/142.0.0.0 Mobile Safari/537.36', '2601:586:5400:8640:6e25:1701:b521:10f', '25-12-04 20:51');
UPDATE `user_registration` SET `popup_seen` = 'yes'
WHERE `user_id` = 'AABG7W';
UPDATE `user_registration` SET `popup_seen` = 'yes'
WHERE `user_id` = 'AABG7W';
INSERT INTO `temp_register` (`post_data`, `date`, `payment_method`, `type`) VALUES ('{\"user_id\":\"AABG7W\",\"packge_id\":\"8\",\"amount\":\"37.15\",\"value\":\"0\",\"point\":\"0\",\"image\":\"upload\\/benefits_pack_image\\/99a66b849fe5a3cde36d7c389a208455.png\",\"image_id\":\"N\\/A\",\"country\":\"N\\/A\",\"city\":\"N\\/A\",\"available_points\":\"450\",\"conversion_point_rate\":\"1\",\"payment_option\":\"stripe\",\"package_title\":\"Travelegendcy - Encuentro Regional  \",\"date\":\"2025-12-04 20:54:30\",\"type\":\"benefits_event_purchase\",\"full_name\":\"Lesli Andreu\",\"phone\":\"7864171626\",\"email\":\"cranbarrier@gmail.com\",\"quantity\":\"1\"}', '2025-12-04 20:54:30', 'stripe', 'benefits_event_purchase');
UPDATE `temp_register` SET `response` = '{\"stripeToken\":\"tok_1SapAQ2NUoYUjiuunnAyWy1I\",\"stripeTokenType\":\"card\",\"stripeEmail\":\"cranbarrier@gmail.com\"}', `date_modified` = '2025-12-04 20:54:50', `payment_status` = '{\"id\":\"ch_3SapAT2NUoYUjiuu1smEOIte\",\"object\":\"charge\",\"amount\":3715,\"amount_captured\":3715,\"amount_refunded\":0,\"application\":null,\"application_fee\":null,\"application_fee_amount\":null,\"balance_transaction\":\"txn_3SapAT2NUoYUjiuu1Z5US0j8\",\"billing_details\":{\"address\":{\"city\":null,\"country\":null,\"line1\":null,\"line2\":null,\"postal_code\":null,\"state\":null},\"email\":null,\"name\":\"cranbarrier@gmail.com\",\"phone\":null,\"tax_id\":null},\"calculated_statement_descriptor\":\"TRAVELEGENDCY LLC\",\"captured\":true,\"created\":1764903289,\"currency\":\"usd\",\"customer\":\"cus_TXv0eBTpjP26xA\",\"description\":null,\"destination\":null,\"dispute\":null,\"disputed\":false,\"failure_balance_transaction\":null,\"failure_code\":null,\"failure_message\":null,\"fraud_details\":[],\"invoice\":null,\"livemode\":true,\"metadata\":{\"name\":\" \"},\"on_behalf_of\":null,\"order\":null,\"outcome\":{\"advice_code\":null,\"network_advice_code\":null,\"network_decline_code\":null,\"network_status\":\"approved_by_network\",\"reason\":null,\"risk_level\":\"normal\",\"seller_message\":\"Payment complete.\",\"type\":\"authorized\"},\"paid\":true,\"payment_intent\":null,\"payment_method\":\"card_1SapAQ2NUoYUjiuuweQe7kyG\",\"payment_method_details\":{\"card\":{\"amount_authorized\":3715,\"authorization_code\":\"125396\",\"brand\":\"visa\",\"checks\":{\"address_line1_check\":null,\"address_postal_code_check\":null,\"cvc_check\":\"pass\"},\"country\":\"US\",\"exp_month\":7,\"exp_year\":2029,\"extended_authorization\":{\"status\":\"disabled\"},\"fingerprint\":\"FbPPc39FnQY07ZCB\",\"funding\":\"debit\",\"incremental_authorization\":{\"status\":\"unavailable\"},\"installments\":null,\"last4\":\"0826\",\"mandate\":null,\"multicapture\":{\"status\":\"unavailable\"},\"network\":\"visa\",\"network_token\":{\"used\":false},\"network_transaction_id\":\"585339104896264\",\"overcapture\":{\"maximum_amount_capturable\":3715,\"status\":\"unavailable\"},\"regulated_status\":\"regulated\",\"three_d_secure\":null,\"wallet\":null},\"type\":\"card\"},\"receipt_email\":null,\"receipt_number\":null,\"receipt_url\":\"https:\\/\\/pay.stripe.com\\/receipts\\/payment\\/CAcQARoXChVhY2N0XzFRUEFGdjJOVW9ZVWppdXUo-5LJyQYyBlk8c15RYDosFqqCoib3CA9-JN9skhDZIjSxuubHcfRDV7ueIG9ToHlKU2D_7NPc_cNT-YE\",\"refunded\":false,\"review\":null,\"shipping\":null,\"source\":{\"id\":\"card_1SapAQ2NUoYUjiuuweQe7kyG\",\"object\":\"card\",\"address_city\":null,\"address_country\":null,\"address_line1\":null,\"address_line1_check\":null,\"address_line2\":null,\"address_state\":null,\"address_zip\":null,\"address_zip_check\":null,\"allow_redisplay\":\"unspecified\",\"brand\":\"Visa\",\"country\":\"US\",\"customer\":\"cus_TXv0eBTpjP26xA\",\"cvc_check\":\"pass\",\"dynamic_last4\":null,\"email\":null,\"exp_month\":7,\"exp_year\":2029,\"fingerprint\":\"FbPPc39FnQY07ZCB\",\"funding\":\"debit\",\"last4\":\"0826\",\"metadata\":[],\"name\":\"cranbarrier@gmail.com\",\"phone\":null,\"regulated_status\":\"regulated\",\"tokenization_method\":null,\"wallet\":null},\"source_transfer\":null,\"statement_descriptor\":null,\"statement_descriptor_suffix\":null,\"status\":\"succeeded\",\"transfer_data\":null,\"transfer_group\":null}'
WHERE `id` = 1292;
INSERT INTO `benefits_pack_purchase_history` (`user_id`, `packge_id`, `amount`, `value`, `point`, `image`, `image_id`, `country`, `city`, `available_points`, `conversion_point_rate`, `payment_option`, `package_title`, `date`, `type`, `full_name`, `phone`, `email`, `quantity`) VALUES ('AABG7W', '8', '37.15', '0', '0', 'upload/benefits_pack_image/99a66b849fe5a3cde36d7c389a208455.png', 'N/A', 'N/A', 'N/A', '450', '1', 'stripe', 'Travelegendcy - Encuentro Regional  ', '2025-12-04 20:54:30', 'benefits_event_purchase', 'Lesli Andreu', '7864171626', 'cranbarrier@gmail.com', '1');
INSERT INTO `login_history` (`user_id`, `device`, `ip_address`, `date`) VALUES ('admin', 'Mozilla/5.0 (Windows NT 10.0; Win64; x64) AppleWebKit/537.36 (KHTML, like Gecko) Chrome/142.0.0.0 Safari/537.36 Viewer/99.9.9089.90', '2603:3020:1809:e900:192e:3acf:63a7:4131', '25-12-04 21:06');
UPDATE `user_registration` SET `popup_seen` = 'yes'
WHERE `user_id` = 'admin';
UPDATE `user_registration` SET `popup_seen` = 'no'
WHERE `user_id` = 'admin';
DELETE FROM `ci_sessions`
WHERE `id` = '201e19fa5c2da7eb0797e03bdf96c0ced09f4d94';
UPDATE `ci_sessions` SET `timestamp` = 1764907711, `data` = '__ci_last_regenerate|i:1764907711;captcha|s:4:\"9cqr\";'
WHERE `id` = 'b93c8ba26ef03013e8ff67d2b02bfb4dbe2b1a05';
INSERT INTO `login_history` (`user_id`, `device`, `ip_address`, `date`) VALUES ('UQO7EQ', 'Mozilla/5.0 (Windows NT 10.0; Win64; x64) AppleWebKit/537.36 (KHTML, like Gecko) Chrome/143.0.0.0 Safari/537.36', '2601:58a:897c:5f70:b405:c437:581f:b7c3', '25-12-04 22:08');
UPDATE `user_registration` SET `popup_seen` = 'yes'
WHERE `user_id` = 'UQO7EQ';
UPDATE `user_registration` SET `popup_seen` = 'no'
WHERE `user_id` = 'UQO7EQ';
DELETE FROM `ci_sessions`
WHERE `id` = '1c83084b5fde0b2b0e612a6d8dcbc9150bd24bae';
INSERT INTO `cron_job_history` (`name`, `date_started`, `status`) VALUES ('backup', '2025-12-05 00:00:01', 'started');
UPDATE `cron_job_history` SET `status` = 'done', `date_end` = '2025-12-05 00:00:03'
WHERE `id` = 865;
UPDATE `ci_sessions` SET `timestamp` = 1764914492, `data` = '__ci_last_regenerate|i:1764914492;captcha|s:4:\"iwdj\";'
WHERE `id` = '38222a595785c7ccd8ba29dabe39c38a5fe6990f';
INSERT INTO `login_history` (`user_id`, `device`, `ip_address`, `date`) VALUES ('UQO7EQ', 'Mozilla/5.0 (Windows NT 10.0; Win64; x64) AppleWebKit/537.36 (KHTML, like Gecko) Chrome/143.0.0.0 Safari/537.36', '2601:58a:897c:5f70:b405:c437:581f:b7c3', '25-12-05 00:01');
UPDATE `user_registration` SET `popup_seen` = 'yes'
WHERE `user_id` = 'UQO7EQ';
UPDATE `user_registration` SET `popup_seen` = 'no'
WHERE `user_id` = 'UQO7EQ';
DELETE FROM `ci_sessions`
WHERE `id` = '40ca7f69ea2922c076cdb278ae5dbfd221db38fb';
INSERT INTO `cron_job_history` (`name`, `date_started`, `status`) VALUES ('deduct_sub_amt_from_ewallet', '2025-12-05 00:30:01', 'started');
INSERT INTO `inactive_point_history` (`user_id`, `point`, `date`) VALUES ('35H9RV', '0', '2025-12-05 00:30:01');
UPDATE `user_registration` SET `sub_point` = 0, `active_status` = 'no'
WHERE `user_id` = '35H9RV';
INSERT INTO `arreva_api_logs` (`user_id`, `email`, `endpoint`, `response`, `date`) VALUES ('35H9RV', 'amamzy368@gmail.com', 'deactivatemember', '\"Unable to find user matching email or contract number or otherid\"', '2025-12-05 00:30:01');
INSERT INTO `inactive_history` (`user_id`, `commission_balance`, `amount`, `date`) VALUES ('35H9RV', '97.5', '150', '2025-12-05 00:30:01');
INSERT INTO `inactive_point_history` (`user_id`, `point`, `date`) VALUES ('44B9Y4', '0', '2025-12-05 00:30:01');
UPDATE `user_registration` SET `sub_point` = 0, `active_status` = 'no'
WHERE `user_id` = '44B9Y4';
INSERT INTO `arreva_api_logs` (`user_id`, `email`, `endpoint`, `response`, `date`) VALUES ('44B9Y4', 'travelegendcy@gmail.com', 'deactivatemember', '\"Unable to find user matching email or contract number or otherid\"', '2025-12-05 00:30:02');
INSERT INTO `inactive_history` (`user_id`, `commission_balance`, `amount`, `date`) VALUES ('44B9Y4', '50', '150', '2025-12-05 00:30:02');
INSERT INTO `inactive_point_history` (`user_id`, `point`, `date`) VALUES ('SJBNYJ', '0', '2025-12-05 00:30:02');
UPDATE `user_registration` SET `sub_point` = 0, `active_status` = 'no'
WHERE `user_id` = 'SJBNYJ';
INSERT INTO `arreva_api_logs` (`user_id`, `email`, `endpoint`, `response`, `date`) VALUES ('SJBNYJ', 'travelegendcy+2@gmail.com', 'deactivatemember', '\"Unable to find user matching email or contract number or otherid\"', '2025-12-05 00:30:02');
INSERT INTO `inactive_history` (`user_id`, `commission_balance`, `amount`, `date`) VALUES ('SJBNYJ', '50', '150', '2025-12-05 00:30:02');
INSERT INTO `inactive_point_history` (`user_id`, `point`, `date`) VALUES ('45E8V2', '0', '2025-12-05 00:30:02');
UPDATE `user_registration` SET `sub_point` = 0, `active_status` = 'no'
WHERE `user_id` = '45E8V2';
INSERT INTO `arreva_api_logs` (`user_id`, `email`, `endpoint`, `response`, `date`) VALUES ('45E8V2', 'travelegendcy+1@gmail.com', 'deactivatemember', '\"Unable to find user matching email or contract number or otherid\"', '2025-12-05 00:30:02');
INSERT INTO `inactive_history` (`user_id`, `commission_balance`, `amount`, `date`) VALUES ('45E8V2', '50', '150', '2025-12-05 00:30:02');
INSERT INTO `inactive_point_history` (`user_id`, `point`, `date`) VALUES ('H2HQC8', '0', '2025-12-05 00:30:02');
UPDATE `user_registration` SET `sub_point` = 0, `active_status` = 'no'
WHERE `user_id` = 'H2HQC8';
INSERT INTO `arreva_api_logs` (`user_id`, `email`, `endpoint`, `response`, `date`) VALUES ('H2HQC8', 'travelegendcy+4@gmail.com', 'deactivatemember', '\"Unable to find user matching email or contract number or otherid\"', '2025-12-05 00:30:03');
INSERT INTO `inactive_history` (`user_id`, `commission_balance`, `amount`, `date`) VALUES ('H2HQC8', '110', '150', '2025-12-05 00:30:03');
INSERT INTO `inactive_point_history` (`user_id`, `point`, `date`) VALUES ('XVTJOY', '0', '2025-12-05 00:30:03');
UPDATE `user_registration` SET `sub_point` = 0, `active_status` = 'no'
WHERE `user_id` = 'XVTJOY';
INSERT INTO `arreva_api_logs` (`user_id`, `email`, `endpoint`, `response`, `date`) VALUES ('XVTJOY', 'travelegendcy+5@gmail.com', 'deactivatemember', '\"Unable to find user matching email or contract number or otherid\"', '2025-12-05 00:30:03');
INSERT INTO `inactive_history` (`user_id`, `commission_balance`, `amount`, `date`) VALUES ('XVTJOY', '100', '150', '2025-12-05 00:30:03');
INSERT INTO `inactive_point_history` (`user_id`, `point`, `date`) VALUES ('4E1CRI', '0', '2025-12-05 00:30:03');
UPDATE `user_registration` SET `sub_point` = 0, `active_status` = 'no'
WHERE `user_id` = '4E1CRI';
INSERT INTO `arreva_api_logs` (`user_id`, `email`, `endpoint`, `response`, `date`) VALUES ('4E1CRI', 'travelegendcy+77@gmail.com', 'deactivatemember', '\"Unable to find user matching email or contract number or otherid\"', '2025-12-05 00:30:04');
INSERT INTO `inactive_history` (`user_id`, `commission_balance`, `amount`, `date`) VALUES ('4E1CRI', '100', '150', '2025-12-05 00:30:04');
INSERT INTO `inactive_point_history` (`user_id`, `point`, `date`) VALUES ('PBFKSY', '0', '2025-12-05 00:30:04');
UPDATE `user_registration` SET `sub_point` = 0, `active_status` = 'no'
WHERE `user_id` = 'PBFKSY';
INSERT INTO `arreva_api_logs` (`user_id`, `email`, `endpoint`, `response`, `date`) VALUES ('PBFKSY', 'travelegendcy+3@gmail.com', 'deactivatemember', '\"Unable to find user matching email or contract number or otherid\"', '2025-12-05 00:30:04');
INSERT INTO `inactive_history` (`user_id`, `commission_balance`, `amount`, `date`) VALUES ('PBFKSY', '0', '150', '2025-12-05 00:30:04');
INSERT INTO `inactive_point_history` (`user_id`, `point`, `date`) VALUES ('R37QLI', '0', '2025-12-05 00:30:04');
UPDATE `user_registration` SET `sub_point` = 0, `active_status` = 'no'
WHERE `user_id` = 'R37QLI';
INSERT INTO `arreva_api_logs` (`user_id`, `email`, `endpoint`, `response`, `date`) VALUES ('R37QLI', 'atravel4uu@gmail.com', 'deactivatemember', '\"Unable to find user matching email or contract number or otherid\"', '2025-12-05 00:30:04');
INSERT INTO `inactive_history` (`user_id`, `commission_balance`, `amount`, `date`) VALUES ('R37QLI', '80', '150', '2025-12-05 00:30:04');
INSERT INTO `inactive_point_history` (`user_id`, `point`, `date`) VALUES ('Q6D63V', '0', '2025-12-05 00:30:04');
UPDATE `user_registration` SET `sub_point` = 0, `active_status` = 'no'
WHERE `user_id` = 'Q6D63V';
INSERT INTO `arreva_api_logs` (`user_id`, `email`, `endpoint`, `response`, `date`) VALUES ('Q6D63V', 'deeptalent@hotmail.com', 'deactivatemember', '\"Unable to find user matching email or contract number or otherid\"', '2025-12-05 00:30:04');
INSERT INTO `inactive_history` (`user_id`, `commission_balance`, `amount`, `date`) VALUES ('Q6D63V', '100', '150', '2025-12-05 00:30:04');
INSERT INTO `inactive_point_history` (`user_id`, `point`, `date`) VALUES ('N6GZAE', '0', '2025-12-05 00:30:04');
UPDATE `user_registration` SET `sub_point` = 0, `active_status` = 'no'
WHERE `user_id` = 'N6GZAE';
INSERT INTO `arreva_api_logs` (`user_id`, `email`, `endpoint`, `response`, `date`) VALUES ('N6GZAE', 'travelegendcy+71@gmail.com', 'deactivatemember', '\"Unable to find user matching email or contract number or otherid\"', '2025-12-05 00:30:05');
INSERT INTO `inactive_history` (`user_id`, `commission_balance`, `amount`, `date`) VALUES ('N6GZAE', '50', '150', '2025-12-05 00:30:05');
INSERT INTO `inactive_point_history` (`user_id`, `point`, `date`) VALUES ('Q834IS', '0', '2025-12-05 00:30:05');
UPDATE `user_registration` SET `sub_point` = 0, `active_status` = 'no'
WHERE `user_id` = 'Q834IS';
INSERT INTO `arreva_api_logs` (`user_id`, `email`, `endpoint`, `response`, `date`) VALUES ('Q834IS', 'ganofelizyo@gmail.com', 'deactivatemember', '\"Unable to find user matching email or contract number or otherid\"', '2025-12-05 00:30:05');
INSERT INTO `inactive_history` (`user_id`, `commission_balance`, `amount`, `date`) VALUES ('Q834IS', '0', '50', '2025-12-05 00:30:05');
INSERT INTO `inactive_point_history` (`user_id`, `point`, `date`) VALUES ('PKHRN5', '0', '2025-12-05 00:30:05');
UPDATE `user_registration` SET `sub_point` = 0, `active_status` = 'no'
WHERE `user_id` = 'PKHRN5';
INSERT INTO `arreva_api_logs` (`user_id`, `email`, `endpoint`, `response`, `date`) VALUES ('PKHRN5', 'nrproducts20@gmail.com', 'deactivatemember', '\"Unable to find user matching email or contract number or otherid\"', '2025-12-05 00:30:05');
INSERT INTO `inactive_history` (`user_id`, `commission_balance`, `amount`, `date`) VALUES ('PKHRN5', '28', '50', '2025-12-05 00:30:05');
INSERT INTO `inactive_point_history` (`user_id`, `point`, `date`) VALUES ('MT8QJF', '0', '2025-12-05 00:30:05');
UPDATE `user_registration` SET `sub_point` = 0, `active_status` = 'no'
WHERE `user_id` = 'MT8QJF';
INSERT INTO `arreva_api_logs` (`user_id`, `email`, `endpoint`, `response`, `date`) VALUES ('MT8QJF', 'bustamantemoni@yahoo.com', 'deactivatemember', '\"Unable to find user matching email or contract number or otherid\"', '2025-12-05 00:30:06');
INSERT INTO `inactive_history` (`user_id`, `commission_balance`, `amount`, `date`) VALUES ('MT8QJF', '0', '150', '2025-12-05 00:30:06');
INSERT INTO `inactive_point_history` (`user_id`, `point`, `date`) VALUES ('OWF3OA', '0', '2025-12-05 00:30:06');
UPDATE `user_registration` SET `sub_point` = 0, `active_status` = 'no'
WHERE `user_id` = 'OWF3OA';
INSERT INTO `arreva_api_logs` (`user_id`, `email`, `endpoint`, `response`, `date`) VALUES ('OWF3OA', 'caridadm70@gmail.com', 'deactivatemember', '\"Unable to find user matching email or contract number or otherid\"', '2025-12-05 00:30:06');
INSERT INTO `inactive_history` (`user_id`, `commission_balance`, `amount`, `date`) VALUES ('OWF3OA', '0', '150', '2025-12-05 00:30:06');
INSERT INTO `inactive_point_history` (`user_id`, `point`, `date`) VALUES ('HUDVJU', '0', '2025-12-05 00:30:06');
UPDATE `user_registration` SET `sub_point` = 0, `active_status` = 'no'
WHERE `user_id` = 'HUDVJU';
INSERT INTO `arreva_api_logs` (`user_id`, `email`, `endpoint`, `response`, `date`) VALUES ('HUDVJU', 'rsotolongok@aol.com', 'deactivatemember', '\"Unable to find user matching email or contract number or otherid\"', '2025-12-05 00:30:07');
INSERT INTO `inactive_history` (`user_id`, `commission_balance`, `amount`, `date`) VALUES ('HUDVJU', '30', '50', '2025-12-05 00:30:07');
INSERT INTO `inactive_point_history` (`user_id`, `point`, `date`) VALUES ('IEVPMD', '0', '2025-12-05 00:30:07');
UPDATE `user_registration` SET `sub_point` = 0, `active_status` = 'no'
WHERE `user_id` = 'IEVPMD';
INSERT INTO `arreva_api_logs` (`user_id`, `email`, `endpoint`, `response`, `date`) VALUES ('IEVPMD', 'ferr2085@gmail.com', 'deactivatemember', '\"Unable to find user matching email or contract number or otherid\"', '2025-12-05 00:30:07');
INSERT INTO `inactive_history` (`user_id`, `commission_balance`, `amount`, `date`) VALUES ('IEVPMD', '0', '150', '2025-12-05 00:30:07');
INSERT INTO `inactive_point_history` (`user_id`, `point`, `date`) VALUES ('CVVK4C', '0', '2025-12-05 00:30:07');
UPDATE `user_registration` SET `sub_point` = 0, `active_status` = 'no'
WHERE `user_id` = 'CVVK4C';
INSERT INTO `arreva_api_logs` (`user_id`, `email`, `endpoint`, `response`, `date`) VALUES ('CVVK4C', 'naranjo.manuel93@gmail.com', 'deactivatemember', '\"Unable to find user matching email or contract number or otherid\"', '2025-12-05 00:30:07');
INSERT INTO `inactive_history` (`user_id`, `commission_balance`, `amount`, `date`) VALUES ('CVVK4C', '0', '150', '2025-12-05 00:30:07');
INSERT INTO `inactive_point_history` (`user_id`, `point`, `date`) VALUES ('HQTCGF', '0', '2025-12-05 00:30:07');
UPDATE `user_registration` SET `sub_point` = 0, `active_status` = 'no'
WHERE `user_id` = 'HQTCGF';
INSERT INTO `arreva_api_logs` (`user_id`, `email`, `endpoint`, `response`, `date`) VALUES ('HQTCGF', 'naranjo.manuel@ymail.com', 'deactivatemember', '\"Unable to find user matching email or contract number or otherid\"', '2025-12-05 00:30:07');
INSERT INTO `inactive_history` (`user_id`, `commission_balance`, `amount`, `date`) VALUES ('HQTCGF', '0', '150', '2025-12-05 00:30:07');
INSERT INTO `inactive_point_history` (`user_id`, `point`, `date`) VALUES ('L2MNP5', '0', '2025-12-05 00:30:08');
UPDATE `user_registration` SET `sub_point` = 0, `active_status` = 'no'
WHERE `user_id` = 'L2MNP5';
INSERT INTO `arreva_api_logs` (`user_id`, `email`, `endpoint`, `response`, `date`) VALUES ('L2MNP5', 'caimandelcaribe1964@gmail.com', 'deactivatemember', '\"Unable to find user matching email or contract number or otherid\"', '2025-12-05 00:30:08');
INSERT INTO `inactive_history` (`user_id`, `commission_balance`, `amount`, `date`) VALUES ('L2MNP5', '0', '150', '2025-12-05 00:30:08');
INSERT INTO `inactive_point_history` (`user_id`, `point`, `date`) VALUES ('U7SMZ8', '0', '2025-12-05 00:30:08');
UPDATE `user_registration` SET `sub_point` = 0, `active_status` = 'no'
WHERE `user_id` = 'U7SMZ8';
INSERT INTO `arreva_api_logs` (`user_id`, `email`, `endpoint`, `response`, `date`) VALUES ('U7SMZ8', 'claujor06@hotmail.com', 'deactivatemember', '\"Unable to find user matching email or contract number or otherid\"', '2025-12-05 00:30:08');
INSERT INTO `inactive_history` (`user_id`, `commission_balance`, `amount`, `date`) VALUES ('U7SMZ8', '0', '150', '2025-12-05 00:30:08');
INSERT INTO `inactive_point_history` (`user_id`, `point`, `date`) VALUES ('PUJNHI', '0', '2025-12-05 00:30:08');
UPDATE `user_registration` SET `sub_point` = 0, `active_status` = 'no'
WHERE `user_id` = 'PUJNHI';
INSERT INTO `arreva_api_logs` (`user_id`, `email`, `endpoint`, `response`, `date`) VALUES ('PUJNHI', 'rt.amdream@gmail.com', 'deactivatemember', '\"Unable to find user matching email or contract number or otherid\"', '2025-12-05 00:30:08');
INSERT INTO `inactive_history` (`user_id`, `commission_balance`, `amount`, `date`) VALUES ('PUJNHI', '40', '150', '2025-12-05 00:30:08');
INSERT INTO `inactive_point_history` (`user_id`, `point`, `date`) VALUES ('WC5BL7', '0', '2025-12-05 00:30:08');
UPDATE `user_registration` SET `sub_point` = 0, `active_status` = 'no'
WHERE `user_id` = 'WC5BL7';
INSERT INTO `arreva_api_logs` (`user_id`, `email`, `endpoint`, `response`, `date`) VALUES ('WC5BL7', 'guecab74@gmail.com', 'deactivatemember', '\"Unable to find user matching email or contract number or otherid\"', '2025-12-05 00:30:09');
INSERT INTO `inactive_history` (`user_id`, `commission_balance`, `amount`, `date`) VALUES ('WC5BL7', '0', '50', '2025-12-05 00:30:09');
INSERT INTO `inactive_point_history` (`user_id`, `point`, `date`) VALUES ('W17SG2', '0', '2025-12-05 00:30:09');
UPDATE `user_registration` SET `sub_point` = 0, `active_status` = 'no'
WHERE `user_id` = 'W17SG2';
INSERT INTO `arreva_api_logs` (`user_id`, `email`, `endpoint`, `response`, `date`) VALUES ('W17SG2', 'jnsh44@gmail.com', 'deactivatemember', '\"Unable to find user matching email or contract number or otherid\"', '2025-12-05 00:30:09');
INSERT INTO `inactive_history` (`user_id`, `commission_balance`, `amount`, `date`) VALUES ('W17SG2', '0', '150', '2025-12-05 00:30:09');
INSERT INTO `inactive_point_history` (`user_id`, `point`, `date`) VALUES ('PR92IO', '0', '2025-12-05 00:30:09');
UPDATE `user_registration` SET `sub_point` = 0, `active_status` = 'no'
WHERE `user_id` = 'PR92IO';
INSERT INTO `arreva_api_logs` (`user_id`, `email`, `endpoint`, `response`, `date`) VALUES ('PR92IO', 'onielguerra@yahoo.com', 'deactivatemember', '\"Unable to find user matching email or contract number or otherid\"', '2025-12-05 00:30:09');
INSERT INTO `inactive_history` (`user_id`, `commission_balance`, `amount`, `date`) VALUES ('PR92IO', '0', '50', '2025-12-05 00:30:09');
INSERT INTO `inactive_point_history` (`user_id`, `point`, `date`) VALUES ('UTF7YN', '0', '2025-12-05 00:30:09');
UPDATE `user_registration` SET `sub_point` = 0, `active_status` = 'no'
WHERE `user_id` = 'UTF7YN';
INSERT INTO `arreva_api_logs` (`user_id`, `email`, `endpoint`, `response`, `date`) VALUES ('UTF7YN', 'miguelmartinezzamora89@gmail.com', 'deactivatemember', '\"Unable to find user matching email or contract number or otherid\"', '2025-12-05 00:30:10');
INSERT INTO `inactive_history` (`user_id`, `commission_balance`, `amount`, `date`) VALUES ('UTF7YN', '0', '150', '2025-12-05 00:30:10');
INSERT INTO `inactive_point_history` (`user_id`, `point`, `date`) VALUES ('JIL8K9', '0', '2025-12-05 00:30:10');
UPDATE `user_registration` SET `sub_point` = 0, `active_status` = 'no'
WHERE `user_id` = 'JIL8K9';
INSERT INTO `arreva_api_logs` (`user_id`, `email`, `endpoint`, `response`, `date`) VALUES ('JIL8K9', 'urquia0831@gmail.com', 'deactivatemember', '\"Unable to find user matching email or contract number or otherid\"', '2025-12-05 00:30:10');
INSERT INTO `inactive_history` (`user_id`, `commission_balance`, `amount`, `date`) VALUES ('JIL8K9', '20', '150', '2025-12-05 00:30:10');
INSERT INTO `inactive_point_history` (`user_id`, `point`, `date`) VALUES ('XHO8CJ', '0', '2025-12-05 00:30:10');
UPDATE `user_registration` SET `sub_point` = 0, `active_status` = 'no'
WHERE `user_id` = 'XHO8CJ';
INSERT INTO `arreva_api_logs` (`user_id`, `email`, `endpoint`, `response`, `date`) VALUES ('XHO8CJ', 'arielzomoza@hotmail.com', 'deactivatemember', '\"Unable to find user matching email or contract number or otherid\"', '2025-12-05 00:30:10');
INSERT INTO `inactive_history` (`user_id`, `commission_balance`, `amount`, `date`) VALUES ('XHO8CJ', '0', '150', '2025-12-05 00:30:10');
INSERT INTO `inactive_point_history` (`user_id`, `point`, `date`) VALUES ('L8NRSC', '0', '2025-12-05 00:30:10');
UPDATE `user_registration` SET `sub_point` = 0, `active_status` = 'no'
WHERE `user_id` = 'L8NRSC';
INSERT INTO `arreva_api_logs` (`user_id`, `email`, `endpoint`, `response`, `date`) VALUES ('L8NRSC', 'heviaelina17@gmail.com', 'deactivatemember', '\"Unable to find user matching email or contract number or otherid\"', '2025-12-05 00:30:11');
INSERT INTO `inactive_history` (`user_id`, `commission_balance`, `amount`, `date`) VALUES ('L8NRSC', '50', '150', '2025-12-05 00:30:11');
INSERT INTO `inactive_point_history` (`user_id`, `point`, `date`) VALUES ('6H3N98', '0', '2025-12-05 00:30:11');
UPDATE `user_registration` SET `sub_point` = 0, `active_status` = 'no'
WHERE `user_id` = '6H3N98';
INSERT INTO `arreva_api_logs` (`user_id`, `email`, `endpoint`, `response`, `date`) VALUES ('6H3N98', 'Polanco1961.jmp@gmail.com', 'deactivatemember', '\"Unable to find user matching email or contract number or otherid\"', '2025-12-05 00:30:11');
INSERT INTO `inactive_history` (`user_id`, `commission_balance`, `amount`, `date`) VALUES ('6H3N98', '100', '150', '2025-12-05 00:30:11');
INSERT INTO `inactive_point_history` (`user_id`, `point`, `date`) VALUES ('HP6YP2', '0', '2025-12-05 00:30:11');
UPDATE `user_registration` SET `sub_point` = 0, `active_status` = 'no'
WHERE `user_id` = 'HP6YP2';
INSERT INTO `arreva_api_logs` (`user_id`, `email`, `endpoint`, `response`, `date`) VALUES ('HP6YP2', 'josedavila0923@hotmail.com', 'deactivatemember', '\"Unable to find user matching email or contract number or otherid\"', '2025-12-05 00:30:11');
INSERT INTO `inactive_history` (`user_id`, `commission_balance`, `amount`, `date`) VALUES ('HP6YP2', '50', '150', '2025-12-05 00:30:11');
INSERT INTO `inactive_point_history` (`user_id`, `point`, `date`) VALUES ('8RVNYT', '0', '2025-12-05 00:30:11');
UPDATE `user_registration` SET `sub_point` = 0, `active_status` = 'no'
WHERE `user_id` = '8RVNYT';
INSERT INTO `arreva_api_logs` (`user_id`, `email`, `endpoint`, `response`, `date`) VALUES ('8RVNYT', 'dduany59@gmail.com', 'deactivatemember', '\"Unable to find user matching email or contract number or otherid\"', '2025-12-05 00:30:12');
INSERT INTO `inactive_history` (`user_id`, `commission_balance`, `amount`, `date`) VALUES ('8RVNYT', '0', '150', '2025-12-05 00:30:12');
INSERT INTO `inactive_point_history` (`user_id`, `point`, `date`) VALUES ('K8DXP2', '0', '2025-12-05 00:30:12');
UPDATE `user_registration` SET `sub_point` = 0, `active_status` = 'no'
WHERE `user_id` = 'K8DXP2';
INSERT INTO `arreva_api_logs` (`user_id`, `email`, `endpoint`, `response`, `date`) VALUES ('K8DXP2', 'danieladm02@icloud.com', 'deactivatemember', '\"Unable to find user matching email or contract number or otherid\"', '2025-12-05 00:30:12');
INSERT INTO `inactive_history` (`user_id`, `commission_balance`, `amount`, `date`) VALUES ('K8DXP2', '0', '150', '2025-12-05 00:30:12');
INSERT INTO `inactive_point_history` (`user_id`, `point`, `date`) VALUES ('BD2ZLC', '0', '2025-12-05 00:30:12');
UPDATE `user_registration` SET `sub_point` = 0, `active_status` = 'no'
WHERE `user_id` = 'BD2ZLC';
INSERT INTO `arreva_api_logs` (`user_id`, `email`, `endpoint`, `response`, `date`) VALUES ('BD2ZLC', 'misleydacuba@hotmail.com', 'deactivatemember', '\"Unable to find user matching email or contract number or otherid\"', '2025-12-05 00:30:12');
INSERT INTO `inactive_history` (`user_id`, `commission_balance`, `amount`, `date`) VALUES ('BD2ZLC', '100', '150', '2025-12-05 00:30:12');
UPDATE `user_registration` SET commission_balance = ROUND(commission_balance - 150,2)
WHERE `user_id` = 'QJ5U9C';
INSERT INTO `sub_history` (`user_id`, `package_id`, `amount`, `payment_method`, `date`) VALUES ('QJ5U9C', '2', '150', 'Ewallet', '2025-12-05 00:30:12');
UPDATE `user_registration` SET sub_point = ROUND(sub_point + 150,2)
WHERE `user_id` = 'QJ5U9C';
INSERT INTO `investment` (`invest_date`, `user_id`, `type`, `amount`, `package_id`) VALUES ('2025-12-05 00:30:12', 'QJ5U9C', 'subscription', '150', '2');
INSERT INTO `earnings` (`user_id`, `Purchaser_id`, `earning_type`, `package_id`, `amount`, `date`, `comments`, `invest_amount`, `comm_perc`, `level`, `rank_id`, `order_id`) VALUES ('O94ZPY', 'QJ5U9C', 'Subscription Referral Bonus', '2', '37.5', '2025-12-05 00:30:12', 'Subscription Referral Bonus', 0, 0, 1, '', 1313);
UPDATE `user_registration` SET commission_balance = ROUND(commission_balance + 37.5,2)
WHERE `user_id` = 'O94ZPY';
UPDATE `user_registration` SET total_points = ROUND(total_points + 150,2)
WHERE `user_id` = 'QJ5U9C';
INSERT INTO `points_history` (`user_id`, `points`, `type`, `date`) VALUES ('QJ5U9C', '150', 'subscription', '2025-12-05 00:30:');
UPDATE `bv_updation` SET left_carry = left_carry+150, total_left = total_left+150
WHERE `user_id` = 'O94ZPY';
INSERT INTO `placement_bv_update_history` (`left_carry`, `date`, `from_id`, `user_id`) VALUES ('150', '2025-12-05 00:30:12', 'QJ5U9C', 'O94ZPY');
UPDATE `user_registration` SET `cycle_rank_id` = '1'
WHERE `user_id` = 'O94ZPY';
INSERT INTO `rank_history` (`rank_id`, `user_id`, `name`, `bv`, `date`, `amount`, `type`) VALUES ('1', 'O94ZPY', 'Affiliate', '0', '2025-12-05 00:30:12', '0', 'auto');
UPDATE `bv_updation` SET sponsor_left_carry = sponsor_left_carry+150, sponsor_total_left = sponsor_total_left+150
WHERE `user_id` = 'O94ZPY';
INSERT INTO `sponsor_bv_update_history` (`left_carry`, `date`, `user_id`) VALUES ('150', '2025-12-05 00:30:12', 'O94ZPY');
UPDATE `bv_updation` SET right_carry = right_carry+150, total_right = total_right+150
WHERE `user_id` = 'JHRDHS';
INSERT INTO `placement_bv_update_history` (`right_carry`, `date`, `from_id`, `user_id`) VALUES ('150', '2025-12-05 00:30:12', 'QJ5U9C', 'JHRDHS');
UPDATE `user_registration` SET `cycle_rank_id` = '1'
WHERE `user_id` = 'JHRDHS';
INSERT INTO `rank_history` (`rank_id`, `user_id`, `name`, `bv`, `date`, `amount`, `type`) VALUES ('1', 'JHRDHS', 'Affiliate', '0', '2025-12-05 00:30:12', '0', 'auto');
UPDATE `bv_updation` SET right_carry = right_carry+150, total_right = total_right+150
WHERE `user_id` = 'CVVK4C';
INSERT INTO `placement_bv_update_history` (`right_carry`, `date`, `from_id`, `user_id`) VALUES ('150', '2025-12-05 00:30:12', 'QJ5U9C', 'CVVK4C');
UPDATE `user_registration` SET `cycle_rank_id` = '1'
WHERE `user_id` = 'CVVK4C';
INSERT INTO `rank_history` (`rank_id`, `user_id`, `name`, `bv`, `date`, `amount`, `type`) VALUES ('1', 'CVVK4C', 'Affiliate', '0', '2025-12-05 00:30:12', '0', 'auto');
UPDATE `bv_updation` SET left_carry = left_carry+150, total_left = total_left+150
WHERE `user_id` = 'K55EDD';
INSERT INTO `placement_bv_update_history` (`left_carry`, `date`, `from_id`, `user_id`) VALUES ('150', '2025-12-05 00:30:12', 'QJ5U9C', 'K55EDD');
UPDATE `user_registration` SET `cycle_rank_id` = '1'
WHERE `user_id` = 'K55EDD';
INSERT INTO `rank_history` (`rank_id`, `user_id`, `name`, `bv`, `date`, `amount`, `type`) VALUES ('1', 'K55EDD', 'Affiliate', '0', '2025-12-05 00:30:13', '0', 'auto');
UPDATE `bv_updation` SET left_carry = left_carry+150, total_left = total_left+150
WHERE `user_id` = 'UQO7EQ';
INSERT INTO `placement_bv_update_history` (`left_carry`, `date`, `from_id`, `user_id`) VALUES ('150', '2025-12-05 00:30:13', 'QJ5U9C', 'UQO7EQ');
UPDATE `user_registration` SET `cycle_rank_id` = '1'
WHERE `user_id` = 'UQO7EQ';
INSERT INTO `rank_history` (`rank_id`, `user_id`, `name`, `bv`, `date`, `amount`, `type`) VALUES ('1', 'UQO7EQ', 'Affiliate', '0', '2025-12-05 00:30:13', '0', 'auto');
UPDATE `bv_updation` SET left_carry = left_carry+150, total_left = total_left+150
WHERE `user_id` = 'N6GZAE';
INSERT INTO `placement_bv_update_history` (`left_carry`, `date`, `from_id`, `user_id`) VALUES ('150', '2025-12-05 00:30:13', 'QJ5U9C', 'N6GZAE');
UPDATE `user_registration` SET `cycle_rank_id` = '1'
WHERE `user_id` = 'N6GZAE';
INSERT INTO `rank_history` (`rank_id`, `user_id`, `name`, `bv`, `date`, `amount`, `type`) VALUES ('1', 'N6GZAE', 'Affiliate', '0', '2025-12-05 00:30:13', '0', 'auto');
UPDATE `bv_updation` SET left_carry = left_carry+150, total_left = total_left+150
WHERE `user_id` = '4E1CRI';
INSERT INTO `placement_bv_update_history` (`left_carry`, `date`, `from_id`, `user_id`) VALUES ('150', '2025-12-05 00:30:13', 'QJ5U9C', '4E1CRI');
UPDATE `bv_updation` SET left_carry = left_carry+150, total_left = total_left+150
WHERE `user_id` = 'SJBNYJ';
INSERT INTO `placement_bv_update_history` (`left_carry`, `date`, `from_id`, `user_id`) VALUES ('150', '2025-12-05 00:30:13', 'QJ5U9C', 'SJBNYJ');
UPDATE `user_registration` SET `cycle_rank_id` = '1'
WHERE `user_id` = 'SJBNYJ';
INSERT INTO `rank_history` (`rank_id`, `user_id`, `name`, `bv`, `date`, `amount`, `type`) VALUES ('1', 'SJBNYJ', 'Affiliate', '0', '2025-12-05 00:30:13', '0', 'auto');
UPDATE `bv_updation` SET left_carry = left_carry+150, total_left = total_left+150
WHERE `user_id` = '44B9Y4';
INSERT INTO `placement_bv_update_history` (`left_carry`, `date`, `from_id`, `user_id`) VALUES ('150', '2025-12-05 00:30:13', 'QJ5U9C', '44B9Y4');
UPDATE `user_registration` SET `cycle_rank_id` = '1'
WHERE `user_id` = '44B9Y4';
INSERT INTO `rank_history` (`rank_id`, `user_id`, `name`, `bv`, `date`, `amount`, `type`) VALUES ('1', '44B9Y4', 'Affiliate', '0', '2025-12-05 00:30:13', '0', 'auto');
UPDATE `bv_updation` SET right_carry = right_carry+150, total_right = total_right+150
WHERE `user_id` = 'admin';
INSERT INTO `placement_bv_update_history` (`right_carry`, `date`, `from_id`, `user_id`) VALUES ('150', '2025-12-05 00:30:13', 'QJ5U9C', 'admin');
UPDATE `user_registration` SET `cycle_rank_id` = '1'
WHERE `user_id` = 'admin';
INSERT INTO `rank_history` (`rank_id`, `user_id`, `name`, `bv`, `date`, `amount`, `type`) VALUES ('1', 'admin', 'Affiliate', '0', '2025-12-05 00:30:13', '0', 'auto');
UPDATE `user_registration` SET `subscription_date` = '2026-01-05', `active_status` = 'yes', `reminder_sent` = 'no'
WHERE `user_id` = 'QJ5U9C';
INSERT INTO `arreva_api_logs` (`user_id`, `email`, `endpoint`, `response`, `date`) VALUES ('QJ5U9C', 'gascarde@yahoo.com', 'activatemember', 'true', '2025-12-05 00:30:13');
INSERT INTO `inactive_point_history` (`user_id`, `point`, `date`) VALUES ('2MBPZI', '0', '2025-12-05 00:30:13');
UPDATE `user_registration` SET `sub_point` = 0, `active_status` = 'no'
WHERE `user_id` = '2MBPZI';
INSERT INTO `arreva_api_logs` (`user_id`, `email`, `endpoint`, `response`, `date`) VALUES ('2MBPZI', 'lamora07@icloud.com', 'deactivatemember', '\"Unable to find user matching email or contract number or otherid\"', '2025-12-05 00:30:13');
INSERT INTO `inactive_history` (`user_id`, `commission_balance`, `amount`, `date`) VALUES ('2MBPZI', '0', '150', '2025-12-05 00:30:13');
INSERT INTO `inactive_point_history` (`user_id`, `point`, `date`) VALUES ('XXI66Z', '0', '2025-12-05 00:30:13');
UPDATE `user_registration` SET `sub_point` = 0, `active_status` = 'no'
WHERE `user_id` = 'XXI66Z';
INSERT INTO `arreva_api_logs` (`user_id`, `email`, `endpoint`, `response`, `date`) VALUES ('XXI66Z', 'nora.cuenca722@gmail.com', 'deactivatemember', '\"Unable to find user matching email or contract number or otherid\"', '2025-12-05 00:30:14');
INSERT INTO `inactive_history` (`user_id`, `commission_balance`, `amount`, `date`) VALUES ('XXI66Z', '0', '150', '2025-12-05 00:30:14');
INSERT INTO `inactive_point_history` (`user_id`, `point`, `date`) VALUES ('Q82ZV9', '0', '2025-12-05 00:30:14');
UPDATE `user_registration` SET `sub_point` = 0, `active_status` = 'no'
WHERE `user_id` = 'Q82ZV9';
INSERT INTO `arreva_api_logs` (`user_id`, `email`, `endpoint`, `response`, `date`) VALUES ('Q82ZV9', 'Jcab777@hotmail.com', 'deactivatemember', '\"Unable to find user matching email or contract number or otherid\"', '2025-12-05 00:30:14');
INSERT INTO `inactive_history` (`user_id`, `commission_balance`, `amount`, `date`) VALUES ('Q82ZV9', '20', '50', '2025-12-05 00:30:14');
INSERT INTO `inactive_point_history` (`user_id`, `point`, `date`) VALUES ('IWTOLP', '0', '2025-12-05 00:30:14');
UPDATE `user_registration` SET `sub_point` = 0, `active_status` = 'no'
WHERE `user_id` = 'IWTOLP';
INSERT INTO `arreva_api_logs` (`user_id`, `email`, `endpoint`, `response`, `date`) VALUES ('IWTOLP', 'Hectorvaldes84@gmail.com', 'deactivatemember', '\"Unable to find user matching email or contract number or otherid\"', '2025-12-05 00:30:14');
INSERT INTO `inactive_history` (`user_id`, `commission_balance`, `amount`, `date`) VALUES ('IWTOLP', '0', '50', '2025-12-05 00:30:14');
INSERT INTO `inactive_point_history` (`user_id`, `point`, `date`) VALUES ('9QPRWH', '0', '2025-12-05 00:30:14');
UPDATE `user_registration` SET `sub_point` = 0, `active_status` = 'no'
WHERE `user_id` = '9QPRWH';
INSERT INTO `arreva_api_logs` (`user_id`, `email`, `endpoint`, `response`, `date`) VALUES ('9QPRWH', 'danny.ortiz93@yahoo.com', 'deactivatemember', '\"Unable to find user matching email or contract number or otherid\"', '2025-12-05 00:30:15');
INSERT INTO `inactive_history` (`user_id`, `commission_balance`, `amount`, `date`) VALUES ('9QPRWH', '0', '150', '2025-12-05 00:30:15');
INSERT INTO `inactive_point_history` (`user_id`, `point`, `date`) VALUES ('LBY7TN', '0', '2025-12-05 00:30:15');
UPDATE `user_registration` SET `sub_point` = 0, `active_status` = 'no'
WHERE `user_id` = 'LBY7TN';
INSERT INTO `arreva_api_logs` (`user_id`, `email`, `endpoint`, `response`, `date`) VALUES ('LBY7TN', 'realtororlando1@gmail.com', 'deactivatemember', '\"Unable to find user matching email or contract number or otherid\"', '2025-12-05 00:30:15');
INSERT INTO `inactive_history` (`user_id`, `commission_balance`, `amount`, `date`) VALUES ('LBY7TN', '0', '150', '2025-12-05 00:30:15');
INSERT INTO `inactive_point_history` (`user_id`, `point`, `date`) VALUES ('WDEXJT', '0', '2025-12-05 00:30:15');
UPDATE `user_registration` SET `sub_point` = 0, `active_status` = 'no'
WHERE `user_id` = 'WDEXJT';
INSERT INTO `arreva_api_logs` (`user_id`, `email`, `endpoint`, `response`, `date`) VALUES ('WDEXJT', 'randol1976@gmail.com', 'deactivatemember', '\"Unable to find user matching email or contract number or otherid\"', '2025-12-05 00:30:15');
INSERT INTO `inactive_history` (`user_id`, `commission_balance`, `amount`, `date`) VALUES ('WDEXJT', '0', '150', '2025-12-05 00:30:15');
INSERT INTO `inactive_point_history` (`user_id`, `point`, `date`) VALUES ('78UOV5', '0', '2025-12-05 00:30:15');
UPDATE `user_registration` SET `sub_point` = 0, `active_status` = 'no'
WHERE `user_id` = '78UOV5';
INSERT INTO `arreva_api_logs` (`user_id`, `email`, `endpoint`, `response`, `date`) VALUES ('78UOV5', 'Marvincano2006@hotmail.com', 'deactivatemember', '\"Unable to find user matching email or contract number or otherid\"', '2025-12-05 00:30:16');
INSERT INTO `inactive_history` (`user_id`, `commission_balance`, `amount`, `date`) VALUES ('78UOV5', '0', '50', '2025-12-05 00:30:16');
INSERT INTO `inactive_point_history` (`user_id`, `point`, `date`) VALUES ('8D7CNL', '0', '2025-12-05 00:30:16');
UPDATE `user_registration` SET `sub_point` = 0, `active_status` = 'no'
WHERE `user_id` = '8D7CNL';
INSERT INTO `arreva_api_logs` (`user_id`, `email`, `endpoint`, `response`, `date`) VALUES ('8D7CNL', 'ulambert45@gmail.com', 'deactivatemember', '\"Unable to find user matching email or contract number or otherid\"', '2025-12-05 00:30:16');
INSERT INTO `inactive_history` (`user_id`, `commission_balance`, `amount`, `date`) VALUES ('8D7CNL', '100', '150', '2025-12-05 00:30:16');
INSERT INTO `inactive_point_history` (`user_id`, `point`, `date`) VALUES ('OMGB4G', '0', '2025-12-05 00:30:16');
UPDATE `user_registration` SET `sub_point` = 0, `active_status` = 'no'
WHERE `user_id` = 'OMGB4G';
INSERT INTO `arreva_api_logs` (`user_id`, `email`, `endpoint`, `response`, `date`) VALUES ('OMGB4G', 'aniadebora8@gmail.com', 'deactivatemember', '\"Unable to find user matching email or contract number or otherid\"', '2025-12-05 00:30:16');
INSERT INTO `inactive_history` (`user_id`, `commission_balance`, `amount`, `date`) VALUES ('OMGB4G', '7.5', '150', '2025-12-05 00:30:16');
INSERT INTO `inactive_point_history` (`user_id`, `point`, `date`) VALUES ('UJXP99', '0', '2025-12-05 00:30:16');
UPDATE `user_registration` SET `sub_point` = 0, `active_status` = 'no'
WHERE `user_id` = 'UJXP99';
INSERT INTO `arreva_api_logs` (`user_id`, `email`, `endpoint`, `response`, `date`) VALUES ('UJXP99', 'aldocamporota@yahoo.com', 'deactivatemember', '\"Unable to find user matching email or contract number or otherid\"', '2025-12-05 00:30:17');
INSERT INTO `inactive_history` (`user_id`, `commission_balance`, `amount`, `date`) VALUES ('UJXP99', '0', '50', '2025-12-05 00:30:17');
INSERT INTO `inactive_point_history` (`user_id`, `point`, `date`) VALUES ('L268VW', '0', '2025-12-05 00:30:17');
UPDATE `user_registration` SET `sub_point` = 0, `active_status` = 'no'
WHERE `user_id` = 'L268VW';
INSERT INTO `arreva_api_logs` (`user_id`, `email`, `endpoint`, `response`, `date`) VALUES ('L268VW', 'omy2228@gmail.com', 'deactivatemember', '\"Unable to find user matching email or contract number or otherid\"', '2025-12-05 00:30:17');
INSERT INTO `inactive_history` (`user_id`, `commission_balance`, `amount`, `date`) VALUES ('L268VW', '0', '50', '2025-12-05 00:30:17');
INSERT INTO `inactive_point_history` (`user_id`, `point`, `date`) VALUES ('UVJ6L9', '0', '2025-12-05 00:30:17');
UPDATE `user_registration` SET `sub_point` = 0, `active_status` = 'no'
WHERE `user_id` = 'UVJ6L9';
INSERT INTO `arreva_api_logs` (`user_id`, `email`, `endpoint`, `response`, `date`) VALUES ('UVJ6L9', 'nrproducts20+1@gmail.com', 'deactivatemember', '\"Unable to find user matching email or contract number or otherid\"', '2025-12-05 00:30:17');
INSERT INTO `inactive_history` (`user_id`, `commission_balance`, `amount`, `date`) VALUES ('UVJ6L9', '0', '50', '2025-12-05 00:30:17');
INSERT INTO `inactive_point_history` (`user_id`, `point`, `date`) VALUES ('T2U73Q', '0', '2025-12-05 00:30:17');
UPDATE `user_registration` SET `sub_point` = 0, `active_status` = 'no'
WHERE `user_id` = 'T2U73Q';
INSERT INTO `arreva_api_logs` (`user_id`, `email`, `endpoint`, `response`, `date`) VALUES ('T2U73Q', 'aidacano1694@gmail.com', 'deactivatemember', '\"Unable to find user matching email or contract number or otherid\"', '2025-12-05 00:30:18');
INSERT INTO `inactive_history` (`user_id`, `commission_balance`, `amount`, `date`) VALUES ('T2U73Q', '0', '50', '2025-12-05 00:30:18');
INSERT INTO `inactive_point_history` (`user_id`, `point`, `date`) VALUES ('ULHSH2', '0', '2025-12-05 00:30:18');
UPDATE `user_registration` SET `sub_point` = 0, `active_status` = 'no'
WHERE `user_id` = 'ULHSH2';
INSERT INTO `arreva_api_logs` (`user_id`, `email`, `endpoint`, `response`, `date`) VALUES ('ULHSH2', 'asny_melody11@hotmail.com', 'deactivatemember', '\"Unable to find user matching email or contract number or otherid\"', '2025-12-05 00:30:18');
INSERT INTO `inactive_history` (`user_id`, `commission_balance`, `amount`, `date`) VALUES ('ULHSH2', '0', '150', '2025-12-05 00:30:18');
UPDATE `user_registration` SET commission_balance = ROUND(commission_balance - 150,2)
WHERE `user_id` = 'BUWYXW';
INSERT INTO `sub_history` (`user_id`, `package_id`, `amount`, `payment_method`, `date`) VALUES ('BUWYXW', '2', '150', 'Ewallet', '2025-12-05 00:30:18');
UPDATE `user_registration` SET sub_point = ROUND(sub_point + 150,2)
WHERE `user_id` = 'BUWYXW';
INSERT INTO `investment` (`invest_date`, `user_id`, `type`, `amount`, `package_id`) VALUES ('2025-12-05 00:30:18', 'BUWYXW', 'subscription', '150', '2');
INSERT INTO `earnings` (`user_id`, `Purchaser_id`, `earning_type`, `package_id`, `amount`, `date`, `comments`, `invest_amount`, `comm_perc`, `level`, `rank_id`, `order_id`) VALUES ('JHRDHS', 'BUWYXW', 'Subscription Referral Bonus', '2', '37.5', '2025-12-05 00:30:18', 'Subscription Referral Bonus', 0, 0, 1, '', 1314);
UPDATE `user_registration` SET commission_balance = ROUND(commission_balance + 37.5,2)
WHERE `user_id` = 'JHRDHS';
UPDATE `user_registration` SET total_points = ROUND(total_points + 150,2)
WHERE `user_id` = 'BUWYXW';
INSERT INTO `points_history` (`user_id`, `points`, `type`, `date`) VALUES ('BUWYXW', '150', 'subscription', '2025-12-05 00:30:');
UPDATE `bv_updation` SET right_carry = right_carry+150, total_right = total_right+150
WHERE `user_id` = 'UXMQZD';
INSERT INTO `placement_bv_update_history` (`right_carry`, `date`, `from_id`, `user_id`) VALUES ('150', '2025-12-05 00:30:18', 'BUWYXW', 'UXMQZD');
UPDATE `user_registration` SET `cycle_rank_id` = '1'
WHERE `user_id` = 'UXMQZD';
INSERT INTO `rank_history` (`rank_id`, `user_id`, `name`, `bv`, `date`, `amount`, `type`) VALUES ('1', 'UXMQZD', 'Affiliate', '0', '2025-12-05 00:30:18', '0', 'auto');
UPDATE `bv_updation` SET right_carry = right_carry+150, total_right = total_right+150
WHERE `user_id` = 'O94ZPY';
INSERT INTO `placement_bv_update_history` (`right_carry`, `date`, `from_id`, `user_id`) VALUES ('150', '2025-12-05 00:30:18', 'BUWYXW', 'O94ZPY');
UPDATE `user_registration` SET `cycle_rank_id` = '1'
WHERE `user_id` = 'O94ZPY';
INSERT INTO `rank_history` (`rank_id`, `user_id`, `name`, `bv`, `date`, `amount`, `type`) VALUES ('1', 'O94ZPY', 'Affiliate', '0', '2025-12-05 00:30:18', '0', 'auto');
UPDATE `bv_updation` SET right_carry = right_carry+150, total_right = total_right+150
WHERE `user_id` = 'JHRDHS';
INSERT INTO `placement_bv_update_history` (`right_carry`, `date`, `from_id`, `user_id`) VALUES ('150', '2025-12-05 00:30:18', 'BUWYXW', 'JHRDHS');
UPDATE `user_registration` SET `cycle_rank_id` = '1'
WHERE `user_id` = 'JHRDHS';
INSERT INTO `rank_history` (`rank_id`, `user_id`, `name`, `bv`, `date`, `amount`, `type`) VALUES ('1', 'JHRDHS', 'Affiliate', '0', '2025-12-05 00:30:18', '0', 'auto');
UPDATE `bv_updation` SET sponsor_right_carry = sponsor_right_carry+150, sponsor_total_right = sponsor_total_right+150
WHERE `user_id` = 'JHRDHS';
INSERT INTO `sponsor_bv_update_history` (`right_carry`, `date`, `user_id`) VALUES ('150', '2025-12-05 00:30:18', 'JHRDHS');
UPDATE `bv_updation` SET right_carry = right_carry+150, total_right = total_right+150
WHERE `user_id` = 'CVVK4C';
INSERT INTO `placement_bv_update_history` (`right_carry`, `date`, `from_id`, `user_id`) VALUES ('150', '2025-12-05 00:30:18', 'BUWYXW', 'CVVK4C');
UPDATE `user_registration` SET `cycle_rank_id` = '1'
WHERE `user_id` = 'CVVK4C';
INSERT INTO `rank_history` (`rank_id`, `user_id`, `name`, `bv`, `date`, `amount`, `type`) VALUES ('1', 'CVVK4C', 'Affiliate', '0', '2025-12-05 00:30:18', '0', 'auto');
UPDATE `bv_updation` SET left_carry = left_carry+150, total_left = total_left+150
WHERE `user_id` = 'K55EDD';
INSERT INTO `placement_bv_update_history` (`left_carry`, `date`, `from_id`, `user_id`) VALUES ('150', '2025-12-05 00:30:18', 'BUWYXW', 'K55EDD');
UPDATE `user_registration` SET `cycle_rank_id` = '1'
WHERE `user_id` = 'K55EDD';
INSERT INTO `rank_history` (`rank_id`, `user_id`, `name`, `bv`, `date`, `amount`, `type`) VALUES ('1', 'K55EDD', 'Affiliate', '0', '2025-12-05 00:30:18', '0', 'auto');
UPDATE `bv_updation` SET left_carry = left_carry+150, total_left = total_left+150
WHERE `user_id` = 'UQO7EQ';
INSERT INTO `placement_bv_update_history` (`left_carry`, `date`, `from_id`, `user_id`) VALUES ('150', '2025-12-05 00:30:18', 'BUWYXW', 'UQO7EQ');
UPDATE `user_registration` SET `cycle_rank_id` = '1'
WHERE `user_id` = 'UQO7EQ';
INSERT INTO `rank_history` (`rank_id`, `user_id`, `name`, `bv`, `date`, `amount`, `type`) VALUES ('1', 'UQO7EQ', 'Affiliate', '0', '2025-12-05 00:30:18', '0', 'auto');
UPDATE `bv_updation` SET left_carry = left_carry+150, total_left = total_left+150
WHERE `user_id` = 'N6GZAE';
INSERT INTO `placement_bv_update_history` (`left_carry`, `date`, `from_id`, `user_id`) VALUES ('150', '2025-12-05 00:30:18', 'BUWYXW', 'N6GZAE');
UPDATE `user_registration` SET `cycle_rank_id` = '1'
WHERE `user_id` = 'N6GZAE';
INSERT INTO `rank_history` (`rank_id`, `user_id`, `name`, `bv`, `date`, `amount`, `type`) VALUES ('1', 'N6GZAE', 'Affiliate', '0', '2025-12-05 00:30:18', '0', 'auto');
UPDATE `bv_updation` SET left_carry = left_carry+150, total_left = total_left+150
WHERE `user_id` = '4E1CRI';
INSERT INTO `placement_bv_update_history` (`left_carry`, `date`, `from_id`, `user_id`) VALUES ('150', '2025-12-05 00:30:18', 'BUWYXW', '4E1CRI');
UPDATE `bv_updation` SET left_carry = left_carry+150, total_left = total_left+150
WHERE `user_id` = 'SJBNYJ';
INSERT INTO `placement_bv_update_history` (`left_carry`, `date`, `from_id`, `user_id`) VALUES ('150', '2025-12-05 00:30:18', 'BUWYXW', 'SJBNYJ');
UPDATE `user_registration` SET `cycle_rank_id` = '1'
WHERE `user_id` = 'SJBNYJ';
INSERT INTO `rank_history` (`rank_id`, `user_id`, `name`, `bv`, `date`, `amount`, `type`) VALUES ('1', 'SJBNYJ', 'Affiliate', '0', '2025-12-05 00:30:18', '0', 'auto');
UPDATE `bv_updation` SET left_carry = left_carry+150, total_left = total_left+150
WHERE `user_id` = '44B9Y4';
INSERT INTO `placement_bv_update_history` (`left_carry`, `date`, `from_id`, `user_id`) VALUES ('150', '2025-12-05 00:30:18', 'BUWYXW', '44B9Y4');
UPDATE `user_registration` SET `cycle_rank_id` = '1'
WHERE `user_id` = '44B9Y4';
INSERT INTO `rank_history` (`rank_id`, `user_id`, `name`, `bv`, `date`, `amount`, `type`) VALUES ('1', '44B9Y4', 'Affiliate', '0', '2025-12-05 00:30:18', '0', 'auto');
UPDATE `bv_updation` SET right_carry = right_carry+150, total_right = total_right+150
WHERE `user_id` = 'admin';
INSERT INTO `placement_bv_update_history` (`right_carry`, `date`, `from_id`, `user_id`) VALUES ('150', '2025-12-05 00:30:18', 'BUWYXW', 'admin');
UPDATE `user_registration` SET `cycle_rank_id` = '1'
WHERE `user_id` = 'admin';
INSERT INTO `rank_history` (`rank_id`, `user_id`, `name`, `bv`, `date`, `amount`, `type`) VALUES ('1', 'admin', 'Affiliate', '0', '2025-12-05 00:30:18', '0', 'auto');
UPDATE `user_registration` SET `subscription_date` = '2026-01-05', `active_status` = 'yes', `reminder_sent` = 'no'
WHERE `user_id` = 'BUWYXW';
INSERT INTO `arreva_api_logs` (`user_id`, `email`, `endpoint`, `response`, `date`) VALUES ('BUWYXW', 'maracas46@yahoo.com', 'activatemember', '\"Unable to find user matching email or contract number or otherid\"', '2025-12-05 00:30:18');
INSERT INTO `inactive_point_history` (`user_id`, `point`, `date`) VALUES ('H1XYDK', '0', '2025-12-05 00:30:18');
UPDATE `user_registration` SET `sub_point` = 0, `active_status` = 'no'
WHERE `user_id` = 'H1XYDK';
INSERT INTO `arreva_api_logs` (`user_id`, `email`, `endpoint`, `response`, `date`) VALUES ('H1XYDK', 'bingostarsforever@gmail.com', 'deactivatemember', '\"Unable to find user matching email or contract number or otherid\"', '2025-12-05 00:30:19');
INSERT INTO `inactive_history` (`user_id`, `commission_balance`, `amount`, `date`) VALUES ('H1XYDK', '0', '50', '2025-12-05 00:30:19');
INSERT INTO `inactive_point_history` (`user_id`, `point`, `date`) VALUES ('3UFB1M', '0', '2025-12-05 00:30:19');
UPDATE `user_registration` SET `sub_point` = 0, `active_status` = 'no'
WHERE `user_id` = '3UFB1M';
INSERT INTO `arreva_api_logs` (`user_id`, `email`, `endpoint`, `response`, `date`) VALUES ('3UFB1M', 'mariodiamantes2014@gmail.com', 'deactivatemember', '\"Unable to find user matching email or contract number or otherid\"', '2025-12-05 00:30:19');
INSERT INTO `inactive_history` (`user_id`, `commission_balance`, `amount`, `date`) VALUES ('3UFB1M', '100', '150', '2025-12-05 00:30:19');
INSERT INTO `inactive_point_history` (`user_id`, `point`, `date`) VALUES ('72W7M6', '0', '2025-12-05 00:30:19');
UPDATE `user_registration` SET `sub_point` = 0, `active_status` = 'no'
WHERE `user_id` = '72W7M6';
INSERT INTO `arreva_api_logs` (`user_id`, `email`, `endpoint`, `response`, `date`) VALUES ('72W7M6', 'finanzasyprosperidad777@gmail.com', 'deactivatemember', '\"Unable to find user matching email or contract number or otherid\"', '2025-12-05 00:30:19');
INSERT INTO `inactive_history` (`user_id`, `commission_balance`, `amount`, `date`) VALUES ('72W7M6', '0', '50', '2025-12-05 00:30:19');
INSERT INTO `inactive_point_history` (`user_id`, `point`, `date`) VALUES ('8PK4HK', '0', '2025-12-05 00:30:19');
UPDATE `user_registration` SET `sub_point` = 0, `active_status` = 'no'
WHERE `user_id` = '8PK4HK';
INSERT INTO `arreva_api_logs` (`user_id`, `email`, `endpoint`, `response`, `date`) VALUES ('8PK4HK', 'romandebora44@gmail.com', 'deactivatemember', '\"Unable to find user matching email or contract number or otherid\"', '2025-12-05 00:30:19');
INSERT INTO `inactive_history` (`user_id`, `commission_balance`, `amount`, `date`) VALUES ('8PK4HK', '0', '150', '2025-12-05 00:30:19');
INSERT INTO `inactive_point_history` (`user_id`, `point`, `date`) VALUES ('LEOFNI', '0', '2025-12-05 00:30:19');
UPDATE `user_registration` SET `sub_point` = 0, `active_status` = 'no'
WHERE `user_id` = 'LEOFNI';
INSERT INTO `arreva_api_logs` (`user_id`, `email`, `endpoint`, `response`, `date`) VALUES ('LEOFNI', 'nrproducts20+2@gmail.com', 'deactivatemember', '\"Unable to find user matching email or contract number or otherid\"', '2025-12-05 00:30:20');
INSERT INTO `inactive_history` (`user_id`, `commission_balance`, `amount`, `date`) VALUES ('LEOFNI', '0', '150', '2025-12-05 00:30:20');
INSERT INTO `inactive_point_history` (`user_id`, `point`, `date`) VALUES ('75X85X', '0', '2025-12-05 00:30:20');
UPDATE `user_registration` SET `sub_point` = 0, `active_status` = 'no'
WHERE `user_id` = '75X85X';
INSERT INTO `arreva_api_logs` (`user_id`, `email`, `endpoint`, `response`, `date`) VALUES ('75X85X', 'nrproducts20+3@gmail.com', 'deactivatemember', '\"Unable to find user matching email or contract number or otherid\"', '2025-12-05 00:30:20');
INSERT INTO `inactive_history` (`user_id`, `commission_balance`, `amount`, `date`) VALUES ('75X85X', '0', '50', '2025-12-05 00:30:20');
INSERT INTO `inactive_point_history` (`user_id`, `point`, `date`) VALUES ('UC1QRN', '0', '2025-12-05 00:30:20');
UPDATE `user_registration` SET `sub_point` = 0, `active_status` = 'no'
WHERE `user_id` = 'UC1QRN';
INSERT INTO `arreva_api_logs` (`user_id`, `email`, `endpoint`, `response`, `date`) VALUES ('UC1QRN', 'orelfernandezg@gmail.com', 'deactivatemember', '\"Unable to find user matching email or contract number or otherid\"', '2025-12-05 00:30:20');
INSERT INTO `inactive_history` (`user_id`, `commission_balance`, `amount`, `date`) VALUES ('UC1QRN', '0', '150', '2025-12-05 00:30:20');
INSERT INTO `inactive_point_history` (`user_id`, `point`, `date`) VALUES ('7YU16B', '0', '2025-12-05 00:30:20');
UPDATE `user_registration` SET `sub_point` = 0, `active_status` = 'no'
WHERE `user_id` = '7YU16B';
INSERT INTO `arreva_api_logs` (`user_id`, `email`, `endpoint`, `response`, `date`) VALUES ('7YU16B', 'glefran@gmail.com', 'deactivatemember', '\"Unable to find user matching email or contract number or otherid\"', '2025-12-05 00:30:21');
INSERT INTO `inactive_history` (`user_id`, `commission_balance`, `amount`, `date`) VALUES ('7YU16B', '0', '50', '2025-12-05 00:30:21');
INSERT INTO `inactive_point_history` (`user_id`, `point`, `date`) VALUES ('OEM6F6', '0', '2025-12-05 00:30:21');
UPDATE `user_registration` SET `sub_point` = 0, `active_status` = 'no'
WHERE `user_id` = 'OEM6F6';
INSERT INTO `arreva_api_logs` (`user_id`, `email`, `endpoint`, `response`, `date`) VALUES ('OEM6F6', 'oceci.nieves@gmail.com', 'deactivatemember', '\"Unable to find user matching email or contract number or otherid\"', '2025-12-05 00:30:21');
INSERT INTO `inactive_history` (`user_id`, `commission_balance`, `amount`, `date`) VALUES ('OEM6F6', '0', '50', '2025-12-05 00:30:21');
INSERT INTO `inactive_point_history` (`user_id`, `point`, `date`) VALUES ('TU7MHD', '0', '2025-12-05 00:30:21');
UPDATE `user_registration` SET `sub_point` = 0, `active_status` = 'no'
WHERE `user_id` = 'TU7MHD';
INSERT INTO `arreva_api_logs` (`user_id`, `email`, `endpoint`, `response`, `date`) VALUES ('TU7MHD', 'betgarc42@gmaill.com', 'deactivatemember', '\"Unable to find user matching email or contract number or otherid\"', '2025-12-05 00:30:21');
INSERT INTO `inactive_history` (`user_id`, `commission_balance`, `amount`, `date`) VALUES ('TU7MHD', '100', '150', '2025-12-05 00:30:21');
INSERT INTO `inactive_point_history` (`user_id`, `point`, `date`) VALUES ('7BQJK5', '0', '2025-12-05 00:30:21');
UPDATE `user_registration` SET `sub_point` = 0, `active_status` = 'no'
WHERE `user_id` = '7BQJK5';
INSERT INTO `arreva_api_logs` (`user_id`, `email`, `endpoint`, `response`, `date`) VALUES ('7BQJK5', 'YPENABAD@HOTMAIL.COM', 'deactivatemember', '\"Unable to find user matching email or contract number or otherid\"', '2025-12-05 00:30:21');
INSERT INTO `inactive_history` (`user_id`, `commission_balance`, `amount`, `date`) VALUES ('7BQJK5', '20', '150', '2025-12-05 00:30:21');
INSERT INTO `inactive_point_history` (`user_id`, `point`, `date`) VALUES ('XMN3MK', '0', '2025-12-05 00:30:21');
UPDATE `user_registration` SET `sub_point` = 0, `active_status` = 'no'
WHERE `user_id` = 'XMN3MK';
INSERT INTO `arreva_api_logs` (`user_id`, `email`, `endpoint`, `response`, `date`) VALUES ('XMN3MK', 'narotnebur324058@gmail.com', 'deactivatemember', '\"Unable to find user matching email or contract number or otherid\"', '2025-12-05 00:30:22');
INSERT INTO `inactive_history` (`user_id`, `commission_balance`, `amount`, `date`) VALUES ('XMN3MK', '0', '150', '2025-12-05 00:30:22');
INSERT INTO `inactive_point_history` (`user_id`, `point`, `date`) VALUES ('7SMFPM', '0', '2025-12-05 00:30:22');
UPDATE `user_registration` SET `sub_point` = 0, `active_status` = 'no'
WHERE `user_id` = '7SMFPM';
INSERT INTO `arreva_api_logs` (`user_id`, `email`, `endpoint`, `response`, `date`) VALUES ('7SMFPM', 'volcanu2080@gmail.com', 'deactivatemember', '\"Unable to find user matching email or contract number or otherid\"', '2025-12-05 00:30:22');
INSERT INTO `inactive_history` (`user_id`, `commission_balance`, `amount`, `date`) VALUES ('7SMFPM', '0', '50', '2025-12-05 00:30:22');
INSERT INTO `inactive_point_history` (`user_id`, `point`, `date`) VALUES ('WS9KK9', '0', '2025-12-05 00:30:22');
UPDATE `user_registration` SET `sub_point` = 0, `active_status` = 'no'
WHERE `user_id` = 'WS9KK9';
INSERT INTO `arreva_api_logs` (`user_id`, `email`, `endpoint`, `response`, `date`) VALUES ('WS9KK9', 'aller.r@hotmail.com', 'deactivatemember', '\"Unable to find user matching email or contract number or otherid\"', '2025-12-05 00:30:22');
INSERT INTO `inactive_history` (`user_id`, `commission_balance`, `amount`, `date`) VALUES ('WS9KK9', '0', '150', '2025-12-05 00:30:22');
INSERT INTO `inactive_point_history` (`user_id`, `point`, `date`) VALUES ('BJFCEM', '0', '2025-12-05 00:30:22');
UPDATE `user_registration` SET `sub_point` = 0, `active_status` = 'no'
WHERE `user_id` = 'BJFCEM';
INSERT INTO `arreva_api_logs` (`user_id`, `email`, `endpoint`, `response`, `date`) VALUES ('BJFCEM', 'moneysavetoday@gmail.com', 'deactivatemember', '\"Unable to find user matching email or contract number or otherid\"', '2025-12-05 00:30:23');
INSERT INTO `inactive_history` (`user_id`, `commission_balance`, `amount`, `date`) VALUES ('BJFCEM', '0', '50', '2025-12-05 00:30:23');
INSERT INTO `inactive_point_history` (`user_id`, `point`, `date`) VALUES ('9EDD8W', '0', '2025-12-05 00:30:23');
UPDATE `user_registration` SET `sub_point` = 0, `active_status` = 'no'
WHERE `user_id` = '9EDD8W';
INSERT INTO `arreva_api_logs` (`user_id`, `email`, `endpoint`, `response`, `date`) VALUES ('9EDD8W', 'fabrehands@gmail.com', 'deactivatemember', '\"Unable to find user matching email or contract number or otherid\"', '2025-12-05 00:30:23');
INSERT INTO `inactive_history` (`user_id`, `commission_balance`, `amount`, `date`) VALUES ('9EDD8W', '0', '50', '2025-12-05 00:30:23');
INSERT INTO `inactive_point_history` (`user_id`, `point`, `date`) VALUES ('TOTNOR', '0', '2025-12-05 00:30:23');
UPDATE `user_registration` SET `sub_point` = 0, `active_status` = 'no'
WHERE `user_id` = 'TOTNOR';
INSERT INTO `arreva_api_logs` (`user_id`, `email`, `endpoint`, `response`, `date`) VALUES ('TOTNOR', 'triptripclub@gmail.com', 'deactivatemember', '\"Unable to find user matching email or contract number or otherid\"', '2025-12-05 00:30:23');
INSERT INTO `inactive_history` (`user_id`, `commission_balance`, `amount`, `date`) VALUES ('TOTNOR', '0', '50', '2025-12-05 00:30:23');
INSERT INTO `inactive_point_history` (`user_id`, `point`, `date`) VALUES ('M2XFK7', '0', '2025-12-05 00:30:23');
UPDATE `user_registration` SET `sub_point` = 0, `active_status` = 'no'
WHERE `user_id` = 'M2XFK7';
INSERT INTO `arreva_api_logs` (`user_id`, `email`, `endpoint`, `response`, `date`) VALUES ('M2XFK7', 'omartoranzo24@gmail.com', 'deactivatemember', '\"Unable to find user matching email or contract number or otherid\"', '2025-12-05 00:30:24');
INSERT INTO `inactive_history` (`user_id`, `commission_balance`, `amount`, `date`) VALUES ('M2XFK7', '0', '150', '2025-12-05 00:30:24');
INSERT INTO `inactive_point_history` (`user_id`, `point`, `date`) VALUES ('82W7DS', '0', '2025-12-05 00:30:24');
UPDATE `user_registration` SET `sub_point` = 0, `active_status` = 'no'
WHERE `user_id` = '82W7DS';
INSERT INTO `arreva_api_logs` (`user_id`, `email`, `endpoint`, `response`, `date`) VALUES ('82W7DS', 'ernestop148@gmail.com', 'deactivatemember', '\"Unable to find user matching email or contract number or otherid\"', '2025-12-05 00:30:24');
INSERT INTO `inactive_history` (`user_id`, `commission_balance`, `amount`, `date`) VALUES ('82W7DS', '0', '50', '2025-12-05 00:30:24');
INSERT INTO `inactive_point_history` (`user_id`, `point`, `date`) VALUES ('9T4ALJ', '0', '2025-12-05 00:30:24');
UPDATE `user_registration` SET `sub_point` = 0, `active_status` = 'no'
WHERE `user_id` = '9T4ALJ';
INSERT INTO `arreva_api_logs` (`user_id`, `email`, `endpoint`, `response`, `date`) VALUES ('9T4ALJ', 'terina.quinones@gmail.com', 'deactivatemember', '\"Unable to find user matching email or contract number or otherid\"', '2025-12-05 00:30:24');
INSERT INTO `inactive_history` (`user_id`, `commission_balance`, `amount`, `date`) VALUES ('9T4ALJ', '0', '150', '2025-12-05 00:30:24');
INSERT INTO `inactive_point_history` (`user_id`, `point`, `date`) VALUES ('648GBY', '0', '2025-12-05 00:30:24');
UPDATE `user_registration` SET `sub_point` = 0, `active_status` = 'no'
WHERE `user_id` = '648GBY';
INSERT INTO `arreva_api_logs` (`user_id`, `email`, `endpoint`, `response`, `date`) VALUES ('648GBY', 'shaniarodri888@gmail.com', 'deactivatemember', '\"Unable to find user matching email or contract number or otherid\"', '2025-12-05 00:30:25');
INSERT INTO `inactive_history` (`user_id`, `commission_balance`, `amount`, `date`) VALUES ('648GBY', '20', '50', '2025-12-05 00:30:25');
INSERT INTO `inactive_point_history` (`user_id`, `point`, `date`) VALUES ('X5T3ZT', '0', '2025-12-05 00:30:25');
UPDATE `user_registration` SET `sub_point` = 0, `active_status` = 'no'
WHERE `user_id` = 'X5T3ZT';
INSERT INTO `arreva_api_logs` (`user_id`, `email`, `endpoint`, `response`, `date`) VALUES ('X5T3ZT', 'joseantonio112759@gmail.com', 'deactivatemember', '\"Unable to find user matching email or contract number or otherid\"', '2025-12-05 00:30:25');
INSERT INTO `inactive_history` (`user_id`, `commission_balance`, `amount`, `date`) VALUES ('X5T3ZT', '0', '150', '2025-12-05 00:30:25');
INSERT INTO `inactive_point_history` (`user_id`, `point`, `date`) VALUES ('PXHCYN', '0', '2025-12-05 00:30:25');
UPDATE `user_registration` SET `sub_point` = 0, `active_status` = 'no'
WHERE `user_id` = 'PXHCYN';
INSERT INTO `arreva_api_logs` (`user_id`, `email`, `endpoint`, `response`, `date`) VALUES ('PXHCYN', 'heribertoortega68@yahoo.com', 'deactivatemember', '\"Unable to find user matching email or contract number or otherid\"', '2025-12-05 00:30:25');
INSERT INTO `inactive_history` (`user_id`, `commission_balance`, `amount`, `date`) VALUES ('PXHCYN', '0', '150', '2025-12-05 00:30:25');
INSERT INTO `inactive_point_history` (`user_id`, `point`, `date`) VALUES ('1GNDEQ', '0', '2025-12-05 00:30:25');
UPDATE `user_registration` SET `sub_point` = 0, `active_status` = 'no'
WHERE `user_id` = '1GNDEQ';
INSERT INTO `arreva_api_logs` (`user_id`, `email`, `endpoint`, `response`, `date`) VALUES ('1GNDEQ', 'Bettylaracormier@gmail.com', 'deactivatemember', '\"Unable to find user matching email or contract number or otherid\"', '2025-12-05 00:30:26');
INSERT INTO `inactive_history` (`user_id`, `commission_balance`, `amount`, `date`) VALUES ('1GNDEQ', '50', '150', '2025-12-05 00:30:26');
INSERT INTO `inactive_point_history` (`user_id`, `point`, `date`) VALUES ('4PJDWH', '0', '2025-12-05 00:30:26');
UPDATE `user_registration` SET `sub_point` = 0, `active_status` = 'no'
WHERE `user_id` = '4PJDWH';
INSERT INTO `arreva_api_logs` (`user_id`, `email`, `endpoint`, `response`, `date`) VALUES ('4PJDWH', 'dayceesaldana169@gmail.com', 'deactivatemember', '\"Unable to find user matching email or contract number or otherid\"', '2025-12-05 00:30:26');
INSERT INTO `inactive_history` (`user_id`, `commission_balance`, `amount`, `date`) VALUES ('4PJDWH', '0', '150', '2025-12-05 00:30:26');
INSERT INTO `inactive_point_history` (`user_id`, `point`, `date`) VALUES ('G3WYIA', '0', '2025-12-05 00:30:26');
UPDATE `user_registration` SET `sub_point` = 0, `active_status` = 'no'
WHERE `user_id` = 'G3WYIA';
INSERT INTO `arreva_api_logs` (`user_id`, `email`, `endpoint`, `response`, `date`) VALUES ('G3WYIA', 'Cmorgansanchez@yahoo.com', 'deactivatemember', '\"Unable to find user matching email or contract number or otherid\"', '2025-12-05 00:30:26');
INSERT INTO `inactive_history` (`user_id`, `commission_balance`, `amount`, `date`) VALUES ('G3WYIA', '0', '150', '2025-12-05 00:30:26');
INSERT INTO `inactive_point_history` (`user_id`, `point`, `date`) VALUES ('5VOD76', '150', '2025-12-05 00:30:26');
UPDATE `user_registration` SET `sub_point` = 0, `active_status` = 'no'
WHERE `user_id` = '5VOD76';
INSERT INTO `arreva_api_logs` (`user_id`, `email`, `endpoint`, `response`, `date`) VALUES ('5VOD76', 'lauraeramosacosta@gmail.com', 'deactivatemember', 'true', '2025-12-05 00:30:27');
INSERT INTO `inactive_history` (`user_id`, `commission_balance`, `amount`, `date`) VALUES ('5VOD76', '112.5', '150', '2025-12-05 00:30:27');
INSERT INTO `inactive_point_history` (`user_id`, `point`, `date`) VALUES ('VZYEPG', '0', '2025-12-05 00:30:27');
UPDATE `user_registration` SET `sub_point` = 0, `active_status` = 'no'
WHERE `user_id` = 'VZYEPG';
INSERT INTO `arreva_api_logs` (`user_id`, `email`, `endpoint`, `response`, `date`) VALUES ('VZYEPG', 'a.ramos9321@icloud.com', 'deactivatemember', '\"Unable to find user matching email or contract number or otherid\"', '2025-12-05 00:30:27');
INSERT INTO `inactive_history` (`user_id`, `commission_balance`, `amount`, `date`) VALUES ('VZYEPG', '0', '150', '2025-12-05 00:30:27');
INSERT INTO `inactive_point_history` (`user_id`, `point`, `date`) VALUES ('TB42PA', '0', '2025-12-05 00:30:27');
UPDATE `user_registration` SET `sub_point` = 0, `active_status` = 'no'
WHERE `user_id` = 'TB42PA';
INSERT INTO `arreva_api_logs` (`user_id`, `email`, `endpoint`, `response`, `date`) VALUES ('TB42PA', 'betsycf@msn.com', 'deactivatemember', '\"Unable to find user matching email or contract number or otherid\"', '2025-12-05 00:30:27');
INSERT INTO `inactive_history` (`user_id`, `commission_balance`, `amount`, `date`) VALUES ('TB42PA', '0', '150', '2025-12-05 00:30:27');
INSERT INTO `inactive_point_history` (`user_id`, `point`, `date`) VALUES ('2KPJZJ', '0', '2025-12-05 00:30:27');
UPDATE `user_registration` SET `sub_point` = 0, `active_status` = 'no'
WHERE `user_id` = '2KPJZJ';
INSERT INTO `arreva_api_logs` (`user_id`, `email`, `endpoint`, `response`, `date`) VALUES ('2KPJZJ', 'marlonlimonta11@gmail.com', 'deactivatemember', '\"Unable to find user matching email or contract number or otherid\"', '2025-12-05 00:30:28');
INSERT INTO `inactive_history` (`user_id`, `commission_balance`, `amount`, `date`) VALUES ('2KPJZJ', '0', '150', '2025-12-05 00:30:28');
INSERT INTO `inactive_point_history` (`user_id`, `point`, `date`) VALUES ('8634EF', '0', '2025-12-05 00:30:28');
UPDATE `user_registration` SET `sub_point` = 0, `active_status` = 'no'
WHERE `user_id` = '8634EF';
INSERT INTO `arreva_api_logs` (`user_id`, `email`, `endpoint`, `response`, `date`) VALUES ('8634EF', 'taymi1509@gmail.com', 'deactivatemember', '\"Unable to find user matching email or contract number or otherid\"', '2025-12-05 00:30:28');
INSERT INTO `inactive_history` (`user_id`, `commission_balance`, `amount`, `date`) VALUES ('8634EF', '0', '150', '2025-12-05 00:30:28');
INSERT INTO `inactive_point_history` (`user_id`, `point`, `date`) VALUES ('7P1TWW', '0', '2025-12-05 00:30:28');
UPDATE `user_registration` SET `sub_point` = 0, `active_status` = 'no'
WHERE `user_id` = '7P1TWW';
INSERT INTO `arreva_api_logs` (`user_id`, `email`, `endpoint`, `response`, `date`) VALUES ('7P1TWW', 'marthamarin9993@gmail.com', 'deactivatemember', '\"Unable to find user matching email or contract number or otherid\"', '2025-12-05 00:30:28');
INSERT INTO `inactive_history` (`user_id`, `commission_balance`, `amount`, `date`) VALUES ('7P1TWW', '20', '150', '2025-12-05 00:30:28');
INSERT INTO `inactive_point_history` (`user_id`, `point`, `date`) VALUES ('WNT6C4', '0', '2025-12-05 00:30:28');
UPDATE `user_registration` SET `sub_point` = 0, `active_status` = 'no'
WHERE `user_id` = 'WNT6C4';
INSERT INTO `arreva_api_logs` (`user_id`, `email`, `endpoint`, `response`, `date`) VALUES ('WNT6C4', 'lizanaya0310@gmail.com', 'deactivatemember', '\"Unable to find user matching email or contract number or otherid\"', '2025-12-05 00:30:29');
INSERT INTO `inactive_history` (`user_id`, `commission_balance`, `amount`, `date`) VALUES ('WNT6C4', '0', '150', '2025-12-05 00:30:29');
INSERT INTO `inactive_point_history` (`user_id`, `point`, `date`) VALUES ('KYPLBN', '0', '2025-12-05 00:30:29');
UPDATE `user_registration` SET `sub_point` = 0, `active_status` = 'no'
WHERE `user_id` = 'KYPLBN';
INSERT INTO `arreva_api_logs` (`user_id`, `email`, `endpoint`, `response`, `date`) VALUES ('KYPLBN', 'ivanportega02@gmail.com', 'deactivatemember', '\"Unable to find user matching email or contract number or otherid\"', '2025-12-05 00:30:29');
INSERT INTO `inactive_history` (`user_id`, `commission_balance`, `amount`, `date`) VALUES ('KYPLBN', '0', '150', '2025-12-05 00:30:29');
INSERT INTO `inactive_point_history` (`user_id`, `point`, `date`) VALUES ('MY94TD', '0', '2025-12-05 00:30:29');
UPDATE `user_registration` SET `sub_point` = 0, `active_status` = 'no'
WHERE `user_id` = 'MY94TD';
INSERT INTO `arreva_api_logs` (`user_id`, `email`, `endpoint`, `response`, `date`) VALUES ('MY94TD', 'a90961084@gmail.com', 'deactivatemember', '\"Unable to find user matching email or contract number or otherid\"', '2025-12-05 00:30:30');
INSERT INTO `inactive_history` (`user_id`, `commission_balance`, `amount`, `date`) VALUES ('MY94TD', '0', '150', '2025-12-05 00:30:30');
INSERT INTO `inactive_point_history` (`user_id`, `point`, `date`) VALUES ('5MW4H3', '0', '2025-12-05 00:30:30');
UPDATE `user_registration` SET `sub_point` = 0, `active_status` = 'no'
WHERE `user_id` = '5MW4H3';
INSERT INTO `arreva_api_logs` (`user_id`, `email`, `endpoint`, `response`, `date`) VALUES ('5MW4H3', 'yaredari2023@gmail.com', 'deactivatemember', '\"Unable to find user matching email or contract number or otherid\"', '2025-12-05 00:30:30');
INSERT INTO `inactive_history` (`user_id`, `commission_balance`, `amount`, `date`) VALUES ('5MW4H3', '0', '150', '2025-12-05 00:30:30');
INSERT INTO `inactive_point_history` (`user_id`, `point`, `date`) VALUES ('XT3VLL', '0', '2025-12-05 00:30:30');
UPDATE `user_registration` SET `sub_point` = 0, `active_status` = 'no'
WHERE `user_id` = 'XT3VLL';
INSERT INTO `arreva_api_logs` (`user_id`, `email`, `endpoint`, `response`, `date`) VALUES ('XT3VLL', 'daychavez912@gmail.com', 'deactivatemember', '\"Unable to find user matching email or contract number or otherid\"', '2025-12-05 00:30:30');
INSERT INTO `inactive_history` (`user_id`, `commission_balance`, `amount`, `date`) VALUES ('XT3VLL', '0', '150', '2025-12-05 00:30:30');
INSERT INTO `inactive_point_history` (`user_id`, `point`, `date`) VALUES ('WP5PIA', '0', '2025-12-05 00:30:30');
UPDATE `user_registration` SET `sub_point` = 0, `active_status` = 'no'
WHERE `user_id` = 'WP5PIA';
INSERT INTO `arreva_api_logs` (`user_id`, `email`, `endpoint`, `response`, `date`) VALUES ('WP5PIA', 'zuramacortina@gmail.com', 'deactivatemember', '\"Unable to find user matching email or contract number or otherid\"', '2025-12-05 00:30:30');
INSERT INTO `inactive_history` (`user_id`, `commission_balance`, `amount`, `date`) VALUES ('WP5PIA', '50', '150', '2025-12-05 00:30:30');
INSERT INTO `inactive_point_history` (`user_id`, `point`, `date`) VALUES ('DSVFR5', '0', '2025-12-05 00:30:30');
UPDATE `user_registration` SET `sub_point` = 0, `active_status` = 'no'
WHERE `user_id` = 'DSVFR5';
INSERT INTO `arreva_api_logs` (`user_id`, `email`, `endpoint`, `response`, `date`) VALUES ('DSVFR5', 'jesuscruzsantovenia@gmail.com', 'deactivatemember', '\"Unable to find user matching email or contract number or otherid\"', '2025-12-05 00:30:31');
INSERT INTO `inactive_history` (`user_id`, `commission_balance`, `amount`, `date`) VALUES ('DSVFR5', '87.5', '150', '2025-12-05 00:30:31');
INSERT INTO `inactive_point_history` (`user_id`, `point`, `date`) VALUES ('7ZQOFP', '0', '2025-12-05 00:30:31');
UPDATE `user_registration` SET `sub_point` = 0, `active_status` = 'no'
WHERE `user_id` = '7ZQOFP';
INSERT INTO `arreva_api_logs` (`user_id`, `email`, `endpoint`, `response`, `date`) VALUES ('7ZQOFP', 'hilvarshopping@gmail.com', 'deactivatemember', '\"Unable to find user matching email or contract number or otherid\"', '2025-12-05 00:30:31');
INSERT INTO `inactive_history` (`user_id`, `commission_balance`, `amount`, `date`) VALUES ('7ZQOFP', '20', '150', '2025-12-05 00:30:31');
INSERT INTO `inactive_point_history` (`user_id`, `point`, `date`) VALUES ('4Q2HUA', '0', '2025-12-05 00:30:31');
UPDATE `user_registration` SET `sub_point` = 0, `active_status` = 'no'
WHERE `user_id` = '4Q2HUA';
INSERT INTO `arreva_api_logs` (`user_id`, `email`, `endpoint`, `response`, `date`) VALUES ('4Q2HUA', 'yeniaesquijarrosa@gmail.com', 'deactivatemember', '\"Unable to find user matching email or contract number or otherid\"', '2025-12-05 00:30:31');
INSERT INTO `inactive_history` (`user_id`, `commission_balance`, `amount`, `date`) VALUES ('4Q2HUA', '0', '150', '2025-12-05 00:30:31');
INSERT INTO `inactive_point_history` (`user_id`, `point`, `date`) VALUES ('DLHC7V', '0', '2025-12-05 00:30:31');
UPDATE `user_registration` SET `sub_point` = 0, `active_status` = 'no'
WHERE `user_id` = 'DLHC7V';
INSERT INTO `arreva_api_logs` (`user_id`, `email`, `endpoint`, `response`, `date`) VALUES ('DLHC7V', 'bacarote54@gmail.com', 'deactivatemember', '\"Unable to find user matching email or contract number or otherid\"', '2025-12-05 00:30:32');
INSERT INTO `inactive_history` (`user_id`, `commission_balance`, `amount`, `date`) VALUES ('DLHC7V', '0', '150', '2025-12-05 00:30:32');
INSERT INTO `inactive_point_history` (`user_id`, `point`, `date`) VALUES ('QXETAG', '0', '2025-12-05 00:30:32');
UPDATE `user_registration` SET `sub_point` = 0, `active_status` = 'no'
WHERE `user_id` = 'QXETAG';
INSERT INTO `arreva_api_logs` (`user_id`, `email`, `endpoint`, `response`, `date`) VALUES ('QXETAG', 'amadorsonia67@icloud.com', 'deactivatemember', '\"Unable to find user matching email or contract number or otherid\"', '2025-12-05 00:30:32');
INSERT INTO `inactive_history` (`user_id`, `commission_balance`, `amount`, `date`) VALUES ('QXETAG', '0', '150', '2025-12-05 00:30:32');
INSERT INTO `inactive_point_history` (`user_id`, `point`, `date`) VALUES ('41V5DE', '0', '2025-12-05 00:30:32');
UPDATE `user_registration` SET `sub_point` = 0, `active_status` = 'no'
WHERE `user_id` = '41V5DE';
INSERT INTO `arreva_api_logs` (`user_id`, `email`, `endpoint`, `response`, `date`) VALUES ('41V5DE', 'yoansz79@gmail.com', 'deactivatemember', '\"Unable to find user matching email or contract number or otherid\"', '2025-12-05 00:30:32');
INSERT INTO `inactive_history` (`user_id`, `commission_balance`, `amount`, `date`) VALUES ('41V5DE', '0', '150', '2025-12-05 00:30:32');
INSERT INTO `inactive_point_history` (`user_id`, `point`, `date`) VALUES ('SX4SBY', '0', '2025-12-05 00:30:32');
UPDATE `user_registration` SET `sub_point` = 0, `active_status` = 'no'
WHERE `user_id` = 'SX4SBY';
INSERT INTO `arreva_api_logs` (`user_id`, `email`, `endpoint`, `response`, `date`) VALUES ('SX4SBY', 'enriquemasso42@gmail.com', 'deactivatemember', '\"Unable to find user matching email or contract number or otherid\"', '2025-12-05 00:30:33');
INSERT INTO `inactive_history` (`user_id`, `commission_balance`, `amount`, `date`) VALUES ('SX4SBY', '0', '150', '2025-12-05 00:30:33');
INSERT INTO `inactive_point_history` (`user_id`, `point`, `date`) VALUES ('5SGU6D', '0', '2025-12-05 00:30:33');
UPDATE `user_registration` SET `sub_point` = 0, `active_status` = 'no'
WHERE `user_id` = '5SGU6D';
INSERT INTO `arreva_api_logs` (`user_id`, `email`, `endpoint`, `response`, `date`) VALUES ('5SGU6D', 'sonitac1226@gmail.comp', 'deactivatemember', '\"Unable to find user matching email or contract number or otherid\"', '2025-12-05 00:30:33');
INSERT INTO `inactive_history` (`user_id`, `commission_balance`, `amount`, `date`) VALUES ('5SGU6D', '0', '150', '2025-12-05 00:30:33');
INSERT INTO `inactive_point_history` (`user_id`, `point`, `date`) VALUES ('JYZE9L', '0', '2025-12-05 00:30:33');
UPDATE `user_registration` SET `sub_point` = 0, `active_status` = 'no'
WHERE `user_id` = 'JYZE9L';
INSERT INTO `arreva_api_logs` (`user_id`, `email`, `endpoint`, `response`, `date`) VALUES ('JYZE9L', 'mari0803@yahoo.es', 'deactivatemember', '\"Unable to find user matching email or contract number or otherid\"', '2025-12-05 00:30:33');
INSERT INTO `inactive_history` (`user_id`, `commission_balance`, `amount`, `date`) VALUES ('JYZE9L', '125', '150', '2025-12-05 00:30:33');
INSERT INTO `inactive_point_history` (`user_id`, `point`, `date`) VALUES ('6UFXJY', '0', '2025-12-05 00:30:33');
UPDATE `user_registration` SET `sub_point` = 0, `active_status` = 'no'
WHERE `user_id` = '6UFXJY';
INSERT INTO `arreva_api_logs` (`user_id`, `email`, `endpoint`, `response`, `date`) VALUES ('6UFXJY', 'belindaserbellon2013@gmail.com', 'deactivatemember', '\"Unable to find user matching email or contract number or otherid\"', '2025-12-05 00:30:34');
INSERT INTO `inactive_history` (`user_id`, `commission_balance`, `amount`, `date`) VALUES ('6UFXJY', '0', '150', '2025-12-05 00:30:34');
INSERT INTO `inactive_point_history` (`user_id`, `point`, `date`) VALUES ('6FI4ND', '0', '2025-12-05 00:30:34');
UPDATE `user_registration` SET `sub_point` = 0, `active_status` = 'no'
WHERE `user_id` = '6FI4ND';
INSERT INTO `arreva_api_logs` (`user_id`, `email`, `endpoint`, `response`, `date`) VALUES ('6FI4ND', 'deylonhernandez34@gmail.com', 'deactivatemember', '\"Unable to find user matching email or contract number or otherid\"', '2025-12-05 00:30:34');
INSERT INTO `inactive_history` (`user_id`, `commission_balance`, `amount`, `date`) VALUES ('6FI4ND', '0', '150', '2025-12-05 00:30:34');
INSERT INTO `inactive_point_history` (`user_id`, `point`, `date`) VALUES ('2HKNYD', '0', '2025-12-05 00:30:34');
UPDATE `user_registration` SET `sub_point` = 0, `active_status` = 'no'
WHERE `user_id` = '2HKNYD';
INSERT INTO `arreva_api_logs` (`user_id`, `email`, `endpoint`, `response`, `date`) VALUES ('2HKNYD', 'ripollarlene0@gmail.com', 'deactivatemember', 'true', '2025-12-05 00:30:34');
INSERT INTO `inactive_history` (`user_id`, `commission_balance`, `amount`, `date`) VALUES ('2HKNYD', '0', '150', '2025-12-05 00:30:34');
INSERT INTO `inactive_point_history` (`user_id`, `point`, `date`) VALUES ('55ASP4', '0', '2025-12-05 00:30:34');
UPDATE `user_registration` SET `sub_point` = 0, `active_status` = 'no'
WHERE `user_id` = '55ASP4';
INSERT INTO `arreva_api_logs` (`user_id`, `email`, `endpoint`, `response`, `date`) VALUES ('55ASP4', 'sbsfunding79@gmail.com', 'deactivatemember', '\"Unable to find user matching email or contract number or otherid\"', '2025-12-05 00:30:35');
INSERT INTO `inactive_history` (`user_id`, `commission_balance`, `amount`, `date`) VALUES ('55ASP4', '0', '150', '2025-12-05 00:30:35');
INSERT INTO `inactive_point_history` (`user_id`, `point`, `date`) VALUES ('P16KP7', '0', '2025-12-05 00:30:35');
UPDATE `user_registration` SET `sub_point` = 0, `active_status` = 'no'
WHERE `user_id` = 'P16KP7';
INSERT INTO `arreva_api_logs` (`user_id`, `email`, `endpoint`, `response`, `date`) VALUES ('P16KP7', 'breijocrespo@gmail.com', 'deactivatemember', '\"Unable to find user matching email or contract number or otherid\"', '2025-12-05 00:30:35');
INSERT INTO `inactive_history` (`user_id`, `commission_balance`, `amount`, `date`) VALUES ('P16KP7', '0', '150', '2025-12-05 00:30:35');
INSERT INTO `inactive_point_history` (`user_id`, `point`, `date`) VALUES ('7VETI8', '0', '2025-12-05 00:30:35');
UPDATE `user_registration` SET `sub_point` = 0, `active_status` = 'no'
WHERE `user_id` = '7VETI8';
INSERT INTO `arreva_api_logs` (`user_id`, `email`, `endpoint`, `response`, `date`) VALUES ('7VETI8', 'sotolongor+955@gmail.com', 'deactivatemember', '\"Unable to find user matching email or contract number or otherid\"', '2025-12-05 00:30:35');
INSERT INTO `inactive_history` (`user_id`, `commission_balance`, `amount`, `date`) VALUES ('7VETI8', '0', '150', '2025-12-05 00:30:35');
INSERT INTO `inactive_point_history` (`user_id`, `point`, `date`) VALUES ('EKTIVH', '0', '2025-12-05 00:30:35');
UPDATE `user_registration` SET `sub_point` = 0, `active_status` = 'no'
WHERE `user_id` = 'EKTIVH';
INSERT INTO `arreva_api_logs` (`user_id`, `email`, `endpoint`, `response`, `date`) VALUES ('EKTIVH', 'anniel.reyes@icloud.com', 'deactivatemember', '\"Unable to find user matching email or contract number or otherid\"', '2025-12-05 00:30:36');
INSERT INTO `inactive_history` (`user_id`, `commission_balance`, `amount`, `date`) VALUES ('EKTIVH', '0', '150', '2025-12-05 00:30:36');
INSERT INTO `inactive_point_history` (`user_id`, `point`, `date`) VALUES ('WAO86G', '0', '2025-12-05 00:30:36');
UPDATE `user_registration` SET `sub_point` = 0, `active_status` = 'no'
WHERE `user_id` = 'WAO86G';
INSERT INTO `arreva_api_logs` (`user_id`, `email`, `endpoint`, `response`, `date`) VALUES ('WAO86G', 'Albaperez2012@yahoo.com', 'deactivatemember', '\"Unable to find user matching email or contract number or otherid\"', '2025-12-05 00:30:36');
INSERT INTO `inactive_history` (`user_id`, `commission_balance`, `amount`, `date`) VALUES ('WAO86G', '0', '150', '2025-12-05 00:30:36');
INSERT INTO `inactive_point_history` (`user_id`, `point`, `date`) VALUES ('5YE99V', '0', '2025-12-05 00:30:36');
UPDATE `user_registration` SET `sub_point` = 0, `active_status` = 'no'
WHERE `user_id` = '5YE99V';
INSERT INTO `arreva_api_logs` (`user_id`, `email`, `endpoint`, `response`, `date`) VALUES ('5YE99V', 'esterperez75@yahoo.com', 'deactivatemember', '\"Unable to find user matching email or contract number or otherid\"', '2025-12-05 00:30:36');
INSERT INTO `inactive_history` (`user_id`, `commission_balance`, `amount`, `date`) VALUES ('5YE99V', '0', '50', '2025-12-05 00:30:36');
INSERT INTO `inactive_point_history` (`user_id`, `point`, `date`) VALUES ('XFX3US', '0', '2025-12-05 00:30:36');
UPDATE `user_registration` SET `sub_point` = 0, `active_status` = 'no'
WHERE `user_id` = 'XFX3US';
INSERT INTO `arreva_api_logs` (`user_id`, `email`, `endpoint`, `response`, `date`) VALUES ('XFX3US', 'vherreraaa16@gmail.com', 'deactivatemember', '\"Unable to find user matching email or contract number or otherid\"', '2025-12-05 00:30:37');
INSERT INTO `inactive_history` (`user_id`, `commission_balance`, `amount`, `date`) VALUES ('XFX3US', '0', '50', '2025-12-05 00:30:37');
INSERT INTO `inactive_point_history` (`user_id`, `point`, `date`) VALUES ('9I44XH', '0', '2025-12-05 00:30:37');
UPDATE `user_registration` SET `sub_point` = 0, `active_status` = 'no'
WHERE `user_id` = '9I44XH';
INSERT INTO `arreva_api_logs` (`user_id`, `email`, `endpoint`, `response`, `date`) VALUES ('9I44XH', 'taymigonzalez71@gmail.com', 'deactivatemember', 'true', '2025-12-05 00:30:37');
INSERT INTO `inactive_history` (`user_id`, `commission_balance`, `amount`, `date`) VALUES ('9I44XH', '37.5', '150', '2025-12-05 00:30:37');
INSERT INTO `inactive_point_history` (`user_id`, `point`, `date`) VALUES ('MRC89O', '0', '2025-12-05 00:30:37');
UPDATE `user_registration` SET `sub_point` = 0, `active_status` = 'no'
WHERE `user_id` = 'MRC89O';
INSERT INTO `arreva_api_logs` (`user_id`, `email`, `endpoint`, `response`, `date`) VALUES ('MRC89O', 'rosxcrz@gmail.com', 'deactivatemember', '\"Unable to find user matching email or contract number or otherid\"', '2025-12-05 00:30:37');
INSERT INTO `inactive_history` (`user_id`, `commission_balance`, `amount`, `date`) VALUES ('MRC89O', '50', '150', '2025-12-05 00:30:37');
INSERT INTO `inactive_point_history` (`user_id`, `point`, `date`) VALUES ('F8GQHM', '0', '2025-12-05 00:30:37');
UPDATE `user_registration` SET `sub_point` = 0, `active_status` = 'no'
WHERE `user_id` = 'F8GQHM';
INSERT INTO `arreva_api_logs` (`user_id`, `email`, `endpoint`, `response`, `date`) VALUES ('F8GQHM', 'carlosochoa1973@gmail.com', 'deactivatemember', '\"Unable to find user matching email or contract number or otherid\"', '2025-12-05 00:30:37');
INSERT INTO `inactive_history` (`user_id`, `commission_balance`, `amount`, `date`) VALUES ('F8GQHM', '0', '150', '2025-12-05 00:30:37');
INSERT INTO `inactive_point_history` (`user_id`, `point`, `date`) VALUES ('7R7D9E', '0', '2025-12-05 00:30:37');
UPDATE `user_registration` SET `sub_point` = 0, `active_status` = 'no'
WHERE `user_id` = '7R7D9E';
INSERT INTO `arreva_api_logs` (`user_id`, `email`, `endpoint`, `response`, `date`) VALUES ('7R7D9E', 'hjaa2711@gmail.com', 'deactivatemember', '\"Unable to find user matching email or contract number or otherid\"', '2025-12-05 00:30:38');
INSERT INTO `inactive_history` (`user_id`, `commission_balance`, `amount`, `date`) VALUES ('7R7D9E', '0', '150', '2025-12-05 00:30:38');
INSERT INTO `inactive_point_history` (`user_id`, `point`, `date`) VALUES ('FMXQ6T', '0', '2025-12-05 00:30:38');
UPDATE `user_registration` SET `sub_point` = 0, `active_status` = 'no'
WHERE `user_id` = 'FMXQ6T';
INSERT INTO `arreva_api_logs` (`user_id`, `email`, `endpoint`, `response`, `date`) VALUES ('FMXQ6T', 'yamisvaldes7@gmail.com', 'deactivatemember', '\"Unable to find user matching email or contract number or otherid\"', '2025-12-05 00:30:38');
INSERT INTO `inactive_history` (`user_id`, `commission_balance`, `amount`, `date`) VALUES ('FMXQ6T', '0', '150', '2025-12-05 00:30:38');
INSERT INTO `inactive_point_history` (`user_id`, `point`, `date`) VALUES ('BAR1UQ', '0', '2025-12-05 00:30:38');
UPDATE `user_registration` SET `sub_point` = 0, `active_status` = 'no'
WHERE `user_id` = 'BAR1UQ';
INSERT INTO `arreva_api_logs` (`user_id`, `email`, `endpoint`, `response`, `date`) VALUES ('BAR1UQ', 'alvarezperzabel1968@gmail.com', 'deactivatemember', '\"Unable to find user matching email or contract number or otherid\"', '2025-12-05 00:30:38');
INSERT INTO `inactive_history` (`user_id`, `commission_balance`, `amount`, `date`) VALUES ('BAR1UQ', '0', '150', '2025-12-05 00:30:38');
INSERT INTO `inactive_point_history` (`user_id`, `point`, `date`) VALUES ('6RCEKP', '0', '2025-12-05 00:30:38');
UPDATE `user_registration` SET `sub_point` = 0, `active_status` = 'no'
WHERE `user_id` = '6RCEKP';
INSERT INTO `arreva_api_logs` (`user_id`, `email`, `endpoint`, `response`, `date`) VALUES ('6RCEKP', 'felixarias171@gmail.com', 'deactivatemember', 'true', '2025-12-05 00:30:39');
INSERT INTO `inactive_history` (`user_id`, `commission_balance`, `amount`, `date`) VALUES ('6RCEKP', '0', '150', '2025-12-05 00:30:39');
INSERT INTO `inactive_point_history` (`user_id`, `point`, `date`) VALUES ('5J9Q6A', '0', '2025-12-05 00:30:39');
UPDATE `user_registration` SET `sub_point` = 0, `active_status` = 'no'
WHERE `user_id` = '5J9Q6A';
INSERT INTO `arreva_api_logs` (`user_id`, `email`, `endpoint`, `response`, `date`) VALUES ('5J9Q6A', 'reiderglz16@gmail.com', 'deactivatemember', '\"Unable to find user matching email or contract number or otherid\"', '2025-12-05 00:30:39');
INSERT INTO `inactive_history` (`user_id`, `commission_balance`, `amount`, `date`) VALUES ('5J9Q6A', '0', '150', '2025-12-05 00:30:39');
INSERT INTO `inactive_point_history` (`user_id`, `point`, `date`) VALUES ('RHLTER', '0', '2025-12-05 00:30:39');
UPDATE `user_registration` SET `sub_point` = 0, `active_status` = 'no'
WHERE `user_id` = 'RHLTER';
INSERT INTO `arreva_api_logs` (`user_id`, `email`, `endpoint`, `response`, `date`) VALUES ('RHLTER', 'leydisvaldes5@gmail.com', 'deactivatemember', '\"Unable to find user matching email or contract number or otherid\"', '2025-12-05 00:30:39');
INSERT INTO `inactive_history` (`user_id`, `commission_balance`, `amount`, `date`) VALUES ('RHLTER', '0', '150', '2025-12-05 00:30:39');
INSERT INTO `inactive_point_history` (`user_id`, `point`, `date`) VALUES ('FGI2FY', '0', '2025-12-05 00:30:39');
UPDATE `user_registration` SET `sub_point` = 0, `active_status` = 'no'
WHERE `user_id` = 'FGI2FY';
INSERT INTO `arreva_api_logs` (`user_id`, `email`, `endpoint`, `response`, `date`) VALUES ('FGI2FY', 'elizabethvicente25@yahoo.com', 'deactivatemember', '\"Unable to find user matching email or contract number or otherid\"', '2025-12-05 00:30:39');
INSERT INTO `inactive_history` (`user_id`, `commission_balance`, `amount`, `date`) VALUES ('FGI2FY', '0', '150', '2025-12-05 00:30:39');
INSERT INTO `inactive_point_history` (`user_id`, `point`, `date`) VALUES ('JLPXI6', '0', '2025-12-05 00:30:39');
UPDATE `user_registration` SET `sub_point` = 0, `active_status` = 'no'
WHERE `user_id` = 'JLPXI6';
INSERT INTO `arreva_api_logs` (`user_id`, `email`, `endpoint`, `response`, `date`) VALUES ('JLPXI6', 'mariaisabel74@live.com', 'deactivatemember', '\"Unable to find user matching email or contract number or otherid\"', '2025-12-05 00:30:40');
INSERT INTO `inactive_history` (`user_id`, `commission_balance`, `amount`, `date`) VALUES ('JLPXI6', '0', '150', '2025-12-05 00:30:40');
INSERT INTO `inactive_point_history` (`user_id`, `point`, `date`) VALUES ('1HT8BK', '0', '2025-12-05 00:30:40');
UPDATE `user_registration` SET `sub_point` = 0, `active_status` = 'no'
WHERE `user_id` = '1HT8BK';
INSERT INTO `arreva_api_logs` (`user_id`, `email`, `endpoint`, `response`, `date`) VALUES ('1HT8BK', 'astrid1246@gmail.com', 'deactivatemember', '\"Unable to find user matching email or contract number or otherid\"', '2025-12-05 00:30:40');
INSERT INTO `inactive_history` (`user_id`, `commission_balance`, `amount`, `date`) VALUES ('1HT8BK', '0', '150', '2025-12-05 00:30:40');
INSERT INTO `inactive_point_history` (`user_id`, `point`, `date`) VALUES ('YFRSTE', '0', '2025-12-05 00:30:40');
UPDATE `user_registration` SET `sub_point` = 0, `active_status` = 'no'
WHERE `user_id` = 'YFRSTE';
INSERT INTO `arreva_api_logs` (`user_id`, `email`, `endpoint`, `response`, `date`) VALUES ('YFRSTE', 'jimenez781108@gmail.com', 'deactivatemember', '\"Unable to find user matching email or contract number or otherid\"', '2025-12-05 00:30:40');
INSERT INTO `inactive_history` (`user_id`, `commission_balance`, `amount`, `date`) VALUES ('YFRSTE', '0', '150', '2025-12-05 00:30:40');
INSERT INTO `inactive_point_history` (`user_id`, `point`, `date`) VALUES ('G53DXI', '0', '2025-12-05 00:30:40');
UPDATE `user_registration` SET `sub_point` = 0, `active_status` = 'no'
WHERE `user_id` = 'G53DXI';
INSERT INTO `arreva_api_logs` (`user_id`, `email`, `endpoint`, `response`, `date`) VALUES ('G53DXI', 'hernandezasnialis@gmail.com', 'deactivatemember', '\"Unable to find user matching email or contract number or otherid\"', '2025-12-05 00:30:41');
INSERT INTO `inactive_history` (`user_id`, `commission_balance`, `amount`, `date`) VALUES ('G53DXI', '0', '50', '2025-12-05 00:30:41');
INSERT INTO `inactive_point_history` (`user_id`, `point`, `date`) VALUES ('1KMQ3V', '0', '2025-12-05 00:30:41');
UPDATE `user_registration` SET `sub_point` = 0, `active_status` = 'no'
WHERE `user_id` = '1KMQ3V';
INSERT INTO `arreva_api_logs` (`user_id`, `email`, `endpoint`, `response`, `date`) VALUES ('1KMQ3V', 'adrianlimapadron@gmail.com', 'deactivatemember', '\"Unable to find user matching email or contract number or otherid\"', '2025-12-05 00:30:41');
INSERT INTO `inactive_history` (`user_id`, `commission_balance`, `amount`, `date`) VALUES ('1KMQ3V', '100', '150', '2025-12-05 00:30:41');
INSERT INTO `inactive_point_history` (`user_id`, `point`, `date`) VALUES ('ZVZUJ1', '0', '2025-12-05 00:30:41');
UPDATE `user_registration` SET `sub_point` = 0, `active_status` = 'no'
WHERE `user_id` = 'ZVZUJ1';
INSERT INTO `arreva_api_logs` (`user_id`, `email`, `endpoint`, `response`, `date`) VALUES ('ZVZUJ1', 'acielpollo@gmail.com', 'deactivatemember', '\"Unable to find user matching email or contract number or otherid\"', '2025-12-05 00:30:41');
INSERT INTO `inactive_history` (`user_id`, `commission_balance`, `amount`, `date`) VALUES ('ZVZUJ1', '0', '150', '2025-12-05 00:30:41');
INSERT INTO `inactive_point_history` (`user_id`, `point`, `date`) VALUES ('SAMPQX', '0', '2025-12-05 00:30:41');
UPDATE `user_registration` SET `sub_point` = 0, `active_status` = 'no'
WHERE `user_id` = 'SAMPQX';
INSERT INTO `arreva_api_logs` (`user_id`, `email`, `endpoint`, `response`, `date`) VALUES ('SAMPQX', 'inamsay80@gmail.com', 'deactivatemember', '\"Unable to find user matching email or contract number or otherid\"', '2025-12-05 00:30:41');
INSERT INTO `inactive_history` (`user_id`, `commission_balance`, `amount`, `date`) VALUES ('SAMPQX', '0', '150', '2025-12-05 00:30:41');
INSERT INTO `inactive_point_history` (`user_id`, `point`, `date`) VALUES ('F3SYYS', '0', '2025-12-05 00:30:41');
UPDATE `user_registration` SET `sub_point` = 0, `active_status` = 'no'
WHERE `user_id` = 'F3SYYS';
INSERT INTO `arreva_api_logs` (`user_id`, `email`, `endpoint`, `response`, `date`) VALUES ('F3SYYS', 'eideneilen2128@yahoo.com', 'deactivatemember', '\"Unable to find user matching email or contract number or otherid\"', '2025-12-05 00:30:42');
INSERT INTO `inactive_history` (`user_id`, `commission_balance`, `amount`, `date`) VALUES ('F3SYYS', '0', '150', '2025-12-05 00:30:42');
INSERT INTO `inactive_point_history` (`user_id`, `point`, `date`) VALUES ('9T3Q72', '0', '2025-12-05 00:30:42');
UPDATE `user_registration` SET `sub_point` = 0, `active_status` = 'no'
WHERE `user_id` = '9T3Q72';
INSERT INTO `arreva_api_logs` (`user_id`, `email`, `endpoint`, `response`, `date`) VALUES ('9T3Q72', 'yohaniamartinez2005@gmail.com', 'deactivatemember', '\"Unable to find user matching email or contract number or otherid\"', '2025-12-05 00:30:42');
INSERT INTO `inactive_history` (`user_id`, `commission_balance`, `amount`, `date`) VALUES ('9T3Q72', '0', '150', '2025-12-05 00:30:42');
INSERT INTO `inactive_point_history` (`user_id`, `point`, `date`) VALUES ('23UJOB', '0', '2025-12-05 00:30:42');
UPDATE `user_registration` SET `sub_point` = 0, `active_status` = 'no'
WHERE `user_id` = '23UJOB';
INSERT INTO `arreva_api_logs` (`user_id`, `email`, `endpoint`, `response`, `date`) VALUES ('23UJOB', 'alfreddgdo@gmail.com', 'deactivatemember', '\"Unable to find user matching email or contract number or otherid\"', '2025-12-05 00:30:42');
INSERT INTO `inactive_history` (`user_id`, `commission_balance`, `amount`, `date`) VALUES ('23UJOB', '0', '150', '2025-12-05 00:30:42');
INSERT INTO `inactive_point_history` (`user_id`, `point`, `date`) VALUES ('NB7P18', '0', '2025-12-05 00:30:42');
UPDATE `user_registration` SET `sub_point` = 0, `active_status` = 'no'
WHERE `user_id` = 'NB7P18';
INSERT INTO `arreva_api_logs` (`user_id`, `email`, `endpoint`, `response`, `date`) VALUES ('NB7P18', 'santoslayra796@gmail.com', 'deactivatemember', '\"Unable to find user matching email or contract number or otherid\"', '2025-12-05 00:30:43');
INSERT INTO `inactive_history` (`user_id`, `commission_balance`, `amount`, `date`) VALUES ('NB7P18', '0', '150', '2025-12-05 00:30:43');
INSERT INTO `inactive_point_history` (`user_id`, `point`, `date`) VALUES ('7A2JD7', '0', '2025-12-05 00:30:43');
UPDATE `user_registration` SET `sub_point` = 0, `active_status` = 'no'
WHERE `user_id` = '7A2JD7';
INSERT INTO `arreva_api_logs` (`user_id`, `email`, `endpoint`, `response`, `date`) VALUES ('7A2JD7', 'aztiral_26love@yahoo.com', 'deactivatemember', '\"Unable to find user matching email or contract number or otherid\"', '2025-12-05 00:30:43');
INSERT INTO `inactive_history` (`user_id`, `commission_balance`, `amount`, `date`) VALUES ('7A2JD7', '0', '150', '2025-12-05 00:30:43');
INSERT INTO `inactive_point_history` (`user_id`, `point`, `date`) VALUES ('9VPMSG', '0', '2025-12-05 00:30:43');
UPDATE `user_registration` SET `sub_point` = 0, `active_status` = 'no'
WHERE `user_id` = '9VPMSG';
INSERT INTO `arreva_api_logs` (`user_id`, `email`, `endpoint`, `response`, `date`) VALUES ('9VPMSG', 'Jinglyguerravigo2015@gmail.com', 'deactivatemember', '\"Unable to find user matching email or contract number or otherid\"', '2025-12-05 00:30:43');
INSERT INTO `inactive_history` (`user_id`, `commission_balance`, `amount`, `date`) VALUES ('9VPMSG', '0', '150', '2025-12-05 00:30:43');
INSERT INTO `inactive_point_history` (`user_id`, `point`, `date`) VALUES ('J385D5', '0', '2025-12-05 00:30:43');
UPDATE `user_registration` SET `sub_point` = 0, `active_status` = 'no'
WHERE `user_id` = 'J385D5';
INSERT INTO `arreva_api_logs` (`user_id`, `email`, `endpoint`, `response`, `date`) VALUES ('J385D5', 'yohandymartinez@yahoo.com', 'deactivatemember', '\"Unable to find user matching email or contract number or otherid\"', '2025-12-05 00:30:44');
INSERT INTO `inactive_history` (`user_id`, `commission_balance`, `amount`, `date`) VALUES ('J385D5', '0', '150', '2025-12-05 00:30:44');
INSERT INTO `inactive_point_history` (`user_id`, `point`, `date`) VALUES ('GPPR8G', '0', '2025-12-05 00:30:44');
UPDATE `user_registration` SET `sub_point` = 0, `active_status` = 'no'
WHERE `user_id` = 'GPPR8G';
INSERT INTO `arreva_api_logs` (`user_id`, `email`, `endpoint`, `response`, `date`) VALUES ('GPPR8G', 'neftalidela7@gmail.com', 'deactivatemember', 'true', '2025-12-05 00:30:44');
INSERT INTO `inactive_history` (`user_id`, `commission_balance`, `amount`, `date`) VALUES ('GPPR8G', '20', '150', '2025-12-05 00:30:44');
INSERT INTO `inactive_point_history` (`user_id`, `point`, `date`) VALUES ('AM2FR1', '0', '2025-12-05 00:30:44');
UPDATE `user_registration` SET `sub_point` = 0, `active_status` = 'no'
WHERE `user_id` = 'AM2FR1';
INSERT INTO `arreva_api_logs` (`user_id`, `email`, `endpoint`, `response`, `date`) VALUES ('AM2FR1', 'eldacrespo71@yahoo.com', 'deactivatemember', '\"Unable to find user matching email or contract number or otherid\"', '2025-12-05 00:30:44');
INSERT INTO `inactive_history` (`user_id`, `commission_balance`, `amount`, `date`) VALUES ('AM2FR1', '0', '150', '2025-12-05 00:30:44');
INSERT INTO `inactive_point_history` (`user_id`, `point`, `date`) VALUES ('YRYHV2', '0', '2025-12-05 00:30:44');
UPDATE `user_registration` SET `sub_point` = 0, `active_status` = 'no'
WHERE `user_id` = 'YRYHV2';
INSERT INTO `arreva_api_logs` (`user_id`, `email`, `endpoint`, `response`, `date`) VALUES ('YRYHV2', 'aaguila46@yahoo.com', 'deactivatemember', '\"Unable to find user matching email or contract number or otherid\"', '2025-12-05 00:30:44');
INSERT INTO `inactive_history` (`user_id`, `commission_balance`, `amount`, `date`) VALUES ('YRYHV2', '0', '150', '2025-12-05 00:30:44');
INSERT INTO `inactive_point_history` (`user_id`, `point`, `date`) VALUES ('7GDBOU', '0', '2025-12-05 00:30:44');
UPDATE `user_registration` SET `sub_point` = 0, `active_status` = 'no'
WHERE `user_id` = '7GDBOU';
INSERT INTO `arreva_api_logs` (`user_id`, `email`, `endpoint`, `response`, `date`) VALUES ('7GDBOU', 'avalosnarciso@icloud.com', 'deactivatemember', 'true', '2025-12-05 00:30:45');
INSERT INTO `inactive_history` (`user_id`, `commission_balance`, `amount`, `date`) VALUES ('7GDBOU', '100', '150', '2025-12-05 00:30:45');
INSERT INTO `inactive_point_history` (`user_id`, `point`, `date`) VALUES ('BV2MNJ', '0', '2025-12-05 00:30:45');
UPDATE `user_registration` SET `sub_point` = 0, `active_status` = 'no'
WHERE `user_id` = 'BV2MNJ';
INSERT INTO `arreva_api_logs` (`user_id`, `email`, `endpoint`, `response`, `date`) VALUES ('BV2MNJ', 'frankavalos1973@yahoo.com', 'deactivatemember', 'true', '2025-12-05 00:30:45');
INSERT INTO `inactive_history` (`user_id`, `commission_balance`, `amount`, `date`) VALUES ('BV2MNJ', '70', '150', '2025-12-05 00:30:45');
INSERT INTO `inactive_point_history` (`user_id`, `point`, `date`) VALUES ('CM4JLT', '0', '2025-12-05 00:30:45');
UPDATE `user_registration` SET `sub_point` = 0, `active_status` = 'no'
WHERE `user_id` = 'CM4JLT';
INSERT INTO `arreva_api_logs` (`user_id`, `email`, `endpoint`, `response`, `date`) VALUES ('CM4JLT', 'ramirezloren1962@gmail.com', 'deactivatemember', '\"Unable to find user matching email or contract number or otherid\"', '2025-12-05 00:30:45');
INSERT INTO `inactive_history` (`user_id`, `commission_balance`, `amount`, `date`) VALUES ('CM4JLT', '62.5', '150', '2025-12-05 00:30:45');
INSERT INTO `inactive_point_history` (`user_id`, `point`, `date`) VALUES ('R18IYC', '0', '2025-12-05 00:30:45');
UPDATE `user_registration` SET `sub_point` = 0, `active_status` = 'no'
WHERE `user_id` = 'R18IYC';
INSERT INTO `arreva_api_logs` (`user_id`, `email`, `endpoint`, `response`, `date`) VALUES ('R18IYC', 'cachirulo63@gmail.com', 'deactivatemember', '\"Unable to find user matching email or contract number or otherid\"', '2025-12-05 00:30:45');
INSERT INTO `inactive_history` (`user_id`, `commission_balance`, `amount`, `date`) VALUES ('R18IYC', '0', '150', '2025-12-05 00:30:45');
INSERT INTO `inactive_point_history` (`user_id`, `point`, `date`) VALUES ('ERQYYW', '0', '2025-12-05 00:30:45');
UPDATE `user_registration` SET `sub_point` = 0, `active_status` = 'no'
WHERE `user_id` = 'ERQYYW';
INSERT INTO `arreva_api_logs` (`user_id`, `email`, `endpoint`, `response`, `date`) VALUES ('ERQYYW', 'luvcelia@yahoo.com', 'deactivatemember', '\"Unable to find user matching email or contract number or otherid\"', '2025-12-05 00:30:46');
INSERT INTO `inactive_history` (`user_id`, `commission_balance`, `amount`, `date`) VALUES ('ERQYYW', '0', '50', '2025-12-05 00:30:46');
INSERT INTO `inactive_point_history` (`user_id`, `point`, `date`) VALUES ('WYBCPQ', '0', '2025-12-05 00:30:46');
UPDATE `user_registration` SET `sub_point` = 0, `active_status` = 'no'
WHERE `user_id` = 'WYBCPQ';
INSERT INTO `arreva_api_logs` (`user_id`, `email`, `endpoint`, `response`, `date`) VALUES ('WYBCPQ', 'caryalvarez19621@outlook.com', 'deactivatemember', '\"Unable to find user matching email or contract number or otherid\"', '2025-12-05 00:30:46');
INSERT INTO `inactive_history` (`user_id`, `commission_balance`, `amount`, `date`) VALUES ('WYBCPQ', '100', '150', '2025-12-05 00:30:46');
INSERT INTO `inactive_point_history` (`user_id`, `point`, `date`) VALUES ('55IB4V', '0', '2025-12-05 00:30:46');
UPDATE `user_registration` SET `sub_point` = 0, `active_status` = 'no'
WHERE `user_id` = '55IB4V';
INSERT INTO `arreva_api_logs` (`user_id`, `email`, `endpoint`, `response`, `date`) VALUES ('55IB4V', 'delacruzrafael.890925@yahoo.com', 'deactivatemember', '\"Unable to find user matching email or contract number or otherid\"', '2025-12-05 00:30:46');
INSERT INTO `inactive_history` (`user_id`, `commission_balance`, `amount`, `date`) VALUES ('55IB4V', '0', '50', '2025-12-05 00:30:46');
INSERT INTO `inactive_point_history` (`user_id`, `point`, `date`) VALUES ('XEINAA', '0', '2025-12-05 00:30:46');
UPDATE `user_registration` SET `sub_point` = 0, `active_status` = 'no'
WHERE `user_id` = 'XEINAA';
INSERT INTO `arreva_api_logs` (`user_id`, `email`, `endpoint`, `response`, `date`) VALUES ('XEINAA', 'sofi.ibarzabal15@gmail.com', 'deactivatemember', '\"Unable to find user matching email or contract number or otherid\"', '2025-12-05 00:30:47');
INSERT INTO `inactive_history` (`user_id`, `commission_balance`, `amount`, `date`) VALUES ('XEINAA', '0', '50', '2025-12-05 00:30:47');
INSERT INTO `inactive_point_history` (`user_id`, `point`, `date`) VALUES ('5UADRJ', '0', '2025-12-05 00:30:47');
UPDATE `user_registration` SET `sub_point` = 0, `active_status` = 'no'
WHERE `user_id` = '5UADRJ';
INSERT INTO `arreva_api_logs` (`user_id`, `email`, `endpoint`, `response`, `date`) VALUES ('5UADRJ', 'caryalvarez1962@yahoo.com', 'deactivatemember', '\"Unable to find user matching email or contract number or otherid\"', '2025-12-05 00:30:47');
INSERT INTO `inactive_history` (`user_id`, `commission_balance`, `amount`, `date`) VALUES ('5UADRJ', '125', '150', '2025-12-05 00:30:47');
INSERT INTO `inactive_point_history` (`user_id`, `point`, `date`) VALUES ('HP51N7', '0', '2025-12-05 00:30:47');
UPDATE `user_registration` SET `sub_point` = 0, `active_status` = 'no'
WHERE `user_id` = 'HP51N7';
INSERT INTO `arreva_api_logs` (`user_id`, `email`, `endpoint`, `response`, `date`) VALUES ('HP51N7', 'avalossandro5@gmail.com', 'deactivatemember', '\"Unable to find user matching email or contract number or otherid\"', '2025-12-05 00:30:47');
INSERT INTO `inactive_history` (`user_id`, `commission_balance`, `amount`, `date`) VALUES ('HP51N7', '0', '150', '2025-12-05 00:30:47');
INSERT INTO `inactive_point_history` (`user_id`, `point`, `date`) VALUES ('JIYOH4', '0', '2025-12-05 00:30:47');
UPDATE `user_registration` SET `sub_point` = 0, `active_status` = 'no'
WHERE `user_id` = 'JIYOH4';
INSERT INTO `arreva_api_logs` (`user_id`, `email`, `endpoint`, `response`, `date`) VALUES ('JIYOH4', 'ikabemi70@gmail.com', 'deactivatemember', '\"Unable to find user matching email or contract number or otherid\"', '2025-12-05 00:30:48');
INSERT INTO `inactive_history` (`user_id`, `commission_balance`, `amount`, `date`) VALUES ('JIYOH4', '0', '150', '2025-12-05 00:30:48');
INSERT INTO `inactive_point_history` (`user_id`, `point`, `date`) VALUES ('AO42V8', '0', '2025-12-05 00:30:48');
UPDATE `user_registration` SET `sub_point` = 0, `active_status` = 'no'
WHERE `user_id` = 'AO42V8';
INSERT INTO `arreva_api_logs` (`user_id`, `email`, `endpoint`, `response`, `date`) VALUES ('AO42V8', 'at71164@gmail.com', 'deactivatemember', '\"Unable to find user matching email or contract number or otherid\"', '2025-12-05 00:30:48');
INSERT INTO `inactive_history` (`user_id`, `commission_balance`, `amount`, `date`) VALUES ('AO42V8', '0', '150', '2025-12-05 00:30:48');
INSERT INTO `inactive_point_history` (`user_id`, `point`, `date`) VALUES ('OI3UR6', '0', '2025-12-05 00:30:48');
UPDATE `user_registration` SET `sub_point` = 0, `active_status` = 'no'
WHERE `user_id` = 'OI3UR6';
INSERT INTO `arreva_api_logs` (`user_id`, `email`, `endpoint`, `response`, `date`) VALUES ('OI3UR6', 'marilin214@yahoo.com', 'deactivatemember', '\"Unable to find user matching email or contract number or otherid\"', '2025-12-05 00:30:48');
INSERT INTO `inactive_history` (`user_id`, `commission_balance`, `amount`, `date`) VALUES ('OI3UR6', '0', '150', '2025-12-05 00:30:48');
INSERT INTO `inactive_point_history` (`user_id`, `point`, `date`) VALUES ('M5FNDM', '0', '2025-12-05 00:30:48');
UPDATE `user_registration` SET `sub_point` = 0, `active_status` = 'no'
WHERE `user_id` = 'M5FNDM';
INSERT INTO `arreva_api_logs` (`user_id`, `email`, `endpoint`, `response`, `date`) VALUES ('M5FNDM', 'tanite0369@gmail.com', 'deactivatemember', '\"Unable to find user matching email or contract number or otherid\"', '2025-12-05 00:30:48');
INSERT INTO `inactive_history` (`user_id`, `commission_balance`, `amount`, `date`) VALUES ('M5FNDM', '50', '150', '2025-12-05 00:30:48');
INSERT INTO `inactive_point_history` (`user_id`, `point`, `date`) VALUES ('AQ47VU', '0', '2025-12-05 00:30:48');
UPDATE `user_registration` SET `sub_point` = 0, `active_status` = 'no'
WHERE `user_id` = 'AQ47VU';
INSERT INTO `arreva_api_logs` (`user_id`, `email`, `endpoint`, `response`, `date`) VALUES ('AQ47VU', 'luritzabatista@yahoo.com', 'deactivatemember', '\"Unable to find user matching email or contract number or otherid\"', '2025-12-05 00:30:49');
INSERT INTO `inactive_history` (`user_id`, `commission_balance`, `amount`, `date`) VALUES ('AQ47VU', '0', '150', '2025-12-05 00:30:49');
INSERT INTO `inactive_point_history` (`user_id`, `point`, `date`) VALUES ('L8O2QX', '0', '2025-12-05 00:30:49');
UPDATE `user_registration` SET `sub_point` = 0, `active_status` = 'no'
WHERE `user_id` = 'L8O2QX';
INSERT INTO `arreva_api_logs` (`user_id`, `email`, `endpoint`, `response`, `date`) VALUES ('L8O2QX', 'andresroldano18@gmail.com', 'deactivatemember', '\"Unable to find user matching email or contract number or otherid\"', '2025-12-05 00:30:49');
INSERT INTO `inactive_history` (`user_id`, `commission_balance`, `amount`, `date`) VALUES ('L8O2QX', '0', '50', '2025-12-05 00:30:49');
INSERT INTO `inactive_point_history` (`user_id`, `point`, `date`) VALUES ('H5E5WF', '0', '2025-12-05 00:30:49');
UPDATE `user_registration` SET `sub_point` = 0, `active_status` = 'no'
WHERE `user_id` = 'H5E5WF';
INSERT INTO `arreva_api_logs` (`user_id`, `email`, `endpoint`, `response`, `date`) VALUES ('H5E5WF', 'cskloco@gmail.com', 'deactivatemember', '\"Unable to find user matching email or contract number or otherid\"', '2025-12-05 00:30:49');
INSERT INTO `inactive_history` (`user_id`, `commission_balance`, `amount`, `date`) VALUES ('H5E5WF', '125', '150', '2025-12-05 00:30:49');
INSERT INTO `inactive_point_history` (`user_id`, `point`, `date`) VALUES ('NTAGI6', '0', '2025-12-05 00:30:49');
UPDATE `user_registration` SET `sub_point` = 0, `active_status` = 'no'
WHERE `user_id` = 'NTAGI6';
INSERT INTO `arreva_api_logs` (`user_id`, `email`, `endpoint`, `response`, `date`) VALUES ('NTAGI6', 'elizabeth_pardo91@yahoo.com', 'deactivatemember', '\"Unable to find user matching email or contract number or otherid\"', '2025-12-05 00:30:50');
INSERT INTO `inactive_history` (`user_id`, `commission_balance`, `amount`, `date`) VALUES ('NTAGI6', '0', '150', '2025-12-05 00:30:50');
INSERT INTO `inactive_point_history` (`user_id`, `point`, `date`) VALUES ('Z5DNR2', '0', '2025-12-05 00:30:50');
UPDATE `user_registration` SET `sub_point` = 0, `active_status` = 'no'
WHERE `user_id` = 'Z5DNR2';
INSERT INTO `arreva_api_logs` (`user_id`, `email`, `endpoint`, `response`, `date`) VALUES ('Z5DNR2', 'kelly_azate@yahoo.com', 'deactivatemember', '\"Unable to find user matching email or contract number or otherid\"', '2025-12-05 00:30:50');
INSERT INTO `inactive_history` (`user_id`, `commission_balance`, `amount`, `date`) VALUES ('Z5DNR2', '0', '150', '2025-12-05 00:30:50');
INSERT INTO `inactive_point_history` (`user_id`, `point`, `date`) VALUES ('7P5XVX', '0', '2025-12-05 00:30:50');
UPDATE `user_registration` SET `sub_point` = 0, `active_status` = 'no'
WHERE `user_id` = '7P5XVX';
INSERT INTO `arreva_api_logs` (`user_id`, `email`, `endpoint`, `response`, `date`) VALUES ('7P5XVX', 'deylonhernandez@icloud.com', 'deactivatemember', '\"Unable to find user matching email or contract number or otherid\"', '2025-12-05 00:30:50');
INSERT INTO `inactive_history` (`user_id`, `commission_balance`, `amount`, `date`) VALUES ('7P5XVX', '0', '150', '2025-12-05 00:30:50');
INSERT INTO `inactive_point_history` (`user_id`, `point`, `date`) VALUES ('SCC34I', '0', '2025-12-05 00:30:50');
UPDATE `user_registration` SET `sub_point` = 0, `active_status` = 'no'
WHERE `user_id` = 'SCC34I';
INSERT INTO `arreva_api_logs` (`user_id`, `email`, `endpoint`, `response`, `date`) VALUES ('SCC34I', 'Avalossandro08@gmail.com', 'deactivatemember', '\"Unable to find user matching email or contract number or otherid\"', '2025-12-05 00:30:50');
INSERT INTO `inactive_history` (`user_id`, `commission_balance`, `amount`, `date`) VALUES ('SCC34I', '0', '150', '2025-12-05 00:30:50');
INSERT INTO `inactive_point_history` (`user_id`, `point`, `date`) VALUES ('J4BGK4', '0', '2025-12-05 00:30:50');
UPDATE `user_registration` SET `sub_point` = 0, `active_status` = 'no'
WHERE `user_id` = 'J4BGK4';
INSERT INTO `arreva_api_logs` (`user_id`, `email`, `endpoint`, `response`, `date`) VALUES ('J4BGK4', 'rodriguezjf2000@yahoo.com', 'deactivatemember', '\"Unable to find user matching email or contract number or otherid\"', '2025-12-05 00:30:51');
INSERT INTO `inactive_history` (`user_id`, `commission_balance`, `amount`, `date`) VALUES ('J4BGK4', '0', '150', '2025-12-05 00:30:51');
INSERT INTO `inactive_point_history` (`user_id`, `point`, `date`) VALUES ('K67AMG', '0', '2025-12-05 00:30:51');
UPDATE `user_registration` SET `sub_point` = 0, `active_status` = 'no'
WHERE `user_id` = 'K67AMG';
INSERT INTO `arreva_api_logs` (`user_id`, `email`, `endpoint`, `response`, `date`) VALUES ('K67AMG', 'carlohernandez1963@gmail.com', 'deactivatemember', '\"Unable to find user matching email or contract number or otherid\"', '2025-12-05 00:30:51');
INSERT INTO `inactive_history` (`user_id`, `commission_balance`, `amount`, `date`) VALUES ('K67AMG', '0', '150', '2025-12-05 00:30:51');
INSERT INTO `inactive_point_history` (`user_id`, `point`, `date`) VALUES ('LIW8GV', '0', '2025-12-05 00:30:51');
UPDATE `user_registration` SET `sub_point` = 0, `active_status` = 'no'
WHERE `user_id` = 'LIW8GV';
INSERT INTO `arreva_api_logs` (`user_id`, `email`, `endpoint`, `response`, `date`) VALUES ('LIW8GV', 'luisnoris1990@gmail.com', 'deactivatemember', '\"Unable to find user matching email or contract number or otherid\"', '2025-12-05 00:30:51');
INSERT INTO `inactive_history` (`user_id`, `commission_balance`, `amount`, `date`) VALUES ('LIW8GV', '0', '150', '2025-12-05 00:30:51');
INSERT INTO `inactive_point_history` (`user_id`, `point`, `date`) VALUES ('N6VMK1', '0', '2025-12-05 00:30:51');
UPDATE `user_registration` SET `sub_point` = 0, `active_status` = 'no'
WHERE `user_id` = 'N6VMK1';
INSERT INTO `arreva_api_logs` (`user_id`, `email`, `endpoint`, `response`, `date`) VALUES ('N6VMK1', 'javier.rodriguez.novelo@gmail.com', 'deactivatemember', '\"Unable to find user matching email or contract number or otherid\"', '2025-12-05 00:30:52');
INSERT INTO `inactive_history` (`user_id`, `commission_balance`, `amount`, `date`) VALUES ('N6VMK1', '0', '150', '2025-12-05 00:30:52');
INSERT INTO `inactive_point_history` (`user_id`, `point`, `date`) VALUES ('54SJCL', '0', '2025-12-05 00:30:52');
UPDATE `user_registration` SET `sub_point` = 0, `active_status` = 'no'
WHERE `user_id` = '54SJCL';
INSERT INTO `arreva_api_logs` (`user_id`, `email`, `endpoint`, `response`, `date`) VALUES ('54SJCL', 'josejorge3011@hotmail.com', 'deactivatemember', '\"Unable to find user matching email or contract number or otherid\"', '2025-12-05 00:30:52');
INSERT INTO `inactive_history` (`user_id`, `commission_balance`, `amount`, `date`) VALUES ('54SJCL', '0', '150', '2025-12-05 00:30:52');
INSERT INTO `inactive_point_history` (`user_id`, `point`, `date`) VALUES ('DFEDKO', '0', '2025-12-05 00:30:52');
UPDATE `user_registration` SET `sub_point` = 0, `active_status` = 'no'
WHERE `user_id` = 'DFEDKO';
INSERT INTO `arreva_api_logs` (`user_id`, `email`, `endpoint`, `response`, `date`) VALUES ('DFEDKO', 'anegociarfree+1@gmail.com', 'deactivatemember', 'true', '2025-12-05 00:30:52');
INSERT INTO `inactive_history` (`user_id`, `commission_balance`, `amount`, `date`) VALUES ('DFEDKO', '20', '150', '2025-12-05 00:30:52');
INSERT INTO `inactive_point_history` (`user_id`, `point`, `date`) VALUES ('N5PLRR', '0', '2025-12-05 00:30:52');
UPDATE `user_registration` SET `sub_point` = 0, `active_status` = 'no'
WHERE `user_id` = 'N5PLRR';
INSERT INTO `arreva_api_logs` (`user_id`, `email`, `endpoint`, `response`, `date`) VALUES ('N5PLRR', 'deeptalent.boza@gmail.com', 'deactivatemember', '\"Unable to find user matching email or contract number or otherid\"', '2025-12-05 00:30:52');
INSERT INTO `inactive_history` (`user_id`, `commission_balance`, `amount`, `date`) VALUES ('N5PLRR', '30', '50', '2025-12-05 00:30:52');
INSERT INTO `inactive_point_history` (`user_id`, `point`, `date`) VALUES ('RSM4DG', '0', '2025-12-05 00:30:52');
UPDATE `user_registration` SET `sub_point` = 0, `active_status` = 'no'
WHERE `user_id` = 'RSM4DG';
INSERT INTO `arreva_api_logs` (`user_id`, `email`, `endpoint`, `response`, `date`) VALUES ('RSM4DG', 'fssicentral+1@gmail.com', 'deactivatemember', '\"Unable to find user matching email or contract number or otherid\"', '2025-12-05 00:30:53');
INSERT INTO `inactive_history` (`user_id`, `commission_balance`, `amount`, `date`) VALUES ('RSM4DG', '30', '50', '2025-12-05 00:30:53');
INSERT INTO `inactive_point_history` (`user_id`, `point`, `date`) VALUES ('V43EWT', '0', '2025-12-05 00:30:53');
UPDATE `user_registration` SET `sub_point` = 0, `active_status` = 'no'
WHERE `user_id` = 'V43EWT';
INSERT INTO `arreva_api_logs` (`user_id`, `email`, `endpoint`, `response`, `date`) VALUES ('V43EWT', 'deeptalent+1@hotmail.com', 'deactivatemember', '\"Unable to find user matching email or contract number or otherid\"', '2025-12-05 00:30:53');
INSERT INTO `inactive_history` (`user_id`, `commission_balance`, `amount`, `date`) VALUES ('V43EWT', '0', '50', '2025-12-05 00:30:53');
INSERT INTO `inactive_point_history` (`user_id`, `point`, `date`) VALUES ('NDTM1I', '0', '2025-12-05 00:30:53');
UPDATE `user_registration` SET `sub_point` = 0, `active_status` = 'no'
WHERE `user_id` = 'NDTM1I';
INSERT INTO `arreva_api_logs` (`user_id`, `email`, `endpoint`, `response`, `date`) VALUES ('NDTM1I', 'deeptalent+2@hotmail.com', 'deactivatemember', '\"Unable to find user matching email or contract number or otherid\"', '2025-12-05 00:30:53');
INSERT INTO `inactive_history` (`user_id`, `commission_balance`, `amount`, `date`) VALUES ('NDTM1I', '0', '50', '2025-12-05 00:30:53');
INSERT INTO `inactive_point_history` (`user_id`, `point`, `date`) VALUES ('GCLF2W', '0', '2025-12-05 00:30:53');
UPDATE `user_registration` SET `sub_point` = 0, `active_status` = 'no'
WHERE `user_id` = 'GCLF2W';
INSERT INTO `arreva_api_logs` (`user_id`, `email`, `endpoint`, `response`, `date`) VALUES ('GCLF2W', 'rt.amdream+1@gmail.com', 'deactivatemember', '\"Unable to find user matching email or contract number or otherid\"', '2025-12-05 00:30:53');
INSERT INTO `inactive_history` (`user_id`, `commission_balance`, `amount`, `date`) VALUES ('GCLF2W', '20', '50', '2025-12-05 00:30:53');
INSERT INTO `inactive_point_history` (`user_id`, `point`, `date`) VALUES ('6HA49X', '0', '2025-12-05 00:30:53');
UPDATE `user_registration` SET `sub_point` = 0, `active_status` = 'no'
WHERE `user_id` = '6HA49X';
INSERT INTO `arreva_api_logs` (`user_id`, `email`, `endpoint`, `response`, `date`) VALUES ('6HA49X', 'fssicentral+2@gmail.com', 'deactivatemember', '\"Unable to find user matching email or contract number or otherid\"', '2025-12-05 00:30:53');
INSERT INTO `inactive_history` (`user_id`, `commission_balance`, `amount`, `date`) VALUES ('6HA49X', '0', '50', '2025-12-05 00:30:53');
INSERT INTO `inactive_point_history` (`user_id`, `point`, `date`) VALUES ('CN59WR', '0', '2025-12-05 00:30:53');
UPDATE `user_registration` SET `sub_point` = 0, `active_status` = 'no'
WHERE `user_id` = 'CN59WR';
INSERT INTO `arreva_api_logs` (`user_id`, `email`, `endpoint`, `response`, `date`) VALUES ('CN59WR', 'deeptalent.boza+5@gmail.com', 'deactivatemember', '\"Unable to find user matching email or contract number or otherid\"', '2025-12-05 00:30:54');
INSERT INTO `inactive_history` (`user_id`, `commission_balance`, `amount`, `date`) VALUES ('CN59WR', '0', '50', '2025-12-05 00:30:54');
INSERT INTO `inactive_point_history` (`user_id`, `point`, `date`) VALUES ('WCHBRD', '0', '2025-12-05 00:30:54');
UPDATE `user_registration` SET `sub_point` = 0, `active_status` = 'no'
WHERE `user_id` = 'WCHBRD';
INSERT INTO `arreva_api_logs` (`user_id`, `email`, `endpoint`, `response`, `date`) VALUES ('WCHBRD', 'nrproducts20+11@gmail.com', 'deactivatemember', '\"Unable to find user matching email or contract number or otherid\"', '2025-12-05 00:30:54');
INSERT INTO `inactive_history` (`user_id`, `commission_balance`, `amount`, `date`) VALUES ('WCHBRD', '0', '50', '2025-12-05 00:30:54');
INSERT INTO `inactive_point_history` (`user_id`, `point`, `date`) VALUES ('MHTJIU', '0', '2025-12-05 00:30:54');
UPDATE `user_registration` SET `sub_point` = 0, `active_status` = 'no'
WHERE `user_id` = 'MHTJIU';
INSERT INTO `arreva_api_logs` (`user_id`, `email`, `endpoint`, `response`, `date`) VALUES ('MHTJIU', 'onielguerra+2@yahoo.com', 'deactivatemember', '\"Unable to find user matching email or contract number or otherid\"', '2025-12-05 00:30:54');
INSERT INTO `inactive_history` (`user_id`, `commission_balance`, `amount`, `date`) VALUES ('MHTJIU', '20', '50', '2025-12-05 00:30:54');
INSERT INTO `inactive_point_history` (`user_id`, `point`, `date`) VALUES ('C66Y3L', '0', '2025-12-05 00:30:54');
UPDATE `user_registration` SET `sub_point` = 0, `active_status` = 'no'
WHERE `user_id` = 'C66Y3L';
INSERT INTO `arreva_api_logs` (`user_id`, `email`, `endpoint`, `response`, `date`) VALUES ('C66Y3L', 'fssicentral+12@gmail.com', 'deactivatemember', '\"Unable to find user matching email or contract number or otherid\"', '2025-12-05 00:30:54');
INSERT INTO `inactive_history` (`user_id`, `commission_balance`, `amount`, `date`) VALUES ('C66Y3L', '20', '50', '2025-12-05 00:30:54');
INSERT INTO `inactive_point_history` (`user_id`, `point`, `date`) VALUES ('4OOCCH', '0', '2025-12-05 00:30:54');
UPDATE `user_registration` SET `sub_point` = 0, `active_status` = 'no'
WHERE `user_id` = '4OOCCH';
INSERT INTO `arreva_api_logs` (`user_id`, `email`, `endpoint`, `response`, `date`) VALUES ('4OOCCH', 'sfssi+11@gmail.com', 'deactivatemember', '\"Unable to find user matching email or contract number or otherid\"', '2025-12-05 00:30:55');
INSERT INTO `inactive_history` (`user_id`, `commission_balance`, `amount`, `date`) VALUES ('4OOCCH', '0', '50', '2025-12-05 00:30:55');
INSERT INTO `inactive_point_history` (`user_id`, `point`, `date`) VALUES ('G4EQDP', '0', '2025-12-05 00:30:55');
UPDATE `user_registration` SET `sub_point` = 0, `active_status` = 'no'
WHERE `user_id` = 'G4EQDP';
INSERT INTO `arreva_api_logs` (`user_id`, `email`, `endpoint`, `response`, `date`) VALUES ('G4EQDP', 'sfssiw+13@gmail.com', 'deactivatemember', '\"Unable to find user matching email or contract number or otherid\"', '2025-12-05 00:30:55');
INSERT INTO `inactive_history` (`user_id`, `commission_balance`, `amount`, `date`) VALUES ('G4EQDP', '0', '50', '2025-12-05 00:30:55');
INSERT INTO `inactive_point_history` (`user_id`, `point`, `date`) VALUES ('G95C91', '0', '2025-12-05 00:30:55');
UPDATE `user_registration` SET `sub_point` = 0, `active_status` = 'no'
WHERE `user_id` = 'G95C91';
INSERT INTO `arreva_api_logs` (`user_id`, `email`, `endpoint`, `response`, `date`) VALUES ('G95C91', 'sfssiw+15@gmail.com', 'deactivatemember', '\"Unable to find user matching email or contract number or otherid\"', '2025-12-05 00:30:55');
INSERT INTO `inactive_history` (`user_id`, `commission_balance`, `amount`, `date`) VALUES ('G95C91', '0', '50', '2025-12-05 00:30:55');
INSERT INTO `inactive_point_history` (`user_id`, `point`, `date`) VALUES ('SZ1N3Z', '0', '2025-12-05 00:30:55');
UPDATE `user_registration` SET `sub_point` = 0, `active_status` = 'no'
WHERE `user_id` = 'SZ1N3Z';
INSERT INTO `arreva_api_logs` (`user_id`, `email`, `endpoint`, `response`, `date`) VALUES ('SZ1N3Z', 'sfssiw+16@gmail.com', 'deactivatemember', '\"Unable to find user matching email or contract number or otherid\"', '2025-12-05 00:30:56');
INSERT INTO `inactive_history` (`user_id`, `commission_balance`, `amount`, `date`) VALUES ('SZ1N3Z', '0', '50', '2025-12-05 00:30:56');
INSERT INTO `inactive_point_history` (`user_id`, `point`, `date`) VALUES ('4S3VM7', '0', '2025-12-05 00:30:56');
UPDATE `user_registration` SET `sub_point` = 0, `active_status` = 'no'
WHERE `user_id` = '4S3VM7';
INSERT INTO `arreva_api_logs` (`user_id`, `email`, `endpoint`, `response`, `date`) VALUES ('4S3VM7', 'sfssiw+17@gmail.com', 'deactivatemember', '\"Unable to find user matching email or contract number or otherid\"', '2025-12-05 00:30:56');
INSERT INTO `inactive_history` (`user_id`, `commission_balance`, `amount`, `date`) VALUES ('4S3VM7', '0', '50', '2025-12-05 00:30:56');
INSERT INTO `inactive_point_history` (`user_id`, `point`, `date`) VALUES ('G5QCEL', '0', '2025-12-05 00:30:56');
UPDATE `user_registration` SET `sub_point` = 0, `active_status` = 'no'
WHERE `user_id` = 'G5QCEL';
INSERT INTO `arreva_api_logs` (`user_id`, `email`, `endpoint`, `response`, `date`) VALUES ('G5QCEL', 'sfssiw+18@gmail.com', 'deactivatemember', '\"Unable to find user matching email or contract number or otherid\"', '2025-12-05 00:30:56');
INSERT INTO `inactive_history` (`user_id`, `commission_balance`, `amount`, `date`) VALUES ('G5QCEL', '0', '50', '2025-12-05 00:30:56');
INSERT INTO `inactive_point_history` (`user_id`, `point`, `date`) VALUES ('6CYPUS', '0', '2025-12-05 00:30:56');
UPDATE `user_registration` SET `sub_point` = 0, `active_status` = 'no'
WHERE `user_id` = '6CYPUS';
INSERT INTO `arreva_api_logs` (`user_id`, `email`, `endpoint`, `response`, `date`) VALUES ('6CYPUS', 'nquiros@ymail.com', 'deactivatemember', '\"Unable to find user matching email or contract number or otherid\"', '2025-12-05 00:30:57');
INSERT INTO `inactive_history` (`user_id`, `commission_balance`, `amount`, `date`) VALUES ('6CYPUS', '0', '150', '2025-12-05 00:30:57');
INSERT INTO `inactive_point_history` (`user_id`, `point`, `date`) VALUES ('52FDFS', '0', '2025-12-05 00:30:57');
UPDATE `user_registration` SET `sub_point` = 0, `active_status` = 'no'
WHERE `user_id` = '52FDFS';
INSERT INTO `arreva_api_logs` (`user_id`, `email`, `endpoint`, `response`, `date`) VALUES ('52FDFS', 'mariajcarloa@gmail.com', 'deactivatemember', '\"Unable to find user matching email or contract number or otherid\"', '2025-12-05 00:30:57');
INSERT INTO `inactive_history` (`user_id`, `commission_balance`, `amount`, `date`) VALUES ('52FDFS', '0', '150', '2025-12-05 00:30:57');
INSERT INTO `inactive_point_history` (`user_id`, `point`, `date`) VALUES ('LI6NAA', '0', '2025-12-05 00:30:57');
UPDATE `user_registration` SET `sub_point` = 0, `active_status` = 'no'
WHERE `user_id` = 'LI6NAA';
INSERT INTO `arreva_api_logs` (`user_id`, `email`, `endpoint`, `response`, `date`) VALUES ('LI6NAA', 'sotolongor+96@gmail.com', 'deactivatemember', 'true', '2025-12-05 00:30:57');
INSERT INTO `inactive_history` (`user_id`, `commission_balance`, `amount`, `date`) VALUES ('LI6NAA', '0', '150', '2025-12-05 00:30:57');
INSERT INTO `inactive_point_history` (`user_id`, `point`, `date`) VALUES ('NOBRW6', '0', '2025-12-05 00:30:57');
UPDATE `user_registration` SET `sub_point` = 0, `active_status` = 'no'
WHERE `user_id` = 'NOBRW6';
INSERT INTO `arreva_api_logs` (`user_id`, `email`, `endpoint`, `response`, `date`) VALUES ('NOBRW6', 'yosvanyperezcruckshank@gmail.com', 'deactivatemember', 'true', '2025-12-05 00:30:58');
INSERT INTO `inactive_history` (`user_id`, `commission_balance`, `amount`, `date`) VALUES ('NOBRW6', '0', '150', '2025-12-05 00:30:58');
INSERT INTO `inactive_point_history` (`user_id`, `point`, `date`) VALUES ('6XB3NC', '0', '2025-12-05 00:30:58');
UPDATE `user_registration` SET `sub_point` = 0, `active_status` = 'no'
WHERE `user_id` = '6XB3NC';
INSERT INTO `arreva_api_logs` (`user_id`, `email`, `endpoint`, `response`, `date`) VALUES ('6XB3NC', 'aymeelucia1971@gmail.com', 'deactivatemember', 'true', '2025-12-05 00:30:58');
INSERT INTO `inactive_history` (`user_id`, `commission_balance`, `amount`, `date`) VALUES ('6XB3NC', '0', '150', '2025-12-05 00:30:58');
UPDATE `user_registration` SET commission_balance = ROUND(commission_balance - 150,2)
WHERE `user_id` = 'K44I3E';
INSERT INTO `sub_history` (`user_id`, `package_id`, `amount`, `payment_method`, `date`) VALUES ('K44I3E', '2', '150', 'Ewallet', '2025-12-05 00:30:58');
UPDATE `user_registration` SET sub_point = ROUND(sub_point + 150,2)
WHERE `user_id` = 'K44I3E';
INSERT INTO `investment` (`invest_date`, `user_id`, `type`, `amount`, `package_id`) VALUES ('2025-12-05 00:30:58', 'K44I3E', 'subscription', '150', '2');
INSERT INTO `earnings` (`user_id`, `Purchaser_id`, `earning_type`, `package_id`, `amount`, `date`, `comments`, `invest_amount`, `comm_perc`, `level`, `rank_id`, `order_id`) VALUES ('RKMICU', 'K44I3E', 'Subscription Referral Bonus', '2', '37.5', '2025-12-05 00:30:58', 'Subscription Referral Bonus', 0, 0, 1, '', 1315);
UPDATE `user_registration` SET commission_balance = ROUND(commission_balance + 37.5,2)
WHERE `user_id` = 'RKMICU';
UPDATE `user_registration` SET total_points = ROUND(total_points + 150,2)
WHERE `user_id` = 'K44I3E';
INSERT INTO `points_history` (`user_id`, `points`, `type`, `date`) VALUES ('K44I3E', '150', 'subscription', '2025-12-05 00:30:');
UPDATE `bv_updation` SET left_carry = left_carry+150, total_left = total_left+150
WHERE `user_id` = 'D1UQ1O';
INSERT INTO `placement_bv_update_history` (`left_carry`, `date`, `from_id`, `user_id`) VALUES ('150', '2025-12-05 00:30:58', 'K44I3E', 'D1UQ1O');
UPDATE `bv_updation` SET left_carry = left_carry+150, total_left = total_left+150
WHERE `user_id` = 'A11V1Y';
INSERT INTO `placement_bv_update_history` (`left_carry`, `date`, `from_id`, `user_id`) VALUES ('150', '2025-12-05 00:30:58', 'K44I3E', 'A11V1Y');
UPDATE `bv_updation` SET left_carry = left_carry+150, total_left = total_left+150
WHERE `user_id` = '47XL7H';
INSERT INTO `placement_bv_update_history` (`left_carry`, `date`, `from_id`, `user_id`) VALUES ('150', '2025-12-05 00:30:58', 'K44I3E', '47XL7H');
UPDATE `bv_updation` SET left_carry = left_carry+150, total_left = total_left+150
WHERE `user_id` = 'AM2FR1';
INSERT INTO `placement_bv_update_history` (`left_carry`, `date`, `from_id`, `user_id`) VALUES ('150', '2025-12-05 00:30:58', 'K44I3E', 'AM2FR1');
UPDATE `bv_updation` SET left_carry = left_carry+150, total_left = total_left+150
WHERE `user_id` = 'RKMICU';
INSERT INTO `placement_bv_update_history` (`left_carry`, `date`, `from_id`, `user_id`) VALUES ('150', '2025-12-05 00:30:58', 'K44I3E', 'RKMICU');
UPDATE `bv_updation` SET sponsor_left_carry = sponsor_left_carry+150, sponsor_total_left = sponsor_total_left+150
WHERE `user_id` = 'RKMICU';
INSERT INTO `sponsor_bv_update_history` (`left_carry`, `date`, `user_id`) VALUES ('150', '2025-12-05 00:30:58', 'RKMICU');
UPDATE `bv_updation` SET left_carry = left_carry+150, total_left = total_left+150
WHERE `user_id` = '1HT8BK';
INSERT INTO `placement_bv_update_history` (`left_carry`, `date`, `from_id`, `user_id`) VALUES ('150', '2025-12-05 00:30:58', 'K44I3E', '1HT8BK');
UPDATE `bv_updation` SET left_carry = left_carry+150, total_left = total_left+150
WHERE `user_id` = 'VPMCC5';
INSERT INTO `placement_bv_update_history` (`left_carry`, `date`, `from_id`, `user_id`) VALUES ('150', '2025-12-05 00:30:58', 'K44I3E', 'VPMCC5');
UPDATE `user_registration` SET `cycle_rank_id` = '1'
WHERE `user_id` = 'VPMCC5';
INSERT INTO `rank_history` (`rank_id`, `user_id`, `name`, `bv`, `date`, `amount`, `type`) VALUES ('1', 'VPMCC5', 'Affiliate', '0', '2025-12-05 00:30:58', '0', 'auto');
UPDATE `bv_updation` SET left_carry = left_carry+150, total_left = total_left+150
WHERE `user_id` = '5XIPYS';
INSERT INTO `placement_bv_update_history` (`left_carry`, `date`, `from_id`, `user_id`) VALUES ('150', '2025-12-05 00:30:58', 'K44I3E', '5XIPYS');
UPDATE `bv_updation` SET left_carry = left_carry+150, total_left = total_left+150
WHERE `user_id` = '1MHVTB';
INSERT INTO `placement_bv_update_history` (`left_carry`, `date`, `from_id`, `user_id`) VALUES ('150', '2025-12-05 00:30:58', 'K44I3E', '1MHVTB');
UPDATE `bv_updation` SET left_carry = left_carry+150, total_left = total_left+150
WHERE `user_id` = '4WVWXZ';
INSERT INTO `placement_bv_update_history` (`left_carry`, `date`, `from_id`, `user_id`) VALUES ('150', '2025-12-05 00:30:58', 'K44I3E', '4WVWXZ');
UPDATE `user_registration` SET `cycle_rank_id` = '1'
WHERE `user_id` = '4WVWXZ';
INSERT INTO `rank_history` (`rank_id`, `user_id`, `name`, `bv`, `date`, `amount`, `type`) VALUES ('1', '4WVWXZ', 'Affiliate', '0', '2025-12-05 00:30:58', '0', 'auto');
UPDATE `bv_updation` SET left_carry = left_carry+150, total_left = total_left+150
WHERE `user_id` = 'GTPJAP';
INSERT INTO `placement_bv_update_history` (`left_carry`, `date`, `from_id`, `user_id`) VALUES ('150', '2025-12-05 00:30:58', 'K44I3E', 'GTPJAP');
UPDATE `bv_updation` SET left_carry = left_carry+150, total_left = total_left+150
WHERE `user_id` = '4VE7D1';
INSERT INTO `placement_bv_update_history` (`left_carry`, `date`, `from_id`, `user_id`) VALUES ('150', '2025-12-05 00:30:58', 'K44I3E', '4VE7D1');
UPDATE `user_registration` SET `cycle_rank_id` = '1'
WHERE `user_id` = '4VE7D1';
INSERT INTO `rank_history` (`rank_id`, `user_id`, `name`, `bv`, `date`, `amount`, `type`) VALUES ('1', '4VE7D1', 'Affiliate', '0', '2025-12-05 00:30:58', '0', 'auto');
UPDATE `bv_updation` SET left_carry = left_carry+150, total_left = total_left+150
WHERE `user_id` = '2KPJZJ';
INSERT INTO `placement_bv_update_history` (`left_carry`, `date`, `from_id`, `user_id`) VALUES ('150', '2025-12-05 00:30:58', 'K44I3E', '2KPJZJ');
UPDATE `bv_updation` SET left_carry = left_carry+150, total_left = total_left+150
WHERE `user_id` = 'B5EVHD';
INSERT INTO `placement_bv_update_history` (`left_carry`, `date`, `from_id`, `user_id`) VALUES ('150', '2025-12-05 00:30:58', 'K44I3E', 'B5EVHD');
UPDATE `user_registration` SET `cycle_rank_id` = '1'
WHERE `user_id` = 'B5EVHD';
INSERT INTO `rank_history` (`rank_id`, `user_id`, `name`, `bv`, `date`, `amount`, `type`) VALUES ('1', 'B5EVHD', 'Affiliate', '0', '2025-12-05 00:30:58', '0', 'auto');
UPDATE `bv_updation` SET left_carry = left_carry+150, total_left = total_left+150
WHERE `user_id` = 'AQJLZA';
INSERT INTO `placement_bv_update_history` (`left_carry`, `date`, `from_id`, `user_id`) VALUES ('150', '2025-12-05 00:30:58', 'K44I3E', 'AQJLZA');
UPDATE `bv_updation` SET left_carry = left_carry+150, total_left = total_left+150
WHERE `user_id` = '2V26XM';
INSERT INTO `placement_bv_update_history` (`left_carry`, `date`, `from_id`, `user_id`) VALUES ('150', '2025-12-05 00:30:58', 'K44I3E', '2V26XM');
UPDATE `bv_updation` SET left_carry = left_carry+150, total_left = total_left+150
WHERE `user_id` = 'K8DXP2';
INSERT INTO `placement_bv_update_history` (`left_carry`, `date`, `from_id`, `user_id`) VALUES ('150', '2025-12-05 00:30:58', 'K44I3E', 'K8DXP2');
UPDATE `bv_updation` SET left_carry = left_carry+150, total_left = total_left+150
WHERE `user_id` = 'HP6YP2';
INSERT INTO `placement_bv_update_history` (`left_carry`, `date`, `from_id`, `user_id`) VALUES ('150', '2025-12-05 00:30:58', 'K44I3E', 'HP6YP2');
UPDATE `user_registration` SET `cycle_rank_id` = '1'
WHERE `user_id` = 'HP6YP2';
INSERT INTO `rank_history` (`rank_id`, `user_id`, `name`, `bv`, `date`, `amount`, `type`) VALUES ('1', 'HP6YP2', 'Affiliate', '0', '2025-12-05 00:30:58', '0', 'auto');
UPDATE `bv_updation` SET left_carry = left_carry+150, total_left = total_left+150
WHERE `user_id` = 'L8NRSC';
INSERT INTO `placement_bv_update_history` (`left_carry`, `date`, `from_id`, `user_id`) VALUES ('150', '2025-12-05 00:30:58', 'K44I3E', 'L8NRSC');
UPDATE `user_registration` SET `cycle_rank_id` = '1'
WHERE `user_id` = 'L8NRSC';
INSERT INTO `rank_history` (`rank_id`, `user_id`, `name`, `bv`, `date`, `amount`, `type`) VALUES ('1', 'L8NRSC', 'Affiliate', '0', '2025-12-05 00:30:58', '0', 'auto');
UPDATE `bv_updation` SET left_carry = left_carry+150, total_left = total_left+150
WHERE `user_id` = 'JHRDHS';
INSERT INTO `placement_bv_update_history` (`left_carry`, `date`, `from_id`, `user_id`) VALUES ('150', '2025-12-05 00:30:58', 'K44I3E', 'JHRDHS');
UPDATE `user_registration` SET `cycle_rank_id` = '1'
WHERE `user_id` = 'JHRDHS';
INSERT INTO `rank_history` (`rank_id`, `user_id`, `name`, `bv`, `date`, `amount`, `type`) VALUES ('1', 'JHRDHS', 'Affiliate', '0', '2025-12-05 00:30:58', '0', 'auto');
UPDATE `bv_updation` SET right_carry = right_carry+150, total_right = total_right+150
WHERE `user_id` = 'CVVK4C';
INSERT INTO `placement_bv_update_history` (`right_carry`, `date`, `from_id`, `user_id`) VALUES ('150', '2025-12-05 00:30:58', 'K44I3E', 'CVVK4C');
UPDATE `user_registration` SET `cycle_rank_id` = '1'
WHERE `user_id` = 'CVVK4C';
INSERT INTO `rank_history` (`rank_id`, `user_id`, `name`, `bv`, `date`, `amount`, `type`) VALUES ('1', 'CVVK4C', 'Affiliate', '0', '2025-12-05 00:30:58', '0', 'auto');
UPDATE `bv_updation` SET left_carry = left_carry+150, total_left = total_left+150
WHERE `user_id` = 'K55EDD';
INSERT INTO `placement_bv_update_history` (`left_carry`, `date`, `from_id`, `user_id`) VALUES ('150', '2025-12-05 00:30:58', 'K44I3E', 'K55EDD');
UPDATE `user_registration` SET `cycle_rank_id` = '1'
WHERE `user_id` = 'K55EDD';
INSERT INTO `rank_history` (`rank_id`, `user_id`, `name`, `bv`, `date`, `amount`, `type`) VALUES ('1', 'K55EDD', 'Affiliate', '0', '2025-12-05 00:30:58', '0', 'auto');
UPDATE `bv_updation` SET left_carry = left_carry+150, total_left = total_left+150
WHERE `user_id` = 'UQO7EQ';
INSERT INTO `placement_bv_update_history` (`left_carry`, `date`, `from_id`, `user_id`) VALUES ('150', '2025-12-05 00:30:58', 'K44I3E', 'UQO7EQ');
UPDATE `user_registration` SET `cycle_rank_id` = '1'
WHERE `user_id` = 'UQO7EQ';
INSERT INTO `rank_history` (`rank_id`, `user_id`, `name`, `bv`, `date`, `amount`, `type`) VALUES ('1', 'UQO7EQ', 'Affiliate', '0', '2025-12-05 00:30:58', '0', 'auto');
UPDATE `bv_updation` SET left_carry = left_carry+150, total_left = total_left+150
WHERE `user_id` = 'N6GZAE';
INSERT INTO `placement_bv_update_history` (`left_carry`, `date`, `from_id`, `user_id`) VALUES ('150', '2025-12-05 00:30:58', 'K44I3E', 'N6GZAE');
UPDATE `user_registration` SET `cycle_rank_id` = '1'
WHERE `user_id` = 'N6GZAE';
INSERT INTO `rank_history` (`rank_id`, `user_id`, `name`, `bv`, `date`, `amount`, `type`) VALUES ('1', 'N6GZAE', 'Affiliate', '0', '2025-12-05 00:30:58', '0', 'auto');
UPDATE `bv_updation` SET left_carry = left_carry+150, total_left = total_left+150
WHERE `user_id` = '4E1CRI';
INSERT INTO `placement_bv_update_history` (`left_carry`, `date`, `from_id`, `user_id`) VALUES ('150', '2025-12-05 00:30:58', 'K44I3E', '4E1CRI');
UPDATE `bv_updation` SET left_carry = left_carry+150, total_left = total_left+150
WHERE `user_id` = 'SJBNYJ';
INSERT INTO `placement_bv_update_history` (`left_carry`, `date`, `from_id`, `user_id`) VALUES ('150', '2025-12-05 00:30:58', 'K44I3E', 'SJBNYJ');
UPDATE `user_registration` SET `cycle_rank_id` = '1'
WHERE `user_id` = 'SJBNYJ';
INSERT INTO `rank_history` (`rank_id`, `user_id`, `name`, `bv`, `date`, `amount`, `type`) VALUES ('1', 'SJBNYJ', 'Affiliate', '0', '2025-12-05 00:30:58', '0', 'auto');
UPDATE `bv_updation` SET left_carry = left_carry+150, total_left = total_left+150
WHERE `user_id` = '44B9Y4';
INSERT INTO `placement_bv_update_history` (`left_carry`, `date`, `from_id`, `user_id`) VALUES ('150', '2025-12-05 00:30:58', 'K44I3E', '44B9Y4');
UPDATE `user_registration` SET `cycle_rank_id` = '1'
WHERE `user_id` = '44B9Y4';
INSERT INTO `rank_history` (`rank_id`, `user_id`, `name`, `bv`, `date`, `amount`, `type`) VALUES ('1', '44B9Y4', 'Affiliate', '0', '2025-12-05 00:30:58', '0', 'auto');
UPDATE `bv_updation` SET right_carry = right_carry+150, total_right = total_right+150
WHERE `user_id` = 'admin';
INSERT INTO `placement_bv_update_history` (`right_carry`, `date`, `from_id`, `user_id`) VALUES ('150', '2025-12-05 00:30:58', 'K44I3E', 'admin');
UPDATE `user_registration` SET `cycle_rank_id` = '1'
WHERE `user_id` = 'admin';
INSERT INTO `rank_history` (`rank_id`, `user_id`, `name`, `bv`, `date`, `amount`, `type`) VALUES ('1', 'admin', 'Affiliate', '0', '2025-12-05 00:30:58', '0', 'auto');
UPDATE `user_registration` SET `subscription_date` = '2026-01-05', `active_status` = 'yes', `reminder_sent` = 'no'
WHERE `user_id` = 'K44I3E';
INSERT INTO `arreva_api_logs` (`user_id`, `email`, `endpoint`, `response`, `date`) VALUES ('K44I3E', 'jcap1979@yahoo.com', 'activatemember', 'true', '2025-12-05 00:30:59');
UPDATE `cron_job_history` SET `status` = 'done', `date_end` = '2025-12-05 00:30:59'
WHERE `id` = 866;
INSERT INTO `login_history` (`user_id`, `device`, `ip_address`, `date`) VALUES ('2RSJNO', 'Mozilla/5.0 (iPhone; CPU iPhone OS 26_1_0 like Mac OS X) AppleWebKit/605.1.15 (KHTML, like Gecko) GSA/396.0.833910942 Mobile/15E148 Safari/604.1', '2607:fb90:916a:ca4a:583b:9c88:750f:87cc', '25-12-05 06:18');
UPDATE `user_registration` SET `popup_seen` = 'yes'
WHERE `user_id` = '2RSJNO';
INSERT INTO `login_history` (`user_id`, `device`, `ip_address`, `date`) VALUES ('UQO7EQ', 'Mozilla/5.0 (Windows NT 10.0; Win64; x64) AppleWebKit/537.36 (KHTML, like Gecko) Chrome/143.0.0.0 Safari/537.36', '2601:58a:897c:5f70:84bb:80e4:cc68:3f2c', '25-12-05 10:23');
UPDATE `user_registration` SET `popup_seen` = 'yes'
WHERE `user_id` = 'UQO7EQ';
UPDATE `user_registration` SET `popup_seen` = 'no'
WHERE `user_id` = 'UQO7EQ';
DELETE FROM `ci_sessions`
WHERE `id` = '948930a13883b40d7da3ba5944845b7e48e172f8';
INSERT INTO `login_history` (`user_id`, `device`, `ip_address`, `date`) VALUES ('2RSJNO', 'Mozilla/5.0 (iPhone; CPU iPhone OS 26_1_0 like Mac OS X) AppleWebKit/605.1.15 (KHTML, like Gecko) GSA/396.0.833910942 Mobile/15E148 Safari/604.1', '2607:fb90:916a:ca4a:180a:9160:c272:9c9a', '25-12-05 10:56');
UPDATE `user_registration` SET `popup_seen` = 'yes'
WHERE `user_id` = '2RSJNO';
INSERT INTO `login_history` (`user_id`, `device`, `ip_address`, `date`) VALUES ('QJ5U9C', 'Mozilla/5.0 (iPhone; CPU iPhone OS 18_5_0 like Mac OS X) AppleWebKit/605.1.15 (KHTML, like Gecko) CriOS/138.0.7204.156 Mobile/15E148 Safari/604.1', '2607:fb91:1900:83da:f5f5:2a3f:87ec:2d66', '25-12-05 12:51');
UPDATE `user_registration` SET `popup_seen` = 'yes'
WHERE `user_id` = 'QJ5U9C';
INSERT INTO `login_history` (`user_id`, `device`, `ip_address`, `date`) VALUES ('UQO7EQ', 'Mozilla/5.0 (Windows NT 10.0; Win64; x64) AppleWebKit/537.36 (KHTML, like Gecko) Chrome/143.0.0.0 Safari/537.36', '2601:58a:897c:5f70:84bb:80e4:cc68:3f2c', '25-12-05 12:57');
UPDATE `user_registration` SET `popup_seen` = 'yes'
WHERE `user_id` = 'UQO7EQ';
UPDATE `user_registration` SET `popup_seen` = 'no'
WHERE `user_id` = 'UQO7EQ';
DELETE FROM `ci_sessions`
WHERE `id` = 'ce40b02183c128b0e52f46db693e9f3f93e4097f';
UPDATE `ci_sessions` SET `timestamp` = 1764961870, `data` = '__ci_last_regenerate|i:1764961870;id|s:4:\"2084\";user_id|s:6:\"QJ5U9C\";username|s:10:\"gascarde60\";sponsor_id|s:6:\"O94ZPY\";fullname|s:14:\"Gaspar Cardero\";email|s:18:\"gascarde@yahoo.com\";phone|s:10:\"7862371360\";isLogIn|b:1;'
WHERE `id` = '4db47dd09be2346ee7c03c16960004cb4afd1648';
UPDATE `user_registration` SET `popup_seen` = 'yes'
WHERE `user_id` = 'QJ5U9C';
UPDATE `ci_sessions` SET `timestamp` = 1764965260, `data` = '__ci_last_regenerate|i:1764965260;captcha|s:4:\"yzcu\";'
WHERE `id` = 'a8e59cafffd75c0c135be127a528b4c370360aff';
INSERT INTO `login_history` (`user_id`, `device`, `ip_address`, `date`) VALUES ('KWLAIS', 'Mozilla/5.0 (iPhone; CPU iPhone OS 18_6_2 like Mac OS X) AppleWebKit/605.1.15 (KHTML, like Gecko) Version/18.6 Mobile/15E148 Safari/604.1', '2600:1700:4c04:4240:813c:9fd6:6c8c:e36d', '25-12-05 14:09');
UPDATE `user_registration` SET `popup_seen` = 'yes'
WHERE `user_id` = 'KWLAIS';
UPDATE `user_registration` SET `popup_seen` = 'yes'
WHERE `user_id` = 'KWLAIS';
INSERT INTO `temp_register` (`post_data`, `date`, `payment_method`, `type`) VALUES ('{\"user_id\":\"KWLAIS\",\"card_id\":\"3\",\"card_cost\":\"100\",\"card_value\":\"100\",\"payment_option\":\"stripe\",\"date\":\"2025-12-05 14:11:07\"}', '2025-12-05 14:11:07', 'stripe', 'buy+top_up_card');
UPDATE `temp_register` SET `response` = '{\"stripeToken\":\"tok_1Sb5Ml2NUoYUjiuuovcn9uV7\",\"stripeTokenType\":\"card\",\"stripeEmail\":\"rociofernandez468@gmail.com\"}', `date_modified` = '2025-12-05 14:12:39', `payment_status` = '{\"id\":\"ch_3Sb5Mo2NUoYUjiuu1DTUlzf8\",\"object\":\"charge\",\"amount\":10000,\"amount_captured\":10000,\"amount_refunded\":0,\"application\":null,\"application_fee\":null,\"application_fee_amount\":null,\"balance_transaction\":\"txn_3Sb5Mo2NUoYUjiuu1O0mq3eG\",\"billing_details\":{\"address\":{\"city\":null,\"country\":null,\"line1\":null,\"line2\":null,\"postal_code\":null,\"state\":null},\"email\":null,\"name\":\"rociofernandez468@gmail.com\",\"phone\":null,\"tax_id\":null},\"calculated_statement_descriptor\":\"TRAVELEGENDCY LLC\",\"captured\":true,\"created\":1764965558,\"currency\":\"usd\",\"customer\":\"cus_TYBk9iX5h7cM8A\",\"description\":null,\"destination\":null,\"dispute\":null,\"disputed\":false,\"failure_balance_transaction\":null,\"failure_code\":null,\"failure_message\":null,\"fraud_details\":[],\"invoice\":null,\"livemode\":true,\"metadata\":[],\"on_behalf_of\":null,\"order\":null,\"outcome\":{\"advice_code\":null,\"network_advice_code\":null,\"network_decline_code\":null,\"network_status\":\"approved_by_network\",\"reason\":null,\"risk_level\":\"normal\",\"seller_message\":\"Payment complete.\",\"type\":\"authorized\"},\"paid\":true,\"payment_intent\":null,\"payment_method\":\"card_1Sb5Ml2NUoYUjiuutERsNZIm\",\"payment_method_details\":{\"card\":{\"amount_authorized\":10000,\"authorization_code\":\"089419\",\"brand\":\"visa\",\"checks\":{\"address_line1_check\":null,\"address_postal_code_check\":null,\"cvc_check\":\"pass\"},\"country\":\"US\",\"exp_month\":6,\"exp_year\":2028,\"extended_authorization\":{\"status\":\"disabled\"},\"fingerprint\":\"JZWvL20Y69y7F8ex\",\"funding\":\"debit\",\"incremental_authorization\":{\"status\":\"unavailable\"},\"installments\":null,\"last4\":\"3112\",\"mandate\":null,\"multicapture\":{\"status\":\"unavailable\"},\"network\":\"visa\",\"network_token\":{\"used\":false},\"network_transaction_id\":\"355339727592181\",\"overcapture\":{\"maximum_amount_capturable\":10000,\"status\":\"unavailable\"},\"regulated_status\":\"regulated\",\"three_d_secure\":null,\"wallet\":null},\"type\":\"card\"},\"receipt_email\":null,\"receipt_number\":null,\"receipt_url\":\"https:\\/\\/pay.stripe.com\\/receipts\\/payment\\/CAcQARoXChVhY2N0XzFRUEFGdjJOVW9ZVWppdXUot_nMyQYyBuGMZANvbzosFkHQ-tT3V5cF_H8O6mZpCtEoLttYYmnaVyco77ne7se8MvGYbmVmgDJoWwg\",\"refunded\":false,\"review\":null,\"shipping\":null,\"source\":{\"id\":\"card_1Sb5Ml2NUoYUjiuutERsNZIm\",\"object\":\"card\",\"address_city\":null,\"address_country\":null,\"address_line1\":null,\"address_line1_check\":null,\"address_line2\":null,\"address_state\":null,\"address_zip\":null,\"address_zip_check\":null,\"allow_redisplay\":\"unspecified\",\"brand\":\"Visa\",\"country\":\"US\",\"customer\":\"cus_TYBk9iX5h7cM8A\",\"cvc_check\":\"pass\",\"dynamic_last4\":null,\"email\":null,\"exp_month\":6,\"exp_year\":2028,\"fingerprint\":\"JZWvL20Y69y7F8ex\",\"funding\":\"debit\",\"last4\":\"3112\",\"metadata\":[],\"name\":\"rociofernandez468@gmail.com\",\"phone\":null,\"regulated_status\":\"regulated\",\"tokenization_method\":null,\"wallet\":null},\"source_transfer\":null,\"statement_descriptor\":null,\"statement_descriptor_suffix\":null,\"status\":\"succeeded\",\"transfer_data\":null,\"transfer_group\":null}'
WHERE `id` = 1293;
INSERT INTO `card_purchase_history` (`user_id`, `card_id`, `card_cost`, `card_value`, `payment_option`, `date`) VALUES ('KWLAIS', '3', '100', '100', 'stripe', '2025-12-05 14:11:07');
UPDATE `user_registration` SET commission_balance = ROUND(commission_balance + 100,2)
WHERE `user_id` = 'KWLAIS';
UPDATE `ci_sessions` SET `timestamp` = 1764965563, `data` = '__ci_last_regenerate|i:1764965563;id|s:4:\"2200\";user_id|s:6:\"KWLAIS\";username|s:10:\"rocii_esme\";sponsor_id|s:6:\"LUOTZ5\";fullname|s:22:\"Rocio E Fernandez Mora\";email|s:27:\"rociofernandez468@gmail.com\";phone|s:10:\"7863782640\";isLogIn|b:1;reg_stripe_id|i:1293;message|s:31:\"Purchase Completed Successfully\";__ci_vars|a:1:{s:7:\"message\";s:3:\"old\";}'
WHERE `id` = '69164ba66c69b2efad5d09170b75c37e69759eaa';
UPDATE `user_registration` SET `popup_seen` = 'yes'
WHERE `user_id` = 'KWLAIS';
UPDATE `user_registration` SET `popup_seen` = 'no'
WHERE `user_id` = 'KWLAIS';
DELETE FROM `ci_sessions`
WHERE `id` = 'a7a273474e1bea10d1b2a16038553e0a905e35c0';
INSERT INTO `login_history` (`user_id`, `device`, `ip_address`, `date`) VALUES ('PPBJP7', 'Mozilla/5.0 (iPhone; CPU iPhone OS 18_6_2 like Mac OS X) AppleWebKit/605.1.15 (KHTML, like Gecko) Version/18.6 Mobile/15E148 Safari/604.1', '2600:1700:4c04:4240:813c:9fd6:6c8c:e36d', '25-12-05 14:14');
UPDATE `user_registration` SET `popup_seen` = 'yes'
WHERE `user_id` = 'PPBJP7';
INSERT INTO `temp_register` (`post_data`, `date`, `payment_method`, `type`) VALUES ('{\"user_id\":\"PPBJP7\",\"card_id\":\"2\",\"card_cost\":\"50\",\"card_value\":\"50\",\"payment_option\":\"stripe\",\"date\":\"2025-12-05 14:15:17\"}', '2025-12-05 14:15:17', 'stripe', 'buy+top_up_card');
UPDATE `temp_register` SET `response` = '{\"stripeToken\":\"tok_1Sb5Qz2NUoYUjiuu1nOeYMuk\",\"stripeTokenType\":\"card\",\"stripeEmail\":\"humbe.roque@yahoo.com\"}', `date_modified` = '2025-12-05 14:17:02', `payment_status` = '{\"id\":\"ch_3Sb5R32NUoYUjiuu1e0VWOLO\",\"object\":\"charge\",\"amount\":5000,\"amount_captured\":5000,\"amount_refunded\":0,\"application\":null,\"application_fee\":null,\"application_fee_amount\":null,\"balance_transaction\":\"txn_3Sb5R32NUoYUjiuu1TSVhRBk\",\"billing_details\":{\"address\":{\"city\":null,\"country\":null,\"line1\":null,\"line2\":null,\"postal_code\":null,\"state\":null},\"email\":null,\"name\":\"humbe.roque@yahoo.com\",\"phone\":null,\"tax_id\":null},\"calculated_statement_descriptor\":\"TRAVELEGENDCY LLC\",\"captured\":true,\"created\":1764965821,\"currency\":\"usd\",\"customer\":\"cus_TYBodwhg4SiBJk\",\"description\":null,\"destination\":null,\"dispute\":null,\"disputed\":false,\"failure_balance_transaction\":null,\"failure_code\":null,\"failure_message\":null,\"fraud_details\":[],\"invoice\":null,\"livemode\":true,\"metadata\":[],\"on_behalf_of\":null,\"order\":null,\"outcome\":{\"advice_code\":null,\"network_advice_code\":null,\"network_decline_code\":null,\"network_status\":\"approved_by_network\",\"reason\":null,\"risk_level\":\"normal\",\"seller_message\":\"Payment complete.\",\"type\":\"authorized\"},\"paid\":true,\"payment_intent\":null,\"payment_method\":\"card_1Sb5Qz2NUoYUjiuuhQBG89sQ\",\"payment_method_details\":{\"card\":{\"amount_authorized\":5000,\"authorization_code\":\"076443\",\"brand\":\"visa\",\"checks\":{\"address_line1_check\":null,\"address_postal_code_check\":null,\"cvc_check\":\"pass\"},\"country\":\"US\",\"exp_month\":6,\"exp_year\":2028,\"extended_authorization\":{\"status\":\"disabled\"},\"fingerprint\":\"JZWvL20Y69y7F8ex\",\"funding\":\"debit\",\"incremental_authorization\":{\"status\":\"unavailable\"},\"installments\":null,\"last4\":\"3112\",\"mandate\":null,\"multicapture\":{\"status\":\"unavailable\"},\"network\":\"visa\",\"network_token\":{\"used\":false},\"network_transaction_id\":\"385339730220169\",\"overcapture\":{\"maximum_amount_capturable\":5000,\"status\":\"unavailable\"},\"regulated_status\":\"regulated\",\"three_d_secure\":null,\"wallet\":null},\"type\":\"card\"},\"receipt_email\":null,\"receipt_number\":null,\"receipt_url\":\"https:\\/\\/pay.stripe.com\\/receipts\\/payment\\/CAcQARoXChVhY2N0XzFRUEFGdjJOVW9ZVWppdXUovvvMyQYyBsqPsl5gajosFu99mreZZ2P_X7m6xRUs1a3YU8X0gc86u5j5YwkPsDdGBpxewIzTD03pEg8\",\"refunded\":false,\"review\":null,\"shipping\":null,\"source\":{\"id\":\"card_1Sb5Qz2NUoYUjiuuhQBG89sQ\",\"object\":\"card\",\"address_city\":null,\"address_country\":null,\"address_line1\":null,\"address_line1_check\":null,\"address_line2\":null,\"address_state\":null,\"address_zip\":null,\"address_zip_check\":null,\"allow_redisplay\":\"unspecified\",\"brand\":\"Visa\",\"country\":\"US\",\"customer\":\"cus_TYBodwhg4SiBJk\",\"cvc_check\":\"pass\",\"dynamic_last4\":null,\"email\":null,\"exp_month\":6,\"exp_year\":2028,\"fingerprint\":\"JZWvL20Y69y7F8ex\",\"funding\":\"debit\",\"last4\":\"3112\",\"metadata\":[],\"name\":\"humbe.roque@yahoo.com\",\"phone\":null,\"regulated_status\":\"regulated\",\"tokenization_method\":null,\"wallet\":null},\"source_transfer\":null,\"statement_descriptor\":null,\"statement_descriptor_suffix\":null,\"status\":\"succeeded\",\"transfer_data\":null,\"transfer_group\":null}'
WHERE `id` = 1294;
INSERT INTO `card_purchase_history` (`user_id`, `card_id`, `card_cost`, `card_value`, `payment_option`, `date`) VALUES ('PPBJP7', '2', '50', '50', 'stripe', '2025-12-05 14:15:17');
UPDATE `user_registration` SET commission_balance = ROUND(commission_balance + 50,2)
WHERE `user_id` = 'PPBJP7';
UPDATE `user_registration` SET `popup_seen` = 'yes'
WHERE `user_id` = 'PPBJP7';
UPDATE `user_registration` SET `popup_seen` = 'no'
WHERE `user_id` = 'PPBJP7';
DELETE FROM `ci_sessions`
WHERE `id` = '503abaf6986ad98c738ebaa610a6b2ab0945ba3b';
INSERT INTO `login_history` (`user_id`, `device`, `ip_address`, `date`) VALUES ('PPBJP7', 'Mozilla/5.0 (iPhone; CPU iPhone OS 18_6_2 like Mac OS X) AppleWebKit/605.1.15 (KHTML, like Gecko) Version/18.6 Mobile/15E148 Safari/604.1', '2600:1700:4c04:4240:813c:9fd6:6c8c:e36d', '25-12-05 14:18');
UPDATE `user_registration` SET `popup_seen` = 'yes'
WHERE `user_id` = 'PPBJP7';
UPDATE `user_registration` SET `popup_seen` = 'yes'
WHERE `user_id` = 'PPBJP7';
UPDATE `user_registration` SET `popup_seen` = 'yes'
WHERE `user_id` = 'PPBJP7';
UPDATE `user_registration` SET `popup_seen` = 'no'
WHERE `user_id` = 'PPBJP7';
DELETE FROM `ci_sessions`
WHERE `id` = 'c31f831e0ba9cfe35d6befdfbda6cd7d241e71c3';
UPDATE `ci_sessions` SET `timestamp` = 1764967523, `data` = '__ci_last_regenerate|i:1764967523;id|s:4:\"2084\";user_id|s:6:\"QJ5U9C\";username|s:10:\"gascarde60\";sponsor_id|s:6:\"O94ZPY\";fullname|s:14:\"Gaspar Cardero\";email|s:18:\"gascarde@yahoo.com\";phone|s:10:\"7862371360\";isLogIn|b:1;'
WHERE `id` = 'bbc9e24e782100bc7995ea5838cab304623baa13';
UPDATE `user_registration` SET `popup_seen` = 'yes'
WHERE `user_id` = 'QJ5U9C';
UPDATE `ci_sessions` SET `timestamp` = 1764968281, `data` = '__ci_last_regenerate|i:1764968281;captcha|s:4:\"qb5u\";'
WHERE `id` = '8db82d7184d4f052bbccdc1120b9a5a1a2ec9aaa';
INSERT INTO `login_history` (`user_id`, `device`, `ip_address`, `date`) VALUES ('IYCRUH', 'Mozilla/5.0 (iPhone; CPU iPhone OS 18_6_2 like Mac OS X) AppleWebKit/605.1.15 (KHTML, like Gecko) Version/18.6 Mobile/15E148 Safari/604.1', '2600:1700:4c04:4240:29f9:a28c:2372:fe3c', '25-12-05 14:58');
UPDATE `user_registration` SET `popup_seen` = 'yes'
WHERE `user_id` = 'IYCRUH';
UPDATE `user_registration` SET `popup_seen` = 'yes'
WHERE `user_id` = 'IYCRUH';
INSERT INTO `login_history` (`user_id`, `device`, `ip_address`, `date`) VALUES ('VQGPGZ', 'Mozilla/5.0 (Linux; Android 10; K) AppleWebKit/537.36 (KHTML, like Gecko) Chrome/142.0.0.0 Mobile Safari/537.36', '2600:1006:b003:ec40:9846:b5f6:631f:c6a', '25-12-05 15:23');
UPDATE `user_registration` SET `popup_seen` = 'yes'
WHERE `user_id` = 'VQGPGZ';
UPDATE `user_registration` SET `popup_seen` = 'yes'
WHERE `user_id` = 'VQGPGZ';
UPDATE `user_registration` SET `popup_seen` = 'yes'
WHERE `user_id` = 'VQGPGZ';
INSERT INTO `login_history` (`user_id`, `device`, `ip_address`, `date`) VALUES ('UQO7EQ', 'Mozilla/5.0 (Windows NT 10.0; Win64; x64) AppleWebKit/537.36 (KHTML, like Gecko) Chrome/143.0.0.0 Safari/537.36', '2601:58a:897c:5f70:84bb:80e4:cc68:3f2c', '25-12-05 18:37');
UPDATE `user_registration` SET `popup_seen` = 'yes'
WHERE `user_id` = 'UQO7EQ';
UPDATE `user_registration` SET `popup_seen` = 'no'
WHERE `user_id` = 'UQO7EQ';
DELETE FROM `ci_sessions`
WHERE `id` = '45f3ee00b1abe75f6e550dc5127b4619d5d1bf83';
UPDATE `user_registration` SET `popup_seen` = 'yes'
WHERE `user_id` = '4VB6SG';
INSERT INTO `login_history` (`user_id`, `device`, `ip_address`, `date`) VALUES ('UQO7EQ', 'Mozilla/5.0 (Linux; Android 10; K) AppleWebKit/537.36 (KHTML, like Gecko) Chrome/142.0.0.0 Mobile Safari/537.36', '2607:fb91:2836:41be:5550:59a6:4db0:44fc', '25-12-05 20:02');
UPDATE `user_registration` SET `popup_seen` = 'yes'
WHERE `user_id` = 'UQO7EQ';
UPDATE `user_registration` SET `popup_seen` = 'no'
WHERE `user_id` = 'UQO7EQ';
DELETE FROM `ci_sessions`
WHERE `id` = '06f9df9479c6232b81f0b5c4de540753cbfd9bb4';
UPDATE `ci_sessions` SET `timestamp` = 1764987414, `data` = '__ci_last_regenerate|i:1764987414;captcha|s:4:\"bq2h\";'
WHERE `id` = '45c14c6d7479013a9d7e5d90b0b8e20a5e0f808e';
INSERT INTO `login_history` (`user_id`, `device`, `ip_address`, `date`) VALUES ('UQO7EQ', 'Mozilla/5.0 (Windows NT 10.0; Win64; x64) AppleWebKit/537.36 (KHTML, like Gecko) Chrome/143.0.0.0 Safari/537.36', '2601:58a:897c:5f70:84bb:80e4:cc68:3f2c', '25-12-05 20:16');
UPDATE `user_registration` SET `popup_seen` = 'yes'
WHERE `user_id` = 'UQO7EQ';
INSERT INTO `login_history` (`user_id`, `device`, `ip_address`, `date`) VALUES ('UQO7EQ', 'Mozilla/5.0 (iPhone; CPU iPhone OS 18_5 like Mac OS X) AppleWebKit/605.1.15 (KHTML, like Gecko) Version/18.5 Mobile/15E148 Safari/604.1', '2607:fb91:c79:90f:199e:6427:316a:800e', '25-12-05 20:17');
UPDATE `user_registration` SET `popup_seen` = 'yes'
WHERE `user_id` = 'UQO7EQ';
INSERT INTO `temp_register` (`post_data`, `date`, `payment_method`, `type`) VALUES ('{\"user_id\":\"UQO7EQ\",\"packge_id\":\"8\",\"amount\":\"148.61\",\"value\":\"0\",\"point\":\"0\",\"image\":\"upload\\/benefits_pack_image\\/99a66b849fe5a3cde36d7c389a208455.png\",\"image_id\":\"N\\/A\",\"country\":\"N\\/A\",\"city\":\"N\\/A\",\"available_points\":\"1500\",\"conversion_point_rate\":\"1\",\"payment_option\":\"stripe\",\"package_title\":\"Travelegendcy - Encuentro Regional  \",\"date\":\"2025-12-05 20:18:32\",\"type\":\"benefits_event_purchase\",\"full_name\":\"Rafael Rodriguez\",\"phone\":\"3057610606\",\"email\":\"rafagana@yahoo.com\",\"quantity\":\"4\"}', '2025-12-05 20:18:32', 'stripe', 'benefits_event_purchase');
INSERT INTO `temp_register` (`post_data`, `date`, `payment_method`, `type`) VALUES ('{\"user_id\":\"UQO7EQ\",\"packge_id\":\"8\",\"amount\":\"37.15\",\"value\":\"0\",\"point\":\"0\",\"image\":\"upload\\/benefits_pack_image\\/99a66b849fe5a3cde36d7c389a208455.png\",\"image_id\":\"N\\/A\",\"country\":\"N\\/A\",\"city\":\"N\\/A\",\"available_points\":\"1500\",\"conversion_point_rate\":\"1\",\"payment_option\":\"stripe\",\"package_title\":\"Travelegendcy - Encuentro Regional  \",\"date\":\"2025-12-05 20:19:15\",\"type\":\"benefits_event_purchase\",\"full_name\":\"Rafael Rodriguez\",\"phone\":\"3057610606\",\"email\":\"rafagana@yahoo.com\",\"quantity\":\"4\"}', '2025-12-05 20:19:15', 'stripe', 'benefits_event_purchase');
INSERT INTO `temp_register` (`post_data`, `date`, `payment_method`, `type`) VALUES ('{\"user_id\":\"UQO7EQ\",\"packge_id\":\"8\",\"amount\":\"148.61\",\"value\":\"0\",\"point\":\"0\",\"image\":\"upload\\/benefits_pack_image\\/99a66b849fe5a3cde36d7c389a208455.png\",\"image_id\":\"N\\/A\",\"country\":\"N\\/A\",\"city\":\"N\\/A\",\"available_points\":\"1500\",\"conversion_point_rate\":\"1\",\"payment_option\":\"stripe\",\"package_title\":\"Travelegendcy - Encuentro Regional  \",\"date\":\"2025-12-05 20:20:31\",\"type\":\"benefits_event_purchase\",\"full_name\":\"Rafael Rodriguez\",\"phone\":\"3057610606\",\"email\":\"rafagana@yahoo.com\",\"quantity\":\"4\"}', '2025-12-05 20:20:31', 'stripe', 'benefits_event_purchase');
UPDATE `temp_register` SET `response` = '{\"stripeToken\":\"tok_1SbB7i2NUoYUjiuuxDVpEJcx\",\"stripeTokenType\":\"card\",\"stripeEmail\":\"rafagana@yahoo.com\"}', `date_modified` = '2025-12-05 20:21:31', `payment_status` = '{\"id\":\"ch_3SbB7m2NUoYUjiuu0riBIcNj\",\"object\":\"charge\",\"amount\":14861,\"amount_captured\":14861,\"amount_refunded\":0,\"application\":null,\"application_fee\":null,\"application_fee_amount\":null,\"balance_transaction\":\"txn_3SbB7m2NUoYUjiuu0qe6zOv4\",\"billing_details\":{\"address\":{\"city\":null,\"country\":null,\"line1\":null,\"line2\":null,\"postal_code\":null,\"state\":null},\"email\":null,\"name\":\"rafagana@yahoo.com\",\"phone\":null,\"tax_id\":null},\"calculated_statement_descriptor\":\"TRAVELEGENDCY LLC\",\"captured\":true,\"created\":1764987690,\"currency\":\"usd\",\"customer\":\"cus_TYHhp3wK8mWkoO\",\"description\":null,\"destination\":null,\"dispute\":null,\"disputed\":false,\"failure_balance_transaction\":null,\"failure_code\":null,\"failure_message\":null,\"fraud_details\":[],\"invoice\":null,\"livemode\":true,\"metadata\":{\"name\":\" \"},\"on_behalf_of\":null,\"order\":null,\"outcome\":{\"advice_code\":null,\"network_advice_code\":null,\"network_decline_code\":null,\"network_status\":\"approved_by_network\",\"reason\":null,\"risk_level\":\"normal\",\"seller_message\":\"Payment complete.\",\"type\":\"authorized\"},\"paid\":true,\"payment_intent\":null,\"payment_method\":\"card_1SbB7i2NUoYUjiuuuAJ69Lvn\",\"payment_method_details\":{\"card\":{\"amount_authorized\":14861,\"authorization_code\":\"094726\",\"brand\":\"visa\",\"checks\":{\"address_line1_check\":null,\"address_postal_code_check\":null,\"cvc_check\":\"pass\"},\"country\":\"US\",\"exp_month\":11,\"exp_year\":2027,\"extended_authorization\":{\"status\":\"disabled\"},\"fingerprint\":\"oDFJPEufxLEAjKWo\",\"funding\":\"debit\",\"incremental_authorization\":{\"status\":\"unavailable\"},\"installments\":null,\"last4\":\"2629\",\"mandate\":null,\"multicapture\":{\"status\":\"unavailable\"},\"network\":\"visa\",\"network_token\":{\"used\":false},\"network_transaction_id\":\"585340084919342\",\"overcapture\":{\"maximum_amount_capturable\":14861,\"status\":\"unavailable\"},\"regulated_status\":\"regulated\",\"three_d_secure\":null,\"wallet\":null},\"type\":\"card\"},\"receipt_email\":null,\"receipt_number\":null,\"receipt_url\":\"https:\\/\\/pay.stripe.com\\/receipts\\/payment\\/CAcQARoXChVhY2N0XzFRUEFGdjJOVW9ZVWppdXUoq6bOyQYyBnBIDn84xTosFmu_iPpt_IbTLMkg8-B5peT2Df4LZbPUpb6EnaJPwc6HlvtpoXqFByQhrGY\",\"refunded\":false,\"review\":null,\"shipping\":null,\"source\":{\"id\":\"card_1SbB7i2NUoYUjiuuuAJ69Lvn\",\"object\":\"card\",\"address_city\":null,\"address_country\":null,\"address_line1\":null,\"address_line1_check\":null,\"address_line2\":null,\"address_state\":null,\"address_zip\":null,\"address_zip_check\":null,\"allow_redisplay\":\"unspecified\",\"brand\":\"Visa\",\"country\":\"US\",\"customer\":\"cus_TYHhp3wK8mWkoO\",\"cvc_check\":\"pass\",\"dynamic_last4\":null,\"email\":null,\"exp_month\":11,\"exp_year\":2027,\"fingerprint\":\"oDFJPEufxLEAjKWo\",\"funding\":\"debit\",\"last4\":\"2629\",\"metadata\":[],\"name\":\"rafagana@yahoo.com\",\"phone\":null,\"regulated_status\":\"regulated\",\"tokenization_method\":null,\"wallet\":null},\"source_transfer\":null,\"statement_descriptor\":null,\"statement_descriptor_suffix\":null,\"status\":\"succeeded\",\"transfer_data\":null,\"transfer_group\":null}'
WHERE `id` = 1297;
INSERT INTO `benefits_pack_purchase_history` (`user_id`, `packge_id`, `amount`, `value`, `point`, `image`, `image_id`, `country`, `city`, `available_points`, `conversion_point_rate`, `payment_option`, `package_title`, `date`, `type`, `full_name`, `phone`, `email`, `quantity`) VALUES ('UQO7EQ', '8', '148.61', '0', '0', 'upload/benefits_pack_image/99a66b849fe5a3cde36d7c389a208455.png', 'N/A', 'N/A', 'N/A', '1500', '1', 'stripe', 'Travelegendcy - Encuentro Regional  ', '2025-12-05 20:20:31', 'benefits_event_purchase', 'Rafael Rodriguez', '3057610606', 'rafagana@yahoo.com', '4');
UPDATE `ci_sessions` SET `timestamp` = 1764987722, `data` = '__ci_last_regenerate|i:1764987722;id|s:4:\"2042\";user_id|s:6:\"UQO7EQ\";username|s:6:\"Rafa51\";sponsor_id|s:6:\"N6GZAE\";fullname|s:16:\"Rafael Rodriguez\";email|s:18:\"rafagana@yahoo.com\";phone|s:10:\"3057610606\";isLogIn|b:1;reg_stripe_id|i:1297;'
WHERE `id` = 'afbb852cdffdbc7a401f38bf8d4089d80110ad62';
UPDATE `user_registration` SET `popup_seen` = 'yes'
WHERE `user_id` = 'UQO7EQ';
UPDATE `user_registration` SET `popup_seen` = 'no'
WHERE `user_id` = 'UQO7EQ';
DELETE FROM `ci_sessions`
WHERE `id` = 'd3eef26f645dfaa5cef67b94f86dc9ea9c2ef00c';
INSERT INTO `cron_job_history` (`name`, `date_started`, `status`) VALUES ('backup', '2025-12-06 00:00:01', 'started');
UPDATE `cron_job_history` SET `status` = 'done', `date_end` = '2025-12-06 00:00:03'
WHERE `id` = 867;
INSERT INTO `login_history` (`user_id`, `device`, `ip_address`, `date`) VALUES ('UQO7EQ', 'Mozilla/5.0 (Windows NT 10.0; Win64; x64) AppleWebKit/537.36 (KHTML, like Gecko) Chrome/143.0.0.0 Safari/537.36', '2601:58a:897c:5f70:84bb:80e4:cc68:3f2c', '25-12-06 00:02');
UPDATE `user_registration` SET `popup_seen` = 'yes'
WHERE `user_id` = 'UQO7EQ';
UPDATE `user_registration` SET `popup_seen` = 'no'
WHERE `user_id` = 'UQO7EQ';
DELETE FROM `ci_sessions`
WHERE `id` = '1e46b07ea486e5e0d1a51c1b17c110cafcc66986';
INSERT INTO `cron_job_history` (`name`, `date_started`, `status`) VALUES ('deduct_sub_amt_from_ewallet', '2025-12-06 00:30:01', 'started');
INSERT INTO `inactive_point_history` (`user_id`, `point`, `date`) VALUES ('35H9RV', '0', '2025-12-06 00:30:01');
UPDATE `user_registration` SET `sub_point` = 0, `active_status` = 'no'
WHERE `user_id` = '35H9RV';
INSERT INTO `arreva_api_logs` (`user_id`, `email`, `endpoint`, `response`, `date`) VALUES ('35H9RV', 'amamzy368@gmail.com', 'deactivatemember', '\"Unable to find user matching email or contract number or otherid\"', '2025-12-06 00:30:01');
INSERT INTO `inactive_history` (`user_id`, `commission_balance`, `amount`, `date`) VALUES ('35H9RV', '97.5', '150', '2025-12-06 00:30:01');
INSERT INTO `inactive_point_history` (`user_id`, `point`, `date`) VALUES ('44B9Y4', '0', '2025-12-06 00:30:01');
UPDATE `user_registration` SET `sub_point` = 0, `active_status` = 'no'
WHERE `user_id` = '44B9Y4';
INSERT INTO `arreva_api_logs` (`user_id`, `email`, `endpoint`, `response`, `date`) VALUES ('44B9Y4', 'travelegendcy@gmail.com', 'deactivatemember', '\"Unable to find user matching email or contract number or otherid\"', '2025-12-06 00:30:01');
INSERT INTO `inactive_history` (`user_id`, `commission_balance`, `amount`, `date`) VALUES ('44B9Y4', '50', '150', '2025-12-06 00:30:01');
INSERT INTO `inactive_point_history` (`user_id`, `point`, `date`) VALUES ('SJBNYJ', '0', '2025-12-06 00:30:01');
UPDATE `user_registration` SET `sub_point` = 0, `active_status` = 'no'
WHERE `user_id` = 'SJBNYJ';
INSERT INTO `arreva_api_logs` (`user_id`, `email`, `endpoint`, `response`, `date`) VALUES ('SJBNYJ', 'travelegendcy+2@gmail.com', 'deactivatemember', '\"Unable to find user matching email or contract number or otherid\"', '2025-12-06 00:30:02');
INSERT INTO `inactive_history` (`user_id`, `commission_balance`, `amount`, `date`) VALUES ('SJBNYJ', '50', '150', '2025-12-06 00:30:02');
INSERT INTO `inactive_point_history` (`user_id`, `point`, `date`) VALUES ('45E8V2', '0', '2025-12-06 00:30:02');
UPDATE `user_registration` SET `sub_point` = 0, `active_status` = 'no'
WHERE `user_id` = '45E8V2';
INSERT INTO `arreva_api_logs` (`user_id`, `email`, `endpoint`, `response`, `date`) VALUES ('45E8V2', 'travelegendcy+1@gmail.com', 'deactivatemember', '\"Unable to find user matching email or contract number or otherid\"', '2025-12-06 00:30:02');
INSERT INTO `inactive_history` (`user_id`, `commission_balance`, `amount`, `date`) VALUES ('45E8V2', '50', '150', '2025-12-06 00:30:02');
INSERT INTO `inactive_point_history` (`user_id`, `point`, `date`) VALUES ('H2HQC8', '0', '2025-12-06 00:30:02');
UPDATE `user_registration` SET `sub_point` = 0, `active_status` = 'no'
WHERE `user_id` = 'H2HQC8';
INSERT INTO `arreva_api_logs` (`user_id`, `email`, `endpoint`, `response`, `date`) VALUES ('H2HQC8', 'travelegendcy+4@gmail.com', 'deactivatemember', '\"Unable to find user matching email or contract number or otherid\"', '2025-12-06 00:30:02');
INSERT INTO `inactive_history` (`user_id`, `commission_balance`, `amount`, `date`) VALUES ('H2HQC8', '110', '150', '2025-12-06 00:30:02');
INSERT INTO `inactive_point_history` (`user_id`, `point`, `date`) VALUES ('XVTJOY', '0', '2025-12-06 00:30:02');
UPDATE `user_registration` SET `sub_point` = 0, `active_status` = 'no'
WHERE `user_id` = 'XVTJOY';
INSERT INTO `arreva_api_logs` (`user_id`, `email`, `endpoint`, `response`, `date`) VALUES ('XVTJOY', 'travelegendcy+5@gmail.com', 'deactivatemember', '\"Unable to find user matching email or contract number or otherid\"', '2025-12-06 00:30:03');
INSERT INTO `inactive_history` (`user_id`, `commission_balance`, `amount`, `date`) VALUES ('XVTJOY', '100', '150', '2025-12-06 00:30:03');
INSERT INTO `inactive_point_history` (`user_id`, `point`, `date`) VALUES ('4E1CRI', '0', '2025-12-06 00:30:03');
UPDATE `user_registration` SET `sub_point` = 0, `active_status` = 'no'
WHERE `user_id` = '4E1CRI';
INSERT INTO `arreva_api_logs` (`user_id`, `email`, `endpoint`, `response`, `date`) VALUES ('4E1CRI', 'travelegendcy+77@gmail.com', 'deactivatemember', '\"Unable to find user matching email or contract number or otherid\"', '2025-12-06 00:30:03');
INSERT INTO `inactive_history` (`user_id`, `commission_balance`, `amount`, `date`) VALUES ('4E1CRI', '100', '150', '2025-12-06 00:30:03');
INSERT INTO `inactive_point_history` (`user_id`, `point`, `date`) VALUES ('PBFKSY', '0', '2025-12-06 00:30:03');
UPDATE `user_registration` SET `sub_point` = 0, `active_status` = 'no'
WHERE `user_id` = 'PBFKSY';
INSERT INTO `arreva_api_logs` (`user_id`, `email`, `endpoint`, `response`, `date`) VALUES ('PBFKSY', 'travelegendcy+3@gmail.com', 'deactivatemember', '\"Unable to find user matching email or contract number or otherid\"', '2025-12-06 00:30:03');
INSERT INTO `inactive_history` (`user_id`, `commission_balance`, `amount`, `date`) VALUES ('PBFKSY', '0', '150', '2025-12-06 00:30:03');
INSERT INTO `inactive_point_history` (`user_id`, `point`, `date`) VALUES ('R37QLI', '0', '2025-12-06 00:30:03');
UPDATE `user_registration` SET `sub_point` = 0, `active_status` = 'no'
WHERE `user_id` = 'R37QLI';
INSERT INTO `arreva_api_logs` (`user_id`, `email`, `endpoint`, `response`, `date`) VALUES ('R37QLI', 'atravel4uu@gmail.com', 'deactivatemember', '\"Unable to find user matching email or contract number or otherid\"', '2025-12-06 00:30:04');
INSERT INTO `inactive_history` (`user_id`, `commission_balance`, `amount`, `date`) VALUES ('R37QLI', '80', '150', '2025-12-06 00:30:04');
INSERT INTO `inactive_point_history` (`user_id`, `point`, `date`) VALUES ('Q6D63V', '0', '2025-12-06 00:30:04');
UPDATE `user_registration` SET `sub_point` = 0, `active_status` = 'no'
WHERE `user_id` = 'Q6D63V';
INSERT INTO `arreva_api_logs` (`user_id`, `email`, `endpoint`, `response`, `date`) VALUES ('Q6D63V', 'deeptalent@hotmail.com', 'deactivatemember', '\"Unable to find user matching email or contract number or otherid\"', '2025-12-06 00:30:04');
INSERT INTO `inactive_history` (`user_id`, `commission_balance`, `amount`, `date`) VALUES ('Q6D63V', '100', '150', '2025-12-06 00:30:04');
INSERT INTO `inactive_point_history` (`user_id`, `point`, `date`) VALUES ('N6GZAE', '0', '2025-12-06 00:30:04');
UPDATE `user_registration` SET `sub_point` = 0, `active_status` = 'no'
WHERE `user_id` = 'N6GZAE';
INSERT INTO `arreva_api_logs` (`user_id`, `email`, `endpoint`, `response`, `date`) VALUES ('N6GZAE', 'travelegendcy+71@gmail.com', 'deactivatemember', '\"Unable to find user matching email or contract number or otherid\"', '2025-12-06 00:30:04');
INSERT INTO `inactive_history` (`user_id`, `commission_balance`, `amount`, `date`) VALUES ('N6GZAE', '50', '150', '2025-12-06 00:30:04');
INSERT INTO `inactive_point_history` (`user_id`, `point`, `date`) VALUES ('Q834IS', '0', '2025-12-06 00:30:04');
UPDATE `user_registration` SET `sub_point` = 0, `active_status` = 'no'
WHERE `user_id` = 'Q834IS';
INSERT INTO `arreva_api_logs` (`user_id`, `email`, `endpoint`, `response`, `date`) VALUES ('Q834IS', 'ganofelizyo@gmail.com', 'deactivatemember', '\"Unable to find user matching email or contract number or otherid\"', '2025-12-06 00:30:04');
INSERT INTO `inactive_history` (`user_id`, `commission_balance`, `amount`, `date`) VALUES ('Q834IS', '0', '50', '2025-12-06 00:30:04');
INSERT INTO `inactive_point_history` (`user_id`, `point`, `date`) VALUES ('PKHRN5', '0', '2025-12-06 00:30:04');
UPDATE `user_registration` SET `sub_point` = 0, `active_status` = 'no'
WHERE `user_id` = 'PKHRN5';
INSERT INTO `arreva_api_logs` (`user_id`, `email`, `endpoint`, `response`, `date`) VALUES ('PKHRN5', 'nrproducts20@gmail.com', 'deactivatemember', '\"Unable to find user matching email or contract number or otherid\"', '2025-12-06 00:30:05');
INSERT INTO `inactive_history` (`user_id`, `commission_balance`, `amount`, `date`) VALUES ('PKHRN5', '28', '50', '2025-12-06 00:30:05');
INSERT INTO `inactive_point_history` (`user_id`, `point`, `date`) VALUES ('MT8QJF', '0', '2025-12-06 00:30:05');
UPDATE `user_registration` SET `sub_point` = 0, `active_status` = 'no'
WHERE `user_id` = 'MT8QJF';
INSERT INTO `arreva_api_logs` (`user_id`, `email`, `endpoint`, `response`, `date`) VALUES ('MT8QJF', 'bustamantemoni@yahoo.com', 'deactivatemember', '\"Unable to find user matching email or contract number or otherid\"', '2025-12-06 00:30:05');
INSERT INTO `inactive_history` (`user_id`, `commission_balance`, `amount`, `date`) VALUES ('MT8QJF', '0', '150', '2025-12-06 00:30:05');
INSERT INTO `inactive_point_history` (`user_id`, `point`, `date`) VALUES ('OWF3OA', '0', '2025-12-06 00:30:05');
UPDATE `user_registration` SET `sub_point` = 0, `active_status` = 'no'
WHERE `user_id` = 'OWF3OA';
INSERT INTO `arreva_api_logs` (`user_id`, `email`, `endpoint`, `response`, `date`) VALUES ('OWF3OA', 'caridadm70@gmail.com', 'deactivatemember', '\"Unable to find user matching email or contract number or otherid\"', '2025-12-06 00:30:05');
INSERT INTO `inactive_history` (`user_id`, `commission_balance`, `amount`, `date`) VALUES ('OWF3OA', '0', '150', '2025-12-06 00:30:05');
INSERT INTO `inactive_point_history` (`user_id`, `point`, `date`) VALUES ('HUDVJU', '0', '2025-12-06 00:30:05');
UPDATE `user_registration` SET `sub_point` = 0, `active_status` = 'no'
WHERE `user_id` = 'HUDVJU';
INSERT INTO `arreva_api_logs` (`user_id`, `email`, `endpoint`, `response`, `date`) VALUES ('HUDVJU', 'rsotolongok@aol.com', 'deactivatemember', '\"Unable to find user matching email or contract number or otherid\"', '2025-12-06 00:30:05');
INSERT INTO `inactive_history` (`user_id`, `commission_balance`, `amount`, `date`) VALUES ('HUDVJU', '30', '50', '2025-12-06 00:30:05');
INSERT INTO `inactive_point_history` (`user_id`, `point`, `date`) VALUES ('IEVPMD', '0', '2025-12-06 00:30:05');
UPDATE `user_registration` SET `sub_point` = 0, `active_status` = 'no'
WHERE `user_id` = 'IEVPMD';
INSERT INTO `arreva_api_logs` (`user_id`, `email`, `endpoint`, `response`, `date`) VALUES ('IEVPMD', 'ferr2085@gmail.com', 'deactivatemember', '\"Unable to find user matching email or contract number or otherid\"', '2025-12-06 00:30:06');
INSERT INTO `inactive_history` (`user_id`, `commission_balance`, `amount`, `date`) VALUES ('IEVPMD', '0', '150', '2025-12-06 00:30:06');
INSERT INTO `inactive_point_history` (`user_id`, `point`, `date`) VALUES ('CVVK4C', '0', '2025-12-06 00:30:06');
UPDATE `user_registration` SET `sub_point` = 0, `active_status` = 'no'
WHERE `user_id` = 'CVVK4C';
INSERT INTO `arreva_api_logs` (`user_id`, `email`, `endpoint`, `response`, `date`) VALUES ('CVVK4C', 'naranjo.manuel93@gmail.com', 'deactivatemember', '\"Unable to find user matching email or contract number or otherid\"', '2025-12-06 00:30:06');
INSERT INTO `inactive_history` (`user_id`, `commission_balance`, `amount`, `date`) VALUES ('CVVK4C', '0', '150', '2025-12-06 00:30:06');
INSERT INTO `inactive_point_history` (`user_id`, `point`, `date`) VALUES ('HQTCGF', '0', '2025-12-06 00:30:06');
UPDATE `user_registration` SET `sub_point` = 0, `active_status` = 'no'
WHERE `user_id` = 'HQTCGF';
INSERT INTO `arreva_api_logs` (`user_id`, `email`, `endpoint`, `response`, `date`) VALUES ('HQTCGF', 'naranjo.manuel@ymail.com', 'deactivatemember', '\"Unable to find user matching email or contract number or otherid\"', '2025-12-06 00:30:06');
INSERT INTO `inactive_history` (`user_id`, `commission_balance`, `amount`, `date`) VALUES ('HQTCGF', '0', '150', '2025-12-06 00:30:06');
INSERT INTO `inactive_point_history` (`user_id`, `point`, `date`) VALUES ('L2MNP5', '0', '2025-12-06 00:30:06');
UPDATE `user_registration` SET `sub_point` = 0, `active_status` = 'no'
WHERE `user_id` = 'L2MNP5';
INSERT INTO `arreva_api_logs` (`user_id`, `email`, `endpoint`, `response`, `date`) VALUES ('L2MNP5', 'caimandelcaribe1964@gmail.com', 'deactivatemember', '\"Unable to find user matching email or contract number or otherid\"', '2025-12-06 00:30:06');
INSERT INTO `inactive_history` (`user_id`, `commission_balance`, `amount`, `date`) VALUES ('L2MNP5', '0', '150', '2025-12-06 00:30:06');
INSERT INTO `inactive_point_history` (`user_id`, `point`, `date`) VALUES ('U7SMZ8', '0', '2025-12-06 00:30:06');
UPDATE `user_registration` SET `sub_point` = 0, `active_status` = 'no'
WHERE `user_id` = 'U7SMZ8';
INSERT INTO `arreva_api_logs` (`user_id`, `email`, `endpoint`, `response`, `date`) VALUES ('U7SMZ8', 'claujor06@hotmail.com', 'deactivatemember', '\"Unable to find user matching email or contract number or otherid\"', '2025-12-06 00:30:07');
INSERT INTO `inactive_history` (`user_id`, `commission_balance`, `amount`, `date`) VALUES ('U7SMZ8', '0', '150', '2025-12-06 00:30:07');
INSERT INTO `inactive_point_history` (`user_id`, `point`, `date`) VALUES ('PUJNHI', '0', '2025-12-06 00:30:07');
UPDATE `user_registration` SET `sub_point` = 0, `active_status` = 'no'
WHERE `user_id` = 'PUJNHI';
INSERT INTO `arreva_api_logs` (`user_id`, `email`, `endpoint`, `response`, `date`) VALUES ('PUJNHI', 'rt.amdream@gmail.com', 'deactivatemember', '\"Unable to find user matching email or contract number or otherid\"', '2025-12-06 00:30:07');
INSERT INTO `inactive_history` (`user_id`, `commission_balance`, `amount`, `date`) VALUES ('PUJNHI', '40', '150', '2025-12-06 00:30:07');
INSERT INTO `inactive_point_history` (`user_id`, `point`, `date`) VALUES ('WC5BL7', '0', '2025-12-06 00:30:07');
UPDATE `user_registration` SET `sub_point` = 0, `active_status` = 'no'
WHERE `user_id` = 'WC5BL7';
INSERT INTO `arreva_api_logs` (`user_id`, `email`, `endpoint`, `response`, `date`) VALUES ('WC5BL7', 'guecab74@gmail.com', 'deactivatemember', '\"Unable to find user matching email or contract number or otherid\"', '2025-12-06 00:30:07');
INSERT INTO `inactive_history` (`user_id`, `commission_balance`, `amount`, `date`) VALUES ('WC5BL7', '0', '50', '2025-12-06 00:30:07');
INSERT INTO `inactive_point_history` (`user_id`, `point`, `date`) VALUES ('W17SG2', '0', '2025-12-06 00:30:07');
UPDATE `user_registration` SET `sub_point` = 0, `active_status` = 'no'
WHERE `user_id` = 'W17SG2';
INSERT INTO `arreva_api_logs` (`user_id`, `email`, `endpoint`, `response`, `date`) VALUES ('W17SG2', 'jnsh44@gmail.com', 'deactivatemember', '\"Unable to find user matching email or contract number or otherid\"', '2025-12-06 00:30:08');
INSERT INTO `inactive_history` (`user_id`, `commission_balance`, `amount`, `date`) VALUES ('W17SG2', '0', '150', '2025-12-06 00:30:08');
INSERT INTO `inactive_point_history` (`user_id`, `point`, `date`) VALUES ('PR92IO', '0', '2025-12-06 00:30:08');
UPDATE `user_registration` SET `sub_point` = 0, `active_status` = 'no'
WHERE `user_id` = 'PR92IO';
INSERT INTO `arreva_api_logs` (`user_id`, `email`, `endpoint`, `response`, `date`) VALUES ('PR92IO', 'onielguerra@yahoo.com', 'deactivatemember', '\"Unable to find user matching email or contract number or otherid\"', '2025-12-06 00:30:08');
INSERT INTO `inactive_history` (`user_id`, `commission_balance`, `amount`, `date`) VALUES ('PR92IO', '0', '50', '2025-12-06 00:30:08');
INSERT INTO `inactive_point_history` (`user_id`, `point`, `date`) VALUES ('UTF7YN', '0', '2025-12-06 00:30:08');
UPDATE `user_registration` SET `sub_point` = 0, `active_status` = 'no'
WHERE `user_id` = 'UTF7YN';
INSERT INTO `arreva_api_logs` (`user_id`, `email`, `endpoint`, `response`, `date`) VALUES ('UTF7YN', 'miguelmartinezzamora89@gmail.com', 'deactivatemember', '\"Unable to find user matching email or contract number or otherid\"', '2025-12-06 00:30:08');
INSERT INTO `inactive_history` (`user_id`, `commission_balance`, `amount`, `date`) VALUES ('UTF7YN', '0', '150', '2025-12-06 00:30:08');
INSERT INTO `inactive_point_history` (`user_id`, `point`, `date`) VALUES ('JIL8K9', '0', '2025-12-06 00:30:08');
UPDATE `user_registration` SET `sub_point` = 0, `active_status` = 'no'
WHERE `user_id` = 'JIL8K9';
INSERT INTO `arreva_api_logs` (`user_id`, `email`, `endpoint`, `response`, `date`) VALUES ('JIL8K9', 'urquia0831@gmail.com', 'deactivatemember', '\"Unable to find user matching email or contract number or otherid\"', '2025-12-06 00:30:09');
INSERT INTO `inactive_history` (`user_id`, `commission_balance`, `amount`, `date`) VALUES ('JIL8K9', '20', '150', '2025-12-06 00:30:09');
INSERT INTO `inactive_point_history` (`user_id`, `point`, `date`) VALUES ('XHO8CJ', '0', '2025-12-06 00:30:09');
UPDATE `user_registration` SET `sub_point` = 0, `active_status` = 'no'
WHERE `user_id` = 'XHO8CJ';
INSERT INTO `arreva_api_logs` (`user_id`, `email`, `endpoint`, `response`, `date`) VALUES ('XHO8CJ', 'arielzomoza@hotmail.com', 'deactivatemember', '\"Unable to find user matching email or contract number or otherid\"', '2025-12-06 00:30:09');
INSERT INTO `inactive_history` (`user_id`, `commission_balance`, `amount`, `date`) VALUES ('XHO8CJ', '0', '150', '2025-12-06 00:30:09');
INSERT INTO `inactive_point_history` (`user_id`, `point`, `date`) VALUES ('L8NRSC', '0', '2025-12-06 00:30:09');
UPDATE `user_registration` SET `sub_point` = 0, `active_status` = 'no'
WHERE `user_id` = 'L8NRSC';
INSERT INTO `arreva_api_logs` (`user_id`, `email`, `endpoint`, `response`, `date`) VALUES ('L8NRSC', 'heviaelina17@gmail.com', 'deactivatemember', '\"Unable to find user matching email or contract number or otherid\"', '2025-12-06 00:30:09');
INSERT INTO `inactive_history` (`user_id`, `commission_balance`, `amount`, `date`) VALUES ('L8NRSC', '50', '150', '2025-12-06 00:30:09');
INSERT INTO `inactive_point_history` (`user_id`, `point`, `date`) VALUES ('6H3N98', '0', '2025-12-06 00:30:09');
UPDATE `user_registration` SET `sub_point` = 0, `active_status` = 'no'
WHERE `user_id` = '6H3N98';
INSERT INTO `arreva_api_logs` (`user_id`, `email`, `endpoint`, `response`, `date`) VALUES ('6H3N98', 'Polanco1961.jmp@gmail.com', 'deactivatemember', '\"Unable to find user matching email or contract number or otherid\"', '2025-12-06 00:30:09');
INSERT INTO `inactive_history` (`user_id`, `commission_balance`, `amount`, `date`) VALUES ('6H3N98', '100', '150', '2025-12-06 00:30:09');
INSERT INTO `inactive_point_history` (`user_id`, `point`, `date`) VALUES ('HP6YP2', '0', '2025-12-06 00:30:09');
UPDATE `user_registration` SET `sub_point` = 0, `active_status` = 'no'
WHERE `user_id` = 'HP6YP2';
INSERT INTO `arreva_api_logs` (`user_id`, `email`, `endpoint`, `response`, `date`) VALUES ('HP6YP2', 'josedavila0923@hotmail.com', 'deactivatemember', '\"Unable to find user matching email or contract number or otherid\"', '2025-12-06 00:30:10');
INSERT INTO `inactive_history` (`user_id`, `commission_balance`, `amount`, `date`) VALUES ('HP6YP2', '50', '150', '2025-12-06 00:30:10');
INSERT INTO `inactive_point_history` (`user_id`, `point`, `date`) VALUES ('8RVNYT', '0', '2025-12-06 00:30:10');
UPDATE `user_registration` SET `sub_point` = 0, `active_status` = 'no'
WHERE `user_id` = '8RVNYT';
INSERT INTO `arreva_api_logs` (`user_id`, `email`, `endpoint`, `response`, `date`) VALUES ('8RVNYT', 'dduany59@gmail.com', 'deactivatemember', '\"Unable to find user matching email or contract number or otherid\"', '2025-12-06 00:30:10');
INSERT INTO `inactive_history` (`user_id`, `commission_balance`, `amount`, `date`) VALUES ('8RVNYT', '0', '150', '2025-12-06 00:30:10');
INSERT INTO `inactive_point_history` (`user_id`, `point`, `date`) VALUES ('K8DXP2', '0', '2025-12-06 00:30:10');
UPDATE `user_registration` SET `sub_point` = 0, `active_status` = 'no'
WHERE `user_id` = 'K8DXP2';
INSERT INTO `arreva_api_logs` (`user_id`, `email`, `endpoint`, `response`, `date`) VALUES ('K8DXP2', 'danieladm02@icloud.com', 'deactivatemember', '\"Unable to find user matching email or contract number or otherid\"', '2025-12-06 00:30:10');
INSERT INTO `inactive_history` (`user_id`, `commission_balance`, `amount`, `date`) VALUES ('K8DXP2', '0', '150', '2025-12-06 00:30:10');
INSERT INTO `inactive_point_history` (`user_id`, `point`, `date`) VALUES ('BD2ZLC', '0', '2025-12-06 00:30:10');
UPDATE `user_registration` SET `sub_point` = 0, `active_status` = 'no'
WHERE `user_id` = 'BD2ZLC';
INSERT INTO `arreva_api_logs` (`user_id`, `email`, `endpoint`, `response`, `date`) VALUES ('BD2ZLC', 'misleydacuba@hotmail.com', 'deactivatemember', '\"Unable to find user matching email or contract number or otherid\"', '2025-12-06 00:30:10');
INSERT INTO `inactive_history` (`user_id`, `commission_balance`, `amount`, `date`) VALUES ('BD2ZLC', '100', '150', '2025-12-06 00:30:10');
INSERT INTO `inactive_point_history` (`user_id`, `point`, `date`) VALUES ('2MBPZI', '0', '2025-12-06 00:30:10');
UPDATE `user_registration` SET `sub_point` = 0, `active_status` = 'no'
WHERE `user_id` = '2MBPZI';
INSERT INTO `arreva_api_logs` (`user_id`, `email`, `endpoint`, `response`, `date`) VALUES ('2MBPZI', 'lamora07@icloud.com', 'deactivatemember', '\"Unable to find user matching email or contract number or otherid\"', '2025-12-06 00:30:11');
INSERT INTO `inactive_history` (`user_id`, `commission_balance`, `amount`, `date`) VALUES ('2MBPZI', '0', '150', '2025-12-06 00:30:11');
INSERT INTO `inactive_point_history` (`user_id`, `point`, `date`) VALUES ('XXI66Z', '0', '2025-12-06 00:30:11');
UPDATE `user_registration` SET `sub_point` = 0, `active_status` = 'no'
WHERE `user_id` = 'XXI66Z';
INSERT INTO `arreva_api_logs` (`user_id`, `email`, `endpoint`, `response`, `date`) VALUES ('XXI66Z', 'nora.cuenca722@gmail.com', 'deactivatemember', '\"Unable to find user matching email or contract number or otherid\"', '2025-12-06 00:30:11');
INSERT INTO `inactive_history` (`user_id`, `commission_balance`, `amount`, `date`) VALUES ('XXI66Z', '0', '150', '2025-12-06 00:30:11');
INSERT INTO `inactive_point_history` (`user_id`, `point`, `date`) VALUES ('Q82ZV9', '0', '2025-12-06 00:30:11');
UPDATE `user_registration` SET `sub_point` = 0, `active_status` = 'no'
WHERE `user_id` = 'Q82ZV9';
INSERT INTO `arreva_api_logs` (`user_id`, `email`, `endpoint`, `response`, `date`) VALUES ('Q82ZV9', 'Jcab777@hotmail.com', 'deactivatemember', '\"Unable to find user matching email or contract number or otherid\"', '2025-12-06 00:30:11');
INSERT INTO `inactive_history` (`user_id`, `commission_balance`, `amount`, `date`) VALUES ('Q82ZV9', '20', '50', '2025-12-06 00:30:11');
INSERT INTO `inactive_point_history` (`user_id`, `point`, `date`) VALUES ('IWTOLP', '0', '2025-12-06 00:30:11');
UPDATE `user_registration` SET `sub_point` = 0, `active_status` = 'no'
WHERE `user_id` = 'IWTOLP';
INSERT INTO `arreva_api_logs` (`user_id`, `email`, `endpoint`, `response`, `date`) VALUES ('IWTOLP', 'Hectorvaldes84@gmail.com', 'deactivatemember', '\"Unable to find user matching email or contract number or otherid\"', '2025-12-06 00:30:12');
INSERT INTO `inactive_history` (`user_id`, `commission_balance`, `amount`, `date`) VALUES ('IWTOLP', '0', '50', '2025-12-06 00:30:12');
INSERT INTO `inactive_point_history` (`user_id`, `point`, `date`) VALUES ('9QPRWH', '0', '2025-12-06 00:30:12');
UPDATE `user_registration` SET `sub_point` = 0, `active_status` = 'no'
WHERE `user_id` = '9QPRWH';
INSERT INTO `arreva_api_logs` (`user_id`, `email`, `endpoint`, `response`, `date`) VALUES ('9QPRWH', 'danny.ortiz93@yahoo.com', 'deactivatemember', '\"Unable to find user matching email or contract number or otherid\"', '2025-12-06 00:30:12');
INSERT INTO `inactive_history` (`user_id`, `commission_balance`, `amount`, `date`) VALUES ('9QPRWH', '0', '150', '2025-12-06 00:30:12');
INSERT INTO `inactive_point_history` (`user_id`, `point`, `date`) VALUES ('LBY7TN', '0', '2025-12-06 00:30:12');
UPDATE `user_registration` SET `sub_point` = 0, `active_status` = 'no'
WHERE `user_id` = 'LBY7TN';
INSERT INTO `arreva_api_logs` (`user_id`, `email`, `endpoint`, `response`, `date`) VALUES ('LBY7TN', 'realtororlando1@gmail.com', 'deactivatemember', '\"Unable to find user matching email or contract number or otherid\"', '2025-12-06 00:30:12');
INSERT INTO `inactive_history` (`user_id`, `commission_balance`, `amount`, `date`) VALUES ('LBY7TN', '0', '150', '2025-12-06 00:30:12');
INSERT INTO `inactive_point_history` (`user_id`, `point`, `date`) VALUES ('WDEXJT', '0', '2025-12-06 00:30:12');
UPDATE `user_registration` SET `sub_point` = 0, `active_status` = 'no'
WHERE `user_id` = 'WDEXJT';
INSERT INTO `arreva_api_logs` (`user_id`, `email`, `endpoint`, `response`, `date`) VALUES ('WDEXJT', 'randol1976@gmail.com', 'deactivatemember', '\"Unable to find user matching email or contract number or otherid\"', '2025-12-06 00:30:12');
INSERT INTO `inactive_history` (`user_id`, `commission_balance`, `amount`, `date`) VALUES ('WDEXJT', '0', '150', '2025-12-06 00:30:12');
INSERT INTO `inactive_point_history` (`user_id`, `point`, `date`) VALUES ('78UOV5', '0', '2025-12-06 00:30:12');
UPDATE `user_registration` SET `sub_point` = 0, `active_status` = 'no'
WHERE `user_id` = '78UOV5';
INSERT INTO `arreva_api_logs` (`user_id`, `email`, `endpoint`, `response`, `date`) VALUES ('78UOV5', 'Marvincano2006@hotmail.com', 'deactivatemember', '\"Unable to find user matching email or contract number or otherid\"', '2025-12-06 00:30:13');
INSERT INTO `inactive_history` (`user_id`, `commission_balance`, `amount`, `date`) VALUES ('78UOV5', '0', '50', '2025-12-06 00:30:13');
INSERT INTO `inactive_point_history` (`user_id`, `point`, `date`) VALUES ('8D7CNL', '0', '2025-12-06 00:30:13');
UPDATE `user_registration` SET `sub_point` = 0, `active_status` = 'no'
WHERE `user_id` = '8D7CNL';
INSERT INTO `arreva_api_logs` (`user_id`, `email`, `endpoint`, `response`, `date`) VALUES ('8D7CNL', 'ulambert45@gmail.com', 'deactivatemember', '\"Unable to find user matching email or contract number or otherid\"', '2025-12-06 00:30:13');
INSERT INTO `inactive_history` (`user_id`, `commission_balance`, `amount`, `date`) VALUES ('8D7CNL', '100', '150', '2025-12-06 00:30:13');
INSERT INTO `inactive_point_history` (`user_id`, `point`, `date`) VALUES ('OMGB4G', '0', '2025-12-06 00:30:13');
UPDATE `user_registration` SET `sub_point` = 0, `active_status` = 'no'
WHERE `user_id` = 'OMGB4G';
INSERT INTO `arreva_api_logs` (`user_id`, `email`, `endpoint`, `response`, `date`) VALUES ('OMGB4G', 'aniadebora8@gmail.com', 'deactivatemember', '\"Unable to find user matching email or contract number or otherid\"', '2025-12-06 00:30:13');
INSERT INTO `inactive_history` (`user_id`, `commission_balance`, `amount`, `date`) VALUES ('OMGB4G', '7.5', '150', '2025-12-06 00:30:13');
INSERT INTO `inactive_point_history` (`user_id`, `point`, `date`) VALUES ('UJXP99', '0', '2025-12-06 00:30:13');
UPDATE `user_registration` SET `sub_point` = 0, `active_status` = 'no'
WHERE `user_id` = 'UJXP99';
INSERT INTO `arreva_api_logs` (`user_id`, `email`, `endpoint`, `response`, `date`) VALUES ('UJXP99', 'aldocamporota@yahoo.com', 'deactivatemember', '\"Unable to find user matching email or contract number or otherid\"', '2025-12-06 00:30:13');
INSERT INTO `inactive_history` (`user_id`, `commission_balance`, `amount`, `date`) VALUES ('UJXP99', '0', '50', '2025-12-06 00:30:13');
INSERT INTO `inactive_point_history` (`user_id`, `point`, `date`) VALUES ('L268VW', '0', '2025-12-06 00:30:13');
UPDATE `user_registration` SET `sub_point` = 0, `active_status` = 'no'
WHERE `user_id` = 'L268VW';
INSERT INTO `arreva_api_logs` (`user_id`, `email`, `endpoint`, `response`, `date`) VALUES ('L268VW', 'omy2228@gmail.com', 'deactivatemember', '\"Unable to find user matching email or contract number or otherid\"', '2025-12-06 00:30:14');
INSERT INTO `inactive_history` (`user_id`, `commission_balance`, `amount`, `date`) VALUES ('L268VW', '0', '50', '2025-12-06 00:30:14');
INSERT INTO `inactive_point_history` (`user_id`, `point`, `date`) VALUES ('UVJ6L9', '0', '2025-12-06 00:30:14');
UPDATE `user_registration` SET `sub_point` = 0, `active_status` = 'no'
WHERE `user_id` = 'UVJ6L9';
INSERT INTO `arreva_api_logs` (`user_id`, `email`, `endpoint`, `response`, `date`) VALUES ('UVJ6L9', 'nrproducts20+1@gmail.com', 'deactivatemember', '\"Unable to find user matching email or contract number or otherid\"', '2025-12-06 00:30:14');
INSERT INTO `inactive_history` (`user_id`, `commission_balance`, `amount`, `date`) VALUES ('UVJ6L9', '0', '50', '2025-12-06 00:30:14');
INSERT INTO `inactive_point_history` (`user_id`, `point`, `date`) VALUES ('T2U73Q', '0', '2025-12-06 00:30:14');
UPDATE `user_registration` SET `sub_point` = 0, `active_status` = 'no'
WHERE `user_id` = 'T2U73Q';
INSERT INTO `arreva_api_logs` (`user_id`, `email`, `endpoint`, `response`, `date`) VALUES ('T2U73Q', 'aidacano1694@gmail.com', 'deactivatemember', '\"Unable to find user matching email or contract number or otherid\"', '2025-12-06 00:30:14');
INSERT INTO `inactive_history` (`user_id`, `commission_balance`, `amount`, `date`) VALUES ('T2U73Q', '0', '50', '2025-12-06 00:30:14');
INSERT INTO `inactive_point_history` (`user_id`, `point`, `date`) VALUES ('ULHSH2', '0', '2025-12-06 00:30:14');
UPDATE `user_registration` SET `sub_point` = 0, `active_status` = 'no'
WHERE `user_id` = 'ULHSH2';
INSERT INTO `arreva_api_logs` (`user_id`, `email`, `endpoint`, `response`, `date`) VALUES ('ULHSH2', 'asny_melody11@hotmail.com', 'deactivatemember', '\"Unable to find user matching email or contract number or otherid\"', '2025-12-06 00:30:14');
INSERT INTO `inactive_history` (`user_id`, `commission_balance`, `amount`, `date`) VALUES ('ULHSH2', '0', '150', '2025-12-06 00:30:14');
INSERT INTO `inactive_point_history` (`user_id`, `point`, `date`) VALUES ('H1XYDK', '0', '2025-12-06 00:30:14');
UPDATE `user_registration` SET `sub_point` = 0, `active_status` = 'no'
WHERE `user_id` = 'H1XYDK';
INSERT INTO `arreva_api_logs` (`user_id`, `email`, `endpoint`, `response`, `date`) VALUES ('H1XYDK', 'bingostarsforever@gmail.com', 'deactivatemember', '\"Unable to find user matching email or contract number or otherid\"', '2025-12-06 00:30:15');
INSERT INTO `inactive_history` (`user_id`, `commission_balance`, `amount`, `date`) VALUES ('H1XYDK', '0', '50', '2025-12-06 00:30:15');
INSERT INTO `inactive_point_history` (`user_id`, `point`, `date`) VALUES ('3UFB1M', '0', '2025-12-06 00:30:15');
UPDATE `user_registration` SET `sub_point` = 0, `active_status` = 'no'
WHERE `user_id` = '3UFB1M';
INSERT INTO `arreva_api_logs` (`user_id`, `email`, `endpoint`, `response`, `date`) VALUES ('3UFB1M', 'mariodiamantes2014@gmail.com', 'deactivatemember', '\"Unable to find user matching email or contract number or otherid\"', '2025-12-06 00:30:15');
INSERT INTO `inactive_history` (`user_id`, `commission_balance`, `amount`, `date`) VALUES ('3UFB1M', '100', '150', '2025-12-06 00:30:15');
INSERT INTO `inactive_point_history` (`user_id`, `point`, `date`) VALUES ('72W7M6', '0', '2025-12-06 00:30:15');
UPDATE `user_registration` SET `sub_point` = 0, `active_status` = 'no'
WHERE `user_id` = '72W7M6';
INSERT INTO `arreva_api_logs` (`user_id`, `email`, `endpoint`, `response`, `date`) VALUES ('72W7M6', 'finanzasyprosperidad777@gmail.com', 'deactivatemember', '\"Unable to find user matching email or contract number or otherid\"', '2025-12-06 00:30:15');
INSERT INTO `inactive_history` (`user_id`, `commission_balance`, `amount`, `date`) VALUES ('72W7M6', '0', '50', '2025-12-06 00:30:15');
INSERT INTO `inactive_point_history` (`user_id`, `point`, `date`) VALUES ('8PK4HK', '0', '2025-12-06 00:30:15');
UPDATE `user_registration` SET `sub_point` = 0, `active_status` = 'no'
WHERE `user_id` = '8PK4HK';
INSERT INTO `arreva_api_logs` (`user_id`, `email`, `endpoint`, `response`, `date`) VALUES ('8PK4HK', 'romandebora44@gmail.com', 'deactivatemember', '\"Unable to find user matching email or contract number or otherid\"', '2025-12-06 00:30:15');
INSERT INTO `inactive_history` (`user_id`, `commission_balance`, `amount`, `date`) VALUES ('8PK4HK', '0', '150', '2025-12-06 00:30:15');
INSERT INTO `inactive_point_history` (`user_id`, `point`, `date`) VALUES ('LEOFNI', '0', '2025-12-06 00:30:15');
UPDATE `user_registration` SET `sub_point` = 0, `active_status` = 'no'
WHERE `user_id` = 'LEOFNI';
INSERT INTO `arreva_api_logs` (`user_id`, `email`, `endpoint`, `response`, `date`) VALUES ('LEOFNI', 'nrproducts20+2@gmail.com', 'deactivatemember', '\"Unable to find user matching email or contract number or otherid\"', '2025-12-06 00:30:16');
INSERT INTO `inactive_history` (`user_id`, `commission_balance`, `amount`, `date`) VALUES ('LEOFNI', '0', '150', '2025-12-06 00:30:16');
INSERT INTO `inactive_point_history` (`user_id`, `point`, `date`) VALUES ('75X85X', '0', '2025-12-06 00:30:16');
UPDATE `user_registration` SET `sub_point` = 0, `active_status` = 'no'
WHERE `user_id` = '75X85X';
INSERT INTO `arreva_api_logs` (`user_id`, `email`, `endpoint`, `response`, `date`) VALUES ('75X85X', 'nrproducts20+3@gmail.com', 'deactivatemember', '\"Unable to find user matching email or contract number or otherid\"', '2025-12-06 00:30:16');
INSERT INTO `inactive_history` (`user_id`, `commission_balance`, `amount`, `date`) VALUES ('75X85X', '0', '50', '2025-12-06 00:30:16');
INSERT INTO `inactive_point_history` (`user_id`, `point`, `date`) VALUES ('UC1QRN', '0', '2025-12-06 00:30:16');
UPDATE `user_registration` SET `sub_point` = 0, `active_status` = 'no'
WHERE `user_id` = 'UC1QRN';
INSERT INTO `arreva_api_logs` (`user_id`, `email`, `endpoint`, `response`, `date`) VALUES ('UC1QRN', 'orelfernandezg@gmail.com', 'deactivatemember', '\"Unable to find user matching email or contract number or otherid\"', '2025-12-06 00:30:16');
INSERT INTO `inactive_history` (`user_id`, `commission_balance`, `amount`, `date`) VALUES ('UC1QRN', '0', '150', '2025-12-06 00:30:16');
INSERT INTO `inactive_point_history` (`user_id`, `point`, `date`) VALUES ('7YU16B', '0', '2025-12-06 00:30:16');
UPDATE `user_registration` SET `sub_point` = 0, `active_status` = 'no'
WHERE `user_id` = '7YU16B';
INSERT INTO `arreva_api_logs` (`user_id`, `email`, `endpoint`, `response`, `date`) VALUES ('7YU16B', 'glefran@gmail.com', 'deactivatemember', '\"Unable to find user matching email or contract number or otherid\"', '2025-12-06 00:30:16');
INSERT INTO `inactive_history` (`user_id`, `commission_balance`, `amount`, `date`) VALUES ('7YU16B', '0', '50', '2025-12-06 00:30:16');
INSERT INTO `inactive_point_history` (`user_id`, `point`, `date`) VALUES ('OEM6F6', '0', '2025-12-06 00:30:16');
UPDATE `user_registration` SET `sub_point` = 0, `active_status` = 'no'
WHERE `user_id` = 'OEM6F6';
INSERT INTO `arreva_api_logs` (`user_id`, `email`, `endpoint`, `response`, `date`) VALUES ('OEM6F6', 'oceci.nieves@gmail.com', 'deactivatemember', '\"Unable to find user matching email or contract number or otherid\"', '2025-12-06 00:30:17');
INSERT INTO `inactive_history` (`user_id`, `commission_balance`, `amount`, `date`) VALUES ('OEM6F6', '0', '50', '2025-12-06 00:30:17');
INSERT INTO `inactive_point_history` (`user_id`, `point`, `date`) VALUES ('TU7MHD', '0', '2025-12-06 00:30:17');
UPDATE `user_registration` SET `sub_point` = 0, `active_status` = 'no'
WHERE `user_id` = 'TU7MHD';
INSERT INTO `arreva_api_logs` (`user_id`, `email`, `endpoint`, `response`, `date`) VALUES ('TU7MHD', 'betgarc42@gmaill.com', 'deactivatemember', '\"Unable to find user matching email or contract number or otherid\"', '2025-12-06 00:30:17');
INSERT INTO `inactive_history` (`user_id`, `commission_balance`, `amount`, `date`) VALUES ('TU7MHD', '100', '150', '2025-12-06 00:30:17');
INSERT INTO `inactive_point_history` (`user_id`, `point`, `date`) VALUES ('7BQJK5', '0', '2025-12-06 00:30:17');
UPDATE `user_registration` SET `sub_point` = 0, `active_status` = 'no'
WHERE `user_id` = '7BQJK5';
INSERT INTO `arreva_api_logs` (`user_id`, `email`, `endpoint`, `response`, `date`) VALUES ('7BQJK5', 'YPENABAD@HOTMAIL.COM', 'deactivatemember', '\"Unable to find user matching email or contract number or otherid\"', '2025-12-06 00:30:17');
INSERT INTO `inactive_history` (`user_id`, `commission_balance`, `amount`, `date`) VALUES ('7BQJK5', '20', '150', '2025-12-06 00:30:17');
INSERT INTO `inactive_point_history` (`user_id`, `point`, `date`) VALUES ('XMN3MK', '0', '2025-12-06 00:30:17');
UPDATE `user_registration` SET `sub_point` = 0, `active_status` = 'no'
WHERE `user_id` = 'XMN3MK';
INSERT INTO `arreva_api_logs` (`user_id`, `email`, `endpoint`, `response`, `date`) VALUES ('XMN3MK', 'narotnebur324058@gmail.com', 'deactivatemember', '\"Unable to find user matching email or contract number or otherid\"', '2025-12-06 00:30:17');
INSERT INTO `inactive_history` (`user_id`, `commission_balance`, `amount`, `date`) VALUES ('XMN3MK', '0', '150', '2025-12-06 00:30:17');
INSERT INTO `inactive_point_history` (`user_id`, `point`, `date`) VALUES ('7SMFPM', '0', '2025-12-06 00:30:17');
UPDATE `user_registration` SET `sub_point` = 0, `active_status` = 'no'
WHERE `user_id` = '7SMFPM';
INSERT INTO `arreva_api_logs` (`user_id`, `email`, `endpoint`, `response`, `date`) VALUES ('7SMFPM', 'volcanu2080@gmail.com', 'deactivatemember', '\"Unable to find user matching email or contract number or otherid\"', '2025-12-06 00:30:18');
INSERT INTO `inactive_history` (`user_id`, `commission_balance`, `amount`, `date`) VALUES ('7SMFPM', '0', '50', '2025-12-06 00:30:18');
INSERT INTO `inactive_point_history` (`user_id`, `point`, `date`) VALUES ('WS9KK9', '0', '2025-12-06 00:30:18');
UPDATE `user_registration` SET `sub_point` = 0, `active_status` = 'no'
WHERE `user_id` = 'WS9KK9';
INSERT INTO `arreva_api_logs` (`user_id`, `email`, `endpoint`, `response`, `date`) VALUES ('WS9KK9', 'aller.r@hotmail.com', 'deactivatemember', '\"Unable to find user matching email or contract number or otherid\"', '2025-12-06 00:30:18');
INSERT INTO `inactive_history` (`user_id`, `commission_balance`, `amount`, `date`) VALUES ('WS9KK9', '0', '150', '2025-12-06 00:30:18');
INSERT INTO `inactive_point_history` (`user_id`, `point`, `date`) VALUES ('BJFCEM', '0', '2025-12-06 00:30:18');
UPDATE `user_registration` SET `sub_point` = 0, `active_status` = 'no'
WHERE `user_id` = 'BJFCEM';
INSERT INTO `arreva_api_logs` (`user_id`, `email`, `endpoint`, `response`, `date`) VALUES ('BJFCEM', 'moneysavetoday@gmail.com', 'deactivatemember', '\"Unable to find user matching email or contract number or otherid\"', '2025-12-06 00:30:18');
INSERT INTO `inactive_history` (`user_id`, `commission_balance`, `amount`, `date`) VALUES ('BJFCEM', '0', '50', '2025-12-06 00:30:18');
INSERT INTO `inactive_point_history` (`user_id`, `point`, `date`) VALUES ('9EDD8W', '0', '2025-12-06 00:30:18');
UPDATE `user_registration` SET `sub_point` = 0, `active_status` = 'no'
WHERE `user_id` = '9EDD8W';
INSERT INTO `arreva_api_logs` (`user_id`, `email`, `endpoint`, `response`, `date`) VALUES ('9EDD8W', 'fabrehands@gmail.com', 'deactivatemember', '\"Unable to find user matching email or contract number or otherid\"', '2025-12-06 00:30:18');
INSERT INTO `inactive_history` (`user_id`, `commission_balance`, `amount`, `date`) VALUES ('9EDD8W', '0', '50', '2025-12-06 00:30:18');
INSERT INTO `inactive_point_history` (`user_id`, `point`, `date`) VALUES ('TOTNOR', '0', '2025-12-06 00:30:18');
UPDATE `user_registration` SET `sub_point` = 0, `active_status` = 'no'
WHERE `user_id` = 'TOTNOR';
INSERT INTO `arreva_api_logs` (`user_id`, `email`, `endpoint`, `response`, `date`) VALUES ('TOTNOR', 'triptripclub@gmail.com', 'deactivatemember', '\"Unable to find user matching email or contract number or otherid\"', '2025-12-06 00:30:19');
INSERT INTO `inactive_history` (`user_id`, `commission_balance`, `amount`, `date`) VALUES ('TOTNOR', '0', '50', '2025-12-06 00:30:19');
INSERT INTO `inactive_point_history` (`user_id`, `point`, `date`) VALUES ('M2XFK7', '0', '2025-12-06 00:30:19');
UPDATE `user_registration` SET `sub_point` = 0, `active_status` = 'no'
WHERE `user_id` = 'M2XFK7';
INSERT INTO `arreva_api_logs` (`user_id`, `email`, `endpoint`, `response`, `date`) VALUES ('M2XFK7', 'omartoranzo24@gmail.com', 'deactivatemember', '\"Unable to find user matching email or contract number or otherid\"', '2025-12-06 00:30:19');
INSERT INTO `inactive_history` (`user_id`, `commission_balance`, `amount`, `date`) VALUES ('M2XFK7', '0', '150', '2025-12-06 00:30:19');
INSERT INTO `inactive_point_history` (`user_id`, `point`, `date`) VALUES ('82W7DS', '0', '2025-12-06 00:30:19');
UPDATE `user_registration` SET `sub_point` = 0, `active_status` = 'no'
WHERE `user_id` = '82W7DS';
INSERT INTO `arreva_api_logs` (`user_id`, `email`, `endpoint`, `response`, `date`) VALUES ('82W7DS', 'ernestop148@gmail.com', 'deactivatemember', '\"Unable to find user matching email or contract number or otherid\"', '2025-12-06 00:30:21');
INSERT INTO `inactive_history` (`user_id`, `commission_balance`, `amount`, `date`) VALUES ('82W7DS', '0', '50', '2025-12-06 00:30:21');
INSERT INTO `inactive_point_history` (`user_id`, `point`, `date`) VALUES ('9T4ALJ', '0', '2025-12-06 00:30:21');
UPDATE `user_registration` SET `sub_point` = 0, `active_status` = 'no'
WHERE `user_id` = '9T4ALJ';
INSERT INTO `arreva_api_logs` (`user_id`, `email`, `endpoint`, `response`, `date`) VALUES ('9T4ALJ', 'terina.quinones@gmail.com', 'deactivatemember', '\"Unable to find user matching email or contract number or otherid\"', '2025-12-06 00:30:21');
INSERT INTO `inactive_history` (`user_id`, `commission_balance`, `amount`, `date`) VALUES ('9T4ALJ', '0', '150', '2025-12-06 00:30:21');
INSERT INTO `inactive_point_history` (`user_id`, `point`, `date`) VALUES ('648GBY', '0', '2025-12-06 00:30:21');
UPDATE `user_registration` SET `sub_point` = 0, `active_status` = 'no'
WHERE `user_id` = '648GBY';
INSERT INTO `arreva_api_logs` (`user_id`, `email`, `endpoint`, `response`, `date`) VALUES ('648GBY', 'shaniarodri888@gmail.com', 'deactivatemember', '\"Unable to find user matching email or contract number or otherid\"', '2025-12-06 00:30:22');
INSERT INTO `inactive_history` (`user_id`, `commission_balance`, `amount`, `date`) VALUES ('648GBY', '20', '50', '2025-12-06 00:30:22');
INSERT INTO `inactive_point_history` (`user_id`, `point`, `date`) VALUES ('X5T3ZT', '0', '2025-12-06 00:30:22');
UPDATE `user_registration` SET `sub_point` = 0, `active_status` = 'no'
WHERE `user_id` = 'X5T3ZT';
INSERT INTO `arreva_api_logs` (`user_id`, `email`, `endpoint`, `response`, `date`) VALUES ('X5T3ZT', 'joseantonio112759@gmail.com', 'deactivatemember', '\"Unable to find user matching email or contract number or otherid\"', '2025-12-06 00:30:22');
INSERT INTO `inactive_history` (`user_id`, `commission_balance`, `amount`, `date`) VALUES ('X5T3ZT', '0', '150', '2025-12-06 00:30:22');
INSERT INTO `inactive_point_history` (`user_id`, `point`, `date`) VALUES ('PXHCYN', '0', '2025-12-06 00:30:22');
UPDATE `user_registration` SET `sub_point` = 0, `active_status` = 'no'
WHERE `user_id` = 'PXHCYN';
INSERT INTO `arreva_api_logs` (`user_id`, `email`, `endpoint`, `response`, `date`) VALUES ('PXHCYN', 'heribertoortega68@yahoo.com', 'deactivatemember', '\"Unable to find user matching email or contract number or otherid\"', '2025-12-06 00:30:22');
INSERT INTO `inactive_history` (`user_id`, `commission_balance`, `amount`, `date`) VALUES ('PXHCYN', '0', '150', '2025-12-06 00:30:22');
INSERT INTO `inactive_point_history` (`user_id`, `point`, `date`) VALUES ('1GNDEQ', '0', '2025-12-06 00:30:22');
UPDATE `user_registration` SET `sub_point` = 0, `active_status` = 'no'
WHERE `user_id` = '1GNDEQ';
INSERT INTO `arreva_api_logs` (`user_id`, `email`, `endpoint`, `response`, `date`) VALUES ('1GNDEQ', 'Bettylaracormier@gmail.com', 'deactivatemember', '\"Unable to find user matching email or contract number or otherid\"', '2025-12-06 00:30:23');
INSERT INTO `inactive_history` (`user_id`, `commission_balance`, `amount`, `date`) VALUES ('1GNDEQ', '50', '150', '2025-12-06 00:30:23');
INSERT INTO `inactive_point_history` (`user_id`, `point`, `date`) VALUES ('4PJDWH', '0', '2025-12-06 00:30:23');
UPDATE `user_registration` SET `sub_point` = 0, `active_status` = 'no'
WHERE `user_id` = '4PJDWH';
INSERT INTO `arreva_api_logs` (`user_id`, `email`, `endpoint`, `response`, `date`) VALUES ('4PJDWH', 'dayceesaldana169@gmail.com', 'deactivatemember', '\"Unable to find user matching email or contract number or otherid\"', '2025-12-06 00:30:24');
INSERT INTO `inactive_history` (`user_id`, `commission_balance`, `amount`, `date`) VALUES ('4PJDWH', '0', '150', '2025-12-06 00:30:24');
INSERT INTO `inactive_point_history` (`user_id`, `point`, `date`) VALUES ('G3WYIA', '0', '2025-12-06 00:30:24');
UPDATE `user_registration` SET `sub_point` = 0, `active_status` = 'no'
WHERE `user_id` = 'G3WYIA';
INSERT INTO `arreva_api_logs` (`user_id`, `email`, `endpoint`, `response`, `date`) VALUES ('G3WYIA', 'Cmorgansanchez@yahoo.com', 'deactivatemember', '\"Unable to find user matching email or contract number or otherid\"', '2025-12-06 00:30:25');
INSERT INTO `inactive_history` (`user_id`, `commission_balance`, `amount`, `date`) VALUES ('G3WYIA', '0', '150', '2025-12-06 00:30:25');
UPDATE `user_registration` SET commission_balance = ROUND(commission_balance - 150,2)
WHERE `user_id` = 'KWLAIS';
INSERT INTO `sub_history` (`user_id`, `package_id`, `amount`, `payment_method`, `date`) VALUES ('KWLAIS', '2', '150', 'Ewallet', '2025-12-06 00:30:25');
UPDATE `user_registration` SET sub_point = ROUND(sub_point + 150,2)
WHERE `user_id` = 'KWLAIS';
INSERT INTO `investment` (`invest_date`, `user_id`, `type`, `amount`, `package_id`) VALUES ('2025-12-06 00:30:25', 'KWLAIS', 'subscription', '150', '2');
INSERT INTO `earnings` (`user_id`, `Purchaser_id`, `earning_type`, `package_id`, `amount`, `date`, `comments`, `invest_amount`, `comm_perc`, `level`, `rank_id`, `order_id`) VALUES ('LUOTZ5', 'KWLAIS', 'Subscription Referral Bonus', '2', '37.5', '2025-12-06 00:30:25', 'Subscription Referral Bonus', 0, 0, 1, '', 1316);
UPDATE `user_registration` SET commission_balance = ROUND(commission_balance + 37.5,2)
WHERE `user_id` = 'LUOTZ5';
UPDATE `user_registration` SET total_points = ROUND(total_points + 150,2)
WHERE `user_id` = 'KWLAIS';
INSERT INTO `points_history` (`user_id`, `points`, `type`, `date`) VALUES ('KWLAIS', '150', 'subscription', '2025-12-06 00:30:');
UPDATE `bv_updation` SET left_carry = left_carry+150, total_left = total_left+150
WHERE `user_id` = 'XBYEND';
INSERT INTO `placement_bv_update_history` (`left_carry`, `date`, `from_id`, `user_id`) VALUES ('150', '2025-12-06 00:30:25', 'KWLAIS', 'XBYEND');
UPDATE `bv_updation` SET left_carry = left_carry+150, total_left = total_left+150
WHERE `user_id` = 'LUOTZ5';
INSERT INTO `placement_bv_update_history` (`left_carry`, `date`, `from_id`, `user_id`) VALUES ('150', '2025-12-06 00:30:25', 'KWLAIS', 'LUOTZ5');
UPDATE `bv_updation` SET sponsor_left_carry = sponsor_left_carry+150, sponsor_total_left = sponsor_total_left+150
WHERE `user_id` = 'LUOTZ5';
INSERT INTO `sponsor_bv_update_history` (`left_carry`, `date`, `user_id`) VALUES ('150', '2025-12-06 00:30:25', 'LUOTZ5');
UPDATE `bv_updation` SET left_carry = left_carry+150, total_left = total_left+150
WHERE `user_id` = 'IYCRUH';
INSERT INTO `placement_bv_update_history` (`left_carry`, `date`, `from_id`, `user_id`) VALUES ('150', '2025-12-06 00:30:25', 'KWLAIS', 'IYCRUH');
UPDATE `user_registration` SET `cycle_rank_id` = '1'
WHERE `user_id` = 'IYCRUH';
INSERT INTO `rank_history` (`rank_id`, `user_id`, `name`, `bv`, `date`, `amount`, `type`) VALUES ('1', 'IYCRUH', 'Affiliate', '0', '2025-12-06 00:30:25', '0', 'auto');
UPDATE `bv_updation` SET left_carry = left_carry+150, total_left = total_left+150
WHERE `user_id` = '2RSJNO';
INSERT INTO `placement_bv_update_history` (`left_carry`, `date`, `from_id`, `user_id`) VALUES ('150', '2025-12-06 00:30:25', 'KWLAIS', '2RSJNO');
UPDATE `user_registration` SET `cycle_rank_id` = '1'
WHERE `user_id` = '2RSJNO';
INSERT INTO `rank_history` (`rank_id`, `user_id`, `name`, `bv`, `date`, `amount`, `type`) VALUES ('1', '2RSJNO', 'Affiliate', '0', '2025-12-06 00:30:25', '0', 'auto');
UPDATE `bv_updation` SET left_carry = left_carry+150, total_left = total_left+150
WHERE `user_id` = 'ETPYLQ';
INSERT INTO `placement_bv_update_history` (`left_carry`, `date`, `from_id`, `user_id`) VALUES ('150', '2025-12-06 00:30:25', 'KWLAIS', 'ETPYLQ');
UPDATE `user_registration` SET `cycle_rank_id` = '1'
WHERE `user_id` = 'ETPYLQ';
INSERT INTO `rank_history` (`rank_id`, `user_id`, `name`, `bv`, `date`, `amount`, `type`) VALUES ('1', 'ETPYLQ', 'Affiliate', '0', '2025-12-06 00:30:25', '0', 'auto');
UPDATE `bv_updation` SET left_carry = left_carry+150, total_left = total_left+150
WHERE `user_id` = 'M2XFK7';
INSERT INTO `placement_bv_update_history` (`left_carry`, `date`, `from_id`, `user_id`) VALUES ('150', '2025-12-06 00:30:25', 'KWLAIS', 'M2XFK7');
UPDATE `bv_updation` SET left_carry = left_carry+150, total_left = total_left+150
WHERE `user_id` = '7BQJK5';
INSERT INTO `placement_bv_update_history` (`left_carry`, `date`, `from_id`, `user_id`) VALUES ('150', '2025-12-06 00:30:25', 'KWLAIS', '7BQJK5');
UPDATE `user_registration` SET `cycle_rank_id` = '1'
WHERE `user_id` = '7BQJK5';
INSERT INTO `rank_history` (`rank_id`, `user_id`, `name`, `bv`, `date`, `amount`, `type`) VALUES ('1', '7BQJK5', 'Affiliate', '0', '2025-12-06 00:30:25', '0', 'auto');
UPDATE `bv_updation` SET left_carry = left_carry+150, total_left = total_left+150
WHERE `user_id` = 'QJ5U9C';
INSERT INTO `placement_bv_update_history` (`left_carry`, `date`, `from_id`, `user_id`) VALUES ('150', '2025-12-06 00:30:25', 'KWLAIS', 'QJ5U9C');
UPDATE `user_registration` SET `cycle_rank_id` = '1'
WHERE `user_id` = 'QJ5U9C';
INSERT INTO `rank_history` (`rank_id`, `user_id`, `name`, `bv`, `date`, `amount`, `type`) VALUES ('1', 'QJ5U9C', 'Affiliate', '0', '2025-12-06 00:30:25', '0', 'auto');
UPDATE `bv_updation` SET left_carry = left_carry+150, total_left = total_left+150
WHERE `user_id` = 'O94ZPY';
INSERT INTO `placement_bv_update_history` (`left_carry`, `date`, `from_id`, `user_id`) VALUES ('150', '2025-12-06 00:30:25', 'KWLAIS', 'O94ZPY');
UPDATE `user_registration` SET `cycle_rank_id` = '1'
WHERE `user_id` = 'O94ZPY';
INSERT INTO `rank_history` (`rank_id`, `user_id`, `name`, `bv`, `date`, `amount`, `type`) VALUES ('1', 'O94ZPY', 'Affiliate', '0', '2025-12-06 00:30:25', '0', 'auto');
UPDATE `bv_updation` SET right_carry = right_carry+150, total_right = total_right+150
WHERE `user_id` = 'JHRDHS';
INSERT INTO `placement_bv_update_history` (`right_carry`, `date`, `from_id`, `user_id`) VALUES ('150', '2025-12-06 00:30:25', 'KWLAIS', 'JHRDHS');
UPDATE `user_registration` SET `cycle_rank_id` = '1'
WHERE `user_id` = 'JHRDHS';
INSERT INTO `rank_history` (`rank_id`, `user_id`, `name`, `bv`, `date`, `amount`, `type`) VALUES ('1', 'JHRDHS', 'Affiliate', '0', '2025-12-06 00:30:25', '0', 'auto');
UPDATE `bv_updation` SET right_carry = right_carry+150, total_right = total_right+150
WHERE `user_id` = 'CVVK4C';
INSERT INTO `placement_bv_update_history` (`right_carry`, `date`, `from_id`, `user_id`) VALUES ('150', '2025-12-06 00:30:25', 'KWLAIS', 'CVVK4C');
UPDATE `user_registration` SET `cycle_rank_id` = '1'
WHERE `user_id` = 'CVVK4C';
INSERT INTO `rank_history` (`rank_id`, `user_id`, `name`, `bv`, `date`, `amount`, `type`) VALUES ('1', 'CVVK4C', 'Affiliate', '0', '2025-12-06 00:30:25', '0', 'auto');
UPDATE `bv_updation` SET left_carry = left_carry+150, total_left = total_left+150
WHERE `user_id` = 'K55EDD';
INSERT INTO `placement_bv_update_history` (`left_carry`, `date`, `from_id`, `user_id`) VALUES ('150', '2025-12-06 00:30:25', 'KWLAIS', 'K55EDD');
UPDATE `user_registration` SET `cycle_rank_id` = '1'
WHERE `user_id` = 'K55EDD';
INSERT INTO `rank_history` (`rank_id`, `user_id`, `name`, `bv`, `date`, `amount`, `type`) VALUES ('1', 'K55EDD', 'Affiliate', '0', '2025-12-06 00:30:25', '0', 'auto');
UPDATE `bv_updation` SET left_carry = left_carry+150, total_left = total_left+150
WHERE `user_id` = 'UQO7EQ';
INSERT INTO `placement_bv_update_history` (`left_carry`, `date`, `from_id`, `user_id`) VALUES ('150', '2025-12-06 00:30:25', 'KWLAIS', 'UQO7EQ');
UPDATE `user_registration` SET `cycle_rank_id` = '1'
WHERE `user_id` = 'UQO7EQ';
INSERT INTO `rank_history` (`rank_id`, `user_id`, `name`, `bv`, `date`, `amount`, `type`) VALUES ('1', 'UQO7EQ', 'Affiliate', '0', '2025-12-06 00:30:25', '0', 'auto');
UPDATE `bv_updation` SET left_carry = left_carry+150, total_left = total_left+150
WHERE `user_id` = 'N6GZAE';
INSERT INTO `placement_bv_update_history` (`left_carry`, `date`, `from_id`, `user_id`) VALUES ('150', '2025-12-06 00:30:25', 'KWLAIS', 'N6GZAE');
UPDATE `user_registration` SET `cycle_rank_id` = '1'
WHERE `user_id` = 'N6GZAE';
INSERT INTO `rank_history` (`rank_id`, `user_id`, `name`, `bv`, `date`, `amount`, `type`) VALUES ('1', 'N6GZAE', 'Affiliate', '0', '2025-12-06 00:30:25', '0', 'auto');
UPDATE `bv_updation` SET left_carry = left_carry+150, total_left = total_left+150
WHERE `user_id` = '4E1CRI';
INSERT INTO `placement_bv_update_history` (`left_carry`, `date`, `from_id`, `user_id`) VALUES ('150', '2025-12-06 00:30:25', 'KWLAIS', '4E1CRI');
UPDATE `bv_updation` SET left_carry = left_carry+150, total_left = total_left+150
WHERE `user_id` = 'SJBNYJ';
INSERT INTO `placement_bv_update_history` (`left_carry`, `date`, `from_id`, `user_id`) VALUES ('150', '2025-12-06 00:30:25', 'KWLAIS', 'SJBNYJ');
UPDATE `user_registration` SET `cycle_rank_id` = '1'
WHERE `user_id` = 'SJBNYJ';
INSERT INTO `rank_history` (`rank_id`, `user_id`, `name`, `bv`, `date`, `amount`, `type`) VALUES ('1', 'SJBNYJ', 'Affiliate', '0', '2025-12-06 00:30:25', '0', 'auto');
UPDATE `bv_updation` SET left_carry = left_carry+150, total_left = total_left+150
WHERE `user_id` = '44B9Y4';
INSERT INTO `placement_bv_update_history` (`left_carry`, `date`, `from_id`, `user_id`) VALUES ('150', '2025-12-06 00:30:25', 'KWLAIS', '44B9Y4');
UPDATE `user_registration` SET `cycle_rank_id` = '1'
WHERE `user_id` = '44B9Y4';
INSERT INTO `rank_history` (`rank_id`, `user_id`, `name`, `bv`, `date`, `amount`, `type`) VALUES ('1', '44B9Y4', 'Affiliate', '0', '2025-12-06 00:30:25', '0', 'auto');
UPDATE `bv_updation` SET right_carry = right_carry+150, total_right = total_right+150
WHERE `user_id` = 'admin';
INSERT INTO `placement_bv_update_history` (`right_carry`, `date`, `from_id`, `user_id`) VALUES ('150', '2025-12-06 00:30:25', 'KWLAIS', 'admin');
UPDATE `user_registration` SET `cycle_rank_id` = '1'
WHERE `user_id` = 'admin';
INSERT INTO `rank_history` (`rank_id`, `user_id`, `name`, `bv`, `date`, `amount`, `type`) VALUES ('1', 'admin', 'Affiliate', '0', '2025-12-06 00:30:25', '0', 'auto');
UPDATE `user_registration` SET `subscription_date` = '2026-01-06', `active_status` = 'yes', `reminder_sent` = 'no'
WHERE `user_id` = 'KWLAIS';
INSERT INTO `arreva_api_logs` (`user_id`, `email`, `endpoint`, `response`, `date`) VALUES ('KWLAIS', 'rociofernandez468@gmail.com', 'activatemember', '\"Unable to find user matching email or contract number or otherid\"', '2025-12-06 00:30:25');
INSERT INTO `inactive_point_history` (`user_id`, `point`, `date`) VALUES ('5VOD76', '0', '2025-12-06 00:30:25');
UPDATE `user_registration` SET `sub_point` = 0, `active_status` = 'no'
WHERE `user_id` = '5VOD76';
INSERT INTO `arreva_api_logs` (`user_id`, `email`, `endpoint`, `response`, `date`) VALUES ('5VOD76', 'lauraeramosacosta@gmail.com', 'deactivatemember', 'true', '2025-12-06 00:30:25');
INSERT INTO `inactive_history` (`user_id`, `commission_balance`, `amount`, `date`) VALUES ('5VOD76', '112.5', '150', '2025-12-06 00:30:25');
INSERT INTO `inactive_point_history` (`user_id`, `point`, `date`) VALUES ('VZYEPG', '0', '2025-12-06 00:30:25');
UPDATE `user_registration` SET `sub_point` = 0, `active_status` = 'no'
WHERE `user_id` = 'VZYEPG';
INSERT INTO `arreva_api_logs` (`user_id`, `email`, `endpoint`, `response`, `date`) VALUES ('VZYEPG', 'a.ramos9321@icloud.com', 'deactivatemember', '\"Unable to find user matching email or contract number or otherid\"', '2025-12-06 00:30:25');
INSERT INTO `inactive_history` (`user_id`, `commission_balance`, `amount`, `date`) VALUES ('VZYEPG', '0', '150', '2025-12-06 00:30:25');
INSERT INTO `inactive_point_history` (`user_id`, `point`, `date`) VALUES ('TB42PA', '0', '2025-12-06 00:30:25');
UPDATE `user_registration` SET `sub_point` = 0, `active_status` = 'no'
WHERE `user_id` = 'TB42PA';
INSERT INTO `arreva_api_logs` (`user_id`, `email`, `endpoint`, `response`, `date`) VALUES ('TB42PA', 'betsycf@msn.com', 'deactivatemember', '\"Unable to find user matching email or contract number or otherid\"', '2025-12-06 00:30:26');
INSERT INTO `inactive_history` (`user_id`, `commission_balance`, `amount`, `date`) VALUES ('TB42PA', '0', '150', '2025-12-06 00:30:26');
INSERT INTO `inactive_point_history` (`user_id`, `point`, `date`) VALUES ('2KPJZJ', '0', '2025-12-06 00:30:26');
UPDATE `user_registration` SET `sub_point` = 0, `active_status` = 'no'
WHERE `user_id` = '2KPJZJ';
INSERT INTO `arreva_api_logs` (`user_id`, `email`, `endpoint`, `response`, `date`) VALUES ('2KPJZJ', 'marlonlimonta11@gmail.com', 'deactivatemember', '\"Unable to find user matching email or contract number or otherid\"', '2025-12-06 00:30:26');
INSERT INTO `inactive_history` (`user_id`, `commission_balance`, `amount`, `date`) VALUES ('2KPJZJ', '0', '150', '2025-12-06 00:30:26');
INSERT INTO `inactive_point_history` (`user_id`, `point`, `date`) VALUES ('8634EF', '0', '2025-12-06 00:30:26');
UPDATE `user_registration` SET `sub_point` = 0, `active_status` = 'no'
WHERE `user_id` = '8634EF';
INSERT INTO `arreva_api_logs` (`user_id`, `email`, `endpoint`, `response`, `date`) VALUES ('8634EF', 'taymi1509@gmail.com', 'deactivatemember', '\"Unable to find user matching email or contract number or otherid\"', '2025-12-06 00:30:26');
INSERT INTO `inactive_history` (`user_id`, `commission_balance`, `amount`, `date`) VALUES ('8634EF', '0', '150', '2025-12-06 00:30:26');
INSERT INTO `inactive_point_history` (`user_id`, `point`, `date`) VALUES ('7P1TWW', '0', '2025-12-06 00:30:26');
UPDATE `user_registration` SET `sub_point` = 0, `active_status` = 'no'
WHERE `user_id` = '7P1TWW';
INSERT INTO `arreva_api_logs` (`user_id`, `email`, `endpoint`, `response`, `date`) VALUES ('7P1TWW', 'marthamarin9993@gmail.com', 'deactivatemember', '\"Unable to find user matching email or contract number or otherid\"', '2025-12-06 00:30:26');
INSERT INTO `inactive_history` (`user_id`, `commission_balance`, `amount`, `date`) VALUES ('7P1TWW', '20', '150', '2025-12-06 00:30:26');
INSERT INTO `inactive_point_history` (`user_id`, `point`, `date`) VALUES ('WNT6C4', '0', '2025-12-06 00:30:26');
UPDATE `user_registration` SET `sub_point` = 0, `active_status` = 'no'
WHERE `user_id` = 'WNT6C4';
INSERT INTO `arreva_api_logs` (`user_id`, `email`, `endpoint`, `response`, `date`) VALUES ('WNT6C4', 'lizanaya0310@gmail.com', 'deactivatemember', '\"Unable to find user matching email or contract number or otherid\"', '2025-12-06 00:30:27');
INSERT INTO `inactive_history` (`user_id`, `commission_balance`, `amount`, `date`) VALUES ('WNT6C4', '0', '150', '2025-12-06 00:30:27');
INSERT INTO `inactive_point_history` (`user_id`, `point`, `date`) VALUES ('KYPLBN', '0', '2025-12-06 00:30:27');
UPDATE `user_registration` SET `sub_point` = 0, `active_status` = 'no'
WHERE `user_id` = 'KYPLBN';
INSERT INTO `arreva_api_logs` (`user_id`, `email`, `endpoint`, `response`, `date`) VALUES ('KYPLBN', 'ivanportega02@gmail.com', 'deactivatemember', '\"Unable to find user matching email or contract number or otherid\"', '2025-12-06 00:30:27');
INSERT INTO `inactive_history` (`user_id`, `commission_balance`, `amount`, `date`) VALUES ('KYPLBN', '0', '150', '2025-12-06 00:30:27');
INSERT INTO `inactive_point_history` (`user_id`, `point`, `date`) VALUES ('MY94TD', '0', '2025-12-06 00:30:27');
UPDATE `user_registration` SET `sub_point` = 0, `active_status` = 'no'
WHERE `user_id` = 'MY94TD';
INSERT INTO `arreva_api_logs` (`user_id`, `email`, `endpoint`, `response`, `date`) VALUES ('MY94TD', 'a90961084@gmail.com', 'deactivatemember', '\"Unable to find user matching email or contract number or otherid\"', '2025-12-06 00:30:27');
INSERT INTO `inactive_history` (`user_id`, `commission_balance`, `amount`, `date`) VALUES ('MY94TD', '0', '150', '2025-12-06 00:30:27');
INSERT INTO `inactive_point_history` (`user_id`, `point`, `date`) VALUES ('5MW4H3', '0', '2025-12-06 00:30:27');
UPDATE `user_registration` SET `sub_point` = 0, `active_status` = 'no'
WHERE `user_id` = '5MW4H3';
INSERT INTO `arreva_api_logs` (`user_id`, `email`, `endpoint`, `response`, `date`) VALUES ('5MW4H3', 'yaredari2023@gmail.com', 'deactivatemember', '\"Unable to find user matching email or contract number or otherid\"', '2025-12-06 00:30:27');
INSERT INTO `inactive_history` (`user_id`, `commission_balance`, `amount`, `date`) VALUES ('5MW4H3', '0', '150', '2025-12-06 00:30:27');
INSERT INTO `inactive_point_history` (`user_id`, `point`, `date`) VALUES ('XT3VLL', '0', '2025-12-06 00:30:27');
UPDATE `user_registration` SET `sub_point` = 0, `active_status` = 'no'
WHERE `user_id` = 'XT3VLL';
INSERT INTO `arreva_api_logs` (`user_id`, `email`, `endpoint`, `response`, `date`) VALUES ('XT3VLL', 'daychavez912@gmail.com', 'deactivatemember', '\"Unable to find user matching email or contract number or otherid\"', '2025-12-06 00:30:28');
INSERT INTO `inactive_history` (`user_id`, `commission_balance`, `amount`, `date`) VALUES ('XT3VLL', '0', '150', '2025-12-06 00:30:28');
INSERT INTO `inactive_point_history` (`user_id`, `point`, `date`) VALUES ('WP5PIA', '0', '2025-12-06 00:30:28');
UPDATE `user_registration` SET `sub_point` = 0, `active_status` = 'no'
WHERE `user_id` = 'WP5PIA';
INSERT INTO `arreva_api_logs` (`user_id`, `email`, `endpoint`, `response`, `date`) VALUES ('WP5PIA', 'zuramacortina@gmail.com', 'deactivatemember', '\"Unable to find user matching email or contract number or otherid\"', '2025-12-06 00:30:29');
INSERT INTO `inactive_history` (`user_id`, `commission_balance`, `amount`, `date`) VALUES ('WP5PIA', '50', '150', '2025-12-06 00:30:29');
INSERT INTO `inactive_point_history` (`user_id`, `point`, `date`) VALUES ('DSVFR5', '0', '2025-12-06 00:30:29');
UPDATE `user_registration` SET `sub_point` = 0, `active_status` = 'no'
WHERE `user_id` = 'DSVFR5';
INSERT INTO `arreva_api_logs` (`user_id`, `email`, `endpoint`, `response`, `date`) VALUES ('DSVFR5', 'jesuscruzsantovenia@gmail.com', 'deactivatemember', '\"Unable to find user matching email or contract number or otherid\"', '2025-12-06 00:30:29');
INSERT INTO `inactive_history` (`user_id`, `commission_balance`, `amount`, `date`) VALUES ('DSVFR5', '87.5', '150', '2025-12-06 00:30:29');
INSERT INTO `inactive_point_history` (`user_id`, `point`, `date`) VALUES ('7ZQOFP', '0', '2025-12-06 00:30:29');
UPDATE `user_registration` SET `sub_point` = 0, `active_status` = 'no'
WHERE `user_id` = '7ZQOFP';
INSERT INTO `arreva_api_logs` (`user_id`, `email`, `endpoint`, `response`, `date`) VALUES ('7ZQOFP', 'hilvarshopping@gmail.com', 'deactivatemember', '\"Unable to find user matching email or contract number or otherid\"', '2025-12-06 00:30:30');
INSERT INTO `inactive_history` (`user_id`, `commission_balance`, `amount`, `date`) VALUES ('7ZQOFP', '20', '150', '2025-12-06 00:30:30');
INSERT INTO `inactive_point_history` (`user_id`, `point`, `date`) VALUES ('4Q2HUA', '0', '2025-12-06 00:30:30');
UPDATE `user_registration` SET `sub_point` = 0, `active_status` = 'no'
WHERE `user_id` = '4Q2HUA';
INSERT INTO `arreva_api_logs` (`user_id`, `email`, `endpoint`, `response`, `date`) VALUES ('4Q2HUA', 'yeniaesquijarrosa@gmail.com', 'deactivatemember', '\"Unable to find user matching email or contract number or otherid\"', '2025-12-06 00:30:30');
INSERT INTO `inactive_history` (`user_id`, `commission_balance`, `amount`, `date`) VALUES ('4Q2HUA', '0', '150', '2025-12-06 00:30:30');
INSERT INTO `inactive_point_history` (`user_id`, `point`, `date`) VALUES ('DLHC7V', '0', '2025-12-06 00:30:30');
UPDATE `user_registration` SET `sub_point` = 0, `active_status` = 'no'
WHERE `user_id` = 'DLHC7V';
INSERT INTO `arreva_api_logs` (`user_id`, `email`, `endpoint`, `response`, `date`) VALUES ('DLHC7V', 'bacarote54@gmail.com', 'deactivatemember', '\"Unable to find user matching email or contract number or otherid\"', '2025-12-06 00:30:30');
INSERT INTO `inactive_history` (`user_id`, `commission_balance`, `amount`, `date`) VALUES ('DLHC7V', '0', '150', '2025-12-06 00:30:30');
INSERT INTO `inactive_point_history` (`user_id`, `point`, `date`) VALUES ('QXETAG', '0', '2025-12-06 00:30:30');
UPDATE `user_registration` SET `sub_point` = 0, `active_status` = 'no'
WHERE `user_id` = 'QXETAG';
INSERT INTO `arreva_api_logs` (`user_id`, `email`, `endpoint`, `response`, `date`) VALUES ('QXETAG', 'amadorsonia67@icloud.com', 'deactivatemember', '\"Unable to find user matching email or contract number or otherid\"', '2025-12-06 00:30:31');
INSERT INTO `inactive_history` (`user_id`, `commission_balance`, `amount`, `date`) VALUES ('QXETAG', '0', '150', '2025-12-06 00:30:31');
INSERT INTO `inactive_point_history` (`user_id`, `point`, `date`) VALUES ('41V5DE', '0', '2025-12-06 00:30:31');
UPDATE `user_registration` SET `sub_point` = 0, `active_status` = 'no'
WHERE `user_id` = '41V5DE';
INSERT INTO `arreva_api_logs` (`user_id`, `email`, `endpoint`, `response`, `date`) VALUES ('41V5DE', 'yoansz79@gmail.com', 'deactivatemember', '\"Unable to find user matching email or contract number or otherid\"', '2025-12-06 00:30:31');
INSERT INTO `inactive_history` (`user_id`, `commission_balance`, `amount`, `date`) VALUES ('41V5DE', '0', '150', '2025-12-06 00:30:31');
INSERT INTO `inactive_point_history` (`user_id`, `point`, `date`) VALUES ('SX4SBY', '0', '2025-12-06 00:30:31');
UPDATE `user_registration` SET `sub_point` = 0, `active_status` = 'no'
WHERE `user_id` = 'SX4SBY';
INSERT INTO `arreva_api_logs` (`user_id`, `email`, `endpoint`, `response`, `date`) VALUES ('SX4SBY', 'enriquemasso42@gmail.com', 'deactivatemember', '\"Unable to find user matching email or contract number or otherid\"', '2025-12-06 00:30:31');
INSERT INTO `inactive_history` (`user_id`, `commission_balance`, `amount`, `date`) VALUES ('SX4SBY', '0', '150', '2025-12-06 00:30:31');
INSERT INTO `inactive_point_history` (`user_id`, `point`, `date`) VALUES ('5SGU6D', '0', '2025-12-06 00:30:31');
UPDATE `user_registration` SET `sub_point` = 0, `active_status` = 'no'
WHERE `user_id` = '5SGU6D';
INSERT INTO `arreva_api_logs` (`user_id`, `email`, `endpoint`, `response`, `date`) VALUES ('5SGU6D', 'sonitac1226@gmail.comp', 'deactivatemember', '\"Unable to find user matching email or contract number or otherid\"', '2025-12-06 00:30:31');
INSERT INTO `inactive_history` (`user_id`, `commission_balance`, `amount`, `date`) VALUES ('5SGU6D', '0', '150', '2025-12-06 00:30:31');
INSERT INTO `inactive_point_history` (`user_id`, `point`, `date`) VALUES ('JYZE9L', '0', '2025-12-06 00:30:31');
UPDATE `user_registration` SET `sub_point` = 0, `active_status` = 'no'
WHERE `user_id` = 'JYZE9L';
INSERT INTO `arreva_api_logs` (`user_id`, `email`, `endpoint`, `response`, `date`) VALUES ('JYZE9L', 'mari0803@yahoo.es', 'deactivatemember', '\"Unable to find user matching email or contract number or otherid\"', '2025-12-06 00:30:32');
INSERT INTO `inactive_history` (`user_id`, `commission_balance`, `amount`, `date`) VALUES ('JYZE9L', '125', '150', '2025-12-06 00:30:32');
INSERT INTO `inactive_point_history` (`user_id`, `point`, `date`) VALUES ('6UFXJY', '0', '2025-12-06 00:30:32');
UPDATE `user_registration` SET `sub_point` = 0, `active_status` = 'no'
WHERE `user_id` = '6UFXJY';
INSERT INTO `arreva_api_logs` (`user_id`, `email`, `endpoint`, `response`, `date`) VALUES ('6UFXJY', 'belindaserbellon2013@gmail.com', 'deactivatemember', '\"Unable to find user matching email or contract number or otherid\"', '2025-12-06 00:30:32');
INSERT INTO `inactive_history` (`user_id`, `commission_balance`, `amount`, `date`) VALUES ('6UFXJY', '0', '150', '2025-12-06 00:30:32');
INSERT INTO `inactive_point_history` (`user_id`, `point`, `date`) VALUES ('6FI4ND', '0', '2025-12-06 00:30:32');
UPDATE `user_registration` SET `sub_point` = 0, `active_status` = 'no'
WHERE `user_id` = '6FI4ND';
INSERT INTO `arreva_api_logs` (`user_id`, `email`, `endpoint`, `response`, `date`) VALUES ('6FI4ND', 'deylonhernandez34@gmail.com', 'deactivatemember', '\"Unable to find user matching email or contract number or otherid\"', '2025-12-06 00:30:32');
INSERT INTO `inactive_history` (`user_id`, `commission_balance`, `amount`, `date`) VALUES ('6FI4ND', '0', '150', '2025-12-06 00:30:32');
INSERT INTO `inactive_point_history` (`user_id`, `point`, `date`) VALUES ('2HKNYD', '0', '2025-12-06 00:30:32');
UPDATE `user_registration` SET `sub_point` = 0, `active_status` = 'no'
WHERE `user_id` = '2HKNYD';
INSERT INTO `arreva_api_logs` (`user_id`, `email`, `endpoint`, `response`, `date`) VALUES ('2HKNYD', 'ripollarlene0@gmail.com', 'deactivatemember', 'true', '2025-12-06 00:30:32');
INSERT INTO `inactive_history` (`user_id`, `commission_balance`, `amount`, `date`) VALUES ('2HKNYD', '0', '150', '2025-12-06 00:30:32');
INSERT INTO `inactive_point_history` (`user_id`, `point`, `date`) VALUES ('55ASP4', '0', '2025-12-06 00:30:32');
UPDATE `user_registration` SET `sub_point` = 0, `active_status` = 'no'
WHERE `user_id` = '55ASP4';
INSERT INTO `arreva_api_logs` (`user_id`, `email`, `endpoint`, `response`, `date`) VALUES ('55ASP4', 'sbsfunding79@gmail.com', 'deactivatemember', '\"Unable to find user matching email or contract number or otherid\"', '2025-12-06 00:30:33');
INSERT INTO `inactive_history` (`user_id`, `commission_balance`, `amount`, `date`) VALUES ('55ASP4', '0', '150', '2025-12-06 00:30:33');
INSERT INTO `inactive_point_history` (`user_id`, `point`, `date`) VALUES ('P16KP7', '0', '2025-12-06 00:30:33');
UPDATE `user_registration` SET `sub_point` = 0, `active_status` = 'no'
WHERE `user_id` = 'P16KP7';
INSERT INTO `arreva_api_logs` (`user_id`, `email`, `endpoint`, `response`, `date`) VALUES ('P16KP7', 'breijocrespo@gmail.com', 'deactivatemember', '\"Unable to find user matching email or contract number or otherid\"', '2025-12-06 00:30:33');
INSERT INTO `inactive_history` (`user_id`, `commission_balance`, `amount`, `date`) VALUES ('P16KP7', '0', '150', '2025-12-06 00:30:33');
INSERT INTO `inactive_point_history` (`user_id`, `point`, `date`) VALUES ('7VETI8', '0', '2025-12-06 00:30:33');
UPDATE `user_registration` SET `sub_point` = 0, `active_status` = 'no'
WHERE `user_id` = '7VETI8';
INSERT INTO `arreva_api_logs` (`user_id`, `email`, `endpoint`, `response`, `date`) VALUES ('7VETI8', 'sotolongor+955@gmail.com', 'deactivatemember', '\"Unable to find user matching email or contract number or otherid\"', '2025-12-06 00:30:33');
INSERT INTO `inactive_history` (`user_id`, `commission_balance`, `amount`, `date`) VALUES ('7VETI8', '0', '150', '2025-12-06 00:30:33');
INSERT INTO `inactive_point_history` (`user_id`, `point`, `date`) VALUES ('EKTIVH', '0', '2025-12-06 00:30:33');
UPDATE `user_registration` SET `sub_point` = 0, `active_status` = 'no'
WHERE `user_id` = 'EKTIVH';
INSERT INTO `arreva_api_logs` (`user_id`, `email`, `endpoint`, `response`, `date`) VALUES ('EKTIVH', 'anniel.reyes@icloud.com', 'deactivatemember', '\"Unable to find user matching email or contract number or otherid\"', '2025-12-06 00:30:34');
INSERT INTO `inactive_history` (`user_id`, `commission_balance`, `amount`, `date`) VALUES ('EKTIVH', '0', '150', '2025-12-06 00:30:34');
INSERT INTO `inactive_point_history` (`user_id`, `point`, `date`) VALUES ('WAO86G', '0', '2025-12-06 00:30:34');
UPDATE `user_registration` SET `sub_point` = 0, `active_status` = 'no'
WHERE `user_id` = 'WAO86G';
INSERT INTO `arreva_api_logs` (`user_id`, `email`, `endpoint`, `response`, `date`) VALUES ('WAO86G', 'Albaperez2012@yahoo.com', 'deactivatemember', '\"Unable to find user matching email or contract number or otherid\"', '2025-12-06 00:30:34');
INSERT INTO `inactive_history` (`user_id`, `commission_balance`, `amount`, `date`) VALUES ('WAO86G', '0', '150', '2025-12-06 00:30:34');
INSERT INTO `inactive_point_history` (`user_id`, `point`, `date`) VALUES ('5YE99V', '0', '2025-12-06 00:30:34');
UPDATE `user_registration` SET `sub_point` = 0, `active_status` = 'no'
WHERE `user_id` = '5YE99V';
INSERT INTO `arreva_api_logs` (`user_id`, `email`, `endpoint`, `response`, `date`) VALUES ('5YE99V', 'esterperez75@yahoo.com', 'deactivatemember', '\"Unable to find user matching email or contract number or otherid\"', '2025-12-06 00:30:34');
INSERT INTO `inactive_history` (`user_id`, `commission_balance`, `amount`, `date`) VALUES ('5YE99V', '0', '50', '2025-12-06 00:30:34');
INSERT INTO `inactive_point_history` (`user_id`, `point`, `date`) VALUES ('XFX3US', '0', '2025-12-06 00:30:34');
UPDATE `user_registration` SET `sub_point` = 0, `active_status` = 'no'
WHERE `user_id` = 'XFX3US';
INSERT INTO `arreva_api_logs` (`user_id`, `email`, `endpoint`, `response`, `date`) VALUES ('XFX3US', 'vherreraaa16@gmail.com', 'deactivatemember', '\"Unable to find user matching email or contract number or otherid\"', '2025-12-06 00:30:34');
INSERT INTO `inactive_history` (`user_id`, `commission_balance`, `amount`, `date`) VALUES ('XFX3US', '0', '50', '2025-12-06 00:30:34');
INSERT INTO `inactive_point_history` (`user_id`, `point`, `date`) VALUES ('9I44XH', '0', '2025-12-06 00:30:34');
UPDATE `user_registration` SET `sub_point` = 0, `active_status` = 'no'
WHERE `user_id` = '9I44XH';
INSERT INTO `arreva_api_logs` (`user_id`, `email`, `endpoint`, `response`, `date`) VALUES ('9I44XH', 'taymigonzalez71@gmail.com', 'deactivatemember', 'true', '2025-12-06 00:30:35');
INSERT INTO `inactive_history` (`user_id`, `commission_balance`, `amount`, `date`) VALUES ('9I44XH', '37.5', '150', '2025-12-06 00:30:35');
INSERT INTO `inactive_point_history` (`user_id`, `point`, `date`) VALUES ('MRC89O', '0', '2025-12-06 00:30:35');
UPDATE `user_registration` SET `sub_point` = 0, `active_status` = 'no'
WHERE `user_id` = 'MRC89O';
INSERT INTO `arreva_api_logs` (`user_id`, `email`, `endpoint`, `response`, `date`) VALUES ('MRC89O', 'rosxcrz@gmail.com', 'deactivatemember', '\"Unable to find user matching email or contract number or otherid\"', '2025-12-06 00:30:35');
INSERT INTO `inactive_history` (`user_id`, `commission_balance`, `amount`, `date`) VALUES ('MRC89O', '50', '150', '2025-12-06 00:30:35');
INSERT INTO `inactive_point_history` (`user_id`, `point`, `date`) VALUES ('F8GQHM', '0', '2025-12-06 00:30:35');
UPDATE `user_registration` SET `sub_point` = 0, `active_status` = 'no'
WHERE `user_id` = 'F8GQHM';
INSERT INTO `arreva_api_logs` (`user_id`, `email`, `endpoint`, `response`, `date`) VALUES ('F8GQHM', 'carlosochoa1973@gmail.com', 'deactivatemember', '\"Unable to find user matching email or contract number or otherid\"', '2025-12-06 00:30:35');
INSERT INTO `inactive_history` (`user_id`, `commission_balance`, `amount`, `date`) VALUES ('F8GQHM', '0', '150', '2025-12-06 00:30:35');
INSERT INTO `inactive_point_history` (`user_id`, `point`, `date`) VALUES ('7R7D9E', '0', '2025-12-06 00:30:35');
UPDATE `user_registration` SET `sub_point` = 0, `active_status` = 'no'
WHERE `user_id` = '7R7D9E';
INSERT INTO `arreva_api_logs` (`user_id`, `email`, `endpoint`, `response`, `date`) VALUES ('7R7D9E', 'hjaa2711@gmail.com', 'deactivatemember', '\"Unable to find user matching email or contract number or otherid\"', '2025-12-06 00:30:35');
INSERT INTO `inactive_history` (`user_id`, `commission_balance`, `amount`, `date`) VALUES ('7R7D9E', '0', '150', '2025-12-06 00:30:35');
INSERT INTO `inactive_point_history` (`user_id`, `point`, `date`) VALUES ('FMXQ6T', '0', '2025-12-06 00:30:35');
UPDATE `user_registration` SET `sub_point` = 0, `active_status` = 'no'
WHERE `user_id` = 'FMXQ6T';
INSERT INTO `arreva_api_logs` (`user_id`, `email`, `endpoint`, `response`, `date`) VALUES ('FMXQ6T', 'yamisvaldes7@gmail.com', 'deactivatemember', '\"Unable to find user matching email or contract number or otherid\"', '2025-12-06 00:30:36');
INSERT INTO `inactive_history` (`user_id`, `commission_balance`, `amount`, `date`) VALUES ('FMXQ6T', '0', '150', '2025-12-06 00:30:36');
INSERT INTO `inactive_point_history` (`user_id`, `point`, `date`) VALUES ('BAR1UQ', '0', '2025-12-06 00:30:36');
UPDATE `user_registration` SET `sub_point` = 0, `active_status` = 'no'
WHERE `user_id` = 'BAR1UQ';
INSERT INTO `arreva_api_logs` (`user_id`, `email`, `endpoint`, `response`, `date`) VALUES ('BAR1UQ', 'alvarezperzabel1968@gmail.com', 'deactivatemember', '\"Unable to find user matching email or contract number or otherid\"', '2025-12-06 00:30:36');
INSERT INTO `inactive_history` (`user_id`, `commission_balance`, `amount`, `date`) VALUES ('BAR1UQ', '0', '150', '2025-12-06 00:30:36');
INSERT INTO `inactive_point_history` (`user_id`, `point`, `date`) VALUES ('6RCEKP', '0', '2025-12-06 00:30:36');
UPDATE `user_registration` SET `sub_point` = 0, `active_status` = 'no'
WHERE `user_id` = '6RCEKP';
INSERT INTO `arreva_api_logs` (`user_id`, `email`, `endpoint`, `response`, `date`) VALUES ('6RCEKP', 'felixarias171@gmail.com', 'deactivatemember', 'true', '2025-12-06 00:30:36');
INSERT INTO `inactive_history` (`user_id`, `commission_balance`, `amount`, `date`) VALUES ('6RCEKP', '0', '150', '2025-12-06 00:30:36');
INSERT INTO `inactive_point_history` (`user_id`, `point`, `date`) VALUES ('5J9Q6A', '0', '2025-12-06 00:30:36');
UPDATE `user_registration` SET `sub_point` = 0, `active_status` = 'no'
WHERE `user_id` = '5J9Q6A';
INSERT INTO `arreva_api_logs` (`user_id`, `email`, `endpoint`, `response`, `date`) VALUES ('5J9Q6A', 'reiderglz16@gmail.com', 'deactivatemember', '\"Unable to find user matching email or contract number or otherid\"', '2025-12-06 00:30:37');
INSERT INTO `inactive_history` (`user_id`, `commission_balance`, `amount`, `date`) VALUES ('5J9Q6A', '0', '150', '2025-12-06 00:30:37');
INSERT INTO `inactive_point_history` (`user_id`, `point`, `date`) VALUES ('RHLTER', '0', '2025-12-06 00:30:37');
UPDATE `user_registration` SET `sub_point` = 0, `active_status` = 'no'
WHERE `user_id` = 'RHLTER';
INSERT INTO `arreva_api_logs` (`user_id`, `email`, `endpoint`, `response`, `date`) VALUES ('RHLTER', 'leydisvaldes5@gmail.com', 'deactivatemember', '\"Unable to find user matching email or contract number or otherid\"', '2025-12-06 00:30:37');
INSERT INTO `inactive_history` (`user_id`, `commission_balance`, `amount`, `date`) VALUES ('RHLTER', '0', '150', '2025-12-06 00:30:37');
INSERT INTO `inactive_point_history` (`user_id`, `point`, `date`) VALUES ('VIBIFH', '900', '2025-12-06 00:30:37');
UPDATE `user_registration` SET `sub_point` = 0, `active_status` = 'no'
WHERE `user_id` = 'VIBIFH';
INSERT INTO `arreva_api_logs` (`user_id`, `email`, `endpoint`, `response`, `date`) VALUES ('VIBIFH', 'ramosjesusrogelio@gmail.com', 'deactivatemember', '\"Unable to find user matching email or contract number or otherid\"', '2025-12-06 00:30:37');
INSERT INTO `inactive_history` (`user_id`, `commission_balance`, `amount`, `date`) VALUES ('VIBIFH', '0', '150', '2025-12-06 00:30:37');
UPDATE `user_registration` SET `reminder_sent` = 'yes'
WHERE `user_id` = 'VIBIFH';
INSERT INTO `inactive_point_history` (`user_id`, `point`, `date`) VALUES ('FGI2FY', '0', '2025-12-06 00:30:37');
UPDATE `user_registration` SET `sub_point` = 0, `active_status` = 'no'
WHERE `user_id` = 'FGI2FY';
INSERT INTO `arreva_api_logs` (`user_id`, `email`, `endpoint`, `response`, `date`) VALUES ('FGI2FY', 'elizabethvicente25@yahoo.com', 'deactivatemember', '\"Unable to find user matching email or contract number or otherid\"', '2025-12-06 00:30:38');
INSERT INTO `inactive_history` (`user_id`, `commission_balance`, `amount`, `date`) VALUES ('FGI2FY', '0', '150', '2025-12-06 00:30:38');
INSERT INTO `inactive_point_history` (`user_id`, `point`, `date`) VALUES ('JLPXI6', '0', '2025-12-06 00:30:38');
UPDATE `user_registration` SET `sub_point` = 0, `active_status` = 'no'
WHERE `user_id` = 'JLPXI6';
INSERT INTO `arreva_api_logs` (`user_id`, `email`, `endpoint`, `response`, `date`) VALUES ('JLPXI6', 'mariaisabel74@live.com', 'deactivatemember', '\"Unable to find user matching email or contract number or otherid\"', '2025-12-06 00:30:38');
INSERT INTO `inactive_history` (`user_id`, `commission_balance`, `amount`, `date`) VALUES ('JLPXI6', '0', '150', '2025-12-06 00:30:38');
INSERT INTO `inactive_point_history` (`user_id`, `point`, `date`) VALUES ('1HT8BK', '0', '2025-12-06 00:30:38');
UPDATE `user_registration` SET `sub_point` = 0, `active_status` = 'no'
WHERE `user_id` = '1HT8BK';
INSERT INTO `arreva_api_logs` (`user_id`, `email`, `endpoint`, `response`, `date`) VALUES ('1HT8BK', 'astrid1246@gmail.com', 'deactivatemember', '\"Unable to find user matching email or contract number or otherid\"', '2025-12-06 00:30:38');
INSERT INTO `inactive_history` (`user_id`, `commission_balance`, `amount`, `date`) VALUES ('1HT8BK', '0', '150', '2025-12-06 00:30:38');
INSERT INTO `inactive_point_history` (`user_id`, `point`, `date`) VALUES ('YFRSTE', '0', '2025-12-06 00:30:38');
UPDATE `user_registration` SET `sub_point` = 0, `active_status` = 'no'
WHERE `user_id` = 'YFRSTE';
INSERT INTO `arreva_api_logs` (`user_id`, `email`, `endpoint`, `response`, `date`) VALUES ('YFRSTE', 'jimenez781108@gmail.com', 'deactivatemember', '\"Unable to find user matching email or contract number or otherid\"', '2025-12-06 00:30:38');
INSERT INTO `inactive_history` (`user_id`, `commission_balance`, `amount`, `date`) VALUES ('YFRSTE', '0', '150', '2025-12-06 00:30:38');
INSERT INTO `inactive_point_history` (`user_id`, `point`, `date`) VALUES ('G53DXI', '0', '2025-12-06 00:30:38');
UPDATE `user_registration` SET `sub_point` = 0, `active_status` = 'no'
WHERE `user_id` = 'G53DXI';
INSERT INTO `arreva_api_logs` (`user_id`, `email`, `endpoint`, `response`, `date`) VALUES ('G53DXI', 'hernandezasnialis@gmail.com', 'deactivatemember', '\"Unable to find user matching email or contract number or otherid\"', '2025-12-06 00:30:39');
INSERT INTO `inactive_history` (`user_id`, `commission_balance`, `amount`, `date`) VALUES ('G53DXI', '0', '50', '2025-12-06 00:30:39');
INSERT INTO `inactive_point_history` (`user_id`, `point`, `date`) VALUES ('1KMQ3V', '0', '2025-12-06 00:30:39');
UPDATE `user_registration` SET `sub_point` = 0, `active_status` = 'no'
WHERE `user_id` = '1KMQ3V';
INSERT INTO `arreva_api_logs` (`user_id`, `email`, `endpoint`, `response`, `date`) VALUES ('1KMQ3V', 'adrianlimapadron@gmail.com', 'deactivatemember', '\"Unable to find user matching email or contract number or otherid\"', '2025-12-06 00:30:39');
INSERT INTO `inactive_history` (`user_id`, `commission_balance`, `amount`, `date`) VALUES ('1KMQ3V', '100', '150', '2025-12-06 00:30:39');
INSERT INTO `inactive_point_history` (`user_id`, `point`, `date`) VALUES ('ZVZUJ1', '0', '2025-12-06 00:30:39');
UPDATE `user_registration` SET `sub_point` = 0, `active_status` = 'no'
WHERE `user_id` = 'ZVZUJ1';
INSERT INTO `arreva_api_logs` (`user_id`, `email`, `endpoint`, `response`, `date`) VALUES ('ZVZUJ1', 'acielpollo@gmail.com', 'deactivatemember', '\"Unable to find user matching email or contract number or otherid\"', '2025-12-06 00:30:39');
INSERT INTO `inactive_history` (`user_id`, `commission_balance`, `amount`, `date`) VALUES ('ZVZUJ1', '0', '150', '2025-12-06 00:30:39');
INSERT INTO `inactive_point_history` (`user_id`, `point`, `date`) VALUES ('SAMPQX', '0', '2025-12-06 00:30:39');
UPDATE `user_registration` SET `sub_point` = 0, `active_status` = 'no'
WHERE `user_id` = 'SAMPQX';
INSERT INTO `arreva_api_logs` (`user_id`, `email`, `endpoint`, `response`, `date`) VALUES ('SAMPQX', 'inamsay80@gmail.com', 'deactivatemember', '\"Unable to find user matching email or contract number or otherid\"', '2025-12-06 00:30:39');
INSERT INTO `inactive_history` (`user_id`, `commission_balance`, `amount`, `date`) VALUES ('SAMPQX', '0', '150', '2025-12-06 00:30:39');
INSERT INTO `inactive_point_history` (`user_id`, `point`, `date`) VALUES ('F3SYYS', '0', '2025-12-06 00:30:39');
UPDATE `user_registration` SET `sub_point` = 0, `active_status` = 'no'
WHERE `user_id` = 'F3SYYS';
INSERT INTO `arreva_api_logs` (`user_id`, `email`, `endpoint`, `response`, `date`) VALUES ('F3SYYS', 'eideneilen2128@yahoo.com', 'deactivatemember', '\"Unable to find user matching email or contract number or otherid\"', '2025-12-06 00:30:40');
INSERT INTO `inactive_history` (`user_id`, `commission_balance`, `amount`, `date`) VALUES ('F3SYYS', '0', '150', '2025-12-06 00:30:40');
INSERT INTO `inactive_point_history` (`user_id`, `point`, `date`) VALUES ('9T3Q72', '0', '2025-12-06 00:30:40');
UPDATE `user_registration` SET `sub_point` = 0, `active_status` = 'no'
WHERE `user_id` = '9T3Q72';
INSERT INTO `arreva_api_logs` (`user_id`, `email`, `endpoint`, `response`, `date`) VALUES ('9T3Q72', 'yohaniamartinez2005@gmail.com', 'deactivatemember', '\"Unable to find user matching email or contract number or otherid\"', '2025-12-06 00:30:40');
INSERT INTO `inactive_history` (`user_id`, `commission_balance`, `amount`, `date`) VALUES ('9T3Q72', '0', '150', '2025-12-06 00:30:40');
INSERT INTO `inactive_point_history` (`user_id`, `point`, `date`) VALUES ('23UJOB', '0', '2025-12-06 00:30:40');
UPDATE `user_registration` SET `sub_point` = 0, `active_status` = 'no'
WHERE `user_id` = '23UJOB';
INSERT INTO `arreva_api_logs` (`user_id`, `email`, `endpoint`, `response`, `date`) VALUES ('23UJOB', 'alfreddgdo@gmail.com', 'deactivatemember', '\"Unable to find user matching email or contract number or otherid\"', '2025-12-06 00:30:40');
INSERT INTO `inactive_history` (`user_id`, `commission_balance`, `amount`, `date`) VALUES ('23UJOB', '0', '150', '2025-12-06 00:30:40');
INSERT INTO `inactive_point_history` (`user_id`, `point`, `date`) VALUES ('NB7P18', '0', '2025-12-06 00:30:40');
UPDATE `user_registration` SET `sub_point` = 0, `active_status` = 'no'
WHERE `user_id` = 'NB7P18';
INSERT INTO `arreva_api_logs` (`user_id`, `email`, `endpoint`, `response`, `date`) VALUES ('NB7P18', 'santoslayra796@gmail.com', 'deactivatemember', '\"Unable to find user matching email or contract number or otherid\"', '2025-12-06 00:30:40');
INSERT INTO `inactive_history` (`user_id`, `commission_balance`, `amount`, `date`) VALUES ('NB7P18', '0', '150', '2025-12-06 00:30:40');
INSERT INTO `inactive_point_history` (`user_id`, `point`, `date`) VALUES ('7A2JD7', '0', '2025-12-06 00:30:40');
UPDATE `user_registration` SET `sub_point` = 0, `active_status` = 'no'
WHERE `user_id` = '7A2JD7';
INSERT INTO `arreva_api_logs` (`user_id`, `email`, `endpoint`, `response`, `date`) VALUES ('7A2JD7', 'aztiral_26love@yahoo.com', 'deactivatemember', '\"Unable to find user matching email or contract number or otherid\"', '2025-12-06 00:30:41');
INSERT INTO `inactive_history` (`user_id`, `commission_balance`, `amount`, `date`) VALUES ('7A2JD7', '0', '150', '2025-12-06 00:30:41');
INSERT INTO `inactive_point_history` (`user_id`, `point`, `date`) VALUES ('9VPMSG', '0', '2025-12-06 00:30:41');
UPDATE `user_registration` SET `sub_point` = 0, `active_status` = 'no'
WHERE `user_id` = '9VPMSG';
INSERT INTO `arreva_api_logs` (`user_id`, `email`, `endpoint`, `response`, `date`) VALUES ('9VPMSG', 'Jinglyguerravigo2015@gmail.com', 'deactivatemember', '\"Unable to find user matching email or contract number or otherid\"', '2025-12-06 00:30:41');
INSERT INTO `inactive_history` (`user_id`, `commission_balance`, `amount`, `date`) VALUES ('9VPMSG', '0', '150', '2025-12-06 00:30:41');
INSERT INTO `inactive_point_history` (`user_id`, `point`, `date`) VALUES ('J385D5', '0', '2025-12-06 00:30:41');
UPDATE `user_registration` SET `sub_point` = 0, `active_status` = 'no'
WHERE `user_id` = 'J385D5';
INSERT INTO `arreva_api_logs` (`user_id`, `email`, `endpoint`, `response`, `date`) VALUES ('J385D5', 'yohandymartinez@yahoo.com', 'deactivatemember', '\"Unable to find user matching email or contract number or otherid\"', '2025-12-06 00:30:41');
INSERT INTO `inactive_history` (`user_id`, `commission_balance`, `amount`, `date`) VALUES ('J385D5', '0', '150', '2025-12-06 00:30:41');
INSERT INTO `inactive_point_history` (`user_id`, `point`, `date`) VALUES ('GPPR8G', '0', '2025-12-06 00:30:41');
UPDATE `user_registration` SET `sub_point` = 0, `active_status` = 'no'
WHERE `user_id` = 'GPPR8G';
INSERT INTO `arreva_api_logs` (`user_id`, `email`, `endpoint`, `response`, `date`) VALUES ('GPPR8G', 'neftalidela7@gmail.com', 'deactivatemember', 'true', '2025-12-06 00:30:41');
INSERT INTO `inactive_history` (`user_id`, `commission_balance`, `amount`, `date`) VALUES ('GPPR8G', '20', '150', '2025-12-06 00:30:41');
INSERT INTO `inactive_point_history` (`user_id`, `point`, `date`) VALUES ('AM2FR1', '0', '2025-12-06 00:30:41');
UPDATE `user_registration` SET `sub_point` = 0, `active_status` = 'no'
WHERE `user_id` = 'AM2FR1';
INSERT INTO `arreva_api_logs` (`user_id`, `email`, `endpoint`, `response`, `date`) VALUES ('AM2FR1', 'eldacrespo71@yahoo.com', 'deactivatemember', '\"Unable to find user matching email or contract number or otherid\"', '2025-12-06 00:30:42');
INSERT INTO `inactive_history` (`user_id`, `commission_balance`, `amount`, `date`) VALUES ('AM2FR1', '0', '150', '2025-12-06 00:30:42');
INSERT INTO `inactive_point_history` (`user_id`, `point`, `date`) VALUES ('YRYHV2', '0', '2025-12-06 00:30:42');
UPDATE `user_registration` SET `sub_point` = 0, `active_status` = 'no'
WHERE `user_id` = 'YRYHV2';
INSERT INTO `arreva_api_logs` (`user_id`, `email`, `endpoint`, `response`, `date`) VALUES ('YRYHV2', 'aaguila46@yahoo.com', 'deactivatemember', '\"Unable to find user matching email or contract number or otherid\"', '2025-12-06 00:30:42');
INSERT INTO `inactive_history` (`user_id`, `commission_balance`, `amount`, `date`) VALUES ('YRYHV2', '0', '150', '2025-12-06 00:30:42');
INSERT INTO `inactive_point_history` (`user_id`, `point`, `date`) VALUES ('7GDBOU', '0', '2025-12-06 00:30:42');
UPDATE `user_registration` SET `sub_point` = 0, `active_status` = 'no'
WHERE `user_id` = '7GDBOU';
INSERT INTO `arreva_api_logs` (`user_id`, `email`, `endpoint`, `response`, `date`) VALUES ('7GDBOU', 'avalosnarciso@icloud.com', 'deactivatemember', 'true', '2025-12-06 00:30:42');
INSERT INTO `inactive_history` (`user_id`, `commission_balance`, `amount`, `date`) VALUES ('7GDBOU', '100', '150', '2025-12-06 00:30:42');
INSERT INTO `inactive_point_history` (`user_id`, `point`, `date`) VALUES ('BV2MNJ', '0', '2025-12-06 00:30:42');
UPDATE `user_registration` SET `sub_point` = 0, `active_status` = 'no'
WHERE `user_id` = 'BV2MNJ';
INSERT INTO `arreva_api_logs` (`user_id`, `email`, `endpoint`, `response`, `date`) VALUES ('BV2MNJ', 'frankavalos1973@yahoo.com', 'deactivatemember', 'true', '2025-12-06 00:30:42');
INSERT INTO `inactive_history` (`user_id`, `commission_balance`, `amount`, `date`) VALUES ('BV2MNJ', '70', '150', '2025-12-06 00:30:42');
INSERT INTO `inactive_point_history` (`user_id`, `point`, `date`) VALUES ('CM4JLT', '0', '2025-12-06 00:30:42');
UPDATE `user_registration` SET `sub_point` = 0, `active_status` = 'no'
WHERE `user_id` = 'CM4JLT';
INSERT INTO `arreva_api_logs` (`user_id`, `email`, `endpoint`, `response`, `date`) VALUES ('CM4JLT', 'ramirezloren1962@gmail.com', 'deactivatemember', '\"Unable to find user matching email or contract number or otherid\"', '2025-12-06 00:30:43');
INSERT INTO `inactive_history` (`user_id`, `commission_balance`, `amount`, `date`) VALUES ('CM4JLT', '62.5', '150', '2025-12-06 00:30:43');
INSERT INTO `inactive_point_history` (`user_id`, `point`, `date`) VALUES ('R18IYC', '0', '2025-12-06 00:30:43');
UPDATE `user_registration` SET `sub_point` = 0, `active_status` = 'no'
WHERE `user_id` = 'R18IYC';
INSERT INTO `arreva_api_logs` (`user_id`, `email`, `endpoint`, `response`, `date`) VALUES ('R18IYC', 'cachirulo63@gmail.com', 'deactivatemember', '\"Unable to find user matching email or contract number or otherid\"', '2025-12-06 00:30:43');
INSERT INTO `inactive_history` (`user_id`, `commission_balance`, `amount`, `date`) VALUES ('R18IYC', '0', '150', '2025-12-06 00:30:43');
INSERT INTO `inactive_point_history` (`user_id`, `point`, `date`) VALUES ('ERQYYW', '0', '2025-12-06 00:30:43');
UPDATE `user_registration` SET `sub_point` = 0, `active_status` = 'no'
WHERE `user_id` = 'ERQYYW';
INSERT INTO `arreva_api_logs` (`user_id`, `email`, `endpoint`, `response`, `date`) VALUES ('ERQYYW', 'luvcelia@yahoo.com', 'deactivatemember', '\"Unable to find user matching email or contract number or otherid\"', '2025-12-06 00:30:43');
INSERT INTO `inactive_history` (`user_id`, `commission_balance`, `amount`, `date`) VALUES ('ERQYYW', '0', '50', '2025-12-06 00:30:43');
INSERT INTO `inactive_point_history` (`user_id`, `point`, `date`) VALUES ('WYBCPQ', '0', '2025-12-06 00:30:43');
UPDATE `user_registration` SET `sub_point` = 0, `active_status` = 'no'
WHERE `user_id` = 'WYBCPQ';
INSERT INTO `arreva_api_logs` (`user_id`, `email`, `endpoint`, `response`, `date`) VALUES ('WYBCPQ', 'caryalvarez19621@outlook.com', 'deactivatemember', '\"Unable to find user matching email or contract number or otherid\"', '2025-12-06 00:30:43');
INSERT INTO `inactive_history` (`user_id`, `commission_balance`, `amount`, `date`) VALUES ('WYBCPQ', '100', '150', '2025-12-06 00:30:43');
INSERT INTO `inactive_point_history` (`user_id`, `point`, `date`) VALUES ('55IB4V', '0', '2025-12-06 00:30:43');
UPDATE `user_registration` SET `sub_point` = 0, `active_status` = 'no'
WHERE `user_id` = '55IB4V';
INSERT INTO `arreva_api_logs` (`user_id`, `email`, `endpoint`, `response`, `date`) VALUES ('55IB4V', 'delacruzrafael.890925@yahoo.com', 'deactivatemember', '\"Unable to find user matching email or contract number or otherid\"', '2025-12-06 00:30:44');
INSERT INTO `inactive_history` (`user_id`, `commission_balance`, `amount`, `date`) VALUES ('55IB4V', '0', '50', '2025-12-06 00:30:44');
INSERT INTO `inactive_point_history` (`user_id`, `point`, `date`) VALUES ('XEINAA', '0', '2025-12-06 00:30:44');
UPDATE `user_registration` SET `sub_point` = 0, `active_status` = 'no'
WHERE `user_id` = 'XEINAA';
INSERT INTO `arreva_api_logs` (`user_id`, `email`, `endpoint`, `response`, `date`) VALUES ('XEINAA', 'sofi.ibarzabal15@gmail.com', 'deactivatemember', '\"Unable to find user matching email or contract number or otherid\"', '2025-12-06 00:30:44');
INSERT INTO `inactive_history` (`user_id`, `commission_balance`, `amount`, `date`) VALUES ('XEINAA', '0', '50', '2025-12-06 00:30:44');
INSERT INTO `inactive_point_history` (`user_id`, `point`, `date`) VALUES ('5UADRJ', '0', '2025-12-06 00:30:44');
UPDATE `user_registration` SET `sub_point` = 0, `active_status` = 'no'
WHERE `user_id` = '5UADRJ';
INSERT INTO `arreva_api_logs` (`user_id`, `email`, `endpoint`, `response`, `date`) VALUES ('5UADRJ', 'caryalvarez1962@yahoo.com', 'deactivatemember', '\"Unable to find user matching email or contract number or otherid\"', '2025-12-06 00:30:45');
INSERT INTO `inactive_history` (`user_id`, `commission_balance`, `amount`, `date`) VALUES ('5UADRJ', '125', '150', '2025-12-06 00:30:45');
INSERT INTO `inactive_point_history` (`user_id`, `point`, `date`) VALUES ('HP51N7', '0', '2025-12-06 00:30:45');
UPDATE `user_registration` SET `sub_point` = 0, `active_status` = 'no'
WHERE `user_id` = 'HP51N7';
INSERT INTO `arreva_api_logs` (`user_id`, `email`, `endpoint`, `response`, `date`) VALUES ('HP51N7', 'avalossandro5@gmail.com', 'deactivatemember', '\"Unable to find user matching email or contract number or otherid\"', '2025-12-06 00:30:45');
INSERT INTO `inactive_history` (`user_id`, `commission_balance`, `amount`, `date`) VALUES ('HP51N7', '0', '150', '2025-12-06 00:30:45');
INSERT INTO `inactive_point_history` (`user_id`, `point`, `date`) VALUES ('JIYOH4', '0', '2025-12-06 00:30:45');
UPDATE `user_registration` SET `sub_point` = 0, `active_status` = 'no'
WHERE `user_id` = 'JIYOH4';
INSERT INTO `arreva_api_logs` (`user_id`, `email`, `endpoint`, `response`, `date`) VALUES ('JIYOH4', 'ikabemi70@gmail.com', 'deactivatemember', '\"Unable to find user matching email or contract number or otherid\"', '2025-12-06 00:30:46');
INSERT INTO `inactive_history` (`user_id`, `commission_balance`, `amount`, `date`) VALUES ('JIYOH4', '0', '150', '2025-12-06 00:30:46');
INSERT INTO `inactive_point_history` (`user_id`, `point`, `date`) VALUES ('AO42V8', '0', '2025-12-06 00:30:46');
UPDATE `user_registration` SET `sub_point` = 0, `active_status` = 'no'
WHERE `user_id` = 'AO42V8';
INSERT INTO `arreva_api_logs` (`user_id`, `email`, `endpoint`, `response`, `date`) VALUES ('AO42V8', 'at71164@gmail.com', 'deactivatemember', '\"Unable to find user matching email or contract number or otherid\"', '2025-12-06 00:30:46');
INSERT INTO `inactive_history` (`user_id`, `commission_balance`, `amount`, `date`) VALUES ('AO42V8', '0', '150', '2025-12-06 00:30:46');
INSERT INTO `inactive_point_history` (`user_id`, `point`, `date`) VALUES ('OI3UR6', '0', '2025-12-06 00:30:46');
UPDATE `user_registration` SET `sub_point` = 0, `active_status` = 'no'
WHERE `user_id` = 'OI3UR6';
INSERT INTO `arreva_api_logs` (`user_id`, `email`, `endpoint`, `response`, `date`) VALUES ('OI3UR6', 'marilin214@yahoo.com', 'deactivatemember', '\"Unable to find user matching email or contract number or otherid\"', '2025-12-06 00:30:46');
INSERT INTO `inactive_history` (`user_id`, `commission_balance`, `amount`, `date`) VALUES ('OI3UR6', '0', '150', '2025-12-06 00:30:46');
INSERT INTO `inactive_point_history` (`user_id`, `point`, `date`) VALUES ('M5FNDM', '0', '2025-12-06 00:30:46');
UPDATE `user_registration` SET `sub_point` = 0, `active_status` = 'no'
WHERE `user_id` = 'M5FNDM';
INSERT INTO `arreva_api_logs` (`user_id`, `email`, `endpoint`, `response`, `date`) VALUES ('M5FNDM', 'tanite0369@gmail.com', 'deactivatemember', '\"Unable to find user matching email or contract number or otherid\"', '2025-12-06 00:30:46');
INSERT INTO `inactive_history` (`user_id`, `commission_balance`, `amount`, `date`) VALUES ('M5FNDM', '50', '150', '2025-12-06 00:30:46');
INSERT INTO `inactive_point_history` (`user_id`, `point`, `date`) VALUES ('AQ47VU', '0', '2025-12-06 00:30:46');
UPDATE `user_registration` SET `sub_point` = 0, `active_status` = 'no'
WHERE `user_id` = 'AQ47VU';
INSERT INTO `arreva_api_logs` (`user_id`, `email`, `endpoint`, `response`, `date`) VALUES ('AQ47VU', 'luritzabatista@yahoo.com', 'deactivatemember', '\"Unable to find user matching email or contract number or otherid\"', '2025-12-06 00:30:47');
INSERT INTO `inactive_history` (`user_id`, `commission_balance`, `amount`, `date`) VALUES ('AQ47VU', '0', '150', '2025-12-06 00:30:47');
INSERT INTO `inactive_point_history` (`user_id`, `point`, `date`) VALUES ('L8O2QX', '0', '2025-12-06 00:30:47');
UPDATE `user_registration` SET `sub_point` = 0, `active_status` = 'no'
WHERE `user_id` = 'L8O2QX';
INSERT INTO `arreva_api_logs` (`user_id`, `email`, `endpoint`, `response`, `date`) VALUES ('L8O2QX', 'andresroldano18@gmail.com', 'deactivatemember', '\"Unable to find user matching email or contract number or otherid\"', '2025-12-06 00:30:47');
INSERT INTO `inactive_history` (`user_id`, `commission_balance`, `amount`, `date`) VALUES ('L8O2QX', '0', '50', '2025-12-06 00:30:47');
INSERT INTO `inactive_point_history` (`user_id`, `point`, `date`) VALUES ('H5E5WF', '0', '2025-12-06 00:30:47');
UPDATE `user_registration` SET `sub_point` = 0, `active_status` = 'no'
WHERE `user_id` = 'H5E5WF';
INSERT INTO `arreva_api_logs` (`user_id`, `email`, `endpoint`, `response`, `date`) VALUES ('H5E5WF', 'cskloco@gmail.com', 'deactivatemember', '\"Unable to find user matching email or contract number or otherid\"', '2025-12-06 00:30:47');
INSERT INTO `inactive_history` (`user_id`, `commission_balance`, `amount`, `date`) VALUES ('H5E5WF', '125', '150', '2025-12-06 00:30:47');
INSERT INTO `inactive_point_history` (`user_id`, `point`, `date`) VALUES ('NTAGI6', '0', '2025-12-06 00:30:47');
UPDATE `user_registration` SET `sub_point` = 0, `active_status` = 'no'
WHERE `user_id` = 'NTAGI6';
INSERT INTO `arreva_api_logs` (`user_id`, `email`, `endpoint`, `response`, `date`) VALUES ('NTAGI6', 'elizabeth_pardo91@yahoo.com', 'deactivatemember', '\"Unable to find user matching email or contract number or otherid\"', '2025-12-06 00:30:47');
INSERT INTO `inactive_history` (`user_id`, `commission_balance`, `amount`, `date`) VALUES ('NTAGI6', '0', '150', '2025-12-06 00:30:47');
INSERT INTO `inactive_point_history` (`user_id`, `point`, `date`) VALUES ('Z5DNR2', '0', '2025-12-06 00:30:47');
UPDATE `user_registration` SET `sub_point` = 0, `active_status` = 'no'
WHERE `user_id` = 'Z5DNR2';
INSERT INTO `arreva_api_logs` (`user_id`, `email`, `endpoint`, `response`, `date`) VALUES ('Z5DNR2', 'kelly_azate@yahoo.com', 'deactivatemember', '\"Unable to find user matching email or contract number or otherid\"', '2025-12-06 00:30:47');
INSERT INTO `inactive_history` (`user_id`, `commission_balance`, `amount`, `date`) VALUES ('Z5DNR2', '0', '150', '2025-12-06 00:30:47');
INSERT INTO `inactive_point_history` (`user_id`, `point`, `date`) VALUES ('7P5XVX', '0', '2025-12-06 00:30:47');
UPDATE `user_registration` SET `sub_point` = 0, `active_status` = 'no'
WHERE `user_id` = '7P5XVX';
INSERT INTO `arreva_api_logs` (`user_id`, `email`, `endpoint`, `response`, `date`) VALUES ('7P5XVX', 'deylonhernandez@icloud.com', 'deactivatemember', '\"Unable to find user matching email or contract number or otherid\"', '2025-12-06 00:30:48');
INSERT INTO `inactive_history` (`user_id`, `commission_balance`, `amount`, `date`) VALUES ('7P5XVX', '0', '150', '2025-12-06 00:30:48');
INSERT INTO `inactive_point_history` (`user_id`, `point`, `date`) VALUES ('SCC34I', '0', '2025-12-06 00:30:48');
UPDATE `user_registration` SET `sub_point` = 0, `active_status` = 'no'
WHERE `user_id` = 'SCC34I';
INSERT INTO `arreva_api_logs` (`user_id`, `email`, `endpoint`, `response`, `date`) VALUES ('SCC34I', 'Avalossandro08@gmail.com', 'deactivatemember', '\"Unable to find user matching email or contract number or otherid\"', '2025-12-06 00:30:48');
INSERT INTO `inactive_history` (`user_id`, `commission_balance`, `amount`, `date`) VALUES ('SCC34I', '0', '150', '2025-12-06 00:30:48');
INSERT INTO `inactive_point_history` (`user_id`, `point`, `date`) VALUES ('J4BGK4', '0', '2025-12-06 00:30:48');
UPDATE `user_registration` SET `sub_point` = 0, `active_status` = 'no'
WHERE `user_id` = 'J4BGK4';
INSERT INTO `arreva_api_logs` (`user_id`, `email`, `endpoint`, `response`, `date`) VALUES ('J4BGK4', 'rodriguezjf2000@yahoo.com', 'deactivatemember', '\"Unable to find user matching email or contract number or otherid\"', '2025-12-06 00:30:48');
INSERT INTO `inactive_history` (`user_id`, `commission_balance`, `amount`, `date`) VALUES ('J4BGK4', '0', '150', '2025-12-06 00:30:48');
INSERT INTO `inactive_point_history` (`user_id`, `point`, `date`) VALUES ('K67AMG', '0', '2025-12-06 00:30:48');
UPDATE `user_registration` SET `sub_point` = 0, `active_status` = 'no'
WHERE `user_id` = 'K67AMG';
INSERT INTO `arreva_api_logs` (`user_id`, `email`, `endpoint`, `response`, `date`) VALUES ('K67AMG', 'carlohernandez1963@gmail.com', 'deactivatemember', '\"Unable to find user matching email or contract number or otherid\"', '2025-12-06 00:30:49');
INSERT INTO `inactive_history` (`user_id`, `commission_balance`, `amount`, `date`) VALUES ('K67AMG', '0', '150', '2025-12-06 00:30:49');
INSERT INTO `inactive_point_history` (`user_id`, `point`, `date`) VALUES ('LIW8GV', '0', '2025-12-06 00:30:49');
UPDATE `user_registration` SET `sub_point` = 0, `active_status` = 'no'
WHERE `user_id` = 'LIW8GV';
INSERT INTO `arreva_api_logs` (`user_id`, `email`, `endpoint`, `response`, `date`) VALUES ('LIW8GV', 'luisnoris1990@gmail.com', 'deactivatemember', '\"Unable to find user matching email or contract number or otherid\"', '2025-12-06 00:30:49');
INSERT INTO `inactive_history` (`user_id`, `commission_balance`, `amount`, `date`) VALUES ('LIW8GV', '0', '150', '2025-12-06 00:30:49');
INSERT INTO `inactive_point_history` (`user_id`, `point`, `date`) VALUES ('N6VMK1', '0', '2025-12-06 00:30:49');
UPDATE `user_registration` SET `sub_point` = 0, `active_status` = 'no'
WHERE `user_id` = 'N6VMK1';
INSERT INTO `arreva_api_logs` (`user_id`, `email`, `endpoint`, `response`, `date`) VALUES ('N6VMK1', 'javier.rodriguez.novelo@gmail.com', 'deactivatemember', '\"Unable to find user matching email or contract number or otherid\"', '2025-12-06 00:30:49');
INSERT INTO `inactive_history` (`user_id`, `commission_balance`, `amount`, `date`) VALUES ('N6VMK1', '0', '150', '2025-12-06 00:30:49');
INSERT INTO `inactive_point_history` (`user_id`, `point`, `date`) VALUES ('54SJCL', '0', '2025-12-06 00:30:49');
UPDATE `user_registration` SET `sub_point` = 0, `active_status` = 'no'
WHERE `user_id` = '54SJCL';
INSERT INTO `arreva_api_logs` (`user_id`, `email`, `endpoint`, `response`, `date`) VALUES ('54SJCL', 'josejorge3011@hotmail.com', 'deactivatemember', '\"Unable to find user matching email or contract number or otherid\"', '2025-12-06 00:30:49');
INSERT INTO `inactive_history` (`user_id`, `commission_balance`, `amount`, `date`) VALUES ('54SJCL', '0', '150', '2025-12-06 00:30:49');
INSERT INTO `inactive_point_history` (`user_id`, `point`, `date`) VALUES ('DFEDKO', '0', '2025-12-06 00:30:49');
UPDATE `user_registration` SET `sub_point` = 0, `active_status` = 'no'
WHERE `user_id` = 'DFEDKO';
INSERT INTO `arreva_api_logs` (`user_id`, `email`, `endpoint`, `response`, `date`) VALUES ('DFEDKO', 'anegociarfree+1@gmail.com', 'deactivatemember', 'true', '2025-12-06 00:30:50');
INSERT INTO `inactive_history` (`user_id`, `commission_balance`, `amount`, `date`) VALUES ('DFEDKO', '20', '150', '2025-12-06 00:30:50');
