UPDATE `user_registration` SET left_downlines = left_downlines+1
WHERE `user_id` = 'AV48YQ';
UPDATE `user_registration` SET total_downlines = total_downlines+1
WHERE `user_id` = 'admin';
UPDATE `user_registration` SET left_downlines = left_downlines+1
WHERE `user_id` = 'admin';
INSERT INTO `earnings` (`user_id`, `Purchaser_id`, `earning_type`, `package_id`, `amount`, `date`, `comments`, `invest_amount`, `comm_perc`, `level`, `rank_id`) VALUES ('ZJZA3M', 'XYG89U', 'Direct Referral Bonus', 0, '200', '2024-09-23 13:53:19', 'Direct Referral Bonus', 0, 0, 1, '');
UPDATE `user_registration` SET commission_balance = ROUND(commission_balance + 200,2)
WHERE `user_id` = 'ZJZA3M';
UPDATE `bv_updation` SET left_carry = left_carry+50, total_left = total_left+50
WHERE `user_id` = 'HTFY93';
INSERT INTO `placement_bv_update_history` (`left_carry`, `date`, `from_id`, `user_id`) VALUES ('50', '2024-09-23 13:53:19', 'XYG89U', 'HTFY93');
UPDATE `bv_updation` SET left_carry = left_carry+50, total_left = total_left+50
WHERE `user_id` = '3PR393';
INSERT INTO `placement_bv_update_history` (`left_carry`, `date`, `from_id`, `user_id`) VALUES ('50', '2024-09-23 13:53:19', 'XYG89U', '3PR393');
UPDATE `bv_updation` SET left_carry = left_carry+50, total_left = total_left+50
WHERE `user_id` = 'T3MRY1';
INSERT INTO `placement_bv_update_history` (`left_carry`, `date`, `from_id`, `user_id`) VALUES ('50', '2024-09-23 13:53:19', 'XYG89U', 'T3MRY1');
UPDATE `bv_updation` SET left_carry = left_carry+50, total_left = total_left+50
WHERE `user_id` = 'GTMCCK';
INSERT INTO `placement_bv_update_history` (`left_carry`, `date`, `from_id`, `user_id`) VALUES ('50', '2024-09-23 13:53:19', 'XYG89U', 'GTMCCK');
UPDATE `bv_updation` SET left_carry = left_carry+50, total_left = total_left+50
WHERE `user_id` = 'DLYMIF';
INSERT INTO `placement_bv_update_history` (`left_carry`, `date`, `from_id`, `user_id`) VALUES ('50', '2024-09-23 13:53:19', 'XYG89U', 'DLYMIF');
UPDATE `bv_updation` SET left_carry = left_carry+50, total_left = total_left+50
WHERE `user_id` = 'WGJ5KE';
INSERT INTO `placement_bv_update_history` (`left_carry`, `date`, `from_id`, `user_id`) VALUES ('50', '2024-09-23 13:53:19', 'XYG89U', 'WGJ5KE');
UPDATE `bv_updation` SET left_carry = left_carry+50, total_left = total_left+50
WHERE `user_id` = 'ORRJ3M';
INSERT INTO `placement_bv_update_history` (`left_carry`, `date`, `from_id`, `user_id`) VALUES ('50', '2024-09-23 13:53:19', 'XYG89U', 'ORRJ3M');
UPDATE `bv_updation` SET left_carry = left_carry+50, total_left = total_left+50
WHERE `user_id` = 'AA8V6V';
INSERT INTO `placement_bv_update_history` (`left_carry`, `date`, `from_id`, `user_id`) VALUES ('50', '2024-09-23 13:53:19', 'XYG89U', 'AA8V6V');
UPDATE `bv_updation` SET left_carry = left_carry+50, total_left = total_left+50
WHERE `user_id` = '61ME4O';
INSERT INTO `placement_bv_update_history` (`left_carry`, `date`, `from_id`, `user_id`) VALUES ('50', '2024-09-23 13:53:19', 'XYG89U', '61ME4O');
UPDATE `bv_updation` SET left_carry = left_carry+50, total_left = total_left+50
WHERE `user_id` = 'WS1SZZ';
INSERT INTO `placement_bv_update_history` (`left_carry`, `date`, `from_id`, `user_id`) VALUES ('50', '2024-09-23 13:53:19', 'XYG89U', 'WS1SZZ');
UPDATE `bv_updation` SET left_carry = left_carry+50, total_left = total_left+50
WHERE `user_id` = 'TBN4MZ';
INSERT INTO `placement_bv_update_history` (`left_carry`, `date`, `from_id`, `user_id`) VALUES ('50', '2024-09-23 13:53:19', 'XYG89U', 'TBN4MZ');
UPDATE `bv_updation` SET left_carry = left_carry+50, total_left = total_left+50
WHERE `user_id` = 'OEMJ8R';
INSERT INTO `placement_bv_update_history` (`left_carry`, `date`, `from_id`, `user_id`) VALUES ('50', '2024-09-23 13:53:19', 'XYG89U', 'OEMJ8R');
UPDATE `bv_updation` SET left_carry = left_carry+50, total_left = total_left+50
WHERE `user_id` = 'FXAYIE';
INSERT INTO `placement_bv_update_history` (`left_carry`, `date`, `from_id`, `user_id`) VALUES ('50', '2024-09-23 13:53:19', 'XYG89U', 'FXAYIE');
UPDATE `bv_updation` SET left_carry = left_carry+50, total_left = total_left+50
WHERE `user_id` = 'ELXZWC';
INSERT INTO `placement_bv_update_history` (`left_carry`, `date`, `from_id`, `user_id`) VALUES ('50', '2024-09-23 13:53:19', 'XYG89U', 'ELXZWC');
UPDATE `bv_updation` SET left_carry = left_carry+50, total_left = total_left+50
WHERE `user_id` = 'C1TQVI';
INSERT INTO `placement_bv_update_history` (`left_carry`, `date`, `from_id`, `user_id`) VALUES ('50', '2024-09-23 13:53:19', 'XYG89U', 'C1TQVI');
UPDATE `bv_updation` SET left_carry = left_carry+50, total_left = total_left+50
WHERE `user_id` = 'F5GPDF';
INSERT INTO `placement_bv_update_history` (`left_carry`, `date`, `from_id`, `user_id`) VALUES ('50', '2024-09-23 13:53:19', 'XYG89U', 'F5GPDF');
UPDATE `bv_updation` SET left_carry = left_carry+50, total_left = total_left+50
WHERE `user_id` = '91PYDK';
INSERT INTO `placement_bv_update_history` (`left_carry`, `date`, `from_id`, `user_id`) VALUES ('50', '2024-09-23 13:53:19', 'XYG89U', '91PYDK');
UPDATE `bv_updation` SET left_carry = left_carry+50, total_left = total_left+50
WHERE `user_id` = '4OT7RX';
INSERT INTO `placement_bv_update_history` (`left_carry`, `date`, `from_id`, `user_id`) VALUES ('50', '2024-09-23 13:53:19', 'XYG89U', '4OT7RX');
UPDATE `bv_updation` SET left_carry = left_carry+50, total_left = total_left+50
WHERE `user_id` = 'ZJZA3M';
INSERT INTO `placement_bv_update_history` (`left_carry`, `date`, `from_id`, `user_id`) VALUES ('50', '2024-09-23 13:53:19', 'XYG89U', 'ZJZA3M');
UPDATE `bv_updation` SET sponsor_left_carry = sponsor_left_carry+50, sponsor_total_left = sponsor_total_left+50
WHERE `user_id` = 'ZJZA3M';
INSERT INTO `sponsor_bv_update_history` (`left_carry`, `date`, `user_id`) VALUES ('50', '2024-09-23 13:53:19', 'ZJZA3M');
UPDATE `bv_updation` SET left_carry = left_carry+50, total_left = total_left+50
WHERE `user_id` = 'XN6ETC';
INSERT INTO `placement_bv_update_history` (`left_carry`, `date`, `from_id`, `user_id`) VALUES ('50', '2024-09-23 13:53:19', 'XYG89U', 'XN6ETC');
UPDATE `bv_updation` SET left_carry = left_carry+50, total_left = total_left+50
WHERE `user_id` = 'KVQN1O';
INSERT INTO `placement_bv_update_history` (`left_carry`, `date`, `from_id`, `user_id`) VALUES ('50', '2024-09-23 13:53:19', 'XYG89U', 'KVQN1O');
UPDATE `bv_updation` SET left_carry = left_carry+50, total_left = total_left+50
WHERE `user_id` = 'X3V7DJ';
INSERT INTO `placement_bv_update_history` (`left_carry`, `date`, `from_id`, `user_id`) VALUES ('50', '2024-09-23 13:53:19', 'XYG89U', 'X3V7DJ');
UPDATE `bv_updation` SET left_carry = left_carry+50, total_left = total_left+50
WHERE `user_id` = 'DJ77NH';
INSERT INTO `placement_bv_update_history` (`left_carry`, `date`, `from_id`, `user_id`) VALUES ('50', '2024-09-23 13:53:19', 'XYG89U', 'DJ77NH');
UPDATE `bv_updation` SET left_carry = left_carry+50, total_left = total_left+50
WHERE `user_id` = 'PX7XCL';
INSERT INTO `placement_bv_update_history` (`left_carry`, `date`, `from_id`, `user_id`) VALUES ('50', '2024-09-23 13:53:19', 'XYG89U', 'PX7XCL');
UPDATE `bv_updation` SET left_carry = left_carry+50, total_left = total_left+50
WHERE `user_id` = 'L8PM4Z';
INSERT INTO `placement_bv_update_history` (`left_carry`, `date`, `from_id`, `user_id`) VALUES ('50', '2024-09-23 13:53:19', 'XYG89U', 'L8PM4Z');
UPDATE `bv_updation` SET left_carry = left_carry+50, total_left = total_left+50
WHERE `user_id` = 'GBSIER';
INSERT INTO `placement_bv_update_history` (`left_carry`, `date`, `from_id`, `user_id`) VALUES ('50', '2024-09-23 13:53:19', 'XYG89U', 'GBSIER');
UPDATE `bv_updation` SET left_carry = left_carry+50, total_left = total_left+50
WHERE `user_id` = 'AV48YQ';
INSERT INTO `placement_bv_update_history` (`left_carry`, `date`, `from_id`, `user_id`) VALUES ('50', '2024-09-23 13:53:19', 'XYG89U', 'AV48YQ');
UPDATE `bv_updation` SET left_carry = left_carry+50, total_left = total_left+50
WHERE `user_id` = 'admin';
INSERT INTO `placement_bv_update_history` (`left_carry`, `date`, `from_id`, `user_id`) VALUES ('50', '2024-09-23 13:53:19', 'XYG89U', 'admin');
INSERT INTO `package_purchase_history` (`user_id`, `package_id`, `reg_fee`, `package_name`, `monthly_fee`, `type`, `date`, `payment_option`) VALUES ('XYG89U', '2', '595', 'Traveler Pro', '150', 'sign_up', '2024-09-23 13:53:19', 'free');
UPDATE `user_registration` SET `popup_seen` = 'yes'
WHERE `user_id` = 'ZJZA3M';
UPDATE `ci_sessions` SET `timestamp` = 1727117722, `data` = '__ci_last_regenerate|i:1727117722;lang|s:7:\"english\";id|s:4:\"2158\";user_id|s:6:\"ZJZA3M\";username|s:7:\"emilio4\";sponsor_id|s:5:\"admin\";fullname|s:16:\"Emiliog Tapanesg\";email|s:17:\"emilio4@gmail.com\";phone|s:10:\"7862876762\";isLogIn|b:1;'
WHERE `id` = 'e123b8fcf72446e376b7f5a52c9b73a359804d3e';
UPDATE `user_registration` SET `popup_seen` = 'yes'
WHERE `user_id` = 'ZJZA3M';
UPDATE `user_registration` SET `popup_seen` = 'no'
WHERE `user_id` = 'ZJZA3M';
DELETE FROM `ci_sessions`
WHERE `id` = '6389209954a03784e444d1bb0beadd4f3a8467f3';
INSERT INTO `login_history` (`user_id`, `device`, `ip_address`, `date`) VALUES ('9TA5UC', 'Mozilla/5.0 (Windows NT 10.0; Win64; x64) AppleWebKit/537.36 (KHTML, like Gecko) Chrome/128.0.0.0 Safari/537.36', '172.70.83.106', '24-09-23 13:58');
UPDATE `user_registration` SET `popup_seen` = 'yes'
WHERE `user_id` = '9TA5UC';
UPDATE `user_registration` SET `uid` = '2313', `user_id` = 'XDTGUY', `username` = 'alfredo4', `sponsor_id` = '9TA5UC', `vacant` = 'no', `f_name` = 'Alfredog', `l_name` = 'Alonsog', `address` = '8100 sw 14 terr', `position` = 'right', `email` = 'alfredo4@gmail.com', `password` = 'afdd0b4ad2ec172c586e2150770fbf9e', `phone` = '7862876762', `country` = 'United States', `state` = 'Florida', `city` = 'Miami', `street` = '8100 sw 14 terr', `zip_code` = '33144', `reg_ip` = '172.70.255.65', `status` = 1, `package_id` = '1', `rank_id` = 1, `highest_rank` = 1, `created` = '2024-09-23 14:00:31', `subscription_date` = '2024-10-23', `google_secret` = 'NQXJDQ64RGDIVI2L'
WHERE `uid` = '2313';
INSERT INTO `user_registration` (`uid`, `user_id`, `username`, `sponsor_id`, `placement_id`, `vacant`, `f_name`, `l_name`, `address`, `position`, `email`, `password`, `phone`, `reg_ip`, `status`, `created`) VALUES (NULL, 'KKGTCX', 'vcWNGoLi', 'XDTGUY', 'XDTGUY', 'yes', '', '', '', 'left', '@mail.com', '', '', '', 0, '2024-09-23 14:00:31');
INSERT INTO `user_registration` (`uid`, `user_id`, `username`, `sponsor_id`, `placement_id`, `vacant`, `f_name`, `l_name`, `address`, `position`, `email`, `password`, `phone`, `reg_ip`, `status`, `created`) VALUES (NULL, 'ORHYXI', 'MNnJfsQf', 'XDTGUY', 'XDTGUY', 'yes', '', '', '', 'right', '@mail.com', '', '', '', 0, '2024-09-23 14:00:31');
INSERT INTO `bv_updation` (`user_id`) VALUES ('XDTGUY');
UPDATE `user_registration` SET total_ref_count = total_ref_count+1
WHERE `user_id` = '9TA5UC';
UPDATE `user_registration` SET total_downlines = total_downlines+1
WHERE `user_id` = '9TA5UC';
UPDATE `user_registration` SET right_downlines = right_downlines+1
WHERE `user_id` = '9TA5UC';
UPDATE `user_registration` SET right_ref_count = right_ref_count+1
WHERE `user_id` = '9TA5UC';
UPDATE `user_registration` SET active_right = active_right+1
WHERE `user_id` = '9TA5UC';
UPDATE `user_registration` SET total_downlines = total_downlines+1
WHERE `user_id` = '4OT7RX';
UPDATE `user_registration` SET right_downlines = right_downlines+1
WHERE `user_id` = '4OT7RX';
UPDATE `user_registration` SET total_downlines = total_downlines+1
WHERE `user_id` = 'ZJZA3M';
UPDATE `user_registration` SET left_downlines = left_downlines+1
WHERE `user_id` = 'ZJZA3M';
UPDATE `user_registration` SET total_downlines = total_downlines+1
WHERE `user_id` = 'XN6ETC';
UPDATE `user_registration` SET left_downlines = left_downlines+1
WHERE `user_id` = 'XN6ETC';
UPDATE `user_registration` SET total_downlines = total_downlines+1
WHERE `user_id` = 'KVQN1O';
UPDATE `user_registration` SET left_downlines = left_downlines+1
WHERE `user_id` = 'KVQN1O';
UPDATE `user_registration` SET total_downlines = total_downlines+1
WHERE `user_id` = 'X3V7DJ';
UPDATE `user_registration` SET left_downlines = left_downlines+1
WHERE `user_id` = 'X3V7DJ';
UPDATE `user_registration` SET total_downlines = total_downlines+1
WHERE `user_id` = 'DJ77NH';
UPDATE `user_registration` SET left_downlines = left_downlines+1
WHERE `user_id` = 'DJ77NH';
UPDATE `user_registration` SET total_downlines = total_downlines+1
WHERE `user_id` = 'PX7XCL';
UPDATE `user_registration` SET left_downlines = left_downlines+1
WHERE `user_id` = 'PX7XCL';
UPDATE `user_registration` SET total_downlines = total_downlines+1
WHERE `user_id` = 'L8PM4Z';
UPDATE `user_registration` SET left_downlines = left_downlines+1
WHERE `user_id` = 'L8PM4Z';
UPDATE `user_registration` SET total_downlines = total_downlines+1
WHERE `user_id` = 'GBSIER';
UPDATE `user_registration` SET left_downlines = left_downlines+1
WHERE `user_id` = 'GBSIER';
UPDATE `user_registration` SET total_downlines = total_downlines+1
WHERE `user_id` = 'AV48YQ';
UPDATE `user_registration` SET left_downlines = left_downlines+1
WHERE `user_id` = 'AV48YQ';
UPDATE `user_registration` SET total_downlines = total_downlines+1
WHERE `user_id` = 'admin';
UPDATE `user_registration` SET left_downlines = left_downlines+1
WHERE `user_id` = 'admin';
INSERT INTO `earnings` (`user_id`, `Purchaser_id`, `earning_type`, `package_id`, `amount`, `date`, `comments`, `invest_amount`, `comm_perc`, `level`, `rank_id`) VALUES ('9TA5UC', 'XDTGUY', 'Direct Referral Bonus', 0, '20', '2024-09-23 14:00:31', 'Direct Referral Bonus', 0, 0, 1, '');
UPDATE `user_registration` SET commission_balance = ROUND(commission_balance + 20,2)
WHERE `user_id` = '9TA5UC';
INSERT INTO `earnings` (`user_id`, `Purchaser_id`, `earning_type`, `package_id`, `amount`, `date`, `comments`, `invest_amount`, `comm_perc`, `level`, `rank_id`) VALUES ('ZJZA3M', 'XDTGUY', 'Expansion Bonus', 0, 10, '2024-09-23 14:00:31', 'Expansion Bonus', '20', 0, 1, '');
UPDATE `user_registration` SET commission_balance = ROUND(commission_balance + 10,2)
WHERE `user_id` = 'ZJZA3M';
INSERT INTO `earnings` (`user_id`, `Purchaser_id`, `earning_type`, `package_id`, `amount`, `date`, `comments`, `invest_amount`, `comm_perc`, `level`, `rank_id`) VALUES ('admin', 'XDTGUY', 'Expansion Bonus', 0, 10, '2024-09-23 14:00:31', 'Expansion Bonus', 30, 0, 1, '');
UPDATE `user_registration` SET commission_balance = ROUND(commission_balance + 10,2)
WHERE `user_id` = 'admin';
UPDATE `bv_updation` SET right_carry = right_carry+20, total_right = total_right+20
WHERE `user_id` = '9TA5UC';
INSERT INTO `placement_bv_update_history` (`right_carry`, `date`, `from_id`, `user_id`) VALUES ('20', '2024-09-23 14:00:31', 'XDTGUY', '9TA5UC');
UPDATE `bv_updation` SET sponsor_right_carry = sponsor_right_carry+20, sponsor_total_right = sponsor_total_right+20
WHERE `user_id` = '9TA5UC';
INSERT INTO `sponsor_bv_update_history` (`right_carry`, `date`, `user_id`) VALUES ('20', '2024-09-23 14:00:31', '9TA5UC');
UPDATE `bv_updation` SET right_carry = right_carry+20, total_right = total_right+20
WHERE `user_id` = '4OT7RX';
INSERT INTO `placement_bv_update_history` (`right_carry`, `date`, `from_id`, `user_id`) VALUES ('20', '2024-09-23 14:00:31', 'XDTGUY', '4OT7RX');
UPDATE `bv_updation` SET left_carry = left_carry+20, total_left = total_left+20
WHERE `user_id` = 'ZJZA3M';
INSERT INTO `placement_bv_update_history` (`left_carry`, `date`, `from_id`, `user_id`) VALUES ('20', '2024-09-23 14:00:31', 'XDTGUY', 'ZJZA3M');
UPDATE `bv_updation` SET left_carry = left_carry+20, total_left = total_left+20
WHERE `user_id` = 'XN6ETC';
INSERT INTO `placement_bv_update_history` (`left_carry`, `date`, `from_id`, `user_id`) VALUES ('20', '2024-09-23 14:00:31', 'XDTGUY', 'XN6ETC');
UPDATE `bv_updation` SET left_carry = left_carry+20, total_left = total_left+20
WHERE `user_id` = 'KVQN1O';
INSERT INTO `placement_bv_update_history` (`left_carry`, `date`, `from_id`, `user_id`) VALUES ('20', '2024-09-23 14:00:31', 'XDTGUY', 'KVQN1O');
UPDATE `bv_updation` SET left_carry = left_carry+20, total_left = total_left+20
WHERE `user_id` = 'X3V7DJ';
INSERT INTO `placement_bv_update_history` (`left_carry`, `date`, `from_id`, `user_id`) VALUES ('20', '2024-09-23 14:00:31', 'XDTGUY', 'X3V7DJ');
UPDATE `bv_updation` SET left_carry = left_carry+20, total_left = total_left+20
WHERE `user_id` = 'DJ77NH';
INSERT INTO `placement_bv_update_history` (`left_carry`, `date`, `from_id`, `user_id`) VALUES ('20', '2024-09-23 14:00:31', 'XDTGUY', 'DJ77NH');
UPDATE `bv_updation` SET left_carry = left_carry+20, total_left = total_left+20
WHERE `user_id` = 'PX7XCL';
INSERT INTO `placement_bv_update_history` (`left_carry`, `date`, `from_id`, `user_id`) VALUES ('20', '2024-09-23 14:00:31', 'XDTGUY', 'PX7XCL');
UPDATE `bv_updation` SET left_carry = left_carry+20, total_left = total_left+20
WHERE `user_id` = 'L8PM4Z';
INSERT INTO `placement_bv_update_history` (`left_carry`, `date`, `from_id`, `user_id`) VALUES ('20', '2024-09-23 14:00:31', 'XDTGUY', 'L8PM4Z');
UPDATE `bv_updation` SET left_carry = left_carry+20, total_left = total_left+20
WHERE `user_id` = 'GBSIER';
INSERT INTO `placement_bv_update_history` (`left_carry`, `date`, `from_id`, `user_id`) VALUES ('20', '2024-09-23 14:00:31', 'XDTGUY', 'GBSIER');
UPDATE `bv_updation` SET left_carry = left_carry+20, total_left = total_left+20
WHERE `user_id` = 'AV48YQ';
INSERT INTO `placement_bv_update_history` (`left_carry`, `date`, `from_id`, `user_id`) VALUES ('20', '2024-09-23 14:00:31', 'XDTGUY', 'AV48YQ');
UPDATE `bv_updation` SET left_carry = left_carry+20, total_left = total_left+20
WHERE `user_id` = 'admin';
INSERT INTO `placement_bv_update_history` (`left_carry`, `date`, `from_id`, `user_id`) VALUES ('20', '2024-09-23 14:00:31', 'XDTGUY', 'admin');
INSERT INTO `package_purchase_history` (`user_id`, `package_id`, `reg_fee`, `package_name`, `monthly_fee`, `type`, `date`, `payment_option`) VALUES ('XDTGUY', '1', '195', 'Traveler', '50', 'sign_up', '2024-09-23 14:00:31', 'free');
UPDATE `user_registration` SET `popup_seen` = 'yes'
WHERE `user_id` = '9TA5UC';
UPDATE `user_registration` SET `popup_seen` = 'no'
WHERE `user_id` = '9TA5UC';
DELETE FROM `ci_sessions`
WHERE `id` = '2a087f15a49bcb671298c5fb62a1aa55e3716c6f';
INSERT INTO `login_history` (`user_id`, `device`, `ip_address`, `date`) VALUES ('ZJZA3M', 'Mozilla/5.0 (Windows NT 10.0; Win64; x64) AppleWebKit/537.36 (KHTML, like Gecko) Chrome/128.0.0.0 Safari/537.36', '172.70.255.65', '24-09-23 14:01');
UPDATE `user_registration` SET `popup_seen` = 'yes'
WHERE `user_id` = 'ZJZA3M';
UPDATE `ci_sessions` SET `timestamp` = 1727118428, `data` = '__ci_last_regenerate|i:1727118428;id|s:4:\"2158\";user_id|s:6:\"ZJZA3M\";username|s:7:\"emilio4\";sponsor_id|s:5:\"admin\";fullname|s:16:\"Emiliog Tapanesg\";email|s:17:\"emilio4@gmail.com\";phone|s:10:\"7862876762\";isLogIn|b:1;'
WHERE `id` = '255b7ad2de3059a3ba857ebecde2bcfb7accb924';
UPDATE `user_registration` SET `popup_seen` = 'yes'
WHERE `user_id` = 'ZJZA3M';
UPDATE `user_registration` SET `popup_seen` = 'no'
WHERE `user_id` = 'ZJZA3M';
DELETE FROM `ci_sessions`
WHERE `id` = '0850f0dc4b0156f4d7ffa7a0ff06d58e73799309';
INSERT INTO `login_history` (`user_id`, `device`, `ip_address`, `date`) VALUES ('9TA5UC', 'Mozilla/5.0 (Windows NT 10.0; Win64; x64) AppleWebKit/537.36 (KHTML, like Gecko) Chrome/128.0.0.0 Safari/537.36', '172.70.255.208', '24-09-23 14:07');
UPDATE `user_registration` SET `popup_seen` = 'yes'
WHERE `user_id` = '9TA5UC';
UPDATE `user_registration` SET `uid` = '2312', `user_id` = 'RXYEG4', `username` = 'ines4', `sponsor_id` = '9TA5UC', `vacant` = 'no', `f_name` = 'Inesg', `l_name` = 'Hernandezg', `address` = '8100 sw 14 terr', `position` = 'left', `email` = 'ines4@gmail.com', `password` = 'aa999e37b5a0d7c0e0de4104be642988', `phone` = '7862876762', `country` = 'United States', `state` = 'Florida', `city` = 'Miami', `street` = '8100 sw 14 terr', `zip_code` = '33144', `reg_ip` = '172.69.132.136', `status` = 1, `package_id` = '2', `rank_id` = 1, `highest_rank` = 1, `created` = '2024-09-23 14:09:38', `subscription_date` = '2024-10-23', `google_secret` = 'GPMEOBLKFI5XTAY5'
WHERE `uid` = '2312';
INSERT INTO `user_registration` (`uid`, `user_id`, `username`, `sponsor_id`, `placement_id`, `vacant`, `f_name`, `l_name`, `address`, `position`, `email`, `password`, `phone`, `reg_ip`, `status`, `created`) VALUES (NULL, 'BDIPDL', 'eHIHqSCz', 'RXYEG4', 'RXYEG4', 'yes', '', '', '', 'left', '@mail.com', '', '', '', 0, '2024-09-23 14:09:38');
INSERT INTO `user_registration` (`uid`, `user_id`, `username`, `sponsor_id`, `placement_id`, `vacant`, `f_name`, `l_name`, `address`, `position`, `email`, `password`, `phone`, `reg_ip`, `status`, `created`) VALUES (NULL, 'LFWZMN', 'oKfcuQty', 'RXYEG4', 'RXYEG4', 'yes', '', '', '', 'right', '@mail.com', '', '', '', 0, '2024-09-23 14:09:38');
INSERT INTO `bv_updation` (`user_id`) VALUES ('RXYEG4');
UPDATE `user_registration` SET total_ref_count = total_ref_count+1
WHERE `user_id` = '9TA5UC';
UPDATE `user_registration` SET total_downlines = total_downlines+1
WHERE `user_id` = '9TA5UC';
UPDATE `user_registration` SET left_downlines = left_downlines+1
WHERE `user_id` = '9TA5UC';
UPDATE `user_registration` SET left_ref_count = left_ref_count+1
WHERE `user_id` = '9TA5UC';
UPDATE `user_registration` SET active_left = active_left+1
WHERE `user_id` = '9TA5UC';
UPDATE `bv_updation` SET `left_carry` = 0, `right_carry` = 20
WHERE `user_id` = '9TA5UC';
UPDATE `user_registration` SET `binary_qualified` = 'yes'
WHERE `user_id` = '9TA5UC';
UPDATE `user_registration` SET total_downlines = total_downlines+1
WHERE `user_id` = '4OT7RX';
UPDATE `user_registration` SET right_downlines = right_downlines+1
WHERE `user_id` = '4OT7RX';
UPDATE `user_registration` SET total_downlines = total_downlines+1
WHERE `user_id` = 'ZJZA3M';
UPDATE `user_registration` SET left_downlines = left_downlines+1
WHERE `user_id` = 'ZJZA3M';
UPDATE `user_registration` SET total_downlines = total_downlines+1
WHERE `user_id` = 'XN6ETC';
UPDATE `user_registration` SET left_downlines = left_downlines+1
WHERE `user_id` = 'XN6ETC';
UPDATE `user_registration` SET total_downlines = total_downlines+1
WHERE `user_id` = 'KVQN1O';
UPDATE `user_registration` SET left_downlines = left_downlines+1
WHERE `user_id` = 'KVQN1O';
UPDATE `user_registration` SET total_downlines = total_downlines+1
WHERE `user_id` = 'X3V7DJ';
UPDATE `user_registration` SET left_downlines = left_downlines+1
WHERE `user_id` = 'X3V7DJ';
UPDATE `user_registration` SET total_downlines = total_downlines+1
WHERE `user_id` = 'DJ77NH';
UPDATE `user_registration` SET left_downlines = left_downlines+1
WHERE `user_id` = 'DJ77NH';
UPDATE `user_registration` SET total_downlines = total_downlines+1
WHERE `user_id` = 'PX7XCL';
UPDATE `user_registration` SET left_downlines = left_downlines+1
WHERE `user_id` = 'PX7XCL';
UPDATE `user_registration` SET total_downlines = total_downlines+1
WHERE `user_id` = 'L8PM4Z';
UPDATE `user_registration` SET left_downlines = left_downlines+1
WHERE `user_id` = 'L8PM4Z';
UPDATE `user_registration` SET total_downlines = total_downlines+1
WHERE `user_id` = 'GBSIER';
UPDATE `user_registration` SET left_downlines = left_downlines+1
WHERE `user_id` = 'GBSIER';
UPDATE `user_registration` SET total_downlines = total_downlines+1
WHERE `user_id` = 'AV48YQ';
UPDATE `user_registration` SET left_downlines = left_downlines+1
WHERE `user_id` = 'AV48YQ';
UPDATE `user_registration` SET total_downlines = total_downlines+1
WHERE `user_id` = 'admin';
UPDATE `user_registration` SET left_downlines = left_downlines+1
WHERE `user_id` = 'admin';
INSERT INTO `earnings` (`user_id`, `Purchaser_id`, `earning_type`, `package_id`, `amount`, `date`, `comments`, `invest_amount`, `comm_perc`, `level`, `rank_id`) VALUES ('9TA5UC', 'RXYEG4', 'Direct Referral Bonus', 0, '100', '2024-09-23 14:09:38', 'Direct Referral Bonus', 0, 0, 1, '');
UPDATE `user_registration` SET commission_balance = ROUND(commission_balance + 100,2)
WHERE `user_id` = '9TA5UC';
UPDATE `bv_updation` SET left_carry = left_carry+50, total_left = total_left+50
WHERE `user_id` = '9TA5UC';
INSERT INTO `placement_bv_update_history` (`left_carry`, `date`, `from_id`, `user_id`) VALUES ('50', '2024-09-23 14:09:38', 'RXYEG4', '9TA5UC');
UPDATE `bv_updation` SET sponsor_left_carry = sponsor_left_carry+50, sponsor_total_left = sponsor_total_left+50
WHERE `user_id` = '9TA5UC';
INSERT INTO `sponsor_bv_update_history` (`left_carry`, `date`, `user_id`) VALUES ('50', '2024-09-23 14:09:38', '9TA5UC');
UPDATE `bv_updation` SET right_carry = right_carry+50, total_right = total_right+50
WHERE `user_id` = '4OT7RX';
INSERT INTO `placement_bv_update_history` (`right_carry`, `date`, `from_id`, `user_id`) VALUES ('50', '2024-09-23 14:09:38', 'RXYEG4', '4OT7RX');
UPDATE `bv_updation` SET left_carry = left_carry+50, total_left = total_left+50
WHERE `user_id` = 'ZJZA3M';
INSERT INTO `placement_bv_update_history` (`left_carry`, `date`, `from_id`, `user_id`) VALUES ('50', '2024-09-23 14:09:38', 'RXYEG4', 'ZJZA3M');
UPDATE `bv_updation` SET left_carry = left_carry+50, total_left = total_left+50
WHERE `user_id` = 'XN6ETC';
INSERT INTO `placement_bv_update_history` (`left_carry`, `date`, `from_id`, `user_id`) VALUES ('50', '2024-09-23 14:09:38', 'RXYEG4', 'XN6ETC');
UPDATE `bv_updation` SET left_carry = left_carry+50, total_left = total_left+50
WHERE `user_id` = 'KVQN1O';
INSERT INTO `placement_bv_update_history` (`left_carry`, `date`, `from_id`, `user_id`) VALUES ('50', '2024-09-23 14:09:38', 'RXYEG4', 'KVQN1O');
UPDATE `bv_updation` SET left_carry = left_carry+50, total_left = total_left+50
WHERE `user_id` = 'X3V7DJ';
INSERT INTO `placement_bv_update_history` (`left_carry`, `date`, `from_id`, `user_id`) VALUES ('50', '2024-09-23 14:09:38', 'RXYEG4', 'X3V7DJ');
UPDATE `bv_updation` SET left_carry = left_carry+50, total_left = total_left+50
WHERE `user_id` = 'DJ77NH';
INSERT INTO `placement_bv_update_history` (`left_carry`, `date`, `from_id`, `user_id`) VALUES ('50', '2024-09-23 14:09:38', 'RXYEG4', 'DJ77NH');
UPDATE `bv_updation` SET left_carry = left_carry+50, total_left = total_left+50
WHERE `user_id` = 'PX7XCL';
INSERT INTO `placement_bv_update_history` (`left_carry`, `date`, `from_id`, `user_id`) VALUES ('50', '2024-09-23 14:09:38', 'RXYEG4', 'PX7XCL');
UPDATE `bv_updation` SET left_carry = left_carry+50, total_left = total_left+50
WHERE `user_id` = 'L8PM4Z';
INSERT INTO `placement_bv_update_history` (`left_carry`, `date`, `from_id`, `user_id`) VALUES ('50', '2024-09-23 14:09:38', 'RXYEG4', 'L8PM4Z');
UPDATE `bv_updation` SET left_carry = left_carry+50, total_left = total_left+50
WHERE `user_id` = 'GBSIER';
INSERT INTO `placement_bv_update_history` (`left_carry`, `date`, `from_id`, `user_id`) VALUES ('50', '2024-09-23 14:09:38', 'RXYEG4', 'GBSIER');
UPDATE `bv_updation` SET left_carry = left_carry+50, total_left = total_left+50
WHERE `user_id` = 'AV48YQ';
INSERT INTO `placement_bv_update_history` (`left_carry`, `date`, `from_id`, `user_id`) VALUES ('50', '2024-09-23 14:09:38', 'RXYEG4', 'AV48YQ');
UPDATE `bv_updation` SET left_carry = left_carry+50, total_left = total_left+50
WHERE `user_id` = 'admin';
INSERT INTO `placement_bv_update_history` (`left_carry`, `date`, `from_id`, `user_id`) VALUES ('50', '2024-09-23 14:09:38', 'RXYEG4', 'admin');
INSERT INTO `package_purchase_history` (`user_id`, `package_id`, `reg_fee`, `package_name`, `monthly_fee`, `type`, `date`, `payment_option`) VALUES ('RXYEG4', '2', '595', 'Traveler Pro', '150', 'sign_up', '2024-09-23 14:09:38', 'free');
UPDATE `user_registration` SET `popup_seen` = 'yes'
WHERE `user_id` = '9TA5UC';
UPDATE `ci_sessions` SET `timestamp` = 1727118762, `data` = '__ci_last_regenerate|i:1727118762;id|s:4:\"2181\";user_id|s:6:\"9TA5UC\";username|s:8:\"michael4\";sponsor_id|s:6:\"4OT7RX\";fullname|s:14:\"Michaelg Bozag\";email|s:18:\"michael4@gmail.com\";phone|s:10:\"7862876762\";isLogIn|b:1;'
WHERE `id` = 'ab375e44df8b086b954a02c2d188f7b15be749bb';
UPDATE `user_registration` SET `popup_seen` = 'yes'
WHERE `user_id` = '9TA5UC';
UPDATE `user_registration` SET `popup_seen` = 'yes'
WHERE `user_id` = '9TA5UC';
UPDATE `user_registration` SET `popup_seen` = 'yes'
WHERE `user_id` = '9TA5UC';
UPDATE `user_registration` SET `popup_seen` = 'yes'
WHERE `user_id` = '9TA5UC';
UPDATE `user_registration` SET `popup_seen` = 'yes'
WHERE `user_id` = '9TA5UC';
UPDATE `user_registration` SET `popup_seen` = 'no'
WHERE `user_id` = '9TA5UC';
DELETE FROM `ci_sessions`
WHERE `id` = '8b45ea88fae0a17de6327f67934a4a6ab057c1c6';
INSERT INTO `login_history` (`user_id`, `device`, `ip_address`, `date`) VALUES ('ZJZA3M', 'Mozilla/5.0 (Windows NT 10.0; Win64; x64) AppleWebKit/537.36 (KHTML, like Gecko) Chrome/128.0.0.0 Safari/537.36', '172.70.54.24', '24-09-23 14:14');
UPDATE `user_registration` SET `popup_seen` = 'yes'
WHERE `user_id` = 'ZJZA3M';
UPDATE `admin` SET `last_login` = '2024-09-23 23:14:50', `ip_address` = '172.69.178.134'
WHERE `id` = '1';
UPDATE `ci_sessions` SET `timestamp` = 1727151367, `data` = '__ci_last_regenerate|i:1727151367;isLogIn|b:1;isAdmin|b:1;id|s:1:\"1\";fullname|s:11:\"admin admin\";user_level|s:5:\"Admin\";email|s:15:\"admin@admin.com\";image|s:53:\"upload/settings/4a1f1b602322adb837a7a3547ee69cf3.jpeg\";last_login|s:19:\"2024-09-20 10:40:35\";last_logout|s:19:\"2024-09-20 10:41:03\";ip_address|s:14:\"152.58.218.224\";'
WHERE `id` = '5867bbdfefd367301c6688adfed7defd29148857';
UPDATE `ci_sessions` SET `timestamp` = 1727152072, `data` = '__ci_last_regenerate|i:1727152072;isLogIn|b:1;isAdmin|b:1;id|s:1:\"1\";fullname|s:11:\"admin admin\";user_level|s:5:\"Admin\";email|s:15:\"admin@admin.com\";image|s:53:\"upload/settings/4a1f1b602322adb837a7a3547ee69cf3.jpeg\";last_login|s:19:\"2024-09-20 10:40:35\";last_logout|s:19:\"2024-09-20 10:41:03\";ip_address|s:14:\"152.58.218.224\";'
WHERE `id` = '301ed3f93895740fc2e7adbdb1e8b67bb62d112d';
UPDATE `user_registration` SET `popup_seen` = 'yes'
WHERE `user_id` IS NULL;
INSERT INTO `login_history` (`user_id`, `device`, `ip_address`, `date`) VALUES ('admin', 'Mozilla/5.0 (X11; Ubuntu; Linux x86_64; rv:129.0) Gecko/20100101 Firefox/129.0', '172.69.178.134', '24-09-23 23:37');
UPDATE `user_registration` SET `popup_seen` = 'yes'
WHERE `user_id` = 'admin';
UPDATE `ci_sessions` SET `timestamp` = 1727153266, `data` = '__ci_last_regenerate|i:1727153266;isLogIn|b:1;isAdmin|b:1;id|s:1:\"1\";fullname|s:11:\"admin admin\";user_level|s:5:\"Admin\";email|s:15:\"admin@admin.com\";image|s:53:\"upload/settings/4a1f1b602322adb837a7a3547ee69cf3.jpeg\";last_login|s:19:\"2024-09-20 10:40:35\";last_logout|s:19:\"2024-09-20 10:41:03\";ip_address|s:14:\"152.58.218.224\";'
WHERE `id` = '301ed3f93895740fc2e7adbdb1e8b67bb62d112d';
INSERT INTO `login_history` (`user_id`, `device`, `ip_address`, `date`) VALUES ('admin', 'Mozilla/5.0 (X11; Ubuntu; Linux x86_64; rv:129.0) Gecko/20100101 Firefox/129.0', '172.69.87.80', '24-09-24 04:48');
UPDATE `user_registration` SET `popup_seen` = 'yes'
WHERE `user_id` = 'admin';
UPDATE `user_registration` SET `popup_seen` = 'no'
WHERE `user_id` = 'admin';
DELETE FROM `ci_sessions`
WHERE `id` = '240cae915759b3fca2cace52f6c557ba8b06bac8';
UPDATE `admin` SET `last_login` = '2024-09-24 04:58:29', `ip_address` = '172.69.86.48'
WHERE `id` = '1';
UPDATE `ci_sessions` SET `timestamp` = 1727174737, `data` = '__ci_last_regenerate|i:1727174737;isLogIn|b:1;isAdmin|b:1;id|s:1:\"1\";fullname|s:11:\"admin admin\";user_level|s:5:\"Admin\";email|s:15:\"admin@admin.com\";image|s:53:\"upload/settings/4a1f1b602322adb837a7a3547ee69cf3.jpeg\";last_login|s:19:\"2024-09-23 23:14:50\";last_logout|s:19:\"2024-09-20 10:41:03\";ip_address|s:14:\"172.69.178.134\";'
WHERE `id` = 'c9398268beb8629df31d8d2796a70d6f0e8fd973';
UPDATE `user_registration` SET `popup_seen` = 'yes'
WHERE `user_id` IS NULL;
UPDATE `user_registration` SET `popup_seen` = 'no'
WHERE `user_id` IS NULL;
DELETE FROM `ci_sessions`
WHERE `id` = '7019a9ca5ef3e807c4df21f2fb8b6013a5493a35';
INSERT INTO `cron_job_history` (`name`, `date_started`, `status`) VALUES ('backup', '2024-09-24 05:45:59', 'started');
UPDATE `cron_job_history` SET `status` = 'done', `date_end` = '2024-09-24 05:46:00'
WHERE `id` = 1;
INSERT INTO `cron_job_history` (`name`, `date_started`, `status`) VALUES ('calculate_pool_bonus', '2024-09-24 05:46:37', 'started');
INSERT INTO `earnings` (`user_id`, `Purchaser_id`, `earning_type`, `package_id`, `amount`, `date`, `comments`, `invest_amount`, `comm_perc`, `level`, `rank_id`, `order_id`) VALUES ('YGDS4B', 'YGDS4B', 'Global Pool Bonus', 0, 16.666666666667, '2024-09-24 05:46:37', 'Global Pool Bonus', '500', 0, 0, '', '');
UPDATE `user_registration` SET commission_balance = ROUND(commission_balance + 16.666666666667,2)
WHERE `user_id` = 'YGDS4B';
INSERT INTO `earnings` (`user_id`, `Purchaser_id`, `earning_type`, `package_id`, `amount`, `date`, `comments`, `invest_amount`, `comm_perc`, `level`, `rank_id`, `order_id`) VALUES ('L8PM4Z', 'L8PM4Z', 'Global Pool Bonus', 0, 16.666666666667, '2024-09-24 05:46:37', 'Global Pool Bonus', '500', 0, 0, '', '');
UPDATE `user_registration` SET commission_balance = ROUND(commission_balance + 16.666666666667,2)
WHERE `user_id` = 'L8PM4Z';
INSERT INTO `earnings` (`user_id`, `Purchaser_id`, `earning_type`, `package_id`, `amount`, `date`, `comments`, `invest_amount`, `comm_perc`, `level`, `rank_id`, `order_id`) VALUES ('ZJZA3M', 'ZJZA3M', 'Global Pool Bonus', 0, 16.666666666667, '2024-09-24 05:46:37', 'Global Pool Bonus', '500', 0, 0, '', '');
UPDATE `user_registration` SET commission_balance = ROUND(commission_balance + 16.666666666667,2)
WHERE `user_id` = 'ZJZA3M';
INSERT INTO `earnings` (`user_id`, `Purchaser_id`, `earning_type`, `package_id`, `amount`, `date`, `comments`, `invest_amount`, `comm_perc`, `level`, `rank_id`, `order_id`) VALUES ('admin', 'admin', 'Global Pool Bonus', 0, 1.7857142857143, '2024-09-24 05:46:37', 'Global Pool Bonus', '500', 0, 0, '', '');
UPDATE `user_registration` SET commission_balance = ROUND(commission_balance + 1.7857142857143,2)
WHERE `user_id` = 'admin';
INSERT INTO `earnings` (`user_id`, `Purchaser_id`, `earning_type`, `package_id`, `amount`, `date`, `comments`, `invest_amount`, `comm_perc`, `level`, `rank_id`, `order_id`) VALUES ('AV48YQ', 'AV48YQ', 'Global Pool Bonus', 0, 1.7857142857143, '2024-09-24 05:46:37', 'Global Pool Bonus', '500', 0, 0, '', '');
UPDATE `user_registration` SET commission_balance = ROUND(commission_balance + 1.7857142857143,2)
WHERE `user_id` = 'AV48YQ';
INSERT INTO `earnings` (`user_id`, `Purchaser_id`, `earning_type`, `package_id`, `amount`, `date`, `comments`, `invest_amount`, `comm_perc`, `level`, `rank_id`, `order_id`) VALUES ('ETK8W6', 'ETK8W6', 'Global Pool Bonus', 0, 1.7857142857143, '2024-09-24 05:46:37', 'Global Pool Bonus', '500', 0, 0, '', '');
UPDATE `user_registration` SET commission_balance = ROUND(commission_balance + 1.7857142857143,2)
WHERE `user_id` = 'ETK8W6';
INSERT INTO `earnings` (`user_id`, `Purchaser_id`, `earning_type`, `package_id`, `amount`, `date`, `comments`, `invest_amount`, `comm_perc`, `level`, `rank_id`, `order_id`) VALUES ('G6LKS6', 'G6LKS6', 'Global Pool Bonus', 0, 1.7857142857143, '2024-09-24 05:46:37', 'Global Pool Bonus', '500', 0, 0, '', '');
UPDATE `user_registration` SET commission_balance = ROUND(commission_balance + 1.7857142857143,2)
WHERE `user_id` = 'G6LKS6';
INSERT INTO `earnings` (`user_id`, `Purchaser_id`, `earning_type`, `package_id`, `amount`, `date`, `comments`, `invest_amount`, `comm_perc`, `level`, `rank_id`, `order_id`) VALUES ('WL6EY5', 'WL6EY5', 'Global Pool Bonus', 0, 1.7857142857143, '2024-09-24 05:46:37', 'Global Pool Bonus', '500', 0, 0, '', '');
UPDATE `user_registration` SET commission_balance = ROUND(commission_balance + 1.7857142857143,2)
WHERE `user_id` = 'WL6EY5';
INSERT INTO `earnings` (`user_id`, `Purchaser_id`, `earning_type`, `package_id`, `amount`, `date`, `comments`, `invest_amount`, `comm_perc`, `level`, `rank_id`, `order_id`) VALUES ('UWP9CE', 'UWP9CE', 'Global Pool Bonus', 0, 1.7857142857143, '2024-09-24 05:46:37', 'Global Pool Bonus', '500', 0, 0, '', '');
UPDATE `user_registration` SET commission_balance = ROUND(commission_balance + 1.7857142857143,2)
WHERE `user_id` = 'UWP9CE';
INSERT INTO `earnings` (`user_id`, `Purchaser_id`, `earning_type`, `package_id`, `amount`, `date`, `comments`, `invest_amount`, `comm_perc`, `level`, `rank_id`, `order_id`) VALUES ('5UCJT8', '5UCJT8', 'Global Pool Bonus', 0, 1.7857142857143, '2024-09-24 05:46:37', 'Global Pool Bonus', '500', 0, 0, '', '');
UPDATE `user_registration` SET commission_balance = ROUND(commission_balance + 1.7857142857143,2)
WHERE `user_id` = '5UCJT8';
INSERT INTO `earnings` (`user_id`, `Purchaser_id`, `earning_type`, `package_id`, `amount`, `date`, `comments`, `invest_amount`, `comm_perc`, `level`, `rank_id`, `order_id`) VALUES ('JI8ZHF', 'JI8ZHF', 'Global Pool Bonus', 0, 1.7857142857143, '2024-09-24 05:46:37', 'Global Pool Bonus', '500', 0, 0, '', '');
UPDATE `user_registration` SET commission_balance = ROUND(commission_balance + 1.7857142857143,2)
WHERE `user_id` = 'JI8ZHF';
INSERT INTO `earnings` (`user_id`, `Purchaser_id`, `earning_type`, `package_id`, `amount`, `date`, `comments`, `invest_amount`, `comm_perc`, `level`, `rank_id`, `order_id`) VALUES ('BWFGXM', 'BWFGXM', 'Global Pool Bonus', 0, 1.7857142857143, '2024-09-24 05:46:37', 'Global Pool Bonus', '500', 0, 0, '', '');
UPDATE `user_registration` SET commission_balance = ROUND(commission_balance + 1.7857142857143,2)
WHERE `user_id` = 'BWFGXM';
INSERT INTO `earnings` (`user_id`, `Purchaser_id`, `earning_type`, `package_id`, `amount`, `date`, `comments`, `invest_amount`, `comm_perc`, `level`, `rank_id`, `order_id`) VALUES ('FY5RUC', 'FY5RUC', 'Global Pool Bonus', 0, 1.7857142857143, '2024-09-24 05:46:37', 'Global Pool Bonus', '500', 0, 0, '', '');
UPDATE `user_registration` SET commission_balance = ROUND(commission_balance + 1.7857142857143,2)
WHERE `user_id` = 'FY5RUC';
INSERT INTO `earnings` (`user_id`, `Purchaser_id`, `earning_type`, `package_id`, `amount`, `date`, `comments`, `invest_amount`, `comm_perc`, `level`, `rank_id`, `order_id`) VALUES ('7XGM66', '7XGM66', 'Global Pool Bonus', 0, 1.7857142857143, '2024-09-24 05:46:37', 'Global Pool Bonus', '500', 0, 0, '', '');
UPDATE `user_registration` SET commission_balance = ROUND(commission_balance + 1.7857142857143,2)
WHERE `user_id` = '7XGM66';
INSERT INTO `earnings` (`user_id`, `Purchaser_id`, `earning_type`, `package_id`, `amount`, `date`, `comments`, `invest_amount`, `comm_perc`, `level`, `rank_id`, `order_id`) VALUES ('BK9III', 'BK9III', 'Global Pool Bonus', 0, 1.7857142857143, '2024-09-24 05:46:37', 'Global Pool Bonus', '500', 0, 0, '', '');
UPDATE `user_registration` SET commission_balance = ROUND(commission_balance + 1.7857142857143,2)
WHERE `user_id` = 'BK9III';
INSERT INTO `earnings` (`user_id`, `Purchaser_id`, `earning_type`, `package_id`, `amount`, `date`, `comments`, `invest_amount`, `comm_perc`, `level`, `rank_id`, `order_id`) VALUES ('7X1CM5', '7X1CM5', 'Global Pool Bonus', 0, 1.7857142857143, '2024-09-24 05:46:37', 'Global Pool Bonus', '500', 0, 0, '', '');
UPDATE `user_registration` SET commission_balance = ROUND(commission_balance + 1.7857142857143,2)
WHERE `user_id` = '7X1CM5';
INSERT INTO `earnings` (`user_id`, `Purchaser_id`, `earning_type`, `package_id`, `amount`, `date`, `comments`, `invest_amount`, `comm_perc`, `level`, `rank_id`, `order_id`) VALUES ('G2S1Q6', 'G2S1Q6', 'Global Pool Bonus', 0, 1.7857142857143, '2024-09-24 05:46:37', 'Global Pool Bonus', '500', 0, 0, '', '');
UPDATE `user_registration` SET commission_balance = ROUND(commission_balance + 1.7857142857143,2)
WHERE `user_id` = 'G2S1Q6';
UPDATE `cron_job_history` SET `status` = 'done', `date_end` = '2024-09-24 05:46:37'
WHERE `id` = 2;
INSERT INTO `cron_job_history` (`name`, `date_started`, `status`) VALUES ('calculate_rank_bonus', '2024-09-24 05:47:30', 'started');
INSERT INTO `earnings` (`user_id`, `Purchaser_id`, `earning_type`, `package_id`, `amount`, `date`, `comments`, `invest_amount`, `comm_perc`, `level`, `rank_id`, `order_id`) VALUES ('admin', 'admin', 'Residual Bonus', 0, '1800', '2024-09-24 05:47:30', 'Residual Bonus', '1800', 0, 0, '3', 0);
UPDATE `user_registration` SET commission_balance = ROUND(commission_balance + 1800,2)
WHERE `user_id` = 'admin';
INSERT INTO `earnings` (`user_id`, `Purchaser_id`, `earning_type`, `package_id`, `amount`, `date`, `comments`, `invest_amount`, `comm_perc`, `level`, `rank_id`, `order_id`) VALUES ('admin', 'admin', 'Rank Bonus', 0, '200', '2024-09-24 05:47:30', 'Rank Bonus', '200', 0, 0, '3', 0);
UPDATE `user_registration` SET commission_balance = ROUND(commission_balance + 200,2)
WHERE `user_id` = 'admin';
INSERT INTO `monthly_cleared_data` (`user_id`, `left_carry`, `right_carry`, `rank_id`, `date`) VALUES ('admin', '7660', '4990', '3', '2024-09-24 05:47:30');
UPDATE `bv_updation` SET `rank_id` = 1
WHERE `user_id` = 'admin';
UPDATE `user_registration` SET `rank_id` = 1
WHERE `user_id` = 'admin';
UPDATE `bv_updation` SET left_carry = 0, right_carry = 0
WHERE `user_id` = 'admin';
INSERT INTO `earnings` (`user_id`, `Purchaser_id`, `earning_type`, `package_id`, `amount`, `date`, `comments`, `invest_amount`, `comm_perc`, `level`, `rank_id`, `order_id`) VALUES ('AV48YQ', 'AV48YQ', 'Residual Bonus', 0, '1800', '2024-09-24 05:47:30', 'Residual Bonus', '1800', 0, 0, '3', 0);
UPDATE `user_registration` SET commission_balance = ROUND(commission_balance + 1800,2)
WHERE `user_id` = 'AV48YQ';
INSERT INTO `earnings` (`user_id`, `Purchaser_id`, `earning_type`, `package_id`, `amount`, `date`, `comments`, `invest_amount`, `comm_perc`, `level`, `rank_id`, `order_id`) VALUES ('AV48YQ', 'AV48YQ', 'Rank Bonus', 0, '200', '2024-09-24 05:47:30', 'Rank Bonus', '200', 0, 0, '3', 0);
UPDATE `user_registration` SET commission_balance = ROUND(commission_balance + 200,2)
WHERE `user_id` = 'AV48YQ';
INSERT INTO `monthly_cleared_data` (`user_id`, `left_carry`, `right_carry`, `rank_id`, `date`) VALUES ('AV48YQ', '7210', '1150', '3', '2024-09-24 05:47:30');
UPDATE `bv_updation` SET `rank_id` = 1
WHERE `user_id` = 'AV48YQ';
UPDATE `user_registration` SET `rank_id` = 1
WHERE `user_id` = 'AV48YQ';
UPDATE `bv_updation` SET left_carry = 0, right_carry = 0
WHERE `user_id` = 'AV48YQ';
INSERT INTO `earnings` (`user_id`, `Purchaser_id`, `earning_type`, `package_id`, `amount`, `date`, `comments`, `invest_amount`, `comm_perc`, `level`, `rank_id`, `order_id`) VALUES ('ETK8W6', 'ETK8W6', 'Residual Bonus', 0, '1800', '2024-09-24 05:47:30', 'Residual Bonus', '1800', 0, 0, '3', 0);
UPDATE `user_registration` SET commission_balance = ROUND(commission_balance + 1800,2)
WHERE `user_id` = 'ETK8W6';
INSERT INTO `earnings` (`user_id`, `Purchaser_id`, `earning_type`, `package_id`, `amount`, `date`, `comments`, `invest_amount`, `comm_perc`, `level`, `rank_id`, `order_id`) VALUES ('ETK8W6', 'ETK8W6', 'Rank Bonus', 0, '200', '2024-09-24 05:47:30', 'Rank Bonus', '200', 0, 0, '3', 0);
UPDATE `user_registration` SET commission_balance = ROUND(commission_balance + 200,2)
WHERE `user_id` = 'ETK8W6';
INSERT INTO `monthly_cleared_data` (`user_id`, `left_carry`, `right_carry`, `rank_id`, `date`) VALUES ('ETK8W6', '350', '5440', '3', '2024-09-24 05:47:30');
UPDATE `bv_updation` SET `rank_id` = 1
WHERE `user_id` = 'ETK8W6';
UPDATE `user_registration` SET `rank_id` = 1
WHERE `user_id` = 'ETK8W6';
UPDATE `bv_updation` SET left_carry = 0, right_carry = 0
WHERE `user_id` = 'ETK8W6';
INSERT INTO `earnings` (`user_id`, `Purchaser_id`, `earning_type`, `package_id`, `amount`, `date`, `comments`, `invest_amount`, `comm_perc`, `level`, `rank_id`, `order_id`) VALUES ('G6LKS6', 'G6LKS6', 'Residual Bonus', 0, '1800', '2024-09-24 05:47:30', 'Residual Bonus', '1800', 0, 0, '3', 0);
UPDATE `user_registration` SET commission_balance = ROUND(commission_balance + 1800,2)
WHERE `user_id` = 'G6LKS6';
INSERT INTO `earnings` (`user_id`, `Purchaser_id`, `earning_type`, `package_id`, `amount`, `date`, `comments`, `invest_amount`, `comm_perc`, `level`, `rank_id`, `order_id`) VALUES ('G6LKS6', 'G6LKS6', 'Rank Bonus', 0, '200', '2024-09-24 05:47:30', 'Rank Bonus', '200', 0, 0, '3', 0);
UPDATE `user_registration` SET commission_balance = ROUND(commission_balance + 200,2)
WHERE `user_id` = 'G6LKS6';
INSERT INTO `monthly_cleared_data` (`user_id`, `left_carry`, `right_carry`, `rank_id`, `date`) VALUES ('G6LKS6', '200', '0', '3', '2024-09-24 05:47:30');
UPDATE `bv_updation` SET `rank_id` = 1
WHERE `user_id` = 'G6LKS6';
UPDATE `user_registration` SET `rank_id` = 1
WHERE `user_id` = 'G6LKS6';
UPDATE `bv_updation` SET left_carry = 0, right_carry = 0
WHERE `user_id` = 'G6LKS6';
INSERT INTO `earnings` (`user_id`, `Purchaser_id`, `earning_type`, `package_id`, `amount`, `date`, `comments`, `invest_amount`, `comm_perc`, `level`, `rank_id`, `order_id`) VALUES ('WL6EY5', 'WL6EY5', 'Residual Bonus', 0, '1800', '2024-09-24 05:47:30', 'Residual Bonus', '1800', 0, 0, '3', 0);
UPDATE `user_registration` SET commission_balance = ROUND(commission_balance + 1800,2)
WHERE `user_id` = 'WL6EY5';
INSERT INTO `earnings` (`user_id`, `Purchaser_id`, `earning_type`, `package_id`, `amount`, `date`, `comments`, `invest_amount`, `comm_perc`, `level`, `rank_id`, `order_id`) VALUES ('WL6EY5', 'WL6EY5', 'Rank Bonus', 0, '200', '2024-09-24 05:47:30', 'Rank Bonus', '200', 0, 0, '3', 0);
UPDATE `user_registration` SET commission_balance = ROUND(commission_balance + 200,2)
WHERE `user_id` = 'WL6EY5';
INSERT INTO `monthly_cleared_data` (`user_id`, `left_carry`, `right_carry`, `rank_id`, `date`) VALUES ('WL6EY5', '0', '5290', '3', '2024-09-24 05:47:30');
UPDATE `bv_updation` SET `rank_id` = 1
WHERE `user_id` = 'WL6EY5';
UPDATE `user_registration` SET `rank_id` = 1
WHERE `user_id` = 'WL6EY5';
UPDATE `bv_updation` SET left_carry = 0, right_carry = 0
WHERE `user_id` = 'WL6EY5';
INSERT INTO `earnings` (`user_id`, `Purchaser_id`, `earning_type`, `package_id`, `amount`, `date`, `comments`, `invest_amount`, `comm_perc`, `level`, `rank_id`, `order_id`) VALUES ('UWP9CE', 'UWP9CE', 'Residual Bonus', 0, '1800', '2024-09-24 05:47:30', 'Residual Bonus', '1800', 0, 0, '3', 0);
UPDATE `user_registration` SET commission_balance = ROUND(commission_balance + 1800,2)
WHERE `user_id` = 'UWP9CE';
INSERT INTO `earnings` (`user_id`, `Purchaser_id`, `earning_type`, `package_id`, `amount`, `date`, `comments`, `invest_amount`, `comm_perc`, `level`, `rank_id`, `order_id`) VALUES ('UWP9CE', 'UWP9CE', 'Rank Bonus', 0, '200', '2024-09-24 05:47:30', 'Rank Bonus', '200', 0, 0, '3', 0);
UPDATE `user_registration` SET commission_balance = ROUND(commission_balance + 200,2)
WHERE `user_id` = 'UWP9CE';
INSERT INTO `monthly_cleared_data` (`user_id`, `left_carry`, `right_carry`, `rank_id`, `date`) VALUES ('UWP9CE', '0', '5140', '3', '2024-09-24 05:47:30');
UPDATE `bv_updation` SET `rank_id` = 1
WHERE `user_id` = 'UWP9CE';
UPDATE `user_registration` SET `rank_id` = 1
WHERE `user_id` = 'UWP9CE';
UPDATE `bv_updation` SET left_carry = 0, right_carry = 0
WHERE `user_id` = 'UWP9CE';
INSERT INTO `earnings` (`user_id`, `Purchaser_id`, `earning_type`, `package_id`, `amount`, `date`, `comments`, `invest_amount`, `comm_perc`, `level`, `rank_id`, `order_id`) VALUES ('5UCJT8', '5UCJT8', 'Residual Bonus', 0, '1800', '2024-09-24 05:47:30', 'Residual Bonus', '1800', 0, 0, '3', 0);
UPDATE `user_registration` SET commission_balance = ROUND(commission_balance + 1800,2)
WHERE `user_id` = '5UCJT8';
INSERT INTO `earnings` (`user_id`, `Purchaser_id`, `earning_type`, `package_id`, `amount`, `date`, `comments`, `invest_amount`, `comm_perc`, `level`, `rank_id`, `order_id`) VALUES ('5UCJT8', '5UCJT8', 'Rank Bonus', 0, '200', '2024-09-24 05:47:30', 'Rank Bonus', '200', 0, 0, '3', 0);
UPDATE `user_registration` SET commission_balance = ROUND(commission_balance + 200,2)
WHERE `user_id` = '5UCJT8';
INSERT INTO `monthly_cleared_data` (`user_id`, `left_carry`, `right_carry`, `rank_id`, `date`) VALUES ('5UCJT8', '150', '0', '3', '2024-09-24 05:47:30');
UPDATE `bv_updation` SET `rank_id` = 1
WHERE `user_id` = '5UCJT8';
UPDATE `user_registration` SET `rank_id` = 1
WHERE `user_id` = '5UCJT8';
UPDATE `bv_updation` SET left_carry = 0, right_carry = 0
WHERE `user_id` = '5UCJT8';
INSERT INTO `monthly_cleared_data` (`user_id`, `left_carry`, `right_carry`, `rank_id`, `date`) VALUES ('HPNHA6', '0', '4990', '1', '2024-09-24 05:47:30');
UPDATE `bv_updation` SET `rank_id` = 1
WHERE `user_id` = 'HPNHA6';
UPDATE `user_registration` SET `rank_id` = 1
WHERE `user_id` = 'HPNHA6';
UPDATE `bv_updation` SET left_carry = 0, right_carry = 0
WHERE `user_id` = 'HPNHA6';
INSERT INTO `monthly_cleared_data` (`user_id`, `left_carry`, `right_carry`, `rank_id`, `date`) VALUES ('3J66Q9', '0', '0', '1', '2024-09-24 05:47:30');
UPDATE `bv_updation` SET `rank_id` = 1
WHERE `user_id` = '3J66Q9';
UPDATE `user_registration` SET `rank_id` = 1
WHERE `user_id` = '3J66Q9';
UPDATE `bv_updation` SET left_carry = 0, right_carry = 0
WHERE `user_id` = '3J66Q9';
INSERT INTO `earnings` (`user_id`, `Purchaser_id`, `earning_type`, `package_id`, `amount`, `date`, `comments`, `invest_amount`, `comm_perc`, `level`, `rank_id`, `order_id`) VALUES ('YGDS4B', 'YGDS4B', 'Residual Bonus', 0, '500', '2024-09-24 05:47:30', 'Residual Bonus', '500', 0, 0, '2', 0);
UPDATE `user_registration` SET commission_balance = ROUND(commission_balance + 500,2)
WHERE `user_id` = 'YGDS4B';
INSERT INTO `earnings` (`user_id`, `Purchaser_id`, `earning_type`, `package_id`, `amount`, `date`, `comments`, `invest_amount`, `comm_perc`, `level`, `rank_id`, `order_id`) VALUES ('YGDS4B', 'YGDS4B', 'Rank Bonus', 0, '100', '2024-09-24 05:47:30', 'Rank Bonus', '100', 0, 0, '2', 0);
UPDATE `user_registration` SET commission_balance = ROUND(commission_balance + 100,2)
WHERE `user_id` = 'YGDS4B';
INSERT INTO `monthly_cleared_data` (`user_id`, `left_carry`, `right_carry`, `rank_id`, `date`) VALUES ('YGDS4B', '1500', '3340', '2', '2024-09-24 05:47:30');
UPDATE `bv_updation` SET `rank_id` = 1
WHERE `user_id` = 'YGDS4B';
UPDATE `user_registration` SET `rank_id` = 1
WHERE `user_id` = 'YGDS4B';
UPDATE `bv_updation` SET left_carry = 0, right_carry = 0
WHERE `user_id` = 'YGDS4B';
INSERT INTO `monthly_cleared_data` (`user_id`, `left_carry`, `right_carry`, `rank_id`, `date`) VALUES ('GBSIER', '7060', '0', '1', '2024-09-24 05:47:30');
UPDATE `bv_updation` SET `rank_id` = 1
WHERE `user_id` = 'GBSIER';
UPDATE `user_registration` SET `rank_id` = 1
WHERE `user_id` = 'GBSIER';
UPDATE `bv_updation` SET left_carry = 0, right_carry = 0
WHERE `user_id` = 'GBSIER';
INSERT INTO `earnings` (`user_id`, `Purchaser_id`, `earning_type`, `package_id`, `amount`, `date`, `comments`, `invest_amount`, `comm_perc`, `level`, `rank_id`, `order_id`) VALUES ('JI8ZHF', 'JI8ZHF', 'Residual Bonus', 0, '1800', '2024-09-24 05:47:30', 'Residual Bonus', '1800', 0, 0, '3', 0);
UPDATE `user_registration` SET commission_balance = ROUND(commission_balance + 1800,2)
WHERE `user_id` = 'JI8ZHF';
INSERT INTO `earnings` (`user_id`, `Purchaser_id`, `earning_type`, `package_id`, `amount`, `date`, `comments`, `invest_amount`, `comm_perc`, `level`, `rank_id`, `order_id`) VALUES ('JI8ZHF', 'JI8ZHF', 'Rank Bonus', 0, '200', '2024-09-24 05:47:30', 'Rank Bonus', '200', 0, 0, '3', 0);
UPDATE `user_registration` SET commission_balance = ROUND(commission_balance + 200,2)
WHERE `user_id` = 'JI8ZHF';
INSERT INTO `monthly_cleared_data` (`user_id`, `left_carry`, `right_carry`, `rank_id`, `date`) VALUES ('JI8ZHF', '0', '1000', '3', '2024-09-24 05:47:31');
UPDATE `bv_updation` SET `rank_id` = 1
WHERE `user_id` = 'JI8ZHF';
UPDATE `user_registration` SET `rank_id` = 1
WHERE `user_id` = 'JI8ZHF';
UPDATE `bv_updation` SET left_carry = 0, right_carry = 0
WHERE `user_id` = 'JI8ZHF';
INSERT INTO `earnings` (`user_id`, `Purchaser_id`, `earning_type`, `package_id`, `amount`, `date`, `comments`, `invest_amount`, `comm_perc`, `level`, `rank_id`, `order_id`) VALUES ('BWFGXM', 'BWFGXM', 'Residual Bonus', 0, '1800', '2024-09-24 05:47:31', 'Residual Bonus', '1800', 0, 0, '3', 0);
UPDATE `user_registration` SET commission_balance = ROUND(commission_balance + 1800,2)
WHERE `user_id` = 'BWFGXM';
INSERT INTO `earnings` (`user_id`, `Purchaser_id`, `earning_type`, `package_id`, `amount`, `date`, `comments`, `invest_amount`, `comm_perc`, `level`, `rank_id`, `order_id`) VALUES ('BWFGXM', 'BWFGXM', 'Rank Bonus', 0, '200', '2024-09-24 05:47:31', 'Rank Bonus', '200', 0, 0, '3', 0);
UPDATE `user_registration` SET commission_balance = ROUND(commission_balance + 200,2)
WHERE `user_id` = 'BWFGXM';
INSERT INTO `monthly_cleared_data` (`user_id`, `left_carry`, `right_carry`, `rank_id`, `date`) VALUES ('BWFGXM', '450', '500', '3', '2024-09-24 05:47:31');
UPDATE `bv_updation` SET `rank_id` = 1
WHERE `user_id` = 'BWFGXM';
UPDATE `user_registration` SET `rank_id` = 1
WHERE `user_id` = 'BWFGXM';
UPDATE `bv_updation` SET left_carry = 0, right_carry = 0
WHERE `user_id` = 'BWFGXM';
INSERT INTO `earnings` (`user_id`, `Purchaser_id`, `earning_type`, `package_id`, `amount`, `date`, `comments`, `invest_amount`, `comm_perc`, `level`, `rank_id`, `order_id`) VALUES ('L8PM4Z', 'L8PM4Z', 'Residual Bonus', 0, '500', '2024-09-24 05:47:31', 'Residual Bonus', '500', 0, 0, '2', 0);
UPDATE `user_registration` SET commission_balance = ROUND(commission_balance + 500,2)
WHERE `user_id` = 'L8PM4Z';
INSERT INTO `earnings` (`user_id`, `Purchaser_id`, `earning_type`, `package_id`, `amount`, `date`, `comments`, `invest_amount`, `comm_perc`, `level`, `rank_id`, `order_id`) VALUES ('L8PM4Z', 'L8PM4Z', 'Rank Bonus', 0, '100', '2024-09-24 05:47:31', 'Rank Bonus', '100', 0, 0, '2', 0);
UPDATE `user_registration` SET commission_balance = ROUND(commission_balance + 100,2)
WHERE `user_id` = 'L8PM4Z';
INSERT INTO `monthly_cleared_data` (`user_id`, `left_carry`, `right_carry`, `rank_id`, `date`) VALUES ('L8PM4Z', '4460', '2450', '2', '2024-09-24 05:47:31');
UPDATE `bv_updation` SET `rank_id` = 1
WHERE `user_id` = 'L8PM4Z';
UPDATE `user_registration` SET `rank_id` = 1
WHERE `user_id` = 'L8PM4Z';
UPDATE `bv_updation` SET left_carry = 0, right_carry = 0
WHERE `user_id` = 'L8PM4Z';
INSERT INTO `earnings` (`user_id`, `Purchaser_id`, `earning_type`, `package_id`, `amount`, `date`, `comments`, `invest_amount`, `comm_perc`, `level`, `rank_id`, `order_id`) VALUES ('FY5RUC', 'FY5RUC', 'Residual Bonus', 0, '1800', '2024-09-24 05:47:31', 'Residual Bonus', '1800', 0, 0, '3', 0);
UPDATE `user_registration` SET commission_balance = ROUND(commission_balance + 1800,2)
WHERE `user_id` = 'FY5RUC';
INSERT INTO `earnings` (`user_id`, `Purchaser_id`, `earning_type`, `package_id`, `amount`, `date`, `comments`, `invest_amount`, `comm_perc`, `level`, `rank_id`, `order_id`) VALUES ('FY5RUC', 'FY5RUC', 'Rank Bonus', 0, '200', '2024-09-24 05:47:31', 'Rank Bonus', '200', 0, 0, '3', 0);
UPDATE `user_registration` SET commission_balance = ROUND(commission_balance + 200,2)
WHERE `user_id` = 'FY5RUC';
INSERT INTO `monthly_cleared_data` (`user_id`, `left_carry`, `right_carry`, `rank_id`, `date`) VALUES ('FY5RUC', '300', '0', '3', '2024-09-24 05:47:31');
UPDATE `bv_updation` SET `rank_id` = 1
WHERE `user_id` = 'FY5RUC';
UPDATE `user_registration` SET `rank_id` = 1
WHERE `user_id` = 'FY5RUC';
UPDATE `bv_updation` SET left_carry = 0, right_carry = 0
WHERE `user_id` = 'FY5RUC';
INSERT INTO `earnings` (`user_id`, `Purchaser_id`, `earning_type`, `package_id`, `amount`, `date`, `comments`, `invest_amount`, `comm_perc`, `level`, `rank_id`, `order_id`) VALUES ('7XGM66', '7XGM66', 'Residual Bonus', 0, '1800', '2024-09-24 05:47:31', 'Residual Bonus', '1800', 0, 0, '3', 0);
UPDATE `user_registration` SET commission_balance = ROUND(commission_balance + 1800,2)
WHERE `user_id` = '7XGM66';
INSERT INTO `earnings` (`user_id`, `Purchaser_id`, `earning_type`, `package_id`, `amount`, `date`, `comments`, `invest_amount`, `comm_perc`, `level`, `rank_id`, `order_id`) VALUES ('7XGM66', '7XGM66', 'Rank Bonus', 0, '200', '2024-09-24 05:47:31', 'Rank Bonus', '200', 0, 0, '3', 0);
UPDATE `user_registration` SET commission_balance = ROUND(commission_balance + 200,2)
WHERE `user_id` = '7XGM66';
INSERT INTO `monthly_cleared_data` (`user_id`, `left_carry`, `right_carry`, `rank_id`, `date`) VALUES ('7XGM66', '0', '350', '3', '2024-09-24 05:47:31');
UPDATE `bv_updation` SET `rank_id` = 1
WHERE `user_id` = '7XGM66';
UPDATE `user_registration` SET `rank_id` = 1
WHERE `user_id` = '7XGM66';
UPDATE `bv_updation` SET left_carry = 0, right_carry = 0
WHERE `user_id` = '7XGM66';
INSERT INTO `earnings` (`user_id`, `Purchaser_id`, `earning_type`, `package_id`, `amount`, `date`, `comments`, `invest_amount`, `comm_perc`, `level`, `rank_id`, `order_id`) VALUES ('BK9III', 'BK9III', 'Residual Bonus', 0, '1800', '2024-09-24 05:47:31', 'Residual Bonus', '1800', 0, 0, '3', 0);
UPDATE `user_registration` SET commission_balance = ROUND(commission_balance + 1800,2)
WHERE `user_id` = 'BK9III';
INSERT INTO `earnings` (`user_id`, `Purchaser_id`, `earning_type`, `package_id`, `amount`, `date`, `comments`, `invest_amount`, `comm_perc`, `level`, `rank_id`, `order_id`) VALUES ('BK9III', 'BK9III', 'Rank Bonus', 0, '200', '2024-09-24 05:47:31', 'Rank Bonus', '200', 0, 0, '3', 0);
UPDATE `user_registration` SET commission_balance = ROUND(commission_balance + 200,2)
WHERE `user_id` = 'BK9III';
INSERT INTO `monthly_cleared_data` (`user_id`, `left_carry`, `right_carry`, `rank_id`, `date`) VALUES ('BK9III', '0', '200', '3', '2024-09-24 05:47:31');
UPDATE `bv_updation` SET `rank_id` = 1
WHERE `user_id` = 'BK9III';
UPDATE `user_registration` SET `rank_id` = 1
WHERE `user_id` = 'BK9III';
UPDATE `bv_updation` SET left_carry = 0, right_carry = 0
WHERE `user_id` = 'BK9III';
INSERT INTO `earnings` (`user_id`, `Purchaser_id`, `earning_type`, `package_id`, `amount`, `date`, `comments`, `invest_amount`, `comm_perc`, `level`, `rank_id`, `order_id`) VALUES ('7X1CM5', '7X1CM5', 'Residual Bonus', 0, '1800', '2024-09-24 05:47:31', 'Residual Bonus', '1800', 0, 0, '3', 0);
UPDATE `user_registration` SET commission_balance = ROUND(commission_balance + 1800,2)
WHERE `user_id` = '7X1CM5';
INSERT INTO `earnings` (`user_id`, `Purchaser_id`, `earning_type`, `package_id`, `amount`, `date`, `comments`, `invest_amount`, `comm_perc`, `level`, `rank_id`, `order_id`) VALUES ('7X1CM5', '7X1CM5', 'Rank Bonus', 0, '200', '2024-09-24 05:47:31', 'Rank Bonus', '200', 0, 0, '3', 0);
UPDATE `user_registration` SET commission_balance = ROUND(commission_balance + 200,2)
WHERE `user_id` = '7X1CM5';
INSERT INTO `monthly_cleared_data` (`user_id`, `left_carry`, `right_carry`, `rank_id`, `date`) VALUES ('7X1CM5', '150', '0', '3', '2024-09-24 05:47:31');
UPDATE `bv_updation` SET `rank_id` = 1
WHERE `user_id` = '7X1CM5';
UPDATE `user_registration` SET `rank_id` = 1
WHERE `user_id` = '7X1CM5';
UPDATE `bv_updation` SET left_carry = 0, right_carry = 0
WHERE `user_id` = '7X1CM5';
INSERT INTO `earnings` (`user_id`, `Purchaser_id`, `earning_type`, `package_id`, `amount`, `date`, `comments`, `invest_amount`, `comm_perc`, `level`, `rank_id`, `order_id`) VALUES ('G2S1Q6', 'G2S1Q6', 'Residual Bonus', 0, '1800', '2024-09-24 05:47:31', 'Residual Bonus', '1800', 0, 0, '3', 0);
UPDATE `user_registration` SET commission_balance = ROUND(commission_balance + 1800,2)
WHERE `user_id` = 'G2S1Q6';
INSERT INTO `earnings` (`user_id`, `Purchaser_id`, `earning_type`, `package_id`, `amount`, `date`, `comments`, `invest_amount`, `comm_perc`, `level`, `rank_id`, `order_id`) VALUES ('G2S1Q6', 'G2S1Q6', 'Rank Bonus', 0, '200', '2024-09-24 05:47:31', 'Rank Bonus', '200', 0, 0, '3', 0);
UPDATE `user_registration` SET commission_balance = ROUND(commission_balance + 200,2)
WHERE `user_id` = 'G2S1Q6';
INSERT INTO `monthly_cleared_data` (`user_id`, `left_carry`, `right_carry`, `rank_id`, `date`) VALUES ('G2S1Q6', '0', '50', '3', '2024-09-24 05:47:31');
UPDATE `bv_updation` SET `rank_id` = 1
WHERE `user_id` = 'G2S1Q6';
UPDATE `user_registration` SET `rank_id` = 1
WHERE `user_id` = 'G2S1Q6';
UPDATE `bv_updation` SET left_carry = 0, right_carry = 0
WHERE `user_id` = 'G2S1Q6';
INSERT INTO `monthly_cleared_data` (`user_id`, `left_carry`, `right_carry`, `rank_id`, `date`) VALUES ('2TQLOY', '0', '0', '1', '2024-09-24 05:47:31');
UPDATE `bv_updation` SET `rank_id` = 1
WHERE `user_id` = '2TQLOY';
UPDATE `user_registration` SET `rank_id` = 1
WHERE `user_id` = '2TQLOY';
UPDATE `bv_updation` SET left_carry = 0, right_carry = 0
WHERE `user_id` = '2TQLOY';
INSERT INTO `monthly_cleared_data` (`user_id`, `left_carry`, `right_carry`, `rank_id`, `date`) VALUES ('ZDUHPN', '0', '0', '1', '2024-09-24 05:47:31');
UPDATE `bv_updation` SET `rank_id` = 1
WHERE `user_id` = 'ZDUHPN';
UPDATE `user_registration` SET `rank_id` = 1
WHERE `user_id` = 'ZDUHPN';
UPDATE `bv_updation` SET left_carry = 0, right_carry = 0
WHERE `user_id` = 'ZDUHPN';
INSERT INTO `monthly_cleared_data` (`user_id`, `left_carry`, `right_carry`, `rank_id`, `date`) VALUES ('AGUA41', '600', '450', '1', '2024-09-24 05:47:31');
UPDATE `bv_updation` SET `rank_id` = 1
WHERE `user_id` = 'AGUA41';
UPDATE `user_registration` SET `rank_id` = 1
WHERE `user_id` = 'AGUA41';
UPDATE `bv_updation` SET left_carry = 0, right_carry = 0
WHERE `user_id` = 'AGUA41';
INSERT INTO `monthly_cleared_data` (`user_id`, `left_carry`, `right_carry`, `rank_id`, `date`) VALUES ('TC33CX', '50', '3140', '1', '2024-09-24 05:47:31');
UPDATE `bv_updation` SET `rank_id` = 1
WHERE `user_id` = 'TC33CX';
UPDATE `user_registration` SET `rank_id` = 1
WHERE `user_id` = 'TC33CX';
UPDATE `bv_updation` SET left_carry = 0, right_carry = 0
WHERE `user_id` = 'TC33CX';
INSERT INTO `monthly_cleared_data` (`user_id`, `left_carry`, `right_carry`, `rank_id`, `date`) VALUES ('JQSALF', '0', '0', '1', '2024-09-24 05:47:31');
UPDATE `bv_updation` SET `rank_id` = 1
WHERE `user_id` = 'JQSALF';
UPDATE `user_registration` SET `rank_id` = 1
WHERE `user_id` = 'JQSALF';
UPDATE `bv_updation` SET left_carry = 0, right_carry = 0
WHERE `user_id` = 'JQSALF';
INSERT INTO `monthly_cleared_data` (`user_id`, `left_carry`, `right_carry`, `rank_id`, `date`) VALUES ('7EZJVL', '1050', '1740', '1', '2024-09-24 05:47:31');
UPDATE `bv_updation` SET `rank_id` = 1
WHERE `user_id` = '7EZJVL';
UPDATE `user_registration` SET `rank_id` = 1
WHERE `user_id` = '7EZJVL';
UPDATE `bv_updation` SET left_carry = 0, right_carry = 0
WHERE `user_id` = '7EZJVL';
INSERT INTO `monthly_cleared_data` (`user_id`, `left_carry`, `right_carry`, `rank_id`, `date`) VALUES ('FTWDZX', '450', '150', '1', '2024-09-24 05:47:31');
UPDATE `bv_updation` SET `rank_id` = 1
WHERE `user_id` = 'FTWDZX';
UPDATE `user_registration` SET `rank_id` = 1
WHERE `user_id` = 'FTWDZX';
UPDATE `bv_updation` SET left_carry = 0, right_carry = 0
WHERE `user_id` = 'FTWDZX';
INSERT INTO `monthly_cleared_data` (`user_id`, `left_carry`, `right_carry`, `rank_id`, `date`) VALUES ('ZJA9U4', '0', '450', '1', '2024-09-24 05:47:31');
UPDATE `bv_updation` SET `rank_id` = 1
WHERE `user_id` = 'ZJA9U4';
UPDATE `user_registration` SET `rank_id` = 1
WHERE `user_id` = 'ZJA9U4';
UPDATE `bv_updation` SET left_carry = 0, right_carry = 0
WHERE `user_id` = 'ZJA9U4';
INSERT INTO `monthly_cleared_data` (`user_id`, `left_carry`, `right_carry`, `rank_id`, `date`) VALUES ('G1B8XG', '150', '300', '1', '2024-09-24 05:47:31');
UPDATE `bv_updation` SET `rank_id` = 1
WHERE `user_id` = 'G1B8XG';
UPDATE `user_registration` SET `rank_id` = 1
WHERE `user_id` = 'G1B8XG';
UPDATE `bv_updation` SET left_carry = 0, right_carry = 0
WHERE `user_id` = 'G1B8XG';
INSERT INTO `monthly_cleared_data` (`user_id`, `left_carry`, `right_carry`, `rank_id`, `date`) VALUES ('CCPWHP', '1200', '540', '1', '2024-09-24 05:47:31');
UPDATE `bv_updation` SET `rank_id` = 1
WHERE `user_id` = 'CCPWHP';
UPDATE `user_registration` SET `rank_id` = 1
WHERE `user_id` = 'CCPWHP';
UPDATE `bv_updation` SET left_carry = 0, right_carry = 0
WHERE `user_id` = 'CCPWHP';
INSERT INTO `monthly_cleared_data` (`user_id`, `left_carry`, `right_carry`, `rank_id`, `date`) VALUES ('BGA8M6', '300', '0', '1', '2024-09-24 05:47:31');
UPDATE `bv_updation` SET `rank_id` = 1
WHERE `user_id` = 'BGA8M6';
UPDATE `user_registration` SET `rank_id` = 1
WHERE `user_id` = 'BGA8M6';
UPDATE `bv_updation` SET left_carry = 0, right_carry = 0
WHERE `user_id` = 'BGA8M6';
INSERT INTO `monthly_cleared_data` (`user_id`, `left_carry`, `right_carry`, `rank_id`, `date`) VALUES ('UQCKCL', '0', '0', '1', '2024-09-24 05:47:31');
UPDATE `bv_updation` SET `rank_id` = 1
WHERE `user_id` = 'UQCKCL';
UPDATE `user_registration` SET `rank_id` = 1
WHERE `user_id` = 'UQCKCL';
UPDATE `bv_updation` SET left_carry = 0, right_carry = 0
WHERE `user_id` = 'UQCKCL';
INSERT INTO `monthly_cleared_data` (`user_id`, `left_carry`, `right_carry`, `rank_id`, `date`) VALUES ('PCPW7U', '1050', '0', '1', '2024-09-24 05:47:31');
UPDATE `bv_updation` SET `rank_id` = 1
WHERE `user_id` = 'PCPW7U';
UPDATE `user_registration` SET `rank_id` = 1
WHERE `user_id` = 'PCPW7U';
UPDATE `bv_updation` SET left_carry = 0, right_carry = 0
WHERE `user_id` = 'PCPW7U';
INSERT INTO `monthly_cleared_data` (`user_id`, `left_carry`, `right_carry`, `rank_id`, `date`) VALUES ('YMB1GT', '0', '390', '1', '2024-09-24 05:47:31');
UPDATE `bv_updation` SET `rank_id` = 1
WHERE `user_id` = 'YMB1GT';
UPDATE `user_registration` SET `rank_id` = 1
WHERE `user_id` = 'YMB1GT';
UPDATE `bv_updation` SET left_carry = 0, right_carry = 0
WHERE `user_id` = 'YMB1GT';
INSERT INTO `monthly_cleared_data` (`user_id`, `left_carry`, `right_carry`, `rank_id`, `date`) VALUES ('QJKFFY', '0', '300', '1', '2024-09-24 05:47:31');
UPDATE `bv_updation` SET `rank_id` = 1
WHERE `user_id` = 'QJKFFY';
UPDATE `user_registration` SET `rank_id` = 1
WHERE `user_id` = 'QJKFFY';
UPDATE `bv_updation` SET left_carry = 0, right_carry = 0
WHERE `user_id` = 'QJKFFY';
INSERT INTO `monthly_cleared_data` (`user_id`, `left_carry`, `right_carry`, `rank_id`, `date`) VALUES ('X9WMGB', '300', '0', '1', '2024-09-24 05:47:31');
UPDATE `bv_updation` SET `rank_id` = 1
WHERE `user_id` = 'X9WMGB';
UPDATE `user_registration` SET `rank_id` = 1
WHERE `user_id` = 'X9WMGB';
UPDATE `bv_updation` SET left_carry = 0, right_carry = 0
WHERE `user_id` = 'X9WMGB';
INSERT INTO `monthly_cleared_data` (`user_id`, `left_carry`, `right_carry`, `rank_id`, `date`) VALUES ('6KXG83', '0', '450', '1', '2024-09-24 05:47:31');
UPDATE `bv_updation` SET `rank_id` = 1
WHERE `user_id` = '6KXG83';
UPDATE `user_registration` SET `rank_id` = 1
WHERE `user_id` = '6KXG83';
UPDATE `bv_updation` SET left_carry = 0, right_carry = 0
WHERE `user_id` = '6KXG83';
INSERT INTO `monthly_cleared_data` (`user_id`, `left_carry`, `right_carry`, `rank_id`, `date`) VALUES ('MSQILN', '0', '150', '1', '2024-09-24 05:47:31');
UPDATE `bv_updation` SET `rank_id` = 1
WHERE `user_id` = 'MSQILN';
UPDATE `user_registration` SET `rank_id` = 1
WHERE `user_id` = 'MSQILN';
UPDATE `bv_updation` SET left_carry = 0, right_carry = 0
WHERE `user_id` = 'MSQILN';
INSERT INTO `monthly_cleared_data` (`user_id`, `left_carry`, `right_carry`, `rank_id`, `date`) VALUES ('AHZ7AD', '0', '240', '1', '2024-09-24 05:47:31');
UPDATE `bv_updation` SET `rank_id` = 1
WHERE `user_id` = 'AHZ7AD';
UPDATE `user_registration` SET `rank_id` = 1
WHERE `user_id` = 'AHZ7AD';
UPDATE `bv_updation` SET left_carry = 0, right_carry = 0
WHERE `user_id` = 'AHZ7AD';
INSERT INTO `monthly_cleared_data` (`user_id`, `left_carry`, `right_carry`, `rank_id`, `date`) VALUES ('9C52DF', '150', '0', '1', '2024-09-24 05:47:31');
UPDATE `bv_updation` SET `rank_id` = 1
WHERE `user_id` = '9C52DF';
UPDATE `user_registration` SET `rank_id` = 1
WHERE `user_id` = '9C52DF';
UPDATE `bv_updation` SET left_carry = 0, right_carry = 0
WHERE `user_id` = '9C52DF';
INSERT INTO `monthly_cleared_data` (`user_id`, `left_carry`, `right_carry`, `rank_id`, `date`) VALUES ('GFK2FM', '150', '0', '1', '2024-09-24 05:47:31');
UPDATE `bv_updation` SET `rank_id` = 1
WHERE `user_id` = 'GFK2FM';
UPDATE `user_registration` SET `rank_id` = 1
WHERE `user_id` = 'GFK2FM';
UPDATE `bv_updation` SET left_carry = 0, right_carry = 0
WHERE `user_id` = 'GFK2FM';
INSERT INTO `monthly_cleared_data` (`user_id`, `left_carry`, `right_carry`, `rank_id`, `date`) VALUES ('HNNAFX', '0', '0', '1', '2024-09-24 05:47:31');
UPDATE `bv_updation` SET `rank_id` = 1
WHERE `user_id` = 'HNNAFX';
UPDATE `user_registration` SET `rank_id` = 1
WHERE `user_id` = 'HNNAFX';
UPDATE `bv_updation` SET left_carry = 0, right_carry = 0
WHERE `user_id` = 'HNNAFX';
INSERT INTO `monthly_cleared_data` (`user_id`, `left_carry`, `right_carry`, `rank_id`, `date`) VALUES ('NZ7LBR', '0', '90', '1', '2024-09-24 05:47:31');
UPDATE `bv_updation` SET `rank_id` = 1
WHERE `user_id` = 'NZ7LBR';
UPDATE `user_registration` SET `rank_id` = 1
WHERE `user_id` = 'NZ7LBR';
UPDATE `bv_updation` SET left_carry = 0, right_carry = 0
WHERE `user_id` = 'NZ7LBR';
INSERT INTO `monthly_cleared_data` (`user_id`, `left_carry`, `right_carry`, `rank_id`, `date`) VALUES ('KAX8LU', '0', '0', '1', '2024-09-24 05:47:31');
UPDATE `bv_updation` SET `rank_id` = 1
WHERE `user_id` = 'KAX8LU';
UPDATE `user_registration` SET `rank_id` = 1
WHERE `user_id` = 'KAX8LU';
UPDATE `bv_updation` SET left_carry = 0, right_carry = 0
WHERE `user_id` = 'KAX8LU';
INSERT INTO `monthly_cleared_data` (`user_id`, `left_carry`, `right_carry`, `rank_id`, `date`) VALUES ('ACFLNX', '0', '0', '1', '2024-09-24 05:47:31');
UPDATE `bv_updation` SET `rank_id` = 1
WHERE `user_id` = 'ACFLNX';
UPDATE `user_registration` SET `rank_id` = 1
WHERE `user_id` = 'ACFLNX';
UPDATE `bv_updation` SET left_carry = 0, right_carry = 0
WHERE `user_id` = 'ACFLNX';
INSERT INTO `monthly_cleared_data` (`user_id`, `left_carry`, `right_carry`, `rank_id`, `date`) VALUES ('8PRVUZ', '0', '70', '1', '2024-09-24 05:47:31');
UPDATE `bv_updation` SET `rank_id` = 1
WHERE `user_id` = '8PRVUZ';
UPDATE `user_registration` SET `rank_id` = 1
WHERE `user_id` = '8PRVUZ';
UPDATE `bv_updation` SET left_carry = 0, right_carry = 0
WHERE `user_id` = '8PRVUZ';
INSERT INTO `monthly_cleared_data` (`user_id`, `left_carry`, `right_carry`, `rank_id`, `date`) VALUES ('TUP1AP', '900', '0', '1', '2024-09-24 05:47:31');
UPDATE `bv_updation` SET `rank_id` = 1
WHERE `user_id` = 'TUP1AP';
UPDATE `user_registration` SET `rank_id` = 1
WHERE `user_id` = 'TUP1AP';
UPDATE `bv_updation` SET left_carry = 0, right_carry = 0
WHERE `user_id` = 'TUP1AP';
INSERT INTO `monthly_cleared_data` (`user_id`, `left_carry`, `right_carry`, `rank_id`, `date`) VALUES ('NJTNXY', '750', '0', '1', '2024-09-24 05:47:31');
UPDATE `bv_updation` SET `rank_id` = 1
WHERE `user_id` = 'NJTNXY';
UPDATE `user_registration` SET `rank_id` = 1
WHERE `user_id` = 'NJTNXY';
UPDATE `bv_updation` SET left_carry = 0, right_carry = 0
WHERE `user_id` = 'NJTNXY';
INSERT INTO `monthly_cleared_data` (`user_id`, `left_carry`, `right_carry`, `rank_id`, `date`) VALUES ('LQM2BA', '600', '0', '1', '2024-09-24 05:47:31');
UPDATE `bv_updation` SET `rank_id` = 1
WHERE `user_id` = 'LQM2BA';
UPDATE `user_registration` SET `rank_id` = 1
WHERE `user_id` = 'LQM2BA';
UPDATE `bv_updation` SET left_carry = 0, right_carry = 0
WHERE `user_id` = 'LQM2BA';
INSERT INTO `monthly_cleared_data` (`user_id`, `left_carry`, `right_carry`, `rank_id`, `date`) VALUES ('UCAYE8', '450', '0', '1', '2024-09-24 05:47:31');
UPDATE `bv_updation` SET `rank_id` = 1
WHERE `user_id` = 'UCAYE8';
UPDATE `user_registration` SET `rank_id` = 1
WHERE `user_id` = 'UCAYE8';
UPDATE `bv_updation` SET left_carry = 0, right_carry = 0
WHERE `user_id` = 'UCAYE8';
INSERT INTO `monthly_cleared_data` (`user_id`, `left_carry`, `right_carry`, `rank_id`, `date`) VALUES ('B61VWP', '0', '300', '1', '2024-09-24 05:47:31');
UPDATE `bv_updation` SET `rank_id` = 1
WHERE `user_id` = 'B61VWP';
UPDATE `user_registration` SET `rank_id` = 1
WHERE `user_id` = 'B61VWP';
UPDATE `bv_updation` SET left_carry = 0, right_carry = 0
WHERE `user_id` = 'B61VWP';
INSERT INTO `monthly_cleared_data` (`user_id`, `left_carry`, `right_carry`, `rank_id`, `date`) VALUES ('JM6VB4', '300', '0', '1', '2024-09-24 05:47:31');
UPDATE `bv_updation` SET `rank_id` = 1
WHERE `user_id` = 'JM6VB4';
UPDATE `user_registration` SET `rank_id` = 1
WHERE `user_id` = 'JM6VB4';
UPDATE `bv_updation` SET left_carry = 0, right_carry = 0
WHERE `user_id` = 'JM6VB4';
INSERT INTO `monthly_cleared_data` (`user_id`, `left_carry`, `right_carry`, `rank_id`, `date`) VALUES ('DAFTVW', '0', '150', '1', '2024-09-24 05:47:31');
UPDATE `bv_updation` SET `rank_id` = 1
WHERE `user_id` = 'DAFTVW';
UPDATE `user_registration` SET `rank_id` = 1
WHERE `user_id` = 'DAFTVW';
UPDATE `bv_updation` SET left_carry = 0, right_carry = 0
WHERE `user_id` = 'DAFTVW';
INSERT INTO `monthly_cleared_data` (`user_id`, `left_carry`, `right_carry`, `rank_id`, `date`) VALUES ('D4NPCG', '0', '0', '1', '2024-09-24 05:47:31');
UPDATE `bv_updation` SET `rank_id` = 1
WHERE `user_id` = 'D4NPCG';
UPDATE `user_registration` SET `rank_id` = 1
WHERE `user_id` = 'D4NPCG';
UPDATE `bv_updation` SET left_carry = 0, right_carry = 0
WHERE `user_id` = 'D4NPCG';
INSERT INTO `monthly_cleared_data` (`user_id`, `left_carry`, `right_carry`, `rank_id`, `date`) VALUES ('YG8EGN', '150', '0', '1', '2024-09-24 05:47:31');
UPDATE `bv_updation` SET `rank_id` = 1
WHERE `user_id` = 'YG8EGN';
UPDATE `user_registration` SET `rank_id` = 1
WHERE `user_id` = 'YG8EGN';
UPDATE `bv_updation` SET left_carry = 0, right_carry = 0
WHERE `user_id` = 'YG8EGN';
INSERT INTO `monthly_cleared_data` (`user_id`, `left_carry`, `right_carry`, `rank_id`, `date`) VALUES ('QORB5S', '0', '0', '1', '2024-09-24 05:47:31');
UPDATE `bv_updation` SET `rank_id` = 1
WHERE `user_id` = 'QORB5S';
UPDATE `user_registration` SET `rank_id` = 1
WHERE `user_id` = 'QORB5S';
UPDATE `bv_updation` SET left_carry = 0, right_carry = 0
WHERE `user_id` = 'QORB5S';
INSERT INTO `monthly_cleared_data` (`user_id`, `left_carry`, `right_carry`, `rank_id`, `date`) VALUES ('PX7XCL', '4310', '0', '1', '2024-09-24 05:47:31');
UPDATE `bv_updation` SET `rank_id` = 1
WHERE `user_id` = 'PX7XCL';
UPDATE `user_registration` SET `rank_id` = 1
WHERE `user_id` = 'PX7XCL';
UPDATE `bv_updation` SET left_carry = 0, right_carry = 0
WHERE `user_id` = 'PX7XCL';
INSERT INTO `monthly_cleared_data` (`user_id`, `left_carry`, `right_carry`, `rank_id`, `date`) VALUES ('2PJC45', '0', '2300', '1', '2024-09-24 05:47:31');
UPDATE `bv_updation` SET `rank_id` = 1
WHERE `user_id` = '2PJC45';
UPDATE `user_registration` SET `rank_id` = 1
WHERE `user_id` = '2PJC45';
UPDATE `bv_updation` SET left_carry = 0, right_carry = 0
WHERE `user_id` = '2PJC45';
INSERT INTO `monthly_cleared_data` (`user_id`, `left_carry`, `right_carry`, `rank_id`, `date`) VALUES ('R7LLE4', '1200', '1050', '1', '2024-09-24 05:47:31');
UPDATE `bv_updation` SET `rank_id` = 1
WHERE `user_id` = 'R7LLE4';
UPDATE `user_registration` SET `rank_id` = 1
WHERE `user_id` = 'R7LLE4';
UPDATE `bv_updation` SET left_carry = 0, right_carry = 0
WHERE `user_id` = 'R7LLE4';
INSERT INTO `monthly_cleared_data` (`user_id`, `left_carry`, `right_carry`, `rank_id`, `date`) VALUES ('DJ77NH', '4160', '0', '1', '2024-09-24 05:47:31');
UPDATE `bv_updation` SET `rank_id` = 1
WHERE `user_id` = 'DJ77NH';
UPDATE `user_registration` SET `rank_id` = 1
WHERE `user_id` = 'DJ77NH';
UPDATE `bv_updation` SET left_carry = 0, right_carry = 0
WHERE `user_id` = 'DJ77NH';
INSERT INTO `monthly_cleared_data` (`user_id`, `left_carry`, `right_carry`, `rank_id`, `date`) VALUES ('QMVRSW', '1050', '0', '1', '2024-09-24 05:47:31');
UPDATE `bv_updation` SET `rank_id` = 1
WHERE `user_id` = 'QMVRSW';
UPDATE `user_registration` SET `rank_id` = 1
WHERE `user_id` = 'QMVRSW';
UPDATE `bv_updation` SET left_carry = 0, right_carry = 0
WHERE `user_id` = 'QMVRSW';
INSERT INTO `monthly_cleared_data` (`user_id`, `left_carry`, `right_carry`, `rank_id`, `date`) VALUES ('T2GM27', '450', '450', '1', '2024-09-24 05:47:31');
UPDATE `bv_updation` SET `rank_id` = 1
WHERE `user_id` = 'T2GM27';
UPDATE `user_registration` SET `rank_id` = 1
WHERE `user_id` = 'T2GM27';
UPDATE `bv_updation` SET left_carry = 0, right_carry = 0
WHERE `user_id` = 'T2GM27';
INSERT INTO `monthly_cleared_data` (`user_id`, `left_carry`, `right_carry`, `rank_id`, `date`) VALUES ('X3V7DJ', '3710', '300', '1', '2024-09-24 05:47:31');
UPDATE `bv_updation` SET `rank_id` = 1
WHERE `user_id` = 'X3V7DJ';
UPDATE `user_registration` SET `rank_id` = 1
WHERE `user_id` = 'X3V7DJ';
UPDATE `bv_updation` SET left_carry = 0, right_carry = 0
WHERE `user_id` = 'X3V7DJ';
INSERT INTO `monthly_cleared_data` (`user_id`, `left_carry`, `right_carry`, `rank_id`, `date`) VALUES ('N2FNL1', '300', '0', '1', '2024-09-24 05:47:31');
UPDATE `bv_updation` SET `rank_id` = 1
WHERE `user_id` = 'N2FNL1';
UPDATE `user_registration` SET `rank_id` = 1
WHERE `user_id` = 'N2FNL1';
UPDATE `bv_updation` SET left_carry = 0, right_carry = 0
WHERE `user_id` = 'N2FNL1';
INSERT INTO `monthly_cleared_data` (`user_id`, `left_carry`, `right_carry`, `rank_id`, `date`) VALUES ('OD1M2H', '0', '300', '1', '2024-09-24 05:47:31');
UPDATE `bv_updation` SET `rank_id` = 1
WHERE `user_id` = 'OD1M2H';
UPDATE `user_registration` SET `rank_id` = 1
WHERE `user_id` = 'OD1M2H';
UPDATE `bv_updation` SET left_carry = 0, right_carry = 0
WHERE `user_id` = 'OD1M2H';
INSERT INTO `monthly_cleared_data` (`user_id`, `left_carry`, `right_carry`, `rank_id`, `date`) VALUES ('AH3CLS', '900', '0', '1', '2024-09-24 05:47:31');
UPDATE `bv_updation` SET `rank_id` = 1
WHERE `user_id` = 'AH3CLS';
UPDATE `user_registration` SET `rank_id` = 1
WHERE `user_id` = 'AH3CLS';
UPDATE `bv_updation` SET left_carry = 0, right_carry = 0
WHERE `user_id` = 'AH3CLS';
INSERT INTO `monthly_cleared_data` (`user_id`, `left_carry`, `right_carry`, `rank_id`, `date`) VALUES ('KVQN1O', '3560', '0', '1', '2024-09-24 05:47:31');
UPDATE `bv_updation` SET `rank_id` = 1
WHERE `user_id` = 'KVQN1O';
UPDATE `user_registration` SET `rank_id` = 1
WHERE `user_id` = 'KVQN1O';
UPDATE `bv_updation` SET left_carry = 0, right_carry = 0
WHERE `user_id` = 'KVQN1O';
INSERT INTO `monthly_cleared_data` (`user_id`, `left_carry`, `right_carry`, `rank_id`, `date`) VALUES ('D21V6R', '0', '150', '1', '2024-09-24 05:47:31');
UPDATE `bv_updation` SET `rank_id` = 1
WHERE `user_id` = 'D21V6R';
UPDATE `user_registration` SET `rank_id` = 1
WHERE `user_id` = 'D21V6R';
UPDATE `bv_updation` SET left_carry = 0, right_carry = 0
WHERE `user_id` = 'D21V6R';
INSERT INTO `monthly_cleared_data` (`user_id`, `left_carry`, `right_carry`, `rank_id`, `date`) VALUES ('XN6ETC', '3410', '0', '1', '2024-09-24 05:47:31');
UPDATE `bv_updation` SET `rank_id` = 1
WHERE `user_id` = 'XN6ETC';
UPDATE `user_registration` SET `rank_id` = 1
WHERE `user_id` = 'XN6ETC';
UPDATE `bv_updation` SET left_carry = 0, right_carry = 0
WHERE `user_id` = 'XN6ETC';
INSERT INTO `monthly_cleared_data` (`user_id`, `left_carry`, `right_carry`, `rank_id`, `date`) VALUES ('SYR7PH', '0', '150', '1', '2024-09-24 05:47:31');
UPDATE `bv_updation` SET `rank_id` = 1
WHERE `user_id` = 'SYR7PH';
UPDATE `user_registration` SET `rank_id` = 1
WHERE `user_id` = 'SYR7PH';
UPDATE `bv_updation` SET left_carry = 0, right_carry = 0
WHERE `user_id` = 'SYR7PH';
INSERT INTO `monthly_cleared_data` (`user_id`, `left_carry`, `right_carry`, `rank_id`, `date`) VALUES ('Y8QVAV', '0', '0', '1', '2024-09-24 05:47:31');
UPDATE `bv_updation` SET `rank_id` = 1
WHERE `user_id` = 'Y8QVAV';
UPDATE `user_registration` SET `rank_id` = 1
WHERE `user_id` = 'Y8QVAV';
UPDATE `bv_updation` SET left_carry = 0, right_carry = 0
WHERE `user_id` = 'Y8QVAV';
INSERT INTO `monthly_cleared_data` (`user_id`, `left_carry`, `right_carry`, `rank_id`, `date`) VALUES ('4IT45T', '0', '0', '1', '2024-09-24 05:47:31');
UPDATE `bv_updation` SET `rank_id` = 1
WHERE `user_id` = '4IT45T';
UPDATE `user_registration` SET `rank_id` = 1
WHERE `user_id` = '4IT45T';
UPDATE `bv_updation` SET left_carry = 0, right_carry = 0
WHERE `user_id` = '4IT45T';
INSERT INTO `monthly_cleared_data` (`user_id`, `left_carry`, `right_carry`, `rank_id`, `date`) VALUES ('Z1AE1A', '150', '0', '1', '2024-09-24 05:47:31');
UPDATE `bv_updation` SET `rank_id` = 1
WHERE `user_id` = 'Z1AE1A';
UPDATE `user_registration` SET `rank_id` = 1
WHERE `user_id` = 'Z1AE1A';
UPDATE `bv_updation` SET left_carry = 0, right_carry = 0
WHERE `user_id` = 'Z1AE1A';
INSERT INTO `monthly_cleared_data` (`user_id`, `left_carry`, `right_carry`, `rank_id`, `date`) VALUES ('9O69TJ', '0', '0', '1', '2024-09-24 05:47:31');
UPDATE `bv_updation` SET `rank_id` = 1
WHERE `user_id` = '9O69TJ';
UPDATE `user_registration` SET `rank_id` = 1
WHERE `user_id` = '9O69TJ';
UPDATE `bv_updation` SET left_carry = 0, right_carry = 0
WHERE `user_id` = '9O69TJ';
INSERT INTO `monthly_cleared_data` (`user_id`, `left_carry`, `right_carry`, `rank_id`, `date`) VALUES ('6OVQUW', '750', '0', '1', '2024-09-24 05:47:31');
UPDATE `bv_updation` SET `rank_id` = 1
WHERE `user_id` = '6OVQUW';
UPDATE `user_registration` SET `rank_id` = 1
WHERE `user_id` = '6OVQUW';
UPDATE `bv_updation` SET left_carry = 0, right_carry = 0
WHERE `user_id` = '6OVQUW';
INSERT INTO `earnings` (`user_id`, `Purchaser_id`, `earning_type`, `package_id`, `amount`, `date`, `comments`, `invest_amount`, `comm_perc`, `level`, `rank_id`, `order_id`) VALUES ('ZJZA3M', 'ZJZA3M', 'Residual Bonus', 0, '500', '2024-09-24 05:47:31', 'Residual Bonus', '500', 0, 0, '2', 0);
UPDATE `user_registration` SET commission_balance = ROUND(commission_balance + 500,2)
WHERE `user_id` = 'ZJZA3M';
INSERT INTO `earnings` (`user_id`, `Purchaser_id`, `earning_type`, `package_id`, `amount`, `date`, `comments`, `invest_amount`, `comm_perc`, `level`, `rank_id`, `order_id`) VALUES ('ZJZA3M', 'ZJZA3M', 'Rank Bonus', 0, '100', '2024-09-24 05:47:31', 'Rank Bonus', '100', 0, 0, '2', 0);
UPDATE `user_registration` SET commission_balance = ROUND(commission_balance + 100,2)
WHERE `user_id` = 'ZJZA3M';
INSERT INTO `monthly_cleared_data` (`user_id`, `left_carry`, `right_carry`, `rank_id`, `date`) VALUES ('ZJZA3M', '1440', '2280', '2', '2024-09-24 05:47:31');
UPDATE `bv_updation` SET `rank_id` = 1
WHERE `user_id` = 'ZJZA3M';
UPDATE `user_registration` SET `rank_id` = 1
WHERE `user_id` = 'ZJZA3M';
UPDATE `bv_updation` SET left_carry = 0, right_carry = 0
WHERE `user_id` = 'ZJZA3M';
INSERT INTO `monthly_cleared_data` (`user_id`, `left_carry`, `right_carry`, `rank_id`, `date`) VALUES ('VXSYM7', '600', '0', '1', '2024-09-24 05:47:31');
UPDATE `bv_updation` SET `rank_id` = 1
WHERE `user_id` = 'VXSYM7';
UPDATE `user_registration` SET `rank_id` = 1
WHERE `user_id` = 'VXSYM7';
UPDATE `bv_updation` SET left_carry = 0, right_carry = 0
WHERE `user_id` = 'VXSYM7';
INSERT INTO `monthly_cleared_data` (`user_id`, `left_carry`, `right_carry`, `rank_id`, `date`) VALUES ('FTDEWF', '450', '0', '1', '2024-09-24 05:47:31');
UPDATE `bv_updation` SET `rank_id` = 1
WHERE `user_id` = 'FTDEWF';
UPDATE `user_registration` SET `rank_id` = 1
WHERE `user_id` = 'FTDEWF';
UPDATE `bv_updation` SET left_carry = 0, right_carry = 0
WHERE `user_id` = 'FTDEWF';
INSERT INTO `monthly_cleared_data` (`user_id`, `left_carry`, `right_carry`, `rank_id`, `date`) VALUES ('4LGANJ', '300', '0', '1', '2024-09-24 05:47:31');
UPDATE `bv_updation` SET `rank_id` = 1
WHERE `user_id` = '4LGANJ';
UPDATE `user_registration` SET `rank_id` = 1
WHERE `user_id` = '4LGANJ';
UPDATE `bv_updation` SET left_carry = 0, right_carry = 0
WHERE `user_id` = '4LGANJ';
INSERT INTO `monthly_cleared_data` (`user_id`, `left_carry`, `right_carry`, `rank_id`, `date`) VALUES ('2N82QK', '150', '0', '1', '2024-09-24 05:47:31');
UPDATE `bv_updation` SET `rank_id` = 1
WHERE `user_id` = '2N82QK';
UPDATE `user_registration` SET `rank_id` = 1
WHERE `user_id` = '2N82QK';
UPDATE `bv_updation` SET left_carry = 0, right_carry = 0
WHERE `user_id` = '2N82QK';
INSERT INTO `monthly_cleared_data` (`user_id`, `left_carry`, `right_carry`, `rank_id`, `date`) VALUES ('YT9JZH', '0', '0', '1', '2024-09-24 05:47:31');
UPDATE `bv_updation` SET `rank_id` = 1
WHERE `user_id` = 'YT9JZH';
UPDATE `user_registration` SET `rank_id` = 1
WHERE `user_id` = 'YT9JZH';
UPDATE `bv_updation` SET left_carry = 0, right_carry = 0
WHERE `user_id` = 'YT9JZH';
INSERT INTO `monthly_cleared_data` (`user_id`, `left_carry`, `right_carry`, `rank_id`, `date`) VALUES ('4OT7RX', '1120', '120', '1', '2024-09-24 05:47:31');
UPDATE `bv_updation` SET `rank_id` = 1
WHERE `user_id` = '4OT7RX';
UPDATE `user_registration` SET `rank_id` = 1
WHERE `user_id` = '4OT7RX';
UPDATE `bv_updation` SET left_carry = 0, right_carry = 0
WHERE `user_id` = '4OT7RX';
INSERT INTO `monthly_cleared_data` (`user_id`, `left_carry`, `right_carry`, `rank_id`, `date`) VALUES ('FEYERV', '360', '1660', '1', '2024-09-24 05:47:31');
UPDATE `bv_updation` SET `rank_id` = 1
WHERE `user_id` = 'FEYERV';
UPDATE `user_registration` SET `rank_id` = 1
WHERE `user_id` = 'FEYERV';
UPDATE `bv_updation` SET left_carry = 0, right_carry = 0
WHERE `user_id` = 'FEYERV';
INSERT INTO `monthly_cleared_data` (`user_id`, `left_carry`, `right_carry`, `rank_id`, `date`) VALUES ('EBUD19', '340', '0', '1', '2024-09-24 05:47:31');
UPDATE `bv_updation` SET `rank_id` = 1
WHERE `user_id` = 'EBUD19';
UPDATE `user_registration` SET `rank_id` = 1
WHERE `user_id` = 'EBUD19';
UPDATE `bv_updation` SET left_carry = 0, right_carry = 0
WHERE `user_id` = 'EBUD19';
INSERT INTO `monthly_cleared_data` (`user_id`, `left_carry`, `right_carry`, `rank_id`, `date`) VALUES ('K9HQUQ', '650', '1200', '1', '2024-09-24 05:47:31');
UPDATE `bv_updation` SET `rank_id` = 1
WHERE `user_id` = 'K9HQUQ';
UPDATE `user_registration` SET `rank_id` = 1
WHERE `user_id` = 'K9HQUQ';
UPDATE `bv_updation` SET left_carry = 0, right_carry = 0
WHERE `user_id` = 'K9HQUQ';
INSERT INTO `monthly_cleared_data` (`user_id`, `left_carry`, `right_carry`, `rank_id`, `date`) VALUES ('91PYDK', '850', '220', '1', '2024-09-24 05:47:31');
UPDATE `bv_updation` SET `rank_id` = 1
WHERE `user_id` = '91PYDK';
UPDATE `user_registration` SET `rank_id` = 1
WHERE `user_id` = '91PYDK';
UPDATE `bv_updation` SET left_carry = 0, right_carry = 0
WHERE `user_id` = '91PYDK';
INSERT INTO `monthly_cleared_data` (`user_id`, `left_carry`, `right_carry`, `rank_id`, `date`) VALUES ('9TA5UC', '50', '20', '1', '2024-09-24 05:47:31');
UPDATE `bv_updation` SET `rank_id` = 1
WHERE `user_id` = '9TA5UC';
UPDATE `user_registration` SET `rank_id` = 1
WHERE `user_id` = '9TA5UC';
UPDATE `bv_updation` SET left_carry = 0, right_carry = 0
WHERE `user_id` = '9TA5UC';
INSERT INTO `monthly_cleared_data` (`user_id`, `left_carry`, `right_carry`, `rank_id`, `date`) VALUES ('9B8FOG', '300', '300', '1', '2024-09-24 05:47:31');
UPDATE `bv_updation` SET `rank_id` = 1
WHERE `user_id` = '9B8FOG';
UPDATE `user_registration` SET `rank_id` = 1
WHERE `user_id` = '9B8FOG';
UPDATE `bv_updation` SET left_carry = 0, right_carry = 0
WHERE `user_id` = '9B8FOG';
INSERT INTO `monthly_cleared_data` (`user_id`, `left_carry`, `right_carry`, `rank_id`, `date`) VALUES ('HFY8ZI', '60', '100', '1', '2024-09-24 05:47:31');
UPDATE `bv_updation` SET `rank_id` = 1
WHERE `user_id` = 'HFY8ZI';
UPDATE `user_registration` SET `rank_id` = 1
WHERE `user_id` = 'HFY8ZI';
UPDATE `bv_updation` SET left_carry = 0, right_carry = 0
WHERE `user_id` = 'HFY8ZI';
INSERT INTO `monthly_cleared_data` (`user_id`, `left_carry`, `right_carry`, `rank_id`, `date`) VALUES ('F5GPDF', '800', '0', '1', '2024-09-24 05:47:31');
UPDATE `bv_updation` SET `rank_id` = 1
WHERE `user_id` = 'F5GPDF';
UPDATE `user_registration` SET `rank_id` = 1
WHERE `user_id` = 'F5GPDF';
UPDATE `bv_updation` SET left_carry = 0, right_carry = 0
WHERE `user_id` = 'F5GPDF';
INSERT INTO `monthly_cleared_data` (`user_id`, `left_carry`, `right_carry`, `rank_id`, `date`) VALUES ('ML9X1V', '0', '170', '1', '2024-09-24 05:47:31');
UPDATE `bv_updation` SET `rank_id` = 1
WHERE `user_id` = 'ML9X1V';
UPDATE `user_registration` SET `rank_id` = 1
WHERE `user_id` = 'ML9X1V';
UPDATE `bv_updation` SET left_carry = 0, right_carry = 0
WHERE `user_id` = 'ML9X1V';
INSERT INTO `monthly_cleared_data` (`user_id`, `left_carry`, `right_carry`, `rank_id`, `date`) VALUES ('6XLNAM', '400', '0', '1', '2024-09-24 05:47:31');
UPDATE `bv_updation` SET `rank_id` = 1
WHERE `user_id` = '6XLNAM';
UPDATE `user_registration` SET `rank_id` = 1
WHERE `user_id` = '6XLNAM';
UPDATE `bv_updation` SET left_carry = 0, right_carry = 0
WHERE `user_id` = '6XLNAM';
INSERT INTO `monthly_cleared_data` (`user_id`, `left_carry`, `right_carry`, `rank_id`, `date`) VALUES ('TZ59K8', '0', '440', '1', '2024-09-24 05:47:31');
UPDATE `bv_updation` SET `rank_id` = 1
WHERE `user_id` = 'TZ59K8';
UPDATE `user_registration` SET `rank_id` = 1
WHERE `user_id` = 'TZ59K8';
UPDATE `bv_updation` SET left_carry = 0, right_carry = 0
WHERE `user_id` = 'TZ59K8';
INSERT INTO `monthly_cleared_data` (`user_id`, `left_carry`, `right_carry`, `rank_id`, `date`) VALUES ('9DZFM9', '250', '0', '1', '2024-09-24 05:47:31');
UPDATE `bv_updation` SET `rank_id` = 1
WHERE `user_id` = '9DZFM9';
UPDATE `user_registration` SET `rank_id` = 1
WHERE `user_id` = '9DZFM9';
UPDATE `bv_updation` SET left_carry = 0, right_carry = 0
WHERE `user_id` = '9DZFM9';
INSERT INTO `monthly_cleared_data` (`user_id`, `left_carry`, `right_carry`, `rank_id`, `date`) VALUES ('HJ14ZX', '0', '250', '1', '2024-09-24 05:47:31');
UPDATE `bv_updation` SET `rank_id` = 1
WHERE `user_id` = 'HJ14ZX';
UPDATE `user_registration` SET `rank_id` = 1
WHERE `user_id` = 'HJ14ZX';
UPDATE `bv_updation` SET left_carry = 0, right_carry = 0
WHERE `user_id` = 'HJ14ZX';
INSERT INTO `monthly_cleared_data` (`user_id`, `left_carry`, `right_carry`, `rank_id`, `date`) VALUES ('C1TQVI', '750', '0', '1', '2024-09-24 05:47:31');
UPDATE `bv_updation` SET `rank_id` = 1
WHERE `user_id` = 'C1TQVI';
UPDATE `user_registration` SET `rank_id` = 1
WHERE `user_id` = 'C1TQVI';
UPDATE `bv_updation` SET left_carry = 0, right_carry = 0
WHERE `user_id` = 'C1TQVI';
INSERT INTO `monthly_cleared_data` (`user_id`, `left_carry`, `right_carry`, `rank_id`, `date`) VALUES ('95PAE4', '0', '390', '1', '2024-09-24 05:47:31');
UPDATE `bv_updation` SET `rank_id` = 1
WHERE `user_id` = '95PAE4';
UPDATE `user_registration` SET `rank_id` = 1
WHERE `user_id` = '95PAE4';
UPDATE `bv_updation` SET left_carry = 0, right_carry = 0
WHERE `user_id` = '95PAE4';
INSERT INTO `monthly_cleared_data` (`user_id`, `left_carry`, `right_carry`, `rank_id`, `date`) VALUES ('CCK296', '0', '340', '1', '2024-09-24 05:47:31');
UPDATE `bv_updation` SET `rank_id` = 1
WHERE `user_id` = 'CCK296';
UPDATE `user_registration` SET `rank_id` = 1
WHERE `user_id` = 'CCK296';
UPDATE `bv_updation` SET left_carry = 0, right_carry = 0
WHERE `user_id` = 'CCK296';
INSERT INTO `monthly_cleared_data` (`user_id`, `left_carry`, `right_carry`, `rank_id`, `date`) VALUES ('7BRXKM', '0', '290', '1', '2024-09-24 05:47:31');
UPDATE `bv_updation` SET `rank_id` = 1
WHERE `user_id` = '7BRXKM';
UPDATE `user_registration` SET `rank_id` = 1
WHERE `user_id` = '7BRXKM';
UPDATE `bv_updation` SET left_carry = 0, right_carry = 0
WHERE `user_id` = '7BRXKM';
INSERT INTO `monthly_cleared_data` (`user_id`, `left_carry`, `right_carry`, `rank_id`, `date`) VALUES ('GOLCIG', '0', '240', '1', '2024-09-24 05:47:31');
UPDATE `bv_updation` SET `rank_id` = 1
WHERE `user_id` = 'GOLCIG';
UPDATE `user_registration` SET `rank_id` = 1
WHERE `user_id` = 'GOLCIG';
UPDATE `bv_updation` SET left_carry = 0, right_carry = 0
WHERE `user_id` = 'GOLCIG';
INSERT INTO `monthly_cleared_data` (`user_id`, `left_carry`, `right_carry`, `rank_id`, `date`) VALUES ('VU595J', '0', '200', '1', '2024-09-24 05:47:31');
UPDATE `bv_updation` SET `rank_id` = 1
WHERE `user_id` = 'VU595J';
UPDATE `user_registration` SET `rank_id` = 1
WHERE `user_id` = 'VU595J';
UPDATE `bv_updation` SET left_carry = 0, right_carry = 0
WHERE `user_id` = 'VU595J';
INSERT INTO `monthly_cleared_data` (`user_id`, `left_carry`, `right_carry`, `rank_id`, `date`) VALUES ('4KFF7N', '0', '150', '1', '2024-09-24 05:47:31');
UPDATE `bv_updation` SET `rank_id` = 1
WHERE `user_id` = '4KFF7N';
UPDATE `user_registration` SET `rank_id` = 1
WHERE `user_id` = '4KFF7N';
UPDATE `bv_updation` SET left_carry = 0, right_carry = 0
WHERE `user_id` = '4KFF7N';
INSERT INTO `monthly_cleared_data` (`user_id`, `left_carry`, `right_carry`, `rank_id`, `date`) VALUES ('ZP52EY', '0', '200', '1', '2024-09-24 05:47:31');
UPDATE `bv_updation` SET `rank_id` = 1
WHERE `user_id` = 'ZP52EY';
UPDATE `user_registration` SET `rank_id` = 1
WHERE `user_id` = 'ZP52EY';
UPDATE `bv_updation` SET left_carry = 0, right_carry = 0
WHERE `user_id` = 'ZP52EY';
INSERT INTO `monthly_cleared_data` (`user_id`, `left_carry`, `right_carry`, `rank_id`, `date`) VALUES ('ELXZWC', '700', '0', '1', '2024-09-24 05:47:31');
UPDATE `bv_updation` SET `rank_id` = 1
WHERE `user_id` = 'ELXZWC';
UPDATE `user_registration` SET `rank_id` = 1
WHERE `user_id` = 'ELXZWC';
UPDATE `bv_updation` SET left_carry = 0, right_carry = 0
WHERE `user_id` = 'ELXZWC';
INSERT INTO `monthly_cleared_data` (`user_id`, `left_carry`, `right_carry`, `rank_id`, `date`) VALUES ('HH9GTN', '200', '0', '1', '2024-09-24 05:47:31');
UPDATE `bv_updation` SET `rank_id` = 1
WHERE `user_id` = 'HH9GTN';
UPDATE `user_registration` SET `rank_id` = 1
WHERE `user_id` = 'HH9GTN';
UPDATE `bv_updation` SET left_carry = 0, right_carry = 0
WHERE `user_id` = 'HH9GTN';
INSERT INTO `monthly_cleared_data` (`user_id`, `left_carry`, `right_carry`, `rank_id`, `date`) VALUES ('KKNZPR', '0', '100', '1', '2024-09-24 05:47:31');
UPDATE `bv_updation` SET `rank_id` = 1
WHERE `user_id` = 'KKNZPR';
UPDATE `user_registration` SET `rank_id` = 1
WHERE `user_id` = 'KKNZPR';
UPDATE `bv_updation` SET left_carry = 0, right_carry = 0
WHERE `user_id` = 'KKNZPR';
INSERT INTO `monthly_cleared_data` (`user_id`, `left_carry`, `right_carry`, `rank_id`, `date`) VALUES ('PDQ9Z6', '0', '50', '1', '2024-09-24 05:47:31');
UPDATE `bv_updation` SET `rank_id` = 1
WHERE `user_id` = 'PDQ9Z6';
UPDATE `user_registration` SET `rank_id` = 1
WHERE `user_id` = 'PDQ9Z6';
UPDATE `bv_updation` SET left_carry = 0, right_carry = 0
WHERE `user_id` = 'PDQ9Z6';
INSERT INTO `monthly_cleared_data` (`user_id`, `left_carry`, `right_carry`, `rank_id`, `date`) VALUES ('293ZVZ', '0', '150', '1', '2024-09-24 05:47:31');
UPDATE `bv_updation` SET `rank_id` = 1
WHERE `user_id` = '293ZVZ';
UPDATE `user_registration` SET `rank_id` = 1
WHERE `user_id` = '293ZVZ';
UPDATE `bv_updation` SET left_carry = 0, right_carry = 0
WHERE `user_id` = '293ZVZ';
INSERT INTO `monthly_cleared_data` (`user_id`, `left_carry`, `right_carry`, `rank_id`, `date`) VALUES ('FXAYIE', '650', '0', '1', '2024-09-24 05:47:31');
UPDATE `bv_updation` SET `rank_id` = 1
WHERE `user_id` = 'FXAYIE';
UPDATE `user_registration` SET `rank_id` = 1
WHERE `user_id` = 'FXAYIE';
UPDATE `bv_updation` SET left_carry = 0, right_carry = 0
WHERE `user_id` = 'FXAYIE';
INSERT INTO `monthly_cleared_data` (`user_id`, `left_carry`, `right_carry`, `rank_id`, `date`) VALUES ('KYO8ZA', '150', '0', '1', '2024-09-24 05:47:31');
UPDATE `bv_updation` SET `rank_id` = 1
WHERE `user_id` = 'KYO8ZA';
UPDATE `user_registration` SET `rank_id` = 1
WHERE `user_id` = 'KYO8ZA';
UPDATE `bv_updation` SET left_carry = 0, right_carry = 0
WHERE `user_id` = 'KYO8ZA';
INSERT INTO `monthly_cleared_data` (`user_id`, `left_carry`, `right_carry`, `rank_id`, `date`) VALUES ('ZPJCA5', '0', '100', '1', '2024-09-24 05:47:31');
UPDATE `bv_updation` SET `rank_id` = 1
WHERE `user_id` = 'ZPJCA5';
UPDATE `user_registration` SET `rank_id` = 1
WHERE `user_id` = 'ZPJCA5';
UPDATE `bv_updation` SET left_carry = 0, right_carry = 0
WHERE `user_id` = 'ZPJCA5';
INSERT INTO `monthly_cleared_data` (`user_id`, `left_carry`, `right_carry`, `rank_id`, `date`) VALUES ('OEMJ8R', '600', '0', '1', '2024-09-24 05:47:31');
UPDATE `bv_updation` SET `rank_id` = 1
WHERE `user_id` = 'OEMJ8R';
UPDATE `user_registration` SET `rank_id` = 1
WHERE `user_id` = 'OEMJ8R';
UPDATE `bv_updation` SET left_carry = 0, right_carry = 0
WHERE `user_id` = 'OEMJ8R';
INSERT INTO `monthly_cleared_data` (`user_id`, `left_carry`, `right_carry`, `rank_id`, `date`) VALUES ('31YXNP', '100', '0', '1', '2024-09-24 05:47:31');
UPDATE `bv_updation` SET `rank_id` = 1
WHERE `user_id` = '31YXNP';
UPDATE `user_registration` SET `rank_id` = 1
WHERE `user_id` = '31YXNP';
UPDATE `bv_updation` SET left_carry = 0, right_carry = 0
WHERE `user_id` = '31YXNP';
INSERT INTO `monthly_cleared_data` (`user_id`, `left_carry`, `right_carry`, `rank_id`, `date`) VALUES ('TBN4MZ', '550', '0', '1', '2024-09-24 05:47:31');
UPDATE `bv_updation` SET `rank_id` = 1
WHERE `user_id` = 'TBN4MZ';
UPDATE `user_registration` SET `rank_id` = 1
WHERE `user_id` = 'TBN4MZ';
UPDATE `bv_updation` SET left_carry = 0, right_carry = 0
WHERE `user_id` = 'TBN4MZ';
INSERT INTO `monthly_cleared_data` (`user_id`, `left_carry`, `right_carry`, `rank_id`, `date`) VALUES ('K3O8AV', '0', '50', '1', '2024-09-24 05:47:31');
UPDATE `bv_updation` SET `rank_id` = 1
WHERE `user_id` = 'K3O8AV';
UPDATE `user_registration` SET `rank_id` = 1
WHERE `user_id` = 'K3O8AV';
UPDATE `bv_updation` SET left_carry = 0, right_carry = 0
WHERE `user_id` = 'K3O8AV';
INSERT INTO `monthly_cleared_data` (`user_id`, `left_carry`, `right_carry`, `rank_id`, `date`) VALUES ('WS1SZZ', '500', '0', '1', '2024-09-24 05:47:31');
UPDATE `bv_updation` SET `rank_id` = 1
WHERE `user_id` = 'WS1SZZ';
UPDATE `user_registration` SET `rank_id` = 1
WHERE `user_id` = 'WS1SZZ';
UPDATE `bv_updation` SET left_carry = 0, right_carry = 0
WHERE `user_id` = 'WS1SZZ';
INSERT INTO `monthly_cleared_data` (`user_id`, `left_carry`, `right_carry`, `rank_id`, `date`) VALUES ('LG3SEH', '0', '120', '1', '2024-09-24 05:47:31');
UPDATE `bv_updation` SET `rank_id` = 1
WHERE `user_id` = 'LG3SEH';
UPDATE `user_registration` SET `rank_id` = 1
WHERE `user_id` = 'LG3SEH';
UPDATE `bv_updation` SET left_carry = 0, right_carry = 0
WHERE `user_id` = 'LG3SEH';
INSERT INTO `monthly_cleared_data` (`user_id`, `left_carry`, `right_carry`, `rank_id`, `date`) VALUES ('N8OYBV', '50', '0', '1', '2024-09-24 05:47:31');
UPDATE `bv_updation` SET `rank_id` = 1
WHERE `user_id` = 'N8OYBV';
UPDATE `user_registration` SET `rank_id` = 1
WHERE `user_id` = 'N8OYBV';
UPDATE `bv_updation` SET left_carry = 0, right_carry = 0
WHERE `user_id` = 'N8OYBV';
INSERT INTO `monthly_cleared_data` (`user_id`, `left_carry`, `right_carry`, `rank_id`, `date`) VALUES ('58KUGZ', '0', '70', '1', '2024-09-24 05:47:31');
UPDATE `bv_updation` SET `rank_id` = 1
WHERE `user_id` = '58KUGZ';
UPDATE `user_registration` SET `rank_id` = 1
WHERE `user_id` = '58KUGZ';
UPDATE `bv_updation` SET left_carry = 0, right_carry = 0
WHERE `user_id` = '58KUGZ';
INSERT INTO `monthly_cleared_data` (`user_id`, `left_carry`, `right_carry`, `rank_id`, `date`) VALUES ('9BPK3Q', '0', '0', '1', '2024-09-24 05:47:31');
UPDATE `bv_updation` SET `rank_id` = 1
WHERE `user_id` = '9BPK3Q';
UPDATE `user_registration` SET `rank_id` = 1
WHERE `user_id` = '9BPK3Q';
UPDATE `bv_updation` SET left_carry = 0, right_carry = 0
WHERE `user_id` = '9BPK3Q';
INSERT INTO `monthly_cleared_data` (`user_id`, `left_carry`, `right_carry`, `rank_id`, `date`) VALUES ('Z854EW', '0', '20', '1', '2024-09-24 05:47:31');
UPDATE `bv_updation` SET `rank_id` = 1
WHERE `user_id` = 'Z854EW';
UPDATE `user_registration` SET `rank_id` = 1
WHERE `user_id` = 'Z854EW';
UPDATE `bv_updation` SET left_carry = 0, right_carry = 0
WHERE `user_id` = 'Z854EW';
INSERT INTO `monthly_cleared_data` (`user_id`, `left_carry`, `right_carry`, `rank_id`, `date`) VALUES ('POOIG4', '0', '0', '1', '2024-09-24 05:47:31');
UPDATE `bv_updation` SET `rank_id` = 1
WHERE `user_id` = 'POOIG4';
UPDATE `user_registration` SET `rank_id` = 1
WHERE `user_id` = 'POOIG4';
UPDATE `bv_updation` SET left_carry = 0, right_carry = 0
WHERE `user_id` = 'POOIG4';
INSERT INTO `monthly_cleared_data` (`user_id`, `left_carry`, `right_carry`, `rank_id`, `date`) VALUES ('WVV4WA', '0', '0', '1', '2024-09-24 05:47:31');
UPDATE `bv_updation` SET `rank_id` = 1
WHERE `user_id` = 'WVV4WA';
UPDATE `user_registration` SET `rank_id` = 1
WHERE `user_id` = 'WVV4WA';
UPDATE `bv_updation` SET left_carry = 0, right_carry = 0
WHERE `user_id` = 'WVV4WA';
INSERT INTO `monthly_cleared_data` (`user_id`, `left_carry`, `right_carry`, `rank_id`, `date`) VALUES ('KQVX3I', '300', '0', '1', '2024-09-24 05:47:31');
UPDATE `bv_updation` SET `rank_id` = 1
WHERE `user_id` = 'KQVX3I';
UPDATE `user_registration` SET `rank_id` = 1
WHERE `user_id` = 'KQVX3I';
UPDATE `bv_updation` SET left_carry = 0, right_carry = 0
WHERE `user_id` = 'KQVX3I';
INSERT INTO `monthly_cleared_data` (`user_id`, `left_carry`, `right_carry`, `rank_id`, `date`) VALUES ('T2Z8Y5', '230', '0', '1', '2024-09-24 05:47:31');
UPDATE `bv_updation` SET `rank_id` = 1
WHERE `user_id` = 'T2Z8Y5';
UPDATE `user_registration` SET `rank_id` = 1
WHERE `user_id` = 'T2Z8Y5';
UPDATE `bv_updation` SET left_carry = 0, right_carry = 0
WHERE `user_id` = 'T2Z8Y5';
INSERT INTO `monthly_cleared_data` (`user_id`, `left_carry`, `right_carry`, `rank_id`, `date`) VALUES ('WVQ2IQ', '0', '0', '1', '2024-09-24 05:47:31');
UPDATE `bv_updation` SET `rank_id` = 1
WHERE `user_id` = 'WVQ2IQ';
UPDATE `user_registration` SET `rank_id` = 1
WHERE `user_id` = 'WVQ2IQ';
UPDATE `bv_updation` SET left_carry = 0, right_carry = 0
WHERE `user_id` = 'WVQ2IQ';
INSERT INTO `monthly_cleared_data` (`user_id`, `left_carry`, `right_carry`, `rank_id`, `date`) VALUES ('B1ON9L', '70', '140', '1', '2024-09-24 05:47:31');
UPDATE `bv_updation` SET `rank_id` = 1
WHERE `user_id` = 'B1ON9L';
UPDATE `user_registration` SET `rank_id` = 1
WHERE `user_id` = 'B1ON9L';
UPDATE `bv_updation` SET left_carry = 0, right_carry = 0
WHERE `user_id` = 'B1ON9L';
INSERT INTO `monthly_cleared_data` (`user_id`, `left_carry`, `right_carry`, `rank_id`, `date`) VALUES ('Q7U5ND', '0', '0', '1', '2024-09-24 05:47:31');
UPDATE `bv_updation` SET `rank_id` = 1
WHERE `user_id` = 'Q7U5ND';
UPDATE `user_registration` SET `rank_id` = 1
WHERE `user_id` = 'Q7U5ND';
UPDATE `bv_updation` SET left_carry = 0, right_carry = 0
WHERE `user_id` = 'Q7U5ND';
INSERT INTO `monthly_cleared_data` (`user_id`, `left_carry`, `right_carry`, `rank_id`, `date`) VALUES ('V5C8DZ', '0', '70', '1', '2024-09-24 05:47:31');
UPDATE `bv_updation` SET `rank_id` = 1
WHERE `user_id` = 'V5C8DZ';
UPDATE `user_registration` SET `rank_id` = 1
WHERE `user_id` = 'V5C8DZ';
UPDATE `bv_updation` SET left_carry = 0, right_carry = 0
WHERE `user_id` = 'V5C8DZ';
INSERT INTO `monthly_cleared_data` (`user_id`, `left_carry`, `right_carry`, `rank_id`, `date`) VALUES ('4XJPNJ', '0', '0', '1', '2024-09-24 05:47:31');
UPDATE `bv_updation` SET `rank_id` = 1
WHERE `user_id` = '4XJPNJ';
UPDATE `user_registration` SET `rank_id` = 1
WHERE `user_id` = '4XJPNJ';
UPDATE `bv_updation` SET left_carry = 0, right_carry = 0
WHERE `user_id` = '4XJPNJ';
INSERT INTO `monthly_cleared_data` (`user_id`, `left_carry`, `right_carry`, `rank_id`, `date`) VALUES ('61ME4O', '450', '0', '1', '2024-09-24 05:47:31');
UPDATE `bv_updation` SET `rank_id` = 1
WHERE `user_id` = '61ME4O';
UPDATE `user_registration` SET `rank_id` = 1
WHERE `user_id` = '61ME4O';
UPDATE `bv_updation` SET left_carry = 0, right_carry = 0
WHERE `user_id` = '61ME4O';
INSERT INTO `monthly_cleared_data` (`user_id`, `left_carry`, `right_carry`, `rank_id`, `date`) VALUES ('AA8V6V', '400', '0', '1', '2024-09-24 05:47:31');
UPDATE `bv_updation` SET `rank_id` = 1
WHERE `user_id` = 'AA8V6V';
UPDATE `user_registration` SET `rank_id` = 1
WHERE `user_id` = 'AA8V6V';
UPDATE `bv_updation` SET left_carry = 0, right_carry = 0
WHERE `user_id` = 'AA8V6V';
INSERT INTO `monthly_cleared_data` (`user_id`, `left_carry`, `right_carry`, `rank_id`, `date`) VALUES ('ORRJ3M', '350', '0', '1', '2024-09-24 05:47:31');
UPDATE `bv_updation` SET `rank_id` = 1
WHERE `user_id` = 'ORRJ3M';
UPDATE `user_registration` SET `rank_id` = 1
WHERE `user_id` = 'ORRJ3M';
UPDATE `bv_updation` SET left_carry = 0, right_carry = 0
WHERE `user_id` = 'ORRJ3M';
INSERT INTO `monthly_cleared_data` (`user_id`, `left_carry`, `right_carry`, `rank_id`, `date`) VALUES ('WGJ5KE', '300', '0', '1', '2024-09-24 05:47:31');
UPDATE `bv_updation` SET `rank_id` = 1
WHERE `user_id` = 'WGJ5KE';
UPDATE `user_registration` SET `rank_id` = 1
WHERE `user_id` = 'WGJ5KE';
UPDATE `bv_updation` SET left_carry = 0, right_carry = 0
WHERE `user_id` = 'WGJ5KE';
INSERT INTO `monthly_cleared_data` (`user_id`, `left_carry`, `right_carry`, `rank_id`, `date`) VALUES ('DLYMIF', '250', '0', '1', '2024-09-24 05:47:31');
UPDATE `bv_updation` SET `rank_id` = 1
WHERE `user_id` = 'DLYMIF';
UPDATE `user_registration` SET `rank_id` = 1
WHERE `user_id` = 'DLYMIF';
UPDATE `bv_updation` SET left_carry = 0, right_carry = 0
WHERE `user_id` = 'DLYMIF';
INSERT INTO `monthly_cleared_data` (`user_id`, `left_carry`, `right_carry`, `rank_id`, `date`) VALUES ('GTMCCK', '200', '0', '1', '2024-09-24 05:47:31');
UPDATE `bv_updation` SET `rank_id` = 1
WHERE `user_id` = 'GTMCCK';
UPDATE `user_registration` SET `rank_id` = 1
WHERE `user_id` = 'GTMCCK';
UPDATE `bv_updation` SET left_carry = 0, right_carry = 0
WHERE `user_id` = 'GTMCCK';
INSERT INTO `monthly_cleared_data` (`user_id`, `left_carry`, `right_carry`, `rank_id`, `date`) VALUES ('T3MRY1', '150', '0', '1', '2024-09-24 05:47:31');
UPDATE `bv_updation` SET `rank_id` = 1
WHERE `user_id` = 'T3MRY1';
UPDATE `user_registration` SET `rank_id` = 1
WHERE `user_id` = 'T3MRY1';
UPDATE `bv_updation` SET left_carry = 0, right_carry = 0
WHERE `user_id` = 'T3MRY1';
INSERT INTO `monthly_cleared_data` (`user_id`, `left_carry`, `right_carry`, `rank_id`, `date`) VALUES ('3PR393', '100', '0', '1', '2024-09-24 05:47:31');
UPDATE `bv_updation` SET `rank_id` = 1
WHERE `user_id` = '3PR393';
UPDATE `user_registration` SET `rank_id` = 1
WHERE `user_id` = '3PR393';
UPDATE `bv_updation` SET left_carry = 0, right_carry = 0
WHERE `user_id` = '3PR393';
INSERT INTO `monthly_cleared_data` (`user_id`, `left_carry`, `right_carry`, `rank_id`, `date`) VALUES ('HTFY93', '50', '0', '1', '2024-09-24 05:47:31');
UPDATE `bv_updation` SET `rank_id` = 1
WHERE `user_id` = 'HTFY93';
UPDATE `user_registration` SET `rank_id` = 1
WHERE `user_id` = 'HTFY93';
UPDATE `bv_updation` SET left_carry = 0, right_carry = 0
WHERE `user_id` = 'HTFY93';
INSERT INTO `monthly_cleared_data` (`user_id`, `left_carry`, `right_carry`, `rank_id`, `date`) VALUES ('XYG89U', '0', '0', '1', '2024-09-24 05:47:31');
UPDATE `bv_updation` SET `rank_id` = 1
WHERE `user_id` = 'XYG89U';
UPDATE `user_registration` SET `rank_id` = 1
WHERE `user_id` = 'XYG89U';
UPDATE `bv_updation` SET left_carry = 0, right_carry = 0
WHERE `user_id` = 'XYG89U';
INSERT INTO `monthly_cleared_data` (`user_id`, `left_carry`, `right_carry`, `rank_id`, `date`) VALUES ('44MN7P', '350', '0', '1', '2024-09-24 05:47:31');
UPDATE `bv_updation` SET `rank_id` = 1
WHERE `user_id` = '44MN7P';
UPDATE `user_registration` SET `rank_id` = 1
WHERE `user_id` = '44MN7P';
UPDATE `bv_updation` SET left_carry = 0, right_carry = 0
WHERE `user_id` = '44MN7P';
INSERT INTO `monthly_cleared_data` (`user_id`, `left_carry`, `right_carry`, `rank_id`, `date`) VALUES ('2B5JBR', '300', '0', '1', '2024-09-24 05:47:31');
UPDATE `bv_updation` SET `rank_id` = 1
WHERE `user_id` = '2B5JBR';
UPDATE `user_registration` SET `rank_id` = 1
WHERE `user_id` = '2B5JBR';
UPDATE `bv_updation` SET left_carry = 0, right_carry = 0
WHERE `user_id` = '2B5JBR';
INSERT INTO `monthly_cleared_data` (`user_id`, `left_carry`, `right_carry`, `rank_id`, `date`) VALUES ('A34XXV', '250', '0', '1', '2024-09-24 05:47:31');
UPDATE `bv_updation` SET `rank_id` = 1
WHERE `user_id` = 'A34XXV';
UPDATE `user_registration` SET `rank_id` = 1
WHERE `user_id` = 'A34XXV';
UPDATE `bv_updation` SET left_carry = 0, right_carry = 0
WHERE `user_id` = 'A34XXV';
INSERT INTO `monthly_cleared_data` (`user_id`, `left_carry`, `right_carry`, `rank_id`, `date`) VALUES ('9CWBGR', '200', '0', '1', '2024-09-24 05:47:31');
UPDATE `bv_updation` SET `rank_id` = 1
WHERE `user_id` = '9CWBGR';
UPDATE `user_registration` SET `rank_id` = 1
WHERE `user_id` = '9CWBGR';
UPDATE `bv_updation` SET left_carry = 0, right_carry = 0
WHERE `user_id` = '9CWBGR';
INSERT INTO `monthly_cleared_data` (`user_id`, `left_carry`, `right_carry`, `rank_id`, `date`) VALUES ('UUUQWN', '150', '0', '1', '2024-09-24 05:47:31');
UPDATE `bv_updation` SET `rank_id` = 1
WHERE `user_id` = 'UUUQWN';
UPDATE `user_registration` SET `rank_id` = 1
WHERE `user_id` = 'UUUQWN';
UPDATE `bv_updation` SET left_carry = 0, right_carry = 0
WHERE `user_id` = 'UUUQWN';
INSERT INTO `monthly_cleared_data` (`user_id`, `left_carry`, `right_carry`, `rank_id`, `date`) VALUES ('8K4561', '100', '0', '1', '2024-09-24 05:47:31');
UPDATE `bv_updation` SET `rank_id` = 1
WHERE `user_id` = '8K4561';
UPDATE `user_registration` SET `rank_id` = 1
WHERE `user_id` = '8K4561';
UPDATE `bv_updation` SET left_carry = 0, right_carry = 0
WHERE `user_id` = '8K4561';
INSERT INTO `monthly_cleared_data` (`user_id`, `left_carry`, `right_carry`, `rank_id`, `date`) VALUES ('USI44X', '50', '0', '1', '2024-09-24 05:47:31');
UPDATE `bv_updation` SET `rank_id` = 1
WHERE `user_id` = 'USI44X';
UPDATE `user_registration` SET `rank_id` = 1
WHERE `user_id` = 'USI44X';
UPDATE `bv_updation` SET left_carry = 0, right_carry = 0
WHERE `user_id` = 'USI44X';
INSERT INTO `monthly_cleared_data` (`user_id`, `left_carry`, `right_carry`, `rank_id`, `date`) VALUES ('QX84DP', '0', '0', '1', '2024-09-24 05:47:31');
UPDATE `bv_updation` SET `rank_id` = 1
WHERE `user_id` = 'QX84DP';
UPDATE `user_registration` SET `rank_id` = 1
WHERE `user_id` = 'QX84DP';
UPDATE `bv_updation` SET left_carry = 0, right_carry = 0
WHERE `user_id` = 'QX84DP';
INSERT INTO `monthly_cleared_data` (`user_id`, `left_carry`, `right_carry`, `rank_id`, `date`) VALUES ('G4UA5A', '0', '0', '1', '2024-09-24 05:47:31');
UPDATE `bv_updation` SET `rank_id` = 1
WHERE `user_id` = 'G4UA5A';
UPDATE `user_registration` SET `rank_id` = 1
WHERE `user_id` = 'G4UA5A';
UPDATE `bv_updation` SET left_carry = 0, right_carry = 0
WHERE `user_id` = 'G4UA5A';
INSERT INTO `monthly_cleared_data` (`user_id`, `left_carry`, `right_carry`, `rank_id`, `date`) VALUES ('RXYEG4', '0', '0', '1', '2024-09-24 05:47:31');
UPDATE `bv_updation` SET `rank_id` = 1
WHERE `user_id` = 'RXYEG4';
UPDATE `user_registration` SET `rank_id` = 1
WHERE `user_id` = 'RXYEG4';
UPDATE `bv_updation` SET left_carry = 0, right_carry = 0
WHERE `user_id` = 'RXYEG4';
INSERT INTO `monthly_cleared_data` (`user_id`, `left_carry`, `right_carry`, `rank_id`, `date`) VALUES ('XDTGUY', '0', '0', '1', '2024-09-24 05:47:31');
UPDATE `bv_updation` SET `rank_id` = 1
WHERE `user_id` = 'XDTGUY';
UPDATE `user_registration` SET `rank_id` = 1
WHERE `user_id` = 'XDTGUY';
UPDATE `bv_updation` SET left_carry = 0, right_carry = 0
WHERE `user_id` = 'XDTGUY';
UPDATE `cron_job_history` SET `status` = 'done', `date_end` = '2024-09-24 05:47:31'
WHERE `id` = 3;
INSERT INTO `login_history` (`user_id`, `device`, `ip_address`, `date`) VALUES ('ZJZA3M', 'Mozilla/5.0 (Windows NT 10.0; Win64; x64) AppleWebKit/537.36 (KHTML, like Gecko) Chrome/128.0.0.0 Safari/537.36', '172.70.83.106', '24-09-24 10:14');
UPDATE `user_registration` SET `popup_seen` = 'yes'
WHERE `user_id` = 'ZJZA3M';
UPDATE `user_registration` SET `popup_seen` = 'no'
WHERE `user_id` = 'ZJZA3M';
DELETE FROM `ci_sessions`
WHERE `id` = 'b8133b86894aadcaff5c656d4a7bece0df6bb3b7';
INSERT INTO `login_history` (`user_id`, `device`, `ip_address`, `date`) VALUES ('9TA5UC', 'Mozilla/5.0 (Windows NT 10.0; Win64; x64) AppleWebKit/537.36 (KHTML, like Gecko) Chrome/128.0.0.0 Safari/537.36', '172.70.82.140', '24-09-24 10:16');
UPDATE `user_registration` SET `popup_seen` = 'yes'
WHERE `user_id` = '9TA5UC';
UPDATE `ci_sessions` SET `timestamp` = 1727191745, `data` = '__ci_last_regenerate|i:1727191745;id|s:4:\"2181\";user_id|s:6:\"9TA5UC\";username|s:8:\"michael4\";sponsor_id|s:6:\"4OT7RX\";fullname|s:14:\"Michaelg Bozag\";email|s:18:\"michael4@gmail.com\";phone|s:10:\"7862876762\";isLogIn|b:1;'
WHERE `id` = 'e08f2f7ae5c8b898edd35de55666ae760a3c7999';
UPDATE `user_registration` SET `uid` = '2317', `user_id` = 'PX3F1F', `username` = 'violeta4', `sponsor_id` = '9TA5UC', `vacant` = 'no', `f_name` = 'Violetag', `l_name` = 'Aspurriag', `address` = '8100 sw 14 terr', `position` = 'right', `email` = 'violeta4@gmail.com', `password` = '4c067de24e0ab1b7740f951076d8f814', `phone` = '7862876762', `country` = 'United States', `state` = 'Florida', `city` = 'Miami', `street` = '8100 sw 14 terr', `zip_code` = '33144', `reg_ip` = '172.70.83.3', `status` = 1, `package_id` = '2', `rank_id` = 1, `highest_rank` = 1, `created` = '2024-09-24 10:29:05', `subscription_date` = '2024-10-24', `google_secret` = 'LL3XJXIJDZEGRRPG'
WHERE `uid` = '2317';
INSERT INTO `user_registration` (`uid`, `user_id`, `username`, `sponsor_id`, `placement_id`, `vacant`, `f_name`, `l_name`, `address`, `position`, `email`, `password`, `phone`, `reg_ip`, `status`, `created`) VALUES (NULL, 'LQWKGW', 'VtuveHhv', 'PX3F1F', 'PX3F1F', 'yes', '', '', '', 'left', '@mail.com', '', '', '', 0, '2024-09-24 10:29:05');
INSERT INTO `user_registration` (`uid`, `user_id`, `username`, `sponsor_id`, `placement_id`, `vacant`, `f_name`, `l_name`, `address`, `position`, `email`, `password`, `phone`, `reg_ip`, `status`, `created`) VALUES (NULL, 'ALAUCX', 'YdGSOfXv', 'PX3F1F', 'PX3F1F', 'yes', '', '', '', 'right', '@mail.com', '', '', '', 0, '2024-09-24 10:29:05');
INSERT INTO `bv_updation` (`user_id`) VALUES ('PX3F1F');
UPDATE `user_registration` SET total_ref_count = total_ref_count+1
WHERE `user_id` = '9TA5UC';
UPDATE `user_registration` SET total_downlines = total_downlines+1
WHERE `user_id` = 'XDTGUY';
UPDATE `user_registration` SET right_downlines = right_downlines+1
WHERE `user_id` = 'XDTGUY';
UPDATE `user_registration` SET total_downlines = total_downlines+1
WHERE `user_id` = '9TA5UC';
UPDATE `user_registration` SET right_downlines = right_downlines+1
WHERE `user_id` = '9TA5UC';
UPDATE `user_registration` SET right_ref_count = right_ref_count+1
WHERE `user_id` = '9TA5UC';
UPDATE `user_registration` SET active_right = active_right+1
WHERE `user_id` = '9TA5UC';
UPDATE `user_registration` SET `binary_qualified` = 'yes'
WHERE `user_id` = '9TA5UC';
UPDATE `user_registration` SET total_downlines = total_downlines+1
WHERE `user_id` = '4OT7RX';
UPDATE `user_registration` SET right_downlines = right_downlines+1
WHERE `user_id` = '4OT7RX';
UPDATE `user_registration` SET total_downlines = total_downlines+1
WHERE `user_id` = 'ZJZA3M';
UPDATE `user_registration` SET left_downlines = left_downlines+1
WHERE `user_id` = 'ZJZA3M';
UPDATE `user_registration` SET total_downlines = total_downlines+1
WHERE `user_id` = 'XN6ETC';
UPDATE `user_registration` SET left_downlines = left_downlines+1
WHERE `user_id` = 'XN6ETC';
UPDATE `user_registration` SET total_downlines = total_downlines+1
WHERE `user_id` = 'KVQN1O';
UPDATE `user_registration` SET left_downlines = left_downlines+1
WHERE `user_id` = 'KVQN1O';
UPDATE `user_registration` SET total_downlines = total_downlines+1
WHERE `user_id` = 'X3V7DJ';
UPDATE `user_registration` SET left_downlines = left_downlines+1
WHERE `user_id` = 'X3V7DJ';
UPDATE `user_registration` SET total_downlines = total_downlines+1
WHERE `user_id` = 'DJ77NH';
UPDATE `user_registration` SET left_downlines = left_downlines+1
WHERE `user_id` = 'DJ77NH';
UPDATE `user_registration` SET total_downlines = total_downlines+1
WHERE `user_id` = 'PX7XCL';
UPDATE `user_registration` SET left_downlines = left_downlines+1
WHERE `user_id` = 'PX7XCL';
UPDATE `user_registration` SET total_downlines = total_downlines+1
WHERE `user_id` = 'L8PM4Z';
UPDATE `user_registration` SET left_downlines = left_downlines+1
WHERE `user_id` = 'L8PM4Z';
UPDATE `user_registration` SET total_downlines = total_downlines+1
WHERE `user_id` = 'GBSIER';
UPDATE `user_registration` SET left_downlines = left_downlines+1
WHERE `user_id` = 'GBSIER';
UPDATE `user_registration` SET total_downlines = total_downlines+1
WHERE `user_id` = 'AV48YQ';
UPDATE `user_registration` SET left_downlines = left_downlines+1
WHERE `user_id` = 'AV48YQ';
UPDATE `user_registration` SET total_downlines = total_downlines+1
WHERE `user_id` = 'admin';
UPDATE `user_registration` SET left_downlines = left_downlines+1
WHERE `user_id` = 'admin';
INSERT INTO `investment` (`invest_date`, `user_id`, `type`, `amount`, `package_id`) VALUES ('2024-09-24 10:29:05', 'PX3F1F', 'register', '595', '2');
INSERT INTO `earnings` (`user_id`, `Purchaser_id`, `earning_type`, `package_id`, `amount`, `date`, `comments`, `invest_amount`, `comm_perc`, `level`, `rank_id`, `order_id`) VALUES ('9TA5UC', 'PX3F1F', 'Direct Referral Bonus', '2', '100', '2024-09-24 10:29:05', 'Direct Referral Bonus', 0, 0, 1, '', 2);
UPDATE `user_registration` SET commission_balance = ROUND(commission_balance + 100,2)
WHERE `user_id` = '9TA5UC';
UPDATE `bv_updation` SET right_carry = right_carry+50, total_right = total_right+50
WHERE `user_id` = 'XDTGUY';
INSERT INTO `placement_bv_update_history` (`right_carry`, `date`, `from_id`, `user_id`) VALUES ('50', '2024-09-24 10:29:05', 'PX3F1F', 'XDTGUY');
UPDATE `bv_updation` SET right_carry = right_carry+50, total_right = total_right+50
WHERE `user_id` = '9TA5UC';
INSERT INTO `placement_bv_update_history` (`right_carry`, `date`, `from_id`, `user_id`) VALUES ('50', '2024-09-24 10:29:05', 'PX3F1F', '9TA5UC');
UPDATE `bv_updation` SET sponsor_right_carry = sponsor_right_carry+50, sponsor_total_right = sponsor_total_right+50
WHERE `user_id` = '9TA5UC';
INSERT INTO `sponsor_bv_update_history` (`right_carry`, `date`, `user_id`) VALUES ('50', '2024-09-24 10:29:05', '9TA5UC');
UPDATE `bv_updation` SET right_carry = right_carry+50, total_right = total_right+50
WHERE `user_id` = '4OT7RX';
INSERT INTO `placement_bv_update_history` (`right_carry`, `date`, `from_id`, `user_id`) VALUES ('50', '2024-09-24 10:29:05', 'PX3F1F', '4OT7RX');
UPDATE `bv_updation` SET left_carry = left_carry+50, total_left = total_left+50
WHERE `user_id` = 'ZJZA3M';
INSERT INTO `placement_bv_update_history` (`left_carry`, `date`, `from_id`, `user_id`) VALUES ('50', '2024-09-24 10:29:05', 'PX3F1F', 'ZJZA3M');
UPDATE `bv_updation` SET left_carry = left_carry+50, total_left = total_left+50
WHERE `user_id` = 'XN6ETC';
INSERT INTO `placement_bv_update_history` (`left_carry`, `date`, `from_id`, `user_id`) VALUES ('50', '2024-09-24 10:29:05', 'PX3F1F', 'XN6ETC');
UPDATE `bv_updation` SET left_carry = left_carry+50, total_left = total_left+50
WHERE `user_id` = 'KVQN1O';
INSERT INTO `placement_bv_update_history` (`left_carry`, `date`, `from_id`, `user_id`) VALUES ('50', '2024-09-24 10:29:05', 'PX3F1F', 'KVQN1O');
UPDATE `bv_updation` SET left_carry = left_carry+50, total_left = total_left+50
WHERE `user_id` = 'X3V7DJ';
INSERT INTO `placement_bv_update_history` (`left_carry`, `date`, `from_id`, `user_id`) VALUES ('50', '2024-09-24 10:29:05', 'PX3F1F', 'X3V7DJ');
UPDATE `bv_updation` SET left_carry = left_carry+50, total_left = total_left+50
WHERE `user_id` = 'DJ77NH';
INSERT INTO `placement_bv_update_history` (`left_carry`, `date`, `from_id`, `user_id`) VALUES ('50', '2024-09-24 10:29:05', 'PX3F1F', 'DJ77NH');
UPDATE `bv_updation` SET left_carry = left_carry+50, total_left = total_left+50
WHERE `user_id` = 'PX7XCL';
INSERT INTO `placement_bv_update_history` (`left_carry`, `date`, `from_id`, `user_id`) VALUES ('50', '2024-09-24 10:29:05', 'PX3F1F', 'PX7XCL');
UPDATE `bv_updation` SET left_carry = left_carry+50, total_left = total_left+50
WHERE `user_id` = 'L8PM4Z';
INSERT INTO `placement_bv_update_history` (`left_carry`, `date`, `from_id`, `user_id`) VALUES ('50', '2024-09-24 10:29:05', 'PX3F1F', 'L8PM4Z');
UPDATE `bv_updation` SET left_carry = left_carry+50, total_left = total_left+50
WHERE `user_id` = 'GBSIER';
INSERT INTO `placement_bv_update_history` (`left_carry`, `date`, `from_id`, `user_id`) VALUES ('50', '2024-09-24 10:29:05', 'PX3F1F', 'GBSIER');
UPDATE `bv_updation` SET left_carry = left_carry+50, total_left = total_left+50
WHERE `user_id` = 'AV48YQ';
INSERT INTO `placement_bv_update_history` (`left_carry`, `date`, `from_id`, `user_id`) VALUES ('50', '2024-09-24 10:29:05', 'PX3F1F', 'AV48YQ');
UPDATE `bv_updation` SET left_carry = left_carry+50, total_left = total_left+50
WHERE `user_id` = 'admin';
INSERT INTO `placement_bv_update_history` (`left_carry`, `date`, `from_id`, `user_id`) VALUES ('50', '2024-09-24 10:29:05', 'PX3F1F', 'admin');
INSERT INTO `package_purchase_history` (`user_id`, `package_id`, `reg_fee`, `package_name`, `monthly_fee`, `type`, `date`, `payment_option`) VALUES ('PX3F1F', '2', '595', 'Traveler Pro', '150', 'sign_up', '2024-09-24 10:29:05', 'free');
UPDATE `user_registration` SET `popup_seen` = 'yes'
WHERE `user_id` = '9TA5UC';
UPDATE `user_registration` SET `popup_seen` = 'yes'
WHERE `user_id` = '9TA5UC';
UPDATE `user_registration` SET `popup_seen` = 'no'
WHERE `user_id` = '9TA5UC';
DELETE FROM `ci_sessions`
WHERE `id` = '4312265e7ac8f0166becb0bd30bef16320ea992c';
INSERT INTO `login_history` (`user_id`, `device`, `ip_address`, `date`) VALUES ('ZJZA3M', 'Mozilla/5.0 (Windows NT 10.0; Win64; x64) AppleWebKit/537.36 (KHTML, like Gecko) Chrome/128.0.0.0 Safari/537.36', '172.70.82.91', '24-09-24 10:30');
UPDATE `user_registration` SET `popup_seen` = 'yes'
WHERE `user_id` = 'ZJZA3M';
UPDATE `user_registration` SET `popup_seen` = 'yes'
WHERE `user_id` = 'ZJZA3M';
UPDATE `ci_sessions` SET `timestamp` = 1727194158, `data` = '__ci_last_regenerate|i:1727194158;id|s:4:\"2158\";user_id|s:6:\"ZJZA3M\";username|s:7:\"emilio4\";sponsor_id|s:5:\"admin\";fullname|s:16:\"Emiliog Tapanesg\";email|s:17:\"emilio4@gmail.com\";phone|s:10:\"7862876762\";isLogIn|b:1;'
WHERE `id` = 'b86eaf2c6f2587d0db725edf7c6d1c57c3f99f97';
UPDATE `user_registration` SET `uid` = '2314', `user_id` = 'RPHDET', `username` = 'emilio5', `sponsor_id` = 'ZJZA3M', `vacant` = 'no', `f_name` = 'Emiliop', `l_name` = 'tapanesp', `address` = '8100 sw 14 terr', `position` = 'left', `email` = 'emilio5@gmail.com', `password` = 'ef92ff79ddc488689c4ad11a0cf8f361', `phone` = '7862876762', `country` = 'United States', `state` = 'Florida', `city` = 'Miami', `street` = '8100 sw 14 terr', `zip_code` = '33144', `reg_ip` = '108.162.212.49', `status` = 1, `package_id` = '2', `rank_id` = 1, `highest_rank` = 1, `created` = '2024-09-24 11:11:50', `subscription_date` = '2024-10-24', `google_secret` = 'LCUAT7TP6ZJDEXOU'
WHERE `uid` = '2314';
INSERT INTO `user_registration` (`uid`, `user_id`, `username`, `sponsor_id`, `placement_id`, `vacant`, `f_name`, `l_name`, `address`, `position`, `email`, `password`, `phone`, `reg_ip`, `status`, `created`) VALUES (NULL, 'JBDJGC', 'MGasISuN', 'RPHDET', 'RPHDET', 'yes', '', '', '', 'left', '@mail.com', '', '', '', 0, '2024-09-24 11:11:50');
INSERT INTO `user_registration` (`uid`, `user_id`, `username`, `sponsor_id`, `placement_id`, `vacant`, `f_name`, `l_name`, `address`, `position`, `email`, `password`, `phone`, `reg_ip`, `status`, `created`) VALUES (NULL, 'HUNMWG', 'sVInGUVd', 'RPHDET', 'RPHDET', 'yes', '', '', '', 'right', '@mail.com', '', '', '', 0, '2024-09-24 11:11:50');
INSERT INTO `bv_updation` (`user_id`) VALUES ('RPHDET');
UPDATE `user_registration` SET total_ref_count = total_ref_count+1
WHERE `user_id` = 'ZJZA3M';
UPDATE `user_registration` SET total_downlines = total_downlines+1
WHERE `user_id` = 'XYG89U';
UPDATE `user_registration` SET left_downlines = left_downlines+1
WHERE `user_id` = 'XYG89U';
UPDATE `user_registration` SET total_downlines = total_downlines+1
WHERE `user_id` = 'HTFY93';
UPDATE `user_registration` SET left_downlines = left_downlines+1
WHERE `user_id` = 'HTFY93';
UPDATE `user_registration` SET total_downlines = total_downlines+1
WHERE `user_id` = '3PR393';
UPDATE `user_registration` SET left_downlines = left_downlines+1
WHERE `user_id` = '3PR393';
UPDATE `user_registration` SET total_downlines = total_downlines+1
WHERE `user_id` = 'T3MRY1';
UPDATE `user_registration` SET left_downlines = left_downlines+1
WHERE `user_id` = 'T3MRY1';
UPDATE `user_registration` SET total_downlines = total_downlines+1
WHERE `user_id` = 'GTMCCK';
UPDATE `user_registration` SET left_downlines = left_downlines+1
WHERE `user_id` = 'GTMCCK';
UPDATE `user_registration` SET total_downlines = total_downlines+1
WHERE `user_id` = 'DLYMIF';
UPDATE `user_registration` SET left_downlines = left_downlines+1
WHERE `user_id` = 'DLYMIF';
UPDATE `user_registration` SET total_downlines = total_downlines+1
WHERE `user_id` = 'WGJ5KE';
UPDATE `user_registration` SET left_downlines = left_downlines+1
WHERE `user_id` = 'WGJ5KE';
UPDATE `user_registration` SET total_downlines = total_downlines+1
WHERE `user_id` = 'ORRJ3M';
UPDATE `user_registration` SET left_downlines = left_downlines+1
WHERE `user_id` = 'ORRJ3M';
UPDATE `user_registration` SET total_downlines = total_downlines+1
WHERE `user_id` = 'AA8V6V';
UPDATE `user_registration` SET left_downlines = left_downlines+1
WHERE `user_id` = 'AA8V6V';
UPDATE `user_registration` SET total_downlines = total_downlines+1
WHERE `user_id` = '61ME4O';
UPDATE `user_registration` SET left_downlines = left_downlines+1
WHERE `user_id` = '61ME4O';
UPDATE `user_registration` SET total_downlines = total_downlines+1
WHERE `user_id` = 'WS1SZZ';
UPDATE `user_registration` SET left_downlines = left_downlines+1
WHERE `user_id` = 'WS1SZZ';
UPDATE `user_registration` SET total_downlines = total_downlines+1
WHERE `user_id` = 'TBN4MZ';
UPDATE `user_registration` SET left_downlines = left_downlines+1
WHERE `user_id` = 'TBN4MZ';
UPDATE `user_registration` SET total_downlines = total_downlines+1
WHERE `user_id` = 'OEMJ8R';
UPDATE `user_registration` SET left_downlines = left_downlines+1
WHERE `user_id` = 'OEMJ8R';
UPDATE `user_registration` SET total_downlines = total_downlines+1
WHERE `user_id` = 'FXAYIE';
UPDATE `user_registration` SET left_downlines = left_downlines+1
WHERE `user_id` = 'FXAYIE';
UPDATE `user_registration` SET total_downlines = total_downlines+1
WHERE `user_id` = 'ELXZWC';
UPDATE `user_registration` SET left_downlines = left_downlines+1
WHERE `user_id` = 'ELXZWC';
UPDATE `user_registration` SET total_downlines = total_downlines+1
WHERE `user_id` = 'C1TQVI';
UPDATE `user_registration` SET left_downlines = left_downlines+1
WHERE `user_id` = 'C1TQVI';
UPDATE `user_registration` SET total_downlines = total_downlines+1
WHERE `user_id` = 'F5GPDF';
UPDATE `user_registration` SET left_downlines = left_downlines+1
WHERE `user_id` = 'F5GPDF';
UPDATE `user_registration` SET total_downlines = total_downlines+1
WHERE `user_id` = '91PYDK';
UPDATE `user_registration` SET left_downlines = left_downlines+1
WHERE `user_id` = '91PYDK';
UPDATE `user_registration` SET total_downlines = total_downlines+1
WHERE `user_id` = '4OT7RX';
UPDATE `user_registration` SET left_downlines = left_downlines+1
WHERE `user_id` = '4OT7RX';
UPDATE `user_registration` SET total_downlines = total_downlines+1
WHERE `user_id` = 'ZJZA3M';
UPDATE `user_registration` SET left_downlines = left_downlines+1
WHERE `user_id` = 'ZJZA3M';
UPDATE `user_registration` SET left_ref_count = left_ref_count+1
WHERE `user_id` = 'ZJZA3M';
UPDATE `user_registration` SET active_left = active_left+1
WHERE `user_id` = 'ZJZA3M';
UPDATE `user_registration` SET `binary_qualified` = 'yes'
WHERE `user_id` = 'ZJZA3M';
UPDATE `user_registration` SET total_downlines = total_downlines+1
WHERE `user_id` = 'XN6ETC';
UPDATE `user_registration` SET left_downlines = left_downlines+1
WHERE `user_id` = 'XN6ETC';
UPDATE `user_registration` SET total_downlines = total_downlines+1
WHERE `user_id` = 'KVQN1O';
UPDATE `user_registration` SET left_downlines = left_downlines+1
WHERE `user_id` = 'KVQN1O';
UPDATE `user_registration` SET total_downlines = total_downlines+1
WHERE `user_id` = 'X3V7DJ';
UPDATE `user_registration` SET left_downlines = left_downlines+1
WHERE `user_id` = 'X3V7DJ';
UPDATE `user_registration` SET total_downlines = total_downlines+1
WHERE `user_id` = 'DJ77NH';
UPDATE `user_registration` SET left_downlines = left_downlines+1
WHERE `user_id` = 'DJ77NH';
UPDATE `user_registration` SET total_downlines = total_downlines+1
WHERE `user_id` = 'PX7XCL';
UPDATE `user_registration` SET left_downlines = left_downlines+1
WHERE `user_id` = 'PX7XCL';
UPDATE `user_registration` SET total_downlines = total_downlines+1
WHERE `user_id` = 'L8PM4Z';
UPDATE `user_registration` SET left_downlines = left_downlines+1
WHERE `user_id` = 'L8PM4Z';
UPDATE `user_registration` SET total_downlines = total_downlines+1
WHERE `user_id` = 'GBSIER';
UPDATE `user_registration` SET left_downlines = left_downlines+1
WHERE `user_id` = 'GBSIER';
UPDATE `user_registration` SET total_downlines = total_downlines+1
WHERE `user_id` = 'AV48YQ';
UPDATE `user_registration` SET left_downlines = left_downlines+1
WHERE `user_id` = 'AV48YQ';
UPDATE `user_registration` SET total_downlines = total_downlines+1
WHERE `user_id` = 'admin';
UPDATE `user_registration` SET left_downlines = left_downlines+1
WHERE `user_id` = 'admin';
INSERT INTO `investment` (`invest_date`, `user_id`, `type`, `amount`, `package_id`) VALUES ('2024-09-24 11:11:50', 'RPHDET', 'register', '595', '2');
INSERT INTO `earnings` (`user_id`, `Purchaser_id`, `earning_type`, `package_id`, `amount`, `date`, `comments`, `invest_amount`, `comm_perc`, `level`, `rank_id`, `order_id`) VALUES ('ZJZA3M', 'RPHDET', 'Direct Referral Bonus', '2', '100', '2024-09-24 11:11:50', 'Direct Referral Bonus', 0, 0, 1, '', 3);
UPDATE `user_registration` SET commission_balance = ROUND(commission_balance + 100,2)
WHERE `user_id` = 'ZJZA3M';
UPDATE `bv_updation` SET left_carry = left_carry+50, total_left = total_left+50
WHERE `user_id` = 'XYG89U';
INSERT INTO `placement_bv_update_history` (`left_carry`, `date`, `from_id`, `user_id`) VALUES ('50', '2024-09-24 11:11:50', 'RPHDET', 'XYG89U');
UPDATE `bv_updation` SET left_carry = left_carry+50, total_left = total_left+50
WHERE `user_id` = 'HTFY93';
INSERT INTO `placement_bv_update_history` (`left_carry`, `date`, `from_id`, `user_id`) VALUES ('50', '2024-09-24 11:11:50', 'RPHDET', 'HTFY93');
UPDATE `bv_updation` SET left_carry = left_carry+50, total_left = total_left+50
WHERE `user_id` = '3PR393';
INSERT INTO `placement_bv_update_history` (`left_carry`, `date`, `from_id`, `user_id`) VALUES ('50', '2024-09-24 11:11:50', 'RPHDET', '3PR393');
UPDATE `bv_updation` SET left_carry = left_carry+50, total_left = total_left+50
WHERE `user_id` = 'T3MRY1';
INSERT INTO `placement_bv_update_history` (`left_carry`, `date`, `from_id`, `user_id`) VALUES ('50', '2024-09-24 11:11:50', 'RPHDET', 'T3MRY1');
UPDATE `bv_updation` SET left_carry = left_carry+50, total_left = total_left+50
WHERE `user_id` = 'GTMCCK';
INSERT INTO `placement_bv_update_history` (`left_carry`, `date`, `from_id`, `user_id`) VALUES ('50', '2024-09-24 11:11:50', 'RPHDET', 'GTMCCK');
UPDATE `bv_updation` SET left_carry = left_carry+50, total_left = total_left+50
WHERE `user_id` = 'DLYMIF';
INSERT INTO `placement_bv_update_history` (`left_carry`, `date`, `from_id`, `user_id`) VALUES ('50', '2024-09-24 11:11:50', 'RPHDET', 'DLYMIF');
UPDATE `bv_updation` SET left_carry = left_carry+50, total_left = total_left+50
WHERE `user_id` = 'WGJ5KE';
INSERT INTO `placement_bv_update_history` (`left_carry`, `date`, `from_id`, `user_id`) VALUES ('50', '2024-09-24 11:11:50', 'RPHDET', 'WGJ5KE');
UPDATE `bv_updation` SET left_carry = left_carry+50, total_left = total_left+50
WHERE `user_id` = 'ORRJ3M';
INSERT INTO `placement_bv_update_history` (`left_carry`, `date`, `from_id`, `user_id`) VALUES ('50', '2024-09-24 11:11:50', 'RPHDET', 'ORRJ3M');
UPDATE `bv_updation` SET left_carry = left_carry+50, total_left = total_left+50
WHERE `user_id` = 'AA8V6V';
INSERT INTO `placement_bv_update_history` (`left_carry`, `date`, `from_id`, `user_id`) VALUES ('50', '2024-09-24 11:11:50', 'RPHDET', 'AA8V6V');
UPDATE `bv_updation` SET left_carry = left_carry+50, total_left = total_left+50
WHERE `user_id` = '61ME4O';
INSERT INTO `placement_bv_update_history` (`left_carry`, `date`, `from_id`, `user_id`) VALUES ('50', '2024-09-24 11:11:50', 'RPHDET', '61ME4O');
UPDATE `bv_updation` SET left_carry = left_carry+50, total_left = total_left+50
WHERE `user_id` = 'WS1SZZ';
INSERT INTO `placement_bv_update_history` (`left_carry`, `date`, `from_id`, `user_id`) VALUES ('50', '2024-09-24 11:11:50', 'RPHDET', 'WS1SZZ');
UPDATE `bv_updation` SET left_carry = left_carry+50, total_left = total_left+50
WHERE `user_id` = 'TBN4MZ';
INSERT INTO `placement_bv_update_history` (`left_carry`, `date`, `from_id`, `user_id`) VALUES ('50', '2024-09-24 11:11:50', 'RPHDET', 'TBN4MZ');
UPDATE `bv_updation` SET left_carry = left_carry+50, total_left = total_left+50
WHERE `user_id` = 'OEMJ8R';
INSERT INTO `placement_bv_update_history` (`left_carry`, `date`, `from_id`, `user_id`) VALUES ('50', '2024-09-24 11:11:50', 'RPHDET', 'OEMJ8R');
UPDATE `bv_updation` SET left_carry = left_carry+50, total_left = total_left+50
WHERE `user_id` = 'FXAYIE';
INSERT INTO `placement_bv_update_history` (`left_carry`, `date`, `from_id`, `user_id`) VALUES ('50', '2024-09-24 11:11:50', 'RPHDET', 'FXAYIE');
UPDATE `bv_updation` SET left_carry = left_carry+50, total_left = total_left+50
WHERE `user_id` = 'ELXZWC';
INSERT INTO `placement_bv_update_history` (`left_carry`, `date`, `from_id`, `user_id`) VALUES ('50', '2024-09-24 11:11:50', 'RPHDET', 'ELXZWC');
UPDATE `bv_updation` SET left_carry = left_carry+50, total_left = total_left+50
WHERE `user_id` = 'C1TQVI';
INSERT INTO `placement_bv_update_history` (`left_carry`, `date`, `from_id`, `user_id`) VALUES ('50', '2024-09-24 11:11:50', 'RPHDET', 'C1TQVI');
UPDATE `bv_updation` SET left_carry = left_carry+50, total_left = total_left+50
WHERE `user_id` = 'F5GPDF';
INSERT INTO `placement_bv_update_history` (`left_carry`, `date`, `from_id`, `user_id`) VALUES ('50', '2024-09-24 11:11:50', 'RPHDET', 'F5GPDF');
UPDATE `bv_updation` SET left_carry = left_carry+50, total_left = total_left+50
WHERE `user_id` = '91PYDK';
INSERT INTO `placement_bv_update_history` (`left_carry`, `date`, `from_id`, `user_id`) VALUES ('50', '2024-09-24 11:11:50', 'RPHDET', '91PYDK');
UPDATE `bv_updation` SET left_carry = left_carry+50, total_left = total_left+50
WHERE `user_id` = '4OT7RX';
INSERT INTO `placement_bv_update_history` (`left_carry`, `date`, `from_id`, `user_id`) VALUES ('50', '2024-09-24 11:11:50', 'RPHDET', '4OT7RX');
UPDATE `bv_updation` SET left_carry = left_carry+50, total_left = total_left+50
WHERE `user_id` = 'ZJZA3M';
INSERT INTO `placement_bv_update_history` (`left_carry`, `date`, `from_id`, `user_id`) VALUES ('50', '2024-09-24 11:11:50', 'RPHDET', 'ZJZA3M');
UPDATE `bv_updation` SET sponsor_left_carry = sponsor_left_carry+50, sponsor_total_left = sponsor_total_left+50
WHERE `user_id` = 'ZJZA3M';
INSERT INTO `sponsor_bv_update_history` (`left_carry`, `date`, `user_id`) VALUES ('50', '2024-09-24 11:11:50', 'ZJZA3M');
UPDATE `bv_updation` SET left_carry = left_carry+50, total_left = total_left+50
WHERE `user_id` = 'XN6ETC';
INSERT INTO `placement_bv_update_history` (`left_carry`, `date`, `from_id`, `user_id`) VALUES ('50', '2024-09-24 11:11:50', 'RPHDET', 'XN6ETC');
UPDATE `bv_updation` SET left_carry = left_carry+50, total_left = total_left+50
WHERE `user_id` = 'KVQN1O';
INSERT INTO `placement_bv_update_history` (`left_carry`, `date`, `from_id`, `user_id`) VALUES ('50', '2024-09-24 11:11:50', 'RPHDET', 'KVQN1O');
UPDATE `bv_updation` SET left_carry = left_carry+50, total_left = total_left+50
WHERE `user_id` = 'X3V7DJ';
INSERT INTO `placement_bv_update_history` (`left_carry`, `date`, `from_id`, `user_id`) VALUES ('50', '2024-09-24 11:11:50', 'RPHDET', 'X3V7DJ');
UPDATE `bv_updation` SET left_carry = left_carry+50, total_left = total_left+50
WHERE `user_id` = 'DJ77NH';
INSERT INTO `placement_bv_update_history` (`left_carry`, `date`, `from_id`, `user_id`) VALUES ('50', '2024-09-24 11:11:50', 'RPHDET', 'DJ77NH');
UPDATE `bv_updation` SET left_carry = left_carry+50, total_left = total_left+50
WHERE `user_id` = 'PX7XCL';
INSERT INTO `placement_bv_update_history` (`left_carry`, `date`, `from_id`, `user_id`) VALUES ('50', '2024-09-24 11:11:50', 'RPHDET', 'PX7XCL');
UPDATE `bv_updation` SET left_carry = left_carry+50, total_left = total_left+50
WHERE `user_id` = 'L8PM4Z';
INSERT INTO `placement_bv_update_history` (`left_carry`, `date`, `from_id`, `user_id`) VALUES ('50', '2024-09-24 11:11:50', 'RPHDET', 'L8PM4Z');
UPDATE `bv_updation` SET left_carry = left_carry+50, total_left = total_left+50
WHERE `user_id` = 'GBSIER';
INSERT INTO `placement_bv_update_history` (`left_carry`, `date`, `from_id`, `user_id`) VALUES ('50', '2024-09-24 11:11:50', 'RPHDET', 'GBSIER');
UPDATE `bv_updation` SET left_carry = left_carry+50, total_left = total_left+50
WHERE `user_id` = 'AV48YQ';
INSERT INTO `placement_bv_update_history` (`left_carry`, `date`, `from_id`, `user_id`) VALUES ('50', '2024-09-24 11:11:50', 'RPHDET', 'AV48YQ');
UPDATE `bv_updation` SET left_carry = left_carry+50, total_left = total_left+50
WHERE `user_id` = 'admin';
INSERT INTO `placement_bv_update_history` (`left_carry`, `date`, `from_id`, `user_id`) VALUES ('50', '2024-09-24 11:11:50', 'RPHDET', 'admin');
INSERT INTO `package_purchase_history` (`user_id`, `package_id`, `reg_fee`, `package_name`, `monthly_fee`, `type`, `date`, `payment_option`) VALUES ('RPHDET', '2', '595', 'Traveler Pro', '150', 'sign_up', '2024-09-24 11:11:50', 'free');
UPDATE `user_registration` SET `popup_seen` = 'no'
WHERE `user_id` = 'ZJZA3M';
DELETE FROM `ci_sessions`
WHERE `id` = '9afc1423045b56374c2ad4c77b6f96f38b946c6b';
INSERT INTO `login_history` (`user_id`, `device`, `ip_address`, `date`) VALUES ('RPHDET', 'Mozilla/5.0 (Windows NT 10.0; Win64; x64) AppleWebKit/537.36 (KHTML, like Gecko) Chrome/128.0.0.0 Safari/537.36', '108.162.212.49', '24-09-24 11:12');
UPDATE `user_registration` SET `popup_seen` = 'yes'
WHERE `user_id` = 'RPHDET';
UPDATE `user_registration` SET `uid` = '2323', `user_id` = 'VDDUBG', `username` = 'rafael5', `sponsor_id` = 'RPHDET', `vacant` = 'no', `f_name` = 'Rafaelp', `l_name` = 'Rodriguezp', `address` = '8100 sw 14 terr', `position` = 'right', `email` = 'rafael5@gmail.com', `password` = '3c61fcc3acdda18081a66dcc7d773af5', `phone` = '7862876762', `country` = 'United States', `state` = 'Florida', `city` = 'Miami', `street` = '8100 sw 14 terr', `zip_code` = '33144', `reg_ip` = '172.70.54.43', `status` = 1, `package_id` = '1', `rank_id` = 1, `highest_rank` = 1, `created` = '2024-09-24 11:14:38', `subscription_date` = '2024-10-24', `google_secret` = 'GWOA6ORIHRXDUNGX'
WHERE `uid` = '2323';
INSERT INTO `user_registration` (`uid`, `user_id`, `username`, `sponsor_id`, `placement_id`, `vacant`, `f_name`, `l_name`, `address`, `position`, `email`, `password`, `phone`, `reg_ip`, `status`, `created`) VALUES (NULL, 'IVMXEK', 'PHMvTCeb', 'VDDUBG', 'VDDUBG', 'yes', '', '', '', 'left', '@mail.com', '', '', '', 0, '2024-09-24 11:14:38');
INSERT INTO `user_registration` (`uid`, `user_id`, `username`, `sponsor_id`, `placement_id`, `vacant`, `f_name`, `l_name`, `address`, `position`, `email`, `password`, `phone`, `reg_ip`, `status`, `created`) VALUES (NULL, 'PHNSJC', 'RuYAsWPR', 'VDDUBG', 'VDDUBG', 'yes', '', '', '', 'right', '@mail.com', '', '', '', 0, '2024-09-24 11:14:38');
INSERT INTO `bv_updation` (`user_id`) VALUES ('VDDUBG');
UPDATE `user_registration` SET total_ref_count = total_ref_count+1
WHERE `user_id` = 'RPHDET';
UPDATE `user_registration` SET total_downlines = total_downlines+1
WHERE `user_id` = 'RPHDET';
UPDATE `user_registration` SET right_downlines = right_downlines+1
WHERE `user_id` = 'RPHDET';
UPDATE `user_registration` SET right_ref_count = right_ref_count+1
WHERE `user_id` = 'RPHDET';
UPDATE `user_registration` SET active_right = active_right+1
WHERE `user_id` = 'RPHDET';
UPDATE `user_registration` SET total_downlines = total_downlines+1
WHERE `user_id` = 'XYG89U';
UPDATE `user_registration` SET left_downlines = left_downlines+1
WHERE `user_id` = 'XYG89U';
UPDATE `user_registration` SET total_downlines = total_downlines+1
WHERE `user_id` = 'HTFY93';
UPDATE `user_registration` SET left_downlines = left_downlines+1
WHERE `user_id` = 'HTFY93';
UPDATE `user_registration` SET total_downlines = total_downlines+1
WHERE `user_id` = '3PR393';
UPDATE `user_registration` SET left_downlines = left_downlines+1
WHERE `user_id` = '3PR393';
UPDATE `user_registration` SET total_downlines = total_downlines+1
WHERE `user_id` = 'T3MRY1';
UPDATE `user_registration` SET left_downlines = left_downlines+1
WHERE `user_id` = 'T3MRY1';
UPDATE `user_registration` SET total_downlines = total_downlines+1
WHERE `user_id` = 'GTMCCK';
UPDATE `user_registration` SET left_downlines = left_downlines+1
WHERE `user_id` = 'GTMCCK';
UPDATE `user_registration` SET total_downlines = total_downlines+1
WHERE `user_id` = 'DLYMIF';
UPDATE `user_registration` SET left_downlines = left_downlines+1
WHERE `user_id` = 'DLYMIF';
UPDATE `user_registration` SET total_downlines = total_downlines+1
WHERE `user_id` = 'WGJ5KE';
UPDATE `user_registration` SET left_downlines = left_downlines+1
WHERE `user_id` = 'WGJ5KE';
UPDATE `user_registration` SET total_downlines = total_downlines+1
WHERE `user_id` = 'ORRJ3M';
UPDATE `user_registration` SET left_downlines = left_downlines+1
WHERE `user_id` = 'ORRJ3M';
UPDATE `user_registration` SET total_downlines = total_downlines+1
WHERE `user_id` = 'AA8V6V';
UPDATE `user_registration` SET left_downlines = left_downlines+1
WHERE `user_id` = 'AA8V6V';
UPDATE `user_registration` SET total_downlines = total_downlines+1
WHERE `user_id` = '61ME4O';
UPDATE `user_registration` SET left_downlines = left_downlines+1
WHERE `user_id` = '61ME4O';
UPDATE `user_registration` SET total_downlines = total_downlines+1
WHERE `user_id` = 'WS1SZZ';
UPDATE `user_registration` SET left_downlines = left_downlines+1
WHERE `user_id` = 'WS1SZZ';
UPDATE `user_registration` SET total_downlines = total_downlines+1
WHERE `user_id` = 'TBN4MZ';
UPDATE `user_registration` SET left_downlines = left_downlines+1
WHERE `user_id` = 'TBN4MZ';
UPDATE `user_registration` SET total_downlines = total_downlines+1
WHERE `user_id` = 'OEMJ8R';
UPDATE `user_registration` SET left_downlines = left_downlines+1
WHERE `user_id` = 'OEMJ8R';
UPDATE `user_registration` SET total_downlines = total_downlines+1
WHERE `user_id` = 'FXAYIE';
UPDATE `user_registration` SET left_downlines = left_downlines+1
WHERE `user_id` = 'FXAYIE';
UPDATE `user_registration` SET total_downlines = total_downlines+1
WHERE `user_id` = 'ELXZWC';
UPDATE `user_registration` SET left_downlines = left_downlines+1
WHERE `user_id` = 'ELXZWC';
UPDATE `user_registration` SET total_downlines = total_downlines+1
WHERE `user_id` = 'C1TQVI';
UPDATE `user_registration` SET left_downlines = left_downlines+1
WHERE `user_id` = 'C1TQVI';
UPDATE `user_registration` SET total_downlines = total_downlines+1
WHERE `user_id` = 'F5GPDF';
UPDATE `user_registration` SET left_downlines = left_downlines+1
WHERE `user_id` = 'F5GPDF';
UPDATE `user_registration` SET total_downlines = total_downlines+1
WHERE `user_id` = '91PYDK';
UPDATE `user_registration` SET left_downlines = left_downlines+1
WHERE `user_id` = '91PYDK';
UPDATE `user_registration` SET total_downlines = total_downlines+1
WHERE `user_id` = '4OT7RX';
UPDATE `user_registration` SET left_downlines = left_downlines+1
WHERE `user_id` = '4OT7RX';
UPDATE `user_registration` SET total_downlines = total_downlines+1
WHERE `user_id` = 'ZJZA3M';
UPDATE `user_registration` SET left_downlines = left_downlines+1
WHERE `user_id` = 'ZJZA3M';
UPDATE `user_registration` SET total_downlines = total_downlines+1
WHERE `user_id` = 'XN6ETC';
UPDATE `user_registration` SET left_downlines = left_downlines+1
WHERE `user_id` = 'XN6ETC';
UPDATE `user_registration` SET total_downlines = total_downlines+1
WHERE `user_id` = 'KVQN1O';
UPDATE `user_registration` SET left_downlines = left_downlines+1
WHERE `user_id` = 'KVQN1O';
UPDATE `user_registration` SET total_downlines = total_downlines+1
WHERE `user_id` = 'X3V7DJ';
UPDATE `user_registration` SET left_downlines = left_downlines+1
WHERE `user_id` = 'X3V7DJ';
UPDATE `user_registration` SET total_downlines = total_downlines+1
WHERE `user_id` = 'DJ77NH';
UPDATE `user_registration` SET left_downlines = left_downlines+1
WHERE `user_id` = 'DJ77NH';
UPDATE `user_registration` SET total_downlines = total_downlines+1
WHERE `user_id` = 'PX7XCL';
UPDATE `user_registration` SET left_downlines = left_downlines+1
WHERE `user_id` = 'PX7XCL';
UPDATE `user_registration` SET total_downlines = total_downlines+1
WHERE `user_id` = 'L8PM4Z';
UPDATE `user_registration` SET left_downlines = left_downlines+1
WHERE `user_id` = 'L8PM4Z';
UPDATE `user_registration` SET total_downlines = total_downlines+1
WHERE `user_id` = 'GBSIER';
UPDATE `user_registration` SET left_downlines = left_downlines+1
WHERE `user_id` = 'GBSIER';
UPDATE `user_registration` SET total_downlines = total_downlines+1
WHERE `user_id` = 'AV48YQ';
UPDATE `user_registration` SET left_downlines = left_downlines+1
WHERE `user_id` = 'AV48YQ';
UPDATE `user_registration` SET total_downlines = total_downlines+1
WHERE `user_id` = 'admin';
UPDATE `user_registration` SET left_downlines = left_downlines+1
WHERE `user_id` = 'admin';
INSERT INTO `investment` (`invest_date`, `user_id`, `type`, `amount`, `package_id`) VALUES ('2024-09-24 11:14:38', 'VDDUBG', 'register', '195', '1');
INSERT INTO `earnings` (`user_id`, `Purchaser_id`, `earning_type`, `package_id`, `amount`, `date`, `comments`, `invest_amount`, `comm_perc`, `level`, `rank_id`, `order_id`) VALUES ('RPHDET', 'VDDUBG', 'Direct Referral Bonus', '1', '20', '2024-09-24 11:14:38', 'Direct Referral Bonus', 0, 0, 1, '', 4);
UPDATE `user_registration` SET commission_balance = ROUND(commission_balance + 20,2)
WHERE `user_id` = 'RPHDET';
UPDATE `bv_updation` SET right_carry = right_carry+20, total_right = total_right+20
WHERE `user_id` = 'RPHDET';
INSERT INTO `placement_bv_update_history` (`right_carry`, `date`, `from_id`, `user_id`) VALUES ('20', '2024-09-24 11:14:38', 'VDDUBG', 'RPHDET');
UPDATE `bv_updation` SET sponsor_right_carry = sponsor_right_carry+20, sponsor_total_right = sponsor_total_right+20
WHERE `user_id` = 'RPHDET';
INSERT INTO `sponsor_bv_update_history` (`right_carry`, `date`, `user_id`) VALUES ('20', '2024-09-24 11:14:38', 'RPHDET');
UPDATE `bv_updation` SET left_carry = left_carry+20, total_left = total_left+20
WHERE `user_id` = 'XYG89U';
INSERT INTO `placement_bv_update_history` (`left_carry`, `date`, `from_id`, `user_id`) VALUES ('20', '2024-09-24 11:14:38', 'VDDUBG', 'XYG89U');
UPDATE `bv_updation` SET left_carry = left_carry+20, total_left = total_left+20
WHERE `user_id` = 'HTFY93';
INSERT INTO `placement_bv_update_history` (`left_carry`, `date`, `from_id`, `user_id`) VALUES ('20', '2024-09-24 11:14:38', 'VDDUBG', 'HTFY93');
UPDATE `bv_updation` SET left_carry = left_carry+20, total_left = total_left+20
WHERE `user_id` = '3PR393';
INSERT INTO `placement_bv_update_history` (`left_carry`, `date`, `from_id`, `user_id`) VALUES ('20', '2024-09-24 11:14:38', 'VDDUBG', '3PR393');
UPDATE `bv_updation` SET left_carry = left_carry+20, total_left = total_left+20
WHERE `user_id` = 'T3MRY1';
INSERT INTO `placement_bv_update_history` (`left_carry`, `date`, `from_id`, `user_id`) VALUES ('20', '2024-09-24 11:14:38', 'VDDUBG', 'T3MRY1');
UPDATE `bv_updation` SET left_carry = left_carry+20, total_left = total_left+20
WHERE `user_id` = 'GTMCCK';
INSERT INTO `placement_bv_update_history` (`left_carry`, `date`, `from_id`, `user_id`) VALUES ('20', '2024-09-24 11:14:38', 'VDDUBG', 'GTMCCK');
UPDATE `bv_updation` SET left_carry = left_carry+20, total_left = total_left+20
WHERE `user_id` = 'DLYMIF';
INSERT INTO `placement_bv_update_history` (`left_carry`, `date`, `from_id`, `user_id`) VALUES ('20', '2024-09-24 11:14:38', 'VDDUBG', 'DLYMIF');
UPDATE `bv_updation` SET left_carry = left_carry+20, total_left = total_left+20
WHERE `user_id` = 'WGJ5KE';
INSERT INTO `placement_bv_update_history` (`left_carry`, `date`, `from_id`, `user_id`) VALUES ('20', '2024-09-24 11:14:38', 'VDDUBG', 'WGJ5KE');
UPDATE `bv_updation` SET left_carry = left_carry+20, total_left = total_left+20
WHERE `user_id` = 'ORRJ3M';
INSERT INTO `placement_bv_update_history` (`left_carry`, `date`, `from_id`, `user_id`) VALUES ('20', '2024-09-24 11:14:38', 'VDDUBG', 'ORRJ3M');
UPDATE `bv_updation` SET left_carry = left_carry+20, total_left = total_left+20
WHERE `user_id` = 'AA8V6V';
INSERT INTO `placement_bv_update_history` (`left_carry`, `date`, `from_id`, `user_id`) VALUES ('20', '2024-09-24 11:14:38', 'VDDUBG', 'AA8V6V');
UPDATE `bv_updation` SET left_carry = left_carry+20, total_left = total_left+20
WHERE `user_id` = '61ME4O';
INSERT INTO `placement_bv_update_history` (`left_carry`, `date`, `from_id`, `user_id`) VALUES ('20', '2024-09-24 11:14:38', 'VDDUBG', '61ME4O');
UPDATE `bv_updation` SET left_carry = left_carry+20, total_left = total_left+20
WHERE `user_id` = 'WS1SZZ';
INSERT INTO `placement_bv_update_history` (`left_carry`, `date`, `from_id`, `user_id`) VALUES ('20', '2024-09-24 11:14:38', 'VDDUBG', 'WS1SZZ');
UPDATE `bv_updation` SET left_carry = left_carry+20, total_left = total_left+20
WHERE `user_id` = 'TBN4MZ';
INSERT INTO `placement_bv_update_history` (`left_carry`, `date`, `from_id`, `user_id`) VALUES ('20', '2024-09-24 11:14:38', 'VDDUBG', 'TBN4MZ');
UPDATE `bv_updation` SET left_carry = left_carry+20, total_left = total_left+20
WHERE `user_id` = 'OEMJ8R';
INSERT INTO `placement_bv_update_history` (`left_carry`, `date`, `from_id`, `user_id`) VALUES ('20', '2024-09-24 11:14:38', 'VDDUBG', 'OEMJ8R');
UPDATE `bv_updation` SET left_carry = left_carry+20, total_left = total_left+20
WHERE `user_id` = 'FXAYIE';
INSERT INTO `placement_bv_update_history` (`left_carry`, `date`, `from_id`, `user_id`) VALUES ('20', '2024-09-24 11:14:38', 'VDDUBG', 'FXAYIE');
UPDATE `bv_updation` SET left_carry = left_carry+20, total_left = total_left+20
WHERE `user_id` = 'ELXZWC';
INSERT INTO `placement_bv_update_history` (`left_carry`, `date`, `from_id`, `user_id`) VALUES ('20', '2024-09-24 11:14:38', 'VDDUBG', 'ELXZWC');
UPDATE `bv_updation` SET left_carry = left_carry+20, total_left = total_left+20
WHERE `user_id` = 'C1TQVI';
INSERT INTO `placement_bv_update_history` (`left_carry`, `date`, `from_id`, `user_id`) VALUES ('20', '2024-09-24 11:14:38', 'VDDUBG', 'C1TQVI');
UPDATE `bv_updation` SET left_carry = left_carry+20, total_left = total_left+20
WHERE `user_id` = 'F5GPDF';
INSERT INTO `placement_bv_update_history` (`left_carry`, `date`, `from_id`, `user_id`) VALUES ('20', '2024-09-24 11:14:38', 'VDDUBG', 'F5GPDF');
UPDATE `bv_updation` SET left_carry = left_carry+20, total_left = total_left+20
WHERE `user_id` = '91PYDK';
INSERT INTO `placement_bv_update_history` (`left_carry`, `date`, `from_id`, `user_id`) VALUES ('20', '2024-09-24 11:14:38', 'VDDUBG', '91PYDK');
UPDATE `bv_updation` SET left_carry = left_carry+20, total_left = total_left+20
WHERE `user_id` = '4OT7RX';
INSERT INTO `placement_bv_update_history` (`left_carry`, `date`, `from_id`, `user_id`) VALUES ('20', '2024-09-24 11:14:38', 'VDDUBG', '4OT7RX');
UPDATE `bv_updation` SET left_carry = left_carry+20, total_left = total_left+20
WHERE `user_id` = 'ZJZA3M';
INSERT INTO `placement_bv_update_history` (`left_carry`, `date`, `from_id`, `user_id`) VALUES ('20', '2024-09-24 11:14:38', 'VDDUBG', 'ZJZA3M');
UPDATE `bv_updation` SET left_carry = left_carry+20, total_left = total_left+20
WHERE `user_id` = 'XN6ETC';
INSERT INTO `placement_bv_update_history` (`left_carry`, `date`, `from_id`, `user_id`) VALUES ('20', '2024-09-24 11:14:39', 'VDDUBG', 'XN6ETC');
UPDATE `bv_updation` SET left_carry = left_carry+20, total_left = total_left+20
WHERE `user_id` = 'KVQN1O';
INSERT INTO `placement_bv_update_history` (`left_carry`, `date`, `from_id`, `user_id`) VALUES ('20', '2024-09-24 11:14:39', 'VDDUBG', 'KVQN1O');
UPDATE `bv_updation` SET left_carry = left_carry+20, total_left = total_left+20
WHERE `user_id` = 'X3V7DJ';
INSERT INTO `placement_bv_update_history` (`left_carry`, `date`, `from_id`, `user_id`) VALUES ('20', '2024-09-24 11:14:39', 'VDDUBG', 'X3V7DJ');
UPDATE `bv_updation` SET left_carry = left_carry+20, total_left = total_left+20
WHERE `user_id` = 'DJ77NH';
INSERT INTO `placement_bv_update_history` (`left_carry`, `date`, `from_id`, `user_id`) VALUES ('20', '2024-09-24 11:14:39', 'VDDUBG', 'DJ77NH');
UPDATE `bv_updation` SET left_carry = left_carry+20, total_left = total_left+20
WHERE `user_id` = 'PX7XCL';
INSERT INTO `placement_bv_update_history` (`left_carry`, `date`, `from_id`, `user_id`) VALUES ('20', '2024-09-24 11:14:39', 'VDDUBG', 'PX7XCL');
UPDATE `bv_updation` SET left_carry = left_carry+20, total_left = total_left+20
WHERE `user_id` = 'L8PM4Z';
INSERT INTO `placement_bv_update_history` (`left_carry`, `date`, `from_id`, `user_id`) VALUES ('20', '2024-09-24 11:14:39', 'VDDUBG', 'L8PM4Z');
UPDATE `bv_updation` SET left_carry = left_carry+20, total_left = total_left+20
WHERE `user_id` = 'GBSIER';
INSERT INTO `placement_bv_update_history` (`left_carry`, `date`, `from_id`, `user_id`) VALUES ('20', '2024-09-24 11:14:39', 'VDDUBG', 'GBSIER');
UPDATE `bv_updation` SET left_carry = left_carry+20, total_left = total_left+20
WHERE `user_id` = 'AV48YQ';
INSERT INTO `placement_bv_update_history` (`left_carry`, `date`, `from_id`, `user_id`) VALUES ('20', '2024-09-24 11:14:39', 'VDDUBG', 'AV48YQ');
UPDATE `bv_updation` SET left_carry = left_carry+20, total_left = total_left+20
WHERE `user_id` = 'admin';
INSERT INTO `placement_bv_update_history` (`left_carry`, `date`, `from_id`, `user_id`) VALUES ('20', '2024-09-24 11:14:39', 'VDDUBG', 'admin');
INSERT INTO `package_purchase_history` (`user_id`, `package_id`, `reg_fee`, `package_name`, `monthly_fee`, `type`, `date`, `payment_option`) VALUES ('VDDUBG', '1', '195', 'Traveler', '50', 'sign_up', '2024-09-24 11:14:39', 'free');
UPDATE `user_registration` SET `popup_seen` = 'yes'
WHERE `user_id` = 'RPHDET';
UPDATE `user_registration` SET `popup_seen` = 'no'
WHERE `user_id` = 'RPHDET';
DELETE FROM `ci_sessions`
WHERE `id` = '20de4b44f4dcb2d1062a21839aebbcd91a7dad90';
INSERT INTO `login_history` (`user_id`, `device`, `ip_address`, `date`) VALUES ('VDDUBG', 'Mozilla/5.0 (Windows NT 10.0; Win64; x64) AppleWebKit/537.36 (KHTML, like Gecko) Chrome/129.0.0.0 Safari/537.36', '172.70.254.113', '24-09-24 11:17');
UPDATE `user_registration` SET `popup_seen` = 'yes'
WHERE `user_id` = 'VDDUBG';
INSERT INTO `login_history` (`user_id`, `device`, `ip_address`, `date`) VALUES ('RPHDET', 'Mozilla/5.0 (Windows NT 10.0; Win64; x64) AppleWebKit/537.36 (KHTML, like Gecko) Chrome/128.0.0.0 Safari/537.36', '172.70.82.94', '24-09-24 11:18');
UPDATE `user_registration` SET `popup_seen` = 'yes'
WHERE `user_id` = 'RPHDET';
UPDATE `user_registration` SET `uid` = '2322', `user_id` = 'GHZSJX', `username` = 'ray5', `sponsor_id` = 'RPHDET', `vacant` = 'no', `f_name` = 'Rayp', `l_name` = 'Rodriguezp', `address` = '8100 sw 14 terr', `position` = 'left', `email` = 'ray5@gmail.com', `password` = '3c61fcc3acdda18081a66dcc7d773af5', `phone` = '7862876762', `country` = 'United States', `state` = 'Florida', `city` = 'Miami', `street` = '8100', `zip_code` = '33144', `reg_ip` = '172.70.83.106', `status` = 1, `package_id` = '2', `rank_id` = 1, `highest_rank` = 1, `created` = '2024-09-24 11:20:28', `subscription_date` = '2024-10-24', `google_secret` = 'BGMMJ5CRKTVYOAOF'
WHERE `uid` = '2322';
INSERT INTO `user_registration` (`uid`, `user_id`, `username`, `sponsor_id`, `placement_id`, `vacant`, `f_name`, `l_name`, `address`, `position`, `email`, `password`, `phone`, `reg_ip`, `status`, `created`) VALUES (NULL, 'EPYBDU', 'lyjmVpjg', 'GHZSJX', 'GHZSJX', 'yes', '', '', '', 'left', '@mail.com', '', '', '', 0, '2024-09-24 11:20:28');
INSERT INTO `user_registration` (`uid`, `user_id`, `username`, `sponsor_id`, `placement_id`, `vacant`, `f_name`, `l_name`, `address`, `position`, `email`, `password`, `phone`, `reg_ip`, `status`, `created`) VALUES (NULL, 'CNZJHM', 'PJPKyIbY', 'GHZSJX', 'GHZSJX', 'yes', '', '', '', 'right', '@mail.com', '', '', '', 0, '2024-09-24 11:20:28');
INSERT INTO `bv_updation` (`user_id`) VALUES ('GHZSJX');
UPDATE `user_registration` SET total_ref_count = total_ref_count+1
WHERE `user_id` = 'RPHDET';
UPDATE `user_registration` SET total_downlines = total_downlines+1
WHERE `user_id` = 'RPHDET';
UPDATE `user_registration` SET left_downlines = left_downlines+1
WHERE `user_id` = 'RPHDET';
UPDATE `user_registration` SET left_ref_count = left_ref_count+1
WHERE `user_id` = 'RPHDET';
UPDATE `user_registration` SET active_left = active_left+1
WHERE `user_id` = 'RPHDET';
UPDATE `bv_updation` SET `left_carry` = 0, `right_carry` = 20
WHERE `user_id` = 'RPHDET';
UPDATE `user_registration` SET `binary_qualified` = 'yes'
WHERE `user_id` = 'RPHDET';
UPDATE `user_registration` SET total_downlines = total_downlines+1
WHERE `user_id` = 'XYG89U';
UPDATE `user_registration` SET left_downlines = left_downlines+1
WHERE `user_id` = 'XYG89U';
UPDATE `user_registration` SET total_downlines = total_downlines+1
WHERE `user_id` = 'HTFY93';
UPDATE `user_registration` SET left_downlines = left_downlines+1
WHERE `user_id` = 'HTFY93';
UPDATE `user_registration` SET total_downlines = total_downlines+1
WHERE `user_id` = '3PR393';
UPDATE `user_registration` SET left_downlines = left_downlines+1
WHERE `user_id` = '3PR393';
UPDATE `user_registration` SET total_downlines = total_downlines+1
WHERE `user_id` = 'T3MRY1';
UPDATE `user_registration` SET left_downlines = left_downlines+1
WHERE `user_id` = 'T3MRY1';
UPDATE `user_registration` SET total_downlines = total_downlines+1
WHERE `user_id` = 'GTMCCK';
UPDATE `user_registration` SET left_downlines = left_downlines+1
WHERE `user_id` = 'GTMCCK';
UPDATE `user_registration` SET total_downlines = total_downlines+1
WHERE `user_id` = 'DLYMIF';
UPDATE `user_registration` SET left_downlines = left_downlines+1
WHERE `user_id` = 'DLYMIF';
UPDATE `user_registration` SET total_downlines = total_downlines+1
WHERE `user_id` = 'WGJ5KE';
UPDATE `user_registration` SET left_downlines = left_downlines+1
WHERE `user_id` = 'WGJ5KE';
UPDATE `user_registration` SET total_downlines = total_downlines+1
WHERE `user_id` = 'ORRJ3M';
UPDATE `user_registration` SET left_downlines = left_downlines+1
WHERE `user_id` = 'ORRJ3M';
UPDATE `user_registration` SET total_downlines = total_downlines+1
WHERE `user_id` = 'AA8V6V';
UPDATE `user_registration` SET left_downlines = left_downlines+1
WHERE `user_id` = 'AA8V6V';
UPDATE `user_registration` SET total_downlines = total_downlines+1
WHERE `user_id` = '61ME4O';
UPDATE `user_registration` SET left_downlines = left_downlines+1
WHERE `user_id` = '61ME4O';
UPDATE `user_registration` SET total_downlines = total_downlines+1
WHERE `user_id` = 'WS1SZZ';
UPDATE `user_registration` SET left_downlines = left_downlines+1
WHERE `user_id` = 'WS1SZZ';
UPDATE `user_registration` SET total_downlines = total_downlines+1
WHERE `user_id` = 'TBN4MZ';
UPDATE `user_registration` SET left_downlines = left_downlines+1
WHERE `user_id` = 'TBN4MZ';
UPDATE `user_registration` SET total_downlines = total_downlines+1
WHERE `user_id` = 'OEMJ8R';
UPDATE `user_registration` SET left_downlines = left_downlines+1
WHERE `user_id` = 'OEMJ8R';
UPDATE `user_registration` SET total_downlines = total_downlines+1
WHERE `user_id` = 'FXAYIE';
UPDATE `user_registration` SET left_downlines = left_downlines+1
WHERE `user_id` = 'FXAYIE';
UPDATE `user_registration` SET total_downlines = total_downlines+1
WHERE `user_id` = 'ELXZWC';
UPDATE `user_registration` SET left_downlines = left_downlines+1
WHERE `user_id` = 'ELXZWC';
UPDATE `user_registration` SET total_downlines = total_downlines+1
WHERE `user_id` = 'C1TQVI';
UPDATE `user_registration` SET left_downlines = left_downlines+1
WHERE `user_id` = 'C1TQVI';
UPDATE `user_registration` SET total_downlines = total_downlines+1
WHERE `user_id` = 'F5GPDF';
UPDATE `user_registration` SET left_downlines = left_downlines+1
WHERE `user_id` = 'F5GPDF';
UPDATE `user_registration` SET total_downlines = total_downlines+1
WHERE `user_id` = '91PYDK';
UPDATE `user_registration` SET left_downlines = left_downlines+1
WHERE `user_id` = '91PYDK';
UPDATE `user_registration` SET total_downlines = total_downlines+1
WHERE `user_id` = '4OT7RX';
UPDATE `user_registration` SET left_downlines = left_downlines+1
WHERE `user_id` = '4OT7RX';
UPDATE `user_registration` SET total_downlines = total_downlines+1
WHERE `user_id` = 'ZJZA3M';
UPDATE `user_registration` SET left_downlines = left_downlines+1
WHERE `user_id` = 'ZJZA3M';
UPDATE `user_registration` SET total_downlines = total_downlines+1
WHERE `user_id` = 'XN6ETC';
UPDATE `user_registration` SET left_downlines = left_downlines+1
WHERE `user_id` = 'XN6ETC';
UPDATE `user_registration` SET total_downlines = total_downlines+1
WHERE `user_id` = 'KVQN1O';
UPDATE `user_registration` SET left_downlines = left_downlines+1
WHERE `user_id` = 'KVQN1O';
UPDATE `user_registration` SET total_downlines = total_downlines+1
WHERE `user_id` = 'X3V7DJ';
UPDATE `user_registration` SET left_downlines = left_downlines+1
WHERE `user_id` = 'X3V7DJ';
UPDATE `user_registration` SET total_downlines = total_downlines+1
WHERE `user_id` = 'DJ77NH';
UPDATE `user_registration` SET left_downlines = left_downlines+1
WHERE `user_id` = 'DJ77NH';
UPDATE `user_registration` SET total_downlines = total_downlines+1
WHERE `user_id` = 'PX7XCL';
UPDATE `user_registration` SET left_downlines = left_downlines+1
WHERE `user_id` = 'PX7XCL';
UPDATE `user_registration` SET total_downlines = total_downlines+1
WHERE `user_id` = 'L8PM4Z';
UPDATE `user_registration` SET left_downlines = left_downlines+1
WHERE `user_id` = 'L8PM4Z';
UPDATE `user_registration` SET total_downlines = total_downlines+1
WHERE `user_id` = 'GBSIER';
UPDATE `user_registration` SET left_downlines = left_downlines+1
WHERE `user_id` = 'GBSIER';
UPDATE `user_registration` SET total_downlines = total_downlines+1
WHERE `user_id` = 'AV48YQ';
UPDATE `user_registration` SET left_downlines = left_downlines+1
WHERE `user_id` = 'AV48YQ';
UPDATE `user_registration` SET total_downlines = total_downlines+1
WHERE `user_id` = 'admin';
UPDATE `user_registration` SET left_downlines = left_downlines+1
WHERE `user_id` = 'admin';
INSERT INTO `investment` (`invest_date`, `user_id`, `type`, `amount`, `package_id`) VALUES ('2024-09-24 11:20:28', 'GHZSJX', 'register', '595', '2');
INSERT INTO `earnings` (`user_id`, `Purchaser_id`, `earning_type`, `package_id`, `amount`, `date`, `comments`, `invest_amount`, `comm_perc`, `level`, `rank_id`, `order_id`) VALUES ('RPHDET', 'GHZSJX', 'Direct Referral Bonus', '2', '100', '2024-09-24 11:20:28', 'Direct Referral Bonus', 0, 0, 1, '', 5);
UPDATE `user_registration` SET commission_balance = ROUND(commission_balance + 100,2)
WHERE `user_id` = 'RPHDET';
UPDATE `bv_updation` SET left_carry = left_carry+50, total_left = total_left+50
WHERE `user_id` = 'RPHDET';
INSERT INTO `placement_bv_update_history` (`left_carry`, `date`, `from_id`, `user_id`) VALUES ('50', '2024-09-24 11:20:28', 'GHZSJX', 'RPHDET');
UPDATE `bv_updation` SET sponsor_left_carry = sponsor_left_carry+50, sponsor_total_left = sponsor_total_left+50
WHERE `user_id` = 'RPHDET';
INSERT INTO `sponsor_bv_update_history` (`left_carry`, `date`, `user_id`) VALUES ('50', '2024-09-24 11:20:28', 'RPHDET');
UPDATE `bv_updation` SET left_carry = left_carry+50, total_left = total_left+50
WHERE `user_id` = 'XYG89U';
INSERT INTO `placement_bv_update_history` (`left_carry`, `date`, `from_id`, `user_id`) VALUES ('50', '2024-09-24 11:20:28', 'GHZSJX', 'XYG89U');
UPDATE `bv_updation` SET left_carry = left_carry+50, total_left = total_left+50
WHERE `user_id` = 'HTFY93';
INSERT INTO `placement_bv_update_history` (`left_carry`, `date`, `from_id`, `user_id`) VALUES ('50', '2024-09-24 11:20:28', 'GHZSJX', 'HTFY93');
UPDATE `bv_updation` SET left_carry = left_carry+50, total_left = total_left+50
WHERE `user_id` = '3PR393';
INSERT INTO `placement_bv_update_history` (`left_carry`, `date`, `from_id`, `user_id`) VALUES ('50', '2024-09-24 11:20:28', 'GHZSJX', '3PR393');
UPDATE `bv_updation` SET left_carry = left_carry+50, total_left = total_left+50
WHERE `user_id` = 'T3MRY1';
INSERT INTO `placement_bv_update_history` (`left_carry`, `date`, `from_id`, `user_id`) VALUES ('50', '2024-09-24 11:20:28', 'GHZSJX', 'T3MRY1');
UPDATE `bv_updation` SET left_carry = left_carry+50, total_left = total_left+50
WHERE `user_id` = 'GTMCCK';
INSERT INTO `placement_bv_update_history` (`left_carry`, `date`, `from_id`, `user_id`) VALUES ('50', '2024-09-24 11:20:28', 'GHZSJX', 'GTMCCK');
UPDATE `bv_updation` SET left_carry = left_carry+50, total_left = total_left+50
WHERE `user_id` = 'DLYMIF';
INSERT INTO `placement_bv_update_history` (`left_carry`, `date`, `from_id`, `user_id`) VALUES ('50', '2024-09-24 11:20:28', 'GHZSJX', 'DLYMIF');
UPDATE `bv_updation` SET left_carry = left_carry+50, total_left = total_left+50
WHERE `user_id` = 'WGJ5KE';
INSERT INTO `placement_bv_update_history` (`left_carry`, `date`, `from_id`, `user_id`) VALUES ('50', '2024-09-24 11:20:28', 'GHZSJX', 'WGJ5KE');
UPDATE `bv_updation` SET left_carry = left_carry+50, total_left = total_left+50
WHERE `user_id` = 'ORRJ3M';
INSERT INTO `placement_bv_update_history` (`left_carry`, `date`, `from_id`, `user_id`) VALUES ('50', '2024-09-24 11:20:28', 'GHZSJX', 'ORRJ3M');
UPDATE `bv_updation` SET left_carry = left_carry+50, total_left = total_left+50
WHERE `user_id` = 'AA8V6V';
INSERT INTO `placement_bv_update_history` (`left_carry`, `date`, `from_id`, `user_id`) VALUES ('50', '2024-09-24 11:20:28', 'GHZSJX', 'AA8V6V');
UPDATE `bv_updation` SET left_carry = left_carry+50, total_left = total_left+50
WHERE `user_id` = '61ME4O';
INSERT INTO `placement_bv_update_history` (`left_carry`, `date`, `from_id`, `user_id`) VALUES ('50', '2024-09-24 11:20:28', 'GHZSJX', '61ME4O');
UPDATE `bv_updation` SET left_carry = left_carry+50, total_left = total_left+50
WHERE `user_id` = 'WS1SZZ';
INSERT INTO `placement_bv_update_history` (`left_carry`, `date`, `from_id`, `user_id`) VALUES ('50', '2024-09-24 11:20:28', 'GHZSJX', 'WS1SZZ');
UPDATE `bv_updation` SET left_carry = left_carry+50, total_left = total_left+50
WHERE `user_id` = 'TBN4MZ';
INSERT INTO `placement_bv_update_history` (`left_carry`, `date`, `from_id`, `user_id`) VALUES ('50', '2024-09-24 11:20:28', 'GHZSJX', 'TBN4MZ');
UPDATE `bv_updation` SET left_carry = left_carry+50, total_left = total_left+50
WHERE `user_id` = 'OEMJ8R';
INSERT INTO `placement_bv_update_history` (`left_carry`, `date`, `from_id`, `user_id`) VALUES ('50', '2024-09-24 11:20:28', 'GHZSJX', 'OEMJ8R');
UPDATE `bv_updation` SET left_carry = left_carry+50, total_left = total_left+50
WHERE `user_id` = 'FXAYIE';
INSERT INTO `placement_bv_update_history` (`left_carry`, `date`, `from_id`, `user_id`) VALUES ('50', '2024-09-24 11:20:28', 'GHZSJX', 'FXAYIE');
UPDATE `bv_updation` SET left_carry = left_carry+50, total_left = total_left+50
WHERE `user_id` = 'ELXZWC';
INSERT INTO `placement_bv_update_history` (`left_carry`, `date`, `from_id`, `user_id`) VALUES ('50', '2024-09-24 11:20:28', 'GHZSJX', 'ELXZWC');
UPDATE `bv_updation` SET left_carry = left_carry+50, total_left = total_left+50
WHERE `user_id` = 'C1TQVI';
INSERT INTO `placement_bv_update_history` (`left_carry`, `date`, `from_id`, `user_id`) VALUES ('50', '2024-09-24 11:20:28', 'GHZSJX', 'C1TQVI');
UPDATE `bv_updation` SET left_carry = left_carry+50, total_left = total_left+50
WHERE `user_id` = 'F5GPDF';
INSERT INTO `placement_bv_update_history` (`left_carry`, `date`, `from_id`, `user_id`) VALUES ('50', '2024-09-24 11:20:28', 'GHZSJX', 'F5GPDF');
UPDATE `bv_updation` SET left_carry = left_carry+50, total_left = total_left+50
WHERE `user_id` = '91PYDK';
INSERT INTO `placement_bv_update_history` (`left_carry`, `date`, `from_id`, `user_id`) VALUES ('50', '2024-09-24 11:20:28', 'GHZSJX', '91PYDK');
UPDATE `bv_updation` SET left_carry = left_carry+50, total_left = total_left+50
WHERE `user_id` = '4OT7RX';
INSERT INTO `placement_bv_update_history` (`left_carry`, `date`, `from_id`, `user_id`) VALUES ('50', '2024-09-24 11:20:28', 'GHZSJX', '4OT7RX');
UPDATE `bv_updation` SET left_carry = left_carry+50, total_left = total_left+50
WHERE `user_id` = 'ZJZA3M';
INSERT INTO `placement_bv_update_history` (`left_carry`, `date`, `from_id`, `user_id`) VALUES ('50', '2024-09-24 11:20:28', 'GHZSJX', 'ZJZA3M');
UPDATE `bv_updation` SET left_carry = left_carry+50, total_left = total_left+50
WHERE `user_id` = 'XN6ETC';
INSERT INTO `placement_bv_update_history` (`left_carry`, `date`, `from_id`, `user_id`) VALUES ('50', '2024-09-24 11:20:28', 'GHZSJX', 'XN6ETC');
UPDATE `bv_updation` SET left_carry = left_carry+50, total_left = total_left+50
WHERE `user_id` = 'KVQN1O';
INSERT INTO `placement_bv_update_history` (`left_carry`, `date`, `from_id`, `user_id`) VALUES ('50', '2024-09-24 11:20:28', 'GHZSJX', 'KVQN1O');
UPDATE `bv_updation` SET left_carry = left_carry+50, total_left = total_left+50
WHERE `user_id` = 'X3V7DJ';
INSERT INTO `placement_bv_update_history` (`left_carry`, `date`, `from_id`, `user_id`) VALUES ('50', '2024-09-24 11:20:28', 'GHZSJX', 'X3V7DJ');
UPDATE `bv_updation` SET left_carry = left_carry+50, total_left = total_left+50
WHERE `user_id` = 'DJ77NH';
INSERT INTO `placement_bv_update_history` (`left_carry`, `date`, `from_id`, `user_id`) VALUES ('50', '2024-09-24 11:20:28', 'GHZSJX', 'DJ77NH');
UPDATE `bv_updation` SET left_carry = left_carry+50, total_left = total_left+50
WHERE `user_id` = 'PX7XCL';
INSERT INTO `placement_bv_update_history` (`left_carry`, `date`, `from_id`, `user_id`) VALUES ('50', '2024-09-24 11:20:28', 'GHZSJX', 'PX7XCL');
UPDATE `bv_updation` SET left_carry = left_carry+50, total_left = total_left+50
WHERE `user_id` = 'L8PM4Z';
INSERT INTO `placement_bv_update_history` (`left_carry`, `date`, `from_id`, `user_id`) VALUES ('50', '2024-09-24 11:20:28', 'GHZSJX', 'L8PM4Z');
UPDATE `bv_updation` SET left_carry = left_carry+50, total_left = total_left+50
WHERE `user_id` = 'GBSIER';
INSERT INTO `placement_bv_update_history` (`left_carry`, `date`, `from_id`, `user_id`) VALUES ('50', '2024-09-24 11:20:28', 'GHZSJX', 'GBSIER');
UPDATE `bv_updation` SET left_carry = left_carry+50, total_left = total_left+50
WHERE `user_id` = 'AV48YQ';
INSERT INTO `placement_bv_update_history` (`left_carry`, `date`, `from_id`, `user_id`) VALUES ('50', '2024-09-24 11:20:28', 'GHZSJX', 'AV48YQ');
UPDATE `bv_updation` SET left_carry = left_carry+50, total_left = total_left+50
WHERE `user_id` = 'admin';
INSERT INTO `placement_bv_update_history` (`left_carry`, `date`, `from_id`, `user_id`) VALUES ('50', '2024-09-24 11:20:28', 'GHZSJX', 'admin');
INSERT INTO `package_purchase_history` (`user_id`, `package_id`, `reg_fee`, `package_name`, `monthly_fee`, `type`, `date`, `payment_option`) VALUES ('GHZSJX', '2', '595', 'Traveler Pro', '150', 'sign_up', '2024-09-24 11:20:28', 'free');
UPDATE `user_registration` SET `popup_seen` = 'yes'
WHERE `user_id` = 'RPHDET';
UPDATE `user_registration` SET `uid` = '2325', `user_id` = 'QFZLRP', `username` = 'frank5', `sponsor_id` = 'VDDUBG', `vacant` = 'no', `f_name` = 'Franciscop', `l_name` = 'prietop', `address` = '6520 Kendale Lakes Dr #1001', `position` = 'right', `email` = 'franciscop@gmail.com', `password` = '61df6f2517b331ae8323d0d3716740bd', `phone` = '3057610606', `country` = 'United States', `state` = 'Florida', `city` = 'Miami', `street` = '6520 Kendale Lakes Dr # 1001', `zip_code` = '33183', `reg_ip` = '172.70.254.99', `status` = 1, `package_id` = '2', `rank_id` = 1, `highest_rank` = 1, `created` = '2024-09-24 11:22:11', `subscription_date` = '2024-10-24', `google_secret` = 'QANY3C37DGVLKF7G'
WHERE `uid` = '2325';
INSERT INTO `user_registration` (`uid`, `user_id`, `username`, `sponsor_id`, `placement_id`, `vacant`, `f_name`, `l_name`, `address`, `position`, `email`, `password`, `phone`, `reg_ip`, `status`, `created`) VALUES (NULL, 'ZEUZRK', 'OEjPtSKj', 'QFZLRP', 'QFZLRP', 'yes', '', '', '', 'left', '@mail.com', '', '', '', 0, '2024-09-24 11:22:11');
INSERT INTO `user_registration` (`uid`, `user_id`, `username`, `sponsor_id`, `placement_id`, `vacant`, `f_name`, `l_name`, `address`, `position`, `email`, `password`, `phone`, `reg_ip`, `status`, `created`) VALUES (NULL, 'TLKIPH', 'ZxPVbOIx', 'QFZLRP', 'QFZLRP', 'yes', '', '', '', 'right', '@mail.com', '', '', '', 0, '2024-09-24 11:22:11');
INSERT INTO `bv_updation` (`user_id`) VALUES ('QFZLRP');
UPDATE `user_registration` SET total_ref_count = total_ref_count+1
WHERE `user_id` = 'VDDUBG';
UPDATE `user_registration` SET total_downlines = total_downlines+1
WHERE `user_id` = 'VDDUBG';
UPDATE `user_registration` SET right_downlines = right_downlines+1
WHERE `user_id` = 'VDDUBG';
UPDATE `user_registration` SET right_ref_count = right_ref_count+1
WHERE `user_id` = 'VDDUBG';
UPDATE `user_registration` SET active_right = active_right+1
WHERE `user_id` = 'VDDUBG';
UPDATE `user_registration` SET total_downlines = total_downlines+1
WHERE `user_id` = 'RPHDET';
UPDATE `user_registration` SET right_downlines = right_downlines+1
WHERE `user_id` = 'RPHDET';
UPDATE `user_registration` SET total_downlines = total_downlines+1
WHERE `user_id` = 'XYG89U';
UPDATE `user_registration` SET left_downlines = left_downlines+1
WHERE `user_id` = 'XYG89U';
UPDATE `user_registration` SET total_downlines = total_downlines+1
WHERE `user_id` = 'HTFY93';
UPDATE `user_registration` SET left_downlines = left_downlines+1
WHERE `user_id` = 'HTFY93';
UPDATE `user_registration` SET total_downlines = total_downlines+1
WHERE `user_id` = '3PR393';
UPDATE `user_registration` SET left_downlines = left_downlines+1
WHERE `user_id` = '3PR393';
UPDATE `user_registration` SET total_downlines = total_downlines+1
WHERE `user_id` = 'T3MRY1';
UPDATE `user_registration` SET left_downlines = left_downlines+1
WHERE `user_id` = 'T3MRY1';
UPDATE `user_registration` SET total_downlines = total_downlines+1
WHERE `user_id` = 'GTMCCK';
UPDATE `user_registration` SET left_downlines = left_downlines+1
WHERE `user_id` = 'GTMCCK';
UPDATE `user_registration` SET total_downlines = total_downlines+1
WHERE `user_id` = 'DLYMIF';
UPDATE `user_registration` SET left_downlines = left_downlines+1
WHERE `user_id` = 'DLYMIF';
UPDATE `user_registration` SET total_downlines = total_downlines+1
WHERE `user_id` = 'WGJ5KE';
UPDATE `user_registration` SET left_downlines = left_downlines+1
WHERE `user_id` = 'WGJ5KE';
UPDATE `user_registration` SET total_downlines = total_downlines+1
WHERE `user_id` = 'ORRJ3M';
UPDATE `user_registration` SET left_downlines = left_downlines+1
WHERE `user_id` = 'ORRJ3M';
UPDATE `user_registration` SET total_downlines = total_downlines+1
WHERE `user_id` = 'AA8V6V';
UPDATE `user_registration` SET left_downlines = left_downlines+1
WHERE `user_id` = 'AA8V6V';
UPDATE `user_registration` SET total_downlines = total_downlines+1
WHERE `user_id` = '61ME4O';
UPDATE `user_registration` SET left_downlines = left_downlines+1
WHERE `user_id` = '61ME4O';
UPDATE `user_registration` SET total_downlines = total_downlines+1
WHERE `user_id` = 'WS1SZZ';
UPDATE `user_registration` SET left_downlines = left_downlines+1
WHERE `user_id` = 'WS1SZZ';
UPDATE `user_registration` SET total_downlines = total_downlines+1
WHERE `user_id` = 'TBN4MZ';
UPDATE `user_registration` SET left_downlines = left_downlines+1
WHERE `user_id` = 'TBN4MZ';
UPDATE `user_registration` SET total_downlines = total_downlines+1
WHERE `user_id` = 'OEMJ8R';
UPDATE `user_registration` SET left_downlines = left_downlines+1
WHERE `user_id` = 'OEMJ8R';
UPDATE `user_registration` SET total_downlines = total_downlines+1
WHERE `user_id` = 'FXAYIE';
UPDATE `user_registration` SET left_downlines = left_downlines+1
WHERE `user_id` = 'FXAYIE';
UPDATE `user_registration` SET total_downlines = total_downlines+1
WHERE `user_id` = 'ELXZWC';
UPDATE `user_registration` SET left_downlines = left_downlines+1
WHERE `user_id` = 'ELXZWC';
UPDATE `user_registration` SET total_downlines = total_downlines+1
WHERE `user_id` = 'C1TQVI';
UPDATE `user_registration` SET left_downlines = left_downlines+1
WHERE `user_id` = 'C1TQVI';
UPDATE `user_registration` SET total_downlines = total_downlines+1
WHERE `user_id` = 'F5GPDF';
UPDATE `user_registration` SET left_downlines = left_downlines+1
WHERE `user_id` = 'F5GPDF';
UPDATE `user_registration` SET total_downlines = total_downlines+1
WHERE `user_id` = '91PYDK';
UPDATE `user_registration` SET left_downlines = left_downlines+1
WHERE `user_id` = '91PYDK';
UPDATE `user_registration` SET total_downlines = total_downlines+1
WHERE `user_id` = '4OT7RX';
UPDATE `user_registration` SET left_downlines = left_downlines+1
WHERE `user_id` = '4OT7RX';
UPDATE `user_registration` SET total_downlines = total_downlines+1
WHERE `user_id` = 'ZJZA3M';
UPDATE `user_registration` SET left_downlines = left_downlines+1
WHERE `user_id` = 'ZJZA3M';
UPDATE `user_registration` SET total_downlines = total_downlines+1
WHERE `user_id` = 'XN6ETC';
UPDATE `user_registration` SET left_downlines = left_downlines+1
WHERE `user_id` = 'XN6ETC';
UPDATE `user_registration` SET total_downlines = total_downlines+1
WHERE `user_id` = 'KVQN1O';
UPDATE `user_registration` SET left_downlines = left_downlines+1
WHERE `user_id` = 'KVQN1O';
UPDATE `user_registration` SET total_downlines = total_downlines+1
WHERE `user_id` = 'X3V7DJ';
UPDATE `user_registration` SET left_downlines = left_downlines+1
WHERE `user_id` = 'X3V7DJ';
UPDATE `user_registration` SET total_downlines = total_downlines+1
WHERE `user_id` = 'DJ77NH';
UPDATE `user_registration` SET left_downlines = left_downlines+1
WHERE `user_id` = 'DJ77NH';
UPDATE `user_registration` SET total_downlines = total_downlines+1
WHERE `user_id` = 'PX7XCL';
UPDATE `user_registration` SET left_downlines = left_downlines+1
WHERE `user_id` = 'PX7XCL';
UPDATE `user_registration` SET total_downlines = total_downlines+1
WHERE `user_id` = 'L8PM4Z';
UPDATE `user_registration` SET left_downlines = left_downlines+1
WHERE `user_id` = 'L8PM4Z';
UPDATE `user_registration` SET total_downlines = total_downlines+1
WHERE `user_id` = 'GBSIER';
UPDATE `user_registration` SET left_downlines = left_downlines+1
WHERE `user_id` = 'GBSIER';
UPDATE `user_registration` SET total_downlines = total_downlines+1
WHERE `user_id` = 'AV48YQ';
UPDATE `user_registration` SET left_downlines = left_downlines+1
WHERE `user_id` = 'AV48YQ';
UPDATE `user_registration` SET total_downlines = total_downlines+1
WHERE `user_id` = 'admin';
UPDATE `user_registration` SET left_downlines = left_downlines+1
WHERE `user_id` = 'admin';
INSERT INTO `investment` (`invest_date`, `user_id`, `type`, `amount`, `package_id`) VALUES ('2024-09-24 11:22:11', 'QFZLRP', 'register', '595', '2');
INSERT INTO `earnings` (`user_id`, `Purchaser_id`, `earning_type`, `package_id`, `amount`, `date`, `comments`, `invest_amount`, `comm_perc`, `level`, `rank_id`, `order_id`) VALUES ('VDDUBG', 'QFZLRP', 'Direct Referral Bonus', '2', '100', '2024-09-24 11:22:11', 'Direct Referral Bonus', 0, 0, 1, '', 6);
UPDATE `user_registration` SET commission_balance = ROUND(commission_balance + 100,2)
WHERE `user_id` = 'VDDUBG';
UPDATE `bv_updation` SET right_carry = right_carry+50, total_right = total_right+50
WHERE `user_id` = 'VDDUBG';
INSERT INTO `placement_bv_update_history` (`right_carry`, `date`, `from_id`, `user_id`) VALUES ('50', '2024-09-24 11:22:11', 'QFZLRP', 'VDDUBG');
UPDATE `bv_updation` SET sponsor_right_carry = sponsor_right_carry+50, sponsor_total_right = sponsor_total_right+50
WHERE `user_id` = 'VDDUBG';
INSERT INTO `sponsor_bv_update_history` (`right_carry`, `date`, `user_id`) VALUES ('50', '2024-09-24 11:22:11', 'VDDUBG');
UPDATE `bv_updation` SET right_carry = right_carry+50, total_right = total_right+50
WHERE `user_id` = 'RPHDET';
INSERT INTO `placement_bv_update_history` (`right_carry`, `date`, `from_id`, `user_id`) VALUES ('50', '2024-09-24 11:22:11', 'QFZLRP', 'RPHDET');
UPDATE `bv_updation` SET left_carry = left_carry+50, total_left = total_left+50
WHERE `user_id` = 'XYG89U';
INSERT INTO `placement_bv_update_history` (`left_carry`, `date`, `from_id`, `user_id`) VALUES ('50', '2024-09-24 11:22:11', 'QFZLRP', 'XYG89U');
UPDATE `bv_updation` SET left_carry = left_carry+50, total_left = total_left+50
WHERE `user_id` = 'HTFY93';
INSERT INTO `placement_bv_update_history` (`left_carry`, `date`, `from_id`, `user_id`) VALUES ('50', '2024-09-24 11:22:11', 'QFZLRP', 'HTFY93');
UPDATE `bv_updation` SET left_carry = left_carry+50, total_left = total_left+50
WHERE `user_id` = '3PR393';
INSERT INTO `placement_bv_update_history` (`left_carry`, `date`, `from_id`, `user_id`) VALUES ('50', '2024-09-24 11:22:11', 'QFZLRP', '3PR393');
UPDATE `bv_updation` SET left_carry = left_carry+50, total_left = total_left+50
WHERE `user_id` = 'T3MRY1';
INSERT INTO `placement_bv_update_history` (`left_carry`, `date`, `from_id`, `user_id`) VALUES ('50', '2024-09-24 11:22:11', 'QFZLRP', 'T3MRY1');
UPDATE `bv_updation` SET left_carry = left_carry+50, total_left = total_left+50
WHERE `user_id` = 'GTMCCK';
INSERT INTO `placement_bv_update_history` (`left_carry`, `date`, `from_id`, `user_id`) VALUES ('50', '2024-09-24 11:22:11', 'QFZLRP', 'GTMCCK');
UPDATE `bv_updation` SET left_carry = left_carry+50, total_left = total_left+50
WHERE `user_id` = 'DLYMIF';
INSERT INTO `placement_bv_update_history` (`left_carry`, `date`, `from_id`, `user_id`) VALUES ('50', '2024-09-24 11:22:11', 'QFZLRP', 'DLYMIF');
UPDATE `bv_updation` SET left_carry = left_carry+50, total_left = total_left+50
WHERE `user_id` = 'WGJ5KE';
INSERT INTO `placement_bv_update_history` (`left_carry`, `date`, `from_id`, `user_id`) VALUES ('50', '2024-09-24 11:22:11', 'QFZLRP', 'WGJ5KE');
UPDATE `bv_updation` SET left_carry = left_carry+50, total_left = total_left+50
WHERE `user_id` = 'ORRJ3M';
INSERT INTO `placement_bv_update_history` (`left_carry`, `date`, `from_id`, `user_id`) VALUES ('50', '2024-09-24 11:22:11', 'QFZLRP', 'ORRJ3M');
UPDATE `bv_updation` SET left_carry = left_carry+50, total_left = total_left+50
WHERE `user_id` = 'AA8V6V';
INSERT INTO `placement_bv_update_history` (`left_carry`, `date`, `from_id`, `user_id`) VALUES ('50', '2024-09-24 11:22:11', 'QFZLRP', 'AA8V6V');
UPDATE `bv_updation` SET left_carry = left_carry+50, total_left = total_left+50
WHERE `user_id` = '61ME4O';
INSERT INTO `placement_bv_update_history` (`left_carry`, `date`, `from_id`, `user_id`) VALUES ('50', '2024-09-24 11:22:11', 'QFZLRP', '61ME4O');
UPDATE `bv_updation` SET left_carry = left_carry+50, total_left = total_left+50
WHERE `user_id` = 'WS1SZZ';
INSERT INTO `placement_bv_update_history` (`left_carry`, `date`, `from_id`, `user_id`) VALUES ('50', '2024-09-24 11:22:11', 'QFZLRP', 'WS1SZZ');
UPDATE `bv_updation` SET left_carry = left_carry+50, total_left = total_left+50
WHERE `user_id` = 'TBN4MZ';
INSERT INTO `placement_bv_update_history` (`left_carry`, `date`, `from_id`, `user_id`) VALUES ('50', '2024-09-24 11:22:11', 'QFZLRP', 'TBN4MZ');
UPDATE `bv_updation` SET left_carry = left_carry+50, total_left = total_left+50
WHERE `user_id` = 'OEMJ8R';
INSERT INTO `placement_bv_update_history` (`left_carry`, `date`, `from_id`, `user_id`) VALUES ('50', '2024-09-24 11:22:11', 'QFZLRP', 'OEMJ8R');
UPDATE `bv_updation` SET left_carry = left_carry+50, total_left = total_left+50
WHERE `user_id` = 'FXAYIE';
INSERT INTO `placement_bv_update_history` (`left_carry`, `date`, `from_id`, `user_id`) VALUES ('50', '2024-09-24 11:22:11', 'QFZLRP', 'FXAYIE');
UPDATE `bv_updation` SET left_carry = left_carry+50, total_left = total_left+50
WHERE `user_id` = 'ELXZWC';
INSERT INTO `placement_bv_update_history` (`left_carry`, `date`, `from_id`, `user_id`) VALUES ('50', '2024-09-24 11:22:11', 'QFZLRP', 'ELXZWC');
UPDATE `bv_updation` SET left_carry = left_carry+50, total_left = total_left+50
WHERE `user_id` = 'C1TQVI';
INSERT INTO `placement_bv_update_history` (`left_carry`, `date`, `from_id`, `user_id`) VALUES ('50', '2024-09-24 11:22:11', 'QFZLRP', 'C1TQVI');
UPDATE `bv_updation` SET left_carry = left_carry+50, total_left = total_left+50
WHERE `user_id` = 'F5GPDF';
INSERT INTO `placement_bv_update_history` (`left_carry`, `date`, `from_id`, `user_id`) VALUES ('50', '2024-09-24 11:22:11', 'QFZLRP', 'F5GPDF');
UPDATE `bv_updation` SET left_carry = left_carry+50, total_left = total_left+50
WHERE `user_id` = '91PYDK';
INSERT INTO `placement_bv_update_history` (`left_carry`, `date`, `from_id`, `user_id`) VALUES ('50', '2024-09-24 11:22:11', 'QFZLRP', '91PYDK');
UPDATE `bv_updation` SET left_carry = left_carry+50, total_left = total_left+50
WHERE `user_id` = '4OT7RX';
INSERT INTO `placement_bv_update_history` (`left_carry`, `date`, `from_id`, `user_id`) VALUES ('50', '2024-09-24 11:22:11', 'QFZLRP', '4OT7RX');
UPDATE `bv_updation` SET left_carry = left_carry+50, total_left = total_left+50
WHERE `user_id` = 'ZJZA3M';
INSERT INTO `placement_bv_update_history` (`left_carry`, `date`, `from_id`, `user_id`) VALUES ('50', '2024-09-24 11:22:11', 'QFZLRP', 'ZJZA3M');
UPDATE `bv_updation` SET left_carry = left_carry+50, total_left = total_left+50
WHERE `user_id` = 'XN6ETC';
INSERT INTO `placement_bv_update_history` (`left_carry`, `date`, `from_id`, `user_id`) VALUES ('50', '2024-09-24 11:22:11', 'QFZLRP', 'XN6ETC');
UPDATE `bv_updation` SET left_carry = left_carry+50, total_left = total_left+50
WHERE `user_id` = 'KVQN1O';
INSERT INTO `placement_bv_update_history` (`left_carry`, `date`, `from_id`, `user_id`) VALUES ('50', '2024-09-24 11:22:11', 'QFZLRP', 'KVQN1O');
UPDATE `bv_updation` SET left_carry = left_carry+50, total_left = total_left+50
WHERE `user_id` = 'X3V7DJ';
INSERT INTO `placement_bv_update_history` (`left_carry`, `date`, `from_id`, `user_id`) VALUES ('50', '2024-09-24 11:22:11', 'QFZLRP', 'X3V7DJ');
UPDATE `bv_updation` SET left_carry = left_carry+50, total_left = total_left+50
WHERE `user_id` = 'DJ77NH';
INSERT INTO `placement_bv_update_history` (`left_carry`, `date`, `from_id`, `user_id`) VALUES ('50', '2024-09-24 11:22:11', 'QFZLRP', 'DJ77NH');
UPDATE `bv_updation` SET left_carry = left_carry+50, total_left = total_left+50
WHERE `user_id` = 'PX7XCL';
INSERT INTO `placement_bv_update_history` (`left_carry`, `date`, `from_id`, `user_id`) VALUES ('50', '2024-09-24 11:22:11', 'QFZLRP', 'PX7XCL');
UPDATE `bv_updation` SET left_carry = left_carry+50, total_left = total_left+50
WHERE `user_id` = 'L8PM4Z';
INSERT INTO `placement_bv_update_history` (`left_carry`, `date`, `from_id`, `user_id`) VALUES ('50', '2024-09-24 11:22:11', 'QFZLRP', 'L8PM4Z');
UPDATE `bv_updation` SET left_carry = left_carry+50, total_left = total_left+50
WHERE `user_id` = 'GBSIER';
INSERT INTO `placement_bv_update_history` (`left_carry`, `date`, `from_id`, `user_id`) VALUES ('50', '2024-09-24 11:22:11', 'QFZLRP', 'GBSIER');
UPDATE `bv_updation` SET left_carry = left_carry+50, total_left = total_left+50
WHERE `user_id` = 'AV48YQ';
INSERT INTO `placement_bv_update_history` (`left_carry`, `date`, `from_id`, `user_id`) VALUES ('50', '2024-09-24 11:22:11', 'QFZLRP', 'AV48YQ');
UPDATE `bv_updation` SET left_carry = left_carry+50, total_left = total_left+50
WHERE `user_id` = 'admin';
INSERT INTO `placement_bv_update_history` (`left_carry`, `date`, `from_id`, `user_id`) VALUES ('50', '2024-09-24 11:22:11', 'QFZLRP', 'admin');
INSERT INTO `package_purchase_history` (`user_id`, `package_id`, `reg_fee`, `package_name`, `monthly_fee`, `type`, `date`, `payment_option`) VALUES ('QFZLRP', '2', '595', 'Traveler Pro', '150', 'sign_up', '2024-09-24 11:22:11', 'free');
UPDATE `user_registration` SET `popup_seen` = 'yes'
WHERE `user_id` = 'VDDUBG';
UPDATE `ci_sessions` SET `timestamp` = 1727194945, `data` = '__ci_last_regenerate|i:1727194945;id|s:4:\"2314\";user_id|s:6:\"RPHDET\";username|s:7:\"emilio5\";sponsor_id|s:6:\"ZJZA3M\";fullname|s:16:\"Emiliop tapanesp\";email|s:17:\"emilio5@gmail.com\";phone|s:10:\"7862876762\";isLogIn|b:1;'
WHERE `id` = '5ef003b3fb55708e5dca434c1b7cef1395c6c449';
UPDATE `user_registration` SET `uid` = '2326', `user_id` = 'KPP775', `username` = 'rosmery5', `sponsor_id` = 'RPHDET', `vacant` = 'no', `f_name` = 'Rosmeryp', `l_name` = 'Gomezp', `address` = '8100 sw 14 terr', `position` = 'left', `email` = 'rosmery5@gmail.com', `password` = 'e388a7bfe0a4585384aa016542dad450', `phone` = '7862876762', `country` = 'United States', `state` = 'Florida', `city` = 'Miami', `street` = '8100 sw 14 terr', `zip_code` = '33144', `reg_ip` = '172.70.83.105', `status` = 1, `package_id` = '2', `rank_id` = 1, `highest_rank` = 1, `created` = '2024-09-24 11:22:25', `subscription_date` = '2024-10-24', `google_secret` = 'AP4NYP4HQKV3ERP6'
WHERE `uid` = '2326';
INSERT INTO `user_registration` (`uid`, `user_id`, `username`, `sponsor_id`, `placement_id`, `vacant`, `f_name`, `l_name`, `address`, `position`, `email`, `password`, `phone`, `reg_ip`, `status`, `created`) VALUES (NULL, 'ONXTPU', 'chEHloWH', 'KPP775', 'KPP775', 'yes', '', '', '', 'left', '@mail.com', '', '', '', 0, '2024-09-24 11:22:25');
INSERT INTO `user_registration` (`uid`, `user_id`, `username`, `sponsor_id`, `placement_id`, `vacant`, `f_name`, `l_name`, `address`, `position`, `email`, `password`, `phone`, `reg_ip`, `status`, `created`) VALUES (NULL, 'CDUZMN', 'TvMeEWrh', 'KPP775', 'KPP775', 'yes', '', '', '', 'right', '@mail.com', '', '', '', 0, '2024-09-24 11:22:25');
INSERT INTO `bv_updation` (`user_id`) VALUES ('KPP775');
UPDATE `user_registration` SET total_ref_count = total_ref_count+1
WHERE `user_id` = 'RPHDET';
UPDATE `user_registration` SET total_downlines = total_downlines+1
WHERE `user_id` = 'GHZSJX';
UPDATE `user_registration` SET left_downlines = left_downlines+1
WHERE `user_id` = 'GHZSJX';
UPDATE `user_registration` SET total_downlines = total_downlines+1
WHERE `user_id` = 'RPHDET';
UPDATE `user_registration` SET left_downlines = left_downlines+1
WHERE `user_id` = 'RPHDET';
UPDATE `user_registration` SET left_ref_count = left_ref_count+1
WHERE `user_id` = 'RPHDET';
UPDATE `user_registration` SET active_left = active_left+1
WHERE `user_id` = 'RPHDET';
UPDATE `user_registration` SET `binary_qualified` = 'yes'
WHERE `user_id` = 'RPHDET';
UPDATE `user_registration` SET total_downlines = total_downlines+1
WHERE `user_id` = 'XYG89U';
UPDATE `user_registration` SET left_downlines = left_downlines+1
WHERE `user_id` = 'XYG89U';
UPDATE `user_registration` SET total_downlines = total_downlines+1
WHERE `user_id` = 'HTFY93';
UPDATE `user_registration` SET left_downlines = left_downlines+1
WHERE `user_id` = 'HTFY93';
UPDATE `user_registration` SET total_downlines = total_downlines+1
WHERE `user_id` = '3PR393';
UPDATE `user_registration` SET left_downlines = left_downlines+1
WHERE `user_id` = '3PR393';
UPDATE `user_registration` SET total_downlines = total_downlines+1
WHERE `user_id` = 'T3MRY1';
UPDATE `user_registration` SET left_downlines = left_downlines+1
WHERE `user_id` = 'T3MRY1';
UPDATE `user_registration` SET total_downlines = total_downlines+1
WHERE `user_id` = 'GTMCCK';
UPDATE `user_registration` SET left_downlines = left_downlines+1
WHERE `user_id` = 'GTMCCK';
UPDATE `user_registration` SET total_downlines = total_downlines+1
WHERE `user_id` = 'DLYMIF';
UPDATE `user_registration` SET left_downlines = left_downlines+1
WHERE `user_id` = 'DLYMIF';
UPDATE `user_registration` SET total_downlines = total_downlines+1
WHERE `user_id` = 'WGJ5KE';
UPDATE `user_registration` SET left_downlines = left_downlines+1
WHERE `user_id` = 'WGJ5KE';
UPDATE `user_registration` SET total_downlines = total_downlines+1
WHERE `user_id` = 'ORRJ3M';
UPDATE `user_registration` SET left_downlines = left_downlines+1
WHERE `user_id` = 'ORRJ3M';
UPDATE `user_registration` SET total_downlines = total_downlines+1
WHERE `user_id` = 'AA8V6V';
UPDATE `user_registration` SET left_downlines = left_downlines+1
WHERE `user_id` = 'AA8V6V';
UPDATE `user_registration` SET total_downlines = total_downlines+1
WHERE `user_id` = '61ME4O';
UPDATE `user_registration` SET left_downlines = left_downlines+1
WHERE `user_id` = '61ME4O';
UPDATE `user_registration` SET total_downlines = total_downlines+1
WHERE `user_id` = 'WS1SZZ';
UPDATE `user_registration` SET left_downlines = left_downlines+1
WHERE `user_id` = 'WS1SZZ';
UPDATE `user_registration` SET total_downlines = total_downlines+1
WHERE `user_id` = 'TBN4MZ';
UPDATE `user_registration` SET left_downlines = left_downlines+1
WHERE `user_id` = 'TBN4MZ';
UPDATE `user_registration` SET total_downlines = total_downlines+1
WHERE `user_id` = 'OEMJ8R';
UPDATE `user_registration` SET left_downlines = left_downlines+1
WHERE `user_id` = 'OEMJ8R';
UPDATE `user_registration` SET total_downlines = total_downlines+1
WHERE `user_id` = 'FXAYIE';
UPDATE `user_registration` SET left_downlines = left_downlines+1
WHERE `user_id` = 'FXAYIE';
UPDATE `user_registration` SET total_downlines = total_downlines+1
WHERE `user_id` = 'ELXZWC';
UPDATE `user_registration` SET left_downlines = left_downlines+1
WHERE `user_id` = 'ELXZWC';
UPDATE `user_registration` SET total_downlines = total_downlines+1
WHERE `user_id` = 'C1TQVI';
UPDATE `user_registration` SET left_downlines = left_downlines+1
WHERE `user_id` = 'C1TQVI';
UPDATE `user_registration` SET total_downlines = total_downlines+1
WHERE `user_id` = 'F5GPDF';
UPDATE `user_registration` SET left_downlines = left_downlines+1
WHERE `user_id` = 'F5GPDF';
UPDATE `user_registration` SET total_downlines = total_downlines+1
WHERE `user_id` = '91PYDK';
UPDATE `user_registration` SET left_downlines = left_downlines+1
WHERE `user_id` = '91PYDK';
UPDATE `user_registration` SET total_downlines = total_downlines+1
WHERE `user_id` = '4OT7RX';
UPDATE `user_registration` SET left_downlines = left_downlines+1
WHERE `user_id` = '4OT7RX';
UPDATE `user_registration` SET total_downlines = total_downlines+1
WHERE `user_id` = 'ZJZA3M';
UPDATE `user_registration` SET left_downlines = left_downlines+1
WHERE `user_id` = 'ZJZA3M';
UPDATE `user_registration` SET total_downlines = total_downlines+1
WHERE `user_id` = 'XN6ETC';
UPDATE `user_registration` SET left_downlines = left_downlines+1
WHERE `user_id` = 'XN6ETC';
UPDATE `user_registration` SET total_downlines = total_downlines+1
WHERE `user_id` = 'KVQN1O';
UPDATE `user_registration` SET left_downlines = left_downlines+1
WHERE `user_id` = 'KVQN1O';
UPDATE `user_registration` SET total_downlines = total_downlines+1
WHERE `user_id` = 'X3V7DJ';
UPDATE `user_registration` SET left_downlines = left_downlines+1
WHERE `user_id` = 'X3V7DJ';
UPDATE `user_registration` SET total_downlines = total_downlines+1
WHERE `user_id` = 'DJ77NH';
UPDATE `user_registration` SET left_downlines = left_downlines+1
WHERE `user_id` = 'DJ77NH';
UPDATE `user_registration` SET total_downlines = total_downlines+1
WHERE `user_id` = 'PX7XCL';
UPDATE `user_registration` SET left_downlines = left_downlines+1
WHERE `user_id` = 'PX7XCL';
UPDATE `user_registration` SET total_downlines = total_downlines+1
WHERE `user_id` = 'L8PM4Z';
UPDATE `user_registration` SET left_downlines = left_downlines+1
WHERE `user_id` = 'L8PM4Z';
UPDATE `user_registration` SET total_downlines = total_downlines+1
WHERE `user_id` = 'GBSIER';
UPDATE `user_registration` SET left_downlines = left_downlines+1
WHERE `user_id` = 'GBSIER';
UPDATE `user_registration` SET total_downlines = total_downlines+1
WHERE `user_id` = 'AV48YQ';
UPDATE `user_registration` SET left_downlines = left_downlines+1
WHERE `user_id` = 'AV48YQ';
UPDATE `user_registration` SET total_downlines = total_downlines+1
WHERE `user_id` = 'admin';
UPDATE `user_registration` SET left_downlines = left_downlines+1
WHERE `user_id` = 'admin';
INSERT INTO `investment` (`invest_date`, `user_id`, `type`, `amount`, `package_id`) VALUES ('2024-09-24 11:22:25', 'KPP775', 'register', '595', '2');
INSERT INTO `earnings` (`user_id`, `Purchaser_id`, `earning_type`, `package_id`, `amount`, `date`, `comments`, `invest_amount`, `comm_perc`, `level`, `rank_id`, `order_id`) VALUES ('RPHDET', 'KPP775', 'Direct Referral Bonus', '2', '100', '2024-09-24 11:22:25', 'Direct Referral Bonus', 0, 0, 1, '', 7);
UPDATE `user_registration` SET commission_balance = ROUND(commission_balance + 100,2)
WHERE `user_id` = 'RPHDET';
UPDATE `bv_updation` SET left_carry = left_carry+50, total_left = total_left+50
WHERE `user_id` = 'GHZSJX';
INSERT INTO `placement_bv_update_history` (`left_carry`, `date`, `from_id`, `user_id`) VALUES ('50', '2024-09-24 11:22:25', 'KPP775', 'GHZSJX');
UPDATE `bv_updation` SET left_carry = left_carry+50, total_left = total_left+50
WHERE `user_id` = 'RPHDET';
INSERT INTO `placement_bv_update_history` (`left_carry`, `date`, `from_id`, `user_id`) VALUES ('50', '2024-09-24 11:22:25', 'KPP775', 'RPHDET');
UPDATE `bv_updation` SET sponsor_left_carry = sponsor_left_carry+50, sponsor_total_left = sponsor_total_left+50
WHERE `user_id` = 'RPHDET';
INSERT INTO `sponsor_bv_update_history` (`left_carry`, `date`, `user_id`) VALUES ('50', '2024-09-24 11:22:25', 'RPHDET');
UPDATE `bv_updation` SET left_carry = left_carry+50, total_left = total_left+50
WHERE `user_id` = 'XYG89U';
INSERT INTO `placement_bv_update_history` (`left_carry`, `date`, `from_id`, `user_id`) VALUES ('50', '2024-09-24 11:22:25', 'KPP775', 'XYG89U');
UPDATE `bv_updation` SET left_carry = left_carry+50, total_left = total_left+50
WHERE `user_id` = 'HTFY93';
INSERT INTO `placement_bv_update_history` (`left_carry`, `date`, `from_id`, `user_id`) VALUES ('50', '2024-09-24 11:22:25', 'KPP775', 'HTFY93');
UPDATE `bv_updation` SET left_carry = left_carry+50, total_left = total_left+50
WHERE `user_id` = '3PR393';
INSERT INTO `placement_bv_update_history` (`left_carry`, `date`, `from_id`, `user_id`) VALUES ('50', '2024-09-24 11:22:25', 'KPP775', '3PR393');
UPDATE `bv_updation` SET left_carry = left_carry+50, total_left = total_left+50
WHERE `user_id` = 'T3MRY1';
INSERT INTO `placement_bv_update_history` (`left_carry`, `date`, `from_id`, `user_id`) VALUES ('50', '2024-09-24 11:22:25', 'KPP775', 'T3MRY1');
UPDATE `bv_updation` SET left_carry = left_carry+50, total_left = total_left+50
WHERE `user_id` = 'GTMCCK';
INSERT INTO `placement_bv_update_history` (`left_carry`, `date`, `from_id`, `user_id`) VALUES ('50', '2024-09-24 11:22:25', 'KPP775', 'GTMCCK');
UPDATE `bv_updation` SET left_carry = left_carry+50, total_left = total_left+50
WHERE `user_id` = 'DLYMIF';
INSERT INTO `placement_bv_update_history` (`left_carry`, `date`, `from_id`, `user_id`) VALUES ('50', '2024-09-24 11:22:25', 'KPP775', 'DLYMIF');
UPDATE `bv_updation` SET left_carry = left_carry+50, total_left = total_left+50
WHERE `user_id` = 'WGJ5KE';
INSERT INTO `placement_bv_update_history` (`left_carry`, `date`, `from_id`, `user_id`) VALUES ('50', '2024-09-24 11:22:25', 'KPP775', 'WGJ5KE');
UPDATE `bv_updation` SET left_carry = left_carry+50, total_left = total_left+50
WHERE `user_id` = 'ORRJ3M';
INSERT INTO `placement_bv_update_history` (`left_carry`, `date`, `from_id`, `user_id`) VALUES ('50', '2024-09-24 11:22:25', 'KPP775', 'ORRJ3M');
UPDATE `bv_updation` SET left_carry = left_carry+50, total_left = total_left+50
WHERE `user_id` = 'AA8V6V';
INSERT INTO `placement_bv_update_history` (`left_carry`, `date`, `from_id`, `user_id`) VALUES ('50', '2024-09-24 11:22:25', 'KPP775', 'AA8V6V');
UPDATE `bv_updation` SET left_carry = left_carry+50, total_left = total_left+50
WHERE `user_id` = '61ME4O';
INSERT INTO `placement_bv_update_history` (`left_carry`, `date`, `from_id`, `user_id`) VALUES ('50', '2024-09-24 11:22:25', 'KPP775', '61ME4O');
UPDATE `bv_updation` SET left_carry = left_carry+50, total_left = total_left+50
WHERE `user_id` = 'WS1SZZ';
INSERT INTO `placement_bv_update_history` (`left_carry`, `date`, `from_id`, `user_id`) VALUES ('50', '2024-09-24 11:22:25', 'KPP775', 'WS1SZZ');
UPDATE `bv_updation` SET left_carry = left_carry+50, total_left = total_left+50
WHERE `user_id` = 'TBN4MZ';
INSERT INTO `placement_bv_update_history` (`left_carry`, `date`, `from_id`, `user_id`) VALUES ('50', '2024-09-24 11:22:25', 'KPP775', 'TBN4MZ');
UPDATE `bv_updation` SET left_carry = left_carry+50, total_left = total_left+50
WHERE `user_id` = 'OEMJ8R';
INSERT INTO `placement_bv_update_history` (`left_carry`, `date`, `from_id`, `user_id`) VALUES ('50', '2024-09-24 11:22:25', 'KPP775', 'OEMJ8R');
UPDATE `bv_updation` SET left_carry = left_carry+50, total_left = total_left+50
WHERE `user_id` = 'FXAYIE';
INSERT INTO `placement_bv_update_history` (`left_carry`, `date`, `from_id`, `user_id`) VALUES ('50', '2024-09-24 11:22:25', 'KPP775', 'FXAYIE');
UPDATE `bv_updation` SET left_carry = left_carry+50, total_left = total_left+50
WHERE `user_id` = 'ELXZWC';
INSERT INTO `placement_bv_update_history` (`left_carry`, `date`, `from_id`, `user_id`) VALUES ('50', '2024-09-24 11:22:25', 'KPP775', 'ELXZWC');
UPDATE `bv_updation` SET left_carry = left_carry+50, total_left = total_left+50
WHERE `user_id` = 'C1TQVI';
INSERT INTO `placement_bv_update_history` (`left_carry`, `date`, `from_id`, `user_id`) VALUES ('50', '2024-09-24 11:22:25', 'KPP775', 'C1TQVI');
UPDATE `bv_updation` SET left_carry = left_carry+50, total_left = total_left+50
WHERE `user_id` = 'F5GPDF';
INSERT INTO `placement_bv_update_history` (`left_carry`, `date`, `from_id`, `user_id`) VALUES ('50', '2024-09-24 11:22:25', 'KPP775', 'F5GPDF');
UPDATE `bv_updation` SET left_carry = left_carry+50, total_left = total_left+50
WHERE `user_id` = '91PYDK';
INSERT INTO `placement_bv_update_history` (`left_carry`, `date`, `from_id`, `user_id`) VALUES ('50', '2024-09-24 11:22:25', 'KPP775', '91PYDK');
UPDATE `bv_updation` SET left_carry = left_carry+50, total_left = total_left+50
WHERE `user_id` = '4OT7RX';
INSERT INTO `placement_bv_update_history` (`left_carry`, `date`, `from_id`, `user_id`) VALUES ('50', '2024-09-24 11:22:25', 'KPP775', '4OT7RX');
UPDATE `bv_updation` SET left_carry = left_carry+50, total_left = total_left+50
WHERE `user_id` = 'ZJZA3M';
INSERT INTO `placement_bv_update_history` (`left_carry`, `date`, `from_id`, `user_id`) VALUES ('50', '2024-09-24 11:22:25', 'KPP775', 'ZJZA3M');
UPDATE `bv_updation` SET left_carry = left_carry+50, total_left = total_left+50
WHERE `user_id` = 'XN6ETC';
INSERT INTO `placement_bv_update_history` (`left_carry`, `date`, `from_id`, `user_id`) VALUES ('50', '2024-09-24 11:22:25', 'KPP775', 'XN6ETC');
UPDATE `bv_updation` SET left_carry = left_carry+50, total_left = total_left+50
WHERE `user_id` = 'KVQN1O';
INSERT INTO `placement_bv_update_history` (`left_carry`, `date`, `from_id`, `user_id`) VALUES ('50', '2024-09-24 11:22:25', 'KPP775', 'KVQN1O');
UPDATE `bv_updation` SET left_carry = left_carry+50, total_left = total_left+50
WHERE `user_id` = 'X3V7DJ';
INSERT INTO `placement_bv_update_history` (`left_carry`, `date`, `from_id`, `user_id`) VALUES ('50', '2024-09-24 11:22:25', 'KPP775', 'X3V7DJ');
UPDATE `bv_updation` SET left_carry = left_carry+50, total_left = total_left+50
WHERE `user_id` = 'DJ77NH';
INSERT INTO `placement_bv_update_history` (`left_carry`, `date`, `from_id`, `user_id`) VALUES ('50', '2024-09-24 11:22:25', 'KPP775', 'DJ77NH');
UPDATE `bv_updation` SET left_carry = left_carry+50, total_left = total_left+50
WHERE `user_id` = 'PX7XCL';
INSERT INTO `placement_bv_update_history` (`left_carry`, `date`, `from_id`, `user_id`) VALUES ('50', '2024-09-24 11:22:25', 'KPP775', 'PX7XCL');
UPDATE `bv_updation` SET left_carry = left_carry+50, total_left = total_left+50
WHERE `user_id` = 'L8PM4Z';
INSERT INTO `placement_bv_update_history` (`left_carry`, `date`, `from_id`, `user_id`) VALUES ('50', '2024-09-24 11:22:25', 'KPP775', 'L8PM4Z');
UPDATE `bv_updation` SET left_carry = left_carry+50, total_left = total_left+50
WHERE `user_id` = 'GBSIER';
INSERT INTO `placement_bv_update_history` (`left_carry`, `date`, `from_id`, `user_id`) VALUES ('50', '2024-09-24 11:22:25', 'KPP775', 'GBSIER');
UPDATE `bv_updation` SET left_carry = left_carry+50, total_left = total_left+50
WHERE `user_id` = 'AV48YQ';
INSERT INTO `placement_bv_update_history` (`left_carry`, `date`, `from_id`, `user_id`) VALUES ('50', '2024-09-24 11:22:25', 'KPP775', 'AV48YQ');
UPDATE `bv_updation` SET left_carry = left_carry+50, total_left = total_left+50
WHERE `user_id` = 'admin';
INSERT INTO `placement_bv_update_history` (`left_carry`, `date`, `from_id`, `user_id`) VALUES ('50', '2024-09-24 11:22:25', 'KPP775', 'admin');
INSERT INTO `package_purchase_history` (`user_id`, `package_id`, `reg_fee`, `package_name`, `monthly_fee`, `type`, `date`, `payment_option`) VALUES ('KPP775', '2', '595', 'Traveler Pro', '150', 'sign_up', '2024-09-24 11:22:25', 'free');
UPDATE `user_registration` SET `popup_seen` = 'yes'
WHERE `user_id` = 'RPHDET';
UPDATE `ci_sessions` SET `timestamp` = 1727194984, `data` = '__ci_last_regenerate|i:1727194984;id|s:4:\"2323\";user_id|s:6:\"VDDUBG\";username|s:7:\"rafael5\";sponsor_id|s:6:\"RPHDET\";fullname|s:18:\"Rafaelp Rodriguezp\";email|s:17:\"rafael5@gmail.com\";phone|s:10:\"7862876762\";isLogIn|b:1;'
WHERE `id` = '57c7e631b5176f12861e802a9b9855d729c8a424';
UPDATE `user_registration` SET `uid` = '2324', `user_id` = 'NECHFX', `username` = 'ramoncito5', `sponsor_id` = 'VDDUBG', `vacant` = 'no', `f_name` = 'Ramoncitop', `l_name` = 'Fernandezp', `address` = '6520 Kendale Lakes Dr # 1001', `position` = 'left', `email` = 'ramoncitop@gmail.com', `password` = 'a0c8b1e6278c6bfddf2c883f921d4839', `phone` = '3057610606', `country` = 'United States', `state` = 'Florida', `city` = 'Miami', `street` = '6520 Kendale Lakes Dr # 1001', `zip_code` = '33183', `reg_ip` = '172.71.156.140', `status` = 1, `package_id` = '2', `rank_id` = 1, `highest_rank` = 1, `created` = '2024-09-24 11:25:24', `subscription_date` = '2024-10-24', `google_secret` = 'JRMWJAY26BKIHNM6'
WHERE `uid` = '2324';
INSERT INTO `user_registration` (`uid`, `user_id`, `username`, `sponsor_id`, `placement_id`, `vacant`, `f_name`, `l_name`, `address`, `position`, `email`, `password`, `phone`, `reg_ip`, `status`, `created`) VALUES (NULL, 'IEALUW', 'gTtttNOW', 'NECHFX', 'NECHFX', 'yes', '', '', '', 'left', '@mail.com', '', '', '', 0, '2024-09-24 11:25:24');
INSERT INTO `user_registration` (`uid`, `user_id`, `username`, `sponsor_id`, `placement_id`, `vacant`, `f_name`, `l_name`, `address`, `position`, `email`, `password`, `phone`, `reg_ip`, `status`, `created`) VALUES (NULL, 'MPFJDD', 'MEmZxThW', 'NECHFX', 'NECHFX', 'yes', '', '', '', 'right', '@mail.com', '', '', '', 0, '2024-09-24 11:25:24');
INSERT INTO `bv_updation` (`user_id`) VALUES ('NECHFX');
UPDATE `user_registration` SET total_ref_count = total_ref_count+1
WHERE `user_id` = 'VDDUBG';
UPDATE `user_registration` SET total_downlines = total_downlines+1
WHERE `user_id` = 'VDDUBG';
UPDATE `user_registration` SET left_downlines = left_downlines+1
WHERE `user_id` = 'VDDUBG';
UPDATE `user_registration` SET left_ref_count = left_ref_count+1
WHERE `user_id` = 'VDDUBG';
UPDATE `user_registration` SET active_left = active_left+1
WHERE `user_id` = 'VDDUBG';
UPDATE `bv_updation` SET `left_carry` = 0, `right_carry` = 50
WHERE `user_id` = 'VDDUBG';
UPDATE `user_registration` SET `binary_qualified` = 'yes'
WHERE `user_id` = 'VDDUBG';
UPDATE `user_registration` SET total_downlines = total_downlines+1
WHERE `user_id` = 'RPHDET';
UPDATE `user_registration` SET right_downlines = right_downlines+1
WHERE `user_id` = 'RPHDET';
UPDATE `user_registration` SET total_downlines = total_downlines+1
WHERE `user_id` = 'XYG89U';
UPDATE `user_registration` SET left_downlines = left_downlines+1
WHERE `user_id` = 'XYG89U';
UPDATE `user_registration` SET total_downlines = total_downlines+1
WHERE `user_id` = 'HTFY93';
UPDATE `user_registration` SET left_downlines = left_downlines+1
WHERE `user_id` = 'HTFY93';
UPDATE `user_registration` SET total_downlines = total_downlines+1
WHERE `user_id` = '3PR393';
UPDATE `user_registration` SET left_downlines = left_downlines+1
WHERE `user_id` = '3PR393';
UPDATE `user_registration` SET total_downlines = total_downlines+1
WHERE `user_id` = 'T3MRY1';
UPDATE `user_registration` SET left_downlines = left_downlines+1
WHERE `user_id` = 'T3MRY1';
UPDATE `user_registration` SET total_downlines = total_downlines+1
WHERE `user_id` = 'GTMCCK';
UPDATE `user_registration` SET left_downlines = left_downlines+1
WHERE `user_id` = 'GTMCCK';
UPDATE `user_registration` SET total_downlines = total_downlines+1
WHERE `user_id` = 'DLYMIF';
UPDATE `user_registration` SET left_downlines = left_downlines+1
WHERE `user_id` = 'DLYMIF';
UPDATE `user_registration` SET total_downlines = total_downlines+1
WHERE `user_id` = 'WGJ5KE';
UPDATE `user_registration` SET left_downlines = left_downlines+1
WHERE `user_id` = 'WGJ5KE';
UPDATE `user_registration` SET total_downlines = total_downlines+1
WHERE `user_id` = 'ORRJ3M';
UPDATE `user_registration` SET left_downlines = left_downlines+1
WHERE `user_id` = 'ORRJ3M';
UPDATE `user_registration` SET total_downlines = total_downlines+1
WHERE `user_id` = 'AA8V6V';
UPDATE `user_registration` SET left_downlines = left_downlines+1
WHERE `user_id` = 'AA8V6V';
UPDATE `user_registration` SET total_downlines = total_downlines+1
WHERE `user_id` = '61ME4O';
UPDATE `user_registration` SET left_downlines = left_downlines+1
WHERE `user_id` = '61ME4O';
UPDATE `user_registration` SET total_downlines = total_downlines+1
WHERE `user_id` = 'WS1SZZ';
UPDATE `user_registration` SET left_downlines = left_downlines+1
WHERE `user_id` = 'WS1SZZ';
UPDATE `user_registration` SET total_downlines = total_downlines+1
WHERE `user_id` = 'TBN4MZ';
UPDATE `user_registration` SET left_downlines = left_downlines+1
WHERE `user_id` = 'TBN4MZ';
UPDATE `user_registration` SET total_downlines = total_downlines+1
WHERE `user_id` = 'OEMJ8R';
UPDATE `user_registration` SET left_downlines = left_downlines+1
WHERE `user_id` = 'OEMJ8R';
UPDATE `user_registration` SET total_downlines = total_downlines+1
WHERE `user_id` = 'FXAYIE';
UPDATE `user_registration` SET left_downlines = left_downlines+1
WHERE `user_id` = 'FXAYIE';
UPDATE `user_registration` SET total_downlines = total_downlines+1
WHERE `user_id` = 'ELXZWC';
UPDATE `user_registration` SET left_downlines = left_downlines+1
WHERE `user_id` = 'ELXZWC';
UPDATE `user_registration` SET total_downlines = total_downlines+1
WHERE `user_id` = 'C1TQVI';
UPDATE `user_registration` SET left_downlines = left_downlines+1
WHERE `user_id` = 'C1TQVI';
UPDATE `user_registration` SET total_downlines = total_downlines+1
WHERE `user_id` = 'F5GPDF';
UPDATE `user_registration` SET left_downlines = left_downlines+1
WHERE `user_id` = 'F5GPDF';
UPDATE `user_registration` SET total_downlines = total_downlines+1
WHERE `user_id` = '91PYDK';
UPDATE `user_registration` SET left_downlines = left_downlines+1
WHERE `user_id` = '91PYDK';
UPDATE `user_registration` SET total_downlines = total_downlines+1
WHERE `user_id` = '4OT7RX';
UPDATE `user_registration` SET left_downlines = left_downlines+1
WHERE `user_id` = '4OT7RX';
UPDATE `user_registration` SET total_downlines = total_downlines+1
WHERE `user_id` = 'ZJZA3M';
UPDATE `user_registration` SET left_downlines = left_downlines+1
WHERE `user_id` = 'ZJZA3M';
UPDATE `user_registration` SET total_downlines = total_downlines+1
WHERE `user_id` = 'XN6ETC';
UPDATE `user_registration` SET left_downlines = left_downlines+1
WHERE `user_id` = 'XN6ETC';
UPDATE `user_registration` SET total_downlines = total_downlines+1
WHERE `user_id` = 'KVQN1O';
UPDATE `user_registration` SET left_downlines = left_downlines+1
WHERE `user_id` = 'KVQN1O';
UPDATE `user_registration` SET total_downlines = total_downlines+1
WHERE `user_id` = 'X3V7DJ';
UPDATE `user_registration` SET left_downlines = left_downlines+1
WHERE `user_id` = 'X3V7DJ';
UPDATE `user_registration` SET total_downlines = total_downlines+1
WHERE `user_id` = 'DJ77NH';
UPDATE `user_registration` SET left_downlines = left_downlines+1
WHERE `user_id` = 'DJ77NH';
UPDATE `user_registration` SET total_downlines = total_downlines+1
WHERE `user_id` = 'PX7XCL';
UPDATE `user_registration` SET left_downlines = left_downlines+1
WHERE `user_id` = 'PX7XCL';
UPDATE `user_registration` SET total_downlines = total_downlines+1
WHERE `user_id` = 'L8PM4Z';
UPDATE `user_registration` SET left_downlines = left_downlines+1
WHERE `user_id` = 'L8PM4Z';
UPDATE `user_registration` SET total_downlines = total_downlines+1
WHERE `user_id` = 'GBSIER';
UPDATE `user_registration` SET left_downlines = left_downlines+1
WHERE `user_id` = 'GBSIER';
UPDATE `user_registration` SET total_downlines = total_downlines+1
WHERE `user_id` = 'AV48YQ';
UPDATE `user_registration` SET left_downlines = left_downlines+1
WHERE `user_id` = 'AV48YQ';
UPDATE `user_registration` SET total_downlines = total_downlines+1
WHERE `user_id` = 'admin';
UPDATE `user_registration` SET left_downlines = left_downlines+1
WHERE `user_id` = 'admin';
INSERT INTO `investment` (`invest_date`, `user_id`, `type`, `amount`, `package_id`) VALUES ('2024-09-24 11:25:24', 'NECHFX', 'register', '595', '2');
INSERT INTO `earnings` (`user_id`, `Purchaser_id`, `earning_type`, `package_id`, `amount`, `date`, `comments`, `invest_amount`, `comm_perc`, `level`, `rank_id`, `order_id`) VALUES ('VDDUBG', 'NECHFX', 'Direct Referral Bonus', '2', '100', '2024-09-24 11:25:24', 'Direct Referral Bonus', 0, 0, 1, '', 8);
UPDATE `user_registration` SET commission_balance = ROUND(commission_balance + 100,2)
WHERE `user_id` = 'VDDUBG';
UPDATE `bv_updation` SET left_carry = left_carry+50, total_left = total_left+50
WHERE `user_id` = 'VDDUBG';
INSERT INTO `placement_bv_update_history` (`left_carry`, `date`, `from_id`, `user_id`) VALUES ('50', '2024-09-24 11:25:24', 'NECHFX', 'VDDUBG');
UPDATE `bv_updation` SET sponsor_left_carry = sponsor_left_carry+50, sponsor_total_left = sponsor_total_left+50
WHERE `user_id` = 'VDDUBG';
INSERT INTO `sponsor_bv_update_history` (`left_carry`, `date`, `user_id`) VALUES ('50', '2024-09-24 11:25:24', 'VDDUBG');
UPDATE `bv_updation` SET right_carry = right_carry+50, total_right = total_right+50
WHERE `user_id` = 'RPHDET';
INSERT INTO `placement_bv_update_history` (`right_carry`, `date`, `from_id`, `user_id`) VALUES ('50', '2024-09-24 11:25:24', 'NECHFX', 'RPHDET');
UPDATE `bv_updation` SET left_carry = left_carry+50, total_left = total_left+50
WHERE `user_id` = 'XYG89U';
INSERT INTO `placement_bv_update_history` (`left_carry`, `date`, `from_id`, `user_id`) VALUES ('50', '2024-09-24 11:25:24', 'NECHFX', 'XYG89U');
UPDATE `bv_updation` SET left_carry = left_carry+50, total_left = total_left+50
WHERE `user_id` = 'HTFY93';
INSERT INTO `placement_bv_update_history` (`left_carry`, `date`, `from_id`, `user_id`) VALUES ('50', '2024-09-24 11:25:24', 'NECHFX', 'HTFY93');
UPDATE `bv_updation` SET left_carry = left_carry+50, total_left = total_left+50
WHERE `user_id` = '3PR393';
INSERT INTO `placement_bv_update_history` (`left_carry`, `date`, `from_id`, `user_id`) VALUES ('50', '2024-09-24 11:25:24', 'NECHFX', '3PR393');
UPDATE `bv_updation` SET left_carry = left_carry+50, total_left = total_left+50
WHERE `user_id` = 'T3MRY1';
INSERT INTO `placement_bv_update_history` (`left_carry`, `date`, `from_id`, `user_id`) VALUES ('50', '2024-09-24 11:25:24', 'NECHFX', 'T3MRY1');
UPDATE `bv_updation` SET left_carry = left_carry+50, total_left = total_left+50
WHERE `user_id` = 'GTMCCK';
INSERT INTO `placement_bv_update_history` (`left_carry`, `date`, `from_id`, `user_id`) VALUES ('50', '2024-09-24 11:25:24', 'NECHFX', 'GTMCCK');
UPDATE `bv_updation` SET left_carry = left_carry+50, total_left = total_left+50
WHERE `user_id` = 'DLYMIF';
INSERT INTO `placement_bv_update_history` (`left_carry`, `date`, `from_id`, `user_id`) VALUES ('50', '2024-09-24 11:25:24', 'NECHFX', 'DLYMIF');
UPDATE `bv_updation` SET left_carry = left_carry+50, total_left = total_left+50
WHERE `user_id` = 'WGJ5KE';
INSERT INTO `placement_bv_update_history` (`left_carry`, `date`, `from_id`, `user_id`) VALUES ('50', '2024-09-24 11:25:24', 'NECHFX', 'WGJ5KE');
UPDATE `bv_updation` SET left_carry = left_carry+50, total_left = total_left+50
WHERE `user_id` = 'ORRJ3M';
INSERT INTO `placement_bv_update_history` (`left_carry`, `date`, `from_id`, `user_id`) VALUES ('50', '2024-09-24 11:25:24', 'NECHFX', 'ORRJ3M');
UPDATE `bv_updation` SET left_carry = left_carry+50, total_left = total_left+50
WHERE `user_id` = 'AA8V6V';
INSERT INTO `placement_bv_update_history` (`left_carry`, `date`, `from_id`, `user_id`) VALUES ('50', '2024-09-24 11:25:24', 'NECHFX', 'AA8V6V');
UPDATE `bv_updation` SET left_carry = left_carry+50, total_left = total_left+50
WHERE `user_id` = '61ME4O';
INSERT INTO `placement_bv_update_history` (`left_carry`, `date`, `from_id`, `user_id`) VALUES ('50', '2024-09-24 11:25:24', 'NECHFX', '61ME4O');
UPDATE `bv_updation` SET left_carry = left_carry+50, total_left = total_left+50
WHERE `user_id` = 'WS1SZZ';
INSERT INTO `placement_bv_update_history` (`left_carry`, `date`, `from_id`, `user_id`) VALUES ('50', '2024-09-24 11:25:24', 'NECHFX', 'WS1SZZ');
UPDATE `bv_updation` SET left_carry = left_carry+50, total_left = total_left+50
WHERE `user_id` = 'TBN4MZ';
INSERT INTO `placement_bv_update_history` (`left_carry`, `date`, `from_id`, `user_id`) VALUES ('50', '2024-09-24 11:25:24', 'NECHFX', 'TBN4MZ');
UPDATE `bv_updation` SET left_carry = left_carry+50, total_left = total_left+50
WHERE `user_id` = 'OEMJ8R';
INSERT INTO `placement_bv_update_history` (`left_carry`, `date`, `from_id`, `user_id`) VALUES ('50', '2024-09-24 11:25:24', 'NECHFX', 'OEMJ8R');
UPDATE `bv_updation` SET left_carry = left_carry+50, total_left = total_left+50
WHERE `user_id` = 'FXAYIE';
INSERT INTO `placement_bv_update_history` (`left_carry`, `date`, `from_id`, `user_id`) VALUES ('50', '2024-09-24 11:25:24', 'NECHFX', 'FXAYIE');
UPDATE `bv_updation` SET left_carry = left_carry+50, total_left = total_left+50
WHERE `user_id` = 'ELXZWC';
INSERT INTO `placement_bv_update_history` (`left_carry`, `date`, `from_id`, `user_id`) VALUES ('50', '2024-09-24 11:25:24', 'NECHFX', 'ELXZWC');
UPDATE `bv_updation` SET left_carry = left_carry+50, total_left = total_left+50
WHERE `user_id` = 'C1TQVI';
INSERT INTO `placement_bv_update_history` (`left_carry`, `date`, `from_id`, `user_id`) VALUES ('50', '2024-09-24 11:25:24', 'NECHFX', 'C1TQVI');
UPDATE `bv_updation` SET left_carry = left_carry+50, total_left = total_left+50
WHERE `user_id` = 'F5GPDF';
INSERT INTO `placement_bv_update_history` (`left_carry`, `date`, `from_id`, `user_id`) VALUES ('50', '2024-09-24 11:25:24', 'NECHFX', 'F5GPDF');
UPDATE `bv_updation` SET left_carry = left_carry+50, total_left = total_left+50
WHERE `user_id` = '91PYDK';
INSERT INTO `placement_bv_update_history` (`left_carry`, `date`, `from_id`, `user_id`) VALUES ('50', '2024-09-24 11:25:24', 'NECHFX', '91PYDK');
UPDATE `bv_updation` SET left_carry = left_carry+50, total_left = total_left+50
WHERE `user_id` = '4OT7RX';
INSERT INTO `placement_bv_update_history` (`left_carry`, `date`, `from_id`, `user_id`) VALUES ('50', '2024-09-24 11:25:24', 'NECHFX', '4OT7RX');
UPDATE `bv_updation` SET left_carry = left_carry+50, total_left = total_left+50
WHERE `user_id` = 'ZJZA3M';
INSERT INTO `placement_bv_update_history` (`left_carry`, `date`, `from_id`, `user_id`) VALUES ('50', '2024-09-24 11:25:24', 'NECHFX', 'ZJZA3M');
UPDATE `bv_updation` SET left_carry = left_carry+50, total_left = total_left+50
WHERE `user_id` = 'XN6ETC';
INSERT INTO `placement_bv_update_history` (`left_carry`, `date`, `from_id`, `user_id`) VALUES ('50', '2024-09-24 11:25:24', 'NECHFX', 'XN6ETC');
UPDATE `bv_updation` SET left_carry = left_carry+50, total_left = total_left+50
WHERE `user_id` = 'KVQN1O';
INSERT INTO `placement_bv_update_history` (`left_carry`, `date`, `from_id`, `user_id`) VALUES ('50', '2024-09-24 11:25:24', 'NECHFX', 'KVQN1O');
UPDATE `bv_updation` SET left_carry = left_carry+50, total_left = total_left+50
WHERE `user_id` = 'X3V7DJ';
INSERT INTO `placement_bv_update_history` (`left_carry`, `date`, `from_id`, `user_id`) VALUES ('50', '2024-09-24 11:25:24', 'NECHFX', 'X3V7DJ');
UPDATE `bv_updation` SET left_carry = left_carry+50, total_left = total_left+50
WHERE `user_id` = 'DJ77NH';
INSERT INTO `placement_bv_update_history` (`left_carry`, `date`, `from_id`, `user_id`) VALUES ('50', '2024-09-24 11:25:24', 'NECHFX', 'DJ77NH');
UPDATE `bv_updation` SET left_carry = left_carry+50, total_left = total_left+50
WHERE `user_id` = 'PX7XCL';
INSERT INTO `placement_bv_update_history` (`left_carry`, `date`, `from_id`, `user_id`) VALUES ('50', '2024-09-24 11:25:24', 'NECHFX', 'PX7XCL');
UPDATE `bv_updation` SET left_carry = left_carry+50, total_left = total_left+50
WHERE `user_id` = 'L8PM4Z';
INSERT INTO `placement_bv_update_history` (`left_carry`, `date`, `from_id`, `user_id`) VALUES ('50', '2024-09-24 11:25:24', 'NECHFX', 'L8PM4Z');
UPDATE `bv_updation` SET left_carry = left_carry+50, total_left = total_left+50
WHERE `user_id` = 'GBSIER';
INSERT INTO `placement_bv_update_history` (`left_carry`, `date`, `from_id`, `user_id`) VALUES ('50', '2024-09-24 11:25:24', 'NECHFX', 'GBSIER');
UPDATE `bv_updation` SET left_carry = left_carry+50, total_left = total_left+50
WHERE `user_id` = 'AV48YQ';
INSERT INTO `placement_bv_update_history` (`left_carry`, `date`, `from_id`, `user_id`) VALUES ('50', '2024-09-24 11:25:24', 'NECHFX', 'AV48YQ');
UPDATE `bv_updation` SET left_carry = left_carry+50, total_left = total_left+50
WHERE `user_id` = 'admin';
INSERT INTO `placement_bv_update_history` (`left_carry`, `date`, `from_id`, `user_id`) VALUES ('50', '2024-09-24 11:25:24', 'NECHFX', 'admin');
INSERT INTO `package_purchase_history` (`user_id`, `package_id`, `reg_fee`, `package_name`, `monthly_fee`, `type`, `date`, `payment_option`) VALUES ('NECHFX', '2', '595', 'Traveler Pro', '150', 'sign_up', '2024-09-24 11:25:24', 'free');
UPDATE `user_registration` SET `popup_seen` = 'yes'
WHERE `user_id` = 'VDDUBG';
UPDATE `user_registration` SET `uid` = '2330', `user_id` = '7KQAKE', `username` = 'yordanis5', `sponsor_id` = 'RPHDET', `vacant` = 'no', `f_name` = 'Yordanisp', `l_name` = 'Fuentesp', `address` = '8100 sw 14 terr', `position` = 'left', `email` = 'yordanis5@gmail.com', `password` = '1762f2b0d87003b5adb1ebede73c7197', `phone` = '7862876762', `country` = 'United States', `state` = 'Florida', `city` = 'Miami', `street` = '8100 sw 14 terr', `zip_code` = '33144', `reg_ip` = '108.162.212.54', `status` = 1, `package_id` = '2', `rank_id` = 1, `highest_rank` = 1, `created` = '2024-09-24 11:25:32', `subscription_date` = '2024-10-24', `google_secret` = 'LJT3DCBHCSMMICNT'
WHERE `uid` = '2330';
INSERT INTO `user_registration` (`uid`, `user_id`, `username`, `sponsor_id`, `placement_id`, `vacant`, `f_name`, `l_name`, `address`, `position`, `email`, `password`, `phone`, `reg_ip`, `status`, `created`) VALUES (NULL, 'LXEQTL', 'nKJwWkuy', '7KQAKE', '7KQAKE', 'yes', '', '', '', 'left', '@mail.com', '', '', '', 0, '2024-09-24 11:25:32');
INSERT INTO `user_registration` (`uid`, `user_id`, `username`, `sponsor_id`, `placement_id`, `vacant`, `f_name`, `l_name`, `address`, `position`, `email`, `password`, `phone`, `reg_ip`, `status`, `created`) VALUES (NULL, 'RDNXZQ', 'jcJFtNiT', '7KQAKE', '7KQAKE', 'yes', '', '', '', 'right', '@mail.com', '', '', '', 0, '2024-09-24 11:25:32');
INSERT INTO `bv_updation` (`user_id`) VALUES ('7KQAKE');
UPDATE `user_registration` SET total_ref_count = total_ref_count+1
WHERE `user_id` = 'RPHDET';
UPDATE `user_registration` SET total_downlines = total_downlines+1
WHERE `user_id` = 'KPP775';
UPDATE `user_registration` SET left_downlines = left_downlines+1
WHERE `user_id` = 'KPP775';
UPDATE `user_registration` SET total_downlines = total_downlines+1
WHERE `user_id` = 'GHZSJX';
UPDATE `user_registration` SET left_downlines = left_downlines+1
WHERE `user_id` = 'GHZSJX';
UPDATE `user_registration` SET total_downlines = total_downlines+1
WHERE `user_id` = 'RPHDET';
UPDATE `user_registration` SET left_downlines = left_downlines+1
WHERE `user_id` = 'RPHDET';
UPDATE `user_registration` SET left_ref_count = left_ref_count+1
WHERE `user_id` = 'RPHDET';
UPDATE `user_registration` SET active_left = active_left+1
WHERE `user_id` = 'RPHDET';
UPDATE `user_registration` SET `binary_qualified` = 'yes'
WHERE `user_id` = 'RPHDET';
UPDATE `user_registration` SET total_downlines = total_downlines+1
WHERE `user_id` = 'XYG89U';
UPDATE `user_registration` SET left_downlines = left_downlines+1
WHERE `user_id` = 'XYG89U';
UPDATE `user_registration` SET total_downlines = total_downlines+1
WHERE `user_id` = 'HTFY93';
UPDATE `user_registration` SET left_downlines = left_downlines+1
WHERE `user_id` = 'HTFY93';
UPDATE `user_registration` SET total_downlines = total_downlines+1
WHERE `user_id` = '3PR393';
UPDATE `user_registration` SET left_downlines = left_downlines+1
WHERE `user_id` = '3PR393';
UPDATE `user_registration` SET total_downlines = total_downlines+1
WHERE `user_id` = 'T3MRY1';
UPDATE `user_registration` SET left_downlines = left_downlines+1
WHERE `user_id` = 'T3MRY1';
UPDATE `user_registration` SET total_downlines = total_downlines+1
WHERE `user_id` = 'GTMCCK';
UPDATE `user_registration` SET left_downlines = left_downlines+1
WHERE `user_id` = 'GTMCCK';
UPDATE `user_registration` SET total_downlines = total_downlines+1
WHERE `user_id` = 'DLYMIF';
UPDATE `user_registration` SET left_downlines = left_downlines+1
WHERE `user_id` = 'DLYMIF';
UPDATE `user_registration` SET total_downlines = total_downlines+1
WHERE `user_id` = 'WGJ5KE';
UPDATE `user_registration` SET left_downlines = left_downlines+1
WHERE `user_id` = 'WGJ5KE';
UPDATE `user_registration` SET total_downlines = total_downlines+1
WHERE `user_id` = 'ORRJ3M';
UPDATE `user_registration` SET left_downlines = left_downlines+1
WHERE `user_id` = 'ORRJ3M';
UPDATE `user_registration` SET total_downlines = total_downlines+1
WHERE `user_id` = 'AA8V6V';
UPDATE `user_registration` SET left_downlines = left_downlines+1
WHERE `user_id` = 'AA8V6V';
UPDATE `user_registration` SET total_downlines = total_downlines+1
WHERE `user_id` = '61ME4O';
UPDATE `user_registration` SET left_downlines = left_downlines+1
WHERE `user_id` = '61ME4O';
UPDATE `user_registration` SET total_downlines = total_downlines+1
WHERE `user_id` = 'WS1SZZ';
UPDATE `user_registration` SET left_downlines = left_downlines+1
WHERE `user_id` = 'WS1SZZ';
UPDATE `user_registration` SET total_downlines = total_downlines+1
WHERE `user_id` = 'TBN4MZ';
UPDATE `user_registration` SET left_downlines = left_downlines+1
WHERE `user_id` = 'TBN4MZ';
UPDATE `user_registration` SET total_downlines = total_downlines+1
WHERE `user_id` = 'OEMJ8R';
UPDATE `user_registration` SET left_downlines = left_downlines+1
WHERE `user_id` = 'OEMJ8R';
UPDATE `user_registration` SET total_downlines = total_downlines+1
WHERE `user_id` = 'FXAYIE';
UPDATE `user_registration` SET left_downlines = left_downlines+1
WHERE `user_id` = 'FXAYIE';
UPDATE `user_registration` SET total_downlines = total_downlines+1
WHERE `user_id` = 'ELXZWC';
UPDATE `user_registration` SET left_downlines = left_downlines+1
WHERE `user_id` = 'ELXZWC';
UPDATE `user_registration` SET total_downlines = total_downlines+1
WHERE `user_id` = 'C1TQVI';
UPDATE `user_registration` SET left_downlines = left_downlines+1
WHERE `user_id` = 'C1TQVI';
UPDATE `user_registration` SET total_downlines = total_downlines+1
WHERE `user_id` = 'F5GPDF';
UPDATE `user_registration` SET left_downlines = left_downlines+1
WHERE `user_id` = 'F5GPDF';
UPDATE `user_registration` SET total_downlines = total_downlines+1
WHERE `user_id` = '91PYDK';
UPDATE `user_registration` SET left_downlines = left_downlines+1
WHERE `user_id` = '91PYDK';
UPDATE `user_registration` SET total_downlines = total_downlines+1
WHERE `user_id` = '4OT7RX';
UPDATE `user_registration` SET left_downlines = left_downlines+1
WHERE `user_id` = '4OT7RX';
UPDATE `user_registration` SET total_downlines = total_downlines+1
WHERE `user_id` = 'ZJZA3M';
UPDATE `user_registration` SET left_downlines = left_downlines+1
WHERE `user_id` = 'ZJZA3M';
UPDATE `user_registration` SET total_downlines = total_downlines+1
WHERE `user_id` = 'XN6ETC';
UPDATE `user_registration` SET left_downlines = left_downlines+1
WHERE `user_id` = 'XN6ETC';
UPDATE `user_registration` SET total_downlines = total_downlines+1
WHERE `user_id` = 'KVQN1O';
UPDATE `user_registration` SET left_downlines = left_downlines+1
WHERE `user_id` = 'KVQN1O';
UPDATE `user_registration` SET total_downlines = total_downlines+1
WHERE `user_id` = 'X3V7DJ';
UPDATE `user_registration` SET left_downlines = left_downlines+1
WHERE `user_id` = 'X3V7DJ';
UPDATE `user_registration` SET total_downlines = total_downlines+1
WHERE `user_id` = 'DJ77NH';
UPDATE `user_registration` SET left_downlines = left_downlines+1
WHERE `user_id` = 'DJ77NH';
UPDATE `user_registration` SET total_downlines = total_downlines+1
WHERE `user_id` = 'PX7XCL';
UPDATE `user_registration` SET left_downlines = left_downlines+1
WHERE `user_id` = 'PX7XCL';
UPDATE `user_registration` SET total_downlines = total_downlines+1
WHERE `user_id` = 'L8PM4Z';
UPDATE `user_registration` SET left_downlines = left_downlines+1
WHERE `user_id` = 'L8PM4Z';
UPDATE `user_registration` SET total_downlines = total_downlines+1
WHERE `user_id` = 'GBSIER';
UPDATE `user_registration` SET left_downlines = left_downlines+1
WHERE `user_id` = 'GBSIER';
UPDATE `user_registration` SET total_downlines = total_downlines+1
WHERE `user_id` = 'AV48YQ';
UPDATE `user_registration` SET left_downlines = left_downlines+1
WHERE `user_id` = 'AV48YQ';
UPDATE `user_registration` SET total_downlines = total_downlines+1
WHERE `user_id` = 'admin';
UPDATE `user_registration` SET left_downlines = left_downlines+1
WHERE `user_id` = 'admin';
INSERT INTO `investment` (`invest_date`, `user_id`, `type`, `amount`, `package_id`) VALUES ('2024-09-24 11:25:32', '7KQAKE', 'register', '595', '2');
INSERT INTO `earnings` (`user_id`, `Purchaser_id`, `earning_type`, `package_id`, `amount`, `date`, `comments`, `invest_amount`, `comm_perc`, `level`, `rank_id`, `order_id`) VALUES ('RPHDET', '7KQAKE', 'Direct Referral Bonus', '2', '100', '2024-09-24 11:25:32', 'Direct Referral Bonus', 0, 0, 1, '', 9);
UPDATE `user_registration` SET commission_balance = ROUND(commission_balance + 100,2)
WHERE `user_id` = 'RPHDET';
UPDATE `bv_updation` SET left_carry = left_carry+50, total_left = total_left+50
WHERE `user_id` = 'KPP775';
INSERT INTO `placement_bv_update_history` (`left_carry`, `date`, `from_id`, `user_id`) VALUES ('50', '2024-09-24 11:25:32', '7KQAKE', 'KPP775');
UPDATE `bv_updation` SET left_carry = left_carry+50, total_left = total_left+50
WHERE `user_id` = 'GHZSJX';
INSERT INTO `placement_bv_update_history` (`left_carry`, `date`, `from_id`, `user_id`) VALUES ('50', '2024-09-24 11:25:32', '7KQAKE', 'GHZSJX');
UPDATE `bv_updation` SET left_carry = left_carry+50, total_left = total_left+50
WHERE `user_id` = 'RPHDET';
INSERT INTO `placement_bv_update_history` (`left_carry`, `date`, `from_id`, `user_id`) VALUES ('50', '2024-09-24 11:25:32', '7KQAKE', 'RPHDET');
UPDATE `bv_updation` SET sponsor_left_carry = sponsor_left_carry+50, sponsor_total_left = sponsor_total_left+50
WHERE `user_id` = 'RPHDET';
INSERT INTO `sponsor_bv_update_history` (`left_carry`, `date`, `user_id`) VALUES ('50', '2024-09-24 11:25:32', 'RPHDET');
UPDATE `bv_updation` SET left_carry = left_carry+50, total_left = total_left+50
WHERE `user_id` = 'XYG89U';
INSERT INTO `placement_bv_update_history` (`left_carry`, `date`, `from_id`, `user_id`) VALUES ('50', '2024-09-24 11:25:32', '7KQAKE', 'XYG89U');
UPDATE `bv_updation` SET left_carry = left_carry+50, total_left = total_left+50
WHERE `user_id` = 'HTFY93';
INSERT INTO `placement_bv_update_history` (`left_carry`, `date`, `from_id`, `user_id`) VALUES ('50', '2024-09-24 11:25:32', '7KQAKE', 'HTFY93');
UPDATE `bv_updation` SET left_carry = left_carry+50, total_left = total_left+50
WHERE `user_id` = '3PR393';
INSERT INTO `placement_bv_update_history` (`left_carry`, `date`, `from_id`, `user_id`) VALUES ('50', '2024-09-24 11:25:32', '7KQAKE', '3PR393');
UPDATE `bv_updation` SET left_carry = left_carry+50, total_left = total_left+50
WHERE `user_id` = 'T3MRY1';
INSERT INTO `placement_bv_update_history` (`left_carry`, `date`, `from_id`, `user_id`) VALUES ('50', '2024-09-24 11:25:32', '7KQAKE', 'T3MRY1');
UPDATE `bv_updation` SET left_carry = left_carry+50, total_left = total_left+50
WHERE `user_id` = 'GTMCCK';
INSERT INTO `placement_bv_update_history` (`left_carry`, `date`, `from_id`, `user_id`) VALUES ('50', '2024-09-24 11:25:32', '7KQAKE', 'GTMCCK');
UPDATE `bv_updation` SET left_carry = left_carry+50, total_left = total_left+50
WHERE `user_id` = 'DLYMIF';
INSERT INTO `placement_bv_update_history` (`left_carry`, `date`, `from_id`, `user_id`) VALUES ('50', '2024-09-24 11:25:32', '7KQAKE', 'DLYMIF');
UPDATE `bv_updation` SET left_carry = left_carry+50, total_left = total_left+50
WHERE `user_id` = 'WGJ5KE';
INSERT INTO `placement_bv_update_history` (`left_carry`, `date`, `from_id`, `user_id`) VALUES ('50', '2024-09-24 11:25:32', '7KQAKE', 'WGJ5KE');
UPDATE `bv_updation` SET left_carry = left_carry+50, total_left = total_left+50
WHERE `user_id` = 'ORRJ3M';
INSERT INTO `placement_bv_update_history` (`left_carry`, `date`, `from_id`, `user_id`) VALUES ('50', '2024-09-24 11:25:32', '7KQAKE', 'ORRJ3M');
UPDATE `bv_updation` SET left_carry = left_carry+50, total_left = total_left+50
WHERE `user_id` = 'AA8V6V';
INSERT INTO `placement_bv_update_history` (`left_carry`, `date`, `from_id`, `user_id`) VALUES ('50', '2024-09-24 11:25:32', '7KQAKE', 'AA8V6V');
UPDATE `bv_updation` SET left_carry = left_carry+50, total_left = total_left+50
WHERE `user_id` = '61ME4O';
INSERT INTO `placement_bv_update_history` (`left_carry`, `date`, `from_id`, `user_id`) VALUES ('50', '2024-09-24 11:25:32', '7KQAKE', '61ME4O');
UPDATE `bv_updation` SET left_carry = left_carry+50, total_left = total_left+50
WHERE `user_id` = 'WS1SZZ';
INSERT INTO `placement_bv_update_history` (`left_carry`, `date`, `from_id`, `user_id`) VALUES ('50', '2024-09-24 11:25:32', '7KQAKE', 'WS1SZZ');
UPDATE `bv_updation` SET left_carry = left_carry+50, total_left = total_left+50
WHERE `user_id` = 'TBN4MZ';
INSERT INTO `placement_bv_update_history` (`left_carry`, `date`, `from_id`, `user_id`) VALUES ('50', '2024-09-24 11:25:32', '7KQAKE', 'TBN4MZ');
UPDATE `bv_updation` SET left_carry = left_carry+50, total_left = total_left+50
WHERE `user_id` = 'OEMJ8R';
INSERT INTO `placement_bv_update_history` (`left_carry`, `date`, `from_id`, `user_id`) VALUES ('50', '2024-09-24 11:25:32', '7KQAKE', 'OEMJ8R');
UPDATE `bv_updation` SET left_carry = left_carry+50, total_left = total_left+50
WHERE `user_id` = 'FXAYIE';
INSERT INTO `placement_bv_update_history` (`left_carry`, `date`, `from_id`, `user_id`) VALUES ('50', '2024-09-24 11:25:32', '7KQAKE', 'FXAYIE');
UPDATE `bv_updation` SET left_carry = left_carry+50, total_left = total_left+50
WHERE `user_id` = 'ELXZWC';
INSERT INTO `placement_bv_update_history` (`left_carry`, `date`, `from_id`, `user_id`) VALUES ('50', '2024-09-24 11:25:32', '7KQAKE', 'ELXZWC');
UPDATE `bv_updation` SET left_carry = left_carry+50, total_left = total_left+50
WHERE `user_id` = 'C1TQVI';
INSERT INTO `placement_bv_update_history` (`left_carry`, `date`, `from_id`, `user_id`) VALUES ('50', '2024-09-24 11:25:32', '7KQAKE', 'C1TQVI');
UPDATE `bv_updation` SET left_carry = left_carry+50, total_left = total_left+50
WHERE `user_id` = 'F5GPDF';
INSERT INTO `placement_bv_update_history` (`left_carry`, `date`, `from_id`, `user_id`) VALUES ('50', '2024-09-24 11:25:32', '7KQAKE', 'F5GPDF');
UPDATE `bv_updation` SET left_carry = left_carry+50, total_left = total_left+50
WHERE `user_id` = '91PYDK';
INSERT INTO `placement_bv_update_history` (`left_carry`, `date`, `from_id`, `user_id`) VALUES ('50', '2024-09-24 11:25:32', '7KQAKE', '91PYDK');
UPDATE `bv_updation` SET left_carry = left_carry+50, total_left = total_left+50
WHERE `user_id` = '4OT7RX';
INSERT INTO `placement_bv_update_history` (`left_carry`, `date`, `from_id`, `user_id`) VALUES ('50', '2024-09-24 11:25:32', '7KQAKE', '4OT7RX');
UPDATE `bv_updation` SET left_carry = left_carry+50, total_left = total_left+50
WHERE `user_id` = 'ZJZA3M';
INSERT INTO `placement_bv_update_history` (`left_carry`, `date`, `from_id`, `user_id`) VALUES ('50', '2024-09-24 11:25:32', '7KQAKE', 'ZJZA3M');
UPDATE `bv_updation` SET left_carry = left_carry+50, total_left = total_left+50
WHERE `user_id` = 'XN6ETC';
INSERT INTO `placement_bv_update_history` (`left_carry`, `date`, `from_id`, `user_id`) VALUES ('50', '2024-09-24 11:25:32', '7KQAKE', 'XN6ETC');
UPDATE `bv_updation` SET left_carry = left_carry+50, total_left = total_left+50
WHERE `user_id` = 'KVQN1O';
INSERT INTO `placement_bv_update_history` (`left_carry`, `date`, `from_id`, `user_id`) VALUES ('50', '2024-09-24 11:25:32', '7KQAKE', 'KVQN1O');
UPDATE `bv_updation` SET left_carry = left_carry+50, total_left = total_left+50
WHERE `user_id` = 'X3V7DJ';
INSERT INTO `placement_bv_update_history` (`left_carry`, `date`, `from_id`, `user_id`) VALUES ('50', '2024-09-24 11:25:32', '7KQAKE', 'X3V7DJ');
UPDATE `bv_updation` SET left_carry = left_carry+50, total_left = total_left+50
WHERE `user_id` = 'DJ77NH';
INSERT INTO `placement_bv_update_history` (`left_carry`, `date`, `from_id`, `user_id`) VALUES ('50', '2024-09-24 11:25:32', '7KQAKE', 'DJ77NH');
UPDATE `bv_updation` SET left_carry = left_carry+50, total_left = total_left+50
WHERE `user_id` = 'PX7XCL';
INSERT INTO `placement_bv_update_history` (`left_carry`, `date`, `from_id`, `user_id`) VALUES ('50', '2024-09-24 11:25:32', '7KQAKE', 'PX7XCL');
UPDATE `bv_updation` SET left_carry = left_carry+50, total_left = total_left+50
WHERE `user_id` = 'L8PM4Z';
INSERT INTO `placement_bv_update_history` (`left_carry`, `date`, `from_id`, `user_id`) VALUES ('50', '2024-09-24 11:25:32', '7KQAKE', 'L8PM4Z');
UPDATE `bv_updation` SET left_carry = left_carry+50, total_left = total_left+50
WHERE `user_id` = 'GBSIER';
INSERT INTO `placement_bv_update_history` (`left_carry`, `date`, `from_id`, `user_id`) VALUES ('50', '2024-09-24 11:25:32', '7KQAKE', 'GBSIER');
UPDATE `bv_updation` SET left_carry = left_carry+50, total_left = total_left+50
WHERE `user_id` = 'AV48YQ';
INSERT INTO `placement_bv_update_history` (`left_carry`, `date`, `from_id`, `user_id`) VALUES ('50', '2024-09-24 11:25:32', '7KQAKE', 'AV48YQ');
UPDATE `bv_updation` SET left_carry = left_carry+50, total_left = total_left+50
WHERE `user_id` = 'admin';
INSERT INTO `placement_bv_update_history` (`left_carry`, `date`, `from_id`, `user_id`) VALUES ('50', '2024-09-24 11:25:32', '7KQAKE', 'admin');
INSERT INTO `package_purchase_history` (`user_id`, `package_id`, `reg_fee`, `package_name`, `monthly_fee`, `type`, `date`, `payment_option`) VALUES ('7KQAKE', '2', '595', 'Traveler Pro', '150', 'sign_up', '2024-09-24 11:25:32', 'free');
UPDATE `user_registration` SET `popup_seen` = 'yes'
WHERE `user_id` = 'RPHDET';
UPDATE `user_registration` SET `default_leg` = 'left'
WHERE `user_id` = 'RPHDET';
UPDATE `ci_sessions` SET `timestamp` = 1727195324, `data` = '__ci_last_regenerate|i:1727195324;id|s:4:\"2314\";user_id|s:6:\"RPHDET\";username|s:7:\"emilio5\";sponsor_id|s:6:\"ZJZA3M\";fullname|s:16:\"Emiliop tapanesp\";email|s:17:\"emilio5@gmail.com\";phone|s:10:\"7862876762\";isLogIn|b:1;'
WHERE `id` = 'f3bb1c68c21dbc3e5d1572910096e824dc4cdb0c';
UPDATE `user_registration` SET `uid` = '2334', `user_id` = 'ATTM2C', `username` = 'omar5', `sponsor_id` = 'RPHDET', `vacant` = 'no', `f_name` = 'Omarp', `l_name` = 'Gonzalezp', `address` = '8100 sw 14 terr', `position` = 'left', `email` = 'omar5@gmail.com', `password` = '061b155b7815c4b2452d1cdd156c59f2', `phone` = '7862876762', `country` = 'United States', `state` = 'Florida', `city` = 'Miami', `street` = '8100 sw 14 terr', `zip_code` = '33144', `reg_ip` = '172.70.254.218', `status` = 1, `package_id` = '2', `rank_id` = 1, `highest_rank` = 1, `created` = '2024-09-24 11:28:44', `subscription_date` = '2024-10-24', `google_secret` = 'KT22YJV64AKZVHG5'
WHERE `uid` = '2334';
INSERT INTO `user_registration` (`uid`, `user_id`, `username`, `sponsor_id`, `placement_id`, `vacant`, `f_name`, `l_name`, `address`, `position`, `email`, `password`, `phone`, `reg_ip`, `status`, `created`) VALUES (NULL, 'DWGVUU', 'jdjOkUip', 'ATTM2C', 'ATTM2C', 'yes', '', '', '', 'left', '@mail.com', '', '', '', 0, '2024-09-24 11:28:44');
INSERT INTO `user_registration` (`uid`, `user_id`, `username`, `sponsor_id`, `placement_id`, `vacant`, `f_name`, `l_name`, `address`, `position`, `email`, `password`, `phone`, `reg_ip`, `status`, `created`) VALUES (NULL, 'WJVJJH', 'sjtBIeHE', 'ATTM2C', 'ATTM2C', 'yes', '', '', '', 'right', '@mail.com', '', '', '', 0, '2024-09-24 11:28:44');
INSERT INTO `bv_updation` (`user_id`) VALUES ('ATTM2C');
UPDATE `user_registration` SET total_ref_count = total_ref_count+1
WHERE `user_id` = 'RPHDET';
UPDATE `user_registration` SET total_downlines = total_downlines+1
WHERE `user_id` = '7KQAKE';
UPDATE `user_registration` SET left_downlines = left_downlines+1
WHERE `user_id` = '7KQAKE';
UPDATE `user_registration` SET total_downlines = total_downlines+1
WHERE `user_id` = 'KPP775';
UPDATE `user_registration` SET left_downlines = left_downlines+1
WHERE `user_id` = 'KPP775';
UPDATE `user_registration` SET total_downlines = total_downlines+1
WHERE `user_id` = 'GHZSJX';
UPDATE `user_registration` SET left_downlines = left_downlines+1
WHERE `user_id` = 'GHZSJX';
UPDATE `user_registration` SET total_downlines = total_downlines+1
WHERE `user_id` = 'RPHDET';
UPDATE `user_registration` SET left_downlines = left_downlines+1
WHERE `user_id` = 'RPHDET';
UPDATE `user_registration` SET left_ref_count = left_ref_count+1
WHERE `user_id` = 'RPHDET';
UPDATE `user_registration` SET active_left = active_left+1
WHERE `user_id` = 'RPHDET';
UPDATE `user_registration` SET `binary_qualified` = 'yes'
WHERE `user_id` = 'RPHDET';
UPDATE `user_registration` SET total_downlines = total_downlines+1
WHERE `user_id` = 'XYG89U';
UPDATE `user_registration` SET left_downlines = left_downlines+1
WHERE `user_id` = 'XYG89U';
UPDATE `user_registration` SET total_downlines = total_downlines+1
WHERE `user_id` = 'HTFY93';
UPDATE `user_registration` SET left_downlines = left_downlines+1
WHERE `user_id` = 'HTFY93';
UPDATE `user_registration` SET total_downlines = total_downlines+1
WHERE `user_id` = '3PR393';
UPDATE `user_registration` SET left_downlines = left_downlines+1
WHERE `user_id` = '3PR393';
UPDATE `user_registration` SET total_downlines = total_downlines+1
WHERE `user_id` = 'T3MRY1';
UPDATE `user_registration` SET left_downlines = left_downlines+1
WHERE `user_id` = 'T3MRY1';
UPDATE `user_registration` SET total_downlines = total_downlines+1
WHERE `user_id` = 'GTMCCK';
UPDATE `user_registration` SET left_downlines = left_downlines+1
WHERE `user_id` = 'GTMCCK';
UPDATE `user_registration` SET total_downlines = total_downlines+1
WHERE `user_id` = 'DLYMIF';
UPDATE `user_registration` SET left_downlines = left_downlines+1
WHERE `user_id` = 'DLYMIF';
UPDATE `user_registration` SET total_downlines = total_downlines+1
WHERE `user_id` = 'WGJ5KE';
UPDATE `user_registration` SET left_downlines = left_downlines+1
WHERE `user_id` = 'WGJ5KE';
UPDATE `user_registration` SET total_downlines = total_downlines+1
WHERE `user_id` = 'ORRJ3M';
UPDATE `user_registration` SET left_downlines = left_downlines+1
WHERE `user_id` = 'ORRJ3M';
UPDATE `user_registration` SET total_downlines = total_downlines+1
WHERE `user_id` = 'AA8V6V';
UPDATE `user_registration` SET left_downlines = left_downlines+1
WHERE `user_id` = 'AA8V6V';
UPDATE `user_registration` SET total_downlines = total_downlines+1
WHERE `user_id` = '61ME4O';
UPDATE `user_registration` SET left_downlines = left_downlines+1
WHERE `user_id` = '61ME4O';
UPDATE `user_registration` SET total_downlines = total_downlines+1
WHERE `user_id` = 'WS1SZZ';
UPDATE `user_registration` SET left_downlines = left_downlines+1
WHERE `user_id` = 'WS1SZZ';
UPDATE `user_registration` SET total_downlines = total_downlines+1
WHERE `user_id` = 'TBN4MZ';
UPDATE `user_registration` SET left_downlines = left_downlines+1
WHERE `user_id` = 'TBN4MZ';
UPDATE `user_registration` SET total_downlines = total_downlines+1
WHERE `user_id` = 'OEMJ8R';
UPDATE `user_registration` SET left_downlines = left_downlines+1
WHERE `user_id` = 'OEMJ8R';
UPDATE `user_registration` SET total_downlines = total_downlines+1
WHERE `user_id` = 'FXAYIE';
UPDATE `user_registration` SET left_downlines = left_downlines+1
WHERE `user_id` = 'FXAYIE';
UPDATE `user_registration` SET total_downlines = total_downlines+1
WHERE `user_id` = 'ELXZWC';
UPDATE `user_registration` SET left_downlines = left_downlines+1
WHERE `user_id` = 'ELXZWC';
UPDATE `user_registration` SET total_downlines = total_downlines+1
WHERE `user_id` = 'C1TQVI';
UPDATE `user_registration` SET left_downlines = left_downlines+1
WHERE `user_id` = 'C1TQVI';
UPDATE `user_registration` SET total_downlines = total_downlines+1
WHERE `user_id` = 'F5GPDF';
UPDATE `user_registration` SET left_downlines = left_downlines+1
WHERE `user_id` = 'F5GPDF';
UPDATE `user_registration` SET total_downlines = total_downlines+1
WHERE `user_id` = '91PYDK';
UPDATE `user_registration` SET left_downlines = left_downlines+1
WHERE `user_id` = '91PYDK';
UPDATE `user_registration` SET total_downlines = total_downlines+1
WHERE `user_id` = '4OT7RX';
UPDATE `user_registration` SET left_downlines = left_downlines+1
WHERE `user_id` = '4OT7RX';
UPDATE `user_registration` SET total_downlines = total_downlines+1
WHERE `user_id` = 'ZJZA3M';
UPDATE `user_registration` SET left_downlines = left_downlines+1
WHERE `user_id` = 'ZJZA3M';
UPDATE `user_registration` SET total_downlines = total_downlines+1
WHERE `user_id` = 'XN6ETC';
UPDATE `user_registration` SET left_downlines = left_downlines+1
WHERE `user_id` = 'XN6ETC';
UPDATE `user_registration` SET total_downlines = total_downlines+1
WHERE `user_id` = 'KVQN1O';
UPDATE `user_registration` SET left_downlines = left_downlines+1
WHERE `user_id` = 'KVQN1O';
UPDATE `user_registration` SET total_downlines = total_downlines+1
WHERE `user_id` = 'X3V7DJ';
UPDATE `user_registration` SET left_downlines = left_downlines+1
WHERE `user_id` = 'X3V7DJ';
UPDATE `user_registration` SET total_downlines = total_downlines+1
WHERE `user_id` = 'DJ77NH';
UPDATE `user_registration` SET left_downlines = left_downlines+1
WHERE `user_id` = 'DJ77NH';
UPDATE `user_registration` SET total_downlines = total_downlines+1
WHERE `user_id` = 'PX7XCL';
UPDATE `user_registration` SET left_downlines = left_downlines+1
WHERE `user_id` = 'PX7XCL';
UPDATE `user_registration` SET total_downlines = total_downlines+1
WHERE `user_id` = 'L8PM4Z';
UPDATE `user_registration` SET left_downlines = left_downlines+1
WHERE `user_id` = 'L8PM4Z';
UPDATE `user_registration` SET total_downlines = total_downlines+1
WHERE `user_id` = 'GBSIER';
UPDATE `user_registration` SET left_downlines = left_downlines+1
WHERE `user_id` = 'GBSIER';
UPDATE `user_registration` SET total_downlines = total_downlines+1
WHERE `user_id` = 'AV48YQ';
UPDATE `user_registration` SET left_downlines = left_downlines+1
WHERE `user_id` = 'AV48YQ';
UPDATE `user_registration` SET total_downlines = total_downlines+1
WHERE `user_id` = 'admin';
UPDATE `user_registration` SET left_downlines = left_downlines+1
WHERE `user_id` = 'admin';
INSERT INTO `investment` (`invest_date`, `user_id`, `type`, `amount`, `package_id`) VALUES ('2024-09-24 11:28:44', 'ATTM2C', 'register', '595', '2');
INSERT INTO `earnings` (`user_id`, `Purchaser_id`, `earning_type`, `package_id`, `amount`, `date`, `comments`, `invest_amount`, `comm_perc`, `level`, `rank_id`, `order_id`) VALUES ('RPHDET', 'ATTM2C', 'Direct Referral Bonus', '2', '100', '2024-09-24 11:28:44', 'Direct Referral Bonus', 0, 0, 1, '', 10);
UPDATE `user_registration` SET commission_balance = ROUND(commission_balance + 100,2)
WHERE `user_id` = 'RPHDET';
UPDATE `bv_updation` SET left_carry = left_carry+50, total_left = total_left+50
WHERE `user_id` = '7KQAKE';
INSERT INTO `placement_bv_update_history` (`left_carry`, `date`, `from_id`, `user_id`) VALUES ('50', '2024-09-24 11:28:44', 'ATTM2C', '7KQAKE');
UPDATE `bv_updation` SET left_carry = left_carry+50, total_left = total_left+50
WHERE `user_id` = 'KPP775';
INSERT INTO `placement_bv_update_history` (`left_carry`, `date`, `from_id`, `user_id`) VALUES ('50', '2024-09-24 11:28:44', 'ATTM2C', 'KPP775');
UPDATE `bv_updation` SET left_carry = left_carry+50, total_left = total_left+50
WHERE `user_id` = 'GHZSJX';
INSERT INTO `placement_bv_update_history` (`left_carry`, `date`, `from_id`, `user_id`) VALUES ('50', '2024-09-24 11:28:44', 'ATTM2C', 'GHZSJX');
UPDATE `bv_updation` SET left_carry = left_carry+50, total_left = total_left+50
WHERE `user_id` = 'RPHDET';
INSERT INTO `placement_bv_update_history` (`left_carry`, `date`, `from_id`, `user_id`) VALUES ('50', '2024-09-24 11:28:44', 'ATTM2C', 'RPHDET');
UPDATE `bv_updation` SET sponsor_left_carry = sponsor_left_carry+50, sponsor_total_left = sponsor_total_left+50
WHERE `user_id` = 'RPHDET';
INSERT INTO `sponsor_bv_update_history` (`left_carry`, `date`, `user_id`) VALUES ('50', '2024-09-24 11:28:44', 'RPHDET');
UPDATE `bv_updation` SET left_carry = left_carry+50, total_left = total_left+50
WHERE `user_id` = 'XYG89U';
INSERT INTO `placement_bv_update_history` (`left_carry`, `date`, `from_id`, `user_id`) VALUES ('50', '2024-09-24 11:28:44', 'ATTM2C', 'XYG89U');
UPDATE `bv_updation` SET left_carry = left_carry+50, total_left = total_left+50
WHERE `user_id` = 'HTFY93';
INSERT INTO `placement_bv_update_history` (`left_carry`, `date`, `from_id`, `user_id`) VALUES ('50', '2024-09-24 11:28:44', 'ATTM2C', 'HTFY93');
UPDATE `bv_updation` SET left_carry = left_carry+50, total_left = total_left+50
WHERE `user_id` = '3PR393';
INSERT INTO `placement_bv_update_history` (`left_carry`, `date`, `from_id`, `user_id`) VALUES ('50', '2024-09-24 11:28:44', 'ATTM2C', '3PR393');
UPDATE `bv_updation` SET left_carry = left_carry+50, total_left = total_left+50
WHERE `user_id` = 'T3MRY1';
INSERT INTO `placement_bv_update_history` (`left_carry`, `date`, `from_id`, `user_id`) VALUES ('50', '2024-09-24 11:28:44', 'ATTM2C', 'T3MRY1');
UPDATE `bv_updation` SET left_carry = left_carry+50, total_left = total_left+50
WHERE `user_id` = 'GTMCCK';
INSERT INTO `placement_bv_update_history` (`left_carry`, `date`, `from_id`, `user_id`) VALUES ('50', '2024-09-24 11:28:44', 'ATTM2C', 'GTMCCK');
UPDATE `bv_updation` SET left_carry = left_carry+50, total_left = total_left+50
WHERE `user_id` = 'DLYMIF';
INSERT INTO `placement_bv_update_history` (`left_carry`, `date`, `from_id`, `user_id`) VALUES ('50', '2024-09-24 11:28:44', 'ATTM2C', 'DLYMIF');
UPDATE `bv_updation` SET left_carry = left_carry+50, total_left = total_left+50
WHERE `user_id` = 'WGJ5KE';
INSERT INTO `placement_bv_update_history` (`left_carry`, `date`, `from_id`, `user_id`) VALUES ('50', '2024-09-24 11:28:44', 'ATTM2C', 'WGJ5KE');
UPDATE `bv_updation` SET left_carry = left_carry+50, total_left = total_left+50
WHERE `user_id` = 'ORRJ3M';
INSERT INTO `placement_bv_update_history` (`left_carry`, `date`, `from_id`, `user_id`) VALUES ('50', '2024-09-24 11:28:44', 'ATTM2C', 'ORRJ3M');
UPDATE `bv_updation` SET left_carry = left_carry+50, total_left = total_left+50
WHERE `user_id` = 'AA8V6V';
INSERT INTO `placement_bv_update_history` (`left_carry`, `date`, `from_id`, `user_id`) VALUES ('50', '2024-09-24 11:28:44', 'ATTM2C', 'AA8V6V');
UPDATE `bv_updation` SET left_carry = left_carry+50, total_left = total_left+50
WHERE `user_id` = '61ME4O';
INSERT INTO `placement_bv_update_history` (`left_carry`, `date`, `from_id`, `user_id`) VALUES ('50', '2024-09-24 11:28:44', 'ATTM2C', '61ME4O');
UPDATE `bv_updation` SET left_carry = left_carry+50, total_left = total_left+50
WHERE `user_id` = 'WS1SZZ';
INSERT INTO `placement_bv_update_history` (`left_carry`, `date`, `from_id`, `user_id`) VALUES ('50', '2024-09-24 11:28:44', 'ATTM2C', 'WS1SZZ');
UPDATE `bv_updation` SET left_carry = left_carry+50, total_left = total_left+50
WHERE `user_id` = 'TBN4MZ';
INSERT INTO `placement_bv_update_history` (`left_carry`, `date`, `from_id`, `user_id`) VALUES ('50', '2024-09-24 11:28:44', 'ATTM2C', 'TBN4MZ');
UPDATE `bv_updation` SET left_carry = left_carry+50, total_left = total_left+50
WHERE `user_id` = 'OEMJ8R';
INSERT INTO `placement_bv_update_history` (`left_carry`, `date`, `from_id`, `user_id`) VALUES ('50', '2024-09-24 11:28:44', 'ATTM2C', 'OEMJ8R');
UPDATE `bv_updation` SET left_carry = left_carry+50, total_left = total_left+50
WHERE `user_id` = 'FXAYIE';
INSERT INTO `placement_bv_update_history` (`left_carry`, `date`, `from_id`, `user_id`) VALUES ('50', '2024-09-24 11:28:44', 'ATTM2C', 'FXAYIE');
UPDATE `bv_updation` SET left_carry = left_carry+50, total_left = total_left+50
WHERE `user_id` = 'ELXZWC';
INSERT INTO `placement_bv_update_history` (`left_carry`, `date`, `from_id`, `user_id`) VALUES ('50', '2024-09-24 11:28:44', 'ATTM2C', 'ELXZWC');
UPDATE `bv_updation` SET left_carry = left_carry+50, total_left = total_left+50
WHERE `user_id` = 'C1TQVI';
INSERT INTO `placement_bv_update_history` (`left_carry`, `date`, `from_id`, `user_id`) VALUES ('50', '2024-09-24 11:28:44', 'ATTM2C', 'C1TQVI');
UPDATE `bv_updation` SET left_carry = left_carry+50, total_left = total_left+50
WHERE `user_id` = 'F5GPDF';
INSERT INTO `placement_bv_update_history` (`left_carry`, `date`, `from_id`, `user_id`) VALUES ('50', '2024-09-24 11:28:44', 'ATTM2C', 'F5GPDF');
UPDATE `bv_updation` SET left_carry = left_carry+50, total_left = total_left+50
WHERE `user_id` = '91PYDK';
INSERT INTO `placement_bv_update_history` (`left_carry`, `date`, `from_id`, `user_id`) VALUES ('50', '2024-09-24 11:28:44', 'ATTM2C', '91PYDK');
UPDATE `bv_updation` SET left_carry = left_carry+50, total_left = total_left+50
WHERE `user_id` = '4OT7RX';
INSERT INTO `placement_bv_update_history` (`left_carry`, `date`, `from_id`, `user_id`) VALUES ('50', '2024-09-24 11:28:44', 'ATTM2C', '4OT7RX');
UPDATE `bv_updation` SET left_carry = left_carry+50, total_left = total_left+50
WHERE `user_id` = 'ZJZA3M';
INSERT INTO `placement_bv_update_history` (`left_carry`, `date`, `from_id`, `user_id`) VALUES ('50', '2024-09-24 11:28:44', 'ATTM2C', 'ZJZA3M');
UPDATE `bv_updation` SET left_carry = left_carry+50, total_left = total_left+50
WHERE `user_id` = 'XN6ETC';
INSERT INTO `placement_bv_update_history` (`left_carry`, `date`, `from_id`, `user_id`) VALUES ('50', '2024-09-24 11:28:44', 'ATTM2C', 'XN6ETC');
UPDATE `bv_updation` SET left_carry = left_carry+50, total_left = total_left+50
WHERE `user_id` = 'KVQN1O';
INSERT INTO `placement_bv_update_history` (`left_carry`, `date`, `from_id`, `user_id`) VALUES ('50', '2024-09-24 11:28:44', 'ATTM2C', 'KVQN1O');
UPDATE `bv_updation` SET left_carry = left_carry+50, total_left = total_left+50
WHERE `user_id` = 'X3V7DJ';
INSERT INTO `placement_bv_update_history` (`left_carry`, `date`, `from_id`, `user_id`) VALUES ('50', '2024-09-24 11:28:44', 'ATTM2C', 'X3V7DJ');
UPDATE `bv_updation` SET left_carry = left_carry+50, total_left = total_left+50
WHERE `user_id` = 'DJ77NH';
INSERT INTO `placement_bv_update_history` (`left_carry`, `date`, `from_id`, `user_id`) VALUES ('50', '2024-09-24 11:28:44', 'ATTM2C', 'DJ77NH');
UPDATE `bv_updation` SET left_carry = left_carry+50, total_left = total_left+50
WHERE `user_id` = 'PX7XCL';
INSERT INTO `placement_bv_update_history` (`left_carry`, `date`, `from_id`, `user_id`) VALUES ('50', '2024-09-24 11:28:44', 'ATTM2C', 'PX7XCL');
UPDATE `bv_updation` SET left_carry = left_carry+50, total_left = total_left+50
WHERE `user_id` = 'L8PM4Z';
INSERT INTO `placement_bv_update_history` (`left_carry`, `date`, `from_id`, `user_id`) VALUES ('50', '2024-09-24 11:28:44', 'ATTM2C', 'L8PM4Z');
UPDATE `bv_updation` SET left_carry = left_carry+50, total_left = total_left+50
WHERE `user_id` = 'GBSIER';
INSERT INTO `placement_bv_update_history` (`left_carry`, `date`, `from_id`, `user_id`) VALUES ('50', '2024-09-24 11:28:44', 'ATTM2C', 'GBSIER');
UPDATE `bv_updation` SET left_carry = left_carry+50, total_left = total_left+50
WHERE `user_id` = 'AV48YQ';
INSERT INTO `placement_bv_update_history` (`left_carry`, `date`, `from_id`, `user_id`) VALUES ('50', '2024-09-24 11:28:44', 'ATTM2C', 'AV48YQ');
UPDATE `bv_updation` SET left_carry = left_carry+50, total_left = total_left+50
WHERE `user_id` = 'admin';
INSERT INTO `placement_bv_update_history` (`left_carry`, `date`, `from_id`, `user_id`) VALUES ('50', '2024-09-24 11:28:44', 'ATTM2C', 'admin');
INSERT INTO `package_purchase_history` (`user_id`, `package_id`, `reg_fee`, `package_name`, `monthly_fee`, `type`, `date`, `payment_option`) VALUES ('ATTM2C', '2', '595', 'Traveler Pro', '150', 'sign_up', '2024-09-24 11:28:44', 'free');
UPDATE `user_registration` SET `popup_seen` = 'yes'
WHERE `user_id` = 'RPHDET';
UPDATE `ci_sessions` SET `timestamp` = 1727195343, `data` = '__ci_last_regenerate|i:1727195343;id|s:4:\"2323\";user_id|s:6:\"VDDUBG\";username|s:7:\"rafael5\";sponsor_id|s:6:\"RPHDET\";fullname|s:18:\"Rafaelp Rodriguezp\";email|s:17:\"rafael5@gmail.com\";phone|s:10:\"7862876762\";isLogIn|b:1;'
WHERE `id` = '8f13b19eb55267ec84337a9b93c9a5b363a5a44f';
UPDATE `user_registration` SET `uid` = '2329', `user_id` = '6EKVRH', `username` = 'manolito5', `sponsor_id` = 'VDDUBG', `vacant` = 'no', `f_name` = 'Manolitop', `l_name` = 'Sanchezp', `address` = '6520 Kendale Lakes Dr # 1001', `position` = 'right', `email` = 'manolitop@gmail.com', `password` = 'a15170e6ec6f9f461ed1612840972257', `phone` = '3057610606', `country` = 'United States', `state` = 'Florida', `city` = 'Miami', `street` = '6520 Kendale Lakes Dr # 1001', `zip_code` = '33183', `reg_ip` = '172.70.254.98', `status` = 1, `package_id` = '2', `rank_id` = 1, `highest_rank` = 1, `created` = '2024-09-24 11:29:03', `subscription_date` = '2024-10-24', `google_secret` = 'GG42FKMTV37BHYVF'
WHERE `uid` = '2329';
INSERT INTO `user_registration` (`uid`, `user_id`, `username`, `sponsor_id`, `placement_id`, `vacant`, `f_name`, `l_name`, `address`, `position`, `email`, `password`, `phone`, `reg_ip`, `status`, `created`) VALUES (NULL, 'PHMNPV', 'RsuTeOJS', '6EKVRH', '6EKVRH', 'yes', '', '', '', 'left', '@mail.com', '', '', '', 0, '2024-09-24 11:29:03');
INSERT INTO `user_registration` (`uid`, `user_id`, `username`, `sponsor_id`, `placement_id`, `vacant`, `f_name`, `l_name`, `address`, `position`, `email`, `password`, `phone`, `reg_ip`, `status`, `created`) VALUES (NULL, 'WKOOXZ', 'aYFwUjBn', '6EKVRH', '6EKVRH', 'yes', '', '', '', 'right', '@mail.com', '', '', '', 0, '2024-09-24 11:29:03');
INSERT INTO `bv_updation` (`user_id`) VALUES ('6EKVRH');
UPDATE `user_registration` SET total_ref_count = total_ref_count+1
WHERE `user_id` = 'VDDUBG';
UPDATE `user_registration` SET total_downlines = total_downlines+1
WHERE `user_id` = 'QFZLRP';
UPDATE `user_registration` SET right_downlines = right_downlines+1
WHERE `user_id` = 'QFZLRP';
UPDATE `user_registration` SET total_downlines = total_downlines+1
WHERE `user_id` = 'VDDUBG';
UPDATE `user_registration` SET right_downlines = right_downlines+1
WHERE `user_id` = 'VDDUBG';
UPDATE `user_registration` SET right_ref_count = right_ref_count+1
WHERE `user_id` = 'VDDUBG';
UPDATE `user_registration` SET active_right = active_right+1
WHERE `user_id` = 'VDDUBG';
UPDATE `user_registration` SET `binary_qualified` = 'yes'
WHERE `user_id` = 'VDDUBG';
UPDATE `user_registration` SET total_downlines = total_downlines+1
WHERE `user_id` = 'RPHDET';
UPDATE `user_registration` SET right_downlines = right_downlines+1
WHERE `user_id` = 'RPHDET';
UPDATE `user_registration` SET total_downlines = total_downlines+1
WHERE `user_id` = 'XYG89U';
UPDATE `user_registration` SET left_downlines = left_downlines+1
WHERE `user_id` = 'XYG89U';
UPDATE `user_registration` SET total_downlines = total_downlines+1
WHERE `user_id` = 'HTFY93';
UPDATE `user_registration` SET left_downlines = left_downlines+1
WHERE `user_id` = 'HTFY93';
UPDATE `user_registration` SET total_downlines = total_downlines+1
WHERE `user_id` = '3PR393';
UPDATE `user_registration` SET left_downlines = left_downlines+1
WHERE `user_id` = '3PR393';
UPDATE `user_registration` SET total_downlines = total_downlines+1
WHERE `user_id` = 'T3MRY1';
UPDATE `user_registration` SET left_downlines = left_downlines+1
WHERE `user_id` = 'T3MRY1';
UPDATE `user_registration` SET total_downlines = total_downlines+1
WHERE `user_id` = 'GTMCCK';
UPDATE `user_registration` SET left_downlines = left_downlines+1
WHERE `user_id` = 'GTMCCK';
UPDATE `user_registration` SET total_downlines = total_downlines+1
WHERE `user_id` = 'DLYMIF';
UPDATE `user_registration` SET left_downlines = left_downlines+1
WHERE `user_id` = 'DLYMIF';
UPDATE `user_registration` SET total_downlines = total_downlines+1
WHERE `user_id` = 'WGJ5KE';
UPDATE `user_registration` SET left_downlines = left_downlines+1
WHERE `user_id` = 'WGJ5KE';
UPDATE `user_registration` SET total_downlines = total_downlines+1
WHERE `user_id` = 'ORRJ3M';
UPDATE `user_registration` SET left_downlines = left_downlines+1
WHERE `user_id` = 'ORRJ3M';
UPDATE `user_registration` SET total_downlines = total_downlines+1
WHERE `user_id` = 'AA8V6V';
UPDATE `user_registration` SET left_downlines = left_downlines+1
WHERE `user_id` = 'AA8V6V';
UPDATE `user_registration` SET total_downlines = total_downlines+1
WHERE `user_id` = '61ME4O';
UPDATE `user_registration` SET left_downlines = left_downlines+1
WHERE `user_id` = '61ME4O';
UPDATE `user_registration` SET total_downlines = total_downlines+1
WHERE `user_id` = 'WS1SZZ';
UPDATE `user_registration` SET left_downlines = left_downlines+1
WHERE `user_id` = 'WS1SZZ';
UPDATE `user_registration` SET total_downlines = total_downlines+1
WHERE `user_id` = 'TBN4MZ';
UPDATE `user_registration` SET left_downlines = left_downlines+1
WHERE `user_id` = 'TBN4MZ';
UPDATE `user_registration` SET total_downlines = total_downlines+1
WHERE `user_id` = 'OEMJ8R';
UPDATE `user_registration` SET left_downlines = left_downlines+1
WHERE `user_id` = 'OEMJ8R';
UPDATE `user_registration` SET total_downlines = total_downlines+1
WHERE `user_id` = 'FXAYIE';
UPDATE `user_registration` SET left_downlines = left_downlines+1
WHERE `user_id` = 'FXAYIE';
UPDATE `user_registration` SET total_downlines = total_downlines+1
WHERE `user_id` = 'ELXZWC';
UPDATE `user_registration` SET left_downlines = left_downlines+1
WHERE `user_id` = 'ELXZWC';
UPDATE `user_registration` SET total_downlines = total_downlines+1
WHERE `user_id` = 'C1TQVI';
UPDATE `user_registration` SET left_downlines = left_downlines+1
WHERE `user_id` = 'C1TQVI';
UPDATE `user_registration` SET total_downlines = total_downlines+1
WHERE `user_id` = 'F5GPDF';
UPDATE `user_registration` SET left_downlines = left_downlines+1
WHERE `user_id` = 'F5GPDF';
UPDATE `user_registration` SET total_downlines = total_downlines+1
WHERE `user_id` = '91PYDK';
UPDATE `user_registration` SET left_downlines = left_downlines+1
WHERE `user_id` = '91PYDK';
UPDATE `user_registration` SET total_downlines = total_downlines+1
WHERE `user_id` = '4OT7RX';
UPDATE `user_registration` SET left_downlines = left_downlines+1
WHERE `user_id` = '4OT7RX';
UPDATE `user_registration` SET total_downlines = total_downlines+1
WHERE `user_id` = 'ZJZA3M';
UPDATE `user_registration` SET left_downlines = left_downlines+1
WHERE `user_id` = 'ZJZA3M';
UPDATE `user_registration` SET total_downlines = total_downlines+1
WHERE `user_id` = 'XN6ETC';
UPDATE `user_registration` SET left_downlines = left_downlines+1
WHERE `user_id` = 'XN6ETC';
UPDATE `user_registration` SET total_downlines = total_downlines+1
WHERE `user_id` = 'KVQN1O';
UPDATE `user_registration` SET left_downlines = left_downlines+1
WHERE `user_id` = 'KVQN1O';
UPDATE `user_registration` SET total_downlines = total_downlines+1
WHERE `user_id` = 'X3V7DJ';
UPDATE `user_registration` SET left_downlines = left_downlines+1
WHERE `user_id` = 'X3V7DJ';
UPDATE `user_registration` SET total_downlines = total_downlines+1
WHERE `user_id` = 'DJ77NH';
UPDATE `user_registration` SET left_downlines = left_downlines+1
WHERE `user_id` = 'DJ77NH';
UPDATE `user_registration` SET total_downlines = total_downlines+1
WHERE `user_id` = 'PX7XCL';
UPDATE `user_registration` SET left_downlines = left_downlines+1
WHERE `user_id` = 'PX7XCL';
UPDATE `user_registration` SET total_downlines = total_downlines+1
WHERE `user_id` = 'L8PM4Z';
UPDATE `user_registration` SET left_downlines = left_downlines+1
WHERE `user_id` = 'L8PM4Z';
UPDATE `user_registration` SET total_downlines = total_downlines+1
WHERE `user_id` = 'GBSIER';
UPDATE `user_registration` SET left_downlines = left_downlines+1
WHERE `user_id` = 'GBSIER';
UPDATE `user_registration` SET total_downlines = total_downlines+1
WHERE `user_id` = 'AV48YQ';
UPDATE `user_registration` SET left_downlines = left_downlines+1
WHERE `user_id` = 'AV48YQ';
UPDATE `user_registration` SET total_downlines = total_downlines+1
WHERE `user_id` = 'admin';
UPDATE `user_registration` SET left_downlines = left_downlines+1
WHERE `user_id` = 'admin';
INSERT INTO `investment` (`invest_date`, `user_id`, `type`, `amount`, `package_id`) VALUES ('2024-09-24 11:29:03', '6EKVRH', 'register', '595', '2');
INSERT INTO `earnings` (`user_id`, `Purchaser_id`, `earning_type`, `package_id`, `amount`, `date`, `comments`, `invest_amount`, `comm_perc`, `level`, `rank_id`, `order_id`) VALUES ('VDDUBG', '6EKVRH', 'Direct Referral Bonus', '2', '100', '2024-09-24 11:29:03', 'Direct Referral Bonus', 0, 0, 1, '', 11);
UPDATE `user_registration` SET commission_balance = ROUND(commission_balance + 100,2)
WHERE `user_id` = 'VDDUBG';
UPDATE `bv_updation` SET right_carry = right_carry+50, total_right = total_right+50
WHERE `user_id` = 'QFZLRP';
INSERT INTO `placement_bv_update_history` (`right_carry`, `date`, `from_id`, `user_id`) VALUES ('50', '2024-09-24 11:29:03', '6EKVRH', 'QFZLRP');
UPDATE `bv_updation` SET right_carry = right_carry+50, total_right = total_right+50
WHERE `user_id` = 'VDDUBG';
INSERT INTO `placement_bv_update_history` (`right_carry`, `date`, `from_id`, `user_id`) VALUES ('50', '2024-09-24 11:29:03', '6EKVRH', 'VDDUBG');
UPDATE `bv_updation` SET sponsor_right_carry = sponsor_right_carry+50, sponsor_total_right = sponsor_total_right+50
WHERE `user_id` = 'VDDUBG';
INSERT INTO `sponsor_bv_update_history` (`right_carry`, `date`, `user_id`) VALUES ('50', '2024-09-24 11:29:03', 'VDDUBG');
UPDATE `bv_updation` SET right_carry = right_carry+50, total_right = total_right+50
WHERE `user_id` = 'RPHDET';
INSERT INTO `placement_bv_update_history` (`right_carry`, `date`, `from_id`, `user_id`) VALUES ('50', '2024-09-24 11:29:03', '6EKVRH', 'RPHDET');
UPDATE `bv_updation` SET left_carry = left_carry+50, total_left = total_left+50
WHERE `user_id` = 'XYG89U';
INSERT INTO `placement_bv_update_history` (`left_carry`, `date`, `from_id`, `user_id`) VALUES ('50', '2024-09-24 11:29:03', '6EKVRH', 'XYG89U');
UPDATE `bv_updation` SET left_carry = left_carry+50, total_left = total_left+50
WHERE `user_id` = 'HTFY93';
INSERT INTO `placement_bv_update_history` (`left_carry`, `date`, `from_id`, `user_id`) VALUES ('50', '2024-09-24 11:29:03', '6EKVRH', 'HTFY93');
UPDATE `bv_updation` SET left_carry = left_carry+50, total_left = total_left+50
WHERE `user_id` = '3PR393';
INSERT INTO `placement_bv_update_history` (`left_carry`, `date`, `from_id`, `user_id`) VALUES ('50', '2024-09-24 11:29:03', '6EKVRH', '3PR393');
UPDATE `bv_updation` SET left_carry = left_carry+50, total_left = total_left+50
WHERE `user_id` = 'T3MRY1';
INSERT INTO `placement_bv_update_history` (`left_carry`, `date`, `from_id`, `user_id`) VALUES ('50', '2024-09-24 11:29:03', '6EKVRH', 'T3MRY1');
UPDATE `bv_updation` SET left_carry = left_carry+50, total_left = total_left+50
WHERE `user_id` = 'GTMCCK';
INSERT INTO `placement_bv_update_history` (`left_carry`, `date`, `from_id`, `user_id`) VALUES ('50', '2024-09-24 11:29:03', '6EKVRH', 'GTMCCK');
UPDATE `bv_updation` SET left_carry = left_carry+50, total_left = total_left+50
WHERE `user_id` = 'DLYMIF';
INSERT INTO `placement_bv_update_history` (`left_carry`, `date`, `from_id`, `user_id`) VALUES ('50', '2024-09-24 11:29:03', '6EKVRH', 'DLYMIF');
UPDATE `bv_updation` SET left_carry = left_carry+50, total_left = total_left+50
WHERE `user_id` = 'WGJ5KE';
INSERT INTO `placement_bv_update_history` (`left_carry`, `date`, `from_id`, `user_id`) VALUES ('50', '2024-09-24 11:29:03', '6EKVRH', 'WGJ5KE');
UPDATE `bv_updation` SET left_carry = left_carry+50, total_left = total_left+50
WHERE `user_id` = 'ORRJ3M';
INSERT INTO `placement_bv_update_history` (`left_carry`, `date`, `from_id`, `user_id`) VALUES ('50', '2024-09-24 11:29:03', '6EKVRH', 'ORRJ3M');
UPDATE `bv_updation` SET left_carry = left_carry+50, total_left = total_left+50
WHERE `user_id` = 'AA8V6V';
INSERT INTO `placement_bv_update_history` (`left_carry`, `date`, `from_id`, `user_id`) VALUES ('50', '2024-09-24 11:29:03', '6EKVRH', 'AA8V6V');
UPDATE `bv_updation` SET left_carry = left_carry+50, total_left = total_left+50
WHERE `user_id` = '61ME4O';
INSERT INTO `placement_bv_update_history` (`left_carry`, `date`, `from_id`, `user_id`) VALUES ('50', '2024-09-24 11:29:03', '6EKVRH', '61ME4O');
UPDATE `bv_updation` SET left_carry = left_carry+50, total_left = total_left+50
WHERE `user_id` = 'WS1SZZ';
INSERT INTO `placement_bv_update_history` (`left_carry`, `date`, `from_id`, `user_id`) VALUES ('50', '2024-09-24 11:29:03', '6EKVRH', 'WS1SZZ');
UPDATE `bv_updation` SET left_carry = left_carry+50, total_left = total_left+50
WHERE `user_id` = 'TBN4MZ';
INSERT INTO `placement_bv_update_history` (`left_carry`, `date`, `from_id`, `user_id`) VALUES ('50', '2024-09-24 11:29:03', '6EKVRH', 'TBN4MZ');
UPDATE `bv_updation` SET left_carry = left_carry+50, total_left = total_left+50
WHERE `user_id` = 'OEMJ8R';
INSERT INTO `placement_bv_update_history` (`left_carry`, `date`, `from_id`, `user_id`) VALUES ('50', '2024-09-24 11:29:03', '6EKVRH', 'OEMJ8R');
UPDATE `bv_updation` SET left_carry = left_carry+50, total_left = total_left+50
WHERE `user_id` = 'FXAYIE';
INSERT INTO `placement_bv_update_history` (`left_carry`, `date`, `from_id`, `user_id`) VALUES ('50', '2024-09-24 11:29:03', '6EKVRH', 'FXAYIE');
UPDATE `bv_updation` SET left_carry = left_carry+50, total_left = total_left+50
WHERE `user_id` = 'ELXZWC';
INSERT INTO `placement_bv_update_history` (`left_carry`, `date`, `from_id`, `user_id`) VALUES ('50', '2024-09-24 11:29:03', '6EKVRH', 'ELXZWC');
UPDATE `bv_updation` SET left_carry = left_carry+50, total_left = total_left+50
WHERE `user_id` = 'C1TQVI';
INSERT INTO `placement_bv_update_history` (`left_carry`, `date`, `from_id`, `user_id`) VALUES ('50', '2024-09-24 11:29:03', '6EKVRH', 'C1TQVI');
UPDATE `bv_updation` SET left_carry = left_carry+50, total_left = total_left+50
WHERE `user_id` = 'F5GPDF';
INSERT INTO `placement_bv_update_history` (`left_carry`, `date`, `from_id`, `user_id`) VALUES ('50', '2024-09-24 11:29:03', '6EKVRH', 'F5GPDF');
UPDATE `bv_updation` SET left_carry = left_carry+50, total_left = total_left+50
WHERE `user_id` = '91PYDK';
INSERT INTO `placement_bv_update_history` (`left_carry`, `date`, `from_id`, `user_id`) VALUES ('50', '2024-09-24 11:29:03', '6EKVRH', '91PYDK');
UPDATE `bv_updation` SET left_carry = left_carry+50, total_left = total_left+50
WHERE `user_id` = '4OT7RX';
INSERT INTO `placement_bv_update_history` (`left_carry`, `date`, `from_id`, `user_id`) VALUES ('50', '2024-09-24 11:29:03', '6EKVRH', '4OT7RX');
UPDATE `bv_updation` SET left_carry = left_carry+50, total_left = total_left+50
WHERE `user_id` = 'ZJZA3M';
INSERT INTO `placement_bv_update_history` (`left_carry`, `date`, `from_id`, `user_id`) VALUES ('50', '2024-09-24 11:29:03', '6EKVRH', 'ZJZA3M');
UPDATE `bv_updation` SET left_carry = left_carry+50, total_left = total_left+50
WHERE `user_id` = 'XN6ETC';
INSERT INTO `placement_bv_update_history` (`left_carry`, `date`, `from_id`, `user_id`) VALUES ('50', '2024-09-24 11:29:03', '6EKVRH', 'XN6ETC');
UPDATE `bv_updation` SET left_carry = left_carry+50, total_left = total_left+50
WHERE `user_id` = 'KVQN1O';
INSERT INTO `placement_bv_update_history` (`left_carry`, `date`, `from_id`, `user_id`) VALUES ('50', '2024-09-24 11:29:03', '6EKVRH', 'KVQN1O');
UPDATE `bv_updation` SET left_carry = left_carry+50, total_left = total_left+50
WHERE `user_id` = 'X3V7DJ';
INSERT INTO `placement_bv_update_history` (`left_carry`, `date`, `from_id`, `user_id`) VALUES ('50', '2024-09-24 11:29:03', '6EKVRH', 'X3V7DJ');
UPDATE `bv_updation` SET left_carry = left_carry+50, total_left = total_left+50
WHERE `user_id` = 'DJ77NH';
INSERT INTO `placement_bv_update_history` (`left_carry`, `date`, `from_id`, `user_id`) VALUES ('50', '2024-09-24 11:29:03', '6EKVRH', 'DJ77NH');
UPDATE `bv_updation` SET left_carry = left_carry+50, total_left = total_left+50
WHERE `user_id` = 'PX7XCL';
INSERT INTO `placement_bv_update_history` (`left_carry`, `date`, `from_id`, `user_id`) VALUES ('50', '2024-09-24 11:29:03', '6EKVRH', 'PX7XCL');
UPDATE `bv_updation` SET left_carry = left_carry+50, total_left = total_left+50
WHERE `user_id` = 'L8PM4Z';
INSERT INTO `placement_bv_update_history` (`left_carry`, `date`, `from_id`, `user_id`) VALUES ('50', '2024-09-24 11:29:03', '6EKVRH', 'L8PM4Z');
UPDATE `bv_updation` SET left_carry = left_carry+50, total_left = total_left+50
WHERE `user_id` = 'GBSIER';
INSERT INTO `placement_bv_update_history` (`left_carry`, `date`, `from_id`, `user_id`) VALUES ('50', '2024-09-24 11:29:03', '6EKVRH', 'GBSIER');
UPDATE `bv_updation` SET left_carry = left_carry+50, total_left = total_left+50
WHERE `user_id` = 'AV48YQ';
INSERT INTO `placement_bv_update_history` (`left_carry`, `date`, `from_id`, `user_id`) VALUES ('50', '2024-09-24 11:29:03', '6EKVRH', 'AV48YQ');
UPDATE `bv_updation` SET left_carry = left_carry+50, total_left = total_left+50
WHERE `user_id` = 'admin';
INSERT INTO `placement_bv_update_history` (`left_carry`, `date`, `from_id`, `user_id`) VALUES ('50', '2024-09-24 11:29:03', '6EKVRH', 'admin');
INSERT INTO `package_purchase_history` (`user_id`, `package_id`, `reg_fee`, `package_name`, `monthly_fee`, `type`, `date`, `payment_option`) VALUES ('6EKVRH', '2', '595', 'Traveler Pro', '150', 'sign_up', '2024-09-24 11:29:03', 'free');
UPDATE `user_registration` SET `popup_seen` = 'yes'
WHERE `user_id` = 'VDDUBG';
UPDATE `user_registration` SET `popup_seen` = 'yes'
WHERE `user_id` = 'VDDUBG';
UPDATE `user_registration` SET `uid` = '2336', `user_id` = 'D5FUBX', `username` = 'enrique5', `sponsor_id` = 'RPHDET', `vacant` = 'no', `f_name` = 'Enriquep', `l_name` = 'Ferrerp', `address` = '8100 sw 14 terr', `position` = 'left', `email` = 'enrique5@gmail.com', `password` = '67509a947fa3f17f4dc480ee0d40efd8', `phone` = '7862876762', `country` = 'United States', `state` = 'Florida', `city` = 'Miami', `street` = '8100 sw 14 terr', `zip_code` = '33144', `reg_ip` = '108.162.210.148', `status` = 1, `package_id` = '1', `rank_id` = 1, `highest_rank` = 1, `created` = '2024-09-24 11:32:00', `subscription_date` = '2024-10-24', `google_secret` = 'ESYLBZBMDS34GU33'
WHERE `uid` = '2336';
INSERT INTO `user_registration` (`uid`, `user_id`, `username`, `sponsor_id`, `placement_id`, `vacant`, `f_name`, `l_name`, `address`, `position`, `email`, `password`, `phone`, `reg_ip`, `status`, `created`) VALUES (NULL, 'PFWXKI', 'RMpzRGyF', 'D5FUBX', 'D5FUBX', 'yes', '', '', '', 'left', '@mail.com', '', '', '', 0, '2024-09-24 11:32:00');
INSERT INTO `user_registration` (`uid`, `user_id`, `username`, `sponsor_id`, `placement_id`, `vacant`, `f_name`, `l_name`, `address`, `position`, `email`, `password`, `phone`, `reg_ip`, `status`, `created`) VALUES (NULL, 'SVUKLT', 'BhxzLEYc', 'D5FUBX', 'D5FUBX', 'yes', '', '', '', 'right', '@mail.com', '', '', '', 0, '2024-09-24 11:32:00');
INSERT INTO `bv_updation` (`user_id`) VALUES ('D5FUBX');
UPDATE `user_registration` SET total_ref_count = total_ref_count+1
WHERE `user_id` = 'RPHDET';
UPDATE `user_registration` SET total_downlines = total_downlines+1
WHERE `user_id` = 'ATTM2C';
UPDATE `user_registration` SET left_downlines = left_downlines+1
WHERE `user_id` = 'ATTM2C';
UPDATE `user_registration` SET total_downlines = total_downlines+1
WHERE `user_id` = '7KQAKE';
UPDATE `user_registration` SET left_downlines = left_downlines+1
WHERE `user_id` = '7KQAKE';
UPDATE `user_registration` SET total_downlines = total_downlines+1
WHERE `user_id` = 'KPP775';
UPDATE `user_registration` SET left_downlines = left_downlines+1
WHERE `user_id` = 'KPP775';
UPDATE `user_registration` SET total_downlines = total_downlines+1
WHERE `user_id` = 'GHZSJX';
UPDATE `user_registration` SET left_downlines = left_downlines+1
WHERE `user_id` = 'GHZSJX';
UPDATE `user_registration` SET total_downlines = total_downlines+1
WHERE `user_id` = 'RPHDET';
UPDATE `user_registration` SET left_downlines = left_downlines+1
WHERE `user_id` = 'RPHDET';
UPDATE `user_registration` SET left_ref_count = left_ref_count+1
WHERE `user_id` = 'RPHDET';
UPDATE `user_registration` SET active_left = active_left+1
WHERE `user_id` = 'RPHDET';
UPDATE `user_registration` SET `binary_qualified` = 'yes'
WHERE `user_id` = 'RPHDET';
UPDATE `user_registration` SET total_downlines = total_downlines+1
WHERE `user_id` = 'XYG89U';
UPDATE `user_registration` SET left_downlines = left_downlines+1
WHERE `user_id` = 'XYG89U';
UPDATE `user_registration` SET total_downlines = total_downlines+1
WHERE `user_id` = 'HTFY93';
UPDATE `user_registration` SET left_downlines = left_downlines+1
WHERE `user_id` = 'HTFY93';
UPDATE `user_registration` SET total_downlines = total_downlines+1
WHERE `user_id` = '3PR393';
UPDATE `user_registration` SET left_downlines = left_downlines+1
WHERE `user_id` = '3PR393';
UPDATE `user_registration` SET total_downlines = total_downlines+1
WHERE `user_id` = 'T3MRY1';
UPDATE `user_registration` SET left_downlines = left_downlines+1
WHERE `user_id` = 'T3MRY1';
UPDATE `user_registration` SET total_downlines = total_downlines+1
WHERE `user_id` = 'GTMCCK';
UPDATE `user_registration` SET left_downlines = left_downlines+1
WHERE `user_id` = 'GTMCCK';
UPDATE `user_registration` SET total_downlines = total_downlines+1
WHERE `user_id` = 'DLYMIF';
UPDATE `user_registration` SET left_downlines = left_downlines+1
WHERE `user_id` = 'DLYMIF';
UPDATE `user_registration` SET total_downlines = total_downlines+1
WHERE `user_id` = 'WGJ5KE';
UPDATE `user_registration` SET left_downlines = left_downlines+1
WHERE `user_id` = 'WGJ5KE';
UPDATE `user_registration` SET total_downlines = total_downlines+1
WHERE `user_id` = 'ORRJ3M';
UPDATE `user_registration` SET left_downlines = left_downlines+1
WHERE `user_id` = 'ORRJ3M';
UPDATE `user_registration` SET total_downlines = total_downlines+1
WHERE `user_id` = 'AA8V6V';
UPDATE `user_registration` SET left_downlines = left_downlines+1
WHERE `user_id` = 'AA8V6V';
UPDATE `user_registration` SET total_downlines = total_downlines+1
WHERE `user_id` = '61ME4O';
UPDATE `user_registration` SET left_downlines = left_downlines+1
WHERE `user_id` = '61ME4O';
UPDATE `user_registration` SET total_downlines = total_downlines+1
WHERE `user_id` = 'WS1SZZ';
UPDATE `user_registration` SET left_downlines = left_downlines+1
WHERE `user_id` = 'WS1SZZ';
UPDATE `user_registration` SET total_downlines = total_downlines+1
WHERE `user_id` = 'TBN4MZ';
UPDATE `user_registration` SET left_downlines = left_downlines+1
WHERE `user_id` = 'TBN4MZ';
UPDATE `user_registration` SET total_downlines = total_downlines+1
WHERE `user_id` = 'OEMJ8R';
UPDATE `user_registration` SET left_downlines = left_downlines+1
WHERE `user_id` = 'OEMJ8R';
UPDATE `user_registration` SET total_downlines = total_downlines+1
WHERE `user_id` = 'FXAYIE';
UPDATE `user_registration` SET left_downlines = left_downlines+1
WHERE `user_id` = 'FXAYIE';
UPDATE `user_registration` SET total_downlines = total_downlines+1
WHERE `user_id` = 'ELXZWC';
UPDATE `user_registration` SET left_downlines = left_downlines+1
WHERE `user_id` = 'ELXZWC';
UPDATE `user_registration` SET total_downlines = total_downlines+1
WHERE `user_id` = 'C1TQVI';
UPDATE `user_registration` SET left_downlines = left_downlines+1
WHERE `user_id` = 'C1TQVI';
UPDATE `user_registration` SET total_downlines = total_downlines+1
WHERE `user_id` = 'F5GPDF';
UPDATE `user_registration` SET left_downlines = left_downlines+1
WHERE `user_id` = 'F5GPDF';
UPDATE `user_registration` SET total_downlines = total_downlines+1
WHERE `user_id` = '91PYDK';
UPDATE `user_registration` SET left_downlines = left_downlines+1
WHERE `user_id` = '91PYDK';
UPDATE `user_registration` SET total_downlines = total_downlines+1
WHERE `user_id` = '4OT7RX';
UPDATE `user_registration` SET left_downlines = left_downlines+1
WHERE `user_id` = '4OT7RX';
UPDATE `user_registration` SET total_downlines = total_downlines+1
WHERE `user_id` = 'ZJZA3M';
UPDATE `user_registration` SET left_downlines = left_downlines+1
WHERE `user_id` = 'ZJZA3M';
UPDATE `user_registration` SET total_downlines = total_downlines+1
WHERE `user_id` = 'XN6ETC';
UPDATE `user_registration` SET left_downlines = left_downlines+1
WHERE `user_id` = 'XN6ETC';
UPDATE `user_registration` SET total_downlines = total_downlines+1
WHERE `user_id` = 'KVQN1O';
UPDATE `user_registration` SET left_downlines = left_downlines+1
WHERE `user_id` = 'KVQN1O';
UPDATE `user_registration` SET total_downlines = total_downlines+1
WHERE `user_id` = 'X3V7DJ';
UPDATE `user_registration` SET left_downlines = left_downlines+1
WHERE `user_id` = 'X3V7DJ';
UPDATE `user_registration` SET total_downlines = total_downlines+1
WHERE `user_id` = 'DJ77NH';
UPDATE `user_registration` SET left_downlines = left_downlines+1
WHERE `user_id` = 'DJ77NH';
UPDATE `user_registration` SET total_downlines = total_downlines+1
WHERE `user_id` = 'PX7XCL';
UPDATE `user_registration` SET left_downlines = left_downlines+1
WHERE `user_id` = 'PX7XCL';
UPDATE `user_registration` SET total_downlines = total_downlines+1
WHERE `user_id` = 'L8PM4Z';
UPDATE `user_registration` SET left_downlines = left_downlines+1
WHERE `user_id` = 'L8PM4Z';
UPDATE `user_registration` SET total_downlines = total_downlines+1
WHERE `user_id` = 'GBSIER';
UPDATE `user_registration` SET left_downlines = left_downlines+1
WHERE `user_id` = 'GBSIER';
UPDATE `user_registration` SET total_downlines = total_downlines+1
WHERE `user_id` = 'AV48YQ';
UPDATE `user_registration` SET left_downlines = left_downlines+1
WHERE `user_id` = 'AV48YQ';
UPDATE `user_registration` SET total_downlines = total_downlines+1
WHERE `user_id` = 'admin';
UPDATE `user_registration` SET left_downlines = left_downlines+1
WHERE `user_id` = 'admin';
INSERT INTO `investment` (`invest_date`, `user_id`, `type`, `amount`, `package_id`) VALUES ('2024-09-24 11:32:00', 'D5FUBX', 'register', '195', '1');
INSERT INTO `earnings` (`user_id`, `Purchaser_id`, `earning_type`, `package_id`, `amount`, `date`, `comments`, `invest_amount`, `comm_perc`, `level`, `rank_id`, `order_id`) VALUES ('RPHDET', 'D5FUBX', 'Direct Referral Bonus', '1', '20', '2024-09-24 11:32:00', 'Direct Referral Bonus', 0, 0, 1, '', 12);
UPDATE `user_registration` SET commission_balance = ROUND(commission_balance + 20,2)
WHERE `user_id` = 'RPHDET';
UPDATE `bv_updation` SET left_carry = left_carry+20, total_left = total_left+20
WHERE `user_id` = 'ATTM2C';
INSERT INTO `placement_bv_update_history` (`left_carry`, `date`, `from_id`, `user_id`) VALUES ('20', '2024-09-24 11:32:00', 'D5FUBX', 'ATTM2C');
UPDATE `bv_updation` SET left_carry = left_carry+20, total_left = total_left+20
WHERE `user_id` = '7KQAKE';
INSERT INTO `placement_bv_update_history` (`left_carry`, `date`, `from_id`, `user_id`) VALUES ('20', '2024-09-24 11:32:00', 'D5FUBX', '7KQAKE');
UPDATE `bv_updation` SET left_carry = left_carry+20, total_left = total_left+20
WHERE `user_id` = 'KPP775';
INSERT INTO `placement_bv_update_history` (`left_carry`, `date`, `from_id`, `user_id`) VALUES ('20', '2024-09-24 11:32:00', 'D5FUBX', 'KPP775');
UPDATE `bv_updation` SET left_carry = left_carry+20, total_left = total_left+20
WHERE `user_id` = 'GHZSJX';
INSERT INTO `placement_bv_update_history` (`left_carry`, `date`, `from_id`, `user_id`) VALUES ('20', '2024-09-24 11:32:00', 'D5FUBX', 'GHZSJX');
UPDATE `bv_updation` SET left_carry = left_carry+20, total_left = total_left+20
WHERE `user_id` = 'RPHDET';
INSERT INTO `placement_bv_update_history` (`left_carry`, `date`, `from_id`, `user_id`) VALUES ('20', '2024-09-24 11:32:00', 'D5FUBX', 'RPHDET');
UPDATE `bv_updation` SET sponsor_left_carry = sponsor_left_carry+20, sponsor_total_left = sponsor_total_left+20
WHERE `user_id` = 'RPHDET';
INSERT INTO `sponsor_bv_update_history` (`left_carry`, `date`, `user_id`) VALUES ('20', '2024-09-24 11:32:00', 'RPHDET');
UPDATE `bv_updation` SET left_carry = left_carry+20, total_left = total_left+20
WHERE `user_id` = 'XYG89U';
INSERT INTO `placement_bv_update_history` (`left_carry`, `date`, `from_id`, `user_id`) VALUES ('20', '2024-09-24 11:32:00', 'D5FUBX', 'XYG89U');
UPDATE `bv_updation` SET left_carry = left_carry+20, total_left = total_left+20
WHERE `user_id` = 'HTFY93';
INSERT INTO `placement_bv_update_history` (`left_carry`, `date`, `from_id`, `user_id`) VALUES ('20', '2024-09-24 11:32:00', 'D5FUBX', 'HTFY93');
UPDATE `bv_updation` SET left_carry = left_carry+20, total_left = total_left+20
WHERE `user_id` = '3PR393';
INSERT INTO `placement_bv_update_history` (`left_carry`, `date`, `from_id`, `user_id`) VALUES ('20', '2024-09-24 11:32:00', 'D5FUBX', '3PR393');
UPDATE `bv_updation` SET left_carry = left_carry+20, total_left = total_left+20
WHERE `user_id` = 'T3MRY1';
INSERT INTO `placement_bv_update_history` (`left_carry`, `date`, `from_id`, `user_id`) VALUES ('20', '2024-09-24 11:32:00', 'D5FUBX', 'T3MRY1');
UPDATE `bv_updation` SET left_carry = left_carry+20, total_left = total_left+20
WHERE `user_id` = 'GTMCCK';
INSERT INTO `placement_bv_update_history` (`left_carry`, `date`, `from_id`, `user_id`) VALUES ('20', '2024-09-24 11:32:00', 'D5FUBX', 'GTMCCK');
UPDATE `bv_updation` SET left_carry = left_carry+20, total_left = total_left+20
WHERE `user_id` = 'DLYMIF';
INSERT INTO `placement_bv_update_history` (`left_carry`, `date`, `from_id`, `user_id`) VALUES ('20', '2024-09-24 11:32:00', 'D5FUBX', 'DLYMIF');
UPDATE `bv_updation` SET left_carry = left_carry+20, total_left = total_left+20
WHERE `user_id` = 'WGJ5KE';
INSERT INTO `placement_bv_update_history` (`left_carry`, `date`, `from_id`, `user_id`) VALUES ('20', '2024-09-24 11:32:00', 'D5FUBX', 'WGJ5KE');
UPDATE `bv_updation` SET left_carry = left_carry+20, total_left = total_left+20
WHERE `user_id` = 'ORRJ3M';
INSERT INTO `placement_bv_update_history` (`left_carry`, `date`, `from_id`, `user_id`) VALUES ('20', '2024-09-24 11:32:00', 'D5FUBX', 'ORRJ3M');
UPDATE `bv_updation` SET left_carry = left_carry+20, total_left = total_left+20
WHERE `user_id` = 'AA8V6V';
INSERT INTO `placement_bv_update_history` (`left_carry`, `date`, `from_id`, `user_id`) VALUES ('20', '2024-09-24 11:32:00', 'D5FUBX', 'AA8V6V');
UPDATE `bv_updation` SET left_carry = left_carry+20, total_left = total_left+20
WHERE `user_id` = '61ME4O';
INSERT INTO `placement_bv_update_history` (`left_carry`, `date`, `from_id`, `user_id`) VALUES ('20', '2024-09-24 11:32:00', 'D5FUBX', '61ME4O');
UPDATE `bv_updation` SET left_carry = left_carry+20, total_left = total_left+20
WHERE `user_id` = 'WS1SZZ';
INSERT INTO `placement_bv_update_history` (`left_carry`, `date`, `from_id`, `user_id`) VALUES ('20', '2024-09-24 11:32:00', 'D5FUBX', 'WS1SZZ');
UPDATE `bv_updation` SET left_carry = left_carry+20, total_left = total_left+20
WHERE `user_id` = 'TBN4MZ';
INSERT INTO `placement_bv_update_history` (`left_carry`, `date`, `from_id`, `user_id`) VALUES ('20', '2024-09-24 11:32:00', 'D5FUBX', 'TBN4MZ');
UPDATE `bv_updation` SET left_carry = left_carry+20, total_left = total_left+20
WHERE `user_id` = 'OEMJ8R';
INSERT INTO `placement_bv_update_history` (`left_carry`, `date`, `from_id`, `user_id`) VALUES ('20', '2024-09-24 11:32:00', 'D5FUBX', 'OEMJ8R');
UPDATE `bv_updation` SET left_carry = left_carry+20, total_left = total_left+20
WHERE `user_id` = 'FXAYIE';
INSERT INTO `placement_bv_update_history` (`left_carry`, `date`, `from_id`, `user_id`) VALUES ('20', '2024-09-24 11:32:00', 'D5FUBX', 'FXAYIE');
UPDATE `bv_updation` SET left_carry = left_carry+20, total_left = total_left+20
WHERE `user_id` = 'ELXZWC';
INSERT INTO `placement_bv_update_history` (`left_carry`, `date`, `from_id`, `user_id`) VALUES ('20', '2024-09-24 11:32:00', 'D5FUBX', 'ELXZWC');
UPDATE `bv_updation` SET left_carry = left_carry+20, total_left = total_left+20
WHERE `user_id` = 'C1TQVI';
INSERT INTO `placement_bv_update_history` (`left_carry`, `date`, `from_id`, `user_id`) VALUES ('20', '2024-09-24 11:32:00', 'D5FUBX', 'C1TQVI');
UPDATE `bv_updation` SET left_carry = left_carry+20, total_left = total_left+20
WHERE `user_id` = 'F5GPDF';
INSERT INTO `placement_bv_update_history` (`left_carry`, `date`, `from_id`, `user_id`) VALUES ('20', '2024-09-24 11:32:00', 'D5FUBX', 'F5GPDF');
UPDATE `bv_updation` SET left_carry = left_carry+20, total_left = total_left+20
WHERE `user_id` = '91PYDK';
INSERT INTO `placement_bv_update_history` (`left_carry`, `date`, `from_id`, `user_id`) VALUES ('20', '2024-09-24 11:32:00', 'D5FUBX', '91PYDK');
UPDATE `bv_updation` SET left_carry = left_carry+20, total_left = total_left+20
WHERE `user_id` = '4OT7RX';
INSERT INTO `placement_bv_update_history` (`left_carry`, `date`, `from_id`, `user_id`) VALUES ('20', '2024-09-24 11:32:00', 'D5FUBX', '4OT7RX');
UPDATE `bv_updation` SET left_carry = left_carry+20, total_left = total_left+20
WHERE `user_id` = 'ZJZA3M';
INSERT INTO `placement_bv_update_history` (`left_carry`, `date`, `from_id`, `user_id`) VALUES ('20', '2024-09-24 11:32:00', 'D5FUBX', 'ZJZA3M');
UPDATE `bv_updation` SET left_carry = left_carry+20, total_left = total_left+20
WHERE `user_id` = 'XN6ETC';
INSERT INTO `placement_bv_update_history` (`left_carry`, `date`, `from_id`, `user_id`) VALUES ('20', '2024-09-24 11:32:00', 'D5FUBX', 'XN6ETC');
UPDATE `bv_updation` SET left_carry = left_carry+20, total_left = total_left+20
WHERE `user_id` = 'KVQN1O';
INSERT INTO `placement_bv_update_history` (`left_carry`, `date`, `from_id`, `user_id`) VALUES ('20', '2024-09-24 11:32:00', 'D5FUBX', 'KVQN1O');
UPDATE `bv_updation` SET left_carry = left_carry+20, total_left = total_left+20
WHERE `user_id` = 'X3V7DJ';
INSERT INTO `placement_bv_update_history` (`left_carry`, `date`, `from_id`, `user_id`) VALUES ('20', '2024-09-24 11:32:00', 'D5FUBX', 'X3V7DJ');
UPDATE `bv_updation` SET left_carry = left_carry+20, total_left = total_left+20
WHERE `user_id` = 'DJ77NH';
INSERT INTO `placement_bv_update_history` (`left_carry`, `date`, `from_id`, `user_id`) VALUES ('20', '2024-09-24 11:32:00', 'D5FUBX', 'DJ77NH');
UPDATE `bv_updation` SET left_carry = left_carry+20, total_left = total_left+20
WHERE `user_id` = 'PX7XCL';
INSERT INTO `placement_bv_update_history` (`left_carry`, `date`, `from_id`, `user_id`) VALUES ('20', '2024-09-24 11:32:00', 'D5FUBX', 'PX7XCL');
UPDATE `bv_updation` SET left_carry = left_carry+20, total_left = total_left+20
WHERE `user_id` = 'L8PM4Z';
INSERT INTO `placement_bv_update_history` (`left_carry`, `date`, `from_id`, `user_id`) VALUES ('20', '2024-09-24 11:32:00', 'D5FUBX', 'L8PM4Z');
UPDATE `bv_updation` SET left_carry = left_carry+20, total_left = total_left+20
WHERE `user_id` = 'GBSIER';
INSERT INTO `placement_bv_update_history` (`left_carry`, `date`, `from_id`, `user_id`) VALUES ('20', '2024-09-24 11:32:00', 'D5FUBX', 'GBSIER');
UPDATE `bv_updation` SET left_carry = left_carry+20, total_left = total_left+20
WHERE `user_id` = 'AV48YQ';
INSERT INTO `placement_bv_update_history` (`left_carry`, `date`, `from_id`, `user_id`) VALUES ('20', '2024-09-24 11:32:00', 'D5FUBX', 'AV48YQ');
UPDATE `bv_updation` SET left_carry = left_carry+20, total_left = total_left+20
WHERE `user_id` = 'admin';
INSERT INTO `placement_bv_update_history` (`left_carry`, `date`, `from_id`, `user_id`) VALUES ('20', '2024-09-24 11:32:00', 'D5FUBX', 'admin');
INSERT INTO `package_purchase_history` (`user_id`, `package_id`, `reg_fee`, `package_name`, `monthly_fee`, `type`, `date`, `payment_option`) VALUES ('D5FUBX', '1', '195', 'Traveler', '50', 'sign_up', '2024-09-24 11:32:00', 'free');
UPDATE `user_registration` SET `popup_seen` = 'yes'
WHERE `user_id` = 'RPHDET';
UPDATE `user_registration` SET `uid` = '2332', `user_id` = 'V8YT9D', `username` = 'manuel5', `sponsor_id` = 'VDDUBG', `vacant` = 'no', `f_name` = 'Manuelp', `l_name` = 'Naranjop', `address` = '6520 Kendale Lakes Dr # 1001', `position` = 'left', `email` = 'manuelp@gmail.com', `password` = 'c07b8a56939cffe3a75e4de5231338d0', `phone` = '3057610606', `country` = 'United States', `state` = 'Florida', `city` = 'Miami', `street` = '6520 Kendale Lakes Dr # 1001', `zip_code` = '33183', `reg_ip` = '172.70.55.8', `status` = 1, `package_id` = '1', `rank_id` = 1, `highest_rank` = 1, `created` = '2024-09-24 11:32:59', `subscription_date` = '2024-10-24', `google_secret` = 'WRESDZVBHVMS3KAV'
WHERE `uid` = '2332';
INSERT INTO `user_registration` (`uid`, `user_id`, `username`, `sponsor_id`, `placement_id`, `vacant`, `f_name`, `l_name`, `address`, `position`, `email`, `password`, `phone`, `reg_ip`, `status`, `created`) VALUES (NULL, 'DZXEUR', 'CLuOmSML', 'V8YT9D', 'V8YT9D', 'yes', '', '', '', 'left', '@mail.com', '', '', '', 0, '2024-09-24 11:32:59');
INSERT INTO `user_registration` (`uid`, `user_id`, `username`, `sponsor_id`, `placement_id`, `vacant`, `f_name`, `l_name`, `address`, `position`, `email`, `password`, `phone`, `reg_ip`, `status`, `created`) VALUES (NULL, 'UXSIRD', 'zrExlVOb', 'V8YT9D', 'V8YT9D', 'yes', '', '', '', 'right', '@mail.com', '', '', '', 0, '2024-09-24 11:32:59');
INSERT INTO `bv_updation` (`user_id`) VALUES ('V8YT9D');
UPDATE `user_registration` SET total_ref_count = total_ref_count+1
WHERE `user_id` = 'VDDUBG';
UPDATE `user_registration` SET total_downlines = total_downlines+1
WHERE `user_id` = 'NECHFX';
UPDATE `user_registration` SET left_downlines = left_downlines+1
WHERE `user_id` = 'NECHFX';
UPDATE `user_registration` SET total_downlines = total_downlines+1
WHERE `user_id` = 'VDDUBG';
UPDATE `user_registration` SET left_downlines = left_downlines+1
WHERE `user_id` = 'VDDUBG';
UPDATE `user_registration` SET left_ref_count = left_ref_count+1
WHERE `user_id` = 'VDDUBG';
UPDATE `user_registration` SET active_left = active_left+1
WHERE `user_id` = 'VDDUBG';
UPDATE `user_registration` SET `binary_qualified` = 'yes'
WHERE `user_id` = 'VDDUBG';
UPDATE `user_registration` SET total_downlines = total_downlines+1
WHERE `user_id` = 'RPHDET';
UPDATE `user_registration` SET right_downlines = right_downlines+1
WHERE `user_id` = 'RPHDET';
UPDATE `user_registration` SET total_downlines = total_downlines+1
WHERE `user_id` = 'XYG89U';
UPDATE `user_registration` SET left_downlines = left_downlines+1
WHERE `user_id` = 'XYG89U';
UPDATE `user_registration` SET total_downlines = total_downlines+1
WHERE `user_id` = 'HTFY93';
UPDATE `user_registration` SET left_downlines = left_downlines+1
WHERE `user_id` = 'HTFY93';
UPDATE `user_registration` SET total_downlines = total_downlines+1
WHERE `user_id` = '3PR393';
UPDATE `user_registration` SET left_downlines = left_downlines+1
WHERE `user_id` = '3PR393';
UPDATE `user_registration` SET total_downlines = total_downlines+1
WHERE `user_id` = 'T3MRY1';
UPDATE `user_registration` SET left_downlines = left_downlines+1
WHERE `user_id` = 'T3MRY1';
UPDATE `user_registration` SET total_downlines = total_downlines+1
WHERE `user_id` = 'GTMCCK';
UPDATE `user_registration` SET left_downlines = left_downlines+1
WHERE `user_id` = 'GTMCCK';
UPDATE `user_registration` SET total_downlines = total_downlines+1
WHERE `user_id` = 'DLYMIF';
UPDATE `user_registration` SET left_downlines = left_downlines+1
WHERE `user_id` = 'DLYMIF';
UPDATE `user_registration` SET total_downlines = total_downlines+1
WHERE `user_id` = 'WGJ5KE';
UPDATE `user_registration` SET left_downlines = left_downlines+1
WHERE `user_id` = 'WGJ5KE';
UPDATE `user_registration` SET total_downlines = total_downlines+1
WHERE `user_id` = 'ORRJ3M';
UPDATE `user_registration` SET left_downlines = left_downlines+1
WHERE `user_id` = 'ORRJ3M';
UPDATE `user_registration` SET total_downlines = total_downlines+1
WHERE `user_id` = 'AA8V6V';
UPDATE `user_registration` SET left_downlines = left_downlines+1
WHERE `user_id` = 'AA8V6V';
UPDATE `user_registration` SET total_downlines = total_downlines+1
WHERE `user_id` = '61ME4O';
UPDATE `user_registration` SET left_downlines = left_downlines+1
WHERE `user_id` = '61ME4O';
UPDATE `user_registration` SET total_downlines = total_downlines+1
WHERE `user_id` = 'WS1SZZ';
UPDATE `user_registration` SET left_downlines = left_downlines+1
WHERE `user_id` = 'WS1SZZ';
UPDATE `user_registration` SET total_downlines = total_downlines+1
WHERE `user_id` = 'TBN4MZ';
UPDATE `user_registration` SET left_downlines = left_downlines+1
WHERE `user_id` = 'TBN4MZ';
UPDATE `user_registration` SET total_downlines = total_downlines+1
WHERE `user_id` = 'OEMJ8R';
UPDATE `user_registration` SET left_downlines = left_downlines+1
WHERE `user_id` = 'OEMJ8R';
UPDATE `user_registration` SET total_downlines = total_downlines+1
WHERE `user_id` = 'FXAYIE';
UPDATE `user_registration` SET left_downlines = left_downlines+1
WHERE `user_id` = 'FXAYIE';
UPDATE `user_registration` SET total_downlines = total_downlines+1
WHERE `user_id` = 'ELXZWC';
UPDATE `user_registration` SET left_downlines = left_downlines+1
WHERE `user_id` = 'ELXZWC';
UPDATE `user_registration` SET total_downlines = total_downlines+1
WHERE `user_id` = 'C1TQVI';
UPDATE `user_registration` SET left_downlines = left_downlines+1
WHERE `user_id` = 'C1TQVI';
UPDATE `user_registration` SET total_downlines = total_downlines+1
WHERE `user_id` = 'F5GPDF';
UPDATE `user_registration` SET left_downlines = left_downlines+1
WHERE `user_id` = 'F5GPDF';
UPDATE `user_registration` SET total_downlines = total_downlines+1
WHERE `user_id` = '91PYDK';
UPDATE `user_registration` SET left_downlines = left_downlines+1
WHERE `user_id` = '91PYDK';
UPDATE `user_registration` SET total_downlines = total_downlines+1
WHERE `user_id` = '4OT7RX';
UPDATE `user_registration` SET left_downlines = left_downlines+1
WHERE `user_id` = '4OT7RX';
UPDATE `user_registration` SET total_downlines = total_downlines+1
WHERE `user_id` = 'ZJZA3M';
UPDATE `user_registration` SET left_downlines = left_downlines+1
WHERE `user_id` = 'ZJZA3M';
UPDATE `user_registration` SET total_downlines = total_downlines+1
WHERE `user_id` = 'XN6ETC';
UPDATE `user_registration` SET left_downlines = left_downlines+1
WHERE `user_id` = 'XN6ETC';
UPDATE `user_registration` SET total_downlines = total_downlines+1
WHERE `user_id` = 'KVQN1O';
UPDATE `user_registration` SET left_downlines = left_downlines+1
WHERE `user_id` = 'KVQN1O';
UPDATE `user_registration` SET total_downlines = total_downlines+1
WHERE `user_id` = 'X3V7DJ';
UPDATE `user_registration` SET left_downlines = left_downlines+1
WHERE `user_id` = 'X3V7DJ';
UPDATE `user_registration` SET total_downlines = total_downlines+1
WHERE `user_id` = 'DJ77NH';
UPDATE `user_registration` SET left_downlines = left_downlines+1
WHERE `user_id` = 'DJ77NH';
UPDATE `user_registration` SET total_downlines = total_downlines+1
WHERE `user_id` = 'PX7XCL';
UPDATE `user_registration` SET left_downlines = left_downlines+1
WHERE `user_id` = 'PX7XCL';
UPDATE `user_registration` SET total_downlines = total_downlines+1
WHERE `user_id` = 'L8PM4Z';
UPDATE `user_registration` SET left_downlines = left_downlines+1
WHERE `user_id` = 'L8PM4Z';
UPDATE `user_registration` SET total_downlines = total_downlines+1
WHERE `user_id` = 'GBSIER';
UPDATE `user_registration` SET left_downlines = left_downlines+1
WHERE `user_id` = 'GBSIER';
UPDATE `user_registration` SET total_downlines = total_downlines+1
WHERE `user_id` = 'AV48YQ';
UPDATE `user_registration` SET left_downlines = left_downlines+1
WHERE `user_id` = 'AV48YQ';
UPDATE `user_registration` SET total_downlines = total_downlines+1
WHERE `user_id` = 'admin';
UPDATE `user_registration` SET left_downlines = left_downlines+1
WHERE `user_id` = 'admin';
UPDATE `user_registration` SET `popup_seen` = 'yes'
WHERE `user_id` = 'RPHDET';
INSERT INTO `investment` (`invest_date`, `user_id`, `type`, `amount`, `package_id`) VALUES ('2024-09-24 11:32:59', 'V8YT9D', 'register', '195', '1');
INSERT INTO `earnings` (`user_id`, `Purchaser_id`, `earning_type`, `package_id`, `amount`, `date`, `comments`, `invest_amount`, `comm_perc`, `level`, `rank_id`, `order_id`) VALUES ('VDDUBG', 'V8YT9D', 'Direct Referral Bonus', '1', '20', '2024-09-24 11:32:59', 'Direct Referral Bonus', 0, 0, 1, '', 13);
UPDATE `user_registration` SET commission_balance = ROUND(commission_balance + 20,2)
WHERE `user_id` = 'VDDUBG';
UPDATE `bv_updation` SET left_carry = left_carry+20, total_left = total_left+20
WHERE `user_id` = 'NECHFX';
INSERT INTO `placement_bv_update_history` (`left_carry`, `date`, `from_id`, `user_id`) VALUES ('20', '2024-09-24 11:32:59', 'V8YT9D', 'NECHFX');
UPDATE `bv_updation` SET left_carry = left_carry+20, total_left = total_left+20
WHERE `user_id` = 'VDDUBG';
INSERT INTO `placement_bv_update_history` (`left_carry`, `date`, `from_id`, `user_id`) VALUES ('20', '2024-09-24 11:32:59', 'V8YT9D', 'VDDUBG');
UPDATE `bv_updation` SET sponsor_left_carry = sponsor_left_carry+20, sponsor_total_left = sponsor_total_left+20
WHERE `user_id` = 'VDDUBG';
INSERT INTO `sponsor_bv_update_history` (`left_carry`, `date`, `user_id`) VALUES ('20', '2024-09-24 11:32:59', 'VDDUBG');
UPDATE `bv_updation` SET right_carry = right_carry+20, total_right = total_right+20
WHERE `user_id` = 'RPHDET';
INSERT INTO `placement_bv_update_history` (`right_carry`, `date`, `from_id`, `user_id`) VALUES ('20', '2024-09-24 11:32:59', 'V8YT9D', 'RPHDET');
UPDATE `bv_updation` SET left_carry = left_carry+20, total_left = total_left+20
WHERE `user_id` = 'XYG89U';
INSERT INTO `placement_bv_update_history` (`left_carry`, `date`, `from_id`, `user_id`) VALUES ('20', '2024-09-24 11:32:59', 'V8YT9D', 'XYG89U');
UPDATE `bv_updation` SET left_carry = left_carry+20, total_left = total_left+20
WHERE `user_id` = 'HTFY93';
INSERT INTO `placement_bv_update_history` (`left_carry`, `date`, `from_id`, `user_id`) VALUES ('20', '2024-09-24 11:32:59', 'V8YT9D', 'HTFY93');
UPDATE `bv_updation` SET left_carry = left_carry+20, total_left = total_left+20
WHERE `user_id` = '3PR393';
INSERT INTO `placement_bv_update_history` (`left_carry`, `date`, `from_id`, `user_id`) VALUES ('20', '2024-09-24 11:32:59', 'V8YT9D', '3PR393');
UPDATE `bv_updation` SET left_carry = left_carry+20, total_left = total_left+20
WHERE `user_id` = 'T3MRY1';
INSERT INTO `placement_bv_update_history` (`left_carry`, `date`, `from_id`, `user_id`) VALUES ('20', '2024-09-24 11:32:59', 'V8YT9D', 'T3MRY1');
UPDATE `bv_updation` SET left_carry = left_carry+20, total_left = total_left+20
WHERE `user_id` = 'GTMCCK';
INSERT INTO `placement_bv_update_history` (`left_carry`, `date`, `from_id`, `user_id`) VALUES ('20', '2024-09-24 11:32:59', 'V8YT9D', 'GTMCCK');
UPDATE `bv_updation` SET left_carry = left_carry+20, total_left = total_left+20
WHERE `user_id` = 'DLYMIF';
INSERT INTO `placement_bv_update_history` (`left_carry`, `date`, `from_id`, `user_id`) VALUES ('20', '2024-09-24 11:32:59', 'V8YT9D', 'DLYMIF');
UPDATE `bv_updation` SET left_carry = left_carry+20, total_left = total_left+20
WHERE `user_id` = 'WGJ5KE';
INSERT INTO `placement_bv_update_history` (`left_carry`, `date`, `from_id`, `user_id`) VALUES ('20', '2024-09-24 11:32:59', 'V8YT9D', 'WGJ5KE');
UPDATE `bv_updation` SET left_carry = left_carry+20, total_left = total_left+20
WHERE `user_id` = 'ORRJ3M';
INSERT INTO `placement_bv_update_history` (`left_carry`, `date`, `from_id`, `user_id`) VALUES ('20', '2024-09-24 11:32:59', 'V8YT9D', 'ORRJ3M');
UPDATE `bv_updation` SET left_carry = left_carry+20, total_left = total_left+20
WHERE `user_id` = 'AA8V6V';
INSERT INTO `placement_bv_update_history` (`left_carry`, `date`, `from_id`, `user_id`) VALUES ('20', '2024-09-24 11:32:59', 'V8YT9D', 'AA8V6V');
UPDATE `bv_updation` SET left_carry = left_carry+20, total_left = total_left+20
WHERE `user_id` = '61ME4O';
INSERT INTO `placement_bv_update_history` (`left_carry`, `date`, `from_id`, `user_id`) VALUES ('20', '2024-09-24 11:32:59', 'V8YT9D', '61ME4O');
UPDATE `bv_updation` SET left_carry = left_carry+20, total_left = total_left+20
WHERE `user_id` = 'WS1SZZ';
INSERT INTO `placement_bv_update_history` (`left_carry`, `date`, `from_id`, `user_id`) VALUES ('20', '2024-09-24 11:32:59', 'V8YT9D', 'WS1SZZ');
UPDATE `bv_updation` SET left_carry = left_carry+20, total_left = total_left+20
WHERE `user_id` = 'TBN4MZ';
INSERT INTO `placement_bv_update_history` (`left_carry`, `date`, `from_id`, `user_id`) VALUES ('20', '2024-09-24 11:32:59', 'V8YT9D', 'TBN4MZ');
UPDATE `bv_updation` SET left_carry = left_carry+20, total_left = total_left+20
WHERE `user_id` = 'OEMJ8R';
INSERT INTO `placement_bv_update_history` (`left_carry`, `date`, `from_id`, `user_id`) VALUES ('20', '2024-09-24 11:32:59', 'V8YT9D', 'OEMJ8R');
UPDATE `bv_updation` SET left_carry = left_carry+20, total_left = total_left+20
WHERE `user_id` = 'FXAYIE';
INSERT INTO `placement_bv_update_history` (`left_carry`, `date`, `from_id`, `user_id`) VALUES ('20', '2024-09-24 11:32:59', 'V8YT9D', 'FXAYIE');
UPDATE `bv_updation` SET left_carry = left_carry+20, total_left = total_left+20
WHERE `user_id` = 'ELXZWC';
INSERT INTO `placement_bv_update_history` (`left_carry`, `date`, `from_id`, `user_id`) VALUES ('20', '2024-09-24 11:32:59', 'V8YT9D', 'ELXZWC');
UPDATE `bv_updation` SET left_carry = left_carry+20, total_left = total_left+20
WHERE `user_id` = 'C1TQVI';
INSERT INTO `placement_bv_update_history` (`left_carry`, `date`, `from_id`, `user_id`) VALUES ('20', '2024-09-24 11:32:59', 'V8YT9D', 'C1TQVI');
UPDATE `bv_updation` SET left_carry = left_carry+20, total_left = total_left+20
WHERE `user_id` = 'F5GPDF';
INSERT INTO `placement_bv_update_history` (`left_carry`, `date`, `from_id`, `user_id`) VALUES ('20', '2024-09-24 11:32:59', 'V8YT9D', 'F5GPDF');
UPDATE `bv_updation` SET left_carry = left_carry+20, total_left = total_left+20
WHERE `user_id` = '91PYDK';
INSERT INTO `placement_bv_update_history` (`left_carry`, `date`, `from_id`, `user_id`) VALUES ('20', '2024-09-24 11:32:59', 'V8YT9D', '91PYDK');
UPDATE `bv_updation` SET left_carry = left_carry+20, total_left = total_left+20
WHERE `user_id` = '4OT7RX';
INSERT INTO `placement_bv_update_history` (`left_carry`, `date`, `from_id`, `user_id`) VALUES ('20', '2024-09-24 11:32:59', 'V8YT9D', '4OT7RX');
UPDATE `bv_updation` SET left_carry = left_carry+20, total_left = total_left+20
WHERE `user_id` = 'ZJZA3M';
INSERT INTO `placement_bv_update_history` (`left_carry`, `date`, `from_id`, `user_id`) VALUES ('20', '2024-09-24 11:32:59', 'V8YT9D', 'ZJZA3M');
UPDATE `bv_updation` SET left_carry = left_carry+20, total_left = total_left+20
WHERE `user_id` = 'XN6ETC';
INSERT INTO `placement_bv_update_history` (`left_carry`, `date`, `from_id`, `user_id`) VALUES ('20', '2024-09-24 11:32:59', 'V8YT9D', 'XN6ETC');
UPDATE `bv_updation` SET left_carry = left_carry+20, total_left = total_left+20
WHERE `user_id` = 'KVQN1O';
INSERT INTO `placement_bv_update_history` (`left_carry`, `date`, `from_id`, `user_id`) VALUES ('20', '2024-09-24 11:32:59', 'V8YT9D', 'KVQN1O');
UPDATE `bv_updation` SET left_carry = left_carry+20, total_left = total_left+20
WHERE `user_id` = 'X3V7DJ';
INSERT INTO `placement_bv_update_history` (`left_carry`, `date`, `from_id`, `user_id`) VALUES ('20', '2024-09-24 11:32:59', 'V8YT9D', 'X3V7DJ');
UPDATE `bv_updation` SET left_carry = left_carry+20, total_left = total_left+20
WHERE `user_id` = 'DJ77NH';
INSERT INTO `placement_bv_update_history` (`left_carry`, `date`, `from_id`, `user_id`) VALUES ('20', '2024-09-24 11:32:59', 'V8YT9D', 'DJ77NH');
UPDATE `bv_updation` SET left_carry = left_carry+20, total_left = total_left+20
WHERE `user_id` = 'PX7XCL';
INSERT INTO `placement_bv_update_history` (`left_carry`, `date`, `from_id`, `user_id`) VALUES ('20', '2024-09-24 11:32:59', 'V8YT9D', 'PX7XCL');
UPDATE `bv_updation` SET left_carry = left_carry+20, total_left = total_left+20
WHERE `user_id` = 'L8PM4Z';
INSERT INTO `placement_bv_update_history` (`left_carry`, `date`, `from_id`, `user_id`) VALUES ('20', '2024-09-24 11:32:59', 'V8YT9D', 'L8PM4Z');
UPDATE `bv_updation` SET left_carry = left_carry+20, total_left = total_left+20
WHERE `user_id` = 'GBSIER';
INSERT INTO `placement_bv_update_history` (`left_carry`, `date`, `from_id`, `user_id`) VALUES ('20', '2024-09-24 11:32:59', 'V8YT9D', 'GBSIER');
UPDATE `bv_updation` SET left_carry = left_carry+20, total_left = total_left+20
WHERE `user_id` = 'AV48YQ';
INSERT INTO `placement_bv_update_history` (`left_carry`, `date`, `from_id`, `user_id`) VALUES ('20', '2024-09-24 11:32:59', 'V8YT9D', 'AV48YQ');
UPDATE `bv_updation` SET left_carry = left_carry+20, total_left = total_left+20
WHERE `user_id` = 'admin';
INSERT INTO `placement_bv_update_history` (`left_carry`, `date`, `from_id`, `user_id`) VALUES ('20', '2024-09-24 11:32:59', 'V8YT9D', 'admin');
INSERT INTO `package_purchase_history` (`user_id`, `package_id`, `reg_fee`, `package_name`, `monthly_fee`, `type`, `date`, `payment_option`) VALUES ('V8YT9D', '1', '195', 'Traveler', '50', 'sign_up', '2024-09-24 11:32:59', 'free');
UPDATE `user_registration` SET `popup_seen` = 'yes'
WHERE `user_id` = 'VDDUBG';
UPDATE `user_registration` SET `popup_seen` = 'yes'
WHERE `user_id` = 'RPHDET';
UPDATE `ci_sessions` SET `timestamp` = 1727195652, `data` = '__ci_last_regenerate|i:1727195652;id|s:4:\"2314\";user_id|s:6:\"RPHDET\";username|s:7:\"emilio5\";sponsor_id|s:6:\"ZJZA3M\";fullname|s:16:\"Emiliop tapanesp\";email|s:17:\"emilio5@gmail.com\";phone|s:10:\"7862876762\";isLogIn|b:1;'
WHERE `id` = '59e3d811b9de306f6105260af66b6eae8f462b1f';
UPDATE `user_registration` SET `popup_seen` = 'no'
WHERE `user_id` = 'RPHDET';
DELETE FROM `ci_sessions`
WHERE `id` = '8d38f0b16678b38c29e564b8f7c420c2812dcc54';
UPDATE `ci_sessions` SET `timestamp` = 1727195655, `data` = '__ci_last_regenerate|i:1727195655;id|s:4:\"2323\";user_id|s:6:\"VDDUBG\";username|s:7:\"rafael5\";sponsor_id|s:6:\"RPHDET\";fullname|s:18:\"Rafaelp Rodriguezp\";email|s:17:\"rafael5@gmail.com\";phone|s:10:\"7862876762\";isLogIn|b:1;'
WHERE `id` = '0fb54daeda73ef9336615fd93970ef92ba003c32';
INSERT INTO `login_history` (`user_id`, `device`, `ip_address`, `date`) VALUES ('D5FUBX', 'Mozilla/5.0 (Windows NT 10.0; Win64; x64) AppleWebKit/537.36 (KHTML, like Gecko) Chrome/128.0.0.0 Safari/537.36', '172.70.255.117', '24-09-24 11:34');
UPDATE `user_registration` SET `popup_seen` = 'yes'
WHERE `user_id` = 'D5FUBX';
UPDATE `user_registration` SET `popup_seen` = 'yes'
WHERE `user_id` = 'D5FUBX';
UPDATE `user_registration` SET `popup_seen` = 'yes'
WHERE `user_id` = 'D5FUBX';
UPDATE `user_registration` SET `popup_seen` = 'yes'
WHERE `user_id` = 'D5FUBX';
UPDATE `user_registration` SET `popup_seen` = 'no'
WHERE `user_id` = 'D5FUBX';
DELETE FROM `ci_sessions`
WHERE `id` = '62af0db3dac1f6565a1b7f3c7bec4776e4985e1d';
INSERT INTO `login_history` (`user_id`, `device`, `ip_address`, `date`) VALUES ('RPHDET', 'Mozilla/5.0 (Windows NT 10.0; Win64; x64) AppleWebKit/537.36 (KHTML, like Gecko) Chrome/128.0.0.0 Safari/537.36', '172.70.83.3', '24-09-24 11:36');
UPDATE `user_registration` SET `popup_seen` = 'yes'
WHERE `user_id` = 'RPHDET';
UPDATE `user_registration` SET `uid` = '2339', `user_id` = 'BXAWXO', `username` = 'lesly5', `sponsor_id` = 'VDDUBG', `vacant` = 'no', `f_name` = 'Leslyp ', `l_name` = 'Andreup', `address` = '6520 Kendale Lakes Dr # 1001', `position` = 'right', `email` = 'leslyp@gmail.com', `password` = 'c94e533316660bd4a024645b8a2a3319', `phone` = '3057610606', `country` = 'United States', `state` = 'Florida', `city` = 'Miami', `street` = '6520 Kendale Lakes Dr # 1001', `zip_code` = '33183', `reg_ip` = '172.70.255.237', `status` = 1, `package_id` = '2', `rank_id` = 1, `highest_rank` = 1, `created` = '2024-09-24 11:38:12', `subscription_date` = '2024-10-24', `google_secret` = 'FVCOUQVTMBVYIULQ'
WHERE `uid` = '2339';
INSERT INTO `user_registration` (`uid`, `user_id`, `username`, `sponsor_id`, `placement_id`, `vacant`, `f_name`, `l_name`, `address`, `position`, `email`, `password`, `phone`, `reg_ip`, `status`, `created`) VALUES (NULL, 'ZBUZRL', 'aHvzElxh', 'BXAWXO', 'BXAWXO', 'yes', '', '', '', 'left', '@mail.com', '', '', '', 0, '2024-09-24 11:38:12');
INSERT INTO `user_registration` (`uid`, `user_id`, `username`, `sponsor_id`, `placement_id`, `vacant`, `f_name`, `l_name`, `address`, `position`, `email`, `password`, `phone`, `reg_ip`, `status`, `created`) VALUES (NULL, 'TFAHTX', 'fWczlINM', 'BXAWXO', 'BXAWXO', 'yes', '', '', '', 'right', '@mail.com', '', '', '', 0, '2024-09-24 11:38:12');
INSERT INTO `bv_updation` (`user_id`) VALUES ('BXAWXO');
UPDATE `user_registration` SET total_ref_count = total_ref_count+1
WHERE `user_id` = 'VDDUBG';
UPDATE `user_registration` SET total_downlines = total_downlines+1
WHERE `user_id` = '6EKVRH';
UPDATE `user_registration` SET right_downlines = right_downlines+1
WHERE `user_id` = '6EKVRH';
UPDATE `user_registration` SET total_downlines = total_downlines+1
WHERE `user_id` = 'QFZLRP';
UPDATE `user_registration` SET right_downlines = right_downlines+1
WHERE `user_id` = 'QFZLRP';
UPDATE `user_registration` SET total_downlines = total_downlines+1
WHERE `user_id` = 'VDDUBG';
UPDATE `user_registration` SET right_downlines = right_downlines+1
WHERE `user_id` = 'VDDUBG';
UPDATE `user_registration` SET right_ref_count = right_ref_count+1
WHERE `user_id` = 'VDDUBG';
UPDATE `user_registration` SET active_right = active_right+1
WHERE `user_id` = 'VDDUBG';
UPDATE `user_registration` SET `binary_qualified` = 'yes'
WHERE `user_id` = 'VDDUBG';
UPDATE `user_registration` SET total_downlines = total_downlines+1
WHERE `user_id` = 'RPHDET';
UPDATE `user_registration` SET right_downlines = right_downlines+1
WHERE `user_id` = 'RPHDET';
UPDATE `user_registration` SET total_downlines = total_downlines+1
WHERE `user_id` = 'XYG89U';
UPDATE `user_registration` SET left_downlines = left_downlines+1
WHERE `user_id` = 'XYG89U';
UPDATE `user_registration` SET total_downlines = total_downlines+1
WHERE `user_id` = 'HTFY93';
UPDATE `user_registration` SET left_downlines = left_downlines+1
WHERE `user_id` = 'HTFY93';
UPDATE `user_registration` SET total_downlines = total_downlines+1
WHERE `user_id` = '3PR393';
UPDATE `user_registration` SET left_downlines = left_downlines+1
WHERE `user_id` = '3PR393';
UPDATE `user_registration` SET total_downlines = total_downlines+1
WHERE `user_id` = 'T3MRY1';
UPDATE `user_registration` SET left_downlines = left_downlines+1
WHERE `user_id` = 'T3MRY1';
UPDATE `user_registration` SET total_downlines = total_downlines+1
WHERE `user_id` = 'GTMCCK';
UPDATE `user_registration` SET left_downlines = left_downlines+1
WHERE `user_id` = 'GTMCCK';
UPDATE `user_registration` SET total_downlines = total_downlines+1
WHERE `user_id` = 'DLYMIF';
UPDATE `user_registration` SET left_downlines = left_downlines+1
WHERE `user_id` = 'DLYMIF';
UPDATE `user_registration` SET total_downlines = total_downlines+1
WHERE `user_id` = 'WGJ5KE';
UPDATE `user_registration` SET left_downlines = left_downlines+1
WHERE `user_id` = 'WGJ5KE';
UPDATE `user_registration` SET total_downlines = total_downlines+1
WHERE `user_id` = 'ORRJ3M';
UPDATE `user_registration` SET left_downlines = left_downlines+1
WHERE `user_id` = 'ORRJ3M';
UPDATE `user_registration` SET total_downlines = total_downlines+1
WHERE `user_id` = 'AA8V6V';
UPDATE `user_registration` SET left_downlines = left_downlines+1
WHERE `user_id` = 'AA8V6V';
UPDATE `user_registration` SET total_downlines = total_downlines+1
WHERE `user_id` = '61ME4O';
UPDATE `user_registration` SET left_downlines = left_downlines+1
WHERE `user_id` = '61ME4O';
UPDATE `user_registration` SET total_downlines = total_downlines+1
WHERE `user_id` = 'WS1SZZ';
UPDATE `user_registration` SET left_downlines = left_downlines+1
WHERE `user_id` = 'WS1SZZ';
UPDATE `user_registration` SET total_downlines = total_downlines+1
WHERE `user_id` = 'TBN4MZ';
UPDATE `user_registration` SET left_downlines = left_downlines+1
WHERE `user_id` = 'TBN4MZ';
UPDATE `user_registration` SET total_downlines = total_downlines+1
WHERE `user_id` = 'OEMJ8R';
UPDATE `user_registration` SET left_downlines = left_downlines+1
WHERE `user_id` = 'OEMJ8R';
UPDATE `user_registration` SET total_downlines = total_downlines+1
WHERE `user_id` = 'FXAYIE';
UPDATE `user_registration` SET left_downlines = left_downlines+1
WHERE `user_id` = 'FXAYIE';
UPDATE `user_registration` SET total_downlines = total_downlines+1
WHERE `user_id` = 'ELXZWC';
UPDATE `user_registration` SET left_downlines = left_downlines+1
WHERE `user_id` = 'ELXZWC';
UPDATE `user_registration` SET total_downlines = total_downlines+1
WHERE `user_id` = 'C1TQVI';
UPDATE `user_registration` SET left_downlines = left_downlines+1
WHERE `user_id` = 'C1TQVI';
UPDATE `user_registration` SET total_downlines = total_downlines+1
WHERE `user_id` = 'F5GPDF';
UPDATE `user_registration` SET left_downlines = left_downlines+1
WHERE `user_id` = 'F5GPDF';
UPDATE `user_registration` SET total_downlines = total_downlines+1
WHERE `user_id` = '91PYDK';
UPDATE `user_registration` SET left_downlines = left_downlines+1
WHERE `user_id` = '91PYDK';
UPDATE `user_registration` SET total_downlines = total_downlines+1
WHERE `user_id` = '4OT7RX';
UPDATE `user_registration` SET left_downlines = left_downlines+1
WHERE `user_id` = '4OT7RX';
UPDATE `user_registration` SET total_downlines = total_downlines+1
WHERE `user_id` = 'ZJZA3M';
UPDATE `user_registration` SET left_downlines = left_downlines+1
WHERE `user_id` = 'ZJZA3M';
UPDATE `user_registration` SET total_downlines = total_downlines+1
WHERE `user_id` = 'XN6ETC';
UPDATE `user_registration` SET left_downlines = left_downlines+1
WHERE `user_id` = 'XN6ETC';
UPDATE `user_registration` SET total_downlines = total_downlines+1
WHERE `user_id` = 'KVQN1O';
UPDATE `user_registration` SET left_downlines = left_downlines+1
WHERE `user_id` = 'KVQN1O';
UPDATE `user_registration` SET total_downlines = total_downlines+1
WHERE `user_id` = 'X3V7DJ';
UPDATE `user_registration` SET left_downlines = left_downlines+1
WHERE `user_id` = 'X3V7DJ';
UPDATE `user_registration` SET total_downlines = total_downlines+1
WHERE `user_id` = 'DJ77NH';
UPDATE `user_registration` SET left_downlines = left_downlines+1
WHERE `user_id` = 'DJ77NH';
UPDATE `user_registration` SET total_downlines = total_downlines+1
WHERE `user_id` = 'PX7XCL';
UPDATE `user_registration` SET left_downlines = left_downlines+1
WHERE `user_id` = 'PX7XCL';
UPDATE `user_registration` SET total_downlines = total_downlines+1
WHERE `user_id` = 'L8PM4Z';
UPDATE `user_registration` SET left_downlines = left_downlines+1
WHERE `user_id` = 'L8PM4Z';
UPDATE `user_registration` SET total_downlines = total_downlines+1
WHERE `user_id` = 'GBSIER';
UPDATE `user_registration` SET left_downlines = left_downlines+1
WHERE `user_id` = 'GBSIER';
UPDATE `user_registration` SET total_downlines = total_downlines+1
WHERE `user_id` = 'AV48YQ';
UPDATE `user_registration` SET left_downlines = left_downlines+1
WHERE `user_id` = 'AV48YQ';
UPDATE `user_registration` SET total_downlines = total_downlines+1
WHERE `user_id` = 'admin';
UPDATE `user_registration` SET left_downlines = left_downlines+1
WHERE `user_id` = 'admin';
INSERT INTO `investment` (`invest_date`, `user_id`, `type`, `amount`, `package_id`) VALUES ('2024-09-24 11:38:12', 'BXAWXO', 'register', '595', '2');
INSERT INTO `earnings` (`user_id`, `Purchaser_id`, `earning_type`, `package_id`, `amount`, `date`, `comments`, `invest_amount`, `comm_perc`, `level`, `rank_id`, `order_id`) VALUES ('VDDUBG', 'BXAWXO', 'Direct Referral Bonus', '2', '100', '2024-09-24 11:38:12', 'Direct Referral Bonus', 0, 0, 1, '', 14);
UPDATE `user_registration` SET commission_balance = ROUND(commission_balance + 100,2)
WHERE `user_id` = 'VDDUBG';
UPDATE `bv_updation` SET right_carry = right_carry+50, total_right = total_right+50
WHERE `user_id` = '6EKVRH';
INSERT INTO `placement_bv_update_history` (`right_carry`, `date`, `from_id`, `user_id`) VALUES ('50', '2024-09-24 11:38:12', 'BXAWXO', '6EKVRH');
UPDATE `bv_updation` SET right_carry = right_carry+50, total_right = total_right+50
WHERE `user_id` = 'QFZLRP';
INSERT INTO `placement_bv_update_history` (`right_carry`, `date`, `from_id`, `user_id`) VALUES ('50', '2024-09-24 11:38:12', 'BXAWXO', 'QFZLRP');
UPDATE `bv_updation` SET right_carry = right_carry+50, total_right = total_right+50
WHERE `user_id` = 'VDDUBG';
INSERT INTO `placement_bv_update_history` (`right_carry`, `date`, `from_id`, `user_id`) VALUES ('50', '2024-09-24 11:38:12', 'BXAWXO', 'VDDUBG');
UPDATE `bv_updation` SET sponsor_right_carry = sponsor_right_carry+50, sponsor_total_right = sponsor_total_right+50
WHERE `user_id` = 'VDDUBG';
INSERT INTO `sponsor_bv_update_history` (`right_carry`, `date`, `user_id`) VALUES ('50', '2024-09-24 11:38:12', 'VDDUBG');
UPDATE `bv_updation` SET right_carry = right_carry+50, total_right = total_right+50
WHERE `user_id` = 'RPHDET';
INSERT INTO `placement_bv_update_history` (`right_carry`, `date`, `from_id`, `user_id`) VALUES ('50', '2024-09-24 11:38:12', 'BXAWXO', 'RPHDET');
UPDATE `bv_updation` SET left_carry = left_carry+50, total_left = total_left+50
WHERE `user_id` = 'XYG89U';
INSERT INTO `placement_bv_update_history` (`left_carry`, `date`, `from_id`, `user_id`) VALUES ('50', '2024-09-24 11:38:12', 'BXAWXO', 'XYG89U');
UPDATE `bv_updation` SET left_carry = left_carry+50, total_left = total_left+50
WHERE `user_id` = 'HTFY93';
INSERT INTO `placement_bv_update_history` (`left_carry`, `date`, `from_id`, `user_id`) VALUES ('50', '2024-09-24 11:38:12', 'BXAWXO', 'HTFY93');
UPDATE `bv_updation` SET left_carry = left_carry+50, total_left = total_left+50
WHERE `user_id` = '3PR393';
INSERT INTO `placement_bv_update_history` (`left_carry`, `date`, `from_id`, `user_id`) VALUES ('50', '2024-09-24 11:38:12', 'BXAWXO', '3PR393');
UPDATE `bv_updation` SET left_carry = left_carry+50, total_left = total_left+50
WHERE `user_id` = 'T3MRY1';
INSERT INTO `placement_bv_update_history` (`left_carry`, `date`, `from_id`, `user_id`) VALUES ('50', '2024-09-24 11:38:12', 'BXAWXO', 'T3MRY1');
UPDATE `bv_updation` SET left_carry = left_carry+50, total_left = total_left+50
WHERE `user_id` = 'GTMCCK';
INSERT INTO `placement_bv_update_history` (`left_carry`, `date`, `from_id`, `user_id`) VALUES ('50', '2024-09-24 11:38:12', 'BXAWXO', 'GTMCCK');
UPDATE `bv_updation` SET left_carry = left_carry+50, total_left = total_left+50
WHERE `user_id` = 'DLYMIF';
INSERT INTO `placement_bv_update_history` (`left_carry`, `date`, `from_id`, `user_id`) VALUES ('50', '2024-09-24 11:38:12', 'BXAWXO', 'DLYMIF');
UPDATE `bv_updation` SET left_carry = left_carry+50, total_left = total_left+50
WHERE `user_id` = 'WGJ5KE';
INSERT INTO `placement_bv_update_history` (`left_carry`, `date`, `from_id`, `user_id`) VALUES ('50', '2024-09-24 11:38:12', 'BXAWXO', 'WGJ5KE');
UPDATE `bv_updation` SET left_carry = left_carry+50, total_left = total_left+50
WHERE `user_id` = 'ORRJ3M';
INSERT INTO `placement_bv_update_history` (`left_carry`, `date`, `from_id`, `user_id`) VALUES ('50', '2024-09-24 11:38:12', 'BXAWXO', 'ORRJ3M');
UPDATE `bv_updation` SET left_carry = left_carry+50, total_left = total_left+50
WHERE `user_id` = 'AA8V6V';
INSERT INTO `placement_bv_update_history` (`left_carry`, `date`, `from_id`, `user_id`) VALUES ('50', '2024-09-24 11:38:12', 'BXAWXO', 'AA8V6V');
UPDATE `bv_updation` SET left_carry = left_carry+50, total_left = total_left+50
WHERE `user_id` = '61ME4O';
INSERT INTO `placement_bv_update_history` (`left_carry`, `date`, `from_id`, `user_id`) VALUES ('50', '2024-09-24 11:38:12', 'BXAWXO', '61ME4O');
UPDATE `bv_updation` SET left_carry = left_carry+50, total_left = total_left+50
WHERE `user_id` = 'WS1SZZ';
INSERT INTO `placement_bv_update_history` (`left_carry`, `date`, `from_id`, `user_id`) VALUES ('50', '2024-09-24 11:38:12', 'BXAWXO', 'WS1SZZ');
UPDATE `bv_updation` SET left_carry = left_carry+50, total_left = total_left+50
WHERE `user_id` = 'TBN4MZ';
INSERT INTO `placement_bv_update_history` (`left_carry`, `date`, `from_id`, `user_id`) VALUES ('50', '2024-09-24 11:38:12', 'BXAWXO', 'TBN4MZ');
UPDATE `bv_updation` SET left_carry = left_carry+50, total_left = total_left+50
WHERE `user_id` = 'OEMJ8R';
INSERT INTO `placement_bv_update_history` (`left_carry`, `date`, `from_id`, `user_id`) VALUES ('50', '2024-09-24 11:38:12', 'BXAWXO', 'OEMJ8R');
UPDATE `bv_updation` SET left_carry = left_carry+50, total_left = total_left+50
WHERE `user_id` = 'FXAYIE';
INSERT INTO `placement_bv_update_history` (`left_carry`, `date`, `from_id`, `user_id`) VALUES ('50', '2024-09-24 11:38:12', 'BXAWXO', 'FXAYIE');
UPDATE `bv_updation` SET left_carry = left_carry+50, total_left = total_left+50
WHERE `user_id` = 'ELXZWC';
INSERT INTO `placement_bv_update_history` (`left_carry`, `date`, `from_id`, `user_id`) VALUES ('50', '2024-09-24 11:38:12', 'BXAWXO', 'ELXZWC');
UPDATE `bv_updation` SET left_carry = left_carry+50, total_left = total_left+50
WHERE `user_id` = 'C1TQVI';
INSERT INTO `placement_bv_update_history` (`left_carry`, `date`, `from_id`, `user_id`) VALUES ('50', '2024-09-24 11:38:12', 'BXAWXO', 'C1TQVI');
UPDATE `bv_updation` SET left_carry = left_carry+50, total_left = total_left+50
WHERE `user_id` = 'F5GPDF';
INSERT INTO `placement_bv_update_history` (`left_carry`, `date`, `from_id`, `user_id`) VALUES ('50', '2024-09-24 11:38:12', 'BXAWXO', 'F5GPDF');
UPDATE `bv_updation` SET left_carry = left_carry+50, total_left = total_left+50
WHERE `user_id` = '91PYDK';
INSERT INTO `placement_bv_update_history` (`left_carry`, `date`, `from_id`, `user_id`) VALUES ('50', '2024-09-24 11:38:12', 'BXAWXO', '91PYDK');
UPDATE `bv_updation` SET left_carry = left_carry+50, total_left = total_left+50
WHERE `user_id` = '4OT7RX';
INSERT INTO `placement_bv_update_history` (`left_carry`, `date`, `from_id`, `user_id`) VALUES ('50', '2024-09-24 11:38:12', 'BXAWXO', '4OT7RX');
UPDATE `bv_updation` SET left_carry = left_carry+50, total_left = total_left+50
WHERE `user_id` = 'ZJZA3M';
INSERT INTO `placement_bv_update_history` (`left_carry`, `date`, `from_id`, `user_id`) VALUES ('50', '2024-09-24 11:38:12', 'BXAWXO', 'ZJZA3M');
UPDATE `bv_updation` SET left_carry = left_carry+50, total_left = total_left+50
WHERE `user_id` = 'XN6ETC';
INSERT INTO `placement_bv_update_history` (`left_carry`, `date`, `from_id`, `user_id`) VALUES ('50', '2024-09-24 11:38:12', 'BXAWXO', 'XN6ETC');
UPDATE `bv_updation` SET left_carry = left_carry+50, total_left = total_left+50
WHERE `user_id` = 'KVQN1O';
INSERT INTO `placement_bv_update_history` (`left_carry`, `date`, `from_id`, `user_id`) VALUES ('50', '2024-09-24 11:38:12', 'BXAWXO', 'KVQN1O');
UPDATE `bv_updation` SET left_carry = left_carry+50, total_left = total_left+50
WHERE `user_id` = 'X3V7DJ';
INSERT INTO `placement_bv_update_history` (`left_carry`, `date`, `from_id`, `user_id`) VALUES ('50', '2024-09-24 11:38:12', 'BXAWXO', 'X3V7DJ');
UPDATE `bv_updation` SET left_carry = left_carry+50, total_left = total_left+50
WHERE `user_id` = 'DJ77NH';
INSERT INTO `placement_bv_update_history` (`left_carry`, `date`, `from_id`, `user_id`) VALUES ('50', '2024-09-24 11:38:12', 'BXAWXO', 'DJ77NH');
UPDATE `bv_updation` SET left_carry = left_carry+50, total_left = total_left+50
WHERE `user_id` = 'PX7XCL';
INSERT INTO `placement_bv_update_history` (`left_carry`, `date`, `from_id`, `user_id`) VALUES ('50', '2024-09-24 11:38:12', 'BXAWXO', 'PX7XCL');
UPDATE `bv_updation` SET left_carry = left_carry+50, total_left = total_left+50
WHERE `user_id` = 'L8PM4Z';
INSERT INTO `placement_bv_update_history` (`left_carry`, `date`, `from_id`, `user_id`) VALUES ('50', '2024-09-24 11:38:12', 'BXAWXO', 'L8PM4Z');
UPDATE `bv_updation` SET left_carry = left_carry+50, total_left = total_left+50
WHERE `user_id` = 'GBSIER';
INSERT INTO `placement_bv_update_history` (`left_carry`, `date`, `from_id`, `user_id`) VALUES ('50', '2024-09-24 11:38:12', 'BXAWXO', 'GBSIER');
UPDATE `bv_updation` SET left_carry = left_carry+50, total_left = total_left+50
WHERE `user_id` = 'AV48YQ';
INSERT INTO `placement_bv_update_history` (`left_carry`, `date`, `from_id`, `user_id`) VALUES ('50', '2024-09-24 11:38:12', 'BXAWXO', 'AV48YQ');
UPDATE `bv_updation` SET left_carry = left_carry+50, total_left = total_left+50
WHERE `user_id` = 'admin';
INSERT INTO `placement_bv_update_history` (`left_carry`, `date`, `from_id`, `user_id`) VALUES ('50', '2024-09-24 11:38:12', 'BXAWXO', 'admin');
INSERT INTO `package_purchase_history` (`user_id`, `package_id`, `reg_fee`, `package_name`, `monthly_fee`, `type`, `date`, `payment_option`) VALUES ('BXAWXO', '2', '595', 'Traveler Pro', '150', 'sign_up', '2024-09-24 11:38:12', 'free');
UPDATE `user_registration` SET `popup_seen` = 'yes'
WHERE `user_id` = 'VDDUBG';
UPDATE `ci_sessions` SET `timestamp` = 1727195960, `data` = '__ci_last_regenerate|i:1727195960;id|s:4:\"2323\";user_id|s:6:\"VDDUBG\";username|s:7:\"rafael5\";sponsor_id|s:6:\"RPHDET\";fullname|s:18:\"Rafaelp Rodriguezp\";email|s:17:\"rafael5@gmail.com\";phone|s:10:\"7862876762\";isLogIn|b:1;'
WHERE `id` = '10eb233a99b349a24f2bdcd1230e2c83811afa9e';
UPDATE `user_registration` SET `uid` = '2340', `user_id` = '6PYHAN', `username` = 'irina5', `sponsor_id` = 'RPHDET', `vacant` = 'no', `f_name` = 'Irinap', `l_name` = 'Rochep', `address` = '8100 sw 14 terr', `position` = 'left', `email` = 'irina5@gmail.com', `password` = 'b80699cff967b7c02af7afdfd083a5ee', `phone` = '7862876762', `country` = 'United States', `state` = 'Florida', `city` = 'Miami', `street` = '8100 sw 14 terr', `zip_code` = '33144', `reg_ip` = '172.70.82.90', `status` = 1, `package_id` = '2', `rank_id` = 1, `highest_rank` = 1, `created` = '2024-09-24 11:39:40', `subscription_date` = '2024-10-24', `google_secret` = '7LOIXME3BT7FLI4P'
WHERE `uid` = '2340';
INSERT INTO `user_registration` (`uid`, `user_id`, `username`, `sponsor_id`, `placement_id`, `vacant`, `f_name`, `l_name`, `address`, `position`, `email`, `password`, `phone`, `reg_ip`, `status`, `created`) VALUES (NULL, 'JJMLTB', 'JIJDqHRc', '6PYHAN', '6PYHAN', 'yes', '', '', '', 'left', '@mail.com', '', '', '', 0, '2024-09-24 11:39:40');
INSERT INTO `user_registration` (`uid`, `user_id`, `username`, `sponsor_id`, `placement_id`, `vacant`, `f_name`, `l_name`, `address`, `position`, `email`, `password`, `phone`, `reg_ip`, `status`, `created`) VALUES (NULL, 'ZKBYPD', 'iKEUqYfl', '6PYHAN', '6PYHAN', 'yes', '', '', '', 'right', '@mail.com', '', '', '', 0, '2024-09-24 11:39:40');
INSERT INTO `bv_updation` (`user_id`) VALUES ('6PYHAN');
UPDATE `user_registration` SET total_ref_count = total_ref_count+1
WHERE `user_id` = 'RPHDET';
UPDATE `user_registration` SET total_downlines = total_downlines+1
WHERE `user_id` = 'D5FUBX';
UPDATE `user_registration` SET left_downlines = left_downlines+1
WHERE `user_id` = 'D5FUBX';
UPDATE `user_registration` SET total_downlines = total_downlines+1
WHERE `user_id` = 'ATTM2C';
UPDATE `user_registration` SET left_downlines = left_downlines+1
WHERE `user_id` = 'ATTM2C';
UPDATE `user_registration` SET total_downlines = total_downlines+1
WHERE `user_id` = '7KQAKE';
UPDATE `user_registration` SET left_downlines = left_downlines+1
WHERE `user_id` = '7KQAKE';
UPDATE `user_registration` SET total_downlines = total_downlines+1
WHERE `user_id` = 'KPP775';
UPDATE `user_registration` SET left_downlines = left_downlines+1
WHERE `user_id` = 'KPP775';
UPDATE `user_registration` SET total_downlines = total_downlines+1
WHERE `user_id` = 'GHZSJX';
UPDATE `user_registration` SET left_downlines = left_downlines+1
WHERE `user_id` = 'GHZSJX';
UPDATE `user_registration` SET total_downlines = total_downlines+1
WHERE `user_id` = 'RPHDET';
UPDATE `user_registration` SET left_downlines = left_downlines+1
WHERE `user_id` = 'RPHDET';
UPDATE `user_registration` SET left_ref_count = left_ref_count+1
WHERE `user_id` = 'RPHDET';
UPDATE `user_registration` SET active_left = active_left+1
WHERE `user_id` = 'RPHDET';
UPDATE `user_registration` SET `binary_qualified` = 'yes'
WHERE `user_id` = 'RPHDET';
UPDATE `user_registration` SET total_downlines = total_downlines+1
WHERE `user_id` = 'XYG89U';
UPDATE `user_registration` SET left_downlines = left_downlines+1
WHERE `user_id` = 'XYG89U';
UPDATE `user_registration` SET total_downlines = total_downlines+1
WHERE `user_id` = 'HTFY93';
UPDATE `user_registration` SET left_downlines = left_downlines+1
WHERE `user_id` = 'HTFY93';
UPDATE `user_registration` SET total_downlines = total_downlines+1
WHERE `user_id` = '3PR393';
UPDATE `user_registration` SET left_downlines = left_downlines+1
WHERE `user_id` = '3PR393';
UPDATE `user_registration` SET total_downlines = total_downlines+1
WHERE `user_id` = 'T3MRY1';
UPDATE `user_registration` SET left_downlines = left_downlines+1
WHERE `user_id` = 'T3MRY1';
UPDATE `user_registration` SET total_downlines = total_downlines+1
WHERE `user_id` = 'GTMCCK';
UPDATE `user_registration` SET left_downlines = left_downlines+1
WHERE `user_id` = 'GTMCCK';
UPDATE `user_registration` SET total_downlines = total_downlines+1
WHERE `user_id` = 'DLYMIF';
UPDATE `user_registration` SET left_downlines = left_downlines+1
WHERE `user_id` = 'DLYMIF';
UPDATE `user_registration` SET total_downlines = total_downlines+1
WHERE `user_id` = 'WGJ5KE';
UPDATE `user_registration` SET left_downlines = left_downlines+1
WHERE `user_id` = 'WGJ5KE';
UPDATE `user_registration` SET total_downlines = total_downlines+1
WHERE `user_id` = 'ORRJ3M';
UPDATE `user_registration` SET left_downlines = left_downlines+1
WHERE `user_id` = 'ORRJ3M';
UPDATE `user_registration` SET total_downlines = total_downlines+1
WHERE `user_id` = 'AA8V6V';
UPDATE `user_registration` SET left_downlines = left_downlines+1
WHERE `user_id` = 'AA8V6V';
UPDATE `user_registration` SET total_downlines = total_downlines+1
WHERE `user_id` = '61ME4O';
UPDATE `user_registration` SET left_downlines = left_downlines+1
WHERE `user_id` = '61ME4O';
UPDATE `user_registration` SET total_downlines = total_downlines+1
WHERE `user_id` = 'WS1SZZ';
UPDATE `user_registration` SET left_downlines = left_downlines+1
WHERE `user_id` = 'WS1SZZ';
UPDATE `user_registration` SET total_downlines = total_downlines+1
WHERE `user_id` = 'TBN4MZ';
UPDATE `user_registration` SET left_downlines = left_downlines+1
WHERE `user_id` = 'TBN4MZ';
UPDATE `user_registration` SET total_downlines = total_downlines+1
WHERE `user_id` = 'OEMJ8R';
UPDATE `user_registration` SET left_downlines = left_downlines+1
WHERE `user_id` = 'OEMJ8R';
UPDATE `user_registration` SET total_downlines = total_downlines+1
WHERE `user_id` = 'FXAYIE';
UPDATE `user_registration` SET left_downlines = left_downlines+1
WHERE `user_id` = 'FXAYIE';
UPDATE `user_registration` SET total_downlines = total_downlines+1
WHERE `user_id` = 'ELXZWC';
UPDATE `user_registration` SET left_downlines = left_downlines+1
WHERE `user_id` = 'ELXZWC';
UPDATE `user_registration` SET total_downlines = total_downlines+1
WHERE `user_id` = 'C1TQVI';
UPDATE `user_registration` SET left_downlines = left_downlines+1
WHERE `user_id` = 'C1TQVI';
UPDATE `user_registration` SET total_downlines = total_downlines+1
WHERE `user_id` = 'F5GPDF';
UPDATE `user_registration` SET left_downlines = left_downlines+1
WHERE `user_id` = 'F5GPDF';
UPDATE `user_registration` SET total_downlines = total_downlines+1
WHERE `user_id` = '91PYDK';
UPDATE `user_registration` SET left_downlines = left_downlines+1
WHERE `user_id` = '91PYDK';
UPDATE `user_registration` SET total_downlines = total_downlines+1
WHERE `user_id` = '4OT7RX';
UPDATE `user_registration` SET left_downlines = left_downlines+1
WHERE `user_id` = '4OT7RX';
UPDATE `user_registration` SET total_downlines = total_downlines+1
WHERE `user_id` = 'ZJZA3M';
UPDATE `user_registration` SET left_downlines = left_downlines+1
WHERE `user_id` = 'ZJZA3M';
UPDATE `user_registration` SET total_downlines = total_downlines+1
WHERE `user_id` = 'XN6ETC';
UPDATE `user_registration` SET left_downlines = left_downlines+1
WHERE `user_id` = 'XN6ETC';
UPDATE `user_registration` SET total_downlines = total_downlines+1
WHERE `user_id` = 'KVQN1O';
UPDATE `user_registration` SET left_downlines = left_downlines+1
WHERE `user_id` = 'KVQN1O';
UPDATE `user_registration` SET total_downlines = total_downlines+1
WHERE `user_id` = 'X3V7DJ';
UPDATE `user_registration` SET left_downlines = left_downlines+1
WHERE `user_id` = 'X3V7DJ';
UPDATE `user_registration` SET total_downlines = total_downlines+1
WHERE `user_id` = 'DJ77NH';
UPDATE `user_registration` SET left_downlines = left_downlines+1
WHERE `user_id` = 'DJ77NH';
UPDATE `user_registration` SET total_downlines = total_downlines+1
WHERE `user_id` = 'PX7XCL';
UPDATE `user_registration` SET left_downlines = left_downlines+1
WHERE `user_id` = 'PX7XCL';
UPDATE `user_registration` SET total_downlines = total_downlines+1
WHERE `user_id` = 'L8PM4Z';
UPDATE `user_registration` SET left_downlines = left_downlines+1
WHERE `user_id` = 'L8PM4Z';
UPDATE `user_registration` SET total_downlines = total_downlines+1
WHERE `user_id` = 'GBSIER';
UPDATE `user_registration` SET left_downlines = left_downlines+1
WHERE `user_id` = 'GBSIER';
UPDATE `user_registration` SET total_downlines = total_downlines+1
WHERE `user_id` = 'AV48YQ';
UPDATE `user_registration` SET left_downlines = left_downlines+1
WHERE `user_id` = 'AV48YQ';
UPDATE `user_registration` SET total_downlines = total_downlines+1
WHERE `user_id` = 'admin';
UPDATE `user_registration` SET left_downlines = left_downlines+1
WHERE `user_id` = 'admin';
INSERT INTO `investment` (`invest_date`, `user_id`, `type`, `amount`, `package_id`) VALUES ('2024-09-24 11:39:40', '6PYHAN', 'register', '595', '2');
INSERT INTO `earnings` (`user_id`, `Purchaser_id`, `earning_type`, `package_id`, `amount`, `date`, `comments`, `invest_amount`, `comm_perc`, `level`, `rank_id`, `order_id`) VALUES ('RPHDET', '6PYHAN', 'Direct Referral Bonus', '2', '100', '2024-09-24 11:39:40', 'Direct Referral Bonus', 0, 0, 1, '', 15);
UPDATE `user_registration` SET commission_balance = ROUND(commission_balance + 100,2)
WHERE `user_id` = 'RPHDET';
UPDATE `bv_updation` SET left_carry = left_carry+50, total_left = total_left+50
WHERE `user_id` = 'D5FUBX';
INSERT INTO `placement_bv_update_history` (`left_carry`, `date`, `from_id`, `user_id`) VALUES ('50', '2024-09-24 11:39:40', '6PYHAN', 'D5FUBX');
UPDATE `bv_updation` SET left_carry = left_carry+50, total_left = total_left+50
WHERE `user_id` = 'ATTM2C';
INSERT INTO `placement_bv_update_history` (`left_carry`, `date`, `from_id`, `user_id`) VALUES ('50', '2024-09-24 11:39:40', '6PYHAN', 'ATTM2C');
UPDATE `bv_updation` SET left_carry = left_carry+50, total_left = total_left+50
WHERE `user_id` = '7KQAKE';
INSERT INTO `placement_bv_update_history` (`left_carry`, `date`, `from_id`, `user_id`) VALUES ('50', '2024-09-24 11:39:40', '6PYHAN', '7KQAKE');
UPDATE `bv_updation` SET left_carry = left_carry+50, total_left = total_left+50
WHERE `user_id` = 'KPP775';
INSERT INTO `placement_bv_update_history` (`left_carry`, `date`, `from_id`, `user_id`) VALUES ('50', '2024-09-24 11:39:40', '6PYHAN', 'KPP775');
UPDATE `bv_updation` SET left_carry = left_carry+50, total_left = total_left+50
WHERE `user_id` = 'GHZSJX';
INSERT INTO `placement_bv_update_history` (`left_carry`, `date`, `from_id`, `user_id`) VALUES ('50', '2024-09-24 11:39:40', '6PYHAN', 'GHZSJX');
UPDATE `bv_updation` SET left_carry = left_carry+50, total_left = total_left+50
WHERE `user_id` = 'RPHDET';
INSERT INTO `placement_bv_update_history` (`left_carry`, `date`, `from_id`, `user_id`) VALUES ('50', '2024-09-24 11:39:40', '6PYHAN', 'RPHDET');
UPDATE `bv_updation` SET sponsor_left_carry = sponsor_left_carry+50, sponsor_total_left = sponsor_total_left+50
WHERE `user_id` = 'RPHDET';
INSERT INTO `sponsor_bv_update_history` (`left_carry`, `date`, `user_id`) VALUES ('50', '2024-09-24 11:39:40', 'RPHDET');
UPDATE `bv_updation` SET left_carry = left_carry+50, total_left = total_left+50
WHERE `user_id` = 'XYG89U';
INSERT INTO `placement_bv_update_history` (`left_carry`, `date`, `from_id`, `user_id`) VALUES ('50', '2024-09-24 11:39:40', '6PYHAN', 'XYG89U');
UPDATE `bv_updation` SET left_carry = left_carry+50, total_left = total_left+50
WHERE `user_id` = 'HTFY93';
INSERT INTO `placement_bv_update_history` (`left_carry`, `date`, `from_id`, `user_id`) VALUES ('50', '2024-09-24 11:39:40', '6PYHAN', 'HTFY93');
UPDATE `bv_updation` SET left_carry = left_carry+50, total_left = total_left+50
WHERE `user_id` = '3PR393';
INSERT INTO `placement_bv_update_history` (`left_carry`, `date`, `from_id`, `user_id`) VALUES ('50', '2024-09-24 11:39:40', '6PYHAN', '3PR393');
UPDATE `bv_updation` SET left_carry = left_carry+50, total_left = total_left+50
WHERE `user_id` = 'T3MRY1';
INSERT INTO `placement_bv_update_history` (`left_carry`, `date`, `from_id`, `user_id`) VALUES ('50', '2024-09-24 11:39:40', '6PYHAN', 'T3MRY1');
UPDATE `bv_updation` SET left_carry = left_carry+50, total_left = total_left+50
WHERE `user_id` = 'GTMCCK';
INSERT INTO `placement_bv_update_history` (`left_carry`, `date`, `from_id`, `user_id`) VALUES ('50', '2024-09-24 11:39:40', '6PYHAN', 'GTMCCK');
UPDATE `bv_updation` SET left_carry = left_carry+50, total_left = total_left+50
WHERE `user_id` = 'DLYMIF';
INSERT INTO `placement_bv_update_history` (`left_carry`, `date`, `from_id`, `user_id`) VALUES ('50', '2024-09-24 11:39:40', '6PYHAN', 'DLYMIF');
UPDATE `bv_updation` SET left_carry = left_carry+50, total_left = total_left+50
WHERE `user_id` = 'WGJ5KE';
INSERT INTO `placement_bv_update_history` (`left_carry`, `date`, `from_id`, `user_id`) VALUES ('50', '2024-09-24 11:39:40', '6PYHAN', 'WGJ5KE');
UPDATE `bv_updation` SET left_carry = left_carry+50, total_left = total_left+50
WHERE `user_id` = 'ORRJ3M';
INSERT INTO `placement_bv_update_history` (`left_carry`, `date`, `from_id`, `user_id`) VALUES ('50', '2024-09-24 11:39:40', '6PYHAN', 'ORRJ3M');
UPDATE `bv_updation` SET left_carry = left_carry+50, total_left = total_left+50
WHERE `user_id` = 'AA8V6V';
INSERT INTO `placement_bv_update_history` (`left_carry`, `date`, `from_id`, `user_id`) VALUES ('50', '2024-09-24 11:39:40', '6PYHAN', 'AA8V6V');
UPDATE `bv_updation` SET left_carry = left_carry+50, total_left = total_left+50
WHERE `user_id` = '61ME4O';
INSERT INTO `placement_bv_update_history` (`left_carry`, `date`, `from_id`, `user_id`) VALUES ('50', '2024-09-24 11:39:40', '6PYHAN', '61ME4O');
UPDATE `bv_updation` SET left_carry = left_carry+50, total_left = total_left+50
WHERE `user_id` = 'WS1SZZ';
INSERT INTO `placement_bv_update_history` (`left_carry`, `date`, `from_id`, `user_id`) VALUES ('50', '2024-09-24 11:39:40', '6PYHAN', 'WS1SZZ');
UPDATE `bv_updation` SET left_carry = left_carry+50, total_left = total_left+50
WHERE `user_id` = 'TBN4MZ';
INSERT INTO `placement_bv_update_history` (`left_carry`, `date`, `from_id`, `user_id`) VALUES ('50', '2024-09-24 11:39:40', '6PYHAN', 'TBN4MZ');
UPDATE `bv_updation` SET left_carry = left_carry+50, total_left = total_left+50
WHERE `user_id` = 'OEMJ8R';
INSERT INTO `placement_bv_update_history` (`left_carry`, `date`, `from_id`, `user_id`) VALUES ('50', '2024-09-24 11:39:40', '6PYHAN', 'OEMJ8R');
UPDATE `bv_updation` SET left_carry = left_carry+50, total_left = total_left+50
WHERE `user_id` = 'FXAYIE';
INSERT INTO `placement_bv_update_history` (`left_carry`, `date`, `from_id`, `user_id`) VALUES ('50', '2024-09-24 11:39:40', '6PYHAN', 'FXAYIE');
UPDATE `bv_updation` SET left_carry = left_carry+50, total_left = total_left+50
WHERE `user_id` = 'ELXZWC';
INSERT INTO `placement_bv_update_history` (`left_carry`, `date`, `from_id`, `user_id`) VALUES ('50', '2024-09-24 11:39:40', '6PYHAN', 'ELXZWC');
UPDATE `bv_updation` SET left_carry = left_carry+50, total_left = total_left+50
WHERE `user_id` = 'C1TQVI';
INSERT INTO `placement_bv_update_history` (`left_carry`, `date`, `from_id`, `user_id`) VALUES ('50', '2024-09-24 11:39:40', '6PYHAN', 'C1TQVI');
UPDATE `bv_updation` SET left_carry = left_carry+50, total_left = total_left+50
WHERE `user_id` = 'F5GPDF';
INSERT INTO `placement_bv_update_history` (`left_carry`, `date`, `from_id`, `user_id`) VALUES ('50', '2024-09-24 11:39:40', '6PYHAN', 'F5GPDF');
UPDATE `bv_updation` SET left_carry = left_carry+50, total_left = total_left+50
WHERE `user_id` = '91PYDK';
INSERT INTO `placement_bv_update_history` (`left_carry`, `date`, `from_id`, `user_id`) VALUES ('50', '2024-09-24 11:39:40', '6PYHAN', '91PYDK');
UPDATE `bv_updation` SET left_carry = left_carry+50, total_left = total_left+50
WHERE `user_id` = '4OT7RX';
INSERT INTO `placement_bv_update_history` (`left_carry`, `date`, `from_id`, `user_id`) VALUES ('50', '2024-09-24 11:39:40', '6PYHAN', '4OT7RX');
UPDATE `bv_updation` SET left_carry = left_carry+50, total_left = total_left+50
WHERE `user_id` = 'ZJZA3M';
INSERT INTO `placement_bv_update_history` (`left_carry`, `date`, `from_id`, `user_id`) VALUES ('50', '2024-09-24 11:39:40', '6PYHAN', 'ZJZA3M');
UPDATE `bv_updation` SET left_carry = left_carry+50, total_left = total_left+50
WHERE `user_id` = 'XN6ETC';
INSERT INTO `placement_bv_update_history` (`left_carry`, `date`, `from_id`, `user_id`) VALUES ('50', '2024-09-24 11:39:40', '6PYHAN', 'XN6ETC');
UPDATE `bv_updation` SET left_carry = left_carry+50, total_left = total_left+50
WHERE `user_id` = 'KVQN1O';
INSERT INTO `placement_bv_update_history` (`left_carry`, `date`, `from_id`, `user_id`) VALUES ('50', '2024-09-24 11:39:40', '6PYHAN', 'KVQN1O');
UPDATE `bv_updation` SET left_carry = left_carry+50, total_left = total_left+50
WHERE `user_id` = 'X3V7DJ';
INSERT INTO `placement_bv_update_history` (`left_carry`, `date`, `from_id`, `user_id`) VALUES ('50', '2024-09-24 11:39:40', '6PYHAN', 'X3V7DJ');
UPDATE `bv_updation` SET left_carry = left_carry+50, total_left = total_left+50
WHERE `user_id` = 'DJ77NH';
INSERT INTO `placement_bv_update_history` (`left_carry`, `date`, `from_id`, `user_id`) VALUES ('50', '2024-09-24 11:39:40', '6PYHAN', 'DJ77NH');
UPDATE `bv_updation` SET left_carry = left_carry+50, total_left = total_left+50
WHERE `user_id` = 'PX7XCL';
INSERT INTO `placement_bv_update_history` (`left_carry`, `date`, `from_id`, `user_id`) VALUES ('50', '2024-09-24 11:39:40', '6PYHAN', 'PX7XCL');
UPDATE `bv_updation` SET left_carry = left_carry+50, total_left = total_left+50
WHERE `user_id` = 'L8PM4Z';
INSERT INTO `placement_bv_update_history` (`left_carry`, `date`, `from_id`, `user_id`) VALUES ('50', '2024-09-24 11:39:40', '6PYHAN', 'L8PM4Z');
UPDATE `bv_updation` SET left_carry = left_carry+50, total_left = total_left+50
WHERE `user_id` = 'GBSIER';
INSERT INTO `placement_bv_update_history` (`left_carry`, `date`, `from_id`, `user_id`) VALUES ('50', '2024-09-24 11:39:40', '6PYHAN', 'GBSIER');
UPDATE `bv_updation` SET left_carry = left_carry+50, total_left = total_left+50
WHERE `user_id` = 'AV48YQ';
INSERT INTO `placement_bv_update_history` (`left_carry`, `date`, `from_id`, `user_id`) VALUES ('50', '2024-09-24 11:39:40', '6PYHAN', 'AV48YQ');
UPDATE `bv_updation` SET left_carry = left_carry+50, total_left = total_left+50
WHERE `user_id` = 'admin';
INSERT INTO `placement_bv_update_history` (`left_carry`, `date`, `from_id`, `user_id`) VALUES ('50', '2024-09-24 11:39:40', '6PYHAN', 'admin');
INSERT INTO `package_purchase_history` (`user_id`, `package_id`, `reg_fee`, `package_name`, `monthly_fee`, `type`, `date`, `payment_option`) VALUES ('6PYHAN', '2', '595', 'Traveler Pro', '150', 'sign_up', '2024-09-24 11:39:40', 'free');
UPDATE `user_registration` SET `popup_seen` = 'no'
WHERE `user_id` = 'VDDUBG';
DELETE FROM `ci_sessions`
WHERE `id` = '3ff2325e2fb7dc2de5f9dced3657252250b7ed55';
UPDATE `user_registration` SET `popup_seen` = 'yes'
WHERE `user_id` = 'RPHDET';
INSERT INTO `login_history` (`user_id`, `device`, `ip_address`, `date`) VALUES ('V8YT9D', 'Mozilla/5.0 (Windows NT 10.0; Win64; x64) AppleWebKit/537.36 (KHTML, like Gecko) Chrome/129.0.0.0 Safari/537.36', '172.70.54.30', '24-09-24 11:40');
UPDATE `user_registration` SET `popup_seen` = 'yes'
WHERE `user_id` = 'V8YT9D';
UPDATE `user_registration` SET `popup_seen` = 'yes'
WHERE `user_id` = 'RPHDET';
UPDATE `user_registration` SET `popup_seen` = 'yes'
WHERE `user_id` = 'V8YT9D';
UPDATE `user_registration` SET `popup_seen` = 'no'
WHERE `user_id` = 'V8YT9D';
DELETE FROM `ci_sessions`
WHERE `id` = 'f9a99e56518b5c002f55a16154ca425a59e8e81e';
INSERT INTO `login_history` (`user_id`, `device`, `ip_address`, `date`) VALUES ('VDDUBG', 'Mozilla/5.0 (Windows NT 10.0; Win64; x64) AppleWebKit/537.36 (KHTML, like Gecko) Chrome/129.0.0.0 Safari/537.36', '172.70.255.238', '24-09-24 11:41');
UPDATE `user_registration` SET `popup_seen` = 'yes'
WHERE `user_id` = 'VDDUBG';
UPDATE `user_registration` SET `uid` = '2342', `user_id` = 'PQQ5Q3', `username` = 'mayra5', `sponsor_id` = 'VDDUBG', `vacant` = 'no', `f_name` = 'Mayrap', `l_name` = 'Rodriguezp', `address` = '6520 Kendale Lakes Dr # 1001', `position` = 'left', `email` = 'mayrap@gmail.com', `password` = '2a149812ea3acb43f33d04eed5f0e9d1', `phone` = '3057610606', `country` = 'United States', `state` = 'Florida', `city` = 'Miami', `street` = '6520 Kendale Lakes Dr # 1001', `zip_code` = '33183', `reg_ip` = '172.70.254.99', `status` = 1, `package_id` = '2', `rank_id` = 1, `highest_rank` = 1, `created` = '2024-09-24 11:44:03', `subscription_date` = '2024-10-24', `google_secret` = 'CXNKXJ4X2TPC7OYJ'
WHERE `uid` = '2342';
INSERT INTO `user_registration` (`uid`, `user_id`, `username`, `sponsor_id`, `placement_id`, `vacant`, `f_name`, `l_name`, `address`, `position`, `email`, `password`, `phone`, `reg_ip`, `status`, `created`) VALUES (NULL, 'OIMPPP', 'EuXirmNN', 'PQQ5Q3', 'PQQ5Q3', 'yes', '', '', '', 'left', '@mail.com', '', '', '', 0, '2024-09-24 11:44:03');
INSERT INTO `user_registration` (`uid`, `user_id`, `username`, `sponsor_id`, `placement_id`, `vacant`, `f_name`, `l_name`, `address`, `position`, `email`, `password`, `phone`, `reg_ip`, `status`, `created`) VALUES (NULL, 'QCKWKO', 'hstakhPt', 'PQQ5Q3', 'PQQ5Q3', 'yes', '', '', '', 'right', '@mail.com', '', '', '', 0, '2024-09-24 11:44:03');
INSERT INTO `bv_updation` (`user_id`) VALUES ('PQQ5Q3');
UPDATE `user_registration` SET total_ref_count = total_ref_count+1
WHERE `user_id` = 'VDDUBG';
UPDATE `user_registration` SET total_downlines = total_downlines+1
WHERE `user_id` = 'V8YT9D';
UPDATE `user_registration` SET left_downlines = left_downlines+1
WHERE `user_id` = 'V8YT9D';
UPDATE `user_registration` SET total_downlines = total_downlines+1
WHERE `user_id` = 'NECHFX';
UPDATE `user_registration` SET left_downlines = left_downlines+1
WHERE `user_id` = 'NECHFX';
UPDATE `user_registration` SET total_downlines = total_downlines+1
WHERE `user_id` = 'VDDUBG';
UPDATE `user_registration` SET left_downlines = left_downlines+1
WHERE `user_id` = 'VDDUBG';
UPDATE `user_registration` SET left_ref_count = left_ref_count+1
WHERE `user_id` = 'VDDUBG';
UPDATE `user_registration` SET active_left = active_left+1
WHERE `user_id` = 'VDDUBG';
UPDATE `user_registration` SET `binary_qualified` = 'yes'
WHERE `user_id` = 'VDDUBG';
UPDATE `user_registration` SET total_downlines = total_downlines+1
WHERE `user_id` = 'RPHDET';
UPDATE `user_registration` SET right_downlines = right_downlines+1
WHERE `user_id` = 'RPHDET';
UPDATE `user_registration` SET total_downlines = total_downlines+1
WHERE `user_id` = 'XYG89U';
UPDATE `user_registration` SET left_downlines = left_downlines+1
WHERE `user_id` = 'XYG89U';
UPDATE `user_registration` SET total_downlines = total_downlines+1
WHERE `user_id` = 'HTFY93';
UPDATE `user_registration` SET left_downlines = left_downlines+1
WHERE `user_id` = 'HTFY93';
UPDATE `user_registration` SET total_downlines = total_downlines+1
WHERE `user_id` = '3PR393';
UPDATE `user_registration` SET left_downlines = left_downlines+1
WHERE `user_id` = '3PR393';
UPDATE `user_registration` SET total_downlines = total_downlines+1
WHERE `user_id` = 'T3MRY1';
UPDATE `user_registration` SET left_downlines = left_downlines+1
WHERE `user_id` = 'T3MRY1';
UPDATE `user_registration` SET total_downlines = total_downlines+1
WHERE `user_id` = 'GTMCCK';
UPDATE `user_registration` SET left_downlines = left_downlines+1
WHERE `user_id` = 'GTMCCK';
UPDATE `user_registration` SET total_downlines = total_downlines+1
WHERE `user_id` = 'DLYMIF';
UPDATE `user_registration` SET left_downlines = left_downlines+1
WHERE `user_id` = 'DLYMIF';
UPDATE `user_registration` SET total_downlines = total_downlines+1
WHERE `user_id` = 'WGJ5KE';
UPDATE `user_registration` SET left_downlines = left_downlines+1
WHERE `user_id` = 'WGJ5KE';
UPDATE `user_registration` SET total_downlines = total_downlines+1
WHERE `user_id` = 'ORRJ3M';
UPDATE `user_registration` SET left_downlines = left_downlines+1
WHERE `user_id` = 'ORRJ3M';
UPDATE `user_registration` SET total_downlines = total_downlines+1
WHERE `user_id` = 'AA8V6V';
UPDATE `user_registration` SET left_downlines = left_downlines+1
WHERE `user_id` = 'AA8V6V';
UPDATE `user_registration` SET total_downlines = total_downlines+1
WHERE `user_id` = '61ME4O';
UPDATE `user_registration` SET left_downlines = left_downlines+1
WHERE `user_id` = '61ME4O';
UPDATE `user_registration` SET total_downlines = total_downlines+1
WHERE `user_id` = 'WS1SZZ';
UPDATE `user_registration` SET left_downlines = left_downlines+1
WHERE `user_id` = 'WS1SZZ';
UPDATE `user_registration` SET total_downlines = total_downlines+1
WHERE `user_id` = 'TBN4MZ';
UPDATE `user_registration` SET left_downlines = left_downlines+1
WHERE `user_id` = 'TBN4MZ';
UPDATE `user_registration` SET total_downlines = total_downlines+1
WHERE `user_id` = 'OEMJ8R';
UPDATE `user_registration` SET left_downlines = left_downlines+1
WHERE `user_id` = 'OEMJ8R';
UPDATE `user_registration` SET total_downlines = total_downlines+1
WHERE `user_id` = 'FXAYIE';
UPDATE `user_registration` SET left_downlines = left_downlines+1
WHERE `user_id` = 'FXAYIE';
UPDATE `user_registration` SET total_downlines = total_downlines+1
WHERE `user_id` = 'ELXZWC';
UPDATE `user_registration` SET left_downlines = left_downlines+1
WHERE `user_id` = 'ELXZWC';
UPDATE `user_registration` SET total_downlines = total_downlines+1
WHERE `user_id` = 'C1TQVI';
UPDATE `user_registration` SET left_downlines = left_downlines+1
WHERE `user_id` = 'C1TQVI';
UPDATE `user_registration` SET total_downlines = total_downlines+1
WHERE `user_id` = 'F5GPDF';
UPDATE `user_registration` SET left_downlines = left_downlines+1
WHERE `user_id` = 'F5GPDF';
UPDATE `user_registration` SET total_downlines = total_downlines+1
WHERE `user_id` = '91PYDK';
UPDATE `user_registration` SET left_downlines = left_downlines+1
WHERE `user_id` = '91PYDK';
UPDATE `user_registration` SET total_downlines = total_downlines+1
WHERE `user_id` = '4OT7RX';
UPDATE `user_registration` SET left_downlines = left_downlines+1
WHERE `user_id` = '4OT7RX';
UPDATE `user_registration` SET total_downlines = total_downlines+1
WHERE `user_id` = 'ZJZA3M';
UPDATE `user_registration` SET left_downlines = left_downlines+1
WHERE `user_id` = 'ZJZA3M';
UPDATE `user_registration` SET total_downlines = total_downlines+1
WHERE `user_id` = 'XN6ETC';
UPDATE `user_registration` SET left_downlines = left_downlines+1
WHERE `user_id` = 'XN6ETC';
UPDATE `user_registration` SET total_downlines = total_downlines+1
WHERE `user_id` = 'KVQN1O';
UPDATE `user_registration` SET left_downlines = left_downlines+1
WHERE `user_id` = 'KVQN1O';
UPDATE `user_registration` SET total_downlines = total_downlines+1
WHERE `user_id` = 'X3V7DJ';
UPDATE `user_registration` SET left_downlines = left_downlines+1
WHERE `user_id` = 'X3V7DJ';
UPDATE `user_registration` SET total_downlines = total_downlines+1
WHERE `user_id` = 'DJ77NH';
UPDATE `user_registration` SET left_downlines = left_downlines+1
WHERE `user_id` = 'DJ77NH';
UPDATE `user_registration` SET total_downlines = total_downlines+1
WHERE `user_id` = 'PX7XCL';
UPDATE `user_registration` SET left_downlines = left_downlines+1
WHERE `user_id` = 'PX7XCL';
UPDATE `user_registration` SET total_downlines = total_downlines+1
WHERE `user_id` = 'L8PM4Z';
UPDATE `user_registration` SET left_downlines = left_downlines+1
WHERE `user_id` = 'L8PM4Z';
UPDATE `user_registration` SET total_downlines = total_downlines+1
WHERE `user_id` = 'GBSIER';
UPDATE `user_registration` SET left_downlines = left_downlines+1
WHERE `user_id` = 'GBSIER';
UPDATE `user_registration` SET total_downlines = total_downlines+1
WHERE `user_id` = 'AV48YQ';
UPDATE `user_registration` SET left_downlines = left_downlines+1
WHERE `user_id` = 'AV48YQ';
UPDATE `user_registration` SET total_downlines = total_downlines+1
WHERE `user_id` = 'admin';
UPDATE `user_registration` SET left_downlines = left_downlines+1
WHERE `user_id` = 'admin';
INSERT INTO `investment` (`invest_date`, `user_id`, `type`, `amount`, `package_id`) VALUES ('2024-09-24 11:44:04', 'PQQ5Q3', 'register', '595', '2');
INSERT INTO `earnings` (`user_id`, `Purchaser_id`, `earning_type`, `package_id`, `amount`, `date`, `comments`, `invest_amount`, `comm_perc`, `level`, `rank_id`, `order_id`) VALUES ('VDDUBG', 'PQQ5Q3', 'Direct Referral Bonus', '2', '100', '2024-09-24 11:44:04', 'Direct Referral Bonus', 0, 0, 1, '', 16);
UPDATE `user_registration` SET commission_balance = ROUND(commission_balance + 100,2)
WHERE `user_id` = 'VDDUBG';
UPDATE `bv_updation` SET left_carry = left_carry+50, total_left = total_left+50
WHERE `user_id` = 'V8YT9D';
INSERT INTO `placement_bv_update_history` (`left_carry`, `date`, `from_id`, `user_id`) VALUES ('50', '2024-09-24 11:44:04', 'PQQ5Q3', 'V8YT9D');
UPDATE `bv_updation` SET left_carry = left_carry+50, total_left = total_left+50
WHERE `user_id` = 'NECHFX';
INSERT INTO `placement_bv_update_history` (`left_carry`, `date`, `from_id`, `user_id`) VALUES ('50', '2024-09-24 11:44:04', 'PQQ5Q3', 'NECHFX');
UPDATE `bv_updation` SET left_carry = left_carry+50, total_left = total_left+50
WHERE `user_id` = 'VDDUBG';
INSERT INTO `placement_bv_update_history` (`left_carry`, `date`, `from_id`, `user_id`) VALUES ('50', '2024-09-24 11:44:04', 'PQQ5Q3', 'VDDUBG');
UPDATE `bv_updation` SET sponsor_left_carry = sponsor_left_carry+50, sponsor_total_left = sponsor_total_left+50
WHERE `user_id` = 'VDDUBG';
INSERT INTO `sponsor_bv_update_history` (`left_carry`, `date`, `user_id`) VALUES ('50', '2024-09-24 11:44:04', 'VDDUBG');
UPDATE `bv_updation` SET right_carry = right_carry+50, total_right = total_right+50
WHERE `user_id` = 'RPHDET';
INSERT INTO `placement_bv_update_history` (`right_carry`, `date`, `from_id`, `user_id`) VALUES ('50', '2024-09-24 11:44:04', 'PQQ5Q3', 'RPHDET');
UPDATE `bv_updation` SET left_carry = left_carry+50, total_left = total_left+50
WHERE `user_id` = 'XYG89U';
INSERT INTO `placement_bv_update_history` (`left_carry`, `date`, `from_id`, `user_id`) VALUES ('50', '2024-09-24 11:44:04', 'PQQ5Q3', 'XYG89U');
UPDATE `bv_updation` SET left_carry = left_carry+50, total_left = total_left+50
WHERE `user_id` = 'HTFY93';
INSERT INTO `placement_bv_update_history` (`left_carry`, `date`, `from_id`, `user_id`) VALUES ('50', '2024-09-24 11:44:04', 'PQQ5Q3', 'HTFY93');
UPDATE `bv_updation` SET left_carry = left_carry+50, total_left = total_left+50
WHERE `user_id` = '3PR393';
INSERT INTO `placement_bv_update_history` (`left_carry`, `date`, `from_id`, `user_id`) VALUES ('50', '2024-09-24 11:44:04', 'PQQ5Q3', '3PR393');
UPDATE `bv_updation` SET left_carry = left_carry+50, total_left = total_left+50
WHERE `user_id` = 'T3MRY1';
INSERT INTO `placement_bv_update_history` (`left_carry`, `date`, `from_id`, `user_id`) VALUES ('50', '2024-09-24 11:44:04', 'PQQ5Q3', 'T3MRY1');
UPDATE `bv_updation` SET left_carry = left_carry+50, total_left = total_left+50
WHERE `user_id` = 'GTMCCK';
INSERT INTO `placement_bv_update_history` (`left_carry`, `date`, `from_id`, `user_id`) VALUES ('50', '2024-09-24 11:44:04', 'PQQ5Q3', 'GTMCCK');
UPDATE `bv_updation` SET left_carry = left_carry+50, total_left = total_left+50
WHERE `user_id` = 'DLYMIF';
INSERT INTO `placement_bv_update_history` (`left_carry`, `date`, `from_id`, `user_id`) VALUES ('50', '2024-09-24 11:44:04', 'PQQ5Q3', 'DLYMIF');
UPDATE `bv_updation` SET left_carry = left_carry+50, total_left = total_left+50
WHERE `user_id` = 'WGJ5KE';
INSERT INTO `placement_bv_update_history` (`left_carry`, `date`, `from_id`, `user_id`) VALUES ('50', '2024-09-24 11:44:04', 'PQQ5Q3', 'WGJ5KE');
UPDATE `bv_updation` SET left_carry = left_carry+50, total_left = total_left+50
WHERE `user_id` = 'ORRJ3M';
INSERT INTO `placement_bv_update_history` (`left_carry`, `date`, `from_id`, `user_id`) VALUES ('50', '2024-09-24 11:44:04', 'PQQ5Q3', 'ORRJ3M');
UPDATE `bv_updation` SET left_carry = left_carry+50, total_left = total_left+50
WHERE `user_id` = 'AA8V6V';
INSERT INTO `placement_bv_update_history` (`left_carry`, `date`, `from_id`, `user_id`) VALUES ('50', '2024-09-24 11:44:04', 'PQQ5Q3', 'AA8V6V');
UPDATE `bv_updation` SET left_carry = left_carry+50, total_left = total_left+50
WHERE `user_id` = '61ME4O';
INSERT INTO `placement_bv_update_history` (`left_carry`, `date`, `from_id`, `user_id`) VALUES ('50', '2024-09-24 11:44:04', 'PQQ5Q3', '61ME4O');
UPDATE `bv_updation` SET left_carry = left_carry+50, total_left = total_left+50
WHERE `user_id` = 'WS1SZZ';
INSERT INTO `placement_bv_update_history` (`left_carry`, `date`, `from_id`, `user_id`) VALUES ('50', '2024-09-24 11:44:04', 'PQQ5Q3', 'WS1SZZ');
UPDATE `bv_updation` SET left_carry = left_carry+50, total_left = total_left+50
WHERE `user_id` = 'TBN4MZ';
INSERT INTO `placement_bv_update_history` (`left_carry`, `date`, `from_id`, `user_id`) VALUES ('50', '2024-09-24 11:44:04', 'PQQ5Q3', 'TBN4MZ');
UPDATE `bv_updation` SET left_carry = left_carry+50, total_left = total_left+50
WHERE `user_id` = 'OEMJ8R';
INSERT INTO `placement_bv_update_history` (`left_carry`, `date`, `from_id`, `user_id`) VALUES ('50', '2024-09-24 11:44:04', 'PQQ5Q3', 'OEMJ8R');
UPDATE `bv_updation` SET left_carry = left_carry+50, total_left = total_left+50
WHERE `user_id` = 'FXAYIE';
INSERT INTO `placement_bv_update_history` (`left_carry`, `date`, `from_id`, `user_id`) VALUES ('50', '2024-09-24 11:44:04', 'PQQ5Q3', 'FXAYIE');
UPDATE `bv_updation` SET left_carry = left_carry+50, total_left = total_left+50
WHERE `user_id` = 'ELXZWC';
INSERT INTO `placement_bv_update_history` (`left_carry`, `date`, `from_id`, `user_id`) VALUES ('50', '2024-09-24 11:44:04', 'PQQ5Q3', 'ELXZWC');
UPDATE `bv_updation` SET left_carry = left_carry+50, total_left = total_left+50
WHERE `user_id` = 'C1TQVI';
INSERT INTO `placement_bv_update_history` (`left_carry`, `date`, `from_id`, `user_id`) VALUES ('50', '2024-09-24 11:44:04', 'PQQ5Q3', 'C1TQVI');
UPDATE `bv_updation` SET left_carry = left_carry+50, total_left = total_left+50
WHERE `user_id` = 'F5GPDF';
INSERT INTO `placement_bv_update_history` (`left_carry`, `date`, `from_id`, `user_id`) VALUES ('50', '2024-09-24 11:44:04', 'PQQ5Q3', 'F5GPDF');
UPDATE `bv_updation` SET left_carry = left_carry+50, total_left = total_left+50
WHERE `user_id` = '91PYDK';
INSERT INTO `placement_bv_update_history` (`left_carry`, `date`, `from_id`, `user_id`) VALUES ('50', '2024-09-24 11:44:04', 'PQQ5Q3', '91PYDK');
UPDATE `bv_updation` SET left_carry = left_carry+50, total_left = total_left+50
WHERE `user_id` = '4OT7RX';
INSERT INTO `placement_bv_update_history` (`left_carry`, `date`, `from_id`, `user_id`) VALUES ('50', '2024-09-24 11:44:04', 'PQQ5Q3', '4OT7RX');
UPDATE `bv_updation` SET left_carry = left_carry+50, total_left = total_left+50
WHERE `user_id` = 'ZJZA3M';
INSERT INTO `placement_bv_update_history` (`left_carry`, `date`, `from_id`, `user_id`) VALUES ('50', '2024-09-24 11:44:04', 'PQQ5Q3', 'ZJZA3M');
UPDATE `bv_updation` SET left_carry = left_carry+50, total_left = total_left+50
WHERE `user_id` = 'XN6ETC';
INSERT INTO `placement_bv_update_history` (`left_carry`, `date`, `from_id`, `user_id`) VALUES ('50', '2024-09-24 11:44:04', 'PQQ5Q3', 'XN6ETC');
UPDATE `bv_updation` SET left_carry = left_carry+50, total_left = total_left+50
WHERE `user_id` = 'KVQN1O';
INSERT INTO `placement_bv_update_history` (`left_carry`, `date`, `from_id`, `user_id`) VALUES ('50', '2024-09-24 11:44:04', 'PQQ5Q3', 'KVQN1O');
UPDATE `bv_updation` SET left_carry = left_carry+50, total_left = total_left+50
WHERE `user_id` = 'X3V7DJ';
INSERT INTO `placement_bv_update_history` (`left_carry`, `date`, `from_id`, `user_id`) VALUES ('50', '2024-09-24 11:44:04', 'PQQ5Q3', 'X3V7DJ');
UPDATE `bv_updation` SET left_carry = left_carry+50, total_left = total_left+50
WHERE `user_id` = 'DJ77NH';
INSERT INTO `placement_bv_update_history` (`left_carry`, `date`, `from_id`, `user_id`) VALUES ('50', '2024-09-24 11:44:04', 'PQQ5Q3', 'DJ77NH');
UPDATE `bv_updation` SET left_carry = left_carry+50, total_left = total_left+50
WHERE `user_id` = 'PX7XCL';
INSERT INTO `placement_bv_update_history` (`left_carry`, `date`, `from_id`, `user_id`) VALUES ('50', '2024-09-24 11:44:04', 'PQQ5Q3', 'PX7XCL');
UPDATE `bv_updation` SET left_carry = left_carry+50, total_left = total_left+50
WHERE `user_id` = 'L8PM4Z';
INSERT INTO `placement_bv_update_history` (`left_carry`, `date`, `from_id`, `user_id`) VALUES ('50', '2024-09-24 11:44:04', 'PQQ5Q3', 'L8PM4Z');
UPDATE `bv_updation` SET left_carry = left_carry+50, total_left = total_left+50
WHERE `user_id` = 'GBSIER';
INSERT INTO `placement_bv_update_history` (`left_carry`, `date`, `from_id`, `user_id`) VALUES ('50', '2024-09-24 11:44:04', 'PQQ5Q3', 'GBSIER');
UPDATE `bv_updation` SET left_carry = left_carry+50, total_left = total_left+50
WHERE `user_id` = 'AV48YQ';
INSERT INTO `placement_bv_update_history` (`left_carry`, `date`, `from_id`, `user_id`) VALUES ('50', '2024-09-24 11:44:04', 'PQQ5Q3', 'AV48YQ');
UPDATE `bv_updation` SET left_carry = left_carry+50, total_left = total_left+50
WHERE `user_id` = 'admin';
INSERT INTO `placement_bv_update_history` (`left_carry`, `date`, `from_id`, `user_id`) VALUES ('50', '2024-09-24 11:44:04', 'PQQ5Q3', 'admin');
INSERT INTO `package_purchase_history` (`user_id`, `package_id`, `reg_fee`, `package_name`, `monthly_fee`, `type`, `date`, `payment_option`) VALUES ('PQQ5Q3', '2', '595', 'Traveler Pro', '150', 'sign_up', '2024-09-24 11:44:04', 'free');
UPDATE `user_registration` SET `popup_seen` = 'yes'
WHERE `user_id` = 'VDDUBG';
UPDATE `ci_sessions` SET `timestamp` = 1727196404, `data` = '__ci_last_regenerate|i:1727196404;id|s:4:\"2323\";user_id|s:6:\"VDDUBG\";username|s:7:\"rafael5\";sponsor_id|s:6:\"RPHDET\";fullname|s:18:\"Rafaelp Rodriguezp\";email|s:17:\"rafael5@gmail.com\";phone|s:10:\"7862876762\";isLogIn|b:1;'
WHERE `id` = '4ae118b9ec5d741326a1fc6d4465ab8b1f97cc0d';
UPDATE `user_registration` SET `uid` = '2345', `user_id` = 'GLD6J8', `username` = 'leyla5', `sponsor_id` = 'VDDUBG', `vacant` = 'no', `f_name` = 'Leylap', `l_name` = 'Blancop', `address` = '6520 Kendale Lakes Dr # 1001', `position` = 'right', `email` = 'leylap@gmail.com', `password` = 'eab2723cd345ccf02f6d3e12c8cb78e3', `phone` = '3057610606', `country` = 'United States', `state` = 'Florida', `city` = 'Miami', `street` = '6520 Kendale Lakes Dr # 1001', `zip_code` = '33183', `reg_ip` = '172.70.54.25', `status` = 1, `package_id` = '2', `rank_id` = 1, `highest_rank` = 1, `created` = '2024-09-24 11:48:52', `subscription_date` = '2024-10-24', `google_secret` = 'FZKMM3XC7GKWYZ33'
WHERE `uid` = '2345';
INSERT INTO `user_registration` (`uid`, `user_id`, `username`, `sponsor_id`, `placement_id`, `vacant`, `f_name`, `l_name`, `address`, `position`, `email`, `password`, `phone`, `reg_ip`, `status`, `created`) VALUES (NULL, 'QWYQRM', 'sxkWxJNE', 'GLD6J8', 'GLD6J8', 'yes', '', '', '', 'left', '@mail.com', '', '', '', 0, '2024-09-24 11:48:52');
INSERT INTO `user_registration` (`uid`, `user_id`, `username`, `sponsor_id`, `placement_id`, `vacant`, `f_name`, `l_name`, `address`, `position`, `email`, `password`, `phone`, `reg_ip`, `status`, `created`) VALUES (NULL, 'VTHVJF', 'LcxpSLBA', 'GLD6J8', 'GLD6J8', 'yes', '', '', '', 'right', '@mail.com', '', '', '', 0, '2024-09-24 11:48:52');
INSERT INTO `bv_updation` (`user_id`) VALUES ('GLD6J8');
UPDATE `user_registration` SET total_ref_count = total_ref_count+1
WHERE `user_id` = 'VDDUBG';
UPDATE `user_registration` SET total_downlines = total_downlines+1
WHERE `user_id` = 'BXAWXO';
UPDATE `user_registration` SET right_downlines = right_downlines+1
WHERE `user_id` = 'BXAWXO';
UPDATE `user_registration` SET total_downlines = total_downlines+1
WHERE `user_id` = '6EKVRH';
UPDATE `user_registration` SET right_downlines = right_downlines+1
WHERE `user_id` = '6EKVRH';
UPDATE `user_registration` SET total_downlines = total_downlines+1
WHERE `user_id` = 'QFZLRP';
UPDATE `user_registration` SET right_downlines = right_downlines+1
WHERE `user_id` = 'QFZLRP';
UPDATE `user_registration` SET total_downlines = total_downlines+1
WHERE `user_id` = 'VDDUBG';
UPDATE `user_registration` SET right_downlines = right_downlines+1
WHERE `user_id` = 'VDDUBG';
UPDATE `user_registration` SET right_ref_count = right_ref_count+1
WHERE `user_id` = 'VDDUBG';
UPDATE `user_registration` SET active_right = active_right+1
WHERE `user_id` = 'VDDUBG';
UPDATE `user_registration` SET `binary_qualified` = 'yes'
WHERE `user_id` = 'VDDUBG';
UPDATE `user_registration` SET total_downlines = total_downlines+1
WHERE `user_id` = 'RPHDET';
UPDATE `user_registration` SET right_downlines = right_downlines+1
WHERE `user_id` = 'RPHDET';
UPDATE `user_registration` SET total_downlines = total_downlines+1
WHERE `user_id` = 'XYG89U';
UPDATE `user_registration` SET left_downlines = left_downlines+1
WHERE `user_id` = 'XYG89U';
UPDATE `user_registration` SET total_downlines = total_downlines+1
WHERE `user_id` = 'HTFY93';
UPDATE `user_registration` SET left_downlines = left_downlines+1
WHERE `user_id` = 'HTFY93';
UPDATE `user_registration` SET total_downlines = total_downlines+1
WHERE `user_id` = '3PR393';
UPDATE `user_registration` SET left_downlines = left_downlines+1
WHERE `user_id` = '3PR393';
UPDATE `user_registration` SET total_downlines = total_downlines+1
WHERE `user_id` = 'T3MRY1';
UPDATE `user_registration` SET left_downlines = left_downlines+1
WHERE `user_id` = 'T3MRY1';
UPDATE `user_registration` SET total_downlines = total_downlines+1
WHERE `user_id` = 'GTMCCK';
UPDATE `user_registration` SET left_downlines = left_downlines+1
WHERE `user_id` = 'GTMCCK';
UPDATE `user_registration` SET total_downlines = total_downlines+1
WHERE `user_id` = 'DLYMIF';
UPDATE `user_registration` SET left_downlines = left_downlines+1
WHERE `user_id` = 'DLYMIF';
UPDATE `user_registration` SET total_downlines = total_downlines+1
WHERE `user_id` = 'WGJ5KE';
UPDATE `user_registration` SET left_downlines = left_downlines+1
WHERE `user_id` = 'WGJ5KE';
UPDATE `user_registration` SET total_downlines = total_downlines+1
WHERE `user_id` = 'ORRJ3M';
UPDATE `user_registration` SET left_downlines = left_downlines+1
WHERE `user_id` = 'ORRJ3M';
UPDATE `user_registration` SET total_downlines = total_downlines+1
WHERE `user_id` = 'AA8V6V';
UPDATE `user_registration` SET left_downlines = left_downlines+1
WHERE `user_id` = 'AA8V6V';
UPDATE `user_registration` SET total_downlines = total_downlines+1
WHERE `user_id` = '61ME4O';
UPDATE `user_registration` SET left_downlines = left_downlines+1
WHERE `user_id` = '61ME4O';
UPDATE `user_registration` SET total_downlines = total_downlines+1
WHERE `user_id` = 'WS1SZZ';
UPDATE `user_registration` SET left_downlines = left_downlines+1
WHERE `user_id` = 'WS1SZZ';
UPDATE `user_registration` SET total_downlines = total_downlines+1
WHERE `user_id` = 'TBN4MZ';
UPDATE `user_registration` SET left_downlines = left_downlines+1
WHERE `user_id` = 'TBN4MZ';
UPDATE `user_registration` SET total_downlines = total_downlines+1
WHERE `user_id` = 'OEMJ8R';
UPDATE `user_registration` SET left_downlines = left_downlines+1
WHERE `user_id` = 'OEMJ8R';
UPDATE `user_registration` SET total_downlines = total_downlines+1
WHERE `user_id` = 'FXAYIE';
UPDATE `user_registration` SET left_downlines = left_downlines+1
WHERE `user_id` = 'FXAYIE';
UPDATE `user_registration` SET total_downlines = total_downlines+1
WHERE `user_id` = 'ELXZWC';
UPDATE `user_registration` SET left_downlines = left_downlines+1
WHERE `user_id` = 'ELXZWC';
UPDATE `user_registration` SET total_downlines = total_downlines+1
WHERE `user_id` = 'C1TQVI';
UPDATE `user_registration` SET left_downlines = left_downlines+1
WHERE `user_id` = 'C1TQVI';
UPDATE `user_registration` SET total_downlines = total_downlines+1
WHERE `user_id` = 'F5GPDF';
UPDATE `user_registration` SET left_downlines = left_downlines+1
WHERE `user_id` = 'F5GPDF';
UPDATE `user_registration` SET total_downlines = total_downlines+1
WHERE `user_id` = '91PYDK';
UPDATE `user_registration` SET left_downlines = left_downlines+1
WHERE `user_id` = '91PYDK';
UPDATE `user_registration` SET total_downlines = total_downlines+1
WHERE `user_id` = '4OT7RX';
UPDATE `user_registration` SET left_downlines = left_downlines+1
WHERE `user_id` = '4OT7RX';
UPDATE `user_registration` SET total_downlines = total_downlines+1
WHERE `user_id` = 'ZJZA3M';
UPDATE `user_registration` SET left_downlines = left_downlines+1
WHERE `user_id` = 'ZJZA3M';
UPDATE `user_registration` SET total_downlines = total_downlines+1
WHERE `user_id` = 'XN6ETC';
UPDATE `user_registration` SET left_downlines = left_downlines+1
WHERE `user_id` = 'XN6ETC';
UPDATE `user_registration` SET total_downlines = total_downlines+1
WHERE `user_id` = 'KVQN1O';
UPDATE `user_registration` SET left_downlines = left_downlines+1
WHERE `user_id` = 'KVQN1O';
UPDATE `user_registration` SET total_downlines = total_downlines+1
WHERE `user_id` = 'X3V7DJ';
UPDATE `user_registration` SET left_downlines = left_downlines+1
WHERE `user_id` = 'X3V7DJ';
UPDATE `user_registration` SET total_downlines = total_downlines+1
WHERE `user_id` = 'DJ77NH';
UPDATE `user_registration` SET left_downlines = left_downlines+1
WHERE `user_id` = 'DJ77NH';
UPDATE `user_registration` SET total_downlines = total_downlines+1
WHERE `user_id` = 'PX7XCL';
UPDATE `user_registration` SET left_downlines = left_downlines+1
WHERE `user_id` = 'PX7XCL';
UPDATE `user_registration` SET total_downlines = total_downlines+1
WHERE `user_id` = 'L8PM4Z';
UPDATE `user_registration` SET left_downlines = left_downlines+1
WHERE `user_id` = 'L8PM4Z';
UPDATE `user_registration` SET total_downlines = total_downlines+1
WHERE `user_id` = 'GBSIER';
UPDATE `user_registration` SET left_downlines = left_downlines+1
WHERE `user_id` = 'GBSIER';
UPDATE `user_registration` SET total_downlines = total_downlines+1
WHERE `user_id` = 'AV48YQ';
UPDATE `user_registration` SET left_downlines = left_downlines+1
WHERE `user_id` = 'AV48YQ';
UPDATE `user_registration` SET total_downlines = total_downlines+1
WHERE `user_id` = 'admin';
UPDATE `user_registration` SET left_downlines = left_downlines+1
WHERE `user_id` = 'admin';
INSERT INTO `investment` (`invest_date`, `user_id`, `type`, `amount`, `package_id`) VALUES ('2024-09-24 11:48:52', 'GLD6J8', 'register', '595', '2');
INSERT INTO `earnings` (`user_id`, `Purchaser_id`, `earning_type`, `package_id`, `amount`, `date`, `comments`, `invest_amount`, `comm_perc`, `level`, `rank_id`, `order_id`) VALUES ('VDDUBG', 'GLD6J8', 'Direct Referral Bonus', '2', '100', '2024-09-24 11:48:52', 'Direct Referral Bonus', 0, 0, 1, '', 17);
UPDATE `user_registration` SET commission_balance = ROUND(commission_balance + 100,2)
WHERE `user_id` = 'VDDUBG';
UPDATE `bv_updation` SET right_carry = right_carry+50, total_right = total_right+50
WHERE `user_id` = 'BXAWXO';
INSERT INTO `placement_bv_update_history` (`right_carry`, `date`, `from_id`, `user_id`) VALUES ('50', '2024-09-24 11:48:52', 'GLD6J8', 'BXAWXO');
UPDATE `bv_updation` SET right_carry = right_carry+50, total_right = total_right+50
WHERE `user_id` = '6EKVRH';
INSERT INTO `placement_bv_update_history` (`right_carry`, `date`, `from_id`, `user_id`) VALUES ('50', '2024-09-24 11:48:52', 'GLD6J8', '6EKVRH');
UPDATE `bv_updation` SET right_carry = right_carry+50, total_right = total_right+50
WHERE `user_id` = 'QFZLRP';
INSERT INTO `placement_bv_update_history` (`right_carry`, `date`, `from_id`, `user_id`) VALUES ('50', '2024-09-24 11:48:52', 'GLD6J8', 'QFZLRP');
UPDATE `bv_updation` SET right_carry = right_carry+50, total_right = total_right+50
WHERE `user_id` = 'VDDUBG';
INSERT INTO `placement_bv_update_history` (`right_carry`, `date`, `from_id`, `user_id`) VALUES ('50', '2024-09-24 11:48:52', 'GLD6J8', 'VDDUBG');
UPDATE `bv_updation` SET sponsor_right_carry = sponsor_right_carry+50, sponsor_total_right = sponsor_total_right+50
WHERE `user_id` = 'VDDUBG';
INSERT INTO `sponsor_bv_update_history` (`right_carry`, `date`, `user_id`) VALUES ('50', '2024-09-24 11:48:52', 'VDDUBG');
UPDATE `bv_updation` SET right_carry = right_carry+50, total_right = total_right+50
WHERE `user_id` = 'RPHDET';
INSERT INTO `placement_bv_update_history` (`right_carry`, `date`, `from_id`, `user_id`) VALUES ('50', '2024-09-24 11:48:52', 'GLD6J8', 'RPHDET');
UPDATE `bv_updation` SET left_carry = left_carry+50, total_left = total_left+50
WHERE `user_id` = 'XYG89U';
INSERT INTO `placement_bv_update_history` (`left_carry`, `date`, `from_id`, `user_id`) VALUES ('50', '2024-09-24 11:48:52', 'GLD6J8', 'XYG89U');
UPDATE `bv_updation` SET left_carry = left_carry+50, total_left = total_left+50
WHERE `user_id` = 'HTFY93';
INSERT INTO `placement_bv_update_history` (`left_carry`, `date`, `from_id`, `user_id`) VALUES ('50', '2024-09-24 11:48:52', 'GLD6J8', 'HTFY93');
UPDATE `bv_updation` SET left_carry = left_carry+50, total_left = total_left+50
WHERE `user_id` = '3PR393';
INSERT INTO `placement_bv_update_history` (`left_carry`, `date`, `from_id`, `user_id`) VALUES ('50', '2024-09-24 11:48:52', 'GLD6J8', '3PR393');
UPDATE `bv_updation` SET left_carry = left_carry+50, total_left = total_left+50
WHERE `user_id` = 'T3MRY1';
INSERT INTO `placement_bv_update_history` (`left_carry`, `date`, `from_id`, `user_id`) VALUES ('50', '2024-09-24 11:48:52', 'GLD6J8', 'T3MRY1');
UPDATE `bv_updation` SET left_carry = left_carry+50, total_left = total_left+50
WHERE `user_id` = 'GTMCCK';
INSERT INTO `placement_bv_update_history` (`left_carry`, `date`, `from_id`, `user_id`) VALUES ('50', '2024-09-24 11:48:52', 'GLD6J8', 'GTMCCK');
UPDATE `bv_updation` SET left_carry = left_carry+50, total_left = total_left+50
WHERE `user_id` = 'DLYMIF';
INSERT INTO `placement_bv_update_history` (`left_carry`, `date`, `from_id`, `user_id`) VALUES ('50', '2024-09-24 11:48:52', 'GLD6J8', 'DLYMIF');
UPDATE `bv_updation` SET left_carry = left_carry+50, total_left = total_left+50
WHERE `user_id` = 'WGJ5KE';
INSERT INTO `placement_bv_update_history` (`left_carry`, `date`, `from_id`, `user_id`) VALUES ('50', '2024-09-24 11:48:52', 'GLD6J8', 'WGJ5KE');
UPDATE `bv_updation` SET left_carry = left_carry+50, total_left = total_left+50
WHERE `user_id` = 'ORRJ3M';
INSERT INTO `placement_bv_update_history` (`left_carry`, `date`, `from_id`, `user_id`) VALUES ('50', '2024-09-24 11:48:52', 'GLD6J8', 'ORRJ3M');
UPDATE `bv_updation` SET left_carry = left_carry+50, total_left = total_left+50
WHERE `user_id` = 'AA8V6V';
INSERT INTO `placement_bv_update_history` (`left_carry`, `date`, `from_id`, `user_id`) VALUES ('50', '2024-09-24 11:48:52', 'GLD6J8', 'AA8V6V');
UPDATE `bv_updation` SET left_carry = left_carry+50, total_left = total_left+50
WHERE `user_id` = '61ME4O';
INSERT INTO `placement_bv_update_history` (`left_carry`, `date`, `from_id`, `user_id`) VALUES ('50', '2024-09-24 11:48:52', 'GLD6J8', '61ME4O');
UPDATE `bv_updation` SET left_carry = left_carry+50, total_left = total_left+50
WHERE `user_id` = 'WS1SZZ';
INSERT INTO `placement_bv_update_history` (`left_carry`, `date`, `from_id`, `user_id`) VALUES ('50', '2024-09-24 11:48:52', 'GLD6J8', 'WS1SZZ');
UPDATE `bv_updation` SET left_carry = left_carry+50, total_left = total_left+50
WHERE `user_id` = 'TBN4MZ';
INSERT INTO `placement_bv_update_history` (`left_carry`, `date`, `from_id`, `user_id`) VALUES ('50', '2024-09-24 11:48:52', 'GLD6J8', 'TBN4MZ');
UPDATE `bv_updation` SET left_carry = left_carry+50, total_left = total_left+50
WHERE `user_id` = 'OEMJ8R';
INSERT INTO `placement_bv_update_history` (`left_carry`, `date`, `from_id`, `user_id`) VALUES ('50', '2024-09-24 11:48:52', 'GLD6J8', 'OEMJ8R');
UPDATE `bv_updation` SET left_carry = left_carry+50, total_left = total_left+50
WHERE `user_id` = 'FXAYIE';
INSERT INTO `placement_bv_update_history` (`left_carry`, `date`, `from_id`, `user_id`) VALUES ('50', '2024-09-24 11:48:52', 'GLD6J8', 'FXAYIE');
UPDATE `bv_updation` SET left_carry = left_carry+50, total_left = total_left+50
WHERE `user_id` = 'ELXZWC';
INSERT INTO `placement_bv_update_history` (`left_carry`, `date`, `from_id`, `user_id`) VALUES ('50', '2024-09-24 11:48:52', 'GLD6J8', 'ELXZWC');
UPDATE `bv_updation` SET left_carry = left_carry+50, total_left = total_left+50
WHERE `user_id` = 'C1TQVI';
INSERT INTO `placement_bv_update_history` (`left_carry`, `date`, `from_id`, `user_id`) VALUES ('50', '2024-09-24 11:48:52', 'GLD6J8', 'C1TQVI');
UPDATE `bv_updation` SET left_carry = left_carry+50, total_left = total_left+50
WHERE `user_id` = 'F5GPDF';
INSERT INTO `placement_bv_update_history` (`left_carry`, `date`, `from_id`, `user_id`) VALUES ('50', '2024-09-24 11:48:52', 'GLD6J8', 'F5GPDF');
UPDATE `bv_updation` SET left_carry = left_carry+50, total_left = total_left+50
WHERE `user_id` = '91PYDK';
INSERT INTO `placement_bv_update_history` (`left_carry`, `date`, `from_id`, `user_id`) VALUES ('50', '2024-09-24 11:48:52', 'GLD6J8', '91PYDK');
UPDATE `bv_updation` SET left_carry = left_carry+50, total_left = total_left+50
WHERE `user_id` = '4OT7RX';
INSERT INTO `placement_bv_update_history` (`left_carry`, `date`, `from_id`, `user_id`) VALUES ('50', '2024-09-24 11:48:52', 'GLD6J8', '4OT7RX');
UPDATE `bv_updation` SET left_carry = left_carry+50, total_left = total_left+50
WHERE `user_id` = 'ZJZA3M';
INSERT INTO `placement_bv_update_history` (`left_carry`, `date`, `from_id`, `user_id`) VALUES ('50', '2024-09-24 11:48:52', 'GLD6J8', 'ZJZA3M');
UPDATE `bv_updation` SET left_carry = left_carry+50, total_left = total_left+50
WHERE `user_id` = 'XN6ETC';
INSERT INTO `placement_bv_update_history` (`left_carry`, `date`, `from_id`, `user_id`) VALUES ('50', '2024-09-24 11:48:52', 'GLD6J8', 'XN6ETC');
UPDATE `bv_updation` SET left_carry = left_carry+50, total_left = total_left+50
WHERE `user_id` = 'KVQN1O';
INSERT INTO `placement_bv_update_history` (`left_carry`, `date`, `from_id`, `user_id`) VALUES ('50', '2024-09-24 11:48:52', 'GLD6J8', 'KVQN1O');
UPDATE `bv_updation` SET left_carry = left_carry+50, total_left = total_left+50
WHERE `user_id` = 'X3V7DJ';
INSERT INTO `placement_bv_update_history` (`left_carry`, `date`, `from_id`, `user_id`) VALUES ('50', '2024-09-24 11:48:52', 'GLD6J8', 'X3V7DJ');
UPDATE `bv_updation` SET left_carry = left_carry+50, total_left = total_left+50
WHERE `user_id` = 'DJ77NH';
INSERT INTO `placement_bv_update_history` (`left_carry`, `date`, `from_id`, `user_id`) VALUES ('50', '2024-09-24 11:48:52', 'GLD6J8', 'DJ77NH');
UPDATE `bv_updation` SET left_carry = left_carry+50, total_left = total_left+50
WHERE `user_id` = 'PX7XCL';
INSERT INTO `placement_bv_update_history` (`left_carry`, `date`, `from_id`, `user_id`) VALUES ('50', '2024-09-24 11:48:52', 'GLD6J8', 'PX7XCL');
UPDATE `bv_updation` SET left_carry = left_carry+50, total_left = total_left+50
WHERE `user_id` = 'L8PM4Z';
INSERT INTO `placement_bv_update_history` (`left_carry`, `date`, `from_id`, `user_id`) VALUES ('50', '2024-09-24 11:48:52', 'GLD6J8', 'L8PM4Z');
UPDATE `bv_updation` SET left_carry = left_carry+50, total_left = total_left+50
WHERE `user_id` = 'GBSIER';
INSERT INTO `placement_bv_update_history` (`left_carry`, `date`, `from_id`, `user_id`) VALUES ('50', '2024-09-24 11:48:52', 'GLD6J8', 'GBSIER');
UPDATE `bv_updation` SET left_carry = left_carry+50, total_left = total_left+50
WHERE `user_id` = 'AV48YQ';
INSERT INTO `placement_bv_update_history` (`left_carry`, `date`, `from_id`, `user_id`) VALUES ('50', '2024-09-24 11:48:52', 'GLD6J8', 'AV48YQ');
UPDATE `bv_updation` SET left_carry = left_carry+50, total_left = total_left+50
WHERE `user_id` = 'admin';
INSERT INTO `placement_bv_update_history` (`left_carry`, `date`, `from_id`, `user_id`) VALUES ('50', '2024-09-24 11:48:52', 'GLD6J8', 'admin');
INSERT INTO `package_purchase_history` (`user_id`, `package_id`, `reg_fee`, `package_name`, `monthly_fee`, `type`, `date`, `payment_option`) VALUES ('GLD6J8', '2', '595', 'Traveler Pro', '150', 'sign_up', '2024-09-24 11:48:52', 'free');
UPDATE `user_registration` SET `popup_seen` = 'yes'
WHERE `user_id` = 'VDDUBG';
UPDATE `user_registration` SET `popup_seen` = 'yes'
WHERE `user_id` = 'VDDUBG';
UPDATE `user_registration` SET `popup_seen` = 'yes'
WHERE `user_id` = 'VDDUBG';
UPDATE `ci_sessions` SET `timestamp` = 1727196634, `data` = '__ci_last_regenerate|i:1727196634;id|s:4:\"2314\";user_id|s:6:\"RPHDET\";username|s:7:\"emilio5\";sponsor_id|s:6:\"ZJZA3M\";fullname|s:16:\"Emiliop tapanesp\";email|s:17:\"emilio5@gmail.com\";phone|s:10:\"7862876762\";isLogIn|b:1;'
WHERE `id` = 'ca2e35d0ddaf58675d01682a1d5569f8f019fd85';
UPDATE `user_registration` SET `uid` = '2346', `user_id` = 'F7C3TS', `username` = 'guillermo5', `sponsor_id` = 'RPHDET', `vacant` = 'no', `f_name` = 'Guillerop', `l_name` = 'Subiap', `address` = '8100 sw 14 terr', `position` = 'left', `email` = 'guillermo5@gmail.com', `password` = '181fe044f9f4d0132cba8bae4542df68', `phone` = '7862876762', `country` = 'United States', `state` = 'Florida', `city` = 'Miami', `street` = '8100 sw 14 terr', `zip_code` = '33144', `reg_ip` = '172.70.54.191', `status` = 1, `package_id` = '2', `rank_id` = 1, `highest_rank` = 1, `created` = '2024-09-24 11:50:34', `subscription_date` = '2024-10-24', `google_secret` = 'EXZEOSOL7VJLB3CU'
WHERE `uid` = '2346';
INSERT INTO `user_registration` (`uid`, `user_id`, `username`, `sponsor_id`, `placement_id`, `vacant`, `f_name`, `l_name`, `address`, `position`, `email`, `password`, `phone`, `reg_ip`, `status`, `created`) VALUES (NULL, 'ZLWJWB', 'oLkhjxWp', 'F7C3TS', 'F7C3TS', 'yes', '', '', '', 'left', '@mail.com', '', '', '', 0, '2024-09-24 11:50:34');
INSERT INTO `user_registration` (`uid`, `user_id`, `username`, `sponsor_id`, `placement_id`, `vacant`, `f_name`, `l_name`, `address`, `position`, `email`, `password`, `phone`, `reg_ip`, `status`, `created`) VALUES (NULL, 'NCHBDJ', 'RPyIKWoH', 'F7C3TS', 'F7C3TS', 'yes', '', '', '', 'right', '@mail.com', '', '', '', 0, '2024-09-24 11:50:34');
INSERT INTO `bv_updation` (`user_id`) VALUES ('F7C3TS');
UPDATE `user_registration` SET total_ref_count = total_ref_count+1
WHERE `user_id` = 'RPHDET';
UPDATE `user_registration` SET total_downlines = total_downlines+1
WHERE `user_id` = '6PYHAN';
UPDATE `user_registration` SET left_downlines = left_downlines+1
WHERE `user_id` = '6PYHAN';
UPDATE `user_registration` SET total_downlines = total_downlines+1
WHERE `user_id` = 'D5FUBX';
UPDATE `user_registration` SET left_downlines = left_downlines+1
WHERE `user_id` = 'D5FUBX';
UPDATE `user_registration` SET total_downlines = total_downlines+1
WHERE `user_id` = 'ATTM2C';
UPDATE `user_registration` SET left_downlines = left_downlines+1
WHERE `user_id` = 'ATTM2C';
UPDATE `user_registration` SET total_downlines = total_downlines+1
WHERE `user_id` = '7KQAKE';
UPDATE `user_registration` SET left_downlines = left_downlines+1
WHERE `user_id` = '7KQAKE';
UPDATE `user_registration` SET total_downlines = total_downlines+1
WHERE `user_id` = 'KPP775';
UPDATE `user_registration` SET left_downlines = left_downlines+1
WHERE `user_id` = 'KPP775';
UPDATE `user_registration` SET total_downlines = total_downlines+1
WHERE `user_id` = 'GHZSJX';
UPDATE `user_registration` SET left_downlines = left_downlines+1
WHERE `user_id` = 'GHZSJX';
UPDATE `user_registration` SET total_downlines = total_downlines+1
WHERE `user_id` = 'RPHDET';
UPDATE `user_registration` SET left_downlines = left_downlines+1
WHERE `user_id` = 'RPHDET';
UPDATE `user_registration` SET left_ref_count = left_ref_count+1
WHERE `user_id` = 'RPHDET';
UPDATE `user_registration` SET active_left = active_left+1
WHERE `user_id` = 'RPHDET';
UPDATE `user_registration` SET `binary_qualified` = 'yes'
WHERE `user_id` = 'RPHDET';
UPDATE `user_registration` SET total_downlines = total_downlines+1
WHERE `user_id` = 'XYG89U';
UPDATE `user_registration` SET left_downlines = left_downlines+1
WHERE `user_id` = 'XYG89U';
UPDATE `user_registration` SET total_downlines = total_downlines+1
WHERE `user_id` = 'HTFY93';
UPDATE `user_registration` SET left_downlines = left_downlines+1
WHERE `user_id` = 'HTFY93';
UPDATE `user_registration` SET total_downlines = total_downlines+1
WHERE `user_id` = '3PR393';
UPDATE `user_registration` SET left_downlines = left_downlines+1
WHERE `user_id` = '3PR393';
UPDATE `user_registration` SET total_downlines = total_downlines+1
WHERE `user_id` = 'T3MRY1';
UPDATE `user_registration` SET left_downlines = left_downlines+1
WHERE `user_id` = 'T3MRY1';
UPDATE `user_registration` SET total_downlines = total_downlines+1
WHERE `user_id` = 'GTMCCK';
UPDATE `user_registration` SET left_downlines = left_downlines+1
WHERE `user_id` = 'GTMCCK';
UPDATE `user_registration` SET total_downlines = total_downlines+1
WHERE `user_id` = 'DLYMIF';
UPDATE `user_registration` SET left_downlines = left_downlines+1
WHERE `user_id` = 'DLYMIF';
UPDATE `user_registration` SET total_downlines = total_downlines+1
WHERE `user_id` = 'WGJ5KE';
UPDATE `user_registration` SET left_downlines = left_downlines+1
WHERE `user_id` = 'WGJ5KE';
UPDATE `user_registration` SET total_downlines = total_downlines+1
WHERE `user_id` = 'ORRJ3M';
UPDATE `user_registration` SET left_downlines = left_downlines+1
WHERE `user_id` = 'ORRJ3M';
UPDATE `user_registration` SET total_downlines = total_downlines+1
WHERE `user_id` = 'AA8V6V';
UPDATE `user_registration` SET left_downlines = left_downlines+1
WHERE `user_id` = 'AA8V6V';
UPDATE `user_registration` SET total_downlines = total_downlines+1
WHERE `user_id` = '61ME4O';
UPDATE `user_registration` SET left_downlines = left_downlines+1
WHERE `user_id` = '61ME4O';
UPDATE `user_registration` SET total_downlines = total_downlines+1
WHERE `user_id` = 'WS1SZZ';
UPDATE `user_registration` SET left_downlines = left_downlines+1
WHERE `user_id` = 'WS1SZZ';
UPDATE `user_registration` SET total_downlines = total_downlines+1
WHERE `user_id` = 'TBN4MZ';
UPDATE `user_registration` SET left_downlines = left_downlines+1
WHERE `user_id` = 'TBN4MZ';
UPDATE `user_registration` SET total_downlines = total_downlines+1
WHERE `user_id` = 'OEMJ8R';
UPDATE `user_registration` SET left_downlines = left_downlines+1
WHERE `user_id` = 'OEMJ8R';
UPDATE `user_registration` SET total_downlines = total_downlines+1
WHERE `user_id` = 'FXAYIE';
UPDATE `user_registration` SET left_downlines = left_downlines+1
WHERE `user_id` = 'FXAYIE';
UPDATE `user_registration` SET total_downlines = total_downlines+1
WHERE `user_id` = 'ELXZWC';
UPDATE `user_registration` SET left_downlines = left_downlines+1
WHERE `user_id` = 'ELXZWC';
UPDATE `user_registration` SET total_downlines = total_downlines+1
WHERE `user_id` = 'C1TQVI';
UPDATE `user_registration` SET left_downlines = left_downlines+1
WHERE `user_id` = 'C1TQVI';
UPDATE `user_registration` SET total_downlines = total_downlines+1
WHERE `user_id` = 'F5GPDF';
UPDATE `user_registration` SET left_downlines = left_downlines+1
WHERE `user_id` = 'F5GPDF';
UPDATE `user_registration` SET total_downlines = total_downlines+1
WHERE `user_id` = '91PYDK';
UPDATE `user_registration` SET left_downlines = left_downlines+1
WHERE `user_id` = '91PYDK';
UPDATE `user_registration` SET total_downlines = total_downlines+1
WHERE `user_id` = '4OT7RX';
UPDATE `user_registration` SET left_downlines = left_downlines+1
WHERE `user_id` = '4OT7RX';
UPDATE `user_registration` SET total_downlines = total_downlines+1
WHERE `user_id` = 'ZJZA3M';
UPDATE `user_registration` SET left_downlines = left_downlines+1
WHERE `user_id` = 'ZJZA3M';
UPDATE `user_registration` SET total_downlines = total_downlines+1
WHERE `user_id` = 'XN6ETC';
UPDATE `user_registration` SET left_downlines = left_downlines+1
WHERE `user_id` = 'XN6ETC';
UPDATE `user_registration` SET total_downlines = total_downlines+1
WHERE `user_id` = 'KVQN1O';
UPDATE `user_registration` SET left_downlines = left_downlines+1
WHERE `user_id` = 'KVQN1O';
UPDATE `user_registration` SET total_downlines = total_downlines+1
WHERE `user_id` = 'X3V7DJ';
UPDATE `user_registration` SET left_downlines = left_downlines+1
WHERE `user_id` = 'X3V7DJ';
UPDATE `user_registration` SET total_downlines = total_downlines+1
WHERE `user_id` = 'DJ77NH';
UPDATE `user_registration` SET left_downlines = left_downlines+1
WHERE `user_id` = 'DJ77NH';
UPDATE `user_registration` SET total_downlines = total_downlines+1
WHERE `user_id` = 'PX7XCL';
UPDATE `user_registration` SET left_downlines = left_downlines+1
WHERE `user_id` = 'PX7XCL';
UPDATE `user_registration` SET total_downlines = total_downlines+1
WHERE `user_id` = 'L8PM4Z';
UPDATE `user_registration` SET left_downlines = left_downlines+1
WHERE `user_id` = 'L8PM4Z';
UPDATE `user_registration` SET total_downlines = total_downlines+1
WHERE `user_id` = 'GBSIER';
UPDATE `user_registration` SET left_downlines = left_downlines+1
WHERE `user_id` = 'GBSIER';
UPDATE `user_registration` SET total_downlines = total_downlines+1
WHERE `user_id` = 'AV48YQ';
UPDATE `user_registration` SET left_downlines = left_downlines+1
WHERE `user_id` = 'AV48YQ';
UPDATE `user_registration` SET total_downlines = total_downlines+1
WHERE `user_id` = 'admin';
UPDATE `user_registration` SET left_downlines = left_downlines+1
WHERE `user_id` = 'admin';
INSERT INTO `investment` (`invest_date`, `user_id`, `type`, `amount`, `package_id`) VALUES ('2024-09-24 11:50:34', 'F7C3TS', 'register', '595', '2');
INSERT INTO `earnings` (`user_id`, `Purchaser_id`, `earning_type`, `package_id`, `amount`, `date`, `comments`, `invest_amount`, `comm_perc`, `level`, `rank_id`, `order_id`) VALUES ('RPHDET', 'F7C3TS', 'Direct Referral Bonus', '2', '100', '2024-09-24 11:50:34', 'Direct Referral Bonus', 0, 0, 1, '', 18);
