INSERT INTO `inactive_point_history` (`user_id`, `point`, `date`) VALUES ('N5PLRR', '0', '2025-12-06 00:30:50');
UPDATE `user_registration` SET `sub_point` = 0, `active_status` = 'no'
WHERE `user_id` = 'N5PLRR';
INSERT INTO `arreva_api_logs` (`user_id`, `email`, `endpoint`, `response`, `date`) VALUES ('N5PLRR', 'deeptalent.boza@gmail.com', 'deactivatemember', '\"Unable to find user matching email or contract number or otherid\"', '2025-12-06 00:30:50');
INSERT INTO `inactive_history` (`user_id`, `commission_balance`, `amount`, `date`) VALUES ('N5PLRR', '30', '50', '2025-12-06 00:30:50');
INSERT INTO `inactive_point_history` (`user_id`, `point`, `date`) VALUES ('RSM4DG', '0', '2025-12-06 00:30:50');
UPDATE `user_registration` SET `sub_point` = 0, `active_status` = 'no'
WHERE `user_id` = 'RSM4DG';
INSERT INTO `arreva_api_logs` (`user_id`, `email`, `endpoint`, `response`, `date`) VALUES ('RSM4DG', 'fssicentral+1@gmail.com', 'deactivatemember', '\"Unable to find user matching email or contract number or otherid\"', '2025-12-06 00:30:50');
INSERT INTO `inactive_history` (`user_id`, `commission_balance`, `amount`, `date`) VALUES ('RSM4DG', '30', '50', '2025-12-06 00:30:50');
INSERT INTO `inactive_point_history` (`user_id`, `point`, `date`) VALUES ('V43EWT', '0', '2025-12-06 00:30:50');
UPDATE `user_registration` SET `sub_point` = 0, `active_status` = 'no'
WHERE `user_id` = 'V43EWT';
INSERT INTO `arreva_api_logs` (`user_id`, `email`, `endpoint`, `response`, `date`) VALUES ('V43EWT', 'deeptalent+1@hotmail.com', 'deactivatemember', '\"Unable to find user matching email or contract number or otherid\"', '2025-12-06 00:30:51');
INSERT INTO `inactive_history` (`user_id`, `commission_balance`, `amount`, `date`) VALUES ('V43EWT', '0', '50', '2025-12-06 00:30:51');
INSERT INTO `inactive_point_history` (`user_id`, `point`, `date`) VALUES ('NDTM1I', '0', '2025-12-06 00:30:51');
UPDATE `user_registration` SET `sub_point` = 0, `active_status` = 'no'
WHERE `user_id` = 'NDTM1I';
INSERT INTO `arreva_api_logs` (`user_id`, `email`, `endpoint`, `response`, `date`) VALUES ('NDTM1I', 'deeptalent+2@hotmail.com', 'deactivatemember', '\"Unable to find user matching email or contract number or otherid\"', '2025-12-06 00:30:51');
INSERT INTO `inactive_history` (`user_id`, `commission_balance`, `amount`, `date`) VALUES ('NDTM1I', '0', '50', '2025-12-06 00:30:51');
INSERT INTO `inactive_point_history` (`user_id`, `point`, `date`) VALUES ('GCLF2W', '0', '2025-12-06 00:30:51');
UPDATE `user_registration` SET `sub_point` = 0, `active_status` = 'no'
WHERE `user_id` = 'GCLF2W';
INSERT INTO `arreva_api_logs` (`user_id`, `email`, `endpoint`, `response`, `date`) VALUES ('GCLF2W', 'rt.amdream+1@gmail.com', 'deactivatemember', '\"Unable to find user matching email or contract number or otherid\"', '2025-12-06 00:30:51');
INSERT INTO `inactive_history` (`user_id`, `commission_balance`, `amount`, `date`) VALUES ('GCLF2W', '20', '50', '2025-12-06 00:30:51');
INSERT INTO `inactive_point_history` (`user_id`, `point`, `date`) VALUES ('6HA49X', '0', '2025-12-06 00:30:51');
UPDATE `user_registration` SET `sub_point` = 0, `active_status` = 'no'
WHERE `user_id` = '6HA49X';
INSERT INTO `arreva_api_logs` (`user_id`, `email`, `endpoint`, `response`, `date`) VALUES ('6HA49X', 'fssicentral+2@gmail.com', 'deactivatemember', '\"Unable to find user matching email or contract number or otherid\"', '2025-12-06 00:30:51');
INSERT INTO `inactive_history` (`user_id`, `commission_balance`, `amount`, `date`) VALUES ('6HA49X', '0', '50', '2025-12-06 00:30:51');
INSERT INTO `inactive_point_history` (`user_id`, `point`, `date`) VALUES ('CN59WR', '0', '2025-12-06 00:30:51');
UPDATE `user_registration` SET `sub_point` = 0, `active_status` = 'no'
WHERE `user_id` = 'CN59WR';
INSERT INTO `arreva_api_logs` (`user_id`, `email`, `endpoint`, `response`, `date`) VALUES ('CN59WR', 'deeptalent.boza+5@gmail.com', 'deactivatemember', '\"Unable to find user matching email or contract number or otherid\"', '2025-12-06 00:30:52');
INSERT INTO `inactive_history` (`user_id`, `commission_balance`, `amount`, `date`) VALUES ('CN59WR', '0', '50', '2025-12-06 00:30:52');
INSERT INTO `inactive_point_history` (`user_id`, `point`, `date`) VALUES ('WCHBRD', '0', '2025-12-06 00:30:52');
UPDATE `user_registration` SET `sub_point` = 0, `active_status` = 'no'
WHERE `user_id` = 'WCHBRD';
INSERT INTO `arreva_api_logs` (`user_id`, `email`, `endpoint`, `response`, `date`) VALUES ('WCHBRD', 'nrproducts20+11@gmail.com', 'deactivatemember', '\"Unable to find user matching email or contract number or otherid\"', '2025-12-06 00:30:52');
INSERT INTO `inactive_history` (`user_id`, `commission_balance`, `amount`, `date`) VALUES ('WCHBRD', '0', '50', '2025-12-06 00:30:52');
INSERT INTO `inactive_point_history` (`user_id`, `point`, `date`) VALUES ('MHTJIU', '0', '2025-12-06 00:30:52');
UPDATE `user_registration` SET `sub_point` = 0, `active_status` = 'no'
WHERE `user_id` = 'MHTJIU';
INSERT INTO `arreva_api_logs` (`user_id`, `email`, `endpoint`, `response`, `date`) VALUES ('MHTJIU', 'onielguerra+2@yahoo.com', 'deactivatemember', '\"Unable to find user matching email or contract number or otherid\"', '2025-12-06 00:30:52');
INSERT INTO `inactive_history` (`user_id`, `commission_balance`, `amount`, `date`) VALUES ('MHTJIU', '20', '50', '2025-12-06 00:30:52');
INSERT INTO `inactive_point_history` (`user_id`, `point`, `date`) VALUES ('C66Y3L', '0', '2025-12-06 00:30:52');
UPDATE `user_registration` SET `sub_point` = 0, `active_status` = 'no'
WHERE `user_id` = 'C66Y3L';
INSERT INTO `arreva_api_logs` (`user_id`, `email`, `endpoint`, `response`, `date`) VALUES ('C66Y3L', 'fssicentral+12@gmail.com', 'deactivatemember', '\"Unable to find user matching email or contract number or otherid\"', '2025-12-06 00:30:52');
INSERT INTO `inactive_history` (`user_id`, `commission_balance`, `amount`, `date`) VALUES ('C66Y3L', '20', '50', '2025-12-06 00:30:52');
INSERT INTO `inactive_point_history` (`user_id`, `point`, `date`) VALUES ('4OOCCH', '0', '2025-12-06 00:30:52');
UPDATE `user_registration` SET `sub_point` = 0, `active_status` = 'no'
WHERE `user_id` = '4OOCCH';
INSERT INTO `arreva_api_logs` (`user_id`, `email`, `endpoint`, `response`, `date`) VALUES ('4OOCCH', 'sfssi+11@gmail.com', 'deactivatemember', '\"Unable to find user matching email or contract number or otherid\"', '2025-12-06 00:30:52');
INSERT INTO `inactive_history` (`user_id`, `commission_balance`, `amount`, `date`) VALUES ('4OOCCH', '0', '50', '2025-12-06 00:30:52');
INSERT INTO `inactive_point_history` (`user_id`, `point`, `date`) VALUES ('G4EQDP', '0', '2025-12-06 00:30:52');
UPDATE `user_registration` SET `sub_point` = 0, `active_status` = 'no'
WHERE `user_id` = 'G4EQDP';
INSERT INTO `arreva_api_logs` (`user_id`, `email`, `endpoint`, `response`, `date`) VALUES ('G4EQDP', 'sfssiw+13@gmail.com', 'deactivatemember', '\"Unable to find user matching email or contract number or otherid\"', '2025-12-06 00:30:53');
INSERT INTO `inactive_history` (`user_id`, `commission_balance`, `amount`, `date`) VALUES ('G4EQDP', '0', '50', '2025-12-06 00:30:53');
INSERT INTO `inactive_point_history` (`user_id`, `point`, `date`) VALUES ('G95C91', '0', '2025-12-06 00:30:53');
UPDATE `user_registration` SET `sub_point` = 0, `active_status` = 'no'
WHERE `user_id` = 'G95C91';
INSERT INTO `arreva_api_logs` (`user_id`, `email`, `endpoint`, `response`, `date`) VALUES ('G95C91', 'sfssiw+15@gmail.com', 'deactivatemember', '\"Unable to find user matching email or contract number or otherid\"', '2025-12-06 00:30:53');
INSERT INTO `inactive_history` (`user_id`, `commission_balance`, `amount`, `date`) VALUES ('G95C91', '0', '50', '2025-12-06 00:30:53');
INSERT INTO `inactive_point_history` (`user_id`, `point`, `date`) VALUES ('SZ1N3Z', '0', '2025-12-06 00:30:53');
UPDATE `user_registration` SET `sub_point` = 0, `active_status` = 'no'
WHERE `user_id` = 'SZ1N3Z';
INSERT INTO `arreva_api_logs` (`user_id`, `email`, `endpoint`, `response`, `date`) VALUES ('SZ1N3Z', 'sfssiw+16@gmail.com', 'deactivatemember', '\"Unable to find user matching email or contract number or otherid\"', '2025-12-06 00:30:53');
INSERT INTO `inactive_history` (`user_id`, `commission_balance`, `amount`, `date`) VALUES ('SZ1N3Z', '0', '50', '2025-12-06 00:30:53');
INSERT INTO `inactive_point_history` (`user_id`, `point`, `date`) VALUES ('4S3VM7', '0', '2025-12-06 00:30:53');
UPDATE `user_registration` SET `sub_point` = 0, `active_status` = 'no'
WHERE `user_id` = '4S3VM7';
INSERT INTO `arreva_api_logs` (`user_id`, `email`, `endpoint`, `response`, `date`) VALUES ('4S3VM7', 'sfssiw+17@gmail.com', 'deactivatemember', '\"Unable to find user matching email or contract number or otherid\"', '2025-12-06 00:30:53');
INSERT INTO `inactive_history` (`user_id`, `commission_balance`, `amount`, `date`) VALUES ('4S3VM7', '0', '50', '2025-12-06 00:30:53');
INSERT INTO `inactive_point_history` (`user_id`, `point`, `date`) VALUES ('G5QCEL', '0', '2025-12-06 00:30:53');
UPDATE `user_registration` SET `sub_point` = 0, `active_status` = 'no'
WHERE `user_id` = 'G5QCEL';
INSERT INTO `arreva_api_logs` (`user_id`, `email`, `endpoint`, `response`, `date`) VALUES ('G5QCEL', 'sfssiw+18@gmail.com', 'deactivatemember', '\"Unable to find user matching email or contract number or otherid\"', '2025-12-06 00:30:54');
INSERT INTO `inactive_history` (`user_id`, `commission_balance`, `amount`, `date`) VALUES ('G5QCEL', '0', '50', '2025-12-06 00:30:54');
INSERT INTO `inactive_point_history` (`user_id`, `point`, `date`) VALUES ('6CYPUS', '0', '2025-12-06 00:30:54');
UPDATE `user_registration` SET `sub_point` = 0, `active_status` = 'no'
WHERE `user_id` = '6CYPUS';
INSERT INTO `arreva_api_logs` (`user_id`, `email`, `endpoint`, `response`, `date`) VALUES ('6CYPUS', 'nquiros@ymail.com', 'deactivatemember', '\"Unable to find user matching email or contract number or otherid\"', '2025-12-06 00:30:54');
INSERT INTO `inactive_history` (`user_id`, `commission_balance`, `amount`, `date`) VALUES ('6CYPUS', '0', '150', '2025-12-06 00:30:54');
INSERT INTO `inactive_point_history` (`user_id`, `point`, `date`) VALUES ('52FDFS', '0', '2025-12-06 00:30:54');
UPDATE `user_registration` SET `sub_point` = 0, `active_status` = 'no'
WHERE `user_id` = '52FDFS';
INSERT INTO `arreva_api_logs` (`user_id`, `email`, `endpoint`, `response`, `date`) VALUES ('52FDFS', 'mariajcarloa@gmail.com', 'deactivatemember', '\"Unable to find user matching email or contract number or otherid\"', '2025-12-06 00:30:54');
INSERT INTO `inactive_history` (`user_id`, `commission_balance`, `amount`, `date`) VALUES ('52FDFS', '0', '150', '2025-12-06 00:30:54');
INSERT INTO `inactive_point_history` (`user_id`, `point`, `date`) VALUES ('LI6NAA', '0', '2025-12-06 00:30:54');
UPDATE `user_registration` SET `sub_point` = 0, `active_status` = 'no'
WHERE `user_id` = 'LI6NAA';
INSERT INTO `arreva_api_logs` (`user_id`, `email`, `endpoint`, `response`, `date`) VALUES ('LI6NAA', 'sotolongor+96@gmail.com', 'deactivatemember', 'true', '2025-12-06 00:30:55');
INSERT INTO `inactive_history` (`user_id`, `commission_balance`, `amount`, `date`) VALUES ('LI6NAA', '0', '150', '2025-12-06 00:30:55');
INSERT INTO `inactive_point_history` (`user_id`, `point`, `date`) VALUES ('NOBRW6', '0', '2025-12-06 00:30:55');
UPDATE `user_registration` SET `sub_point` = 0, `active_status` = 'no'
WHERE `user_id` = 'NOBRW6';
INSERT INTO `arreva_api_logs` (`user_id`, `email`, `endpoint`, `response`, `date`) VALUES ('NOBRW6', 'yosvanyperezcruckshank@gmail.com', 'deactivatemember', 'true', '2025-12-06 00:30:55');
INSERT INTO `inactive_history` (`user_id`, `commission_balance`, `amount`, `date`) VALUES ('NOBRW6', '0', '150', '2025-12-06 00:30:55');
INSERT INTO `inactive_point_history` (`user_id`, `point`, `date`) VALUES ('6XB3NC', '0', '2025-12-06 00:30:55');
UPDATE `user_registration` SET `sub_point` = 0, `active_status` = 'no'
WHERE `user_id` = '6XB3NC';
INSERT INTO `arreva_api_logs` (`user_id`, `email`, `endpoint`, `response`, `date`) VALUES ('6XB3NC', 'aymeelucia1971@gmail.com', 'deactivatemember', 'true', '2025-12-06 00:30:55');
INSERT INTO `inactive_history` (`user_id`, `commission_balance`, `amount`, `date`) VALUES ('6XB3NC', '0', '150', '2025-12-06 00:30:55');
UPDATE `user_registration` SET commission_balance = ROUND(commission_balance - 150,2)
WHERE `user_id` = 'EE2FIS';
INSERT INTO `sub_history` (`user_id`, `package_id`, `amount`, `payment_method`, `date`) VALUES ('EE2FIS', '2', '150', 'Ewallet', '2025-12-06 00:30:55');
UPDATE `user_registration` SET sub_point = ROUND(sub_point + 150,2)
WHERE `user_id` = 'EE2FIS';
INSERT INTO `investment` (`invest_date`, `user_id`, `type`, `amount`, `package_id`) VALUES ('2025-12-06 00:30:55', 'EE2FIS', 'subscription', '150', '2');
INSERT INTO `earnings` (`user_id`, `Purchaser_id`, `earning_type`, `package_id`, `amount`, `date`, `comments`, `invest_amount`, `comm_perc`, `level`, `rank_id`, `order_id`) VALUES ('PXOKY7', 'EE2FIS', 'Subscription Referral Bonus', '2', '37.5', '2025-12-06 00:30:55', 'Subscription Referral Bonus', 0, 0, 1, '', 1317);
UPDATE `user_registration` SET commission_balance = ROUND(commission_balance + 37.5,2)
WHERE `user_id` = 'PXOKY7';
UPDATE `user_registration` SET total_points = ROUND(total_points + 150,2)
WHERE `user_id` = 'EE2FIS';
INSERT INTO `points_history` (`user_id`, `points`, `type`, `date`) VALUES ('EE2FIS', '150', 'subscription', '2025-12-06 00:30:');
UPDATE `bv_updation` SET right_carry = right_carry+150, total_right = total_right+150
WHERE `user_id` = 'PXOKY7';
INSERT INTO `placement_bv_update_history` (`right_carry`, `date`, `from_id`, `user_id`) VALUES ('150', '2025-12-06 00:30:55', 'EE2FIS', 'PXOKY7');
UPDATE `user_registration` SET `cycle_rank_id` = '1'
WHERE `user_id` = 'PXOKY7';
INSERT INTO `rank_history` (`rank_id`, `user_id`, `name`, `bv`, `date`, `amount`, `type`) VALUES ('1', 'PXOKY7', 'Affiliate', '0', '2025-12-06 00:30:55', '0', 'auto');
UPDATE `bv_updation` SET sponsor_right_carry = sponsor_right_carry+150, sponsor_total_right = sponsor_total_right+150
WHERE `user_id` = 'PXOKY7';
INSERT INTO `sponsor_bv_update_history` (`right_carry`, `date`, `user_id`) VALUES ('150', '2025-12-06 00:30:55', 'PXOKY7');
UPDATE `bv_updation` SET left_carry = left_carry+150, total_left = total_left+150
WHERE `user_id` = 'BBBUQN';
INSERT INTO `placement_bv_update_history` (`left_carry`, `date`, `from_id`, `user_id`) VALUES ('150', '2025-12-06 00:30:55', 'EE2FIS', 'BBBUQN');
UPDATE `bv_updation` SET left_carry = left_carry+150, total_left = total_left+150
WHERE `user_id` = '8ZH73R';
INSERT INTO `placement_bv_update_history` (`left_carry`, `date`, `from_id`, `user_id`) VALUES ('150', '2025-12-06 00:30:55', 'EE2FIS', '8ZH73R');
UPDATE `bv_updation` SET left_carry = left_carry+150, total_left = total_left+150
WHERE `user_id` = 'YFRSTE';
INSERT INTO `placement_bv_update_history` (`left_carry`, `date`, `from_id`, `user_id`) VALUES ('150', '2025-12-06 00:30:55', 'EE2FIS', 'YFRSTE');
UPDATE `bv_updation` SET left_carry = left_carry+150, total_left = total_left+150
WHERE `user_id` = 'UT8WM5';
INSERT INTO `placement_bv_update_history` (`left_carry`, `date`, `from_id`, `user_id`) VALUES ('150', '2025-12-06 00:30:55', 'EE2FIS', 'UT8WM5');
UPDATE `bv_updation` SET left_carry = left_carry+150, total_left = total_left+150
WHERE `user_id` = 'UXMQZD';
INSERT INTO `placement_bv_update_history` (`left_carry`, `date`, `from_id`, `user_id`) VALUES ('150', '2025-12-06 00:30:55', 'EE2FIS', 'UXMQZD');
UPDATE `user_registration` SET `cycle_rank_id` = '1'
WHERE `user_id` = 'UXMQZD';
INSERT INTO `rank_history` (`rank_id`, `user_id`, `name`, `bv`, `date`, `amount`, `type`) VALUES ('1', 'UXMQZD', 'Affiliate', '0', '2025-12-06 00:30:55', '0', 'auto');
UPDATE `bv_updation` SET right_carry = right_carry+150, total_right = total_right+150
WHERE `user_id` = 'O94ZPY';
INSERT INTO `placement_bv_update_history` (`right_carry`, `date`, `from_id`, `user_id`) VALUES ('150', '2025-12-06 00:30:55', 'EE2FIS', 'O94ZPY');
UPDATE `user_registration` SET `cycle_rank_id` = '1'
WHERE `user_id` = 'O94ZPY';
INSERT INTO `rank_history` (`rank_id`, `user_id`, `name`, `bv`, `date`, `amount`, `type`) VALUES ('1', 'O94ZPY', 'Affiliate', '0', '2025-12-06 00:30:55', '0', 'auto');
UPDATE `bv_updation` SET right_carry = right_carry+150, total_right = total_right+150
WHERE `user_id` = 'JHRDHS';
INSERT INTO `placement_bv_update_history` (`right_carry`, `date`, `from_id`, `user_id`) VALUES ('150', '2025-12-06 00:30:55', 'EE2FIS', 'JHRDHS');
UPDATE `user_registration` SET `cycle_rank_id` = '1'
WHERE `user_id` = 'JHRDHS';
INSERT INTO `rank_history` (`rank_id`, `user_id`, `name`, `bv`, `date`, `amount`, `type`) VALUES ('1', 'JHRDHS', 'Affiliate', '0', '2025-12-06 00:30:55', '0', 'auto');
UPDATE `bv_updation` SET right_carry = right_carry+150, total_right = total_right+150
WHERE `user_id` = 'CVVK4C';
INSERT INTO `placement_bv_update_history` (`right_carry`, `date`, `from_id`, `user_id`) VALUES ('150', '2025-12-06 00:30:55', 'EE2FIS', 'CVVK4C');
UPDATE `user_registration` SET `cycle_rank_id` = '1'
WHERE `user_id` = 'CVVK4C';
INSERT INTO `rank_history` (`rank_id`, `user_id`, `name`, `bv`, `date`, `amount`, `type`) VALUES ('1', 'CVVK4C', 'Affiliate', '0', '2025-12-06 00:30:55', '0', 'auto');
UPDATE `bv_updation` SET left_carry = left_carry+150, total_left = total_left+150
WHERE `user_id` = 'K55EDD';
INSERT INTO `placement_bv_update_history` (`left_carry`, `date`, `from_id`, `user_id`) VALUES ('150', '2025-12-06 00:30:55', 'EE2FIS', 'K55EDD');
UPDATE `user_registration` SET `cycle_rank_id` = '1'
WHERE `user_id` = 'K55EDD';
INSERT INTO `rank_history` (`rank_id`, `user_id`, `name`, `bv`, `date`, `amount`, `type`) VALUES ('1', 'K55EDD', 'Affiliate', '0', '2025-12-06 00:30:55', '0', 'auto');
UPDATE `bv_updation` SET left_carry = left_carry+150, total_left = total_left+150
WHERE `user_id` = 'UQO7EQ';
INSERT INTO `placement_bv_update_history` (`left_carry`, `date`, `from_id`, `user_id`) VALUES ('150', '2025-12-06 00:30:55', 'EE2FIS', 'UQO7EQ');
UPDATE `user_registration` SET `cycle_rank_id` = '1'
WHERE `user_id` = 'UQO7EQ';
INSERT INTO `rank_history` (`rank_id`, `user_id`, `name`, `bv`, `date`, `amount`, `type`) VALUES ('1', 'UQO7EQ', 'Affiliate', '0', '2025-12-06 00:30:55', '0', 'auto');
UPDATE `bv_updation` SET left_carry = left_carry+150, total_left = total_left+150
WHERE `user_id` = 'N6GZAE';
INSERT INTO `placement_bv_update_history` (`left_carry`, `date`, `from_id`, `user_id`) VALUES ('150', '2025-12-06 00:30:55', 'EE2FIS', 'N6GZAE');
UPDATE `user_registration` SET `cycle_rank_id` = '1'
WHERE `user_id` = 'N6GZAE';
INSERT INTO `rank_history` (`rank_id`, `user_id`, `name`, `bv`, `date`, `amount`, `type`) VALUES ('1', 'N6GZAE', 'Affiliate', '0', '2025-12-06 00:30:55', '0', 'auto');
UPDATE `bv_updation` SET left_carry = left_carry+150, total_left = total_left+150
WHERE `user_id` = '4E1CRI';
INSERT INTO `placement_bv_update_history` (`left_carry`, `date`, `from_id`, `user_id`) VALUES ('150', '2025-12-06 00:30:55', 'EE2FIS', '4E1CRI');
UPDATE `bv_updation` SET left_carry = left_carry+150, total_left = total_left+150
WHERE `user_id` = 'SJBNYJ';
INSERT INTO `placement_bv_update_history` (`left_carry`, `date`, `from_id`, `user_id`) VALUES ('150', '2025-12-06 00:30:55', 'EE2FIS', 'SJBNYJ');
UPDATE `user_registration` SET `cycle_rank_id` = '1'
WHERE `user_id` = 'SJBNYJ';
INSERT INTO `rank_history` (`rank_id`, `user_id`, `name`, `bv`, `date`, `amount`, `type`) VALUES ('1', 'SJBNYJ', 'Affiliate', '0', '2025-12-06 00:30:55', '0', 'auto');
UPDATE `bv_updation` SET left_carry = left_carry+150, total_left = total_left+150
WHERE `user_id` = '44B9Y4';
INSERT INTO `placement_bv_update_history` (`left_carry`, `date`, `from_id`, `user_id`) VALUES ('150', '2025-12-06 00:30:55', 'EE2FIS', '44B9Y4');
UPDATE `user_registration` SET `cycle_rank_id` = '1'
WHERE `user_id` = '44B9Y4';
INSERT INTO `rank_history` (`rank_id`, `user_id`, `name`, `bv`, `date`, `amount`, `type`) VALUES ('1', '44B9Y4', 'Affiliate', '0', '2025-12-06 00:30:55', '0', 'auto');
UPDATE `bv_updation` SET right_carry = right_carry+150, total_right = total_right+150
WHERE `user_id` = 'admin';
INSERT INTO `placement_bv_update_history` (`right_carry`, `date`, `from_id`, `user_id`) VALUES ('150', '2025-12-06 00:30:55', 'EE2FIS', 'admin');
UPDATE `user_registration` SET `cycle_rank_id` = '1'
WHERE `user_id` = 'admin';
INSERT INTO `rank_history` (`rank_id`, `user_id`, `name`, `bv`, `date`, `amount`, `type`) VALUES ('1', 'admin', 'Affiliate', '0', '2025-12-06 00:30:55', '0', 'auto');
UPDATE `user_registration` SET `subscription_date` = '2026-01-06', `active_status` = 'yes', `reminder_sent` = 'no'
WHERE `user_id` = 'EE2FIS';
INSERT INTO `arreva_api_logs` (`user_id`, `email`, `endpoint`, `response`, `date`) VALUES ('EE2FIS', 'porrero0626@gmail.com', 'activatemember', 'true', '2025-12-06 00:30:55');
UPDATE `cron_job_history` SET `status` = 'done', `date_end` = '2025-12-06 00:30:55'
WHERE `id` = 868;
INSERT INTO `cron_job_history` (`name`, `date_started`, `status`) VALUES ('sendReminderMail', '2025-12-06 00:35:02', 'started');
UPDATE `cron_job_history` SET `status` = 'done', `date_end` = '2025-12-06 00:35:02'
WHERE `id` = 869;
INSERT INTO `login_history` (`user_id`, `device`, `ip_address`, `date`) VALUES ('UQO7EQ', 'Mozilla/5.0 (Windows NT 10.0; Win64; x64) AppleWebKit/537.36 (KHTML, like Gecko) Chrome/143.0.0.0 Safari/537.36', '2601:58a:897c:5f70:3497:8be7:2f5c:dde9', '25-12-06 07:02');
UPDATE `user_registration` SET `popup_seen` = 'yes'
WHERE `user_id` = 'UQO7EQ';
UPDATE `user_registration` SET `popup_seen` = 'no'
WHERE `user_id` = 'UQO7EQ';
DELETE FROM `ci_sessions`
WHERE `id` = '34d9bee4572ca350e02a6ae34ff49109e0779a9d';
INSERT INTO `login_history` (`user_id`, `device`, `ip_address`, `date`) VALUES ('QJ5U9C', 'Mozilla/5.0 (iPhone; CPU iPhone OS 18_5_0 like Mac OS X) AppleWebKit/605.1.15 (KHTML, like Gecko) CriOS/138.0.7204.156 Mobile/15E148 Safari/604.1', '2607:fb91:1900:83da:b09b:4471:4c67:c228', '25-12-06 07:25');
UPDATE `user_registration` SET `popup_seen` = 'yes'
WHERE `user_id` = 'QJ5U9C';
INSERT INTO `withdraw` (`name`, `user_id`, `walletid`, `mobile_no`, `uid`, `amount`, `method`, `fees`, `payment_details`, `fee_rate`, `request_ip`, `request_date`) VALUES ('Gaspar Cardero', 'QJ5U9C', 'gascarde60iDSD', '7862371360', '2084', '533.00', 'PayQuicker', 0, 'N/A', '0', '2607:fb91:1900:83da:b09b:4471:4c67:c228', '2025:12:06 07:26:28');
UPDATE `user_registration` SET commission_balance = ROUND(commission_balance - 533.00,2)
WHERE `user_id` = 'QJ5U9C';
INSERT INTO `transections` (`user_id`, `transection_category`, `releted_id`, `amount`, `comments`, `transection_date_timestamp`) VALUES ('QJ5U9C', 'withdraw', 64, '533.00', 'withdraw', '2025-12-06 07:26:28');
UPDATE `user_registration` SET `popup_seen` = 'yes'
WHERE `user_id` = 'QJ5U9C';
UPDATE `user_registration` SET `popup_seen` = 'yes'
WHERE `user_id` = 'QJ5U9C';
INSERT INTO `login_history` (`user_id`, `device`, `ip_address`, `date`) VALUES ('UQO7EQ', 'Mozilla/5.0 (Windows NT 10.0; Win64; x64) AppleWebKit/537.36 (KHTML, like Gecko) Chrome/143.0.0.0 Safari/537.36', '2601:58a:897c:5f70:3497:8be7:2f5c:dde9', '25-12-06 10:02');
UPDATE `user_registration` SET `popup_seen` = 'yes'
WHERE `user_id` = 'UQO7EQ';
UPDATE `user_registration` SET `popup_seen` = 'no'
WHERE `user_id` = 'UQO7EQ';
DELETE FROM `ci_sessions`
WHERE `id` = '1f3bbec59873d650dcc8165e7e7feb963ac6605b';
INSERT INTO `login_history` (`user_id`, `device`, `ip_address`, `date`) VALUES ('JHRDHS', 'Mozilla/5.0 (iPhone; CPU iPhone OS 18_7_1 like Mac OS X) AppleWebKit/605.1.15 (KHTML, like Gecko) Version/18.7 Mobile/15E148 Safari/604.1', '2600:1702:50d0:a580:866:7e16:aad6:8b0b', '25-12-06 10:08');
UPDATE `user_registration` SET `popup_seen` = 'yes'
WHERE `user_id` = 'JHRDHS';
INSERT INTO `login_history` (`user_id`, `device`, `ip_address`, `date`) VALUES ('JHRDHS', 'Mozilla/5.0 (iPhone; CPU iPhone OS 18_7_1 like Mac OS X) AppleWebKit/605.1.15 (KHTML, like Gecko) Version/18.7 Mobile/15E148 Safari/604.1', '2600:1702:50d0:a580:6cbb:6891:c009:f05e', '25-12-06 10:14');
UPDATE `user_registration` SET `popup_seen` = 'yes'
WHERE `user_id` = 'JHRDHS';
INSERT INTO `withdraw` (`name`, `user_id`, `walletid`, `mobile_no`, `uid`, `amount`, `method`, `fees`, `payment_details`, `fee_rate`, `request_ip`, `request_date`) VALUES ('Maria Becena', 'JHRDHS', 'mbecenapUgp', '7862360387', '2071', '2600', 'PayQuicker', 0, 'N/A', '0', '2600:1702:50d0:a580:6cbb:6891:c009:f05e', '2025:12:06 10:15:12');
UPDATE `user_registration` SET commission_balance = ROUND(commission_balance - 2600,2)
WHERE `user_id` = 'JHRDHS';
INSERT INTO `transections` (`user_id`, `transection_category`, `releted_id`, `amount`, `comments`, `transection_date_timestamp`) VALUES ('JHRDHS', 'withdraw', 65, '2600', 'withdraw', '2025-12-06 10:15:12');
UPDATE `ci_sessions` SET `timestamp` = 1765037761, `data` = '__ci_last_regenerate|i:1765037761;id|s:4:\"2071\";user_id|s:6:\"JHRDHS\";username|s:7:\"mbecena\";sponsor_id|s:6:\"CVVK4C\";fullname|s:12:\"Maria Becena\";email|s:21:\"mbecena@bellsouth.net\";phone|s:10:\"7862360387\";isLogIn|b:1;message|s:20:\"Welcome Maria Becena\";__ci_vars|a:1:{s:7:\"message\";s:3:\"old\";}'
WHERE `id` = 'fc744508c0ebba81138473920c50cbda36dabc17';
UPDATE `user_registration` SET `popup_seen` = 'yes'
WHERE `user_id` = 'JHRDHS';
UPDATE `ci_sessions` SET `timestamp` = 1765038229, `data` = '__ci_last_regenerate|i:1765038229;captcha|s:4:\"1kud\";'
WHERE `id` = 'ebb8cf27dd8e53dbc6b90dd05ce5154d50e5d176';
INSERT INTO `login_history` (`user_id`, `device`, `ip_address`, `date`) VALUES ('UQO7EQ', 'Mozilla/5.0 (Windows NT 10.0; Win64; x64) AppleWebKit/537.36 (KHTML, like Gecko) Chrome/143.0.0.0 Safari/537.36', '2601:58a:897c:5f70:3497:8be7:2f5c:dde9', '25-12-06 10:23');
UPDATE `user_registration` SET `popup_seen` = 'yes'
WHERE `user_id` = 'UQO7EQ';
UPDATE `user_registration` SET `popup_seen` = 'no'
WHERE `user_id` = 'UQO7EQ';
DELETE FROM `ci_sessions`
WHERE `id` = '35a6a2c957e70e813c64e8e569dc2bce5790f891';
UPDATE `ci_sessions` SET `timestamp` = 1765039207, `data` = '__ci_last_regenerate|i:1765039207;captcha|s:4:\"nm83\";'
WHERE `id` = '4b07e264727f13c4186b4f68febcfea1e621b941';
INSERT INTO `login_history` (`user_id`, `device`, `ip_address`, `date`) VALUES ('7HHJ17', 'Mozilla/5.0 (Windows NT 10.0; Win64; x64) AppleWebKit/537.36 (KHTML, like Gecko) Chrome/143.0.0.0 Safari/537.36 Edg/143.0.0.0', '2601:58a:8202:1ae0::575b', '25-12-06 10:40');
UPDATE `user_registration` SET `popup_seen` = 'yes'
WHERE `user_id` = '7HHJ17';
UPDATE `user_registration` SET `popup_seen` = 'yes'
WHERE `user_id` = '7HHJ17';
UPDATE `user_registration` SET `popup_seen` = 'yes'
WHERE `user_id` = '7HHJ17';
INSERT INTO `temp_register` (`post_data`, `date`, `payment_method`, `type`) VALUES ('{\"user_id\":\"7HHJ17\",\"card_id\":\"4\",\"card_cost\":\"150\",\"card_value\":\"150\",\"payment_option\":\"stripe\",\"date\":\"2025-12-06 10:41:06\"}', '2025-12-06 10:41:06', 'stripe', 'buy+top_up_card');
UPDATE `temp_register` SET `response` = '{\"stripeToken\":\"tok_1SbOYP2NUoYUjiuujqvs5b4s\",\"stripeTokenType\":\"card\",\"stripeEmail\":\"martainsurance777@gmail.com\"}', `date_modified` = '2025-12-06 10:41:59', `payment_status` = '{\"id\":\"ch_3SbOYU2NUoYUjiuu10PY88mh\",\"object\":\"charge\",\"amount\":15000,\"amount_captured\":15000,\"amount_refunded\":0,\"application\":null,\"application_fee\":null,\"application_fee_amount\":null,\"balance_transaction\":\"txn_3SbOYU2NUoYUjiuu1XgzR5Uu\",\"billing_details\":{\"address\":{\"city\":null,\"country\":null,\"line1\":null,\"line2\":null,\"postal_code\":null,\"state\":null},\"email\":null,\"name\":\"martainsurance777@gmail.com\",\"phone\":null,\"tax_id\":null},\"calculated_statement_descriptor\":\"TRAVELEGENDCY LLC\",\"captured\":true,\"created\":1765039318,\"currency\":\"usd\",\"customer\":\"cus_TYVZjDAB8eoVOx\",\"description\":null,\"destination\":null,\"dispute\":null,\"disputed\":false,\"failure_balance_transaction\":null,\"failure_code\":null,\"failure_message\":null,\"fraud_details\":[],\"invoice\":null,\"livemode\":true,\"metadata\":[],\"on_behalf_of\":null,\"order\":null,\"outcome\":{\"advice_code\":null,\"network_advice_code\":null,\"network_decline_code\":null,\"network_status\":\"approved_by_network\",\"reason\":null,\"risk_level\":\"normal\",\"seller_message\":\"Payment complete.\",\"type\":\"authorized\"},\"paid\":true,\"payment_intent\":null,\"payment_method\":\"card_1SbOYP2NUoYUjiuuziGSCrmz\",\"payment_method_details\":{\"card\":{\"amount_authorized\":15000,\"authorization_code\":\"289415\",\"brand\":\"amex\",\"checks\":{\"address_line1_check\":null,\"address_postal_code_check\":null,\"cvc_check\":\"pass\"},\"country\":\"US\",\"exp_month\":11,\"exp_year\":2030,\"extended_authorization\":{\"status\":\"disabled\"},\"fingerprint\":\"ZG1Q5xRxiCaJSffW\",\"funding\":\"credit\",\"incremental_authorization\":{\"status\":\"unavailable\"},\"installments\":null,\"last4\":\"2003\",\"mandate\":null,\"multicapture\":{\"status\":\"unavailable\"},\"network\":\"amex\",\"network_token\":{\"used\":false},\"network_transaction_id\":\"015341810912072\",\"overcapture\":{\"maximum_amount_capturable\":15000,\"status\":\"unavailable\"},\"regulated_status\":\"unregulated\",\"three_d_secure\":null,\"wallet\":null},\"type\":\"card\"},\"receipt_email\":null,\"receipt_number\":null,\"receipt_url\":\"https:\\/\\/pay.stripe.com\\/receipts\\/payment\\/CAcQARoXChVhY2N0XzFRUEFGdjJOVW9ZVWppdXUo17nRyQYyBpNwYIVavTosFndiVrsxrseQrcUXO99ekwR2wvaXkTxMHBGde9CciR1OoQiP4X4Ew6NMN2A\",\"refunded\":false,\"review\":null,\"shipping\":null,\"source\":{\"id\":\"card_1SbOYP2NUoYUjiuuziGSCrmz\",\"object\":\"card\",\"address_city\":null,\"address_country\":null,\"address_line1\":null,\"address_line1_check\":null,\"address_line2\":null,\"address_state\":null,\"address_zip\":null,\"address_zip_check\":null,\"allow_redisplay\":\"unspecified\",\"brand\":\"American Express\",\"country\":\"US\",\"customer\":\"cus_TYVZjDAB8eoVOx\",\"cvc_check\":\"pass\",\"dynamic_last4\":null,\"email\":null,\"exp_month\":11,\"exp_year\":2030,\"fingerprint\":\"ZG1Q5xRxiCaJSffW\",\"funding\":\"credit\",\"last4\":\"2003\",\"metadata\":[],\"name\":\"martainsurance777@gmail.com\",\"phone\":null,\"regulated_status\":\"unregulated\",\"tokenization_method\":null,\"wallet\":null},\"source_transfer\":null,\"statement_descriptor\":null,\"statement_descriptor_suffix\":null,\"status\":\"succeeded\",\"transfer_data\":null,\"transfer_group\":null}'
WHERE `id` = 1298;
INSERT INTO `card_purchase_history` (`user_id`, `card_id`, `card_cost`, `card_value`, `payment_option`, `date`) VALUES ('7HHJ17', '4', '150', '150', 'stripe', '2025-12-06 10:41:06');
UPDATE `user_registration` SET commission_balance = ROUND(commission_balance + 150,2)
WHERE `user_id` = '7HHJ17';
INSERT INTO `login_history` (`user_id`, `device`, `ip_address`, `date`) VALUES ('AABG7W', 'Mozilla/5.0 (Linux; Android 10; K) AppleWebKit/537.36 (KHTML, like Gecko) Chrome/143.0.0.0 Mobile Safari/537.36', '2607:fb90:9124:89fa:f4a3:acec:efd0:c7fc', '25-12-06 10:46');
UPDATE `user_registration` SET `popup_seen` = 'yes'
WHERE `user_id` = 'AABG7W';
UPDATE `admin` SET `last_logout` = '2025-12-06 10:59:40'
WHERE `id` IS NULL;
DELETE FROM `ci_sessions`
WHERE `id` = '6f1dc1868a07e4a36467dc753fe37861a3c9171d';
UPDATE `admin` SET `last_login` = '2025-12-06 10:59:43', `ip_address` = '83.49.43.141'
WHERE `id` = '1';
UPDATE `admin` SET `last_logout` = '2025-12-06 11:00:04'
WHERE `id` IS NULL;
DELETE FROM `ci_sessions`
WHERE `id` = '09dbc540c3ff37fba20d2b6dca73260a73c2dfcd';
INSERT INTO `login_history` (`user_id`, `device`, `ip_address`, `date`) VALUES ('QJ5U9C', 'Mozilla/5.0 (iPhone; CPU iPhone OS 18_5_0 like Mac OS X) AppleWebKit/605.1.15 (KHTML, like Gecko) CriOS/138.0.7204.156 Mobile/15E148 Safari/604.1', '2607:fb91:1900:83da:b09b:4471:4c67:c228', '25-12-06 11:10');
UPDATE `user_registration` SET `popup_seen` = 'yes'
WHERE `user_id` = 'QJ5U9C';
UPDATE `ci_sessions` SET `timestamp` = 1765043531, `data` = '__ci_last_regenerate|i:1765043531;captcha|s:4:\"37wz\";'
WHERE `id` = '0c35a3640c98f346f36d96f1c22aba022537aa54';
INSERT INTO `login_history` (`user_id`, `device`, `ip_address`, `date`) VALUES ('UQO7EQ', 'Mozilla/5.0 (Windows NT 10.0; Win64; x64) AppleWebKit/537.36 (KHTML, like Gecko) Chrome/143.0.0.0 Safari/537.36', '2601:58a:897c:5f70:3497:8be7:2f5c:dde9', '25-12-06 11:52');
UPDATE `user_registration` SET `popup_seen` = 'yes'
WHERE `user_id` = 'UQO7EQ';
UPDATE `user_registration` SET `popup_seen` = 'no'
WHERE `user_id` = 'UQO7EQ';
DELETE FROM `ci_sessions`
WHERE `id` = '5ae139216b8d4328bc2d48402610d87ccfb2b540';
UPDATE `ci_sessions` SET `timestamp` = 1765043651, `data` = '__ci_last_regenerate|i:1765043651;isLogIn|b:1;isAdmin|b:1;id|s:1:\"1\";fullname|s:11:\"admin admin\";user_level|s:5:\"Admin\";email|s:23:\"admin@travelegendcy.com\";image|s:53:\"upload/settings/4a1f1b602322adb837a7a3547ee69cf3.jpeg\";last_login|s:19:\"2025-12-04 15:13:44\";last_logout|s:19:\"2025-11-20 12:23:18\";ip_address|s:12:\"83.49.43.141\";'
WHERE `id` = 'cd36825d7da7081ab97f8b8fdbdeba5374be03e0';
INSERT INTO `login_history` (`user_id`, `device`, `ip_address`, `date`) VALUES ('JHRDHS', 'Mozilla/5.0 (iPhone; CPU iPhone OS 18_7_1 like Mac OS X) AppleWebKit/605.1.15 (KHTML, like Gecko) Version/18.7 Mobile/15E148 Safari/604.1', '2600:387:f:d1b::7', '25-12-06 12:57');
UPDATE `user_registration` SET `popup_seen` = 'yes'
WHERE `user_id` = 'JHRDHS';
INSERT INTO `login_history` (`user_id`, `device`, `ip_address`, `date`) VALUES ('47XL7H', 'Mozilla/5.0 (Macintosh; Intel Mac OS X 10_15_7) AppleWebKit/605.1.15 (KHTML, like Gecko) Version/18.6 Safari/605.1.15', '2600:1700:ff40:cf0:d936:fe3e:f857:8c12', '25-12-06 13:58');
UPDATE `user_registration` SET `popup_seen` = 'yes'
WHERE `user_id` = '47XL7H';
UPDATE `ci_sessions` SET `timestamp` = 1765051275, `data` = '__ci_last_regenerate|i:1765051275;id|s:4:\"2385\";user_id|s:6:\"47XL7H\";username|s:10:\"ADISBELKIS\";sponsor_id|s:6:\"GTPJAP\";fullname|s:10:\"Adis  Pozo\";email|s:24:\"adisbelkispozo@gmail.com\";phone|s:10:\"7863841982\";isLogIn|b:1;message|s:18:\"Welcome Adis  Pozo\";__ci_vars|a:1:{s:7:\"message\";s:3:\"old\";}'
WHERE `id` = 'bd6b35c69c7124a453866e10e5faec58236d2703';
INSERT INTO `login_history` (`user_id`, `device`, `ip_address`, `date`) VALUES ('UQO7EQ', 'Mozilla/5.0 (Windows NT 10.0; Win64; x64) AppleWebKit/537.36 (KHTML, like Gecko) Chrome/143.0.0.0 Safari/537.36', '2601:58a:897c:5f70:3497:8be7:2f5c:dde9', '25-12-06 14:22');
UPDATE `user_registration` SET `popup_seen` = 'yes'
WHERE `user_id` = 'UQO7EQ';
UPDATE `user_registration` SET `popup_seen` = 'no'
WHERE `user_id` = 'UQO7EQ';
DELETE FROM `ci_sessions`
WHERE `id` = 'b92e2195621cb3b9f2ddab6a54929851e06fb3be';
UPDATE `ci_sessions` SET `timestamp` = 1765055924, `data` = '__ci_last_regenerate|i:1765055924;captcha|s:4:\"hjd5\";'
WHERE `id` = '930f4a32a7463499682c5b0b9f2e5b1a1964c9a0';
INSERT INTO `login_history` (`user_id`, `device`, `ip_address`, `date`) VALUES ('UQO7EQ', 'Mozilla/5.0 (Windows NT 10.0; Win64; x64) AppleWebKit/537.36 (KHTML, like Gecko) Chrome/143.0.0.0 Safari/537.36', '2601:58a:897c:5f70:3497:8be7:2f5c:dde9', '25-12-06 15:18');
UPDATE `user_registration` SET `popup_seen` = 'yes'
WHERE `user_id` = 'UQO7EQ';
UPDATE `user_registration` SET `popup_seen` = 'no'
WHERE `user_id` = 'UQO7EQ';
DELETE FROM `ci_sessions`
WHERE `id` = '1cb629854d42b650d104660accd01f330c1fc7a5';
INSERT INTO `login_history` (`user_id`, `device`, `ip_address`, `date`) VALUES ('BR11JT', 'Mozilla/5.0 (Windows NT 10.0; Win64; x64) AppleWebKit/537.36 (KHTML, like Gecko) Chrome/142.0.0.0 Safari/537.36 Edg/142.0.0.0', '2600:1700:2030:1260:28b5:f753:dc8f:ef22', '25-12-06 15:29');
UPDATE `user_registration` SET `popup_seen` = 'yes'
WHERE `user_id` = 'BR11JT';
INSERT INTO `temp_register` (`post_data`, `date`, `payment_method`, `type`) VALUES ('{\"user_id\":\"BR11JT\",\"card_id\":\"4\",\"card_cost\":\"150\",\"card_value\":\"150\",\"payment_option\":\"stripe\",\"date\":\"2025-12-06 15:29:53\"}', '2025-12-06 15:29:53', 'stripe', 'buy+top_up_card');
UPDATE `temp_register` SET `response` = '{\"stripeToken\":\"tok_1SbT5o2NUoYUjiuuZjdOTOra\",\"stripeTokenType\":\"card\",\"stripeEmail\":\"marthalorenzo70@gmail.com\"}', `date_modified` = '2025-12-06 15:32:46', `payment_status` = '{\"id\":\"ch_3SbT5t2NUoYUjiuu0CPhVWfq\",\"object\":\"charge\",\"amount\":15000,\"amount_captured\":15000,\"amount_refunded\":0,\"application\":null,\"application_fee\":null,\"application_fee_amount\":null,\"balance_transaction\":\"txn_3SbT5t2NUoYUjiuu0hZbgeVe\",\"billing_details\":{\"address\":{\"city\":null,\"country\":null,\"line1\":null,\"line2\":null,\"postal_code\":null,\"state\":null},\"email\":null,\"name\":\"marthalorenzo70@gmail.com\",\"phone\":null,\"tax_id\":null},\"calculated_statement_descriptor\":\"TRAVELEGENDCY LLC\",\"captured\":true,\"created\":1765056765,\"currency\":\"usd\",\"customer\":\"cus_TYaGxSq9HRNm4Q\",\"description\":null,\"destination\":null,\"dispute\":null,\"disputed\":false,\"failure_balance_transaction\":null,\"failure_code\":null,\"failure_message\":null,\"fraud_details\":[],\"invoice\":null,\"livemode\":true,\"metadata\":[],\"on_behalf_of\":null,\"order\":null,\"outcome\":{\"advice_code\":null,\"network_advice_code\":null,\"network_decline_code\":null,\"network_status\":\"approved_by_network\",\"reason\":null,\"risk_level\":\"normal\",\"seller_message\":\"Payment complete.\",\"type\":\"authorized\"},\"paid\":true,\"payment_intent\":null,\"payment_method\":\"card_1SbT5o2NUoYUjiuu589b41uN\",\"payment_method_details\":{\"card\":{\"amount_authorized\":15000,\"authorization_code\":\"853846\",\"brand\":\"visa\",\"checks\":{\"address_line1_check\":null,\"address_postal_code_check\":null,\"cvc_check\":\"pass\"},\"country\":\"US\",\"exp_month\":4,\"exp_year\":2030,\"extended_authorization\":{\"status\":\"disabled\"},\"fingerprint\":\"3cV7DXnA2uUeeTr2\",\"funding\":\"debit\",\"incremental_authorization\":{\"status\":\"unavailable\"},\"installments\":null,\"last4\":\"4839\",\"mandate\":null,\"multicapture\":{\"status\":\"unavailable\"},\"network\":\"visa\",\"network_token\":{\"used\":false},\"network_transaction_id\":\"305340775653841\",\"overcapture\":{\"maximum_amount_capturable\":15000,\"status\":\"unavailable\"},\"regulated_status\":\"regulated\",\"three_d_secure\":null,\"wallet\":null},\"type\":\"card\"},\"receipt_email\":null,\"receipt_number\":null,\"receipt_url\":\"https:\\/\\/pay.stripe.com\\/receipts\\/payment\\/CAcQARoXChVhY2N0XzFRUEFGdjJOVW9ZVWppdXUo_sHSyQYyBjFLdcz3sTosFj4CNIHP7PaXORV18t4Qx8yhHWS2_olxu-6YcwsPiGA6CBScSSySz64QvJk\",\"refunded\":false,\"review\":null,\"shipping\":null,\"source\":{\"id\":\"card_1SbT5o2NUoYUjiuu589b41uN\",\"object\":\"card\",\"address_city\":null,\"address_country\":null,\"address_line1\":null,\"address_line1_check\":null,\"address_line2\":null,\"address_state\":null,\"address_zip\":null,\"address_zip_check\":null,\"allow_redisplay\":\"unspecified\",\"brand\":\"Visa\",\"country\":\"US\",\"customer\":\"cus_TYaGxSq9HRNm4Q\",\"cvc_check\":\"pass\",\"dynamic_last4\":null,\"email\":null,\"exp_month\":4,\"exp_year\":2030,\"fingerprint\":\"3cV7DXnA2uUeeTr2\",\"funding\":\"debit\",\"last4\":\"4839\",\"metadata\":[],\"name\":\"marthalorenzo70@gmail.com\",\"phone\":null,\"regulated_status\":\"regulated\",\"tokenization_method\":null,\"wallet\":null},\"source_transfer\":null,\"statement_descriptor\":null,\"statement_descriptor_suffix\":null,\"status\":\"succeeded\",\"transfer_data\":null,\"transfer_group\":null}'
WHERE `id` = 1299;
INSERT INTO `card_purchase_history` (`user_id`, `card_id`, `card_cost`, `card_value`, `payment_option`, `date`) VALUES ('BR11JT', '4', '150', '150', 'stripe', '2025-12-06 15:29:53');
UPDATE `user_registration` SET commission_balance = ROUND(commission_balance + 150,2)
WHERE `user_id` = 'BR11JT';
UPDATE `user_registration` SET `popup_seen` = 'yes'
WHERE `user_id` = 'BR11JT';
UPDATE `ci_sessions` SET `timestamp` = 1765056921, `data` = '__ci_last_regenerate|i:1765056921;id|s:4:\"2460\";user_id|s:6:\"BR11JT\";username|s:15:\"marthalorenzo70\";sponsor_id|s:6:\"7QBGQ1\";fullname|s:23:\"Martha Patricia Lorenzo\";email|s:25:\"marthalorenzo70@gmail.com\";phone|s:10:\"7862537706\";isLogIn|b:1;reg_stripe_id|i:1299;'
WHERE `id` = 'd7bafc389ebacc4445d0574cded617ebaa90e7a6';
UPDATE `user_registration` SET `popup_seen` = 'yes'
WHERE `user_id` = 'BR11JT';
UPDATE `ci_sessions` SET `timestamp` = 1765057305, `data` = '__ci_last_regenerate|i:1765057305;id|s:4:\"2460\";user_id|s:6:\"BR11JT\";username|s:15:\"marthalorenzo70\";sponsor_id|s:6:\"7QBGQ1\";fullname|s:23:\"Martha Patricia Lorenzo\";email|s:25:\"marthalorenzo70@gmail.com\";phone|s:10:\"7862537706\";isLogIn|b:1;reg_stripe_id|i:1299;'
WHERE `id` = 'f3018ed80dd1e9a8ac1c1f3fe49dff5123cd5414';
UPDATE `user_registration` SET `popup_seen` = 'yes'
WHERE `user_id` = 'BR11JT';
UPDATE `user_registration` SET `popup_seen` = 'yes'
WHERE `user_id` = 'BR11JT';
UPDATE `user_registration` SET `popup_seen` = 'yes'
WHERE `user_id` = 'BR11JT';
UPDATE `ci_sessions` SET `timestamp` = 1765058478, `data` = '__ci_last_regenerate|i:1765058478;id|s:4:\"2460\";user_id|s:6:\"BR11JT\";username|s:15:\"marthalorenzo70\";sponsor_id|s:6:\"7QBGQ1\";fullname|s:23:\"Martha Patricia Lorenzo\";email|s:25:\"marthalorenzo70@gmail.com\";phone|s:10:\"7862537706\";isLogIn|b:1;reg_stripe_id|i:1299;'
WHERE `id` = 'b5977eda9becc9c0205fc852582785d368f9f652';
UPDATE `user_registration` SET `popup_seen` = 'yes'
WHERE `user_id` = 'BR11JT';
INSERT INTO `login_history` (`user_id`, `device`, `ip_address`, `date`) VALUES ('B5EVHD', 'Mozilla/5.0 (iPhone; CPU iPhone OS 18_7 like Mac OS X) AppleWebKit/605.1.15 (KHTML, like Gecko) Version/26.1 Mobile/15E148 Safari/604.1', '2600:1702:790:2540:8580:7755:891e:2e49', '25-12-06 16:06');
UPDATE `user_registration` SET `popup_seen` = 'yes'
WHERE `user_id` = 'B5EVHD';
UPDATE `user_registration` SET `popup_seen` = 'yes'
WHERE `user_id` = 'B5EVHD';
INSERT INTO `login_history` (`user_id`, `device`, `ip_address`, `date`) VALUES ('AABG7W', 'Mozilla/5.0 (Linux; Android 10; K) AppleWebKit/537.36 (KHTML, like Gecko) Chrome/143.0.0.0 Mobile Safari/537.36', '2607:fb90:9087:41f9:2dfe:e6eb:460:1a61', '25-12-06 16:07');
UPDATE `user_registration` SET `popup_seen` = 'yes'
WHERE `user_id` = 'AABG7W';
UPDATE `ci_sessions` SET `timestamp` = 1765058830, `data` = '__ci_last_regenerate|i:1765058830;captcha|s:4:\"bn3p\";'
WHERE `id` = '7ec83f2e647e1a3c479d2a8fba1f322fba669ea4';
INSERT INTO `login_history` (`user_id`, `device`, `ip_address`, `date`) VALUES ('UQO7EQ', 'Mozilla/5.0 (Windows NT 10.0; Win64; x64) AppleWebKit/537.36 (KHTML, like Gecko) Chrome/143.0.0.0 Safari/537.36', '2601:58a:897c:5f70:3497:8be7:2f5c:dde9', '25-12-06 16:07');
UPDATE `user_registration` SET `popup_seen` = 'yes'
WHERE `user_id` = 'UQO7EQ';
UPDATE `user_registration` SET `popup_seen` = 'no'
WHERE `user_id` = 'UQO7EQ';
DELETE FROM `ci_sessions`
WHERE `id` = 'f4a3dfb45ed7a1c00182b30bc0b2a369dba7fdee';
UPDATE `user_registration` SET `popup_seen` = 'yes'
WHERE `user_id` = 'B5EVHD';
UPDATE `user_registration` SET `popup_seen` = 'yes'
WHERE `user_id` = 'B5EVHD';
UPDATE `user_registration` SET `popup_seen` = 'yes'
WHERE `user_id` = 'B5EVHD';
UPDATE `user_registration` SET `popup_seen` = 'yes'
WHERE `user_id` = 'B5EVHD';
UPDATE `ci_sessions` SET `timestamp` = 1765059109, `data` = '__ci_last_regenerate|i:1765059109;id|s:4:\"2460\";user_id|s:6:\"BR11JT\";username|s:15:\"marthalorenzo70\";sponsor_id|s:6:\"7QBGQ1\";fullname|s:23:\"Martha Patricia Lorenzo\";email|s:25:\"marthalorenzo70@gmail.com\";phone|s:10:\"7862537706\";isLogIn|b:1;reg_stripe_id|i:1299;'
WHERE `id` = '65b74f0fa05bbda5b0ba3c1ccebc740d2908ef38';
UPDATE `ci_sessions` SET `timestamp` = 1765059137, `data` = '__ci_last_regenerate|i:1765059137;id|s:4:\"2216\";user_id|s:6:\"B5EVHD\";username|s:10:\"AlexVale57\";sponsor_id|s:6:\"2V26XM\";fullname|s:13:\"Xiomara Perez\";email|s:19:\"xiomy2852@gmail.com\";phone|s:10:\"7863331253\";isLogIn|b:1;'
WHERE `id` = '409ba35c83b735692005307096f554fff0d5a1b8';
UPDATE `ci_sessions` SET `timestamp` = 1765059170, `data` = '__ci_last_regenerate|i:1765059170;id|s:4:\"2057\";user_id|s:6:\"AABG7W\";username|s:10:\"freeurlife\";sponsor_id|s:6:\"UQO7EQ\";fullname|s:12:\"Lesli Andreu\";email|s:21:\"cranbarrier@gmail.com\";phone|s:10:\"7864171626\";isLogIn|b:1;'
WHERE `id` = '63a44f9e23937343705859cf1d9dfb0dd1e9bde0';
UPDATE `user_registration` SET `popup_seen` = 'yes'
WHERE `user_id` = 'AABG7W';
INSERT INTO `temp_register` (`post_data`, `date`, `payment_method`, `type`) VALUES ('{\"user_id\":\"BR11JT\",\"packge_id\":\"8\",\"amount\":\"74.30\",\"value\":\"0\",\"point\":\"0\",\"image\":\"upload\\/benefits_pack_image\\/99a66b849fe5a3cde36d7c389a208455.png\",\"image_id\":\"N\\/A\",\"country\":\"N\\/A\",\"city\":\"N\\/A\",\"available_points\":\"350\",\"conversion_point_rate\":\"1\",\"payment_option\":\"stripe\",\"package_title\":\"Travelegendcy - Encuentro Regional  \",\"date\":\"2025-12-06 16:13:09\",\"type\":\"benefits_event_purchase\",\"full_name\":\"Martha Lorenzo\",\"phone\":\"7862537706\",\"email\":\"marthalorenzo70@gmail.com\",\"quantity\":\"2\"}', '2025-12-06 16:13:09', 'stripe', 'benefits_event_purchase');
UPDATE `temp_register` SET `response` = '{\"stripeToken\":\"tok_1SbTkm2NUoYUjiuuPp7BljGb\",\"stripeTokenType\":\"card\",\"stripeEmail\":\"marthalorenzo70@gmail.com\"}', `date_modified` = '2025-12-06 16:15:05', `payment_status` = '{\"id\":\"ch_3SbTkq2NUoYUjiuu1Ihdwlto\",\"object\":\"charge\",\"amount\":7430,\"amount_captured\":7430,\"amount_refunded\":0,\"application\":null,\"application_fee\":null,\"application_fee_amount\":null,\"balance_transaction\":\"txn_3SbTkq2NUoYUjiuu1onXfJuq\",\"billing_details\":{\"address\":{\"city\":null,\"country\":null,\"line1\":null,\"line2\":null,\"postal_code\":null,\"state\":null},\"email\":null,\"name\":\"marthalorenzo70@gmail.com\",\"phone\":null,\"tax_id\":null},\"calculated_statement_descriptor\":\"TRAVELEGENDCY LLC\",\"captured\":true,\"created\":1765059304,\"currency\":\"usd\",\"customer\":\"cus_TYawnFex4PqKCq\",\"description\":null,\"destination\":null,\"dispute\":null,\"disputed\":false,\"failure_balance_transaction\":null,\"failure_code\":null,\"failure_message\":null,\"fraud_details\":[],\"invoice\":null,\"livemode\":true,\"metadata\":{\"name\":\" \"},\"on_behalf_of\":null,\"order\":null,\"outcome\":{\"advice_code\":null,\"network_advice_code\":null,\"network_decline_code\":null,\"network_status\":\"approved_by_network\",\"reason\":null,\"risk_level\":\"normal\",\"seller_message\":\"Payment complete.\",\"type\":\"authorized\"},\"paid\":true,\"payment_intent\":null,\"payment_method\":\"card_1SbTkm2NUoYUjiuueP8ORaJP\",\"payment_method_details\":{\"card\":{\"amount_authorized\":7430,\"authorization_code\":\"479168\",\"brand\":\"visa\",\"checks\":{\"address_line1_check\":null,\"address_postal_code_check\":null,\"cvc_check\":\"pass\"},\"country\":\"US\",\"exp_month\":4,\"exp_year\":2030,\"extended_authorization\":{\"status\":\"disabled\"},\"fingerprint\":\"3cV7DXnA2uUeeTr2\",\"funding\":\"debit\",\"incremental_authorization\":{\"status\":\"unavailable\"},\"installments\":null,\"last4\":\"4839\",\"mandate\":null,\"multicapture\":{\"status\":\"unavailable\"},\"network\":\"visa\",\"network_token\":{\"used\":false},\"network_transaction_id\":\"385340801055406\",\"overcapture\":{\"maximum_amount_capturable\":7430,\"status\":\"unavailable\"},\"regulated_status\":\"regulated\",\"three_d_secure\":null,\"wallet\":null},\"type\":\"card\"},\"receipt_email\":null,\"receipt_number\":null,\"receipt_url\":\"https:\\/\\/pay.stripe.com\\/receipts\\/payment\\/CAcQARoXChVhY2N0XzFRUEFGdjJOVW9ZVWppdXUo6tXSyQYyBkG850WMRjosFhCFHxWu_aILtT8vU_Zkck3nTY29HXWM6srK97c4C--Lj0eBcbdYqPrsMdg\",\"refunded\":false,\"review\":null,\"shipping\":null,\"source\":{\"id\":\"card_1SbTkm2NUoYUjiuueP8ORaJP\",\"object\":\"card\",\"address_city\":null,\"address_country\":null,\"address_line1\":null,\"address_line1_check\":null,\"address_line2\":null,\"address_state\":null,\"address_zip\":null,\"address_zip_check\":null,\"allow_redisplay\":\"unspecified\",\"brand\":\"Visa\",\"country\":\"US\",\"customer\":\"cus_TYawnFex4PqKCq\",\"cvc_check\":\"pass\",\"dynamic_last4\":null,\"email\":null,\"exp_month\":4,\"exp_year\":2030,\"fingerprint\":\"3cV7DXnA2uUeeTr2\",\"funding\":\"debit\",\"last4\":\"4839\",\"metadata\":[],\"name\":\"marthalorenzo70@gmail.com\",\"phone\":null,\"regulated_status\":\"regulated\",\"tokenization_method\":null,\"wallet\":null},\"source_transfer\":null,\"statement_descriptor\":null,\"statement_descriptor_suffix\":null,\"status\":\"succeeded\",\"transfer_data\":null,\"transfer_group\":null}'
WHERE `id` = 1300;
INSERT INTO `benefits_pack_purchase_history` (`user_id`, `packge_id`, `amount`, `value`, `point`, `image`, `image_id`, `country`, `city`, `available_points`, `conversion_point_rate`, `payment_option`, `package_title`, `date`, `type`, `full_name`, `phone`, `email`, `quantity`) VALUES ('BR11JT', '8', '74.30', '0', '0', 'upload/benefits_pack_image/99a66b849fe5a3cde36d7c389a208455.png', 'N/A', 'N/A', 'N/A', '350', '1', 'stripe', 'Travelegendcy - Encuentro Regional  ', '2025-12-06 16:13:09', 'benefits_event_purchase', 'Martha Lorenzo', '7862537706', 'marthalorenzo70@gmail.com', '2');
UPDATE `ci_sessions` SET `timestamp` = 1765059441, `data` = '__ci_last_regenerate|i:1765059441;id|s:4:\"2216\";user_id|s:6:\"B5EVHD\";username|s:10:\"AlexVale57\";sponsor_id|s:6:\"2V26XM\";fullname|s:13:\"Xiomara Perez\";email|s:19:\"xiomy2852@gmail.com\";phone|s:10:\"7863331253\";isLogIn|b:1;'
WHERE `id` = '4a3762fbea417764a48efb8374732f80a7e6e4bb';
INSERT INTO `login_history` (`user_id`, `device`, `ip_address`, `date`) VALUES ('IYCRUH', 'Mozilla/5.0 (iPhone; CPU iPhone OS 18_6_2 like Mac OS X) AppleWebKit/605.1.15 (KHTML, like Gecko) Version/18.6 Mobile/15E148 Safari/604.1', '2600:1700:4c04:4240:a142:7395:8841:dcdf', '25-12-06 18:13');
UPDATE `user_registration` SET `popup_seen` = 'yes'
WHERE `user_id` = 'IYCRUH';
UPDATE `user_registration` SET `popup_seen` = 'yes'
WHERE `user_id` = 'IYCRUH';
UPDATE `user_registration` SET `popup_seen` = 'yes'
WHERE `user_id` = 'IYCRUH';
UPDATE `user_registration` SET `popup_seen` = 'yes'
WHERE `user_id` = 'IYCRUH';
UPDATE `user_registration` SET `popup_seen` = 'yes'
WHERE `user_id` = 'IYCRUH';
UPDATE `user_registration` SET `popup_seen` = 'yes'
WHERE `user_id` = 'IYCRUH';
UPDATE `user_registration` SET `popup_seen` = 'yes'
WHERE `user_id` = 'IYCRUH';
UPDATE `user_registration` SET `popup_seen` = 'yes'
WHERE `user_id` = 'IYCRUH';
UPDATE `user_registration` SET `popup_seen` = 'yes'
WHERE `user_id` = 'IYCRUH';
UPDATE `ci_sessions` SET `timestamp` = 1765066784, `data` = '__ci_last_regenerate|i:1765066784;id|s:4:\"2192\";user_id|s:6:\"IYCRUH\";username|s:11:\"CARMENTMORA\";sponsor_id|s:6:\"QJ5U9C\";fullname|s:13:\"Carmen T Mora\";email|s:24:\"rosioesmeralda@yahoo.com\";phone|s:10:\"7869708716\";isLogIn|b:1;'
WHERE `id` = '704eabd2a3611cdca248eea858152f0f279a8204';
UPDATE `user_registration` SET `popup_seen` = 'yes'
WHERE `user_id` = 'IYCRUH';
UPDATE `user_registration` SET `popup_seen` = 'yes'
WHERE `user_id` = 'IYCRUH';
UPDATE `ci_sessions` SET `timestamp` = 1765067186, `data` = '__ci_last_regenerate|i:1765067186;id|s:4:\"2192\";user_id|s:6:\"IYCRUH\";username|s:11:\"CARMENTMORA\";sponsor_id|s:6:\"QJ5U9C\";fullname|s:13:\"Carmen T Mora\";email|s:24:\"rosioesmeralda@yahoo.com\";phone|s:10:\"7869708716\";isLogIn|b:1;'
WHERE `id` = 'd40a6c11148b0efe3e5176f5b95ef34e85a8741a';
UPDATE `user_registration` SET `popup_seen` = 'yes'
WHERE `user_id` = 'IYCRUH';
INSERT INTO `withdraw` (`name`, `user_id`, `walletid`, `mobile_no`, `uid`, `amount`, `method`, `fees`, `payment_details`, `fee_rate`, `request_ip`, `request_date`) VALUES ('Carmen T Mora', 'IYCRUH', 'CARMENTMORAQFcG', '7869708716', '2192', '571.43', 'PayQuicker', 0, 'N/A', '0', '2600:1700:4c04:4240:5d7b:4180:8ffe:d5dd', '2025:12:06 18:31:21');
UPDATE `user_registration` SET commission_balance = ROUND(commission_balance - 571.43,2)
WHERE `user_id` = 'IYCRUH';
INSERT INTO `transections` (`user_id`, `transection_category`, `releted_id`, `amount`, `comments`, `transection_date_timestamp`) VALUES ('IYCRUH', 'withdraw', 66, '571.43', 'withdraw', '2025-12-06 18:31:21');
UPDATE `ci_sessions` SET `timestamp` = 1765067536, `data` = '__ci_last_regenerate|i:1765067536;id|s:4:\"2192\";user_id|s:6:\"IYCRUH\";username|s:11:\"CARMENTMORA\";sponsor_id|s:6:\"QJ5U9C\";fullname|s:13:\"Carmen T Mora\";email|s:24:\"rosioesmeralda@yahoo.com\";phone|s:10:\"7869708716\";isLogIn|b:1;message|s:45:\"Request For Withdraw Enter Successfully  ..!!\";__ci_vars|a:1:{s:7:\"message\";s:3:\"old\";}'
WHERE `id` = 'c6ec71b6bf63328fd63603edede190247dc09f3a';
UPDATE `user_registration` SET `popup_seen` = 'yes'
WHERE `user_id` = 'IYCRUH';
INSERT INTO `login_history` (`user_id`, `device`, `ip_address`, `date`) VALUES ('4WVWXZ', 'Mozilla/5.0 (iPhone; CPU iPhone OS 18_7_1 like Mac OS X) AppleWebKit/605.1.15 (KHTML, like Gecko) Version/18.7 Mobile/15E148 Safari/604.1', '2600:1702:59d2:17f0:fc9a:9137:e39e:95c0', '25-12-06 18:37');
UPDATE `user_registration` SET `popup_seen` = 'yes'
WHERE `user_id` = '4WVWXZ';
UPDATE `ci_sessions` SET `timestamp` = 1765067998, `data` = '__ci_last_regenerate|i:1765067998;id|s:4:\"2326\";user_id|s:6:\"4WVWXZ\";username|s:9:\"Juana1965\";sponsor_id|s:6:\"B5EVHD\";fullname|s:24:\"Juana Rosalba Perez-Jove\";email|s:25:\"Albitapjove2012@gmail.com\";phone|s:10:\"7862220993\";isLogIn|b:1;'
WHERE `id` = '127d1ad0d82e50d996ee3a01d733b3ee3d585eab';
INSERT INTO `withdraw` (`name`, `user_id`, `walletid`, `mobile_no`, `uid`, `amount`, `method`, `fees`, `payment_details`, `fee_rate`, `request_ip`, `request_date`) VALUES ('Juana Rosalba Perez-Jove', '4WVWXZ', 'Juana1965pVlf', '7862220993', '2326', '1000', 'PayQuicker', 0, 'N/A', '0', '2600:1702:59d2:17f0:fc9a:9137:e39e:95c0', '2025:12:06 18:39:58');
UPDATE `user_registration` SET commission_balance = ROUND(commission_balance - 1000,2)
WHERE `user_id` = '4WVWXZ';
INSERT INTO `transections` (`user_id`, `transection_category`, `releted_id`, `amount`, `comments`, `transection_date_timestamp`) VALUES ('4WVWXZ', 'withdraw', 67, '1000', 'withdraw', '2025-12-06 18:39:58');
UPDATE `user_registration` SET `popup_seen` = 'yes'
WHERE `user_id` = '4WVWXZ';
INSERT INTO `login_history` (`user_id`, `device`, `ip_address`, `date`) VALUES ('4WVWXZ', 'Mozilla/5.0 (iPhone; CPU iPhone OS 18_7 like Mac OS X) AppleWebKit/605.1.15 (KHTML, like Gecko) Version/26.1 Mobile/15E148 Safari/604.1', '140.248.44.147', '25-12-06 18:42');
UPDATE `user_registration` SET `popup_seen` = 'yes'
WHERE `user_id` = '4WVWXZ';
UPDATE `ci_sessions` SET `timestamp` = 1765070373, `data` = '__ci_last_regenerate|i:1765070373;id|s:4:\"2326\";user_id|s:6:\"4WVWXZ\";username|s:9:\"Juana1965\";sponsor_id|s:6:\"B5EVHD\";fullname|s:24:\"Juana Rosalba Perez-Jove\";email|s:25:\"Albitapjove2012@gmail.com\";phone|s:10:\"7862220993\";isLogIn|b:1;'
WHERE `id` = '7cd418810b633214052b9f403b338e52c68f3ce4';
UPDATE `ci_sessions` SET `timestamp` = 1765072282, `data` = '__ci_last_regenerate|i:1765072282;captcha|s:4:\"f78e\";'
WHERE `id` = '8bf804d369877597a7d845a17bf5bee211f1bf8a';
INSERT INTO `login_history` (`user_id`, `device`, `ip_address`, `date`) VALUES ('F7LGEE', 'Mozilla/5.0 (iPhone; CPU iPhone OS 18_6_2 like Mac OS X) AppleWebKit/605.1.15 (KHTML, like Gecko) Version/18.6 Mobile/15E148 Safari/604.1', '2600:387:f:d17::a', '25-12-06 19:51');
UPDATE `user_registration` SET `popup_seen` = 'yes'
WHERE `user_id` = 'F7LGEE';
UPDATE `user_registration` SET `popup_seen` = 'yes'
WHERE `user_id` = 'F7LGEE';
UPDATE `user_registration` SET `popup_seen` = 'yes'
WHERE `user_id` = 'F7LGEE';
INSERT INTO `login_history` (`user_id`, `device`, `ip_address`, `date`) VALUES ('2RSJNO', 'Mozilla/5.0 (iPhone; CPU iPhone OS 26_1_0 like Mac OS X) AppleWebKit/605.1.15 (KHTML, like Gecko) GSA/397.0.836500703 Mobile/15E148 Safari/604.1', '2607:fb90:916a:ca4a:a007:7a19:c43e:bd01', '25-12-06 20:43');
UPDATE `user_registration` SET `popup_seen` = 'yes'
WHERE `user_id` = '2RSJNO';
INSERT INTO `withdraw` (`name`, `user_id`, `walletid`, `mobile_no`, `uid`, `amount`, `method`, `fees`, `payment_details`, `fee_rate`, `request_ip`, `request_date`) VALUES ('Yoel Ramos Gomez', '2RSJNO', 'yoel0221dePW', '3053050150', '2190', '463', 'PayQuicker', 0, 'N/A', '0', '2607:fb90:916a:ca4a:a007:7a19:c43e:bd01', '2025:12:06 20:44:05');
UPDATE `user_registration` SET commission_balance = ROUND(commission_balance - 463,2)
WHERE `user_id` = '2RSJNO';
INSERT INTO `transections` (`user_id`, `transection_category`, `releted_id`, `amount`, `comments`, `transection_date_timestamp`) VALUES ('2RSJNO', 'withdraw', 68, '463', 'withdraw', '2025-12-06 20:44:05');
UPDATE `user_registration` SET `popup_seen` = 'yes'
WHERE `user_id` = '2RSJNO';
INSERT INTO `login_history` (`user_id`, `device`, `ip_address`, `date`) VALUES ('UQO7EQ', 'Mozilla/5.0 (Windows NT 10.0; Win64; x64) AppleWebKit/537.36 (KHTML, like Gecko) Chrome/143.0.0.0 Safari/537.36', '2601:58a:897c:5f70:3497:8be7:2f5c:dde9', '25-12-06 22:54');
UPDATE `user_registration` SET `popup_seen` = 'yes'
WHERE `user_id` = 'UQO7EQ';
UPDATE `user_registration` SET `popup_seen` = 'no'
WHERE `user_id` = 'UQO7EQ';
DELETE FROM `ci_sessions`
WHERE `id` = '3c839e0d30a2b4959c2344031b1bd37f41b258af';
INSERT INTO `cron_job_history` (`name`, `date_started`, `status`) VALUES ('backup', '2025-12-07 00:00:01', 'started');
UPDATE `cron_job_history` SET `status` = 'done', `date_end` = '2025-12-07 00:00:03'
WHERE `id` = 870;
INSERT INTO `login_history` (`user_id`, `device`, `ip_address`, `date`) VALUES ('JHRDHS', 'Mozilla/5.0 (Macintosh; Intel Mac OS X 10_15_7) AppleWebKit/605.1.15 (KHTML, like Gecko) Version/17.6 Safari/605.1.15', '2600:1702:50d0:a580:2475:3f0c:63e7:8a87', '25-12-07 00:13');
UPDATE `user_registration` SET `popup_seen` = 'yes'
WHERE `user_id` = 'JHRDHS';
UPDATE `ci_sessions` SET `timestamp` = 1765088425, `data` = '__ci_last_regenerate|i:1765088425;id|s:4:\"2071\";user_id|s:6:\"JHRDHS\";username|s:7:\"mbecena\";sponsor_id|s:6:\"CVVK4C\";fullname|s:12:\"Maria Becena\";email|s:21:\"mbecena@bellsouth.net\";phone|s:10:\"7862360387\";isLogIn|b:1;'
WHERE `id` = '3bf0fb86638d796674ed3620b3883ec01567b310';
UPDATE `user_registration` SET `popup_seen` = 'yes'
WHERE `user_id` = 'JHRDHS';
INSERT INTO `cron_job_history` (`name`, `date_started`, `status`) VALUES ('deduct_sub_amt_from_ewallet', '2025-12-07 00:30:02', 'started');
INSERT INTO `inactive_point_history` (`user_id`, `point`, `date`) VALUES ('35H9RV', '0', '2025-12-07 00:30:02');
UPDATE `user_registration` SET `sub_point` = 0, `active_status` = 'no'
WHERE `user_id` = '35H9RV';
INSERT INTO `arreva_api_logs` (`user_id`, `email`, `endpoint`, `response`, `date`) VALUES ('35H9RV', 'amamzy368@gmail.com', 'deactivatemember', '\"Unable to find user matching email or contract number or otherid\"', '2025-12-07 00:30:02');
INSERT INTO `inactive_history` (`user_id`, `commission_balance`, `amount`, `date`) VALUES ('35H9RV', '97.5', '150', '2025-12-07 00:30:02');
INSERT INTO `inactive_point_history` (`user_id`, `point`, `date`) VALUES ('44B9Y4', '0', '2025-12-07 00:30:02');
UPDATE `user_registration` SET `sub_point` = 0, `active_status` = 'no'
WHERE `user_id` = '44B9Y4';
INSERT INTO `arreva_api_logs` (`user_id`, `email`, `endpoint`, `response`, `date`) VALUES ('44B9Y4', 'travelegendcy@gmail.com', 'deactivatemember', '\"Unable to find user matching email or contract number or otherid\"', '2025-12-07 00:30:06');
INSERT INTO `inactive_history` (`user_id`, `commission_balance`, `amount`, `date`) VALUES ('44B9Y4', '50', '150', '2025-12-07 00:30:06');
INSERT INTO `inactive_point_history` (`user_id`, `point`, `date`) VALUES ('SJBNYJ', '0', '2025-12-07 00:30:06');
UPDATE `user_registration` SET `sub_point` = 0, `active_status` = 'no'
WHERE `user_id` = 'SJBNYJ';
INSERT INTO `arreva_api_logs` (`user_id`, `email`, `endpoint`, `response`, `date`) VALUES ('SJBNYJ', 'travelegendcy+2@gmail.com', 'deactivatemember', '\"Unable to find user matching email or contract number or otherid\"', '2025-12-07 00:30:06');
INSERT INTO `inactive_history` (`user_id`, `commission_balance`, `amount`, `date`) VALUES ('SJBNYJ', '50', '150', '2025-12-07 00:30:06');
INSERT INTO `inactive_point_history` (`user_id`, `point`, `date`) VALUES ('45E8V2', '0', '2025-12-07 00:30:06');
UPDATE `user_registration` SET `sub_point` = 0, `active_status` = 'no'
WHERE `user_id` = '45E8V2';
INSERT INTO `arreva_api_logs` (`user_id`, `email`, `endpoint`, `response`, `date`) VALUES ('45E8V2', 'travelegendcy+1@gmail.com', 'deactivatemember', '\"Unable to find user matching email or contract number or otherid\"', '2025-12-07 00:30:08');
INSERT INTO `inactive_history` (`user_id`, `commission_balance`, `amount`, `date`) VALUES ('45E8V2', '50', '150', '2025-12-07 00:30:08');
INSERT INTO `inactive_point_history` (`user_id`, `point`, `date`) VALUES ('H2HQC8', '0', '2025-12-07 00:30:08');
UPDATE `user_registration` SET `sub_point` = 0, `active_status` = 'no'
WHERE `user_id` = 'H2HQC8';
INSERT INTO `arreva_api_logs` (`user_id`, `email`, `endpoint`, `response`, `date`) VALUES ('H2HQC8', 'travelegendcy+4@gmail.com', 'deactivatemember', '\"Unable to find user matching email or contract number or otherid\"', '2025-12-07 00:30:08');
INSERT INTO `inactive_history` (`user_id`, `commission_balance`, `amount`, `date`) VALUES ('H2HQC8', '110', '150', '2025-12-07 00:30:08');
INSERT INTO `inactive_point_history` (`user_id`, `point`, `date`) VALUES ('XVTJOY', '0', '2025-12-07 00:30:08');
UPDATE `user_registration` SET `sub_point` = 0, `active_status` = 'no'
WHERE `user_id` = 'XVTJOY';
INSERT INTO `arreva_api_logs` (`user_id`, `email`, `endpoint`, `response`, `date`) VALUES ('XVTJOY', 'travelegendcy+5@gmail.com', 'deactivatemember', '\"Unable to find user matching email or contract number or otherid\"', '2025-12-07 00:30:09');
INSERT INTO `inactive_history` (`user_id`, `commission_balance`, `amount`, `date`) VALUES ('XVTJOY', '100', '150', '2025-12-07 00:30:09');
INSERT INTO `inactive_point_history` (`user_id`, `point`, `date`) VALUES ('4E1CRI', '0', '2025-12-07 00:30:09');
UPDATE `user_registration` SET `sub_point` = 0, `active_status` = 'no'
WHERE `user_id` = '4E1CRI';
INSERT INTO `arreva_api_logs` (`user_id`, `email`, `endpoint`, `response`, `date`) VALUES ('4E1CRI', 'travelegendcy+77@gmail.com', 'deactivatemember', '\"Unable to find user matching email or contract number or otherid\"', '2025-12-07 00:30:11');
INSERT INTO `inactive_history` (`user_id`, `commission_balance`, `amount`, `date`) VALUES ('4E1CRI', '100', '150', '2025-12-07 00:30:11');
INSERT INTO `inactive_point_history` (`user_id`, `point`, `date`) VALUES ('PBFKSY', '0', '2025-12-07 00:30:11');
UPDATE `user_registration` SET `sub_point` = 0, `active_status` = 'no'
WHERE `user_id` = 'PBFKSY';
INSERT INTO `arreva_api_logs` (`user_id`, `email`, `endpoint`, `response`, `date`) VALUES ('PBFKSY', 'travelegendcy+3@gmail.com', 'deactivatemember', '\"Unable to find user matching email or contract number or otherid\"', '2025-12-07 00:30:11');
INSERT INTO `inactive_history` (`user_id`, `commission_balance`, `amount`, `date`) VALUES ('PBFKSY', '0', '150', '2025-12-07 00:30:11');
INSERT INTO `inactive_point_history` (`user_id`, `point`, `date`) VALUES ('R37QLI', '0', '2025-12-07 00:30:11');
UPDATE `user_registration` SET `sub_point` = 0, `active_status` = 'no'
WHERE `user_id` = 'R37QLI';
INSERT INTO `arreva_api_logs` (`user_id`, `email`, `endpoint`, `response`, `date`) VALUES ('R37QLI', 'atravel4uu@gmail.com', 'deactivatemember', '\"Unable to find user matching email or contract number or otherid\"', '2025-12-07 00:30:11');
INSERT INTO `inactive_history` (`user_id`, `commission_balance`, `amount`, `date`) VALUES ('R37QLI', '80', '150', '2025-12-07 00:30:11');
INSERT INTO `inactive_point_history` (`user_id`, `point`, `date`) VALUES ('Q6D63V', '0', '2025-12-07 00:30:11');
UPDATE `user_registration` SET `sub_point` = 0, `active_status` = 'no'
WHERE `user_id` = 'Q6D63V';
INSERT INTO `arreva_api_logs` (`user_id`, `email`, `endpoint`, `response`, `date`) VALUES ('Q6D63V', 'deeptalent@hotmail.com', 'deactivatemember', '\"Unable to find user matching email or contract number or otherid\"', '2025-12-07 00:30:12');
INSERT INTO `inactive_history` (`user_id`, `commission_balance`, `amount`, `date`) VALUES ('Q6D63V', '100', '150', '2025-12-07 00:30:12');
INSERT INTO `inactive_point_history` (`user_id`, `point`, `date`) VALUES ('N6GZAE', '0', '2025-12-07 00:30:12');
UPDATE `user_registration` SET `sub_point` = 0, `active_status` = 'no'
WHERE `user_id` = 'N6GZAE';
INSERT INTO `arreva_api_logs` (`user_id`, `email`, `endpoint`, `response`, `date`) VALUES ('N6GZAE', 'travelegendcy+71@gmail.com', 'deactivatemember', '\"Unable to find user matching email or contract number or otherid\"', '2025-12-07 00:30:12');
INSERT INTO `inactive_history` (`user_id`, `commission_balance`, `amount`, `date`) VALUES ('N6GZAE', '50', '150', '2025-12-07 00:30:12');
INSERT INTO `inactive_point_history` (`user_id`, `point`, `date`) VALUES ('Q834IS', '0', '2025-12-07 00:30:12');
UPDATE `user_registration` SET `sub_point` = 0, `active_status` = 'no'
WHERE `user_id` = 'Q834IS';
INSERT INTO `arreva_api_logs` (`user_id`, `email`, `endpoint`, `response`, `date`) VALUES ('Q834IS', 'ganofelizyo@gmail.com', 'deactivatemember', '\"Unable to find user matching email or contract number or otherid\"', '2025-12-07 00:30:13');
INSERT INTO `inactive_history` (`user_id`, `commission_balance`, `amount`, `date`) VALUES ('Q834IS', '0', '50', '2025-12-07 00:30:13');
INSERT INTO `inactive_point_history` (`user_id`, `point`, `date`) VALUES ('PKHRN5', '0', '2025-12-07 00:30:13');
UPDATE `user_registration` SET `sub_point` = 0, `active_status` = 'no'
WHERE `user_id` = 'PKHRN5';
INSERT INTO `arreva_api_logs` (`user_id`, `email`, `endpoint`, `response`, `date`) VALUES ('PKHRN5', 'nrproducts20@gmail.com', 'deactivatemember', '\"Unable to find user matching email or contract number or otherid\"', '2025-12-07 00:30:13');
INSERT INTO `inactive_history` (`user_id`, `commission_balance`, `amount`, `date`) VALUES ('PKHRN5', '28', '50', '2025-12-07 00:30:13');
INSERT INTO `inactive_point_history` (`user_id`, `point`, `date`) VALUES ('MT8QJF', '0', '2025-12-07 00:30:13');
UPDATE `user_registration` SET `sub_point` = 0, `active_status` = 'no'
WHERE `user_id` = 'MT8QJF';
INSERT INTO `arreva_api_logs` (`user_id`, `email`, `endpoint`, `response`, `date`) VALUES ('MT8QJF', 'bustamantemoni@yahoo.com', 'deactivatemember', '\"Unable to find user matching email or contract number or otherid\"', '2025-12-07 00:30:16');
INSERT INTO `inactive_history` (`user_id`, `commission_balance`, `amount`, `date`) VALUES ('MT8QJF', '0', '150', '2025-12-07 00:30:16');
INSERT INTO `inactive_point_history` (`user_id`, `point`, `date`) VALUES ('OWF3OA', '0', '2025-12-07 00:30:16');
UPDATE `user_registration` SET `sub_point` = 0, `active_status` = 'no'
WHERE `user_id` = 'OWF3OA';
INSERT INTO `arreva_api_logs` (`user_id`, `email`, `endpoint`, `response`, `date`) VALUES ('OWF3OA', 'caridadm70@gmail.com', 'deactivatemember', '\"Unable to find user matching email or contract number or otherid\"', '2025-12-07 00:30:18');
INSERT INTO `inactive_history` (`user_id`, `commission_balance`, `amount`, `date`) VALUES ('OWF3OA', '0', '150', '2025-12-07 00:30:18');
INSERT INTO `inactive_point_history` (`user_id`, `point`, `date`) VALUES ('HUDVJU', '0', '2025-12-07 00:30:18');
UPDATE `user_registration` SET `sub_point` = 0, `active_status` = 'no'
WHERE `user_id` = 'HUDVJU';
INSERT INTO `arreva_api_logs` (`user_id`, `email`, `endpoint`, `response`, `date`) VALUES ('HUDVJU', 'rsotolongok@aol.com', 'deactivatemember', '\"Unable to find user matching email or contract number or otherid\"', '2025-12-07 00:30:22');
INSERT INTO `inactive_history` (`user_id`, `commission_balance`, `amount`, `date`) VALUES ('HUDVJU', '30', '50', '2025-12-07 00:30:22');
INSERT INTO `inactive_point_history` (`user_id`, `point`, `date`) VALUES ('IEVPMD', '0', '2025-12-07 00:30:22');
UPDATE `user_registration` SET `sub_point` = 0, `active_status` = 'no'
WHERE `user_id` = 'IEVPMD';
INSERT INTO `arreva_api_logs` (`user_id`, `email`, `endpoint`, `response`, `date`) VALUES ('IEVPMD', 'ferr2085@gmail.com', 'deactivatemember', '\"Unable to find user matching email or contract number or otherid\"', '2025-12-07 00:30:22');
INSERT INTO `inactive_history` (`user_id`, `commission_balance`, `amount`, `date`) VALUES ('IEVPMD', '0', '150', '2025-12-07 00:30:22');
INSERT INTO `inactive_point_history` (`user_id`, `point`, `date`) VALUES ('CVVK4C', '0', '2025-12-07 00:30:22');
UPDATE `user_registration` SET `sub_point` = 0, `active_status` = 'no'
WHERE `user_id` = 'CVVK4C';
INSERT INTO `arreva_api_logs` (`user_id`, `email`, `endpoint`, `response`, `date`) VALUES ('CVVK4C', 'naranjo.manuel93@gmail.com', 'deactivatemember', '\"Unable to find user matching email or contract number or otherid\"', '2025-12-07 00:30:22');
INSERT INTO `inactive_history` (`user_id`, `commission_balance`, `amount`, `date`) VALUES ('CVVK4C', '0', '150', '2025-12-07 00:30:22');
INSERT INTO `inactive_point_history` (`user_id`, `point`, `date`) VALUES ('HQTCGF', '0', '2025-12-07 00:30:22');
UPDATE `user_registration` SET `sub_point` = 0, `active_status` = 'no'
WHERE `user_id` = 'HQTCGF';
INSERT INTO `arreva_api_logs` (`user_id`, `email`, `endpoint`, `response`, `date`) VALUES ('HQTCGF', 'naranjo.manuel@ymail.com', 'deactivatemember', '\"Unable to find user matching email or contract number or otherid\"', '2025-12-07 00:30:23');
INSERT INTO `inactive_history` (`user_id`, `commission_balance`, `amount`, `date`) VALUES ('HQTCGF', '0', '150', '2025-12-07 00:30:23');
INSERT INTO `inactive_point_history` (`user_id`, `point`, `date`) VALUES ('L2MNP5', '0', '2025-12-07 00:30:23');
UPDATE `user_registration` SET `sub_point` = 0, `active_status` = 'no'
WHERE `user_id` = 'L2MNP5';
INSERT INTO `arreva_api_logs` (`user_id`, `email`, `endpoint`, `response`, `date`) VALUES ('L2MNP5', 'caimandelcaribe1964@gmail.com', 'deactivatemember', '\"Unable to find user matching email or contract number or otherid\"', '2025-12-07 00:30:23');
INSERT INTO `inactive_history` (`user_id`, `commission_balance`, `amount`, `date`) VALUES ('L2MNP5', '0', '150', '2025-12-07 00:30:23');
INSERT INTO `inactive_point_history` (`user_id`, `point`, `date`) VALUES ('U7SMZ8', '0', '2025-12-07 00:30:23');
UPDATE `user_registration` SET `sub_point` = 0, `active_status` = 'no'
WHERE `user_id` = 'U7SMZ8';
INSERT INTO `arreva_api_logs` (`user_id`, `email`, `endpoint`, `response`, `date`) VALUES ('U7SMZ8', 'claujor06@hotmail.com', 'deactivatemember', '\"Unable to find user matching email or contract number or otherid\"', '2025-12-07 00:30:23');
INSERT INTO `inactive_history` (`user_id`, `commission_balance`, `amount`, `date`) VALUES ('U7SMZ8', '0', '150', '2025-12-07 00:30:23');
INSERT INTO `inactive_point_history` (`user_id`, `point`, `date`) VALUES ('PUJNHI', '0', '2025-12-07 00:30:23');
UPDATE `user_registration` SET `sub_point` = 0, `active_status` = 'no'
WHERE `user_id` = 'PUJNHI';
INSERT INTO `arreva_api_logs` (`user_id`, `email`, `endpoint`, `response`, `date`) VALUES ('PUJNHI', 'rt.amdream@gmail.com', 'deactivatemember', '\"Unable to find user matching email or contract number or otherid\"', '2025-12-07 00:30:23');
INSERT INTO `inactive_history` (`user_id`, `commission_balance`, `amount`, `date`) VALUES ('PUJNHI', '40', '150', '2025-12-07 00:30:23');
INSERT INTO `inactive_point_history` (`user_id`, `point`, `date`) VALUES ('WC5BL7', '0', '2025-12-07 00:30:23');
UPDATE `user_registration` SET `sub_point` = 0, `active_status` = 'no'
WHERE `user_id` = 'WC5BL7';
INSERT INTO `arreva_api_logs` (`user_id`, `email`, `endpoint`, `response`, `date`) VALUES ('WC5BL7', 'guecab74@gmail.com', 'deactivatemember', '\"Unable to find user matching email or contract number or otherid\"', '2025-12-07 00:30:24');
INSERT INTO `inactive_history` (`user_id`, `commission_balance`, `amount`, `date`) VALUES ('WC5BL7', '0', '50', '2025-12-07 00:30:24');
INSERT INTO `inactive_point_history` (`user_id`, `point`, `date`) VALUES ('W17SG2', '0', '2025-12-07 00:30:24');
UPDATE `user_registration` SET `sub_point` = 0, `active_status` = 'no'
WHERE `user_id` = 'W17SG2';
INSERT INTO `arreva_api_logs` (`user_id`, `email`, `endpoint`, `response`, `date`) VALUES ('W17SG2', 'jnsh44@gmail.com', 'deactivatemember', '\"Unable to find user matching email or contract number or otherid\"', '2025-12-07 00:30:24');
INSERT INTO `inactive_history` (`user_id`, `commission_balance`, `amount`, `date`) VALUES ('W17SG2', '0', '150', '2025-12-07 00:30:24');
INSERT INTO `inactive_point_history` (`user_id`, `point`, `date`) VALUES ('PR92IO', '0', '2025-12-07 00:30:24');
UPDATE `user_registration` SET `sub_point` = 0, `active_status` = 'no'
WHERE `user_id` = 'PR92IO';
INSERT INTO `arreva_api_logs` (`user_id`, `email`, `endpoint`, `response`, `date`) VALUES ('PR92IO', 'onielguerra@yahoo.com', 'deactivatemember', '\"Unable to find user matching email or contract number or otherid\"', '2025-12-07 00:30:24');
INSERT INTO `inactive_history` (`user_id`, `commission_balance`, `amount`, `date`) VALUES ('PR92IO', '0', '50', '2025-12-07 00:30:24');
INSERT INTO `inactive_point_history` (`user_id`, `point`, `date`) VALUES ('UTF7YN', '0', '2025-12-07 00:30:24');
UPDATE `user_registration` SET `sub_point` = 0, `active_status` = 'no'
WHERE `user_id` = 'UTF7YN';
INSERT INTO `arreva_api_logs` (`user_id`, `email`, `endpoint`, `response`, `date`) VALUES ('UTF7YN', 'miguelmartinezzamora89@gmail.com', 'deactivatemember', '\"Unable to find user matching email or contract number or otherid\"', '2025-12-07 00:30:24');
INSERT INTO `inactive_history` (`user_id`, `commission_balance`, `amount`, `date`) VALUES ('UTF7YN', '0', '150', '2025-12-07 00:30:24');
INSERT INTO `inactive_point_history` (`user_id`, `point`, `date`) VALUES ('JIL8K9', '0', '2025-12-07 00:30:24');
UPDATE `user_registration` SET `sub_point` = 0, `active_status` = 'no'
WHERE `user_id` = 'JIL8K9';
INSERT INTO `arreva_api_logs` (`user_id`, `email`, `endpoint`, `response`, `date`) VALUES ('JIL8K9', 'urquia0831@gmail.com', 'deactivatemember', '\"Unable to find user matching email or contract number or otherid\"', '2025-12-07 00:30:25');
INSERT INTO `inactive_history` (`user_id`, `commission_balance`, `amount`, `date`) VALUES ('JIL8K9', '20', '150', '2025-12-07 00:30:25');
INSERT INTO `inactive_point_history` (`user_id`, `point`, `date`) VALUES ('XHO8CJ', '0', '2025-12-07 00:30:25');
UPDATE `user_registration` SET `sub_point` = 0, `active_status` = 'no'
WHERE `user_id` = 'XHO8CJ';
INSERT INTO `arreva_api_logs` (`user_id`, `email`, `endpoint`, `response`, `date`) VALUES ('XHO8CJ', 'arielzomoza@hotmail.com', 'deactivatemember', '\"Unable to find user matching email or contract number or otherid\"', '2025-12-07 00:30:25');
INSERT INTO `inactive_history` (`user_id`, `commission_balance`, `amount`, `date`) VALUES ('XHO8CJ', '0', '150', '2025-12-07 00:30:25');
INSERT INTO `inactive_point_history` (`user_id`, `point`, `date`) VALUES ('L8NRSC', '0', '2025-12-07 00:30:25');
UPDATE `user_registration` SET `sub_point` = 0, `active_status` = 'no'
WHERE `user_id` = 'L8NRSC';
INSERT INTO `arreva_api_logs` (`user_id`, `email`, `endpoint`, `response`, `date`) VALUES ('L8NRSC', 'heviaelina17@gmail.com', 'deactivatemember', '\"Unable to find user matching email or contract number or otherid\"', '2025-12-07 00:30:25');
INSERT INTO `inactive_history` (`user_id`, `commission_balance`, `amount`, `date`) VALUES ('L8NRSC', '50', '150', '2025-12-07 00:30:25');
INSERT INTO `inactive_point_history` (`user_id`, `point`, `date`) VALUES ('6H3N98', '0', '2025-12-07 00:30:25');
UPDATE `user_registration` SET `sub_point` = 0, `active_status` = 'no'
WHERE `user_id` = '6H3N98';
INSERT INTO `arreva_api_logs` (`user_id`, `email`, `endpoint`, `response`, `date`) VALUES ('6H3N98', 'Polanco1961.jmp@gmail.com', 'deactivatemember', '\"Unable to find user matching email or contract number or otherid\"', '2025-12-07 00:30:26');
INSERT INTO `inactive_history` (`user_id`, `commission_balance`, `amount`, `date`) VALUES ('6H3N98', '100', '150', '2025-12-07 00:30:26');
INSERT INTO `inactive_point_history` (`user_id`, `point`, `date`) VALUES ('HP6YP2', '0', '2025-12-07 00:30:26');
UPDATE `user_registration` SET `sub_point` = 0, `active_status` = 'no'
WHERE `user_id` = 'HP6YP2';
INSERT INTO `arreva_api_logs` (`user_id`, `email`, `endpoint`, `response`, `date`) VALUES ('HP6YP2', 'josedavila0923@hotmail.com', 'deactivatemember', '\"Unable to find user matching email or contract number or otherid\"', '2025-12-07 00:30:26');
INSERT INTO `inactive_history` (`user_id`, `commission_balance`, `amount`, `date`) VALUES ('HP6YP2', '50', '150', '2025-12-07 00:30:26');
INSERT INTO `inactive_point_history` (`user_id`, `point`, `date`) VALUES ('8RVNYT', '0', '2025-12-07 00:30:26');
UPDATE `user_registration` SET `sub_point` = 0, `active_status` = 'no'
WHERE `user_id` = '8RVNYT';
INSERT INTO `arreva_api_logs` (`user_id`, `email`, `endpoint`, `response`, `date`) VALUES ('8RVNYT', 'dduany59@gmail.com', 'deactivatemember', '\"Unable to find user matching email or contract number or otherid\"', '2025-12-07 00:30:26');
INSERT INTO `inactive_history` (`user_id`, `commission_balance`, `amount`, `date`) VALUES ('8RVNYT', '0', '150', '2025-12-07 00:30:26');
INSERT INTO `inactive_point_history` (`user_id`, `point`, `date`) VALUES ('K8DXP2', '0', '2025-12-07 00:30:26');
UPDATE `user_registration` SET `sub_point` = 0, `active_status` = 'no'
WHERE `user_id` = 'K8DXP2';
INSERT INTO `arreva_api_logs` (`user_id`, `email`, `endpoint`, `response`, `date`) VALUES ('K8DXP2', 'danieladm02@icloud.com', 'deactivatemember', '\"Unable to find user matching email or contract number or otherid\"', '2025-12-07 00:30:26');
INSERT INTO `inactive_history` (`user_id`, `commission_balance`, `amount`, `date`) VALUES ('K8DXP2', '0', '150', '2025-12-07 00:30:26');
INSERT INTO `inactive_point_history` (`user_id`, `point`, `date`) VALUES ('BD2ZLC', '0', '2025-12-07 00:30:26');
UPDATE `user_registration` SET `sub_point` = 0, `active_status` = 'no'
WHERE `user_id` = 'BD2ZLC';
INSERT INTO `arreva_api_logs` (`user_id`, `email`, `endpoint`, `response`, `date`) VALUES ('BD2ZLC', 'misleydacuba@hotmail.com', 'deactivatemember', '\"Unable to find user matching email or contract number or otherid\"', '2025-12-07 00:30:27');
INSERT INTO `inactive_history` (`user_id`, `commission_balance`, `amount`, `date`) VALUES ('BD2ZLC', '100', '150', '2025-12-07 00:30:27');
INSERT INTO `inactive_point_history` (`user_id`, `point`, `date`) VALUES ('2MBPZI', '0', '2025-12-07 00:30:27');
UPDATE `user_registration` SET `sub_point` = 0, `active_status` = 'no'
WHERE `user_id` = '2MBPZI';
INSERT INTO `arreva_api_logs` (`user_id`, `email`, `endpoint`, `response`, `date`) VALUES ('2MBPZI', 'lamora07@icloud.com', 'deactivatemember', '\"Unable to find user matching email or contract number or otherid\"', '2025-12-07 00:30:28');
INSERT INTO `inactive_history` (`user_id`, `commission_balance`, `amount`, `date`) VALUES ('2MBPZI', '0', '150', '2025-12-07 00:30:28');
INSERT INTO `inactive_point_history` (`user_id`, `point`, `date`) VALUES ('XXI66Z', '0', '2025-12-07 00:30:28');
UPDATE `user_registration` SET `sub_point` = 0, `active_status` = 'no'
WHERE `user_id` = 'XXI66Z';
INSERT INTO `arreva_api_logs` (`user_id`, `email`, `endpoint`, `response`, `date`) VALUES ('XXI66Z', 'nora.cuenca722@gmail.com', 'deactivatemember', '\"Unable to find user matching email or contract number or otherid\"', '2025-12-07 00:30:28');
INSERT INTO `inactive_history` (`user_id`, `commission_balance`, `amount`, `date`) VALUES ('XXI66Z', '0', '150', '2025-12-07 00:30:28');
INSERT INTO `inactive_point_history` (`user_id`, `point`, `date`) VALUES ('Q82ZV9', '0', '2025-12-07 00:30:28');
UPDATE `user_registration` SET `sub_point` = 0, `active_status` = 'no'
WHERE `user_id` = 'Q82ZV9';
INSERT INTO `arreva_api_logs` (`user_id`, `email`, `endpoint`, `response`, `date`) VALUES ('Q82ZV9', 'Jcab777@hotmail.com', 'deactivatemember', '\"Unable to find user matching email or contract number or otherid\"', '2025-12-07 00:30:28');
INSERT INTO `inactive_history` (`user_id`, `commission_balance`, `amount`, `date`) VALUES ('Q82ZV9', '20', '50', '2025-12-07 00:30:28');
INSERT INTO `inactive_point_history` (`user_id`, `point`, `date`) VALUES ('IWTOLP', '0', '2025-12-07 00:30:28');
UPDATE `user_registration` SET `sub_point` = 0, `active_status` = 'no'
WHERE `user_id` = 'IWTOLP';
INSERT INTO `arreva_api_logs` (`user_id`, `email`, `endpoint`, `response`, `date`) VALUES ('IWTOLP', 'Hectorvaldes84@gmail.com', 'deactivatemember', '\"Unable to find user matching email or contract number or otherid\"', '2025-12-07 00:30:28');
INSERT INTO `inactive_history` (`user_id`, `commission_balance`, `amount`, `date`) VALUES ('IWTOLP', '0', '50', '2025-12-07 00:30:28');
INSERT INTO `inactive_point_history` (`user_id`, `point`, `date`) VALUES ('9QPRWH', '0', '2025-12-07 00:30:28');
UPDATE `user_registration` SET `sub_point` = 0, `active_status` = 'no'
WHERE `user_id` = '9QPRWH';
INSERT INTO `arreva_api_logs` (`user_id`, `email`, `endpoint`, `response`, `date`) VALUES ('9QPRWH', 'danny.ortiz93@yahoo.com', 'deactivatemember', '\"Unable to find user matching email or contract number or otherid\"', '2025-12-07 00:30:29');
INSERT INTO `inactive_history` (`user_id`, `commission_balance`, `amount`, `date`) VALUES ('9QPRWH', '0', '150', '2025-12-07 00:30:29');
INSERT INTO `inactive_point_history` (`user_id`, `point`, `date`) VALUES ('LBY7TN', '0', '2025-12-07 00:30:29');
UPDATE `user_registration` SET `sub_point` = 0, `active_status` = 'no'
WHERE `user_id` = 'LBY7TN';
INSERT INTO `arreva_api_logs` (`user_id`, `email`, `endpoint`, `response`, `date`) VALUES ('LBY7TN', 'realtororlando1@gmail.com', 'deactivatemember', '\"Unable to find user matching email or contract number or otherid\"', '2025-12-07 00:30:29');
INSERT INTO `inactive_history` (`user_id`, `commission_balance`, `amount`, `date`) VALUES ('LBY7TN', '0', '150', '2025-12-07 00:30:29');
INSERT INTO `inactive_point_history` (`user_id`, `point`, `date`) VALUES ('WDEXJT', '0', '2025-12-07 00:30:29');
UPDATE `user_registration` SET `sub_point` = 0, `active_status` = 'no'
WHERE `user_id` = 'WDEXJT';
INSERT INTO `arreva_api_logs` (`user_id`, `email`, `endpoint`, `response`, `date`) VALUES ('WDEXJT', 'randol1976@gmail.com', 'deactivatemember', '\"Unable to find user matching email or contract number or otherid\"', '2025-12-07 00:30:29');
INSERT INTO `inactive_history` (`user_id`, `commission_balance`, `amount`, `date`) VALUES ('WDEXJT', '0', '150', '2025-12-07 00:30:29');
INSERT INTO `inactive_point_history` (`user_id`, `point`, `date`) VALUES ('78UOV5', '0', '2025-12-07 00:30:29');
UPDATE `user_registration` SET `sub_point` = 0, `active_status` = 'no'
WHERE `user_id` = '78UOV5';
INSERT INTO `arreva_api_logs` (`user_id`, `email`, `endpoint`, `response`, `date`) VALUES ('78UOV5', 'Marvincano2006@hotmail.com', 'deactivatemember', '\"Unable to find user matching email or contract number or otherid\"', '2025-12-07 00:30:29');
INSERT INTO `inactive_history` (`user_id`, `commission_balance`, `amount`, `date`) VALUES ('78UOV5', '0', '50', '2025-12-07 00:30:29');
INSERT INTO `inactive_point_history` (`user_id`, `point`, `date`) VALUES ('8D7CNL', '0', '2025-12-07 00:30:29');
UPDATE `user_registration` SET `sub_point` = 0, `active_status` = 'no'
WHERE `user_id` = '8D7CNL';
INSERT INTO `arreva_api_logs` (`user_id`, `email`, `endpoint`, `response`, `date`) VALUES ('8D7CNL', 'ulambert45@gmail.com', 'deactivatemember', '\"Unable to find user matching email or contract number or otherid\"', '2025-12-07 00:30:30');
INSERT INTO `inactive_history` (`user_id`, `commission_balance`, `amount`, `date`) VALUES ('8D7CNL', '100', '150', '2025-12-07 00:30:30');
INSERT INTO `inactive_point_history` (`user_id`, `point`, `date`) VALUES ('OMGB4G', '0', '2025-12-07 00:30:30');
UPDATE `user_registration` SET `sub_point` = 0, `active_status` = 'no'
WHERE `user_id` = 'OMGB4G';
INSERT INTO `arreva_api_logs` (`user_id`, `email`, `endpoint`, `response`, `date`) VALUES ('OMGB4G', 'aniadebora8@gmail.com', 'deactivatemember', '\"Unable to find user matching email or contract number or otherid\"', '2025-12-07 00:30:30');
INSERT INTO `inactive_history` (`user_id`, `commission_balance`, `amount`, `date`) VALUES ('OMGB4G', '7.5', '150', '2025-12-07 00:30:30');
INSERT INTO `inactive_point_history` (`user_id`, `point`, `date`) VALUES ('UJXP99', '0', '2025-12-07 00:30:30');
UPDATE `user_registration` SET `sub_point` = 0, `active_status` = 'no'
WHERE `user_id` = 'UJXP99';
INSERT INTO `arreva_api_logs` (`user_id`, `email`, `endpoint`, `response`, `date`) VALUES ('UJXP99', 'aldocamporota@yahoo.com', 'deactivatemember', '\"Unable to find user matching email or contract number or otherid\"', '2025-12-07 00:30:30');
INSERT INTO `inactive_history` (`user_id`, `commission_balance`, `amount`, `date`) VALUES ('UJXP99', '0', '50', '2025-12-07 00:30:30');
INSERT INTO `inactive_point_history` (`user_id`, `point`, `date`) VALUES ('L268VW', '0', '2025-12-07 00:30:30');
UPDATE `user_registration` SET `sub_point` = 0, `active_status` = 'no'
WHERE `user_id` = 'L268VW';
INSERT INTO `arreva_api_logs` (`user_id`, `email`, `endpoint`, `response`, `date`) VALUES ('L268VW', 'omy2228@gmail.com', 'deactivatemember', '\"Unable to find user matching email or contract number or otherid\"', '2025-12-07 00:30:31');
INSERT INTO `inactive_history` (`user_id`, `commission_balance`, `amount`, `date`) VALUES ('L268VW', '0', '50', '2025-12-07 00:30:31');
INSERT INTO `inactive_point_history` (`user_id`, `point`, `date`) VALUES ('UVJ6L9', '0', '2025-12-07 00:30:31');
UPDATE `user_registration` SET `sub_point` = 0, `active_status` = 'no'
WHERE `user_id` = 'UVJ6L9';
INSERT INTO `arreva_api_logs` (`user_id`, `email`, `endpoint`, `response`, `date`) VALUES ('UVJ6L9', 'nrproducts20+1@gmail.com', 'deactivatemember', '\"Unable to find user matching email or contract number or otherid\"', '2025-12-07 00:30:31');
INSERT INTO `inactive_history` (`user_id`, `commission_balance`, `amount`, `date`) VALUES ('UVJ6L9', '0', '50', '2025-12-07 00:30:31');
INSERT INTO `inactive_point_history` (`user_id`, `point`, `date`) VALUES ('T2U73Q', '0', '2025-12-07 00:30:31');
UPDATE `user_registration` SET `sub_point` = 0, `active_status` = 'no'
WHERE `user_id` = 'T2U73Q';
INSERT INTO `arreva_api_logs` (`user_id`, `email`, `endpoint`, `response`, `date`) VALUES ('T2U73Q', 'aidacano1694@gmail.com', 'deactivatemember', '\"Unable to find user matching email or contract number or otherid\"', '2025-12-07 00:30:32');
INSERT INTO `inactive_history` (`user_id`, `commission_balance`, `amount`, `date`) VALUES ('T2U73Q', '0', '50', '2025-12-07 00:30:32');
INSERT INTO `inactive_point_history` (`user_id`, `point`, `date`) VALUES ('ULHSH2', '0', '2025-12-07 00:30:32');
UPDATE `user_registration` SET `sub_point` = 0, `active_status` = 'no'
WHERE `user_id` = 'ULHSH2';
INSERT INTO `arreva_api_logs` (`user_id`, `email`, `endpoint`, `response`, `date`) VALUES ('ULHSH2', 'asny_melody11@hotmail.com', 'deactivatemember', '\"Unable to find user matching email or contract number or otherid\"', '2025-12-07 00:30:32');
INSERT INTO `inactive_history` (`user_id`, `commission_balance`, `amount`, `date`) VALUES ('ULHSH2', '0', '150', '2025-12-07 00:30:32');
INSERT INTO `inactive_point_history` (`user_id`, `point`, `date`) VALUES ('H1XYDK', '0', '2025-12-07 00:30:32');
UPDATE `user_registration` SET `sub_point` = 0, `active_status` = 'no'
WHERE `user_id` = 'H1XYDK';
INSERT INTO `arreva_api_logs` (`user_id`, `email`, `endpoint`, `response`, `date`) VALUES ('H1XYDK', 'bingostarsforever@gmail.com', 'deactivatemember', '\"Unable to find user matching email or contract number or otherid\"', '2025-12-07 00:30:32');
INSERT INTO `inactive_history` (`user_id`, `commission_balance`, `amount`, `date`) VALUES ('H1XYDK', '0', '50', '2025-12-07 00:30:32');
INSERT INTO `inactive_point_history` (`user_id`, `point`, `date`) VALUES ('3UFB1M', '0', '2025-12-07 00:30:32');
UPDATE `user_registration` SET `sub_point` = 0, `active_status` = 'no'
WHERE `user_id` = '3UFB1M';
INSERT INTO `arreva_api_logs` (`user_id`, `email`, `endpoint`, `response`, `date`) VALUES ('3UFB1M', 'mariodiamantes2014@gmail.com', 'deactivatemember', '\"Unable to find user matching email or contract number or otherid\"', '2025-12-07 00:30:33');
INSERT INTO `inactive_history` (`user_id`, `commission_balance`, `amount`, `date`) VALUES ('3UFB1M', '100', '150', '2025-12-07 00:30:33');
INSERT INTO `inactive_point_history` (`user_id`, `point`, `date`) VALUES ('72W7M6', '0', '2025-12-07 00:30:33');
UPDATE `user_registration` SET `sub_point` = 0, `active_status` = 'no'
WHERE `user_id` = '72W7M6';
INSERT INTO `arreva_api_logs` (`user_id`, `email`, `endpoint`, `response`, `date`) VALUES ('72W7M6', 'finanzasyprosperidad777@gmail.com', 'deactivatemember', '\"Unable to find user matching email or contract number or otherid\"', '2025-12-07 00:30:33');
INSERT INTO `inactive_history` (`user_id`, `commission_balance`, `amount`, `date`) VALUES ('72W7M6', '0', '50', '2025-12-07 00:30:33');
INSERT INTO `inactive_point_history` (`user_id`, `point`, `date`) VALUES ('8PK4HK', '0', '2025-12-07 00:30:33');
UPDATE `user_registration` SET `sub_point` = 0, `active_status` = 'no'
WHERE `user_id` = '8PK4HK';
INSERT INTO `arreva_api_logs` (`user_id`, `email`, `endpoint`, `response`, `date`) VALUES ('8PK4HK', 'romandebora44@gmail.com', 'deactivatemember', '\"Unable to find user matching email or contract number or otherid\"', '2025-12-07 00:30:34');
INSERT INTO `inactive_history` (`user_id`, `commission_balance`, `amount`, `date`) VALUES ('8PK4HK', '0', '150', '2025-12-07 00:30:34');
INSERT INTO `inactive_point_history` (`user_id`, `point`, `date`) VALUES ('LEOFNI', '0', '2025-12-07 00:30:34');
UPDATE `user_registration` SET `sub_point` = 0, `active_status` = 'no'
WHERE `user_id` = 'LEOFNI';
INSERT INTO `arreva_api_logs` (`user_id`, `email`, `endpoint`, `response`, `date`) VALUES ('LEOFNI', 'nrproducts20+2@gmail.com', 'deactivatemember', '\"Unable to find user matching email or contract number or otherid\"', '2025-12-07 00:30:34');
INSERT INTO `inactive_history` (`user_id`, `commission_balance`, `amount`, `date`) VALUES ('LEOFNI', '0', '150', '2025-12-07 00:30:34');
INSERT INTO `inactive_point_history` (`user_id`, `point`, `date`) VALUES ('75X85X', '0', '2025-12-07 00:30:34');
UPDATE `user_registration` SET `sub_point` = 0, `active_status` = 'no'
WHERE `user_id` = '75X85X';
INSERT INTO `arreva_api_logs` (`user_id`, `email`, `endpoint`, `response`, `date`) VALUES ('75X85X', 'nrproducts20+3@gmail.com', 'deactivatemember', '\"Unable to find user matching email or contract number or otherid\"', '2025-12-07 00:30:34');
INSERT INTO `inactive_history` (`user_id`, `commission_balance`, `amount`, `date`) VALUES ('75X85X', '0', '50', '2025-12-07 00:30:34');
INSERT INTO `inactive_point_history` (`user_id`, `point`, `date`) VALUES ('UC1QRN', '0', '2025-12-07 00:30:34');
UPDATE `user_registration` SET `sub_point` = 0, `active_status` = 'no'
WHERE `user_id` = 'UC1QRN';
INSERT INTO `arreva_api_logs` (`user_id`, `email`, `endpoint`, `response`, `date`) VALUES ('UC1QRN', 'orelfernandezg@gmail.com', 'deactivatemember', '\"Unable to find user matching email or contract number or otherid\"', '2025-12-07 00:30:35');
INSERT INTO `inactive_history` (`user_id`, `commission_balance`, `amount`, `date`) VALUES ('UC1QRN', '0', '150', '2025-12-07 00:30:35');
INSERT INTO `inactive_point_history` (`user_id`, `point`, `date`) VALUES ('7YU16B', '0', '2025-12-07 00:30:35');
UPDATE `user_registration` SET `sub_point` = 0, `active_status` = 'no'
WHERE `user_id` = '7YU16B';
INSERT INTO `arreva_api_logs` (`user_id`, `email`, `endpoint`, `response`, `date`) VALUES ('7YU16B', 'glefran@gmail.com', 'deactivatemember', '\"Unable to find user matching email or contract number or otherid\"', '2025-12-07 00:30:35');
INSERT INTO `inactive_history` (`user_id`, `commission_balance`, `amount`, `date`) VALUES ('7YU16B', '0', '50', '2025-12-07 00:30:35');
INSERT INTO `inactive_point_history` (`user_id`, `point`, `date`) VALUES ('OEM6F6', '0', '2025-12-07 00:30:35');
UPDATE `user_registration` SET `sub_point` = 0, `active_status` = 'no'
WHERE `user_id` = 'OEM6F6';
INSERT INTO `arreva_api_logs` (`user_id`, `email`, `endpoint`, `response`, `date`) VALUES ('OEM6F6', 'oceci.nieves@gmail.com', 'deactivatemember', '\"Unable to find user matching email or contract number or otherid\"', '2025-12-07 00:30:35');
INSERT INTO `inactive_history` (`user_id`, `commission_balance`, `amount`, `date`) VALUES ('OEM6F6', '0', '50', '2025-12-07 00:30:35');
INSERT INTO `inactive_point_history` (`user_id`, `point`, `date`) VALUES ('TU7MHD', '0', '2025-12-07 00:30:35');
UPDATE `user_registration` SET `sub_point` = 0, `active_status` = 'no'
WHERE `user_id` = 'TU7MHD';
INSERT INTO `arreva_api_logs` (`user_id`, `email`, `endpoint`, `response`, `date`) VALUES ('TU7MHD', 'betgarc42@gmaill.com', 'deactivatemember', '\"Unable to find user matching email or contract number or otherid\"', '2025-12-07 00:30:35');
INSERT INTO `inactive_history` (`user_id`, `commission_balance`, `amount`, `date`) VALUES ('TU7MHD', '100', '150', '2025-12-07 00:30:35');
INSERT INTO `inactive_point_history` (`user_id`, `point`, `date`) VALUES ('7BQJK5', '0', '2025-12-07 00:30:35');
UPDATE `user_registration` SET `sub_point` = 0, `active_status` = 'no'
WHERE `user_id` = '7BQJK5';
INSERT INTO `arreva_api_logs` (`user_id`, `email`, `endpoint`, `response`, `date`) VALUES ('7BQJK5', 'YPENABAD@HOTMAIL.COM', 'deactivatemember', '\"Unable to find user matching email or contract number or otherid\"', '2025-12-07 00:30:35');
INSERT INTO `inactive_history` (`user_id`, `commission_balance`, `amount`, `date`) VALUES ('7BQJK5', '20', '150', '2025-12-07 00:30:35');
INSERT INTO `inactive_point_history` (`user_id`, `point`, `date`) VALUES ('XMN3MK', '0', '2025-12-07 00:30:35');
UPDATE `user_registration` SET `sub_point` = 0, `active_status` = 'no'
WHERE `user_id` = 'XMN3MK';
INSERT INTO `arreva_api_logs` (`user_id`, `email`, `endpoint`, `response`, `date`) VALUES ('XMN3MK', 'narotnebur324058@gmail.com', 'deactivatemember', '\"Unable to find user matching email or contract number or otherid\"', '2025-12-07 00:30:38');
INSERT INTO `inactive_history` (`user_id`, `commission_balance`, `amount`, `date`) VALUES ('XMN3MK', '0', '150', '2025-12-07 00:30:38');
INSERT INTO `inactive_point_history` (`user_id`, `point`, `date`) VALUES ('7SMFPM', '0', '2025-12-07 00:30:38');
UPDATE `user_registration` SET `sub_point` = 0, `active_status` = 'no'
WHERE `user_id` = '7SMFPM';
INSERT INTO `arreva_api_logs` (`user_id`, `email`, `endpoint`, `response`, `date`) VALUES ('7SMFPM', 'volcanu2080@gmail.com', 'deactivatemember', '\"Unable to find user matching email or contract number or otherid\"', '2025-12-07 00:30:38');
INSERT INTO `inactive_history` (`user_id`, `commission_balance`, `amount`, `date`) VALUES ('7SMFPM', '0', '50', '2025-12-07 00:30:38');
INSERT INTO `inactive_point_history` (`user_id`, `point`, `date`) VALUES ('WS9KK9', '0', '2025-12-07 00:30:38');
UPDATE `user_registration` SET `sub_point` = 0, `active_status` = 'no'
WHERE `user_id` = 'WS9KK9';
INSERT INTO `arreva_api_logs` (`user_id`, `email`, `endpoint`, `response`, `date`) VALUES ('WS9KK9', 'aller.r@hotmail.com', 'deactivatemember', '\"Unable to find user matching email or contract number or otherid\"', '2025-12-07 00:30:38');
INSERT INTO `inactive_history` (`user_id`, `commission_balance`, `amount`, `date`) VALUES ('WS9KK9', '0', '150', '2025-12-07 00:30:38');
INSERT INTO `inactive_point_history` (`user_id`, `point`, `date`) VALUES ('BJFCEM', '0', '2025-12-07 00:30:38');
UPDATE `user_registration` SET `sub_point` = 0, `active_status` = 'no'
WHERE `user_id` = 'BJFCEM';
INSERT INTO `arreva_api_logs` (`user_id`, `email`, `endpoint`, `response`, `date`) VALUES ('BJFCEM', 'moneysavetoday@gmail.com', 'deactivatemember', '\"Unable to find user matching email or contract number or otherid\"', '2025-12-07 00:30:39');
INSERT INTO `inactive_history` (`user_id`, `commission_balance`, `amount`, `date`) VALUES ('BJFCEM', '0', '50', '2025-12-07 00:30:39');
INSERT INTO `inactive_point_history` (`user_id`, `point`, `date`) VALUES ('9EDD8W', '0', '2025-12-07 00:30:39');
UPDATE `user_registration` SET `sub_point` = 0, `active_status` = 'no'
WHERE `user_id` = '9EDD8W';
INSERT INTO `arreva_api_logs` (`user_id`, `email`, `endpoint`, `response`, `date`) VALUES ('9EDD8W', 'fabrehands@gmail.com', 'deactivatemember', '\"Unable to find user matching email or contract number or otherid\"', '2025-12-07 00:30:39');
INSERT INTO `inactive_history` (`user_id`, `commission_balance`, `amount`, `date`) VALUES ('9EDD8W', '0', '50', '2025-12-07 00:30:39');
INSERT INTO `inactive_point_history` (`user_id`, `point`, `date`) VALUES ('TOTNOR', '0', '2025-12-07 00:30:39');
UPDATE `user_registration` SET `sub_point` = 0, `active_status` = 'no'
WHERE `user_id` = 'TOTNOR';
INSERT INTO `arreva_api_logs` (`user_id`, `email`, `endpoint`, `response`, `date`) VALUES ('TOTNOR', 'triptripclub@gmail.com', 'deactivatemember', '\"Unable to find user matching email or contract number or otherid\"', '2025-12-07 00:30:40');
INSERT INTO `inactive_history` (`user_id`, `commission_balance`, `amount`, `date`) VALUES ('TOTNOR', '0', '50', '2025-12-07 00:30:40');
INSERT INTO `inactive_point_history` (`user_id`, `point`, `date`) VALUES ('M2XFK7', '0', '2025-12-07 00:30:40');
UPDATE `user_registration` SET `sub_point` = 0, `active_status` = 'no'
WHERE `user_id` = 'M2XFK7';
INSERT INTO `arreva_api_logs` (`user_id`, `email`, `endpoint`, `response`, `date`) VALUES ('M2XFK7', 'omartoranzo24@gmail.com', 'deactivatemember', '\"Unable to find user matching email or contract number or otherid\"', '2025-12-07 00:30:40');
INSERT INTO `inactive_history` (`user_id`, `commission_balance`, `amount`, `date`) VALUES ('M2XFK7', '0', '150', '2025-12-07 00:30:40');
INSERT INTO `inactive_point_history` (`user_id`, `point`, `date`) VALUES ('82W7DS', '0', '2025-12-07 00:30:40');
UPDATE `user_registration` SET `sub_point` = 0, `active_status` = 'no'
WHERE `user_id` = '82W7DS';
INSERT INTO `arreva_api_logs` (`user_id`, `email`, `endpoint`, `response`, `date`) VALUES ('82W7DS', 'ernestop148@gmail.com', 'deactivatemember', '\"Unable to find user matching email or contract number or otherid\"', '2025-12-07 00:30:40');
INSERT INTO `inactive_history` (`user_id`, `commission_balance`, `amount`, `date`) VALUES ('82W7DS', '0', '50', '2025-12-07 00:30:40');
INSERT INTO `inactive_point_history` (`user_id`, `point`, `date`) VALUES ('9T4ALJ', '0', '2025-12-07 00:30:40');
UPDATE `user_registration` SET `sub_point` = 0, `active_status` = 'no'
WHERE `user_id` = '9T4ALJ';
INSERT INTO `arreva_api_logs` (`user_id`, `email`, `endpoint`, `response`, `date`) VALUES ('9T4ALJ', 'terina.quinones@gmail.com', 'deactivatemember', '\"Unable to find user matching email or contract number or otherid\"', '2025-12-07 00:30:40');
INSERT INTO `inactive_history` (`user_id`, `commission_balance`, `amount`, `date`) VALUES ('9T4ALJ', '0', '150', '2025-12-07 00:30:40');
INSERT INTO `inactive_point_history` (`user_id`, `point`, `date`) VALUES ('648GBY', '0', '2025-12-07 00:30:40');
UPDATE `user_registration` SET `sub_point` = 0, `active_status` = 'no'
WHERE `user_id` = '648GBY';
INSERT INTO `arreva_api_logs` (`user_id`, `email`, `endpoint`, `response`, `date`) VALUES ('648GBY', 'shaniarodri888@gmail.com', 'deactivatemember', '\"Unable to find user matching email or contract number or otherid\"', '2025-12-07 00:30:41');
INSERT INTO `inactive_history` (`user_id`, `commission_balance`, `amount`, `date`) VALUES ('648GBY', '20', '50', '2025-12-07 00:30:41');
INSERT INTO `inactive_point_history` (`user_id`, `point`, `date`) VALUES ('X5T3ZT', '0', '2025-12-07 00:30:41');
UPDATE `user_registration` SET `sub_point` = 0, `active_status` = 'no'
WHERE `user_id` = 'X5T3ZT';
INSERT INTO `arreva_api_logs` (`user_id`, `email`, `endpoint`, `response`, `date`) VALUES ('X5T3ZT', 'joseantonio112759@gmail.com', 'deactivatemember', '\"Unable to find user matching email or contract number or otherid\"', '2025-12-07 00:30:41');
INSERT INTO `inactive_history` (`user_id`, `commission_balance`, `amount`, `date`) VALUES ('X5T3ZT', '0', '150', '2025-12-07 00:30:41');
INSERT INTO `inactive_point_history` (`user_id`, `point`, `date`) VALUES ('PXHCYN', '0', '2025-12-07 00:30:41');
UPDATE `user_registration` SET `sub_point` = 0, `active_status` = 'no'
WHERE `user_id` = 'PXHCYN';
INSERT INTO `arreva_api_logs` (`user_id`, `email`, `endpoint`, `response`, `date`) VALUES ('PXHCYN', 'heribertoortega68@yahoo.com', 'deactivatemember', '\"Unable to find user matching email or contract number or otherid\"', '2025-12-07 00:30:42');
INSERT INTO `inactive_history` (`user_id`, `commission_balance`, `amount`, `date`) VALUES ('PXHCYN', '0', '150', '2025-12-07 00:30:42');
INSERT INTO `inactive_point_history` (`user_id`, `point`, `date`) VALUES ('1GNDEQ', '0', '2025-12-07 00:30:42');
UPDATE `user_registration` SET `sub_point` = 0, `active_status` = 'no'
WHERE `user_id` = '1GNDEQ';
INSERT INTO `arreva_api_logs` (`user_id`, `email`, `endpoint`, `response`, `date`) VALUES ('1GNDEQ', 'Bettylaracormier@gmail.com', 'deactivatemember', '\"Unable to find user matching email or contract number or otherid\"', '2025-12-07 00:30:42');
INSERT INTO `inactive_history` (`user_id`, `commission_balance`, `amount`, `date`) VALUES ('1GNDEQ', '50', '150', '2025-12-07 00:30:42');
INSERT INTO `inactive_point_history` (`user_id`, `point`, `date`) VALUES ('4PJDWH', '0', '2025-12-07 00:30:42');
UPDATE `user_registration` SET `sub_point` = 0, `active_status` = 'no'
WHERE `user_id` = '4PJDWH';
INSERT INTO `arreva_api_logs` (`user_id`, `email`, `endpoint`, `response`, `date`) VALUES ('4PJDWH', 'dayceesaldana169@gmail.com', 'deactivatemember', '\"Unable to find user matching email or contract number or otherid\"', '2025-12-07 00:30:42');
INSERT INTO `inactive_history` (`user_id`, `commission_balance`, `amount`, `date`) VALUES ('4PJDWH', '0', '150', '2025-12-07 00:30:42');
INSERT INTO `inactive_point_history` (`user_id`, `point`, `date`) VALUES ('G3WYIA', '0', '2025-12-07 00:30:42');
UPDATE `user_registration` SET `sub_point` = 0, `active_status` = 'no'
WHERE `user_id` = 'G3WYIA';
INSERT INTO `arreva_api_logs` (`user_id`, `email`, `endpoint`, `response`, `date`) VALUES ('G3WYIA', 'Cmorgansanchez@yahoo.com', 'deactivatemember', '\"Unable to find user matching email or contract number or otherid\"', '2025-12-07 00:30:44');
INSERT INTO `inactive_history` (`user_id`, `commission_balance`, `amount`, `date`) VALUES ('G3WYIA', '0', '150', '2025-12-07 00:30:44');
INSERT INTO `inactive_point_history` (`user_id`, `point`, `date`) VALUES ('5VOD76', '0', '2025-12-07 00:30:44');
UPDATE `user_registration` SET `sub_point` = 0, `active_status` = 'no'
WHERE `user_id` = '5VOD76';
INSERT INTO `arreva_api_logs` (`user_id`, `email`, `endpoint`, `response`, `date`) VALUES ('5VOD76', 'lauraeramosacosta@gmail.com', 'deactivatemember', 'true', '2025-12-07 00:31:10');
INSERT INTO `inactive_history` (`user_id`, `commission_balance`, `amount`, `date`) VALUES ('5VOD76', '112.5', '150', '2025-12-07 00:31:10');
INSERT INTO `inactive_point_history` (`user_id`, `point`, `date`) VALUES ('VZYEPG', '0', '2025-12-07 00:31:10');
UPDATE `user_registration` SET `sub_point` = 0, `active_status` = 'no'
WHERE `user_id` = 'VZYEPG';
INSERT INTO `arreva_api_logs` (`user_id`, `email`, `endpoint`, `response`, `date`) VALUES ('VZYEPG', 'a.ramos9321@icloud.com', 'deactivatemember', '\"Unable to find user matching email or contract number or otherid\"', '2025-12-07 00:31:10');
INSERT INTO `inactive_history` (`user_id`, `commission_balance`, `amount`, `date`) VALUES ('VZYEPG', '0', '150', '2025-12-07 00:31:10');
INSERT INTO `inactive_point_history` (`user_id`, `point`, `date`) VALUES ('TB42PA', '0', '2025-12-07 00:31:10');
UPDATE `user_registration` SET `sub_point` = 0, `active_status` = 'no'
WHERE `user_id` = 'TB42PA';
INSERT INTO `arreva_api_logs` (`user_id`, `email`, `endpoint`, `response`, `date`) VALUES ('TB42PA', 'betsycf@msn.com', 'deactivatemember', '\"Unable to find user matching email or contract number or otherid\"', '2025-12-07 00:31:11');
INSERT INTO `inactive_history` (`user_id`, `commission_balance`, `amount`, `date`) VALUES ('TB42PA', '0', '150', '2025-12-07 00:31:11');
INSERT INTO `inactive_point_history` (`user_id`, `point`, `date`) VALUES ('2KPJZJ', '0', '2025-12-07 00:31:11');
UPDATE `user_registration` SET `sub_point` = 0, `active_status` = 'no'
WHERE `user_id` = '2KPJZJ';
INSERT INTO `arreva_api_logs` (`user_id`, `email`, `endpoint`, `response`, `date`) VALUES ('2KPJZJ', 'marlonlimonta11@gmail.com', 'deactivatemember', '\"Unable to find user matching email or contract number or otherid\"', '2025-12-07 00:31:11');
INSERT INTO `inactive_history` (`user_id`, `commission_balance`, `amount`, `date`) VALUES ('2KPJZJ', '0', '150', '2025-12-07 00:31:11');
INSERT INTO `inactive_point_history` (`user_id`, `point`, `date`) VALUES ('8634EF', '0', '2025-12-07 00:31:11');
UPDATE `user_registration` SET `sub_point` = 0, `active_status` = 'no'
WHERE `user_id` = '8634EF';
INSERT INTO `arreva_api_logs` (`user_id`, `email`, `endpoint`, `response`, `date`) VALUES ('8634EF', 'taymi1509@gmail.com', 'deactivatemember', '\"Unable to find user matching email or contract number or otherid\"', '2025-12-07 00:31:11');
INSERT INTO `inactive_history` (`user_id`, `commission_balance`, `amount`, `date`) VALUES ('8634EF', '0', '150', '2025-12-07 00:31:11');
INSERT INTO `inactive_point_history` (`user_id`, `point`, `date`) VALUES ('7P1TWW', '0', '2025-12-07 00:31:11');
UPDATE `user_registration` SET `sub_point` = 0, `active_status` = 'no'
WHERE `user_id` = '7P1TWW';
INSERT INTO `arreva_api_logs` (`user_id`, `email`, `endpoint`, `response`, `date`) VALUES ('7P1TWW', 'marthamarin9993@gmail.com', 'deactivatemember', '\"Unable to find user matching email or contract number or otherid\"', '2025-12-07 00:31:12');
INSERT INTO `inactive_history` (`user_id`, `commission_balance`, `amount`, `date`) VALUES ('7P1TWW', '20', '150', '2025-12-07 00:31:12');
INSERT INTO `inactive_point_history` (`user_id`, `point`, `date`) VALUES ('WNT6C4', '0', '2025-12-07 00:31:12');
UPDATE `user_registration` SET `sub_point` = 0, `active_status` = 'no'
WHERE `user_id` = 'WNT6C4';
INSERT INTO `arreva_api_logs` (`user_id`, `email`, `endpoint`, `response`, `date`) VALUES ('WNT6C4', 'lizanaya0310@gmail.com', 'deactivatemember', '\"Unable to find user matching email or contract number or otherid\"', '2025-12-07 00:31:13');
INSERT INTO `inactive_history` (`user_id`, `commission_balance`, `amount`, `date`) VALUES ('WNT6C4', '0', '150', '2025-12-07 00:31:13');
INSERT INTO `inactive_point_history` (`user_id`, `point`, `date`) VALUES ('KYPLBN', '0', '2025-12-07 00:31:13');
UPDATE `user_registration` SET `sub_point` = 0, `active_status` = 'no'
WHERE `user_id` = 'KYPLBN';
INSERT INTO `arreva_api_logs` (`user_id`, `email`, `endpoint`, `response`, `date`) VALUES ('KYPLBN', 'ivanportega02@gmail.com', 'deactivatemember', '\"Unable to find user matching email or contract number or otherid\"', '2025-12-07 00:31:14');
INSERT INTO `inactive_history` (`user_id`, `commission_balance`, `amount`, `date`) VALUES ('KYPLBN', '0', '150', '2025-12-07 00:31:14');
INSERT INTO `inactive_point_history` (`user_id`, `point`, `date`) VALUES ('MY94TD', '0', '2025-12-07 00:31:14');
UPDATE `user_registration` SET `sub_point` = 0, `active_status` = 'no'
WHERE `user_id` = 'MY94TD';
INSERT INTO `arreva_api_logs` (`user_id`, `email`, `endpoint`, `response`, `date`) VALUES ('MY94TD', 'a90961084@gmail.com', 'deactivatemember', '\"Unable to find user matching email or contract number or otherid\"', '2025-12-07 00:31:15');
INSERT INTO `inactive_history` (`user_id`, `commission_balance`, `amount`, `date`) VALUES ('MY94TD', '0', '150', '2025-12-07 00:31:15');
INSERT INTO `inactive_point_history` (`user_id`, `point`, `date`) VALUES ('5MW4H3', '0', '2025-12-07 00:31:15');
UPDATE `user_registration` SET `sub_point` = 0, `active_status` = 'no'
WHERE `user_id` = '5MW4H3';
INSERT INTO `arreva_api_logs` (`user_id`, `email`, `endpoint`, `response`, `date`) VALUES ('5MW4H3', 'yaredari2023@gmail.com', 'deactivatemember', '\"Unable to find user matching email or contract number or otherid\"', '2025-12-07 00:31:15');
INSERT INTO `inactive_history` (`user_id`, `commission_balance`, `amount`, `date`) VALUES ('5MW4H3', '0', '150', '2025-12-07 00:31:15');
INSERT INTO `inactive_point_history` (`user_id`, `point`, `date`) VALUES ('XT3VLL', '0', '2025-12-07 00:31:15');
UPDATE `user_registration` SET `sub_point` = 0, `active_status` = 'no'
WHERE `user_id` = 'XT3VLL';
INSERT INTO `arreva_api_logs` (`user_id`, `email`, `endpoint`, `response`, `date`) VALUES ('XT3VLL', 'daychavez912@gmail.com', 'deactivatemember', '\"Unable to find user matching email or contract number or otherid\"', '2025-12-07 00:31:15');
INSERT INTO `inactive_history` (`user_id`, `commission_balance`, `amount`, `date`) VALUES ('XT3VLL', '0', '150', '2025-12-07 00:31:15');
INSERT INTO `inactive_point_history` (`user_id`, `point`, `date`) VALUES ('WP5PIA', '0', '2025-12-07 00:31:15');
UPDATE `user_registration` SET `sub_point` = 0, `active_status` = 'no'
WHERE `user_id` = 'WP5PIA';
INSERT INTO `arreva_api_logs` (`user_id`, `email`, `endpoint`, `response`, `date`) VALUES ('WP5PIA', 'zuramacortina@gmail.com', 'deactivatemember', '\"Unable to find user matching email or contract number or otherid\"', '2025-12-07 00:31:15');
INSERT INTO `inactive_history` (`user_id`, `commission_balance`, `amount`, `date`) VALUES ('WP5PIA', '50', '150', '2025-12-07 00:31:15');
INSERT INTO `inactive_point_history` (`user_id`, `point`, `date`) VALUES ('DSVFR5', '0', '2025-12-07 00:31:15');
UPDATE `user_registration` SET `sub_point` = 0, `active_status` = 'no'
WHERE `user_id` = 'DSVFR5';
INSERT INTO `arreva_api_logs` (`user_id`, `email`, `endpoint`, `response`, `date`) VALUES ('DSVFR5', 'jesuscruzsantovenia@gmail.com', 'deactivatemember', '\"Unable to find user matching email or contract number or otherid\"', '2025-12-07 00:31:17');
INSERT INTO `inactive_history` (`user_id`, `commission_balance`, `amount`, `date`) VALUES ('DSVFR5', '87.5', '150', '2025-12-07 00:31:17');
INSERT INTO `inactive_point_history` (`user_id`, `point`, `date`) VALUES ('7ZQOFP', '0', '2025-12-07 00:31:17');
UPDATE `user_registration` SET `sub_point` = 0, `active_status` = 'no'
WHERE `user_id` = '7ZQOFP';
INSERT INTO `arreva_api_logs` (`user_id`, `email`, `endpoint`, `response`, `date`) VALUES ('7ZQOFP', 'hilvarshopping@gmail.com', 'deactivatemember', '\"Unable to find user matching email or contract number or otherid\"', '2025-12-07 00:31:18');
INSERT INTO `inactive_history` (`user_id`, `commission_balance`, `amount`, `date`) VALUES ('7ZQOFP', '20', '150', '2025-12-07 00:31:18');
INSERT INTO `inactive_point_history` (`user_id`, `point`, `date`) VALUES ('4Q2HUA', '0', '2025-12-07 00:31:18');
UPDATE `user_registration` SET `sub_point` = 0, `active_status` = 'no'
WHERE `user_id` = '4Q2HUA';
INSERT INTO `arreva_api_logs` (`user_id`, `email`, `endpoint`, `response`, `date`) VALUES ('4Q2HUA', 'yeniaesquijarrosa@gmail.com', 'deactivatemember', '\"Unable to find user matching email or contract number or otherid\"', '2025-12-07 00:31:19');
INSERT INTO `inactive_history` (`user_id`, `commission_balance`, `amount`, `date`) VALUES ('4Q2HUA', '0', '150', '2025-12-07 00:31:19');
INSERT INTO `inactive_point_history` (`user_id`, `point`, `date`) VALUES ('DLHC7V', '0', '2025-12-07 00:31:19');
UPDATE `user_registration` SET `sub_point` = 0, `active_status` = 'no'
WHERE `user_id` = 'DLHC7V';
INSERT INTO `arreva_api_logs` (`user_id`, `email`, `endpoint`, `response`, `date`) VALUES ('DLHC7V', 'bacarote54@gmail.com', 'deactivatemember', '\"Unable to find user matching email or contract number or otherid\"', '2025-12-07 00:31:19');
INSERT INTO `inactive_history` (`user_id`, `commission_balance`, `amount`, `date`) VALUES ('DLHC7V', '0', '150', '2025-12-07 00:31:19');
INSERT INTO `inactive_point_history` (`user_id`, `point`, `date`) VALUES ('QXETAG', '0', '2025-12-07 00:31:19');
UPDATE `user_registration` SET `sub_point` = 0, `active_status` = 'no'
WHERE `user_id` = 'QXETAG';
INSERT INTO `arreva_api_logs` (`user_id`, `email`, `endpoint`, `response`, `date`) VALUES ('QXETAG', 'amadorsonia67@icloud.com', 'deactivatemember', '\"Unable to find user matching email or contract number or otherid\"', '2025-12-07 00:31:20');
INSERT INTO `inactive_history` (`user_id`, `commission_balance`, `amount`, `date`) VALUES ('QXETAG', '0', '150', '2025-12-07 00:31:20');
INSERT INTO `inactive_point_history` (`user_id`, `point`, `date`) VALUES ('41V5DE', '0', '2025-12-07 00:31:20');
UPDATE `user_registration` SET `sub_point` = 0, `active_status` = 'no'
WHERE `user_id` = '41V5DE';
INSERT INTO `arreva_api_logs` (`user_id`, `email`, `endpoint`, `response`, `date`) VALUES ('41V5DE', 'yoansz79@gmail.com', 'deactivatemember', '\"Unable to find user matching email or contract number or otherid\"', '2025-12-07 00:31:20');
INSERT INTO `inactive_history` (`user_id`, `commission_balance`, `amount`, `date`) VALUES ('41V5DE', '0', '150', '2025-12-07 00:31:20');
INSERT INTO `inactive_point_history` (`user_id`, `point`, `date`) VALUES ('SX4SBY', '0', '2025-12-07 00:31:20');
UPDATE `user_registration` SET `sub_point` = 0, `active_status` = 'no'
WHERE `user_id` = 'SX4SBY';
INSERT INTO `arreva_api_logs` (`user_id`, `email`, `endpoint`, `response`, `date`) VALUES ('SX4SBY', 'enriquemasso42@gmail.com', 'deactivatemember', '\"Unable to find user matching email or contract number or otherid\"', '2025-12-07 00:31:20');
INSERT INTO `inactive_history` (`user_id`, `commission_balance`, `amount`, `date`) VALUES ('SX4SBY', '0', '150', '2025-12-07 00:31:20');
INSERT INTO `inactive_point_history` (`user_id`, `point`, `date`) VALUES ('5SGU6D', '0', '2025-12-07 00:31:20');
UPDATE `user_registration` SET `sub_point` = 0, `active_status` = 'no'
WHERE `user_id` = '5SGU6D';
INSERT INTO `arreva_api_logs` (`user_id`, `email`, `endpoint`, `response`, `date`) VALUES ('5SGU6D', 'sonitac1226@gmail.comp', 'deactivatemember', '\"Unable to find user matching email or contract number or otherid\"', '2025-12-07 00:31:21');
INSERT INTO `inactive_history` (`user_id`, `commission_balance`, `amount`, `date`) VALUES ('5SGU6D', '0', '150', '2025-12-07 00:31:21');
INSERT INTO `inactive_point_history` (`user_id`, `point`, `date`) VALUES ('JYZE9L', '0', '2025-12-07 00:31:21');
UPDATE `user_registration` SET `sub_point` = 0, `active_status` = 'no'
WHERE `user_id` = 'JYZE9L';
INSERT INTO `arreva_api_logs` (`user_id`, `email`, `endpoint`, `response`, `date`) VALUES ('JYZE9L', 'mari0803@yahoo.es', 'deactivatemember', '\"Unable to find user matching email or contract number or otherid\"', '2025-12-07 00:31:21');
INSERT INTO `inactive_history` (`user_id`, `commission_balance`, `amount`, `date`) VALUES ('JYZE9L', '125', '150', '2025-12-07 00:31:21');
INSERT INTO `inactive_point_history` (`user_id`, `point`, `date`) VALUES ('6UFXJY', '0', '2025-12-07 00:31:21');
UPDATE `user_registration` SET `sub_point` = 0, `active_status` = 'no'
WHERE `user_id` = '6UFXJY';
INSERT INTO `arreva_api_logs` (`user_id`, `email`, `endpoint`, `response`, `date`) VALUES ('6UFXJY', 'belindaserbellon2013@gmail.com', 'deactivatemember', '\"Unable to find user matching email or contract number or otherid\"', '2025-12-07 00:31:22');
INSERT INTO `inactive_history` (`user_id`, `commission_balance`, `amount`, `date`) VALUES ('6UFXJY', '0', '150', '2025-12-07 00:31:22');
INSERT INTO `inactive_point_history` (`user_id`, `point`, `date`) VALUES ('6FI4ND', '0', '2025-12-07 00:31:22');
UPDATE `user_registration` SET `sub_point` = 0, `active_status` = 'no'
WHERE `user_id` = '6FI4ND';
INSERT INTO `arreva_api_logs` (`user_id`, `email`, `endpoint`, `response`, `date`) VALUES ('6FI4ND', 'deylonhernandez34@gmail.com', 'deactivatemember', '\"Unable to find user matching email or contract number or otherid\"', '2025-12-07 00:31:23');
INSERT INTO `inactive_history` (`user_id`, `commission_balance`, `amount`, `date`) VALUES ('6FI4ND', '0', '150', '2025-12-07 00:31:23');
INSERT INTO `inactive_point_history` (`user_id`, `point`, `date`) VALUES ('2HKNYD', '0', '2025-12-07 00:31:23');
UPDATE `user_registration` SET `sub_point` = 0, `active_status` = 'no'
WHERE `user_id` = '2HKNYD';
INSERT INTO `arreva_api_logs` (`user_id`, `email`, `endpoint`, `response`, `date`) VALUES ('2HKNYD', 'ripollarlene0@gmail.com', 'deactivatemember', 'true', '2025-12-07 00:31:26');
INSERT INTO `inactive_history` (`user_id`, `commission_balance`, `amount`, `date`) VALUES ('2HKNYD', '0', '150', '2025-12-07 00:31:26');
INSERT INTO `inactive_point_history` (`user_id`, `point`, `date`) VALUES ('55ASP4', '0', '2025-12-07 00:31:26');
UPDATE `user_registration` SET `sub_point` = 0, `active_status` = 'no'
WHERE `user_id` = '55ASP4';
INSERT INTO `arreva_api_logs` (`user_id`, `email`, `endpoint`, `response`, `date`) VALUES ('55ASP4', 'sbsfunding79@gmail.com', 'deactivatemember', '\"Unable to find user matching email or contract number or otherid\"', '2025-12-07 00:31:26');
INSERT INTO `inactive_history` (`user_id`, `commission_balance`, `amount`, `date`) VALUES ('55ASP4', '0', '150', '2025-12-07 00:31:26');
INSERT INTO `inactive_point_history` (`user_id`, `point`, `date`) VALUES ('P16KP7', '0', '2025-12-07 00:31:26');
UPDATE `user_registration` SET `sub_point` = 0, `active_status` = 'no'
WHERE `user_id` = 'P16KP7';
INSERT INTO `arreva_api_logs` (`user_id`, `email`, `endpoint`, `response`, `date`) VALUES ('P16KP7', 'breijocrespo@gmail.com', 'deactivatemember', '\"Unable to find user matching email or contract number or otherid\"', '2025-12-07 00:31:27');
INSERT INTO `inactive_history` (`user_id`, `commission_balance`, `amount`, `date`) VALUES ('P16KP7', '0', '150', '2025-12-07 00:31:27');
INSERT INTO `inactive_point_history` (`user_id`, `point`, `date`) VALUES ('7VETI8', '0', '2025-12-07 00:31:27');
UPDATE `user_registration` SET `sub_point` = 0, `active_status` = 'no'
WHERE `user_id` = '7VETI8';
INSERT INTO `arreva_api_logs` (`user_id`, `email`, `endpoint`, `response`, `date`) VALUES ('7VETI8', 'sotolongor+955@gmail.com', 'deactivatemember', '\"Unable to find user matching email or contract number or otherid\"', '2025-12-07 00:31:27');
INSERT INTO `inactive_history` (`user_id`, `commission_balance`, `amount`, `date`) VALUES ('7VETI8', '0', '150', '2025-12-07 00:31:27');
INSERT INTO `inactive_point_history` (`user_id`, `point`, `date`) VALUES ('EKTIVH', '0', '2025-12-07 00:31:27');
UPDATE `user_registration` SET `sub_point` = 0, `active_status` = 'no'
WHERE `user_id` = 'EKTIVH';
INSERT INTO `arreva_api_logs` (`user_id`, `email`, `endpoint`, `response`, `date`) VALUES ('EKTIVH', 'anniel.reyes@icloud.com', 'deactivatemember', '\"Unable to find user matching email or contract number or otherid\"', '2025-12-07 00:31:27');
INSERT INTO `inactive_history` (`user_id`, `commission_balance`, `amount`, `date`) VALUES ('EKTIVH', '0', '150', '2025-12-07 00:31:27');
INSERT INTO `inactive_point_history` (`user_id`, `point`, `date`) VALUES ('WAO86G', '0', '2025-12-07 00:31:27');
UPDATE `user_registration` SET `sub_point` = 0, `active_status` = 'no'
WHERE `user_id` = 'WAO86G';
INSERT INTO `arreva_api_logs` (`user_id`, `email`, `endpoint`, `response`, `date`) VALUES ('WAO86G', 'Albaperez2012@yahoo.com', 'deactivatemember', '\"Unable to find user matching email or contract number or otherid\"', '2025-12-07 00:31:28');
INSERT INTO `inactive_history` (`user_id`, `commission_balance`, `amount`, `date`) VALUES ('WAO86G', '0', '150', '2025-12-07 00:31:28');
INSERT INTO `inactive_point_history` (`user_id`, `point`, `date`) VALUES ('5YE99V', '0', '2025-12-07 00:31:28');
UPDATE `user_registration` SET `sub_point` = 0, `active_status` = 'no'
WHERE `user_id` = '5YE99V';
INSERT INTO `arreva_api_logs` (`user_id`, `email`, `endpoint`, `response`, `date`) VALUES ('5YE99V', 'esterperez75@yahoo.com', 'deactivatemember', '\"Unable to find user matching email or contract number or otherid\"', '2025-12-07 00:31:29');
INSERT INTO `inactive_history` (`user_id`, `commission_balance`, `amount`, `date`) VALUES ('5YE99V', '0', '50', '2025-12-07 00:31:29');
INSERT INTO `inactive_point_history` (`user_id`, `point`, `date`) VALUES ('XFX3US', '0', '2025-12-07 00:31:29');
UPDATE `user_registration` SET `sub_point` = 0, `active_status` = 'no'
WHERE `user_id` = 'XFX3US';
INSERT INTO `arreva_api_logs` (`user_id`, `email`, `endpoint`, `response`, `date`) VALUES ('XFX3US', 'vherreraaa16@gmail.com', 'deactivatemember', '\"Unable to find user matching email or contract number or otherid\"', '2025-12-07 00:31:30');
INSERT INTO `inactive_history` (`user_id`, `commission_balance`, `amount`, `date`) VALUES ('XFX3US', '0', '50', '2025-12-07 00:31:30');
INSERT INTO `inactive_point_history` (`user_id`, `point`, `date`) VALUES ('9I44XH', '0', '2025-12-07 00:31:30');
UPDATE `user_registration` SET `sub_point` = 0, `active_status` = 'no'
WHERE `user_id` = '9I44XH';
INSERT INTO `arreva_api_logs` (`user_id`, `email`, `endpoint`, `response`, `date`) VALUES ('9I44XH', 'taymigonzalez71@gmail.com', 'deactivatemember', 'true', '2025-12-07 00:32:11');
INSERT INTO `inactive_history` (`user_id`, `commission_balance`, `amount`, `date`) VALUES ('9I44XH', '37.5', '150', '2025-12-07 00:32:11');
INSERT INTO `inactive_point_history` (`user_id`, `point`, `date`) VALUES ('MRC89O', '0', '2025-12-07 00:32:11');
UPDATE `user_registration` SET `sub_point` = 0, `active_status` = 'no'
WHERE `user_id` = 'MRC89O';
INSERT INTO `arreva_api_logs` (`user_id`, `email`, `endpoint`, `response`, `date`) VALUES ('MRC89O', 'rosxcrz@gmail.com', 'deactivatemember', '\"Unable to find user matching email or contract number or otherid\"', '2025-12-07 00:32:12');
INSERT INTO `inactive_history` (`user_id`, `commission_balance`, `amount`, `date`) VALUES ('MRC89O', '50', '150', '2025-12-07 00:32:12');
INSERT INTO `inactive_point_history` (`user_id`, `point`, `date`) VALUES ('F8GQHM', '0', '2025-12-07 00:32:12');
UPDATE `user_registration` SET `sub_point` = 0, `active_status` = 'no'
WHERE `user_id` = 'F8GQHM';
INSERT INTO `arreva_api_logs` (`user_id`, `email`, `endpoint`, `response`, `date`) VALUES ('F8GQHM', 'carlosochoa1973@gmail.com', 'deactivatemember', '\"Unable to find user matching email or contract number or otherid\"', '2025-12-07 00:32:12');
INSERT INTO `inactive_history` (`user_id`, `commission_balance`, `amount`, `date`) VALUES ('F8GQHM', '0', '150', '2025-12-07 00:32:12');
INSERT INTO `inactive_point_history` (`user_id`, `point`, `date`) VALUES ('7R7D9E', '0', '2025-12-07 00:32:12');
UPDATE `user_registration` SET `sub_point` = 0, `active_status` = 'no'
WHERE `user_id` = '7R7D9E';
INSERT INTO `arreva_api_logs` (`user_id`, `email`, `endpoint`, `response`, `date`) VALUES ('7R7D9E', 'hjaa2711@gmail.com', 'deactivatemember', '\"Unable to find user matching email or contract number or otherid\"', '2025-12-07 00:32:13');
INSERT INTO `inactive_history` (`user_id`, `commission_balance`, `amount`, `date`) VALUES ('7R7D9E', '0', '150', '2025-12-07 00:32:13');
INSERT INTO `inactive_point_history` (`user_id`, `point`, `date`) VALUES ('FMXQ6T', '0', '2025-12-07 00:32:13');
UPDATE `user_registration` SET `sub_point` = 0, `active_status` = 'no'
WHERE `user_id` = 'FMXQ6T';
INSERT INTO `arreva_api_logs` (`user_id`, `email`, `endpoint`, `response`, `date`) VALUES ('FMXQ6T', 'yamisvaldes7@gmail.com', 'deactivatemember', '\"Unable to find user matching email or contract number or otherid\"', '2025-12-07 00:32:13');
INSERT INTO `inactive_history` (`user_id`, `commission_balance`, `amount`, `date`) VALUES ('FMXQ6T', '0', '150', '2025-12-07 00:32:13');
INSERT INTO `inactive_point_history` (`user_id`, `point`, `date`) VALUES ('BAR1UQ', '0', '2025-12-07 00:32:13');
UPDATE `user_registration` SET `sub_point` = 0, `active_status` = 'no'
WHERE `user_id` = 'BAR1UQ';
INSERT INTO `arreva_api_logs` (`user_id`, `email`, `endpoint`, `response`, `date`) VALUES ('BAR1UQ', 'alvarezperzabel1968@gmail.com', 'deactivatemember', '\"Unable to find user matching email or contract number or otherid\"', '2025-12-07 00:32:16');
INSERT INTO `inactive_history` (`user_id`, `commission_balance`, `amount`, `date`) VALUES ('BAR1UQ', '0', '150', '2025-12-07 00:32:16');
INSERT INTO `inactive_point_history` (`user_id`, `point`, `date`) VALUES ('6RCEKP', '0', '2025-12-07 00:32:16');
UPDATE `user_registration` SET `sub_point` = 0, `active_status` = 'no'
WHERE `user_id` = '6RCEKP';
INSERT INTO `arreva_api_logs` (`user_id`, `email`, `endpoint`, `response`, `date`) VALUES ('6RCEKP', 'felixarias171@gmail.com', 'deactivatemember', 'true', '2025-12-07 00:32:26');
INSERT INTO `inactive_history` (`user_id`, `commission_balance`, `amount`, `date`) VALUES ('6RCEKP', '0', '150', '2025-12-07 00:32:26');
INSERT INTO `inactive_point_history` (`user_id`, `point`, `date`) VALUES ('5J9Q6A', '0', '2025-12-07 00:32:26');
UPDATE `user_registration` SET `sub_point` = 0, `active_status` = 'no'
WHERE `user_id` = '5J9Q6A';
INSERT INTO `arreva_api_logs` (`user_id`, `email`, `endpoint`, `response`, `date`) VALUES ('5J9Q6A', 'reiderglz16@gmail.com', 'deactivatemember', '\"Unable to find user matching email or contract number or otherid\"', '2025-12-07 00:32:26');
INSERT INTO `inactive_history` (`user_id`, `commission_balance`, `amount`, `date`) VALUES ('5J9Q6A', '0', '150', '2025-12-07 00:32:26');
INSERT INTO `inactive_point_history` (`user_id`, `point`, `date`) VALUES ('RHLTER', '0', '2025-12-07 00:32:26');
UPDATE `user_registration` SET `sub_point` = 0, `active_status` = 'no'
WHERE `user_id` = 'RHLTER';
INSERT INTO `arreva_api_logs` (`user_id`, `email`, `endpoint`, `response`, `date`) VALUES ('RHLTER', 'leydisvaldes5@gmail.com', 'deactivatemember', '\"Unable to find user matching email or contract number or otherid\"', '2025-12-07 00:32:27');
INSERT INTO `inactive_history` (`user_id`, `commission_balance`, `amount`, `date`) VALUES ('RHLTER', '0', '150', '2025-12-07 00:32:27');
INSERT INTO `inactive_point_history` (`user_id`, `point`, `date`) VALUES ('VIBIFH', '0', '2025-12-07 00:32:27');
UPDATE `user_registration` SET `sub_point` = 0, `active_status` = 'no'
WHERE `user_id` = 'VIBIFH';
INSERT INTO `arreva_api_logs` (`user_id`, `email`, `endpoint`, `response`, `date`) VALUES ('VIBIFH', 'ramosjesusrogelio@gmail.com', 'deactivatemember', '\"Unable to find user matching email or contract number or otherid\"', '2025-12-07 00:32:28');
INSERT INTO `inactive_history` (`user_id`, `commission_balance`, `amount`, `date`) VALUES ('VIBIFH', '0', '150', '2025-12-07 00:32:28');
INSERT INTO `inactive_point_history` (`user_id`, `point`, `date`) VALUES ('FGI2FY', '0', '2025-12-07 00:32:28');
UPDATE `user_registration` SET `sub_point` = 0, `active_status` = 'no'
WHERE `user_id` = 'FGI2FY';
INSERT INTO `arreva_api_logs` (`user_id`, `email`, `endpoint`, `response`, `date`) VALUES ('FGI2FY', 'elizabethvicente25@yahoo.com', 'deactivatemember', '\"Unable to find user matching email or contract number or otherid\"', '2025-12-07 00:32:29');
INSERT INTO `inactive_history` (`user_id`, `commission_balance`, `amount`, `date`) VALUES ('FGI2FY', '0', '150', '2025-12-07 00:32:29');
INSERT INTO `inactive_point_history` (`user_id`, `point`, `date`) VALUES ('JLPXI6', '0', '2025-12-07 00:32:29');
UPDATE `user_registration` SET `sub_point` = 0, `active_status` = 'no'
WHERE `user_id` = 'JLPXI6';
INSERT INTO `arreva_api_logs` (`user_id`, `email`, `endpoint`, `response`, `date`) VALUES ('JLPXI6', 'mariaisabel74@live.com', 'deactivatemember', '\"Unable to find user matching email or contract number or otherid\"', '2025-12-07 00:32:29');
INSERT INTO `inactive_history` (`user_id`, `commission_balance`, `amount`, `date`) VALUES ('JLPXI6', '0', '150', '2025-12-07 00:32:29');
INSERT INTO `inactive_point_history` (`user_id`, `point`, `date`) VALUES ('1HT8BK', '0', '2025-12-07 00:32:29');
UPDATE `user_registration` SET `sub_point` = 0, `active_status` = 'no'
WHERE `user_id` = '1HT8BK';
INSERT INTO `arreva_api_logs` (`user_id`, `email`, `endpoint`, `response`, `date`) VALUES ('1HT8BK', 'astrid1246@gmail.com', 'deactivatemember', '\"Unable to find user matching email or contract number or otherid\"', '2025-12-07 00:32:29');
INSERT INTO `inactive_history` (`user_id`, `commission_balance`, `amount`, `date`) VALUES ('1HT8BK', '0', '150', '2025-12-07 00:32:29');
INSERT INTO `inactive_point_history` (`user_id`, `point`, `date`) VALUES ('YFRSTE', '0', '2025-12-07 00:32:29');
UPDATE `user_registration` SET `sub_point` = 0, `active_status` = 'no'
WHERE `user_id` = 'YFRSTE';
INSERT INTO `arreva_api_logs` (`user_id`, `email`, `endpoint`, `response`, `date`) VALUES ('YFRSTE', 'jimenez781108@gmail.com', 'deactivatemember', '\"Unable to find user matching email or contract number or otherid\"', '2025-12-07 00:32:31');
INSERT INTO `inactive_history` (`user_id`, `commission_balance`, `amount`, `date`) VALUES ('YFRSTE', '0', '150', '2025-12-07 00:32:31');
INSERT INTO `inactive_point_history` (`user_id`, `point`, `date`) VALUES ('G53DXI', '0', '2025-12-07 00:32:31');
UPDATE `user_registration` SET `sub_point` = 0, `active_status` = 'no'
WHERE `user_id` = 'G53DXI';
INSERT INTO `arreva_api_logs` (`user_id`, `email`, `endpoint`, `response`, `date`) VALUES ('G53DXI', 'hernandezasnialis@gmail.com', 'deactivatemember', '\"Unable to find user matching email or contract number or otherid\"', '2025-12-07 00:32:32');
INSERT INTO `inactive_history` (`user_id`, `commission_balance`, `amount`, `date`) VALUES ('G53DXI', '0', '50', '2025-12-07 00:32:32');
INSERT INTO `inactive_point_history` (`user_id`, `point`, `date`) VALUES ('1KMQ3V', '0', '2025-12-07 00:32:32');
UPDATE `user_registration` SET `sub_point` = 0, `active_status` = 'no'
WHERE `user_id` = '1KMQ3V';
INSERT INTO `arreva_api_logs` (`user_id`, `email`, `endpoint`, `response`, `date`) VALUES ('1KMQ3V', 'adrianlimapadron@gmail.com', 'deactivatemember', '\"Unable to find user matching email or contract number or otherid\"', '2025-12-07 00:32:32');
INSERT INTO `inactive_history` (`user_id`, `commission_balance`, `amount`, `date`) VALUES ('1KMQ3V', '100', '150', '2025-12-07 00:32:32');
INSERT INTO `inactive_point_history` (`user_id`, `point`, `date`) VALUES ('ZVZUJ1', '0', '2025-12-07 00:32:32');
UPDATE `user_registration` SET `sub_point` = 0, `active_status` = 'no'
WHERE `user_id` = 'ZVZUJ1';
INSERT INTO `arreva_api_logs` (`user_id`, `email`, `endpoint`, `response`, `date`) VALUES ('ZVZUJ1', 'acielpollo@gmail.com', 'deactivatemember', '\"Unable to find user matching email or contract number or otherid\"', '2025-12-07 00:32:33');
INSERT INTO `inactive_history` (`user_id`, `commission_balance`, `amount`, `date`) VALUES ('ZVZUJ1', '0', '150', '2025-12-07 00:32:33');
INSERT INTO `inactive_point_history` (`user_id`, `point`, `date`) VALUES ('SAMPQX', '0', '2025-12-07 00:32:33');
UPDATE `user_registration` SET `sub_point` = 0, `active_status` = 'no'
WHERE `user_id` = 'SAMPQX';
INSERT INTO `arreva_api_logs` (`user_id`, `email`, `endpoint`, `response`, `date`) VALUES ('SAMPQX', 'inamsay80@gmail.com', 'deactivatemember', '\"Unable to find user matching email or contract number or otherid\"', '2025-12-07 00:32:33');
INSERT INTO `inactive_history` (`user_id`, `commission_balance`, `amount`, `date`) VALUES ('SAMPQX', '0', '150', '2025-12-07 00:32:33');
INSERT INTO `inactive_point_history` (`user_id`, `point`, `date`) VALUES ('F3SYYS', '0', '2025-12-07 00:32:33');
UPDATE `user_registration` SET `sub_point` = 0, `active_status` = 'no'
WHERE `user_id` = 'F3SYYS';
INSERT INTO `arreva_api_logs` (`user_id`, `email`, `endpoint`, `response`, `date`) VALUES ('F3SYYS', 'eideneilen2128@yahoo.com', 'deactivatemember', '\"Unable to find user matching email or contract number or otherid\"', '2025-12-07 00:32:33');
INSERT INTO `inactive_history` (`user_id`, `commission_balance`, `amount`, `date`) VALUES ('F3SYYS', '0', '150', '2025-12-07 00:32:33');
INSERT INTO `inactive_point_history` (`user_id`, `point`, `date`) VALUES ('9T3Q72', '0', '2025-12-07 00:32:33');
UPDATE `user_registration` SET `sub_point` = 0, `active_status` = 'no'
WHERE `user_id` = '9T3Q72';
INSERT INTO `arreva_api_logs` (`user_id`, `email`, `endpoint`, `response`, `date`) VALUES ('9T3Q72', 'yohaniamartinez2005@gmail.com', 'deactivatemember', '\"Unable to find user matching email or contract number or otherid\"', '2025-12-07 00:32:34');
INSERT INTO `inactive_history` (`user_id`, `commission_balance`, `amount`, `date`) VALUES ('9T3Q72', '0', '150', '2025-12-07 00:32:34');
INSERT INTO `inactive_point_history` (`user_id`, `point`, `date`) VALUES ('23UJOB', '0', '2025-12-07 00:32:34');
UPDATE `user_registration` SET `sub_point` = 0, `active_status` = 'no'
WHERE `user_id` = '23UJOB';
INSERT INTO `arreva_api_logs` (`user_id`, `email`, `endpoint`, `response`, `date`) VALUES ('23UJOB', 'alfreddgdo@gmail.com', 'deactivatemember', '\"Unable to find user matching email or contract number or otherid\"', '2025-12-07 00:32:34');
INSERT INTO `inactive_history` (`user_id`, `commission_balance`, `amount`, `date`) VALUES ('23UJOB', '0', '150', '2025-12-07 00:32:34');
INSERT INTO `inactive_point_history` (`user_id`, `point`, `date`) VALUES ('NB7P18', '0', '2025-12-07 00:32:34');
UPDATE `user_registration` SET `sub_point` = 0, `active_status` = 'no'
WHERE `user_id` = 'NB7P18';
INSERT INTO `arreva_api_logs` (`user_id`, `email`, `endpoint`, `response`, `date`) VALUES ('NB7P18', 'santoslayra796@gmail.com', 'deactivatemember', '\"Unable to find user matching email or contract number or otherid\"', '2025-12-07 00:32:34');
INSERT INTO `inactive_history` (`user_id`, `commission_balance`, `amount`, `date`) VALUES ('NB7P18', '0', '150', '2025-12-07 00:32:34');
INSERT INTO `inactive_point_history` (`user_id`, `point`, `date`) VALUES ('7A2JD7', '0', '2025-12-07 00:32:34');
UPDATE `user_registration` SET `sub_point` = 0, `active_status` = 'no'
WHERE `user_id` = '7A2JD7';
INSERT INTO `arreva_api_logs` (`user_id`, `email`, `endpoint`, `response`, `date`) VALUES ('7A2JD7', 'aztiral_26love@yahoo.com', 'deactivatemember', '\"Unable to find user matching email or contract number or otherid\"', '2025-12-07 00:32:34');
INSERT INTO `inactive_history` (`user_id`, `commission_balance`, `amount`, `date`) VALUES ('7A2JD7', '0', '150', '2025-12-07 00:32:34');
INSERT INTO `inactive_point_history` (`user_id`, `point`, `date`) VALUES ('9VPMSG', '0', '2025-12-07 00:32:34');
UPDATE `user_registration` SET `sub_point` = 0, `active_status` = 'no'
WHERE `user_id` = '9VPMSG';
INSERT INTO `arreva_api_logs` (`user_id`, `email`, `endpoint`, `response`, `date`) VALUES ('9VPMSG', 'Jinglyguerravigo2015@gmail.com', 'deactivatemember', '\"Unable to find user matching email or contract number or otherid\"', '2025-12-07 00:32:35');
INSERT INTO `inactive_history` (`user_id`, `commission_balance`, `amount`, `date`) VALUES ('9VPMSG', '0', '150', '2025-12-07 00:32:35');
INSERT INTO `inactive_point_history` (`user_id`, `point`, `date`) VALUES ('J385D5', '0', '2025-12-07 00:32:35');
UPDATE `user_registration` SET `sub_point` = 0, `active_status` = 'no'
WHERE `user_id` = 'J385D5';
INSERT INTO `arreva_api_logs` (`user_id`, `email`, `endpoint`, `response`, `date`) VALUES ('J385D5', 'yohandymartinez@yahoo.com', 'deactivatemember', '\"Unable to find user matching email or contract number or otherid\"', '2025-12-07 00:32:35');
INSERT INTO `inactive_history` (`user_id`, `commission_balance`, `amount`, `date`) VALUES ('J385D5', '0', '150', '2025-12-07 00:32:35');
INSERT INTO `inactive_point_history` (`user_id`, `point`, `date`) VALUES ('GPPR8G', '0', '2025-12-07 00:32:35');
UPDATE `user_registration` SET `sub_point` = 0, `active_status` = 'no'
WHERE `user_id` = 'GPPR8G';
INSERT INTO `arreva_api_logs` (`user_id`, `email`, `endpoint`, `response`, `date`) VALUES ('GPPR8G', 'neftalidela7@gmail.com', 'deactivatemember', 'true', '2025-12-07 00:32:56');
INSERT INTO `inactive_history` (`user_id`, `commission_balance`, `amount`, `date`) VALUES ('GPPR8G', '20', '150', '2025-12-07 00:32:56');
INSERT INTO `inactive_point_history` (`user_id`, `point`, `date`) VALUES ('AM2FR1', '0', '2025-12-07 00:32:56');
UPDATE `user_registration` SET `sub_point` = 0, `active_status` = 'no'
WHERE `user_id` = 'AM2FR1';
INSERT INTO `arreva_api_logs` (`user_id`, `email`, `endpoint`, `response`, `date`) VALUES ('AM2FR1', 'eldacrespo71@yahoo.com', 'deactivatemember', '\"Unable to find user matching email or contract number or otherid\"', '2025-12-07 00:32:56');
INSERT INTO `inactive_history` (`user_id`, `commission_balance`, `amount`, `date`) VALUES ('AM2FR1', '0', '150', '2025-12-07 00:32:56');
INSERT INTO `inactive_point_history` (`user_id`, `point`, `date`) VALUES ('YRYHV2', '0', '2025-12-07 00:32:56');
UPDATE `user_registration` SET `sub_point` = 0, `active_status` = 'no'
WHERE `user_id` = 'YRYHV2';
INSERT INTO `arreva_api_logs` (`user_id`, `email`, `endpoint`, `response`, `date`) VALUES ('YRYHV2', 'aaguila46@yahoo.com', 'deactivatemember', '\"Unable to find user matching email or contract number or otherid\"', '2025-12-07 00:32:56');
INSERT INTO `inactive_history` (`user_id`, `commission_balance`, `amount`, `date`) VALUES ('YRYHV2', '0', '150', '2025-12-07 00:32:56');
INSERT INTO `inactive_point_history` (`user_id`, `point`, `date`) VALUES ('7GDBOU', '0', '2025-12-07 00:32:56');
UPDATE `user_registration` SET `sub_point` = 0, `active_status` = 'no'
WHERE `user_id` = '7GDBOU';
INSERT INTO `arreva_api_logs` (`user_id`, `email`, `endpoint`, `response`, `date`) VALUES ('7GDBOU', 'avalosnarciso@icloud.com', 'deactivatemember', 'true', '2025-12-07 00:33:26');
INSERT INTO `inactive_history` (`user_id`, `commission_balance`, `amount`, `date`) VALUES ('7GDBOU', '100', '150', '2025-12-07 00:33:26');
INSERT INTO `inactive_point_history` (`user_id`, `point`, `date`) VALUES ('BV2MNJ', '0', '2025-12-07 00:33:26');
UPDATE `user_registration` SET `sub_point` = 0, `active_status` = 'no'
WHERE `user_id` = 'BV2MNJ';
INSERT INTO `arreva_api_logs` (`user_id`, `email`, `endpoint`, `response`, `date`) VALUES ('BV2MNJ', 'frankavalos1973@yahoo.com', 'deactivatemember', 'true', '2025-12-07 00:33:56');
INSERT INTO `inactive_history` (`user_id`, `commission_balance`, `amount`, `date`) VALUES ('BV2MNJ', '70', '150', '2025-12-07 00:33:56');
INSERT INTO `inactive_point_history` (`user_id`, `point`, `date`) VALUES ('CM4JLT', '0', '2025-12-07 00:33:56');
UPDATE `user_registration` SET `sub_point` = 0, `active_status` = 'no'
WHERE `user_id` = 'CM4JLT';
INSERT INTO `arreva_api_logs` (`user_id`, `email`, `endpoint`, `response`, `date`) VALUES ('CM4JLT', 'ramirezloren1962@gmail.com', 'deactivatemember', '\"Unable to find user matching email or contract number or otherid\"', '2025-12-07 00:33:56');
INSERT INTO `inactive_history` (`user_id`, `commission_balance`, `amount`, `date`) VALUES ('CM4JLT', '62.5', '150', '2025-12-07 00:33:56');
INSERT INTO `inactive_point_history` (`user_id`, `point`, `date`) VALUES ('R18IYC', '0', '2025-12-07 00:33:56');
UPDATE `user_registration` SET `sub_point` = 0, `active_status` = 'no'
WHERE `user_id` = 'R18IYC';
INSERT INTO `arreva_api_logs` (`user_id`, `email`, `endpoint`, `response`, `date`) VALUES ('R18IYC', 'cachirulo63@gmail.com', 'deactivatemember', '\"Unable to find user matching email or contract number or otherid\"', '2025-12-07 00:33:56');
INSERT INTO `inactive_history` (`user_id`, `commission_balance`, `amount`, `date`) VALUES ('R18IYC', '0', '150', '2025-12-07 00:33:56');
INSERT INTO `inactive_point_history` (`user_id`, `point`, `date`) VALUES ('ERQYYW', '0', '2025-12-07 00:33:56');
UPDATE `user_registration` SET `sub_point` = 0, `active_status` = 'no'
WHERE `user_id` = 'ERQYYW';
INSERT INTO `arreva_api_logs` (`user_id`, `email`, `endpoint`, `response`, `date`) VALUES ('ERQYYW', 'luvcelia@yahoo.com', 'deactivatemember', '\"Unable to find user matching email or contract number or otherid\"', '2025-12-07 00:33:57');
INSERT INTO `inactive_history` (`user_id`, `commission_balance`, `amount`, `date`) VALUES ('ERQYYW', '0', '50', '2025-12-07 00:33:57');
INSERT INTO `inactive_point_history` (`user_id`, `point`, `date`) VALUES ('WYBCPQ', '0', '2025-12-07 00:33:57');
UPDATE `user_registration` SET `sub_point` = 0, `active_status` = 'no'
WHERE `user_id` = 'WYBCPQ';
INSERT INTO `arreva_api_logs` (`user_id`, `email`, `endpoint`, `response`, `date`) VALUES ('WYBCPQ', 'caryalvarez19621@outlook.com', 'deactivatemember', '\"Unable to find user matching email or contract number or otherid\"', '2025-12-07 00:33:57');
INSERT INTO `inactive_history` (`user_id`, `commission_balance`, `amount`, `date`) VALUES ('WYBCPQ', '100', '150', '2025-12-07 00:33:57');
INSERT INTO `inactive_point_history` (`user_id`, `point`, `date`) VALUES ('55IB4V', '0', '2025-12-07 00:33:57');
UPDATE `user_registration` SET `sub_point` = 0, `active_status` = 'no'
WHERE `user_id` = '55IB4V';
INSERT INTO `arreva_api_logs` (`user_id`, `email`, `endpoint`, `response`, `date`) VALUES ('55IB4V', 'delacruzrafael.890925@yahoo.com', 'deactivatemember', '\"Unable to find user matching email or contract number or otherid\"', '2025-12-07 00:33:57');
INSERT INTO `inactive_history` (`user_id`, `commission_balance`, `amount`, `date`) VALUES ('55IB4V', '0', '50', '2025-12-07 00:33:57');
INSERT INTO `inactive_point_history` (`user_id`, `point`, `date`) VALUES ('XEINAA', '0', '2025-12-07 00:33:57');
UPDATE `user_registration` SET `sub_point` = 0, `active_status` = 'no'
WHERE `user_id` = 'XEINAA';
INSERT INTO `arreva_api_logs` (`user_id`, `email`, `endpoint`, `response`, `date`) VALUES ('XEINAA', 'sofi.ibarzabal15@gmail.com', 'deactivatemember', '\"Unable to find user matching email or contract number or otherid\"', '2025-12-07 00:33:57');
INSERT INTO `inactive_history` (`user_id`, `commission_balance`, `amount`, `date`) VALUES ('XEINAA', '0', '50', '2025-12-07 00:33:57');
INSERT INTO `inactive_point_history` (`user_id`, `point`, `date`) VALUES ('5UADRJ', '0', '2025-12-07 00:33:57');
UPDATE `user_registration` SET `sub_point` = 0, `active_status` = 'no'
WHERE `user_id` = '5UADRJ';
INSERT INTO `arreva_api_logs` (`user_id`, `email`, `endpoint`, `response`, `date`) VALUES ('5UADRJ', 'caryalvarez1962@yahoo.com', 'deactivatemember', '\"Unable to find user matching email or contract number or otherid\"', '2025-12-07 00:33:58');
INSERT INTO `inactive_history` (`user_id`, `commission_balance`, `amount`, `date`) VALUES ('5UADRJ', '125', '150', '2025-12-07 00:33:58');
INSERT INTO `inactive_point_history` (`user_id`, `point`, `date`) VALUES ('HP51N7', '0', '2025-12-07 00:33:58');
UPDATE `user_registration` SET `sub_point` = 0, `active_status` = 'no'
WHERE `user_id` = 'HP51N7';
INSERT INTO `arreva_api_logs` (`user_id`, `email`, `endpoint`, `response`, `date`) VALUES ('HP51N7', 'avalossandro5@gmail.com', 'deactivatemember', '\"Unable to find user matching email or contract number or otherid\"', '2025-12-07 00:33:58');
INSERT INTO `inactive_history` (`user_id`, `commission_balance`, `amount`, `date`) VALUES ('HP51N7', '0', '150', '2025-12-07 00:33:58');
INSERT INTO `inactive_point_history` (`user_id`, `point`, `date`) VALUES ('JIYOH4', '0', '2025-12-07 00:33:58');
UPDATE `user_registration` SET `sub_point` = 0, `active_status` = 'no'
WHERE `user_id` = 'JIYOH4';
INSERT INTO `arreva_api_logs` (`user_id`, `email`, `endpoint`, `response`, `date`) VALUES ('JIYOH4', 'ikabemi70@gmail.com', 'deactivatemember', '\"Unable to find user matching email or contract number or otherid\"', '2025-12-07 00:33:58');
INSERT INTO `inactive_history` (`user_id`, `commission_balance`, `amount`, `date`) VALUES ('JIYOH4', '0', '150', '2025-12-07 00:33:58');
INSERT INTO `inactive_point_history` (`user_id`, `point`, `date`) VALUES ('AO42V8', '0', '2025-12-07 00:33:58');
UPDATE `user_registration` SET `sub_point` = 0, `active_status` = 'no'
WHERE `user_id` = 'AO42V8';
INSERT INTO `arreva_api_logs` (`user_id`, `email`, `endpoint`, `response`, `date`) VALUES ('AO42V8', 'at71164@gmail.com', 'deactivatemember', '\"Unable to find user matching email or contract number or otherid\"', '2025-12-07 00:33:58');
INSERT INTO `inactive_history` (`user_id`, `commission_balance`, `amount`, `date`) VALUES ('AO42V8', '0', '150', '2025-12-07 00:33:58');
INSERT INTO `inactive_point_history` (`user_id`, `point`, `date`) VALUES ('OI3UR6', '0', '2025-12-07 00:33:58');
UPDATE `user_registration` SET `sub_point` = 0, `active_status` = 'no'
WHERE `user_id` = 'OI3UR6';
INSERT INTO `arreva_api_logs` (`user_id`, `email`, `endpoint`, `response`, `date`) VALUES ('OI3UR6', 'marilin214@yahoo.com', 'deactivatemember', '\"Unable to find user matching email or contract number or otherid\"', '2025-12-07 00:33:59');
INSERT INTO `inactive_history` (`user_id`, `commission_balance`, `amount`, `date`) VALUES ('OI3UR6', '0', '150', '2025-12-07 00:33:59');
INSERT INTO `inactive_point_history` (`user_id`, `point`, `date`) VALUES ('M5FNDM', '0', '2025-12-07 00:33:59');
UPDATE `user_registration` SET `sub_point` = 0, `active_status` = 'no'
WHERE `user_id` = 'M5FNDM';
INSERT INTO `arreva_api_logs` (`user_id`, `email`, `endpoint`, `response`, `date`) VALUES ('M5FNDM', 'tanite0369@gmail.com', 'deactivatemember', '\"Unable to find user matching email or contract number or otherid\"', '2025-12-07 00:33:59');
INSERT INTO `inactive_history` (`user_id`, `commission_balance`, `amount`, `date`) VALUES ('M5FNDM', '50', '150', '2025-12-07 00:33:59');
INSERT INTO `inactive_point_history` (`user_id`, `point`, `date`) VALUES ('AQ47VU', '0', '2025-12-07 00:33:59');
UPDATE `user_registration` SET `sub_point` = 0, `active_status` = 'no'
WHERE `user_id` = 'AQ47VU';
INSERT INTO `arreva_api_logs` (`user_id`, `email`, `endpoint`, `response`, `date`) VALUES ('AQ47VU', 'luritzabatista@yahoo.com', 'deactivatemember', '\"Unable to find user matching email or contract number or otherid\"', '2025-12-07 00:33:59');
INSERT INTO `inactive_history` (`user_id`, `commission_balance`, `amount`, `date`) VALUES ('AQ47VU', '0', '150', '2025-12-07 00:33:59');
INSERT INTO `inactive_point_history` (`user_id`, `point`, `date`) VALUES ('L8O2QX', '0', '2025-12-07 00:33:59');
UPDATE `user_registration` SET `sub_point` = 0, `active_status` = 'no'
WHERE `user_id` = 'L8O2QX';
INSERT INTO `arreva_api_logs` (`user_id`, `email`, `endpoint`, `response`, `date`) VALUES ('L8O2QX', 'andresroldano18@gmail.com', 'deactivatemember', '\"Unable to find user matching email or contract number or otherid\"', '2025-12-07 00:33:59');
INSERT INTO `inactive_history` (`user_id`, `commission_balance`, `amount`, `date`) VALUES ('L8O2QX', '0', '50', '2025-12-07 00:33:59');
INSERT INTO `inactive_point_history` (`user_id`, `point`, `date`) VALUES ('H5E5WF', '0', '2025-12-07 00:33:59');
UPDATE `user_registration` SET `sub_point` = 0, `active_status` = 'no'
WHERE `user_id` = 'H5E5WF';
INSERT INTO `arreva_api_logs` (`user_id`, `email`, `endpoint`, `response`, `date`) VALUES ('H5E5WF', 'cskloco@gmail.com', 'deactivatemember', '\"Unable to find user matching email or contract number or otherid\"', '2025-12-07 00:34:00');
INSERT INTO `inactive_history` (`user_id`, `commission_balance`, `amount`, `date`) VALUES ('H5E5WF', '125', '150', '2025-12-07 00:34:00');
INSERT INTO `inactive_point_history` (`user_id`, `point`, `date`) VALUES ('NTAGI6', '0', '2025-12-07 00:34:00');
UPDATE `user_registration` SET `sub_point` = 0, `active_status` = 'no'
WHERE `user_id` = 'NTAGI6';
INSERT INTO `arreva_api_logs` (`user_id`, `email`, `endpoint`, `response`, `date`) VALUES ('NTAGI6', 'elizabeth_pardo91@yahoo.com', 'deactivatemember', '\"Unable to find user matching email or contract number or otherid\"', '2025-12-07 00:34:00');
INSERT INTO `inactive_history` (`user_id`, `commission_balance`, `amount`, `date`) VALUES ('NTAGI6', '0', '150', '2025-12-07 00:34:00');
INSERT INTO `inactive_point_history` (`user_id`, `point`, `date`) VALUES ('Z5DNR2', '0', '2025-12-07 00:34:00');
UPDATE `user_registration` SET `sub_point` = 0, `active_status` = 'no'
WHERE `user_id` = 'Z5DNR2';
INSERT INTO `arreva_api_logs` (`user_id`, `email`, `endpoint`, `response`, `date`) VALUES ('Z5DNR2', 'kelly_azate@yahoo.com', 'deactivatemember', '\"Unable to find user matching email or contract number or otherid\"', '2025-12-07 00:34:00');
INSERT INTO `inactive_history` (`user_id`, `commission_balance`, `amount`, `date`) VALUES ('Z5DNR2', '0', '150', '2025-12-07 00:34:00');
INSERT INTO `inactive_point_history` (`user_id`, `point`, `date`) VALUES ('7P5XVX', '0', '2025-12-07 00:34:00');
UPDATE `user_registration` SET `sub_point` = 0, `active_status` = 'no'
WHERE `user_id` = '7P5XVX';
INSERT INTO `arreva_api_logs` (`user_id`, `email`, `endpoint`, `response`, `date`) VALUES ('7P5XVX', 'deylonhernandez@icloud.com', 'deactivatemember', '\"Unable to find user matching email or contract number or otherid\"', '2025-12-07 00:34:00');
INSERT INTO `inactive_history` (`user_id`, `commission_balance`, `amount`, `date`) VALUES ('7P5XVX', '0', '150', '2025-12-07 00:34:00');
INSERT INTO `inactive_point_history` (`user_id`, `point`, `date`) VALUES ('SCC34I', '0', '2025-12-07 00:34:00');
UPDATE `user_registration` SET `sub_point` = 0, `active_status` = 'no'
WHERE `user_id` = 'SCC34I';
INSERT INTO `arreva_api_logs` (`user_id`, `email`, `endpoint`, `response`, `date`) VALUES ('SCC34I', 'Avalossandro08@gmail.com', 'deactivatemember', '\"Unable to find user matching email or contract number or otherid\"', '2025-12-07 00:34:01');
INSERT INTO `inactive_history` (`user_id`, `commission_balance`, `amount`, `date`) VALUES ('SCC34I', '0', '150', '2025-12-07 00:34:01');
INSERT INTO `inactive_point_history` (`user_id`, `point`, `date`) VALUES ('J4BGK4', '0', '2025-12-07 00:34:01');
UPDATE `user_registration` SET `sub_point` = 0, `active_status` = 'no'
WHERE `user_id` = 'J4BGK4';
INSERT INTO `arreva_api_logs` (`user_id`, `email`, `endpoint`, `response`, `date`) VALUES ('J4BGK4', 'rodriguezjf2000@yahoo.com', 'deactivatemember', '\"Unable to find user matching email or contract number or otherid\"', '2025-12-07 00:34:01');
INSERT INTO `inactive_history` (`user_id`, `commission_balance`, `amount`, `date`) VALUES ('J4BGK4', '0', '150', '2025-12-07 00:34:01');
INSERT INTO `inactive_point_history` (`user_id`, `point`, `date`) VALUES ('K67AMG', '0', '2025-12-07 00:34:01');
UPDATE `user_registration` SET `sub_point` = 0, `active_status` = 'no'
WHERE `user_id` = 'K67AMG';
INSERT INTO `arreva_api_logs` (`user_id`, `email`, `endpoint`, `response`, `date`) VALUES ('K67AMG', 'carlohernandez1963@gmail.com', 'deactivatemember', '\"Unable to find user matching email or contract number or otherid\"', '2025-12-07 00:34:01');
INSERT INTO `inactive_history` (`user_id`, `commission_balance`, `amount`, `date`) VALUES ('K67AMG', '0', '150', '2025-12-07 00:34:01');
INSERT INTO `inactive_point_history` (`user_id`, `point`, `date`) VALUES ('LIW8GV', '0', '2025-12-07 00:34:01');
UPDATE `user_registration` SET `sub_point` = 0, `active_status` = 'no'
WHERE `user_id` = 'LIW8GV';
INSERT INTO `arreva_api_logs` (`user_id`, `email`, `endpoint`, `response`, `date`) VALUES ('LIW8GV', 'luisnoris1990@gmail.com', 'deactivatemember', '\"Unable to find user matching email or contract number or otherid\"', '2025-12-07 00:34:01');
INSERT INTO `inactive_history` (`user_id`, `commission_balance`, `amount`, `date`) VALUES ('LIW8GV', '0', '150', '2025-12-07 00:34:01');
INSERT INTO `inactive_point_history` (`user_id`, `point`, `date`) VALUES ('N6VMK1', '0', '2025-12-07 00:34:01');
UPDATE `user_registration` SET `sub_point` = 0, `active_status` = 'no'
WHERE `user_id` = 'N6VMK1';
INSERT INTO `arreva_api_logs` (`user_id`, `email`, `endpoint`, `response`, `date`) VALUES ('N6VMK1', 'javier.rodriguez.novelo@gmail.com', 'deactivatemember', '\"Unable to find user matching email or contract number or otherid\"', '2025-12-07 00:34:02');
INSERT INTO `inactive_history` (`user_id`, `commission_balance`, `amount`, `date`) VALUES ('N6VMK1', '0', '150', '2025-12-07 00:34:02');
INSERT INTO `inactive_point_history` (`user_id`, `point`, `date`) VALUES ('54SJCL', '0', '2025-12-07 00:34:02');
UPDATE `user_registration` SET `sub_point` = 0, `active_status` = 'no'
WHERE `user_id` = '54SJCL';
INSERT INTO `arreva_api_logs` (`user_id`, `email`, `endpoint`, `response`, `date`) VALUES ('54SJCL', 'josejorge3011@hotmail.com', 'deactivatemember', '\"Unable to find user matching email or contract number or otherid\"', '2025-12-07 00:34:02');
INSERT INTO `inactive_history` (`user_id`, `commission_balance`, `amount`, `date`) VALUES ('54SJCL', '0', '150', '2025-12-07 00:34:02');
INSERT INTO `inactive_point_history` (`user_id`, `point`, `date`) VALUES ('DFEDKO', '0', '2025-12-07 00:34:02');
UPDATE `user_registration` SET `sub_point` = 0, `active_status` = 'no'
WHERE `user_id` = 'DFEDKO';
INSERT INTO `arreva_api_logs` (`user_id`, `email`, `endpoint`, `response`, `date`) VALUES ('DFEDKO', 'anegociarfree+1@gmail.com', 'deactivatemember', 'true', '2025-12-07 00:34:26');
INSERT INTO `inactive_history` (`user_id`, `commission_balance`, `amount`, `date`) VALUES ('DFEDKO', '20', '150', '2025-12-07 00:34:26');
INSERT INTO `inactive_point_history` (`user_id`, `point`, `date`) VALUES ('N5PLRR', '0', '2025-12-07 00:34:26');
UPDATE `user_registration` SET `sub_point` = 0, `active_status` = 'no'
WHERE `user_id` = 'N5PLRR';
INSERT INTO `arreva_api_logs` (`user_id`, `email`, `endpoint`, `response`, `date`) VALUES ('N5PLRR', 'deeptalent.boza@gmail.com', 'deactivatemember', '\"Unable to find user matching email or contract number or otherid\"', '2025-12-07 00:34:26');
INSERT INTO `inactive_history` (`user_id`, `commission_balance`, `amount`, `date`) VALUES ('N5PLRR', '30', '50', '2025-12-07 00:34:26');
INSERT INTO `inactive_point_history` (`user_id`, `point`, `date`) VALUES ('RSM4DG', '0', '2025-12-07 00:34:26');
UPDATE `user_registration` SET `sub_point` = 0, `active_status` = 'no'
WHERE `user_id` = 'RSM4DG';
INSERT INTO `arreva_api_logs` (`user_id`, `email`, `endpoint`, `response`, `date`) VALUES ('RSM4DG', 'fssicentral+1@gmail.com', 'deactivatemember', '\"Unable to find user matching email or contract number or otherid\"', '2025-12-07 00:34:27');
INSERT INTO `inactive_history` (`user_id`, `commission_balance`, `amount`, `date`) VALUES ('RSM4DG', '30', '50', '2025-12-07 00:34:27');
INSERT INTO `inactive_point_history` (`user_id`, `point`, `date`) VALUES ('V43EWT', '0', '2025-12-07 00:34:27');
UPDATE `user_registration` SET `sub_point` = 0, `active_status` = 'no'
WHERE `user_id` = 'V43EWT';
INSERT INTO `arreva_api_logs` (`user_id`, `email`, `endpoint`, `response`, `date`) VALUES ('V43EWT', 'deeptalent+1@hotmail.com', 'deactivatemember', '\"Unable to find user matching email or contract number or otherid\"', '2025-12-07 00:34:27');
INSERT INTO `inactive_history` (`user_id`, `commission_balance`, `amount`, `date`) VALUES ('V43EWT', '0', '50', '2025-12-07 00:34:27');
INSERT INTO `inactive_point_history` (`user_id`, `point`, `date`) VALUES ('NDTM1I', '0', '2025-12-07 00:34:27');
UPDATE `user_registration` SET `sub_point` = 0, `active_status` = 'no'
WHERE `user_id` = 'NDTM1I';
INSERT INTO `arreva_api_logs` (`user_id`, `email`, `endpoint`, `response`, `date`) VALUES ('NDTM1I', 'deeptalent+2@hotmail.com', 'deactivatemember', '\"Unable to find user matching email or contract number or otherid\"', '2025-12-07 00:34:27');
INSERT INTO `inactive_history` (`user_id`, `commission_balance`, `amount`, `date`) VALUES ('NDTM1I', '0', '50', '2025-12-07 00:34:27');
INSERT INTO `inactive_point_history` (`user_id`, `point`, `date`) VALUES ('GCLF2W', '0', '2025-12-07 00:34:27');
UPDATE `user_registration` SET `sub_point` = 0, `active_status` = 'no'
WHERE `user_id` = 'GCLF2W';
INSERT INTO `arreva_api_logs` (`user_id`, `email`, `endpoint`, `response`, `date`) VALUES ('GCLF2W', 'rt.amdream+1@gmail.com', 'deactivatemember', '\"Unable to find user matching email or contract number or otherid\"', '2025-12-07 00:34:27');
INSERT INTO `inactive_history` (`user_id`, `commission_balance`, `amount`, `date`) VALUES ('GCLF2W', '20', '50', '2025-12-07 00:34:27');
INSERT INTO `inactive_point_history` (`user_id`, `point`, `date`) VALUES ('6HA49X', '0', '2025-12-07 00:34:27');
UPDATE `user_registration` SET `sub_point` = 0, `active_status` = 'no'
WHERE `user_id` = '6HA49X';
INSERT INTO `arreva_api_logs` (`user_id`, `email`, `endpoint`, `response`, `date`) VALUES ('6HA49X', 'fssicentral+2@gmail.com', 'deactivatemember', '\"Unable to find user matching email or contract number or otherid\"', '2025-12-07 00:34:27');
INSERT INTO `inactive_history` (`user_id`, `commission_balance`, `amount`, `date`) VALUES ('6HA49X', '0', '50', '2025-12-07 00:34:27');
INSERT INTO `inactive_point_history` (`user_id`, `point`, `date`) VALUES ('CN59WR', '0', '2025-12-07 00:34:27');
UPDATE `user_registration` SET `sub_point` = 0, `active_status` = 'no'
WHERE `user_id` = 'CN59WR';
INSERT INTO `arreva_api_logs` (`user_id`, `email`, `endpoint`, `response`, `date`) VALUES ('CN59WR', 'deeptalent.boza+5@gmail.com', 'deactivatemember', '\"Unable to find user matching email or contract number or otherid\"', '2025-12-07 00:34:28');
INSERT INTO `inactive_history` (`user_id`, `commission_balance`, `amount`, `date`) VALUES ('CN59WR', '0', '50', '2025-12-07 00:34:28');
INSERT INTO `inactive_point_history` (`user_id`, `point`, `date`) VALUES ('WCHBRD', '0', '2025-12-07 00:34:28');
UPDATE `user_registration` SET `sub_point` = 0, `active_status` = 'no'
WHERE `user_id` = 'WCHBRD';
INSERT INTO `arreva_api_logs` (`user_id`, `email`, `endpoint`, `response`, `date`) VALUES ('WCHBRD', 'nrproducts20+11@gmail.com', 'deactivatemember', '\"Unable to find user matching email or contract number or otherid\"', '2025-12-07 00:34:28');
INSERT INTO `inactive_history` (`user_id`, `commission_balance`, `amount`, `date`) VALUES ('WCHBRD', '0', '50', '2025-12-07 00:34:28');
INSERT INTO `inactive_point_history` (`user_id`, `point`, `date`) VALUES ('MHTJIU', '0', '2025-12-07 00:34:28');
UPDATE `user_registration` SET `sub_point` = 0, `active_status` = 'no'
WHERE `user_id` = 'MHTJIU';
INSERT INTO `arreva_api_logs` (`user_id`, `email`, `endpoint`, `response`, `date`) VALUES ('MHTJIU', 'onielguerra+2@yahoo.com', 'deactivatemember', '\"Unable to find user matching email or contract number or otherid\"', '2025-12-07 00:34:28');
INSERT INTO `inactive_history` (`user_id`, `commission_balance`, `amount`, `date`) VALUES ('MHTJIU', '20', '50', '2025-12-07 00:34:28');
INSERT INTO `inactive_point_history` (`user_id`, `point`, `date`) VALUES ('C66Y3L', '0', '2025-12-07 00:34:28');
UPDATE `user_registration` SET `sub_point` = 0, `active_status` = 'no'
WHERE `user_id` = 'C66Y3L';
INSERT INTO `arreva_api_logs` (`user_id`, `email`, `endpoint`, `response`, `date`) VALUES ('C66Y3L', 'fssicentral+12@gmail.com', 'deactivatemember', '\"Unable to find user matching email or contract number or otherid\"', '2025-12-07 00:34:29');
INSERT INTO `inactive_history` (`user_id`, `commission_balance`, `amount`, `date`) VALUES ('C66Y3L', '20', '50', '2025-12-07 00:34:29');
INSERT INTO `inactive_point_history` (`user_id`, `point`, `date`) VALUES ('4OOCCH', '0', '2025-12-07 00:34:29');
UPDATE `user_registration` SET `sub_point` = 0, `active_status` = 'no'
WHERE `user_id` = '4OOCCH';
INSERT INTO `arreva_api_logs` (`user_id`, `email`, `endpoint`, `response`, `date`) VALUES ('4OOCCH', 'sfssi+11@gmail.com', 'deactivatemember', '\"Unable to find user matching email or contract number or otherid\"', '2025-12-07 00:34:29');
INSERT INTO `inactive_history` (`user_id`, `commission_balance`, `amount`, `date`) VALUES ('4OOCCH', '0', '50', '2025-12-07 00:34:29');
INSERT INTO `inactive_point_history` (`user_id`, `point`, `date`) VALUES ('G4EQDP', '0', '2025-12-07 00:34:29');
UPDATE `user_registration` SET `sub_point` = 0, `active_status` = 'no'
WHERE `user_id` = 'G4EQDP';
INSERT INTO `arreva_api_logs` (`user_id`, `email`, `endpoint`, `response`, `date`) VALUES ('G4EQDP', 'sfssiw+13@gmail.com', 'deactivatemember', '\"Unable to find user matching email or contract number or otherid\"', '2025-12-07 00:34:29');
INSERT INTO `inactive_history` (`user_id`, `commission_balance`, `amount`, `date`) VALUES ('G4EQDP', '0', '50', '2025-12-07 00:34:29');
INSERT INTO `inactive_point_history` (`user_id`, `point`, `date`) VALUES ('G95C91', '0', '2025-12-07 00:34:29');
UPDATE `user_registration` SET `sub_point` = 0, `active_status` = 'no'
WHERE `user_id` = 'G95C91';
INSERT INTO `arreva_api_logs` (`user_id`, `email`, `endpoint`, `response`, `date`) VALUES ('G95C91', 'sfssiw+15@gmail.com', 'deactivatemember', '\"Unable to find user matching email or contract number or otherid\"', '2025-12-07 00:34:29');
INSERT INTO `inactive_history` (`user_id`, `commission_balance`, `amount`, `date`) VALUES ('G95C91', '0', '50', '2025-12-07 00:34:29');
INSERT INTO `inactive_point_history` (`user_id`, `point`, `date`) VALUES ('SZ1N3Z', '0', '2025-12-07 00:34:29');
UPDATE `user_registration` SET `sub_point` = 0, `active_status` = 'no'
WHERE `user_id` = 'SZ1N3Z';
INSERT INTO `arreva_api_logs` (`user_id`, `email`, `endpoint`, `response`, `date`) VALUES ('SZ1N3Z', 'sfssiw+16@gmail.com', 'deactivatemember', '\"Unable to find user matching email or contract number or otherid\"', '2025-12-07 00:34:29');
INSERT INTO `inactive_history` (`user_id`, `commission_balance`, `amount`, `date`) VALUES ('SZ1N3Z', '0', '50', '2025-12-07 00:34:29');
INSERT INTO `inactive_point_history` (`user_id`, `point`, `date`) VALUES ('4S3VM7', '0', '2025-12-07 00:34:29');
UPDATE `user_registration` SET `sub_point` = 0, `active_status` = 'no'
WHERE `user_id` = '4S3VM7';
INSERT INTO `arreva_api_logs` (`user_id`, `email`, `endpoint`, `response`, `date`) VALUES ('4S3VM7', 'sfssiw+17@gmail.com', 'deactivatemember', '\"Unable to find user matching email or contract number or otherid\"', '2025-12-07 00:34:30');
INSERT INTO `inactive_history` (`user_id`, `commission_balance`, `amount`, `date`) VALUES ('4S3VM7', '0', '50', '2025-12-07 00:34:30');
INSERT INTO `inactive_point_history` (`user_id`, `point`, `date`) VALUES ('G5QCEL', '0', '2025-12-07 00:34:30');
UPDATE `user_registration` SET `sub_point` = 0, `active_status` = 'no'
WHERE `user_id` = 'G5QCEL';
INSERT INTO `arreva_api_logs` (`user_id`, `email`, `endpoint`, `response`, `date`) VALUES ('G5QCEL', 'sfssiw+18@gmail.com', 'deactivatemember', '\"Unable to find user matching email or contract number or otherid\"', '2025-12-07 00:34:30');
INSERT INTO `inactive_history` (`user_id`, `commission_balance`, `amount`, `date`) VALUES ('G5QCEL', '0', '50', '2025-12-07 00:34:30');
INSERT INTO `inactive_point_history` (`user_id`, `point`, `date`) VALUES ('6CYPUS', '0', '2025-12-07 00:34:30');
UPDATE `user_registration` SET `sub_point` = 0, `active_status` = 'no'
WHERE `user_id` = '6CYPUS';
INSERT INTO `arreva_api_logs` (`user_id`, `email`, `endpoint`, `response`, `date`) VALUES ('6CYPUS', 'nquiros@ymail.com', 'deactivatemember', '\"Unable to find user matching email or contract number or otherid\"', '2025-12-07 00:34:30');
INSERT INTO `inactive_history` (`user_id`, `commission_balance`, `amount`, `date`) VALUES ('6CYPUS', '0', '150', '2025-12-07 00:34:30');
INSERT INTO `inactive_point_history` (`user_id`, `point`, `date`) VALUES ('52FDFS', '0', '2025-12-07 00:34:30');
UPDATE `user_registration` SET `sub_point` = 0, `active_status` = 'no'
WHERE `user_id` = '52FDFS';
INSERT INTO `arreva_api_logs` (`user_id`, `email`, `endpoint`, `response`, `date`) VALUES ('52FDFS', 'mariajcarloa@gmail.com', 'deactivatemember', '\"Unable to find user matching email or contract number or otherid\"', '2025-12-07 00:34:30');
INSERT INTO `inactive_history` (`user_id`, `commission_balance`, `amount`, `date`) VALUES ('52FDFS', '0', '150', '2025-12-07 00:34:30');
INSERT INTO `inactive_point_history` (`user_id`, `point`, `date`) VALUES ('LI6NAA', '0', '2025-12-07 00:34:30');
UPDATE `user_registration` SET `sub_point` = 0, `active_status` = 'no'
WHERE `user_id` = 'LI6NAA';
INSERT INTO `arreva_api_logs` (`user_id`, `email`, `endpoint`, `response`, `date`) VALUES ('LI6NAA', 'sotolongor+96@gmail.com', 'deactivatemember', 'true', '2025-12-07 00:34:56');
INSERT INTO `inactive_history` (`user_id`, `commission_balance`, `amount`, `date`) VALUES ('LI6NAA', '0', '150', '2025-12-07 00:34:56');
INSERT INTO `inactive_point_history` (`user_id`, `point`, `date`) VALUES ('NOBRW6', '0', '2025-12-07 00:34:56');
UPDATE `user_registration` SET `sub_point` = 0, `active_status` = 'no'
WHERE `user_id` = 'NOBRW6';
INSERT INTO `cron_job_history` (`name`, `date_started`, `status`) VALUES ('sendReminderMail', '2025-12-07 00:35:01', 'started');
UPDATE `cron_job_history` SET `status` = 'done', `date_end` = '2025-12-07 00:35:02'
WHERE `id` = 872;
INSERT INTO `arreva_api_logs` (`user_id`, `email`, `endpoint`, `response`, `date`) VALUES ('NOBRW6', 'yosvanyperezcruckshank@gmail.com', 'deactivatemember', 'true', '2025-12-07 00:35:26');
INSERT INTO `inactive_history` (`user_id`, `commission_balance`, `amount`, `date`) VALUES ('NOBRW6', '0', '150', '2025-12-07 00:35:26');
INSERT INTO `inactive_point_history` (`user_id`, `point`, `date`) VALUES ('6XB3NC', '0', '2025-12-07 00:35:26');
UPDATE `user_registration` SET `sub_point` = 0, `active_status` = 'no'
WHERE `user_id` = '6XB3NC';
INSERT INTO `arreva_api_logs` (`user_id`, `email`, `endpoint`, `response`, `date`) VALUES ('6XB3NC', 'aymeelucia1971@gmail.com', 'deactivatemember', 'true', '2025-12-07 00:35:56');
INSERT INTO `inactive_history` (`user_id`, `commission_balance`, `amount`, `date`) VALUES ('6XB3NC', '0', '150', '2025-12-07 00:35:56');
UPDATE `user_registration` SET commission_balance = ROUND(commission_balance - 150,2)
WHERE `user_id` = 'J382ZU';
INSERT INTO `sub_history` (`user_id`, `package_id`, `amount`, `payment_method`, `date`) VALUES ('J382ZU', '2', '150', 'Ewallet', '2025-12-07 00:35:56');
UPDATE `user_registration` SET sub_point = ROUND(sub_point + 150,2)
WHERE `user_id` = 'J382ZU';
INSERT INTO `investment` (`invest_date`, `user_id`, `type`, `amount`, `package_id`) VALUES ('2025-12-07 00:35:56', 'J382ZU', 'subscription', '150', '2');
INSERT INTO `earnings` (`user_id`, `Purchaser_id`, `earning_type`, `package_id`, `amount`, `date`, `comments`, `invest_amount`, `comm_perc`, `level`, `rank_id`, `order_id`) VALUES ('PXOKY7', 'J382ZU', 'Subscription Referral Bonus', '2', '37.5', '2025-12-07 00:35:56', 'Subscription Referral Bonus', 0, 0, 1, '', 1318);
UPDATE `user_registration` SET commission_balance = ROUND(commission_balance + 37.5,2)
WHERE `user_id` = 'PXOKY7';
UPDATE `user_registration` SET total_points = ROUND(total_points + 150,2)
WHERE `user_id` = 'J382ZU';
INSERT INTO `points_history` (`user_id`, `points`, `type`, `date`) VALUES ('J382ZU', '150', 'subscription', '2025-12-07 00:35:');
UPDATE `bv_updation` SET left_carry = left_carry+150, total_left = total_left+150
WHERE `user_id` = 'PXOKY7';
INSERT INTO `placement_bv_update_history` (`left_carry`, `date`, `from_id`, `user_id`) VALUES ('150', '2025-12-07 00:35:56', 'J382ZU', 'PXOKY7');
UPDATE `user_registration` SET `cycle_rank_id` = '1'
WHERE `user_id` = 'PXOKY7';
INSERT INTO `rank_history` (`rank_id`, `user_id`, `name`, `bv`, `date`, `amount`, `type`) VALUES ('1', 'PXOKY7', 'Affiliate', '0', '2025-12-07 00:35:56', '0', 'auto');
UPDATE `bv_updation` SET sponsor_left_carry = sponsor_left_carry+150, sponsor_total_left = sponsor_total_left+150
WHERE `user_id` = 'PXOKY7';
INSERT INTO `sponsor_bv_update_history` (`left_carry`, `date`, `user_id`) VALUES ('150', '2025-12-07 00:35:56', 'PXOKY7');
UPDATE `bv_updation` SET left_carry = left_carry+150, total_left = total_left+150
WHERE `user_id` = 'BBBUQN';
INSERT INTO `placement_bv_update_history` (`left_carry`, `date`, `from_id`, `user_id`) VALUES ('150', '2025-12-07 00:35:56', 'J382ZU', 'BBBUQN');
UPDATE `bv_updation` SET left_carry = left_carry+150, total_left = total_left+150
WHERE `user_id` = '8ZH73R';
INSERT INTO `placement_bv_update_history` (`left_carry`, `date`, `from_id`, `user_id`) VALUES ('150', '2025-12-07 00:35:56', 'J382ZU', '8ZH73R');
UPDATE `bv_updation` SET left_carry = left_carry+150, total_left = total_left+150
WHERE `user_id` = 'YFRSTE';
INSERT INTO `placement_bv_update_history` (`left_carry`, `date`, `from_id`, `user_id`) VALUES ('150', '2025-12-07 00:35:56', 'J382ZU', 'YFRSTE');
UPDATE `bv_updation` SET left_carry = left_carry+150, total_left = total_left+150
WHERE `user_id` = 'UT8WM5';
INSERT INTO `placement_bv_update_history` (`left_carry`, `date`, `from_id`, `user_id`) VALUES ('150', '2025-12-07 00:35:56', 'J382ZU', 'UT8WM5');
UPDATE `bv_updation` SET left_carry = left_carry+150, total_left = total_left+150
WHERE `user_id` = 'UXMQZD';
INSERT INTO `placement_bv_update_history` (`left_carry`, `date`, `from_id`, `user_id`) VALUES ('150', '2025-12-07 00:35:56', 'J382ZU', 'UXMQZD');
UPDATE `user_registration` SET `cycle_rank_id` = '1'
WHERE `user_id` = 'UXMQZD';
INSERT INTO `rank_history` (`rank_id`, `user_id`, `name`, `bv`, `date`, `amount`, `type`) VALUES ('1', 'UXMQZD', 'Affiliate', '0', '2025-12-07 00:35:56', '0', 'auto');
UPDATE `bv_updation` SET right_carry = right_carry+150, total_right = total_right+150
WHERE `user_id` = 'O94ZPY';
INSERT INTO `placement_bv_update_history` (`right_carry`, `date`, `from_id`, `user_id`) VALUES ('150', '2025-12-07 00:35:56', 'J382ZU', 'O94ZPY');
UPDATE `user_registration` SET `cycle_rank_id` = '1'
WHERE `user_id` = 'O94ZPY';
INSERT INTO `rank_history` (`rank_id`, `user_id`, `name`, `bv`, `date`, `amount`, `type`) VALUES ('1', 'O94ZPY', 'Affiliate', '0', '2025-12-07 00:35:56', '0', 'auto');
UPDATE `bv_updation` SET right_carry = right_carry+150, total_right = total_right+150
WHERE `user_id` = 'JHRDHS';
INSERT INTO `placement_bv_update_history` (`right_carry`, `date`, `from_id`, `user_id`) VALUES ('150', '2025-12-07 00:35:56', 'J382ZU', 'JHRDHS');
UPDATE `user_registration` SET `cycle_rank_id` = '1'
WHERE `user_id` = 'JHRDHS';
INSERT INTO `rank_history` (`rank_id`, `user_id`, `name`, `bv`, `date`, `amount`, `type`) VALUES ('1', 'JHRDHS', 'Affiliate', '0', '2025-12-07 00:35:56', '0', 'auto');
UPDATE `bv_updation` SET right_carry = right_carry+150, total_right = total_right+150
WHERE `user_id` = 'CVVK4C';
INSERT INTO `placement_bv_update_history` (`right_carry`, `date`, `from_id`, `user_id`) VALUES ('150', '2025-12-07 00:35:56', 'J382ZU', 'CVVK4C');
UPDATE `user_registration` SET `cycle_rank_id` = '1'
WHERE `user_id` = 'CVVK4C';
INSERT INTO `rank_history` (`rank_id`, `user_id`, `name`, `bv`, `date`, `amount`, `type`) VALUES ('1', 'CVVK4C', 'Affiliate', '0', '2025-12-07 00:35:56', '0', 'auto');
UPDATE `bv_updation` SET left_carry = left_carry+150, total_left = total_left+150
WHERE `user_id` = 'K55EDD';
INSERT INTO `placement_bv_update_history` (`left_carry`, `date`, `from_id`, `user_id`) VALUES ('150', '2025-12-07 00:35:56', 'J382ZU', 'K55EDD');
UPDATE `user_registration` SET `cycle_rank_id` = '1'
WHERE `user_id` = 'K55EDD';
INSERT INTO `rank_history` (`rank_id`, `user_id`, `name`, `bv`, `date`, `amount`, `type`) VALUES ('1', 'K55EDD', 'Affiliate', '0', '2025-12-07 00:35:56', '0', 'auto');
UPDATE `bv_updation` SET left_carry = left_carry+150, total_left = total_left+150
WHERE `user_id` = 'UQO7EQ';
INSERT INTO `placement_bv_update_history` (`left_carry`, `date`, `from_id`, `user_id`) VALUES ('150', '2025-12-07 00:35:56', 'J382ZU', 'UQO7EQ');
UPDATE `user_registration` SET `cycle_rank_id` = '1'
WHERE `user_id` = 'UQO7EQ';
INSERT INTO `rank_history` (`rank_id`, `user_id`, `name`, `bv`, `date`, `amount`, `type`) VALUES ('1', 'UQO7EQ', 'Affiliate', '0', '2025-12-07 00:35:56', '0', 'auto');
UPDATE `bv_updation` SET left_carry = left_carry+150, total_left = total_left+150
WHERE `user_id` = 'N6GZAE';
INSERT INTO `placement_bv_update_history` (`left_carry`, `date`, `from_id`, `user_id`) VALUES ('150', '2025-12-07 00:35:56', 'J382ZU', 'N6GZAE');
UPDATE `user_registration` SET `cycle_rank_id` = '1'
WHERE `user_id` = 'N6GZAE';
INSERT INTO `rank_history` (`rank_id`, `user_id`, `name`, `bv`, `date`, `amount`, `type`) VALUES ('1', 'N6GZAE', 'Affiliate', '0', '2025-12-07 00:35:56', '0', 'auto');
UPDATE `bv_updation` SET left_carry = left_carry+150, total_left = total_left+150
WHERE `user_id` = '4E1CRI';
INSERT INTO `placement_bv_update_history` (`left_carry`, `date`, `from_id`, `user_id`) VALUES ('150', '2025-12-07 00:35:56', 'J382ZU', '4E1CRI');
UPDATE `bv_updation` SET left_carry = left_carry+150, total_left = total_left+150
WHERE `user_id` = 'SJBNYJ';
INSERT INTO `placement_bv_update_history` (`left_carry`, `date`, `from_id`, `user_id`) VALUES ('150', '2025-12-07 00:35:56', 'J382ZU', 'SJBNYJ');
UPDATE `user_registration` SET `cycle_rank_id` = '1'
WHERE `user_id` = 'SJBNYJ';
INSERT INTO `rank_history` (`rank_id`, `user_id`, `name`, `bv`, `date`, `amount`, `type`) VALUES ('1', 'SJBNYJ', 'Affiliate', '0', '2025-12-07 00:35:56', '0', 'auto');
UPDATE `bv_updation` SET left_carry = left_carry+150, total_left = total_left+150
WHERE `user_id` = '44B9Y4';
INSERT INTO `placement_bv_update_history` (`left_carry`, `date`, `from_id`, `user_id`) VALUES ('150', '2025-12-07 00:35:56', 'J382ZU', '44B9Y4');
UPDATE `user_registration` SET `cycle_rank_id` = '1'
WHERE `user_id` = '44B9Y4';
INSERT INTO `rank_history` (`rank_id`, `user_id`, `name`, `bv`, `date`, `amount`, `type`) VALUES ('1', '44B9Y4', 'Affiliate', '0', '2025-12-07 00:35:56', '0', 'auto');
UPDATE `bv_updation` SET right_carry = right_carry+150, total_right = total_right+150
WHERE `user_id` = 'admin';
INSERT INTO `placement_bv_update_history` (`right_carry`, `date`, `from_id`, `user_id`) VALUES ('150', '2025-12-07 00:35:56', 'J382ZU', 'admin');
UPDATE `user_registration` SET `cycle_rank_id` = '1'
WHERE `user_id` = 'admin';
INSERT INTO `rank_history` (`rank_id`, `user_id`, `name`, `bv`, `date`, `amount`, `type`) VALUES ('1', 'admin', 'Affiliate', '0', '2025-12-07 00:35:56', '0', 'auto');
UPDATE `user_registration` SET `subscription_date` = '2026-01-07', `active_status` = 'yes', `reminder_sent` = 'no'
WHERE `user_id` = 'J382ZU';
INSERT INTO `arreva_api_logs` (`user_id`, `email`, `endpoint`, `response`, `date`) VALUES ('J382ZU', 'islaidefg@gmail.com', 'activatemember', 'true', '2025-12-07 00:36:26');
UPDATE `cron_job_history` SET `status` = 'done', `date_end` = '2025-12-07 00:36:26'
WHERE `id` = 871;
INSERT INTO `login_history` (`user_id`, `device`, `ip_address`, `date`) VALUES ('2RSJNO', 'Mozilla/5.0 (iPhone; CPU iPhone OS 26_1_0 like Mac OS X) AppleWebKit/605.1.15 (KHTML, like Gecko) GSA/397.0.836500703 Mobile/15E148 Safari/604.1', '2607:fb90:916a:ca4a:a007:7a19:c43e:bd01', '25-12-07 06:25');
UPDATE `user_registration` SET `popup_seen` = 'yes'
WHERE `user_id` = '2RSJNO';
INSERT INTO `login_history` (`user_id`, `device`, `ip_address`, `date`) VALUES ('UQO7EQ', 'Mozilla/5.0 (Windows NT 10.0; Win64; x64) AppleWebKit/537.36 (KHTML, like Gecko) Chrome/143.0.0.0 Safari/537.36', '2601:58a:897c:5f70:cc68:6acb:1739:2ff5', '25-12-07 08:13');
UPDATE `user_registration` SET `popup_seen` = 'yes'
WHERE `user_id` = 'UQO7EQ';
UPDATE `user_registration` SET `popup_seen` = 'no'
WHERE `user_id` = 'UQO7EQ';
DELETE FROM `ci_sessions`
WHERE `id` = 'f1a6838bfa0e387d68c649a37db90e4bc7244055';
INSERT INTO `login_history` (`user_id`, `device`, `ip_address`, `date`) VALUES ('UQO7EQ', 'Mozilla/5.0 (Linux; Android 10; K) AppleWebKit/537.36 (KHTML, like Gecko) Chrome/142.0.0.0 Mobile Safari/537.36', '2607:fb91:2836:41be:5550:59a6:4db0:44fc', '25-12-07 09:15');
UPDATE `user_registration` SET `popup_seen` = 'yes'
WHERE `user_id` = 'UQO7EQ';
INSERT INTO `login_history` (`user_id`, `device`, `ip_address`, `date`) VALUES ('BUWYXW', 'Mozilla/5.0 (Macintosh; Intel Mac OS X 10_15_7) AppleWebKit/605.1.15 (KHTML, like Gecko) Version/17.14 Safari/605.1.15', '2601:586:c280:2410:7120:98df:53fe:6d0d', '25-12-07 11:15');
UPDATE `user_registration` SET `popup_seen` = 'yes'
WHERE `user_id` = 'BUWYXW';
UPDATE `user_registration` SET `popup_seen` = 'yes'
WHERE `user_id` = 'BUWYXW';
UPDATE `ci_sessions` SET `timestamp` = 1765127987, `data` = '__ci_last_regenerate|i:1765127987;id|s:4:\"2115\";user_id|s:6:\"BUWYXW\";username|s:8:\"Splash99\";sponsor_id|s:6:\"JHRDHS\";fullname|s:16:\"Raquel Salgueiro\";email|s:19:\"maracas46@yahoo.com\";phone|s:10:\"3054097382\";isLogIn|b:1;'
WHERE `id` = '4f72feb6d0f8627fab37981aa3f4da95f5b210d8';
UPDATE `user_registration` SET `popup_seen` = 'no'
WHERE `user_id` = 'BUWYXW';
DELETE FROM `ci_sessions`
WHERE `id` = 'b0b46224a9d509f3ea9f4e3864d75c0810aa6f1d';
UPDATE `admin` SET `last_login` = '2025-12-07 11:40:11', `ip_address` = '83.49.43.141'
WHERE `id` = '1';
INSERT INTO `login_history` (`user_id`, `device`, `ip_address`, `date`) VALUES ('J382ZU', 'Mozilla/5.0 (iPhone; CPU iPhone OS 18_7 like Mac OS X) AppleWebKit/605.1.15 (KHTML, like Gecko) Version/26.1 Mobile/15E148 Safari/604.1', '2600:1700:3960:fd00:514d:ffdc:6e69:283a', '25-12-07 12:04');
UPDATE `user_registration` SET `popup_seen` = 'yes'
WHERE `user_id` = 'J382ZU';
INSERT INTO `login_history` (`user_id`, `device`, `ip_address`, `date`) VALUES ('QJ5U9C', 'Mozilla/5.0 (iPhone; CPU iPhone OS 18_5_0 like Mac OS X) AppleWebKit/605.1.15 (KHTML, like Gecko) CriOS/138.0.7204.156 Mobile/15E148 Safari/604.1', '2601:586:cf83:e530:215f:7086:41a:7bd2', '25-12-07 12:46');
UPDATE `user_registration` SET `popup_seen` = 'yes'
WHERE `user_id` = 'QJ5U9C';
INSERT INTO `login_history` (`user_id`, `device`, `ip_address`, `date`) VALUES ('UQO7EQ', 'Mozilla/5.0 (Windows NT 10.0; Win64; x64) AppleWebKit/537.36 (KHTML, like Gecko) Chrome/143.0.0.0 Safari/537.36', '2601:58a:897c:5f70:cc68:6acb:1739:2ff5', '25-12-07 14:13');
UPDATE `user_registration` SET `popup_seen` = 'yes'
WHERE `user_id` = 'UQO7EQ';
UPDATE `user_registration` SET `popup_seen` = 'no'
WHERE `user_id` = 'UQO7EQ';
DELETE FROM `ci_sessions`
WHERE `id` = '7f5c9c6c510356a4c951ff3de76f82888a79856f';
INSERT INTO `login_history` (`user_id`, `device`, `ip_address`, `date`) VALUES ('L1PL3S', 'Mozilla/5.0 (Windows NT 10.0; Win64; x64) AppleWebKit/537.36 (KHTML, like Gecko) Chrome/142.0.0.0 Safari/537.36 Edg/142.0.0.0', '2601:58a:8f85:c340:20fa:5f05:7dc8:e2c5', '25-12-07 14:28');
UPDATE `user_registration` SET `popup_seen` = 'yes'
WHERE `user_id` = 'L1PL3S';
UPDATE `ci_sessions` SET `timestamp` = 1765140223, `data` = '__ci_last_regenerate|i:1765140223;id|s:4:\"2084\";user_id|s:6:\"QJ5U9C\";username|s:10:\"gascarde60\";sponsor_id|s:6:\"O94ZPY\";fullname|s:14:\"Gaspar Cardero\";email|s:18:\"gascarde@yahoo.com\";phone|s:10:\"7862371360\";isLogIn|b:1;message|s:22:\"Welcome Gaspar Cardero\";__ci_vars|a:1:{s:7:\"message\";s:3:\"old\";}'
WHERE `id` = 'a7364483fb847c3e0898ed2fbae3db412f7b56f8';
UPDATE `user_registration` SET `popup_seen` = 'yes'
WHERE `user_id` = 'QJ5U9C';
UPDATE `user_registration` SET `popup_seen` = 'yes'
WHERE `user_id` = 'QJ5U9C';
UPDATE `ci_sessions` SET `timestamp` = 1765143100, `data` = '__ci_last_regenerate|i:1765143100;captcha|s:4:\"bvr7\";'
WHERE `id` = '842621eff329fb314b5f9fb18a0ac4f21d01eacd';
INSERT INTO `login_history` (`user_id`, `device`, `ip_address`, `date`) VALUES ('4WVWXZ', 'Mozilla/5.0 (iPhone; CPU iPhone OS 18_7 like Mac OS X) AppleWebKit/605.1.15 (KHTML, like Gecko) Version/26.1 Mobile/15E148 Safari/604.1', '2a09:bac3:6cde:e78::171:13c', '25-12-07 15:32');
UPDATE `user_registration` SET `popup_seen` = 'yes'
WHERE `user_id` = '4WVWXZ';
UPDATE `ci_sessions` SET `timestamp` = 1765143514, `data` = '__ci_last_regenerate|i:1765143514;id|s:4:\"2326\";user_id|s:6:\"4WVWXZ\";username|s:9:\"Juana1965\";sponsor_id|s:6:\"B5EVHD\";fullname|s:24:\"Juana Rosalba Perez-Jove\";email|s:25:\"Albitapjove2012@gmail.com\";phone|s:10:\"7862220993\";isLogIn|b:1;message|s:32:\"Welcome Juana Rosalba Perez-Jove\";__ci_vars|a:1:{s:7:\"message\";s:3:\"old\";}'
WHERE `id` = '4d42bb5d962c8273b6997796b468e6d2fdf46e2e';
UPDATE `user_registration` SET `popup_seen` = 'yes'
WHERE `user_id` = '4WVWXZ';
UPDATE `ci_sessions` SET `timestamp` = 1765143862, `data` = '__ci_last_regenerate|i:1765143862;captcha|s:4:\"o6ek\";'
WHERE `id` = '7dd4bba962d789fb0617d13c5954e09ea6cbb29c';
INSERT INTO `login_history` (`user_id`, `device`, `ip_address`, `date`) VALUES ('UQO7EQ', 'Mozilla/5.0 (Windows NT 10.0; Win64; x64) AppleWebKit/537.36 (KHTML, like Gecko) Chrome/143.0.0.0 Safari/537.36', '2601:58a:897c:5f70:cc68:6acb:1739:2ff5', '25-12-07 15:44');
UPDATE `user_registration` SET `popup_seen` = 'yes'
WHERE `user_id` = 'UQO7EQ';
UPDATE `user_registration` SET `popup_seen` = 'yes'
WHERE `user_id` = 'UQO7EQ';
UPDATE `ci_sessions` SET `timestamp` = 1765144193, `data` = '__ci_last_regenerate|i:1765144193;id|s:4:\"2042\";user_id|s:6:\"UQO7EQ\";username|s:6:\"Rafa51\";sponsor_id|s:6:\"N6GZAE\";fullname|s:16:\"Rafael Rodriguez\";email|s:18:\"rafagana@yahoo.com\";phone|s:10:\"3057610606\";isLogIn|b:1;'
WHERE `id` = '0622d08b39c2ef90ed16f6893d28cc91e1d74e35';
UPDATE `user_registration` SET `popup_seen` = 'no'
WHERE `user_id` = 'UQO7EQ';
DELETE FROM `ci_sessions`
WHERE `id` = '08c9e5c9425b0be5f6472bfa596a91b6670f7369';
INSERT INTO `login_history` (`user_id`, `device`, `ip_address`, `date`) VALUES ('UQO7EQ', 'Mozilla/5.0 (Windows NT 10.0; Win64; x64) AppleWebKit/537.36 (KHTML, like Gecko) Chrome/143.0.0.0 Safari/537.36', '2601:58a:897c:5f70:cc68:6acb:1739:2ff5', '25-12-07 15:53');
UPDATE `user_registration` SET `popup_seen` = 'yes'
WHERE `user_id` = 'UQO7EQ';
UPDATE `user_registration` SET `popup_seen` = 'no'
WHERE `user_id` = 'UQO7EQ';
DELETE FROM `ci_sessions`
WHERE `id` = '3286a62c8228846d645ea3a309068f8412e6de9b';
UPDATE `ci_sessions` SET `timestamp` = 1765145622, `data` = '__ci_last_regenerate|i:1765145622;captcha|s:4:\"r8zn\";'
WHERE `id` = '95f1abbba7a769fb8aad11f0353e0ba51dc472f3';
INSERT INTO `login_history` (`user_id`, `device`, `ip_address`, `date`) VALUES ('UQO7EQ', 'Mozilla/5.0 (Windows NT 10.0; Win64; x64) AppleWebKit/537.36 (KHTML, like Gecko) Chrome/143.0.0.0 Safari/537.36', '2601:58a:897c:5f70:cc68:6acb:1739:2ff5', '25-12-07 16:13');
UPDATE `user_registration` SET `popup_seen` = 'yes'
WHERE `user_id` = 'UQO7EQ';
UPDATE `user_registration` SET `popup_seen` = 'no'
WHERE `user_id` = 'UQO7EQ';
DELETE FROM `ci_sessions`
WHERE `id` = 'e9ae026bbf6082427ebbce1a7bc30ef86017f5cd';
INSERT INTO `login_history` (`user_id`, `device`, `ip_address`, `date`) VALUES ('O94ZPY', 'Mozilla/5.0 (iPhone; CPU iPhone OS 18_7 like Mac OS X) AppleWebKit/605.1.15 (KHTML, like Gecko) Version/26.1 Mobile/15E148 Safari/604.1', '2600:1006:b0ab:46cb:f493:2204:56ac:dc98', '25-12-07 17:22');
UPDATE `user_registration` SET `popup_seen` = 'yes'
WHERE `user_id` = 'O94ZPY';
INSERT INTO `login_history` (`user_id`, `device`, `ip_address`, `date`) VALUES ('BUWYXW', 'Mozilla/5.0 (iPhone; CPU iPhone OS 18_7 like Mac OS X) AppleWebKit/605.1.15 (KHTML, like Gecko) Version/26.1 Mobile/15E148 Safari/604.1', '2600:1006:b052:8969:ad3f:c2cb:8ea3:9b29', '25-12-07 17:29');
UPDATE `user_registration` SET `popup_seen` = 'yes'
WHERE `user_id` = 'BUWYXW';
INSERT INTO `login_history` (`user_id`, `device`, `ip_address`, `date`) VALUES ('JHRDHS', 'Mozilla/5.0 (iPhone; CPU iPhone OS 18_7_1 like Mac OS X) AppleWebKit/605.1.15 (KHTML, like Gecko) Version/18.7 Mobile/15E148 Safari/604.1', '2600:387:15:3c15::b', '25-12-07 17:33');
UPDATE `user_registration` SET `popup_seen` = 'yes'
WHERE `user_id` = 'JHRDHS';
INSERT INTO `login_history` (`user_id`, `device`, `ip_address`, `date`) VALUES ('4VE7D1', 'Mozilla/5.0 (iPhone; CPU iPhone OS 18_6_2 like Mac OS X) AppleWebKit/605.1.15 (KHTML, like Gecko) Version/18.6 Mobile/15E148 Safari/604.1', '2601:58a:8e7d:30d0:218f:c664:a5dc:3b2c', '25-12-07 17:49');
UPDATE `user_registration` SET `popup_seen` = 'yes'
WHERE `user_id` = '4VE7D1';
INSERT INTO `login_history` (`user_id`, `device`, `ip_address`, `date`) VALUES ('AABG7W', 'Mozilla/5.0 (Linux; Android 10; K) AppleWebKit/537.36 (KHTML, like Gecko) Chrome/143.0.0.0 Mobile Safari/537.36', '2607:fb90:798d:8a6e:880d:cf1e:a693:cd34', '25-12-07 18:28');
UPDATE `user_registration` SET `popup_seen` = 'yes'
WHERE `user_id` = 'AABG7W';
UPDATE `ci_sessions` SET `timestamp` = 1765153841, `data` = '__ci_last_regenerate|i:1765153841;id|s:4:\"2071\";user_id|s:6:\"JHRDHS\";username|s:7:\"mbecena\";sponsor_id|s:6:\"CVVK4C\";fullname|s:12:\"Maria Becena\";email|s:21:\"mbecena@bellsouth.net\";phone|s:10:\"7862360387\";isLogIn|b:1;'
WHERE `id` = '85f5f0cd11db294fcfcb33630a1f606c47e8f77b';
UPDATE `user_registration` SET `popup_seen` = 'yes'
WHERE `user_id` = 'JHRDHS';
UPDATE `user_registration` SET `popup_seen` = 'yes'
WHERE `user_id` = 'JHRDHS';
INSERT INTO `login_history` (`user_id`, `device`, `ip_address`, `date`) VALUES ('IYCRUH', 'Mozilla/5.0 (iPhone; CPU iPhone OS 18_6_2 like Mac OS X) AppleWebKit/605.1.15 (KHTML, like Gecko) Version/18.6 Mobile/15E148 Safari/604.1', '2607:fb90:9031:c516:3cf9:cd38:d1dd:a514', '25-12-07 21:30');
UPDATE `user_registration` SET `popup_seen` = 'yes'
WHERE `user_id` = 'IYCRUH';
INSERT INTO `login_history` (`user_id`, `device`, `ip_address`, `date`) VALUES ('QJ5U9C', 'Mozilla/5.0 (iPhone; CPU iPhone OS 18_5_0 like Mac OS X) AppleWebKit/605.1.15 (KHTML, like Gecko) CriOS/138.0.7204.156 Mobile/15E148 Safari/604.1', '2607:fb91:1900:83da:cca3:ac62:7237:909e', '25-12-07 21:30');
UPDATE `user_registration` SET `popup_seen` = 'yes'
WHERE `user_id` = 'QJ5U9C';
UPDATE `user_registration` SET `popup_seen` = 'yes'
WHERE `user_id` = 'IYCRUH';
UPDATE `user_registration` SET `popup_seen` = 'no'
WHERE `user_id` = 'IYCRUH';
DELETE FROM `ci_sessions`
WHERE `id` = '3329ad3996d8e604e5f51220f4572b793ad75cba';
INSERT INTO `login_history` (`user_id`, `device`, `ip_address`, `date`) VALUES ('JHRDHS', 'Mozilla/5.0 (iPhone; CPU iPhone OS 18_7_1 like Mac OS X) AppleWebKit/605.1.15 (KHTML, like Gecko) Version/18.7 Mobile/15E148 Safari/604.1', '2600:387:15:3c15::b', '25-12-07 21:38');
UPDATE `user_registration` SET `popup_seen` = 'yes'
WHERE `user_id` = 'JHRDHS';
INSERT INTO `login_history` (`user_id`, `device`, `ip_address`, `date`) VALUES ('O94ZPY', 'Mozilla/5.0 (iPhone; CPU iPhone OS 18_7 like Mac OS X) AppleWebKit/605.1.15 (KHTML, like Gecko) Version/26.1 Mobile/15E148 Safari/604.1', '2600:1006:b0ab:46cb:f493:2204:56ac:dc98', '25-12-07 21:51');
UPDATE `user_registration` SET `popup_seen` = 'yes'
WHERE `user_id` = 'O94ZPY';
INSERT INTO `withdraw` (`name`, `user_id`, `walletid`, `mobile_no`, `uid`, `amount`, `method`, `fees`, `payment_details`, `fee_rate`, `request_ip`, `request_date`) VALUES ('Angel Fernandez', 'O94ZPY', 'angelito4817MHNC', '', '2075', '1100.00', 'PayQuicker', 0, 'N/A', '0', '2600:1006:b0ab:46cb:f493:2204:56ac:dc98', '2025:12:07 21:53:41');
UPDATE `user_registration` SET commission_balance = ROUND(commission_balance - 1100.00,2)
WHERE `user_id` = 'O94ZPY';
INSERT INTO `transections` (`user_id`, `transection_category`, `releted_id`, `amount`, `comments`, `transection_date_timestamp`) VALUES ('O94ZPY', 'withdraw', 69, '1100.00', 'withdraw', '2025-12-07 21:53:41');
UPDATE `ci_sessions` SET `timestamp` = 1765168484, `data` = '__ci_last_regenerate|i:1765168484;id|s:4:\"2084\";user_id|s:6:\"QJ5U9C\";username|s:10:\"gascarde60\";sponsor_id|s:6:\"O94ZPY\";fullname|s:14:\"Gaspar Cardero\";email|s:18:\"gascarde@yahoo.com\";phone|s:10:\"7862371360\";isLogIn|b:1;message|s:22:\"Welcome Gaspar Cardero\";__ci_vars|a:1:{s:7:\"message\";s:3:\"old\";}'
WHERE `id` = 'd60abc1e1c5d2e92fde157e84bd72a60c0052dda';
UPDATE `user_registration` SET `popup_seen` = 'yes'
WHERE `user_id` = 'QJ5U9C';
INSERT INTO `login_history` (`user_id`, `device`, `ip_address`, `date`) VALUES ('UQO7EQ', 'Mozilla/5.0 (Windows NT 10.0; Win64; x64) AppleWebKit/537.36 (KHTML, like Gecko) Chrome/143.0.0.0 Safari/537.36', '2601:58a:897c:5f70:cc68:6acb:1739:2ff5', '25-12-07 23:15');
UPDATE `user_registration` SET `popup_seen` = 'yes'
WHERE `user_id` = 'UQO7EQ';
UPDATE `user_registration` SET `popup_seen` = 'no'
WHERE `user_id` = 'UQO7EQ';
DELETE FROM `ci_sessions`
WHERE `id` = '0d7f2a745445e1f101973655d32912e71e5350e0';
INSERT INTO `cron_job_history` (`name`, `date_started`, `status`) VALUES ('backup', '2025-12-08 00:00:01', 'started');
UPDATE `cron_job_history` SET `status` = 'done', `date_end` = '2025-12-08 00:00:03'
WHERE `id` = 873;
INSERT INTO `cron_job_history` (`name`, `date_started`, `status`) VALUES ('deduct_sub_amt_from_ewallet', '2025-12-08 00:30:01', 'started');
INSERT INTO `inactive_point_history` (`user_id`, `point`, `date`) VALUES ('35H9RV', '0', '2025-12-08 00:30:01');
UPDATE `user_registration` SET `sub_point` = 0, `active_status` = 'no'
WHERE `user_id` = '35H9RV';
INSERT INTO `arreva_api_logs` (`user_id`, `email`, `endpoint`, `response`, `date`) VALUES ('35H9RV', 'amamzy368@gmail.com', 'deactivatemember', '\"Unable to find user matching email or contract number or otherid\"', '2025-12-08 00:30:01');
INSERT INTO `inactive_history` (`user_id`, `commission_balance`, `amount`, `date`) VALUES ('35H9RV', '97.5', '150', '2025-12-08 00:30:01');
INSERT INTO `inactive_point_history` (`user_id`, `point`, `date`) VALUES ('44B9Y4', '0', '2025-12-08 00:30:01');
UPDATE `user_registration` SET `sub_point` = 0, `active_status` = 'no'
WHERE `user_id` = '44B9Y4';
INSERT INTO `arreva_api_logs` (`user_id`, `email`, `endpoint`, `response`, `date`) VALUES ('44B9Y4', 'travelegendcy@gmail.com', 'deactivatemember', '\"Unable to find user matching email or contract number or otherid\"', '2025-12-08 00:30:02');
INSERT INTO `inactive_history` (`user_id`, `commission_balance`, `amount`, `date`) VALUES ('44B9Y4', '50', '150', '2025-12-08 00:30:02');
INSERT INTO `inactive_point_history` (`user_id`, `point`, `date`) VALUES ('SJBNYJ', '0', '2025-12-08 00:30:02');
UPDATE `user_registration` SET `sub_point` = 0, `active_status` = 'no'
WHERE `user_id` = 'SJBNYJ';
INSERT INTO `arreva_api_logs` (`user_id`, `email`, `endpoint`, `response`, `date`) VALUES ('SJBNYJ', 'travelegendcy+2@gmail.com', 'deactivatemember', '\"Unable to find user matching email or contract number or otherid\"', '2025-12-08 00:30:02');
INSERT INTO `inactive_history` (`user_id`, `commission_balance`, `amount`, `date`) VALUES ('SJBNYJ', '50', '150', '2025-12-08 00:30:02');
INSERT INTO `inactive_point_history` (`user_id`, `point`, `date`) VALUES ('45E8V2', '0', '2025-12-08 00:30:02');
UPDATE `user_registration` SET `sub_point` = 0, `active_status` = 'no'
WHERE `user_id` = '45E8V2';
INSERT INTO `arreva_api_logs` (`user_id`, `email`, `endpoint`, `response`, `date`) VALUES ('45E8V2', 'travelegendcy+1@gmail.com', 'deactivatemember', '\"Unable to find user matching email or contract number or otherid\"', '2025-12-08 00:30:02');
INSERT INTO `inactive_history` (`user_id`, `commission_balance`, `amount`, `date`) VALUES ('45E8V2', '50', '150', '2025-12-08 00:30:02');
INSERT INTO `inactive_point_history` (`user_id`, `point`, `date`) VALUES ('H2HQC8', '0', '2025-12-08 00:30:02');
UPDATE `user_registration` SET `sub_point` = 0, `active_status` = 'no'
WHERE `user_id` = 'H2HQC8';
INSERT INTO `arreva_api_logs` (`user_id`, `email`, `endpoint`, `response`, `date`) VALUES ('H2HQC8', 'travelegendcy+4@gmail.com', 'deactivatemember', '\"Unable to find user matching email or contract number or otherid\"', '2025-12-08 00:30:02');
INSERT INTO `inactive_history` (`user_id`, `commission_balance`, `amount`, `date`) VALUES ('H2HQC8', '110', '150', '2025-12-08 00:30:02');
INSERT INTO `inactive_point_history` (`user_id`, `point`, `date`) VALUES ('XVTJOY', '0', '2025-12-08 00:30:02');
UPDATE `user_registration` SET `sub_point` = 0, `active_status` = 'no'
WHERE `user_id` = 'XVTJOY';
INSERT INTO `arreva_api_logs` (`user_id`, `email`, `endpoint`, `response`, `date`) VALUES ('XVTJOY', 'travelegendcy+5@gmail.com', 'deactivatemember', '\"Unable to find user matching email or contract number or otherid\"', '2025-12-08 00:30:03');
INSERT INTO `inactive_history` (`user_id`, `commission_balance`, `amount`, `date`) VALUES ('XVTJOY', '100', '150', '2025-12-08 00:30:03');
INSERT INTO `inactive_point_history` (`user_id`, `point`, `date`) VALUES ('4E1CRI', '0', '2025-12-08 00:30:03');
UPDATE `user_registration` SET `sub_point` = 0, `active_status` = 'no'
WHERE `user_id` = '4E1CRI';
INSERT INTO `arreva_api_logs` (`user_id`, `email`, `endpoint`, `response`, `date`) VALUES ('4E1CRI', 'travelegendcy+77@gmail.com', 'deactivatemember', '\"Unable to find user matching email or contract number or otherid\"', '2025-12-08 00:30:03');
INSERT INTO `inactive_history` (`user_id`, `commission_balance`, `amount`, `date`) VALUES ('4E1CRI', '100', '150', '2025-12-08 00:30:03');
INSERT INTO `inactive_point_history` (`user_id`, `point`, `date`) VALUES ('PBFKSY', '0', '2025-12-08 00:30:03');
UPDATE `user_registration` SET `sub_point` = 0, `active_status` = 'no'
WHERE `user_id` = 'PBFKSY';
INSERT INTO `arreva_api_logs` (`user_id`, `email`, `endpoint`, `response`, `date`) VALUES ('PBFKSY', 'travelegendcy+3@gmail.com', 'deactivatemember', '\"Unable to find user matching email or contract number or otherid\"', '2025-12-08 00:30:03');
INSERT INTO `inactive_history` (`user_id`, `commission_balance`, `amount`, `date`) VALUES ('PBFKSY', '0', '150', '2025-12-08 00:30:03');
INSERT INTO `inactive_point_history` (`user_id`, `point`, `date`) VALUES ('R37QLI', '0', '2025-12-08 00:30:03');
UPDATE `user_registration` SET `sub_point` = 0, `active_status` = 'no'
WHERE `user_id` = 'R37QLI';
INSERT INTO `arreva_api_logs` (`user_id`, `email`, `endpoint`, `response`, `date`) VALUES ('R37QLI', 'atravel4uu@gmail.com', 'deactivatemember', '\"Unable to find user matching email or contract number or otherid\"', '2025-12-08 00:30:04');
INSERT INTO `inactive_history` (`user_id`, `commission_balance`, `amount`, `date`) VALUES ('R37QLI', '80', '150', '2025-12-08 00:30:04');
INSERT INTO `inactive_point_history` (`user_id`, `point`, `date`) VALUES ('Q6D63V', '0', '2025-12-08 00:30:04');
UPDATE `user_registration` SET `sub_point` = 0, `active_status` = 'no'
WHERE `user_id` = 'Q6D63V';
INSERT INTO `arreva_api_logs` (`user_id`, `email`, `endpoint`, `response`, `date`) VALUES ('Q6D63V', 'deeptalent@hotmail.com', 'deactivatemember', '\"Unable to find user matching email or contract number or otherid\"', '2025-12-08 00:30:04');
INSERT INTO `inactive_history` (`user_id`, `commission_balance`, `amount`, `date`) VALUES ('Q6D63V', '100', '150', '2025-12-08 00:30:04');
INSERT INTO `inactive_point_history` (`user_id`, `point`, `date`) VALUES ('N6GZAE', '0', '2025-12-08 00:30:04');
UPDATE `user_registration` SET `sub_point` = 0, `active_status` = 'no'
WHERE `user_id` = 'N6GZAE';
INSERT INTO `arreva_api_logs` (`user_id`, `email`, `endpoint`, `response`, `date`) VALUES ('N6GZAE', 'travelegendcy+71@gmail.com', 'deactivatemember', '\"Unable to find user matching email or contract number or otherid\"', '2025-12-08 00:30:04');
INSERT INTO `inactive_history` (`user_id`, `commission_balance`, `amount`, `date`) VALUES ('N6GZAE', '50', '150', '2025-12-08 00:30:04');
INSERT INTO `inactive_point_history` (`user_id`, `point`, `date`) VALUES ('Q834IS', '0', '2025-12-08 00:30:04');
UPDATE `user_registration` SET `sub_point` = 0, `active_status` = 'no'
WHERE `user_id` = 'Q834IS';
INSERT INTO `arreva_api_logs` (`user_id`, `email`, `endpoint`, `response`, `date`) VALUES ('Q834IS', 'ganofelizyo@gmail.com', 'deactivatemember', '\"Unable to find user matching email or contract number or otherid\"', '2025-12-08 00:30:04');
INSERT INTO `inactive_history` (`user_id`, `commission_balance`, `amount`, `date`) VALUES ('Q834IS', '0', '50', '2025-12-08 00:30:04');
INSERT INTO `inactive_point_history` (`user_id`, `point`, `date`) VALUES ('PKHRN5', '0', '2025-12-08 00:30:04');
UPDATE `user_registration` SET `sub_point` = 0, `active_status` = 'no'
WHERE `user_id` = 'PKHRN5';
INSERT INTO `arreva_api_logs` (`user_id`, `email`, `endpoint`, `response`, `date`) VALUES ('PKHRN5', 'nrproducts20@gmail.com', 'deactivatemember', '\"Unable to find user matching email or contract number or otherid\"', '2025-12-08 00:30:05');
INSERT INTO `inactive_history` (`user_id`, `commission_balance`, `amount`, `date`) VALUES ('PKHRN5', '28', '50', '2025-12-08 00:30:05');
INSERT INTO `inactive_point_history` (`user_id`, `point`, `date`) VALUES ('MT8QJF', '0', '2025-12-08 00:30:05');
UPDATE `user_registration` SET `sub_point` = 0, `active_status` = 'no'
WHERE `user_id` = 'MT8QJF';
INSERT INTO `arreva_api_logs` (`user_id`, `email`, `endpoint`, `response`, `date`) VALUES ('MT8QJF', 'bustamantemoni@yahoo.com', 'deactivatemember', '\"Unable to find user matching email or contract number or otherid\"', '2025-12-08 00:30:05');
INSERT INTO `inactive_history` (`user_id`, `commission_balance`, `amount`, `date`) VALUES ('MT8QJF', '0', '150', '2025-12-08 00:30:05');
INSERT INTO `inactive_point_history` (`user_id`, `point`, `date`) VALUES ('OWF3OA', '0', '2025-12-08 00:30:05');
UPDATE `user_registration` SET `sub_point` = 0, `active_status` = 'no'
WHERE `user_id` = 'OWF3OA';
INSERT INTO `arreva_api_logs` (`user_id`, `email`, `endpoint`, `response`, `date`) VALUES ('OWF3OA', 'caridadm70@gmail.com', 'deactivatemember', '\"Unable to find user matching email or contract number or otherid\"', '2025-12-08 00:30:05');
INSERT INTO `inactive_history` (`user_id`, `commission_balance`, `amount`, `date`) VALUES ('OWF3OA', '0', '150', '2025-12-08 00:30:05');
INSERT INTO `inactive_point_history` (`user_id`, `point`, `date`) VALUES ('HUDVJU', '0', '2025-12-08 00:30:05');
UPDATE `user_registration` SET `sub_point` = 0, `active_status` = 'no'
WHERE `user_id` = 'HUDVJU';
INSERT INTO `arreva_api_logs` (`user_id`, `email`, `endpoint`, `response`, `date`) VALUES ('HUDVJU', 'rsotolongok@aol.com', 'deactivatemember', '\"Unable to find user matching email or contract number or otherid\"', '2025-12-08 00:30:05');
INSERT INTO `inactive_history` (`user_id`, `commission_balance`, `amount`, `date`) VALUES ('HUDVJU', '30', '50', '2025-12-08 00:30:05');
INSERT INTO `inactive_point_history` (`user_id`, `point`, `date`) VALUES ('IEVPMD', '0', '2025-12-08 00:30:05');
UPDATE `user_registration` SET `sub_point` = 0, `active_status` = 'no'
WHERE `user_id` = 'IEVPMD';
INSERT INTO `arreva_api_logs` (`user_id`, `email`, `endpoint`, `response`, `date`) VALUES ('IEVPMD', 'ferr2085@gmail.com', 'deactivatemember', '\"Unable to find user matching email or contract number or otherid\"', '2025-12-08 00:30:06');
INSERT INTO `inactive_history` (`user_id`, `commission_balance`, `amount`, `date`) VALUES ('IEVPMD', '0', '150', '2025-12-08 00:30:06');
INSERT INTO `inactive_point_history` (`user_id`, `point`, `date`) VALUES ('CVVK4C', '0', '2025-12-08 00:30:06');
UPDATE `user_registration` SET `sub_point` = 0, `active_status` = 'no'
WHERE `user_id` = 'CVVK4C';
INSERT INTO `arreva_api_logs` (`user_id`, `email`, `endpoint`, `response`, `date`) VALUES ('CVVK4C', 'naranjo.manuel93@gmail.com', 'deactivatemember', '\"Unable to find user matching email or contract number or otherid\"', '2025-12-08 00:30:06');
INSERT INTO `inactive_history` (`user_id`, `commission_balance`, `amount`, `date`) VALUES ('CVVK4C', '0', '150', '2025-12-08 00:30:06');
INSERT INTO `inactive_point_history` (`user_id`, `point`, `date`) VALUES ('HQTCGF', '0', '2025-12-08 00:30:06');
UPDATE `user_registration` SET `sub_point` = 0, `active_status` = 'no'
WHERE `user_id` = 'HQTCGF';
INSERT INTO `arreva_api_logs` (`user_id`, `email`, `endpoint`, `response`, `date`) VALUES ('HQTCGF', 'naranjo.manuel@ymail.com', 'deactivatemember', '\"Unable to find user matching email or contract number or otherid\"', '2025-12-08 00:30:06');
INSERT INTO `inactive_history` (`user_id`, `commission_balance`, `amount`, `date`) VALUES ('HQTCGF', '0', '150', '2025-12-08 00:30:06');
INSERT INTO `inactive_point_history` (`user_id`, `point`, `date`) VALUES ('L2MNP5', '0', '2025-12-08 00:30:06');
UPDATE `user_registration` SET `sub_point` = 0, `active_status` = 'no'
WHERE `user_id` = 'L2MNP5';
INSERT INTO `arreva_api_logs` (`user_id`, `email`, `endpoint`, `response`, `date`) VALUES ('L2MNP5', 'caimandelcaribe1964@gmail.com', 'deactivatemember', '\"Unable to find user matching email or contract number or otherid\"', '2025-12-08 00:30:07');
INSERT INTO `inactive_history` (`user_id`, `commission_balance`, `amount`, `date`) VALUES ('L2MNP5', '0', '150', '2025-12-08 00:30:07');
INSERT INTO `inactive_point_history` (`user_id`, `point`, `date`) VALUES ('U7SMZ8', '0', '2025-12-08 00:30:07');
UPDATE `user_registration` SET `sub_point` = 0, `active_status` = 'no'
WHERE `user_id` = 'U7SMZ8';
INSERT INTO `arreva_api_logs` (`user_id`, `email`, `endpoint`, `response`, `date`) VALUES ('U7SMZ8', 'claujor06@hotmail.com', 'deactivatemember', '\"Unable to find user matching email or contract number or otherid\"', '2025-12-08 00:30:07');
INSERT INTO `inactive_history` (`user_id`, `commission_balance`, `amount`, `date`) VALUES ('U7SMZ8', '0', '150', '2025-12-08 00:30:07');
INSERT INTO `inactive_point_history` (`user_id`, `point`, `date`) VALUES ('PUJNHI', '0', '2025-12-08 00:30:07');
UPDATE `user_registration` SET `sub_point` = 0, `active_status` = 'no'
WHERE `user_id` = 'PUJNHI';
INSERT INTO `arreva_api_logs` (`user_id`, `email`, `endpoint`, `response`, `date`) VALUES ('PUJNHI', 'rt.amdream@gmail.com', 'deactivatemember', '\"Unable to find user matching email or contract number or otherid\"', '2025-12-08 00:30:07');
INSERT INTO `inactive_history` (`user_id`, `commission_balance`, `amount`, `date`) VALUES ('PUJNHI', '40', '150', '2025-12-08 00:30:07');
INSERT INTO `inactive_point_history` (`user_id`, `point`, `date`) VALUES ('WC5BL7', '0', '2025-12-08 00:30:07');
UPDATE `user_registration` SET `sub_point` = 0, `active_status` = 'no'
WHERE `user_id` = 'WC5BL7';
INSERT INTO `arreva_api_logs` (`user_id`, `email`, `endpoint`, `response`, `date`) VALUES ('WC5BL7', 'guecab74@gmail.com', 'deactivatemember', '\"Unable to find user matching email or contract number or otherid\"', '2025-12-08 00:30:07');
INSERT INTO `inactive_history` (`user_id`, `commission_balance`, `amount`, `date`) VALUES ('WC5BL7', '0', '50', '2025-12-08 00:30:07');
INSERT INTO `inactive_point_history` (`user_id`, `point`, `date`) VALUES ('W17SG2', '0', '2025-12-08 00:30:07');
UPDATE `user_registration` SET `sub_point` = 0, `active_status` = 'no'
WHERE `user_id` = 'W17SG2';
INSERT INTO `arreva_api_logs` (`user_id`, `email`, `endpoint`, `response`, `date`) VALUES ('W17SG2', 'jnsh44@gmail.com', 'deactivatemember', '\"Unable to find user matching email or contract number or otherid\"', '2025-12-08 00:30:08');
INSERT INTO `inactive_history` (`user_id`, `commission_balance`, `amount`, `date`) VALUES ('W17SG2', '0', '150', '2025-12-08 00:30:08');
INSERT INTO `inactive_point_history` (`user_id`, `point`, `date`) VALUES ('PR92IO', '0', '2025-12-08 00:30:08');
UPDATE `user_registration` SET `sub_point` = 0, `active_status` = 'no'
WHERE `user_id` = 'PR92IO';
INSERT INTO `arreva_api_logs` (`user_id`, `email`, `endpoint`, `response`, `date`) VALUES ('PR92IO', 'onielguerra@yahoo.com', 'deactivatemember', '\"Unable to find user matching email or contract number or otherid\"', '2025-12-08 00:30:08');
INSERT INTO `inactive_history` (`user_id`, `commission_balance`, `amount`, `date`) VALUES ('PR92IO', '0', '50', '2025-12-08 00:30:08');
INSERT INTO `inactive_point_history` (`user_id`, `point`, `date`) VALUES ('UTF7YN', '0', '2025-12-08 00:30:08');
UPDATE `user_registration` SET `sub_point` = 0, `active_status` = 'no'
WHERE `user_id` = 'UTF7YN';
INSERT INTO `arreva_api_logs` (`user_id`, `email`, `endpoint`, `response`, `date`) VALUES ('UTF7YN', 'miguelmartinezzamora89@gmail.com', 'deactivatemember', '\"Unable to find user matching email or contract number or otherid\"', '2025-12-08 00:30:08');
INSERT INTO `inactive_history` (`user_id`, `commission_balance`, `amount`, `date`) VALUES ('UTF7YN', '0', '150', '2025-12-08 00:30:08');
INSERT INTO `inactive_point_history` (`user_id`, `point`, `date`) VALUES ('JIL8K9', '0', '2025-12-08 00:30:08');
UPDATE `user_registration` SET `sub_point` = 0, `active_status` = 'no'
WHERE `user_id` = 'JIL8K9';
INSERT INTO `arreva_api_logs` (`user_id`, `email`, `endpoint`, `response`, `date`) VALUES ('JIL8K9', 'urquia0831@gmail.com', 'deactivatemember', '\"Unable to find user matching email or contract number or otherid\"', '2025-12-08 00:30:09');
INSERT INTO `inactive_history` (`user_id`, `commission_balance`, `amount`, `date`) VALUES ('JIL8K9', '20', '150', '2025-12-08 00:30:09');
INSERT INTO `inactive_point_history` (`user_id`, `point`, `date`) VALUES ('XHO8CJ', '0', '2025-12-08 00:30:09');
UPDATE `user_registration` SET `sub_point` = 0, `active_status` = 'no'
WHERE `user_id` = 'XHO8CJ';
INSERT INTO `arreva_api_logs` (`user_id`, `email`, `endpoint`, `response`, `date`) VALUES ('XHO8CJ', 'arielzomoza@hotmail.com', 'deactivatemember', '\"Unable to find user matching email or contract number or otherid\"', '2025-12-08 00:30:09');
INSERT INTO `inactive_history` (`user_id`, `commission_balance`, `amount`, `date`) VALUES ('XHO8CJ', '0', '150', '2025-12-08 00:30:09');
INSERT INTO `inactive_point_history` (`user_id`, `point`, `date`) VALUES ('L8NRSC', '0', '2025-12-08 00:30:09');
UPDATE `user_registration` SET `sub_point` = 0, `active_status` = 'no'
WHERE `user_id` = 'L8NRSC';
INSERT INTO `arreva_api_logs` (`user_id`, `email`, `endpoint`, `response`, `date`) VALUES ('L8NRSC', 'heviaelina17@gmail.com', 'deactivatemember', '\"Unable to find user matching email or contract number or otherid\"', '2025-12-08 00:30:09');
INSERT INTO `inactive_history` (`user_id`, `commission_balance`, `amount`, `date`) VALUES ('L8NRSC', '50', '150', '2025-12-08 00:30:09');
INSERT INTO `inactive_point_history` (`user_id`, `point`, `date`) VALUES ('6H3N98', '0', '2025-12-08 00:30:09');
UPDATE `user_registration` SET `sub_point` = 0, `active_status` = 'no'
WHERE `user_id` = '6H3N98';
INSERT INTO `arreva_api_logs` (`user_id`, `email`, `endpoint`, `response`, `date`) VALUES ('6H3N98', 'Polanco1961.jmp@gmail.com', 'deactivatemember', '\"Unable to find user matching email or contract number or otherid\"', '2025-12-08 00:30:09');
INSERT INTO `inactive_history` (`user_id`, `commission_balance`, `amount`, `date`) VALUES ('6H3N98', '100', '150', '2025-12-08 00:30:09');
INSERT INTO `inactive_point_history` (`user_id`, `point`, `date`) VALUES ('HP6YP2', '0', '2025-12-08 00:30:09');
UPDATE `user_registration` SET `sub_point` = 0, `active_status` = 'no'
WHERE `user_id` = 'HP6YP2';
INSERT INTO `arreva_api_logs` (`user_id`, `email`, `endpoint`, `response`, `date`) VALUES ('HP6YP2', 'josedavila0923@hotmail.com', 'deactivatemember', '\"Unable to find user matching email or contract number or otherid\"', '2025-12-08 00:30:10');
INSERT INTO `inactive_history` (`user_id`, `commission_balance`, `amount`, `date`) VALUES ('HP6YP2', '50', '150', '2025-12-08 00:30:10');
INSERT INTO `inactive_point_history` (`user_id`, `point`, `date`) VALUES ('8RVNYT', '0', '2025-12-08 00:30:10');
UPDATE `user_registration` SET `sub_point` = 0, `active_status` = 'no'
WHERE `user_id` = '8RVNYT';
INSERT INTO `arreva_api_logs` (`user_id`, `email`, `endpoint`, `response`, `date`) VALUES ('8RVNYT', 'dduany59@gmail.com', 'deactivatemember', '\"Unable to find user matching email or contract number or otherid\"', '2025-12-08 00:30:10');
INSERT INTO `inactive_history` (`user_id`, `commission_balance`, `amount`, `date`) VALUES ('8RVNYT', '0', '150', '2025-12-08 00:30:10');
INSERT INTO `inactive_point_history` (`user_id`, `point`, `date`) VALUES ('K8DXP2', '0', '2025-12-08 00:30:10');
UPDATE `user_registration` SET `sub_point` = 0, `active_status` = 'no'
WHERE `user_id` = 'K8DXP2';
INSERT INTO `arreva_api_logs` (`user_id`, `email`, `endpoint`, `response`, `date`) VALUES ('K8DXP2', 'danieladm02@icloud.com', 'deactivatemember', '\"Unable to find user matching email or contract number or otherid\"', '2025-12-08 00:30:10');
INSERT INTO `inactive_history` (`user_id`, `commission_balance`, `amount`, `date`) VALUES ('K8DXP2', '0', '150', '2025-12-08 00:30:10');
INSERT INTO `inactive_point_history` (`user_id`, `point`, `date`) VALUES ('BD2ZLC', '0', '2025-12-08 00:30:10');
UPDATE `user_registration` SET `sub_point` = 0, `active_status` = 'no'
WHERE `user_id` = 'BD2ZLC';
INSERT INTO `arreva_api_logs` (`user_id`, `email`, `endpoint`, `response`, `date`) VALUES ('BD2ZLC', 'misleydacuba@hotmail.com', 'deactivatemember', '\"Unable to find user matching email or contract number or otherid\"', '2025-12-08 00:30:10');
INSERT INTO `inactive_history` (`user_id`, `commission_balance`, `amount`, `date`) VALUES ('BD2ZLC', '100', '150', '2025-12-08 00:30:10');
INSERT INTO `inactive_point_history` (`user_id`, `point`, `date`) VALUES ('2MBPZI', '0', '2025-12-08 00:30:10');
UPDATE `user_registration` SET `sub_point` = 0, `active_status` = 'no'
WHERE `user_id` = '2MBPZI';
INSERT INTO `arreva_api_logs` (`user_id`, `email`, `endpoint`, `response`, `date`) VALUES ('2MBPZI', 'lamora07@icloud.com', 'deactivatemember', '\"Unable to find user matching email or contract number or otherid\"', '2025-12-08 00:30:11');
INSERT INTO `inactive_history` (`user_id`, `commission_balance`, `amount`, `date`) VALUES ('2MBPZI', '0', '150', '2025-12-08 00:30:11');
INSERT INTO `inactive_point_history` (`user_id`, `point`, `date`) VALUES ('XXI66Z', '0', '2025-12-08 00:30:11');
UPDATE `user_registration` SET `sub_point` = 0, `active_status` = 'no'
WHERE `user_id` = 'XXI66Z';
INSERT INTO `arreva_api_logs` (`user_id`, `email`, `endpoint`, `response`, `date`) VALUES ('XXI66Z', 'nora.cuenca722@gmail.com', 'deactivatemember', '\"Unable to find user matching email or contract number or otherid\"', '2025-12-08 00:30:11');
INSERT INTO `inactive_history` (`user_id`, `commission_balance`, `amount`, `date`) VALUES ('XXI66Z', '0', '150', '2025-12-08 00:30:11');
INSERT INTO `inactive_point_history` (`user_id`, `point`, `date`) VALUES ('Q82ZV9', '0', '2025-12-08 00:30:11');
UPDATE `user_registration` SET `sub_point` = 0, `active_status` = 'no'
WHERE `user_id` = 'Q82ZV9';
INSERT INTO `arreva_api_logs` (`user_id`, `email`, `endpoint`, `response`, `date`) VALUES ('Q82ZV9', 'Jcab777@hotmail.com', 'deactivatemember', '\"Unable to find user matching email or contract number or otherid\"', '2025-12-08 00:30:11');
INSERT INTO `inactive_history` (`user_id`, `commission_balance`, `amount`, `date`) VALUES ('Q82ZV9', '20', '50', '2025-12-08 00:30:11');
INSERT INTO `inactive_point_history` (`user_id`, `point`, `date`) VALUES ('IWTOLP', '0', '2025-12-08 00:30:11');
UPDATE `user_registration` SET `sub_point` = 0, `active_status` = 'no'
WHERE `user_id` = 'IWTOLP';
INSERT INTO `arreva_api_logs` (`user_id`, `email`, `endpoint`, `response`, `date`) VALUES ('IWTOLP', 'Hectorvaldes84@gmail.com', 'deactivatemember', '\"Unable to find user matching email or contract number or otherid\"', '2025-12-08 00:30:11');
INSERT INTO `inactive_history` (`user_id`, `commission_balance`, `amount`, `date`) VALUES ('IWTOLP', '0', '50', '2025-12-08 00:30:11');
INSERT INTO `inactive_point_history` (`user_id`, `point`, `date`) VALUES ('9QPRWH', '0', '2025-12-08 00:30:11');
UPDATE `user_registration` SET `sub_point` = 0, `active_status` = 'no'
WHERE `user_id` = '9QPRWH';
INSERT INTO `arreva_api_logs` (`user_id`, `email`, `endpoint`, `response`, `date`) VALUES ('9QPRWH', 'danny.ortiz93@yahoo.com', 'deactivatemember', '\"Unable to find user matching email or contract number or otherid\"', '2025-12-08 00:30:12');
INSERT INTO `inactive_history` (`user_id`, `commission_balance`, `amount`, `date`) VALUES ('9QPRWH', '0', '150', '2025-12-08 00:30:12');
INSERT INTO `inactive_point_history` (`user_id`, `point`, `date`) VALUES ('LBY7TN', '0', '2025-12-08 00:30:12');
UPDATE `user_registration` SET `sub_point` = 0, `active_status` = 'no'
WHERE `user_id` = 'LBY7TN';
INSERT INTO `arreva_api_logs` (`user_id`, `email`, `endpoint`, `response`, `date`) VALUES ('LBY7TN', 'realtororlando1@gmail.com', 'deactivatemember', '\"Unable to find user matching email or contract number or otherid\"', '2025-12-08 00:30:12');
INSERT INTO `inactive_history` (`user_id`, `commission_balance`, `amount`, `date`) VALUES ('LBY7TN', '0', '150', '2025-12-08 00:30:12');
INSERT INTO `inactive_point_history` (`user_id`, `point`, `date`) VALUES ('WDEXJT', '0', '2025-12-08 00:30:12');
UPDATE `user_registration` SET `sub_point` = 0, `active_status` = 'no'
WHERE `user_id` = 'WDEXJT';
INSERT INTO `arreva_api_logs` (`user_id`, `email`, `endpoint`, `response`, `date`) VALUES ('WDEXJT', 'randol1976@gmail.com', 'deactivatemember', '\"Unable to find user matching email or contract number or otherid\"', '2025-12-08 00:30:12');
INSERT INTO `inactive_history` (`user_id`, `commission_balance`, `amount`, `date`) VALUES ('WDEXJT', '0', '150', '2025-12-08 00:30:12');
INSERT INTO `inactive_point_history` (`user_id`, `point`, `date`) VALUES ('78UOV5', '0', '2025-12-08 00:30:12');
UPDATE `user_registration` SET `sub_point` = 0, `active_status` = 'no'
WHERE `user_id` = '78UOV5';
INSERT INTO `arreva_api_logs` (`user_id`, `email`, `endpoint`, `response`, `date`) VALUES ('78UOV5', 'Marvincano2006@hotmail.com', 'deactivatemember', '\"Unable to find user matching email or contract number or otherid\"', '2025-12-08 00:30:12');
INSERT INTO `inactive_history` (`user_id`, `commission_balance`, `amount`, `date`) VALUES ('78UOV5', '0', '50', '2025-12-08 00:30:12');
INSERT INTO `inactive_point_history` (`user_id`, `point`, `date`) VALUES ('8D7CNL', '0', '2025-12-08 00:30:12');
UPDATE `user_registration` SET `sub_point` = 0, `active_status` = 'no'
WHERE `user_id` = '8D7CNL';
INSERT INTO `arreva_api_logs` (`user_id`, `email`, `endpoint`, `response`, `date`) VALUES ('8D7CNL', 'ulambert45@gmail.com', 'deactivatemember', '\"Unable to find user matching email or contract number or otherid\"', '2025-12-08 00:30:13');
INSERT INTO `inactive_history` (`user_id`, `commission_balance`, `amount`, `date`) VALUES ('8D7CNL', '100', '150', '2025-12-08 00:30:13');
INSERT INTO `inactive_point_history` (`user_id`, `point`, `date`) VALUES ('OMGB4G', '0', '2025-12-08 00:30:13');
UPDATE `user_registration` SET `sub_point` = 0, `active_status` = 'no'
WHERE `user_id` = 'OMGB4G';
INSERT INTO `arreva_api_logs` (`user_id`, `email`, `endpoint`, `response`, `date`) VALUES ('OMGB4G', 'aniadebora8@gmail.com', 'deactivatemember', '\"Unable to find user matching email or contract number or otherid\"', '2025-12-08 00:30:13');
INSERT INTO `inactive_history` (`user_id`, `commission_balance`, `amount`, `date`) VALUES ('OMGB4G', '7.5', '150', '2025-12-08 00:30:13');
INSERT INTO `inactive_point_history` (`user_id`, `point`, `date`) VALUES ('UJXP99', '0', '2025-12-08 00:30:13');
UPDATE `user_registration` SET `sub_point` = 0, `active_status` = 'no'
WHERE `user_id` = 'UJXP99';
INSERT INTO `arreva_api_logs` (`user_id`, `email`, `endpoint`, `response`, `date`) VALUES ('UJXP99', 'aldocamporota@yahoo.com', 'deactivatemember', '\"Unable to find user matching email or contract number or otherid\"', '2025-12-08 00:30:13');
INSERT INTO `inactive_history` (`user_id`, `commission_balance`, `amount`, `date`) VALUES ('UJXP99', '0', '50', '2025-12-08 00:30:13');
INSERT INTO `inactive_point_history` (`user_id`, `point`, `date`) VALUES ('L268VW', '0', '2025-12-08 00:30:13');
UPDATE `user_registration` SET `sub_point` = 0, `active_status` = 'no'
WHERE `user_id` = 'L268VW';
INSERT INTO `arreva_api_logs` (`user_id`, `email`, `endpoint`, `response`, `date`) VALUES ('L268VW', 'omy2228@gmail.com', 'deactivatemember', '\"Unable to find user matching email or contract number or otherid\"', '2025-12-08 00:30:14');
INSERT INTO `inactive_history` (`user_id`, `commission_balance`, `amount`, `date`) VALUES ('L268VW', '0', '50', '2025-12-08 00:30:14');
INSERT INTO `inactive_point_history` (`user_id`, `point`, `date`) VALUES ('UVJ6L9', '0', '2025-12-08 00:30:14');
UPDATE `user_registration` SET `sub_point` = 0, `active_status` = 'no'
WHERE `user_id` = 'UVJ6L9';
INSERT INTO `arreva_api_logs` (`user_id`, `email`, `endpoint`, `response`, `date`) VALUES ('UVJ6L9', 'nrproducts20+1@gmail.com', 'deactivatemember', '\"Unable to find user matching email or contract number or otherid\"', '2025-12-08 00:30:14');
INSERT INTO `inactive_history` (`user_id`, `commission_balance`, `amount`, `date`) VALUES ('UVJ6L9', '0', '50', '2025-12-08 00:30:14');
INSERT INTO `inactive_point_history` (`user_id`, `point`, `date`) VALUES ('T2U73Q', '0', '2025-12-08 00:30:14');
UPDATE `user_registration` SET `sub_point` = 0, `active_status` = 'no'
WHERE `user_id` = 'T2U73Q';
INSERT INTO `arreva_api_logs` (`user_id`, `email`, `endpoint`, `response`, `date`) VALUES ('T2U73Q', 'aidacano1694@gmail.com', 'deactivatemember', '\"Unable to find user matching email or contract number or otherid\"', '2025-12-08 00:30:14');
INSERT INTO `inactive_history` (`user_id`, `commission_balance`, `amount`, `date`) VALUES ('T2U73Q', '0', '50', '2025-12-08 00:30:14');
INSERT INTO `inactive_point_history` (`user_id`, `point`, `date`) VALUES ('ULHSH2', '0', '2025-12-08 00:30:14');
UPDATE `user_registration` SET `sub_point` = 0, `active_status` = 'no'
WHERE `user_id` = 'ULHSH2';
INSERT INTO `arreva_api_logs` (`user_id`, `email`, `endpoint`, `response`, `date`) VALUES ('ULHSH2', 'asny_melody11@hotmail.com', 'deactivatemember', '\"Unable to find user matching email or contract number or otherid\"', '2025-12-08 00:30:14');
INSERT INTO `inactive_history` (`user_id`, `commission_balance`, `amount`, `date`) VALUES ('ULHSH2', '0', '150', '2025-12-08 00:30:14');
INSERT INTO `inactive_point_history` (`user_id`, `point`, `date`) VALUES ('H1XYDK', '0', '2025-12-08 00:30:14');
UPDATE `user_registration` SET `sub_point` = 0, `active_status` = 'no'
WHERE `user_id` = 'H1XYDK';
INSERT INTO `arreva_api_logs` (`user_id`, `email`, `endpoint`, `response`, `date`) VALUES ('H1XYDK', 'bingostarsforever@gmail.com', 'deactivatemember', '\"Unable to find user matching email or contract number or otherid\"', '2025-12-08 00:30:15');
INSERT INTO `inactive_history` (`user_id`, `commission_balance`, `amount`, `date`) VALUES ('H1XYDK', '0', '50', '2025-12-08 00:30:15');
INSERT INTO `inactive_point_history` (`user_id`, `point`, `date`) VALUES ('3UFB1M', '0', '2025-12-08 00:30:15');
UPDATE `user_registration` SET `sub_point` = 0, `active_status` = 'no'
WHERE `user_id` = '3UFB1M';
INSERT INTO `arreva_api_logs` (`user_id`, `email`, `endpoint`, `response`, `date`) VALUES ('3UFB1M', 'mariodiamantes2014@gmail.com', 'deactivatemember', '\"Unable to find user matching email or contract number or otherid\"', '2025-12-08 00:30:15');
INSERT INTO `inactive_history` (`user_id`, `commission_balance`, `amount`, `date`) VALUES ('3UFB1M', '100', '150', '2025-12-08 00:30:15');
INSERT INTO `inactive_point_history` (`user_id`, `point`, `date`) VALUES ('72W7M6', '0', '2025-12-08 00:30:15');
UPDATE `user_registration` SET `sub_point` = 0, `active_status` = 'no'
WHERE `user_id` = '72W7M6';
INSERT INTO `arreva_api_logs` (`user_id`, `email`, `endpoint`, `response`, `date`) VALUES ('72W7M6', 'finanzasyprosperidad777@gmail.com', 'deactivatemember', '\"Unable to find user matching email or contract number or otherid\"', '2025-12-08 00:30:15');
INSERT INTO `inactive_history` (`user_id`, `commission_balance`, `amount`, `date`) VALUES ('72W7M6', '0', '50', '2025-12-08 00:30:15');
INSERT INTO `inactive_point_history` (`user_id`, `point`, `date`) VALUES ('8PK4HK', '0', '2025-12-08 00:30:15');
UPDATE `user_registration` SET `sub_point` = 0, `active_status` = 'no'
WHERE `user_id` = '8PK4HK';
INSERT INTO `arreva_api_logs` (`user_id`, `email`, `endpoint`, `response`, `date`) VALUES ('8PK4HK', 'romandebora44@gmail.com', 'deactivatemember', '\"Unable to find user matching email or contract number or otherid\"', '2025-12-08 00:30:15');
INSERT INTO `inactive_history` (`user_id`, `commission_balance`, `amount`, `date`) VALUES ('8PK4HK', '0', '150', '2025-12-08 00:30:15');
INSERT INTO `inactive_point_history` (`user_id`, `point`, `date`) VALUES ('LEOFNI', '0', '2025-12-08 00:30:15');
UPDATE `user_registration` SET `sub_point` = 0, `active_status` = 'no'
WHERE `user_id` = 'LEOFNI';
INSERT INTO `arreva_api_logs` (`user_id`, `email`, `endpoint`, `response`, `date`) VALUES ('LEOFNI', 'nrproducts20+2@gmail.com', 'deactivatemember', '\"Unable to find user matching email or contract number or otherid\"', '2025-12-08 00:30:16');
INSERT INTO `inactive_history` (`user_id`, `commission_balance`, `amount`, `date`) VALUES ('LEOFNI', '0', '150', '2025-12-08 00:30:16');
INSERT INTO `inactive_point_history` (`user_id`, `point`, `date`) VALUES ('75X85X', '0', '2025-12-08 00:30:16');
UPDATE `user_registration` SET `sub_point` = 0, `active_status` = 'no'
WHERE `user_id` = '75X85X';
INSERT INTO `arreva_api_logs` (`user_id`, `email`, `endpoint`, `response`, `date`) VALUES ('75X85X', 'nrproducts20+3@gmail.com', 'deactivatemember', '\"Unable to find user matching email or contract number or otherid\"', '2025-12-08 00:30:16');
INSERT INTO `inactive_history` (`user_id`, `commission_balance`, `amount`, `date`) VALUES ('75X85X', '0', '50', '2025-12-08 00:30:16');
INSERT INTO `inactive_point_history` (`user_id`, `point`, `date`) VALUES ('UC1QRN', '0', '2025-12-08 00:30:16');
UPDATE `user_registration` SET `sub_point` = 0, `active_status` = 'no'
WHERE `user_id` = 'UC1QRN';
INSERT INTO `arreva_api_logs` (`user_id`, `email`, `endpoint`, `response`, `date`) VALUES ('UC1QRN', 'orelfernandezg@gmail.com', 'deactivatemember', '\"Unable to find user matching email or contract number or otherid\"', '2025-12-08 00:30:16');
INSERT INTO `inactive_history` (`user_id`, `commission_balance`, `amount`, `date`) VALUES ('UC1QRN', '0', '150', '2025-12-08 00:30:16');
INSERT INTO `inactive_point_history` (`user_id`, `point`, `date`) VALUES ('7YU16B', '0', '2025-12-08 00:30:16');
UPDATE `user_registration` SET `sub_point` = 0, `active_status` = 'no'
WHERE `user_id` = '7YU16B';
INSERT INTO `arreva_api_logs` (`user_id`, `email`, `endpoint`, `response`, `date`) VALUES ('7YU16B', 'glefran@gmail.com', 'deactivatemember', '\"Unable to find user matching email or contract number or otherid\"', '2025-12-08 00:30:16');
INSERT INTO `inactive_history` (`user_id`, `commission_balance`, `amount`, `date`) VALUES ('7YU16B', '0', '50', '2025-12-08 00:30:16');
INSERT INTO `inactive_point_history` (`user_id`, `point`, `date`) VALUES ('OEM6F6', '0', '2025-12-08 00:30:16');
UPDATE `user_registration` SET `sub_point` = 0, `active_status` = 'no'
WHERE `user_id` = 'OEM6F6';
INSERT INTO `arreva_api_logs` (`user_id`, `email`, `endpoint`, `response`, `date`) VALUES ('OEM6F6', 'oceci.nieves@gmail.com', 'deactivatemember', '\"Unable to find user matching email or contract number or otherid\"', '2025-12-08 00:30:17');
INSERT INTO `inactive_history` (`user_id`, `commission_balance`, `amount`, `date`) VALUES ('OEM6F6', '0', '50', '2025-12-08 00:30:17');
INSERT INTO `inactive_point_history` (`user_id`, `point`, `date`) VALUES ('TU7MHD', '0', '2025-12-08 00:30:17');
UPDATE `user_registration` SET `sub_point` = 0, `active_status` = 'no'
WHERE `user_id` = 'TU7MHD';
INSERT INTO `arreva_api_logs` (`user_id`, `email`, `endpoint`, `response`, `date`) VALUES ('TU7MHD', 'betgarc42@gmaill.com', 'deactivatemember', '\"Unable to find user matching email or contract number or otherid\"', '2025-12-08 00:30:17');
INSERT INTO `inactive_history` (`user_id`, `commission_balance`, `amount`, `date`) VALUES ('TU7MHD', '100', '150', '2025-12-08 00:30:17');
INSERT INTO `inactive_point_history` (`user_id`, `point`, `date`) VALUES ('7BQJK5', '0', '2025-12-08 00:30:17');
UPDATE `user_registration` SET `sub_point` = 0, `active_status` = 'no'
WHERE `user_id` = '7BQJK5';
INSERT INTO `arreva_api_logs` (`user_id`, `email`, `endpoint`, `response`, `date`) VALUES ('7BQJK5', 'YPENABAD@HOTMAIL.COM', 'deactivatemember', '\"Unable to find user matching email or contract number or otherid\"', '2025-12-08 00:30:17');
INSERT INTO `inactive_history` (`user_id`, `commission_balance`, `amount`, `date`) VALUES ('7BQJK5', '20', '150', '2025-12-08 00:30:17');
INSERT INTO `inactive_point_history` (`user_id`, `point`, `date`) VALUES ('XMN3MK', '0', '2025-12-08 00:30:17');
UPDATE `user_registration` SET `sub_point` = 0, `active_status` = 'no'
WHERE `user_id` = 'XMN3MK';
INSERT INTO `arreva_api_logs` (`user_id`, `email`, `endpoint`, `response`, `date`) VALUES ('XMN3MK', 'narotnebur324058@gmail.com', 'deactivatemember', '\"Unable to find user matching email or contract number or otherid\"', '2025-12-08 00:30:17');
INSERT INTO `inactive_history` (`user_id`, `commission_balance`, `amount`, `date`) VALUES ('XMN3MK', '0', '150', '2025-12-08 00:30:17');
INSERT INTO `inactive_point_history` (`user_id`, `point`, `date`) VALUES ('7SMFPM', '0', '2025-12-08 00:30:17');
UPDATE `user_registration` SET `sub_point` = 0, `active_status` = 'no'
WHERE `user_id` = '7SMFPM';
INSERT INTO `arreva_api_logs` (`user_id`, `email`, `endpoint`, `response`, `date`) VALUES ('7SMFPM', 'volcanu2080@gmail.com', 'deactivatemember', '\"Unable to find user matching email or contract number or otherid\"', '2025-12-08 00:30:18');
INSERT INTO `inactive_history` (`user_id`, `commission_balance`, `amount`, `date`) VALUES ('7SMFPM', '0', '50', '2025-12-08 00:30:18');
INSERT INTO `inactive_point_history` (`user_id`, `point`, `date`) VALUES ('WS9KK9', '0', '2025-12-08 00:30:18');
UPDATE `user_registration` SET `sub_point` = 0, `active_status` = 'no'
WHERE `user_id` = 'WS9KK9';
INSERT INTO `arreva_api_logs` (`user_id`, `email`, `endpoint`, `response`, `date`) VALUES ('WS9KK9', 'aller.r@hotmail.com', 'deactivatemember', '\"Unable to find user matching email or contract number or otherid\"', '2025-12-08 00:30:18');
INSERT INTO `inactive_history` (`user_id`, `commission_balance`, `amount`, `date`) VALUES ('WS9KK9', '0', '150', '2025-12-08 00:30:18');
INSERT INTO `inactive_point_history` (`user_id`, `point`, `date`) VALUES ('BJFCEM', '0', '2025-12-08 00:30:18');
UPDATE `user_registration` SET `sub_point` = 0, `active_status` = 'no'
WHERE `user_id` = 'BJFCEM';
INSERT INTO `arreva_api_logs` (`user_id`, `email`, `endpoint`, `response`, `date`) VALUES ('BJFCEM', 'moneysavetoday@gmail.com', 'deactivatemember', '\"Unable to find user matching email or contract number or otherid\"', '2025-12-08 00:30:18');
INSERT INTO `inactive_history` (`user_id`, `commission_balance`, `amount`, `date`) VALUES ('BJFCEM', '0', '50', '2025-12-08 00:30:18');
INSERT INTO `inactive_point_history` (`user_id`, `point`, `date`) VALUES ('9EDD8W', '0', '2025-12-08 00:30:18');
UPDATE `user_registration` SET `sub_point` = 0, `active_status` = 'no'
WHERE `user_id` = '9EDD8W';
INSERT INTO `arreva_api_logs` (`user_id`, `email`, `endpoint`, `response`, `date`) VALUES ('9EDD8W', 'fabrehands@gmail.com', 'deactivatemember', '\"Unable to find user matching email or contract number or otherid\"', '2025-12-08 00:30:18');
INSERT INTO `inactive_history` (`user_id`, `commission_balance`, `amount`, `date`) VALUES ('9EDD8W', '0', '50', '2025-12-08 00:30:18');
INSERT INTO `inactive_point_history` (`user_id`, `point`, `date`) VALUES ('TOTNOR', '0', '2025-12-08 00:30:18');
UPDATE `user_registration` SET `sub_point` = 0, `active_status` = 'no'
WHERE `user_id` = 'TOTNOR';
INSERT INTO `arreva_api_logs` (`user_id`, `email`, `endpoint`, `response`, `date`) VALUES ('TOTNOR', 'triptripclub@gmail.com', 'deactivatemember', '\"Unable to find user matching email or contract number or otherid\"', '2025-12-08 00:30:19');
INSERT INTO `inactive_history` (`user_id`, `commission_balance`, `amount`, `date`) VALUES ('TOTNOR', '0', '50', '2025-12-08 00:30:19');
INSERT INTO `inactive_point_history` (`user_id`, `point`, `date`) VALUES ('M2XFK7', '0', '2025-12-08 00:30:19');
UPDATE `user_registration` SET `sub_point` = 0, `active_status` = 'no'
WHERE `user_id` = 'M2XFK7';
INSERT INTO `arreva_api_logs` (`user_id`, `email`, `endpoint`, `response`, `date`) VALUES ('M2XFK7', 'omartoranzo24@gmail.com', 'deactivatemember', '\"Unable to find user matching email or contract number or otherid\"', '2025-12-08 00:30:19');
INSERT INTO `inactive_history` (`user_id`, `commission_balance`, `amount`, `date`) VALUES ('M2XFK7', '0', '150', '2025-12-08 00:30:19');
INSERT INTO `inactive_point_history` (`user_id`, `point`, `date`) VALUES ('82W7DS', '0', '2025-12-08 00:30:19');
UPDATE `user_registration` SET `sub_point` = 0, `active_status` = 'no'
WHERE `user_id` = '82W7DS';
INSERT INTO `arreva_api_logs` (`user_id`, `email`, `endpoint`, `response`, `date`) VALUES ('82W7DS', 'ernestop148@gmail.com', 'deactivatemember', '\"Unable to find user matching email or contract number or otherid\"', '2025-12-08 00:30:19');
INSERT INTO `inactive_history` (`user_id`, `commission_balance`, `amount`, `date`) VALUES ('82W7DS', '0', '50', '2025-12-08 00:30:19');
INSERT INTO `inactive_point_history` (`user_id`, `point`, `date`) VALUES ('9T4ALJ', '0', '2025-12-08 00:30:19');
UPDATE `user_registration` SET `sub_point` = 0, `active_status` = 'no'
WHERE `user_id` = '9T4ALJ';
INSERT INTO `arreva_api_logs` (`user_id`, `email`, `endpoint`, `response`, `date`) VALUES ('9T4ALJ', 'terina.quinones@gmail.com', 'deactivatemember', '\"Unable to find user matching email or contract number or otherid\"', '2025-12-08 00:30:19');
INSERT INTO `inactive_history` (`user_id`, `commission_balance`, `amount`, `date`) VALUES ('9T4ALJ', '0', '150', '2025-12-08 00:30:19');
INSERT INTO `inactive_point_history` (`user_id`, `point`, `date`) VALUES ('648GBY', '0', '2025-12-08 00:30:19');
UPDATE `user_registration` SET `sub_point` = 0, `active_status` = 'no'
WHERE `user_id` = '648GBY';
INSERT INTO `arreva_api_logs` (`user_id`, `email`, `endpoint`, `response`, `date`) VALUES ('648GBY', 'shaniarodri888@gmail.com', 'deactivatemember', '\"Unable to find user matching email or contract number or otherid\"', '2025-12-08 00:30:20');
INSERT INTO `inactive_history` (`user_id`, `commission_balance`, `amount`, `date`) VALUES ('648GBY', '20', '50', '2025-12-08 00:30:20');
INSERT INTO `inactive_point_history` (`user_id`, `point`, `date`) VALUES ('X5T3ZT', '0', '2025-12-08 00:30:20');
UPDATE `user_registration` SET `sub_point` = 0, `active_status` = 'no'
WHERE `user_id` = 'X5T3ZT';
INSERT INTO `arreva_api_logs` (`user_id`, `email`, `endpoint`, `response`, `date`) VALUES ('X5T3ZT', 'joseantonio112759@gmail.com', 'deactivatemember', '\"Unable to find user matching email or contract number or otherid\"', '2025-12-08 00:30:20');
INSERT INTO `inactive_history` (`user_id`, `commission_balance`, `amount`, `date`) VALUES ('X5T3ZT', '0', '150', '2025-12-08 00:30:20');
INSERT INTO `inactive_point_history` (`user_id`, `point`, `date`) VALUES ('PXHCYN', '0', '2025-12-08 00:30:20');
UPDATE `user_registration` SET `sub_point` = 0, `active_status` = 'no'
WHERE `user_id` = 'PXHCYN';
INSERT INTO `arreva_api_logs` (`user_id`, `email`, `endpoint`, `response`, `date`) VALUES ('PXHCYN', 'heribertoortega68@yahoo.com', 'deactivatemember', '\"Unable to find user matching email or contract number or otherid\"', '2025-12-08 00:30:20');
INSERT INTO `inactive_history` (`user_id`, `commission_balance`, `amount`, `date`) VALUES ('PXHCYN', '0', '150', '2025-12-08 00:30:20');
INSERT INTO `inactive_point_history` (`user_id`, `point`, `date`) VALUES ('1GNDEQ', '0', '2025-12-08 00:30:20');
UPDATE `user_registration` SET `sub_point` = 0, `active_status` = 'no'
WHERE `user_id` = '1GNDEQ';
INSERT INTO `arreva_api_logs` (`user_id`, `email`, `endpoint`, `response`, `date`) VALUES ('1GNDEQ', 'Bettylaracormier@gmail.com', 'deactivatemember', '\"Unable to find user matching email or contract number or otherid\"', '2025-12-08 00:30:21');
INSERT INTO `inactive_history` (`user_id`, `commission_balance`, `amount`, `date`) VALUES ('1GNDEQ', '50', '150', '2025-12-08 00:30:21');
INSERT INTO `inactive_point_history` (`user_id`, `point`, `date`) VALUES ('4PJDWH', '0', '2025-12-08 00:30:21');
UPDATE `user_registration` SET `sub_point` = 0, `active_status` = 'no'
WHERE `user_id` = '4PJDWH';
INSERT INTO `arreva_api_logs` (`user_id`, `email`, `endpoint`, `response`, `date`) VALUES ('4PJDWH', 'dayceesaldana169@gmail.com', 'deactivatemember', '\"Unable to find user matching email or contract number or otherid\"', '2025-12-08 00:30:21');
INSERT INTO `inactive_history` (`user_id`, `commission_balance`, `amount`, `date`) VALUES ('4PJDWH', '0', '150', '2025-12-08 00:30:21');
INSERT INTO `inactive_point_history` (`user_id`, `point`, `date`) VALUES ('G3WYIA', '0', '2025-12-08 00:30:21');
UPDATE `user_registration` SET `sub_point` = 0, `active_status` = 'no'
WHERE `user_id` = 'G3WYIA';
INSERT INTO `arreva_api_logs` (`user_id`, `email`, `endpoint`, `response`, `date`) VALUES ('G3WYIA', 'Cmorgansanchez@yahoo.com', 'deactivatemember', '\"Unable to find user matching email or contract number or otherid\"', '2025-12-08 00:30:21');
INSERT INTO `inactive_history` (`user_id`, `commission_balance`, `amount`, `date`) VALUES ('G3WYIA', '0', '150', '2025-12-08 00:30:21');
INSERT INTO `inactive_point_history` (`user_id`, `point`, `date`) VALUES ('BEC1EO', '1200', '2025-12-08 00:30:21');
UPDATE `user_registration` SET `sub_point` = 0, `active_status` = 'no'
WHERE `user_id` = 'BEC1EO';
INSERT INTO `arreva_api_logs` (`user_id`, `email`, `endpoint`, `response`, `date`) VALUES ('BEC1EO', 'bryancouso@yahoo.com', 'deactivatemember', '\"Unable to find user matching email or contract number or otherid\"', '2025-12-08 00:30:21');
INSERT INTO `inactive_history` (`user_id`, `commission_balance`, `amount`, `date`) VALUES ('BEC1EO', '37.5', '150', '2025-12-08 00:30:21');
UPDATE `user_registration` SET `reminder_sent` = 'yes'
WHERE `user_id` = 'BEC1EO';
INSERT INTO `inactive_point_history` (`user_id`, `point`, `date`) VALUES ('5VOD76', '0', '2025-12-08 00:30:22');
UPDATE `user_registration` SET `sub_point` = 0, `active_status` = 'no'
WHERE `user_id` = '5VOD76';
INSERT INTO `arreva_api_logs` (`user_id`, `email`, `endpoint`, `response`, `date`) VALUES ('5VOD76', 'lauraeramosacosta@gmail.com', 'deactivatemember', 'true', '2025-12-08 00:30:22');
INSERT INTO `inactive_history` (`user_id`, `commission_balance`, `amount`, `date`) VALUES ('5VOD76', '112.5', '150', '2025-12-08 00:30:22');
INSERT INTO `inactive_point_history` (`user_id`, `point`, `date`) VALUES ('VZYEPG', '0', '2025-12-08 00:30:22');
UPDATE `user_registration` SET `sub_point` = 0, `active_status` = 'no'
WHERE `user_id` = 'VZYEPG';
INSERT INTO `arreva_api_logs` (`user_id`, `email`, `endpoint`, `response`, `date`) VALUES ('VZYEPG', 'a.ramos9321@icloud.com', 'deactivatemember', '\"Unable to find user matching email or contract number or otherid\"', '2025-12-08 00:30:22');
INSERT INTO `inactive_history` (`user_id`, `commission_balance`, `amount`, `date`) VALUES ('VZYEPG', '0', '150', '2025-12-08 00:30:22');
INSERT INTO `inactive_point_history` (`user_id`, `point`, `date`) VALUES ('TB42PA', '0', '2025-12-08 00:30:22');
UPDATE `user_registration` SET `sub_point` = 0, `active_status` = 'no'
WHERE `user_id` = 'TB42PA';
INSERT INTO `arreva_api_logs` (`user_id`, `email`, `endpoint`, `response`, `date`) VALUES ('TB42PA', 'betsycf@msn.com', 'deactivatemember', '\"Unable to find user matching email or contract number or otherid\"', '2025-12-08 00:30:23');
INSERT INTO `inactive_history` (`user_id`, `commission_balance`, `amount`, `date`) VALUES ('TB42PA', '0', '150', '2025-12-08 00:30:23');
INSERT INTO `inactive_point_history` (`user_id`, `point`, `date`) VALUES ('2KPJZJ', '0', '2025-12-08 00:30:23');
UPDATE `user_registration` SET `sub_point` = 0, `active_status` = 'no'
WHERE `user_id` = '2KPJZJ';
INSERT INTO `arreva_api_logs` (`user_id`, `email`, `endpoint`, `response`, `date`) VALUES ('2KPJZJ', 'marlonlimonta11@gmail.com', 'deactivatemember', '\"Unable to find user matching email or contract number or otherid\"', '2025-12-08 00:30:23');
INSERT INTO `inactive_history` (`user_id`, `commission_balance`, `amount`, `date`) VALUES ('2KPJZJ', '0', '150', '2025-12-08 00:30:23');
INSERT INTO `inactive_point_history` (`user_id`, `point`, `date`) VALUES ('8634EF', '0', '2025-12-08 00:30:23');
UPDATE `user_registration` SET `sub_point` = 0, `active_status` = 'no'
WHERE `user_id` = '8634EF';
INSERT INTO `arreva_api_logs` (`user_id`, `email`, `endpoint`, `response`, `date`) VALUES ('8634EF', 'taymi1509@gmail.com', 'deactivatemember', '\"Unable to find user matching email or contract number or otherid\"', '2025-12-08 00:30:23');
INSERT INTO `inactive_history` (`user_id`, `commission_balance`, `amount`, `date`) VALUES ('8634EF', '0', '150', '2025-12-08 00:30:23');
INSERT INTO `inactive_point_history` (`user_id`, `point`, `date`) VALUES ('7P1TWW', '0', '2025-12-08 00:30:23');
UPDATE `user_registration` SET `sub_point` = 0, `active_status` = 'no'
WHERE `user_id` = '7P1TWW';
INSERT INTO `arreva_api_logs` (`user_id`, `email`, `endpoint`, `response`, `date`) VALUES ('7P1TWW', 'marthamarin9993@gmail.com', 'deactivatemember', '\"Unable to find user matching email or contract number or otherid\"', '2025-12-08 00:30:24');
INSERT INTO `inactive_history` (`user_id`, `commission_balance`, `amount`, `date`) VALUES ('7P1TWW', '20', '150', '2025-12-08 00:30:24');
INSERT INTO `inactive_point_history` (`user_id`, `point`, `date`) VALUES ('WNT6C4', '0', '2025-12-08 00:30:24');
UPDATE `user_registration` SET `sub_point` = 0, `active_status` = 'no'
WHERE `user_id` = 'WNT6C4';
INSERT INTO `arreva_api_logs` (`user_id`, `email`, `endpoint`, `response`, `date`) VALUES ('WNT6C4', 'lizanaya0310@gmail.com', 'deactivatemember', '\"Unable to find user matching email or contract number or otherid\"', '2025-12-08 00:30:24');
INSERT INTO `inactive_history` (`user_id`, `commission_balance`, `amount`, `date`) VALUES ('WNT6C4', '0', '150', '2025-12-08 00:30:24');
INSERT INTO `inactive_point_history` (`user_id`, `point`, `date`) VALUES ('KYPLBN', '0', '2025-12-08 00:30:24');
UPDATE `user_registration` SET `sub_point` = 0, `active_status` = 'no'
WHERE `user_id` = 'KYPLBN';
INSERT INTO `arreva_api_logs` (`user_id`, `email`, `endpoint`, `response`, `date`) VALUES ('KYPLBN', 'ivanportega02@gmail.com', 'deactivatemember', '\"Unable to find user matching email or contract number or otherid\"', '2025-12-08 00:30:24');
INSERT INTO `inactive_history` (`user_id`, `commission_balance`, `amount`, `date`) VALUES ('KYPLBN', '0', '150', '2025-12-08 00:30:24');
INSERT INTO `inactive_point_history` (`user_id`, `point`, `date`) VALUES ('MY94TD', '0', '2025-12-08 00:30:24');
UPDATE `user_registration` SET `sub_point` = 0, `active_status` = 'no'
WHERE `user_id` = 'MY94TD';
INSERT INTO `arreva_api_logs` (`user_id`, `email`, `endpoint`, `response`, `date`) VALUES ('MY94TD', 'a90961084@gmail.com', 'deactivatemember', '\"Unable to find user matching email or contract number or otherid\"', '2025-12-08 00:30:24');
INSERT INTO `inactive_history` (`user_id`, `commission_balance`, `amount`, `date`) VALUES ('MY94TD', '0', '150', '2025-12-08 00:30:24');
INSERT INTO `inactive_point_history` (`user_id`, `point`, `date`) VALUES ('5MW4H3', '0', '2025-12-08 00:30:24');
UPDATE `user_registration` SET `sub_point` = 0, `active_status` = 'no'
WHERE `user_id` = '5MW4H3';
INSERT INTO `arreva_api_logs` (`user_id`, `email`, `endpoint`, `response`, `date`) VALUES ('5MW4H3', 'yaredari2023@gmail.com', 'deactivatemember', '\"Unable to find user matching email or contract number or otherid\"', '2025-12-08 00:30:25');
INSERT INTO `inactive_history` (`user_id`, `commission_balance`, `amount`, `date`) VALUES ('5MW4H3', '0', '150', '2025-12-08 00:30:25');
INSERT INTO `inactive_point_history` (`user_id`, `point`, `date`) VALUES ('XT3VLL', '0', '2025-12-08 00:30:25');
UPDATE `user_registration` SET `sub_point` = 0, `active_status` = 'no'
WHERE `user_id` = 'XT3VLL';
INSERT INTO `arreva_api_logs` (`user_id`, `email`, `endpoint`, `response`, `date`) VALUES ('XT3VLL', 'daychavez912@gmail.com', 'deactivatemember', '\"Unable to find user matching email or contract number or otherid\"', '2025-12-08 00:30:25');
INSERT INTO `inactive_history` (`user_id`, `commission_balance`, `amount`, `date`) VALUES ('XT3VLL', '0', '150', '2025-12-08 00:30:25');
INSERT INTO `inactive_point_history` (`user_id`, `point`, `date`) VALUES ('WP5PIA', '0', '2025-12-08 00:30:25');
UPDATE `user_registration` SET `sub_point` = 0, `active_status` = 'no'
WHERE `user_id` = 'WP5PIA';
INSERT INTO `arreva_api_logs` (`user_id`, `email`, `endpoint`, `response`, `date`) VALUES ('WP5PIA', 'zuramacortina@gmail.com', 'deactivatemember', '\"Unable to find user matching email or contract number or otherid\"', '2025-12-08 00:30:25');
INSERT INTO `inactive_history` (`user_id`, `commission_balance`, `amount`, `date`) VALUES ('WP5PIA', '50', '150', '2025-12-08 00:30:25');
INSERT INTO `inactive_point_history` (`user_id`, `point`, `date`) VALUES ('DSVFR5', '0', '2025-12-08 00:30:25');
UPDATE `user_registration` SET `sub_point` = 0, `active_status` = 'no'
WHERE `user_id` = 'DSVFR5';
INSERT INTO `arreva_api_logs` (`user_id`, `email`, `endpoint`, `response`, `date`) VALUES ('DSVFR5', 'jesuscruzsantovenia@gmail.com', 'deactivatemember', '\"Unable to find user matching email or contract number or otherid\"', '2025-12-08 00:30:25');
INSERT INTO `inactive_history` (`user_id`, `commission_balance`, `amount`, `date`) VALUES ('DSVFR5', '87.5', '150', '2025-12-08 00:30:25');
INSERT INTO `inactive_point_history` (`user_id`, `point`, `date`) VALUES ('7ZQOFP', '0', '2025-12-08 00:30:25');
UPDATE `user_registration` SET `sub_point` = 0, `active_status` = 'no'
WHERE `user_id` = '7ZQOFP';
INSERT INTO `arreva_api_logs` (`user_id`, `email`, `endpoint`, `response`, `date`) VALUES ('7ZQOFP', 'hilvarshopping@gmail.com', 'deactivatemember', '\"Unable to find user matching email or contract number or otherid\"', '2025-12-08 00:30:26');
INSERT INTO `inactive_history` (`user_id`, `commission_balance`, `amount`, `date`) VALUES ('7ZQOFP', '20', '150', '2025-12-08 00:30:26');
INSERT INTO `inactive_point_history` (`user_id`, `point`, `date`) VALUES ('4Q2HUA', '0', '2025-12-08 00:30:26');
UPDATE `user_registration` SET `sub_point` = 0, `active_status` = 'no'
WHERE `user_id` = '4Q2HUA';
INSERT INTO `arreva_api_logs` (`user_id`, `email`, `endpoint`, `response`, `date`) VALUES ('4Q2HUA', 'yeniaesquijarrosa@gmail.com', 'deactivatemember', '\"Unable to find user matching email or contract number or otherid\"', '2025-12-08 00:30:26');
INSERT INTO `inactive_history` (`user_id`, `commission_balance`, `amount`, `date`) VALUES ('4Q2HUA', '0', '150', '2025-12-08 00:30:26');
INSERT INTO `inactive_point_history` (`user_id`, `point`, `date`) VALUES ('DLHC7V', '0', '2025-12-08 00:30:26');
UPDATE `user_registration` SET `sub_point` = 0, `active_status` = 'no'
WHERE `user_id` = 'DLHC7V';
INSERT INTO `arreva_api_logs` (`user_id`, `email`, `endpoint`, `response`, `date`) VALUES ('DLHC7V', 'bacarote54@gmail.com', 'deactivatemember', '\"Unable to find user matching email or contract number or otherid\"', '2025-12-08 00:30:26');
INSERT INTO `inactive_history` (`user_id`, `commission_balance`, `amount`, `date`) VALUES ('DLHC7V', '0', '150', '2025-12-08 00:30:26');
INSERT INTO `inactive_point_history` (`user_id`, `point`, `date`) VALUES ('QXETAG', '0', '2025-12-08 00:30:26');
UPDATE `user_registration` SET `sub_point` = 0, `active_status` = 'no'
WHERE `user_id` = 'QXETAG';
INSERT INTO `arreva_api_logs` (`user_id`, `email`, `endpoint`, `response`, `date`) VALUES ('QXETAG', 'amadorsonia67@icloud.com', 'deactivatemember', '\"Unable to find user matching email or contract number or otherid\"', '2025-12-08 00:30:26');
INSERT INTO `inactive_history` (`user_id`, `commission_balance`, `amount`, `date`) VALUES ('QXETAG', '0', '150', '2025-12-08 00:30:26');
INSERT INTO `inactive_point_history` (`user_id`, `point`, `date`) VALUES ('41V5DE', '0', '2025-12-08 00:30:26');
UPDATE `user_registration` SET `sub_point` = 0, `active_status` = 'no'
WHERE `user_id` = '41V5DE';
INSERT INTO `arreva_api_logs` (`user_id`, `email`, `endpoint`, `response`, `date`) VALUES ('41V5DE', 'yoansz79@gmail.com', 'deactivatemember', '\"Unable to find user matching email or contract number or otherid\"', '2025-12-08 00:30:27');
INSERT INTO `inactive_history` (`user_id`, `commission_balance`, `amount`, `date`) VALUES ('41V5DE', '0', '150', '2025-12-08 00:30:27');
INSERT INTO `inactive_point_history` (`user_id`, `point`, `date`) VALUES ('SX4SBY', '0', '2025-12-08 00:30:27');
UPDATE `user_registration` SET `sub_point` = 0, `active_status` = 'no'
WHERE `user_id` = 'SX4SBY';
INSERT INTO `arreva_api_logs` (`user_id`, `email`, `endpoint`, `response`, `date`) VALUES ('SX4SBY', 'enriquemasso42@gmail.com', 'deactivatemember', '\"Unable to find user matching email or contract number or otherid\"', '2025-12-08 00:30:27');
INSERT INTO `inactive_history` (`user_id`, `commission_balance`, `amount`, `date`) VALUES ('SX4SBY', '0', '150', '2025-12-08 00:30:27');
INSERT INTO `inactive_point_history` (`user_id`, `point`, `date`) VALUES ('5SGU6D', '0', '2025-12-08 00:30:27');
UPDATE `user_registration` SET `sub_point` = 0, `active_status` = 'no'
WHERE `user_id` = '5SGU6D';
INSERT INTO `arreva_api_logs` (`user_id`, `email`, `endpoint`, `response`, `date`) VALUES ('5SGU6D', 'sonitac1226@gmail.comp', 'deactivatemember', '\"Unable to find user matching email or contract number or otherid\"', '2025-12-08 00:30:27');
INSERT INTO `inactive_history` (`user_id`, `commission_balance`, `amount`, `date`) VALUES ('5SGU6D', '0', '150', '2025-12-08 00:30:27');
INSERT INTO `inactive_point_history` (`user_id`, `point`, `date`) VALUES ('JYZE9L', '0', '2025-12-08 00:30:27');
UPDATE `user_registration` SET `sub_point` = 0, `active_status` = 'no'
WHERE `user_id` = 'JYZE9L';
INSERT INTO `arreva_api_logs` (`user_id`, `email`, `endpoint`, `response`, `date`) VALUES ('JYZE9L', 'mari0803@yahoo.es', 'deactivatemember', '\"Unable to find user matching email or contract number or otherid\"', '2025-12-08 00:30:28');
INSERT INTO `inactive_history` (`user_id`, `commission_balance`, `amount`, `date`) VALUES ('JYZE9L', '125', '150', '2025-12-08 00:30:28');
INSERT INTO `inactive_point_history` (`user_id`, `point`, `date`) VALUES ('6UFXJY', '0', '2025-12-08 00:30:28');
UPDATE `user_registration` SET `sub_point` = 0, `active_status` = 'no'
WHERE `user_id` = '6UFXJY';
INSERT INTO `arreva_api_logs` (`user_id`, `email`, `endpoint`, `response`, `date`) VALUES ('6UFXJY', 'belindaserbellon2013@gmail.com', 'deactivatemember', '\"Unable to find user matching email or contract number or otherid\"', '2025-12-08 00:30:28');
INSERT INTO `inactive_history` (`user_id`, `commission_balance`, `amount`, `date`) VALUES ('6UFXJY', '0', '150', '2025-12-08 00:30:28');
INSERT INTO `inactive_point_history` (`user_id`, `point`, `date`) VALUES ('6FI4ND', '0', '2025-12-08 00:30:28');
UPDATE `user_registration` SET `sub_point` = 0, `active_status` = 'no'
WHERE `user_id` = '6FI4ND';
INSERT INTO `arreva_api_logs` (`user_id`, `email`, `endpoint`, `response`, `date`) VALUES ('6FI4ND', 'deylonhernandez34@gmail.com', 'deactivatemember', '\"Unable to find user matching email or contract number or otherid\"', '2025-12-08 00:30:28');
INSERT INTO `inactive_history` (`user_id`, `commission_balance`, `amount`, `date`) VALUES ('6FI4ND', '0', '150', '2025-12-08 00:30:28');
INSERT INTO `inactive_point_history` (`user_id`, `point`, `date`) VALUES ('2HKNYD', '0', '2025-12-08 00:30:28');
UPDATE `user_registration` SET `sub_point` = 0, `active_status` = 'no'
WHERE `user_id` = '2HKNYD';
INSERT INTO `arreva_api_logs` (`user_id`, `email`, `endpoint`, `response`, `date`) VALUES ('2HKNYD', 'ripollarlene0@gmail.com', 'deactivatemember', 'true', '2025-12-08 00:30:29');
INSERT INTO `inactive_history` (`user_id`, `commission_balance`, `amount`, `date`) VALUES ('2HKNYD', '0', '150', '2025-12-08 00:30:29');
INSERT INTO `inactive_point_history` (`user_id`, `point`, `date`) VALUES ('55ASP4', '0', '2025-12-08 00:30:29');
UPDATE `user_registration` SET `sub_point` = 0, `active_status` = 'no'
WHERE `user_id` = '55ASP4';
INSERT INTO `arreva_api_logs` (`user_id`, `email`, `endpoint`, `response`, `date`) VALUES ('55ASP4', 'sbsfunding79@gmail.com', 'deactivatemember', '\"Unable to find user matching email or contract number or otherid\"', '2025-12-08 00:30:29');
INSERT INTO `inactive_history` (`user_id`, `commission_balance`, `amount`, `date`) VALUES ('55ASP4', '0', '150', '2025-12-08 00:30:29');
INSERT INTO `inactive_point_history` (`user_id`, `point`, `date`) VALUES ('P16KP7', '0', '2025-12-08 00:30:29');
UPDATE `user_registration` SET `sub_point` = 0, `active_status` = 'no'
WHERE `user_id` = 'P16KP7';
INSERT INTO `arreva_api_logs` (`user_id`, `email`, `endpoint`, `response`, `date`) VALUES ('P16KP7', 'breijocrespo@gmail.com', 'deactivatemember', '\"Unable to find user matching email or contract number or otherid\"', '2025-12-08 00:30:29');
INSERT INTO `inactive_history` (`user_id`, `commission_balance`, `amount`, `date`) VALUES ('P16KP7', '0', '150', '2025-12-08 00:30:29');
INSERT INTO `inactive_point_history` (`user_id`, `point`, `date`) VALUES ('7VETI8', '0', '2025-12-08 00:30:29');
UPDATE `user_registration` SET `sub_point` = 0, `active_status` = 'no'
WHERE `user_id` = '7VETI8';
INSERT INTO `arreva_api_logs` (`user_id`, `email`, `endpoint`, `response`, `date`) VALUES ('7VETI8', 'sotolongor+955@gmail.com', 'deactivatemember', '\"Unable to find user matching email or contract number or otherid\"', '2025-12-08 00:30:29');
INSERT INTO `inactive_history` (`user_id`, `commission_balance`, `amount`, `date`) VALUES ('7VETI8', '0', '150', '2025-12-08 00:30:29');
INSERT INTO `inactive_point_history` (`user_id`, `point`, `date`) VALUES ('EKTIVH', '0', '2025-12-08 00:30:29');
UPDATE `user_registration` SET `sub_point` = 0, `active_status` = 'no'
WHERE `user_id` = 'EKTIVH';
INSERT INTO `arreva_api_logs` (`user_id`, `email`, `endpoint`, `response`, `date`) VALUES ('EKTIVH', 'anniel.reyes@icloud.com', 'deactivatemember', '\"Unable to find user matching email or contract number or otherid\"', '2025-12-08 00:30:30');
INSERT INTO `inactive_history` (`user_id`, `commission_balance`, `amount`, `date`) VALUES ('EKTIVH', '0', '150', '2025-12-08 00:30:30');
INSERT INTO `inactive_point_history` (`user_id`, `point`, `date`) VALUES ('WAO86G', '0', '2025-12-08 00:30:30');
UPDATE `user_registration` SET `sub_point` = 0, `active_status` = 'no'
WHERE `user_id` = 'WAO86G';
INSERT INTO `arreva_api_logs` (`user_id`, `email`, `endpoint`, `response`, `date`) VALUES ('WAO86G', 'Albaperez2012@yahoo.com', 'deactivatemember', '\"Unable to find user matching email or contract number or otherid\"', '2025-12-08 00:30:30');
INSERT INTO `inactive_history` (`user_id`, `commission_balance`, `amount`, `date`) VALUES ('WAO86G', '0', '150', '2025-12-08 00:30:30');
INSERT INTO `inactive_point_history` (`user_id`, `point`, `date`) VALUES ('5YE99V', '0', '2025-12-08 00:30:30');
UPDATE `user_registration` SET `sub_point` = 0, `active_status` = 'no'
WHERE `user_id` = '5YE99V';
INSERT INTO `arreva_api_logs` (`user_id`, `email`, `endpoint`, `response`, `date`) VALUES ('5YE99V', 'esterperez75@yahoo.com', 'deactivatemember', '\"Unable to find user matching email or contract number or otherid\"', '2025-12-08 00:30:30');
INSERT INTO `inactive_history` (`user_id`, `commission_balance`, `amount`, `date`) VALUES ('5YE99V', '0', '50', '2025-12-08 00:30:30');
INSERT INTO `inactive_point_history` (`user_id`, `point`, `date`) VALUES ('XFX3US', '0', '2025-12-08 00:30:30');
UPDATE `user_registration` SET `sub_point` = 0, `active_status` = 'no'
WHERE `user_id` = 'XFX3US';
INSERT INTO `arreva_api_logs` (`user_id`, `email`, `endpoint`, `response`, `date`) VALUES ('XFX3US', 'vherreraaa16@gmail.com', 'deactivatemember', '\"Unable to find user matching email or contract number or otherid\"', '2025-12-08 00:30:30');
INSERT INTO `inactive_history` (`user_id`, `commission_balance`, `amount`, `date`) VALUES ('XFX3US', '0', '50', '2025-12-08 00:30:30');
INSERT INTO `inactive_point_history` (`user_id`, `point`, `date`) VALUES ('9I44XH', '0', '2025-12-08 00:30:30');
UPDATE `user_registration` SET `sub_point` = 0, `active_status` = 'no'
WHERE `user_id` = '9I44XH';
INSERT INTO `arreva_api_logs` (`user_id`, `email`, `endpoint`, `response`, `date`) VALUES ('9I44XH', 'taymigonzalez71@gmail.com', 'deactivatemember', 'true', '2025-12-08 00:30:31');
INSERT INTO `inactive_history` (`user_id`, `commission_balance`, `amount`, `date`) VALUES ('9I44XH', '37.5', '150', '2025-12-08 00:30:31');
INSERT INTO `inactive_point_history` (`user_id`, `point`, `date`) VALUES ('MRC89O', '0', '2025-12-08 00:30:31');
UPDATE `user_registration` SET `sub_point` = 0, `active_status` = 'no'
WHERE `user_id` = 'MRC89O';
INSERT INTO `arreva_api_logs` (`user_id`, `email`, `endpoint`, `response`, `date`) VALUES ('MRC89O', 'rosxcrz@gmail.com', 'deactivatemember', '\"Unable to find user matching email or contract number or otherid\"', '2025-12-08 00:30:31');
INSERT INTO `inactive_history` (`user_id`, `commission_balance`, `amount`, `date`) VALUES ('MRC89O', '50', '150', '2025-12-08 00:30:31');
INSERT INTO `inactive_point_history` (`user_id`, `point`, `date`) VALUES ('F8GQHM', '0', '2025-12-08 00:30:31');
UPDATE `user_registration` SET `sub_point` = 0, `active_status` = 'no'
WHERE `user_id` = 'F8GQHM';
INSERT INTO `arreva_api_logs` (`user_id`, `email`, `endpoint`, `response`, `date`) VALUES ('F8GQHM', 'carlosochoa1973@gmail.com', 'deactivatemember', '\"Unable to find user matching email or contract number or otherid\"', '2025-12-08 00:30:31');
INSERT INTO `inactive_history` (`user_id`, `commission_balance`, `amount`, `date`) VALUES ('F8GQHM', '0', '150', '2025-12-08 00:30:31');
INSERT INTO `inactive_point_history` (`user_id`, `point`, `date`) VALUES ('7R7D9E', '0', '2025-12-08 00:30:31');
UPDATE `user_registration` SET `sub_point` = 0, `active_status` = 'no'
WHERE `user_id` = '7R7D9E';
INSERT INTO `arreva_api_logs` (`user_id`, `email`, `endpoint`, `response`, `date`) VALUES ('7R7D9E', 'hjaa2711@gmail.com', 'deactivatemember', '\"Unable to find user matching email or contract number or otherid\"', '2025-12-08 00:30:31');
INSERT INTO `inactive_history` (`user_id`, `commission_balance`, `amount`, `date`) VALUES ('7R7D9E', '0', '150', '2025-12-08 00:30:31');
INSERT INTO `inactive_point_history` (`user_id`, `point`, `date`) VALUES ('FMXQ6T', '0', '2025-12-08 00:30:31');
UPDATE `user_registration` SET `sub_point` = 0, `active_status` = 'no'
WHERE `user_id` = 'FMXQ6T';
INSERT INTO `arreva_api_logs` (`user_id`, `email`, `endpoint`, `response`, `date`) VALUES ('FMXQ6T', 'yamisvaldes7@gmail.com', 'deactivatemember', '\"Unable to find user matching email or contract number or otherid\"', '2025-12-08 00:30:32');
INSERT INTO `inactive_history` (`user_id`, `commission_balance`, `amount`, `date`) VALUES ('FMXQ6T', '0', '150', '2025-12-08 00:30:32');
INSERT INTO `inactive_point_history` (`user_id`, `point`, `date`) VALUES ('BAR1UQ', '0', '2025-12-08 00:30:32');
UPDATE `user_registration` SET `sub_point` = 0, `active_status` = 'no'
WHERE `user_id` = 'BAR1UQ';
INSERT INTO `arreva_api_logs` (`user_id`, `email`, `endpoint`, `response`, `date`) VALUES ('BAR1UQ', 'alvarezperzabel1968@gmail.com', 'deactivatemember', '\"Unable to find user matching email or contract number or otherid\"', '2025-12-08 00:30:32');
INSERT INTO `inactive_history` (`user_id`, `commission_balance`, `amount`, `date`) VALUES ('BAR1UQ', '0', '150', '2025-12-08 00:30:32');
INSERT INTO `inactive_point_history` (`user_id`, `point`, `date`) VALUES ('6RCEKP', '0', '2025-12-08 00:30:32');
UPDATE `user_registration` SET `sub_point` = 0, `active_status` = 'no'
WHERE `user_id` = '6RCEKP';
INSERT INTO `arreva_api_logs` (`user_id`, `email`, `endpoint`, `response`, `date`) VALUES ('6RCEKP', 'felixarias171@gmail.com', 'deactivatemember', 'true', '2025-12-08 00:30:32');
INSERT INTO `inactive_history` (`user_id`, `commission_balance`, `amount`, `date`) VALUES ('6RCEKP', '0', '150', '2025-12-08 00:30:32');
INSERT INTO `inactive_point_history` (`user_id`, `point`, `date`) VALUES ('5J9Q6A', '0', '2025-12-08 00:30:32');
UPDATE `user_registration` SET `sub_point` = 0, `active_status` = 'no'
WHERE `user_id` = '5J9Q6A';
INSERT INTO `arreva_api_logs` (`user_id`, `email`, `endpoint`, `response`, `date`) VALUES ('5J9Q6A', 'reiderglz16@gmail.com', 'deactivatemember', '\"Unable to find user matching email or contract number or otherid\"', '2025-12-08 00:30:32');
INSERT INTO `inactive_history` (`user_id`, `commission_balance`, `amount`, `date`) VALUES ('5J9Q6A', '0', '150', '2025-12-08 00:30:32');
INSERT INTO `inactive_point_history` (`user_id`, `point`, `date`) VALUES ('RHLTER', '0', '2025-12-08 00:30:32');
UPDATE `user_registration` SET `sub_point` = 0, `active_status` = 'no'
WHERE `user_id` = 'RHLTER';
INSERT INTO `arreva_api_logs` (`user_id`, `email`, `endpoint`, `response`, `date`) VALUES ('RHLTER', 'leydisvaldes5@gmail.com', 'deactivatemember', '\"Unable to find user matching email or contract number or otherid\"', '2025-12-08 00:30:33');
INSERT INTO `inactive_history` (`user_id`, `commission_balance`, `amount`, `date`) VALUES ('RHLTER', '0', '150', '2025-12-08 00:30:33');
INSERT INTO `inactive_point_history` (`user_id`, `point`, `date`) VALUES ('VIBIFH', '0', '2025-12-08 00:30:33');
UPDATE `user_registration` SET `sub_point` = 0, `active_status` = 'no'
WHERE `user_id` = 'VIBIFH';
INSERT INTO `arreva_api_logs` (`user_id`, `email`, `endpoint`, `response`, `date`) VALUES ('VIBIFH', 'ramosjesusrogelio@gmail.com', 'deactivatemember', '\"Unable to find user matching email or contract number or otherid\"', '2025-12-08 00:30:33');
INSERT INTO `inactive_history` (`user_id`, `commission_balance`, `amount`, `date`) VALUES ('VIBIFH', '0', '150', '2025-12-08 00:30:33');
INSERT INTO `inactive_point_history` (`user_id`, `point`, `date`) VALUES ('FGI2FY', '0', '2025-12-08 00:30:33');
UPDATE `user_registration` SET `sub_point` = 0, `active_status` = 'no'
WHERE `user_id` = 'FGI2FY';
INSERT INTO `arreva_api_logs` (`user_id`, `email`, `endpoint`, `response`, `date`) VALUES ('FGI2FY', 'elizabethvicente25@yahoo.com', 'deactivatemember', '\"Unable to find user matching email or contract number or otherid\"', '2025-12-08 00:30:33');
INSERT INTO `inactive_history` (`user_id`, `commission_balance`, `amount`, `date`) VALUES ('FGI2FY', '0', '150', '2025-12-08 00:30:33');
INSERT INTO `inactive_point_history` (`user_id`, `point`, `date`) VALUES ('JLPXI6', '0', '2025-12-08 00:30:33');
UPDATE `user_registration` SET `sub_point` = 0, `active_status` = 'no'
WHERE `user_id` = 'JLPXI6';
INSERT INTO `arreva_api_logs` (`user_id`, `email`, `endpoint`, `response`, `date`) VALUES ('JLPXI6', 'mariaisabel74@live.com', 'deactivatemember', '\"Unable to find user matching email or contract number or otherid\"', '2025-12-08 00:30:33');
INSERT INTO `inactive_history` (`user_id`, `commission_balance`, `amount`, `date`) VALUES ('JLPXI6', '0', '150', '2025-12-08 00:30:33');
INSERT INTO `inactive_point_history` (`user_id`, `point`, `date`) VALUES ('1HT8BK', '0', '2025-12-08 00:30:33');
UPDATE `user_registration` SET `sub_point` = 0, `active_status` = 'no'
WHERE `user_id` = '1HT8BK';
INSERT INTO `arreva_api_logs` (`user_id`, `email`, `endpoint`, `response`, `date`) VALUES ('1HT8BK', 'astrid1246@gmail.com', 'deactivatemember', '\"Unable to find user matching email or contract number or otherid\"', '2025-12-08 00:30:34');
INSERT INTO `inactive_history` (`user_id`, `commission_balance`, `amount`, `date`) VALUES ('1HT8BK', '0', '150', '2025-12-08 00:30:34');
INSERT INTO `inactive_point_history` (`user_id`, `point`, `date`) VALUES ('YFRSTE', '0', '2025-12-08 00:30:34');
UPDATE `user_registration` SET `sub_point` = 0, `active_status` = 'no'
WHERE `user_id` = 'YFRSTE';
INSERT INTO `arreva_api_logs` (`user_id`, `email`, `endpoint`, `response`, `date`) VALUES ('YFRSTE', 'jimenez781108@gmail.com', 'deactivatemember', '\"Unable to find user matching email or contract number or otherid\"', '2025-12-08 00:30:34');
INSERT INTO `inactive_history` (`user_id`, `commission_balance`, `amount`, `date`) VALUES ('YFRSTE', '0', '150', '2025-12-08 00:30:34');
INSERT INTO `inactive_point_history` (`user_id`, `point`, `date`) VALUES ('G53DXI', '0', '2025-12-08 00:30:34');
UPDATE `user_registration` SET `sub_point` = 0, `active_status` = 'no'
WHERE `user_id` = 'G53DXI';
INSERT INTO `arreva_api_logs` (`user_id`, `email`, `endpoint`, `response`, `date`) VALUES ('G53DXI', 'hernandezasnialis@gmail.com', 'deactivatemember', '\"Unable to find user matching email or contract number or otherid\"', '2025-12-08 00:30:34');
INSERT INTO `inactive_history` (`user_id`, `commission_balance`, `amount`, `date`) VALUES ('G53DXI', '0', '50', '2025-12-08 00:30:34');
INSERT INTO `inactive_point_history` (`user_id`, `point`, `date`) VALUES ('1KMQ3V', '0', '2025-12-08 00:30:34');
UPDATE `user_registration` SET `sub_point` = 0, `active_status` = 'no'
WHERE `user_id` = '1KMQ3V';
INSERT INTO `arreva_api_logs` (`user_id`, `email`, `endpoint`, `response`, `date`) VALUES ('1KMQ3V', 'adrianlimapadron@gmail.com', 'deactivatemember', '\"Unable to find user matching email or contract number or otherid\"', '2025-12-08 00:30:34');
INSERT INTO `inactive_history` (`user_id`, `commission_balance`, `amount`, `date`) VALUES ('1KMQ3V', '100', '150', '2025-12-08 00:30:34');
INSERT INTO `inactive_point_history` (`user_id`, `point`, `date`) VALUES ('ZVZUJ1', '0', '2025-12-08 00:30:34');
UPDATE `user_registration` SET `sub_point` = 0, `active_status` = 'no'
WHERE `user_id` = 'ZVZUJ1';
INSERT INTO `arreva_api_logs` (`user_id`, `email`, `endpoint`, `response`, `date`) VALUES ('ZVZUJ1', 'acielpollo@gmail.com', 'deactivatemember', '\"Unable to find user matching email or contract number or otherid\"', '2025-12-08 00:30:35');
INSERT INTO `inactive_history` (`user_id`, `commission_balance`, `amount`, `date`) VALUES ('ZVZUJ1', '0', '150', '2025-12-08 00:30:35');
INSERT INTO `inactive_point_history` (`user_id`, `point`, `date`) VALUES ('SAMPQX', '0', '2025-12-08 00:30:35');
UPDATE `user_registration` SET `sub_point` = 0, `active_status` = 'no'
WHERE `user_id` = 'SAMPQX';
INSERT INTO `arreva_api_logs` (`user_id`, `email`, `endpoint`, `response`, `date`) VALUES ('SAMPQX', 'inamsay80@gmail.com', 'deactivatemember', '\"Unable to find user matching email or contract number or otherid\"', '2025-12-08 00:30:35');
INSERT INTO `inactive_history` (`user_id`, `commission_balance`, `amount`, `date`) VALUES ('SAMPQX', '0', '150', '2025-12-08 00:30:35');
INSERT INTO `inactive_point_history` (`user_id`, `point`, `date`) VALUES ('F3SYYS', '0', '2025-12-08 00:30:35');
UPDATE `user_registration` SET `sub_point` = 0, `active_status` = 'no'
WHERE `user_id` = 'F3SYYS';
INSERT INTO `arreva_api_logs` (`user_id`, `email`, `endpoint`, `response`, `date`) VALUES ('F3SYYS', 'eideneilen2128@yahoo.com', 'deactivatemember', '\"Unable to find user matching email or contract number or otherid\"', '2025-12-08 00:30:35');
INSERT INTO `inactive_history` (`user_id`, `commission_balance`, `amount`, `date`) VALUES ('F3SYYS', '0', '150', '2025-12-08 00:30:35');
INSERT INTO `inactive_point_history` (`user_id`, `point`, `date`) VALUES ('9T3Q72', '0', '2025-12-08 00:30:35');
UPDATE `user_registration` SET `sub_point` = 0, `active_status` = 'no'
WHERE `user_id` = '9T3Q72';
INSERT INTO `arreva_api_logs` (`user_id`, `email`, `endpoint`, `response`, `date`) VALUES ('9T3Q72', 'yohaniamartinez2005@gmail.com', 'deactivatemember', '\"Unable to find user matching email or contract number or otherid\"', '2025-12-08 00:30:35');
INSERT INTO `inactive_history` (`user_id`, `commission_balance`, `amount`, `date`) VALUES ('9T3Q72', '0', '150', '2025-12-08 00:30:35');
INSERT INTO `inactive_point_history` (`user_id`, `point`, `date`) VALUES ('23UJOB', '0', '2025-12-08 00:30:35');
UPDATE `user_registration` SET `sub_point` = 0, `active_status` = 'no'
WHERE `user_id` = '23UJOB';
INSERT INTO `arreva_api_logs` (`user_id`, `email`, `endpoint`, `response`, `date`) VALUES ('23UJOB', 'alfreddgdo@gmail.com', 'deactivatemember', '\"Unable to find user matching email or contract number or otherid\"', '2025-12-08 00:30:35');
INSERT INTO `inactive_history` (`user_id`, `commission_balance`, `amount`, `date`) VALUES ('23UJOB', '0', '150', '2025-12-08 00:30:35');
INSERT INTO `inactive_point_history` (`user_id`, `point`, `date`) VALUES ('NB7P18', '0', '2025-12-08 00:30:35');
UPDATE `user_registration` SET `sub_point` = 0, `active_status` = 'no'
WHERE `user_id` = 'NB7P18';
INSERT INTO `arreva_api_logs` (`user_id`, `email`, `endpoint`, `response`, `date`) VALUES ('NB7P18', 'santoslayra796@gmail.com', 'deactivatemember', '\"Unable to find user matching email or contract number or otherid\"', '2025-12-08 00:30:36');
INSERT INTO `inactive_history` (`user_id`, `commission_balance`, `amount`, `date`) VALUES ('NB7P18', '0', '150', '2025-12-08 00:30:36');
INSERT INTO `inactive_point_history` (`user_id`, `point`, `date`) VALUES ('7A2JD7', '0', '2025-12-08 00:30:36');
UPDATE `user_registration` SET `sub_point` = 0, `active_status` = 'no'
WHERE `user_id` = '7A2JD7';
INSERT INTO `arreva_api_logs` (`user_id`, `email`, `endpoint`, `response`, `date`) VALUES ('7A2JD7', 'aztiral_26love@yahoo.com', 'deactivatemember', '\"Unable to find user matching email or contract number or otherid\"', '2025-12-08 00:30:36');
INSERT INTO `inactive_history` (`user_id`, `commission_balance`, `amount`, `date`) VALUES ('7A2JD7', '0', '150', '2025-12-08 00:30:36');
INSERT INTO `inactive_point_history` (`user_id`, `point`, `date`) VALUES ('9VPMSG', '0', '2025-12-08 00:30:36');
UPDATE `user_registration` SET `sub_point` = 0, `active_status` = 'no'
WHERE `user_id` = '9VPMSG';
INSERT INTO `arreva_api_logs` (`user_id`, `email`, `endpoint`, `response`, `date`) VALUES ('9VPMSG', 'Jinglyguerravigo2015@gmail.com', 'deactivatemember', '\"Unable to find user matching email or contract number or otherid\"', '2025-12-08 00:30:36');
INSERT INTO `inactive_history` (`user_id`, `commission_balance`, `amount`, `date`) VALUES ('9VPMSG', '0', '150', '2025-12-08 00:30:36');
INSERT INTO `inactive_point_history` (`user_id`, `point`, `date`) VALUES ('J385D5', '0', '2025-12-08 00:30:36');
UPDATE `user_registration` SET `sub_point` = 0, `active_status` = 'no'
WHERE `user_id` = 'J385D5';
INSERT INTO `arreva_api_logs` (`user_id`, `email`, `endpoint`, `response`, `date`) VALUES ('J385D5', 'yohandymartinez@yahoo.com', 'deactivatemember', '\"Unable to find user matching email or contract number or otherid\"', '2025-12-08 00:30:36');
INSERT INTO `inactive_history` (`user_id`, `commission_balance`, `amount`, `date`) VALUES ('J385D5', '0', '150', '2025-12-08 00:30:36');
INSERT INTO `inactive_point_history` (`user_id`, `point`, `date`) VALUES ('GPPR8G', '0', '2025-12-08 00:30:36');
UPDATE `user_registration` SET `sub_point` = 0, `active_status` = 'no'
WHERE `user_id` = 'GPPR8G';
INSERT INTO `arreva_api_logs` (`user_id`, `email`, `endpoint`, `response`, `date`) VALUES ('GPPR8G', 'neftalidela7@gmail.com', 'deactivatemember', 'true', '2025-12-08 00:30:37');
INSERT INTO `inactive_history` (`user_id`, `commission_balance`, `amount`, `date`) VALUES ('GPPR8G', '20', '150', '2025-12-08 00:30:37');
INSERT INTO `inactive_point_history` (`user_id`, `point`, `date`) VALUES ('AM2FR1', '0', '2025-12-08 00:30:37');
UPDATE `user_registration` SET `sub_point` = 0, `active_status` = 'no'
WHERE `user_id` = 'AM2FR1';
INSERT INTO `arreva_api_logs` (`user_id`, `email`, `endpoint`, `response`, `date`) VALUES ('AM2FR1', 'eldacrespo71@yahoo.com', 'deactivatemember', '\"Unable to find user matching email or contract number or otherid\"', '2025-12-08 00:30:37');
INSERT INTO `inactive_history` (`user_id`, `commission_balance`, `amount`, `date`) VALUES ('AM2FR1', '0', '150', '2025-12-08 00:30:37');
INSERT INTO `inactive_point_history` (`user_id`, `point`, `date`) VALUES ('YRYHV2', '0', '2025-12-08 00:30:37');
UPDATE `user_registration` SET `sub_point` = 0, `active_status` = 'no'
WHERE `user_id` = 'YRYHV2';
INSERT INTO `arreva_api_logs` (`user_id`, `email`, `endpoint`, `response`, `date`) VALUES ('YRYHV2', 'aaguila46@yahoo.com', 'deactivatemember', '\"Unable to find user matching email or contract number or otherid\"', '2025-12-08 00:30:37');
INSERT INTO `inactive_history` (`user_id`, `commission_balance`, `amount`, `date`) VALUES ('YRYHV2', '0', '150', '2025-12-08 00:30:37');
INSERT INTO `inactive_point_history` (`user_id`, `point`, `date`) VALUES ('7GDBOU', '0', '2025-12-08 00:30:37');
UPDATE `user_registration` SET `sub_point` = 0, `active_status` = 'no'
WHERE `user_id` = '7GDBOU';
INSERT INTO `arreva_api_logs` (`user_id`, `email`, `endpoint`, `response`, `date`) VALUES ('7GDBOU', 'avalosnarciso@icloud.com', 'deactivatemember', 'true', '2025-12-08 00:30:37');
INSERT INTO `inactive_history` (`user_id`, `commission_balance`, `amount`, `date`) VALUES ('7GDBOU', '100', '150', '2025-12-08 00:30:37');
INSERT INTO `inactive_point_history` (`user_id`, `point`, `date`) VALUES ('BV2MNJ', '0', '2025-12-08 00:30:37');
UPDATE `user_registration` SET `sub_point` = 0, `active_status` = 'no'
WHERE `user_id` = 'BV2MNJ';
INSERT INTO `arreva_api_logs` (`user_id`, `email`, `endpoint`, `response`, `date`) VALUES ('BV2MNJ', 'frankavalos1973@yahoo.com', 'deactivatemember', 'true', '2025-12-08 00:30:38');
INSERT INTO `inactive_history` (`user_id`, `commission_balance`, `amount`, `date`) VALUES ('BV2MNJ', '70', '150', '2025-12-08 00:30:38');
INSERT INTO `inactive_point_history` (`user_id`, `point`, `date`) VALUES ('CM4JLT', '0', '2025-12-08 00:30:38');
UPDATE `user_registration` SET `sub_point` = 0, `active_status` = 'no'
WHERE `user_id` = 'CM4JLT';
INSERT INTO `arreva_api_logs` (`user_id`, `email`, `endpoint`, `response`, `date`) VALUES ('CM4JLT', 'ramirezloren1962@gmail.com', 'deactivatemember', '\"Unable to find user matching email or contract number or otherid\"', '2025-12-08 00:30:38');
INSERT INTO `inactive_history` (`user_id`, `commission_balance`, `amount`, `date`) VALUES ('CM4JLT', '62.5', '150', '2025-12-08 00:30:38');
INSERT INTO `inactive_point_history` (`user_id`, `point`, `date`) VALUES ('R18IYC', '0', '2025-12-08 00:30:38');
UPDATE `user_registration` SET `sub_point` = 0, `active_status` = 'no'
WHERE `user_id` = 'R18IYC';
INSERT INTO `arreva_api_logs` (`user_id`, `email`, `endpoint`, `response`, `date`) VALUES ('R18IYC', 'cachirulo63@gmail.com', 'deactivatemember', '\"Unable to find user matching email or contract number or otherid\"', '2025-12-08 00:30:38');
INSERT INTO `inactive_history` (`user_id`, `commission_balance`, `amount`, `date`) VALUES ('R18IYC', '0', '150', '2025-12-08 00:30:38');
INSERT INTO `inactive_point_history` (`user_id`, `point`, `date`) VALUES ('ERQYYW', '0', '2025-12-08 00:30:38');
UPDATE `user_registration` SET `sub_point` = 0, `active_status` = 'no'
WHERE `user_id` = 'ERQYYW';
INSERT INTO `arreva_api_logs` (`user_id`, `email`, `endpoint`, `response`, `date`) VALUES ('ERQYYW', 'luvcelia@yahoo.com', 'deactivatemember', '\"Unable to find user matching email or contract number or otherid\"', '2025-12-08 00:30:39');
INSERT INTO `inactive_history` (`user_id`, `commission_balance`, `amount`, `date`) VALUES ('ERQYYW', '0', '50', '2025-12-08 00:30:39');
INSERT INTO `inactive_point_history` (`user_id`, `point`, `date`) VALUES ('WYBCPQ', '0', '2025-12-08 00:30:39');
UPDATE `user_registration` SET `sub_point` = 0, `active_status` = 'no'
WHERE `user_id` = 'WYBCPQ';
INSERT INTO `arreva_api_logs` (`user_id`, `email`, `endpoint`, `response`, `date`) VALUES ('WYBCPQ', 'caryalvarez19621@outlook.com', 'deactivatemember', '\"Unable to find user matching email or contract number or otherid\"', '2025-12-08 00:30:39');
INSERT INTO `inactive_history` (`user_id`, `commission_balance`, `amount`, `date`) VALUES ('WYBCPQ', '100', '150', '2025-12-08 00:30:39');
INSERT INTO `inactive_point_history` (`user_id`, `point`, `date`) VALUES ('55IB4V', '0', '2025-12-08 00:30:39');
UPDATE `user_registration` SET `sub_point` = 0, `active_status` = 'no'
WHERE `user_id` = '55IB4V';
INSERT INTO `arreva_api_logs` (`user_id`, `email`, `endpoint`, `response`, `date`) VALUES ('55IB4V', 'delacruzrafael.890925@yahoo.com', 'deactivatemember', '\"Unable to find user matching email or contract number or otherid\"', '2025-12-08 00:30:39');
INSERT INTO `inactive_history` (`user_id`, `commission_balance`, `amount`, `date`) VALUES ('55IB4V', '0', '50', '2025-12-08 00:30:39');
INSERT INTO `inactive_point_history` (`user_id`, `point`, `date`) VALUES ('XEINAA', '0', '2025-12-08 00:30:39');
UPDATE `user_registration` SET `sub_point` = 0, `active_status` = 'no'
WHERE `user_id` = 'XEINAA';
INSERT INTO `arreva_api_logs` (`user_id`, `email`, `endpoint`, `response`, `date`) VALUES ('XEINAA', 'sofi.ibarzabal15@gmail.com', 'deactivatemember', '\"Unable to find user matching email or contract number or otherid\"', '2025-12-08 00:30:39');
INSERT INTO `inactive_history` (`user_id`, `commission_balance`, `amount`, `date`) VALUES ('XEINAA', '0', '50', '2025-12-08 00:30:39');
INSERT INTO `inactive_point_history` (`user_id`, `point`, `date`) VALUES ('5UADRJ', '0', '2025-12-08 00:30:39');
UPDATE `user_registration` SET `sub_point` = 0, `active_status` = 'no'
WHERE `user_id` = '5UADRJ';
INSERT INTO `arreva_api_logs` (`user_id`, `email`, `endpoint`, `response`, `date`) VALUES ('5UADRJ', 'caryalvarez1962@yahoo.com', 'deactivatemember', '\"Unable to find user matching email or contract number or otherid\"', '2025-12-08 00:30:40');
INSERT INTO `inactive_history` (`user_id`, `commission_balance`, `amount`, `date`) VALUES ('5UADRJ', '125', '150', '2025-12-08 00:30:40');
INSERT INTO `inactive_point_history` (`user_id`, `point`, `date`) VALUES ('HP51N7', '0', '2025-12-08 00:30:40');
UPDATE `user_registration` SET `sub_point` = 0, `active_status` = 'no'
WHERE `user_id` = 'HP51N7';
INSERT INTO `arreva_api_logs` (`user_id`, `email`, `endpoint`, `response`, `date`) VALUES ('HP51N7', 'avalossandro5@gmail.com', 'deactivatemember', '\"Unable to find user matching email or contract number or otherid\"', '2025-12-08 00:30:40');
INSERT INTO `inactive_history` (`user_id`, `commission_balance`, `amount`, `date`) VALUES ('HP51N7', '0', '150', '2025-12-08 00:30:40');
INSERT INTO `inactive_point_history` (`user_id`, `point`, `date`) VALUES ('JIYOH4', '0', '2025-12-08 00:30:40');
UPDATE `user_registration` SET `sub_point` = 0, `active_status` = 'no'
WHERE `user_id` = 'JIYOH4';
INSERT INTO `arreva_api_logs` (`user_id`, `email`, `endpoint`, `response`, `date`) VALUES ('JIYOH4', 'ikabemi70@gmail.com', 'deactivatemember', '\"Unable to find user matching email or contract number or otherid\"', '2025-12-08 00:30:40');
INSERT INTO `inactive_history` (`user_id`, `commission_balance`, `amount`, `date`) VALUES ('JIYOH4', '0', '150', '2025-12-08 00:30:40');
INSERT INTO `inactive_point_history` (`user_id`, `point`, `date`) VALUES ('AO42V8', '0', '2025-12-08 00:30:40');
UPDATE `user_registration` SET `sub_point` = 0, `active_status` = 'no'
WHERE `user_id` = 'AO42V8';
INSERT INTO `arreva_api_logs` (`user_id`, `email`, `endpoint`, `response`, `date`) VALUES ('AO42V8', 'at71164@gmail.com', 'deactivatemember', '\"Unable to find user matching email or contract number or otherid\"', '2025-12-08 00:30:41');
INSERT INTO `inactive_history` (`user_id`, `commission_balance`, `amount`, `date`) VALUES ('AO42V8', '0', '150', '2025-12-08 00:30:41');
INSERT INTO `inactive_point_history` (`user_id`, `point`, `date`) VALUES ('OI3UR6', '0', '2025-12-08 00:30:41');
UPDATE `user_registration` SET `sub_point` = 0, `active_status` = 'no'
WHERE `user_id` = 'OI3UR6';
INSERT INTO `arreva_api_logs` (`user_id`, `email`, `endpoint`, `response`, `date`) VALUES ('OI3UR6', 'marilin214@yahoo.com', 'deactivatemember', '\"Unable to find user matching email or contract number or otherid\"', '2025-12-08 00:30:41');
INSERT INTO `inactive_history` (`user_id`, `commission_balance`, `amount`, `date`) VALUES ('OI3UR6', '0', '150', '2025-12-08 00:30:41');
INSERT INTO `inactive_point_history` (`user_id`, `point`, `date`) VALUES ('M5FNDM', '0', '2025-12-08 00:30:41');
UPDATE `user_registration` SET `sub_point` = 0, `active_status` = 'no'
WHERE `user_id` = 'M5FNDM';
INSERT INTO `arreva_api_logs` (`user_id`, `email`, `endpoint`, `response`, `date`) VALUES ('M5FNDM', 'tanite0369@gmail.com', 'deactivatemember', '\"Unable to find user matching email or contract number or otherid\"', '2025-12-08 00:30:41');
INSERT INTO `inactive_history` (`user_id`, `commission_balance`, `amount`, `date`) VALUES ('M5FNDM', '50', '150', '2025-12-08 00:30:41');
INSERT INTO `inactive_point_history` (`user_id`, `point`, `date`) VALUES ('AQ47VU', '0', '2025-12-08 00:30:41');
UPDATE `user_registration` SET `sub_point` = 0, `active_status` = 'no'
WHERE `user_id` = 'AQ47VU';
INSERT INTO `arreva_api_logs` (`user_id`, `email`, `endpoint`, `response`, `date`) VALUES ('AQ47VU', 'luritzabatista@yahoo.com', 'deactivatemember', '\"Unable to find user matching email or contract number or otherid\"', '2025-12-08 00:30:41');
INSERT INTO `inactive_history` (`user_id`, `commission_balance`, `amount`, `date`) VALUES ('AQ47VU', '0', '150', '2025-12-08 00:30:41');
INSERT INTO `inactive_point_history` (`user_id`, `point`, `date`) VALUES ('L8O2QX', '0', '2025-12-08 00:30:41');
UPDATE `user_registration` SET `sub_point` = 0, `active_status` = 'no'
WHERE `user_id` = 'L8O2QX';
INSERT INTO `arreva_api_logs` (`user_id`, `email`, `endpoint`, `response`, `date`) VALUES ('L8O2QX', 'andresroldano18@gmail.com', 'deactivatemember', '\"Unable to find user matching email or contract number or otherid\"', '2025-12-08 00:30:42');
INSERT INTO `inactive_history` (`user_id`, `commission_balance`, `amount`, `date`) VALUES ('L8O2QX', '0', '50', '2025-12-08 00:30:42');
INSERT INTO `inactive_point_history` (`user_id`, `point`, `date`) VALUES ('H5E5WF', '0', '2025-12-08 00:30:42');
UPDATE `user_registration` SET `sub_point` = 0, `active_status` = 'no'
WHERE `user_id` = 'H5E5WF';
INSERT INTO `arreva_api_logs` (`user_id`, `email`, `endpoint`, `response`, `date`) VALUES ('H5E5WF', 'cskloco@gmail.com', 'deactivatemember', '\"Unable to find user matching email or contract number or otherid\"', '2025-12-08 00:30:42');
INSERT INTO `inactive_history` (`user_id`, `commission_balance`, `amount`, `date`) VALUES ('H5E5WF', '125', '150', '2025-12-08 00:30:42');
INSERT INTO `inactive_point_history` (`user_id`, `point`, `date`) VALUES ('NTAGI6', '0', '2025-12-08 00:30:42');
UPDATE `user_registration` SET `sub_point` = 0, `active_status` = 'no'
WHERE `user_id` = 'NTAGI6';
INSERT INTO `arreva_api_logs` (`user_id`, `email`, `endpoint`, `response`, `date`) VALUES ('NTAGI6', 'elizabeth_pardo91@yahoo.com', 'deactivatemember', '\"Unable to find user matching email or contract number or otherid\"', '2025-12-08 00:30:42');
INSERT INTO `inactive_history` (`user_id`, `commission_balance`, `amount`, `date`) VALUES ('NTAGI6', '0', '150', '2025-12-08 00:30:42');
INSERT INTO `inactive_point_history` (`user_id`, `point`, `date`) VALUES ('Z5DNR2', '0', '2025-12-08 00:30:42');
UPDATE `user_registration` SET `sub_point` = 0, `active_status` = 'no'
WHERE `user_id` = 'Z5DNR2';
INSERT INTO `arreva_api_logs` (`user_id`, `email`, `endpoint`, `response`, `date`) VALUES ('Z5DNR2', 'kelly_azate@yahoo.com', 'deactivatemember', '\"Unable to find user matching email or contract number or otherid\"', '2025-12-08 00:30:42');
INSERT INTO `inactive_history` (`user_id`, `commission_balance`, `amount`, `date`) VALUES ('Z5DNR2', '0', '150', '2025-12-08 00:30:42');
INSERT INTO `inactive_point_history` (`user_id`, `point`, `date`) VALUES ('7P5XVX', '0', '2025-12-08 00:30:42');
UPDATE `user_registration` SET `sub_point` = 0, `active_status` = 'no'
WHERE `user_id` = '7P5XVX';
INSERT INTO `arreva_api_logs` (`user_id`, `email`, `endpoint`, `response`, `date`) VALUES ('7P5XVX', 'deylonhernandez@icloud.com', 'deactivatemember', '\"Unable to find user matching email or contract number or otherid\"', '2025-12-08 00:30:43');
INSERT INTO `inactive_history` (`user_id`, `commission_balance`, `amount`, `date`) VALUES ('7P5XVX', '0', '150', '2025-12-08 00:30:43');
INSERT INTO `inactive_point_history` (`user_id`, `point`, `date`) VALUES ('SCC34I', '0', '2025-12-08 00:30:43');
UPDATE `user_registration` SET `sub_point` = 0, `active_status` = 'no'
WHERE `user_id` = 'SCC34I';
INSERT INTO `arreva_api_logs` (`user_id`, `email`, `endpoint`, `response`, `date`) VALUES ('SCC34I', 'Avalossandro08@gmail.com', 'deactivatemember', '\"Unable to find user matching email or contract number or otherid\"', '2025-12-08 00:30:43');
INSERT INTO `inactive_history` (`user_id`, `commission_balance`, `amount`, `date`) VALUES ('SCC34I', '0', '150', '2025-12-08 00:30:43');
INSERT INTO `inactive_point_history` (`user_id`, `point`, `date`) VALUES ('J4BGK4', '0', '2025-12-08 00:30:43');
UPDATE `user_registration` SET `sub_point` = 0, `active_status` = 'no'
WHERE `user_id` = 'J4BGK4';
INSERT INTO `arreva_api_logs` (`user_id`, `email`, `endpoint`, `response`, `date`) VALUES ('J4BGK4', 'rodriguezjf2000@yahoo.com', 'deactivatemember', '\"Unable to find user matching email or contract number or otherid\"', '2025-12-08 00:30:43');
INSERT INTO `inactive_history` (`user_id`, `commission_balance`, `amount`, `date`) VALUES ('J4BGK4', '0', '150', '2025-12-08 00:30:43');
INSERT INTO `inactive_point_history` (`user_id`, `point`, `date`) VALUES ('K67AMG', '0', '2025-12-08 00:30:43');
UPDATE `user_registration` SET `sub_point` = 0, `active_status` = 'no'
WHERE `user_id` = 'K67AMG';
INSERT INTO `arreva_api_logs` (`user_id`, `email`, `endpoint`, `response`, `date`) VALUES ('K67AMG', 'carlohernandez1963@gmail.com', 'deactivatemember', '\"Unable to find user matching email or contract number or otherid\"', '2025-12-08 00:30:44');
INSERT INTO `inactive_history` (`user_id`, `commission_balance`, `amount`, `date`) VALUES ('K67AMG', '0', '150', '2025-12-08 00:30:44');
INSERT INTO `inactive_point_history` (`user_id`, `point`, `date`) VALUES ('LIW8GV', '0', '2025-12-08 00:30:44');
UPDATE `user_registration` SET `sub_point` = 0, `active_status` = 'no'
WHERE `user_id` = 'LIW8GV';
INSERT INTO `arreva_api_logs` (`user_id`, `email`, `endpoint`, `response`, `date`) VALUES ('LIW8GV', 'luisnoris1990@gmail.com', 'deactivatemember', '\"Unable to find user matching email or contract number or otherid\"', '2025-12-08 00:30:44');
INSERT INTO `inactive_history` (`user_id`, `commission_balance`, `amount`, `date`) VALUES ('LIW8GV', '0', '150', '2025-12-08 00:30:44');
INSERT INTO `inactive_point_history` (`user_id`, `point`, `date`) VALUES ('N6VMK1', '0', '2025-12-08 00:30:44');
UPDATE `user_registration` SET `sub_point` = 0, `active_status` = 'no'
WHERE `user_id` = 'N6VMK1';
INSERT INTO `arreva_api_logs` (`user_id`, `email`, `endpoint`, `response`, `date`) VALUES ('N6VMK1', 'javier.rodriguez.novelo@gmail.com', 'deactivatemember', '\"Unable to find user matching email or contract number or otherid\"', '2025-12-08 00:30:44');
INSERT INTO `inactive_history` (`user_id`, `commission_balance`, `amount`, `date`) VALUES ('N6VMK1', '0', '150', '2025-12-08 00:30:44');
INSERT INTO `inactive_point_history` (`user_id`, `point`, `date`) VALUES ('54SJCL', '0', '2025-12-08 00:30:44');
UPDATE `user_registration` SET `sub_point` = 0, `active_status` = 'no'
WHERE `user_id` = '54SJCL';
INSERT INTO `arreva_api_logs` (`user_id`, `email`, `endpoint`, `response`, `date`) VALUES ('54SJCL', 'josejorge3011@hotmail.com', 'deactivatemember', '\"Unable to find user matching email or contract number or otherid\"', '2025-12-08 00:30:44');
INSERT INTO `inactive_history` (`user_id`, `commission_balance`, `amount`, `date`) VALUES ('54SJCL', '0', '150', '2025-12-08 00:30:44');
INSERT INTO `inactive_point_history` (`user_id`, `point`, `date`) VALUES ('DFEDKO', '0', '2025-12-08 00:30:44');
UPDATE `user_registration` SET `sub_point` = 0, `active_status` = 'no'
WHERE `user_id` = 'DFEDKO';
INSERT INTO `arreva_api_logs` (`user_id`, `email`, `endpoint`, `response`, `date`) VALUES ('DFEDKO', 'anegociarfree+1@gmail.com', 'deactivatemember', 'true', '2025-12-08 00:30:44');
INSERT INTO `inactive_history` (`user_id`, `commission_balance`, `amount`, `date`) VALUES ('DFEDKO', '20', '150', '2025-12-08 00:30:44');
INSERT INTO `inactive_point_history` (`user_id`, `point`, `date`) VALUES ('N5PLRR', '0', '2025-12-08 00:30:44');
UPDATE `user_registration` SET `sub_point` = 0, `active_status` = 'no'
WHERE `user_id` = 'N5PLRR';
INSERT INTO `arreva_api_logs` (`user_id`, `email`, `endpoint`, `response`, `date`) VALUES ('N5PLRR', 'deeptalent.boza@gmail.com', 'deactivatemember', '\"Unable to find user matching email or contract number or otherid\"', '2025-12-08 00:30:45');
INSERT INTO `inactive_history` (`user_id`, `commission_balance`, `amount`, `date`) VALUES ('N5PLRR', '30', '50', '2025-12-08 00:30:45');
INSERT INTO `inactive_point_history` (`user_id`, `point`, `date`) VALUES ('RSM4DG', '0', '2025-12-08 00:30:45');
UPDATE `user_registration` SET `sub_point` = 0, `active_status` = 'no'
WHERE `user_id` = 'RSM4DG';
INSERT INTO `arreva_api_logs` (`user_id`, `email`, `endpoint`, `response`, `date`) VALUES ('RSM4DG', 'fssicentral+1@gmail.com', 'deactivatemember', '\"Unable to find user matching email or contract number or otherid\"', '2025-12-08 00:30:45');
INSERT INTO `inactive_history` (`user_id`, `commission_balance`, `amount`, `date`) VALUES ('RSM4DG', '30', '50', '2025-12-08 00:30:45');
INSERT INTO `inactive_point_history` (`user_id`, `point`, `date`) VALUES ('V43EWT', '0', '2025-12-08 00:30:45');
UPDATE `user_registration` SET `sub_point` = 0, `active_status` = 'no'
WHERE `user_id` = 'V43EWT';
INSERT INTO `arreva_api_logs` (`user_id`, `email`, `endpoint`, `response`, `date`) VALUES ('V43EWT', 'deeptalent+1@hotmail.com', 'deactivatemember', '\"Unable to find user matching email or contract number or otherid\"', '2025-12-08 00:30:45');
INSERT INTO `inactive_history` (`user_id`, `commission_balance`, `amount`, `date`) VALUES ('V43EWT', '0', '50', '2025-12-08 00:30:45');
INSERT INTO `inactive_point_history` (`user_id`, `point`, `date`) VALUES ('NDTM1I', '0', '2025-12-08 00:30:45');
UPDATE `user_registration` SET `sub_point` = 0, `active_status` = 'no'
WHERE `user_id` = 'NDTM1I';
INSERT INTO `arreva_api_logs` (`user_id`, `email`, `endpoint`, `response`, `date`) VALUES ('NDTM1I', 'deeptalent+2@hotmail.com', 'deactivatemember', '\"Unable to find user matching email or contract number or otherid\"', '2025-12-08 00:30:45');
INSERT INTO `inactive_history` (`user_id`, `commission_balance`, `amount`, `date`) VALUES ('NDTM1I', '0', '50', '2025-12-08 00:30:45');
INSERT INTO `inactive_point_history` (`user_id`, `point`, `date`) VALUES ('GCLF2W', '0', '2025-12-08 00:30:45');
UPDATE `user_registration` SET `sub_point` = 0, `active_status` = 'no'
WHERE `user_id` = 'GCLF2W';
INSERT INTO `arreva_api_logs` (`user_id`, `email`, `endpoint`, `response`, `date`) VALUES ('GCLF2W', 'rt.amdream+1@gmail.com', 'deactivatemember', '\"Unable to find user matching email or contract number or otherid\"', '2025-12-08 00:30:46');
INSERT INTO `inactive_history` (`user_id`, `commission_balance`, `amount`, `date`) VALUES ('GCLF2W', '20', '50', '2025-12-08 00:30:46');
INSERT INTO `inactive_point_history` (`user_id`, `point`, `date`) VALUES ('6HA49X', '0', '2025-12-08 00:30:46');
UPDATE `user_registration` SET `sub_point` = 0, `active_status` = 'no'
WHERE `user_id` = '6HA49X';
INSERT INTO `arreva_api_logs` (`user_id`, `email`, `endpoint`, `response`, `date`) VALUES ('6HA49X', 'fssicentral+2@gmail.com', 'deactivatemember', '\"Unable to find user matching email or contract number or otherid\"', '2025-12-08 00:30:46');
INSERT INTO `inactive_history` (`user_id`, `commission_balance`, `amount`, `date`) VALUES ('6HA49X', '0', '50', '2025-12-08 00:30:46');
INSERT INTO `inactive_point_history` (`user_id`, `point`, `date`) VALUES ('CN59WR', '0', '2025-12-08 00:30:46');
UPDATE `user_registration` SET `sub_point` = 0, `active_status` = 'no'
WHERE `user_id` = 'CN59WR';
INSERT INTO `arreva_api_logs` (`user_id`, `email`, `endpoint`, `response`, `date`) VALUES ('CN59WR', 'deeptalent.boza+5@gmail.com', 'deactivatemember', '\"Unable to find user matching email or contract number or otherid\"', '2025-12-08 00:30:46');
INSERT INTO `inactive_history` (`user_id`, `commission_balance`, `amount`, `date`) VALUES ('CN59WR', '0', '50', '2025-12-08 00:30:46');
INSERT INTO `inactive_point_history` (`user_id`, `point`, `date`) VALUES ('WCHBRD', '0', '2025-12-08 00:30:46');
UPDATE `user_registration` SET `sub_point` = 0, `active_status` = 'no'
WHERE `user_id` = 'WCHBRD';
INSERT INTO `arreva_api_logs` (`user_id`, `email`, `endpoint`, `response`, `date`) VALUES ('WCHBRD', 'nrproducts20+11@gmail.com', 'deactivatemember', '\"Unable to find user matching email or contract number or otherid\"', '2025-12-08 00:30:46');
INSERT INTO `inactive_history` (`user_id`, `commission_balance`, `amount`, `date`) VALUES ('WCHBRD', '0', '50', '2025-12-08 00:30:46');
INSERT INTO `inactive_point_history` (`user_id`, `point`, `date`) VALUES ('MHTJIU', '0', '2025-12-08 00:30:46');
UPDATE `user_registration` SET `sub_point` = 0, `active_status` = 'no'
WHERE `user_id` = 'MHTJIU';
INSERT INTO `arreva_api_logs` (`user_id`, `email`, `endpoint`, `response`, `date`) VALUES ('MHTJIU', 'onielguerra+2@yahoo.com', 'deactivatemember', '\"Unable to find user matching email or contract number or otherid\"', '2025-12-08 00:30:47');
INSERT INTO `inactive_history` (`user_id`, `commission_balance`, `amount`, `date`) VALUES ('MHTJIU', '20', '50', '2025-12-08 00:30:47');
INSERT INTO `inactive_point_history` (`user_id`, `point`, `date`) VALUES ('C66Y3L', '0', '2025-12-08 00:30:47');
UPDATE `user_registration` SET `sub_point` = 0, `active_status` = 'no'
WHERE `user_id` = 'C66Y3L';
INSERT INTO `arreva_api_logs` (`user_id`, `email`, `endpoint`, `response`, `date`) VALUES ('C66Y3L', 'fssicentral+12@gmail.com', 'deactivatemember', '\"Unable to find user matching email or contract number or otherid\"', '2025-12-08 00:30:47');
INSERT INTO `inactive_history` (`user_id`, `commission_balance`, `amount`, `date`) VALUES ('C66Y3L', '20', '50', '2025-12-08 00:30:47');
INSERT INTO `inactive_point_history` (`user_id`, `point`, `date`) VALUES ('4OOCCH', '0', '2025-12-08 00:30:47');
UPDATE `user_registration` SET `sub_point` = 0, `active_status` = 'no'
WHERE `user_id` = '4OOCCH';
INSERT INTO `arreva_api_logs` (`user_id`, `email`, `endpoint`, `response`, `date`) VALUES ('4OOCCH', 'sfssi+11@gmail.com', 'deactivatemember', '\"Unable to find user matching email or contract number or otherid\"', '2025-12-08 00:30:47');
INSERT INTO `inactive_history` (`user_id`, `commission_balance`, `amount`, `date`) VALUES ('4OOCCH', '0', '50', '2025-12-08 00:30:47');
INSERT INTO `inactive_point_history` (`user_id`, `point`, `date`) VALUES ('G4EQDP', '0', '2025-12-08 00:30:47');
UPDATE `user_registration` SET `sub_point` = 0, `active_status` = 'no'
WHERE `user_id` = 'G4EQDP';
INSERT INTO `arreva_api_logs` (`user_id`, `email`, `endpoint`, `response`, `date`) VALUES ('G4EQDP', 'sfssiw+13@gmail.com', 'deactivatemember', '\"Unable to find user matching email or contract number or otherid\"', '2025-12-08 00:30:47');
INSERT INTO `inactive_history` (`user_id`, `commission_balance`, `amount`, `date`) VALUES ('G4EQDP', '0', '50', '2025-12-08 00:30:47');
INSERT INTO `inactive_point_history` (`user_id`, `point`, `date`) VALUES ('G95C91', '0', '2025-12-08 00:30:47');
UPDATE `user_registration` SET `sub_point` = 0, `active_status` = 'no'
WHERE `user_id` = 'G95C91';
INSERT INTO `arreva_api_logs` (`user_id`, `email`, `endpoint`, `response`, `date`) VALUES ('G95C91', 'sfssiw+15@gmail.com', 'deactivatemember', '\"Unable to find user matching email or contract number or otherid\"', '2025-12-08 00:30:47');
INSERT INTO `inactive_history` (`user_id`, `commission_balance`, `amount`, `date`) VALUES ('G95C91', '0', '50', '2025-12-08 00:30:47');
INSERT INTO `inactive_point_history` (`user_id`, `point`, `date`) VALUES ('SZ1N3Z', '0', '2025-12-08 00:30:47');
UPDATE `user_registration` SET `sub_point` = 0, `active_status` = 'no'
WHERE `user_id` = 'SZ1N3Z';
INSERT INTO `arreva_api_logs` (`user_id`, `email`, `endpoint`, `response`, `date`) VALUES ('SZ1N3Z', 'sfssiw+16@gmail.com', 'deactivatemember', '\"Unable to find user matching email or contract number or otherid\"', '2025-12-08 00:30:48');
INSERT INTO `inactive_history` (`user_id`, `commission_balance`, `amount`, `date`) VALUES ('SZ1N3Z', '0', '50', '2025-12-08 00:30:48');
INSERT INTO `inactive_point_history` (`user_id`, `point`, `date`) VALUES ('4S3VM7', '0', '2025-12-08 00:30:48');
UPDATE `user_registration` SET `sub_point` = 0, `active_status` = 'no'
WHERE `user_id` = '4S3VM7';
INSERT INTO `arreva_api_logs` (`user_id`, `email`, `endpoint`, `response`, `date`) VALUES ('4S3VM7', 'sfssiw+17@gmail.com', 'deactivatemember', '\"Unable to find user matching email or contract number or otherid\"', '2025-12-08 00:30:48');
INSERT INTO `inactive_history` (`user_id`, `commission_balance`, `amount`, `date`) VALUES ('4S3VM7', '0', '50', '2025-12-08 00:30:48');
INSERT INTO `inactive_point_history` (`user_id`, `point`, `date`) VALUES ('G5QCEL', '0', '2025-12-08 00:30:48');
UPDATE `user_registration` SET `sub_point` = 0, `active_status` = 'no'
WHERE `user_id` = 'G5QCEL';
INSERT INTO `arreva_api_logs` (`user_id`, `email`, `endpoint`, `response`, `date`) VALUES ('G5QCEL', 'sfssiw+18@gmail.com', 'deactivatemember', '\"Unable to find user matching email or contract number or otherid\"', '2025-12-08 00:30:48');
INSERT INTO `inactive_history` (`user_id`, `commission_balance`, `amount`, `date`) VALUES ('G5QCEL', '0', '50', '2025-12-08 00:30:48');
INSERT INTO `inactive_point_history` (`user_id`, `point`, `date`) VALUES ('6CYPUS', '0', '2025-12-08 00:30:48');
UPDATE `user_registration` SET `sub_point` = 0, `active_status` = 'no'
WHERE `user_id` = '6CYPUS';
INSERT INTO `arreva_api_logs` (`user_id`, `email`, `endpoint`, `response`, `date`) VALUES ('6CYPUS', 'nquiros@ymail.com', 'deactivatemember', '\"Unable to find user matching email or contract number or otherid\"', '2025-12-08 00:30:48');
INSERT INTO `inactive_history` (`user_id`, `commission_balance`, `amount`, `date`) VALUES ('6CYPUS', '0', '150', '2025-12-08 00:30:48');
INSERT INTO `inactive_point_history` (`user_id`, `point`, `date`) VALUES ('52FDFS', '0', '2025-12-08 00:30:48');
UPDATE `user_registration` SET `sub_point` = 0, `active_status` = 'no'
WHERE `user_id` = '52FDFS';
INSERT INTO `arreva_api_logs` (`user_id`, `email`, `endpoint`, `response`, `date`) VALUES ('52FDFS', 'mariajcarloa@gmail.com', 'deactivatemember', '\"Unable to find user matching email or contract number or otherid\"', '2025-12-08 00:30:49');
INSERT INTO `inactive_history` (`user_id`, `commission_balance`, `amount`, `date`) VALUES ('52FDFS', '0', '150', '2025-12-08 00:30:49');
INSERT INTO `inactive_point_history` (`user_id`, `point`, `date`) VALUES ('LI6NAA', '0', '2025-12-08 00:30:49');
UPDATE `user_registration` SET `sub_point` = 0, `active_status` = 'no'
WHERE `user_id` = 'LI6NAA';
INSERT INTO `arreva_api_logs` (`user_id`, `email`, `endpoint`, `response`, `date`) VALUES ('LI6NAA', 'sotolongor+96@gmail.com', 'deactivatemember', 'true', '2025-12-08 00:30:49');
INSERT INTO `inactive_history` (`user_id`, `commission_balance`, `amount`, `date`) VALUES ('LI6NAA', '0', '150', '2025-12-08 00:30:49');
INSERT INTO `inactive_point_history` (`user_id`, `point`, `date`) VALUES ('NOBRW6', '0', '2025-12-08 00:30:49');
UPDATE `user_registration` SET `sub_point` = 0, `active_status` = 'no'
WHERE `user_id` = 'NOBRW6';
INSERT INTO `arreva_api_logs` (`user_id`, `email`, `endpoint`, `response`, `date`) VALUES ('NOBRW6', 'yosvanyperezcruckshank@gmail.com', 'deactivatemember', 'true', '2025-12-08 00:30:49');
INSERT INTO `inactive_history` (`user_id`, `commission_balance`, `amount`, `date`) VALUES ('NOBRW6', '0', '150', '2025-12-08 00:30:49');
INSERT INTO `inactive_point_history` (`user_id`, `point`, `date`) VALUES ('6XB3NC', '0', '2025-12-08 00:30:49');
UPDATE `user_registration` SET `sub_point` = 0, `active_status` = 'no'
WHERE `user_id` = '6XB3NC';
INSERT INTO `arreva_api_logs` (`user_id`, `email`, `endpoint`, `response`, `date`) VALUES ('6XB3NC', 'aymeelucia1971@gmail.com', 'deactivatemember', 'true', '2025-12-08 00:30:49');
INSERT INTO `inactive_history` (`user_id`, `commission_balance`, `amount`, `date`) VALUES ('6XB3NC', '0', '150', '2025-12-08 00:30:49');
UPDATE `cron_job_history` SET `status` = 'done', `date_end` = '2025-12-08 00:30:49'
WHERE `id` = 874;
INSERT INTO `cron_job_history` (`name`, `date_started`, `status`) VALUES ('sendReminderMail', '2025-12-08 00:35:01', 'started');
UPDATE `cron_job_history` SET `status` = 'done', `date_end` = '2025-12-08 00:35:01'
WHERE `id` = 875;
INSERT INTO `login_history` (`user_id`, `device`, `ip_address`, `date`) VALUES ('UQO7EQ', 'Mozilla/5.0 (Windows NT 10.0; Win64; x64) AppleWebKit/537.36 (KHTML, like Gecko) Chrome/143.0.0.0 Safari/537.36', '2601:58a:897c:5f70:ac3c:c3fe:294a:22fa', '25-12-08 05:03');
UPDATE `user_registration` SET `popup_seen` = 'yes'
WHERE `user_id` = 'UQO7EQ';
UPDATE `user_registration` SET `popup_seen` = 'no'
WHERE `user_id` = 'UQO7EQ';
DELETE FROM `ci_sessions`
WHERE `id` = '510d83cc0e96db1f9f6e231b5fbd727003827a13';
INSERT INTO `login_history` (`user_id`, `device`, `ip_address`, `date`) VALUES ('OI5B47', 'Mozilla/5.0 (Linux; Android 10; K) AppleWebKit/537.36 (KHTML, like Gecko) Chrome/142.0.0.0 Mobile Safari/537.36', '2600:1700:3d60:8a40:ef00:23b1:314b:c8f3', '25-12-08 06:44');
UPDATE `user_registration` SET `popup_seen` = 'yes'
WHERE `user_id` = 'OI5B47';
INSERT INTO `temp_register` (`post_data`, `date`, `payment_method`, `type`) VALUES ('{\"user_id\":\"OI5B47\",\"card_id\":\"4\",\"card_cost\":\"150\",\"card_value\":\"150\",\"payment_option\":\"stripe\",\"date\":\"2025-12-08 06:45:36\"}', '2025-12-08 06:45:36', 'stripe', 'buy+top_up_card');
UPDATE `temp_register` SET `response` = '{\"stripeToken\":\"tok_1Sc3po2NUoYUjiuut4HBdJ7R\",\"stripeTokenType\":\"card\",\"stripeEmail\":\"edelgarcia020771@gmail.com\"}', `date_modified` = '2025-12-08 06:46:40', `payment_status` = '{\"id\":\"ch_3Sc3ps2NUoYUjiuu1S9PPWtl\",\"object\":\"charge\",\"amount\":15000,\"amount_captured\":15000,\"amount_refunded\":0,\"application\":null,\"application_fee\":null,\"application_fee_amount\":null,\"balance_transaction\":\"txn_3Sc3ps2NUoYUjiuu1lhKgSPH\",\"billing_details\":{\"address\":{\"city\":null,\"country\":null,\"line1\":null,\"line2\":null,\"postal_code\":null,\"state\":null},\"email\":null,\"name\":\"edelgarcia020771@gmail.com\",\"phone\":null,\"tax_id\":null},\"calculated_statement_descriptor\":\"TRAVELEGENDCY LLC\",\"captured\":true,\"created\":1765198000,\"currency\":\"usd\",\"customer\":\"cus_TZCEWFWTeOA8u1\",\"description\":null,\"destination\":null,\"dispute\":null,\"disputed\":false,\"failure_balance_transaction\":null,\"failure_code\":null,\"failure_message\":null,\"fraud_details\":[],\"invoice\":null,\"livemode\":true,\"metadata\":[],\"on_behalf_of\":null,\"order\":null,\"outcome\":{\"advice_code\":null,\"network_advice_code\":null,\"network_decline_code\":null,\"network_status\":\"approved_by_network\",\"reason\":null,\"risk_level\":\"normal\",\"seller_message\":\"Payment complete.\",\"type\":\"authorized\"},\"paid\":true,\"payment_intent\":null,\"payment_method\":\"card_1Sc3po2NUoYUjiuuzfCL8JZi\",\"payment_method_details\":{\"card\":{\"amount_authorized\":15000,\"authorization_code\":\"09217C\",\"brand\":\"visa\",\"checks\":{\"address_line1_check\":null,\"address_postal_code_check\":null,\"cvc_check\":\"pass\"},\"country\":\"US\",\"exp_month\":5,\"exp_year\":2030,\"extended_authorization\":{\"status\":\"disabled\"},\"fingerprint\":\"OalP3cPgcaMp9wbV\",\"funding\":\"credit\",\"incremental_authorization\":{\"status\":\"unavailable\"},\"installments\":null,\"last4\":\"6726\",\"mandate\":null,\"multicapture\":{\"status\":\"unavailable\"},\"network\":\"visa\",\"network_token\":{\"used\":false},\"network_transaction_id\":\"585342460007865\",\"overcapture\":{\"maximum_amount_capturable\":15000,\"status\":\"unavailable\"},\"regulated_status\":\"unregulated\",\"three_d_secure\":null,\"wallet\":null},\"type\":\"card\"},\"receipt_email\":null,\"receipt_number\":null,\"receipt_url\":\"https:\\/\\/pay.stripe.com\\/receipts\\/payment\\/CAcQARoXChVhY2N0XzFRUEFGdjJOVW9ZVWppdXUosZHbyQYyBlAyn0N2RTosFu8yDWCL11PTQHNHnVibS4SVYhjj4wQPM28ihwa6RZKJ0n5XlqcLBsvVo2M\",\"refunded\":false,\"review\":null,\"shipping\":null,\"source\":{\"id\":\"card_1Sc3po2NUoYUjiuuzfCL8JZi\",\"object\":\"card\",\"address_city\":null,\"address_country\":null,\"address_line1\":null,\"address_line1_check\":null,\"address_line2\":null,\"address_state\":null,\"address_zip\":null,\"address_zip_check\":null,\"allow_redisplay\":\"unspecified\",\"brand\":\"Visa\",\"country\":\"US\",\"customer\":\"cus_TZCEWFWTeOA8u1\",\"cvc_check\":\"pass\",\"dynamic_last4\":null,\"email\":null,\"exp_month\":5,\"exp_year\":2030,\"fingerprint\":\"OalP3cPgcaMp9wbV\",\"funding\":\"credit\",\"last4\":\"6726\",\"metadata\":[],\"name\":\"edelgarcia020771@gmail.com\",\"phone\":null,\"regulated_status\":\"unregulated\",\"tokenization_method\":null,\"wallet\":null},\"source_transfer\":null,\"statement_descriptor\":null,\"statement_descriptor_suffix\":null,\"status\":\"succeeded\",\"transfer_data\":null,\"transfer_group\":null}'
WHERE `id` = 1301;
INSERT INTO `card_purchase_history` (`user_id`, `card_id`, `card_cost`, `card_value`, `payment_option`, `date`) VALUES ('OI5B47', '4', '150', '150', 'stripe', '2025-12-08 06:45:36');
UPDATE `user_registration` SET commission_balance = ROUND(commission_balance + 150,2)
WHERE `user_id` = 'OI5B47';
UPDATE `user_registration` SET `popup_seen` = 'yes'
WHERE `user_id` = 'OI5B47';
UPDATE `user_registration` SET `popup_seen` = 'no'
WHERE `user_id` = 'OI5B47';
DELETE FROM `ci_sessions`
WHERE `id` = '99a9a6b1e46c66225ca96d44438f91ff8d2854db';
INSERT INTO `login_history` (`user_id`, `device`, `ip_address`, `date`) VALUES ('UQO7EQ', 'Mozilla/5.0 (Windows NT 10.0; Win64; x64) AppleWebKit/537.36 (KHTML, like Gecko) Chrome/143.0.0.0 Safari/537.36', '2601:58a:897c:5f70:ac3c:c3fe:294a:22fa', '25-12-08 08:39');
UPDATE `user_registration` SET `popup_seen` = 'yes'
WHERE `user_id` = 'UQO7EQ';
UPDATE `user_registration` SET `popup_seen` = 'no'
WHERE `user_id` = 'UQO7EQ';
DELETE FROM `ci_sessions`
WHERE `id` = 'faecf393351a7ad4ab140c5f5f3f65f6b3ea7126';
INSERT INTO `login_history` (`user_id`, `device`, `ip_address`, `date`) VALUES ('JHRDHS', 'Mozilla/5.0 (iPhone; CPU iPhone OS 18_7_1 like Mac OS X) AppleWebKit/605.1.15 (KHTML, like Gecko) Version/18.7 Mobile/15E148 Safari/604.1', '2600:1702:50d0:a580:206f:be0b:b4c8:5afb', '25-12-08 09:04');
UPDATE `user_registration` SET `popup_seen` = 'yes'
WHERE `user_id` = 'JHRDHS';
INSERT INTO `login_history` (`user_id`, `device`, `ip_address`, `date`) VALUES ('UQO7EQ', 'Mozilla/5.0 (iPhone; CPU iPhone OS 18_5 like Mac OS X) AppleWebKit/605.1.15 (KHTML, like Gecko) Version/18.5 Mobile/15E148 Safari/604.1', '2607:fb91:caa:81d0:1014:547e:5f73:10bc', '25-12-08 10:03');
UPDATE `user_registration` SET `popup_seen` = 'yes'
WHERE `user_id` = 'UQO7EQ';
UPDATE `user_registration` SET `popup_seen` = 'yes'
WHERE `user_id` = 'UQO7EQ';
UPDATE `ci_sessions` SET `timestamp` = 1765211632, `data` = '__ci_last_regenerate|i:1765211632;captcha|s:4:\"gkvd\";'
WHERE `id` = '0d3d27c7753bddabc87925b561559469e0f13831';
INSERT INTO `login_history` (`user_id`, `device`, `ip_address`, `date`) VALUES ('JHRDHS', 'Mozilla/5.0 (Macintosh; Intel Mac OS X 10_15_7) AppleWebKit/605.1.15 (KHTML, like Gecko) Version/17.6 Safari/605.1.15', '2600:1702:50d0:a580:2475:3f0c:63e7:8a87', '25-12-08 10:33');
UPDATE `user_registration` SET `popup_seen` = 'yes'
WHERE `user_id` = 'JHRDHS';
UPDATE `user_registration` SET `popup_seen` = 'yes'
WHERE `user_id` = 'JHRDHS';
UPDATE `ci_sessions` SET `timestamp` = 1765211952, `data` = '__ci_last_regenerate|i:1765211952;id|s:4:\"2071\";user_id|s:6:\"JHRDHS\";username|s:7:\"mbecena\";sponsor_id|s:6:\"CVVK4C\";fullname|s:12:\"Maria Becena\";email|s:21:\"mbecena@bellsouth.net\";phone|s:10:\"7862360387\";isLogIn|b:1;'
WHERE `id` = 'a5ff873818172ee4d5b37f56d81a64856ff502f8';
UPDATE `user_registration` SET `default_leg` = 'left'
WHERE `user_id` = 'JHRDHS';
INSERT INTO `default_leg_history` (`user_id`, `old_leg`, `new_leg`, `date`) VALUES ('JHRDHS', 'left', 'left', '2025-12-08 10:39:12');
UPDATE `user_registration` SET `language` = 'spanish'
WHERE `user_id` = 'JHRDHS';
UPDATE `user_registration` SET `language` = 'english'
WHERE `user_id` = 'JHRDHS';
UPDATE `user_registration` SET `default_leg` = 'left'
WHERE `user_id` = 'JHRDHS';
INSERT INTO `default_leg_history` (`user_id`, `old_leg`, `new_leg`, `date`) VALUES ('JHRDHS', 'left', 'left', '2025-12-08 10:39:50');
UPDATE `user_registration` SET `popup_seen` = 'yes'
WHERE `user_id` = 'JHRDHS';
UPDATE `user_registration` SET `popup_seen` = 'no'
WHERE `user_id` = 'JHRDHS';
DELETE FROM `ci_sessions`
WHERE `id` = '713a645755eb285d90eb1b76ea7b3c6b6b652bdd';
INSERT INTO `login_history` (`user_id`, `device`, `ip_address`, `date`) VALUES ('JHRDHS', 'Mozilla/5.0 (Macintosh; Intel Mac OS X 10_15_7) AppleWebKit/605.1.15 (KHTML, like Gecko) Version/18.5 Safari/605.1.15', '2600:387:15:3c19::b', '25-12-08 10:53');
UPDATE `user_registration` SET `popup_seen` = 'yes'
WHERE `user_id` = 'JHRDHS';
UPDATE `user_registration` SET `default_leg` = 'left'
WHERE `user_id` = 'JHRDHS';
INSERT INTO `default_leg_history` (`user_id`, `old_leg`, `new_leg`, `date`) VALUES ('JHRDHS', 'left', 'left', '2025-12-08 10:54:12');
UPDATE `ci_sessions` SET `timestamp` = 1765213294, `data` = '__ci_last_regenerate|i:1765213294;id|s:4:\"2071\";user_id|s:6:\"JHRDHS\";username|s:7:\"mbecena\";sponsor_id|s:6:\"CVVK4C\";fullname|s:12:\"Maria Becena\";email|s:21:\"mbecena@bellsouth.net\";phone|s:10:\"7862360387\";isLogIn|b:1;'
WHERE `id` = 'b4023964c53646fd7b13076a343cdec65ffea6ed';
INSERT INTO `temp_register` (`post_data`, `date`, `payment_method`, `type`) VALUES ('{\"uid\":\"2580\",\"user_id\":\"T9NFKV\",\"username\":\"RAQUEL\",\"sponsor_id\":\"JHRDHS\",\"vacant\":\"no\",\"f_name\":\"Barbara\",\"l_name\":\"Alvarez\",\"position\":\"left\",\"email\":\"katerinea602@gmail.com\",\"password\":\"dd7f119bf8c975fb16dfc20c8b51a461\",\"phone\":\"7864747434\",\"country\":\"United States\",\"state\":\"Florida\",\"city\":\"Hialeah\",\"street\":\"2544 W 72nd Place\",\"zip_code\":\"33016\",\"reg_ip\":\"2600:387:15:3c19::b\",\"status\":1,\"package_id\":\"2\",\"rank_id\":1,\"highest_rank\":1,\"cycle_rank_id\":1,\"user_type\":\"affiliate\",\"created\":\"2025-12-08 11:01:34\",\"subscription_date\":\"2026-01-08\",\"active_status\":\"yes\",\"google_secret\":\"NI5XBUYU4ZOT2RP6\"}', '2025-12-08 11:01:34', 'stripe', 'register');
UPDATE `temp_register` SET `response` = '{\"stripeToken\":\"tok_1Sc7qV2NUoYUjiuu4Qbbk7VE\",\"stripeTokenType\":\"card\",\"stripeEmail\":\"katerinea602@gmail.com\"}', `date_modified` = '2025-12-08 11:03:41', `payment_status` = '{\"id\":\"ch_3Sc7qa2NUoYUjiuu1yFuHet5\",\"object\":\"charge\",\"amount\":59500,\"amount_captured\":59500,\"amount_refunded\":0,\"application\":null,\"application_fee\":null,\"application_fee_amount\":null,\"balance_transaction\":\"txn_3Sc7qa2NUoYUjiuu1LL4TqUd\",\"billing_details\":{\"address\":{\"city\":null,\"country\":null,\"line1\":null,\"line2\":null,\"postal_code\":null,\"state\":null},\"email\":null,\"name\":\"katerinea602@gmail.com\",\"phone\":null,\"tax_id\":null},\"calculated_statement_descriptor\":\"TRAVELEGENDCY LLC\",\"captured\":true,\"created\":1765213420,\"currency\":\"usd\",\"customer\":\"cus_TZGND3rtjRVxGj\",\"description\":null,\"destination\":null,\"dispute\":null,\"disputed\":false,\"failure_balance_transaction\":null,\"failure_code\":null,\"failure_message\":null,\"fraud_details\":[],\"invoice\":null,\"livemode\":true,\"metadata\":{\"name\":\"Barbara Alvarez\",\"username\":\"RAQUEL\"},\"on_behalf_of\":null,\"order\":null,\"outcome\":{\"advice_code\":null,\"network_advice_code\":null,\"network_decline_code\":null,\"network_status\":\"approved_by_network\",\"reason\":null,\"risk_level\":\"normal\",\"seller_message\":\"Payment complete.\",\"type\":\"authorized\"},\"paid\":true,\"payment_intent\":null,\"payment_method\":\"card_1Sc7qV2NUoYUjiuukWGIcJxD\",\"payment_method_details\":{\"card\":{\"amount_authorized\":59500,\"authorization_code\":\"00229Z\",\"brand\":\"mastercard\",\"checks\":{\"address_line1_check\":null,\"address_postal_code_check\":null,\"cvc_check\":\"pass\"},\"country\":\"US\",\"exp_month\":1,\"exp_year\":2028,\"extended_authorization\":{\"status\":\"disabled\"},\"fingerprint\":\"FZX0FtiE8lSGtlcB\",\"funding\":\"credit\",\"incremental_authorization\":{\"status\":\"unavailable\"},\"installments\":null,\"last4\":\"0313\",\"mandate\":null,\"multicapture\":{\"status\":\"unavailable\"},\"network\":\"mastercard\",\"network_token\":{\"used\":false},\"network_transaction_id\":\"MWEILC6NT1208\",\"overcapture\":{\"maximum_amount_capturable\":59500,\"status\":\"unavailable\"},\"regulated_status\":\"unregulated\",\"three_d_secure\":null,\"wallet\":null},\"type\":\"card\"},\"receipt_email\":null,\"receipt_number\":null,\"receipt_url\":\"https:\\/\\/pay.stripe.com\\/receipts\\/payment\\/CAcQARoXChVhY2N0XzFRUEFGdjJOVW9ZVWppdXUo7YncyQYyBo5_dS2NKDosFvgSZYsHFS08HkxOMDahO9oPbkU88LAlIFx0WYq7d0gysRMHD96vUfkvaLg\",\"refunded\":false,\"review\":null,\"shipping\":null,\"source\":{\"id\":\"card_1Sc7qV2NUoYUjiuukWGIcJxD\",\"object\":\"card\",\"address_city\":null,\"address_country\":null,\"address_line1\":null,\"address_line1_check\":null,\"address_line2\":null,\"address_state\":null,\"address_zip\":null,\"address_zip_check\":null,\"allow_redisplay\":\"unspecified\",\"brand\":\"MasterCard\",\"country\":\"US\",\"customer\":\"cus_TZGND3rtjRVxGj\",\"cvc_check\":\"pass\",\"dynamic_last4\":null,\"email\":null,\"exp_month\":1,\"exp_year\":2028,\"fingerprint\":\"FZX0FtiE8lSGtlcB\",\"funding\":\"credit\",\"last4\":\"0313\",\"metadata\":[],\"name\":\"katerinea602@gmail.com\",\"phone\":null,\"regulated_status\":\"unregulated\",\"tokenization_method\":null,\"wallet\":null},\"source_transfer\":null,\"statement_descriptor\":null,\"statement_descriptor_suffix\":null,\"status\":\"succeeded\",\"transfer_data\":null,\"transfer_group\":null}'
WHERE `id` = 1302;
INSERT INTO `user_registration` (`user_id`, `username`, `sponsor_id`, `vacant`, `f_name`, `l_name`, `position`, `email`, `password`, `phone`, `country`, `state`, `city`, `street`, `zip_code`, `reg_ip`, `status`, `package_id`, `rank_id`, `highest_rank`, `cycle_rank_id`, `user_type`, `created`, `subscription_date`, `active_status`, `google_secret`) VALUES ('T9NFKV', 'RAQUEL', 'JHRDHS', 'no', 'Barbara', 'Alvarez', 'left', 'katerinea602@gmail.com', 'dd7f119bf8c975fb16dfc20c8b51a461', '7864747434', 'United States', 'Florida', 'Hialeah', '2544 W 72nd Place', '33016', '2600:387:15:3c19::b', 1, '2', 1, 1, 1, 'affiliate', '2025-12-08 11:01:34', '2026-01-08', 'yes', 'NI5XBUYU4ZOT2RP6');
UPDATE `user_registration` SET total_ref_count = total_ref_count+1
WHERE `user_id` = 'JHRDHS';
INSERT INTO `matrix_fill_sponsor` (`sponsor_id`, `downline_id`, `level`, `matrix`) VALUES ('JHRDHS', 'T9NFKV', 1, 1);
INSERT INTO `matrix_fill_sponsor` (`sponsor_id`, `downline_id`, `level`, `matrix`) VALUES ('CVVK4C', 'T9NFKV', 2, 1);
INSERT INTO `matrix_fill_sponsor` (`sponsor_id`, `downline_id`, `level`, `matrix`) VALUES ('K55EDD', 'T9NFKV', 3, 1);
INSERT INTO `matrix_fill_sponsor` (`sponsor_id`, `downline_id`, `level`, `matrix`) VALUES ('UQO7EQ', 'T9NFKV', 4, 1);
INSERT INTO `matrix_fill_sponsor` (`sponsor_id`, `downline_id`, `level`, `matrix`) VALUES ('N6GZAE', 'T9NFKV', 5, 1);
INSERT INTO `matrix_fill_sponsor` (`sponsor_id`, `downline_id`, `level`, `matrix`) VALUES ('4E1CRI', 'T9NFKV', 6, 1);
INSERT INTO `matrix_fill_sponsor` (`sponsor_id`, `downline_id`, `level`, `matrix`) VALUES ('SJBNYJ', 'T9NFKV', 7, 1);
INSERT INTO `matrix_fill_sponsor` (`sponsor_id`, `downline_id`, `level`, `matrix`) VALUES ('44B9Y4', 'T9NFKV', 8, 1);
INSERT INTO `matrix_fill_sponsor` (`sponsor_id`, `downline_id`, `level`, `matrix`) VALUES ('admin', 'T9NFKV', 9, 1);
UPDATE `binary_view` SET `user_id` = 'T9NFKV', `username` = 'RAQUEL', `vacant` = 'no', `created` = '2025-12-08 11:03:41', `sponsor_id` = 'JHRDHS'
WHERE `uid` = '2580';
INSERT INTO `binary_view` (`user_id`, `username`, `sponsor_id`, `placement_id`, `vacant`, `position`, `created`) VALUES ('HYCORY', 'isnFFSui', 'T9NFKV', 'T9NFKV', 'yes', 'left', '2025-12-08 11:03:41');
INSERT INTO `binary_view` (`user_id`, `username`, `sponsor_id`, `placement_id`, `vacant`, `position`, `created`) VALUES ('KTNDYN', 'HasxLfMt', 'T9NFKV', 'T9NFKV', 'yes', 'right', '2025-12-08 11:03:41');
INSERT INTO `bv_updation` (`user_id`) VALUES ('T9NFKV');
UPDATE `user_registration` SET total_downlines = total_downlines+1
WHERE `user_id` = '51RRRN';
UPDATE `user_registration` SET left_downlines = left_downlines+1
WHERE `user_id` = '51RRRN';
UPDATE `user_registration` SET total_downlines = total_downlines+1
WHERE `user_id` = 'K44I3E';
UPDATE `user_registration` SET left_downlines = left_downlines+1
WHERE `user_id` = 'K44I3E';
UPDATE `user_registration` SET total_downlines = total_downlines+1
WHERE `user_id` = 'D1UQ1O';
UPDATE `user_registration` SET left_downlines = left_downlines+1
WHERE `user_id` = 'D1UQ1O';
UPDATE `user_registration` SET total_downlines = total_downlines+1
WHERE `user_id` = 'A11V1Y';
UPDATE `user_registration` SET left_downlines = left_downlines+1
WHERE `user_id` = 'A11V1Y';
UPDATE `user_registration` SET total_downlines = total_downlines+1
WHERE `user_id` = 'XEINAA';
UPDATE `user_registration` SET left_downlines = left_downlines+1
WHERE `user_id` = 'XEINAA';
UPDATE `user_registration` SET total_downlines = total_downlines+1
WHERE `user_id` = '47XL7H';
UPDATE `user_registration` SET left_downlines = left_downlines+1
WHERE `user_id` = '47XL7H';
UPDATE `user_registration` SET total_downlines = total_downlines+1
WHERE `user_id` = 'AM2FR1';
UPDATE `user_registration` SET left_downlines = left_downlines+1
WHERE `user_id` = 'AM2FR1';
UPDATE `user_registration` SET total_downlines = total_downlines+1
WHERE `user_id` = 'RKMICU';
UPDATE `user_registration` SET left_downlines = left_downlines+1
WHERE `user_id` = 'RKMICU';
UPDATE `user_registration` SET total_downlines = total_downlines+1
WHERE `user_id` = '1HT8BK';
UPDATE `user_registration` SET left_downlines = left_downlines+1
WHERE `user_id` = '1HT8BK';
UPDATE `user_registration` SET total_downlines = total_downlines+1
WHERE `user_id` = 'IH5JXX';
UPDATE `user_registration` SET left_downlines = left_downlines+1
WHERE `user_id` = 'IH5JXX';
UPDATE `user_registration` SET total_downlines = total_downlines+1
WHERE `user_id` = 'VPMCC5';
UPDATE `user_registration` SET left_downlines = left_downlines+1
WHERE `user_id` = 'VPMCC5';
UPDATE `user_registration` SET total_downlines = total_downlines+1
WHERE `user_id` = '5XIPYS';
UPDATE `user_registration` SET left_downlines = left_downlines+1
WHERE `user_id` = '5XIPYS';
UPDATE `user_registration` SET total_downlines = total_downlines+1
WHERE `user_id` = '1MHVTB';
UPDATE `user_registration` SET left_downlines = left_downlines+1
WHERE `user_id` = '1MHVTB';
UPDATE `user_registration` SET total_downlines = total_downlines+1
WHERE `user_id` = '4WVWXZ';
UPDATE `user_registration` SET left_downlines = left_downlines+1
WHERE `user_id` = '4WVWXZ';
UPDATE `user_registration` SET total_downlines = total_downlines+1
WHERE `user_id` = 'GTPJAP';
UPDATE `user_registration` SET left_downlines = left_downlines+1
WHERE `user_id` = 'GTPJAP';
UPDATE `user_registration` SET total_downlines = total_downlines+1
WHERE `user_id` = '4VE7D1';
UPDATE `user_registration` SET left_downlines = left_downlines+1
WHERE `user_id` = '4VE7D1';
UPDATE `user_registration` SET total_downlines = total_downlines+1
WHERE `user_id` = '2KPJZJ';
UPDATE `user_registration` SET left_downlines = left_downlines+1
WHERE `user_id` = '2KPJZJ';
UPDATE `user_registration` SET total_downlines = total_downlines+1
WHERE `user_id` = 'B5EVHD';
UPDATE `user_registration` SET left_downlines = left_downlines+1
WHERE `user_id` = 'B5EVHD';
UPDATE `user_registration` SET total_downlines = total_downlines+1
WHERE `user_id` = 'AQJLZA';
UPDATE `user_registration` SET left_downlines = left_downlines+1
WHERE `user_id` = 'AQJLZA';
UPDATE `user_registration` SET total_downlines = total_downlines+1
WHERE `user_id` = '2V26XM';
UPDATE `user_registration` SET left_downlines = left_downlines+1
WHERE `user_id` = '2V26XM';
UPDATE `user_registration` SET total_downlines = total_downlines+1
WHERE `user_id` = 'K8DXP2';
UPDATE `user_registration` SET left_downlines = left_downlines+1
WHERE `user_id` = 'K8DXP2';
UPDATE `user_registration` SET total_downlines = total_downlines+1
WHERE `user_id` = 'HP6YP2';
UPDATE `user_registration` SET left_downlines = left_downlines+1
WHERE `user_id` = 'HP6YP2';
UPDATE `user_registration` SET total_downlines = total_downlines+1
WHERE `user_id` = 'L8NRSC';
UPDATE `user_registration` SET left_downlines = left_downlines+1
WHERE `user_id` = 'L8NRSC';
UPDATE `user_registration` SET total_downlines = total_downlines+1
WHERE `user_id` = 'JHRDHS';
UPDATE `user_registration` SET left_downlines = left_downlines+1
WHERE `user_id` = 'JHRDHS';
UPDATE `user_registration` SET left_ref_count = left_ref_count+1
WHERE `user_id` = 'JHRDHS';
UPDATE `user_registration` SET active_left = active_left+1
WHERE `user_id` = 'JHRDHS';
UPDATE `user_registration` SET total_downlines = total_downlines+1
WHERE `user_id` = 'CVVK4C';
UPDATE `user_registration` SET right_downlines = right_downlines+1
WHERE `user_id` = 'CVVK4C';
UPDATE `user_registration` SET total_downlines = total_downlines+1
WHERE `user_id` = 'K55EDD';
UPDATE `user_registration` SET left_downlines = left_downlines+1
WHERE `user_id` = 'K55EDD';
UPDATE `user_registration` SET total_downlines = total_downlines+1
WHERE `user_id` = 'UQO7EQ';
UPDATE `user_registration` SET left_downlines = left_downlines+1
WHERE `user_id` = 'UQO7EQ';
UPDATE `user_registration` SET total_downlines = total_downlines+1
WHERE `user_id` = 'N6GZAE';
UPDATE `user_registration` SET left_downlines = left_downlines+1
WHERE `user_id` = 'N6GZAE';
UPDATE `user_registration` SET total_downlines = total_downlines+1
WHERE `user_id` = '4E1CRI';
UPDATE `user_registration` SET left_downlines = left_downlines+1
WHERE `user_id` = '4E1CRI';
UPDATE `user_registration` SET total_downlines = total_downlines+1
WHERE `user_id` = 'SJBNYJ';
UPDATE `user_registration` SET left_downlines = left_downlines+1
WHERE `user_id` = 'SJBNYJ';
UPDATE `user_registration` SET total_downlines = total_downlines+1
WHERE `user_id` = '44B9Y4';
UPDATE `user_registration` SET left_downlines = left_downlines+1
WHERE `user_id` = '44B9Y4';
UPDATE `user_registration` SET total_downlines = total_downlines+1
WHERE `user_id` = 'admin';
UPDATE `user_registration` SET right_downlines = right_downlines+1
WHERE `user_id` = 'admin';
INSERT INTO `package_purchase_history` (`user_id`, `package_id`, `reg_fee`, `package_name`, `monthly_fee`, `type`, `date`, `payment_option`) VALUES ('T9NFKV', '2', '595', 'Traveler Pro', '150', 'sign_up', '2025-12-08 11:03:41', 'stripe');
INSERT INTO `investment` (`invest_date`, `user_id`, `type`, `amount`, `package_id`) VALUES ('2025-12-08 11:03:41', 'T9NFKV', 'register', '595', '2');
INSERT INTO `earnings` (`user_id`, `Purchaser_id`, `earning_type`, `package_id`, `amount`, `date`, `comments`, `invest_amount`, `comm_perc`, `level`, `rank_id`, `order_id`) VALUES ('JHRDHS', 'T9NFKV', 'Direct Referral Bonus', '2', '300', '2025-12-08 11:03:41', 'Direct Referral Bonus', 0, 0, 1, '', 1319);
UPDATE `user_registration` SET commission_balance = ROUND(commission_balance + 300,2)
WHERE `user_id` = 'JHRDHS';
UPDATE `user_registration` SET referral_bonus = ROUND(referral_bonus + 300,2)
WHERE `user_id` = 'JHRDHS';
UPDATE `user_registration` SET total_points = ROUND(total_points + 50,2)
WHERE `user_id` = 'T9NFKV';
INSERT INTO `points_history` (`user_id`, `points`, `type`, `date`) VALUES ('T9NFKV', '50', 'register', '2025-12-08 11:03:');
INSERT INTO `matrix_filling` (`placement_id`, `downline_id`, `level`, `matrix`) VALUES ('51RRRN', 'T9NFKV', 1, 1);
UPDATE `bv_updation` SET left_carry = left_carry+50, total_left = total_left+50
WHERE `user_id` = '51RRRN';
INSERT INTO `placement_bv_update_history` (`left_carry`, `date`, `from_id`, `user_id`) VALUES ('50', '2025-12-08 11:03:41', 'T9NFKV', '51RRRN');
INSERT INTO `matrix_filling` (`placement_id`, `downline_id`, `level`, `matrix`) VALUES ('K44I3E', 'T9NFKV', 2, 1);
UPDATE `bv_updation` SET left_carry = left_carry+50, total_left = total_left+50
WHERE `user_id` = 'K44I3E';
INSERT INTO `placement_bv_update_history` (`left_carry`, `date`, `from_id`, `user_id`) VALUES ('50', '2025-12-08 11:03:41', 'T9NFKV', 'K44I3E');
INSERT INTO `matrix_filling` (`placement_id`, `downline_id`, `level`, `matrix`) VALUES ('D1UQ1O', 'T9NFKV', 3, 1);
UPDATE `bv_updation` SET left_carry = left_carry+50, total_left = total_left+50
WHERE `user_id` = 'D1UQ1O';
INSERT INTO `placement_bv_update_history` (`left_carry`, `date`, `from_id`, `user_id`) VALUES ('50', '2025-12-08 11:03:41', 'T9NFKV', 'D1UQ1O');
INSERT INTO `matrix_filling` (`placement_id`, `downline_id`, `level`, `matrix`) VALUES ('A11V1Y', 'T9NFKV', 4, 1);
UPDATE `bv_updation` SET left_carry = left_carry+50, total_left = total_left+50
WHERE `user_id` = 'A11V1Y';
INSERT INTO `placement_bv_update_history` (`left_carry`, `date`, `from_id`, `user_id`) VALUES ('50', '2025-12-08 11:03:41', 'T9NFKV', 'A11V1Y');
INSERT INTO `matrix_filling` (`placement_id`, `downline_id`, `level`, `matrix`) VALUES ('XEINAA', 'T9NFKV', 5, 1);
INSERT INTO `matrix_filling` (`placement_id`, `downline_id`, `level`, `matrix`) VALUES ('47XL7H', 'T9NFKV', 6, 1);
UPDATE `bv_updation` SET left_carry = left_carry+50, total_left = total_left+50
WHERE `user_id` = '47XL7H';
INSERT INTO `placement_bv_update_history` (`left_carry`, `date`, `from_id`, `user_id`) VALUES ('50', '2025-12-08 11:03:41', 'T9NFKV', '47XL7H');
INSERT INTO `matrix_filling` (`placement_id`, `downline_id`, `level`, `matrix`) VALUES ('AM2FR1', 'T9NFKV', 7, 1);
UPDATE `bv_updation` SET left_carry = left_carry+50, total_left = total_left+50
WHERE `user_id` = 'AM2FR1';
INSERT INTO `placement_bv_update_history` (`left_carry`, `date`, `from_id`, `user_id`) VALUES ('50', '2025-12-08 11:03:41', 'T9NFKV', 'AM2FR1');
INSERT INTO `matrix_filling` (`placement_id`, `downline_id`, `level`, `matrix`) VALUES ('RKMICU', 'T9NFKV', 8, 1);
UPDATE `bv_updation` SET left_carry = left_carry+50, total_left = total_left+50
WHERE `user_id` = 'RKMICU';
INSERT INTO `placement_bv_update_history` (`left_carry`, `date`, `from_id`, `user_id`) VALUES ('50', '2025-12-08 11:03:41', 'T9NFKV', 'RKMICU');
INSERT INTO `matrix_filling` (`placement_id`, `downline_id`, `level`, `matrix`) VALUES ('1HT8BK', 'T9NFKV', 9, 1);
UPDATE `bv_updation` SET left_carry = left_carry+50, total_left = total_left+50
WHERE `user_id` = '1HT8BK';
INSERT INTO `placement_bv_update_history` (`left_carry`, `date`, `from_id`, `user_id`) VALUES ('50', '2025-12-08 11:03:41', 'T9NFKV', '1HT8BK');
INSERT INTO `matrix_filling` (`placement_id`, `downline_id`, `level`, `matrix`) VALUES ('IH5JXX', 'T9NFKV', 10, 1);
INSERT INTO `matrix_filling` (`placement_id`, `downline_id`, `level`, `matrix`) VALUES ('VPMCC5', 'T9NFKV', 11, 1);
UPDATE `bv_updation` SET left_carry = left_carry+50, total_left = total_left+50
WHERE `user_id` = 'VPMCC5';
INSERT INTO `placement_bv_update_history` (`left_carry`, `date`, `from_id`, `user_id`) VALUES ('50', '2025-12-08 11:03:41', 'T9NFKV', 'VPMCC5');
UPDATE `user_registration` SET `cycle_rank_id` = '1'
WHERE `user_id` = 'VPMCC5';
INSERT INTO `rank_history` (`rank_id`, `user_id`, `name`, `bv`, `date`, `amount`, `type`) VALUES ('1', 'VPMCC5', 'Affiliate', '0', '2025-12-08 11:03:41', '0', 'auto');
INSERT INTO `matrix_filling` (`placement_id`, `downline_id`, `level`, `matrix`) VALUES ('5XIPYS', 'T9NFKV', 12, 1);
UPDATE `bv_updation` SET left_carry = left_carry+50, total_left = total_left+50
WHERE `user_id` = '5XIPYS';
INSERT INTO `placement_bv_update_history` (`left_carry`, `date`, `from_id`, `user_id`) VALUES ('50', '2025-12-08 11:03:41', 'T9NFKV', '5XIPYS');
INSERT INTO `matrix_filling` (`placement_id`, `downline_id`, `level`, `matrix`) VALUES ('1MHVTB', 'T9NFKV', 13, 1);
UPDATE `bv_updation` SET left_carry = left_carry+50, total_left = total_left+50
WHERE `user_id` = '1MHVTB';
INSERT INTO `placement_bv_update_history` (`left_carry`, `date`, `from_id`, `user_id`) VALUES ('50', '2025-12-08 11:03:41', 'T9NFKV', '1MHVTB');
INSERT INTO `matrix_filling` (`placement_id`, `downline_id`, `level`, `matrix`) VALUES ('4WVWXZ', 'T9NFKV', 14, 1);
UPDATE `bv_updation` SET left_carry = left_carry+50, total_left = total_left+50
WHERE `user_id` = '4WVWXZ';
INSERT INTO `placement_bv_update_history` (`left_carry`, `date`, `from_id`, `user_id`) VALUES ('50', '2025-12-08 11:03:41', 'T9NFKV', '4WVWXZ');
UPDATE `user_registration` SET `cycle_rank_id` = '1'
WHERE `user_id` = '4WVWXZ';
INSERT INTO `rank_history` (`rank_id`, `user_id`, `name`, `bv`, `date`, `amount`, `type`) VALUES ('1', '4WVWXZ', 'Affiliate', '0', '2025-12-08 11:03:41', '0', 'auto');
INSERT INTO `matrix_filling` (`placement_id`, `downline_id`, `level`, `matrix`) VALUES ('GTPJAP', 'T9NFKV', 15, 1);
UPDATE `bv_updation` SET left_carry = left_carry+50, total_left = total_left+50
WHERE `user_id` = 'GTPJAP';
INSERT INTO `placement_bv_update_history` (`left_carry`, `date`, `from_id`, `user_id`) VALUES ('50', '2025-12-08 11:03:41', 'T9NFKV', 'GTPJAP');
INSERT INTO `matrix_filling` (`placement_id`, `downline_id`, `level`, `matrix`) VALUES ('4VE7D1', 'T9NFKV', 16, 1);
UPDATE `bv_updation` SET left_carry = left_carry+50, total_left = total_left+50
WHERE `user_id` = '4VE7D1';
INSERT INTO `placement_bv_update_history` (`left_carry`, `date`, `from_id`, `user_id`) VALUES ('50', '2025-12-08 11:03:41', 'T9NFKV', '4VE7D1');
UPDATE `user_registration` SET `cycle_rank_id` = '1'
WHERE `user_id` = '4VE7D1';
INSERT INTO `rank_history` (`rank_id`, `user_id`, `name`, `bv`, `date`, `amount`, `type`) VALUES ('1', '4VE7D1', 'Affiliate', '0', '2025-12-08 11:03:41', '0', 'auto');
INSERT INTO `matrix_filling` (`placement_id`, `downline_id`, `level`, `matrix`) VALUES ('2KPJZJ', 'T9NFKV', 17, 1);
UPDATE `bv_updation` SET left_carry = left_carry+50, total_left = total_left+50
WHERE `user_id` = '2KPJZJ';
INSERT INTO `placement_bv_update_history` (`left_carry`, `date`, `from_id`, `user_id`) VALUES ('50', '2025-12-08 11:03:41', 'T9NFKV', '2KPJZJ');
INSERT INTO `matrix_filling` (`placement_id`, `downline_id`, `level`, `matrix`) VALUES ('B5EVHD', 'T9NFKV', 18, 1);
UPDATE `bv_updation` SET left_carry = left_carry+50, total_left = total_left+50
WHERE `user_id` = 'B5EVHD';
INSERT INTO `placement_bv_update_history` (`left_carry`, `date`, `from_id`, `user_id`) VALUES ('50', '2025-12-08 11:03:41', 'T9NFKV', 'B5EVHD');
UPDATE `user_registration` SET `cycle_rank_id` = '1'
WHERE `user_id` = 'B5EVHD';
INSERT INTO `rank_history` (`rank_id`, `user_id`, `name`, `bv`, `date`, `amount`, `type`) VALUES ('1', 'B5EVHD', 'Affiliate', '0', '2025-12-08 11:03:41', '0', 'auto');
INSERT INTO `matrix_filling` (`placement_id`, `downline_id`, `level`, `matrix`) VALUES ('AQJLZA', 'T9NFKV', 19, 1);
UPDATE `bv_updation` SET left_carry = left_carry+50, total_left = total_left+50
WHERE `user_id` = 'AQJLZA';
INSERT INTO `placement_bv_update_history` (`left_carry`, `date`, `from_id`, `user_id`) VALUES ('50', '2025-12-08 11:03:41', 'T9NFKV', 'AQJLZA');
INSERT INTO `matrix_filling` (`placement_id`, `downline_id`, `level`, `matrix`) VALUES ('2V26XM', 'T9NFKV', 20, 1);
UPDATE `bv_updation` SET left_carry = left_carry+50, total_left = total_left+50
WHERE `user_id` = '2V26XM';
INSERT INTO `placement_bv_update_history` (`left_carry`, `date`, `from_id`, `user_id`) VALUES ('50', '2025-12-08 11:03:41', 'T9NFKV', '2V26XM');
INSERT INTO `matrix_filling` (`placement_id`, `downline_id`, `level`, `matrix`) VALUES ('K8DXP2', 'T9NFKV', 21, 1);
UPDATE `bv_updation` SET left_carry = left_carry+50, total_left = total_left+50
WHERE `user_id` = 'K8DXP2';
INSERT INTO `placement_bv_update_history` (`left_carry`, `date`, `from_id`, `user_id`) VALUES ('50', '2025-12-08 11:03:41', 'T9NFKV', 'K8DXP2');
INSERT INTO `matrix_filling` (`placement_id`, `downline_id`, `level`, `matrix`) VALUES ('HP6YP2', 'T9NFKV', 22, 1);
UPDATE `bv_updation` SET left_carry = left_carry+50, total_left = total_left+50
WHERE `user_id` = 'HP6YP2';
INSERT INTO `placement_bv_update_history` (`left_carry`, `date`, `from_id`, `user_id`) VALUES ('50', '2025-12-08 11:03:41', 'T9NFKV', 'HP6YP2');
UPDATE `user_registration` SET `cycle_rank_id` = '1'
WHERE `user_id` = 'HP6YP2';
INSERT INTO `rank_history` (`rank_id`, `user_id`, `name`, `bv`, `date`, `amount`, `type`) VALUES ('1', 'HP6YP2', 'Affiliate', '0', '2025-12-08 11:03:41', '0', 'auto');
INSERT INTO `matrix_filling` (`placement_id`, `downline_id`, `level`, `matrix`) VALUES ('L8NRSC', 'T9NFKV', 23, 1);
UPDATE `bv_updation` SET left_carry = left_carry+50, total_left = total_left+50
WHERE `user_id` = 'L8NRSC';
INSERT INTO `placement_bv_update_history` (`left_carry`, `date`, `from_id`, `user_id`) VALUES ('50', '2025-12-08 11:03:41', 'T9NFKV', 'L8NRSC');
UPDATE `user_registration` SET `cycle_rank_id` = '1'
WHERE `user_id` = 'L8NRSC';
INSERT INTO `rank_history` (`rank_id`, `user_id`, `name`, `bv`, `date`, `amount`, `type`) VALUES ('1', 'L8NRSC', 'Affiliate', '0', '2025-12-08 11:03:41', '0', 'auto');
INSERT INTO `matrix_filling` (`placement_id`, `downline_id`, `level`, `matrix`) VALUES ('JHRDHS', 'T9NFKV', 24, 1);
UPDATE `bv_updation` SET left_carry = left_carry+50, total_left = total_left+50
WHERE `user_id` = 'JHRDHS';
INSERT INTO `placement_bv_update_history` (`left_carry`, `date`, `from_id`, `user_id`) VALUES ('50', '2025-12-08 11:03:41', 'T9NFKV', 'JHRDHS');
UPDATE `user_registration` SET `cycle_rank_id` = '1'
WHERE `user_id` = 'JHRDHS';
INSERT INTO `rank_history` (`rank_id`, `user_id`, `name`, `bv`, `date`, `amount`, `type`) VALUES ('1', 'JHRDHS', 'Affiliate', '0', '2025-12-08 11:03:41', '0', 'auto');
UPDATE `bv_updation` SET sponsor_left_carry = sponsor_left_carry+50, sponsor_total_left = sponsor_total_left+50
WHERE `user_id` = 'JHRDHS';
INSERT INTO `sponsor_bv_update_history` (`left_carry`, `date`, `user_id`) VALUES ('50', '2025-12-08 11:03:41', 'JHRDHS');
INSERT INTO `matrix_filling` (`placement_id`, `downline_id`, `level`, `matrix`) VALUES ('CVVK4C', 'T9NFKV', 25, 1);
UPDATE `bv_updation` SET right_carry = right_carry+50, total_right = total_right+50
WHERE `user_id` = 'CVVK4C';
INSERT INTO `placement_bv_update_history` (`right_carry`, `date`, `from_id`, `user_id`) VALUES ('50', '2025-12-08 11:03:41', 'T9NFKV', 'CVVK4C');
UPDATE `user_registration` SET `cycle_rank_id` = '1'
WHERE `user_id` = 'CVVK4C';
INSERT INTO `rank_history` (`rank_id`, `user_id`, `name`, `bv`, `date`, `amount`, `type`) VALUES ('1', 'CVVK4C', 'Affiliate', '0', '2025-12-08 11:03:41', '0', 'auto');
INSERT INTO `matrix_filling` (`placement_id`, `downline_id`, `level`, `matrix`) VALUES ('K55EDD', 'T9NFKV', 26, 1);
UPDATE `bv_updation` SET left_carry = left_carry+50, total_left = total_left+50
WHERE `user_id` = 'K55EDD';
INSERT INTO `placement_bv_update_history` (`left_carry`, `date`, `from_id`, `user_id`) VALUES ('50', '2025-12-08 11:03:41', 'T9NFKV', 'K55EDD');
UPDATE `user_registration` SET `cycle_rank_id` = '1'
WHERE `user_id` = 'K55EDD';
INSERT INTO `rank_history` (`rank_id`, `user_id`, `name`, `bv`, `date`, `amount`, `type`) VALUES ('1', 'K55EDD', 'Affiliate', '0', '2025-12-08 11:03:41', '0', 'auto');
INSERT INTO `matrix_filling` (`placement_id`, `downline_id`, `level`, `matrix`) VALUES ('UQO7EQ', 'T9NFKV', 27, 1);
UPDATE `bv_updation` SET left_carry = left_carry+50, total_left = total_left+50
WHERE `user_id` = 'UQO7EQ';
INSERT INTO `placement_bv_update_history` (`left_carry`, `date`, `from_id`, `user_id`) VALUES ('50', '2025-12-08 11:03:41', 'T9NFKV', 'UQO7EQ');
UPDATE `user_registration` SET `cycle_rank_id` = '1'
WHERE `user_id` = 'UQO7EQ';
INSERT INTO `rank_history` (`rank_id`, `user_id`, `name`, `bv`, `date`, `amount`, `type`) VALUES ('1', 'UQO7EQ', 'Affiliate', '0', '2025-12-08 11:03:41', '0', 'auto');
INSERT INTO `matrix_filling` (`placement_id`, `downline_id`, `level`, `matrix`) VALUES ('N6GZAE', 'T9NFKV', 28, 1);
UPDATE `bv_updation` SET left_carry = left_carry+50, total_left = total_left+50
WHERE `user_id` = 'N6GZAE';
INSERT INTO `placement_bv_update_history` (`left_carry`, `date`, `from_id`, `user_id`) VALUES ('50', '2025-12-08 11:03:41', 'T9NFKV', 'N6GZAE');
UPDATE `user_registration` SET `cycle_rank_id` = '1'
WHERE `user_id` = 'N6GZAE';
INSERT INTO `rank_history` (`rank_id`, `user_id`, `name`, `bv`, `date`, `amount`, `type`) VALUES ('1', 'N6GZAE', 'Affiliate', '0', '2025-12-08 11:03:41', '0', 'auto');
INSERT INTO `matrix_filling` (`placement_id`, `downline_id`, `level`, `matrix`) VALUES ('4E1CRI', 'T9NFKV', 29, 1);
UPDATE `bv_updation` SET left_carry = left_carry+50, total_left = total_left+50
WHERE `user_id` = '4E1CRI';
INSERT INTO `placement_bv_update_history` (`left_carry`, `date`, `from_id`, `user_id`) VALUES ('50', '2025-12-08 11:03:41', 'T9NFKV', '4E1CRI');
INSERT INTO `matrix_filling` (`placement_id`, `downline_id`, `level`, `matrix`) VALUES ('SJBNYJ', 'T9NFKV', 30, 1);
UPDATE `bv_updation` SET left_carry = left_carry+50, total_left = total_left+50
WHERE `user_id` = 'SJBNYJ';
INSERT INTO `placement_bv_update_history` (`left_carry`, `date`, `from_id`, `user_id`) VALUES ('50', '2025-12-08 11:03:41', 'T9NFKV', 'SJBNYJ');
UPDATE `user_registration` SET `cycle_rank_id` = '1'
WHERE `user_id` = 'SJBNYJ';
INSERT INTO `rank_history` (`rank_id`, `user_id`, `name`, `bv`, `date`, `amount`, `type`) VALUES ('1', 'SJBNYJ', 'Affiliate', '0', '2025-12-08 11:03:41', '0', 'auto');
INSERT INTO `matrix_filling` (`placement_id`, `downline_id`, `level`, `matrix`) VALUES ('44B9Y4', 'T9NFKV', 31, 1);
UPDATE `bv_updation` SET left_carry = left_carry+50, total_left = total_left+50
WHERE `user_id` = '44B9Y4';
INSERT INTO `placement_bv_update_history` (`left_carry`, `date`, `from_id`, `user_id`) VALUES ('50', '2025-12-08 11:03:41', 'T9NFKV', '44B9Y4');
UPDATE `user_registration` SET `cycle_rank_id` = '1'
WHERE `user_id` = '44B9Y4';
INSERT INTO `rank_history` (`rank_id`, `user_id`, `name`, `bv`, `date`, `amount`, `type`) VALUES ('1', '44B9Y4', 'Affiliate', '0', '2025-12-08 11:03:41', '0', 'auto');
INSERT INTO `matrix_filling` (`placement_id`, `downline_id`, `level`, `matrix`) VALUES ('admin', 'T9NFKV', 32, 1);
UPDATE `bv_updation` SET right_carry = right_carry+50, total_right = total_right+50
WHERE `user_id` = 'admin';
INSERT INTO `placement_bv_update_history` (`right_carry`, `date`, `from_id`, `user_id`) VALUES ('50', '2025-12-08 11:03:41', 'T9NFKV', 'admin');
UPDATE `user_registration` SET `cycle_rank_id` = '1'
WHERE `user_id` = 'admin';
INSERT INTO `rank_history` (`rank_id`, `user_id`, `name`, `bv`, `date`, `amount`, `type`) VALUES ('1', 'admin', 'Affiliate', '0', '2025-12-08 11:03:41', '0', 'auto');
UPDATE `user_registration` SET `arreva_response` = '{\r\n  \"Account\": {\r\n    \"UserId\": 15209136\r\n  },\r\n  \"ResultType\": \"success\",\r\n  \"Message\": \"\"\r\n}', `arreva_user_id` = 15209136
WHERE `user_id` = 'T9NFKV';
UPDATE `user_registration` SET `book_menu_status` = 'yes'
WHERE `user_id` = 'T9NFKV';
UPDATE `user_registration` SET `popup_seen` = 'no'
WHERE `user_id` = 'JHRDHS';
DELETE FROM `ci_sessions`
WHERE `id` = '650da355aa9fbd8914fcb922bb266d2a91468e66';
INSERT INTO `login_history` (`user_id`, `device`, `ip_address`, `date`) VALUES ('T9NFKV', 'Mozilla/5.0 (Macintosh; Intel Mac OS X 10_15_7) AppleWebKit/605.1.15 (KHTML, like Gecko) Version/18.5 Safari/605.1.15', '2600:387:15:3c19::b', '25-12-08 11:05');
UPDATE `user_registration` SET `popup_seen` = 'yes'
WHERE `user_id` = 'T9NFKV';
INSERT INTO `login_history` (`user_id`, `device`, `ip_address`, `date`) VALUES ('UQO7EQ', 'Mozilla/5.0 (Windows NT 10.0; Win64; x64) AppleWebKit/537.36 (KHTML, like Gecko) Chrome/143.0.0.0 Safari/537.36', '2601:58a:897c:5f70:ac3c:c3fe:294a:22fa', '25-12-08 11:24');
UPDATE `user_registration` SET `popup_seen` = 'yes'
WHERE `user_id` = 'UQO7EQ';
INSERT INTO `login_history` (`user_id`, `device`, `ip_address`, `date`) VALUES ('admin', 'Mozilla/5.0 (Windows NT 10.0; Win64; x64) AppleWebKit/537.36 (KHTML, like Gecko) Chrome/143.0.0.0 Safari/537.36 Edg/143.0.0.0', '12.216.123.3', '25-12-08 11:25');
UPDATE `user_registration` SET `popup_seen` = 'yes'
WHERE `user_id` = 'admin';
INSERT INTO `login_history` (`user_id`, `device`, `ip_address`, `date`) VALUES ('JHRDHS', 'Mozilla/5.0 (iPhone; CPU iPhone OS 18_7_1 like Mac OS X) AppleWebKit/605.1.15 (KHTML, like Gecko) Version/18.7 Mobile/15E148 Safari/604.1', '2600:387:15:3c15::b', '25-12-08 11:32');
UPDATE `user_registration` SET `popup_seen` = 'yes'
WHERE `user_id` = 'JHRDHS';
UPDATE `ci_sessions` SET `timestamp` = 1765215281, `data` = '__ci_last_regenerate|i:1765215281;id|s:4:\"2042\";user_id|s:6:\"UQO7EQ\";username|s:6:\"Rafa51\";sponsor_id|s:6:\"N6GZAE\";fullname|s:16:\"Rafael Rodriguez\";email|s:18:\"rafagana@yahoo.com\";phone|s:10:\"3057610606\";isLogIn|b:1;message|s:24:\"Welcome Rafael Rodriguez\";__ci_vars|a:1:{s:7:\"message\";s:3:\"old\";}'
WHERE `id` = '29c69a8713c98411b377021c99c1179690523da6';
UPDATE `user_registration` SET `popup_seen` = 'yes'
WHERE `user_id` = 'UQO7EQ';
UPDATE `user_registration` SET `popup_seen` = 'yes'
WHERE `user_id` = 'UQO7EQ';
UPDATE `user_registration` SET `popup_seen` = 'no'
WHERE `user_id` = 'UQO7EQ';
DELETE FROM `ci_sessions`
WHERE `id` = '4c832ccbc66fe9920d7b44d15d508ecbd716eff7';
UPDATE `ci_sessions` SET `timestamp` = 1765215973, `data` = '__ci_last_regenerate|i:1765215973;captcha|s:4:\"ecwu\";'
WHERE `id` = '96be050d021eb9e36e9dc66048230ccf22165877';
UPDATE `ci_sessions` SET `timestamp` = 1765216288, `data` = '__ci_last_regenerate|i:1765216288;captcha|s:4:\"yenv\";'
WHERE `id` = '324066b85a11a99c4425eda5fef9823ce18de42b';
UPDATE `ci_sessions` SET `timestamp` = 1765216601, `data` = '__ci_last_regenerate|i:1765216601;captcha|s:4:\"prcd\";'
WHERE `id` = '0be26880ce6e92c6f58e9efbf05db2c4c6003c32';
INSERT INTO `login_history` (`user_id`, `device`, `ip_address`, `date`) VALUES ('AABG7W', 'Mozilla/5.0 (X11; Linux x86_64) AppleWebKit/537.36 (KHTML, like Gecko) Chrome/143.0.0.0 Safari/537.36', '2601:586:5400:8640:a047:382:652c:fc89', '25-12-08 12:00');
UPDATE `user_registration` SET `popup_seen` = 'yes'
WHERE `user_id` = 'AABG7W';
UPDATE `ci_sessions` SET `timestamp` = 1765216938, `data` = '__ci_last_regenerate|i:1765216938;captcha|s:4:\"yd1a\";'
WHERE `id` = 'b5d05a84db4bc6a3be00007be602700f9b09498b';
UPDATE `ci_sessions` SET `timestamp` = 1765217356, `data` = '__ci_last_regenerate|i:1765217356;captcha|s:4:\"pcz2\";'
WHERE `id` = '406f534bf4ee033770b5ff398c7551062787f89d';
UPDATE `ci_sessions` SET `timestamp` = 1765217626, `data` = '__ci_last_regenerate|i:1765217626;id|s:4:\"2057\";user_id|s:6:\"AABG7W\";username|s:10:\"freeurlife\";sponsor_id|s:6:\"UQO7EQ\";fullname|s:12:\"Lesli Andreu\";email|s:21:\"cranbarrier@gmail.com\";phone|s:10:\"7864171626\";isLogIn|b:1;'
WHERE `id` = '45e41bd5282dd90352443a3615e877489af3f549';
UPDATE `ci_sessions` SET `timestamp` = 1765217679, `data` = '__ci_last_regenerate|i:1765217679;captcha|s:4:\"66i6\";'
WHERE `id` = 'b4b1ff0a79bef48c49363cb6bbb813e1cdf38c93';
INSERT INTO `login_history` (`user_id`, `device`, `ip_address`, `date`) VALUES ('T9NFKV', 'Mozilla/5.0 (Linux; Android 10; K) AppleWebKit/537.36 (KHTML, like Gecko) Chrome/139.0.0.0 Mobile Safari/537.36', '2607:fb91:c03:804:ac39:60f1:b00e:e325', '25-12-08 12:14');
UPDATE `user_registration` SET `popup_seen` = 'yes'
WHERE `user_id` = 'T9NFKV';
UPDATE `ci_sessions` SET `timestamp` = 1765220203, `data` = '__ci_last_regenerate|i:1765220203;captcha|s:4:\"tq92\";'
WHERE `id` = 'a323d95e5276d03ea357d2c204b52d355436d973';
INSERT INTO `login_history` (`user_id`, `device`, `ip_address`, `date`) VALUES ('UQO7EQ', 'Mozilla/5.0 (Windows NT 10.0; Win64; x64) AppleWebKit/537.36 (KHTML, like Gecko) Chrome/143.0.0.0 Safari/537.36', '2601:58a:897c:5f70:ac3c:c3fe:294a:22fa', '25-12-08 12:56');
UPDATE `user_registration` SET `popup_seen` = 'yes'
WHERE `user_id` = 'UQO7EQ';
UPDATE `user_registration` SET `popup_seen` = 'yes'
WHERE `user_id` = 'UQO7EQ';
UPDATE `ci_sessions` SET `timestamp` = 1765220886, `data` = '__ci_last_regenerate|i:1765220886;id|s:4:\"2042\";user_id|s:6:\"UQO7EQ\";username|s:6:\"Rafa51\";sponsor_id|s:6:\"N6GZAE\";fullname|s:16:\"Rafael Rodriguez\";email|s:18:\"rafagana@yahoo.com\";phone|s:10:\"3057610606\";isLogIn|b:1;'
WHERE `id` = 'cc113758a49c0738aa9cee4947f3832ac81efeab';
UPDATE `user_registration` SET `popup_seen` = 'yes'
WHERE `user_id` = 'UQO7EQ';
UPDATE `ci_sessions` SET `timestamp` = 1765221943, `data` = '__ci_last_regenerate|i:1765221943;id|s:4:\"2042\";user_id|s:6:\"UQO7EQ\";username|s:6:\"Rafa51\";sponsor_id|s:6:\"N6GZAE\";fullname|s:16:\"Rafael Rodriguez\";email|s:18:\"rafagana@yahoo.com\";phone|s:10:\"3057610606\";isLogIn|b:1;'
WHERE `id` = '582579d3739effc586bf628464781c95866fd84a';
UPDATE `user_registration` SET `popup_seen` = 'yes'
WHERE `user_id` = 'UQO7EQ';
UPDATE `user_registration` SET `popup_seen` = 'no'
WHERE `user_id` = 'UQO7EQ';
DELETE FROM `ci_sessions`
WHERE `id` = '5fc10cd5728079e25c851586bca8a42752db8fa3';
UPDATE `ci_sessions` SET `timestamp` = 1765222628, `data` = '__ci_last_regenerate|i:1765222628;id|s:4:\"2477\";user_id|s:6:\"T9NFKV\";username|s:6:\"RAQUEL\";sponsor_id|s:6:\"JHRDHS\";fullname|s:15:\"Barbara Alvarez\";email|s:22:\"katerinea602@gmail.com\";phone|s:10:\"7864747434\";isLogIn|b:1;message|s:23:\"Welcome Barbara Alvarez\";__ci_vars|a:1:{s:7:\"message\";s:3:\"old\";}'
WHERE `id` = '364e72e8ac43c754670923d869991ee24c822924';
UPDATE `user_registration` SET `popup_seen` = 'yes'
WHERE `user_id` = 'T9NFKV';
UPDATE `user_registration` SET `popup_seen` = 'yes'
WHERE `user_id` = 'T9NFKV';
UPDATE `ci_sessions` SET `timestamp` = 1765228840, `data` = '__ci_last_regenerate|i:1765228840;id|s:4:\"2477\";user_id|s:6:\"T9NFKV\";username|s:6:\"RAQUEL\";sponsor_id|s:6:\"JHRDHS\";fullname|s:15:\"Barbara Alvarez\";email|s:22:\"katerinea602@gmail.com\";phone|s:10:\"7864747434\";isLogIn|b:1;'
WHERE `id` = '238f74068289ce027e1ae95511adac18c90f1b49';
UPDATE `user_registration` SET `popup_seen` = 'yes'
WHERE `user_id` = 'T9NFKV';
UPDATE `admin` SET `last_login` = '2025-12-08 16:51:05', `ip_address` = '2601:586:c202:c7d0:f43a:b6b1:617d:7a3a'
WHERE `id` = '1';
UPDATE `admin` SET `last_logout` = '2025-12-08 16:52:59'
WHERE `id` = '1';
DELETE FROM `ci_sessions`
WHERE `id` = 'ff527fb018a52dd4a4efa806f375a4829ff525b0';
INSERT INTO `login_history` (`user_id`, `device`, `ip_address`, `date`) VALUES ('UQO7EQ', 'Mozilla/5.0 (Windows NT 10.0; Win64; x64) AppleWebKit/537.36 (KHTML, like Gecko) Chrome/143.0.0.0 Safari/537.36', '2601:58a:897c:5f70:ac3c:c3fe:294a:22fa', '25-12-08 17:15');
UPDATE `user_registration` SET `popup_seen` = 'yes'
WHERE `user_id` = 'UQO7EQ';
UPDATE `ci_sessions` SET `timestamp` = 1765238094, `data` = '__ci_last_regenerate|i:1765238094;id|s:4:\"2042\";user_id|s:6:\"UQO7EQ\";username|s:6:\"Rafa51\";sponsor_id|s:6:\"N6GZAE\";fullname|s:16:\"Rafael Rodriguez\";email|s:18:\"rafagana@yahoo.com\";phone|s:10:\"3057610606\";isLogIn|b:1;message|s:24:\"Welcome Rafael Rodriguez\";__ci_vars|a:1:{s:7:\"message\";s:3:\"old\";}'
WHERE `id` = 'b9899540af4355eacf6765db50a5d97816f719c8';
UPDATE `user_registration` SET `popup_seen` = 'yes'
WHERE `user_id` = 'UQO7EQ';
UPDATE `user_registration` SET `popup_seen` = 'yes'
WHERE `user_id` = 'UQO7EQ';
UPDATE `user_registration` SET `popup_seen` = 'no'
WHERE `user_id` = 'UQO7EQ';
DELETE FROM `ci_sessions`
WHERE `id` = '4376f27f942e787deb189fa6d3a3b135d13c4cd9';
INSERT INTO `login_history` (`user_id`, `device`, `ip_address`, `date`) VALUES ('IM3T1A', 'Mozilla/5.0 (Macintosh; Intel Mac OS X 10_15_7) AppleWebKit/605.1.15 (KHTML, like Gecko) Version/17.6 Safari/605.1.15', '2600:1702:50d0:a580:2475:3f0c:63e7:8a87', '25-12-08 17:59');
UPDATE `user_registration` SET `popup_seen` = 'yes'
WHERE `user_id` = 'IM3T1A';
INSERT INTO `temp_register` (`post_data`, `date`, `payment_method`, `type`) VALUES ('{\"user_id\":\"IM3T1A\",\"card_id\":\"4\",\"card_cost\":\"150\",\"card_value\":\"150\",\"payment_option\":\"stripe\",\"date\":\"2025-12-08 18:00:10\"}', '2025-12-08 18:00:10', 'stripe', 'buy+top_up_card');
UPDATE `temp_register` SET `response` = '{\"stripeToken\":\"tok_1ScEOI2NUoYUjiuuhpLsoRb8\",\"stripeTokenType\":\"card\",\"stripeEmail\":\"dvall007@gmail.com\"}', `date_modified` = '2025-12-08 18:02:59', `payment_status` = '{\"id\":\"ch_3ScEOM2NUoYUjiuu18NOEx4H\",\"object\":\"charge\",\"amount\":15000,\"amount_captured\":15000,\"amount_refunded\":0,\"application\":null,\"application_fee\":null,\"application_fee_amount\":null,\"balance_transaction\":\"txn_3ScEOM2NUoYUjiuu1no0LMa1\",\"billing_details\":{\"address\":{\"city\":null,\"country\":null,\"line1\":null,\"line2\":null,\"postal_code\":null,\"state\":null},\"email\":null,\"name\":\"dvall007@gmail.com\",\"phone\":null,\"tax_id\":null},\"calculated_statement_descriptor\":\"TRAVELEGENDCY LLC\",\"captured\":true,\"created\":1765238578,\"currency\":\"usd\",\"customer\":\"cus_TZN8NebK2rb4DX\",\"description\":null,\"destination\":null,\"dispute\":null,\"disputed\":false,\"failure_balance_transaction\":null,\"failure_code\":null,\"failure_message\":null,\"fraud_details\":[],\"invoice\":null,\"livemode\":true,\"metadata\":[],\"on_behalf_of\":null,\"order\":null,\"outcome\":{\"advice_code\":null,\"network_advice_code\":null,\"network_decline_code\":null,\"network_status\":\"approved_by_network\",\"reason\":null,\"risk_level\":\"normal\",\"seller_message\":\"Payment complete.\",\"type\":\"authorized\"},\"paid\":true,\"payment_intent\":null,\"payment_method\":\"card_1ScEOH2NUoYUjiuuvA5Kpm9X\",\"payment_method_details\":{\"card\":{\"amount_authorized\":15000,\"authorization_code\":\"479761\",\"brand\":\"visa\",\"checks\":{\"address_line1_check\":null,\"address_postal_code_check\":null,\"cvc_check\":\"pass\"},\"country\":\"US\",\"exp_month\":4,\"exp_year\":2030,\"extended_authorization\":{\"status\":\"disabled\"},\"fingerprint\":\"Ov51SBOJ7ebr2at7\",\"funding\":\"debit\",\"incremental_authorization\":{\"status\":\"unavailable\"},\"installments\":null,\"last4\":\"7621\",\"mandate\":null,\"multicapture\":{\"status\":\"unavailable\"},\"network\":\"visa\",\"network_token\":{\"used\":true},\"network_transaction_id\":\"585343001793370\",\"overcapture\":{\"maximum_amount_capturable\":15000,\"status\":\"unavailable\"},\"regulated_status\":\"regulated\",\"three_d_secure\":null,\"wallet\":null},\"type\":\"card\"},\"receipt_email\":null,\"receipt_number\":null,\"receipt_url\":\"https:\\/\\/pay.stripe.com\\/receipts\\/payment\\/CAcQARoXChVhY2N0XzFRUEFGdjJOVW9ZVWppdXUotM7dyQYyBnIy02nJwTosFiisFBzOAB4G8SAUhIe-0Ahpz69By4KYSxmF6z3NYBqIADwk1KC9cHSmhiY\",\"refunded\":false,\"review\":null,\"shipping\":null,\"source\":{\"id\":\"card_1ScEOH2NUoYUjiuuvA5Kpm9X\",\"object\":\"card\",\"address_city\":null,\"address_country\":null,\"address_line1\":null,\"address_line1_check\":null,\"address_line2\":null,\"address_state\":null,\"address_zip\":null,\"address_zip_check\":null,\"allow_redisplay\":\"unspecified\",\"brand\":\"Visa\",\"country\":\"US\",\"customer\":\"cus_TZN8NebK2rb4DX\",\"cvc_check\":\"pass\",\"dynamic_last4\":null,\"email\":null,\"exp_month\":4,\"exp_year\":2030,\"fingerprint\":\"Ov51SBOJ7ebr2at7\",\"funding\":\"debit\",\"last4\":\"7621\",\"metadata\":[],\"name\":\"dvall007@gmail.com\",\"phone\":null,\"regulated_status\":\"regulated\",\"tokenization_method\":null,\"wallet\":null},\"source_transfer\":null,\"statement_descriptor\":null,\"statement_descriptor_suffix\":null,\"status\":\"succeeded\",\"transfer_data\":null,\"transfer_group\":null}'
WHERE `id` = 1303;
INSERT INTO `card_purchase_history` (`user_id`, `card_id`, `card_cost`, `card_value`, `payment_option`, `date`) VALUES ('IM3T1A', '4', '150', '150', 'stripe', '2025-12-08 18:00:10');
UPDATE `user_registration` SET commission_balance = ROUND(commission_balance + 150,2)
WHERE `user_id` = 'IM3T1A';
UPDATE `user_registration` SET `popup_seen` = 'yes'
WHERE `user_id` = 'IM3T1A';
UPDATE `user_registration` SET `popup_seen` = 'no'
WHERE `user_id` = 'IM3T1A';
DELETE FROM `ci_sessions`
WHERE `id` = '79c2c9b5c7b4954a2c3996452423ae4cb7b1a242';
INSERT INTO `login_history` (`user_id`, `device`, `ip_address`, `date`) VALUES ('JHRDHS', 'Mozilla/5.0 (Macintosh; Intel Mac OS X 10_15_7) AppleWebKit/605.1.15 (KHTML, like Gecko) Version/17.6 Safari/605.1.15', '2600:1702:50d0:a580:2475:3f0c:63e7:8a87', '25-12-08 18:03');
UPDATE `user_registration` SET `popup_seen` = 'yes'
WHERE `user_id` = 'JHRDHS';
UPDATE `user_registration` SET `popup_seen` = 'no'
WHERE `user_id` = 'JHRDHS';
DELETE FROM `ci_sessions`
WHERE `id` = 'b6469f096a7f163f4f2c4d630e3983c8da857923';
UPDATE `ci_sessions` SET `timestamp` = 1765240151, `data` = '__ci_last_regenerate|i:1765240151;captcha|s:4:\"44nj\";'
WHERE `id` = '6e2f629a4f71f4243e8333f73f27c61b3e76141f';
INSERT INTO `login_history` (`user_id`, `device`, `ip_address`, `date`) VALUES ('UQO7EQ', 'Mozilla/5.0 (Windows NT 10.0; Win64; x64) AppleWebKit/537.36 (KHTML, like Gecko) Chrome/143.0.0.0 Safari/537.36', '2601:58a:897c:5f70:ac3c:c3fe:294a:22fa', '25-12-08 18:29');
UPDATE `user_registration` SET `popup_seen` = 'yes'
WHERE `user_id` = 'UQO7EQ';
UPDATE `user_registration` SET `popup_seen` = 'no'
WHERE `user_id` = 'UQO7EQ';
DELETE FROM `ci_sessions`
WHERE `id` = '2d6f25d89533333277e4286cf16a7c148ea0c339';
INSERT INTO `login_history` (`user_id`, `device`, `ip_address`, `date`) VALUES ('ETPYLQ', 'Mozilla/5.0 (Windows NT 10.0; Win64; x64) AppleWebKit/537.36 (KHTML, like Gecko) Chrome/142.0.0.0 Safari/537.36', '2601:586:ce00:fca0:5154:ebc:439e:9e54', '25-12-08 18:41');
UPDATE `user_registration` SET `popup_seen` = 'yes'
WHERE `user_id` = 'ETPYLQ';
UPDATE `ci_sessions` SET `timestamp` = 1765241549, `data` = '__ci_last_regenerate|i:1765241549;id|s:4:\"2186\";user_id|s:6:\"ETPYLQ\";username|s:16:\"JorgeLRMarrero47\";sponsor_id|s:6:\"QJ5U9C\";fullname|s:28:\"Jorge Luis Rodriguez Marrero\";email|s:24:\"jorgelrmarrero@gmail.com\";phone|s:10:\"7864700920\";isLogIn|b:1;'
WHERE `id` = 'b4b570a8fbfc3a72d8eb508a3c6f4813bd75bbb8';
UPDATE `user_registration` SET `popup_seen` = 'yes'
WHERE `user_id` = 'ETPYLQ';
UPDATE `user_registration` SET `popup_seen` = 'no'
WHERE `user_id` = 'ETPYLQ';
DELETE FROM `ci_sessions`
WHERE `id` = 'f30ce084ccf2329018a26758e71271b61b4b1ab4';
INSERT INTO `login_history` (`user_id`, `device`, `ip_address`, `date`) VALUES ('VPMCC5', 'Mozilla/5.0 (Macintosh; Intel Mac OS X 10_15_7) AppleWebKit/605.1.15 (KHTML, like Gecko) Version/18.6 Safari/605.1.15', '2601:58a:8003:53e0:7c1b:a5b0:74a9:1d11', '25-12-08 19:33');
UPDATE `user_registration` SET `popup_seen` = 'yes'
WHERE `user_id` = 'VPMCC5';
UPDATE `ci_sessions` SET `timestamp` = 1765244460, `data` = '__ci_last_regenerate|i:1765244460;id|s:4:\"2337\";user_id|s:6:\"VPMCC5\";username|s:5:\"Dcata\";sponsor_id|s:6:\"JHRDHS\";fullname|s:13:\"Diana Lahitte\";email|s:21:\"dianaanton9@gmail.com\";phone|s:10:\"3052022622\";isLogIn|b:1;'
WHERE `id` = 'b3339b03a9e49735993a9a90f0d9b789a5f13fe9';
UPDATE `user_registration` SET `popup_seen` = 'yes'
WHERE `user_id` = 'VPMCC5';
UPDATE `user_registration` SET `popup_seen` = 'yes'
WHERE `user_id` = 'VPMCC5';
UPDATE `user_registration` SET `popup_seen` = 'yes'
WHERE `user_id` = 'VPMCC5';
UPDATE `user_registration` SET `popup_seen` = 'no'
WHERE `user_id` = 'VPMCC5';
DELETE FROM `ci_sessions`
WHERE `id` = '791ede0322d8761d1abdc66f6eb6146a98241e58';
UPDATE `ci_sessions` SET `timestamp` = 1765246832, `data` = '__ci_last_regenerate|i:1765246832;captcha|s:4:\"d8f7\";'
WHERE `id` = 'ee4982767b20ae7f0e6b99f4f43cdaf34596a7f8';
INSERT INTO `login_history` (`user_id`, `device`, `ip_address`, `date`) VALUES ('UQO7EQ', 'Mozilla/5.0 (Windows NT 10.0; Win64; x64) AppleWebKit/537.36 (KHTML, like Gecko) Chrome/143.0.0.0 Safari/537.36', '2601:58a:897c:5f70:ac3c:c3fe:294a:22fa', '25-12-08 20:20');
UPDATE `user_registration` SET `popup_seen` = 'yes'
WHERE `user_id` = 'UQO7EQ';
UPDATE `user_registration` SET `popup_seen` = 'no'
WHERE `user_id` = 'UQO7EQ';
DELETE FROM `ci_sessions`
WHERE `id` = '1d49ccfb6198a2b4f26acb4edbcd8b0542229690';
INSERT INTO `login_history` (`user_id`, `device`, `ip_address`, `date`) VALUES ('2RSJNO', 'Mozilla/5.0 (iPhone; CPU iPhone OS 26_1_0 like Mac OS X) AppleWebKit/605.1.15 (KHTML, like Gecko) GSA/397.0.836500703 Mobile/15E148 Safari/604.1', '2607:fb90:9101:c749:3143:68af:ece2:85be', '25-12-08 20:59');
UPDATE `user_registration` SET `popup_seen` = 'yes'
WHERE `user_id` = '2RSJNO';
UPDATE `user_registration` SET `default_leg` = 'right'
WHERE `user_id` = '2RSJNO';
INSERT INTO `default_leg_history` (`user_id`, `old_leg`, `new_leg`, `date`) VALUES ('2RSJNO', 'right', 'right', '2025-12-08 20:59:53');
UPDATE `user_registration` SET `default_leg` = 'right'
WHERE `user_id` = '2RSJNO';
INSERT INTO `default_leg_history` (`user_id`, `old_leg`, `new_leg`, `date`) VALUES ('2RSJNO', 'right', 'right', '2025-12-08 20:59:56');
UPDATE `user_registration` SET `popup_seen` = 'yes'
WHERE `user_id` = '2RSJNO';
UPDATE `ci_sessions` SET `timestamp` = 1765250045, `data` = '__ci_last_regenerate|i:1765250045;captcha|s:4:\"53oc\";'
WHERE `id` = 'bdbad89d3fb8858ca35721cb42374acaf434fcd5';
INSERT INTO `login_history` (`user_id`, `device`, `ip_address`, `date`) VALUES ('UQO7EQ', 'Mozilla/5.0 (Windows NT 10.0; Win64; x64) AppleWebKit/537.36 (KHTML, like Gecko) Chrome/143.0.0.0 Safari/537.36', '2601:58a:897c:5f70:ac3c:c3fe:294a:22fa', '25-12-08 21:14');
UPDATE `user_registration` SET `popup_seen` = 'yes'
WHERE `user_id` = 'UQO7EQ';
UPDATE `user_registration` SET `popup_seen` = 'no'
WHERE `user_id` = 'UQO7EQ';
DELETE FROM `ci_sessions`
WHERE `id` = 'c62b0253b98d3c1eb3722e00749509612d4a3752';
INSERT INTO `login_history` (`user_id`, `device`, `ip_address`, `date`) VALUES ('EE2FIS', 'Mozilla/5.0 (iPhone; CPU iPhone OS 18_7 like Mac OS X) AppleWebKit/605.1.15 (KHTML, like Gecko) Version/26.1 Mobile/15E148 Safari/604.1', '2600:1700:a670:ab0:2c44:c4b2:c195:bef3', '25-12-08 21:51');
UPDATE `user_registration` SET `popup_seen` = 'yes'
WHERE `user_id` = 'EE2FIS';
UPDATE `user_registration` SET `popup_seen` = 'yes'
WHERE `user_id` = 'EE2FIS';
UPDATE `user_registration` SET `popup_seen` = 'yes'
WHERE `user_id` = 'EE2FIS';
UPDATE `ci_sessions` SET `timestamp` = 1765253116, `data` = '__ci_last_regenerate|i:1765253116;id|s:4:\"2469\";user_id|s:6:\"EE2FIS\";username|s:9:\"Nancy0626\";sponsor_id|s:6:\"PXOKY7\";fullname|s:13:\"Nancy Porrero\";email|s:21:\"porrero0626@gmail.com\";phone|s:12:\"786 683 9119\";isLogIn|b:1;'
WHERE `id` = '93047402321c2929a6e6cb3ea05e457d729d7442';
UPDATE `user_registration` SET `popup_seen` = 'yes'
WHERE `user_id` = 'EE2FIS';
INSERT INTO `login_history` (`user_id`, `device`, `ip_address`, `date`) VALUES ('IYCRUH', 'Mozilla/5.0 (iPhone; CPU iPhone OS 18_6_2 like Mac OS X) AppleWebKit/605.1.15 (KHTML, like Gecko) Version/18.6 Mobile/15E148 Safari/604.1', '2600:1700:4c04:4240:e561:15ad:9baa:5ead', '25-12-08 22:49');
UPDATE `user_registration` SET `popup_seen` = 'yes'
WHERE `user_id` = 'IYCRUH';
INSERT INTO `login_history` (`user_id`, `device`, `ip_address`, `date`) VALUES ('UQO7EQ', 'Mozilla/5.0 (Linux; Android 10; K) AppleWebKit/537.36 (KHTML, like Gecko) Chrome/142.0.0.0 Mobile Safari/537.36', '2607:fb91:2836:41be:5550:59a6:4db0:44fc', '25-12-08 23:09');
UPDATE `user_registration` SET `popup_seen` = 'yes'
WHERE `user_id` = 'UQO7EQ';
UPDATE `user_registration` SET `popup_seen` = 'yes'
WHERE `user_id` = 'UQO7EQ';
UPDATE `user_registration` SET `popup_seen` = 'yes'
WHERE `user_id` = 'UQO7EQ';
UPDATE `user_registration` SET `popup_seen` = 'no'
WHERE `user_id` = 'UQO7EQ';
DELETE FROM `ci_sessions`
WHERE `id` = '562721999188832c2f7f754f7a0bc1dd3588fd52';
INSERT INTO `cron_job_history` (`name`, `date_started`, `status`) VALUES ('backup', '2025-12-09 00:00:02', 'started');
UPDATE `cron_job_history` SET `status` = 'done', `date_end` = '2025-12-09 00:00:03'
WHERE `id` = 876;
INSERT INTO `cron_job_history` (`name`, `date_started`, `status`) VALUES ('deduct_sub_amt_from_ewallet', '2025-12-09 00:30:01', 'started');
INSERT INTO `inactive_point_history` (`user_id`, `point`, `date`) VALUES ('35H9RV', '0', '2025-12-09 00:30:01');
UPDATE `user_registration` SET `sub_point` = 0, `active_status` = 'no'
WHERE `user_id` = '35H9RV';
INSERT INTO `arreva_api_logs` (`user_id`, `email`, `endpoint`, `response`, `date`) VALUES ('35H9RV', 'amamzy368@gmail.com', 'deactivatemember', '\"Unable to find user matching email or contract number or otherid\"', '2025-12-09 00:30:01');
INSERT INTO `inactive_history` (`user_id`, `commission_balance`, `amount`, `date`) VALUES ('35H9RV', '97.5', '150', '2025-12-09 00:30:01');
INSERT INTO `inactive_point_history` (`user_id`, `point`, `date`) VALUES ('44B9Y4', '0', '2025-12-09 00:30:01');
UPDATE `user_registration` SET `sub_point` = 0, `active_status` = 'no'
WHERE `user_id` = '44B9Y4';
INSERT INTO `arreva_api_logs` (`user_id`, `email`, `endpoint`, `response`, `date`) VALUES ('44B9Y4', 'travelegendcy@gmail.com', 'deactivatemember', '\"Unable to find user matching email or contract number or otherid\"', '2025-12-09 00:30:01');
INSERT INTO `inactive_history` (`user_id`, `commission_balance`, `amount`, `date`) VALUES ('44B9Y4', '50', '150', '2025-12-09 00:30:01');
INSERT INTO `inactive_point_history` (`user_id`, `point`, `date`) VALUES ('SJBNYJ', '0', '2025-12-09 00:30:01');
UPDATE `user_registration` SET `sub_point` = 0, `active_status` = 'no'
WHERE `user_id` = 'SJBNYJ';
INSERT INTO `arreva_api_logs` (`user_id`, `email`, `endpoint`, `response`, `date`) VALUES ('SJBNYJ', 'travelegendcy+2@gmail.com', 'deactivatemember', '\"Unable to find user matching email or contract number or otherid\"', '2025-12-09 00:30:02');
INSERT INTO `inactive_history` (`user_id`, `commission_balance`, `amount`, `date`) VALUES ('SJBNYJ', '50', '150', '2025-12-09 00:30:02');
INSERT INTO `inactive_point_history` (`user_id`, `point`, `date`) VALUES ('45E8V2', '0', '2025-12-09 00:30:02');
UPDATE `user_registration` SET `sub_point` = 0, `active_status` = 'no'
WHERE `user_id` = '45E8V2';
INSERT INTO `arreva_api_logs` (`user_id`, `email`, `endpoint`, `response`, `date`) VALUES ('45E8V2', 'travelegendcy+1@gmail.com', 'deactivatemember', '\"Unable to find user matching email or contract number or otherid\"', '2025-12-09 00:30:02');
INSERT INTO `inactive_history` (`user_id`, `commission_balance`, `amount`, `date`) VALUES ('45E8V2', '50', '150', '2025-12-09 00:30:02');
INSERT INTO `inactive_point_history` (`user_id`, `point`, `date`) VALUES ('H2HQC8', '0', '2025-12-09 00:30:02');
UPDATE `user_registration` SET `sub_point` = 0, `active_status` = 'no'
WHERE `user_id` = 'H2HQC8';
INSERT INTO `arreva_api_logs` (`user_id`, `email`, `endpoint`, `response`, `date`) VALUES ('H2HQC8', 'travelegendcy+4@gmail.com', 'deactivatemember', '\"Unable to find user matching email or contract number or otherid\"', '2025-12-09 00:30:02');
INSERT INTO `inactive_history` (`user_id`, `commission_balance`, `amount`, `date`) VALUES ('H2HQC8', '110', '150', '2025-12-09 00:30:02');
INSERT INTO `inactive_point_history` (`user_id`, `point`, `date`) VALUES ('XVTJOY', '0', '2025-12-09 00:30:02');
UPDATE `user_registration` SET `sub_point` = 0, `active_status` = 'no'
WHERE `user_id` = 'XVTJOY';
INSERT INTO `arreva_api_logs` (`user_id`, `email`, `endpoint`, `response`, `date`) VALUES ('XVTJOY', 'travelegendcy+5@gmail.com', 'deactivatemember', '\"Unable to find user matching email or contract number or otherid\"', '2025-12-09 00:30:02');
INSERT INTO `inactive_history` (`user_id`, `commission_balance`, `amount`, `date`) VALUES ('XVTJOY', '100', '150', '2025-12-09 00:30:02');
INSERT INTO `inactive_point_history` (`user_id`, `point`, `date`) VALUES ('4E1CRI', '0', '2025-12-09 00:30:02');
UPDATE `user_registration` SET `sub_point` = 0, `active_status` = 'no'
WHERE `user_id` = '4E1CRI';
INSERT INTO `arreva_api_logs` (`user_id`, `email`, `endpoint`, `response`, `date`) VALUES ('4E1CRI', 'travelegendcy+77@gmail.com', 'deactivatemember', '\"Unable to find user matching email or contract number or otherid\"', '2025-12-09 00:30:03');
INSERT INTO `inactive_history` (`user_id`, `commission_balance`, `amount`, `date`) VALUES ('4E1CRI', '100', '150', '2025-12-09 00:30:03');
INSERT INTO `inactive_point_history` (`user_id`, `point`, `date`) VALUES ('PBFKSY', '0', '2025-12-09 00:30:03');
UPDATE `user_registration` SET `sub_point` = 0, `active_status` = 'no'
WHERE `user_id` = 'PBFKSY';
INSERT INTO `arreva_api_logs` (`user_id`, `email`, `endpoint`, `response`, `date`) VALUES ('PBFKSY', 'travelegendcy+3@gmail.com', 'deactivatemember', '\"Unable to find user matching email or contract number or otherid\"', '2025-12-09 00:30:04');
INSERT INTO `inactive_history` (`user_id`, `commission_balance`, `amount`, `date`) VALUES ('PBFKSY', '0', '150', '2025-12-09 00:30:04');
INSERT INTO `inactive_point_history` (`user_id`, `point`, `date`) VALUES ('R37QLI', '0', '2025-12-09 00:30:04');
UPDATE `user_registration` SET `sub_point` = 0, `active_status` = 'no'
WHERE `user_id` = 'R37QLI';
INSERT INTO `arreva_api_logs` (`user_id`, `email`, `endpoint`, `response`, `date`) VALUES ('R37QLI', 'atravel4uu@gmail.com', 'deactivatemember', '\"Unable to find user matching email or contract number or otherid\"', '2025-12-09 00:30:04');
INSERT INTO `inactive_history` (`user_id`, `commission_balance`, `amount`, `date`) VALUES ('R37QLI', '80', '150', '2025-12-09 00:30:04');
INSERT INTO `inactive_point_history` (`user_id`, `point`, `date`) VALUES ('Q6D63V', '0', '2025-12-09 00:30:04');
UPDATE `user_registration` SET `sub_point` = 0, `active_status` = 'no'
WHERE `user_id` = 'Q6D63V';
INSERT INTO `arreva_api_logs` (`user_id`, `email`, `endpoint`, `response`, `date`) VALUES ('Q6D63V', 'deeptalent@hotmail.com', 'deactivatemember', '\"Unable to find user matching email or contract number or otherid\"', '2025-12-09 00:30:04');
INSERT INTO `inactive_history` (`user_id`, `commission_balance`, `amount`, `date`) VALUES ('Q6D63V', '100', '150', '2025-12-09 00:30:04');
INSERT INTO `inactive_point_history` (`user_id`, `point`, `date`) VALUES ('N6GZAE', '0', '2025-12-09 00:30:04');
UPDATE `user_registration` SET `sub_point` = 0, `active_status` = 'no'
WHERE `user_id` = 'N6GZAE';
INSERT INTO `arreva_api_logs` (`user_id`, `email`, `endpoint`, `response`, `date`) VALUES ('N6GZAE', 'travelegendcy+71@gmail.com', 'deactivatemember', '\"Unable to find user matching email or contract number or otherid\"', '2025-12-09 00:30:05');
INSERT INTO `inactive_history` (`user_id`, `commission_balance`, `amount`, `date`) VALUES ('N6GZAE', '50', '150', '2025-12-09 00:30:05');
INSERT INTO `inactive_point_history` (`user_id`, `point`, `date`) VALUES ('Q834IS', '0', '2025-12-09 00:30:05');
UPDATE `user_registration` SET `sub_point` = 0, `active_status` = 'no'
WHERE `user_id` = 'Q834IS';
INSERT INTO `arreva_api_logs` (`user_id`, `email`, `endpoint`, `response`, `date`) VALUES ('Q834IS', 'ganofelizyo@gmail.com', 'deactivatemember', '\"Unable to find user matching email or contract number or otherid\"', '2025-12-09 00:30:05');
INSERT INTO `inactive_history` (`user_id`, `commission_balance`, `amount`, `date`) VALUES ('Q834IS', '0', '50', '2025-12-09 00:30:05');
INSERT INTO `inactive_point_history` (`user_id`, `point`, `date`) VALUES ('PKHRN5', '0', '2025-12-09 00:30:05');
UPDATE `user_registration` SET `sub_point` = 0, `active_status` = 'no'
WHERE `user_id` = 'PKHRN5';
INSERT INTO `arreva_api_logs` (`user_id`, `email`, `endpoint`, `response`, `date`) VALUES ('PKHRN5', 'nrproducts20@gmail.com', 'deactivatemember', '\"Unable to find user matching email or contract number or otherid\"', '2025-12-09 00:30:06');
INSERT INTO `inactive_history` (`user_id`, `commission_balance`, `amount`, `date`) VALUES ('PKHRN5', '28', '50', '2025-12-09 00:30:06');
INSERT INTO `inactive_point_history` (`user_id`, `point`, `date`) VALUES ('MT8QJF', '0', '2025-12-09 00:30:06');
UPDATE `user_registration` SET `sub_point` = 0, `active_status` = 'no'
WHERE `user_id` = 'MT8QJF';
INSERT INTO `arreva_api_logs` (`user_id`, `email`, `endpoint`, `response`, `date`) VALUES ('MT8QJF', 'bustamantemoni@yahoo.com', 'deactivatemember', '\"Unable to find user matching email or contract number or otherid\"', '2025-12-09 00:30:06');
INSERT INTO `inactive_history` (`user_id`, `commission_balance`, `amount`, `date`) VALUES ('MT8QJF', '0', '150', '2025-12-09 00:30:06');
INSERT INTO `inactive_point_history` (`user_id`, `point`, `date`) VALUES ('OWF3OA', '0', '2025-12-09 00:30:06');
UPDATE `user_registration` SET `sub_point` = 0, `active_status` = 'no'
WHERE `user_id` = 'OWF3OA';
INSERT INTO `arreva_api_logs` (`user_id`, `email`, `endpoint`, `response`, `date`) VALUES ('OWF3OA', 'caridadm70@gmail.com', 'deactivatemember', '\"Unable to find user matching email or contract number or otherid\"', '2025-12-09 00:30:08');
INSERT INTO `inactive_history` (`user_id`, `commission_balance`, `amount`, `date`) VALUES ('OWF3OA', '0', '150', '2025-12-09 00:30:08');
INSERT INTO `inactive_point_history` (`user_id`, `point`, `date`) VALUES ('HUDVJU', '0', '2025-12-09 00:30:08');
UPDATE `user_registration` SET `sub_point` = 0, `active_status` = 'no'
WHERE `user_id` = 'HUDVJU';
INSERT INTO `arreva_api_logs` (`user_id`, `email`, `endpoint`, `response`, `date`) VALUES ('HUDVJU', 'rsotolongok@aol.com', 'deactivatemember', '\"Unable to find user matching email or contract number or otherid\"', '2025-12-09 00:30:09');
INSERT INTO `inactive_history` (`user_id`, `commission_balance`, `amount`, `date`) VALUES ('HUDVJU', '30', '50', '2025-12-09 00:30:09');
INSERT INTO `inactive_point_history` (`user_id`, `point`, `date`) VALUES ('IEVPMD', '0', '2025-12-09 00:30:09');
UPDATE `user_registration` SET `sub_point` = 0, `active_status` = 'no'
WHERE `user_id` = 'IEVPMD';
INSERT INTO `arreva_api_logs` (`user_id`, `email`, `endpoint`, `response`, `date`) VALUES ('IEVPMD', 'ferr2085@gmail.com', 'deactivatemember', '\"Unable to find user matching email or contract number or otherid\"', '2025-12-09 00:30:10');
INSERT INTO `inactive_history` (`user_id`, `commission_balance`, `amount`, `date`) VALUES ('IEVPMD', '0', '150', '2025-12-09 00:30:10');
INSERT INTO `inactive_point_history` (`user_id`, `point`, `date`) VALUES ('CVVK4C', '0', '2025-12-09 00:30:10');
UPDATE `user_registration` SET `sub_point` = 0, `active_status` = 'no'
WHERE `user_id` = 'CVVK4C';
INSERT INTO `arreva_api_logs` (`user_id`, `email`, `endpoint`, `response`, `date`) VALUES ('CVVK4C', 'naranjo.manuel93@gmail.com', 'deactivatemember', '\"Unable to find user matching email or contract number or otherid\"', '2025-12-09 00:30:10');
INSERT INTO `inactive_history` (`user_id`, `commission_balance`, `amount`, `date`) VALUES ('CVVK4C', '0', '150', '2025-12-09 00:30:10');
INSERT INTO `inactive_point_history` (`user_id`, `point`, `date`) VALUES ('HQTCGF', '0', '2025-12-09 00:30:10');
UPDATE `user_registration` SET `sub_point` = 0, `active_status` = 'no'
WHERE `user_id` = 'HQTCGF';
INSERT INTO `arreva_api_logs` (`user_id`, `email`, `endpoint`, `response`, `date`) VALUES ('HQTCGF', 'naranjo.manuel@ymail.com', 'deactivatemember', '\"Unable to find user matching email or contract number or otherid\"', '2025-12-09 00:30:12');
INSERT INTO `inactive_history` (`user_id`, `commission_balance`, `amount`, `date`) VALUES ('HQTCGF', '0', '150', '2025-12-09 00:30:12');
INSERT INTO `inactive_point_history` (`user_id`, `point`, `date`) VALUES ('L2MNP5', '0', '2025-12-09 00:30:12');
UPDATE `user_registration` SET `sub_point` = 0, `active_status` = 'no'
WHERE `user_id` = 'L2MNP5';
INSERT INTO `arreva_api_logs` (`user_id`, `email`, `endpoint`, `response`, `date`) VALUES ('L2MNP5', 'caimandelcaribe1964@gmail.com', 'deactivatemember', '\"Unable to find user matching email or contract number or otherid\"', '2025-12-09 00:30:12');
INSERT INTO `inactive_history` (`user_id`, `commission_balance`, `amount`, `date`) VALUES ('L2MNP5', '0', '150', '2025-12-09 00:30:12');
INSERT INTO `inactive_point_history` (`user_id`, `point`, `date`) VALUES ('U7SMZ8', '0', '2025-12-09 00:30:12');
UPDATE `user_registration` SET `sub_point` = 0, `active_status` = 'no'
WHERE `user_id` = 'U7SMZ8';
INSERT INTO `arreva_api_logs` (`user_id`, `email`, `endpoint`, `response`, `date`) VALUES ('U7SMZ8', 'claujor06@hotmail.com', 'deactivatemember', '\"Unable to find user matching email or contract number or otherid\"', '2025-12-09 00:30:12');
INSERT INTO `inactive_history` (`user_id`, `commission_balance`, `amount`, `date`) VALUES ('U7SMZ8', '0', '150', '2025-12-09 00:30:12');
INSERT INTO `inactive_point_history` (`user_id`, `point`, `date`) VALUES ('PUJNHI', '0', '2025-12-09 00:30:12');
UPDATE `user_registration` SET `sub_point` = 0, `active_status` = 'no'
WHERE `user_id` = 'PUJNHI';
INSERT INTO `arreva_api_logs` (`user_id`, `email`, `endpoint`, `response`, `date`) VALUES ('PUJNHI', 'rt.amdream@gmail.com', 'deactivatemember', '\"Unable to find user matching email or contract number or otherid\"', '2025-12-09 00:30:14');
INSERT INTO `inactive_history` (`user_id`, `commission_balance`, `amount`, `date`) VALUES ('PUJNHI', '40', '150', '2025-12-09 00:30:14');
INSERT INTO `inactive_point_history` (`user_id`, `point`, `date`) VALUES ('WC5BL7', '0', '2025-12-09 00:30:14');
UPDATE `user_registration` SET `sub_point` = 0, `active_status` = 'no'
WHERE `user_id` = 'WC5BL7';
INSERT INTO `arreva_api_logs` (`user_id`, `email`, `endpoint`, `response`, `date`) VALUES ('WC5BL7', 'guecab74@gmail.com', 'deactivatemember', '\"Unable to find user matching email or contract number or otherid\"', '2025-12-09 00:30:20');
INSERT INTO `inactive_history` (`user_id`, `commission_balance`, `amount`, `date`) VALUES ('WC5BL7', '0', '50', '2025-12-09 00:30:20');
INSERT INTO `inactive_point_history` (`user_id`, `point`, `date`) VALUES ('W17SG2', '0', '2025-12-09 00:30:20');
UPDATE `user_registration` SET `sub_point` = 0, `active_status` = 'no'
WHERE `user_id` = 'W17SG2';
INSERT INTO `arreva_api_logs` (`user_id`, `email`, `endpoint`, `response`, `date`) VALUES ('W17SG2', 'jnsh44@gmail.com', 'deactivatemember', '\"Unable to find user matching email or contract number or otherid\"', '2025-12-09 00:30:20');
INSERT INTO `inactive_history` (`user_id`, `commission_balance`, `amount`, `date`) VALUES ('W17SG2', '0', '150', '2025-12-09 00:30:20');
INSERT INTO `inactive_point_history` (`user_id`, `point`, `date`) VALUES ('PR92IO', '0', '2025-12-09 00:30:20');
UPDATE `user_registration` SET `sub_point` = 0, `active_status` = 'no'
WHERE `user_id` = 'PR92IO';
INSERT INTO `arreva_api_logs` (`user_id`, `email`, `endpoint`, `response`, `date`) VALUES ('PR92IO', 'onielguerra@yahoo.com', 'deactivatemember', '\"Unable to find user matching email or contract number or otherid\"', '2025-12-09 00:30:21');
INSERT INTO `inactive_history` (`user_id`, `commission_balance`, `amount`, `date`) VALUES ('PR92IO', '0', '50', '2025-12-09 00:30:21');
INSERT INTO `inactive_point_history` (`user_id`, `point`, `date`) VALUES ('UTF7YN', '0', '2025-12-09 00:30:21');
UPDATE `user_registration` SET `sub_point` = 0, `active_status` = 'no'
WHERE `user_id` = 'UTF7YN';
INSERT INTO `arreva_api_logs` (`user_id`, `email`, `endpoint`, `response`, `date`) VALUES ('UTF7YN', 'miguelmartinezzamora89@gmail.com', 'deactivatemember', '\"Unable to find user matching email or contract number or otherid\"', '2025-12-09 00:30:22');
INSERT INTO `inactive_history` (`user_id`, `commission_balance`, `amount`, `date`) VALUES ('UTF7YN', '0', '150', '2025-12-09 00:30:22');
INSERT INTO `inactive_point_history` (`user_id`, `point`, `date`) VALUES ('JIL8K9', '0', '2025-12-09 00:30:22');
UPDATE `user_registration` SET `sub_point` = 0, `active_status` = 'no'
WHERE `user_id` = 'JIL8K9';
INSERT INTO `arreva_api_logs` (`user_id`, `email`, `endpoint`, `response`, `date`) VALUES ('JIL8K9', 'urquia0831@gmail.com', 'deactivatemember', '\"Unable to find user matching email or contract number or otherid\"', '2025-12-09 00:30:22');
INSERT INTO `inactive_history` (`user_id`, `commission_balance`, `amount`, `date`) VALUES ('JIL8K9', '20', '150', '2025-12-09 00:30:22');
INSERT INTO `inactive_point_history` (`user_id`, `point`, `date`) VALUES ('XHO8CJ', '0', '2025-12-09 00:30:22');
UPDATE `user_registration` SET `sub_point` = 0, `active_status` = 'no'
WHERE `user_id` = 'XHO8CJ';
INSERT INTO `arreva_api_logs` (`user_id`, `email`, `endpoint`, `response`, `date`) VALUES ('XHO8CJ', 'arielzomoza@hotmail.com', 'deactivatemember', '\"Unable to find user matching email or contract number or otherid\"', '2025-12-09 00:30:23');
INSERT INTO `inactive_history` (`user_id`, `commission_balance`, `amount`, `date`) VALUES ('XHO8CJ', '0', '150', '2025-12-09 00:30:23');
INSERT INTO `inactive_point_history` (`user_id`, `point`, `date`) VALUES ('L8NRSC', '0', '2025-12-09 00:30:23');
UPDATE `user_registration` SET `sub_point` = 0, `active_status` = 'no'
WHERE `user_id` = 'L8NRSC';
INSERT INTO `arreva_api_logs` (`user_id`, `email`, `endpoint`, `response`, `date`) VALUES ('L8NRSC', 'heviaelina17@gmail.com', 'deactivatemember', '\"Unable to find user matching email or contract number or otherid\"', '2025-12-09 00:30:23');
INSERT INTO `inactive_history` (`user_id`, `commission_balance`, `amount`, `date`) VALUES ('L8NRSC', '50', '150', '2025-12-09 00:30:23');
INSERT INTO `inactive_point_history` (`user_id`, `point`, `date`) VALUES ('6H3N98', '0', '2025-12-09 00:30:23');
UPDATE `user_registration` SET `sub_point` = 0, `active_status` = 'no'
WHERE `user_id` = '6H3N98';
INSERT INTO `arreva_api_logs` (`user_id`, `email`, `endpoint`, `response`, `date`) VALUES ('6H3N98', 'Polanco1961.jmp@gmail.com', 'deactivatemember', '\"Unable to find user matching email or contract number or otherid\"', '2025-12-09 00:30:23');
INSERT INTO `inactive_history` (`user_id`, `commission_balance`, `amount`, `date`) VALUES ('6H3N98', '100', '150', '2025-12-09 00:30:23');
INSERT INTO `inactive_point_history` (`user_id`, `point`, `date`) VALUES ('HP6YP2', '0', '2025-12-09 00:30:23');
UPDATE `user_registration` SET `sub_point` = 0, `active_status` = 'no'
WHERE `user_id` = 'HP6YP2';
INSERT INTO `arreva_api_logs` (`user_id`, `email`, `endpoint`, `response`, `date`) VALUES ('HP6YP2', 'josedavila0923@hotmail.com', 'deactivatemember', '\"Unable to find user matching email or contract number or otherid\"', '2025-12-09 00:30:24');
INSERT INTO `inactive_history` (`user_id`, `commission_balance`, `amount`, `date`) VALUES ('HP6YP2', '50', '150', '2025-12-09 00:30:24');
INSERT INTO `inactive_point_history` (`user_id`, `point`, `date`) VALUES ('8RVNYT', '0', '2025-12-09 00:30:24');
UPDATE `user_registration` SET `sub_point` = 0, `active_status` = 'no'
WHERE `user_id` = '8RVNYT';
INSERT INTO `arreva_api_logs` (`user_id`, `email`, `endpoint`, `response`, `date`) VALUES ('8RVNYT', 'dduany59@gmail.com', 'deactivatemember', '\"Unable to find user matching email or contract number or otherid\"', '2025-12-09 00:30:25');
INSERT INTO `inactive_history` (`user_id`, `commission_balance`, `amount`, `date`) VALUES ('8RVNYT', '0', '150', '2025-12-09 00:30:25');
INSERT INTO `inactive_point_history` (`user_id`, `point`, `date`) VALUES ('K8DXP2', '0', '2025-12-09 00:30:25');
UPDATE `user_registration` SET `sub_point` = 0, `active_status` = 'no'
WHERE `user_id` = 'K8DXP2';
INSERT INTO `arreva_api_logs` (`user_id`, `email`, `endpoint`, `response`, `date`) VALUES ('K8DXP2', 'danieladm02@icloud.com', 'deactivatemember', '\"Unable to find user matching email or contract number or otherid\"', '2025-12-09 00:30:25');
INSERT INTO `inactive_history` (`user_id`, `commission_balance`, `amount`, `date`) VALUES ('K8DXP2', '0', '150', '2025-12-09 00:30:25');
INSERT INTO `inactive_point_history` (`user_id`, `point`, `date`) VALUES ('BD2ZLC', '0', '2025-12-09 00:30:25');
UPDATE `user_registration` SET `sub_point` = 0, `active_status` = 'no'
WHERE `user_id` = 'BD2ZLC';
INSERT INTO `arreva_api_logs` (`user_id`, `email`, `endpoint`, `response`, `date`) VALUES ('BD2ZLC', 'misleydacuba@hotmail.com', 'deactivatemember', '\"Unable to find user matching email or contract number or otherid\"', '2025-12-09 00:30:25');
INSERT INTO `inactive_history` (`user_id`, `commission_balance`, `amount`, `date`) VALUES ('BD2ZLC', '100', '150', '2025-12-09 00:30:25');
INSERT INTO `inactive_point_history` (`user_id`, `point`, `date`) VALUES ('2MBPZI', '0', '2025-12-09 00:30:25');
UPDATE `user_registration` SET `sub_point` = 0, `active_status` = 'no'
WHERE `user_id` = '2MBPZI';
INSERT INTO `arreva_api_logs` (`user_id`, `email`, `endpoint`, `response`, `date`) VALUES ('2MBPZI', 'lamora07@icloud.com', 'deactivatemember', '\"Unable to find user matching email or contract number or otherid\"', '2025-12-09 00:30:25');
INSERT INTO `inactive_history` (`user_id`, `commission_balance`, `amount`, `date`) VALUES ('2MBPZI', '0', '150', '2025-12-09 00:30:25');
INSERT INTO `inactive_point_history` (`user_id`, `point`, `date`) VALUES ('XXI66Z', '0', '2025-12-09 00:30:25');
UPDATE `user_registration` SET `sub_point` = 0, `active_status` = 'no'
WHERE `user_id` = 'XXI66Z';
INSERT INTO `arreva_api_logs` (`user_id`, `email`, `endpoint`, `response`, `date`) VALUES ('XXI66Z', 'nora.cuenca722@gmail.com', 'deactivatemember', '\"Unable to find user matching email or contract number or otherid\"', '2025-12-09 00:30:26');
INSERT INTO `inactive_history` (`user_id`, `commission_balance`, `amount`, `date`) VALUES ('XXI66Z', '0', '150', '2025-12-09 00:30:26');
INSERT INTO `inactive_point_history` (`user_id`, `point`, `date`) VALUES ('Q82ZV9', '0', '2025-12-09 00:30:26');
UPDATE `user_registration` SET `sub_point` = 0, `active_status` = 'no'
WHERE `user_id` = 'Q82ZV9';
INSERT INTO `arreva_api_logs` (`user_id`, `email`, `endpoint`, `response`, `date`) VALUES ('Q82ZV9', 'Jcab777@hotmail.com', 'deactivatemember', '\"Unable to find user matching email or contract number or otherid\"', '2025-12-09 00:30:26');
INSERT INTO `inactive_history` (`user_id`, `commission_balance`, `amount`, `date`) VALUES ('Q82ZV9', '20', '50', '2025-12-09 00:30:26');
INSERT INTO `inactive_point_history` (`user_id`, `point`, `date`) VALUES ('IWTOLP', '0', '2025-12-09 00:30:26');
UPDATE `user_registration` SET `sub_point` = 0, `active_status` = 'no'
WHERE `user_id` = 'IWTOLP';
INSERT INTO `arreva_api_logs` (`user_id`, `email`, `endpoint`, `response`, `date`) VALUES ('IWTOLP', 'Hectorvaldes84@gmail.com', 'deactivatemember', '\"Unable to find user matching email or contract number or otherid\"', '2025-12-09 00:30:27');
INSERT INTO `inactive_history` (`user_id`, `commission_balance`, `amount`, `date`) VALUES ('IWTOLP', '0', '50', '2025-12-09 00:30:27');
INSERT INTO `inactive_point_history` (`user_id`, `point`, `date`) VALUES ('9QPRWH', '0', '2025-12-09 00:30:27');
UPDATE `user_registration` SET `sub_point` = 0, `active_status` = 'no'
WHERE `user_id` = '9QPRWH';
INSERT INTO `arreva_api_logs` (`user_id`, `email`, `endpoint`, `response`, `date`) VALUES ('9QPRWH', 'danny.ortiz93@yahoo.com', 'deactivatemember', '\"Unable to find user matching email or contract number or otherid\"', '2025-12-09 00:30:27');
INSERT INTO `inactive_history` (`user_id`, `commission_balance`, `amount`, `date`) VALUES ('9QPRWH', '0', '150', '2025-12-09 00:30:27');
INSERT INTO `inactive_point_history` (`user_id`, `point`, `date`) VALUES ('LBY7TN', '0', '2025-12-09 00:30:27');
UPDATE `user_registration` SET `sub_point` = 0, `active_status` = 'no'
WHERE `user_id` = 'LBY7TN';
INSERT INTO `arreva_api_logs` (`user_id`, `email`, `endpoint`, `response`, `date`) VALUES ('LBY7TN', 'realtororlando1@gmail.com', 'deactivatemember', '\"Unable to find user matching email or contract number or otherid\"', '2025-12-09 00:30:27');
INSERT INTO `inactive_history` (`user_id`, `commission_balance`, `amount`, `date`) VALUES ('LBY7TN', '0', '150', '2025-12-09 00:30:27');
INSERT INTO `inactive_point_history` (`user_id`, `point`, `date`) VALUES ('WDEXJT', '0', '2025-12-09 00:30:27');
UPDATE `user_registration` SET `sub_point` = 0, `active_status` = 'no'
WHERE `user_id` = 'WDEXJT';
INSERT INTO `arreva_api_logs` (`user_id`, `email`, `endpoint`, `response`, `date`) VALUES ('WDEXJT', 'randol1976@gmail.com', 'deactivatemember', '\"Unable to find user matching email or contract number or otherid\"', '2025-12-09 00:30:27');
INSERT INTO `inactive_history` (`user_id`, `commission_balance`, `amount`, `date`) VALUES ('WDEXJT', '0', '150', '2025-12-09 00:30:27');
INSERT INTO `inactive_point_history` (`user_id`, `point`, `date`) VALUES ('78UOV5', '0', '2025-12-09 00:30:27');
UPDATE `user_registration` SET `sub_point` = 0, `active_status` = 'no'
WHERE `user_id` = '78UOV5';
INSERT INTO `arreva_api_logs` (`user_id`, `email`, `endpoint`, `response`, `date`) VALUES ('78UOV5', 'Marvincano2006@hotmail.com', 'deactivatemember', '\"Unable to find user matching email or contract number or otherid\"', '2025-12-09 00:30:28');
INSERT INTO `inactive_history` (`user_id`, `commission_balance`, `amount`, `date`) VALUES ('78UOV5', '0', '50', '2025-12-09 00:30:28');
INSERT INTO `inactive_point_history` (`user_id`, `point`, `date`) VALUES ('8D7CNL', '0', '2025-12-09 00:30:28');
UPDATE `user_registration` SET `sub_point` = 0, `active_status` = 'no'
WHERE `user_id` = '8D7CNL';
INSERT INTO `arreva_api_logs` (`user_id`, `email`, `endpoint`, `response`, `date`) VALUES ('8D7CNL', 'ulambert45@gmail.com', 'deactivatemember', '\"Unable to find user matching email or contract number or otherid\"', '2025-12-09 00:30:28');
INSERT INTO `inactive_history` (`user_id`, `commission_balance`, `amount`, `date`) VALUES ('8D7CNL', '100', '150', '2025-12-09 00:30:28');
INSERT INTO `inactive_point_history` (`user_id`, `point`, `date`) VALUES ('OMGB4G', '0', '2025-12-09 00:30:28');
UPDATE `user_registration` SET `sub_point` = 0, `active_status` = 'no'
WHERE `user_id` = 'OMGB4G';
INSERT INTO `arreva_api_logs` (`user_id`, `email`, `endpoint`, `response`, `date`) VALUES ('OMGB4G', 'aniadebora8@gmail.com', 'deactivatemember', '\"Unable to find user matching email or contract number or otherid\"', '2025-12-09 00:30:28');
INSERT INTO `inactive_history` (`user_id`, `commission_balance`, `amount`, `date`) VALUES ('OMGB4G', '7.5', '150', '2025-12-09 00:30:28');
INSERT INTO `inactive_point_history` (`user_id`, `point`, `date`) VALUES ('UJXP99', '0', '2025-12-09 00:30:28');
UPDATE `user_registration` SET `sub_point` = 0, `active_status` = 'no'
WHERE `user_id` = 'UJXP99';
INSERT INTO `arreva_api_logs` (`user_id`, `email`, `endpoint`, `response`, `date`) VALUES ('UJXP99', 'aldocamporota@yahoo.com', 'deactivatemember', '\"Unable to find user matching email or contract number or otherid\"', '2025-12-09 00:30:28');
INSERT INTO `inactive_history` (`user_id`, `commission_balance`, `amount`, `date`) VALUES ('UJXP99', '0', '50', '2025-12-09 00:30:28');
INSERT INTO `inactive_point_history` (`user_id`, `point`, `date`) VALUES ('L268VW', '0', '2025-12-09 00:30:28');
UPDATE `user_registration` SET `sub_point` = 0, `active_status` = 'no'
WHERE `user_id` = 'L268VW';
INSERT INTO `arreva_api_logs` (`user_id`, `email`, `endpoint`, `response`, `date`) VALUES ('L268VW', 'omy2228@gmail.com', 'deactivatemember', '\"Unable to find user matching email or contract number or otherid\"', '2025-12-09 00:30:29');
INSERT INTO `inactive_history` (`user_id`, `commission_balance`, `amount`, `date`) VALUES ('L268VW', '0', '50', '2025-12-09 00:30:29');
INSERT INTO `inactive_point_history` (`user_id`, `point`, `date`) VALUES ('UVJ6L9', '0', '2025-12-09 00:30:29');
UPDATE `user_registration` SET `sub_point` = 0, `active_status` = 'no'
WHERE `user_id` = 'UVJ6L9';
INSERT INTO `arreva_api_logs` (`user_id`, `email`, `endpoint`, `response`, `date`) VALUES ('UVJ6L9', 'nrproducts20+1@gmail.com', 'deactivatemember', '\"Unable to find user matching email or contract number or otherid\"', '2025-12-09 00:30:29');
INSERT INTO `inactive_history` (`user_id`, `commission_balance`, `amount`, `date`) VALUES ('UVJ6L9', '0', '50', '2025-12-09 00:30:29');
INSERT INTO `inactive_point_history` (`user_id`, `point`, `date`) VALUES ('T2U73Q', '0', '2025-12-09 00:30:29');
UPDATE `user_registration` SET `sub_point` = 0, `active_status` = 'no'
WHERE `user_id` = 'T2U73Q';
INSERT INTO `arreva_api_logs` (`user_id`, `email`, `endpoint`, `response`, `date`) VALUES ('T2U73Q', 'aidacano1694@gmail.com', 'deactivatemember', '\"Unable to find user matching email or contract number or otherid\"', '2025-12-09 00:30:29');
INSERT INTO `inactive_history` (`user_id`, `commission_balance`, `amount`, `date`) VALUES ('T2U73Q', '0', '50', '2025-12-09 00:30:29');
INSERT INTO `inactive_point_history` (`user_id`, `point`, `date`) VALUES ('ULHSH2', '0', '2025-12-09 00:30:29');
UPDATE `user_registration` SET `sub_point` = 0, `active_status` = 'no'
WHERE `user_id` = 'ULHSH2';
INSERT INTO `arreva_api_logs` (`user_id`, `email`, `endpoint`, `response`, `date`) VALUES ('ULHSH2', 'asny_melody11@hotmail.com', 'deactivatemember', '\"Unable to find user matching email or contract number or otherid\"', '2025-12-09 00:30:30');
INSERT INTO `inactive_history` (`user_id`, `commission_balance`, `amount`, `date`) VALUES ('ULHSH2', '0', '150', '2025-12-09 00:30:30');
INSERT INTO `inactive_point_history` (`user_id`, `point`, `date`) VALUES ('H1XYDK', '0', '2025-12-09 00:30:30');
UPDATE `user_registration` SET `sub_point` = 0, `active_status` = 'no'
WHERE `user_id` = 'H1XYDK';
INSERT INTO `arreva_api_logs` (`user_id`, `email`, `endpoint`, `response`, `date`) VALUES ('H1XYDK', 'bingostarsforever@gmail.com', 'deactivatemember', '\"Unable to find user matching email or contract number or otherid\"', '2025-12-09 00:30:30');
INSERT INTO `inactive_history` (`user_id`, `commission_balance`, `amount`, `date`) VALUES ('H1XYDK', '0', '50', '2025-12-09 00:30:30');
INSERT INTO `inactive_point_history` (`user_id`, `point`, `date`) VALUES ('3UFB1M', '0', '2025-12-09 00:30:30');
UPDATE `user_registration` SET `sub_point` = 0, `active_status` = 'no'
WHERE `user_id` = '3UFB1M';
INSERT INTO `arreva_api_logs` (`user_id`, `email`, `endpoint`, `response`, `date`) VALUES ('3UFB1M', 'mariodiamantes2014@gmail.com', 'deactivatemember', '\"Unable to find user matching email or contract number or otherid\"', '2025-12-09 00:30:30');
INSERT INTO `inactive_history` (`user_id`, `commission_balance`, `amount`, `date`) VALUES ('3UFB1M', '100', '150', '2025-12-09 00:30:30');
INSERT INTO `inactive_point_history` (`user_id`, `point`, `date`) VALUES ('72W7M6', '0', '2025-12-09 00:30:30');
UPDATE `user_registration` SET `sub_point` = 0, `active_status` = 'no'
WHERE `user_id` = '72W7M6';
INSERT INTO `arreva_api_logs` (`user_id`, `email`, `endpoint`, `response`, `date`) VALUES ('72W7M6', 'finanzasyprosperidad777@gmail.com', 'deactivatemember', '\"Unable to find user matching email or contract number or otherid\"', '2025-12-09 00:30:30');
INSERT INTO `inactive_history` (`user_id`, `commission_balance`, `amount`, `date`) VALUES ('72W7M6', '0', '50', '2025-12-09 00:30:30');
INSERT INTO `inactive_point_history` (`user_id`, `point`, `date`) VALUES ('8PK4HK', '0', '2025-12-09 00:30:30');
UPDATE `user_registration` SET `sub_point` = 0, `active_status` = 'no'
WHERE `user_id` = '8PK4HK';
INSERT INTO `arreva_api_logs` (`user_id`, `email`, `endpoint`, `response`, `date`) VALUES ('8PK4HK', 'romandebora44@gmail.com', 'deactivatemember', '\"Unable to find user matching email or contract number or otherid\"', '2025-12-09 00:30:31');
INSERT INTO `inactive_history` (`user_id`, `commission_balance`, `amount`, `date`) VALUES ('8PK4HK', '0', '150', '2025-12-09 00:30:31');
INSERT INTO `inactive_point_history` (`user_id`, `point`, `date`) VALUES ('LEOFNI', '0', '2025-12-09 00:30:31');
UPDATE `user_registration` SET `sub_point` = 0, `active_status` = 'no'
WHERE `user_id` = 'LEOFNI';
INSERT INTO `arreva_api_logs` (`user_id`, `email`, `endpoint`, `response`, `date`) VALUES ('LEOFNI', 'nrproducts20+2@gmail.com', 'deactivatemember', '\"Unable to find user matching email or contract number or otherid\"', '2025-12-09 00:30:31');
INSERT INTO `inactive_history` (`user_id`, `commission_balance`, `amount`, `date`) VALUES ('LEOFNI', '0', '150', '2025-12-09 00:30:31');
INSERT INTO `inactive_point_history` (`user_id`, `point`, `date`) VALUES ('75X85X', '0', '2025-12-09 00:30:31');
UPDATE `user_registration` SET `sub_point` = 0, `active_status` = 'no'
WHERE `user_id` = '75X85X';
INSERT INTO `arreva_api_logs` (`user_id`, `email`, `endpoint`, `response`, `date`) VALUES ('75X85X', 'nrproducts20+3@gmail.com', 'deactivatemember', '\"Unable to find user matching email or contract number or otherid\"', '2025-12-09 00:30:32');
INSERT INTO `inactive_history` (`user_id`, `commission_balance`, `amount`, `date`) VALUES ('75X85X', '0', '50', '2025-12-09 00:30:32');
INSERT INTO `inactive_point_history` (`user_id`, `point`, `date`) VALUES ('UC1QRN', '0', '2025-12-09 00:30:32');
UPDATE `user_registration` SET `sub_point` = 0, `active_status` = 'no'
WHERE `user_id` = 'UC1QRN';
INSERT INTO `arreva_api_logs` (`user_id`, `email`, `endpoint`, `response`, `date`) VALUES ('UC1QRN', 'orelfernandezg@gmail.com', 'deactivatemember', '\"Unable to find user matching email or contract number or otherid\"', '2025-12-09 00:30:32');
INSERT INTO `inactive_history` (`user_id`, `commission_balance`, `amount`, `date`) VALUES ('UC1QRN', '0', '150', '2025-12-09 00:30:32');
INSERT INTO `inactive_point_history` (`user_id`, `point`, `date`) VALUES ('7YU16B', '0', '2025-12-09 00:30:32');
UPDATE `user_registration` SET `sub_point` = 0, `active_status` = 'no'
WHERE `user_id` = '7YU16B';
INSERT INTO `arreva_api_logs` (`user_id`, `email`, `endpoint`, `response`, `date`) VALUES ('7YU16B', 'glefran@gmail.com', 'deactivatemember', '\"Unable to find user matching email or contract number or otherid\"', '2025-12-09 00:30:32');
INSERT INTO `inactive_history` (`user_id`, `commission_balance`, `amount`, `date`) VALUES ('7YU16B', '0', '50', '2025-12-09 00:30:32');
INSERT INTO `inactive_point_history` (`user_id`, `point`, `date`) VALUES ('OEM6F6', '0', '2025-12-09 00:30:32');
UPDATE `user_registration` SET `sub_point` = 0, `active_status` = 'no'
WHERE `user_id` = 'OEM6F6';
INSERT INTO `arreva_api_logs` (`user_id`, `email`, `endpoint`, `response`, `date`) VALUES ('OEM6F6', 'oceci.nieves@gmail.com', 'deactivatemember', '\"Unable to find user matching email or contract number or otherid\"', '2025-12-09 00:30:33');
INSERT INTO `inactive_history` (`user_id`, `commission_balance`, `amount`, `date`) VALUES ('OEM6F6', '0', '50', '2025-12-09 00:30:33');
INSERT INTO `inactive_point_history` (`user_id`, `point`, `date`) VALUES ('TU7MHD', '0', '2025-12-09 00:30:33');
UPDATE `user_registration` SET `sub_point` = 0, `active_status` = 'no'
WHERE `user_id` = 'TU7MHD';
INSERT INTO `arreva_api_logs` (`user_id`, `email`, `endpoint`, `response`, `date`) VALUES ('TU7MHD', 'betgarc42@gmaill.com', 'deactivatemember', '\"Unable to find user matching email or contract number or otherid\"', '2025-12-09 00:30:33');
INSERT INTO `inactive_history` (`user_id`, `commission_balance`, `amount`, `date`) VALUES ('TU7MHD', '100', '150', '2025-12-09 00:30:33');
INSERT INTO `inactive_point_history` (`user_id`, `point`, `date`) VALUES ('7BQJK5', '0', '2025-12-09 00:30:33');
UPDATE `user_registration` SET `sub_point` = 0, `active_status` = 'no'
WHERE `user_id` = '7BQJK5';
INSERT INTO `arreva_api_logs` (`user_id`, `email`, `endpoint`, `response`, `date`) VALUES ('7BQJK5', 'YPENABAD@HOTMAIL.COM', 'deactivatemember', '\"Unable to find user matching email or contract number or otherid\"', '2025-12-09 00:30:34');
INSERT INTO `inactive_history` (`user_id`, `commission_balance`, `amount`, `date`) VALUES ('7BQJK5', '20', '150', '2025-12-09 00:30:34');
INSERT INTO `inactive_point_history` (`user_id`, `point`, `date`) VALUES ('XMN3MK', '0', '2025-12-09 00:30:34');
UPDATE `user_registration` SET `sub_point` = 0, `active_status` = 'no'
WHERE `user_id` = 'XMN3MK';
INSERT INTO `arreva_api_logs` (`user_id`, `email`, `endpoint`, `response`, `date`) VALUES ('XMN3MK', 'narotnebur324058@gmail.com', 'deactivatemember', '\"Unable to find user matching email or contract number or otherid\"', '2025-12-09 00:30:35');
INSERT INTO `inactive_history` (`user_id`, `commission_balance`, `amount`, `date`) VALUES ('XMN3MK', '0', '150', '2025-12-09 00:30:35');
INSERT INTO `inactive_point_history` (`user_id`, `point`, `date`) VALUES ('7SMFPM', '0', '2025-12-09 00:30:35');
UPDATE `user_registration` SET `sub_point` = 0, `active_status` = 'no'
WHERE `user_id` = '7SMFPM';
INSERT INTO `arreva_api_logs` (`user_id`, `email`, `endpoint`, `response`, `date`) VALUES ('7SMFPM', 'volcanu2080@gmail.com', 'deactivatemember', '\"Unable to find user matching email or contract number or otherid\"', '2025-12-09 00:30:36');
