UPDATE `user_registration` SET left_downlines = left_downlines+1
WHERE `user_id` = 'GTMCCK';
UPDATE `user_registration` SET total_downlines = total_downlines+1
WHERE `user_id` = 'DLYMIF';
UPDATE `user_registration` SET left_downlines = left_downlines+1
WHERE `user_id` = 'DLYMIF';
UPDATE `user_registration` SET total_downlines = total_downlines+1
WHERE `user_id` = 'WGJ5KE';
UPDATE `user_registration` SET left_downlines = left_downlines+1
WHERE `user_id` = 'WGJ5KE';
UPDATE `user_registration` SET total_downlines = total_downlines+1
WHERE `user_id` = 'ORRJ3M';
UPDATE `user_registration` SET left_downlines = left_downlines+1
WHERE `user_id` = 'ORRJ3M';
UPDATE `user_registration` SET total_downlines = total_downlines+1
WHERE `user_id` = 'AA8V6V';
UPDATE `user_registration` SET left_downlines = left_downlines+1
WHERE `user_id` = 'AA8V6V';
UPDATE `user_registration` SET total_downlines = total_downlines+1
WHERE `user_id` = '61ME4O';
UPDATE `user_registration` SET left_downlines = left_downlines+1
WHERE `user_id` = '61ME4O';
UPDATE `user_registration` SET total_downlines = total_downlines+1
WHERE `user_id` = 'WS1SZZ';
UPDATE `user_registration` SET left_downlines = left_downlines+1
WHERE `user_id` = 'WS1SZZ';
UPDATE `user_registration` SET total_downlines = total_downlines+1
WHERE `user_id` = 'TBN4MZ';
UPDATE `user_registration` SET left_downlines = left_downlines+1
WHERE `user_id` = 'TBN4MZ';
UPDATE `user_registration` SET total_downlines = total_downlines+1
WHERE `user_id` = 'OEMJ8R';
UPDATE `user_registration` SET left_downlines = left_downlines+1
WHERE `user_id` = 'OEMJ8R';
UPDATE `user_registration` SET total_downlines = total_downlines+1
WHERE `user_id` = 'FXAYIE';
UPDATE `user_registration` SET left_downlines = left_downlines+1
WHERE `user_id` = 'FXAYIE';
UPDATE `user_registration` SET total_downlines = total_downlines+1
WHERE `user_id` = 'ELXZWC';
UPDATE `user_registration` SET left_downlines = left_downlines+1
WHERE `user_id` = 'ELXZWC';
UPDATE `user_registration` SET total_downlines = total_downlines+1
WHERE `user_id` = 'C1TQVI';
UPDATE `user_registration` SET left_downlines = left_downlines+1
WHERE `user_id` = 'C1TQVI';
UPDATE `user_registration` SET total_downlines = total_downlines+1
WHERE `user_id` = 'F5GPDF';
UPDATE `user_registration` SET left_downlines = left_downlines+1
WHERE `user_id` = 'F5GPDF';
UPDATE `user_registration` SET total_downlines = total_downlines+1
WHERE `user_id` = '91PYDK';
UPDATE `user_registration` SET left_downlines = left_downlines+1
WHERE `user_id` = '91PYDK';
UPDATE `user_registration` SET total_downlines = total_downlines+1
WHERE `user_id` = '4OT7RX';
UPDATE `user_registration` SET left_downlines = left_downlines+1
WHERE `user_id` = '4OT7RX';
UPDATE `user_registration` SET total_downlines = total_downlines+1
WHERE `user_id` = 'ZJZA3M';
UPDATE `user_registration` SET left_downlines = left_downlines+1
WHERE `user_id` = 'ZJZA3M';
UPDATE `user_registration` SET total_downlines = total_downlines+1
WHERE `user_id` = 'XN6ETC';
UPDATE `user_registration` SET left_downlines = left_downlines+1
WHERE `user_id` = 'XN6ETC';
UPDATE `user_registration` SET total_downlines = total_downlines+1
WHERE `user_id` = 'KVQN1O';
UPDATE `user_registration` SET left_downlines = left_downlines+1
WHERE `user_id` = 'KVQN1O';
UPDATE `user_registration` SET total_downlines = total_downlines+1
WHERE `user_id` = 'X3V7DJ';
UPDATE `user_registration` SET left_downlines = left_downlines+1
WHERE `user_id` = 'X3V7DJ';
UPDATE `user_registration` SET total_downlines = total_downlines+1
WHERE `user_id` = 'DJ77NH';
UPDATE `user_registration` SET left_downlines = left_downlines+1
WHERE `user_id` = 'DJ77NH';
UPDATE `user_registration` SET total_downlines = total_downlines+1
WHERE `user_id` = 'PX7XCL';
UPDATE `user_registration` SET left_downlines = left_downlines+1
WHERE `user_id` = 'PX7XCL';
UPDATE `user_registration` SET total_downlines = total_downlines+1
WHERE `user_id` = 'L8PM4Z';
UPDATE `user_registration` SET left_downlines = left_downlines+1
WHERE `user_id` = 'L8PM4Z';
UPDATE `user_registration` SET total_downlines = total_downlines+1
WHERE `user_id` = 'GBSIER';
UPDATE `user_registration` SET left_downlines = left_downlines+1
WHERE `user_id` = 'GBSIER';
UPDATE `user_registration` SET total_downlines = total_downlines+1
WHERE `user_id` = 'AV48YQ';
UPDATE `user_registration` SET left_downlines = left_downlines+1
WHERE `user_id` = 'AV48YQ';
UPDATE `user_registration` SET total_downlines = total_downlines+1
WHERE `user_id` = 'admin';
UPDATE `user_registration` SET left_downlines = left_downlines+1
WHERE `user_id` = 'admin';
INSERT INTO `investment` (`invest_date`, `user_id`, `type`, `amount`, `package_id`) VALUES ('2024-09-26 19:38:43', 'CV3W4Z', 'register', '595', '2');
INSERT INTO `earnings` (`user_id`, `Purchaser_id`, `earning_type`, `package_id`, `amount`, `date`, `comments`, `invest_amount`, `comm_perc`, `level`, `rank_id`, `order_id`) VALUES ('6SUQNY', 'CV3W4Z', 'Direct Referral Bonus', '2', '100', '2024-09-26 19:38:43', 'Direct Referral Bonus', 0, 0, 1, '', 359);
UPDATE `user_registration` SET commission_balance = ROUND(commission_balance + 100,2)
WHERE `user_id` = '6SUQNY';
INSERT INTO `earnings` (`user_id`, `Purchaser_id`, `earning_type`, `package_id`, `amount`, `date`, `comments`, `invest_amount`, `comm_perc`, `level`, `rank_id`, `order_id`) VALUES ('HI62BI', 'CV3W4Z', 'Expansion Bonus', '2', 100, '2024-09-26 19:38:43', 'Expansion Bonus', '100', 0, 1, '', 359);
UPDATE `user_registration` SET commission_balance = ROUND(commission_balance + 100,2)
WHERE `user_id` = 'HI62BI';
INSERT INTO `earnings` (`user_id`, `Purchaser_id`, `earning_type`, `package_id`, `amount`, `date`, `comments`, `invest_amount`, `comm_perc`, `level`, `rank_id`, `order_id`) VALUES ('1FFFBU', 'CV3W4Z', 'Expansion Bonus', '2', 100, '2024-09-26 19:38:43', 'Expansion Bonus', 200, 0, 1, '', 359);
UPDATE `user_registration` SET commission_balance = ROUND(commission_balance + 100,2)
WHERE `user_id` = '1FFFBU';
INSERT INTO `matrix_filling` (`placement_id`, `downline_id`, `level`, `matrix`) VALUES ('XUE2YU', 'CV3W4Z', 1, 1);
UPDATE `bv_updation` SET right_carry = right_carry+50, total_right = total_right+50
WHERE `user_id` = 'XUE2YU';
INSERT INTO `placement_bv_update_history` (`right_carry`, `date`, `from_id`, `user_id`) VALUES ('50', '2024-09-26 19:38:43', 'CV3W4Z', 'XUE2YU');
INSERT INTO `matrix_filling` (`placement_id`, `downline_id`, `level`, `matrix`) VALUES ('F5GZUD', 'CV3W4Z', 2, 1);
UPDATE `bv_updation` SET right_carry = right_carry+50, total_right = total_right+50
WHERE `user_id` = 'F5GZUD';
INSERT INTO `placement_bv_update_history` (`right_carry`, `date`, `from_id`, `user_id`) VALUES ('50', '2024-09-26 19:38:43', 'CV3W4Z', 'F5GZUD');
INSERT INTO `matrix_filling` (`placement_id`, `downline_id`, `level`, `matrix`) VALUES ('1XCQUI', 'CV3W4Z', 3, 1);
UPDATE `bv_updation` SET right_carry = right_carry+50, total_right = total_right+50
WHERE `user_id` = '1XCQUI';
INSERT INTO `placement_bv_update_history` (`right_carry`, `date`, `from_id`, `user_id`) VALUES ('50', '2024-09-26 19:38:43', 'CV3W4Z', '1XCQUI');
INSERT INTO `matrix_filling` (`placement_id`, `downline_id`, `level`, `matrix`) VALUES ('MGO2GW', 'CV3W4Z', 4, 1);
UPDATE `bv_updation` SET right_carry = right_carry+50, total_right = total_right+50
WHERE `user_id` = 'MGO2GW';
INSERT INTO `placement_bv_update_history` (`right_carry`, `date`, `from_id`, `user_id`) VALUES ('50', '2024-09-26 19:38:43', 'CV3W4Z', 'MGO2GW');
INSERT INTO `matrix_filling` (`placement_id`, `downline_id`, `level`, `matrix`) VALUES ('A3U9QE', 'CV3W4Z', 5, 1);
UPDATE `bv_updation` SET right_carry = right_carry+50, total_right = total_right+50
WHERE `user_id` = 'A3U9QE';
INSERT INTO `placement_bv_update_history` (`right_carry`, `date`, `from_id`, `user_id`) VALUES ('50', '2024-09-26 19:38:43', 'CV3W4Z', 'A3U9QE');
INSERT INTO `matrix_filling` (`placement_id`, `downline_id`, `level`, `matrix`) VALUES ('VHYSA7', 'CV3W4Z', 6, 1);
UPDATE `bv_updation` SET right_carry = right_carry+50, total_right = total_right+50
WHERE `user_id` = 'VHYSA7';
INSERT INTO `placement_bv_update_history` (`right_carry`, `date`, `from_id`, `user_id`) VALUES ('50', '2024-09-26 19:38:43', 'CV3W4Z', 'VHYSA7');
INSERT INTO `matrix_filling` (`placement_id`, `downline_id`, `level`, `matrix`) VALUES ('6SUQNY', 'CV3W4Z', 7, 1);
UPDATE `bv_updation` SET right_carry = right_carry+50, total_right = total_right+50
WHERE `user_id` = '6SUQNY';
INSERT INTO `placement_bv_update_history` (`right_carry`, `date`, `from_id`, `user_id`) VALUES ('50', '2024-09-26 19:38:43', 'CV3W4Z', '6SUQNY');
UPDATE `bv_updation` SET sponsor_right_carry = sponsor_right_carry+50, sponsor_total_right = sponsor_total_right+50
WHERE `user_id` = '6SUQNY';
INSERT INTO `sponsor_bv_update_history` (`right_carry`, `date`, `user_id`) VALUES ('50', '2024-09-26 19:38:43', '6SUQNY');
INSERT INTO `matrix_filling` (`placement_id`, `downline_id`, `level`, `matrix`) VALUES ('5K7DS2', 'CV3W4Z', 8, 1);
UPDATE `bv_updation` SET left_carry = left_carry+50, total_left = total_left+50
WHERE `user_id` = '5K7DS2';
INSERT INTO `placement_bv_update_history` (`left_carry`, `date`, `from_id`, `user_id`) VALUES ('50', '2024-09-26 19:38:43', 'CV3W4Z', '5K7DS2');
INSERT INTO `matrix_filling` (`placement_id`, `downline_id`, `level`, `matrix`) VALUES ('HI62BI', 'CV3W4Z', 9, 1);
UPDATE `bv_updation` SET right_carry = right_carry+50, total_right = total_right+50
WHERE `user_id` = 'HI62BI';
INSERT INTO `placement_bv_update_history` (`right_carry`, `date`, `from_id`, `user_id`) VALUES ('50', '2024-09-26 19:38:43', 'CV3W4Z', 'HI62BI');
INSERT INTO `matrix_filling` (`placement_id`, `downline_id`, `level`, `matrix`) VALUES ('1FFFBU', 'CV3W4Z', 10, 1);
UPDATE `bv_updation` SET right_carry = right_carry+50, total_right = total_right+50
WHERE `user_id` = '1FFFBU';
INSERT INTO `placement_bv_update_history` (`right_carry`, `date`, `from_id`, `user_id`) VALUES ('50', '2024-09-26 19:38:43', 'CV3W4Z', '1FFFBU');
INSERT INTO `matrix_filling` (`placement_id`, `downline_id`, `level`, `matrix`) VALUES ('J4CGUT', 'CV3W4Z', 11, 1);
UPDATE `bv_updation` SET left_carry = left_carry+50, total_left = total_left+50
WHERE `user_id` = 'J4CGUT';
INSERT INTO `placement_bv_update_history` (`left_carry`, `date`, `from_id`, `user_id`) VALUES ('50', '2024-09-26 19:38:43', 'CV3W4Z', 'J4CGUT');
INSERT INTO `matrix_filling` (`placement_id`, `downline_id`, `level`, `matrix`) VALUES ('S1RTX3', 'CV3W4Z', 12, 1);
UPDATE `bv_updation` SET left_carry = left_carry+50, total_left = total_left+50
WHERE `user_id` = 'S1RTX3';
INSERT INTO `placement_bv_update_history` (`left_carry`, `date`, `from_id`, `user_id`) VALUES ('50', '2024-09-26 19:38:43', 'CV3W4Z', 'S1RTX3');
INSERT INTO `matrix_filling` (`placement_id`, `downline_id`, `level`, `matrix`) VALUES ('I8YWQA', 'CV3W4Z', 13, 1);
UPDATE `bv_updation` SET left_carry = left_carry+50, total_left = total_left+50
WHERE `user_id` = 'I8YWQA';
INSERT INTO `placement_bv_update_history` (`left_carry`, `date`, `from_id`, `user_id`) VALUES ('50', '2024-09-26 19:38:43', 'CV3W4Z', 'I8YWQA');
INSERT INTO `matrix_filling` (`placement_id`, `downline_id`, `level`, `matrix`) VALUES ('I3MZBU', 'CV3W4Z', 14, 1);
UPDATE `bv_updation` SET left_carry = left_carry+50, total_left = total_left+50
WHERE `user_id` = 'I3MZBU';
INSERT INTO `placement_bv_update_history` (`left_carry`, `date`, `from_id`, `user_id`) VALUES ('50', '2024-09-26 19:38:43', 'CV3W4Z', 'I3MZBU');
INSERT INTO `matrix_filling` (`placement_id`, `downline_id`, `level`, `matrix`) VALUES ('H2I33O', 'CV3W4Z', 15, 1);
UPDATE `bv_updation` SET left_carry = left_carry+50, total_left = total_left+50
WHERE `user_id` = 'H2I33O';
INSERT INTO `placement_bv_update_history` (`left_carry`, `date`, `from_id`, `user_id`) VALUES ('50', '2024-09-26 19:38:43', 'CV3W4Z', 'H2I33O');
INSERT INTO `matrix_filling` (`placement_id`, `downline_id`, `level`, `matrix`) VALUES ('AL7XWH', 'CV3W4Z', 16, 1);
UPDATE `bv_updation` SET left_carry = left_carry+50, total_left = total_left+50
WHERE `user_id` = 'AL7XWH';
INSERT INTO `placement_bv_update_history` (`left_carry`, `date`, `from_id`, `user_id`) VALUES ('50', '2024-09-26 19:38:43', 'CV3W4Z', 'AL7XWH');
INSERT INTO `matrix_filling` (`placement_id`, `downline_id`, `level`, `matrix`) VALUES ('HFZ9SA', 'CV3W4Z', 17, 1);
UPDATE `bv_updation` SET left_carry = left_carry+50, total_left = total_left+50
WHERE `user_id` = 'HFZ9SA';
INSERT INTO `placement_bv_update_history` (`left_carry`, `date`, `from_id`, `user_id`) VALUES ('50', '2024-09-26 19:38:43', 'CV3W4Z', 'HFZ9SA');
INSERT INTO `matrix_filling` (`placement_id`, `downline_id`, `level`, `matrix`) VALUES ('A2MTZ3', 'CV3W4Z', 18, 1);
UPDATE `bv_updation` SET left_carry = left_carry+50, total_left = total_left+50
WHERE `user_id` = 'A2MTZ3';
INSERT INTO `placement_bv_update_history` (`left_carry`, `date`, `from_id`, `user_id`) VALUES ('50', '2024-09-26 19:38:43', 'CV3W4Z', 'A2MTZ3');
INSERT INTO `matrix_filling` (`placement_id`, `downline_id`, `level`, `matrix`) VALUES ('RUEKCW', 'CV3W4Z', 19, 1);
UPDATE `bv_updation` SET left_carry = left_carry+50, total_left = total_left+50
WHERE `user_id` = 'RUEKCW';
INSERT INTO `placement_bv_update_history` (`left_carry`, `date`, `from_id`, `user_id`) VALUES ('50', '2024-09-26 19:38:43', 'CV3W4Z', 'RUEKCW');
INSERT INTO `matrix_filling` (`placement_id`, `downline_id`, `level`, `matrix`) VALUES ('K3GTG4', 'CV3W4Z', 20, 1);
UPDATE `bv_updation` SET left_carry = left_carry+50, total_left = total_left+50
WHERE `user_id` = 'K3GTG4';
INSERT INTO `placement_bv_update_history` (`left_carry`, `date`, `from_id`, `user_id`) VALUES ('50', '2024-09-26 19:38:43', 'CV3W4Z', 'K3GTG4');
INSERT INTO `matrix_filling` (`placement_id`, `downline_id`, `level`, `matrix`) VALUES ('I1TUBN', 'CV3W4Z', 21, 1);
UPDATE `bv_updation` SET left_carry = left_carry+50, total_left = total_left+50
WHERE `user_id` = 'I1TUBN';
INSERT INTO `placement_bv_update_history` (`left_carry`, `date`, `from_id`, `user_id`) VALUES ('50', '2024-09-26 19:38:43', 'CV3W4Z', 'I1TUBN');
INSERT INTO `matrix_filling` (`placement_id`, `downline_id`, `level`, `matrix`) VALUES ('BAUCCU', 'CV3W4Z', 22, 1);
UPDATE `bv_updation` SET left_carry = left_carry+50, total_left = total_left+50
WHERE `user_id` = 'BAUCCU';
INSERT INTO `placement_bv_update_history` (`left_carry`, `date`, `from_id`, `user_id`) VALUES ('50', '2024-09-26 19:38:43', 'CV3W4Z', 'BAUCCU');
INSERT INTO `matrix_filling` (`placement_id`, `downline_id`, `level`, `matrix`) VALUES ('62QO97', 'CV3W4Z', 23, 1);
UPDATE `bv_updation` SET left_carry = left_carry+50, total_left = total_left+50
WHERE `user_id` = '62QO97';
INSERT INTO `placement_bv_update_history` (`left_carry`, `date`, `from_id`, `user_id`) VALUES ('50', '2024-09-26 19:38:43', 'CV3W4Z', '62QO97');
INSERT INTO `matrix_filling` (`placement_id`, `downline_id`, `level`, `matrix`) VALUES ('OHLQEO', 'CV3W4Z', 24, 1);
UPDATE `bv_updation` SET left_carry = left_carry+50, total_left = total_left+50
WHERE `user_id` = 'OHLQEO';
INSERT INTO `placement_bv_update_history` (`left_carry`, `date`, `from_id`, `user_id`) VALUES ('50', '2024-09-26 19:38:43', 'CV3W4Z', 'OHLQEO');
INSERT INTO `matrix_filling` (`placement_id`, `downline_id`, `level`, `matrix`) VALUES ('7APFKG', 'CV3W4Z', 25, 1);
UPDATE `bv_updation` SET left_carry = left_carry+50, total_left = total_left+50
WHERE `user_id` = '7APFKG';
INSERT INTO `placement_bv_update_history` (`left_carry`, `date`, `from_id`, `user_id`) VALUES ('50', '2024-09-26 19:38:43', 'CV3W4Z', '7APFKG');
INSERT INTO `matrix_filling` (`placement_id`, `downline_id`, `level`, `matrix`) VALUES ('Q2Q92Y', 'CV3W4Z', 26, 1);
UPDATE `bv_updation` SET left_carry = left_carry+50, total_left = total_left+50
WHERE `user_id` = 'Q2Q92Y';
INSERT INTO `placement_bv_update_history` (`left_carry`, `date`, `from_id`, `user_id`) VALUES ('50', '2024-09-26 19:38:43', 'CV3W4Z', 'Q2Q92Y');
INSERT INTO `matrix_filling` (`placement_id`, `downline_id`, `level`, `matrix`) VALUES ('E9ITRC', 'CV3W4Z', 27, 1);
UPDATE `bv_updation` SET left_carry = left_carry+50, total_left = total_left+50
WHERE `user_id` = 'E9ITRC';
INSERT INTO `placement_bv_update_history` (`left_carry`, `date`, `from_id`, `user_id`) VALUES ('50', '2024-09-26 19:38:43', 'CV3W4Z', 'E9ITRC');
INSERT INTO `matrix_filling` (`placement_id`, `downline_id`, `level`, `matrix`) VALUES ('7COKBB', 'CV3W4Z', 28, 1);
UPDATE `bv_updation` SET left_carry = left_carry+50, total_left = total_left+50
WHERE `user_id` = '7COKBB';
INSERT INTO `placement_bv_update_history` (`left_carry`, `date`, `from_id`, `user_id`) VALUES ('50', '2024-09-26 19:38:43', 'CV3W4Z', '7COKBB');
INSERT INTO `matrix_filling` (`placement_id`, `downline_id`, `level`, `matrix`) VALUES ('BDNS17', 'CV3W4Z', 29, 1);
UPDATE `bv_updation` SET left_carry = left_carry+50, total_left = total_left+50
WHERE `user_id` = 'BDNS17';
INSERT INTO `placement_bv_update_history` (`left_carry`, `date`, `from_id`, `user_id`) VALUES ('50', '2024-09-26 19:38:43', 'CV3W4Z', 'BDNS17');
INSERT INTO `matrix_filling` (`placement_id`, `downline_id`, `level`, `matrix`) VALUES ('7ZXRRE', 'CV3W4Z', 30, 1);
UPDATE `bv_updation` SET left_carry = left_carry+50, total_left = total_left+50
WHERE `user_id` = '7ZXRRE';
INSERT INTO `placement_bv_update_history` (`left_carry`, `date`, `from_id`, `user_id`) VALUES ('50', '2024-09-26 19:38:43', 'CV3W4Z', '7ZXRRE');
INSERT INTO `matrix_filling` (`placement_id`, `downline_id`, `level`, `matrix`) VALUES ('KLRAF5', 'CV3W4Z', 31, 1);
UPDATE `bv_updation` SET left_carry = left_carry+50, total_left = total_left+50
WHERE `user_id` = 'KLRAF5';
INSERT INTO `placement_bv_update_history` (`left_carry`, `date`, `from_id`, `user_id`) VALUES ('50', '2024-09-26 19:38:43', 'CV3W4Z', 'KLRAF5');
INSERT INTO `matrix_filling` (`placement_id`, `downline_id`, `level`, `matrix`) VALUES ('IFJHZG', 'CV3W4Z', 32, 1);
UPDATE `bv_updation` SET left_carry = left_carry+50, total_left = total_left+50
WHERE `user_id` = 'IFJHZG';
INSERT INTO `placement_bv_update_history` (`left_carry`, `date`, `from_id`, `user_id`) VALUES ('50', '2024-09-26 19:38:43', 'CV3W4Z', 'IFJHZG');
INSERT INTO `matrix_filling` (`placement_id`, `downline_id`, `level`, `matrix`) VALUES ('MXUV8Q', 'CV3W4Z', 33, 1);
UPDATE `bv_updation` SET left_carry = left_carry+50, total_left = total_left+50
WHERE `user_id` = 'MXUV8Q';
INSERT INTO `placement_bv_update_history` (`left_carry`, `date`, `from_id`, `user_id`) VALUES ('50', '2024-09-26 19:38:43', 'CV3W4Z', 'MXUV8Q');
INSERT INTO `matrix_filling` (`placement_id`, `downline_id`, `level`, `matrix`) VALUES ('GGM164', 'CV3W4Z', 34, 1);
UPDATE `bv_updation` SET left_carry = left_carry+50, total_left = total_left+50
WHERE `user_id` = 'GGM164';
INSERT INTO `placement_bv_update_history` (`left_carry`, `date`, `from_id`, `user_id`) VALUES ('50', '2024-09-26 19:38:43', 'CV3W4Z', 'GGM164');
INSERT INTO `matrix_filling` (`placement_id`, `downline_id`, `level`, `matrix`) VALUES ('3NKIEX', 'CV3W4Z', 35, 1);
UPDATE `bv_updation` SET left_carry = left_carry+50, total_left = total_left+50
WHERE `user_id` = '3NKIEX';
INSERT INTO `placement_bv_update_history` (`left_carry`, `date`, `from_id`, `user_id`) VALUES ('50', '2024-09-26 19:38:43', 'CV3W4Z', '3NKIEX');
INSERT INTO `matrix_filling` (`placement_id`, `downline_id`, `level`, `matrix`) VALUES ('S56TH3', 'CV3W4Z', 36, 1);
UPDATE `bv_updation` SET left_carry = left_carry+50, total_left = total_left+50
WHERE `user_id` = 'S56TH3';
INSERT INTO `placement_bv_update_history` (`left_carry`, `date`, `from_id`, `user_id`) VALUES ('50', '2024-09-26 19:38:43', 'CV3W4Z', 'S56TH3');
INSERT INTO `matrix_filling` (`placement_id`, `downline_id`, `level`, `matrix`) VALUES ('XYG89U', 'CV3W4Z', 37, 1);
UPDATE `bv_updation` SET left_carry = left_carry+50, total_left = total_left+50
WHERE `user_id` = 'XYG89U';
INSERT INTO `placement_bv_update_history` (`left_carry`, `date`, `from_id`, `user_id`) VALUES ('50', '2024-09-26 19:38:43', 'CV3W4Z', 'XYG89U');
INSERT INTO `matrix_filling` (`placement_id`, `downline_id`, `level`, `matrix`) VALUES ('HTFY93', 'CV3W4Z', 38, 1);
UPDATE `bv_updation` SET left_carry = left_carry+50, total_left = total_left+50
WHERE `user_id` = 'HTFY93';
INSERT INTO `placement_bv_update_history` (`left_carry`, `date`, `from_id`, `user_id`) VALUES ('50', '2024-09-26 19:38:43', 'CV3W4Z', 'HTFY93');
INSERT INTO `matrix_filling` (`placement_id`, `downline_id`, `level`, `matrix`) VALUES ('3PR393', 'CV3W4Z', 39, 1);
UPDATE `bv_updation` SET left_carry = left_carry+50, total_left = total_left+50
WHERE `user_id` = '3PR393';
INSERT INTO `placement_bv_update_history` (`left_carry`, `date`, `from_id`, `user_id`) VALUES ('50', '2024-09-26 19:38:43', 'CV3W4Z', '3PR393');
INSERT INTO `matrix_filling` (`placement_id`, `downline_id`, `level`, `matrix`) VALUES ('T3MRY1', 'CV3W4Z', 40, 1);
UPDATE `bv_updation` SET left_carry = left_carry+50, total_left = total_left+50
WHERE `user_id` = 'T3MRY1';
INSERT INTO `placement_bv_update_history` (`left_carry`, `date`, `from_id`, `user_id`) VALUES ('50', '2024-09-26 19:38:43', 'CV3W4Z', 'T3MRY1');
INSERT INTO `matrix_filling` (`placement_id`, `downline_id`, `level`, `matrix`) VALUES ('GTMCCK', 'CV3W4Z', 41, 1);
UPDATE `bv_updation` SET left_carry = left_carry+50, total_left = total_left+50
WHERE `user_id` = 'GTMCCK';
INSERT INTO `placement_bv_update_history` (`left_carry`, `date`, `from_id`, `user_id`) VALUES ('50', '2024-09-26 19:38:43', 'CV3W4Z', 'GTMCCK');
INSERT INTO `matrix_filling` (`placement_id`, `downline_id`, `level`, `matrix`) VALUES ('DLYMIF', 'CV3W4Z', 42, 1);
UPDATE `bv_updation` SET left_carry = left_carry+50, total_left = total_left+50
WHERE `user_id` = 'DLYMIF';
INSERT INTO `placement_bv_update_history` (`left_carry`, `date`, `from_id`, `user_id`) VALUES ('50', '2024-09-26 19:38:43', 'CV3W4Z', 'DLYMIF');
INSERT INTO `matrix_filling` (`placement_id`, `downline_id`, `level`, `matrix`) VALUES ('WGJ5KE', 'CV3W4Z', 43, 1);
UPDATE `bv_updation` SET left_carry = left_carry+50, total_left = total_left+50
WHERE `user_id` = 'WGJ5KE';
INSERT INTO `placement_bv_update_history` (`left_carry`, `date`, `from_id`, `user_id`) VALUES ('50', '2024-09-26 19:38:43', 'CV3W4Z', 'WGJ5KE');
INSERT INTO `matrix_filling` (`placement_id`, `downline_id`, `level`, `matrix`) VALUES ('ORRJ3M', 'CV3W4Z', 44, 1);
UPDATE `bv_updation` SET left_carry = left_carry+50, total_left = total_left+50
WHERE `user_id` = 'ORRJ3M';
INSERT INTO `placement_bv_update_history` (`left_carry`, `date`, `from_id`, `user_id`) VALUES ('50', '2024-09-26 19:38:43', 'CV3W4Z', 'ORRJ3M');
INSERT INTO `matrix_filling` (`placement_id`, `downline_id`, `level`, `matrix`) VALUES ('AA8V6V', 'CV3W4Z', 45, 1);
UPDATE `bv_updation` SET left_carry = left_carry+50, total_left = total_left+50
WHERE `user_id` = 'AA8V6V';
INSERT INTO `placement_bv_update_history` (`left_carry`, `date`, `from_id`, `user_id`) VALUES ('50', '2024-09-26 19:38:43', 'CV3W4Z', 'AA8V6V');
INSERT INTO `matrix_filling` (`placement_id`, `downline_id`, `level`, `matrix`) VALUES ('61ME4O', 'CV3W4Z', 46, 1);
UPDATE `bv_updation` SET left_carry = left_carry+50, total_left = total_left+50
WHERE `user_id` = '61ME4O';
INSERT INTO `placement_bv_update_history` (`left_carry`, `date`, `from_id`, `user_id`) VALUES ('50', '2024-09-26 19:38:43', 'CV3W4Z', '61ME4O');
INSERT INTO `matrix_filling` (`placement_id`, `downline_id`, `level`, `matrix`) VALUES ('WS1SZZ', 'CV3W4Z', 47, 1);
UPDATE `bv_updation` SET left_carry = left_carry+50, total_left = total_left+50
WHERE `user_id` = 'WS1SZZ';
INSERT INTO `placement_bv_update_history` (`left_carry`, `date`, `from_id`, `user_id`) VALUES ('50', '2024-09-26 19:38:43', 'CV3W4Z', 'WS1SZZ');
INSERT INTO `matrix_filling` (`placement_id`, `downline_id`, `level`, `matrix`) VALUES ('TBN4MZ', 'CV3W4Z', 48, 1);
UPDATE `bv_updation` SET left_carry = left_carry+50, total_left = total_left+50
WHERE `user_id` = 'TBN4MZ';
INSERT INTO `placement_bv_update_history` (`left_carry`, `date`, `from_id`, `user_id`) VALUES ('50', '2024-09-26 19:38:43', 'CV3W4Z', 'TBN4MZ');
INSERT INTO `matrix_filling` (`placement_id`, `downline_id`, `level`, `matrix`) VALUES ('OEMJ8R', 'CV3W4Z', 49, 1);
UPDATE `bv_updation` SET left_carry = left_carry+50, total_left = total_left+50
WHERE `user_id` = 'OEMJ8R';
INSERT INTO `placement_bv_update_history` (`left_carry`, `date`, `from_id`, `user_id`) VALUES ('50', '2024-09-26 19:38:44', 'CV3W4Z', 'OEMJ8R');
INSERT INTO `matrix_filling` (`placement_id`, `downline_id`, `level`, `matrix`) VALUES ('FXAYIE', 'CV3W4Z', 50, 1);
UPDATE `bv_updation` SET left_carry = left_carry+50, total_left = total_left+50
WHERE `user_id` = 'FXAYIE';
INSERT INTO `placement_bv_update_history` (`left_carry`, `date`, `from_id`, `user_id`) VALUES ('50', '2024-09-26 19:38:44', 'CV3W4Z', 'FXAYIE');
INSERT INTO `matrix_filling` (`placement_id`, `downline_id`, `level`, `matrix`) VALUES ('ELXZWC', 'CV3W4Z', 51, 1);
UPDATE `bv_updation` SET left_carry = left_carry+50, total_left = total_left+50
WHERE `user_id` = 'ELXZWC';
INSERT INTO `placement_bv_update_history` (`left_carry`, `date`, `from_id`, `user_id`) VALUES ('50', '2024-09-26 19:38:44', 'CV3W4Z', 'ELXZWC');
INSERT INTO `matrix_filling` (`placement_id`, `downline_id`, `level`, `matrix`) VALUES ('C1TQVI', 'CV3W4Z', 52, 1);
UPDATE `bv_updation` SET left_carry = left_carry+50, total_left = total_left+50
WHERE `user_id` = 'C1TQVI';
INSERT INTO `placement_bv_update_history` (`left_carry`, `date`, `from_id`, `user_id`) VALUES ('50', '2024-09-26 19:38:44', 'CV3W4Z', 'C1TQVI');
INSERT INTO `matrix_filling` (`placement_id`, `downline_id`, `level`, `matrix`) VALUES ('F5GPDF', 'CV3W4Z', 53, 1);
UPDATE `bv_updation` SET left_carry = left_carry+50, total_left = total_left+50
WHERE `user_id` = 'F5GPDF';
INSERT INTO `placement_bv_update_history` (`left_carry`, `date`, `from_id`, `user_id`) VALUES ('50', '2024-09-26 19:38:44', 'CV3W4Z', 'F5GPDF');
INSERT INTO `matrix_filling` (`placement_id`, `downline_id`, `level`, `matrix`) VALUES ('91PYDK', 'CV3W4Z', 54, 1);
UPDATE `bv_updation` SET left_carry = left_carry+50, total_left = total_left+50
WHERE `user_id` = '91PYDK';
INSERT INTO `placement_bv_update_history` (`left_carry`, `date`, `from_id`, `user_id`) VALUES ('50', '2024-09-26 19:38:44', 'CV3W4Z', '91PYDK');
INSERT INTO `matrix_filling` (`placement_id`, `downline_id`, `level`, `matrix`) VALUES ('4OT7RX', 'CV3W4Z', 55, 1);
UPDATE `bv_updation` SET left_carry = left_carry+50, total_left = total_left+50
WHERE `user_id` = '4OT7RX';
INSERT INTO `placement_bv_update_history` (`left_carry`, `date`, `from_id`, `user_id`) VALUES ('50', '2024-09-26 19:38:44', 'CV3W4Z', '4OT7RX');
INSERT INTO `matrix_filling` (`placement_id`, `downline_id`, `level`, `matrix`) VALUES ('ZJZA3M', 'CV3W4Z', 56, 1);
UPDATE `bv_updation` SET left_carry = left_carry+50, total_left = total_left+50
WHERE `user_id` = 'ZJZA3M';
INSERT INTO `placement_bv_update_history` (`left_carry`, `date`, `from_id`, `user_id`) VALUES ('50', '2024-09-26 19:38:44', 'CV3W4Z', 'ZJZA3M');
INSERT INTO `matrix_filling` (`placement_id`, `downline_id`, `level`, `matrix`) VALUES ('XN6ETC', 'CV3W4Z', 57, 1);
UPDATE `bv_updation` SET left_carry = left_carry+50, total_left = total_left+50
WHERE `user_id` = 'XN6ETC';
INSERT INTO `placement_bv_update_history` (`left_carry`, `date`, `from_id`, `user_id`) VALUES ('50', '2024-09-26 19:38:44', 'CV3W4Z', 'XN6ETC');
INSERT INTO `matrix_filling` (`placement_id`, `downline_id`, `level`, `matrix`) VALUES ('KVQN1O', 'CV3W4Z', 58, 1);
UPDATE `bv_updation` SET left_carry = left_carry+50, total_left = total_left+50
WHERE `user_id` = 'KVQN1O';
INSERT INTO `placement_bv_update_history` (`left_carry`, `date`, `from_id`, `user_id`) VALUES ('50', '2024-09-26 19:38:44', 'CV3W4Z', 'KVQN1O');
INSERT INTO `matrix_filling` (`placement_id`, `downline_id`, `level`, `matrix`) VALUES ('X3V7DJ', 'CV3W4Z', 59, 1);
UPDATE `bv_updation` SET left_carry = left_carry+50, total_left = total_left+50
WHERE `user_id` = 'X3V7DJ';
INSERT INTO `placement_bv_update_history` (`left_carry`, `date`, `from_id`, `user_id`) VALUES ('50', '2024-09-26 19:38:44', 'CV3W4Z', 'X3V7DJ');
INSERT INTO `matrix_filling` (`placement_id`, `downline_id`, `level`, `matrix`) VALUES ('DJ77NH', 'CV3W4Z', 60, 1);
UPDATE `bv_updation` SET left_carry = left_carry+50, total_left = total_left+50
WHERE `user_id` = 'DJ77NH';
INSERT INTO `placement_bv_update_history` (`left_carry`, `date`, `from_id`, `user_id`) VALUES ('50', '2024-09-26 19:38:44', 'CV3W4Z', 'DJ77NH');
INSERT INTO `matrix_filling` (`placement_id`, `downline_id`, `level`, `matrix`) VALUES ('PX7XCL', 'CV3W4Z', 61, 1);
UPDATE `bv_updation` SET left_carry = left_carry+50, total_left = total_left+50
WHERE `user_id` = 'PX7XCL';
INSERT INTO `placement_bv_update_history` (`left_carry`, `date`, `from_id`, `user_id`) VALUES ('50', '2024-09-26 19:38:44', 'CV3W4Z', 'PX7XCL');
INSERT INTO `matrix_filling` (`placement_id`, `downline_id`, `level`, `matrix`) VALUES ('L8PM4Z', 'CV3W4Z', 62, 1);
UPDATE `bv_updation` SET left_carry = left_carry+50, total_left = total_left+50
WHERE `user_id` = 'L8PM4Z';
INSERT INTO `placement_bv_update_history` (`left_carry`, `date`, `from_id`, `user_id`) VALUES ('50', '2024-09-26 19:38:44', 'CV3W4Z', 'L8PM4Z');
INSERT INTO `matrix_filling` (`placement_id`, `downline_id`, `level`, `matrix`) VALUES ('GBSIER', 'CV3W4Z', 63, 1);
UPDATE `bv_updation` SET left_carry = left_carry+50, total_left = total_left+50
WHERE `user_id` = 'GBSIER';
INSERT INTO `placement_bv_update_history` (`left_carry`, `date`, `from_id`, `user_id`) VALUES ('50', '2024-09-26 19:38:44', 'CV3W4Z', 'GBSIER');
INSERT INTO `matrix_filling` (`placement_id`, `downline_id`, `level`, `matrix`) VALUES ('AV48YQ', 'CV3W4Z', 64, 1);
UPDATE `bv_updation` SET left_carry = left_carry+50, total_left = total_left+50
WHERE `user_id` = 'AV48YQ';
INSERT INTO `placement_bv_update_history` (`left_carry`, `date`, `from_id`, `user_id`) VALUES ('50', '2024-09-26 19:38:44', 'CV3W4Z', 'AV48YQ');
INSERT INTO `matrix_filling` (`placement_id`, `downline_id`, `level`, `matrix`) VALUES ('admin', 'CV3W4Z', 65, 1);
INSERT INTO `package_purchase_history` (`user_id`, `package_id`, `reg_fee`, `package_name`, `monthly_fee`, `type`, `date`, `payment_option`) VALUES ('CV3W4Z', '2', '595', 'Traveler Pro', '150', 'sign_up', '2024-09-26 19:38:44', 'free');
UPDATE `user_registration` SET `popup_seen` = 'no'
WHERE `user_id` = '1FFFBU';
DELETE FROM `ci_sessions`
WHERE `id` = 'c2808dc4f50c38e463f0e804b45e8e8933783263';
INSERT INTO `login_history` (`user_id`, `device`, `ip_address`, `date`) VALUES ('97QHYG', 'Mozilla/5.0 (Windows NT 10.0; Win64; x64) AppleWebKit/537.36 (KHTML, like Gecko) Chrome/128.0.0.0 Safari/537.36', '172.69.132.137', '24-09-26 19:39');
UPDATE `user_registration` SET `popup_seen` = 'yes'
WHERE `user_id` = '97QHYG';
UPDATE `user_registration` SET `uid` = '3025', `user_id` = 'SCHE8B', `username` = 'esthersita7', `sponsor_id` = '6SUQNY', `vacant` = 'no', `f_name` = 'Esther', `l_name` = 'Borja', `address` = '6520 Kendale Lakes Dr', `position` = 'right', `email` = 'esthersita7@gmail.com', `password` = 'afea95355a9bce80c59861659edb8009', `phone` = '3057610606', `country` = 'United States', `state` = 'Florida', `city` = 'Miami', `street` = '6520 Kendale Lakes Dr', `zip_code` = '33183', `reg_ip` = '172.70.54.43', `status` = 1, `package_id` = '2', `rank_id` = 1, `highest_rank` = 1, `created` = '2024-09-26 19:40:33', `subscription_date` = '2024-10-26', `google_secret` = 'J36MSXWCXHPGAF7T'
WHERE `uid` = '3025';
INSERT INTO `user_registration` (`uid`, `user_id`, `username`, `sponsor_id`, `placement_id`, `vacant`, `f_name`, `l_name`, `address`, `position`, `email`, `password`, `phone`, `reg_ip`, `status`, `created`) VALUES (NULL, 'ZEALDQ', 'ZpPSoMFe', 'SCHE8B', 'SCHE8B', 'yes', '', '', '', 'left', '@mail.com', '', '', '', 0, '2024-09-26 19:40:33');
INSERT INTO `user_registration` (`uid`, `user_id`, `username`, `sponsor_id`, `placement_id`, `vacant`, `f_name`, `l_name`, `address`, `position`, `email`, `password`, `phone`, `reg_ip`, `status`, `created`) VALUES (NULL, 'TTYMCB', 'oVFlFwdF', 'SCHE8B', 'SCHE8B', 'yes', '', '', '', 'right', '@mail.com', '', '', '', 0, '2024-09-26 19:40:33');
INSERT INTO `bv_updation` (`user_id`) VALUES ('SCHE8B');
UPDATE `user_registration` SET total_ref_count = total_ref_count+1
WHERE `user_id` = '6SUQNY';
UPDATE `user_registration` SET total_downlines = total_downlines+1
WHERE `user_id` = 'CV3W4Z';
UPDATE `user_registration` SET right_downlines = right_downlines+1
WHERE `user_id` = 'CV3W4Z';
UPDATE `user_registration` SET total_downlines = total_downlines+1
WHERE `user_id` = 'XUE2YU';
UPDATE `user_registration` SET right_downlines = right_downlines+1
WHERE `user_id` = 'XUE2YU';
UPDATE `user_registration` SET total_downlines = total_downlines+1
WHERE `user_id` = 'F5GZUD';
UPDATE `user_registration` SET right_downlines = right_downlines+1
WHERE `user_id` = 'F5GZUD';
UPDATE `user_registration` SET total_downlines = total_downlines+1
WHERE `user_id` = '1XCQUI';
UPDATE `user_registration` SET right_downlines = right_downlines+1
WHERE `user_id` = '1XCQUI';
UPDATE `user_registration` SET total_downlines = total_downlines+1
WHERE `user_id` = 'MGO2GW';
UPDATE `user_registration` SET right_downlines = right_downlines+1
WHERE `user_id` = 'MGO2GW';
UPDATE `user_registration` SET total_downlines = total_downlines+1
WHERE `user_id` = 'A3U9QE';
UPDATE `user_registration` SET right_downlines = right_downlines+1
WHERE `user_id` = 'A3U9QE';
UPDATE `user_registration` SET total_downlines = total_downlines+1
WHERE `user_id` = 'VHYSA7';
UPDATE `user_registration` SET right_downlines = right_downlines+1
WHERE `user_id` = 'VHYSA7';
UPDATE `user_registration` SET total_downlines = total_downlines+1
WHERE `user_id` = '6SUQNY';
UPDATE `user_registration` SET right_downlines = right_downlines+1
WHERE `user_id` = '6SUQNY';
UPDATE `user_registration` SET right_ref_count = right_ref_count+1
WHERE `user_id` = '6SUQNY';
UPDATE `user_registration` SET active_right = active_right+1
WHERE `user_id` = '6SUQNY';
UPDATE `user_registration` SET total_downlines = total_downlines+1
WHERE `user_id` = '5K7DS2';
UPDATE `user_registration` SET left_downlines = left_downlines+1
WHERE `user_id` = '5K7DS2';
UPDATE `user_registration` SET total_downlines = total_downlines+1
WHERE `user_id` = 'HI62BI';
UPDATE `user_registration` SET right_downlines = right_downlines+1
WHERE `user_id` = 'HI62BI';
UPDATE `user_registration` SET total_downlines = total_downlines+1
WHERE `user_id` = '1FFFBU';
UPDATE `user_registration` SET right_downlines = right_downlines+1
WHERE `user_id` = '1FFFBU';
UPDATE `user_registration` SET total_downlines = total_downlines+1
WHERE `user_id` = 'J4CGUT';
UPDATE `user_registration` SET left_downlines = left_downlines+1
WHERE `user_id` = 'J4CGUT';
UPDATE `user_registration` SET total_downlines = total_downlines+1
WHERE `user_id` = 'S1RTX3';
UPDATE `user_registration` SET left_downlines = left_downlines+1
WHERE `user_id` = 'S1RTX3';
UPDATE `user_registration` SET total_downlines = total_downlines+1
WHERE `user_id` = 'I8YWQA';
UPDATE `user_registration` SET left_downlines = left_downlines+1
WHERE `user_id` = 'I8YWQA';
UPDATE `user_registration` SET total_downlines = total_downlines+1
WHERE `user_id` = 'I3MZBU';
UPDATE `user_registration` SET left_downlines = left_downlines+1
WHERE `user_id` = 'I3MZBU';
UPDATE `user_registration` SET total_downlines = total_downlines+1
WHERE `user_id` = 'H2I33O';
UPDATE `user_registration` SET left_downlines = left_downlines+1
WHERE `user_id` = 'H2I33O';
UPDATE `user_registration` SET total_downlines = total_downlines+1
WHERE `user_id` = 'AL7XWH';
UPDATE `user_registration` SET left_downlines = left_downlines+1
WHERE `user_id` = 'AL7XWH';
UPDATE `user_registration` SET total_downlines = total_downlines+1
WHERE `user_id` = 'HFZ9SA';
UPDATE `user_registration` SET left_downlines = left_downlines+1
WHERE `user_id` = 'HFZ9SA';
UPDATE `user_registration` SET total_downlines = total_downlines+1
WHERE `user_id` = 'A2MTZ3';
UPDATE `user_registration` SET left_downlines = left_downlines+1
WHERE `user_id` = 'A2MTZ3';
UPDATE `user_registration` SET total_downlines = total_downlines+1
WHERE `user_id` = 'RUEKCW';
UPDATE `user_registration` SET left_downlines = left_downlines+1
WHERE `user_id` = 'RUEKCW';
UPDATE `user_registration` SET total_downlines = total_downlines+1
WHERE `user_id` = 'K3GTG4';
UPDATE `user_registration` SET left_downlines = left_downlines+1
WHERE `user_id` = 'K3GTG4';
UPDATE `user_registration` SET total_downlines = total_downlines+1
WHERE `user_id` = 'I1TUBN';
UPDATE `user_registration` SET left_downlines = left_downlines+1
WHERE `user_id` = 'I1TUBN';
UPDATE `user_registration` SET total_downlines = total_downlines+1
WHERE `user_id` = 'BAUCCU';
UPDATE `user_registration` SET left_downlines = left_downlines+1
WHERE `user_id` = 'BAUCCU';
UPDATE `user_registration` SET total_downlines = total_downlines+1
WHERE `user_id` = '62QO97';
UPDATE `user_registration` SET left_downlines = left_downlines+1
WHERE `user_id` = '62QO97';
UPDATE `user_registration` SET total_downlines = total_downlines+1
WHERE `user_id` = 'OHLQEO';
UPDATE `user_registration` SET left_downlines = left_downlines+1
WHERE `user_id` = 'OHLQEO';
UPDATE `user_registration` SET total_downlines = total_downlines+1
WHERE `user_id` = '7APFKG';
UPDATE `user_registration` SET left_downlines = left_downlines+1
WHERE `user_id` = '7APFKG';
UPDATE `user_registration` SET total_downlines = total_downlines+1
WHERE `user_id` = 'Q2Q92Y';
UPDATE `user_registration` SET left_downlines = left_downlines+1
WHERE `user_id` = 'Q2Q92Y';
UPDATE `user_registration` SET total_downlines = total_downlines+1
WHERE `user_id` = 'E9ITRC';
UPDATE `user_registration` SET left_downlines = left_downlines+1
WHERE `user_id` = 'E9ITRC';
UPDATE `user_registration` SET total_downlines = total_downlines+1
WHERE `user_id` = '7COKBB';
UPDATE `user_registration` SET left_downlines = left_downlines+1
WHERE `user_id` = '7COKBB';
UPDATE `user_registration` SET total_downlines = total_downlines+1
WHERE `user_id` = 'BDNS17';
UPDATE `user_registration` SET left_downlines = left_downlines+1
WHERE `user_id` = 'BDNS17';
UPDATE `user_registration` SET total_downlines = total_downlines+1
WHERE `user_id` = '7ZXRRE';
UPDATE `user_registration` SET left_downlines = left_downlines+1
WHERE `user_id` = '7ZXRRE';
UPDATE `user_registration` SET total_downlines = total_downlines+1
WHERE `user_id` = 'KLRAF5';
UPDATE `user_registration` SET left_downlines = left_downlines+1
WHERE `user_id` = 'KLRAF5';
UPDATE `user_registration` SET total_downlines = total_downlines+1
WHERE `user_id` = 'IFJHZG';
UPDATE `user_registration` SET left_downlines = left_downlines+1
WHERE `user_id` = 'IFJHZG';
UPDATE `user_registration` SET total_downlines = total_downlines+1
WHERE `user_id` = 'MXUV8Q';
UPDATE `user_registration` SET left_downlines = left_downlines+1
WHERE `user_id` = 'MXUV8Q';
UPDATE `user_registration` SET total_downlines = total_downlines+1
WHERE `user_id` = 'GGM164';
UPDATE `user_registration` SET left_downlines = left_downlines+1
WHERE `user_id` = 'GGM164';
UPDATE `user_registration` SET total_downlines = total_downlines+1
WHERE `user_id` = '3NKIEX';
UPDATE `user_registration` SET left_downlines = left_downlines+1
WHERE `user_id` = '3NKIEX';
UPDATE `user_registration` SET total_downlines = total_downlines+1
WHERE `user_id` = 'S56TH3';
UPDATE `user_registration` SET left_downlines = left_downlines+1
WHERE `user_id` = 'S56TH3';
UPDATE `user_registration` SET total_downlines = total_downlines+1
WHERE `user_id` = 'XYG89U';
UPDATE `user_registration` SET left_downlines = left_downlines+1
WHERE `user_id` = 'XYG89U';
UPDATE `user_registration` SET total_downlines = total_downlines+1
WHERE `user_id` = 'HTFY93';
UPDATE `user_registration` SET left_downlines = left_downlines+1
WHERE `user_id` = 'HTFY93';
UPDATE `user_registration` SET total_downlines = total_downlines+1
WHERE `user_id` = '3PR393';
UPDATE `user_registration` SET left_downlines = left_downlines+1
WHERE `user_id` = '3PR393';
UPDATE `user_registration` SET total_downlines = total_downlines+1
WHERE `user_id` = 'T3MRY1';
UPDATE `user_registration` SET left_downlines = left_downlines+1
WHERE `user_id` = 'T3MRY1';
UPDATE `user_registration` SET total_downlines = total_downlines+1
WHERE `user_id` = 'GTMCCK';
UPDATE `user_registration` SET left_downlines = left_downlines+1
WHERE `user_id` = 'GTMCCK';
UPDATE `user_registration` SET total_downlines = total_downlines+1
WHERE `user_id` = 'DLYMIF';
UPDATE `user_registration` SET left_downlines = left_downlines+1
WHERE `user_id` = 'DLYMIF';
UPDATE `user_registration` SET total_downlines = total_downlines+1
WHERE `user_id` = 'WGJ5KE';
UPDATE `user_registration` SET left_downlines = left_downlines+1
WHERE `user_id` = 'WGJ5KE';
UPDATE `user_registration` SET total_downlines = total_downlines+1
WHERE `user_id` = 'ORRJ3M';
UPDATE `user_registration` SET left_downlines = left_downlines+1
WHERE `user_id` = 'ORRJ3M';
UPDATE `user_registration` SET total_downlines = total_downlines+1
WHERE `user_id` = 'AA8V6V';
UPDATE `user_registration` SET left_downlines = left_downlines+1
WHERE `user_id` = 'AA8V6V';
UPDATE `user_registration` SET total_downlines = total_downlines+1
WHERE `user_id` = '61ME4O';
UPDATE `user_registration` SET left_downlines = left_downlines+1
WHERE `user_id` = '61ME4O';
UPDATE `user_registration` SET total_downlines = total_downlines+1
WHERE `user_id` = 'WS1SZZ';
UPDATE `user_registration` SET left_downlines = left_downlines+1
WHERE `user_id` = 'WS1SZZ';
UPDATE `user_registration` SET total_downlines = total_downlines+1
WHERE `user_id` = 'TBN4MZ';
UPDATE `user_registration` SET left_downlines = left_downlines+1
WHERE `user_id` = 'TBN4MZ';
UPDATE `user_registration` SET total_downlines = total_downlines+1
WHERE `user_id` = 'OEMJ8R';
UPDATE `user_registration` SET left_downlines = left_downlines+1
WHERE `user_id` = 'OEMJ8R';
UPDATE `user_registration` SET total_downlines = total_downlines+1
WHERE `user_id` = 'FXAYIE';
UPDATE `user_registration` SET left_downlines = left_downlines+1
WHERE `user_id` = 'FXAYIE';
UPDATE `user_registration` SET total_downlines = total_downlines+1
WHERE `user_id` = 'ELXZWC';
UPDATE `user_registration` SET left_downlines = left_downlines+1
WHERE `user_id` = 'ELXZWC';
UPDATE `user_registration` SET total_downlines = total_downlines+1
WHERE `user_id` = 'C1TQVI';
UPDATE `user_registration` SET left_downlines = left_downlines+1
WHERE `user_id` = 'C1TQVI';
UPDATE `user_registration` SET total_downlines = total_downlines+1
WHERE `user_id` = 'F5GPDF';
UPDATE `user_registration` SET left_downlines = left_downlines+1
WHERE `user_id` = 'F5GPDF';
UPDATE `user_registration` SET total_downlines = total_downlines+1
WHERE `user_id` = '91PYDK';
UPDATE `user_registration` SET left_downlines = left_downlines+1
WHERE `user_id` = '91PYDK';
UPDATE `user_registration` SET total_downlines = total_downlines+1
WHERE `user_id` = '4OT7RX';
UPDATE `user_registration` SET left_downlines = left_downlines+1
WHERE `user_id` = '4OT7RX';
UPDATE `user_registration` SET total_downlines = total_downlines+1
WHERE `user_id` = 'ZJZA3M';
UPDATE `user_registration` SET left_downlines = left_downlines+1
WHERE `user_id` = 'ZJZA3M';
UPDATE `user_registration` SET total_downlines = total_downlines+1
WHERE `user_id` = 'XN6ETC';
UPDATE `user_registration` SET left_downlines = left_downlines+1
WHERE `user_id` = 'XN6ETC';
UPDATE `user_registration` SET total_downlines = total_downlines+1
WHERE `user_id` = 'KVQN1O';
UPDATE `user_registration` SET left_downlines = left_downlines+1
WHERE `user_id` = 'KVQN1O';
UPDATE `user_registration` SET total_downlines = total_downlines+1
WHERE `user_id` = 'X3V7DJ';
UPDATE `user_registration` SET left_downlines = left_downlines+1
WHERE `user_id` = 'X3V7DJ';
UPDATE `user_registration` SET total_downlines = total_downlines+1
WHERE `user_id` = 'DJ77NH';
UPDATE `user_registration` SET left_downlines = left_downlines+1
WHERE `user_id` = 'DJ77NH';
UPDATE `user_registration` SET total_downlines = total_downlines+1
WHERE `user_id` = 'PX7XCL';
UPDATE `user_registration` SET left_downlines = left_downlines+1
WHERE `user_id` = 'PX7XCL';
UPDATE `user_registration` SET total_downlines = total_downlines+1
WHERE `user_id` = 'L8PM4Z';
UPDATE `user_registration` SET left_downlines = left_downlines+1
WHERE `user_id` = 'L8PM4Z';
UPDATE `user_registration` SET total_downlines = total_downlines+1
WHERE `user_id` = 'GBSIER';
UPDATE `user_registration` SET left_downlines = left_downlines+1
WHERE `user_id` = 'GBSIER';
UPDATE `user_registration` SET total_downlines = total_downlines+1
WHERE `user_id` = 'AV48YQ';
UPDATE `user_registration` SET left_downlines = left_downlines+1
WHERE `user_id` = 'AV48YQ';
UPDATE `user_registration` SET total_downlines = total_downlines+1
WHERE `user_id` = 'admin';
UPDATE `user_registration` SET left_downlines = left_downlines+1
WHERE `user_id` = 'admin';
INSERT INTO `investment` (`invest_date`, `user_id`, `type`, `amount`, `package_id`) VALUES ('2024-09-26 19:40:34', 'SCHE8B', 'register', '595', '2');
INSERT INTO `earnings` (`user_id`, `Purchaser_id`, `earning_type`, `package_id`, `amount`, `date`, `comments`, `invest_amount`, `comm_perc`, `level`, `rank_id`, `order_id`) VALUES ('6SUQNY', 'SCHE8B', 'Direct Referral Bonus', '2', '100', '2024-09-26 19:40:34', 'Direct Referral Bonus', 0, 0, 1, '', 360);
UPDATE `user_registration` SET commission_balance = ROUND(commission_balance + 100,2)
WHERE `user_id` = '6SUQNY';
INSERT INTO `earnings` (`user_id`, `Purchaser_id`, `earning_type`, `package_id`, `amount`, `date`, `comments`, `invest_amount`, `comm_perc`, `level`, `rank_id`, `order_id`) VALUES ('HI62BI', 'SCHE8B', 'Expansion Bonus', '2', 100, '2024-09-26 19:40:34', 'Expansion Bonus', '100', 0, 1, '', 360);
UPDATE `user_registration` SET commission_balance = ROUND(commission_balance + 100,2)
WHERE `user_id` = 'HI62BI';
INSERT INTO `earnings` (`user_id`, `Purchaser_id`, `earning_type`, `package_id`, `amount`, `date`, `comments`, `invest_amount`, `comm_perc`, `level`, `rank_id`, `order_id`) VALUES ('1FFFBU', 'SCHE8B', 'Expansion Bonus', '2', 100, '2024-09-26 19:40:34', 'Expansion Bonus', 200, 0, 1, '', 360);
UPDATE `user_registration` SET commission_balance = ROUND(commission_balance + 100,2)
WHERE `user_id` = '1FFFBU';
INSERT INTO `matrix_filling` (`placement_id`, `downline_id`, `level`, `matrix`) VALUES ('CV3W4Z', 'SCHE8B', 1, 1);
UPDATE `bv_updation` SET right_carry = right_carry+50, total_right = total_right+50
WHERE `user_id` = 'CV3W4Z';
INSERT INTO `placement_bv_update_history` (`right_carry`, `date`, `from_id`, `user_id`) VALUES ('50', '2024-09-26 19:40:34', 'SCHE8B', 'CV3W4Z');
INSERT INTO `matrix_filling` (`placement_id`, `downline_id`, `level`, `matrix`) VALUES ('XUE2YU', 'SCHE8B', 2, 1);
UPDATE `bv_updation` SET right_carry = right_carry+50, total_right = total_right+50
WHERE `user_id` = 'XUE2YU';
INSERT INTO `placement_bv_update_history` (`right_carry`, `date`, `from_id`, `user_id`) VALUES ('50', '2024-09-26 19:40:34', 'SCHE8B', 'XUE2YU');
INSERT INTO `matrix_filling` (`placement_id`, `downline_id`, `level`, `matrix`) VALUES ('F5GZUD', 'SCHE8B', 3, 1);
UPDATE `bv_updation` SET right_carry = right_carry+50, total_right = total_right+50
WHERE `user_id` = 'F5GZUD';
INSERT INTO `placement_bv_update_history` (`right_carry`, `date`, `from_id`, `user_id`) VALUES ('50', '2024-09-26 19:40:34', 'SCHE8B', 'F5GZUD');
INSERT INTO `matrix_filling` (`placement_id`, `downline_id`, `level`, `matrix`) VALUES ('1XCQUI', 'SCHE8B', 4, 1);
UPDATE `bv_updation` SET right_carry = right_carry+50, total_right = total_right+50
WHERE `user_id` = '1XCQUI';
INSERT INTO `placement_bv_update_history` (`right_carry`, `date`, `from_id`, `user_id`) VALUES ('50', '2024-09-26 19:40:34', 'SCHE8B', '1XCQUI');
INSERT INTO `matrix_filling` (`placement_id`, `downline_id`, `level`, `matrix`) VALUES ('MGO2GW', 'SCHE8B', 5, 1);
UPDATE `bv_updation` SET right_carry = right_carry+50, total_right = total_right+50
WHERE `user_id` = 'MGO2GW';
INSERT INTO `placement_bv_update_history` (`right_carry`, `date`, `from_id`, `user_id`) VALUES ('50', '2024-09-26 19:40:34', 'SCHE8B', 'MGO2GW');
INSERT INTO `matrix_filling` (`placement_id`, `downline_id`, `level`, `matrix`) VALUES ('A3U9QE', 'SCHE8B', 6, 1);
UPDATE `bv_updation` SET right_carry = right_carry+50, total_right = total_right+50
WHERE `user_id` = 'A3U9QE';
INSERT INTO `placement_bv_update_history` (`right_carry`, `date`, `from_id`, `user_id`) VALUES ('50', '2024-09-26 19:40:34', 'SCHE8B', 'A3U9QE');
INSERT INTO `matrix_filling` (`placement_id`, `downline_id`, `level`, `matrix`) VALUES ('VHYSA7', 'SCHE8B', 7, 1);
UPDATE `bv_updation` SET right_carry = right_carry+50, total_right = total_right+50
WHERE `user_id` = 'VHYSA7';
INSERT INTO `placement_bv_update_history` (`right_carry`, `date`, `from_id`, `user_id`) VALUES ('50', '2024-09-26 19:40:34', 'SCHE8B', 'VHYSA7');
INSERT INTO `matrix_filling` (`placement_id`, `downline_id`, `level`, `matrix`) VALUES ('6SUQNY', 'SCHE8B', 8, 1);
UPDATE `bv_updation` SET right_carry = right_carry+50, total_right = total_right+50
WHERE `user_id` = '6SUQNY';
INSERT INTO `placement_bv_update_history` (`right_carry`, `date`, `from_id`, `user_id`) VALUES ('50', '2024-09-26 19:40:34', 'SCHE8B', '6SUQNY');
UPDATE `bv_updation` SET sponsor_right_carry = sponsor_right_carry+50, sponsor_total_right = sponsor_total_right+50
WHERE `user_id` = '6SUQNY';
INSERT INTO `sponsor_bv_update_history` (`right_carry`, `date`, `user_id`) VALUES ('50', '2024-09-26 19:40:34', '6SUQNY');
INSERT INTO `matrix_filling` (`placement_id`, `downline_id`, `level`, `matrix`) VALUES ('5K7DS2', 'SCHE8B', 9, 1);
UPDATE `bv_updation` SET left_carry = left_carry+50, total_left = total_left+50
WHERE `user_id` = '5K7DS2';
INSERT INTO `placement_bv_update_history` (`left_carry`, `date`, `from_id`, `user_id`) VALUES ('50', '2024-09-26 19:40:34', 'SCHE8B', '5K7DS2');
INSERT INTO `matrix_filling` (`placement_id`, `downline_id`, `level`, `matrix`) VALUES ('HI62BI', 'SCHE8B', 10, 1);
UPDATE `bv_updation` SET right_carry = right_carry+50, total_right = total_right+50
WHERE `user_id` = 'HI62BI';
INSERT INTO `placement_bv_update_history` (`right_carry`, `date`, `from_id`, `user_id`) VALUES ('50', '2024-09-26 19:40:34', 'SCHE8B', 'HI62BI');
INSERT INTO `matrix_filling` (`placement_id`, `downline_id`, `level`, `matrix`) VALUES ('1FFFBU', 'SCHE8B', 11, 1);
UPDATE `bv_updation` SET right_carry = right_carry+50, total_right = total_right+50
WHERE `user_id` = '1FFFBU';
INSERT INTO `placement_bv_update_history` (`right_carry`, `date`, `from_id`, `user_id`) VALUES ('50', '2024-09-26 19:40:34', 'SCHE8B', '1FFFBU');
INSERT INTO `matrix_filling` (`placement_id`, `downline_id`, `level`, `matrix`) VALUES ('J4CGUT', 'SCHE8B', 12, 1);
UPDATE `bv_updation` SET left_carry = left_carry+50, total_left = total_left+50
WHERE `user_id` = 'J4CGUT';
INSERT INTO `placement_bv_update_history` (`left_carry`, `date`, `from_id`, `user_id`) VALUES ('50', '2024-09-26 19:40:34', 'SCHE8B', 'J4CGUT');
INSERT INTO `matrix_filling` (`placement_id`, `downline_id`, `level`, `matrix`) VALUES ('S1RTX3', 'SCHE8B', 13, 1);
UPDATE `bv_updation` SET left_carry = left_carry+50, total_left = total_left+50
WHERE `user_id` = 'S1RTX3';
INSERT INTO `placement_bv_update_history` (`left_carry`, `date`, `from_id`, `user_id`) VALUES ('50', '2024-09-26 19:40:34', 'SCHE8B', 'S1RTX3');
INSERT INTO `matrix_filling` (`placement_id`, `downline_id`, `level`, `matrix`) VALUES ('I8YWQA', 'SCHE8B', 14, 1);
UPDATE `bv_updation` SET left_carry = left_carry+50, total_left = total_left+50
WHERE `user_id` = 'I8YWQA';
INSERT INTO `placement_bv_update_history` (`left_carry`, `date`, `from_id`, `user_id`) VALUES ('50', '2024-09-26 19:40:34', 'SCHE8B', 'I8YWQA');
INSERT INTO `matrix_filling` (`placement_id`, `downline_id`, `level`, `matrix`) VALUES ('I3MZBU', 'SCHE8B', 15, 1);
UPDATE `bv_updation` SET left_carry = left_carry+50, total_left = total_left+50
WHERE `user_id` = 'I3MZBU';
INSERT INTO `placement_bv_update_history` (`left_carry`, `date`, `from_id`, `user_id`) VALUES ('50', '2024-09-26 19:40:34', 'SCHE8B', 'I3MZBU');
INSERT INTO `matrix_filling` (`placement_id`, `downline_id`, `level`, `matrix`) VALUES ('H2I33O', 'SCHE8B', 16, 1);
UPDATE `bv_updation` SET left_carry = left_carry+50, total_left = total_left+50
WHERE `user_id` = 'H2I33O';
INSERT INTO `placement_bv_update_history` (`left_carry`, `date`, `from_id`, `user_id`) VALUES ('50', '2024-09-26 19:40:34', 'SCHE8B', 'H2I33O');
INSERT INTO `matrix_filling` (`placement_id`, `downline_id`, `level`, `matrix`) VALUES ('AL7XWH', 'SCHE8B', 17, 1);
UPDATE `bv_updation` SET left_carry = left_carry+50, total_left = total_left+50
WHERE `user_id` = 'AL7XWH';
INSERT INTO `placement_bv_update_history` (`left_carry`, `date`, `from_id`, `user_id`) VALUES ('50', '2024-09-26 19:40:34', 'SCHE8B', 'AL7XWH');
INSERT INTO `matrix_filling` (`placement_id`, `downline_id`, `level`, `matrix`) VALUES ('HFZ9SA', 'SCHE8B', 18, 1);
UPDATE `bv_updation` SET left_carry = left_carry+50, total_left = total_left+50
WHERE `user_id` = 'HFZ9SA';
INSERT INTO `placement_bv_update_history` (`left_carry`, `date`, `from_id`, `user_id`) VALUES ('50', '2024-09-26 19:40:34', 'SCHE8B', 'HFZ9SA');
INSERT INTO `matrix_filling` (`placement_id`, `downline_id`, `level`, `matrix`) VALUES ('A2MTZ3', 'SCHE8B', 19, 1);
UPDATE `bv_updation` SET left_carry = left_carry+50, total_left = total_left+50
WHERE `user_id` = 'A2MTZ3';
INSERT INTO `placement_bv_update_history` (`left_carry`, `date`, `from_id`, `user_id`) VALUES ('50', '2024-09-26 19:40:34', 'SCHE8B', 'A2MTZ3');
INSERT INTO `matrix_filling` (`placement_id`, `downline_id`, `level`, `matrix`) VALUES ('RUEKCW', 'SCHE8B', 20, 1);
UPDATE `bv_updation` SET left_carry = left_carry+50, total_left = total_left+50
WHERE `user_id` = 'RUEKCW';
INSERT INTO `placement_bv_update_history` (`left_carry`, `date`, `from_id`, `user_id`) VALUES ('50', '2024-09-26 19:40:34', 'SCHE8B', 'RUEKCW');
INSERT INTO `matrix_filling` (`placement_id`, `downline_id`, `level`, `matrix`) VALUES ('K3GTG4', 'SCHE8B', 21, 1);
UPDATE `bv_updation` SET left_carry = left_carry+50, total_left = total_left+50
WHERE `user_id` = 'K3GTG4';
INSERT INTO `placement_bv_update_history` (`left_carry`, `date`, `from_id`, `user_id`) VALUES ('50', '2024-09-26 19:40:34', 'SCHE8B', 'K3GTG4');
INSERT INTO `matrix_filling` (`placement_id`, `downline_id`, `level`, `matrix`) VALUES ('I1TUBN', 'SCHE8B', 22, 1);
UPDATE `bv_updation` SET left_carry = left_carry+50, total_left = total_left+50
WHERE `user_id` = 'I1TUBN';
INSERT INTO `placement_bv_update_history` (`left_carry`, `date`, `from_id`, `user_id`) VALUES ('50', '2024-09-26 19:40:34', 'SCHE8B', 'I1TUBN');
INSERT INTO `matrix_filling` (`placement_id`, `downline_id`, `level`, `matrix`) VALUES ('BAUCCU', 'SCHE8B', 23, 1);
UPDATE `bv_updation` SET left_carry = left_carry+50, total_left = total_left+50
WHERE `user_id` = 'BAUCCU';
INSERT INTO `placement_bv_update_history` (`left_carry`, `date`, `from_id`, `user_id`) VALUES ('50', '2024-09-26 19:40:34', 'SCHE8B', 'BAUCCU');
INSERT INTO `matrix_filling` (`placement_id`, `downline_id`, `level`, `matrix`) VALUES ('62QO97', 'SCHE8B', 24, 1);
UPDATE `bv_updation` SET left_carry = left_carry+50, total_left = total_left+50
WHERE `user_id` = '62QO97';
INSERT INTO `placement_bv_update_history` (`left_carry`, `date`, `from_id`, `user_id`) VALUES ('50', '2024-09-26 19:40:34', 'SCHE8B', '62QO97');
INSERT INTO `matrix_filling` (`placement_id`, `downline_id`, `level`, `matrix`) VALUES ('OHLQEO', 'SCHE8B', 25, 1);
UPDATE `bv_updation` SET left_carry = left_carry+50, total_left = total_left+50
WHERE `user_id` = 'OHLQEO';
INSERT INTO `placement_bv_update_history` (`left_carry`, `date`, `from_id`, `user_id`) VALUES ('50', '2024-09-26 19:40:34', 'SCHE8B', 'OHLQEO');
INSERT INTO `matrix_filling` (`placement_id`, `downline_id`, `level`, `matrix`) VALUES ('7APFKG', 'SCHE8B', 26, 1);
UPDATE `bv_updation` SET left_carry = left_carry+50, total_left = total_left+50
WHERE `user_id` = '7APFKG';
INSERT INTO `placement_bv_update_history` (`left_carry`, `date`, `from_id`, `user_id`) VALUES ('50', '2024-09-26 19:40:34', 'SCHE8B', '7APFKG');
INSERT INTO `matrix_filling` (`placement_id`, `downline_id`, `level`, `matrix`) VALUES ('Q2Q92Y', 'SCHE8B', 27, 1);
UPDATE `bv_updation` SET left_carry = left_carry+50, total_left = total_left+50
WHERE `user_id` = 'Q2Q92Y';
INSERT INTO `placement_bv_update_history` (`left_carry`, `date`, `from_id`, `user_id`) VALUES ('50', '2024-09-26 19:40:34', 'SCHE8B', 'Q2Q92Y');
INSERT INTO `matrix_filling` (`placement_id`, `downline_id`, `level`, `matrix`) VALUES ('E9ITRC', 'SCHE8B', 28, 1);
UPDATE `bv_updation` SET left_carry = left_carry+50, total_left = total_left+50
WHERE `user_id` = 'E9ITRC';
INSERT INTO `placement_bv_update_history` (`left_carry`, `date`, `from_id`, `user_id`) VALUES ('50', '2024-09-26 19:40:34', 'SCHE8B', 'E9ITRC');
INSERT INTO `matrix_filling` (`placement_id`, `downline_id`, `level`, `matrix`) VALUES ('7COKBB', 'SCHE8B', 29, 1);
UPDATE `bv_updation` SET left_carry = left_carry+50, total_left = total_left+50
WHERE `user_id` = '7COKBB';
INSERT INTO `placement_bv_update_history` (`left_carry`, `date`, `from_id`, `user_id`) VALUES ('50', '2024-09-26 19:40:34', 'SCHE8B', '7COKBB');
INSERT INTO `matrix_filling` (`placement_id`, `downline_id`, `level`, `matrix`) VALUES ('BDNS17', 'SCHE8B', 30, 1);
UPDATE `bv_updation` SET left_carry = left_carry+50, total_left = total_left+50
WHERE `user_id` = 'BDNS17';
INSERT INTO `placement_bv_update_history` (`left_carry`, `date`, `from_id`, `user_id`) VALUES ('50', '2024-09-26 19:40:34', 'SCHE8B', 'BDNS17');
INSERT INTO `matrix_filling` (`placement_id`, `downline_id`, `level`, `matrix`) VALUES ('7ZXRRE', 'SCHE8B', 31, 1);
UPDATE `bv_updation` SET left_carry = left_carry+50, total_left = total_left+50
WHERE `user_id` = '7ZXRRE';
INSERT INTO `placement_bv_update_history` (`left_carry`, `date`, `from_id`, `user_id`) VALUES ('50', '2024-09-26 19:40:34', 'SCHE8B', '7ZXRRE');
INSERT INTO `matrix_filling` (`placement_id`, `downline_id`, `level`, `matrix`) VALUES ('KLRAF5', 'SCHE8B', 32, 1);
UPDATE `bv_updation` SET left_carry = left_carry+50, total_left = total_left+50
WHERE `user_id` = 'KLRAF5';
INSERT INTO `placement_bv_update_history` (`left_carry`, `date`, `from_id`, `user_id`) VALUES ('50', '2024-09-26 19:40:34', 'SCHE8B', 'KLRAF5');
INSERT INTO `matrix_filling` (`placement_id`, `downline_id`, `level`, `matrix`) VALUES ('IFJHZG', 'SCHE8B', 33, 1);
UPDATE `bv_updation` SET left_carry = left_carry+50, total_left = total_left+50
WHERE `user_id` = 'IFJHZG';
INSERT INTO `placement_bv_update_history` (`left_carry`, `date`, `from_id`, `user_id`) VALUES ('50', '2024-09-26 19:40:34', 'SCHE8B', 'IFJHZG');
INSERT INTO `matrix_filling` (`placement_id`, `downline_id`, `level`, `matrix`) VALUES ('MXUV8Q', 'SCHE8B', 34, 1);
UPDATE `bv_updation` SET left_carry = left_carry+50, total_left = total_left+50
WHERE `user_id` = 'MXUV8Q';
INSERT INTO `placement_bv_update_history` (`left_carry`, `date`, `from_id`, `user_id`) VALUES ('50', '2024-09-26 19:40:34', 'SCHE8B', 'MXUV8Q');
INSERT INTO `matrix_filling` (`placement_id`, `downline_id`, `level`, `matrix`) VALUES ('GGM164', 'SCHE8B', 35, 1);
UPDATE `bv_updation` SET left_carry = left_carry+50, total_left = total_left+50
WHERE `user_id` = 'GGM164';
INSERT INTO `placement_bv_update_history` (`left_carry`, `date`, `from_id`, `user_id`) VALUES ('50', '2024-09-26 19:40:34', 'SCHE8B', 'GGM164');
INSERT INTO `matrix_filling` (`placement_id`, `downline_id`, `level`, `matrix`) VALUES ('3NKIEX', 'SCHE8B', 36, 1);
UPDATE `bv_updation` SET left_carry = left_carry+50, total_left = total_left+50
WHERE `user_id` = '3NKIEX';
INSERT INTO `placement_bv_update_history` (`left_carry`, `date`, `from_id`, `user_id`) VALUES ('50', '2024-09-26 19:40:34', 'SCHE8B', '3NKIEX');
INSERT INTO `matrix_filling` (`placement_id`, `downline_id`, `level`, `matrix`) VALUES ('S56TH3', 'SCHE8B', 37, 1);
UPDATE `bv_updation` SET left_carry = left_carry+50, total_left = total_left+50
WHERE `user_id` = 'S56TH3';
INSERT INTO `placement_bv_update_history` (`left_carry`, `date`, `from_id`, `user_id`) VALUES ('50', '2024-09-26 19:40:34', 'SCHE8B', 'S56TH3');
INSERT INTO `matrix_filling` (`placement_id`, `downline_id`, `level`, `matrix`) VALUES ('XYG89U', 'SCHE8B', 38, 1);
UPDATE `bv_updation` SET left_carry = left_carry+50, total_left = total_left+50
WHERE `user_id` = 'XYG89U';
INSERT INTO `placement_bv_update_history` (`left_carry`, `date`, `from_id`, `user_id`) VALUES ('50', '2024-09-26 19:40:34', 'SCHE8B', 'XYG89U');
INSERT INTO `matrix_filling` (`placement_id`, `downline_id`, `level`, `matrix`) VALUES ('HTFY93', 'SCHE8B', 39, 1);
UPDATE `bv_updation` SET left_carry = left_carry+50, total_left = total_left+50
WHERE `user_id` = 'HTFY93';
INSERT INTO `placement_bv_update_history` (`left_carry`, `date`, `from_id`, `user_id`) VALUES ('50', '2024-09-26 19:40:34', 'SCHE8B', 'HTFY93');
INSERT INTO `matrix_filling` (`placement_id`, `downline_id`, `level`, `matrix`) VALUES ('3PR393', 'SCHE8B', 40, 1);
UPDATE `bv_updation` SET left_carry = left_carry+50, total_left = total_left+50
WHERE `user_id` = '3PR393';
INSERT INTO `placement_bv_update_history` (`left_carry`, `date`, `from_id`, `user_id`) VALUES ('50', '2024-09-26 19:40:34', 'SCHE8B', '3PR393');
INSERT INTO `matrix_filling` (`placement_id`, `downline_id`, `level`, `matrix`) VALUES ('T3MRY1', 'SCHE8B', 41, 1);
UPDATE `bv_updation` SET left_carry = left_carry+50, total_left = total_left+50
WHERE `user_id` = 'T3MRY1';
INSERT INTO `placement_bv_update_history` (`left_carry`, `date`, `from_id`, `user_id`) VALUES ('50', '2024-09-26 19:40:34', 'SCHE8B', 'T3MRY1');
INSERT INTO `matrix_filling` (`placement_id`, `downline_id`, `level`, `matrix`) VALUES ('GTMCCK', 'SCHE8B', 42, 1);
UPDATE `bv_updation` SET left_carry = left_carry+50, total_left = total_left+50
WHERE `user_id` = 'GTMCCK';
INSERT INTO `placement_bv_update_history` (`left_carry`, `date`, `from_id`, `user_id`) VALUES ('50', '2024-09-26 19:40:34', 'SCHE8B', 'GTMCCK');
INSERT INTO `matrix_filling` (`placement_id`, `downline_id`, `level`, `matrix`) VALUES ('DLYMIF', 'SCHE8B', 43, 1);
UPDATE `bv_updation` SET left_carry = left_carry+50, total_left = total_left+50
WHERE `user_id` = 'DLYMIF';
INSERT INTO `placement_bv_update_history` (`left_carry`, `date`, `from_id`, `user_id`) VALUES ('50', '2024-09-26 19:40:34', 'SCHE8B', 'DLYMIF');
INSERT INTO `matrix_filling` (`placement_id`, `downline_id`, `level`, `matrix`) VALUES ('WGJ5KE', 'SCHE8B', 44, 1);
UPDATE `bv_updation` SET left_carry = left_carry+50, total_left = total_left+50
WHERE `user_id` = 'WGJ5KE';
INSERT INTO `placement_bv_update_history` (`left_carry`, `date`, `from_id`, `user_id`) VALUES ('50', '2024-09-26 19:40:34', 'SCHE8B', 'WGJ5KE');
INSERT INTO `matrix_filling` (`placement_id`, `downline_id`, `level`, `matrix`) VALUES ('ORRJ3M', 'SCHE8B', 45, 1);
UPDATE `bv_updation` SET left_carry = left_carry+50, total_left = total_left+50
WHERE `user_id` = 'ORRJ3M';
INSERT INTO `placement_bv_update_history` (`left_carry`, `date`, `from_id`, `user_id`) VALUES ('50', '2024-09-26 19:40:34', 'SCHE8B', 'ORRJ3M');
INSERT INTO `matrix_filling` (`placement_id`, `downline_id`, `level`, `matrix`) VALUES ('AA8V6V', 'SCHE8B', 46, 1);
UPDATE `bv_updation` SET left_carry = left_carry+50, total_left = total_left+50
WHERE `user_id` = 'AA8V6V';
INSERT INTO `placement_bv_update_history` (`left_carry`, `date`, `from_id`, `user_id`) VALUES ('50', '2024-09-26 19:40:34', 'SCHE8B', 'AA8V6V');
INSERT INTO `matrix_filling` (`placement_id`, `downline_id`, `level`, `matrix`) VALUES ('61ME4O', 'SCHE8B', 47, 1);
UPDATE `bv_updation` SET left_carry = left_carry+50, total_left = total_left+50
WHERE `user_id` = '61ME4O';
INSERT INTO `placement_bv_update_history` (`left_carry`, `date`, `from_id`, `user_id`) VALUES ('50', '2024-09-26 19:40:34', 'SCHE8B', '61ME4O');
INSERT INTO `matrix_filling` (`placement_id`, `downline_id`, `level`, `matrix`) VALUES ('WS1SZZ', 'SCHE8B', 48, 1);
UPDATE `bv_updation` SET left_carry = left_carry+50, total_left = total_left+50
WHERE `user_id` = 'WS1SZZ';
INSERT INTO `placement_bv_update_history` (`left_carry`, `date`, `from_id`, `user_id`) VALUES ('50', '2024-09-26 19:40:34', 'SCHE8B', 'WS1SZZ');
INSERT INTO `matrix_filling` (`placement_id`, `downline_id`, `level`, `matrix`) VALUES ('TBN4MZ', 'SCHE8B', 49, 1);
UPDATE `bv_updation` SET left_carry = left_carry+50, total_left = total_left+50
WHERE `user_id` = 'TBN4MZ';
INSERT INTO `placement_bv_update_history` (`left_carry`, `date`, `from_id`, `user_id`) VALUES ('50', '2024-09-26 19:40:34', 'SCHE8B', 'TBN4MZ');
INSERT INTO `matrix_filling` (`placement_id`, `downline_id`, `level`, `matrix`) VALUES ('OEMJ8R', 'SCHE8B', 50, 1);
UPDATE `bv_updation` SET left_carry = left_carry+50, total_left = total_left+50
WHERE `user_id` = 'OEMJ8R';
INSERT INTO `placement_bv_update_history` (`left_carry`, `date`, `from_id`, `user_id`) VALUES ('50', '2024-09-26 19:40:34', 'SCHE8B', 'OEMJ8R');
INSERT INTO `matrix_filling` (`placement_id`, `downline_id`, `level`, `matrix`) VALUES ('FXAYIE', 'SCHE8B', 51, 1);
UPDATE `bv_updation` SET left_carry = left_carry+50, total_left = total_left+50
WHERE `user_id` = 'FXAYIE';
INSERT INTO `placement_bv_update_history` (`left_carry`, `date`, `from_id`, `user_id`) VALUES ('50', '2024-09-26 19:40:34', 'SCHE8B', 'FXAYIE');
INSERT INTO `matrix_filling` (`placement_id`, `downline_id`, `level`, `matrix`) VALUES ('ELXZWC', 'SCHE8B', 52, 1);
UPDATE `bv_updation` SET left_carry = left_carry+50, total_left = total_left+50
WHERE `user_id` = 'ELXZWC';
INSERT INTO `placement_bv_update_history` (`left_carry`, `date`, `from_id`, `user_id`) VALUES ('50', '2024-09-26 19:40:34', 'SCHE8B', 'ELXZWC');
INSERT INTO `matrix_filling` (`placement_id`, `downline_id`, `level`, `matrix`) VALUES ('C1TQVI', 'SCHE8B', 53, 1);
UPDATE `bv_updation` SET left_carry = left_carry+50, total_left = total_left+50
WHERE `user_id` = 'C1TQVI';
INSERT INTO `placement_bv_update_history` (`left_carry`, `date`, `from_id`, `user_id`) VALUES ('50', '2024-09-26 19:40:34', 'SCHE8B', 'C1TQVI');
INSERT INTO `matrix_filling` (`placement_id`, `downline_id`, `level`, `matrix`) VALUES ('F5GPDF', 'SCHE8B', 54, 1);
UPDATE `bv_updation` SET left_carry = left_carry+50, total_left = total_left+50
WHERE `user_id` = 'F5GPDF';
INSERT INTO `placement_bv_update_history` (`left_carry`, `date`, `from_id`, `user_id`) VALUES ('50', '2024-09-26 19:40:34', 'SCHE8B', 'F5GPDF');
INSERT INTO `matrix_filling` (`placement_id`, `downline_id`, `level`, `matrix`) VALUES ('91PYDK', 'SCHE8B', 55, 1);
UPDATE `bv_updation` SET left_carry = left_carry+50, total_left = total_left+50
WHERE `user_id` = '91PYDK';
INSERT INTO `placement_bv_update_history` (`left_carry`, `date`, `from_id`, `user_id`) VALUES ('50', '2024-09-26 19:40:34', 'SCHE8B', '91PYDK');
INSERT INTO `matrix_filling` (`placement_id`, `downline_id`, `level`, `matrix`) VALUES ('4OT7RX', 'SCHE8B', 56, 1);
UPDATE `bv_updation` SET left_carry = left_carry+50, total_left = total_left+50
WHERE `user_id` = '4OT7RX';
INSERT INTO `placement_bv_update_history` (`left_carry`, `date`, `from_id`, `user_id`) VALUES ('50', '2024-09-26 19:40:34', 'SCHE8B', '4OT7RX');
INSERT INTO `matrix_filling` (`placement_id`, `downline_id`, `level`, `matrix`) VALUES ('ZJZA3M', 'SCHE8B', 57, 1);
UPDATE `bv_updation` SET left_carry = left_carry+50, total_left = total_left+50
WHERE `user_id` = 'ZJZA3M';
INSERT INTO `placement_bv_update_history` (`left_carry`, `date`, `from_id`, `user_id`) VALUES ('50', '2024-09-26 19:40:34', 'SCHE8B', 'ZJZA3M');
INSERT INTO `matrix_filling` (`placement_id`, `downline_id`, `level`, `matrix`) VALUES ('XN6ETC', 'SCHE8B', 58, 1);
UPDATE `bv_updation` SET left_carry = left_carry+50, total_left = total_left+50
WHERE `user_id` = 'XN6ETC';
INSERT INTO `placement_bv_update_history` (`left_carry`, `date`, `from_id`, `user_id`) VALUES ('50', '2024-09-26 19:40:34', 'SCHE8B', 'XN6ETC');
INSERT INTO `matrix_filling` (`placement_id`, `downline_id`, `level`, `matrix`) VALUES ('KVQN1O', 'SCHE8B', 59, 1);
UPDATE `bv_updation` SET left_carry = left_carry+50, total_left = total_left+50
WHERE `user_id` = 'KVQN1O';
INSERT INTO `placement_bv_update_history` (`left_carry`, `date`, `from_id`, `user_id`) VALUES ('50', '2024-09-26 19:40:34', 'SCHE8B', 'KVQN1O');
INSERT INTO `matrix_filling` (`placement_id`, `downline_id`, `level`, `matrix`) VALUES ('X3V7DJ', 'SCHE8B', 60, 1);
UPDATE `bv_updation` SET left_carry = left_carry+50, total_left = total_left+50
WHERE `user_id` = 'X3V7DJ';
INSERT INTO `placement_bv_update_history` (`left_carry`, `date`, `from_id`, `user_id`) VALUES ('50', '2024-09-26 19:40:34', 'SCHE8B', 'X3V7DJ');
INSERT INTO `matrix_filling` (`placement_id`, `downline_id`, `level`, `matrix`) VALUES ('DJ77NH', 'SCHE8B', 61, 1);
UPDATE `bv_updation` SET left_carry = left_carry+50, total_left = total_left+50
WHERE `user_id` = 'DJ77NH';
INSERT INTO `placement_bv_update_history` (`left_carry`, `date`, `from_id`, `user_id`) VALUES ('50', '2024-09-26 19:40:34', 'SCHE8B', 'DJ77NH');
INSERT INTO `matrix_filling` (`placement_id`, `downline_id`, `level`, `matrix`) VALUES ('PX7XCL', 'SCHE8B', 62, 1);
UPDATE `bv_updation` SET left_carry = left_carry+50, total_left = total_left+50
WHERE `user_id` = 'PX7XCL';
INSERT INTO `placement_bv_update_history` (`left_carry`, `date`, `from_id`, `user_id`) VALUES ('50', '2024-09-26 19:40:34', 'SCHE8B', 'PX7XCL');
INSERT INTO `matrix_filling` (`placement_id`, `downline_id`, `level`, `matrix`) VALUES ('L8PM4Z', 'SCHE8B', 63, 1);
UPDATE `bv_updation` SET left_carry = left_carry+50, total_left = total_left+50
WHERE `user_id` = 'L8PM4Z';
INSERT INTO `placement_bv_update_history` (`left_carry`, `date`, `from_id`, `user_id`) VALUES ('50', '2024-09-26 19:40:34', 'SCHE8B', 'L8PM4Z');
INSERT INTO `matrix_filling` (`placement_id`, `downline_id`, `level`, `matrix`) VALUES ('GBSIER', 'SCHE8B', 64, 1);
UPDATE `bv_updation` SET left_carry = left_carry+50, total_left = total_left+50
WHERE `user_id` = 'GBSIER';
INSERT INTO `placement_bv_update_history` (`left_carry`, `date`, `from_id`, `user_id`) VALUES ('50', '2024-09-26 19:40:34', 'SCHE8B', 'GBSIER');
INSERT INTO `matrix_filling` (`placement_id`, `downline_id`, `level`, `matrix`) VALUES ('AV48YQ', 'SCHE8B', 65, 1);
UPDATE `bv_updation` SET left_carry = left_carry+50, total_left = total_left+50
WHERE `user_id` = 'AV48YQ';
INSERT INTO `placement_bv_update_history` (`left_carry`, `date`, `from_id`, `user_id`) VALUES ('50', '2024-09-26 19:40:34', 'SCHE8B', 'AV48YQ');
INSERT INTO `matrix_filling` (`placement_id`, `downline_id`, `level`, `matrix`) VALUES ('admin', 'SCHE8B', 66, 1);
INSERT INTO `package_purchase_history` (`user_id`, `package_id`, `reg_fee`, `package_name`, `monthly_fee`, `type`, `date`, `payment_option`) VALUES ('SCHE8B', '2', '595', 'Traveler Pro', '150', 'sign_up', '2024-09-26 19:40:34', 'free');
UPDATE `user_registration` SET `popup_seen` = 'yes'
WHERE `user_id` = '6SUQNY';
UPDATE `user_registration` SET `uid` = '3027', `user_id` = 'H3YF7Q', `username` = 'german7', `sponsor_id` = '6SUQNY', `vacant` = 'no', `f_name` = 'German', `l_name` = 'Pineli', `address` = '6520 Kendale Lakes Dr', `position` = 'right', `email` = 'german7@gmail.com', `password` = '7c64d4859f85781baaf0cc065cfc21bf', `phone` = '3057610606', `country` = 'United States', `state` = 'Florida', `city` = 'Miami', `street` = '6520 Kendale Lakes Dr', `zip_code` = '33183', `reg_ip` = '172.70.83.104', `status` = 1, `package_id` = '2', `rank_id` = 1, `highest_rank` = 1, `created` = '2024-09-26 19:42:37', `subscription_date` = '2024-10-26', `google_secret` = '26NZNHHVLC3I6HBX'
WHERE `uid` = '3027';
INSERT INTO `user_registration` (`uid`, `user_id`, `username`, `sponsor_id`, `placement_id`, `vacant`, `f_name`, `l_name`, `address`, `position`, `email`, `password`, `phone`, `reg_ip`, `status`, `created`) VALUES (NULL, 'IOBKAL', 'qrvfjHPR', 'H3YF7Q', 'H3YF7Q', 'yes', '', '', '', 'left', '@mail.com', '', '', '', 0, '2024-09-26 19:42:37');
INSERT INTO `user_registration` (`uid`, `user_id`, `username`, `sponsor_id`, `placement_id`, `vacant`, `f_name`, `l_name`, `address`, `position`, `email`, `password`, `phone`, `reg_ip`, `status`, `created`) VALUES (NULL, 'TGGNJT', 'TmFrOyoZ', 'H3YF7Q', 'H3YF7Q', 'yes', '', '', '', 'right', '@mail.com', '', '', '', 0, '2024-09-26 19:42:37');
INSERT INTO `bv_updation` (`user_id`) VALUES ('H3YF7Q');
UPDATE `user_registration` SET total_ref_count = total_ref_count+1
WHERE `user_id` = '6SUQNY';
UPDATE `user_registration` SET total_downlines = total_downlines+1
WHERE `user_id` = 'SCHE8B';
UPDATE `user_registration` SET right_downlines = right_downlines+1
WHERE `user_id` = 'SCHE8B';
UPDATE `user_registration` SET total_downlines = total_downlines+1
WHERE `user_id` = 'CV3W4Z';
UPDATE `user_registration` SET right_downlines = right_downlines+1
WHERE `user_id` = 'CV3W4Z';
UPDATE `user_registration` SET total_downlines = total_downlines+1
WHERE `user_id` = 'XUE2YU';
UPDATE `user_registration` SET right_downlines = right_downlines+1
WHERE `user_id` = 'XUE2YU';
UPDATE `user_registration` SET total_downlines = total_downlines+1
WHERE `user_id` = 'F5GZUD';
UPDATE `user_registration` SET right_downlines = right_downlines+1
WHERE `user_id` = 'F5GZUD';
UPDATE `user_registration` SET total_downlines = total_downlines+1
WHERE `user_id` = '1XCQUI';
UPDATE `user_registration` SET right_downlines = right_downlines+1
WHERE `user_id` = '1XCQUI';
UPDATE `user_registration` SET total_downlines = total_downlines+1
WHERE `user_id` = 'MGO2GW';
UPDATE `user_registration` SET right_downlines = right_downlines+1
WHERE `user_id` = 'MGO2GW';
UPDATE `user_registration` SET total_downlines = total_downlines+1
WHERE `user_id` = 'A3U9QE';
UPDATE `user_registration` SET right_downlines = right_downlines+1
WHERE `user_id` = 'A3U9QE';
UPDATE `user_registration` SET total_downlines = total_downlines+1
WHERE `user_id` = 'VHYSA7';
UPDATE `user_registration` SET right_downlines = right_downlines+1
WHERE `user_id` = 'VHYSA7';
UPDATE `user_registration` SET total_downlines = total_downlines+1
WHERE `user_id` = '6SUQNY';
UPDATE `user_registration` SET right_downlines = right_downlines+1
WHERE `user_id` = '6SUQNY';
UPDATE `user_registration` SET right_ref_count = right_ref_count+1
WHERE `user_id` = '6SUQNY';
UPDATE `user_registration` SET active_right = active_right+1
WHERE `user_id` = '6SUQNY';
UPDATE `user_registration` SET total_downlines = total_downlines+1
WHERE `user_id` = '5K7DS2';
UPDATE `user_registration` SET left_downlines = left_downlines+1
WHERE `user_id` = '5K7DS2';
UPDATE `user_registration` SET total_downlines = total_downlines+1
WHERE `user_id` = 'HI62BI';
UPDATE `user_registration` SET right_downlines = right_downlines+1
WHERE `user_id` = 'HI62BI';
UPDATE `user_registration` SET total_downlines = total_downlines+1
WHERE `user_id` = '1FFFBU';
UPDATE `user_registration` SET right_downlines = right_downlines+1
WHERE `user_id` = '1FFFBU';
UPDATE `user_registration` SET total_downlines = total_downlines+1
WHERE `user_id` = 'J4CGUT';
UPDATE `user_registration` SET left_downlines = left_downlines+1
WHERE `user_id` = 'J4CGUT';
UPDATE `user_registration` SET total_downlines = total_downlines+1
WHERE `user_id` = 'S1RTX3';
UPDATE `user_registration` SET left_downlines = left_downlines+1
WHERE `user_id` = 'S1RTX3';
UPDATE `user_registration` SET total_downlines = total_downlines+1
WHERE `user_id` = 'I8YWQA';
UPDATE `user_registration` SET left_downlines = left_downlines+1
WHERE `user_id` = 'I8YWQA';
UPDATE `user_registration` SET total_downlines = total_downlines+1
WHERE `user_id` = 'I3MZBU';
UPDATE `user_registration` SET left_downlines = left_downlines+1
WHERE `user_id` = 'I3MZBU';
UPDATE `user_registration` SET total_downlines = total_downlines+1
WHERE `user_id` = 'H2I33O';
UPDATE `user_registration` SET left_downlines = left_downlines+1
WHERE `user_id` = 'H2I33O';
UPDATE `user_registration` SET total_downlines = total_downlines+1
WHERE `user_id` = 'AL7XWH';
UPDATE `user_registration` SET left_downlines = left_downlines+1
WHERE `user_id` = 'AL7XWH';
UPDATE `user_registration` SET total_downlines = total_downlines+1
WHERE `user_id` = 'HFZ9SA';
UPDATE `user_registration` SET left_downlines = left_downlines+1
WHERE `user_id` = 'HFZ9SA';
UPDATE `user_registration` SET total_downlines = total_downlines+1
WHERE `user_id` = 'A2MTZ3';
UPDATE `user_registration` SET left_downlines = left_downlines+1
WHERE `user_id` = 'A2MTZ3';
UPDATE `user_registration` SET total_downlines = total_downlines+1
WHERE `user_id` = 'RUEKCW';
UPDATE `user_registration` SET left_downlines = left_downlines+1
WHERE `user_id` = 'RUEKCW';
UPDATE `user_registration` SET total_downlines = total_downlines+1
WHERE `user_id` = 'K3GTG4';
UPDATE `user_registration` SET left_downlines = left_downlines+1
WHERE `user_id` = 'K3GTG4';
UPDATE `user_registration` SET total_downlines = total_downlines+1
WHERE `user_id` = 'I1TUBN';
UPDATE `user_registration` SET left_downlines = left_downlines+1
WHERE `user_id` = 'I1TUBN';
UPDATE `user_registration` SET total_downlines = total_downlines+1
WHERE `user_id` = 'BAUCCU';
UPDATE `user_registration` SET left_downlines = left_downlines+1
WHERE `user_id` = 'BAUCCU';
UPDATE `user_registration` SET total_downlines = total_downlines+1
WHERE `user_id` = '62QO97';
UPDATE `user_registration` SET left_downlines = left_downlines+1
WHERE `user_id` = '62QO97';
UPDATE `user_registration` SET total_downlines = total_downlines+1
WHERE `user_id` = 'OHLQEO';
UPDATE `user_registration` SET left_downlines = left_downlines+1
WHERE `user_id` = 'OHLQEO';
UPDATE `user_registration` SET total_downlines = total_downlines+1
WHERE `user_id` = '7APFKG';
UPDATE `user_registration` SET left_downlines = left_downlines+1
WHERE `user_id` = '7APFKG';
UPDATE `user_registration` SET total_downlines = total_downlines+1
WHERE `user_id` = 'Q2Q92Y';
UPDATE `user_registration` SET left_downlines = left_downlines+1
WHERE `user_id` = 'Q2Q92Y';
UPDATE `user_registration` SET total_downlines = total_downlines+1
WHERE `user_id` = 'E9ITRC';
UPDATE `user_registration` SET left_downlines = left_downlines+1
WHERE `user_id` = 'E9ITRC';
UPDATE `user_registration` SET total_downlines = total_downlines+1
WHERE `user_id` = '7COKBB';
UPDATE `user_registration` SET left_downlines = left_downlines+1
WHERE `user_id` = '7COKBB';
UPDATE `user_registration` SET total_downlines = total_downlines+1
WHERE `user_id` = 'BDNS17';
UPDATE `user_registration` SET left_downlines = left_downlines+1
WHERE `user_id` = 'BDNS17';
UPDATE `user_registration` SET total_downlines = total_downlines+1
WHERE `user_id` = '7ZXRRE';
UPDATE `user_registration` SET left_downlines = left_downlines+1
WHERE `user_id` = '7ZXRRE';
UPDATE `user_registration` SET total_downlines = total_downlines+1
WHERE `user_id` = 'KLRAF5';
UPDATE `user_registration` SET left_downlines = left_downlines+1
WHERE `user_id` = 'KLRAF5';
UPDATE `user_registration` SET total_downlines = total_downlines+1
WHERE `user_id` = 'IFJHZG';
UPDATE `user_registration` SET left_downlines = left_downlines+1
WHERE `user_id` = 'IFJHZG';
UPDATE `user_registration` SET total_downlines = total_downlines+1
WHERE `user_id` = 'MXUV8Q';
UPDATE `user_registration` SET left_downlines = left_downlines+1
WHERE `user_id` = 'MXUV8Q';
UPDATE `user_registration` SET total_downlines = total_downlines+1
WHERE `user_id` = 'GGM164';
UPDATE `user_registration` SET left_downlines = left_downlines+1
WHERE `user_id` = 'GGM164';
UPDATE `user_registration` SET total_downlines = total_downlines+1
WHERE `user_id` = '3NKIEX';
UPDATE `user_registration` SET left_downlines = left_downlines+1
WHERE `user_id` = '3NKIEX';
UPDATE `user_registration` SET total_downlines = total_downlines+1
WHERE `user_id` = 'S56TH3';
UPDATE `user_registration` SET left_downlines = left_downlines+1
WHERE `user_id` = 'S56TH3';
UPDATE `user_registration` SET total_downlines = total_downlines+1
WHERE `user_id` = 'XYG89U';
UPDATE `user_registration` SET left_downlines = left_downlines+1
WHERE `user_id` = 'XYG89U';
UPDATE `user_registration` SET total_downlines = total_downlines+1
WHERE `user_id` = 'HTFY93';
UPDATE `user_registration` SET left_downlines = left_downlines+1
WHERE `user_id` = 'HTFY93';
UPDATE `user_registration` SET total_downlines = total_downlines+1
WHERE `user_id` = '3PR393';
UPDATE `user_registration` SET left_downlines = left_downlines+1
WHERE `user_id` = '3PR393';
UPDATE `user_registration` SET total_downlines = total_downlines+1
WHERE `user_id` = 'T3MRY1';
UPDATE `user_registration` SET left_downlines = left_downlines+1
WHERE `user_id` = 'T3MRY1';
UPDATE `user_registration` SET total_downlines = total_downlines+1
WHERE `user_id` = 'GTMCCK';
UPDATE `user_registration` SET left_downlines = left_downlines+1
WHERE `user_id` = 'GTMCCK';
UPDATE `user_registration` SET total_downlines = total_downlines+1
WHERE `user_id` = 'DLYMIF';
UPDATE `user_registration` SET left_downlines = left_downlines+1
WHERE `user_id` = 'DLYMIF';
UPDATE `user_registration` SET total_downlines = total_downlines+1
WHERE `user_id` = 'WGJ5KE';
UPDATE `user_registration` SET left_downlines = left_downlines+1
WHERE `user_id` = 'WGJ5KE';
UPDATE `user_registration` SET total_downlines = total_downlines+1
WHERE `user_id` = 'ORRJ3M';
UPDATE `user_registration` SET left_downlines = left_downlines+1
WHERE `user_id` = 'ORRJ3M';
UPDATE `user_registration` SET total_downlines = total_downlines+1
WHERE `user_id` = 'AA8V6V';
UPDATE `user_registration` SET left_downlines = left_downlines+1
WHERE `user_id` = 'AA8V6V';
UPDATE `user_registration` SET total_downlines = total_downlines+1
WHERE `user_id` = '61ME4O';
UPDATE `user_registration` SET left_downlines = left_downlines+1
WHERE `user_id` = '61ME4O';
UPDATE `user_registration` SET total_downlines = total_downlines+1
WHERE `user_id` = 'WS1SZZ';
UPDATE `user_registration` SET left_downlines = left_downlines+1
WHERE `user_id` = 'WS1SZZ';
UPDATE `user_registration` SET total_downlines = total_downlines+1
WHERE `user_id` = 'TBN4MZ';
UPDATE `user_registration` SET left_downlines = left_downlines+1
WHERE `user_id` = 'TBN4MZ';
UPDATE `user_registration` SET total_downlines = total_downlines+1
WHERE `user_id` = 'OEMJ8R';
UPDATE `user_registration` SET left_downlines = left_downlines+1
WHERE `user_id` = 'OEMJ8R';
UPDATE `user_registration` SET total_downlines = total_downlines+1
WHERE `user_id` = 'FXAYIE';
UPDATE `user_registration` SET left_downlines = left_downlines+1
WHERE `user_id` = 'FXAYIE';
UPDATE `user_registration` SET total_downlines = total_downlines+1
WHERE `user_id` = 'ELXZWC';
UPDATE `user_registration` SET left_downlines = left_downlines+1
WHERE `user_id` = 'ELXZWC';
UPDATE `user_registration` SET total_downlines = total_downlines+1
WHERE `user_id` = 'C1TQVI';
UPDATE `user_registration` SET left_downlines = left_downlines+1
WHERE `user_id` = 'C1TQVI';
UPDATE `user_registration` SET total_downlines = total_downlines+1
WHERE `user_id` = 'F5GPDF';
UPDATE `user_registration` SET left_downlines = left_downlines+1
WHERE `user_id` = 'F5GPDF';
UPDATE `user_registration` SET total_downlines = total_downlines+1
WHERE `user_id` = '91PYDK';
UPDATE `user_registration` SET left_downlines = left_downlines+1
WHERE `user_id` = '91PYDK';
UPDATE `user_registration` SET total_downlines = total_downlines+1
WHERE `user_id` = '4OT7RX';
UPDATE `user_registration` SET left_downlines = left_downlines+1
WHERE `user_id` = '4OT7RX';
UPDATE `user_registration` SET total_downlines = total_downlines+1
WHERE `user_id` = 'ZJZA3M';
UPDATE `user_registration` SET left_downlines = left_downlines+1
WHERE `user_id` = 'ZJZA3M';
UPDATE `user_registration` SET total_downlines = total_downlines+1
WHERE `user_id` = 'XN6ETC';
UPDATE `user_registration` SET left_downlines = left_downlines+1
WHERE `user_id` = 'XN6ETC';
UPDATE `user_registration` SET total_downlines = total_downlines+1
WHERE `user_id` = 'KVQN1O';
UPDATE `user_registration` SET left_downlines = left_downlines+1
WHERE `user_id` = 'KVQN1O';
UPDATE `user_registration` SET total_downlines = total_downlines+1
WHERE `user_id` = 'X3V7DJ';
UPDATE `user_registration` SET left_downlines = left_downlines+1
WHERE `user_id` = 'X3V7DJ';
UPDATE `user_registration` SET total_downlines = total_downlines+1
WHERE `user_id` = 'DJ77NH';
UPDATE `user_registration` SET left_downlines = left_downlines+1
WHERE `user_id` = 'DJ77NH';
UPDATE `user_registration` SET total_downlines = total_downlines+1
WHERE `user_id` = 'PX7XCL';
UPDATE `user_registration` SET left_downlines = left_downlines+1
WHERE `user_id` = 'PX7XCL';
UPDATE `user_registration` SET total_downlines = total_downlines+1
WHERE `user_id` = 'L8PM4Z';
UPDATE `user_registration` SET left_downlines = left_downlines+1
WHERE `user_id` = 'L8PM4Z';
UPDATE `user_registration` SET total_downlines = total_downlines+1
WHERE `user_id` = 'GBSIER';
UPDATE `user_registration` SET left_downlines = left_downlines+1
WHERE `user_id` = 'GBSIER';
UPDATE `user_registration` SET total_downlines = total_downlines+1
WHERE `user_id` = 'AV48YQ';
UPDATE `user_registration` SET left_downlines = left_downlines+1
WHERE `user_id` = 'AV48YQ';
UPDATE `user_registration` SET total_downlines = total_downlines+1
WHERE `user_id` = 'admin';
UPDATE `user_registration` SET left_downlines = left_downlines+1
WHERE `user_id` = 'admin';
INSERT INTO `investment` (`invest_date`, `user_id`, `type`, `amount`, `package_id`) VALUES ('2024-09-26 19:42:38', 'H3YF7Q', 'register', '595', '2');
INSERT INTO `earnings` (`user_id`, `Purchaser_id`, `earning_type`, `package_id`, `amount`, `date`, `comments`, `invest_amount`, `comm_perc`, `level`, `rank_id`, `order_id`) VALUES ('6SUQNY', 'H3YF7Q', 'Direct Referral Bonus', '2', '100', '2024-09-26 19:42:38', 'Direct Referral Bonus', 0, 0, 1, '', 361);
UPDATE `user_registration` SET commission_balance = ROUND(commission_balance + 100,2)
WHERE `user_id` = '6SUQNY';
INSERT INTO `earnings` (`user_id`, `Purchaser_id`, `earning_type`, `package_id`, `amount`, `date`, `comments`, `invest_amount`, `comm_perc`, `level`, `rank_id`, `order_id`) VALUES ('HI62BI', 'H3YF7Q', 'Expansion Bonus', '2', 100, '2024-09-26 19:42:38', 'Expansion Bonus', '100', 0, 1, '', 361);
UPDATE `user_registration` SET commission_balance = ROUND(commission_balance + 100,2)
WHERE `user_id` = 'HI62BI';
INSERT INTO `earnings` (`user_id`, `Purchaser_id`, `earning_type`, `package_id`, `amount`, `date`, `comments`, `invest_amount`, `comm_perc`, `level`, `rank_id`, `order_id`) VALUES ('1FFFBU', 'H3YF7Q', 'Expansion Bonus', '2', 100, '2024-09-26 19:42:38', 'Expansion Bonus', 200, 0, 1, '', 361);
UPDATE `user_registration` SET commission_balance = ROUND(commission_balance + 100,2)
WHERE `user_id` = '1FFFBU';
INSERT INTO `matrix_filling` (`placement_id`, `downline_id`, `level`, `matrix`) VALUES ('SCHE8B', 'H3YF7Q', 1, 1);
UPDATE `bv_updation` SET right_carry = right_carry+50, total_right = total_right+50
WHERE `user_id` = 'SCHE8B';
INSERT INTO `placement_bv_update_history` (`right_carry`, `date`, `from_id`, `user_id`) VALUES ('50', '2024-09-26 19:42:38', 'H3YF7Q', 'SCHE8B');
INSERT INTO `matrix_filling` (`placement_id`, `downline_id`, `level`, `matrix`) VALUES ('CV3W4Z', 'H3YF7Q', 2, 1);
UPDATE `bv_updation` SET right_carry = right_carry+50, total_right = total_right+50
WHERE `user_id` = 'CV3W4Z';
INSERT INTO `placement_bv_update_history` (`right_carry`, `date`, `from_id`, `user_id`) VALUES ('50', '2024-09-26 19:42:38', 'H3YF7Q', 'CV3W4Z');
INSERT INTO `matrix_filling` (`placement_id`, `downline_id`, `level`, `matrix`) VALUES ('XUE2YU', 'H3YF7Q', 3, 1);
UPDATE `bv_updation` SET right_carry = right_carry+50, total_right = total_right+50
WHERE `user_id` = 'XUE2YU';
INSERT INTO `placement_bv_update_history` (`right_carry`, `date`, `from_id`, `user_id`) VALUES ('50', '2024-09-26 19:42:38', 'H3YF7Q', 'XUE2YU');
INSERT INTO `matrix_filling` (`placement_id`, `downline_id`, `level`, `matrix`) VALUES ('F5GZUD', 'H3YF7Q', 4, 1);
UPDATE `bv_updation` SET right_carry = right_carry+50, total_right = total_right+50
WHERE `user_id` = 'F5GZUD';
INSERT INTO `placement_bv_update_history` (`right_carry`, `date`, `from_id`, `user_id`) VALUES ('50', '2024-09-26 19:42:38', 'H3YF7Q', 'F5GZUD');
INSERT INTO `matrix_filling` (`placement_id`, `downline_id`, `level`, `matrix`) VALUES ('1XCQUI', 'H3YF7Q', 5, 1);
UPDATE `bv_updation` SET right_carry = right_carry+50, total_right = total_right+50
WHERE `user_id` = '1XCQUI';
INSERT INTO `placement_bv_update_history` (`right_carry`, `date`, `from_id`, `user_id`) VALUES ('50', '2024-09-26 19:42:38', 'H3YF7Q', '1XCQUI');
INSERT INTO `matrix_filling` (`placement_id`, `downline_id`, `level`, `matrix`) VALUES ('MGO2GW', 'H3YF7Q', 6, 1);
UPDATE `bv_updation` SET right_carry = right_carry+50, total_right = total_right+50
WHERE `user_id` = 'MGO2GW';
INSERT INTO `placement_bv_update_history` (`right_carry`, `date`, `from_id`, `user_id`) VALUES ('50', '2024-09-26 19:42:38', 'H3YF7Q', 'MGO2GW');
INSERT INTO `matrix_filling` (`placement_id`, `downline_id`, `level`, `matrix`) VALUES ('A3U9QE', 'H3YF7Q', 7, 1);
UPDATE `bv_updation` SET right_carry = right_carry+50, total_right = total_right+50
WHERE `user_id` = 'A3U9QE';
INSERT INTO `placement_bv_update_history` (`right_carry`, `date`, `from_id`, `user_id`) VALUES ('50', '2024-09-26 19:42:38', 'H3YF7Q', 'A3U9QE');
INSERT INTO `matrix_filling` (`placement_id`, `downline_id`, `level`, `matrix`) VALUES ('VHYSA7', 'H3YF7Q', 8, 1);
UPDATE `bv_updation` SET right_carry = right_carry+50, total_right = total_right+50
WHERE `user_id` = 'VHYSA7';
INSERT INTO `placement_bv_update_history` (`right_carry`, `date`, `from_id`, `user_id`) VALUES ('50', '2024-09-26 19:42:38', 'H3YF7Q', 'VHYSA7');
INSERT INTO `matrix_filling` (`placement_id`, `downline_id`, `level`, `matrix`) VALUES ('6SUQNY', 'H3YF7Q', 9, 1);
UPDATE `bv_updation` SET right_carry = right_carry+50, total_right = total_right+50
WHERE `user_id` = '6SUQNY';
INSERT INTO `placement_bv_update_history` (`right_carry`, `date`, `from_id`, `user_id`) VALUES ('50', '2024-09-26 19:42:38', 'H3YF7Q', '6SUQNY');
UPDATE `bv_updation` SET sponsor_right_carry = sponsor_right_carry+50, sponsor_total_right = sponsor_total_right+50
WHERE `user_id` = '6SUQNY';
INSERT INTO `sponsor_bv_update_history` (`right_carry`, `date`, `user_id`) VALUES ('50', '2024-09-26 19:42:38', '6SUQNY');
INSERT INTO `matrix_filling` (`placement_id`, `downline_id`, `level`, `matrix`) VALUES ('5K7DS2', 'H3YF7Q', 10, 1);
UPDATE `bv_updation` SET left_carry = left_carry+50, total_left = total_left+50
WHERE `user_id` = '5K7DS2';
INSERT INTO `placement_bv_update_history` (`left_carry`, `date`, `from_id`, `user_id`) VALUES ('50', '2024-09-26 19:42:38', 'H3YF7Q', '5K7DS2');
INSERT INTO `matrix_filling` (`placement_id`, `downline_id`, `level`, `matrix`) VALUES ('HI62BI', 'H3YF7Q', 11, 1);
UPDATE `bv_updation` SET right_carry = right_carry+50, total_right = total_right+50
WHERE `user_id` = 'HI62BI';
INSERT INTO `placement_bv_update_history` (`right_carry`, `date`, `from_id`, `user_id`) VALUES ('50', '2024-09-26 19:42:38', 'H3YF7Q', 'HI62BI');
INSERT INTO `matrix_filling` (`placement_id`, `downline_id`, `level`, `matrix`) VALUES ('1FFFBU', 'H3YF7Q', 12, 1);
UPDATE `bv_updation` SET right_carry = right_carry+50, total_right = total_right+50
WHERE `user_id` = '1FFFBU';
INSERT INTO `placement_bv_update_history` (`right_carry`, `date`, `from_id`, `user_id`) VALUES ('50', '2024-09-26 19:42:38', 'H3YF7Q', '1FFFBU');
INSERT INTO `matrix_filling` (`placement_id`, `downline_id`, `level`, `matrix`) VALUES ('J4CGUT', 'H3YF7Q', 13, 1);
UPDATE `bv_updation` SET left_carry = left_carry+50, total_left = total_left+50
WHERE `user_id` = 'J4CGUT';
INSERT INTO `placement_bv_update_history` (`left_carry`, `date`, `from_id`, `user_id`) VALUES ('50', '2024-09-26 19:42:38', 'H3YF7Q', 'J4CGUT');
INSERT INTO `matrix_filling` (`placement_id`, `downline_id`, `level`, `matrix`) VALUES ('S1RTX3', 'H3YF7Q', 14, 1);
UPDATE `bv_updation` SET left_carry = left_carry+50, total_left = total_left+50
WHERE `user_id` = 'S1RTX3';
INSERT INTO `placement_bv_update_history` (`left_carry`, `date`, `from_id`, `user_id`) VALUES ('50', '2024-09-26 19:42:38', 'H3YF7Q', 'S1RTX3');
INSERT INTO `matrix_filling` (`placement_id`, `downline_id`, `level`, `matrix`) VALUES ('I8YWQA', 'H3YF7Q', 15, 1);
UPDATE `bv_updation` SET left_carry = left_carry+50, total_left = total_left+50
WHERE `user_id` = 'I8YWQA';
INSERT INTO `placement_bv_update_history` (`left_carry`, `date`, `from_id`, `user_id`) VALUES ('50', '2024-09-26 19:42:38', 'H3YF7Q', 'I8YWQA');
INSERT INTO `matrix_filling` (`placement_id`, `downline_id`, `level`, `matrix`) VALUES ('I3MZBU', 'H3YF7Q', 16, 1);
UPDATE `bv_updation` SET left_carry = left_carry+50, total_left = total_left+50
WHERE `user_id` = 'I3MZBU';
INSERT INTO `placement_bv_update_history` (`left_carry`, `date`, `from_id`, `user_id`) VALUES ('50', '2024-09-26 19:42:38', 'H3YF7Q', 'I3MZBU');
INSERT INTO `matrix_filling` (`placement_id`, `downline_id`, `level`, `matrix`) VALUES ('H2I33O', 'H3YF7Q', 17, 1);
UPDATE `bv_updation` SET left_carry = left_carry+50, total_left = total_left+50
WHERE `user_id` = 'H2I33O';
INSERT INTO `placement_bv_update_history` (`left_carry`, `date`, `from_id`, `user_id`) VALUES ('50', '2024-09-26 19:42:38', 'H3YF7Q', 'H2I33O');
INSERT INTO `matrix_filling` (`placement_id`, `downline_id`, `level`, `matrix`) VALUES ('AL7XWH', 'H3YF7Q', 18, 1);
UPDATE `bv_updation` SET left_carry = left_carry+50, total_left = total_left+50
WHERE `user_id` = 'AL7XWH';
INSERT INTO `placement_bv_update_history` (`left_carry`, `date`, `from_id`, `user_id`) VALUES ('50', '2024-09-26 19:42:38', 'H3YF7Q', 'AL7XWH');
INSERT INTO `matrix_filling` (`placement_id`, `downline_id`, `level`, `matrix`) VALUES ('HFZ9SA', 'H3YF7Q', 19, 1);
UPDATE `bv_updation` SET left_carry = left_carry+50, total_left = total_left+50
WHERE `user_id` = 'HFZ9SA';
INSERT INTO `placement_bv_update_history` (`left_carry`, `date`, `from_id`, `user_id`) VALUES ('50', '2024-09-26 19:42:38', 'H3YF7Q', 'HFZ9SA');
INSERT INTO `matrix_filling` (`placement_id`, `downline_id`, `level`, `matrix`) VALUES ('A2MTZ3', 'H3YF7Q', 20, 1);
UPDATE `bv_updation` SET left_carry = left_carry+50, total_left = total_left+50
WHERE `user_id` = 'A2MTZ3';
INSERT INTO `placement_bv_update_history` (`left_carry`, `date`, `from_id`, `user_id`) VALUES ('50', '2024-09-26 19:42:38', 'H3YF7Q', 'A2MTZ3');
INSERT INTO `matrix_filling` (`placement_id`, `downline_id`, `level`, `matrix`) VALUES ('RUEKCW', 'H3YF7Q', 21, 1);
UPDATE `bv_updation` SET left_carry = left_carry+50, total_left = total_left+50
WHERE `user_id` = 'RUEKCW';
INSERT INTO `placement_bv_update_history` (`left_carry`, `date`, `from_id`, `user_id`) VALUES ('50', '2024-09-26 19:42:38', 'H3YF7Q', 'RUEKCW');
INSERT INTO `matrix_filling` (`placement_id`, `downline_id`, `level`, `matrix`) VALUES ('K3GTG4', 'H3YF7Q', 22, 1);
UPDATE `bv_updation` SET left_carry = left_carry+50, total_left = total_left+50
WHERE `user_id` = 'K3GTG4';
INSERT INTO `placement_bv_update_history` (`left_carry`, `date`, `from_id`, `user_id`) VALUES ('50', '2024-09-26 19:42:38', 'H3YF7Q', 'K3GTG4');
INSERT INTO `matrix_filling` (`placement_id`, `downline_id`, `level`, `matrix`) VALUES ('I1TUBN', 'H3YF7Q', 23, 1);
UPDATE `bv_updation` SET left_carry = left_carry+50, total_left = total_left+50
WHERE `user_id` = 'I1TUBN';
INSERT INTO `placement_bv_update_history` (`left_carry`, `date`, `from_id`, `user_id`) VALUES ('50', '2024-09-26 19:42:38', 'H3YF7Q', 'I1TUBN');
INSERT INTO `matrix_filling` (`placement_id`, `downline_id`, `level`, `matrix`) VALUES ('BAUCCU', 'H3YF7Q', 24, 1);
UPDATE `bv_updation` SET left_carry = left_carry+50, total_left = total_left+50
WHERE `user_id` = 'BAUCCU';
INSERT INTO `placement_bv_update_history` (`left_carry`, `date`, `from_id`, `user_id`) VALUES ('50', '2024-09-26 19:42:38', 'H3YF7Q', 'BAUCCU');
INSERT INTO `matrix_filling` (`placement_id`, `downline_id`, `level`, `matrix`) VALUES ('62QO97', 'H3YF7Q', 25, 1);
UPDATE `bv_updation` SET left_carry = left_carry+50, total_left = total_left+50
WHERE `user_id` = '62QO97';
INSERT INTO `placement_bv_update_history` (`left_carry`, `date`, `from_id`, `user_id`) VALUES ('50', '2024-09-26 19:42:38', 'H3YF7Q', '62QO97');
INSERT INTO `matrix_filling` (`placement_id`, `downline_id`, `level`, `matrix`) VALUES ('OHLQEO', 'H3YF7Q', 26, 1);
UPDATE `bv_updation` SET left_carry = left_carry+50, total_left = total_left+50
WHERE `user_id` = 'OHLQEO';
INSERT INTO `placement_bv_update_history` (`left_carry`, `date`, `from_id`, `user_id`) VALUES ('50', '2024-09-26 19:42:38', 'H3YF7Q', 'OHLQEO');
INSERT INTO `matrix_filling` (`placement_id`, `downline_id`, `level`, `matrix`) VALUES ('7APFKG', 'H3YF7Q', 27, 1);
UPDATE `bv_updation` SET left_carry = left_carry+50, total_left = total_left+50
WHERE `user_id` = '7APFKG';
INSERT INTO `placement_bv_update_history` (`left_carry`, `date`, `from_id`, `user_id`) VALUES ('50', '2024-09-26 19:42:38', 'H3YF7Q', '7APFKG');
INSERT INTO `matrix_filling` (`placement_id`, `downline_id`, `level`, `matrix`) VALUES ('Q2Q92Y', 'H3YF7Q', 28, 1);
UPDATE `bv_updation` SET left_carry = left_carry+50, total_left = total_left+50
WHERE `user_id` = 'Q2Q92Y';
INSERT INTO `placement_bv_update_history` (`left_carry`, `date`, `from_id`, `user_id`) VALUES ('50', '2024-09-26 19:42:38', 'H3YF7Q', 'Q2Q92Y');
INSERT INTO `matrix_filling` (`placement_id`, `downline_id`, `level`, `matrix`) VALUES ('E9ITRC', 'H3YF7Q', 29, 1);
UPDATE `bv_updation` SET left_carry = left_carry+50, total_left = total_left+50
WHERE `user_id` = 'E9ITRC';
INSERT INTO `placement_bv_update_history` (`left_carry`, `date`, `from_id`, `user_id`) VALUES ('50', '2024-09-26 19:42:38', 'H3YF7Q', 'E9ITRC');
INSERT INTO `matrix_filling` (`placement_id`, `downline_id`, `level`, `matrix`) VALUES ('7COKBB', 'H3YF7Q', 30, 1);
UPDATE `bv_updation` SET left_carry = left_carry+50, total_left = total_left+50
WHERE `user_id` = '7COKBB';
INSERT INTO `placement_bv_update_history` (`left_carry`, `date`, `from_id`, `user_id`) VALUES ('50', '2024-09-26 19:42:38', 'H3YF7Q', '7COKBB');
INSERT INTO `matrix_filling` (`placement_id`, `downline_id`, `level`, `matrix`) VALUES ('BDNS17', 'H3YF7Q', 31, 1);
UPDATE `bv_updation` SET left_carry = left_carry+50, total_left = total_left+50
WHERE `user_id` = 'BDNS17';
INSERT INTO `placement_bv_update_history` (`left_carry`, `date`, `from_id`, `user_id`) VALUES ('50', '2024-09-26 19:42:38', 'H3YF7Q', 'BDNS17');
INSERT INTO `matrix_filling` (`placement_id`, `downline_id`, `level`, `matrix`) VALUES ('7ZXRRE', 'H3YF7Q', 32, 1);
UPDATE `bv_updation` SET left_carry = left_carry+50, total_left = total_left+50
WHERE `user_id` = '7ZXRRE';
INSERT INTO `placement_bv_update_history` (`left_carry`, `date`, `from_id`, `user_id`) VALUES ('50', '2024-09-26 19:42:38', 'H3YF7Q', '7ZXRRE');
INSERT INTO `matrix_filling` (`placement_id`, `downline_id`, `level`, `matrix`) VALUES ('KLRAF5', 'H3YF7Q', 33, 1);
UPDATE `bv_updation` SET left_carry = left_carry+50, total_left = total_left+50
WHERE `user_id` = 'KLRAF5';
INSERT INTO `placement_bv_update_history` (`left_carry`, `date`, `from_id`, `user_id`) VALUES ('50', '2024-09-26 19:42:38', 'H3YF7Q', 'KLRAF5');
INSERT INTO `matrix_filling` (`placement_id`, `downline_id`, `level`, `matrix`) VALUES ('IFJHZG', 'H3YF7Q', 34, 1);
UPDATE `bv_updation` SET left_carry = left_carry+50, total_left = total_left+50
WHERE `user_id` = 'IFJHZG';
INSERT INTO `placement_bv_update_history` (`left_carry`, `date`, `from_id`, `user_id`) VALUES ('50', '2024-09-26 19:42:38', 'H3YF7Q', 'IFJHZG');
INSERT INTO `matrix_filling` (`placement_id`, `downline_id`, `level`, `matrix`) VALUES ('MXUV8Q', 'H3YF7Q', 35, 1);
UPDATE `bv_updation` SET left_carry = left_carry+50, total_left = total_left+50
WHERE `user_id` = 'MXUV8Q';
INSERT INTO `placement_bv_update_history` (`left_carry`, `date`, `from_id`, `user_id`) VALUES ('50', '2024-09-26 19:42:38', 'H3YF7Q', 'MXUV8Q');
INSERT INTO `matrix_filling` (`placement_id`, `downline_id`, `level`, `matrix`) VALUES ('GGM164', 'H3YF7Q', 36, 1);
UPDATE `bv_updation` SET left_carry = left_carry+50, total_left = total_left+50
WHERE `user_id` = 'GGM164';
INSERT INTO `placement_bv_update_history` (`left_carry`, `date`, `from_id`, `user_id`) VALUES ('50', '2024-09-26 19:42:38', 'H3YF7Q', 'GGM164');
INSERT INTO `matrix_filling` (`placement_id`, `downline_id`, `level`, `matrix`) VALUES ('3NKIEX', 'H3YF7Q', 37, 1);
UPDATE `bv_updation` SET left_carry = left_carry+50, total_left = total_left+50
WHERE `user_id` = '3NKIEX';
INSERT INTO `placement_bv_update_history` (`left_carry`, `date`, `from_id`, `user_id`) VALUES ('50', '2024-09-26 19:42:38', 'H3YF7Q', '3NKIEX');
INSERT INTO `matrix_filling` (`placement_id`, `downline_id`, `level`, `matrix`) VALUES ('S56TH3', 'H3YF7Q', 38, 1);
UPDATE `bv_updation` SET left_carry = left_carry+50, total_left = total_left+50
WHERE `user_id` = 'S56TH3';
INSERT INTO `placement_bv_update_history` (`left_carry`, `date`, `from_id`, `user_id`) VALUES ('50', '2024-09-26 19:42:38', 'H3YF7Q', 'S56TH3');
INSERT INTO `matrix_filling` (`placement_id`, `downline_id`, `level`, `matrix`) VALUES ('XYG89U', 'H3YF7Q', 39, 1);
UPDATE `bv_updation` SET left_carry = left_carry+50, total_left = total_left+50
WHERE `user_id` = 'XYG89U';
INSERT INTO `placement_bv_update_history` (`left_carry`, `date`, `from_id`, `user_id`) VALUES ('50', '2024-09-26 19:42:38', 'H3YF7Q', 'XYG89U');
INSERT INTO `matrix_filling` (`placement_id`, `downline_id`, `level`, `matrix`) VALUES ('HTFY93', 'H3YF7Q', 40, 1);
UPDATE `bv_updation` SET left_carry = left_carry+50, total_left = total_left+50
WHERE `user_id` = 'HTFY93';
INSERT INTO `placement_bv_update_history` (`left_carry`, `date`, `from_id`, `user_id`) VALUES ('50', '2024-09-26 19:42:38', 'H3YF7Q', 'HTFY93');
INSERT INTO `matrix_filling` (`placement_id`, `downline_id`, `level`, `matrix`) VALUES ('3PR393', 'H3YF7Q', 41, 1);
UPDATE `bv_updation` SET left_carry = left_carry+50, total_left = total_left+50
WHERE `user_id` = '3PR393';
INSERT INTO `placement_bv_update_history` (`left_carry`, `date`, `from_id`, `user_id`) VALUES ('50', '2024-09-26 19:42:38', 'H3YF7Q', '3PR393');
INSERT INTO `matrix_filling` (`placement_id`, `downline_id`, `level`, `matrix`) VALUES ('T3MRY1', 'H3YF7Q', 42, 1);
UPDATE `bv_updation` SET left_carry = left_carry+50, total_left = total_left+50
WHERE `user_id` = 'T3MRY1';
INSERT INTO `placement_bv_update_history` (`left_carry`, `date`, `from_id`, `user_id`) VALUES ('50', '2024-09-26 19:42:38', 'H3YF7Q', 'T3MRY1');
INSERT INTO `matrix_filling` (`placement_id`, `downline_id`, `level`, `matrix`) VALUES ('GTMCCK', 'H3YF7Q', 43, 1);
UPDATE `bv_updation` SET left_carry = left_carry+50, total_left = total_left+50
WHERE `user_id` = 'GTMCCK';
INSERT INTO `placement_bv_update_history` (`left_carry`, `date`, `from_id`, `user_id`) VALUES ('50', '2024-09-26 19:42:38', 'H3YF7Q', 'GTMCCK');
INSERT INTO `matrix_filling` (`placement_id`, `downline_id`, `level`, `matrix`) VALUES ('DLYMIF', 'H3YF7Q', 44, 1);
UPDATE `bv_updation` SET left_carry = left_carry+50, total_left = total_left+50
WHERE `user_id` = 'DLYMIF';
INSERT INTO `placement_bv_update_history` (`left_carry`, `date`, `from_id`, `user_id`) VALUES ('50', '2024-09-26 19:42:38', 'H3YF7Q', 'DLYMIF');
INSERT INTO `matrix_filling` (`placement_id`, `downline_id`, `level`, `matrix`) VALUES ('WGJ5KE', 'H3YF7Q', 45, 1);
UPDATE `bv_updation` SET left_carry = left_carry+50, total_left = total_left+50
WHERE `user_id` = 'WGJ5KE';
INSERT INTO `placement_bv_update_history` (`left_carry`, `date`, `from_id`, `user_id`) VALUES ('50', '2024-09-26 19:42:38', 'H3YF7Q', 'WGJ5KE');
INSERT INTO `matrix_filling` (`placement_id`, `downline_id`, `level`, `matrix`) VALUES ('ORRJ3M', 'H3YF7Q', 46, 1);
UPDATE `bv_updation` SET left_carry = left_carry+50, total_left = total_left+50
WHERE `user_id` = 'ORRJ3M';
INSERT INTO `placement_bv_update_history` (`left_carry`, `date`, `from_id`, `user_id`) VALUES ('50', '2024-09-26 19:42:38', 'H3YF7Q', 'ORRJ3M');
INSERT INTO `matrix_filling` (`placement_id`, `downline_id`, `level`, `matrix`) VALUES ('AA8V6V', 'H3YF7Q', 47, 1);
UPDATE `bv_updation` SET left_carry = left_carry+50, total_left = total_left+50
WHERE `user_id` = 'AA8V6V';
INSERT INTO `placement_bv_update_history` (`left_carry`, `date`, `from_id`, `user_id`) VALUES ('50', '2024-09-26 19:42:38', 'H3YF7Q', 'AA8V6V');
INSERT INTO `matrix_filling` (`placement_id`, `downline_id`, `level`, `matrix`) VALUES ('61ME4O', 'H3YF7Q', 48, 1);
UPDATE `bv_updation` SET left_carry = left_carry+50, total_left = total_left+50
WHERE `user_id` = '61ME4O';
INSERT INTO `placement_bv_update_history` (`left_carry`, `date`, `from_id`, `user_id`) VALUES ('50', '2024-09-26 19:42:38', 'H3YF7Q', '61ME4O');
INSERT INTO `matrix_filling` (`placement_id`, `downline_id`, `level`, `matrix`) VALUES ('WS1SZZ', 'H3YF7Q', 49, 1);
UPDATE `bv_updation` SET left_carry = left_carry+50, total_left = total_left+50
WHERE `user_id` = 'WS1SZZ';
INSERT INTO `placement_bv_update_history` (`left_carry`, `date`, `from_id`, `user_id`) VALUES ('50', '2024-09-26 19:42:38', 'H3YF7Q', 'WS1SZZ');
INSERT INTO `matrix_filling` (`placement_id`, `downline_id`, `level`, `matrix`) VALUES ('TBN4MZ', 'H3YF7Q', 50, 1);
UPDATE `bv_updation` SET left_carry = left_carry+50, total_left = total_left+50
WHERE `user_id` = 'TBN4MZ';
INSERT INTO `placement_bv_update_history` (`left_carry`, `date`, `from_id`, `user_id`) VALUES ('50', '2024-09-26 19:42:38', 'H3YF7Q', 'TBN4MZ');
INSERT INTO `matrix_filling` (`placement_id`, `downline_id`, `level`, `matrix`) VALUES ('OEMJ8R', 'H3YF7Q', 51, 1);
UPDATE `bv_updation` SET left_carry = left_carry+50, total_left = total_left+50
WHERE `user_id` = 'OEMJ8R';
INSERT INTO `placement_bv_update_history` (`left_carry`, `date`, `from_id`, `user_id`) VALUES ('50', '2024-09-26 19:42:38', 'H3YF7Q', 'OEMJ8R');
INSERT INTO `matrix_filling` (`placement_id`, `downline_id`, `level`, `matrix`) VALUES ('FXAYIE', 'H3YF7Q', 52, 1);
UPDATE `bv_updation` SET left_carry = left_carry+50, total_left = total_left+50
WHERE `user_id` = 'FXAYIE';
INSERT INTO `placement_bv_update_history` (`left_carry`, `date`, `from_id`, `user_id`) VALUES ('50', '2024-09-26 19:42:38', 'H3YF7Q', 'FXAYIE');
INSERT INTO `matrix_filling` (`placement_id`, `downline_id`, `level`, `matrix`) VALUES ('ELXZWC', 'H3YF7Q', 53, 1);
UPDATE `bv_updation` SET left_carry = left_carry+50, total_left = total_left+50
WHERE `user_id` = 'ELXZWC';
INSERT INTO `placement_bv_update_history` (`left_carry`, `date`, `from_id`, `user_id`) VALUES ('50', '2024-09-26 19:42:38', 'H3YF7Q', 'ELXZWC');
INSERT INTO `matrix_filling` (`placement_id`, `downline_id`, `level`, `matrix`) VALUES ('C1TQVI', 'H3YF7Q', 54, 1);
UPDATE `bv_updation` SET left_carry = left_carry+50, total_left = total_left+50
WHERE `user_id` = 'C1TQVI';
INSERT INTO `placement_bv_update_history` (`left_carry`, `date`, `from_id`, `user_id`) VALUES ('50', '2024-09-26 19:42:38', 'H3YF7Q', 'C1TQVI');
INSERT INTO `matrix_filling` (`placement_id`, `downline_id`, `level`, `matrix`) VALUES ('F5GPDF', 'H3YF7Q', 55, 1);
UPDATE `bv_updation` SET left_carry = left_carry+50, total_left = total_left+50
WHERE `user_id` = 'F5GPDF';
INSERT INTO `placement_bv_update_history` (`left_carry`, `date`, `from_id`, `user_id`) VALUES ('50', '2024-09-26 19:42:38', 'H3YF7Q', 'F5GPDF');
INSERT INTO `matrix_filling` (`placement_id`, `downline_id`, `level`, `matrix`) VALUES ('91PYDK', 'H3YF7Q', 56, 1);
UPDATE `bv_updation` SET left_carry = left_carry+50, total_left = total_left+50
WHERE `user_id` = '91PYDK';
INSERT INTO `placement_bv_update_history` (`left_carry`, `date`, `from_id`, `user_id`) VALUES ('50', '2024-09-26 19:42:38', 'H3YF7Q', '91PYDK');
INSERT INTO `matrix_filling` (`placement_id`, `downline_id`, `level`, `matrix`) VALUES ('4OT7RX', 'H3YF7Q', 57, 1);
UPDATE `bv_updation` SET left_carry = left_carry+50, total_left = total_left+50
WHERE `user_id` = '4OT7RX';
INSERT INTO `placement_bv_update_history` (`left_carry`, `date`, `from_id`, `user_id`) VALUES ('50', '2024-09-26 19:42:38', 'H3YF7Q', '4OT7RX');
INSERT INTO `matrix_filling` (`placement_id`, `downline_id`, `level`, `matrix`) VALUES ('ZJZA3M', 'H3YF7Q', 58, 1);
UPDATE `bv_updation` SET left_carry = left_carry+50, total_left = total_left+50
WHERE `user_id` = 'ZJZA3M';
INSERT INTO `placement_bv_update_history` (`left_carry`, `date`, `from_id`, `user_id`) VALUES ('50', '2024-09-26 19:42:38', 'H3YF7Q', 'ZJZA3M');
INSERT INTO `matrix_filling` (`placement_id`, `downline_id`, `level`, `matrix`) VALUES ('XN6ETC', 'H3YF7Q', 59, 1);
UPDATE `bv_updation` SET left_carry = left_carry+50, total_left = total_left+50
WHERE `user_id` = 'XN6ETC';
INSERT INTO `placement_bv_update_history` (`left_carry`, `date`, `from_id`, `user_id`) VALUES ('50', '2024-09-26 19:42:38', 'H3YF7Q', 'XN6ETC');
INSERT INTO `matrix_filling` (`placement_id`, `downline_id`, `level`, `matrix`) VALUES ('KVQN1O', 'H3YF7Q', 60, 1);
UPDATE `bv_updation` SET left_carry = left_carry+50, total_left = total_left+50
WHERE `user_id` = 'KVQN1O';
INSERT INTO `placement_bv_update_history` (`left_carry`, `date`, `from_id`, `user_id`) VALUES ('50', '2024-09-26 19:42:38', 'H3YF7Q', 'KVQN1O');
INSERT INTO `matrix_filling` (`placement_id`, `downline_id`, `level`, `matrix`) VALUES ('X3V7DJ', 'H3YF7Q', 61, 1);
UPDATE `bv_updation` SET left_carry = left_carry+50, total_left = total_left+50
WHERE `user_id` = 'X3V7DJ';
INSERT INTO `placement_bv_update_history` (`left_carry`, `date`, `from_id`, `user_id`) VALUES ('50', '2024-09-26 19:42:38', 'H3YF7Q', 'X3V7DJ');
INSERT INTO `matrix_filling` (`placement_id`, `downline_id`, `level`, `matrix`) VALUES ('DJ77NH', 'H3YF7Q', 62, 1);
UPDATE `bv_updation` SET left_carry = left_carry+50, total_left = total_left+50
WHERE `user_id` = 'DJ77NH';
INSERT INTO `placement_bv_update_history` (`left_carry`, `date`, `from_id`, `user_id`) VALUES ('50', '2024-09-26 19:42:38', 'H3YF7Q', 'DJ77NH');
INSERT INTO `matrix_filling` (`placement_id`, `downline_id`, `level`, `matrix`) VALUES ('PX7XCL', 'H3YF7Q', 63, 1);
UPDATE `bv_updation` SET left_carry = left_carry+50, total_left = total_left+50
WHERE `user_id` = 'PX7XCL';
INSERT INTO `placement_bv_update_history` (`left_carry`, `date`, `from_id`, `user_id`) VALUES ('50', '2024-09-26 19:42:38', 'H3YF7Q', 'PX7XCL');
INSERT INTO `matrix_filling` (`placement_id`, `downline_id`, `level`, `matrix`) VALUES ('L8PM4Z', 'H3YF7Q', 64, 1);
UPDATE `bv_updation` SET left_carry = left_carry+50, total_left = total_left+50
WHERE `user_id` = 'L8PM4Z';
INSERT INTO `placement_bv_update_history` (`left_carry`, `date`, `from_id`, `user_id`) VALUES ('50', '2024-09-26 19:42:38', 'H3YF7Q', 'L8PM4Z');
INSERT INTO `matrix_filling` (`placement_id`, `downline_id`, `level`, `matrix`) VALUES ('GBSIER', 'H3YF7Q', 65, 1);
UPDATE `bv_updation` SET left_carry = left_carry+50, total_left = total_left+50
WHERE `user_id` = 'GBSIER';
INSERT INTO `placement_bv_update_history` (`left_carry`, `date`, `from_id`, `user_id`) VALUES ('50', '2024-09-26 19:42:38', 'H3YF7Q', 'GBSIER');
INSERT INTO `matrix_filling` (`placement_id`, `downline_id`, `level`, `matrix`) VALUES ('AV48YQ', 'H3YF7Q', 66, 1);
UPDATE `bv_updation` SET left_carry = left_carry+50, total_left = total_left+50
WHERE `user_id` = 'AV48YQ';
INSERT INTO `placement_bv_update_history` (`left_carry`, `date`, `from_id`, `user_id`) VALUES ('50', '2024-09-26 19:42:38', 'H3YF7Q', 'AV48YQ');
INSERT INTO `matrix_filling` (`placement_id`, `downline_id`, `level`, `matrix`) VALUES ('admin', 'H3YF7Q', 67, 1);
INSERT INTO `package_purchase_history` (`user_id`, `package_id`, `reg_fee`, `package_name`, `monthly_fee`, `type`, `date`, `payment_option`) VALUES ('H3YF7Q', '2', '595', 'Traveler Pro', '150', 'sign_up', '2024-09-26 19:42:38', 'free');
UPDATE `user_registration` SET `popup_seen` = 'yes'
WHERE `user_id` = '6SUQNY';
UPDATE `ci_sessions` SET `timestamp` = 1727397840, `data` = '__ci_last_regenerate|i:1727397840;id|s:4:\"2512\";user_id|s:6:\"6SUQNY\";username|s:8:\"rolando7\";sponsor_id|s:6:\"5K7DS2\";fullname|s:13:\"Rolando Reyes\";email|s:18:\"rolando7@gmail.com\";phone|s:10:\"3057610606\";isLogIn|b:1;'
WHERE `id` = '9b8b8ba58b181fa69d5e156639a1a4ac425ef1f8';
UPDATE `user_registration` SET `popup_seen` = 'yes'
WHERE `user_id` = '6SUQNY';
UPDATE `user_registration` SET `uid` = '2527', `user_id` = '577V9K', `username` = 'roxanaiglesias7', `sponsor_id` = '97QHYG', `vacant` = 'no', `f_name` = 'Roxana', `l_name` = 'Iglesias', `address` = '8100 SW 14 Terr', `position` = 'right', `email` = 'roxanaiglesias7@gmail.com', `password` = '7c2de2ad5e773ecc5cae7470232c7260', `phone` = '7862876762', `country` = 'United States', `state` = 'Florida', `city` = 'Miami', `street` = '8100 SW 14 Terr', `zip_code` = '33144', `reg_ip` = '108.162.210.150', `status` = 1, `package_id` = '2', `rank_id` = 1, `highest_rank` = 1, `created` = '2024-09-26 19:44:17', `subscription_date` = '2024-10-26', `google_secret` = 'AEZNZ5EVZKP3GYHJ'
WHERE `uid` = '2527';
INSERT INTO `user_registration` (`uid`, `user_id`, `username`, `sponsor_id`, `placement_id`, `vacant`, `f_name`, `l_name`, `address`, `position`, `email`, `password`, `phone`, `reg_ip`, `status`, `created`) VALUES (NULL, 'AFZMWE', 'szLnobCC', '577V9K', '577V9K', 'yes', '', '', '', 'left', '@mail.com', '', '', '', 0, '2024-09-26 19:44:17');
INSERT INTO `user_registration` (`uid`, `user_id`, `username`, `sponsor_id`, `placement_id`, `vacant`, `f_name`, `l_name`, `address`, `position`, `email`, `password`, `phone`, `reg_ip`, `status`, `created`) VALUES (NULL, 'QKNSWF', 'TffjLpym', '577V9K', '577V9K', 'yes', '', '', '', 'right', '@mail.com', '', '', '', 0, '2024-09-26 19:44:17');
INSERT INTO `bv_updation` (`user_id`) VALUES ('577V9K');
UPDATE `user_registration` SET total_ref_count = total_ref_count+1
WHERE `user_id` = '97QHYG';
UPDATE `user_registration` SET total_downlines = total_downlines+1
WHERE `user_id` = '97QHYG';
UPDATE `user_registration` SET right_downlines = right_downlines+1
WHERE `user_id` = '97QHYG';
UPDATE `user_registration` SET right_ref_count = right_ref_count+1
WHERE `user_id` = '97QHYG';
UPDATE `user_registration` SET active_right = active_right+1
WHERE `user_id` = '97QHYG';
UPDATE `user_registration` SET total_downlines = total_downlines+1
WHERE `user_id` = 'IW5GAU';
UPDATE `user_registration` SET left_downlines = left_downlines+1
WHERE `user_id` = 'IW5GAU';
UPDATE `user_registration` SET total_downlines = total_downlines+1
WHERE `user_id` = 'JQ3FLF';
UPDATE `user_registration` SET left_downlines = left_downlines+1
WHERE `user_id` = 'JQ3FLF';
UPDATE `user_registration` SET total_downlines = total_downlines+1
WHERE `user_id` = 'C3N32U';
UPDATE `user_registration` SET left_downlines = left_downlines+1
WHERE `user_id` = 'C3N32U';
UPDATE `user_registration` SET total_downlines = total_downlines+1
WHERE `user_id` = 'MNLXPP';
UPDATE `user_registration` SET left_downlines = left_downlines+1
WHERE `user_id` = 'MNLXPP';
UPDATE `user_registration` SET total_downlines = total_downlines+1
WHERE `user_id` = 'NUPA4K';
UPDATE `user_registration` SET left_downlines = left_downlines+1
WHERE `user_id` = 'NUPA4K';
UPDATE `user_registration` SET total_downlines = total_downlines+1
WHERE `user_id` = '1FFFBU';
UPDATE `user_registration` SET left_downlines = left_downlines+1
WHERE `user_id` = '1FFFBU';
UPDATE `user_registration` SET total_downlines = total_downlines+1
WHERE `user_id` = 'J4CGUT';
UPDATE `user_registration` SET left_downlines = left_downlines+1
WHERE `user_id` = 'J4CGUT';
UPDATE `user_registration` SET total_downlines = total_downlines+1
WHERE `user_id` = 'S1RTX3';
UPDATE `user_registration` SET left_downlines = left_downlines+1
WHERE `user_id` = 'S1RTX3';
UPDATE `user_registration` SET total_downlines = total_downlines+1
WHERE `user_id` = 'I8YWQA';
UPDATE `user_registration` SET left_downlines = left_downlines+1
WHERE `user_id` = 'I8YWQA';
UPDATE `user_registration` SET total_downlines = total_downlines+1
WHERE `user_id` = 'I3MZBU';
UPDATE `user_registration` SET left_downlines = left_downlines+1
WHERE `user_id` = 'I3MZBU';
UPDATE `user_registration` SET total_downlines = total_downlines+1
WHERE `user_id` = 'H2I33O';
UPDATE `user_registration` SET left_downlines = left_downlines+1
WHERE `user_id` = 'H2I33O';
UPDATE `user_registration` SET total_downlines = total_downlines+1
WHERE `user_id` = 'AL7XWH';
UPDATE `user_registration` SET left_downlines = left_downlines+1
WHERE `user_id` = 'AL7XWH';
UPDATE `user_registration` SET total_downlines = total_downlines+1
WHERE `user_id` = 'HFZ9SA';
UPDATE `user_registration` SET left_downlines = left_downlines+1
WHERE `user_id` = 'HFZ9SA';
UPDATE `user_registration` SET total_downlines = total_downlines+1
WHERE `user_id` = 'A2MTZ3';
UPDATE `user_registration` SET left_downlines = left_downlines+1
WHERE `user_id` = 'A2MTZ3';
UPDATE `user_registration` SET total_downlines = total_downlines+1
WHERE `user_id` = 'RUEKCW';
UPDATE `user_registration` SET left_downlines = left_downlines+1
WHERE `user_id` = 'RUEKCW';
UPDATE `user_registration` SET total_downlines = total_downlines+1
WHERE `user_id` = 'K3GTG4';
UPDATE `user_registration` SET left_downlines = left_downlines+1
WHERE `user_id` = 'K3GTG4';
UPDATE `user_registration` SET total_downlines = total_downlines+1
WHERE `user_id` = 'I1TUBN';
UPDATE `user_registration` SET left_downlines = left_downlines+1
WHERE `user_id` = 'I1TUBN';
UPDATE `user_registration` SET total_downlines = total_downlines+1
WHERE `user_id` = 'BAUCCU';
UPDATE `user_registration` SET left_downlines = left_downlines+1
WHERE `user_id` = 'BAUCCU';
UPDATE `user_registration` SET total_downlines = total_downlines+1
WHERE `user_id` = '62QO97';
UPDATE `user_registration` SET left_downlines = left_downlines+1
WHERE `user_id` = '62QO97';
UPDATE `user_registration` SET total_downlines = total_downlines+1
WHERE `user_id` = 'OHLQEO';
UPDATE `user_registration` SET left_downlines = left_downlines+1
WHERE `user_id` = 'OHLQEO';
UPDATE `user_registration` SET total_downlines = total_downlines+1
WHERE `user_id` = '7APFKG';
UPDATE `user_registration` SET left_downlines = left_downlines+1
WHERE `user_id` = '7APFKG';
UPDATE `user_registration` SET total_downlines = total_downlines+1
WHERE `user_id` = 'Q2Q92Y';
UPDATE `user_registration` SET left_downlines = left_downlines+1
WHERE `user_id` = 'Q2Q92Y';
UPDATE `user_registration` SET total_downlines = total_downlines+1
WHERE `user_id` = 'E9ITRC';
UPDATE `user_registration` SET left_downlines = left_downlines+1
WHERE `user_id` = 'E9ITRC';
UPDATE `user_registration` SET total_downlines = total_downlines+1
WHERE `user_id` = '7COKBB';
UPDATE `user_registration` SET left_downlines = left_downlines+1
WHERE `user_id` = '7COKBB';
UPDATE `user_registration` SET total_downlines = total_downlines+1
WHERE `user_id` = 'BDNS17';
UPDATE `user_registration` SET left_downlines = left_downlines+1
WHERE `user_id` = 'BDNS17';
UPDATE `user_registration` SET total_downlines = total_downlines+1
WHERE `user_id` = '7ZXRRE';
UPDATE `user_registration` SET left_downlines = left_downlines+1
WHERE `user_id` = '7ZXRRE';
UPDATE `user_registration` SET total_downlines = total_downlines+1
WHERE `user_id` = 'KLRAF5';
UPDATE `user_registration` SET left_downlines = left_downlines+1
WHERE `user_id` = 'KLRAF5';
UPDATE `user_registration` SET total_downlines = total_downlines+1
WHERE `user_id` = 'IFJHZG';
UPDATE `user_registration` SET left_downlines = left_downlines+1
WHERE `user_id` = 'IFJHZG';
UPDATE `user_registration` SET total_downlines = total_downlines+1
WHERE `user_id` = 'MXUV8Q';
UPDATE `user_registration` SET left_downlines = left_downlines+1
WHERE `user_id` = 'MXUV8Q';
UPDATE `user_registration` SET total_downlines = total_downlines+1
WHERE `user_id` = 'GGM164';
UPDATE `user_registration` SET left_downlines = left_downlines+1
WHERE `user_id` = 'GGM164';
UPDATE `user_registration` SET total_downlines = total_downlines+1
WHERE `user_id` = '3NKIEX';
UPDATE `user_registration` SET left_downlines = left_downlines+1
WHERE `user_id` = '3NKIEX';
UPDATE `user_registration` SET total_downlines = total_downlines+1
WHERE `user_id` = 'S56TH3';
UPDATE `user_registration` SET left_downlines = left_downlines+1
WHERE `user_id` = 'S56TH3';
UPDATE `user_registration` SET total_downlines = total_downlines+1
WHERE `user_id` = 'XYG89U';
UPDATE `user_registration` SET left_downlines = left_downlines+1
WHERE `user_id` = 'XYG89U';
UPDATE `user_registration` SET total_downlines = total_downlines+1
WHERE `user_id` = 'HTFY93';
UPDATE `user_registration` SET left_downlines = left_downlines+1
WHERE `user_id` = 'HTFY93';
UPDATE `user_registration` SET total_downlines = total_downlines+1
WHERE `user_id` = '3PR393';
UPDATE `user_registration` SET left_downlines = left_downlines+1
WHERE `user_id` = '3PR393';
UPDATE `user_registration` SET total_downlines = total_downlines+1
WHERE `user_id` = 'T3MRY1';
UPDATE `user_registration` SET left_downlines = left_downlines+1
WHERE `user_id` = 'T3MRY1';
UPDATE `user_registration` SET total_downlines = total_downlines+1
WHERE `user_id` = 'GTMCCK';
UPDATE `user_registration` SET left_downlines = left_downlines+1
WHERE `user_id` = 'GTMCCK';
UPDATE `user_registration` SET total_downlines = total_downlines+1
WHERE `user_id` = 'DLYMIF';
UPDATE `user_registration` SET left_downlines = left_downlines+1
WHERE `user_id` = 'DLYMIF';
UPDATE `user_registration` SET total_downlines = total_downlines+1
WHERE `user_id` = 'WGJ5KE';
UPDATE `user_registration` SET left_downlines = left_downlines+1
WHERE `user_id` = 'WGJ5KE';
UPDATE `user_registration` SET total_downlines = total_downlines+1
WHERE `user_id` = 'ORRJ3M';
UPDATE `user_registration` SET left_downlines = left_downlines+1
WHERE `user_id` = 'ORRJ3M';
UPDATE `user_registration` SET total_downlines = total_downlines+1
WHERE `user_id` = 'AA8V6V';
UPDATE `user_registration` SET left_downlines = left_downlines+1
WHERE `user_id` = 'AA8V6V';
UPDATE `user_registration` SET total_downlines = total_downlines+1
WHERE `user_id` = '61ME4O';
UPDATE `user_registration` SET left_downlines = left_downlines+1
WHERE `user_id` = '61ME4O';
UPDATE `user_registration` SET total_downlines = total_downlines+1
WHERE `user_id` = 'WS1SZZ';
UPDATE `user_registration` SET left_downlines = left_downlines+1
WHERE `user_id` = 'WS1SZZ';
UPDATE `user_registration` SET total_downlines = total_downlines+1
WHERE `user_id` = 'TBN4MZ';
UPDATE `user_registration` SET left_downlines = left_downlines+1
WHERE `user_id` = 'TBN4MZ';
UPDATE `user_registration` SET total_downlines = total_downlines+1
WHERE `user_id` = 'OEMJ8R';
UPDATE `user_registration` SET left_downlines = left_downlines+1
WHERE `user_id` = 'OEMJ8R';
UPDATE `user_registration` SET total_downlines = total_downlines+1
WHERE `user_id` = 'FXAYIE';
UPDATE `user_registration` SET left_downlines = left_downlines+1
WHERE `user_id` = 'FXAYIE';
UPDATE `user_registration` SET total_downlines = total_downlines+1
WHERE `user_id` = 'ELXZWC';
UPDATE `user_registration` SET left_downlines = left_downlines+1
WHERE `user_id` = 'ELXZWC';
UPDATE `user_registration` SET total_downlines = total_downlines+1
WHERE `user_id` = 'C1TQVI';
UPDATE `user_registration` SET left_downlines = left_downlines+1
WHERE `user_id` = 'C1TQVI';
UPDATE `user_registration` SET total_downlines = total_downlines+1
WHERE `user_id` = 'F5GPDF';
UPDATE `user_registration` SET left_downlines = left_downlines+1
WHERE `user_id` = 'F5GPDF';
UPDATE `user_registration` SET total_downlines = total_downlines+1
WHERE `user_id` = '91PYDK';
UPDATE `user_registration` SET left_downlines = left_downlines+1
WHERE `user_id` = '91PYDK';
UPDATE `user_registration` SET total_downlines = total_downlines+1
WHERE `user_id` = '4OT7RX';
UPDATE `user_registration` SET left_downlines = left_downlines+1
WHERE `user_id` = '4OT7RX';
UPDATE `user_registration` SET total_downlines = total_downlines+1
WHERE `user_id` = 'ZJZA3M';
UPDATE `user_registration` SET left_downlines = left_downlines+1
WHERE `user_id` = 'ZJZA3M';
UPDATE `user_registration` SET total_downlines = total_downlines+1
WHERE `user_id` = 'XN6ETC';
UPDATE `user_registration` SET left_downlines = left_downlines+1
WHERE `user_id` = 'XN6ETC';
UPDATE `user_registration` SET total_downlines = total_downlines+1
WHERE `user_id` = 'KVQN1O';
UPDATE `user_registration` SET left_downlines = left_downlines+1
WHERE `user_id` = 'KVQN1O';
UPDATE `user_registration` SET total_downlines = total_downlines+1
WHERE `user_id` = 'X3V7DJ';
UPDATE `user_registration` SET left_downlines = left_downlines+1
WHERE `user_id` = 'X3V7DJ';
UPDATE `user_registration` SET total_downlines = total_downlines+1
WHERE `user_id` = 'DJ77NH';
UPDATE `user_registration` SET left_downlines = left_downlines+1
WHERE `user_id` = 'DJ77NH';
UPDATE `user_registration` SET total_downlines = total_downlines+1
WHERE `user_id` = 'PX7XCL';
UPDATE `user_registration` SET left_downlines = left_downlines+1
WHERE `user_id` = 'PX7XCL';
UPDATE `user_registration` SET total_downlines = total_downlines+1
WHERE `user_id` = 'L8PM4Z';
UPDATE `user_registration` SET left_downlines = left_downlines+1
WHERE `user_id` = 'L8PM4Z';
UPDATE `user_registration` SET total_downlines = total_downlines+1
WHERE `user_id` = 'GBSIER';
UPDATE `user_registration` SET left_downlines = left_downlines+1
WHERE `user_id` = 'GBSIER';
UPDATE `user_registration` SET total_downlines = total_downlines+1
WHERE `user_id` = 'AV48YQ';
UPDATE `user_registration` SET left_downlines = left_downlines+1
WHERE `user_id` = 'AV48YQ';
UPDATE `user_registration` SET total_downlines = total_downlines+1
WHERE `user_id` = 'admin';
UPDATE `user_registration` SET left_downlines = left_downlines+1
WHERE `user_id` = 'admin';
INSERT INTO `investment` (`invest_date`, `user_id`, `type`, `amount`, `package_id`) VALUES ('2024-09-26 19:44:17', '577V9K', 'register', '595', '2');
INSERT INTO `earnings` (`user_id`, `Purchaser_id`, `earning_type`, `package_id`, `amount`, `date`, `comments`, `invest_amount`, `comm_perc`, `level`, `rank_id`, `order_id`) VALUES ('97QHYG', '577V9K', 'Direct Referral Bonus', '2', '100', '2024-09-26 19:44:17', 'Direct Referral Bonus', 0, 0, 1, '', 362);
UPDATE `user_registration` SET commission_balance = ROUND(commission_balance + 100,2)
WHERE `user_id` = '97QHYG';
INSERT INTO `earnings` (`user_id`, `Purchaser_id`, `earning_type`, `package_id`, `amount`, `date`, `comments`, `invest_amount`, `comm_perc`, `level`, `rank_id`, `order_id`) VALUES ('1FFFBU', '577V9K', 'Expansion Bonus', '2', 200, '2024-09-26 19:44:17', 'Expansion Bonus', '100', 0, 1, '', 362);
UPDATE `user_registration` SET commission_balance = ROUND(commission_balance + 200,2)
WHERE `user_id` = '1FFFBU';
INSERT INTO `matrix_filling` (`placement_id`, `downline_id`, `level`, `matrix`) VALUES ('97QHYG', '577V9K', 1, 1);
UPDATE `bv_updation` SET right_carry = right_carry+50, total_right = total_right+50
WHERE `user_id` = '97QHYG';
INSERT INTO `placement_bv_update_history` (`right_carry`, `date`, `from_id`, `user_id`) VALUES ('50', '2024-09-26 19:44:18', '577V9K', '97QHYG');
UPDATE `bv_updation` SET sponsor_right_carry = sponsor_right_carry+50, sponsor_total_right = sponsor_total_right+50
WHERE `user_id` = '97QHYG';
INSERT INTO `sponsor_bv_update_history` (`right_carry`, `date`, `user_id`) VALUES ('50', '2024-09-26 19:44:18', '97QHYG');
INSERT INTO `matrix_filling` (`placement_id`, `downline_id`, `level`, `matrix`) VALUES ('IW5GAU', '577V9K', 2, 1);
UPDATE `bv_updation` SET left_carry = left_carry+50, total_left = total_left+50
WHERE `user_id` = 'IW5GAU';
INSERT INTO `placement_bv_update_history` (`left_carry`, `date`, `from_id`, `user_id`) VALUES ('50', '2024-09-26 19:44:18', '577V9K', 'IW5GAU');
INSERT INTO `matrix_filling` (`placement_id`, `downline_id`, `level`, `matrix`) VALUES ('JQ3FLF', '577V9K', 3, 1);
UPDATE `bv_updation` SET left_carry = left_carry+50, total_left = total_left+50
WHERE `user_id` = 'JQ3FLF';
INSERT INTO `placement_bv_update_history` (`left_carry`, `date`, `from_id`, `user_id`) VALUES ('50', '2024-09-26 19:44:18', '577V9K', 'JQ3FLF');
INSERT INTO `matrix_filling` (`placement_id`, `downline_id`, `level`, `matrix`) VALUES ('C3N32U', '577V9K', 4, 1);
UPDATE `bv_updation` SET left_carry = left_carry+50, total_left = total_left+50
WHERE `user_id` = 'C3N32U';
INSERT INTO `placement_bv_update_history` (`left_carry`, `date`, `from_id`, `user_id`) VALUES ('50', '2024-09-26 19:44:18', '577V9K', 'C3N32U');
INSERT INTO `matrix_filling` (`placement_id`, `downline_id`, `level`, `matrix`) VALUES ('MNLXPP', '577V9K', 5, 1);
UPDATE `bv_updation` SET left_carry = left_carry+50, total_left = total_left+50
WHERE `user_id` = 'MNLXPP';
INSERT INTO `placement_bv_update_history` (`left_carry`, `date`, `from_id`, `user_id`) VALUES ('50', '2024-09-26 19:44:18', '577V9K', 'MNLXPP');
INSERT INTO `matrix_filling` (`placement_id`, `downline_id`, `level`, `matrix`) VALUES ('NUPA4K', '577V9K', 6, 1);
UPDATE `bv_updation` SET left_carry = left_carry+50, total_left = total_left+50
WHERE `user_id` = 'NUPA4K';
INSERT INTO `placement_bv_update_history` (`left_carry`, `date`, `from_id`, `user_id`) VALUES ('50', '2024-09-26 19:44:18', '577V9K', 'NUPA4K');
INSERT INTO `matrix_filling` (`placement_id`, `downline_id`, `level`, `matrix`) VALUES ('1FFFBU', '577V9K', 7, 1);
UPDATE `bv_updation` SET left_carry = left_carry+50, total_left = total_left+50
WHERE `user_id` = '1FFFBU';
INSERT INTO `placement_bv_update_history` (`left_carry`, `date`, `from_id`, `user_id`) VALUES ('50', '2024-09-26 19:44:18', '577V9K', '1FFFBU');
INSERT INTO `matrix_filling` (`placement_id`, `downline_id`, `level`, `matrix`) VALUES ('J4CGUT', '577V9K', 8, 1);
UPDATE `bv_updation` SET left_carry = left_carry+50, total_left = total_left+50
WHERE `user_id` = 'J4CGUT';
INSERT INTO `placement_bv_update_history` (`left_carry`, `date`, `from_id`, `user_id`) VALUES ('50', '2024-09-26 19:44:18', '577V9K', 'J4CGUT');
INSERT INTO `matrix_filling` (`placement_id`, `downline_id`, `level`, `matrix`) VALUES ('S1RTX3', '577V9K', 9, 1);
UPDATE `bv_updation` SET left_carry = left_carry+50, total_left = total_left+50
WHERE `user_id` = 'S1RTX3';
INSERT INTO `placement_bv_update_history` (`left_carry`, `date`, `from_id`, `user_id`) VALUES ('50', '2024-09-26 19:44:18', '577V9K', 'S1RTX3');
INSERT INTO `matrix_filling` (`placement_id`, `downline_id`, `level`, `matrix`) VALUES ('I8YWQA', '577V9K', 10, 1);
UPDATE `bv_updation` SET left_carry = left_carry+50, total_left = total_left+50
WHERE `user_id` = 'I8YWQA';
INSERT INTO `placement_bv_update_history` (`left_carry`, `date`, `from_id`, `user_id`) VALUES ('50', '2024-09-26 19:44:18', '577V9K', 'I8YWQA');
INSERT INTO `matrix_filling` (`placement_id`, `downline_id`, `level`, `matrix`) VALUES ('I3MZBU', '577V9K', 11, 1);
UPDATE `bv_updation` SET left_carry = left_carry+50, total_left = total_left+50
WHERE `user_id` = 'I3MZBU';
INSERT INTO `placement_bv_update_history` (`left_carry`, `date`, `from_id`, `user_id`) VALUES ('50', '2024-09-26 19:44:18', '577V9K', 'I3MZBU');
INSERT INTO `matrix_filling` (`placement_id`, `downline_id`, `level`, `matrix`) VALUES ('H2I33O', '577V9K', 12, 1);
UPDATE `bv_updation` SET left_carry = left_carry+50, total_left = total_left+50
WHERE `user_id` = 'H2I33O';
INSERT INTO `placement_bv_update_history` (`left_carry`, `date`, `from_id`, `user_id`) VALUES ('50', '2024-09-26 19:44:18', '577V9K', 'H2I33O');
INSERT INTO `matrix_filling` (`placement_id`, `downline_id`, `level`, `matrix`) VALUES ('AL7XWH', '577V9K', 13, 1);
UPDATE `bv_updation` SET left_carry = left_carry+50, total_left = total_left+50
WHERE `user_id` = 'AL7XWH';
INSERT INTO `placement_bv_update_history` (`left_carry`, `date`, `from_id`, `user_id`) VALUES ('50', '2024-09-26 19:44:18', '577V9K', 'AL7XWH');
INSERT INTO `matrix_filling` (`placement_id`, `downline_id`, `level`, `matrix`) VALUES ('HFZ9SA', '577V9K', 14, 1);
UPDATE `bv_updation` SET left_carry = left_carry+50, total_left = total_left+50
WHERE `user_id` = 'HFZ9SA';
INSERT INTO `placement_bv_update_history` (`left_carry`, `date`, `from_id`, `user_id`) VALUES ('50', '2024-09-26 19:44:18', '577V9K', 'HFZ9SA');
INSERT INTO `matrix_filling` (`placement_id`, `downline_id`, `level`, `matrix`) VALUES ('A2MTZ3', '577V9K', 15, 1);
UPDATE `bv_updation` SET left_carry = left_carry+50, total_left = total_left+50
WHERE `user_id` = 'A2MTZ3';
INSERT INTO `placement_bv_update_history` (`left_carry`, `date`, `from_id`, `user_id`) VALUES ('50', '2024-09-26 19:44:18', '577V9K', 'A2MTZ3');
INSERT INTO `matrix_filling` (`placement_id`, `downline_id`, `level`, `matrix`) VALUES ('RUEKCW', '577V9K', 16, 1);
UPDATE `bv_updation` SET left_carry = left_carry+50, total_left = total_left+50
WHERE `user_id` = 'RUEKCW';
INSERT INTO `placement_bv_update_history` (`left_carry`, `date`, `from_id`, `user_id`) VALUES ('50', '2024-09-26 19:44:18', '577V9K', 'RUEKCW');
INSERT INTO `matrix_filling` (`placement_id`, `downline_id`, `level`, `matrix`) VALUES ('K3GTG4', '577V9K', 17, 1);
UPDATE `bv_updation` SET left_carry = left_carry+50, total_left = total_left+50
WHERE `user_id` = 'K3GTG4';
INSERT INTO `placement_bv_update_history` (`left_carry`, `date`, `from_id`, `user_id`) VALUES ('50', '2024-09-26 19:44:18', '577V9K', 'K3GTG4');
INSERT INTO `matrix_filling` (`placement_id`, `downline_id`, `level`, `matrix`) VALUES ('I1TUBN', '577V9K', 18, 1);
UPDATE `bv_updation` SET left_carry = left_carry+50, total_left = total_left+50
WHERE `user_id` = 'I1TUBN';
INSERT INTO `placement_bv_update_history` (`left_carry`, `date`, `from_id`, `user_id`) VALUES ('50', '2024-09-26 19:44:18', '577V9K', 'I1TUBN');
INSERT INTO `matrix_filling` (`placement_id`, `downline_id`, `level`, `matrix`) VALUES ('BAUCCU', '577V9K', 19, 1);
UPDATE `bv_updation` SET left_carry = left_carry+50, total_left = total_left+50
WHERE `user_id` = 'BAUCCU';
INSERT INTO `placement_bv_update_history` (`left_carry`, `date`, `from_id`, `user_id`) VALUES ('50', '2024-09-26 19:44:18', '577V9K', 'BAUCCU');
INSERT INTO `matrix_filling` (`placement_id`, `downline_id`, `level`, `matrix`) VALUES ('62QO97', '577V9K', 20, 1);
UPDATE `bv_updation` SET left_carry = left_carry+50, total_left = total_left+50
WHERE `user_id` = '62QO97';
INSERT INTO `placement_bv_update_history` (`left_carry`, `date`, `from_id`, `user_id`) VALUES ('50', '2024-09-26 19:44:18', '577V9K', '62QO97');
INSERT INTO `matrix_filling` (`placement_id`, `downline_id`, `level`, `matrix`) VALUES ('OHLQEO', '577V9K', 21, 1);
UPDATE `bv_updation` SET left_carry = left_carry+50, total_left = total_left+50
WHERE `user_id` = 'OHLQEO';
INSERT INTO `placement_bv_update_history` (`left_carry`, `date`, `from_id`, `user_id`) VALUES ('50', '2024-09-26 19:44:18', '577V9K', 'OHLQEO');
INSERT INTO `matrix_filling` (`placement_id`, `downline_id`, `level`, `matrix`) VALUES ('7APFKG', '577V9K', 22, 1);
UPDATE `bv_updation` SET left_carry = left_carry+50, total_left = total_left+50
WHERE `user_id` = '7APFKG';
INSERT INTO `placement_bv_update_history` (`left_carry`, `date`, `from_id`, `user_id`) VALUES ('50', '2024-09-26 19:44:18', '577V9K', '7APFKG');
INSERT INTO `matrix_filling` (`placement_id`, `downline_id`, `level`, `matrix`) VALUES ('Q2Q92Y', '577V9K', 23, 1);
UPDATE `bv_updation` SET left_carry = left_carry+50, total_left = total_left+50
WHERE `user_id` = 'Q2Q92Y';
INSERT INTO `placement_bv_update_history` (`left_carry`, `date`, `from_id`, `user_id`) VALUES ('50', '2024-09-26 19:44:18', '577V9K', 'Q2Q92Y');
INSERT INTO `matrix_filling` (`placement_id`, `downline_id`, `level`, `matrix`) VALUES ('E9ITRC', '577V9K', 24, 1);
UPDATE `bv_updation` SET left_carry = left_carry+50, total_left = total_left+50
WHERE `user_id` = 'E9ITRC';
INSERT INTO `placement_bv_update_history` (`left_carry`, `date`, `from_id`, `user_id`) VALUES ('50', '2024-09-26 19:44:18', '577V9K', 'E9ITRC');
INSERT INTO `matrix_filling` (`placement_id`, `downline_id`, `level`, `matrix`) VALUES ('7COKBB', '577V9K', 25, 1);
UPDATE `bv_updation` SET left_carry = left_carry+50, total_left = total_left+50
WHERE `user_id` = '7COKBB';
INSERT INTO `placement_bv_update_history` (`left_carry`, `date`, `from_id`, `user_id`) VALUES ('50', '2024-09-26 19:44:18', '577V9K', '7COKBB');
INSERT INTO `matrix_filling` (`placement_id`, `downline_id`, `level`, `matrix`) VALUES ('BDNS17', '577V9K', 26, 1);
UPDATE `bv_updation` SET left_carry = left_carry+50, total_left = total_left+50
WHERE `user_id` = 'BDNS17';
INSERT INTO `placement_bv_update_history` (`left_carry`, `date`, `from_id`, `user_id`) VALUES ('50', '2024-09-26 19:44:18', '577V9K', 'BDNS17');
INSERT INTO `matrix_filling` (`placement_id`, `downline_id`, `level`, `matrix`) VALUES ('7ZXRRE', '577V9K', 27, 1);
UPDATE `bv_updation` SET left_carry = left_carry+50, total_left = total_left+50
WHERE `user_id` = '7ZXRRE';
INSERT INTO `placement_bv_update_history` (`left_carry`, `date`, `from_id`, `user_id`) VALUES ('50', '2024-09-26 19:44:18', '577V9K', '7ZXRRE');
INSERT INTO `matrix_filling` (`placement_id`, `downline_id`, `level`, `matrix`) VALUES ('KLRAF5', '577V9K', 28, 1);
UPDATE `bv_updation` SET left_carry = left_carry+50, total_left = total_left+50
WHERE `user_id` = 'KLRAF5';
INSERT INTO `placement_bv_update_history` (`left_carry`, `date`, `from_id`, `user_id`) VALUES ('50', '2024-09-26 19:44:18', '577V9K', 'KLRAF5');
INSERT INTO `matrix_filling` (`placement_id`, `downline_id`, `level`, `matrix`) VALUES ('IFJHZG', '577V9K', 29, 1);
UPDATE `bv_updation` SET left_carry = left_carry+50, total_left = total_left+50
WHERE `user_id` = 'IFJHZG';
INSERT INTO `placement_bv_update_history` (`left_carry`, `date`, `from_id`, `user_id`) VALUES ('50', '2024-09-26 19:44:18', '577V9K', 'IFJHZG');
INSERT INTO `matrix_filling` (`placement_id`, `downline_id`, `level`, `matrix`) VALUES ('MXUV8Q', '577V9K', 30, 1);
UPDATE `bv_updation` SET left_carry = left_carry+50, total_left = total_left+50
WHERE `user_id` = 'MXUV8Q';
INSERT INTO `placement_bv_update_history` (`left_carry`, `date`, `from_id`, `user_id`) VALUES ('50', '2024-09-26 19:44:18', '577V9K', 'MXUV8Q');
INSERT INTO `matrix_filling` (`placement_id`, `downline_id`, `level`, `matrix`) VALUES ('GGM164', '577V9K', 31, 1);
UPDATE `bv_updation` SET left_carry = left_carry+50, total_left = total_left+50
WHERE `user_id` = 'GGM164';
INSERT INTO `placement_bv_update_history` (`left_carry`, `date`, `from_id`, `user_id`) VALUES ('50', '2024-09-26 19:44:18', '577V9K', 'GGM164');
INSERT INTO `matrix_filling` (`placement_id`, `downline_id`, `level`, `matrix`) VALUES ('3NKIEX', '577V9K', 32, 1);
UPDATE `bv_updation` SET left_carry = left_carry+50, total_left = total_left+50
WHERE `user_id` = '3NKIEX';
INSERT INTO `placement_bv_update_history` (`left_carry`, `date`, `from_id`, `user_id`) VALUES ('50', '2024-09-26 19:44:18', '577V9K', '3NKIEX');
INSERT INTO `matrix_filling` (`placement_id`, `downline_id`, `level`, `matrix`) VALUES ('S56TH3', '577V9K', 33, 1);
UPDATE `bv_updation` SET left_carry = left_carry+50, total_left = total_left+50
WHERE `user_id` = 'S56TH3';
INSERT INTO `placement_bv_update_history` (`left_carry`, `date`, `from_id`, `user_id`) VALUES ('50', '2024-09-26 19:44:18', '577V9K', 'S56TH3');
INSERT INTO `matrix_filling` (`placement_id`, `downline_id`, `level`, `matrix`) VALUES ('XYG89U', '577V9K', 34, 1);
UPDATE `bv_updation` SET left_carry = left_carry+50, total_left = total_left+50
WHERE `user_id` = 'XYG89U';
INSERT INTO `placement_bv_update_history` (`left_carry`, `date`, `from_id`, `user_id`) VALUES ('50', '2024-09-26 19:44:18', '577V9K', 'XYG89U');
INSERT INTO `matrix_filling` (`placement_id`, `downline_id`, `level`, `matrix`) VALUES ('HTFY93', '577V9K', 35, 1);
UPDATE `bv_updation` SET left_carry = left_carry+50, total_left = total_left+50
WHERE `user_id` = 'HTFY93';
INSERT INTO `placement_bv_update_history` (`left_carry`, `date`, `from_id`, `user_id`) VALUES ('50', '2024-09-26 19:44:18', '577V9K', 'HTFY93');
INSERT INTO `matrix_filling` (`placement_id`, `downline_id`, `level`, `matrix`) VALUES ('3PR393', '577V9K', 36, 1);
UPDATE `bv_updation` SET left_carry = left_carry+50, total_left = total_left+50
WHERE `user_id` = '3PR393';
INSERT INTO `placement_bv_update_history` (`left_carry`, `date`, `from_id`, `user_id`) VALUES ('50', '2024-09-26 19:44:18', '577V9K', '3PR393');
INSERT INTO `matrix_filling` (`placement_id`, `downline_id`, `level`, `matrix`) VALUES ('T3MRY1', '577V9K', 37, 1);
UPDATE `bv_updation` SET left_carry = left_carry+50, total_left = total_left+50
WHERE `user_id` = 'T3MRY1';
INSERT INTO `placement_bv_update_history` (`left_carry`, `date`, `from_id`, `user_id`) VALUES ('50', '2024-09-26 19:44:18', '577V9K', 'T3MRY1');
INSERT INTO `matrix_filling` (`placement_id`, `downline_id`, `level`, `matrix`) VALUES ('GTMCCK', '577V9K', 38, 1);
UPDATE `bv_updation` SET left_carry = left_carry+50, total_left = total_left+50
WHERE `user_id` = 'GTMCCK';
INSERT INTO `placement_bv_update_history` (`left_carry`, `date`, `from_id`, `user_id`) VALUES ('50', '2024-09-26 19:44:18', '577V9K', 'GTMCCK');
INSERT INTO `matrix_filling` (`placement_id`, `downline_id`, `level`, `matrix`) VALUES ('DLYMIF', '577V9K', 39, 1);
UPDATE `bv_updation` SET left_carry = left_carry+50, total_left = total_left+50
WHERE `user_id` = 'DLYMIF';
INSERT INTO `placement_bv_update_history` (`left_carry`, `date`, `from_id`, `user_id`) VALUES ('50', '2024-09-26 19:44:18', '577V9K', 'DLYMIF');
INSERT INTO `matrix_filling` (`placement_id`, `downline_id`, `level`, `matrix`) VALUES ('WGJ5KE', '577V9K', 40, 1);
UPDATE `bv_updation` SET left_carry = left_carry+50, total_left = total_left+50
WHERE `user_id` = 'WGJ5KE';
INSERT INTO `placement_bv_update_history` (`left_carry`, `date`, `from_id`, `user_id`) VALUES ('50', '2024-09-26 19:44:18', '577V9K', 'WGJ5KE');
INSERT INTO `matrix_filling` (`placement_id`, `downline_id`, `level`, `matrix`) VALUES ('ORRJ3M', '577V9K', 41, 1);
UPDATE `bv_updation` SET left_carry = left_carry+50, total_left = total_left+50
WHERE `user_id` = 'ORRJ3M';
INSERT INTO `placement_bv_update_history` (`left_carry`, `date`, `from_id`, `user_id`) VALUES ('50', '2024-09-26 19:44:18', '577V9K', 'ORRJ3M');
INSERT INTO `matrix_filling` (`placement_id`, `downline_id`, `level`, `matrix`) VALUES ('AA8V6V', '577V9K', 42, 1);
UPDATE `bv_updation` SET left_carry = left_carry+50, total_left = total_left+50
WHERE `user_id` = 'AA8V6V';
INSERT INTO `placement_bv_update_history` (`left_carry`, `date`, `from_id`, `user_id`) VALUES ('50', '2024-09-26 19:44:18', '577V9K', 'AA8V6V');
INSERT INTO `matrix_filling` (`placement_id`, `downline_id`, `level`, `matrix`) VALUES ('61ME4O', '577V9K', 43, 1);
UPDATE `bv_updation` SET left_carry = left_carry+50, total_left = total_left+50
WHERE `user_id` = '61ME4O';
INSERT INTO `placement_bv_update_history` (`left_carry`, `date`, `from_id`, `user_id`) VALUES ('50', '2024-09-26 19:44:18', '577V9K', '61ME4O');
INSERT INTO `matrix_filling` (`placement_id`, `downline_id`, `level`, `matrix`) VALUES ('WS1SZZ', '577V9K', 44, 1);
UPDATE `bv_updation` SET left_carry = left_carry+50, total_left = total_left+50
WHERE `user_id` = 'WS1SZZ';
INSERT INTO `placement_bv_update_history` (`left_carry`, `date`, `from_id`, `user_id`) VALUES ('50', '2024-09-26 19:44:18', '577V9K', 'WS1SZZ');
INSERT INTO `matrix_filling` (`placement_id`, `downline_id`, `level`, `matrix`) VALUES ('TBN4MZ', '577V9K', 45, 1);
UPDATE `bv_updation` SET left_carry = left_carry+50, total_left = total_left+50
WHERE `user_id` = 'TBN4MZ';
INSERT INTO `placement_bv_update_history` (`left_carry`, `date`, `from_id`, `user_id`) VALUES ('50', '2024-09-26 19:44:18', '577V9K', 'TBN4MZ');
INSERT INTO `matrix_filling` (`placement_id`, `downline_id`, `level`, `matrix`) VALUES ('OEMJ8R', '577V9K', 46, 1);
UPDATE `bv_updation` SET left_carry = left_carry+50, total_left = total_left+50
WHERE `user_id` = 'OEMJ8R';
INSERT INTO `placement_bv_update_history` (`left_carry`, `date`, `from_id`, `user_id`) VALUES ('50', '2024-09-26 19:44:18', '577V9K', 'OEMJ8R');
INSERT INTO `matrix_filling` (`placement_id`, `downline_id`, `level`, `matrix`) VALUES ('FXAYIE', '577V9K', 47, 1);
UPDATE `bv_updation` SET left_carry = left_carry+50, total_left = total_left+50
WHERE `user_id` = 'FXAYIE';
INSERT INTO `placement_bv_update_history` (`left_carry`, `date`, `from_id`, `user_id`) VALUES ('50', '2024-09-26 19:44:18', '577V9K', 'FXAYIE');
INSERT INTO `matrix_filling` (`placement_id`, `downline_id`, `level`, `matrix`) VALUES ('ELXZWC', '577V9K', 48, 1);
UPDATE `bv_updation` SET left_carry = left_carry+50, total_left = total_left+50
WHERE `user_id` = 'ELXZWC';
INSERT INTO `placement_bv_update_history` (`left_carry`, `date`, `from_id`, `user_id`) VALUES ('50', '2024-09-26 19:44:18', '577V9K', 'ELXZWC');
INSERT INTO `matrix_filling` (`placement_id`, `downline_id`, `level`, `matrix`) VALUES ('C1TQVI', '577V9K', 49, 1);
UPDATE `bv_updation` SET left_carry = left_carry+50, total_left = total_left+50
WHERE `user_id` = 'C1TQVI';
INSERT INTO `placement_bv_update_history` (`left_carry`, `date`, `from_id`, `user_id`) VALUES ('50', '2024-09-26 19:44:18', '577V9K', 'C1TQVI');
INSERT INTO `matrix_filling` (`placement_id`, `downline_id`, `level`, `matrix`) VALUES ('F5GPDF', '577V9K', 50, 1);
UPDATE `bv_updation` SET left_carry = left_carry+50, total_left = total_left+50
WHERE `user_id` = 'F5GPDF';
INSERT INTO `placement_bv_update_history` (`left_carry`, `date`, `from_id`, `user_id`) VALUES ('50', '2024-09-26 19:44:18', '577V9K', 'F5GPDF');
INSERT INTO `matrix_filling` (`placement_id`, `downline_id`, `level`, `matrix`) VALUES ('91PYDK', '577V9K', 51, 1);
UPDATE `bv_updation` SET left_carry = left_carry+50, total_left = total_left+50
WHERE `user_id` = '91PYDK';
INSERT INTO `placement_bv_update_history` (`left_carry`, `date`, `from_id`, `user_id`) VALUES ('50', '2024-09-26 19:44:18', '577V9K', '91PYDK');
INSERT INTO `matrix_filling` (`placement_id`, `downline_id`, `level`, `matrix`) VALUES ('4OT7RX', '577V9K', 52, 1);
UPDATE `bv_updation` SET left_carry = left_carry+50, total_left = total_left+50
WHERE `user_id` = '4OT7RX';
INSERT INTO `placement_bv_update_history` (`left_carry`, `date`, `from_id`, `user_id`) VALUES ('50', '2024-09-26 19:44:18', '577V9K', '4OT7RX');
INSERT INTO `matrix_filling` (`placement_id`, `downline_id`, `level`, `matrix`) VALUES ('ZJZA3M', '577V9K', 53, 1);
UPDATE `bv_updation` SET left_carry = left_carry+50, total_left = total_left+50
WHERE `user_id` = 'ZJZA3M';
INSERT INTO `placement_bv_update_history` (`left_carry`, `date`, `from_id`, `user_id`) VALUES ('50', '2024-09-26 19:44:18', '577V9K', 'ZJZA3M');
INSERT INTO `matrix_filling` (`placement_id`, `downline_id`, `level`, `matrix`) VALUES ('XN6ETC', '577V9K', 54, 1);
UPDATE `bv_updation` SET left_carry = left_carry+50, total_left = total_left+50
WHERE `user_id` = 'XN6ETC';
INSERT INTO `placement_bv_update_history` (`left_carry`, `date`, `from_id`, `user_id`) VALUES ('50', '2024-09-26 19:44:18', '577V9K', 'XN6ETC');
INSERT INTO `matrix_filling` (`placement_id`, `downline_id`, `level`, `matrix`) VALUES ('KVQN1O', '577V9K', 55, 1);
UPDATE `bv_updation` SET left_carry = left_carry+50, total_left = total_left+50
WHERE `user_id` = 'KVQN1O';
INSERT INTO `placement_bv_update_history` (`left_carry`, `date`, `from_id`, `user_id`) VALUES ('50', '2024-09-26 19:44:18', '577V9K', 'KVQN1O');
INSERT INTO `matrix_filling` (`placement_id`, `downline_id`, `level`, `matrix`) VALUES ('X3V7DJ', '577V9K', 56, 1);
UPDATE `bv_updation` SET left_carry = left_carry+50, total_left = total_left+50
WHERE `user_id` = 'X3V7DJ';
INSERT INTO `placement_bv_update_history` (`left_carry`, `date`, `from_id`, `user_id`) VALUES ('50', '2024-09-26 19:44:18', '577V9K', 'X3V7DJ');
INSERT INTO `matrix_filling` (`placement_id`, `downline_id`, `level`, `matrix`) VALUES ('DJ77NH', '577V9K', 57, 1);
UPDATE `bv_updation` SET left_carry = left_carry+50, total_left = total_left+50
WHERE `user_id` = 'DJ77NH';
INSERT INTO `placement_bv_update_history` (`left_carry`, `date`, `from_id`, `user_id`) VALUES ('50', '2024-09-26 19:44:18', '577V9K', 'DJ77NH');
INSERT INTO `matrix_filling` (`placement_id`, `downline_id`, `level`, `matrix`) VALUES ('PX7XCL', '577V9K', 58, 1);
UPDATE `bv_updation` SET left_carry = left_carry+50, total_left = total_left+50
WHERE `user_id` = 'PX7XCL';
INSERT INTO `placement_bv_update_history` (`left_carry`, `date`, `from_id`, `user_id`) VALUES ('50', '2024-09-26 19:44:18', '577V9K', 'PX7XCL');
INSERT INTO `matrix_filling` (`placement_id`, `downline_id`, `level`, `matrix`) VALUES ('L8PM4Z', '577V9K', 59, 1);
UPDATE `bv_updation` SET left_carry = left_carry+50, total_left = total_left+50
WHERE `user_id` = 'L8PM4Z';
INSERT INTO `placement_bv_update_history` (`left_carry`, `date`, `from_id`, `user_id`) VALUES ('50', '2024-09-26 19:44:18', '577V9K', 'L8PM4Z');
INSERT INTO `matrix_filling` (`placement_id`, `downline_id`, `level`, `matrix`) VALUES ('GBSIER', '577V9K', 60, 1);
UPDATE `bv_updation` SET left_carry = left_carry+50, total_left = total_left+50
WHERE `user_id` = 'GBSIER';
INSERT INTO `placement_bv_update_history` (`left_carry`, `date`, `from_id`, `user_id`) VALUES ('50', '2024-09-26 19:44:18', '577V9K', 'GBSIER');
INSERT INTO `matrix_filling` (`placement_id`, `downline_id`, `level`, `matrix`) VALUES ('AV48YQ', '577V9K', 61, 1);
UPDATE `bv_updation` SET left_carry = left_carry+50, total_left = total_left+50
WHERE `user_id` = 'AV48YQ';
INSERT INTO `placement_bv_update_history` (`left_carry`, `date`, `from_id`, `user_id`) VALUES ('50', '2024-09-26 19:44:18', '577V9K', 'AV48YQ');
INSERT INTO `matrix_filling` (`placement_id`, `downline_id`, `level`, `matrix`) VALUES ('admin', '577V9K', 62, 1);
INSERT INTO `package_purchase_history` (`user_id`, `package_id`, `reg_fee`, `package_name`, `monthly_fee`, `type`, `date`, `payment_option`) VALUES ('577V9K', '2', '595', 'Traveler Pro', '150', 'sign_up', '2024-09-26 19:44:18', 'free');
UPDATE `user_registration` SET `uid` = '3029', `user_id` = 'C1TW4L', `username` = 'otto7', `sponsor_id` = '6SUQNY', `vacant` = 'no', `f_name` = 'Otto', `l_name` = 'Cirgo', `address` = '6520 Kendale Lakes Dr', `position` = 'right', `email` = 'otto7@gmail.com', `password` = 'aa38746a7086e6b4c830361124c164cf', `phone` = '3057610606', `country` = 'United States', `state` = 'Florida', `city` = 'Miami', `street` = '6520 Kendale Lakes Dr', `zip_code` = '33183', `reg_ip` = '172.70.254.95', `status` = 1, `package_id` = '2', `rank_id` = 1, `highest_rank` = 1, `created` = '2024-09-26 19:45:46', `subscription_date` = '2024-10-26', `google_secret` = 'LPHJPEYMLABRWOKX'
WHERE `uid` = '3029';
INSERT INTO `user_registration` (`uid`, `user_id`, `username`, `sponsor_id`, `placement_id`, `vacant`, `f_name`, `l_name`, `address`, `position`, `email`, `password`, `phone`, `reg_ip`, `status`, `created`) VALUES (NULL, 'HZNFKL', 'lrkdmXtj', 'C1TW4L', 'C1TW4L', 'yes', '', '', '', 'left', '@mail.com', '', '', '', 0, '2024-09-26 19:45:46');
INSERT INTO `user_registration` (`uid`, `user_id`, `username`, `sponsor_id`, `placement_id`, `vacant`, `f_name`, `l_name`, `address`, `position`, `email`, `password`, `phone`, `reg_ip`, `status`, `created`) VALUES (NULL, 'UOIPIN', 'jzdxxtfs', 'C1TW4L', 'C1TW4L', 'yes', '', '', '', 'right', '@mail.com', '', '', '', 0, '2024-09-26 19:45:46');
INSERT INTO `bv_updation` (`user_id`) VALUES ('C1TW4L');
UPDATE `user_registration` SET total_ref_count = total_ref_count+1
WHERE `user_id` = '6SUQNY';
UPDATE `user_registration` SET total_downlines = total_downlines+1
WHERE `user_id` = 'H3YF7Q';
UPDATE `user_registration` SET right_downlines = right_downlines+1
WHERE `user_id` = 'H3YF7Q';
UPDATE `user_registration` SET total_downlines = total_downlines+1
WHERE `user_id` = 'SCHE8B';
UPDATE `user_registration` SET right_downlines = right_downlines+1
WHERE `user_id` = 'SCHE8B';
UPDATE `user_registration` SET total_downlines = total_downlines+1
WHERE `user_id` = 'CV3W4Z';
UPDATE `user_registration` SET right_downlines = right_downlines+1
WHERE `user_id` = 'CV3W4Z';
UPDATE `user_registration` SET total_downlines = total_downlines+1
WHERE `user_id` = 'XUE2YU';
UPDATE `user_registration` SET right_downlines = right_downlines+1
WHERE `user_id` = 'XUE2YU';
UPDATE `user_registration` SET total_downlines = total_downlines+1
WHERE `user_id` = 'F5GZUD';
UPDATE `user_registration` SET right_downlines = right_downlines+1
WHERE `user_id` = 'F5GZUD';
UPDATE `user_registration` SET total_downlines = total_downlines+1
WHERE `user_id` = '1XCQUI';
UPDATE `user_registration` SET right_downlines = right_downlines+1
WHERE `user_id` = '1XCQUI';
UPDATE `user_registration` SET total_downlines = total_downlines+1
WHERE `user_id` = 'MGO2GW';
UPDATE `user_registration` SET right_downlines = right_downlines+1
WHERE `user_id` = 'MGO2GW';
UPDATE `user_registration` SET total_downlines = total_downlines+1
WHERE `user_id` = 'A3U9QE';
UPDATE `user_registration` SET right_downlines = right_downlines+1
WHERE `user_id` = 'A3U9QE';
UPDATE `user_registration` SET total_downlines = total_downlines+1
WHERE `user_id` = 'VHYSA7';
UPDATE `user_registration` SET right_downlines = right_downlines+1
WHERE `user_id` = 'VHYSA7';
UPDATE `user_registration` SET total_downlines = total_downlines+1
WHERE `user_id` = '6SUQNY';
UPDATE `user_registration` SET right_downlines = right_downlines+1
WHERE `user_id` = '6SUQNY';
UPDATE `user_registration` SET right_ref_count = right_ref_count+1
WHERE `user_id` = '6SUQNY';
UPDATE `user_registration` SET active_right = active_right+1
WHERE `user_id` = '6SUQNY';
UPDATE `user_registration` SET total_downlines = total_downlines+1
WHERE `user_id` = '5K7DS2';
UPDATE `user_registration` SET left_downlines = left_downlines+1
WHERE `user_id` = '5K7DS2';
UPDATE `user_registration` SET total_downlines = total_downlines+1
WHERE `user_id` = 'HI62BI';
UPDATE `user_registration` SET right_downlines = right_downlines+1
WHERE `user_id` = 'HI62BI';
UPDATE `user_registration` SET total_downlines = total_downlines+1
WHERE `user_id` = '1FFFBU';
UPDATE `user_registration` SET right_downlines = right_downlines+1
WHERE `user_id` = '1FFFBU';
UPDATE `user_registration` SET total_downlines = total_downlines+1
WHERE `user_id` = 'J4CGUT';
UPDATE `user_registration` SET left_downlines = left_downlines+1
WHERE `user_id` = 'J4CGUT';
UPDATE `user_registration` SET total_downlines = total_downlines+1
WHERE `user_id` = 'S1RTX3';
UPDATE `user_registration` SET left_downlines = left_downlines+1
WHERE `user_id` = 'S1RTX3';
UPDATE `user_registration` SET total_downlines = total_downlines+1
WHERE `user_id` = 'I8YWQA';
UPDATE `user_registration` SET left_downlines = left_downlines+1
WHERE `user_id` = 'I8YWQA';
UPDATE `user_registration` SET total_downlines = total_downlines+1
WHERE `user_id` = 'I3MZBU';
UPDATE `user_registration` SET left_downlines = left_downlines+1
WHERE `user_id` = 'I3MZBU';
UPDATE `user_registration` SET total_downlines = total_downlines+1
WHERE `user_id` = 'H2I33O';
UPDATE `user_registration` SET left_downlines = left_downlines+1
WHERE `user_id` = 'H2I33O';
UPDATE `user_registration` SET total_downlines = total_downlines+1
WHERE `user_id` = 'AL7XWH';
UPDATE `user_registration` SET left_downlines = left_downlines+1
WHERE `user_id` = 'AL7XWH';
UPDATE `user_registration` SET total_downlines = total_downlines+1
WHERE `user_id` = 'HFZ9SA';
UPDATE `user_registration` SET left_downlines = left_downlines+1
WHERE `user_id` = 'HFZ9SA';
UPDATE `user_registration` SET total_downlines = total_downlines+1
WHERE `user_id` = 'A2MTZ3';
UPDATE `user_registration` SET left_downlines = left_downlines+1
WHERE `user_id` = 'A2MTZ3';
UPDATE `user_registration` SET total_downlines = total_downlines+1
WHERE `user_id` = 'RUEKCW';
UPDATE `user_registration` SET left_downlines = left_downlines+1
WHERE `user_id` = 'RUEKCW';
UPDATE `user_registration` SET total_downlines = total_downlines+1
WHERE `user_id` = 'K3GTG4';
UPDATE `user_registration` SET left_downlines = left_downlines+1
WHERE `user_id` = 'K3GTG4';
UPDATE `user_registration` SET total_downlines = total_downlines+1
WHERE `user_id` = 'I1TUBN';
UPDATE `user_registration` SET left_downlines = left_downlines+1
WHERE `user_id` = 'I1TUBN';
UPDATE `user_registration` SET total_downlines = total_downlines+1
WHERE `user_id` = 'BAUCCU';
UPDATE `user_registration` SET left_downlines = left_downlines+1
WHERE `user_id` = 'BAUCCU';
UPDATE `user_registration` SET total_downlines = total_downlines+1
WHERE `user_id` = '62QO97';
UPDATE `user_registration` SET left_downlines = left_downlines+1
WHERE `user_id` = '62QO97';
UPDATE `user_registration` SET total_downlines = total_downlines+1
WHERE `user_id` = 'OHLQEO';
UPDATE `user_registration` SET left_downlines = left_downlines+1
WHERE `user_id` = 'OHLQEO';
UPDATE `user_registration` SET total_downlines = total_downlines+1
WHERE `user_id` = '7APFKG';
UPDATE `user_registration` SET left_downlines = left_downlines+1
WHERE `user_id` = '7APFKG';
UPDATE `user_registration` SET total_downlines = total_downlines+1
WHERE `user_id` = 'Q2Q92Y';
UPDATE `user_registration` SET left_downlines = left_downlines+1
WHERE `user_id` = 'Q2Q92Y';
UPDATE `user_registration` SET total_downlines = total_downlines+1
WHERE `user_id` = 'E9ITRC';
UPDATE `user_registration` SET left_downlines = left_downlines+1
WHERE `user_id` = 'E9ITRC';
UPDATE `user_registration` SET total_downlines = total_downlines+1
WHERE `user_id` = '7COKBB';
UPDATE `user_registration` SET left_downlines = left_downlines+1
WHERE `user_id` = '7COKBB';
UPDATE `user_registration` SET total_downlines = total_downlines+1
WHERE `user_id` = 'BDNS17';
UPDATE `user_registration` SET left_downlines = left_downlines+1
WHERE `user_id` = 'BDNS17';
UPDATE `user_registration` SET total_downlines = total_downlines+1
WHERE `user_id` = '7ZXRRE';
UPDATE `user_registration` SET left_downlines = left_downlines+1
WHERE `user_id` = '7ZXRRE';
UPDATE `user_registration` SET total_downlines = total_downlines+1
WHERE `user_id` = 'KLRAF5';
UPDATE `user_registration` SET left_downlines = left_downlines+1
WHERE `user_id` = 'KLRAF5';
UPDATE `user_registration` SET total_downlines = total_downlines+1
WHERE `user_id` = 'IFJHZG';
UPDATE `user_registration` SET left_downlines = left_downlines+1
WHERE `user_id` = 'IFJHZG';
UPDATE `user_registration` SET total_downlines = total_downlines+1
WHERE `user_id` = 'MXUV8Q';
UPDATE `user_registration` SET left_downlines = left_downlines+1
WHERE `user_id` = 'MXUV8Q';
UPDATE `user_registration` SET total_downlines = total_downlines+1
WHERE `user_id` = 'GGM164';
UPDATE `user_registration` SET left_downlines = left_downlines+1
WHERE `user_id` = 'GGM164';
UPDATE `user_registration` SET total_downlines = total_downlines+1
WHERE `user_id` = '3NKIEX';
UPDATE `user_registration` SET left_downlines = left_downlines+1
WHERE `user_id` = '3NKIEX';
UPDATE `user_registration` SET total_downlines = total_downlines+1
WHERE `user_id` = 'S56TH3';
UPDATE `user_registration` SET left_downlines = left_downlines+1
WHERE `user_id` = 'S56TH3';
UPDATE `user_registration` SET total_downlines = total_downlines+1
WHERE `user_id` = 'XYG89U';
UPDATE `user_registration` SET left_downlines = left_downlines+1
WHERE `user_id` = 'XYG89U';
UPDATE `user_registration` SET total_downlines = total_downlines+1
WHERE `user_id` = 'HTFY93';
UPDATE `user_registration` SET left_downlines = left_downlines+1
WHERE `user_id` = 'HTFY93';
UPDATE `user_registration` SET total_downlines = total_downlines+1
WHERE `user_id` = '3PR393';
UPDATE `user_registration` SET left_downlines = left_downlines+1
WHERE `user_id` = '3PR393';
UPDATE `user_registration` SET total_downlines = total_downlines+1
WHERE `user_id` = 'T3MRY1';
UPDATE `user_registration` SET left_downlines = left_downlines+1
WHERE `user_id` = 'T3MRY1';
UPDATE `user_registration` SET total_downlines = total_downlines+1
WHERE `user_id` = 'GTMCCK';
UPDATE `user_registration` SET left_downlines = left_downlines+1
WHERE `user_id` = 'GTMCCK';
UPDATE `user_registration` SET total_downlines = total_downlines+1
WHERE `user_id` = 'DLYMIF';
UPDATE `user_registration` SET left_downlines = left_downlines+1
WHERE `user_id` = 'DLYMIF';
UPDATE `user_registration` SET total_downlines = total_downlines+1
WHERE `user_id` = 'WGJ5KE';
UPDATE `user_registration` SET left_downlines = left_downlines+1
WHERE `user_id` = 'WGJ5KE';
UPDATE `user_registration` SET total_downlines = total_downlines+1
WHERE `user_id` = 'ORRJ3M';
UPDATE `user_registration` SET left_downlines = left_downlines+1
WHERE `user_id` = 'ORRJ3M';
UPDATE `user_registration` SET total_downlines = total_downlines+1
WHERE `user_id` = 'AA8V6V';
UPDATE `user_registration` SET left_downlines = left_downlines+1
WHERE `user_id` = 'AA8V6V';
UPDATE `user_registration` SET total_downlines = total_downlines+1
WHERE `user_id` = '61ME4O';
UPDATE `user_registration` SET left_downlines = left_downlines+1
WHERE `user_id` = '61ME4O';
UPDATE `user_registration` SET total_downlines = total_downlines+1
WHERE `user_id` = 'WS1SZZ';
UPDATE `user_registration` SET left_downlines = left_downlines+1
WHERE `user_id` = 'WS1SZZ';
UPDATE `user_registration` SET total_downlines = total_downlines+1
WHERE `user_id` = 'TBN4MZ';
UPDATE `user_registration` SET left_downlines = left_downlines+1
WHERE `user_id` = 'TBN4MZ';
UPDATE `user_registration` SET total_downlines = total_downlines+1
WHERE `user_id` = 'OEMJ8R';
UPDATE `user_registration` SET left_downlines = left_downlines+1
WHERE `user_id` = 'OEMJ8R';
UPDATE `user_registration` SET total_downlines = total_downlines+1
WHERE `user_id` = 'FXAYIE';
UPDATE `user_registration` SET left_downlines = left_downlines+1
WHERE `user_id` = 'FXAYIE';
UPDATE `user_registration` SET total_downlines = total_downlines+1
WHERE `user_id` = 'ELXZWC';
UPDATE `user_registration` SET left_downlines = left_downlines+1
WHERE `user_id` = 'ELXZWC';
UPDATE `user_registration` SET total_downlines = total_downlines+1
WHERE `user_id` = 'C1TQVI';
UPDATE `user_registration` SET left_downlines = left_downlines+1
WHERE `user_id` = 'C1TQVI';
UPDATE `user_registration` SET total_downlines = total_downlines+1
WHERE `user_id` = 'F5GPDF';
UPDATE `user_registration` SET left_downlines = left_downlines+1
WHERE `user_id` = 'F5GPDF';
UPDATE `user_registration` SET total_downlines = total_downlines+1
WHERE `user_id` = '91PYDK';
UPDATE `user_registration` SET left_downlines = left_downlines+1
WHERE `user_id` = '91PYDK';
UPDATE `user_registration` SET total_downlines = total_downlines+1
WHERE `user_id` = '4OT7RX';
UPDATE `user_registration` SET left_downlines = left_downlines+1
WHERE `user_id` = '4OT7RX';
UPDATE `user_registration` SET total_downlines = total_downlines+1
WHERE `user_id` = 'ZJZA3M';
UPDATE `user_registration` SET left_downlines = left_downlines+1
WHERE `user_id` = 'ZJZA3M';
UPDATE `user_registration` SET total_downlines = total_downlines+1
WHERE `user_id` = 'XN6ETC';
UPDATE `user_registration` SET left_downlines = left_downlines+1
WHERE `user_id` = 'XN6ETC';
UPDATE `user_registration` SET total_downlines = total_downlines+1
WHERE `user_id` = 'KVQN1O';
UPDATE `user_registration` SET left_downlines = left_downlines+1
WHERE `user_id` = 'KVQN1O';
UPDATE `user_registration` SET total_downlines = total_downlines+1
WHERE `user_id` = 'X3V7DJ';
UPDATE `user_registration` SET left_downlines = left_downlines+1
WHERE `user_id` = 'X3V7DJ';
UPDATE `user_registration` SET total_downlines = total_downlines+1
WHERE `user_id` = 'DJ77NH';
UPDATE `user_registration` SET left_downlines = left_downlines+1
WHERE `user_id` = 'DJ77NH';
UPDATE `user_registration` SET total_downlines = total_downlines+1
WHERE `user_id` = 'PX7XCL';
UPDATE `user_registration` SET left_downlines = left_downlines+1
WHERE `user_id` = 'PX7XCL';
UPDATE `user_registration` SET total_downlines = total_downlines+1
WHERE `user_id` = 'L8PM4Z';
UPDATE `user_registration` SET left_downlines = left_downlines+1
WHERE `user_id` = 'L8PM4Z';
UPDATE `user_registration` SET total_downlines = total_downlines+1
WHERE `user_id` = 'GBSIER';
UPDATE `user_registration` SET left_downlines = left_downlines+1
WHERE `user_id` = 'GBSIER';
UPDATE `user_registration` SET total_downlines = total_downlines+1
WHERE `user_id` = 'AV48YQ';
UPDATE `user_registration` SET left_downlines = left_downlines+1
WHERE `user_id` = 'AV48YQ';
UPDATE `user_registration` SET total_downlines = total_downlines+1
WHERE `user_id` = 'admin';
UPDATE `user_registration` SET left_downlines = left_downlines+1
WHERE `user_id` = 'admin';
INSERT INTO `investment` (`invest_date`, `user_id`, `type`, `amount`, `package_id`) VALUES ('2024-09-26 19:45:46', 'C1TW4L', 'register', '595', '2');
INSERT INTO `earnings` (`user_id`, `Purchaser_id`, `earning_type`, `package_id`, `amount`, `date`, `comments`, `invest_amount`, `comm_perc`, `level`, `rank_id`, `order_id`) VALUES ('6SUQNY', 'C1TW4L', 'Direct Referral Bonus', '2', '100', '2024-09-26 19:45:46', 'Direct Referral Bonus', 0, 0, 1, '', 363);
UPDATE `user_registration` SET commission_balance = ROUND(commission_balance + 100,2)
WHERE `user_id` = '6SUQNY';
INSERT INTO `earnings` (`user_id`, `Purchaser_id`, `earning_type`, `package_id`, `amount`, `date`, `comments`, `invest_amount`, `comm_perc`, `level`, `rank_id`, `order_id`) VALUES ('HI62BI', 'C1TW4L', 'Expansion Bonus', '2', 100, '2024-09-26 19:45:46', 'Expansion Bonus', '100', 0, 1, '', 363);
UPDATE `user_registration` SET commission_balance = ROUND(commission_balance + 100,2)
WHERE `user_id` = 'HI62BI';
INSERT INTO `earnings` (`user_id`, `Purchaser_id`, `earning_type`, `package_id`, `amount`, `date`, `comments`, `invest_amount`, `comm_perc`, `level`, `rank_id`, `order_id`) VALUES ('1FFFBU', 'C1TW4L', 'Expansion Bonus', '2', 100, '2024-09-26 19:45:46', 'Expansion Bonus', 200, 0, 1, '', 363);
UPDATE `user_registration` SET commission_balance = ROUND(commission_balance + 100,2)
WHERE `user_id` = '1FFFBU';
INSERT INTO `matrix_filling` (`placement_id`, `downline_id`, `level`, `matrix`) VALUES ('H3YF7Q', 'C1TW4L', 1, 1);
UPDATE `bv_updation` SET right_carry = right_carry+50, total_right = total_right+50
WHERE `user_id` = 'H3YF7Q';
INSERT INTO `placement_bv_update_history` (`right_carry`, `date`, `from_id`, `user_id`) VALUES ('50', '2024-09-26 19:45:46', 'C1TW4L', 'H3YF7Q');
INSERT INTO `matrix_filling` (`placement_id`, `downline_id`, `level`, `matrix`) VALUES ('SCHE8B', 'C1TW4L', 2, 1);
UPDATE `bv_updation` SET right_carry = right_carry+50, total_right = total_right+50
WHERE `user_id` = 'SCHE8B';
INSERT INTO `placement_bv_update_history` (`right_carry`, `date`, `from_id`, `user_id`) VALUES ('50', '2024-09-26 19:45:46', 'C1TW4L', 'SCHE8B');
INSERT INTO `matrix_filling` (`placement_id`, `downline_id`, `level`, `matrix`) VALUES ('CV3W4Z', 'C1TW4L', 3, 1);
UPDATE `bv_updation` SET right_carry = right_carry+50, total_right = total_right+50
WHERE `user_id` = 'CV3W4Z';
INSERT INTO `placement_bv_update_history` (`right_carry`, `date`, `from_id`, `user_id`) VALUES ('50', '2024-09-26 19:45:46', 'C1TW4L', 'CV3W4Z');
INSERT INTO `matrix_filling` (`placement_id`, `downline_id`, `level`, `matrix`) VALUES ('XUE2YU', 'C1TW4L', 4, 1);
UPDATE `bv_updation` SET right_carry = right_carry+50, total_right = total_right+50
WHERE `user_id` = 'XUE2YU';
INSERT INTO `placement_bv_update_history` (`right_carry`, `date`, `from_id`, `user_id`) VALUES ('50', '2024-09-26 19:45:46', 'C1TW4L', 'XUE2YU');
INSERT INTO `matrix_filling` (`placement_id`, `downline_id`, `level`, `matrix`) VALUES ('F5GZUD', 'C1TW4L', 5, 1);
UPDATE `bv_updation` SET right_carry = right_carry+50, total_right = total_right+50
WHERE `user_id` = 'F5GZUD';
INSERT INTO `placement_bv_update_history` (`right_carry`, `date`, `from_id`, `user_id`) VALUES ('50', '2024-09-26 19:45:46', 'C1TW4L', 'F5GZUD');
INSERT INTO `matrix_filling` (`placement_id`, `downline_id`, `level`, `matrix`) VALUES ('1XCQUI', 'C1TW4L', 6, 1);
UPDATE `bv_updation` SET right_carry = right_carry+50, total_right = total_right+50
WHERE `user_id` = '1XCQUI';
INSERT INTO `placement_bv_update_history` (`right_carry`, `date`, `from_id`, `user_id`) VALUES ('50', '2024-09-26 19:45:46', 'C1TW4L', '1XCQUI');
INSERT INTO `matrix_filling` (`placement_id`, `downline_id`, `level`, `matrix`) VALUES ('MGO2GW', 'C1TW4L', 7, 1);
UPDATE `bv_updation` SET right_carry = right_carry+50, total_right = total_right+50
WHERE `user_id` = 'MGO2GW';
INSERT INTO `placement_bv_update_history` (`right_carry`, `date`, `from_id`, `user_id`) VALUES ('50', '2024-09-26 19:45:46', 'C1TW4L', 'MGO2GW');
INSERT INTO `matrix_filling` (`placement_id`, `downline_id`, `level`, `matrix`) VALUES ('A3U9QE', 'C1TW4L', 8, 1);
UPDATE `bv_updation` SET right_carry = right_carry+50, total_right = total_right+50
WHERE `user_id` = 'A3U9QE';
INSERT INTO `placement_bv_update_history` (`right_carry`, `date`, `from_id`, `user_id`) VALUES ('50', '2024-09-26 19:45:46', 'C1TW4L', 'A3U9QE');
INSERT INTO `matrix_filling` (`placement_id`, `downline_id`, `level`, `matrix`) VALUES ('VHYSA7', 'C1TW4L', 9, 1);
UPDATE `bv_updation` SET right_carry = right_carry+50, total_right = total_right+50
WHERE `user_id` = 'VHYSA7';
INSERT INTO `placement_bv_update_history` (`right_carry`, `date`, `from_id`, `user_id`) VALUES ('50', '2024-09-26 19:45:46', 'C1TW4L', 'VHYSA7');
INSERT INTO `matrix_filling` (`placement_id`, `downline_id`, `level`, `matrix`) VALUES ('6SUQNY', 'C1TW4L', 10, 1);
UPDATE `bv_updation` SET right_carry = right_carry+50, total_right = total_right+50
WHERE `user_id` = '6SUQNY';
INSERT INTO `placement_bv_update_history` (`right_carry`, `date`, `from_id`, `user_id`) VALUES ('50', '2024-09-26 19:45:46', 'C1TW4L', '6SUQNY');
UPDATE `bv_updation` SET sponsor_right_carry = sponsor_right_carry+50, sponsor_total_right = sponsor_total_right+50
WHERE `user_id` = '6SUQNY';
INSERT INTO `sponsor_bv_update_history` (`right_carry`, `date`, `user_id`) VALUES ('50', '2024-09-26 19:45:46', '6SUQNY');
INSERT INTO `matrix_filling` (`placement_id`, `downline_id`, `level`, `matrix`) VALUES ('5K7DS2', 'C1TW4L', 11, 1);
UPDATE `bv_updation` SET left_carry = left_carry+50, total_left = total_left+50
WHERE `user_id` = '5K7DS2';
INSERT INTO `placement_bv_update_history` (`left_carry`, `date`, `from_id`, `user_id`) VALUES ('50', '2024-09-26 19:45:46', 'C1TW4L', '5K7DS2');
INSERT INTO `matrix_filling` (`placement_id`, `downline_id`, `level`, `matrix`) VALUES ('HI62BI', 'C1TW4L', 12, 1);
UPDATE `bv_updation` SET right_carry = right_carry+50, total_right = total_right+50
WHERE `user_id` = 'HI62BI';
INSERT INTO `placement_bv_update_history` (`right_carry`, `date`, `from_id`, `user_id`) VALUES ('50', '2024-09-26 19:45:46', 'C1TW4L', 'HI62BI');
INSERT INTO `matrix_filling` (`placement_id`, `downline_id`, `level`, `matrix`) VALUES ('1FFFBU', 'C1TW4L', 13, 1);
UPDATE `bv_updation` SET right_carry = right_carry+50, total_right = total_right+50
WHERE `user_id` = '1FFFBU';
INSERT INTO `placement_bv_update_history` (`right_carry`, `date`, `from_id`, `user_id`) VALUES ('50', '2024-09-26 19:45:46', 'C1TW4L', '1FFFBU');
INSERT INTO `matrix_filling` (`placement_id`, `downline_id`, `level`, `matrix`) VALUES ('J4CGUT', 'C1TW4L', 14, 1);
UPDATE `bv_updation` SET left_carry = left_carry+50, total_left = total_left+50
WHERE `user_id` = 'J4CGUT';
INSERT INTO `placement_bv_update_history` (`left_carry`, `date`, `from_id`, `user_id`) VALUES ('50', '2024-09-26 19:45:46', 'C1TW4L', 'J4CGUT');
INSERT INTO `matrix_filling` (`placement_id`, `downline_id`, `level`, `matrix`) VALUES ('S1RTX3', 'C1TW4L', 15, 1);
UPDATE `bv_updation` SET left_carry = left_carry+50, total_left = total_left+50
WHERE `user_id` = 'S1RTX3';
INSERT INTO `placement_bv_update_history` (`left_carry`, `date`, `from_id`, `user_id`) VALUES ('50', '2024-09-26 19:45:46', 'C1TW4L', 'S1RTX3');
INSERT INTO `matrix_filling` (`placement_id`, `downline_id`, `level`, `matrix`) VALUES ('I8YWQA', 'C1TW4L', 16, 1);
UPDATE `bv_updation` SET left_carry = left_carry+50, total_left = total_left+50
WHERE `user_id` = 'I8YWQA';
INSERT INTO `placement_bv_update_history` (`left_carry`, `date`, `from_id`, `user_id`) VALUES ('50', '2024-09-26 19:45:46', 'C1TW4L', 'I8YWQA');
INSERT INTO `matrix_filling` (`placement_id`, `downline_id`, `level`, `matrix`) VALUES ('I3MZBU', 'C1TW4L', 17, 1);
UPDATE `bv_updation` SET left_carry = left_carry+50, total_left = total_left+50
WHERE `user_id` = 'I3MZBU';
INSERT INTO `placement_bv_update_history` (`left_carry`, `date`, `from_id`, `user_id`) VALUES ('50', '2024-09-26 19:45:46', 'C1TW4L', 'I3MZBU');
INSERT INTO `matrix_filling` (`placement_id`, `downline_id`, `level`, `matrix`) VALUES ('H2I33O', 'C1TW4L', 18, 1);
UPDATE `bv_updation` SET left_carry = left_carry+50, total_left = total_left+50
WHERE `user_id` = 'H2I33O';
INSERT INTO `placement_bv_update_history` (`left_carry`, `date`, `from_id`, `user_id`) VALUES ('50', '2024-09-26 19:45:46', 'C1TW4L', 'H2I33O');
INSERT INTO `matrix_filling` (`placement_id`, `downline_id`, `level`, `matrix`) VALUES ('AL7XWH', 'C1TW4L', 19, 1);
UPDATE `bv_updation` SET left_carry = left_carry+50, total_left = total_left+50
WHERE `user_id` = 'AL7XWH';
INSERT INTO `placement_bv_update_history` (`left_carry`, `date`, `from_id`, `user_id`) VALUES ('50', '2024-09-26 19:45:46', 'C1TW4L', 'AL7XWH');
INSERT INTO `matrix_filling` (`placement_id`, `downline_id`, `level`, `matrix`) VALUES ('HFZ9SA', 'C1TW4L', 20, 1);
UPDATE `bv_updation` SET left_carry = left_carry+50, total_left = total_left+50
WHERE `user_id` = 'HFZ9SA';
INSERT INTO `placement_bv_update_history` (`left_carry`, `date`, `from_id`, `user_id`) VALUES ('50', '2024-09-26 19:45:46', 'C1TW4L', 'HFZ9SA');
INSERT INTO `matrix_filling` (`placement_id`, `downline_id`, `level`, `matrix`) VALUES ('A2MTZ3', 'C1TW4L', 21, 1);
UPDATE `bv_updation` SET left_carry = left_carry+50, total_left = total_left+50
WHERE `user_id` = 'A2MTZ3';
INSERT INTO `placement_bv_update_history` (`left_carry`, `date`, `from_id`, `user_id`) VALUES ('50', '2024-09-26 19:45:46', 'C1TW4L', 'A2MTZ3');
INSERT INTO `matrix_filling` (`placement_id`, `downline_id`, `level`, `matrix`) VALUES ('RUEKCW', 'C1TW4L', 22, 1);
UPDATE `bv_updation` SET left_carry = left_carry+50, total_left = total_left+50
WHERE `user_id` = 'RUEKCW';
INSERT INTO `placement_bv_update_history` (`left_carry`, `date`, `from_id`, `user_id`) VALUES ('50', '2024-09-26 19:45:46', 'C1TW4L', 'RUEKCW');
INSERT INTO `matrix_filling` (`placement_id`, `downline_id`, `level`, `matrix`) VALUES ('K3GTG4', 'C1TW4L', 23, 1);
UPDATE `bv_updation` SET left_carry = left_carry+50, total_left = total_left+50
WHERE `user_id` = 'K3GTG4';
INSERT INTO `placement_bv_update_history` (`left_carry`, `date`, `from_id`, `user_id`) VALUES ('50', '2024-09-26 19:45:46', 'C1TW4L', 'K3GTG4');
INSERT INTO `matrix_filling` (`placement_id`, `downline_id`, `level`, `matrix`) VALUES ('I1TUBN', 'C1TW4L', 24, 1);
UPDATE `bv_updation` SET left_carry = left_carry+50, total_left = total_left+50
WHERE `user_id` = 'I1TUBN';
INSERT INTO `placement_bv_update_history` (`left_carry`, `date`, `from_id`, `user_id`) VALUES ('50', '2024-09-26 19:45:46', 'C1TW4L', 'I1TUBN');
INSERT INTO `matrix_filling` (`placement_id`, `downline_id`, `level`, `matrix`) VALUES ('BAUCCU', 'C1TW4L', 25, 1);
UPDATE `bv_updation` SET left_carry = left_carry+50, total_left = total_left+50
WHERE `user_id` = 'BAUCCU';
INSERT INTO `placement_bv_update_history` (`left_carry`, `date`, `from_id`, `user_id`) VALUES ('50', '2024-09-26 19:45:46', 'C1TW4L', 'BAUCCU');
INSERT INTO `matrix_filling` (`placement_id`, `downline_id`, `level`, `matrix`) VALUES ('62QO97', 'C1TW4L', 26, 1);
UPDATE `bv_updation` SET left_carry = left_carry+50, total_left = total_left+50
WHERE `user_id` = '62QO97';
INSERT INTO `placement_bv_update_history` (`left_carry`, `date`, `from_id`, `user_id`) VALUES ('50', '2024-09-26 19:45:46', 'C1TW4L', '62QO97');
INSERT INTO `matrix_filling` (`placement_id`, `downline_id`, `level`, `matrix`) VALUES ('OHLQEO', 'C1TW4L', 27, 1);
UPDATE `bv_updation` SET left_carry = left_carry+50, total_left = total_left+50
WHERE `user_id` = 'OHLQEO';
INSERT INTO `placement_bv_update_history` (`left_carry`, `date`, `from_id`, `user_id`) VALUES ('50', '2024-09-26 19:45:46', 'C1TW4L', 'OHLQEO');
INSERT INTO `matrix_filling` (`placement_id`, `downline_id`, `level`, `matrix`) VALUES ('7APFKG', 'C1TW4L', 28, 1);
UPDATE `bv_updation` SET left_carry = left_carry+50, total_left = total_left+50
WHERE `user_id` = '7APFKG';
INSERT INTO `placement_bv_update_history` (`left_carry`, `date`, `from_id`, `user_id`) VALUES ('50', '2024-09-26 19:45:46', 'C1TW4L', '7APFKG');
INSERT INTO `matrix_filling` (`placement_id`, `downline_id`, `level`, `matrix`) VALUES ('Q2Q92Y', 'C1TW4L', 29, 1);
UPDATE `bv_updation` SET left_carry = left_carry+50, total_left = total_left+50
WHERE `user_id` = 'Q2Q92Y';
INSERT INTO `placement_bv_update_history` (`left_carry`, `date`, `from_id`, `user_id`) VALUES ('50', '2024-09-26 19:45:46', 'C1TW4L', 'Q2Q92Y');
INSERT INTO `matrix_filling` (`placement_id`, `downline_id`, `level`, `matrix`) VALUES ('E9ITRC', 'C1TW4L', 30, 1);
UPDATE `bv_updation` SET left_carry = left_carry+50, total_left = total_left+50
WHERE `user_id` = 'E9ITRC';
INSERT INTO `placement_bv_update_history` (`left_carry`, `date`, `from_id`, `user_id`) VALUES ('50', '2024-09-26 19:45:46', 'C1TW4L', 'E9ITRC');
INSERT INTO `matrix_filling` (`placement_id`, `downline_id`, `level`, `matrix`) VALUES ('7COKBB', 'C1TW4L', 31, 1);
UPDATE `bv_updation` SET left_carry = left_carry+50, total_left = total_left+50
WHERE `user_id` = '7COKBB';
INSERT INTO `placement_bv_update_history` (`left_carry`, `date`, `from_id`, `user_id`) VALUES ('50', '2024-09-26 19:45:46', 'C1TW4L', '7COKBB');
INSERT INTO `matrix_filling` (`placement_id`, `downline_id`, `level`, `matrix`) VALUES ('BDNS17', 'C1TW4L', 32, 1);
UPDATE `bv_updation` SET left_carry = left_carry+50, total_left = total_left+50
WHERE `user_id` = 'BDNS17';
INSERT INTO `placement_bv_update_history` (`left_carry`, `date`, `from_id`, `user_id`) VALUES ('50', '2024-09-26 19:45:46', 'C1TW4L', 'BDNS17');
INSERT INTO `matrix_filling` (`placement_id`, `downline_id`, `level`, `matrix`) VALUES ('7ZXRRE', 'C1TW4L', 33, 1);
UPDATE `bv_updation` SET left_carry = left_carry+50, total_left = total_left+50
WHERE `user_id` = '7ZXRRE';
INSERT INTO `placement_bv_update_history` (`left_carry`, `date`, `from_id`, `user_id`) VALUES ('50', '2024-09-26 19:45:46', 'C1TW4L', '7ZXRRE');
INSERT INTO `matrix_filling` (`placement_id`, `downline_id`, `level`, `matrix`) VALUES ('KLRAF5', 'C1TW4L', 34, 1);
UPDATE `bv_updation` SET left_carry = left_carry+50, total_left = total_left+50
WHERE `user_id` = 'KLRAF5';
INSERT INTO `placement_bv_update_history` (`left_carry`, `date`, `from_id`, `user_id`) VALUES ('50', '2024-09-26 19:45:46', 'C1TW4L', 'KLRAF5');
INSERT INTO `matrix_filling` (`placement_id`, `downline_id`, `level`, `matrix`) VALUES ('IFJHZG', 'C1TW4L', 35, 1);
UPDATE `bv_updation` SET left_carry = left_carry+50, total_left = total_left+50
WHERE `user_id` = 'IFJHZG';
INSERT INTO `placement_bv_update_history` (`left_carry`, `date`, `from_id`, `user_id`) VALUES ('50', '2024-09-26 19:45:46', 'C1TW4L', 'IFJHZG');
INSERT INTO `matrix_filling` (`placement_id`, `downline_id`, `level`, `matrix`) VALUES ('MXUV8Q', 'C1TW4L', 36, 1);
UPDATE `bv_updation` SET left_carry = left_carry+50, total_left = total_left+50
WHERE `user_id` = 'MXUV8Q';
INSERT INTO `placement_bv_update_history` (`left_carry`, `date`, `from_id`, `user_id`) VALUES ('50', '2024-09-26 19:45:46', 'C1TW4L', 'MXUV8Q');
INSERT INTO `matrix_filling` (`placement_id`, `downline_id`, `level`, `matrix`) VALUES ('GGM164', 'C1TW4L', 37, 1);
UPDATE `bv_updation` SET left_carry = left_carry+50, total_left = total_left+50
WHERE `user_id` = 'GGM164';
INSERT INTO `placement_bv_update_history` (`left_carry`, `date`, `from_id`, `user_id`) VALUES ('50', '2024-09-26 19:45:46', 'C1TW4L', 'GGM164');
INSERT INTO `matrix_filling` (`placement_id`, `downline_id`, `level`, `matrix`) VALUES ('3NKIEX', 'C1TW4L', 38, 1);
UPDATE `bv_updation` SET left_carry = left_carry+50, total_left = total_left+50
WHERE `user_id` = '3NKIEX';
INSERT INTO `placement_bv_update_history` (`left_carry`, `date`, `from_id`, `user_id`) VALUES ('50', '2024-09-26 19:45:46', 'C1TW4L', '3NKIEX');
INSERT INTO `matrix_filling` (`placement_id`, `downline_id`, `level`, `matrix`) VALUES ('S56TH3', 'C1TW4L', 39, 1);
UPDATE `bv_updation` SET left_carry = left_carry+50, total_left = total_left+50
WHERE `user_id` = 'S56TH3';
INSERT INTO `placement_bv_update_history` (`left_carry`, `date`, `from_id`, `user_id`) VALUES ('50', '2024-09-26 19:45:46', 'C1TW4L', 'S56TH3');
INSERT INTO `matrix_filling` (`placement_id`, `downline_id`, `level`, `matrix`) VALUES ('XYG89U', 'C1TW4L', 40, 1);
UPDATE `bv_updation` SET left_carry = left_carry+50, total_left = total_left+50
WHERE `user_id` = 'XYG89U';
INSERT INTO `placement_bv_update_history` (`left_carry`, `date`, `from_id`, `user_id`) VALUES ('50', '2024-09-26 19:45:46', 'C1TW4L', 'XYG89U');
INSERT INTO `matrix_filling` (`placement_id`, `downline_id`, `level`, `matrix`) VALUES ('HTFY93', 'C1TW4L', 41, 1);
UPDATE `bv_updation` SET left_carry = left_carry+50, total_left = total_left+50
WHERE `user_id` = 'HTFY93';
INSERT INTO `placement_bv_update_history` (`left_carry`, `date`, `from_id`, `user_id`) VALUES ('50', '2024-09-26 19:45:46', 'C1TW4L', 'HTFY93');
INSERT INTO `matrix_filling` (`placement_id`, `downline_id`, `level`, `matrix`) VALUES ('3PR393', 'C1TW4L', 42, 1);
UPDATE `bv_updation` SET left_carry = left_carry+50, total_left = total_left+50
WHERE `user_id` = '3PR393';
INSERT INTO `placement_bv_update_history` (`left_carry`, `date`, `from_id`, `user_id`) VALUES ('50', '2024-09-26 19:45:46', 'C1TW4L', '3PR393');
INSERT INTO `matrix_filling` (`placement_id`, `downline_id`, `level`, `matrix`) VALUES ('T3MRY1', 'C1TW4L', 43, 1);
UPDATE `bv_updation` SET left_carry = left_carry+50, total_left = total_left+50
WHERE `user_id` = 'T3MRY1';
INSERT INTO `placement_bv_update_history` (`left_carry`, `date`, `from_id`, `user_id`) VALUES ('50', '2024-09-26 19:45:46', 'C1TW4L', 'T3MRY1');
INSERT INTO `matrix_filling` (`placement_id`, `downline_id`, `level`, `matrix`) VALUES ('GTMCCK', 'C1TW4L', 44, 1);
UPDATE `bv_updation` SET left_carry = left_carry+50, total_left = total_left+50
WHERE `user_id` = 'GTMCCK';
INSERT INTO `placement_bv_update_history` (`left_carry`, `date`, `from_id`, `user_id`) VALUES ('50', '2024-09-26 19:45:46', 'C1TW4L', 'GTMCCK');
INSERT INTO `matrix_filling` (`placement_id`, `downline_id`, `level`, `matrix`) VALUES ('DLYMIF', 'C1TW4L', 45, 1);
UPDATE `bv_updation` SET left_carry = left_carry+50, total_left = total_left+50
WHERE `user_id` = 'DLYMIF';
INSERT INTO `placement_bv_update_history` (`left_carry`, `date`, `from_id`, `user_id`) VALUES ('50', '2024-09-26 19:45:46', 'C1TW4L', 'DLYMIF');
INSERT INTO `matrix_filling` (`placement_id`, `downline_id`, `level`, `matrix`) VALUES ('WGJ5KE', 'C1TW4L', 46, 1);
UPDATE `bv_updation` SET left_carry = left_carry+50, total_left = total_left+50
WHERE `user_id` = 'WGJ5KE';
INSERT INTO `placement_bv_update_history` (`left_carry`, `date`, `from_id`, `user_id`) VALUES ('50', '2024-09-26 19:45:46', 'C1TW4L', 'WGJ5KE');
INSERT INTO `matrix_filling` (`placement_id`, `downline_id`, `level`, `matrix`) VALUES ('ORRJ3M', 'C1TW4L', 47, 1);
UPDATE `bv_updation` SET left_carry = left_carry+50, total_left = total_left+50
WHERE `user_id` = 'ORRJ3M';
INSERT INTO `placement_bv_update_history` (`left_carry`, `date`, `from_id`, `user_id`) VALUES ('50', '2024-09-26 19:45:46', 'C1TW4L', 'ORRJ3M');
INSERT INTO `matrix_filling` (`placement_id`, `downline_id`, `level`, `matrix`) VALUES ('AA8V6V', 'C1TW4L', 48, 1);
UPDATE `bv_updation` SET left_carry = left_carry+50, total_left = total_left+50
WHERE `user_id` = 'AA8V6V';
INSERT INTO `placement_bv_update_history` (`left_carry`, `date`, `from_id`, `user_id`) VALUES ('50', '2024-09-26 19:45:46', 'C1TW4L', 'AA8V6V');
INSERT INTO `matrix_filling` (`placement_id`, `downline_id`, `level`, `matrix`) VALUES ('61ME4O', 'C1TW4L', 49, 1);
UPDATE `bv_updation` SET left_carry = left_carry+50, total_left = total_left+50
WHERE `user_id` = '61ME4O';
INSERT INTO `placement_bv_update_history` (`left_carry`, `date`, `from_id`, `user_id`) VALUES ('50', '2024-09-26 19:45:46', 'C1TW4L', '61ME4O');
INSERT INTO `matrix_filling` (`placement_id`, `downline_id`, `level`, `matrix`) VALUES ('WS1SZZ', 'C1TW4L', 50, 1);
UPDATE `bv_updation` SET left_carry = left_carry+50, total_left = total_left+50
WHERE `user_id` = 'WS1SZZ';
INSERT INTO `placement_bv_update_history` (`left_carry`, `date`, `from_id`, `user_id`) VALUES ('50', '2024-09-26 19:45:46', 'C1TW4L', 'WS1SZZ');
INSERT INTO `matrix_filling` (`placement_id`, `downline_id`, `level`, `matrix`) VALUES ('TBN4MZ', 'C1TW4L', 51, 1);
UPDATE `bv_updation` SET left_carry = left_carry+50, total_left = total_left+50
WHERE `user_id` = 'TBN4MZ';
INSERT INTO `placement_bv_update_history` (`left_carry`, `date`, `from_id`, `user_id`) VALUES ('50', '2024-09-26 19:45:46', 'C1TW4L', 'TBN4MZ');
INSERT INTO `matrix_filling` (`placement_id`, `downline_id`, `level`, `matrix`) VALUES ('OEMJ8R', 'C1TW4L', 52, 1);
UPDATE `bv_updation` SET left_carry = left_carry+50, total_left = total_left+50
WHERE `user_id` = 'OEMJ8R';
INSERT INTO `placement_bv_update_history` (`left_carry`, `date`, `from_id`, `user_id`) VALUES ('50', '2024-09-26 19:45:46', 'C1TW4L', 'OEMJ8R');
INSERT INTO `matrix_filling` (`placement_id`, `downline_id`, `level`, `matrix`) VALUES ('FXAYIE', 'C1TW4L', 53, 1);
UPDATE `bv_updation` SET left_carry = left_carry+50, total_left = total_left+50
WHERE `user_id` = 'FXAYIE';
INSERT INTO `placement_bv_update_history` (`left_carry`, `date`, `from_id`, `user_id`) VALUES ('50', '2024-09-26 19:45:46', 'C1TW4L', 'FXAYIE');
INSERT INTO `matrix_filling` (`placement_id`, `downline_id`, `level`, `matrix`) VALUES ('ELXZWC', 'C1TW4L', 54, 1);
UPDATE `bv_updation` SET left_carry = left_carry+50, total_left = total_left+50
WHERE `user_id` = 'ELXZWC';
INSERT INTO `placement_bv_update_history` (`left_carry`, `date`, `from_id`, `user_id`) VALUES ('50', '2024-09-26 19:45:46', 'C1TW4L', 'ELXZWC');
INSERT INTO `matrix_filling` (`placement_id`, `downline_id`, `level`, `matrix`) VALUES ('C1TQVI', 'C1TW4L', 55, 1);
UPDATE `bv_updation` SET left_carry = left_carry+50, total_left = total_left+50
WHERE `user_id` = 'C1TQVI';
INSERT INTO `placement_bv_update_history` (`left_carry`, `date`, `from_id`, `user_id`) VALUES ('50', '2024-09-26 19:45:46', 'C1TW4L', 'C1TQVI');
INSERT INTO `matrix_filling` (`placement_id`, `downline_id`, `level`, `matrix`) VALUES ('F5GPDF', 'C1TW4L', 56, 1);
UPDATE `bv_updation` SET left_carry = left_carry+50, total_left = total_left+50
WHERE `user_id` = 'F5GPDF';
INSERT INTO `placement_bv_update_history` (`left_carry`, `date`, `from_id`, `user_id`) VALUES ('50', '2024-09-26 19:45:46', 'C1TW4L', 'F5GPDF');
INSERT INTO `matrix_filling` (`placement_id`, `downline_id`, `level`, `matrix`) VALUES ('91PYDK', 'C1TW4L', 57, 1);
UPDATE `bv_updation` SET left_carry = left_carry+50, total_left = total_left+50
WHERE `user_id` = '91PYDK';
INSERT INTO `placement_bv_update_history` (`left_carry`, `date`, `from_id`, `user_id`) VALUES ('50', '2024-09-26 19:45:46', 'C1TW4L', '91PYDK');
INSERT INTO `matrix_filling` (`placement_id`, `downline_id`, `level`, `matrix`) VALUES ('4OT7RX', 'C1TW4L', 58, 1);
UPDATE `bv_updation` SET left_carry = left_carry+50, total_left = total_left+50
WHERE `user_id` = '4OT7RX';
INSERT INTO `placement_bv_update_history` (`left_carry`, `date`, `from_id`, `user_id`) VALUES ('50', '2024-09-26 19:45:46', 'C1TW4L', '4OT7RX');
INSERT INTO `matrix_filling` (`placement_id`, `downline_id`, `level`, `matrix`) VALUES ('ZJZA3M', 'C1TW4L', 59, 1);
UPDATE `bv_updation` SET left_carry = left_carry+50, total_left = total_left+50
WHERE `user_id` = 'ZJZA3M';
INSERT INTO `placement_bv_update_history` (`left_carry`, `date`, `from_id`, `user_id`) VALUES ('50', '2024-09-26 19:45:46', 'C1TW4L', 'ZJZA3M');
INSERT INTO `matrix_filling` (`placement_id`, `downline_id`, `level`, `matrix`) VALUES ('XN6ETC', 'C1TW4L', 60, 1);
UPDATE `bv_updation` SET left_carry = left_carry+50, total_left = total_left+50
WHERE `user_id` = 'XN6ETC';
INSERT INTO `placement_bv_update_history` (`left_carry`, `date`, `from_id`, `user_id`) VALUES ('50', '2024-09-26 19:45:46', 'C1TW4L', 'XN6ETC');
INSERT INTO `matrix_filling` (`placement_id`, `downline_id`, `level`, `matrix`) VALUES ('KVQN1O', 'C1TW4L', 61, 1);
UPDATE `bv_updation` SET left_carry = left_carry+50, total_left = total_left+50
WHERE `user_id` = 'KVQN1O';
INSERT INTO `placement_bv_update_history` (`left_carry`, `date`, `from_id`, `user_id`) VALUES ('50', '2024-09-26 19:45:46', 'C1TW4L', 'KVQN1O');
INSERT INTO `matrix_filling` (`placement_id`, `downline_id`, `level`, `matrix`) VALUES ('X3V7DJ', 'C1TW4L', 62, 1);
UPDATE `bv_updation` SET left_carry = left_carry+50, total_left = total_left+50
WHERE `user_id` = 'X3V7DJ';
INSERT INTO `placement_bv_update_history` (`left_carry`, `date`, `from_id`, `user_id`) VALUES ('50', '2024-09-26 19:45:46', 'C1TW4L', 'X3V7DJ');
INSERT INTO `matrix_filling` (`placement_id`, `downline_id`, `level`, `matrix`) VALUES ('DJ77NH', 'C1TW4L', 63, 1);
UPDATE `bv_updation` SET left_carry = left_carry+50, total_left = total_left+50
WHERE `user_id` = 'DJ77NH';
INSERT INTO `placement_bv_update_history` (`left_carry`, `date`, `from_id`, `user_id`) VALUES ('50', '2024-09-26 19:45:46', 'C1TW4L', 'DJ77NH');
INSERT INTO `matrix_filling` (`placement_id`, `downline_id`, `level`, `matrix`) VALUES ('PX7XCL', 'C1TW4L', 64, 1);
UPDATE `bv_updation` SET left_carry = left_carry+50, total_left = total_left+50
WHERE `user_id` = 'PX7XCL';
INSERT INTO `placement_bv_update_history` (`left_carry`, `date`, `from_id`, `user_id`) VALUES ('50', '2024-09-26 19:45:46', 'C1TW4L', 'PX7XCL');
INSERT INTO `matrix_filling` (`placement_id`, `downline_id`, `level`, `matrix`) VALUES ('L8PM4Z', 'C1TW4L', 65, 1);
UPDATE `bv_updation` SET left_carry = left_carry+50, total_left = total_left+50
WHERE `user_id` = 'L8PM4Z';
INSERT INTO `placement_bv_update_history` (`left_carry`, `date`, `from_id`, `user_id`) VALUES ('50', '2024-09-26 19:45:46', 'C1TW4L', 'L8PM4Z');
INSERT INTO `matrix_filling` (`placement_id`, `downline_id`, `level`, `matrix`) VALUES ('GBSIER', 'C1TW4L', 66, 1);
UPDATE `bv_updation` SET left_carry = left_carry+50, total_left = total_left+50
WHERE `user_id` = 'GBSIER';
INSERT INTO `placement_bv_update_history` (`left_carry`, `date`, `from_id`, `user_id`) VALUES ('50', '2024-09-26 19:45:46', 'C1TW4L', 'GBSIER');
INSERT INTO `matrix_filling` (`placement_id`, `downline_id`, `level`, `matrix`) VALUES ('AV48YQ', 'C1TW4L', 67, 1);
UPDATE `bv_updation` SET left_carry = left_carry+50, total_left = total_left+50
WHERE `user_id` = 'AV48YQ';
INSERT INTO `placement_bv_update_history` (`left_carry`, `date`, `from_id`, `user_id`) VALUES ('50', '2024-09-26 19:45:46', 'C1TW4L', 'AV48YQ');
INSERT INTO `matrix_filling` (`placement_id`, `downline_id`, `level`, `matrix`) VALUES ('admin', 'C1TW4L', 68, 1);
INSERT INTO `package_purchase_history` (`user_id`, `package_id`, `reg_fee`, `package_name`, `monthly_fee`, `type`, `date`, `payment_option`) VALUES ('C1TW4L', '2', '595', 'Traveler Pro', '150', 'sign_up', '2024-09-26 19:45:46', 'free');
UPDATE `user_registration` SET `popup_seen` = 'no'
WHERE `user_id` = '6SUQNY';
DELETE FROM `ci_sessions`
WHERE `id` = 'bc2f8a3d332765ad1bc64489245779af96c87367';
INSERT INTO `login_history` (`user_id`, `device`, `ip_address`, `date`) VALUES ('HI62BI', 'Mozilla/5.0 (Windows NT 10.0; Win64; x64) AppleWebKit/537.36 (KHTML, like Gecko) Chrome/129.0.0.0 Safari/537.36', '172.70.254.95', '24-09-26 19:46');
UPDATE `user_registration` SET `popup_seen` = 'yes'
WHERE `user_id` = 'HI62BI';
UPDATE `ci_sessions` SET `timestamp` = 1727398138, `data` = '__ci_last_regenerate|i:1727398138;id|s:4:\"2520\";user_id|s:6:\"97QHYG\";username|s:9:\"yordanis7\";sponsor_id|s:6:\"1FFFBU\";fullname|s:16:\"Yordanis Fuentes\";email|s:19:\"yordanis7@gmail.com\";phone|s:10:\"7862876762\";isLogIn|b:1;'
WHERE `id` = 'eda651b5feba2e5375f2f69bdb2a0d78c08f8f50';
UPDATE `user_registration` SET `uid` = '3031', `user_id` = 'IIG2SJ', `username` = 'ivette7', `sponsor_id` = '97QHYG', `vacant` = 'no', `f_name` = 'Ivette', `l_name` = 'Abogada', `address` = '8100 SW 14 Terr', `position` = 'right', `email` = 'ivette7@gmail.com', `password` = '4c9c972f562a49dd0a2e4d4cd850a20c', `phone` = '7862876762', `country` = 'United States', `state` = 'Florida', `city` = 'Miami', `street` = '8100 SW 14 Terr', `zip_code` = '33144', `reg_ip` = '172.70.254.134', `status` = 1, `package_id` = '2', `rank_id` = 1, `highest_rank` = 1, `created` = '2024-09-26 19:48:58', `subscription_date` = '2024-10-26', `google_secret` = 'KLZB7SZZ6E5KJBX5'
WHERE `uid` = '3031';
INSERT INTO `user_registration` (`uid`, `user_id`, `username`, `sponsor_id`, `placement_id`, `vacant`, `f_name`, `l_name`, `address`, `position`, `email`, `password`, `phone`, `reg_ip`, `status`, `created`) VALUES (NULL, 'BIWDKK', 'AdHqaUGd', 'IIG2SJ', 'IIG2SJ', 'yes', '', '', '', 'left', '@mail.com', '', '', '', 0, '2024-09-26 19:48:58');
INSERT INTO `user_registration` (`uid`, `user_id`, `username`, `sponsor_id`, `placement_id`, `vacant`, `f_name`, `l_name`, `address`, `position`, `email`, `password`, `phone`, `reg_ip`, `status`, `created`) VALUES (NULL, 'AORNFH', 'wGwFeSkE', 'IIG2SJ', 'IIG2SJ', 'yes', '', '', '', 'right', '@mail.com', '', '', '', 0, '2024-09-26 19:48:58');
INSERT INTO `bv_updation` (`user_id`) VALUES ('IIG2SJ');
UPDATE `user_registration` SET total_ref_count = total_ref_count+1
WHERE `user_id` = '97QHYG';
UPDATE `user_registration` SET total_downlines = total_downlines+1
WHERE `user_id` = '577V9K';
UPDATE `user_registration` SET right_downlines = right_downlines+1
WHERE `user_id` = '577V9K';
UPDATE `user_registration` SET total_downlines = total_downlines+1
WHERE `user_id` = '97QHYG';
UPDATE `user_registration` SET right_downlines = right_downlines+1
WHERE `user_id` = '97QHYG';
UPDATE `user_registration` SET right_ref_count = right_ref_count+1
WHERE `user_id` = '97QHYG';
UPDATE `user_registration` SET active_right = active_right+1
WHERE `user_id` = '97QHYG';
UPDATE `user_registration` SET total_downlines = total_downlines+1
WHERE `user_id` = 'IW5GAU';
UPDATE `user_registration` SET left_downlines = left_downlines+1
WHERE `user_id` = 'IW5GAU';
UPDATE `user_registration` SET total_downlines = total_downlines+1
WHERE `user_id` = 'JQ3FLF';
UPDATE `user_registration` SET left_downlines = left_downlines+1
WHERE `user_id` = 'JQ3FLF';
UPDATE `user_registration` SET total_downlines = total_downlines+1
WHERE `user_id` = 'C3N32U';
UPDATE `user_registration` SET left_downlines = left_downlines+1
WHERE `user_id` = 'C3N32U';
UPDATE `user_registration` SET total_downlines = total_downlines+1
WHERE `user_id` = 'MNLXPP';
UPDATE `user_registration` SET left_downlines = left_downlines+1
WHERE `user_id` = 'MNLXPP';
UPDATE `user_registration` SET total_downlines = total_downlines+1
WHERE `user_id` = 'NUPA4K';
UPDATE `user_registration` SET left_downlines = left_downlines+1
WHERE `user_id` = 'NUPA4K';
UPDATE `user_registration` SET total_downlines = total_downlines+1
WHERE `user_id` = '1FFFBU';
UPDATE `user_registration` SET left_downlines = left_downlines+1
WHERE `user_id` = '1FFFBU';
UPDATE `user_registration` SET total_downlines = total_downlines+1
WHERE `user_id` = 'J4CGUT';
UPDATE `user_registration` SET left_downlines = left_downlines+1
WHERE `user_id` = 'J4CGUT';
UPDATE `user_registration` SET total_downlines = total_downlines+1
WHERE `user_id` = 'S1RTX3';
UPDATE `user_registration` SET left_downlines = left_downlines+1
WHERE `user_id` = 'S1RTX3';
UPDATE `user_registration` SET total_downlines = total_downlines+1
WHERE `user_id` = 'I8YWQA';
UPDATE `user_registration` SET left_downlines = left_downlines+1
WHERE `user_id` = 'I8YWQA';
UPDATE `user_registration` SET total_downlines = total_downlines+1
WHERE `user_id` = 'I3MZBU';
UPDATE `user_registration` SET left_downlines = left_downlines+1
WHERE `user_id` = 'I3MZBU';
UPDATE `user_registration` SET total_downlines = total_downlines+1
WHERE `user_id` = 'H2I33O';
UPDATE `user_registration` SET left_downlines = left_downlines+1
WHERE `user_id` = 'H2I33O';
UPDATE `user_registration` SET total_downlines = total_downlines+1
WHERE `user_id` = 'AL7XWH';
UPDATE `user_registration` SET left_downlines = left_downlines+1
WHERE `user_id` = 'AL7XWH';
UPDATE `user_registration` SET total_downlines = total_downlines+1
WHERE `user_id` = 'HFZ9SA';
UPDATE `user_registration` SET left_downlines = left_downlines+1
WHERE `user_id` = 'HFZ9SA';
UPDATE `user_registration` SET total_downlines = total_downlines+1
WHERE `user_id` = 'A2MTZ3';
UPDATE `user_registration` SET left_downlines = left_downlines+1
WHERE `user_id` = 'A2MTZ3';
UPDATE `user_registration` SET total_downlines = total_downlines+1
WHERE `user_id` = 'RUEKCW';
UPDATE `user_registration` SET left_downlines = left_downlines+1
WHERE `user_id` = 'RUEKCW';
UPDATE `user_registration` SET total_downlines = total_downlines+1
WHERE `user_id` = 'K3GTG4';
UPDATE `user_registration` SET left_downlines = left_downlines+1
WHERE `user_id` = 'K3GTG4';
UPDATE `user_registration` SET total_downlines = total_downlines+1
WHERE `user_id` = 'I1TUBN';
UPDATE `user_registration` SET left_downlines = left_downlines+1
WHERE `user_id` = 'I1TUBN';
UPDATE `user_registration` SET total_downlines = total_downlines+1
WHERE `user_id` = 'BAUCCU';
UPDATE `user_registration` SET left_downlines = left_downlines+1
WHERE `user_id` = 'BAUCCU';
UPDATE `user_registration` SET total_downlines = total_downlines+1
WHERE `user_id` = '62QO97';
UPDATE `user_registration` SET left_downlines = left_downlines+1
WHERE `user_id` = '62QO97';
UPDATE `user_registration` SET total_downlines = total_downlines+1
WHERE `user_id` = 'OHLQEO';
UPDATE `user_registration` SET left_downlines = left_downlines+1
WHERE `user_id` = 'OHLQEO';
UPDATE `user_registration` SET total_downlines = total_downlines+1
WHERE `user_id` = '7APFKG';
UPDATE `user_registration` SET left_downlines = left_downlines+1
WHERE `user_id` = '7APFKG';
UPDATE `user_registration` SET total_downlines = total_downlines+1
WHERE `user_id` = 'Q2Q92Y';
UPDATE `user_registration` SET left_downlines = left_downlines+1
WHERE `user_id` = 'Q2Q92Y';
UPDATE `user_registration` SET total_downlines = total_downlines+1
WHERE `user_id` = 'E9ITRC';
UPDATE `user_registration` SET left_downlines = left_downlines+1
WHERE `user_id` = 'E9ITRC';
UPDATE `user_registration` SET total_downlines = total_downlines+1
WHERE `user_id` = '7COKBB';
UPDATE `user_registration` SET left_downlines = left_downlines+1
WHERE `user_id` = '7COKBB';
UPDATE `user_registration` SET total_downlines = total_downlines+1
WHERE `user_id` = 'BDNS17';
UPDATE `user_registration` SET left_downlines = left_downlines+1
WHERE `user_id` = 'BDNS17';
UPDATE `user_registration` SET total_downlines = total_downlines+1
WHERE `user_id` = '7ZXRRE';
UPDATE `user_registration` SET left_downlines = left_downlines+1
WHERE `user_id` = '7ZXRRE';
UPDATE `user_registration` SET total_downlines = total_downlines+1
WHERE `user_id` = 'KLRAF5';
UPDATE `user_registration` SET left_downlines = left_downlines+1
WHERE `user_id` = 'KLRAF5';
UPDATE `user_registration` SET total_downlines = total_downlines+1
WHERE `user_id` = 'IFJHZG';
UPDATE `user_registration` SET left_downlines = left_downlines+1
WHERE `user_id` = 'IFJHZG';
UPDATE `user_registration` SET total_downlines = total_downlines+1
WHERE `user_id` = 'MXUV8Q';
UPDATE `user_registration` SET left_downlines = left_downlines+1
WHERE `user_id` = 'MXUV8Q';
UPDATE `user_registration` SET total_downlines = total_downlines+1
WHERE `user_id` = 'GGM164';
UPDATE `user_registration` SET left_downlines = left_downlines+1
WHERE `user_id` = 'GGM164';
UPDATE `user_registration` SET total_downlines = total_downlines+1
WHERE `user_id` = '3NKIEX';
UPDATE `user_registration` SET left_downlines = left_downlines+1
WHERE `user_id` = '3NKIEX';
UPDATE `user_registration` SET total_downlines = total_downlines+1
WHERE `user_id` = 'S56TH3';
UPDATE `user_registration` SET left_downlines = left_downlines+1
WHERE `user_id` = 'S56TH3';
UPDATE `user_registration` SET total_downlines = total_downlines+1
WHERE `user_id` = 'XYG89U';
UPDATE `user_registration` SET left_downlines = left_downlines+1
WHERE `user_id` = 'XYG89U';
UPDATE `user_registration` SET total_downlines = total_downlines+1
WHERE `user_id` = 'HTFY93';
UPDATE `user_registration` SET left_downlines = left_downlines+1
WHERE `user_id` = 'HTFY93';
UPDATE `user_registration` SET total_downlines = total_downlines+1
WHERE `user_id` = '3PR393';
UPDATE `user_registration` SET left_downlines = left_downlines+1
WHERE `user_id` = '3PR393';
UPDATE `user_registration` SET total_downlines = total_downlines+1
WHERE `user_id` = 'T3MRY1';
UPDATE `user_registration` SET left_downlines = left_downlines+1
WHERE `user_id` = 'T3MRY1';
UPDATE `user_registration` SET total_downlines = total_downlines+1
WHERE `user_id` = 'GTMCCK';
UPDATE `user_registration` SET left_downlines = left_downlines+1
WHERE `user_id` = 'GTMCCK';
UPDATE `user_registration` SET total_downlines = total_downlines+1
WHERE `user_id` = 'DLYMIF';
UPDATE `user_registration` SET left_downlines = left_downlines+1
WHERE `user_id` = 'DLYMIF';
UPDATE `user_registration` SET total_downlines = total_downlines+1
WHERE `user_id` = 'WGJ5KE';
UPDATE `user_registration` SET left_downlines = left_downlines+1
WHERE `user_id` = 'WGJ5KE';
UPDATE `user_registration` SET total_downlines = total_downlines+1
WHERE `user_id` = 'ORRJ3M';
UPDATE `user_registration` SET left_downlines = left_downlines+1
WHERE `user_id` = 'ORRJ3M';
UPDATE `user_registration` SET total_downlines = total_downlines+1
WHERE `user_id` = 'AA8V6V';
UPDATE `user_registration` SET left_downlines = left_downlines+1
WHERE `user_id` = 'AA8V6V';
UPDATE `user_registration` SET total_downlines = total_downlines+1
WHERE `user_id` = '61ME4O';
UPDATE `user_registration` SET left_downlines = left_downlines+1
WHERE `user_id` = '61ME4O';
UPDATE `user_registration` SET total_downlines = total_downlines+1
WHERE `user_id` = 'WS1SZZ';
UPDATE `user_registration` SET left_downlines = left_downlines+1
WHERE `user_id` = 'WS1SZZ';
UPDATE `user_registration` SET total_downlines = total_downlines+1
WHERE `user_id` = 'TBN4MZ';
UPDATE `user_registration` SET left_downlines = left_downlines+1
WHERE `user_id` = 'TBN4MZ';
UPDATE `user_registration` SET total_downlines = total_downlines+1
WHERE `user_id` = 'OEMJ8R';
UPDATE `user_registration` SET left_downlines = left_downlines+1
WHERE `user_id` = 'OEMJ8R';
UPDATE `user_registration` SET total_downlines = total_downlines+1
WHERE `user_id` = 'FXAYIE';
UPDATE `user_registration` SET left_downlines = left_downlines+1
WHERE `user_id` = 'FXAYIE';
UPDATE `user_registration` SET total_downlines = total_downlines+1
WHERE `user_id` = 'ELXZWC';
UPDATE `user_registration` SET left_downlines = left_downlines+1
WHERE `user_id` = 'ELXZWC';
UPDATE `user_registration` SET total_downlines = total_downlines+1
WHERE `user_id` = 'C1TQVI';
UPDATE `user_registration` SET left_downlines = left_downlines+1
WHERE `user_id` = 'C1TQVI';
UPDATE `user_registration` SET total_downlines = total_downlines+1
WHERE `user_id` = 'F5GPDF';
UPDATE `user_registration` SET left_downlines = left_downlines+1
WHERE `user_id` = 'F5GPDF';
UPDATE `user_registration` SET total_downlines = total_downlines+1
WHERE `user_id` = '91PYDK';
UPDATE `user_registration` SET left_downlines = left_downlines+1
WHERE `user_id` = '91PYDK';
UPDATE `user_registration` SET total_downlines = total_downlines+1
WHERE `user_id` = '4OT7RX';
UPDATE `user_registration` SET left_downlines = left_downlines+1
WHERE `user_id` = '4OT7RX';
UPDATE `user_registration` SET total_downlines = total_downlines+1
WHERE `user_id` = 'ZJZA3M';
UPDATE `user_registration` SET left_downlines = left_downlines+1
WHERE `user_id` = 'ZJZA3M';
UPDATE `user_registration` SET total_downlines = total_downlines+1
WHERE `user_id` = 'XN6ETC';
UPDATE `user_registration` SET left_downlines = left_downlines+1
WHERE `user_id` = 'XN6ETC';
UPDATE `user_registration` SET total_downlines = total_downlines+1
WHERE `user_id` = 'KVQN1O';
UPDATE `user_registration` SET left_downlines = left_downlines+1
WHERE `user_id` = 'KVQN1O';
UPDATE `user_registration` SET total_downlines = total_downlines+1
WHERE `user_id` = 'X3V7DJ';
UPDATE `user_registration` SET left_downlines = left_downlines+1
WHERE `user_id` = 'X3V7DJ';
UPDATE `user_registration` SET total_downlines = total_downlines+1
WHERE `user_id` = 'DJ77NH';
UPDATE `user_registration` SET left_downlines = left_downlines+1
WHERE `user_id` = 'DJ77NH';
UPDATE `user_registration` SET total_downlines = total_downlines+1
WHERE `user_id` = 'PX7XCL';
UPDATE `user_registration` SET left_downlines = left_downlines+1
WHERE `user_id` = 'PX7XCL';
UPDATE `user_registration` SET total_downlines = total_downlines+1
WHERE `user_id` = 'L8PM4Z';
UPDATE `user_registration` SET left_downlines = left_downlines+1
WHERE `user_id` = 'L8PM4Z';
UPDATE `user_registration` SET total_downlines = total_downlines+1
WHERE `user_id` = 'GBSIER';
UPDATE `user_registration` SET left_downlines = left_downlines+1
WHERE `user_id` = 'GBSIER';
UPDATE `user_registration` SET total_downlines = total_downlines+1
WHERE `user_id` = 'AV48YQ';
UPDATE `user_registration` SET left_downlines = left_downlines+1
WHERE `user_id` = 'AV48YQ';
UPDATE `user_registration` SET total_downlines = total_downlines+1
WHERE `user_id` = 'admin';
UPDATE `user_registration` SET left_downlines = left_downlines+1
WHERE `user_id` = 'admin';
INSERT INTO `investment` (`invest_date`, `user_id`, `type`, `amount`, `package_id`) VALUES ('2024-09-26 19:48:59', 'IIG2SJ', 'register', '595', '2');
INSERT INTO `earnings` (`user_id`, `Purchaser_id`, `earning_type`, `package_id`, `amount`, `date`, `comments`, `invest_amount`, `comm_perc`, `level`, `rank_id`, `order_id`) VALUES ('97QHYG', 'IIG2SJ', 'Direct Referral Bonus', '2', '100', '2024-09-26 19:48:59', 'Direct Referral Bonus', 0, 0, 1, '', 364);
UPDATE `user_registration` SET commission_balance = ROUND(commission_balance + 100,2)
WHERE `user_id` = '97QHYG';
INSERT INTO `earnings` (`user_id`, `Purchaser_id`, `earning_type`, `package_id`, `amount`, `date`, `comments`, `invest_amount`, `comm_perc`, `level`, `rank_id`, `order_id`) VALUES ('1FFFBU', 'IIG2SJ', 'Expansion Bonus', '2', 200, '2024-09-26 19:48:59', 'Expansion Bonus', '100', 0, 1, '', 364);
UPDATE `user_registration` SET commission_balance = ROUND(commission_balance + 200,2)
WHERE `user_id` = '1FFFBU';
INSERT INTO `matrix_filling` (`placement_id`, `downline_id`, `level`, `matrix`) VALUES ('577V9K', 'IIG2SJ', 1, 1);
UPDATE `bv_updation` SET right_carry = right_carry+50, total_right = total_right+50
WHERE `user_id` = '577V9K';
INSERT INTO `placement_bv_update_history` (`right_carry`, `date`, `from_id`, `user_id`) VALUES ('50', '2024-09-26 19:48:59', 'IIG2SJ', '577V9K');
INSERT INTO `matrix_filling` (`placement_id`, `downline_id`, `level`, `matrix`) VALUES ('97QHYG', 'IIG2SJ', 2, 1);
UPDATE `bv_updation` SET right_carry = right_carry+50, total_right = total_right+50
WHERE `user_id` = '97QHYG';
INSERT INTO `placement_bv_update_history` (`right_carry`, `date`, `from_id`, `user_id`) VALUES ('50', '2024-09-26 19:48:59', 'IIG2SJ', '97QHYG');
UPDATE `bv_updation` SET sponsor_right_carry = sponsor_right_carry+50, sponsor_total_right = sponsor_total_right+50
WHERE `user_id` = '97QHYG';
INSERT INTO `sponsor_bv_update_history` (`right_carry`, `date`, `user_id`) VALUES ('50', '2024-09-26 19:48:59', '97QHYG');
INSERT INTO `matrix_filling` (`placement_id`, `downline_id`, `level`, `matrix`) VALUES ('IW5GAU', 'IIG2SJ', 3, 1);
UPDATE `bv_updation` SET left_carry = left_carry+50, total_left = total_left+50
WHERE `user_id` = 'IW5GAU';
INSERT INTO `placement_bv_update_history` (`left_carry`, `date`, `from_id`, `user_id`) VALUES ('50', '2024-09-26 19:48:59', 'IIG2SJ', 'IW5GAU');
INSERT INTO `matrix_filling` (`placement_id`, `downline_id`, `level`, `matrix`) VALUES ('JQ3FLF', 'IIG2SJ', 4, 1);
UPDATE `bv_updation` SET left_carry = left_carry+50, total_left = total_left+50
WHERE `user_id` = 'JQ3FLF';
INSERT INTO `placement_bv_update_history` (`left_carry`, `date`, `from_id`, `user_id`) VALUES ('50', '2024-09-26 19:48:59', 'IIG2SJ', 'JQ3FLF');
INSERT INTO `matrix_filling` (`placement_id`, `downline_id`, `level`, `matrix`) VALUES ('C3N32U', 'IIG2SJ', 5, 1);
UPDATE `bv_updation` SET left_carry = left_carry+50, total_left = total_left+50
WHERE `user_id` = 'C3N32U';
INSERT INTO `placement_bv_update_history` (`left_carry`, `date`, `from_id`, `user_id`) VALUES ('50', '2024-09-26 19:48:59', 'IIG2SJ', 'C3N32U');
INSERT INTO `matrix_filling` (`placement_id`, `downline_id`, `level`, `matrix`) VALUES ('MNLXPP', 'IIG2SJ', 6, 1);
UPDATE `bv_updation` SET left_carry = left_carry+50, total_left = total_left+50
WHERE `user_id` = 'MNLXPP';
INSERT INTO `placement_bv_update_history` (`left_carry`, `date`, `from_id`, `user_id`) VALUES ('50', '2024-09-26 19:48:59', 'IIG2SJ', 'MNLXPP');
INSERT INTO `matrix_filling` (`placement_id`, `downline_id`, `level`, `matrix`) VALUES ('NUPA4K', 'IIG2SJ', 7, 1);
UPDATE `bv_updation` SET left_carry = left_carry+50, total_left = total_left+50
WHERE `user_id` = 'NUPA4K';
INSERT INTO `placement_bv_update_history` (`left_carry`, `date`, `from_id`, `user_id`) VALUES ('50', '2024-09-26 19:48:59', 'IIG2SJ', 'NUPA4K');
INSERT INTO `matrix_filling` (`placement_id`, `downline_id`, `level`, `matrix`) VALUES ('1FFFBU', 'IIG2SJ', 8, 1);
UPDATE `bv_updation` SET left_carry = left_carry+50, total_left = total_left+50
WHERE `user_id` = '1FFFBU';
INSERT INTO `placement_bv_update_history` (`left_carry`, `date`, `from_id`, `user_id`) VALUES ('50', '2024-09-26 19:48:59', 'IIG2SJ', '1FFFBU');
INSERT INTO `matrix_filling` (`placement_id`, `downline_id`, `level`, `matrix`) VALUES ('J4CGUT', 'IIG2SJ', 9, 1);
UPDATE `bv_updation` SET left_carry = left_carry+50, total_left = total_left+50
WHERE `user_id` = 'J4CGUT';
INSERT INTO `placement_bv_update_history` (`left_carry`, `date`, `from_id`, `user_id`) VALUES ('50', '2024-09-26 19:48:59', 'IIG2SJ', 'J4CGUT');
INSERT INTO `matrix_filling` (`placement_id`, `downline_id`, `level`, `matrix`) VALUES ('S1RTX3', 'IIG2SJ', 10, 1);
UPDATE `bv_updation` SET left_carry = left_carry+50, total_left = total_left+50
WHERE `user_id` = 'S1RTX3';
INSERT INTO `placement_bv_update_history` (`left_carry`, `date`, `from_id`, `user_id`) VALUES ('50', '2024-09-26 19:48:59', 'IIG2SJ', 'S1RTX3');
INSERT INTO `matrix_filling` (`placement_id`, `downline_id`, `level`, `matrix`) VALUES ('I8YWQA', 'IIG2SJ', 11, 1);
UPDATE `bv_updation` SET left_carry = left_carry+50, total_left = total_left+50
WHERE `user_id` = 'I8YWQA';
INSERT INTO `placement_bv_update_history` (`left_carry`, `date`, `from_id`, `user_id`) VALUES ('50', '2024-09-26 19:48:59', 'IIG2SJ', 'I8YWQA');
INSERT INTO `matrix_filling` (`placement_id`, `downline_id`, `level`, `matrix`) VALUES ('I3MZBU', 'IIG2SJ', 12, 1);
UPDATE `bv_updation` SET left_carry = left_carry+50, total_left = total_left+50
WHERE `user_id` = 'I3MZBU';
INSERT INTO `placement_bv_update_history` (`left_carry`, `date`, `from_id`, `user_id`) VALUES ('50', '2024-09-26 19:48:59', 'IIG2SJ', 'I3MZBU');
INSERT INTO `matrix_filling` (`placement_id`, `downline_id`, `level`, `matrix`) VALUES ('H2I33O', 'IIG2SJ', 13, 1);
UPDATE `bv_updation` SET left_carry = left_carry+50, total_left = total_left+50
WHERE `user_id` = 'H2I33O';
INSERT INTO `placement_bv_update_history` (`left_carry`, `date`, `from_id`, `user_id`) VALUES ('50', '2024-09-26 19:48:59', 'IIG2SJ', 'H2I33O');
INSERT INTO `matrix_filling` (`placement_id`, `downline_id`, `level`, `matrix`) VALUES ('AL7XWH', 'IIG2SJ', 14, 1);
UPDATE `bv_updation` SET left_carry = left_carry+50, total_left = total_left+50
WHERE `user_id` = 'AL7XWH';
INSERT INTO `placement_bv_update_history` (`left_carry`, `date`, `from_id`, `user_id`) VALUES ('50', '2024-09-26 19:48:59', 'IIG2SJ', 'AL7XWH');
INSERT INTO `matrix_filling` (`placement_id`, `downline_id`, `level`, `matrix`) VALUES ('HFZ9SA', 'IIG2SJ', 15, 1);
UPDATE `bv_updation` SET left_carry = left_carry+50, total_left = total_left+50
WHERE `user_id` = 'HFZ9SA';
INSERT INTO `placement_bv_update_history` (`left_carry`, `date`, `from_id`, `user_id`) VALUES ('50', '2024-09-26 19:48:59', 'IIG2SJ', 'HFZ9SA');
INSERT INTO `matrix_filling` (`placement_id`, `downline_id`, `level`, `matrix`) VALUES ('A2MTZ3', 'IIG2SJ', 16, 1);
UPDATE `bv_updation` SET left_carry = left_carry+50, total_left = total_left+50
WHERE `user_id` = 'A2MTZ3';
INSERT INTO `placement_bv_update_history` (`left_carry`, `date`, `from_id`, `user_id`) VALUES ('50', '2024-09-26 19:48:59', 'IIG2SJ', 'A2MTZ3');
INSERT INTO `matrix_filling` (`placement_id`, `downline_id`, `level`, `matrix`) VALUES ('RUEKCW', 'IIG2SJ', 17, 1);
UPDATE `bv_updation` SET left_carry = left_carry+50, total_left = total_left+50
WHERE `user_id` = 'RUEKCW';
INSERT INTO `placement_bv_update_history` (`left_carry`, `date`, `from_id`, `user_id`) VALUES ('50', '2024-09-26 19:48:59', 'IIG2SJ', 'RUEKCW');
INSERT INTO `matrix_filling` (`placement_id`, `downline_id`, `level`, `matrix`) VALUES ('K3GTG4', 'IIG2SJ', 18, 1);
UPDATE `bv_updation` SET left_carry = left_carry+50, total_left = total_left+50
WHERE `user_id` = 'K3GTG4';
INSERT INTO `placement_bv_update_history` (`left_carry`, `date`, `from_id`, `user_id`) VALUES ('50', '2024-09-26 19:48:59', 'IIG2SJ', 'K3GTG4');
INSERT INTO `matrix_filling` (`placement_id`, `downline_id`, `level`, `matrix`) VALUES ('I1TUBN', 'IIG2SJ', 19, 1);
UPDATE `bv_updation` SET left_carry = left_carry+50, total_left = total_left+50
WHERE `user_id` = 'I1TUBN';
INSERT INTO `placement_bv_update_history` (`left_carry`, `date`, `from_id`, `user_id`) VALUES ('50', '2024-09-26 19:48:59', 'IIG2SJ', 'I1TUBN');
INSERT INTO `matrix_filling` (`placement_id`, `downline_id`, `level`, `matrix`) VALUES ('BAUCCU', 'IIG2SJ', 20, 1);
UPDATE `bv_updation` SET left_carry = left_carry+50, total_left = total_left+50
WHERE `user_id` = 'BAUCCU';
INSERT INTO `placement_bv_update_history` (`left_carry`, `date`, `from_id`, `user_id`) VALUES ('50', '2024-09-26 19:48:59', 'IIG2SJ', 'BAUCCU');
INSERT INTO `matrix_filling` (`placement_id`, `downline_id`, `level`, `matrix`) VALUES ('62QO97', 'IIG2SJ', 21, 1);
UPDATE `bv_updation` SET left_carry = left_carry+50, total_left = total_left+50
WHERE `user_id` = '62QO97';
INSERT INTO `placement_bv_update_history` (`left_carry`, `date`, `from_id`, `user_id`) VALUES ('50', '2024-09-26 19:48:59', 'IIG2SJ', '62QO97');
INSERT INTO `matrix_filling` (`placement_id`, `downline_id`, `level`, `matrix`) VALUES ('OHLQEO', 'IIG2SJ', 22, 1);
UPDATE `bv_updation` SET left_carry = left_carry+50, total_left = total_left+50
WHERE `user_id` = 'OHLQEO';
INSERT INTO `placement_bv_update_history` (`left_carry`, `date`, `from_id`, `user_id`) VALUES ('50', '2024-09-26 19:48:59', 'IIG2SJ', 'OHLQEO');
INSERT INTO `matrix_filling` (`placement_id`, `downline_id`, `level`, `matrix`) VALUES ('7APFKG', 'IIG2SJ', 23, 1);
UPDATE `bv_updation` SET left_carry = left_carry+50, total_left = total_left+50
WHERE `user_id` = '7APFKG';
INSERT INTO `placement_bv_update_history` (`left_carry`, `date`, `from_id`, `user_id`) VALUES ('50', '2024-09-26 19:48:59', 'IIG2SJ', '7APFKG');
INSERT INTO `matrix_filling` (`placement_id`, `downline_id`, `level`, `matrix`) VALUES ('Q2Q92Y', 'IIG2SJ', 24, 1);
UPDATE `bv_updation` SET left_carry = left_carry+50, total_left = total_left+50
WHERE `user_id` = 'Q2Q92Y';
INSERT INTO `placement_bv_update_history` (`left_carry`, `date`, `from_id`, `user_id`) VALUES ('50', '2024-09-26 19:48:59', 'IIG2SJ', 'Q2Q92Y');
INSERT INTO `matrix_filling` (`placement_id`, `downline_id`, `level`, `matrix`) VALUES ('E9ITRC', 'IIG2SJ', 25, 1);
UPDATE `bv_updation` SET left_carry = left_carry+50, total_left = total_left+50
WHERE `user_id` = 'E9ITRC';
INSERT INTO `placement_bv_update_history` (`left_carry`, `date`, `from_id`, `user_id`) VALUES ('50', '2024-09-26 19:48:59', 'IIG2SJ', 'E9ITRC');
INSERT INTO `matrix_filling` (`placement_id`, `downline_id`, `level`, `matrix`) VALUES ('7COKBB', 'IIG2SJ', 26, 1);
UPDATE `bv_updation` SET left_carry = left_carry+50, total_left = total_left+50
WHERE `user_id` = '7COKBB';
INSERT INTO `placement_bv_update_history` (`left_carry`, `date`, `from_id`, `user_id`) VALUES ('50', '2024-09-26 19:48:59', 'IIG2SJ', '7COKBB');
INSERT INTO `matrix_filling` (`placement_id`, `downline_id`, `level`, `matrix`) VALUES ('BDNS17', 'IIG2SJ', 27, 1);
UPDATE `bv_updation` SET left_carry = left_carry+50, total_left = total_left+50
WHERE `user_id` = 'BDNS17';
INSERT INTO `placement_bv_update_history` (`left_carry`, `date`, `from_id`, `user_id`) VALUES ('50', '2024-09-26 19:48:59', 'IIG2SJ', 'BDNS17');
INSERT INTO `matrix_filling` (`placement_id`, `downline_id`, `level`, `matrix`) VALUES ('7ZXRRE', 'IIG2SJ', 28, 1);
UPDATE `bv_updation` SET left_carry = left_carry+50, total_left = total_left+50
WHERE `user_id` = '7ZXRRE';
INSERT INTO `placement_bv_update_history` (`left_carry`, `date`, `from_id`, `user_id`) VALUES ('50', '2024-09-26 19:48:59', 'IIG2SJ', '7ZXRRE');
INSERT INTO `matrix_filling` (`placement_id`, `downline_id`, `level`, `matrix`) VALUES ('KLRAF5', 'IIG2SJ', 29, 1);
UPDATE `bv_updation` SET left_carry = left_carry+50, total_left = total_left+50
WHERE `user_id` = 'KLRAF5';
INSERT INTO `placement_bv_update_history` (`left_carry`, `date`, `from_id`, `user_id`) VALUES ('50', '2024-09-26 19:48:59', 'IIG2SJ', 'KLRAF5');
INSERT INTO `matrix_filling` (`placement_id`, `downline_id`, `level`, `matrix`) VALUES ('IFJHZG', 'IIG2SJ', 30, 1);
UPDATE `bv_updation` SET left_carry = left_carry+50, total_left = total_left+50
WHERE `user_id` = 'IFJHZG';
INSERT INTO `placement_bv_update_history` (`left_carry`, `date`, `from_id`, `user_id`) VALUES ('50', '2024-09-26 19:48:59', 'IIG2SJ', 'IFJHZG');
INSERT INTO `matrix_filling` (`placement_id`, `downline_id`, `level`, `matrix`) VALUES ('MXUV8Q', 'IIG2SJ', 31, 1);
UPDATE `bv_updation` SET left_carry = left_carry+50, total_left = total_left+50
WHERE `user_id` = 'MXUV8Q';
INSERT INTO `placement_bv_update_history` (`left_carry`, `date`, `from_id`, `user_id`) VALUES ('50', '2024-09-26 19:48:59', 'IIG2SJ', 'MXUV8Q');
INSERT INTO `matrix_filling` (`placement_id`, `downline_id`, `level`, `matrix`) VALUES ('GGM164', 'IIG2SJ', 32, 1);
UPDATE `bv_updation` SET left_carry = left_carry+50, total_left = total_left+50
WHERE `user_id` = 'GGM164';
INSERT INTO `placement_bv_update_history` (`left_carry`, `date`, `from_id`, `user_id`) VALUES ('50', '2024-09-26 19:48:59', 'IIG2SJ', 'GGM164');
INSERT INTO `matrix_filling` (`placement_id`, `downline_id`, `level`, `matrix`) VALUES ('3NKIEX', 'IIG2SJ', 33, 1);
UPDATE `bv_updation` SET left_carry = left_carry+50, total_left = total_left+50
WHERE `user_id` = '3NKIEX';
INSERT INTO `placement_bv_update_history` (`left_carry`, `date`, `from_id`, `user_id`) VALUES ('50', '2024-09-26 19:48:59', 'IIG2SJ', '3NKIEX');
INSERT INTO `matrix_filling` (`placement_id`, `downline_id`, `level`, `matrix`) VALUES ('S56TH3', 'IIG2SJ', 34, 1);
UPDATE `bv_updation` SET left_carry = left_carry+50, total_left = total_left+50
WHERE `user_id` = 'S56TH3';
INSERT INTO `placement_bv_update_history` (`left_carry`, `date`, `from_id`, `user_id`) VALUES ('50', '2024-09-26 19:48:59', 'IIG2SJ', 'S56TH3');
INSERT INTO `matrix_filling` (`placement_id`, `downline_id`, `level`, `matrix`) VALUES ('XYG89U', 'IIG2SJ', 35, 1);
UPDATE `bv_updation` SET left_carry = left_carry+50, total_left = total_left+50
WHERE `user_id` = 'XYG89U';
INSERT INTO `placement_bv_update_history` (`left_carry`, `date`, `from_id`, `user_id`) VALUES ('50', '2024-09-26 19:48:59', 'IIG2SJ', 'XYG89U');
INSERT INTO `matrix_filling` (`placement_id`, `downline_id`, `level`, `matrix`) VALUES ('HTFY93', 'IIG2SJ', 36, 1);
UPDATE `bv_updation` SET left_carry = left_carry+50, total_left = total_left+50
WHERE `user_id` = 'HTFY93';
INSERT INTO `placement_bv_update_history` (`left_carry`, `date`, `from_id`, `user_id`) VALUES ('50', '2024-09-26 19:48:59', 'IIG2SJ', 'HTFY93');
INSERT INTO `matrix_filling` (`placement_id`, `downline_id`, `level`, `matrix`) VALUES ('3PR393', 'IIG2SJ', 37, 1);
UPDATE `bv_updation` SET left_carry = left_carry+50, total_left = total_left+50
WHERE `user_id` = '3PR393';
INSERT INTO `placement_bv_update_history` (`left_carry`, `date`, `from_id`, `user_id`) VALUES ('50', '2024-09-26 19:48:59', 'IIG2SJ', '3PR393');
INSERT INTO `matrix_filling` (`placement_id`, `downline_id`, `level`, `matrix`) VALUES ('T3MRY1', 'IIG2SJ', 38, 1);
UPDATE `bv_updation` SET left_carry = left_carry+50, total_left = total_left+50
WHERE `user_id` = 'T3MRY1';
INSERT INTO `placement_bv_update_history` (`left_carry`, `date`, `from_id`, `user_id`) VALUES ('50', '2024-09-26 19:48:59', 'IIG2SJ', 'T3MRY1');
INSERT INTO `matrix_filling` (`placement_id`, `downline_id`, `level`, `matrix`) VALUES ('GTMCCK', 'IIG2SJ', 39, 1);
UPDATE `bv_updation` SET left_carry = left_carry+50, total_left = total_left+50
WHERE `user_id` = 'GTMCCK';
INSERT INTO `placement_bv_update_history` (`left_carry`, `date`, `from_id`, `user_id`) VALUES ('50', '2024-09-26 19:48:59', 'IIG2SJ', 'GTMCCK');
INSERT INTO `matrix_filling` (`placement_id`, `downline_id`, `level`, `matrix`) VALUES ('DLYMIF', 'IIG2SJ', 40, 1);
UPDATE `bv_updation` SET left_carry = left_carry+50, total_left = total_left+50
WHERE `user_id` = 'DLYMIF';
INSERT INTO `placement_bv_update_history` (`left_carry`, `date`, `from_id`, `user_id`) VALUES ('50', '2024-09-26 19:48:59', 'IIG2SJ', 'DLYMIF');
INSERT INTO `matrix_filling` (`placement_id`, `downline_id`, `level`, `matrix`) VALUES ('WGJ5KE', 'IIG2SJ', 41, 1);
UPDATE `bv_updation` SET left_carry = left_carry+50, total_left = total_left+50
WHERE `user_id` = 'WGJ5KE';
INSERT INTO `placement_bv_update_history` (`left_carry`, `date`, `from_id`, `user_id`) VALUES ('50', '2024-09-26 19:48:59', 'IIG2SJ', 'WGJ5KE');
INSERT INTO `matrix_filling` (`placement_id`, `downline_id`, `level`, `matrix`) VALUES ('ORRJ3M', 'IIG2SJ', 42, 1);
UPDATE `bv_updation` SET left_carry = left_carry+50, total_left = total_left+50
WHERE `user_id` = 'ORRJ3M';
INSERT INTO `placement_bv_update_history` (`left_carry`, `date`, `from_id`, `user_id`) VALUES ('50', '2024-09-26 19:48:59', 'IIG2SJ', 'ORRJ3M');
INSERT INTO `matrix_filling` (`placement_id`, `downline_id`, `level`, `matrix`) VALUES ('AA8V6V', 'IIG2SJ', 43, 1);
UPDATE `bv_updation` SET left_carry = left_carry+50, total_left = total_left+50
WHERE `user_id` = 'AA8V6V';
INSERT INTO `placement_bv_update_history` (`left_carry`, `date`, `from_id`, `user_id`) VALUES ('50', '2024-09-26 19:48:59', 'IIG2SJ', 'AA8V6V');
INSERT INTO `matrix_filling` (`placement_id`, `downline_id`, `level`, `matrix`) VALUES ('61ME4O', 'IIG2SJ', 44, 1);
UPDATE `bv_updation` SET left_carry = left_carry+50, total_left = total_left+50
WHERE `user_id` = '61ME4O';
INSERT INTO `placement_bv_update_history` (`left_carry`, `date`, `from_id`, `user_id`) VALUES ('50', '2024-09-26 19:48:59', 'IIG2SJ', '61ME4O');
INSERT INTO `matrix_filling` (`placement_id`, `downline_id`, `level`, `matrix`) VALUES ('WS1SZZ', 'IIG2SJ', 45, 1);
UPDATE `bv_updation` SET left_carry = left_carry+50, total_left = total_left+50
WHERE `user_id` = 'WS1SZZ';
INSERT INTO `placement_bv_update_history` (`left_carry`, `date`, `from_id`, `user_id`) VALUES ('50', '2024-09-26 19:48:59', 'IIG2SJ', 'WS1SZZ');
INSERT INTO `matrix_filling` (`placement_id`, `downline_id`, `level`, `matrix`) VALUES ('TBN4MZ', 'IIG2SJ', 46, 1);
UPDATE `bv_updation` SET left_carry = left_carry+50, total_left = total_left+50
WHERE `user_id` = 'TBN4MZ';
INSERT INTO `placement_bv_update_history` (`left_carry`, `date`, `from_id`, `user_id`) VALUES ('50', '2024-09-26 19:48:59', 'IIG2SJ', 'TBN4MZ');
INSERT INTO `matrix_filling` (`placement_id`, `downline_id`, `level`, `matrix`) VALUES ('OEMJ8R', 'IIG2SJ', 47, 1);
UPDATE `bv_updation` SET left_carry = left_carry+50, total_left = total_left+50
WHERE `user_id` = 'OEMJ8R';
INSERT INTO `placement_bv_update_history` (`left_carry`, `date`, `from_id`, `user_id`) VALUES ('50', '2024-09-26 19:48:59', 'IIG2SJ', 'OEMJ8R');
INSERT INTO `matrix_filling` (`placement_id`, `downline_id`, `level`, `matrix`) VALUES ('FXAYIE', 'IIG2SJ', 48, 1);
UPDATE `bv_updation` SET left_carry = left_carry+50, total_left = total_left+50
WHERE `user_id` = 'FXAYIE';
INSERT INTO `placement_bv_update_history` (`left_carry`, `date`, `from_id`, `user_id`) VALUES ('50', '2024-09-26 19:48:59', 'IIG2SJ', 'FXAYIE');
INSERT INTO `matrix_filling` (`placement_id`, `downline_id`, `level`, `matrix`) VALUES ('ELXZWC', 'IIG2SJ', 49, 1);
UPDATE `bv_updation` SET left_carry = left_carry+50, total_left = total_left+50
WHERE `user_id` = 'ELXZWC';
INSERT INTO `placement_bv_update_history` (`left_carry`, `date`, `from_id`, `user_id`) VALUES ('50', '2024-09-26 19:48:59', 'IIG2SJ', 'ELXZWC');
INSERT INTO `matrix_filling` (`placement_id`, `downline_id`, `level`, `matrix`) VALUES ('C1TQVI', 'IIG2SJ', 50, 1);
UPDATE `bv_updation` SET left_carry = left_carry+50, total_left = total_left+50
WHERE `user_id` = 'C1TQVI';
INSERT INTO `placement_bv_update_history` (`left_carry`, `date`, `from_id`, `user_id`) VALUES ('50', '2024-09-26 19:48:59', 'IIG2SJ', 'C1TQVI');
INSERT INTO `matrix_filling` (`placement_id`, `downline_id`, `level`, `matrix`) VALUES ('F5GPDF', 'IIG2SJ', 51, 1);
UPDATE `bv_updation` SET left_carry = left_carry+50, total_left = total_left+50
WHERE `user_id` = 'F5GPDF';
INSERT INTO `placement_bv_update_history` (`left_carry`, `date`, `from_id`, `user_id`) VALUES ('50', '2024-09-26 19:48:59', 'IIG2SJ', 'F5GPDF');
INSERT INTO `matrix_filling` (`placement_id`, `downline_id`, `level`, `matrix`) VALUES ('91PYDK', 'IIG2SJ', 52, 1);
UPDATE `bv_updation` SET left_carry = left_carry+50, total_left = total_left+50
WHERE `user_id` = '91PYDK';
INSERT INTO `placement_bv_update_history` (`left_carry`, `date`, `from_id`, `user_id`) VALUES ('50', '2024-09-26 19:48:59', 'IIG2SJ', '91PYDK');
INSERT INTO `matrix_filling` (`placement_id`, `downline_id`, `level`, `matrix`) VALUES ('4OT7RX', 'IIG2SJ', 53, 1);
UPDATE `bv_updation` SET left_carry = left_carry+50, total_left = total_left+50
WHERE `user_id` = '4OT7RX';
INSERT INTO `placement_bv_update_history` (`left_carry`, `date`, `from_id`, `user_id`) VALUES ('50', '2024-09-26 19:48:59', 'IIG2SJ', '4OT7RX');
INSERT INTO `matrix_filling` (`placement_id`, `downline_id`, `level`, `matrix`) VALUES ('ZJZA3M', 'IIG2SJ', 54, 1);
UPDATE `bv_updation` SET left_carry = left_carry+50, total_left = total_left+50
WHERE `user_id` = 'ZJZA3M';
INSERT INTO `placement_bv_update_history` (`left_carry`, `date`, `from_id`, `user_id`) VALUES ('50', '2024-09-26 19:48:59', 'IIG2SJ', 'ZJZA3M');
INSERT INTO `matrix_filling` (`placement_id`, `downline_id`, `level`, `matrix`) VALUES ('XN6ETC', 'IIG2SJ', 55, 1);
UPDATE `bv_updation` SET left_carry = left_carry+50, total_left = total_left+50
WHERE `user_id` = 'XN6ETC';
INSERT INTO `placement_bv_update_history` (`left_carry`, `date`, `from_id`, `user_id`) VALUES ('50', '2024-09-26 19:48:59', 'IIG2SJ', 'XN6ETC');
INSERT INTO `matrix_filling` (`placement_id`, `downline_id`, `level`, `matrix`) VALUES ('KVQN1O', 'IIG2SJ', 56, 1);
UPDATE `bv_updation` SET left_carry = left_carry+50, total_left = total_left+50
WHERE `user_id` = 'KVQN1O';
INSERT INTO `placement_bv_update_history` (`left_carry`, `date`, `from_id`, `user_id`) VALUES ('50', '2024-09-26 19:48:59', 'IIG2SJ', 'KVQN1O');
INSERT INTO `matrix_filling` (`placement_id`, `downline_id`, `level`, `matrix`) VALUES ('X3V7DJ', 'IIG2SJ', 57, 1);
UPDATE `bv_updation` SET left_carry = left_carry+50, total_left = total_left+50
WHERE `user_id` = 'X3V7DJ';
INSERT INTO `placement_bv_update_history` (`left_carry`, `date`, `from_id`, `user_id`) VALUES ('50', '2024-09-26 19:48:59', 'IIG2SJ', 'X3V7DJ');
INSERT INTO `matrix_filling` (`placement_id`, `downline_id`, `level`, `matrix`) VALUES ('DJ77NH', 'IIG2SJ', 58, 1);
UPDATE `bv_updation` SET left_carry = left_carry+50, total_left = total_left+50
WHERE `user_id` = 'DJ77NH';
INSERT INTO `placement_bv_update_history` (`left_carry`, `date`, `from_id`, `user_id`) VALUES ('50', '2024-09-26 19:48:59', 'IIG2SJ', 'DJ77NH');
INSERT INTO `matrix_filling` (`placement_id`, `downline_id`, `level`, `matrix`) VALUES ('PX7XCL', 'IIG2SJ', 59, 1);
UPDATE `bv_updation` SET left_carry = left_carry+50, total_left = total_left+50
WHERE `user_id` = 'PX7XCL';
INSERT INTO `placement_bv_update_history` (`left_carry`, `date`, `from_id`, `user_id`) VALUES ('50', '2024-09-26 19:48:59', 'IIG2SJ', 'PX7XCL');
INSERT INTO `matrix_filling` (`placement_id`, `downline_id`, `level`, `matrix`) VALUES ('L8PM4Z', 'IIG2SJ', 60, 1);
UPDATE `bv_updation` SET left_carry = left_carry+50, total_left = total_left+50
WHERE `user_id` = 'L8PM4Z';
INSERT INTO `placement_bv_update_history` (`left_carry`, `date`, `from_id`, `user_id`) VALUES ('50', '2024-09-26 19:48:59', 'IIG2SJ', 'L8PM4Z');
INSERT INTO `matrix_filling` (`placement_id`, `downline_id`, `level`, `matrix`) VALUES ('GBSIER', 'IIG2SJ', 61, 1);
UPDATE `bv_updation` SET left_carry = left_carry+50, total_left = total_left+50
WHERE `user_id` = 'GBSIER';
INSERT INTO `placement_bv_update_history` (`left_carry`, `date`, `from_id`, `user_id`) VALUES ('50', '2024-09-26 19:48:59', 'IIG2SJ', 'GBSIER');
INSERT INTO `matrix_filling` (`placement_id`, `downline_id`, `level`, `matrix`) VALUES ('AV48YQ', 'IIG2SJ', 62, 1);
UPDATE `bv_updation` SET left_carry = left_carry+50, total_left = total_left+50
WHERE `user_id` = 'AV48YQ';
INSERT INTO `placement_bv_update_history` (`left_carry`, `date`, `from_id`, `user_id`) VALUES ('50', '2024-09-26 19:48:59', 'IIG2SJ', 'AV48YQ');
INSERT INTO `matrix_filling` (`placement_id`, `downline_id`, `level`, `matrix`) VALUES ('admin', 'IIG2SJ', 63, 1);
INSERT INTO `package_purchase_history` (`user_id`, `package_id`, `reg_fee`, `package_name`, `monthly_fee`, `type`, `date`, `payment_option`) VALUES ('IIG2SJ', '2', '595', 'Traveler Pro', '150', 'sign_up', '2024-09-26 19:48:59', 'free');
UPDATE `user_registration` SET `uid` = '3035', `user_id` = 'RM4VZX', `username` = 'disan7', `sponsor_id` = '97QHYG', `vacant` = 'no', `f_name` = 'Disan', `l_name` = 'Jimenez', `address` = '8100 SW 14 Terr', `position` = 'right', `email` = 'disan7@gmail.com', `password` = 'b1b3e46675227369bd396eb44df1c900', `phone` = '7862876762', `country` = 'United States', `state` = 'Florida', `city` = 'MiamiDj123456', `street` = '8100 SW 14 Terr', `zip_code` = '33144', `reg_ip` = '172.70.255.207', `status` = 1, `package_id` = '2', `rank_id` = 1, `highest_rank` = 1, `created` = '2024-09-26 19:52:06', `subscription_date` = '2024-10-26', `google_secret` = '5FRYCK7RFLAFMIJF'
WHERE `uid` = '3035';
INSERT INTO `user_registration` (`uid`, `user_id`, `username`, `sponsor_id`, `placement_id`, `vacant`, `f_name`, `l_name`, `address`, `position`, `email`, `password`, `phone`, `reg_ip`, `status`, `created`) VALUES (NULL, 'BJJUHW', 'fdlFytSA', 'RM4VZX', 'RM4VZX', 'yes', '', '', '', 'left', '@mail.com', '', '', '', 0, '2024-09-26 19:52:06');
INSERT INTO `user_registration` (`uid`, `user_id`, `username`, `sponsor_id`, `placement_id`, `vacant`, `f_name`, `l_name`, `address`, `position`, `email`, `password`, `phone`, `reg_ip`, `status`, `created`) VALUES (NULL, 'FPGYNI', 'OVztxWvc', 'RM4VZX', 'RM4VZX', 'yes', '', '', '', 'right', '@mail.com', '', '', '', 0, '2024-09-26 19:52:06');
INSERT INTO `bv_updation` (`user_id`) VALUES ('RM4VZX');
UPDATE `user_registration` SET total_ref_count = total_ref_count+1
WHERE `user_id` = '97QHYG';
UPDATE `user_registration` SET total_downlines = total_downlines+1
WHERE `user_id` = 'IIG2SJ';
UPDATE `user_registration` SET right_downlines = right_downlines+1
WHERE `user_id` = 'IIG2SJ';
UPDATE `user_registration` SET total_downlines = total_downlines+1
WHERE `user_id` = '577V9K';
UPDATE `user_registration` SET right_downlines = right_downlines+1
WHERE `user_id` = '577V9K';
UPDATE `user_registration` SET total_downlines = total_downlines+1
WHERE `user_id` = '97QHYG';
UPDATE `user_registration` SET right_downlines = right_downlines+1
WHERE `user_id` = '97QHYG';
UPDATE `user_registration` SET right_ref_count = right_ref_count+1
WHERE `user_id` = '97QHYG';
UPDATE `user_registration` SET active_right = active_right+1
WHERE `user_id` = '97QHYG';
UPDATE `user_registration` SET total_downlines = total_downlines+1
WHERE `user_id` = 'IW5GAU';
UPDATE `user_registration` SET left_downlines = left_downlines+1
WHERE `user_id` = 'IW5GAU';
UPDATE `user_registration` SET total_downlines = total_downlines+1
WHERE `user_id` = 'JQ3FLF';
UPDATE `user_registration` SET left_downlines = left_downlines+1
WHERE `user_id` = 'JQ3FLF';
UPDATE `user_registration` SET total_downlines = total_downlines+1
WHERE `user_id` = 'C3N32U';
UPDATE `user_registration` SET left_downlines = left_downlines+1
WHERE `user_id` = 'C3N32U';
UPDATE `user_registration` SET total_downlines = total_downlines+1
WHERE `user_id` = 'MNLXPP';
UPDATE `user_registration` SET left_downlines = left_downlines+1
WHERE `user_id` = 'MNLXPP';
UPDATE `user_registration` SET total_downlines = total_downlines+1
WHERE `user_id` = 'NUPA4K';
UPDATE `user_registration` SET left_downlines = left_downlines+1
WHERE `user_id` = 'NUPA4K';
UPDATE `user_registration` SET total_downlines = total_downlines+1
WHERE `user_id` = '1FFFBU';
UPDATE `user_registration` SET left_downlines = left_downlines+1
WHERE `user_id` = '1FFFBU';
UPDATE `user_registration` SET total_downlines = total_downlines+1
WHERE `user_id` = 'J4CGUT';
UPDATE `user_registration` SET left_downlines = left_downlines+1
WHERE `user_id` = 'J4CGUT';
UPDATE `user_registration` SET total_downlines = total_downlines+1
WHERE `user_id` = 'S1RTX3';
UPDATE `user_registration` SET left_downlines = left_downlines+1
WHERE `user_id` = 'S1RTX3';
UPDATE `user_registration` SET total_downlines = total_downlines+1
WHERE `user_id` = 'I8YWQA';
UPDATE `user_registration` SET left_downlines = left_downlines+1
WHERE `user_id` = 'I8YWQA';
UPDATE `user_registration` SET total_downlines = total_downlines+1
WHERE `user_id` = 'I3MZBU';
UPDATE `user_registration` SET left_downlines = left_downlines+1
WHERE `user_id` = 'I3MZBU';
UPDATE `user_registration` SET total_downlines = total_downlines+1
WHERE `user_id` = 'H2I33O';
UPDATE `user_registration` SET left_downlines = left_downlines+1
WHERE `user_id` = 'H2I33O';
UPDATE `user_registration` SET total_downlines = total_downlines+1
WHERE `user_id` = 'AL7XWH';
UPDATE `user_registration` SET left_downlines = left_downlines+1
WHERE `user_id` = 'AL7XWH';
UPDATE `user_registration` SET total_downlines = total_downlines+1
WHERE `user_id` = 'HFZ9SA';
UPDATE `user_registration` SET left_downlines = left_downlines+1
WHERE `user_id` = 'HFZ9SA';
UPDATE `user_registration` SET total_downlines = total_downlines+1
WHERE `user_id` = 'A2MTZ3';
UPDATE `user_registration` SET left_downlines = left_downlines+1
WHERE `user_id` = 'A2MTZ3';
UPDATE `user_registration` SET total_downlines = total_downlines+1
WHERE `user_id` = 'RUEKCW';
UPDATE `user_registration` SET left_downlines = left_downlines+1
WHERE `user_id` = 'RUEKCW';
UPDATE `user_registration` SET total_downlines = total_downlines+1
WHERE `user_id` = 'K3GTG4';
UPDATE `user_registration` SET left_downlines = left_downlines+1
WHERE `user_id` = 'K3GTG4';
UPDATE `user_registration` SET total_downlines = total_downlines+1
WHERE `user_id` = 'I1TUBN';
UPDATE `user_registration` SET left_downlines = left_downlines+1
WHERE `user_id` = 'I1TUBN';
UPDATE `user_registration` SET total_downlines = total_downlines+1
WHERE `user_id` = 'BAUCCU';
UPDATE `user_registration` SET left_downlines = left_downlines+1
WHERE `user_id` = 'BAUCCU';
UPDATE `user_registration` SET total_downlines = total_downlines+1
WHERE `user_id` = '62QO97';
UPDATE `user_registration` SET left_downlines = left_downlines+1
WHERE `user_id` = '62QO97';
UPDATE `user_registration` SET total_downlines = total_downlines+1
WHERE `user_id` = 'OHLQEO';
UPDATE `user_registration` SET left_downlines = left_downlines+1
WHERE `user_id` = 'OHLQEO';
UPDATE `user_registration` SET total_downlines = total_downlines+1
WHERE `user_id` = '7APFKG';
UPDATE `user_registration` SET left_downlines = left_downlines+1
WHERE `user_id` = '7APFKG';
UPDATE `user_registration` SET total_downlines = total_downlines+1
WHERE `user_id` = 'Q2Q92Y';
UPDATE `user_registration` SET left_downlines = left_downlines+1
WHERE `user_id` = 'Q2Q92Y';
UPDATE `user_registration` SET total_downlines = total_downlines+1
WHERE `user_id` = 'E9ITRC';
UPDATE `user_registration` SET left_downlines = left_downlines+1
WHERE `user_id` = 'E9ITRC';
UPDATE `user_registration` SET total_downlines = total_downlines+1
WHERE `user_id` = '7COKBB';
UPDATE `user_registration` SET left_downlines = left_downlines+1
WHERE `user_id` = '7COKBB';
UPDATE `user_registration` SET total_downlines = total_downlines+1
WHERE `user_id` = 'BDNS17';
UPDATE `user_registration` SET left_downlines = left_downlines+1
WHERE `user_id` = 'BDNS17';
UPDATE `user_registration` SET total_downlines = total_downlines+1
WHERE `user_id` = '7ZXRRE';
UPDATE `user_registration` SET left_downlines = left_downlines+1
WHERE `user_id` = '7ZXRRE';
UPDATE `user_registration` SET total_downlines = total_downlines+1
WHERE `user_id` = 'KLRAF5';
UPDATE `user_registration` SET left_downlines = left_downlines+1
WHERE `user_id` = 'KLRAF5';
UPDATE `user_registration` SET total_downlines = total_downlines+1
WHERE `user_id` = 'IFJHZG';
UPDATE `user_registration` SET left_downlines = left_downlines+1
WHERE `user_id` = 'IFJHZG';
UPDATE `user_registration` SET total_downlines = total_downlines+1
WHERE `user_id` = 'MXUV8Q';
UPDATE `user_registration` SET left_downlines = left_downlines+1
WHERE `user_id` = 'MXUV8Q';
UPDATE `user_registration` SET total_downlines = total_downlines+1
WHERE `user_id` = 'GGM164';
UPDATE `user_registration` SET left_downlines = left_downlines+1
WHERE `user_id` = 'GGM164';
UPDATE `user_registration` SET total_downlines = total_downlines+1
WHERE `user_id` = '3NKIEX';
UPDATE `user_registration` SET left_downlines = left_downlines+1
WHERE `user_id` = '3NKIEX';
UPDATE `user_registration` SET total_downlines = total_downlines+1
WHERE `user_id` = 'S56TH3';
UPDATE `user_registration` SET left_downlines = left_downlines+1
WHERE `user_id` = 'S56TH3';
UPDATE `user_registration` SET total_downlines = total_downlines+1
WHERE `user_id` = 'XYG89U';
UPDATE `user_registration` SET left_downlines = left_downlines+1
WHERE `user_id` = 'XYG89U';
UPDATE `user_registration` SET total_downlines = total_downlines+1
WHERE `user_id` = 'HTFY93';
UPDATE `user_registration` SET left_downlines = left_downlines+1
WHERE `user_id` = 'HTFY93';
UPDATE `user_registration` SET total_downlines = total_downlines+1
WHERE `user_id` = '3PR393';
UPDATE `user_registration` SET left_downlines = left_downlines+1
WHERE `user_id` = '3PR393';
UPDATE `user_registration` SET total_downlines = total_downlines+1
WHERE `user_id` = 'T3MRY1';
UPDATE `user_registration` SET left_downlines = left_downlines+1
WHERE `user_id` = 'T3MRY1';
UPDATE `user_registration` SET total_downlines = total_downlines+1
WHERE `user_id` = 'GTMCCK';
UPDATE `user_registration` SET left_downlines = left_downlines+1
WHERE `user_id` = 'GTMCCK';
UPDATE `user_registration` SET total_downlines = total_downlines+1
WHERE `user_id` = 'DLYMIF';
UPDATE `user_registration` SET left_downlines = left_downlines+1
WHERE `user_id` = 'DLYMIF';
UPDATE `user_registration` SET total_downlines = total_downlines+1
WHERE `user_id` = 'WGJ5KE';
UPDATE `user_registration` SET left_downlines = left_downlines+1
WHERE `user_id` = 'WGJ5KE';
UPDATE `user_registration` SET total_downlines = total_downlines+1
WHERE `user_id` = 'ORRJ3M';
UPDATE `user_registration` SET left_downlines = left_downlines+1
WHERE `user_id` = 'ORRJ3M';
UPDATE `user_registration` SET total_downlines = total_downlines+1
WHERE `user_id` = 'AA8V6V';
UPDATE `user_registration` SET left_downlines = left_downlines+1
WHERE `user_id` = 'AA8V6V';
UPDATE `user_registration` SET total_downlines = total_downlines+1
WHERE `user_id` = '61ME4O';
UPDATE `user_registration` SET left_downlines = left_downlines+1
WHERE `user_id` = '61ME4O';
UPDATE `user_registration` SET total_downlines = total_downlines+1
WHERE `user_id` = 'WS1SZZ';
UPDATE `user_registration` SET left_downlines = left_downlines+1
WHERE `user_id` = 'WS1SZZ';
UPDATE `user_registration` SET total_downlines = total_downlines+1
WHERE `user_id` = 'TBN4MZ';
UPDATE `user_registration` SET left_downlines = left_downlines+1
WHERE `user_id` = 'TBN4MZ';
UPDATE `user_registration` SET total_downlines = total_downlines+1
WHERE `user_id` = 'OEMJ8R';
UPDATE `user_registration` SET left_downlines = left_downlines+1
WHERE `user_id` = 'OEMJ8R';
UPDATE `user_registration` SET total_downlines = total_downlines+1
WHERE `user_id` = 'FXAYIE';
UPDATE `user_registration` SET left_downlines = left_downlines+1
WHERE `user_id` = 'FXAYIE';
UPDATE `user_registration` SET total_downlines = total_downlines+1
WHERE `user_id` = 'ELXZWC';
UPDATE `user_registration` SET left_downlines = left_downlines+1
WHERE `user_id` = 'ELXZWC';
UPDATE `user_registration` SET total_downlines = total_downlines+1
WHERE `user_id` = 'C1TQVI';
UPDATE `user_registration` SET left_downlines = left_downlines+1
WHERE `user_id` = 'C1TQVI';
UPDATE `user_registration` SET total_downlines = total_downlines+1
WHERE `user_id` = 'F5GPDF';
UPDATE `user_registration` SET left_downlines = left_downlines+1
WHERE `user_id` = 'F5GPDF';
UPDATE `user_registration` SET total_downlines = total_downlines+1
WHERE `user_id` = '91PYDK';
UPDATE `user_registration` SET left_downlines = left_downlines+1
WHERE `user_id` = '91PYDK';
UPDATE `user_registration` SET total_downlines = total_downlines+1
WHERE `user_id` = '4OT7RX';
UPDATE `user_registration` SET left_downlines = left_downlines+1
WHERE `user_id` = '4OT7RX';
UPDATE `user_registration` SET total_downlines = total_downlines+1
WHERE `user_id` = 'ZJZA3M';
UPDATE `user_registration` SET left_downlines = left_downlines+1
WHERE `user_id` = 'ZJZA3M';
UPDATE `user_registration` SET total_downlines = total_downlines+1
WHERE `user_id` = 'XN6ETC';
UPDATE `user_registration` SET left_downlines = left_downlines+1
WHERE `user_id` = 'XN6ETC';
UPDATE `user_registration` SET total_downlines = total_downlines+1
WHERE `user_id` = 'KVQN1O';
UPDATE `user_registration` SET left_downlines = left_downlines+1
WHERE `user_id` = 'KVQN1O';
UPDATE `user_registration` SET total_downlines = total_downlines+1
WHERE `user_id` = 'X3V7DJ';
UPDATE `user_registration` SET left_downlines = left_downlines+1
WHERE `user_id` = 'X3V7DJ';
UPDATE `user_registration` SET total_downlines = total_downlines+1
WHERE `user_id` = 'DJ77NH';
UPDATE `user_registration` SET left_downlines = left_downlines+1
WHERE `user_id` = 'DJ77NH';
UPDATE `user_registration` SET total_downlines = total_downlines+1
WHERE `user_id` = 'PX7XCL';
UPDATE `user_registration` SET left_downlines = left_downlines+1
WHERE `user_id` = 'PX7XCL';
UPDATE `user_registration` SET total_downlines = total_downlines+1
WHERE `user_id` = 'L8PM4Z';
UPDATE `user_registration` SET left_downlines = left_downlines+1
WHERE `user_id` = 'L8PM4Z';
UPDATE `user_registration` SET total_downlines = total_downlines+1
WHERE `user_id` = 'GBSIER';
UPDATE `user_registration` SET left_downlines = left_downlines+1
WHERE `user_id` = 'GBSIER';
UPDATE `user_registration` SET total_downlines = total_downlines+1
WHERE `user_id` = 'AV48YQ';
UPDATE `user_registration` SET left_downlines = left_downlines+1
WHERE `user_id` = 'AV48YQ';
UPDATE `user_registration` SET total_downlines = total_downlines+1
WHERE `user_id` = 'admin';
UPDATE `user_registration` SET left_downlines = left_downlines+1
WHERE `user_id` = 'admin';
INSERT INTO `investment` (`invest_date`, `user_id`, `type`, `amount`, `package_id`) VALUES ('2024-09-26 19:52:07', 'RM4VZX', 'register', '595', '2');
INSERT INTO `earnings` (`user_id`, `Purchaser_id`, `earning_type`, `package_id`, `amount`, `date`, `comments`, `invest_amount`, `comm_perc`, `level`, `rank_id`, `order_id`) VALUES ('97QHYG', 'RM4VZX', 'Direct Referral Bonus', '2', '100', '2024-09-26 19:52:07', 'Direct Referral Bonus', 0, 0, 1, '', 365);
UPDATE `user_registration` SET commission_balance = ROUND(commission_balance + 100,2)
WHERE `user_id` = '97QHYG';
INSERT INTO `earnings` (`user_id`, `Purchaser_id`, `earning_type`, `package_id`, `amount`, `date`, `comments`, `invest_amount`, `comm_perc`, `level`, `rank_id`, `order_id`) VALUES ('1FFFBU', 'RM4VZX', 'Expansion Bonus', '2', 200, '2024-09-26 19:52:07', 'Expansion Bonus', '100', 0, 1, '', 365);
UPDATE `user_registration` SET commission_balance = ROUND(commission_balance + 200,2)
WHERE `user_id` = '1FFFBU';
INSERT INTO `matrix_filling` (`placement_id`, `downline_id`, `level`, `matrix`) VALUES ('IIG2SJ', 'RM4VZX', 1, 1);
UPDATE `bv_updation` SET right_carry = right_carry+50, total_right = total_right+50
WHERE `user_id` = 'IIG2SJ';
INSERT INTO `placement_bv_update_history` (`right_carry`, `date`, `from_id`, `user_id`) VALUES ('50', '2024-09-26 19:52:07', 'RM4VZX', 'IIG2SJ');
INSERT INTO `matrix_filling` (`placement_id`, `downline_id`, `level`, `matrix`) VALUES ('577V9K', 'RM4VZX', 2, 1);
UPDATE `bv_updation` SET right_carry = right_carry+50, total_right = total_right+50
WHERE `user_id` = '577V9K';
INSERT INTO `placement_bv_update_history` (`right_carry`, `date`, `from_id`, `user_id`) VALUES ('50', '2024-09-26 19:52:07', 'RM4VZX', '577V9K');
INSERT INTO `matrix_filling` (`placement_id`, `downline_id`, `level`, `matrix`) VALUES ('97QHYG', 'RM4VZX', 3, 1);
UPDATE `bv_updation` SET right_carry = right_carry+50, total_right = total_right+50
WHERE `user_id` = '97QHYG';
INSERT INTO `placement_bv_update_history` (`right_carry`, `date`, `from_id`, `user_id`) VALUES ('50', '2024-09-26 19:52:07', 'RM4VZX', '97QHYG');
UPDATE `bv_updation` SET sponsor_right_carry = sponsor_right_carry+50, sponsor_total_right = sponsor_total_right+50
WHERE `user_id` = '97QHYG';
INSERT INTO `sponsor_bv_update_history` (`right_carry`, `date`, `user_id`) VALUES ('50', '2024-09-26 19:52:07', '97QHYG');
INSERT INTO `matrix_filling` (`placement_id`, `downline_id`, `level`, `matrix`) VALUES ('IW5GAU', 'RM4VZX', 4, 1);
UPDATE `bv_updation` SET left_carry = left_carry+50, total_left = total_left+50
WHERE `user_id` = 'IW5GAU';
INSERT INTO `placement_bv_update_history` (`left_carry`, `date`, `from_id`, `user_id`) VALUES ('50', '2024-09-26 19:52:07', 'RM4VZX', 'IW5GAU');
INSERT INTO `matrix_filling` (`placement_id`, `downline_id`, `level`, `matrix`) VALUES ('JQ3FLF', 'RM4VZX', 5, 1);
UPDATE `bv_updation` SET left_carry = left_carry+50, total_left = total_left+50
WHERE `user_id` = 'JQ3FLF';
INSERT INTO `placement_bv_update_history` (`left_carry`, `date`, `from_id`, `user_id`) VALUES ('50', '2024-09-26 19:52:07', 'RM4VZX', 'JQ3FLF');
INSERT INTO `matrix_filling` (`placement_id`, `downline_id`, `level`, `matrix`) VALUES ('C3N32U', 'RM4VZX', 6, 1);
UPDATE `bv_updation` SET left_carry = left_carry+50, total_left = total_left+50
WHERE `user_id` = 'C3N32U';
INSERT INTO `placement_bv_update_history` (`left_carry`, `date`, `from_id`, `user_id`) VALUES ('50', '2024-09-26 19:52:07', 'RM4VZX', 'C3N32U');
INSERT INTO `matrix_filling` (`placement_id`, `downline_id`, `level`, `matrix`) VALUES ('MNLXPP', 'RM4VZX', 7, 1);
UPDATE `bv_updation` SET left_carry = left_carry+50, total_left = total_left+50
WHERE `user_id` = 'MNLXPP';
INSERT INTO `placement_bv_update_history` (`left_carry`, `date`, `from_id`, `user_id`) VALUES ('50', '2024-09-26 19:52:07', 'RM4VZX', 'MNLXPP');
INSERT INTO `matrix_filling` (`placement_id`, `downline_id`, `level`, `matrix`) VALUES ('NUPA4K', 'RM4VZX', 8, 1);
UPDATE `bv_updation` SET left_carry = left_carry+50, total_left = total_left+50
WHERE `user_id` = 'NUPA4K';
INSERT INTO `placement_bv_update_history` (`left_carry`, `date`, `from_id`, `user_id`) VALUES ('50', '2024-09-26 19:52:07', 'RM4VZX', 'NUPA4K');
INSERT INTO `matrix_filling` (`placement_id`, `downline_id`, `level`, `matrix`) VALUES ('1FFFBU', 'RM4VZX', 9, 1);
UPDATE `bv_updation` SET left_carry = left_carry+50, total_left = total_left+50
WHERE `user_id` = '1FFFBU';
INSERT INTO `placement_bv_update_history` (`left_carry`, `date`, `from_id`, `user_id`) VALUES ('50', '2024-09-26 19:52:07', 'RM4VZX', '1FFFBU');
INSERT INTO `matrix_filling` (`placement_id`, `downline_id`, `level`, `matrix`) VALUES ('J4CGUT', 'RM4VZX', 10, 1);
UPDATE `bv_updation` SET left_carry = left_carry+50, total_left = total_left+50
WHERE `user_id` = 'J4CGUT';
INSERT INTO `placement_bv_update_history` (`left_carry`, `date`, `from_id`, `user_id`) VALUES ('50', '2024-09-26 19:52:07', 'RM4VZX', 'J4CGUT');
INSERT INTO `matrix_filling` (`placement_id`, `downline_id`, `level`, `matrix`) VALUES ('S1RTX3', 'RM4VZX', 11, 1);
UPDATE `bv_updation` SET left_carry = left_carry+50, total_left = total_left+50
WHERE `user_id` = 'S1RTX3';
INSERT INTO `placement_bv_update_history` (`left_carry`, `date`, `from_id`, `user_id`) VALUES ('50', '2024-09-26 19:52:07', 'RM4VZX', 'S1RTX3');
INSERT INTO `matrix_filling` (`placement_id`, `downline_id`, `level`, `matrix`) VALUES ('I8YWQA', 'RM4VZX', 12, 1);
UPDATE `bv_updation` SET left_carry = left_carry+50, total_left = total_left+50
WHERE `user_id` = 'I8YWQA';
INSERT INTO `placement_bv_update_history` (`left_carry`, `date`, `from_id`, `user_id`) VALUES ('50', '2024-09-26 19:52:07', 'RM4VZX', 'I8YWQA');
INSERT INTO `matrix_filling` (`placement_id`, `downline_id`, `level`, `matrix`) VALUES ('I3MZBU', 'RM4VZX', 13, 1);
UPDATE `bv_updation` SET left_carry = left_carry+50, total_left = total_left+50
WHERE `user_id` = 'I3MZBU';
INSERT INTO `placement_bv_update_history` (`left_carry`, `date`, `from_id`, `user_id`) VALUES ('50', '2024-09-26 19:52:07', 'RM4VZX', 'I3MZBU');
INSERT INTO `matrix_filling` (`placement_id`, `downline_id`, `level`, `matrix`) VALUES ('H2I33O', 'RM4VZX', 14, 1);
UPDATE `bv_updation` SET left_carry = left_carry+50, total_left = total_left+50
WHERE `user_id` = 'H2I33O';
INSERT INTO `placement_bv_update_history` (`left_carry`, `date`, `from_id`, `user_id`) VALUES ('50', '2024-09-26 19:52:07', 'RM4VZX', 'H2I33O');
INSERT INTO `matrix_filling` (`placement_id`, `downline_id`, `level`, `matrix`) VALUES ('AL7XWH', 'RM4VZX', 15, 1);
UPDATE `bv_updation` SET left_carry = left_carry+50, total_left = total_left+50
WHERE `user_id` = 'AL7XWH';
INSERT INTO `placement_bv_update_history` (`left_carry`, `date`, `from_id`, `user_id`) VALUES ('50', '2024-09-26 19:52:07', 'RM4VZX', 'AL7XWH');
INSERT INTO `matrix_filling` (`placement_id`, `downline_id`, `level`, `matrix`) VALUES ('HFZ9SA', 'RM4VZX', 16, 1);
UPDATE `bv_updation` SET left_carry = left_carry+50, total_left = total_left+50
WHERE `user_id` = 'HFZ9SA';
INSERT INTO `placement_bv_update_history` (`left_carry`, `date`, `from_id`, `user_id`) VALUES ('50', '2024-09-26 19:52:07', 'RM4VZX', 'HFZ9SA');
INSERT INTO `matrix_filling` (`placement_id`, `downline_id`, `level`, `matrix`) VALUES ('A2MTZ3', 'RM4VZX', 17, 1);
UPDATE `bv_updation` SET left_carry = left_carry+50, total_left = total_left+50
WHERE `user_id` = 'A2MTZ3';
INSERT INTO `placement_bv_update_history` (`left_carry`, `date`, `from_id`, `user_id`) VALUES ('50', '2024-09-26 19:52:07', 'RM4VZX', 'A2MTZ3');
INSERT INTO `matrix_filling` (`placement_id`, `downline_id`, `level`, `matrix`) VALUES ('RUEKCW', 'RM4VZX', 18, 1);
UPDATE `bv_updation` SET left_carry = left_carry+50, total_left = total_left+50
WHERE `user_id` = 'RUEKCW';
INSERT INTO `placement_bv_update_history` (`left_carry`, `date`, `from_id`, `user_id`) VALUES ('50', '2024-09-26 19:52:07', 'RM4VZX', 'RUEKCW');
INSERT INTO `matrix_filling` (`placement_id`, `downline_id`, `level`, `matrix`) VALUES ('K3GTG4', 'RM4VZX', 19, 1);
UPDATE `bv_updation` SET left_carry = left_carry+50, total_left = total_left+50
WHERE `user_id` = 'K3GTG4';
INSERT INTO `placement_bv_update_history` (`left_carry`, `date`, `from_id`, `user_id`) VALUES ('50', '2024-09-26 19:52:07', 'RM4VZX', 'K3GTG4');
INSERT INTO `matrix_filling` (`placement_id`, `downline_id`, `level`, `matrix`) VALUES ('I1TUBN', 'RM4VZX', 20, 1);
UPDATE `bv_updation` SET left_carry = left_carry+50, total_left = total_left+50
WHERE `user_id` = 'I1TUBN';
INSERT INTO `placement_bv_update_history` (`left_carry`, `date`, `from_id`, `user_id`) VALUES ('50', '2024-09-26 19:52:07', 'RM4VZX', 'I1TUBN');
INSERT INTO `matrix_filling` (`placement_id`, `downline_id`, `level`, `matrix`) VALUES ('BAUCCU', 'RM4VZX', 21, 1);
UPDATE `bv_updation` SET left_carry = left_carry+50, total_left = total_left+50
WHERE `user_id` = 'BAUCCU';
INSERT INTO `placement_bv_update_history` (`left_carry`, `date`, `from_id`, `user_id`) VALUES ('50', '2024-09-26 19:52:07', 'RM4VZX', 'BAUCCU');
INSERT INTO `matrix_filling` (`placement_id`, `downline_id`, `level`, `matrix`) VALUES ('62QO97', 'RM4VZX', 22, 1);
UPDATE `bv_updation` SET left_carry = left_carry+50, total_left = total_left+50
WHERE `user_id` = '62QO97';
INSERT INTO `placement_bv_update_history` (`left_carry`, `date`, `from_id`, `user_id`) VALUES ('50', '2024-09-26 19:52:07', 'RM4VZX', '62QO97');
INSERT INTO `matrix_filling` (`placement_id`, `downline_id`, `level`, `matrix`) VALUES ('OHLQEO', 'RM4VZX', 23, 1);
UPDATE `bv_updation` SET left_carry = left_carry+50, total_left = total_left+50
WHERE `user_id` = 'OHLQEO';
INSERT INTO `placement_bv_update_history` (`left_carry`, `date`, `from_id`, `user_id`) VALUES ('50', '2024-09-26 19:52:07', 'RM4VZX', 'OHLQEO');
INSERT INTO `matrix_filling` (`placement_id`, `downline_id`, `level`, `matrix`) VALUES ('7APFKG', 'RM4VZX', 24, 1);
UPDATE `bv_updation` SET left_carry = left_carry+50, total_left = total_left+50
WHERE `user_id` = '7APFKG';
INSERT INTO `placement_bv_update_history` (`left_carry`, `date`, `from_id`, `user_id`) VALUES ('50', '2024-09-26 19:52:07', 'RM4VZX', '7APFKG');
INSERT INTO `matrix_filling` (`placement_id`, `downline_id`, `level`, `matrix`) VALUES ('Q2Q92Y', 'RM4VZX', 25, 1);
UPDATE `bv_updation` SET left_carry = left_carry+50, total_left = total_left+50
WHERE `user_id` = 'Q2Q92Y';
INSERT INTO `placement_bv_update_history` (`left_carry`, `date`, `from_id`, `user_id`) VALUES ('50', '2024-09-26 19:52:07', 'RM4VZX', 'Q2Q92Y');
INSERT INTO `matrix_filling` (`placement_id`, `downline_id`, `level`, `matrix`) VALUES ('E9ITRC', 'RM4VZX', 26, 1);
UPDATE `bv_updation` SET left_carry = left_carry+50, total_left = total_left+50
WHERE `user_id` = 'E9ITRC';
INSERT INTO `placement_bv_update_history` (`left_carry`, `date`, `from_id`, `user_id`) VALUES ('50', '2024-09-26 19:52:07', 'RM4VZX', 'E9ITRC');
INSERT INTO `matrix_filling` (`placement_id`, `downline_id`, `level`, `matrix`) VALUES ('7COKBB', 'RM4VZX', 27, 1);
UPDATE `bv_updation` SET left_carry = left_carry+50, total_left = total_left+50
WHERE `user_id` = '7COKBB';
INSERT INTO `placement_bv_update_history` (`left_carry`, `date`, `from_id`, `user_id`) VALUES ('50', '2024-09-26 19:52:07', 'RM4VZX', '7COKBB');
INSERT INTO `matrix_filling` (`placement_id`, `downline_id`, `level`, `matrix`) VALUES ('BDNS17', 'RM4VZX', 28, 1);
UPDATE `bv_updation` SET left_carry = left_carry+50, total_left = total_left+50
WHERE `user_id` = 'BDNS17';
INSERT INTO `placement_bv_update_history` (`left_carry`, `date`, `from_id`, `user_id`) VALUES ('50', '2024-09-26 19:52:07', 'RM4VZX', 'BDNS17');
INSERT INTO `matrix_filling` (`placement_id`, `downline_id`, `level`, `matrix`) VALUES ('7ZXRRE', 'RM4VZX', 29, 1);
UPDATE `bv_updation` SET left_carry = left_carry+50, total_left = total_left+50
WHERE `user_id` = '7ZXRRE';
INSERT INTO `placement_bv_update_history` (`left_carry`, `date`, `from_id`, `user_id`) VALUES ('50', '2024-09-26 19:52:07', 'RM4VZX', '7ZXRRE');
INSERT INTO `matrix_filling` (`placement_id`, `downline_id`, `level`, `matrix`) VALUES ('KLRAF5', 'RM4VZX', 30, 1);
UPDATE `bv_updation` SET left_carry = left_carry+50, total_left = total_left+50
WHERE `user_id` = 'KLRAF5';
INSERT INTO `placement_bv_update_history` (`left_carry`, `date`, `from_id`, `user_id`) VALUES ('50', '2024-09-26 19:52:07', 'RM4VZX', 'KLRAF5');
INSERT INTO `matrix_filling` (`placement_id`, `downline_id`, `level`, `matrix`) VALUES ('IFJHZG', 'RM4VZX', 31, 1);
UPDATE `bv_updation` SET left_carry = left_carry+50, total_left = total_left+50
WHERE `user_id` = 'IFJHZG';
INSERT INTO `placement_bv_update_history` (`left_carry`, `date`, `from_id`, `user_id`) VALUES ('50', '2024-09-26 19:52:07', 'RM4VZX', 'IFJHZG');
INSERT INTO `matrix_filling` (`placement_id`, `downline_id`, `level`, `matrix`) VALUES ('MXUV8Q', 'RM4VZX', 32, 1);
UPDATE `bv_updation` SET left_carry = left_carry+50, total_left = total_left+50
WHERE `user_id` = 'MXUV8Q';
INSERT INTO `placement_bv_update_history` (`left_carry`, `date`, `from_id`, `user_id`) VALUES ('50', '2024-09-26 19:52:07', 'RM4VZX', 'MXUV8Q');
INSERT INTO `matrix_filling` (`placement_id`, `downline_id`, `level`, `matrix`) VALUES ('GGM164', 'RM4VZX', 33, 1);
UPDATE `bv_updation` SET left_carry = left_carry+50, total_left = total_left+50
WHERE `user_id` = 'GGM164';
INSERT INTO `placement_bv_update_history` (`left_carry`, `date`, `from_id`, `user_id`) VALUES ('50', '2024-09-26 19:52:07', 'RM4VZX', 'GGM164');
INSERT INTO `matrix_filling` (`placement_id`, `downline_id`, `level`, `matrix`) VALUES ('3NKIEX', 'RM4VZX', 34, 1);
UPDATE `bv_updation` SET left_carry = left_carry+50, total_left = total_left+50
WHERE `user_id` = '3NKIEX';
INSERT INTO `placement_bv_update_history` (`left_carry`, `date`, `from_id`, `user_id`) VALUES ('50', '2024-09-26 19:52:07', 'RM4VZX', '3NKIEX');
INSERT INTO `matrix_filling` (`placement_id`, `downline_id`, `level`, `matrix`) VALUES ('S56TH3', 'RM4VZX', 35, 1);
UPDATE `bv_updation` SET left_carry = left_carry+50, total_left = total_left+50
WHERE `user_id` = 'S56TH3';
INSERT INTO `placement_bv_update_history` (`left_carry`, `date`, `from_id`, `user_id`) VALUES ('50', '2024-09-26 19:52:07', 'RM4VZX', 'S56TH3');
INSERT INTO `matrix_filling` (`placement_id`, `downline_id`, `level`, `matrix`) VALUES ('XYG89U', 'RM4VZX', 36, 1);
UPDATE `bv_updation` SET left_carry = left_carry+50, total_left = total_left+50
WHERE `user_id` = 'XYG89U';
INSERT INTO `placement_bv_update_history` (`left_carry`, `date`, `from_id`, `user_id`) VALUES ('50', '2024-09-26 19:52:07', 'RM4VZX', 'XYG89U');
INSERT INTO `matrix_filling` (`placement_id`, `downline_id`, `level`, `matrix`) VALUES ('HTFY93', 'RM4VZX', 37, 1);
UPDATE `bv_updation` SET left_carry = left_carry+50, total_left = total_left+50
WHERE `user_id` = 'HTFY93';
INSERT INTO `placement_bv_update_history` (`left_carry`, `date`, `from_id`, `user_id`) VALUES ('50', '2024-09-26 19:52:07', 'RM4VZX', 'HTFY93');
INSERT INTO `matrix_filling` (`placement_id`, `downline_id`, `level`, `matrix`) VALUES ('3PR393', 'RM4VZX', 38, 1);
UPDATE `bv_updation` SET left_carry = left_carry+50, total_left = total_left+50
WHERE `user_id` = '3PR393';
INSERT INTO `placement_bv_update_history` (`left_carry`, `date`, `from_id`, `user_id`) VALUES ('50', '2024-09-26 19:52:07', 'RM4VZX', '3PR393');
INSERT INTO `matrix_filling` (`placement_id`, `downline_id`, `level`, `matrix`) VALUES ('T3MRY1', 'RM4VZX', 39, 1);
UPDATE `bv_updation` SET left_carry = left_carry+50, total_left = total_left+50
WHERE `user_id` = 'T3MRY1';
INSERT INTO `placement_bv_update_history` (`left_carry`, `date`, `from_id`, `user_id`) VALUES ('50', '2024-09-26 19:52:07', 'RM4VZX', 'T3MRY1');
INSERT INTO `matrix_filling` (`placement_id`, `downline_id`, `level`, `matrix`) VALUES ('GTMCCK', 'RM4VZX', 40, 1);
UPDATE `bv_updation` SET left_carry = left_carry+50, total_left = total_left+50
WHERE `user_id` = 'GTMCCK';
INSERT INTO `placement_bv_update_history` (`left_carry`, `date`, `from_id`, `user_id`) VALUES ('50', '2024-09-26 19:52:07', 'RM4VZX', 'GTMCCK');
INSERT INTO `matrix_filling` (`placement_id`, `downline_id`, `level`, `matrix`) VALUES ('DLYMIF', 'RM4VZX', 41, 1);
UPDATE `bv_updation` SET left_carry = left_carry+50, total_left = total_left+50
WHERE `user_id` = 'DLYMIF';
INSERT INTO `placement_bv_update_history` (`left_carry`, `date`, `from_id`, `user_id`) VALUES ('50', '2024-09-26 19:52:07', 'RM4VZX', 'DLYMIF');
INSERT INTO `matrix_filling` (`placement_id`, `downline_id`, `level`, `matrix`) VALUES ('WGJ5KE', 'RM4VZX', 42, 1);
UPDATE `bv_updation` SET left_carry = left_carry+50, total_left = total_left+50
WHERE `user_id` = 'WGJ5KE';
INSERT INTO `placement_bv_update_history` (`left_carry`, `date`, `from_id`, `user_id`) VALUES ('50', '2024-09-26 19:52:07', 'RM4VZX', 'WGJ5KE');
INSERT INTO `matrix_filling` (`placement_id`, `downline_id`, `level`, `matrix`) VALUES ('ORRJ3M', 'RM4VZX', 43, 1);
UPDATE `bv_updation` SET left_carry = left_carry+50, total_left = total_left+50
WHERE `user_id` = 'ORRJ3M';
INSERT INTO `placement_bv_update_history` (`left_carry`, `date`, `from_id`, `user_id`) VALUES ('50', '2024-09-26 19:52:07', 'RM4VZX', 'ORRJ3M');
INSERT INTO `matrix_filling` (`placement_id`, `downline_id`, `level`, `matrix`) VALUES ('AA8V6V', 'RM4VZX', 44, 1);
UPDATE `bv_updation` SET left_carry = left_carry+50, total_left = total_left+50
WHERE `user_id` = 'AA8V6V';
INSERT INTO `placement_bv_update_history` (`left_carry`, `date`, `from_id`, `user_id`) VALUES ('50', '2024-09-26 19:52:07', 'RM4VZX', 'AA8V6V');
INSERT INTO `matrix_filling` (`placement_id`, `downline_id`, `level`, `matrix`) VALUES ('61ME4O', 'RM4VZX', 45, 1);
UPDATE `bv_updation` SET left_carry = left_carry+50, total_left = total_left+50
WHERE `user_id` = '61ME4O';
INSERT INTO `placement_bv_update_history` (`left_carry`, `date`, `from_id`, `user_id`) VALUES ('50', '2024-09-26 19:52:07', 'RM4VZX', '61ME4O');
INSERT INTO `matrix_filling` (`placement_id`, `downline_id`, `level`, `matrix`) VALUES ('WS1SZZ', 'RM4VZX', 46, 1);
UPDATE `bv_updation` SET left_carry = left_carry+50, total_left = total_left+50
WHERE `user_id` = 'WS1SZZ';
INSERT INTO `placement_bv_update_history` (`left_carry`, `date`, `from_id`, `user_id`) VALUES ('50', '2024-09-26 19:52:07', 'RM4VZX', 'WS1SZZ');
INSERT INTO `matrix_filling` (`placement_id`, `downline_id`, `level`, `matrix`) VALUES ('TBN4MZ', 'RM4VZX', 47, 1);
UPDATE `bv_updation` SET left_carry = left_carry+50, total_left = total_left+50
WHERE `user_id` = 'TBN4MZ';
INSERT INTO `placement_bv_update_history` (`left_carry`, `date`, `from_id`, `user_id`) VALUES ('50', '2024-09-26 19:52:07', 'RM4VZX', 'TBN4MZ');
INSERT INTO `matrix_filling` (`placement_id`, `downline_id`, `level`, `matrix`) VALUES ('OEMJ8R', 'RM4VZX', 48, 1);
UPDATE `bv_updation` SET left_carry = left_carry+50, total_left = total_left+50
WHERE `user_id` = 'OEMJ8R';
INSERT INTO `placement_bv_update_history` (`left_carry`, `date`, `from_id`, `user_id`) VALUES ('50', '2024-09-26 19:52:07', 'RM4VZX', 'OEMJ8R');
INSERT INTO `matrix_filling` (`placement_id`, `downline_id`, `level`, `matrix`) VALUES ('FXAYIE', 'RM4VZX', 49, 1);
UPDATE `bv_updation` SET left_carry = left_carry+50, total_left = total_left+50
WHERE `user_id` = 'FXAYIE';
INSERT INTO `placement_bv_update_history` (`left_carry`, `date`, `from_id`, `user_id`) VALUES ('50', '2024-09-26 19:52:07', 'RM4VZX', 'FXAYIE');
INSERT INTO `matrix_filling` (`placement_id`, `downline_id`, `level`, `matrix`) VALUES ('ELXZWC', 'RM4VZX', 50, 1);
UPDATE `bv_updation` SET left_carry = left_carry+50, total_left = total_left+50
WHERE `user_id` = 'ELXZWC';
INSERT INTO `placement_bv_update_history` (`left_carry`, `date`, `from_id`, `user_id`) VALUES ('50', '2024-09-26 19:52:07', 'RM4VZX', 'ELXZWC');
INSERT INTO `matrix_filling` (`placement_id`, `downline_id`, `level`, `matrix`) VALUES ('C1TQVI', 'RM4VZX', 51, 1);
UPDATE `bv_updation` SET left_carry = left_carry+50, total_left = total_left+50
WHERE `user_id` = 'C1TQVI';
INSERT INTO `placement_bv_update_history` (`left_carry`, `date`, `from_id`, `user_id`) VALUES ('50', '2024-09-26 19:52:07', 'RM4VZX', 'C1TQVI');
INSERT INTO `matrix_filling` (`placement_id`, `downline_id`, `level`, `matrix`) VALUES ('F5GPDF', 'RM4VZX', 52, 1);
UPDATE `bv_updation` SET left_carry = left_carry+50, total_left = total_left+50
WHERE `user_id` = 'F5GPDF';
INSERT INTO `placement_bv_update_history` (`left_carry`, `date`, `from_id`, `user_id`) VALUES ('50', '2024-09-26 19:52:07', 'RM4VZX', 'F5GPDF');
INSERT INTO `matrix_filling` (`placement_id`, `downline_id`, `level`, `matrix`) VALUES ('91PYDK', 'RM4VZX', 53, 1);
UPDATE `bv_updation` SET left_carry = left_carry+50, total_left = total_left+50
WHERE `user_id` = '91PYDK';
INSERT INTO `placement_bv_update_history` (`left_carry`, `date`, `from_id`, `user_id`) VALUES ('50', '2024-09-26 19:52:07', 'RM4VZX', '91PYDK');
INSERT INTO `matrix_filling` (`placement_id`, `downline_id`, `level`, `matrix`) VALUES ('4OT7RX', 'RM4VZX', 54, 1);
UPDATE `bv_updation` SET left_carry = left_carry+50, total_left = total_left+50
WHERE `user_id` = '4OT7RX';
INSERT INTO `placement_bv_update_history` (`left_carry`, `date`, `from_id`, `user_id`) VALUES ('50', '2024-09-26 19:52:07', 'RM4VZX', '4OT7RX');
INSERT INTO `matrix_filling` (`placement_id`, `downline_id`, `level`, `matrix`) VALUES ('ZJZA3M', 'RM4VZX', 55, 1);
UPDATE `bv_updation` SET left_carry = left_carry+50, total_left = total_left+50
WHERE `user_id` = 'ZJZA3M';
INSERT INTO `placement_bv_update_history` (`left_carry`, `date`, `from_id`, `user_id`) VALUES ('50', '2024-09-26 19:52:07', 'RM4VZX', 'ZJZA3M');
INSERT INTO `matrix_filling` (`placement_id`, `downline_id`, `level`, `matrix`) VALUES ('XN6ETC', 'RM4VZX', 56, 1);
UPDATE `bv_updation` SET left_carry = left_carry+50, total_left = total_left+50
WHERE `user_id` = 'XN6ETC';
INSERT INTO `placement_bv_update_history` (`left_carry`, `date`, `from_id`, `user_id`) VALUES ('50', '2024-09-26 19:52:07', 'RM4VZX', 'XN6ETC');
INSERT INTO `matrix_filling` (`placement_id`, `downline_id`, `level`, `matrix`) VALUES ('KVQN1O', 'RM4VZX', 57, 1);
UPDATE `bv_updation` SET left_carry = left_carry+50, total_left = total_left+50
WHERE `user_id` = 'KVQN1O';
INSERT INTO `placement_bv_update_history` (`left_carry`, `date`, `from_id`, `user_id`) VALUES ('50', '2024-09-26 19:52:07', 'RM4VZX', 'KVQN1O');
INSERT INTO `matrix_filling` (`placement_id`, `downline_id`, `level`, `matrix`) VALUES ('X3V7DJ', 'RM4VZX', 58, 1);
UPDATE `bv_updation` SET left_carry = left_carry+50, total_left = total_left+50
WHERE `user_id` = 'X3V7DJ';
INSERT INTO `placement_bv_update_history` (`left_carry`, `date`, `from_id`, `user_id`) VALUES ('50', '2024-09-26 19:52:07', 'RM4VZX', 'X3V7DJ');
INSERT INTO `matrix_filling` (`placement_id`, `downline_id`, `level`, `matrix`) VALUES ('DJ77NH', 'RM4VZX', 59, 1);
UPDATE `bv_updation` SET left_carry = left_carry+50, total_left = total_left+50
WHERE `user_id` = 'DJ77NH';
INSERT INTO `placement_bv_update_history` (`left_carry`, `date`, `from_id`, `user_id`) VALUES ('50', '2024-09-26 19:52:07', 'RM4VZX', 'DJ77NH');
INSERT INTO `matrix_filling` (`placement_id`, `downline_id`, `level`, `matrix`) VALUES ('PX7XCL', 'RM4VZX', 60, 1);
UPDATE `bv_updation` SET left_carry = left_carry+50, total_left = total_left+50
WHERE `user_id` = 'PX7XCL';
INSERT INTO `placement_bv_update_history` (`left_carry`, `date`, `from_id`, `user_id`) VALUES ('50', '2024-09-26 19:52:07', 'RM4VZX', 'PX7XCL');
INSERT INTO `matrix_filling` (`placement_id`, `downline_id`, `level`, `matrix`) VALUES ('L8PM4Z', 'RM4VZX', 61, 1);
UPDATE `bv_updation` SET left_carry = left_carry+50, total_left = total_left+50
WHERE `user_id` = 'L8PM4Z';
INSERT INTO `placement_bv_update_history` (`left_carry`, `date`, `from_id`, `user_id`) VALUES ('50', '2024-09-26 19:52:07', 'RM4VZX', 'L8PM4Z');
INSERT INTO `matrix_filling` (`placement_id`, `downline_id`, `level`, `matrix`) VALUES ('GBSIER', 'RM4VZX', 62, 1);
UPDATE `bv_updation` SET left_carry = left_carry+50, total_left = total_left+50
WHERE `user_id` = 'GBSIER';
INSERT INTO `placement_bv_update_history` (`left_carry`, `date`, `from_id`, `user_id`) VALUES ('50', '2024-09-26 19:52:07', 'RM4VZX', 'GBSIER');
INSERT INTO `matrix_filling` (`placement_id`, `downline_id`, `level`, `matrix`) VALUES ('AV48YQ', 'RM4VZX', 63, 1);
UPDATE `bv_updation` SET left_carry = left_carry+50, total_left = total_left+50
WHERE `user_id` = 'AV48YQ';
INSERT INTO `placement_bv_update_history` (`left_carry`, `date`, `from_id`, `user_id`) VALUES ('50', '2024-09-26 19:52:07', 'RM4VZX', 'AV48YQ');
INSERT INTO `matrix_filling` (`placement_id`, `downline_id`, `level`, `matrix`) VALUES ('admin', 'RM4VZX', 64, 1);
INSERT INTO `package_purchase_history` (`user_id`, `package_id`, `reg_fee`, `package_name`, `monthly_fee`, `type`, `date`, `payment_option`) VALUES ('RM4VZX', '2', '595', 'Traveler Pro', '150', 'sign_up', '2024-09-26 19:52:07', 'free');
UPDATE `ci_sessions` SET `timestamp` = 1727398511, `data` = '__ci_last_regenerate|i:1727398511;id|s:4:\"2505\";user_id|s:6:\"HI62BI\";username|s:7:\"rafael7\";sponsor_id|s:6:\"1FFFBU\";fullname|s:16:\"Rafael Rodriguez\";email|s:17:\"rafael7@gmail.com\";phone|s:10:\"3057610606\";isLogIn|b:1;'
WHERE `id` = '7db196752c9222ccbbfc2927c8dca52750aaefb4';
UPDATE `user_registration` SET `popup_seen` = 'yes'
WHERE `user_id` = 'HI62BI';
UPDATE `user_registration` SET `popup_seen` = 'no'
WHERE `user_id` = 'HI62BI';
DELETE FROM `ci_sessions`
WHERE `id` = '7a09faeb41b34157e5ee6c5d9e8a5a3a5fb3dc82';
INSERT INTO `login_history` (`user_id`, `device`, `ip_address`, `date`) VALUES ('DVUB2W', 'Mozilla/5.0 (Windows NT 10.0; Win64; x64) AppleWebKit/537.36 (KHTML, like Gecko) Chrome/129.0.0.0 Safari/537.36', '172.70.55.236', '24-09-26 19:56');
UPDATE `user_registration` SET `popup_seen` = 'yes'
WHERE `user_id` = 'DVUB2W';
UPDATE `user_registration` SET `uid` = '2531', `user_id` = 'G5UA8O', `username` = 'natalia7', `sponsor_id` = 'DVUB2W', `vacant` = 'no', `f_name` = 'Natalia', `l_name` = 'Dueñas', `address` = '6520 Kendale Lakes Dr', `position` = 'right', `email` = 'natalia7@gmail.com', `password` = '448a8463fa026e0fac0f02445838d7e6', `phone` = '3057610606', `country` = 'United States', `state` = 'Florida', `city` = 'Miami', `street` = '6520 Kendale Lakes Dr', `zip_code` = '33183', `reg_ip` = '108.162.210.220', `status` = 1, `package_id` = '2', `rank_id` = 1, `highest_rank` = 1, `created` = '2024-09-26 19:57:39', `subscription_date` = '2024-10-26', `google_secret` = 'FNS2BUVYZV3SXOBY'
WHERE `uid` = '2531';
INSERT INTO `user_registration` (`uid`, `user_id`, `username`, `sponsor_id`, `placement_id`, `vacant`, `f_name`, `l_name`, `address`, `position`, `email`, `password`, `phone`, `reg_ip`, `status`, `created`) VALUES (NULL, 'NMXKXM', 'FeSpjyus', 'G5UA8O', 'G5UA8O', 'yes', '', '', '', 'left', '@mail.com', '', '', '', 0, '2024-09-26 19:57:39');
INSERT INTO `user_registration` (`uid`, `user_id`, `username`, `sponsor_id`, `placement_id`, `vacant`, `f_name`, `l_name`, `address`, `position`, `email`, `password`, `phone`, `reg_ip`, `status`, `created`) VALUES (NULL, 'KOEJRJ', 'AneXtWWe', 'G5UA8O', 'G5UA8O', 'yes', '', '', '', 'right', '@mail.com', '', '', '', 0, '2024-09-26 19:57:39');
INSERT INTO `bv_updation` (`user_id`) VALUES ('G5UA8O');
UPDATE `user_registration` SET total_ref_count = total_ref_count+1
WHERE `user_id` = 'DVUB2W';
UPDATE `user_registration` SET total_downlines = total_downlines+1
WHERE `user_id` = 'DVUB2W';
UPDATE `user_registration` SET right_downlines = right_downlines+1
WHERE `user_id` = 'DVUB2W';
UPDATE `user_registration` SET right_ref_count = right_ref_count+1
WHERE `user_id` = 'DVUB2W';
UPDATE `user_registration` SET active_right = active_right+1
WHERE `user_id` = 'DVUB2W';
UPDATE `user_registration` SET total_downlines = total_downlines+1
WHERE `user_id` = 'I39CTH';
UPDATE `user_registration` SET left_downlines = left_downlines+1
WHERE `user_id` = 'I39CTH';
UPDATE `user_registration` SET total_downlines = total_downlines+1
WHERE `user_id` = 'CUUVU7';
UPDATE `user_registration` SET left_downlines = left_downlines+1
WHERE `user_id` = 'CUUVU7';
UPDATE `user_registration` SET total_downlines = total_downlines+1
WHERE `user_id` = 'HI62BI';
UPDATE `user_registration` SET left_downlines = left_downlines+1
WHERE `user_id` = 'HI62BI';
UPDATE `user_registration` SET total_downlines = total_downlines+1
WHERE `user_id` = '1FFFBU';
UPDATE `user_registration` SET right_downlines = right_downlines+1
WHERE `user_id` = '1FFFBU';
UPDATE `user_registration` SET total_downlines = total_downlines+1
WHERE `user_id` = 'J4CGUT';
UPDATE `user_registration` SET left_downlines = left_downlines+1
WHERE `user_id` = 'J4CGUT';
UPDATE `user_registration` SET total_downlines = total_downlines+1
WHERE `user_id` = 'S1RTX3';
UPDATE `user_registration` SET left_downlines = left_downlines+1
WHERE `user_id` = 'S1RTX3';
UPDATE `user_registration` SET total_downlines = total_downlines+1
WHERE `user_id` = 'I8YWQA';
UPDATE `user_registration` SET left_downlines = left_downlines+1
WHERE `user_id` = 'I8YWQA';
UPDATE `user_registration` SET total_downlines = total_downlines+1
WHERE `user_id` = 'I3MZBU';
UPDATE `user_registration` SET left_downlines = left_downlines+1
WHERE `user_id` = 'I3MZBU';
UPDATE `user_registration` SET total_downlines = total_downlines+1
WHERE `user_id` = 'H2I33O';
UPDATE `user_registration` SET left_downlines = left_downlines+1
WHERE `user_id` = 'H2I33O';
UPDATE `user_registration` SET total_downlines = total_downlines+1
WHERE `user_id` = 'AL7XWH';
UPDATE `user_registration` SET left_downlines = left_downlines+1
WHERE `user_id` = 'AL7XWH';
UPDATE `user_registration` SET total_downlines = total_downlines+1
WHERE `user_id` = 'HFZ9SA';
UPDATE `user_registration` SET left_downlines = left_downlines+1
WHERE `user_id` = 'HFZ9SA';
UPDATE `user_registration` SET total_downlines = total_downlines+1
WHERE `user_id` = 'A2MTZ3';
UPDATE `user_registration` SET left_downlines = left_downlines+1
WHERE `user_id` = 'A2MTZ3';
UPDATE `user_registration` SET total_downlines = total_downlines+1
WHERE `user_id` = 'RUEKCW';
UPDATE `user_registration` SET left_downlines = left_downlines+1
WHERE `user_id` = 'RUEKCW';
UPDATE `user_registration` SET total_downlines = total_downlines+1
WHERE `user_id` = 'K3GTG4';
UPDATE `user_registration` SET left_downlines = left_downlines+1
WHERE `user_id` = 'K3GTG4';
UPDATE `user_registration` SET total_downlines = total_downlines+1
WHERE `user_id` = 'I1TUBN';
UPDATE `user_registration` SET left_downlines = left_downlines+1
WHERE `user_id` = 'I1TUBN';
UPDATE `user_registration` SET total_downlines = total_downlines+1
WHERE `user_id` = 'BAUCCU';
UPDATE `user_registration` SET left_downlines = left_downlines+1
WHERE `user_id` = 'BAUCCU';
UPDATE `user_registration` SET total_downlines = total_downlines+1
WHERE `user_id` = '62QO97';
UPDATE `user_registration` SET left_downlines = left_downlines+1
WHERE `user_id` = '62QO97';
UPDATE `user_registration` SET total_downlines = total_downlines+1
WHERE `user_id` = 'OHLQEO';
UPDATE `user_registration` SET left_downlines = left_downlines+1
WHERE `user_id` = 'OHLQEO';
UPDATE `user_registration` SET total_downlines = total_downlines+1
WHERE `user_id` = '7APFKG';
UPDATE `user_registration` SET left_downlines = left_downlines+1
WHERE `user_id` = '7APFKG';
UPDATE `user_registration` SET total_downlines = total_downlines+1
WHERE `user_id` = 'Q2Q92Y';
UPDATE `user_registration` SET left_downlines = left_downlines+1
WHERE `user_id` = 'Q2Q92Y';
UPDATE `user_registration` SET total_downlines = total_downlines+1
WHERE `user_id` = 'E9ITRC';
UPDATE `user_registration` SET left_downlines = left_downlines+1
WHERE `user_id` = 'E9ITRC';
UPDATE `user_registration` SET total_downlines = total_downlines+1
WHERE `user_id` = '7COKBB';
UPDATE `user_registration` SET left_downlines = left_downlines+1
WHERE `user_id` = '7COKBB';
UPDATE `user_registration` SET total_downlines = total_downlines+1
WHERE `user_id` = 'BDNS17';
UPDATE `user_registration` SET left_downlines = left_downlines+1
WHERE `user_id` = 'BDNS17';
UPDATE `user_registration` SET total_downlines = total_downlines+1
WHERE `user_id` = '7ZXRRE';
UPDATE `user_registration` SET left_downlines = left_downlines+1
WHERE `user_id` = '7ZXRRE';
UPDATE `user_registration` SET total_downlines = total_downlines+1
WHERE `user_id` = 'KLRAF5';
UPDATE `user_registration` SET left_downlines = left_downlines+1
WHERE `user_id` = 'KLRAF5';
UPDATE `user_registration` SET total_downlines = total_downlines+1
WHERE `user_id` = 'IFJHZG';
UPDATE `user_registration` SET left_downlines = left_downlines+1
WHERE `user_id` = 'IFJHZG';
UPDATE `user_registration` SET total_downlines = total_downlines+1
WHERE `user_id` = 'MXUV8Q';
UPDATE `user_registration` SET left_downlines = left_downlines+1
WHERE `user_id` = 'MXUV8Q';
UPDATE `user_registration` SET total_downlines = total_downlines+1
WHERE `user_id` = 'GGM164';
UPDATE `user_registration` SET left_downlines = left_downlines+1
WHERE `user_id` = 'GGM164';
UPDATE `user_registration` SET total_downlines = total_downlines+1
WHERE `user_id` = '3NKIEX';
UPDATE `user_registration` SET left_downlines = left_downlines+1
WHERE `user_id` = '3NKIEX';
UPDATE `user_registration` SET total_downlines = total_downlines+1
WHERE `user_id` = 'S56TH3';
UPDATE `user_registration` SET left_downlines = left_downlines+1
WHERE `user_id` = 'S56TH3';
UPDATE `user_registration` SET total_downlines = total_downlines+1
WHERE `user_id` = 'XYG89U';
UPDATE `user_registration` SET left_downlines = left_downlines+1
WHERE `user_id` = 'XYG89U';
UPDATE `user_registration` SET total_downlines = total_downlines+1
WHERE `user_id` = 'HTFY93';
UPDATE `user_registration` SET left_downlines = left_downlines+1
WHERE `user_id` = 'HTFY93';
UPDATE `user_registration` SET total_downlines = total_downlines+1
WHERE `user_id` = '3PR393';
UPDATE `user_registration` SET left_downlines = left_downlines+1
WHERE `user_id` = '3PR393';
UPDATE `user_registration` SET total_downlines = total_downlines+1
WHERE `user_id` = 'T3MRY1';
UPDATE `user_registration` SET left_downlines = left_downlines+1
WHERE `user_id` = 'T3MRY1';
UPDATE `user_registration` SET total_downlines = total_downlines+1
WHERE `user_id` = 'GTMCCK';
UPDATE `user_registration` SET left_downlines = left_downlines+1
WHERE `user_id` = 'GTMCCK';
UPDATE `user_registration` SET total_downlines = total_downlines+1
WHERE `user_id` = 'DLYMIF';
UPDATE `user_registration` SET left_downlines = left_downlines+1
WHERE `user_id` = 'DLYMIF';
UPDATE `user_registration` SET total_downlines = total_downlines+1
WHERE `user_id` = 'WGJ5KE';
UPDATE `user_registration` SET left_downlines = left_downlines+1
WHERE `user_id` = 'WGJ5KE';
UPDATE `user_registration` SET total_downlines = total_downlines+1
WHERE `user_id` = 'ORRJ3M';
UPDATE `user_registration` SET left_downlines = left_downlines+1
WHERE `user_id` = 'ORRJ3M';
UPDATE `user_registration` SET total_downlines = total_downlines+1
WHERE `user_id` = 'AA8V6V';
UPDATE `user_registration` SET left_downlines = left_downlines+1
WHERE `user_id` = 'AA8V6V';
UPDATE `user_registration` SET total_downlines = total_downlines+1
WHERE `user_id` = '61ME4O';
UPDATE `user_registration` SET left_downlines = left_downlines+1
WHERE `user_id` = '61ME4O';
UPDATE `user_registration` SET total_downlines = total_downlines+1
WHERE `user_id` = 'WS1SZZ';
UPDATE `user_registration` SET left_downlines = left_downlines+1
WHERE `user_id` = 'WS1SZZ';
UPDATE `user_registration` SET total_downlines = total_downlines+1
WHERE `user_id` = 'TBN4MZ';
UPDATE `user_registration` SET left_downlines = left_downlines+1
WHERE `user_id` = 'TBN4MZ';
UPDATE `user_registration` SET total_downlines = total_downlines+1
WHERE `user_id` = 'OEMJ8R';
UPDATE `user_registration` SET left_downlines = left_downlines+1
WHERE `user_id` = 'OEMJ8R';
UPDATE `user_registration` SET total_downlines = total_downlines+1
WHERE `user_id` = 'FXAYIE';
UPDATE `user_registration` SET left_downlines = left_downlines+1
WHERE `user_id` = 'FXAYIE';
UPDATE `user_registration` SET total_downlines = total_downlines+1
WHERE `user_id` = 'ELXZWC';
UPDATE `user_registration` SET left_downlines = left_downlines+1
WHERE `user_id` = 'ELXZWC';
UPDATE `user_registration` SET total_downlines = total_downlines+1
WHERE `user_id` = 'C1TQVI';
UPDATE `user_registration` SET left_downlines = left_downlines+1
WHERE `user_id` = 'C1TQVI';
UPDATE `user_registration` SET total_downlines = total_downlines+1
WHERE `user_id` = 'F5GPDF';
UPDATE `user_registration` SET left_downlines = left_downlines+1
WHERE `user_id` = 'F5GPDF';
UPDATE `user_registration` SET total_downlines = total_downlines+1
WHERE `user_id` = '91PYDK';
UPDATE `user_registration` SET left_downlines = left_downlines+1
WHERE `user_id` = '91PYDK';
UPDATE `user_registration` SET total_downlines = total_downlines+1
WHERE `user_id` = '4OT7RX';
UPDATE `user_registration` SET left_downlines = left_downlines+1
WHERE `user_id` = '4OT7RX';
UPDATE `user_registration` SET total_downlines = total_downlines+1
WHERE `user_id` = 'ZJZA3M';
UPDATE `user_registration` SET left_downlines = left_downlines+1
WHERE `user_id` = 'ZJZA3M';
UPDATE `user_registration` SET total_downlines = total_downlines+1
WHERE `user_id` = 'XN6ETC';
UPDATE `user_registration` SET left_downlines = left_downlines+1
WHERE `user_id` = 'XN6ETC';
UPDATE `user_registration` SET total_downlines = total_downlines+1
WHERE `user_id` = 'KVQN1O';
UPDATE `user_registration` SET left_downlines = left_downlines+1
WHERE `user_id` = 'KVQN1O';
UPDATE `user_registration` SET total_downlines = total_downlines+1
WHERE `user_id` = 'X3V7DJ';
UPDATE `user_registration` SET left_downlines = left_downlines+1
WHERE `user_id` = 'X3V7DJ';
UPDATE `user_registration` SET total_downlines = total_downlines+1
WHERE `user_id` = 'DJ77NH';
UPDATE `user_registration` SET left_downlines = left_downlines+1
WHERE `user_id` = 'DJ77NH';
UPDATE `user_registration` SET total_downlines = total_downlines+1
WHERE `user_id` = 'PX7XCL';
UPDATE `user_registration` SET left_downlines = left_downlines+1
WHERE `user_id` = 'PX7XCL';
UPDATE `user_registration` SET total_downlines = total_downlines+1
WHERE `user_id` = 'L8PM4Z';
UPDATE `user_registration` SET left_downlines = left_downlines+1
WHERE `user_id` = 'L8PM4Z';
UPDATE `user_registration` SET total_downlines = total_downlines+1
WHERE `user_id` = 'GBSIER';
UPDATE `user_registration` SET left_downlines = left_downlines+1
WHERE `user_id` = 'GBSIER';
UPDATE `user_registration` SET total_downlines = total_downlines+1
WHERE `user_id` = 'AV48YQ';
UPDATE `user_registration` SET left_downlines = left_downlines+1
WHERE `user_id` = 'AV48YQ';
UPDATE `user_registration` SET total_downlines = total_downlines+1
WHERE `user_id` = 'admin';
UPDATE `user_registration` SET left_downlines = left_downlines+1
WHERE `user_id` = 'admin';
INSERT INTO `investment` (`invest_date`, `user_id`, `type`, `amount`, `package_id`) VALUES ('2024-09-26 19:57:39', 'G5UA8O', 'register', '595', '2');
INSERT INTO `earnings` (`user_id`, `Purchaser_id`, `earning_type`, `package_id`, `amount`, `date`, `comments`, `invest_amount`, `comm_perc`, `level`, `rank_id`, `order_id`) VALUES ('DVUB2W', 'G5UA8O', 'Direct Referral Bonus', '2', '100', '2024-09-26 19:57:39', 'Direct Referral Bonus', 0, 0, 1, '', 366);
UPDATE `user_registration` SET commission_balance = ROUND(commission_balance + 100,2)
WHERE `user_id` = 'DVUB2W';
INSERT INTO `earnings` (`user_id`, `Purchaser_id`, `earning_type`, `package_id`, `amount`, `date`, `comments`, `invest_amount`, `comm_perc`, `level`, `rank_id`, `order_id`) VALUES ('HI62BI', 'G5UA8O', 'Expansion Bonus', '2', 100, '2024-09-26 19:57:39', 'Expansion Bonus', '100', 0, 1, '', 366);
UPDATE `user_registration` SET commission_balance = ROUND(commission_balance + 100,2)
WHERE `user_id` = 'HI62BI';
INSERT INTO `earnings` (`user_id`, `Purchaser_id`, `earning_type`, `package_id`, `amount`, `date`, `comments`, `invest_amount`, `comm_perc`, `level`, `rank_id`, `order_id`) VALUES ('1FFFBU', 'G5UA8O', 'Expansion Bonus', '2', 100, '2024-09-26 19:57:39', 'Expansion Bonus', 200, 0, 1, '', 366);
UPDATE `user_registration` SET commission_balance = ROUND(commission_balance + 100,2)
WHERE `user_id` = '1FFFBU';
INSERT INTO `matrix_filling` (`placement_id`, `downline_id`, `level`, `matrix`) VALUES ('DVUB2W', 'G5UA8O', 1, 1);
UPDATE `bv_updation` SET right_carry = right_carry+50, total_right = total_right+50
WHERE `user_id` = 'DVUB2W';
INSERT INTO `placement_bv_update_history` (`right_carry`, `date`, `from_id`, `user_id`) VALUES ('50', '2024-09-26 19:57:39', 'G5UA8O', 'DVUB2W');
UPDATE `bv_updation` SET sponsor_right_carry = sponsor_right_carry+50, sponsor_total_right = sponsor_total_right+50
WHERE `user_id` = 'DVUB2W';
INSERT INTO `sponsor_bv_update_history` (`right_carry`, `date`, `user_id`) VALUES ('50', '2024-09-26 19:57:39', 'DVUB2W');
INSERT INTO `matrix_filling` (`placement_id`, `downline_id`, `level`, `matrix`) VALUES ('I39CTH', 'G5UA8O', 2, 1);
UPDATE `bv_updation` SET left_carry = left_carry+50, total_left = total_left+50
WHERE `user_id` = 'I39CTH';
INSERT INTO `placement_bv_update_history` (`left_carry`, `date`, `from_id`, `user_id`) VALUES ('50', '2024-09-26 19:57:39', 'G5UA8O', 'I39CTH');
INSERT INTO `matrix_filling` (`placement_id`, `downline_id`, `level`, `matrix`) VALUES ('CUUVU7', 'G5UA8O', 3, 1);
INSERT INTO `matrix_filling` (`placement_id`, `downline_id`, `level`, `matrix`) VALUES ('HI62BI', 'G5UA8O', 4, 1);
UPDATE `bv_updation` SET left_carry = left_carry+50, total_left = total_left+50
WHERE `user_id` = 'HI62BI';
INSERT INTO `placement_bv_update_history` (`left_carry`, `date`, `from_id`, `user_id`) VALUES ('50', '2024-09-26 19:57:39', 'G5UA8O', 'HI62BI');
INSERT INTO `matrix_filling` (`placement_id`, `downline_id`, `level`, `matrix`) VALUES ('1FFFBU', 'G5UA8O', 5, 1);
UPDATE `bv_updation` SET right_carry = right_carry+50, total_right = total_right+50
WHERE `user_id` = '1FFFBU';
INSERT INTO `placement_bv_update_history` (`right_carry`, `date`, `from_id`, `user_id`) VALUES ('50', '2024-09-26 19:57:39', 'G5UA8O', '1FFFBU');
INSERT INTO `matrix_filling` (`placement_id`, `downline_id`, `level`, `matrix`) VALUES ('J4CGUT', 'G5UA8O', 6, 1);
UPDATE `bv_updation` SET left_carry = left_carry+50, total_left = total_left+50
WHERE `user_id` = 'J4CGUT';
INSERT INTO `placement_bv_update_history` (`left_carry`, `date`, `from_id`, `user_id`) VALUES ('50', '2024-09-26 19:57:39', 'G5UA8O', 'J4CGUT');
INSERT INTO `matrix_filling` (`placement_id`, `downline_id`, `level`, `matrix`) VALUES ('S1RTX3', 'G5UA8O', 7, 1);
UPDATE `bv_updation` SET left_carry = left_carry+50, total_left = total_left+50
WHERE `user_id` = 'S1RTX3';
INSERT INTO `placement_bv_update_history` (`left_carry`, `date`, `from_id`, `user_id`) VALUES ('50', '2024-09-26 19:57:39', 'G5UA8O', 'S1RTX3');
INSERT INTO `matrix_filling` (`placement_id`, `downline_id`, `level`, `matrix`) VALUES ('I8YWQA', 'G5UA8O', 8, 1);
UPDATE `bv_updation` SET left_carry = left_carry+50, total_left = total_left+50
WHERE `user_id` = 'I8YWQA';
INSERT INTO `placement_bv_update_history` (`left_carry`, `date`, `from_id`, `user_id`) VALUES ('50', '2024-09-26 19:57:39', 'G5UA8O', 'I8YWQA');
INSERT INTO `matrix_filling` (`placement_id`, `downline_id`, `level`, `matrix`) VALUES ('I3MZBU', 'G5UA8O', 9, 1);
UPDATE `bv_updation` SET left_carry = left_carry+50, total_left = total_left+50
WHERE `user_id` = 'I3MZBU';
INSERT INTO `placement_bv_update_history` (`left_carry`, `date`, `from_id`, `user_id`) VALUES ('50', '2024-09-26 19:57:39', 'G5UA8O', 'I3MZBU');
INSERT INTO `matrix_filling` (`placement_id`, `downline_id`, `level`, `matrix`) VALUES ('H2I33O', 'G5UA8O', 10, 1);
UPDATE `bv_updation` SET left_carry = left_carry+50, total_left = total_left+50
WHERE `user_id` = 'H2I33O';
INSERT INTO `placement_bv_update_history` (`left_carry`, `date`, `from_id`, `user_id`) VALUES ('50', '2024-09-26 19:57:39', 'G5UA8O', 'H2I33O');
INSERT INTO `matrix_filling` (`placement_id`, `downline_id`, `level`, `matrix`) VALUES ('AL7XWH', 'G5UA8O', 11, 1);
UPDATE `bv_updation` SET left_carry = left_carry+50, total_left = total_left+50
WHERE `user_id` = 'AL7XWH';
INSERT INTO `placement_bv_update_history` (`left_carry`, `date`, `from_id`, `user_id`) VALUES ('50', '2024-09-26 19:57:39', 'G5UA8O', 'AL7XWH');
INSERT INTO `matrix_filling` (`placement_id`, `downline_id`, `level`, `matrix`) VALUES ('HFZ9SA', 'G5UA8O', 12, 1);
UPDATE `bv_updation` SET left_carry = left_carry+50, total_left = total_left+50
WHERE `user_id` = 'HFZ9SA';
INSERT INTO `placement_bv_update_history` (`left_carry`, `date`, `from_id`, `user_id`) VALUES ('50', '2024-09-26 19:57:39', 'G5UA8O', 'HFZ9SA');
INSERT INTO `matrix_filling` (`placement_id`, `downline_id`, `level`, `matrix`) VALUES ('A2MTZ3', 'G5UA8O', 13, 1);
UPDATE `bv_updation` SET left_carry = left_carry+50, total_left = total_left+50
WHERE `user_id` = 'A2MTZ3';
INSERT INTO `placement_bv_update_history` (`left_carry`, `date`, `from_id`, `user_id`) VALUES ('50', '2024-09-26 19:57:39', 'G5UA8O', 'A2MTZ3');
INSERT INTO `matrix_filling` (`placement_id`, `downline_id`, `level`, `matrix`) VALUES ('RUEKCW', 'G5UA8O', 14, 1);
UPDATE `bv_updation` SET left_carry = left_carry+50, total_left = total_left+50
WHERE `user_id` = 'RUEKCW';
INSERT INTO `placement_bv_update_history` (`left_carry`, `date`, `from_id`, `user_id`) VALUES ('50', '2024-09-26 19:57:39', 'G5UA8O', 'RUEKCW');
INSERT INTO `matrix_filling` (`placement_id`, `downline_id`, `level`, `matrix`) VALUES ('K3GTG4', 'G5UA8O', 15, 1);
UPDATE `bv_updation` SET left_carry = left_carry+50, total_left = total_left+50
WHERE `user_id` = 'K3GTG4';
INSERT INTO `placement_bv_update_history` (`left_carry`, `date`, `from_id`, `user_id`) VALUES ('50', '2024-09-26 19:57:39', 'G5UA8O', 'K3GTG4');
INSERT INTO `matrix_filling` (`placement_id`, `downline_id`, `level`, `matrix`) VALUES ('I1TUBN', 'G5UA8O', 16, 1);
UPDATE `bv_updation` SET left_carry = left_carry+50, total_left = total_left+50
WHERE `user_id` = 'I1TUBN';
INSERT INTO `placement_bv_update_history` (`left_carry`, `date`, `from_id`, `user_id`) VALUES ('50', '2024-09-26 19:57:39', 'G5UA8O', 'I1TUBN');
INSERT INTO `matrix_filling` (`placement_id`, `downline_id`, `level`, `matrix`) VALUES ('BAUCCU', 'G5UA8O', 17, 1);
UPDATE `bv_updation` SET left_carry = left_carry+50, total_left = total_left+50
WHERE `user_id` = 'BAUCCU';
INSERT INTO `placement_bv_update_history` (`left_carry`, `date`, `from_id`, `user_id`) VALUES ('50', '2024-09-26 19:57:39', 'G5UA8O', 'BAUCCU');
INSERT INTO `matrix_filling` (`placement_id`, `downline_id`, `level`, `matrix`) VALUES ('62QO97', 'G5UA8O', 18, 1);
UPDATE `bv_updation` SET left_carry = left_carry+50, total_left = total_left+50
WHERE `user_id` = '62QO97';
INSERT INTO `placement_bv_update_history` (`left_carry`, `date`, `from_id`, `user_id`) VALUES ('50', '2024-09-26 19:57:39', 'G5UA8O', '62QO97');
INSERT INTO `matrix_filling` (`placement_id`, `downline_id`, `level`, `matrix`) VALUES ('OHLQEO', 'G5UA8O', 19, 1);
UPDATE `bv_updation` SET left_carry = left_carry+50, total_left = total_left+50
WHERE `user_id` = 'OHLQEO';
INSERT INTO `placement_bv_update_history` (`left_carry`, `date`, `from_id`, `user_id`) VALUES ('50', '2024-09-26 19:57:39', 'G5UA8O', 'OHLQEO');
INSERT INTO `matrix_filling` (`placement_id`, `downline_id`, `level`, `matrix`) VALUES ('7APFKG', 'G5UA8O', 20, 1);
UPDATE `bv_updation` SET left_carry = left_carry+50, total_left = total_left+50
WHERE `user_id` = '7APFKG';
INSERT INTO `placement_bv_update_history` (`left_carry`, `date`, `from_id`, `user_id`) VALUES ('50', '2024-09-26 19:57:39', 'G5UA8O', '7APFKG');
INSERT INTO `matrix_filling` (`placement_id`, `downline_id`, `level`, `matrix`) VALUES ('Q2Q92Y', 'G5UA8O', 21, 1);
UPDATE `bv_updation` SET left_carry = left_carry+50, total_left = total_left+50
WHERE `user_id` = 'Q2Q92Y';
INSERT INTO `placement_bv_update_history` (`left_carry`, `date`, `from_id`, `user_id`) VALUES ('50', '2024-09-26 19:57:39', 'G5UA8O', 'Q2Q92Y');
INSERT INTO `matrix_filling` (`placement_id`, `downline_id`, `level`, `matrix`) VALUES ('E9ITRC', 'G5UA8O', 22, 1);
UPDATE `bv_updation` SET left_carry = left_carry+50, total_left = total_left+50
WHERE `user_id` = 'E9ITRC';
INSERT INTO `placement_bv_update_history` (`left_carry`, `date`, `from_id`, `user_id`) VALUES ('50', '2024-09-26 19:57:39', 'G5UA8O', 'E9ITRC');
INSERT INTO `matrix_filling` (`placement_id`, `downline_id`, `level`, `matrix`) VALUES ('7COKBB', 'G5UA8O', 23, 1);
UPDATE `bv_updation` SET left_carry = left_carry+50, total_left = total_left+50
WHERE `user_id` = '7COKBB';
INSERT INTO `placement_bv_update_history` (`left_carry`, `date`, `from_id`, `user_id`) VALUES ('50', '2024-09-26 19:57:39', 'G5UA8O', '7COKBB');
INSERT INTO `matrix_filling` (`placement_id`, `downline_id`, `level`, `matrix`) VALUES ('BDNS17', 'G5UA8O', 24, 1);
UPDATE `bv_updation` SET left_carry = left_carry+50, total_left = total_left+50
WHERE `user_id` = 'BDNS17';
INSERT INTO `placement_bv_update_history` (`left_carry`, `date`, `from_id`, `user_id`) VALUES ('50', '2024-09-26 19:57:39', 'G5UA8O', 'BDNS17');
INSERT INTO `matrix_filling` (`placement_id`, `downline_id`, `level`, `matrix`) VALUES ('7ZXRRE', 'G5UA8O', 25, 1);
UPDATE `bv_updation` SET left_carry = left_carry+50, total_left = total_left+50
WHERE `user_id` = '7ZXRRE';
INSERT INTO `placement_bv_update_history` (`left_carry`, `date`, `from_id`, `user_id`) VALUES ('50', '2024-09-26 19:57:39', 'G5UA8O', '7ZXRRE');
INSERT INTO `matrix_filling` (`placement_id`, `downline_id`, `level`, `matrix`) VALUES ('KLRAF5', 'G5UA8O', 26, 1);
UPDATE `bv_updation` SET left_carry = left_carry+50, total_left = total_left+50
WHERE `user_id` = 'KLRAF5';
INSERT INTO `placement_bv_update_history` (`left_carry`, `date`, `from_id`, `user_id`) VALUES ('50', '2024-09-26 19:57:39', 'G5UA8O', 'KLRAF5');
INSERT INTO `matrix_filling` (`placement_id`, `downline_id`, `level`, `matrix`) VALUES ('IFJHZG', 'G5UA8O', 27, 1);
UPDATE `bv_updation` SET left_carry = left_carry+50, total_left = total_left+50
WHERE `user_id` = 'IFJHZG';
INSERT INTO `placement_bv_update_history` (`left_carry`, `date`, `from_id`, `user_id`) VALUES ('50', '2024-09-26 19:57:39', 'G5UA8O', 'IFJHZG');
INSERT INTO `matrix_filling` (`placement_id`, `downline_id`, `level`, `matrix`) VALUES ('MXUV8Q', 'G5UA8O', 28, 1);
UPDATE `bv_updation` SET left_carry = left_carry+50, total_left = total_left+50
WHERE `user_id` = 'MXUV8Q';
INSERT INTO `placement_bv_update_history` (`left_carry`, `date`, `from_id`, `user_id`) VALUES ('50', '2024-09-26 19:57:39', 'G5UA8O', 'MXUV8Q');
INSERT INTO `matrix_filling` (`placement_id`, `downline_id`, `level`, `matrix`) VALUES ('GGM164', 'G5UA8O', 29, 1);
UPDATE `bv_updation` SET left_carry = left_carry+50, total_left = total_left+50
WHERE `user_id` = 'GGM164';
INSERT INTO `placement_bv_update_history` (`left_carry`, `date`, `from_id`, `user_id`) VALUES ('50', '2024-09-26 19:57:39', 'G5UA8O', 'GGM164');
INSERT INTO `matrix_filling` (`placement_id`, `downline_id`, `level`, `matrix`) VALUES ('3NKIEX', 'G5UA8O', 30, 1);
UPDATE `bv_updation` SET left_carry = left_carry+50, total_left = total_left+50
WHERE `user_id` = '3NKIEX';
INSERT INTO `placement_bv_update_history` (`left_carry`, `date`, `from_id`, `user_id`) VALUES ('50', '2024-09-26 19:57:39', 'G5UA8O', '3NKIEX');
INSERT INTO `matrix_filling` (`placement_id`, `downline_id`, `level`, `matrix`) VALUES ('S56TH3', 'G5UA8O', 31, 1);
UPDATE `bv_updation` SET left_carry = left_carry+50, total_left = total_left+50
WHERE `user_id` = 'S56TH3';
INSERT INTO `placement_bv_update_history` (`left_carry`, `date`, `from_id`, `user_id`) VALUES ('50', '2024-09-26 19:57:39', 'G5UA8O', 'S56TH3');
INSERT INTO `matrix_filling` (`placement_id`, `downline_id`, `level`, `matrix`) VALUES ('XYG89U', 'G5UA8O', 32, 1);
UPDATE `bv_updation` SET left_carry = left_carry+50, total_left = total_left+50
WHERE `user_id` = 'XYG89U';
INSERT INTO `placement_bv_update_history` (`left_carry`, `date`, `from_id`, `user_id`) VALUES ('50', '2024-09-26 19:57:39', 'G5UA8O', 'XYG89U');
INSERT INTO `matrix_filling` (`placement_id`, `downline_id`, `level`, `matrix`) VALUES ('HTFY93', 'G5UA8O', 33, 1);
UPDATE `bv_updation` SET left_carry = left_carry+50, total_left = total_left+50
WHERE `user_id` = 'HTFY93';
INSERT INTO `placement_bv_update_history` (`left_carry`, `date`, `from_id`, `user_id`) VALUES ('50', '2024-09-26 19:57:39', 'G5UA8O', 'HTFY93');
INSERT INTO `matrix_filling` (`placement_id`, `downline_id`, `level`, `matrix`) VALUES ('3PR393', 'G5UA8O', 34, 1);
UPDATE `bv_updation` SET left_carry = left_carry+50, total_left = total_left+50
WHERE `user_id` = '3PR393';
INSERT INTO `placement_bv_update_history` (`left_carry`, `date`, `from_id`, `user_id`) VALUES ('50', '2024-09-26 19:57:39', 'G5UA8O', '3PR393');
INSERT INTO `matrix_filling` (`placement_id`, `downline_id`, `level`, `matrix`) VALUES ('T3MRY1', 'G5UA8O', 35, 1);
UPDATE `bv_updation` SET left_carry = left_carry+50, total_left = total_left+50
WHERE `user_id` = 'T3MRY1';
INSERT INTO `placement_bv_update_history` (`left_carry`, `date`, `from_id`, `user_id`) VALUES ('50', '2024-09-26 19:57:39', 'G5UA8O', 'T3MRY1');
INSERT INTO `matrix_filling` (`placement_id`, `downline_id`, `level`, `matrix`) VALUES ('GTMCCK', 'G5UA8O', 36, 1);
UPDATE `bv_updation` SET left_carry = left_carry+50, total_left = total_left+50
WHERE `user_id` = 'GTMCCK';
INSERT INTO `placement_bv_update_history` (`left_carry`, `date`, `from_id`, `user_id`) VALUES ('50', '2024-09-26 19:57:39', 'G5UA8O', 'GTMCCK');
INSERT INTO `matrix_filling` (`placement_id`, `downline_id`, `level`, `matrix`) VALUES ('DLYMIF', 'G5UA8O', 37, 1);
UPDATE `bv_updation` SET left_carry = left_carry+50, total_left = total_left+50
WHERE `user_id` = 'DLYMIF';
INSERT INTO `placement_bv_update_history` (`left_carry`, `date`, `from_id`, `user_id`) VALUES ('50', '2024-09-26 19:57:39', 'G5UA8O', 'DLYMIF');
INSERT INTO `matrix_filling` (`placement_id`, `downline_id`, `level`, `matrix`) VALUES ('WGJ5KE', 'G5UA8O', 38, 1);
UPDATE `bv_updation` SET left_carry = left_carry+50, total_left = total_left+50
WHERE `user_id` = 'WGJ5KE';
INSERT INTO `placement_bv_update_history` (`left_carry`, `date`, `from_id`, `user_id`) VALUES ('50', '2024-09-26 19:57:39', 'G5UA8O', 'WGJ5KE');
INSERT INTO `matrix_filling` (`placement_id`, `downline_id`, `level`, `matrix`) VALUES ('ORRJ3M', 'G5UA8O', 39, 1);
UPDATE `bv_updation` SET left_carry = left_carry+50, total_left = total_left+50
WHERE `user_id` = 'ORRJ3M';
INSERT INTO `placement_bv_update_history` (`left_carry`, `date`, `from_id`, `user_id`) VALUES ('50', '2024-09-26 19:57:39', 'G5UA8O', 'ORRJ3M');
INSERT INTO `matrix_filling` (`placement_id`, `downline_id`, `level`, `matrix`) VALUES ('AA8V6V', 'G5UA8O', 40, 1);
UPDATE `bv_updation` SET left_carry = left_carry+50, total_left = total_left+50
WHERE `user_id` = 'AA8V6V';
INSERT INTO `placement_bv_update_history` (`left_carry`, `date`, `from_id`, `user_id`) VALUES ('50', '2024-09-26 19:57:39', 'G5UA8O', 'AA8V6V');
INSERT INTO `matrix_filling` (`placement_id`, `downline_id`, `level`, `matrix`) VALUES ('61ME4O', 'G5UA8O', 41, 1);
UPDATE `bv_updation` SET left_carry = left_carry+50, total_left = total_left+50
WHERE `user_id` = '61ME4O';
INSERT INTO `placement_bv_update_history` (`left_carry`, `date`, `from_id`, `user_id`) VALUES ('50', '2024-09-26 19:57:39', 'G5UA8O', '61ME4O');
INSERT INTO `matrix_filling` (`placement_id`, `downline_id`, `level`, `matrix`) VALUES ('WS1SZZ', 'G5UA8O', 42, 1);
UPDATE `bv_updation` SET left_carry = left_carry+50, total_left = total_left+50
WHERE `user_id` = 'WS1SZZ';
INSERT INTO `placement_bv_update_history` (`left_carry`, `date`, `from_id`, `user_id`) VALUES ('50', '2024-09-26 19:57:39', 'G5UA8O', 'WS1SZZ');
INSERT INTO `matrix_filling` (`placement_id`, `downline_id`, `level`, `matrix`) VALUES ('TBN4MZ', 'G5UA8O', 43, 1);
UPDATE `bv_updation` SET left_carry = left_carry+50, total_left = total_left+50
WHERE `user_id` = 'TBN4MZ';
INSERT INTO `placement_bv_update_history` (`left_carry`, `date`, `from_id`, `user_id`) VALUES ('50', '2024-09-26 19:57:39', 'G5UA8O', 'TBN4MZ');
INSERT INTO `matrix_filling` (`placement_id`, `downline_id`, `level`, `matrix`) VALUES ('OEMJ8R', 'G5UA8O', 44, 1);
UPDATE `bv_updation` SET left_carry = left_carry+50, total_left = total_left+50
WHERE `user_id` = 'OEMJ8R';
INSERT INTO `placement_bv_update_history` (`left_carry`, `date`, `from_id`, `user_id`) VALUES ('50', '2024-09-26 19:57:39', 'G5UA8O', 'OEMJ8R');
INSERT INTO `matrix_filling` (`placement_id`, `downline_id`, `level`, `matrix`) VALUES ('FXAYIE', 'G5UA8O', 45, 1);
UPDATE `bv_updation` SET left_carry = left_carry+50, total_left = total_left+50
WHERE `user_id` = 'FXAYIE';
INSERT INTO `placement_bv_update_history` (`left_carry`, `date`, `from_id`, `user_id`) VALUES ('50', '2024-09-26 19:57:39', 'G5UA8O', 'FXAYIE');
INSERT INTO `matrix_filling` (`placement_id`, `downline_id`, `level`, `matrix`) VALUES ('ELXZWC', 'G5UA8O', 46, 1);
UPDATE `bv_updation` SET left_carry = left_carry+50, total_left = total_left+50
WHERE `user_id` = 'ELXZWC';
INSERT INTO `placement_bv_update_history` (`left_carry`, `date`, `from_id`, `user_id`) VALUES ('50', '2024-09-26 19:57:39', 'G5UA8O', 'ELXZWC');
INSERT INTO `matrix_filling` (`placement_id`, `downline_id`, `level`, `matrix`) VALUES ('C1TQVI', 'G5UA8O', 47, 1);
UPDATE `bv_updation` SET left_carry = left_carry+50, total_left = total_left+50
WHERE `user_id` = 'C1TQVI';
INSERT INTO `placement_bv_update_history` (`left_carry`, `date`, `from_id`, `user_id`) VALUES ('50', '2024-09-26 19:57:39', 'G5UA8O', 'C1TQVI');
INSERT INTO `matrix_filling` (`placement_id`, `downline_id`, `level`, `matrix`) VALUES ('F5GPDF', 'G5UA8O', 48, 1);
UPDATE `bv_updation` SET left_carry = left_carry+50, total_left = total_left+50
WHERE `user_id` = 'F5GPDF';
INSERT INTO `placement_bv_update_history` (`left_carry`, `date`, `from_id`, `user_id`) VALUES ('50', '2024-09-26 19:57:39', 'G5UA8O', 'F5GPDF');
INSERT INTO `matrix_filling` (`placement_id`, `downline_id`, `level`, `matrix`) VALUES ('91PYDK', 'G5UA8O', 49, 1);
UPDATE `bv_updation` SET left_carry = left_carry+50, total_left = total_left+50
WHERE `user_id` = '91PYDK';
INSERT INTO `placement_bv_update_history` (`left_carry`, `date`, `from_id`, `user_id`) VALUES ('50', '2024-09-26 19:57:39', 'G5UA8O', '91PYDK');
INSERT INTO `matrix_filling` (`placement_id`, `downline_id`, `level`, `matrix`) VALUES ('4OT7RX', 'G5UA8O', 50, 1);
UPDATE `bv_updation` SET left_carry = left_carry+50, total_left = total_left+50
WHERE `user_id` = '4OT7RX';
INSERT INTO `placement_bv_update_history` (`left_carry`, `date`, `from_id`, `user_id`) VALUES ('50', '2024-09-26 19:57:39', 'G5UA8O', '4OT7RX');
INSERT INTO `matrix_filling` (`placement_id`, `downline_id`, `level`, `matrix`) VALUES ('ZJZA3M', 'G5UA8O', 51, 1);
UPDATE `bv_updation` SET left_carry = left_carry+50, total_left = total_left+50
WHERE `user_id` = 'ZJZA3M';
INSERT INTO `placement_bv_update_history` (`left_carry`, `date`, `from_id`, `user_id`) VALUES ('50', '2024-09-26 19:57:39', 'G5UA8O', 'ZJZA3M');
INSERT INTO `matrix_filling` (`placement_id`, `downline_id`, `level`, `matrix`) VALUES ('XN6ETC', 'G5UA8O', 52, 1);
UPDATE `bv_updation` SET left_carry = left_carry+50, total_left = total_left+50
WHERE `user_id` = 'XN6ETC';
INSERT INTO `placement_bv_update_history` (`left_carry`, `date`, `from_id`, `user_id`) VALUES ('50', '2024-09-26 19:57:39', 'G5UA8O', 'XN6ETC');
INSERT INTO `matrix_filling` (`placement_id`, `downline_id`, `level`, `matrix`) VALUES ('KVQN1O', 'G5UA8O', 53, 1);
UPDATE `bv_updation` SET left_carry = left_carry+50, total_left = total_left+50
WHERE `user_id` = 'KVQN1O';
INSERT INTO `placement_bv_update_history` (`left_carry`, `date`, `from_id`, `user_id`) VALUES ('50', '2024-09-26 19:57:39', 'G5UA8O', 'KVQN1O');
INSERT INTO `matrix_filling` (`placement_id`, `downline_id`, `level`, `matrix`) VALUES ('X3V7DJ', 'G5UA8O', 54, 1);
UPDATE `bv_updation` SET left_carry = left_carry+50, total_left = total_left+50
WHERE `user_id` = 'X3V7DJ';
INSERT INTO `placement_bv_update_history` (`left_carry`, `date`, `from_id`, `user_id`) VALUES ('50', '2024-09-26 19:57:39', 'G5UA8O', 'X3V7DJ');
INSERT INTO `matrix_filling` (`placement_id`, `downline_id`, `level`, `matrix`) VALUES ('DJ77NH', 'G5UA8O', 55, 1);
UPDATE `bv_updation` SET left_carry = left_carry+50, total_left = total_left+50
WHERE `user_id` = 'DJ77NH';
INSERT INTO `placement_bv_update_history` (`left_carry`, `date`, `from_id`, `user_id`) VALUES ('50', '2024-09-26 19:57:39', 'G5UA8O', 'DJ77NH');
INSERT INTO `matrix_filling` (`placement_id`, `downline_id`, `level`, `matrix`) VALUES ('PX7XCL', 'G5UA8O', 56, 1);
UPDATE `bv_updation` SET left_carry = left_carry+50, total_left = total_left+50
WHERE `user_id` = 'PX7XCL';
INSERT INTO `placement_bv_update_history` (`left_carry`, `date`, `from_id`, `user_id`) VALUES ('50', '2024-09-26 19:57:39', 'G5UA8O', 'PX7XCL');
INSERT INTO `matrix_filling` (`placement_id`, `downline_id`, `level`, `matrix`) VALUES ('L8PM4Z', 'G5UA8O', 57, 1);
UPDATE `bv_updation` SET left_carry = left_carry+50, total_left = total_left+50
WHERE `user_id` = 'L8PM4Z';
INSERT INTO `placement_bv_update_history` (`left_carry`, `date`, `from_id`, `user_id`) VALUES ('50', '2024-09-26 19:57:39', 'G5UA8O', 'L8PM4Z');
INSERT INTO `matrix_filling` (`placement_id`, `downline_id`, `level`, `matrix`) VALUES ('GBSIER', 'G5UA8O', 58, 1);
UPDATE `bv_updation` SET left_carry = left_carry+50, total_left = total_left+50
WHERE `user_id` = 'GBSIER';
INSERT INTO `placement_bv_update_history` (`left_carry`, `date`, `from_id`, `user_id`) VALUES ('50', '2024-09-26 19:57:39', 'G5UA8O', 'GBSIER');
INSERT INTO `matrix_filling` (`placement_id`, `downline_id`, `level`, `matrix`) VALUES ('AV48YQ', 'G5UA8O', 59, 1);
UPDATE `bv_updation` SET left_carry = left_carry+50, total_left = total_left+50
WHERE `user_id` = 'AV48YQ';
INSERT INTO `placement_bv_update_history` (`left_carry`, `date`, `from_id`, `user_id`) VALUES ('50', '2024-09-26 19:57:39', 'G5UA8O', 'AV48YQ');
INSERT INTO `matrix_filling` (`placement_id`, `downline_id`, `level`, `matrix`) VALUES ('admin', 'G5UA8O', 60, 1);
INSERT INTO `package_purchase_history` (`user_id`, `package_id`, `reg_fee`, `package_name`, `monthly_fee`, `type`, `date`, `payment_option`) VALUES ('G5UA8O', '2', '595', 'Traveler Pro', '150', 'sign_up', '2024-09-26 19:57:39', 'free');
UPDATE `user_registration` SET `popup_seen` = 'yes'
WHERE `user_id` = 'DVUB2W';
UPDATE `ci_sessions` SET `timestamp` = 1727398664, `data` = '__ci_last_regenerate|i:1727398664;id|s:4:\"2520\";user_id|s:6:\"97QHYG\";username|s:9:\"yordanis7\";sponsor_id|s:6:\"1FFFBU\";fullname|s:16:\"Yordanis Fuentes\";email|s:19:\"yordanis7@gmail.com\";phone|s:10:\"7862876762\";isLogIn|b:1;'
WHERE `id` = '0192d96d8b9a4fb01c15a56356b5a85a7f1784f9';
UPDATE `user_registration` SET `uid` = '3037', `user_id` = 'P4SO6C', `username` = 'loida7', `sponsor_id` = '97QHYG', `vacant` = 'no', `f_name` = 'Loida', `l_name` = 'jimenez', `address` = '8100 SW 14 Terr', `position` = 'right', `email` = 'loida7@gmail.com', `password` = '7ac015714e4240d863a60b40f6b8bcad', `phone` = '7862876762', `country` = 'United States', `state` = 'Florida', `city` = 'Miami', `street` = '8100 SW 14 Terr', `zip_code` = '33144', `reg_ip` = '172.70.82.91', `status` = 1, `package_id` = '2', `rank_id` = 1, `highest_rank` = 1, `created` = '2024-09-26 19:58:27', `subscription_date` = '2024-10-26', `google_secret` = 'VLNCLQZKKG2HC5KV'
WHERE `uid` = '3037';
INSERT INTO `user_registration` (`uid`, `user_id`, `username`, `sponsor_id`, `placement_id`, `vacant`, `f_name`, `l_name`, `address`, `position`, `email`, `password`, `phone`, `reg_ip`, `status`, `created`) VALUES (NULL, 'DRNFBK', 'zVYqbxfz', 'P4SO6C', 'P4SO6C', 'yes', '', '', '', 'left', '@mail.com', '', '', '', 0, '2024-09-26 19:58:27');
INSERT INTO `user_registration` (`uid`, `user_id`, `username`, `sponsor_id`, `placement_id`, `vacant`, `f_name`, `l_name`, `address`, `position`, `email`, `password`, `phone`, `reg_ip`, `status`, `created`) VALUES (NULL, 'VVSHFI', 'htFjTmIw', 'P4SO6C', 'P4SO6C', 'yes', '', '', '', 'right', '@mail.com', '', '', '', 0, '2024-09-26 19:58:27');
INSERT INTO `bv_updation` (`user_id`) VALUES ('P4SO6C');
UPDATE `user_registration` SET total_ref_count = total_ref_count+1
WHERE `user_id` = '97QHYG';
UPDATE `user_registration` SET total_downlines = total_downlines+1
WHERE `user_id` = 'RM4VZX';
UPDATE `user_registration` SET right_downlines = right_downlines+1
WHERE `user_id` = 'RM4VZX';
UPDATE `user_registration` SET total_downlines = total_downlines+1
WHERE `user_id` = 'IIG2SJ';
UPDATE `user_registration` SET right_downlines = right_downlines+1
WHERE `user_id` = 'IIG2SJ';
UPDATE `user_registration` SET total_downlines = total_downlines+1
WHERE `user_id` = '577V9K';
UPDATE `user_registration` SET right_downlines = right_downlines+1
WHERE `user_id` = '577V9K';
UPDATE `user_registration` SET total_downlines = total_downlines+1
WHERE `user_id` = '97QHYG';
UPDATE `user_registration` SET right_downlines = right_downlines+1
WHERE `user_id` = '97QHYG';
UPDATE `user_registration` SET right_ref_count = right_ref_count+1
WHERE `user_id` = '97QHYG';
UPDATE `user_registration` SET active_right = active_right+1
WHERE `user_id` = '97QHYG';
UPDATE `user_registration` SET total_downlines = total_downlines+1
WHERE `user_id` = 'IW5GAU';
UPDATE `user_registration` SET left_downlines = left_downlines+1
WHERE `user_id` = 'IW5GAU';
UPDATE `user_registration` SET total_downlines = total_downlines+1
WHERE `user_id` = 'JQ3FLF';
UPDATE `user_registration` SET left_downlines = left_downlines+1
WHERE `user_id` = 'JQ3FLF';
UPDATE `user_registration` SET total_downlines = total_downlines+1
WHERE `user_id` = 'C3N32U';
UPDATE `user_registration` SET left_downlines = left_downlines+1
WHERE `user_id` = 'C3N32U';
UPDATE `user_registration` SET total_downlines = total_downlines+1
WHERE `user_id` = 'MNLXPP';
UPDATE `user_registration` SET left_downlines = left_downlines+1
WHERE `user_id` = 'MNLXPP';
UPDATE `user_registration` SET total_downlines = total_downlines+1
WHERE `user_id` = 'NUPA4K';
UPDATE `user_registration` SET left_downlines = left_downlines+1
WHERE `user_id` = 'NUPA4K';
UPDATE `user_registration` SET total_downlines = total_downlines+1
WHERE `user_id` = '1FFFBU';
UPDATE `user_registration` SET left_downlines = left_downlines+1
WHERE `user_id` = '1FFFBU';
UPDATE `user_registration` SET total_downlines = total_downlines+1
WHERE `user_id` = 'J4CGUT';
UPDATE `user_registration` SET left_downlines = left_downlines+1
WHERE `user_id` = 'J4CGUT';
UPDATE `user_registration` SET total_downlines = total_downlines+1
WHERE `user_id` = 'S1RTX3';
UPDATE `user_registration` SET left_downlines = left_downlines+1
WHERE `user_id` = 'S1RTX3';
UPDATE `user_registration` SET total_downlines = total_downlines+1
WHERE `user_id` = 'I8YWQA';
UPDATE `user_registration` SET left_downlines = left_downlines+1
WHERE `user_id` = 'I8YWQA';
UPDATE `user_registration` SET total_downlines = total_downlines+1
WHERE `user_id` = 'I3MZBU';
UPDATE `user_registration` SET left_downlines = left_downlines+1
WHERE `user_id` = 'I3MZBU';
UPDATE `user_registration` SET total_downlines = total_downlines+1
WHERE `user_id` = 'H2I33O';
UPDATE `user_registration` SET left_downlines = left_downlines+1
WHERE `user_id` = 'H2I33O';
UPDATE `user_registration` SET total_downlines = total_downlines+1
WHERE `user_id` = 'AL7XWH';
UPDATE `user_registration` SET left_downlines = left_downlines+1
WHERE `user_id` = 'AL7XWH';
UPDATE `user_registration` SET total_downlines = total_downlines+1
WHERE `user_id` = 'HFZ9SA';
UPDATE `user_registration` SET left_downlines = left_downlines+1
WHERE `user_id` = 'HFZ9SA';
UPDATE `user_registration` SET total_downlines = total_downlines+1
WHERE `user_id` = 'A2MTZ3';
UPDATE `user_registration` SET left_downlines = left_downlines+1
WHERE `user_id` = 'A2MTZ3';
UPDATE `user_registration` SET total_downlines = total_downlines+1
WHERE `user_id` = 'RUEKCW';
UPDATE `user_registration` SET left_downlines = left_downlines+1
WHERE `user_id` = 'RUEKCW';
UPDATE `user_registration` SET total_downlines = total_downlines+1
WHERE `user_id` = 'K3GTG4';
UPDATE `user_registration` SET left_downlines = left_downlines+1
WHERE `user_id` = 'K3GTG4';
UPDATE `user_registration` SET total_downlines = total_downlines+1
WHERE `user_id` = 'I1TUBN';
UPDATE `user_registration` SET left_downlines = left_downlines+1
WHERE `user_id` = 'I1TUBN';
UPDATE `user_registration` SET total_downlines = total_downlines+1
WHERE `user_id` = 'BAUCCU';
UPDATE `user_registration` SET left_downlines = left_downlines+1
WHERE `user_id` = 'BAUCCU';
UPDATE `user_registration` SET total_downlines = total_downlines+1
WHERE `user_id` = '62QO97';
UPDATE `user_registration` SET left_downlines = left_downlines+1
WHERE `user_id` = '62QO97';
UPDATE `user_registration` SET total_downlines = total_downlines+1
WHERE `user_id` = 'OHLQEO';
UPDATE `user_registration` SET left_downlines = left_downlines+1
WHERE `user_id` = 'OHLQEO';
UPDATE `user_registration` SET total_downlines = total_downlines+1
WHERE `user_id` = '7APFKG';
UPDATE `user_registration` SET left_downlines = left_downlines+1
WHERE `user_id` = '7APFKG';
UPDATE `user_registration` SET total_downlines = total_downlines+1
WHERE `user_id` = 'Q2Q92Y';
UPDATE `user_registration` SET left_downlines = left_downlines+1
WHERE `user_id` = 'Q2Q92Y';
UPDATE `user_registration` SET total_downlines = total_downlines+1
WHERE `user_id` = 'E9ITRC';
UPDATE `user_registration` SET left_downlines = left_downlines+1
WHERE `user_id` = 'E9ITRC';
UPDATE `user_registration` SET total_downlines = total_downlines+1
WHERE `user_id` = '7COKBB';
UPDATE `user_registration` SET left_downlines = left_downlines+1
WHERE `user_id` = '7COKBB';
UPDATE `user_registration` SET total_downlines = total_downlines+1
WHERE `user_id` = 'BDNS17';
UPDATE `user_registration` SET left_downlines = left_downlines+1
WHERE `user_id` = 'BDNS17';
UPDATE `user_registration` SET total_downlines = total_downlines+1
WHERE `user_id` = '7ZXRRE';
UPDATE `user_registration` SET left_downlines = left_downlines+1
WHERE `user_id` = '7ZXRRE';
UPDATE `user_registration` SET total_downlines = total_downlines+1
WHERE `user_id` = 'KLRAF5';
UPDATE `user_registration` SET left_downlines = left_downlines+1
WHERE `user_id` = 'KLRAF5';
UPDATE `user_registration` SET total_downlines = total_downlines+1
WHERE `user_id` = 'IFJHZG';
UPDATE `user_registration` SET left_downlines = left_downlines+1
WHERE `user_id` = 'IFJHZG';
UPDATE `user_registration` SET total_downlines = total_downlines+1
WHERE `user_id` = 'MXUV8Q';
UPDATE `user_registration` SET left_downlines = left_downlines+1
WHERE `user_id` = 'MXUV8Q';
UPDATE `user_registration` SET total_downlines = total_downlines+1
WHERE `user_id` = 'GGM164';
UPDATE `user_registration` SET left_downlines = left_downlines+1
WHERE `user_id` = 'GGM164';
UPDATE `user_registration` SET total_downlines = total_downlines+1
WHERE `user_id` = '3NKIEX';
UPDATE `user_registration` SET left_downlines = left_downlines+1
WHERE `user_id` = '3NKIEX';
UPDATE `user_registration` SET total_downlines = total_downlines+1
WHERE `user_id` = 'S56TH3';
UPDATE `user_registration` SET left_downlines = left_downlines+1
WHERE `user_id` = 'S56TH3';
UPDATE `user_registration` SET total_downlines = total_downlines+1
WHERE `user_id` = 'XYG89U';
UPDATE `user_registration` SET left_downlines = left_downlines+1
WHERE `user_id` = 'XYG89U';
UPDATE `user_registration` SET total_downlines = total_downlines+1
WHERE `user_id` = 'HTFY93';
UPDATE `user_registration` SET left_downlines = left_downlines+1
WHERE `user_id` = 'HTFY93';
UPDATE `user_registration` SET total_downlines = total_downlines+1
WHERE `user_id` = '3PR393';
UPDATE `user_registration` SET left_downlines = left_downlines+1
WHERE `user_id` = '3PR393';
UPDATE `user_registration` SET total_downlines = total_downlines+1
WHERE `user_id` = 'T3MRY1';
UPDATE `user_registration` SET left_downlines = left_downlines+1
WHERE `user_id` = 'T3MRY1';
UPDATE `user_registration` SET total_downlines = total_downlines+1
WHERE `user_id` = 'GTMCCK';
UPDATE `user_registration` SET left_downlines = left_downlines+1
WHERE `user_id` = 'GTMCCK';
UPDATE `user_registration` SET total_downlines = total_downlines+1
WHERE `user_id` = 'DLYMIF';
UPDATE `user_registration` SET left_downlines = left_downlines+1
WHERE `user_id` = 'DLYMIF';
UPDATE `user_registration` SET total_downlines = total_downlines+1
WHERE `user_id` = 'WGJ5KE';
UPDATE `user_registration` SET left_downlines = left_downlines+1
WHERE `user_id` = 'WGJ5KE';
UPDATE `user_registration` SET total_downlines = total_downlines+1
WHERE `user_id` = 'ORRJ3M';
UPDATE `user_registration` SET left_downlines = left_downlines+1
WHERE `user_id` = 'ORRJ3M';
UPDATE `user_registration` SET total_downlines = total_downlines+1
WHERE `user_id` = 'AA8V6V';
UPDATE `user_registration` SET left_downlines = left_downlines+1
WHERE `user_id` = 'AA8V6V';
UPDATE `user_registration` SET total_downlines = total_downlines+1
WHERE `user_id` = '61ME4O';
UPDATE `user_registration` SET left_downlines = left_downlines+1
WHERE `user_id` = '61ME4O';
UPDATE `user_registration` SET total_downlines = total_downlines+1
WHERE `user_id` = 'WS1SZZ';
UPDATE `user_registration` SET left_downlines = left_downlines+1
WHERE `user_id` = 'WS1SZZ';
UPDATE `user_registration` SET total_downlines = total_downlines+1
WHERE `user_id` = 'TBN4MZ';
UPDATE `user_registration` SET left_downlines = left_downlines+1
WHERE `user_id` = 'TBN4MZ';
UPDATE `user_registration` SET total_downlines = total_downlines+1
WHERE `user_id` = 'OEMJ8R';
UPDATE `user_registration` SET left_downlines = left_downlines+1
WHERE `user_id` = 'OEMJ8R';
UPDATE `user_registration` SET total_downlines = total_downlines+1
WHERE `user_id` = 'FXAYIE';
UPDATE `user_registration` SET left_downlines = left_downlines+1
WHERE `user_id` = 'FXAYIE';
UPDATE `user_registration` SET total_downlines = total_downlines+1
WHERE `user_id` = 'ELXZWC';
UPDATE `user_registration` SET left_downlines = left_downlines+1
WHERE `user_id` = 'ELXZWC';
UPDATE `user_registration` SET total_downlines = total_downlines+1
WHERE `user_id` = 'C1TQVI';
UPDATE `user_registration` SET left_downlines = left_downlines+1
WHERE `user_id` = 'C1TQVI';
UPDATE `user_registration` SET total_downlines = total_downlines+1
WHERE `user_id` = 'F5GPDF';
UPDATE `user_registration` SET left_downlines = left_downlines+1
WHERE `user_id` = 'F5GPDF';
UPDATE `user_registration` SET total_downlines = total_downlines+1
WHERE `user_id` = '91PYDK';
UPDATE `user_registration` SET left_downlines = left_downlines+1
WHERE `user_id` = '91PYDK';
UPDATE `user_registration` SET total_downlines = total_downlines+1
WHERE `user_id` = '4OT7RX';
UPDATE `user_registration` SET left_downlines = left_downlines+1
WHERE `user_id` = '4OT7RX';
UPDATE `user_registration` SET total_downlines = total_downlines+1
WHERE `user_id` = 'ZJZA3M';
UPDATE `user_registration` SET left_downlines = left_downlines+1
WHERE `user_id` = 'ZJZA3M';
UPDATE `user_registration` SET total_downlines = total_downlines+1
WHERE `user_id` = 'XN6ETC';
UPDATE `user_registration` SET left_downlines = left_downlines+1
WHERE `user_id` = 'XN6ETC';
UPDATE `user_registration` SET total_downlines = total_downlines+1
WHERE `user_id` = 'KVQN1O';
UPDATE `user_registration` SET left_downlines = left_downlines+1
WHERE `user_id` = 'KVQN1O';
UPDATE `user_registration` SET total_downlines = total_downlines+1
WHERE `user_id` = 'X3V7DJ';
UPDATE `user_registration` SET left_downlines = left_downlines+1
WHERE `user_id` = 'X3V7DJ';
UPDATE `user_registration` SET total_downlines = total_downlines+1
WHERE `user_id` = 'DJ77NH';
UPDATE `user_registration` SET left_downlines = left_downlines+1
WHERE `user_id` = 'DJ77NH';
UPDATE `user_registration` SET total_downlines = total_downlines+1
WHERE `user_id` = 'PX7XCL';
UPDATE `user_registration` SET left_downlines = left_downlines+1
WHERE `user_id` = 'PX7XCL';
UPDATE `user_registration` SET total_downlines = total_downlines+1
WHERE `user_id` = 'L8PM4Z';
UPDATE `user_registration` SET left_downlines = left_downlines+1
WHERE `user_id` = 'L8PM4Z';
UPDATE `user_registration` SET total_downlines = total_downlines+1
WHERE `user_id` = 'GBSIER';
UPDATE `user_registration` SET left_downlines = left_downlines+1
WHERE `user_id` = 'GBSIER';
UPDATE `user_registration` SET total_downlines = total_downlines+1
WHERE `user_id` = 'AV48YQ';
UPDATE `user_registration` SET left_downlines = left_downlines+1
WHERE `user_id` = 'AV48YQ';
UPDATE `user_registration` SET total_downlines = total_downlines+1
WHERE `user_id` = 'admin';
UPDATE `user_registration` SET left_downlines = left_downlines+1
WHERE `user_id` = 'admin';
INSERT INTO `investment` (`invest_date`, `user_id`, `type`, `amount`, `package_id`) VALUES ('2024-09-26 19:58:28', 'P4SO6C', 'register', '595', '2');
INSERT INTO `earnings` (`user_id`, `Purchaser_id`, `earning_type`, `package_id`, `amount`, `date`, `comments`, `invest_amount`, `comm_perc`, `level`, `rank_id`, `order_id`) VALUES ('97QHYG', 'P4SO6C', 'Direct Referral Bonus', '2', '100', '2024-09-26 19:58:28', 'Direct Referral Bonus', 0, 0, 1, '', 367);
UPDATE `user_registration` SET commission_balance = ROUND(commission_balance + 100,2)
WHERE `user_id` = '97QHYG';
INSERT INTO `earnings` (`user_id`, `Purchaser_id`, `earning_type`, `package_id`, `amount`, `date`, `comments`, `invest_amount`, `comm_perc`, `level`, `rank_id`, `order_id`) VALUES ('1FFFBU', 'P4SO6C', 'Expansion Bonus', '2', 200, '2024-09-26 19:58:28', 'Expansion Bonus', '100', 0, 1, '', 367);
UPDATE `user_registration` SET commission_balance = ROUND(commission_balance + 200,2)
WHERE `user_id` = '1FFFBU';
INSERT INTO `matrix_filling` (`placement_id`, `downline_id`, `level`, `matrix`) VALUES ('RM4VZX', 'P4SO6C', 1, 1);
UPDATE `bv_updation` SET right_carry = right_carry+50, total_right = total_right+50
WHERE `user_id` = 'RM4VZX';
INSERT INTO `placement_bv_update_history` (`right_carry`, `date`, `from_id`, `user_id`) VALUES ('50', '2024-09-26 19:58:28', 'P4SO6C', 'RM4VZX');
INSERT INTO `matrix_filling` (`placement_id`, `downline_id`, `level`, `matrix`) VALUES ('IIG2SJ', 'P4SO6C', 2, 1);
UPDATE `bv_updation` SET right_carry = right_carry+50, total_right = total_right+50
WHERE `user_id` = 'IIG2SJ';
INSERT INTO `placement_bv_update_history` (`right_carry`, `date`, `from_id`, `user_id`) VALUES ('50', '2024-09-26 19:58:28', 'P4SO6C', 'IIG2SJ');
INSERT INTO `matrix_filling` (`placement_id`, `downline_id`, `level`, `matrix`) VALUES ('577V9K', 'P4SO6C', 3, 1);
UPDATE `bv_updation` SET right_carry = right_carry+50, total_right = total_right+50
WHERE `user_id` = '577V9K';
INSERT INTO `placement_bv_update_history` (`right_carry`, `date`, `from_id`, `user_id`) VALUES ('50', '2024-09-26 19:58:28', 'P4SO6C', '577V9K');
INSERT INTO `matrix_filling` (`placement_id`, `downline_id`, `level`, `matrix`) VALUES ('97QHYG', 'P4SO6C', 4, 1);
UPDATE `bv_updation` SET right_carry = right_carry+50, total_right = total_right+50
WHERE `user_id` = '97QHYG';
INSERT INTO `placement_bv_update_history` (`right_carry`, `date`, `from_id`, `user_id`) VALUES ('50', '2024-09-26 19:58:28', 'P4SO6C', '97QHYG');
UPDATE `bv_updation` SET sponsor_right_carry = sponsor_right_carry+50, sponsor_total_right = sponsor_total_right+50
WHERE `user_id` = '97QHYG';
INSERT INTO `sponsor_bv_update_history` (`right_carry`, `date`, `user_id`) VALUES ('50', '2024-09-26 19:58:28', '97QHYG');
INSERT INTO `matrix_filling` (`placement_id`, `downline_id`, `level`, `matrix`) VALUES ('IW5GAU', 'P4SO6C', 5, 1);
UPDATE `bv_updation` SET left_carry = left_carry+50, total_left = total_left+50
WHERE `user_id` = 'IW5GAU';
INSERT INTO `placement_bv_update_history` (`left_carry`, `date`, `from_id`, `user_id`) VALUES ('50', '2024-09-26 19:58:28', 'P4SO6C', 'IW5GAU');
INSERT INTO `matrix_filling` (`placement_id`, `downline_id`, `level`, `matrix`) VALUES ('JQ3FLF', 'P4SO6C', 6, 1);
UPDATE `bv_updation` SET left_carry = left_carry+50, total_left = total_left+50
WHERE `user_id` = 'JQ3FLF';
INSERT INTO `placement_bv_update_history` (`left_carry`, `date`, `from_id`, `user_id`) VALUES ('50', '2024-09-26 19:58:28', 'P4SO6C', 'JQ3FLF');
INSERT INTO `matrix_filling` (`placement_id`, `downline_id`, `level`, `matrix`) VALUES ('C3N32U', 'P4SO6C', 7, 1);
UPDATE `bv_updation` SET left_carry = left_carry+50, total_left = total_left+50
WHERE `user_id` = 'C3N32U';
INSERT INTO `placement_bv_update_history` (`left_carry`, `date`, `from_id`, `user_id`) VALUES ('50', '2024-09-26 19:58:28', 'P4SO6C', 'C3N32U');
INSERT INTO `matrix_filling` (`placement_id`, `downline_id`, `level`, `matrix`) VALUES ('MNLXPP', 'P4SO6C', 8, 1);
UPDATE `bv_updation` SET left_carry = left_carry+50, total_left = total_left+50
WHERE `user_id` = 'MNLXPP';
INSERT INTO `placement_bv_update_history` (`left_carry`, `date`, `from_id`, `user_id`) VALUES ('50', '2024-09-26 19:58:28', 'P4SO6C', 'MNLXPP');
INSERT INTO `matrix_filling` (`placement_id`, `downline_id`, `level`, `matrix`) VALUES ('NUPA4K', 'P4SO6C', 9, 1);
UPDATE `bv_updation` SET left_carry = left_carry+50, total_left = total_left+50
WHERE `user_id` = 'NUPA4K';
INSERT INTO `placement_bv_update_history` (`left_carry`, `date`, `from_id`, `user_id`) VALUES ('50', '2024-09-26 19:58:28', 'P4SO6C', 'NUPA4K');
INSERT INTO `matrix_filling` (`placement_id`, `downline_id`, `level`, `matrix`) VALUES ('1FFFBU', 'P4SO6C', 10, 1);
UPDATE `bv_updation` SET left_carry = left_carry+50, total_left = total_left+50
WHERE `user_id` = '1FFFBU';
INSERT INTO `placement_bv_update_history` (`left_carry`, `date`, `from_id`, `user_id`) VALUES ('50', '2024-09-26 19:58:28', 'P4SO6C', '1FFFBU');
INSERT INTO `matrix_filling` (`placement_id`, `downline_id`, `level`, `matrix`) VALUES ('J4CGUT', 'P4SO6C', 11, 1);
UPDATE `bv_updation` SET left_carry = left_carry+50, total_left = total_left+50
WHERE `user_id` = 'J4CGUT';
INSERT INTO `placement_bv_update_history` (`left_carry`, `date`, `from_id`, `user_id`) VALUES ('50', '2024-09-26 19:58:28', 'P4SO6C', 'J4CGUT');
INSERT INTO `matrix_filling` (`placement_id`, `downline_id`, `level`, `matrix`) VALUES ('S1RTX3', 'P4SO6C', 12, 1);
UPDATE `bv_updation` SET left_carry = left_carry+50, total_left = total_left+50
WHERE `user_id` = 'S1RTX3';
INSERT INTO `placement_bv_update_history` (`left_carry`, `date`, `from_id`, `user_id`) VALUES ('50', '2024-09-26 19:58:28', 'P4SO6C', 'S1RTX3');
INSERT INTO `matrix_filling` (`placement_id`, `downline_id`, `level`, `matrix`) VALUES ('I8YWQA', 'P4SO6C', 13, 1);
UPDATE `bv_updation` SET left_carry = left_carry+50, total_left = total_left+50
WHERE `user_id` = 'I8YWQA';
INSERT INTO `placement_bv_update_history` (`left_carry`, `date`, `from_id`, `user_id`) VALUES ('50', '2024-09-26 19:58:28', 'P4SO6C', 'I8YWQA');
INSERT INTO `matrix_filling` (`placement_id`, `downline_id`, `level`, `matrix`) VALUES ('I3MZBU', 'P4SO6C', 14, 1);
UPDATE `bv_updation` SET left_carry = left_carry+50, total_left = total_left+50
WHERE `user_id` = 'I3MZBU';
INSERT INTO `placement_bv_update_history` (`left_carry`, `date`, `from_id`, `user_id`) VALUES ('50', '2024-09-26 19:58:28', 'P4SO6C', 'I3MZBU');
INSERT INTO `matrix_filling` (`placement_id`, `downline_id`, `level`, `matrix`) VALUES ('H2I33O', 'P4SO6C', 15, 1);
UPDATE `bv_updation` SET left_carry = left_carry+50, total_left = total_left+50
WHERE `user_id` = 'H2I33O';
INSERT INTO `placement_bv_update_history` (`left_carry`, `date`, `from_id`, `user_id`) VALUES ('50', '2024-09-26 19:58:28', 'P4SO6C', 'H2I33O');
INSERT INTO `matrix_filling` (`placement_id`, `downline_id`, `level`, `matrix`) VALUES ('AL7XWH', 'P4SO6C', 16, 1);
UPDATE `bv_updation` SET left_carry = left_carry+50, total_left = total_left+50
WHERE `user_id` = 'AL7XWH';
INSERT INTO `placement_bv_update_history` (`left_carry`, `date`, `from_id`, `user_id`) VALUES ('50', '2024-09-26 19:58:28', 'P4SO6C', 'AL7XWH');
INSERT INTO `matrix_filling` (`placement_id`, `downline_id`, `level`, `matrix`) VALUES ('HFZ9SA', 'P4SO6C', 17, 1);
UPDATE `bv_updation` SET left_carry = left_carry+50, total_left = total_left+50
WHERE `user_id` = 'HFZ9SA';
INSERT INTO `placement_bv_update_history` (`left_carry`, `date`, `from_id`, `user_id`) VALUES ('50', '2024-09-26 19:58:28', 'P4SO6C', 'HFZ9SA');
INSERT INTO `matrix_filling` (`placement_id`, `downline_id`, `level`, `matrix`) VALUES ('A2MTZ3', 'P4SO6C', 18, 1);
UPDATE `bv_updation` SET left_carry = left_carry+50, total_left = total_left+50
WHERE `user_id` = 'A2MTZ3';
INSERT INTO `placement_bv_update_history` (`left_carry`, `date`, `from_id`, `user_id`) VALUES ('50', '2024-09-26 19:58:28', 'P4SO6C', 'A2MTZ3');
INSERT INTO `matrix_filling` (`placement_id`, `downline_id`, `level`, `matrix`) VALUES ('RUEKCW', 'P4SO6C', 19, 1);
UPDATE `bv_updation` SET left_carry = left_carry+50, total_left = total_left+50
WHERE `user_id` = 'RUEKCW';
INSERT INTO `placement_bv_update_history` (`left_carry`, `date`, `from_id`, `user_id`) VALUES ('50', '2024-09-26 19:58:28', 'P4SO6C', 'RUEKCW');
INSERT INTO `matrix_filling` (`placement_id`, `downline_id`, `level`, `matrix`) VALUES ('K3GTG4', 'P4SO6C', 20, 1);
UPDATE `bv_updation` SET left_carry = left_carry+50, total_left = total_left+50
WHERE `user_id` = 'K3GTG4';
INSERT INTO `placement_bv_update_history` (`left_carry`, `date`, `from_id`, `user_id`) VALUES ('50', '2024-09-26 19:58:28', 'P4SO6C', 'K3GTG4');
INSERT INTO `matrix_filling` (`placement_id`, `downline_id`, `level`, `matrix`) VALUES ('I1TUBN', 'P4SO6C', 21, 1);
UPDATE `bv_updation` SET left_carry = left_carry+50, total_left = total_left+50
WHERE `user_id` = 'I1TUBN';
INSERT INTO `placement_bv_update_history` (`left_carry`, `date`, `from_id`, `user_id`) VALUES ('50', '2024-09-26 19:58:28', 'P4SO6C', 'I1TUBN');
INSERT INTO `matrix_filling` (`placement_id`, `downline_id`, `level`, `matrix`) VALUES ('BAUCCU', 'P4SO6C', 22, 1);
UPDATE `bv_updation` SET left_carry = left_carry+50, total_left = total_left+50
WHERE `user_id` = 'BAUCCU';
INSERT INTO `placement_bv_update_history` (`left_carry`, `date`, `from_id`, `user_id`) VALUES ('50', '2024-09-26 19:58:28', 'P4SO6C', 'BAUCCU');
INSERT INTO `matrix_filling` (`placement_id`, `downline_id`, `level`, `matrix`) VALUES ('62QO97', 'P4SO6C', 23, 1);
UPDATE `bv_updation` SET left_carry = left_carry+50, total_left = total_left+50
WHERE `user_id` = '62QO97';
INSERT INTO `placement_bv_update_history` (`left_carry`, `date`, `from_id`, `user_id`) VALUES ('50', '2024-09-26 19:58:28', 'P4SO6C', '62QO97');
INSERT INTO `matrix_filling` (`placement_id`, `downline_id`, `level`, `matrix`) VALUES ('OHLQEO', 'P4SO6C', 24, 1);
UPDATE `bv_updation` SET left_carry = left_carry+50, total_left = total_left+50
WHERE `user_id` = 'OHLQEO';
INSERT INTO `placement_bv_update_history` (`left_carry`, `date`, `from_id`, `user_id`) VALUES ('50', '2024-09-26 19:58:28', 'P4SO6C', 'OHLQEO');
INSERT INTO `matrix_filling` (`placement_id`, `downline_id`, `level`, `matrix`) VALUES ('7APFKG', 'P4SO6C', 25, 1);
UPDATE `bv_updation` SET left_carry = left_carry+50, total_left = total_left+50
WHERE `user_id` = '7APFKG';
INSERT INTO `placement_bv_update_history` (`left_carry`, `date`, `from_id`, `user_id`) VALUES ('50', '2024-09-26 19:58:28', 'P4SO6C', '7APFKG');
INSERT INTO `matrix_filling` (`placement_id`, `downline_id`, `level`, `matrix`) VALUES ('Q2Q92Y', 'P4SO6C', 26, 1);
UPDATE `bv_updation` SET left_carry = left_carry+50, total_left = total_left+50
WHERE `user_id` = 'Q2Q92Y';
INSERT INTO `placement_bv_update_history` (`left_carry`, `date`, `from_id`, `user_id`) VALUES ('50', '2024-09-26 19:58:28', 'P4SO6C', 'Q2Q92Y');
INSERT INTO `matrix_filling` (`placement_id`, `downline_id`, `level`, `matrix`) VALUES ('E9ITRC', 'P4SO6C', 27, 1);
UPDATE `bv_updation` SET left_carry = left_carry+50, total_left = total_left+50
WHERE `user_id` = 'E9ITRC';
INSERT INTO `placement_bv_update_history` (`left_carry`, `date`, `from_id`, `user_id`) VALUES ('50', '2024-09-26 19:58:28', 'P4SO6C', 'E9ITRC');
INSERT INTO `matrix_filling` (`placement_id`, `downline_id`, `level`, `matrix`) VALUES ('7COKBB', 'P4SO6C', 28, 1);
UPDATE `bv_updation` SET left_carry = left_carry+50, total_left = total_left+50
WHERE `user_id` = '7COKBB';
INSERT INTO `placement_bv_update_history` (`left_carry`, `date`, `from_id`, `user_id`) VALUES ('50', '2024-09-26 19:58:28', 'P4SO6C', '7COKBB');
INSERT INTO `matrix_filling` (`placement_id`, `downline_id`, `level`, `matrix`) VALUES ('BDNS17', 'P4SO6C', 29, 1);
UPDATE `bv_updation` SET left_carry = left_carry+50, total_left = total_left+50
WHERE `user_id` = 'BDNS17';
INSERT INTO `placement_bv_update_history` (`left_carry`, `date`, `from_id`, `user_id`) VALUES ('50', '2024-09-26 19:58:28', 'P4SO6C', 'BDNS17');
INSERT INTO `matrix_filling` (`placement_id`, `downline_id`, `level`, `matrix`) VALUES ('7ZXRRE', 'P4SO6C', 30, 1);
UPDATE `bv_updation` SET left_carry = left_carry+50, total_left = total_left+50
WHERE `user_id` = '7ZXRRE';
INSERT INTO `placement_bv_update_history` (`left_carry`, `date`, `from_id`, `user_id`) VALUES ('50', '2024-09-26 19:58:28', 'P4SO6C', '7ZXRRE');
INSERT INTO `matrix_filling` (`placement_id`, `downline_id`, `level`, `matrix`) VALUES ('KLRAF5', 'P4SO6C', 31, 1);
UPDATE `bv_updation` SET left_carry = left_carry+50, total_left = total_left+50
WHERE `user_id` = 'KLRAF5';
INSERT INTO `placement_bv_update_history` (`left_carry`, `date`, `from_id`, `user_id`) VALUES ('50', '2024-09-26 19:58:28', 'P4SO6C', 'KLRAF5');
INSERT INTO `matrix_filling` (`placement_id`, `downline_id`, `level`, `matrix`) VALUES ('IFJHZG', 'P4SO6C', 32, 1);
UPDATE `bv_updation` SET left_carry = left_carry+50, total_left = total_left+50
WHERE `user_id` = 'IFJHZG';
INSERT INTO `placement_bv_update_history` (`left_carry`, `date`, `from_id`, `user_id`) VALUES ('50', '2024-09-26 19:58:28', 'P4SO6C', 'IFJHZG');
INSERT INTO `matrix_filling` (`placement_id`, `downline_id`, `level`, `matrix`) VALUES ('MXUV8Q', 'P4SO6C', 33, 1);
UPDATE `bv_updation` SET left_carry = left_carry+50, total_left = total_left+50
WHERE `user_id` = 'MXUV8Q';
INSERT INTO `placement_bv_update_history` (`left_carry`, `date`, `from_id`, `user_id`) VALUES ('50', '2024-09-26 19:58:28', 'P4SO6C', 'MXUV8Q');
INSERT INTO `matrix_filling` (`placement_id`, `downline_id`, `level`, `matrix`) VALUES ('GGM164', 'P4SO6C', 34, 1);
UPDATE `bv_updation` SET left_carry = left_carry+50, total_left = total_left+50
WHERE `user_id` = 'GGM164';
INSERT INTO `placement_bv_update_history` (`left_carry`, `date`, `from_id`, `user_id`) VALUES ('50', '2024-09-26 19:58:28', 'P4SO6C', 'GGM164');
INSERT INTO `matrix_filling` (`placement_id`, `downline_id`, `level`, `matrix`) VALUES ('3NKIEX', 'P4SO6C', 35, 1);
UPDATE `bv_updation` SET left_carry = left_carry+50, total_left = total_left+50
WHERE `user_id` = '3NKIEX';
INSERT INTO `placement_bv_update_history` (`left_carry`, `date`, `from_id`, `user_id`) VALUES ('50', '2024-09-26 19:58:28', 'P4SO6C', '3NKIEX');
INSERT INTO `matrix_filling` (`placement_id`, `downline_id`, `level`, `matrix`) VALUES ('S56TH3', 'P4SO6C', 36, 1);
UPDATE `bv_updation` SET left_carry = left_carry+50, total_left = total_left+50
WHERE `user_id` = 'S56TH3';
INSERT INTO `placement_bv_update_history` (`left_carry`, `date`, `from_id`, `user_id`) VALUES ('50', '2024-09-26 19:58:28', 'P4SO6C', 'S56TH3');
INSERT INTO `matrix_filling` (`placement_id`, `downline_id`, `level`, `matrix`) VALUES ('XYG89U', 'P4SO6C', 37, 1);
UPDATE `bv_updation` SET left_carry = left_carry+50, total_left = total_left+50
WHERE `user_id` = 'XYG89U';
INSERT INTO `placement_bv_update_history` (`left_carry`, `date`, `from_id`, `user_id`) VALUES ('50', '2024-09-26 19:58:28', 'P4SO6C', 'XYG89U');
INSERT INTO `matrix_filling` (`placement_id`, `downline_id`, `level`, `matrix`) VALUES ('HTFY93', 'P4SO6C', 38, 1);
UPDATE `bv_updation` SET left_carry = left_carry+50, total_left = total_left+50
WHERE `user_id` = 'HTFY93';
INSERT INTO `placement_bv_update_history` (`left_carry`, `date`, `from_id`, `user_id`) VALUES ('50', '2024-09-26 19:58:28', 'P4SO6C', 'HTFY93');
INSERT INTO `matrix_filling` (`placement_id`, `downline_id`, `level`, `matrix`) VALUES ('3PR393', 'P4SO6C', 39, 1);
UPDATE `bv_updation` SET left_carry = left_carry+50, total_left = total_left+50
WHERE `user_id` = '3PR393';
INSERT INTO `placement_bv_update_history` (`left_carry`, `date`, `from_id`, `user_id`) VALUES ('50', '2024-09-26 19:58:28', 'P4SO6C', '3PR393');
INSERT INTO `matrix_filling` (`placement_id`, `downline_id`, `level`, `matrix`) VALUES ('T3MRY1', 'P4SO6C', 40, 1);
UPDATE `bv_updation` SET left_carry = left_carry+50, total_left = total_left+50
WHERE `user_id` = 'T3MRY1';
INSERT INTO `placement_bv_update_history` (`left_carry`, `date`, `from_id`, `user_id`) VALUES ('50', '2024-09-26 19:58:28', 'P4SO6C', 'T3MRY1');
INSERT INTO `matrix_filling` (`placement_id`, `downline_id`, `level`, `matrix`) VALUES ('GTMCCK', 'P4SO6C', 41, 1);
UPDATE `bv_updation` SET left_carry = left_carry+50, total_left = total_left+50
WHERE `user_id` = 'GTMCCK';
INSERT INTO `placement_bv_update_history` (`left_carry`, `date`, `from_id`, `user_id`) VALUES ('50', '2024-09-26 19:58:28', 'P4SO6C', 'GTMCCK');
INSERT INTO `matrix_filling` (`placement_id`, `downline_id`, `level`, `matrix`) VALUES ('DLYMIF', 'P4SO6C', 42, 1);
UPDATE `bv_updation` SET left_carry = left_carry+50, total_left = total_left+50
WHERE `user_id` = 'DLYMIF';
INSERT INTO `placement_bv_update_history` (`left_carry`, `date`, `from_id`, `user_id`) VALUES ('50', '2024-09-26 19:58:28', 'P4SO6C', 'DLYMIF');
INSERT INTO `matrix_filling` (`placement_id`, `downline_id`, `level`, `matrix`) VALUES ('WGJ5KE', 'P4SO6C', 43, 1);
UPDATE `bv_updation` SET left_carry = left_carry+50, total_left = total_left+50
WHERE `user_id` = 'WGJ5KE';
INSERT INTO `placement_bv_update_history` (`left_carry`, `date`, `from_id`, `user_id`) VALUES ('50', '2024-09-26 19:58:28', 'P4SO6C', 'WGJ5KE');
INSERT INTO `matrix_filling` (`placement_id`, `downline_id`, `level`, `matrix`) VALUES ('ORRJ3M', 'P4SO6C', 44, 1);
UPDATE `bv_updation` SET left_carry = left_carry+50, total_left = total_left+50
WHERE `user_id` = 'ORRJ3M';
INSERT INTO `placement_bv_update_history` (`left_carry`, `date`, `from_id`, `user_id`) VALUES ('50', '2024-09-26 19:58:28', 'P4SO6C', 'ORRJ3M');
INSERT INTO `matrix_filling` (`placement_id`, `downline_id`, `level`, `matrix`) VALUES ('AA8V6V', 'P4SO6C', 45, 1);
UPDATE `bv_updation` SET left_carry = left_carry+50, total_left = total_left+50
WHERE `user_id` = 'AA8V6V';
INSERT INTO `placement_bv_update_history` (`left_carry`, `date`, `from_id`, `user_id`) VALUES ('50', '2024-09-26 19:58:28', 'P4SO6C', 'AA8V6V');
INSERT INTO `matrix_filling` (`placement_id`, `downline_id`, `level`, `matrix`) VALUES ('61ME4O', 'P4SO6C', 46, 1);
UPDATE `bv_updation` SET left_carry = left_carry+50, total_left = total_left+50
WHERE `user_id` = '61ME4O';
INSERT INTO `placement_bv_update_history` (`left_carry`, `date`, `from_id`, `user_id`) VALUES ('50', '2024-09-26 19:58:28', 'P4SO6C', '61ME4O');
INSERT INTO `matrix_filling` (`placement_id`, `downline_id`, `level`, `matrix`) VALUES ('WS1SZZ', 'P4SO6C', 47, 1);
UPDATE `bv_updation` SET left_carry = left_carry+50, total_left = total_left+50
WHERE `user_id` = 'WS1SZZ';
INSERT INTO `placement_bv_update_history` (`left_carry`, `date`, `from_id`, `user_id`) VALUES ('50', '2024-09-26 19:58:28', 'P4SO6C', 'WS1SZZ');
INSERT INTO `matrix_filling` (`placement_id`, `downline_id`, `level`, `matrix`) VALUES ('TBN4MZ', 'P4SO6C', 48, 1);
UPDATE `bv_updation` SET left_carry = left_carry+50, total_left = total_left+50
WHERE `user_id` = 'TBN4MZ';
INSERT INTO `placement_bv_update_history` (`left_carry`, `date`, `from_id`, `user_id`) VALUES ('50', '2024-09-26 19:58:28', 'P4SO6C', 'TBN4MZ');
INSERT INTO `matrix_filling` (`placement_id`, `downline_id`, `level`, `matrix`) VALUES ('OEMJ8R', 'P4SO6C', 49, 1);
UPDATE `bv_updation` SET left_carry = left_carry+50, total_left = total_left+50
WHERE `user_id` = 'OEMJ8R';
INSERT INTO `placement_bv_update_history` (`left_carry`, `date`, `from_id`, `user_id`) VALUES ('50', '2024-09-26 19:58:28', 'P4SO6C', 'OEMJ8R');
INSERT INTO `matrix_filling` (`placement_id`, `downline_id`, `level`, `matrix`) VALUES ('FXAYIE', 'P4SO6C', 50, 1);
UPDATE `bv_updation` SET left_carry = left_carry+50, total_left = total_left+50
WHERE `user_id` = 'FXAYIE';
INSERT INTO `placement_bv_update_history` (`left_carry`, `date`, `from_id`, `user_id`) VALUES ('50', '2024-09-26 19:58:28', 'P4SO6C', 'FXAYIE');
INSERT INTO `matrix_filling` (`placement_id`, `downline_id`, `level`, `matrix`) VALUES ('ELXZWC', 'P4SO6C', 51, 1);
UPDATE `bv_updation` SET left_carry = left_carry+50, total_left = total_left+50
WHERE `user_id` = 'ELXZWC';
INSERT INTO `placement_bv_update_history` (`left_carry`, `date`, `from_id`, `user_id`) VALUES ('50', '2024-09-26 19:58:28', 'P4SO6C', 'ELXZWC');
INSERT INTO `matrix_filling` (`placement_id`, `downline_id`, `level`, `matrix`) VALUES ('C1TQVI', 'P4SO6C', 52, 1);
UPDATE `bv_updation` SET left_carry = left_carry+50, total_left = total_left+50
WHERE `user_id` = 'C1TQVI';
INSERT INTO `placement_bv_update_history` (`left_carry`, `date`, `from_id`, `user_id`) VALUES ('50', '2024-09-26 19:58:28', 'P4SO6C', 'C1TQVI');
INSERT INTO `matrix_filling` (`placement_id`, `downline_id`, `level`, `matrix`) VALUES ('F5GPDF', 'P4SO6C', 53, 1);
UPDATE `bv_updation` SET left_carry = left_carry+50, total_left = total_left+50
WHERE `user_id` = 'F5GPDF';
INSERT INTO `placement_bv_update_history` (`left_carry`, `date`, `from_id`, `user_id`) VALUES ('50', '2024-09-26 19:58:28', 'P4SO6C', 'F5GPDF');
INSERT INTO `matrix_filling` (`placement_id`, `downline_id`, `level`, `matrix`) VALUES ('91PYDK', 'P4SO6C', 54, 1);
UPDATE `bv_updation` SET left_carry = left_carry+50, total_left = total_left+50
WHERE `user_id` = '91PYDK';
INSERT INTO `placement_bv_update_history` (`left_carry`, `date`, `from_id`, `user_id`) VALUES ('50', '2024-09-26 19:58:28', 'P4SO6C', '91PYDK');
INSERT INTO `matrix_filling` (`placement_id`, `downline_id`, `level`, `matrix`) VALUES ('4OT7RX', 'P4SO6C', 55, 1);
UPDATE `bv_updation` SET left_carry = left_carry+50, total_left = total_left+50
WHERE `user_id` = '4OT7RX';
INSERT INTO `placement_bv_update_history` (`left_carry`, `date`, `from_id`, `user_id`) VALUES ('50', '2024-09-26 19:58:28', 'P4SO6C', '4OT7RX');
INSERT INTO `matrix_filling` (`placement_id`, `downline_id`, `level`, `matrix`) VALUES ('ZJZA3M', 'P4SO6C', 56, 1);
UPDATE `bv_updation` SET left_carry = left_carry+50, total_left = total_left+50
WHERE `user_id` = 'ZJZA3M';
INSERT INTO `placement_bv_update_history` (`left_carry`, `date`, `from_id`, `user_id`) VALUES ('50', '2024-09-26 19:58:28', 'P4SO6C', 'ZJZA3M');
INSERT INTO `matrix_filling` (`placement_id`, `downline_id`, `level`, `matrix`) VALUES ('XN6ETC', 'P4SO6C', 57, 1);
UPDATE `bv_updation` SET left_carry = left_carry+50, total_left = total_left+50
WHERE `user_id` = 'XN6ETC';
INSERT INTO `placement_bv_update_history` (`left_carry`, `date`, `from_id`, `user_id`) VALUES ('50', '2024-09-26 19:58:28', 'P4SO6C', 'XN6ETC');
INSERT INTO `matrix_filling` (`placement_id`, `downline_id`, `level`, `matrix`) VALUES ('KVQN1O', 'P4SO6C', 58, 1);
UPDATE `bv_updation` SET left_carry = left_carry+50, total_left = total_left+50
WHERE `user_id` = 'KVQN1O';
INSERT INTO `placement_bv_update_history` (`left_carry`, `date`, `from_id`, `user_id`) VALUES ('50', '2024-09-26 19:58:28', 'P4SO6C', 'KVQN1O');
INSERT INTO `matrix_filling` (`placement_id`, `downline_id`, `level`, `matrix`) VALUES ('X3V7DJ', 'P4SO6C', 59, 1);
UPDATE `bv_updation` SET left_carry = left_carry+50, total_left = total_left+50
WHERE `user_id` = 'X3V7DJ';
INSERT INTO `placement_bv_update_history` (`left_carry`, `date`, `from_id`, `user_id`) VALUES ('50', '2024-09-26 19:58:28', 'P4SO6C', 'X3V7DJ');
INSERT INTO `matrix_filling` (`placement_id`, `downline_id`, `level`, `matrix`) VALUES ('DJ77NH', 'P4SO6C', 60, 1);
UPDATE `bv_updation` SET left_carry = left_carry+50, total_left = total_left+50
WHERE `user_id` = 'DJ77NH';
INSERT INTO `placement_bv_update_history` (`left_carry`, `date`, `from_id`, `user_id`) VALUES ('50', '2024-09-26 19:58:28', 'P4SO6C', 'DJ77NH');
INSERT INTO `matrix_filling` (`placement_id`, `downline_id`, `level`, `matrix`) VALUES ('PX7XCL', 'P4SO6C', 61, 1);
UPDATE `bv_updation` SET left_carry = left_carry+50, total_left = total_left+50
WHERE `user_id` = 'PX7XCL';
INSERT INTO `placement_bv_update_history` (`left_carry`, `date`, `from_id`, `user_id`) VALUES ('50', '2024-09-26 19:58:28', 'P4SO6C', 'PX7XCL');
INSERT INTO `matrix_filling` (`placement_id`, `downline_id`, `level`, `matrix`) VALUES ('L8PM4Z', 'P4SO6C', 62, 1);
UPDATE `bv_updation` SET left_carry = left_carry+50, total_left = total_left+50
WHERE `user_id` = 'L8PM4Z';
INSERT INTO `placement_bv_update_history` (`left_carry`, `date`, `from_id`, `user_id`) VALUES ('50', '2024-09-26 19:58:28', 'P4SO6C', 'L8PM4Z');
INSERT INTO `matrix_filling` (`placement_id`, `downline_id`, `level`, `matrix`) VALUES ('GBSIER', 'P4SO6C', 63, 1);
UPDATE `bv_updation` SET left_carry = left_carry+50, total_left = total_left+50
WHERE `user_id` = 'GBSIER';
INSERT INTO `placement_bv_update_history` (`left_carry`, `date`, `from_id`, `user_id`) VALUES ('50', '2024-09-26 19:58:28', 'P4SO6C', 'GBSIER');
INSERT INTO `matrix_filling` (`placement_id`, `downline_id`, `level`, `matrix`) VALUES ('AV48YQ', 'P4SO6C', 64, 1);
UPDATE `bv_updation` SET left_carry = left_carry+50, total_left = total_left+50
WHERE `user_id` = 'AV48YQ';
INSERT INTO `placement_bv_update_history` (`left_carry`, `date`, `from_id`, `user_id`) VALUES ('50', '2024-09-26 19:58:28', 'P4SO6C', 'AV48YQ');
INSERT INTO `matrix_filling` (`placement_id`, `downline_id`, `level`, `matrix`) VALUES ('admin', 'P4SO6C', 65, 1);
INSERT INTO `package_purchase_history` (`user_id`, `package_id`, `reg_fee`, `package_name`, `monthly_fee`, `type`, `date`, `payment_option`) VALUES ('P4SO6C', '2', '595', 'Traveler Pro', '150', 'sign_up', '2024-09-26 19:58:28', 'free');
UPDATE `user_registration` SET `uid` = '3041', `user_id` = 'O7Q59B', `username` = 'jenny7', `sponsor_id` = '97QHYG', `vacant` = 'no', `f_name` = 'Jenny', `l_name` = 'Kairuz', `address` = '8100 SW 14 Terr', `position` = 'right', `email` = 'jenny7@gmail.com', `password` = '28dfb0795dd3b4bf7053df3f0dd34296', `phone` = '7862876762', `country` = 'United States', `state` = 'Florida', `city` = 'Miami', `street` = '8100 SW 14 Terr', `zip_code` = '33144', `reg_ip` = '172.70.83.3', `status` = 1, `package_id` = '2', `rank_id` = 1, `highest_rank` = 1, `created` = '2024-09-26 20:01:57', `subscription_date` = '2024-10-26', `google_secret` = 'FXRXAQFJNMZOMNNQ'
WHERE `uid` = '3041';
INSERT INTO `user_registration` (`uid`, `user_id`, `username`, `sponsor_id`, `placement_id`, `vacant`, `f_name`, `l_name`, `address`, `position`, `email`, `password`, `phone`, `reg_ip`, `status`, `created`) VALUES (NULL, 'VBCNTW', 'fYZgXXsY', 'O7Q59B', 'O7Q59B', 'yes', '', '', '', 'left', '@mail.com', '', '', '', 0, '2024-09-26 20:01:57');
INSERT INTO `user_registration` (`uid`, `user_id`, `username`, `sponsor_id`, `placement_id`, `vacant`, `f_name`, `l_name`, `address`, `position`, `email`, `password`, `phone`, `reg_ip`, `status`, `created`) VALUES (NULL, 'BLOVGZ', 'zndnPRje', 'O7Q59B', 'O7Q59B', 'yes', '', '', '', 'right', '@mail.com', '', '', '', 0, '2024-09-26 20:01:57');
INSERT INTO `bv_updation` (`user_id`) VALUES ('O7Q59B');
UPDATE `user_registration` SET total_ref_count = total_ref_count+1
WHERE `user_id` = '97QHYG';
UPDATE `user_registration` SET total_downlines = total_downlines+1
WHERE `user_id` = 'P4SO6C';
UPDATE `user_registration` SET right_downlines = right_downlines+1
WHERE `user_id` = 'P4SO6C';
UPDATE `user_registration` SET total_downlines = total_downlines+1
WHERE `user_id` = 'RM4VZX';
UPDATE `user_registration` SET right_downlines = right_downlines+1
WHERE `user_id` = 'RM4VZX';
UPDATE `user_registration` SET total_downlines = total_downlines+1
WHERE `user_id` = 'IIG2SJ';
UPDATE `user_registration` SET right_downlines = right_downlines+1
WHERE `user_id` = 'IIG2SJ';
UPDATE `user_registration` SET total_downlines = total_downlines+1
WHERE `user_id` = '577V9K';
UPDATE `user_registration` SET right_downlines = right_downlines+1
WHERE `user_id` = '577V9K';
UPDATE `user_registration` SET total_downlines = total_downlines+1
WHERE `user_id` = '97QHYG';
UPDATE `user_registration` SET right_downlines = right_downlines+1
WHERE `user_id` = '97QHYG';
UPDATE `user_registration` SET right_ref_count = right_ref_count+1
WHERE `user_id` = '97QHYG';
UPDATE `user_registration` SET active_right = active_right+1
WHERE `user_id` = '97QHYG';
UPDATE `user_registration` SET total_downlines = total_downlines+1
WHERE `user_id` = 'IW5GAU';
UPDATE `user_registration` SET left_downlines = left_downlines+1
WHERE `user_id` = 'IW5GAU';
UPDATE `user_registration` SET total_downlines = total_downlines+1
WHERE `user_id` = 'JQ3FLF';
UPDATE `user_registration` SET left_downlines = left_downlines+1
WHERE `user_id` = 'JQ3FLF';
UPDATE `user_registration` SET total_downlines = total_downlines+1
WHERE `user_id` = 'C3N32U';
UPDATE `user_registration` SET left_downlines = left_downlines+1
WHERE `user_id` = 'C3N32U';
UPDATE `user_registration` SET total_downlines = total_downlines+1
WHERE `user_id` = 'MNLXPP';
UPDATE `user_registration` SET left_downlines = left_downlines+1
WHERE `user_id` = 'MNLXPP';
UPDATE `user_registration` SET total_downlines = total_downlines+1
WHERE `user_id` = 'NUPA4K';
UPDATE `user_registration` SET left_downlines = left_downlines+1
WHERE `user_id` = 'NUPA4K';
UPDATE `user_registration` SET total_downlines = total_downlines+1
WHERE `user_id` = '1FFFBU';
UPDATE `user_registration` SET left_downlines = left_downlines+1
WHERE `user_id` = '1FFFBU';
UPDATE `user_registration` SET total_downlines = total_downlines+1
WHERE `user_id` = 'J4CGUT';
UPDATE `user_registration` SET left_downlines = left_downlines+1
WHERE `user_id` = 'J4CGUT';
UPDATE `user_registration` SET total_downlines = total_downlines+1
WHERE `user_id` = 'S1RTX3';
UPDATE `user_registration` SET left_downlines = left_downlines+1
WHERE `user_id` = 'S1RTX3';
UPDATE `user_registration` SET total_downlines = total_downlines+1
WHERE `user_id` = 'I8YWQA';
UPDATE `user_registration` SET left_downlines = left_downlines+1
WHERE `user_id` = 'I8YWQA';
UPDATE `user_registration` SET total_downlines = total_downlines+1
WHERE `user_id` = 'I3MZBU';
UPDATE `user_registration` SET left_downlines = left_downlines+1
WHERE `user_id` = 'I3MZBU';
UPDATE `user_registration` SET total_downlines = total_downlines+1
WHERE `user_id` = 'H2I33O';
UPDATE `user_registration` SET left_downlines = left_downlines+1
WHERE `user_id` = 'H2I33O';
UPDATE `user_registration` SET total_downlines = total_downlines+1
WHERE `user_id` = 'AL7XWH';
UPDATE `user_registration` SET left_downlines = left_downlines+1
WHERE `user_id` = 'AL7XWH';
UPDATE `user_registration` SET total_downlines = total_downlines+1
WHERE `user_id` = 'HFZ9SA';
UPDATE `user_registration` SET left_downlines = left_downlines+1
WHERE `user_id` = 'HFZ9SA';
UPDATE `user_registration` SET total_downlines = total_downlines+1
WHERE `user_id` = 'A2MTZ3';
UPDATE `user_registration` SET left_downlines = left_downlines+1
WHERE `user_id` = 'A2MTZ3';
UPDATE `user_registration` SET total_downlines = total_downlines+1
WHERE `user_id` = 'RUEKCW';
UPDATE `user_registration` SET left_downlines = left_downlines+1
WHERE `user_id` = 'RUEKCW';
UPDATE `user_registration` SET total_downlines = total_downlines+1
WHERE `user_id` = 'K3GTG4';
UPDATE `user_registration` SET left_downlines = left_downlines+1
WHERE `user_id` = 'K3GTG4';
UPDATE `user_registration` SET total_downlines = total_downlines+1
WHERE `user_id` = 'I1TUBN';
UPDATE `user_registration` SET left_downlines = left_downlines+1
WHERE `user_id` = 'I1TUBN';
UPDATE `user_registration` SET total_downlines = total_downlines+1
WHERE `user_id` = 'BAUCCU';
UPDATE `user_registration` SET left_downlines = left_downlines+1
WHERE `user_id` = 'BAUCCU';
UPDATE `user_registration` SET total_downlines = total_downlines+1
WHERE `user_id` = '62QO97';
UPDATE `user_registration` SET left_downlines = left_downlines+1
WHERE `user_id` = '62QO97';
UPDATE `user_registration` SET total_downlines = total_downlines+1
WHERE `user_id` = 'OHLQEO';
UPDATE `user_registration` SET left_downlines = left_downlines+1
WHERE `user_id` = 'OHLQEO';
UPDATE `user_registration` SET total_downlines = total_downlines+1
WHERE `user_id` = '7APFKG';
UPDATE `user_registration` SET left_downlines = left_downlines+1
WHERE `user_id` = '7APFKG';
UPDATE `user_registration` SET total_downlines = total_downlines+1
WHERE `user_id` = 'Q2Q92Y';
UPDATE `user_registration` SET left_downlines = left_downlines+1
WHERE `user_id` = 'Q2Q92Y';
UPDATE `user_registration` SET total_downlines = total_downlines+1
WHERE `user_id` = 'E9ITRC';
UPDATE `user_registration` SET left_downlines = left_downlines+1
WHERE `user_id` = 'E9ITRC';
UPDATE `user_registration` SET total_downlines = total_downlines+1
WHERE `user_id` = '7COKBB';
UPDATE `user_registration` SET left_downlines = left_downlines+1
WHERE `user_id` = '7COKBB';
UPDATE `user_registration` SET total_downlines = total_downlines+1
WHERE `user_id` = 'BDNS17';
UPDATE `user_registration` SET left_downlines = left_downlines+1
WHERE `user_id` = 'BDNS17';
UPDATE `user_registration` SET total_downlines = total_downlines+1
WHERE `user_id` = '7ZXRRE';
UPDATE `user_registration` SET left_downlines = left_downlines+1
WHERE `user_id` = '7ZXRRE';
UPDATE `user_registration` SET total_downlines = total_downlines+1
WHERE `user_id` = 'KLRAF5';
UPDATE `user_registration` SET left_downlines = left_downlines+1
WHERE `user_id` = 'KLRAF5';
UPDATE `user_registration` SET total_downlines = total_downlines+1
WHERE `user_id` = 'IFJHZG';
UPDATE `user_registration` SET left_downlines = left_downlines+1
WHERE `user_id` = 'IFJHZG';
UPDATE `user_registration` SET total_downlines = total_downlines+1
WHERE `user_id` = 'MXUV8Q';
UPDATE `user_registration` SET left_downlines = left_downlines+1
WHERE `user_id` = 'MXUV8Q';
UPDATE `user_registration` SET total_downlines = total_downlines+1
WHERE `user_id` = 'GGM164';
UPDATE `user_registration` SET left_downlines = left_downlines+1
WHERE `user_id` = 'GGM164';
UPDATE `user_registration` SET total_downlines = total_downlines+1
WHERE `user_id` = '3NKIEX';
UPDATE `user_registration` SET left_downlines = left_downlines+1
WHERE `user_id` = '3NKIEX';
UPDATE `user_registration` SET total_downlines = total_downlines+1
WHERE `user_id` = 'S56TH3';
UPDATE `user_registration` SET left_downlines = left_downlines+1
WHERE `user_id` = 'S56TH3';
UPDATE `user_registration` SET total_downlines = total_downlines+1
WHERE `user_id` = 'XYG89U';
UPDATE `user_registration` SET left_downlines = left_downlines+1
WHERE `user_id` = 'XYG89U';
UPDATE `user_registration` SET total_downlines = total_downlines+1
WHERE `user_id` = 'HTFY93';
UPDATE `user_registration` SET left_downlines = left_downlines+1
WHERE `user_id` = 'HTFY93';
UPDATE `user_registration` SET total_downlines = total_downlines+1
WHERE `user_id` = '3PR393';
UPDATE `user_registration` SET left_downlines = left_downlines+1
WHERE `user_id` = '3PR393';
UPDATE `user_registration` SET total_downlines = total_downlines+1
WHERE `user_id` = 'T3MRY1';
UPDATE `user_registration` SET left_downlines = left_downlines+1
WHERE `user_id` = 'T3MRY1';
UPDATE `user_registration` SET total_downlines = total_downlines+1
WHERE `user_id` = 'GTMCCK';
UPDATE `user_registration` SET left_downlines = left_downlines+1
WHERE `user_id` = 'GTMCCK';
UPDATE `user_registration` SET total_downlines = total_downlines+1
WHERE `user_id` = 'DLYMIF';
UPDATE `user_registration` SET left_downlines = left_downlines+1
WHERE `user_id` = 'DLYMIF';
UPDATE `user_registration` SET total_downlines = total_downlines+1
WHERE `user_id` = 'WGJ5KE';
UPDATE `user_registration` SET left_downlines = left_downlines+1
WHERE `user_id` = 'WGJ5KE';
UPDATE `user_registration` SET total_downlines = total_downlines+1
WHERE `user_id` = 'ORRJ3M';
UPDATE `user_registration` SET left_downlines = left_downlines+1
WHERE `user_id` = 'ORRJ3M';
UPDATE `user_registration` SET total_downlines = total_downlines+1
WHERE `user_id` = 'AA8V6V';
UPDATE `user_registration` SET left_downlines = left_downlines+1
WHERE `user_id` = 'AA8V6V';
UPDATE `user_registration` SET total_downlines = total_downlines+1
WHERE `user_id` = '61ME4O';
UPDATE `user_registration` SET left_downlines = left_downlines+1
WHERE `user_id` = '61ME4O';
UPDATE `user_registration` SET total_downlines = total_downlines+1
WHERE `user_id` = 'WS1SZZ';
UPDATE `user_registration` SET left_downlines = left_downlines+1
WHERE `user_id` = 'WS1SZZ';
UPDATE `user_registration` SET total_downlines = total_downlines+1
WHERE `user_id` = 'TBN4MZ';
UPDATE `user_registration` SET left_downlines = left_downlines+1
WHERE `user_id` = 'TBN4MZ';
UPDATE `user_registration` SET total_downlines = total_downlines+1
WHERE `user_id` = 'OEMJ8R';
UPDATE `user_registration` SET left_downlines = left_downlines+1
WHERE `user_id` = 'OEMJ8R';
UPDATE `user_registration` SET total_downlines = total_downlines+1
WHERE `user_id` = 'FXAYIE';
UPDATE `user_registration` SET left_downlines = left_downlines+1
WHERE `user_id` = 'FXAYIE';
UPDATE `user_registration` SET total_downlines = total_downlines+1
WHERE `user_id` = 'ELXZWC';
UPDATE `user_registration` SET left_downlines = left_downlines+1
WHERE `user_id` = 'ELXZWC';
UPDATE `user_registration` SET total_downlines = total_downlines+1
WHERE `user_id` = 'C1TQVI';
UPDATE `user_registration` SET left_downlines = left_downlines+1
WHERE `user_id` = 'C1TQVI';
UPDATE `user_registration` SET total_downlines = total_downlines+1
WHERE `user_id` = 'F5GPDF';
UPDATE `user_registration` SET left_downlines = left_downlines+1
WHERE `user_id` = 'F5GPDF';
UPDATE `user_registration` SET total_downlines = total_downlines+1
WHERE `user_id` = '91PYDK';
UPDATE `user_registration` SET left_downlines = left_downlines+1
WHERE `user_id` = '91PYDK';
UPDATE `user_registration` SET total_downlines = total_downlines+1
WHERE `user_id` = '4OT7RX';
UPDATE `user_registration` SET left_downlines = left_downlines+1
WHERE `user_id` = '4OT7RX';
UPDATE `user_registration` SET total_downlines = total_downlines+1
WHERE `user_id` = 'ZJZA3M';
UPDATE `user_registration` SET left_downlines = left_downlines+1
WHERE `user_id` = 'ZJZA3M';
UPDATE `user_registration` SET total_downlines = total_downlines+1
WHERE `user_id` = 'XN6ETC';
UPDATE `user_registration` SET left_downlines = left_downlines+1
WHERE `user_id` = 'XN6ETC';
UPDATE `user_registration` SET total_downlines = total_downlines+1
WHERE `user_id` = 'KVQN1O';
UPDATE `user_registration` SET left_downlines = left_downlines+1
WHERE `user_id` = 'KVQN1O';
UPDATE `user_registration` SET total_downlines = total_downlines+1
WHERE `user_id` = 'X3V7DJ';
UPDATE `user_registration` SET left_downlines = left_downlines+1
WHERE `user_id` = 'X3V7DJ';
UPDATE `user_registration` SET total_downlines = total_downlines+1
WHERE `user_id` = 'DJ77NH';
UPDATE `user_registration` SET left_downlines = left_downlines+1
WHERE `user_id` = 'DJ77NH';
UPDATE `user_registration` SET total_downlines = total_downlines+1
WHERE `user_id` = 'PX7XCL';
UPDATE `user_registration` SET left_downlines = left_downlines+1
WHERE `user_id` = 'PX7XCL';
UPDATE `user_registration` SET total_downlines = total_downlines+1
WHERE `user_id` = 'L8PM4Z';
UPDATE `user_registration` SET left_downlines = left_downlines+1
WHERE `user_id` = 'L8PM4Z';
UPDATE `user_registration` SET total_downlines = total_downlines+1
WHERE `user_id` = 'GBSIER';
UPDATE `user_registration` SET left_downlines = left_downlines+1
WHERE `user_id` = 'GBSIER';
UPDATE `user_registration` SET total_downlines = total_downlines+1
WHERE `user_id` = 'AV48YQ';
UPDATE `user_registration` SET left_downlines = left_downlines+1
WHERE `user_id` = 'AV48YQ';
UPDATE `user_registration` SET total_downlines = total_downlines+1
WHERE `user_id` = 'admin';
UPDATE `user_registration` SET left_downlines = left_downlines+1
WHERE `user_id` = 'admin';
INSERT INTO `investment` (`invest_date`, `user_id`, `type`, `amount`, `package_id`) VALUES ('2024-09-26 20:01:58', 'O7Q59B', 'register', '595', '2');
INSERT INTO `earnings` (`user_id`, `Purchaser_id`, `earning_type`, `package_id`, `amount`, `date`, `comments`, `invest_amount`, `comm_perc`, `level`, `rank_id`, `order_id`) VALUES ('97QHYG', 'O7Q59B', 'Direct Referral Bonus', '2', '100', '2024-09-26 20:01:58', 'Direct Referral Bonus', 0, 0, 1, '', 368);
UPDATE `user_registration` SET commission_balance = ROUND(commission_balance + 100,2)
WHERE `user_id` = '97QHYG';
INSERT INTO `earnings` (`user_id`, `Purchaser_id`, `earning_type`, `package_id`, `amount`, `date`, `comments`, `invest_amount`, `comm_perc`, `level`, `rank_id`, `order_id`) VALUES ('1FFFBU', 'O7Q59B', 'Expansion Bonus', '2', 200, '2024-09-26 20:01:58', 'Expansion Bonus', '100', 0, 1, '', 368);
UPDATE `user_registration` SET commission_balance = ROUND(commission_balance + 200,2)
WHERE `user_id` = '1FFFBU';
INSERT INTO `matrix_filling` (`placement_id`, `downline_id`, `level`, `matrix`) VALUES ('P4SO6C', 'O7Q59B', 1, 1);
UPDATE `bv_updation` SET right_carry = right_carry+50, total_right = total_right+50
WHERE `user_id` = 'P4SO6C';
INSERT INTO `placement_bv_update_history` (`right_carry`, `date`, `from_id`, `user_id`) VALUES ('50', '2024-09-26 20:01:58', 'O7Q59B', 'P4SO6C');
INSERT INTO `matrix_filling` (`placement_id`, `downline_id`, `level`, `matrix`) VALUES ('RM4VZX', 'O7Q59B', 2, 1);
UPDATE `bv_updation` SET right_carry = right_carry+50, total_right = total_right+50
WHERE `user_id` = 'RM4VZX';
INSERT INTO `placement_bv_update_history` (`right_carry`, `date`, `from_id`, `user_id`) VALUES ('50', '2024-09-26 20:01:58', 'O7Q59B', 'RM4VZX');
INSERT INTO `matrix_filling` (`placement_id`, `downline_id`, `level`, `matrix`) VALUES ('IIG2SJ', 'O7Q59B', 3, 1);
UPDATE `bv_updation` SET right_carry = right_carry+50, total_right = total_right+50
WHERE `user_id` = 'IIG2SJ';
INSERT INTO `placement_bv_update_history` (`right_carry`, `date`, `from_id`, `user_id`) VALUES ('50', '2024-09-26 20:01:58', 'O7Q59B', 'IIG2SJ');
INSERT INTO `matrix_filling` (`placement_id`, `downline_id`, `level`, `matrix`) VALUES ('577V9K', 'O7Q59B', 4, 1);
UPDATE `bv_updation` SET right_carry = right_carry+50, total_right = total_right+50
WHERE `user_id` = '577V9K';
INSERT INTO `placement_bv_update_history` (`right_carry`, `date`, `from_id`, `user_id`) VALUES ('50', '2024-09-26 20:01:58', 'O7Q59B', '577V9K');
INSERT INTO `matrix_filling` (`placement_id`, `downline_id`, `level`, `matrix`) VALUES ('97QHYG', 'O7Q59B', 5, 1);
UPDATE `bv_updation` SET right_carry = right_carry+50, total_right = total_right+50
WHERE `user_id` = '97QHYG';
INSERT INTO `placement_bv_update_history` (`right_carry`, `date`, `from_id`, `user_id`) VALUES ('50', '2024-09-26 20:01:58', 'O7Q59B', '97QHYG');
UPDATE `bv_updation` SET sponsor_right_carry = sponsor_right_carry+50, sponsor_total_right = sponsor_total_right+50
WHERE `user_id` = '97QHYG';
INSERT INTO `sponsor_bv_update_history` (`right_carry`, `date`, `user_id`) VALUES ('50', '2024-09-26 20:01:58', '97QHYG');
INSERT INTO `matrix_filling` (`placement_id`, `downline_id`, `level`, `matrix`) VALUES ('IW5GAU', 'O7Q59B', 6, 1);
UPDATE `bv_updation` SET left_carry = left_carry+50, total_left = total_left+50
WHERE `user_id` = 'IW5GAU';
INSERT INTO `placement_bv_update_history` (`left_carry`, `date`, `from_id`, `user_id`) VALUES ('50', '2024-09-26 20:01:58', 'O7Q59B', 'IW5GAU');
INSERT INTO `matrix_filling` (`placement_id`, `downline_id`, `level`, `matrix`) VALUES ('JQ3FLF', 'O7Q59B', 7, 1);
UPDATE `bv_updation` SET left_carry = left_carry+50, total_left = total_left+50
WHERE `user_id` = 'JQ3FLF';
INSERT INTO `placement_bv_update_history` (`left_carry`, `date`, `from_id`, `user_id`) VALUES ('50', '2024-09-26 20:01:58', 'O7Q59B', 'JQ3FLF');
INSERT INTO `matrix_filling` (`placement_id`, `downline_id`, `level`, `matrix`) VALUES ('C3N32U', 'O7Q59B', 8, 1);
UPDATE `bv_updation` SET left_carry = left_carry+50, total_left = total_left+50
WHERE `user_id` = 'C3N32U';
INSERT INTO `placement_bv_update_history` (`left_carry`, `date`, `from_id`, `user_id`) VALUES ('50', '2024-09-26 20:01:58', 'O7Q59B', 'C3N32U');
INSERT INTO `matrix_filling` (`placement_id`, `downline_id`, `level`, `matrix`) VALUES ('MNLXPP', 'O7Q59B', 9, 1);
UPDATE `bv_updation` SET left_carry = left_carry+50, total_left = total_left+50
WHERE `user_id` = 'MNLXPP';
INSERT INTO `placement_bv_update_history` (`left_carry`, `date`, `from_id`, `user_id`) VALUES ('50', '2024-09-26 20:01:58', 'O7Q59B', 'MNLXPP');
INSERT INTO `matrix_filling` (`placement_id`, `downline_id`, `level`, `matrix`) VALUES ('NUPA4K', 'O7Q59B', 10, 1);
UPDATE `bv_updation` SET left_carry = left_carry+50, total_left = total_left+50
WHERE `user_id` = 'NUPA4K';
INSERT INTO `placement_bv_update_history` (`left_carry`, `date`, `from_id`, `user_id`) VALUES ('50', '2024-09-26 20:01:58', 'O7Q59B', 'NUPA4K');
INSERT INTO `matrix_filling` (`placement_id`, `downline_id`, `level`, `matrix`) VALUES ('1FFFBU', 'O7Q59B', 11, 1);
UPDATE `bv_updation` SET left_carry = left_carry+50, total_left = total_left+50
WHERE `user_id` = '1FFFBU';
INSERT INTO `placement_bv_update_history` (`left_carry`, `date`, `from_id`, `user_id`) VALUES ('50', '2024-09-26 20:01:58', 'O7Q59B', '1FFFBU');
INSERT INTO `matrix_filling` (`placement_id`, `downline_id`, `level`, `matrix`) VALUES ('J4CGUT', 'O7Q59B', 12, 1);
UPDATE `bv_updation` SET left_carry = left_carry+50, total_left = total_left+50
WHERE `user_id` = 'J4CGUT';
INSERT INTO `placement_bv_update_history` (`left_carry`, `date`, `from_id`, `user_id`) VALUES ('50', '2024-09-26 20:01:58', 'O7Q59B', 'J4CGUT');
INSERT INTO `matrix_filling` (`placement_id`, `downline_id`, `level`, `matrix`) VALUES ('S1RTX3', 'O7Q59B', 13, 1);
UPDATE `bv_updation` SET left_carry = left_carry+50, total_left = total_left+50
WHERE `user_id` = 'S1RTX3';
INSERT INTO `placement_bv_update_history` (`left_carry`, `date`, `from_id`, `user_id`) VALUES ('50', '2024-09-26 20:01:58', 'O7Q59B', 'S1RTX3');
INSERT INTO `matrix_filling` (`placement_id`, `downline_id`, `level`, `matrix`) VALUES ('I8YWQA', 'O7Q59B', 14, 1);
UPDATE `bv_updation` SET left_carry = left_carry+50, total_left = total_left+50
WHERE `user_id` = 'I8YWQA';
INSERT INTO `placement_bv_update_history` (`left_carry`, `date`, `from_id`, `user_id`) VALUES ('50', '2024-09-26 20:01:58', 'O7Q59B', 'I8YWQA');
INSERT INTO `matrix_filling` (`placement_id`, `downline_id`, `level`, `matrix`) VALUES ('I3MZBU', 'O7Q59B', 15, 1);
UPDATE `bv_updation` SET left_carry = left_carry+50, total_left = total_left+50
WHERE `user_id` = 'I3MZBU';
INSERT INTO `placement_bv_update_history` (`left_carry`, `date`, `from_id`, `user_id`) VALUES ('50', '2024-09-26 20:01:58', 'O7Q59B', 'I3MZBU');
INSERT INTO `matrix_filling` (`placement_id`, `downline_id`, `level`, `matrix`) VALUES ('H2I33O', 'O7Q59B', 16, 1);
UPDATE `bv_updation` SET left_carry = left_carry+50, total_left = total_left+50
WHERE `user_id` = 'H2I33O';
INSERT INTO `placement_bv_update_history` (`left_carry`, `date`, `from_id`, `user_id`) VALUES ('50', '2024-09-26 20:01:58', 'O7Q59B', 'H2I33O');
INSERT INTO `matrix_filling` (`placement_id`, `downline_id`, `level`, `matrix`) VALUES ('AL7XWH', 'O7Q59B', 17, 1);
UPDATE `bv_updation` SET left_carry = left_carry+50, total_left = total_left+50
WHERE `user_id` = 'AL7XWH';
INSERT INTO `placement_bv_update_history` (`left_carry`, `date`, `from_id`, `user_id`) VALUES ('50', '2024-09-26 20:01:58', 'O7Q59B', 'AL7XWH');
INSERT INTO `matrix_filling` (`placement_id`, `downline_id`, `level`, `matrix`) VALUES ('HFZ9SA', 'O7Q59B', 18, 1);
UPDATE `bv_updation` SET left_carry = left_carry+50, total_left = total_left+50
WHERE `user_id` = 'HFZ9SA';
INSERT INTO `placement_bv_update_history` (`left_carry`, `date`, `from_id`, `user_id`) VALUES ('50', '2024-09-26 20:01:58', 'O7Q59B', 'HFZ9SA');
INSERT INTO `matrix_filling` (`placement_id`, `downline_id`, `level`, `matrix`) VALUES ('A2MTZ3', 'O7Q59B', 19, 1);
UPDATE `bv_updation` SET left_carry = left_carry+50, total_left = total_left+50
WHERE `user_id` = 'A2MTZ3';
INSERT INTO `placement_bv_update_history` (`left_carry`, `date`, `from_id`, `user_id`) VALUES ('50', '2024-09-26 20:01:58', 'O7Q59B', 'A2MTZ3');
INSERT INTO `matrix_filling` (`placement_id`, `downline_id`, `level`, `matrix`) VALUES ('RUEKCW', 'O7Q59B', 20, 1);
UPDATE `bv_updation` SET left_carry = left_carry+50, total_left = total_left+50
WHERE `user_id` = 'RUEKCW';
INSERT INTO `placement_bv_update_history` (`left_carry`, `date`, `from_id`, `user_id`) VALUES ('50', '2024-09-26 20:01:58', 'O7Q59B', 'RUEKCW');
INSERT INTO `matrix_filling` (`placement_id`, `downline_id`, `level`, `matrix`) VALUES ('K3GTG4', 'O7Q59B', 21, 1);
UPDATE `bv_updation` SET left_carry = left_carry+50, total_left = total_left+50
WHERE `user_id` = 'K3GTG4';
INSERT INTO `placement_bv_update_history` (`left_carry`, `date`, `from_id`, `user_id`) VALUES ('50', '2024-09-26 20:01:58', 'O7Q59B', 'K3GTG4');
INSERT INTO `matrix_filling` (`placement_id`, `downline_id`, `level`, `matrix`) VALUES ('I1TUBN', 'O7Q59B', 22, 1);
UPDATE `bv_updation` SET left_carry = left_carry+50, total_left = total_left+50
WHERE `user_id` = 'I1TUBN';
INSERT INTO `placement_bv_update_history` (`left_carry`, `date`, `from_id`, `user_id`) VALUES ('50', '2024-09-26 20:01:58', 'O7Q59B', 'I1TUBN');
INSERT INTO `matrix_filling` (`placement_id`, `downline_id`, `level`, `matrix`) VALUES ('BAUCCU', 'O7Q59B', 23, 1);
UPDATE `bv_updation` SET left_carry = left_carry+50, total_left = total_left+50
WHERE `user_id` = 'BAUCCU';
INSERT INTO `placement_bv_update_history` (`left_carry`, `date`, `from_id`, `user_id`) VALUES ('50', '2024-09-26 20:01:58', 'O7Q59B', 'BAUCCU');
INSERT INTO `matrix_filling` (`placement_id`, `downline_id`, `level`, `matrix`) VALUES ('62QO97', 'O7Q59B', 24, 1);
UPDATE `bv_updation` SET left_carry = left_carry+50, total_left = total_left+50
WHERE `user_id` = '62QO97';
INSERT INTO `placement_bv_update_history` (`left_carry`, `date`, `from_id`, `user_id`) VALUES ('50', '2024-09-26 20:01:58', 'O7Q59B', '62QO97');
INSERT INTO `matrix_filling` (`placement_id`, `downline_id`, `level`, `matrix`) VALUES ('OHLQEO', 'O7Q59B', 25, 1);
UPDATE `bv_updation` SET left_carry = left_carry+50, total_left = total_left+50
WHERE `user_id` = 'OHLQEO';
INSERT INTO `placement_bv_update_history` (`left_carry`, `date`, `from_id`, `user_id`) VALUES ('50', '2024-09-26 20:01:58', 'O7Q59B', 'OHLQEO');
INSERT INTO `matrix_filling` (`placement_id`, `downline_id`, `level`, `matrix`) VALUES ('7APFKG', 'O7Q59B', 26, 1);
UPDATE `bv_updation` SET left_carry = left_carry+50, total_left = total_left+50
WHERE `user_id` = '7APFKG';
INSERT INTO `placement_bv_update_history` (`left_carry`, `date`, `from_id`, `user_id`) VALUES ('50', '2024-09-26 20:01:58', 'O7Q59B', '7APFKG');
INSERT INTO `matrix_filling` (`placement_id`, `downline_id`, `level`, `matrix`) VALUES ('Q2Q92Y', 'O7Q59B', 27, 1);
UPDATE `bv_updation` SET left_carry = left_carry+50, total_left = total_left+50
WHERE `user_id` = 'Q2Q92Y';
INSERT INTO `placement_bv_update_history` (`left_carry`, `date`, `from_id`, `user_id`) VALUES ('50', '2024-09-26 20:01:58', 'O7Q59B', 'Q2Q92Y');
INSERT INTO `matrix_filling` (`placement_id`, `downline_id`, `level`, `matrix`) VALUES ('E9ITRC', 'O7Q59B', 28, 1);
UPDATE `bv_updation` SET left_carry = left_carry+50, total_left = total_left+50
WHERE `user_id` = 'E9ITRC';
INSERT INTO `placement_bv_update_history` (`left_carry`, `date`, `from_id`, `user_id`) VALUES ('50', '2024-09-26 20:01:58', 'O7Q59B', 'E9ITRC');
INSERT INTO `matrix_filling` (`placement_id`, `downline_id`, `level`, `matrix`) VALUES ('7COKBB', 'O7Q59B', 29, 1);
UPDATE `bv_updation` SET left_carry = left_carry+50, total_left = total_left+50
WHERE `user_id` = '7COKBB';
INSERT INTO `placement_bv_update_history` (`left_carry`, `date`, `from_id`, `user_id`) VALUES ('50', '2024-09-26 20:01:58', 'O7Q59B', '7COKBB');
INSERT INTO `matrix_filling` (`placement_id`, `downline_id`, `level`, `matrix`) VALUES ('BDNS17', 'O7Q59B', 30, 1);
UPDATE `bv_updation` SET left_carry = left_carry+50, total_left = total_left+50
WHERE `user_id` = 'BDNS17';
INSERT INTO `placement_bv_update_history` (`left_carry`, `date`, `from_id`, `user_id`) VALUES ('50', '2024-09-26 20:01:58', 'O7Q59B', 'BDNS17');
INSERT INTO `matrix_filling` (`placement_id`, `downline_id`, `level`, `matrix`) VALUES ('7ZXRRE', 'O7Q59B', 31, 1);
UPDATE `bv_updation` SET left_carry = left_carry+50, total_left = total_left+50
WHERE `user_id` = '7ZXRRE';
INSERT INTO `placement_bv_update_history` (`left_carry`, `date`, `from_id`, `user_id`) VALUES ('50', '2024-09-26 20:01:58', 'O7Q59B', '7ZXRRE');
INSERT INTO `matrix_filling` (`placement_id`, `downline_id`, `level`, `matrix`) VALUES ('KLRAF5', 'O7Q59B', 32, 1);
UPDATE `bv_updation` SET left_carry = left_carry+50, total_left = total_left+50
WHERE `user_id` = 'KLRAF5';
INSERT INTO `placement_bv_update_history` (`left_carry`, `date`, `from_id`, `user_id`) VALUES ('50', '2024-09-26 20:01:58', 'O7Q59B', 'KLRAF5');
INSERT INTO `matrix_filling` (`placement_id`, `downline_id`, `level`, `matrix`) VALUES ('IFJHZG', 'O7Q59B', 33, 1);
UPDATE `bv_updation` SET left_carry = left_carry+50, total_left = total_left+50
WHERE `user_id` = 'IFJHZG';
INSERT INTO `placement_bv_update_history` (`left_carry`, `date`, `from_id`, `user_id`) VALUES ('50', '2024-09-26 20:01:58', 'O7Q59B', 'IFJHZG');
INSERT INTO `matrix_filling` (`placement_id`, `downline_id`, `level`, `matrix`) VALUES ('MXUV8Q', 'O7Q59B', 34, 1);
UPDATE `bv_updation` SET left_carry = left_carry+50, total_left = total_left+50
WHERE `user_id` = 'MXUV8Q';
INSERT INTO `placement_bv_update_history` (`left_carry`, `date`, `from_id`, `user_id`) VALUES ('50', '2024-09-26 20:01:58', 'O7Q59B', 'MXUV8Q');
INSERT INTO `matrix_filling` (`placement_id`, `downline_id`, `level`, `matrix`) VALUES ('GGM164', 'O7Q59B', 35, 1);
UPDATE `bv_updation` SET left_carry = left_carry+50, total_left = total_left+50
WHERE `user_id` = 'GGM164';
INSERT INTO `placement_bv_update_history` (`left_carry`, `date`, `from_id`, `user_id`) VALUES ('50', '2024-09-26 20:01:58', 'O7Q59B', 'GGM164');
INSERT INTO `matrix_filling` (`placement_id`, `downline_id`, `level`, `matrix`) VALUES ('3NKIEX', 'O7Q59B', 36, 1);
UPDATE `bv_updation` SET left_carry = left_carry+50, total_left = total_left+50
WHERE `user_id` = '3NKIEX';
INSERT INTO `placement_bv_update_history` (`left_carry`, `date`, `from_id`, `user_id`) VALUES ('50', '2024-09-26 20:01:58', 'O7Q59B', '3NKIEX');
INSERT INTO `matrix_filling` (`placement_id`, `downline_id`, `level`, `matrix`) VALUES ('S56TH3', 'O7Q59B', 37, 1);
UPDATE `bv_updation` SET left_carry = left_carry+50, total_left = total_left+50
WHERE `user_id` = 'S56TH3';
INSERT INTO `placement_bv_update_history` (`left_carry`, `date`, `from_id`, `user_id`) VALUES ('50', '2024-09-26 20:01:58', 'O7Q59B', 'S56TH3');
INSERT INTO `matrix_filling` (`placement_id`, `downline_id`, `level`, `matrix`) VALUES ('XYG89U', 'O7Q59B', 38, 1);
UPDATE `bv_updation` SET left_carry = left_carry+50, total_left = total_left+50
WHERE `user_id` = 'XYG89U';
INSERT INTO `placement_bv_update_history` (`left_carry`, `date`, `from_id`, `user_id`) VALUES ('50', '2024-09-26 20:01:58', 'O7Q59B', 'XYG89U');
INSERT INTO `matrix_filling` (`placement_id`, `downline_id`, `level`, `matrix`) VALUES ('HTFY93', 'O7Q59B', 39, 1);
UPDATE `bv_updation` SET left_carry = left_carry+50, total_left = total_left+50
WHERE `user_id` = 'HTFY93';
INSERT INTO `placement_bv_update_history` (`left_carry`, `date`, `from_id`, `user_id`) VALUES ('50', '2024-09-26 20:01:58', 'O7Q59B', 'HTFY93');
INSERT INTO `matrix_filling` (`placement_id`, `downline_id`, `level`, `matrix`) VALUES ('3PR393', 'O7Q59B', 40, 1);
UPDATE `bv_updation` SET left_carry = left_carry+50, total_left = total_left+50
WHERE `user_id` = '3PR393';
INSERT INTO `placement_bv_update_history` (`left_carry`, `date`, `from_id`, `user_id`) VALUES ('50', '2024-09-26 20:01:58', 'O7Q59B', '3PR393');
INSERT INTO `matrix_filling` (`placement_id`, `downline_id`, `level`, `matrix`) VALUES ('T3MRY1', 'O7Q59B', 41, 1);
UPDATE `bv_updation` SET left_carry = left_carry+50, total_left = total_left+50
WHERE `user_id` = 'T3MRY1';
INSERT INTO `placement_bv_update_history` (`left_carry`, `date`, `from_id`, `user_id`) VALUES ('50', '2024-09-26 20:01:58', 'O7Q59B', 'T3MRY1');
INSERT INTO `matrix_filling` (`placement_id`, `downline_id`, `level`, `matrix`) VALUES ('GTMCCK', 'O7Q59B', 42, 1);
UPDATE `bv_updation` SET left_carry = left_carry+50, total_left = total_left+50
WHERE `user_id` = 'GTMCCK';
INSERT INTO `placement_bv_update_history` (`left_carry`, `date`, `from_id`, `user_id`) VALUES ('50', '2024-09-26 20:01:58', 'O7Q59B', 'GTMCCK');
INSERT INTO `matrix_filling` (`placement_id`, `downline_id`, `level`, `matrix`) VALUES ('DLYMIF', 'O7Q59B', 43, 1);
UPDATE `bv_updation` SET left_carry = left_carry+50, total_left = total_left+50
WHERE `user_id` = 'DLYMIF';
INSERT INTO `placement_bv_update_history` (`left_carry`, `date`, `from_id`, `user_id`) VALUES ('50', '2024-09-26 20:01:58', 'O7Q59B', 'DLYMIF');
INSERT INTO `matrix_filling` (`placement_id`, `downline_id`, `level`, `matrix`) VALUES ('WGJ5KE', 'O7Q59B', 44, 1);
UPDATE `bv_updation` SET left_carry = left_carry+50, total_left = total_left+50
WHERE `user_id` = 'WGJ5KE';
INSERT INTO `placement_bv_update_history` (`left_carry`, `date`, `from_id`, `user_id`) VALUES ('50', '2024-09-26 20:01:58', 'O7Q59B', 'WGJ5KE');
INSERT INTO `matrix_filling` (`placement_id`, `downline_id`, `level`, `matrix`) VALUES ('ORRJ3M', 'O7Q59B', 45, 1);
UPDATE `bv_updation` SET left_carry = left_carry+50, total_left = total_left+50
WHERE `user_id` = 'ORRJ3M';
INSERT INTO `placement_bv_update_history` (`left_carry`, `date`, `from_id`, `user_id`) VALUES ('50', '2024-09-26 20:01:58', 'O7Q59B', 'ORRJ3M');
INSERT INTO `matrix_filling` (`placement_id`, `downline_id`, `level`, `matrix`) VALUES ('AA8V6V', 'O7Q59B', 46, 1);
UPDATE `bv_updation` SET left_carry = left_carry+50, total_left = total_left+50
WHERE `user_id` = 'AA8V6V';
INSERT INTO `placement_bv_update_history` (`left_carry`, `date`, `from_id`, `user_id`) VALUES ('50', '2024-09-26 20:01:58', 'O7Q59B', 'AA8V6V');
INSERT INTO `matrix_filling` (`placement_id`, `downline_id`, `level`, `matrix`) VALUES ('61ME4O', 'O7Q59B', 47, 1);
UPDATE `bv_updation` SET left_carry = left_carry+50, total_left = total_left+50
WHERE `user_id` = '61ME4O';
INSERT INTO `placement_bv_update_history` (`left_carry`, `date`, `from_id`, `user_id`) VALUES ('50', '2024-09-26 20:01:58', 'O7Q59B', '61ME4O');
INSERT INTO `matrix_filling` (`placement_id`, `downline_id`, `level`, `matrix`) VALUES ('WS1SZZ', 'O7Q59B', 48, 1);
UPDATE `bv_updation` SET left_carry = left_carry+50, total_left = total_left+50
WHERE `user_id` = 'WS1SZZ';
INSERT INTO `placement_bv_update_history` (`left_carry`, `date`, `from_id`, `user_id`) VALUES ('50', '2024-09-26 20:01:58', 'O7Q59B', 'WS1SZZ');
INSERT INTO `matrix_filling` (`placement_id`, `downline_id`, `level`, `matrix`) VALUES ('TBN4MZ', 'O7Q59B', 49, 1);
UPDATE `bv_updation` SET left_carry = left_carry+50, total_left = total_left+50
WHERE `user_id` = 'TBN4MZ';
INSERT INTO `placement_bv_update_history` (`left_carry`, `date`, `from_id`, `user_id`) VALUES ('50', '2024-09-26 20:01:58', 'O7Q59B', 'TBN4MZ');
INSERT INTO `matrix_filling` (`placement_id`, `downline_id`, `level`, `matrix`) VALUES ('OEMJ8R', 'O7Q59B', 50, 1);
UPDATE `bv_updation` SET left_carry = left_carry+50, total_left = total_left+50
WHERE `user_id` = 'OEMJ8R';
INSERT INTO `placement_bv_update_history` (`left_carry`, `date`, `from_id`, `user_id`) VALUES ('50', '2024-09-26 20:01:58', 'O7Q59B', 'OEMJ8R');
INSERT INTO `matrix_filling` (`placement_id`, `downline_id`, `level`, `matrix`) VALUES ('FXAYIE', 'O7Q59B', 51, 1);
UPDATE `bv_updation` SET left_carry = left_carry+50, total_left = total_left+50
WHERE `user_id` = 'FXAYIE';
INSERT INTO `placement_bv_update_history` (`left_carry`, `date`, `from_id`, `user_id`) VALUES ('50', '2024-09-26 20:01:58', 'O7Q59B', 'FXAYIE');
INSERT INTO `matrix_filling` (`placement_id`, `downline_id`, `level`, `matrix`) VALUES ('ELXZWC', 'O7Q59B', 52, 1);
UPDATE `bv_updation` SET left_carry = left_carry+50, total_left = total_left+50
WHERE `user_id` = 'ELXZWC';
INSERT INTO `placement_bv_update_history` (`left_carry`, `date`, `from_id`, `user_id`) VALUES ('50', '2024-09-26 20:01:58', 'O7Q59B', 'ELXZWC');
INSERT INTO `matrix_filling` (`placement_id`, `downline_id`, `level`, `matrix`) VALUES ('C1TQVI', 'O7Q59B', 53, 1);
UPDATE `bv_updation` SET left_carry = left_carry+50, total_left = total_left+50
WHERE `user_id` = 'C1TQVI';
INSERT INTO `placement_bv_update_history` (`left_carry`, `date`, `from_id`, `user_id`) VALUES ('50', '2024-09-26 20:01:58', 'O7Q59B', 'C1TQVI');
INSERT INTO `matrix_filling` (`placement_id`, `downline_id`, `level`, `matrix`) VALUES ('F5GPDF', 'O7Q59B', 54, 1);
UPDATE `bv_updation` SET left_carry = left_carry+50, total_left = total_left+50
WHERE `user_id` = 'F5GPDF';
INSERT INTO `placement_bv_update_history` (`left_carry`, `date`, `from_id`, `user_id`) VALUES ('50', '2024-09-26 20:01:58', 'O7Q59B', 'F5GPDF');
INSERT INTO `matrix_filling` (`placement_id`, `downline_id`, `level`, `matrix`) VALUES ('91PYDK', 'O7Q59B', 55, 1);
UPDATE `bv_updation` SET left_carry = left_carry+50, total_left = total_left+50
WHERE `user_id` = '91PYDK';
INSERT INTO `placement_bv_update_history` (`left_carry`, `date`, `from_id`, `user_id`) VALUES ('50', '2024-09-26 20:01:58', 'O7Q59B', '91PYDK');
INSERT INTO `matrix_filling` (`placement_id`, `downline_id`, `level`, `matrix`) VALUES ('4OT7RX', 'O7Q59B', 56, 1);
UPDATE `bv_updation` SET left_carry = left_carry+50, total_left = total_left+50
WHERE `user_id` = '4OT7RX';
INSERT INTO `placement_bv_update_history` (`left_carry`, `date`, `from_id`, `user_id`) VALUES ('50', '2024-09-26 20:01:58', 'O7Q59B', '4OT7RX');
INSERT INTO `matrix_filling` (`placement_id`, `downline_id`, `level`, `matrix`) VALUES ('ZJZA3M', 'O7Q59B', 57, 1);
UPDATE `bv_updation` SET left_carry = left_carry+50, total_left = total_left+50
WHERE `user_id` = 'ZJZA3M';
INSERT INTO `placement_bv_update_history` (`left_carry`, `date`, `from_id`, `user_id`) VALUES ('50', '2024-09-26 20:01:58', 'O7Q59B', 'ZJZA3M');
INSERT INTO `matrix_filling` (`placement_id`, `downline_id`, `level`, `matrix`) VALUES ('XN6ETC', 'O7Q59B', 58, 1);
UPDATE `bv_updation` SET left_carry = left_carry+50, total_left = total_left+50
WHERE `user_id` = 'XN6ETC';
INSERT INTO `placement_bv_update_history` (`left_carry`, `date`, `from_id`, `user_id`) VALUES ('50', '2024-09-26 20:01:58', 'O7Q59B', 'XN6ETC');
INSERT INTO `matrix_filling` (`placement_id`, `downline_id`, `level`, `matrix`) VALUES ('KVQN1O', 'O7Q59B', 59, 1);
UPDATE `bv_updation` SET left_carry = left_carry+50, total_left = total_left+50
WHERE `user_id` = 'KVQN1O';
INSERT INTO `placement_bv_update_history` (`left_carry`, `date`, `from_id`, `user_id`) VALUES ('50', '2024-09-26 20:01:58', 'O7Q59B', 'KVQN1O');
INSERT INTO `matrix_filling` (`placement_id`, `downline_id`, `level`, `matrix`) VALUES ('X3V7DJ', 'O7Q59B', 60, 1);
UPDATE `bv_updation` SET left_carry = left_carry+50, total_left = total_left+50
WHERE `user_id` = 'X3V7DJ';
INSERT INTO `placement_bv_update_history` (`left_carry`, `date`, `from_id`, `user_id`) VALUES ('50', '2024-09-26 20:01:58', 'O7Q59B', 'X3V7DJ');
INSERT INTO `matrix_filling` (`placement_id`, `downline_id`, `level`, `matrix`) VALUES ('DJ77NH', 'O7Q59B', 61, 1);
UPDATE `bv_updation` SET left_carry = left_carry+50, total_left = total_left+50
WHERE `user_id` = 'DJ77NH';
INSERT INTO `placement_bv_update_history` (`left_carry`, `date`, `from_id`, `user_id`) VALUES ('50', '2024-09-26 20:01:58', 'O7Q59B', 'DJ77NH');
INSERT INTO `matrix_filling` (`placement_id`, `downline_id`, `level`, `matrix`) VALUES ('PX7XCL', 'O7Q59B', 62, 1);
UPDATE `bv_updation` SET left_carry = left_carry+50, total_left = total_left+50
WHERE `user_id` = 'PX7XCL';
INSERT INTO `placement_bv_update_history` (`left_carry`, `date`, `from_id`, `user_id`) VALUES ('50', '2024-09-26 20:01:58', 'O7Q59B', 'PX7XCL');
INSERT INTO `matrix_filling` (`placement_id`, `downline_id`, `level`, `matrix`) VALUES ('L8PM4Z', 'O7Q59B', 63, 1);
UPDATE `bv_updation` SET left_carry = left_carry+50, total_left = total_left+50
WHERE `user_id` = 'L8PM4Z';
INSERT INTO `placement_bv_update_history` (`left_carry`, `date`, `from_id`, `user_id`) VALUES ('50', '2024-09-26 20:01:58', 'O7Q59B', 'L8PM4Z');
INSERT INTO `matrix_filling` (`placement_id`, `downline_id`, `level`, `matrix`) VALUES ('GBSIER', 'O7Q59B', 64, 1);
UPDATE `bv_updation` SET left_carry = left_carry+50, total_left = total_left+50
WHERE `user_id` = 'GBSIER';
INSERT INTO `placement_bv_update_history` (`left_carry`, `date`, `from_id`, `user_id`) VALUES ('50', '2024-09-26 20:01:58', 'O7Q59B', 'GBSIER');
INSERT INTO `matrix_filling` (`placement_id`, `downline_id`, `level`, `matrix`) VALUES ('AV48YQ', 'O7Q59B', 65, 1);
UPDATE `bv_updation` SET left_carry = left_carry+50, total_left = total_left+50
WHERE `user_id` = 'AV48YQ';
INSERT INTO `placement_bv_update_history` (`left_carry`, `date`, `from_id`, `user_id`) VALUES ('50', '2024-09-26 20:01:58', 'O7Q59B', 'AV48YQ');
INSERT INTO `matrix_filling` (`placement_id`, `downline_id`, `level`, `matrix`) VALUES ('admin', 'O7Q59B', 66, 1);
INSERT INTO `package_purchase_history` (`user_id`, `package_id`, `reg_fee`, `package_name`, `monthly_fee`, `type`, `date`, `payment_option`) VALUES ('O7Q59B', '2', '595', 'Traveler Pro', '150', 'sign_up', '2024-09-26 20:01:58', 'free');
UPDATE `ci_sessions` SET `timestamp` = 1727399051, `data` = '__ci_last_regenerate|i:1727399051;id|s:4:\"2520\";user_id|s:6:\"97QHYG\";username|s:9:\"yordanis7\";sponsor_id|s:6:\"1FFFBU\";fullname|s:16:\"Yordanis Fuentes\";email|s:19:\"yordanis7@gmail.com\";phone|s:10:\"7862876762\";isLogIn|b:1;'
WHERE `id` = 'ac3fdc6ecaa8a4a64e7b628b1c48f94a23098f52';
UPDATE `user_registration` SET `uid` = '3043', `user_id` = 'O42S2Q', `username` = 'nicole7', `sponsor_id` = '97QHYG', `vacant` = 'no', `f_name` = 'Nicole', `l_name` = 'Kennedy', `address` = '8100 SW 14 Terr', `position` = 'right', `email` = 'nicole7@gmail.com', `password` = 'f29eca7821bae0d8e605cbcb0bbca3bc', `phone` = '7862876762', `country` = 'United States', `state` = 'Florida', `city` = 'Miami', `street` = '8100 SW 14 Terr', `zip_code` = '33144', `reg_ip` = '172.70.254.227', `status` = 1, `package_id` = '2', `rank_id` = 1, `highest_rank` = 1, `created` = '2024-09-26 20:04:11', `subscription_date` = '2024-10-26', `google_secret` = 'MABIBEVX6MPKS4HK'
WHERE `uid` = '3043';
INSERT INTO `user_registration` (`uid`, `user_id`, `username`, `sponsor_id`, `placement_id`, `vacant`, `f_name`, `l_name`, `address`, `position`, `email`, `password`, `phone`, `reg_ip`, `status`, `created`) VALUES (NULL, 'MWQVOA', 'fKYnuPgy', 'O42S2Q', 'O42S2Q', 'yes', '', '', '', 'left', '@mail.com', '', '', '', 0, '2024-09-26 20:04:11');
INSERT INTO `user_registration` (`uid`, `user_id`, `username`, `sponsor_id`, `placement_id`, `vacant`, `f_name`, `l_name`, `address`, `position`, `email`, `password`, `phone`, `reg_ip`, `status`, `created`) VALUES (NULL, 'XIFNUC', 'vhxEyvQJ', 'O42S2Q', 'O42S2Q', 'yes', '', '', '', 'right', '@mail.com', '', '', '', 0, '2024-09-26 20:04:11');
INSERT INTO `bv_updation` (`user_id`) VALUES ('O42S2Q');
UPDATE `user_registration` SET total_ref_count = total_ref_count+1
WHERE `user_id` = '97QHYG';
UPDATE `user_registration` SET total_downlines = total_downlines+1
WHERE `user_id` = 'O7Q59B';
UPDATE `user_registration` SET right_downlines = right_downlines+1
WHERE `user_id` = 'O7Q59B';
UPDATE `user_registration` SET total_downlines = total_downlines+1
WHERE `user_id` = 'P4SO6C';
UPDATE `user_registration` SET right_downlines = right_downlines+1
WHERE `user_id` = 'P4SO6C';
UPDATE `user_registration` SET total_downlines = total_downlines+1
WHERE `user_id` = 'RM4VZX';
UPDATE `user_registration` SET right_downlines = right_downlines+1
WHERE `user_id` = 'RM4VZX';
UPDATE `user_registration` SET total_downlines = total_downlines+1
WHERE `user_id` = 'IIG2SJ';
UPDATE `user_registration` SET right_downlines = right_downlines+1
WHERE `user_id` = 'IIG2SJ';
UPDATE `user_registration` SET total_downlines = total_downlines+1
WHERE `user_id` = '577V9K';
UPDATE `user_registration` SET right_downlines = right_downlines+1
WHERE `user_id` = '577V9K';
UPDATE `user_registration` SET total_downlines = total_downlines+1
WHERE `user_id` = '97QHYG';
UPDATE `user_registration` SET right_downlines = right_downlines+1
WHERE `user_id` = '97QHYG';
UPDATE `user_registration` SET right_ref_count = right_ref_count+1
WHERE `user_id` = '97QHYG';
UPDATE `user_registration` SET active_right = active_right+1
WHERE `user_id` = '97QHYG';
UPDATE `user_registration` SET total_downlines = total_downlines+1
WHERE `user_id` = 'IW5GAU';
UPDATE `user_registration` SET left_downlines = left_downlines+1
WHERE `user_id` = 'IW5GAU';
UPDATE `user_registration` SET total_downlines = total_downlines+1
WHERE `user_id` = 'JQ3FLF';
UPDATE `user_registration` SET left_downlines = left_downlines+1
WHERE `user_id` = 'JQ3FLF';
UPDATE `user_registration` SET total_downlines = total_downlines+1
WHERE `user_id` = 'C3N32U';
UPDATE `user_registration` SET left_downlines = left_downlines+1
WHERE `user_id` = 'C3N32U';
UPDATE `user_registration` SET total_downlines = total_downlines+1
WHERE `user_id` = 'MNLXPP';
UPDATE `user_registration` SET left_downlines = left_downlines+1
WHERE `user_id` = 'MNLXPP';
UPDATE `user_registration` SET total_downlines = total_downlines+1
WHERE `user_id` = 'NUPA4K';
UPDATE `user_registration` SET left_downlines = left_downlines+1
WHERE `user_id` = 'NUPA4K';
UPDATE `user_registration` SET total_downlines = total_downlines+1
WHERE `user_id` = '1FFFBU';
UPDATE `user_registration` SET left_downlines = left_downlines+1
WHERE `user_id` = '1FFFBU';
UPDATE `user_registration` SET total_downlines = total_downlines+1
WHERE `user_id` = 'J4CGUT';
UPDATE `user_registration` SET left_downlines = left_downlines+1
WHERE `user_id` = 'J4CGUT';
UPDATE `user_registration` SET total_downlines = total_downlines+1
WHERE `user_id` = 'S1RTX3';
UPDATE `user_registration` SET left_downlines = left_downlines+1
WHERE `user_id` = 'S1RTX3';
UPDATE `user_registration` SET total_downlines = total_downlines+1
WHERE `user_id` = 'I8YWQA';
UPDATE `user_registration` SET left_downlines = left_downlines+1
WHERE `user_id` = 'I8YWQA';
UPDATE `user_registration` SET total_downlines = total_downlines+1
WHERE `user_id` = 'I3MZBU';
UPDATE `user_registration` SET left_downlines = left_downlines+1
WHERE `user_id` = 'I3MZBU';
UPDATE `user_registration` SET total_downlines = total_downlines+1
WHERE `user_id` = 'H2I33O';
UPDATE `user_registration` SET left_downlines = left_downlines+1
WHERE `user_id` = 'H2I33O';
UPDATE `user_registration` SET total_downlines = total_downlines+1
WHERE `user_id` = 'AL7XWH';
UPDATE `user_registration` SET left_downlines = left_downlines+1
WHERE `user_id` = 'AL7XWH';
UPDATE `user_registration` SET total_downlines = total_downlines+1
WHERE `user_id` = 'HFZ9SA';
UPDATE `user_registration` SET left_downlines = left_downlines+1
WHERE `user_id` = 'HFZ9SA';
UPDATE `user_registration` SET total_downlines = total_downlines+1
WHERE `user_id` = 'A2MTZ3';
UPDATE `user_registration` SET left_downlines = left_downlines+1
WHERE `user_id` = 'A2MTZ3';
UPDATE `user_registration` SET total_downlines = total_downlines+1
WHERE `user_id` = 'RUEKCW';
UPDATE `user_registration` SET left_downlines = left_downlines+1
WHERE `user_id` = 'RUEKCW';
UPDATE `user_registration` SET total_downlines = total_downlines+1
WHERE `user_id` = 'K3GTG4';
UPDATE `user_registration` SET left_downlines = left_downlines+1
WHERE `user_id` = 'K3GTG4';
UPDATE `user_registration` SET total_downlines = total_downlines+1
WHERE `user_id` = 'I1TUBN';
UPDATE `user_registration` SET left_downlines = left_downlines+1
WHERE `user_id` = 'I1TUBN';
UPDATE `user_registration` SET total_downlines = total_downlines+1
WHERE `user_id` = 'BAUCCU';
UPDATE `user_registration` SET left_downlines = left_downlines+1
WHERE `user_id` = 'BAUCCU';
UPDATE `user_registration` SET total_downlines = total_downlines+1
WHERE `user_id` = '62QO97';
UPDATE `user_registration` SET left_downlines = left_downlines+1
WHERE `user_id` = '62QO97';
UPDATE `user_registration` SET total_downlines = total_downlines+1
WHERE `user_id` = 'OHLQEO';
UPDATE `user_registration` SET left_downlines = left_downlines+1
WHERE `user_id` = 'OHLQEO';
UPDATE `user_registration` SET total_downlines = total_downlines+1
WHERE `user_id` = '7APFKG';
UPDATE `user_registration` SET left_downlines = left_downlines+1
WHERE `user_id` = '7APFKG';
UPDATE `user_registration` SET total_downlines = total_downlines+1
WHERE `user_id` = 'Q2Q92Y';
UPDATE `user_registration` SET left_downlines = left_downlines+1
WHERE `user_id` = 'Q2Q92Y';
UPDATE `user_registration` SET total_downlines = total_downlines+1
WHERE `user_id` = 'E9ITRC';
UPDATE `user_registration` SET left_downlines = left_downlines+1
WHERE `user_id` = 'E9ITRC';
UPDATE `user_registration` SET total_downlines = total_downlines+1
WHERE `user_id` = '7COKBB';
UPDATE `user_registration` SET left_downlines = left_downlines+1
WHERE `user_id` = '7COKBB';
UPDATE `user_registration` SET total_downlines = total_downlines+1
WHERE `user_id` = 'BDNS17';
UPDATE `user_registration` SET left_downlines = left_downlines+1
WHERE `user_id` = 'BDNS17';
UPDATE `user_registration` SET total_downlines = total_downlines+1
WHERE `user_id` = '7ZXRRE';
UPDATE `user_registration` SET left_downlines = left_downlines+1
WHERE `user_id` = '7ZXRRE';
