UPDATE `user_registration` SET `uid` = '2186', `user_id` = 'ETPYLQ', `username` = 'JorgeLRMarrero47', `sponsor_id` = 'QJ5U9C', `vacant` = 'no', `f_name` = 'Jorge Luis', `l_name` = 'Rodriguez Marrero', `position` = 'left', `email` = 'jorgelrmarrero@gmail.com', `password` = 'e7ccbaa21f39751d6ffbf4b98347bb49', `phone` = '7864700920', `country` = 'United States', `state` = 'Florida', `city` = 'Miami Gardens', `street` = '3400 nw 175 st', `zip_code` = '33056', `reg_ip` = '172.70.255.70', `status` = 1, `package_id` = '2', `rank_id` = 1, `highest_rank` = 1, `cycle_rank_id` = 1, `created` = '2025-02-13 21:23:54', `subscription_date` = '2025-03-15', `google_secret` = 'P4L7ILMM6ZIZ2G7U'
WHERE `uid` = '2186';
INSERT INTO `user_registration` (`uid`, `user_id`, `username`, `sponsor_id`, `placement_id`, `vacant`, `f_name`, `l_name`, `address`, `position`, `email`, `password`, `phone`, `reg_ip`, `status`, `created`) VALUES (NULL, 'SDBWXM', 'EAXRNCxw', 'ETPYLQ', 'ETPYLQ', 'yes', '', '', '', 'left', '@mail.com', '', '', '', 0, '2025-02-13 21:25:05');
INSERT INTO `user_registration` (`uid`, `user_id`, `username`, `sponsor_id`, `placement_id`, `vacant`, `f_name`, `l_name`, `address`, `position`, `email`, `password`, `phone`, `reg_ip`, `status`, `created`) VALUES (NULL, 'LYREDF', 'YLiMYIqO', 'ETPYLQ', 'ETPYLQ', 'yes', '', '', '', 'right', '@mail.com', '', '', '', 0, '2025-02-13 21:25:05');
INSERT INTO `bv_updation` (`user_id`) VALUES ('ETPYLQ');
UPDATE `user_registration` SET total_ref_count = total_ref_count+1
WHERE `user_id` = 'QJ5U9C';
UPDATE `user_registration` SET total_downlines = total_downlines+1
WHERE `user_id` = 'M2XFK7';
UPDATE `user_registration` SET left_downlines = left_downlines+1
WHERE `user_id` = 'M2XFK7';
UPDATE `user_registration` SET total_downlines = total_downlines+1
WHERE `user_id` = '7BQJK5';
UPDATE `user_registration` SET left_downlines = left_downlines+1
WHERE `user_id` = '7BQJK5';
UPDATE `user_registration` SET total_downlines = total_downlines+1
WHERE `user_id` = 'QJ5U9C';
UPDATE `user_registration` SET left_downlines = left_downlines+1
WHERE `user_id` = 'QJ5U9C';
UPDATE `user_registration` SET left_ref_count = left_ref_count+1
WHERE `user_id` = 'QJ5U9C';
UPDATE `user_registration` SET active_left = active_left+1
WHERE `user_id` = 'QJ5U9C';
UPDATE `user_registration` SET total_downlines = total_downlines+1
WHERE `user_id` = 'O94ZPY';
UPDATE `user_registration` SET left_downlines = left_downlines+1
WHERE `user_id` = 'O94ZPY';
UPDATE `user_registration` SET total_downlines = total_downlines+1
WHERE `user_id` = 'JHRDHS';
UPDATE `user_registration` SET right_downlines = right_downlines+1
WHERE `user_id` = 'JHRDHS';
UPDATE `user_registration` SET total_downlines = total_downlines+1
WHERE `user_id` = 'CVVK4C';
UPDATE `user_registration` SET right_downlines = right_downlines+1
WHERE `user_id` = 'CVVK4C';
UPDATE `user_registration` SET total_downlines = total_downlines+1
WHERE `user_id` = 'K55EDD';
UPDATE `user_registration` SET left_downlines = left_downlines+1
WHERE `user_id` = 'K55EDD';
UPDATE `user_registration` SET total_downlines = total_downlines+1
WHERE `user_id` = 'UQO7EQ';
UPDATE `user_registration` SET left_downlines = left_downlines+1
WHERE `user_id` = 'UQO7EQ';
UPDATE `user_registration` SET total_downlines = total_downlines+1
WHERE `user_id` = 'N6GZAE';
UPDATE `user_registration` SET left_downlines = left_downlines+1
WHERE `user_id` = 'N6GZAE';
UPDATE `user_registration` SET total_downlines = total_downlines+1
WHERE `user_id` = '4E1CRI';
UPDATE `user_registration` SET left_downlines = left_downlines+1
WHERE `user_id` = '4E1CRI';
UPDATE `user_registration` SET total_downlines = total_downlines+1
WHERE `user_id` = 'SJBNYJ';
UPDATE `user_registration` SET left_downlines = left_downlines+1
WHERE `user_id` = 'SJBNYJ';
UPDATE `user_registration` SET total_downlines = total_downlines+1
WHERE `user_id` = '44B9Y4';
UPDATE `user_registration` SET left_downlines = left_downlines+1
WHERE `user_id` = '44B9Y4';
UPDATE `user_registration` SET total_downlines = total_downlines+1
WHERE `user_id` = 'admin';
UPDATE `user_registration` SET right_downlines = right_downlines+1
WHERE `user_id` = 'admin';
INSERT INTO `investment` (`invest_date`, `user_id`, `type`, `amount`, `package_id`) VALUES ('2025-02-13 21:25:05', 'ETPYLQ', 'register', '595', '2');
INSERT INTO `earnings` (`user_id`, `Purchaser_id`, `earning_type`, `package_id`, `amount`, `date`, `comments`, `invest_amount`, `comm_perc`, `level`, `rank_id`, `order_id`) VALUES ('QJ5U9C', 'ETPYLQ', 'Direct Referral Bonus', '2', '100', '2025-02-13 21:25:05', 'Direct Referral Bonus', 0, 0, 1, '', 89);
UPDATE `user_registration` SET commission_balance = ROUND(commission_balance + 100,2)
WHERE `user_id` = 'QJ5U9C';
UPDATE `user_registration` SET referral_bonus = ROUND(referral_bonus + 100,2)
WHERE `user_id` = 'QJ5U9C';
UPDATE `user_registration` SET total_points = ROUND(total_points + 50,2)
WHERE `user_id` = 'ETPYLQ';
INSERT INTO `points_history` (`user_id`, `points`, `type`, `date`) VALUES ('ETPYLQ', '50', 'register', '2025-02-13 21:25:');
INSERT INTO `matrix_filling` (`placement_id`, `downline_id`, `level`, `matrix`) VALUES ('M2XFK7', 'ETPYLQ', 1, 1);
UPDATE `bv_updation` SET left_carry = left_carry+50, total_left = total_left+50
WHERE `user_id` = 'M2XFK7';
INSERT INTO `placement_bv_update_history` (`left_carry`, `date`, `from_id`, `user_id`) VALUES ('50', '2025-02-13 21:25:05', 'ETPYLQ', 'M2XFK7');
INSERT INTO `matrix_filling` (`placement_id`, `downline_id`, `level`, `matrix`) VALUES ('7BQJK5', 'ETPYLQ', 2, 1);
UPDATE `bv_updation` SET left_carry = left_carry+50, total_left = total_left+50
WHERE `user_id` = '7BQJK5';
INSERT INTO `placement_bv_update_history` (`left_carry`, `date`, `from_id`, `user_id`) VALUES ('50', '2025-02-13 21:25:05', 'ETPYLQ', '7BQJK5');
INSERT INTO `matrix_filling` (`placement_id`, `downline_id`, `level`, `matrix`) VALUES ('QJ5U9C', 'ETPYLQ', 3, 1);
UPDATE `bv_updation` SET left_carry = left_carry+50, total_left = total_left+50
WHERE `user_id` = 'QJ5U9C';
INSERT INTO `placement_bv_update_history` (`left_carry`, `date`, `from_id`, `user_id`) VALUES ('50', '2025-02-13 21:25:05', 'ETPYLQ', 'QJ5U9C');
UPDATE `bv_updation` SET sponsor_left_carry = sponsor_left_carry+50, sponsor_total_left = sponsor_total_left+50
WHERE `user_id` = 'QJ5U9C';
INSERT INTO `sponsor_bv_update_history` (`left_carry`, `date`, `user_id`) VALUES ('50', '2025-02-13 21:25:05', 'QJ5U9C');
INSERT INTO `matrix_filling` (`placement_id`, `downline_id`, `level`, `matrix`) VALUES ('O94ZPY', 'ETPYLQ', 4, 1);
UPDATE `bv_updation` SET left_carry = left_carry+50, total_left = total_left+50
WHERE `user_id` = 'O94ZPY';
INSERT INTO `placement_bv_update_history` (`left_carry`, `date`, `from_id`, `user_id`) VALUES ('50', '2025-02-13 21:25:05', 'ETPYLQ', 'O94ZPY');
INSERT INTO `matrix_filling` (`placement_id`, `downline_id`, `level`, `matrix`) VALUES ('JHRDHS', 'ETPYLQ', 5, 1);
UPDATE `bv_updation` SET right_carry = right_carry+50, total_right = total_right+50
WHERE `user_id` = 'JHRDHS';
INSERT INTO `placement_bv_update_history` (`right_carry`, `date`, `from_id`, `user_id`) VALUES ('50', '2025-02-13 21:25:05', 'ETPYLQ', 'JHRDHS');
INSERT INTO `matrix_filling` (`placement_id`, `downline_id`, `level`, `matrix`) VALUES ('CVVK4C', 'ETPYLQ', 6, 1);
UPDATE `bv_updation` SET right_carry = right_carry+50, total_right = total_right+50
WHERE `user_id` = 'CVVK4C';
INSERT INTO `placement_bv_update_history` (`right_carry`, `date`, `from_id`, `user_id`) VALUES ('50', '2025-02-13 21:25:05', 'ETPYLQ', 'CVVK4C');
INSERT INTO `matrix_filling` (`placement_id`, `downline_id`, `level`, `matrix`) VALUES ('K55EDD', 'ETPYLQ', 7, 1);
UPDATE `bv_updation` SET left_carry = left_carry+50, total_left = total_left+50
WHERE `user_id` = 'K55EDD';
INSERT INTO `placement_bv_update_history` (`left_carry`, `date`, `from_id`, `user_id`) VALUES ('50', '2025-02-13 21:25:05', 'ETPYLQ', 'K55EDD');
INSERT INTO `matrix_filling` (`placement_id`, `downline_id`, `level`, `matrix`) VALUES ('UQO7EQ', 'ETPYLQ', 8, 1);
UPDATE `bv_updation` SET left_carry = left_carry+50, total_left = total_left+50
WHERE `user_id` = 'UQO7EQ';
INSERT INTO `placement_bv_update_history` (`left_carry`, `date`, `from_id`, `user_id`) VALUES ('50', '2025-02-13 21:25:05', 'ETPYLQ', 'UQO7EQ');
INSERT INTO `matrix_filling` (`placement_id`, `downline_id`, `level`, `matrix`) VALUES ('N6GZAE', 'ETPYLQ', 9, 1);
UPDATE `bv_updation` SET left_carry = left_carry+50, total_left = total_left+50
WHERE `user_id` = 'N6GZAE';
INSERT INTO `placement_bv_update_history` (`left_carry`, `date`, `from_id`, `user_id`) VALUES ('50', '2025-02-13 21:25:05', 'ETPYLQ', 'N6GZAE');
INSERT INTO `matrix_filling` (`placement_id`, `downline_id`, `level`, `matrix`) VALUES ('4E1CRI', 'ETPYLQ', 10, 1);
UPDATE `bv_updation` SET left_carry = left_carry+50, total_left = total_left+50
WHERE `user_id` = '4E1CRI';
INSERT INTO `placement_bv_update_history` (`left_carry`, `date`, `from_id`, `user_id`) VALUES ('50', '2025-02-13 21:25:05', 'ETPYLQ', '4E1CRI');
INSERT INTO `matrix_filling` (`placement_id`, `downline_id`, `level`, `matrix`) VALUES ('SJBNYJ', 'ETPYLQ', 11, 1);
UPDATE `bv_updation` SET left_carry = left_carry+50, total_left = total_left+50
WHERE `user_id` = 'SJBNYJ';
INSERT INTO `placement_bv_update_history` (`left_carry`, `date`, `from_id`, `user_id`) VALUES ('50', '2025-02-13 21:25:05', 'ETPYLQ', 'SJBNYJ');
INSERT INTO `matrix_filling` (`placement_id`, `downline_id`, `level`, `matrix`) VALUES ('44B9Y4', 'ETPYLQ', 12, 1);
UPDATE `bv_updation` SET left_carry = left_carry+50, total_left = total_left+50
WHERE `user_id` = '44B9Y4';
INSERT INTO `placement_bv_update_history` (`left_carry`, `date`, `from_id`, `user_id`) VALUES ('50', '2025-02-13 21:25:05', 'ETPYLQ', '44B9Y4');
INSERT INTO `matrix_filling` (`placement_id`, `downline_id`, `level`, `matrix`) VALUES ('admin', 'ETPYLQ', 13, 1);
UPDATE `bv_updation` SET right_carry = right_carry+50, total_right = total_right+50
WHERE `user_id` = 'admin';
INSERT INTO `placement_bv_update_history` (`right_carry`, `date`, `from_id`, `user_id`) VALUES ('50', '2025-02-13 21:25:05', 'ETPYLQ', 'admin');
INSERT INTO `package_purchase_history` (`user_id`, `package_id`, `reg_fee`, `package_name`, `monthly_fee`, `type`, `date`, `payment_option`) VALUES ('ETPYLQ', '2', '595', 'Traveler Pro', '150', 'sign_up', '2025-02-13 21:25:05', 'stripe');
UPDATE `user_registration` SET `popup_seen` = 'yes'
WHERE `user_id` = 'QJ5U9C';
UPDATE `user_registration` SET `default_leg` = 'left'
WHERE `user_id` = 'QJ5U9C';
INSERT INTO `login_history` (`user_id`, `device`, `ip_address`, `date`) VALUES ('R37QLI', 'Mozilla/5.0 (Macintosh; Intel Mac OS X 10_15_7) AppleWebKit/605.1.15 (KHTML, like Gecko) Version/17.4 Safari/605.1.15', '108.162.210.252', '25-02-13 21:26');
UPDATE `user_registration` SET `popup_seen` = 'yes'
WHERE `user_id` = 'R37QLI';
INSERT INTO `temp_register` (`post_data`, `date`, `payment_method`, `type`) VALUES ('{\"uid\":\"2190\",\"user_id\":\"2RSJNO\",\"username\":\"yoel0221\",\"sponsor_id\":\"QJ5U9C\",\"vacant\":\"no\",\"f_name\":\"Yoel\",\"l_name\":\"Ramos Gomez\",\"position\":\"left\",\"email\":\"yoel21272@gmail.com\",\"password\":\"7ca7487b8ea0d333b0bcac96d79a126e\",\"phone\":\"3053050150\",\"country\":\"United States\",\"state\":\"Florida\",\"city\":\"Miami\",\"street\":\"10240 sw 160th st\",\"zip_code\":\"33157\",\"reg_ip\":\"172.70.82.8\",\"status\":1,\"package_id\":\"2\",\"rank_id\":1,\"highest_rank\":1,\"cycle_rank_id\":1,\"created\":\"2025-02-13 21:29:14\",\"subscription_date\":\"2025-03-15\",\"google_secret\":\"Y2LDIT7LHCPNU6Z4\"}', '2025-02-13 21:29:14', 'stripe', 'register');
UPDATE `temp_register` SET `response` = '{\"stripeToken\":\"tok_1QsFb92NUoYUjiuu2xifdxW5\",\"stripeTokenType\":\"card\",\"stripeEmail\":\"yoel21272@gmail.com\"}', `date_modified` = '2025-02-13 21:29:57', `payment_status` = '{\"id\":\"ch_3QsFbE2NUoYUjiuu1ypwlPPg\",\"object\":\"charge\",\"amount\":59500,\"amount_captured\":59500,\"amount_refunded\":0,\"application\":null,\"application_fee\":null,\"application_fee_amount\":null,\"balance_transaction\":\"txn_3QsFbE2NUoYUjiuu1FJW5LO3\",\"billing_details\":{\"address\":{\"city\":null,\"country\":null,\"line1\":null,\"line2\":null,\"postal_code\":null,\"state\":null},\"email\":null,\"name\":\"yoel21272@gmail.com\",\"phone\":null},\"calculated_statement_descriptor\":\"TRAVELEGENDCY LLC\",\"captured\":true,\"created\":1739503796,\"currency\":\"usd\",\"customer\":\"cus_RlnBvnsDDFocNU\",\"description\":null,\"destination\":null,\"dispute\":null,\"disputed\":false,\"failure_balance_transaction\":null,\"failure_code\":null,\"failure_message\":null,\"fraud_details\":[],\"invoice\":null,\"livemode\":true,\"metadata\":{\"name\":\"Yoel Ramos Gomez\",\"username\":\"yoel0221\"},\"on_behalf_of\":null,\"order\":null,\"outcome\":{\"advice_code\":null,\"network_advice_code\":null,\"network_decline_code\":null,\"network_status\":\"approved_by_network\",\"reason\":null,\"risk_level\":\"normal\",\"seller_message\":\"Payment complete.\",\"type\":\"authorized\"},\"paid\":true,\"payment_intent\":null,\"payment_method\":\"card_1QsFb92NUoYUjiuu4UQDvwzm\",\"payment_method_details\":{\"card\":{\"amount_authorized\":59500,\"authorization_code\":\"39862W\",\"brand\":\"mastercard\",\"checks\":{\"address_line1_check\":null,\"address_postal_code_check\":null,\"cvc_check\":\"pass\"},\"country\":\"US\",\"exp_month\":3,\"exp_year\":2029,\"extended_authorization\":{\"status\":\"disabled\"},\"fingerprint\":\"gZnrTcgwMUaFUe0L\",\"funding\":\"credit\",\"incremental_authorization\":{\"status\":\"unavailable\"},\"installments\":null,\"last4\":\"8668\",\"mandate\":null,\"multicapture\":{\"status\":\"unavailable\"},\"network\":\"mastercard\",\"network_token\":{\"used\":false},\"network_transaction_id\":\"MWEUCMJUA0213\",\"overcapture\":{\"maximum_amount_capturable\":59500,\"status\":\"unavailable\"},\"regulated_status\":\"unregulated\",\"three_d_secure\":null,\"wallet\":null},\"type\":\"card\"},\"receipt_email\":null,\"receipt_number\":null,\"receipt_url\":\"https:\\/\\/pay.stripe.com\\/receipts\\/payment\\/CAcQARoXChVhY2N0XzFRUEFGdjJOVW9ZVWppdXUotvG6vQYyBgYizi05rTosFqaOBCCFAXs5ccI3KTjuBJEp7R39APM3m2HBw-NC7vkHrsZoH1fE8RNmpfM\",\"refunded\":false,\"review\":null,\"shipping\":null,\"source\":{\"id\":\"card_1QsFb92NUoYUjiuu4UQDvwzm\",\"object\":\"card\",\"address_city\":null,\"address_country\":null,\"address_line1\":null,\"address_line1_check\":null,\"address_line2\":null,\"address_state\":null,\"address_zip\":null,\"address_zip_check\":null,\"allow_redisplay\":\"unspecified\",\"brand\":\"MasterCard\",\"country\":\"US\",\"customer\":\"cus_RlnBvnsDDFocNU\",\"cvc_check\":\"pass\",\"dynamic_last4\":null,\"exp_month\":3,\"exp_year\":2029,\"fingerprint\":\"gZnrTcgwMUaFUe0L\",\"funding\":\"credit\",\"last4\":\"8668\",\"metadata\":[],\"name\":\"yoel21272@gmail.com\",\"regulated_status\":\"unregulated\",\"tokenization_method\":null,\"wallet\":null},\"source_transfer\":null,\"statement_descriptor\":null,\"statement_descriptor_suffix\":null,\"status\":\"succeeded\",\"transfer_data\":null,\"transfer_group\":null}'
WHERE `id` = 114;
UPDATE `user_registration` SET `uid` = '2190', `user_id` = '2RSJNO', `username` = 'yoel0221', `sponsor_id` = 'QJ5U9C', `vacant` = 'no', `f_name` = 'Yoel', `l_name` = 'Ramos Gomez', `position` = 'left', `email` = 'yoel21272@gmail.com', `password` = '7ca7487b8ea0d333b0bcac96d79a126e', `phone` = '3053050150', `country` = 'United States', `state` = 'Florida', `city` = 'Miami', `street` = '10240 sw 160th st', `zip_code` = '33157', `reg_ip` = '172.70.82.8', `status` = 1, `package_id` = '2', `rank_id` = 1, `highest_rank` = 1, `cycle_rank_id` = 1, `created` = '2025-02-13 21:29:14', `subscription_date` = '2025-03-15', `google_secret` = 'Y2LDIT7LHCPNU6Z4'
WHERE `uid` = '2190';
INSERT INTO `user_registration` (`uid`, `user_id`, `username`, `sponsor_id`, `placement_id`, `vacant`, `f_name`, `l_name`, `address`, `position`, `email`, `password`, `phone`, `reg_ip`, `status`, `created`) VALUES (NULL, 'MBUNIV', 'rFxLzXFs', '2RSJNO', '2RSJNO', 'yes', '', '', '', 'left', '@mail.com', '', '', '', 0, '2025-02-13 21:29:57');
INSERT INTO `user_registration` (`uid`, `user_id`, `username`, `sponsor_id`, `placement_id`, `vacant`, `f_name`, `l_name`, `address`, `position`, `email`, `password`, `phone`, `reg_ip`, `status`, `created`) VALUES (NULL, 'DXGAXQ', 'iTenhVIs', '2RSJNO', '2RSJNO', 'yes', '', '', '', 'right', '@mail.com', '', '', '', 0, '2025-02-13 21:29:57');
INSERT INTO `bv_updation` (`user_id`) VALUES ('2RSJNO');
UPDATE `user_registration` SET total_ref_count = total_ref_count+1
WHERE `user_id` = 'QJ5U9C';
UPDATE `user_registration` SET total_downlines = total_downlines+1
WHERE `user_id` = 'ETPYLQ';
UPDATE `user_registration` SET left_downlines = left_downlines+1
WHERE `user_id` = 'ETPYLQ';
UPDATE `user_registration` SET total_downlines = total_downlines+1
WHERE `user_id` = 'M2XFK7';
UPDATE `user_registration` SET left_downlines = left_downlines+1
WHERE `user_id` = 'M2XFK7';
UPDATE `user_registration` SET total_downlines = total_downlines+1
WHERE `user_id` = '7BQJK5';
UPDATE `user_registration` SET left_downlines = left_downlines+1
WHERE `user_id` = '7BQJK5';
UPDATE `user_registration` SET total_downlines = total_downlines+1
WHERE `user_id` = 'QJ5U9C';
UPDATE `user_registration` SET left_downlines = left_downlines+1
WHERE `user_id` = 'QJ5U9C';
UPDATE `user_registration` SET left_ref_count = left_ref_count+1
WHERE `user_id` = 'QJ5U9C';
UPDATE `user_registration` SET active_left = active_left+1
WHERE `user_id` = 'QJ5U9C';
UPDATE `user_registration` SET total_downlines = total_downlines+1
WHERE `user_id` = 'O94ZPY';
UPDATE `user_registration` SET left_downlines = left_downlines+1
WHERE `user_id` = 'O94ZPY';
UPDATE `user_registration` SET total_downlines = total_downlines+1
WHERE `user_id` = 'JHRDHS';
UPDATE `user_registration` SET right_downlines = right_downlines+1
WHERE `user_id` = 'JHRDHS';
UPDATE `user_registration` SET total_downlines = total_downlines+1
WHERE `user_id` = 'CVVK4C';
UPDATE `user_registration` SET right_downlines = right_downlines+1
WHERE `user_id` = 'CVVK4C';
UPDATE `user_registration` SET total_downlines = total_downlines+1
WHERE `user_id` = 'K55EDD';
UPDATE `user_registration` SET left_downlines = left_downlines+1
WHERE `user_id` = 'K55EDD';
UPDATE `user_registration` SET total_downlines = total_downlines+1
WHERE `user_id` = 'UQO7EQ';
UPDATE `user_registration` SET left_downlines = left_downlines+1
WHERE `user_id` = 'UQO7EQ';
UPDATE `user_registration` SET total_downlines = total_downlines+1
WHERE `user_id` = 'N6GZAE';
UPDATE `user_registration` SET left_downlines = left_downlines+1
WHERE `user_id` = 'N6GZAE';
UPDATE `user_registration` SET total_downlines = total_downlines+1
WHERE `user_id` = '4E1CRI';
UPDATE `user_registration` SET left_downlines = left_downlines+1
WHERE `user_id` = '4E1CRI';
UPDATE `user_registration` SET total_downlines = total_downlines+1
WHERE `user_id` = 'SJBNYJ';
UPDATE `user_registration` SET left_downlines = left_downlines+1
WHERE `user_id` = 'SJBNYJ';
UPDATE `user_registration` SET total_downlines = total_downlines+1
WHERE `user_id` = '44B9Y4';
UPDATE `user_registration` SET left_downlines = left_downlines+1
WHERE `user_id` = '44B9Y4';
UPDATE `user_registration` SET total_downlines = total_downlines+1
WHERE `user_id` = 'admin';
UPDATE `user_registration` SET right_downlines = right_downlines+1
WHERE `user_id` = 'admin';
INSERT INTO `investment` (`invest_date`, `user_id`, `type`, `amount`, `package_id`) VALUES ('2025-02-13 21:29:57', '2RSJNO', 'register', '595', '2');
INSERT INTO `earnings` (`user_id`, `Purchaser_id`, `earning_type`, `package_id`, `amount`, `date`, `comments`, `invest_amount`, `comm_perc`, `level`, `rank_id`, `order_id`) VALUES ('QJ5U9C', '2RSJNO', 'Direct Referral Bonus', '2', '100', '2025-02-13 21:29:57', 'Direct Referral Bonus', 0, 0, 1, '', 90);
UPDATE `user_registration` SET commission_balance = ROUND(commission_balance + 100,2)
WHERE `user_id` = 'QJ5U9C';
UPDATE `user_registration` SET referral_bonus = ROUND(referral_bonus + 100,2)
WHERE `user_id` = 'QJ5U9C';
UPDATE `user_registration` SET total_points = ROUND(total_points + 50,2)
WHERE `user_id` = '2RSJNO';
INSERT INTO `points_history` (`user_id`, `points`, `type`, `date`) VALUES ('2RSJNO', '50', 'register', '2025-02-13 21:29:');
INSERT INTO `matrix_filling` (`placement_id`, `downline_id`, `level`, `matrix`) VALUES ('ETPYLQ', '2RSJNO', 1, 1);
UPDATE `bv_updation` SET left_carry = left_carry+50, total_left = total_left+50
WHERE `user_id` = 'ETPYLQ';
INSERT INTO `placement_bv_update_history` (`left_carry`, `date`, `from_id`, `user_id`) VALUES ('50', '2025-02-13 21:29:57', '2RSJNO', 'ETPYLQ');
INSERT INTO `matrix_filling` (`placement_id`, `downline_id`, `level`, `matrix`) VALUES ('M2XFK7', '2RSJNO', 2, 1);
UPDATE `bv_updation` SET left_carry = left_carry+50, total_left = total_left+50
WHERE `user_id` = 'M2XFK7';
INSERT INTO `placement_bv_update_history` (`left_carry`, `date`, `from_id`, `user_id`) VALUES ('50', '2025-02-13 21:29:57', '2RSJNO', 'M2XFK7');
INSERT INTO `matrix_filling` (`placement_id`, `downline_id`, `level`, `matrix`) VALUES ('7BQJK5', '2RSJNO', 3, 1);
UPDATE `bv_updation` SET left_carry = left_carry+50, total_left = total_left+50
WHERE `user_id` = '7BQJK5';
INSERT INTO `placement_bv_update_history` (`left_carry`, `date`, `from_id`, `user_id`) VALUES ('50', '2025-02-13 21:29:57', '2RSJNO', '7BQJK5');
INSERT INTO `matrix_filling` (`placement_id`, `downline_id`, `level`, `matrix`) VALUES ('QJ5U9C', '2RSJNO', 4, 1);
UPDATE `bv_updation` SET left_carry = left_carry+50, total_left = total_left+50
WHERE `user_id` = 'QJ5U9C';
INSERT INTO `placement_bv_update_history` (`left_carry`, `date`, `from_id`, `user_id`) VALUES ('50', '2025-02-13 21:29:57', '2RSJNO', 'QJ5U9C');
UPDATE `bv_updation` SET sponsor_left_carry = sponsor_left_carry+50, sponsor_total_left = sponsor_total_left+50
WHERE `user_id` = 'QJ5U9C';
INSERT INTO `sponsor_bv_update_history` (`left_carry`, `date`, `user_id`) VALUES ('50', '2025-02-13 21:29:57', 'QJ5U9C');
INSERT INTO `matrix_filling` (`placement_id`, `downline_id`, `level`, `matrix`) VALUES ('O94ZPY', '2RSJNO', 5, 1);
UPDATE `bv_updation` SET left_carry = left_carry+50, total_left = total_left+50
WHERE `user_id` = 'O94ZPY';
INSERT INTO `placement_bv_update_history` (`left_carry`, `date`, `from_id`, `user_id`) VALUES ('50', '2025-02-13 21:29:57', '2RSJNO', 'O94ZPY');
INSERT INTO `matrix_filling` (`placement_id`, `downline_id`, `level`, `matrix`) VALUES ('JHRDHS', '2RSJNO', 6, 1);
UPDATE `bv_updation` SET right_carry = right_carry+50, total_right = total_right+50
WHERE `user_id` = 'JHRDHS';
INSERT INTO `placement_bv_update_history` (`right_carry`, `date`, `from_id`, `user_id`) VALUES ('50', '2025-02-13 21:29:57', '2RSJNO', 'JHRDHS');
INSERT INTO `matrix_filling` (`placement_id`, `downline_id`, `level`, `matrix`) VALUES ('CVVK4C', '2RSJNO', 7, 1);
UPDATE `bv_updation` SET right_carry = right_carry+50, total_right = total_right+50
WHERE `user_id` = 'CVVK4C';
INSERT INTO `placement_bv_update_history` (`right_carry`, `date`, `from_id`, `user_id`) VALUES ('50', '2025-02-13 21:29:57', '2RSJNO', 'CVVK4C');
INSERT INTO `matrix_filling` (`placement_id`, `downline_id`, `level`, `matrix`) VALUES ('K55EDD', '2RSJNO', 8, 1);
UPDATE `bv_updation` SET left_carry = left_carry+50, total_left = total_left+50
WHERE `user_id` = 'K55EDD';
INSERT INTO `placement_bv_update_history` (`left_carry`, `date`, `from_id`, `user_id`) VALUES ('50', '2025-02-13 21:29:57', '2RSJNO', 'K55EDD');
INSERT INTO `matrix_filling` (`placement_id`, `downline_id`, `level`, `matrix`) VALUES ('UQO7EQ', '2RSJNO', 9, 1);
UPDATE `bv_updation` SET left_carry = left_carry+50, total_left = total_left+50
WHERE `user_id` = 'UQO7EQ';
INSERT INTO `placement_bv_update_history` (`left_carry`, `date`, `from_id`, `user_id`) VALUES ('50', '2025-02-13 21:29:57', '2RSJNO', 'UQO7EQ');
INSERT INTO `matrix_filling` (`placement_id`, `downline_id`, `level`, `matrix`) VALUES ('N6GZAE', '2RSJNO', 10, 1);
UPDATE `bv_updation` SET left_carry = left_carry+50, total_left = total_left+50
WHERE `user_id` = 'N6GZAE';
INSERT INTO `placement_bv_update_history` (`left_carry`, `date`, `from_id`, `user_id`) VALUES ('50', '2025-02-13 21:29:57', '2RSJNO', 'N6GZAE');
INSERT INTO `matrix_filling` (`placement_id`, `downline_id`, `level`, `matrix`) VALUES ('4E1CRI', '2RSJNO', 11, 1);
UPDATE `bv_updation` SET left_carry = left_carry+50, total_left = total_left+50
WHERE `user_id` = '4E1CRI';
INSERT INTO `placement_bv_update_history` (`left_carry`, `date`, `from_id`, `user_id`) VALUES ('50', '2025-02-13 21:29:57', '2RSJNO', '4E1CRI');
INSERT INTO `matrix_filling` (`placement_id`, `downline_id`, `level`, `matrix`) VALUES ('SJBNYJ', '2RSJNO', 12, 1);
UPDATE `bv_updation` SET left_carry = left_carry+50, total_left = total_left+50
WHERE `user_id` = 'SJBNYJ';
INSERT INTO `placement_bv_update_history` (`left_carry`, `date`, `from_id`, `user_id`) VALUES ('50', '2025-02-13 21:29:57', '2RSJNO', 'SJBNYJ');
INSERT INTO `matrix_filling` (`placement_id`, `downline_id`, `level`, `matrix`) VALUES ('44B9Y4', '2RSJNO', 13, 1);
UPDATE `bv_updation` SET left_carry = left_carry+50, total_left = total_left+50
WHERE `user_id` = '44B9Y4';
INSERT INTO `placement_bv_update_history` (`left_carry`, `date`, `from_id`, `user_id`) VALUES ('50', '2025-02-13 21:29:57', '2RSJNO', '44B9Y4');
INSERT INTO `matrix_filling` (`placement_id`, `downline_id`, `level`, `matrix`) VALUES ('admin', '2RSJNO', 14, 1);
UPDATE `bv_updation` SET right_carry = right_carry+50, total_right = total_right+50
WHERE `user_id` = 'admin';
INSERT INTO `placement_bv_update_history` (`right_carry`, `date`, `from_id`, `user_id`) VALUES ('50', '2025-02-13 21:29:57', '2RSJNO', 'admin');
INSERT INTO `package_purchase_history` (`user_id`, `package_id`, `reg_fee`, `package_name`, `monthly_fee`, `type`, `date`, `payment_option`) VALUES ('2RSJNO', '2', '595', 'Traveler Pro', '150', 'sign_up', '2025-02-13 21:29:57', 'stripe');
UPDATE `ci_sessions` SET `timestamp` = 1739504034, `data` = '__ci_last_regenerate|i:1739504034;id|s:4:\"2084\";user_id|s:6:\"QJ5U9C\";username|s:10:\"gascarde60\";sponsor_id|s:6:\"O94ZPY\";fullname|s:14:\"Gaspar Cardero\";email|s:18:\"gascarde@yahoo.com\";phone|s:10:\"7862371360\";isLogIn|b:1;message|s:44:\"Your registration completed successfully...!\";__ci_vars|a:1:{s:7:\"message\";s:3:\"old\";}'
WHERE `id` = '77756ecd4bd095ca9de655e267e5583dce03893d';
INSERT INTO `login_history` (`user_id`, `device`, `ip_address`, `date`) VALUES ('9T4ALJ', 'Mozilla/5.0 (iPhone; CPU iPhone OS 17_6_1 like Mac OS X) AppleWebKit/605.1.15 (KHTML, like Gecko) Version/17.6 Mobile/15E148 Safari/604.1', '172.70.255.69', '25-02-13 21:36');
UPDATE `user_registration` SET `popup_seen` = 'yes'
WHERE `user_id` = '9T4ALJ';
UPDATE `ci_sessions` SET `timestamp` = 1739504449, `data` = '__ci_last_regenerate|i:1739504449;id|s:4:\"2084\";user_id|s:6:\"QJ5U9C\";username|s:10:\"gascarde60\";sponsor_id|s:6:\"O94ZPY\";fullname|s:14:\"Gaspar Cardero\";email|s:18:\"gascarde@yahoo.com\";phone|s:10:\"7862371360\";isLogIn|b:1;'
WHERE `id` = 'bcccfbf00d112bb711f248e76edc26cdc4503174';
UPDATE `ci_sessions` SET `timestamp` = 1739504554, `data` = '__ci_last_regenerate|i:1739504554;id|s:4:\"2171\";user_id|s:6:\"9T4ALJ\";username|s:9:\"Enrique83\";sponsor_id|s:6:\"2QC8SK\";fullname|s:21:\"Juana Teresa Quinones\";email|s:25:\"terina.quinones@gmail.com\";phone|s:10:\"7863623610\";isLogIn|b:1;'
WHERE `id` = 'baa7e198e03c8053d742937f5040b30cc4fa981b';
UPDATE `user_registration` SET `popup_seen` = 'yes'
WHERE `user_id` = '9T4ALJ';
INSERT INTO `login_history` (`user_id`, `device`, `ip_address`, `date`) VALUES ('JIL8K9', 'Mozilla/5.0 (iPhone; CPU iPhone OS 18_3_1 like Mac OS X) AppleWebKit/605.1.15 (KHTML, like Gecko) Version/18.3 Mobile/15E148 Safari/604.1', '172.70.255.77', '25-02-13 21:46');
UPDATE `user_registration` SET `popup_seen` = 'yes'
WHERE `user_id` = 'JIL8K9';
UPDATE `ci_sessions` SET `timestamp` = 1739505330, `data` = '__ci_last_regenerate|i:1739505330;captcha|s:4:\"vtzl\";'
WHERE `id` = '53ff5da4ea534075c0023d77e30d27e058aa3894';
INSERT INTO `login_history` (`user_id`, `device`, `ip_address`, `date`) VALUES ('2QC8SK', 'Mozilla/5.0 (Linux; Android 10; K) AppleWebKit/537.36 (KHTML, like Gecko) SamsungBrowser/27.0 Chrome/125.0.0.0 Mobile Safari/537.36', '172.70.254.3', '25-02-13 21:56');
UPDATE `user_registration` SET `popup_seen` = 'yes'
WHERE `user_id` = '2QC8SK';
UPDATE `user_registration` SET `popup_seen` = 'yes'
WHERE `user_id` = '2QC8SK';
UPDATE `ci_sessions` SET `timestamp` = 1739505581, `data` = '__ci_last_regenerate|i:1739505581;captcha|s:4:\"2noo\";'
WHERE `id` = 'c412a341575bb9f8cbef1c023cbdbd7ac25425c5';
INSERT INTO `login_history` (`user_id`, `device`, `ip_address`, `date`) VALUES ('UQO7EQ', 'Mozilla/5.0 (Linux; Android 10; K) AppleWebKit/537.36 (KHTML, like Gecko) Chrome/131.0.0.0 Mobile Safari/537.36', '108.162.212.158', '25-02-13 21:59');
UPDATE `user_registration` SET `popup_seen` = 'yes'
WHERE `user_id` = 'UQO7EQ';
UPDATE `user_registration` SET `popup_seen` = 'no'
WHERE `user_id` = 'UQO7EQ';
DELETE FROM `ci_sessions`
WHERE `id` = '34fc03b9f396f32da8b6c0a0b73872c339454d39';
UPDATE `ci_sessions` SET `timestamp` = 1739505657, `data` = '__ci_last_regenerate|i:1739505657;id|s:4:\"2171\";user_id|s:6:\"9T4ALJ\";username|s:9:\"Enrique83\";sponsor_id|s:6:\"2QC8SK\";fullname|s:21:\"Juana Teresa Quinones\";email|s:25:\"terina.quinones@gmail.com\";phone|s:10:\"7863623610\";isLogIn|b:1;'
WHERE `id` = '5a644136dc56cc4bbaa0fc53358fecaed153da0b';
UPDATE `ci_sessions` SET `timestamp` = 1739505671, `data` = '__ci_last_regenerate|i:1739505671;id|s:4:\"2165\";user_id|s:6:\"2QC8SK\";username|s:8:\"rafa1968\";sponsor_id|s:6:\"HRAFD3\";fullname|s:12:\"Rafael Otano\";email|s:24:\"chaconrafael38@gmail.com\";phone|s:10:\"7863982075\";isLogIn|b:1;'
WHERE `id` = '8d5a60a6c78c8025499598e42a5b13d0a897f5dd';
UPDATE `user_registration` SET `popup_seen` = 'yes'
WHERE `user_id` = '2QC8SK';
UPDATE `user_registration` SET `popup_seen` = 'yes'
WHERE `user_id` = '9T4ALJ';
UPDATE `ci_sessions` SET `timestamp` = 1739505958, `data` = '__ci_last_regenerate|i:1739505958;id|s:4:\"2171\";user_id|s:6:\"9T4ALJ\";username|s:9:\"Enrique83\";sponsor_id|s:6:\"2QC8SK\";fullname|s:21:\"Juana Teresa Quinones\";email|s:25:\"terina.quinones@gmail.com\";phone|s:10:\"7863623610\";isLogIn|b:1;'
WHERE `id` = 'd968f6a5b1b3192add1e3a7b662adac53d862ddd';
UPDATE `user_registration` SET `popup_seen` = 'yes'
WHERE `user_id` = '9T4ALJ';
UPDATE `user_registration` SET `popup_seen` = 'yes'
WHERE `user_id` = '9T4ALJ';
UPDATE `ci_sessions` SET `timestamp` = 1739506050, `data` = '__ci_last_regenerate|i:1739506050;id|s:4:\"2165\";user_id|s:6:\"2QC8SK\";username|s:8:\"rafa1968\";sponsor_id|s:6:\"HRAFD3\";fullname|s:12:\"Rafael Otano\";email|s:24:\"chaconrafael38@gmail.com\";phone|s:10:\"7863982075\";isLogIn|b:1;'
WHERE `id` = '6b037e1f245f98d2dab096ab5ee18e1ef3f488df';
UPDATE `user_registration` SET `popup_seen` = 'yes'
WHERE `user_id` = '2QC8SK';
INSERT INTO `login_history` (`user_id`, `device`, `ip_address`, `date`) VALUES ('44B9Y4', 'Mozilla/5.0 (iPhone; CPU iPhone OS 18_3_1 like Mac OS X) AppleWebKit/605.1.15 (KHTML, like Gecko) Version/18.3 Mobile/15E148 Safari/604.1', '172.70.55.204', '25-02-13 22:09');
UPDATE `user_registration` SET `popup_seen` = 'yes'
WHERE `user_id` = '44B9Y4';
INSERT INTO `login_history` (`user_id`, `device`, `ip_address`, `date`) VALUES ('TOTNOR', 'Mozilla/5.0 (Windows NT 10.0; Win64; x64) AppleWebKit/537.36 (KHTML, like Gecko) Chrome/133.0.0.0 Safari/537.36', '172.69.64.196', '25-02-13 22:24');
UPDATE `user_registration` SET `popup_seen` = 'yes'
WHERE `user_id` = 'TOTNOR';
UPDATE `ci_sessions` SET `timestamp` = 1739507447, `data` = '__ci_last_regenerate|i:1739507447;id|s:4:\"2166\";user_id|s:6:\"TOTNOR\";username|s:6:\"alex58\";sponsor_id|s:6:\"R37QLI\";fullname|s:16:\"Alejandro Medina\";email|s:22:\"triptripclub@gmail.com\";phone|s:10:\"9981510058\";isLogIn|b:1;message|s:24:\"Welcome Alejandro Medina\";__ci_vars|a:1:{s:7:\"message\";s:3:\"old\";}'
WHERE `id` = '814b939dd926139eea8c7b01241a5ac6791a6a1f';
UPDATE `ci_sessions` SET `timestamp` = 1739507799, `data` = '__ci_last_regenerate|i:1739507799;id|s:4:\"2166\";user_id|s:6:\"TOTNOR\";username|s:6:\"alex58\";sponsor_id|s:6:\"R37QLI\";fullname|s:16:\"Alejandro Medina\";email|s:22:\"triptripclub@gmail.com\";phone|s:10:\"9981510058\";isLogIn|b:1;'
WHERE `id` = '20c290b247258bdf46da8818b5a944625c3d276d';
INSERT INTO `login_history` (`user_id`, `device`, `ip_address`, `date`) VALUES ('7BQJK5', 'Mozilla/5.0 (Windows NT 10.0; Win64; x64) AppleWebKit/537.36 (KHTML, like Gecko) Chrome/133.0.0.0 Safari/537.36 Edg/133.0.0.0', '172.69.132.224', '25-02-13 22:37');
UPDATE `user_registration` SET `popup_seen` = 'yes'
WHERE `user_id` = '7BQJK5';
UPDATE `user_registration` SET `popup_seen` = 'yes'
WHERE `user_id` = '7BQJK5';
UPDATE `ci_sessions` SET `timestamp` = 1739508373, `data` = '__ci_last_regenerate|i:1739508373;id|s:4:\"2166\";user_id|s:6:\"TOTNOR\";username|s:6:\"alex58\";sponsor_id|s:6:\"R37QLI\";fullname|s:16:\"Alejandro Medina\";email|s:22:\"triptripclub@gmail.com\";phone|s:10:\"9981510058\";isLogIn|b:1;'
WHERE `id` = '33c1e6a64578d1b6d431b17bc363b743708c57b9';
INSERT INTO `add_cart` (`user_id`, `product_id`, `product_name`, `product_amount`, `product_point`, `product_image`, `product_details`, `quantity`, `total_amount`, `country`, `state`, `total_point`, `date`) VALUES ('TOTNOR', '1', 'Visit beautiful Miami 3D/2N', '150', '75', 'upload/reward_image/8554e64c3c18d50953288de013a274ce.png', '<p><span style=\"color:rgb(0,0,0);\">Miami is a dynamic city known for its stunning beaches, vibrant nightlife, and diverse culture. From the art deco charm of South Beach to world-class dining and shopping, Miami offers an unforgettable tropical getaway.</span></p><p><span style=\"color:rgb(0,0,0);\"><strong>3 days / 2 nights</strong></span></p><p><span style=\"color:rgb(0,0,0);\"><strong>Cost: $150</strong></span></p>', 1, 150, '223', '4252', 75, '2025-02-13 22:47:24');
UPDATE `add_cart` SET quantity = quantity + 1, total_amount = total_amount + 150, total_point = total_point + 75
WHERE `user_id` = 'TOTNOR'
AND `product_id` = '1';
UPDATE `add_cart` SET quantity = quantity + 1, total_amount = total_amount + 150, total_point = total_point + 75
WHERE `user_id` = 'TOTNOR'
AND `product_id` = '1';
INSERT INTO `payquicker_token` (`response`, `token`, `created_time`, `expires_at`) VALUES ('{\"access_token\":\"8D3A8A2AF83F0D95B407FF07E6AFE7C81668BC1D40C95DFA274AC8D1CFE2DE13-1\",\"expires_in\":3600,\"token_type\":\"Bearer\",\"scope\":\"api useraccount_balance useraccount_debit useraccount_invitation useraccount_payment\"}', '8D3A8A2AF83F0D95B407FF07E6AFE7C81668BC1D40C95DFA274AC8D1CFE2DE13-1', '2025-02-13 22:50:06', '2025-02-13 23:50:06');
INSERT INTO `payment_metod_setting` (`user_id`, `method`, `email`, `wallet_id`, `status`, `date`) VALUES ('TOTNOR', 'payquicker', 'triptripclub@gmail.com', 'alex58LWTd', 0, '2025-02-13 22:50:07');
INSERT INTO `payquicker_send_invite` (`user_id`, `userCompanyAssignedUniqueKey`, `response`, `date`) VALUES ('TOTNOR', 'alex58LWTd', '[{\"dateInvited\":\"2025-02-14T04:50:08Z\",\"invitationKey\":\"QBb7IxzqwTNcAbqfLrawgLegDxyVEQJiFgOVuaLara3tbQVnyiHpoVbjLXxc47NSUZ5bKKlZefuWZLtTDYOeI5o3q4Rw6neJFUbHsSwKOu5aMt0GQa5CpyqeXlN9IcD3aFwGdpz9xsLXO9ogC8uQRgw3SVb9RoDbtkYDdNMfDThJWHQ1WG06I4Qnwkt2KqoW0DzT2r7niaBbQPW04vzWbblWNeDURiSghAWAa5LM3tHI15cQ9h0FBtbF0DKENhfq\",\"invitationStatus\":\"InvitationStatusType_Pending\",\"registrationStatus\":\"NotStarted\",\"registrationDetails\":{\"addresses\":[{\"city\":\"Hialeah\",\"country\":\"USA\",\"postalCode\":\"33016\",\"region\":\"Florida\",\"streetAddress1\":\"6916 W 36 Ave apt 202\",\"created\":\"0001-01-01T00:00:00Z\",\"type\":\"AddressType_Residential\"}],\"fundingAccountPublicId\":\"4e84a85ac47e46639c648f932d48fdf0\",\"issuePlasticCard\":true,\"notifyUser\":true,\"userDetails\":{\"emailAddress\":\"triptripclub@gmail.com\",\"firstName\":\"Alejandro\",\"lastName\":\"Medina\",\"userCompanyAssignedUniqueKey\":\"alex58LWTd\"}}}]', '2025-02-13 22:50:07');
UPDATE `ci_sessions` SET `timestamp` = 1739508763, `data` = '__ci_last_regenerate|i:1739508763;id|s:4:\"2144\";user_id|s:6:\"7BQJK5\";username|s:7:\"TRAVEL1\";sponsor_id|s:6:\"QJ5U9C\";fullname|s:14:\"YANARA PENABAD\";email|s:20:\"YPENABAD@HOTMAIL.COM\";phone|s:10:\"7867153304\";isLogIn|b:1;'
WHERE `id` = '6bff925964f21ae3fb37c53587d7cf4c58649ba4';
UPDATE `user_registration` SET `popup_seen` = 'no'
WHERE `user_id` = '7BQJK5';
DELETE FROM `ci_sessions`
WHERE `id` = '4f131468ca95849038a975301f7edfd72d7a0f94';
INSERT INTO `login_history` (`user_id`, `device`, `ip_address`, `date`) VALUES ('TOTNOR', 'Mozilla/5.0 (Windows NT 10.0; Win64; x64) AppleWebKit/537.36 (KHTML, like Gecko) Chrome/133.0.0.0 Safari/537.36 Edg/133.0.0.0', '172.71.156.143', '25-02-13 23:04');
UPDATE `user_registration` SET `popup_seen` = 'yes'
WHERE `user_id` = 'TOTNOR';
UPDATE `user_registration` SET `popup_seen` = 'no'
WHERE `user_id` = 'TOTNOR';
DELETE FROM `ci_sessions`
WHERE `id` = '4ec4fec2847928f5418e09a4509571778b071f32';
INSERT INTO `login_history` (`user_id`, `device`, `ip_address`, `date`) VALUES ('HUDVJU', 'Mozilla/5.0 (Windows NT 10.0; Win64; x64) AppleWebKit/537.36 (KHTML, like Gecko) Chrome/133.0.0.0 Safari/537.36 Edg/133.0.0.0', '172.70.55.80', '25-02-13 23:06');
UPDATE `user_registration` SET `popup_seen` = 'yes'
WHERE `user_id` = 'HUDVJU';
UPDATE `user_registration` SET `popup_seen` = 'yes'
WHERE `user_id` = 'HUDVJU';
UPDATE `ci_sessions` SET `timestamp` = 1739509848, `data` = '__ci_last_regenerate|i:1739509848;id|s:4:\"2047\";user_id|s:6:\"HUDVJU\";username|s:7:\"carmina\";sponsor_id|s:6:\"PKHRN5\";fullname|s:17:\"Maria C Sotolongo\";email|s:19:\"rsotolongok@aol.com\";phone|s:10:\"7862013183\";isLogIn|b:1;'
WHERE `id` = 'b13c669538e9774c292530b07621918aa3bbd7ea';
UPDATE `user_registration` SET `popup_seen` = 'yes'
WHERE `user_id` = 'HUDVJU';
INSERT INTO `login_history` (`user_id`, `device`, `ip_address`, `date`) VALUES ('UQO7EQ', 'Mozilla/5.0 (Windows NT 10.0; Win64; x64) AppleWebKit/537.36 (KHTML, like Gecko) Chrome/133.0.0.0 Safari/537.36', '172.69.132.233', '25-02-13 23:21');
UPDATE `user_registration` SET `popup_seen` = 'yes'
WHERE `user_id` = 'UQO7EQ';
UPDATE `user_registration` SET `popup_seen` = 'no'
WHERE `user_id` = 'UQO7EQ';
DELETE FROM `ci_sessions`
WHERE `id` = '52b4e9eac73663653f8a90a7b1403afb796bad58';
INSERT INTO `cron_job_history` (`name`, `date_started`, `status`) VALUES ('backup', '2025-02-14 00:00:02', 'started');
UPDATE `cron_job_history` SET `status` = 'done', `date_end` = '2025-02-14 00:00:02'
WHERE `id` = 198;
INSERT INTO `cron_job_history` (`name`, `date_started`, `status`) VALUES ('deduct_sub_amt_from_ewallet', '2025-02-14 00:05:01', 'started');
UPDATE `cron_job_history` SET `status` = 'done', `date_end` = '2025-02-14 00:05:01'
WHERE `id` = 199;
INSERT INTO `login_history` (`user_id`, `device`, `ip_address`, `date`) VALUES ('JHRDHS', 'Mozilla/5.0 (iPhone; CPU iPhone OS 18_3_1 like Mac OS X) AppleWebKit/605.1.15 (KHTML, like Gecko) Version/18.3 Mobile/15E148 Safari/604.1', '172.69.132.233', '25-02-14 05:15');
UPDATE `user_registration` SET `popup_seen` = 'yes'
WHERE `user_id` = 'JHRDHS';
INSERT INTO `login_history` (`user_id`, `device`, `ip_address`, `date`) VALUES ('O94ZPY', 'Mozilla/5.0 (iPhone; CPU iPhone OS 18_3_1 like Mac OS X) AppleWebKit/605.1.15 (KHTML, like Gecko) Version/18.3 Mobile/15E148 Safari/604.1', '172.70.82.169', '25-02-14 06:35');
UPDATE `user_registration` SET `popup_seen` = 'yes'
WHERE `user_id` = 'O94ZPY';
UPDATE `user_registration` SET `popup_seen` = 'yes'
WHERE `user_id` = 'O94ZPY';
UPDATE `user_registration` SET `popup_seen` = 'yes'
WHERE `user_id` = 'O94ZPY';
UPDATE `ci_sessions` SET `timestamp` = 1739537282, `data` = '__ci_last_regenerate|i:1739537282;exception|s:31:\"Incorrect Username Or Password!\";__ci_vars|a:1:{s:9:\"exception\";s:3:\"old\";}captcha|s:4:\"n4hp\";'
WHERE `id` = 'f59703fe9988c68472ef6fe132fd306e494a29ae';
INSERT INTO `login_history` (`user_id`, `device`, `ip_address`, `date`) VALUES ('O94ZPY', 'Mozilla/5.0 (Macintosh; Intel Mac OS X 10_15_7) AppleWebKit/605.1.15 (KHTML, like Gecko) Version/17.6 Safari/605.1.15', '108.162.210.238', '25-02-14 06:50');
UPDATE `user_registration` SET `popup_seen` = 'yes'
WHERE `user_id` = 'O94ZPY';
UPDATE `ci_sessions` SET `timestamp` = 1739537643, `data` = '__ci_last_regenerate|i:1739537643;id|s:4:\"2075\";user_id|s:6:\"O94ZPY\";username|s:12:\"angelito4817\";sponsor_id|s:6:\"JHRDHS\";fullname|s:15:\"Angel Fernandez\";email|s:25:\"angelito.magaly@gmail.com\";phone|s:0:\"\";isLogIn|b:1;'
WHERE `id` = '9761ffb98ae7dfeeec5c8319b204d649333f768c';
INSERT INTO `login_history` (`user_id`, `device`, `ip_address`, `date`) VALUES ('QJ5U9C', 'Mozilla/5.0 (Windows NT 10.0; Win64; x64) AppleWebKit/537.36 (KHTML, like Gecko) Chrome/132.0.0.0 Safari/537.36', '172.70.255.77', '25-02-14 07:15');
UPDATE `user_registration` SET `popup_seen` = 'yes'
WHERE `user_id` = 'QJ5U9C';
UPDATE `user_registration` SET `default_leg` = 'left'
WHERE `user_id` = 'QJ5U9C';
INSERT INTO `login_history` (`user_id`, `device`, `ip_address`, `date`) VALUES ('K55EDD', 'Mozilla/5.0 (iPhone; CPU iPhone OS 18_3_1 like Mac OS X) AppleWebKit/605.1.15 (KHTML, like Gecko) Version/18.3 Mobile/15E148 Safari/604.1', '172.70.254.94', '25-02-14 08:01');
UPDATE `user_registration` SET `popup_seen` = 'yes'
WHERE `user_id` = 'K55EDD';
UPDATE `user_registration` SET `popup_seen` = 'yes'
WHERE `user_id` = 'K55EDD';
UPDATE `user_registration` SET `popup_seen` = 'yes'
WHERE `user_id` = 'K55EDD';
UPDATE `user_registration` SET `popup_seen` = 'yes'
WHERE `user_id` = 'K55EDD';
INSERT INTO `login_history` (`user_id`, `device`, `ip_address`, `date`) VALUES ('R37QLI', 'Mozilla/5.0 (Macintosh; Intel Mac OS X 10_15_7) AppleWebKit/605.1.15 (KHTML, like Gecko) Version/17.4 Safari/605.1.15', '172.69.132.233', '25-02-14 08:09');
UPDATE `user_registration` SET `popup_seen` = 'yes'
WHERE `user_id` = 'R37QLI';
UPDATE `ci_sessions` SET `timestamp` = 1739545070, `data` = '__ci_last_regenerate|i:1739545070;captcha|s:4:\"qc2z\";'
WHERE `id` = '98a7b8c8bf3bbde2999fe94c97ede88da2b23614';
UPDATE `admin` SET `last_logout` = '2025-02-14 09:12:25'
WHERE `id` IS NULL;
DELETE FROM `ci_sessions`
WHERE `id` = '17e012b312fbe21973e48d6783115ebe01fc9cfa';
UPDATE `admin` SET `last_login` = '2025-02-14 09:12:38', `ip_address` = '162.158.175.35'
WHERE `id` = '1';
INSERT INTO `login_history` (`user_id`, `device`, `ip_address`, `date`) VALUES ('L2MNP5', 'Mozilla/5.0 (Linux; Android 10; K) AppleWebKit/537.36 (KHTML, like Gecko) Chrome/133.0.0.0 Mobile Safari/537.36', '108.162.210.238', '25-02-14 09:15');
UPDATE `user_registration` SET `popup_seen` = 'yes'
WHERE `user_id` = 'L2MNP5';
INSERT INTO `login_history` (`user_id`, `device`, `ip_address`, `date`) VALUES ('JHRDHS', 'Mozilla/5.0 (iPhone; CPU iPhone OS 18_3_1 like Mac OS X) AppleWebKit/605.1.15 (KHTML, like Gecko) Version/18.3 Mobile/15E148 Safari/604.1', '108.162.238.102', '25-02-14 09:22');
UPDATE `user_registration` SET `popup_seen` = 'yes'
WHERE `user_id` = 'JHRDHS';
INSERT INTO `login_history` (`user_id`, `device`, `ip_address`, `date`) VALUES ('9T4ALJ', 'Mozilla/5.0 (iPhone; CPU iPhone OS 17_6_1 like Mac OS X) AppleWebKit/605.1.15 (KHTML, like Gecko) Version/17.6 Mobile/15E148 Safari/604.1', '172.69.132.225', '25-02-14 09:45');
UPDATE `user_registration` SET `popup_seen` = 'yes'
WHERE `user_id` = '9T4ALJ';
UPDATE `user_registration` SET `popup_seen` = 'yes'
WHERE `user_id` = '9T4ALJ';
UPDATE `ci_sessions` SET `timestamp` = 1739548376, `data` = '__ci_last_regenerate|i:1739548376;id|s:4:\"2171\";user_id|s:6:\"9T4ALJ\";username|s:9:\"Enrique83\";sponsor_id|s:6:\"2QC8SK\";fullname|s:21:\"Juana Teresa Quinones\";email|s:25:\"terina.quinones@gmail.com\";phone|s:10:\"7863623610\";isLogIn|b:1;'
WHERE `id` = '1146c1a0fdf4540c04a3e14f5352b1c723a73d72';
UPDATE `ci_sessions` SET `timestamp` = 1739552546, `data` = '__ci_last_regenerate|i:1739552546;id|s:4:\"2059\";user_id|s:6:\"L2MNP5\";username|s:8:\"LCOMiami\";sponsor_id|s:6:\"K55EDD\";fullname|s:23:\"Leonardo Camacho Oviedo\";email|s:29:\"caimandelcaribe1964@gmail.com\";phone|s:10:\"9082908827\";isLogIn|b:1;'
WHERE `id` = '07f227ed6cd99dc1447ae472e5a4dcdf42fd6ef0';
UPDATE `user_registration` SET `popup_seen` = 'yes'
WHERE `user_id` = 'L2MNP5';
UPDATE `ci_sessions` SET `timestamp` = 1739552819, `data` = '__ci_last_regenerate|i:1739552819;id|s:4:\"2171\";user_id|s:6:\"9T4ALJ\";username|s:9:\"Enrique83\";sponsor_id|s:6:\"2QC8SK\";fullname|s:21:\"Juana Teresa Quinones\";email|s:25:\"terina.quinones@gmail.com\";phone|s:10:\"7863623610\";isLogIn|b:1;'
WHERE `id` = '1146c1a0fdf4540c04a3e14f5352b1c723a73d72';
UPDATE `user_registration` SET `popup_seen` = 'yes'
WHERE `user_id` = '9T4ALJ';
UPDATE `user_registration` SET `popup_seen` = 'yes'
WHERE `user_id` = '9T4ALJ';
UPDATE `user_registration` SET `popup_seen` = 'yes'
WHERE `user_id` = '9T4ALJ';
UPDATE `user_registration` SET `popup_seen` = 'yes'
WHERE `user_id` = '9T4ALJ';
INSERT INTO `login_history` (`user_id`, `device`, `ip_address`, `date`) VALUES ('UQO7EQ', 'Mozilla/5.0 (Windows NT 10.0; Win64; x64) AppleWebKit/537.36 (KHTML, like Gecko) Chrome/133.0.0.0 Safari/537.36', '172.70.255.181', '25-02-14 11:34');
UPDATE `user_registration` SET `popup_seen` = 'yes'
WHERE `user_id` = 'UQO7EQ';
UPDATE `user_registration` SET `popup_seen` = 'no'
WHERE `user_id` = 'UQO7EQ';
DELETE FROM `ci_sessions`
WHERE `id` = '7e7ea55cc428ac209ef64a61304082b6241969e8';
INSERT INTO `login_history` (`user_id`, `device`, `ip_address`, `date`) VALUES ('44B9Y4', 'Mozilla/5.0 (iPhone; CPU iPhone OS 18_3_1 like Mac OS X) AppleWebKit/605.1.15 (KHTML, like Gecko) Version/18.3 Mobile/15E148 Safari/604.1', '172.69.132.224', '25-02-14 11:40');
UPDATE `user_registration` SET `popup_seen` = 'yes'
WHERE `user_id` = '44B9Y4';
UPDATE `ci_sessions` SET `timestamp` = 1739555344, `data` = '__ci_last_regenerate|i:1739555344;captcha|s:4:\"yv45\";'
WHERE `id` = 'f3c9cee3ebaa9eb52ea103f9d10df3e86a63bcfe';
INSERT INTO `login_history` (`user_id`, `device`, `ip_address`, `date`) VALUES ('UQO7EQ', 'Mozilla/5.0 (Windows NT 10.0; Win64; x64) AppleWebKit/537.36 (KHTML, like Gecko) Chrome/133.0.0.0 Safari/537.36', '172.70.254.233', '25-02-14 11:49');
UPDATE `user_registration` SET `popup_seen` = 'yes'
WHERE `user_id` = 'UQO7EQ';
UPDATE `user_registration` SET `popup_seen` = 'no'
WHERE `user_id` = 'UQO7EQ';
DELETE FROM `ci_sessions`
WHERE `id` = 'fe9560b67cd1b9d18c2b3afdf31d0032b0b9c811';
UPDATE `ci_sessions` SET `timestamp` = 1739555802, `data` = '__ci_last_regenerate|i:1739555802;id|s:4:\"2021\";user_id|s:6:\"44B9Y4\";username|s:7:\"Talimbi\";sponsor_id|s:5:\"admin\";fullname|s:14:\"Emilio Tapanes\";email|s:23:\"emiliotapanes@gmail.com\";phone|s:10:\"7862876762\";isLogIn|b:1;message|s:22:\"Welcome Emilio Tapanes\";__ci_vars|a:1:{s:7:\"message\";s:3:\"old\";}'
WHERE `id` = 'd0caba3785423b09754cf575fb4f15d737a05796';
UPDATE `user_registration` SET `popup_seen` = 'yes'
WHERE `user_id` = '44B9Y4';
UPDATE `ci_sessions` SET `timestamp` = 1739558602, `data` = '__ci_last_regenerate|i:1739558602;captcha|s:4:\"6wt6\";'
WHERE `id` = 'edeabf7f7cbddda1aa08b9768ec3ff3c0eb33cef';
INSERT INTO `login_history` (`user_id`, `device`, `ip_address`, `date`) VALUES ('UQO7EQ', 'Mozilla/5.0 (Windows NT 10.0; Win64; x64) AppleWebKit/537.36 (KHTML, like Gecko) Chrome/133.0.0.0 Safari/537.36', '172.70.254.232', '25-02-14 12:43');
UPDATE `user_registration` SET `popup_seen` = 'yes'
WHERE `user_id` = 'UQO7EQ';
UPDATE `user_registration` SET `popup_seen` = 'no'
WHERE `user_id` = 'UQO7EQ';
DELETE FROM `ci_sessions`
WHERE `id` = 'ef52e1d0f679fbd4958d0fe9970c1e103d9898c3';
UPDATE `admin` SET `last_login` = '2025-02-14 12:46:05', `ip_address` = '162.158.120.136'
WHERE `id` = '1';
INSERT INTO `login_history` (`user_id`, `device`, `ip_address`, `date`) VALUES ('2RSJNO', 'Mozilla/5.0 (Windows NT 10.0; Win64; x64) AppleWebKit/537.36 (KHTML, like Gecko) Chrome/130.0.0.0 Safari/537.36', '172.70.54.196', '25-02-14 12:58');
UPDATE `user_registration` SET `popup_seen` = 'yes'
WHERE `user_id` = '2RSJNO';
UPDATE `ci_sessions` SET `timestamp` = 1739560147, `data` = '__ci_last_regenerate|i:1739560147;isLogIn|b:1;isAdmin|b:1;id|s:1:\"1\";fullname|s:11:\"admin admin\";user_level|s:5:\"Admin\";email|s:23:\"admin@travelegendcy.com\";image|s:53:\"upload/settings/4a1f1b602322adb837a7a3547ee69cf3.jpeg\";last_login|s:19:\"2025-02-14 09:12:38\";last_logout|s:19:\"2025-01-31 04:14:42\";ip_address|s:14:\"162.158.175.35\";'
WHERE `id` = 'ff125fea5efc3e81667e03e8782ea72c06cc23c0';
UPDATE `ci_sessions` SET `timestamp` = 1739560332, `data` = '__ci_last_regenerate|i:1739560332;id|s:4:\"2021\";user_id|s:6:\"44B9Y4\";username|s:7:\"Talimbi\";sponsor_id|s:5:\"admin\";fullname|s:14:\"Emilio Tapanes\";email|s:23:\"emiliotapanes@gmail.com\";phone|s:10:\"7862876762\";isLogIn|b:1;'
WHERE `id` = 'c4594f8e040bd26738ef9dc613f44b69001a1ebf';
INSERT INTO `login_history` (`user_id`, `device`, `ip_address`, `date`) VALUES ('JHRDHS', 'Mozilla/5.0 (iPhone; CPU iPhone OS 18_3_1 like Mac OS X) AppleWebKit/605.1.15 (KHTML, like Gecko) Version/18.3 Mobile/15E148 Safari/604.1', '172.70.255.194', '25-02-14 14:30');
UPDATE `user_registration` SET `popup_seen` = 'yes'
WHERE `user_id` = 'JHRDHS';
INSERT INTO `login_history` (`user_id`, `device`, `ip_address`, `date`) VALUES ('admin', 'Mozilla/5.0 (Windows NT 10.0; Win64; x64) AppleWebKit/537.36 (KHTML, like Gecko) Chrome/132.0.0.0 Safari/537.36', '188.114.111.221', '25-02-14 14:33');
UPDATE `user_registration` SET `popup_seen` = 'yes'
WHERE `user_id` = 'admin';
INSERT INTO `add_cart` (`user_id`, `product_id`, `product_name`, `product_amount`, `product_point`, `product_image`, `product_details`, `quantity`, `total_amount`, `country`, `state`, `total_point`, `date`) VALUES ('admin', '1', 'Visit beautiful Miami 3D/2N', '150', '75', 'upload/reward_image/8554e64c3c18d50953288de013a274ce.png', '<p><span style=\"color:rgb(0,0,0);\">Miami is a dynamic city known for its stunning beaches, vibrant nightlife, and diverse culture. From the art deco charm of South Beach to world-class dining and shopping, Miami offers an unforgettable tropical getaway.</span></p><p><span style=\"color:rgb(0,0,0);\"><strong>3 days / 2 nights</strong></span></p><p><span style=\"color:rgb(0,0,0);\"><strong>Cost: $150</strong></span></p>', 1, 150, '223', '4252', 75, '2025-02-14 14:33:41');
DELETE FROM `add_cart`
WHERE `id` = '21';
UPDATE `add_cart` SET `quantity` = '1', `total_amount` = 150, `total_point` = 75
WHERE `id` = '38';
UPDATE `ci_sessions` SET `timestamp` = 1739565265, `data` = '__ci_last_regenerate|i:1739565265;isLogIn|b:1;isAdmin|b:1;id|s:1:\"1\";fullname|s:11:\"admin admin\";user_level|s:5:\"Admin\";email|s:23:\"admin@travelegendcy.com\";image|s:53:\"upload/settings/4a1f1b602322adb837a7a3547ee69cf3.jpeg\";last_login|s:19:\"2025-02-14 09:12:38\";last_logout|s:19:\"2025-01-31 04:14:42\";ip_address|s:14:\"162.158.175.35\";'
WHERE `id` = '6e5c1c6f14bdc2889894e1997f02e5fae14959f5';
UPDATE `user_registration` SET `popup_seen` = 'yes'
WHERE `user_id` IS NULL;
UPDATE `user_registration` SET `popup_seen` = 'no'
WHERE `user_id` = 'admin';
DELETE FROM `ci_sessions`
WHERE `id` = 'e8bdcb88acfbccd12233e26a8407ca59019c61f3';
INSERT INTO `login_history` (`user_id`, `device`, `ip_address`, `date`) VALUES ('admin', 'Mozilla/5.0 (Windows NT 10.0; Win64; x64) AppleWebKit/537.36 (KHTML, like Gecko) Chrome/132.0.0.0 Safari/537.36', '188.114.111.23', '25-02-14 14:38');
UPDATE `user_registration` SET `popup_seen` = 'yes'
WHERE `user_id` = 'admin';
UPDATE `add_cart` SET `quantity` = '1', `total_amount` = 150, `total_point` = 75
WHERE `id` = '38';
UPDATE `user_registration` SET `language` = 'spanish'
WHERE `user_id` = 'admin';
UPDATE `ci_sessions` SET `timestamp` = 1739565840, `data` = '__ci_last_regenerate|i:1739565840;id|s:4:\"2019\";user_id|s:5:\"admin\";username|s:5:\"admin\";sponsor_id|s:1:\"0\";fullname|s:11:\"Alex Carrey\";email|s:15:\"admin@admin.com\";phone|s:10:\"1235467892\";isLogIn|b:1;'
WHERE `id` = 'f1e63529bf648993754bc4f9476b12a52b0d4971';
UPDATE `user_registration` SET `language` = 'english'
WHERE `user_id` = 'admin';
UPDATE `user_registration` SET `language` = 'spanish'
WHERE `user_id` = 'admin';
INSERT INTO `login_history` (`user_id`, `device`, `ip_address`, `date`) VALUES ('U7SMZ8', 'Mozilla/5.0 (Macintosh; Intel Mac OS X 10_15_7) AppleWebKit/605.1.15 (KHTML, like Gecko) Version/17.6 Safari/605.1.15', '172.70.82.148', '25-02-14 15:32');
UPDATE `user_registration` SET `popup_seen` = 'yes'
WHERE `user_id` = 'U7SMZ8';
UPDATE `user_registration` SET `popup_seen` = 'yes'
WHERE `user_id` = 'U7SMZ8';
UPDATE `user_registration` SET `popup_seen` = 'no'
WHERE `user_id` = 'U7SMZ8';
DELETE FROM `ci_sessions`
WHERE `id` = '89a192f62396f37efb3a8a5678e6ed9f247b2882';
INSERT INTO `login_history` (`user_id`, `device`, `ip_address`, `date`) VALUES ('QJ5U9C', 'Mozilla/5.0 (Windows NT 10.0; Win64; x64) AppleWebKit/537.36 (KHTML, like Gecko) Chrome/133.0.0.0 Safari/537.36', '172.70.82.169', '25-02-14 15:35');
UPDATE `user_registration` SET `popup_seen` = 'yes'
WHERE `user_id` = 'QJ5U9C';
UPDATE `ci_sessions` SET `timestamp` = 1739569166, `data` = '__ci_last_regenerate|i:1739569166;id|s:4:\"2084\";user_id|s:6:\"QJ5U9C\";username|s:10:\"gascarde60\";sponsor_id|s:6:\"O94ZPY\";fullname|s:14:\"Gaspar Cardero\";email|s:18:\"gascarde@yahoo.com\";phone|s:10:\"7862371360\";isLogIn|b:1;'
WHERE `id` = '398d7cc2e076eb668e9569ff9a92a7d65e548b5b';
UPDATE `ci_sessions` SET `timestamp` = 1739570011, `data` = '__ci_last_regenerate|i:1739570011;id|s:4:\"2084\";user_id|s:6:\"QJ5U9C\";username|s:10:\"gascarde60\";sponsor_id|s:6:\"O94ZPY\";fullname|s:14:\"Gaspar Cardero\";email|s:18:\"gascarde@yahoo.com\";phone|s:10:\"7862371360\";isLogIn|b:1;'
WHERE `id` = '5ebb3c2da0b5f6d538d307e56edb7f051f8e6003';
INSERT INTO `login_history` (`user_id`, `device`, `ip_address`, `date`) VALUES ('R37QLI', 'Mozilla/5.0 (Macintosh; Intel Mac OS X 10_15_7) AppleWebKit/605.1.15 (KHTML, like Gecko) Version/17.4 Safari/605.1.15', '172.70.82.8', '25-02-14 15:53');
UPDATE `user_registration` SET `popup_seen` = 'yes'
WHERE `user_id` = 'R37QLI';
UPDATE `admin` SET `last_login` = '2025-02-14 16:33:59', `ip_address` = '162.158.120.139'
WHERE `id` = '1';
INSERT INTO `login_history` (`user_id`, `device`, `ip_address`, `date`) VALUES ('admin', 'Mozilla/5.0 (Linux; Android 10; K) AppleWebKit/537.36 (KHTML, like Gecko) Chrome/133.0.0.0 Safari/537.36', '162.158.120.249', '25-02-14 16:40');
UPDATE `user_registration` SET `popup_seen` = 'yes'
WHERE `user_id` = 'admin';
UPDATE `user_registration` SET `language` = 'english'
WHERE `user_id` = 'admin';
UPDATE `user_registration` SET `popup_seen` = 'yes'
WHERE `user_id` = 'admin';
INSERT INTO `login_history` (`user_id`, `device`, `ip_address`, `date`) VALUES ('K55EDD', 'Mozilla/5.0 (iPhone; CPU iPhone OS 18_3_1 like Mac OS X) AppleWebKit/605.1.15 (KHTML, like Gecko) Version/18.3 Mobile/15E148 Safari/604.1', '172.69.132.230', '25-02-14 17:59');
UPDATE `user_registration` SET `popup_seen` = 'yes'
WHERE `user_id` = 'K55EDD';
UPDATE `user_registration` SET `popup_seen` = 'yes'
WHERE `user_id` = 'K55EDD';
UPDATE `user_registration` SET `popup_seen` = 'yes'
WHERE `user_id` = 'K55EDD';
UPDATE `user_registration` SET `popup_seen` = 'yes'
WHERE `user_id` = 'K55EDD';
INSERT INTO `login_history` (`user_id`, `device`, `ip_address`, `date`) VALUES ('F7LGEE', 'Mozilla/5.0 (Windows NT 10.0; Win64; x64) AppleWebKit/537.36 (KHTML, like Gecko) Chrome/124.0.0.0 Safari/537.36', '172.69.132.246', '25-02-14 18:30');
UPDATE `user_registration` SET `popup_seen` = 'yes'
WHERE `user_id` = 'F7LGEE';
UPDATE `user_registration` SET `popup_seen` = 'yes'
WHERE `user_id` = 'F7LGEE';
UPDATE `user_registration` SET `popup_seen` = 'yes'
WHERE `user_id` = 'F7LGEE';
UPDATE `ci_sessions` SET `timestamp` = 1739579722, `data` = '__ci_last_regenerate|i:1739579722;id|s:4:\"2145\";user_id|s:6:\"F7LGEE\";username|s:13:\"eve.barrios60\";sponsor_id|s:6:\"QJ5U9C\";fullname|s:24:\"Evelio Barrios Hernandez\";email|s:19:\"ebh600331@gmail.com\";phone|s:10:\"7869121599\";isLogIn|b:1;'
WHERE `id` = 'bb75b2f29fbcd8810fb3eff3b75e5a590eb02d43';
UPDATE `user_registration` SET `popup_seen` = 'yes'
WHERE `user_id` = 'F7LGEE';
INSERT INTO `login_history` (`user_id`, `device`, `ip_address`, `date`) VALUES ('QJ5U9C', 'Mozilla/5.0 (Windows NT 10.0; Win64; x64) AppleWebKit/537.36 (KHTML, like Gecko) Chrome/133.0.0.0 Safari/537.36', '172.70.254.95', '25-02-14 18:52');
UPDATE `user_registration` SET `popup_seen` = 'yes'
WHERE `user_id` = 'QJ5U9C';
INSERT INTO `login_history` (`user_id`, `device`, `ip_address`, `date`) VALUES ('UQO7EQ', 'Mozilla/5.0 (Linux; Android 10; K) AppleWebKit/537.36 (KHTML, like Gecko) Chrome/131.0.0.0 Mobile Safari/537.36', '172.70.54.225', '25-02-14 18:57');
UPDATE `user_registration` SET `popup_seen` = 'yes'
WHERE `user_id` = 'UQO7EQ';
UPDATE `user_registration` SET `popup_seen` = 'no'
WHERE `user_id` = 'UQO7EQ';
DELETE FROM `ci_sessions`
WHERE `id` = '1137084fbf7e319222ae0ec9ab32f9ce7398f274';
UPDATE `ci_sessions` SET `timestamp` = 1739581143, `data` = '__ci_last_regenerate|i:1739581143;id|s:4:\"2084\";user_id|s:6:\"QJ5U9C\";username|s:10:\"gascarde60\";sponsor_id|s:6:\"O94ZPY\";fullname|s:14:\"Gaspar Cardero\";email|s:18:\"gascarde@yahoo.com\";phone|s:10:\"7862371360\";isLogIn|b:1;'
WHERE `id` = '24779debd112b03ec0cf92e7e180c85f1038813b';
UPDATE `ci_sessions` SET `timestamp` = 1739581499, `data` = '__ci_last_regenerate|i:1739581499;id|s:4:\"2084\";user_id|s:6:\"QJ5U9C\";username|s:10:\"gascarde60\";sponsor_id|s:6:\"O94ZPY\";fullname|s:14:\"Gaspar Cardero\";email|s:18:\"gascarde@yahoo.com\";phone|s:10:\"7862371360\";isLogIn|b:1;'
WHERE `id` = 'cf1bd10e5dc8d826f0e227be1a349c32a2fe3c82';
UPDATE `ci_sessions` SET `timestamp` = 1739582044, `data` = '__ci_last_regenerate|i:1739582044;id|s:4:\"2084\";user_id|s:6:\"QJ5U9C\";username|s:10:\"gascarde60\";sponsor_id|s:6:\"O94ZPY\";fullname|s:14:\"Gaspar Cardero\";email|s:18:\"gascarde@yahoo.com\";phone|s:10:\"7862371360\";isLogIn|b:1;'
WHERE `id` = '9872c8468406aefa679d2dd9a8ce6c1069ed79b0';
INSERT INTO `login_history` (`user_id`, `device`, `ip_address`, `date`) VALUES ('R37QLI', 'Mozilla/5.0 (Macintosh; Intel Mac OS X 10_15_7) AppleWebKit/605.1.15 (KHTML, like Gecko) Version/17.4 Safari/605.1.15', '172.70.254.137', '25-02-14 19:23');
UPDATE `user_registration` SET `popup_seen` = 'yes'
WHERE `user_id` = 'R37QLI';
UPDATE `ci_sessions` SET `timestamp` = 1739582957, `data` = '__ci_last_regenerate|i:1739582957;id|s:4:\"2052\";user_id|s:6:\"K55EDD\";username|s:10:\"Varadero20\";sponsor_id|s:6:\"UQO7EQ\";fullname|s:16:\"Francisco Prieto\";email|s:24:\"prieto112015@hotmail.com\";phone|s:10:\"3059264135\";isLogIn|b:1;'
WHERE `id` = '5964e05725e075a7305a4042c0f20b963f728c11';
UPDATE `user_registration` SET `popup_seen` = 'yes'
WHERE `user_id` = 'K55EDD';
UPDATE `user_registration` SET `popup_seen` = 'yes'
WHERE `user_id` = 'K55EDD';
UPDATE `user_registration` SET `popup_seen` = 'yes'
WHERE `user_id` = 'K55EDD';
UPDATE `user_registration` SET `popup_seen` = 'yes'
WHERE `user_id` = 'K55EDD';
INSERT INTO `login_history` (`user_id`, `device`, `ip_address`, `date`) VALUES ('UQO7EQ', 'Mozilla/5.0 (Windows NT 10.0; Win64; x64) AppleWebKit/537.36 (KHTML, like Gecko) Chrome/133.0.0.0 Safari/537.36', '172.70.55.101', '25-02-14 19:47');
UPDATE `user_registration` SET `popup_seen` = 'yes'
WHERE `user_id` = 'UQO7EQ';
UPDATE `user_registration` SET `popup_seen` = 'no'
WHERE `user_id` = 'UQO7EQ';
DELETE FROM `ci_sessions`
WHERE `id` = '2047d581e63c8865c716e866499c5166d2e11d28';
INSERT INTO `login_history` (`user_id`, `device`, `ip_address`, `date`) VALUES ('44B9Y4', 'Mozilla/5.0 (X11; Linux x86_64) AppleWebKit/537.36 (KHTML, like Gecko) Chrome/132.0.0.0 Safari/537.36', '172.70.83.11', '25-02-14 20:17');
UPDATE `user_registration` SET `popup_seen` = 'yes'
WHERE `user_id` = '44B9Y4';
INSERT INTO `login_history` (`user_id`, `device`, `ip_address`, `date`) VALUES ('L8NRSC', 'Mozilla/5.0 (Macintosh; Intel Mac OS X 10_15_7) AppleWebKit/537.36 (KHTML, like Gecko) Chrome/132.0.0.0 Safari/537.36', '172.69.132.232', '25-02-14 22:29');
UPDATE `user_registration` SET `popup_seen` = 'yes'
WHERE `user_id` = 'L8NRSC';
UPDATE `user_registration` SET `popup_seen` = 'yes'
WHERE `user_id` = 'L8NRSC';
UPDATE `ci_sessions` SET `timestamp` = 1739594011, `data` = '__ci_last_regenerate|i:1739594011;id|s:4:\"2074\";user_id|s:6:\"L8NRSC\";username|s:6:\"ehevia\";sponsor_id|s:6:\"JHRDHS\";fullname|s:12:\"Elina  Hevia\";email|s:22:\"heviaelina17@gmail.com\";phone|s:10:\"7862615995\";isLogIn|b:1;'
WHERE `id` = 'c7f3a98dcf790f3a23cd41200e73e3e98c06985c';
UPDATE `user_registration` SET `popup_seen` = 'yes'
WHERE `user_id` = 'L8NRSC';
UPDATE `ci_sessions` SET `timestamp` = 1739594362, `data` = '__ci_last_regenerate|i:1739594362;id|s:4:\"2074\";user_id|s:6:\"L8NRSC\";username|s:6:\"ehevia\";sponsor_id|s:6:\"JHRDHS\";fullname|s:12:\"Elina  Hevia\";email|s:22:\"heviaelina17@gmail.com\";phone|s:10:\"7862615995\";isLogIn|b:1;'
WHERE `id` = 'a08847e4ae61f9b1ea47d8a8628b1154e18a72a1';
INSERT INTO `cron_job_history` (`name`, `date_started`, `status`) VALUES ('backup', '2025-02-15 00:00:01', 'started');
UPDATE `cron_job_history` SET `status` = 'done', `date_end` = '2025-02-15 00:00:02'
WHERE `id` = 200;
INSERT INTO `cron_job_history` (`name`, `date_started`, `status`) VALUES ('deduct_sub_amt_from_ewallet', '2025-02-15 00:05:02', 'started');
UPDATE `cron_job_history` SET `status` = 'done', `date_end` = '2025-02-15 00:05:02'
WHERE `id` = 201;
INSERT INTO `login_history` (`user_id`, `device`, `ip_address`, `date`) VALUES ('JIL8K9', 'Mozilla/5.0 (iPhone; CPU iPhone OS 18_3_1 like Mac OS X) AppleWebKit/605.1.15 (KHTML, like Gecko) Version/18.3 Mobile/15E148 Safari/604.1', '172.71.22.162', '25-02-15 01:27');
UPDATE `user_registration` SET `popup_seen` = 'yes'
WHERE `user_id` = 'JIL8K9';
UPDATE `user_registration` SET `popup_seen` = 'yes'
WHERE `user_id` = 'JIL8K9';
UPDATE `user_registration` SET `popup_seen` = 'no'
WHERE `user_id` = 'JIL8K9';
DELETE FROM `ci_sessions`
WHERE `id` = 'db827a0b6cbc81fe4b952d19da46caf54227cf26';
INSERT INTO `login_history` (`user_id`, `device`, `ip_address`, `date`) VALUES ('IEVPMD', 'Mozilla/5.0 (Windows NT 5.1; rv:109.0) Gecko/20100101 Firefox/115.0', '172.69.132.232', '25-02-15 05:44');
UPDATE `user_registration` SET `popup_seen` = 'yes'
WHERE `user_id` = 'IEVPMD';
UPDATE `user_registration` SET `popup_seen` = 'yes'
WHERE `user_id` = 'IEVPMD';
UPDATE `user_registration` SET `popup_seen` = 'no'
WHERE `user_id` = 'IEVPMD';
DELETE FROM `ci_sessions`
WHERE `id` = '4ab0477c067d291181c5e088ca21665e6d4a3a02';
UPDATE `ci_sessions` SET `timestamp` = 1739621733, `data` = '__ci_last_regenerate|i:1739621733;captcha|s:4:\"m4q4\";'
WHERE `id` = '6793b6e1a0b6c2c77651057cf1a46d7e9e4e5bd8';
INSERT INTO `login_history` (`user_id`, `device`, `ip_address`, `date`) VALUES ('QJ5U9C', 'Mozilla/5.0 (Windows NT 10.0; Win64; x64) AppleWebKit/537.36 (KHTML, like Gecko) Chrome/133.0.0.0 Safari/537.36', '172.70.82.149', '25-02-15 06:15');
UPDATE `user_registration` SET `popup_seen` = 'yes'
WHERE `user_id` = 'QJ5U9C';
UPDATE `admin` SET `last_login` = '2025-02-15 06:16:09', `ip_address` = '162.158.123.23'
WHERE `id` = '1';
INSERT INTO `payquicker_token` (`response`, `token`, `created_time`, `expires_at`) VALUES ('{\"access_token\":\"58075A32E53853A7029CB7D39A4603D982A8E90D4AEB310A9DFAF2254B8CCABD-1\",\"expires_in\":3600,\"token_type\":\"Bearer\",\"scope\":\"api useraccount_balance useraccount_debit useraccount_invitation useraccount_payment\"}', '58075A32E53853A7029CB7D39A4603D982A8E90D4AEB310A9DFAF2254B8CCABD-1', '2025-02-15 06:18:24', '2025-02-15 07:18:24');
UPDATE `withdraw` SET `payment_details` = '[{\"payments\":[{\"accountingId\":\"travelegendcy12235\",\"authDate\":\"2025-02-15T12:18:29Z\",\"monetary\":{\"amount\":-450.0000,\"currency\":\"Currency_USD\",\"language\":\"Languages_EN_US\",\"bank\":null,\"formattedAmount\":\"($450.00) USD\"},\"transactionPublicId\":\"TRN1A6IPB0645NRM\",\"transactionStatusType\":\"TransactionStatusType_Complete\"}]}]'
WHERE `withdraw_id` = '10';
UPDATE `withdraw` SET `success_date` = '2025-02-15 06:18:29', `status` = 2
WHERE `withdraw_id` = '10'
AND `user_id` = 'U7SMZ8';
UPDATE `withdraw` SET `payment_details` = '[{\"payments\":[{\"accountingId\":\"travelegendcy44539\",\"authDate\":\"2025-02-15T12:18:31Z\",\"monetary\":{\"amount\":-250.0000,\"currency\":\"Currency_USD\",\"language\":\"Languages_EN_US\",\"bank\":null,\"formattedAmount\":\"($250.00) USD\"},\"transactionPublicId\":\"TRN1A6IQ8KEWXBRB\",\"transactionStatusType\":\"TransactionStatusType_Complete\"}]}]'
WHERE `withdraw_id` = '11';
UPDATE `withdraw` SET `success_date` = '2025-02-15 06:18:30', `status` = 2
WHERE `withdraw_id` = '11'
AND `user_id` = 'UQO7EQ';
UPDATE `withdraw` SET `payment_details` = '[{\"payments\":[{\"accountingId\":\"travelegendcy53434\",\"authDate\":\"2025-02-15T12:18:33Z\",\"monetary\":{\"amount\":-130.0000,\"currency\":\"Currency_USD\",\"language\":\"Languages_EN_US\",\"bank\":null,\"formattedAmount\":\"($130.00) USD\"},\"transactionPublicId\":\"TRN1A6IQ8KEWXBRF\",\"transactionStatusType\":\"TransactionStatusType_Complete\"}]}]'
WHERE `withdraw_id` = '12';
UPDATE `withdraw` SET `success_date` = '2025-02-15 06:18:32', `status` = 2
WHERE `withdraw_id` = '12'
AND `user_id` = 'JHRDHS';
UPDATE `ci_sessions` SET `timestamp` = 1739622082, `data` = '__ci_last_regenerate|i:1739622082;isLogIn|b:1;isAdmin|b:1;id|s:1:\"1\";fullname|s:11:\"admin admin\";user_level|s:5:\"Admin\";email|s:23:\"admin@travelegendcy.com\";image|s:53:\"upload/settings/4a1f1b602322adb837a7a3547ee69cf3.jpeg\";last_login|s:19:\"2025-02-14 16:33:59\";last_logout|s:19:\"2025-01-31 04:14:42\";ip_address|s:14:\"162.158.120.13\";user_user_id|s:6:\"U7SMZ8\";'
WHERE `id` = 'ae25bc0df8e71eeb148450d98c538f695f3d81ec';
UPDATE `ci_sessions` SET `timestamp` = 1739622441, `data` = '__ci_last_regenerate|i:1739622441;isLogIn|b:1;isAdmin|b:1;id|s:1:\"1\";fullname|s:11:\"admin admin\";user_level|s:5:\"Admin\";email|s:23:\"admin@travelegendcy.com\";image|s:53:\"upload/settings/4a1f1b602322adb837a7a3547ee69cf3.jpeg\";last_login|s:19:\"2025-02-14 16:33:59\";last_logout|s:19:\"2025-01-31 04:14:42\";ip_address|s:14:\"162.158.120.13\";user_user_id|s:6:\"U7SMZ8\";'
WHERE `id` = '13e8f3ad8b8aee9efe2d8cbe09d2e77d3ea00c6d';
UPDATE `ci_sessions` SET `timestamp` = 1739622908, `data` = '__ci_last_regenerate|i:1739622908;id|s:4:\"2084\";user_id|s:6:\"QJ5U9C\";username|s:10:\"gascarde60\";sponsor_id|s:6:\"O94ZPY\";fullname|s:14:\"Gaspar Cardero\";email|s:18:\"gascarde@yahoo.com\";phone|s:10:\"7862371360\";isLogIn|b:1;'
WHERE `id` = '5a5c775791db21b6b0cd8335a64912bebada82d9';
UPDATE `user_registration` SET `popup_seen` = 'no'
WHERE `user_id` = 'QJ5U9C';
DELETE FROM `ci_sessions`
WHERE `id` = '45c386bb4844725545f232a08f2e6d8b36adcbf3';
INSERT INTO `login_history` (`user_id`, `device`, `ip_address`, `date`) VALUES ('HRAFD3', 'Mozilla/5.0 (Windows NT 10.0; Win64; x64) AppleWebKit/537.36 (KHTML, like Gecko) Chrome/133.0.0.0 Safari/537.36', '172.70.82.179', '25-02-15 06:36');
UPDATE `user_registration` SET `popup_seen` = 'yes'
WHERE `user_id` = 'HRAFD3';
UPDATE `user_registration` SET `default_leg` = 'right'
WHERE `user_id` = 'HRAFD3';
UPDATE `user_registration` SET `default_leg` = 'left'
WHERE `user_id` = 'HRAFD3';
UPDATE `user_registration` SET `popup_seen` = 'no'
WHERE `user_id` = 'HRAFD3';
DELETE FROM `ci_sessions`
WHERE `id` = '2fadc5f9b180c75ba36980ec227de81b15087d49';
INSERT INTO `login_history` (`user_id`, `device`, `ip_address`, `date`) VALUES ('UQO7EQ', 'Mozilla/5.0 (Linux; Android 10; K) AppleWebKit/537.36 (KHTML, like Gecko) Chrome/131.0.0.0 Mobile Safari/537.36', '172.70.82.9', '25-02-15 07:05');
UPDATE `user_registration` SET `popup_seen` = 'yes'
WHERE `user_id` = 'UQO7EQ';
UPDATE `user_registration` SET `popup_seen` = 'yes'
WHERE `user_id` = 'UQO7EQ';
UPDATE `user_registration` SET `popup_seen` = 'yes'
WHERE `user_id` = 'UQO7EQ';
UPDATE `user_registration` SET `popup_seen` = 'no'
WHERE `user_id` = 'UQO7EQ';
DELETE FROM `ci_sessions`
WHERE `id` = 'f9656f0d684cae79f5738b5a3c8f08be46282298';
INSERT INTO `login_history` (`user_id`, `device`, `ip_address`, `date`) VALUES ('AABG7W', 'Mozilla/5.0 (Linux; Android 10; K) AppleWebKit/537.36 (KHTML, like Gecko) Chrome/133.0.0.0 Mobile Safari/537.36', '172.70.82.169', '25-02-15 08:01');
UPDATE `user_registration` SET `popup_seen` = 'yes'
WHERE `user_id` = 'AABG7W';
UPDATE `user_registration` SET `popup_seen` = 'yes'
WHERE `user_id` = 'AABG7W';
UPDATE `user_registration` SET `popup_seen` = 'yes'
WHERE `user_id` = 'AABG7W';
INSERT INTO `add_cart` (`user_id`, `product_id`, `product_name`, `product_amount`, `product_point`, `product_image`, `product_details`, `quantity`, `total_amount`, `country`, `state`, `total_point`, `date`) VALUES ('AABG7W', '3', 'Living the Aventure 4D/3N', '130', '65', 'upload/product_image/0683d94cdbf83395ae6c1b0e7a2e9e13.png', '<p><span style=\"color:rgb(0,0,0);\">Orlando is a must-visit destination known for its world-famous theme parks, vibrant entertainment, and sunny weather. From thrilling rides to incredible dining and shopping, it’s the ultimate family-friendly adventure spot.</span></p><p><span style=\"color:rgb(0,0,0);\"><strong>4 days / 3 nights</strong></span></p><p><span style=\"color:rgb(0,0,0);\"><strong>Cost: $130</strong></span></p>', 1, 130, '223', '4250', 65, '2025-02-15 08:04:40');
UPDATE `ci_sessions` SET `timestamp` = 1739628476, `data` = '__ci_last_regenerate|i:1739628476;id|s:4:\"2057\";user_id|s:6:\"AABG7W\";username|s:10:\"freeurlife\";sponsor_id|s:6:\"UQO7EQ\";fullname|s:12:\"Lesli Andreu\";email|s:21:\"cranbarrier@gmail.com\";phone|s:10:\"7864171626\";isLogIn|b:1;'
WHERE `id` = '01db3d7fe9ddeab5e413b56ac07653371d7037eb';
INSERT INTO `login_history` (`user_id`, `device`, `ip_address`, `date`) VALUES ('XHO8CJ', 'Mozilla/5.0 (Macintosh; Intel Mac OS X 10_15_7) AppleWebKit/605.1.15 (KHTML, like Gecko) Version/17.6 Safari/605.1.15', '172.71.156.142', '25-02-15 08:57');
UPDATE `user_registration` SET `popup_seen` = 'yes'
WHERE `user_id` = 'XHO8CJ';
UPDATE `user_registration` SET `popup_seen` = 'yes'
WHERE `user_id` = 'XHO8CJ';
UPDATE `user_registration` SET `default_leg` = 'left'
WHERE `user_id` = 'XHO8CJ';
UPDATE `user_registration` SET `popup_seen` = 'yes'
WHERE `user_id` = 'XHO8CJ';
UPDATE `user_registration` SET `popup_seen` = 'yes'
WHERE `user_id` = 'XHO8CJ';
UPDATE `user_registration` SET `popup_seen` = 'no'
WHERE `user_id` = 'XHO8CJ';
DELETE FROM `ci_sessions`
WHERE `id` = 'dc29f6f99504c69fcbb754e58d26a7fa1c58d7d1';
INSERT INTO `login_history` (`user_id`, `device`, `ip_address`, `date`) VALUES ('UQO7EQ', 'Mozilla/5.0 (Windows NT 10.0; Win64; x64) AppleWebKit/537.36 (KHTML, like Gecko) Chrome/133.0.0.0 Safari/537.36', '172.69.132.225', '25-02-15 09:17');
UPDATE `user_registration` SET `popup_seen` = 'yes'
WHERE `user_id` = 'UQO7EQ';
UPDATE `user_registration` SET `popup_seen` = 'no'
WHERE `user_id` = 'UQO7EQ';
DELETE FROM `ci_sessions`
WHERE `id` = 'cc2b82f7124c4bd3fa62f90a1474a81b4dc2c22b';
INSERT INTO `login_history` (`user_id`, `device`, `ip_address`, `date`) VALUES ('R37QLI', 'Mozilla/5.0 (Macintosh; Intel Mac OS X 10_15_7) AppleWebKit/605.1.15 (KHTML, like Gecko) Version/17.4 Safari/605.1.15', '172.70.82.158', '25-02-15 09:23');
UPDATE `user_registration` SET `popup_seen` = 'yes'
WHERE `user_id` = 'R37QLI';
INSERT INTO `login_history` (`user_id`, `device`, `ip_address`, `date`) VALUES ('L2MNP5', 'Mozilla/5.0 (Linux; Android 10; K) AppleWebKit/537.36 (KHTML, like Gecko) Chrome/133.0.0.0 Mobile Safari/537.36', '172.69.132.246', '25-02-15 09:25');
UPDATE `user_registration` SET `popup_seen` = 'yes'
WHERE `user_id` = 'L2MNP5';
INSERT INTO `login_history` (`user_id`, `device`, `ip_address`, `date`) VALUES ('K55EDD', 'Mozilla/5.0 (iPhone; CPU iPhone OS 18_3_1 like Mac OS X) AppleWebKit/605.1.15 (KHTML, like Gecko) Version/18.3 Mobile/15E148 Safari/604.1', '172.70.54.75', '25-02-15 09:28');
UPDATE `user_registration` SET `popup_seen` = 'yes'
WHERE `user_id` = 'K55EDD';
UPDATE `user_registration` SET `language` = 'spanish'
WHERE `user_id` = 'K55EDD';
UPDATE `user_registration` SET `popup_seen` = 'yes'
WHERE `user_id` = 'K55EDD';
UPDATE `user_registration` SET `popup_seen` = 'yes'
WHERE `user_id` = 'K55EDD';
UPDATE `ci_sessions` SET `timestamp` = 1739633829, `data` = '__ci_last_regenerate|i:1739633829;id|s:4:\"2052\";user_id|s:6:\"K55EDD\";username|s:10:\"Varadero20\";sponsor_id|s:6:\"UQO7EQ\";fullname|s:16:\"Francisco Prieto\";email|s:24:\"prieto112015@hotmail.com\";phone|s:10:\"3059264135\";isLogIn|b:1;'
WHERE `id` = 'a339bdd52e03905d9eae14684421c871f47e79b6';
UPDATE `user_registration` SET `popup_seen` = 'yes'
WHERE `user_id` = 'K55EDD';
UPDATE `user_registration` SET `popup_seen` = 'yes'
WHERE `user_id` = 'K55EDD';
INSERT INTO `payquicker_token` (`response`, `token`, `created_time`, `expires_at`) VALUES ('{\"access_token\":\"849B72F167F163EDD8A70CD062B38B8B3237BE686F99A8A5A764B0DBE2055C1D-1\",\"expires_in\":3600,\"token_type\":\"Bearer\",\"scope\":\"api useraccount_balance useraccount_debit useraccount_invitation useraccount_payment\"}', '849B72F167F163EDD8A70CD062B38B8B3237BE686F99A8A5A764B0DBE2055C1D-1', '2025-02-15 09:37:32', '2025-02-15 10:37:32');
INSERT INTO `payment_metod_setting` (`user_id`, `method`, `email`, `wallet_id`, `status`, `date`) VALUES ('K55EDD', 'payquicker', 'prieto112015@hotmail.com', 'Varadero20Wcrp', 0, '2025-02-15 09:37:33');
INSERT INTO `payquicker_send_invite` (`user_id`, `userCompanyAssignedUniqueKey`, `response`, `date`) VALUES ('K55EDD', 'Varadero20Wcrp', '[{\"dateInvited\":\"2025-02-15T15:37:34Z\",\"invitationKey\":\"dCYPew7DRuY6wm4K3Rx5DEaJURDpm5t1qOsrQqjKPpzdBXrazDFojhXvFtEEc7P7HBMppac4DXGppyLwHe3y8OrNxxvmLxHvNZPSt6XjbA6olVXd11SBd6YkpPIgVnHeZWnGZBZzmad8urHGQ5aLqnScABfoXi5l3Sc8TUCdKWSeqgSYkfg6ge95GFTAf6uw9lwkc7Bl32CVJgKcSJ0QTeYyXnWdQS6VMyxEXe8h4L7wwtm6hnX5Rc1rj0BgVXgR\",\"invitationStatus\":\"InvitationStatusType_Pending\",\"registrationStatus\":\"NotStarted\",\"registrationDetails\":{\"addresses\":[{\"city\":\"Miami\",\"country\":\"USA\",\"postalCode\":\"33177\",\"region\":\"Florida\",\"streetAddress1\":\"12475 SW 188 Terrace\",\"created\":\"0001-01-01T00:00:00Z\",\"type\":\"AddressType_Residential\"}],\"fundingAccountPublicId\":\"4e84a85ac47e46639c648f932d48fdf0\",\"issuePlasticCard\":true,\"notifyUser\":true,\"userDetails\":{\"emailAddress\":\"prieto112015@hotmail.com\",\"firstName\":\"Francisco\",\"lastName\":\"Prieto\",\"userCompanyAssignedUniqueKey\":\"Varadero20Wcrp\"}}}]', '2025-02-15 09:37:33');
UPDATE `user_registration` SET `popup_seen` = 'yes'
WHERE `user_id` = 'K55EDD';
UPDATE `ci_sessions` SET `timestamp` = 1739634176, `data` = '__ci_last_regenerate|i:1739634176;id|s:4:\"2052\";user_id|s:6:\"K55EDD\";username|s:10:\"Varadero20\";sponsor_id|s:6:\"UQO7EQ\";fullname|s:16:\"Francisco Prieto\";email|s:24:\"prieto112015@hotmail.com\";phone|s:10:\"3059264135\";isLogIn|b:1;'
WHERE `id` = 'a87d07d1bd1543be4c8abee3066e28c06c1feecb';
UPDATE `user_registration` SET `language` = 'english'
WHERE `user_id` = 'K55EDD';
UPDATE `ci_sessions` SET `timestamp` = 1739635468, `data` = '__ci_last_regenerate|i:1739635468;captcha|s:4:\"rwbu\";'
WHERE `id` = '4487b423559aa8289b0a6f048ee238a7c09d5fbc';
INSERT INTO `login_history` (`user_id`, `device`, `ip_address`, `date`) VALUES ('UQO7EQ', 'Mozilla/5.0 (Windows NT 10.0; Win64; x64) AppleWebKit/537.36 (KHTML, like Gecko) Chrome/133.0.0.0 Safari/537.36', '172.70.82.190', '25-02-15 10:04');
UPDATE `user_registration` SET `popup_seen` = 'yes'
WHERE `user_id` = 'UQO7EQ';
UPDATE `user_registration` SET `popup_seen` = 'no'
WHERE `user_id` = 'UQO7EQ';
DELETE FROM `ci_sessions`
WHERE `id` = '2010d340722826c96935ed6b9686c0fb47479e86';
INSERT INTO `login_history` (`user_id`, `device`, `ip_address`, `date`) VALUES ('QJ5U9C', 'Mozilla/5.0 (Windows NT 10.0; Win64; x64) AppleWebKit/537.36 (KHTML, like Gecko) Chrome/133.0.0.0 Safari/537.36', '108.162.210.220', '25-02-15 11:19');
UPDATE `user_registration` SET `popup_seen` = 'yes'
WHERE `user_id` = 'QJ5U9C';
UPDATE `user_registration` SET `popup_seen` = 'yes'
WHERE `user_id` = 'QJ5U9C';
UPDATE `user_registration` SET `default_leg` = 'left'
WHERE `user_id` = 'QJ5U9C';
UPDATE `ci_sessions` SET `timestamp` = 1739640249, `data` = '__ci_last_regenerate|i:1739640249;id|s:4:\"2084\";user_id|s:6:\"QJ5U9C\";username|s:10:\"gascarde60\";sponsor_id|s:6:\"O94ZPY\";fullname|s:14:\"Gaspar Cardero\";email|s:18:\"gascarde@yahoo.com\";phone|s:10:\"7862371360\";isLogIn|b:1;message|s:38:\"Your default Leg Updated Successfully!\";__ci_vars|a:1:{s:7:\"message\";s:3:\"old\";}'
WHERE `id` = '2ffbb9fa4cba9d0e97e7b8bf23744c74f13c117e';
UPDATE `ci_sessions` SET `timestamp` = 1739640590, `data` = '__ci_last_regenerate|i:1739640590;id|s:4:\"2084\";user_id|s:6:\"QJ5U9C\";username|s:10:\"gascarde60\";sponsor_id|s:6:\"O94ZPY\";fullname|s:14:\"Gaspar Cardero\";email|s:18:\"gascarde@yahoo.com\";phone|s:10:\"7862371360\";isLogIn|b:1;'
WHERE `id` = '80dac1d3b365c721b03cd5ce10358d8c1f1806e5';
UPDATE `admin` SET `last_logout` = '2025-02-15 11:31:39'
WHERE `id` IS NULL;
DELETE FROM `ci_sessions`
WHERE `id` = 'cca1c517bc3b3c68c57f84767533a6066b563789';
UPDATE `admin` SET `last_login` = '2025-02-15 11:31:42', `ip_address` = '172.64.236.32'
WHERE `id` = '1';
UPDATE `ci_sessions` SET `timestamp` = 1739642450, `data` = '__ci_last_regenerate|i:1739642450;id|s:4:\"2084\";user_id|s:6:\"QJ5U9C\";username|s:10:\"gascarde60\";sponsor_id|s:6:\"O94ZPY\";fullname|s:14:\"Gaspar Cardero\";email|s:18:\"gascarde@yahoo.com\";phone|s:10:\"7862371360\";isLogIn|b:1;'
WHERE `id` = '633a79cf75ab63aa197c4baad230f16ff7fa20d4';
UPDATE `user_registration` SET `popup_seen` = 'yes'
WHERE `user_id` = 'QJ5U9C';
UPDATE `user_registration` SET `popup_seen` = 'yes'
WHERE `user_id` = 'QJ5U9C';
UPDATE `user_registration` SET `default_leg` = 'left'
WHERE `user_id` = 'QJ5U9C';
UPDATE `user_registration` SET `language` = 'spanish'
WHERE `user_id` = 'QJ5U9C';
INSERT INTO `login_history` (`user_id`, `device`, `ip_address`, `date`) VALUES ('JHRDHS', 'Mozilla/5.0 (iPhone; CPU iPhone OS 18_3_1 like Mac OS X) AppleWebKit/605.1.15 (KHTML, like Gecko) Version/18.3 Mobile/15E148 Safari/604.1', '172.70.54.225', '25-02-15 12:08');
UPDATE `user_registration` SET `popup_seen` = 'yes'
WHERE `user_id` = 'JHRDHS';
UPDATE `ci_sessions` SET `timestamp` = 1739643071, `data` = '__ci_last_regenerate|i:1739643071;id|s:4:\"2084\";user_id|s:6:\"QJ5U9C\";username|s:10:\"gascarde60\";sponsor_id|s:6:\"O94ZPY\";fullname|s:14:\"Gaspar Cardero\";email|s:18:\"gascarde@yahoo.com\";phone|s:10:\"7862371360\";isLogIn|b:1;'
WHERE `id` = 'a46bba45bcdc4520064045fc3b4677496842f76e';
INSERT INTO `temp_register` (`post_data`, `date`, `payment_method`, `type`) VALUES ('{\"uid\":\"2192\",\"user_id\":\"IYCRUH\",\"username\":\"CARMENTMORA\",\"sponsor_id\":\"QJ5U9C\",\"vacant\":\"no\",\"f_name\":\"Carmen T\",\"l_name\":\"Mora\",\"position\":\"left\",\"email\":\"rosioesmeralda@yahoo.com\",\"password\":\"e1e06369ce8aab87161a22f9519fd8a1\",\"phone\":\"7869708716\",\"country\":\"United States\",\"state\":\"Florida\",\"city\":\"Miami Gardens\",\"street\":\"20040 nw 3 rd CT\",\"zip_code\":\"33169\",\"reg_ip\":\"172.69.132.247\",\"status\":1,\"package_id\":\"2\",\"rank_id\":1,\"highest_rank\":1,\"cycle_rank_id\":1,\"created\":\"2025-02-15 12:11:11\",\"subscription_date\":\"2025-03-17\",\"google_secret\":\"CHDHUMWB3HEQMCHC\"}', '2025-02-15 12:11:11', 'stripe', 'register');
UPDATE `temp_register` SET `response` = '{\"stripeToken\":\"tok_1Qspqs2NUoYUjiuupKyv1YUZ\",\"stripeTokenType\":\"card\",\"stripeEmail\":\"rosioesmeralda@yahoo.com\"}', `date_modified` = '2025-02-15 12:12:35', `payment_status` = '{\"id\":\"ch_3Qspqx2NUoYUjiuu0laLYsNj\",\"object\":\"charge\",\"amount\":59500,\"amount_captured\":59500,\"amount_refunded\":0,\"application\":null,\"application_fee\":null,\"application_fee_amount\":null,\"balance_transaction\":\"txn_3Qspqx2NUoYUjiuu02vBiNMD\",\"billing_details\":{\"address\":{\"city\":null,\"country\":null,\"line1\":null,\"line2\":null,\"postal_code\":null,\"state\":null},\"email\":null,\"name\":\"rosioesmeralda@yahoo.com\",\"phone\":null},\"calculated_statement_descriptor\":\"TRAVELEGENDCY LLC\",\"captured\":true,\"created\":1739643155,\"currency\":\"usd\",\"customer\":\"cus_RmOevOTuJntd4V\",\"description\":null,\"destination\":null,\"dispute\":null,\"disputed\":false,\"failure_balance_transaction\":null,\"failure_code\":null,\"failure_message\":null,\"fraud_details\":[],\"invoice\":null,\"livemode\":true,\"metadata\":{\"name\":\"Carmen T Mora\",\"username\":\"CARMENTMORA\"},\"on_behalf_of\":null,\"order\":null,\"outcome\":{\"advice_code\":null,\"network_advice_code\":null,\"network_decline_code\":null,\"network_status\":\"approved_by_network\",\"reason\":null,\"risk_level\":\"normal\",\"seller_message\":\"Payment complete.\",\"type\":\"authorized\"},\"paid\":true,\"payment_intent\":null,\"payment_method\":\"card_1Qspqs2NUoYUjiuu1Vrijjjn\",\"payment_method_details\":{\"card\":{\"amount_authorized\":59500,\"authorization_code\":\"024643\",\"brand\":\"visa\",\"checks\":{\"address_line1_check\":null,\"address_postal_code_check\":null,\"cvc_check\":\"pass\"},\"country\":\"US\",\"exp_month\":6,\"exp_year\":2028,\"extended_authorization\":{\"status\":\"disabled\"},\"fingerprint\":\"JZWvL20Y69y7F8ex\",\"funding\":\"debit\",\"incremental_authorization\":{\"status\":\"unavailable\"},\"installments\":null,\"last4\":\"3112\",\"mandate\":null,\"multicapture\":{\"status\":\"unavailable\"},\"network\":\"visa\",\"network_token\":{\"used\":false},\"network_transaction_id\":\"385046655558739\",\"overcapture\":{\"maximum_amount_capturable\":59500,\"status\":\"unavailable\"},\"regulated_status\":\"regulated\",\"three_d_secure\":null,\"wallet\":null},\"type\":\"card\"},\"receipt_email\":null,\"receipt_number\":null,\"receipt_url\":\"https:\\/\\/pay.stripe.com\\/receipts\\/payment\\/CAcQARoXChVhY2N0XzFRUEFGdjJOVW9ZVWppdXUolLLDvQYyBsz1rXwNbzosFu8jOg5z3Dpbx45ijx-0QrDBR6_GLZiwfrcQQOoGW2WII2d3CIMEVDZDJ2Q\",\"refunded\":false,\"review\":null,\"shipping\":null,\"source\":{\"id\":\"card_1Qspqs2NUoYUjiuu1Vrijjjn\",\"object\":\"card\",\"address_city\":null,\"address_country\":null,\"address_line1\":null,\"address_line1_check\":null,\"address_line2\":null,\"address_state\":null,\"address_zip\":null,\"address_zip_check\":null,\"allow_redisplay\":\"unspecified\",\"brand\":\"Visa\",\"country\":\"US\",\"customer\":\"cus_RmOevOTuJntd4V\",\"cvc_check\":\"pass\",\"dynamic_last4\":null,\"exp_month\":6,\"exp_year\":2028,\"fingerprint\":\"JZWvL20Y69y7F8ex\",\"funding\":\"debit\",\"last4\":\"3112\",\"metadata\":[],\"name\":\"rosioesmeralda@yahoo.com\",\"regulated_status\":\"regulated\",\"tokenization_method\":null,\"wallet\":null},\"source_transfer\":null,\"statement_descriptor\":null,\"statement_descriptor_suffix\":null,\"status\":\"succeeded\",\"transfer_data\":null,\"transfer_group\":null}'
WHERE `id` = 115;
UPDATE `user_registration` SET `uid` = '2192', `user_id` = 'IYCRUH', `username` = 'CARMENTMORA', `sponsor_id` = 'QJ5U9C', `vacant` = 'no', `f_name` = 'Carmen T', `l_name` = 'Mora', `position` = 'left', `email` = 'rosioesmeralda@yahoo.com', `password` = 'e1e06369ce8aab87161a22f9519fd8a1', `phone` = '7869708716', `country` = 'United States', `state` = 'Florida', `city` = 'Miami Gardens', `street` = '20040 nw 3 rd CT', `zip_code` = '33169', `reg_ip` = '172.69.132.247', `status` = 1, `package_id` = '2', `rank_id` = 1, `highest_rank` = 1, `cycle_rank_id` = 1, `created` = '2025-02-15 12:11:11', `subscription_date` = '2025-03-17', `google_secret` = 'CHDHUMWB3HEQMCHC'
WHERE `uid` = '2192';
INSERT INTO `user_registration` (`uid`, `user_id`, `username`, `sponsor_id`, `placement_id`, `vacant`, `f_name`, `l_name`, `address`, `position`, `email`, `password`, `phone`, `reg_ip`, `status`, `created`) VALUES (NULL, 'QTSKLX', 'ZNZrkZke', 'IYCRUH', 'IYCRUH', 'yes', '', '', '', 'left', '@mail.com', '', '', '', 0, '2025-02-15 12:12:35');
INSERT INTO `user_registration` (`uid`, `user_id`, `username`, `sponsor_id`, `placement_id`, `vacant`, `f_name`, `l_name`, `address`, `position`, `email`, `password`, `phone`, `reg_ip`, `status`, `created`) VALUES (NULL, 'YKYQYN', 'cLSvNJCl', 'IYCRUH', 'IYCRUH', 'yes', '', '', '', 'right', '@mail.com', '', '', '', 0, '2025-02-15 12:12:35');
INSERT INTO `bv_updation` (`user_id`) VALUES ('IYCRUH');
UPDATE `user_registration` SET total_ref_count = total_ref_count+1
WHERE `user_id` = 'QJ5U9C';
UPDATE `user_registration` SET total_downlines = total_downlines+1
WHERE `user_id` = '2RSJNO';
UPDATE `user_registration` SET left_downlines = left_downlines+1
WHERE `user_id` = '2RSJNO';
UPDATE `user_registration` SET total_downlines = total_downlines+1
WHERE `user_id` = 'ETPYLQ';
UPDATE `user_registration` SET left_downlines = left_downlines+1
WHERE `user_id` = 'ETPYLQ';
UPDATE `user_registration` SET total_downlines = total_downlines+1
WHERE `user_id` = 'M2XFK7';
UPDATE `user_registration` SET left_downlines = left_downlines+1
WHERE `user_id` = 'M2XFK7';
UPDATE `user_registration` SET total_downlines = total_downlines+1
WHERE `user_id` = '7BQJK5';
UPDATE `user_registration` SET left_downlines = left_downlines+1
WHERE `user_id` = '7BQJK5';
UPDATE `user_registration` SET total_downlines = total_downlines+1
WHERE `user_id` = 'QJ5U9C';
UPDATE `user_registration` SET left_downlines = left_downlines+1
WHERE `user_id` = 'QJ5U9C';
UPDATE `user_registration` SET left_ref_count = left_ref_count+1
WHERE `user_id` = 'QJ5U9C';
UPDATE `user_registration` SET active_left = active_left+1
WHERE `user_id` = 'QJ5U9C';
UPDATE `user_registration` SET total_downlines = total_downlines+1
WHERE `user_id` = 'O94ZPY';
UPDATE `user_registration` SET left_downlines = left_downlines+1
WHERE `user_id` = 'O94ZPY';
UPDATE `user_registration` SET total_downlines = total_downlines+1
WHERE `user_id` = 'JHRDHS';
UPDATE `user_registration` SET right_downlines = right_downlines+1
WHERE `user_id` = 'JHRDHS';
UPDATE `user_registration` SET total_downlines = total_downlines+1
WHERE `user_id` = 'CVVK4C';
UPDATE `user_registration` SET right_downlines = right_downlines+1
WHERE `user_id` = 'CVVK4C';
UPDATE `user_registration` SET total_downlines = total_downlines+1
WHERE `user_id` = 'K55EDD';
UPDATE `user_registration` SET left_downlines = left_downlines+1
WHERE `user_id` = 'K55EDD';
UPDATE `user_registration` SET total_downlines = total_downlines+1
WHERE `user_id` = 'UQO7EQ';
UPDATE `user_registration` SET left_downlines = left_downlines+1
WHERE `user_id` = 'UQO7EQ';
UPDATE `user_registration` SET total_downlines = total_downlines+1
WHERE `user_id` = 'N6GZAE';
UPDATE `user_registration` SET left_downlines = left_downlines+1
WHERE `user_id` = 'N6GZAE';
UPDATE `user_registration` SET total_downlines = total_downlines+1
WHERE `user_id` = '4E1CRI';
UPDATE `user_registration` SET left_downlines = left_downlines+1
WHERE `user_id` = '4E1CRI';
UPDATE `user_registration` SET total_downlines = total_downlines+1
WHERE `user_id` = 'SJBNYJ';
UPDATE `user_registration` SET left_downlines = left_downlines+1
WHERE `user_id` = 'SJBNYJ';
UPDATE `user_registration` SET total_downlines = total_downlines+1
WHERE `user_id` = '44B9Y4';
UPDATE `user_registration` SET left_downlines = left_downlines+1
WHERE `user_id` = '44B9Y4';
UPDATE `user_registration` SET total_downlines = total_downlines+1
WHERE `user_id` = 'admin';
UPDATE `user_registration` SET right_downlines = right_downlines+1
WHERE `user_id` = 'admin';
INSERT INTO `investment` (`invest_date`, `user_id`, `type`, `amount`, `package_id`) VALUES ('2025-02-15 12:12:35', 'IYCRUH', 'register', '595', '2');
INSERT INTO `earnings` (`user_id`, `Purchaser_id`, `earning_type`, `package_id`, `amount`, `date`, `comments`, `invest_amount`, `comm_perc`, `level`, `rank_id`, `order_id`) VALUES ('QJ5U9C', 'IYCRUH', 'Direct Referral Bonus', '2', '100', '2025-02-15 12:12:35', 'Direct Referral Bonus', 0, 0, 1, '', 91);
UPDATE `user_registration` SET commission_balance = ROUND(commission_balance + 100,2)
WHERE `user_id` = 'QJ5U9C';
UPDATE `user_registration` SET referral_bonus = ROUND(referral_bonus + 100,2)
WHERE `user_id` = 'QJ5U9C';
UPDATE `user_registration` SET total_points = ROUND(total_points + 50,2)
WHERE `user_id` = 'IYCRUH';
INSERT INTO `points_history` (`user_id`, `points`, `type`, `date`) VALUES ('IYCRUH', '50', 'register', '2025-02-15 12:12:');
INSERT INTO `matrix_filling` (`placement_id`, `downline_id`, `level`, `matrix`) VALUES ('2RSJNO', 'IYCRUH', 1, 1);
UPDATE `bv_updation` SET left_carry = left_carry+50, total_left = total_left+50
WHERE `user_id` = '2RSJNO';
INSERT INTO `placement_bv_update_history` (`left_carry`, `date`, `from_id`, `user_id`) VALUES ('50', '2025-02-15 12:12:35', 'IYCRUH', '2RSJNO');
INSERT INTO `matrix_filling` (`placement_id`, `downline_id`, `level`, `matrix`) VALUES ('ETPYLQ', 'IYCRUH', 2, 1);
UPDATE `bv_updation` SET left_carry = left_carry+50, total_left = total_left+50
WHERE `user_id` = 'ETPYLQ';
INSERT INTO `placement_bv_update_history` (`left_carry`, `date`, `from_id`, `user_id`) VALUES ('50', '2025-02-15 12:12:35', 'IYCRUH', 'ETPYLQ');
INSERT INTO `matrix_filling` (`placement_id`, `downline_id`, `level`, `matrix`) VALUES ('M2XFK7', 'IYCRUH', 3, 1);
UPDATE `bv_updation` SET left_carry = left_carry+50, total_left = total_left+50
WHERE `user_id` = 'M2XFK7';
INSERT INTO `placement_bv_update_history` (`left_carry`, `date`, `from_id`, `user_id`) VALUES ('50', '2025-02-15 12:12:35', 'IYCRUH', 'M2XFK7');
INSERT INTO `matrix_filling` (`placement_id`, `downline_id`, `level`, `matrix`) VALUES ('7BQJK5', 'IYCRUH', 4, 1);
UPDATE `bv_updation` SET left_carry = left_carry+50, total_left = total_left+50
WHERE `user_id` = '7BQJK5';
INSERT INTO `placement_bv_update_history` (`left_carry`, `date`, `from_id`, `user_id`) VALUES ('50', '2025-02-15 12:12:35', 'IYCRUH', '7BQJK5');
INSERT INTO `matrix_filling` (`placement_id`, `downline_id`, `level`, `matrix`) VALUES ('QJ5U9C', 'IYCRUH', 5, 1);
UPDATE `bv_updation` SET left_carry = left_carry+50, total_left = total_left+50
WHERE `user_id` = 'QJ5U9C';
INSERT INTO `placement_bv_update_history` (`left_carry`, `date`, `from_id`, `user_id`) VALUES ('50', '2025-02-15 12:12:35', 'IYCRUH', 'QJ5U9C');
UPDATE `bv_updation` SET sponsor_left_carry = sponsor_left_carry+50, sponsor_total_left = sponsor_total_left+50
WHERE `user_id` = 'QJ5U9C';
INSERT INTO `sponsor_bv_update_history` (`left_carry`, `date`, `user_id`) VALUES ('50', '2025-02-15 12:12:35', 'QJ5U9C');
INSERT INTO `matrix_filling` (`placement_id`, `downline_id`, `level`, `matrix`) VALUES ('O94ZPY', 'IYCRUH', 6, 1);
UPDATE `bv_updation` SET left_carry = left_carry+50, total_left = total_left+50
WHERE `user_id` = 'O94ZPY';
INSERT INTO `placement_bv_update_history` (`left_carry`, `date`, `from_id`, `user_id`) VALUES ('50', '2025-02-15 12:12:35', 'IYCRUH', 'O94ZPY');
INSERT INTO `matrix_filling` (`placement_id`, `downline_id`, `level`, `matrix`) VALUES ('JHRDHS', 'IYCRUH', 7, 1);
UPDATE `bv_updation` SET right_carry = right_carry+50, total_right = total_right+50
WHERE `user_id` = 'JHRDHS';
INSERT INTO `placement_bv_update_history` (`right_carry`, `date`, `from_id`, `user_id`) VALUES ('50', '2025-02-15 12:12:35', 'IYCRUH', 'JHRDHS');
INSERT INTO `matrix_filling` (`placement_id`, `downline_id`, `level`, `matrix`) VALUES ('CVVK4C', 'IYCRUH', 8, 1);
UPDATE `bv_updation` SET right_carry = right_carry+50, total_right = total_right+50
WHERE `user_id` = 'CVVK4C';
INSERT INTO `placement_bv_update_history` (`right_carry`, `date`, `from_id`, `user_id`) VALUES ('50', '2025-02-15 12:12:35', 'IYCRUH', 'CVVK4C');
INSERT INTO `matrix_filling` (`placement_id`, `downline_id`, `level`, `matrix`) VALUES ('K55EDD', 'IYCRUH', 9, 1);
UPDATE `bv_updation` SET left_carry = left_carry+50, total_left = total_left+50
WHERE `user_id` = 'K55EDD';
INSERT INTO `placement_bv_update_history` (`left_carry`, `date`, `from_id`, `user_id`) VALUES ('50', '2025-02-15 12:12:35', 'IYCRUH', 'K55EDD');
INSERT INTO `matrix_filling` (`placement_id`, `downline_id`, `level`, `matrix`) VALUES ('UQO7EQ', 'IYCRUH', 10, 1);
UPDATE `bv_updation` SET left_carry = left_carry+50, total_left = total_left+50
WHERE `user_id` = 'UQO7EQ';
INSERT INTO `placement_bv_update_history` (`left_carry`, `date`, `from_id`, `user_id`) VALUES ('50', '2025-02-15 12:12:35', 'IYCRUH', 'UQO7EQ');
INSERT INTO `matrix_filling` (`placement_id`, `downline_id`, `level`, `matrix`) VALUES ('N6GZAE', 'IYCRUH', 11, 1);
UPDATE `bv_updation` SET left_carry = left_carry+50, total_left = total_left+50
WHERE `user_id` = 'N6GZAE';
INSERT INTO `placement_bv_update_history` (`left_carry`, `date`, `from_id`, `user_id`) VALUES ('50', '2025-02-15 12:12:35', 'IYCRUH', 'N6GZAE');
INSERT INTO `matrix_filling` (`placement_id`, `downline_id`, `level`, `matrix`) VALUES ('4E1CRI', 'IYCRUH', 12, 1);
UPDATE `bv_updation` SET left_carry = left_carry+50, total_left = total_left+50
WHERE `user_id` = '4E1CRI';
INSERT INTO `placement_bv_update_history` (`left_carry`, `date`, `from_id`, `user_id`) VALUES ('50', '2025-02-15 12:12:35', 'IYCRUH', '4E1CRI');
INSERT INTO `matrix_filling` (`placement_id`, `downline_id`, `level`, `matrix`) VALUES ('SJBNYJ', 'IYCRUH', 13, 1);
UPDATE `bv_updation` SET left_carry = left_carry+50, total_left = total_left+50
WHERE `user_id` = 'SJBNYJ';
INSERT INTO `placement_bv_update_history` (`left_carry`, `date`, `from_id`, `user_id`) VALUES ('50', '2025-02-15 12:12:35', 'IYCRUH', 'SJBNYJ');
INSERT INTO `matrix_filling` (`placement_id`, `downline_id`, `level`, `matrix`) VALUES ('44B9Y4', 'IYCRUH', 14, 1);
UPDATE `bv_updation` SET left_carry = left_carry+50, total_left = total_left+50
WHERE `user_id` = '44B9Y4';
INSERT INTO `placement_bv_update_history` (`left_carry`, `date`, `from_id`, `user_id`) VALUES ('50', '2025-02-15 12:12:35', 'IYCRUH', '44B9Y4');
INSERT INTO `matrix_filling` (`placement_id`, `downline_id`, `level`, `matrix`) VALUES ('admin', 'IYCRUH', 15, 1);
UPDATE `bv_updation` SET right_carry = right_carry+50, total_right = total_right+50
WHERE `user_id` = 'admin';
INSERT INTO `placement_bv_update_history` (`right_carry`, `date`, `from_id`, `user_id`) VALUES ('50', '2025-02-15 12:12:35', 'IYCRUH', 'admin');
INSERT INTO `package_purchase_history` (`user_id`, `package_id`, `reg_fee`, `package_name`, `monthly_fee`, `type`, `date`, `payment_option`) VALUES ('IYCRUH', '2', '595', 'Traveler Pro', '150', 'sign_up', '2025-02-15 12:12:35', 'stripe');
INSERT INTO `login_history` (`user_id`, `device`, `ip_address`, `date`) VALUES ('IYCRUH', 'Mozilla/5.0 (Linux; Android 10; K) AppleWebKit/537.36 (KHTML, like Gecko) Chrome/131.0.0.0 Mobile Safari/537.36', '172.70.55.115', '25-02-15 12:15');
UPDATE `user_registration` SET `popup_seen` = 'yes'
WHERE `user_id` = 'IYCRUH';
INSERT INTO `login_history` (`user_id`, `device`, `ip_address`, `date`) VALUES ('44B9Y4', 'Mozilla/5.0 (Windows NT 10.0; Win64; x64) AppleWebKit/537.36 (KHTML, like Gecko) Chrome/133.0.0.0 Safari/537.36 Edg/133.0.0.0', '172.69.132.231', '25-02-15 12:16');
UPDATE `user_registration` SET `popup_seen` = 'yes'
WHERE `user_id` = '44B9Y4';
UPDATE `ci_sessions` SET `timestamp` = 1739643563, `data` = '__ci_last_regenerate|i:1739643563;id|s:4:\"2192\";user_id|s:6:\"IYCRUH\";username|s:11:\"CARMENTMORA\";sponsor_id|s:6:\"QJ5U9C\";fullname|s:13:\"Carmen T Mora\";email|s:24:\"rosioesmeralda@yahoo.com\";phone|s:10:\"7869708716\";isLogIn|b:1;message|s:21:\"Welcome Carmen T Mora\";__ci_vars|a:1:{s:7:\"message\";s:3:\"old\";}'
WHERE `id` = '8976c81e9068ab7eb567d6d041b69ecdaa16edca';
INSERT INTO `benefits_pack_purchase_history` (`user_id`, `packge_id`, `amount`, `value`, `point`, `image`, `image_id`, `country`, `city`, `available_points`, `conversion_point_rate`, `package_title`, `date`, `type`, `full_name`, `phone`, `email`) VALUES ('44B9Y4', '1', '0', '0', '0', 'upload/reward_image/e2588a963e80ccde72224303e3eb881c.png', '6', '223', '4250', '150', '1', 'The Journey Begins', '2025-02-15 12:19:31', 'benefits_pack_claim', 'Emilio Tapanes', '7862107045', 'sotolongor@gmail.com');
UPDATE `user_registration` SET `popup_seen` = 'yes'
WHERE `user_id` = 'IYCRUH';
UPDATE `user_registration` SET `popup_seen` = 'yes'
WHERE `user_id` = '44B9Y4';
UPDATE `ci_sessions` SET `timestamp` = 1739644622, `data` = '__ci_last_regenerate|i:1739644622;id|s:4:\"2192\";user_id|s:6:\"IYCRUH\";username|s:11:\"CARMENTMORA\";sponsor_id|s:6:\"QJ5U9C\";fullname|s:13:\"Carmen T Mora\";email|s:24:\"rosioesmeralda@yahoo.com\";phone|s:10:\"7869708716\";isLogIn|b:1;'
WHERE `id` = '0b542857c5231ca4c9ac17d708f7d1d1346c66d2';
UPDATE `user_registration` SET `popup_seen` = 'yes'
WHERE `user_id` = 'IYCRUH';
INSERT INTO `login_history` (`user_id`, `device`, `ip_address`, `date`) VALUES ('JIL8K9', 'Mozilla/5.0 (iPhone; CPU iPhone OS 18_3_1 like Mac OS X) AppleWebKit/605.1.15 (KHTML, like Gecko) Version/18.3 Mobile/15E148 Safari/604.1', '172.69.70.25', '25-02-15 12:40');
UPDATE `user_registration` SET `popup_seen` = 'yes'
WHERE `user_id` = 'JIL8K9';
UPDATE `ci_sessions` SET `timestamp` = 1739644940, `data` = '__ci_last_regenerate|i:1739644940;id|s:4:\"2021\";user_id|s:6:\"44B9Y4\";username|s:7:\"Talimbi\";sponsor_id|s:5:\"admin\";fullname|s:14:\"Emilio Tapanes\";email|s:23:\"emiliotapanes@gmail.com\";phone|s:10:\"7862876762\";isLogIn|b:1;'
WHERE `id` = '17f54ea4c65433c1696b21fd634471bb11293bb4';
INSERT INTO `login_history` (`user_id`, `device`, `ip_address`, `date`) VALUES ('UQO7EQ', 'Mozilla/5.0 (Linux; Android 10; K) AppleWebKit/537.36 (KHTML, like Gecko) Chrome/131.0.0.0 Mobile Safari/537.36', '108.162.212.13', '25-02-15 13:12');
UPDATE `user_registration` SET `popup_seen` = 'yes'
WHERE `user_id` = 'UQO7EQ';
UPDATE `user_registration` SET `popup_seen` = 'no'
WHERE `user_id` = 'UQO7EQ';
DELETE FROM `ci_sessions`
WHERE `id` = 'c0d3322fa6f18ab6a3d3747781664dda56f6ddb5';
UPDATE `ci_sessions` SET `timestamp` = 1739647646, `data` = '__ci_last_regenerate|i:1739647646;id|s:4:\"2071\";user_id|s:6:\"JHRDHS\";username|s:7:\"mbecena\";sponsor_id|s:6:\"CVVK4C\";fullname|s:12:\"Maria Becena\";email|s:21:\"mbecena@bellsouth.net\";phone|s:10:\"7862360387\";isLogIn|b:1;message|s:20:\"Welcome Maria Becena\";__ci_vars|a:1:{s:7:\"message\";s:3:\"old\";}'
WHERE `id` = '9b299ddb82b6eecc1e5701beecc90e2df2d05c72';
INSERT INTO `login_history` (`user_id`, `device`, `ip_address`, `date`) VALUES ('JHRDHS', 'Mozilla/5.0 (Macintosh; Intel Mac OS X 10_15_7) AppleWebKit/605.1.15 (KHTML, like Gecko) Version/17.6 Safari/605.1.15', '172.69.132.231', '25-02-15 13:27');
UPDATE `user_registration` SET `popup_seen` = 'yes'
WHERE `user_id` = 'JHRDHS';
INSERT INTO `login_history` (`user_id`, `device`, `ip_address`, `date`) VALUES ('BJFCEM', 'Mozilla/5.0 (iPad; CPU OS 16_7_10 like Mac OS X) AppleWebKit/605.1.15 (KHTML, like Gecko) CriOS/133.0.6943.33 Mobile/15E148 Safari/604.1', '162.158.123.23', '25-02-15 13:28');
UPDATE `user_registration` SET `popup_seen` = 'yes'
WHERE `user_id` = 'BJFCEM';
UPDATE `user_registration` SET `popup_seen` = 'yes'
WHERE `user_id` = 'JHRDHS';
UPDATE `user_registration` SET `popup_seen` = 'no'
WHERE `user_id` = 'BJFCEM';
DELETE FROM `ci_sessions`
WHERE `id` = '5f9d6fbdc2581fc19eef57f471c2956e2de48d69';
UPDATE `user_registration` SET `popup_seen` = 'no'
WHERE `user_id` IS NULL;
DELETE FROM `ci_sessions`
WHERE `id` = '5f9d6fbdc2581fc19eef57f471c2956e2de48d69';
UPDATE `user_registration` SET `popup_seen` = 'no'
WHERE `user_id` IS NULL;
DELETE FROM `ci_sessions`
WHERE `id` = '260ad69ef603816aa5a49ccd33be959a92d3e42d';
UPDATE `user_registration` SET `popup_seen` = 'no'
WHERE `user_id` IS NULL;
DELETE FROM `ci_sessions`
WHERE `id` = '53a39ab88e9976f25affc99605188cad4b4deb68';
UPDATE `user_registration` SET `popup_seen` = 'no'
WHERE `user_id` IS NULL;
DELETE FROM `ci_sessions`
WHERE `id` = 'e5c052e098a1f0aea1d30a2f619937a7b5108620';
UPDATE `user_registration` SET `popup_seen` = 'no'
WHERE `user_id` IS NULL;
DELETE FROM `ci_sessions`
WHERE `id` = '1fd725992d31b9cb003441f27a30e05dcb28becb';
UPDATE `ci_sessions` SET `timestamp` = 1739648154, `data` = '__ci_last_regenerate|i:1739648154;id|s:4:\"2071\";user_id|s:6:\"JHRDHS\";username|s:7:\"mbecena\";sponsor_id|s:6:\"CVVK4C\";fullname|s:12:\"Maria Becena\";email|s:21:\"mbecena@bellsouth.net\";phone|s:10:\"7862360387\";isLogIn|b:1;'
WHERE `id` = 'e61ba715f387614d360a413b173620af7e7b8e56';
UPDATE `user_registration` SET `popup_seen` = 'yes'
WHERE `user_id` = 'JHRDHS';
UPDATE `ci_sessions` SET `timestamp` = 1739648168, `data` = '__ci_last_regenerate|i:1739648168;id|s:4:\"2071\";user_id|s:6:\"JHRDHS\";username|s:7:\"mbecena\";sponsor_id|s:6:\"CVVK4C\";fullname|s:12:\"Maria Becena\";email|s:21:\"mbecena@bellsouth.net\";phone|s:10:\"7862360387\";isLogIn|b:1;'
WHERE `id` = '4443fecf323ba6d512ce56079a853579d952395c';
UPDATE `user_registration` SET `popup_seen` = 'yes'
WHERE `user_id` = 'JHRDHS';
INSERT INTO `login_history` (`user_id`, `device`, `ip_address`, `date`) VALUES ('L8NRSC', 'Mozilla/5.0 (iPhone; CPU iPhone OS 18_3 like Mac OS X) AppleWebKit/605.1.15 (KHTML, like Gecko) Version/18.3 Mobile/15E148 Safari/604.1', '172.68.70.226', '25-02-15 13:49');
UPDATE `user_registration` SET `popup_seen` = 'yes'
WHERE `user_id` = 'L8NRSC';
UPDATE `user_registration` SET `popup_seen` = 'yes'
WHERE `user_id` = 'L8NRSC';
INSERT INTO `login_history` (`user_id`, `device`, `ip_address`, `date`) VALUES ('QJ5U9C', 'Mozilla/5.0 (Windows NT 10.0; Win64; x64) AppleWebKit/537.36 (KHTML, like Gecko) Chrome/133.0.0.0 Safari/537.36', '172.70.254.233', '25-02-15 13:49');
UPDATE `user_registration` SET `popup_seen` = 'yes'
WHERE `user_id` = 'QJ5U9C';
UPDATE `ci_sessions` SET `timestamp` = 1739648997, `data` = '__ci_last_regenerate|i:1739648997;id|s:4:\"2071\";user_id|s:6:\"JHRDHS\";username|s:7:\"mbecena\";sponsor_id|s:6:\"CVVK4C\";fullname|s:12:\"Maria Becena\";email|s:21:\"mbecena@bellsouth.net\";phone|s:10:\"7862360387\";isLogIn|b:1;'
WHERE `id` = '0a90f0f7e00fcf131596150fbf9a68eb0932b6e0';
UPDATE `user_registration` SET `popup_seen` = 'yes'
WHERE `user_id` = 'JHRDHS';
UPDATE `ci_sessions` SET `timestamp` = 1739649045, `data` = '__ci_last_regenerate|i:1739649045;id|s:4:\"2071\";user_id|s:6:\"JHRDHS\";username|s:7:\"mbecena\";sponsor_id|s:6:\"CVVK4C\";fullname|s:12:\"Maria Becena\";email|s:21:\"mbecena@bellsouth.net\";phone|s:10:\"7862360387\";isLogIn|b:1;'
WHERE `id` = '2e3599235af6e08a5efdcb33bcacd64eb27eaaaa';
UPDATE `user_registration` SET `popup_seen` = 'yes'
WHERE `user_id` = 'JHRDHS';
UPDATE `ci_sessions` SET `timestamp` = 1739649361, `data` = '__ci_last_regenerate|i:1739649361;id|s:4:\"2071\";user_id|s:6:\"JHRDHS\";username|s:7:\"mbecena\";sponsor_id|s:6:\"CVVK4C\";fullname|s:12:\"Maria Becena\";email|s:21:\"mbecena@bellsouth.net\";phone|s:10:\"7862360387\";isLogIn|b:1;'
WHERE `id` = '0dd646134a0cb2dec6221943d9c95445fba79c0f';
UPDATE `user_registration` SET `popup_seen` = 'yes'
WHERE `user_id` = 'JHRDHS';
UPDATE `ci_sessions` SET `timestamp` = 1739649894, `data` = '__ci_last_regenerate|i:1739649894;id|s:4:\"2084\";user_id|s:6:\"QJ5U9C\";username|s:10:\"gascarde60\";sponsor_id|s:6:\"O94ZPY\";fullname|s:14:\"Gaspar Cardero\";email|s:18:\"gascarde@yahoo.com\";phone|s:10:\"7862371360\";isLogIn|b:1;'
WHERE `id` = 'a42a4d6940a86a3687c06dc7a58a074b448a88de';
INSERT INTO `login_history` (`user_id`, `device`, `ip_address`, `date`) VALUES ('L2MNP5', 'Mozilla/5.0 (Linux; Android 10; K) AppleWebKit/537.36 (KHTML, like Gecko) Chrome/133.0.0.0 Mobile Safari/537.36', '172.70.82.159', '25-02-15 14:08');
UPDATE `user_registration` SET `popup_seen` = 'yes'
WHERE `user_id` = 'L2MNP5';
UPDATE `user_registration` SET `popup_seen` = 'yes'
WHERE `user_id` = 'L2MNP5';
INSERT INTO `login_history` (`user_id`, `device`, `ip_address`, `date`) VALUES ('QJ5U9C', 'Mozilla/5.0 (Windows NT 10.0; Win64; x64) AppleWebKit/537.36 (KHTML, like Gecko) Chrome/133.0.0.0 Safari/537.36', '172.69.132.247', '25-02-15 14:22');
UPDATE `user_registration` SET `popup_seen` = 'yes'
WHERE `user_id` = 'QJ5U9C';
UPDATE `ci_sessions` SET `timestamp` = 1739651297, `data` = '__ci_last_regenerate|i:1739651297;id|s:4:\"2084\";user_id|s:6:\"QJ5U9C\";username|s:10:\"gascarde60\";sponsor_id|s:6:\"O94ZPY\";fullname|s:14:\"Gaspar Cardero\";email|s:18:\"gascarde@yahoo.com\";phone|s:10:\"7862371360\";isLogIn|b:1;'
WHERE `id` = 'b6b779dbc9de0790834220bf659521f2852d7d77';
INSERT INTO `login_history` (`user_id`, `device`, `ip_address`, `date`) VALUES ('K55EDD', 'Mozilla/5.0 (iPhone; CPU iPhone OS 18_3_1 like Mac OS X) AppleWebKit/605.1.15 (KHTML, like Gecko) Version/18.3 Mobile/15E148 Safari/604.1', '172.70.255.77', '25-02-15 14:37');
UPDATE `user_registration` SET `popup_seen` = 'yes'
WHERE `user_id` = 'K55EDD';
INSERT INTO `login_history` (`user_id`, `device`, `ip_address`, `date`) VALUES ('O94ZPY', 'Mozilla/5.0 (Macintosh; Intel Mac OS X 10_15_7) AppleWebKit/605.1.15 (KHTML, like Gecko) Version/17.6 Safari/605.1.15', '172.70.255.70', '25-02-15 14:39');
UPDATE `user_registration` SET `popup_seen` = 'yes'
WHERE `user_id` = 'O94ZPY';
UPDATE `user_registration` SET `popup_seen` = 'yes'
WHERE `user_id` = 'K55EDD';
UPDATE `ci_sessions` SET `timestamp` = 1739652168, `data` = '__ci_last_regenerate|i:1739652168;id|s:4:\"2052\";user_id|s:6:\"K55EDD\";username|s:10:\"Varadero20\";sponsor_id|s:6:\"UQO7EQ\";fullname|s:16:\"Francisco Prieto\";email|s:24:\"prieto112015@hotmail.com\";phone|s:10:\"3059264135\";isLogIn|b:1;'
WHERE `id` = '470d64244f0a0a09f3dcea6b1c8608adb5912e4e';
UPDATE `ci_sessions` SET `timestamp` = 1739652183, `data` = '__ci_last_regenerate|i:1739652183;id|s:4:\"2084\";user_id|s:6:\"QJ5U9C\";username|s:10:\"gascarde60\";sponsor_id|s:6:\"O94ZPY\";fullname|s:14:\"Gaspar Cardero\";email|s:18:\"gascarde@yahoo.com\";phone|s:10:\"7862371360\";isLogIn|b:1;'
WHERE `id` = 'f0c463c314d53b0f2f3c27d009e23919a7bf5448';
UPDATE `user_registration` SET `popup_seen` = 'yes'
WHERE `user_id` = 'CVVK4C';
UPDATE `ci_sessions` SET `timestamp` = 1739652543, `data` = '__ci_last_regenerate|i:1739652543;id|s:4:\"2084\";user_id|s:6:\"QJ5U9C\";username|s:10:\"gascarde60\";sponsor_id|s:6:\"O94ZPY\";fullname|s:14:\"Gaspar Cardero\";email|s:18:\"gascarde@yahoo.com\";phone|s:10:\"7862371360\";isLogIn|b:1;'
WHERE `id` = '978945c23e67c52d3b94dd4ce7d1f7944082ca10';
UPDATE `user_registration` SET `popup_seen` = 'yes'
WHERE `user_id` = 'CVVK4C';
UPDATE `user_registration` SET `language` = 'english'
WHERE `user_id` = 'QJ5U9C';
UPDATE `ci_sessions` SET `timestamp` = 1739652638, `data` = '__ci_last_regenerate|i:1739652638;id|s:4:\"2054\";user_id|s:6:\"CVVK4C\";username|s:7:\"ManuelN\";sponsor_id|s:6:\"K55EDD\";fullname|s:14:\"Manuel Naranjo\";email|s:26:\"naranjo.manuel93@gmail.com\";phone|s:6:\"786326\";isLogIn|b:1;'
WHERE `id` = '6896910f6b67056609522f30a4f57ed4302ae826';
UPDATE `user_registration` SET `popup_seen` = 'yes'
WHERE `user_id` = 'CVVK4C';
UPDATE `user_registration` SET `language` = 'spanish'
WHERE `user_id` = 'QJ5U9C';
INSERT INTO `login_history` (`user_id`, `device`, `ip_address`, `date`) VALUES ('TOTNOR', 'Mozilla/5.0 (Linux; Android 10; K) AppleWebKit/537.36 (KHTML, like Gecko) Chrome/133.0.0.0 Mobile Safari/537.36', '172.71.167.208', '25-02-15 14:53');
UPDATE `user_registration` SET `popup_seen` = 'yes'
WHERE `user_id` = 'TOTNOR';
UPDATE `ci_sessions` SET `timestamp` = 1739653053, `data` = '__ci_last_regenerate|i:1739653053;id|s:4:\"2059\";user_id|s:6:\"L2MNP5\";username|s:8:\"LCOMiami\";sponsor_id|s:6:\"K55EDD\";fullname|s:23:\"Leonardo Camacho Oviedo\";email|s:29:\"caimandelcaribe1964@gmail.com\";phone|s:10:\"9082908827\";isLogIn|b:1;'
WHERE `id` = '354f985e7ebb9283041515f4ce8762b8e74174bf';
UPDATE `user_registration` SET `popup_seen` = 'yes'
WHERE `user_id` = 'L2MNP5';
UPDATE `ci_sessions` SET `timestamp` = 1739653129, `data` = '__ci_last_regenerate|i:1739653129;id|s:4:\"2075\";user_id|s:6:\"O94ZPY\";username|s:12:\"angelito4817\";sponsor_id|s:6:\"JHRDHS\";fullname|s:15:\"Angel Fernandez\";email|s:25:\"angelito.magaly@gmail.com\";phone|s:0:\"\";isLogIn|b:1;'
WHERE `id` = '5e7ec205a750d3ec0788da1f22f5e373ab74f470';
UPDATE `user_registration` SET `language` = 'spanish'
WHERE `user_id` = 'O94ZPY';
UPDATE `ci_sessions` SET `timestamp` = 1739653163, `data` = '__ci_last_regenerate|i:1739653163;id|s:4:\"2084\";user_id|s:6:\"QJ5U9C\";username|s:10:\"gascarde60\";sponsor_id|s:6:\"O94ZPY\";fullname|s:14:\"Gaspar Cardero\";email|s:18:\"gascarde@yahoo.com\";phone|s:10:\"7862371360\";isLogIn|b:1;'
WHERE `id` = '4664a7e4c9a2a2c4776a5db589ef4065262f0677';
UPDATE `user_registration` SET `popup_seen` = 'yes'
WHERE `user_id` = 'QJ5U9C';
UPDATE `user_registration` SET `popup_seen` = 'no'
WHERE `user_id` = 'QJ5U9C';
DELETE FROM `ci_sessions`
WHERE `id` = 'aade186939196b4544eced497e39a9a7f71e240b';
INSERT INTO `login_history` (`user_id`, `device`, `ip_address`, `date`) VALUES ('F7LGEE', 'Mozilla/5.0 (Windows NT 10.0; Win64; x64) AppleWebKit/537.36 (KHTML, like Gecko) Chrome/133.0.0.0 Safari/537.36', '172.70.254.150', '25-02-15 15:00');
UPDATE `user_registration` SET `popup_seen` = 'yes'
WHERE `user_id` = 'F7LGEE';
UPDATE `user_registration` SET `popup_seen` = 'yes'
WHERE `user_id` = 'F7LGEE';
INSERT INTO `login_history` (`user_id`, `device`, `ip_address`, `date`) VALUES ('AABG7W', 'Mozilla/5.0 (Linux; Android 10; K) AppleWebKit/537.36 (KHTML, like Gecko) Chrome/133.0.0.0 Mobile Safari/537.36', '172.70.55.115', '25-02-15 15:00');
UPDATE `user_registration` SET `popup_seen` = 'yes'
WHERE `user_id` = 'AABG7W';
UPDATE `user_registration` SET `language` = 'spanish'
WHERE `user_id` = 'F7LGEE';
UPDATE `user_registration` SET `popup_seen` = 'yes'
WHERE `user_id` = 'F7LGEE';
UPDATE `user_registration` SET `popup_seen` = 'yes'
WHERE `user_id` = 'F7LGEE';
UPDATE `user_registration` SET `default_leg` = 'left'
WHERE `user_id` = 'F7LGEE';
UPDATE `ci_sessions` SET `timestamp` = 1739653442, `data` = '__ci_last_regenerate|i:1739653442;id|s:4:\"2075\";user_id|s:6:\"O94ZPY\";username|s:12:\"angelito4817\";sponsor_id|s:6:\"JHRDHS\";fullname|s:15:\"Angel Fernandez\";email|s:25:\"angelito.magaly@gmail.com\";phone|s:0:\"\";isLogIn|b:1;'
WHERE `id` = '4e28984a8a82ef6025c6e26bbdb3529236cdef7d';
INSERT INTO `login_history` (`user_id`, `device`, `ip_address`, `date`) VALUES ('2RSJNO', 'Mozilla/5.0 (Windows NT 10.0; Win64; x64) AppleWebKit/537.36 (KHTML, like Gecko) Chrome/132.0.0.0 Safari/537.36', '172.70.255.181', '25-02-15 15:04');
UPDATE `user_registration` SET `popup_seen` = 'yes'
WHERE `user_id` = '2RSJNO';
UPDATE `ci_sessions` SET `timestamp` = 1739653730, `data` = '__ci_last_regenerate|i:1739653730;id|s:4:\"2145\";user_id|s:6:\"F7LGEE\";username|s:13:\"eve.barrios60\";sponsor_id|s:6:\"QJ5U9C\";fullname|s:24:\"Evelio Barrios Hernandez\";email|s:19:\"ebh600331@gmail.com\";phone|s:10:\"7869121599\";isLogIn|b:1;'
WHERE `id` = '4845a60dbd46d3244e9987bb405c87c2788f5196';
INSERT INTO `temp_register` (`post_data`, `date`, `payment_method`, `type`) VALUES ('{\"uid\":\"2148\",\"user_id\":\"XMN3MK\",\"username\":\"rtoran1720\",\"sponsor_id\":\"F7LGEE\",\"vacant\":\"no\",\"f_name\":\"Ruben\",\"l_name\":\"Toran\",\"position\":\"left\",\"email\":\"narotnebur324058@gmail.com\",\"password\":\"f98727b7e2f0fe88896abf37b88c8c9d\",\"phone\":\"7862096187\",\"country\":\"United States\",\"state\":\"Florida\",\"city\":\"Sunrise\",\"street\":\"8141 nw 20th CT\",\"zip_code\":\"33322\",\"reg_ip\":\"172.69.132.230\",\"status\":1,\"package_id\":\"2\",\"rank_id\":1,\"highest_rank\":1,\"cycle_rank_id\":1,\"created\":\"2025-02-15 15:08:50\",\"subscription_date\":\"2025-03-17\",\"google_secret\":\"OR2LOMUAN5D5Z6OA\"}', '2025-02-15 15:08:50', 'stripe', 'register');
UPDATE `ci_sessions` SET `timestamp` = 1739653804, `data` = '__ci_last_regenerate|i:1739653804;id|s:4:\"2166\";user_id|s:6:\"TOTNOR\";username|s:6:\"alex58\";sponsor_id|s:6:\"R37QLI\";fullname|s:16:\"Alejandro Medina\";email|s:22:\"triptripclub@gmail.com\";phone|s:10:\"9981510058\";isLogIn|b:1;message|s:24:\"Welcome Alejandro Medina\";__ci_vars|a:1:{s:7:\"message\";s:3:\"old\";}'
WHERE `id` = '4c6aee426850143ec0d5c3d4f8d585b62670f018';
UPDATE `user_registration` SET `popup_seen` = 'yes'
WHERE `user_id` = 'TOTNOR';
UPDATE `temp_register` SET `response` = '{\"stripeToken\":\"tok_1Qssdi2NUoYUjiuu1rIDANlt\",\"stripeTokenType\":\"card\",\"stripeEmail\":\"narotnebur324058@gmail.com\"}', `date_modified` = '2025-02-15 15:11:12', `payment_status` = '{\"id\":\"ch_3Qssdn2NUoYUjiuu1DgOdeVz\",\"object\":\"charge\",\"amount\":59500,\"amount_captured\":59500,\"amount_refunded\":0,\"application\":null,\"application_fee\":null,\"application_fee_amount\":null,\"balance_transaction\":\"txn_3Qssdn2NUoYUjiuu17EUqWWm\",\"billing_details\":{\"address\":{\"city\":null,\"country\":null,\"line1\":null,\"line2\":null,\"postal_code\":null,\"state\":null},\"email\":null,\"name\":\"narotnebur324058@gmail.com\",\"phone\":null},\"calculated_statement_descriptor\":\"TRAVELEGENDCY LLC\",\"captured\":true,\"created\":1739653871,\"currency\":\"usd\",\"customer\":\"cus_RmRWnHKbwEAOPV\",\"description\":null,\"destination\":null,\"dispute\":null,\"disputed\":false,\"failure_balance_transaction\":null,\"failure_code\":null,\"failure_message\":null,\"fraud_details\":[],\"invoice\":null,\"livemode\":true,\"metadata\":{\"name\":\"Ruben Toran\",\"username\":\"rtoran1720\"},\"on_behalf_of\":null,\"order\":null,\"outcome\":{\"advice_code\":null,\"network_advice_code\":null,\"network_decline_code\":null,\"network_status\":\"approved_by_network\",\"reason\":null,\"risk_level\":\"normal\",\"seller_message\":\"Payment complete.\",\"type\":\"authorized\"},\"paid\":true,\"payment_intent\":null,\"payment_method\":\"card_1Qssdi2NUoYUjiuukfKwBsM4\",\"payment_method_details\":{\"card\":{\"amount_authorized\":59500,\"authorization_code\":\"161718\",\"brand\":\"mastercard\",\"checks\":{\"address_line1_check\":null,\"address_postal_code_check\":null,\"cvc_check\":\"pass\"},\"country\":\"US\",\"exp_month\":8,\"exp_year\":2029,\"extended_authorization\":{\"status\":\"disabled\"},\"fingerprint\":\"4SVTnCUgBSuhSMXR\",\"funding\":\"debit\",\"incremental_authorization\":{\"status\":\"unavailable\"},\"installments\":null,\"last4\":\"3627\",\"mandate\":null,\"multicapture\":{\"status\":\"unavailable\"},\"network\":\"mastercard\",\"network_token\":{\"used\":false},\"network_transaction_id\":\"MDJMQOBX30215\",\"overcapture\":{\"maximum_amount_capturable\":59500,\"status\":\"unavailable\"},\"regulated_status\":\"regulated\",\"three_d_secure\":null,\"wallet\":null},\"type\":\"card\"},\"receipt_email\":null,\"receipt_number\":null,\"receipt_url\":\"https:\\/\\/pay.stripe.com\\/receipts\\/payment\\/CAcQARoXChVhY2N0XzFRUEFGdjJOVW9ZVWppdXUo8YXEvQYyBpG53xVEKDosFurOv6upfGeMyE5vtydj8xO9LUH7xBJsMZR_R2YcySlGVnZqTNgz2XwTLJg\",\"refunded\":false,\"review\":null,\"shipping\":null,\"source\":{\"id\":\"card_1Qssdi2NUoYUjiuukfKwBsM4\",\"object\":\"card\",\"address_city\":null,\"address_country\":null,\"address_line1\":null,\"address_line1_check\":null,\"address_line2\":null,\"address_state\":null,\"address_zip\":null,\"address_zip_check\":null,\"allow_redisplay\":\"unspecified\",\"brand\":\"MasterCard\",\"country\":\"US\",\"customer\":\"cus_RmRWnHKbwEAOPV\",\"cvc_check\":\"pass\",\"dynamic_last4\":null,\"exp_month\":8,\"exp_year\":2029,\"fingerprint\":\"4SVTnCUgBSuhSMXR\",\"funding\":\"debit\",\"last4\":\"3627\",\"metadata\":[],\"name\":\"narotnebur324058@gmail.com\",\"regulated_status\":\"regulated\",\"tokenization_method\":null,\"wallet\":null},\"source_transfer\":null,\"statement_descriptor\":null,\"statement_descriptor_suffix\":null,\"status\":\"succeeded\",\"transfer_data\":null,\"transfer_group\":null}'
WHERE `id` = 116;
UPDATE `user_registration` SET `uid` = '2148', `user_id` = 'XMN3MK', `username` = 'rtoran1720', `sponsor_id` = 'F7LGEE', `vacant` = 'no', `f_name` = 'Ruben', `l_name` = 'Toran', `position` = 'left', `email` = 'narotnebur324058@gmail.com', `password` = 'f98727b7e2f0fe88896abf37b88c8c9d', `phone` = '7862096187', `country` = 'United States', `state` = 'Florida', `city` = 'Sunrise', `street` = '8141 nw 20th CT', `zip_code` = '33322', `reg_ip` = '172.69.132.230', `status` = 1, `package_id` = '2', `rank_id` = 1, `highest_rank` = 1, `cycle_rank_id` = 1, `created` = '2025-02-15 15:08:50', `subscription_date` = '2025-03-17', `google_secret` = 'OR2LOMUAN5D5Z6OA'
WHERE `uid` = '2148';
INSERT INTO `user_registration` (`uid`, `user_id`, `username`, `sponsor_id`, `placement_id`, `vacant`, `f_name`, `l_name`, `address`, `position`, `email`, `password`, `phone`, `reg_ip`, `status`, `created`) VALUES (NULL, 'VGVKWS', 'kInLVdma', 'XMN3MK', 'XMN3MK', 'yes', '', '', '', 'left', '@mail.com', '', '', '', 0, '2025-02-15 15:11:12');
INSERT INTO `user_registration` (`uid`, `user_id`, `username`, `sponsor_id`, `placement_id`, `vacant`, `f_name`, `l_name`, `address`, `position`, `email`, `password`, `phone`, `reg_ip`, `status`, `created`) VALUES (NULL, 'ELFGIU', 'cSKUIMFi', 'XMN3MK', 'XMN3MK', 'yes', '', '', '', 'right', '@mail.com', '', '', '', 0, '2025-02-15 15:11:12');
INSERT INTO `bv_updation` (`user_id`) VALUES ('XMN3MK');
UPDATE `user_registration` SET total_ref_count = total_ref_count+1
WHERE `user_id` = 'F7LGEE';
UPDATE `user_registration` SET total_downlines = total_downlines+1
WHERE `user_id` = 'F7LGEE';
UPDATE `user_registration` SET left_downlines = left_downlines+1
WHERE `user_id` = 'F7LGEE';
UPDATE `user_registration` SET left_ref_count = left_ref_count+1
WHERE `user_id` = 'F7LGEE';
UPDATE `user_registration` SET active_left = active_left+1
WHERE `user_id` = 'F7LGEE';
UPDATE `user_registration` SET total_downlines = total_downlines+1
WHERE `user_id` = 'QJ5U9C';
UPDATE `user_registration` SET right_downlines = right_downlines+1
WHERE `user_id` = 'QJ5U9C';
UPDATE `user_registration` SET total_downlines = total_downlines+1
WHERE `user_id` = 'O94ZPY';
UPDATE `user_registration` SET left_downlines = left_downlines+1
WHERE `user_id` = 'O94ZPY';
UPDATE `user_registration` SET total_downlines = total_downlines+1
WHERE `user_id` = 'JHRDHS';
UPDATE `user_registration` SET right_downlines = right_downlines+1
WHERE `user_id` = 'JHRDHS';
UPDATE `user_registration` SET total_downlines = total_downlines+1
WHERE `user_id` = 'CVVK4C';
UPDATE `user_registration` SET right_downlines = right_downlines+1
WHERE `user_id` = 'CVVK4C';
UPDATE `user_registration` SET total_downlines = total_downlines+1
WHERE `user_id` = 'K55EDD';
UPDATE `user_registration` SET left_downlines = left_downlines+1
WHERE `user_id` = 'K55EDD';
UPDATE `user_registration` SET total_downlines = total_downlines+1
WHERE `user_id` = 'UQO7EQ';
UPDATE `user_registration` SET left_downlines = left_downlines+1
WHERE `user_id` = 'UQO7EQ';
UPDATE `user_registration` SET total_downlines = total_downlines+1
WHERE `user_id` = 'N6GZAE';
UPDATE `user_registration` SET left_downlines = left_downlines+1
WHERE `user_id` = 'N6GZAE';
UPDATE `user_registration` SET total_downlines = total_downlines+1
WHERE `user_id` = '4E1CRI';
UPDATE `user_registration` SET left_downlines = left_downlines+1
WHERE `user_id` = '4E1CRI';
UPDATE `user_registration` SET total_downlines = total_downlines+1
WHERE `user_id` = 'SJBNYJ';
UPDATE `user_registration` SET left_downlines = left_downlines+1
WHERE `user_id` = 'SJBNYJ';
UPDATE `user_registration` SET total_downlines = total_downlines+1
WHERE `user_id` = '44B9Y4';
UPDATE `user_registration` SET left_downlines = left_downlines+1
WHERE `user_id` = '44B9Y4';
UPDATE `user_registration` SET total_downlines = total_downlines+1
WHERE `user_id` = 'admin';
UPDATE `user_registration` SET right_downlines = right_downlines+1
WHERE `user_id` = 'admin';
INSERT INTO `investment` (`invest_date`, `user_id`, `type`, `amount`, `package_id`) VALUES ('2025-02-15 15:11:12', 'XMN3MK', 'register', '595', '2');
INSERT INTO `earnings` (`user_id`, `Purchaser_id`, `earning_type`, `package_id`, `amount`, `date`, `comments`, `invest_amount`, `comm_perc`, `level`, `rank_id`, `order_id`) VALUES ('F7LGEE', 'XMN3MK', 'Direct Referral Bonus', '2', '100', '2025-02-15 15:11:12', 'Direct Referral Bonus', 0, 0, 1, '', 92);
UPDATE `user_registration` SET commission_balance = ROUND(commission_balance + 100,2)
WHERE `user_id` = 'F7LGEE';
UPDATE `user_registration` SET referral_bonus = ROUND(referral_bonus + 100,2)
WHERE `user_id` = 'F7LGEE';
UPDATE `user_registration` SET total_points = ROUND(total_points + 50,2)
WHERE `user_id` = 'XMN3MK';
INSERT INTO `points_history` (`user_id`, `points`, `type`, `date`) VALUES ('XMN3MK', '50', 'register', '2025-02-15 15:11:');
INSERT INTO `matrix_filling` (`placement_id`, `downline_id`, `level`, `matrix`) VALUES ('F7LGEE', 'XMN3MK', 1, 1);
UPDATE `bv_updation` SET left_carry = left_carry+50, total_left = total_left+50
WHERE `user_id` = 'F7LGEE';
INSERT INTO `placement_bv_update_history` (`left_carry`, `date`, `from_id`, `user_id`) VALUES ('50', '2025-02-15 15:11:12', 'XMN3MK', 'F7LGEE');
UPDATE `bv_updation` SET sponsor_left_carry = sponsor_left_carry+50, sponsor_total_left = sponsor_total_left+50
WHERE `user_id` = 'F7LGEE';
INSERT INTO `sponsor_bv_update_history` (`left_carry`, `date`, `user_id`) VALUES ('50', '2025-02-15 15:11:12', 'F7LGEE');
INSERT INTO `matrix_filling` (`placement_id`, `downline_id`, `level`, `matrix`) VALUES ('QJ5U9C', 'XMN3MK', 2, 1);
UPDATE `bv_updation` SET right_carry = right_carry+50, total_right = total_right+50
WHERE `user_id` = 'QJ5U9C';
INSERT INTO `placement_bv_update_history` (`right_carry`, `date`, `from_id`, `user_id`) VALUES ('50', '2025-02-15 15:11:12', 'XMN3MK', 'QJ5U9C');
INSERT INTO `matrix_filling` (`placement_id`, `downline_id`, `level`, `matrix`) VALUES ('O94ZPY', 'XMN3MK', 3, 1);
UPDATE `bv_updation` SET left_carry = left_carry+50, total_left = total_left+50
WHERE `user_id` = 'O94ZPY';
INSERT INTO `placement_bv_update_history` (`left_carry`, `date`, `from_id`, `user_id`) VALUES ('50', '2025-02-15 15:11:12', 'XMN3MK', 'O94ZPY');
INSERT INTO `matrix_filling` (`placement_id`, `downline_id`, `level`, `matrix`) VALUES ('JHRDHS', 'XMN3MK', 4, 1);
UPDATE `bv_updation` SET right_carry = right_carry+50, total_right = total_right+50
WHERE `user_id` = 'JHRDHS';
INSERT INTO `placement_bv_update_history` (`right_carry`, `date`, `from_id`, `user_id`) VALUES ('50', '2025-02-15 15:11:12', 'XMN3MK', 'JHRDHS');
INSERT INTO `matrix_filling` (`placement_id`, `downline_id`, `level`, `matrix`) VALUES ('CVVK4C', 'XMN3MK', 5, 1);
UPDATE `bv_updation` SET right_carry = right_carry+50, total_right = total_right+50
WHERE `user_id` = 'CVVK4C';
INSERT INTO `placement_bv_update_history` (`right_carry`, `date`, `from_id`, `user_id`) VALUES ('50', '2025-02-15 15:11:12', 'XMN3MK', 'CVVK4C');
INSERT INTO `matrix_filling` (`placement_id`, `downline_id`, `level`, `matrix`) VALUES ('K55EDD', 'XMN3MK', 6, 1);
UPDATE `bv_updation` SET left_carry = left_carry+50, total_left = total_left+50
WHERE `user_id` = 'K55EDD';
INSERT INTO `placement_bv_update_history` (`left_carry`, `date`, `from_id`, `user_id`) VALUES ('50', '2025-02-15 15:11:12', 'XMN3MK', 'K55EDD');
INSERT INTO `matrix_filling` (`placement_id`, `downline_id`, `level`, `matrix`) VALUES ('UQO7EQ', 'XMN3MK', 7, 1);
UPDATE `bv_updation` SET left_carry = left_carry+50, total_left = total_left+50
WHERE `user_id` = 'UQO7EQ';
INSERT INTO `placement_bv_update_history` (`left_carry`, `date`, `from_id`, `user_id`) VALUES ('50', '2025-02-15 15:11:12', 'XMN3MK', 'UQO7EQ');
INSERT INTO `matrix_filling` (`placement_id`, `downline_id`, `level`, `matrix`) VALUES ('N6GZAE', 'XMN3MK', 8, 1);
UPDATE `bv_updation` SET left_carry = left_carry+50, total_left = total_left+50
WHERE `user_id` = 'N6GZAE';
INSERT INTO `placement_bv_update_history` (`left_carry`, `date`, `from_id`, `user_id`) VALUES ('50', '2025-02-15 15:11:12', 'XMN3MK', 'N6GZAE');
INSERT INTO `matrix_filling` (`placement_id`, `downline_id`, `level`, `matrix`) VALUES ('4E1CRI', 'XMN3MK', 9, 1);
UPDATE `bv_updation` SET left_carry = left_carry+50, total_left = total_left+50
WHERE `user_id` = '4E1CRI';
INSERT INTO `placement_bv_update_history` (`left_carry`, `date`, `from_id`, `user_id`) VALUES ('50', '2025-02-15 15:11:12', 'XMN3MK', '4E1CRI');
INSERT INTO `matrix_filling` (`placement_id`, `downline_id`, `level`, `matrix`) VALUES ('SJBNYJ', 'XMN3MK', 10, 1);
UPDATE `bv_updation` SET left_carry = left_carry+50, total_left = total_left+50
WHERE `user_id` = 'SJBNYJ';
INSERT INTO `placement_bv_update_history` (`left_carry`, `date`, `from_id`, `user_id`) VALUES ('50', '2025-02-15 15:11:12', 'XMN3MK', 'SJBNYJ');
INSERT INTO `matrix_filling` (`placement_id`, `downline_id`, `level`, `matrix`) VALUES ('44B9Y4', 'XMN3MK', 11, 1);
UPDATE `bv_updation` SET left_carry = left_carry+50, total_left = total_left+50
WHERE `user_id` = '44B9Y4';
INSERT INTO `placement_bv_update_history` (`left_carry`, `date`, `from_id`, `user_id`) VALUES ('50', '2025-02-15 15:11:12', 'XMN3MK', '44B9Y4');
INSERT INTO `matrix_filling` (`placement_id`, `downline_id`, `level`, `matrix`) VALUES ('admin', 'XMN3MK', 12, 1);
UPDATE `bv_updation` SET right_carry = right_carry+50, total_right = total_right+50
WHERE `user_id` = 'admin';
INSERT INTO `placement_bv_update_history` (`right_carry`, `date`, `from_id`, `user_id`) VALUES ('50', '2025-02-15 15:11:12', 'XMN3MK', 'admin');
INSERT INTO `package_purchase_history` (`user_id`, `package_id`, `reg_fee`, `package_name`, `monthly_fee`, `type`, `date`, `payment_option`) VALUES ('XMN3MK', '2', '595', 'Traveler Pro', '150', 'sign_up', '2025-02-15 15:11:12', 'stripe');
UPDATE `user_registration` SET `popup_seen` = 'yes'
WHERE `user_id` = 'F7LGEE';
UPDATE `ci_sessions` SET `timestamp` = 1739654142, `data` = '__ci_last_regenerate|i:1739654142;id|s:4:\"2145\";user_id|s:6:\"F7LGEE\";username|s:13:\"eve.barrios60\";sponsor_id|s:6:\"QJ5U9C\";fullname|s:24:\"Evelio Barrios Hernandez\";email|s:19:\"ebh600331@gmail.com\";phone|s:10:\"7869121599\";isLogIn|b:1;'
WHERE `id` = 'e64e7301ca4964a89a1778647df4fd7fc8cc8723';
UPDATE `user_registration` SET `popup_seen` = 'yes'
WHERE `user_id` = 'F7LGEE';
UPDATE `user_registration` SET `popup_seen` = 'yes'
WHERE `user_id` = 'F7LGEE';
UPDATE `user_registration` SET `language` = 'english'
WHERE `user_id` = 'F7LGEE';
UPDATE `user_registration` SET `popup_seen` = 'yes'
WHERE `user_id` = 'F7LGEE';
UPDATE `user_registration` SET `popup_seen` = 'yes'
WHERE `user_id` = 'F7LGEE';
UPDATE `user_registration` SET `language` = 'spanish'
WHERE `user_id` = 'F7LGEE';
UPDATE `user_registration` SET `popup_seen` = 'yes'
WHERE `user_id` = 'F7LGEE';
UPDATE `user_registration` SET `popup_seen` = 'yes'
WHERE `user_id` = 'F7LGEE';
UPDATE `ci_sessions` SET `timestamp` = 1739654466, `data` = '__ci_last_regenerate|i:1739654466;id|s:4:\"2145\";user_id|s:6:\"F7LGEE\";username|s:13:\"eve.barrios60\";sponsor_id|s:6:\"QJ5U9C\";fullname|s:24:\"Evelio Barrios Hernandez\";email|s:19:\"ebh600331@gmail.com\";phone|s:10:\"7869121599\";isLogIn|b:1;'
WHERE `id` = 'a373981800ec8f9986dbc9d2c75945c6e2d4c9b8';
INSERT INTO `payquicker_token` (`response`, `token`, `created_time`, `expires_at`) VALUES ('{\"access_token\":\"9D4A52D790896AA93A268785ECB1DED2A3F215D3948D2B89D2C5CC7D2E4804B6-1\",\"expires_in\":3600,\"token_type\":\"Bearer\",\"scope\":\"api useraccount_balance useraccount_debit useraccount_invitation useraccount_payment\"}', '9D4A52D790896AA93A268785ECB1DED2A3F215D3948D2B89D2C5CC7D2E4804B6-1', '2025-02-15 15:21:06', '2025-02-15 16:21:06');
INSERT INTO `payment_metod_setting` (`user_id`, `method`, `email`, `wallet_id`, `status`, `date`) VALUES ('F7LGEE', 'payquicker', 'ebh600331@gmail.com', 'eve.barrios60nfYR', 0, '2025-02-15 15:21:08');
INSERT INTO `payquicker_send_invite` (`user_id`, `userCompanyAssignedUniqueKey`, `response`, `date`) VALUES ('F7LGEE', 'eve.barrios60nfYR', '[{\"dateInvited\":\"2025-02-15T21:21:08Z\",\"invitationKey\":\"mH8LNEUc8dFwVUijxmgzxEm2CfDLawqpMPX7WDlMJqzjXMpDfQ35yjc4MhgdKvoKRzgU4VePOBMSdLWjnnleVYgPQ4vlM9hMdLaKEe6MD1RVGQubpMsljnc29utsLQM5hDMu7PcekVa3zgEVN8EeA9i2HsOmFZHbp3R1qBzDqF6phbTnjdXxxW1wdbcGhpeTMyXAMsX0MTmb6OytXVycjVAAU0vG1UZm9pUKQd230GwOCBAACwn4xNH7RAGweFc1\",\"invitationStatus\":\"InvitationStatusType_Pending\",\"registrationStatus\":\"NotStarted\",\"registrationDetails\":{\"addresses\":[{\"city\":\"Miramar\",\"country\":\"USA\",\"postalCode\":\"33025\",\"region\":\"Florida\",\"streetAddress1\":\"8627 beekman dr\",\"created\":\"0001-01-01T00:00:00Z\",\"type\":\"AddressType_Residential\"}],\"fundingAccountPublicId\":\"4e84a85ac47e46639c648f932d48fdf0\",\"issuePlasticCard\":true,\"notifyUser\":true,\"userDetails\":{\"emailAddress\":\"ebh600331@gmail.com\",\"firstName\":\"Evelio\",\"lastName\":\"Barrios Hernandez\",\"userCompanyAssignedUniqueKey\":\"eve.barrios60nfYR\"}}}]', '2025-02-15 15:21:08');
UPDATE `payquicker_send_invite` SET `response` = '[{\"dateInvited\":\"2025-02-15T21:21:08Z\",\"invitationKey\":\"mH8LNEUc8dFwVUijxmgzxEm2CfDLawqpMPX7WDlMJqzjXMpDfQ35yjc4MhgdKvoKRzgU4VePOBMSdLWjnnleVYgPQ4vlM9hMdLaKEe6MD1RVGQubpMsljnc29utsLQM5hDMu7PcekVa3zgEVN8EeA9i2HsOmFZHbp3R1qBzDqF6phbTnjdXxxW1wdbcGhpeTMyXAMsX0MTmb6OytXVycjVAAU0vG1UZm9pUKQd230GwOCBAACwn4xNH7RAGweFc1\",\"invitationStatus\":\"InvitationStatusType_Pending\",\"registrationStatus\":\"NotStarted\",\"registrationDetails\":{\"addresses\":[{\"city\":\"Miramar\",\"country\":\"USA\",\"postalCode\":\"33025\",\"region\":\"Florida\",\"streetAddress1\":\"8627 beekman dr\",\"created\":\"0001-01-01T00:00:00Z\",\"type\":\"AddressType_Residential\"}],\"fundingAccountPublicId\":\"4e84a85ac47e46639c648f932d48fdf0\",\"issuePlasticCard\":true,\"notifyUser\":true,\"userDetails\":{\"emailAddress\":\"ebh600331@gmail.com\",\"firstName\":\"Evelio\",\"lastName\":\"Barrios Hernandez\",\"userCompanyAssignedUniqueKey\":\"eve.barrios60nfYR\"}}}]', `date` = '2025-02-15 15:21:33';
UPDATE `ci_sessions` SET `timestamp` = 1739655144, `data` = '__ci_last_regenerate|i:1739655144;id|s:4:\"2057\";user_id|s:6:\"AABG7W\";username|s:10:\"freeurlife\";sponsor_id|s:6:\"UQO7EQ\";fullname|s:12:\"Lesli Andreu\";email|s:21:\"cranbarrier@gmail.com\";phone|s:10:\"7864171626\";isLogIn|b:1;'
WHERE `id` = 'ff473aab17aa5c9ec5a6c612c2b02f7fcc3dd7e8';
UPDATE `user_registration` SET `popup_seen` = 'yes'
WHERE `user_id` = 'AABG7W';
INSERT INTO `login_history` (`user_id`, `device`, `ip_address`, `date`) VALUES ('L2MNP5', 'Mozilla/5.0 (Windows NT 10.0; Win64; x64) AppleWebKit/537.36 (KHTML, like Gecko) Chrome/133.0.0.0 Safari/537.36', '108.162.212.158', '25-02-15 15:36');
UPDATE `user_registration` SET `popup_seen` = 'yes'
WHERE `user_id` = 'L2MNP5';
INSERT INTO `login_history` (`user_id`, `device`, `ip_address`, `date`) VALUES ('TOTNOR', 'Mozilla/5.0 (Windows NT 10.0; Win64; x64) AppleWebKit/537.36 (KHTML, like Gecko) Chrome/133.0.0.0 Safari/537.36', '172.71.166.209', '25-02-15 15:36');
UPDATE `user_registration` SET `popup_seen` = 'yes'
WHERE `user_id` = 'TOTNOR';
INSERT INTO `login_history` (`user_id`, `device`, `ip_address`, `date`) VALUES ('UQO7EQ', 'Mozilla/5.0 (Linux; Android 10; K) AppleWebKit/537.36 (KHTML, like Gecko) Chrome/131.0.0.0 Mobile Safari/537.36', '172.69.132.232', '25-02-15 16:13');
UPDATE `user_registration` SET `popup_seen` = 'yes'
WHERE `user_id` = 'UQO7EQ';
UPDATE `user_registration` SET `popup_seen` = 'no'
WHERE `user_id` = 'UQO7EQ';
DELETE FROM `ci_sessions`
WHERE `id` = '993430fbcf098951ee1f25bbf7f418ae58dc3bf0';
UPDATE `ci_sessions` SET `timestamp` = 1739658943, `data` = '__ci_last_regenerate|i:1739658943;id|s:4:\"2059\";user_id|s:6:\"L2MNP5\";username|s:8:\"LCOMiami\";sponsor_id|s:6:\"K55EDD\";fullname|s:23:\"Leonardo Camacho Oviedo\";email|s:29:\"caimandelcaribe1964@gmail.com\";phone|s:10:\"9082908827\";isLogIn|b:1;'
WHERE `id` = 'a6b905d16b2e3985d032272c7206d58fb6f2f93f';
UPDATE `user_registration` SET `popup_seen` = 'yes'
WHERE `user_id` = 'L2MNP5';
UPDATE `ci_sessions` SET `timestamp` = 1739659335, `data` = '__ci_last_regenerate|i:1739659335;captcha|s:4:\"v3h7\";'
WHERE `id` = '73c5b718295fdecabd1a679806977a6b18b69d31';
INSERT INTO `login_history` (`user_id`, `device`, `ip_address`, `date`) VALUES ('UQO7EQ', 'Mozilla/5.0 (Linux; Android 10; K) AppleWebKit/537.36 (KHTML, like Gecko) Chrome/131.0.0.0 Mobile Safari/537.36', '172.70.54.109', '25-02-15 16:42');
UPDATE `user_registration` SET `popup_seen` = 'yes'
WHERE `user_id` = 'UQO7EQ';
UPDATE `user_registration` SET `popup_seen` = 'no'
WHERE `user_id` = 'UQO7EQ';
DELETE FROM `ci_sessions`
WHERE `id` = 'bdad3eb0c5413e5ac294b529b72e51321a54d811';
INSERT INTO `login_history` (`user_id`, `device`, `ip_address`, `date`) VALUES ('F7LGEE', 'Mozilla/5.0 (iPhone; CPU iPhone OS 17_6_1 like Mac OS X) AppleWebKit/605.1.15 (KHTML, like Gecko) CriOS/133.0.6943.84 Mobile/15E148 Safari/604.1', '172.69.70.251', '25-02-15 16:43');
UPDATE `user_registration` SET `popup_seen` = 'yes'
WHERE `user_id` = 'F7LGEE';
UPDATE `user_registration` SET `popup_seen` = 'yes'
WHERE `user_id` = 'F7LGEE';
UPDATE `ci_sessions` SET `timestamp` = 1739659733, `data` = '__ci_last_regenerate|i:1739659733;id|s:4:\"2059\";user_id|s:6:\"L2MNP5\";username|s:8:\"LCOMiami\";sponsor_id|s:6:\"K55EDD\";fullname|s:23:\"Leonardo Camacho Oviedo\";email|s:29:\"caimandelcaribe1964@gmail.com\";phone|s:10:\"9082908827\";isLogIn|b:1;'
WHERE `id` = 'e2e00cab3661ce97b7d81f3c740aec6c51475de6';
UPDATE `user_registration` SET `popup_seen` = 'yes'
WHERE `user_id` = 'L2MNP5';
UPDATE `user_registration` SET `popup_seen` = 'yes'
WHERE `user_id` = 'L2MNP5';
UPDATE `ci_sessions` SET `timestamp` = 1739659743, `data` = '__ci_last_regenerate|i:1739659743;exception|s:31:\"Incorrect Username Or Password!\";__ci_vars|a:1:{s:9:\"exception\";s:3:\"old\";}captcha|s:4:\"elw9\";'
WHERE `id` = 'fef955b7ff13f7d25b31397b643c73591e18e34c';
UPDATE `user_registration` SET `popup_seen` = 'yes'
WHERE `user_id` = 'L2MNP5';
INSERT INTO `verify_tbl` (`ip_address`, `user_id`, `session_id`, `verify_code`, `data`, `date`) VALUES ('172.70.82.190', 'XMN3MK', 'not_logged_in', 'zF8wkwug', '{\"uid\":\"2148\",\"user_id\":\"XMN3MK\",\"username\":\"rtoran1720\",\"vacant\":\"no\",\"position\":\"left\",\"placement_id\":\"F7LGEE\",\"sponsor_id\":\"F7LGEE\",\"f_name\":\"Ruben\",\"l_name\":\"Toran\",\"email\":\"narotnebur324058@gmail.com\",\"binary_qualified\":\"no\",\"binary_qualified_date\":null,\"language\":\"\",\"phone\":\"7862096187\",\"gender\":\"\",\"profile_url\":\"\",\"password\":\"f98727b7e2f0fe88896abf37b88c8c9d\",\"password_reset_tocken\":null,\"trans_password\":\"\",\"reg_ip\":\"172.69.132.230\",\"status\":\"1\",\"active_status\":\"yes\",\"created\":\"2025-02-15 15:08:50\",\"modified\":\"0000-00-00 00:00:00\",\"invest_amount\":\"0\",\"commission_balance\":\"0\",\"current_period_amount\":\"0\",\"active_balance\":\"0\",\"picture_url\":\"\",\"balance_amount\":\"0\",\"total_points\":\"50\",\"country\":\"United States\",\"state\":\"Florida\",\"city\":\"Sunrise\",\"street\":\"8141 nw 20th CT\",\"zip_code\":\"33322\",\"address\":\"\",\"package_id\":\"2\",\"total_ref_count\":\"0\",\"left_ref_count\":\"0\",\"right_ref_count\":\"0\",\"total_downlines\":\"0\",\"left_downlines\":\"0\",\"right_downlines\":\"0\",\"active_left\":\"0\",\"active_right\":\"0\",\"rank_id\":\"1\",\"highest_rank\":\"1\",\"cycle_rank_id\":\"1\",\"default_leg\":\"auto\",\"master_distributor\":\"no\",\"md_balance\":\"0\",\"google_secret\":\"OR2LOMUAN5D5Z6OA\",\"twofa_enabled\":\"no\",\"popup_seen\":\"no\",\"qr_url\":\"\",\"dashboard_theme\":\"dark-layout\",\"block_status\":\"no\",\"blocked_date\":null,\"subscription_date\":\"2025-03-17\",\"product_points\":\"0\",\"referral_bonus\":\"0\",\"residual_bonus\":\"0\",\"expansion_bonus\":\"0\",\"utility_bonus\":\"0\",\"pool_bonus\":\"0\",\"rank_bonus\":\"0\",\"reward_point\":\"\",\"benefit_points\":\"0\",\"sub_point\":\"0\"}', '2025-02-15 04:50:19');
UPDATE `ci_sessions` SET `timestamp` = 1739659887, `data` = '__ci_last_regenerate|i:1739659887;id|s:4:\"2145\";user_id|s:6:\"F7LGEE\";username|s:13:\"eve.barrios60\";sponsor_id|s:6:\"QJ5U9C\";fullname|s:24:\"Evelio Barrios Hernandez\";email|s:19:\"ebh600331@gmail.com\";phone|s:10:\"7869121599\";isLogIn|b:1;'
WHERE `id` = 'b8097245b64414f8e8e7f1454e35e0e4118613c9';
UPDATE `ci_sessions` SET `timestamp` = 1739659953, `data` = '__ci_last_regenerate|i:1739659953;id|s:4:\"2190\";user_id|s:6:\"2RSJNO\";username|s:8:\"yoel0221\";sponsor_id|s:6:\"QJ5U9C\";fullname|s:16:\"Yoel Ramos Gomez\";email|s:19:\"yoel21272@gmail.com\";phone|s:10:\"3053050150\";isLogIn|b:1;message|s:24:\"Welcome Yoel Ramos Gomez\";__ci_vars|a:1:{s:7:\"message\";s:3:\"old\";}'
WHERE `id` = 'c5974cc8c2c1b86a9940b4ae5227998659dc015e';
UPDATE `user_registration` SET `popup_seen` = 'yes'
WHERE `user_id` = '2RSJNO';
INSERT INTO `login_history` (`user_id`, `device`, `ip_address`, `date`) VALUES ('XMN3MK', 'Mozilla/5.0 (iPhone; CPU iPhone OS 17_6_1 like Mac OS X) AppleWebKit/605.1.15 (KHTML, like Gecko) Version/17.6 Mobile/15E148 Safari/604.1', '172.70.54.108', '25-02-15 16:54');
UPDATE `user_registration` SET `popup_seen` = 'yes'
WHERE `user_id` = 'XMN3MK';
INSERT INTO `login_history` (`user_id`, `device`, `ip_address`, `date`) VALUES ('U7SMZ8', 'Mozilla/5.0 (Macintosh; Intel Mac OS X 10_15_7) AppleWebKit/605.1.15 (KHTML, like Gecko) Version/17.6 Safari/605.1.15', '172.70.254.137', '25-02-15 17:12');
UPDATE `user_registration` SET `popup_seen` = 'yes'
WHERE `user_id` = 'U7SMZ8';
UPDATE `ci_sessions` SET `timestamp` = 1739661455, `data` = '__ci_last_regenerate|i:1739661455;id|s:4:\"2061\";user_id|s:6:\"U7SMZ8\";username|s:6:\"Clau66\";sponsor_id|s:6:\"UQO7EQ\";fullname|s:14:\"Claudia Pisana\";email|s:21:\"claujor06@hotmail.com\";phone|s:10:\"7863843449\";isLogIn|b:1;'
WHERE `id` = 'e1b6369b00146065952eb5f9fb84841c4a5e9ab0';
UPDATE `user_registration` SET `popup_seen` = 'yes'
WHERE `user_id` = 'U7SMZ8';
UPDATE `user_registration` SET `popup_seen` = 'yes'
WHERE `user_id` = 'U7SMZ8';
UPDATE `user_registration` SET `popup_seen` = 'no'
WHERE `user_id` = 'U7SMZ8';
DELETE FROM `ci_sessions`
WHERE `id` = '280775a835b7fcc139bc9da1992e8a80c48d3dde';
UPDATE `user_registration` SET `popup_seen` = 'no'
WHERE `user_id` IS NULL;
DELETE FROM `ci_sessions`
WHERE `id` = 'c6a6c1654598f9eb795058758035b870b97c41cf';
INSERT INTO `login_history` (`user_id`, `device`, `ip_address`, `date`) VALUES ('QJ5U9C', 'Mozilla/5.0 (Windows NT 10.0; Win64; x64) AppleWebKit/537.36 (KHTML, like Gecko) Chrome/133.0.0.0 Safari/537.36', '172.70.255.161', '25-02-15 17:22');
UPDATE `user_registration` SET `popup_seen` = 'yes'
WHERE `user_id` = 'QJ5U9C';
UPDATE `ci_sessions` SET `timestamp` = 1739662355, `data` = '__ci_last_regenerate|i:1739662355;captcha|s:4:\"nm4k\";'
WHERE `id` = '393c56cc3b818495b550f7c36c53be8124152c44';
INSERT INTO `login_history` (`user_id`, `device`, `ip_address`, `date`) VALUES ('UQO7EQ', 'Mozilla/5.0 (Linux; Android 10; K) AppleWebKit/537.36 (KHTML, like Gecko) Chrome/131.0.0.0 Mobile Safari/537.36', '172.70.82.169', '25-02-15 17:32');
UPDATE `user_registration` SET `popup_seen` = 'yes'
WHERE `user_id` = 'UQO7EQ';
UPDATE `user_registration` SET `popup_seen` = 'yes'
WHERE `user_id` = 'CVVK4C';
UPDATE `user_registration` SET `popup_seen` = 'yes'
WHERE `user_id` = 'CVVK4C';
UPDATE `user_registration` SET `popup_seen` = 'no'
WHERE `user_id` = 'UQO7EQ';
DELETE FROM `ci_sessions`
WHERE `id` = 'b0151b062dd6e944db4db530ec145451d0854ae6';
UPDATE `ci_sessions` SET `timestamp` = 1739662605, `data` = '__ci_last_regenerate|i:1739662605;exception|s:31:\"Incorrect Username Or Password!\";__ci_vars|a:1:{s:9:\"exception\";s:3:\"old\";}captcha|s:4:\"l7ff\";'
WHERE `id` = '02765855867718cb477d17f52e246d6e8d2f4f64';
UPDATE `user_registration` SET `popup_seen` = 'yes'
WHERE `user_id` = 'CVVK4C';
UPDATE `user_registration` SET `popup_seen` = 'yes'
WHERE `user_id` = 'CVVK4C';
UPDATE `user_registration` SET `default_leg` = 'left'
WHERE `user_id` = 'CVVK4C';
UPDATE `user_registration` SET `popup_seen` = 'yes'
WHERE `user_id` = 'CVVK4C';
UPDATE `ci_sessions` SET `timestamp` = 1739662914, `data` = '__ci_last_regenerate|i:1739662914;id|s:4:\"2054\";user_id|s:6:\"CVVK4C\";username|s:7:\"ManuelN\";sponsor_id|s:6:\"K55EDD\";fullname|s:14:\"Manuel Naranjo\";email|s:26:\"naranjo.manuel93@gmail.com\";phone|s:6:\"786326\";isLogIn|b:1;'
WHERE `id` = '444acdde8368d38d8d0c2be753198a9eb32c8e0b';
INSERT INTO `login_history` (`user_id`, `device`, `ip_address`, `date`) VALUES ('44B9Y4', 'Mozilla/5.0 (Windows NT 10.0; Win64; x64) AppleWebKit/537.36 (KHTML, like Gecko) Chrome/133.0.0.0 Safari/537.36 Edg/133.0.0.0', '108.162.212.158', '25-02-15 17:57');
UPDATE `user_registration` SET `popup_seen` = 'yes'
WHERE `user_id` = '44B9Y4';
INSERT INTO `login_history` (`user_id`, `device`, `ip_address`, `date`) VALUES ('AABG7W', 'Mozilla/5.0 (Linux; Android 10; K) AppleWebKit/537.36 (KHTML, like Gecko) Chrome/133.0.0.0 Mobile Safari/537.36', '172.70.82.169', '25-02-15 18:11');
UPDATE `user_registration` SET `popup_seen` = 'yes'
WHERE `user_id` = 'AABG7W';
UPDATE `ci_sessions` SET `timestamp` = 1739665024, `data` = '__ci_last_regenerate|i:1739665024;id|s:4:\"2057\";user_id|s:6:\"AABG7W\";username|s:10:\"freeurlife\";sponsor_id|s:6:\"UQO7EQ\";fullname|s:12:\"Lesli Andreu\";email|s:21:\"cranbarrier@gmail.com\";phone|s:10:\"7864171626\";isLogIn|b:1;'
WHERE `id` = '82c9ed7e085251e98b4facec1f391ddbdcd2f6bd';
DELETE FROM `add_cart`
WHERE `id` = '39';
INSERT INTO `login_history` (`user_id`, `device`, `ip_address`, `date`) VALUES ('K55EDD', 'Mozilla/5.0 (iPhone; CPU iPhone OS 18_3_1 like Mac OS X) AppleWebKit/605.1.15 (KHTML, like Gecko) Version/18.3 Mobile/15E148 Safari/604.1', '172.70.82.8', '25-02-15 18:24');
UPDATE `user_registration` SET `popup_seen` = 'yes'
WHERE `user_id` = 'K55EDD';
UPDATE `ci_sessions` SET `timestamp` = 1739665754, `data` = '__ci_last_regenerate|i:1739665754;captcha|s:4:\"xb3g\";'
WHERE `id` = 'd2e0eac2fd1624291318fa7b087ba78b32ffcd6d';
INSERT INTO `login_history` (`user_id`, `device`, `ip_address`, `date`) VALUES ('44B9Y4', 'Mozilla/5.0 (iPhone; CPU iPhone OS 18_3_1 like Mac OS X) AppleWebKit/605.1.15 (KHTML, like Gecko) Version/18.3 Mobile/15E148 Safari/604.1', '108.162.210.135', '25-02-15 18:29');
UPDATE `user_registration` SET `popup_seen` = 'yes'
WHERE `user_id` = '44B9Y4';
UPDATE `ci_sessions` SET `timestamp` = 1739666594, `data` = '__ci_last_regenerate|i:1739666594;id|s:4:\"2059\";user_id|s:6:\"L2MNP5\";username|s:8:\"LCOMiami\";sponsor_id|s:6:\"K55EDD\";fullname|s:23:\"Leonardo Camacho Oviedo\";email|s:29:\"caimandelcaribe1964@gmail.com\";phone|s:10:\"9082908827\";isLogIn|b:1;'
WHERE `id` = '6310ea2524b82a48a60c7db1ff4ed5a81bc82e1a';
UPDATE `user_registration` SET `popup_seen` = 'yes'
WHERE `user_id` = 'L2MNP5';
UPDATE `ci_sessions` SET `timestamp` = 1739666669, `data` = '__ci_last_regenerate|i:1739666669;id|s:4:\"2084\";user_id|s:6:\"QJ5U9C\";username|s:10:\"gascarde60\";sponsor_id|s:6:\"O94ZPY\";fullname|s:14:\"Gaspar Cardero\";email|s:18:\"gascarde@yahoo.com\";phone|s:10:\"7862371360\";isLogIn|b:1;'
WHERE `id` = '7a2ea88a9c05c98e777752f8d503091962c26986';
UPDATE `user_registration` SET `popup_seen` = 'yes'
WHERE `user_id` = 'QJ5U9C';
UPDATE `ci_sessions` SET `timestamp` = 1739668323, `data` = '__ci_last_regenerate|i:1739668323;captcha|s:4:\"cbo3\";'
WHERE `id` = '46f9e11ca554705b4b4b04fbaa62f42690de3120';
INSERT INTO `login_history` (`user_id`, `device`, `ip_address`, `date`) VALUES ('JHRDHS', 'Mozilla/5.0 (iPhone; CPU iPhone OS 18_3_1 like Mac OS X) AppleWebKit/605.1.15 (KHTML, like Gecko) Version/18.3 Mobile/15E148 Safari/604.1', '172.70.255.161', '25-02-15 19:46');
UPDATE `user_registration` SET `popup_seen` = 'yes'
WHERE `user_id` = 'JHRDHS';
UPDATE `ci_sessions` SET `timestamp` = 1739670502, `data` = '__ci_last_regenerate|i:1739670502;id|s:4:\"2057\";user_id|s:6:\"AABG7W\";username|s:10:\"freeurlife\";sponsor_id|s:6:\"UQO7EQ\";fullname|s:12:\"Lesli Andreu\";email|s:21:\"cranbarrier@gmail.com\";phone|s:10:\"7864171626\";isLogIn|b:1;'
WHERE `id` = '5374847ced8ad2c6b89de97362438f4054949460';
INSERT INTO `login_history` (`user_id`, `device`, `ip_address`, `date`) VALUES ('UQO7EQ', 'Mozilla/5.0 (Windows NT 10.0; Win64; x64) AppleWebKit/537.36 (KHTML, like Gecko) Chrome/133.0.0.0 Safari/537.36', '172.70.82.190', '25-02-15 20:54');
UPDATE `user_registration` SET `popup_seen` = 'yes'
WHERE `user_id` = 'UQO7EQ';
UPDATE `user_registration` SET `popup_seen` = 'no'
WHERE `user_id` = 'UQO7EQ';
DELETE FROM `ci_sessions`
WHERE `id` = '30fe826334ba5c11316c5528da5519f3e4e71b34';
INSERT INTO `login_history` (`user_id`, `device`, `ip_address`, `date`) VALUES ('7BQJK5', 'Mozilla/5.0 (Windows NT 10.0; Win64; x64) AppleWebKit/537.36 (KHTML, like Gecko) Chrome/133.0.0.0 Safari/537.36 Edg/133.0.0.0', '172.70.82.8', '25-02-15 22:21');
UPDATE `user_registration` SET `popup_seen` = 'yes'
WHERE `user_id` = '7BQJK5';
UPDATE `ci_sessions` SET `timestamp` = 1739679976, `data` = '__ci_last_regenerate|i:1739679976;id|s:4:\"2144\";user_id|s:6:\"7BQJK5\";username|s:7:\"TRAVEL1\";sponsor_id|s:6:\"QJ5U9C\";fullname|s:14:\"YANARA PENABAD\";email|s:20:\"YPENABAD@HOTMAIL.COM\";phone|s:10:\"7867153304\";isLogIn|b:1;'
WHERE `id` = '516a642030d1f954fb33dfc4c01c3ccd2dd514a2';
UPDATE `ci_sessions` SET `timestamp` = 1739680371, `data` = '__ci_last_regenerate|i:1739680371;captcha|s:4:\"1hv1\";'
WHERE `id` = '236704e96cf84db9f76c23e964dc70d7b6b5da3c';
INSERT INTO `login_history` (`user_id`, `device`, `ip_address`, `date`) VALUES ('O94ZPY', 'Mozilla/5.0 (iPhone; CPU iPhone OS 18_3_1 like Mac OS X) AppleWebKit/605.1.15 (KHTML, like Gecko) Version/18.3 Mobile/15E148 Safari/604.1', '172.70.54.74', '25-02-15 22:34');
UPDATE `user_registration` SET `popup_seen` = 'yes'
WHERE `user_id` = 'O94ZPY';
UPDATE `ci_sessions` SET `timestamp` = 1739685084, `data` = '__ci_last_regenerate|i:1739685084;id|s:4:\"2144\";user_id|s:6:\"7BQJK5\";username|s:7:\"TRAVEL1\";sponsor_id|s:6:\"QJ5U9C\";fullname|s:14:\"YANARA PENABAD\";email|s:20:\"YPENABAD@HOTMAIL.COM\";phone|s:10:\"7867153304\";isLogIn|b:1;'
WHERE `id` = '819acae82c0a3614c97ebcf198341ce48665d0e1';
INSERT INTO `cron_job_history` (`name`, `date_started`, `status`) VALUES ('backup', '2025-02-16 00:00:01', 'started');
UPDATE `cron_job_history` SET `status` = 'done', `date_end` = '2025-02-16 00:00:01'
WHERE `id` = 202;
INSERT INTO `cron_job_history` (`name`, `date_started`, `status`) VALUES ('deduct_sub_amt_from_ewallet', '2025-02-16 00:05:01', 'started');
UPDATE `cron_job_history` SET `status` = 'done', `date_end` = '2025-02-16 00:05:01'
WHERE `id` = 203;
UPDATE `ci_sessions` SET `timestamp` = 1739686917, `data` = '__ci_last_regenerate|i:1739686917;id|s:4:\"2144\";user_id|s:6:\"7BQJK5\";username|s:7:\"TRAVEL1\";sponsor_id|s:6:\"QJ5U9C\";fullname|s:14:\"YANARA PENABAD\";email|s:20:\"YPENABAD@HOTMAIL.COM\";phone|s:10:\"7867153304\";isLogIn|b:1;message|s:29:\"Request Accessed Successfully\";__ci_vars|a:1:{s:7:\"message\";s:3:\"old\";}'
WHERE `id` = '8e098fcad9e802d88383d5ee451a1a8d5f50f243';
UPDATE `user_registration` SET `popup_seen` = 'yes'
WHERE `user_id` = '7BQJK5';
UPDATE `user_registration` SET `popup_seen` = 'yes'
WHERE `user_id` = '7BQJK5';
UPDATE `user_registration` SET `popup_seen` = 'yes'
WHERE `user_id` = '7BQJK5';
UPDATE `user_registration` SET `popup_seen` = 'yes'
WHERE `user_id` = '7BQJK5';
UPDATE `user_registration` SET `popup_seen` = 'no'
WHERE `user_id` = '7BQJK5';
DELETE FROM `ci_sessions`
WHERE `id` = '8d2a98e76c8907938e78c4eeb77670f51e366165';
INSERT INTO `login_history` (`user_id`, `device`, `ip_address`, `date`) VALUES ('JIL8K9', 'Mozilla/5.0 (iPhone; CPU iPhone OS 18_3_1 like Mac OS X) AppleWebKit/605.1.15 (KHTML, like Gecko) Version/18.3 Mobile/15E148 Safari/604.1', '108.162.212.14', '25-02-16 01:34');
UPDATE `user_registration` SET `popup_seen` = 'yes'
WHERE `user_id` = 'JIL8K9';
UPDATE `user_registration` SET `default_leg` = 'left'
WHERE `user_id` = 'JIL8K9';
UPDATE `user_registration` SET `popup_seen` = 'yes'
WHERE `user_id` = 'JIL8K9';
UPDATE `user_registration` SET `popup_seen` = 'yes'
WHERE `user_id` = 'JIL8K9';
UPDATE `user_registration` SET `popup_seen` = 'yes'
WHERE `user_id` = 'JIL8K9';
UPDATE `user_registration` SET `popup_seen` = 'yes'
WHERE `user_id` = 'JIL8K9';
UPDATE `ci_sessions` SET `timestamp` = 1739691542, `data` = '__ci_last_regenerate|i:1739691542;id|s:4:\"2072\";user_id|s:6:\"JIL8K9\";username|s:9:\"Daysi1970\";sponsor_id|s:6:\"U7SMZ8\";fullname|s:15:\"Daysi Chavarria\";email|s:20:\"urquia0831@gmail.com\";phone|s:10:\"3055707872\";isLogIn|b:1;'
WHERE `id` = 'ddb6a27e881409a7e5d93f98a715e159d37e4efd';
UPDATE `user_registration` SET `popup_seen` = 'yes'
WHERE `user_id` = 'JIL8K9';
INSERT INTO `login_history` (`user_id`, `device`, `ip_address`, `date`) VALUES ('UQO7EQ', 'Mozilla/5.0 (Linux; Android 10; K) AppleWebKit/537.36 (KHTML, like Gecko) Chrome/131.0.0.0 Mobile Safari/537.36', '172.70.255.193', '25-02-16 05:02');
UPDATE `user_registration` SET `popup_seen` = 'yes'
WHERE `user_id` = 'UQO7EQ';
UPDATE `user_registration` SET `popup_seen` = 'no'
WHERE `user_id` = 'UQO7EQ';
DELETE FROM `ci_sessions`
WHERE `id` = 'f8439bb3a0b0c7c32a4c1637eb80fff1a8f603b7';
INSERT INTO `login_history` (`user_id`, `device`, `ip_address`, `date`) VALUES ('K55EDD', 'Mozilla/5.0 (iPhone; CPU iPhone OS 18_3_1 like Mac OS X) AppleWebKit/605.1.15 (KHTML, like Gecko) Version/18.3 Mobile/15E148 Safari/604.1', '172.70.255.181', '25-02-16 05:29');
UPDATE `user_registration` SET `popup_seen` = 'yes'
WHERE `user_id` = 'K55EDD';
UPDATE `user_registration` SET `popup_seen` = 'yes'
WHERE `user_id` = 'K55EDD';
UPDATE `user_registration` SET `popup_seen` = 'yes'
WHERE `user_id` = 'K55EDD';
INSERT INTO `login_history` (`user_id`, `device`, `ip_address`, `date`) VALUES ('XHO8CJ', 'Mozilla/5.0 (Windows NT 10.0; Win64; x64) AppleWebKit/537.36 (KHTML, like Gecko) Chrome/133.0.0.0 Safari/537.36', '108.162.210.252', '25-02-16 07:56');
UPDATE `user_registration` SET `popup_seen` = 'yes'
WHERE `user_id` = 'XHO8CJ';
INSERT INTO `login_history` (`user_id`, `device`, `ip_address`, `date`) VALUES ('UQO7EQ', 'Mozilla/5.0 (Linux; Android 10; K) AppleWebKit/537.36 (KHTML, like Gecko) Chrome/131.0.0.0 Mobile Safari/537.36', '172.70.55.79', '25-02-16 08:48');
UPDATE `user_registration` SET `popup_seen` = 'yes'
WHERE `user_id` = 'UQO7EQ';
UPDATE `user_registration` SET `popup_seen` = 'no'
WHERE `user_id` = 'UQO7EQ';
DELETE FROM `ci_sessions`
WHERE `id` = 'b18092844aa0b850ada4d1edc7feba13eac9edb0';
INSERT INTO `login_history` (`user_id`, `device`, `ip_address`, `date`) VALUES ('44B9Y4', 'Mozilla/5.0 (X11; Linux x86_64) AppleWebKit/537.36 (KHTML, like Gecko) Chrome/132.0.0.0 Safari/537.36', '172.70.255.194', '25-02-16 08:54');
UPDATE `user_registration` SET `popup_seen` = 'yes'
WHERE `user_id` = '44B9Y4';
INSERT INTO `login_history` (`user_id`, `device`, `ip_address`, `date`) VALUES ('L2MNP5', 'Mozilla/5.0 (Windows NT 10.0; Win64; x64) AppleWebKit/537.36 (KHTML, like Gecko) Chrome/133.0.0.0 Safari/537.36', '172.70.82.191', '25-02-16 09:01');
UPDATE `user_registration` SET `popup_seen` = 'yes'
WHERE `user_id` = 'L2MNP5';
INSERT INTO `payquicker_token` (`response`, `token`, `created_time`, `expires_at`) VALUES ('{\"access_token\":\"C44C334D4C12F2F3ADDAC6537294A8A0B8C90CA1838AA2C5C876F5DE56DAA308-1\",\"expires_in\":3600,\"token_type\":\"Bearer\",\"scope\":\"api useraccount_balance useraccount_debit useraccount_invitation useraccount_payment\"}', 'C44C334D4C12F2F3ADDAC6537294A8A0B8C90CA1838AA2C5C876F5DE56DAA308-1', '2025-02-16 09:02:20', '2025-02-16 10:02:20');
UPDATE `payquicker_send_invite` SET `response` = '[{\"dateInvited\":\"2025-02-02T16:25:58Z\",\"invitationKey\":\"RwYoeOZxhvoXjc9KFQe8dhar9obA168FOKzKvQHBl6ur5blLx8W3mE6ruKgtzC8At9VhMhc33bi5tl6yh2AqSDz8C7tevPVV6wSTFU633hkdA0LJ54wf33KK2YzLxPRaRneMCOAVZVpB7GN1P1SMQdBUUWjqSZyxHWjkDxBg2suqkxyeeu0WdjdQC3gdVH2T734DSFhAOvAoIJR0ss50A94BoX1DDp8EE750L28sGfmp8dfGbfR5fuMFiSeWfvJ5\",\"invitationStatus\":\"InvitationStatusType_Used\",\"registrationStatus\":\"Completed\",\"registrationDetails\":{\"addresses\":[{\"city\":\" Miami Beach\",\"country\":\"USA\",\"postalCode\":\"33139\",\"region\":\"Florida\",\"streetAddress1\":\"801 South Pointe Drive\",\"created\":\"0001-01-01T00:00:00Z\",\"type\":\"AddressType_Residential\"}],\"fundingAccountPublicId\":\"4e84a85ac47e46639c648f932d48fdf0\",\"issuePlasticCard\":true,\"notifyUser\":true,\"userDetails\":{\"emailAddress\":\"caimandelcaribe1964@gmail.com\",\"firstName\":\"Leonardo\",\"lastName\":\"Camacho Oviedo\",\"userCompanyAssignedUniqueKey\":\"LCOMiamikBlR\"}}}]', `date` = '2025-02-16 09:02:21';
UPDATE `payment_metod_setting` SET `status` = 1
WHERE `user_id` = 'L2MNP5';
UPDATE `payquicker_send_invite` SET `response` = '[{\"dateInvited\":\"2025-02-02T16:25:58Z\",\"invitationKey\":\"RwYoeOZxhvoXjc9KFQe8dhar9obA168FOKzKvQHBl6ur5blLx8W3mE6ruKgtzC8At9VhMhc33bi5tl6yh2AqSDz8C7tevPVV6wSTFU633hkdA0LJ54wf33KK2YzLxPRaRneMCOAVZVpB7GN1P1SMQdBUUWjqSZyxHWjkDxBg2suqkxyeeu0WdjdQC3gdVH2T734DSFhAOvAoIJR0ss50A94BoX1DDp8EE750L28sGfmp8dfGbfR5fuMFiSeWfvJ5\",\"invitationStatus\":\"InvitationStatusType_Used\",\"registrationStatus\":\"Completed\",\"registrationDetails\":{\"addresses\":[{\"city\":\" Miami Beach\",\"country\":\"USA\",\"postalCode\":\"33139\",\"region\":\"Florida\",\"streetAddress1\":\"801 South Pointe Drive\",\"created\":\"0001-01-01T00:00:00Z\",\"type\":\"AddressType_Residential\"}],\"fundingAccountPublicId\":\"4e84a85ac47e46639c648f932d48fdf0\",\"issuePlasticCard\":true,\"notifyUser\":true,\"userDetails\":{\"emailAddress\":\"caimandelcaribe1964@gmail.com\",\"firstName\":\"Leonardo\",\"lastName\":\"Camacho Oviedo\",\"userCompanyAssignedUniqueKey\":\"LCOMiamikBlR\"}}}]', `date` = '2025-02-16 09:02:44';
UPDATE `payment_metod_setting` SET `status` = 1
WHERE `user_id` = 'L2MNP5';
UPDATE `ci_sessions` SET `timestamp` = 1739718721, `data` = '__ci_last_regenerate|i:1739718721;id|s:4:\"2059\";user_id|s:6:\"L2MNP5\";username|s:8:\"LCOMiami\";sponsor_id|s:6:\"K55EDD\";fullname|s:23:\"Leonardo Camacho Oviedo\";email|s:29:\"caimandelcaribe1964@gmail.com\";phone|s:10:\"9082908827\";isLogIn|b:1;message|s:39:\"Successfully checked the signup status!\";__ci_vars|a:1:{s:7:\"message\";s:3:\"old\";}'
WHERE `id` = 'ff1d8c33cd7fd83185f48b1a0600cb8d499176cc';
INSERT INTO `login_history` (`user_id`, `device`, `ip_address`, `date`) VALUES ('U7SMZ8', 'Mozilla/5.0 (Macintosh; Intel Mac OS X 10_15_7) AppleWebKit/605.1.15 (KHTML, like Gecko) Version/17.6 Safari/605.1.15', '172.71.156.142', '25-02-16 09:13');
UPDATE `user_registration` SET `popup_seen` = 'yes'
WHERE `user_id` = 'U7SMZ8';
UPDATE `user_registration` SET `popup_seen` = 'yes'
WHERE `user_id` = 'L2MNP5';
UPDATE `user_registration` SET `popup_seen` = 'yes'
WHERE `user_id` = 'L2MNP5';
UPDATE `user_registration` SET `popup_seen` = 'yes'
WHERE `user_id` = 'L2MNP5';
UPDATE `user_registration` SET `popup_seen` = 'yes'
WHERE `user_id` = 'L2MNP5';
UPDATE `user_registration` SET `popup_seen` = 'yes'
WHERE `user_id` = 'L2MNP5';
UPDATE `ci_sessions` SET `timestamp` = 1739719023, `data` = '__ci_last_regenerate|i:1739719023;id|s:4:\"2059\";user_id|s:6:\"L2MNP5\";username|s:8:\"LCOMiami\";sponsor_id|s:6:\"K55EDD\";fullname|s:23:\"Leonardo Camacho Oviedo\";email|s:29:\"caimandelcaribe1964@gmail.com\";phone|s:10:\"9082908827\";isLogIn|b:1;'
WHERE `id` = '0ab2de4648ec447470ad3b0220eb124d905d0194';
UPDATE `user_registration` SET `popup_seen` = 'no'
WHERE `user_id` = 'L2MNP5';
DELETE FROM `ci_sessions`
WHERE `id` = 'b79eee252f6fb6d882995fe70a8834b878210c31';
UPDATE `ci_sessions` SET `timestamp` = 1739720085, `data` = '__ci_last_regenerate|i:1739720085;id|s:4:\"2061\";user_id|s:6:\"U7SMZ8\";username|s:6:\"Clau66\";sponsor_id|s:6:\"UQO7EQ\";fullname|s:14:\"Claudia Pisana\";email|s:21:\"claujor06@hotmail.com\";phone|s:10:\"7863843449\";isLogIn|b:1;'
WHERE `id` = '6f42ecec457450c9c8928b06b9cf55fb73112677';
UPDATE `user_registration` SET `popup_seen` = 'yes'
WHERE `user_id` = 'U7SMZ8';
UPDATE `user_registration` SET `popup_seen` = 'yes'
WHERE `user_id` = 'U7SMZ8';
UPDATE `user_registration` SET `popup_seen` = 'yes'
WHERE `user_id` = 'U7SMZ8';
INSERT INTO `login_history` (`user_id`, `device`, `ip_address`, `date`) VALUES ('JHRDHS', 'Mozilla/5.0 (iPhone; CPU iPhone OS 18_3_1 like Mac OS X) AppleWebKit/605.1.15 (KHTML, like Gecko) Version/18.3 Mobile/15E148 Safari/604.1', '172.70.83.11', '25-02-16 09:39');
UPDATE `user_registration` SET `popup_seen` = 'yes'
WHERE `user_id` = 'JHRDHS';
UPDATE `ci_sessions` SET `timestamp` = 1739720643, `data` = '__ci_last_regenerate|i:1739720643;id|s:4:\"2061\";user_id|s:6:\"U7SMZ8\";username|s:6:\"Clau66\";sponsor_id|s:6:\"UQO7EQ\";fullname|s:14:\"Claudia Pisana\";email|s:21:\"claujor06@hotmail.com\";phone|s:10:\"7863843449\";isLogIn|b:1;'
WHERE `id` = 'e7ff11bf39e0b5e4752f580163eabfe5da22dfc2';
UPDATE `user_registration` SET `popup_seen` = 'no'
WHERE `user_id` = 'U7SMZ8';
DELETE FROM `ci_sessions`
WHERE `id` = 'd4c6bf5d8b7ee4aa4cc2ae178127a42681716dd2';
INSERT INTO `login_history` (`user_id`, `device`, `ip_address`, `date`) VALUES ('QJ5U9C', 'Mozilla/5.0 (Windows NT 10.0; Win64; x64) AppleWebKit/537.36 (KHTML, like Gecko) Chrome/133.0.0.0 Safari/537.36 Edg/133.0.0.0', '108.162.210.239', '25-02-16 10:03');
UPDATE `user_registration` SET `popup_seen` = 'yes'
WHERE `user_id` = 'QJ5U9C';
UPDATE `user_registration` SET `popup_seen` = 'no'
WHERE `user_id` = 'QJ5U9C';
DELETE FROM `ci_sessions`
WHERE `id` = '2ec3da81bf39ca5efb2b2f0037bdc68577cea5c2';
INSERT INTO `login_history` (`user_id`, `device`, `ip_address`, `date`) VALUES ('2RSJNO', 'Mozilla/5.0 (Windows NT 10.0; Win64; x64) AppleWebKit/537.36 (KHTML, like Gecko) Chrome/130.0.0.0 Safari/537.36', '172.70.254.2', '25-02-16 10:08');
UPDATE `user_registration` SET `popup_seen` = 'yes'
WHERE `user_id` = '2RSJNO';
INSERT INTO `login_history` (`user_id`, `device`, `ip_address`, `date`) VALUES ('PUJNHI', 'Mozilla/5.0 (Windows NT 10.0; Win64; x64) AppleWebKit/537.36 (KHTML, like Gecko) Chrome/133.0.0.0 Safari/537.36', '172.70.54.245', '25-02-16 10:08');
UPDATE `user_registration` SET `popup_seen` = 'yes'
WHERE `user_id` = 'PUJNHI';
UPDATE `user_registration` SET `popup_seen` = 'yes'
WHERE `user_id` = 'PUJNHI';
UPDATE `ci_sessions` SET `timestamp` = 1739722646, `data` = '__ci_last_regenerate|i:1739722646;id|s:4:\"2190\";user_id|s:6:\"2RSJNO\";username|s:8:\"yoel0221\";sponsor_id|s:6:\"QJ5U9C\";fullname|s:16:\"Yoel Ramos Gomez\";email|s:19:\"yoel21272@gmail.com\";phone|s:10:\"3053050150\";isLogIn|b:1;'
WHERE `id` = '81e9f6d6c02cffaa81fbcda7c4ede39f516dc35f';
UPDATE `ci_sessions` SET `timestamp` = 1739722690, `data` = '__ci_last_regenerate|i:1739722690;id|s:4:\"2071\";user_id|s:6:\"JHRDHS\";username|s:7:\"mbecena\";sponsor_id|s:6:\"CVVK4C\";fullname|s:12:\"Maria Becena\";email|s:21:\"mbecena@bellsouth.net\";phone|s:10:\"7862360387\";isLogIn|b:1;message|s:20:\"Welcome Maria Becena\";__ci_vars|a:1:{s:7:\"message\";s:3:\"old\";}'
WHERE `id` = '406dedd72d1b32a12f785c60fe9eb12ef76fe249';
UPDATE `user_registration` SET `popup_seen` = 'yes'
WHERE `user_id` = 'JHRDHS';
INSERT INTO `login_history` (`user_id`, `device`, `ip_address`, `date`) VALUES ('UQO7EQ', 'Mozilla/5.0 (Windows NT 10.0; Win64; x64) AppleWebKit/537.36 (KHTML, like Gecko) Chrome/133.0.0.0 Safari/537.36', '172.70.255.193', '25-02-16 10:25');
UPDATE `user_registration` SET `popup_seen` = 'yes'
WHERE `user_id` = 'UQO7EQ';
UPDATE `user_registration` SET `popup_seen` = 'yes'
WHERE `user_id` = 'UQO7EQ';
UPDATE `user_registration` SET `popup_seen` = 'no'
WHERE `user_id` = 'UQO7EQ';
DELETE FROM `ci_sessions`
WHERE `id` = '06549b4c7b065766758e16b65999b6ce01e6d35d';
UPDATE `ci_sessions` SET `timestamp` = 1739725809, `data` = '__ci_last_regenerate|i:1739725809;captcha|s:4:\"uak7\";'
WHERE `id` = '6856833414717b7c00c318af6df27f7806a552d2';
INSERT INTO `login_history` (`user_id`, `device`, `ip_address`, `date`) VALUES ('UQO7EQ', 'Mozilla/5.0 (Windows NT 10.0; Win64; x64) AppleWebKit/537.36 (KHTML, like Gecko) Chrome/133.0.0.0 Safari/537.36', '172.70.82.168', '25-02-16 11:10');
UPDATE `user_registration` SET `popup_seen` = 'yes'
WHERE `user_id` = 'UQO7EQ';
UPDATE `user_registration` SET `popup_seen` = 'no'
WHERE `user_id` = 'UQO7EQ';
DELETE FROM `ci_sessions`
WHERE `id` = '362179202dfb189f1db92ac96372444a1f4a5364';
UPDATE `admin` SET `last_login` = '2025-02-16 11:30:46', `ip_address` = '172.64.237.18'
WHERE `id` = '1';
UPDATE `ci_sessions` SET `timestamp` = 1739727834, `data` = '__ci_last_regenerate|i:1739727834;captcha|s:4:\"kbz2\";'
WHERE `id` = '1fe7a52aa0afa46d501676f8e754ba4b3e60aa13';
INSERT INTO `login_history` (`user_id`, `device`, `ip_address`, `date`) VALUES ('BUWYXW', 'Mozilla/5.0 (Macintosh; Intel Mac OS X 10_15_7) AppleWebKit/605.1.15 (KHTML, like Gecko) Version/17.10 Safari/605.1.15', '172.70.255.181', '25-02-16 11:43');
UPDATE `user_registration` SET `popup_seen` = 'yes'
WHERE `user_id` = 'BUWYXW';
UPDATE `ci_sessions` SET `timestamp` = 1739728238, `data` = '__ci_last_regenerate|i:1739728238;id|s:4:\"2115\";user_id|s:6:\"BUWYXW\";username|s:8:\"Splash99\";sponsor_id|s:6:\"JHRDHS\";fullname|s:16:\"Raquel Salgueiro\";email|s:19:\"maracas46@yahoo.com\";phone|s:10:\"3054097382\";isLogIn|b:1;'
WHERE `id` = 'f84a7025233c7ebdfdca34f48f062ca453139d49';
UPDATE `user_registration` SET `popup_seen` = 'no'
WHERE `user_id` = 'BUWYXW';
DELETE FROM `ci_sessions`
WHERE `id` = '0fe9d43166063db8509e9257f897c731f1e10917';
INSERT INTO `login_history` (`user_id`, `device`, `ip_address`, `date`) VALUES ('K55EDD', 'Mozilla/5.0 (iPhone; CPU iPhone OS 18_3_1 like Mac OS X) AppleWebKit/605.1.15 (KHTML, like Gecko) Version/18.3 Mobile/15E148 Safari/604.1', '172.70.55.101', '25-02-16 16:02');
UPDATE `user_registration` SET `popup_seen` = 'yes'
WHERE `user_id` = 'K55EDD';
INSERT INTO `login_history` (`user_id`, `device`, `ip_address`, `date`) VALUES ('UQO7EQ', 'Mozilla/5.0 (Linux; Android 10; K) AppleWebKit/537.36 (KHTML, like Gecko) Chrome/131.0.0.0 Mobile Safari/537.36', '172.69.132.224', '25-02-16 16:59');
UPDATE `user_registration` SET `popup_seen` = 'yes'
WHERE `user_id` = 'UQO7EQ';
UPDATE `user_registration` SET `popup_seen` = 'no'
WHERE `user_id` = 'UQO7EQ';
DELETE FROM `ci_sessions`
WHERE `id` = 'b55075099eacf7624eee545ac9a1b2134924dc61';
INSERT INTO `login_history` (`user_id`, `device`, `ip_address`, `date`) VALUES ('IYCRUH', 'Mozilla/5.0 (Macintosh; Intel Mac OS X 10_15_7) AppleWebKit/605.1.15 (KHTML, like Gecko) Version/17.6 Safari/605.1.15', '172.70.82.149', '25-02-16 17:30');
UPDATE `user_registration` SET `popup_seen` = 'yes'
WHERE `user_id` = 'IYCRUH';
UPDATE `user_registration` SET `default_leg` = 'left'
WHERE `user_id` = 'IYCRUH';
UPDATE `user_registration` SET `language` = 'spanish'
WHERE `user_id` = 'IYCRUH';
UPDATE `ci_sessions` SET `timestamp` = 1739749223, `data` = '__ci_last_regenerate|i:1739749223;id|s:4:\"2192\";user_id|s:6:\"IYCRUH\";username|s:11:\"CARMENTMORA\";sponsor_id|s:6:\"QJ5U9C\";fullname|s:13:\"Carmen T Mora\";email|s:24:\"rosioesmeralda@yahoo.com\";phone|s:10:\"7869708716\";isLogIn|b:1;'
WHERE `id` = '6210c8f94b572ab66c2799fe73b81751cfef9f4a';
INSERT INTO `temp_register` (`post_data`, `date`, `payment_method`, `type`) VALUES ('{\"uid\":\"2194\",\"user_id\":\"LUOTZ5\",\"username\":\"ramonfernandez\",\"sponsor_id\":\"IYCRUH\",\"vacant\":\"no\",\"f_name\":\"Ramon\",\"l_name\":\"Fernandez\",\"position\":\"left\",\"email\":\"ramonfernandez039@gmail.com\",\"password\":\"b84ec6e12742223145ea70f2047be403\",\"phone\":\"7863780644\",\"country\":\"United States\",\"state\":\"Florida\",\"city\":\"Miami Gardens\",\"street\":\"20040 nw 3 rd Ct\",\"zip_code\":\"33169\",\"reg_ip\":\"172.70.255.194\",\"status\":1,\"package_id\":\"2\",\"rank_id\":1,\"highest_rank\":1,\"cycle_rank_id\":1,\"created\":\"2025-02-16 17:40:23\",\"subscription_date\":\"2025-03-18\",\"google_secret\":\"YBL2IQRB4FCLTOKL\"}', '2025-02-16 17:40:23', 'stripe', 'register');
UPDATE `temp_register` SET `response` = '{\"stripeToken\":\"tok_1QtHUG2NUoYUjiuuTvJy5wwa\",\"stripeTokenType\":\"card\",\"stripeEmail\":\"ramonfernandez039@gmail.com\"}', `date_modified` = '2025-02-16 17:43:06', `payment_status` = '{\"id\":\"ch_3QtHUL2NUoYUjiuu0NePbkqu\",\"object\":\"charge\",\"amount\":59500,\"amount_captured\":59500,\"amount_refunded\":0,\"application\":null,\"application_fee\":null,\"application_fee_amount\":null,\"balance_transaction\":\"txn_3QtHUL2NUoYUjiuu0hm3QnvN\",\"billing_details\":{\"address\":{\"city\":null,\"country\":null,\"line1\":null,\"line2\":null,\"postal_code\":null,\"state\":null},\"email\":null,\"name\":\"ramonfernandez039@gmail.com\",\"phone\":null},\"calculated_statement_descriptor\":\"TRAVELEGENDCY LLC\",\"captured\":true,\"created\":1739749385,\"currency\":\"usd\",\"customer\":\"cus_RmrC9eaduhADMc\",\"description\":null,\"destination\":null,\"dispute\":null,\"disputed\":false,\"failure_balance_transaction\":null,\"failure_code\":null,\"failure_message\":null,\"fraud_details\":[],\"invoice\":null,\"livemode\":true,\"metadata\":{\"name\":\"Ramon Fernandez\",\"username\":\"ramonfernandez\"},\"on_behalf_of\":null,\"order\":null,\"outcome\":{\"advice_code\":null,\"network_advice_code\":null,\"network_decline_code\":null,\"network_status\":\"approved_by_network\",\"reason\":null,\"risk_level\":\"normal\",\"seller_message\":\"Payment complete.\",\"type\":\"authorized\"},\"paid\":true,\"payment_intent\":null,\"payment_method\":\"card_1QtHUG2NUoYUjiuupMlR1Spo\",\"payment_method_details\":{\"card\":{\"amount_authorized\":59500,\"authorization_code\":\"62397W\",\"brand\":\"mastercard\",\"checks\":{\"address_line1_check\":null,\"address_postal_code_check\":null,\"cvc_check\":\"pass\"},\"country\":\"US\",\"exp_month\":3,\"exp_year\":2029,\"extended_authorization\":{\"status\":\"disabled\"},\"fingerprint\":\"gZnrTcgwMUaFUe0L\",\"funding\":\"credit\",\"incremental_authorization\":{\"status\":\"unavailable\"},\"installments\":null,\"last4\":\"8668\",\"mandate\":null,\"multicapture\":{\"status\":\"unavailable\"},\"network\":\"mastercard\",\"network_token\":{\"used\":false},\"network_transaction_id\":\"MWEFREQRN0216\",\"overcapture\":{\"maximum_amount_capturable\":59500,\"status\":\"unavailable\"},\"regulated_status\":\"unregulated\",\"three_d_secure\":null,\"wallet\":null},\"type\":\"card\"},\"receipt_email\":null,\"receipt_number\":null,\"receipt_url\":\"https:\\/\\/pay.stripe.com\\/receipts\\/payment\\/CAcQARoXChVhY2N0XzFRUEFGdjJOVW9ZVWppdXUoi_DJvQYyBhFzKJvKXzosFn4Zm8CTCQRHtkE1NhKXHahXlS0D9BRCV_7Wy3-h5Fn3B7Tfu5fe5q4bA7w\",\"refunded\":false,\"review\":null,\"shipping\":null,\"source\":{\"id\":\"card_1QtHUG2NUoYUjiuupMlR1Spo\",\"object\":\"card\",\"address_city\":null,\"address_country\":null,\"address_line1\":null,\"address_line1_check\":null,\"address_line2\":null,\"address_state\":null,\"address_zip\":null,\"address_zip_check\":null,\"allow_redisplay\":\"unspecified\",\"brand\":\"MasterCard\",\"country\":\"US\",\"customer\":\"cus_RmrC9eaduhADMc\",\"cvc_check\":\"pass\",\"dynamic_last4\":null,\"exp_month\":3,\"exp_year\":2029,\"fingerprint\":\"gZnrTcgwMUaFUe0L\",\"funding\":\"credit\",\"last4\":\"8668\",\"metadata\":[],\"name\":\"ramonfernandez039@gmail.com\",\"regulated_status\":\"unregulated\",\"tokenization_method\":null,\"wallet\":null},\"source_transfer\":null,\"statement_descriptor\":null,\"statement_descriptor_suffix\":null,\"status\":\"succeeded\",\"transfer_data\":null,\"transfer_group\":null}'
WHERE `id` = 117;
UPDATE `user_registration` SET `uid` = '2194', `user_id` = 'LUOTZ5', `username` = 'ramonfernandez', `sponsor_id` = 'IYCRUH', `vacant` = 'no', `f_name` = 'Ramon', `l_name` = 'Fernandez', `position` = 'left', `email` = 'ramonfernandez039@gmail.com', `password` = 'b84ec6e12742223145ea70f2047be403', `phone` = '7863780644', `country` = 'United States', `state` = 'Florida', `city` = 'Miami Gardens', `street` = '20040 nw 3 rd Ct', `zip_code` = '33169', `reg_ip` = '172.70.255.194', `status` = 1, `package_id` = '2', `rank_id` = 1, `highest_rank` = 1, `cycle_rank_id` = 1, `created` = '2025-02-16 17:40:23', `subscription_date` = '2025-03-18', `google_secret` = 'YBL2IQRB4FCLTOKL'
WHERE `uid` = '2194';
INSERT INTO `user_registration` (`uid`, `user_id`, `username`, `sponsor_id`, `placement_id`, `vacant`, `f_name`, `l_name`, `address`, `position`, `email`, `password`, `phone`, `reg_ip`, `status`, `created`) VALUES (NULL, 'XWHACM', 'etPMOxxH', 'LUOTZ5', 'LUOTZ5', 'yes', '', '', '', 'left', '@mail.com', '', '', '', 0, '2025-02-16 17:43:06');
INSERT INTO `user_registration` (`uid`, `user_id`, `username`, `sponsor_id`, `placement_id`, `vacant`, `f_name`, `l_name`, `address`, `position`, `email`, `password`, `phone`, `reg_ip`, `status`, `created`) VALUES (NULL, 'DJUDHH', 'zyTkIufJ', 'LUOTZ5', 'LUOTZ5', 'yes', '', '', '', 'right', '@mail.com', '', '', '', 0, '2025-02-16 17:43:06');
INSERT INTO `bv_updation` (`user_id`) VALUES ('LUOTZ5');
UPDATE `user_registration` SET total_ref_count = total_ref_count+1
WHERE `user_id` = 'IYCRUH';
UPDATE `user_registration` SET total_downlines = total_downlines+1
WHERE `user_id` = 'IYCRUH';
UPDATE `user_registration` SET left_downlines = left_downlines+1
WHERE `user_id` = 'IYCRUH';
UPDATE `user_registration` SET left_ref_count = left_ref_count+1
WHERE `user_id` = 'IYCRUH';
UPDATE `user_registration` SET active_left = active_left+1
WHERE `user_id` = 'IYCRUH';
UPDATE `user_registration` SET total_downlines = total_downlines+1
WHERE `user_id` = '2RSJNO';
UPDATE `user_registration` SET left_downlines = left_downlines+1
WHERE `user_id` = '2RSJNO';
UPDATE `user_registration` SET total_downlines = total_downlines+1
WHERE `user_id` = 'ETPYLQ';
UPDATE `user_registration` SET left_downlines = left_downlines+1
WHERE `user_id` = 'ETPYLQ';
UPDATE `user_registration` SET total_downlines = total_downlines+1
WHERE `user_id` = 'M2XFK7';
UPDATE `user_registration` SET left_downlines = left_downlines+1
WHERE `user_id` = 'M2XFK7';
UPDATE `user_registration` SET total_downlines = total_downlines+1
WHERE `user_id` = '7BQJK5';
UPDATE `user_registration` SET left_downlines = left_downlines+1
WHERE `user_id` = '7BQJK5';
UPDATE `user_registration` SET total_downlines = total_downlines+1
WHERE `user_id` = 'QJ5U9C';
UPDATE `user_registration` SET left_downlines = left_downlines+1
WHERE `user_id` = 'QJ5U9C';
UPDATE `user_registration` SET total_downlines = total_downlines+1
WHERE `user_id` = 'O94ZPY';
UPDATE `user_registration` SET left_downlines = left_downlines+1
WHERE `user_id` = 'O94ZPY';
UPDATE `user_registration` SET total_downlines = total_downlines+1
WHERE `user_id` = 'JHRDHS';
UPDATE `user_registration` SET right_downlines = right_downlines+1
WHERE `user_id` = 'JHRDHS';
UPDATE `user_registration` SET total_downlines = total_downlines+1
WHERE `user_id` = 'CVVK4C';
UPDATE `user_registration` SET right_downlines = right_downlines+1
WHERE `user_id` = 'CVVK4C';
UPDATE `user_registration` SET total_downlines = total_downlines+1
WHERE `user_id` = 'K55EDD';
UPDATE `user_registration` SET left_downlines = left_downlines+1
WHERE `user_id` = 'K55EDD';
UPDATE `user_registration` SET total_downlines = total_downlines+1
WHERE `user_id` = 'UQO7EQ';
UPDATE `user_registration` SET left_downlines = left_downlines+1
WHERE `user_id` = 'UQO7EQ';
UPDATE `user_registration` SET total_downlines = total_downlines+1
WHERE `user_id` = 'N6GZAE';
UPDATE `user_registration` SET left_downlines = left_downlines+1
WHERE `user_id` = 'N6GZAE';
UPDATE `user_registration` SET total_downlines = total_downlines+1
WHERE `user_id` = '4E1CRI';
UPDATE `user_registration` SET left_downlines = left_downlines+1
WHERE `user_id` = '4E1CRI';
UPDATE `user_registration` SET total_downlines = total_downlines+1
WHERE `user_id` = 'SJBNYJ';
UPDATE `user_registration` SET left_downlines = left_downlines+1
WHERE `user_id` = 'SJBNYJ';
UPDATE `user_registration` SET total_downlines = total_downlines+1
WHERE `user_id` = '44B9Y4';
UPDATE `user_registration` SET left_downlines = left_downlines+1
WHERE `user_id` = '44B9Y4';
UPDATE `user_registration` SET total_downlines = total_downlines+1
WHERE `user_id` = 'admin';
UPDATE `user_registration` SET right_downlines = right_downlines+1
WHERE `user_id` = 'admin';
INSERT INTO `investment` (`invest_date`, `user_id`, `type`, `amount`, `package_id`) VALUES ('2025-02-16 17:43:06', 'LUOTZ5', 'register', '595', '2');
INSERT INTO `earnings` (`user_id`, `Purchaser_id`, `earning_type`, `package_id`, `amount`, `date`, `comments`, `invest_amount`, `comm_perc`, `level`, `rank_id`, `order_id`) VALUES ('IYCRUH', 'LUOTZ5', 'Direct Referral Bonus', '2', '100', '2025-02-16 17:43:06', 'Direct Referral Bonus', 0, 0, 1, '', 93);
UPDATE `user_registration` SET commission_balance = ROUND(commission_balance + 100,2)
WHERE `user_id` = 'IYCRUH';
UPDATE `user_registration` SET referral_bonus = ROUND(referral_bonus + 100,2)
WHERE `user_id` = 'IYCRUH';
UPDATE `user_registration` SET total_points = ROUND(total_points + 50,2)
WHERE `user_id` = 'LUOTZ5';
INSERT INTO `points_history` (`user_id`, `points`, `type`, `date`) VALUES ('LUOTZ5', '50', 'register', '2025-02-16 17:43:');
INSERT INTO `matrix_filling` (`placement_id`, `downline_id`, `level`, `matrix`) VALUES ('IYCRUH', 'LUOTZ5', 1, 1);
UPDATE `bv_updation` SET left_carry = left_carry+50, total_left = total_left+50
WHERE `user_id` = 'IYCRUH';
INSERT INTO `placement_bv_update_history` (`left_carry`, `date`, `from_id`, `user_id`) VALUES ('50', '2025-02-16 17:43:06', 'LUOTZ5', 'IYCRUH');
UPDATE `bv_updation` SET sponsor_left_carry = sponsor_left_carry+50, sponsor_total_left = sponsor_total_left+50
WHERE `user_id` = 'IYCRUH';
INSERT INTO `sponsor_bv_update_history` (`left_carry`, `date`, `user_id`) VALUES ('50', '2025-02-16 17:43:06', 'IYCRUH');
INSERT INTO `matrix_filling` (`placement_id`, `downline_id`, `level`, `matrix`) VALUES ('2RSJNO', 'LUOTZ5', 2, 1);
UPDATE `bv_updation` SET left_carry = left_carry+50, total_left = total_left+50
WHERE `user_id` = '2RSJNO';
INSERT INTO `placement_bv_update_history` (`left_carry`, `date`, `from_id`, `user_id`) VALUES ('50', '2025-02-16 17:43:06', 'LUOTZ5', '2RSJNO');
INSERT INTO `matrix_filling` (`placement_id`, `downline_id`, `level`, `matrix`) VALUES ('ETPYLQ', 'LUOTZ5', 3, 1);
UPDATE `bv_updation` SET left_carry = left_carry+50, total_left = total_left+50
WHERE `user_id` = 'ETPYLQ';
INSERT INTO `placement_bv_update_history` (`left_carry`, `date`, `from_id`, `user_id`) VALUES ('50', '2025-02-16 17:43:06', 'LUOTZ5', 'ETPYLQ');
INSERT INTO `matrix_filling` (`placement_id`, `downline_id`, `level`, `matrix`) VALUES ('M2XFK7', 'LUOTZ5', 4, 1);
UPDATE `bv_updation` SET left_carry = left_carry+50, total_left = total_left+50
WHERE `user_id` = 'M2XFK7';
INSERT INTO `placement_bv_update_history` (`left_carry`, `date`, `from_id`, `user_id`) VALUES ('50', '2025-02-16 17:43:06', 'LUOTZ5', 'M2XFK7');
INSERT INTO `matrix_filling` (`placement_id`, `downline_id`, `level`, `matrix`) VALUES ('7BQJK5', 'LUOTZ5', 5, 1);
UPDATE `bv_updation` SET left_carry = left_carry+50, total_left = total_left+50
WHERE `user_id` = '7BQJK5';
INSERT INTO `placement_bv_update_history` (`left_carry`, `date`, `from_id`, `user_id`) VALUES ('50', '2025-02-16 17:43:06', 'LUOTZ5', '7BQJK5');
INSERT INTO `matrix_filling` (`placement_id`, `downline_id`, `level`, `matrix`) VALUES ('QJ5U9C', 'LUOTZ5', 6, 1);
UPDATE `bv_updation` SET left_carry = left_carry+50, total_left = total_left+50
WHERE `user_id` = 'QJ5U9C';
INSERT INTO `placement_bv_update_history` (`left_carry`, `date`, `from_id`, `user_id`) VALUES ('50', '2025-02-16 17:43:06', 'LUOTZ5', 'QJ5U9C');
INSERT INTO `matrix_filling` (`placement_id`, `downline_id`, `level`, `matrix`) VALUES ('O94ZPY', 'LUOTZ5', 7, 1);
UPDATE `bv_updation` SET left_carry = left_carry+50, total_left = total_left+50
WHERE `user_id` = 'O94ZPY';
INSERT INTO `placement_bv_update_history` (`left_carry`, `date`, `from_id`, `user_id`) VALUES ('50', '2025-02-16 17:43:06', 'LUOTZ5', 'O94ZPY');
INSERT INTO `matrix_filling` (`placement_id`, `downline_id`, `level`, `matrix`) VALUES ('JHRDHS', 'LUOTZ5', 8, 1);
UPDATE `bv_updation` SET right_carry = right_carry+50, total_right = total_right+50
WHERE `user_id` = 'JHRDHS';
INSERT INTO `placement_bv_update_history` (`right_carry`, `date`, `from_id`, `user_id`) VALUES ('50', '2025-02-16 17:43:06', 'LUOTZ5', 'JHRDHS');
INSERT INTO `matrix_filling` (`placement_id`, `downline_id`, `level`, `matrix`) VALUES ('CVVK4C', 'LUOTZ5', 9, 1);
UPDATE `bv_updation` SET right_carry = right_carry+50, total_right = total_right+50
WHERE `user_id` = 'CVVK4C';
INSERT INTO `placement_bv_update_history` (`right_carry`, `date`, `from_id`, `user_id`) VALUES ('50', '2025-02-16 17:43:06', 'LUOTZ5', 'CVVK4C');
INSERT INTO `matrix_filling` (`placement_id`, `downline_id`, `level`, `matrix`) VALUES ('K55EDD', 'LUOTZ5', 10, 1);
UPDATE `bv_updation` SET left_carry = left_carry+50, total_left = total_left+50
WHERE `user_id` = 'K55EDD';
INSERT INTO `placement_bv_update_history` (`left_carry`, `date`, `from_id`, `user_id`) VALUES ('50', '2025-02-16 17:43:06', 'LUOTZ5', 'K55EDD');
INSERT INTO `matrix_filling` (`placement_id`, `downline_id`, `level`, `matrix`) VALUES ('UQO7EQ', 'LUOTZ5', 11, 1);
UPDATE `bv_updation` SET left_carry = left_carry+50, total_left = total_left+50
WHERE `user_id` = 'UQO7EQ';
INSERT INTO `placement_bv_update_history` (`left_carry`, `date`, `from_id`, `user_id`) VALUES ('50', '2025-02-16 17:43:06', 'LUOTZ5', 'UQO7EQ');
INSERT INTO `matrix_filling` (`placement_id`, `downline_id`, `level`, `matrix`) VALUES ('N6GZAE', 'LUOTZ5', 12, 1);
UPDATE `bv_updation` SET left_carry = left_carry+50, total_left = total_left+50
WHERE `user_id` = 'N6GZAE';
INSERT INTO `placement_bv_update_history` (`left_carry`, `date`, `from_id`, `user_id`) VALUES ('50', '2025-02-16 17:43:06', 'LUOTZ5', 'N6GZAE');
INSERT INTO `matrix_filling` (`placement_id`, `downline_id`, `level`, `matrix`) VALUES ('4E1CRI', 'LUOTZ5', 13, 1);
UPDATE `bv_updation` SET left_carry = left_carry+50, total_left = total_left+50
WHERE `user_id` = '4E1CRI';
INSERT INTO `placement_bv_update_history` (`left_carry`, `date`, `from_id`, `user_id`) VALUES ('50', '2025-02-16 17:43:06', 'LUOTZ5', '4E1CRI');
INSERT INTO `matrix_filling` (`placement_id`, `downline_id`, `level`, `matrix`) VALUES ('SJBNYJ', 'LUOTZ5', 14, 1);
UPDATE `bv_updation` SET left_carry = left_carry+50, total_left = total_left+50
WHERE `user_id` = 'SJBNYJ';
INSERT INTO `placement_bv_update_history` (`left_carry`, `date`, `from_id`, `user_id`) VALUES ('50', '2025-02-16 17:43:06', 'LUOTZ5', 'SJBNYJ');
INSERT INTO `matrix_filling` (`placement_id`, `downline_id`, `level`, `matrix`) VALUES ('44B9Y4', 'LUOTZ5', 15, 1);
UPDATE `bv_updation` SET left_carry = left_carry+50, total_left = total_left+50
WHERE `user_id` = '44B9Y4';
INSERT INTO `placement_bv_update_history` (`left_carry`, `date`, `from_id`, `user_id`) VALUES ('50', '2025-02-16 17:43:06', 'LUOTZ5', '44B9Y4');
INSERT INTO `matrix_filling` (`placement_id`, `downline_id`, `level`, `matrix`) VALUES ('admin', 'LUOTZ5', 16, 1);
UPDATE `bv_updation` SET right_carry = right_carry+50, total_right = total_right+50
WHERE `user_id` = 'admin';
INSERT INTO `placement_bv_update_history` (`right_carry`, `date`, `from_id`, `user_id`) VALUES ('50', '2025-02-16 17:43:06', 'LUOTZ5', 'admin');
INSERT INTO `package_purchase_history` (`user_id`, `package_id`, `reg_fee`, `package_name`, `monthly_fee`, `type`, `date`, `payment_option`) VALUES ('LUOTZ5', '2', '595', 'Traveler Pro', '150', 'sign_up', '2025-02-16 17:43:06', 'stripe');
UPDATE `user_registration` SET `popup_seen` = 'no'
WHERE `user_id` = 'IYCRUH';
DELETE FROM `ci_sessions`
WHERE `id` = '989322977e024a386cbfb9f8167afd5f7426cc40';
UPDATE `ci_sessions` SET `timestamp` = 1739750303, `data` = '__ci_last_regenerate|i:1739750303;captcha|s:4:\"5wor\";'
WHERE `id` = '18a624fe2c8a0603c8a6dc63e0c1c5d772b6948b';
INSERT INTO `login_history` (`user_id`, `device`, `ip_address`, `date`) VALUES ('UQO7EQ', 'Mozilla/5.0 (Linux; Android 10; K) AppleWebKit/537.36 (KHTML, like Gecko) Chrome/131.0.0.0 Mobile Safari/537.36', '172.70.54.224', '25-02-16 17:58');
UPDATE `user_registration` SET `popup_seen` = 'yes'
WHERE `user_id` = 'UQO7EQ';
INSERT INTO `login_history` (`user_id`, `device`, `ip_address`, `date`) VALUES ('JHRDHS', 'Mozilla/5.0 (iPhone; CPU iPhone OS 18_3_1 like Mac OS X) AppleWebKit/605.1.15 (KHTML, like Gecko) Version/18.3 Mobile/15E148 Safari/604.1', '172.70.55.80', '25-02-16 18:03');
UPDATE `user_registration` SET `popup_seen` = 'yes'
WHERE `user_id` = 'JHRDHS';
INSERT INTO `login_history` (`user_id`, `device`, `ip_address`, `date`) VALUES ('K55EDD', 'Mozilla/5.0 (iPhone; CPU iPhone OS 18_3_1 like Mac OS X) AppleWebKit/605.1.15 (KHTML, like Gecko) Version/18.3 Mobile/15E148 Safari/604.1', '172.69.132.247', '25-02-16 18:18');
UPDATE `user_registration` SET `popup_seen` = 'yes'
WHERE `user_id` = 'K55EDD';
UPDATE `ci_sessions` SET `timestamp` = 1739751660, `data` = '__ci_last_regenerate|i:1739751660;id|s:4:\"2071\";user_id|s:6:\"JHRDHS\";username|s:7:\"mbecena\";sponsor_id|s:6:\"CVVK4C\";fullname|s:12:\"Maria Becena\";email|s:21:\"mbecena@bellsouth.net\";phone|s:10:\"7862360387\";isLogIn|b:1;message|s:20:\"Welcome Maria Becena\";__ci_vars|a:1:{s:7:\"message\";s:3:\"old\";}'
WHERE `id` = '2f090aa5873aa9b254e8377e69cc27ca98d2e952';
UPDATE `user_registration` SET `popup_seen` = 'yes'
WHERE `user_id` = 'JHRDHS';
INSERT INTO `login_history` (`user_id`, `device`, `ip_address`, `date`) VALUES ('7BQJK5', 'Mozilla/5.0 (Windows NT 10.0; Win64; x64) AppleWebKit/537.36 (KHTML, like Gecko) Chrome/133.0.0.0 Safari/537.36 Edg/133.0.0.0', '172.70.82.169', '25-02-16 18:40');
UPDATE `user_registration` SET `popup_seen` = 'yes'
WHERE `user_id` = '7BQJK5';
UPDATE `user_registration` SET `popup_seen` = 'yes'
WHERE `user_id` = '7BQJK5';
UPDATE `ci_sessions` SET `timestamp` = 1739753428, `data` = '__ci_last_regenerate|i:1739753428;id|s:4:\"2144\";user_id|s:6:\"7BQJK5\";username|s:7:\"TRAVEL1\";sponsor_id|s:6:\"QJ5U9C\";fullname|s:14:\"YANARA PENABAD\";email|s:20:\"YPENABAD@HOTMAIL.COM\";phone|s:10:\"7867153304\";isLogIn|b:1;'
WHERE `id` = '8969c1acaf7bb05d4b5cbb7f333390ca5ac282b2';
UPDATE `ci_sessions` SET `timestamp` = 1739753744, `data` = '__ci_last_regenerate|i:1739753744;id|s:4:\"2144\";user_id|s:6:\"7BQJK5\";username|s:7:\"TRAVEL1\";sponsor_id|s:6:\"QJ5U9C\";fullname|s:14:\"YANARA PENABAD\";email|s:20:\"YPENABAD@HOTMAIL.COM\";phone|s:10:\"7867153304\";isLogIn|b:1;'
WHERE `id` = 'f83b8de09d851f39bc3618360c6eb38ee1f06276';
UPDATE `user_registration` SET `popup_seen` = 'yes'
WHERE `user_id` = '7BQJK5';
INSERT INTO `login_history` (`user_id`, `device`, `ip_address`, `date`) VALUES ('L8NRSC', 'Mozilla/5.0 (Macintosh; Intel Mac OS X 10_15_7) AppleWebKit/537.36 (KHTML, like Gecko) Chrome/132.0.0.0 Safari/537.36', '172.69.132.224', '25-02-16 19:31');
UPDATE `user_registration` SET `popup_seen` = 'yes'
WHERE `user_id` = 'L8NRSC';
UPDATE `user_registration` SET `popup_seen` = 'yes'
WHERE `user_id` = 'L8NRSC';
UPDATE `ci_sessions` SET `timestamp` = 1739756165, `data` = '__ci_last_regenerate|i:1739756165;id|s:4:\"2074\";user_id|s:6:\"L8NRSC\";username|s:6:\"ehevia\";sponsor_id|s:6:\"JHRDHS\";fullname|s:12:\"Elina  Hevia\";email|s:22:\"heviaelina17@gmail.com\";phone|s:10:\"7862615995\";isLogIn|b:1;'
WHERE `id` = '98de292a28530968ffafc1f6754670dc2d961aa1';
UPDATE `user_registration` SET `popup_seen` = 'yes'
WHERE `user_id` = 'L8NRSC';
INSERT INTO `payquicker_token` (`response`, `token`, `created_time`, `expires_at`) VALUES ('{\"access_token\":\"D5197221B3AAE76986B792AF2B083049D155138EEEEFAE4EA8474C4E1A164C90-1\",\"expires_in\":3600,\"token_type\":\"Bearer\",\"scope\":\"api useraccount_balance useraccount_debit useraccount_invitation useraccount_payment\"}', 'D5197221B3AAE76986B792AF2B083049D155138EEEEFAE4EA8474C4E1A164C90-1', '2025-02-16 19:37:38', '2025-02-16 20:37:38');
UPDATE `payquicker_send_invite` SET `response` = '[{\"dateInvited\":\"2025-01-25T13:46:43Z\",\"invitationKey\":\"qlm2jD887y7s0ykzZd3jEHiRvSea6PJMlfpmSoT9fxW2WJPUdZ2babsfRhwrmK1ij5E7OUZxpfca1gPeCPe9uyqPiL0biTLmWPNLWeAMed5wvXv7ErfjpLPkBZeJziU0x8Nwm570OQhwLUhISc6CdODii7F8tfSUC39Bg78czaBxgr00jMDoouOBLdABcBcnKhK1xCzPkYBbW9kWEdYvWDPAflEt6BrsqaAXcdJfatt8wm7kexFSzHxVUwON5w2p\",\"invitationStatus\":\"InvitationStatusType_Used\",\"registrationStatus\":\"Completed\",\"registrationDetails\":{\"addresses\":[{\"city\":\"Homestead\",\"country\":\"USA\",\"postalCode\":\"33032\",\"region\":\"Florida\",\"streetAddress1\":\"11343 sw  239 st\",\"created\":\"0001-01-01T00:00:00Z\",\"type\":\"AddressType_Residential\"}],\"fundingAccountPublicId\":\"4e84a85ac47e46639c648f932d48fdf0\",\"issuePlasticCard\":true,\"notifyUser\":true,\"userDetails\":{\"emailAddress\":\"heviaelina17@gmail.com\",\"firstName\":\"Elina\",\"lastName\":\"Hevia\",\"userCompanyAssignedUniqueKey\":\"eheviatCnh\"}}}]', `date` = '2025-02-16 19:37:39';
UPDATE `payment_metod_setting` SET `status` = 1
WHERE `user_id` = 'L8NRSC';
UPDATE `ci_sessions` SET `timestamp` = 1739756274, `data` = '__ci_last_regenerate|i:1739756274;captcha|s:4:\"l6d7\";'
WHERE `id` = 'bbc8442b4d4ad0802d3a82d465f9751b3bb558a3';
INSERT INTO `login_history` (`user_id`, `device`, `ip_address`, `date`) VALUES ('JHRDHS', 'Mozilla/5.0 (Macintosh; Intel Mac OS X 10_15_7) AppleWebKit/605.1.15 (KHTML, like Gecko) Version/17.6 Safari/605.1.15', '108.162.210.187', '25-02-16 19:39');
UPDATE `user_registration` SET `popup_seen` = 'yes'
WHERE `user_id` = 'JHRDHS';
UPDATE `ci_sessions` SET `timestamp` = 1739756700, `data` = '__ci_last_regenerate|i:1739756700;id|s:4:\"2074\";user_id|s:6:\"L8NRSC\";username|s:6:\"ehevia\";sponsor_id|s:6:\"JHRDHS\";fullname|s:12:\"Elina  Hevia\";email|s:22:\"heviaelina17@gmail.com\";phone|s:10:\"7862615995\";isLogIn|b:1;'
WHERE `id` = '617fa55edc07203157e728a087054d5b6c87366a';
UPDATE `ci_sessions` SET `timestamp` = 1739757048, `data` = '__ci_last_regenerate|i:1739757048;id|s:4:\"2074\";user_id|s:6:\"L8NRSC\";username|s:6:\"ehevia\";sponsor_id|s:6:\"JHRDHS\";fullname|s:12:\"Elina  Hevia\";email|s:22:\"heviaelina17@gmail.com\";phone|s:10:\"7862615995\";isLogIn|b:1;'
WHERE `id` = 'ba3a18b5c323bc0a1a0474869126f782498bf82b';
UPDATE `user_registration` SET `popup_seen` = 'yes'
WHERE `user_id` = 'CVVK4C';
UPDATE `ci_sessions` SET `timestamp` = 1739757331, `data` = '__ci_last_regenerate|i:1739757331;id|s:4:\"2144\";user_id|s:6:\"7BQJK5\";username|s:7:\"TRAVEL1\";sponsor_id|s:6:\"QJ5U9C\";fullname|s:14:\"YANARA PENABAD\";email|s:20:\"YPENABAD@HOTMAIL.COM\";phone|s:10:\"7867153304\";isLogIn|b:1;'
WHERE `id` = '070dc2b9189cbd1804e691c0f0e42f1e871c7d77';
UPDATE `user_registration` SET `popup_seen` = 'yes'
WHERE `user_id` = '7BQJK5';
INSERT INTO `login_history` (`user_id`, `device`, `ip_address`, `date`) VALUES ('UQO7EQ', 'Mozilla/5.0 (Windows NT 10.0; Win64; x64) AppleWebKit/537.36 (KHTML, like Gecko) Chrome/133.0.0.0 Safari/537.36', '172.70.82.169', '25-02-16 19:56');
UPDATE `user_registration` SET `popup_seen` = 'yes'
WHERE `user_id` = 'UQO7EQ';
UPDATE `user_registration` SET `popup_seen` = 'yes'
WHERE `user_id` = 'CVVK4C';
UPDATE `user_registration` SET `popup_seen` = 'yes'
WHERE `user_id` = 'UQO7EQ';
UPDATE `user_registration` SET `popup_seen` = 'no'
WHERE `user_id` = 'UQO7EQ';
DELETE FROM `ci_sessions`
WHERE `id` = 'f3277c2f19b897b9f0b2d535d6c28798d7db5bf0';
UPDATE `ci_sessions` SET `timestamp` = 1739757689, `data` = '__ci_last_regenerate|i:1739757689;id|s:4:\"2074\";user_id|s:6:\"L8NRSC\";username|s:6:\"ehevia\";sponsor_id|s:6:\"JHRDHS\";fullname|s:12:\"Elina  Hevia\";email|s:22:\"heviaelina17@gmail.com\";phone|s:10:\"7862615995\";isLogIn|b:1;'
WHERE `id` = '5acdca5ed678bd47f3d997258813c6782ac641bb';
UPDATE `user_registration` SET `popup_seen` = 'yes'
WHERE `user_id` = 'L8NRSC';
UPDATE `user_registration` SET `language` = 'english'
WHERE `user_id` = 'L8NRSC';
UPDATE `user_registration` SET `popup_seen` = 'yes'
WHERE `user_id` = 'L8NRSC';
INSERT INTO `login_history` (`user_id`, `device`, `ip_address`, `date`) VALUES ('LUOTZ5', 'Mozilla/5.0 (Linux; Android 11; SAMSUNG SM-A022M) AppleWebKit/537.36 (KHTML, like Gecko) SamsungBrowser/14.0 Chrome/87.0.4280.141 Mobile Safari/537.36', '172.70.254.95', '25-02-16 20:01');
UPDATE `user_registration` SET `popup_seen` = 'yes'
WHERE `user_id` = 'LUOTZ5';
UPDATE `user_registration` SET `language` = 'spanish'
WHERE `user_id` = 'LUOTZ5';
UPDATE `user_registration` SET `popup_seen` = 'yes'
WHERE `user_id` = 'LUOTZ5';
UPDATE `user_registration` SET `language` = 'spanish'
WHERE `user_id` = 'LUOTZ5';
UPDATE `user_registration` SET `popup_seen` = 'yes'
WHERE `user_id` = 'LUOTZ5';
UPDATE `user_registration` SET `popup_seen` = 'no'
WHERE `user_id` = 'LUOTZ5';
DELETE FROM `ci_sessions`
WHERE `id` = '1ad42fbd3804d14caa47b092fdcb0f628f1a247c';
UPDATE `ci_sessions` SET `timestamp` = 1739758040, `data` = '__ci_last_regenerate|i:1739758040;id|s:4:\"2074\";user_id|s:6:\"L8NRSC\";username|s:6:\"ehevia\";sponsor_id|s:6:\"JHRDHS\";fullname|s:12:\"Elina  Hevia\";email|s:22:\"heviaelina17@gmail.com\";phone|s:10:\"7862615995\";isLogIn|b:1;'
WHERE `id` = '2e0b3fec0edc1d78ca539cdf41760850e2379e68';
INSERT INTO `login_history` (`user_id`, `device`, `ip_address`, `date`) VALUES ('44B9Y4', 'Mozilla/5.0 (iPhone; CPU iPhone OS 18_3_1 like Mac OS X) AppleWebKit/605.1.15 (KHTML, like Gecko) Version/18.3 Mobile/15E148 Safari/604.1', '172.70.55.157', '25-02-16 20:09');
UPDATE `user_registration` SET `popup_seen` = 'yes'
WHERE `user_id` = '44B9Y4';
UPDATE `ci_sessions` SET `timestamp` = 1739759497, `data` = '__ci_last_regenerate|i:1739759497;id|s:4:\"2074\";user_id|s:6:\"L8NRSC\";username|s:6:\"ehevia\";sponsor_id|s:6:\"JHRDHS\";fullname|s:12:\"Elina  Hevia\";email|s:22:\"heviaelina17@gmail.com\";phone|s:10:\"7862615995\";isLogIn|b:1;'
WHERE `id` = '4309dfe161b885b9b5e571e07d66da880cdbcd17';
UPDATE `ci_sessions` SET `timestamp` = 1739759515, `data` = '__ci_last_regenerate|i:1739759515;id|s:4:\"2144\";user_id|s:6:\"7BQJK5\";username|s:7:\"TRAVEL1\";sponsor_id|s:6:\"QJ5U9C\";fullname|s:14:\"YANARA PENABAD\";email|s:20:\"YPENABAD@HOTMAIL.COM\";phone|s:10:\"7867153304\";isLogIn|b:1;'
WHERE `id` = '1a94f1b4a7ab3cc2c7af858929f4e49530798436';
UPDATE `user_registration` SET `popup_seen` = 'no'
WHERE `user_id` = '7BQJK5';
DELETE FROM `ci_sessions`
WHERE `id` = '8d4b04b25f1cc5578f663dca3a9a50e2281aca23';
UPDATE `ci_sessions` SET `timestamp` = 1739759604, `data` = '__ci_last_regenerate|i:1739759604;captcha|s:4:\"4gak\";'
WHERE `id` = '38f813d07b6bbd0925f10b1aeb48e434a5d147fd';
INSERT INTO `login_history` (`user_id`, `device`, `ip_address`, `date`) VALUES ('UQO7EQ', 'Mozilla/5.0 (Windows NT 10.0; Win64; x64) AppleWebKit/537.36 (KHTML, like Gecko) Chrome/133.0.0.0 Safari/537.36', '172.70.82.149', '25-02-16 20:33');
UPDATE `user_registration` SET `popup_seen` = 'yes'
WHERE `user_id` = 'UQO7EQ';
UPDATE `user_registration` SET `popup_seen` = 'no'
WHERE `user_id` = 'UQO7EQ';
DELETE FROM `ci_sessions`
WHERE `id` = '3efec2557e25dca84a8d8328ee9d070abebe4091';
UPDATE `ci_sessions` SET `timestamp` = 1739760059, `data` = '__ci_last_regenerate|i:1739760059;id|s:4:\"2074\";user_id|s:6:\"L8NRSC\";username|s:6:\"ehevia\";sponsor_id|s:6:\"JHRDHS\";fullname|s:12:\"Elina  Hevia\";email|s:22:\"heviaelina17@gmail.com\";phone|s:10:\"7862615995\";isLogIn|b:1;'
WHERE `id` = 'c477fd7cc97b3b446f5b57e2a0176a9f8c9640c4';
INSERT INTO `login_history` (`user_id`, `device`, `ip_address`, `date`) VALUES ('IYCRUH', 'Mozilla/5.0 (Linux; Android 10; K) AppleWebKit/537.36 (KHTML, like Gecko) Chrome/131.0.0.0 Mobile Safari/537.36', '172.70.55.203', '25-02-16 20:42');
UPDATE `user_registration` SET `popup_seen` = 'yes'
WHERE `user_id` = 'IYCRUH';
UPDATE `ci_sessions` SET `timestamp` = 1739760227, `data` = '__ci_last_regenerate|i:1739760227;id|s:4:\"2192\";user_id|s:6:\"IYCRUH\";username|s:11:\"CARMENTMORA\";sponsor_id|s:6:\"QJ5U9C\";fullname|s:13:\"Carmen T Mora\";email|s:24:\"rosioesmeralda@yahoo.com\";phone|s:10:\"7869708716\";isLogIn|b:1;message|s:21:\"Welcome Carmen T Mora\";__ci_vars|a:1:{s:7:\"message\";s:3:\"old\";}'
WHERE `id` = '832f4a3197872fb6f327459e32da71924918a1f5';
UPDATE `user_registration` SET `popup_seen` = 'no'
WHERE `user_id` = 'IYCRUH';
DELETE FROM `ci_sessions`
WHERE `id` = 'b59f8917d2b7c54e6afa2516db59dfe19d18b91f';
INSERT INTO `login_history` (`user_id`, `device`, `ip_address`, `date`) VALUES ('JHRDHS', 'Mozilla/5.0 (iPhone; CPU iPhone OS 18_3_1 like Mac OS X) AppleWebKit/605.1.15 (KHTML, like Gecko) Version/18.3 Mobile/15E148 Safari/604.1', '172.70.54.244', '25-02-16 21:22');
UPDATE `user_registration` SET `popup_seen` = 'yes'
WHERE `user_id` = 'JHRDHS';
UPDATE `user_registration` SET `popup_seen` = 'yes'
WHERE `user_id` = 'JHRDHS';
INSERT INTO `login_history` (`user_id`, `device`, `ip_address`, `date`) VALUES ('44B9Y4', 'Mozilla/5.0 (X11; Linux x86_64) AppleWebKit/537.36 (KHTML, like Gecko) Chrome/132.0.0.0 Safari/537.36', '172.70.255.78', '25-02-16 22:26');
UPDATE `user_registration` SET `popup_seen` = 'yes'
WHERE `user_id` = '44B9Y4';
UPDATE `ci_sessions` SET `timestamp` = 1739767878, `data` = '__ci_last_regenerate|i:1739767878;id|s:4:\"2071\";user_id|s:6:\"JHRDHS\";username|s:7:\"mbecena\";sponsor_id|s:6:\"CVVK4C\";fullname|s:12:\"Maria Becena\";email|s:21:\"mbecena@bellsouth.net\";phone|s:10:\"7862360387\";isLogIn|b:1;'
WHERE `id` = '7fe54844ef8d5ab3661d942066edfe745c4bb1d8';
UPDATE `user_registration` SET `popup_seen` = 'yes'
WHERE `user_id` = 'JHRDHS';
UPDATE `admin` SET `last_login` = '2025-02-16 23:59:05', `ip_address` = '172.68.147.220'
WHERE `id` = '1';
INSERT INTO `cron_job_history` (`name`, `date_started`, `status`) VALUES ('backup', '2025-02-17 00:00:01', 'started');
UPDATE `cron_job_history` SET `status` = 'done', `date_end` = '2025-02-17 00:00:02'
WHERE `id` = 204;
UPDATE `user_registration` SET `popup_seen` = 'yes'
WHERE `user_id` IS NULL;
UPDATE `user_registration` SET `popup_seen` = 'yes'
WHERE `user_id` IS NULL;
UPDATE `ci_sessions` SET `timestamp` = 1739772191, `data` = '__ci_last_regenerate|i:1739772191;isLogIn|b:1;isAdmin|b:1;id|s:1:\"1\";fullname|s:11:\"admin admin\";user_level|s:5:\"Admin\";email|s:23:\"admin@travelegendcy.com\";image|s:53:\"upload/settings/4a1f1b602322adb837a7a3547ee69cf3.jpeg\";last_login|s:19:\"2025-02-16 11:30:46\";last_logout|s:19:\"2025-01-31 04:14:42\";ip_address|s:13:\"172.64.237.18\";'
WHERE `id` = 'd1fc19219fa7943df0a5cb292ab34fdb2c8ac605';
INSERT INTO `cron_job_history` (`name`, `date_started`, `status`) VALUES ('deduct_sub_amt_from_ewallet', '2025-02-17 00:05:02', 'started');
UPDATE `cron_job_history` SET `status` = 'done', `date_end` = '2025-02-17 00:05:02'
WHERE `id` = 205;
UPDATE `ci_sessions` SET `timestamp` = 1739772832, `data` = '__ci_last_regenerate|i:1739772832;isLogIn|b:1;isAdmin|b:1;id|s:1:\"1\";fullname|s:11:\"admin admin\";user_level|s:5:\"Admin\";email|s:23:\"admin@travelegendcy.com\";image|s:53:\"upload/settings/4a1f1b602322adb837a7a3547ee69cf3.jpeg\";last_login|s:19:\"2025-02-16 11:30:46\";last_logout|s:19:\"2025-01-31 04:14:42\";ip_address|s:13:\"172.64.237.18\";user_user_id|s:6:\"JHRDHS\";'
WHERE `id` = '5dddb54b445fea96fbf46ac23f1ae24a57abae12';
UPDATE `ci_sessions` SET `timestamp` = 1739773867, `data` = '__ci_last_regenerate|i:1739773867;isLogIn|b:1;isAdmin|b:1;id|s:1:\"1\";fullname|s:11:\"admin admin\";user_level|s:5:\"Admin\";email|s:23:\"admin@travelegendcy.com\";image|s:53:\"upload/settings/4a1f1b602322adb837a7a3547ee69cf3.jpeg\";last_login|s:19:\"2025-02-16 11:30:46\";last_logout|s:19:\"2025-01-31 04:14:42\";ip_address|s:13:\"172.64.237.18\";user_user_id|s:6:\"JHRDHS\";'
WHERE `id` = '6e5643a7b4d7a27401abf2308b3161c017a60076';
UPDATE `ci_sessions` SET `timestamp` = 1739774391, `data` = '__ci_last_regenerate|i:1739774391;captcha|s:4:\"vb3y\";'
WHERE `id` = '188a843e93f0a0857d0fd5821cef5a47028661a2';
INSERT INTO `login_history` (`user_id`, `device`, `ip_address`, `date`) VALUES ('IYCRUH', 'Mozilla/5.0 (Linux; Android 10; K) AppleWebKit/537.36 (KHTML, like Gecko) Chrome/131.0.0.0 Mobile Safari/537.36', '172.70.255.66', '25-02-17 00:44');
UPDATE `user_registration` SET `popup_seen` = 'yes'
WHERE `user_id` = 'IYCRUH';
INSERT INTO `login_history` (`user_id`, `device`, `ip_address`, `date`) VALUES ('UQO7EQ', 'Mozilla/5.0 (Windows NT 10.0; Win64; x64) AppleWebKit/537.36 (KHTML, like Gecko) Chrome/132.0.0.0 Safari/537.36', '172.69.129.177', '25-02-17 00:46');
UPDATE `user_registration` SET `popup_seen` = 'yes'
WHERE `user_id` = 'UQO7EQ';
UPDATE `ci_sessions` SET `timestamp` = 1739774969, `data` = '__ci_last_regenerate|i:1739774969;isLogIn|b:1;isAdmin|b:1;id|s:1:\"1\";fullname|s:11:\"admin admin\";user_level|s:5:\"Admin\";email|s:23:\"admin@travelegendcy.com\";image|s:53:\"upload/settings/4a1f1b602322adb837a7a3547ee69cf3.jpeg\";last_login|s:19:\"2025-02-16 11:30:46\";last_logout|s:19:\"2025-01-31 04:14:42\";ip_address|s:13:\"172.64.237.18\";user_user_id|s:6:\"JHRDHS\";'
WHERE `id` = 'e1b45340b8cba624c5ac9c7ec53eb13ad20e81a9';
UPDATE `ci_sessions` SET `timestamp` = 1739775018, `data` = '__ci_last_regenerate|i:1739775018;id|s:4:\"2042\";user_id|s:6:\"UQO7EQ\";username|s:6:\"Rafa51\";sponsor_id|s:6:\"N6GZAE\";fullname|s:16:\"Rafael Rodriguez\";email|s:18:\"rafagana@yahoo.com\";phone|s:10:\"3057610606\";isLogIn|b:1;'
WHERE `id` = 'b74ba5800ed0e76d2f5d84e298df3d8f52982d25';
UPDATE `user_registration` SET `popup_seen` = 'no'
WHERE `user_id` = 'UQO7EQ';
DELETE FROM `ci_sessions`
WHERE `id` = '26dd37720f646cf8860814d2b0ff4f58549058fb';
UPDATE `ci_sessions` SET `timestamp` = 1739775689, `data` = '__ci_last_regenerate|i:1739775689;id|s:4:\"2192\";user_id|s:6:\"IYCRUH\";username|s:11:\"CARMENTMORA\";sponsor_id|s:6:\"QJ5U9C\";fullname|s:13:\"Carmen T Mora\";email|s:24:\"rosioesmeralda@yahoo.com\";phone|s:10:\"7869708716\";isLogIn|b:1;message|s:21:\"Welcome Carmen T Mora\";__ci_vars|a:1:{s:7:\"message\";s:3:\"old\";}'
WHERE `id` = 'b05a782cd1b77548bd1adcfcabcd640fee3d868a';
UPDATE `user_registration` SET `popup_seen` = 'yes'
WHERE `user_id` = 'IYCRUH';
UPDATE `user_registration` SET `language` = 'spanish'
WHERE `user_id` = 'IYCRUH';
UPDATE `user_registration` SET `popup_seen` = 'yes'
WHERE `user_id` = 'IYCRUH';
UPDATE `user_registration` SET `popup_seen` = 'yes'
WHERE `user_id` = 'IYCRUH';
UPDATE `ci_sessions` SET `timestamp` = 1739776773, `data` = '__ci_last_regenerate|i:1739776773;id|s:4:\"2192\";user_id|s:6:\"IYCRUH\";username|s:11:\"CARMENTMORA\";sponsor_id|s:6:\"QJ5U9C\";fullname|s:13:\"Carmen T Mora\";email|s:24:\"rosioesmeralda@yahoo.com\";phone|s:10:\"7869708716\";isLogIn|b:1;'
WHERE `id` = '94fd72127ba68dd5fb56e6fe8fec220ef395022b';
UPDATE `user_registration` SET `popup_seen` = 'yes'
WHERE `user_id` = 'IYCRUH';
UPDATE `user_registration` SET `popup_seen` = 'no'
WHERE `user_id` = 'IYCRUH';
DELETE FROM `ci_sessions`
WHERE `id` = '3f87811b6c06bcff5df17b3a4b37fe7106035b07';
UPDATE `ci_sessions` SET `timestamp` = 1739776871, `data` = '__ci_last_regenerate|i:1739776871;captcha|s:4:\"r2ps\";'
WHERE `id` = '6dbc9736cc54edcd4ce269306e416b5deac5d61d';
UPDATE `ci_sessions` SET `timestamp` = 1739779548, `data` = '__ci_last_regenerate|i:1739779548;captcha|s:4:\"u2ks\";'
WHERE `id` = 'deac52eda07f7a87b4e469ddb35d553e2171c678';
INSERT INTO `login_history` (`user_id`, `device`, `ip_address`, `date`) VALUES ('35H9RV', 'Mozilla/5.0 (Windows NT 10.0; Win64; x64) AppleWebKit/537.36 (KHTML, like Gecko) Chrome/132.0.0.0 Safari/537.36', '172.69.86.182', '25-02-17 04:13');
UPDATE `user_registration` SET `popup_seen` = 'yes'
WHERE `user_id` = '35H9RV';
INSERT INTO `login_history` (`user_id`, `device`, `ip_address`, `date`) VALUES ('JHRDHS', 'Mozilla/5.0 (iPhone; CPU iPhone OS 18_3_1 like Mac OS X) AppleWebKit/605.1.15 (KHTML, like Gecko) Version/18.3 Mobile/15E148 Safari/604.1', '108.162.210.221', '25-02-17 05:21');
UPDATE `user_registration` SET `popup_seen` = 'yes'
WHERE `user_id` = 'JHRDHS';
UPDATE `admin` SET `last_logout` = '2025-02-17 05:44:46'
WHERE `id` IS NULL;
DELETE FROM `ci_sessions`
WHERE `id` = 'c6455ccdabed399fa758b0610ec024483aec665f';
UPDATE `admin` SET `last_login` = '2025-02-17 05:44:49', `ip_address` = '188.114.111.221'
WHERE `id` = '1';
INSERT INTO `login_history` (`user_id`, `device`, `ip_address`, `date`) VALUES ('K55EDD', 'Mozilla/5.0 (iPhone; CPU iPhone OS 18_3_1 like Mac OS X) AppleWebKit/605.1.15 (KHTML, like Gecko) Version/18.3 Mobile/15E148 Safari/604.1', '172.70.54.70', '25-02-17 06:46');
UPDATE `user_registration` SET `popup_seen` = 'yes'
WHERE `user_id` = 'K55EDD';
UPDATE `user_registration` SET `popup_seen` = 'yes'
WHERE `user_id` = 'K55EDD';
INSERT INTO `login_history` (`user_id`, `device`, `ip_address`, `date`) VALUES ('2RSJNO', 'Mozilla/5.0 (Windows NT 10.0; Win64; x64) AppleWebKit/537.36 (KHTML, like Gecko) Chrome/130.0.0.0 Safari/537.36', '172.70.255.161', '25-02-17 07:05');
UPDATE `user_registration` SET `popup_seen` = 'yes'
WHERE `user_id` = '2RSJNO';
INSERT INTO `login_history` (`user_id`, `device`, `ip_address`, `date`) VALUES ('UQO7EQ', 'Mozilla/5.0 (Linux; Android 10; K) AppleWebKit/537.36 (KHTML, like Gecko) Chrome/131.0.0.0 Mobile Safari/537.36', '108.162.210.135', '25-02-17 07:57');
UPDATE `user_registration` SET `popup_seen` = 'yes'
WHERE `user_id` = 'UQO7EQ';
UPDATE `user_registration` SET `popup_seen` = 'no'
WHERE `user_id` = 'UQO7EQ';
DELETE FROM `ci_sessions`
WHERE `id` = '9da943f6f6dbb7b68787c6a374b575ffb4310d6f';
UPDATE `admin` SET `last_logout` = '2025-02-17 08:47:35'
WHERE `id` IS NULL;
DELETE FROM `ci_sessions`
WHERE `id` = 'f57722197b97bd35209a9788d0d9e4741b2dadb2';
UPDATE `admin` SET `last_login` = '2025-02-17 08:47:39', `ip_address` = '162.158.166.247'
WHERE `id` = '1';
UPDATE `ci_sessions` SET `timestamp` = 1739804627, `data` = '__ci_last_regenerate|i:1739804627;isLogIn|b:1;isAdmin|b:1;id|s:1:\"1\";fullname|s:11:\"admin admin\";user_level|s:5:\"Admin\";email|s:23:\"admin@travelegendcy.com\";image|s:53:\"upload/settings/4a1f1b602322adb837a7a3547ee69cf3.jpeg\";last_login|s:19:\"2025-02-17 05:44:49\";last_logout|s:19:\"2025-01-31 04:14:42\";ip_address|s:14:\"188.114.111.22\";'
WHERE `id` = '97c5de46f061f1c67d891219b99ef692586f699e';
INSERT INTO `login_history` (`user_id`, `device`, `ip_address`, `date`) VALUES ('F7LGEE', 'Mozilla/5.0 (Windows NT 10.0; Win64; x64) AppleWebKit/537.36 (KHTML, like Gecko) Chrome/124.0.0.0 Safari/537.36', '108.162.210.238', '25-02-17 09:07');
UPDATE `user_registration` SET `popup_seen` = 'yes'
WHERE `user_id` = 'F7LGEE';
UPDATE `user_registration` SET `popup_seen` = 'yes'
WHERE `user_id` = 'F7LGEE';
UPDATE `ci_sessions` SET `timestamp` = 1739805151, `data` = '__ci_last_regenerate|i:1739805151;id|s:4:\"2145\";user_id|s:6:\"F7LGEE\";username|s:13:\"eve.barrios60\";sponsor_id|s:6:\"QJ5U9C\";fullname|s:24:\"Evelio Barrios Hernandez\";email|s:19:\"ebh600331@gmail.com\";phone|s:10:\"7869121599\";isLogIn|b:1;'
WHERE `id` = 'e9b96aa2b1d2adc5c60629165ee8c136121ab574';
UPDATE `user_registration` SET `popup_seen` = 'yes'
WHERE `user_id` = 'F7LGEE';
UPDATE `user_registration` SET `popup_seen` = 'yes'
WHERE `user_id` = 'F7LGEE';
INSERT INTO `login_history` (`user_id`, `device`, `ip_address`, `date`) VALUES ('AABG7W', 'Mozilla/5.0 (Linux; Android 10; K) AppleWebKit/537.36 (KHTML, like Gecko) Chrome/133.0.0.0 Mobile Safari/537.36', '172.70.54.109', '25-02-17 09:26');
UPDATE `user_registration` SET `popup_seen` = 'yes'
WHERE `user_id` = 'AABG7W';
UPDATE `admin` SET `last_logout` = '2025-02-17 09:31:08'
WHERE `id` IS NULL;
DELETE FROM `ci_sessions`
WHERE `id` = 'c7bc313c28805f1f41babf16375d8d900a8cf05c';
UPDATE `ci_sessions` SET `timestamp` = 1739808519, `data` = '__ci_last_regenerate|i:1739808519;id|s:4:\"2057\";user_id|s:6:\"AABG7W\";username|s:10:\"freeurlife\";sponsor_id|s:6:\"UQO7EQ\";fullname|s:12:\"Lesli Andreu\";email|s:21:\"cranbarrier@gmail.com\";phone|s:10:\"7864171626\";isLogIn|b:1;'
WHERE `id` = 'a065e4aaa0e1756b3e932c66f0caace3d9beefeb';
UPDATE `user_registration` SET `popup_seen` = 'yes'
WHERE `user_id` = 'AABG7W';
UPDATE `ci_sessions` SET `timestamp` = 1739808878, `data` = '__ci_last_regenerate|i:1739808878;id|s:4:\"2057\";user_id|s:6:\"AABG7W\";username|s:10:\"freeurlife\";sponsor_id|s:6:\"UQO7EQ\";fullname|s:12:\"Lesli Andreu\";email|s:21:\"cranbarrier@gmail.com\";phone|s:10:\"7864171626\";isLogIn|b:1;message|s:29:\"Request Accessed Successfully\";__ci_vars|a:1:{s:7:\"message\";s:3:\"old\";}'
WHERE `id` = '24497759921816879a520470e348eea72a0b1664';
UPDATE `user_registration` SET `popup_seen` = 'yes'
WHERE `user_id` = 'AABG7W';
INSERT INTO `login_history` (`user_id`, `device`, `ip_address`, `date`) VALUES ('QJ5U9C', 'Mozilla/5.0 (Windows NT 10.0; Win64; x64) AppleWebKit/537.36 (KHTML, like Gecko) Chrome/133.0.0.0 Safari/537.36', '172.70.55.79', '25-02-17 10:14');
UPDATE `user_registration` SET `popup_seen` = 'yes'
WHERE `user_id` = 'QJ5U9C';
UPDATE `user_registration` SET `default_leg` = 'left'
WHERE `user_id` = 'QJ5U9C';
UPDATE `user_registration` SET `language` = 'english'
WHERE `user_id` = 'QJ5U9C';
UPDATE `ci_sessions` SET `timestamp` = 1739809233, `data` = '__ci_last_regenerate|i:1739809233;id|s:4:\"2084\";user_id|s:6:\"QJ5U9C\";username|s:10:\"gascarde60\";sponsor_id|s:6:\"O94ZPY\";fullname|s:14:\"Gaspar Cardero\";email|s:18:\"gascarde@yahoo.com\";phone|s:10:\"7862371360\";isLogIn|b:1;'
WHERE `id` = '31f41256d936f3235f629339fdcec45cb1fba7b1';
UPDATE `ci_sessions` SET `timestamp` = 1739809659, `data` = '__ci_last_regenerate|i:1739809659;id|s:4:\"2084\";user_id|s:6:\"QJ5U9C\";username|s:10:\"gascarde60\";sponsor_id|s:6:\"O94ZPY\";fullname|s:14:\"Gaspar Cardero\";email|s:18:\"gascarde@yahoo.com\";phone|s:10:\"7862371360\";isLogIn|b:1;'
WHERE `id` = 'ff07d66e7929ec1df41f020dc327e715df78a2ec';
UPDATE `user_registration` SET `popup_seen` = 'no'
WHERE `user_id` = 'QJ5U9C';
DELETE FROM `ci_sessions`
WHERE `id` = '3e2e006e6bbf6a0da81f11ca2f267efb07f43104';
INSERT INTO `login_history` (`user_id`, `device`, `ip_address`, `date`) VALUES ('UQO7EQ', 'Mozilla/5.0 (Windows NT 10.0; Win64; x64) AppleWebKit/537.36 (KHTML, like Gecko) Chrome/133.0.0.0 Safari/537.36', '172.70.55.116', '25-02-17 10:49');
UPDATE `user_registration` SET `popup_seen` = 'yes'
WHERE `user_id` = 'UQO7EQ';
UPDATE `user_registration` SET `popup_seen` = 'no'
WHERE `user_id` = 'UQO7EQ';
DELETE FROM `ci_sessions`
WHERE `id` = '279c10fd65da222454798478f4f082ca12eea8b4';
UPDATE `admin` SET `last_login` = '2025-02-17 11:23:16', `ip_address` = '172.64.238.111'
WHERE `id` = '1';
UPDATE `ci_sessions` SET `timestamp` = 1739813900, `data` = '__ci_last_regenerate|i:1739813900;id|s:4:\"2057\";user_id|s:6:\"AABG7W\";username|s:10:\"freeurlife\";sponsor_id|s:6:\"UQO7EQ\";fullname|s:12:\"Lesli Andreu\";email|s:21:\"cranbarrier@gmail.com\";phone|s:10:\"7864171626\";isLogIn|b:1;'
WHERE `id` = '8c74e5b9b9adfd411256fa6ea80dd874706c8c41';
UPDATE `user_registration` SET `popup_seen` = 'yes'
WHERE `user_id` = 'AABG7W';
INSERT INTO `login_history` (`user_id`, `device`, `ip_address`, `date`) VALUES ('L2MNP5', 'Mozilla/5.0 (Windows NT 10.0; Win64; x64) AppleWebKit/537.36 (KHTML, like Gecko) Chrome/133.0.0.0 Safari/537.36', '172.70.83.12', '25-02-17 12:30');
UPDATE `user_registration` SET `popup_seen` = 'yes'
WHERE `user_id` = 'L2MNP5';
UPDATE `user_registration` SET `popup_seen` = 'yes'
WHERE `user_id` = 'L2MNP5';
INSERT INTO `login_history` (`user_id`, `device`, `ip_address`, `date`) VALUES ('2RSJNO', 'Mozilla/5.0 (Windows NT 10.0; Win64; x64) AppleWebKit/537.36 (KHTML, like Gecko) Chrome/130.0.0.0 Safari/537.36', '172.70.254.137', '25-02-17 12:46');
UPDATE `user_registration` SET `popup_seen` = 'yes'
WHERE `user_id` = '2RSJNO';
UPDATE `ci_sessions` SET `timestamp` = 1739818276, `data` = '__ci_last_regenerate|i:1739818276;id|s:4:\"2190\";user_id|s:6:\"2RSJNO\";username|s:8:\"yoel0221\";sponsor_id|s:6:\"QJ5U9C\";fullname|s:16:\"Yoel Ramos Gomez\";email|s:19:\"yoel21272@gmail.com\";phone|s:10:\"3053050150\";isLogIn|b:1;'
WHERE `id` = '971a8be355993e37961faf4bfbb878290b80d91b';
INSERT INTO `login_history` (`user_id`, `device`, `ip_address`, `date`) VALUES ('R37QLI', 'Mozilla/5.0 (Macintosh; Intel Mac OS X 10_15_7) AppleWebKit/605.1.15 (KHTML, like Gecko) Version/17.4 Safari/605.1.15', '172.70.83.11', '25-02-17 12:53');
UPDATE `user_registration` SET `popup_seen` = 'yes'
WHERE `user_id` = 'R37QLI';
UPDATE `user_registration` SET `popup_seen` = 'yes'
WHERE `user_id` = 'R37QLI';
INSERT INTO `login_history` (`user_id`, `device`, `ip_address`, `date`) VALUES ('44B9Y4', 'Mozilla/5.0 (Windows NT 10.0; Win64; x64) AppleWebKit/537.36 (KHTML, like Gecko) Chrome/133.0.0.0 Safari/537.36', '172.70.254.95', '25-02-17 13:14');
UPDATE `user_registration` SET `popup_seen` = 'yes'
WHERE `user_id` = '44B9Y4';
UPDATE `user_registration` SET `popup_seen` = 'no'
WHERE `user_id` = '44B9Y4';
DELETE FROM `ci_sessions`
WHERE `id` = '3b323d39059bdf27ef9ef62182b40d0cdd82ce47';
INSERT INTO `login_history` (`user_id`, `device`, `ip_address`, `date`) VALUES ('H2HQC8', 'Mozilla/5.0 (Windows NT 10.0; Win64; x64) AppleWebKit/537.36 (KHTML, like Gecko) Chrome/133.0.0.0 Safari/537.36', '172.70.254.94', '25-02-17 13:15');
UPDATE `user_registration` SET `popup_seen` = 'yes'
WHERE `user_id` = 'H2HQC8';
UPDATE `user_registration` SET `popup_seen` = 'yes'
WHERE `user_id` = 'H2HQC8';
INSERT INTO `login_history` (`user_id`, `device`, `ip_address`, `date`) VALUES ('JHRDHS', 'Mozilla/5.0 (iPhone; CPU iPhone OS 18_3_1 like Mac OS X) AppleWebKit/605.1.15 (KHTML, like Gecko) Version/18.3 Mobile/15E148 Safari/604.1', '172.71.30.183', '25-02-17 13:24');
UPDATE `user_registration` SET `popup_seen` = 'yes'
WHERE `user_id` = 'JHRDHS';
UPDATE `user_registration` SET `popup_seen` = 'yes'
WHERE `user_id` = 'JHRDHS';
UPDATE `user_registration` SET `popup_seen` = 'yes'
WHERE `user_id` = 'JHRDHS';
UPDATE `user_registration` SET `popup_seen` = 'yes'
WHERE `user_id` = 'JHRDHS';
UPDATE `ci_sessions` SET `timestamp` = 1739820679, `data` = '__ci_last_regenerate|i:1739820679;id|s:4:\"2026\";user_id|s:6:\"H2HQC8\";username|s:4:\"Roma\";sponsor_id|s:6:\"45E8V2\";fullname|s:16:\"Yordanis Fuentes\";email|s:25:\"emiliotapanes+4@gmail.com\";phone|s:10:\"7862876762\";isLogIn|b:1;'
WHERE `id` = '2e68cdabf030e84584a8be3fdd74991085e9caa8';
INSERT INTO `login_history` (`user_id`, `device`, `ip_address`, `date`) VALUES ('QJ5U9C', 'Mozilla/5.0 (Windows NT 10.0; Win64; x64) AppleWebKit/537.36 (KHTML, like Gecko) Chrome/133.0.0.0 Safari/537.36', '172.71.22.66', '25-02-17 13:38');
UPDATE `user_registration` SET `popup_seen` = 'yes'
WHERE `user_id` = 'QJ5U9C';
INSERT INTO `login_history` (`user_id`, `device`, `ip_address`, `date`) VALUES ('UQO7EQ', 'Mozilla/5.0 (Windows NT 10.0; Win64; x64) AppleWebKit/537.36 (KHTML, like Gecko) Chrome/133.0.0.0 Safari/537.36', '172.69.132.231', '25-02-17 13:42');
UPDATE `user_registration` SET `popup_seen` = 'yes'
WHERE `user_id` = 'UQO7EQ';
UPDATE `ci_sessions` SET `timestamp` = 1739821475, `data` = '__ci_last_regenerate|i:1739821475;id|s:4:\"2084\";user_id|s:6:\"QJ5U9C\";username|s:10:\"gascarde60\";sponsor_id|s:6:\"O94ZPY\";fullname|s:14:\"Gaspar Cardero\";email|s:18:\"gascarde@yahoo.com\";phone|s:10:\"7862371360\";isLogIn|b:1;'
WHERE `id` = '3a2be69aaa34af4957be6bfd55cc6a1b6cf1cf1d';
UPDATE `user_registration` SET `popup_seen` = 'no'
WHERE `user_id` = 'UQO7EQ';
DELETE FROM `ci_sessions`
WHERE `id` = 'b08da5a7f2064b38127eff8e0e0e8d7db32e1597';
INSERT INTO `login_history` (`user_id`, `device`, `ip_address`, `date`) VALUES ('F7LGEE', 'Mozilla/5.0 (Windows NT 10.0; Win64; x64) AppleWebKit/537.36 (KHTML, like Gecko) Chrome/124.0.0.0 Safari/537.36', '172.69.196.163', '25-02-17 13:54');
UPDATE `user_registration` SET `popup_seen` = 'yes'
WHERE `user_id` = 'F7LGEE';
UPDATE `ci_sessions` SET `timestamp` = 1739822118, `data` = '__ci_last_regenerate|i:1739822118;id|s:4:\"2059\";user_id|s:6:\"L2MNP5\";username|s:8:\"LCOMiami\";sponsor_id|s:6:\"K55EDD\";fullname|s:23:\"Leonardo Camacho Oviedo\";email|s:29:\"caimandelcaribe1964@gmail.com\";phone|s:10:\"9082908827\";isLogIn|b:1;'
WHERE `id` = 'ffd4fc46425a236cf375c32a7ab384221763ea18';
INSERT INTO `login_history` (`user_id`, `device`, `ip_address`, `date`) VALUES ('IYCRUH', 'Mozilla/5.0 (Linux; Android 10; K) AppleWebKit/537.36 (KHTML, like Gecko) Chrome/131.0.0.0 Mobile Safari/537.36', '172.70.55.80', '25-02-17 13:58');
UPDATE `user_registration` SET `popup_seen` = 'yes'
WHERE `user_id` = 'IYCRUH';
UPDATE `user_registration` SET `popup_seen` = 'no'
WHERE `user_id` = 'IYCRUH';
DELETE FROM `ci_sessions`
WHERE `id` = '0a2ab760e1313ffacc6c5fa81d43a6c397827672';
UPDATE `ci_sessions` SET `timestamp` = 1739822600, `data` = '__ci_last_regenerate|i:1739822600;id|s:4:\"2084\";user_id|s:6:\"QJ5U9C\";username|s:10:\"gascarde60\";sponsor_id|s:6:\"O94ZPY\";fullname|s:14:\"Gaspar Cardero\";email|s:18:\"gascarde@yahoo.com\";phone|s:10:\"7862371360\";isLogIn|b:1;'
WHERE `id` = 'a8a7f9d5a2de84ffd68dc71e4cde282811da90bc';
UPDATE `user_registration` SET `popup_seen` = 'yes'
WHERE `user_id` = 'QJ5U9C';
UPDATE `user_registration` SET `popup_seen` = 'no'
WHERE `user_id` = 'QJ5U9C';
DELETE FROM `ci_sessions`
WHERE `id` = '16f0a285a579184d977d3e5e9a696068f40b292e';
UPDATE `ci_sessions` SET `timestamp` = 1739822684, `data` = '__ci_last_regenerate|i:1739822684;id|s:4:\"2059\";user_id|s:6:\"L2MNP5\";username|s:8:\"LCOMiami\";sponsor_id|s:6:\"K55EDD\";fullname|s:23:\"Leonardo Camacho Oviedo\";email|s:29:\"caimandelcaribe1964@gmail.com\";phone|s:10:\"9082908827\";isLogIn|b:1;message|s:29:\"Request Accessed Successfully\";__ci_vars|a:1:{s:7:\"message\";s:3:\"old\";}'
WHERE `id` = '43ee708118640b8514291f2b7b0d959bb5ace7c5';
UPDATE `user_registration` SET `popup_seen` = 'no'
WHERE `user_id` = 'L2MNP5';
DELETE FROM `ci_sessions`
WHERE `id` = '45b8eb62c53324de8e485c8c21070cbb8fe5ca0a';
INSERT INTO `login_history` (`user_id`, `device`, `ip_address`, `date`) VALUES ('ETPYLQ', 'Mozilla/5.0 (Windows NT 10.0; Win64; x64) AppleWebKit/537.36 (KHTML, like Gecko) Chrome/133.0.0.0 Safari/537.36', '172.71.22.181', '25-02-17 14:05');
UPDATE `user_registration` SET `popup_seen` = 'yes'
WHERE `user_id` = 'ETPYLQ';
UPDATE `user_registration` SET `default_leg` = 'left'
WHERE `user_id` = 'ETPYLQ';
UPDATE `ci_sessions` SET `timestamp` = 1739822885, `data` = '__ci_last_regenerate|i:1739822885;id|s:4:\"2145\";user_id|s:6:\"F7LGEE\";username|s:13:\"eve.barrios60\";sponsor_id|s:6:\"QJ5U9C\";fullname|s:24:\"Evelio Barrios Hernandez\";email|s:19:\"ebh600331@gmail.com\";phone|s:10:\"7869121599\";isLogIn|b:1;'
WHERE `id` = 'c2600b4e39cbea69c4bdeb225e19ef199c82f95a';
UPDATE `user_registration` SET `popup_seen` = 'yes'
WHERE `user_id` = 'F7LGEE';
UPDATE `ci_sessions` SET `timestamp` = 1739823082, `data` = '__ci_last_regenerate|i:1739823082;id|s:4:\"2186\";user_id|s:6:\"ETPYLQ\";username|s:16:\"JorgeLRMarrero47\";sponsor_id|s:6:\"QJ5U9C\";fullname|s:28:\"Jorge Luis Rodriguez Marrero\";email|s:24:\"jorgelrmarrero@gmail.com\";phone|s:10:\"7864700920\";isLogIn|b:1;'
WHERE `id` = 'e456b28caf2ac86556e04fc61f3a9f4675330499';
INSERT INTO `temp_register` (`post_data`, `date`, `payment_method`, `type`) VALUES ('{\"uid\":\"2198\",\"user_id\":\"XBYEND\",\"username\":\"Albert9$\",\"sponsor_id\":\"ETPYLQ\",\"vacant\":\"no\",\"f_name\":\"Adalberto\",\"l_name\":\"Cardero Castro\",\"position\":\"left\",\"email\":\"adalbertocardero6@gmail.com\",\"password\":\"ebd09a853e4215dc8a03883d133f8b91\",\"phone\":\"4027058134\",\"country\":\"United States\",\"state\":\"Nebraska\",\"city\":\"Hastings\",\"street\":\"622 S colorado AVE\",\"zip_code\":\"68901\",\"reg_ip\":\"172.70.255.162\",\"status\":1,\"package_id\":\"2\",\"rank_id\":1,\"highest_rank\":1,\"cycle_rank_id\":1,\"created\":\"2025-02-17 14:11:22\",\"subscription_date\":\"2025-03-19\",\"google_secret\":\"ABKUFOWDIIYHURNI\"}', '2025-02-17 14:11:22', 'stripe', 'register');
UPDATE `temp_register` SET `response` = '{\"stripeToken\":\"tok_1Qtag92NUoYUjiuucS1Vv3ow\",\"stripeTokenType\":\"card\",\"stripeEmail\":\"adalbertocardero6@gmail.com\"}', `date_modified` = '2025-02-17 14:12:38', `payment_status` = '{\"id\":\"ch_3QtagE2NUoYUjiuu16rqQD5H\",\"object\":\"charge\",\"amount\":59500,\"amount_captured\":59500,\"amount_refunded\":0,\"application\":null,\"application_fee\":null,\"application_fee_amount\":null,\"balance_transaction\":\"txn_3QtagE2NUoYUjiuu14hczINV\",\"billing_details\":{\"address\":{\"city\":null,\"country\":null,\"line1\":null,\"line2\":null,\"postal_code\":null,\"state\":null},\"email\":null,\"name\":\"adalbertocardero6@gmail.com\",\"phone\":null},\"calculated_statement_descriptor\":\"TRAVELEGENDCY LLC\",\"captured\":true,\"created\":1739823158,\"currency\":\"usd\",\"customer\":\"cus_RnB2av9WF4jKD0\",\"description\":null,\"destination\":null,\"dispute\":null,\"disputed\":false,\"failure_balance_transaction\":null,\"failure_code\":null,\"failure_message\":null,\"fraud_details\":[],\"invoice\":null,\"livemode\":true,\"metadata\":{\"name\":\"Adalberto Cardero Castro\",\"username\":\"Albert9$\"},\"on_behalf_of\":null,\"order\":null,\"outcome\":{\"advice_code\":null,\"network_advice_code\":null,\"network_decline_code\":null,\"network_status\":\"approved_by_network\",\"reason\":null,\"risk_level\":\"normal\",\"seller_message\":\"Payment complete.\",\"type\":\"authorized\"},\"paid\":true,\"payment_intent\":null,\"payment_method\":\"card_1Qtag92NUoYUjiuu9eHWtGst\",\"payment_method_details\":{\"card\":{\"amount_authorized\":59500,\"authorization_code\":\"623914\",\"brand\":\"mastercard\",\"checks\":{\"address_line1_check\":null,\"address_postal_code_check\":null,\"cvc_check\":\"pass\"},\"country\":\"US\",\"exp_month\":11,\"exp_year\":2026,\"extended_authorization\":{\"status\":\"disabled\"},\"fingerprint\":\"2WHx3AkKqJOMEmmG\",\"funding\":\"credit\",\"incremental_authorization\":{\"status\":\"unavailable\"},\"installments\":null,\"last4\":\"1272\",\"mandate\":null,\"multicapture\":{\"status\":\"unavailable\"},\"network\":\"mastercard\",\"network_token\":{\"used\":false},\"network_transaction_id\":\"MPLZNFF7L0217\",\"overcapture\":{\"maximum_amount_capturable\":59500,\"status\":\"unavailable\"},\"regulated_status\":\"unregulated\",\"three_d_secure\":null,\"wallet\":null},\"type\":\"card\"},\"receipt_email\":null,\"receipt_number\":null,\"receipt_url\":\"https:\\/\\/pay.stripe.com\\/receipts\\/payment\\/CAcQARoXChVhY2N0XzFRUEFGdjJOVW9ZVWppdXUot7DOvQYyBpgJmKGikzosFijdqPlgvIls2aHfP8iTI_fcivIKyihs98w9JUrRyVMr_-P0SvKGYwWLaLU\",\"refunded\":false,\"review\":null,\"shipping\":null,\"source\":{\"id\":\"card_1Qtag92NUoYUjiuu9eHWtGst\",\"object\":\"card\",\"address_city\":null,\"address_country\":null,\"address_line1\":null,\"address_line1_check\":null,\"address_line2\":null,\"address_state\":null,\"address_zip\":null,\"address_zip_check\":null,\"allow_redisplay\":\"unspecified\",\"brand\":\"MasterCard\",\"country\":\"US\",\"customer\":\"cus_RnB2av9WF4jKD0\",\"cvc_check\":\"pass\",\"dynamic_last4\":null,\"exp_month\":11,\"exp_year\":2026,\"fingerprint\":\"2WHx3AkKqJOMEmmG\",\"funding\":\"credit\",\"last4\":\"1272\",\"metadata\":[],\"name\":\"adalbertocardero6@gmail.com\",\"regulated_status\":\"unregulated\",\"tokenization_method\":null,\"wallet\":null},\"source_transfer\":null,\"statement_descriptor\":null,\"statement_descriptor_suffix\":null,\"status\":\"succeeded\",\"transfer_data\":null,\"transfer_group\":null}'
WHERE `id` = 118;
UPDATE `user_registration` SET `uid` = '2198', `user_id` = 'XBYEND', `username` = 'Albert9$', `sponsor_id` = 'ETPYLQ', `vacant` = 'no', `f_name` = 'Adalberto', `l_name` = 'Cardero Castro', `position` = 'left', `email` = 'adalbertocardero6@gmail.com', `password` = 'ebd09a853e4215dc8a03883d133f8b91', `phone` = '4027058134', `country` = 'United States', `state` = 'Nebraska', `city` = 'Hastings', `street` = '622 S colorado AVE', `zip_code` = '68901', `reg_ip` = '172.70.255.162', `status` = 1, `package_id` = '2', `rank_id` = 1, `highest_rank` = 1, `cycle_rank_id` = 1, `created` = '2025-02-17 14:11:22', `subscription_date` = '2025-03-19', `google_secret` = 'ABKUFOWDIIYHURNI'
WHERE `uid` = '2198';
INSERT INTO `user_registration` (`uid`, `user_id`, `username`, `sponsor_id`, `placement_id`, `vacant`, `f_name`, `l_name`, `address`, `position`, `email`, `password`, `phone`, `reg_ip`, `status`, `created`) VALUES (NULL, 'FRUIBE', 'DGUNYMSx', 'XBYEND', 'XBYEND', 'yes', '', '', '', 'left', '@mail.com', '', '', '', 0, '2025-02-17 14:12:38');
INSERT INTO `user_registration` (`uid`, `user_id`, `username`, `sponsor_id`, `placement_id`, `vacant`, `f_name`, `l_name`, `address`, `position`, `email`, `password`, `phone`, `reg_ip`, `status`, `created`) VALUES (NULL, 'NYVBHQ', 'ADnzyxSP', 'XBYEND', 'XBYEND', 'yes', '', '', '', 'right', '@mail.com', '', '', '', 0, '2025-02-17 14:12:38');
INSERT INTO `bv_updation` (`user_id`) VALUES ('XBYEND');
UPDATE `user_registration` SET total_ref_count = total_ref_count+1
WHERE `user_id` = 'ETPYLQ';
UPDATE `user_registration` SET total_downlines = total_downlines+1
WHERE `user_id` = 'LUOTZ5';
UPDATE `user_registration` SET left_downlines = left_downlines+1
WHERE `user_id` = 'LUOTZ5';
UPDATE `user_registration` SET total_downlines = total_downlines+1
WHERE `user_id` = 'IYCRUH';
UPDATE `user_registration` SET left_downlines = left_downlines+1
WHERE `user_id` = 'IYCRUH';
UPDATE `user_registration` SET total_downlines = total_downlines+1
WHERE `user_id` = '2RSJNO';
UPDATE `user_registration` SET left_downlines = left_downlines+1
WHERE `user_id` = '2RSJNO';
UPDATE `user_registration` SET total_downlines = total_downlines+1
WHERE `user_id` = 'ETPYLQ';
UPDATE `user_registration` SET left_downlines = left_downlines+1
WHERE `user_id` = 'ETPYLQ';
UPDATE `user_registration` SET left_ref_count = left_ref_count+1
WHERE `user_id` = 'ETPYLQ';
UPDATE `user_registration` SET active_left = active_left+1
WHERE `user_id` = 'ETPYLQ';
UPDATE `user_registration` SET total_downlines = total_downlines+1
WHERE `user_id` = 'M2XFK7';
UPDATE `user_registration` SET left_downlines = left_downlines+1
WHERE `user_id` = 'M2XFK7';
UPDATE `user_registration` SET total_downlines = total_downlines+1
WHERE `user_id` = '7BQJK5';
UPDATE `user_registration` SET left_downlines = left_downlines+1
WHERE `user_id` = '7BQJK5';
UPDATE `user_registration` SET total_downlines = total_downlines+1
WHERE `user_id` = 'QJ5U9C';
UPDATE `user_registration` SET left_downlines = left_downlines+1
WHERE `user_id` = 'QJ5U9C';
UPDATE `user_registration` SET total_downlines = total_downlines+1
WHERE `user_id` = 'O94ZPY';
UPDATE `user_registration` SET left_downlines = left_downlines+1
WHERE `user_id` = 'O94ZPY';
UPDATE `user_registration` SET total_downlines = total_downlines+1
WHERE `user_id` = 'JHRDHS';
UPDATE `user_registration` SET right_downlines = right_downlines+1
WHERE `user_id` = 'JHRDHS';
UPDATE `user_registration` SET total_downlines = total_downlines+1
WHERE `user_id` = 'CVVK4C';
UPDATE `user_registration` SET right_downlines = right_downlines+1
WHERE `user_id` = 'CVVK4C';
UPDATE `user_registration` SET total_downlines = total_downlines+1
WHERE `user_id` = 'K55EDD';
UPDATE `user_registration` SET left_downlines = left_downlines+1
WHERE `user_id` = 'K55EDD';
UPDATE `user_registration` SET total_downlines = total_downlines+1
WHERE `user_id` = 'UQO7EQ';
UPDATE `user_registration` SET left_downlines = left_downlines+1
WHERE `user_id` = 'UQO7EQ';
UPDATE `user_registration` SET total_downlines = total_downlines+1
WHERE `user_id` = 'N6GZAE';
UPDATE `user_registration` SET left_downlines = left_downlines+1
WHERE `user_id` = 'N6GZAE';
UPDATE `user_registration` SET total_downlines = total_downlines+1
WHERE `user_id` = '4E1CRI';
UPDATE `user_registration` SET left_downlines = left_downlines+1
WHERE `user_id` = '4E1CRI';
UPDATE `user_registration` SET total_downlines = total_downlines+1
WHERE `user_id` = 'SJBNYJ';
UPDATE `user_registration` SET left_downlines = left_downlines+1
WHERE `user_id` = 'SJBNYJ';
UPDATE `user_registration` SET total_downlines = total_downlines+1
WHERE `user_id` = '44B9Y4';
UPDATE `user_registration` SET left_downlines = left_downlines+1
WHERE `user_id` = '44B9Y4';
UPDATE `user_registration` SET total_downlines = total_downlines+1
WHERE `user_id` = 'admin';
UPDATE `user_registration` SET right_downlines = right_downlines+1
WHERE `user_id` = 'admin';
INSERT INTO `investment` (`invest_date`, `user_id`, `type`, `amount`, `package_id`) VALUES ('2025-02-17 14:12:38', 'XBYEND', 'register', '595', '2');
INSERT INTO `earnings` (`user_id`, `Purchaser_id`, `earning_type`, `package_id`, `amount`, `date`, `comments`, `invest_amount`, `comm_perc`, `level`, `rank_id`, `order_id`) VALUES ('ETPYLQ', 'XBYEND', 'Direct Referral Bonus', '2', '100', '2025-02-17 14:12:38', 'Direct Referral Bonus', 0, 0, 1, '', 94);
UPDATE `user_registration` SET commission_balance = ROUND(commission_balance + 100,2)
WHERE `user_id` = 'ETPYLQ';
UPDATE `user_registration` SET referral_bonus = ROUND(referral_bonus + 100,2)
WHERE `user_id` = 'ETPYLQ';
UPDATE `user_registration` SET total_points = ROUND(total_points + 50,2)
WHERE `user_id` = 'XBYEND';
INSERT INTO `points_history` (`user_id`, `points`, `type`, `date`) VALUES ('XBYEND', '50', 'register', '2025-02-17 14:12:');
INSERT INTO `matrix_filling` (`placement_id`, `downline_id`, `level`, `matrix`) VALUES ('LUOTZ5', 'XBYEND', 1, 1);
UPDATE `bv_updation` SET left_carry = left_carry+50, total_left = total_left+50
WHERE `user_id` = 'LUOTZ5';
INSERT INTO `placement_bv_update_history` (`left_carry`, `date`, `from_id`, `user_id`) VALUES ('50', '2025-02-17 14:12:38', 'XBYEND', 'LUOTZ5');
INSERT INTO `matrix_filling` (`placement_id`, `downline_id`, `level`, `matrix`) VALUES ('IYCRUH', 'XBYEND', 2, 1);
UPDATE `bv_updation` SET left_carry = left_carry+50, total_left = total_left+50
WHERE `user_id` = 'IYCRUH';
INSERT INTO `placement_bv_update_history` (`left_carry`, `date`, `from_id`, `user_id`) VALUES ('50', '2025-02-17 14:12:38', 'XBYEND', 'IYCRUH');
INSERT INTO `matrix_filling` (`placement_id`, `downline_id`, `level`, `matrix`) VALUES ('2RSJNO', 'XBYEND', 3, 1);
UPDATE `bv_updation` SET left_carry = left_carry+50, total_left = total_left+50
WHERE `user_id` = '2RSJNO';
INSERT INTO `placement_bv_update_history` (`left_carry`, `date`, `from_id`, `user_id`) VALUES ('50', '2025-02-17 14:12:38', 'XBYEND', '2RSJNO');
INSERT INTO `matrix_filling` (`placement_id`, `downline_id`, `level`, `matrix`) VALUES ('ETPYLQ', 'XBYEND', 4, 1);
UPDATE `bv_updation` SET left_carry = left_carry+50, total_left = total_left+50
WHERE `user_id` = 'ETPYLQ';
INSERT INTO `placement_bv_update_history` (`left_carry`, `date`, `from_id`, `user_id`) VALUES ('50', '2025-02-17 14:12:38', 'XBYEND', 'ETPYLQ');
UPDATE `bv_updation` SET sponsor_left_carry = sponsor_left_carry+50, sponsor_total_left = sponsor_total_left+50
WHERE `user_id` = 'ETPYLQ';
INSERT INTO `sponsor_bv_update_history` (`left_carry`, `date`, `user_id`) VALUES ('50', '2025-02-17 14:12:38', 'ETPYLQ');
INSERT INTO `matrix_filling` (`placement_id`, `downline_id`, `level`, `matrix`) VALUES ('M2XFK7', 'XBYEND', 5, 1);
UPDATE `bv_updation` SET left_carry = left_carry+50, total_left = total_left+50
WHERE `user_id` = 'M2XFK7';
INSERT INTO `placement_bv_update_history` (`left_carry`, `date`, `from_id`, `user_id`) VALUES ('50', '2025-02-17 14:12:38', 'XBYEND', 'M2XFK7');
INSERT INTO `matrix_filling` (`placement_id`, `downline_id`, `level`, `matrix`) VALUES ('7BQJK5', 'XBYEND', 6, 1);
UPDATE `bv_updation` SET left_carry = left_carry+50, total_left = total_left+50
WHERE `user_id` = '7BQJK5';
INSERT INTO `placement_bv_update_history` (`left_carry`, `date`, `from_id`, `user_id`) VALUES ('50', '2025-02-17 14:12:38', 'XBYEND', '7BQJK5');
INSERT INTO `matrix_filling` (`placement_id`, `downline_id`, `level`, `matrix`) VALUES ('QJ5U9C', 'XBYEND', 7, 1);
UPDATE `bv_updation` SET left_carry = left_carry+50, total_left = total_left+50
WHERE `user_id` = 'QJ5U9C';
INSERT INTO `placement_bv_update_history` (`left_carry`, `date`, `from_id`, `user_id`) VALUES ('50', '2025-02-17 14:12:38', 'XBYEND', 'QJ5U9C');
INSERT INTO `matrix_filling` (`placement_id`, `downline_id`, `level`, `matrix`) VALUES ('O94ZPY', 'XBYEND', 8, 1);
UPDATE `bv_updation` SET left_carry = left_carry+50, total_left = total_left+50
WHERE `user_id` = 'O94ZPY';
INSERT INTO `placement_bv_update_history` (`left_carry`, `date`, `from_id`, `user_id`) VALUES ('50', '2025-02-17 14:12:38', 'XBYEND', 'O94ZPY');
INSERT INTO `matrix_filling` (`placement_id`, `downline_id`, `level`, `matrix`) VALUES ('JHRDHS', 'XBYEND', 9, 1);
UPDATE `bv_updation` SET right_carry = right_carry+50, total_right = total_right+50
WHERE `user_id` = 'JHRDHS';
INSERT INTO `placement_bv_update_history` (`right_carry`, `date`, `from_id`, `user_id`) VALUES ('50', '2025-02-17 14:12:38', 'XBYEND', 'JHRDHS');
INSERT INTO `matrix_filling` (`placement_id`, `downline_id`, `level`, `matrix`) VALUES ('CVVK4C', 'XBYEND', 10, 1);
UPDATE `bv_updation` SET right_carry = right_carry+50, total_right = total_right+50
WHERE `user_id` = 'CVVK4C';
INSERT INTO `placement_bv_update_history` (`right_carry`, `date`, `from_id`, `user_id`) VALUES ('50', '2025-02-17 14:12:38', 'XBYEND', 'CVVK4C');
INSERT INTO `matrix_filling` (`placement_id`, `downline_id`, `level`, `matrix`) VALUES ('K55EDD', 'XBYEND', 11, 1);
UPDATE `bv_updation` SET left_carry = left_carry+50, total_left = total_left+50
WHERE `user_id` = 'K55EDD';
INSERT INTO `placement_bv_update_history` (`left_carry`, `date`, `from_id`, `user_id`) VALUES ('50', '2025-02-17 14:12:38', 'XBYEND', 'K55EDD');
INSERT INTO `matrix_filling` (`placement_id`, `downline_id`, `level`, `matrix`) VALUES ('UQO7EQ', 'XBYEND', 12, 1);
UPDATE `bv_updation` SET left_carry = left_carry+50, total_left = total_left+50
WHERE `user_id` = 'UQO7EQ';
INSERT INTO `placement_bv_update_history` (`left_carry`, `date`, `from_id`, `user_id`) VALUES ('50', '2025-02-17 14:12:38', 'XBYEND', 'UQO7EQ');
INSERT INTO `matrix_filling` (`placement_id`, `downline_id`, `level`, `matrix`) VALUES ('N6GZAE', 'XBYEND', 13, 1);
UPDATE `bv_updation` SET left_carry = left_carry+50, total_left = total_left+50
WHERE `user_id` = 'N6GZAE';
INSERT INTO `placement_bv_update_history` (`left_carry`, `date`, `from_id`, `user_id`) VALUES ('50', '2025-02-17 14:12:38', 'XBYEND', 'N6GZAE');
INSERT INTO `matrix_filling` (`placement_id`, `downline_id`, `level`, `matrix`) VALUES ('4E1CRI', 'XBYEND', 14, 1);
UPDATE `bv_updation` SET left_carry = left_carry+50, total_left = total_left+50
WHERE `user_id` = '4E1CRI';
INSERT INTO `placement_bv_update_history` (`left_carry`, `date`, `from_id`, `user_id`) VALUES ('50', '2025-02-17 14:12:38', 'XBYEND', '4E1CRI');
INSERT INTO `matrix_filling` (`placement_id`, `downline_id`, `level`, `matrix`) VALUES ('SJBNYJ', 'XBYEND', 15, 1);
UPDATE `bv_updation` SET left_carry = left_carry+50, total_left = total_left+50
WHERE `user_id` = 'SJBNYJ';
INSERT INTO `placement_bv_update_history` (`left_carry`, `date`, `from_id`, `user_id`) VALUES ('50', '2025-02-17 14:12:38', 'XBYEND', 'SJBNYJ');
INSERT INTO `matrix_filling` (`placement_id`, `downline_id`, `level`, `matrix`) VALUES ('44B9Y4', 'XBYEND', 16, 1);
UPDATE `bv_updation` SET left_carry = left_carry+50, total_left = total_left+50
WHERE `user_id` = '44B9Y4';
INSERT INTO `placement_bv_update_history` (`left_carry`, `date`, `from_id`, `user_id`) VALUES ('50', '2025-02-17 14:12:38', 'XBYEND', '44B9Y4');
INSERT INTO `matrix_filling` (`placement_id`, `downline_id`, `level`, `matrix`) VALUES ('admin', 'XBYEND', 17, 1);
UPDATE `bv_updation` SET right_carry = right_carry+50, total_right = total_right+50
WHERE `user_id` = 'admin';
INSERT INTO `placement_bv_update_history` (`right_carry`, `date`, `from_id`, `user_id`) VALUES ('50', '2025-02-17 14:12:38', 'XBYEND', 'admin');
INSERT INTO `package_purchase_history` (`user_id`, `package_id`, `reg_fee`, `package_name`, `monthly_fee`, `type`, `date`, `payment_option`) VALUES ('XBYEND', '2', '595', 'Traveler Pro', '150', 'sign_up', '2025-02-17 14:12:38', 'stripe');
UPDATE `user_registration` SET `popup_seen` = 'no'
WHERE `user_id` = 'ETPYLQ';
DELETE FROM `ci_sessions`
WHERE `id` = '0cd8fb756f565c800fb439bc8cc18a78ad8098bb';
INSERT INTO `login_history` (`user_id`, `device`, `ip_address`, `date`) VALUES ('LUOTZ5', 'Mozilla/5.0 (Windows NT 10.0; Win64; x64) AppleWebKit/537.36 (KHTML, like Gecko) Chrome/133.0.0.0 Safari/537.36', '172.71.194.72', '25-02-17 14:16');
UPDATE `user_registration` SET `popup_seen` = 'yes'
WHERE `user_id` = 'LUOTZ5';
UPDATE `user_registration` SET `default_leg` = 'left'
WHERE `user_id` = 'LUOTZ5';
INSERT INTO `login_history` (`user_id`, `device`, `ip_address`, `date`) VALUES ('H2HQC8', 'Mozilla/5.0 (X11; Linux x86_64) AppleWebKit/537.36 (KHTML, like Gecko) Chrome/133.0.0.0 Safari/537.36', '172.71.22.163', '25-02-17 14:20');
UPDATE `user_registration` SET `popup_seen` = 'yes'
WHERE `user_id` = 'H2HQC8';
UPDATE `user_registration` SET `popup_seen` = 'yes'
WHERE `user_id` = 'H2HQC8';
UPDATE `user_registration` SET `popup_seen` = 'yes'
WHERE `user_id` = 'H2HQC8';
UPDATE `ci_sessions` SET `timestamp` = 1739823828, `data` = '__ci_last_regenerate|i:1739823828;id|s:4:\"2194\";user_id|s:6:\"LUOTZ5\";username|s:14:\"ramonfernandez\";sponsor_id|s:6:\"IYCRUH\";fullname|s:15:\"Ramon Fernandez\";email|s:27:\"ramonfernandez039@gmail.com\";phone|s:10:\"7863780644\";isLogIn|b:1;'
WHERE `id` = '4843137ad420b42bd2a7b651c00caf9ca46614a8';
INSERT INTO `temp_register` (`post_data`, `date`, `payment_method`, `type`) VALUES ('{\"uid\":\"2200\",\"user_id\":\"KWLAIS\",\"username\":\"rocii_esme\",\"sponsor_id\":\"LUOTZ5\",\"vacant\":\"no\",\"f_name\":\"Rocio E\",\"l_name\":\"Fernandez Mora\",\"position\":\"left\",\"email\":\"rociofernandez468@gmail.com\",\"password\":\"ac6f8bbebad9b9e83263ad723d80c682\",\"phone\":\"786 378 2640\",\"country\":\"United States\",\"state\":\"Florida\",\"city\":\"Miami Gardens\",\"street\":\"20040 NW 3rdCT\",\"zip_code\":\"33169\",\"reg_ip\":\"172.70.254.133\",\"status\":1,\"package_id\":\"2\",\"rank_id\":1,\"highest_rank\":1,\"cycle_rank_id\":1,\"created\":\"2025-02-17 14:23:48\",\"subscription_date\":\"2025-03-19\",\"google_secret\":\"GAHFZVGCHL2GJCDU\"}', '2025-02-17 14:23:48', 'stripe', 'register');
UPDATE `temp_register` SET `response` = '{\"stripeToken\":\"tok_1QtasO2NUoYUjiuuAqyBWDZH\",\"stripeTokenType\":\"card\",\"stripeEmail\":\"rociofernandez468@gmail.com\"}', `date_modified` = '2025-02-17 14:25:18', `payment_status` = '{\"id\":\"ch_3QtasT2NUoYUjiuu185aPuQO\",\"object\":\"charge\",\"amount\":59500,\"amount_captured\":59500,\"amount_refunded\":0,\"application\":null,\"application_fee\":null,\"application_fee_amount\":null,\"balance_transaction\":\"txn_3QtasT2NUoYUjiuu1GvlEfwc\",\"billing_details\":{\"address\":{\"city\":null,\"country\":null,\"line1\":null,\"line2\":null,\"postal_code\":null,\"state\":null},\"email\":null,\"name\":\"rociofernandez468@gmail.com\",\"phone\":null},\"calculated_statement_descriptor\":\"TRAVELEGENDCY LLC\",\"captured\":true,\"created\":1739823917,\"currency\":\"usd\",\"customer\":\"cus_RnBEWaZ7WQPZ7t\",\"description\":null,\"destination\":null,\"dispute\":null,\"disputed\":false,\"failure_balance_transaction\":null,\"failure_code\":null,\"failure_message\":null,\"fraud_details\":[],\"invoice\":null,\"livemode\":true,\"metadata\":{\"name\":\"Rocio E Fernandez Mora\",\"username\":\"rocii_esme\"},\"on_behalf_of\":null,\"order\":null,\"outcome\":{\"advice_code\":null,\"network_advice_code\":null,\"network_decline_code\":null,\"network_status\":\"approved_by_network\",\"reason\":null,\"risk_level\":\"normal\",\"seller_message\":\"Payment complete.\",\"type\":\"authorized\"},\"paid\":true,\"payment_intent\":null,\"payment_method\":\"card_1QtasO2NUoYUjiuuxMKIn5qj\",\"payment_method_details\":{\"card\":{\"amount_authorized\":59500,\"authorization_code\":\"05558Z\",\"brand\":\"mastercard\",\"checks\":{\"address_line1_check\":null,\"address_postal_code_check\":null,\"cvc_check\":\"pass\"},\"country\":\"US\",\"exp_month\":1,\"exp_year\":2027,\"extended_authorization\":{\"status\":\"disabled\"},\"fingerprint\":\"Sfy1MPbwraere9OG\",\"funding\":\"credit\",\"incremental_authorization\":{\"status\":\"unavailable\"},\"installments\":null,\"last4\":\"4708\",\"mandate\":null,\"multicapture\":{\"status\":\"unavailable\"},\"network\":\"mastercard\",\"network_token\":{\"used\":false},\"network_transaction_id\":\"MWEAVV37M0217\",\"overcapture\":{\"maximum_amount_capturable\":59500,\"status\":\"unavailable\"},\"regulated_status\":\"unregulated\",\"three_d_secure\":null,\"wallet\":null},\"type\":\"card\"},\"receipt_email\":null,\"receipt_number\":null,\"receipt_url\":\"https:\\/\\/pay.stripe.com\\/receipts\\/payment\\/CAcQARoXChVhY2N0XzFRUEFGdjJOVW9ZVWppdXUor7bOvQYyBpwF25yE7josFr25WKMCvW896HFdM3lHFA6hzjYfwa80O21jTwcTn7TpkZsGQh-1Oyve9Mo\",\"refunded\":false,\"review\":null,\"shipping\":null,\"source\":{\"id\":\"card_1QtasO2NUoYUjiuuxMKIn5qj\",\"object\":\"card\",\"address_city\":null,\"address_country\":null,\"address_line1\":null,\"address_line1_check\":null,\"address_line2\":null,\"address_state\":null,\"address_zip\":null,\"address_zip_check\":null,\"allow_redisplay\":\"unspecified\",\"brand\":\"MasterCard\",\"country\":\"US\",\"customer\":\"cus_RnBEWaZ7WQPZ7t\",\"cvc_check\":\"pass\",\"dynamic_last4\":null,\"exp_month\":1,\"exp_year\":2027,\"fingerprint\":\"Sfy1MPbwraere9OG\",\"funding\":\"credit\",\"last4\":\"4708\",\"metadata\":[],\"name\":\"rociofernandez468@gmail.com\",\"regulated_status\":\"unregulated\",\"tokenization_method\":null,\"wallet\":null},\"source_transfer\":null,\"statement_descriptor\":null,\"statement_descriptor_suffix\":null,\"status\":\"succeeded\",\"transfer_data\":null,\"transfer_group\":null}'
WHERE `id` = 119;
UPDATE `user_registration` SET `uid` = '2200', `user_id` = 'KWLAIS', `username` = 'rocii_esme', `sponsor_id` = 'LUOTZ5', `vacant` = 'no', `f_name` = 'Rocio E', `l_name` = 'Fernandez Mora', `position` = 'left', `email` = 'rociofernandez468@gmail.com', `password` = 'ac6f8bbebad9b9e83263ad723d80c682', `phone` = '786 378 2640', `country` = 'United States', `state` = 'Florida', `city` = 'Miami Gardens', `street` = '20040 NW 3rdCT', `zip_code` = '33169', `reg_ip` = '172.70.254.133', `status` = 1, `package_id` = '2', `rank_id` = 1, `highest_rank` = 1, `cycle_rank_id` = 1, `created` = '2025-02-17 14:23:48', `subscription_date` = '2025-03-19', `google_secret` = 'GAHFZVGCHL2GJCDU'
WHERE `uid` = '2200';
INSERT INTO `user_registration` (`uid`, `user_id`, `username`, `sponsor_id`, `placement_id`, `vacant`, `f_name`, `l_name`, `address`, `position`, `email`, `password`, `phone`, `reg_ip`, `status`, `created`) VALUES (NULL, 'QXUDDA', 'JHGIUELc', 'KWLAIS', 'KWLAIS', 'yes', '', '', '', 'left', '@mail.com', '', '', '', 0, '2025-02-17 14:25:18');
INSERT INTO `user_registration` (`uid`, `user_id`, `username`, `sponsor_id`, `placement_id`, `vacant`, `f_name`, `l_name`, `address`, `position`, `email`, `password`, `phone`, `reg_ip`, `status`, `created`) VALUES (NULL, 'VCZDMD', 'ilTitnpv', 'KWLAIS', 'KWLAIS', 'yes', '', '', '', 'right', '@mail.com', '', '', '', 0, '2025-02-17 14:25:18');
INSERT INTO `bv_updation` (`user_id`) VALUES ('KWLAIS');
UPDATE `user_registration` SET total_ref_count = total_ref_count+1
WHERE `user_id` = 'LUOTZ5';
UPDATE `user_registration` SET total_downlines = total_downlines+1
WHERE `user_id` = 'XBYEND';
UPDATE `user_registration` SET left_downlines = left_downlines+1
WHERE `user_id` = 'XBYEND';
UPDATE `user_registration` SET total_downlines = total_downlines+1
WHERE `user_id` = 'LUOTZ5';
UPDATE `user_registration` SET left_downlines = left_downlines+1
WHERE `user_id` = 'LUOTZ5';
UPDATE `user_registration` SET left_ref_count = left_ref_count+1
WHERE `user_id` = 'LUOTZ5';
UPDATE `user_registration` SET active_left = active_left+1
WHERE `user_id` = 'LUOTZ5';
UPDATE `user_registration` SET total_downlines = total_downlines+1
WHERE `user_id` = 'IYCRUH';
UPDATE `user_registration` SET left_downlines = left_downlines+1
WHERE `user_id` = 'IYCRUH';
UPDATE `user_registration` SET total_downlines = total_downlines+1
WHERE `user_id` = '2RSJNO';
UPDATE `user_registration` SET left_downlines = left_downlines+1
WHERE `user_id` = '2RSJNO';
UPDATE `user_registration` SET total_downlines = total_downlines+1
WHERE `user_id` = 'ETPYLQ';
UPDATE `user_registration` SET left_downlines = left_downlines+1
WHERE `user_id` = 'ETPYLQ';
UPDATE `user_registration` SET total_downlines = total_downlines+1
WHERE `user_id` = 'M2XFK7';
UPDATE `user_registration` SET left_downlines = left_downlines+1
WHERE `user_id` = 'M2XFK7';
UPDATE `user_registration` SET total_downlines = total_downlines+1
WHERE `user_id` = '7BQJK5';
UPDATE `user_registration` SET left_downlines = left_downlines+1
WHERE `user_id` = '7BQJK5';
UPDATE `user_registration` SET total_downlines = total_downlines+1
WHERE `user_id` = 'QJ5U9C';
UPDATE `user_registration` SET left_downlines = left_downlines+1
WHERE `user_id` = 'QJ5U9C';
UPDATE `user_registration` SET total_downlines = total_downlines+1
WHERE `user_id` = 'O94ZPY';
UPDATE `user_registration` SET left_downlines = left_downlines+1
WHERE `user_id` = 'O94ZPY';
UPDATE `user_registration` SET total_downlines = total_downlines+1
WHERE `user_id` = 'JHRDHS';
UPDATE `user_registration` SET right_downlines = right_downlines+1
WHERE `user_id` = 'JHRDHS';
UPDATE `user_registration` SET total_downlines = total_downlines+1
WHERE `user_id` = 'CVVK4C';
UPDATE `user_registration` SET right_downlines = right_downlines+1
WHERE `user_id` = 'CVVK4C';
UPDATE `user_registration` SET total_downlines = total_downlines+1
WHERE `user_id` = 'K55EDD';
UPDATE `user_registration` SET left_downlines = left_downlines+1
WHERE `user_id` = 'K55EDD';
UPDATE `user_registration` SET total_downlines = total_downlines+1
WHERE `user_id` = 'UQO7EQ';
UPDATE `user_registration` SET left_downlines = left_downlines+1
WHERE `user_id` = 'UQO7EQ';
UPDATE `user_registration` SET total_downlines = total_downlines+1
WHERE `user_id` = 'N6GZAE';
UPDATE `user_registration` SET left_downlines = left_downlines+1
WHERE `user_id` = 'N6GZAE';
UPDATE `user_registration` SET total_downlines = total_downlines+1
WHERE `user_id` = '4E1CRI';
UPDATE `user_registration` SET left_downlines = left_downlines+1
WHERE `user_id` = '4E1CRI';
UPDATE `user_registration` SET total_downlines = total_downlines+1
WHERE `user_id` = 'SJBNYJ';
UPDATE `user_registration` SET left_downlines = left_downlines+1
WHERE `user_id` = 'SJBNYJ';
UPDATE `user_registration` SET total_downlines = total_downlines+1
WHERE `user_id` = '44B9Y4';
UPDATE `user_registration` SET left_downlines = left_downlines+1
WHERE `user_id` = '44B9Y4';
UPDATE `user_registration` SET total_downlines = total_downlines+1
WHERE `user_id` = 'admin';
UPDATE `user_registration` SET right_downlines = right_downlines+1
WHERE `user_id` = 'admin';
INSERT INTO `investment` (`invest_date`, `user_id`, `type`, `amount`, `package_id`) VALUES ('2025-02-17 14:25:18', 'KWLAIS', 'register', '595', '2');
INSERT INTO `earnings` (`user_id`, `Purchaser_id`, `earning_type`, `package_id`, `amount`, `date`, `comments`, `invest_amount`, `comm_perc`, `level`, `rank_id`, `order_id`) VALUES ('LUOTZ5', 'KWLAIS', 'Direct Referral Bonus', '2', '100', '2025-02-17 14:25:18', 'Direct Referral Bonus', 0, 0, 1, '', 95);
UPDATE `user_registration` SET commission_balance = ROUND(commission_balance + 100,2)
WHERE `user_id` = 'LUOTZ5';
UPDATE `user_registration` SET referral_bonus = ROUND(referral_bonus + 100,2)
WHERE `user_id` = 'LUOTZ5';
UPDATE `user_registration` SET total_points = ROUND(total_points + 50,2)
WHERE `user_id` = 'KWLAIS';
INSERT INTO `points_history` (`user_id`, `points`, `type`, `date`) VALUES ('KWLAIS', '50', 'register', '2025-02-17 14:25:');
INSERT INTO `matrix_filling` (`placement_id`, `downline_id`, `level`, `matrix`) VALUES ('XBYEND', 'KWLAIS', 1, 1);
UPDATE `bv_updation` SET left_carry = left_carry+50, total_left = total_left+50
WHERE `user_id` = 'XBYEND';
INSERT INTO `placement_bv_update_history` (`left_carry`, `date`, `from_id`, `user_id`) VALUES ('50', '2025-02-17 14:25:18', 'KWLAIS', 'XBYEND');
INSERT INTO `matrix_filling` (`placement_id`, `downline_id`, `level`, `matrix`) VALUES ('LUOTZ5', 'KWLAIS', 2, 1);
UPDATE `bv_updation` SET left_carry = left_carry+50, total_left = total_left+50
WHERE `user_id` = 'LUOTZ5';
INSERT INTO `placement_bv_update_history` (`left_carry`, `date`, `from_id`, `user_id`) VALUES ('50', '2025-02-17 14:25:18', 'KWLAIS', 'LUOTZ5');
UPDATE `bv_updation` SET sponsor_left_carry = sponsor_left_carry+50, sponsor_total_left = sponsor_total_left+50
WHERE `user_id` = 'LUOTZ5';
INSERT INTO `sponsor_bv_update_history` (`left_carry`, `date`, `user_id`) VALUES ('50', '2025-02-17 14:25:18', 'LUOTZ5');
INSERT INTO `matrix_filling` (`placement_id`, `downline_id`, `level`, `matrix`) VALUES ('IYCRUH', 'KWLAIS', 3, 1);
UPDATE `bv_updation` SET left_carry = left_carry+50, total_left = total_left+50
WHERE `user_id` = 'IYCRUH';
INSERT INTO `placement_bv_update_history` (`left_carry`, `date`, `from_id`, `user_id`) VALUES ('50', '2025-02-17 14:25:18', 'KWLAIS', 'IYCRUH');
INSERT INTO `matrix_filling` (`placement_id`, `downline_id`, `level`, `matrix`) VALUES ('2RSJNO', 'KWLAIS', 4, 1);
UPDATE `bv_updation` SET left_carry = left_carry+50, total_left = total_left+50
WHERE `user_id` = '2RSJNO';
INSERT INTO `placement_bv_update_history` (`left_carry`, `date`, `from_id`, `user_id`) VALUES ('50', '2025-02-17 14:25:18', 'KWLAIS', '2RSJNO');
INSERT INTO `matrix_filling` (`placement_id`, `downline_id`, `level`, `matrix`) VALUES ('ETPYLQ', 'KWLAIS', 5, 1);
UPDATE `bv_updation` SET left_carry = left_carry+50, total_left = total_left+50
WHERE `user_id` = 'ETPYLQ';
INSERT INTO `placement_bv_update_history` (`left_carry`, `date`, `from_id`, `user_id`) VALUES ('50', '2025-02-17 14:25:18', 'KWLAIS', 'ETPYLQ');
INSERT INTO `matrix_filling` (`placement_id`, `downline_id`, `level`, `matrix`) VALUES ('M2XFK7', 'KWLAIS', 6, 1);
UPDATE `bv_updation` SET left_carry = left_carry+50, total_left = total_left+50
WHERE `user_id` = 'M2XFK7';
INSERT INTO `placement_bv_update_history` (`left_carry`, `date`, `from_id`, `user_id`) VALUES ('50', '2025-02-17 14:25:18', 'KWLAIS', 'M2XFK7');
INSERT INTO `matrix_filling` (`placement_id`, `downline_id`, `level`, `matrix`) VALUES ('7BQJK5', 'KWLAIS', 7, 1);
UPDATE `bv_updation` SET left_carry = left_carry+50, total_left = total_left+50
WHERE `user_id` = '7BQJK5';
INSERT INTO `placement_bv_update_history` (`left_carry`, `date`, `from_id`, `user_id`) VALUES ('50', '2025-02-17 14:25:18', 'KWLAIS', '7BQJK5');
INSERT INTO `matrix_filling` (`placement_id`, `downline_id`, `level`, `matrix`) VALUES ('QJ5U9C', 'KWLAIS', 8, 1);
UPDATE `bv_updation` SET left_carry = left_carry+50, total_left = total_left+50
WHERE `user_id` = 'QJ5U9C';
INSERT INTO `placement_bv_update_history` (`left_carry`, `date`, `from_id`, `user_id`) VALUES ('50', '2025-02-17 14:25:18', 'KWLAIS', 'QJ5U9C');
INSERT INTO `matrix_filling` (`placement_id`, `downline_id`, `level`, `matrix`) VALUES ('O94ZPY', 'KWLAIS', 9, 1);
UPDATE `bv_updation` SET left_carry = left_carry+50, total_left = total_left+50
WHERE `user_id` = 'O94ZPY';
INSERT INTO `placement_bv_update_history` (`left_carry`, `date`, `from_id`, `user_id`) VALUES ('50', '2025-02-17 14:25:18', 'KWLAIS', 'O94ZPY');
INSERT INTO `matrix_filling` (`placement_id`, `downline_id`, `level`, `matrix`) VALUES ('JHRDHS', 'KWLAIS', 10, 1);
UPDATE `bv_updation` SET right_carry = right_carry+50, total_right = total_right+50
WHERE `user_id` = 'JHRDHS';
INSERT INTO `placement_bv_update_history` (`right_carry`, `date`, `from_id`, `user_id`) VALUES ('50', '2025-02-17 14:25:18', 'KWLAIS', 'JHRDHS');
INSERT INTO `matrix_filling` (`placement_id`, `downline_id`, `level`, `matrix`) VALUES ('CVVK4C', 'KWLAIS', 11, 1);
UPDATE `bv_updation` SET right_carry = right_carry+50, total_right = total_right+50
WHERE `user_id` = 'CVVK4C';
INSERT INTO `placement_bv_update_history` (`right_carry`, `date`, `from_id`, `user_id`) VALUES ('50', '2025-02-17 14:25:18', 'KWLAIS', 'CVVK4C');
INSERT INTO `matrix_filling` (`placement_id`, `downline_id`, `level`, `matrix`) VALUES ('K55EDD', 'KWLAIS', 12, 1);
UPDATE `bv_updation` SET left_carry = left_carry+50, total_left = total_left+50
WHERE `user_id` = 'K55EDD';
INSERT INTO `placement_bv_update_history` (`left_carry`, `date`, `from_id`, `user_id`) VALUES ('50', '2025-02-17 14:25:18', 'KWLAIS', 'K55EDD');
INSERT INTO `matrix_filling` (`placement_id`, `downline_id`, `level`, `matrix`) VALUES ('UQO7EQ', 'KWLAIS', 13, 1);
UPDATE `bv_updation` SET left_carry = left_carry+50, total_left = total_left+50
WHERE `user_id` = 'UQO7EQ';
INSERT INTO `placement_bv_update_history` (`left_carry`, `date`, `from_id`, `user_id`) VALUES ('50', '2025-02-17 14:25:18', 'KWLAIS', 'UQO7EQ');
INSERT INTO `matrix_filling` (`placement_id`, `downline_id`, `level`, `matrix`) VALUES ('N6GZAE', 'KWLAIS', 14, 1);
UPDATE `bv_updation` SET left_carry = left_carry+50, total_left = total_left+50
WHERE `user_id` = 'N6GZAE';
INSERT INTO `placement_bv_update_history` (`left_carry`, `date`, `from_id`, `user_id`) VALUES ('50', '2025-02-17 14:25:18', 'KWLAIS', 'N6GZAE');
INSERT INTO `matrix_filling` (`placement_id`, `downline_id`, `level`, `matrix`) VALUES ('4E1CRI', 'KWLAIS', 15, 1);
UPDATE `bv_updation` SET left_carry = left_carry+50, total_left = total_left+50
WHERE `user_id` = '4E1CRI';
INSERT INTO `placement_bv_update_history` (`left_carry`, `date`, `from_id`, `user_id`) VALUES ('50', '2025-02-17 14:25:18', 'KWLAIS', '4E1CRI');
INSERT INTO `matrix_filling` (`placement_id`, `downline_id`, `level`, `matrix`) VALUES ('SJBNYJ', 'KWLAIS', 16, 1);
UPDATE `bv_updation` SET left_carry = left_carry+50, total_left = total_left+50
WHERE `user_id` = 'SJBNYJ';
INSERT INTO `placement_bv_update_history` (`left_carry`, `date`, `from_id`, `user_id`) VALUES ('50', '2025-02-17 14:25:18', 'KWLAIS', 'SJBNYJ');
INSERT INTO `matrix_filling` (`placement_id`, `downline_id`, `level`, `matrix`) VALUES ('44B9Y4', 'KWLAIS', 17, 1);
UPDATE `bv_updation` SET left_carry = left_carry+50, total_left = total_left+50
WHERE `user_id` = '44B9Y4';
INSERT INTO `placement_bv_update_history` (`left_carry`, `date`, `from_id`, `user_id`) VALUES ('50', '2025-02-17 14:25:18', 'KWLAIS', '44B9Y4');
INSERT INTO `matrix_filling` (`placement_id`, `downline_id`, `level`, `matrix`) VALUES ('admin', 'KWLAIS', 18, 1);
UPDATE `bv_updation` SET right_carry = right_carry+50, total_right = total_right+50
WHERE `user_id` = 'admin';
INSERT INTO `placement_bv_update_history` (`right_carry`, `date`, `from_id`, `user_id`) VALUES ('50', '2025-02-17 14:25:18', 'KWLAIS', 'admin');
INSERT INTO `package_purchase_history` (`user_id`, `package_id`, `reg_fee`, `package_name`, `monthly_fee`, `type`, `date`, `payment_option`) VALUES ('KWLAIS', '2', '595', 'Traveler Pro', '150', 'sign_up', '2025-02-17 14:25:18', 'stripe');
UPDATE `user_registration` SET `popup_seen` = 'yes'
WHERE `user_id` = 'LUOTZ5';
UPDATE `user_registration` SET `default_leg` = 'right'
WHERE `user_id` = 'LUOTZ5';
UPDATE `user_registration` SET `popup_seen` = 'no'
WHERE `user_id` = 'LUOTZ5';
DELETE FROM `ci_sessions`
WHERE `id` = '3e8d34f5b6584f19e202a7eeec16c1ae96e65cb1';
UPDATE `ci_sessions` SET `timestamp` = 1739824776, `data` = '__ci_last_regenerate|i:1739824776;captcha|s:4:\"4m6g\";'
WHERE `id` = 'cb64791851d6a19299a2280c8c1b80386316a551';
INSERT INTO `login_history` (`user_id`, `device`, `ip_address`, `date`) VALUES ('ETPYLQ', 'Mozilla/5.0 (Windows NT 10.0; Win64; x64) AppleWebKit/537.36 (KHTML, like Gecko) Chrome/133.0.0.0 Safari/537.36', '172.71.194.113', '25-02-17 14:39');
UPDATE `user_registration` SET `popup_seen` = 'yes'
WHERE `user_id` = 'ETPYLQ';
UPDATE `user_registration` SET `language` = 'spanish'
WHERE `user_id` = 'ETPYLQ';
UPDATE `user_registration` SET `popup_seen` = 'yes'
WHERE `user_id` = 'ETPYLQ';
UPDATE `ci_sessions` SET `timestamp` = 1739824971, `data` = '__ci_last_regenerate|i:1739824971;captcha|s:4:\"2l3s\";'
WHERE `id` = '1725550b658809880b10aa566607211c791c9e47';
INSERT INTO `login_history` (`user_id`, `device`, `ip_address`, `date`) VALUES ('IYCRUH', 'Mozilla/5.0 (Linux; Android 10; K) AppleWebKit/537.36 (KHTML, like Gecko) Chrome/131.0.0.0 Mobile Safari/537.36', '172.71.23.93', '25-02-17 14:44');
UPDATE `user_registration` SET `popup_seen` = 'yes'
WHERE `user_id` = 'IYCRUH';
UPDATE `user_registration` SET `popup_seen` = 'yes'
WHERE `user_id` = 'IYCRUH';
UPDATE `user_registration` SET `popup_seen` = 'yes'
WHERE `user_id` = 'IYCRUH';
UPDATE `user_registration` SET `popup_seen` = 'yes'
WHERE `user_id` = 'IYCRUH';
UPDATE `ci_sessions` SET `timestamp` = 1739825183, `data` = '__ci_last_regenerate|i:1739825183;id|s:4:\"2186\";user_id|s:6:\"ETPYLQ\";username|s:16:\"JorgeLRMarrero47\";sponsor_id|s:6:\"QJ5U9C\";fullname|s:28:\"Jorge Luis Rodriguez Marrero\";email|s:24:\"jorgelrmarrero@gmail.com\";phone|s:10:\"7864700920\";isLogIn|b:1;'
WHERE `id` = '7f0ef0ec8530c7937f68ac4c1ef92a7241f231a2';
UPDATE `user_registration` SET `popup_seen` = 'no'
WHERE `user_id` = 'ETPYLQ';
DELETE FROM `ci_sessions`
WHERE `id` = '1e0b669f5554418b4dd145d2c1c2b46fffc498fc';
INSERT INTO `login_history` (`user_id`, `device`, `ip_address`, `date`) VALUES ('7BQJK5', 'Mozilla/5.0 (Linux; Android 10; K) AppleWebKit/537.36 (KHTML, like Gecko) Chrome/133.0.0.0 Mobile Safari/537.36 EdgA/133.0.0.0', '172.70.254.95', '25-02-17 14:53');
UPDATE `user_registration` SET `popup_seen` = 'yes'
WHERE `user_id` = '7BQJK5';
UPDATE `user_registration` SET `popup_seen` = 'yes'
WHERE `user_id` = '7BQJK5';
UPDATE `ci_sessions` SET `timestamp` = 1739826177, `data` = '__ci_last_regenerate|i:1739826177;id|s:4:\"2144\";user_id|s:6:\"7BQJK5\";username|s:7:\"TRAVEL1\";sponsor_id|s:6:\"QJ5U9C\";fullname|s:14:\"YANARA PENABAD\";email|s:20:\"YPENABAD@HOTMAIL.COM\";phone|s:10:\"7867153304\";isLogIn|b:1;'
WHERE `id` = 'c229a2c1439985d5905a1fb384bf37d5f3739607';
UPDATE `user_registration` SET `popup_seen` = 'yes'
WHERE `user_id` = '7BQJK5';
UPDATE `user_registration` SET `popup_seen` = 'yes'
WHERE `user_id` = '7BQJK5';
UPDATE `user_registration` SET `popup_seen` = 'yes'
WHERE `user_id` = '7BQJK5';
UPDATE `user_registration` SET `popup_seen` = 'yes'
WHERE `user_id` = '7BQJK5';
UPDATE `user_registration` SET `popup_seen` = 'yes'
WHERE `user_id` = '7BQJK5';
UPDATE `ci_sessions` SET `timestamp` = 1739826397, `data` = '__ci_last_regenerate|i:1739826397;captcha|s:4:\"9ytr\";'
WHERE `id` = '9cea8b01f0b3d4357b8621fd1e402cd444c360d9';
INSERT INTO `login_history` (`user_id`, `device`, `ip_address`, `date`) VALUES ('QJ5U9C', 'Mozilla/5.0 (Windows NT 10.0; Win64; x64) AppleWebKit/537.36 (KHTML, like Gecko) Chrome/133.0.0.0 Safari/537.36', '172.71.23.93', '25-02-17 15:07');
UPDATE `user_registration` SET `popup_seen` = 'yes'
WHERE `user_id` = 'QJ5U9C';
UPDATE `user_registration` SET `popup_seen` = 'yes'
WHERE `user_id` = '7BQJK5';
UPDATE `user_registration` SET `language` = 'spanish'
WHERE `user_id` = 'QJ5U9C';
UPDATE `user_registration` SET `popup_seen` = 'yes'
WHERE `user_id` = 'QJ5U9C';
UPDATE `ci_sessions` SET `timestamp` = 1739826740, `data` = '__ci_last_regenerate|i:1739826740;id|s:4:\"2144\";user_id|s:6:\"7BQJK5\";username|s:7:\"TRAVEL1\";sponsor_id|s:6:\"QJ5U9C\";fullname|s:14:\"YANARA PENABAD\";email|s:20:\"YPENABAD@HOTMAIL.COM\";phone|s:10:\"7867153304\";isLogIn|b:1;'
WHERE `id` = '95479c56c7b8770159d4d31bd845f1aac4a02b27';
UPDATE `user_registration` SET `popup_seen` = 'yes'
WHERE `user_id` = '7BQJK5';
UPDATE `ci_sessions` SET `timestamp` = 1739827519, `data` = '__ci_last_regenerate|i:1739827519;id|s:4:\"2084\";user_id|s:6:\"QJ5U9C\";username|s:10:\"gascarde60\";sponsor_id|s:6:\"O94ZPY\";fullname|s:14:\"Gaspar Cardero\";email|s:18:\"gascarde@yahoo.com\";phone|s:10:\"7862371360\";isLogIn|b:1;'
WHERE `id` = '6830a419aec419aad9bf9026bfa159a69243b0ab';
UPDATE `user_registration` SET `popup_seen` = 'yes'
WHERE `user_id` = 'QJ5U9C';
UPDATE `ci_sessions` SET `timestamp` = 1739828345, `data` = '__ci_last_regenerate|i:1739828345;captcha|s:4:\"dzuc\";'
WHERE `id` = '76bf0001760a88993baf856a40520b40cb0a1258';
INSERT INTO `login_history` (`user_id`, `device`, `ip_address`, `date`) VALUES ('UQO7EQ', 'Mozilla/5.0 (Windows NT 10.0; Win64; x64) AppleWebKit/537.36 (KHTML, like Gecko) Chrome/133.0.0.0 Safari/537.36', '172.70.34.78', '25-02-17 15:39');
UPDATE `user_registration` SET `popup_seen` = 'yes'
WHERE `user_id` = 'UQO7EQ';
UPDATE `user_registration` SET `popup_seen` = 'yes'
WHERE `user_id` = 'UQO7EQ';
UPDATE `user_registration` SET `popup_seen` = 'yes'
WHERE `user_id` = 'UQO7EQ';
UPDATE `ci_sessions` SET `timestamp` = 1739828519, `data` = '__ci_last_regenerate|i:1739828519;id|s:4:\"2144\";user_id|s:6:\"7BQJK5\";username|s:7:\"TRAVEL1\";sponsor_id|s:6:\"QJ5U9C\";fullname|s:14:\"YANARA PENABAD\";email|s:20:\"YPENABAD@HOTMAIL.COM\";phone|s:10:\"7867153304\";isLogIn|b:1;'
WHERE `id` = 'b2603083c284cebd3bdc4098c288f4bad474599e';
UPDATE `user_registration` SET `popup_seen` = 'no'
WHERE `user_id` = 'UQO7EQ';
DELETE FROM `ci_sessions`
WHERE `id` = 'e94e9d73a36252850953056b18af63a14dccdb2f';
INSERT INTO `login_history` (`user_id`, `device`, `ip_address`, `date`) VALUES ('FLKHUD', 'Mozilla/5.0 (Macintosh; Intel Mac OS X 10_15_7) AppleWebKit/605.1.15 (KHTML, like Gecko) Version/18.1.1 Safari/605.1.15', '172.70.255.161', '25-02-17 15:43');
UPDATE `user_registration` SET `popup_seen` = 'yes'
WHERE `user_id` = 'FLKHUD';
UPDATE `user_registration` SET `popup_seen` = 'no'
WHERE `user_id` = '7BQJK5';
DELETE FROM `ci_sessions`
WHERE `id` = '853f2b0be6a00fe70ca28388cff54d0b50928f97';
UPDATE `user_registration` SET `popup_seen` = 'yes'
WHERE `user_id` = 'FLKHUD';
UPDATE `ci_sessions` SET `timestamp` = 1739828862, `data` = '__ci_last_regenerate|i:1739828862;id|s:4:\"2147\";user_id|s:6:\"FLKHUD\";username|s:6:\"Malaga\";sponsor_id|s:6:\"BUWYXW\";fullname|s:15:\"Alvaro Velandia\";email|s:25:\"alvarovelandiam@gmail.com\";phone|s:10:\"3058779862\";isLogIn|b:1;'
WHERE `id` = '4138754a121557bb35133e429ff31fecf321df79';
UPDATE `user_registration` SET `popup_seen` = 'yes'
WHERE `user_id` = 'FLKHUD';
UPDATE `user_registration` SET `popup_seen` = 'yes'
WHERE `user_id` = 'FLKHUD';
UPDATE `user_registration` SET `popup_seen` = 'yes'
WHERE `user_id` = 'FLKHUD';
UPDATE `user_registration` SET `popup_seen` = 'yes'
WHERE `user_id` = 'FLKHUD';
UPDATE `ci_sessions` SET `timestamp` = 1739829175, `data` = '__ci_last_regenerate|i:1739829175;id|s:4:\"2147\";user_id|s:6:\"FLKHUD\";username|s:6:\"Malaga\";sponsor_id|s:6:\"BUWYXW\";fullname|s:15:\"Alvaro Velandia\";email|s:25:\"alvarovelandiam@gmail.com\";phone|s:10:\"3058779862\";isLogIn|b:1;'
WHERE `id` = 'a05068f9b5dae20f968373db21b6d8bd7db679f2';
UPDATE `user_registration` SET `popup_seen` = 'yes'
WHERE `user_id` = 'FLKHUD';
UPDATE `ci_sessions` SET `timestamp` = 1739829480, `data` = '__ci_last_regenerate|i:1739829480;id|s:4:\"2147\";user_id|s:6:\"FLKHUD\";username|s:6:\"Malaga\";sponsor_id|s:6:\"BUWYXW\";fullname|s:15:\"Alvaro Velandia\";email|s:25:\"alvarovelandiam@gmail.com\";phone|s:10:\"3058779862\";isLogIn|b:1;'
WHERE `id` = '5cb5fee712b20e982d46bbb1753c8baaa78df55e';
INSERT INTO `login_history` (`user_id`, `device`, `ip_address`, `date`) VALUES ('U7SMZ8', 'Mozilla/5.0 (Macintosh; Intel Mac OS X 10_15_7) AppleWebKit/605.1.15 (KHTML, like Gecko) Version/17.6 Safari/605.1.15', '172.70.35.39', '25-02-17 16:01');
UPDATE `user_registration` SET `popup_seen` = 'yes'
WHERE `user_id` = 'U7SMZ8';
UPDATE `user_registration` SET `popup_seen` = 'yes'
WHERE `user_id` = 'U7SMZ8';
UPDATE `user_registration` SET `popup_seen` = 'no'
WHERE `user_id` = 'U7SMZ8';
DELETE FROM `ci_sessions`
WHERE `id` = '909e8ff3e535f35b2bfbb33639b25b575740bffd';
INSERT INTO `login_history` (`user_id`, `device`, `ip_address`, `date`) VALUES ('K55EDD', 'Mozilla/5.0 (iPhone; CPU iPhone OS 18_3_1 like Mac OS X) AppleWebKit/605.1.15 (KHTML, like Gecko) Version/18.3 Mobile/15E148 Safari/604.1', '172.71.156.142', '25-02-17 16:35');
UPDATE `user_registration` SET `popup_seen` = 'yes'
WHERE `user_id` = 'K55EDD';
UPDATE `user_registration` SET `popup_seen` = 'yes'
WHERE `user_id` = 'K55EDD';
UPDATE `ci_sessions` SET `timestamp` = 1739832574, `data` = '__ci_last_regenerate|i:1739832574;captcha|s:4:\"39dn\";'
WHERE `id` = '86ed5e5b6c6f4ba646361a8beb70b79bdbb8595b';
INSERT INTO `login_history` (`user_id`, `device`, `ip_address`, `date`) VALUES ('UQO7EQ', 'Mozilla/5.0 (Windows NT 10.0; Win64; x64) AppleWebKit/537.36 (KHTML, like Gecko) Chrome/133.0.0.0 Safari/537.36', '172.70.254.233', '25-02-17 16:49');
UPDATE `user_registration` SET `popup_seen` = 'yes'
WHERE `user_id` = 'UQO7EQ';
UPDATE `user_registration` SET `popup_seen` = 'no'
WHERE `user_id` = 'UQO7EQ';
DELETE FROM `ci_sessions`
WHERE `id` = 'abb4e6cd2e5ec1d7805c6d6a70790610a410057a';
INSERT INTO `login_history` (`user_id`, `device`, `ip_address`, `date`) VALUES ('UXMQZD', 'Mozilla/5.0 (Macintosh; Intel Mac OS X 10_15_7) AppleWebKit/605.1.15 (KHTML, like Gecko) Version/17.6 Safari/605.1.15', '172.70.55.80', '25-02-17 17:34');
UPDATE `user_registration` SET `popup_seen` = 'yes'
WHERE `user_id` = 'UXMQZD';
INSERT INTO `login_history` (`user_id`, `device`, `ip_address`, `date`) VALUES ('72W7M6', 'Mozilla/5.0 (Macintosh; Intel Mac OS X 10_15_7) AppleWebKit/537.36 (KHTML, like Gecko) Chrome/128.0.0.0 Safari/537.36', '108.162.210.221', '25-02-17 17:36');
UPDATE `user_registration` SET `popup_seen` = 'yes'
WHERE `user_id` = '72W7M6';
INSERT INTO `payquicker_token` (`response`, `token`, `created_time`, `expires_at`) VALUES ('{\"access_token\":\"97ECAC6937173820E0F7E55FC697B6D09985D6F31E8B7F0FACCD1F13D090045D-1\",\"expires_in\":3600,\"token_type\":\"Bearer\",\"scope\":\"api useraccount_balance useraccount_debit useraccount_invitation useraccount_payment\"}', '97ECAC6937173820E0F7E55FC697B6D09985D6F31E8B7F0FACCD1F13D090045D-1', '2025-02-17 17:37:11', '2025-02-17 18:37:11');
INSERT INTO `payment_metod_setting` (`user_id`, `method`, `email`, `wallet_id`, `status`, `date`) VALUES ('UXMQZD', 'payquicker', 'hern1892@hotmail.com', 'hern1892sTBV', 0, '2025-02-17 17:37:12');
INSERT INTO `payquicker_send_invite` (`user_id`, `userCompanyAssignedUniqueKey`, `response`, `date`) VALUES ('UXMQZD', 'hern1892sTBV', '[{\"dateInvited\":\"2025-02-17T23:37:13Z\",\"invitationKey\":\"IJRFBfnT7eNbQmOeKqeqyavnyMWfyzPtd7jqtFmwFbMfL2IcGaMDSCNhbZrH5RDm4QRobhmwLDhVGk0nBajKY3mlkl0ukRvGOA5a78CN9rX0o4ghcbhVtUB2CThHPF1AbnNYslhAAUblE3Ewq2LjLp6tTq6EIpKAHE8yjTGy4Qr8BcCt92Y9KdnI02KPMpAlw6VAo5hXDVshKZKXbjx1bPgU7hfDFLH3SPU9gVEDnj32YgSQx7AaKQsWZgEQ6Vnr\",\"invitationStatus\":\"InvitationStatusType_Pending\",\"registrationStatus\":\"NotStarted\",\"registrationDetails\":{\"addresses\":[{\"city\":\"Hialeah\",\"country\":\"USA\",\"postalCode\":\"33013\",\"region\":\"Florida\",\"streetAddress1\":\"4581 E 1 Ave\",\"created\":\"0001-01-01T00:00:00Z\",\"type\":\"AddressType_Residential\"}],\"fundingAccountPublicId\":\"4e84a85ac47e46639c648f932d48fdf0\",\"issuePlasticCard\":true,\"notifyUser\":true,\"userDetails\":{\"emailAddress\":\"hern1892@hotmail.com\",\"firstName\":\"Magaly\",\"lastName\":\"Hernandez\",\"userCompanyAssignedUniqueKey\":\"hern1892sTBV\"}}}]', '2025-02-17 17:37:12');
UPDATE `ci_sessions` SET `timestamp` = 1739835856, `data` = '__ci_last_regenerate|i:1739835856;captcha|s:4:\"inlv\";'
WHERE `id` = 'f48b6aad6a3535172741703a6c9522c0f0575c27';
INSERT INTO `login_history` (`user_id`, `device`, `ip_address`, `date`) VALUES ('UQO7EQ', 'Mozilla/5.0 (Windows NT 10.0; Win64; x64) AppleWebKit/537.36 (KHTML, like Gecko) Chrome/133.0.0.0 Safari/537.36', '108.162.210.221', '25-02-17 17:44');
UPDATE `user_registration` SET `popup_seen` = 'yes'
WHERE `user_id` = 'UQO7EQ';
UPDATE `user_registration` SET `popup_seen` = 'no'
WHERE `user_id` = 'UQO7EQ';
DELETE FROM `ci_sessions`
WHERE `id` = 'ca1edf70d0cf000a394d682f8c084b162c5c22c8';
INSERT INTO `login_history` (`user_id`, `device`, `ip_address`, `date`) VALUES ('R37QLI', 'Mozilla/5.0 (Macintosh; Intel Mac OS X 10_15_7) AppleWebKit/605.1.15 (KHTML, like Gecko) Version/17.4 Safari/605.1.15', '172.70.255.193', '25-02-17 17:56');
UPDATE `user_registration` SET `popup_seen` = 'yes'
WHERE `user_id` = 'R37QLI';
UPDATE `ci_sessions` SET `timestamp` = 1739837011, `data` = '__ci_last_regenerate|i:1739837011;captcha|s:4:\"mwdu\";'
WHERE `id` = 'c7f5412529ddad51a7438deac3c8b597cc1e300f';
INSERT INTO `login_history` (`user_id`, `device`, `ip_address`, `date`) VALUES ('IYCRUH', 'Mozilla/5.0 (Linux; Android 10; K) AppleWebKit/537.36 (KHTML, like Gecko) Chrome/131.0.0.0 Mobile Safari/537.36', '172.69.132.241', '25-02-17 18:06');
UPDATE `user_registration` SET `popup_seen` = 'yes'
WHERE `user_id` = 'IYCRUH';
UPDATE `ci_sessions` SET `timestamp` = 1739837358, `data` = '__ci_last_regenerate|i:1739837358;id|s:4:\"2192\";user_id|s:6:\"IYCRUH\";username|s:11:\"CARMENTMORA\";sponsor_id|s:6:\"QJ5U9C\";fullname|s:13:\"Carmen T Mora\";email|s:24:\"rosioesmeralda@yahoo.com\";phone|s:10:\"7869708716\";isLogIn|b:1;message|s:21:\"Welcome Carmen T Mora\";__ci_vars|a:1:{s:7:\"message\";s:3:\"old\";}'
WHERE `id` = '52484dc63ce8c3c85b7e16e1e3dd5bb65afadf0f';
UPDATE `user_registration` SET `popup_seen` = 'yes'
WHERE `user_id` = 'IYCRUH';
UPDATE `user_registration` SET `popup_seen` = 'yes'
WHERE `user_id` = 'IYCRUH';
UPDATE `user_registration` SET `popup_seen` = 'yes'
WHERE `user_id` = 'IYCRUH';
UPDATE `user_registration` SET `popup_seen` = 'yes'
WHERE `user_id` = 'IYCRUH';
UPDATE `user_registration` SET `popup_seen` = 'yes'
WHERE `user_id` = 'IYCRUH';
UPDATE `user_registration` SET `popup_seen` = 'yes'
WHERE `user_id` = 'IYCRUH';
UPDATE `user_registration` SET `popup_seen` = 'no'
WHERE `user_id` = 'IYCRUH';
DELETE FROM `ci_sessions`
WHERE `id` = '3755fb7874ebac244f1f5742937d2b351c4f2b8b';
INSERT INTO `login_history` (`user_id`, `device`, `ip_address`, `date`) VALUES ('LUOTZ5', 'Mozilla/5.0 (Linux; Android 11; SAMSUNG SM-A022M) AppleWebKit/537.36 (KHTML, like Gecko) SamsungBrowser/14.0 Chrome/87.0.4280.141 Mobile Safari/537.36', '172.69.132.224', '25-02-17 18:14');
UPDATE `user_registration` SET `popup_seen` = 'yes'
WHERE `user_id` = 'LUOTZ5';
UPDATE `user_registration` SET `popup_seen` = 'yes'
WHERE `user_id` = 'LUOTZ5';
UPDATE `user_registration` SET `popup_seen` = 'no'
WHERE `user_id` = 'LUOTZ5';
DELETE FROM `ci_sessions`
WHERE `id` = '9f3d8d1328f635fe294f5972a6e02abc5a92c119';
UPDATE `ci_sessions` SET `timestamp` = 1739837882, `data` = '__ci_last_regenerate|i:1739837882;captcha|s:4:\"ki88\";'
WHERE `id` = 'b1bbffe3557db22f2be21c6d0e9921b62c8c3a33';
UPDATE `ci_sessions` SET `timestamp` = 1739839026, `data` = '__ci_last_regenerate|i:1739839026;id|s:4:\"2085\";user_id|s:6:\"UXMQZD\";username|s:8:\"hern1892\";sponsor_id|s:6:\"O94ZPY\";fullname|s:16:\"Magaly Hernandez\";email|s:20:\"hern1892@hotmail.com\";phone|s:12:\"786 449 8531\";isLogIn|b:1;message|s:97:\"Successfully send signup link to your email, Please complete the registration as soon as possible\";__ci_vars|a:1:{s:7:\"message\";s:3:\"old\";}'
WHERE `id` = '2474048c3c34931c962d1ef4e637e9cc0d468b39';
UPDATE `user_registration` SET `popup_seen` = 'no'
WHERE `user_id` = 'UXMQZD';
DELETE FROM `ci_sessions`
WHERE `id` = '48f332d3bd61a562198865979a24a1a664d3f67f';
INSERT INTO `login_history` (`user_id`, `device`, `ip_address`, `date`) VALUES ('O94ZPY', 'Mozilla/5.0 (Macintosh; Intel Mac OS X 10_15_7) AppleWebKit/605.1.15 (KHTML, like Gecko) Version/17.6 Safari/605.1.15', '172.70.255.18', '25-02-17 18:37');
UPDATE `user_registration` SET `popup_seen` = 'yes'
WHERE `user_id` = 'O94ZPY';
UPDATE `ci_sessions` SET `timestamp` = 1739839346, `data` = '__ci_last_regenerate|i:1739839346;captcha|s:4:\"gtn6\";'
WHERE `id` = '474701feac4363057f9b9c4eb107cb0aca71ee7f';
UPDATE `ci_sessions` SET `timestamp` = 1739839391, `data` = '__ci_last_regenerate|i:1739839391;id|s:4:\"2075\";user_id|s:6:\"O94ZPY\";username|s:12:\"angelito4817\";sponsor_id|s:6:\"JHRDHS\";fullname|s:15:\"Angel Fernandez\";email|s:25:\"angelito.magaly@gmail.com\";phone|s:0:\"\";isLogIn|b:1;'
WHERE `id` = '1cf72a14c5ad96b6059eb06b626bc5dc52e899ef';
INSERT INTO `login_history` (`user_id`, `device`, `ip_address`, `date`) VALUES ('UXMQZD', 'Mozilla/5.0 (Windows NT 10.0; Win64; x64) AppleWebKit/537.36 (KHTML, like Gecko) Chrome/132.0.0.0 Safari/537.36', '172.70.82.158', '25-02-17 18:44');
UPDATE `user_registration` SET `popup_seen` = 'yes'
WHERE `user_id` = 'UXMQZD';
UPDATE `ci_sessions` SET `timestamp` = 1739839693, `data` = '__ci_last_regenerate|i:1739839693;id|s:4:\"2075\";user_id|s:6:\"O94ZPY\";username|s:12:\"angelito4817\";sponsor_id|s:6:\"JHRDHS\";fullname|s:15:\"Angel Fernandez\";email|s:25:\"angelito.magaly@gmail.com\";phone|s:0:\"\";isLogIn|b:1;'
WHERE `id` = '7af08909bf6f24a910171515c2f31131883c8637';
UPDATE `ci_sessions` SET `timestamp` = 1739840334, `data` = '__ci_last_regenerate|i:1739840334;captcha|s:4:\"191z\";'
WHERE `id` = '852e24a6da444aa92f031e82911a0d3c65e4c09e';
INSERT INTO `login_history` (`user_id`, `device`, `ip_address`, `date`) VALUES ('JHRDHS', 'Mozilla/5.0 (iPhone; CPU iPhone OS 18_3_1 like Mac OS X) AppleWebKit/605.1.15 (KHTML, like Gecko) Version/18.3 Mobile/15E148 Safari/604.1', '172.70.82.190', '25-02-17 18:58');
UPDATE `user_registration` SET `popup_seen` = 'yes'
WHERE `user_id` = 'JHRDHS';
INSERT INTO `login_history` (`user_id`, `device`, `ip_address`, `date`) VALUES ('IYLH21', 'Mozilla/5.0 (iPhone; CPU iPhone OS 18_1_1 like Mac OS X) AppleWebKit/605.1.15 (KHTML, like Gecko) Version/18.1.1 Mobile/15E148 Safari/604.1', '172.69.132.232', '25-02-17 18:59');
UPDATE `user_registration` SET `popup_seen` = 'yes'
WHERE `user_id` = 'IYLH21';
UPDATE `user_registration` SET `popup_seen` = 'yes'
WHERE `user_id` = 'IYLH21';
UPDATE `user_registration` SET `popup_seen` = 'no'
WHERE `user_id` IS NULL;
DELETE FROM `ci_sessions`
WHERE `id` = 'b70e281ca01331ce8671d3e6bec2e51bf9f0282c';
INSERT INTO `login_history` (`user_id`, `device`, `ip_address`, `date`) VALUES ('JHRDHS', 'Mozilla/5.0 (Macintosh; Intel Mac OS X 10_15_7) AppleWebKit/605.1.15 (KHTML, like Gecko) Version/17.6 Safari/605.1.15', '172.70.54.159', '25-02-17 19:00');
UPDATE `user_registration` SET `popup_seen` = 'yes'
WHERE `user_id` = 'JHRDHS';
INSERT INTO `login_history` (`user_id`, `device`, `ip_address`, `date`) VALUES ('QJ5U9C', 'Mozilla/5.0 (Windows NT 10.0; Win64; x64) AppleWebKit/537.36 (KHTML, like Gecko) Chrome/133.0.0.0 Safari/537.36', '172.70.55.20', '25-02-17 19:06');
UPDATE `user_registration` SET `popup_seen` = 'yes'
WHERE `user_id` = 'QJ5U9C';
UPDATE `ci_sessions` SET `timestamp` = 1739841217, `data` = '__ci_last_regenerate|i:1739841217;id|s:4:\"2085\";user_id|s:6:\"UXMQZD\";username|s:8:\"hern1892\";sponsor_id|s:6:\"O94ZPY\";fullname|s:16:\"Magaly Hernandez\";email|s:20:\"hern1892@hotmail.com\";phone|s:12:\"786 449 8531\";isLogIn|b:1;'
WHERE `id` = '447e72d0ddfcf2ab17c42462b2cc98a6280d004e';
UPDATE `ci_sessions` SET `timestamp` = 1739841564, `data` = '__ci_last_regenerate|i:1739841564;id|s:4:\"2085\";user_id|s:6:\"UXMQZD\";username|s:8:\"hern1892\";sponsor_id|s:6:\"O94ZPY\";fullname|s:16:\"Magaly Hernandez\";email|s:20:\"hern1892@hotmail.com\";phone|s:12:\"786 449 8531\";isLogIn|b:1;'
WHERE `id` = 'c9550ebbee9201b29bbfb381ef51d01f5d1a3851';
UPDATE `user_registration` SET `trans_password` = '052763'
WHERE `user_id` = 'UXMQZD';
INSERT INTO `notifications` (`user_id`, `notification_type`, `subject`, `details`, `date`, `status`) VALUES ('UXMQZD', 'transaction_password_update', 'Transaction Password Notification', 'Your transaction password has been created successfully.', '2025-02-17 19:22:16', 0);
UPDATE `ci_sessions` SET `timestamp` = 1739841768, `data` = '__ci_last_regenerate|i:1739841768;captcha|s:4:\"69nq\";'
WHERE `id` = '60f71150fbed3ad8c53cb3156f9a1c23cbecabc9';
INSERT INTO `login_history` (`user_id`, `device`, `ip_address`, `date`) VALUES ('OMGB4G', 'Mozilla/5.0 (Windows NT 10.0; Win64; x64) AppleWebKit/537.36 (KHTML, like Gecko) Chrome/133.0.0.0 Safari/537.36', '172.70.255.41', '25-02-17 19:22');
UPDATE `user_registration` SET `popup_seen` = 'yes'
WHERE `user_id` = 'OMGB4G';
UPDATE `user_registration` SET `popup_seen` = 'yes'
WHERE `user_id` = 'OMGB4G';
UPDATE `user_registration` SET `popup_seen` = 'no'
WHERE `user_id` = 'OMGB4G';
DELETE FROM `ci_sessions`
WHERE `id` = 'e267753d7eda2aa67086bc945da73aeb6df9a5d9';
INSERT INTO `login_history` (`user_id`, `device`, `ip_address`, `date`) VALUES ('ULHSH2', 'Mozilla/5.0 (Windows NT 10.0; Win64; x64) AppleWebKit/537.36 (KHTML, like Gecko) Chrome/133.0.0.0 Safari/537.36', '172.70.82.169', '25-02-17 19:24');
UPDATE `user_registration` SET `popup_seen` = 'yes'
WHERE `user_id` = 'ULHSH2';
UPDATE `user_registration` SET `popup_seen` = 'no'
WHERE `user_id` = 'ULHSH2';
DELETE FROM `ci_sessions`
WHERE `id` = 'ecabd1d4f1b155770be938c1ffb2cb70f25aecdc';
UPDATE `ci_sessions` SET `timestamp` = 1739841896, `data` = '__ci_last_regenerate|i:1739841896;id|s:4:\"2084\";user_id|s:6:\"QJ5U9C\";username|s:10:\"gascarde60\";sponsor_id|s:6:\"O94ZPY\";fullname|s:14:\"Gaspar Cardero\";email|s:18:\"gascarde@yahoo.com\";phone|s:10:\"7862371360\";isLogIn|b:1;'
WHERE `id` = 'b56399e20cd2be79d2cf0ee52224f406fac279b2';
UPDATE `user_registration` SET `popup_seen` = 'yes'
WHERE `user_id` = 'QJ5U9C';
UPDATE `user_registration` SET `popup_seen` = 'yes'
WHERE `user_id` = 'QJ5U9C';
UPDATE `ci_sessions` SET `timestamp` = 1739841902, `data` = '__ci_last_regenerate|i:1739841902;captcha|s:4:\"shhf\";'
WHERE `id` = 'dd90b306b10aac75d1d5485bbebdf1c6025652e5';
INSERT INTO `login_history` (`user_id`, `device`, `ip_address`, `date`) VALUES ('UQO7EQ', 'Mozilla/5.0 (Windows NT 10.0; Win64; x64) AppleWebKit/537.36 (KHTML, like Gecko) Chrome/133.0.0.0 Safari/537.36', '172.70.254.112', '25-02-17 19:25');
UPDATE `user_registration` SET `popup_seen` = 'yes'
WHERE `user_id` = 'UQO7EQ';
UPDATE `user_registration` SET `popup_seen` = 'no'
WHERE `user_id` = 'UQO7EQ';
DELETE FROM `ci_sessions`
WHERE `id` = '80e787ffc43ab051b449d2c60366a91d6771f513';
UPDATE `ci_sessions` SET `timestamp` = 1739842059, `data` = '__ci_last_regenerate|i:1739842059;id|s:4:\"2085\";user_id|s:6:\"UXMQZD\";username|s:8:\"hern1892\";sponsor_id|s:6:\"O94ZPY\";fullname|s:16:\"Magaly Hernandez\";email|s:20:\"hern1892@hotmail.com\";phone|s:12:\"786 449 8531\";isLogIn|b:1;'
WHERE `id` = 'c3d362f5c284ddd10fd3c89a941eff4924beaaca';
INSERT INTO `login_history` (`user_id`, `device`, `ip_address`, `date`) VALUES ('H2HQC8', 'Mozilla/5.0 (Windows NT 10.0; Win64; x64) AppleWebKit/537.36 (KHTML, like Gecko) Chrome/133.0.0.0 Safari/537.36', '108.162.212.189', '25-02-17 19:32');
UPDATE `user_registration` SET `popup_seen` = 'yes'
WHERE `user_id` = 'H2HQC8';
UPDATE `user_registration` SET `popup_seen` = 'yes'
WHERE `user_id` = 'H2HQC8';
UPDATE `ci_sessions` SET `timestamp` = 1739842536, `data` = '__ci_last_regenerate|i:1739842536;id|s:4:\"2084\";user_id|s:6:\"QJ5U9C\";username|s:10:\"gascarde60\";sponsor_id|s:6:\"O94ZPY\";fullname|s:14:\"Gaspar Cardero\";email|s:18:\"gascarde@yahoo.com\";phone|s:10:\"7862371360\";isLogIn|b:1;'
WHERE `id` = '8182b28e7b1d64aa25e58f2264c1752c60cc5fc1';
UPDATE `user_registration` SET `popup_seen` = 'no'
WHERE `user_id` = 'QJ5U9C';
DELETE FROM `ci_sessions`
WHERE `id` = '2b32aad64bedcbc176a8d59d5331e02e9b1a752f';
UPDATE `ci_sessions` SET `timestamp` = 1739842537, `data` = '__ci_last_regenerate|i:1739842537;id|s:4:\"2026\";user_id|s:6:\"H2HQC8\";username|s:4:\"Roma\";sponsor_id|s:6:\"45E8V2\";fullname|s:16:\"Yordanis Fuentes\";email|s:25:\"emiliotapanes+4@gmail.com\";phone|s:10:\"7862876762\";isLogIn|b:1;'
WHERE `id` = 'e8e78324497fde3c84480f90435d76bb1528d712';
INSERT INTO `login_history` (`user_id`, `device`, `ip_address`, `date`) VALUES ('K55EDD', 'Mozilla/5.0 (iPhone; CPU iPhone OS 18_3_1 like Mac OS X) AppleWebKit/605.1.15 (KHTML, like Gecko) Version/18.3 Mobile/15E148 Safari/604.1', '172.69.132.240', '25-02-17 19:37');
UPDATE `user_registration` SET `popup_seen` = 'yes'
WHERE `user_id` = 'K55EDD';
INSERT INTO `payquicker_token` (`response`, `token`, `created_time`, `expires_at`) VALUES ('{\"access_token\":\"787FF5DAA7DC091594B8754C1104E9154970CDBCA0CA8CFC8E9D0886EEA42EBE-1\",\"expires_in\":3600,\"token_type\":\"Bearer\",\"scope\":\"api useraccount_balance useraccount_debit useraccount_invitation useraccount_payment\"}', '787FF5DAA7DC091594B8754C1104E9154970CDBCA0CA8CFC8E9D0886EEA42EBE-1', '2025-02-17 19:38:41', '2025-02-17 20:38:41');
INSERT INTO `payment_metod_setting` (`user_id`, `method`, `email`, `wallet_id`, `status`, `date`) VALUES ('H2HQC8', 'payquicker', 'emiliotapanes+4@gmail.com', 'RomaYBHp', 0, '2025-02-17 19:38:42');
INSERT INTO `payquicker_send_invite` (`user_id`, `userCompanyAssignedUniqueKey`, `response`, `date`) VALUES ('H2HQC8', 'RomaYBHp', '[{\"dateInvited\":\"2025-02-18T01:38:43Z\",\"invitationKey\":\"IjvU3GAPqLEVIgIyr4D215IGglQtj12cADdXR5iT8kMMRZMNV5wH0wSNeredzONLi9MGagDDfleNQoepnz0sYtI6opFK7YJiXDUErKmkIwuXUcWYYG2I63hwhyCy6M4vgAtEP7hMG6QzonJJgvvcJAPcaVPsMQb0PZhRvRNLwAvyxsriZdK5VDjdp07xuCv8qzlkx8musExTxQE4NX5CWDMjg1PA0HydhizlbNpuxNMM6wL6HzsbKxn94wJv0nfS\",\"invitationStatus\":\"InvitationStatusType_Pending\",\"registrationStatus\":\"NotStarted\",\"registrationDetails\":{\"addresses\":[{\"city\":\"Miami\",\"country\":\"USA\",\"postalCode\":\"33144\",\"region\":\"Florida\",\"streetAddress1\":\"8100 SW 14 Terr\",\"created\":\"0001-01-01T00:00:00Z\",\"type\":\"AddressType_Residential\"}],\"fundingAccountPublicId\":\"4e84a85ac47e46639c648f932d48fdf0\",\"issuePlasticCard\":true,\"notifyUser\":true,\"userDetails\":{\"emailAddress\":\"emiliotapanes+4@gmail.com\",\"firstName\":\"Yordanis\",\"lastName\":\"Fuentes\",\"userCompanyAssignedUniqueKey\":\"RomaYBHp\"}}}]', '2025-02-17 19:38:42');
UPDATE `user_registration` SET `popup_seen` = 'yes'
WHERE `user_id` = 'H2HQC8';
UPDATE `user_registration` SET `popup_seen` = 'yes'
WHERE `user_id` = 'CVVK4C';
UPDATE `user_registration` SET `popup_seen` = 'no'
WHERE `user_id` = 'H2HQC8';
DELETE FROM `ci_sessions`
WHERE `id` = '4c7d1345c1add2871c31ad4679d6f8e0b1d30505';
INSERT INTO `login_history` (`user_id`, `device`, `ip_address`, `date`) VALUES ('44B9Y4', 'Mozilla/5.0 (Windows NT 10.0; Win64; x64) AppleWebKit/537.36 (KHTML, like Gecko) Chrome/133.0.0.0 Safari/537.36', '172.69.71.146', '25-02-17 19:40');
UPDATE `user_registration` SET `popup_seen` = 'yes'
WHERE `user_id` = '44B9Y4';
UPDATE `user_registration` SET `popup_seen` = 'no'
WHERE `user_id` = '44B9Y4';
DELETE FROM `ci_sessions`
WHERE `id` = 'cf8e3b164fb817a1d713125ee6e8e9b27eb8b579';
INSERT INTO `login_history` (`user_id`, `device`, `ip_address`, `date`) VALUES ('QJ5U9C', 'Mozilla/5.0 (Windows NT 10.0; Win64; x64) AppleWebKit/537.36 (KHTML, like Gecko) Chrome/133.0.0.0 Safari/537.36', '172.69.71.87', '25-02-17 19:44');
UPDATE `user_registration` SET `popup_seen` = 'yes'
WHERE `user_id` = 'QJ5U9C';
UPDATE `user_registration` SET `popup_seen` = 'yes'
WHERE `user_id` = 'QJ5U9C';
UPDATE `ci_sessions` SET `timestamp` = 1739843324, `data` = '__ci_last_regenerate|i:1739843324;id|s:4:\"2159\";user_id|s:6:\"IYLH21\";username|s:9:\"dairysisi\";sponsor_id|s:6:\"UXMQZD\";fullname|s:17:\"Dairamy Rodriguez\";email|s:17:\"rdgzdai@gmail.com\";phone|s:10:\"7864164908\";isLogIn|b:1;'
WHERE `id` = 'b67a18d4ba7486308c0042787e764e9fd0a1cf04';
UPDATE `user_registration` SET `popup_seen` = 'yes'
WHERE `user_id` = 'IYLH21';
UPDATE `user_registration` SET `popup_seen` = 'yes'
WHERE `user_id` = 'IYLH21';
UPDATE `ci_sessions` SET `timestamp` = 1739843570, `data` = '__ci_last_regenerate|i:1739843570;id|s:4:\"2084\";user_id|s:6:\"QJ5U9C\";username|s:10:\"gascarde60\";sponsor_id|s:6:\"O94ZPY\";fullname|s:14:\"Gaspar Cardero\";email|s:18:\"gascarde@yahoo.com\";phone|s:10:\"7862371360\";isLogIn|b:1;'
WHERE `id` = 'f72b35e1ac390313a6fc5dee77b0d8a321d17ca9';
UPDATE `admin` SET `last_logout` = '2025-02-17 19:55:00'
WHERE `id` IS NULL;
DELETE FROM `ci_sessions`
WHERE `id` = '017afbbed672958b43f0cbee7c1894a3fbe4f226';
UPDATE `admin` SET `last_login` = '2025-02-17 19:55:05', `ip_address` = '172.64.236.183'
WHERE `id` = '1';
UPDATE `ci_sessions` SET `timestamp` = 1739844023, `data` = '__ci_last_regenerate|i:1739844023;isLogIn|b:1;isAdmin|b:1;id|s:1:\"1\";fullname|s:11:\"admin admin\";user_level|s:5:\"Admin\";email|s:23:\"admin@travelegendcy.com\";image|s:53:\"upload/settings/4a1f1b602322adb837a7a3547ee69cf3.jpeg\";last_login|s:19:\"2025-02-17 11:23:16\";last_logout|s:19:\"2025-01-31 04:14:42\";ip_address|s:14:\"172.64.238.111\";message|s:25:\"Welcome back  admin admin\";__ci_vars|a:1:{s:7:\"message\";s:3:\"old\";}'
WHERE `id` = '065a84bd9a9e7f93132cf169a0a86714d9ac1303';
UPDATE `ci_sessions` SET `timestamp` = 1739844544, `data` = '__ci_last_regenerate|i:1739844544;isLogIn|b:1;isAdmin|b:1;id|s:1:\"1\";fullname|s:11:\"admin admin\";user_level|s:5:\"Admin\";email|s:23:\"admin@travelegendcy.com\";image|s:53:\"upload/settings/4a1f1b602322adb837a7a3547ee69cf3.jpeg\";last_login|s:19:\"2025-02-17 11:23:16\";last_logout|s:19:\"2025-01-31 04:14:42\";ip_address|s:14:\"172.64.238.111\";'
WHERE `id` = '5ab822b03b38734141f51ea950ef14518035ea28';
UPDATE `ci_sessions` SET `timestamp` = 1739844574, `data` = '__ci_last_regenerate|i:1739844574;id|s:4:\"2085\";user_id|s:6:\"UXMQZD\";username|s:8:\"hern1892\";sponsor_id|s:6:\"O94ZPY\";fullname|s:16:\"Magaly Hernandez\";email|s:20:\"hern1892@hotmail.com\";phone|s:12:\"786 449 8531\";isLogIn|b:1;'
WHERE `id` = 'cfe7bb91c10f23495cb12d29c99ac8d1d0115976';
UPDATE `ci_sessions` SET `timestamp` = 1739844755, `data` = '__ci_last_regenerate|i:1739844755;id|s:4:\"2052\";user_id|s:6:\"K55EDD\";username|s:10:\"Varadero20\";sponsor_id|s:6:\"UQO7EQ\";fullname|s:16:\"Francisco Prieto\";email|s:24:\"prieto112015@hotmail.com\";phone|s:10:\"3059264135\";isLogIn|b:1;'
WHERE `id` = '9bb52a347bc80803534f70d0ad4bbc7a9f373448';
UPDATE `user_registration` SET `popup_seen` = 'yes'
WHERE `user_id` = 'K55EDD';
UPDATE `user_registration` SET `popup_seen` = 'yes'
WHERE `user_id` = 'K55EDD';
UPDATE `ci_sessions` SET `timestamp` = 1739844781, `data` = '__ci_last_regenerate|i:1739844781;id|s:4:\"2054\";user_id|s:6:\"CVVK4C\";username|s:7:\"ManuelN\";sponsor_id|s:6:\"K55EDD\";fullname|s:14:\"Manuel Naranjo\";email|s:26:\"naranjo.manuel93@gmail.com\";phone|s:6:\"786326\";isLogIn|b:1;'
WHERE `id` = '04cfe7f4b073b669d6f850511b59d408fba78f34';
UPDATE `user_registration` SET `popup_seen` = 'yes'
WHERE `user_id` = 'CVVK4C';
UPDATE `user_registration` SET `default_leg` = 'left'
WHERE `user_id` = 'CVVK4C';
UPDATE `user_registration` SET `popup_seen` = 'yes'
WHERE `user_id` = 'CVVK4C';
UPDATE `ci_sessions` SET `timestamp` = 1739844987, `data` = '__ci_last_regenerate|i:1739844987;'
WHERE `id` = '3dcfd8bd13340eb53c1427b444ec2aa931ea5348';
INSERT INTO `temp_register` (`post_data`, `date`, `payment_method`, `type`) VALUES ('{\"uid\":\"2096\",\"user_id\":\"LBY7TN\",\"username\":\"Martica1\",\"sponsor_id\":\"CVVK4C\",\"vacant\":\"no\",\"f_name\":\"Martha\",\"l_name\":\"Ospina\",\"position\":\"left\",\"email\":\"realtororlando1@gmail.com\",\"password\":\"7da834462ff512c3c11854a8d3f89290\",\"phone\":\"4078005302\",\"country\":\"United States\",\"state\":\"Florida\",\"city\":\"Orlando\",\"street\":\"Por OBOX   590523\",\"zip_code\":\"32959\",\"reg_ip\":\"172.69.70.211\",\"status\":1,\"package_id\":\"2\",\"rank_id\":1,\"highest_rank\":1,\"cycle_rank_id\":1,\"created\":\"2025-02-17 20:16:27\",\"subscription_date\":\"2025-03-19\",\"google_secret\":\"WBNEZNOGWLC5UIRS\"}', '2025-02-17 20:16:27', 'stripe', 'register');
UPDATE `ci_sessions` SET `timestamp` = 1739845185, `data` = '__ci_last_regenerate|i:1739845185;id|s:4:\"2052\";user_id|s:6:\"K55EDD\";username|s:10:\"Varadero20\";sponsor_id|s:6:\"UQO7EQ\";fullname|s:16:\"Francisco Prieto\";email|s:24:\"prieto112015@hotmail.com\";phone|s:10:\"3059264135\";isLogIn|b:1;'
WHERE `id` = '2f042d0311646c78dc21359f31e229952ff9ba38';
UPDATE `user_registration` SET `popup_seen` = 'yes'
WHERE `user_id` = 'K55EDD';
UPDATE `user_registration` SET `popup_seen` = 'yes'
WHERE `user_id` = 'K55EDD';
UPDATE `user_registration` SET `popup_seen` = 'yes'
WHERE `user_id` = 'K55EDD';
UPDATE `temp_register` SET `response` = '{\"stripeToken\":\"tok_1QtgQZ2NUoYUjiuuXzpglJQ2\",\"stripeTokenType\":\"card\",\"stripeEmail\":\"realtororlando1@gmail.com\"}', `date_modified` = '2025-02-17 20:20:55', `payment_status` = '{\"id\":\"ch_3QtgQd2NUoYUjiuu0DEjcOs9\",\"object\":\"charge\",\"amount\":59500,\"amount_captured\":59500,\"amount_refunded\":0,\"application\":null,\"application_fee\":null,\"application_fee_amount\":null,\"balance_transaction\":\"txn_3QtgQd2NUoYUjiuu0vYgw0rW\",\"billing_details\":{\"address\":{\"city\":null,\"country\":null,\"line1\":null,\"line2\":null,\"postal_code\":null,\"state\":null},\"email\":null,\"name\":\"realtororlando1@gmail.com\",\"phone\":null},\"calculated_statement_descriptor\":\"TRAVELEGENDCY LLC\",\"captured\":true,\"created\":1739845255,\"currency\":\"usd\",\"customer\":\"cus_RnGyM2jO1j4JWp\",\"description\":null,\"destination\":null,\"dispute\":null,\"disputed\":false,\"failure_balance_transaction\":null,\"failure_code\":null,\"failure_message\":null,\"fraud_details\":[],\"invoice\":null,\"livemode\":true,\"metadata\":{\"name\":\"Martha Ospina\",\"username\":\"Martica1\"},\"on_behalf_of\":null,\"order\":null,\"outcome\":{\"advice_code\":null,\"network_advice_code\":null,\"network_decline_code\":null,\"network_status\":\"approved_by_network\",\"reason\":null,\"risk_level\":\"normal\",\"seller_message\":\"Payment complete.\",\"type\":\"authorized\"},\"paid\":true,\"payment_intent\":null,\"payment_method\":\"card_1QtgQZ2NUoYUjiuuoRpb0XJa\",\"payment_method_details\":{\"card\":{\"amount_authorized\":59500,\"authorization_code\":\"002055\",\"brand\":\"visa\",\"checks\":{\"address_line1_check\":null,\"address_postal_code_check\":null,\"cvc_check\":\"pass\"},\"country\":\"US\",\"exp_month\":7,\"exp_year\":2028,\"extended_authorization\":{\"status\":\"disabled\"},\"fingerprint\":\"L07uY6cjn8wEPR9A\",\"funding\":\"debit\",\"incremental_authorization\":{\"status\":\"unavailable\"},\"installments\":null,\"last4\":\"0342\",\"mandate\":null,\"multicapture\":{\"status\":\"unavailable\"},\"network\":\"visa\",\"network_token\":{\"used\":false},\"network_transaction_id\":\"465049084556809\",\"overcapture\":{\"maximum_amount_capturable\":59500,\"status\":\"unavailable\"},\"regulated_status\":\"regulated\",\"three_d_secure\":null,\"wallet\":null},\"type\":\"card\"},\"receipt_email\":null,\"receipt_number\":null,\"receipt_url\":\"https:\\/\\/pay.stripe.com\\/receipts\\/payment\\/CAcQARoXChVhY2N0XzFRUEFGdjJOVW9ZVWppdXUoiN3PvQYyBlxzhVMqCDosFhmMdsYI2IgGNbkBWvybyQVNHL82uzEVFuExPQcge-Js1QONgNJwDE0diCU\",\"refunded\":false,\"review\":null,\"shipping\":null,\"source\":{\"id\":\"card_1QtgQZ2NUoYUjiuuoRpb0XJa\",\"object\":\"card\",\"address_city\":null,\"address_country\":null,\"address_line1\":null,\"address_line1_check\":null,\"address_line2\":null,\"address_state\":null,\"address_zip\":null,\"address_zip_check\":null,\"allow_redisplay\":\"unspecified\",\"brand\":\"Visa\",\"country\":\"US\",\"customer\":\"cus_RnGyM2jO1j4JWp\",\"cvc_check\":\"pass\",\"dynamic_last4\":null,\"exp_month\":7,\"exp_year\":2028,\"fingerprint\":\"L07uY6cjn8wEPR9A\",\"funding\":\"debit\",\"last4\":\"0342\",\"metadata\":[],\"name\":\"realtororlando1@gmail.com\",\"regulated_status\":\"regulated\",\"tokenization_method\":null,\"wallet\":null},\"source_transfer\":null,\"statement_descriptor\":null,\"statement_descriptor_suffix\":null,\"status\":\"succeeded\",\"transfer_data\":null,\"transfer_group\":null}'
WHERE `id` = 120;
UPDATE `user_registration` SET `uid` = '2096', `user_id` = 'LBY7TN', `username` = 'Martica1', `sponsor_id` = 'CVVK4C', `vacant` = 'no', `f_name` = 'Martha', `l_name` = 'Ospina', `position` = 'left', `email` = 'realtororlando1@gmail.com', `password` = '7da834462ff512c3c11854a8d3f89290', `phone` = '4078005302', `country` = 'United States', `state` = 'Florida', `city` = 'Orlando', `street` = 'Por OBOX   590523', `zip_code` = '32959', `reg_ip` = '172.69.70.211', `status` = 1, `package_id` = '2', `rank_id` = 1, `highest_rank` = 1, `cycle_rank_id` = 1, `created` = '2025-02-17 20:16:27', `subscription_date` = '2025-03-19', `google_secret` = 'WBNEZNOGWLC5UIRS'
WHERE `uid` = '2096';
INSERT INTO `user_registration` (`uid`, `user_id`, `username`, `sponsor_id`, `placement_id`, `vacant`, `f_name`, `l_name`, `address`, `position`, `email`, `password`, `phone`, `reg_ip`, `status`, `created`) VALUES (NULL, 'EGHOPY', 'swaYpeBA', 'LBY7TN', 'LBY7TN', 'yes', '', '', '', 'left', '@mail.com', '', '', '', 0, '2025-02-17 20:20:55');
INSERT INTO `user_registration` (`uid`, `user_id`, `username`, `sponsor_id`, `placement_id`, `vacant`, `f_name`, `l_name`, `address`, `position`, `email`, `password`, `phone`, `reg_ip`, `status`, `created`) VALUES (NULL, 'FYQSGX', 'wONiZtOX', 'LBY7TN', 'LBY7TN', 'yes', '', '', '', 'right', '@mail.com', '', '', '', 0, '2025-02-17 20:20:55');
INSERT INTO `bv_updation` (`user_id`) VALUES ('LBY7TN');
UPDATE `user_registration` SET total_ref_count = total_ref_count+1
WHERE `user_id` = 'CVVK4C';
UPDATE `user_registration` SET total_downlines = total_downlines+1
WHERE `user_id` = 'UTF7YN';
UPDATE `user_registration` SET left_downlines = left_downlines+1
WHERE `user_id` = 'UTF7YN';
UPDATE `user_registration` SET total_downlines = total_downlines+1
WHERE `user_id` = 'CVVK4C';
UPDATE `user_registration` SET left_downlines = left_downlines+1
WHERE `user_id` = 'CVVK4C';
UPDATE `user_registration` SET left_ref_count = left_ref_count+1
WHERE `user_id` = 'CVVK4C';
UPDATE `user_registration` SET active_left = active_left+1
WHERE `user_id` = 'CVVK4C';
UPDATE `user_registration` SET total_downlines = total_downlines+1
WHERE `user_id` = 'K55EDD';
UPDATE `user_registration` SET left_downlines = left_downlines+1
WHERE `user_id` = 'K55EDD';
UPDATE `user_registration` SET total_downlines = total_downlines+1
WHERE `user_id` = 'UQO7EQ';
UPDATE `user_registration` SET left_downlines = left_downlines+1
WHERE `user_id` = 'UQO7EQ';
UPDATE `user_registration` SET total_downlines = total_downlines+1
WHERE `user_id` = 'N6GZAE';
UPDATE `user_registration` SET left_downlines = left_downlines+1
WHERE `user_id` = 'N6GZAE';
UPDATE `user_registration` SET total_downlines = total_downlines+1
WHERE `user_id` = '4E1CRI';
UPDATE `user_registration` SET left_downlines = left_downlines+1
WHERE `user_id` = '4E1CRI';
UPDATE `user_registration` SET total_downlines = total_downlines+1
WHERE `user_id` = 'SJBNYJ';
UPDATE `user_registration` SET left_downlines = left_downlines+1
WHERE `user_id` = 'SJBNYJ';
UPDATE `user_registration` SET total_downlines = total_downlines+1
WHERE `user_id` = '44B9Y4';
UPDATE `user_registration` SET left_downlines = left_downlines+1
WHERE `user_id` = '44B9Y4';
UPDATE `user_registration` SET total_downlines = total_downlines+1
WHERE `user_id` = 'admin';
UPDATE `user_registration` SET right_downlines = right_downlines+1
WHERE `user_id` = 'admin';
INSERT INTO `investment` (`invest_date`, `user_id`, `type`, `amount`, `package_id`) VALUES ('2025-02-17 20:20:55', 'LBY7TN', 'register', '595', '2');
INSERT INTO `earnings` (`user_id`, `Purchaser_id`, `earning_type`, `package_id`, `amount`, `date`, `comments`, `invest_amount`, `comm_perc`, `level`, `rank_id`, `order_id`) VALUES ('CVVK4C', 'LBY7TN', 'Direct Referral Bonus', '2', '100', '2025-02-17 20:20:55', 'Direct Referral Bonus', 0, 0, 1, '', 96);
UPDATE `user_registration` SET commission_balance = ROUND(commission_balance + 100,2)
WHERE `user_id` = 'CVVK4C';
UPDATE `user_registration` SET referral_bonus = ROUND(referral_bonus + 100,2)
WHERE `user_id` = 'CVVK4C';
UPDATE `user_registration` SET total_points = ROUND(total_points + 50,2)
WHERE `user_id` = 'LBY7TN';
INSERT INTO `points_history` (`user_id`, `points`, `type`, `date`) VALUES ('LBY7TN', '50', 'register', '2025-02-17 20:20:');
INSERT INTO `matrix_filling` (`placement_id`, `downline_id`, `level`, `matrix`) VALUES ('UTF7YN', 'LBY7TN', 1, 1);
UPDATE `bv_updation` SET left_carry = left_carry+50, total_left = total_left+50
WHERE `user_id` = 'UTF7YN';
INSERT INTO `placement_bv_update_history` (`left_carry`, `date`, `from_id`, `user_id`) VALUES ('50', '2025-02-17 20:20:55', 'LBY7TN', 'UTF7YN');
INSERT INTO `matrix_filling` (`placement_id`, `downline_id`, `level`, `matrix`) VALUES ('CVVK4C', 'LBY7TN', 2, 1);
UPDATE `bv_updation` SET left_carry = left_carry+50, total_left = total_left+50
WHERE `user_id` = 'CVVK4C';
INSERT INTO `placement_bv_update_history` (`left_carry`, `date`, `from_id`, `user_id`) VALUES ('50', '2025-02-17 20:20:55', 'LBY7TN', 'CVVK4C');
UPDATE `bv_updation` SET sponsor_left_carry = sponsor_left_carry+50, sponsor_total_left = sponsor_total_left+50
WHERE `user_id` = 'CVVK4C';
INSERT INTO `sponsor_bv_update_history` (`left_carry`, `date`, `user_id`) VALUES ('50', '2025-02-17 20:20:55', 'CVVK4C');
INSERT INTO `matrix_filling` (`placement_id`, `downline_id`, `level`, `matrix`) VALUES ('K55EDD', 'LBY7TN', 3, 1);
UPDATE `bv_updation` SET left_carry = left_carry+50, total_left = total_left+50
WHERE `user_id` = 'K55EDD';
INSERT INTO `placement_bv_update_history` (`left_carry`, `date`, `from_id`, `user_id`) VALUES ('50', '2025-02-17 20:20:55', 'LBY7TN', 'K55EDD');
INSERT INTO `matrix_filling` (`placement_id`, `downline_id`, `level`, `matrix`) VALUES ('UQO7EQ', 'LBY7TN', 4, 1);
UPDATE `bv_updation` SET left_carry = left_carry+50, total_left = total_left+50
WHERE `user_id` = 'UQO7EQ';
INSERT INTO `placement_bv_update_history` (`left_carry`, `date`, `from_id`, `user_id`) VALUES ('50', '2025-02-17 20:20:55', 'LBY7TN', 'UQO7EQ');
INSERT INTO `matrix_filling` (`placement_id`, `downline_id`, `level`, `matrix`) VALUES ('N6GZAE', 'LBY7TN', 5, 1);
UPDATE `bv_updation` SET left_carry = left_carry+50, total_left = total_left+50
WHERE `user_id` = 'N6GZAE';
INSERT INTO `placement_bv_update_history` (`left_carry`, `date`, `from_id`, `user_id`) VALUES ('50', '2025-02-17 20:20:55', 'LBY7TN', 'N6GZAE');
INSERT INTO `matrix_filling` (`placement_id`, `downline_id`, `level`, `matrix`) VALUES ('4E1CRI', 'LBY7TN', 6, 1);
UPDATE `bv_updation` SET left_carry = left_carry+50, total_left = total_left+50
WHERE `user_id` = '4E1CRI';
INSERT INTO `placement_bv_update_history` (`left_carry`, `date`, `from_id`, `user_id`) VALUES ('50', '2025-02-17 20:20:55', 'LBY7TN', '4E1CRI');
INSERT INTO `matrix_filling` (`placement_id`, `downline_id`, `level`, `matrix`) VALUES ('SJBNYJ', 'LBY7TN', 7, 1);
UPDATE `bv_updation` SET left_carry = left_carry+50, total_left = total_left+50
WHERE `user_id` = 'SJBNYJ';
INSERT INTO `placement_bv_update_history` (`left_carry`, `date`, `from_id`, `user_id`) VALUES ('50', '2025-02-17 20:20:55', 'LBY7TN', 'SJBNYJ');
INSERT INTO `matrix_filling` (`placement_id`, `downline_id`, `level`, `matrix`) VALUES ('44B9Y4', 'LBY7TN', 8, 1);
UPDATE `bv_updation` SET left_carry = left_carry+50, total_left = total_left+50
WHERE `user_id` = '44B9Y4';
INSERT INTO `placement_bv_update_history` (`left_carry`, `date`, `from_id`, `user_id`) VALUES ('50', '2025-02-17 20:20:55', 'LBY7TN', '44B9Y4');
INSERT INTO `matrix_filling` (`placement_id`, `downline_id`, `level`, `matrix`) VALUES ('admin', 'LBY7TN', 9, 1);
UPDATE `bv_updation` SET right_carry = right_carry+50, total_right = total_right+50
WHERE `user_id` = 'admin';
INSERT INTO `placement_bv_update_history` (`right_carry`, `date`, `from_id`, `user_id`) VALUES ('50', '2025-02-17 20:20:55', 'LBY7TN', 'admin');
INSERT INTO `package_purchase_history` (`user_id`, `package_id`, `reg_fee`, `package_name`, `monthly_fee`, `type`, `date`, `payment_option`) VALUES ('LBY7TN', '2', '595', 'Traveler Pro', '150', 'sign_up', '2025-02-17 20:20:55', 'stripe');
UPDATE `user_registration` SET `popup_seen` = 'yes'
WHERE `user_id` = 'K55EDD';
UPDATE `ci_sessions` SET `timestamp` = 1739845332, `data` = '__ci_last_regenerate|i:1739845332;id|s:4:\"2054\";user_id|s:6:\"CVVK4C\";username|s:7:\"ManuelN\";sponsor_id|s:6:\"K55EDD\";fullname|s:14:\"Manuel Naranjo\";email|s:26:\"naranjo.manuel93@gmail.com\";phone|s:6:\"786326\";isLogIn|b:1;'
WHERE `id` = 'dd0dbd852bf7b3a66f8d2620d0efc0aaed85a661';
UPDATE `ci_sessions` SET `timestamp` = 1739845731, `data` = '__ci_last_regenerate|i:1739845731;id|s:4:\"2054\";user_id|s:6:\"CVVK4C\";username|s:7:\"ManuelN\";sponsor_id|s:6:\"K55EDD\";fullname|s:14:\"Manuel Naranjo\";email|s:26:\"naranjo.manuel93@gmail.com\";phone|s:6:\"786326\";isLogIn|b:1;'
WHERE `id` = 'd0251e7771e405d16b5cea18f0a97f639db764b5';
UPDATE `user_registration` SET `popup_seen` = 'yes'
WHERE `user_id` = 'CVVK4C';
UPDATE `user_registration` SET `popup_seen` = 'no'
WHERE `user_id` = 'CVVK4C';
DELETE FROM `ci_sessions`
WHERE `id` = '90f90491570d90b9cbb677591e8df8cc6fc077e4';
UPDATE `ci_sessions` SET `timestamp` = 1739845889, `data` = '__ci_last_regenerate|i:1739845889;id|s:4:\"2084\";user_id|s:6:\"QJ5U9C\";username|s:10:\"gascarde60\";sponsor_id|s:6:\"O94ZPY\";fullname|s:14:\"Gaspar Cardero\";email|s:18:\"gascarde@yahoo.com\";phone|s:10:\"7862371360\";isLogIn|b:1;'
WHERE `id` = '23474ad00d37ba5e4e24365244d9975167426e57';
UPDATE `ci_sessions` SET `timestamp` = 1739846078, `data` = '__ci_last_regenerate|i:1739846078;exception|s:31:\"Incorrect Username Or Password!\";__ci_vars|a:1:{s:9:\"exception\";s:3:\"old\";}captcha|s:4:\"ep51\";'
WHERE `id` = 'ffc8aebdba8ba789d95a840950328d39f9d62522';
UPDATE `ci_sessions` SET `timestamp` = 1739846287, `data` = '__ci_last_regenerate|i:1739846287;id|s:4:\"2084\";user_id|s:6:\"QJ5U9C\";username|s:10:\"gascarde60\";sponsor_id|s:6:\"O94ZPY\";fullname|s:14:\"Gaspar Cardero\";email|s:18:\"gascarde@yahoo.com\";phone|s:10:\"7862371360\";isLogIn|b:1;'
WHERE `id` = '1e1c7c311961c949f9adc59c55a1e451b5a24036';
UPDATE `user_registration` SET `language` = 'english'
WHERE `user_id` = 'QJ5U9C';
UPDATE `ci_sessions` SET `timestamp` = 1739846306, `data` = '__ci_last_regenerate|i:1739846306;captcha|s:4:\"j6dj\";'
WHERE `id` = 'f09fd44a9f73cbdc77b0882b617f8802de0059d6';
INSERT INTO `login_history` (`user_id`, `device`, `ip_address`, `date`) VALUES ('UQO7EQ', 'Mozilla/5.0 (Windows NT 10.0; Win64; x64) AppleWebKit/537.36 (KHTML, like Gecko) Chrome/133.0.0.0 Safari/537.36', '172.69.132.240', '25-02-17 20:38');
UPDATE `user_registration` SET `popup_seen` = 'yes'
WHERE `user_id` = 'UQO7EQ';
UPDATE `ci_sessions` SET `timestamp` = 1739846331, `data` = '__ci_last_regenerate|i:1739846331;captcha|s:4:\"aow4\";'
WHERE `id` = 'fb1d4f642f89975251f9ff1256a1c13f22113886';
UPDATE `user_registration` SET `popup_seen` = 'no'
WHERE `user_id` = 'UQO7EQ';
DELETE FROM `ci_sessions`
WHERE `id` = '9ca040d974e86959f437c18c3b107da886e2172b';
UPDATE `user_registration` SET `popup_seen` = 'yes'
WHERE `user_id` = 'CVVK4C';
UPDATE `user_registration` SET `popup_seen` = 'yes'
WHERE `user_id` = 'CVVK4C';
UPDATE `ci_sessions` SET `timestamp` = 1739846407, `data` = '__ci_last_regenerate|i:1739846407;id|s:4:\"2054\";user_id|s:6:\"CVVK4C\";username|s:7:\"ManuelN\";sponsor_id|s:6:\"K55EDD\";fullname|s:14:\"Manuel Naranjo\";email|s:26:\"naranjo.manuel93@gmail.com\";phone|s:6:\"786326\";isLogIn|b:1;'
WHERE `id` = 'fd6e6d01a4a9be9f1823e9d21251b4d3809e300b';
UPDATE `user_registration` SET `popup_seen` = 'no'
WHERE `user_id` = 'CVVK4C';
DELETE FROM `ci_sessions`
WHERE `id` = 'fc04a579f9e501cf80fd7a444f8a1d13e269a701';
UPDATE `ci_sessions` SET `timestamp` = 1739846501, `data` = '__ci_last_regenerate|i:1739846501;id|s:4:\"2052\";user_id|s:6:\"K55EDD\";username|s:10:\"Varadero20\";sponsor_id|s:6:\"UQO7EQ\";fullname|s:16:\"Francisco Prieto\";email|s:24:\"prieto112015@hotmail.com\";phone|s:10:\"3059264135\";isLogIn|b:1;'
WHERE `id` = '51e5002fd7af393d61e4010a09c112b2566316e5';
INSERT INTO `verify_tbl` (`ip_address`, `user_id`, `session_id`, `verify_code`, `data`, `date`) VALUES ('172.69.70.11', 'LBY7TN', 'not_logged_in', '0LPORYvd', '{\"uid\":\"2096\",\"user_id\":\"LBY7TN\",\"username\":\"Martica1\",\"vacant\":\"no\",\"position\":\"left\",\"placement_id\":\"UTF7YN\",\"sponsor_id\":\"CVVK4C\",\"f_name\":\"Martha\",\"l_name\":\"Ospina\",\"email\":\"realtororlando1@gmail.com\",\"binary_qualified\":\"no\",\"binary_qualified_date\":null,\"language\":\"\",\"phone\":\"4078005302\",\"gender\":\"\",\"profile_url\":\"\",\"password\":\"7da834462ff512c3c11854a8d3f89290\",\"password_reset_tocken\":null,\"trans_password\":\"\",\"reg_ip\":\"172.69.70.211\",\"status\":\"1\",\"active_status\":\"yes\",\"created\":\"2025-02-17 20:16:27\",\"modified\":\"0000-00-00 00:00:00\",\"invest_amount\":\"0\",\"commission_balance\":\"0\",\"current_period_amount\":\"0\",\"active_balance\":\"0\",\"picture_url\":\"\",\"balance_amount\":\"0\",\"total_points\":\"50\",\"country\":\"United States\",\"state\":\"Florida\",\"city\":\"Orlando\",\"street\":\"Por OBOX   590523\",\"zip_code\":\"32959\",\"address\":\"\",\"package_id\":\"2\",\"total_ref_count\":\"0\",\"left_ref_count\":\"0\",\"right_ref_count\":\"0\",\"total_downlines\":\"0\",\"left_downlines\":\"0\",\"right_downlines\":\"0\",\"active_left\":\"0\",\"active_right\":\"0\",\"rank_id\":\"1\",\"highest_rank\":\"1\",\"cycle_rank_id\":\"1\",\"default_leg\":\"auto\",\"master_distributor\":\"no\",\"md_balance\":\"0\",\"google_secret\":\"WBNEZNOGWLC5UIRS\",\"twofa_enabled\":\"no\",\"popup_seen\":\"no\",\"qr_url\":\"\",\"dashboard_theme\":\"dark-layout\",\"block_status\":\"no\",\"blocked_date\":null,\"subscription_date\":\"2025-03-19\",\"product_points\":\"0\",\"referral_bonus\":\"0\",\"residual_bonus\":\"0\",\"expansion_bonus\":\"0\",\"utility_bonus\":\"0\",\"pool_bonus\":\"0\",\"rank_bonus\":\"0\",\"reward_point\":\"\",\"benefit_points\":\"0\",\"sub_point\":\"0\"}', '2025-02-17 08:41:59');
INSERT INTO `verify_tbl` (`ip_address`, `user_id`, `session_id`, `verify_code`, `data`, `date`) VALUES ('172.69.70.11', 'LBY7TN', 'not_logged_in', '8c0M1XUM', '{\"uid\":\"2096\",\"user_id\":\"LBY7TN\",\"username\":\"Martica1\",\"vacant\":\"no\",\"position\":\"left\",\"placement_id\":\"UTF7YN\",\"sponsor_id\":\"CVVK4C\",\"f_name\":\"Martha\",\"l_name\":\"Ospina\",\"email\":\"realtororlando1@gmail.com\",\"binary_qualified\":\"no\",\"binary_qualified_date\":null,\"language\":\"\",\"phone\":\"4078005302\",\"gender\":\"\",\"profile_url\":\"\",\"password\":\"7da834462ff512c3c11854a8d3f89290\",\"password_reset_tocken\":null,\"trans_password\":\"\",\"reg_ip\":\"172.69.70.211\",\"status\":\"1\",\"active_status\":\"yes\",\"created\":\"2025-02-17 20:16:27\",\"modified\":\"0000-00-00 00:00:00\",\"invest_amount\":\"0\",\"commission_balance\":\"0\",\"current_period_amount\":\"0\",\"active_balance\":\"0\",\"picture_url\":\"\",\"balance_amount\":\"0\",\"total_points\":\"50\",\"country\":\"United States\",\"state\":\"Florida\",\"city\":\"Orlando\",\"street\":\"Por OBOX   590523\",\"zip_code\":\"32959\",\"address\":\"\",\"package_id\":\"2\",\"total_ref_count\":\"0\",\"left_ref_count\":\"0\",\"right_ref_count\":\"0\",\"total_downlines\":\"0\",\"left_downlines\":\"0\",\"right_downlines\":\"0\",\"active_left\":\"0\",\"active_right\":\"0\",\"rank_id\":\"1\",\"highest_rank\":\"1\",\"cycle_rank_id\":\"1\",\"default_leg\":\"auto\",\"master_distributor\":\"no\",\"md_balance\":\"0\",\"google_secret\":\"WBNEZNOGWLC5UIRS\",\"twofa_enabled\":\"no\",\"popup_seen\":\"no\",\"qr_url\":\"\",\"dashboard_theme\":\"dark-layout\",\"block_status\":\"no\",\"blocked_date\":null,\"subscription_date\":\"2025-03-19\",\"product_points\":\"0\",\"referral_bonus\":\"0\",\"residual_bonus\":\"0\",\"expansion_bonus\":\"0\",\"utility_bonus\":\"0\",\"pool_bonus\":\"0\",\"rank_bonus\":\"0\",\"reward_point\":\"\",\"benefit_points\":\"0\",\"sub_point\":\"0\"}', '2025-02-17 08:42:32');
UPDATE `user_registration` SET `password` = 'e87b664f447cb7303dbf0c6c65619e46'
WHERE `user_id` = 'LBY7TN';
UPDATE `verify_tbl` SET `status` = 0
WHERE `id` = '7';
UPDATE `ci_sessions` SET `timestamp` = 1739846647, `data` = '__ci_last_regenerate|i:1739846647;captcha|s:4:\"71gn\";message|s:42:\"You have successfully reset your password!\";__ci_vars|a:1:{s:7:\"message\";s:3:\"old\";}'
WHERE `id` = '4010e081bf7caa4238f257c480d3a557c99b1469';
UPDATE `user_registration` SET `popup_seen` = 'yes'
WHERE `user_id` = 'K55EDD';
UPDATE `user_registration` SET `popup_seen` = 'yes'
WHERE `user_id` = 'K55EDD';
UPDATE `ci_sessions` SET `timestamp` = 1739846766, `data` = '__ci_last_regenerate|i:1739846766;exception|s:31:\"Incorrect Username Or Password!\";__ci_vars|a:1:{s:9:\"exception\";s:3:\"old\";}captcha|s:4:\"fxm6\";'
WHERE `id` = '1ac7b7ce12ab4fd236994eb46955e4a4c58157f0';
UPDATE `user_registration` SET `popup_seen` = 'yes'
WHERE `user_id` = 'CVVK4C';
UPDATE `ci_sessions` SET `timestamp` = 1739847122, `data` = '__ci_last_regenerate|i:1739847122;id|s:4:\"2054\";user_id|s:6:\"CVVK4C\";username|s:7:\"ManuelN\";sponsor_id|s:6:\"K55EDD\";fullname|s:14:\"Manuel Naranjo\";email|s:26:\"naranjo.manuel93@gmail.com\";phone|s:6:\"786326\";isLogIn|b:1;'
WHERE `id` = '728cb779dad7df4ec8bc25a377ddbc5a777727e1';
UPDATE `user_registration` SET `popup_seen` = 'yes'
WHERE `user_id` = 'CVVK4C';
UPDATE `user_registration` SET `popup_seen` = 'yes'
WHERE `user_id` = 'CVVK4C';
UPDATE `user_registration` SET `popup_seen` = 'no'
WHERE `user_id` = 'CVVK4C';
DELETE FROM `ci_sessions`
WHERE `id` = 'b49077847f7a605d5b09169efb74b38476dc319a';
UPDATE `ci_sessions` SET `timestamp` = 1739847849, `data` = '__ci_last_regenerate|i:1739847849;id|s:4:\"2084\";user_id|s:6:\"QJ5U9C\";username|s:10:\"gascarde60\";sponsor_id|s:6:\"O94ZPY\";fullname|s:14:\"Gaspar Cardero\";email|s:18:\"gascarde@yahoo.com\";phone|s:10:\"7862371360\";isLogIn|b:1;'
WHERE `id` = '848961405a268ad14e01a0e8101da277137a9855';
UPDATE `ci_sessions` SET `timestamp` = 1739848490, `data` = '__ci_last_regenerate|i:1739848490;captcha|s:4:\"bv89\";'
WHERE `id` = '38fe7b5b612291a917940b96d5eaacd373b61a44';
INSERT INTO `login_history` (`user_id`, `device`, `ip_address`, `date`) VALUES ('UQO7EQ', 'Mozilla/5.0 (Windows NT 10.0; Win64; x64) AppleWebKit/537.36 (KHTML, like Gecko) Chrome/133.0.0.0 Safari/537.36', '172.69.132.224', '25-02-17 21:15');
UPDATE `user_registration` SET `popup_seen` = 'yes'
WHERE `user_id` = 'UQO7EQ';
UPDATE `user_registration` SET `popup_seen` = 'yes'
WHERE `user_id` = 'UQO7EQ';
UPDATE `user_registration` SET `popup_seen` = 'no'
WHERE `user_id` = 'UQO7EQ';
DELETE FROM `ci_sessions`
WHERE `id` = 'a54b71cc566352c75707f52d92b3799fcb25036f';
INSERT INTO `login_history` (`user_id`, `device`, `ip_address`, `date`) VALUES ('L2MNP5', 'Mozilla/5.0 (Linux; Android 10; K) AppleWebKit/537.36 (KHTML, like Gecko) Chrome/133.0.0.0 Mobile Safari/537.36', '172.70.55.152', '25-02-17 21:43');
UPDATE `user_registration` SET `popup_seen` = 'yes'
WHERE `user_id` = 'L2MNP5';
UPDATE `user_registration` SET `popup_seen` = 'yes'
WHERE `user_id` = 'L2MNP5';
INSERT INTO `login_history` (`user_id`, `device`, `ip_address`, `date`) VALUES ('JHRDHS', 'Mozilla/5.0 (iPhone; CPU iPhone OS 18_3_1 like Mac OS X) AppleWebKit/605.1.15 (KHTML, like Gecko) Version/18.3 Mobile/15E148 Safari/604.1', '108.162.210.185', '25-02-17 21:53');
UPDATE `user_registration` SET `popup_seen` = 'yes'
WHERE `user_id` = 'JHRDHS';
UPDATE `user_registration` SET `language` = 'spanish'
WHERE `user_id` = 'JHRDHS';
UPDATE `user_registration` SET `popup_seen` = 'yes'
WHERE `user_id` = 'JHRDHS';
UPDATE `user_registration` SET `language` = 'english'
WHERE `user_id` = 'JHRDHS';
UPDATE `user_registration` SET `popup_seen` = 'yes'
WHERE `user_id` = 'JHRDHS';
INSERT INTO `login_history` (`user_id`, `device`, `ip_address`, `date`) VALUES ('UQO7EQ', 'Mozilla/5.0 (Linux; Android 10; K) AppleWebKit/537.36 (KHTML, like Gecko) Chrome/131.0.0.0 Mobile Safari/537.36', '108.162.210.221', '25-02-17 23:16');
UPDATE `user_registration` SET `popup_seen` = 'yes'
WHERE `user_id` = 'UQO7EQ';
UPDATE `user_registration` SET `popup_seen` = 'yes'
WHERE `user_id` = 'UQO7EQ';
UPDATE `user_registration` SET `popup_seen` = 'no'
WHERE `user_id` = 'UQO7EQ';
DELETE FROM `ci_sessions`
WHERE `id` = 'b81adbb60f88105f46328ce63fbdff5af4cd4d42';
UPDATE `ci_sessions` SET `timestamp` = 1739856320, `data` = '__ci_last_regenerate|i:1739856320;id|s:4:\"2071\";user_id|s:6:\"JHRDHS\";username|s:7:\"mbecena\";sponsor_id|s:6:\"CVVK4C\";fullname|s:12:\"Maria Becena\";email|s:21:\"mbecena@bellsouth.net\";phone|s:10:\"7862360387\";isLogIn|b:1;'
WHERE `id` = '6ed41bac6ea963cf166b653499b00611958236e6';
UPDATE `user_registration` SET `popup_seen` = 'yes'
WHERE `user_id` = 'JHRDHS';
INSERT INTO `cron_job_history` (`name`, `date_started`, `status`) VALUES ('backup', '2025-02-18 00:00:02', 'started');
UPDATE `cron_job_history` SET `status` = 'done', `date_end` = '2025-02-18 00:00:02'
WHERE `id` = 206;
INSERT INTO `cron_job_history` (`name`, `date_started`, `status`) VALUES ('deduct_sub_amt_from_ewallet', '2025-02-18 00:05:01', 'started');
UPDATE `cron_job_history` SET `status` = 'done', `date_end` = '2025-02-18 00:05:01'
WHERE `id` = 207;
UPDATE `ci_sessions` SET `timestamp` = 1739868788, `data` = '__ci_last_regenerate|i:1739868788;exception|s:25:\"Incorrect Email/Password!\";__ci_vars|a:1:{s:9:\"exception\";s:3:\"old\";}captcha|s:4:\"pbq7\";'
WHERE `id` = 'a4bbaa61825fb338004bd4ab7f6444f8cff02d07';
UPDATE `ci_sessions` SET `timestamp` = 1739869092, `data` = '__ci_last_regenerate|i:1739869092;exception|s:17:\"Invalid Admin !!!\";__ci_vars|a:1:{s:9:\"exception\";s:3:\"old\";}captcha|s:4:\"6u7o\";'
WHERE `id` = 'f3a033a23347e51f8fd7927d5ff22553aa19e45a';
UPDATE `admin` SET `last_login` = '2025-02-18 02:58:12', `ip_address` = '172.69.87.224'
WHERE `id` = '1';
UPDATE `ci_sessions` SET `timestamp` = 1739869440, `data` = '__ci_last_regenerate|i:1739869440;isLogIn|b:1;isAdmin|b:1;id|s:1:\"1\";fullname|s:11:\"admin admin\";user_level|s:5:\"Admin\";email|s:23:\"admin@travelegendcy.com\";image|s:53:\"upload/settings/4a1f1b602322adb837a7a3547ee69cf3.jpeg\";last_login|s:19:\"2025-02-17 19:55:05\";last_logout|s:19:\"2025-01-31 04:14:42\";ip_address|s:14:\"172.64.236.183\";'
WHERE `id` = 'b6553553ec09b2c69b84c363e2216a41e319ef27';
UPDATE `ci_sessions` SET `timestamp` = 1739870119, `data` = '__ci_last_regenerate|i:1739870119;isLogIn|b:1;isAdmin|b:1;id|s:1:\"1\";fullname|s:11:\"admin admin\";user_level|s:5:\"Admin\";email|s:23:\"admin@travelegendcy.com\";image|s:53:\"upload/settings/4a1f1b602322adb837a7a3547ee69cf3.jpeg\";last_login|s:19:\"2025-02-17 19:55:05\";last_logout|s:19:\"2025-01-31 04:14:42\";ip_address|s:14:\"172.64.236.183\";'
WHERE `id` = '4cc4a7ccfa6cc87e9f938129bbc6500e7ca60d91';
UPDATE `admin` SET `last_login` = '2025-02-18 04:15:54', `ip_address` = '172.69.178.174'
WHERE `id` = '1';
UPDATE `ci_sessions` SET `timestamp` = 1739873901, `data` = '__ci_last_regenerate|i:1739873901;isLogIn|b:1;isAdmin|b:1;id|s:1:\"1\";fullname|s:11:\"admin admin\";user_level|s:5:\"Admin\";email|s:23:\"admin@travelegendcy.com\";image|s:53:\"upload/settings/4a1f1b602322adb837a7a3547ee69cf3.jpeg\";last_login|s:19:\"2025-02-18 02:58:12\";last_logout|s:19:\"2025-01-31 04:14:42\";ip_address|s:13:\"172.69.87.224\";'
WHERE `id` = 'abadd2d0364db1d0f5a8a04975cd0508832973a1';
UPDATE `setting` SET `setting_id` = '1', `title` = 'TRAVELEGENDCY', `description` = 'TRAVELEGENDCY Address', `email` = 'info@travelegendcy.com', `phone` = '+87778787878', `logo` = 'upload/settings/2f38f1dfeae5f4248106d865cfe264dc.png', `logo_web` = NULL, `favicon` = 'upload/settings/b81753fb3fff41f10afb515b6ed65efe.png', `language` = NULL, `time_zone` = NULL, `site_align` = NULL, `office_time` = NULL, `latitude` = NULL, `footer_text` = '2025© Copyright TRAVELEGENDCY', `terms_use` = 'upload/pdf/term_use.pdf', `policy` = 'upload/pdf/policy.pdf', `income` = 'upload/pdf/income.pdf', `term_condition` = 'upload/pdf/1b6e4d7acdaba7fb2f4cdf7b938aca7b.pdf'
WHERE `setting_id` = '1';
INSERT INTO `login_history` (`user_id`, `device`, `ip_address`, `date`) VALUES ('2RSJNO', 'Mozilla/5.0 (Windows NT 10.0; Win64; x64) AppleWebKit/537.36 (KHTML, like Gecko) Chrome/130.0.0.0 Safari/537.36', '172.70.82.111', '25-02-18 06:52');
UPDATE `user_registration` SET `popup_seen` = 'yes'
WHERE `user_id` = '2RSJNO';
UPDATE `user_registration` SET `popup_seen` = 'yes'
WHERE `user_id` = 'CVVK4C';
UPDATE `user_registration` SET `popup_seen` = 'no'
WHERE `user_id` = 'CVVK4C';
DELETE FROM `ci_sessions`
WHERE `id` = '7d4d111d744abd8eb304b160834043383ebb1092';
UPDATE `user_registration` SET `password` = '60e76bf3b206fef0c3363170f6e6f0ef'
WHERE `user_id` = 'LBY7TN';
UPDATE `verify_tbl` SET `status` = 0
WHERE `id` = '8';
INSERT INTO `login_history` (`user_id`, `device`, `ip_address`, `date`) VALUES ('R37QLI', 'Mozilla/5.0 (Macintosh; Intel Mac OS X 10_15_7) AppleWebKit/605.1.15 (KHTML, like Gecko) Version/17.4 Safari/605.1.15', '172.70.255.78', '25-02-18 08:36');
UPDATE `user_registration` SET `popup_seen` = 'yes'
WHERE `user_id` = 'R37QLI';
INSERT INTO `login_history` (`user_id`, `device`, `ip_address`, `date`) VALUES ('UQO7EQ', 'Mozilla/5.0 (Windows NT 10.0; Win64; x64) AppleWebKit/537.36 (KHTML, like Gecko) Chrome/133.0.0.0 Safari/537.36', '172.69.71.130', '25-02-18 08:38');
UPDATE `user_registration` SET `popup_seen` = 'yes'
WHERE `user_id` = 'UQO7EQ';
UPDATE `user_registration` SET `popup_seen` = 'no'
WHERE `user_id` = 'UQO7EQ';
DELETE FROM `ci_sessions`
WHERE `id` = '01b3f46ea678ea35ed71d0823af86a31b68519b4';
INSERT INTO `login_history` (`user_id`, `device`, `ip_address`, `date`) VALUES ('JHRDHS', 'Mozilla/5.0 (iPhone; CPU iPhone OS 18_3_1 like Mac OS X) AppleWebKit/605.1.15 (KHTML, like Gecko) Version/18.3 Mobile/15E148 Safari/604.1', '172.70.82.158', '25-02-18 09:23');
UPDATE `user_registration` SET `popup_seen` = 'yes'
WHERE `user_id` = 'JHRDHS';
UPDATE `user_registration` SET `popup_seen` = 'yes'
WHERE `user_id` = 'JHRDHS';
UPDATE `user_registration` SET `popup_seen` = 'yes'
WHERE `user_id` = 'JHRDHS';
UPDATE `ci_sessions` SET `timestamp` = 1739893306, `data` = '__ci_last_regenerate|i:1739893306;captcha|s:4:\"7ehr\";'
WHERE `id` = 'fb18219b2de137bdb618893c7cb752bda75c9ebd';
INSERT INTO `login_history` (`user_id`, `device`, `ip_address`, `date`) VALUES ('UQO7EQ', 'Mozilla/5.0 (Windows NT 10.0; Win64; x64) AppleWebKit/537.36 (KHTML, like Gecko) Chrome/133.0.0.0 Safari/537.36', '172.70.254.132', '25-02-18 09:41');
UPDATE `user_registration` SET `popup_seen` = 'yes'
WHERE `user_id` = 'UQO7EQ';
UPDATE `user_registration` SET `popup_seen` = 'no'
WHERE `user_id` = 'UQO7EQ';
DELETE FROM `ci_sessions`
WHERE `id` = '754aa6fe8f2bacfc464c59fdef25f6230a462203';
UPDATE `ci_sessions` SET `timestamp` = 1739897787, `data` = '__ci_last_regenerate|i:1739897787;captcha|s:4:\"ypsd\";'
WHERE `id` = '28215819a2564d713569e56f5b3d4cfc42f8e2ca';
UPDATE `ci_sessions` SET `timestamp` = 1739899410, `data` = '__ci_last_regenerate|i:1739899410;captcha|s:4:\"udnj\";'
WHERE `id` = 'c66d27892237466d317c7720f2c7d1ac518c5991';
INSERT INTO `login_history` (`user_id`, `device`, `ip_address`, `date`) VALUES ('UQO7EQ', 'Mozilla/5.0 (Windows NT 10.0; Win64; x64) AppleWebKit/537.36 (KHTML, like Gecko) Chrome/133.0.0.0 Safari/537.36', '172.70.83.11', '25-02-18 11:23');
UPDATE `user_registration` SET `popup_seen` = 'yes'
WHERE `user_id` = 'UQO7EQ';
UPDATE `user_registration` SET `popup_seen` = 'no'
WHERE `user_id` = 'UQO7EQ';
DELETE FROM `ci_sessions`
WHERE `id` = '3e8899bc610f6a58eef2317aa180597860681da4';
INSERT INTO `login_history` (`user_id`, `device`, `ip_address`, `date`) VALUES ('IEVPMD', 'Mozilla/5.0 (Windows NT 5.1; rv:109.0) Gecko/20100101 Firefox/115.0', '172.70.82.8', '25-02-18 11:39');
UPDATE `user_registration` SET `popup_seen` = 'yes'
WHERE `user_id` = 'IEVPMD';
UPDATE `user_registration` SET `popup_seen` = 'no'
WHERE `user_id` = 'IEVPMD';
DELETE FROM `ci_sessions`
WHERE `id` = 'f38940df623b2ef79306946d3491b1674619c313';
UPDATE `ci_sessions` SET `timestamp` = 1739900837, `data` = '__ci_last_regenerate|i:1739900837;exception|s:31:\"Incorrect Username Or Password!\";__ci_vars|a:1:{s:9:\"exception\";s:3:\"old\";}captcha|s:4:\"49yz\";'
WHERE `id` = 'da6c470a6e0fc7427ec6e3c62a42bde8f9bbee8e';
INSERT INTO `login_history` (`user_id`, `device`, `ip_address`, `date`) VALUES ('44B9Y4', 'Mozilla/5.0 (Windows NT 10.0; Win64; x64) AppleWebKit/537.36 (KHTML, like Gecko) Chrome/133.0.0.0 Safari/537.36', '172.71.175.30', '25-02-18 11:47');
UPDATE `user_registration` SET `popup_seen` = 'yes'
WHERE `user_id` = '44B9Y4';
UPDATE `ci_sessions` SET `timestamp` = 1739901298, `data` = '__ci_last_regenerate|i:1739901298;captcha|s:4:\"llgl\";'
WHERE `id` = '2ae05d88c79ef20bca4a3e62c1c7881dc8e11c83';
UPDATE `ci_sessions` SET `timestamp` = 1739902704, `data` = '__ci_last_regenerate|i:1739902704;captcha|s:4:\"jr2b\";'
WHERE `id` = '16367f010cb92a2f351ecb2b856ccc1767e0db0a';
UPDATE `ci_sessions` SET `timestamp` = 1739902939, `data` = '__ci_last_regenerate|i:1739902939;exception|s:31:\"Incorrect Username Or Password!\";__ci_vars|a:1:{s:9:\"exception\";s:3:\"old\";}captcha|s:4:\"eygk\";'
WHERE `id` = '61c8d373ae639256e18db70f2290df0df7c03831';
UPDATE `ci_sessions` SET `timestamp` = 1739903511, `data` = '__ci_last_regenerate|i:1739903511;captcha|s:4:\"8c6q\";'
WHERE `id` = 'bedd6a13f5a4bca804144c7c417720e8c17d2efc';
INSERT INTO `login_history` (`user_id`, `device`, `ip_address`, `date`) VALUES ('OMGB4G', 'Mozilla/5.0 (Windows NT 10.0; Win64; x64) AppleWebKit/537.36 (KHTML, like Gecko) Chrome/133.0.0.0 Safari/537.36', '172.70.82.158', '25-02-18 12:32');
UPDATE `user_registration` SET `popup_seen` = 'yes'
WHERE `user_id` = 'OMGB4G';
UPDATE `user_registration` SET `popup_seen` = 'yes'
WHERE `user_id` = 'OMGB4G';
UPDATE `user_registration` SET `popup_seen` = 'no'
WHERE `user_id` = 'OMGB4G';
DELETE FROM `ci_sessions`
WHERE `id` = '2876e691c29e1c91f29079a3cdee5ea45f002a94';
INSERT INTO `login_history` (`user_id`, `device`, `ip_address`, `date`) VALUES ('ULHSH2', 'Mozilla/5.0 (Windows NT 10.0; Win64; x64) AppleWebKit/537.36 (KHTML, like Gecko) Chrome/133.0.0.0 Safari/537.36', '172.70.82.159', '25-02-18 12:33');
UPDATE `user_registration` SET `popup_seen` = 'yes'
WHERE `user_id` = 'ULHSH2';
UPDATE `user_registration` SET `popup_seen` = 'yes'
WHERE `user_id` = 'ULHSH2';
UPDATE `user_registration` SET `popup_seen` = 'yes'
WHERE `user_id` = 'ULHSH2';
UPDATE `ci_sessions` SET `timestamp` = 1739903632, `data` = '__ci_last_regenerate|i:1739903632;captcha|s:4:\"n39b\";'
WHERE `id` = '41085f1b5afc6e50e33e52be921d9408fdb28d73';
UPDATE `user_registration` SET `popup_seen` = 'yes'
WHERE `user_id` = 'ULHSH2';
UPDATE `user_registration` SET `popup_seen` = 'yes'
WHERE `user_id` = 'ULHSH2';
UPDATE `ci_sessions` SET `timestamp` = 1739903962, `data` = '__ci_last_regenerate|i:1739903962;captcha|s:4:\"j76b\";'
WHERE `id` = 'c159940c0b3e7e42b2af0a934d1f67a50ed7f7b0';
INSERT INTO `login_history` (`user_id`, `device`, `ip_address`, `date`) VALUES ('UQO7EQ', 'Mozilla/5.0 (Linux; Android 10; K) AppleWebKit/537.36 (KHTML, like Gecko) Chrome/131.0.0.0 Mobile Safari/537.36', '172.71.127.12', '25-02-18 12:45');
UPDATE `user_registration` SET `popup_seen` = 'yes'
WHERE `user_id` = 'UQO7EQ';
UPDATE `user_registration` SET `popup_seen` = 'no'
WHERE `user_id` = 'UQO7EQ';
DELETE FROM `ci_sessions`
WHERE `id` = '139d0ba963a2b06b0337765cf56b08685fe775b6';
INSERT INTO `login_history` (`user_id`, `device`, `ip_address`, `date`) VALUES ('UXMQZD', 'Mozilla/5.0 (iPhone; CPU iPhone OS 18_3_1 like Mac OS X) AppleWebKit/605.1.15 (KHTML, like Gecko) Version/18.3 Mobile/15E148 Safari/604.1', '172.70.254.95', '25-02-18 13:06');
UPDATE `user_registration` SET `popup_seen` = 'yes'
WHERE `user_id` = 'UXMQZD';
INSERT INTO `login_history` (`user_id`, `device`, `ip_address`, `date`) VALUES ('IYCRUH', 'Mozilla/5.0 (Macintosh; Intel Mac OS X 10_15_7) AppleWebKit/605.1.15 (KHTML, like Gecko) Version/18.1.1 Safari/605.1.15', '172.70.255.78', '25-02-18 13:10');
UPDATE `user_registration` SET `popup_seen` = 'yes'
WHERE `user_id` = 'IYCRUH';
UPDATE `user_registration` SET `popup_seen` = 'no'
WHERE `user_id` = 'IYCRUH';
DELETE FROM `ci_sessions`
WHERE `id` = 'de33bec49da127c8e4c5a11f3e55534ae3de7ce1';
UPDATE `ci_sessions` SET `timestamp` = 1739906163, `data` = '__ci_last_regenerate|i:1739906163;captcha|s:4:\"hm1q\";'
WHERE `id` = 'c62a78e1dd145e9aa83bd78514faaf4e6ff6d80a';
INSERT INTO `login_history` (`user_id`, `device`, `ip_address`, `date`) VALUES ('LUOTZ5', 'Mozilla/5.0 (Macintosh; Intel Mac OS X 10_15_7) AppleWebKit/605.1.15 (KHTML, like Gecko) Version/18.1.1 Safari/605.1.15', '172.70.255.77', '25-02-18 13:19');
UPDATE `user_registration` SET `popup_seen` = 'yes'
WHERE `user_id` = 'LUOTZ5';
UPDATE `user_registration` SET `popup_seen` = 'no'
WHERE `user_id` = 'LUOTZ5';
DELETE FROM `ci_sessions`
WHERE `id` = 'af9c188e48a844f06e2d32283c674e87bce14e1b';
INSERT INTO `login_history` (`user_id`, `device`, `ip_address`, `date`) VALUES ('JHRDHS', 'Mozilla/5.0 (iPhone; CPU iPhone OS 18_3_1 like Mac OS X) AppleWebKit/605.1.15 (KHTML, like Gecko) Version/18.3 Mobile/15E148 Safari/604.1', '172.69.71.146', '25-02-18 14:07');
UPDATE `user_registration` SET `popup_seen` = 'yes'
WHERE `user_id` = 'JHRDHS';
UPDATE `user_registration` SET `default_leg` = 'left'
WHERE `user_id` = 'JHRDHS';
UPDATE `user_registration` SET `popup_seen` = 'yes'
WHERE `user_id` = 'JHRDHS';
UPDATE `user_registration` SET `popup_seen` = 'yes'
WHERE `user_id` = 'JHRDHS';
UPDATE `user_registration` SET `popup_seen` = 'yes'
WHERE `user_id` = 'JHRDHS';
UPDATE `user_registration` SET `popup_seen` = 'yes'
WHERE `user_id` = 'JHRDHS';
UPDATE `ci_sessions` SET `timestamp` = 1739909614, `data` = '__ci_last_regenerate|i:1739909614;id|s:4:\"2111\";user_id|s:6:\"ULHSH2\";username|s:6:\"Mely12\";sponsor_id|s:6:\"OMGB4G\";fullname|s:18:\"Asnialis Hernandez\";email|s:25:\"asny_melody11@hotmail.com\";phone|s:12:\"689 270 5128\";isLogIn|b:1;'
WHERE `id` = '9d115575578bc96f8b2fff968ce3eba5d9860b20';
UPDATE `user_registration` SET `popup_seen` = 'no'
WHERE `user_id` = 'ULHSH2';
DELETE FROM `ci_sessions`
WHERE `id` = 'f064a4e5b7675d7e237700bef6fc08bbeaa6919c';
INSERT INTO `login_history` (`user_id`, `device`, `ip_address`, `date`) VALUES ('OMGB4G', 'Mozilla/5.0 (Windows NT 10.0; Win64; x64) AppleWebKit/537.36 (KHTML, like Gecko) Chrome/133.0.0.0 Safari/537.36', '172.70.255.181', '25-02-18 14:13');
UPDATE `user_registration` SET `popup_seen` = 'yes'
WHERE `user_id` = 'OMGB4G';
UPDATE `user_registration` SET `popup_seen` = 'no'
WHERE `user_id` = 'OMGB4G';
DELETE FROM `ci_sessions`
WHERE `id` = '6f520f27aac71eb267b0e2f08ac0f44576e1cb5d';
UPDATE `ci_sessions` SET `timestamp` = 1739909889, `data` = '__ci_last_regenerate|i:1739909889;exception|s:31:\"Incorrect Username Or Password!\";__ci_vars|a:1:{s:9:\"exception\";s:3:\"old\";}captcha|s:4:\"ph1f\";'
WHERE `id` = '413244a0ab0f7c32a787dcc809839b984def3c71';
UPDATE `user_registration` SET `popup_seen` = 'yes'
WHERE `user_id` = 'CVVK4C';
UPDATE `user_registration` SET `popup_seen` = 'yes'
WHERE `user_id` = 'CVVK4C';
UPDATE `ci_sessions` SET `timestamp` = 1739911441, `data` = '__ci_last_regenerate|i:1739911441;captcha|s:4:\"u12s\";'
WHERE `id` = '22c4c9d0ec7be5b428729883fe8c9be940f76367';
UPDATE `ci_sessions` SET `timestamp` = 1739911490, `data` = '__ci_last_regenerate|i:1739911490;id|s:4:\"2054\";user_id|s:6:\"CVVK4C\";username|s:7:\"ManuelN\";sponsor_id|s:6:\"K55EDD\";fullname|s:14:\"Manuel Naranjo\";email|s:26:\"naranjo.manuel93@gmail.com\";phone|s:6:\"786326\";isLogIn|b:1;'
WHERE `id` = '1cf1cd2a92f572a6a8bf328e147baafb528b7251';
UPDATE `user_registration` SET `popup_seen` = 'yes'
WHERE `user_id` = 'CVVK4C';
UPDATE `user_registration` SET `popup_seen` = 'no'
WHERE `user_id` = 'CVVK4C';
DELETE FROM `ci_sessions`
WHERE `id` = '644bfef09a062e1517fa9fe5897b0a503c5874cd';
UPDATE `ci_sessions` SET `timestamp` = 1739911857, `data` = '__ci_last_regenerate|i:1739911857;captcha|s:4:\"wrmd\";'
WHERE `id` = '4fad5c350b77bb69c8f7526efb0fe658416260ab';
UPDATE `ci_sessions` SET `timestamp` = 1739912272, `data` = '__ci_last_regenerate|i:1739912272;exception|s:31:\"Incorrect Username Or Password!\";__ci_vars|a:1:{s:9:\"exception\";s:3:\"old\";}captcha|s:4:\"k5bs\";'
WHERE `id` = 'c1dba8c985db7cfbfce9541edf33449cb7c2018a';
INSERT INTO `login_history` (`user_id`, `device`, `ip_address`, `date`) VALUES ('44B9Y4', 'Mozilla/5.0 (iPhone; CPU iPhone OS 18_3_1 like Mac OS X) AppleWebKit/605.1.15 (KHTML, like Gecko) Version/18.3 Mobile/15E148 Safari/604.1', '172.70.255.70', '25-02-18 14:58');
UPDATE `user_registration` SET `popup_seen` = 'yes'
WHERE `user_id` = '44B9Y4';
UPDATE `ci_sessions` SET `timestamp` = 1739912344, `data` = '__ci_last_regenerate|i:1739912344;captcha|s:4:\"k5mb\";'
WHERE `id` = '79b63bbcab88b465bcb81f88d470891dc20881c5';
UPDATE `user_registration` SET `popup_seen` = 'yes'
WHERE `user_id` = '44B9Y4';
UPDATE `user_registration` SET `popup_seen` = 'no'
WHERE `user_id` = '44B9Y4';
DELETE FROM `ci_sessions`
WHERE `id` = '9a0ad91a95528ef9cdd66c7e1b019c17f86bc520';
UPDATE `ci_sessions` SET `timestamp` = 1739912730, `data` = '__ci_last_regenerate|i:1739912730;captcha|s:4:\"w58m\";'
WHERE `id` = '52281f4db9523a4632da455a53ad3fea0c81a831';
INSERT INTO `login_history` (`user_id`, `device`, `ip_address`, `date`) VALUES ('UQO7EQ', 'Mozilla/5.0 (Linux; Android 10; K) AppleWebKit/537.36 (KHTML, like Gecko) Chrome/131.0.0.0 Mobile Safari/537.36', '172.70.82.8', '25-02-18 15:06');
UPDATE `user_registration` SET `popup_seen` = 'yes'
WHERE `user_id` = 'UQO7EQ';
UPDATE `user_registration` SET `popup_seen` = 'no'
WHERE `user_id` = 'UQO7EQ';
DELETE FROM `ci_sessions`
WHERE `id` = '6dfcfbc35dd9d48af040bf6cf91f1a9692ca9688';
INSERT INTO `verify_tbl` (`ip_address`, `user_id`, `session_id`, `verify_code`, `data`, `date`) VALUES ('172.68.70.36', 'LBY7TN', 'not_logged_in', '98nORX5e', '{\"uid\":\"2096\",\"user_id\":\"LBY7TN\",\"username\":\"Martica1\",\"vacant\":\"no\",\"position\":\"left\",\"placement_id\":\"UTF7YN\",\"sponsor_id\":\"CVVK4C\",\"f_name\":\"Martha\",\"l_name\":\"Ospina\",\"email\":\"realtororlando1@gmail.com\",\"binary_qualified\":\"no\",\"binary_qualified_date\":null,\"language\":\"\",\"phone\":\"4078005302\",\"gender\":\"\",\"profile_url\":\"\",\"password\":\"60e76bf3b206fef0c3363170f6e6f0ef\",\"password_reset_tocken\":null,\"trans_password\":\"\",\"reg_ip\":\"172.69.70.211\",\"status\":\"1\",\"active_status\":\"yes\",\"created\":\"2025-02-17 20:16:27\",\"modified\":\"0000-00-00 00:00:00\",\"invest_amount\":\"0\",\"commission_balance\":\"0\",\"current_period_amount\":\"0\",\"active_balance\":\"0\",\"picture_url\":\"\",\"balance_amount\":\"0\",\"total_points\":\"50\",\"country\":\"United States\",\"state\":\"Florida\",\"city\":\"Orlando\",\"street\":\"Por OBOX   590523\",\"zip_code\":\"32959\",\"address\":\"\",\"package_id\":\"2\",\"total_ref_count\":\"0\",\"left_ref_count\":\"0\",\"right_ref_count\":\"0\",\"total_downlines\":\"0\",\"left_downlines\":\"0\",\"right_downlines\":\"0\",\"active_left\":\"0\",\"active_right\":\"0\",\"rank_id\":\"1\",\"highest_rank\":\"1\",\"cycle_rank_id\":\"1\",\"default_leg\":\"auto\",\"master_distributor\":\"no\",\"md_balance\":\"0\",\"google_secret\":\"WBNEZNOGWLC5UIRS\",\"twofa_enabled\":\"no\",\"popup_seen\":\"no\",\"qr_url\":\"\",\"dashboard_theme\":\"dark-layout\",\"block_status\":\"no\",\"blocked_date\":null,\"subscription_date\":\"2025-03-19\",\"product_points\":\"0\",\"referral_bonus\":\"0\",\"residual_bonus\":\"0\",\"expansion_bonus\":\"0\",\"utility_bonus\":\"0\",\"pool_bonus\":\"0\",\"rank_bonus\":\"0\",\"reward_point\":\"\",\"benefit_points\":\"0\",\"sub_point\":\"0\"}', '2025-02-18 03:09:58');
INSERT INTO `login_history` (`user_id`, `device`, `ip_address`, `date`) VALUES ('QJ5U9C', 'Mozilla/5.0 (Windows NT 10.0; Win64; x64) AppleWebKit/537.36 (KHTML, like Gecko) Chrome/133.0.0.0 Safari/537.36', '172.70.82.148', '25-02-18 15:13');
UPDATE `user_registration` SET `popup_seen` = 'yes'
WHERE `user_id` = 'QJ5U9C';
UPDATE `user_registration` SET `password` = 'f8c4aa998aa1fd0e8cb444a4265245f2'
WHERE `user_id` = 'LBY7TN';
UPDATE `verify_tbl` SET `status` = 0
WHERE `id` = '9';
INSERT INTO `login_history` (`user_id`, `device`, `ip_address`, `date`) VALUES ('LBY7TN', 'Mozilla/5.0 (iPhone; CPU iPhone OS 18_3_1 like Mac OS X) AppleWebKit/605.1.15 (KHTML, like Gecko) Version/18.3 Mobile/15E148 Safari/604.1', '172.71.30.172', '25-02-18 15:16');
UPDATE `user_registration` SET `popup_seen` = 'yes'
WHERE `user_id` = 'LBY7TN';
UPDATE `user_registration` SET `default_leg` = 'auto'
WHERE `user_id` = 'LBY7TN';
UPDATE `user_registration` SET `default_leg` = 'left'
WHERE `user_id` = 'LBY7TN';
UPDATE `user_registration` SET `popup_seen` = 'yes'
WHERE `user_id` = 'LBY7TN';
UPDATE `ci_sessions` SET `timestamp` = 1739913635, `data` = '__ci_last_regenerate|i:1739913635;id|s:4:\"2096\";user_id|s:6:\"LBY7TN\";username|s:8:\"Martica1\";sponsor_id|s:6:\"CVVK4C\";fullname|s:13:\"Martha Ospina\";email|s:25:\"realtororlando1@gmail.com\";phone|s:10:\"4078005302\";isLogIn|b:1;'
WHERE `id` = 'c90a3a000c29690922cf562c83652e3da8847b96';
UPDATE `user_registration` SET `popup_seen` = 'no'
WHERE `user_id` = 'LBY7TN';
DELETE FROM `ci_sessions`
WHERE `id` = '3b8942a899fdb70bf67ccd8a378fb66deaa9b166';
UPDATE `ci_sessions` SET `timestamp` = 1739913642, `data` = '__ci_last_regenerate|i:1739913642;captcha|s:4:\"3mdj\";'
WHERE `id` = 'd35bc9ce2de46d6da0bbd588a6c970ce588cddcc';
UPDATE `ci_sessions` SET `timestamp` = 1739913762, `data` = '__ci_last_regenerate|i:1739913762;id|s:4:\"2084\";user_id|s:6:\"QJ5U9C\";username|s:10:\"gascarde60\";sponsor_id|s:6:\"O94ZPY\";fullname|s:14:\"Gaspar Cardero\";email|s:18:\"gascarde@yahoo.com\";phone|s:10:\"7862371360\";isLogIn|b:1;'
WHERE `id` = '8d04c2f73a0b94474826869b99fbffc6b44c44f4';
UPDATE `user_registration` SET `popup_seen` = 'no'
WHERE `user_id` = 'QJ5U9C';
DELETE FROM `ci_sessions`
WHERE `id` = 'a77332512db33f206bbb0ce7c7662b876b0e002b';
INSERT INTO `login_history` (`user_id`, `device`, `ip_address`, `date`) VALUES ('LBY7TN', 'Mozilla/5.0 (iPhone; CPU iPhone OS 17_5_1 like Mac OS X) AppleWebKit/605.1.15 (KHTML, like Gecko) Version/17.5 Mobile/15E148 Safari/604.1', '108.162.238.111', '25-02-18 15:23');
UPDATE `user_registration` SET `popup_seen` = 'yes'
WHERE `user_id` = 'LBY7TN';
INSERT INTO `login_history` (`user_id`, `device`, `ip_address`, `date`) VALUES ('QJ5U9C', 'Mozilla/5.0 (Windows NT 10.0; Win64; x64) AppleWebKit/537.36 (KHTML, like Gecko) Chrome/133.0.0.0 Safari/537.36', '172.71.190.209', '25-02-18 15:24');
UPDATE `user_registration` SET `popup_seen` = 'yes'
WHERE `user_id` = 'QJ5U9C';
UPDATE `user_registration` SET `language` = 'spanish'
WHERE `user_id` = 'LBY7TN';
UPDATE `user_registration` SET `popup_seen` = 'yes'
WHERE `user_id` = 'LBY7TN';
UPDATE `ci_sessions` SET `timestamp` = 1739913946, `data` = '__ci_last_regenerate|i:1739913946;captcha|s:4:\"rjvc\";'
WHERE `id` = 'eb5e893d21a11b893b96686d864ddcea492dc65e';
UPDATE `ci_sessions` SET `timestamp` = 1739913977, `data` = '__ci_last_regenerate|i:1739913977;id|s:4:\"2096\";user_id|s:6:\"LBY7TN\";username|s:8:\"Martica1\";sponsor_id|s:6:\"CVVK4C\";fullname|s:13:\"Martha Ospina\";email|s:25:\"realtororlando1@gmail.com\";phone|s:10:\"4078005302\";isLogIn|b:1;'
WHERE `id` = '35a7a89cc5b1bf5ff33a375021e2568605240a91';
UPDATE `user_registration` SET `popup_seen` = 'yes'
WHERE `user_id` = 'LBY7TN';
UPDATE `user_registration` SET `popup_seen` = 'no'
WHERE `user_id` = 'QJ5U9C';
DELETE FROM `ci_sessions`
WHERE `id` = 'e7cff9590cc1d6e3c5abdd72b3555eb8bc41c144';
UPDATE `user_registration` SET `popup_seen` = 'no'
WHERE `user_id` = 'LBY7TN';
DELETE FROM `ci_sessions`
WHERE `id` = '8d84dd4f204baa6538efddabf87313ab399dfca0';
INSERT INTO `login_history` (`user_id`, `device`, `ip_address`, `date`) VALUES ('IYCRUH', 'Mozilla/5.0 (Macintosh; Intel Mac OS X 10_15_7) AppleWebKit/605.1.15 (KHTML, like Gecko) Version/18.1.1 Safari/605.1.15', '172.70.255.181', '25-02-18 15:27');
UPDATE `user_registration` SET `popup_seen` = 'yes'
WHERE `user_id` = 'IYCRUH';
INSERT INTO `login_history` (`user_id`, `device`, `ip_address`, `date`) VALUES ('LBY7TN', 'Mozilla/5.0 (iPhone; CPU iPhone OS 17_5_1 like Mac OS X) AppleWebKit/605.1.15 (KHTML, like Gecko) Version/17.5 Mobile/15E148 Safari/604.1', '172.68.70.47', '25-02-18 15:28');
UPDATE `user_registration` SET `popup_seen` = 'yes'
WHERE `user_id` = 'LBY7TN';
UPDATE `user_registration` SET `popup_seen` = 'no'
WHERE `user_id` = 'IYCRUH';
DELETE FROM `ci_sessions`
WHERE `id` = '4571296b93269658b9cd17cd60aebbe67ae58d00';
UPDATE `user_registration` SET `popup_seen` = 'yes'
WHERE `user_id` = 'LBY7TN';
UPDATE `ci_sessions` SET `timestamp` = 1739914238, `data` = '__ci_last_regenerate|i:1739914238;exception|s:31:\"Incorrect Username Or Password!\";__ci_vars|a:1:{s:9:\"exception\";s:3:\"old\";}captcha|s:4:\"12dw\";'
WHERE `id` = '67b33255b4f59f129ce858689bf52e3a0997d0b6';
UPDATE `ci_sessions` SET `timestamp` = 1739914290, `data` = '__ci_last_regenerate|i:1739914290;exception|s:31:\"Incorrect Username Or Password!\";__ci_vars|a:1:{s:9:\"exception\";s:3:\"old\";}captcha|s:4:\"vwah\";'
WHERE `id` = '14a7f198470c2322a4dcbd0a1fc70efa02a2b7d8';
UPDATE `user_registration` SET `popup_seen` = 'yes'
WHERE `user_id` = 'CVVK4C';
INSERT INTO `verify_tbl` (`ip_address`, `user_id`, `session_id`, `verify_code`, `data`, `date`) VALUES ('172.71.30.10', 'KWLAIS', 'not_logged_in', '1nSO88gW', '{\"uid\":\"2200\",\"user_id\":\"KWLAIS\",\"username\":\"rocii_esme\",\"vacant\":\"no\",\"position\":\"left\",\"placement_id\":\"XBYEND\",\"sponsor_id\":\"LUOTZ5\",\"f_name\":\"Rocio E\",\"l_name\":\"Fernandez Mora\",\"email\":\"rociofernandez468@gmail.com\",\"binary_qualified\":\"no\",\"binary_qualified_date\":null,\"language\":\"\",\"phone\":\"786 378 2640\",\"gender\":\"\",\"profile_url\":\"\",\"password\":\"ac6f8bbebad9b9e83263ad723d80c682\",\"password_reset_tocken\":null,\"trans_password\":\"\",\"reg_ip\":\"172.70.254.133\",\"status\":\"1\",\"active_status\":\"yes\",\"created\":\"2025-02-17 14:23:48\",\"modified\":\"0000-00-00 00:00:00\",\"invest_amount\":\"0\",\"commission_balance\":\"0\",\"current_period_amount\":\"0\",\"active_balance\":\"0\",\"picture_url\":\"\",\"balance_amount\":\"0\",\"total_points\":\"50\",\"country\":\"United States\",\"state\":\"Florida\",\"city\":\"Miami Gardens\",\"street\":\"20040 NW 3rdCT\",\"zip_code\":\"33169\",\"address\":\"\",\"package_id\":\"2\",\"total_ref_count\":\"0\",\"left_ref_count\":\"0\",\"right_ref_count\":\"0\",\"total_downlines\":\"0\",\"left_downlines\":\"0\",\"right_downlines\":\"0\",\"active_left\":\"0\",\"active_right\":\"0\",\"rank_id\":\"1\",\"highest_rank\":\"1\",\"cycle_rank_id\":\"1\",\"default_leg\":\"auto\",\"master_distributor\":\"no\",\"md_balance\":\"0\",\"google_secret\":\"GAHFZVGCHL2GJCDU\",\"twofa_enabled\":\"no\",\"popup_seen\":\"no\",\"qr_url\":\"\",\"dashboard_theme\":\"dark-layout\",\"block_status\":\"no\",\"blocked_date\":null,\"subscription_date\":\"2025-03-19\",\"product_points\":\"0\",\"referral_bonus\":\"0\",\"residual_bonus\":\"0\",\"expansion_bonus\":\"0\",\"utility_bonus\":\"0\",\"pool_bonus\":\"0\",\"rank_bonus\":\"0\",\"reward_point\":\"\",\"benefit_points\":\"0\",\"sub_point\":\"0\"}', '2025-02-18 03:34:02');
UPDATE `user_registration` SET `password` = 'e6063d12084d1016273c5a0adf7462d4'
WHERE `user_id` = 'KWLAIS';
UPDATE `verify_tbl` SET `status` = 0
WHERE `id` = '10';
UPDATE `user_registration` SET `popup_seen` = 'yes'
WHERE `user_id` = 'CVVK4C';
INSERT INTO `login_history` (`user_id`, `device`, `ip_address`, `date`) VALUES ('KWLAIS', 'Mozilla/5.0 (iPhone; CPU iPhone OS 18_3_1 like Mac OS X) AppleWebKit/605.1.15 (KHTML, like Gecko) Version/18.3 Mobile/15E148 Safari/604.1', '172.70.255.69', '25-02-18 15:36');
UPDATE `user_registration` SET `popup_seen` = 'yes'
WHERE `user_id` = 'KWLAIS';
UPDATE `user_registration` SET `popup_seen` = 'yes'
WHERE `user_id` = 'KWLAIS';
UPDATE `ci_sessions` SET `timestamp` = 1739914698, `data` = '__ci_last_regenerate|i:1739914698;id|s:4:\"2054\";user_id|s:6:\"CVVK4C\";username|s:7:\"ManuelN\";sponsor_id|s:6:\"K55EDD\";fullname|s:14:\"Manuel Naranjo\";email|s:26:\"naranjo.manuel93@gmail.com\";phone|s:6:\"786326\";isLogIn|b:1;'
WHERE `id` = '6b0e70011be8db5a4b7578901c14805b5fa905a6';
UPDATE `user_registration` SET `popup_seen` = 'yes'
WHERE `user_id` = 'CVVK4C';
UPDATE `ci_sessions` SET `timestamp` = 1739914723, `data` = '__ci_last_regenerate|i:1739914723;id|s:4:\"2200\";user_id|s:6:\"KWLAIS\";username|s:10:\"rocii_esme\";sponsor_id|s:6:\"LUOTZ5\";fullname|s:22:\"Rocio E Fernandez Mora\";email|s:27:\"rociofernandez468@gmail.com\";phone|s:12:\"786 378 2640\";isLogIn|b:1;'
WHERE `id` = 'ba938ec29ea935e11a03cc5f7735a85e86458089';
UPDATE `ci_sessions` SET `timestamp` = 1739915055, `data` = '__ci_last_regenerate|i:1739915055;id|s:4:\"2200\";user_id|s:6:\"KWLAIS\";username|s:10:\"rocii_esme\";sponsor_id|s:6:\"LUOTZ5\";fullname|s:22:\"Rocio E Fernandez Mora\";email|s:27:\"rociofernandez468@gmail.com\";phone|s:12:\"786 378 2640\";isLogIn|b:1;'
WHERE `id` = 'ffa6bf6aee2311753c08d2c38f33186ab4aa8296';
UPDATE `user_registration` SET `popup_seen` = 'no'
WHERE `user_id` = 'KWLAIS';
DELETE FROM `ci_sessions`
WHERE `id` = 'eede7cea38141e31741ce39e0dfccad2e51bf858';
INSERT INTO `login_history` (`user_id`, `device`, `ip_address`, `date`) VALUES ('LBY7TN', 'Mozilla/5.0 (iPhone; CPU iPhone OS 17_5_1 like Mac OS X) AppleWebKit/605.1.15 (KHTML, like Gecko) Version/17.5 Mobile/15E148 Safari/604.1', '172.68.70.151', '25-02-18 15:44');
UPDATE `user_registration` SET `popup_seen` = 'yes'
WHERE `user_id` = 'LBY7TN';
UPDATE `user_registration` SET `popup_seen` = 'yes'
WHERE `user_id` = 'LBY7TN';
UPDATE `ci_sessions` SET `timestamp` = 1739915243, `data` = '__ci_last_regenerate|i:1739915243;id|s:4:\"2096\";user_id|s:6:\"LBY7TN\";username|s:8:\"Martica1\";sponsor_id|s:6:\"CVVK4C\";fullname|s:13:\"Martha Ospina\";email|s:25:\"realtororlando1@gmail.com\";phone|s:10:\"4078005302\";isLogIn|b:1;'
WHERE `id` = '56dbf621161ac45c5b02e3655b5994be95070334';
UPDATE `ci_sessions` SET `timestamp` = 1739915531, `data` = '__ci_last_regenerate|i:1739915531;id|s:4:\"2054\";user_id|s:6:\"CVVK4C\";username|s:7:\"ManuelN\";sponsor_id|s:6:\"K55EDD\";fullname|s:14:\"Manuel Naranjo\";email|s:26:\"naranjo.manuel93@gmail.com\";phone|s:6:\"786326\";isLogIn|b:1;'
WHERE `id` = 'e52f902e18a1ab10041e0486d755beebfd201677';
UPDATE `user_registration` SET `popup_seen` = 'yes'
WHERE `user_id` = 'CVVK4C';
UPDATE `ci_sessions` SET `timestamp` = 1739915598, `data` = '__ci_last_regenerate|i:1739915598;id|s:4:\"2096\";user_id|s:6:\"LBY7TN\";username|s:8:\"Martica1\";sponsor_id|s:6:\"CVVK4C\";fullname|s:13:\"Martha Ospina\";email|s:25:\"realtororlando1@gmail.com\";phone|s:10:\"4078005302\";isLogIn|b:1;'
WHERE `id` = '87851b880b667b483abf2d4338cd798c0b26942d';
UPDATE `ci_sessions` SET `timestamp` = 1739915820, `data` = '__ci_last_regenerate|i:1739915820;captcha|s:4:\"oe7f\";'
WHERE `id` = '0b3b9d72a33930986fef78bbebb10358775a2902';
UPDATE `ci_sessions` SET `timestamp` = 1739915847, `data` = '__ci_last_regenerate|i:1739915847;id|s:4:\"2054\";user_id|s:6:\"CVVK4C\";username|s:7:\"ManuelN\";sponsor_id|s:6:\"K55EDD\";fullname|s:14:\"Manuel Naranjo\";email|s:26:\"naranjo.manuel93@gmail.com\";phone|s:6:\"786326\";isLogIn|b:1;'
WHERE `id` = 'f59398bc6df746575059fc4687cb862786e403de';
UPDATE `user_registration` SET `popup_seen` = 'yes'
WHERE `user_id` = 'CVVK4C';
UPDATE `user_registration` SET `popup_seen` = 'no'
WHERE `user_id` = 'CVVK4C';
DELETE FROM `ci_sessions`
WHERE `id` = '692826725f7f96bb2e008b66793b03ffc25a519b';
INSERT INTO `login_history` (`user_id`, `device`, `ip_address`, `date`) VALUES ('JHRDHS', 'Mozilla/5.0 (iPhone; CPU iPhone OS 18_3_1 like Mac OS X) AppleWebKit/605.1.15 (KHTML, like Gecko) Version/18.3 Mobile/15E148 Safari/604.1', '172.70.55.101', '25-02-18 16:35');
UPDATE `user_registration` SET `popup_seen` = 'yes'
WHERE `user_id` = 'JHRDHS';
INSERT INTO `login_history` (`user_id`, `device`, `ip_address`, `date`) VALUES ('44B9Y4', 'Mozilla/5.0 (Windows NT 10.0; Win64; x64) AppleWebKit/537.36 (KHTML, like Gecko) Chrome/133.0.0.0 Safari/537.36', '172.70.54.71', '25-02-18 17:23');
UPDATE `user_registration` SET `popup_seen` = 'yes'
WHERE `user_id` = '44B9Y4';
UPDATE `user_registration` SET `popup_seen` = 'yes'
WHERE `user_id` = '44B9Y4';
UPDATE `user_registration` SET `popup_seen` = 'yes'
WHERE `user_id` = '44B9Y4';
UPDATE `ci_sessions` SET `timestamp` = 1739921260, `data` = '__ci_last_regenerate|i:1739921260;id|s:4:\"2021\";user_id|s:6:\"44B9Y4\";username|s:7:\"Talimbi\";sponsor_id|s:5:\"admin\";fullname|s:14:\"Emilio Tapanes\";email|s:23:\"emiliotapanes@gmail.com\";phone|s:10:\"7862876762\";isLogIn|b:1;'
WHERE `id` = '780bc74762be35f235adb4affa6df925a84a2f7f';
UPDATE `user_registration` SET `popup_seen` = 'yes'
WHERE `user_id` = '44B9Y4';
UPDATE `user_registration` SET `popup_seen` = 'yes'
WHERE `user_id` = '44B9Y4';
INSERT INTO `login_history` (`user_id`, `device`, `ip_address`, `date`) VALUES ('QJ5U9C', 'Mozilla/5.0 (Windows NT 10.0; Win64; x64) AppleWebKit/537.36 (KHTML, like Gecko) Chrome/133.0.0.0 Safari/537.36', '172.69.132.246', '25-02-18 18:20');
UPDATE `user_registration` SET `popup_seen` = 'yes'
WHERE `user_id` = 'QJ5U9C';
UPDATE `ci_sessions` SET `timestamp` = 1739924781, `data` = '__ci_last_regenerate|i:1739924781;id|s:4:\"2084\";user_id|s:6:\"QJ5U9C\";username|s:10:\"gascarde60\";sponsor_id|s:6:\"O94ZPY\";fullname|s:14:\"Gaspar Cardero\";email|s:18:\"gascarde@yahoo.com\";phone|s:10:\"7862371360\";isLogIn|b:1;'
WHERE `id` = 'f499029d34f1b6b503520ee2de1f5686801e0799';
INSERT INTO `login_history` (`user_id`, `device`, `ip_address`, `date`) VALUES ('JHRDHS', 'Mozilla/5.0 (iPhone; CPU iPhone OS 18_3_1 like Mac OS X) AppleWebKit/605.1.15 (KHTML, like Gecko) Version/18.3 Mobile/15E148 Safari/604.1', '172.70.254.151', '25-02-18 18:35');
UPDATE `user_registration` SET `popup_seen` = 'yes'
WHERE `user_id` = 'JHRDHS';
INSERT INTO `login_history` (`user_id`, `device`, `ip_address`, `date`) VALUES ('K55EDD', 'Mozilla/5.0 (iPhone; CPU iPhone OS 18_3_1 like Mac OS X) AppleWebKit/605.1.15 (KHTML, like Gecko) Version/18.3 Mobile/15E148 Safari/604.1', '172.70.82.168', '25-02-18 18:49');
UPDATE `user_registration` SET `popup_seen` = 'yes'
WHERE `user_id` = 'K55EDD';
UPDATE `user_registration` SET `popup_seen` = 'yes'
WHERE `user_id` = 'K55EDD';
UPDATE `user_registration` SET `popup_seen` = 'yes'
WHERE `user_id` = 'K55EDD';
UPDATE `user_registration` SET `popup_seen` = 'yes'
WHERE `user_id` = 'K55EDD';
UPDATE `user_registration` SET `popup_seen` = 'yes'
WHERE `user_id` = 'K55EDD';
INSERT INTO `login_history` (`user_id`, `device`, `ip_address`, `date`) VALUES ('UQO7EQ', 'Mozilla/5.0 (Windows NT 10.0; Win64; x64) AppleWebKit/537.36 (KHTML, like Gecko) Chrome/133.0.0.0 Safari/537.36', '172.69.132.232', '25-02-18 18:52');
UPDATE `user_registration` SET `popup_seen` = 'yes'
WHERE `user_id` = 'UQO7EQ';
UPDATE `ci_sessions` SET `timestamp` = 1739926784, `data` = '__ci_last_regenerate|i:1739926784;id|s:4:\"2084\";user_id|s:6:\"QJ5U9C\";username|s:10:\"gascarde60\";sponsor_id|s:6:\"O94ZPY\";fullname|s:14:\"Gaspar Cardero\";email|s:18:\"gascarde@yahoo.com\";phone|s:10:\"7862371360\";isLogIn|b:1;'
WHERE `id` = 'c31cd5190e3dcd171d21d3dafb1995c8637f5503';
UPDATE `ci_sessions` SET `timestamp` = 1739927422, `data` = '__ci_last_regenerate|i:1739927422;id|s:4:\"2042\";user_id|s:6:\"UQO7EQ\";username|s:6:\"Rafa51\";sponsor_id|s:6:\"N6GZAE\";fullname|s:16:\"Rafael Rodriguez\";email|s:18:\"rafagana@yahoo.com\";phone|s:10:\"3057610606\";isLogIn|b:1;message|s:24:\"Welcome Rafael Rodriguez\";__ci_vars|a:1:{s:7:\"message\";s:3:\"old\";}'
WHERE `id` = '2e7213bd8322ced9531d2146fa45aa255d9d28cc';
UPDATE `user_registration` SET `popup_seen` = 'yes'
WHERE `user_id` = 'UQO7EQ';
UPDATE `user_registration` SET `popup_seen` = 'no'
WHERE `user_id` = 'UQO7EQ';
DELETE FROM `ci_sessions`
WHERE `id` = 'ebe9aebc25a887f5bce85472470654c45cfe42f3';
UPDATE `admin` SET `last_logout` = '2025-02-18 19:19:44'
WHERE `id` IS NULL;
DELETE FROM `ci_sessions`
WHERE `id` = 'e365ac96fd8eb70603fc69b1f42551759dc8d232';
UPDATE `admin` SET `last_login` = '2025-02-18 19:20:00', `ip_address` = '172.64.238.84'
WHERE `id` = '1';
UPDATE `ci_sessions` SET `timestamp` = 1739933219, `data` = '__ci_last_regenerate|i:1739933219;id|s:4:\"2052\";user_id|s:6:\"K55EDD\";username|s:10:\"Varadero20\";sponsor_id|s:6:\"UQO7EQ\";fullname|s:16:\"Francisco Prieto\";email|s:24:\"prieto112015@hotmail.com\";phone|s:10:\"3059264135\";isLogIn|b:1;'
WHERE `id` = '5b213cca2c7c6bfb76cdd101a3f46f18e626bc85';
UPDATE `user_registration` SET `popup_seen` = 'yes'
WHERE `user_id` = 'K55EDD';
UPDATE `user_registration` SET `popup_seen` = 'yes'
WHERE `user_id` = 'K55EDD';
UPDATE `user_registration` SET `popup_seen` = 'yes'
WHERE `user_id` = 'K55EDD';
INSERT INTO `login_history` (`user_id`, `device`, `ip_address`, `date`) VALUES ('44B9Y4', 'Mozilla/5.0 (iPhone; CPU iPhone OS 18_3_1 like Mac OS X) AppleWebKit/605.1.15 (KHTML, like Gecko) Version/18.3 Mobile/15E148 Safari/604.1', '108.162.212.158', '25-02-18 20:54');
UPDATE `user_registration` SET `popup_seen` = 'yes'
WHERE `user_id` = '44B9Y4';
UPDATE `ci_sessions` SET `timestamp` = 1739933718, `data` = '__ci_last_regenerate|i:1739933718;id|s:4:\"2084\";user_id|s:6:\"QJ5U9C\";username|s:10:\"gascarde60\";sponsor_id|s:6:\"O94ZPY\";fullname|s:14:\"Gaspar Cardero\";email|s:18:\"gascarde@yahoo.com\";phone|s:10:\"7862371360\";isLogIn|b:1;'
WHERE `id` = 'cd2c4ba8e4b297a4bc1b691e06068ab8aa5b9d6b';
UPDATE `user_registration` SET `popup_seen` = 'yes'
WHERE `user_id` = 'QJ5U9C';
INSERT INTO `login_history` (`user_id`, `device`, `ip_address`, `date`) VALUES ('44B9Y4', 'Mozilla/5.0 (Windows NT 10.0; Win64; x64) AppleWebKit/537.36 (KHTML, like Gecko) Chrome/133.0.0.0 Safari/537.36', '108.162.212.29', '25-02-18 20:58');
UPDATE `user_registration` SET `popup_seen` = 'yes'
WHERE `user_id` = '44B9Y4';
UPDATE `ci_sessions` SET `timestamp` = 1739934293, `data` = '__ci_last_regenerate|i:1739934293;id|s:4:\"2021\";user_id|s:6:\"44B9Y4\";username|s:7:\"Talimbi\";sponsor_id|s:5:\"admin\";fullname|s:14:\"Emilio Tapanes\";email|s:23:\"emiliotapanes@gmail.com\";phone|s:10:\"7862876762\";isLogIn|b:1;'
WHERE `id` = 'aee9ee1c449bc2ccf87236b1b373001e14638b6e';
UPDATE `ci_sessions` SET `timestamp` = 1739935031, `data` = '__ci_last_regenerate|i:1739935031;exception|s:31:\"Incorrect Username Or Password!\";__ci_vars|a:1:{s:9:\"exception\";s:3:\"old\";}captcha|s:4:\"jn7v\";'
WHERE `id` = '64ea0ed13374b1c2c299e2726071ccaf1cadb287';
INSERT INTO `login_history` (`user_id`, `device`, `ip_address`, `date`) VALUES ('O94ZPY', 'Mozilla/5.0 (iPhone; CPU iPhone OS 18_3_1 like Mac OS X) AppleWebKit/605.1.15 (KHTML, like Gecko) Version/18.3 Mobile/15E148 Safari/604.1', '172.70.82.178', '25-02-18 21:17');
UPDATE `user_registration` SET `popup_seen` = 'yes'
WHERE `user_id` = 'O94ZPY';
INSERT INTO `login_history` (`user_id`, `device`, `ip_address`, `date`) VALUES ('UQO7EQ', 'Mozilla/5.0 (Windows NT 10.0; Win64; x64) AppleWebKit/537.36 (KHTML, like Gecko) Chrome/133.0.0.0 Safari/537.36', '172.70.255.70', '25-02-18 21:30');
UPDATE `user_registration` SET `popup_seen` = 'yes'
WHERE `user_id` = 'UQO7EQ';
UPDATE `user_registration` SET `popup_seen` = 'no'
WHERE `user_id` = 'UQO7EQ';
DELETE FROM `ci_sessions`
WHERE `id` = 'e7950f1dae24342ceb02a7189f2fac5900b8c581';
UPDATE `ci_sessions` SET `timestamp` = 1739936617, `data` = '__ci_last_regenerate|i:1739936617;id|s:4:\"2084\";user_id|s:6:\"QJ5U9C\";username|s:10:\"gascarde60\";sponsor_id|s:6:\"O94ZPY\";fullname|s:14:\"Gaspar Cardero\";email|s:18:\"gascarde@yahoo.com\";phone|s:10:\"7862371360\";isLogIn|b:1;'
WHERE `id` = '65fb10a9dbf0762ac5e7070b694361a8287a7491';
UPDATE `user_registration` SET `popup_seen` = 'yes'
WHERE `user_id` = 'QJ5U9C';
UPDATE `ci_sessions` SET `timestamp` = 1739937105, `data` = '__ci_last_regenerate|i:1739937105;id|s:4:\"2021\";user_id|s:6:\"44B9Y4\";username|s:7:\"Talimbi\";sponsor_id|s:5:\"admin\";fullname|s:14:\"Emilio Tapanes\";email|s:23:\"emiliotapanes@gmail.com\";phone|s:10:\"7862876762\";isLogIn|b:1;'
WHERE `id` = '05ff4ecf7c540eb2c4b33384adf6ff15bca9453d';
UPDATE `user_registration` SET `popup_seen` = 'yes'
WHERE `user_id` = '44B9Y4';
INSERT INTO `cron_job_history` (`name`, `date_started`, `status`) VALUES ('backup', '2025-02-19 00:00:01', 'started');
UPDATE `cron_job_history` SET `status` = 'done', `date_end` = '2025-02-19 00:00:02'
WHERE `id` = 208;
INSERT INTO `cron_job_history` (`name`, `date_started`, `status`) VALUES ('deduct_sub_amt_from_ewallet', '2025-02-19 00:05:02', 'started');
UPDATE `cron_job_history` SET `status` = 'done', `date_end` = '2025-02-19 00:05:02'
WHERE `id` = 209;
INSERT INTO `login_history` (`user_id`, `device`, `ip_address`, `date`) VALUES ('IEVPMD', 'Mozilla/5.0 (Linux; Android 10; K) AppleWebKit/537.36 (KHTML, like Gecko) Chrome/126.0.0.0 Mobile Safari/537.36', '172.71.22.180', '25-02-19 06:16');
UPDATE `user_registration` SET `popup_seen` = 'yes'
WHERE `user_id` = 'IEVPMD';
UPDATE `user_registration` SET `popup_seen` = 'yes'
WHERE `user_id` = 'IEVPMD';
UPDATE `user_registration` SET `popup_seen` = 'yes'
WHERE `user_id` = 'IEVPMD';
UPDATE `user_registration` SET `popup_seen` = 'yes'
WHERE `user_id` = 'IEVPMD';
INSERT INTO `login_history` (`user_id`, `device`, `ip_address`, `date`) VALUES ('2RSJNO', 'Mozilla/5.0 (Windows NT 10.0; Win64; x64) AppleWebKit/537.36 (KHTML, like Gecko) Chrome/130.0.0.0 Safari/537.36', '172.70.254.95', '25-02-19 06:53');
UPDATE `user_registration` SET `popup_seen` = 'yes'
WHERE `user_id` = '2RSJNO';
INSERT INTO `login_history` (`user_id`, `device`, `ip_address`, `date`) VALUES ('UQO7EQ', 'Mozilla/5.0 (Linux; Android 10; K) AppleWebKit/537.36 (KHTML, like Gecko) Chrome/131.0.0.0 Mobile Safari/537.36', '172.71.156.143', '25-02-19 07:11');
UPDATE `user_registration` SET `popup_seen` = 'yes'
WHERE `user_id` = 'UQO7EQ';
UPDATE `user_registration` SET `popup_seen` = 'no'
WHERE `user_id` = 'UQO7EQ';
DELETE FROM `ci_sessions`
WHERE `id` = '993df293aaaee667298f4a6c67fd8be671285a5a';
UPDATE `ci_sessions` SET `timestamp` = 1739974027, `data` = '__ci_last_regenerate|i:1739974027;captcha|s:4:\"walu\";'
WHERE `id` = '9dafedf5d715b74e8cac8052455dd878886daa0a';
INSERT INTO `login_history` (`user_id`, `device`, `ip_address`, `date`) VALUES ('JHRDHS', 'Mozilla/5.0 (iPhone; CPU iPhone OS 18_3_1 like Mac OS X) AppleWebKit/605.1.15 (KHTML, like Gecko) Version/18.3 Mobile/15E148 Safari/604.1', '172.70.54.108', '25-02-19 10:10');
UPDATE `user_registration` SET `popup_seen` = 'yes'
WHERE `user_id` = 'JHRDHS';
INSERT INTO `login_history` (`user_id`, `device`, `ip_address`, `date`) VALUES ('UQO7EQ', 'Mozilla/5.0 (Linux; Android 10; K) AppleWebKit/537.36 (KHTML, like Gecko) Chrome/131.0.0.0 Mobile Safari/537.36', '172.70.255.182', '25-02-19 10:17');
UPDATE `user_registration` SET `popup_seen` = 'yes'
WHERE `user_id` = 'UQO7EQ';
UPDATE `user_registration` SET `popup_seen` = 'yes'
WHERE `user_id` = 'UQO7EQ';
UPDATE `user_registration` SET `popup_seen` = 'no'
WHERE `user_id` = 'UQO7EQ';
DELETE FROM `ci_sessions`
WHERE `id` = '03ed9c4a0afdad20e089822659cc6d1f6b2bc63d';
UPDATE `ci_sessions` SET `timestamp` = 1739981999, `data` = '__ci_last_regenerate|i:1739981999;id|s:4:\"2071\";user_id|s:6:\"JHRDHS\";username|s:7:\"mbecena\";sponsor_id|s:6:\"CVVK4C\";fullname|s:12:\"Maria Becena\";email|s:21:\"mbecena@bellsouth.net\";phone|s:10:\"7862360387\";isLogIn|b:1;'
WHERE `id` = 'af8d016ec62be2874227adbd2085fefca383ca98';
UPDATE `user_registration` SET `popup_seen` = 'yes'
WHERE `user_id` = 'JHRDHS';
UPDATE `user_registration` SET `popup_seen` = 'yes'
WHERE `user_id` = 'JHRDHS';
UPDATE `ci_sessions` SET `timestamp` = 1739982786, `data` = '__ci_last_regenerate|i:1739982786;id|s:4:\"2071\";user_id|s:6:\"JHRDHS\";username|s:7:\"mbecena\";sponsor_id|s:6:\"CVVK4C\";fullname|s:12:\"Maria Becena\";email|s:21:\"mbecena@bellsouth.net\";phone|s:10:\"7862360387\";isLogIn|b:1;'
WHERE `id` = 'c8956f51bd8cea01cc8b52a117c994049b06ce7d';
UPDATE `user_registration` SET `popup_seen` = 'yes'
WHERE `user_id` = 'JHRDHS';
UPDATE `ci_sessions` SET `timestamp` = 1739983110, `data` = '__ci_last_regenerate|i:1739983110;id|s:4:\"2071\";user_id|s:6:\"JHRDHS\";username|s:7:\"mbecena\";sponsor_id|s:6:\"CVVK4C\";fullname|s:12:\"Maria Becena\";email|s:21:\"mbecena@bellsouth.net\";phone|s:10:\"7862360387\";isLogIn|b:1;'
WHERE `id` = 'd04076852e0866db908ca049ead03432aac2861e';
UPDATE `user_registration` SET `popup_seen` = 'yes'
WHERE `user_id` = 'JHRDHS';
INSERT INTO `login_history` (`user_id`, `device`, `ip_address`, `date`) VALUES ('OMGB4G', 'Mozilla/5.0 (Windows NT 10.0; Win64; x64) AppleWebKit/537.36 (KHTML, like Gecko) Chrome/133.0.0.0 Safari/537.36', '172.70.54.70', '25-02-19 10:40');
UPDATE `user_registration` SET `popup_seen` = 'yes'
WHERE `user_id` = 'OMGB4G';
UPDATE `user_registration` SET `popup_seen` = 'no'
WHERE `user_id` = 'OMGB4G';
DELETE FROM `ci_sessions`
WHERE `id` = 'cc79a6c06796cf7e6fd06de7f6d4be7bb77c9fc4';
INSERT INTO `login_history` (`user_id`, `device`, `ip_address`, `date`) VALUES ('R37QLI', 'Mozilla/5.0 (Macintosh; Intel Mac OS X 10_15_7) AppleWebKit/605.1.15 (KHTML, like Gecko) Version/17.4 Safari/605.1.15', '172.70.255.161', '25-02-19 12:12');
UPDATE `user_registration` SET `popup_seen` = 'yes'
WHERE `user_id` = 'R37QLI';
INSERT INTO `login_history` (`user_id`, `device`, `ip_address`, `date`) VALUES ('44B9Y4', 'Mozilla/5.0 (Windows NT 10.0; Win64; x64) AppleWebKit/537.36 (KHTML, like Gecko) Chrome/133.0.0.0 Safari/537.36 Edg/133.0.0.0', '172.70.255.181', '25-02-19 12:26');
UPDATE `user_registration` SET `popup_seen` = 'yes'
WHERE `user_id` = '44B9Y4';
UPDATE `user_registration` SET `popup_seen` = 'yes'
WHERE `user_id` = '44B9Y4';
UPDATE `ci_sessions` SET `timestamp` = 1739990028, `data` = '__ci_last_regenerate|i:1739990028;id|s:4:\"2021\";user_id|s:6:\"44B9Y4\";username|s:7:\"Talimbi\";sponsor_id|s:5:\"admin\";fullname|s:14:\"Emilio Tapanes\";email|s:23:\"emiliotapanes@gmail.com\";phone|s:10:\"7862876762\";isLogIn|b:1;'
WHERE `id` = 'e4d692e8f852740f9550974f73e152833677ee5e';
UPDATE `ci_sessions` SET `timestamp` = 1739990434, `data` = '__ci_last_regenerate|i:1739990434;id|s:4:\"2021\";user_id|s:6:\"44B9Y4\";username|s:7:\"Talimbi\";sponsor_id|s:5:\"admin\";fullname|s:14:\"Emilio Tapanes\";email|s:23:\"emiliotapanes@gmail.com\";phone|s:10:\"7862876762\";isLogIn|b:1;'
WHERE `id` = 'e6f9a239f2484b506266b4773b67c5775cd2645f';
UPDATE `user_registration` SET `popup_seen` = 'no'
WHERE `user_id` = '44B9Y4';
DELETE FROM `ci_sessions`
WHERE `id` = '54b7d7f048df550537e994438277a94963a610ef';
INSERT INTO `login_history` (`user_id`, `device`, `ip_address`, `date`) VALUES ('2RSJNO', 'Mozilla/5.0 (Windows NT 10.0; Win64; x64) AppleWebKit/537.36 (KHTML, like Gecko) Chrome/130.0.0.0 Safari/537.36', '108.162.212.157', '25-02-19 12:47');
UPDATE `user_registration` SET `popup_seen` = 'yes'
WHERE `user_id` = '2RSJNO';
INSERT INTO `login_history` (`user_id`, `device`, `ip_address`, `date`) VALUES ('UQO7EQ', 'Mozilla/5.0 (Windows NT 10.0; Win64; x64) AppleWebKit/537.36 (KHTML, like Gecko) Chrome/133.0.0.0 Safari/537.36', '172.70.255.70', '25-02-19 13:19');
UPDATE `user_registration` SET `popup_seen` = 'yes'
WHERE `user_id` = 'UQO7EQ';
UPDATE `user_registration` SET `popup_seen` = 'no'
WHERE `user_id` = 'UQO7EQ';
DELETE FROM `ci_sessions`
WHERE `id` = '4ff28acb8941c80d4a4766bf9028d6d67ad85416';
INSERT INTO `login_history` (`user_id`, `device`, `ip_address`, `date`) VALUES ('JHRDHS', 'Mozilla/5.0 (Macintosh; Intel Mac OS X 10_15_7) AppleWebKit/605.1.15 (KHTML, like Gecko) Version/17.6 Safari/605.1.15', '172.71.191.65', '25-02-19 13:34');
UPDATE `user_registration` SET `popup_seen` = 'yes'
WHERE `user_id` = 'JHRDHS';
UPDATE `ci_sessions` SET `timestamp` = 1739993891, `data` = '__ci_last_regenerate|i:1739993891;id|s:4:\"2071\";user_id|s:6:\"JHRDHS\";username|s:7:\"mbecena\";sponsor_id|s:6:\"CVVK4C\";fullname|s:12:\"Maria Becena\";email|s:21:\"mbecena@bellsouth.net\";phone|s:10:\"7862360387\";isLogIn|b:1;'
WHERE `id` = '3157c4c38373176a41d65fd1c5e39b3bcb4e166d';
UPDATE `user_registration` SET `popup_seen` = 'yes'
WHERE `user_id` = 'JHRDHS';
UPDATE `ci_sessions` SET `timestamp` = 1739994330, `data` = '__ci_last_regenerate|i:1739994330;captcha|s:4:\"4i4i\";'
WHERE `id` = '629a414735de2d019a6fa27337f174fe99868e75';
INSERT INTO `login_history` (`user_id`, `device`, `ip_address`, `date`) VALUES ('UQO7EQ', 'Mozilla/5.0 (Windows NT 10.0; Win64; x64) AppleWebKit/537.36 (KHTML, like Gecko) Chrome/133.0.0.0 Safari/537.36', '172.71.191.23', '25-02-19 13:45');
UPDATE `user_registration` SET `popup_seen` = 'yes'
WHERE `user_id` = 'UQO7EQ';
UPDATE `user_registration` SET `popup_seen` = 'no'
WHERE `user_id` = 'UQO7EQ';
DELETE FROM `ci_sessions`
WHERE `id` = '2cd7c5bba34e1c5831bb29b8419bc1c4fd1bc76c';
UPDATE `user_registration` SET `popup_seen` = 'yes'
WHERE `user_id` = 'CVVK4C';
UPDATE `user_registration` SET `popup_seen` = 'yes'
WHERE `user_id` = 'CVVK4C';
UPDATE `user_registration` SET `popup_seen` = 'yes'
WHERE `user_id` = 'CVVK4C';
UPDATE `user_registration` SET `popup_seen` = 'yes'
WHERE `user_id` = 'CVVK4C';
UPDATE `ci_sessions` SET `timestamp` = 1739996143, `data` = '__ci_last_regenerate|i:1739996143;id|s:4:\"2071\";user_id|s:6:\"JHRDHS\";username|s:7:\"mbecena\";sponsor_id|s:6:\"CVVK4C\";fullname|s:12:\"Maria Becena\";email|s:21:\"mbecena@bellsouth.net\";phone|s:10:\"7862360387\";isLogIn|b:1;'
WHERE `id` = 'b1435b6f764533b43b34ed2bd7eac706691983c7';
UPDATE `user_registration` SET `popup_seen` = 'yes'
WHERE `user_id` = 'JHRDHS';
UPDATE `user_registration` SET `popup_seen` = 'no'
WHERE `user_id` = 'JHRDHS';
DELETE FROM `ci_sessions`
WHERE `id` = '2936f37f7e3a0e9674d285c963423415a6cf1b04';
INSERT INTO `login_history` (`user_id`, `device`, `ip_address`, `date`) VALUES ('JHRDHS', 'Mozilla/5.0 (iPhone; CPU iPhone OS 18_3_1 like Mac OS X) AppleWebKit/605.1.15 (KHTML, like Gecko) Version/18.3 Mobile/15E148 Safari/604.1', '172.70.94.76', '25-02-19 14:40');
UPDATE `user_registration` SET `popup_seen` = 'yes'
WHERE `user_id` = 'JHRDHS';
INSERT INTO `login_history` (`user_id`, `device`, `ip_address`, `date`) VALUES ('OMGB4G', 'Mozilla/5.0 (Windows NT 10.0; Win64; x64) AppleWebKit/537.36 (KHTML, like Gecko) Chrome/133.0.0.0 Safari/537.36', '172.70.54.245', '25-02-19 16:16');
UPDATE `user_registration` SET `popup_seen` = 'yes'
WHERE `user_id` = 'OMGB4G';
UPDATE `user_registration` SET `popup_seen` = 'no'
WHERE `user_id` = 'OMGB4G';
DELETE FROM `ci_sessions`
WHERE `id` = '488890b05c0477c476d57545aac3280574f9e5c3';
INSERT INTO `login_history` (`user_id`, `device`, `ip_address`, `date`) VALUES ('ULHSH2', 'Mozilla/5.0 (Windows NT 10.0; Win64; x64) AppleWebKit/537.36 (KHTML, like Gecko) Chrome/133.0.0.0 Safari/537.36', '108.162.210.156', '25-02-19 16:18');
UPDATE `user_registration` SET `popup_seen` = 'yes'
WHERE `user_id` = 'ULHSH2';
UPDATE `user_registration` SET `popup_seen` = 'no'
WHERE `user_id` = 'ULHSH2';
DELETE FROM `ci_sessions`
WHERE `id` = '8fc47dc975f45e0ec1e032f706c059345b6e77c3';
UPDATE `user_registration` SET `popup_seen` = 'yes'
WHERE `user_id` = 'CVVK4C';
INSERT INTO `login_history` (`user_id`, `device`, `ip_address`, `date`) VALUES ('QJ5U9C', 'Mozilla/5.0 (Windows NT 10.0; Win64; x64) AppleWebKit/537.36 (KHTML, like Gecko) Chrome/133.0.0.0 Safari/537.36', '172.70.55.157', '25-02-19 16:59');
UPDATE `user_registration` SET `popup_seen` = 'yes'
WHERE `user_id` = 'QJ5U9C';
UPDATE `ci_sessions` SET `timestamp` = 1740006163, `data` = '__ci_last_regenerate|i:1740006163;id|s:4:\"2084\";user_id|s:6:\"QJ5U9C\";username|s:10:\"gascarde60\";sponsor_id|s:6:\"O94ZPY\";fullname|s:14:\"Gaspar Cardero\";email|s:18:\"gascarde@yahoo.com\";phone|s:10:\"7862371360\";isLogIn|b:1;'
WHERE `id` = '48a4d91dbf19170ae285356e3fbc1e137817f0f5';
UPDATE `user_registration` SET `popup_seen` = 'no'
WHERE `user_id` = 'QJ5U9C';
DELETE FROM `ci_sessions`
WHERE `id` = 'c0c6271ab7d09a6ca3b5be2abcb5ab7d31834bfd';
INSERT INTO `login_history` (`user_id`, `device`, `ip_address`, `date`) VALUES ('F7LGEE', 'Mozilla/5.0 (Windows NT 10.0; Win64; x64) AppleWebKit/537.36 (KHTML, like Gecko) Chrome/133.0.0.0 Safari/537.36', '172.70.254.132', '25-02-19 17:05');
UPDATE `user_registration` SET `popup_seen` = 'yes'
WHERE `user_id` = 'F7LGEE';
UPDATE `user_registration` SET `default_leg` = 'right'
WHERE `user_id` = 'F7LGEE';
INSERT INTO `login_history` (`user_id`, `device`, `ip_address`, `date`) VALUES ('IYCRUH', 'Mozilla/5.0 (Macintosh; Intel Mac OS X 10_15_7) AppleWebKit/605.1.15 (KHTML, like Gecko) Version/18.1.1 Safari/605.1.15', '108.162.212.189', '25-02-19 17:11');
UPDATE `user_registration` SET `popup_seen` = 'yes'
WHERE `user_id` = 'IYCRUH';
UPDATE `ci_sessions` SET `timestamp` = 1740006736, `data` = '__ci_last_regenerate|i:1740006736;id|s:4:\"2145\";user_id|s:6:\"F7LGEE\";username|s:13:\"eve.barrios60\";sponsor_id|s:6:\"QJ5U9C\";fullname|s:24:\"Evelio Barrios Hernandez\";email|s:19:\"ebh600331@gmail.com\";phone|s:10:\"7869121599\";isLogIn|b:1;'
WHERE `id` = '8aed345fc105fd7dea9c849078ee946236bc39f4';
INSERT INTO `temp_register` (`post_data`, `date`, `payment_method`, `type`) VALUES ('{\"uid\":\"2177\",\"user_id\":\"HVBY8W\",\"username\":\"JoseRemesar112759\",\"sponsor_id\":\"F7LGEE\",\"vacant\":\"no\",\"f_name\":\"Jose\",\"l_name\":\"Valdes\",\"position\":\"right\",\"email\":\"joseantonio112759@gmail.com\",\"password\":\"9f9bd4358fcaef8fb73caa7ca176b730\",\"phone\":\"5618563661\",\"country\":\"United States\",\"state\":\"Florida\",\"city\":\"Miami\",\"street\":\"744 nw 30 th Place\",\"zip_code\":\"23125\",\"reg_ip\":\"108.162.212.189\",\"status\":1,\"package_id\":\"2\",\"rank_id\":1,\"highest_rank\":1,\"cycle_rank_id\":1,\"created\":\"2025-02-19 17:12:16\",\"subscription_date\":\"2025-03-21\",\"google_secret\":\"V6YETNU2A3NSWX5R\"}', '2025-02-19 17:12:16', 'stripe', 'register');
INSERT INTO `temp_register` (`post_data`, `date`, `payment_method`, `type`) VALUES ('{\"uid\":\"2177\",\"user_id\":\"X5T3ZT\",\"username\":\"JoseRemesar112759\",\"sponsor_id\":\"F7LGEE\",\"vacant\":\"no\",\"f_name\":\"Jose\",\"l_name\":\"Valdes\",\"position\":\"right\",\"email\":\"joseantonio112759@gmail.com\",\"password\":\"9f9bd4358fcaef8fb73caa7ca176b730\",\"phone\":\"5618563661\",\"country\":\"United States\",\"state\":\"Florida\",\"city\":\"Miami\",\"street\":\"744 nw 30 th Place\",\"zip_code\":\"23125\",\"reg_ip\":\"108.162.212.189\",\"status\":1,\"package_id\":\"2\",\"rank_id\":1,\"highest_rank\":1,\"cycle_rank_id\":1,\"created\":\"2025-02-19 17:12:16\",\"subscription_date\":\"2025-03-21\",\"google_secret\":\"COEGVX2GUFBAXBR2\"}', '2025-02-19 17:12:16', 'stripe', 'register');
UPDATE `temp_register` SET `response` = '{\"stripeToken\":\"tok_1QuMRx2NUoYUjiuuERVh2mXz\",\"stripeTokenType\":\"card\",\"stripeEmail\":\"joseantonio112759@gmail.com\"}', `date_modified` = '2025-02-19 17:13:10', `payment_status` = '{\"id\":\"ch_3QuMS22NUoYUjiuu15FwzPpk\",\"object\":\"charge\",\"amount\":59500,\"amount_captured\":59500,\"amount_refunded\":0,\"application\":null,\"application_fee\":null,\"application_fee_amount\":null,\"balance_transaction\":\"txn_3QuMS22NUoYUjiuu1lxhqB6D\",\"billing_details\":{\"address\":{\"city\":null,\"country\":null,\"line1\":null,\"line2\":null,\"postal_code\":null,\"state\":null},\"email\":null,\"name\":\"joseantonio112759@gmail.com\",\"phone\":null},\"calculated_statement_descriptor\":\"TRAVELEGENDCY LLC\",\"captured\":true,\"created\":1740006790,\"currency\":\"usd\",\"customer\":\"cus_RnyOe01RNyLJk8\",\"description\":null,\"destination\":null,\"dispute\":null,\"disputed\":false,\"failure_balance_transaction\":null,\"failure_code\":null,\"failure_message\":null,\"fraud_details\":[],\"invoice\":null,\"livemode\":true,\"metadata\":{\"name\":\"Jose Valdes\",\"username\":\"JoseRemesar112759\"},\"on_behalf_of\":null,\"order\":null,\"outcome\":{\"advice_code\":null,\"network_advice_code\":null,\"network_decline_code\":null,\"network_status\":\"approved_by_network\",\"reason\":null,\"risk_level\":\"normal\",\"seller_message\":\"Payment complete.\",\"type\":\"authorized\"},\"paid\":true,\"payment_intent\":null,\"payment_method\":\"card_1QuMRx2NUoYUjiuu1eLxV2gE\",\"payment_method_details\":{\"card\":{\"amount_authorized\":59500,\"authorization_code\":\"00306C\",\"brand\":\"visa\",\"checks\":{\"address_line1_check\":null,\"address_postal_code_check\":null,\"cvc_check\":\"pass\"},\"country\":\"US\",\"exp_month\":3,\"exp_year\":2026,\"extended_authorization\":{\"status\":\"disabled\"},\"fingerprint\":\"ILSKsOmquRlvt6l9\",\"funding\":\"credit\",\"incremental_authorization\":{\"status\":\"unavailable\"},\"installments\":null,\"last4\":\"9398\",\"mandate\":null,\"multicapture\":{\"status\":\"unavailable\"},\"network\":\"visa\",\"network_token\":{\"used\":false},\"network_transaction_id\":\"305050835905914\",\"overcapture\":{\"maximum_amount_capturable\":59500,\"status\":\"unavailable\"},\"regulated_status\":\"unregulated\",\"three_d_secure\":null,\"wallet\":null},\"type\":\"card\"},\"receipt_email\":null,\"receipt_number\":null,\"receipt_url\":\"https:\\/\\/pay.stripe.com\\/receipts\\/payment\\/CAcQARoXChVhY2N0XzFRUEFGdjJOVW9ZVWppdXUoh8vZvQYyBkU4u2Q09DosFpq1I_F4_G0FI_z3gQ9ZMdRxztomD6Ftb8emmNuLGzLnD38U5JUwDVF0W_o\",\"refunded\":false,\"review\":null,\"shipping\":null,\"source\":{\"id\":\"card_1QuMRx2NUoYUjiuu1eLxV2gE\",\"object\":\"card\",\"address_city\":null,\"address_country\":null,\"address_line1\":null,\"address_line1_check\":null,\"address_line2\":null,\"address_state\":null,\"address_zip\":null,\"address_zip_check\":null,\"allow_redisplay\":\"unspecified\",\"brand\":\"Visa\",\"country\":\"US\",\"customer\":\"cus_RnyOe01RNyLJk8\",\"cvc_check\":\"pass\",\"dynamic_last4\":null,\"exp_month\":3,\"exp_year\":2026,\"fingerprint\":\"ILSKsOmquRlvt6l9\",\"funding\":\"credit\",\"last4\":\"9398\",\"metadata\":[],\"name\":\"joseantonio112759@gmail.com\",\"regulated_status\":\"unregulated\",\"tokenization_method\":null,\"wallet\":null},\"source_transfer\":null,\"statement_descriptor\":null,\"statement_descriptor_suffix\":null,\"status\":\"succeeded\",\"transfer_data\":null,\"transfer_group\":null}'
WHERE `id` = 122;
UPDATE `user_registration` SET `uid` = '2177', `user_id` = 'X5T3ZT', `username` = 'JoseRemesar112759', `sponsor_id` = 'F7LGEE', `vacant` = 'no', `f_name` = 'Jose', `l_name` = 'Valdes', `position` = 'right', `email` = 'joseantonio112759@gmail.com', `password` = '9f9bd4358fcaef8fb73caa7ca176b730', `phone` = '5618563661', `country` = 'United States', `state` = 'Florida', `city` = 'Miami', `street` = '744 nw 30 th Place', `zip_code` = '23125', `reg_ip` = '108.162.212.189', `status` = 1, `package_id` = '2', `rank_id` = 1, `highest_rank` = 1, `cycle_rank_id` = 1, `created` = '2025-02-19 17:12:16', `subscription_date` = '2025-03-21', `google_secret` = 'COEGVX2GUFBAXBR2'
WHERE `uid` = '2177';
INSERT INTO `user_registration` (`uid`, `user_id`, `username`, `sponsor_id`, `placement_id`, `vacant`, `f_name`, `l_name`, `address`, `position`, `email`, `password`, `phone`, `reg_ip`, `status`, `created`) VALUES (NULL, 'VXLLBL', 'lFxOnKWT', 'X5T3ZT', 'X5T3ZT', 'yes', '', '', '', 'left', '@mail.com', '', '', '', 0, '2025-02-19 17:13:10');
INSERT INTO `user_registration` (`uid`, `user_id`, `username`, `sponsor_id`, `placement_id`, `vacant`, `f_name`, `l_name`, `address`, `position`, `email`, `password`, `phone`, `reg_ip`, `status`, `created`) VALUES (NULL, 'BFRIRD', 'aIOngfKe', 'X5T3ZT', 'X5T3ZT', 'yes', '', '', '', 'right', '@mail.com', '', '', '', 0, '2025-02-19 17:13:10');
INSERT INTO `bv_updation` (`user_id`) VALUES ('X5T3ZT');
UPDATE `user_registration` SET total_ref_count = total_ref_count+1
WHERE `user_id` = 'F7LGEE';
UPDATE `user_registration` SET total_downlines = total_downlines+1
WHERE `user_id` = '648GBY';
UPDATE `user_registration` SET right_downlines = right_downlines+1
WHERE `user_id` = '648GBY';
UPDATE `user_registration` SET total_downlines = total_downlines+1
WHERE `user_id` = '9T4ALJ';
UPDATE `user_registration` SET right_downlines = right_downlines+1
WHERE `user_id` = '9T4ALJ';
UPDATE `user_registration` SET total_downlines = total_downlines+1
WHERE `user_id` = '2QC8SK';
UPDATE `user_registration` SET right_downlines = right_downlines+1
WHERE `user_id` = '2QC8SK';
UPDATE `user_registration` SET total_downlines = total_downlines+1
WHERE `user_id` = 'OHI8SE';
UPDATE `user_registration` SET right_downlines = right_downlines+1
WHERE `user_id` = 'OHI8SE';
UPDATE `user_registration` SET total_downlines = total_downlines+1
WHERE `user_id` = 'QRE21J';
UPDATE `user_registration` SET right_downlines = right_downlines+1
WHERE `user_id` = 'QRE21J';
UPDATE `user_registration` SET total_downlines = total_downlines+1
WHERE `user_id` = 'HRAFD3';
UPDATE `user_registration` SET right_downlines = right_downlines+1
WHERE `user_id` = 'HRAFD3';
UPDATE `user_registration` SET total_downlines = total_downlines+1
WHERE `user_id` = 'F7LGEE';
UPDATE `user_registration` SET right_downlines = right_downlines+1
WHERE `user_id` = 'F7LGEE';
UPDATE `user_registration` SET right_ref_count = right_ref_count+1
WHERE `user_id` = 'F7LGEE';
UPDATE `user_registration` SET active_right = active_right+1
WHERE `user_id` = 'F7LGEE';
UPDATE `user_registration` SET `binary_qualified` = 'yes', `binary_qualified_date` = '2025-02-19 17:13:10'
WHERE `user_id` = 'F7LGEE';
UPDATE `user_registration` SET total_downlines = total_downlines+1
WHERE `user_id` = 'QJ5U9C';
UPDATE `user_registration` SET right_downlines = right_downlines+1
WHERE `user_id` = 'QJ5U9C';
UPDATE `user_registration` SET total_downlines = total_downlines+1
WHERE `user_id` = 'O94ZPY';
UPDATE `user_registration` SET left_downlines = left_downlines+1
WHERE `user_id` = 'O94ZPY';
UPDATE `user_registration` SET total_downlines = total_downlines+1
WHERE `user_id` = 'JHRDHS';
UPDATE `user_registration` SET right_downlines = right_downlines+1
WHERE `user_id` = 'JHRDHS';
UPDATE `user_registration` SET total_downlines = total_downlines+1
WHERE `user_id` = 'CVVK4C';
UPDATE `user_registration` SET right_downlines = right_downlines+1
WHERE `user_id` = 'CVVK4C';
UPDATE `user_registration` SET total_downlines = total_downlines+1
WHERE `user_id` = 'K55EDD';
UPDATE `user_registration` SET left_downlines = left_downlines+1
WHERE `user_id` = 'K55EDD';
UPDATE `user_registration` SET total_downlines = total_downlines+1
WHERE `user_id` = 'UQO7EQ';
UPDATE `user_registration` SET left_downlines = left_downlines+1
WHERE `user_id` = 'UQO7EQ';
UPDATE `user_registration` SET total_downlines = total_downlines+1
WHERE `user_id` = 'N6GZAE';
UPDATE `user_registration` SET left_downlines = left_downlines+1
WHERE `user_id` = 'N6GZAE';
UPDATE `user_registration` SET total_downlines = total_downlines+1
WHERE `user_id` = '4E1CRI';
UPDATE `user_registration` SET left_downlines = left_downlines+1
WHERE `user_id` = '4E1CRI';
UPDATE `user_registration` SET total_downlines = total_downlines+1
WHERE `user_id` = 'SJBNYJ';
UPDATE `user_registration` SET left_downlines = left_downlines+1
WHERE `user_id` = 'SJBNYJ';
UPDATE `user_registration` SET total_downlines = total_downlines+1
WHERE `user_id` = '44B9Y4';
UPDATE `user_registration` SET left_downlines = left_downlines+1
WHERE `user_id` = '44B9Y4';
UPDATE `user_registration` SET total_downlines = total_downlines+1
WHERE `user_id` = 'admin';
UPDATE `user_registration` SET right_downlines = right_downlines+1
WHERE `user_id` = 'admin';
INSERT INTO `investment` (`invest_date`, `user_id`, `type`, `amount`, `package_id`) VALUES ('2025-02-19 17:13:10', 'X5T3ZT', 'register', '595', '2');
INSERT INTO `earnings` (`user_id`, `Purchaser_id`, `earning_type`, `package_id`, `amount`, `date`, `comments`, `invest_amount`, `comm_perc`, `level`, `rank_id`, `order_id`) VALUES ('F7LGEE', 'X5T3ZT', 'Direct Referral Bonus', '2', '100', '2025-02-19 17:13:10', 'Direct Referral Bonus', 0, 0, 1, '', 97);
UPDATE `user_registration` SET commission_balance = ROUND(commission_balance + 100,2)
WHERE `user_id` = 'F7LGEE';
UPDATE `user_registration` SET referral_bonus = ROUND(referral_bonus + 100,2)
WHERE `user_id` = 'F7LGEE';
UPDATE `user_registration` SET total_points = ROUND(total_points + 50,2)
WHERE `user_id` = 'X5T3ZT';
INSERT INTO `points_history` (`user_id`, `points`, `type`, `date`) VALUES ('X5T3ZT', '50', 'register', '2025-02-19 17:13:');
INSERT INTO `matrix_filling` (`placement_id`, `downline_id`, `level`, `matrix`) VALUES ('648GBY', 'X5T3ZT', 1, 1);
INSERT INTO `matrix_filling` (`placement_id`, `downline_id`, `level`, `matrix`) VALUES ('9T4ALJ', 'X5T3ZT', 2, 1);
UPDATE `bv_updation` SET right_carry = right_carry+50, total_right = total_right+50
WHERE `user_id` = '9T4ALJ';
INSERT INTO `placement_bv_update_history` (`right_carry`, `date`, `from_id`, `user_id`) VALUES ('50', '2025-02-19 17:13:10', 'X5T3ZT', '9T4ALJ');
INSERT INTO `matrix_filling` (`placement_id`, `downline_id`, `level`, `matrix`) VALUES ('2QC8SK', 'X5T3ZT', 3, 1);
UPDATE `bv_updation` SET right_carry = right_carry+50, total_right = total_right+50
WHERE `user_id` = '2QC8SK';
INSERT INTO `placement_bv_update_history` (`right_carry`, `date`, `from_id`, `user_id`) VALUES ('50', '2025-02-19 17:13:10', 'X5T3ZT', '2QC8SK');
INSERT INTO `matrix_filling` (`placement_id`, `downline_id`, `level`, `matrix`) VALUES ('OHI8SE', 'X5T3ZT', 4, 1);
UPDATE `bv_updation` SET right_carry = right_carry+50, total_right = total_right+50
WHERE `user_id` = 'OHI8SE';
INSERT INTO `placement_bv_update_history` (`right_carry`, `date`, `from_id`, `user_id`) VALUES ('50', '2025-02-19 17:13:10', 'X5T3ZT', 'OHI8SE');
INSERT INTO `matrix_filling` (`placement_id`, `downline_id`, `level`, `matrix`) VALUES ('QRE21J', 'X5T3ZT', 5, 1);
UPDATE `bv_updation` SET right_carry = right_carry+50, total_right = total_right+50
WHERE `user_id` = 'QRE21J';
INSERT INTO `placement_bv_update_history` (`right_carry`, `date`, `from_id`, `user_id`) VALUES ('50', '2025-02-19 17:13:10', 'X5T3ZT', 'QRE21J');
INSERT INTO `matrix_filling` (`placement_id`, `downline_id`, `level`, `matrix`) VALUES ('HRAFD3', 'X5T3ZT', 6, 1);
UPDATE `bv_updation` SET right_carry = right_carry+50, total_right = total_right+50
WHERE `user_id` = 'HRAFD3';
INSERT INTO `placement_bv_update_history` (`right_carry`, `date`, `from_id`, `user_id`) VALUES ('50', '2025-02-19 17:13:10', 'X5T3ZT', 'HRAFD3');
INSERT INTO `matrix_filling` (`placement_id`, `downline_id`, `level`, `matrix`) VALUES ('F7LGEE', 'X5T3ZT', 7, 1);
UPDATE `bv_updation` SET right_carry = right_carry+50, total_right = total_right+50
WHERE `user_id` = 'F7LGEE';
INSERT INTO `placement_bv_update_history` (`right_carry`, `date`, `from_id`, `user_id`) VALUES ('50', '2025-02-19 17:13:10', 'X5T3ZT', 'F7LGEE');
UPDATE `bv_updation` SET sponsor_right_carry = sponsor_right_carry+50, sponsor_total_right = sponsor_total_right+50
WHERE `user_id` = 'F7LGEE';
INSERT INTO `sponsor_bv_update_history` (`right_carry`, `date`, `user_id`) VALUES ('50', '2025-02-19 17:13:10', 'F7LGEE');
INSERT INTO `matrix_filling` (`placement_id`, `downline_id`, `level`, `matrix`) VALUES ('QJ5U9C', 'X5T3ZT', 8, 1);
UPDATE `bv_updation` SET right_carry = right_carry+50, total_right = total_right+50
WHERE `user_id` = 'QJ5U9C';
INSERT INTO `placement_bv_update_history` (`right_carry`, `date`, `from_id`, `user_id`) VALUES ('50', '2025-02-19 17:13:10', 'X5T3ZT', 'QJ5U9C');
INSERT INTO `matrix_filling` (`placement_id`, `downline_id`, `level`, `matrix`) VALUES ('O94ZPY', 'X5T3ZT', 9, 1);
UPDATE `bv_updation` SET left_carry = left_carry+50, total_left = total_left+50
WHERE `user_id` = 'O94ZPY';
INSERT INTO `placement_bv_update_history` (`left_carry`, `date`, `from_id`, `user_id`) VALUES ('50', '2025-02-19 17:13:10', 'X5T3ZT', 'O94ZPY');
INSERT INTO `matrix_filling` (`placement_id`, `downline_id`, `level`, `matrix`) VALUES ('JHRDHS', 'X5T3ZT', 10, 1);
UPDATE `bv_updation` SET right_carry = right_carry+50, total_right = total_right+50
WHERE `user_id` = 'JHRDHS';
INSERT INTO `placement_bv_update_history` (`right_carry`, `date`, `from_id`, `user_id`) VALUES ('50', '2025-02-19 17:13:10', 'X5T3ZT', 'JHRDHS');
INSERT INTO `matrix_filling` (`placement_id`, `downline_id`, `level`, `matrix`) VALUES ('CVVK4C', 'X5T3ZT', 11, 1);
UPDATE `bv_updation` SET right_carry = right_carry+50, total_right = total_right+50
WHERE `user_id` = 'CVVK4C';
INSERT INTO `placement_bv_update_history` (`right_carry`, `date`, `from_id`, `user_id`) VALUES ('50', '2025-02-19 17:13:10', 'X5T3ZT', 'CVVK4C');
INSERT INTO `matrix_filling` (`placement_id`, `downline_id`, `level`, `matrix`) VALUES ('K55EDD', 'X5T3ZT', 12, 1);
UPDATE `bv_updation` SET left_carry = left_carry+50, total_left = total_left+50
WHERE `user_id` = 'K55EDD';
INSERT INTO `placement_bv_update_history` (`left_carry`, `date`, `from_id`, `user_id`) VALUES ('50', '2025-02-19 17:13:10', 'X5T3ZT', 'K55EDD');
INSERT INTO `matrix_filling` (`placement_id`, `downline_id`, `level`, `matrix`) VALUES ('UQO7EQ', 'X5T3ZT', 13, 1);
UPDATE `bv_updation` SET left_carry = left_carry+50, total_left = total_left+50
WHERE `user_id` = 'UQO7EQ';
INSERT INTO `placement_bv_update_history` (`left_carry`, `date`, `from_id`, `user_id`) VALUES ('50', '2025-02-19 17:13:10', 'X5T3ZT', 'UQO7EQ');
INSERT INTO `matrix_filling` (`placement_id`, `downline_id`, `level`, `matrix`) VALUES ('N6GZAE', 'X5T3ZT', 14, 1);
UPDATE `bv_updation` SET left_carry = left_carry+50, total_left = total_left+50
WHERE `user_id` = 'N6GZAE';
INSERT INTO `placement_bv_update_history` (`left_carry`, `date`, `from_id`, `user_id`) VALUES ('50', '2025-02-19 17:13:10', 'X5T3ZT', 'N6GZAE');
INSERT INTO `matrix_filling` (`placement_id`, `downline_id`, `level`, `matrix`) VALUES ('4E1CRI', 'X5T3ZT', 15, 1);
UPDATE `bv_updation` SET left_carry = left_carry+50, total_left = total_left+50
WHERE `user_id` = '4E1CRI';
INSERT INTO `placement_bv_update_history` (`left_carry`, `date`, `from_id`, `user_id`) VALUES ('50', '2025-02-19 17:13:10', 'X5T3ZT', '4E1CRI');
INSERT INTO `matrix_filling` (`placement_id`, `downline_id`, `level`, `matrix`) VALUES ('SJBNYJ', 'X5T3ZT', 16, 1);
UPDATE `bv_updation` SET left_carry = left_carry+50, total_left = total_left+50
WHERE `user_id` = 'SJBNYJ';
INSERT INTO `placement_bv_update_history` (`left_carry`, `date`, `from_id`, `user_id`) VALUES ('50', '2025-02-19 17:13:10', 'X5T3ZT', 'SJBNYJ');
INSERT INTO `matrix_filling` (`placement_id`, `downline_id`, `level`, `matrix`) VALUES ('44B9Y4', 'X5T3ZT', 17, 1);
UPDATE `bv_updation` SET left_carry = left_carry+50, total_left = total_left+50
WHERE `user_id` = '44B9Y4';
INSERT INTO `placement_bv_update_history` (`left_carry`, `date`, `from_id`, `user_id`) VALUES ('50', '2025-02-19 17:13:10', 'X5T3ZT', '44B9Y4');
INSERT INTO `matrix_filling` (`placement_id`, `downline_id`, `level`, `matrix`) VALUES ('admin', 'X5T3ZT', 18, 1);
UPDATE `bv_updation` SET right_carry = right_carry+50, total_right = total_right+50
WHERE `user_id` = 'admin';
INSERT INTO `placement_bv_update_history` (`right_carry`, `date`, `from_id`, `user_id`) VALUES ('50', '2025-02-19 17:13:10', 'X5T3ZT', 'admin');
INSERT INTO `package_purchase_history` (`user_id`, `package_id`, `reg_fee`, `package_name`, `monthly_fee`, `type`, `date`, `payment_option`) VALUES ('X5T3ZT', '2', '595', 'Traveler Pro', '150', 'sign_up', '2025-02-19 17:13:10', 'stripe');
UPDATE `user_registration` SET `popup_seen` = 'no'
WHERE `user_id` = 'F7LGEE';
DELETE FROM `ci_sessions`
WHERE `id` = '8aed345fc105fd7dea9c849078ee946236bc39f4';
UPDATE `ci_sessions` SET `timestamp` = 1740007122, `data` = '__ci_last_regenerate|i:1740007122;id|s:4:\"2192\";user_id|s:6:\"IYCRUH\";username|s:11:\"CARMENTMORA\";sponsor_id|s:6:\"QJ5U9C\";fullname|s:13:\"Carmen T Mora\";email|s:24:\"rosioesmeralda@yahoo.com\";phone|s:10:\"7869708716\";isLogIn|b:1;'
WHERE `id` = 'f19f838a846b78cfadd98e49171b41c03494f538';
UPDATE `user_registration` SET `popup_seen` = 'no'
WHERE `user_id` = 'IYCRUH';
DELETE FROM `ci_sessions`
WHERE `id` = 'f3ffdffe3dd26e21ba5719ecdaf6ba348a1c8d31';
UPDATE `ci_sessions` SET `timestamp` = 1740007447, `data` = '__ci_last_regenerate|i:1740007447;captcha|s:4:\"eh9e\";'
WHERE `id` = 'b0cb98a2e23baff41bd2a2641d470975bba7ffba';
INSERT INTO `login_history` (`user_id`, `device`, `ip_address`, `date`) VALUES ('KWLAIS', 'Mozilla/5.0 (Macintosh; Intel Mac OS X 10_15_7) AppleWebKit/605.1.15 (KHTML, like Gecko) Version/18.1.1 Safari/605.1.15', '172.70.82.159', '25-02-19 17:24');
UPDATE `user_registration` SET `popup_seen` = 'yes'
WHERE `user_id` = 'KWLAIS';
UPDATE `user_registration` SET `language` = 'spanish'
WHERE `user_id` = 'KWLAIS';
UPDATE `user_registration` SET `popup_seen` = 'yes'
WHERE `user_id` = 'KWLAIS';
UPDATE `user_registration` SET `default_leg` = 'left'
WHERE `user_id` = 'KWLAIS';
UPDATE `user_registration` SET `popup_seen` = 'yes'
WHERE `user_id` = 'KWLAIS';
UPDATE `user_registration` SET `popup_seen` = 'yes'
WHERE `user_id` = 'KWLAIS';
UPDATE `user_registration` SET `popup_seen` = 'no'
WHERE `user_id` = 'KWLAIS';
DELETE FROM `ci_sessions`
WHERE `id` = '347bbd78710377d9544a6ed689b836c13e868535';
INSERT INTO `login_history` (`user_id`, `device`, `ip_address`, `date`) VALUES ('44B9Y4', 'Mozilla/5.0 (Windows NT 10.0; Win64; x64) AppleWebKit/537.36 (KHTML, like Gecko) Chrome/133.0.0.0 Safari/537.36', '172.69.132.225', '25-02-19 18:11');
UPDATE `user_registration` SET `popup_seen` = 'yes'
WHERE `user_id` = '44B9Y4';
UPDATE `user_registration` SET `popup_seen` = 'yes'
WHERE `user_id` = '44B9Y4';
UPDATE `user_registration` SET `popup_seen` = 'yes'
WHERE `user_id` = '44B9Y4';
UPDATE `ci_sessions` SET `timestamp` = 1740011619, `data` = '__ci_last_regenerate|i:1740011619;captcha|s:4:\"nqhc\";'
WHERE `id` = '079a630ff4c274f5dc3ffebda63eb48ce8141d56';
UPDATE `ci_sessions` SET `timestamp` = 1740012977, `data` = '__ci_last_regenerate|i:1740012977;captcha|s:4:\"grtf\";'
WHERE `id` = '857ba2c945680d0e5f5fcf8dc8f6ec5c779f3fa5';
INSERT INTO `login_history` (`user_id`, `device`, `ip_address`, `date`) VALUES ('KWLAIS', 'Mozilla/5.0 (Windows NT 10.0; Win64; x64) AppleWebKit/537.36 (KHTML, like Gecko) Chrome/133.0.0.0 Safari/537.36', '172.69.70.45', '25-02-19 18:56');
UPDATE `user_registration` SET `popup_seen` = 'yes'
WHERE `user_id` = 'KWLAIS';
UPDATE `user_registration` SET `popup_seen` = 'yes'
WHERE `user_id` = 'KWLAIS';
INSERT INTO `login_history` (`user_id`, `device`, `ip_address`, `date`) VALUES ('R37QLI', 'Mozilla/5.0 (Macintosh; Intel Mac OS X 10_15_7) AppleWebKit/605.1.15 (KHTML, like Gecko) Version/17.4 Safari/605.1.15', '172.70.254.94', '25-02-19 19:00');
UPDATE `user_registration` SET `popup_seen` = 'yes'
WHERE `user_id` = 'R37QLI';
UPDATE `ci_sessions` SET `timestamp` = 1740013368, `data` = '__ci_last_regenerate|i:1740013368;id|s:4:\"2200\";user_id|s:6:\"KWLAIS\";username|s:10:\"rocii_esme\";sponsor_id|s:6:\"LUOTZ5\";fullname|s:22:\"Rocio E Fernandez Mora\";email|s:27:\"rociofernandez468@gmail.com\";phone|s:12:\"786 378 2640\";isLogIn|b:1;'
WHERE `id` = '8f0a120066f20440debef87f8de468cab2ad9e58';
INSERT INTO `temp_register` (`post_data`, `date`, `payment_method`, `type`) VALUES ('{\"uid\":\"2202\",\"user_id\":\"8R8YQG\",\"username\":\"Vladimir1963\",\"sponsor_id\":\"KWLAIS\",\"vacant\":\"no\",\"f_name\":\"Vladimir \",\"l_name\":\"Leyva  Garcia\",\"position\":\"left\",\"email\":\"yasmani5@yahoo.com\",\"password\":\"982b9d2b28cfd439cbfd7aa444d4abeb\",\"phone\":\"3054957521\",\"country\":\"United States\",\"state\":\"Florida\",\"city\":\"Miami Gardens\",\"street\":\"2421 NW 170 ST\",\"zip_code\":\"33056\",\"reg_ip\":\"108.162.238.147\",\"status\":1,\"package_id\":\"2\",\"rank_id\":1,\"highest_rank\":1,\"cycle_rank_id\":1,\"created\":\"2025-02-19 19:05:49\",\"subscription_date\":\"2025-03-21\",\"google_secret\":\"T2DFO6YHIO6CMOIG\"}', '2025-02-19 19:05:49', 'stripe', 'register');
UPDATE `ci_sessions` SET `timestamp` = 1740013680, `data` = '__ci_last_regenerate|i:1740013680;id|s:4:\"2200\";user_id|s:6:\"KWLAIS\";username|s:10:\"rocii_esme\";sponsor_id|s:6:\"LUOTZ5\";fullname|s:22:\"Rocio E Fernandez Mora\";email|s:27:\"rociofernandez468@gmail.com\";phone|s:12:\"786 378 2640\";isLogIn|b:1;reg_stripe_id|i:123;'
WHERE `id` = 'cffb94e0d28b1c725754174d0f7a83c0f3b5f99c';
UPDATE `temp_register` SET `response` = '{\"stripeToken\":\"tok_1QuOHj2NUoYUjiuu9RIcELpA\",\"stripeTokenType\":\"card\",\"stripeEmail\":\"yasmani5@yahoo.com\"}', `date_modified` = '2025-02-19 19:10:44', `payment_status` = '{\"id\":\"ch_3QuOHo2NUoYUjiuu0KtweXHh\",\"object\":\"charge\",\"amount\":59500,\"amount_captured\":59500,\"amount_refunded\":0,\"application\":null,\"application_fee\":null,\"application_fee_amount\":null,\"balance_transaction\":\"txn_3QuOHo2NUoYUjiuu0SeDwODn\",\"billing_details\":{\"address\":{\"city\":null,\"country\":null,\"line1\":null,\"line2\":null,\"postal_code\":null,\"state\":null},\"email\":null,\"name\":\"yasmani5@yahoo.com\",\"phone\":null},\"calculated_statement_descriptor\":\"TRAVELEGENDCY LLC\",\"captured\":true,\"created\":1740013844,\"currency\":\"usd\",\"customer\":\"cus_Ro0ILgyjpnDfqk\",\"description\":null,\"destination\":null,\"dispute\":null,\"disputed\":false,\"failure_balance_transaction\":null,\"failure_code\":null,\"failure_message\":null,\"fraud_details\":[],\"invoice\":null,\"livemode\":true,\"metadata\":{\"name\":\"Vladimir  Leyva  Garcia\",\"username\":\"Vladimir1963\"},\"on_behalf_of\":null,\"order\":null,\"outcome\":{\"advice_code\":null,\"network_advice_code\":null,\"network_decline_code\":null,\"network_status\":\"approved_by_network\",\"reason\":null,\"risk_level\":\"normal\",\"seller_message\":\"Payment complete.\",\"type\":\"authorized\"},\"paid\":true,\"payment_intent\":null,\"payment_method\":\"card_1QuOHj2NUoYUjiuuIPmnHqHg\",\"payment_method_details\":{\"card\":{\"amount_authorized\":59500,\"authorization_code\":\"01364Z\",\"brand\":\"mastercard\",\"checks\":{\"address_line1_check\":null,\"address_postal_code_check\":null,\"cvc_check\":\"pass\"},\"country\":\"US\",\"exp_month\":1,\"exp_year\":2027,\"extended_authorization\":{\"status\":\"disabled\"},\"fingerprint\":\"Sfy1MPbwraere9OG\",\"funding\":\"credit\",\"incremental_authorization\":{\"status\":\"unavailable\"},\"installments\":null,\"last4\":\"4708\",\"mandate\":null,\"multicapture\":{\"status\":\"unavailable\"},\"network\":\"mastercard\",\"network_token\":{\"used\":false},\"network_transaction_id\":\"MWE3DRA890219\",\"overcapture\":{\"maximum_amount_capturable\":59500,\"status\":\"unavailable\"},\"regulated_status\":\"unregulated\",\"three_d_secure\":null,\"wallet\":null},\"type\":\"card\"},\"receipt_email\":null,\"receipt_number\":null,\"receipt_url\":\"https:\\/\\/pay.stripe.com\\/receipts\\/payment\\/CAcQARoXChVhY2N0XzFRUEFGdjJOVW9ZVWppdXUolYLavQYyBsr5hY36KjosFqcS4znCyl_RJ4jwpK_6Vb_9TkUUZCY5ZvNC1bgTahoa1FdJwmBhbdx5tk8\",\"refunded\":false,\"review\":null,\"shipping\":null,\"source\":{\"id\":\"card_1QuOHj2NUoYUjiuuIPmnHqHg\",\"object\":\"card\",\"address_city\":null,\"address_country\":null,\"address_line1\":null,\"address_line1_check\":null,\"address_line2\":null,\"address_state\":null,\"address_zip\":null,\"address_zip_check\":null,\"allow_redisplay\":\"unspecified\",\"brand\":\"MasterCard\",\"country\":\"US\",\"customer\":\"cus_Ro0ILgyjpnDfqk\",\"cvc_check\":\"pass\",\"dynamic_last4\":null,\"exp_month\":1,\"exp_year\":2027,\"fingerprint\":\"Sfy1MPbwraere9OG\",\"funding\":\"credit\",\"last4\":\"4708\",\"metadata\":[],\"name\":\"yasmani5@yahoo.com\",\"regulated_status\":\"unregulated\",\"tokenization_method\":null,\"wallet\":null},\"source_transfer\":null,\"statement_descriptor\":null,\"statement_descriptor_suffix\":null,\"status\":\"succeeded\",\"transfer_data\":null,\"transfer_group\":null}'
WHERE `id` = 123;
UPDATE `user_registration` SET `uid` = '2202', `user_id` = '8R8YQG', `username` = 'Vladimir1963', `sponsor_id` = 'KWLAIS', `vacant` = 'no', `f_name` = 'Vladimir ', `l_name` = 'Leyva  Garcia', `position` = 'left', `email` = 'yasmani5@yahoo.com', `password` = '982b9d2b28cfd439cbfd7aa444d4abeb', `phone` = '3054957521', `country` = 'United States', `state` = 'Florida', `city` = 'Miami Gardens', `street` = '2421 NW 170 ST', `zip_code` = '33056', `reg_ip` = '108.162.238.147', `status` = 1, `package_id` = '2', `rank_id` = 1, `highest_rank` = 1, `cycle_rank_id` = 1, `created` = '2025-02-19 19:05:49', `subscription_date` = '2025-03-21', `google_secret` = 'T2DFO6YHIO6CMOIG'
WHERE `uid` = '2202';
INSERT INTO `user_registration` (`uid`, `user_id`, `username`, `sponsor_id`, `placement_id`, `vacant`, `f_name`, `l_name`, `address`, `position`, `email`, `password`, `phone`, `reg_ip`, `status`, `created`) VALUES (NULL, 'VIUZLL', 'cAlcPDcq', '8R8YQG', '8R8YQG', 'yes', '', '', '', 'left', '@mail.com', '', '', '', 0, '2025-02-19 19:10:44');
INSERT INTO `user_registration` (`uid`, `user_id`, `username`, `sponsor_id`, `placement_id`, `vacant`, `f_name`, `l_name`, `address`, `position`, `email`, `password`, `phone`, `reg_ip`, `status`, `created`) VALUES (NULL, 'VYJUSQ', 'PxkHDwtw', '8R8YQG', '8R8YQG', 'yes', '', '', '', 'right', '@mail.com', '', '', '', 0, '2025-02-19 19:10:44');
INSERT INTO `bv_updation` (`user_id`) VALUES ('8R8YQG');
UPDATE `user_registration` SET total_ref_count = total_ref_count+1
WHERE `user_id` = 'KWLAIS';
UPDATE `user_registration` SET total_downlines = total_downlines+1
WHERE `user_id` = 'KWLAIS';
UPDATE `user_registration` SET left_downlines = left_downlines+1
WHERE `user_id` = 'KWLAIS';
UPDATE `user_registration` SET left_ref_count = left_ref_count+1
WHERE `user_id` = 'KWLAIS';
UPDATE `user_registration` SET active_left = active_left+1
WHERE `user_id` = 'KWLAIS';
UPDATE `user_registration` SET total_downlines = total_downlines+1
WHERE `user_id` = 'XBYEND';
UPDATE `user_registration` SET left_downlines = left_downlines+1
WHERE `user_id` = 'XBYEND';
UPDATE `user_registration` SET total_downlines = total_downlines+1
WHERE `user_id` = 'LUOTZ5';
UPDATE `user_registration` SET left_downlines = left_downlines+1
WHERE `user_id` = 'LUOTZ5';
UPDATE `user_registration` SET total_downlines = total_downlines+1
WHERE `user_id` = 'IYCRUH';
UPDATE `user_registration` SET left_downlines = left_downlines+1
WHERE `user_id` = 'IYCRUH';
UPDATE `user_registration` SET total_downlines = total_downlines+1
WHERE `user_id` = '2RSJNO';
UPDATE `user_registration` SET left_downlines = left_downlines+1
WHERE `user_id` = '2RSJNO';
UPDATE `user_registration` SET total_downlines = total_downlines+1
WHERE `user_id` = 'ETPYLQ';
UPDATE `user_registration` SET left_downlines = left_downlines+1
WHERE `user_id` = 'ETPYLQ';
UPDATE `user_registration` SET total_downlines = total_downlines+1
WHERE `user_id` = 'M2XFK7';
UPDATE `user_registration` SET left_downlines = left_downlines+1
WHERE `user_id` = 'M2XFK7';
UPDATE `user_registration` SET total_downlines = total_downlines+1
WHERE `user_id` = '7BQJK5';
UPDATE `user_registration` SET left_downlines = left_downlines+1
WHERE `user_id` = '7BQJK5';
UPDATE `user_registration` SET total_downlines = total_downlines+1
WHERE `user_id` = 'QJ5U9C';
UPDATE `user_registration` SET left_downlines = left_downlines+1
WHERE `user_id` = 'QJ5U9C';
UPDATE `user_registration` SET total_downlines = total_downlines+1
WHERE `user_id` = 'O94ZPY';
UPDATE `user_registration` SET left_downlines = left_downlines+1
WHERE `user_id` = 'O94ZPY';
UPDATE `user_registration` SET total_downlines = total_downlines+1
WHERE `user_id` = 'JHRDHS';
UPDATE `user_registration` SET right_downlines = right_downlines+1
WHERE `user_id` = 'JHRDHS';
UPDATE `user_registration` SET total_downlines = total_downlines+1
WHERE `user_id` = 'CVVK4C';
UPDATE `user_registration` SET right_downlines = right_downlines+1
WHERE `user_id` = 'CVVK4C';
UPDATE `user_registration` SET total_downlines = total_downlines+1
WHERE `user_id` = 'K55EDD';
UPDATE `user_registration` SET left_downlines = left_downlines+1
WHERE `user_id` = 'K55EDD';
UPDATE `user_registration` SET total_downlines = total_downlines+1
WHERE `user_id` = 'UQO7EQ';
UPDATE `user_registration` SET left_downlines = left_downlines+1
WHERE `user_id` = 'UQO7EQ';
UPDATE `user_registration` SET total_downlines = total_downlines+1
WHERE `user_id` = 'N6GZAE';
UPDATE `user_registration` SET left_downlines = left_downlines+1
WHERE `user_id` = 'N6GZAE';
UPDATE `user_registration` SET total_downlines = total_downlines+1
WHERE `user_id` = '4E1CRI';
UPDATE `user_registration` SET left_downlines = left_downlines+1
WHERE `user_id` = '4E1CRI';
UPDATE `user_registration` SET total_downlines = total_downlines+1
WHERE `user_id` = 'SJBNYJ';
UPDATE `user_registration` SET left_downlines = left_downlines+1
WHERE `user_id` = 'SJBNYJ';
UPDATE `user_registration` SET total_downlines = total_downlines+1
WHERE `user_id` = '44B9Y4';
UPDATE `user_registration` SET left_downlines = left_downlines+1
WHERE `user_id` = '44B9Y4';
UPDATE `user_registration` SET total_downlines = total_downlines+1
WHERE `user_id` = 'admin';
UPDATE `user_registration` SET right_downlines = right_downlines+1
WHERE `user_id` = 'admin';
INSERT INTO `investment` (`invest_date`, `user_id`, `type`, `amount`, `package_id`) VALUES ('2025-02-19 19:10:45', '8R8YQG', 'register', '595', '2');
INSERT INTO `earnings` (`user_id`, `Purchaser_id`, `earning_type`, `package_id`, `amount`, `date`, `comments`, `invest_amount`, `comm_perc`, `level`, `rank_id`, `order_id`) VALUES ('KWLAIS', '8R8YQG', 'Direct Referral Bonus', '2', '100', '2025-02-19 19:10:45', 'Direct Referral Bonus', 0, 0, 1, '', 98);
UPDATE `user_registration` SET commission_balance = ROUND(commission_balance + 100,2)
WHERE `user_id` = 'KWLAIS';
UPDATE `user_registration` SET referral_bonus = ROUND(referral_bonus + 100,2)
WHERE `user_id` = 'KWLAIS';
UPDATE `user_registration` SET total_points = ROUND(total_points + 50,2)
WHERE `user_id` = '8R8YQG';
INSERT INTO `points_history` (`user_id`, `points`, `type`, `date`) VALUES ('8R8YQG', '50', 'register', '2025-02-19 19:10:');
INSERT INTO `matrix_filling` (`placement_id`, `downline_id`, `level`, `matrix`) VALUES ('KWLAIS', '8R8YQG', 1, 1);
UPDATE `bv_updation` SET left_carry = left_carry+50, total_left = total_left+50
WHERE `user_id` = 'KWLAIS';
