INSERT INTO `placement_bv_update_history` (`right_carry`, `date`, `from_id`, `user_id`) VALUES ('50', '2024-10-14 20:16:46', 'XE9RXG', '7OU1ZB');
INSERT INTO `matrix_filling` (`placement_id`, `downline_id`, `level`, `matrix`) VALUES ('OPQZ74', 'XE9RXG', 5, 1);
UPDATE `bv_updation` SET right_carry = right_carry+50, total_right = total_right+50
WHERE `user_id` = 'OPQZ74';
INSERT INTO `placement_bv_update_history` (`right_carry`, `date`, `from_id`, `user_id`) VALUES ('50', '2024-10-14 20:16:46', 'XE9RXG', 'OPQZ74');
INSERT INTO `matrix_filling` (`placement_id`, `downline_id`, `level`, `matrix`) VALUES ('5FQD13', 'XE9RXG', 6, 1);
UPDATE `bv_updation` SET right_carry = right_carry+50, total_right = total_right+50
WHERE `user_id` = '5FQD13';
INSERT INTO `placement_bv_update_history` (`right_carry`, `date`, `from_id`, `user_id`) VALUES ('50', '2024-10-14 20:16:46', 'XE9RXG', '5FQD13');
INSERT INTO `matrix_filling` (`placement_id`, `downline_id`, `level`, `matrix`) VALUES ('EMFB8N', 'XE9RXG', 7, 1);
UPDATE `bv_updation` SET right_carry = right_carry+50, total_right = total_right+50
WHERE `user_id` = 'EMFB8N';
INSERT INTO `placement_bv_update_history` (`right_carry`, `date`, `from_id`, `user_id`) VALUES ('50', '2024-10-14 20:16:46', 'XE9RXG', 'EMFB8N');
INSERT INTO `matrix_filling` (`placement_id`, `downline_id`, `level`, `matrix`) VALUES ('T1QUMP', 'XE9RXG', 8, 1);
UPDATE `bv_updation` SET right_carry = right_carry+50, total_right = total_right+50
WHERE `user_id` = 'T1QUMP';
INSERT INTO `placement_bv_update_history` (`right_carry`, `date`, `from_id`, `user_id`) VALUES ('50', '2024-10-14 20:16:46', 'XE9RXG', 'T1QUMP');
INSERT INTO `matrix_filling` (`placement_id`, `downline_id`, `level`, `matrix`) VALUES ('MVK5S3', 'XE9RXG', 9, 1);
UPDATE `bv_updation` SET right_carry = right_carry+50, total_right = total_right+50
WHERE `user_id` = 'MVK5S3';
INSERT INTO `placement_bv_update_history` (`right_carry`, `date`, `from_id`, `user_id`) VALUES ('50', '2024-10-14 20:16:46', 'XE9RXG', 'MVK5S3');
INSERT INTO `matrix_filling` (`placement_id`, `downline_id`, `level`, `matrix`) VALUES ('TKWQIW', 'XE9RXG', 10, 1);
UPDATE `bv_updation` SET right_carry = right_carry+50, total_right = total_right+50
WHERE `user_id` = 'TKWQIW';
INSERT INTO `placement_bv_update_history` (`right_carry`, `date`, `from_id`, `user_id`) VALUES ('50', '2024-10-14 20:16:46', 'XE9RXG', 'TKWQIW');
INSERT INTO `matrix_filling` (`placement_id`, `downline_id`, `level`, `matrix`) VALUES ('ADZTOG', 'XE9RXG', 11, 1);
UPDATE `bv_updation` SET left_carry = left_carry+50, total_left = total_left+50
WHERE `user_id` = 'ADZTOG';
INSERT INTO `placement_bv_update_history` (`left_carry`, `date`, `from_id`, `user_id`) VALUES ('50', '2024-10-14 20:16:46', 'XE9RXG', 'ADZTOG');
INSERT INTO `matrix_filling` (`placement_id`, `downline_id`, `level`, `matrix`) VALUES ('A9858P', 'XE9RXG', 12, 1);
UPDATE `bv_updation` SET right_carry = right_carry+50, total_right = total_right+50
WHERE `user_id` = 'A9858P';
INSERT INTO `placement_bv_update_history` (`right_carry`, `date`, `from_id`, `user_id`) VALUES ('50', '2024-10-14 20:16:46', 'XE9RXG', 'A9858P');
INSERT INTO `matrix_filling` (`placement_id`, `downline_id`, `level`, `matrix`) VALUES ('admin', 'XE9RXG', 13, 1);
UPDATE `bv_updation` SET right_carry = right_carry+50, total_right = total_right+50
WHERE `user_id` = 'admin';
INSERT INTO `placement_bv_update_history` (`right_carry`, `date`, `from_id`, `user_id`) VALUES ('50', '2024-10-14 20:16:46', 'XE9RXG', 'admin');
INSERT INTO `package_purchase_history` (`user_id`, `package_id`, `reg_fee`, `package_name`, `monthly_fee`, `type`, `date`, `payment_option`) VALUES ('XE9RXG', '2', '595', 'Traveler Pro', '150', 'sign_up', '2024-10-14 20:16:46', 'free');
UPDATE `user_registration` SET `popup_seen` = 'yes'
WHERE `user_id` = 'EADBRD';
UPDATE `user_registration` SET `popup_seen` = 'no'
WHERE `user_id` = 'EADBRD';
DELETE FROM `ci_sessions`
WHERE `id` = '6646fc99397885d3d3ea855f13b2c6d31e4aad2e';
INSERT INTO `login_history` (`user_id`, `device`, `ip_address`, `date`) VALUES ('TKWQIW', 'Mozilla/5.0 (Windows NT 10.0; Win64; x64) AppleWebKit/537.36 (KHTML, like Gecko) Chrome/129.0.0.0 Safari/537.36', '172.70.82.95', '24-10-14 20:17');
UPDATE `user_registration` SET `popup_seen` = 'yes'
WHERE `user_id` = 'TKWQIW';
UPDATE `user_registration` SET `popup_seen` = 'yes'
WHERE `user_id` = 'TKWQIW';
UPDATE `ci_sessions` SET `timestamp` = 1728955516, `data` = '__ci_last_regenerate|i:1728955516;id|s:4:\"2024\";user_id|s:6:\"TKWQIW\";username|s:10:\"ramoncito1\";sponsor_id|s:6:\"ADZTOG\";fullname|s:15:\"Ramon Fernandez\";email|s:20:\"ramoncito1@gmail.com\";phone|s:10:\"3057610606\";isLogIn|b:1;'
WHERE `id` = '3cfa4ea10e779857d1504dd26eab27a54c038ff9';
UPDATE `user_registration` SET `popup_seen` = 'no'
WHERE `user_id` = 'TKWQIW';
DELETE FROM `ci_sessions`
WHERE `id` = 'e301a53574d7f9db9435b513c22548b62d06d8fa';
INSERT INTO `login_history` (`user_id`, `device`, `ip_address`, `date`) VALUES ('ADZTOG', 'Mozilla/5.0 (Windows NT 10.0; Win64; x64) AppleWebKit/537.36 (KHTML, like Gecko) Chrome/129.0.0.0 Safari/537.36', '172.70.82.95', '24-10-14 20:25');
UPDATE `user_registration` SET `popup_seen` = 'yes'
WHERE `user_id` = 'ADZTOG';
UPDATE `ci_sessions` SET `timestamp` = 1728956456, `data` = '__ci_last_regenerate|i:1728956456;id|s:4:\"2023\";user_id|s:6:\"ADZTOG\";username|s:7:\"rafael1\";sponsor_id|s:6:\"A9858P\";fullname|s:16:\"Rafael Rodriguez\";email|s:17:\"rafael1@gmail.com\";phone|s:10:\"3057610606\";isLogIn|b:1;'
WHERE `id` = '90d94fc39b11dd121a64c964044764e9f8aeaebe';
UPDATE `user_registration` SET `popup_seen` = 'no'
WHERE `user_id` = 'ADZTOG';
DELETE FROM `ci_sessions`
WHERE `id` = '9e394d8b2a3d5e28cecab9f1b51c788a008d57d9';
UPDATE `ci_sessions` SET `timestamp` = 1728960315, `data` = '__ci_last_regenerate|i:1728960315;id|s:4:\"2021\";user_id|s:6:\"A9858P\";username|s:6:\"emilio\";sponsor_id|s:5:\"admin\";fullname|s:14:\"Emilio Tapanes\";email|s:23:\"emiliotapanes@gmail.com\";phone|s:10:\"7862876762\";isLogIn|b:1;'
WHERE `id` = 'de3a73bc9150044c21573ba00ffd53ee09492dee';
INSERT INTO `login_history` (`user_id`, `device`, `ip_address`, `date`) VALUES ('ADZTOG', 'Mozilla/5.0 (Windows NT 10.0; Win64; x64) AppleWebKit/537.36 (KHTML, like Gecko) Chrome/129.0.0.0 Safari/537.36', '108.162.212.138', '24-10-15 16:59');
UPDATE `user_registration` SET `popup_seen` = 'yes'
WHERE `user_id` = 'ADZTOG';
UPDATE `user_registration` SET `popup_seen` = 'no'
WHERE `user_id` = 'ADZTOG';
DELETE FROM `ci_sessions`
WHERE `id` = '4680bb5436d5d1b5f584ba150085cad3a808f989';
INSERT INTO `login_history` (`user_id`, `device`, `ip_address`, `date`) VALUES ('ADZTOG', 'Mozilla/5.0 (Windows NT 10.0; Win64; x64) AppleWebKit/537.36 (KHTML, like Gecko) Chrome/129.0.0.0 Safari/537.36', '172.70.255.20', '24-10-15 19:18');
UPDATE `user_registration` SET `popup_seen` = 'yes'
WHERE `user_id` = 'ADZTOG';
INSERT INTO `login_history` (`user_id`, `device`, `ip_address`, `date`) VALUES ('A9858P', 'Mozilla/5.0 (Windows NT 10.0; Win64; x64) AppleWebKit/537.36 (KHTML, like Gecko) Chrome/129.0.0.0 Safari/537.36', '172.70.55.7', '24-10-15 19:22');
UPDATE `user_registration` SET `popup_seen` = 'yes'
WHERE `user_id` = 'A9858P';
UPDATE `ci_sessions` SET `timestamp` = 1729038221, `data` = '__ci_last_regenerate|i:1729038221;id|s:4:\"2023\";user_id|s:6:\"ADZTOG\";username|s:7:\"rafael1\";sponsor_id|s:6:\"A9858P\";fullname|s:16:\"Rafael Rodriguez\";email|s:17:\"rafael1@gmail.com\";phone|s:10:\"3057610606\";isLogIn|b:1;'
WHERE `id` = '42ed45e45383dfaddd6ffdfcb93d77f07663ac2e';
UPDATE `user_registration` SET `popup_seen` = 'yes'
WHERE `user_id` = 'ADZTOG';
UPDATE `user_registration` SET `popup_seen` = 'yes'
WHERE `user_id` = 'A9858P';
UPDATE `user_registration` SET `popup_seen` = 'no'
WHERE `user_id` = 'ADZTOG';
DELETE FROM `ci_sessions`
WHERE `id` = 'aa644b10df039b216851f79450e09ae3f3b332a5';
UPDATE `ci_sessions` SET `timestamp` = 1729054823, `data` = '__ci_last_regenerate|i:1729054823;captcha|s:4:\"k9d9\";'
WHERE `id` = 'd0dd383ad43144d91141b7de1b5c3021456c7f02';
UPDATE `admin` SET `last_login` = '2024-10-16 00:00:34', `ip_address` = '172.69.95.133'
WHERE `id` = '1';
INSERT INTO `reward` (`reward_id`, `reward_name`, `reward_amount`, `reward_value`, `reward_points`, `reward_details`, `phone`, `address`, `category`, `status`, `date`, `reward_image`) VALUES ('', 'abc', '100', '60', '80', '<p>wewewe\\w</p>\r\n\r\n<p>w</p>\r\n\r\n<p>e</p>\r\n\r\n<p>wew</p>\r\n', 'N/A', 'N/A', 'travel', 1, '2024-10-16 00:01:52', 'upload/reward_image/b3b1fcddf6a3f63095d9ca7a71ee35d2.jpg');
INSERT INTO `reward_country` (`reward_id`, `country`, `state`, `image`, `date`) VALUES (4, '222', '3516', 'upload/reward_image/b3b1fcddf6a3f63095d9ca7a71ee35d2.jpg', '2024-10-16 00:01:52');
UPDATE `admin` SET `last_logout` = '2024-10-16 00:03:24'
WHERE `id` = '1';
DELETE FROM `ci_sessions`
WHERE `id` = 'b36eeea23ee2fce70b7e1d602f38b52930beb7be';
INSERT INTO `login_history` (`user_id`, `device`, `ip_address`, `date`) VALUES ('admin', 'Mozilla/5.0 (Macintosh; Intel Mac OS X 10_15_7) AppleWebKit/537.36 (KHTML, like Gecko) Chrome/129.0.0.0 Safari/537.36', '172.69.94.245', '24-10-16 00:04');
UPDATE `user_registration` SET `popup_seen` = 'yes'
WHERE `user_id` = 'admin';
UPDATE `user_registration` SET `popup_seen` = 'yes'
WHERE `user_id` = 'admin';
UPDATE `ci_sessions` SET `timestamp` = 1729055325, `data` = '__ci_last_regenerate|i:1729055325;id|s:4:\"2019\";user_id|s:5:\"admin\";username|s:5:\"admin\";sponsor_id|s:1:\"0\";fullname|s:11:\"Alex Carrey\";email|s:15:\"admin@admin.com\";phone|s:10:\"1235467892\";isLogIn|b:1;'
WHERE `id` = '7745bbb67cddfe15189ed78cff3831d02ebbda42';
UPDATE `user_registration` SET `popup_seen` = 'yes'
WHERE `user_id` = 'admin';
UPDATE `admin` SET `last_login` = '2024-10-16 00:22:16', `ip_address` = '172.69.94.26'
WHERE `id` = '1';
UPDATE `ci_sessions` SET `timestamp` = 1729056263, `data` = '__ci_last_regenerate|i:1729056263;id|s:4:\"2019\";user_id|s:5:\"admin\";username|s:5:\"admin\";sponsor_id|s:1:\"0\";fullname|s:11:\"Alex Carrey\";email|s:15:\"admin@admin.com\";phone|s:10:\"1235467892\";isLogIn|b:1;'
WHERE `id` = '4e4d9f598b2e88e0c89d36551774a386d2ca4586';
UPDATE `ci_sessions` SET `timestamp` = 1729056585, `data` = '__ci_last_regenerate|i:1729056585;isLogIn|b:1;isAdmin|b:1;id|s:1:\"1\";fullname|s:11:\"admin admin\";user_level|s:5:\"Admin\";email|s:15:\"admin@admin.com\";image|s:53:\"upload/settings/4a1f1b602322adb837a7a3547ee69cf3.jpeg\";last_login|s:19:\"2024-10-16 00:00:34\";last_logout|s:19:\"2024-10-16 00:03:24\";ip_address|s:13:\"172.69.95.133\";'
WHERE `id` = 'b0fb6c914888e4863beee4a8190f59015ad07f8f';
UPDATE `ci_sessions` SET `timestamp` = 1729059278, `data` = '__ci_last_regenerate|i:1729059278;id|s:4:\"2019\";user_id|s:5:\"admin\";username|s:5:\"admin\";sponsor_id|s:1:\"0\";fullname|s:11:\"Alex Carrey\";email|s:15:\"admin@admin.com\";phone|s:10:\"1235467892\";isLogIn|b:1;'
WHERE `id` = 'bd99bc3b87994bb683db387c9913e1e1d70d1712';
UPDATE `user_registration` SET `popup_seen` = 'no'
WHERE `user_id` = 'admin';
DELETE FROM `ci_sessions`
WHERE `id` = 'a0bc5f765f287d9782bdc95e254b0b7ce6618078';
UPDATE `ci_sessions` SET `timestamp` = 1729062747, `data` = '__ci_last_regenerate|i:1729062747;isLogIn|b:1;isAdmin|b:1;id|s:1:\"1\";fullname|s:11:\"admin admin\";user_level|s:5:\"Admin\";email|s:15:\"admin@admin.com\";image|s:53:\"upload/settings/4a1f1b602322adb837a7a3547ee69cf3.jpeg\";last_login|s:19:\"2024-10-16 00:00:34\";last_logout|s:19:\"2024-10-16 00:03:24\";ip_address|s:13:\"172.69.95.133\";'
WHERE `id` = 'd5b4dbb614570b54d7cf7c3f69455a7d34f86a47';
UPDATE `admin` SET `last_logout` = '2024-10-16 04:47:04'
WHERE `id` IS NULL;
DELETE FROM `ci_sessions`
WHERE `id` = 'e23e0e6cc7555bde87ba57886c2115fad2f70280';
UPDATE `admin` SET `last_login` = '2024-10-16 07:59:19', `ip_address` = '172.69.179.82'
WHERE `id` = '1';
UPDATE `admin` SET `last_login` = '2024-10-16 09:57:42', `ip_address` = '172.70.82.140'
WHERE `id` = '1';
INSERT INTO `login_history` (`user_id`, `device`, `ip_address`, `date`) VALUES ('ADZTOG', 'Mozilla/5.0 (Windows NT 10.0; Win64; x64) AppleWebKit/537.36 (KHTML, like Gecko) Chrome/129.0.0.0 Safari/537.36', '108.162.210.144', '24-10-16 20:34');
UPDATE `user_registration` SET `popup_seen` = 'yes'
WHERE `user_id` = 'ADZTOG';
UPDATE `user_registration` SET `popup_seen` = 'yes'
WHERE `user_id` = 'ADZTOG';
UPDATE `ci_sessions` SET `timestamp` = 1729129140, `data` = '__ci_last_regenerate|i:1729129140;id|s:4:\"2023\";user_id|s:6:\"ADZTOG\";username|s:7:\"rafael1\";sponsor_id|s:6:\"A9858P\";fullname|s:16:\"Rafael Rodriguez\";email|s:17:\"rafael1@gmail.com\";phone|s:10:\"3057610606\";isLogIn|b:1;'
WHERE `id` = 'cfa7f1563803181babd5a87c9e33af536961c2e5';
UPDATE `user_registration` SET `popup_seen` = 'yes'
WHERE `user_id` = 'ADZTOG';
UPDATE `user_registration` SET `popup_seen` = 'yes'
WHERE `user_id` = 'ADZTOG';
UPDATE `ci_sessions` SET `timestamp` = 1729129528, `data` = '__ci_last_regenerate|i:1729129528;id|s:4:\"2023\";user_id|s:6:\"ADZTOG\";username|s:7:\"rafael1\";sponsor_id|s:6:\"A9858P\";fullname|s:16:\"Rafael Rodriguez\";email|s:17:\"rafael1@gmail.com\";phone|s:10:\"3057610606\";isLogIn|b:1;'
WHERE `id` = '2936a179f7882063bb792d818ce40ac4049a1bd1';
UPDATE `user_registration` SET `popup_seen` = 'no'
WHERE `user_id` = 'ADZTOG';
DELETE FROM `ci_sessions`
WHERE `id` = 'd47550f0edca1f4db244af2cb9df016b9cda87a3';
INSERT INTO `login_history` (`user_id`, `device`, `ip_address`, `date`) VALUES ('389IAQ', 'Mozilla/5.0 (Windows NT 10.0; Win64; x64) AppleWebKit/537.36 (KHTML, like Gecko) Chrome/129.0.0.0 Safari/537.36', '108.162.212.135', '24-10-16 20:45');
UPDATE `user_registration` SET `popup_seen` = 'yes'
WHERE `user_id` = '389IAQ';
UPDATE `ci_sessions` SET `timestamp` = 1729130077, `data` = '__ci_last_regenerate|i:1729130077;id|s:4:\"2035\";user_id|s:6:\"389IAQ\";username|s:9:\"manolito2\";sponsor_id|s:6:\"S8QNVM\";fullname|s:14:\"Manuel Sanchez\";email|s:19:\"manolito2@gmail.com\";phone|s:10:\"3057610606\";isLogIn|b:1;'
WHERE `id` = '84d8651b55db3b8323429ad8544d49ed5bb402d2';
UPDATE `user_registration` SET `popup_seen` = 'yes'
WHERE `user_id` = '389IAQ';
UPDATE `user_registration` SET `popup_seen` = 'yes'
WHERE `user_id` = '389IAQ';
INSERT INTO `temp_register` (`post_data`, `date`, `payment_method`, `type`) VALUES ('{\"user_id\":\"389IAQ\",\"card_id\":\"9\",\"card_cost\":\"900\",\"card_value\":\"900\",\"payment_option\":\"stripe\",\"date\":\"2024-10-16 20:57:58\"}', '2024-10-16 20:57:58', 'stripe', 'buy+top_up_card');
UPDATE `user_registration` SET `popup_seen` = 'yes'
WHERE `user_id` = '389IAQ';
UPDATE `ci_sessions` SET `timestamp` = 1729130382, `data` = '__ci_last_regenerate|i:1729130382;id|s:4:\"2035\";user_id|s:6:\"389IAQ\";username|s:9:\"manolito2\";sponsor_id|s:6:\"S8QNVM\";fullname|s:14:\"Manuel Sanchez\";email|s:19:\"manolito2@gmail.com\";phone|s:10:\"3057610606\";isLogIn|b:1;reg_stripe_id|i:11;'
WHERE `id` = 'b1ae5c46233ef637c8a634a42745fc731ebf0d81';
INSERT INTO `card_purchase_history` (`user_id`, `card_id`, `card_cost`, `card_value`, `payment_option`, `date`) VALUES ('389IAQ', '1', '25', '25', 'free', '2024-10-16 20:59:42');
UPDATE `user_registration` SET commission_balance = ROUND(commission_balance + 25,2)
WHERE `user_id` = '389IAQ';
UPDATE `user_registration` SET `popup_seen` = 'yes'
WHERE `user_id` = '389IAQ';
UPDATE `user_registration` SET `popup_seen` = 'yes'
WHERE `user_id` = '389IAQ';
UPDATE `user_registration` SET `popup_seen` = 'yes'
WHERE `user_id` = '389IAQ';
UPDATE `user_registration` SET `popup_seen` = 'yes'
WHERE `user_id` = '389IAQ';
UPDATE `user_registration` SET `default_leg` = 'right'
WHERE `user_id` = '389IAQ';
UPDATE `user_registration` SET `popup_seen` = 'yes'
WHERE `user_id` = '389IAQ';
INSERT INTO `card_purchase_history` (`user_id`, `card_id`, `card_cost`, `card_value`, `payment_option`, `date`) VALUES ('389IAQ', '1', '25', '25', 'free', '2024-10-16 21:02:49');
UPDATE `user_registration` SET commission_balance = ROUND(commission_balance + 25,2)
WHERE `user_id` = '389IAQ';
UPDATE `user_registration` SET `popup_seen` = 'yes'
WHERE `user_id` = '389IAQ';
INSERT INTO `card_purchase_history` (`user_id`, `card_id`, `card_cost`, `card_value`, `payment_option`, `date`) VALUES ('389IAQ', '3', '100', '100', 'free', '2024-10-16 21:04:31');
UPDATE `user_registration` SET commission_balance = ROUND(commission_balance + 100,2)
WHERE `user_id` = '389IAQ';
UPDATE `user_registration` SET `popup_seen` = 'yes'
WHERE `user_id` = '389IAQ';
UPDATE `ci_sessions` SET `timestamp` = 1729130813, `data` = '__ci_last_regenerate|i:1729130813;id|s:4:\"2035\";user_id|s:6:\"389IAQ\";username|s:9:\"manolito2\";sponsor_id|s:6:\"S8QNVM\";fullname|s:14:\"Manuel Sanchez\";email|s:19:\"manolito2@gmail.com\";phone|s:10:\"3057610606\";isLogIn|b:1;reg_stripe_id|i:11;'
WHERE `id` = '51e132c360d57d188d6f64b31d58d6426bc7806a';
INSERT INTO `add_cart` (`user_id`, `product_id`, `product_name`, `product_amount`, `product_point`, `product_image`, `product_details`, `quantity`, `total_amount`, `total_point`, `date`) VALUES ('389IAQ', '1', 'Manila', '210', '210', 'upload/product_image/29f86ea390e046d3b46c5428295ce57d.jpeg', '<p>Lorem ipsum dolor sit amet, consectetur adipiscing elit, sed do eiusmod tempor incididunt ut labore et dolore magna aliqua. Ut enim ad minim veniam, quis nostrud exercitation ullamco laboris nisi ut aliquip ex ea commodo consequat. Duis aute irure dolor in reprehenderit in voluptate velit esse cillum dolore eu fugiat nulla pariatur. Excepteur sint occaecat cupidatat non proident, sunt in culpa qui officia deserunt mollit anim id est laborum.</p>\r\n', 1, 210, 210, '2024-10-16 21:09:05');
UPDATE `add_cart` SET `quantity` = '1', `total_amount` = 210, `total_point` = 210
WHERE `id` = '17';
INSERT INTO `total_orders` (`user_id`, `amount_to_pay`, `total_points`, `date`) VALUES ('389IAQ', '210', '210', '2024-10-16 21:09:59');
INSERT INTO `product_purchase_history` (`user_id`, `product_id`, `amount`, `quantity`, `total_amount`, `points`, `conversion_point_rate`, `payment_option`, `product_name`, `date`, `type`) VALUES ('389IAQ', '1', '210', '1', '210', 210, '1', 'free', 'Manila', '2024-10-16 21:09:59', 'repurchase');
UPDATE `user_registration` SET total_points = ROUND(total_points + 210,2)
WHERE `user_id` = '389IAQ';
INSERT INTO `points_history` (`user_id`, `points`, `type`, `date`) VALUES ('389IAQ', 210, 'product_prchase', '2024-10-16 21:09:');
INSERT INTO `orders` (`order_id`, `user_id`, `product_id`, `product_name`, `amount`, `quantity`, `total_amount`, `payment_option`, `date`) VALUES (11, '389IAQ', '1', 'Manila', '210', '1', '210', 'free', '2024-10-16 21:09:59');
DELETE FROM `add_cart`
WHERE `id` = '17';
UPDATE `bv_updation` SET right_carry = right_carry+210, total_right = total_right+210
WHERE `user_id` = '389IAQ';
INSERT INTO `placement_bv_update_history` (`right_carry`, `date`, `from_id`, `user_id`) VALUES ('210', '2024-10-16 21:09:59', '389IAQ', '389IAQ');
UPDATE `user_registration` SET `popup_seen` = 'yes'
WHERE `user_id` = '389IAQ';
INSERT INTO `add_cart` (`user_id`, `product_id`, `product_name`, `product_amount`, `product_image`, `product_details`, `quantity`, `total_amount`, `date`) VALUES ('389IAQ', '5', ' Pro Max', '225', 'upload/product_image/839d5be195a5b03e77b806b2fc5da88d.jpg', '<p>test <em>hgjjhg</em></p>\r\n', '4', 900, '2024-10-16 21:11:06');
UPDATE `add_cart` SET `quantity` = '4', `total_amount` = 900, `total_point` = 0
WHERE `id` = '18';
INSERT INTO `total_orders` (`user_id`, `amount_to_pay`, `total_points`, `date`) VALUES ('389IAQ', '900', '0', '2024-10-16 21:11:42');
INSERT INTO `product_purchase_history` (`user_id`, `product_id`, `amount`, `quantity`, `total_amount`, `points`, `conversion_point_rate`, `payment_option`, `product_name`, `date`, `type`) VALUES ('389IAQ', '5', '225', '4', '900', 900, '1', 'free', ' Pro Max', '2024-10-16 21:11:42', 'repurchase');
UPDATE `user_registration` SET total_points = ROUND(total_points + 900,2)
WHERE `user_id` = '389IAQ';
INSERT INTO `points_history` (`user_id`, `points`, `type`, `date`) VALUES ('389IAQ', 900, 'product_prchase', '2024-10-16 21:11:');
INSERT INTO `orders` (`order_id`, `user_id`, `product_id`, `product_name`, `amount`, `quantity`, `total_amount`, `payment_option`, `date`) VALUES (12, '389IAQ', '5', ' Pro Max', '225', '4', '900', 'free', '2024-10-16 21:11:42');
DELETE FROM `add_cart`
WHERE `id` = '18';
UPDATE `bv_updation` SET right_carry = right_carry+0, total_right = total_right+0
WHERE `user_id` = '389IAQ';
INSERT INTO `placement_bv_update_history` (`right_carry`, `date`, `from_id`, `user_id`) VALUES ('0', '2024-10-16 21:11:42', '389IAQ', '389IAQ');
UPDATE `user_registration` SET `popup_seen` = 'yes'
WHERE `user_id` = '389IAQ';
UPDATE `user_registration` SET `popup_seen` = 'yes'
WHERE `user_id` = '389IAQ';
UPDATE `ci_sessions` SET `timestamp` = 1729131123, `data` = '__ci_last_regenerate|i:1729131123;id|s:4:\"2035\";user_id|s:6:\"389IAQ\";username|s:9:\"manolito2\";sponsor_id|s:6:\"S8QNVM\";fullname|s:14:\"Manuel Sanchez\";email|s:19:\"manolito2@gmail.com\";phone|s:10:\"3057610606\";isLogIn|b:1;reg_stripe_id|i:11;'
WHERE `id` = 'b0c2e55a10273230e4dc606babb5a8a5b828fe06';
INSERT INTO `add_cart` (`user_id`, `product_id`, `product_name`, `product_amount`, `product_point`, `product_image`, `product_details`, `quantity`, `total_amount`, `total_point`, `date`) VALUES ('389IAQ', '5', ' Pro Max', '225', '225', 'upload/product_image/839d5be195a5b03e77b806b2fc5da88d.jpg', '<p>test <em>hgjjhg</em></p>\r\n', 1, 225, 225, '2024-10-16 21:12:13');
UPDATE `add_cart` SET quantity = quantity + 1, total_amount = total_amount + 225, total_point = total_point + 225
WHERE `user_id` = '389IAQ'
AND `product_id` = '5';
UPDATE `add_cart` SET `quantity` = '2', `total_amount` = 450, `total_point` = 450
WHERE `id` = '19';
INSERT INTO `total_orders` (`user_id`, `amount_to_pay`, `total_points`, `date`) VALUES ('389IAQ', '450', '450', '2024-10-16 21:12:54');
INSERT INTO `product_purchase_history` (`user_id`, `product_id`, `amount`, `quantity`, `total_amount`, `points`, `conversion_point_rate`, `payment_option`, `product_name`, `date`, `type`) VALUES ('389IAQ', '5', '225', '2', '450', 450, '1', 'free', ' Pro Max', '2024-10-16 21:12:54', 'repurchase');
UPDATE `user_registration` SET total_points = ROUND(total_points + 450,2)
WHERE `user_id` = '389IAQ';
INSERT INTO `points_history` (`user_id`, `points`, `type`, `date`) VALUES ('389IAQ', 450, 'product_prchase', '2024-10-16 21:12:');
INSERT INTO `orders` (`order_id`, `user_id`, `product_id`, `product_name`, `amount`, `quantity`, `total_amount`, `payment_option`, `date`) VALUES (13, '389IAQ', '5', ' Pro Max', '225', '2', '450', 'free', '2024-10-16 21:12:54');
DELETE FROM `add_cart`
WHERE `id` = '19';
UPDATE `bv_updation` SET right_carry = right_carry+450, total_right = total_right+450
WHERE `user_id` = '389IAQ';
INSERT INTO `placement_bv_update_history` (`right_carry`, `date`, `from_id`, `user_id`) VALUES ('450', '2024-10-16 21:12:54', '389IAQ', '389IAQ');
UPDATE `user_registration` SET `popup_seen` = 'yes'
WHERE `user_id` = '389IAQ';
UPDATE `user_registration` SET `popup_seen` = 'yes'
WHERE `user_id` = '389IAQ';
INSERT INTO `add_cart` (`user_id`, `product_id`, `product_name`, `product_amount`, `product_point`, `product_image`, `product_details`, `quantity`, `total_amount`, `total_point`, `date`) VALUES ('389IAQ', '1', 'Manila', '210', '210', 'upload/product_image/29f86ea390e046d3b46c5428295ce57d.jpeg', '<p>Lorem ipsum dolor sit amet, consectetur adipiscing elit, sed do eiusmod tempor incididunt ut labore et dolore magna aliqua. Ut enim ad minim veniam, quis nostrud exercitation ullamco laboris nisi ut aliquip ex ea commodo consequat. Duis aute irure dolor in reprehenderit in voluptate velit esse cillum dolore eu fugiat nulla pariatur. Excepteur sint occaecat cupidatat non proident, sunt in culpa qui officia deserunt mollit anim id est laborum.</p>\r\n', 1, 210, 210, '2024-10-16 21:14:38');
UPDATE `add_cart` SET quantity = quantity + 1, total_amount = total_amount + 210, total_point = total_point + 210
WHERE `user_id` = '389IAQ'
AND `product_id` = '1';
UPDATE `add_cart` SET quantity = quantity + 1, total_amount = total_amount + 210, total_point = total_point + 210
WHERE `user_id` = '389IAQ'
AND `product_id` = '1';
UPDATE `add_cart` SET quantity = quantity + 1, total_amount = total_amount + 210, total_point = total_point + 210
WHERE `user_id` = '389IAQ'
AND `product_id` = '1';
UPDATE `add_cart` SET `quantity` = '4', `total_amount` = 840, `total_point` = 840
WHERE `id` = '20';
INSERT INTO `total_orders` (`user_id`, `amount_to_pay`, `total_points`, `date`) VALUES ('389IAQ', '840', '840', '2024-10-16 21:16:00');
INSERT INTO `product_purchase_history` (`user_id`, `product_id`, `amount`, `quantity`, `total_amount`, `points`, `conversion_point_rate`, `payment_option`, `product_name`, `date`, `type`) VALUES ('389IAQ', '1', '210', '4', '840', 840, '1', 'free', 'Manila', '2024-10-16 21:16:00', 'repurchase');
UPDATE `user_registration` SET total_points = ROUND(total_points + 840,2)
WHERE `user_id` = '389IAQ';
INSERT INTO `points_history` (`user_id`, `points`, `type`, `date`) VALUES ('389IAQ', 840, 'product_prchase', '2024-10-16 21:16:');
INSERT INTO `orders` (`order_id`, `user_id`, `product_id`, `product_name`, `amount`, `quantity`, `total_amount`, `payment_option`, `date`) VALUES (14, '389IAQ', '1', 'Manila', '210', '4', '840', 'free', '2024-10-16 21:16:00');
DELETE FROM `add_cart`
WHERE `id` = '20';
UPDATE `bv_updation` SET left_carry = left_carry+840, total_left = total_left+840
WHERE `user_id` = '389IAQ';
INSERT INTO `placement_bv_update_history` (`left_carry`, `date`, `from_id`, `user_id`) VALUES ('840', '2024-10-16 21:16:00', '389IAQ', '389IAQ');
UPDATE `user_registration` SET `popup_seen` = 'yes'
WHERE `user_id` = '389IAQ';
INSERT INTO `add_cart` (`user_id`, `product_id`, `product_name`, `product_amount`, `product_point`, `product_image`, `product_details`, `quantity`, `total_amount`, `total_point`, `date`) VALUES ('389IAQ', '5', ' Pro Max', '225', '225', 'upload/product_image/839d5be195a5b03e77b806b2fc5da88d.jpg', '<p>test <em>hgjjhg</em></p>\r\n', 1, 225, 225, '2024-10-16 21:17:01');
UPDATE `ci_sessions` SET `timestamp` = 1729131432, `data` = '__ci_last_regenerate|i:1729131432;id|s:4:\"2035\";user_id|s:6:\"389IAQ\";username|s:9:\"manolito2\";sponsor_id|s:6:\"S8QNVM\";fullname|s:14:\"Manuel Sanchez\";email|s:19:\"manolito2@gmail.com\";phone|s:10:\"3057610606\";isLogIn|b:1;reg_stripe_id|i:11;message|s:34:\"Product Added to Cart Successfully\";__ci_vars|a:1:{s:7:\"message\";s:3:\"old\";}'
WHERE `id` = '0deec67faaf09e49080ca58e326c3d1ae1c46265';
INSERT INTO `add_cart` (`user_id`, `product_id`, `product_name`, `product_amount`, `product_point`, `product_image`, `product_details`, `quantity`, `total_amount`, `total_point`, `date`) VALUES ('389IAQ', '3', 'Munnar', '100', '100', 'upload/product_image/c4e6d978dabd5a1719fd7986baf37606.jpg', '<p>Lorem ipsum dolor sit amet, consectetur adipiscing elit, sed do eiusmod tempor incididunt ut labore et dolore magna aliqua. Ut enim ad minim veniam, quis nostrud exercitation ullamco laboris nisi ut aliquip ex ea commodo consequat. Duis aute irure dolor in reprehenderit in voluptate velit esse cillum dolore eu fugiat nulla pariatur. Excepteur sint occaecat cupidatat non proident, sunt in culpa qui officia deserunt mollit anim id est laborum.</p>\r\n', 1, 100, 100, '2024-10-16 21:17:12');
INSERT INTO `add_cart` (`user_id`, `product_id`, `product_name`, `product_amount`, `product_point`, `product_image`, `product_details`, `quantity`, `total_amount`, `total_point`, `date`) VALUES ('389IAQ', '1', 'Manila', '210', '210', 'upload/product_image/29f86ea390e046d3b46c5428295ce57d.jpeg', '<p>Lorem ipsum dolor sit amet, consectetur adipiscing elit, sed do eiusmod tempor incididunt ut labore et dolore magna aliqua. Ut enim ad minim veniam, quis nostrud exercitation ullamco laboris nisi ut aliquip ex ea commodo consequat. Duis aute irure dolor in reprehenderit in voluptate velit esse cillum dolore eu fugiat nulla pariatur. Excepteur sint occaecat cupidatat non proident, sunt in culpa qui officia deserunt mollit anim id est laborum.</p>\r\n', 1, 210, 210, '2024-10-16 21:17:29');
UPDATE `add_cart` SET `quantity` = '1', `total_amount` = 210, `total_point` = 210
WHERE `id` = '23';
UPDATE `add_cart` SET `quantity` = '1', `total_amount` = 100, `total_point` = 100
WHERE `id` = '22';
UPDATE `add_cart` SET `quantity` = '1', `total_amount` = 225, `total_point` = 225
WHERE `id` = '21';
INSERT INTO `total_orders` (`user_id`, `amount_to_pay`, `total_points`, `date`) VALUES ('389IAQ', '535', '535', '2024-10-16 21:17:55');
INSERT INTO `product_purchase_history` (`user_id`, `product_id`, `amount`, `quantity`, `total_amount`, `points`, `conversion_point_rate`, `payment_option`, `product_name`, `date`, `type`) VALUES ('389IAQ', '1', '210', '1', '210', 210, '1', 'free', 'Manila', '2024-10-16 21:17:55', 'repurchase');
UPDATE `user_registration` SET total_points = ROUND(total_points + 210,2)
WHERE `user_id` = '389IAQ';
INSERT INTO `points_history` (`user_id`, `points`, `type`, `date`) VALUES ('389IAQ', 210, 'product_prchase', '2024-10-16 21:17:');
INSERT INTO `orders` (`order_id`, `user_id`, `product_id`, `product_name`, `amount`, `quantity`, `total_amount`, `payment_option`, `date`) VALUES (15, '389IAQ', '1', 'Manila', '210', '1', '210', 'free', '2024-10-16 21:17:55');
DELETE FROM `add_cart`
WHERE `id` = '23';
INSERT INTO `product_purchase_history` (`user_id`, `product_id`, `amount`, `quantity`, `total_amount`, `points`, `conversion_point_rate`, `payment_option`, `product_name`, `date`, `type`) VALUES ('389IAQ', '3', '100', '1', '100', 100, '1', 'free', 'Munnar', '2024-10-16 21:17:55', 'repurchase');
UPDATE `user_registration` SET total_points = ROUND(total_points + 100,2)
WHERE `user_id` = '389IAQ';
INSERT INTO `points_history` (`user_id`, `points`, `type`, `date`) VALUES ('389IAQ', 100, 'product_prchase', '2024-10-16 21:17:');
INSERT INTO `orders` (`order_id`, `user_id`, `product_id`, `product_name`, `amount`, `quantity`, `total_amount`, `payment_option`, `date`) VALUES (15, '389IAQ', '3', 'Munnar', '100', '1', '100', 'free', '2024-10-16 21:17:55');
DELETE FROM `add_cart`
WHERE `id` = '22';
INSERT INTO `product_purchase_history` (`user_id`, `product_id`, `amount`, `quantity`, `total_amount`, `points`, `conversion_point_rate`, `payment_option`, `product_name`, `date`, `type`) VALUES ('389IAQ', '5', '225', '1', '225', 225, '1', 'free', ' Pro Max', '2024-10-16 21:17:55', 'repurchase');
UPDATE `user_registration` SET total_points = ROUND(total_points + 225,2)
WHERE `user_id` = '389IAQ';
INSERT INTO `points_history` (`user_id`, `points`, `type`, `date`) VALUES ('389IAQ', 225, 'product_prchase', '2024-10-16 21:17:');
INSERT INTO `orders` (`order_id`, `user_id`, `product_id`, `product_name`, `amount`, `quantity`, `total_amount`, `payment_option`, `date`) VALUES (15, '389IAQ', '5', ' Pro Max', '225', '1', '225', 'free', '2024-10-16 21:17:55');
DELETE FROM `add_cart`
WHERE `id` = '21';
UPDATE `bv_updation` SET right_carry = right_carry+535, total_right = total_right+535
WHERE `user_id` = '389IAQ';
INSERT INTO `placement_bv_update_history` (`right_carry`, `date`, `from_id`, `user_id`) VALUES ('535', '2024-10-16 21:17:55', '389IAQ', '389IAQ');
UPDATE `user_registration` SET `popup_seen` = 'yes'
WHERE `user_id` = '389IAQ';
INSERT INTO `add_cart` (`user_id`, `product_id`, `product_name`, `product_amount`, `product_point`, `product_image`, `product_details`, `quantity`, `total_amount`, `total_point`, `date`) VALUES ('389IAQ', '1', 'Manila', '210', '210', 'upload/product_image/29f86ea390e046d3b46c5428295ce57d.jpeg', '<p>Lorem ipsum dolor sit amet, consectetur adipiscing elit, sed do eiusmod tempor incididunt ut labore et dolore magna aliqua. Ut enim ad minim veniam, quis nostrud exercitation ullamco laboris nisi ut aliquip ex ea commodo consequat. Duis aute irure dolor in reprehenderit in voluptate velit esse cillum dolore eu fugiat nulla pariatur. Excepteur sint occaecat cupidatat non proident, sunt in culpa qui officia deserunt mollit anim id est laborum.</p>\r\n', 1, 210, 210, '2024-10-16 21:18:46');
UPDATE `add_cart` SET `quantity` = '1', `total_amount` = 210, `total_point` = 210
WHERE `id` = '24';
INSERT INTO `total_orders` (`user_id`, `amount_to_pay`, `total_points`, `date`) VALUES ('389IAQ', '210', '210', '2024-10-16 21:19:08');
INSERT INTO `product_purchase_history` (`user_id`, `product_id`, `amount`, `quantity`, `total_amount`, `points`, `conversion_point_rate`, `payment_option`, `product_name`, `date`, `type`) VALUES ('389IAQ', '1', '210', '1', '210', 210, '1', 'free', 'Manila', '2024-10-16 21:19:08', 'repurchase');
UPDATE `user_registration` SET total_points = ROUND(total_points + 210,2)
WHERE `user_id` = '389IAQ';
INSERT INTO `points_history` (`user_id`, `points`, `type`, `date`) VALUES ('389IAQ', 210, 'product_prchase', '2024-10-16 21:19:');
INSERT INTO `orders` (`order_id`, `user_id`, `product_id`, `product_name`, `amount`, `quantity`, `total_amount`, `payment_option`, `date`) VALUES (16, '389IAQ', '1', 'Manila', '210', '1', '210', 'free', '2024-10-16 21:19:08');
DELETE FROM `add_cart`
WHERE `id` = '24';
UPDATE `bv_updation` SET left_carry = left_carry+210, total_left = total_left+210
WHERE `user_id` = '389IAQ';
INSERT INTO `placement_bv_update_history` (`left_carry`, `date`, `from_id`, `user_id`) VALUES ('210', '2024-10-16 21:19:08', '389IAQ', '389IAQ');
UPDATE `user_registration` SET `cycle_rank_id` = '2'
WHERE `user_id` = '389IAQ';
INSERT INTO `rank_history` (`rank_id`, `user_id`, `name`, `bv`, `date`, `amount`, `type`) VALUES ('2', '389IAQ', 'Associate', '1200', '2024-10-16 21:19:08', '100', 'auto');
UPDATE `user_registration` SET `highest_rank` = '2'
WHERE `user_id` = '389IAQ';
INSERT INTO `earnings` (`user_id`, `Purchaser_id`, `earning_type`, `package_id`, `amount`, `date`, `comments`, `invest_amount`, `comm_perc`, `level`, `rank_id`, `order_id`) VALUES ('389IAQ', '389IAQ', 'Rank Bonus', 0, '100', '2024-10-16 21:19:08', 'Rank Bonus', '100', 0, 0, '2', 0);
UPDATE `user_registration` SET commission_balance = ROUND(commission_balance + 100,2)
WHERE `user_id` = '389IAQ';
UPDATE `user_registration` SET rank_bonus = ROUND(rank_bonus + 100,2)
WHERE `user_id` = '389IAQ';
UPDATE `user_registration` SET `popup_seen` = 'yes'
WHERE `user_id` = '389IAQ';
UPDATE `user_registration` SET `popup_seen` = 'no'
WHERE `user_id` = '389IAQ';
DELETE FROM `ci_sessions`
WHERE `id` = 'c61836e0cc6c427cd947d3193a69c9cb899a6a71';
INSERT INTO `login_history` (`user_id`, `device`, `ip_address`, `date`) VALUES ('ADZTOG', 'Mozilla/5.0 (Windows NT 10.0; Win64; x64) AppleWebKit/537.36 (KHTML, like Gecko) Chrome/129.0.0.0 Safari/537.36', '108.162.212.137', '24-10-16 21:21');
UPDATE `user_registration` SET `popup_seen` = 'yes'
WHERE `user_id` = 'ADZTOG';
UPDATE `user_registration` SET `popup_seen` = 'yes'
WHERE `user_id` = 'ADZTOG';
INSERT INTO `add_cart` (`user_id`, `product_id`, `product_name`, `product_amount`, `product_point`, `product_image`, `product_details`, `quantity`, `total_amount`, `total_point`, `date`) VALUES ('ADZTOG', '5', ' Pro Max', '225', '225', 'upload/product_image/839d5be195a5b03e77b806b2fc5da88d.jpg', '<p>test <em>hgjjhg</em></p>\r\n', 1, 225, 225, '2024-10-16 21:24:26');
UPDATE `add_cart` SET quantity = quantity + 1, total_amount = total_amount + 225, total_point = total_point + 225
WHERE `user_id` = 'ADZTOG'
AND `product_id` = '5';
UPDATE `add_cart` SET quantity = quantity + 1, total_amount = total_amount + 225, total_point = total_point + 225
WHERE `user_id` = 'ADZTOG'
AND `product_id` = '5';
UPDATE `add_cart` SET quantity = quantity + 1, total_amount = total_amount + 225, total_point = total_point + 225
WHERE `user_id` = 'ADZTOG'
AND `product_id` = '5';
UPDATE `add_cart` SET quantity = quantity + 1, total_amount = total_amount + 225, total_point = total_point + 225
WHERE `user_id` = 'ADZTOG'
AND `product_id` = '5';
UPDATE `add_cart` SET quantity = quantity + 1, total_amount = total_amount + 225, total_point = total_point + 225
WHERE `user_id` = 'ADZTOG'
AND `product_id` = '5';
UPDATE `add_cart` SET quantity = quantity + 1, total_amount = total_amount + 225, total_point = total_point + 225
WHERE `user_id` = 'ADZTOG'
AND `product_id` = '5';
UPDATE `add_cart` SET quantity = quantity + 1, total_amount = total_amount + 225, total_point = total_point + 225
WHERE `user_id` = 'ADZTOG'
AND `product_id` = '5';
UPDATE `add_cart` SET quantity = quantity + 1, total_amount = total_amount + 225, total_point = total_point + 225
WHERE `user_id` = 'ADZTOG'
AND `product_id` = '5';
UPDATE `add_cart` SET quantity = quantity + 1, total_amount = total_amount + 225, total_point = total_point + 225
WHERE `user_id` = 'ADZTOG'
AND `product_id` = '5';
UPDATE `add_cart` SET quantity = quantity + 1, total_amount = total_amount + 225, total_point = total_point + 225
WHERE `user_id` = 'ADZTOG'
AND `product_id` = '5';
UPDATE `add_cart` SET quantity = quantity + 1, total_amount = total_amount + 225, total_point = total_point + 225
WHERE `user_id` = 'ADZTOG'
AND `product_id` = '5';
UPDATE `add_cart` SET quantity = quantity + 1, total_amount = total_amount + 225, total_point = total_point + 225
WHERE `user_id` = 'ADZTOG'
AND `product_id` = '5';
UPDATE `add_cart` SET quantity = quantity + 1, total_amount = total_amount + 225, total_point = total_point + 225
WHERE `user_id` = 'ADZTOG'
AND `product_id` = '5';
UPDATE `add_cart` SET quantity = quantity + 1, total_amount = total_amount + 225, total_point = total_point + 225
WHERE `user_id` = 'ADZTOG'
AND `product_id` = '5';
UPDATE `add_cart` SET quantity = quantity + 1, total_amount = total_amount + 225, total_point = total_point + 225
WHERE `user_id` = 'ADZTOG'
AND `product_id` = '5';
UPDATE `add_cart` SET quantity = quantity + 1, total_amount = total_amount + 225, total_point = total_point + 225
WHERE `user_id` = 'ADZTOG'
AND `product_id` = '5';
UPDATE `add_cart` SET quantity = quantity + 1, total_amount = total_amount + 225, total_point = total_point + 225
WHERE `user_id` = 'ADZTOG'
AND `product_id` = '5';
UPDATE `add_cart` SET quantity = quantity + 1, total_amount = total_amount + 225, total_point = total_point + 225
WHERE `user_id` = 'ADZTOG'
AND `product_id` = '5';
UPDATE `add_cart` SET quantity = quantity + 1, total_amount = total_amount + 225, total_point = total_point + 225
WHERE `user_id` = 'ADZTOG'
AND `product_id` = '5';
UPDATE `add_cart` SET quantity = quantity + 1, total_amount = total_amount + 225, total_point = total_point + 225
WHERE `user_id` = 'ADZTOG'
AND `product_id` = '5';
UPDATE `add_cart` SET quantity = quantity + 1, total_amount = total_amount + 225, total_point = total_point + 225
WHERE `user_id` = 'ADZTOG'
AND `product_id` = '5';
UPDATE `add_cart` SET quantity = quantity + 1, total_amount = total_amount + 225, total_point = total_point + 225
WHERE `user_id` = 'ADZTOG'
AND `product_id` = '5';
UPDATE `add_cart` SET quantity = quantity + 1, total_amount = total_amount + 225, total_point = total_point + 225
WHERE `user_id` = 'ADZTOG'
AND `product_id` = '5';
UPDATE `add_cart` SET quantity = quantity + 1, total_amount = total_amount + 225, total_point = total_point + 225
WHERE `user_id` = 'ADZTOG'
AND `product_id` = '5';
UPDATE `ci_sessions` SET `timestamp` = 1729131966, `data` = '__ci_last_regenerate|i:1729131966;id|s:4:\"2023\";user_id|s:6:\"ADZTOG\";username|s:7:\"rafael1\";sponsor_id|s:6:\"A9858P\";fullname|s:16:\"Rafael Rodriguez\";email|s:17:\"rafael1@gmail.com\";phone|s:10:\"3057610606\";isLogIn|b:1;'
WHERE `id` = '2ae7e582cd3c960363f4d95afd53206989088a44';
UPDATE `add_cart` SET `quantity` = '25', `total_amount` = 5625, `total_point` = 5625
WHERE `id` = '25';
INSERT INTO `total_orders` (`user_id`, `amount_to_pay`, `total_points`, `date`) VALUES ('ADZTOG', '5625', '5625', '2024-10-16 21:26:20');
INSERT INTO `product_purchase_history` (`user_id`, `product_id`, `amount`, `quantity`, `total_amount`, `points`, `conversion_point_rate`, `payment_option`, `product_name`, `date`, `type`) VALUES ('ADZTOG', '5', '225', '25', '5625', 5625, '1', 'free', ' Pro Max', '2024-10-16 21:26:20', 'repurchase');
UPDATE `user_registration` SET total_points = ROUND(total_points + 5625,2)
WHERE `user_id` = 'ADZTOG';
INSERT INTO `points_history` (`user_id`, `points`, `type`, `date`) VALUES ('ADZTOG', 5625, 'product_prchase', '2024-10-16 21:26:');
INSERT INTO `orders` (`order_id`, `user_id`, `product_id`, `product_name`, `amount`, `quantity`, `total_amount`, `payment_option`, `date`) VALUES (17, 'ADZTOG', '5', ' Pro Max', '225', '25', '5625', 'free', '2024-10-16 21:26:20');
DELETE FROM `add_cart`
WHERE `id` = '25';
UPDATE `bv_updation` SET left_carry = left_carry+5625, total_left = total_left+5625
WHERE `user_id` = 'ADZTOG';
INSERT INTO `placement_bv_update_history` (`left_carry`, `date`, `from_id`, `user_id`) VALUES ('5625', '2024-10-16 21:26:20', 'ADZTOG', 'ADZTOG');
UPDATE `user_registration` SET `cycle_rank_id` = '4'
WHERE `user_id` = 'ADZTOG';
INSERT INTO `rank_history` (`rank_id`, `user_id`, `name`, `bv`, `date`, `amount`, `type`) VALUES ('4', 'ADZTOG', 'Manager', '11250', '2024-10-16 21:26:20', '350', 'auto');
UPDATE `user_registration` SET `highest_rank` = '4'
WHERE `user_id` = 'ADZTOG';
INSERT INTO `earnings` (`user_id`, `Purchaser_id`, `earning_type`, `package_id`, `amount`, `date`, `comments`, `invest_amount`, `comm_perc`, `level`, `rank_id`, `order_id`) VALUES ('ADZTOG', 'ADZTOG', 'Rank Bonus', 0, '350', '2024-10-16 21:26:20', 'Rank Bonus', '350', 0, 0, '4', 0);
UPDATE `user_registration` SET commission_balance = ROUND(commission_balance + 350,2)
WHERE `user_id` = 'ADZTOG';
UPDATE `user_registration` SET rank_bonus = ROUND(rank_bonus + 350,2)
WHERE `user_id` = 'ADZTOG';
UPDATE `user_registration` SET `popup_seen` = 'yes'
WHERE `user_id` = 'ADZTOG';
UPDATE `user_registration` SET `popup_seen` = 'yes'
WHERE `user_id` = 'ADZTOG';
UPDATE `user_registration` SET `popup_seen` = 'yes'
WHERE `user_id` = 'ADZTOG';
UPDATE `user_registration` SET `popup_seen` = 'no'
WHERE `user_id` = 'ADZTOG';
DELETE FROM `ci_sessions`
WHERE `id` = '61f2ff49ad72b43d742006136f9af8325784ec1f';
UPDATE `admin` SET `last_logout` = '2024-10-17 07:49:04'
WHERE `id` IS NULL;
DELETE FROM `ci_sessions`
WHERE `id` = '05af0d14da67860e1d7cd702b65b8052282fbf39';
UPDATE `admin` SET `last_login` = '2024-10-17 07:49:16', `ip_address` = '172.69.94.152'
WHERE `id` = '1';
UPDATE `admin` SET `last_logout` = '2024-10-17 07:49:52'
WHERE `id` = '1';
DELETE FROM `ci_sessions`
WHERE `id` = 'fd674209e36373fbd653b3aa4f9e0af8abb358f6';
INSERT INTO `login_history` (`user_id`, `device`, `ip_address`, `date`) VALUES ('admin', 'Mozilla/5.0 (Windows NT 10.0; Win64; x64; rv:130.0) Gecko/20100101 Firefox/130.0', '172.69.94.153', '24-10-17 07:50');
UPDATE `user_registration` SET `popup_seen` = 'yes'
WHERE `user_id` = 'admin';
UPDATE `user_registration` SET `popup_seen` = 'yes'
WHERE `user_id` = 'admin';
UPDATE `user_registration` SET `popup_seen` = 'yes'
WHERE `user_id` = 'admin';
UPDATE `ci_sessions` SET `timestamp` = 1729169728, `data` = '__ci_last_regenerate|i:1729169728;id|s:4:\"2019\";user_id|s:5:\"admin\";username|s:5:\"admin\";sponsor_id|s:1:\"0\";fullname|s:11:\"Alex Carrey\";email|s:15:\"admin@admin.com\";phone|s:10:\"1235467892\";isLogIn|b:1;'
WHERE `id` = 'a6ac1ea77d0b5055073a99d64c4d188c8bcf0969';
INSERT INTO `login_history` (`user_id`, `device`, `ip_address`, `date`) VALUES ('HRD1FH', 'Mozilla/5.0 (Windows NT 10.0; Win64; x64) AppleWebKit/537.36 (KHTML, like Gecko) Chrome/129.0.0.0 Safari/537.36', '172.70.255.86', '24-10-17 12:40');
UPDATE `user_registration` SET `popup_seen` = 'yes'
WHERE `user_id` = 'HRD1FH';
INSERT INTO `card_purchase_history` (`user_id`, `card_id`, `card_cost`, `card_value`, `payment_option`, `date`) VALUES ('HRD1FH', '2', '50', '50', 'free', '2024-10-17 12:41:22');
UPDATE `user_registration` SET commission_balance = ROUND(commission_balance + 50,2)
WHERE `user_id` = 'HRD1FH';
UPDATE `user_registration` SET `popup_seen` = 'yes'
WHERE `user_id` = 'HRD1FH';
UPDATE `ci_sessions` SET `timestamp` = 1729187110, `data` = '__ci_last_regenerate|i:1729187110;id|s:4:\"2384\";user_id|s:6:\"HRD1FH\";username|s:8:\"candido2\";sponsor_id|s:6:\"HXPFM1\";fullname|s:16:\"Candido Gonzalez\";email|s:18:\"candido2@gmail.com\";phone|s:10:\"3057610606\";isLogIn|b:1;'
WHERE `id` = '115e6a004cb1c1bbae0221e69dacc2ce28a0733e';
INSERT INTO `reward_purchase_history` (`user_id`, `reward_id`, `amount`, `reward_value`, `reward_points`, `available_points`, `conversion_point_rate`, `payment_option`, `reward_name`, `date`, `type`) VALUES ('HRD1FH', '3', '300', '250', '50', '50', '1', 'free', 'Reward', '2024-10-17 12:45:17', 'reward_claim');
UPDATE `user_registration` SET total_points = ROUND(total_points - 50,2)
WHERE `user_id` = 'HRD1FH';
UPDATE `user_registration` SET `popup_seen` = 'yes'
WHERE `user_id` = 'HRD1FH';
UPDATE `ci_sessions` SET `timestamp` = 1729187414, `data` = '__ci_last_regenerate|i:1729187414;id|s:4:\"2384\";user_id|s:6:\"HRD1FH\";username|s:8:\"candido2\";sponsor_id|s:6:\"HXPFM1\";fullname|s:16:\"Candido Gonzalez\";email|s:18:\"candido2@gmail.com\";phone|s:10:\"3057610606\";isLogIn|b:1;'
WHERE `id` = 'c65b88d487655a3475a7c60ce0ec0c98a498b688';
UPDATE `user_registration` SET `popup_seen` = 'yes'
WHERE `user_id` = 'HRD1FH';
UPDATE `user_registration` SET `popup_seen` = 'yes'
WHERE `user_id` = 'HRD1FH';
INSERT INTO `add_cart` (`user_id`, `product_id`, `product_name`, `product_amount`, `product_point`, `product_image`, `product_details`, `quantity`, `total_amount`, `total_point`, `date`) VALUES ('HRD1FH', '2', 'Mexico', '150', '150', 'upload/product_image/6174ace6c90dd21f9c3dd30876389ff6.jpg', '<p>Lorem ipsum dolor sit amet, consectetur adipiscing elit, sed do eiusmod tempor incididunt ut labore et dolore magna aliqua. Ut enim ad minim veniam, quis nostrud exercitation ullamco laboris nisi ut aliquip ex ea commodo consequat. Duis aute irure dolor in reprehenderit in voluptate velit esse cillum dolore eu fugiat nulla pariatur. Excepteur sint occaecat cupidatat non proident, sunt in culpa qui officia deserunt mollit anim id est laborum.</p>\r\n', 1, 150, 150, '2024-10-17 12:51:43');
UPDATE `add_cart` SET `quantity` = '1', `total_amount` = 150, `total_point` = 150
WHERE `id` = '26';
INSERT INTO `total_orders` (`user_id`, `amount_to_pay`, `total_points`, `date`) VALUES ('HRD1FH', '150', '150', '2024-10-17 12:52:05');
INSERT INTO `product_purchase_history` (`user_id`, `product_id`, `amount`, `quantity`, `total_amount`, `points`, `conversion_point_rate`, `payment_option`, `product_name`, `date`, `type`) VALUES ('HRD1FH', '2', '150', '1', '150', 150, '1', 'free', 'Mexico', '2024-10-17 12:52:05', 'repurchase');
UPDATE `user_registration` SET total_points = ROUND(total_points + 150,2)
WHERE `user_id` = 'HRD1FH';
INSERT INTO `points_history` (`user_id`, `points`, `type`, `date`) VALUES ('HRD1FH', 150, 'product_prchase', '2024-10-17 12:52:');
INSERT INTO `orders` (`order_id`, `user_id`, `product_id`, `product_name`, `amount`, `quantity`, `total_amount`, `payment_option`, `date`) VALUES (18, 'HRD1FH', '2', 'Mexico', '150', '1', '150', 'free', '2024-10-17 12:52:05');
DELETE FROM `add_cart`
WHERE `id` = '26';
UPDATE `bv_updation` SET right_carry = right_carry+150, total_right = total_right+150
WHERE `user_id` = 'HRD1FH';
INSERT INTO `placement_bv_update_history` (`right_carry`, `date`, `from_id`, `user_id`) VALUES ('150', '2024-10-17 12:52:05', 'HRD1FH', 'HRD1FH');
UPDATE `user_registration` SET `popup_seen` = 'yes'
WHERE `user_id` = 'HRD1FH';
UPDATE `user_registration` SET `popup_seen` = 'yes'
WHERE `user_id` = 'HRD1FH';
UPDATE `user_registration` SET `popup_seen` = 'yes'
WHERE `user_id` = 'HRD1FH';
UPDATE `user_registration` SET `popup_seen` = 'no'
WHERE `user_id` = 'HRD1FH';
DELETE FROM `ci_sessions`
WHERE `id` = 'bc28ab1a9fac9355e57f736de422b183e17d077e';
UPDATE `admin` SET `last_login` = '2024-10-18 00:01:43', `ip_address` = '172.69.178.104'
WHERE `id` = '1';
UPDATE `admin` SET `last_login` = '2024-10-18 00:05:18', `ip_address` = '172.69.86.131'
WHERE `id` = '1';
INSERT INTO `reward` (`reward_id`, `reward_name`, `reward_amount`, `reward_value`, `reward_points`, `reward_details`, `phone`, `address`, `category`, `status`, `date`, `reward_image`) VALUES ('', 'testing', '100', '70', '50', '<h2>What is Lorem Ipsum?</h2>\r\n\r\n<p><strong>Lorem Ipsum</strong>&nbsp;is simply dummy text of the printing and typesetting industry. Lorem Ipsum has been the industry&#39;s standard dummy text ever since the 1500s, when an unknown printer took a galley of type and scrambled it to make a type specimen book. It has survived not only five centuries, but also the leap into ele</p>\r\n', NULL, NULL, 'travel', 1, '2024-10-18 00:08:52', 'upload/reward_image/3e13fc8950cef4f7b35503925dee1004.jpg');
INSERT INTO `reward_country` (`reward_id`, `country`, `state`, `image`) VALUES (5, '99', '1484', 'upload/reward_image/4c81715a49ed376931519a5abaf5f8c7.jpg');
INSERT INTO `reward_country` (`reward_id`, `country`, `state`, `image`) VALUES (5, '221', '3507', NULL);
INSERT INTO `reward_country` (`reward_id`, `country`, `state`, `image`) VALUES (5, '223', '3616', NULL);
INSERT INTO `reward_country` (`reward_id`, `country`, `state`, `image`) VALUES (5, '223', '3624', NULL);
INSERT INTO `login_history` (`user_id`, `device`, `ip_address`, `date`) VALUES ('admin', 'Mozilla/5.0 (Macintosh; Intel Mac OS X 10_15_7) AppleWebKit/605.1.15 (KHTML, like Gecko) Version/17.2 Safari/605.1.15', '172.69.95.42', '24-10-18 00:09');
UPDATE `user_registration` SET `popup_seen` = 'yes'
WHERE `user_id` = 'admin';
UPDATE `user_registration` SET `popup_seen` = 'yes'
WHERE `user_id` = 'admin';
UPDATE `ci_sessions` SET `timestamp` = 1729228374, `data` = '__ci_last_regenerate|i:1729228374;isLogIn|b:1;isAdmin|b:1;id|s:1:\"1\";fullname|s:11:\"admin admin\";user_level|s:5:\"Admin\";email|s:15:\"admin@admin.com\";image|s:53:\"upload/settings/4a1f1b602322adb837a7a3547ee69cf3.jpeg\";last_login|s:19:\"2024-10-17 07:49:16\";last_logout|s:19:\"2024-10-17 07:49:52\";ip_address|s:13:\"172.69.94.152\";'
WHERE `id` = 'bf131882b62dc3a998ccaae3ef9e19ee82e49f8b';
INSERT INTO `reward` (`reward_id`, `reward_name`, `reward_amount`, `reward_value`, `reward_points`, `reward_details`, `phone`, `address`, `category`, `status`, `date`, `reward_image`) VALUES ('', 'fghfh', '5454', '6565', '6556', '<p>gffggfgf</p>\r\n', NULL, NULL, 'travel', 1, '2024-10-18 00:15:12', 'upload/reward_image/afb8f75e1b7ee42eb43f20077587e9cc.png');
INSERT INTO `reward_country` (`reward_id`, `country`, `state`, `image`) VALUES (6, '99', '1483', 'upload/reward_image/1a6e7c77b49fac0c395f4679afe450ba.png');
INSERT INTO `reward_country` (`reward_id`, `country`, `state`, `image`) VALUES (6, '99', '1488', NULL);
DELETE FROM `reward`
WHERE `reward_id` = '6';
UPDATE `ci_sessions` SET `timestamp` = 1729229954, `data` = '__ci_last_regenerate|i:1729229954;isLogIn|b:1;isAdmin|b:1;id|s:1:\"1\";fullname|s:11:\"admin admin\";user_level|s:5:\"Admin\";email|s:15:\"admin@admin.com\";image|s:53:\"upload/settings/4a1f1b602322adb837a7a3547ee69cf3.jpeg\";last_login|s:19:\"2024-10-17 07:49:16\";last_logout|s:19:\"2024-10-17 07:49:52\";ip_address|s:13:\"172.69.94.152\";message|s:20:\"Delete successfully!\";__ci_vars|a:1:{s:7:\"message\";s:3:\"old\";}'
WHERE `id` = '9a1e79fa9573f2f7168ebbfaea6aeff35599003e';
INSERT INTO `reward` (`reward_id`, `reward_name`, `reward_amount`, `reward_value`, `reward_points`, `reward_details`, `phone`, `address`, `category`, `status`, `date`, `reward_image`) VALUES ('', 'sdfsdfsd', '5454', '5454', '5454', '<p>fgfgfggf</p>\r\n', NULL, NULL, 'travel', 1, '2024-10-18 00:40:44', 'upload/reward_image/f559983b0f59e80b789c6cde3df2358f.png');
INSERT INTO `reward_country` (`reward_id`, `country`, `state`, `image`) VALUES (7, '2', '36', 'upload/reward_image/b46d7352cf891b8b4dc198fe1c84437c.png');
INSERT INTO `reward_country` (`reward_id`, `country`, `state`, `image`) VALUES (7, '2', '39', 'upload/reward_image/686d3f7d5ecfc78e377dd4418e931fcd.png');
UPDATE `ci_sessions` SET `timestamp` = 1729230405, `data` = '__ci_last_regenerate|i:1729230405;id|s:4:\"2019\";user_id|s:5:\"admin\";username|s:5:\"admin\";sponsor_id|s:1:\"0\";fullname|s:11:\"Alex Carrey\";email|s:15:\"admin@admin.com\";phone|s:10:\"1235467892\";isLogIn|b:1;'
WHERE `id` = 'db72f1440a4038c65079397ce56bf8a4abc7e047';
UPDATE `ci_sessions` SET `timestamp` = 1729230414, `data` = '__ci_last_regenerate|i:1729230414;isLogIn|b:1;isAdmin|b:1;id|s:1:\"1\";fullname|s:11:\"admin admin\";user_level|s:5:\"Admin\";email|s:15:\"admin@admin.com\";image|s:53:\"upload/settings/4a1f1b602322adb837a7a3547ee69cf3.jpeg\";last_login|s:19:\"2024-10-17 07:49:16\";last_logout|s:19:\"2024-10-17 07:49:52\";ip_address|s:13:\"172.69.94.152\";'
WHERE `id` = '03638103cd0dd5804235e7326596019e0cc01eac';
DELETE FROM `reward`
WHERE `reward_id` = '7';
UPDATE `ci_sessions` SET `timestamp` = 1729230508, `data` = '__ci_last_regenerate|i:1729230508;isLogIn|b:1;isAdmin|b:1;id|s:1:\"1\";fullname|s:11:\"admin admin\";user_level|s:5:\"Admin\";email|s:15:\"admin@admin.com\";image|s:53:\"upload/settings/4a1f1b602322adb837a7a3547ee69cf3.jpeg\";last_login|s:19:\"2024-10-18 00:01:43\";last_logout|s:19:\"2024-10-17 07:49:52\";ip_address|s:14:\"172.69.178.104\";'
WHERE `id` = 'c6a6bdfbf4ed726b7b0176c8de724c57a74eaf4f';
INSERT INTO `reward` (`reward_id`, `reward_name`, `reward_amount`, `reward_value`, `reward_points`, `reward_details`, `phone`, `address`, `category`, `status`, `date`, `reward_image`) VALUES ('', 'testinggg', '100', '60', '30', '<h2>What is Lorem Ipsum?</h2>\r\n\r\n<p><strong>Lorem Ipsum</strong>&nbsp;is simply dummy text of the printing and typesetting industry. Lorem Ipsum has been the industry&#39;s standard dummy tex</p>\r\n', NULL, NULL, 'travel', 1, '2024-10-18 00:50:07', 'upload/reward_image/835dbfd79477bc3c98df761f9ee7732b.jpg');
INSERT INTO `reward_country` (`reward_id`, `country`, `state`, `image`) VALUES (8, '99', '1479', 'upload/reward_image/a86ead04f3452337968a4073a61c5036.jpg');
INSERT INTO `reward_country` (`reward_id`, `country`, `state`, `image`) VALUES (8, '99', '1483', 'upload/reward_image/33a422d8c278cc5a233e6cbc27469f3b.jpg');
INSERT INTO `reward_country` (`reward_id`, `country`, `state`, `image`) VALUES (8, '99', '1490', 'upload/reward_image/1c44cc9c452825e9bf4b82a48d01b079.jpg');
INSERT INTO `reward_country` (`reward_id`, `country`, `state`, `image`) VALUES (8, '221', '3508', 'upload/reward_image/84e7dbf3aff91fa3b53e0bc652cfcb89.jpg');
INSERT INTO `reward_country` (`reward_id`, `country`, `state`, `image`) VALUES (8, '106', '1645', 'upload/reward_image/a462de2f55b88f27d2e7723c4f67ac6f.jpg');
UPDATE `ci_sessions` SET `timestamp` = 1729230892, `data` = '__ci_last_regenerate|i:1729230892;id|s:4:\"2019\";user_id|s:5:\"admin\";username|s:5:\"admin\";sponsor_id|s:1:\"0\";fullname|s:11:\"Alex Carrey\";email|s:15:\"admin@admin.com\";phone|s:10:\"1235467892\";isLogIn|b:1;'
WHERE `id` = '819844de67ca6e67a86ba324bacb1fdeda16ffdf';
UPDATE `ci_sessions` SET `timestamp` = 1729232018, `data` = '__ci_last_regenerate|i:1729232018;isLogIn|b:1;isAdmin|b:1;id|s:1:\"1\";fullname|s:11:\"admin admin\";user_level|s:5:\"Admin\";email|s:15:\"admin@admin.com\";image|s:53:\"upload/settings/4a1f1b602322adb837a7a3547ee69cf3.jpeg\";last_login|s:19:\"2024-10-17 07:49:16\";last_logout|s:19:\"2024-10-17 07:49:52\";ip_address|s:13:\"172.69.94.152\";message|s:20:\"Delete successfully!\";__ci_vars|a:1:{s:7:\"message\";s:3:\"old\";}'
WHERE `id` = 'd222b6a30a11a8857eb77ce137bb623062c03114';
UPDATE `admin` SET `last_logout` = '2024-10-18 01:13:38'
WHERE `id` = '1';
DELETE FROM `ci_sessions`
WHERE `id` = '8cef28c0d8bdb4382b70f57678406c3852a360cf';
INSERT INTO `login_history` (`user_id`, `device`, `ip_address`, `date`) VALUES ('admin', 'Mozilla/5.0 (Windows NT 10.0; Win64; x64; rv:130.0) Gecko/20100101 Firefox/130.0', '172.69.178.135', '24-10-18 01:13');
UPDATE `user_registration` SET `popup_seen` = 'yes'
WHERE `user_id` = 'admin';
UPDATE `ci_sessions` SET `timestamp` = 1729232673, `data` = '__ci_last_regenerate|i:1729232673;id|s:4:\"2019\";user_id|s:5:\"admin\";username|s:5:\"admin\";sponsor_id|s:1:\"0\";fullname|s:11:\"Alex Carrey\";email|s:15:\"admin@admin.com\";phone|s:10:\"1235467892\";isLogIn|b:1;'
WHERE `id` = '34c4b016bc429b7ee5a5cd262f2a6195abc3c932';
UPDATE `ci_sessions` SET `timestamp` = 1729233921, `data` = '__ci_last_regenerate|i:1729233921;isLogIn|b:1;isAdmin|b:1;id|s:1:\"1\";fullname|s:11:\"admin admin\";user_level|s:5:\"Admin\";email|s:15:\"admin@admin.com\";image|s:53:\"upload/settings/4a1f1b602322adb837a7a3547ee69cf3.jpeg\";last_login|s:19:\"2024-10-18 00:01:43\";last_logout|s:19:\"2024-10-17 07:49:52\";ip_address|s:14:\"172.69.178.104\";message|s:18:\"Save Successfully!\";__ci_vars|a:1:{s:7:\"message\";s:3:\"old\";}'
WHERE `id` = '22dfb3f379355bc30be507aefd23a440bb21ad26';
UPDATE `admin` SET `last_login` = '2024-10-18 01:49:11', `ip_address` = '172.69.179.139'
WHERE `id` = '1';
UPDATE `admin` SET `last_logout` = '2024-10-18 01:51:37'
WHERE `id` = '1';
DELETE FROM `ci_sessions`
WHERE `id` = '23da3e46c4b25871e0a1b4a404d63815e8ae9171';
INSERT INTO `login_history` (`user_id`, `device`, `ip_address`, `date`) VALUES ('admin', 'Mozilla/5.0 (Windows NT 10.0; Win64; x64; rv:131.0) Gecko/20100101 Firefox/131.0', '172.69.129.138', '24-10-18 01:52');
UPDATE `user_registration` SET `popup_seen` = 'yes'
WHERE `user_id` = 'admin';
UPDATE `ci_sessions` SET `timestamp` = 1729234329, `data` = '__ci_last_regenerate|i:1729234329;id|s:4:\"2019\";user_id|s:5:\"admin\";username|s:5:\"admin\";sponsor_id|s:1:\"0\";fullname|s:11:\"Alex Carrey\";email|s:15:\"admin@admin.com\";phone|s:10:\"1235467892\";isLogIn|b:1;'
WHERE `id` = 'a7f412fc469b6bad7a026c2d54f2a679acb5e34b';
UPDATE `user_registration` SET `popup_seen` = 'yes'
WHERE `user_id` = 'admin';
UPDATE `user_registration` SET `popup_seen` = 'yes'
WHERE `user_id` = 'admin';
UPDATE `user_registration` SET `popup_seen` = 'yes'
WHERE `user_id` = 'admin';
UPDATE `user_registration` SET `popup_seen` = 'yes'
WHERE `user_id` = 'admin';
UPDATE `user_registration` SET `popup_seen` = 'yes'
WHERE `user_id` = 'admin';
UPDATE `user_registration` SET `popup_seen` = 'yes'
WHERE `user_id` = 'admin';
INSERT INTO `login_history` (`user_id`, `device`, `ip_address`, `date`) VALUES ('ADZTOG', 'Mozilla/5.0 (Windows NT 10.0; Win64; x64) AppleWebKit/537.36 (KHTML, like Gecko) Chrome/129.0.0.0 Safari/537.36', '172.70.54.134', '24-10-18 11:00');
UPDATE `user_registration` SET `popup_seen` = 'yes'
WHERE `user_id` = 'ADZTOG';
UPDATE `user_registration` SET `popup_seen` = 'yes'
WHERE `user_id` = 'ADZTOG';
UPDATE `ci_sessions` SET `timestamp` = 1729267522, `data` = '__ci_last_regenerate|i:1729267522;id|s:4:\"2023\";user_id|s:6:\"ADZTOG\";username|s:7:\"rafael1\";sponsor_id|s:6:\"A9858P\";fullname|s:16:\"Rafael Rodriguez\";email|s:17:\"rafael1@gmail.com\";phone|s:10:\"3057610606\";isLogIn|b:1;'
WHERE `id` = 'b9e5d7e1c038b37a58ffbb741be8bad8877d9ef8';
INSERT INTO `add_cart` (`user_id`, `product_id`, `product_name`, `product_amount`, `product_point`, `product_image`, `product_details`, `quantity`, `total_amount`, `total_point`, `date`) VALUES ('ADZTOG', '1', 'Manila', '210', '210', 'upload/product_image/29f86ea390e046d3b46c5428295ce57d.jpeg', '<p>Lorem ipsum dolor sit amet, consectetur adipiscing elit, sed do eiusmod tempor incididunt ut labore et dolore magna aliqua. Ut enim ad minim veniam, quis nostrud exercitation ullamco laboris nisi ut aliquip ex ea commodo consequat. Duis aute irure dolor in reprehenderit in voluptate velit esse cillum dolore eu fugiat nulla pariatur. Excepteur sint occaecat cupidatat non proident, sunt in culpa qui officia deserunt mollit anim id est laborum.</p>\r\n', 1, 210, 210, '2024-10-18 11:05:32');
UPDATE `add_cart` SET quantity = quantity + 1, total_amount = total_amount + 210, total_point = total_point + 210
WHERE `user_id` = 'ADZTOG'
AND `product_id` = '1';
UPDATE `add_cart` SET quantity = quantity + 1, total_amount = total_amount + 210, total_point = total_point + 210
WHERE `user_id` = 'ADZTOG'
AND `product_id` = '1';
INSERT INTO `add_cart` (`user_id`, `product_id`, `product_name`, `product_amount`, `product_point`, `product_image`, `product_details`, `quantity`, `total_amount`, `total_point`, `date`) VALUES ('ADZTOG', '2', 'Mexico', '150', '150', 'upload/product_image/6174ace6c90dd21f9c3dd30876389ff6.jpg', '<p>Lorem ipsum dolor sit amet, consectetur adipiscing elit, sed do eiusmod tempor incididunt ut labore et dolore magna aliqua. Ut enim ad minim veniam, quis nostrud exercitation ullamco laboris nisi ut aliquip ex ea commodo consequat. Duis aute irure dolor in reprehenderit in voluptate velit esse cillum dolore eu fugiat nulla pariatur. Excepteur sint occaecat cupidatat non proident, sunt in culpa qui officia deserunt mollit anim id est laborum.</p>\r\n', 1, 150, 150, '2024-10-18 11:06:02');
UPDATE `add_cart` SET quantity = quantity + 1, total_amount = total_amount + 150, total_point = total_point + 150
WHERE `user_id` = 'ADZTOG'
AND `product_id` = '2';
INSERT INTO `add_cart` (`user_id`, `product_id`, `product_name`, `product_amount`, `product_point`, `product_image`, `product_details`, `quantity`, `total_amount`, `total_point`, `date`) VALUES ('ADZTOG', '3', 'Munnar', '100', '100', 'upload/product_image/c4e6d978dabd5a1719fd7986baf37606.jpg', '<p>Lorem ipsum dolor sit amet, consectetur adipiscing elit, sed do eiusmod tempor incididunt ut labore et dolore magna aliqua. Ut enim ad minim veniam, quis nostrud exercitation ullamco laboris nisi ut aliquip ex ea commodo consequat. Duis aute irure dolor in reprehenderit in voluptate velit esse cillum dolore eu fugiat nulla pariatur. Excepteur sint occaecat cupidatat non proident, sunt in culpa qui officia deserunt mollit anim id est laborum.</p>\r\n', 1, 100, 100, '2024-10-18 11:06:23');
UPDATE `add_cart` SET quantity = quantity + 1, total_amount = total_amount + 100, total_point = total_point + 100
WHERE `user_id` = 'ADZTOG'
AND `product_id` = '3';
INSERT INTO `add_cart` (`user_id`, `product_id`, `product_name`, `product_amount`, `product_point`, `product_image`, `product_details`, `quantity`, `total_amount`, `total_point`, `date`) VALUES ('ADZTOG', '5', ' Pro Max', '225', '225', 'upload/product_image/839d5be195a5b03e77b806b2fc5da88d.jpg', '<p>test <em>hgjjhg</em></p>\r\n', 1, 225, 225, '2024-10-18 11:06:44');
UPDATE `add_cart` SET quantity = quantity + 1, total_amount = total_amount + 225, total_point = total_point + 225
WHERE `user_id` = 'ADZTOG'
AND `product_id` = '5';
UPDATE `add_cart` SET quantity = quantity + 1, total_amount = total_amount + 225, total_point = total_point + 225
WHERE `user_id` = 'ADZTOG'
AND `product_id` = '5';
UPDATE `add_cart` SET quantity = quantity + 1, total_amount = total_amount + 225, total_point = total_point + 225
WHERE `user_id` = 'ADZTOG'
AND `product_id` = '5';
UPDATE `add_cart` SET quantity = quantity + 1, total_amount = total_amount + 225, total_point = total_point + 225
WHERE `user_id` = 'ADZTOG'
AND `product_id` = '5';
UPDATE `add_cart` SET quantity = quantity + 1, total_amount = total_amount + 210, total_point = total_point + 210
WHERE `user_id` = 'ADZTOG'
AND `product_id` = '1';
UPDATE `add_cart` SET quantity = quantity + 1, total_amount = total_amount + 225, total_point = total_point + 225
WHERE `user_id` = 'ADZTOG'
AND `product_id` = '5';
UPDATE `add_cart` SET `quantity` = '6', `total_amount` = 1350, `total_point` = 1350
WHERE `id` = '30';
UPDATE `add_cart` SET `quantity` = '2', `total_amount` = 200, `total_point` = 200
WHERE `id` = '29';
UPDATE `add_cart` SET `quantity` = '2', `total_amount` = 300, `total_point` = 300
WHERE `id` = '28';
UPDATE `add_cart` SET `quantity` = '4', `total_amount` = 840, `total_point` = 840
WHERE `id` = '27';
INSERT INTO `total_orders` (`user_id`, `amount_to_pay`, `total_points`, `date`) VALUES ('ADZTOG', '2690', '2690', '2024-10-18 11:08:25');
INSERT INTO `product_purchase_history` (`user_id`, `product_id`, `amount`, `quantity`, `total_amount`, `points`, `conversion_point_rate`, `payment_option`, `product_name`, `date`, `type`) VALUES ('ADZTOG', '5', '225', '6', '1350', 1350, '1', 'free', ' Pro Max', '2024-10-18 11:08:25', 'repurchase');
UPDATE `user_registration` SET total_points = ROUND(total_points + 1350,2)
WHERE `user_id` = 'ADZTOG';
INSERT INTO `points_history` (`user_id`, `points`, `type`, `date`) VALUES ('ADZTOG', 1350, 'product_prchase', '2024-10-18 11:08:');
INSERT INTO `orders` (`order_id`, `user_id`, `product_id`, `product_name`, `amount`, `quantity`, `total_amount`, `payment_option`, `date`) VALUES (19, 'ADZTOG', '5', ' Pro Max', '225', '6', '1350', 'free', '2024-10-18 11:08:25');
DELETE FROM `add_cart`
WHERE `id` = '30';
INSERT INTO `product_purchase_history` (`user_id`, `product_id`, `amount`, `quantity`, `total_amount`, `points`, `conversion_point_rate`, `payment_option`, `product_name`, `date`, `type`) VALUES ('ADZTOG', '3', '100', '2', '200', 200, '1', 'free', 'Munnar', '2024-10-18 11:08:25', 'repurchase');
UPDATE `user_registration` SET total_points = ROUND(total_points + 200,2)
WHERE `user_id` = 'ADZTOG';
INSERT INTO `points_history` (`user_id`, `points`, `type`, `date`) VALUES ('ADZTOG', 200, 'product_prchase', '2024-10-18 11:08:');
INSERT INTO `orders` (`order_id`, `user_id`, `product_id`, `product_name`, `amount`, `quantity`, `total_amount`, `payment_option`, `date`) VALUES (19, 'ADZTOG', '3', 'Munnar', '100', '2', '200', 'free', '2024-10-18 11:08:25');
DELETE FROM `add_cart`
WHERE `id` = '29';
INSERT INTO `product_purchase_history` (`user_id`, `product_id`, `amount`, `quantity`, `total_amount`, `points`, `conversion_point_rate`, `payment_option`, `product_name`, `date`, `type`) VALUES ('ADZTOG', '2', '150', '2', '300', 300, '1', 'free', 'Mexico', '2024-10-18 11:08:25', 'repurchase');
UPDATE `user_registration` SET total_points = ROUND(total_points + 300,2)
WHERE `user_id` = 'ADZTOG';
INSERT INTO `points_history` (`user_id`, `points`, `type`, `date`) VALUES ('ADZTOG', 300, 'product_prchase', '2024-10-18 11:08:');
INSERT INTO `orders` (`order_id`, `user_id`, `product_id`, `product_name`, `amount`, `quantity`, `total_amount`, `payment_option`, `date`) VALUES (19, 'ADZTOG', '2', 'Mexico', '150', '2', '300', 'free', '2024-10-18 11:08:25');
DELETE FROM `add_cart`
WHERE `id` = '28';
INSERT INTO `product_purchase_history` (`user_id`, `product_id`, `amount`, `quantity`, `total_amount`, `points`, `conversion_point_rate`, `payment_option`, `product_name`, `date`, `type`) VALUES ('ADZTOG', '1', '210', '4', '840', 840, '1', 'free', 'Manila', '2024-10-18 11:08:25', 'repurchase');
UPDATE `user_registration` SET total_points = ROUND(total_points + 840,2)
WHERE `user_id` = 'ADZTOG';
INSERT INTO `points_history` (`user_id`, `points`, `type`, `date`) VALUES ('ADZTOG', 840, 'product_prchase', '2024-10-18 11:08:');
INSERT INTO `orders` (`order_id`, `user_id`, `product_id`, `product_name`, `amount`, `quantity`, `total_amount`, `payment_option`, `date`) VALUES (19, 'ADZTOG', '1', 'Manila', '210', '4', '840', 'free', '2024-10-18 11:08:25');
DELETE FROM `add_cart`
WHERE `id` = '27';
UPDATE `bv_updation` SET right_carry = right_carry+2690, total_right = total_right+2690
WHERE `user_id` = 'ADZTOG';
INSERT INTO `placement_bv_update_history` (`right_carry`, `date`, `from_id`, `user_id`) VALUES ('2690', '2024-10-18 11:08:25', 'ADZTOG', 'ADZTOG');
UPDATE `user_registration` SET `popup_seen` = 'yes'
WHERE `user_id` = 'ADZTOG';
INSERT INTO `add_cart` (`user_id`, `product_id`, `product_name`, `product_amount`, `product_point`, `product_image`, `product_details`, `quantity`, `total_amount`, `total_point`, `date`) VALUES ('ADZTOG', '1', 'Manila', '210', '210', 'upload/product_image/29f86ea390e046d3b46c5428295ce57d.jpeg', '<p>Lorem ipsum dolor sit amet, consectetur adipiscing elit, sed do eiusmod tempor incididunt ut labore et dolore magna aliqua. Ut enim ad minim veniam, quis nostrud exercitation ullamco laboris nisi ut aliquip ex ea commodo consequat. Duis aute irure dolor in reprehenderit in voluptate velit esse cillum dolore eu fugiat nulla pariatur. Excepteur sint occaecat cupidatat non proident, sunt in culpa qui officia deserunt mollit anim id est laborum.</p>\r\n', 1, 210, 210, '2024-10-18 11:10:03');
UPDATE `add_cart` SET quantity = quantity + 1, total_amount = total_amount + 210, total_point = total_point + 210
WHERE `user_id` = 'ADZTOG'
AND `product_id` = '1';
UPDATE `add_cart` SET quantity = quantity + 1, total_amount = total_amount + 210, total_point = total_point + 210
WHERE `user_id` = 'ADZTOG'
AND `product_id` = '1';
UPDATE `ci_sessions` SET `timestamp` = 1729267823, `data` = '__ci_last_regenerate|i:1729267823;id|s:4:\"2023\";user_id|s:6:\"ADZTOG\";username|s:7:\"rafael1\";sponsor_id|s:6:\"A9858P\";fullname|s:16:\"Rafael Rodriguez\";email|s:17:\"rafael1@gmail.com\";phone|s:10:\"3057610606\";isLogIn|b:1;message|s:34:\"Product Added to Cart Successfully\";__ci_vars|a:1:{s:7:\"message\";s:3:\"new\";}'
WHERE `id` = '7571a06d1084fea6c883a2ed881b95ab5de6985d';
UPDATE `add_cart` SET quantity = quantity + 1, total_amount = total_amount + 210, total_point = total_point + 210
WHERE `user_id` = 'ADZTOG'
AND `product_id` = '1';
UPDATE `add_cart` SET quantity = quantity + 1, total_amount = total_amount + 210, total_point = total_point + 210
WHERE `user_id` = 'ADZTOG'
AND `product_id` = '1';
INSERT INTO `add_cart` (`user_id`, `product_id`, `product_name`, `product_amount`, `product_point`, `product_image`, `product_details`, `quantity`, `total_amount`, `total_point`, `date`) VALUES ('ADZTOG', '5', ' Pro Max', '225', '225', 'upload/product_image/839d5be195a5b03e77b806b2fc5da88d.jpg', '<p>test <em>hgjjhg</em></p>\r\n', 1, 225, 225, '2024-10-18 11:10:52');
UPDATE `add_cart` SET quantity = quantity + 1, total_amount = total_amount + 225, total_point = total_point + 225
WHERE `user_id` = 'ADZTOG'
AND `product_id` = '5';
UPDATE `add_cart` SET quantity = quantity + 1, total_amount = total_amount + 225, total_point = total_point + 225
WHERE `user_id` = 'ADZTOG'
AND `product_id` = '5';
UPDATE `add_cart` SET quantity = quantity + 1, total_amount = total_amount + 225, total_point = total_point + 225
WHERE `user_id` = 'ADZTOG'
AND `product_id` = '5';
UPDATE `add_cart` SET quantity = quantity + 1, total_amount = total_amount + 225, total_point = total_point + 225
WHERE `user_id` = 'ADZTOG'
AND `product_id` = '5';
INSERT INTO `add_cart` (`user_id`, `product_id`, `product_name`, `product_amount`, `product_point`, `product_image`, `product_details`, `quantity`, `total_amount`, `total_point`, `date`) VALUES ('ADZTOG', '2', 'Mexico', '150', '150', 'upload/product_image/6174ace6c90dd21f9c3dd30876389ff6.jpg', '<p>Lorem ipsum dolor sit amet, consectetur adipiscing elit, sed do eiusmod tempor incididunt ut labore et dolore magna aliqua. Ut enim ad minim veniam, quis nostrud exercitation ullamco laboris nisi ut aliquip ex ea commodo consequat. Duis aute irure dolor in reprehenderit in voluptate velit esse cillum dolore eu fugiat nulla pariatur. Excepteur sint occaecat cupidatat non proident, sunt in culpa qui officia deserunt mollit anim id est laborum.</p>\r\n', 1, 150, 150, '2024-10-18 11:11:41');
UPDATE `add_cart` SET quantity = quantity + 1, total_amount = total_amount + 150, total_point = total_point + 150
WHERE `user_id` = 'ADZTOG'
AND `product_id` = '2';
UPDATE `add_cart` SET quantity = quantity + 1, total_amount = total_amount + 225, total_point = total_point + 225
WHERE `user_id` = 'ADZTOG'
AND `product_id` = '5';
UPDATE `add_cart` SET quantity = quantity + 1, total_amount = total_amount + 225, total_point = total_point + 225
WHERE `user_id` = 'ADZTOG'
AND `product_id` = '5';
UPDATE `add_cart` SET quantity = quantity + 1, total_amount = total_amount + 225, total_point = total_point + 225
WHERE `user_id` = 'ADZTOG'
AND `product_id` = '5';
UPDATE `add_cart` SET quantity = quantity + 1, total_amount = total_amount + 225, total_point = total_point + 225
WHERE `user_id` = 'ADZTOG'
AND `product_id` = '5';
UPDATE `add_cart` SET quantity = quantity + 1, total_amount = total_amount + 225, total_point = total_point + 225
WHERE `user_id` = 'ADZTOG'
AND `product_id` = '5';
UPDATE `add_cart` SET quantity = quantity + 1, total_amount = total_amount + 210, total_point = total_point + 210
WHERE `user_id` = 'ADZTOG'
AND `product_id` = '1';
UPDATE `add_cart` SET quantity = quantity + 1, total_amount = total_amount + 225, total_point = total_point + 225
WHERE `user_id` = 'ADZTOG'
AND `product_id` = '5';
UPDATE `add_cart` SET `quantity` = '2', `total_amount` = 300, `total_point` = 300
WHERE `id` = '33';
UPDATE `add_cart` SET `quantity` = '11', `total_amount` = 2475, `total_point` = 2475
WHERE `id` = '32';
UPDATE `add_cart` SET `quantity` = '6', `total_amount` = 1260, `total_point` = 1260
WHERE `id` = '31';
INSERT INTO `total_orders` (`user_id`, `amount_to_pay`, `total_points`, `date`) VALUES ('ADZTOG', '4035', '4035', '2024-10-18 11:13:19');
INSERT INTO `product_purchase_history` (`user_id`, `product_id`, `amount`, `quantity`, `total_amount`, `points`, `conversion_point_rate`, `payment_option`, `product_name`, `date`, `type`) VALUES ('ADZTOG', '2', '150', '2', '300', 300, '1', 'free', 'Mexico', '2024-10-18 11:13:19', 'repurchase');
UPDATE `user_registration` SET total_points = ROUND(total_points + 300,2)
WHERE `user_id` = 'ADZTOG';
INSERT INTO `points_history` (`user_id`, `points`, `type`, `date`) VALUES ('ADZTOG', 300, 'product_prchase', '2024-10-18 11:13:');
INSERT INTO `orders` (`order_id`, `user_id`, `product_id`, `product_name`, `amount`, `quantity`, `total_amount`, `payment_option`, `date`) VALUES (20, 'ADZTOG', '2', 'Mexico', '150', '2', '300', 'free', '2024-10-18 11:13:19');
DELETE FROM `add_cart`
WHERE `id` = '33';
INSERT INTO `product_purchase_history` (`user_id`, `product_id`, `amount`, `quantity`, `total_amount`, `points`, `conversion_point_rate`, `payment_option`, `product_name`, `date`, `type`) VALUES ('ADZTOG', '5', '225', '11', '2475', 2475, '1', 'free', ' Pro Max', '2024-10-18 11:13:19', 'repurchase');
UPDATE `user_registration` SET total_points = ROUND(total_points + 2475,2)
WHERE `user_id` = 'ADZTOG';
INSERT INTO `points_history` (`user_id`, `points`, `type`, `date`) VALUES ('ADZTOG', 2475, 'product_prchase', '2024-10-18 11:13:');
INSERT INTO `orders` (`order_id`, `user_id`, `product_id`, `product_name`, `amount`, `quantity`, `total_amount`, `payment_option`, `date`) VALUES (20, 'ADZTOG', '5', ' Pro Max', '225', '11', '2475', 'free', '2024-10-18 11:13:19');
DELETE FROM `add_cart`
WHERE `id` = '32';
INSERT INTO `product_purchase_history` (`user_id`, `product_id`, `amount`, `quantity`, `total_amount`, `points`, `conversion_point_rate`, `payment_option`, `product_name`, `date`, `type`) VALUES ('ADZTOG', '1', '210', '6', '1260', 1260, '1', 'free', 'Manila', '2024-10-18 11:13:19', 'repurchase');
UPDATE `user_registration` SET total_points = ROUND(total_points + 1260,2)
WHERE `user_id` = 'ADZTOG';
INSERT INTO `points_history` (`user_id`, `points`, `type`, `date`) VALUES ('ADZTOG', 1260, 'product_prchase', '2024-10-18 11:13:');
INSERT INTO `orders` (`order_id`, `user_id`, `product_id`, `product_name`, `amount`, `quantity`, `total_amount`, `payment_option`, `date`) VALUES (20, 'ADZTOG', '1', 'Manila', '210', '6', '1260', 'free', '2024-10-18 11:13:19');
DELETE FROM `add_cart`
WHERE `id` = '31';
UPDATE `bv_updation` SET left_carry = left_carry+4035, total_left = total_left+4035
WHERE `user_id` = 'ADZTOG';
INSERT INTO `placement_bv_update_history` (`left_carry`, `date`, `from_id`, `user_id`) VALUES ('4035', '2024-10-18 11:13:19', 'ADZTOG', 'ADZTOG');
UPDATE `user_registration` SET `popup_seen` = 'yes'
WHERE `user_id` = 'ADZTOG';
UPDATE `user_registration` SET `popup_seen` = 'yes'
WHERE `user_id` = 'ADZTOG';
INSERT INTO `add_cart` (`user_id`, `product_id`, `product_name`, `product_amount`, `product_point`, `product_image`, `product_details`, `quantity`, `total_amount`, `total_point`, `date`) VALUES ('ADZTOG', '5', ' Pro Max', '225', '225', 'upload/product_image/839d5be195a5b03e77b806b2fc5da88d.jpg', '<p>test <em>hgjjhg</em></p>\r\n', 1, 225, 225, '2024-10-18 11:14:29');
UPDATE `add_cart` SET quantity = quantity + 1, total_amount = total_amount + 225, total_point = total_point + 225
WHERE `user_id` = 'ADZTOG'
AND `product_id` = '5';
UPDATE `add_cart` SET quantity = quantity + 1, total_amount = total_amount + 225, total_point = total_point + 225
WHERE `user_id` = 'ADZTOG'
AND `product_id` = '5';
UPDATE `add_cart` SET quantity = quantity + 1, total_amount = total_amount + 225, total_point = total_point + 225
WHERE `user_id` = 'ADZTOG'
AND `product_id` = '5';
UPDATE `add_cart` SET quantity = quantity + 1, total_amount = total_amount + 225, total_point = total_point + 225
WHERE `user_id` = 'ADZTOG'
AND `product_id` = '5';
UPDATE `add_cart` SET quantity = quantity + 1, total_amount = total_amount + 225, total_point = total_point + 225
WHERE `user_id` = 'ADZTOG'
AND `product_id` = '5';
UPDATE `add_cart` SET quantity = quantity + 1, total_amount = total_amount + 225, total_point = total_point + 225
WHERE `user_id` = 'ADZTOG'
AND `product_id` = '5';
UPDATE `add_cart` SET quantity = quantity + 1, total_amount = total_amount + 225, total_point = total_point + 225
WHERE `user_id` = 'ADZTOG'
AND `product_id` = '5';
UPDATE `add_cart` SET quantity = quantity + 1, total_amount = total_amount + 225, total_point = total_point + 225
WHERE `user_id` = 'ADZTOG'
AND `product_id` = '5';
UPDATE `add_cart` SET quantity = quantity + 1, total_amount = total_amount + 225, total_point = total_point + 225
WHERE `user_id` = 'ADZTOG'
AND `product_id` = '5';
UPDATE `add_cart` SET quantity = quantity + 1, total_amount = total_amount + 225, total_point = total_point + 225
WHERE `user_id` = 'ADZTOG'
AND `product_id` = '5';
UPDATE `add_cart` SET quantity = quantity + 1, total_amount = total_amount + 225, total_point = total_point + 225
WHERE `user_id` = 'ADZTOG'
AND `product_id` = '5';
UPDATE `add_cart` SET quantity = quantity + 1, total_amount = total_amount + 225, total_point = total_point + 225
WHERE `user_id` = 'ADZTOG'
AND `product_id` = '5';
UPDATE `add_cart` SET quantity = quantity + 1, total_amount = total_amount + 225, total_point = total_point + 225
WHERE `user_id` = 'ADZTOG'
AND `product_id` = '5';
UPDATE `add_cart` SET quantity = quantity + 1, total_amount = total_amount + 225, total_point = total_point + 225
WHERE `user_id` = 'ADZTOG'
AND `product_id` = '5';
UPDATE `ci_sessions` SET `timestamp` = 1729268124, `data` = '__ci_last_regenerate|i:1729268124;id|s:4:\"2023\";user_id|s:6:\"ADZTOG\";username|s:7:\"rafael1\";sponsor_id|s:6:\"A9858P\";fullname|s:16:\"Rafael Rodriguez\";email|s:17:\"rafael1@gmail.com\";phone|s:10:\"3057610606\";isLogIn|b:1;message|s:34:\"Product Added to Cart Successfully\";__ci_vars|a:1:{s:7:\"message\";s:3:\"old\";}'
WHERE `id` = 'deac5c3e0daebe5586213e73c494a61388f4a84a';
UPDATE `add_cart` SET quantity = quantity + 1, total_amount = total_amount + 225, total_point = total_point + 225
WHERE `user_id` = 'ADZTOG'
AND `product_id` = '5';
UPDATE `add_cart` SET quantity = quantity + 1, total_amount = total_amount + 225, total_point = total_point + 225
WHERE `user_id` = 'ADZTOG'
AND `product_id` = '5';
UPDATE `add_cart` SET quantity = quantity + 1, total_amount = total_amount + 225, total_point = total_point + 225
WHERE `user_id` = 'ADZTOG'
AND `product_id` = '5';
UPDATE `add_cart` SET quantity = quantity + 1, total_amount = total_amount + 225, total_point = total_point + 225
WHERE `user_id` = 'ADZTOG'
AND `product_id` = '5';
UPDATE `add_cart` SET quantity = quantity + 1, total_amount = total_amount + 225, total_point = total_point + 225
WHERE `user_id` = 'ADZTOG'
AND `product_id` = '5';
UPDATE `add_cart` SET quantity = quantity + 1, total_amount = total_amount + 225, total_point = total_point + 225
WHERE `user_id` = 'ADZTOG'
AND `product_id` = '5';
UPDATE `add_cart` SET quantity = quantity + 1, total_amount = total_amount + 225, total_point = total_point + 225
WHERE `user_id` = 'ADZTOG'
AND `product_id` = '5';
UPDATE `add_cart` SET quantity = quantity + 1, total_amount = total_amount + 225, total_point = total_point + 225
WHERE `user_id` = 'ADZTOG'
AND `product_id` = '5';
UPDATE `add_cart` SET quantity = quantity + 1, total_amount = total_amount + 225, total_point = total_point + 225
WHERE `user_id` = 'ADZTOG'
AND `product_id` = '5';
UPDATE `add_cart` SET quantity = quantity + 1, total_amount = total_amount + 225, total_point = total_point + 225
WHERE `user_id` = 'ADZTOG'
AND `product_id` = '5';
UPDATE `add_cart` SET quantity = quantity + 1, total_amount = total_amount + 225, total_point = total_point + 225
WHERE `user_id` = 'ADZTOG'
AND `product_id` = '5';
UPDATE `add_cart` SET quantity = quantity + 1, total_amount = total_amount + 225, total_point = total_point + 225
WHERE `user_id` = 'ADZTOG'
AND `product_id` = '5';
UPDATE `add_cart` SET quantity = quantity + 1, total_amount = total_amount + 225, total_point = total_point + 225
WHERE `user_id` = 'ADZTOG'
AND `product_id` = '5';
UPDATE `add_cart` SET quantity = quantity + 1, total_amount = total_amount + 225, total_point = total_point + 225
WHERE `user_id` = 'ADZTOG'
AND `product_id` = '5';
UPDATE `add_cart` SET quantity = quantity + 1, total_amount = total_amount + 225, total_point = total_point + 225
WHERE `user_id` = 'ADZTOG'
AND `product_id` = '5';
UPDATE `add_cart` SET quantity = quantity + 1, total_amount = total_amount + 225, total_point = total_point + 225
WHERE `user_id` = 'ADZTOG'
AND `product_id` = '5';
UPDATE `add_cart` SET quantity = quantity + 1, total_amount = total_amount + 225, total_point = total_point + 225
WHERE `user_id` = 'ADZTOG'
AND `product_id` = '5';
UPDATE `add_cart` SET quantity = quantity + 1, total_amount = total_amount + 225, total_point = total_point + 225
WHERE `user_id` = 'ADZTOG'
AND `product_id` = '5';
UPDATE `add_cart` SET quantity = quantity + 1, total_amount = total_amount + 225, total_point = total_point + 225
WHERE `user_id` = 'ADZTOG'
AND `product_id` = '5';
UPDATE `add_cart` SET quantity = quantity + 1, total_amount = total_amount + 225, total_point = total_point + 225
WHERE `user_id` = 'ADZTOG'
AND `product_id` = '5';
UPDATE `add_cart` SET quantity = quantity + 1, total_amount = total_amount + 225, total_point = total_point + 225
WHERE `user_id` = 'ADZTOG'
AND `product_id` = '5';
UPDATE `add_cart` SET quantity = quantity + 1, total_amount = total_amount + 225, total_point = total_point + 225
WHERE `user_id` = 'ADZTOG'
AND `product_id` = '5';
UPDATE `add_cart` SET quantity = quantity + 1, total_amount = total_amount + 225, total_point = total_point + 225
WHERE `user_id` = 'ADZTOG'
AND `product_id` = '5';
UPDATE `add_cart` SET quantity = quantity + 1, total_amount = total_amount + 225, total_point = total_point + 225
WHERE `user_id` = 'ADZTOG'
AND `product_id` = '5';
UPDATE `add_cart` SET quantity = quantity + 1, total_amount = total_amount + 225, total_point = total_point + 225
WHERE `user_id` = 'ADZTOG'
AND `product_id` = '5';
UPDATE `add_cart` SET quantity = quantity + 1, total_amount = total_amount + 225, total_point = total_point + 225
WHERE `user_id` = 'ADZTOG'
AND `product_id` = '5';
UPDATE `add_cart` SET quantity = quantity + 1, total_amount = total_amount + 225, total_point = total_point + 225
WHERE `user_id` = 'ADZTOG'
AND `product_id` = '5';
INSERT INTO `add_cart` (`user_id`, `product_id`, `product_name`, `product_amount`, `product_point`, `product_image`, `product_details`, `quantity`, `total_amount`, `total_point`, `date`) VALUES ('ADZTOG', '1', 'Manila', '210', '210', 'upload/product_image/29f86ea390e046d3b46c5428295ce57d.jpeg', '<p>Lorem ipsum dolor sit amet, consectetur adipiscing elit, sed do eiusmod tempor incididunt ut labore et dolore magna aliqua. Ut enim ad minim veniam, quis nostrud exercitation ullamco laboris nisi ut aliquip ex ea commodo consequat. Duis aute irure dolor in reprehenderit in voluptate velit esse cillum dolore eu fugiat nulla pariatur. Excepteur sint occaecat cupidatat non proident, sunt in culpa qui officia deserunt mollit anim id est laborum.</p>\r\n', 1, 210, 210, '2024-10-18 11:17:10');
UPDATE `add_cart` SET `quantity` = '1', `total_amount` = 210, `total_point` = 210
WHERE `id` = '35';
UPDATE `add_cart` SET `quantity` = '42', `total_amount` = 9450, `total_point` = 9450
WHERE `id` = '34';
UPDATE `user_registration` SET `popup_seen` = 'yes'
WHERE `user_id` = 'ADZTOG';
UPDATE `add_cart` SET quantity = quantity + 1, total_amount = total_amount + 225, total_point = total_point + 225
WHERE `user_id` = 'ADZTOG'
AND `product_id` = '5';
UPDATE `add_cart` SET `quantity` = '1', `total_amount` = 210, `total_point` = 210
WHERE `id` = '35';
UPDATE `add_cart` SET `quantity` = '43', `total_amount` = 9675, `total_point` = 9675
WHERE `id` = '34';
INSERT INTO `total_orders` (`user_id`, `amount_to_pay`, `total_points`, `date`) VALUES ('ADZTOG', '9885', '9885', '2024-10-18 11:18:41');
INSERT INTO `product_purchase_history` (`user_id`, `product_id`, `amount`, `quantity`, `total_amount`, `points`, `conversion_point_rate`, `payment_option`, `product_name`, `date`, `type`) VALUES ('ADZTOG', '1', '210', '1', '210', 210, '1', 'free', 'Manila', '2024-10-18 11:18:41', 'repurchase');
UPDATE `user_registration` SET total_points = ROUND(total_points + 210,2)
WHERE `user_id` = 'ADZTOG';
INSERT INTO `points_history` (`user_id`, `points`, `type`, `date`) VALUES ('ADZTOG', 210, 'product_prchase', '2024-10-18 11:18:');
INSERT INTO `orders` (`order_id`, `user_id`, `product_id`, `product_name`, `amount`, `quantity`, `total_amount`, `payment_option`, `date`) VALUES (21, 'ADZTOG', '1', 'Manila', '210', '1', '210', 'free', '2024-10-18 11:18:41');
DELETE FROM `add_cart`
WHERE `id` = '35';
INSERT INTO `product_purchase_history` (`user_id`, `product_id`, `amount`, `quantity`, `total_amount`, `points`, `conversion_point_rate`, `payment_option`, `product_name`, `date`, `type`) VALUES ('ADZTOG', '5', '225', '43', '9675', 9675, '1', 'free', ' Pro Max', '2024-10-18 11:18:41', 'repurchase');
UPDATE `user_registration` SET total_points = ROUND(total_points + 9675,2)
WHERE `user_id` = 'ADZTOG';
INSERT INTO `points_history` (`user_id`, `points`, `type`, `date`) VALUES ('ADZTOG', 9675, 'product_prchase', '2024-10-18 11:18:');
INSERT INTO `orders` (`order_id`, `user_id`, `product_id`, `product_name`, `amount`, `quantity`, `total_amount`, `payment_option`, `date`) VALUES (21, 'ADZTOG', '5', ' Pro Max', '225', '43', '9675', 'free', '2024-10-18 11:18:41');
DELETE FROM `add_cart`
WHERE `id` = '34';
UPDATE `bv_updation` SET left_carry = left_carry+9885, total_left = total_left+9885
WHERE `user_id` = 'ADZTOG';
INSERT INTO `placement_bv_update_history` (`left_carry`, `date`, `from_id`, `user_id`) VALUES ('9885', '2024-10-18 11:18:41', 'ADZTOG', 'ADZTOG');
UPDATE `user_registration` SET `popup_seen` = 'yes'
WHERE `user_id` = 'ADZTOG';
INSERT INTO `add_cart` (`user_id`, `product_id`, `product_name`, `product_amount`, `product_point`, `product_image`, `product_details`, `quantity`, `total_amount`, `total_point`, `date`) VALUES ('ADZTOG', '5', ' Pro Max', '225', '225', 'upload/product_image/839d5be195a5b03e77b806b2fc5da88d.jpg', '<p>test <em>hgjjhg</em></p>\r\n', 1, 225, 225, '2024-10-18 11:20:19');
UPDATE `add_cart` SET quantity = quantity + 1, total_amount = total_amount + 225, total_point = total_point + 225
WHERE `user_id` = 'ADZTOG'
AND `product_id` = '5';
UPDATE `add_cart` SET quantity = quantity + 1, total_amount = total_amount + 225, total_point = total_point + 225
WHERE `user_id` = 'ADZTOG'
AND `product_id` = '5';
UPDATE `ci_sessions` SET `timestamp` = 1729268427, `data` = '__ci_last_regenerate|i:1729268427;id|s:4:\"2023\";user_id|s:6:\"ADZTOG\";username|s:7:\"rafael1\";sponsor_id|s:6:\"A9858P\";fullname|s:16:\"Rafael Rodriguez\";email|s:17:\"rafael1@gmail.com\";phone|s:10:\"3057610606\";isLogIn|b:1;message|s:34:\"Product Added to Cart Successfully\";__ci_vars|a:1:{s:7:\"message\";s:3:\"old\";}'
WHERE `id` = '7d75827192d22e9b5ba084c6f7a87dde7604e9de';
UPDATE `add_cart` SET quantity = quantity + 1, total_amount = total_amount + 225, total_point = total_point + 225
WHERE `user_id` = 'ADZTOG'
AND `product_id` = '5';
UPDATE `add_cart` SET quantity = quantity + 1, total_amount = total_amount + 225, total_point = total_point + 225
WHERE `user_id` = 'ADZTOG'
AND `product_id` = '5';
UPDATE `add_cart` SET quantity = quantity + 1, total_amount = total_amount + 225, total_point = total_point + 225
WHERE `user_id` = 'ADZTOG'
AND `product_id` = '5';
UPDATE `add_cart` SET quantity = quantity + 1, total_amount = total_amount + 225, total_point = total_point + 225
WHERE `user_id` = 'ADZTOG'
AND `product_id` = '5';
UPDATE `add_cart` SET quantity = quantity + 1, total_amount = total_amount + 225, total_point = total_point + 225
WHERE `user_id` = 'ADZTOG'
AND `product_id` = '5';
UPDATE `add_cart` SET quantity = quantity + 1, total_amount = total_amount + 225, total_point = total_point + 225
WHERE `user_id` = 'ADZTOG'
AND `product_id` = '5';
UPDATE `add_cart` SET quantity = quantity + 1, total_amount = total_amount + 225, total_point = total_point + 225
WHERE `user_id` = 'ADZTOG'
AND `product_id` = '5';
UPDATE `add_cart` SET quantity = quantity + 1, total_amount = total_amount + 225, total_point = total_point + 225
WHERE `user_id` = 'ADZTOG'
AND `product_id` = '5';
UPDATE `add_cart` SET quantity = quantity + 1, total_amount = total_amount + 225, total_point = total_point + 225
WHERE `user_id` = 'ADZTOG'
AND `product_id` = '5';
UPDATE `add_cart` SET quantity = quantity + 1, total_amount = total_amount + 225, total_point = total_point + 225
WHERE `user_id` = 'ADZTOG'
AND `product_id` = '5';
UPDATE `add_cart` SET quantity = quantity + 1, total_amount = total_amount + 225, total_point = total_point + 225
WHERE `user_id` = 'ADZTOG'
AND `product_id` = '5';
UPDATE `add_cart` SET quantity = quantity + 1, total_amount = total_amount + 225, total_point = total_point + 225
WHERE `user_id` = 'ADZTOG'
AND `product_id` = '5';
UPDATE `add_cart` SET quantity = quantity + 1, total_amount = total_amount + 225, total_point = total_point + 225
WHERE `user_id` = 'ADZTOG'
AND `product_id` = '5';
UPDATE `add_cart` SET quantity = quantity + 1, total_amount = total_amount + 225, total_point = total_point + 225
WHERE `user_id` = 'ADZTOG'
AND `product_id` = '5';
UPDATE `add_cart` SET quantity = quantity + 1, total_amount = total_amount + 225, total_point = total_point + 225
WHERE `user_id` = 'ADZTOG'
AND `product_id` = '5';
UPDATE `add_cart` SET quantity = quantity + 1, total_amount = total_amount + 225, total_point = total_point + 225
WHERE `user_id` = 'ADZTOG'
AND `product_id` = '5';
UPDATE `add_cart` SET quantity = quantity + 1, total_amount = total_amount + 225, total_point = total_point + 225
WHERE `user_id` = 'ADZTOG'
AND `product_id` = '5';
UPDATE `add_cart` SET quantity = quantity + 1, total_amount = total_amount + 225, total_point = total_point + 225
WHERE `user_id` = 'ADZTOG'
AND `product_id` = '5';
UPDATE `add_cart` SET quantity = quantity + 1, total_amount = total_amount + 225, total_point = total_point + 225
WHERE `user_id` = 'ADZTOG'
AND `product_id` = '5';
UPDATE `add_cart` SET quantity = quantity + 1, total_amount = total_amount + 225, total_point = total_point + 225
WHERE `user_id` = 'ADZTOG'
AND `product_id` = '5';
UPDATE `add_cart` SET quantity = quantity + 1, total_amount = total_amount + 225, total_point = total_point + 225
WHERE `user_id` = 'ADZTOG'
AND `product_id` = '5';
UPDATE `add_cart` SET quantity = quantity + 1, total_amount = total_amount + 225, total_point = total_point + 225
WHERE `user_id` = 'ADZTOG'
AND `product_id` = '5';
UPDATE `add_cart` SET quantity = quantity + 1, total_amount = total_amount + 225, total_point = total_point + 225
WHERE `user_id` = 'ADZTOG'
AND `product_id` = '5';
UPDATE `add_cart` SET quantity = quantity + 1, total_amount = total_amount + 225, total_point = total_point + 225
WHERE `user_id` = 'ADZTOG'
AND `product_id` = '5';
UPDATE `add_cart` SET quantity = quantity + 1, total_amount = total_amount + 225, total_point = total_point + 225
WHERE `user_id` = 'ADZTOG'
AND `product_id` = '5';
UPDATE `add_cart` SET quantity = quantity + 1, total_amount = total_amount + 225, total_point = total_point + 225
WHERE `user_id` = 'ADZTOG'
AND `product_id` = '5';
UPDATE `add_cart` SET quantity = quantity + 1, total_amount = total_amount + 225, total_point = total_point + 225
WHERE `user_id` = 'ADZTOG'
AND `product_id` = '5';
UPDATE `add_cart` SET quantity = quantity + 1, total_amount = total_amount + 225, total_point = total_point + 225
WHERE `user_id` = 'ADZTOG'
AND `product_id` = '5';
UPDATE `add_cart` SET quantity = quantity + 1, total_amount = total_amount + 225, total_point = total_point + 225
WHERE `user_id` = 'ADZTOG'
AND `product_id` = '5';
UPDATE `add_cart` SET quantity = quantity + 1, total_amount = total_amount + 225, total_point = total_point + 225
WHERE `user_id` = 'ADZTOG'
AND `product_id` = '5';
UPDATE `add_cart` SET quantity = quantity + 1, total_amount = total_amount + 225, total_point = total_point + 225
WHERE `user_id` = 'ADZTOG'
AND `product_id` = '5';
UPDATE `add_cart` SET quantity = quantity + 1, total_amount = total_amount + 225, total_point = total_point + 225
WHERE `user_id` = 'ADZTOG'
AND `product_id` = '5';
UPDATE `add_cart` SET quantity = quantity + 1, total_amount = total_amount + 225, total_point = total_point + 225
WHERE `user_id` = 'ADZTOG'
AND `product_id` = '5';
UPDATE `add_cart` SET quantity = quantity + 1, total_amount = total_amount + 225, total_point = total_point + 225
WHERE `user_id` = 'ADZTOG'
AND `product_id` = '5';
UPDATE `add_cart` SET quantity = quantity + 1, total_amount = total_amount + 225, total_point = total_point + 225
WHERE `user_id` = 'ADZTOG'
AND `product_id` = '5';
UPDATE `add_cart` SET quantity = quantity + 1, total_amount = total_amount + 225, total_point = total_point + 225
WHERE `user_id` = 'ADZTOG'
AND `product_id` = '5';
UPDATE `add_cart` SET quantity = quantity + 1, total_amount = total_amount + 225, total_point = total_point + 225
WHERE `user_id` = 'ADZTOG'
AND `product_id` = '5';
UPDATE `add_cart` SET quantity = quantity + 1, total_amount = total_amount + 225, total_point = total_point + 225
WHERE `user_id` = 'ADZTOG'
AND `product_id` = '5';
UPDATE `add_cart` SET quantity = quantity + 1, total_amount = total_amount + 225, total_point = total_point + 225
WHERE `user_id` = 'ADZTOG'
AND `product_id` = '5';
UPDATE `add_cart` SET `quantity` = '42', `total_amount` = 9450, `total_point` = 9450
WHERE `id` = '36';
UPDATE `add_cart` SET `quantity` = '42', `total_amount` = 9450, `total_point` = 9450
WHERE `id` = '36';
INSERT INTO `total_orders` (`user_id`, `amount_to_pay`, `total_points`, `date`) VALUES ('ADZTOG', '9450', '9450', '2024-10-18 11:24:41');
INSERT INTO `product_purchase_history` (`user_id`, `product_id`, `amount`, `quantity`, `total_amount`, `points`, `conversion_point_rate`, `payment_option`, `product_name`, `date`, `type`) VALUES ('ADZTOG', '5', '225', '42', '9450', 9450, '1', 'free', ' Pro Max', '2024-10-18 11:24:41', 'repurchase');
UPDATE `user_registration` SET total_points = ROUND(total_points + 9450,2)
WHERE `user_id` = 'ADZTOG';
INSERT INTO `points_history` (`user_id`, `points`, `type`, `date`) VALUES ('ADZTOG', 9450, 'product_prchase', '2024-10-18 11:24:');
INSERT INTO `orders` (`order_id`, `user_id`, `product_id`, `product_name`, `amount`, `quantity`, `total_amount`, `payment_option`, `date`) VALUES (22, 'ADZTOG', '5', ' Pro Max', '225', '42', '9450', 'free', '2024-10-18 11:24:41');
DELETE FROM `add_cart`
WHERE `id` = '36';
UPDATE `bv_updation` SET left_carry = left_carry+9450, total_left = total_left+9450
WHERE `user_id` = 'ADZTOG';
INSERT INTO `placement_bv_update_history` (`left_carry`, `date`, `from_id`, `user_id`) VALUES ('9450', '2024-10-18 11:24:41', 'ADZTOG', 'ADZTOG');
UPDATE `user_registration` SET `cycle_rank_id` = '5'
WHERE `user_id` = 'ADZTOG';
INSERT INTO `rank_history` (`rank_id`, `user_id`, `name`, `bv`, `date`, `amount`, `type`) VALUES ('5', 'ADZTOG', 'Executive', '33750', '2024-10-18 11:24:41', '700', 'auto');
UPDATE `user_registration` SET `highest_rank` = '5'
WHERE `user_id` = 'ADZTOG';
INSERT INTO `earnings` (`user_id`, `Purchaser_id`, `earning_type`, `package_id`, `amount`, `date`, `comments`, `invest_amount`, `comm_perc`, `level`, `rank_id`, `order_id`) VALUES ('ADZTOG', 'ADZTOG', 'Rank Bonus', 0, '700', '2024-10-18 11:24:41', 'Rank Bonus', '700', 0, 0, '5', 0);
UPDATE `user_registration` SET commission_balance = ROUND(commission_balance + 700,2)
WHERE `user_id` = 'ADZTOG';
UPDATE `user_registration` SET rank_bonus = ROUND(rank_bonus + 700,2)
WHERE `user_id` = 'ADZTOG';
UPDATE `user_registration` SET `popup_seen` = 'yes'
WHERE `user_id` = 'ADZTOG';
UPDATE `ci_sessions` SET `timestamp` = 1729268742, `data` = '__ci_last_regenerate|i:1729268742;id|s:4:\"2023\";user_id|s:6:\"ADZTOG\";username|s:7:\"rafael1\";sponsor_id|s:6:\"A9858P\";fullname|s:16:\"Rafael Rodriguez\";email|s:17:\"rafael1@gmail.com\";phone|s:10:\"3057610606\";isLogIn|b:1;'
WHERE `id` = '0b847433ef5a61ae80d6927d9a75042599890753';
UPDATE `user_registration` SET `popup_seen` = 'yes'
WHERE `user_id` = 'ADZTOG';
UPDATE `user_registration` SET `popup_seen` = 'yes'
WHERE `user_id` = 'ADZTOG';
UPDATE `user_registration` SET `popup_seen` = 'yes'
WHERE `user_id` = 'ADZTOG';
UPDATE `ci_sessions` SET `timestamp` = 1729269314, `data` = '__ci_last_regenerate|i:1729269314;id|s:4:\"2023\";user_id|s:6:\"ADZTOG\";username|s:7:\"rafael1\";sponsor_id|s:6:\"A9858P\";fullname|s:16:\"Rafael Rodriguez\";email|s:17:\"rafael1@gmail.com\";phone|s:10:\"3057610606\";isLogIn|b:1;'
WHERE `id` = 'd03fd817cf61cff63227b863fa14a898dcc03e70';
UPDATE `user_registration` SET `popup_seen` = 'no'
WHERE `user_id` = 'ADZTOG';
DELETE FROM `ci_sessions`
WHERE `id` = '36cade9707bbd4883e79a1ccc696dbf049ec02c6';
INSERT INTO `login_history` (`user_id`, `device`, `ip_address`, `date`) VALUES ('admin', 'Mozilla/5.0 (Windows NT 10.0; Win64; x64) AppleWebKit/537.36 (KHTML, like Gecko) Chrome/127.0.0.0 Safari/537.36 OPR/113.0.0.0', '172.70.55.236', '24-10-19 16:08');
UPDATE `user_registration` SET `popup_seen` = 'yes'
WHERE `user_id` = 'admin';
UPDATE `ci_sessions` SET `timestamp` = 1729373138, `data` = '__ci_last_regenerate|i:1729373138;id|s:4:\"2019\";user_id|s:5:\"admin\";username|s:5:\"admin\";sponsor_id|s:1:\"0\";fullname|s:11:\"Alex Carrey\";email|s:15:\"admin@admin.com\";phone|s:10:\"1235467892\";isLogIn|b:1;'
WHERE `id` = '4d0720bf32d6a73c0ac387db01ea8fcded88b7f2';
UPDATE `admin` SET `last_login` = '2024-10-19 16:37:35', `ip_address` = '172.70.254.30'
WHERE `id` = '1';
UPDATE `ci_sessions` SET `timestamp` = 1729374303, `data` = '__ci_last_regenerate|i:1729374303;isLogIn|b:1;isAdmin|b:1;id|s:1:\"1\";fullname|s:11:\"admin admin\";user_level|s:5:\"Admin\";email|s:15:\"admin@admin.com\";image|s:53:\"upload/settings/4a1f1b602322adb837a7a3547ee69cf3.jpeg\";last_login|s:19:\"2024-10-18 01:49:11\";last_logout|s:19:\"2024-10-18 01:51:37\";ip_address|s:14:\"172.69.179.139\";'
WHERE `id` = '9f098124556b5257fa7c625c92aa9b9250031f74';
UPDATE `ci_sessions` SET `timestamp` = 1729374605, `data` = '__ci_last_regenerate|i:1729374605;isLogIn|b:1;isAdmin|b:1;id|s:1:\"1\";fullname|s:11:\"admin admin\";user_level|s:5:\"Admin\";email|s:15:\"admin@admin.com\";image|s:53:\"upload/settings/4a1f1b602322adb837a7a3547ee69cf3.jpeg\";last_login|s:19:\"2024-10-18 01:49:11\";last_logout|s:19:\"2024-10-18 01:51:37\";ip_address|s:14:\"172.69.179.139\";'
WHERE `id` = '0545bb1f8b5c6514900a8e67f133b1081a2954c3';
UPDATE `ci_sessions` SET `timestamp` = 1729374859, `data` = '__ci_last_regenerate|i:1729374859;id|s:4:\"2019\";user_id|s:5:\"admin\";username|s:5:\"admin\";sponsor_id|s:1:\"0\";fullname|s:11:\"Alex Carrey\";email|s:15:\"admin@admin.com\";phone|s:10:\"1235467892\";isLogIn|b:1;'
WHERE `id` = 'ea86905918fca351d045ebc8686b1e1bda68befc';
UPDATE `ci_sessions` SET `timestamp` = 1729375696, `data` = '__ci_last_regenerate|i:1729375696;id|s:4:\"2019\";user_id|s:5:\"admin\";username|s:5:\"admin\";sponsor_id|s:1:\"0\";fullname|s:11:\"Alex Carrey\";email|s:15:\"admin@admin.com\";phone|s:10:\"1235467892\";isLogIn|b:1;'
WHERE `id` = 'fd48dafcf6ce003d4e541c4ed59e612b2f6ddbc4';
UPDATE `ci_sessions` SET `timestamp` = 1729375711, `data` = '__ci_last_regenerate|i:1729375711;isLogIn|b:1;isAdmin|b:1;id|s:1:\"1\";fullname|s:11:\"admin admin\";user_level|s:5:\"Admin\";email|s:15:\"admin@admin.com\";image|s:53:\"upload/settings/4a1f1b602322adb837a7a3547ee69cf3.jpeg\";last_login|s:19:\"2024-10-18 01:49:11\";last_logout|s:19:\"2024-10-18 01:51:37\";ip_address|s:14:\"172.69.179.139\";'
WHERE `id` = 'c81c2d79351313ba6c5824a1d91e01a6e7bbbd06';
UPDATE `admin` SET `last_login` = '2024-10-19 20:10:12', `ip_address` = '172.70.83.103'
WHERE `id` = '1';
INSERT INTO `login_history` (`user_id`, `device`, `ip_address`, `date`) VALUES ('admin', 'Mozilla/5.0 (Windows NT 10.0; Win64; x64) AppleWebKit/537.36 (KHTML, like Gecko) Chrome/127.0.0.0 Safari/537.36 OPR/113.0.0.0', '108.162.212.194', '24-10-19 20:15');
UPDATE `user_registration` SET `popup_seen` = 'yes'
WHERE `user_id` = 'admin';
UPDATE `ci_sessions` SET `timestamp` = 1729387472, `data` = '__ci_last_regenerate|i:1729387472;isLogIn|b:1;isAdmin|b:1;id|s:1:\"1\";fullname|s:11:\"admin admin\";user_level|s:5:\"Admin\";email|s:15:\"admin@admin.com\";image|s:53:\"upload/settings/4a1f1b602322adb837a7a3547ee69cf3.jpeg\";last_login|s:19:\"2024-10-19 16:37:35\";last_logout|s:19:\"2024-10-18 01:51:37\";ip_address|s:13:\"172.70.254.30\";'
WHERE `id` = 'dfd2d7bcdc559fc254b2330a5d84efbf35d91678';
UPDATE `ci_sessions` SET `timestamp` = 1729387831, `data` = '__ci_last_regenerate|i:1729387831;isLogIn|b:1;isAdmin|b:1;id|s:1:\"1\";fullname|s:11:\"admin admin\";user_level|s:5:\"Admin\";email|s:15:\"admin@admin.com\";image|s:53:\"upload/settings/4a1f1b602322adb837a7a3547ee69cf3.jpeg\";last_login|s:19:\"2024-10-19 16:37:35\";last_logout|s:19:\"2024-10-18 01:51:37\";ip_address|s:13:\"172.70.254.30\";'
WHERE `id` = 'ac35a061bf3376a035cdc5d8826f0824bf1fd61a';
UPDATE `ci_sessions` SET `timestamp` = 1729388259, `data` = '__ci_last_regenerate|i:1729388259;isLogIn|b:1;isAdmin|b:1;id|s:1:\"1\";fullname|s:11:\"admin admin\";user_level|s:5:\"Admin\";email|s:15:\"admin@admin.com\";image|s:53:\"upload/settings/4a1f1b602322adb837a7a3547ee69cf3.jpeg\";last_login|s:19:\"2024-10-19 16:37:35\";last_logout|s:19:\"2024-10-18 01:51:37\";ip_address|s:13:\"172.70.254.30\";'
WHERE `id` = '02b849495edffd494b78bb7e7375a0d09589b804';
UPDATE `ci_sessions` SET `timestamp` = 1729388652, `data` = '__ci_last_regenerate|i:1729388652;isLogIn|b:1;isAdmin|b:1;id|s:1:\"1\";fullname|s:11:\"admin admin\";user_level|s:5:\"Admin\";email|s:15:\"admin@admin.com\";image|s:53:\"upload/settings/4a1f1b602322adb837a7a3547ee69cf3.jpeg\";last_login|s:19:\"2024-10-19 16:37:35\";last_logout|s:19:\"2024-10-18 01:51:37\";ip_address|s:13:\"172.70.254.30\";'
WHERE `id` = '1f99c00ec29ff31938bd3e3411d581e9a300c68e';
UPDATE `ci_sessions` SET `timestamp` = 1729389783, `data` = '__ci_last_regenerate|i:1729389783;id|s:4:\"2019\";user_id|s:5:\"admin\";username|s:5:\"admin\";sponsor_id|s:1:\"0\";fullname|s:11:\"Alex Carrey\";email|s:15:\"admin@admin.com\";phone|s:10:\"1235467892\";isLogIn|b:1;'
WHERE `id` = '6ebff2852e62cda010ee53d92ac9d6e881870edd';
UPDATE `ci_sessions` SET `timestamp` = 1729389854, `data` = '__ci_last_regenerate|i:1729389854;isLogIn|b:1;isAdmin|b:1;id|s:1:\"1\";fullname|s:11:\"admin admin\";user_level|s:5:\"Admin\";email|s:15:\"admin@admin.com\";image|s:53:\"upload/settings/4a1f1b602322adb837a7a3547ee69cf3.jpeg\";last_login|s:19:\"2024-10-19 16:37:35\";last_logout|s:19:\"2024-10-18 01:51:37\";ip_address|s:13:\"172.70.254.30\";'
WHERE `id` = 'dc147209a6703ebbae76999264ad734c78dbeb90';
UPDATE `ci_sessions` SET `timestamp` = 1729390188, `data` = '__ci_last_regenerate|i:1729390188;isLogIn|b:1;isAdmin|b:1;id|s:1:\"1\";fullname|s:11:\"admin admin\";user_level|s:5:\"Admin\";email|s:15:\"admin@admin.com\";image|s:53:\"upload/settings/4a1f1b602322adb837a7a3547ee69cf3.jpeg\";last_login|s:19:\"2024-10-19 16:37:35\";last_logout|s:19:\"2024-10-18 01:51:37\";ip_address|s:13:\"172.70.254.30\";'
WHERE `id` = '4c81dd89293383b1bc7b05d36687e3464ceb6462';
UPDATE `admin` SET `last_login` = '2024-10-20 02:20:18', `ip_address` = '172.70.218.158'
WHERE `id` = '1';
UPDATE `admin` SET `last_logout` = '2024-10-20 02:21:31'
WHERE `id` IS NULL;
DELETE FROM `ci_sessions`
WHERE `id` = 'cae9ab0578e4c16e15af95907a86f5a708dd0f45';
UPDATE `admin` SET `last_login` = '2024-10-20 02:21:45', `ip_address` = '172.70.218.233'
WHERE `id` = '1';
UPDATE `ci_sessions` SET `timestamp` = 1729409729, `data` = '__ci_last_regenerate|i:1729409729;isLogIn|b:1;isAdmin|b:1;id|s:1:\"1\";fullname|s:11:\"admin admin\";user_level|s:5:\"Admin\";email|s:15:\"admin@admin.com\";image|s:53:\"upload/settings/4a1f1b602322adb837a7a3547ee69cf3.jpeg\";last_login|s:19:\"2024-10-19 20:10:12\";last_logout|s:19:\"2024-10-18 01:51:37\";ip_address|s:13:\"172.70.83.103\";'
WHERE `id` = 'f60bd38b7dee1dd619a30b979c0ca4ce0cda8582';
UPDATE `ci_sessions` SET `timestamp` = 1729409910, `data` = '__ci_last_regenerate|i:1729409910;isLogIn|b:1;isAdmin|b:1;id|s:1:\"1\";fullname|s:11:\"admin admin\";user_level|s:5:\"Admin\";email|s:15:\"admin@admin.com\";image|s:53:\"upload/settings/4a1f1b602322adb837a7a3547ee69cf3.jpeg\";last_login|s:19:\"2024-10-20 02:20:18\";last_logout|s:19:\"2024-10-18 01:51:37\";ip_address|s:14:\"172.70.218.158\";'
WHERE `id` = '0f6440b10d3c372b4391bf20d6168b728bc2dde6';
UPDATE `admin` SET `last_logout` = '2024-10-20 02:38:30'
WHERE `id` = '1';
DELETE FROM `ci_sessions`
WHERE `id` = '02291da1fa20b28a764496966510dedcfad8102b';
INSERT INTO `login_history` (`user_id`, `device`, `ip_address`, `date`) VALUES ('admin', 'Mozilla/5.0 (Macintosh; Intel Mac OS X 10_15_7) AppleWebKit/605.1.15 (KHTML, like Gecko) Version/17.2 Safari/605.1.15', '172.70.219.12', '24-10-20 02:38');
UPDATE `user_registration` SET `popup_seen` = 'yes'
WHERE `user_id` = 'admin';
UPDATE `ci_sessions` SET `timestamp` = 1729410354, `data` = '__ci_last_regenerate|i:1729410354;id|s:4:\"2019\";user_id|s:5:\"admin\";username|s:5:\"admin\";sponsor_id|s:1:\"0\";fullname|s:11:\"Alex Carrey\";email|s:15:\"admin@admin.com\";phone|s:10:\"1235467892\";isLogIn|b:1;'
WHERE `id` = '805895e3622b3984d8f95a4a722514589376b28d';
UPDATE `ci_sessions` SET `timestamp` = 1729414650, `data` = '__ci_last_regenerate|i:1729414650;isLogIn|b:1;isAdmin|b:1;id|s:1:\"1\";fullname|s:11:\"admin admin\";user_level|s:5:\"Admin\";email|s:15:\"admin@admin.com\";image|s:53:\"upload/settings/4a1f1b602322adb837a7a3547ee69cf3.jpeg\";last_login|s:19:\"2024-10-19 20:10:12\";last_logout|s:19:\"2024-10-18 01:51:37\";ip_address|s:13:\"172.70.83.103\";'
WHERE `id` = '2bf03c3ef14b6c8697000dbee35f956c412c3b2d';
UPDATE `ci_sessions` SET `timestamp` = 1729414737, `data` = '__ci_last_regenerate|i:1729414737;id|s:4:\"2019\";user_id|s:5:\"admin\";username|s:5:\"admin\";sponsor_id|s:1:\"0\";fullname|s:11:\"Alex Carrey\";email|s:15:\"admin@admin.com\";phone|s:10:\"1235467892\";isLogIn|b:1;'
WHERE `id` = '38f8fddeb2b7660d9344ff3f3c8a3ab40ef17ffa';
UPDATE `admin` SET `last_logout` = '2024-10-20 03:59:11'
WHERE `id` = '2019';
DELETE FROM `ci_sessions`
WHERE `id` = '00b8446d4cd602531a44c68de5edc397a98917ed';
UPDATE `admin` SET `last_login` = '2024-10-20 06:45:26', `ip_address` = '162.158.54.50'
WHERE `id` = '1';
INSERT INTO `reward` (`reward_id`, `reward_name`, `reward_amount`, `reward_value`, `reward_points`, `reward_details`, `phone`, `address`, `category`, `status`, `date`, `reward_image`) VALUES ('', '200HH`', '250', '12', '250', '<p>ffffffffffffffffffffffffffffffffffffffffffffffffffffffffffffffffff</p>\r\n', 'N/A', 'N/A', 'travel', 1, '2024-10-20 06:46:35', 'upload/reward_image/8c3cad3bd65dfc807fc725c2ef1d6903.jpg');
INSERT INTO `reward_country` (`reward_id`, `country`, `state`, `image`) VALUES (9, '2', '33', 'upload/reward_image/e78cb03c0e194a4334b699ee73e08a7c.jpg');
UPDATE `admin` SET `last_logout` = '2024-10-20 09:10:14'
WHERE `id` IS NULL;
DELETE FROM `ci_sessions`
WHERE `id` = '80f31b58e6176d7ef6f1afba588031412367b484';
UPDATE `admin` SET `last_login` = '2024-10-20 09:10:25', `ip_address` = '172.70.218.158'
WHERE `id` = '1';
INSERT INTO `reward` (`reward_id`, `reward_name`, `reward_amount`, `reward_value`, `reward_points`, `reward_details`, `phone`, `address`, `category`, `status`, `date`, `reward_image`) VALUES ('', 'Testing', '100', '50', '200', '<h2>What is Lorem Ipsum?</h2>\r\n\r\n<p><strong>Lorem Ipsum</strong>&nbsp;is simply dummy text of the printing and typesetting industry. Lorem Ipsum has been the industry&#39;s standard dummy text ever since the 1500s</p>\r\n', 'N/A', 'N/A', 'travel', 1, '2024-10-20 09:12:15', 'upload/reward_image/2dc9aa65e4819db5a5879e42031d5939.jpg');
INSERT INTO `reward_country` (`reward_id`, `country`, `state`, `image`) VALUES (1, '99', '1479', 'upload/reward_image/054fa005b655b6df150fbc9e2d80e1ce.jpg');
INSERT INTO `reward_country` (`reward_id`, `country`, `state`, `image`) VALUES (1, '99', '1476', 'upload/reward_image/aecf430abaa9fc86385582ef0b7e27b4.jpg');
INSERT INTO `reward_country` (`reward_id`, `country`, `state`, `image`) VALUES (1, '99', '1483', 'upload/reward_image/fdd805ad9a933b94cb1f6918a7a81cd7.jpg');
INSERT INTO `reward_country` (`reward_id`, `country`, `state`, `image`) VALUES (1, '223', '3617', 'upload/reward_image/60014f83a3b1e06b24355fc07dbdb403.jpg');
INSERT INTO `reward` (`reward_id`, `reward_name`, `reward_amount`, `reward_value`, `reward_points`, `reward_details`, `phone`, `address`, `category`, `status`, `date`, `reward_image`) VALUES ('', 'testing2', '200', '40', '60', '<h2>What is Lorem Ipsum?</h2>\r\n\r\n<p><strong>Lorem Ipsum</strong>&nbsp;is simply dummy text of the printing and typesetting industry. Lorem Ipsum has been the industry&#39;s standard dummy text ever since the 1500s</p>\r\n', '12099238232', 'asasas', 'service', 1, '2024-10-20 09:13:38', 'upload/reward_image/8af34fc8e0d4febca7a2d483b7c5b11a.jpg');
INSERT INTO `benefits_package` (`package_id`, `package_title`, `description`, `category`, `link`, `phone`, `address`, `cost`, `pack_image`) VALUES ('', 'testing1', '<h2>What is Lorem Ipsum?</h2>\r\n\r\n<p><strong>Lorem Ipsum</strong>&nbsp;is simply dummy text of the printing and typesetting industry. Lorem Ipsum has been the industry&#39;s standard dummy text ever since the 1500s</p>\r\n', 'platform', 'zzzzzzz', 'N/A', 'N/A', '', 'upload/benefits_pack_image/e348bbe69d30887e464caddede636213.jpg');
UPDATE `ci_sessions` SET `timestamp` = 1729433776, `data` = '__ci_last_regenerate|i:1729433776;isLogIn|b:1;isAdmin|b:1;id|s:1:\"1\";fullname|s:11:\"admin admin\";user_level|s:5:\"Admin\";email|s:15:\"admin@admin.com\";image|s:53:\"upload/settings/4a1f1b602322adb837a7a3547ee69cf3.jpeg\";last_login|s:19:\"2024-10-20 06:45:26\";last_logout|s:19:\"2024-10-20 02:38:30\";ip_address|s:13:\"162.158.54.50\";'
WHERE `id` = '709d596d38233214f78c31fc160d20aa910c3481';
INSERT INTO `benefits_package` (`package_id`, `package_title`, `description`, `category`, `link`, `phone`, `address`, `cost`, `pack_image`) VALUES ('', 'travelwelcome', '<h2>What is Lorem Ipsum?</h2>\r\n\r\n<p><strong>Lorem Ipsum</strong>&nbsp;is simply dummy text of the printing and typesetting industry. Lorem Ipsum has been the industry&#39;s standard dummy text ever since the 1500s,</p>\r\n', 'travel', 'N/A', 'N/A', 'N/A', '300', 'upload/benefits_pack_image/b70a49cd4c9622a168f6821a05bf70ba.jpg');
INSERT INTO `welcome_benefits_country` (`package_id`, `country`, `state`, `image`) VALUES (2, '99', '1478', 'upload/benefits_pack_image/db47e7f95e489d5afc2ff77b458077b3.jpg');
INSERT INTO `welcome_benefits_country` (`package_id`, `country`, `state`, `image`) VALUES (2, '99', '1479', 'upload/benefits_pack_image/7a64f3cb50adf55ad00f2632e6118363.jpg');
INSERT INTO `welcome_benefits_country` (`package_id`, `country`, `state`, `image`) VALUES (2, '223', '3616', 'upload/benefits_pack_image/ce46e39f81a1352adb50256609fcd951.jpg');
INSERT INTO `membership_benefits` (`package_id`, `title`, `cost`, `value`, `points`, `details`, `phone`, `address`, `category`, `status`, `date`, `image`) VALUES ('', 'testing3', '90', '12', '60', '<h2>What is Lorem Ipsum?</h2>\r\n\r\n<p><strong>Lorem Ipsum</strong>&nbsp;is simply dummy text of the printing and typesetting industry. Lorem Ipsum has been the industry&#39;s standard dummy text ever since the 1500s,</p>\r\n', 'N/A', 'N/A', 'travel', 1, '2024-10-20 09:17:19', 'upload/benefits_pack_image/fc7a9f47ecf8cd90d8d39fbe59df6afb.jpg');
INSERT INTO `memb_benefits_pack_country` (`package_id`, `country`, `state`, `image`) VALUES (1, '4', '117', 'upload/benefits_pack_image/66d02f6999c91c5e212992182d565180.jpg');
INSERT INTO `top_member_rewards` (`package_id`, `title`, `cost`, `value`, `points`, `details`, `phone`, `address`, `category`, `status`, `date`, `image`) VALUES ('', 'testing', '50', '20', '90', '<h2>What is Lorem Ipsum?</h2>\r\n\r\n<p><strong>Lorem Ipsum</strong>&nbsp;is simply dummy text of the printing and typesetting industry. Lorem Ipsum has been the industry&#39;s standard dummy text ever since the 1500s,</p>\r\n', '2432332323', 'asasq', 'service', 1, '2024-10-20 09:17:47', 'upload/benefits_pack_image/92592cb01009b905d90572140308ba8e.jpg');
INSERT INTO `login_history` (`user_id`, `device`, `ip_address`, `date`) VALUES ('admin', 'Mozilla/5.0 (Macintosh; Intel Mac OS X 10_15_7) AppleWebKit/605.1.15 (KHTML, like Gecko) Version/17.2 Safari/605.1.15', '172.71.198.129', '24-10-20 09:18');
UPDATE `user_registration` SET `popup_seen` = 'yes'
WHERE `user_id` = 'admin';
INSERT INTO `reward_purchase_history` (`user_id`, `reward_id`, `amount`, `reward_value`, `reward_points`, `available_points`, `conversion_point_rate`, `payment_option`, `reward_name`, `country`, `state`, `date`, `type`) VALUES ('admin', '1', '100', '50', '200', '240', '1', 'free', 'Testing', '99', '1483', '2024-10-20 09:19:30', 'reward_claim');
INSERT INTO `reward_purchase_history` (`user_id`, `reward_id`, `amount`, `reward_value`, `reward_points`, `available_points`, `conversion_point_rate`, `payment_option`, `reward_name`, `country`, `state`, `date`, `type`) VALUES ('admin', '1', '100', '50', '200', '240', '1', 'free', 'Testing', '223', '3617', '2024-10-20 09:19:51', 'reward_claim');
UPDATE `ci_sessions` SET `timestamp` = 1729434209, `data` = '__ci_last_regenerate|i:1729434209;id|s:4:\"2019\";user_id|s:5:\"admin\";username|s:5:\"admin\";sponsor_id|s:1:\"0\";fullname|s:11:\"Alex Carrey\";email|s:15:\"admin@admin.com\";phone|s:10:\"1235467892\";isLogIn|b:1;'
WHERE `id` = 'f744ca823dce0f541fcbdc59dfd204c72e357577';
UPDATE `user_registration` SET `popup_seen` = 'yes'
WHERE `user_id` = 'admin';
UPDATE `user_registration` SET `popup_seen` = 'yes'
WHERE `user_id` = 'admin';
UPDATE `ci_sessions` SET `timestamp` = 1729434289, `data` = '__ci_last_regenerate|i:1729434289;isLogIn|b:1;isAdmin|b:1;id|s:1:\"1\";fullname|s:11:\"admin admin\";user_level|s:5:\"Admin\";email|s:15:\"admin@admin.com\";image|s:53:\"upload/settings/4a1f1b602322adb837a7a3547ee69cf3.jpeg\";last_login|s:19:\"2024-10-20 06:45:26\";last_logout|s:19:\"2024-10-20 02:38:30\";ip_address|s:13:\"162.158.54.50\";message|s:18:\"Save Successfully!\";__ci_vars|a:1:{s:7:\"message\";s:3:\"old\";}'
WHERE `id` = '82d546dd44d48104baddeef5111ea908d2860494';
UPDATE `ci_sessions` SET `timestamp` = 1729464745, `data` = '__ci_last_regenerate|i:1729464745;captcha|s:4:\"ltlz\";'
WHERE `id` = 'e5c38444f30a0f7102515b026817596cd40a6779';
INSERT INTO `login_history` (`user_id`, `device`, `ip_address`, `date`) VALUES ('admin', 'Mozilla/5.0 (Windows NT 10.0; Win64; x64) AppleWebKit/537.36 (KHTML, like Gecko) Chrome/127.0.0.0 Safari/537.36 OPR/113.0.0.0', '172.70.55.168', '24-10-20 17:52');
UPDATE `user_registration` SET `popup_seen` = 'yes'
WHERE `user_id` = 'admin';
UPDATE `ci_sessions` SET `timestamp` = 1729465396, `data` = '__ci_last_regenerate|i:1729465396;id|s:4:\"2019\";user_id|s:5:\"admin\";username|s:5:\"admin\";sponsor_id|s:1:\"0\";fullname|s:11:\"Alex Carrey\";email|s:15:\"admin@admin.com\";phone|s:10:\"1235467892\";isLogIn|b:1;message|s:19:\"Welcome Alex Carrey\";__ci_vars|a:1:{s:7:\"message\";s:3:\"old\";}'
WHERE `id` = '5216c9c2c4e5e7b9d9d615cb88126bfda551640b';
UPDATE `admin` SET `last_login` = '2024-10-20 18:04:24', `ip_address` = '172.70.255.20'
WHERE `id` = '1';
UPDATE `ci_sessions` SET `timestamp` = 1729465828, `data` = '__ci_last_regenerate|i:1729465828;id|s:4:\"2019\";user_id|s:5:\"admin\";username|s:5:\"admin\";sponsor_id|s:1:\"0\";fullname|s:11:\"Alex Carrey\";email|s:15:\"admin@admin.com\";phone|s:10:\"1235467892\";isLogIn|b:1;'
WHERE `id` = '1c658a3502fb0dcadcf8b12f7dd16b4cfe75121a';
UPDATE `ci_sessions` SET `timestamp` = 1729465960, `data` = '__ci_last_regenerate|i:1729465960;isLogIn|b:1;isAdmin|b:1;id|s:1:\"1\";fullname|s:11:\"admin admin\";user_level|s:5:\"Admin\";email|s:15:\"admin@admin.com\";image|s:53:\"upload/settings/4a1f1b602322adb837a7a3547ee69cf3.jpeg\";last_login|s:19:\"2024-10-20 09:10:25\";last_logout|s:19:\"2024-10-20 02:38:30\";ip_address|s:14:\"172.70.218.158\";'
WHERE `id` = '50f804997c9de4ffc2ff7850f34f8d04155db318';
UPDATE `ci_sessions` SET `timestamp` = 1729466615, `data` = '__ci_last_regenerate|i:1729466615;isLogIn|b:1;isAdmin|b:1;id|s:1:\"1\";fullname|s:11:\"admin admin\";user_level|s:5:\"Admin\";email|s:15:\"admin@admin.com\";image|s:53:\"upload/settings/4a1f1b602322adb837a7a3547ee69cf3.jpeg\";last_login|s:19:\"2024-10-20 09:10:25\";last_logout|s:19:\"2024-10-20 02:38:30\";ip_address|s:14:\"172.70.218.158\";'
WHERE `id` = '1f90d66d9beb12166aabfa7014fe45407245f74c';
UPDATE `ci_sessions` SET `timestamp` = 1729466955, `data` = '__ci_last_regenerate|i:1729466955;isLogIn|b:1;isAdmin|b:1;id|s:1:\"1\";fullname|s:11:\"admin admin\";user_level|s:5:\"Admin\";email|s:15:\"admin@admin.com\";image|s:53:\"upload/settings/4a1f1b602322adb837a7a3547ee69cf3.jpeg\";last_login|s:19:\"2024-10-20 09:10:25\";last_logout|s:19:\"2024-10-20 02:38:30\";ip_address|s:14:\"172.70.218.158\";'
WHERE `id` = '78c93212fbd159cbfd03db1f6da23ea18dad3629';
UPDATE `ci_sessions` SET `timestamp` = 1729467615, `data` = '__ci_last_regenerate|i:1729467615;isLogIn|b:1;isAdmin|b:1;id|s:1:\"1\";fullname|s:11:\"admin admin\";user_level|s:5:\"Admin\";email|s:15:\"admin@admin.com\";image|s:53:\"upload/settings/4a1f1b602322adb837a7a3547ee69cf3.jpeg\";last_login|s:19:\"2024-10-20 09:10:25\";last_logout|s:19:\"2024-10-20 02:38:30\";ip_address|s:14:\"172.70.218.158\";'
WHERE `id` = '70cb4eebb63711ae2d9d7caabc4c231cd83d37c4';
UPDATE `ci_sessions` SET `timestamp` = 1729468551, `data` = '__ci_last_regenerate|i:1729468551;isLogIn|b:1;isAdmin|b:1;id|s:1:\"1\";fullname|s:11:\"admin admin\";user_level|s:5:\"Admin\";email|s:15:\"admin@admin.com\";image|s:53:\"upload/settings/4a1f1b602322adb837a7a3547ee69cf3.jpeg\";last_login|s:19:\"2024-10-20 09:10:25\";last_logout|s:19:\"2024-10-20 02:38:30\";ip_address|s:14:\"172.70.218.158\";'
WHERE `id` = 'd6836a7ca354a36002c12954893c87974af1be4a';
INSERT INTO `reward` (`reward_id`, `reward_name`, `reward_amount`, `reward_value`, `reward_points`, `reward_details`, `phone`, `address`, `category`, `status`, `date`, `reward_image`) VALUES ('', 'Explore the Heart of the Netherlands', '30', '600', '90', '<p>Experience the charm of Amsterdam with its historic canals, world-class museums, and vibrant culture. From iconic landmarks like the Anne Frank House to scenic bike rides through the city, this getaway offers a perfect blend of history, art, and relaxation.</p>\r\n\r\n<p><strong>4 days&nbsp; /&nbsp; 3 nights&nbsp; &nbsp; &nbsp;2 adutls</strong></p>\r\n\r\n<p><strong>Value: $600&nbsp; &nbsp; &nbsp;Cost: $30&nbsp; &nbsp; &nbsp;85% OFF</strong>&nbsp; &nbsp;&nbsp;</p>\r\n', 'N/A', 'N/A', 'travel', 1, '2024-10-20 18:55:51', 'upload/reward_image/319a1bb377346e161607dfc94060b05c.png');
INSERT INTO `reward_country` (`reward_id`, `country`, `state`, `image`) VALUES (3, '150', '2330', 'upload/reward_image/547c9e5e872671442731e21f955eec2b.png');
UPDATE `ci_sessions` SET `timestamp` = 1729468559, `data` = '__ci_last_regenerate|i:1729468559;id|s:4:\"2019\";user_id|s:5:\"admin\";username|s:5:\"admin\";sponsor_id|s:1:\"0\";fullname|s:11:\"Alex Carrey\";email|s:15:\"admin@admin.com\";phone|s:10:\"1235467892\";isLogIn|b:1;'
WHERE `id` = '11a7d416a0c78eaaaa9691e9246967115072f7f9';
UPDATE `ci_sessions` SET `timestamp` = 1729468896, `data` = '__ci_last_regenerate|i:1729468896;id|s:4:\"2019\";user_id|s:5:\"admin\";username|s:5:\"admin\";sponsor_id|s:1:\"0\";fullname|s:11:\"Alex Carrey\";email|s:15:\"admin@admin.com\";phone|s:10:\"1235467892\";isLogIn|b:1;'
WHERE `id` = 'b585f7fc705df0130ab942175c9c4162d84816f6';
UPDATE `user_registration` SET `popup_seen` = 'yes'
WHERE `user_id` = 'admin';
UPDATE `user_registration` SET `popup_seen` = 'yes'
WHERE `user_id` = 'admin';
UPDATE `ci_sessions` SET `timestamp` = 1729469693, `data` = '__ci_last_regenerate|i:1729469693;isLogIn|b:1;isAdmin|b:1;id|s:1:\"1\";fullname|s:11:\"admin admin\";user_level|s:5:\"Admin\";email|s:15:\"admin@admin.com\";image|s:53:\"upload/settings/4a1f1b602322adb837a7a3547ee69cf3.jpeg\";last_login|s:19:\"2024-10-20 09:10:25\";last_logout|s:19:\"2024-10-20 02:38:30\";ip_address|s:14:\"172.70.218.158\";'
WHERE `id` = '0c878bbf5d6ed263a746a4da2a82f3c63427c3a4';
UPDATE `ci_sessions` SET `timestamp` = 1729470024, `data` = '__ci_last_regenerate|i:1729470024;id|s:4:\"2019\";user_id|s:5:\"admin\";username|s:5:\"admin\";sponsor_id|s:1:\"0\";fullname|s:11:\"Alex Carrey\";email|s:15:\"admin@admin.com\";phone|s:10:\"1235467892\";isLogIn|b:1;'
WHERE `id` = '98b8922656839d6e04183255ae949b8b9c3e4b82';
UPDATE `ci_sessions` SET `timestamp` = 1729470492, `data` = '__ci_last_regenerate|i:1729470492;id|s:4:\"2019\";user_id|s:5:\"admin\";username|s:5:\"admin\";sponsor_id|s:1:\"0\";fullname|s:11:\"Alex Carrey\";email|s:15:\"admin@admin.com\";phone|s:10:\"1235467892\";isLogIn|b:1;'
WHERE `id` = 'e113aca363b6df957232276967be9f44811cd763';
UPDATE `ci_sessions` SET `timestamp` = 1729470665, `data` = '__ci_last_regenerate|i:1729470665;isLogIn|b:1;isAdmin|b:1;id|s:1:\"1\";fullname|s:11:\"admin admin\";user_level|s:5:\"Admin\";email|s:15:\"admin@admin.com\";image|s:53:\"upload/settings/4a1f1b602322adb837a7a3547ee69cf3.jpeg\";last_login|s:19:\"2024-10-20 09:10:25\";last_logout|s:19:\"2024-10-20 02:38:30\";ip_address|s:14:\"172.70.218.158\";'
WHERE `id` = 'd58e2c5111456623eac81b4c24cd7d79bc303458';
DELETE FROM `benefits_package`
WHERE `package_id` = '1';
UPDATE `ci_sessions` SET `timestamp` = 1729470880, `data` = '__ci_last_regenerate|i:1729470880;id|s:4:\"2019\";user_id|s:5:\"admin\";username|s:5:\"admin\";sponsor_id|s:1:\"0\";fullname|s:11:\"Alex Carrey\";email|s:15:\"admin@admin.com\";phone|s:10:\"1235467892\";isLogIn|b:1;'
WHERE `id` = '59bba12cf8a1d6fbc3be13353f2335cffd75122f';
UPDATE `ci_sessions` SET `timestamp` = 1729470970, `data` = '__ci_last_regenerate|i:1729470970;isLogIn|b:1;isAdmin|b:1;id|s:1:\"1\";fullname|s:11:\"admin admin\";user_level|s:5:\"Admin\";email|s:15:\"admin@admin.com\";image|s:53:\"upload/settings/4a1f1b602322adb837a7a3547ee69cf3.jpeg\";last_login|s:19:\"2024-10-20 09:10:25\";last_logout|s:19:\"2024-10-20 02:38:30\";ip_address|s:14:\"172.70.218.158\";'
WHERE `id` = '659ca1c15ed08532b3f399f9191a16dd62cea6c8';
INSERT INTO `benefits_package` (`package_id`, `package_title`, `description`, `category`, `link`, `phone`, `address`, `cost`, `pack_image`) VALUES ('', 'Travel Discounts', '<p>This is a description</p>\r\n', 'platform', 'https://www.google.com/travel/flights?gl=US&hl=en-US', 'N/A', 'N/A', '', 'upload/benefits_pack_image/c07948a64a01e0d8d218ddaee93ab9d2.jpg');
UPDATE `ci_sessions` SET `timestamp` = 1729472203, `data` = '__ci_last_regenerate|i:1729472203;isLogIn|b:1;isAdmin|b:1;id|s:1:\"1\";fullname|s:11:\"admin admin\";user_level|s:5:\"Admin\";email|s:15:\"admin@admin.com\";image|s:53:\"upload/settings/4a1f1b602322adb837a7a3547ee69cf3.jpeg\";last_login|s:19:\"2024-10-20 09:10:25\";last_logout|s:19:\"2024-10-20 02:38:30\";ip_address|s:14:\"172.70.218.158\";'
WHERE `id` = 'afa54f433cba095c38c1391a0590da2816e42010';
UPDATE `ci_sessions` SET `timestamp` = 1729472692, `data` = '__ci_last_regenerate|i:1729472692;id|s:4:\"2019\";user_id|s:5:\"admin\";username|s:5:\"admin\";sponsor_id|s:1:\"0\";fullname|s:11:\"Alex Carrey\";email|s:15:\"admin@admin.com\";phone|s:10:\"1235467892\";isLogIn|b:1;'
WHERE `id` = 'd4726c34bf840a2953e9f7cd2dd04429d84026ff';
UPDATE `ci_sessions` SET `timestamp` = 1729473016, `data` = '__ci_last_regenerate|i:1729473016;isLogIn|b:1;isAdmin|b:1;id|s:1:\"1\";fullname|s:11:\"admin admin\";user_level|s:5:\"Admin\";email|s:15:\"admin@admin.com\";image|s:53:\"upload/settings/4a1f1b602322adb837a7a3547ee69cf3.jpeg\";last_login|s:19:\"2024-10-20 09:10:25\";last_logout|s:19:\"2024-10-20 02:38:30\";ip_address|s:14:\"172.70.218.158\";'
WHERE `id` = '6dc22c7e1a5b95d694d06f154400550811950727';
INSERT INTO `product` (`product_id`, `product_name`, `product_amount`, `product_value`, `product_discount`, `product_point`, `product_details`, `status`, `date`, `product_image`) VALUES ('', 'Service 2024', '50', '100', '50', '20', '<p>The title of the reward was an emblem of the<br />\r\ncountless hours of dedication, perseverance, and passion that culminated in this moment.</p>\r\n\r\n<p><strong>One 50-Minute Massage or Facial Package</strong></p>\r\n\r\n<p><strong>Value: $160 &nbsp; &nbsp; Cost: $80 &nbsp; &nbsp; 85% OFF</strong><br />\r\n&nbsp;</p>\r\n\r\n<p>&nbsp;</p>\r\n', 1, '2024-10-20 20:13:39', 'upload/product_image/62c0c52b90983f2f6de24bdc830d503c.jpg');
UPDATE `ci_sessions` SET `timestamp` = 1729473226, `data` = '__ci_last_regenerate|i:1729473226;id|s:4:\"2019\";user_id|s:5:\"admin\";username|s:5:\"admin\";sponsor_id|s:1:\"0\";fullname|s:11:\"Alex Carrey\";email|s:15:\"admin@admin.com\";phone|s:10:\"1235467892\";isLogIn|b:1;'
WHERE `id` = 'a0c318f534d7ba170bf6e759a1e0e5c1e7f7b39c';
UPDATE `ci_sessions` SET `timestamp` = 1729473383, `data` = '__ci_last_regenerate|i:1729473383;isLogIn|b:1;isAdmin|b:1;id|s:1:\"1\";fullname|s:11:\"admin admin\";user_level|s:5:\"Admin\";email|s:15:\"admin@admin.com\";image|s:53:\"upload/settings/4a1f1b602322adb837a7a3547ee69cf3.jpeg\";last_login|s:19:\"2024-10-20 09:10:25\";last_logout|s:19:\"2024-10-20 02:38:30\";ip_address|s:14:\"172.70.218.158\";message|s:18:\"Save Successfully!\";__ci_vars|a:1:{s:7:\"message\";s:3:\"old\";}'
WHERE `id` = '3a6fa10273984f600a4b3000cddce4800821fc8d';
UPDATE `ci_sessions` SET `timestamp` = 1729474295, `data` = '__ci_last_regenerate|i:1729474295;id|s:4:\"2019\";user_id|s:5:\"admin\";username|s:5:\"admin\";sponsor_id|s:1:\"0\";fullname|s:11:\"Alex Carrey\";email|s:15:\"admin@admin.com\";phone|s:10:\"1235467892\";isLogIn|b:1;'
WHERE `id` = 'e7bdc498995edacc34f7a706654014e0adde7f44';
UPDATE `ci_sessions` SET `timestamp` = 1729474672, `data` = '__ci_last_regenerate|i:1729474672;id|s:4:\"2019\";user_id|s:5:\"admin\";username|s:5:\"admin\";sponsor_id|s:1:\"0\";fullname|s:11:\"Alex Carrey\";email|s:15:\"admin@admin.com\";phone|s:10:\"1235467892\";isLogIn|b:1;'
WHERE `id` = 'b05817bff8c284ec37ea1ec9294d5b4c9a1016dc';
UPDATE `ci_sessions` SET `timestamp` = 1729476107, `data` = '__ci_last_regenerate|i:1729476107;id|s:4:\"2019\";user_id|s:5:\"admin\";username|s:5:\"admin\";sponsor_id|s:1:\"0\";fullname|s:11:\"Alex Carrey\";email|s:15:\"admin@admin.com\";phone|s:10:\"1235467892\";isLogIn|b:1;'
WHERE `id` = '830cbdc47f37d514610c3a2063b5db8054317860';
UPDATE `user_registration` SET `popup_seen` = 'yes'
WHERE `user_id` = 'admin';
UPDATE `ci_sessions` SET `timestamp` = 1729476198, `data` = '__ci_last_regenerate|i:1729476198;isLogIn|b:1;isAdmin|b:1;id|s:1:\"1\";fullname|s:11:\"admin admin\";user_level|s:5:\"Admin\";email|s:15:\"admin@admin.com\";image|s:53:\"upload/settings/4a1f1b602322adb837a7a3547ee69cf3.jpeg\";last_login|s:19:\"2024-10-20 09:10:25\";last_logout|s:19:\"2024-10-20 02:38:30\";ip_address|s:14:\"172.70.218.158\";'
WHERE `id` = '44b501556bda8a2309fc3a1dbaefb4a9c58e56f8';
UPDATE `ci_sessions` SET `timestamp` = 1729476537, `data` = '__ci_last_regenerate|i:1729476537;isLogIn|b:1;isAdmin|b:1;id|s:1:\"1\";fullname|s:11:\"admin admin\";user_level|s:5:\"Admin\";email|s:15:\"admin@admin.com\";image|s:53:\"upload/settings/4a1f1b602322adb837a7a3547ee69cf3.jpeg\";last_login|s:19:\"2024-10-20 09:10:25\";last_logout|s:19:\"2024-10-20 02:38:30\";ip_address|s:14:\"172.70.218.158\";'
WHERE `id` = '7dd8f9b9e9423777626ddf79b6edacfa154a445d';
UPDATE `admin` SET `last_logout` = '2024-10-20 23:18:02'
WHERE `id` IS NULL;
DELETE FROM `ci_sessions`
WHERE `id` = '5bba1cc50b299d3d0785d141b2d8180355b31504';
INSERT INTO `login_history` (`user_id`, `device`, `ip_address`, `date`) VALUES ('admin', 'Mozilla/5.0 (Windows NT 10.0; Win64; x64; rv:131.0) Gecko/20100101 Firefox/131.0', '162.158.54.70', '24-10-20 23:39');
UPDATE `user_registration` SET `popup_seen` = 'yes'
WHERE `user_id` = 'admin';
UPDATE `ci_sessions` SET `timestamp` = 1729486011, `data` = '__ci_last_regenerate|i:1729486011;captcha|s:4:\"yql9\";'
WHERE `id` = '1f81ce4a2b15ce4b7070ff933536bee99ffa01e1';
UPDATE `admin` SET `last_login` = '2024-10-20 23:46:59', `ip_address` = '172.69.178.49'
WHERE `id` = '1';
UPDATE `ci_sessions` SET `timestamp` = 1729486195, `data` = '__ci_last_regenerate|i:1729486195;captcha|s:4:\"hed2\";'
WHERE `id` = 'bf984d9dd9af2e862d9e55490e355f99c2ef9b71';
INSERT INTO `login_history` (`user_id`, `device`, `ip_address`, `date`) VALUES ('admin', 'Mozilla/5.0 (Macintosh; Intel Mac OS X 10_15_7) AppleWebKit/605.1.15 (KHTML, like Gecko) Version/17.2 Safari/605.1.15', '172.69.87.90', '24-10-20 23:49');
UPDATE `user_registration` SET `popup_seen` = 'yes'
WHERE `user_id` = 'admin';
UPDATE `ci_sessions` SET `timestamp` = 1729486782, `data` = '__ci_last_regenerate|i:1729486782;isLogIn|b:1;isAdmin|b:1;id|s:1:\"1\";fullname|s:11:\"admin admin\";user_level|s:5:\"Admin\";email|s:15:\"admin@admin.com\";image|s:53:\"upload/settings/4a1f1b602322adb837a7a3547ee69cf3.jpeg\";last_login|s:19:\"2024-10-20 18:04:24\";last_logout|s:19:\"2024-10-20 02:38:30\";ip_address|s:13:\"172.70.255.20\";'
WHERE `id` = 'f042d555c8fa6900106e0bbe55811c4638acfe70';
UPDATE `ci_sessions` SET `timestamp` = 1729487494, `data` = '__ci_last_regenerate|i:1729487494;isLogIn|b:1;isAdmin|b:1;id|s:1:\"1\";fullname|s:11:\"admin admin\";user_level|s:5:\"Admin\";email|s:15:\"admin@admin.com\";image|s:53:\"upload/settings/4a1f1b602322adb837a7a3547ee69cf3.jpeg\";last_login|s:19:\"2024-10-20 18:04:24\";last_logout|s:19:\"2024-10-20 02:38:30\";ip_address|s:13:\"172.70.255.20\";'
WHERE `id` = 'a5c8fd9e76e4a18e3178891b064f3f82a34b2586';
UPDATE `ci_sessions` SET `timestamp` = 1729487748, `data` = '__ci_last_regenerate|i:1729487748;id|s:4:\"2019\";user_id|s:5:\"admin\";username|s:5:\"admin\";sponsor_id|s:1:\"0\";fullname|s:11:\"Alex Carrey\";email|s:15:\"admin@admin.com\";phone|s:10:\"1235467892\";isLogIn|b:1;'
WHERE `id` = 'baae41b996cb43fa439a761108c467574944cc8c';
UPDATE `ci_sessions` SET `timestamp` = 1729488107, `data` = '__ci_last_regenerate|i:1729488107;id|s:4:\"2019\";user_id|s:5:\"admin\";username|s:5:\"admin\";sponsor_id|s:1:\"0\";fullname|s:11:\"Alex Carrey\";email|s:15:\"admin@admin.com\";phone|s:10:\"1235467892\";isLogIn|b:1;'
WHERE `id` = '29d4f10c41d15d14e0cd2e9c6f232bffd35a626b';
UPDATE `ci_sessions` SET `timestamp` = 1729491402, `data` = '__ci_last_regenerate|i:1729491402;isLogIn|b:1;isAdmin|b:1;id|s:1:\"1\";fullname|s:11:\"admin admin\";user_level|s:5:\"Admin\";email|s:15:\"admin@admin.com\";image|s:53:\"upload/settings/4a1f1b602322adb837a7a3547ee69cf3.jpeg\";last_login|s:19:\"2024-10-20 18:04:24\";last_logout|s:19:\"2024-10-20 02:38:30\";ip_address|s:13:\"172.70.255.20\";'
WHERE `id` = '368405e8e4499fb30553065e90a6e2f6758db0a7';
INSERT INTO `login_history` (`user_id`, `device`, `ip_address`, `date`) VALUES ('admin', 'Mozilla/5.0 (Windows NT 10.0; Win64; x64) AppleWebKit/537.36 (KHTML, like Gecko) Chrome/127.0.0.0 Safari/537.36 OPR/113.0.0.0', '108.162.212.136', '24-10-21 01:51');
UPDATE `user_registration` SET `popup_seen` = 'yes'
WHERE `user_id` = 'admin';
UPDATE `ci_sessions` SET `timestamp` = 1729494398, `data` = '__ci_last_regenerate|i:1729494398;id|s:4:\"2019\";user_id|s:5:\"admin\";username|s:5:\"admin\";sponsor_id|s:1:\"0\";fullname|s:11:\"Alex Carrey\";email|s:15:\"admin@admin.com\";phone|s:10:\"1235467892\";isLogIn|b:1;'
WHERE `id` = '6aa8f06ee9efdd65ede7688d6cbdb5a514d7bc89';
UPDATE `ci_sessions` SET `timestamp` = 1729494812, `data` = '__ci_last_regenerate|i:1729494812;id|s:4:\"2019\";user_id|s:5:\"admin\";username|s:5:\"admin\";sponsor_id|s:1:\"0\";fullname|s:11:\"Alex Carrey\";email|s:15:\"admin@admin.com\";phone|s:10:\"1235467892\";isLogIn|b:1;'
WHERE `id` = 'a2a49ca5aac39e38397ed4b1f935cbf035349731';
UPDATE `admin` SET `last_login` = '2024-10-21 02:21:36', `ip_address` = '172.69.94.26'
WHERE `id` = '1';
UPDATE `setting` SET `setting_id` = 1, `reg_fee` = NULL, `month_fee` = NULL, `conversion_points` = '1', `global_pool_bonus` = '1000', `welcome_pack_title` = 'Welcome Packge', `welcome_pack_description` = '<p><strong>Lorem Ipsum</strong> is simply dummy text of the printing and typesetting industry. Lorem Ipsum has been the industry&#39;s standard dummy text ever since the 1500s, when an unknown printer took a galley of type and scrambled it to make a type specimen book. It has survived not only five centuries, but also the leap into electronic typesetting, remaining essentially unchanged. It was popularised in the 1960s with the release of Letraset sheets containing Lorem Ipsum passages, and more recently with desktop publishing software like Aldus PageMaker including versions of Lorem Ipsum.</p>\r\n\r\n<p>&nbsp;</p>\r\n\r\n<p>&nbsp;</p>\r\n', `memb_benefits_title` = 'Membership Benefits', `memb_benefits_description` = '<p><strong>Lorem Ipsum</strong> is simply dummy text of the printing and typesetting industry. Lorem Ipsum has been the industry&#39;s standard dummy text ever since the 1500s, when an unknown printer took a galley of type and scrambled it to make a type specimen book. It has survived not only five centuries, but also the leap into electronic typesetting, remaining essentially unchanged. It was popularised in the 1960s with the release of Letraset sheets containing Lorem Ipsum passages, and more recently with desktop publishing software like Aldus PageMaker including versions of Lorem Ipsum.</p>\r\n', `top_memb_rewards_title` = 'Top Members Rewards', `top_memb_rewards_description` = '<p><strong>Lorem Ipsum</strong> is simply dummy text of the printing and typesetting industry. Lorem Ipsum has been the industry&#39;s standard dummy text ever since the 1500s, when an unknown printer took a galley of type and scrambled it to make a type specimen book. It has survived not only five centuries, but also the leap into electronic typesetting, remaining essentially unchanged. It was popularised in the 1960s with the release of Letraset sheets containing Lorem Ipsum passages, and more recently with desktop publishing software like Aldus PageMaker including versions of Lorem Ipsum.</p>\r\n'
WHERE `setting_id` = 1;
UPDATE `admin` SET `last_logout` = '2024-10-21 02:22:58'
WHERE `id` = '1';
DELETE FROM `ci_sessions`
WHERE `id` = 'becf70e8b43c461f7de58cec8b832e20130dd907';
INSERT INTO `login_history` (`user_id`, `device`, `ip_address`, `date`) VALUES ('admin', 'Mozilla/5.0 (Windows NT 10.0; Win64; x64; rv:131.0) Gecko/20100101 Firefox/131.0', '172.69.94.26', '24-10-21 02:23');
UPDATE `user_registration` SET `popup_seen` = 'yes'
WHERE `user_id` = 'admin';
UPDATE `user_registration` SET `popup_seen` = 'no'
WHERE `user_id` = 'admin';
DELETE FROM `ci_sessions`
WHERE `id` = '9325f1adcb9755cf5ae4c86dca4cae5c5f2fef8c';
UPDATE `ci_sessions` SET `timestamp` = 1729496218, `data` = '__ci_last_regenerate|i:1729496218;id|s:4:\"2019\";user_id|s:5:\"admin\";username|s:5:\"admin\";sponsor_id|s:1:\"0\";fullname|s:11:\"Alex Carrey\";email|s:15:\"admin@admin.com\";phone|s:10:\"1235467892\";isLogIn|b:1;'
WHERE `id` = 'e0428afa43c418c9afc31df5b0abbfbf1174fb53';
UPDATE `admin` SET `last_logout` = '2024-10-21 05:04:10'
WHERE `id` IS NULL;
DELETE FROM `ci_sessions`
WHERE `id` = '64d50367eb8e9c762f8e149ad69eea8d4f2cde58';
UPDATE `ci_sessions` SET `timestamp` = 1729510300, `data` = '__ci_last_regenerate|i:1729510300;captcha|s:4:\"6e68\";'
WHERE `id` = 'e0093d9ef6734c3a7e891329c2cf2c5c602ba89f';
INSERT INTO `login_history` (`user_id`, `device`, `ip_address`, `date`) VALUES ('admin', 'Mozilla/5.0 (Macintosh; Intel Mac OS X 10_15_7) AppleWebKit/537.36 (KHTML, like Gecko) Chrome/129.0.0.0 Safari/537.36', '172.69.86.250', '24-10-21 06:31');
UPDATE `user_registration` SET `popup_seen` = 'yes'
WHERE `user_id` = 'admin';
UPDATE `user_registration` SET `popup_seen` = 'yes'
WHERE `user_id` = 'admin';
UPDATE `user_registration` SET `popup_seen` = 'yes'
WHERE `user_id` = 'admin';
INSERT INTO `login_history` (`user_id`, `device`, `ip_address`, `date`) VALUES ('admin', 'Mozilla/5.0 (Windows NT 10.0; Win64; x64; rv:131.0) Gecko/20100101 Firefox/131.0', '172.69.178.105', '24-10-21 07:19');
UPDATE `user_registration` SET `popup_seen` = 'yes'
WHERE `user_id` = 'admin';
INSERT INTO `login_history` (`user_id`, `device`, `ip_address`, `date`) VALUES ('admin', 'Mozilla/5.0 (Windows NT 10.0; Win64; x64) AppleWebKit/537.36 (KHTML, like Gecko) Chrome/127.0.0.0 Safari/537.36 OPR/113.0.0.0', '172.69.132.224', '24-10-21 09:28');
UPDATE `user_registration` SET `popup_seen` = 'yes'
WHERE `user_id` = 'admin';
UPDATE `user_registration` SET `popup_seen` = 'yes'
WHERE `user_id` = 'admin';
UPDATE `ci_sessions` SET `timestamp` = 1729521328, `data` = '__ci_last_regenerate|i:1729521328;id|s:4:\"2019\";user_id|s:5:\"admin\";username|s:5:\"admin\";sponsor_id|s:1:\"0\";fullname|s:11:\"Alex Carrey\";email|s:15:\"admin@admin.com\";phone|s:10:\"1235467892\";isLogIn|b:1;'
WHERE `id` = '21b9543576493991feefe5be0b946ffe5c626c8e';
UPDATE `ci_sessions` SET `timestamp` = 1729522259, `data` = '__ci_last_regenerate|i:1729522259;id|s:4:\"2019\";user_id|s:5:\"admin\";username|s:5:\"admin\";sponsor_id|s:1:\"0\";fullname|s:11:\"Alex Carrey\";email|s:15:\"admin@admin.com\";phone|s:10:\"1235467892\";isLogIn|b:1;'
WHERE `id` = 'ce5ee70c04c46b32391399ebbd2a9e82caa8f12c';
UPDATE `ci_sessions` SET `timestamp` = 1729528271, `data` = '__ci_last_regenerate|i:1729528271;id|s:4:\"2019\";user_id|s:5:\"admin\";username|s:5:\"admin\";sponsor_id|s:1:\"0\";fullname|s:11:\"Alex Carrey\";email|s:15:\"admin@admin.com\";phone|s:10:\"1235467892\";isLogIn|b:1;'
WHERE `id` = '643fbb5974034f7e371fbe8f2ee6628d55037ec1';
UPDATE `user_registration` SET `popup_seen` = 'yes'
WHERE `user_id` = 'admin';
UPDATE `admin` SET `last_login` = '2024-10-21 22:09:12', `ip_address` = '108.162.212.13'
WHERE `id` = '1';
INSERT INTO `login_history` (`user_id`, `device`, `ip_address`, `date`) VALUES ('admin', 'Mozilla/5.0 (Windows NT 10.0; Win64; x64) AppleWebKit/537.36 (KHTML, like Gecko) Chrome/127.0.0.0 Safari/537.36 OPR/113.0.0.0', '172.70.255.66', '24-10-21 22:12');
UPDATE `user_registration` SET `popup_seen` = 'yes'
WHERE `user_id` = 'admin';
UPDATE `ci_sessions` SET `timestamp` = 1729566919, `data` = '__ci_last_regenerate|i:1729566919;isLogIn|b:1;isAdmin|b:1;id|s:1:\"1\";fullname|s:11:\"admin admin\";user_level|s:5:\"Admin\";email|s:15:\"admin@admin.com\";image|s:53:\"upload/settings/4a1f1b602322adb837a7a3547ee69cf3.jpeg\";last_login|s:19:\"2024-10-21 02:21:36\";last_logout|s:19:\"2024-10-21 02:22:58\";ip_address|s:12:\"172.69.94.26\";'
WHERE `id` = '71c2e3a41f999848b721f4096ba2bf8d9187cd7b';
UPDATE `ci_sessions` SET `timestamp` = 1729567611, `data` = '__ci_last_regenerate|i:1729567611;id|s:4:\"2019\";user_id|s:5:\"admin\";username|s:5:\"admin\";sponsor_id|s:1:\"0\";fullname|s:11:\"Alex Carrey\";email|s:15:\"admin@admin.com\";phone|s:10:\"1235467892\";isLogIn|b:1;'
WHERE `id` = '4f9b9030ed068ef4c384abb67102b3339ca269a7';
UPDATE `ci_sessions` SET `timestamp` = 1729567935, `data` = '__ci_last_regenerate|i:1729567935;isLogIn|b:1;isAdmin|b:1;id|s:1:\"1\";fullname|s:11:\"admin admin\";user_level|s:5:\"Admin\";email|s:15:\"admin@admin.com\";image|s:53:\"upload/settings/4a1f1b602322adb837a7a3547ee69cf3.jpeg\";last_login|s:19:\"2024-10-21 02:21:36\";last_logout|s:19:\"2024-10-21 02:22:58\";ip_address|s:12:\"172.69.94.26\";'
WHERE `id` = 'fa3531a7ce8752b01dea69019c9933794f1e39dd';
UPDATE `ci_sessions` SET `timestamp` = 1729568111, `data` = '__ci_last_regenerate|i:1729568111;id|s:4:\"2019\";user_id|s:5:\"admin\";username|s:5:\"admin\";sponsor_id|s:1:\"0\";fullname|s:11:\"Alex Carrey\";email|s:15:\"admin@admin.com\";phone|s:10:\"1235467892\";isLogIn|b:1;'
WHERE `id` = 'aa07affa1435a77db847005b8bd9c68a2a5795e0';
INSERT INTO `add_cart` (`user_id`, `product_id`, `product_name`, `product_amount`, `product_point`, `product_image`, `product_details`, `quantity`, `total_amount`, `total_point`, `date`) VALUES ('admin', '6', 'Service 2024', '50', '20', 'upload/product_image/62c0c52b90983f2f6de24bdc830d503c.jpg', '<p>The title of the reward was an emblem of the<br />\r\ncountless hours of dedication, perseverance, and passion that culminated in this moment.</p>\r\n\r\n<p><strong>One 50-Minute Massage or Facial Package</strong></p>\r\n\r\n<p><strong>Value: $160 &nbsp; &nbsp; Cost: $80 &nbsp; &nbsp; 85% OFF</strong><br />\r\n&nbsp;</p>\r\n\r\n<p>&nbsp;</p>\r\n', 1, 50, 20, '2024-10-21 22:39:19');
UPDATE `ci_sessions` SET `timestamp` = 1729568373, `data` = '__ci_last_regenerate|i:1729568373;isLogIn|b:1;isAdmin|b:1;id|s:1:\"1\";fullname|s:11:\"admin admin\";user_level|s:5:\"Admin\";email|s:15:\"admin@admin.com\";image|s:53:\"upload/settings/4a1f1b602322adb837a7a3547ee69cf3.jpeg\";last_login|s:19:\"2024-10-21 02:21:36\";last_logout|s:19:\"2024-10-21 02:22:58\";ip_address|s:12:\"172.69.94.26\";'
WHERE `id` = 'c0ff76d19c09554253b8fae1fb0b21924e34e520';
DELETE FROM `add_cart`
WHERE `id` = '9';
UPDATE `ci_sessions` SET `timestamp` = 1729568444, `data` = '__ci_last_regenerate|i:1729568444;id|s:4:\"2019\";user_id|s:5:\"admin\";username|s:5:\"admin\";sponsor_id|s:1:\"0\";fullname|s:11:\"Alex Carrey\";email|s:15:\"admin@admin.com\";phone|s:10:\"1235467892\";isLogIn|b:1;message|s:19:\"Delete successfully\";__ci_vars|a:1:{s:7:\"message\";s:3:\"old\";}'
WHERE `id` = '1724afcad4ffeb12a8e11b891a5dae1f585368c3';
DELETE FROM `add_cart`
WHERE `id` = '37';
UPDATE `product` SET `product_id` = '6', `product_name` = 'Service 2024', `product_amount` = '80', `product_value` = '100', `product_point` = '40', `product_details` = '<p>The title of the reward was an emblem of the<br />\r\ncountless hours of dedication, perseverance, and passion that culminated in this moment.</p>\r\n\r\n<p><strong>One 50-Minute Massage or Facial Package</strong></p>\r\n\r\n<p><strong>Value: $160 &nbsp; &nbsp; Cost: $80 &nbsp; &nbsp; 85% OFF</strong><br />\r\n&nbsp;</p>\r\n\r\n<p>&nbsp;</p>\r\n', `status` = 1, `date` = '2024-10-21 22:41:07', `product_image` = 'upload/product_image/62c0c52b90983f2f6de24bdc830d503c.jpg'
WHERE `product_id` = '6';
UPDATE `product` SET `product_id` = '6', `product_name` = 'Service 2024', `product_amount` = '80', `product_value` = '100', `product_point` = '40', `product_details` = '<p>The title of the reward was an emblem of the<br />\r\ncountless hours of dedication, perseverance, and passion that culminated in this moment.</p>\r\n\r\n<p><strong>One 50-Minute Massage or Facial Package</strong></p>\r\n\r\n<p><strong>Value: $160 &nbsp; &nbsp; Cost: $80 &nbsp; &nbsp; 50% OFF</strong><br />\r\n&nbsp;</p>\r\n\r\n<p>&nbsp;</p>\r\n', `status` = 1, `date` = '2024-10-21 22:41:22', `product_image` = 'upload/product_image/62c0c52b90983f2f6de24bdc830d503c.jpg'
WHERE `product_id` = '6';
INSERT INTO `add_cart` (`user_id`, `product_id`, `product_name`, `product_amount`, `product_point`, `product_image`, `product_details`, `quantity`, `total_amount`, `total_point`, `date`) VALUES ('admin', '6', 'Service 2024', '80', '40', 'upload/product_image/62c0c52b90983f2f6de24bdc830d503c.jpg', '<p>The title of the reward was an emblem of the<br />\r\ncountless hours of dedication, perseverance, and passion that culminated in this moment.</p>\r\n\r\n<p><strong>One 50-Minute Massage or Facial Package</strong></p>\r\n\r\n<p><strong>Value: $160 &nbsp; &nbsp; Cost: $80 &nbsp; &nbsp; 50% OFF</strong><br />\r\n&nbsp;</p>\r\n\r\n<p>&nbsp;</p>\r\n', 1, 80, 40, '2024-10-21 22:43:20');
UPDATE `add_cart` SET `quantity` = '1', `total_amount` = 80, `total_point` = 40
WHERE `id` = '38';
UPDATE `ci_sessions` SET `timestamp` = 1729568757, `data` = '__ci_last_regenerate|i:1729568757;isLogIn|b:1;isAdmin|b:1;id|s:1:\"1\";fullname|s:11:\"admin admin\";user_level|s:5:\"Admin\";email|s:15:\"admin@admin.com\";image|s:53:\"upload/settings/4a1f1b602322adb837a7a3547ee69cf3.jpeg\";last_login|s:19:\"2024-10-21 02:21:36\";last_logout|s:19:\"2024-10-21 02:22:58\";ip_address|s:12:\"172.69.94.26\";message|s:20:\"Update Successfully!\";__ci_vars|a:1:{s:7:\"message\";s:3:\"old\";}'
WHERE `id` = '016616d20e4622a6a4be53d0e12f7f516deaf7d3';
UPDATE `ci_sessions` SET `timestamp` = 1729568781, `data` = '__ci_last_regenerate|i:1729568781;id|s:4:\"2019\";user_id|s:5:\"admin\";username|s:5:\"admin\";sponsor_id|s:1:\"0\";fullname|s:11:\"Alex Carrey\";email|s:15:\"admin@admin.com\";phone|s:10:\"1235467892\";isLogIn|b:1;'
WHERE `id` = 'd1ac701150c7c884526221a592f5077b3ce70fc6';
UPDATE `ci_sessions` SET `timestamp` = 1729569064, `data` = '__ci_last_regenerate|i:1729569064;isLogIn|b:1;isAdmin|b:1;id|s:1:\"1\";fullname|s:11:\"admin admin\";user_level|s:5:\"Admin\";email|s:15:\"admin@admin.com\";image|s:53:\"upload/settings/4a1f1b602322adb837a7a3547ee69cf3.jpeg\";last_login|s:19:\"2024-10-21 02:21:36\";last_logout|s:19:\"2024-10-21 02:22:58\";ip_address|s:12:\"172.69.94.26\";'
WHERE `id` = '2364d5857c5da1d9a9d7342fd08e3ad589f9b958';
INSERT INTO `reward` (`reward_id`, `reward_name`, `reward_amount`, `reward_value`, `reward_points`, `reward_details`, `phone`, `address`, `category`, `status`, `date`, `reward_image`) VALUES ('', 'To copy phone', '30', '300', '10', '<p>The title of the reward was an emblem of the<br />\r\ncountless hours of dedication, perseverance, and passion that culminated in this moment.</p>\r\n\r\n<p><strong>One 50-Minute Massage or Facial Package</strong></p>\r\n\r\n<p><strong>Value: $300&nbsp; &nbsp; &nbsp;Cost: $30&nbsp; &nbsp; &nbsp;90% OFF</strong></p>\r\n', '3055221412', '14214 SW 99 ST, Miami, FL 33241', 'service', 1, '2024-10-21 22:51:04', NULL);
UPDATE `user_registration` SET `popup_seen` = 'yes'
WHERE `user_id` IS NULL;
UPDATE `reward` SET `reward_id` = '4', `reward_name` = 'To copy phone', `reward_amount` = '30', `reward_value` = '300', `reward_points` = '10', `reward_details` = '<p>The title of the reward was an emblem of the<br />\r\ncountless hours of dedication, perseverance, and passion that culminated in this moment.</p>\r\n\r\n<p><strong>One 50-Minute Massage or Facial Package</strong></p>\r\n\r\n<p><strong>Value: $300&nbsp; &nbsp; &nbsp;Cost: $30&nbsp; &nbsp; &nbsp;90% OFF</strong></p>\r\n', `phone` = '3055221412', `address` = '14214 SW 99 ST, Miami, FL 33241', `category` = 'service', `status` = 1, `date` = '2024-10-21 22:51:32', `reward_image` = 'upload/reward_image/f77a95e3dfacd71dc73aed1c62f7bb36.png'
WHERE `reward_id` = '4';
UPDATE `ci_sessions` SET `timestamp` = 1729569097, `data` = '__ci_last_regenerate|i:1729569097;id|s:4:\"2019\";user_id|s:5:\"admin\";username|s:5:\"admin\";sponsor_id|s:1:\"0\";fullname|s:11:\"Alex Carrey\";email|s:15:\"admin@admin.com\";phone|s:10:\"1235467892\";isLogIn|b:1;'
WHERE `id` = 'aeaad324bbc5d51daeab78209b071bbccbd96fd9';
UPDATE `ci_sessions` SET `timestamp` = 1729569802, `data` = '__ci_last_regenerate|i:1729569802;id|s:4:\"2019\";user_id|s:5:\"admin\";username|s:5:\"admin\";sponsor_id|s:1:\"0\";fullname|s:11:\"Alex Carrey\";email|s:15:\"admin@admin.com\";phone|s:10:\"1235467892\";isLogIn|b:1;'
WHERE `id` = '34d9d7ac2b9fa32afce1236a694ace0c65a9ea26';
UPDATE `add_cart` SET `quantity` = '1', `total_amount` = 80, `total_point` = 40
WHERE `id` = '38';
UPDATE `user_registration` SET `popup_seen` = 'yes'
WHERE `user_id` = 'admin';
UPDATE `ci_sessions` SET `timestamp` = 1729570170, `data` = '__ci_last_regenerate|i:1729570170;id|s:4:\"2019\";user_id|s:5:\"admin\";username|s:5:\"admin\";sponsor_id|s:1:\"0\";fullname|s:11:\"Alex Carrey\";email|s:15:\"admin@admin.com\";phone|s:10:\"1235467892\";isLogIn|b:1;'
WHERE `id` = 'e235dd31fefc03e7fcf05bcad4ae10d61ca15182';
UPDATE `ci_sessions` SET `timestamp` = 1729570203, `data` = '__ci_last_regenerate|i:1729570203;isLogIn|b:1;isAdmin|b:1;id|s:1:\"1\";fullname|s:11:\"admin admin\";user_level|s:5:\"Admin\";email|s:15:\"admin@admin.com\";image|s:53:\"upload/settings/4a1f1b602322adb837a7a3547ee69cf3.jpeg\";last_login|s:19:\"2024-10-21 02:21:36\";last_logout|s:19:\"2024-10-21 02:22:58\";ip_address|s:12:\"172.69.94.26\";message|s:20:\"Update Successfully!\";__ci_vars|a:1:{s:7:\"message\";s:3:\"old\";}'
WHERE `id` = 'f48f421f8b8196dc2e70b7cef44a3ff1b2cfa487';
INSERT INTO `membership_benefits` (`package_id`, `title`, `cost`, `value`, `points`, `details`, `phone`, `address`, `category`, `status`, `date`, `image`) VALUES ('', 'Phone on Benefits', '150', '500', '80', '<p><strong>Lorem Ipsum</strong>&nbsp;is simply dummy text of the printing and typesetting industry. Lorem Ipsum has been the industry&#39;s standard dummy text ever since the 1500s,</p>\r\n', '7874584521', '7844 NW 39 ST, Miami, FL 33698', 'service', 1, '2024-10-21 23:11:10', 'upload/benefits_pack_image/8b7b312312e77c25a3ab84b7f4c714ab.png');
UPDATE `ci_sessions` SET `timestamp` = 1729570786, `data` = '__ci_last_regenerate|i:1729570786;id|s:4:\"2019\";user_id|s:5:\"admin\";username|s:5:\"admin\";sponsor_id|s:1:\"0\";fullname|s:11:\"Alex Carrey\";email|s:15:\"admin@admin.com\";phone|s:10:\"1235467892\";isLogIn|b:1;'
WHERE `id` = 'c39f47156a90851169ede41ca01a19f94845ae45';
UPDATE `admin` SET `last_login` = '2024-10-21 23:29:11', `ip_address` = '172.69.94.222'
WHERE `id` = '1';
UPDATE `ci_sessions` SET `timestamp` = 1729572365, `data` = '__ci_last_regenerate|i:1729572365;id|s:4:\"2019\";user_id|s:5:\"admin\";username|s:5:\"admin\";sponsor_id|s:1:\"0\";fullname|s:11:\"Alex Carrey\";email|s:15:\"admin@admin.com\";phone|s:10:\"1235467892\";isLogIn|b:1;'
WHERE `id` = '591a94e325e4de01baccabefbc7ed21d23101ffa';
UPDATE `ci_sessions` SET `timestamp` = 1729574913, `data` = '__ci_last_regenerate|i:1729574913;isLogIn|b:1;isAdmin|b:1;id|s:1:\"1\";fullname|s:11:\"admin admin\";user_level|s:5:\"Admin\";email|s:15:\"admin@admin.com\";image|s:53:\"upload/settings/4a1f1b602322adb837a7a3547ee69cf3.jpeg\";last_login|s:19:\"2024-10-21 22:09:12\";last_logout|s:19:\"2024-10-21 02:22:58\";ip_address|s:14:\"108.162.212.13\";'
WHERE `id` = '25fb532931f8e8fe0d3634a4aef8572ea72c2935';
UPDATE `user_registration` SET `popup_seen` = 'yes'
WHERE `user_id` IS NULL;
UPDATE `user_registration` SET `popup_seen` = 'no'
WHERE `user_id` IS NULL;
DELETE FROM `ci_sessions`
WHERE `id` = 'c4aa864a0725136dda3f25f3d03e40838c455f47';
INSERT INTO `login_history` (`user_id`, `device`, `ip_address`, `date`) VALUES ('admin', 'Mozilla/5.0 (Macintosh; Intel Mac OS X 10_15_7) AppleWebKit/537.36 (KHTML, like Gecko) Chrome/129.0.0.0 Safari/537.36', '172.70.218.233', '24-10-22 00:28');
UPDATE `user_registration` SET `popup_seen` = 'yes'
WHERE `user_id` = 'admin';
UPDATE `add_cart` SET quantity = quantity + 1, total_amount = total_amount + 80, total_point = total_point + 40
WHERE `user_id` = 'admin'
AND `product_id` = '6';
UPDATE `add_cart` SET `quantity` = '1', `total_amount` = 80, `total_point` = 40
WHERE `id` = '38';
UPDATE `ci_sessions` SET `timestamp` = 1729575332, `data` = '__ci_last_regenerate|i:1729575332;id|s:4:\"2019\";user_id|s:5:\"admin\";username|s:5:\"admin\";sponsor_id|s:1:\"0\";fullname|s:11:\"Alex Carrey\";email|s:15:\"admin@admin.com\";phone|s:10:\"1235467892\";isLogIn|b:1;'
WHERE `id` = '88567cecb85bc864995511c372c7575644a1cca1';
UPDATE `user_registration` SET `popup_seen` = 'yes'
WHERE `user_id` = 'admin';
UPDATE `user_registration` SET `popup_seen` = 'yes'
WHERE `user_id` = 'admin';
UPDATE `ci_sessions` SET `timestamp` = 1729580656, `data` = '__ci_last_regenerate|i:1729580656;id|s:4:\"2019\";user_id|s:5:\"admin\";username|s:5:\"admin\";sponsor_id|s:1:\"0\";fullname|s:11:\"Alex Carrey\";email|s:15:\"admin@admin.com\";phone|s:10:\"1235467892\";isLogIn|b:1;'
WHERE `id` = '455ae5b9f2bedb8b765abc500272af7fc13b6408';
UPDATE `user_registration` SET `popup_seen` = 'yes'
WHERE `user_id` = 'admin';
UPDATE `user_registration` SET `popup_seen` = 'no'
WHERE `user_id` = 'admin';
DELETE FROM `ci_sessions`
WHERE `id` = '8748ce540ca6b247ba43ff126d49eb780f9dbadc';
UPDATE `admin` SET `last_login` = '2024-10-22 02:04:51', `ip_address` = '172.69.178.48'
WHERE `id` = '1';
UPDATE `ci_sessions` SET `timestamp` = 1729581343, `data` = '__ci_last_regenerate|i:1729581343;isLogIn|b:1;isAdmin|b:1;id|s:1:\"1\";fullname|s:11:\"admin admin\";user_level|s:5:\"Admin\";email|s:15:\"admin@admin.com\";image|s:53:\"upload/settings/4a1f1b602322adb837a7a3547ee69cf3.jpeg\";last_login|s:19:\"2024-10-21 23:29:11\";last_logout|s:19:\"2024-10-21 02:22:58\";ip_address|s:13:\"172.69.94.222\";'
WHERE `id` = 'b41a9e32b1a4c0971318d1e8284aaa2b9862d6cc';
UPDATE `ci_sessions` SET `timestamp` = 1729581715, `data` = '__ci_last_regenerate|i:1729581715;isLogIn|b:1;isAdmin|b:1;id|s:1:\"1\";fullname|s:11:\"admin admin\";user_level|s:5:\"Admin\";email|s:15:\"admin@admin.com\";image|s:53:\"upload/settings/4a1f1b602322adb837a7a3547ee69cf3.jpeg\";last_login|s:19:\"2024-10-21 23:29:11\";last_logout|s:19:\"2024-10-21 02:22:58\";ip_address|s:13:\"172.69.94.222\";'
WHERE `id` = '81aac73acef59165706130915e1cf20d3a3245f9';
UPDATE `admin` SET `last_logout` = '2024-10-22 05:08:27'
WHERE `id` IS NULL;
DELETE FROM `ci_sessions`
WHERE `id` = '7042a645206fec76b945b5201650bcd8959ebd5a';
INSERT INTO `login_history` (`user_id`, `device`, `ip_address`, `date`) VALUES ('admin', 'Mozilla/5.0 (Windows NT 10.0; Win64; x64; rv:131.0) Gecko/20100101 Firefox/131.0', '172.69.129.138', '24-10-22 07:21');
UPDATE `user_registration` SET `popup_seen` = 'yes'
WHERE `user_id` = 'admin';
UPDATE `user_registration` SET `popup_seen` = 'no'
WHERE `user_id` = 'admin';
DELETE FROM `ci_sessions`
WHERE `id` = 'bc9d288b8733868497f0a9f594c44e1bb86633d8';
UPDATE `user_registration` SET `popup_seen` = 'no'
WHERE `user_id` IS NULL;
DELETE FROM `ci_sessions`
WHERE `id` = 'bc9d288b8733868497f0a9f594c44e1bb86633d8';
UPDATE `admin` SET `last_login` = '2024-10-22 07:24:46', `ip_address` = '162.158.55.71'
WHERE `id` = '1';
INSERT INTO `login_history` (`user_id`, `device`, `ip_address`, `date`) VALUES ('admin', 'Mozilla/5.0 (Windows NT 10.0; Win64; x64) AppleWebKit/537.36 (KHTML, like Gecko) Chrome/127.0.0.0 Safari/537.36 OPR/113.0.0.0', '172.70.83.94', '24-10-22 09:02');
UPDATE `user_registration` SET `popup_seen` = 'yes'
WHERE `user_id` = 'admin';
UPDATE `ci_sessions` SET `timestamp` = 1729606249, `data` = '__ci_last_regenerate|i:1729606249;id|s:4:\"2019\";user_id|s:5:\"admin\";username|s:5:\"admin\";sponsor_id|s:1:\"0\";fullname|s:11:\"Alex Carrey\";email|s:15:\"admin@admin.com\";phone|s:10:\"1235467892\";isLogIn|b:1;'
WHERE `id` = 'ceeb4311cfe66ef6478de8699552951418479f09';
INSERT INTO `login_history` (`user_id`, `device`, `ip_address`, `date`) VALUES ('ADZTOG', 'Mozilla/5.0 (Windows NT 10.0; Win64; x64) AppleWebKit/537.36 (KHTML, like Gecko) Chrome/130.0.0.0 Safari/537.36', '172.70.255.66', '24-10-22 12:54');
UPDATE `user_registration` SET `popup_seen` = 'yes'
WHERE `user_id` = 'ADZTOG';
UPDATE `user_registration` SET `popup_seen` = 'yes'
WHERE `user_id` = 'ADZTOG';
UPDATE `user_registration` SET `popup_seen` = 'yes'
WHERE `user_id` = 'ADZTOG';
UPDATE `user_registration` SET `popup_seen` = 'yes'
WHERE `user_id` = 'ADZTOG';
UPDATE `user_registration` SET `popup_seen` = 'no'
WHERE `user_id` = 'ADZTOG';
DELETE FROM `ci_sessions`
WHERE `id` = 'dd7005dd27a2d61778a23cf0236dfafea1b1c8c2';
INSERT INTO `login_history` (`user_id`, `device`, `ip_address`, `date`) VALUES ('admin', 'Mozilla/5.0 (Windows NT 10.0; Win64; x64) AppleWebKit/537.36 (KHTML, like Gecko) Chrome/127.0.0.0 Safari/537.36 OPR/113.0.0.0', '172.69.180.172', '24-10-22 14:47');
UPDATE `user_registration` SET `popup_seen` = 'yes'
WHERE `user_id` = 'admin';
UPDATE `admin` SET `last_login` = '2024-10-22 14:48:05', `ip_address` = '172.70.83.7'
WHERE `id` = '1';
UPDATE `reward` SET `reward_id` = '4', `reward_name` = 'To copy phone', `reward_amount` = '30', `reward_value` = '300', `reward_points` = '10', `reward_details` = '<p>The title of the reward was an emblem of the<br>countless hours of dedication, perseverance, and passion that culminated in this moment.</p><p><strong>One 50-Minute Massage or Facial Package</strong></p><p><strong>Value: $300&nbsp; &nbsp; &nbsp;Cost: $30&nbsp; &nbsp; &nbsp;</strong><span style=\"background-color:hsl(0, 75%, 60%);color:hsl(0, 0%, 100%);\"><strong>90% OFF</strong></span></p>', `phone` = '3055221412', `address` = '14214 SW 99 ST, Miami, FL 33241', `category` = 'service', `status` = 1, `date` = '2024-10-22 14:49:44', `reward_image` = 'upload/reward_image/f77a95e3dfacd71dc73aed1c62f7bb36.png'
WHERE `reward_id` = '4';
UPDATE `reward` SET `reward_id` = '4', `reward_name` = 'To copy phone', `reward_amount` = '30', `reward_value` = '300', `reward_points` = '10', `reward_details` = '<p>The title of the reward was an emblem of the<br>countless hours of dedication, perseverance, and passion that culminated in this moment.</p><p><strong>One 50-Minute Massage or Facial Package</strong></p><p><strong>Value: $300&nbsp; &nbsp; &nbsp;Cost: $30&nbsp; &nbsp; &nbsp;</strong><span style=\"color:hsl(0, 75%, 60%);\"><strong>90% OFF</strong></span></p>', `phone` = '3055221412', `address` = '14214 SW 99 ST, Miami, FL 33241', `category` = 'service', `status` = 1, `date` = '2024-10-22 14:50:15', `reward_image` = 'upload/reward_image/f77a95e3dfacd71dc73aed1c62f7bb36.png'
WHERE `reward_id` = '4';
UPDATE `ci_sessions` SET `timestamp` = 1729627704, `data` = '__ci_last_regenerate|i:1729627704;id|s:4:\"2019\";user_id|s:5:\"admin\";username|s:5:\"admin\";sponsor_id|s:1:\"0\";fullname|s:11:\"Alex Carrey\";email|s:15:\"admin@admin.com\";phone|s:10:\"1235467892\";isLogIn|b:1;'
WHERE `id` = 'dced8f1d3166d5b7a70a4a86f6b53e4fef3d46fa';
UPDATE `ci_sessions` SET `timestamp` = 1729627747, `data` = '__ci_last_regenerate|i:1729627747;isLogIn|b:1;isAdmin|b:1;id|s:1:\"1\";fullname|s:11:\"admin admin\";user_level|s:5:\"Admin\";email|s:15:\"admin@admin.com\";image|s:53:\"upload/settings/4a1f1b602322adb837a7a3547ee69cf3.jpeg\";last_login|s:19:\"2024-10-22 07:24:46\";last_logout|s:19:\"2024-10-21 02:22:58\";ip_address|s:13:\"162.158.55.71\";message|s:20:\"Update Successfully!\";__ci_vars|a:1:{s:7:\"message\";s:3:\"old\";}'
WHERE `id` = '42d6dfded6e2a9567560269a3241baa034164507';
UPDATE `product` SET `product_id` = '1', `product_name` = 'Manila', `product_amount` = '210', `product_value` = '0', `product_point` = '210', `product_details` = '<p>Lorem ipsum dolor sit amet, consectetur adipiscing elit, sed do eiusmod tempor incididunt ut labore et dolore magna aliqua. Ut enim ad minim veniam, quis nostrud exercitation ullamco laboris nisi ut aliquip ex ea commodo consequat. Duis aute irure dolor in reprehenderit in voluptate velit esse cillum dolore eu fugiat nulla pariatur. Excepteur sint occaecat cupidatat non proident, sunt in culpa qui officia deserunt mollit anim id est laborum.</p>', `phone` = '789789789', `address` = '1234 SW 99 ST', `category` = 'service', `status` = 1, `date` = '2024-10-22 15:12:51', `product_image` = 'upload/product_image/5050aec80a40a0b635f5f6c2302393c7.jpeg'
WHERE `product_id` = '1';
UPDATE `ci_sessions` SET `timestamp` = 1729628564, `data` = '__ci_last_regenerate|i:1729628564;id|s:4:\"2019\";user_id|s:5:\"admin\";username|s:5:\"admin\";sponsor_id|s:1:\"0\";fullname|s:11:\"Alex Carrey\";email|s:15:\"admin@admin.com\";phone|s:10:\"1235467892\";isLogIn|b:1;'
WHERE `id` = '4272dc1c9ba638d06d0e24252c99dfe57e65f2af';
UPDATE `user_registration` SET `popup_seen` = 'yes'
WHERE `user_id` = 'admin';
UPDATE `ci_sessions` SET `timestamp` = 1729629069, `data` = '__ci_last_regenerate|i:1729629069;id|s:4:\"2019\";user_id|s:5:\"admin\";username|s:5:\"admin\";sponsor_id|s:1:\"0\";fullname|s:11:\"Alex Carrey\";email|s:15:\"admin@admin.com\";phone|s:10:\"1235467892\";isLogIn|b:1;'
WHERE `id` = '764ec647f7bd619d962ef226cbff329ac5087a51';
UPDATE `user_registration` SET `popup_seen` = 'yes'
WHERE `user_id` = 'admin';
INSERT INTO `login_history` (`user_id`, `device`, `ip_address`, `date`) VALUES ('admin', 'Mozilla/5.0 (Windows NT 10.0; Win64; x64) AppleWebKit/537.36 (KHTML, like Gecko) Chrome/127.0.0.0 Safari/537.36 OPR/113.0.0.0', '172.70.83.3', '24-10-22 18:16');
UPDATE `user_registration` SET `popup_seen` = 'yes'
WHERE `user_id` = 'admin';
UPDATE `user_registration` SET `popup_seen` = 'yes'
WHERE `user_id` = 'admin';
UPDATE `ci_sessions` SET `timestamp` = 1729641459, `data` = '__ci_last_regenerate|i:1729641459;id|s:4:\"2019\";user_id|s:5:\"admin\";username|s:5:\"admin\";sponsor_id|s:1:\"0\";fullname|s:11:\"Alex Carrey\";email|s:15:\"admin@admin.com\";phone|s:10:\"1235467892\";isLogIn|b:1;'
WHERE `id` = 'a521d52521a88536be4147f9ad98d13a2b09d0f7';
UPDATE `user_registration` SET `popup_seen` = 'yes'
WHERE `user_id` = 'admin';
UPDATE `user_registration` SET `popup_seen` = 'yes'
WHERE `user_id` = 'admin';
UPDATE `ci_sessions` SET `timestamp` = 1729641934, `data` = '__ci_last_regenerate|i:1729641934;id|s:4:\"2019\";user_id|s:5:\"admin\";username|s:5:\"admin\";sponsor_id|s:1:\"0\";fullname|s:11:\"Alex Carrey\";email|s:15:\"admin@admin.com\";phone|s:10:\"1235467892\";isLogIn|b:1;'
WHERE `id` = '50586fc87aac95ad73bbd7b6b39284c7df5425e6';
UPDATE `ci_sessions` SET `timestamp` = 1729642345, `data` = '__ci_last_regenerate|i:1729642345;id|s:4:\"2019\";user_id|s:5:\"admin\";username|s:5:\"admin\";sponsor_id|s:1:\"0\";fullname|s:11:\"Alex Carrey\";email|s:15:\"admin@admin.com\";phone|s:10:\"1235467892\";isLogIn|b:1;'
WHERE `id` = '18255d4e0f2fa123ab2f97d928efa136fb68eb83';
UPDATE `ci_sessions` SET `timestamp` = 1729643011, `data` = '__ci_last_regenerate|i:1729643011;id|s:4:\"2019\";user_id|s:5:\"admin\";username|s:5:\"admin\";sponsor_id|s:1:\"0\";fullname|s:11:\"Alex Carrey\";email|s:15:\"admin@admin.com\";phone|s:10:\"1235467892\";isLogIn|b:1;'
WHERE `id` = 'c05e0273888b781a1ea0b403c0d3c4e3974fcf2b';
UPDATE `user_registration` SET `trans_password` = '123456'
WHERE `user_id` = 'admin';
INSERT INTO `notifications` (`user_id`, `notification_type`, `subject`, `details`, `date`, `status`) VALUES ('admin', 'transaction_password_update', 'Transaction Password Notification', 'Your transaction password has been created successfully.', '2024-10-22 19:26:43', 0);
UPDATE `ci_sessions` SET `timestamp` = 1729643537, `data` = '__ci_last_regenerate|i:1729643537;id|s:4:\"2019\";user_id|s:5:\"admin\";username|s:5:\"admin\";sponsor_id|s:1:\"0\";fullname|s:11:\"Alex Carrey\";email|s:15:\"admin@admin.com\";phone|s:10:\"1235467892\";isLogIn|b:1;'
WHERE `id` = 'f6d49a5c08cf18bc69defc3d2686431fa0f809dd';
UPDATE `ci_sessions` SET `timestamp` = 1729643847, `data` = '__ci_last_regenerate|i:1729643847;id|s:4:\"2019\";user_id|s:5:\"admin\";username|s:5:\"admin\";sponsor_id|s:1:\"0\";fullname|s:11:\"Alex Carrey\";email|s:15:\"admin@admin.com\";phone|s:10:\"1235467892\";isLogIn|b:1;'
WHERE `id` = '579bd020ca19ccbabee55624a39d2e642e1847b3';
UPDATE `ci_sessions` SET `timestamp` = 1729645288, `data` = '__ci_last_regenerate|i:1729645288;id|s:4:\"2019\";user_id|s:5:\"admin\";username|s:5:\"admin\";sponsor_id|s:1:\"0\";fullname|s:11:\"Alex Carrey\";email|s:15:\"admin@admin.com\";phone|s:10:\"1235467892\";isLogIn|b:1;'
WHERE `id` = 'c271c9496ca7cac56c21cf31d53b53ff6b9b2862';
UPDATE `ci_sessions` SET `timestamp` = 1729645609, `data` = '__ci_last_regenerate|i:1729645609;id|s:4:\"2019\";user_id|s:5:\"admin\";username|s:5:\"admin\";sponsor_id|s:1:\"0\";fullname|s:11:\"Alex Carrey\";email|s:15:\"admin@admin.com\";phone|s:10:\"1235467892\";isLogIn|b:1;'
WHERE `id` = '322da37667c4be06c9d19b6b4c505b2f62d5260a';
INSERT INTO `login_history` (`user_id`, `device`, `ip_address`, `date`) VALUES ('ADZTOG', 'Mozilla/5.0 (Windows NT 10.0; Win64; x64) AppleWebKit/537.36 (KHTML, like Gecko) Chrome/130.0.0.0 Safari/537.36', '172.69.180.168', '24-10-22 20:08');
UPDATE `user_registration` SET `popup_seen` = 'yes'
WHERE `user_id` = 'ADZTOG';
UPDATE `user_registration` SET `popup_seen` = 'no'
WHERE `user_id` = 'ADZTOG';
DELETE FROM `ci_sessions`
WHERE `id` = '7fa144e39997b26751f7732ec05dee8274428c65';
INSERT INTO `login_history` (`user_id`, `device`, `ip_address`, `date`) VALUES ('7RY1ZP', 'Mozilla/5.0 (Windows NT 10.0; Win64; x64) AppleWebKit/537.36 (KHTML, like Gecko) Chrome/130.0.0.0 Safari/537.36', '172.69.180.169', '24-10-22 20:09');
UPDATE `user_registration` SET `popup_seen` = 'yes'
WHERE `user_id` = '7RY1ZP';
UPDATE `user_registration` SET `popup_seen` = 'no'
WHERE `user_id` = '7RY1ZP';
DELETE FROM `ci_sessions`
WHERE `id` = '6d3b228227edd6aa06d0a6009275cbb7c2c19560';
INSERT INTO `login_history` (`user_id`, `device`, `ip_address`, `date`) VALUES ('ADZTOG', 'Mozilla/5.0 (Windows NT 10.0; Win64; x64) AppleWebKit/537.36 (KHTML, like Gecko) Chrome/130.0.0.0 Safari/537.36', '172.69.180.168', '24-10-22 20:10');
UPDATE `user_registration` SET `popup_seen` = 'yes'
WHERE `user_id` = 'ADZTOG';
UPDATE `user_registration` SET `uid` = '3214', `user_id` = 'AC3DYW', `username` = 'anacleto2', `sponsor_id` = 'ADZTOG', `vacant` = 'no', `f_name` = 'Anacleto', `l_name` = 'Bermudez', `address` = '6520 Kendale Lakes Dr', `position` = 'left', `email` = 'anacleto2@gmail.com', `password` = 'a0a475cf454cf9a06979034098167b9e', `phone` = '3057610606', `country` = 'United States', `state` = 'Florida', `city` = 'Miami', `street` = '6520 Kendale Lakes Dr', `zip_code` = '33183', `reg_ip` = '172.69.180.168', `status` = 1, `package_id` = '2', `rank_id` = 1, `highest_rank` = 1, `cycle_rank_id` = 1, `created` = '2024-10-22 20:11:47', `subscription_date` = '2024-11-21', `google_secret` = 'VGGJZV2PATYX3XCG'
WHERE `uid` = '3214';
INSERT INTO `user_registration` (`uid`, `user_id`, `username`, `sponsor_id`, `placement_id`, `vacant`, `f_name`, `l_name`, `address`, `position`, `email`, `password`, `phone`, `reg_ip`, `status`, `created`) VALUES (NULL, 'MTFUDW', 'BxSCiroP', 'AC3DYW', 'AC3DYW', 'yes', '', '', '', 'left', '@mail.com', '', '', '', 0, '2024-10-22 20:11:47');
INSERT INTO `user_registration` (`uid`, `user_id`, `username`, `sponsor_id`, `placement_id`, `vacant`, `f_name`, `l_name`, `address`, `position`, `email`, `password`, `phone`, `reg_ip`, `status`, `created`) VALUES (NULL, 'XKFLMC', 'FWSuimLd', 'AC3DYW', 'AC3DYW', 'yes', '', '', '', 'right', '@mail.com', '', '', '', 0, '2024-10-22 20:11:47');
INSERT INTO `bv_updation` (`user_id`) VALUES ('AC3DYW');
UPDATE `user_registration` SET total_ref_count = total_ref_count+1
WHERE `user_id` = 'ADZTOG';
UPDATE `user_registration` SET total_downlines = total_downlines+1
WHERE `user_id` = '5YQJFN';
UPDATE `user_registration` SET left_downlines = left_downlines+1
WHERE `user_id` = '5YQJFN';
UPDATE `user_registration` SET total_downlines = total_downlines+1
WHERE `user_id` = '1TQB57';
UPDATE `user_registration` SET left_downlines = left_downlines+1
WHERE `user_id` = '1TQB57';
UPDATE `user_registration` SET total_downlines = total_downlines+1
WHERE `user_id` = '8A1VG5';
UPDATE `user_registration` SET left_downlines = left_downlines+1
WHERE `user_id` = '8A1VG5';
UPDATE `user_registration` SET total_downlines = total_downlines+1
WHERE `user_id` = '79H2DI';
UPDATE `user_registration` SET left_downlines = left_downlines+1
WHERE `user_id` = '79H2DI';
UPDATE `user_registration` SET total_downlines = total_downlines+1
WHERE `user_id` = 'VG8GQF';
UPDATE `user_registration` SET left_downlines = left_downlines+1
WHERE `user_id` = 'VG8GQF';
UPDATE `user_registration` SET total_downlines = total_downlines+1
WHERE `user_id` = 'KOHJJB';
UPDATE `user_registration` SET left_downlines = left_downlines+1
WHERE `user_id` = 'KOHJJB';
UPDATE `user_registration` SET total_downlines = total_downlines+1
WHERE `user_id` = 'MO8DWP';
UPDATE `user_registration` SET left_downlines = left_downlines+1
WHERE `user_id` = 'MO8DWP';
UPDATE `user_registration` SET total_downlines = total_downlines+1
WHERE `user_id` = 'B9E5QH';
UPDATE `user_registration` SET left_downlines = left_downlines+1
WHERE `user_id` = 'B9E5QH';
UPDATE `user_registration` SET total_downlines = total_downlines+1
WHERE `user_id` = '51E18K';
UPDATE `user_registration` SET left_downlines = left_downlines+1
WHERE `user_id` = '51E18K';
UPDATE `user_registration` SET total_downlines = total_downlines+1
WHERE `user_id` = 'ZT6Y9E';
UPDATE `user_registration` SET left_downlines = left_downlines+1
WHERE `user_id` = 'ZT6Y9E';
UPDATE `user_registration` SET total_downlines = total_downlines+1
WHERE `user_id` = 'M6OKXI';
UPDATE `user_registration` SET left_downlines = left_downlines+1
WHERE `user_id` = 'M6OKXI';
UPDATE `user_registration` SET total_downlines = total_downlines+1
WHERE `user_id` = 'BO42DH';
UPDATE `user_registration` SET left_downlines = left_downlines+1
WHERE `user_id` = 'BO42DH';
UPDATE `user_registration` SET total_downlines = total_downlines+1
WHERE `user_id` = 'ULQDK3';
UPDATE `user_registration` SET left_downlines = left_downlines+1
WHERE `user_id` = 'ULQDK3';
UPDATE `user_registration` SET total_downlines = total_downlines+1
WHERE `user_id` = 'I6TFA9';
UPDATE `user_registration` SET left_downlines = left_downlines+1
WHERE `user_id` = 'I6TFA9';
UPDATE `user_registration` SET total_downlines = total_downlines+1
WHERE `user_id` = 'C7L627';
UPDATE `user_registration` SET left_downlines = left_downlines+1
WHERE `user_id` = 'C7L627';
UPDATE `user_registration` SET total_downlines = total_downlines+1
WHERE `user_id` = '4LLCH4';
UPDATE `user_registration` SET left_downlines = left_downlines+1
WHERE `user_id` = '4LLCH4';
UPDATE `user_registration` SET total_downlines = total_downlines+1
WHERE `user_id` = 'DROMSH';
UPDATE `user_registration` SET left_downlines = left_downlines+1
WHERE `user_id` = 'DROMSH';
UPDATE `user_registration` SET total_downlines = total_downlines+1
WHERE `user_id` = '95P58F';
UPDATE `user_registration` SET left_downlines = left_downlines+1
WHERE `user_id` = '95P58F';
UPDATE `user_registration` SET total_downlines = total_downlines+1
WHERE `user_id` = 'BVZKNY';
UPDATE `user_registration` SET left_downlines = left_downlines+1
WHERE `user_id` = 'BVZKNY';
UPDATE `user_registration` SET total_downlines = total_downlines+1
WHERE `user_id` = 'A97X6P';
UPDATE `user_registration` SET left_downlines = left_downlines+1
WHERE `user_id` = 'A97X6P';
UPDATE `user_registration` SET total_downlines = total_downlines+1
WHERE `user_id` = 'FSZULY';
UPDATE `user_registration` SET left_downlines = left_downlines+1
WHERE `user_id` = 'FSZULY';
UPDATE `user_registration` SET total_downlines = total_downlines+1
WHERE `user_id` = 'QCAQPF';
UPDATE `user_registration` SET left_downlines = left_downlines+1
WHERE `user_id` = 'QCAQPF';
UPDATE `user_registration` SET total_downlines = total_downlines+1
WHERE `user_id` = '2HJKJ8';
UPDATE `user_registration` SET left_downlines = left_downlines+1
WHERE `user_id` = '2HJKJ8';
UPDATE `user_registration` SET total_downlines = total_downlines+1
WHERE `user_id` = 'TAOC9S';
UPDATE `user_registration` SET left_downlines = left_downlines+1
WHERE `user_id` = 'TAOC9S';
UPDATE `user_registration` SET total_downlines = total_downlines+1
WHERE `user_id` = 'FJ73DP';
UPDATE `user_registration` SET left_downlines = left_downlines+1
WHERE `user_id` = 'FJ73DP';
UPDATE `user_registration` SET total_downlines = total_downlines+1
WHERE `user_id` = 'DOVI87';
UPDATE `user_registration` SET left_downlines = left_downlines+1
WHERE `user_id` = 'DOVI87';
UPDATE `user_registration` SET total_downlines = total_downlines+1
WHERE `user_id` = '2DKJUD';
UPDATE `user_registration` SET left_downlines = left_downlines+1
WHERE `user_id` = '2DKJUD';
UPDATE `user_registration` SET total_downlines = total_downlines+1
WHERE `user_id` = '3F1L3D';
UPDATE `user_registration` SET left_downlines = left_downlines+1
WHERE `user_id` = '3F1L3D';
UPDATE `user_registration` SET total_downlines = total_downlines+1
WHERE `user_id` = 'XYHOZ4';
UPDATE `user_registration` SET left_downlines = left_downlines+1
WHERE `user_id` = 'XYHOZ4';
UPDATE `user_registration` SET total_downlines = total_downlines+1
WHERE `user_id` = 'FEFAEE';
UPDATE `user_registration` SET left_downlines = left_downlines+1
WHERE `user_id` = 'FEFAEE';
UPDATE `user_registration` SET total_downlines = total_downlines+1
WHERE `user_id` = 'S8QNVM';
UPDATE `user_registration` SET left_downlines = left_downlines+1
WHERE `user_id` = 'S8QNVM';
UPDATE `user_registration` SET total_downlines = total_downlines+1
WHERE `user_id` = 'TKWQIW';
UPDATE `user_registration` SET left_downlines = left_downlines+1
WHERE `user_id` = 'TKWQIW';
UPDATE `user_registration` SET total_downlines = total_downlines+1
WHERE `user_id` = 'ADZTOG';
UPDATE `user_registration` SET left_downlines = left_downlines+1
WHERE `user_id` = 'ADZTOG';
UPDATE `user_registration` SET left_ref_count = left_ref_count+1
WHERE `user_id` = 'ADZTOG';
UPDATE `user_registration` SET active_left = active_left+1
WHERE `user_id` = 'ADZTOG';
UPDATE `user_registration` SET total_downlines = total_downlines+1
WHERE `user_id` = 'A9858P';
UPDATE `user_registration` SET right_downlines = right_downlines+1
WHERE `user_id` = 'A9858P';
UPDATE `user_registration` SET total_downlines = total_downlines+1
WHERE `user_id` = 'admin';
UPDATE `user_registration` SET right_downlines = right_downlines+1
WHERE `user_id` = 'admin';
INSERT INTO `investment` (`invest_date`, `user_id`, `type`, `amount`, `package_id`) VALUES ('2024-10-22 20:11:47', 'AC3DYW', 'register', '595', '2');
INSERT INTO `earnings` (`user_id`, `Purchaser_id`, `earning_type`, `package_id`, `amount`, `date`, `comments`, `invest_amount`, `comm_perc`, `level`, `rank_id`, `order_id`) VALUES ('ADZTOG', 'AC3DYW', 'Direct Referral Bonus', '2', '380', '2024-10-22 20:11:47', 'Direct Referral Bonus', 0, 0, 1, '', 1116);
UPDATE `user_registration` SET commission_balance = ROUND(commission_balance + 380,2)
WHERE `user_id` = 'ADZTOG';
UPDATE `user_registration` SET referral_bonus = ROUND(referral_bonus + 380,2)
WHERE `user_id` = 'ADZTOG';
UPDATE `user_registration` SET total_points = ROUND(total_points + 50,2)
WHERE `user_id` = 'AC3DYW';
INSERT INTO `points_history` (`user_id`, `points`, `type`, `date`) VALUES ('AC3DYW', '50', 'register', '2024-10-22 20:11:');
INSERT INTO `matrix_filling` (`placement_id`, `downline_id`, `level`, `matrix`) VALUES ('5YQJFN', 'AC3DYW', 1, 1);
UPDATE `bv_updation` SET left_carry = left_carry+50, total_left = total_left+50
WHERE `user_id` = '5YQJFN';
INSERT INTO `placement_bv_update_history` (`left_carry`, `date`, `from_id`, `user_id`) VALUES ('50', '2024-10-22 20:11:47', 'AC3DYW', '5YQJFN');
INSERT INTO `matrix_filling` (`placement_id`, `downline_id`, `level`, `matrix`) VALUES ('1TQB57', 'AC3DYW', 2, 1);
INSERT INTO `matrix_filling` (`placement_id`, `downline_id`, `level`, `matrix`) VALUES ('8A1VG5', 'AC3DYW', 3, 1);
UPDATE `bv_updation` SET left_carry = left_carry+50, total_left = total_left+50
WHERE `user_id` = '8A1VG5';
INSERT INTO `placement_bv_update_history` (`left_carry`, `date`, `from_id`, `user_id`) VALUES ('50', '2024-10-22 20:11:47', 'AC3DYW', '8A1VG5');
INSERT INTO `matrix_filling` (`placement_id`, `downline_id`, `level`, `matrix`) VALUES ('79H2DI', 'AC3DYW', 4, 1);
UPDATE `bv_updation` SET left_carry = left_carry+50, total_left = total_left+50
WHERE `user_id` = '79H2DI';
INSERT INTO `placement_bv_update_history` (`left_carry`, `date`, `from_id`, `user_id`) VALUES ('50', '2024-10-22 20:11:47', 'AC3DYW', '79H2DI');
INSERT INTO `matrix_filling` (`placement_id`, `downline_id`, `level`, `matrix`) VALUES ('VG8GQF', 'AC3DYW', 5, 1);
UPDATE `bv_updation` SET left_carry = left_carry+50, total_left = total_left+50
WHERE `user_id` = 'VG8GQF';
INSERT INTO `placement_bv_update_history` (`left_carry`, `date`, `from_id`, `user_id`) VALUES ('50', '2024-10-22 20:11:47', 'AC3DYW', 'VG8GQF');
INSERT INTO `matrix_filling` (`placement_id`, `downline_id`, `level`, `matrix`) VALUES ('KOHJJB', 'AC3DYW', 6, 1);
UPDATE `bv_updation` SET left_carry = left_carry+50, total_left = total_left+50
WHERE `user_id` = 'KOHJJB';
INSERT INTO `placement_bv_update_history` (`left_carry`, `date`, `from_id`, `user_id`) VALUES ('50', '2024-10-22 20:11:47', 'AC3DYW', 'KOHJJB');
INSERT INTO `matrix_filling` (`placement_id`, `downline_id`, `level`, `matrix`) VALUES ('MO8DWP', 'AC3DYW', 7, 1);
UPDATE `bv_updation` SET left_carry = left_carry+50, total_left = total_left+50
WHERE `user_id` = 'MO8DWP';
INSERT INTO `placement_bv_update_history` (`left_carry`, `date`, `from_id`, `user_id`) VALUES ('50', '2024-10-22 20:11:47', 'AC3DYW', 'MO8DWP');
INSERT INTO `matrix_filling` (`placement_id`, `downline_id`, `level`, `matrix`) VALUES ('B9E5QH', 'AC3DYW', 8, 1);
UPDATE `bv_updation` SET left_carry = left_carry+50, total_left = total_left+50
WHERE `user_id` = 'B9E5QH';
INSERT INTO `placement_bv_update_history` (`left_carry`, `date`, `from_id`, `user_id`) VALUES ('50', '2024-10-22 20:11:47', 'AC3DYW', 'B9E5QH');
INSERT INTO `matrix_filling` (`placement_id`, `downline_id`, `level`, `matrix`) VALUES ('51E18K', 'AC3DYW', 9, 1);
UPDATE `bv_updation` SET left_carry = left_carry+50, total_left = total_left+50
WHERE `user_id` = '51E18K';
INSERT INTO `placement_bv_update_history` (`left_carry`, `date`, `from_id`, `user_id`) VALUES ('50', '2024-10-22 20:11:47', 'AC3DYW', '51E18K');
INSERT INTO `matrix_filling` (`placement_id`, `downline_id`, `level`, `matrix`) VALUES ('ZT6Y9E', 'AC3DYW', 10, 1);
UPDATE `bv_updation` SET left_carry = left_carry+50, total_left = total_left+50
WHERE `user_id` = 'ZT6Y9E';
INSERT INTO `placement_bv_update_history` (`left_carry`, `date`, `from_id`, `user_id`) VALUES ('50', '2024-10-22 20:11:47', 'AC3DYW', 'ZT6Y9E');
INSERT INTO `matrix_filling` (`placement_id`, `downline_id`, `level`, `matrix`) VALUES ('M6OKXI', 'AC3DYW', 11, 1);
UPDATE `bv_updation` SET left_carry = left_carry+50, total_left = total_left+50
WHERE `user_id` = 'M6OKXI';
INSERT INTO `placement_bv_update_history` (`left_carry`, `date`, `from_id`, `user_id`) VALUES ('50', '2024-10-22 20:11:47', 'AC3DYW', 'M6OKXI');
INSERT INTO `matrix_filling` (`placement_id`, `downline_id`, `level`, `matrix`) VALUES ('BO42DH', 'AC3DYW', 12, 1);
UPDATE `bv_updation` SET left_carry = left_carry+50, total_left = total_left+50
WHERE `user_id` = 'BO42DH';
INSERT INTO `placement_bv_update_history` (`left_carry`, `date`, `from_id`, `user_id`) VALUES ('50', '2024-10-22 20:11:47', 'AC3DYW', 'BO42DH');
INSERT INTO `matrix_filling` (`placement_id`, `downline_id`, `level`, `matrix`) VALUES ('ULQDK3', 'AC3DYW', 13, 1);
UPDATE `bv_updation` SET left_carry = left_carry+50, total_left = total_left+50
WHERE `user_id` = 'ULQDK3';
INSERT INTO `placement_bv_update_history` (`left_carry`, `date`, `from_id`, `user_id`) VALUES ('50', '2024-10-22 20:11:47', 'AC3DYW', 'ULQDK3');
INSERT INTO `matrix_filling` (`placement_id`, `downline_id`, `level`, `matrix`) VALUES ('I6TFA9', 'AC3DYW', 14, 1);
UPDATE `bv_updation` SET left_carry = left_carry+50, total_left = total_left+50
WHERE `user_id` = 'I6TFA9';
INSERT INTO `placement_bv_update_history` (`left_carry`, `date`, `from_id`, `user_id`) VALUES ('50', '2024-10-22 20:11:47', 'AC3DYW', 'I6TFA9');
INSERT INTO `matrix_filling` (`placement_id`, `downline_id`, `level`, `matrix`) VALUES ('C7L627', 'AC3DYW', 15, 1);
UPDATE `bv_updation` SET left_carry = left_carry+50, total_left = total_left+50
WHERE `user_id` = 'C7L627';
INSERT INTO `placement_bv_update_history` (`left_carry`, `date`, `from_id`, `user_id`) VALUES ('50', '2024-10-22 20:11:47', 'AC3DYW', 'C7L627');
INSERT INTO `matrix_filling` (`placement_id`, `downline_id`, `level`, `matrix`) VALUES ('4LLCH4', 'AC3DYW', 16, 1);
UPDATE `bv_updation` SET left_carry = left_carry+50, total_left = total_left+50
WHERE `user_id` = '4LLCH4';
INSERT INTO `placement_bv_update_history` (`left_carry`, `date`, `from_id`, `user_id`) VALUES ('50', '2024-10-22 20:11:47', 'AC3DYW', '4LLCH4');
INSERT INTO `matrix_filling` (`placement_id`, `downline_id`, `level`, `matrix`) VALUES ('DROMSH', 'AC3DYW', 17, 1);
UPDATE `bv_updation` SET left_carry = left_carry+50, total_left = total_left+50
WHERE `user_id` = 'DROMSH';
INSERT INTO `placement_bv_update_history` (`left_carry`, `date`, `from_id`, `user_id`) VALUES ('50', '2024-10-22 20:11:47', 'AC3DYW', 'DROMSH');
INSERT INTO `matrix_filling` (`placement_id`, `downline_id`, `level`, `matrix`) VALUES ('95P58F', 'AC3DYW', 18, 1);
UPDATE `bv_updation` SET left_carry = left_carry+50, total_left = total_left+50
WHERE `user_id` = '95P58F';
INSERT INTO `placement_bv_update_history` (`left_carry`, `date`, `from_id`, `user_id`) VALUES ('50', '2024-10-22 20:11:47', 'AC3DYW', '95P58F');
INSERT INTO `matrix_filling` (`placement_id`, `downline_id`, `level`, `matrix`) VALUES ('BVZKNY', 'AC3DYW', 19, 1);
UPDATE `bv_updation` SET left_carry = left_carry+50, total_left = total_left+50
WHERE `user_id` = 'BVZKNY';
INSERT INTO `placement_bv_update_history` (`left_carry`, `date`, `from_id`, `user_id`) VALUES ('50', '2024-10-22 20:11:47', 'AC3DYW', 'BVZKNY');
INSERT INTO `matrix_filling` (`placement_id`, `downline_id`, `level`, `matrix`) VALUES ('A97X6P', 'AC3DYW', 20, 1);
UPDATE `bv_updation` SET left_carry = left_carry+50, total_left = total_left+50
WHERE `user_id` = 'A97X6P';
INSERT INTO `placement_bv_update_history` (`left_carry`, `date`, `from_id`, `user_id`) VALUES ('50', '2024-10-22 20:11:47', 'AC3DYW', 'A97X6P');
INSERT INTO `matrix_filling` (`placement_id`, `downline_id`, `level`, `matrix`) VALUES ('FSZULY', 'AC3DYW', 21, 1);
UPDATE `bv_updation` SET left_carry = left_carry+50, total_left = total_left+50
WHERE `user_id` = 'FSZULY';
INSERT INTO `placement_bv_update_history` (`left_carry`, `date`, `from_id`, `user_id`) VALUES ('50', '2024-10-22 20:11:47', 'AC3DYW', 'FSZULY');
INSERT INTO `matrix_filling` (`placement_id`, `downline_id`, `level`, `matrix`) VALUES ('QCAQPF', 'AC3DYW', 22, 1);
UPDATE `bv_updation` SET left_carry = left_carry+50, total_left = total_left+50
WHERE `user_id` = 'QCAQPF';
INSERT INTO `placement_bv_update_history` (`left_carry`, `date`, `from_id`, `user_id`) VALUES ('50', '2024-10-22 20:11:47', 'AC3DYW', 'QCAQPF');
INSERT INTO `matrix_filling` (`placement_id`, `downline_id`, `level`, `matrix`) VALUES ('2HJKJ8', 'AC3DYW', 23, 1);
UPDATE `bv_updation` SET left_carry = left_carry+50, total_left = total_left+50
WHERE `user_id` = '2HJKJ8';
INSERT INTO `placement_bv_update_history` (`left_carry`, `date`, `from_id`, `user_id`) VALUES ('50', '2024-10-22 20:11:47', 'AC3DYW', '2HJKJ8');
INSERT INTO `matrix_filling` (`placement_id`, `downline_id`, `level`, `matrix`) VALUES ('TAOC9S', 'AC3DYW', 24, 1);
UPDATE `bv_updation` SET left_carry = left_carry+50, total_left = total_left+50
WHERE `user_id` = 'TAOC9S';
INSERT INTO `placement_bv_update_history` (`left_carry`, `date`, `from_id`, `user_id`) VALUES ('50', '2024-10-22 20:11:47', 'AC3DYW', 'TAOC9S');
INSERT INTO `matrix_filling` (`placement_id`, `downline_id`, `level`, `matrix`) VALUES ('FJ73DP', 'AC3DYW', 25, 1);
UPDATE `bv_updation` SET left_carry = left_carry+50, total_left = total_left+50
WHERE `user_id` = 'FJ73DP';
INSERT INTO `placement_bv_update_history` (`left_carry`, `date`, `from_id`, `user_id`) VALUES ('50', '2024-10-22 20:11:47', 'AC3DYW', 'FJ73DP');
INSERT INTO `matrix_filling` (`placement_id`, `downline_id`, `level`, `matrix`) VALUES ('DOVI87', 'AC3DYW', 26, 1);
UPDATE `bv_updation` SET left_carry = left_carry+50, total_left = total_left+50
WHERE `user_id` = 'DOVI87';
INSERT INTO `placement_bv_update_history` (`left_carry`, `date`, `from_id`, `user_id`) VALUES ('50', '2024-10-22 20:11:47', 'AC3DYW', 'DOVI87');
INSERT INTO `matrix_filling` (`placement_id`, `downline_id`, `level`, `matrix`) VALUES ('2DKJUD', 'AC3DYW', 27, 1);
UPDATE `bv_updation` SET left_carry = left_carry+50, total_left = total_left+50
WHERE `user_id` = '2DKJUD';
INSERT INTO `placement_bv_update_history` (`left_carry`, `date`, `from_id`, `user_id`) VALUES ('50', '2024-10-22 20:11:47', 'AC3DYW', '2DKJUD');
INSERT INTO `matrix_filling` (`placement_id`, `downline_id`, `level`, `matrix`) VALUES ('3F1L3D', 'AC3DYW', 28, 1);
UPDATE `bv_updation` SET left_carry = left_carry+50, total_left = total_left+50
WHERE `user_id` = '3F1L3D';
INSERT INTO `placement_bv_update_history` (`left_carry`, `date`, `from_id`, `user_id`) VALUES ('50', '2024-10-22 20:11:47', 'AC3DYW', '3F1L3D');
INSERT INTO `matrix_filling` (`placement_id`, `downline_id`, `level`, `matrix`) VALUES ('XYHOZ4', 'AC3DYW', 29, 1);
UPDATE `bv_updation` SET left_carry = left_carry+50, total_left = total_left+50
WHERE `user_id` = 'XYHOZ4';
INSERT INTO `placement_bv_update_history` (`left_carry`, `date`, `from_id`, `user_id`) VALUES ('50', '2024-10-22 20:11:47', 'AC3DYW', 'XYHOZ4');
INSERT INTO `matrix_filling` (`placement_id`, `downline_id`, `level`, `matrix`) VALUES ('FEFAEE', 'AC3DYW', 30, 1);
UPDATE `bv_updation` SET left_carry = left_carry+50, total_left = total_left+50
WHERE `user_id` = 'FEFAEE';
INSERT INTO `placement_bv_update_history` (`left_carry`, `date`, `from_id`, `user_id`) VALUES ('50', '2024-10-22 20:11:47', 'AC3DYW', 'FEFAEE');
INSERT INTO `matrix_filling` (`placement_id`, `downline_id`, `level`, `matrix`) VALUES ('S8QNVM', 'AC3DYW', 31, 1);
UPDATE `bv_updation` SET left_carry = left_carry+50, total_left = total_left+50
WHERE `user_id` = 'S8QNVM';
INSERT INTO `placement_bv_update_history` (`left_carry`, `date`, `from_id`, `user_id`) VALUES ('50', '2024-10-22 20:11:47', 'AC3DYW', 'S8QNVM');
INSERT INTO `matrix_filling` (`placement_id`, `downline_id`, `level`, `matrix`) VALUES ('TKWQIW', 'AC3DYW', 32, 1);
UPDATE `bv_updation` SET left_carry = left_carry+50, total_left = total_left+50
WHERE `user_id` = 'TKWQIW';
INSERT INTO `placement_bv_update_history` (`left_carry`, `date`, `from_id`, `user_id`) VALUES ('50', '2024-10-22 20:11:47', 'AC3DYW', 'TKWQIW');
INSERT INTO `matrix_filling` (`placement_id`, `downline_id`, `level`, `matrix`) VALUES ('ADZTOG', 'AC3DYW', 33, 1);
UPDATE `bv_updation` SET left_carry = left_carry+50, total_left = total_left+50
WHERE `user_id` = 'ADZTOG';
INSERT INTO `placement_bv_update_history` (`left_carry`, `date`, `from_id`, `user_id`) VALUES ('50', '2024-10-22 20:11:47', 'AC3DYW', 'ADZTOG');
UPDATE `bv_updation` SET sponsor_left_carry = sponsor_left_carry+50, sponsor_total_left = sponsor_total_left+50
WHERE `user_id` = 'ADZTOG';
INSERT INTO `sponsor_bv_update_history` (`left_carry`, `date`, `user_id`) VALUES ('50', '2024-10-22 20:11:47', 'ADZTOG');
INSERT INTO `matrix_filling` (`placement_id`, `downline_id`, `level`, `matrix`) VALUES ('A9858P', 'AC3DYW', 34, 1);
UPDATE `bv_updation` SET right_carry = right_carry+50, total_right = total_right+50
WHERE `user_id` = 'A9858P';
INSERT INTO `placement_bv_update_history` (`right_carry`, `date`, `from_id`, `user_id`) VALUES ('50', '2024-10-22 20:11:47', 'AC3DYW', 'A9858P');
INSERT INTO `matrix_filling` (`placement_id`, `downline_id`, `level`, `matrix`) VALUES ('admin', 'AC3DYW', 35, 1);
UPDATE `bv_updation` SET right_carry = right_carry+50, total_right = total_right+50
WHERE `user_id` = 'admin';
INSERT INTO `placement_bv_update_history` (`right_carry`, `date`, `from_id`, `user_id`) VALUES ('50', '2024-10-22 20:11:47', 'AC3DYW', 'admin');
INSERT INTO `package_purchase_history` (`user_id`, `package_id`, `reg_fee`, `package_name`, `monthly_fee`, `type`, `date`, `payment_option`) VALUES ('AC3DYW', '2', '595', 'Traveler Pro', '150', 'sign_up', '2024-10-22 20:11:47', 'free');
UPDATE `user_registration` SET `popup_seen` = 'no'
WHERE `user_id` = 'ADZTOG';
DELETE FROM `ci_sessions`
WHERE `id` = '7ba86efc9da4f430ef7bd8a752cbd95871a81059';
INSERT INTO `login_history` (`user_id`, `device`, `ip_address`, `date`) VALUES ('7RY1ZP', 'Mozilla/5.0 (Windows NT 10.0; Win64; x64) AppleWebKit/537.36 (KHTML, like Gecko) Chrome/130.0.0.0 Safari/537.36', '172.69.180.169', '24-10-22 20:12');
UPDATE `user_registration` SET `popup_seen` = 'yes'
WHERE `user_id` = '7RY1ZP';
UPDATE `user_registration` SET `default_leg` = 'right'
WHERE `user_id` = '7RY1ZP';
UPDATE `user_registration` SET `uid` = '3211', `user_id` = 'C8DP26', `username` = 'antero3', `sponsor_id` = '7RY1ZP', `vacant` = 'no', `f_name` = 'Antero', `l_name` = 'Ramirez', `address` = '6520 Kendale Lakes Dr', `position` = 'right', `email` = 'antero3@gmail.com', `password` = '92df1f5299e3ebc7e041ca82cc44d37a', `phone` = '3057610606', `country` = 'United States', `state` = 'Florida', `city` = 'Miami', `street` = '6520 Kendale Lakes Dr', `zip_code` = '33183', `reg_ip` = '172.69.180.169', `status` = 1, `package_id` = '2', `rank_id` = 1, `highest_rank` = 1, `cycle_rank_id` = 1, `created` = '2024-10-22 20:15:25', `subscription_date` = '2024-11-21', `google_secret` = 'MJGDYEEMIIOJ6XOF'
WHERE `uid` = '3211';
INSERT INTO `user_registration` (`uid`, `user_id`, `username`, `sponsor_id`, `placement_id`, `vacant`, `f_name`, `l_name`, `address`, `position`, `email`, `password`, `phone`, `reg_ip`, `status`, `created`) VALUES (NULL, 'ZKFSQQ', 'ipAmuVcK', 'C8DP26', 'C8DP26', 'yes', '', '', '', 'left', '@mail.com', '', '', '', 0, '2024-10-22 20:15:25');
INSERT INTO `user_registration` (`uid`, `user_id`, `username`, `sponsor_id`, `placement_id`, `vacant`, `f_name`, `l_name`, `address`, `position`, `email`, `password`, `phone`, `reg_ip`, `status`, `created`) VALUES (NULL, 'DFRUSY', 'sHguykfX', 'C8DP26', 'C8DP26', 'yes', '', '', '', 'right', '@mail.com', '', '', '', 0, '2024-10-22 20:15:25');
INSERT INTO `bv_updation` (`user_id`) VALUES ('C8DP26');
UPDATE `user_registration` SET total_ref_count = total_ref_count+1
WHERE `user_id` = '7RY1ZP';
UPDATE `user_registration` SET total_downlines = total_downlines+1
WHERE `user_id` = 'AA7QJU';
UPDATE `user_registration` SET right_downlines = right_downlines+1
WHERE `user_id` = 'AA7QJU';
UPDATE `user_registration` SET total_downlines = total_downlines+1
WHERE `user_id` = 'ICJCIY';
UPDATE `user_registration` SET right_downlines = right_downlines+1
WHERE `user_id` = 'ICJCIY';
UPDATE `user_registration` SET total_downlines = total_downlines+1
WHERE `user_id` = 'Y3CXJ5';
UPDATE `user_registration` SET right_downlines = right_downlines+1
WHERE `user_id` = 'Y3CXJ5';
UPDATE `user_registration` SET total_downlines = total_downlines+1
WHERE `user_id` = '3YUWLW';
UPDATE `user_registration` SET right_downlines = right_downlines+1
WHERE `user_id` = '3YUWLW';
UPDATE `user_registration` SET total_downlines = total_downlines+1
WHERE `user_id` = '4KIJ2E';
UPDATE `user_registration` SET right_downlines = right_downlines+1
WHERE `user_id` = '4KIJ2E';
UPDATE `user_registration` SET total_downlines = total_downlines+1
WHERE `user_id` = 'EE1UN4';
UPDATE `user_registration` SET right_downlines = right_downlines+1
WHERE `user_id` = 'EE1UN4';
UPDATE `user_registration` SET total_downlines = total_downlines+1
WHERE `user_id` = '3O7H93';
UPDATE `user_registration` SET right_downlines = right_downlines+1
WHERE `user_id` = '3O7H93';
UPDATE `user_registration` SET total_downlines = total_downlines+1
WHERE `user_id` = '3T89GF';
UPDATE `user_registration` SET right_downlines = right_downlines+1
WHERE `user_id` = '3T89GF';
UPDATE `user_registration` SET total_downlines = total_downlines+1
WHERE `user_id` = 'KHJA9E';
UPDATE `user_registration` SET right_downlines = right_downlines+1
WHERE `user_id` = 'KHJA9E';
UPDATE `user_registration` SET total_downlines = total_downlines+1
WHERE `user_id` = '966LYO';
UPDATE `user_registration` SET right_downlines = right_downlines+1
WHERE `user_id` = '966LYO';
UPDATE `user_registration` SET total_downlines = total_downlines+1
WHERE `user_id` = '5B1VW3';
UPDATE `user_registration` SET right_downlines = right_downlines+1
WHERE `user_id` = '5B1VW3';
UPDATE `user_registration` SET total_downlines = total_downlines+1
WHERE `user_id` = 'L25XUP';
UPDATE `user_registration` SET right_downlines = right_downlines+1
WHERE `user_id` = 'L25XUP';
UPDATE `user_registration` SET total_downlines = total_downlines+1
WHERE `user_id` = 'Q2XJG9';
UPDATE `user_registration` SET right_downlines = right_downlines+1
WHERE `user_id` = 'Q2XJG9';
UPDATE `user_registration` SET total_downlines = total_downlines+1
WHERE `user_id` = 'K8ZAI8';
UPDATE `user_registration` SET right_downlines = right_downlines+1
WHERE `user_id` = 'K8ZAI8';
UPDATE `user_registration` SET total_downlines = total_downlines+1
WHERE `user_id` = 'DWN1GM';
UPDATE `user_registration` SET right_downlines = right_downlines+1
WHERE `user_id` = 'DWN1GM';
UPDATE `user_registration` SET total_downlines = total_downlines+1
WHERE `user_id` = 'M4JHI6';
UPDATE `user_registration` SET right_downlines = right_downlines+1
WHERE `user_id` = 'M4JHI6';
UPDATE `user_registration` SET total_downlines = total_downlines+1
WHERE `user_id` = '2T7SHX';
UPDATE `user_registration` SET right_downlines = right_downlines+1
WHERE `user_id` = '2T7SHX';
UPDATE `user_registration` SET total_downlines = total_downlines+1
WHERE `user_id` = 'NCBNB7';
UPDATE `user_registration` SET right_downlines = right_downlines+1
WHERE `user_id` = 'NCBNB7';
UPDATE `user_registration` SET total_downlines = total_downlines+1
WHERE `user_id` = '7OMBZZ';
UPDATE `user_registration` SET right_downlines = right_downlines+1
WHERE `user_id` = '7OMBZZ';
UPDATE `user_registration` SET total_downlines = total_downlines+1
WHERE `user_id` = 'D4MUZF';
UPDATE `user_registration` SET right_downlines = right_downlines+1
WHERE `user_id` = 'D4MUZF';
UPDATE `user_registration` SET total_downlines = total_downlines+1
WHERE `user_id` = 'TFBSJD';
UPDATE `user_registration` SET right_downlines = right_downlines+1
WHERE `user_id` = 'TFBSJD';
UPDATE `user_registration` SET total_downlines = total_downlines+1
WHERE `user_id` = 'SAMRO4';
UPDATE `user_registration` SET right_downlines = right_downlines+1
WHERE `user_id` = 'SAMRO4';
UPDATE `user_registration` SET total_downlines = total_downlines+1
WHERE `user_id` = 'IBJJQ1';
UPDATE `user_registration` SET right_downlines = right_downlines+1
WHERE `user_id` = 'IBJJQ1';
UPDATE `user_registration` SET total_downlines = total_downlines+1
WHERE `user_id` = 'OMXRAR';
UPDATE `user_registration` SET right_downlines = right_downlines+1
WHERE `user_id` = 'OMXRAR';
UPDATE `user_registration` SET total_downlines = total_downlines+1
WHERE `user_id` = 'Q56GXF';
UPDATE `user_registration` SET right_downlines = right_downlines+1
WHERE `user_id` = 'Q56GXF';
UPDATE `user_registration` SET total_downlines = total_downlines+1
WHERE `user_id` = '92IZBZ';
UPDATE `user_registration` SET right_downlines = right_downlines+1
WHERE `user_id` = '92IZBZ';
UPDATE `user_registration` SET total_downlines = total_downlines+1
WHERE `user_id` = 'QY2H3W';
UPDATE `user_registration` SET right_downlines = right_downlines+1
WHERE `user_id` = 'QY2H3W';
UPDATE `user_registration` SET total_downlines = total_downlines+1
WHERE `user_id` = 'RP75RM';
UPDATE `user_registration` SET right_downlines = right_downlines+1
WHERE `user_id` = 'RP75RM';
UPDATE `user_registration` SET total_downlines = total_downlines+1
WHERE `user_id` = 'VNQHLP';
UPDATE `user_registration` SET right_downlines = right_downlines+1
WHERE `user_id` = 'VNQHLP';
UPDATE `user_registration` SET total_downlines = total_downlines+1
WHERE `user_id` = 'EC31SX';
UPDATE `user_registration` SET right_downlines = right_downlines+1
WHERE `user_id` = 'EC31SX';
UPDATE `user_registration` SET total_downlines = total_downlines+1
WHERE `user_id` = 'QU5UIO';
UPDATE `user_registration` SET right_downlines = right_downlines+1
WHERE `user_id` = 'QU5UIO';
UPDATE `user_registration` SET total_downlines = total_downlines+1
WHERE `user_id` = 'HSIWG4';
UPDATE `user_registration` SET right_downlines = right_downlines+1
WHERE `user_id` = 'HSIWG4';
UPDATE `user_registration` SET total_downlines = total_downlines+1
WHERE `user_id` = 'VYJGYM';
UPDATE `user_registration` SET right_downlines = right_downlines+1
WHERE `user_id` = 'VYJGYM';
UPDATE `user_registration` SET total_downlines = total_downlines+1
WHERE `user_id` = 'WJZ9NZ';
UPDATE `user_registration` SET right_downlines = right_downlines+1
WHERE `user_id` = 'WJZ9NZ';
UPDATE `user_registration` SET total_downlines = total_downlines+1
WHERE `user_id` = 'RBXHP6';
UPDATE `user_registration` SET right_downlines = right_downlines+1
WHERE `user_id` = 'RBXHP6';
UPDATE `user_registration` SET total_downlines = total_downlines+1
WHERE `user_id` = 'Y2J232';
UPDATE `user_registration` SET right_downlines = right_downlines+1
WHERE `user_id` = 'Y2J232';
UPDATE `user_registration` SET total_downlines = total_downlines+1
WHERE `user_id` = 'XR5NOP';
UPDATE `user_registration` SET right_downlines = right_downlines+1
WHERE `user_id` = 'XR5NOP';
UPDATE `user_registration` SET total_downlines = total_downlines+1
WHERE `user_id` = 'HXPFM1';
UPDATE `user_registration` SET right_downlines = right_downlines+1
WHERE `user_id` = 'HXPFM1';
UPDATE `user_registration` SET total_downlines = total_downlines+1
WHERE `user_id` = 'SHIOTF';
UPDATE `user_registration` SET right_downlines = right_downlines+1
WHERE `user_id` = 'SHIOTF';
UPDATE `user_registration` SET total_downlines = total_downlines+1
WHERE `user_id` = '4YA81C';
UPDATE `user_registration` SET right_downlines = right_downlines+1
WHERE `user_id` = '4YA81C';
UPDATE `user_registration` SET total_downlines = total_downlines+1
WHERE `user_id` = 'G1CDHO';
UPDATE `user_registration` SET right_downlines = right_downlines+1
WHERE `user_id` = 'G1CDHO';
UPDATE `user_registration` SET total_downlines = total_downlines+1
WHERE `user_id` = '9NGWQG';
UPDATE `user_registration` SET right_downlines = right_downlines+1
WHERE `user_id` = '9NGWQG';
UPDATE `user_registration` SET total_downlines = total_downlines+1
WHERE `user_id` = 'R6J8K1';
UPDATE `user_registration` SET right_downlines = right_downlines+1
WHERE `user_id` = 'R6J8K1';
UPDATE `user_registration` SET total_downlines = total_downlines+1
WHERE `user_id` = 'G6ZQNS';
UPDATE `user_registration` SET right_downlines = right_downlines+1
WHERE `user_id` = 'G6ZQNS';
UPDATE `user_registration` SET total_downlines = total_downlines+1
WHERE `user_id` = 'M4FVZR';
UPDATE `user_registration` SET right_downlines = right_downlines+1
WHERE `user_id` = 'M4FVZR';
UPDATE `user_registration` SET total_downlines = total_downlines+1
WHERE `user_id` = '5ZLRWM';
UPDATE `user_registration` SET right_downlines = right_downlines+1
WHERE `user_id` = '5ZLRWM';
UPDATE `user_registration` SET total_downlines = total_downlines+1
WHERE `user_id` = 'JPDLRK';
UPDATE `user_registration` SET right_downlines = right_downlines+1
WHERE `user_id` = 'JPDLRK';
UPDATE `user_registration` SET total_downlines = total_downlines+1
WHERE `user_id` = 'FGURJ3';
UPDATE `user_registration` SET right_downlines = right_downlines+1
WHERE `user_id` = 'FGURJ3';
UPDATE `user_registration` SET total_downlines = total_downlines+1
WHERE `user_id` = 'L2ZCMP';
UPDATE `user_registration` SET right_downlines = right_downlines+1
WHERE `user_id` = 'L2ZCMP';
UPDATE `user_registration` SET total_downlines = total_downlines+1
WHERE `user_id` = 'XOJI6Y';
UPDATE `user_registration` SET right_downlines = right_downlines+1
WHERE `user_id` = 'XOJI6Y';
UPDATE `user_registration` SET total_downlines = total_downlines+1
WHERE `user_id` = 'Z6E2C9';
UPDATE `user_registration` SET right_downlines = right_downlines+1
WHERE `user_id` = 'Z6E2C9';
UPDATE `user_registration` SET total_downlines = total_downlines+1
WHERE `user_id` = 'VT4PXI';
UPDATE `user_registration` SET right_downlines = right_downlines+1
WHERE `user_id` = 'VT4PXI';
UPDATE `user_registration` SET total_downlines = total_downlines+1
WHERE `user_id` = 'QKHYPY';
UPDATE `user_registration` SET right_downlines = right_downlines+1
WHERE `user_id` = 'QKHYPY';
UPDATE `user_registration` SET total_downlines = total_downlines+1
WHERE `user_id` = 'LN7PEK';
UPDATE `user_registration` SET right_downlines = right_downlines+1
WHERE `user_id` = 'LN7PEK';
UPDATE `user_registration` SET total_downlines = total_downlines+1
WHERE `user_id` = 'LYDDQ5';
UPDATE `user_registration` SET right_downlines = right_downlines+1
WHERE `user_id` = 'LYDDQ5';
UPDATE `user_registration` SET total_downlines = total_downlines+1
WHERE `user_id` = '6UO8TB';
UPDATE `user_registration` SET right_downlines = right_downlines+1
WHERE `user_id` = '6UO8TB';
UPDATE `user_registration` SET total_downlines = total_downlines+1
WHERE `user_id` = 'GPRO3Q';
UPDATE `user_registration` SET right_downlines = right_downlines+1
WHERE `user_id` = 'GPRO3Q';
UPDATE `user_registration` SET total_downlines = total_downlines+1
WHERE `user_id` = 'MBPRQB';
UPDATE `user_registration` SET right_downlines = right_downlines+1
WHERE `user_id` = 'MBPRQB';
UPDATE `user_registration` SET total_downlines = total_downlines+1
WHERE `user_id` = 'X1RH6U';
UPDATE `user_registration` SET right_downlines = right_downlines+1
WHERE `user_id` = 'X1RH6U';
UPDATE `user_registration` SET total_downlines = total_downlines+1
WHERE `user_id` = 'HHALCM';
UPDATE `user_registration` SET right_downlines = right_downlines+1
WHERE `user_id` = 'HHALCM';
UPDATE `user_registration` SET total_downlines = total_downlines+1
WHERE `user_id` = '7WQBA7';
UPDATE `user_registration` SET right_downlines = right_downlines+1
WHERE `user_id` = '7WQBA7';
UPDATE `user_registration` SET total_downlines = total_downlines+1
WHERE `user_id` = 'QPNZO1';
UPDATE `user_registration` SET right_downlines = right_downlines+1
WHERE `user_id` = 'QPNZO1';
UPDATE `user_registration` SET total_downlines = total_downlines+1
WHERE `user_id` = 'KCF78M';
UPDATE `user_registration` SET right_downlines = right_downlines+1
WHERE `user_id` = 'KCF78M';
UPDATE `user_registration` SET total_downlines = total_downlines+1
WHERE `user_id` = '7RY1ZP';
UPDATE `user_registration` SET right_downlines = right_downlines+1
WHERE `user_id` = '7RY1ZP';
UPDATE `user_registration` SET right_ref_count = right_ref_count+1
WHERE `user_id` = '7RY1ZP';
UPDATE `user_registration` SET active_right = active_right+1
WHERE `user_id` = '7RY1ZP';
UPDATE `user_registration` SET total_downlines = total_downlines+1
WHERE `user_id` = 'ADZTOG';
UPDATE `user_registration` SET right_downlines = right_downlines+1
WHERE `user_id` = 'ADZTOG';
UPDATE `user_registration` SET total_downlines = total_downlines+1
WHERE `user_id` = 'A9858P';
UPDATE `user_registration` SET right_downlines = right_downlines+1
WHERE `user_id` = 'A9858P';
UPDATE `user_registration` SET total_downlines = total_downlines+1
WHERE `user_id` = 'admin';
UPDATE `user_registration` SET right_downlines = right_downlines+1
WHERE `user_id` = 'admin';
INSERT INTO `investment` (`invest_date`, `user_id`, `type`, `amount`, `package_id`) VALUES ('2024-10-22 20:15:25', 'C8DP26', 'register', '595', '2');
INSERT INTO `earnings` (`user_id`, `Purchaser_id`, `earning_type`, `package_id`, `amount`, `date`, `comments`, `invest_amount`, `comm_perc`, `level`, `rank_id`, `order_id`) VALUES ('7RY1ZP', 'C8DP26', 'Direct Referral Bonus', '2', '340', '2024-10-22 20:15:25', 'Direct Referral Bonus', 0, 0, 1, '', 1117);
UPDATE `user_registration` SET commission_balance = ROUND(commission_balance + 340,2)
WHERE `user_id` = '7RY1ZP';
UPDATE `user_registration` SET referral_bonus = ROUND(referral_bonus + 340,2)
WHERE `user_id` = '7RY1ZP';
INSERT INTO `earnings` (`user_id`, `Purchaser_id`, `earning_type`, `package_id`, `amount`, `date`, `comments`, `invest_amount`, `comm_perc`, `level`, `rank_id`, `order_id`) VALUES ('ADZTOG', 'C8DP26', 'Expansion Bonus', '2', 40, '2024-10-22 20:15:25', 'Expansion Bonus', '340', 0, 1, '', 1117);
UPDATE `user_registration` SET commission_balance = ROUND(commission_balance + 40,2)
WHERE `user_id` = 'ADZTOG';
UPDATE `user_registration` SET expansion_bonus = ROUND(expansion_bonus + 40,2)
WHERE `user_id` = 'ADZTOG';
UPDATE `user_registration` SET total_points = ROUND(total_points + 50,2)
WHERE `user_id` = 'C8DP26';
INSERT INTO `points_history` (`user_id`, `points`, `type`, `date`) VALUES ('C8DP26', '50', 'register', '2024-10-22 20:15:');
INSERT INTO `matrix_filling` (`placement_id`, `downline_id`, `level`, `matrix`) VALUES ('AA7QJU', 'C8DP26', 1, 1);
UPDATE `bv_updation` SET right_carry = right_carry+50, total_right = total_right+50
WHERE `user_id` = 'AA7QJU';
INSERT INTO `placement_bv_update_history` (`right_carry`, `date`, `from_id`, `user_id`) VALUES ('50', '2024-10-22 20:15:25', 'C8DP26', 'AA7QJU');
INSERT INTO `matrix_filling` (`placement_id`, `downline_id`, `level`, `matrix`) VALUES ('ICJCIY', 'C8DP26', 2, 1);
UPDATE `bv_updation` SET right_carry = right_carry+50, total_right = total_right+50
WHERE `user_id` = 'ICJCIY';
INSERT INTO `placement_bv_update_history` (`right_carry`, `date`, `from_id`, `user_id`) VALUES ('50', '2024-10-22 20:15:25', 'C8DP26', 'ICJCIY');
INSERT INTO `matrix_filling` (`placement_id`, `downline_id`, `level`, `matrix`) VALUES ('Y3CXJ5', 'C8DP26', 3, 1);
UPDATE `bv_updation` SET right_carry = right_carry+50, total_right = total_right+50
WHERE `user_id` = 'Y3CXJ5';
INSERT INTO `placement_bv_update_history` (`right_carry`, `date`, `from_id`, `user_id`) VALUES ('50', '2024-10-22 20:15:25', 'C8DP26', 'Y3CXJ5');
INSERT INTO `matrix_filling` (`placement_id`, `downline_id`, `level`, `matrix`) VALUES ('3YUWLW', 'C8DP26', 4, 1);
UPDATE `bv_updation` SET right_carry = right_carry+50, total_right = total_right+50
WHERE `user_id` = '3YUWLW';
INSERT INTO `placement_bv_update_history` (`right_carry`, `date`, `from_id`, `user_id`) VALUES ('50', '2024-10-22 20:15:25', 'C8DP26', '3YUWLW');
INSERT INTO `matrix_filling` (`placement_id`, `downline_id`, `level`, `matrix`) VALUES ('4KIJ2E', 'C8DP26', 5, 1);
UPDATE `bv_updation` SET right_carry = right_carry+50, total_right = total_right+50
WHERE `user_id` = '4KIJ2E';
INSERT INTO `placement_bv_update_history` (`right_carry`, `date`, `from_id`, `user_id`) VALUES ('50', '2024-10-22 20:15:25', 'C8DP26', '4KIJ2E');
INSERT INTO `matrix_filling` (`placement_id`, `downline_id`, `level`, `matrix`) VALUES ('EE1UN4', 'C8DP26', 6, 1);
UPDATE `bv_updation` SET right_carry = right_carry+50, total_right = total_right+50
WHERE `user_id` = 'EE1UN4';
INSERT INTO `placement_bv_update_history` (`right_carry`, `date`, `from_id`, `user_id`) VALUES ('50', '2024-10-22 20:15:25', 'C8DP26', 'EE1UN4');
INSERT INTO `matrix_filling` (`placement_id`, `downline_id`, `level`, `matrix`) VALUES ('3O7H93', 'C8DP26', 7, 1);
UPDATE `bv_updation` SET right_carry = right_carry+50, total_right = total_right+50
WHERE `user_id` = '3O7H93';
INSERT INTO `placement_bv_update_history` (`right_carry`, `date`, `from_id`, `user_id`) VALUES ('50', '2024-10-22 20:15:25', 'C8DP26', '3O7H93');
INSERT INTO `matrix_filling` (`placement_id`, `downline_id`, `level`, `matrix`) VALUES ('3T89GF', 'C8DP26', 8, 1);
UPDATE `bv_updation` SET right_carry = right_carry+50, total_right = total_right+50
WHERE `user_id` = '3T89GF';
INSERT INTO `placement_bv_update_history` (`right_carry`, `date`, `from_id`, `user_id`) VALUES ('50', '2024-10-22 20:15:25', 'C8DP26', '3T89GF');
INSERT INTO `matrix_filling` (`placement_id`, `downline_id`, `level`, `matrix`) VALUES ('KHJA9E', 'C8DP26', 9, 1);
UPDATE `bv_updation` SET right_carry = right_carry+50, total_right = total_right+50
WHERE `user_id` = 'KHJA9E';
INSERT INTO `placement_bv_update_history` (`right_carry`, `date`, `from_id`, `user_id`) VALUES ('50', '2024-10-22 20:15:25', 'C8DP26', 'KHJA9E');
INSERT INTO `matrix_filling` (`placement_id`, `downline_id`, `level`, `matrix`) VALUES ('966LYO', 'C8DP26', 10, 1);
UPDATE `bv_updation` SET right_carry = right_carry+50, total_right = total_right+50
WHERE `user_id` = '966LYO';
INSERT INTO `placement_bv_update_history` (`right_carry`, `date`, `from_id`, `user_id`) VALUES ('50', '2024-10-22 20:15:25', 'C8DP26', '966LYO');
INSERT INTO `matrix_filling` (`placement_id`, `downline_id`, `level`, `matrix`) VALUES ('5B1VW3', 'C8DP26', 11, 1);
UPDATE `bv_updation` SET right_carry = right_carry+50, total_right = total_right+50
WHERE `user_id` = '5B1VW3';
INSERT INTO `placement_bv_update_history` (`right_carry`, `date`, `from_id`, `user_id`) VALUES ('50', '2024-10-22 20:15:25', 'C8DP26', '5B1VW3');
INSERT INTO `matrix_filling` (`placement_id`, `downline_id`, `level`, `matrix`) VALUES ('L25XUP', 'C8DP26', 12, 1);
UPDATE `bv_updation` SET right_carry = right_carry+50, total_right = total_right+50
WHERE `user_id` = 'L25XUP';
INSERT INTO `placement_bv_update_history` (`right_carry`, `date`, `from_id`, `user_id`) VALUES ('50', '2024-10-22 20:15:25', 'C8DP26', 'L25XUP');
INSERT INTO `matrix_filling` (`placement_id`, `downline_id`, `level`, `matrix`) VALUES ('Q2XJG9', 'C8DP26', 13, 1);
UPDATE `bv_updation` SET right_carry = right_carry+50, total_right = total_right+50
WHERE `user_id` = 'Q2XJG9';
INSERT INTO `placement_bv_update_history` (`right_carry`, `date`, `from_id`, `user_id`) VALUES ('50', '2024-10-22 20:15:25', 'C8DP26', 'Q2XJG9');
INSERT INTO `matrix_filling` (`placement_id`, `downline_id`, `level`, `matrix`) VALUES ('K8ZAI8', 'C8DP26', 14, 1);
UPDATE `bv_updation` SET right_carry = right_carry+50, total_right = total_right+50
WHERE `user_id` = 'K8ZAI8';
INSERT INTO `placement_bv_update_history` (`right_carry`, `date`, `from_id`, `user_id`) VALUES ('50', '2024-10-22 20:15:25', 'C8DP26', 'K8ZAI8');
INSERT INTO `matrix_filling` (`placement_id`, `downline_id`, `level`, `matrix`) VALUES ('DWN1GM', 'C8DP26', 15, 1);
UPDATE `bv_updation` SET right_carry = right_carry+50, total_right = total_right+50
WHERE `user_id` = 'DWN1GM';
INSERT INTO `placement_bv_update_history` (`right_carry`, `date`, `from_id`, `user_id`) VALUES ('50', '2024-10-22 20:15:25', 'C8DP26', 'DWN1GM');
INSERT INTO `matrix_filling` (`placement_id`, `downline_id`, `level`, `matrix`) VALUES ('M4JHI6', 'C8DP26', 16, 1);
UPDATE `bv_updation` SET right_carry = right_carry+50, total_right = total_right+50
WHERE `user_id` = 'M4JHI6';
INSERT INTO `placement_bv_update_history` (`right_carry`, `date`, `from_id`, `user_id`) VALUES ('50', '2024-10-22 20:15:25', 'C8DP26', 'M4JHI6');
INSERT INTO `matrix_filling` (`placement_id`, `downline_id`, `level`, `matrix`) VALUES ('2T7SHX', 'C8DP26', 17, 1);
UPDATE `bv_updation` SET right_carry = right_carry+50, total_right = total_right+50
WHERE `user_id` = '2T7SHX';
INSERT INTO `placement_bv_update_history` (`right_carry`, `date`, `from_id`, `user_id`) VALUES ('50', '2024-10-22 20:15:25', 'C8DP26', '2T7SHX');
INSERT INTO `matrix_filling` (`placement_id`, `downline_id`, `level`, `matrix`) VALUES ('NCBNB7', 'C8DP26', 18, 1);
UPDATE `bv_updation` SET right_carry = right_carry+50, total_right = total_right+50
WHERE `user_id` = 'NCBNB7';
INSERT INTO `placement_bv_update_history` (`right_carry`, `date`, `from_id`, `user_id`) VALUES ('50', '2024-10-22 20:15:25', 'C8DP26', 'NCBNB7');
INSERT INTO `matrix_filling` (`placement_id`, `downline_id`, `level`, `matrix`) VALUES ('7OMBZZ', 'C8DP26', 19, 1);
UPDATE `bv_updation` SET right_carry = right_carry+50, total_right = total_right+50
WHERE `user_id` = '7OMBZZ';
INSERT INTO `placement_bv_update_history` (`right_carry`, `date`, `from_id`, `user_id`) VALUES ('50', '2024-10-22 20:15:25', 'C8DP26', '7OMBZZ');
INSERT INTO `matrix_filling` (`placement_id`, `downline_id`, `level`, `matrix`) VALUES ('D4MUZF', 'C8DP26', 20, 1);
UPDATE `bv_updation` SET right_carry = right_carry+50, total_right = total_right+50
WHERE `user_id` = 'D4MUZF';
INSERT INTO `placement_bv_update_history` (`right_carry`, `date`, `from_id`, `user_id`) VALUES ('50', '2024-10-22 20:15:25', 'C8DP26', 'D4MUZF');
INSERT INTO `matrix_filling` (`placement_id`, `downline_id`, `level`, `matrix`) VALUES ('TFBSJD', 'C8DP26', 21, 1);
UPDATE `bv_updation` SET right_carry = right_carry+50, total_right = total_right+50
WHERE `user_id` = 'TFBSJD';
INSERT INTO `placement_bv_update_history` (`right_carry`, `date`, `from_id`, `user_id`) VALUES ('50', '2024-10-22 20:15:25', 'C8DP26', 'TFBSJD');
INSERT INTO `matrix_filling` (`placement_id`, `downline_id`, `level`, `matrix`) VALUES ('SAMRO4', 'C8DP26', 22, 1);
UPDATE `bv_updation` SET right_carry = right_carry+50, total_right = total_right+50
WHERE `user_id` = 'SAMRO4';
INSERT INTO `placement_bv_update_history` (`right_carry`, `date`, `from_id`, `user_id`) VALUES ('50', '2024-10-22 20:15:25', 'C8DP26', 'SAMRO4');
INSERT INTO `matrix_filling` (`placement_id`, `downline_id`, `level`, `matrix`) VALUES ('IBJJQ1', 'C8DP26', 23, 1);
UPDATE `bv_updation` SET right_carry = right_carry+50, total_right = total_right+50
WHERE `user_id` = 'IBJJQ1';
INSERT INTO `placement_bv_update_history` (`right_carry`, `date`, `from_id`, `user_id`) VALUES ('50', '2024-10-22 20:15:25', 'C8DP26', 'IBJJQ1');
INSERT INTO `matrix_filling` (`placement_id`, `downline_id`, `level`, `matrix`) VALUES ('OMXRAR', 'C8DP26', 24, 1);
UPDATE `bv_updation` SET right_carry = right_carry+50, total_right = total_right+50
WHERE `user_id` = 'OMXRAR';
INSERT INTO `placement_bv_update_history` (`right_carry`, `date`, `from_id`, `user_id`) VALUES ('50', '2024-10-22 20:15:25', 'C8DP26', 'OMXRAR');
INSERT INTO `matrix_filling` (`placement_id`, `downline_id`, `level`, `matrix`) VALUES ('Q56GXF', 'C8DP26', 25, 1);
UPDATE `bv_updation` SET right_carry = right_carry+50, total_right = total_right+50
WHERE `user_id` = 'Q56GXF';
INSERT INTO `placement_bv_update_history` (`right_carry`, `date`, `from_id`, `user_id`) VALUES ('50', '2024-10-22 20:15:25', 'C8DP26', 'Q56GXF');
INSERT INTO `matrix_filling` (`placement_id`, `downline_id`, `level`, `matrix`) VALUES ('92IZBZ', 'C8DP26', 26, 1);
UPDATE `bv_updation` SET right_carry = right_carry+50, total_right = total_right+50
WHERE `user_id` = '92IZBZ';
INSERT INTO `placement_bv_update_history` (`right_carry`, `date`, `from_id`, `user_id`) VALUES ('50', '2024-10-22 20:15:25', 'C8DP26', '92IZBZ');
INSERT INTO `matrix_filling` (`placement_id`, `downline_id`, `level`, `matrix`) VALUES ('QY2H3W', 'C8DP26', 27, 1);
UPDATE `bv_updation` SET right_carry = right_carry+50, total_right = total_right+50
WHERE `user_id` = 'QY2H3W';
INSERT INTO `placement_bv_update_history` (`right_carry`, `date`, `from_id`, `user_id`) VALUES ('50', '2024-10-22 20:15:25', 'C8DP26', 'QY2H3W');
INSERT INTO `matrix_filling` (`placement_id`, `downline_id`, `level`, `matrix`) VALUES ('RP75RM', 'C8DP26', 28, 1);
UPDATE `bv_updation` SET right_carry = right_carry+50, total_right = total_right+50
WHERE `user_id` = 'RP75RM';
INSERT INTO `placement_bv_update_history` (`right_carry`, `date`, `from_id`, `user_id`) VALUES ('50', '2024-10-22 20:15:25', 'C8DP26', 'RP75RM');
INSERT INTO `matrix_filling` (`placement_id`, `downline_id`, `level`, `matrix`) VALUES ('VNQHLP', 'C8DP26', 29, 1);
UPDATE `bv_updation` SET right_carry = right_carry+50, total_right = total_right+50
WHERE `user_id` = 'VNQHLP';
INSERT INTO `placement_bv_update_history` (`right_carry`, `date`, `from_id`, `user_id`) VALUES ('50', '2024-10-22 20:15:25', 'C8DP26', 'VNQHLP');
INSERT INTO `matrix_filling` (`placement_id`, `downline_id`, `level`, `matrix`) VALUES ('EC31SX', 'C8DP26', 30, 1);
UPDATE `bv_updation` SET right_carry = right_carry+50, total_right = total_right+50
WHERE `user_id` = 'EC31SX';
INSERT INTO `placement_bv_update_history` (`right_carry`, `date`, `from_id`, `user_id`) VALUES ('50', '2024-10-22 20:15:25', 'C8DP26', 'EC31SX');
INSERT INTO `matrix_filling` (`placement_id`, `downline_id`, `level`, `matrix`) VALUES ('QU5UIO', 'C8DP26', 31, 1);
UPDATE `bv_updation` SET right_carry = right_carry+50, total_right = total_right+50
WHERE `user_id` = 'QU5UIO';
INSERT INTO `placement_bv_update_history` (`right_carry`, `date`, `from_id`, `user_id`) VALUES ('50', '2024-10-22 20:15:25', 'C8DP26', 'QU5UIO');
INSERT INTO `matrix_filling` (`placement_id`, `downline_id`, `level`, `matrix`) VALUES ('HSIWG4', 'C8DP26', 32, 1);
UPDATE `bv_updation` SET right_carry = right_carry+50, total_right = total_right+50
WHERE `user_id` = 'HSIWG4';
INSERT INTO `placement_bv_update_history` (`right_carry`, `date`, `from_id`, `user_id`) VALUES ('50', '2024-10-22 20:15:25', 'C8DP26', 'HSIWG4');
INSERT INTO `matrix_filling` (`placement_id`, `downline_id`, `level`, `matrix`) VALUES ('VYJGYM', 'C8DP26', 33, 1);
UPDATE `bv_updation` SET right_carry = right_carry+50, total_right = total_right+50
WHERE `user_id` = 'VYJGYM';
INSERT INTO `placement_bv_update_history` (`right_carry`, `date`, `from_id`, `user_id`) VALUES ('50', '2024-10-22 20:15:25', 'C8DP26', 'VYJGYM');
INSERT INTO `matrix_filling` (`placement_id`, `downline_id`, `level`, `matrix`) VALUES ('WJZ9NZ', 'C8DP26', 34, 1);
UPDATE `bv_updation` SET right_carry = right_carry+50, total_right = total_right+50
WHERE `user_id` = 'WJZ9NZ';
INSERT INTO `placement_bv_update_history` (`right_carry`, `date`, `from_id`, `user_id`) VALUES ('50', '2024-10-22 20:15:25', 'C8DP26', 'WJZ9NZ');
INSERT INTO `matrix_filling` (`placement_id`, `downline_id`, `level`, `matrix`) VALUES ('RBXHP6', 'C8DP26', 35, 1);
UPDATE `bv_updation` SET right_carry = right_carry+50, total_right = total_right+50
WHERE `user_id` = 'RBXHP6';
INSERT INTO `placement_bv_update_history` (`right_carry`, `date`, `from_id`, `user_id`) VALUES ('50', '2024-10-22 20:15:25', 'C8DP26', 'RBXHP6');
INSERT INTO `matrix_filling` (`placement_id`, `downline_id`, `level`, `matrix`) VALUES ('Y2J232', 'C8DP26', 36, 1);
UPDATE `bv_updation` SET right_carry = right_carry+50, total_right = total_right+50
WHERE `user_id` = 'Y2J232';
INSERT INTO `placement_bv_update_history` (`right_carry`, `date`, `from_id`, `user_id`) VALUES ('50', '2024-10-22 20:15:25', 'C8DP26', 'Y2J232');
INSERT INTO `matrix_filling` (`placement_id`, `downline_id`, `level`, `matrix`) VALUES ('XR5NOP', 'C8DP26', 37, 1);
UPDATE `bv_updation` SET right_carry = right_carry+50, total_right = total_right+50
WHERE `user_id` = 'XR5NOP';
INSERT INTO `placement_bv_update_history` (`right_carry`, `date`, `from_id`, `user_id`) VALUES ('50', '2024-10-22 20:15:25', 'C8DP26', 'XR5NOP');
INSERT INTO `matrix_filling` (`placement_id`, `downline_id`, `level`, `matrix`) VALUES ('HXPFM1', 'C8DP26', 38, 1);
UPDATE `bv_updation` SET right_carry = right_carry+50, total_right = total_right+50
WHERE `user_id` = 'HXPFM1';
INSERT INTO `placement_bv_update_history` (`right_carry`, `date`, `from_id`, `user_id`) VALUES ('50', '2024-10-22 20:15:25', 'C8DP26', 'HXPFM1');
INSERT INTO `matrix_filling` (`placement_id`, `downline_id`, `level`, `matrix`) VALUES ('SHIOTF', 'C8DP26', 39, 1);
UPDATE `bv_updation` SET right_carry = right_carry+50, total_right = total_right+50
WHERE `user_id` = 'SHIOTF';
INSERT INTO `placement_bv_update_history` (`right_carry`, `date`, `from_id`, `user_id`) VALUES ('50', '2024-10-22 20:15:25', 'C8DP26', 'SHIOTF');
INSERT INTO `matrix_filling` (`placement_id`, `downline_id`, `level`, `matrix`) VALUES ('4YA81C', 'C8DP26', 40, 1);
UPDATE `bv_updation` SET right_carry = right_carry+50, total_right = total_right+50
WHERE `user_id` = '4YA81C';
INSERT INTO `placement_bv_update_history` (`right_carry`, `date`, `from_id`, `user_id`) VALUES ('50', '2024-10-22 20:15:25', 'C8DP26', '4YA81C');
INSERT INTO `matrix_filling` (`placement_id`, `downline_id`, `level`, `matrix`) VALUES ('G1CDHO', 'C8DP26', 41, 1);
UPDATE `bv_updation` SET right_carry = right_carry+50, total_right = total_right+50
WHERE `user_id` = 'G1CDHO';
INSERT INTO `placement_bv_update_history` (`right_carry`, `date`, `from_id`, `user_id`) VALUES ('50', '2024-10-22 20:15:25', 'C8DP26', 'G1CDHO');
INSERT INTO `matrix_filling` (`placement_id`, `downline_id`, `level`, `matrix`) VALUES ('9NGWQG', 'C8DP26', 42, 1);
UPDATE `bv_updation` SET right_carry = right_carry+50, total_right = total_right+50
WHERE `user_id` = '9NGWQG';
INSERT INTO `placement_bv_update_history` (`right_carry`, `date`, `from_id`, `user_id`) VALUES ('50', '2024-10-22 20:15:25', 'C8DP26', '9NGWQG');
INSERT INTO `matrix_filling` (`placement_id`, `downline_id`, `level`, `matrix`) VALUES ('R6J8K1', 'C8DP26', 43, 1);
UPDATE `bv_updation` SET right_carry = right_carry+50, total_right = total_right+50
WHERE `user_id` = 'R6J8K1';
INSERT INTO `placement_bv_update_history` (`right_carry`, `date`, `from_id`, `user_id`) VALUES ('50', '2024-10-22 20:15:25', 'C8DP26', 'R6J8K1');
INSERT INTO `matrix_filling` (`placement_id`, `downline_id`, `level`, `matrix`) VALUES ('G6ZQNS', 'C8DP26', 44, 1);
UPDATE `bv_updation` SET right_carry = right_carry+50, total_right = total_right+50
WHERE `user_id` = 'G6ZQNS';
INSERT INTO `placement_bv_update_history` (`right_carry`, `date`, `from_id`, `user_id`) VALUES ('50', '2024-10-22 20:15:25', 'C8DP26', 'G6ZQNS');
INSERT INTO `matrix_filling` (`placement_id`, `downline_id`, `level`, `matrix`) VALUES ('M4FVZR', 'C8DP26', 45, 1);
UPDATE `bv_updation` SET right_carry = right_carry+50, total_right = total_right+50
WHERE `user_id` = 'M4FVZR';
INSERT INTO `placement_bv_update_history` (`right_carry`, `date`, `from_id`, `user_id`) VALUES ('50', '2024-10-22 20:15:25', 'C8DP26', 'M4FVZR');
INSERT INTO `matrix_filling` (`placement_id`, `downline_id`, `level`, `matrix`) VALUES ('5ZLRWM', 'C8DP26', 46, 1);
UPDATE `bv_updation` SET right_carry = right_carry+50, total_right = total_right+50
WHERE `user_id` = '5ZLRWM';
INSERT INTO `placement_bv_update_history` (`right_carry`, `date`, `from_id`, `user_id`) VALUES ('50', '2024-10-22 20:15:25', 'C8DP26', '5ZLRWM');
INSERT INTO `matrix_filling` (`placement_id`, `downline_id`, `level`, `matrix`) VALUES ('JPDLRK', 'C8DP26', 47, 1);
UPDATE `bv_updation` SET right_carry = right_carry+50, total_right = total_right+50
WHERE `user_id` = 'JPDLRK';
INSERT INTO `placement_bv_update_history` (`right_carry`, `date`, `from_id`, `user_id`) VALUES ('50', '2024-10-22 20:15:25', 'C8DP26', 'JPDLRK');
INSERT INTO `matrix_filling` (`placement_id`, `downline_id`, `level`, `matrix`) VALUES ('FGURJ3', 'C8DP26', 48, 1);
UPDATE `bv_updation` SET right_carry = right_carry+50, total_right = total_right+50
WHERE `user_id` = 'FGURJ3';
INSERT INTO `placement_bv_update_history` (`right_carry`, `date`, `from_id`, `user_id`) VALUES ('50', '2024-10-22 20:15:25', 'C8DP26', 'FGURJ3');
INSERT INTO `matrix_filling` (`placement_id`, `downline_id`, `level`, `matrix`) VALUES ('L2ZCMP', 'C8DP26', 49, 1);
UPDATE `bv_updation` SET right_carry = right_carry+50, total_right = total_right+50
WHERE `user_id` = 'L2ZCMP';
INSERT INTO `placement_bv_update_history` (`right_carry`, `date`, `from_id`, `user_id`) VALUES ('50', '2024-10-22 20:15:25', 'C8DP26', 'L2ZCMP');
INSERT INTO `matrix_filling` (`placement_id`, `downline_id`, `level`, `matrix`) VALUES ('XOJI6Y', 'C8DP26', 50, 1);
UPDATE `bv_updation` SET right_carry = right_carry+50, total_right = total_right+50
WHERE `user_id` = 'XOJI6Y';
INSERT INTO `placement_bv_update_history` (`right_carry`, `date`, `from_id`, `user_id`) VALUES ('50', '2024-10-22 20:15:25', 'C8DP26', 'XOJI6Y');
INSERT INTO `matrix_filling` (`placement_id`, `downline_id`, `level`, `matrix`) VALUES ('Z6E2C9', 'C8DP26', 51, 1);
UPDATE `bv_updation` SET right_carry = right_carry+50, total_right = total_right+50
WHERE `user_id` = 'Z6E2C9';
INSERT INTO `placement_bv_update_history` (`right_carry`, `date`, `from_id`, `user_id`) VALUES ('50', '2024-10-22 20:15:25', 'C8DP26', 'Z6E2C9');
INSERT INTO `matrix_filling` (`placement_id`, `downline_id`, `level`, `matrix`) VALUES ('VT4PXI', 'C8DP26', 52, 1);
UPDATE `bv_updation` SET right_carry = right_carry+50, total_right = total_right+50
WHERE `user_id` = 'VT4PXI';
INSERT INTO `placement_bv_update_history` (`right_carry`, `date`, `from_id`, `user_id`) VALUES ('50', '2024-10-22 20:15:25', 'C8DP26', 'VT4PXI');
INSERT INTO `matrix_filling` (`placement_id`, `downline_id`, `level`, `matrix`) VALUES ('QKHYPY', 'C8DP26', 53, 1);
UPDATE `bv_updation` SET right_carry = right_carry+50, total_right = total_right+50
WHERE `user_id` = 'QKHYPY';
INSERT INTO `placement_bv_update_history` (`right_carry`, `date`, `from_id`, `user_id`) VALUES ('50', '2024-10-22 20:15:25', 'C8DP26', 'QKHYPY');
INSERT INTO `matrix_filling` (`placement_id`, `downline_id`, `level`, `matrix`) VALUES ('LN7PEK', 'C8DP26', 54, 1);
UPDATE `bv_updation` SET right_carry = right_carry+50, total_right = total_right+50
WHERE `user_id` = 'LN7PEK';
INSERT INTO `placement_bv_update_history` (`right_carry`, `date`, `from_id`, `user_id`) VALUES ('50', '2024-10-22 20:15:25', 'C8DP26', 'LN7PEK');
INSERT INTO `matrix_filling` (`placement_id`, `downline_id`, `level`, `matrix`) VALUES ('LYDDQ5', 'C8DP26', 55, 1);
UPDATE `bv_updation` SET right_carry = right_carry+50, total_right = total_right+50
WHERE `user_id` = 'LYDDQ5';
INSERT INTO `placement_bv_update_history` (`right_carry`, `date`, `from_id`, `user_id`) VALUES ('50', '2024-10-22 20:15:25', 'C8DP26', 'LYDDQ5');
INSERT INTO `matrix_filling` (`placement_id`, `downline_id`, `level`, `matrix`) VALUES ('6UO8TB', 'C8DP26', 56, 1);
UPDATE `bv_updation` SET right_carry = right_carry+50, total_right = total_right+50
WHERE `user_id` = '6UO8TB';
INSERT INTO `placement_bv_update_history` (`right_carry`, `date`, `from_id`, `user_id`) VALUES ('50', '2024-10-22 20:15:25', 'C8DP26', '6UO8TB');
INSERT INTO `matrix_filling` (`placement_id`, `downline_id`, `level`, `matrix`) VALUES ('GPRO3Q', 'C8DP26', 57, 1);
UPDATE `bv_updation` SET right_carry = right_carry+50, total_right = total_right+50
WHERE `user_id` = 'GPRO3Q';
INSERT INTO `placement_bv_update_history` (`right_carry`, `date`, `from_id`, `user_id`) VALUES ('50', '2024-10-22 20:15:25', 'C8DP26', 'GPRO3Q');
INSERT INTO `matrix_filling` (`placement_id`, `downline_id`, `level`, `matrix`) VALUES ('MBPRQB', 'C8DP26', 58, 1);
UPDATE `bv_updation` SET right_carry = right_carry+50, total_right = total_right+50
WHERE `user_id` = 'MBPRQB';
INSERT INTO `placement_bv_update_history` (`right_carry`, `date`, `from_id`, `user_id`) VALUES ('50', '2024-10-22 20:15:25', 'C8DP26', 'MBPRQB');
INSERT INTO `matrix_filling` (`placement_id`, `downline_id`, `level`, `matrix`) VALUES ('X1RH6U', 'C8DP26', 59, 1);
UPDATE `bv_updation` SET right_carry = right_carry+50, total_right = total_right+50
WHERE `user_id` = 'X1RH6U';
INSERT INTO `placement_bv_update_history` (`right_carry`, `date`, `from_id`, `user_id`) VALUES ('50', '2024-10-22 20:15:25', 'C8DP26', 'X1RH6U');
INSERT INTO `matrix_filling` (`placement_id`, `downline_id`, `level`, `matrix`) VALUES ('HHALCM', 'C8DP26', 60, 1);
UPDATE `bv_updation` SET right_carry = right_carry+50, total_right = total_right+50
WHERE `user_id` = 'HHALCM';
INSERT INTO `placement_bv_update_history` (`right_carry`, `date`, `from_id`, `user_id`) VALUES ('50', '2024-10-22 20:15:25', 'C8DP26', 'HHALCM');
INSERT INTO `matrix_filling` (`placement_id`, `downline_id`, `level`, `matrix`) VALUES ('7WQBA7', 'C8DP26', 61, 1);
UPDATE `bv_updation` SET right_carry = right_carry+50, total_right = total_right+50
WHERE `user_id` = '7WQBA7';
INSERT INTO `placement_bv_update_history` (`right_carry`, `date`, `from_id`, `user_id`) VALUES ('50', '2024-10-22 20:15:25', 'C8DP26', '7WQBA7');
INSERT INTO `matrix_filling` (`placement_id`, `downline_id`, `level`, `matrix`) VALUES ('QPNZO1', 'C8DP26', 62, 1);
UPDATE `bv_updation` SET right_carry = right_carry+50, total_right = total_right+50
WHERE `user_id` = 'QPNZO1';
INSERT INTO `placement_bv_update_history` (`right_carry`, `date`, `from_id`, `user_id`) VALUES ('50', '2024-10-22 20:15:25', 'C8DP26', 'QPNZO1');
INSERT INTO `matrix_filling` (`placement_id`, `downline_id`, `level`, `matrix`) VALUES ('KCF78M', 'C8DP26', 63, 1);
UPDATE `bv_updation` SET right_carry = right_carry+50, total_right = total_right+50
WHERE `user_id` = 'KCF78M';
INSERT INTO `placement_bv_update_history` (`right_carry`, `date`, `from_id`, `user_id`) VALUES ('50', '2024-10-22 20:15:25', 'C8DP26', 'KCF78M');
INSERT INTO `matrix_filling` (`placement_id`, `downline_id`, `level`, `matrix`) VALUES ('7RY1ZP', 'C8DP26', 64, 1);
UPDATE `bv_updation` SET right_carry = right_carry+50, total_right = total_right+50
WHERE `user_id` = '7RY1ZP';
INSERT INTO `placement_bv_update_history` (`right_carry`, `date`, `from_id`, `user_id`) VALUES ('50', '2024-10-22 20:15:25', 'C8DP26', '7RY1ZP');
UPDATE `bv_updation` SET sponsor_right_carry = sponsor_right_carry+50, sponsor_total_right = sponsor_total_right+50
WHERE `user_id` = '7RY1ZP';
INSERT INTO `sponsor_bv_update_history` (`right_carry`, `date`, `user_id`) VALUES ('50', '2024-10-22 20:15:25', '7RY1ZP');
INSERT INTO `matrix_filling` (`placement_id`, `downline_id`, `level`, `matrix`) VALUES ('ADZTOG', 'C8DP26', 65, 1);
UPDATE `bv_updation` SET right_carry = right_carry+50, total_right = total_right+50
WHERE `user_id` = 'ADZTOG';
INSERT INTO `placement_bv_update_history` (`right_carry`, `date`, `from_id`, `user_id`) VALUES ('50', '2024-10-22 20:15:25', 'C8DP26', 'ADZTOG');
INSERT INTO `matrix_filling` (`placement_id`, `downline_id`, `level`, `matrix`) VALUES ('A9858P', 'C8DP26', 66, 1);
UPDATE `bv_updation` SET right_carry = right_carry+50, total_right = total_right+50
WHERE `user_id` = 'A9858P';
INSERT INTO `placement_bv_update_history` (`right_carry`, `date`, `from_id`, `user_id`) VALUES ('50', '2024-10-22 20:15:25', 'C8DP26', 'A9858P');
INSERT INTO `matrix_filling` (`placement_id`, `downline_id`, `level`, `matrix`) VALUES ('admin', 'C8DP26', 67, 1);
UPDATE `bv_updation` SET right_carry = right_carry+50, total_right = total_right+50
WHERE `user_id` = 'admin';
INSERT INTO `placement_bv_update_history` (`right_carry`, `date`, `from_id`, `user_id`) VALUES ('50', '2024-10-22 20:15:25', 'C8DP26', 'admin');
INSERT INTO `package_purchase_history` (`user_id`, `package_id`, `reg_fee`, `package_name`, `monthly_fee`, `type`, `date`, `payment_option`) VALUES ('C8DP26', '2', '595', 'Traveler Pro', '150', 'sign_up', '2024-10-22 20:15:25', 'free');
UPDATE `user_registration` SET `popup_seen` = 'no'
WHERE `user_id` = '7RY1ZP';
DELETE FROM `ci_sessions`
WHERE `id` = 'a4638888d4781dbac2aaaff3e09ccd9602d67eac';
INSERT INTO `login_history` (`user_id`, `device`, `ip_address`, `date`) VALUES ('7RY1ZP', 'Mozilla/5.0 (Windows NT 10.0; Win64; x64) AppleWebKit/537.36 (KHTML, like Gecko) Chrome/130.0.0.0 Safari/537.36', '172.69.180.168', '24-10-22 20:15');
UPDATE `user_registration` SET `popup_seen` = 'yes'
WHERE `user_id` = '7RY1ZP';
UPDATE `user_registration` SET `popup_seen` = 'no'
WHERE `user_id` = '7RY1ZP';
DELETE FROM `ci_sessions`
WHERE `id` = 'f2bc9d23be9e42bb86e465c04555b7599b3685bf';
INSERT INTO `login_history` (`user_id`, `device`, `ip_address`, `date`) VALUES ('TKWQIW', 'Mozilla/5.0 (Windows NT 10.0; Win64; x64) AppleWebKit/537.36 (KHTML, like Gecko) Chrome/130.0.0.0 Safari/537.36', '172.69.180.169', '24-10-22 20:17');
UPDATE `user_registration` SET `popup_seen` = 'yes'
WHERE `user_id` = 'TKWQIW';
UPDATE `user_registration` SET `popup_seen` = 'no'
WHERE `user_id` = 'TKWQIW';
DELETE FROM `ci_sessions`
WHERE `id` = '32836859fd5c18d993d0f49ef1c3bbac69b87c18';
UPDATE `user_registration` SET `popup_seen` = 'no'
WHERE `user_id` IS NULL;
DELETE FROM `ci_sessions`
WHERE `id` = '32836859fd5c18d993d0f49ef1c3bbac69b87c18';
INSERT INTO `login_history` (`user_id`, `device`, `ip_address`, `date`) VALUES ('ADZTOG', 'Mozilla/5.0 (Windows NT 10.0; Win64; x64) AppleWebKit/537.36 (KHTML, like Gecko) Chrome/130.0.0.0 Safari/537.36', '172.69.180.169', '24-10-22 20:18');
UPDATE `user_registration` SET `popup_seen` = 'yes'
WHERE `user_id` = 'ADZTOG';
UPDATE `user_registration` SET `popup_seen` = 'yes'
WHERE `user_id` = 'ADZTOG';
UPDATE `user_registration` SET `default_leg` = 'left'
WHERE `user_id` = 'ADZTOG';
UPDATE `user_registration` SET `popup_seen` = 'yes'
WHERE `user_id` = 'ADZTOG';
UPDATE `user_registration` SET `popup_seen` = 'no'
WHERE `user_id` = 'ADZTOG';
DELETE FROM `ci_sessions`
WHERE `id` = '1b4b9a9bd1f437fcf3f0ab91576a4e486455b05a';
INSERT INTO `login_history` (`user_id`, `device`, `ip_address`, `date`) VALUES ('ADZTOG', 'Mozilla/5.0 (Windows NT 10.0; Win64; x64) AppleWebKit/537.36 (KHTML, like Gecko) Chrome/130.0.0.0 Safari/537.36', '172.69.180.169', '24-10-22 20:21');
UPDATE `user_registration` SET `popup_seen` = 'yes'
WHERE `user_id` = 'ADZTOG';
UPDATE `ci_sessions` SET `timestamp` = 1729646521, `data` = '__ci_last_regenerate|i:1729646521;id|s:4:\"2019\";user_id|s:5:\"admin\";username|s:5:\"admin\";sponsor_id|s:1:\"0\";fullname|s:11:\"Alex Carrey\";email|s:15:\"admin@admin.com\";phone|s:10:\"1235467892\";isLogIn|b:1;'
WHERE `id` = 'c5a28685e7f3c30260155dc886d70dc4a12c6389';
UPDATE `user_registration` SET `uid` = '3244', `user_id` = '99C7U5', `username` = 'isidro3', `sponsor_id` = 'ADZTOG', `vacant` = 'no', `f_name` = 'Isidro', `l_name` = 'Martinez', `address` = '6520 Kendale Lakes Dr', `position` = 'left', `email` = 'isidro3@gmail.com', `password` = '991863809b1fe0a5c727165ed94e89c6', `phone` = '3057610606', `country` = 'United States', `state` = 'Florida', `city` = 'Miami', `street` = '6520 Kendale Lakes Dr', `zip_code` = '33183', `reg_ip` = '172.69.180.169', `status` = 1, `package_id` = '2', `rank_id` = 1, `highest_rank` = 1, `cycle_rank_id` = 1, `created` = '2024-10-22 20:23:12', `subscription_date` = '2024-11-21', `google_secret` = 'M4FG2NEO547EQXGF'
WHERE `uid` = '3244';
INSERT INTO `user_registration` (`uid`, `user_id`, `username`, `sponsor_id`, `placement_id`, `vacant`, `f_name`, `l_name`, `address`, `position`, `email`, `password`, `phone`, `reg_ip`, `status`, `created`) VALUES (NULL, 'HHIKZS', 'sCAFzcbr', '99C7U5', '99C7U5', 'yes', '', '', '', 'left', '@mail.com', '', '', '', 0, '2024-10-22 20:23:12');
INSERT INTO `user_registration` (`uid`, `user_id`, `username`, `sponsor_id`, `placement_id`, `vacant`, `f_name`, `l_name`, `address`, `position`, `email`, `password`, `phone`, `reg_ip`, `status`, `created`) VALUES (NULL, 'INRRKZ', 'WSFjJYGm', '99C7U5', '99C7U5', 'yes', '', '', '', 'right', '@mail.com', '', '', '', 0, '2024-10-22 20:23:12');
INSERT INTO `bv_updation` (`user_id`) VALUES ('99C7U5');
UPDATE `user_registration` SET total_ref_count = total_ref_count+1
WHERE `user_id` = 'ADZTOG';
UPDATE `user_registration` SET total_downlines = total_downlines+1
WHERE `user_id` = 'AC3DYW';
UPDATE `user_registration` SET left_downlines = left_downlines+1
WHERE `user_id` = 'AC3DYW';
UPDATE `user_registration` SET total_downlines = total_downlines+1
WHERE `user_id` = '5YQJFN';
UPDATE `user_registration` SET left_downlines = left_downlines+1
WHERE `user_id` = '5YQJFN';
UPDATE `user_registration` SET total_downlines = total_downlines+1
WHERE `user_id` = '1TQB57';
UPDATE `user_registration` SET left_downlines = left_downlines+1
WHERE `user_id` = '1TQB57';
UPDATE `user_registration` SET total_downlines = total_downlines+1
WHERE `user_id` = '8A1VG5';
UPDATE `user_registration` SET left_downlines = left_downlines+1
WHERE `user_id` = '8A1VG5';
UPDATE `user_registration` SET total_downlines = total_downlines+1
WHERE `user_id` = '79H2DI';
UPDATE `user_registration` SET left_downlines = left_downlines+1
WHERE `user_id` = '79H2DI';
UPDATE `user_registration` SET total_downlines = total_downlines+1
WHERE `user_id` = 'VG8GQF';
UPDATE `user_registration` SET left_downlines = left_downlines+1
WHERE `user_id` = 'VG8GQF';
UPDATE `user_registration` SET total_downlines = total_downlines+1
WHERE `user_id` = 'KOHJJB';
UPDATE `user_registration` SET left_downlines = left_downlines+1
WHERE `user_id` = 'KOHJJB';
UPDATE `user_registration` SET total_downlines = total_downlines+1
WHERE `user_id` = 'MO8DWP';
UPDATE `user_registration` SET left_downlines = left_downlines+1
WHERE `user_id` = 'MO8DWP';
UPDATE `user_registration` SET total_downlines = total_downlines+1
WHERE `user_id` = 'B9E5QH';
UPDATE `user_registration` SET left_downlines = left_downlines+1
WHERE `user_id` = 'B9E5QH';
UPDATE `user_registration` SET total_downlines = total_downlines+1
WHERE `user_id` = '51E18K';
UPDATE `user_registration` SET left_downlines = left_downlines+1
WHERE `user_id` = '51E18K';
UPDATE `user_registration` SET total_downlines = total_downlines+1
WHERE `user_id` = 'ZT6Y9E';
UPDATE `user_registration` SET left_downlines = left_downlines+1
WHERE `user_id` = 'ZT6Y9E';
UPDATE `user_registration` SET total_downlines = total_downlines+1
WHERE `user_id` = 'M6OKXI';
UPDATE `user_registration` SET left_downlines = left_downlines+1
WHERE `user_id` = 'M6OKXI';
UPDATE `user_registration` SET total_downlines = total_downlines+1
WHERE `user_id` = 'BO42DH';
UPDATE `user_registration` SET left_downlines = left_downlines+1
WHERE `user_id` = 'BO42DH';
UPDATE `user_registration` SET total_downlines = total_downlines+1
WHERE `user_id` = 'ULQDK3';
UPDATE `user_registration` SET left_downlines = left_downlines+1
WHERE `user_id` = 'ULQDK3';
UPDATE `user_registration` SET total_downlines = total_downlines+1
WHERE `user_id` = 'I6TFA9';
UPDATE `user_registration` SET left_downlines = left_downlines+1
WHERE `user_id` = 'I6TFA9';
UPDATE `user_registration` SET total_downlines = total_downlines+1
WHERE `user_id` = 'C7L627';
UPDATE `user_registration` SET left_downlines = left_downlines+1
WHERE `user_id` = 'C7L627';
UPDATE `user_registration` SET total_downlines = total_downlines+1
WHERE `user_id` = '4LLCH4';
UPDATE `user_registration` SET left_downlines = left_downlines+1
WHERE `user_id` = '4LLCH4';
UPDATE `user_registration` SET total_downlines = total_downlines+1
WHERE `user_id` = 'DROMSH';
UPDATE `user_registration` SET left_downlines = left_downlines+1
WHERE `user_id` = 'DROMSH';
UPDATE `user_registration` SET total_downlines = total_downlines+1
WHERE `user_id` = '95P58F';
UPDATE `user_registration` SET left_downlines = left_downlines+1
WHERE `user_id` = '95P58F';
UPDATE `user_registration` SET total_downlines = total_downlines+1
WHERE `user_id` = 'BVZKNY';
UPDATE `user_registration` SET left_downlines = left_downlines+1
WHERE `user_id` = 'BVZKNY';
UPDATE `user_registration` SET total_downlines = total_downlines+1
WHERE `user_id` = 'A97X6P';
UPDATE `user_registration` SET left_downlines = left_downlines+1
WHERE `user_id` = 'A97X6P';
UPDATE `user_registration` SET total_downlines = total_downlines+1
WHERE `user_id` = 'FSZULY';
UPDATE `user_registration` SET left_downlines = left_downlines+1
WHERE `user_id` = 'FSZULY';
UPDATE `user_registration` SET total_downlines = total_downlines+1
WHERE `user_id` = 'QCAQPF';
UPDATE `user_registration` SET left_downlines = left_downlines+1
WHERE `user_id` = 'QCAQPF';
UPDATE `user_registration` SET total_downlines = total_downlines+1
WHERE `user_id` = '2HJKJ8';
UPDATE `user_registration` SET left_downlines = left_downlines+1
WHERE `user_id` = '2HJKJ8';
UPDATE `user_registration` SET total_downlines = total_downlines+1
WHERE `user_id` = 'TAOC9S';
UPDATE `user_registration` SET left_downlines = left_downlines+1
WHERE `user_id` = 'TAOC9S';
UPDATE `user_registration` SET total_downlines = total_downlines+1
WHERE `user_id` = 'FJ73DP';
UPDATE `user_registration` SET left_downlines = left_downlines+1
WHERE `user_id` = 'FJ73DP';
UPDATE `user_registration` SET total_downlines = total_downlines+1
WHERE `user_id` = 'DOVI87';
UPDATE `user_registration` SET left_downlines = left_downlines+1
WHERE `user_id` = 'DOVI87';
UPDATE `user_registration` SET total_downlines = total_downlines+1
WHERE `user_id` = '2DKJUD';
UPDATE `user_registration` SET left_downlines = left_downlines+1
WHERE `user_id` = '2DKJUD';
UPDATE `user_registration` SET total_downlines = total_downlines+1
WHERE `user_id` = '3F1L3D';
UPDATE `user_registration` SET left_downlines = left_downlines+1
WHERE `user_id` = '3F1L3D';
UPDATE `user_registration` SET total_downlines = total_downlines+1
WHERE `user_id` = 'XYHOZ4';
UPDATE `user_registration` SET left_downlines = left_downlines+1
WHERE `user_id` = 'XYHOZ4';
UPDATE `user_registration` SET total_downlines = total_downlines+1
WHERE `user_id` = 'FEFAEE';
UPDATE `user_registration` SET left_downlines = left_downlines+1
WHERE `user_id` = 'FEFAEE';
UPDATE `user_registration` SET total_downlines = total_downlines+1
WHERE `user_id` = 'S8QNVM';
UPDATE `user_registration` SET left_downlines = left_downlines+1
WHERE `user_id` = 'S8QNVM';
UPDATE `user_registration` SET total_downlines = total_downlines+1
WHERE `user_id` = 'TKWQIW';
UPDATE `user_registration` SET left_downlines = left_downlines+1
WHERE `user_id` = 'TKWQIW';
UPDATE `user_registration` SET total_downlines = total_downlines+1
WHERE `user_id` = 'ADZTOG';
UPDATE `user_registration` SET left_downlines = left_downlines+1
WHERE `user_id` = 'ADZTOG';
UPDATE `user_registration` SET left_ref_count = left_ref_count+1
WHERE `user_id` = 'ADZTOG';
UPDATE `user_registration` SET active_left = active_left+1
WHERE `user_id` = 'ADZTOG';
UPDATE `user_registration` SET total_downlines = total_downlines+1
WHERE `user_id` = 'A9858P';
UPDATE `user_registration` SET right_downlines = right_downlines+1
WHERE `user_id` = 'A9858P';
UPDATE `user_registration` SET total_downlines = total_downlines+1
WHERE `user_id` = 'admin';
UPDATE `user_registration` SET right_downlines = right_downlines+1
WHERE `user_id` = 'admin';
INSERT INTO `investment` (`invest_date`, `user_id`, `type`, `amount`, `package_id`) VALUES ('2024-10-22 20:23:12', '99C7U5', 'register', '595', '2');
INSERT INTO `earnings` (`user_id`, `Purchaser_id`, `earning_type`, `package_id`, `amount`, `date`, `comments`, `invest_amount`, `comm_perc`, `level`, `rank_id`, `order_id`) VALUES ('ADZTOG', '99C7U5', 'Direct Referral Bonus', '2', '380', '2024-10-22 20:23:12', 'Direct Referral Bonus', 0, 0, 1, '', 1118);
UPDATE `user_registration` SET commission_balance = ROUND(commission_balance + 380,2)
WHERE `user_id` = 'ADZTOG';
UPDATE `user_registration` SET referral_bonus = ROUND(referral_bonus + 380,2)
WHERE `user_id` = 'ADZTOG';
UPDATE `user_registration` SET total_points = ROUND(total_points + 50,2)
WHERE `user_id` = '99C7U5';
INSERT INTO `points_history` (`user_id`, `points`, `type`, `date`) VALUES ('99C7U5', '50', 'register', '2024-10-22 20:23:');
INSERT INTO `matrix_filling` (`placement_id`, `downline_id`, `level`, `matrix`) VALUES ('AC3DYW', '99C7U5', 1, 1);
UPDATE `bv_updation` SET left_carry = left_carry+50, total_left = total_left+50
WHERE `user_id` = 'AC3DYW';
INSERT INTO `placement_bv_update_history` (`left_carry`, `date`, `from_id`, `user_id`) VALUES ('50', '2024-10-22 20:23:12', '99C7U5', 'AC3DYW');
INSERT INTO `matrix_filling` (`placement_id`, `downline_id`, `level`, `matrix`) VALUES ('5YQJFN', '99C7U5', 2, 1);
UPDATE `bv_updation` SET left_carry = left_carry+50, total_left = total_left+50
WHERE `user_id` = '5YQJFN';
INSERT INTO `placement_bv_update_history` (`left_carry`, `date`, `from_id`, `user_id`) VALUES ('50', '2024-10-22 20:23:12', '99C7U5', '5YQJFN');
INSERT INTO `matrix_filling` (`placement_id`, `downline_id`, `level`, `matrix`) VALUES ('1TQB57', '99C7U5', 3, 1);
INSERT INTO `matrix_filling` (`placement_id`, `downline_id`, `level`, `matrix`) VALUES ('8A1VG5', '99C7U5', 4, 1);
UPDATE `bv_updation` SET left_carry = left_carry+50, total_left = total_left+50
WHERE `user_id` = '8A1VG5';
INSERT INTO `placement_bv_update_history` (`left_carry`, `date`, `from_id`, `user_id`) VALUES ('50', '2024-10-22 20:23:12', '99C7U5', '8A1VG5');
INSERT INTO `matrix_filling` (`placement_id`, `downline_id`, `level`, `matrix`) VALUES ('79H2DI', '99C7U5', 5, 1);
UPDATE `bv_updation` SET left_carry = left_carry+50, total_left = total_left+50
WHERE `user_id` = '79H2DI';
INSERT INTO `placement_bv_update_history` (`left_carry`, `date`, `from_id`, `user_id`) VALUES ('50', '2024-10-22 20:23:12', '99C7U5', '79H2DI');
INSERT INTO `matrix_filling` (`placement_id`, `downline_id`, `level`, `matrix`) VALUES ('VG8GQF', '99C7U5', 6, 1);
UPDATE `bv_updation` SET left_carry = left_carry+50, total_left = total_left+50
WHERE `user_id` = 'VG8GQF';
INSERT INTO `placement_bv_update_history` (`left_carry`, `date`, `from_id`, `user_id`) VALUES ('50', '2024-10-22 20:23:12', '99C7U5', 'VG8GQF');
INSERT INTO `matrix_filling` (`placement_id`, `downline_id`, `level`, `matrix`) VALUES ('KOHJJB', '99C7U5', 7, 1);
UPDATE `bv_updation` SET left_carry = left_carry+50, total_left = total_left+50
WHERE `user_id` = 'KOHJJB';
INSERT INTO `placement_bv_update_history` (`left_carry`, `date`, `from_id`, `user_id`) VALUES ('50', '2024-10-22 20:23:12', '99C7U5', 'KOHJJB');
INSERT INTO `matrix_filling` (`placement_id`, `downline_id`, `level`, `matrix`) VALUES ('MO8DWP', '99C7U5', 8, 1);
UPDATE `bv_updation` SET left_carry = left_carry+50, total_left = total_left+50
WHERE `user_id` = 'MO8DWP';
INSERT INTO `placement_bv_update_history` (`left_carry`, `date`, `from_id`, `user_id`) VALUES ('50', '2024-10-22 20:23:12', '99C7U5', 'MO8DWP');
INSERT INTO `matrix_filling` (`placement_id`, `downline_id`, `level`, `matrix`) VALUES ('B9E5QH', '99C7U5', 9, 1);
UPDATE `bv_updation` SET left_carry = left_carry+50, total_left = total_left+50
WHERE `user_id` = 'B9E5QH';
INSERT INTO `placement_bv_update_history` (`left_carry`, `date`, `from_id`, `user_id`) VALUES ('50', '2024-10-22 20:23:12', '99C7U5', 'B9E5QH');
INSERT INTO `matrix_filling` (`placement_id`, `downline_id`, `level`, `matrix`) VALUES ('51E18K', '99C7U5', 10, 1);
UPDATE `bv_updation` SET left_carry = left_carry+50, total_left = total_left+50
WHERE `user_id` = '51E18K';
INSERT INTO `placement_bv_update_history` (`left_carry`, `date`, `from_id`, `user_id`) VALUES ('50', '2024-10-22 20:23:12', '99C7U5', '51E18K');
INSERT INTO `matrix_filling` (`placement_id`, `downline_id`, `level`, `matrix`) VALUES ('ZT6Y9E', '99C7U5', 11, 1);
UPDATE `bv_updation` SET left_carry = left_carry+50, total_left = total_left+50
WHERE `user_id` = 'ZT6Y9E';
INSERT INTO `placement_bv_update_history` (`left_carry`, `date`, `from_id`, `user_id`) VALUES ('50', '2024-10-22 20:23:12', '99C7U5', 'ZT6Y9E');
INSERT INTO `matrix_filling` (`placement_id`, `downline_id`, `level`, `matrix`) VALUES ('M6OKXI', '99C7U5', 12, 1);
UPDATE `bv_updation` SET left_carry = left_carry+50, total_left = total_left+50
WHERE `user_id` = 'M6OKXI';
INSERT INTO `placement_bv_update_history` (`left_carry`, `date`, `from_id`, `user_id`) VALUES ('50', '2024-10-22 20:23:12', '99C7U5', 'M6OKXI');
INSERT INTO `matrix_filling` (`placement_id`, `downline_id`, `level`, `matrix`) VALUES ('BO42DH', '99C7U5', 13, 1);
UPDATE `bv_updation` SET left_carry = left_carry+50, total_left = total_left+50
WHERE `user_id` = 'BO42DH';
INSERT INTO `placement_bv_update_history` (`left_carry`, `date`, `from_id`, `user_id`) VALUES ('50', '2024-10-22 20:23:12', '99C7U5', 'BO42DH');
INSERT INTO `matrix_filling` (`placement_id`, `downline_id`, `level`, `matrix`) VALUES ('ULQDK3', '99C7U5', 14, 1);
UPDATE `bv_updation` SET left_carry = left_carry+50, total_left = total_left+50
WHERE `user_id` = 'ULQDK3';
INSERT INTO `placement_bv_update_history` (`left_carry`, `date`, `from_id`, `user_id`) VALUES ('50', '2024-10-22 20:23:12', '99C7U5', 'ULQDK3');
INSERT INTO `matrix_filling` (`placement_id`, `downline_id`, `level`, `matrix`) VALUES ('I6TFA9', '99C7U5', 15, 1);
UPDATE `bv_updation` SET left_carry = left_carry+50, total_left = total_left+50
WHERE `user_id` = 'I6TFA9';
INSERT INTO `placement_bv_update_history` (`left_carry`, `date`, `from_id`, `user_id`) VALUES ('50', '2024-10-22 20:23:12', '99C7U5', 'I6TFA9');
INSERT INTO `matrix_filling` (`placement_id`, `downline_id`, `level`, `matrix`) VALUES ('C7L627', '99C7U5', 16, 1);
UPDATE `bv_updation` SET left_carry = left_carry+50, total_left = total_left+50
WHERE `user_id` = 'C7L627';
INSERT INTO `placement_bv_update_history` (`left_carry`, `date`, `from_id`, `user_id`) VALUES ('50', '2024-10-22 20:23:12', '99C7U5', 'C7L627');
INSERT INTO `matrix_filling` (`placement_id`, `downline_id`, `level`, `matrix`) VALUES ('4LLCH4', '99C7U5', 17, 1);
UPDATE `bv_updation` SET left_carry = left_carry+50, total_left = total_left+50
WHERE `user_id` = '4LLCH4';
INSERT INTO `placement_bv_update_history` (`left_carry`, `date`, `from_id`, `user_id`) VALUES ('50', '2024-10-22 20:23:12', '99C7U5', '4LLCH4');
INSERT INTO `matrix_filling` (`placement_id`, `downline_id`, `level`, `matrix`) VALUES ('DROMSH', '99C7U5', 18, 1);
UPDATE `bv_updation` SET left_carry = left_carry+50, total_left = total_left+50
WHERE `user_id` = 'DROMSH';
INSERT INTO `placement_bv_update_history` (`left_carry`, `date`, `from_id`, `user_id`) VALUES ('50', '2024-10-22 20:23:12', '99C7U5', 'DROMSH');
INSERT INTO `matrix_filling` (`placement_id`, `downline_id`, `level`, `matrix`) VALUES ('95P58F', '99C7U5', 19, 1);
UPDATE `bv_updation` SET left_carry = left_carry+50, total_left = total_left+50
WHERE `user_id` = '95P58F';
INSERT INTO `placement_bv_update_history` (`left_carry`, `date`, `from_id`, `user_id`) VALUES ('50', '2024-10-22 20:23:12', '99C7U5', '95P58F');
INSERT INTO `matrix_filling` (`placement_id`, `downline_id`, `level`, `matrix`) VALUES ('BVZKNY', '99C7U5', 20, 1);
UPDATE `bv_updation` SET left_carry = left_carry+50, total_left = total_left+50
WHERE `user_id` = 'BVZKNY';
INSERT INTO `placement_bv_update_history` (`left_carry`, `date`, `from_id`, `user_id`) VALUES ('50', '2024-10-22 20:23:12', '99C7U5', 'BVZKNY');
INSERT INTO `matrix_filling` (`placement_id`, `downline_id`, `level`, `matrix`) VALUES ('A97X6P', '99C7U5', 21, 1);
UPDATE `bv_updation` SET left_carry = left_carry+50, total_left = total_left+50
WHERE `user_id` = 'A97X6P';
INSERT INTO `placement_bv_update_history` (`left_carry`, `date`, `from_id`, `user_id`) VALUES ('50', '2024-10-22 20:23:12', '99C7U5', 'A97X6P');
INSERT INTO `matrix_filling` (`placement_id`, `downline_id`, `level`, `matrix`) VALUES ('FSZULY', '99C7U5', 22, 1);
UPDATE `bv_updation` SET left_carry = left_carry+50, total_left = total_left+50
WHERE `user_id` = 'FSZULY';
INSERT INTO `placement_bv_update_history` (`left_carry`, `date`, `from_id`, `user_id`) VALUES ('50', '2024-10-22 20:23:12', '99C7U5', 'FSZULY');
INSERT INTO `matrix_filling` (`placement_id`, `downline_id`, `level`, `matrix`) VALUES ('QCAQPF', '99C7U5', 23, 1);
UPDATE `bv_updation` SET left_carry = left_carry+50, total_left = total_left+50
WHERE `user_id` = 'QCAQPF';
INSERT INTO `placement_bv_update_history` (`left_carry`, `date`, `from_id`, `user_id`) VALUES ('50', '2024-10-22 20:23:12', '99C7U5', 'QCAQPF');
INSERT INTO `matrix_filling` (`placement_id`, `downline_id`, `level`, `matrix`) VALUES ('2HJKJ8', '99C7U5', 24, 1);
UPDATE `bv_updation` SET left_carry = left_carry+50, total_left = total_left+50
WHERE `user_id` = '2HJKJ8';
INSERT INTO `placement_bv_update_history` (`left_carry`, `date`, `from_id`, `user_id`) VALUES ('50', '2024-10-22 20:23:12', '99C7U5', '2HJKJ8');
INSERT INTO `matrix_filling` (`placement_id`, `downline_id`, `level`, `matrix`) VALUES ('TAOC9S', '99C7U5', 25, 1);
UPDATE `bv_updation` SET left_carry = left_carry+50, total_left = total_left+50
WHERE `user_id` = 'TAOC9S';
INSERT INTO `placement_bv_update_history` (`left_carry`, `date`, `from_id`, `user_id`) VALUES ('50', '2024-10-22 20:23:12', '99C7U5', 'TAOC9S');
INSERT INTO `matrix_filling` (`placement_id`, `downline_id`, `level`, `matrix`) VALUES ('FJ73DP', '99C7U5', 26, 1);
UPDATE `bv_updation` SET left_carry = left_carry+50, total_left = total_left+50
WHERE `user_id` = 'FJ73DP';
INSERT INTO `placement_bv_update_history` (`left_carry`, `date`, `from_id`, `user_id`) VALUES ('50', '2024-10-22 20:23:12', '99C7U5', 'FJ73DP');
INSERT INTO `matrix_filling` (`placement_id`, `downline_id`, `level`, `matrix`) VALUES ('DOVI87', '99C7U5', 27, 1);
UPDATE `bv_updation` SET left_carry = left_carry+50, total_left = total_left+50
WHERE `user_id` = 'DOVI87';
INSERT INTO `placement_bv_update_history` (`left_carry`, `date`, `from_id`, `user_id`) VALUES ('50', '2024-10-22 20:23:12', '99C7U5', 'DOVI87');
INSERT INTO `matrix_filling` (`placement_id`, `downline_id`, `level`, `matrix`) VALUES ('2DKJUD', '99C7U5', 28, 1);
UPDATE `bv_updation` SET left_carry = left_carry+50, total_left = total_left+50
WHERE `user_id` = '2DKJUD';
INSERT INTO `placement_bv_update_history` (`left_carry`, `date`, `from_id`, `user_id`) VALUES ('50', '2024-10-22 20:23:12', '99C7U5', '2DKJUD');
INSERT INTO `matrix_filling` (`placement_id`, `downline_id`, `level`, `matrix`) VALUES ('3F1L3D', '99C7U5', 29, 1);
UPDATE `bv_updation` SET left_carry = left_carry+50, total_left = total_left+50
WHERE `user_id` = '3F1L3D';
INSERT INTO `placement_bv_update_history` (`left_carry`, `date`, `from_id`, `user_id`) VALUES ('50', '2024-10-22 20:23:12', '99C7U5', '3F1L3D');
INSERT INTO `matrix_filling` (`placement_id`, `downline_id`, `level`, `matrix`) VALUES ('XYHOZ4', '99C7U5', 30, 1);
UPDATE `bv_updation` SET left_carry = left_carry+50, total_left = total_left+50
WHERE `user_id` = 'XYHOZ4';
INSERT INTO `placement_bv_update_history` (`left_carry`, `date`, `from_id`, `user_id`) VALUES ('50', '2024-10-22 20:23:12', '99C7U5', 'XYHOZ4');
INSERT INTO `matrix_filling` (`placement_id`, `downline_id`, `level`, `matrix`) VALUES ('FEFAEE', '99C7U5', 31, 1);
UPDATE `bv_updation` SET left_carry = left_carry+50, total_left = total_left+50
WHERE `user_id` = 'FEFAEE';
INSERT INTO `placement_bv_update_history` (`left_carry`, `date`, `from_id`, `user_id`) VALUES ('50', '2024-10-22 20:23:12', '99C7U5', 'FEFAEE');
INSERT INTO `matrix_filling` (`placement_id`, `downline_id`, `level`, `matrix`) VALUES ('S8QNVM', '99C7U5', 32, 1);
UPDATE `bv_updation` SET left_carry = left_carry+50, total_left = total_left+50
WHERE `user_id` = 'S8QNVM';
INSERT INTO `placement_bv_update_history` (`left_carry`, `date`, `from_id`, `user_id`) VALUES ('50', '2024-10-22 20:23:12', '99C7U5', 'S8QNVM');
INSERT INTO `matrix_filling` (`placement_id`, `downline_id`, `level`, `matrix`) VALUES ('TKWQIW', '99C7U5', 33, 1);
UPDATE `bv_updation` SET left_carry = left_carry+50, total_left = total_left+50
WHERE `user_id` = 'TKWQIW';
INSERT INTO `placement_bv_update_history` (`left_carry`, `date`, `from_id`, `user_id`) VALUES ('50', '2024-10-22 20:23:12', '99C7U5', 'TKWQIW');
INSERT INTO `matrix_filling` (`placement_id`, `downline_id`, `level`, `matrix`) VALUES ('ADZTOG', '99C7U5', 34, 1);
UPDATE `bv_updation` SET left_carry = left_carry+50, total_left = total_left+50
WHERE `user_id` = 'ADZTOG';
INSERT INTO `placement_bv_update_history` (`left_carry`, `date`, `from_id`, `user_id`) VALUES ('50', '2024-10-22 20:23:12', '99C7U5', 'ADZTOG');
UPDATE `bv_updation` SET sponsor_left_carry = sponsor_left_carry+50, sponsor_total_left = sponsor_total_left+50
WHERE `user_id` = 'ADZTOG';
INSERT INTO `sponsor_bv_update_history` (`left_carry`, `date`, `user_id`) VALUES ('50', '2024-10-22 20:23:12', 'ADZTOG');
INSERT INTO `matrix_filling` (`placement_id`, `downline_id`, `level`, `matrix`) VALUES ('A9858P', '99C7U5', 35, 1);
UPDATE `bv_updation` SET right_carry = right_carry+50, total_right = total_right+50
WHERE `user_id` = 'A9858P';
INSERT INTO `placement_bv_update_history` (`right_carry`, `date`, `from_id`, `user_id`) VALUES ('50', '2024-10-22 20:23:12', '99C7U5', 'A9858P');
INSERT INTO `matrix_filling` (`placement_id`, `downline_id`, `level`, `matrix`) VALUES ('admin', '99C7U5', 36, 1);
UPDATE `bv_updation` SET right_carry = right_carry+50, total_right = total_right+50
WHERE `user_id` = 'admin';
INSERT INTO `placement_bv_update_history` (`right_carry`, `date`, `from_id`, `user_id`) VALUES ('50', '2024-10-22 20:23:12', '99C7U5', 'admin');
INSERT INTO `package_purchase_history` (`user_id`, `package_id`, `reg_fee`, `package_name`, `monthly_fee`, `type`, `date`, `payment_option`) VALUES ('99C7U5', '2', '595', 'Traveler Pro', '150', 'sign_up', '2024-10-22 20:23:13', 'free');
UPDATE `user_registration` SET `popup_seen` = 'no'
WHERE `user_id` = 'ADZTOG';
DELETE FROM `ci_sessions`
WHERE `id` = '0bf7717c0d77e55ecea83260d23dc8a067f097d1';
INSERT INTO `login_history` (`user_id`, `device`, `ip_address`, `date`) VALUES ('TKWQIW', 'Mozilla/5.0 (Windows NT 10.0; Win64; x64) AppleWebKit/537.36 (KHTML, like Gecko) Chrome/130.0.0.0 Safari/537.36', '172.71.22.44', '24-10-22 20:23');
UPDATE `user_registration` SET `popup_seen` = 'yes'
WHERE `user_id` = 'TKWQIW';
UPDATE `user_registration` SET `popup_seen` = 'no'
WHERE `user_id` = 'TKWQIW';
DELETE FROM `ci_sessions`
WHERE `id` = 'bc0a3fb3f424e02e6c670b70edb6d1c743cd0399';
UPDATE `admin` SET `last_logout` = '2024-10-22 20:27:41'
WHERE `id` IS NULL;
DELETE FROM `ci_sessions`
WHERE `id` = '6acd57fb2d48ce821da6b4ee665310017820baa2';
UPDATE `admin` SET `last_login` = '2024-10-22 20:27:51', `ip_address` = '172.69.70.124'
WHERE `id` = '1';
UPDATE `ci_sessions` SET `timestamp` = 1729647310, `data` = '__ci_last_regenerate|i:1729647310;id|s:4:\"2019\";user_id|s:5:\"admin\";username|s:5:\"admin\";sponsor_id|s:1:\"0\";fullname|s:11:\"Alex Carrey\";email|s:15:\"admin@admin.com\";phone|s:10:\"1235467892\";isLogIn|b:1;'
WHERE `id` = '3c06565c74105f0432aff1ac23916c24efacfaef';
UPDATE `ci_sessions` SET `timestamp` = 1729648032, `data` = '__ci_last_regenerate|i:1729648032;id|s:4:\"2019\";user_id|s:5:\"admin\";username|s:5:\"admin\";sponsor_id|s:1:\"0\";fullname|s:11:\"Alex Carrey\";email|s:15:\"admin@admin.com\";phone|s:10:\"1235467892\";isLogIn|b:1;'
WHERE `id` = '2dbf877f8f49274e5c761a1322d0ed05da6210f3';
UPDATE `user_registration` SET `popup_seen` = 'yes'
WHERE `user_id` = 'admin';
UPDATE `admin` SET `last_login` = '2024-10-23 01:02:26', `ip_address` = '172.69.87.39'
WHERE `id` = '1';
UPDATE `ci_sessions` SET `timestamp` = 1729664252, `data` = '__ci_last_regenerate|i:1729664252;isLogIn|b:1;isAdmin|b:1;id|s:1:\"1\";fullname|s:11:\"admin admin\";user_level|s:5:\"Admin\";email|s:15:\"admin@admin.com\";image|s:53:\"upload/settings/4a1f1b602322adb837a7a3547ee69cf3.jpeg\";last_login|s:19:\"2024-10-22 20:27:51\";last_logout|s:19:\"2024-10-21 02:22:58\";ip_address|s:13:\"172.69.70.124\";'
WHERE `id` = '458bc6e745044b3632a64363837fea964d0f53f4';
UPDATE `ci_sessions` SET `timestamp` = 1729667340, `data` = '__ci_last_regenerate|i:1729667340;isLogIn|b:1;isAdmin|b:1;id|s:1:\"1\";fullname|s:11:\"admin admin\";user_level|s:5:\"Admin\";email|s:15:\"admin@admin.com\";image|s:53:\"upload/settings/4a1f1b602322adb837a7a3547ee69cf3.jpeg\";last_login|s:19:\"2024-10-22 20:27:51\";last_logout|s:19:\"2024-10-21 02:22:58\";ip_address|s:13:\"172.69.70.124\";'
WHERE `id` = '2aebc94390ad49452204e38fcf4bd30a0d9e5036';
UPDATE `admin` SET `last_logout` = '2024-10-23 02:09:00'
WHERE `id` = '1';
DELETE FROM `ci_sessions`
WHERE `id` = '1b5ae5617b878580b1bea0f30ed8164d578d0232';
INSERT INTO `login_history` (`user_id`, `device`, `ip_address`, `date`) VALUES ('admin', 'Mozilla/5.0 (Macintosh; Intel Mac OS X 10_15_7) AppleWebKit/537.36 (KHTML, like Gecko) Chrome/129.0.0.0 Safari/537.36', '172.71.202.118', '24-10-23 02:09');
UPDATE `user_registration` SET `popup_seen` = 'yes'
WHERE `user_id` = 'admin';
UPDATE `ci_sessions` SET `timestamp` = 1729667682, `data` = '__ci_last_regenerate|i:1729667682;id|s:4:\"2019\";user_id|s:5:\"admin\";username|s:5:\"admin\";sponsor_id|s:1:\"0\";fullname|s:11:\"Alex Carrey\";email|s:15:\"admin@admin.com\";phone|s:10:\"1235467892\";isLogIn|b:1;message|s:19:\"Welcome Alex Carrey\";__ci_vars|a:1:{s:7:\"message\";s:3:\"old\";}'
WHERE `id` = '710b34f1a7741c2ae95618a1c0bcaf2b708ecd22';
UPDATE `user_registration` SET `popup_seen` = 'yes'
WHERE `user_id` = 'admin';
INSERT INTO `login_history` (`user_id`, `device`, `ip_address`, `date`) VALUES ('admin', 'Mozilla/5.0 (Windows NT 10.0; Win64; x64; rv:131.0) Gecko/20100101 Firefox/131.0', '172.68.147.144', '24-10-23 05:52');
UPDATE `user_registration` SET `popup_seen` = 'yes'
WHERE `user_id` = 'admin';
INSERT INTO `login_history` (`user_id`, `device`, `ip_address`, `date`) VALUES ('admin', 'Mozilla/5.0 (Macintosh; Intel Mac OS X 10_15_7) AppleWebKit/537.36 (KHTML, like Gecko) Chrome/129.0.0.0 Safari/537.36', '172.69.178.135', '24-10-23 06:52');
UPDATE `user_registration` SET `popup_seen` = 'yes'
WHERE `user_id` = 'admin';
UPDATE `user_registration` SET `popup_seen` = 'yes'
WHERE `user_id` = 'admin';
UPDATE `user_registration` SET `popup_seen` = 'yes'
WHERE `user_id` = 'admin';
UPDATE `ci_sessions` SET `timestamp` = 1729684636, `data` = '__ci_last_regenerate|i:1729684636;id|s:4:\"2019\";user_id|s:5:\"admin\";username|s:5:\"admin\";sponsor_id|s:1:\"0\";fullname|s:11:\"Alex Carrey\";email|s:15:\"admin@admin.com\";phone|s:10:\"1235467892\";isLogIn|b:1;'
WHERE `id` = '17c6b22761eef1552e46876bc79b781e3b2f98d3';
UPDATE `user_registration` SET `f_name` = 'Alex', `l_name` = 'Carrey', `phone` = '1235467892', `address` = 'qqq', `country` = 'United States', `state` = 'Arizona', `city` = '4334', `street` = '433434', `zip_code` = '232323', `picture_url` = 'https://travelegendcy.com/backoffice/assets/images/uploads/user-6.jpg'
WHERE `user_id` = 'admin';
INSERT INTO `notifications` (`user_id`, `notification_type`, `subject`, `details`, `date`, `status`) VALUES ('admin', 'profile_update', 'Profile Update Notification', 'Your profile has been updated successfully.', '2024-10-23 07:00:14', 0);
UPDATE `user_registration` SET `popup_seen` = 'yes'
WHERE `user_id` = 'admin';
UPDATE `ci_sessions` SET `timestamp` = 1729684971, `data` = '__ci_last_regenerate|i:1729684971;id|s:4:\"2019\";user_id|s:5:\"admin\";username|s:5:\"admin\";sponsor_id|s:1:\"0\";fullname|s:11:\"Alex Carrey\";email|s:15:\"admin@admin.com\";phone|s:10:\"1235467892\";isLogIn|b:1;'
WHERE `id` = 'e87224d77a2dd7879026dea26053ea13e6b720b8';
UPDATE `user_registration` SET `popup_seen` = 'yes'
WHERE `user_id` = 'admin';
UPDATE `user_registration` SET `popup_seen` = 'no'
WHERE `user_id` = 'admin';
DELETE FROM `ci_sessions`
WHERE `id` = '7648650cbb20642c12dd586f2673778f445ee041';
UPDATE `ci_sessions` SET `timestamp` = 1729686563, `data` = '__ci_last_regenerate|i:1729686563;id|s:4:\"2019\";user_id|s:5:\"admin\";username|s:5:\"admin\";sponsor_id|s:1:\"0\";fullname|s:11:\"Alex Carrey\";email|s:15:\"admin@admin.com\";phone|s:10:\"1235467892\";isLogIn|b:1;message|s:19:\"Welcome Alex Carrey\";__ci_vars|a:1:{s:7:\"message\";s:3:\"old\";}'
WHERE `id` = 'f0a202ead9e3f20de552324c08738028019d5618';
UPDATE `user_registration` SET `popup_seen` = 'yes'
WHERE `user_id` = 'admin';
UPDATE `user_registration` SET `popup_seen` = 'no'
WHERE `user_id` = 'admin';
DELETE FROM `ci_sessions`
WHERE `id` = 'e2414b9ef4363c2617206c447bd5b786ac36d6cb';
UPDATE `admin` SET `last_login` = '2024-10-23 07:29:58', `ip_address` = '172.68.147.144'
WHERE `id` = '1';
UPDATE `admin` SET `last_logout` = '2024-10-23 07:30:04'
WHERE `id` = '1';
DELETE FROM `ci_sessions`
WHERE `id` = 'b22a4c9a18e28f63b19ecc6ad7bb3c99b283dc07';
INSERT INTO `login_history` (`user_id`, `device`, `ip_address`, `date`) VALUES ('admin', 'Mozilla/5.0 (Windows NT 10.0; Win64; x64; rv:131.0) Gecko/20100101 Firefox/131.0', '172.68.147.145', '24-10-23 07:30');
UPDATE `user_registration` SET `popup_seen` = 'yes'
WHERE `user_id` = 'admin';
INSERT INTO `login_history` (`user_id`, `device`, `ip_address`, `date`) VALUES ('admin', 'Mozilla/5.0 (Windows NT 10.0; Win64; x64) AppleWebKit/537.36 (KHTML, like Gecko) Chrome/127.0.0.0 Safari/537.36 OPR/113.0.0.0', '172.70.55.114', '24-10-23 14:38');
UPDATE `user_registration` SET `popup_seen` = 'yes'
WHERE `user_id` = 'admin';
UPDATE `user_registration` SET `popup_seen` = 'yes'
WHERE `user_id` = 'admin';
UPDATE `ci_sessions` SET `timestamp` = 1729714415, `data` = '__ci_last_regenerate|i:1729714415;id|s:4:\"2019\";user_id|s:5:\"admin\";username|s:5:\"admin\";sponsor_id|s:1:\"0\";fullname|s:11:\"Alex Carrey\";email|s:15:\"admin@admin.com\";phone|s:10:\"1235467892\";isLogIn|b:1;'
WHERE `id` = '3e7388548519a5c3d425a2d0a8e68c4a0f0c53cb';
UPDATE `user_registration` SET `popup_seen` = 'yes'
WHERE `user_id` = 'admin';
UPDATE `ci_sessions` SET `timestamp` = 1729714869, `data` = '__ci_last_regenerate|i:1729714869;id|s:4:\"2019\";user_id|s:5:\"admin\";username|s:5:\"admin\";sponsor_id|s:1:\"0\";fullname|s:11:\"Alex Carrey\";email|s:15:\"admin@admin.com\";phone|s:10:\"1235467892\";isLogIn|b:1;'
WHERE `id` = 'b7e72308328d87713e795d25324d6202d1c86123';
INSERT INTO `login_history` (`user_id`, `device`, `ip_address`, `date`) VALUES ('admin', 'Mozilla/5.0 (X11; Linux x86_64) AppleWebKit/537.36 (KHTML, like Gecko) Chrome/130.0.0.0 Safari/537.36', '172.70.83.102', '24-10-23 19:43');
UPDATE `user_registration` SET `popup_seen` = 'yes'
WHERE `user_id` = 'admin';
INSERT INTO `add_cart` (`user_id`, `product_id`, `product_name`, `product_amount`, `product_point`, `product_image`, `product_details`, `quantity`, `total_amount`, `total_point`, `date`) VALUES ('admin', '4', 'Pinar del Río', '40', '40', 'upload/product_image/50ee9d74e3e7e13c3ab143a9a0b45861.jpg', '<p>Lorem ipsum dolor sit amet, consectetur adipiscing elit, sed do eiusmod tempor incididunt ut labore et dolore magna aliqua. Ut enim ad minim veniam, quis nostrud exercitation ullamco laboris nisi ut aliquip ex ea commodo consequat. Duis aute irure dolor in reprehenderit in voluptate velit esse cillum dolore eu fugiat nulla pariatur. Excepteur sint occaecat cupidatat non proident, sunt in culpa qui officia deserunt mollit anim id est laborum.</p>\r\n', 1, 40, 40, '2024-10-23 19:46:34');
UPDATE `user_registration` SET `popup_seen` = 'yes'
WHERE `user_id` = 'admin';
UPDATE `user_registration` SET `popup_seen` = 'yes'
WHERE `user_id` = 'admin';
UPDATE `user_registration` SET `popup_seen` = 'yes'
WHERE `user_id` = 'admin';
UPDATE `ci_sessions` SET `timestamp` = 1729730936, `data` = '__ci_last_regenerate|i:1729730936;id|s:4:\"2019\";user_id|s:5:\"admin\";username|s:5:\"admin\";sponsor_id|s:1:\"0\";fullname|s:11:\"Alex Carrey\";email|s:15:\"admin@admin.com\";phone|s:10:\"1235467892\";isLogIn|b:1;'
WHERE `id` = 'de032f1a577e001d57f2145bff75fb6c7d52e5fe';
UPDATE `user_registration` SET `popup_seen` = 'yes'
WHERE `user_id` = 'admin';
UPDATE `ci_sessions` SET `timestamp` = 1729731245, `data` = '__ci_last_regenerate|i:1729731245;id|s:4:\"2019\";user_id|s:5:\"admin\";username|s:5:\"admin\";sponsor_id|s:1:\"0\";fullname|s:11:\"Alex Carrey\";email|s:15:\"admin@admin.com\";phone|s:10:\"1235467892\";isLogIn|b:1;'
WHERE `id` = '3254e004a266014eb8c888f7e1dbc7d9e457664b';
UPDATE `user_registration` SET `popup_seen` = 'yes'
WHERE `user_id` = 'admin';
DELETE FROM `add_cart`
WHERE `id` = '39';
INSERT INTO `reward_purchase_history` (`user_id`, `reward_id`, `amount`, `reward_value`, `reward_points`, `available_points`, `conversion_point_rate`, `payment_option`, `reward_name`, `country`, `state`, `date`, `type`) VALUES ('admin', '2', '200', '40', '60', '240', '1', 'free', 'testing2', 'N/A', 'N/A', '2024-10-23 19:55:08', 'reward_claim');
INSERT INTO `reward_purchase_history` (`user_id`, `reward_id`, `amount`, `reward_value`, `reward_points`, `available_points`, `conversion_point_rate`, `payment_option`, `reward_name`, `country`, `state`, `date`, `type`) VALUES ('admin', '2', '200', '40', '60', '240', '1', 'free', 'testing2', 'N/A', 'N/A', '2024-10-23 19:56:01', 'reward_claim');
INSERT INTO `login_history` (`user_id`, `device`, `ip_address`, `date`) VALUES ('admin', 'Mozilla/5.0 (Windows NT 10.0; Win64; x64) AppleWebKit/537.36 (KHTML, like Gecko) Chrome/127.0.0.0 Safari/537.36 OPR/113.0.0.0', '108.162.210.160', '24-10-23 22:56');
UPDATE `user_registration` SET `popup_seen` = 'yes'
WHERE `user_id` = 'admin';
UPDATE `admin` SET `last_login` = '2024-10-23 22:57:09', `ip_address` = '172.69.87.114'
WHERE `id` = '1';
UPDATE `user_registration` SET `popup_seen` = 'yes'
WHERE `user_id` = 'admin';
UPDATE `ci_sessions` SET `timestamp` = 1729742627, `data` = '__ci_last_regenerate|i:1729742627;id|s:4:\"2019\";user_id|s:5:\"admin\";username|s:5:\"admin\";sponsor_id|s:1:\"0\";fullname|s:11:\"Alex Carrey\";email|s:15:\"admin@admin.com\";phone|s:10:\"1235467892\";isLogIn|b:1;'
WHERE `id` = 'f74de5a26e8814d6e00d531dfc30c2f5961e1245';
UPDATE `user_registration` SET `popup_seen` = 'yes'
WHERE `user_id` = 'admin';
UPDATE `user_registration` SET `popup_seen` = 'yes'
WHERE `user_id` = 'admin';
UPDATE `user_registration` SET `popup_seen` = 'yes'
WHERE `user_id` = 'admin';
UPDATE `ci_sessions` SET `timestamp` = 1729742942, `data` = '__ci_last_regenerate|i:1729742942;id|s:4:\"2019\";user_id|s:5:\"admin\";username|s:5:\"admin\";sponsor_id|s:1:\"0\";fullname|s:11:\"Alex Carrey\";email|s:15:\"admin@admin.com\";phone|s:10:\"1235467892\";isLogIn|b:1;'
WHERE `id` = 'b126f8a37adc9e6caa8a0262f26b0e15b31dada2';
UPDATE `user_registration` SET `popup_seen` = 'yes'
WHERE `user_id` = 'admin';
UPDATE `user_registration` SET `popup_seen` = 'yes'
WHERE `user_id` = 'admin';
UPDATE `ci_sessions` SET `timestamp` = 1729743372, `data` = '__ci_last_regenerate|i:1729743372;id|s:4:\"2019\";user_id|s:5:\"admin\";username|s:5:\"admin\";sponsor_id|s:1:\"0\";fullname|s:11:\"Alex Carrey\";email|s:15:\"admin@admin.com\";phone|s:10:\"1235467892\";isLogIn|b:1;'
WHERE `id` = 'f472a02361920b90064bbd4b0fc847441a5c5d40';
INSERT INTO `reward_purchase_history` (`user_id`, `reward_id`, `amount`, `reward_value`, `reward_points`, `available_points`, `conversion_point_rate`, `payment_option`, `reward_name`, `country`, `state`, `date`, `type`) VALUES ('admin', '2', '200', '40', '60', '240', '1', 'free', 'testing2', 'N/A', 'N/A', '2024-10-23 23:16:12', 'reward_claim');
INSERT INTO `reward_purchase_history` (`user_id`, `reward_id`, `amount`, `reward_value`, `reward_points`, `available_points`, `conversion_point_rate`, `payment_option`, `reward_name`, `country`, `state`, `date`, `type`) VALUES ('admin', '3', '30', '600', '90', '240', '1', 'free', 'Explore the Heart of the Netherlands', 'N/A', 'N/A', '2024-10-23 23:17:15', 'reward_claim');
INSERT INTO `add_cart` (`user_id`, `product_id`, `product_name`, `product_amount`, `product_point`, `product_image`, `product_details`, `quantity`, `total_amount`, `total_point`, `date`) VALUES ('admin', '4', 'Pinar del Río', '40', '40', 'upload/product_image/50ee9d74e3e7e13c3ab143a9a0b45861.jpg', '<p>Lorem ipsum dolor sit amet, consectetur adipiscing elit, sed do eiusmod tempor incididunt ut labore et dolore magna aliqua. Ut enim ad minim veniam, quis nostrud exercitation ullamco laboris nisi ut aliquip ex ea commodo consequat. Duis aute irure dolor in reprehenderit in voluptate velit esse cillum dolore eu fugiat nulla pariatur. Excepteur sint occaecat cupidatat non proident, sunt in culpa qui officia deserunt mollit anim id est laborum.</p>\r\n', 1, 40, 40, '2024-10-23 23:20:01');
DELETE FROM `add_cart`
WHERE `id` = '38';
UPDATE `add_cart` SET `quantity` = '1', `total_amount` = 40, `total_point` = 40
WHERE `id` = '40';
UPDATE `ci_sessions` SET `timestamp` = 1729743716, `data` = '__ci_last_regenerate|i:1729743716;id|s:4:\"2019\";user_id|s:5:\"admin\";username|s:5:\"admin\";sponsor_id|s:1:\"0\";fullname|s:11:\"Alex Carrey\";email|s:15:\"admin@admin.com\";phone|s:10:\"1235467892\";isLogIn|b:1;'
WHERE `id` = 'd6610821bbc648cc73ee8a623d462d014aa8b360';
UPDATE `add_cart` SET quantity = quantity + 1, total_amount = total_amount + 40, total_point = total_point + 40
WHERE `user_id` = 'admin'
AND `product_id` = '4';
UPDATE `add_cart` SET `quantity` = '1', `total_amount` = 40, `total_point` = 40
WHERE `id` = '40';
INSERT INTO `total_orders` (`user_id`, `amount_to_pay`, `total_points`, `date`) VALUES ('admin', '40', '40', '2024-10-23 23:24:56');
INSERT INTO `product_purchase_history` (`user_id`, `product_id`, `amount`, `quantity`, `total_amount`, `points`, `conversion_point_rate`, `payment_option`, `product_name`, `date`, `type`) VALUES ('admin', '4', '40', '1', '40', 40, '1', 'free', 'Pinar del Río', '2024-10-23 23:24:56', 'repurchase');
UPDATE `user_registration` SET total_points = ROUND(total_points + 40,2)
WHERE `user_id` = 'admin';
INSERT INTO `points_history` (`user_id`, `points`, `type`, `date`) VALUES ('admin', 40, 'product_prchase', '2024-10-23 23:24:');
INSERT INTO `orders` (`order_id`, `user_id`, `product_id`, `product_name`, `amount`, `quantity`, `total_amount`, `payment_option`, `date`) VALUES (23, 'admin', '4', 'Pinar del Río', '40', '1', '40', 'free', '2024-10-23 23:24:56');
DELETE FROM `add_cart`
WHERE `id` = '40';
UPDATE `bv_updation` SET left_carry = left_carry+40, total_left = total_left+40
WHERE `user_id` = 'admin';
INSERT INTO `placement_bv_update_history` (`left_carry`, `date`, `from_id`, `user_id`) VALUES ('40', '2024-10-23 23:24:56', 'admin', 'admin');
UPDATE `user_registration` SET `popup_seen` = 'yes'
WHERE `user_id` = 'admin';
UPDATE `ci_sessions` SET `timestamp` = 1729744054, `data` = '__ci_last_regenerate|i:1729744054;id|s:4:\"2019\";user_id|s:5:\"admin\";username|s:5:\"admin\";sponsor_id|s:1:\"0\";fullname|s:11:\"Alex Carrey\";email|s:15:\"admin@admin.com\";phone|s:10:\"1235467892\";isLogIn|b:1;'
WHERE `id` = '4428bcd21b5d075ec16d56b593a69b756dfc05d6';
UPDATE `admin` SET `last_login` = '2024-10-23 23:39:43', `ip_address` = '172.70.83.93'
WHERE `id` = '1';
UPDATE `setting` SET `setting_id` = 1, `reg_fee` = NULL, `month_fee` = NULL, `conversion_points` = '1', `global_pool_bonus` = '1000', `welcome_pack_title` = 'Welcome Packge', `welcome_pack_description` = '<p><strong>Lorem Ipsum</strong> is simply dummy text of the printing and typesetting industry. Lorem Ipsum has been the industry&#39;s standard dummy text ever since the 1500s, when an unknown printer took a galley of type and scrambled it to make a type specimen book. It has survived not only five centuries, but also the leap into electronic typesetting, remaining essentially unchanged. It was popularised in the 1960s with the release of Letraset sheets containing Lorem Ipsum passages, and more recently with desktop publishing software like Aldus PageMaker including versions of Lorem Ipsum.</p>\r\n\r\n<p>&nbsp;</p>\r\n\r\n<p>&nbsp;</p>\r\n', `memb_benefits_title` = 'Membership Benefits', `memb_benefits_description` = '<p><strong>Lorem Ipsum</strong> is simply dummy text of the printing and typesetting industry. Lorem Ipsum has been the industry&#39;s standard dummy text ever since the 1500s, when an unknown printer took a galley of type and scrambled it to make a type specimen book. It has survived not only five centuries, but also the leap into electronic typesetting, remaining essentially unchanged. It was popularised in the 1960s with the release of Letraset sheets containing Lorem Ipsum passages, and more recently with desktop publishing software like Aldus PageMaker including versions of Lorem Ipsum.</p>\r\n', `top_memb_rewards_title` = 'Top Members Rewards', `top_memb_rewards_description` = '<p><strong>Lorem Ipsum</strong> is simply dummy text of the printing and typesetting industry. Lorem Ipsum has been the industry&#39;s standard dummy text ever since the 1500s, when an unknown printer took a galley of type and scrambled it to make a type specimen book. It has survived not only five centuries, but also the leap into electronic typesetting, remaining essentially unchanged. It was popularised in the 1960s with the release of Letraset sheets containing Lorem Ipsum passages, and more recently with desktop publishing software like Aldus PageMaker including versions of Lorem Ipsum.</p>\r\n', `product_title` = 'Product Section', `product_description` = '<p><strong>Lorem Ipsum</strong> is simply dummy text of the printing and typesetting industry. Lorem Ipsum has been the industry&#39;s standard dummy text ever since the 1500s, when an unknown printer took a galley of type and scrambled it to make a type specimen book. It has survived not only five centuries, but also the leap into electronic typesetting, remaining essentially unchanged. It was popularised in the 1960s with the release of Letraset sheets containing Lorem Ipsum passages, and more recently with desktop publishing software like Aldus PageMaker including versions of Lorem Ipsum.</p>\r\n', `reward_title` = 'Reward Section', `reward_description` = '<p><strong>Lorem Ipsum</strong> is simply dummy text of the printing and typesetting industry. Lorem Ipsum has been the industry&#39;s standard dummy text ever since the 1500s, when an unknown printer took a galley of type and scrambled it to make a type specimen book. It has survived not only five centuries, but also the leap into electronic typesetting, remaining essentially unchanged. It was popularised in the 1960s with the release of Letraset sheets containing Lorem Ipsum passages, and more recently with desktop publishing software like Aldus PageMaker including versions of Lorem Ipsum.</p>\r\n', `balance_title` = 'Balance Cards', `balance_description` = '<p><strong>Lorem Ipsum</strong> is simply dummy text of the printing and typesetting industry. Lorem Ipsum has been the industry&#39;s standard dummy text ever since the 1500s, when an unknown printer took a galley of type and scrambled it to make a type specimen book. It has survived not only five centuries, but also the leap into electronic typesetting, remaining essentially unchanged. It was popularised in the 1960s with the release of Letraset sheets containing Lorem Ipsum passages, and more recently with desktop publishing software like Aldus PageMaker including versions of Lorem Ipsum.</p>\r\n'
WHERE `setting_id` = 1;
UPDATE `ci_sessions` SET `timestamp` = 1729744871, `data` = '__ci_last_regenerate|i:1729744871;id|s:4:\"2019\";user_id|s:5:\"admin\";username|s:5:\"admin\";sponsor_id|s:1:\"0\";fullname|s:11:\"Alex Carrey\";email|s:15:\"admin@admin.com\";phone|s:10:\"1235467892\";isLogIn|b:1;'
WHERE `id` = '0764ed55a010dca821e5a322793d7049c3dacf61';
UPDATE `ci_sessions` SET `timestamp` = 1729745130, `data` = '__ci_last_regenerate|i:1729745130;isLogIn|b:1;isAdmin|b:1;id|s:1:\"1\";fullname|s:11:\"admin admin\";user_level|s:5:\"Admin\";email|s:15:\"admin@admin.com\";image|s:53:\"upload/settings/4a1f1b602322adb837a7a3547ee69cf3.jpeg\";last_login|s:19:\"2024-10-23 22:57:09\";last_logout|s:19:\"2024-10-23 07:30:04\";ip_address|s:13:\"172.69.87.114\";message|s:20:\"Update Successfully!\";__ci_vars|a:1:{s:7:\"message\";s:3:\"old\";}'
WHERE `id` = '1b1e80b7604cef5e7f217948fe81a0ddec19846f';
UPDATE `top_up_card` SET `id` = '1', `card_cost` = '25', `card_value` = '25', `details` = '<p><strong>Balance Card - 25</strong></p><p>This item is a Digital Purchase and is not refundable, please be advice.</p>', `date` = '2024-10-23 23:47:10', `card_image` = 'upload/card_image/034cbe19fa39a46801f7c675a4c5e914.png'
WHERE `id` = '1';
UPDATE `ci_sessions` SET `timestamp` = 1729745237, `data` = '__ci_last_regenerate|i:1729745237;id|s:4:\"2019\";user_id|s:5:\"admin\";username|s:5:\"admin\";sponsor_id|s:1:\"0\";fullname|s:11:\"Alex Carrey\";email|s:15:\"admin@admin.com\";phone|s:10:\"1235467892\";isLogIn|b:1;'
WHERE `id` = '37a78eb18bce75ad61770c01f2bb562e3b59c69f';
UPDATE `top_up_card` SET `id` = '1', `card_cost` = '25', `card_value` = '25', `details` = '<p><strong>Balance Card - 25</strong></p><p>This item is a Digital Purchase and is not refundable, please be advice.</p><p><strong>Value: 25 &nbsp; &nbsp; Cost: $25</strong></p>', `date` = '2024-10-23 23:48:03', `card_image` = 'upload/card_image/034cbe19fa39a46801f7c675a4c5e914.png'
WHERE `id` = '1';
UPDATE `ci_sessions` SET `timestamp` = 1729745880, `data` = '__ci_last_regenerate|i:1729745880;id|s:4:\"2019\";user_id|s:5:\"admin\";username|s:5:\"admin\";sponsor_id|s:1:\"0\";fullname|s:11:\"Alex Carrey\";email|s:15:\"admin@admin.com\";phone|s:10:\"1235467892\";isLogIn|b:1;'
WHERE `id` = 'fa6568200d9774cb52aa5dd01d358e6334f5f9c3';
UPDATE `user_registration` SET `popup_seen` = 'yes'
WHERE `user_id` = 'admin';
INSERT INTO `login_history` (`user_id`, `device`, `ip_address`, `date`) VALUES ('admin', 'Mozilla/5.0 (Windows NT 10.0; Win64; x64; rv:131.0) Gecko/20100101 Firefox/131.0', '172.68.146.174', '24-10-24 00:01');
UPDATE `user_registration` SET `popup_seen` = 'yes'
WHERE `user_id` = 'admin';
UPDATE `user_registration` SET `popup_seen` = 'yes'
WHERE `user_id` = 'admin';
UPDATE `ci_sessions` SET `timestamp` = 1729746335, `data` = '__ci_last_regenerate|i:1729746335;id|s:4:\"2019\";user_id|s:5:\"admin\";username|s:5:\"admin\";sponsor_id|s:1:\"0\";fullname|s:11:\"Alex Carrey\";email|s:15:\"admin@admin.com\";phone|s:10:\"1235467892\";isLogIn|b:1;'
WHERE `id` = 'fa62a774c5a6807458d3d0c2a0a2d0902afe3bff';
UPDATE `user_registration` SET `popup_seen` = 'yes'
WHERE `user_id` = 'admin';
INSERT INTO `login_history` (`user_id`, `device`, `ip_address`, `date`) VALUES ('admin', 'Mozilla/5.0 (Macintosh; Intel Mac OS X 10_15_7) AppleWebKit/605.1.15 (KHTML, like Gecko) Version/17.2 Safari/605.1.15', '172.69.94.27', '24-10-24 00:10');
UPDATE `user_registration` SET `popup_seen` = 'yes'
WHERE `user_id` = 'admin';
UPDATE `user_registration` SET `popup_seen` = 'yes'
WHERE `user_id` = 'admin';
UPDATE `ci_sessions` SET `timestamp` = 1729746709, `data` = '__ci_last_regenerate|i:1729746709;id|s:4:\"2019\";user_id|s:5:\"admin\";username|s:5:\"admin\";sponsor_id|s:1:\"0\";fullname|s:11:\"Alex Carrey\";email|s:15:\"admin@admin.com\";phone|s:10:\"1235467892\";isLogIn|b:1;'
WHERE `id` = '1d71661d8603d45f65fe8ecfe0ae705710252e45';
UPDATE `user_registration` SET `popup_seen` = 'yes'
WHERE `user_id` = 'admin';
UPDATE `ci_sessions` SET `timestamp` = 1729747069, `data` = '__ci_last_regenerate|i:1729747069;id|s:4:\"2019\";user_id|s:5:\"admin\";username|s:5:\"admin\";sponsor_id|s:1:\"0\";fullname|s:11:\"Alex Carrey\";email|s:15:\"admin@admin.com\";phone|s:10:\"1235467892\";isLogIn|b:1;'
WHERE `id` = '5e70a8d8b7d75d2117725cc1c3bc3c7017ba56c5';
INSERT INTO `login_history` (`user_id`, `device`, `ip_address`, `date`) VALUES ('admin', 'Mozilla/5.0 (X11; Linux x86_64) AppleWebKit/537.36 (KHTML, like Gecko) Chrome/130.0.0.0 Safari/537.36', '172.70.54.75', '24-10-24 00:19');
UPDATE `user_registration` SET `popup_seen` = 'yes'
WHERE `user_id` = 'admin';
UPDATE `user_registration` SET `popup_seen` = 'yes'
WHERE `user_id` = 'admin';
UPDATE `ci_sessions` SET `timestamp` = 1729747389, `data` = '__ci_last_regenerate|i:1729747389;id|s:4:\"2019\";user_id|s:5:\"admin\";username|s:5:\"admin\";sponsor_id|s:1:\"0\";fullname|s:11:\"Alex Carrey\";email|s:15:\"admin@admin.com\";phone|s:10:\"1235467892\";isLogIn|b:1;'
WHERE `id` = 'fbfc812f092fdf32f962d5c7d215233603bbfcc4';
UPDATE `user_registration` SET `popup_seen` = 'yes'
WHERE `user_id` = 'admin';
UPDATE `user_registration` SET `popup_seen` = 'yes'
WHERE `user_id` = 'admin';
UPDATE `ci_sessions` SET `timestamp` = 1729747708, `data` = '__ci_last_regenerate|i:1729747708;id|s:4:\"2019\";user_id|s:5:\"admin\";username|s:5:\"admin\";sponsor_id|s:1:\"0\";fullname|s:11:\"Alex Carrey\";email|s:15:\"admin@admin.com\";phone|s:10:\"1235467892\";isLogIn|b:1;'
WHERE `id` = '641e133c0c7b5bf1f47dc20d1f0048178b158a83';
INSERT INTO `add_cart` (`user_id`, `product_id`, `product_name`, `product_amount`, `product_point`, `product_image`, `product_details`, `quantity`, `total_amount`, `total_point`, `date`) VALUES ('admin', '2', 'Mexico', '150', '150', 'upload/product_image/6174ace6c90dd21f9c3dd30876389ff6.jpg', '<p>Lorem ipsum dolor sit amet, consectetur adipiscing elit, sed do eiusmod tempor incididunt ut labore et dolore magna aliqua. Ut enim ad minim veniam, quis nostrud exercitation ullamco laboris nisi ut aliquip ex ea commodo consequat. Duis aute irure dolor in reprehenderit in voluptate velit esse cillum dolore eu fugiat nulla pariatur. Excepteur sint occaecat cupidatat non proident, sunt in culpa qui officia deserunt mollit anim id est laborum.</p>\r\n', 1, 150, 150, '2024-10-24 00:28:32');
UPDATE `user_registration` SET `popup_seen` = 'yes'
WHERE `user_id` = 'admin';
INSERT INTO `reward_purchase_history` (`user_id`, `reward_id`, `amount`, `reward_value`, `reward_points`, `available_points`, `conversion_point_rate`, `payment_option`, `reward_name`, `country`, `state`, `date`, `type`) VALUES ('admin', '1', '100', '50', '200', '280', '1', 'free', 'Testing', 'N/A', 'N/A', '2024-10-24 00:29:22', 'reward_claim');
UPDATE `add_cart` SET `quantity` = '1', `total_amount` = 150, `total_point` = 150
WHERE `id` = '41';
UPDATE `user_registration` SET `popup_seen` = 'yes'
WHERE `user_id` = 'admin';
UPDATE `admin` SET `last_logout` = '2024-10-24 00:58:03'
WHERE `id` IS NULL;
DELETE FROM `ci_sessions`
WHERE `id` = '0340a90783b0738cc2a580125aa5fcd42b2578d6';
UPDATE `ci_sessions` SET `timestamp` = 1729751241, `data` = '__ci_last_regenerate|i:1729751241;id|s:4:\"2019\";user_id|s:5:\"admin\";username|s:5:\"admin\";sponsor_id|s:1:\"0\";fullname|s:11:\"Alex Carrey\";email|s:15:\"admin@admin.com\";phone|s:10:\"1235467892\";isLogIn|b:1;message|s:19:\"Welcome Alex Carrey\";__ci_vars|a:1:{s:7:\"message\";s:3:\"old\";}'
WHERE `id` = '9033a03b2e11f9e961f823932af66c95a8a08563';
UPDATE `user_registration` SET `popup_seen` = 'yes'
WHERE `user_id` = 'admin';
UPDATE `user_registration` SET `popup_seen` = 'yes'
WHERE `user_id` = 'admin';
INSERT INTO `login_history` (`user_id`, `device`, `ip_address`, `date`) VALUES ('admin', 'Mozilla/5.0 (Macintosh; Intel Mac OS X 10_15_7) AppleWebKit/537.36 (KHTML, like Gecko) Chrome/129.0.0.0 Safari/537.36', '172.69.178.69', '24-10-24 01:33');
UPDATE `user_registration` SET `popup_seen` = 'yes'
WHERE `user_id` = 'admin';
UPDATE `ci_sessions` SET `timestamp` = 1729751723, `data` = '__ci_last_regenerate|i:1729751723;captcha|s:4:\"vys0\";'
WHERE `id` = 'c014f327d1300449e5a5ad6c1b614ec1e6038964';
INSERT INTO `login_history` (`user_id`, `device`, `ip_address`, `date`) VALUES ('admin', 'Mozilla/5.0 (Macintosh; Intel Mac OS X 10_15_7) AppleWebKit/537.36 (KHTML, like Gecko) Chrome/129.0.0.0 Safari/537.36', '172.69.178.17', '24-10-24 01:35');
INSERT INTO `login_history` (`user_id`, `device`, `ip_address`, `date`) VALUES ('admin', 'Mozilla/5.0 (Macintosh; Intel Mac OS X 10_15_7) AppleWebKit/537.36 (KHTML, like Gecko) Chrome/129.0.0.0 Safari/537.36', '172.69.178.16', '24-10-24 01:35');
INSERT INTO `login_history` (`user_id`, `device`, `ip_address`, `date`) VALUES ('admin', 'Mozilla/5.0 (Macintosh; Intel Mac OS X 10_15_7) AppleWebKit/537.36 (KHTML, like Gecko) Chrome/129.0.0.0 Safari/537.36', '172.69.178.16', '24-10-24 01:35');
INSERT INTO `login_history` (`user_id`, `device`, `ip_address`, `date`) VALUES ('admin', 'Mozilla/5.0 (Windows NT 10.0; Win64; x64) AppleWebKit/537.36 (KHTML, like Gecko) Chrome/130.0.0.0 Safari/537.36', '172.69.87.126', '24-10-24 01:37');
UPDATE `user_registration` SET `popup_seen` = 'yes'
WHERE `user_id` = 'admin';
INSERT INTO `login_history` (`user_id`, `device`, `ip_address`, `date`) VALUES ('admin', 'Mozilla/5.0 (Macintosh; Intel Mac OS X 10_15_7) AppleWebKit/537.36 (KHTML, like Gecko) Chrome/129.0.0.0 Safari/537.36', '172.69.86.251', '24-10-24 01:38');
UPDATE `user_registration` SET `popup_seen` = 'yes'
WHERE `user_id` = 'admin';
UPDATE `ci_sessions` SET `timestamp` = 1729751926, `data` = '__ci_last_regenerate|i:1729751926;id|s:4:\"2019\";user_id|s:5:\"admin\";username|s:5:\"admin\";sponsor_id|s:1:\"0\";fullname|s:11:\"Alex Carrey\";email|s:15:\"admin@admin.com\";phone|s:10:\"1235467892\";isLogIn|b:1;'
WHERE `id` = 'ceb2b600c097b8590272a38659b2cbc85bf53ae4';
UPDATE `user_registration` SET `popup_seen` = 'yes'
WHERE `user_id` = 'admin';
UPDATE `user_registration` SET `popup_seen` = 'yes'
WHERE `user_id` = 'admin';
INSERT INTO `login_history` (`user_id`, `device`, `ip_address`, `date`) VALUES ('admin', 'Mozilla/5.0 (Windows NT 10.0; Win64; x64; rv:109.0) Gecko/20100101 Firefox/111.0', '172.69.86.230', '24-10-24 01:41');
UPDATE `user_registration` SET `popup_seen` = 'yes'
WHERE `user_id` = 'admin';
UPDATE `user_registration` SET `popup_seen` = 'yes'
WHERE `user_id` = 'admin';
INSERT INTO `login_history` (`user_id`, `device`, `ip_address`, `date`) VALUES ('admin', 'Mozilla/5.0 (Windows NT 10.0; Win64; x64) AppleWebKit/537.36 (KHTML, like Gecko) Chrome/130.0.0.0 Safari/537.36', '162.158.227.254', '24-10-24 01:42');
UPDATE `user_registration` SET `popup_seen` = 'yes'
WHERE `user_id` = 'admin';
UPDATE `user_registration` SET `popup_seen` = 'yes'
WHERE `user_id` = 'admin';
UPDATE `ci_sessions` SET `timestamp` = 1729752301, `data` = '__ci_last_regenerate|i:1729752301;id|s:4:\"2019\";user_id|s:5:\"admin\";username|s:5:\"admin\";sponsor_id|s:1:\"0\";fullname|s:11:\"Alex Carrey\";email|s:15:\"admin@admin.com\";phone|s:10:\"1235467892\";isLogIn|b:1;'
WHERE `id` = '5d2f5d564ea4d31c7c85594cd3f9c1155c2006fc';
INSERT INTO `login_history` (`user_id`, `device`, `ip_address`, `date`) VALUES ('admin', 'Mozilla/5.0 (Windows NT 10.0; Win64; x64) AppleWebKit/537.36 (KHTML, like Gecko) Chrome/130.0.0.0 Safari/537.36', '172.69.86.240', '24-10-24 05:24');
UPDATE `user_registration` SET `popup_seen` = 'yes'
WHERE `user_id` = 'admin';
INSERT INTO `add_cart` (`user_id`, `product_id`, `product_name`, `product_amount`, `product_point`, `product_image`, `product_details`, `quantity`, `total_amount`, `total_point`, `date`) VALUES ('admin', '4', 'Pinar del Río', '40', '40', 'upload/product_image/50ee9d74e3e7e13c3ab143a9a0b45861.jpg', '<p>Lorem ipsum dolor sit amet, consectetur adipiscing elit, sed do eiusmod tempor incididunt ut labore et dolore magna aliqua. Ut enim ad minim veniam, quis nostrud exercitation ullamco laboris nisi ut aliquip ex ea commodo consequat. Duis aute irure dolor in reprehenderit in voluptate velit esse cillum dolore eu fugiat nulla pariatur. Excepteur sint occaecat cupidatat non proident, sunt in culpa qui officia deserunt mollit anim id est laborum.</p>\r\n', 1, 40, 40, '2024-10-24 05:25:23');
UPDATE `add_cart` SET `quantity` = '1', `total_amount` = 40, `total_point` = 40
WHERE `id` = '42';
UPDATE `add_cart` SET `quantity` = '1', `total_amount` = 150, `total_point` = 150
WHERE `id` = '41';
INSERT INTO `login_history` (`user_id`, `device`, `ip_address`, `date`) VALUES ('admin', 'Mozilla/5.0 (Windows NT 10.0; Win64; x64; rv:131.0) Gecko/20100101 Firefox/131.0', '172.69.87.126', '24-10-24 05:26');
UPDATE `user_registration` SET `popup_seen` = 'yes'
WHERE `user_id` = 'admin';
UPDATE `ci_sessions` SET `timestamp` = 1729765814, `data` = '__ci_last_regenerate|i:1729765814;id|s:4:\"2019\";user_id|s:5:\"admin\";username|s:5:\"admin\";sponsor_id|s:1:\"0\";fullname|s:11:\"Alex Carrey\";email|s:15:\"admin@admin.com\";phone|s:10:\"1235467892\";isLogIn|b:1;'
WHERE `id` = '822ef6a8c20b6d83a9cae502638e3aff0eb46c7b';
UPDATE `ci_sessions` SET `timestamp` = 1729766747, `data` = '__ci_last_regenerate|i:1729766747;captcha|s:4:\"rc2p\";'
WHERE `id` = 'bc0f3f23812537504ecc150f0663e2c2f15daaed';
INSERT INTO `login_history` (`user_id`, `device`, `ip_address`, `date`) VALUES ('admin', 'Mozilla/5.0 (Macintosh; Intel Mac OS X 10_15_7) AppleWebKit/537.36 (KHTML, like Gecko) Chrome/129.0.0.0 Safari/537.36', '172.69.94.245', '24-10-24 05:45');
UPDATE `user_registration` SET `popup_seen` = 'yes'
WHERE `user_id` = 'admin';
UPDATE `ci_sessions` SET `timestamp` = 1729767062, `data` = '__ci_last_regenerate|i:1729767062;id|s:4:\"2019\";user_id|s:5:\"admin\";username|s:5:\"admin\";sponsor_id|s:1:\"0\";fullname|s:11:\"Alex Carrey\";email|s:15:\"admin@admin.com\";phone|s:10:\"1235467892\";isLogIn|b:1;'
WHERE `id` = '821d125b5734e10f97ed396e814d7ceb038d99bd';
UPDATE `user_registration` SET `popup_seen` = 'no'
WHERE `user_id` = 'admin';
DELETE FROM `ci_sessions`
WHERE `id` = '3600753e5d1f05bf062cd7199162f16154228956';
INSERT INTO `login_history` (`user_id`, `device`, `ip_address`, `date`) VALUES ('ZY147T', 'Mozilla/5.0 (Macintosh; Intel Mac OS X 10_15_7) AppleWebKit/537.36 (KHTML, like Gecko) Chrome/129.0.0.0 Safari/537.36', '172.69.94.27', '24-10-24 05:51');
UPDATE `user_registration` SET `popup_seen` = 'yes'
WHERE `user_id` = 'ZY147T';
INSERT INTO `sub_history` (`user_id`, `package_id`, `amount`, `payment_method`, `date`) VALUES ('ZY147T', '2', '150', 'free', '2024-10-24 05:51:20');
UPDATE `user_registration` SET sub_point = ROUND(sub_point + 150,2)
WHERE `user_id` = 'ZY147T';
INSERT INTO `investment` (`invest_date`, `user_id`, `type`, `amount`, `package_id`) VALUES ('2024-10-24 05:51:20', 'ZY147T', 'subscription', '150', '2');
UPDATE `user_registration` SET total_points = ROUND(total_points + 150,2)
WHERE `user_id` = 'ZY147T';
INSERT INTO `points_history` (`user_id`, `points`, `type`, `date`) VALUES ('ZY147T', '150', 'subscription', '2024-10-24 05:51:');
UPDATE `bv_updation` SET left_carry = left_carry+150, total_left = total_left+150
WHERE `user_id` = 'admin';
INSERT INTO `placement_bv_update_history` (`left_carry`, `date`, `from_id`, `user_id`) VALUES ('150', '2024-10-24 05:51:20', 'ZY147T', 'admin');
UPDATE `bv_updation` SET sponsor_left_carry = sponsor_left_carry+150, sponsor_total_left = sponsor_total_left+150
WHERE `user_id` = 'admin';
INSERT INTO `sponsor_bv_update_history` (`left_carry`, `date`, `user_id`) VALUES ('150', '2024-10-24 05:51:20', 'admin');
UPDATE `user_registration` SET `subscription_date` = '2024-11-23', `active_status` = 'yes'
WHERE `user_id` = 'ZY147T';
UPDATE `user_registration` SET `popup_seen` = 'yes'
WHERE `user_id` = 'ZY147T';
INSERT INTO `add_cart` (`user_id`, `product_id`, `product_name`, `product_amount`, `product_point`, `product_image`, `product_details`, `quantity`, `total_amount`, `total_point`, `date`) VALUES ('ZY147T', '1', 'Manila', '210', '210', 'upload/product_image/5050aec80a40a0b635f5f6c2302393c7.jpeg', '<p>Lorem ipsum dolor sit amet, consectetur adipiscing elit, sed do eiusmod tempor incididunt ut labore et dolore magna aliqua. Ut enim ad minim veniam, quis nostrud exercitation ullamco laboris nisi ut aliquip ex ea commodo consequat. Duis aute irure dolor in reprehenderit in voluptate velit esse cillum dolore eu fugiat nulla pariatur. Excepteur sint occaecat cupidatat non proident, sunt in culpa qui officia deserunt mollit anim id est laborum.</p>', 1, 210, 210, '2024-10-24 05:52:39');
UPDATE `add_cart` SET `quantity` = '1', `total_amount` = 210, `total_point` = 210
WHERE `id` = '43';
INSERT INTO `total_orders` (`user_id`, `amount_to_pay`, `total_points`, `date`) VALUES ('ZY147T', '210', '210', '2024-10-24 05:53:10');
INSERT INTO `product_purchase_history` (`user_id`, `product_id`, `amount`, `quantity`, `total_amount`, `points`, `conversion_point_rate`, `payment_option`, `product_name`, `date`, `type`) VALUES ('ZY147T', '1', '210', '1', '210', 210, '1', 'free', 'Manila', '2024-10-24 05:53:10', 'repurchase');
UPDATE `user_registration` SET total_points = ROUND(total_points + 210,2)
WHERE `user_id` = 'ZY147T';
INSERT INTO `points_history` (`user_id`, `points`, `type`, `date`) VALUES ('ZY147T', 210, 'product_prchase', '2024-10-24 05:53:');
INSERT INTO `orders` (`order_id`, `user_id`, `product_id`, `product_name`, `amount`, `quantity`, `total_amount`, `payment_option`, `date`) VALUES (24, 'ZY147T', '1', 'Manila', '210', '1', '210', 'free', '2024-10-24 05:53:10');
DELETE FROM `add_cart`
WHERE `id` = '43';
UPDATE `bv_updation` SET right_carry = right_carry+210, total_right = total_right+210
WHERE `user_id` = 'ZY147T';
INSERT INTO `placement_bv_update_history` (`right_carry`, `date`, `from_id`, `user_id`) VALUES ('210', '2024-10-24 05:53:10', 'ZY147T', 'ZY147T');
INSERT INTO `add_cart` (`user_id`, `product_id`, `product_name`, `product_amount`, `product_point`, `product_image`, `product_details`, `quantity`, `total_amount`, `total_point`, `date`) VALUES ('ZY147T', '6', 'Service 2024', '80', '40', 'upload/product_image/62c0c52b90983f2f6de24bdc830d503c.jpg', '<p>The title of the reward was an emblem of the<br />\r\ncountless hours of dedication, perseverance, and passion that culminated in this moment.</p>\r\n\r\n<p><strong>One 50-Minute Massage or Facial Package</strong></p>\r\n\r\n<p><strong>Value: $160 &nbsp; &nbsp; Cost: $80 &nbsp; &nbsp; 50% OFF</strong><br />\r\n&nbsp;</p>\r\n\r\n<p>&nbsp;</p>\r\n', 1, 80, 40, '2024-10-24 05:53:50');
INSERT INTO `total_orders` (`user_id`, `amount_to_pay`, `total_points`, `date`) VALUES ('ZY147T', '80', '40', '2024-10-24 05:54:16');
INSERT INTO `product_purchase_history` (`user_id`, `product_id`, `amount`, `quantity`, `total_amount`, `points`, `conversion_point_rate`, `payment_option`, `product_name`, `date`, `type`) VALUES ('ZY147T', '6', '80', '1', '80', 80, '1', 'free', 'Service 2024', '2024-10-24 05:54:16', 'repurchase');
UPDATE `user_registration` SET total_points = ROUND(total_points + 80,2)
WHERE `user_id` = 'ZY147T';
INSERT INTO `points_history` (`user_id`, `points`, `type`, `date`) VALUES ('ZY147T', 80, 'product_prchase', '2024-10-24 05:54:');
INSERT INTO `orders` (`order_id`, `user_id`, `product_id`, `product_name`, `amount`, `quantity`, `total_amount`, `payment_option`, `date`) VALUES (25, 'ZY147T', '6', 'Service 2024', '80', '1', '80', 'free', '2024-10-24 05:54:16');
DELETE FROM `add_cart`
WHERE `id` = '44';
UPDATE `bv_updation` SET left_carry = left_carry+40, total_left = total_left+40
WHERE `user_id` = 'ZY147T';
INSERT INTO `placement_bv_update_history` (`left_carry`, `date`, `from_id`, `user_id`) VALUES ('40', '2024-10-24 05:54:16', 'ZY147T', 'ZY147T');
UPDATE `user_registration` SET `popup_seen` = 'no'
WHERE `user_id` = 'ZY147T';
DELETE FROM `ci_sessions`
WHERE `id` = 'c2cd61f2dd50b996e7e09410ba898429d2e579c1';
INSERT INTO `login_history` (`user_id`, `device`, `ip_address`, `date`) VALUES ('admin', 'Mozilla/5.0 (Macintosh; Intel Mac OS X 10_15_7) AppleWebKit/537.36 (KHTML, like Gecko) Chrome/129.0.0.0 Safari/537.36', '172.69.94.201', '24-10-24 05:55');
UPDATE `user_registration` SET `popup_seen` = 'yes'
WHERE `user_id` = 'admin';
UPDATE `add_cart` SET `quantity` = '1', `total_amount` = 40, `total_point` = 40
WHERE `id` = '42';
UPDATE `add_cart` SET `quantity` = '1', `total_amount` = 150, `total_point` = 150
WHERE `id` = '41';
INSERT INTO `total_orders` (`user_id`, `amount_to_pay`, `total_points`, `date`) VALUES ('admin', '190', '190', '2024-10-24 05:55:27');
INSERT INTO `product_purchase_history` (`user_id`, `product_id`, `amount`, `quantity`, `total_amount`, `points`, `conversion_point_rate`, `payment_option`, `product_name`, `date`, `type`) VALUES ('admin', '4', '40', '1', '40', 40, '1', 'free', 'Pinar del Río', '2024-10-24 05:55:27', 'repurchase');
UPDATE `user_registration` SET total_points = ROUND(total_points + 40,2)
WHERE `user_id` = 'admin';
INSERT INTO `points_history` (`user_id`, `points`, `type`, `date`) VALUES ('admin', 40, 'product_prchase', '2024-10-24 05:55:');
INSERT INTO `orders` (`order_id`, `user_id`, `product_id`, `product_name`, `amount`, `quantity`, `total_amount`, `payment_option`, `date`) VALUES (26, 'admin', '4', 'Pinar del Río', '40', '1', '40', 'free', '2024-10-24 05:55:27');
DELETE FROM `add_cart`
WHERE `id` = '42';
INSERT INTO `product_purchase_history` (`user_id`, `product_id`, `amount`, `quantity`, `total_amount`, `points`, `conversion_point_rate`, `payment_option`, `product_name`, `date`, `type`) VALUES ('admin', '2', '150', '1', '150', 150, '1', 'free', 'Mexico', '2024-10-24 05:55:27', 'repurchase');
UPDATE `user_registration` SET total_points = ROUND(total_points + 150,2)
WHERE `user_id` = 'admin';
INSERT INTO `points_history` (`user_id`, `points`, `type`, `date`) VALUES ('admin', 150, 'product_prchase', '2024-10-24 05:55:');
INSERT INTO `orders` (`order_id`, `user_id`, `product_id`, `product_name`, `amount`, `quantity`, `total_amount`, `payment_option`, `date`) VALUES (26, 'admin', '2', 'Mexico', '150', '1', '150', 'free', '2024-10-24 05:55:27');
DELETE FROM `add_cart`
WHERE `id` = '41';
UPDATE `bv_updation` SET left_carry = left_carry+190, total_left = total_left+190
WHERE `user_id` = 'admin';
INSERT INTO `placement_bv_update_history` (`left_carry`, `date`, `from_id`, `user_id`) VALUES ('190', '2024-10-24 05:55:27', 'admin', 'admin');
UPDATE `user_registration` SET `popup_seen` = 'no'
WHERE `user_id` IS NULL;
DELETE FROM `ci_sessions`
WHERE `id` = '3c7478f7e012f56f043197389716e3deb9f2d079';
INSERT INTO `login_history` (`user_id`, `device`, `ip_address`, `date`) VALUES ('A9858P', 'Mozilla/5.0 (Windows NT 10.0; Win64; x64) AppleWebKit/537.36 (KHTML, like Gecko) Chrome/129.0.0.0 Safari/537.36', '172.70.254.37', '24-10-24 09:03');
UPDATE `user_registration` SET `popup_seen` = 'yes'
WHERE `user_id` = 'A9858P';
UPDATE `user_registration` SET `popup_seen` = 'yes'
WHERE `user_id` = 'A9858P';
UPDATE `ci_sessions` SET `timestamp` = 1729778856, `data` = '__ci_last_regenerate|i:1729778856;id|s:4:\"2021\";user_id|s:6:\"A9858P\";username|s:6:\"emilio\";sponsor_id|s:5:\"admin\";fullname|s:14:\"Emilio Tapanes\";email|s:23:\"emiliotapanes@gmail.com\";phone|s:10:\"7862876762\";isLogIn|b:1;'
WHERE `id` = 'b248e0ba685d2a714ad931f00af32a8ea75f3d44';
DELETE FROM `add_cart`
WHERE `id` = '5';
UPDATE `ci_sessions` SET `timestamp` = 1729779172, `data` = '__ci_last_regenerate|i:1729779172;id|s:4:\"2021\";user_id|s:6:\"A9858P\";username|s:6:\"emilio\";sponsor_id|s:5:\"admin\";fullname|s:14:\"Emilio Tapanes\";email|s:23:\"emiliotapanes@gmail.com\";phone|s:10:\"7862876762\";isLogIn|b:1;'
WHERE `id` = '0ff32335aefce7f5e3b4cab14d282b14d35c87b2';
INSERT INTO `login_history` (`user_id`, `device`, `ip_address`, `date`) VALUES ('admin', 'Mozilla/5.0 (Macintosh; Intel Mac OS X 10_15_7) AppleWebKit/605.1.15 (KHTML, like Gecko) Version/17.2 Safari/605.1.15', '172.69.87.9', '24-10-24 10:54');
UPDATE `user_registration` SET `popup_seen` = 'yes'
WHERE `user_id` = 'admin';
UPDATE `ci_sessions` SET `timestamp` = 1729785550, `data` = '__ci_last_regenerate|i:1729785550;id|s:4:\"2019\";user_id|s:5:\"admin\";username|s:5:\"admin\";sponsor_id|s:1:\"0\";fullname|s:11:\"Alex Carrey\";email|s:15:\"admin@admin.com\";phone|s:10:\"1235467892\";isLogIn|b:1;'
WHERE `id` = 'bcfa1b642d7d5334ce99992e546f86658b621645';
UPDATE `user_registration` SET `popup_seen` = 'no'
WHERE `user_id` = 'admin';
DELETE FROM `ci_sessions`
WHERE `id` = '191782dc90d14e10629d56b54444840ee4aa1126';
INSERT INTO `login_history` (`user_id`, `device`, `ip_address`, `date`) VALUES ('admin', 'Mozilla/5.0 (Macintosh; Intel Mac OS X 10_15_7) AppleWebKit/537.36 (KHTML, like Gecko) Chrome/129.0.0.0 Safari/537.36', '162.158.227.160', '24-10-24 10:59');
UPDATE `user_registration` SET `popup_seen` = 'yes'
WHERE `user_id` = 'admin';
UPDATE `user_registration` SET `popup_seen` = 'yes'
WHERE `user_id` = 'admin';
UPDATE `user_registration` SET `popup_seen` = 'yes'
WHERE `user_id` = 'admin';
UPDATE `ci_sessions` SET `timestamp` = 1729785910, `data` = '__ci_last_regenerate|i:1729785910;id|s:4:\"2019\";user_id|s:5:\"admin\";username|s:5:\"admin\";sponsor_id|s:1:\"0\";fullname|s:11:\"Alex Carrey\";email|s:15:\"admin@admin.com\";phone|s:10:\"1235467892\";isLogIn|b:1;'
WHERE `id` = '797466729f43a567269d66382dd593032841dd63';
UPDATE `ci_sessions` SET `timestamp` = 1729787933, `data` = '__ci_last_regenerate|i:1729787933;id|s:4:\"2019\";user_id|s:5:\"admin\";username|s:5:\"admin\";sponsor_id|s:1:\"0\";fullname|s:11:\"Alex Carrey\";email|s:15:\"admin@admin.com\";phone|s:10:\"1235467892\";isLogIn|b:1;'
WHERE `id` = '9fd33c6d92b9b18dcac59a2870d673dd722d8d9c';
UPDATE `user_registration` SET `popup_seen` = 'yes'
WHERE `user_id` = 'admin';
UPDATE `user_registration` SET `popup_seen` = 'yes'
WHERE `user_id` = 'admin';
INSERT INTO `login_history` (`user_id`, `device`, `ip_address`, `date`) VALUES ('admin', 'Mozilla/5.0 (Windows NT 10.0; Win64; x64) AppleWebKit/537.36 (KHTML, like Gecko) Chrome/127.0.0.0 Safari/537.36 OPR/113.0.0.0', '172.70.54.191', '24-10-24 11:56');
UPDATE `user_registration` SET `popup_seen` = 'yes'
WHERE `user_id` = 'admin';
UPDATE `user_registration` SET `popup_seen` = 'no'
WHERE `user_id` = 'admin';
DELETE FROM `ci_sessions`
WHERE `id` = '444396839ecb686f3535a1279bf7a3cc19a89058';
UPDATE `ci_sessions` SET `timestamp` = 1729789484, `data` = '__ci_last_regenerate|i:1729789484;captcha|s:4:\"lc2u\";'
WHERE `id` = '092452ab67b1719f58d3d0b76843b509e7c00a99';
INSERT INTO `login_history` (`user_id`, `device`, `ip_address`, `date`) VALUES ('admin', 'Mozilla/5.0 (Windows NT 10.0; Win64; x64) AppleWebKit/537.36 (KHTML, like Gecko) Chrome/127.0.0.0 Safari/537.36 OPR/113.0.0.0', '172.70.255.86', '24-10-24 12:07');
UPDATE `user_registration` SET `popup_seen` = 'yes'
WHERE `user_id` = 'admin';
UPDATE `ci_sessions` SET `timestamp` = 1729790561, `data` = '__ci_last_regenerate|i:1729790561;id|s:4:\"2019\";user_id|s:5:\"admin\";username|s:5:\"admin\";sponsor_id|s:1:\"0\";fullname|s:11:\"Alex Carrey\";email|s:15:\"admin@admin.com\";phone|s:10:\"1235467892\";isLogIn|b:1;message|s:19:\"Welcome Alex Carrey\";__ci_vars|a:1:{s:7:\"message\";s:3:\"old\";}'
WHERE `id` = 'f7069eeb2813266a66f3f43b66a43a5ae650ddcf';
UPDATE `user_registration` SET `popup_seen` = 'yes'
WHERE `user_id` = 'admin';
INSERT INTO `add_cart` (`user_id`, `product_id`, `product_name`, `product_amount`, `product_point`, `product_image`, `product_details`, `quantity`, `total_amount`, `total_point`, `date`) VALUES ('admin', '4', 'Pinar del Río', '40', '40', 'upload/product_image/50ee9d74e3e7e13c3ab143a9a0b45861.jpg', '<p>Lorem ipsum dolor sit amet, consectetur adipiscing elit, sed do eiusmod tempor incididunt ut labore et dolore magna aliqua. Ut enim ad minim veniam, quis nostrud exercitation ullamco laboris nisi ut aliquip ex ea commodo consequat. Duis aute irure dolor in reprehenderit in voluptate velit esse cillum dolore eu fugiat nulla pariatur. Excepteur sint occaecat cupidatat non proident, sunt in culpa qui officia deserunt mollit anim id est laborum.</p>\r\n', 1, 40, 40, '2024-10-24 12:24:12');
UPDATE `user_registration` SET `popup_seen` = 'yes'
WHERE `user_id` = 'admin';
UPDATE `user_registration` SET `popup_seen` = 'yes'
WHERE `user_id` = 'admin';
UPDATE `ci_sessions` SET `timestamp` = 1729791032, `data` = '__ci_last_regenerate|i:1729791032;id|s:4:\"2019\";user_id|s:5:\"admin\";username|s:5:\"admin\";sponsor_id|s:1:\"0\";fullname|s:11:\"Alex Carrey\";email|s:15:\"admin@admin.com\";phone|s:10:\"1235467892\";isLogIn|b:1;'
WHERE `id` = 'd9cc43c00f3a1ca0f920c37baca93d93854d6fcf';
UPDATE `add_cart` SET `quantity` = '1', `total_amount` = 40, `total_point` = 40
WHERE `id` = '45';
UPDATE `ci_sessions` SET `timestamp` = 1729792317, `data` = '__ci_last_regenerate|i:1729792317;id|s:4:\"2019\";user_id|s:5:\"admin\";username|s:5:\"admin\";sponsor_id|s:1:\"0\";fullname|s:11:\"Alex Carrey\";email|s:15:\"admin@admin.com\";phone|s:10:\"1235467892\";isLogIn|b:1;'
WHERE `id` = '2e03b5d5d5816482fda7f5fa56b509eb7c587611';
UPDATE `ci_sessions` SET `timestamp` = 1729793113, `data` = '__ci_last_regenerate|i:1729793113;id|s:4:\"2019\";user_id|s:5:\"admin\";username|s:5:\"admin\";sponsor_id|s:1:\"0\";fullname|s:11:\"Alex Carrey\";email|s:15:\"admin@admin.com\";phone|s:10:\"1235467892\";isLogIn|b:1;'
WHERE `id` = '01d17e8ad2a5a0a783c6f2674f5f2226ecce21cf';
UPDATE `user_registration` SET `popup_seen` = 'yes'
WHERE `user_id` = 'admin';
UPDATE `ci_sessions` SET `timestamp` = 1729793416, `data` = '__ci_last_regenerate|i:1729793416;id|s:4:\"2019\";user_id|s:5:\"admin\";username|s:5:\"admin\";sponsor_id|s:1:\"0\";fullname|s:11:\"Alex Carrey\";email|s:15:\"admin@admin.com\";phone|s:10:\"1235467892\";isLogIn|b:1;'
WHERE `id` = 'e983aa17695b87ba7fd0914197ad988eb3fbef91';
INSERT INTO `login_history` (`user_id`, `device`, `ip_address`, `date`) VALUES ('ADZTOG', 'Mozilla/5.0 (Linux; Android 10; K) AppleWebKit/537.36 (KHTML, like Gecko) Chrome/129.0.0.0 Mobile Safari/537.36', '172.71.31.161', '24-10-24 16:01');
UPDATE `user_registration` SET `popup_seen` = 'yes'
WHERE `user_id` = 'ADZTOG';
UPDATE `user_registration` SET `popup_seen` = 'no'
WHERE `user_id` = 'ADZTOG';
DELETE FROM `ci_sessions`
WHERE `id` = '7ebd89f0940bfcfa0b3f2b6177226ad08724fb09';
INSERT INTO `login_history` (`user_id`, `device`, `ip_address`, `date`) VALUES ('ADZTOG', 'Mozilla/5.0 (Windows NT 10.0; Win64; x64) AppleWebKit/537.36 (KHTML, like Gecko) Chrome/130.0.0.0 Safari/537.36', '172.70.83.93', '24-10-24 21:41');
UPDATE `user_registration` SET `popup_seen` = 'yes'
WHERE `user_id` = 'ADZTOG';
UPDATE `ci_sessions` SET `timestamp` = 1729824214, `data` = '__ci_last_regenerate|i:1729824214;id|s:4:\"2023\";user_id|s:6:\"ADZTOG\";username|s:7:\"rafael1\";sponsor_id|s:6:\"A9858P\";fullname|s:16:\"Rafael Rodriguez\";email|s:17:\"rafael1@gmail.com\";phone|s:10:\"3057610606\";isLogIn|b:1;'
WHERE `id` = '4341d0ba8d61621160b0209fc918699a828bea5f';
UPDATE `user_registration` SET `popup_seen` = 'no'
WHERE `user_id` = 'ADZTOG';
DELETE FROM `ci_sessions`
WHERE `id` = '31fe169baa3796fcce840fb2a0df6e41d06f6cfb';
INSERT INTO `login_history` (`user_id`, `device`, `ip_address`, `date`) VALUES ('A9858P', 'Mozilla/5.0 (Windows NT 10.0; Win64; x64) AppleWebKit/537.36 (KHTML, like Gecko) Chrome/129.0.0.0 Safari/537.36', '172.70.55.236', '24-10-24 22:03');
UPDATE `user_registration` SET `popup_seen` = 'yes'
WHERE `user_id` = 'A9858P';
UPDATE `ci_sessions` SET `timestamp` = 1729825487, `data` = '__ci_last_regenerate|i:1729825487;captcha|s:4:\"54ck\";'
WHERE `id` = '64482d45f3c8fab89a21611e98ab08bd537e2a74';
INSERT INTO `login_history` (`user_id`, `device`, `ip_address`, `date`) VALUES ('ADZTOG', 'Mozilla/5.0 (Windows NT 10.0; Win64; x64) AppleWebKit/537.36 (KHTML, like Gecko) Chrome/130.0.0.0 Safari/537.36', '108.162.212.156', '24-10-24 22:05');
UPDATE `user_registration` SET `popup_seen` = 'yes'
WHERE `user_id` = 'ADZTOG';
UPDATE `user_registration` SET `popup_seen` = 'yes'
WHERE `user_id` = 'A9858P';
UPDATE `user_registration` SET `popup_seen` = 'yes'
WHERE `user_id` = 'ADZTOG';
UPDATE `ci_sessions` SET `timestamp` = 1729825826, `data` = '__ci_last_regenerate|i:1729825826;id|s:4:\"2023\";user_id|s:6:\"ADZTOG\";username|s:7:\"rafael1\";sponsor_id|s:6:\"A9858P\";fullname|s:16:\"Rafael Rodriguez\";email|s:17:\"rafael1@gmail.com\";phone|s:10:\"3057610606\";isLogIn|b:1;'
WHERE `id` = '266f2965f73247fba811c833b214ee364f3cd484';
UPDATE `user_registration` SET `popup_seen` = 'yes'
WHERE `user_id` = 'ADZTOG';
UPDATE `user_registration` SET `popup_seen` = 'yes'
WHERE `user_id` = 'ADZTOG';
UPDATE `user_registration` SET `popup_seen` = 'yes'
WHERE `user_id` = 'ADZTOG';
UPDATE `ci_sessions` SET `timestamp` = 1729825970, `data` = '__ci_last_regenerate|i:1729825970;id|s:4:\"2021\";user_id|s:6:\"A9858P\";username|s:6:\"emilio\";sponsor_id|s:5:\"admin\";fullname|s:14:\"Emilio Tapanes\";email|s:23:\"emiliotapanes@gmail.com\";phone|s:10:\"7862876762\";isLogIn|b:1;'
WHERE `id` = 'e376cebf8c7ad356f6dbbfba2d7e5641cbf02f18';
UPDATE `user_registration` SET `language` = 'spanish'
WHERE `user_id` = 'ADZTOG';
UPDATE `user_registration` SET `language` = 'english'
WHERE `user_id` = 'ADZTOG';
UPDATE `user_registration` SET `language` = 'spanish'
WHERE `user_id` = 'A9858P';
UPDATE `user_registration` SET `language` = 'english'
WHERE `user_id` = 'A9858P';
UPDATE `user_registration` SET `popup_seen` = 'yes'
WHERE `user_id` = 'A9858P';
UPDATE `ci_sessions` SET `timestamp` = 1729826546, `data` = '__ci_last_regenerate|i:1729826546;id|s:4:\"2023\";user_id|s:6:\"ADZTOG\";username|s:7:\"rafael1\";sponsor_id|s:6:\"A9858P\";fullname|s:16:\"Rafael Rodriguez\";email|s:17:\"rafael1@gmail.com\";phone|s:10:\"3057610606\";isLogIn|b:1;'
WHERE `id` = 'f4cf5f9d495d3bccd44fa502eaa24b2825cdef5e';
UPDATE `user_registration` SET `popup_seen` = 'yes'
WHERE `user_id` = 'ADZTOG';
UPDATE `ci_sessions` SET `timestamp` = 1729826555, `data` = '__ci_last_regenerate|i:1729826555;id|s:4:\"2021\";user_id|s:6:\"A9858P\";username|s:6:\"emilio\";sponsor_id|s:5:\"admin\";fullname|s:14:\"Emilio Tapanes\";email|s:23:\"emiliotapanes@gmail.com\";phone|s:10:\"7862876762\";isLogIn|b:1;'
WHERE `id` = '9f1351fdb536a68f1067687c94985f83456e8836';
UPDATE `user_registration` SET `popup_seen` = 'yes'
WHERE `user_id` = 'A9858P';
INSERT INTO `add_cart` (`user_id`, `product_id`, `product_name`, `product_amount`, `product_point`, `product_image`, `product_details`, `quantity`, `total_amount`, `total_point`, `date`) VALUES ('ADZTOG', '4', 'Pinar del Río', '40', '40', 'upload/product_image/50ee9d74e3e7e13c3ab143a9a0b45861.jpg', '<p>Lorem ipsum dolor sit amet, consectetur adipiscing elit, sed do eiusmod tempor incididunt ut labore et dolore magna aliqua. Ut enim ad minim veniam, quis nostrud exercitation ullamco laboris nisi ut aliquip ex ea commodo consequat. Duis aute irure dolor in reprehenderit in voluptate velit esse cillum dolore eu fugiat nulla pariatur. Excepteur sint occaecat cupidatat non proident, sunt in culpa qui officia deserunt mollit anim id est laborum.</p>\r\n', 1, 40, 40, '2024-10-24 22:27:19');
INSERT INTO `add_cart` (`user_id`, `product_id`, `product_name`, `product_amount`, `product_point`, `product_image`, `product_details`, `quantity`, `total_amount`, `total_point`, `date`) VALUES ('A9858P', '4', 'Pinar del Río', '40', '40', 'upload/product_image/50ee9d74e3e7e13c3ab143a9a0b45861.jpg', '<p>Lorem ipsum dolor sit amet, consectetur adipiscing elit, sed do eiusmod tempor incididunt ut labore et dolore magna aliqua. Ut enim ad minim veniam, quis nostrud exercitation ullamco laboris nisi ut aliquip ex ea commodo consequat. Duis aute irure dolor in reprehenderit in voluptate velit esse cillum dolore eu fugiat nulla pariatur. Excepteur sint occaecat cupidatat non proident, sunt in culpa qui officia deserunt mollit anim id est laborum.</p>\r\n', 1, 40, 40, '2024-10-24 22:27:29');
UPDATE `ci_sessions` SET `timestamp` = 1729826870, `data` = '__ci_last_regenerate|i:1729826870;id|s:4:\"2023\";user_id|s:6:\"ADZTOG\";username|s:7:\"rafael1\";sponsor_id|s:6:\"A9858P\";fullname|s:16:\"Rafael Rodriguez\";email|s:17:\"rafael1@gmail.com\";phone|s:10:\"3057610606\";isLogIn|b:1;message|s:34:\"Product Added to Cart Successfully\";__ci_vars|a:1:{s:7:\"message\";s:3:\"old\";}'
WHERE `id` = 'd448ea62877a39d28a23910cdc609d27342295c6';
UPDATE `user_registration` SET `popup_seen` = 'no'
WHERE `user_id` = 'ADZTOG';
DELETE FROM `ci_sessions`
WHERE `id` = '47570a19e64d0e3680e21fd0caa3e5c46ac905fb';
UPDATE `ci_sessions` SET `timestamp` = 1729826877, `data` = '__ci_last_regenerate|i:1729826877;id|s:4:\"2021\";user_id|s:6:\"A9858P\";username|s:6:\"emilio\";sponsor_id|s:5:\"admin\";fullname|s:14:\"Emilio Tapanes\";email|s:23:\"emiliotapanes@gmail.com\";phone|s:10:\"7862876762\";isLogIn|b:1;message|s:34:\"Product Added to Cart Successfully\";__ci_vars|a:1:{s:7:\"message\";s:3:\"old\";}'
WHERE `id` = 'ef45a0a18d396b59f165d1a05fea801c0c322d8c';
INSERT INTO `login_history` (`user_id`, `device`, `ip_address`, `date`) VALUES ('admin', 'Mozilla/5.0 (Windows NT 10.0; Win64; x64; rv:131.0) Gecko/20100101 Firefox/131.0', '172.70.218.133', '24-10-24 23:14');
UPDATE `user_registration` SET `popup_seen` = 'yes'
WHERE `user_id` = 'admin';
INSERT INTO `reward_purchase_history` (`user_id`, `reward_id`, `amount`, `reward_value`, `reward_points`, `available_points`, `conversion_point_rate`, `payment_option`, `reward_name`, `country`, `state`, `date`, `type`) VALUES ('admin', '4', '30', '300', '10', '470', '1', 'free', 'To copy phone', 'N/A', 'N/A', '2024-10-24 23:15:55', 'reward_claim');
UPDATE `ci_sessions` SET `timestamp` = 1729830038, `data` = '__ci_last_regenerate|i:1729830038;id|s:4:\"2019\";user_id|s:5:\"admin\";username|s:5:\"admin\";sponsor_id|s:1:\"0\";fullname|s:11:\"Alex Carrey\";email|s:15:\"admin@admin.com\";phone|s:10:\"1235467892\";isLogIn|b:1;'
WHERE `id` = 'e65e551b319b50a94b91a7bd815cf62c6b15f02f';
INSERT INTO `reward_purchase_history` (`user_id`, `reward_id`, `amount`, `reward_value`, `reward_points`, `available_points`, `conversion_point_rate`, `payment_option`, `reward_name`, `country`, `state`, `date`, `type`) VALUES ('admin', '4', '30', '300', '10', '470', '1', 'free', 'To copy phone', 'N/A', 'N/A', '2024-10-24 23:22:30', 'reward_claim');
INSERT INTO `reward_purchase_history` (`user_id`, `reward_id`, `amount`, `reward_value`, `reward_points`, `available_points`, `conversion_point_rate`, `payment_option`, `reward_name`, `country`, `state`, `date`, `type`) VALUES ('admin', '4', '30', '300', '10', '470', '1', 'free', 'To copy phone', 'N/A', 'N/A', '2024-10-24 23:25:27', 'reward_claim');
UPDATE `user_registration` SET total_points = ROUND(total_points - 10,2)
WHERE `user_id` = 'admin';
UPDATE `ci_sessions` SET `timestamp` = 1729830480, `data` = '__ci_last_regenerate|i:1729830480;id|s:4:\"2019\";user_id|s:5:\"admin\";username|s:5:\"admin\";sponsor_id|s:1:\"0\";fullname|s:11:\"Alex Carrey\";email|s:15:\"admin@admin.com\";phone|s:10:\"1235467892\";isLogIn|b:1;message|s:35:\"Reward Claim Completed Successfully\";__ci_vars|a:1:{s:7:\"message\";s:3:\"old\";}'
WHERE `id` = 'e34d9a835c78244628dfd56a3ac08c68f69f6732';
UPDATE `user_registration` SET `popup_seen` = 'yes'
WHERE `user_id` = 'admin';
UPDATE `ci_sessions` SET `timestamp` = 1729830786, `data` = '__ci_last_regenerate|i:1729830786;id|s:4:\"2019\";user_id|s:5:\"admin\";username|s:5:\"admin\";sponsor_id|s:1:\"0\";fullname|s:11:\"Alex Carrey\";email|s:15:\"admin@admin.com\";phone|s:10:\"1235467892\";isLogIn|b:1;'
WHERE `id` = '4794bc8b0b55635216ca0b18fe623e310a958b7c';
INSERT INTO `sub_history` (`user_id`, `package_id`, `amount`, `payment_method`, `date`) VALUES ('admin', '2', '150', 'free', '2024-10-24 23:33:11');
UPDATE `user_registration` SET sub_point = ROUND(sub_point + 150,2)
WHERE `user_id` = 'admin';
INSERT INTO `investment` (`invest_date`, `user_id`, `type`, `amount`, `package_id`) VALUES ('2024-10-24 23:33:11', 'admin', 'subscription', '150', '2');
UPDATE `user_registration` SET total_points = ROUND(total_points + 150,2)
WHERE `user_id` = 'admin';
INSERT INTO `points_history` (`user_id`, `points`, `type`, `date`) VALUES ('admin', '150', 'subscription', '2024-10-24 23:33:');
UPDATE `user_registration` SET `subscription_date` = '2024-11-23', `active_status` = 'yes'
WHERE `user_id` = 'admin';
UPDATE `user_registration` SET `popup_seen` = 'yes'
WHERE `user_id` = 'admin';
UPDATE `ci_sessions` SET `timestamp` = 1729831280, `data` = '__ci_last_regenerate|i:1729831280;id|s:4:\"2019\";user_id|s:5:\"admin\";username|s:5:\"admin\";sponsor_id|s:1:\"0\";fullname|s:11:\"Alex Carrey\";email|s:15:\"admin@admin.com\";phone|s:10:\"1235467892\";isLogIn|b:1;'
WHERE `id` = '647fbac172ab6f1730891bd83fd5f798f19e0e54';
INSERT INTO `top_memb_rewrd_purchase_history` (`user_id`, `packge_id`, `amount`, `value`, `point`, `country`, `city`, `available_points`, `conversion_point_rate`, `payment_option`, `package_title`, `date`, `type`) VALUES ('admin', '1', '50', '20', '90', 'N/A', 'N/A', '150', '1', 'free', 'testing', '2024-10-24 23:41:20', 'top_memb_rewards_claim');
INSERT INTO `login_history` (`user_id`, `device`, `ip_address`, `date`) VALUES ('ZY147T', 'Mozilla/5.0 (Macintosh; Intel Mac OS X 10_15_7) AppleWebKit/537.36 (KHTML, like Gecko) Chrome/129.0.0.0 Safari/537.36', '172.70.218.158', '24-10-24 23:46');
UPDATE `user_registration` SET `popup_seen` = 'yes'
WHERE `user_id` = 'ZY147T';
UPDATE `user_registration` SET `twofa_enabled` = 'yes'
WHERE `user_id` = 'ZY147T';
UPDATE `user_registration` SET `popup_seen` = 'no'
WHERE `user_id` = 'ZY147T';
DELETE FROM `ci_sessions`
WHERE `id` = 'bbc7d4e4ffa2d7517d0bcb89393a5aaa02d467a9';
UPDATE `ci_sessions` SET `timestamp` = 1729833936, `data` = '__ci_last_regenerate|i:1729833936;id|s:4:\"2020\";user_id|s:6:\"ZY147T\";username|s:6:\"vijesh\";sponsor_id|s:5:\"admin\";fullname|s:13:\"qwqwqw qwqwqw\";email|s:14:\"qwqw@qqwqw.ccc\";phone|s:9:\"323121212\";'
WHERE `id` = 'f6abca00b48a159705bd4721ab9706e9f06f08fe';
UPDATE `ci_sessions` SET `timestamp` = 1729834573, `data` = '__ci_last_regenerate|i:1729834573;id|s:4:\"2020\";user_id|s:6:\"ZY147T\";username|s:6:\"vijesh\";sponsor_id|s:5:\"admin\";fullname|s:13:\"qwqwqw qwqwqw\";email|s:14:\"qwqw@qqwqw.ccc\";phone|s:9:\"323121212\";captcha|s:4:\"peh9\";'
WHERE `id` = 'bd01628fdc98527be1d76f3442eb1233580aa3e9';
INSERT INTO `login_history` (`user_id`, `device`, `ip_address`, `date`) VALUES ('admin', 'Mozilla/5.0 (Macintosh; Intel Mac OS X 10_15_7) AppleWebKit/537.36 (KHTML, like Gecko) Chrome/129.0.0.0 Safari/537.36', '172.70.218.114', '24-10-25 00:36');
UPDATE `user_registration` SET `popup_seen` = 'yes'
WHERE `user_id` = 'admin';
UPDATE `ci_sessions` SET `timestamp` = 1729835293, `data` = '__ci_last_regenerate|i:1729835293;id|s:4:\"2019\";user_id|s:5:\"admin\";username|s:5:\"admin\";sponsor_id|s:1:\"0\";fullname|s:11:\"Alex Carrey\";email|s:15:\"admin@admin.com\";phone|s:10:\"1235467892\";isLogIn|b:1;'
WHERE `id` = 'c77d7b9d2e8bf73d81e52c9d1ac49b9743145965';
UPDATE `user_registration` SET `popup_seen` = 'no'
WHERE `user_id` = 'admin';
DELETE FROM `ci_sessions`
WHERE `id` = 'e33cd4faef4ce47948e20ce5460c65ee40141972';
UPDATE `admin` SET `last_login` = '2024-10-25 00:49:29', `ip_address` = '172.70.219.3'
WHERE `id` = '1';
UPDATE `user_registration` SET `popup_seen` = 'no'
WHERE `user_id` IS NULL;
DELETE FROM `ci_sessions`
WHERE `id` = '917181b43b03f7ac985061d4cdf6a27e58feac60';
UPDATE `ci_sessions` SET `timestamp` = 1729848271, `data` = '__ci_last_regenerate|i:1729848271;captcha|s:4:\"nxxf\";'
WHERE `id` = '6806a7164d816b8e0a216ae2a8d9876e565a10b9';
INSERT INTO `login_history` (`user_id`, `device`, `ip_address`, `date`) VALUES ('admin', 'Mozilla/5.0 (Windows NT 10.0; Win64; x64; rv:131.0) Gecko/20100101 Firefox/131.0', '172.70.219.3', '24-10-25 05:30');
UPDATE `user_registration` SET `popup_seen` = 'yes'
WHERE `user_id` = 'admin';
UPDATE `ci_sessions` SET `timestamp` = 1729852526, `data` = '__ci_last_regenerate|i:1729852526;id|s:4:\"2019\";user_id|s:5:\"admin\";username|s:5:\"admin\";sponsor_id|s:1:\"0\";fullname|s:11:\"Alex Carrey\";email|s:15:\"admin@admin.com\";phone|s:10:\"1235467892\";isLogIn|b:1;'
WHERE `id` = '3a214f6c9ce117ca4b7fbb5012cd6cc5c35a354e';
UPDATE `user_registration` SET `twofa_enabled` = 'yes'
WHERE `user_id` = 'admin';
UPDATE `user_registration` SET `popup_seen` = 'no'
WHERE `user_id` = 'admin';
DELETE FROM `ci_sessions`
WHERE `id` = '8398e53c0b76957b0ccd968e8f23996b4115ecfb';
UPDATE `user_registration` SET `popup_seen` = 'yes'
WHERE `user_id` = 'admin';
UPDATE `admin` SET `last_login` = '2024-10-25 10:01:13', `ip_address` = '172.71.198.49'
WHERE `id` = '1';
UPDATE `user_registration` SET `popup_seen` = 'yes'
WHERE `user_id` IS NULL;
UPDATE `ci_sessions` SET `timestamp` = 1729869912, `data` = '__ci_last_regenerate|i:1729869912;captcha|s:4:\"di4n\";'
WHERE `id` = 'd4c5199d28704ff34fc96e45f2b18cdec9f23e2a';
UPDATE `ci_sessions` SET `timestamp` = 1729870599, `data` = '__ci_last_regenerate|i:1729870599;captcha|s:4:\"u66c\";'
WHERE `id` = 'b7f5fb4eea1b07fe38d6ed889e12e645c911bf5a';
INSERT INTO `login_history` (`user_id`, `device`, `ip_address`, `date`) VALUES ('admin', 'Mozilla/5.0 (Windows NT 10.0; Win64; x64) AppleWebKit/537.36 (KHTML, like Gecko) Chrome/127.0.0.0 Safari/537.36 OPR/113.0.0.0', '172.69.132.136', '24-10-25 10:38');
UPDATE `user_registration` SET `popup_seen` = 'yes'
WHERE `user_id` = 'admin';
UPDATE `ci_sessions` SET `timestamp` = 1729870992, `data` = '__ci_last_regenerate|i:1729870992;id|s:4:\"2019\";user_id|s:5:\"admin\";username|s:5:\"admin\";sponsor_id|s:1:\"0\";fullname|s:11:\"Alex Carrey\";email|s:15:\"admin@admin.com\";phone|s:10:\"1235467892\";isLogIn|b:1;'
WHERE `id` = 'fadd29243603616df31a340445cdf637fc8f9f9e';
UPDATE `ci_sessions` SET `timestamp` = 1729871635, `data` = '__ci_last_regenerate|i:1729871635;id|s:4:\"2019\";user_id|s:5:\"admin\";username|s:5:\"admin\";sponsor_id|s:1:\"0\";fullname|s:11:\"Alex Carrey\";email|s:15:\"admin@admin.com\";phone|s:10:\"1235467892\";isLogIn|b:1;'
WHERE `id` = 'dc09d586075d57c2617d593e0f4d1194904bcb62';
INSERT INTO `reward_purchase_history` (`user_id`, `reward_id`, `amount`, `reward_value`, `reward_points`, `available_points`, `conversion_point_rate`, `payment_option`, `reward_name`, `country`, `state`, `date`, `type`) VALUES ('admin', '3', '30', '600', '90', '610', '1', 'free', 'Explore the Heart of the Netherlands', 'N/A', 'N/A', '2024-10-25 10:54:03', 'reward_claim');
UPDATE `user_registration` SET total_points = ROUND(total_points - 90,2)
WHERE `user_id` = 'admin';
UPDATE `add_cart` SET quantity = quantity + 1, total_amount = total_amount + 40, total_point = total_point + 40
WHERE `user_id` = 'admin'
AND `product_id` = '4';
UPDATE `add_cart` SET `quantity` = '1', `total_amount` = 40, `total_point` = 40
WHERE `id` = '45';
INSERT INTO `total_orders` (`user_id`, `amount_to_pay`, `total_points`, `date`) VALUES ('admin', '40', '40', '2024-10-25 10:55:34');
INSERT INTO `product_purchase_history` (`user_id`, `product_id`, `amount`, `quantity`, `total_amount`, `points`, `conversion_point_rate`, `payment_option`, `product_name`, `date`, `type`) VALUES ('admin', '4', '40', '1', '40', 40, '1', 'free', 'Pinar del Río', '2024-10-25 10:55:34', 'repurchase');
UPDATE `user_registration` SET total_points = ROUND(total_points + 40,2)
WHERE `user_id` = 'admin';
INSERT INTO `points_history` (`user_id`, `points`, `type`, `date`) VALUES ('admin', 40, 'product_prchase', '2024-10-25 10:55:');
INSERT INTO `orders` (`order_id`, `user_id`, `product_id`, `product_name`, `amount`, `quantity`, `total_amount`, `payment_option`, `date`) VALUES (27, 'admin', '4', 'Pinar del Río', '40', '1', '40', 'free', '2024-10-25 10:55:34');
DELETE FROM `add_cart`
WHERE `id` = '45';
UPDATE `bv_updation` SET left_carry = left_carry+40, total_left = total_left+40
WHERE `user_id` = 'admin';
INSERT INTO `placement_bv_update_history` (`left_carry`, `date`, `from_id`, `user_id`) VALUES ('40', '2024-10-25 10:55:34', 'admin', 'admin');
UPDATE `user_registration` SET `popup_seen` = 'yes'
WHERE `user_id` = 'admin';
UPDATE `ci_sessions` SET `timestamp` = 1729872210, `data` = '__ci_last_regenerate|i:1729872210;id|s:4:\"2019\";user_id|s:5:\"admin\";username|s:5:\"admin\";sponsor_id|s:1:\"0\";fullname|s:11:\"Alex Carrey\";email|s:15:\"admin@admin.com\";phone|s:10:\"1235467892\";isLogIn|b:1;'
WHERE `id` = '3aac9ff1004d951b8f0b849763b927c766855b81';
UPDATE `ci_sessions` SET `timestamp` = 1729872791, `data` = '__ci_last_regenerate|i:1729872791;id|s:4:\"2019\";user_id|s:5:\"admin\";username|s:5:\"admin\";sponsor_id|s:1:\"0\";fullname|s:11:\"Alex Carrey\";email|s:15:\"admin@admin.com\";phone|s:10:\"1235467892\";isLogIn|b:1;'
WHERE `id` = '975cb1a28310df50e7b62ac8329695c833b65982';
UPDATE `ci_sessions` SET `timestamp` = 1729874435, `data` = '__ci_last_regenerate|i:1729874435;id|s:4:\"2019\";user_id|s:5:\"admin\";username|s:5:\"admin\";sponsor_id|s:1:\"0\";fullname|s:11:\"Alex Carrey\";email|s:15:\"admin@admin.com\";phone|s:10:\"1235467892\";isLogIn|b:1;'
WHERE `id` = 'b0d581b90e9902b324079ff1c78a4971a87376f0';
UPDATE `user_registration` SET `popup_seen` = 'yes'
WHERE `user_id` = 'admin';
UPDATE `ci_sessions` SET `timestamp` = 1729876427, `data` = '__ci_last_regenerate|i:1729876427;id|s:4:\"2019\";user_id|s:5:\"admin\";username|s:5:\"admin\";sponsor_id|s:1:\"0\";fullname|s:11:\"Alex Carrey\";email|s:15:\"admin@admin.com\";phone|s:10:\"1235467892\";isLogIn|b:1;'
WHERE `id` = '7720bfb91ac483b5f62e4a7dd1c1f893d2b54906';
UPDATE `user_registration` SET `popup_seen` = 'yes'
WHERE `user_id` = 'admin';
INSERT INTO `login_history` (`user_id`, `device`, `ip_address`, `date`) VALUES ('admin', 'Mozilla/5.0 (Windows NT 10.0; Win64; x64) AppleWebKit/537.36 (KHTML, like Gecko) Chrome/127.0.0.0 Safari/537.36 OPR/113.0.0.0', '172.70.54.43', '24-10-25 19:10');
UPDATE `user_registration` SET `popup_seen` = 'yes'
WHERE `user_id` = 'admin';
UPDATE `admin` SET `last_logout` = '2024-10-26 04:53:43'
WHERE `id` IS NULL;
DELETE FROM `ci_sessions`
WHERE `id` = '3fbcc085c34cafa0f8a737e8456a73304b15332a';
UPDATE `ci_sessions` SET `timestamp` = 1729936817, `data` = '__ci_last_regenerate|i:1729936817;captcha|s:4:\"dswv\";'
WHERE `id` = '31a20dce2d41366d44c00a7f833e2cd810992161';
INSERT INTO `login_history` (`user_id`, `device`, `ip_address`, `date`) VALUES ('admin', 'Mozilla/5.0 (iPhone; CPU iPhone OS 17_6_1 like Mac OS X) AppleWebKit/605.1.15 (KHTML, like Gecko) Version/17.6 Mobile/15E148 Safari/604.1', '172.70.184.134', '24-10-26 05:00');
UPDATE `user_registration` SET `popup_seen` = 'yes'
WHERE `user_id` = 'admin';
UPDATE `ci_sessions` SET `timestamp` = 1729937303, `data` = '__ci_last_regenerate|i:1729937303;id|s:4:\"2019\";user_id|s:5:\"admin\";username|s:5:\"admin\";sponsor_id|s:1:\"0\";fullname|s:11:\"Alex Carrey\";email|s:15:\"admin@admin.com\";phone|s:10:\"1235467892\";isLogIn|b:1;'
WHERE `id` = '8ab75fd73e0aca38439bb7df651947df7a31680f';
UPDATE `user_registration` SET `twofa_enabled` = 'yes'
WHERE `user_id` = 'admin';
UPDATE `user_registration` SET `popup_seen` = 'no'
WHERE `user_id` = 'admin';
DELETE FROM `ci_sessions`
WHERE `id` = 'e7c3dcfba49ae28b5c3477f437cd4aeed98e4c18';
UPDATE `user_registration` SET `popup_seen` = 'yes'
WHERE `user_id` = 'admin';
INSERT INTO `add_cart` (`user_id`, `product_id`, `product_name`, `product_amount`, `product_point`, `product_image`, `product_details`, `quantity`, `total_amount`, `total_point`, `date`) VALUES ('admin', '6', 'Service 2024', '80', '40', 'upload/product_image/62c0c52b90983f2f6de24bdc830d503c.jpg', '<p>The title of the reward was an emblem of the<br />\r\ncountless hours of dedication, perseverance, and passion that culminated in this moment.</p>\r\n\r\n<p><strong>One 50-Minute Massage or Facial Package</strong></p>\r\n\r\n<p><strong>Value: $160 &nbsp; &nbsp; Cost: $80 &nbsp; &nbsp; 50% OFF</strong><br />\r\n&nbsp;</p>\r\n\r\n<p>&nbsp;</p>\r\n', 1, 80, 40, '2024-10-26 05:12:34');
UPDATE `add_cart` SET `quantity` = '1', `total_amount` = 80, `total_point` = 40
WHERE `id` = '48';
INSERT INTO `total_orders` (`user_id`, `amount_to_pay`, `total_points`, `date`) VALUES ('admin', '80', '40', '2024-10-26 05:13:05');
INSERT INTO `product_purchase_history` (`user_id`, `product_id`, `amount`, `quantity`, `total_amount`, `points`, `conversion_point_rate`, `payment_option`, `product_name`, `date`, `type`) VALUES ('admin', '6', '80', '1', '80', 80, '1', 'free', 'Service 2024', '2024-10-26 05:13:05', 'repurchase');
UPDATE `user_registration` SET total_points = ROUND(total_points + 80,2)
WHERE `user_id` = 'admin';
INSERT INTO `points_history` (`user_id`, `points`, `type`, `date`) VALUES ('admin', 80, 'product_prchase', '2024-10-26 05:13:');
INSERT INTO `orders` (`order_id`, `user_id`, `product_id`, `product_name`, `amount`, `quantity`, `total_amount`, `payment_option`, `date`) VALUES (28, 'admin', '6', 'Service 2024', '80', '1', '80', 'free', '2024-10-26 05:13:05');
DELETE FROM `add_cart`
WHERE `id` = '48';
UPDATE `bv_updation` SET left_carry = left_carry+40, total_left = total_left+40
WHERE `user_id` = 'admin';
INSERT INTO `placement_bv_update_history` (`left_carry`, `date`, `from_id`, `user_id`) VALUES ('40', '2024-10-26 05:13:05', 'admin', 'admin');
UPDATE `ci_sessions` SET `timestamp` = 1729937626, `data` = '__ci_last_regenerate|i:1729937626;id|s:4:\"2019\";user_id|s:5:\"admin\";username|s:5:\"admin\";sponsor_id|s:1:\"0\";fullname|s:11:\"Alex Carrey\";email|s:15:\"admin@admin.com\";phone|s:10:\"1235467892\";isLogIn|b:1;'
WHERE `id` = '33e1641ea1d7f53c200bec353c7c74b6b12fbda5';
UPDATE `admin` SET `last_login` = '2024-10-26 05:54:53', `ip_address` = '172.71.202.29'
WHERE `id` = '1';
UPDATE `ci_sessions` SET `timestamp` = 1729940113, `data` = '__ci_last_regenerate|i:1729940113;captcha|s:4:\"5u9w\";'
WHERE `id` = 'f3390d7b48551641319000f027f8ded9ba123134';
INSERT INTO `uploads` (`id`, `item_title`, `item_link`, `date`, `description`) VALUES ('', 'testing', 'upload/items/c66c54929ce98b311720d3fb83c472cd.png', '2024-10-26 05:58:29', 'testing\r\nsdsd');
INSERT INTO `uploads` (`id`, `item_title`, `item_link`, `date`, `description`) VALUES ('', 'sample', 'upload/items/7ea3fa669aa37fa42ed9f774ac1d5d50.pdf', '2024-10-26 05:59:31', 'sample');
UPDATE `ci_sessions` SET `timestamp` = 1729940396, `data` = '__ci_last_regenerate|i:1729940396;isLogIn|b:1;isAdmin|b:1;id|s:1:\"1\";fullname|s:11:\"admin admin\";user_level|s:5:\"Admin\";email|s:15:\"admin@admin.com\";image|s:53:\"upload/settings/4a1f1b602322adb837a7a3547ee69cf3.jpeg\";last_login|s:19:\"2024-10-25 10:01:13\";last_logout|s:19:\"2024-10-23 07:30:04\";ip_address|s:13:\"172.71.198.49\";'
WHERE `id` = '8745621c58f20f1ba8cebd74bc9fbc2d173c5388';
UPDATE `user_registration` SET `twofa_enabled` = 'no'
WHERE `user_id` = 'admin';
INSERT INTO `two_fa_disabled_history` (`user_id`, `date`) VALUES ('admin', '2024-10-26 06:00:03');
INSERT INTO `login_history` (`user_id`, `device`, `ip_address`, `date`) VALUES ('admin', 'Mozilla/5.0 (Macintosh; Intel Mac OS X 10_15_7) AppleWebKit/605.1.15 (KHTML, like Gecko) Version/17.2 Safari/605.1.15', '172.71.202.58', '24-10-26 06:00');
UPDATE `user_registration` SET `popup_seen` = 'yes'
WHERE `user_id` = 'admin';
UPDATE `ci_sessions` SET `timestamp` = 1729940702, `data` = '__ci_last_regenerate|i:1729940702;id|s:4:\"2019\";user_id|s:5:\"admin\";username|s:5:\"admin\";sponsor_id|s:1:\"0\";fullname|s:11:\"Alex Carrey\";email|s:15:\"admin@admin.com\";phone|s:10:\"1235467892\";isLogIn|b:1;'
WHERE `id` = '4563719c1b9eebcb3d9987cb0a86866833b888d6';
UPDATE `user_registration` SET `uid` = '3058', `user_id` = 'NORM3K', `username` = 'testing', `sponsor_id` = 'admin', `vacant` = 'no', `f_name` = 'testing', `l_name` = 'testinh', `position` = 'left', `email` = 'testing@gmail.com', `password` = 'e10adc3949ba59abbe56e057f20f883e', `phone` = '2323232', `country` = 'United States', `state` = 'American Samoa', `city` = 'nnwm', `street` = '232323', `zip_code` = '32323', `reg_ip` = '172.71.202.58', `status` = 1, `package_id` = '2', `rank_id` = 1, `highest_rank` = 1, `cycle_rank_id` = 1, `created` = '2024-10-26 06:05:02', `subscription_date` = '2024-11-25', `google_secret` = 'W2UJLZNO3MA3CLI4'
WHERE `uid` = '3058';
INSERT INTO `user_registration` (`uid`, `user_id`, `username`, `sponsor_id`, `placement_id`, `vacant`, `f_name`, `l_name`, `address`, `position`, `email`, `password`, `phone`, `reg_ip`, `status`, `created`) VALUES (NULL, 'BWQDWJ', 'bSHagyLL', 'NORM3K', 'NORM3K', 'yes', '', '', '', 'left', '@mail.com', '', '', '', 0, '2024-10-26 06:05:02');
INSERT INTO `user_registration` (`uid`, `user_id`, `username`, `sponsor_id`, `placement_id`, `vacant`, `f_name`, `l_name`, `address`, `position`, `email`, `password`, `phone`, `reg_ip`, `status`, `created`) VALUES (NULL, 'EXXOMF', 'aNBjdgLe', 'NORM3K', 'NORM3K', 'yes', '', '', '', 'right', '@mail.com', '', '', '', 0, '2024-10-26 06:05:02');
INSERT INTO `bv_updation` (`user_id`) VALUES ('NORM3K');
UPDATE `user_registration` SET total_ref_count = total_ref_count+1
WHERE `user_id` = 'admin';
UPDATE `user_registration` SET total_downlines = total_downlines+1
WHERE `user_id` = 'HUFWBF';
UPDATE `user_registration` SET left_downlines = left_downlines+1
WHERE `user_id` = 'HUFWBF';
UPDATE `user_registration` SET total_downlines = total_downlines+1
WHERE `user_id` = 'ZY147T';
UPDATE `user_registration` SET left_downlines = left_downlines+1
WHERE `user_id` = 'ZY147T';
UPDATE `user_registration` SET total_downlines = total_downlines+1
WHERE `user_id` = 'admin';
UPDATE `user_registration` SET left_downlines = left_downlines+1
WHERE `user_id` = 'admin';
UPDATE `user_registration` SET left_ref_count = left_ref_count+1
WHERE `user_id` = 'admin';
UPDATE `user_registration` SET active_left = active_left+1
WHERE `user_id` = 'admin';
INSERT INTO `investment` (`invest_date`, `user_id`, `type`, `amount`, `package_id`) VALUES ('2024-10-26 06:05:02', 'NORM3K', 'register', '595', '2');
INSERT INTO `earnings` (`user_id`, `Purchaser_id`, `earning_type`, `package_id`, `amount`, `date`, `comments`, `invest_amount`, `comm_perc`, `level`, `rank_id`, `order_id`) VALUES ('admin', 'NORM3K', 'Direct Referral Bonus', '2', '100', '2024-10-26 06:05:02', 'Direct Referral Bonus', 0, 0, 1, '', 1121);
UPDATE `user_registration` SET commission_balance = ROUND(commission_balance + 100,2)
WHERE `user_id` = 'admin';
UPDATE `user_registration` SET referral_bonus = ROUND(referral_bonus + 100,2)
WHERE `user_id` = 'admin';
UPDATE `user_registration` SET total_points = ROUND(total_points + 50,2)
WHERE `user_id` = 'NORM3K';
INSERT INTO `points_history` (`user_id`, `points`, `type`, `date`) VALUES ('NORM3K', '50', 'register', '2024-10-26 06:05:');
INSERT INTO `matrix_filling` (`placement_id`, `downline_id`, `level`, `matrix`) VALUES ('HUFWBF', 'NORM3K', 1, 1);
INSERT INTO `matrix_filling` (`placement_id`, `downline_id`, `level`, `matrix`) VALUES ('ZY147T', 'NORM3K', 2, 1);
UPDATE `bv_updation` SET left_carry = left_carry+50, total_left = total_left+50
WHERE `user_id` = 'ZY147T';
INSERT INTO `placement_bv_update_history` (`left_carry`, `date`, `from_id`, `user_id`) VALUES ('50', '2024-10-26 06:05:02', 'NORM3K', 'ZY147T');
INSERT INTO `matrix_filling` (`placement_id`, `downline_id`, `level`, `matrix`) VALUES ('admin', 'NORM3K', 3, 1);
UPDATE `bv_updation` SET left_carry = left_carry+50, total_left = total_left+50
WHERE `user_id` = 'admin';
INSERT INTO `placement_bv_update_history` (`left_carry`, `date`, `from_id`, `user_id`) VALUES ('50', '2024-10-26 06:05:02', 'NORM3K', 'admin');
UPDATE `bv_updation` SET sponsor_left_carry = sponsor_left_carry+50, sponsor_total_left = sponsor_total_left+50
WHERE `user_id` = 'admin';
INSERT INTO `sponsor_bv_update_history` (`left_carry`, `date`, `user_id`) VALUES ('50', '2024-10-26 06:05:02', 'admin');
INSERT INTO `package_purchase_history` (`user_id`, `package_id`, `reg_fee`, `package_name`, `monthly_fee`, `type`, `date`, `payment_option`) VALUES ('NORM3K', '2', '595', 'Traveler Pro', '150', 'sign_up', '2024-10-26 06:05:02', 'free');
UPDATE `user_registration` SET `popup_seen` = 'no'
WHERE `user_id` = 'admin';
DELETE FROM `ci_sessions`
WHERE `id` = '8cd415731d0f0c435dbb818a0e837fd4bf308013';
INSERT INTO `login_history` (`user_id`, `device`, `ip_address`, `date`) VALUES ('NORM3K', 'Mozilla/5.0 (Macintosh; Intel Mac OS X 10_15_7) AppleWebKit/605.1.15 (KHTML, like Gecko) Version/17.2 Safari/605.1.15', '172.71.202.58', '24-10-26 06:05');
UPDATE `user_registration` SET `popup_seen` = 'yes'
WHERE `user_id` = 'NORM3K';
INSERT INTO `add_cart` (`user_id`, `product_id`, `product_name`, `product_amount`, `product_point`, `product_image`, `product_details`, `quantity`, `total_amount`, `total_point`, `date`) VALUES ('NORM3K', '1', 'Manila', '210', '210', 'upload/product_image/5050aec80a40a0b635f5f6c2302393c7.jpeg', '<p>Lorem ipsum dolor sit amet, consectetur adipiscing elit, sed do eiusmod tempor incididunt ut labore et dolore magna aliqua. Ut enim ad minim veniam, quis nostrud exercitation ullamco laboris nisi ut aliquip ex ea commodo consequat. Duis aute irure dolor in reprehenderit in voluptate velit esse cillum dolore eu fugiat nulla pariatur. Excepteur sint occaecat cupidatat non proident, sunt in culpa qui officia deserunt mollit anim id est laborum.</p>', 1, 210, 210, '2024-10-26 06:06:26');
INSERT INTO `add_cart` (`user_id`, `product_id`, `product_name`, `product_amount`, `product_point`, `product_image`, `product_details`, `quantity`, `total_amount`, `total_point`, `date`) VALUES ('NORM3K', '6', 'Service 2024', '80', '40', 'upload/product_image/62c0c52b90983f2f6de24bdc830d503c.jpg', '<p>The title of the reward was an emblem of the<br />\r\ncountless hours of dedication, perseverance, and passion that culminated in this moment.</p>\r\n\r\n<p><strong>One 50-Minute Massage or Facial Package</strong></p>\r\n\r\n<p><strong>Value: $160 &nbsp; &nbsp; Cost: $80 &nbsp; &nbsp; 50% OFF</strong><br />\r\n&nbsp;</p>\r\n\r\n<p>&nbsp;</p>\r\n', 1, 80, 40, '2024-10-26 06:06:37');
UPDATE `ci_sessions` SET `timestamp` = 1729940881, `data` = '__ci_last_regenerate|i:1729940881;isLogIn|b:1;isAdmin|b:1;id|s:1:\"1\";fullname|s:11:\"admin admin\";user_level|s:5:\"Admin\";email|s:15:\"admin@admin.com\";image|s:53:\"upload/settings/4a1f1b602322adb837a7a3547ee69cf3.jpeg\";last_login|s:19:\"2024-10-25 10:01:13\";last_logout|s:19:\"2024-10-23 07:30:04\";ip_address|s:13:\"172.71.198.49\";'
WHERE `id` = 'd33c95a93973710ae5a7c990e35d75de13c54ac1';
UPDATE `ci_sessions` SET `timestamp` = 1729941037, `data` = '__ci_last_regenerate|i:1729941037;id|s:4:\"3058\";user_id|s:6:\"NORM3K\";username|s:7:\"testing\";sponsor_id|s:5:\"admin\";fullname|s:15:\"testing testinh\";email|s:17:\"testing@gmail.com\";phone|s:7:\"2323232\";isLogIn|b:1;'
WHERE `id` = 'de69a34cf60f98750123a93d7467d6e0e8bab00a';
UPDATE `add_cart` SET `quantity` = '1', `total_amount` = 80, `total_point` = 40
WHERE `id` = '50';
UPDATE `add_cart` SET `quantity` = '1', `total_amount` = 210, `total_point` = 210
WHERE `id` = '49';
INSERT INTO `total_orders` (`user_id`, `amount_to_pay`, `total_points`, `date`) VALUES ('NORM3K', '290', '250', '2024-10-26 06:12:15');
INSERT INTO `product_purchase_history` (`user_id`, `product_id`, `amount`, `quantity`, `total_amount`, `points`, `conversion_point_rate`, `payment_option`, `product_name`, `date`, `type`) VALUES ('NORM3K', '6', '80', '1', '80', 80, '1', 'free', 'Service 2024', '2024-10-26 06:12:15', 'repurchase');
UPDATE `user_registration` SET total_points = ROUND(total_points + 80,2)
WHERE `user_id` = 'NORM3K';
INSERT INTO `points_history` (`user_id`, `points`, `type`, `date`) VALUES ('NORM3K', 80, 'product_prchase', '2024-10-26 06:12:');
INSERT INTO `orders` (`order_id`, `user_id`, `product_id`, `product_name`, `amount`, `quantity`, `total_amount`, `payment_option`, `date`) VALUES (29, 'NORM3K', '6', 'Service 2024', '80', '1', '80', 'free', '2024-10-26 06:12:15');
DELETE FROM `add_cart`
WHERE `id` = '50';
INSERT INTO `product_purchase_history` (`user_id`, `product_id`, `amount`, `quantity`, `total_amount`, `points`, `conversion_point_rate`, `payment_option`, `product_name`, `date`, `type`) VALUES ('NORM3K', '1', '210', '1', '210', 210, '1', 'free', 'Manila', '2024-10-26 06:12:15', 'repurchase');
UPDATE `user_registration` SET total_points = ROUND(total_points + 210,2)
WHERE `user_id` = 'NORM3K';
INSERT INTO `points_history` (`user_id`, `points`, `type`, `date`) VALUES ('NORM3K', 210, 'product_prchase', '2024-10-26 06:12:');
INSERT INTO `orders` (`order_id`, `user_id`, `product_id`, `product_name`, `amount`, `quantity`, `total_amount`, `payment_option`, `date`) VALUES (29, 'NORM3K', '1', 'Manila', '210', '1', '210', 'free', '2024-10-26 06:12:15');
DELETE FROM `add_cart`
WHERE `id` = '49';
UPDATE `bv_updation` SET right_carry = right_carry+250, total_right = total_right+250
WHERE `user_id` = 'NORM3K';
INSERT INTO `placement_bv_update_history` (`right_carry`, `date`, `from_id`, `user_id`) VALUES ('250', '2024-10-26 06:12:15', 'NORM3K', 'NORM3K');
INSERT INTO `reward_purchase_history` (`user_id`, `reward_id`, `amount`, `reward_value`, `reward_points`, `available_points`, `conversion_point_rate`, `payment_option`, `reward_name`, `country`, `state`, `date`, `type`) VALUES ('NORM3K', '1', '100', '50', '200', '340', '1', 'free', 'Testing', '223', '3617', '2024-10-26 06:15:35', 'reward_claim');
UPDATE `user_registration` SET total_points = ROUND(total_points - 200,2)
WHERE `user_id` = 'NORM3K';
UPDATE `ci_sessions` SET `timestamp` = 1729941359, `data` = '__ci_last_regenerate|i:1729941359;id|s:4:\"3058\";user_id|s:6:\"NORM3K\";username|s:7:\"testing\";sponsor_id|s:5:\"admin\";fullname|s:15:\"testing testinh\";email|s:17:\"testing@gmail.com\";phone|s:7:\"2323232\";isLogIn|b:1;message|s:35:\"Reward Claim Completed Successfully\";__ci_vars|a:1:{s:7:\"message\";s:3:\"old\";}'
WHERE `id` = '8cd6acc4bd18fbc5b868420897c140d8068bbb0b';
UPDATE `ci_sessions` SET `timestamp` = 1729944336, `data` = '__ci_last_regenerate|i:1729944336;id|s:4:\"3058\";user_id|s:6:\"NORM3K\";username|s:7:\"testing\";sponsor_id|s:5:\"admin\";fullname|s:15:\"testing testinh\";email|s:17:\"testing@gmail.com\";phone|s:7:\"2323232\";isLogIn|b:1;'
WHERE `id` = '6ce8d8e27a238e5a527ad2858e8665da4110dde5';
INSERT INTO `benefits_pack_purchase_history` (`user_id`, `packge_id`, `amount`, `value`, `point`, `country`, `city`, `available_points`, `conversion_point_rate`, `payment_option`, `package_title`, `date`, `type`) VALUES ('NORM3K', '2', '300', '0', '0', '99', '1478', '0', '1', 'free', 'travelwelcome', '2024-10-26 07:06:19', 'benefits_pack_claim');
UPDATE `user_registration` SET `popup_seen` = 'yes'
WHERE `user_id` = 'NORM3K';
UPDATE `ci_sessions` SET `timestamp` = 1729947081, `data` = '__ci_last_regenerate|i:1729947081;captcha|s:4:\"uugx\";lang|s:7:\"english\";'
WHERE `id` = '79baf0a988edf85833655cf80b6e671740992e69';
INSERT INTO `login_history` (`user_id`, `device`, `ip_address`, `date`) VALUES ('NORM3K', 'Mozilla/5.0 (Windows NT 10.0; Win64; x64; rv:131.0) Gecko/20100101 Firefox/131.0', '172.69.86.251', '24-10-26 07:55');
UPDATE `user_registration` SET `popup_seen` = 'yes'
WHERE `user_id` = 'NORM3K';
UPDATE `ci_sessions` SET `timestamp` = 1729947383, `data` = '__ci_last_regenerate|i:1729947383;lang|s:7:\"english\";id|s:4:\"3058\";user_id|s:6:\"NORM3K\";username|s:7:\"testing\";sponsor_id|s:5:\"admin\";fullname|s:15:\"testing testinh\";email|s:17:\"testing@gmail.com\";phone|s:7:\"2323232\";isLogIn|b:1;'
WHERE `id` = '9486a8e5cee259bd0b13118116309e2d97113ebe';
INSERT INTO `login_history` (`user_id`, `device`, `ip_address`, `date`) VALUES ('admin', 'Mozilla/5.0 (Windows NT 10.0; Win64; x64) AppleWebKit/537.36 (KHTML, like Gecko) Chrome/127.0.0.0 Safari/537.36 OPR/113.0.0.0', '172.70.254.165', '24-10-26 08:51');
UPDATE `user_registration` SET `popup_seen` = 'yes'
WHERE `user_id` = 'admin';
UPDATE `user_registration` SET `uid` = '3250', `user_id` = 'D5DD9G', `username` = 'openuser', `sponsor_id` = 'admin', `vacant` = 'no', `f_name` = 'Open', `l_name` = 'User', `position` = 'left', `email` = 'openuser@gmail.com', `password` = '61bd60c60d9fb60cc8fc7767669d40a1', `phone` = '7861235678', `country` = 'United States', `state` = 'Florida', `city` = 'West Palm Beach', `street` = '934 cotton bay dr W', `zip_code` = '33406', `reg_ip` = '172.70.255.59', `status` = 1, `package_id` = '2', `rank_id` = 1, `highest_rank` = 1, `cycle_rank_id` = 1, `created` = '2024-10-26 08:54:49', `subscription_date` = '2024-11-25', `google_secret` = 'PJDMLTFDOICAWUWT'
WHERE `uid` = '3250';
INSERT INTO `user_registration` (`uid`, `user_id`, `username`, `sponsor_id`, `placement_id`, `vacant`, `f_name`, `l_name`, `address`, `position`, `email`, `password`, `phone`, `reg_ip`, `status`, `created`) VALUES (NULL, 'XYUSNT', 'NtwMoimw', 'D5DD9G', 'D5DD9G', 'yes', '', '', '', 'left', '@mail.com', '', '', '', 0, '2024-10-26 08:54:49');
INSERT INTO `user_registration` (`uid`, `user_id`, `username`, `sponsor_id`, `placement_id`, `vacant`, `f_name`, `l_name`, `address`, `position`, `email`, `password`, `phone`, `reg_ip`, `status`, `created`) VALUES (NULL, 'TOPAIJ', 'yRqUGLMV', 'D5DD9G', 'D5DD9G', 'yes', '', '', '', 'right', '@mail.com', '', '', '', 0, '2024-10-26 08:54:49');
INSERT INTO `bv_updation` (`user_id`) VALUES ('D5DD9G');
UPDATE `user_registration` SET total_ref_count = total_ref_count+1
WHERE `user_id` = 'admin';
UPDATE `user_registration` SET total_downlines = total_downlines+1
WHERE `user_id` = 'NORM3K';
UPDATE `user_registration` SET left_downlines = left_downlines+1
WHERE `user_id` = 'NORM3K';
UPDATE `user_registration` SET total_downlines = total_downlines+1
WHERE `user_id` = 'HUFWBF';
UPDATE `user_registration` SET left_downlines = left_downlines+1
WHERE `user_id` = 'HUFWBF';
UPDATE `user_registration` SET total_downlines = total_downlines+1
WHERE `user_id` = 'ZY147T';
UPDATE `user_registration` SET left_downlines = left_downlines+1
WHERE `user_id` = 'ZY147T';
UPDATE `user_registration` SET total_downlines = total_downlines+1
WHERE `user_id` = 'admin';
UPDATE `user_registration` SET left_downlines = left_downlines+1
WHERE `user_id` = 'admin';
UPDATE `user_registration` SET left_ref_count = left_ref_count+1
WHERE `user_id` = 'admin';
UPDATE `user_registration` SET active_left = active_left+1
WHERE `user_id` = 'admin';
INSERT INTO `investment` (`invest_date`, `user_id`, `type`, `amount`, `package_id`) VALUES ('2024-10-26 08:54:49', 'D5DD9G', 'register', '595', '2');
INSERT INTO `earnings` (`user_id`, `Purchaser_id`, `earning_type`, `package_id`, `amount`, `date`, `comments`, `invest_amount`, `comm_perc`, `level`, `rank_id`, `order_id`) VALUES ('admin', 'D5DD9G', 'Direct Referral Bonus', '2', '100', '2024-10-26 08:54:49', 'Direct Referral Bonus', 0, 0, 1, '', 1122);
UPDATE `user_registration` SET commission_balance = ROUND(commission_balance + 100,2)
WHERE `user_id` = 'admin';
UPDATE `user_registration` SET referral_bonus = ROUND(referral_bonus + 100,2)
WHERE `user_id` = 'admin';
UPDATE `user_registration` SET total_points = ROUND(total_points + 50,2)
WHERE `user_id` = 'D5DD9G';
INSERT INTO `points_history` (`user_id`, `points`, `type`, `date`) VALUES ('D5DD9G', '50', 'register', '2024-10-26 08:54:');
INSERT INTO `matrix_filling` (`placement_id`, `downline_id`, `level`, `matrix`) VALUES ('NORM3K', 'D5DD9G', 1, 1);
UPDATE `bv_updation` SET left_carry = left_carry+50, total_left = total_left+50
WHERE `user_id` = 'NORM3K';
INSERT INTO `placement_bv_update_history` (`left_carry`, `date`, `from_id`, `user_id`) VALUES ('50', '2024-10-26 08:54:49', 'D5DD9G', 'NORM3K');
INSERT INTO `matrix_filling` (`placement_id`, `downline_id`, `level`, `matrix`) VALUES ('HUFWBF', 'D5DD9G', 2, 1);
INSERT INTO `matrix_filling` (`placement_id`, `downline_id`, `level`, `matrix`) VALUES ('ZY147T', 'D5DD9G', 3, 1);
UPDATE `bv_updation` SET left_carry = left_carry+50, total_left = total_left+50
WHERE `user_id` = 'ZY147T';
INSERT INTO `placement_bv_update_history` (`left_carry`, `date`, `from_id`, `user_id`) VALUES ('50', '2024-10-26 08:54:49', 'D5DD9G', 'ZY147T');
INSERT INTO `matrix_filling` (`placement_id`, `downline_id`, `level`, `matrix`) VALUES ('admin', 'D5DD9G', 4, 1);
UPDATE `bv_updation` SET left_carry = left_carry+50, total_left = total_left+50
WHERE `user_id` = 'admin';
INSERT INTO `placement_bv_update_history` (`left_carry`, `date`, `from_id`, `user_id`) VALUES ('50', '2024-10-26 08:54:49', 'D5DD9G', 'admin');
UPDATE `bv_updation` SET sponsor_left_carry = sponsor_left_carry+50, sponsor_total_left = sponsor_total_left+50
WHERE `user_id` = 'admin';
INSERT INTO `sponsor_bv_update_history` (`left_carry`, `date`, `user_id`) VALUES ('50', '2024-10-26 08:54:49', 'admin');
INSERT INTO `package_purchase_history` (`user_id`, `package_id`, `reg_fee`, `package_name`, `monthly_fee`, `type`, `date`, `payment_option`) VALUES ('D5DD9G', '2', '595', 'Traveler Pro', '150', 'sign_up', '2024-10-26 08:54:49', 'free');
INSERT INTO `login_history` (`user_id`, `device`, `ip_address`, `date`) VALUES ('D5DD9G', 'Mozilla/5.0 (Windows NT 10.0; Win64; x64) AppleWebKit/537.36 (KHTML, like Gecko) Chrome/130.0.0.0 Safari/537.36', '172.70.255.60', '24-10-26 08:55');
UPDATE `user_registration` SET `popup_seen` = 'yes'
WHERE `user_id` = 'D5DD9G';
UPDATE `ci_sessions` SET `timestamp` = 1729953132, `data` = '__ci_last_regenerate|i:1729953132;id|s:4:\"2019\";user_id|s:5:\"admin\";username|s:5:\"admin\";sponsor_id|s:1:\"0\";fullname|s:11:\"Alex Carrey\";email|s:15:\"admin@admin.com\";phone|s:10:\"1235467892\";isLogIn|b:1;message|s:19:\"Welcome Alex Carrey\";__ci_vars|a:1:{s:7:\"message\";s:3:\"old\";}'
WHERE `id` = 'cfd5be81042a2b756ffe993150f36057518d5131';
UPDATE `user_registration` SET `popup_seen` = 'yes'
WHERE `user_id` = 'admin';
UPDATE `ci_sessions` SET `timestamp` = 1729955404, `data` = '__ci_last_regenerate|i:1729955404;id|s:4:\"2019\";user_id|s:5:\"admin\";username|s:5:\"admin\";sponsor_id|s:1:\"0\";fullname|s:11:\"Alex Carrey\";email|s:15:\"admin@admin.com\";phone|s:10:\"1235467892\";isLogIn|b:1;'
WHERE `id` = 'e83c36f79c4acbc2b4c5090710af19ee38697525';
UPDATE `user_registration` SET `popup_seen` = 'yes'
WHERE `user_id` = 'admin';
UPDATE `ci_sessions` SET `timestamp` = 1729956055, `data` = '__ci_last_regenerate|i:1729956055;id|s:4:\"2019\";user_id|s:5:\"admin\";username|s:5:\"admin\";sponsor_id|s:1:\"0\";fullname|s:11:\"Alex Carrey\";email|s:15:\"admin@admin.com\";phone|s:10:\"1235467892\";isLogIn|b:1;'
WHERE `id` = 'f69ae6e45fc6a0b349a649413a9c5a802a977260';
UPDATE `user_registration` SET `popup_seen` = 'yes'
WHERE `user_id` = 'admin';
UPDATE `user_registration` SET `popup_seen` = 'no'
WHERE `user_id` = 'admin';
DELETE FROM `ci_sessions`
WHERE `id` = '19b3d5c02c6e0a6b62450ef636abc8f2b81a5880';
UPDATE `ci_sessions` SET `timestamp` = 1729956438, `data` = '__ci_last_regenerate|i:1729956438;captcha|s:4:\"hotb\";'
WHERE `id` = '08bdb62a3119fe55f1f70cd16f1a7495a79c567a';
INSERT INTO `login_history` (`user_id`, `device`, `ip_address`, `date`) VALUES ('admin', 'Mozilla/5.0 (Windows NT 10.0; Win64; x64) AppleWebKit/537.36 (KHTML, like Gecko) Chrome/127.0.0.0 Safari/537.36 OPR/113.0.0.0', '172.70.254.30', '24-10-26 12:47');
UPDATE `user_registration` SET `popup_seen` = 'yes'
WHERE `user_id` = 'admin';
INSERT INTO `reward_purchase_history` (`user_id`, `reward_id`, `amount`, `reward_value`, `reward_points`, `available_points`, `conversion_point_rate`, `payment_option`, `reward_name`, `country`, `state`, `date`, `type`) VALUES ('admin', '4', '30', '300', '10', '640', '1', 'free', 'To copy phone', 'N/A', 'N/A', '2024-10-26 12:48:07', 'reward_claim');
UPDATE `user_registration` SET total_points = ROUND(total_points - 10,2)
WHERE `user_id` = 'admin';
INSERT INTO `login_history` (`user_id`, `device`, `ip_address`, `date`) VALUES ('admin', 'Mozilla/5.0 (Linux; Android 10; K) AppleWebKit/537.36 (KHTML, like Gecko) Chrome/130.0.0.0 Mobile Safari/537.36', '172.70.83.101', '24-10-27 10:41');
UPDATE `user_registration` SET `popup_seen` = 'yes'
WHERE `user_id` = 'admin';
UPDATE `ci_sessions` SET `timestamp` = 1730046866, `data` = '__ci_last_regenerate|i:1730046866;id|s:4:\"2019\";user_id|s:5:\"admin\";username|s:5:\"admin\";sponsor_id|s:1:\"0\";fullname|s:11:\"Alex Carrey\";email|s:15:\"admin@admin.com\";phone|s:10:\"1235467892\";isLogIn|b:1;exception|s:32:\"Select Country field is required\";__ci_vars|a:1:{s:9:\"exception\";s:3:\"old\";}'
WHERE `id` = 'c4cbb10b5ea9ab6cd55364c3461516344a8a96b0';
UPDATE `user_registration` SET `popup_seen` = 'yes'
WHERE `user_id` = 'admin';
UPDATE `user_registration` SET `popup_seen` = 'yes'
WHERE `user_id` = 'admin';
UPDATE `ci_sessions` SET `timestamp` = 1730047727, `data` = '__ci_last_regenerate|i:1730047727;id|s:4:\"2019\";user_id|s:5:\"admin\";username|s:5:\"admin\";sponsor_id|s:1:\"0\";fullname|s:11:\"Alex Carrey\";email|s:15:\"admin@admin.com\";phone|s:10:\"1235467892\";isLogIn|b:1;'
WHERE `id` = '6b62e9f58da697b3446e49f38a178a68efbda9ca';
INSERT INTO `login_history` (`user_id`, `device`, `ip_address`, `date`) VALUES ('admin', 'Mozilla/5.0 (Windows NT 10.0; Win64; x64) AppleWebKit/537.36 (KHTML, like Gecko) Chrome/127.0.0.0 Safari/537.36 OPR/113.0.0.0', '172.69.132.225', '24-10-27 19:22');
UPDATE `user_registration` SET `popup_seen` = 'yes'
WHERE `user_id` = 'admin';
UPDATE `user_registration` SET `popup_seen` = 'no'
WHERE `user_id` = 'admin';
DELETE FROM `ci_sessions`
WHERE `id` = 'fb5694952ca20fae2c653cc9f31cbdc8688fa2b3';
INSERT INTO `login_history` (`user_id`, `device`, `ip_address`, `date`) VALUES ('admin', 'Mozilla/5.0 (Windows NT 10.0; Win64; x64) AppleWebKit/537.36 (KHTML, like Gecko) Chrome/127.0.0.0 Safari/537.36 OPR/113.0.0.0', '172.70.255.20', '24-10-27 19:27');
UPDATE `user_registration` SET `popup_seen` = 'yes'
WHERE `user_id` = 'admin';
UPDATE `ci_sessions` SET `timestamp` = 1730075425, `data` = '__ci_last_regenerate|i:1730075425;id|s:4:\"2019\";user_id|s:5:\"admin\";username|s:5:\"admin\";sponsor_id|s:1:\"0\";fullname|s:11:\"Alex Carrey\";email|s:15:\"admin@admin.com\";phone|s:10:\"1235467892\";isLogIn|b:1;'
WHERE `id` = '945ab630460d5c81df720ef28b39f4f17c609e4a';
UPDATE `user_registration` SET `popup_seen` = 'yes'
WHERE `user_id` = 'admin';
UPDATE `ci_sessions` SET `timestamp` = 1730075809, `data` = '__ci_last_regenerate|i:1730075809;id|s:4:\"2019\";user_id|s:5:\"admin\";username|s:5:\"admin\";sponsor_id|s:1:\"0\";fullname|s:11:\"Alex Carrey\";email|s:15:\"admin@admin.com\";phone|s:10:\"1235467892\";isLogIn|b:1;'
WHERE `id` = '27fb722ac72f2cec6121f80094de55434b068c1b';
UPDATE `ci_sessions` SET `timestamp` = 1730076277, `data` = '__ci_last_regenerate|i:1730076277;id|s:4:\"2019\";user_id|s:5:\"admin\";username|s:5:\"admin\";sponsor_id|s:1:\"0\";fullname|s:11:\"Alex Carrey\";email|s:15:\"admin@admin.com\";phone|s:10:\"1235467892\";isLogIn|b:1;'
WHERE `id` = 'eec535179827d0aa343656886e9cee694443bf15';
UPDATE `user_registration` SET `popup_seen` = 'no'
WHERE `user_id` = 'admin';
DELETE FROM `ci_sessions`
WHERE `id` = '8dd85963c2e77a524b946a6883edfe7920dd83c4';
UPDATE `admin` SET `last_login` = '2024-10-27 19:45:34', `ip_address` = '172.70.55.177'
WHERE `id` = '1';
INSERT INTO `login_history` (`user_id`, `device`, `ip_address`, `date`) VALUES ('admin', 'Mozilla/5.0 (Windows NT 10.0; Win64; x64) AppleWebKit/537.36 (KHTML, like Gecko) Chrome/127.0.0.0 Safari/537.36 OPR/113.0.0.0', '172.70.255.207', '24-10-27 19:46');
UPDATE `user_registration` SET `popup_seen` = 'yes'
WHERE `user_id` = 'admin';
UPDATE `ci_sessions` SET `timestamp` = 1730076929, `data` = '__ci_last_regenerate|i:1730076929;id|s:4:\"2019\";user_id|s:5:\"admin\";username|s:5:\"admin\";sponsor_id|s:1:\"0\";fullname|s:11:\"Alex Carrey\";email|s:15:\"admin@admin.com\";phone|s:10:\"1235467892\";isLogIn|b:1;'
WHERE `id` = '83dc58ba3a4ed0c98d38c737def7b4721983c3e0';
INSERT INTO `add_cart` (`user_id`, `product_id`, `product_name`, `product_amount`, `product_point`, `product_image`, `product_details`, `quantity`, `total_amount`, `total_point`, `date`) VALUES ('admin', '2', 'Mexico', '150', '150', 'upload/product_image/6174ace6c90dd21f9c3dd30876389ff6.jpg', '<p>Lorem ipsum dolor sit amet, consectetur adipiscing elit, sed do eiusmod tempor incididunt ut labore et dolore magna aliqua. Ut enim ad minim veniam, quis nostrud exercitation ullamco laboris nisi ut aliquip ex ea commodo consequat. Duis aute irure dolor in reprehenderit in voluptate velit esse cillum dolore eu fugiat nulla pariatur. Excepteur sint occaecat cupidatat non proident, sunt in culpa qui officia deserunt mollit anim id est laborum.</p>\r\n', 1, 150, 150, '2024-10-27 19:56:43');
UPDATE `add_cart` SET `quantity` = '1', `total_amount` = 150, `total_point` = 150
WHERE `id` = '51';
UPDATE `ci_sessions` SET `timestamp` = 1730080579, `data` = '__ci_last_regenerate|i:1730080579;isLogIn|b:1;isAdmin|b:1;id|s:1:\"1\";fullname|s:11:\"admin admin\";user_level|s:5:\"Admin\";email|s:15:\"admin@admin.com\";image|s:53:\"upload/settings/4a1f1b602322adb837a7a3547ee69cf3.jpeg\";last_login|s:19:\"2024-10-26 05:54:53\";last_logout|s:19:\"2024-10-23 07:30:04\";ip_address|s:13:\"172.71.202.29\";'
WHERE `id` = '5c765f01a0e7dc7254c860319c2cb4a75e524f66';
DELETE FROM `reward`
WHERE `reward_id` = '4';
DELETE FROM `reward`
WHERE `reward_id` = '2';
DELETE FROM `reward`
WHERE `reward_id` = '1';
UPDATE `ci_sessions` SET `timestamp` = 1730080613, `data` = '__ci_last_regenerate|i:1730080613;id|s:4:\"2019\";user_id|s:5:\"admin\";username|s:5:\"admin\";sponsor_id|s:1:\"0\";fullname|s:11:\"Alex Carrey\";email|s:15:\"admin@admin.com\";phone|s:10:\"1235467892\";isLogIn|b:1;'
WHERE `id` = '04c3f4d306a5c1d019e08dae9f9a77b015f1a5c4';
UPDATE `user_registration` SET `popup_seen` = 'yes'
WHERE `user_id` = 'admin';
DELETE FROM `reward`
WHERE `reward_id` = '3';
UPDATE `ci_sessions` SET `timestamp` = 1730080884, `data` = '__ci_last_regenerate|i:1730080884;isLogIn|b:1;isAdmin|b:1;id|s:1:\"1\";fullname|s:11:\"admin admin\";user_level|s:5:\"Admin\";email|s:15:\"admin@admin.com\";image|s:53:\"upload/settings/4a1f1b602322adb837a7a3547ee69cf3.jpeg\";last_login|s:19:\"2024-10-26 05:54:53\";last_logout|s:19:\"2024-10-23 07:30:04\";ip_address|s:13:\"172.71.202.29\";'
WHERE `id` = '8d06df92fac2854f0733a1f937692cf73c5df73f';
INSERT INTO `state` (`name`, `country_id`, `status`) VALUES ('Las Vegas', '223', 1);
UPDATE `ci_sessions` SET `timestamp` = 1730081307, `data` = '__ci_last_regenerate|i:1730081307;isLogIn|b:1;isAdmin|b:1;id|s:1:\"1\";fullname|s:11:\"admin admin\";user_level|s:5:\"Admin\";email|s:15:\"admin@admin.com\";image|s:53:\"upload/settings/4a1f1b602322adb837a7a3547ee69cf3.jpeg\";last_login|s:19:\"2024-10-26 05:54:53\";last_logout|s:19:\"2024-10-23 07:30:04\";ip_address|s:13:\"172.71.202.29\";'
WHERE `id` = '99e099cbe271e5d65f5dc8413ba5ee01d49013c1';
INSERT INTO `state` (`name`, `country_id`, `status`) VALUES ('Orlando', '223', 1);
INSERT INTO `state` (`name`, `country_id`, `status`) VALUES ('Atlantic City', '223', 1);
INSERT INTO `state` (`name`, `country_id`, `status`) VALUES ('Miami', '223', 1);
INSERT INTO `state` (`name`, `country_id`, `status`) VALUES ('New Orleans', '223', 1);
INSERT INTO `state` (`name`, `country_id`, `status`) VALUES ('Denver', '223', 1);
INSERT INTO `state` (`name`, `country_id`, `status`) VALUES ('Nashville', '223', 1);
INSERT INTO `state` (`name`, `country_id`, `status`) VALUES ('Los Angeles', '223', 1);
INSERT INTO `state` (`name`, `country_id`, `status`) VALUES ('Boston', '223', 1);
INSERT INTO `state` (`name`, `country_id`, `status`) VALUES ('Chicago', '223', 1);
UPDATE `ci_sessions` SET `timestamp` = 1730081875, `data` = '__ci_last_regenerate|i:1730081875;isLogIn|b:1;isAdmin|b:1;id|s:1:\"1\";fullname|s:11:\"admin admin\";user_level|s:5:\"Admin\";email|s:15:\"admin@admin.com\";image|s:53:\"upload/settings/4a1f1b602322adb837a7a3547ee69cf3.jpeg\";last_login|s:19:\"2024-10-26 05:54:53\";last_logout|s:19:\"2024-10-23 07:30:04\";ip_address|s:13:\"172.71.202.29\";'
WHERE `id` = '8d3ae81f4f54844c599833e699c858adad0a6a52';
INSERT INTO `state` (`name`, `country_id`, `status`) VALUES ('Las Vegas, NV', '223', 1);
INSERT INTO `state` (`name`, `country_id`, `status`) VALUES ('Orlando, FL', '223', 1);
INSERT INTO `state` (`name`, `country_id`, `status`) VALUES ('Atlantic City, NJ', '223', 1);
INSERT INTO `state` (`name`, `country_id`, `status`) VALUES ('Miami, FL', '223', 1);
UPDATE `ci_sessions` SET `timestamp` = 1730082421, `data` = '__ci_last_regenerate|i:1730082421;isLogIn|b:1;isAdmin|b:1;id|s:1:\"1\";fullname|s:11:\"admin admin\";user_level|s:5:\"Admin\";email|s:15:\"admin@admin.com\";image|s:53:\"upload/settings/4a1f1b602322adb837a7a3547ee69cf3.jpeg\";last_login|s:19:\"2024-10-26 05:54:53\";last_logout|s:19:\"2024-10-23 07:30:04\";ip_address|s:13:\"172.71.202.29\";message|s:18:\"Added successfully\";__ci_vars|a:1:{s:7:\"message\";s:3:\"old\";}'
WHERE `id` = 'fc982861c61da1d1b119af16fcc3f8617eaed390';
UPDATE `ci_sessions` SET `timestamp` = 1730085368, `data` = '__ci_last_regenerate|i:1730085368;isLogIn|b:1;isAdmin|b:1;id|s:1:\"1\";fullname|s:11:\"admin admin\";user_level|s:5:\"Admin\";email|s:15:\"admin@admin.com\";image|s:53:\"upload/settings/4a1f1b602322adb837a7a3547ee69cf3.jpeg\";last_login|s:19:\"2024-10-26 05:54:53\";last_logout|s:19:\"2024-10-23 07:30:04\";ip_address|s:13:\"172.71.202.29\";'
WHERE `id` = '74df8bff8fa660c71122b6ba3f6cef67e30b3f9a';
INSERT INTO `state` (`name`, `country_id`, `status`) VALUES ('New Orleans, LA', '223', 1);
INSERT INTO `state` (`name`, `country_id`, `status`) VALUES ('Denver, CO', '223', 1);
INSERT INTO `state` (`name`, `country_id`, `status`) VALUES ('Washington, DC', '223', 1);
INSERT INTO `state` (`name`, `country_id`, `status`) VALUES ('Nashville, TN', '223', 1);
INSERT INTO `state` (`name`, `country_id`, `status`) VALUES ('Los Angeles, CA', '223', 1);
INSERT INTO `state` (`name`, `country_id`, `status`) VALUES ('Boston, MA', '223', 1);
INSERT INTO `state` (`name`, `country_id`, `status`) VALUES ('Chicago, IL', '223', 1);
INSERT INTO `state` (`name`, `country_id`, `status`) VALUES ('Galveston, TX', '223', 1);
UPDATE `ci_sessions` SET `timestamp` = 1730086143, `data` = '__ci_last_regenerate|i:1730086143;isLogIn|b:1;isAdmin|b:1;id|s:1:\"1\";fullname|s:11:\"admin admin\";user_level|s:5:\"Admin\";email|s:15:\"admin@admin.com\";image|s:53:\"upload/settings/4a1f1b602322adb837a7a3547ee69cf3.jpeg\";last_login|s:19:\"2024-10-26 05:54:53\";last_logout|s:19:\"2024-10-23 07:30:04\";ip_address|s:13:\"172.71.202.29\";message|s:18:\"Added successfully\";__ci_vars|a:1:{s:7:\"message\";s:3:\"old\";}'
WHERE `id` = '285779b46e8ccd1634bc8335085f451e7bad8526';
INSERT INTO `state` (`name`, `country_id`, `status`) VALUES ('Grand Canyon, AZ', '223', 1);
INSERT INTO `state` (`name`, `country_id`, `status`) VALUES ('Myrtle Beach, SC', '223', 1);
INSERT INTO `state` (`name`, `country_id`, `status`) VALUES ('Hot Springs, AR', '223', 1);
INSERT INTO `state` (`name`, `country_id`, `status`) VALUES ('Lake Tahoe, CA/NV', '223', 1);
INSERT INTO `state` (`name`, `country_id`, `status`) VALUES ('New York, NY', '223', 1);
UPDATE `ci_sessions` SET `timestamp` = 1730086527, `data` = '__ci_last_regenerate|i:1730086527;isLogIn|b:1;isAdmin|b:1;id|s:1:\"1\";fullname|s:11:\"admin admin\";user_level|s:5:\"Admin\";email|s:15:\"admin@admin.com\";image|s:53:\"upload/settings/4a1f1b602322adb837a7a3547ee69cf3.jpeg\";last_login|s:19:\"2024-10-26 05:54:53\";last_logout|s:19:\"2024-10-23 07:30:04\";ip_address|s:13:\"172.71.202.29\";message|s:18:\"Added successfully\";__ci_vars|a:1:{s:7:\"message\";s:3:\"old\";}'
WHERE `id` = 'ac190b61d19069bf113a5190b7966711c9d68e0c';
INSERT INTO `state` (`name`, `country_id`, `status`) VALUES ('Cancun, MX', '223', 1);
INSERT INTO `state` (`name`, `country_id`, `status`) VALUES ('Puerto Vallarta, MX', '223', 1);
INSERT INTO `state` (`name`, `country_id`, `status`) VALUES ('Cabo San Lucas', '223', 1);
INSERT INTO `state` (`name`, `country_id`, `status`) VALUES ('Cancun', '223', 1);
INSERT INTO `state` (`name`, `country_id`, `status`) VALUES ('Puerto Vallarta', '223', 1);
INSERT INTO `state` (`name`, `country_id`, `status`) VALUES ('Riviera Maya', '223', 1);
UPDATE `ci_sessions` SET `timestamp` = 1730086849, `data` = '__ci_last_regenerate|i:1730086849;isLogIn|b:1;isAdmin|b:1;id|s:1:\"1\";fullname|s:11:\"admin admin\";user_level|s:5:\"Admin\";email|s:15:\"admin@admin.com\";image|s:53:\"upload/settings/4a1f1b602322adb837a7a3547ee69cf3.jpeg\";last_login|s:19:\"2024-10-26 05:54:53\";last_logout|s:19:\"2024-10-23 07:30:04\";ip_address|s:13:\"172.71.202.29\";'
WHERE `id` = '39ebc5d9c80758cadea7cab352e07cbe88c5fc3e';
UPDATE `admin` SET `last_logout` = '2024-10-27 22:53:46'
WHERE `id` IS NULL;
DELETE FROM `ci_sessions`
WHERE `id` = '9b572e70779b124fc05d56aadc91f4854757f511';
UPDATE `ci_sessions` SET `timestamp` = 1730088427, `data` = '__ci_last_regenerate|i:1730088427;captcha|s:4:\"3d7n\";'
WHERE `id` = '6850659d3992e12aa4eea86c735a4f04b9e74238';
UPDATE `ci_sessions` SET `timestamp` = 1730090144, `data` = '__ci_last_regenerate|i:1730090144;isLogIn|b:1;isAdmin|b:1;id|s:1:\"1\";fullname|s:11:\"admin admin\";user_level|s:5:\"Admin\";email|s:15:\"admin@admin.com\";image|s:53:\"upload/settings/4a1f1b602322adb837a7a3547ee69cf3.jpeg\";last_login|s:19:\"2024-10-26 05:54:53\";last_logout|s:19:\"2024-10-23 07:30:04\";ip_address|s:13:\"172.71.202.29\";'
WHERE `id` = 'e90935759898faed1ad7488123b7033e25a990db';
INSERT INTO `reward` (`reward_id`, `reward_name`, `reward_amount`, `reward_value`, `reward_points`, `reward_details`, `phone`, `address`, `category`, `status`, `date`, `reward_image`) VALUES ('', 'Visiting North America', '14.95', '330', '60', '<p>Experience iconic landscapes, vibrant cultures, and diverse attractions across the USA. From natural wonders to urban excitement, every destination offers a unique slice of American charm.</p><p>3 days / 2 nights &nbsp; &nbsp; 2 adults / 2 kids</p><p>Value: 330 &nbsp; &nbsp; Cost: 14.95 &nbsp; &nbsp; 81.82% OFF</p>', 'N/A', 'N/A', 'travel', 1, '2024-10-27 23:39:54', 'upload/reward_image/b2eeb76bb02ba54dab72b7593b404894.png');
INSERT INTO `reward_country` (`reward_id`, `country`, `state`, `image`) VALUES (5, '223', '4249', 'upload/reward_image/b0818a2c75a9e9aa3b970dd1d745464b.png');
INSERT INTO `login_history` (`user_id`, `device`, `ip_address`, `date`) VALUES ('admin', 'Mozilla/5.0 (Windows NT 10.0; Win64; x64) AppleWebKit/537.36 (KHTML, like Gecko) Chrome/127.0.0.0 Safari/537.36 OPR/113.0.0.0', '172.70.254.94', '24-10-27 23:40');
UPDATE `user_registration` SET `popup_seen` = 'yes'
WHERE `user_id` = 'admin';
UPDATE `ci_sessions` SET `timestamp` = 1730090447, `data` = '__ci_last_regenerate|i:1730090447;isLogIn|b:1;isAdmin|b:1;id|s:1:\"1\";fullname|s:11:\"admin admin\";user_level|s:5:\"Admin\";email|s:15:\"admin@admin.com\";image|s:53:\"upload/settings/4a1f1b602322adb837a7a3547ee69cf3.jpeg\";last_login|s:19:\"2024-10-26 05:54:53\";last_logout|s:19:\"2024-10-23 07:30:04\";ip_address|s:13:\"172.71.202.29\";'
WHERE `id` = '523abaf1fdab1afde261e9775fb48a36b62f71c6';
UPDATE `reward` SET `reward_id` = '5', `reward_name` = 'Visiting North America', `reward_amount` = '14.95', `reward_value` = '330', `reward_points` = '60', `reward_details` = '<p>Experience iconic landscapes, vibrant cultures, and diverse attractions across the USA. From natural wonders to urban excitement, every destination offers a unique slice of American charm.</p><p><strong>3 days / 2 nights &nbsp; &nbsp; 2 adults / 2 kids</strong></p><p><strong>Value: 330 &nbsp; &nbsp; Cost: 14.95 &nbsp; &nbsp;&nbsp;</strong><span style=\"color:hsl(0, 75%, 60%);\"><strong>81.82% OFF</strong></span></p>', `phone` = 'N/A', `address` = 'N/A', `category` = 'travel', `status` = 1, `date` = '2024-10-27 23:41:26', `reward_image` = 'upload/reward_image/b2eeb76bb02ba54dab72b7593b404894.png'
WHERE `reward_id` = '5';
INSERT INTO `reward_country` (`reward_id`, `country`, `state`, `image`) VALUES ('5', '223', '4249', NULL);
UPDATE `reward` SET `reward_id` = '5', `reward_name` = 'Visiting North America', `reward_amount` = '14.95', `reward_value` = '330', `reward_points` = '60', `reward_details` = '<p>Experience iconic landscapes, vibrant cultures, and diverse attractions across the USA. From natural wonders to urban excitement, every destination offers a unique slice of American charm.</p><p><strong>3 days / 2 nights &nbsp; &nbsp; 2 adults / 2 kids</strong></p><p><strong>Value: 330 &nbsp; &nbsp; Cost: 14.95 &nbsp; &nbsp;&nbsp;</strong><span style=\"color:hsl(0,75%,60%);\"><strong>81.82% OFF</strong></span></p>', `phone` = 'N/A', `address` = 'N/A', `category` = 'travel', `status` = 1, `date` = '2024-10-27 23:44:06', `reward_image` = 'upload/reward_image/b2eeb76bb02ba54dab72b7593b404894.png'
WHERE `reward_id` = '5';
INSERT INTO `reward_country` (`reward_id`, `country`, `state`, `image`) VALUES ('5', '223', '4249', NULL);
INSERT INTO `reward_country` (`reward_id`, `country`, `state`, `image`) VALUES ('5', '223', '4250', NULL);
UPDATE `ci_sessions` SET `timestamp` = 1730090762, `data` = '__ci_last_regenerate|i:1730090762;isLogIn|b:1;isAdmin|b:1;id|s:1:\"1\";fullname|s:11:\"admin admin\";user_level|s:5:\"Admin\";email|s:15:\"admin@admin.com\";image|s:53:\"upload/settings/4a1f1b602322adb837a7a3547ee69cf3.jpeg\";last_login|s:19:\"2024-10-26 05:54:53\";last_logout|s:19:\"2024-10-23 07:30:04\";ip_address|s:13:\"172.71.202.29\";'
WHERE `id` = '0fee96b70962cb46996951be730b960577fae060';
UPDATE `reward` SET `reward_id` = '5', `reward_name` = 'Visiting North America', `reward_amount` = '14.95', `reward_value` = '330', `reward_points` = '60', `reward_details` = '<p>Experience iconic landscapes, vibrant cultures, and diverse attractions across the USA. From natural wonders to urban excitement, every destination offers a unique slice of American charm.</p><p><strong>3 days / 2 nights &nbsp; &nbsp; 2 adults / 2 kids</strong></p><p><strong>Value: 330 &nbsp; &nbsp; Cost: 14.95 &nbsp; &nbsp;&nbsp;</strong><span style=\"color:hsl(0,75%,60%);\"><strong>81.82% OFF</strong></span></p>', `phone` = 'N/A', `address` = 'N/A', `category` = 'travel', `status` = 1, `date` = '2024-10-27 23:46:02', `reward_image` = 'upload/reward_image/a3139f738f9eb0d0cdc57dfab1310a47.png'
WHERE `reward_id` = '5';
INSERT INTO `reward_country` (`reward_id`, `country`, `state`, `image`) VALUES ('5', '223', '4250', 'upload/reward_image/3183de0b90fbf1e56aa053b3999657f7.png');
UPDATE `ci_sessions` SET `timestamp` = 1730090766, `data` = '__ci_last_regenerate|i:1730090766;id|s:4:\"2019\";user_id|s:5:\"admin\";username|s:5:\"admin\";sponsor_id|s:1:\"0\";fullname|s:11:\"Alex Carrey\";email|s:15:\"admin@admin.com\";phone|s:10:\"1235467892\";isLogIn|b:1;'
WHERE `id` = 'a346e5cfc4047e038dfe4afeec99447b2d322d25';
UPDATE `reward` SET `reward_id` = '5', `reward_name` = 'Visiting North America', `reward_amount` = '14.95', `reward_value` = '330', `reward_points` = '60', `reward_details` = '<p>Experience iconic landscapes, vibrant cultures, and diverse attractions across the USA. From natural wonders to urban excitement, every destination offers a unique slice of American charm.</p><p><strong>3 days / 2 nights &nbsp; &nbsp; 2 adults / 2 kids</strong></p><p><strong>Value: 330 &nbsp; &nbsp; Cost: 14.95 &nbsp; &nbsp;&nbsp;</strong><span style=\"color:hsl(0,75%,60%);\"><strong>81.82% OFF</strong></span></p>', `phone` = 'N/A', `address` = 'N/A', `category` = 'travel', `status` = 1, `date` = '2024-10-27 23:47:38', `reward_image` = 'upload/reward_image/2adf9b193dea814089028adac498ac6a.png'
WHERE `reward_id` = '5';
INSERT INTO `reward_country` (`reward_id`, `country`, `state`, `image`) VALUES ('5', '223', '4251', 'upload/reward_image/74c50e5079300dded16dfa5c1afff007.png');
UPDATE `reward` SET `reward_id` = '5', `reward_name` = 'Visiting North America', `reward_amount` = '14.95', `reward_value` = '330', `reward_points` = '60', `reward_details` = '<p>Experience iconic landscapes, vibrant cultures, and diverse attractions across the USA. From natural wonders to urban excitement, every destination offers a unique slice of American charm.</p><p><strong>3 days / 2 nights &nbsp; &nbsp; 2 adults / 2 kids</strong></p><p><strong>Value: 330 &nbsp; &nbsp; Cost: 14.95 &nbsp; &nbsp;&nbsp;</strong><span style=\"color:hsl(0,75%,60%);\"><strong>81.82% OFF</strong></span></p>', `phone` = 'N/A', `address` = 'N/A', `category` = 'travel', `status` = 1, `date` = '2024-10-27 23:50:11', `reward_image` = 'upload/reward_image/0302efaddbe9dd2893c6b6bacd7ecf01.png'
WHERE `reward_id` = '5';
INSERT INTO `reward_country` (`reward_id`, `country`, `state`, `image`) VALUES ('5', '223', '4252', 'upload/reward_image/84a665fe74ce06e6db23c1aa3d0d07ff.png');
UPDATE `ci_sessions` SET `timestamp` = 1730091119, `data` = '__ci_last_regenerate|i:1730091119;isLogIn|b:1;isAdmin|b:1;id|s:1:\"1\";fullname|s:11:\"admin admin\";user_level|s:5:\"Admin\";email|s:15:\"admin@admin.com\";image|s:53:\"upload/settings/4a1f1b602322adb837a7a3547ee69cf3.jpeg\";last_login|s:19:\"2024-10-26 05:54:53\";last_logout|s:19:\"2024-10-23 07:30:04\";ip_address|s:13:\"172.71.202.29\";'
WHERE `id` = 'c3a9aa7e013b483f7d8a76dffd5c6ba09dd661dd';
UPDATE `reward` SET `reward_id` = '5', `reward_name` = 'Visiting North America', `reward_amount` = '14.95', `reward_value` = '330', `reward_points` = '60', `reward_details` = '<p>Experience iconic landscapes, vibrant cultures, and diverse attractions across the USA. From natural wonders to urban excitement, every destination offers a unique slice of American charm.</p><p><strong>3 days / 2 nights &nbsp; &nbsp; 2 adults / 2 kids</strong></p><p><strong>Value: 330 &nbsp; &nbsp; Cost: 14.95 &nbsp; &nbsp;&nbsp;</strong><span style=\"color:hsl(0,75%,60%);\"><strong>81.82% OFF</strong></span></p>', `phone` = 'N/A', `address` = 'N/A', `category` = 'travel', `status` = 1, `date` = '2024-10-27 23:51:59', `reward_image` = 'upload/reward_image/a0acfc8e864d5827804f4ff6561ee6d4.png'
WHERE `reward_id` = '5';
INSERT INTO `reward_country` (`reward_id`, `country`, `state`, `image`) VALUES ('5', '223', '4253', 'upload/reward_image/7851380b6e6791108c3cae5e7cc0779f.png');
UPDATE `ci_sessions` SET `timestamp` = 1730091157, `data` = '__ci_last_regenerate|i:1730091157;id|s:4:\"2019\";user_id|s:5:\"admin\";username|s:5:\"admin\";sponsor_id|s:1:\"0\";fullname|s:11:\"Alex Carrey\";email|s:15:\"admin@admin.com\";phone|s:10:\"1235467892\";isLogIn|b:1;'
WHERE `id` = '5cdd1756209e7dd50fdb922f3fb92335cb48e651';
UPDATE `reward` SET `reward_id` = '5', `reward_name` = 'Visiting North America', `reward_amount` = '14.95', `reward_value` = '330', `reward_points` = '60', `reward_details` = '<p>Experience iconic landscapes, vibrant cultures, and diverse attractions across the USA. From natural wonders to urban excitement, every destination offers a unique slice of American charm.</p><p><strong>3 days / 2 nights &nbsp; &nbsp; 2 adults / 2 kids</strong></p><p><strong>Value: 330 &nbsp; &nbsp; Cost: 14.95 &nbsp; &nbsp;&nbsp;</strong><span style=\"color:hsl(0,75%,60%);\"><strong>81.82% OFF</strong></span></p>', `phone` = 'N/A', `address` = 'N/A', `category` = 'travel', `status` = 1, `date` = '2024-10-27 23:53:24', `reward_image` = 'upload/reward_image/422eb43df56c0cddeef53c131cc068a3.png'
WHERE `reward_id` = '5';
INSERT INTO `reward_country` (`reward_id`, `country`, `state`, `image`) VALUES ('5', '223', '4254', 'upload/reward_image/26cd4f658cc4af1cfcc726870f96062d.png');
UPDATE `reward` SET `reward_id` = '5', `reward_name` = 'Visiting North America', `reward_amount` = '14.95', `reward_value` = '330', `reward_points` = '60', `reward_details` = '<p>Experience iconic landscapes, vibrant cultures, and diverse attractions across the USA. From natural wonders to urban excitement, every destination offers a unique slice of American charm.</p><p><strong>3 days / 2 nights &nbsp; &nbsp; 2 adults / 2 kids</strong></p><p><strong>Value: 330 &nbsp; &nbsp; Cost: 14.95 &nbsp; &nbsp;&nbsp;</strong><span style=\"color:hsl(0,75%,60%);\"><strong>81.82% OFF</strong></span></p>', `phone` = 'N/A', `address` = 'N/A', `category` = 'travel', `status` = 1, `date` = '2024-10-27 23:54:37', `reward_image` = 'upload/reward_image/ff8f3b1ccdaac698e2390ac50ae5ee01.png'
WHERE `reward_id` = '5';
INSERT INTO `reward_country` (`reward_id`, `country`, `state`, `image`) VALUES ('5', '223', '4255', 'upload/reward_image/43e1967b880ecf7ce0433e39ee0ba35a.png');
UPDATE `reward` SET `reward_id` = '5', `reward_name` = 'Visiting North America', `reward_amount` = '14.95', `reward_value` = '330', `reward_points` = '60', `reward_details` = '<p>Experience iconic landscapes, vibrant cultures, and diverse attractions across the USA. From natural wonders to urban excitement, every destination offers a unique slice of American charm.</p><p><strong>3 days / 2 nights &nbsp; &nbsp; 2 adults / 2 kids</strong></p><p><strong>Value: 330 &nbsp; &nbsp; Cost: 14.95 &nbsp; &nbsp;&nbsp;</strong><span style=\"color:hsl(0,75%,60%);\"><strong>81.82% OFF</strong></span></p>', `phone` = 'N/A', `address` = 'N/A', `category` = 'travel', `status` = 1, `date` = '2024-10-27 23:54:58', `reward_image` = 'upload/reward_image/89601de28095f801bf639c8a979b2690.png'
WHERE `reward_id` = '5';
INSERT INTO `reward_country` (`reward_id`, `country`, `state`, `image`) VALUES ('5', '223', '4256', 'upload/reward_image/6739fbcf5f9f0246a76c477530da7cef.png');
UPDATE `reward` SET `reward_id` = '5', `reward_name` = 'Visiting North America', `reward_amount` = '14.95', `reward_value` = '330', `reward_points` = '60', `reward_details` = '<p>Experience iconic landscapes, vibrant cultures, and diverse attractions across the USA. From natural wonders to urban excitement, every destination offers a unique slice of American charm.</p><p><strong>3 days / 2 nights &nbsp; &nbsp; 2 adults / 2 kids</strong></p><p><strong>Value: 330 &nbsp; &nbsp; Cost: 14.95 &nbsp; &nbsp;&nbsp;</strong><span style=\"color:hsl(0,75%,60%);\"><strong>81.82% OFF</strong></span></p>', `phone` = 'N/A', `address` = 'N/A', `category` = 'travel', `status` = 1, `date` = '2024-10-27 23:55:36', `reward_image` = 'upload/reward_image/aa7d198a7f542cc320e7f4c39195ae6f.png'
WHERE `reward_id` = '5';
INSERT INTO `reward_country` (`reward_id`, `country`, `state`, `image`) VALUES ('5', '223', '4257', 'upload/reward_image/79bc59e77008975e21539505eb35e35a.png');
UPDATE `ci_sessions` SET `timestamp` = 1730091488, `data` = '__ci_last_regenerate|i:1730091488;id|s:4:\"2019\";user_id|s:5:\"admin\";username|s:5:\"admin\";sponsor_id|s:1:\"0\";fullname|s:11:\"Alex Carrey\";email|s:15:\"admin@admin.com\";phone|s:10:\"1235467892\";isLogIn|b:1;'
WHERE `id` = 'f9df06b812869e096e4d633e747f75ca8ff60556';
UPDATE `user_registration` SET `popup_seen` = 'yes'
WHERE `user_id` = 'admin';
UPDATE `ci_sessions` SET `timestamp` = 1730092210, `data` = '__ci_last_regenerate|i:1730092210;id|s:4:\"2019\";user_id|s:5:\"admin\";username|s:5:\"admin\";sponsor_id|s:1:\"0\";fullname|s:11:\"Alex Carrey\";email|s:15:\"admin@admin.com\";phone|s:10:\"1235467892\";isLogIn|b:1;'
WHERE `id` = '1044e1fd579a2f28b7994cdfcc2bb8b4c627877f';
UPDATE `user_registration` SET `popup_seen` = 'yes'
WHERE `user_id` = 'admin';
UPDATE `ci_sessions` SET `timestamp` = 1730092228, `data` = '__ci_last_regenerate|i:1730092228;isLogIn|b:1;isAdmin|b:1;id|s:1:\"1\";fullname|s:11:\"admin admin\";user_level|s:5:\"Admin\";email|s:15:\"admin@admin.com\";image|s:53:\"upload/settings/4a1f1b602322adb837a7a3547ee69cf3.jpeg\";last_login|s:19:\"2024-10-26 05:54:53\";last_logout|s:19:\"2024-10-23 07:30:04\";ip_address|s:13:\"172.71.202.29\";message|s:20:\"Update Successfully!\";__ci_vars|a:1:{s:7:\"message\";s:3:\"old\";}'
WHERE `id` = '63ade21d81e77eb90e25e422013a56a1755bb71b';
UPDATE `ci_sessions` SET `timestamp` = 1730092504, `data` = '__ci_last_regenerate|i:1730092504;captcha|s:4:\"bldl\";'
WHERE `id` = 'abe1d23292740f867d188d8f67bdc859f6042234';
INSERT INTO `login_history` (`user_id`, `device`, `ip_address`, `date`) VALUES ('admin', 'Mozilla/5.0 (Macintosh; Intel Mac OS X 10_15_7) AppleWebKit/537.36 (KHTML, like Gecko) Chrome/129.0.0.0 Safari/537.36', '172.69.95.182', '24-10-28 00:15');
UPDATE `user_registration` SET `popup_seen` = 'yes'
WHERE `user_id` = 'admin';
UPDATE `admin` SET `last_login` = '2024-10-28 00:16:36', `ip_address` = '172.69.95.156'
WHERE `id` = '1';
UPDATE `ci_sessions` SET `timestamp` = 1730092775, `data` = '__ci_last_regenerate|i:1730092775;isLogIn|b:1;isAdmin|b:1;id|s:1:\"1\";fullname|s:11:\"admin admin\";user_level|s:5:\"Admin\";email|s:15:\"admin@admin.com\";image|s:53:\"upload/settings/4a1f1b602322adb837a7a3547ee69cf3.jpeg\";last_login|s:19:\"2024-10-26 05:54:53\";last_logout|s:19:\"2024-10-23 07:30:04\";ip_address|s:13:\"172.71.202.29\";'
WHERE `id` = 'da2d697b3fc8f9f71fad7b77f7415614a47108ae';
UPDATE `ci_sessions` SET `timestamp` = 1730092841, `data` = '__ci_last_regenerate|i:1730092841;id|s:4:\"2019\";user_id|s:5:\"admin\";username|s:5:\"admin\";sponsor_id|s:1:\"0\";fullname|s:11:\"Alex Carrey\";email|s:15:\"admin@admin.com\";phone|s:10:\"1235467892\";isLogIn|b:1;'
WHERE `id` = 'bbb93b6f736bd56111d5f99b2e438cd1724ba21d';
UPDATE `ci_sessions` SET `timestamp` = 1730092899, `data` = '__ci_last_regenerate|i:1730092899;isLogIn|b:1;isAdmin|b:1;id|s:1:\"1\";fullname|s:11:\"admin admin\";user_level|s:5:\"Admin\";email|s:15:\"admin@admin.com\";image|s:53:\"upload/settings/4a1f1b602322adb837a7a3547ee69cf3.jpeg\";last_login|s:19:\"2024-10-27 19:45:34\";last_logout|s:19:\"2024-10-23 07:30:04\";ip_address|s:13:\"172.70.55.177\";'
WHERE `id` = 'cfb76b5a6bdda5bae4abd629dba8f42f93e380a0';
UPDATE `reward` SET `reward_id` = '5', `reward_name` = 'Visiting North America', `reward_amount` = '14.95', `reward_value` = '330', `reward_points` = '60', `reward_details` = '<p>Experience iconic landscapes, vibrant cultures, and diverse attractions across the USA. From natural wonders to urban excitement, every destination offers a unique slice of American charm.</p><p><strong>3 days / 2 nights &nbsp; &nbsp; 2 adults / 2 kids</strong></p><p><strong>Value: 330 &nbsp; &nbsp; Cost: $20.00 &nbsp; &nbsp;&nbsp;</strong><span style=\"color:hsl(0,75%,60%);\"><strong>81.82% OFF</strong></span></p>', `phone` = 'N/A', `address` = 'N/A', `category` = 'travel', `status` = 1, `date` = '2024-10-28 00:22:42', `reward_image` = 'upload/reward_image/aa7d198a7f542cc320e7f4c39195ae6f.png'
WHERE `reward_id` = '5';
INSERT INTO `reward_country` (`reward_id`, `country`, `state`, `image`) VALUES ('5', '223', '4249', NULL);
UPDATE `ci_sessions` SET `timestamp` = 1730092972, `data` = '__ci_last_regenerate|i:1730092972;id|s:4:\"2019\";user_id|s:5:\"admin\";username|s:5:\"admin\";sponsor_id|s:1:\"0\";fullname|s:11:\"Alex Carrey\";email|s:15:\"admin@admin.com\";phone|s:10:\"1235467892\";isLogIn|b:1;'
WHERE `id` = '723dd9b20df2b04815df1552c3c7cb8169dbbe2a';
UPDATE `user_registration` SET `popup_seen` = 'yes'
WHERE `user_id` = 'admin';
UPDATE `user_registration` SET `popup_seen` = 'yes'
WHERE `user_id` = 'admin';
UPDATE `ci_sessions` SET `timestamp` = 1730093179, `data` = '__ci_last_regenerate|i:1730093179;id|s:4:\"2019\";user_id|s:5:\"admin\";username|s:5:\"admin\";sponsor_id|s:1:\"0\";fullname|s:11:\"Alex Carrey\";email|s:15:\"admin@admin.com\";phone|s:10:\"1235467892\";isLogIn|b:1;'
WHERE `id` = '060be13a8917e1602e875cf414ba4fe1e5665562';
UPDATE `ci_sessions` SET `timestamp` = 1730093280, `data` = '__ci_last_regenerate|i:1730093280;isLogIn|b:1;isAdmin|b:1;id|s:1:\"1\";fullname|s:11:\"admin admin\";user_level|s:5:\"Admin\";email|s:15:\"admin@admin.com\";image|s:53:\"upload/settings/4a1f1b602322adb837a7a3547ee69cf3.jpeg\";last_login|s:19:\"2024-10-27 19:45:34\";last_logout|s:19:\"2024-10-23 07:30:04\";ip_address|s:13:\"172.70.55.177\";'
WHERE `id` = '79aaadf96568334dda3ba402cdd58378efc2feaa';
UPDATE `ci_sessions` SET `timestamp` = 1730093484, `data` = '__ci_last_regenerate|i:1730093484;id|s:4:\"2019\";user_id|s:5:\"admin\";username|s:5:\"admin\";sponsor_id|s:1:\"0\";fullname|s:11:\"Alex Carrey\";email|s:15:\"admin@admin.com\";phone|s:10:\"1235467892\";isLogIn|b:1;'
WHERE `id` = 'a2ea34e082aa178a6ba98b30b60687cbd8547ffc';
UPDATE `ci_sessions` SET `timestamp` = 1730093604, `data` = '__ci_last_regenerate|i:1730093604;isLogIn|b:1;isAdmin|b:1;id|s:1:\"1\";fullname|s:11:\"admin admin\";user_level|s:5:\"Admin\";email|s:15:\"admin@admin.com\";image|s:53:\"upload/settings/4a1f1b602322adb837a7a3547ee69cf3.jpeg\";last_login|s:19:\"2024-10-26 05:54:53\";last_logout|s:19:\"2024-10-23 07:30:04\";ip_address|s:13:\"172.71.202.29\";'
WHERE `id` = '35a9acf5b00c207cba4ca992c99fb95b64fcce34';
UPDATE `reward` SET `reward_id` = '5', `reward_name` = 'Visiting North America 3D/2N', `reward_amount` = '14.95', `reward_value` = '330', `reward_points` = '60', `reward_details` = '<p>Experience iconic landscapes, vibrant cultures, and diverse attractions across the USA. From natural wonders to urban excitement, every destination offers a unique slice of American charm.</p><p><strong>3 days / 2 nights &nbsp; &nbsp; 2 adults / 2 kids</strong></p><p><strong>Value: 330 &nbsp; &nbsp; Cost: $20.00 &nbsp; &nbsp;&nbsp;</strong><span style=\"color:hsl(0,75%,60%);\"><strong>81.82% OFF</strong></span></p>', `phone` = 'N/A', `address` = 'N/A', `category` = 'travel', `status` = 1, `date` = '2024-10-28 00:33:24', `reward_image` = 'upload/reward_image/aa7d198a7f542cc320e7f4c39195ae6f.png'
WHERE `reward_id` = '5';
INSERT INTO `reward_country` (`reward_id`, `country`, `state`, `image`) VALUES ('5', '223', '4249', NULL);
UPDATE `ci_sessions` SET `timestamp` = 1730093609, `data` = '__ci_last_regenerate|i:1730093609;id|s:4:\"2019\";user_id|s:5:\"admin\";username|s:5:\"admin\";sponsor_id|s:1:\"0\";fullname|s:11:\"Alex Carrey\";email|s:15:\"admin@admin.com\";phone|s:10:\"1235467892\";isLogIn|b:1;'
WHERE `id` = 'd1d49ef06f636159c630018df5acd36087125df1';
UPDATE `ci_sessions` SET `timestamp` = 1730093717, `data` = '__ci_last_regenerate|i:1730093717;isLogIn|b:1;isAdmin|b:1;id|s:1:\"1\";fullname|s:11:\"admin admin\";user_level|s:5:\"Admin\";email|s:15:\"admin@admin.com\";image|s:53:\"upload/settings/4a1f1b602322adb837a7a3547ee69cf3.jpeg\";last_login|s:19:\"2024-10-27 19:45:34\";last_logout|s:19:\"2024-10-23 07:30:04\";ip_address|s:13:\"172.70.55.177\";'
WHERE `id` = '4d5f7ec03c48737d98c322ec47c0af8652a30f4b';
UPDATE `ci_sessions` SET `timestamp` = 1730094561, `data` = '__ci_last_regenerate|i:1730094561;isLogIn|b:1;isAdmin|b:1;id|s:1:\"1\";fullname|s:11:\"admin admin\";user_level|s:5:\"Admin\";email|s:15:\"admin@admin.com\";image|s:53:\"upload/settings/4a1f1b602322adb837a7a3547ee69cf3.jpeg\";last_login|s:19:\"2024-10-26 05:54:53\";last_logout|s:19:\"2024-10-23 07:30:04\";ip_address|s:13:\"172.71.202.29\";message|s:20:\"Update Successfully!\";__ci_vars|a:1:{s:7:\"message\";s:3:\"old\";}'
WHERE `id` = '7d2f30de857b4b9422efa42aaa1128965d996499';
UPDATE `ci_sessions` SET `timestamp` = 1730094933, `data` = '__ci_last_regenerate|i:1730094933;captcha|s:4:\"zdco\";'
WHERE `id` = '190a6888bbc4761cb4690d43d156fd3646a45a69';
UPDATE `ci_sessions` SET `timestamp` = 1730095110, `data` = '__ci_last_regenerate|i:1730095110;captcha|s:4:\"36mp\";'
WHERE `id` = '0970072c369829e5cec99e391e59d0cc852fbc1f';
UPDATE `ci_sessions` SET `timestamp` = 1730095424, `data` = '__ci_last_regenerate|i:1730095424;captcha|s:4:\"rsum\";'
WHERE `id` = '9fc4167abb0db32df2cb7e6f44f8d15a5b2de876';
UPDATE `ci_sessions` SET `timestamp` = 1730095542, `data` = '__ci_last_regenerate|i:1730095542;isLogIn|b:1;isAdmin|b:1;id|s:1:\"1\";fullname|s:11:\"admin admin\";user_level|s:5:\"Admin\";email|s:15:\"admin@admin.com\";image|s:53:\"upload/settings/4a1f1b602322adb837a7a3547ee69cf3.jpeg\";last_login|s:19:\"2024-10-26 05:54:53\";last_logout|s:19:\"2024-10-23 07:30:04\";ip_address|s:13:\"172.71.202.29\";'
WHERE `id` = 'fdd2220214be5da2aab52594332354989e7bec9f';
UPDATE `ci_sessions` SET `timestamp` = 1730095949, `data` = '__ci_last_regenerate|i:1730095949;isLogIn|b:1;isAdmin|b:1;id|s:1:\"1\";fullname|s:11:\"admin admin\";user_level|s:5:\"Admin\";email|s:15:\"admin@admin.com\";image|s:53:\"upload/settings/4a1f1b602322adb837a7a3547ee69cf3.jpeg\";last_login|s:19:\"2024-10-26 05:54:53\";last_logout|s:19:\"2024-10-23 07:30:04\";ip_address|s:13:\"172.71.202.29\";'
WHERE `id` = '275738ba031b62b17261bfc3eba09d7941b89f1d';
INSERT INTO `reward` (`reward_id`, `reward_name`, `reward_amount`, `reward_value`, `reward_points`, `reward_details`, `phone`, `address`, `category`, `status`, `date`, `reward_image`) VALUES ('', 'Visiting North America 4D/3N', '25.00', '495.00', '75', '<p>Explore the USA’s diverse landscapes, rich history, and dynamic cities. From scenic wonders to cultural hotspots, every stop brings a new facet of American beauty.</p><p><strong>4 days / 3 night &nbsp; &nbsp; 2 adults / 2 kids</strong></p><p><strong>Value: $495.00 &nbsp; &nbsp; Cost: $25.00 &nbsp; &nbsp;&nbsp;</strong><span style=\"color:hsl(0, 75%, 60%);\"><strong>84.85% OFF</strong></span></p>', 'N/A', 'N/A', 'travel', 1, '2024-10-28 01:12:29', 'upload/reward_image/76147793c793a0637d7904225911534e.png');
INSERT INTO `reward_country` (`reward_id`, `country`, `state`, `image`) VALUES (6, '223', '4258', 'upload/reward_image/e8696252d454241fd39be8a7541f5c87.png');
UPDATE `ci_sessions` SET `timestamp` = 1730095955, `data` = '__ci_last_regenerate|i:1730095955;id|s:4:\"2019\";user_id|s:5:\"admin\";username|s:5:\"admin\";sponsor_id|s:1:\"0\";fullname|s:11:\"Alex Carrey\";email|s:15:\"admin@admin.com\";phone|s:10:\"1235467892\";isLogIn|b:1;'
WHERE `id` = '7bea5c87ec25fcaf2eee05660a90d7a78bc54ed7';
UPDATE `reward` SET `reward_id` = '6', `reward_name` = 'Visiting North America 4D/3N', `reward_amount` = '25', `reward_value` = '495', `reward_points` = '75', `reward_details` = '<p>Explore the USA’s diverse landscapes, rich history, and dynamic cities. From scenic wonders to cultural hotspots, every stop brings a new facet of American beauty and greatness.</p><p><strong>4 days / 3 night &nbsp; &nbsp; 2 adults / 2 kids</strong></p><p><strong>Value: $495.00 &nbsp; &nbsp; Cost: $25.00 &nbsp; &nbsp;&nbsp;</strong><span style=\"color:hsl(0,75%,60%);\"><strong>84.85% OFF</strong></span></p>', `phone` = 'N/A', `address` = 'N/A', `category` = 'travel', `status` = 1, `date` = '2024-10-28 01:14:35', `reward_image` = 'upload/reward_image/76147793c793a0637d7904225911534e.png'
WHERE `reward_id` = '6';
INSERT INTO `reward_country` (`reward_id`, `country`, `state`, `image`) VALUES ('6', '223', '4258', NULL);
UPDATE `ci_sessions` SET `timestamp` = 1730096398, `data` = '__ci_last_regenerate|i:1730096398;isLogIn|b:1;isAdmin|b:1;id|s:1:\"1\";fullname|s:11:\"admin admin\";user_level|s:5:\"Admin\";email|s:15:\"admin@admin.com\";image|s:53:\"upload/settings/4a1f1b602322adb837a7a3547ee69cf3.jpeg\";last_login|s:19:\"2024-10-26 05:54:53\";last_logout|s:19:\"2024-10-23 07:30:04\";ip_address|s:13:\"172.71.202.29\";'
WHERE `id` = '9cdede63eda0c8d5fff005a71b2ebafaff45499b';
UPDATE `reward` SET `reward_id` = '6', `reward_name` = 'Visiting North America 4D/3N', `reward_amount` = '25', `reward_value` = '495', `reward_points` = '75', `reward_details` = '<p>Explore the USA’s diverse landscapes, rich history, and dynamic cities. From scenic wonders to cultural hotspots, every stop brings a new facet of American beauty and greatness.</p><p><strong>4 days / 3 night &nbsp; &nbsp; 2 adults / 2 kids</strong></p><p><strong>Value: $495.00 &nbsp; &nbsp; Cost: $25.00 &nbsp; &nbsp;&nbsp;</strong><span style=\"color:hsl(0,75%,60%);\"><strong>84.85% OFF</strong></span></p>', `phone` = 'N/A', `address` = 'N/A', `category` = 'travel', `status` = 1, `date` = '2024-10-28 01:19:58', `reward_image` = 'upload/reward_image/64c7ca9d398ede70501010d91dbcf2aa.png'
WHERE `reward_id` = '6';
INSERT INTO `reward_country` (`reward_id`, `country`, `state`, `image`) VALUES ('6', '223', '4259', 'upload/reward_image/43183cf753cde0f6f5e7fdf1abc6b024.png');
UPDATE `ci_sessions` SET `timestamp` = 1730096402, `data` = '__ci_last_regenerate|i:1730096402;id|s:4:\"2019\";user_id|s:5:\"admin\";username|s:5:\"admin\";sponsor_id|s:1:\"0\";fullname|s:11:\"Alex Carrey\";email|s:15:\"admin@admin.com\";phone|s:10:\"1235467892\";isLogIn|b:1;'
WHERE `id` = '78c8d209a1a898c6746c6bd4cb6d73f8139408c1';
UPDATE `reward` SET `reward_id` = '6', `reward_name` = 'Visiting North America 4D/3N', `reward_amount` = '25', `reward_value` = '495', `reward_points` = '75', `reward_details` = '<p>Explore the USA’s diverse landscapes, rich history, and dynamic cities. From scenic wonders to cultural hotspots, every stop brings a new facet of American beauty and greatness.</p><p><strong>4 days / 3 night &nbsp; &nbsp; 2 adults / 2 kids</strong></p><p><strong>Value: $495.00 &nbsp; &nbsp; Cost: $25.00 &nbsp; &nbsp;&nbsp;</strong><span style=\"color:hsl(0,75%,60%);\"><strong>84.85% OFF</strong></span></p>', `phone` = 'N/A', `address` = 'N/A', `category` = 'travel', `status` = 1, `date` = '2024-10-28 01:24:05', `reward_image` = 'upload/reward_image/de3e5b9e76488371b93b949109ae51a9.png'
WHERE `reward_id` = '6';
