INSERT INTO `matrix_filling` (`placement_id`, `downline_id`, `level`, `matrix`) VALUES ('GGM164', 'M66HM9', 32, 1);
UPDATE `bv_updation` SET left_carry = left_carry+50, total_left = total_left+50
WHERE `user_id` = 'GGM164';
INSERT INTO `placement_bv_update_history` (`left_carry`, `date`, `from_id`, `user_id`) VALUES ('50', '2024-09-26 18:39:09', 'M66HM9', 'GGM164');
INSERT INTO `matrix_filling` (`placement_id`, `downline_id`, `level`, `matrix`) VALUES ('3NKIEX', 'M66HM9', 33, 1);
UPDATE `bv_updation` SET left_carry = left_carry+50, total_left = total_left+50
WHERE `user_id` = '3NKIEX';
INSERT INTO `placement_bv_update_history` (`left_carry`, `date`, `from_id`, `user_id`) VALUES ('50', '2024-09-26 18:39:09', 'M66HM9', '3NKIEX');
INSERT INTO `matrix_filling` (`placement_id`, `downline_id`, `level`, `matrix`) VALUES ('S56TH3', 'M66HM9', 34, 1);
UPDATE `bv_updation` SET left_carry = left_carry+50, total_left = total_left+50
WHERE `user_id` = 'S56TH3';
INSERT INTO `placement_bv_update_history` (`left_carry`, `date`, `from_id`, `user_id`) VALUES ('50', '2024-09-26 18:39:09', 'M66HM9', 'S56TH3');
INSERT INTO `matrix_filling` (`placement_id`, `downline_id`, `level`, `matrix`) VALUES ('XYG89U', 'M66HM9', 35, 1);
UPDATE `bv_updation` SET left_carry = left_carry+50, total_left = total_left+50
WHERE `user_id` = 'XYG89U';
INSERT INTO `placement_bv_update_history` (`left_carry`, `date`, `from_id`, `user_id`) VALUES ('50', '2024-09-26 18:39:09', 'M66HM9', 'XYG89U');
INSERT INTO `matrix_filling` (`placement_id`, `downline_id`, `level`, `matrix`) VALUES ('HTFY93', 'M66HM9', 36, 1);
UPDATE `bv_updation` SET left_carry = left_carry+50, total_left = total_left+50
WHERE `user_id` = 'HTFY93';
INSERT INTO `placement_bv_update_history` (`left_carry`, `date`, `from_id`, `user_id`) VALUES ('50', '2024-09-26 18:39:09', 'M66HM9', 'HTFY93');
INSERT INTO `matrix_filling` (`placement_id`, `downline_id`, `level`, `matrix`) VALUES ('3PR393', 'M66HM9', 37, 1);
UPDATE `bv_updation` SET left_carry = left_carry+50, total_left = total_left+50
WHERE `user_id` = '3PR393';
INSERT INTO `placement_bv_update_history` (`left_carry`, `date`, `from_id`, `user_id`) VALUES ('50', '2024-09-26 18:39:09', 'M66HM9', '3PR393');
INSERT INTO `matrix_filling` (`placement_id`, `downline_id`, `level`, `matrix`) VALUES ('T3MRY1', 'M66HM9', 38, 1);
UPDATE `bv_updation` SET left_carry = left_carry+50, total_left = total_left+50
WHERE `user_id` = 'T3MRY1';
INSERT INTO `placement_bv_update_history` (`left_carry`, `date`, `from_id`, `user_id`) VALUES ('50', '2024-09-26 18:39:09', 'M66HM9', 'T3MRY1');
INSERT INTO `matrix_filling` (`placement_id`, `downline_id`, `level`, `matrix`) VALUES ('GTMCCK', 'M66HM9', 39, 1);
UPDATE `bv_updation` SET left_carry = left_carry+50, total_left = total_left+50
WHERE `user_id` = 'GTMCCK';
INSERT INTO `placement_bv_update_history` (`left_carry`, `date`, `from_id`, `user_id`) VALUES ('50', '2024-09-26 18:39:09', 'M66HM9', 'GTMCCK');
INSERT INTO `matrix_filling` (`placement_id`, `downline_id`, `level`, `matrix`) VALUES ('DLYMIF', 'M66HM9', 40, 1);
UPDATE `bv_updation` SET left_carry = left_carry+50, total_left = total_left+50
WHERE `user_id` = 'DLYMIF';
INSERT INTO `placement_bv_update_history` (`left_carry`, `date`, `from_id`, `user_id`) VALUES ('50', '2024-09-26 18:39:09', 'M66HM9', 'DLYMIF');
INSERT INTO `matrix_filling` (`placement_id`, `downline_id`, `level`, `matrix`) VALUES ('WGJ5KE', 'M66HM9', 41, 1);
UPDATE `bv_updation` SET left_carry = left_carry+50, total_left = total_left+50
WHERE `user_id` = 'WGJ5KE';
INSERT INTO `placement_bv_update_history` (`left_carry`, `date`, `from_id`, `user_id`) VALUES ('50', '2024-09-26 18:39:09', 'M66HM9', 'WGJ5KE');
INSERT INTO `matrix_filling` (`placement_id`, `downline_id`, `level`, `matrix`) VALUES ('ORRJ3M', 'M66HM9', 42, 1);
UPDATE `bv_updation` SET left_carry = left_carry+50, total_left = total_left+50
WHERE `user_id` = 'ORRJ3M';
INSERT INTO `placement_bv_update_history` (`left_carry`, `date`, `from_id`, `user_id`) VALUES ('50', '2024-09-26 18:39:09', 'M66HM9', 'ORRJ3M');
INSERT INTO `matrix_filling` (`placement_id`, `downline_id`, `level`, `matrix`) VALUES ('AA8V6V', 'M66HM9', 43, 1);
UPDATE `bv_updation` SET left_carry = left_carry+50, total_left = total_left+50
WHERE `user_id` = 'AA8V6V';
INSERT INTO `placement_bv_update_history` (`left_carry`, `date`, `from_id`, `user_id`) VALUES ('50', '2024-09-26 18:39:09', 'M66HM9', 'AA8V6V');
INSERT INTO `matrix_filling` (`placement_id`, `downline_id`, `level`, `matrix`) VALUES ('61ME4O', 'M66HM9', 44, 1);
UPDATE `bv_updation` SET left_carry = left_carry+50, total_left = total_left+50
WHERE `user_id` = '61ME4O';
INSERT INTO `placement_bv_update_history` (`left_carry`, `date`, `from_id`, `user_id`) VALUES ('50', '2024-09-26 18:39:09', 'M66HM9', '61ME4O');
INSERT INTO `matrix_filling` (`placement_id`, `downline_id`, `level`, `matrix`) VALUES ('WS1SZZ', 'M66HM9', 45, 1);
UPDATE `bv_updation` SET left_carry = left_carry+50, total_left = total_left+50
WHERE `user_id` = 'WS1SZZ';
INSERT INTO `placement_bv_update_history` (`left_carry`, `date`, `from_id`, `user_id`) VALUES ('50', '2024-09-26 18:39:09', 'M66HM9', 'WS1SZZ');
INSERT INTO `matrix_filling` (`placement_id`, `downline_id`, `level`, `matrix`) VALUES ('TBN4MZ', 'M66HM9', 46, 1);
UPDATE `bv_updation` SET left_carry = left_carry+50, total_left = total_left+50
WHERE `user_id` = 'TBN4MZ';
INSERT INTO `placement_bv_update_history` (`left_carry`, `date`, `from_id`, `user_id`) VALUES ('50', '2024-09-26 18:39:09', 'M66HM9', 'TBN4MZ');
INSERT INTO `matrix_filling` (`placement_id`, `downline_id`, `level`, `matrix`) VALUES ('OEMJ8R', 'M66HM9', 47, 1);
UPDATE `bv_updation` SET left_carry = left_carry+50, total_left = total_left+50
WHERE `user_id` = 'OEMJ8R';
INSERT INTO `placement_bv_update_history` (`left_carry`, `date`, `from_id`, `user_id`) VALUES ('50', '2024-09-26 18:39:09', 'M66HM9', 'OEMJ8R');
INSERT INTO `matrix_filling` (`placement_id`, `downline_id`, `level`, `matrix`) VALUES ('FXAYIE', 'M66HM9', 48, 1);
UPDATE `bv_updation` SET left_carry = left_carry+50, total_left = total_left+50
WHERE `user_id` = 'FXAYIE';
INSERT INTO `placement_bv_update_history` (`left_carry`, `date`, `from_id`, `user_id`) VALUES ('50', '2024-09-26 18:39:09', 'M66HM9', 'FXAYIE');
INSERT INTO `matrix_filling` (`placement_id`, `downline_id`, `level`, `matrix`) VALUES ('ELXZWC', 'M66HM9', 49, 1);
UPDATE `bv_updation` SET left_carry = left_carry+50, total_left = total_left+50
WHERE `user_id` = 'ELXZWC';
INSERT INTO `placement_bv_update_history` (`left_carry`, `date`, `from_id`, `user_id`) VALUES ('50', '2024-09-26 18:39:09', 'M66HM9', 'ELXZWC');
INSERT INTO `matrix_filling` (`placement_id`, `downline_id`, `level`, `matrix`) VALUES ('C1TQVI', 'M66HM9', 50, 1);
UPDATE `bv_updation` SET left_carry = left_carry+50, total_left = total_left+50
WHERE `user_id` = 'C1TQVI';
INSERT INTO `placement_bv_update_history` (`left_carry`, `date`, `from_id`, `user_id`) VALUES ('50', '2024-09-26 18:39:09', 'M66HM9', 'C1TQVI');
INSERT INTO `matrix_filling` (`placement_id`, `downline_id`, `level`, `matrix`) VALUES ('F5GPDF', 'M66HM9', 51, 1);
UPDATE `bv_updation` SET left_carry = left_carry+50, total_left = total_left+50
WHERE `user_id` = 'F5GPDF';
INSERT INTO `placement_bv_update_history` (`left_carry`, `date`, `from_id`, `user_id`) VALUES ('50', '2024-09-26 18:39:09', 'M66HM9', 'F5GPDF');
INSERT INTO `matrix_filling` (`placement_id`, `downline_id`, `level`, `matrix`) VALUES ('91PYDK', 'M66HM9', 52, 1);
UPDATE `bv_updation` SET left_carry = left_carry+50, total_left = total_left+50
WHERE `user_id` = '91PYDK';
INSERT INTO `placement_bv_update_history` (`left_carry`, `date`, `from_id`, `user_id`) VALUES ('50', '2024-09-26 18:39:09', 'M66HM9', '91PYDK');
INSERT INTO `matrix_filling` (`placement_id`, `downline_id`, `level`, `matrix`) VALUES ('4OT7RX', 'M66HM9', 53, 1);
UPDATE `bv_updation` SET left_carry = left_carry+50, total_left = total_left+50
WHERE `user_id` = '4OT7RX';
INSERT INTO `placement_bv_update_history` (`left_carry`, `date`, `from_id`, `user_id`) VALUES ('50', '2024-09-26 18:39:09', 'M66HM9', '4OT7RX');
INSERT INTO `matrix_filling` (`placement_id`, `downline_id`, `level`, `matrix`) VALUES ('ZJZA3M', 'M66HM9', 54, 1);
UPDATE `bv_updation` SET left_carry = left_carry+50, total_left = total_left+50
WHERE `user_id` = 'ZJZA3M';
INSERT INTO `placement_bv_update_history` (`left_carry`, `date`, `from_id`, `user_id`) VALUES ('50', '2024-09-26 18:39:09', 'M66HM9', 'ZJZA3M');
INSERT INTO `matrix_filling` (`placement_id`, `downline_id`, `level`, `matrix`) VALUES ('XN6ETC', 'M66HM9', 55, 1);
UPDATE `bv_updation` SET left_carry = left_carry+50, total_left = total_left+50
WHERE `user_id` = 'XN6ETC';
INSERT INTO `placement_bv_update_history` (`left_carry`, `date`, `from_id`, `user_id`) VALUES ('50', '2024-09-26 18:39:09', 'M66HM9', 'XN6ETC');
INSERT INTO `matrix_filling` (`placement_id`, `downline_id`, `level`, `matrix`) VALUES ('KVQN1O', 'M66HM9', 56, 1);
UPDATE `bv_updation` SET left_carry = left_carry+50, total_left = total_left+50
WHERE `user_id` = 'KVQN1O';
INSERT INTO `placement_bv_update_history` (`left_carry`, `date`, `from_id`, `user_id`) VALUES ('50', '2024-09-26 18:39:09', 'M66HM9', 'KVQN1O');
INSERT INTO `matrix_filling` (`placement_id`, `downline_id`, `level`, `matrix`) VALUES ('X3V7DJ', 'M66HM9', 57, 1);
UPDATE `bv_updation` SET left_carry = left_carry+50, total_left = total_left+50
WHERE `user_id` = 'X3V7DJ';
INSERT INTO `placement_bv_update_history` (`left_carry`, `date`, `from_id`, `user_id`) VALUES ('50', '2024-09-26 18:39:09', 'M66HM9', 'X3V7DJ');
INSERT INTO `matrix_filling` (`placement_id`, `downline_id`, `level`, `matrix`) VALUES ('DJ77NH', 'M66HM9', 58, 1);
UPDATE `bv_updation` SET left_carry = left_carry+50, total_left = total_left+50
WHERE `user_id` = 'DJ77NH';
INSERT INTO `placement_bv_update_history` (`left_carry`, `date`, `from_id`, `user_id`) VALUES ('50', '2024-09-26 18:39:09', 'M66HM9', 'DJ77NH');
INSERT INTO `matrix_filling` (`placement_id`, `downline_id`, `level`, `matrix`) VALUES ('PX7XCL', 'M66HM9', 59, 1);
UPDATE `bv_updation` SET left_carry = left_carry+50, total_left = total_left+50
WHERE `user_id` = 'PX7XCL';
INSERT INTO `placement_bv_update_history` (`left_carry`, `date`, `from_id`, `user_id`) VALUES ('50', '2024-09-26 18:39:09', 'M66HM9', 'PX7XCL');
INSERT INTO `matrix_filling` (`placement_id`, `downline_id`, `level`, `matrix`) VALUES ('L8PM4Z', 'M66HM9', 60, 1);
UPDATE `bv_updation` SET left_carry = left_carry+50, total_left = total_left+50
WHERE `user_id` = 'L8PM4Z';
INSERT INTO `placement_bv_update_history` (`left_carry`, `date`, `from_id`, `user_id`) VALUES ('50', '2024-09-26 18:39:09', 'M66HM9', 'L8PM4Z');
INSERT INTO `matrix_filling` (`placement_id`, `downline_id`, `level`, `matrix`) VALUES ('GBSIER', 'M66HM9', 61, 1);
UPDATE `bv_updation` SET left_carry = left_carry+50, total_left = total_left+50
WHERE `user_id` = 'GBSIER';
INSERT INTO `placement_bv_update_history` (`left_carry`, `date`, `from_id`, `user_id`) VALUES ('50', '2024-09-26 18:39:09', 'M66HM9', 'GBSIER');
INSERT INTO `matrix_filling` (`placement_id`, `downline_id`, `level`, `matrix`) VALUES ('AV48YQ', 'M66HM9', 62, 1);
UPDATE `bv_updation` SET left_carry = left_carry+50, total_left = total_left+50
WHERE `user_id` = 'AV48YQ';
INSERT INTO `placement_bv_update_history` (`left_carry`, `date`, `from_id`, `user_id`) VALUES ('50', '2024-09-26 18:39:09', 'M66HM9', 'AV48YQ');
INSERT INTO `matrix_filling` (`placement_id`, `downline_id`, `level`, `matrix`) VALUES ('admin', 'M66HM9', 63, 1);
INSERT INTO `package_purchase_history` (`user_id`, `package_id`, `reg_fee`, `package_name`, `monthly_fee`, `type`, `date`, `payment_option`) VALUES ('M66HM9', '2', '595', 'Traveler Pro', '150', 'sign_up', '2024-09-26 18:39:09', 'free');
UPDATE `user_registration` SET `uid` = '2945', `user_id` = 'YXNE4Z', `username` = 'daniela7', `sponsor_id` = 'JQ3FLF', `vacant` = 'no', `f_name` = 'Daniela', `l_name` = 'Fernandez', `address` = '8100 SW 14 Terr', `position` = 'right', `email` = 'daniela7@gmail.com', `password` = '6a502df46c318ce58f42004f46714b99', `phone` = '7862876762', `country` = 'United States', `state` = 'Florida', `city` = 'Miami', `street` = '8100 SW 14 Terr', `zip_code` = '33144', `reg_ip` = '172.70.254.31', `status` = 1, `package_id` = '2', `rank_id` = 1, `highest_rank` = 1, `created` = '2024-09-26 18:41:49', `subscription_date` = '2024-10-26', `google_secret` = 'OJXXYCSNM33PUDWZ'
WHERE `uid` = '2945';
INSERT INTO `user_registration` (`uid`, `user_id`, `username`, `sponsor_id`, `placement_id`, `vacant`, `f_name`, `l_name`, `address`, `position`, `email`, `password`, `phone`, `reg_ip`, `status`, `created`) VALUES (NULL, 'KNQTQL', 'HTPTCuHJ', 'YXNE4Z', 'YXNE4Z', 'yes', '', '', '', 'left', '@mail.com', '', '', '', 0, '2024-09-26 18:41:49');
INSERT INTO `user_registration` (`uid`, `user_id`, `username`, `sponsor_id`, `placement_id`, `vacant`, `f_name`, `l_name`, `address`, `position`, `email`, `password`, `phone`, `reg_ip`, `status`, `created`) VALUES (NULL, 'ENSNXP', 'XZRxffPt', 'YXNE4Z', 'YXNE4Z', 'yes', '', '', '', 'right', '@mail.com', '', '', '', 0, '2024-09-26 18:41:49');
INSERT INTO `bv_updation` (`user_id`) VALUES ('YXNE4Z');
UPDATE `user_registration` SET total_ref_count = total_ref_count+1
WHERE `user_id` = 'JQ3FLF';
UPDATE `user_registration` SET total_downlines = total_downlines+1
WHERE `user_id` = '5WVWL3';
UPDATE `user_registration` SET right_downlines = right_downlines+1
WHERE `user_id` = '5WVWL3';
UPDATE `user_registration` SET total_downlines = total_downlines+1
WHERE `user_id` = 'XLBVMK';
UPDATE `user_registration` SET right_downlines = right_downlines+1
WHERE `user_id` = 'XLBVMK';
UPDATE `user_registration` SET total_downlines = total_downlines+1
WHERE `user_id` = 'DZT5SL';
UPDATE `user_registration` SET right_downlines = right_downlines+1
WHERE `user_id` = 'DZT5SL';
UPDATE `user_registration` SET total_downlines = total_downlines+1
WHERE `user_id` = 'GPTICC';
UPDATE `user_registration` SET right_downlines = right_downlines+1
WHERE `user_id` = 'GPTICC';
UPDATE `user_registration` SET total_downlines = total_downlines+1
WHERE `user_id` = 'ZQ7IZT';
UPDATE `user_registration` SET right_downlines = right_downlines+1
WHERE `user_id` = 'ZQ7IZT';
UPDATE `user_registration` SET total_downlines = total_downlines+1
WHERE `user_id` = 'DYLY61';
UPDATE `user_registration` SET right_downlines = right_downlines+1
WHERE `user_id` = 'DYLY61';
UPDATE `user_registration` SET total_downlines = total_downlines+1
WHERE `user_id` = 'T7NVYY';
UPDATE `user_registration` SET right_downlines = right_downlines+1
WHERE `user_id` = 'T7NVYY';
UPDATE `user_registration` SET total_downlines = total_downlines+1
WHERE `user_id` = 'YO5TK1';
UPDATE `user_registration` SET right_downlines = right_downlines+1
WHERE `user_id` = 'YO5TK1';
UPDATE `user_registration` SET total_downlines = total_downlines+1
WHERE `user_id` = 'HMIYLT';
UPDATE `user_registration` SET right_downlines = right_downlines+1
WHERE `user_id` = 'HMIYLT';
UPDATE `user_registration` SET total_downlines = total_downlines+1
WHERE `user_id` = 'JQ3FLF';
UPDATE `user_registration` SET right_downlines = right_downlines+1
WHERE `user_id` = 'JQ3FLF';
UPDATE `user_registration` SET right_ref_count = right_ref_count+1
WHERE `user_id` = 'JQ3FLF';
UPDATE `user_registration` SET active_right = active_right+1
WHERE `user_id` = 'JQ3FLF';
UPDATE `user_registration` SET total_downlines = total_downlines+1
WHERE `user_id` = 'C3N32U';
UPDATE `user_registration` SET left_downlines = left_downlines+1
WHERE `user_id` = 'C3N32U';
UPDATE `user_registration` SET total_downlines = total_downlines+1
WHERE `user_id` = 'MNLXPP';
UPDATE `user_registration` SET left_downlines = left_downlines+1
WHERE `user_id` = 'MNLXPP';
UPDATE `user_registration` SET total_downlines = total_downlines+1
WHERE `user_id` = 'NUPA4K';
UPDATE `user_registration` SET left_downlines = left_downlines+1
WHERE `user_id` = 'NUPA4K';
UPDATE `user_registration` SET total_downlines = total_downlines+1
WHERE `user_id` = '1FFFBU';
UPDATE `user_registration` SET left_downlines = left_downlines+1
WHERE `user_id` = '1FFFBU';
UPDATE `user_registration` SET total_downlines = total_downlines+1
WHERE `user_id` = 'J4CGUT';
UPDATE `user_registration` SET left_downlines = left_downlines+1
WHERE `user_id` = 'J4CGUT';
UPDATE `user_registration` SET total_downlines = total_downlines+1
WHERE `user_id` = 'S1RTX3';
UPDATE `user_registration` SET left_downlines = left_downlines+1
WHERE `user_id` = 'S1RTX3';
UPDATE `user_registration` SET total_downlines = total_downlines+1
WHERE `user_id` = 'I8YWQA';
UPDATE `user_registration` SET left_downlines = left_downlines+1
WHERE `user_id` = 'I8YWQA';
UPDATE `user_registration` SET total_downlines = total_downlines+1
WHERE `user_id` = 'I3MZBU';
UPDATE `user_registration` SET left_downlines = left_downlines+1
WHERE `user_id` = 'I3MZBU';
UPDATE `user_registration` SET total_downlines = total_downlines+1
WHERE `user_id` = 'H2I33O';
UPDATE `user_registration` SET left_downlines = left_downlines+1
WHERE `user_id` = 'H2I33O';
UPDATE `user_registration` SET total_downlines = total_downlines+1
WHERE `user_id` = 'AL7XWH';
UPDATE `user_registration` SET left_downlines = left_downlines+1
WHERE `user_id` = 'AL7XWH';
UPDATE `user_registration` SET total_downlines = total_downlines+1
WHERE `user_id` = 'HFZ9SA';
UPDATE `user_registration` SET left_downlines = left_downlines+1
WHERE `user_id` = 'HFZ9SA';
UPDATE `user_registration` SET total_downlines = total_downlines+1
WHERE `user_id` = 'A2MTZ3';
UPDATE `user_registration` SET left_downlines = left_downlines+1
WHERE `user_id` = 'A2MTZ3';
UPDATE `user_registration` SET total_downlines = total_downlines+1
WHERE `user_id` = 'RUEKCW';
UPDATE `user_registration` SET left_downlines = left_downlines+1
WHERE `user_id` = 'RUEKCW';
UPDATE `user_registration` SET total_downlines = total_downlines+1
WHERE `user_id` = 'K3GTG4';
UPDATE `user_registration` SET left_downlines = left_downlines+1
WHERE `user_id` = 'K3GTG4';
UPDATE `user_registration` SET total_downlines = total_downlines+1
WHERE `user_id` = 'I1TUBN';
UPDATE `user_registration` SET left_downlines = left_downlines+1
WHERE `user_id` = 'I1TUBN';
UPDATE `user_registration` SET total_downlines = total_downlines+1
WHERE `user_id` = 'BAUCCU';
UPDATE `user_registration` SET left_downlines = left_downlines+1
WHERE `user_id` = 'BAUCCU';
UPDATE `user_registration` SET total_downlines = total_downlines+1
WHERE `user_id` = '62QO97';
UPDATE `user_registration` SET left_downlines = left_downlines+1
WHERE `user_id` = '62QO97';
UPDATE `user_registration` SET total_downlines = total_downlines+1
WHERE `user_id` = 'OHLQEO';
UPDATE `user_registration` SET left_downlines = left_downlines+1
WHERE `user_id` = 'OHLQEO';
UPDATE `user_registration` SET total_downlines = total_downlines+1
WHERE `user_id` = '7APFKG';
UPDATE `user_registration` SET left_downlines = left_downlines+1
WHERE `user_id` = '7APFKG';
UPDATE `user_registration` SET total_downlines = total_downlines+1
WHERE `user_id` = 'Q2Q92Y';
UPDATE `user_registration` SET left_downlines = left_downlines+1
WHERE `user_id` = 'Q2Q92Y';
UPDATE `user_registration` SET total_downlines = total_downlines+1
WHERE `user_id` = 'E9ITRC';
UPDATE `user_registration` SET left_downlines = left_downlines+1
WHERE `user_id` = 'E9ITRC';
UPDATE `user_registration` SET total_downlines = total_downlines+1
WHERE `user_id` = '7COKBB';
UPDATE `user_registration` SET left_downlines = left_downlines+1
WHERE `user_id` = '7COKBB';
UPDATE `user_registration` SET total_downlines = total_downlines+1
WHERE `user_id` = 'BDNS17';
UPDATE `user_registration` SET left_downlines = left_downlines+1
WHERE `user_id` = 'BDNS17';
UPDATE `user_registration` SET total_downlines = total_downlines+1
WHERE `user_id` = '7ZXRRE';
UPDATE `user_registration` SET left_downlines = left_downlines+1
WHERE `user_id` = '7ZXRRE';
UPDATE `user_registration` SET total_downlines = total_downlines+1
WHERE `user_id` = 'KLRAF5';
UPDATE `user_registration` SET left_downlines = left_downlines+1
WHERE `user_id` = 'KLRAF5';
UPDATE `user_registration` SET total_downlines = total_downlines+1
WHERE `user_id` = 'IFJHZG';
UPDATE `user_registration` SET left_downlines = left_downlines+1
WHERE `user_id` = 'IFJHZG';
UPDATE `user_registration` SET total_downlines = total_downlines+1
WHERE `user_id` = 'MXUV8Q';
UPDATE `user_registration` SET left_downlines = left_downlines+1
WHERE `user_id` = 'MXUV8Q';
UPDATE `user_registration` SET total_downlines = total_downlines+1
WHERE `user_id` = 'GGM164';
UPDATE `user_registration` SET left_downlines = left_downlines+1
WHERE `user_id` = 'GGM164';
UPDATE `user_registration` SET total_downlines = total_downlines+1
WHERE `user_id` = '3NKIEX';
UPDATE `user_registration` SET left_downlines = left_downlines+1
WHERE `user_id` = '3NKIEX';
UPDATE `user_registration` SET total_downlines = total_downlines+1
WHERE `user_id` = 'S56TH3';
UPDATE `user_registration` SET left_downlines = left_downlines+1
WHERE `user_id` = 'S56TH3';
UPDATE `user_registration` SET total_downlines = total_downlines+1
WHERE `user_id` = 'XYG89U';
UPDATE `user_registration` SET left_downlines = left_downlines+1
WHERE `user_id` = 'XYG89U';
UPDATE `user_registration` SET total_downlines = total_downlines+1
WHERE `user_id` = 'HTFY93';
UPDATE `user_registration` SET left_downlines = left_downlines+1
WHERE `user_id` = 'HTFY93';
UPDATE `user_registration` SET total_downlines = total_downlines+1
WHERE `user_id` = '3PR393';
UPDATE `user_registration` SET left_downlines = left_downlines+1
WHERE `user_id` = '3PR393';
UPDATE `user_registration` SET total_downlines = total_downlines+1
WHERE `user_id` = 'T3MRY1';
UPDATE `user_registration` SET left_downlines = left_downlines+1
WHERE `user_id` = 'T3MRY1';
UPDATE `user_registration` SET total_downlines = total_downlines+1
WHERE `user_id` = 'GTMCCK';
UPDATE `user_registration` SET left_downlines = left_downlines+1
WHERE `user_id` = 'GTMCCK';
UPDATE `user_registration` SET total_downlines = total_downlines+1
WHERE `user_id` = 'DLYMIF';
UPDATE `user_registration` SET left_downlines = left_downlines+1
WHERE `user_id` = 'DLYMIF';
UPDATE `user_registration` SET total_downlines = total_downlines+1
WHERE `user_id` = 'WGJ5KE';
UPDATE `user_registration` SET left_downlines = left_downlines+1
WHERE `user_id` = 'WGJ5KE';
UPDATE `user_registration` SET total_downlines = total_downlines+1
WHERE `user_id` = 'ORRJ3M';
UPDATE `user_registration` SET left_downlines = left_downlines+1
WHERE `user_id` = 'ORRJ3M';
UPDATE `user_registration` SET total_downlines = total_downlines+1
WHERE `user_id` = 'AA8V6V';
UPDATE `user_registration` SET left_downlines = left_downlines+1
WHERE `user_id` = 'AA8V6V';
UPDATE `user_registration` SET total_downlines = total_downlines+1
WHERE `user_id` = '61ME4O';
UPDATE `user_registration` SET left_downlines = left_downlines+1
WHERE `user_id` = '61ME4O';
UPDATE `user_registration` SET total_downlines = total_downlines+1
WHERE `user_id` = 'WS1SZZ';
UPDATE `user_registration` SET left_downlines = left_downlines+1
WHERE `user_id` = 'WS1SZZ';
UPDATE `user_registration` SET total_downlines = total_downlines+1
WHERE `user_id` = 'TBN4MZ';
UPDATE `user_registration` SET left_downlines = left_downlines+1
WHERE `user_id` = 'TBN4MZ';
UPDATE `user_registration` SET total_downlines = total_downlines+1
WHERE `user_id` = 'OEMJ8R';
UPDATE `user_registration` SET left_downlines = left_downlines+1
WHERE `user_id` = 'OEMJ8R';
UPDATE `user_registration` SET total_downlines = total_downlines+1
WHERE `user_id` = 'FXAYIE';
UPDATE `user_registration` SET left_downlines = left_downlines+1
WHERE `user_id` = 'FXAYIE';
UPDATE `user_registration` SET total_downlines = total_downlines+1
WHERE `user_id` = 'ELXZWC';
UPDATE `user_registration` SET left_downlines = left_downlines+1
WHERE `user_id` = 'ELXZWC';
UPDATE `user_registration` SET total_downlines = total_downlines+1
WHERE `user_id` = 'C1TQVI';
UPDATE `user_registration` SET left_downlines = left_downlines+1
WHERE `user_id` = 'C1TQVI';
UPDATE `user_registration` SET total_downlines = total_downlines+1
WHERE `user_id` = 'F5GPDF';
UPDATE `user_registration` SET left_downlines = left_downlines+1
WHERE `user_id` = 'F5GPDF';
UPDATE `user_registration` SET total_downlines = total_downlines+1
WHERE `user_id` = '91PYDK';
UPDATE `user_registration` SET left_downlines = left_downlines+1
WHERE `user_id` = '91PYDK';
UPDATE `user_registration` SET total_downlines = total_downlines+1
WHERE `user_id` = '4OT7RX';
UPDATE `user_registration` SET left_downlines = left_downlines+1
WHERE `user_id` = '4OT7RX';
UPDATE `user_registration` SET total_downlines = total_downlines+1
WHERE `user_id` = 'ZJZA3M';
UPDATE `user_registration` SET left_downlines = left_downlines+1
WHERE `user_id` = 'ZJZA3M';
UPDATE `user_registration` SET total_downlines = total_downlines+1
WHERE `user_id` = 'XN6ETC';
UPDATE `user_registration` SET left_downlines = left_downlines+1
WHERE `user_id` = 'XN6ETC';
UPDATE `user_registration` SET total_downlines = total_downlines+1
WHERE `user_id` = 'KVQN1O';
UPDATE `user_registration` SET left_downlines = left_downlines+1
WHERE `user_id` = 'KVQN1O';
UPDATE `user_registration` SET total_downlines = total_downlines+1
WHERE `user_id` = 'X3V7DJ';
UPDATE `user_registration` SET left_downlines = left_downlines+1
WHERE `user_id` = 'X3V7DJ';
UPDATE `user_registration` SET total_downlines = total_downlines+1
WHERE `user_id` = 'DJ77NH';
UPDATE `user_registration` SET left_downlines = left_downlines+1
WHERE `user_id` = 'DJ77NH';
UPDATE `user_registration` SET total_downlines = total_downlines+1
WHERE `user_id` = 'PX7XCL';
UPDATE `user_registration` SET left_downlines = left_downlines+1
WHERE `user_id` = 'PX7XCL';
UPDATE `user_registration` SET total_downlines = total_downlines+1
WHERE `user_id` = 'L8PM4Z';
UPDATE `user_registration` SET left_downlines = left_downlines+1
WHERE `user_id` = 'L8PM4Z';
UPDATE `user_registration` SET total_downlines = total_downlines+1
WHERE `user_id` = 'GBSIER';
UPDATE `user_registration` SET left_downlines = left_downlines+1
WHERE `user_id` = 'GBSIER';
UPDATE `user_registration` SET total_downlines = total_downlines+1
WHERE `user_id` = 'AV48YQ';
UPDATE `user_registration` SET left_downlines = left_downlines+1
WHERE `user_id` = 'AV48YQ';
UPDATE `user_registration` SET total_downlines = total_downlines+1
WHERE `user_id` = 'admin';
UPDATE `user_registration` SET left_downlines = left_downlines+1
WHERE `user_id` = 'admin';
INSERT INTO `investment` (`invest_date`, `user_id`, `type`, `amount`, `package_id`) VALUES ('2024-09-26 18:41:49', 'YXNE4Z', 'register', '595', '2');
INSERT INTO `earnings` (`user_id`, `Purchaser_id`, `earning_type`, `package_id`, `amount`, `date`, `comments`, `invest_amount`, `comm_perc`, `level`, `rank_id`, `order_id`) VALUES ('JQ3FLF', 'YXNE4Z', 'Direct Referral Bonus', '2', '100', '2024-09-26 18:41:49', 'Direct Referral Bonus', 0, 0, 1, '', 322);
UPDATE `user_registration` SET commission_balance = ROUND(commission_balance + 100,2)
WHERE `user_id` = 'JQ3FLF';
INSERT INTO `earnings` (`user_id`, `Purchaser_id`, `earning_type`, `package_id`, `amount`, `date`, `comments`, `invest_amount`, `comm_perc`, `level`, `rank_id`, `order_id`) VALUES ('1FFFBU', 'YXNE4Z', 'Expansion Bonus', '2', 200, '2024-09-26 18:41:49', 'Expansion Bonus', '100', 0, 1, '', 322);
UPDATE `user_registration` SET commission_balance = ROUND(commission_balance + 200,2)
WHERE `user_id` = '1FFFBU';
INSERT INTO `matrix_filling` (`placement_id`, `downline_id`, `level`, `matrix`) VALUES ('5WVWL3', 'YXNE4Z', 1, 1);
UPDATE `bv_updation` SET right_carry = right_carry+50, total_right = total_right+50
WHERE `user_id` = '5WVWL3';
INSERT INTO `placement_bv_update_history` (`right_carry`, `date`, `from_id`, `user_id`) VALUES ('50', '2024-09-26 18:41:49', 'YXNE4Z', '5WVWL3');
INSERT INTO `matrix_filling` (`placement_id`, `downline_id`, `level`, `matrix`) VALUES ('XLBVMK', 'YXNE4Z', 2, 1);
UPDATE `bv_updation` SET right_carry = right_carry+50, total_right = total_right+50
WHERE `user_id` = 'XLBVMK';
INSERT INTO `placement_bv_update_history` (`right_carry`, `date`, `from_id`, `user_id`) VALUES ('50', '2024-09-26 18:41:49', 'YXNE4Z', 'XLBVMK');
INSERT INTO `matrix_filling` (`placement_id`, `downline_id`, `level`, `matrix`) VALUES ('DZT5SL', 'YXNE4Z', 3, 1);
UPDATE `bv_updation` SET right_carry = right_carry+50, total_right = total_right+50
WHERE `user_id` = 'DZT5SL';
INSERT INTO `placement_bv_update_history` (`right_carry`, `date`, `from_id`, `user_id`) VALUES ('50', '2024-09-26 18:41:49', 'YXNE4Z', 'DZT5SL');
INSERT INTO `matrix_filling` (`placement_id`, `downline_id`, `level`, `matrix`) VALUES ('GPTICC', 'YXNE4Z', 4, 1);
UPDATE `bv_updation` SET right_carry = right_carry+50, total_right = total_right+50
WHERE `user_id` = 'GPTICC';
INSERT INTO `placement_bv_update_history` (`right_carry`, `date`, `from_id`, `user_id`) VALUES ('50', '2024-09-26 18:41:49', 'YXNE4Z', 'GPTICC');
INSERT INTO `matrix_filling` (`placement_id`, `downline_id`, `level`, `matrix`) VALUES ('ZQ7IZT', 'YXNE4Z', 5, 1);
UPDATE `bv_updation` SET right_carry = right_carry+50, total_right = total_right+50
WHERE `user_id` = 'ZQ7IZT';
INSERT INTO `placement_bv_update_history` (`right_carry`, `date`, `from_id`, `user_id`) VALUES ('50', '2024-09-26 18:41:49', 'YXNE4Z', 'ZQ7IZT');
INSERT INTO `matrix_filling` (`placement_id`, `downline_id`, `level`, `matrix`) VALUES ('DYLY61', 'YXNE4Z', 6, 1);
UPDATE `bv_updation` SET right_carry = right_carry+50, total_right = total_right+50
WHERE `user_id` = 'DYLY61';
INSERT INTO `placement_bv_update_history` (`right_carry`, `date`, `from_id`, `user_id`) VALUES ('50', '2024-09-26 18:41:49', 'YXNE4Z', 'DYLY61');
INSERT INTO `matrix_filling` (`placement_id`, `downline_id`, `level`, `matrix`) VALUES ('T7NVYY', 'YXNE4Z', 7, 1);
UPDATE `bv_updation` SET right_carry = right_carry+50, total_right = total_right+50
WHERE `user_id` = 'T7NVYY';
INSERT INTO `placement_bv_update_history` (`right_carry`, `date`, `from_id`, `user_id`) VALUES ('50', '2024-09-26 18:41:49', 'YXNE4Z', 'T7NVYY');
INSERT INTO `matrix_filling` (`placement_id`, `downline_id`, `level`, `matrix`) VALUES ('YO5TK1', 'YXNE4Z', 8, 1);
UPDATE `bv_updation` SET right_carry = right_carry+50, total_right = total_right+50
WHERE `user_id` = 'YO5TK1';
INSERT INTO `placement_bv_update_history` (`right_carry`, `date`, `from_id`, `user_id`) VALUES ('50', '2024-09-26 18:41:49', 'YXNE4Z', 'YO5TK1');
INSERT INTO `matrix_filling` (`placement_id`, `downline_id`, `level`, `matrix`) VALUES ('HMIYLT', 'YXNE4Z', 9, 1);
UPDATE `bv_updation` SET right_carry = right_carry+50, total_right = total_right+50
WHERE `user_id` = 'HMIYLT';
INSERT INTO `placement_bv_update_history` (`right_carry`, `date`, `from_id`, `user_id`) VALUES ('50', '2024-09-26 18:41:49', 'YXNE4Z', 'HMIYLT');
INSERT INTO `matrix_filling` (`placement_id`, `downline_id`, `level`, `matrix`) VALUES ('JQ3FLF', 'YXNE4Z', 10, 1);
UPDATE `bv_updation` SET right_carry = right_carry+50, total_right = total_right+50
WHERE `user_id` = 'JQ3FLF';
INSERT INTO `placement_bv_update_history` (`right_carry`, `date`, `from_id`, `user_id`) VALUES ('50', '2024-09-26 18:41:49', 'YXNE4Z', 'JQ3FLF');
UPDATE `bv_updation` SET sponsor_right_carry = sponsor_right_carry+50, sponsor_total_right = sponsor_total_right+50
WHERE `user_id` = 'JQ3FLF';
INSERT INTO `sponsor_bv_update_history` (`right_carry`, `date`, `user_id`) VALUES ('50', '2024-09-26 18:41:49', 'JQ3FLF');
INSERT INTO `matrix_filling` (`placement_id`, `downline_id`, `level`, `matrix`) VALUES ('C3N32U', 'YXNE4Z', 11, 1);
UPDATE `bv_updation` SET left_carry = left_carry+50, total_left = total_left+50
WHERE `user_id` = 'C3N32U';
INSERT INTO `placement_bv_update_history` (`left_carry`, `date`, `from_id`, `user_id`) VALUES ('50', '2024-09-26 18:41:49', 'YXNE4Z', 'C3N32U');
INSERT INTO `matrix_filling` (`placement_id`, `downline_id`, `level`, `matrix`) VALUES ('MNLXPP', 'YXNE4Z', 12, 1);
UPDATE `bv_updation` SET left_carry = left_carry+50, total_left = total_left+50
WHERE `user_id` = 'MNLXPP';
INSERT INTO `placement_bv_update_history` (`left_carry`, `date`, `from_id`, `user_id`) VALUES ('50', '2024-09-26 18:41:49', 'YXNE4Z', 'MNLXPP');
INSERT INTO `matrix_filling` (`placement_id`, `downline_id`, `level`, `matrix`) VALUES ('NUPA4K', 'YXNE4Z', 13, 1);
UPDATE `bv_updation` SET left_carry = left_carry+50, total_left = total_left+50
WHERE `user_id` = 'NUPA4K';
INSERT INTO `placement_bv_update_history` (`left_carry`, `date`, `from_id`, `user_id`) VALUES ('50', '2024-09-26 18:41:49', 'YXNE4Z', 'NUPA4K');
INSERT INTO `matrix_filling` (`placement_id`, `downline_id`, `level`, `matrix`) VALUES ('1FFFBU', 'YXNE4Z', 14, 1);
UPDATE `bv_updation` SET left_carry = left_carry+50, total_left = total_left+50
WHERE `user_id` = '1FFFBU';
INSERT INTO `placement_bv_update_history` (`left_carry`, `date`, `from_id`, `user_id`) VALUES ('50', '2024-09-26 18:41:49', 'YXNE4Z', '1FFFBU');
INSERT INTO `matrix_filling` (`placement_id`, `downline_id`, `level`, `matrix`) VALUES ('J4CGUT', 'YXNE4Z', 15, 1);
UPDATE `bv_updation` SET left_carry = left_carry+50, total_left = total_left+50
WHERE `user_id` = 'J4CGUT';
INSERT INTO `placement_bv_update_history` (`left_carry`, `date`, `from_id`, `user_id`) VALUES ('50', '2024-09-26 18:41:49', 'YXNE4Z', 'J4CGUT');
INSERT INTO `matrix_filling` (`placement_id`, `downline_id`, `level`, `matrix`) VALUES ('S1RTX3', 'YXNE4Z', 16, 1);
UPDATE `bv_updation` SET left_carry = left_carry+50, total_left = total_left+50
WHERE `user_id` = 'S1RTX3';
INSERT INTO `placement_bv_update_history` (`left_carry`, `date`, `from_id`, `user_id`) VALUES ('50', '2024-09-26 18:41:49', 'YXNE4Z', 'S1RTX3');
INSERT INTO `matrix_filling` (`placement_id`, `downline_id`, `level`, `matrix`) VALUES ('I8YWQA', 'YXNE4Z', 17, 1);
UPDATE `bv_updation` SET left_carry = left_carry+50, total_left = total_left+50
WHERE `user_id` = 'I8YWQA';
INSERT INTO `placement_bv_update_history` (`left_carry`, `date`, `from_id`, `user_id`) VALUES ('50', '2024-09-26 18:41:49', 'YXNE4Z', 'I8YWQA');
INSERT INTO `matrix_filling` (`placement_id`, `downline_id`, `level`, `matrix`) VALUES ('I3MZBU', 'YXNE4Z', 18, 1);
UPDATE `bv_updation` SET left_carry = left_carry+50, total_left = total_left+50
WHERE `user_id` = 'I3MZBU';
INSERT INTO `placement_bv_update_history` (`left_carry`, `date`, `from_id`, `user_id`) VALUES ('50', '2024-09-26 18:41:49', 'YXNE4Z', 'I3MZBU');
INSERT INTO `matrix_filling` (`placement_id`, `downline_id`, `level`, `matrix`) VALUES ('H2I33O', 'YXNE4Z', 19, 1);
UPDATE `bv_updation` SET left_carry = left_carry+50, total_left = total_left+50
WHERE `user_id` = 'H2I33O';
INSERT INTO `placement_bv_update_history` (`left_carry`, `date`, `from_id`, `user_id`) VALUES ('50', '2024-09-26 18:41:49', 'YXNE4Z', 'H2I33O');
INSERT INTO `matrix_filling` (`placement_id`, `downline_id`, `level`, `matrix`) VALUES ('AL7XWH', 'YXNE4Z', 20, 1);
UPDATE `bv_updation` SET left_carry = left_carry+50, total_left = total_left+50
WHERE `user_id` = 'AL7XWH';
INSERT INTO `placement_bv_update_history` (`left_carry`, `date`, `from_id`, `user_id`) VALUES ('50', '2024-09-26 18:41:49', 'YXNE4Z', 'AL7XWH');
INSERT INTO `matrix_filling` (`placement_id`, `downline_id`, `level`, `matrix`) VALUES ('HFZ9SA', 'YXNE4Z', 21, 1);
UPDATE `bv_updation` SET left_carry = left_carry+50, total_left = total_left+50
WHERE `user_id` = 'HFZ9SA';
INSERT INTO `placement_bv_update_history` (`left_carry`, `date`, `from_id`, `user_id`) VALUES ('50', '2024-09-26 18:41:49', 'YXNE4Z', 'HFZ9SA');
INSERT INTO `matrix_filling` (`placement_id`, `downline_id`, `level`, `matrix`) VALUES ('A2MTZ3', 'YXNE4Z', 22, 1);
UPDATE `bv_updation` SET left_carry = left_carry+50, total_left = total_left+50
WHERE `user_id` = 'A2MTZ3';
INSERT INTO `placement_bv_update_history` (`left_carry`, `date`, `from_id`, `user_id`) VALUES ('50', '2024-09-26 18:41:49', 'YXNE4Z', 'A2MTZ3');
INSERT INTO `matrix_filling` (`placement_id`, `downline_id`, `level`, `matrix`) VALUES ('RUEKCW', 'YXNE4Z', 23, 1);
UPDATE `bv_updation` SET left_carry = left_carry+50, total_left = total_left+50
WHERE `user_id` = 'RUEKCW';
INSERT INTO `placement_bv_update_history` (`left_carry`, `date`, `from_id`, `user_id`) VALUES ('50', '2024-09-26 18:41:49', 'YXNE4Z', 'RUEKCW');
INSERT INTO `matrix_filling` (`placement_id`, `downline_id`, `level`, `matrix`) VALUES ('K3GTG4', 'YXNE4Z', 24, 1);
UPDATE `bv_updation` SET left_carry = left_carry+50, total_left = total_left+50
WHERE `user_id` = 'K3GTG4';
INSERT INTO `placement_bv_update_history` (`left_carry`, `date`, `from_id`, `user_id`) VALUES ('50', '2024-09-26 18:41:49', 'YXNE4Z', 'K3GTG4');
INSERT INTO `matrix_filling` (`placement_id`, `downline_id`, `level`, `matrix`) VALUES ('I1TUBN', 'YXNE4Z', 25, 1);
UPDATE `bv_updation` SET left_carry = left_carry+50, total_left = total_left+50
WHERE `user_id` = 'I1TUBN';
INSERT INTO `placement_bv_update_history` (`left_carry`, `date`, `from_id`, `user_id`) VALUES ('50', '2024-09-26 18:41:49', 'YXNE4Z', 'I1TUBN');
INSERT INTO `matrix_filling` (`placement_id`, `downline_id`, `level`, `matrix`) VALUES ('BAUCCU', 'YXNE4Z', 26, 1);
UPDATE `bv_updation` SET left_carry = left_carry+50, total_left = total_left+50
WHERE `user_id` = 'BAUCCU';
INSERT INTO `placement_bv_update_history` (`left_carry`, `date`, `from_id`, `user_id`) VALUES ('50', '2024-09-26 18:41:49', 'YXNE4Z', 'BAUCCU');
INSERT INTO `matrix_filling` (`placement_id`, `downline_id`, `level`, `matrix`) VALUES ('62QO97', 'YXNE4Z', 27, 1);
UPDATE `bv_updation` SET left_carry = left_carry+50, total_left = total_left+50
WHERE `user_id` = '62QO97';
INSERT INTO `placement_bv_update_history` (`left_carry`, `date`, `from_id`, `user_id`) VALUES ('50', '2024-09-26 18:41:49', 'YXNE4Z', '62QO97');
INSERT INTO `matrix_filling` (`placement_id`, `downline_id`, `level`, `matrix`) VALUES ('OHLQEO', 'YXNE4Z', 28, 1);
UPDATE `bv_updation` SET left_carry = left_carry+50, total_left = total_left+50
WHERE `user_id` = 'OHLQEO';
INSERT INTO `placement_bv_update_history` (`left_carry`, `date`, `from_id`, `user_id`) VALUES ('50', '2024-09-26 18:41:49', 'YXNE4Z', 'OHLQEO');
INSERT INTO `matrix_filling` (`placement_id`, `downline_id`, `level`, `matrix`) VALUES ('7APFKG', 'YXNE4Z', 29, 1);
UPDATE `bv_updation` SET left_carry = left_carry+50, total_left = total_left+50
WHERE `user_id` = '7APFKG';
INSERT INTO `placement_bv_update_history` (`left_carry`, `date`, `from_id`, `user_id`) VALUES ('50', '2024-09-26 18:41:49', 'YXNE4Z', '7APFKG');
INSERT INTO `matrix_filling` (`placement_id`, `downline_id`, `level`, `matrix`) VALUES ('Q2Q92Y', 'YXNE4Z', 30, 1);
UPDATE `bv_updation` SET left_carry = left_carry+50, total_left = total_left+50
WHERE `user_id` = 'Q2Q92Y';
INSERT INTO `placement_bv_update_history` (`left_carry`, `date`, `from_id`, `user_id`) VALUES ('50', '2024-09-26 18:41:49', 'YXNE4Z', 'Q2Q92Y');
INSERT INTO `matrix_filling` (`placement_id`, `downline_id`, `level`, `matrix`) VALUES ('E9ITRC', 'YXNE4Z', 31, 1);
UPDATE `bv_updation` SET left_carry = left_carry+50, total_left = total_left+50
WHERE `user_id` = 'E9ITRC';
INSERT INTO `placement_bv_update_history` (`left_carry`, `date`, `from_id`, `user_id`) VALUES ('50', '2024-09-26 18:41:49', 'YXNE4Z', 'E9ITRC');
INSERT INTO `matrix_filling` (`placement_id`, `downline_id`, `level`, `matrix`) VALUES ('7COKBB', 'YXNE4Z', 32, 1);
UPDATE `bv_updation` SET left_carry = left_carry+50, total_left = total_left+50
WHERE `user_id` = '7COKBB';
INSERT INTO `placement_bv_update_history` (`left_carry`, `date`, `from_id`, `user_id`) VALUES ('50', '2024-09-26 18:41:49', 'YXNE4Z', '7COKBB');
INSERT INTO `matrix_filling` (`placement_id`, `downline_id`, `level`, `matrix`) VALUES ('BDNS17', 'YXNE4Z', 33, 1);
UPDATE `bv_updation` SET left_carry = left_carry+50, total_left = total_left+50
WHERE `user_id` = 'BDNS17';
INSERT INTO `placement_bv_update_history` (`left_carry`, `date`, `from_id`, `user_id`) VALUES ('50', '2024-09-26 18:41:49', 'YXNE4Z', 'BDNS17');
INSERT INTO `matrix_filling` (`placement_id`, `downline_id`, `level`, `matrix`) VALUES ('7ZXRRE', 'YXNE4Z', 34, 1);
UPDATE `bv_updation` SET left_carry = left_carry+50, total_left = total_left+50
WHERE `user_id` = '7ZXRRE';
INSERT INTO `placement_bv_update_history` (`left_carry`, `date`, `from_id`, `user_id`) VALUES ('50', '2024-09-26 18:41:49', 'YXNE4Z', '7ZXRRE');
INSERT INTO `matrix_filling` (`placement_id`, `downline_id`, `level`, `matrix`) VALUES ('KLRAF5', 'YXNE4Z', 35, 1);
UPDATE `bv_updation` SET left_carry = left_carry+50, total_left = total_left+50
WHERE `user_id` = 'KLRAF5';
INSERT INTO `placement_bv_update_history` (`left_carry`, `date`, `from_id`, `user_id`) VALUES ('50', '2024-09-26 18:41:49', 'YXNE4Z', 'KLRAF5');
INSERT INTO `matrix_filling` (`placement_id`, `downline_id`, `level`, `matrix`) VALUES ('IFJHZG', 'YXNE4Z', 36, 1);
UPDATE `bv_updation` SET left_carry = left_carry+50, total_left = total_left+50
WHERE `user_id` = 'IFJHZG';
INSERT INTO `placement_bv_update_history` (`left_carry`, `date`, `from_id`, `user_id`) VALUES ('50', '2024-09-26 18:41:49', 'YXNE4Z', 'IFJHZG');
INSERT INTO `matrix_filling` (`placement_id`, `downline_id`, `level`, `matrix`) VALUES ('MXUV8Q', 'YXNE4Z', 37, 1);
UPDATE `bv_updation` SET left_carry = left_carry+50, total_left = total_left+50
WHERE `user_id` = 'MXUV8Q';
INSERT INTO `placement_bv_update_history` (`left_carry`, `date`, `from_id`, `user_id`) VALUES ('50', '2024-09-26 18:41:49', 'YXNE4Z', 'MXUV8Q');
INSERT INTO `matrix_filling` (`placement_id`, `downline_id`, `level`, `matrix`) VALUES ('GGM164', 'YXNE4Z', 38, 1);
UPDATE `bv_updation` SET left_carry = left_carry+50, total_left = total_left+50
WHERE `user_id` = 'GGM164';
INSERT INTO `placement_bv_update_history` (`left_carry`, `date`, `from_id`, `user_id`) VALUES ('50', '2024-09-26 18:41:49', 'YXNE4Z', 'GGM164');
INSERT INTO `matrix_filling` (`placement_id`, `downline_id`, `level`, `matrix`) VALUES ('3NKIEX', 'YXNE4Z', 39, 1);
UPDATE `bv_updation` SET left_carry = left_carry+50, total_left = total_left+50
WHERE `user_id` = '3NKIEX';
INSERT INTO `placement_bv_update_history` (`left_carry`, `date`, `from_id`, `user_id`) VALUES ('50', '2024-09-26 18:41:49', 'YXNE4Z', '3NKIEX');
INSERT INTO `matrix_filling` (`placement_id`, `downline_id`, `level`, `matrix`) VALUES ('S56TH3', 'YXNE4Z', 40, 1);
UPDATE `bv_updation` SET left_carry = left_carry+50, total_left = total_left+50
WHERE `user_id` = 'S56TH3';
INSERT INTO `placement_bv_update_history` (`left_carry`, `date`, `from_id`, `user_id`) VALUES ('50', '2024-09-26 18:41:49', 'YXNE4Z', 'S56TH3');
INSERT INTO `matrix_filling` (`placement_id`, `downline_id`, `level`, `matrix`) VALUES ('XYG89U', 'YXNE4Z', 41, 1);
UPDATE `bv_updation` SET left_carry = left_carry+50, total_left = total_left+50
WHERE `user_id` = 'XYG89U';
INSERT INTO `placement_bv_update_history` (`left_carry`, `date`, `from_id`, `user_id`) VALUES ('50', '2024-09-26 18:41:49', 'YXNE4Z', 'XYG89U');
INSERT INTO `matrix_filling` (`placement_id`, `downline_id`, `level`, `matrix`) VALUES ('HTFY93', 'YXNE4Z', 42, 1);
UPDATE `bv_updation` SET left_carry = left_carry+50, total_left = total_left+50
WHERE `user_id` = 'HTFY93';
INSERT INTO `placement_bv_update_history` (`left_carry`, `date`, `from_id`, `user_id`) VALUES ('50', '2024-09-26 18:41:49', 'YXNE4Z', 'HTFY93');
INSERT INTO `matrix_filling` (`placement_id`, `downline_id`, `level`, `matrix`) VALUES ('3PR393', 'YXNE4Z', 43, 1);
UPDATE `bv_updation` SET left_carry = left_carry+50, total_left = total_left+50
WHERE `user_id` = '3PR393';
INSERT INTO `placement_bv_update_history` (`left_carry`, `date`, `from_id`, `user_id`) VALUES ('50', '2024-09-26 18:41:49', 'YXNE4Z', '3PR393');
INSERT INTO `matrix_filling` (`placement_id`, `downline_id`, `level`, `matrix`) VALUES ('T3MRY1', 'YXNE4Z', 44, 1);
UPDATE `bv_updation` SET left_carry = left_carry+50, total_left = total_left+50
WHERE `user_id` = 'T3MRY1';
INSERT INTO `placement_bv_update_history` (`left_carry`, `date`, `from_id`, `user_id`) VALUES ('50', '2024-09-26 18:41:49', 'YXNE4Z', 'T3MRY1');
INSERT INTO `matrix_filling` (`placement_id`, `downline_id`, `level`, `matrix`) VALUES ('GTMCCK', 'YXNE4Z', 45, 1);
UPDATE `bv_updation` SET left_carry = left_carry+50, total_left = total_left+50
WHERE `user_id` = 'GTMCCK';
INSERT INTO `placement_bv_update_history` (`left_carry`, `date`, `from_id`, `user_id`) VALUES ('50', '2024-09-26 18:41:49', 'YXNE4Z', 'GTMCCK');
INSERT INTO `matrix_filling` (`placement_id`, `downline_id`, `level`, `matrix`) VALUES ('DLYMIF', 'YXNE4Z', 46, 1);
UPDATE `bv_updation` SET left_carry = left_carry+50, total_left = total_left+50
WHERE `user_id` = 'DLYMIF';
INSERT INTO `placement_bv_update_history` (`left_carry`, `date`, `from_id`, `user_id`) VALUES ('50', '2024-09-26 18:41:49', 'YXNE4Z', 'DLYMIF');
INSERT INTO `matrix_filling` (`placement_id`, `downline_id`, `level`, `matrix`) VALUES ('WGJ5KE', 'YXNE4Z', 47, 1);
UPDATE `bv_updation` SET left_carry = left_carry+50, total_left = total_left+50
WHERE `user_id` = 'WGJ5KE';
INSERT INTO `placement_bv_update_history` (`left_carry`, `date`, `from_id`, `user_id`) VALUES ('50', '2024-09-26 18:41:49', 'YXNE4Z', 'WGJ5KE');
INSERT INTO `matrix_filling` (`placement_id`, `downline_id`, `level`, `matrix`) VALUES ('ORRJ3M', 'YXNE4Z', 48, 1);
UPDATE `bv_updation` SET left_carry = left_carry+50, total_left = total_left+50
WHERE `user_id` = 'ORRJ3M';
INSERT INTO `placement_bv_update_history` (`left_carry`, `date`, `from_id`, `user_id`) VALUES ('50', '2024-09-26 18:41:49', 'YXNE4Z', 'ORRJ3M');
INSERT INTO `matrix_filling` (`placement_id`, `downline_id`, `level`, `matrix`) VALUES ('AA8V6V', 'YXNE4Z', 49, 1);
UPDATE `bv_updation` SET left_carry = left_carry+50, total_left = total_left+50
WHERE `user_id` = 'AA8V6V';
INSERT INTO `placement_bv_update_history` (`left_carry`, `date`, `from_id`, `user_id`) VALUES ('50', '2024-09-26 18:41:49', 'YXNE4Z', 'AA8V6V');
INSERT INTO `matrix_filling` (`placement_id`, `downline_id`, `level`, `matrix`) VALUES ('61ME4O', 'YXNE4Z', 50, 1);
UPDATE `bv_updation` SET left_carry = left_carry+50, total_left = total_left+50
WHERE `user_id` = '61ME4O';
INSERT INTO `placement_bv_update_history` (`left_carry`, `date`, `from_id`, `user_id`) VALUES ('50', '2024-09-26 18:41:49', 'YXNE4Z', '61ME4O');
INSERT INTO `matrix_filling` (`placement_id`, `downline_id`, `level`, `matrix`) VALUES ('WS1SZZ', 'YXNE4Z', 51, 1);
UPDATE `bv_updation` SET left_carry = left_carry+50, total_left = total_left+50
WHERE `user_id` = 'WS1SZZ';
INSERT INTO `placement_bv_update_history` (`left_carry`, `date`, `from_id`, `user_id`) VALUES ('50', '2024-09-26 18:41:49', 'YXNE4Z', 'WS1SZZ');
INSERT INTO `matrix_filling` (`placement_id`, `downline_id`, `level`, `matrix`) VALUES ('TBN4MZ', 'YXNE4Z', 52, 1);
UPDATE `bv_updation` SET left_carry = left_carry+50, total_left = total_left+50
WHERE `user_id` = 'TBN4MZ';
INSERT INTO `placement_bv_update_history` (`left_carry`, `date`, `from_id`, `user_id`) VALUES ('50', '2024-09-26 18:41:49', 'YXNE4Z', 'TBN4MZ');
INSERT INTO `matrix_filling` (`placement_id`, `downline_id`, `level`, `matrix`) VALUES ('OEMJ8R', 'YXNE4Z', 53, 1);
UPDATE `bv_updation` SET left_carry = left_carry+50, total_left = total_left+50
WHERE `user_id` = 'OEMJ8R';
INSERT INTO `placement_bv_update_history` (`left_carry`, `date`, `from_id`, `user_id`) VALUES ('50', '2024-09-26 18:41:49', 'YXNE4Z', 'OEMJ8R');
INSERT INTO `matrix_filling` (`placement_id`, `downline_id`, `level`, `matrix`) VALUES ('FXAYIE', 'YXNE4Z', 54, 1);
UPDATE `bv_updation` SET left_carry = left_carry+50, total_left = total_left+50
WHERE `user_id` = 'FXAYIE';
INSERT INTO `placement_bv_update_history` (`left_carry`, `date`, `from_id`, `user_id`) VALUES ('50', '2024-09-26 18:41:49', 'YXNE4Z', 'FXAYIE');
INSERT INTO `matrix_filling` (`placement_id`, `downline_id`, `level`, `matrix`) VALUES ('ELXZWC', 'YXNE4Z', 55, 1);
UPDATE `bv_updation` SET left_carry = left_carry+50, total_left = total_left+50
WHERE `user_id` = 'ELXZWC';
INSERT INTO `placement_bv_update_history` (`left_carry`, `date`, `from_id`, `user_id`) VALUES ('50', '2024-09-26 18:41:49', 'YXNE4Z', 'ELXZWC');
INSERT INTO `matrix_filling` (`placement_id`, `downline_id`, `level`, `matrix`) VALUES ('C1TQVI', 'YXNE4Z', 56, 1);
UPDATE `bv_updation` SET left_carry = left_carry+50, total_left = total_left+50
WHERE `user_id` = 'C1TQVI';
INSERT INTO `placement_bv_update_history` (`left_carry`, `date`, `from_id`, `user_id`) VALUES ('50', '2024-09-26 18:41:49', 'YXNE4Z', 'C1TQVI');
INSERT INTO `matrix_filling` (`placement_id`, `downline_id`, `level`, `matrix`) VALUES ('F5GPDF', 'YXNE4Z', 57, 1);
UPDATE `bv_updation` SET left_carry = left_carry+50, total_left = total_left+50
WHERE `user_id` = 'F5GPDF';
INSERT INTO `placement_bv_update_history` (`left_carry`, `date`, `from_id`, `user_id`) VALUES ('50', '2024-09-26 18:41:49', 'YXNE4Z', 'F5GPDF');
INSERT INTO `matrix_filling` (`placement_id`, `downline_id`, `level`, `matrix`) VALUES ('91PYDK', 'YXNE4Z', 58, 1);
UPDATE `bv_updation` SET left_carry = left_carry+50, total_left = total_left+50
WHERE `user_id` = '91PYDK';
INSERT INTO `placement_bv_update_history` (`left_carry`, `date`, `from_id`, `user_id`) VALUES ('50', '2024-09-26 18:41:49', 'YXNE4Z', '91PYDK');
INSERT INTO `matrix_filling` (`placement_id`, `downline_id`, `level`, `matrix`) VALUES ('4OT7RX', 'YXNE4Z', 59, 1);
UPDATE `bv_updation` SET left_carry = left_carry+50, total_left = total_left+50
WHERE `user_id` = '4OT7RX';
INSERT INTO `placement_bv_update_history` (`left_carry`, `date`, `from_id`, `user_id`) VALUES ('50', '2024-09-26 18:41:49', 'YXNE4Z', '4OT7RX');
INSERT INTO `matrix_filling` (`placement_id`, `downline_id`, `level`, `matrix`) VALUES ('ZJZA3M', 'YXNE4Z', 60, 1);
UPDATE `bv_updation` SET left_carry = left_carry+50, total_left = total_left+50
WHERE `user_id` = 'ZJZA3M';
INSERT INTO `placement_bv_update_history` (`left_carry`, `date`, `from_id`, `user_id`) VALUES ('50', '2024-09-26 18:41:49', 'YXNE4Z', 'ZJZA3M');
INSERT INTO `matrix_filling` (`placement_id`, `downline_id`, `level`, `matrix`) VALUES ('XN6ETC', 'YXNE4Z', 61, 1);
UPDATE `bv_updation` SET left_carry = left_carry+50, total_left = total_left+50
WHERE `user_id` = 'XN6ETC';
INSERT INTO `placement_bv_update_history` (`left_carry`, `date`, `from_id`, `user_id`) VALUES ('50', '2024-09-26 18:41:49', 'YXNE4Z', 'XN6ETC');
INSERT INTO `matrix_filling` (`placement_id`, `downline_id`, `level`, `matrix`) VALUES ('KVQN1O', 'YXNE4Z', 62, 1);
UPDATE `bv_updation` SET left_carry = left_carry+50, total_left = total_left+50
WHERE `user_id` = 'KVQN1O';
INSERT INTO `placement_bv_update_history` (`left_carry`, `date`, `from_id`, `user_id`) VALUES ('50', '2024-09-26 18:41:49', 'YXNE4Z', 'KVQN1O');
INSERT INTO `matrix_filling` (`placement_id`, `downline_id`, `level`, `matrix`) VALUES ('X3V7DJ', 'YXNE4Z', 63, 1);
UPDATE `bv_updation` SET left_carry = left_carry+50, total_left = total_left+50
WHERE `user_id` = 'X3V7DJ';
INSERT INTO `placement_bv_update_history` (`left_carry`, `date`, `from_id`, `user_id`) VALUES ('50', '2024-09-26 18:41:49', 'YXNE4Z', 'X3V7DJ');
INSERT INTO `matrix_filling` (`placement_id`, `downline_id`, `level`, `matrix`) VALUES ('DJ77NH', 'YXNE4Z', 64, 1);
UPDATE `bv_updation` SET left_carry = left_carry+50, total_left = total_left+50
WHERE `user_id` = 'DJ77NH';
INSERT INTO `placement_bv_update_history` (`left_carry`, `date`, `from_id`, `user_id`) VALUES ('50', '2024-09-26 18:41:49', 'YXNE4Z', 'DJ77NH');
INSERT INTO `matrix_filling` (`placement_id`, `downline_id`, `level`, `matrix`) VALUES ('PX7XCL', 'YXNE4Z', 65, 1);
UPDATE `bv_updation` SET left_carry = left_carry+50, total_left = total_left+50
WHERE `user_id` = 'PX7XCL';
INSERT INTO `placement_bv_update_history` (`left_carry`, `date`, `from_id`, `user_id`) VALUES ('50', '2024-09-26 18:41:49', 'YXNE4Z', 'PX7XCL');
INSERT INTO `matrix_filling` (`placement_id`, `downline_id`, `level`, `matrix`) VALUES ('L8PM4Z', 'YXNE4Z', 66, 1);
UPDATE `bv_updation` SET left_carry = left_carry+50, total_left = total_left+50
WHERE `user_id` = 'L8PM4Z';
INSERT INTO `placement_bv_update_history` (`left_carry`, `date`, `from_id`, `user_id`) VALUES ('50', '2024-09-26 18:41:49', 'YXNE4Z', 'L8PM4Z');
INSERT INTO `matrix_filling` (`placement_id`, `downline_id`, `level`, `matrix`) VALUES ('GBSIER', 'YXNE4Z', 67, 1);
UPDATE `bv_updation` SET left_carry = left_carry+50, total_left = total_left+50
WHERE `user_id` = 'GBSIER';
INSERT INTO `placement_bv_update_history` (`left_carry`, `date`, `from_id`, `user_id`) VALUES ('50', '2024-09-26 18:41:49', 'YXNE4Z', 'GBSIER');
INSERT INTO `matrix_filling` (`placement_id`, `downline_id`, `level`, `matrix`) VALUES ('AV48YQ', 'YXNE4Z', 68, 1);
UPDATE `bv_updation` SET left_carry = left_carry+50, total_left = total_left+50
WHERE `user_id` = 'AV48YQ';
INSERT INTO `placement_bv_update_history` (`left_carry`, `date`, `from_id`, `user_id`) VALUES ('50', '2024-09-26 18:41:49', 'YXNE4Z', 'AV48YQ');
INSERT INTO `matrix_filling` (`placement_id`, `downline_id`, `level`, `matrix`) VALUES ('admin', 'YXNE4Z', 69, 1);
INSERT INTO `package_purchase_history` (`user_id`, `package_id`, `reg_fee`, `package_name`, `monthly_fee`, `type`, `date`, `payment_option`) VALUES ('YXNE4Z', '2', '595', 'Traveler Pro', '150', 'sign_up', '2024-09-26 18:41:49', 'free');
UPDATE `user_registration` SET `uid` = '2948', `user_id` = 'LOYA7U', `username` = 'charlesito7', `sponsor_id` = 'Z34OQI', `vacant` = 'no', `f_name` = 'Charles', `l_name` = 'Asnavour', `address` = '6520 Kendale Lakes Dr', `position` = 'left', `email` = 'charlesito7@gmail.com', `password` = '778f8f15191d9b1b3c9eba2d534cce07', `phone` = '3057610606', `country` = 'United States', `state` = 'Florida', `city` = 'Miami', `street` = '6520 Kendale Lakes Dr', `zip_code` = '33183', `reg_ip` = '172.70.82.254', `status` = 1, `package_id` = '2', `rank_id` = 1, `highest_rank` = 1, `created` = '2024-09-26 18:42:14', `subscription_date` = '2024-10-26', `google_secret` = 'FFG6Y434FKTLTTEI'
WHERE `uid` = '2948';
INSERT INTO `user_registration` (`uid`, `user_id`, `username`, `sponsor_id`, `placement_id`, `vacant`, `f_name`, `l_name`, `address`, `position`, `email`, `password`, `phone`, `reg_ip`, `status`, `created`) VALUES (NULL, 'KLMXGI', 'UJNOhnfX', 'LOYA7U', 'LOYA7U', 'yes', '', '', '', 'left', '@mail.com', '', '', '', 0, '2024-09-26 18:42:14');
INSERT INTO `user_registration` (`uid`, `user_id`, `username`, `sponsor_id`, `placement_id`, `vacant`, `f_name`, `l_name`, `address`, `position`, `email`, `password`, `phone`, `reg_ip`, `status`, `created`) VALUES (NULL, 'FMFRJR', 'vegBLivA', 'LOYA7U', 'LOYA7U', 'yes', '', '', '', 'right', '@mail.com', '', '', '', 0, '2024-09-26 18:42:14');
INSERT INTO `bv_updation` (`user_id`) VALUES ('LOYA7U');
UPDATE `user_registration` SET total_ref_count = total_ref_count+1
WHERE `user_id` = 'Z34OQI';
UPDATE `user_registration` SET total_downlines = total_downlines+1
WHERE `user_id` = 'M66HM9';
UPDATE `user_registration` SET left_downlines = left_downlines+1
WHERE `user_id` = 'M66HM9';
UPDATE `user_registration` SET total_downlines = total_downlines+1
WHERE `user_id` = 'GCVMBV';
UPDATE `user_registration` SET left_downlines = left_downlines+1
WHERE `user_id` = 'GCVMBV';
UPDATE `user_registration` SET total_downlines = total_downlines+1
WHERE `user_id` = 'V6438E';
UPDATE `user_registration` SET left_downlines = left_downlines+1
WHERE `user_id` = 'V6438E';
UPDATE `user_registration` SET total_downlines = total_downlines+1
WHERE `user_id` = 'F2RMFL';
UPDATE `user_registration` SET left_downlines = left_downlines+1
WHERE `user_id` = 'F2RMFL';
UPDATE `user_registration` SET total_downlines = total_downlines+1
WHERE `user_id` = 'GHWQ7D';
UPDATE `user_registration` SET left_downlines = left_downlines+1
WHERE `user_id` = 'GHWQ7D';
UPDATE `user_registration` SET total_downlines = total_downlines+1
WHERE `user_id` = 'Z34OQI';
UPDATE `user_registration` SET left_downlines = left_downlines+1
WHERE `user_id` = 'Z34OQI';
UPDATE `user_registration` SET left_ref_count = left_ref_count+1
WHERE `user_id` = 'Z34OQI';
UPDATE `user_registration` SET active_left = active_left+1
WHERE `user_id` = 'Z34OQI';
UPDATE `user_registration` SET total_downlines = total_downlines+1
WHERE `user_id` = '5K7DS2';
UPDATE `user_registration` SET right_downlines = right_downlines+1
WHERE `user_id` = '5K7DS2';
UPDATE `user_registration` SET total_downlines = total_downlines+1
WHERE `user_id` = 'HI62BI';
UPDATE `user_registration` SET right_downlines = right_downlines+1
WHERE `user_id` = 'HI62BI';
UPDATE `user_registration` SET total_downlines = total_downlines+1
WHERE `user_id` = '1FFFBU';
UPDATE `user_registration` SET right_downlines = right_downlines+1
WHERE `user_id` = '1FFFBU';
UPDATE `user_registration` SET total_downlines = total_downlines+1
WHERE `user_id` = 'J4CGUT';
UPDATE `user_registration` SET left_downlines = left_downlines+1
WHERE `user_id` = 'J4CGUT';
UPDATE `user_registration` SET total_downlines = total_downlines+1
WHERE `user_id` = 'S1RTX3';
UPDATE `user_registration` SET left_downlines = left_downlines+1
WHERE `user_id` = 'S1RTX3';
UPDATE `user_registration` SET total_downlines = total_downlines+1
WHERE `user_id` = 'I8YWQA';
UPDATE `user_registration` SET left_downlines = left_downlines+1
WHERE `user_id` = 'I8YWQA';
UPDATE `user_registration` SET total_downlines = total_downlines+1
WHERE `user_id` = 'I3MZBU';
UPDATE `user_registration` SET left_downlines = left_downlines+1
WHERE `user_id` = 'I3MZBU';
UPDATE `user_registration` SET total_downlines = total_downlines+1
WHERE `user_id` = 'H2I33O';
UPDATE `user_registration` SET left_downlines = left_downlines+1
WHERE `user_id` = 'H2I33O';
UPDATE `user_registration` SET total_downlines = total_downlines+1
WHERE `user_id` = 'AL7XWH';
UPDATE `user_registration` SET left_downlines = left_downlines+1
WHERE `user_id` = 'AL7XWH';
UPDATE `user_registration` SET total_downlines = total_downlines+1
WHERE `user_id` = 'HFZ9SA';
UPDATE `user_registration` SET left_downlines = left_downlines+1
WHERE `user_id` = 'HFZ9SA';
UPDATE `user_registration` SET total_downlines = total_downlines+1
WHERE `user_id` = 'A2MTZ3';
UPDATE `user_registration` SET left_downlines = left_downlines+1
WHERE `user_id` = 'A2MTZ3';
UPDATE `user_registration` SET total_downlines = total_downlines+1
WHERE `user_id` = 'RUEKCW';
UPDATE `user_registration` SET left_downlines = left_downlines+1
WHERE `user_id` = 'RUEKCW';
UPDATE `user_registration` SET total_downlines = total_downlines+1
WHERE `user_id` = 'K3GTG4';
UPDATE `user_registration` SET left_downlines = left_downlines+1
WHERE `user_id` = 'K3GTG4';
UPDATE `user_registration` SET total_downlines = total_downlines+1
WHERE `user_id` = 'I1TUBN';
UPDATE `user_registration` SET left_downlines = left_downlines+1
WHERE `user_id` = 'I1TUBN';
UPDATE `user_registration` SET total_downlines = total_downlines+1
WHERE `user_id` = 'BAUCCU';
UPDATE `user_registration` SET left_downlines = left_downlines+1
WHERE `user_id` = 'BAUCCU';
UPDATE `user_registration` SET total_downlines = total_downlines+1
WHERE `user_id` = '62QO97';
UPDATE `user_registration` SET left_downlines = left_downlines+1
WHERE `user_id` = '62QO97';
UPDATE `user_registration` SET total_downlines = total_downlines+1
WHERE `user_id` = 'OHLQEO';
UPDATE `user_registration` SET left_downlines = left_downlines+1
WHERE `user_id` = 'OHLQEO';
UPDATE `user_registration` SET total_downlines = total_downlines+1
WHERE `user_id` = '7APFKG';
UPDATE `user_registration` SET left_downlines = left_downlines+1
WHERE `user_id` = '7APFKG';
UPDATE `user_registration` SET total_downlines = total_downlines+1
WHERE `user_id` = 'Q2Q92Y';
UPDATE `user_registration` SET left_downlines = left_downlines+1
WHERE `user_id` = 'Q2Q92Y';
UPDATE `user_registration` SET total_downlines = total_downlines+1
WHERE `user_id` = 'E9ITRC';
UPDATE `user_registration` SET left_downlines = left_downlines+1
WHERE `user_id` = 'E9ITRC';
UPDATE `user_registration` SET total_downlines = total_downlines+1
WHERE `user_id` = '7COKBB';
UPDATE `user_registration` SET left_downlines = left_downlines+1
WHERE `user_id` = '7COKBB';
UPDATE `user_registration` SET total_downlines = total_downlines+1
WHERE `user_id` = 'BDNS17';
UPDATE `user_registration` SET left_downlines = left_downlines+1
WHERE `user_id` = 'BDNS17';
UPDATE `user_registration` SET total_downlines = total_downlines+1
WHERE `user_id` = '7ZXRRE';
UPDATE `user_registration` SET left_downlines = left_downlines+1
WHERE `user_id` = '7ZXRRE';
UPDATE `user_registration` SET total_downlines = total_downlines+1
WHERE `user_id` = 'KLRAF5';
UPDATE `user_registration` SET left_downlines = left_downlines+1
WHERE `user_id` = 'KLRAF5';
UPDATE `user_registration` SET total_downlines = total_downlines+1
WHERE `user_id` = 'IFJHZG';
UPDATE `user_registration` SET left_downlines = left_downlines+1
WHERE `user_id` = 'IFJHZG';
UPDATE `user_registration` SET total_downlines = total_downlines+1
WHERE `user_id` = 'MXUV8Q';
UPDATE `user_registration` SET left_downlines = left_downlines+1
WHERE `user_id` = 'MXUV8Q';
UPDATE `user_registration` SET total_downlines = total_downlines+1
WHERE `user_id` = 'GGM164';
UPDATE `user_registration` SET left_downlines = left_downlines+1
WHERE `user_id` = 'GGM164';
UPDATE `user_registration` SET total_downlines = total_downlines+1
WHERE `user_id` = '3NKIEX';
UPDATE `user_registration` SET left_downlines = left_downlines+1
WHERE `user_id` = '3NKIEX';
UPDATE `user_registration` SET total_downlines = total_downlines+1
WHERE `user_id` = 'S56TH3';
UPDATE `user_registration` SET left_downlines = left_downlines+1
WHERE `user_id` = 'S56TH3';
UPDATE `user_registration` SET total_downlines = total_downlines+1
WHERE `user_id` = 'XYG89U';
UPDATE `user_registration` SET left_downlines = left_downlines+1
WHERE `user_id` = 'XYG89U';
UPDATE `user_registration` SET total_downlines = total_downlines+1
WHERE `user_id` = 'HTFY93';
UPDATE `user_registration` SET left_downlines = left_downlines+1
WHERE `user_id` = 'HTFY93';
UPDATE `user_registration` SET total_downlines = total_downlines+1
WHERE `user_id` = '3PR393';
UPDATE `user_registration` SET left_downlines = left_downlines+1
WHERE `user_id` = '3PR393';
UPDATE `user_registration` SET total_downlines = total_downlines+1
WHERE `user_id` = 'T3MRY1';
UPDATE `user_registration` SET left_downlines = left_downlines+1
WHERE `user_id` = 'T3MRY1';
UPDATE `user_registration` SET total_downlines = total_downlines+1
WHERE `user_id` = 'GTMCCK';
UPDATE `user_registration` SET left_downlines = left_downlines+1
WHERE `user_id` = 'GTMCCK';
UPDATE `user_registration` SET total_downlines = total_downlines+1
WHERE `user_id` = 'DLYMIF';
UPDATE `user_registration` SET left_downlines = left_downlines+1
WHERE `user_id` = 'DLYMIF';
UPDATE `user_registration` SET total_downlines = total_downlines+1
WHERE `user_id` = 'WGJ5KE';
UPDATE `user_registration` SET left_downlines = left_downlines+1
WHERE `user_id` = 'WGJ5KE';
UPDATE `user_registration` SET total_downlines = total_downlines+1
WHERE `user_id` = 'ORRJ3M';
UPDATE `user_registration` SET left_downlines = left_downlines+1
WHERE `user_id` = 'ORRJ3M';
UPDATE `user_registration` SET total_downlines = total_downlines+1
WHERE `user_id` = 'AA8V6V';
UPDATE `user_registration` SET left_downlines = left_downlines+1
WHERE `user_id` = 'AA8V6V';
UPDATE `user_registration` SET total_downlines = total_downlines+1
WHERE `user_id` = '61ME4O';
UPDATE `user_registration` SET left_downlines = left_downlines+1
WHERE `user_id` = '61ME4O';
UPDATE `user_registration` SET total_downlines = total_downlines+1
WHERE `user_id` = 'WS1SZZ';
UPDATE `user_registration` SET left_downlines = left_downlines+1
WHERE `user_id` = 'WS1SZZ';
UPDATE `user_registration` SET total_downlines = total_downlines+1
WHERE `user_id` = 'TBN4MZ';
UPDATE `user_registration` SET left_downlines = left_downlines+1
WHERE `user_id` = 'TBN4MZ';
UPDATE `user_registration` SET total_downlines = total_downlines+1
WHERE `user_id` = 'OEMJ8R';
UPDATE `user_registration` SET left_downlines = left_downlines+1
WHERE `user_id` = 'OEMJ8R';
UPDATE `user_registration` SET total_downlines = total_downlines+1
WHERE `user_id` = 'FXAYIE';
UPDATE `user_registration` SET left_downlines = left_downlines+1
WHERE `user_id` = 'FXAYIE';
UPDATE `user_registration` SET total_downlines = total_downlines+1
WHERE `user_id` = 'ELXZWC';
UPDATE `user_registration` SET left_downlines = left_downlines+1
WHERE `user_id` = 'ELXZWC';
UPDATE `user_registration` SET total_downlines = total_downlines+1
WHERE `user_id` = 'C1TQVI';
UPDATE `user_registration` SET left_downlines = left_downlines+1
WHERE `user_id` = 'C1TQVI';
UPDATE `user_registration` SET total_downlines = total_downlines+1
WHERE `user_id` = 'F5GPDF';
UPDATE `user_registration` SET left_downlines = left_downlines+1
WHERE `user_id` = 'F5GPDF';
UPDATE `user_registration` SET total_downlines = total_downlines+1
WHERE `user_id` = '91PYDK';
UPDATE `user_registration` SET left_downlines = left_downlines+1
WHERE `user_id` = '91PYDK';
UPDATE `user_registration` SET total_downlines = total_downlines+1
WHERE `user_id` = '4OT7RX';
UPDATE `user_registration` SET left_downlines = left_downlines+1
WHERE `user_id` = '4OT7RX';
UPDATE `user_registration` SET total_downlines = total_downlines+1
WHERE `user_id` = 'ZJZA3M';
UPDATE `user_registration` SET left_downlines = left_downlines+1
WHERE `user_id` = 'ZJZA3M';
UPDATE `user_registration` SET total_downlines = total_downlines+1
WHERE `user_id` = 'XN6ETC';
UPDATE `user_registration` SET left_downlines = left_downlines+1
WHERE `user_id` = 'XN6ETC';
UPDATE `user_registration` SET total_downlines = total_downlines+1
WHERE `user_id` = 'KVQN1O';
UPDATE `user_registration` SET left_downlines = left_downlines+1
WHERE `user_id` = 'KVQN1O';
UPDATE `user_registration` SET total_downlines = total_downlines+1
WHERE `user_id` = 'X3V7DJ';
UPDATE `user_registration` SET left_downlines = left_downlines+1
WHERE `user_id` = 'X3V7DJ';
UPDATE `user_registration` SET total_downlines = total_downlines+1
WHERE `user_id` = 'DJ77NH';
UPDATE `user_registration` SET left_downlines = left_downlines+1
WHERE `user_id` = 'DJ77NH';
UPDATE `user_registration` SET total_downlines = total_downlines+1
WHERE `user_id` = 'PX7XCL';
UPDATE `user_registration` SET left_downlines = left_downlines+1
WHERE `user_id` = 'PX7XCL';
UPDATE `user_registration` SET total_downlines = total_downlines+1
WHERE `user_id` = 'L8PM4Z';
UPDATE `user_registration` SET left_downlines = left_downlines+1
WHERE `user_id` = 'L8PM4Z';
UPDATE `user_registration` SET total_downlines = total_downlines+1
WHERE `user_id` = 'GBSIER';
UPDATE `user_registration` SET left_downlines = left_downlines+1
WHERE `user_id` = 'GBSIER';
UPDATE `user_registration` SET total_downlines = total_downlines+1
WHERE `user_id` = 'AV48YQ';
UPDATE `user_registration` SET left_downlines = left_downlines+1
WHERE `user_id` = 'AV48YQ';
UPDATE `user_registration` SET total_downlines = total_downlines+1
WHERE `user_id` = 'admin';
UPDATE `user_registration` SET left_downlines = left_downlines+1
WHERE `user_id` = 'admin';
INSERT INTO `investment` (`invest_date`, `user_id`, `type`, `amount`, `package_id`) VALUES ('2024-09-26 18:42:15', 'LOYA7U', 'register', '595', '2');
INSERT INTO `earnings` (`user_id`, `Purchaser_id`, `earning_type`, `package_id`, `amount`, `date`, `comments`, `invest_amount`, `comm_perc`, `level`, `rank_id`, `order_id`) VALUES ('Z34OQI', 'LOYA7U', 'Direct Referral Bonus', '2', '100', '2024-09-26 18:42:15', 'Direct Referral Bonus', 0, 0, 1, '', 323);
UPDATE `user_registration` SET commission_balance = ROUND(commission_balance + 100,2)
WHERE `user_id` = 'Z34OQI';
INSERT INTO `earnings` (`user_id`, `Purchaser_id`, `earning_type`, `package_id`, `amount`, `date`, `comments`, `invest_amount`, `comm_perc`, `level`, `rank_id`, `order_id`) VALUES ('HI62BI', 'LOYA7U', 'Expansion Bonus', '2', 100, '2024-09-26 18:42:15', 'Expansion Bonus', '100', 0, 1, '', 323);
UPDATE `user_registration` SET commission_balance = ROUND(commission_balance + 100,2)
WHERE `user_id` = 'HI62BI';
INSERT INTO `earnings` (`user_id`, `Purchaser_id`, `earning_type`, `package_id`, `amount`, `date`, `comments`, `invest_amount`, `comm_perc`, `level`, `rank_id`, `order_id`) VALUES ('1FFFBU', 'LOYA7U', 'Expansion Bonus', '2', 100, '2024-09-26 18:42:15', 'Expansion Bonus', 200, 0, 1, '', 323);
UPDATE `user_registration` SET commission_balance = ROUND(commission_balance + 100,2)
WHERE `user_id` = '1FFFBU';
INSERT INTO `matrix_filling` (`placement_id`, `downline_id`, `level`, `matrix`) VALUES ('M66HM9', 'LOYA7U', 1, 1);
UPDATE `bv_updation` SET left_carry = left_carry+50, total_left = total_left+50
WHERE `user_id` = 'M66HM9';
INSERT INTO `placement_bv_update_history` (`left_carry`, `date`, `from_id`, `user_id`) VALUES ('50', '2024-09-26 18:42:15', 'LOYA7U', 'M66HM9');
INSERT INTO `matrix_filling` (`placement_id`, `downline_id`, `level`, `matrix`) VALUES ('GCVMBV', 'LOYA7U', 2, 1);
UPDATE `bv_updation` SET left_carry = left_carry+50, total_left = total_left+50
WHERE `user_id` = 'GCVMBV';
INSERT INTO `placement_bv_update_history` (`left_carry`, `date`, `from_id`, `user_id`) VALUES ('50', '2024-09-26 18:42:15', 'LOYA7U', 'GCVMBV');
INSERT INTO `matrix_filling` (`placement_id`, `downline_id`, `level`, `matrix`) VALUES ('V6438E', 'LOYA7U', 3, 1);
UPDATE `bv_updation` SET left_carry = left_carry+50, total_left = total_left+50
WHERE `user_id` = 'V6438E';
INSERT INTO `placement_bv_update_history` (`left_carry`, `date`, `from_id`, `user_id`) VALUES ('50', '2024-09-26 18:42:15', 'LOYA7U', 'V6438E');
INSERT INTO `matrix_filling` (`placement_id`, `downline_id`, `level`, `matrix`) VALUES ('F2RMFL', 'LOYA7U', 4, 1);
UPDATE `bv_updation` SET left_carry = left_carry+50, total_left = total_left+50
WHERE `user_id` = 'F2RMFL';
INSERT INTO `placement_bv_update_history` (`left_carry`, `date`, `from_id`, `user_id`) VALUES ('50', '2024-09-26 18:42:15', 'LOYA7U', 'F2RMFL');
INSERT INTO `matrix_filling` (`placement_id`, `downline_id`, `level`, `matrix`) VALUES ('GHWQ7D', 'LOYA7U', 5, 1);
UPDATE `bv_updation` SET left_carry = left_carry+50, total_left = total_left+50
WHERE `user_id` = 'GHWQ7D';
INSERT INTO `placement_bv_update_history` (`left_carry`, `date`, `from_id`, `user_id`) VALUES ('50', '2024-09-26 18:42:15', 'LOYA7U', 'GHWQ7D');
INSERT INTO `matrix_filling` (`placement_id`, `downline_id`, `level`, `matrix`) VALUES ('Z34OQI', 'LOYA7U', 6, 1);
UPDATE `bv_updation` SET left_carry = left_carry+50, total_left = total_left+50
WHERE `user_id` = 'Z34OQI';
INSERT INTO `placement_bv_update_history` (`left_carry`, `date`, `from_id`, `user_id`) VALUES ('50', '2024-09-26 18:42:15', 'LOYA7U', 'Z34OQI');
UPDATE `bv_updation` SET sponsor_left_carry = sponsor_left_carry+50, sponsor_total_left = sponsor_total_left+50
WHERE `user_id` = 'Z34OQI';
INSERT INTO `sponsor_bv_update_history` (`left_carry`, `date`, `user_id`) VALUES ('50', '2024-09-26 18:42:15', 'Z34OQI');
INSERT INTO `matrix_filling` (`placement_id`, `downline_id`, `level`, `matrix`) VALUES ('5K7DS2', 'LOYA7U', 7, 1);
UPDATE `bv_updation` SET right_carry = right_carry+50, total_right = total_right+50
WHERE `user_id` = '5K7DS2';
INSERT INTO `placement_bv_update_history` (`right_carry`, `date`, `from_id`, `user_id`) VALUES ('50', '2024-09-26 18:42:15', 'LOYA7U', '5K7DS2');
INSERT INTO `matrix_filling` (`placement_id`, `downline_id`, `level`, `matrix`) VALUES ('HI62BI', 'LOYA7U', 8, 1);
UPDATE `bv_updation` SET right_carry = right_carry+50, total_right = total_right+50
WHERE `user_id` = 'HI62BI';
INSERT INTO `placement_bv_update_history` (`right_carry`, `date`, `from_id`, `user_id`) VALUES ('50', '2024-09-26 18:42:15', 'LOYA7U', 'HI62BI');
INSERT INTO `matrix_filling` (`placement_id`, `downline_id`, `level`, `matrix`) VALUES ('1FFFBU', 'LOYA7U', 9, 1);
UPDATE `bv_updation` SET right_carry = right_carry+50, total_right = total_right+50
WHERE `user_id` = '1FFFBU';
INSERT INTO `placement_bv_update_history` (`right_carry`, `date`, `from_id`, `user_id`) VALUES ('50', '2024-09-26 18:42:15', 'LOYA7U', '1FFFBU');
INSERT INTO `matrix_filling` (`placement_id`, `downline_id`, `level`, `matrix`) VALUES ('J4CGUT', 'LOYA7U', 10, 1);
UPDATE `bv_updation` SET left_carry = left_carry+50, total_left = total_left+50
WHERE `user_id` = 'J4CGUT';
INSERT INTO `placement_bv_update_history` (`left_carry`, `date`, `from_id`, `user_id`) VALUES ('50', '2024-09-26 18:42:15', 'LOYA7U', 'J4CGUT');
INSERT INTO `matrix_filling` (`placement_id`, `downline_id`, `level`, `matrix`) VALUES ('S1RTX3', 'LOYA7U', 11, 1);
UPDATE `bv_updation` SET left_carry = left_carry+50, total_left = total_left+50
WHERE `user_id` = 'S1RTX3';
INSERT INTO `placement_bv_update_history` (`left_carry`, `date`, `from_id`, `user_id`) VALUES ('50', '2024-09-26 18:42:15', 'LOYA7U', 'S1RTX3');
INSERT INTO `matrix_filling` (`placement_id`, `downline_id`, `level`, `matrix`) VALUES ('I8YWQA', 'LOYA7U', 12, 1);
UPDATE `bv_updation` SET left_carry = left_carry+50, total_left = total_left+50
WHERE `user_id` = 'I8YWQA';
INSERT INTO `placement_bv_update_history` (`left_carry`, `date`, `from_id`, `user_id`) VALUES ('50', '2024-09-26 18:42:15', 'LOYA7U', 'I8YWQA');
INSERT INTO `matrix_filling` (`placement_id`, `downline_id`, `level`, `matrix`) VALUES ('I3MZBU', 'LOYA7U', 13, 1);
UPDATE `bv_updation` SET left_carry = left_carry+50, total_left = total_left+50
WHERE `user_id` = 'I3MZBU';
INSERT INTO `placement_bv_update_history` (`left_carry`, `date`, `from_id`, `user_id`) VALUES ('50', '2024-09-26 18:42:15', 'LOYA7U', 'I3MZBU');
INSERT INTO `matrix_filling` (`placement_id`, `downline_id`, `level`, `matrix`) VALUES ('H2I33O', 'LOYA7U', 14, 1);
UPDATE `bv_updation` SET left_carry = left_carry+50, total_left = total_left+50
WHERE `user_id` = 'H2I33O';
INSERT INTO `placement_bv_update_history` (`left_carry`, `date`, `from_id`, `user_id`) VALUES ('50', '2024-09-26 18:42:15', 'LOYA7U', 'H2I33O');
INSERT INTO `matrix_filling` (`placement_id`, `downline_id`, `level`, `matrix`) VALUES ('AL7XWH', 'LOYA7U', 15, 1);
UPDATE `bv_updation` SET left_carry = left_carry+50, total_left = total_left+50
WHERE `user_id` = 'AL7XWH';
INSERT INTO `placement_bv_update_history` (`left_carry`, `date`, `from_id`, `user_id`) VALUES ('50', '2024-09-26 18:42:15', 'LOYA7U', 'AL7XWH');
INSERT INTO `matrix_filling` (`placement_id`, `downline_id`, `level`, `matrix`) VALUES ('HFZ9SA', 'LOYA7U', 16, 1);
UPDATE `bv_updation` SET left_carry = left_carry+50, total_left = total_left+50
WHERE `user_id` = 'HFZ9SA';
INSERT INTO `placement_bv_update_history` (`left_carry`, `date`, `from_id`, `user_id`) VALUES ('50', '2024-09-26 18:42:15', 'LOYA7U', 'HFZ9SA');
INSERT INTO `matrix_filling` (`placement_id`, `downline_id`, `level`, `matrix`) VALUES ('A2MTZ3', 'LOYA7U', 17, 1);
UPDATE `bv_updation` SET left_carry = left_carry+50, total_left = total_left+50
WHERE `user_id` = 'A2MTZ3';
INSERT INTO `placement_bv_update_history` (`left_carry`, `date`, `from_id`, `user_id`) VALUES ('50', '2024-09-26 18:42:15', 'LOYA7U', 'A2MTZ3');
INSERT INTO `matrix_filling` (`placement_id`, `downline_id`, `level`, `matrix`) VALUES ('RUEKCW', 'LOYA7U', 18, 1);
UPDATE `bv_updation` SET left_carry = left_carry+50, total_left = total_left+50
WHERE `user_id` = 'RUEKCW';
INSERT INTO `placement_bv_update_history` (`left_carry`, `date`, `from_id`, `user_id`) VALUES ('50', '2024-09-26 18:42:15', 'LOYA7U', 'RUEKCW');
INSERT INTO `matrix_filling` (`placement_id`, `downline_id`, `level`, `matrix`) VALUES ('K3GTG4', 'LOYA7U', 19, 1);
UPDATE `bv_updation` SET left_carry = left_carry+50, total_left = total_left+50
WHERE `user_id` = 'K3GTG4';
INSERT INTO `placement_bv_update_history` (`left_carry`, `date`, `from_id`, `user_id`) VALUES ('50', '2024-09-26 18:42:15', 'LOYA7U', 'K3GTG4');
INSERT INTO `matrix_filling` (`placement_id`, `downline_id`, `level`, `matrix`) VALUES ('I1TUBN', 'LOYA7U', 20, 1);
UPDATE `bv_updation` SET left_carry = left_carry+50, total_left = total_left+50
WHERE `user_id` = 'I1TUBN';
INSERT INTO `placement_bv_update_history` (`left_carry`, `date`, `from_id`, `user_id`) VALUES ('50', '2024-09-26 18:42:15', 'LOYA7U', 'I1TUBN');
INSERT INTO `matrix_filling` (`placement_id`, `downline_id`, `level`, `matrix`) VALUES ('BAUCCU', 'LOYA7U', 21, 1);
UPDATE `bv_updation` SET left_carry = left_carry+50, total_left = total_left+50
WHERE `user_id` = 'BAUCCU';
INSERT INTO `placement_bv_update_history` (`left_carry`, `date`, `from_id`, `user_id`) VALUES ('50', '2024-09-26 18:42:15', 'LOYA7U', 'BAUCCU');
INSERT INTO `matrix_filling` (`placement_id`, `downline_id`, `level`, `matrix`) VALUES ('62QO97', 'LOYA7U', 22, 1);
UPDATE `bv_updation` SET left_carry = left_carry+50, total_left = total_left+50
WHERE `user_id` = '62QO97';
INSERT INTO `placement_bv_update_history` (`left_carry`, `date`, `from_id`, `user_id`) VALUES ('50', '2024-09-26 18:42:15', 'LOYA7U', '62QO97');
INSERT INTO `matrix_filling` (`placement_id`, `downline_id`, `level`, `matrix`) VALUES ('OHLQEO', 'LOYA7U', 23, 1);
UPDATE `bv_updation` SET left_carry = left_carry+50, total_left = total_left+50
WHERE `user_id` = 'OHLQEO';
INSERT INTO `placement_bv_update_history` (`left_carry`, `date`, `from_id`, `user_id`) VALUES ('50', '2024-09-26 18:42:15', 'LOYA7U', 'OHLQEO');
INSERT INTO `matrix_filling` (`placement_id`, `downline_id`, `level`, `matrix`) VALUES ('7APFKG', 'LOYA7U', 24, 1);
UPDATE `bv_updation` SET left_carry = left_carry+50, total_left = total_left+50
WHERE `user_id` = '7APFKG';
INSERT INTO `placement_bv_update_history` (`left_carry`, `date`, `from_id`, `user_id`) VALUES ('50', '2024-09-26 18:42:15', 'LOYA7U', '7APFKG');
INSERT INTO `matrix_filling` (`placement_id`, `downline_id`, `level`, `matrix`) VALUES ('Q2Q92Y', 'LOYA7U', 25, 1);
UPDATE `bv_updation` SET left_carry = left_carry+50, total_left = total_left+50
WHERE `user_id` = 'Q2Q92Y';
INSERT INTO `placement_bv_update_history` (`left_carry`, `date`, `from_id`, `user_id`) VALUES ('50', '2024-09-26 18:42:15', 'LOYA7U', 'Q2Q92Y');
INSERT INTO `matrix_filling` (`placement_id`, `downline_id`, `level`, `matrix`) VALUES ('E9ITRC', 'LOYA7U', 26, 1);
UPDATE `bv_updation` SET left_carry = left_carry+50, total_left = total_left+50
WHERE `user_id` = 'E9ITRC';
INSERT INTO `placement_bv_update_history` (`left_carry`, `date`, `from_id`, `user_id`) VALUES ('50', '2024-09-26 18:42:15', 'LOYA7U', 'E9ITRC');
INSERT INTO `matrix_filling` (`placement_id`, `downline_id`, `level`, `matrix`) VALUES ('7COKBB', 'LOYA7U', 27, 1);
UPDATE `bv_updation` SET left_carry = left_carry+50, total_left = total_left+50
WHERE `user_id` = '7COKBB';
INSERT INTO `placement_bv_update_history` (`left_carry`, `date`, `from_id`, `user_id`) VALUES ('50', '2024-09-26 18:42:15', 'LOYA7U', '7COKBB');
INSERT INTO `matrix_filling` (`placement_id`, `downline_id`, `level`, `matrix`) VALUES ('BDNS17', 'LOYA7U', 28, 1);
UPDATE `bv_updation` SET left_carry = left_carry+50, total_left = total_left+50
WHERE `user_id` = 'BDNS17';
INSERT INTO `placement_bv_update_history` (`left_carry`, `date`, `from_id`, `user_id`) VALUES ('50', '2024-09-26 18:42:15', 'LOYA7U', 'BDNS17');
INSERT INTO `matrix_filling` (`placement_id`, `downline_id`, `level`, `matrix`) VALUES ('7ZXRRE', 'LOYA7U', 29, 1);
UPDATE `bv_updation` SET left_carry = left_carry+50, total_left = total_left+50
WHERE `user_id` = '7ZXRRE';
INSERT INTO `placement_bv_update_history` (`left_carry`, `date`, `from_id`, `user_id`) VALUES ('50', '2024-09-26 18:42:15', 'LOYA7U', '7ZXRRE');
INSERT INTO `matrix_filling` (`placement_id`, `downline_id`, `level`, `matrix`) VALUES ('KLRAF5', 'LOYA7U', 30, 1);
UPDATE `bv_updation` SET left_carry = left_carry+50, total_left = total_left+50
WHERE `user_id` = 'KLRAF5';
INSERT INTO `placement_bv_update_history` (`left_carry`, `date`, `from_id`, `user_id`) VALUES ('50', '2024-09-26 18:42:15', 'LOYA7U', 'KLRAF5');
INSERT INTO `matrix_filling` (`placement_id`, `downline_id`, `level`, `matrix`) VALUES ('IFJHZG', 'LOYA7U', 31, 1);
UPDATE `bv_updation` SET left_carry = left_carry+50, total_left = total_left+50
WHERE `user_id` = 'IFJHZG';
INSERT INTO `placement_bv_update_history` (`left_carry`, `date`, `from_id`, `user_id`) VALUES ('50', '2024-09-26 18:42:15', 'LOYA7U', 'IFJHZG');
INSERT INTO `matrix_filling` (`placement_id`, `downline_id`, `level`, `matrix`) VALUES ('MXUV8Q', 'LOYA7U', 32, 1);
UPDATE `bv_updation` SET left_carry = left_carry+50, total_left = total_left+50
WHERE `user_id` = 'MXUV8Q';
INSERT INTO `placement_bv_update_history` (`left_carry`, `date`, `from_id`, `user_id`) VALUES ('50', '2024-09-26 18:42:15', 'LOYA7U', 'MXUV8Q');
INSERT INTO `matrix_filling` (`placement_id`, `downline_id`, `level`, `matrix`) VALUES ('GGM164', 'LOYA7U', 33, 1);
UPDATE `bv_updation` SET left_carry = left_carry+50, total_left = total_left+50
WHERE `user_id` = 'GGM164';
INSERT INTO `placement_bv_update_history` (`left_carry`, `date`, `from_id`, `user_id`) VALUES ('50', '2024-09-26 18:42:15', 'LOYA7U', 'GGM164');
INSERT INTO `matrix_filling` (`placement_id`, `downline_id`, `level`, `matrix`) VALUES ('3NKIEX', 'LOYA7U', 34, 1);
UPDATE `bv_updation` SET left_carry = left_carry+50, total_left = total_left+50
WHERE `user_id` = '3NKIEX';
INSERT INTO `placement_bv_update_history` (`left_carry`, `date`, `from_id`, `user_id`) VALUES ('50', '2024-09-26 18:42:15', 'LOYA7U', '3NKIEX');
INSERT INTO `matrix_filling` (`placement_id`, `downline_id`, `level`, `matrix`) VALUES ('S56TH3', 'LOYA7U', 35, 1);
UPDATE `bv_updation` SET left_carry = left_carry+50, total_left = total_left+50
WHERE `user_id` = 'S56TH3';
INSERT INTO `placement_bv_update_history` (`left_carry`, `date`, `from_id`, `user_id`) VALUES ('50', '2024-09-26 18:42:15', 'LOYA7U', 'S56TH3');
INSERT INTO `matrix_filling` (`placement_id`, `downline_id`, `level`, `matrix`) VALUES ('XYG89U', 'LOYA7U', 36, 1);
UPDATE `bv_updation` SET left_carry = left_carry+50, total_left = total_left+50
WHERE `user_id` = 'XYG89U';
INSERT INTO `placement_bv_update_history` (`left_carry`, `date`, `from_id`, `user_id`) VALUES ('50', '2024-09-26 18:42:15', 'LOYA7U', 'XYG89U');
INSERT INTO `matrix_filling` (`placement_id`, `downline_id`, `level`, `matrix`) VALUES ('HTFY93', 'LOYA7U', 37, 1);
UPDATE `bv_updation` SET left_carry = left_carry+50, total_left = total_left+50
WHERE `user_id` = 'HTFY93';
INSERT INTO `placement_bv_update_history` (`left_carry`, `date`, `from_id`, `user_id`) VALUES ('50', '2024-09-26 18:42:15', 'LOYA7U', 'HTFY93');
INSERT INTO `matrix_filling` (`placement_id`, `downline_id`, `level`, `matrix`) VALUES ('3PR393', 'LOYA7U', 38, 1);
UPDATE `bv_updation` SET left_carry = left_carry+50, total_left = total_left+50
WHERE `user_id` = '3PR393';
INSERT INTO `placement_bv_update_history` (`left_carry`, `date`, `from_id`, `user_id`) VALUES ('50', '2024-09-26 18:42:15', 'LOYA7U', '3PR393');
INSERT INTO `matrix_filling` (`placement_id`, `downline_id`, `level`, `matrix`) VALUES ('T3MRY1', 'LOYA7U', 39, 1);
UPDATE `bv_updation` SET left_carry = left_carry+50, total_left = total_left+50
WHERE `user_id` = 'T3MRY1';
INSERT INTO `placement_bv_update_history` (`left_carry`, `date`, `from_id`, `user_id`) VALUES ('50', '2024-09-26 18:42:15', 'LOYA7U', 'T3MRY1');
INSERT INTO `matrix_filling` (`placement_id`, `downline_id`, `level`, `matrix`) VALUES ('GTMCCK', 'LOYA7U', 40, 1);
UPDATE `bv_updation` SET left_carry = left_carry+50, total_left = total_left+50
WHERE `user_id` = 'GTMCCK';
INSERT INTO `placement_bv_update_history` (`left_carry`, `date`, `from_id`, `user_id`) VALUES ('50', '2024-09-26 18:42:15', 'LOYA7U', 'GTMCCK');
INSERT INTO `matrix_filling` (`placement_id`, `downline_id`, `level`, `matrix`) VALUES ('DLYMIF', 'LOYA7U', 41, 1);
UPDATE `bv_updation` SET left_carry = left_carry+50, total_left = total_left+50
WHERE `user_id` = 'DLYMIF';
INSERT INTO `placement_bv_update_history` (`left_carry`, `date`, `from_id`, `user_id`) VALUES ('50', '2024-09-26 18:42:15', 'LOYA7U', 'DLYMIF');
INSERT INTO `matrix_filling` (`placement_id`, `downline_id`, `level`, `matrix`) VALUES ('WGJ5KE', 'LOYA7U', 42, 1);
UPDATE `bv_updation` SET left_carry = left_carry+50, total_left = total_left+50
WHERE `user_id` = 'WGJ5KE';
INSERT INTO `placement_bv_update_history` (`left_carry`, `date`, `from_id`, `user_id`) VALUES ('50', '2024-09-26 18:42:15', 'LOYA7U', 'WGJ5KE');
INSERT INTO `matrix_filling` (`placement_id`, `downline_id`, `level`, `matrix`) VALUES ('ORRJ3M', 'LOYA7U', 43, 1);
UPDATE `bv_updation` SET left_carry = left_carry+50, total_left = total_left+50
WHERE `user_id` = 'ORRJ3M';
INSERT INTO `placement_bv_update_history` (`left_carry`, `date`, `from_id`, `user_id`) VALUES ('50', '2024-09-26 18:42:15', 'LOYA7U', 'ORRJ3M');
INSERT INTO `matrix_filling` (`placement_id`, `downline_id`, `level`, `matrix`) VALUES ('AA8V6V', 'LOYA7U', 44, 1);
UPDATE `bv_updation` SET left_carry = left_carry+50, total_left = total_left+50
WHERE `user_id` = 'AA8V6V';
INSERT INTO `placement_bv_update_history` (`left_carry`, `date`, `from_id`, `user_id`) VALUES ('50', '2024-09-26 18:42:15', 'LOYA7U', 'AA8V6V');
INSERT INTO `matrix_filling` (`placement_id`, `downline_id`, `level`, `matrix`) VALUES ('61ME4O', 'LOYA7U', 45, 1);
UPDATE `bv_updation` SET left_carry = left_carry+50, total_left = total_left+50
WHERE `user_id` = '61ME4O';
INSERT INTO `placement_bv_update_history` (`left_carry`, `date`, `from_id`, `user_id`) VALUES ('50', '2024-09-26 18:42:15', 'LOYA7U', '61ME4O');
INSERT INTO `matrix_filling` (`placement_id`, `downline_id`, `level`, `matrix`) VALUES ('WS1SZZ', 'LOYA7U', 46, 1);
UPDATE `bv_updation` SET left_carry = left_carry+50, total_left = total_left+50
WHERE `user_id` = 'WS1SZZ';
INSERT INTO `placement_bv_update_history` (`left_carry`, `date`, `from_id`, `user_id`) VALUES ('50', '2024-09-26 18:42:15', 'LOYA7U', 'WS1SZZ');
INSERT INTO `matrix_filling` (`placement_id`, `downline_id`, `level`, `matrix`) VALUES ('TBN4MZ', 'LOYA7U', 47, 1);
UPDATE `bv_updation` SET left_carry = left_carry+50, total_left = total_left+50
WHERE `user_id` = 'TBN4MZ';
INSERT INTO `placement_bv_update_history` (`left_carry`, `date`, `from_id`, `user_id`) VALUES ('50', '2024-09-26 18:42:15', 'LOYA7U', 'TBN4MZ');
INSERT INTO `matrix_filling` (`placement_id`, `downline_id`, `level`, `matrix`) VALUES ('OEMJ8R', 'LOYA7U', 48, 1);
UPDATE `bv_updation` SET left_carry = left_carry+50, total_left = total_left+50
WHERE `user_id` = 'OEMJ8R';
INSERT INTO `placement_bv_update_history` (`left_carry`, `date`, `from_id`, `user_id`) VALUES ('50', '2024-09-26 18:42:15', 'LOYA7U', 'OEMJ8R');
INSERT INTO `matrix_filling` (`placement_id`, `downline_id`, `level`, `matrix`) VALUES ('FXAYIE', 'LOYA7U', 49, 1);
UPDATE `bv_updation` SET left_carry = left_carry+50, total_left = total_left+50
WHERE `user_id` = 'FXAYIE';
INSERT INTO `placement_bv_update_history` (`left_carry`, `date`, `from_id`, `user_id`) VALUES ('50', '2024-09-26 18:42:15', 'LOYA7U', 'FXAYIE');
INSERT INTO `matrix_filling` (`placement_id`, `downline_id`, `level`, `matrix`) VALUES ('ELXZWC', 'LOYA7U', 50, 1);
UPDATE `bv_updation` SET left_carry = left_carry+50, total_left = total_left+50
WHERE `user_id` = 'ELXZWC';
INSERT INTO `placement_bv_update_history` (`left_carry`, `date`, `from_id`, `user_id`) VALUES ('50', '2024-09-26 18:42:15', 'LOYA7U', 'ELXZWC');
INSERT INTO `matrix_filling` (`placement_id`, `downline_id`, `level`, `matrix`) VALUES ('C1TQVI', 'LOYA7U', 51, 1);
UPDATE `bv_updation` SET left_carry = left_carry+50, total_left = total_left+50
WHERE `user_id` = 'C1TQVI';
INSERT INTO `placement_bv_update_history` (`left_carry`, `date`, `from_id`, `user_id`) VALUES ('50', '2024-09-26 18:42:15', 'LOYA7U', 'C1TQVI');
INSERT INTO `matrix_filling` (`placement_id`, `downline_id`, `level`, `matrix`) VALUES ('F5GPDF', 'LOYA7U', 52, 1);
UPDATE `bv_updation` SET left_carry = left_carry+50, total_left = total_left+50
WHERE `user_id` = 'F5GPDF';
INSERT INTO `placement_bv_update_history` (`left_carry`, `date`, `from_id`, `user_id`) VALUES ('50', '2024-09-26 18:42:15', 'LOYA7U', 'F5GPDF');
INSERT INTO `matrix_filling` (`placement_id`, `downline_id`, `level`, `matrix`) VALUES ('91PYDK', 'LOYA7U', 53, 1);
UPDATE `bv_updation` SET left_carry = left_carry+50, total_left = total_left+50
WHERE `user_id` = '91PYDK';
INSERT INTO `placement_bv_update_history` (`left_carry`, `date`, `from_id`, `user_id`) VALUES ('50', '2024-09-26 18:42:15', 'LOYA7U', '91PYDK');
INSERT INTO `matrix_filling` (`placement_id`, `downline_id`, `level`, `matrix`) VALUES ('4OT7RX', 'LOYA7U', 54, 1);
UPDATE `bv_updation` SET left_carry = left_carry+50, total_left = total_left+50
WHERE `user_id` = '4OT7RX';
INSERT INTO `placement_bv_update_history` (`left_carry`, `date`, `from_id`, `user_id`) VALUES ('50', '2024-09-26 18:42:15', 'LOYA7U', '4OT7RX');
INSERT INTO `matrix_filling` (`placement_id`, `downline_id`, `level`, `matrix`) VALUES ('ZJZA3M', 'LOYA7U', 55, 1);
UPDATE `bv_updation` SET left_carry = left_carry+50, total_left = total_left+50
WHERE `user_id` = 'ZJZA3M';
INSERT INTO `placement_bv_update_history` (`left_carry`, `date`, `from_id`, `user_id`) VALUES ('50', '2024-09-26 18:42:15', 'LOYA7U', 'ZJZA3M');
INSERT INTO `matrix_filling` (`placement_id`, `downline_id`, `level`, `matrix`) VALUES ('XN6ETC', 'LOYA7U', 56, 1);
UPDATE `bv_updation` SET left_carry = left_carry+50, total_left = total_left+50
WHERE `user_id` = 'XN6ETC';
INSERT INTO `placement_bv_update_history` (`left_carry`, `date`, `from_id`, `user_id`) VALUES ('50', '2024-09-26 18:42:15', 'LOYA7U', 'XN6ETC');
INSERT INTO `matrix_filling` (`placement_id`, `downline_id`, `level`, `matrix`) VALUES ('KVQN1O', 'LOYA7U', 57, 1);
UPDATE `bv_updation` SET left_carry = left_carry+50, total_left = total_left+50
WHERE `user_id` = 'KVQN1O';
INSERT INTO `placement_bv_update_history` (`left_carry`, `date`, `from_id`, `user_id`) VALUES ('50', '2024-09-26 18:42:15', 'LOYA7U', 'KVQN1O');
INSERT INTO `matrix_filling` (`placement_id`, `downline_id`, `level`, `matrix`) VALUES ('X3V7DJ', 'LOYA7U', 58, 1);
UPDATE `bv_updation` SET left_carry = left_carry+50, total_left = total_left+50
WHERE `user_id` = 'X3V7DJ';
INSERT INTO `placement_bv_update_history` (`left_carry`, `date`, `from_id`, `user_id`) VALUES ('50', '2024-09-26 18:42:15', 'LOYA7U', 'X3V7DJ');
INSERT INTO `matrix_filling` (`placement_id`, `downline_id`, `level`, `matrix`) VALUES ('DJ77NH', 'LOYA7U', 59, 1);
UPDATE `bv_updation` SET left_carry = left_carry+50, total_left = total_left+50
WHERE `user_id` = 'DJ77NH';
INSERT INTO `placement_bv_update_history` (`left_carry`, `date`, `from_id`, `user_id`) VALUES ('50', '2024-09-26 18:42:15', 'LOYA7U', 'DJ77NH');
INSERT INTO `matrix_filling` (`placement_id`, `downline_id`, `level`, `matrix`) VALUES ('PX7XCL', 'LOYA7U', 60, 1);
UPDATE `bv_updation` SET left_carry = left_carry+50, total_left = total_left+50
WHERE `user_id` = 'PX7XCL';
INSERT INTO `placement_bv_update_history` (`left_carry`, `date`, `from_id`, `user_id`) VALUES ('50', '2024-09-26 18:42:15', 'LOYA7U', 'PX7XCL');
INSERT INTO `matrix_filling` (`placement_id`, `downline_id`, `level`, `matrix`) VALUES ('L8PM4Z', 'LOYA7U', 61, 1);
UPDATE `bv_updation` SET left_carry = left_carry+50, total_left = total_left+50
WHERE `user_id` = 'L8PM4Z';
INSERT INTO `placement_bv_update_history` (`left_carry`, `date`, `from_id`, `user_id`) VALUES ('50', '2024-09-26 18:42:15', 'LOYA7U', 'L8PM4Z');
INSERT INTO `matrix_filling` (`placement_id`, `downline_id`, `level`, `matrix`) VALUES ('GBSIER', 'LOYA7U', 62, 1);
UPDATE `bv_updation` SET left_carry = left_carry+50, total_left = total_left+50
WHERE `user_id` = 'GBSIER';
INSERT INTO `placement_bv_update_history` (`left_carry`, `date`, `from_id`, `user_id`) VALUES ('50', '2024-09-26 18:42:15', 'LOYA7U', 'GBSIER');
INSERT INTO `matrix_filling` (`placement_id`, `downline_id`, `level`, `matrix`) VALUES ('AV48YQ', 'LOYA7U', 63, 1);
UPDATE `bv_updation` SET left_carry = left_carry+50, total_left = total_left+50
WHERE `user_id` = 'AV48YQ';
INSERT INTO `placement_bv_update_history` (`left_carry`, `date`, `from_id`, `user_id`) VALUES ('50', '2024-09-26 18:42:15', 'LOYA7U', 'AV48YQ');
INSERT INTO `matrix_filling` (`placement_id`, `downline_id`, `level`, `matrix`) VALUES ('admin', 'LOYA7U', 64, 1);
INSERT INTO `package_purchase_history` (`user_id`, `package_id`, `reg_fee`, `package_name`, `monthly_fee`, `type`, `date`, `payment_option`) VALUES ('LOYA7U', '2', '595', 'Traveler Pro', '150', 'sign_up', '2024-09-26 18:42:15', 'free');
UPDATE `ci_sessions` SET `timestamp` = 1727394226, `data` = '__ci_last_regenerate|i:1727394226;id|s:4:\"2513\";user_id|s:6:\"Z34OQI\";username|s:9:\"manolito7\";sponsor_id|s:6:\"HI62BI\";fullname|s:14:\"Manuel Sanchez\";email|s:19:\"manolito7@gmail.com\";phone|s:10:\"3057610606\";isLogIn|b:1;'
WHERE `id` = 'a9f2b9096230a73ab211dd429c77082518ac90e6';
UPDATE `user_registration` SET `uid` = '2952', `user_id` = '5QN8RG', `username` = 'rosendo7', `sponsor_id` = 'Z34OQI', `vacant` = 'no', `f_name` = 'Rosendo', `l_name` = 'Rosell', `address` = '6520 Kendale Lakes Dr', `position` = 'left', `email` = 'rosendo7@gmail.com', `password` = '3c61fcc3acdda18081a66dcc7d773af5', `phone` = '3057610606', `country` = 'United States', `state` = 'Florida', `city` = 'Miami', `street` = '6520 Kendale Lakes Dr', `zip_code` = '33183', `reg_ip` = '172.70.254.164', `status` = 1, `package_id` = '2', `rank_id` = 1, `highest_rank` = 1, `created` = '2024-09-26 18:43:46', `subscription_date` = '2024-10-26', `google_secret` = 'QDKTUWYJDNI65XKQ'
WHERE `uid` = '2952';
INSERT INTO `user_registration` (`uid`, `user_id`, `username`, `sponsor_id`, `placement_id`, `vacant`, `f_name`, `l_name`, `address`, `position`, `email`, `password`, `phone`, `reg_ip`, `status`, `created`) VALUES (NULL, 'NOEOVY', 'aXxOEWLQ', '5QN8RG', '5QN8RG', 'yes', '', '', '', 'left', '@mail.com', '', '', '', 0, '2024-09-26 18:43:46');
INSERT INTO `user_registration` (`uid`, `user_id`, `username`, `sponsor_id`, `placement_id`, `vacant`, `f_name`, `l_name`, `address`, `position`, `email`, `password`, `phone`, `reg_ip`, `status`, `created`) VALUES (NULL, 'DRQDCK', 'MmTyBMVK', '5QN8RG', '5QN8RG', 'yes', '', '', '', 'right', '@mail.com', '', '', '', 0, '2024-09-26 18:43:46');
INSERT INTO `bv_updation` (`user_id`) VALUES ('5QN8RG');
UPDATE `user_registration` SET total_ref_count = total_ref_count+1
WHERE `user_id` = 'Z34OQI';
UPDATE `user_registration` SET total_downlines = total_downlines+1
WHERE `user_id` = 'LOYA7U';
UPDATE `user_registration` SET left_downlines = left_downlines+1
WHERE `user_id` = 'LOYA7U';
UPDATE `user_registration` SET total_downlines = total_downlines+1
WHERE `user_id` = 'M66HM9';
UPDATE `user_registration` SET left_downlines = left_downlines+1
WHERE `user_id` = 'M66HM9';
UPDATE `user_registration` SET total_downlines = total_downlines+1
WHERE `user_id` = 'GCVMBV';
UPDATE `user_registration` SET left_downlines = left_downlines+1
WHERE `user_id` = 'GCVMBV';
UPDATE `user_registration` SET total_downlines = total_downlines+1
WHERE `user_id` = 'V6438E';
UPDATE `user_registration` SET left_downlines = left_downlines+1
WHERE `user_id` = 'V6438E';
UPDATE `user_registration` SET total_downlines = total_downlines+1
WHERE `user_id` = 'F2RMFL';
UPDATE `user_registration` SET left_downlines = left_downlines+1
WHERE `user_id` = 'F2RMFL';
UPDATE `user_registration` SET total_downlines = total_downlines+1
WHERE `user_id` = 'GHWQ7D';
UPDATE `user_registration` SET left_downlines = left_downlines+1
WHERE `user_id` = 'GHWQ7D';
UPDATE `user_registration` SET total_downlines = total_downlines+1
WHERE `user_id` = 'Z34OQI';
UPDATE `user_registration` SET left_downlines = left_downlines+1
WHERE `user_id` = 'Z34OQI';
UPDATE `user_registration` SET left_ref_count = left_ref_count+1
WHERE `user_id` = 'Z34OQI';
UPDATE `user_registration` SET active_left = active_left+1
WHERE `user_id` = 'Z34OQI';
UPDATE `user_registration` SET total_downlines = total_downlines+1
WHERE `user_id` = '5K7DS2';
UPDATE `user_registration` SET right_downlines = right_downlines+1
WHERE `user_id` = '5K7DS2';
UPDATE `user_registration` SET total_downlines = total_downlines+1
WHERE `user_id` = 'HI62BI';
UPDATE `user_registration` SET right_downlines = right_downlines+1
WHERE `user_id` = 'HI62BI';
UPDATE `user_registration` SET total_downlines = total_downlines+1
WHERE `user_id` = '1FFFBU';
UPDATE `user_registration` SET right_downlines = right_downlines+1
WHERE `user_id` = '1FFFBU';
UPDATE `user_registration` SET total_downlines = total_downlines+1
WHERE `user_id` = 'J4CGUT';
UPDATE `user_registration` SET left_downlines = left_downlines+1
WHERE `user_id` = 'J4CGUT';
UPDATE `user_registration` SET total_downlines = total_downlines+1
WHERE `user_id` = 'S1RTX3';
UPDATE `user_registration` SET left_downlines = left_downlines+1
WHERE `user_id` = 'S1RTX3';
UPDATE `user_registration` SET total_downlines = total_downlines+1
WHERE `user_id` = 'I8YWQA';
UPDATE `user_registration` SET left_downlines = left_downlines+1
WHERE `user_id` = 'I8YWQA';
UPDATE `user_registration` SET total_downlines = total_downlines+1
WHERE `user_id` = 'I3MZBU';
UPDATE `user_registration` SET left_downlines = left_downlines+1
WHERE `user_id` = 'I3MZBU';
UPDATE `user_registration` SET total_downlines = total_downlines+1
WHERE `user_id` = 'H2I33O';
UPDATE `user_registration` SET left_downlines = left_downlines+1
WHERE `user_id` = 'H2I33O';
UPDATE `user_registration` SET total_downlines = total_downlines+1
WHERE `user_id` = 'AL7XWH';
UPDATE `user_registration` SET left_downlines = left_downlines+1
WHERE `user_id` = 'AL7XWH';
UPDATE `user_registration` SET total_downlines = total_downlines+1
WHERE `user_id` = 'HFZ9SA';
UPDATE `user_registration` SET left_downlines = left_downlines+1
WHERE `user_id` = 'HFZ9SA';
UPDATE `user_registration` SET total_downlines = total_downlines+1
WHERE `user_id` = 'A2MTZ3';
UPDATE `user_registration` SET left_downlines = left_downlines+1
WHERE `user_id` = 'A2MTZ3';
UPDATE `user_registration` SET total_downlines = total_downlines+1
WHERE `user_id` = 'RUEKCW';
UPDATE `user_registration` SET left_downlines = left_downlines+1
WHERE `user_id` = 'RUEKCW';
UPDATE `user_registration` SET total_downlines = total_downlines+1
WHERE `user_id` = 'K3GTG4';
UPDATE `user_registration` SET left_downlines = left_downlines+1
WHERE `user_id` = 'K3GTG4';
UPDATE `user_registration` SET total_downlines = total_downlines+1
WHERE `user_id` = 'I1TUBN';
UPDATE `user_registration` SET left_downlines = left_downlines+1
WHERE `user_id` = 'I1TUBN';
UPDATE `user_registration` SET total_downlines = total_downlines+1
WHERE `user_id` = 'BAUCCU';
UPDATE `user_registration` SET left_downlines = left_downlines+1
WHERE `user_id` = 'BAUCCU';
UPDATE `user_registration` SET total_downlines = total_downlines+1
WHERE `user_id` = '62QO97';
UPDATE `user_registration` SET left_downlines = left_downlines+1
WHERE `user_id` = '62QO97';
UPDATE `user_registration` SET total_downlines = total_downlines+1
WHERE `user_id` = 'OHLQEO';
UPDATE `user_registration` SET left_downlines = left_downlines+1
WHERE `user_id` = 'OHLQEO';
UPDATE `user_registration` SET total_downlines = total_downlines+1
WHERE `user_id` = '7APFKG';
UPDATE `user_registration` SET left_downlines = left_downlines+1
WHERE `user_id` = '7APFKG';
UPDATE `user_registration` SET total_downlines = total_downlines+1
WHERE `user_id` = 'Q2Q92Y';
UPDATE `user_registration` SET left_downlines = left_downlines+1
WHERE `user_id` = 'Q2Q92Y';
UPDATE `user_registration` SET total_downlines = total_downlines+1
WHERE `user_id` = 'E9ITRC';
UPDATE `user_registration` SET left_downlines = left_downlines+1
WHERE `user_id` = 'E9ITRC';
UPDATE `user_registration` SET total_downlines = total_downlines+1
WHERE `user_id` = '7COKBB';
UPDATE `user_registration` SET left_downlines = left_downlines+1
WHERE `user_id` = '7COKBB';
UPDATE `user_registration` SET total_downlines = total_downlines+1
WHERE `user_id` = 'BDNS17';
UPDATE `user_registration` SET left_downlines = left_downlines+1
WHERE `user_id` = 'BDNS17';
UPDATE `user_registration` SET total_downlines = total_downlines+1
WHERE `user_id` = '7ZXRRE';
UPDATE `user_registration` SET left_downlines = left_downlines+1
WHERE `user_id` = '7ZXRRE';
UPDATE `user_registration` SET total_downlines = total_downlines+1
WHERE `user_id` = 'KLRAF5';
UPDATE `user_registration` SET left_downlines = left_downlines+1
WHERE `user_id` = 'KLRAF5';
UPDATE `user_registration` SET total_downlines = total_downlines+1
WHERE `user_id` = 'IFJHZG';
UPDATE `user_registration` SET left_downlines = left_downlines+1
WHERE `user_id` = 'IFJHZG';
UPDATE `user_registration` SET total_downlines = total_downlines+1
WHERE `user_id` = 'MXUV8Q';
UPDATE `user_registration` SET left_downlines = left_downlines+1
WHERE `user_id` = 'MXUV8Q';
UPDATE `user_registration` SET total_downlines = total_downlines+1
WHERE `user_id` = 'GGM164';
UPDATE `user_registration` SET left_downlines = left_downlines+1
WHERE `user_id` = 'GGM164';
UPDATE `user_registration` SET total_downlines = total_downlines+1
WHERE `user_id` = '3NKIEX';
UPDATE `user_registration` SET left_downlines = left_downlines+1
WHERE `user_id` = '3NKIEX';
UPDATE `user_registration` SET total_downlines = total_downlines+1
WHERE `user_id` = 'S56TH3';
UPDATE `user_registration` SET left_downlines = left_downlines+1
WHERE `user_id` = 'S56TH3';
UPDATE `user_registration` SET total_downlines = total_downlines+1
WHERE `user_id` = 'XYG89U';
UPDATE `user_registration` SET left_downlines = left_downlines+1
WHERE `user_id` = 'XYG89U';
UPDATE `user_registration` SET total_downlines = total_downlines+1
WHERE `user_id` = 'HTFY93';
UPDATE `user_registration` SET left_downlines = left_downlines+1
WHERE `user_id` = 'HTFY93';
UPDATE `user_registration` SET total_downlines = total_downlines+1
WHERE `user_id` = '3PR393';
UPDATE `user_registration` SET left_downlines = left_downlines+1
WHERE `user_id` = '3PR393';
UPDATE `user_registration` SET total_downlines = total_downlines+1
WHERE `user_id` = 'T3MRY1';
UPDATE `user_registration` SET left_downlines = left_downlines+1
WHERE `user_id` = 'T3MRY1';
UPDATE `user_registration` SET total_downlines = total_downlines+1
WHERE `user_id` = 'GTMCCK';
UPDATE `user_registration` SET left_downlines = left_downlines+1
WHERE `user_id` = 'GTMCCK';
UPDATE `user_registration` SET total_downlines = total_downlines+1
WHERE `user_id` = 'DLYMIF';
UPDATE `user_registration` SET left_downlines = left_downlines+1
WHERE `user_id` = 'DLYMIF';
UPDATE `user_registration` SET total_downlines = total_downlines+1
WHERE `user_id` = 'WGJ5KE';
UPDATE `user_registration` SET left_downlines = left_downlines+1
WHERE `user_id` = 'WGJ5KE';
UPDATE `user_registration` SET total_downlines = total_downlines+1
WHERE `user_id` = 'ORRJ3M';
UPDATE `user_registration` SET left_downlines = left_downlines+1
WHERE `user_id` = 'ORRJ3M';
UPDATE `user_registration` SET total_downlines = total_downlines+1
WHERE `user_id` = 'AA8V6V';
UPDATE `user_registration` SET left_downlines = left_downlines+1
WHERE `user_id` = 'AA8V6V';
UPDATE `user_registration` SET total_downlines = total_downlines+1
WHERE `user_id` = '61ME4O';
UPDATE `user_registration` SET left_downlines = left_downlines+1
WHERE `user_id` = '61ME4O';
UPDATE `user_registration` SET total_downlines = total_downlines+1
WHERE `user_id` = 'WS1SZZ';
UPDATE `user_registration` SET left_downlines = left_downlines+1
WHERE `user_id` = 'WS1SZZ';
UPDATE `user_registration` SET total_downlines = total_downlines+1
WHERE `user_id` = 'TBN4MZ';
UPDATE `user_registration` SET left_downlines = left_downlines+1
WHERE `user_id` = 'TBN4MZ';
UPDATE `user_registration` SET total_downlines = total_downlines+1
WHERE `user_id` = 'OEMJ8R';
UPDATE `user_registration` SET left_downlines = left_downlines+1
WHERE `user_id` = 'OEMJ8R';
UPDATE `user_registration` SET total_downlines = total_downlines+1
WHERE `user_id` = 'FXAYIE';
UPDATE `user_registration` SET left_downlines = left_downlines+1
WHERE `user_id` = 'FXAYIE';
UPDATE `user_registration` SET total_downlines = total_downlines+1
WHERE `user_id` = 'ELXZWC';
UPDATE `user_registration` SET left_downlines = left_downlines+1
WHERE `user_id` = 'ELXZWC';
UPDATE `user_registration` SET total_downlines = total_downlines+1
WHERE `user_id` = 'C1TQVI';
UPDATE `user_registration` SET left_downlines = left_downlines+1
WHERE `user_id` = 'C1TQVI';
UPDATE `user_registration` SET total_downlines = total_downlines+1
WHERE `user_id` = 'F5GPDF';
UPDATE `user_registration` SET left_downlines = left_downlines+1
WHERE `user_id` = 'F5GPDF';
UPDATE `user_registration` SET total_downlines = total_downlines+1
WHERE `user_id` = '91PYDK';
UPDATE `user_registration` SET left_downlines = left_downlines+1
WHERE `user_id` = '91PYDK';
UPDATE `user_registration` SET total_downlines = total_downlines+1
WHERE `user_id` = '4OT7RX';
UPDATE `user_registration` SET left_downlines = left_downlines+1
WHERE `user_id` = '4OT7RX';
UPDATE `user_registration` SET total_downlines = total_downlines+1
WHERE `user_id` = 'ZJZA3M';
UPDATE `user_registration` SET left_downlines = left_downlines+1
WHERE `user_id` = 'ZJZA3M';
UPDATE `user_registration` SET total_downlines = total_downlines+1
WHERE `user_id` = 'XN6ETC';
UPDATE `user_registration` SET left_downlines = left_downlines+1
WHERE `user_id` = 'XN6ETC';
UPDATE `user_registration` SET total_downlines = total_downlines+1
WHERE `user_id` = 'KVQN1O';
UPDATE `user_registration` SET left_downlines = left_downlines+1
WHERE `user_id` = 'KVQN1O';
UPDATE `user_registration` SET total_downlines = total_downlines+1
WHERE `user_id` = 'X3V7DJ';
UPDATE `user_registration` SET left_downlines = left_downlines+1
WHERE `user_id` = 'X3V7DJ';
UPDATE `user_registration` SET total_downlines = total_downlines+1
WHERE `user_id` = 'DJ77NH';
UPDATE `user_registration` SET left_downlines = left_downlines+1
WHERE `user_id` = 'DJ77NH';
UPDATE `user_registration` SET total_downlines = total_downlines+1
WHERE `user_id` = 'PX7XCL';
UPDATE `user_registration` SET left_downlines = left_downlines+1
WHERE `user_id` = 'PX7XCL';
UPDATE `user_registration` SET total_downlines = total_downlines+1
WHERE `user_id` = 'L8PM4Z';
UPDATE `user_registration` SET left_downlines = left_downlines+1
WHERE `user_id` = 'L8PM4Z';
UPDATE `user_registration` SET total_downlines = total_downlines+1
WHERE `user_id` = 'GBSIER';
UPDATE `user_registration` SET left_downlines = left_downlines+1
WHERE `user_id` = 'GBSIER';
UPDATE `user_registration` SET total_downlines = total_downlines+1
WHERE `user_id` = 'AV48YQ';
UPDATE `user_registration` SET left_downlines = left_downlines+1
WHERE `user_id` = 'AV48YQ';
UPDATE `user_registration` SET total_downlines = total_downlines+1
WHERE `user_id` = 'admin';
UPDATE `user_registration` SET left_downlines = left_downlines+1
WHERE `user_id` = 'admin';
INSERT INTO `investment` (`invest_date`, `user_id`, `type`, `amount`, `package_id`) VALUES ('2024-09-26 18:43:46', '5QN8RG', 'register', '595', '2');
INSERT INTO `earnings` (`user_id`, `Purchaser_id`, `earning_type`, `package_id`, `amount`, `date`, `comments`, `invest_amount`, `comm_perc`, `level`, `rank_id`, `order_id`) VALUES ('Z34OQI', '5QN8RG', 'Direct Referral Bonus', '2', '100', '2024-09-26 18:43:46', 'Direct Referral Bonus', 0, 0, 1, '', 324);
UPDATE `user_registration` SET commission_balance = ROUND(commission_balance + 100,2)
WHERE `user_id` = 'Z34OQI';
INSERT INTO `earnings` (`user_id`, `Purchaser_id`, `earning_type`, `package_id`, `amount`, `date`, `comments`, `invest_amount`, `comm_perc`, `level`, `rank_id`, `order_id`) VALUES ('HI62BI', '5QN8RG', 'Expansion Bonus', '2', 100, '2024-09-26 18:43:46', 'Expansion Bonus', '100', 0, 1, '', 324);
UPDATE `user_registration` SET commission_balance = ROUND(commission_balance + 100,2)
WHERE `user_id` = 'HI62BI';
INSERT INTO `earnings` (`user_id`, `Purchaser_id`, `earning_type`, `package_id`, `amount`, `date`, `comments`, `invest_amount`, `comm_perc`, `level`, `rank_id`, `order_id`) VALUES ('1FFFBU', '5QN8RG', 'Expansion Bonus', '2', 100, '2024-09-26 18:43:46', 'Expansion Bonus', 200, 0, 1, '', 324);
UPDATE `user_registration` SET commission_balance = ROUND(commission_balance + 100,2)
WHERE `user_id` = '1FFFBU';
INSERT INTO `matrix_filling` (`placement_id`, `downline_id`, `level`, `matrix`) VALUES ('LOYA7U', '5QN8RG', 1, 1);
UPDATE `bv_updation` SET left_carry = left_carry+50, total_left = total_left+50
WHERE `user_id` = 'LOYA7U';
INSERT INTO `placement_bv_update_history` (`left_carry`, `date`, `from_id`, `user_id`) VALUES ('50', '2024-09-26 18:43:46', '5QN8RG', 'LOYA7U');
INSERT INTO `matrix_filling` (`placement_id`, `downline_id`, `level`, `matrix`) VALUES ('M66HM9', '5QN8RG', 2, 1);
UPDATE `bv_updation` SET left_carry = left_carry+50, total_left = total_left+50
WHERE `user_id` = 'M66HM9';
INSERT INTO `placement_bv_update_history` (`left_carry`, `date`, `from_id`, `user_id`) VALUES ('50', '2024-09-26 18:43:46', '5QN8RG', 'M66HM9');
INSERT INTO `matrix_filling` (`placement_id`, `downline_id`, `level`, `matrix`) VALUES ('GCVMBV', '5QN8RG', 3, 1);
UPDATE `bv_updation` SET left_carry = left_carry+50, total_left = total_left+50
WHERE `user_id` = 'GCVMBV';
INSERT INTO `placement_bv_update_history` (`left_carry`, `date`, `from_id`, `user_id`) VALUES ('50', '2024-09-26 18:43:46', '5QN8RG', 'GCVMBV');
INSERT INTO `matrix_filling` (`placement_id`, `downline_id`, `level`, `matrix`) VALUES ('V6438E', '5QN8RG', 4, 1);
UPDATE `bv_updation` SET left_carry = left_carry+50, total_left = total_left+50
WHERE `user_id` = 'V6438E';
INSERT INTO `placement_bv_update_history` (`left_carry`, `date`, `from_id`, `user_id`) VALUES ('50', '2024-09-26 18:43:46', '5QN8RG', 'V6438E');
INSERT INTO `matrix_filling` (`placement_id`, `downline_id`, `level`, `matrix`) VALUES ('F2RMFL', '5QN8RG', 5, 1);
UPDATE `bv_updation` SET left_carry = left_carry+50, total_left = total_left+50
WHERE `user_id` = 'F2RMFL';
INSERT INTO `placement_bv_update_history` (`left_carry`, `date`, `from_id`, `user_id`) VALUES ('50', '2024-09-26 18:43:46', '5QN8RG', 'F2RMFL');
INSERT INTO `matrix_filling` (`placement_id`, `downline_id`, `level`, `matrix`) VALUES ('GHWQ7D', '5QN8RG', 6, 1);
UPDATE `bv_updation` SET left_carry = left_carry+50, total_left = total_left+50
WHERE `user_id` = 'GHWQ7D';
INSERT INTO `placement_bv_update_history` (`left_carry`, `date`, `from_id`, `user_id`) VALUES ('50', '2024-09-26 18:43:46', '5QN8RG', 'GHWQ7D');
INSERT INTO `matrix_filling` (`placement_id`, `downline_id`, `level`, `matrix`) VALUES ('Z34OQI', '5QN8RG', 7, 1);
UPDATE `bv_updation` SET left_carry = left_carry+50, total_left = total_left+50
WHERE `user_id` = 'Z34OQI';
INSERT INTO `placement_bv_update_history` (`left_carry`, `date`, `from_id`, `user_id`) VALUES ('50', '2024-09-26 18:43:46', '5QN8RG', 'Z34OQI');
UPDATE `bv_updation` SET sponsor_left_carry = sponsor_left_carry+50, sponsor_total_left = sponsor_total_left+50
WHERE `user_id` = 'Z34OQI';
INSERT INTO `sponsor_bv_update_history` (`left_carry`, `date`, `user_id`) VALUES ('50', '2024-09-26 18:43:46', 'Z34OQI');
INSERT INTO `matrix_filling` (`placement_id`, `downline_id`, `level`, `matrix`) VALUES ('5K7DS2', '5QN8RG', 8, 1);
UPDATE `bv_updation` SET right_carry = right_carry+50, total_right = total_right+50
WHERE `user_id` = '5K7DS2';
INSERT INTO `placement_bv_update_history` (`right_carry`, `date`, `from_id`, `user_id`) VALUES ('50', '2024-09-26 18:43:46', '5QN8RG', '5K7DS2');
INSERT INTO `matrix_filling` (`placement_id`, `downline_id`, `level`, `matrix`) VALUES ('HI62BI', '5QN8RG', 9, 1);
UPDATE `bv_updation` SET right_carry = right_carry+50, total_right = total_right+50
WHERE `user_id` = 'HI62BI';
INSERT INTO `placement_bv_update_history` (`right_carry`, `date`, `from_id`, `user_id`) VALUES ('50', '2024-09-26 18:43:46', '5QN8RG', 'HI62BI');
INSERT INTO `matrix_filling` (`placement_id`, `downline_id`, `level`, `matrix`) VALUES ('1FFFBU', '5QN8RG', 10, 1);
UPDATE `bv_updation` SET right_carry = right_carry+50, total_right = total_right+50
WHERE `user_id` = '1FFFBU';
INSERT INTO `placement_bv_update_history` (`right_carry`, `date`, `from_id`, `user_id`) VALUES ('50', '2024-09-26 18:43:46', '5QN8RG', '1FFFBU');
INSERT INTO `matrix_filling` (`placement_id`, `downline_id`, `level`, `matrix`) VALUES ('J4CGUT', '5QN8RG', 11, 1);
UPDATE `bv_updation` SET left_carry = left_carry+50, total_left = total_left+50
WHERE `user_id` = 'J4CGUT';
INSERT INTO `placement_bv_update_history` (`left_carry`, `date`, `from_id`, `user_id`) VALUES ('50', '2024-09-26 18:43:46', '5QN8RG', 'J4CGUT');
INSERT INTO `matrix_filling` (`placement_id`, `downline_id`, `level`, `matrix`) VALUES ('S1RTX3', '5QN8RG', 12, 1);
UPDATE `bv_updation` SET left_carry = left_carry+50, total_left = total_left+50
WHERE `user_id` = 'S1RTX3';
INSERT INTO `placement_bv_update_history` (`left_carry`, `date`, `from_id`, `user_id`) VALUES ('50', '2024-09-26 18:43:46', '5QN8RG', 'S1RTX3');
INSERT INTO `matrix_filling` (`placement_id`, `downline_id`, `level`, `matrix`) VALUES ('I8YWQA', '5QN8RG', 13, 1);
UPDATE `bv_updation` SET left_carry = left_carry+50, total_left = total_left+50
WHERE `user_id` = 'I8YWQA';
INSERT INTO `placement_bv_update_history` (`left_carry`, `date`, `from_id`, `user_id`) VALUES ('50', '2024-09-26 18:43:46', '5QN8RG', 'I8YWQA');
INSERT INTO `matrix_filling` (`placement_id`, `downline_id`, `level`, `matrix`) VALUES ('I3MZBU', '5QN8RG', 14, 1);
UPDATE `bv_updation` SET left_carry = left_carry+50, total_left = total_left+50
WHERE `user_id` = 'I3MZBU';
INSERT INTO `placement_bv_update_history` (`left_carry`, `date`, `from_id`, `user_id`) VALUES ('50', '2024-09-26 18:43:46', '5QN8RG', 'I3MZBU');
INSERT INTO `matrix_filling` (`placement_id`, `downline_id`, `level`, `matrix`) VALUES ('H2I33O', '5QN8RG', 15, 1);
UPDATE `bv_updation` SET left_carry = left_carry+50, total_left = total_left+50
WHERE `user_id` = 'H2I33O';
INSERT INTO `placement_bv_update_history` (`left_carry`, `date`, `from_id`, `user_id`) VALUES ('50', '2024-09-26 18:43:46', '5QN8RG', 'H2I33O');
INSERT INTO `matrix_filling` (`placement_id`, `downline_id`, `level`, `matrix`) VALUES ('AL7XWH', '5QN8RG', 16, 1);
UPDATE `bv_updation` SET left_carry = left_carry+50, total_left = total_left+50
WHERE `user_id` = 'AL7XWH';
INSERT INTO `placement_bv_update_history` (`left_carry`, `date`, `from_id`, `user_id`) VALUES ('50', '2024-09-26 18:43:46', '5QN8RG', 'AL7XWH');
INSERT INTO `matrix_filling` (`placement_id`, `downline_id`, `level`, `matrix`) VALUES ('HFZ9SA', '5QN8RG', 17, 1);
UPDATE `bv_updation` SET left_carry = left_carry+50, total_left = total_left+50
WHERE `user_id` = 'HFZ9SA';
INSERT INTO `placement_bv_update_history` (`left_carry`, `date`, `from_id`, `user_id`) VALUES ('50', '2024-09-26 18:43:46', '5QN8RG', 'HFZ9SA');
INSERT INTO `matrix_filling` (`placement_id`, `downline_id`, `level`, `matrix`) VALUES ('A2MTZ3', '5QN8RG', 18, 1);
UPDATE `bv_updation` SET left_carry = left_carry+50, total_left = total_left+50
WHERE `user_id` = 'A2MTZ3';
INSERT INTO `placement_bv_update_history` (`left_carry`, `date`, `from_id`, `user_id`) VALUES ('50', '2024-09-26 18:43:46', '5QN8RG', 'A2MTZ3');
INSERT INTO `matrix_filling` (`placement_id`, `downline_id`, `level`, `matrix`) VALUES ('RUEKCW', '5QN8RG', 19, 1);
UPDATE `bv_updation` SET left_carry = left_carry+50, total_left = total_left+50
WHERE `user_id` = 'RUEKCW';
INSERT INTO `placement_bv_update_history` (`left_carry`, `date`, `from_id`, `user_id`) VALUES ('50', '2024-09-26 18:43:46', '5QN8RG', 'RUEKCW');
INSERT INTO `matrix_filling` (`placement_id`, `downline_id`, `level`, `matrix`) VALUES ('K3GTG4', '5QN8RG', 20, 1);
UPDATE `bv_updation` SET left_carry = left_carry+50, total_left = total_left+50
WHERE `user_id` = 'K3GTG4';
INSERT INTO `placement_bv_update_history` (`left_carry`, `date`, `from_id`, `user_id`) VALUES ('50', '2024-09-26 18:43:46', '5QN8RG', 'K3GTG4');
INSERT INTO `matrix_filling` (`placement_id`, `downline_id`, `level`, `matrix`) VALUES ('I1TUBN', '5QN8RG', 21, 1);
UPDATE `bv_updation` SET left_carry = left_carry+50, total_left = total_left+50
WHERE `user_id` = 'I1TUBN';
INSERT INTO `placement_bv_update_history` (`left_carry`, `date`, `from_id`, `user_id`) VALUES ('50', '2024-09-26 18:43:46', '5QN8RG', 'I1TUBN');
INSERT INTO `matrix_filling` (`placement_id`, `downline_id`, `level`, `matrix`) VALUES ('BAUCCU', '5QN8RG', 22, 1);
UPDATE `bv_updation` SET left_carry = left_carry+50, total_left = total_left+50
WHERE `user_id` = 'BAUCCU';
INSERT INTO `placement_bv_update_history` (`left_carry`, `date`, `from_id`, `user_id`) VALUES ('50', '2024-09-26 18:43:46', '5QN8RG', 'BAUCCU');
INSERT INTO `matrix_filling` (`placement_id`, `downline_id`, `level`, `matrix`) VALUES ('62QO97', '5QN8RG', 23, 1);
UPDATE `bv_updation` SET left_carry = left_carry+50, total_left = total_left+50
WHERE `user_id` = '62QO97';
INSERT INTO `placement_bv_update_history` (`left_carry`, `date`, `from_id`, `user_id`) VALUES ('50', '2024-09-26 18:43:46', '5QN8RG', '62QO97');
INSERT INTO `matrix_filling` (`placement_id`, `downline_id`, `level`, `matrix`) VALUES ('OHLQEO', '5QN8RG', 24, 1);
UPDATE `bv_updation` SET left_carry = left_carry+50, total_left = total_left+50
WHERE `user_id` = 'OHLQEO';
INSERT INTO `placement_bv_update_history` (`left_carry`, `date`, `from_id`, `user_id`) VALUES ('50', '2024-09-26 18:43:46', '5QN8RG', 'OHLQEO');
INSERT INTO `matrix_filling` (`placement_id`, `downline_id`, `level`, `matrix`) VALUES ('7APFKG', '5QN8RG', 25, 1);
UPDATE `bv_updation` SET left_carry = left_carry+50, total_left = total_left+50
WHERE `user_id` = '7APFKG';
INSERT INTO `placement_bv_update_history` (`left_carry`, `date`, `from_id`, `user_id`) VALUES ('50', '2024-09-26 18:43:46', '5QN8RG', '7APFKG');
INSERT INTO `matrix_filling` (`placement_id`, `downline_id`, `level`, `matrix`) VALUES ('Q2Q92Y', '5QN8RG', 26, 1);
UPDATE `bv_updation` SET left_carry = left_carry+50, total_left = total_left+50
WHERE `user_id` = 'Q2Q92Y';
INSERT INTO `placement_bv_update_history` (`left_carry`, `date`, `from_id`, `user_id`) VALUES ('50', '2024-09-26 18:43:46', '5QN8RG', 'Q2Q92Y');
INSERT INTO `matrix_filling` (`placement_id`, `downline_id`, `level`, `matrix`) VALUES ('E9ITRC', '5QN8RG', 27, 1);
UPDATE `bv_updation` SET left_carry = left_carry+50, total_left = total_left+50
WHERE `user_id` = 'E9ITRC';
INSERT INTO `placement_bv_update_history` (`left_carry`, `date`, `from_id`, `user_id`) VALUES ('50', '2024-09-26 18:43:46', '5QN8RG', 'E9ITRC');
INSERT INTO `matrix_filling` (`placement_id`, `downline_id`, `level`, `matrix`) VALUES ('7COKBB', '5QN8RG', 28, 1);
UPDATE `bv_updation` SET left_carry = left_carry+50, total_left = total_left+50
WHERE `user_id` = '7COKBB';
INSERT INTO `placement_bv_update_history` (`left_carry`, `date`, `from_id`, `user_id`) VALUES ('50', '2024-09-26 18:43:46', '5QN8RG', '7COKBB');
INSERT INTO `matrix_filling` (`placement_id`, `downline_id`, `level`, `matrix`) VALUES ('BDNS17', '5QN8RG', 29, 1);
UPDATE `bv_updation` SET left_carry = left_carry+50, total_left = total_left+50
WHERE `user_id` = 'BDNS17';
INSERT INTO `placement_bv_update_history` (`left_carry`, `date`, `from_id`, `user_id`) VALUES ('50', '2024-09-26 18:43:46', '5QN8RG', 'BDNS17');
INSERT INTO `matrix_filling` (`placement_id`, `downline_id`, `level`, `matrix`) VALUES ('7ZXRRE', '5QN8RG', 30, 1);
UPDATE `bv_updation` SET left_carry = left_carry+50, total_left = total_left+50
WHERE `user_id` = '7ZXRRE';
INSERT INTO `placement_bv_update_history` (`left_carry`, `date`, `from_id`, `user_id`) VALUES ('50', '2024-09-26 18:43:46', '5QN8RG', '7ZXRRE');
INSERT INTO `matrix_filling` (`placement_id`, `downline_id`, `level`, `matrix`) VALUES ('KLRAF5', '5QN8RG', 31, 1);
UPDATE `bv_updation` SET left_carry = left_carry+50, total_left = total_left+50
WHERE `user_id` = 'KLRAF5';
INSERT INTO `placement_bv_update_history` (`left_carry`, `date`, `from_id`, `user_id`) VALUES ('50', '2024-09-26 18:43:46', '5QN8RG', 'KLRAF5');
INSERT INTO `matrix_filling` (`placement_id`, `downline_id`, `level`, `matrix`) VALUES ('IFJHZG', '5QN8RG', 32, 1);
UPDATE `bv_updation` SET left_carry = left_carry+50, total_left = total_left+50
WHERE `user_id` = 'IFJHZG';
INSERT INTO `placement_bv_update_history` (`left_carry`, `date`, `from_id`, `user_id`) VALUES ('50', '2024-09-26 18:43:46', '5QN8RG', 'IFJHZG');
INSERT INTO `matrix_filling` (`placement_id`, `downline_id`, `level`, `matrix`) VALUES ('MXUV8Q', '5QN8RG', 33, 1);
UPDATE `bv_updation` SET left_carry = left_carry+50, total_left = total_left+50
WHERE `user_id` = 'MXUV8Q';
INSERT INTO `placement_bv_update_history` (`left_carry`, `date`, `from_id`, `user_id`) VALUES ('50', '2024-09-26 18:43:46', '5QN8RG', 'MXUV8Q');
INSERT INTO `matrix_filling` (`placement_id`, `downline_id`, `level`, `matrix`) VALUES ('GGM164', '5QN8RG', 34, 1);
UPDATE `bv_updation` SET left_carry = left_carry+50, total_left = total_left+50
WHERE `user_id` = 'GGM164';
INSERT INTO `placement_bv_update_history` (`left_carry`, `date`, `from_id`, `user_id`) VALUES ('50', '2024-09-26 18:43:46', '5QN8RG', 'GGM164');
INSERT INTO `matrix_filling` (`placement_id`, `downline_id`, `level`, `matrix`) VALUES ('3NKIEX', '5QN8RG', 35, 1);
UPDATE `bv_updation` SET left_carry = left_carry+50, total_left = total_left+50
WHERE `user_id` = '3NKIEX';
INSERT INTO `placement_bv_update_history` (`left_carry`, `date`, `from_id`, `user_id`) VALUES ('50', '2024-09-26 18:43:46', '5QN8RG', '3NKIEX');
INSERT INTO `matrix_filling` (`placement_id`, `downline_id`, `level`, `matrix`) VALUES ('S56TH3', '5QN8RG', 36, 1);
UPDATE `bv_updation` SET left_carry = left_carry+50, total_left = total_left+50
WHERE `user_id` = 'S56TH3';
INSERT INTO `placement_bv_update_history` (`left_carry`, `date`, `from_id`, `user_id`) VALUES ('50', '2024-09-26 18:43:46', '5QN8RG', 'S56TH3');
INSERT INTO `matrix_filling` (`placement_id`, `downline_id`, `level`, `matrix`) VALUES ('XYG89U', '5QN8RG', 37, 1);
UPDATE `bv_updation` SET left_carry = left_carry+50, total_left = total_left+50
WHERE `user_id` = 'XYG89U';
INSERT INTO `placement_bv_update_history` (`left_carry`, `date`, `from_id`, `user_id`) VALUES ('50', '2024-09-26 18:43:46', '5QN8RG', 'XYG89U');
INSERT INTO `matrix_filling` (`placement_id`, `downline_id`, `level`, `matrix`) VALUES ('HTFY93', '5QN8RG', 38, 1);
UPDATE `bv_updation` SET left_carry = left_carry+50, total_left = total_left+50
WHERE `user_id` = 'HTFY93';
INSERT INTO `placement_bv_update_history` (`left_carry`, `date`, `from_id`, `user_id`) VALUES ('50', '2024-09-26 18:43:46', '5QN8RG', 'HTFY93');
INSERT INTO `matrix_filling` (`placement_id`, `downline_id`, `level`, `matrix`) VALUES ('3PR393', '5QN8RG', 39, 1);
UPDATE `bv_updation` SET left_carry = left_carry+50, total_left = total_left+50
WHERE `user_id` = '3PR393';
INSERT INTO `placement_bv_update_history` (`left_carry`, `date`, `from_id`, `user_id`) VALUES ('50', '2024-09-26 18:43:46', '5QN8RG', '3PR393');
INSERT INTO `matrix_filling` (`placement_id`, `downline_id`, `level`, `matrix`) VALUES ('T3MRY1', '5QN8RG', 40, 1);
UPDATE `bv_updation` SET left_carry = left_carry+50, total_left = total_left+50
WHERE `user_id` = 'T3MRY1';
INSERT INTO `placement_bv_update_history` (`left_carry`, `date`, `from_id`, `user_id`) VALUES ('50', '2024-09-26 18:43:47', '5QN8RG', 'T3MRY1');
INSERT INTO `matrix_filling` (`placement_id`, `downline_id`, `level`, `matrix`) VALUES ('GTMCCK', '5QN8RG', 41, 1);
UPDATE `bv_updation` SET left_carry = left_carry+50, total_left = total_left+50
WHERE `user_id` = 'GTMCCK';
INSERT INTO `placement_bv_update_history` (`left_carry`, `date`, `from_id`, `user_id`) VALUES ('50', '2024-09-26 18:43:47', '5QN8RG', 'GTMCCK');
INSERT INTO `matrix_filling` (`placement_id`, `downline_id`, `level`, `matrix`) VALUES ('DLYMIF', '5QN8RG', 42, 1);
UPDATE `bv_updation` SET left_carry = left_carry+50, total_left = total_left+50
WHERE `user_id` = 'DLYMIF';
INSERT INTO `placement_bv_update_history` (`left_carry`, `date`, `from_id`, `user_id`) VALUES ('50', '2024-09-26 18:43:47', '5QN8RG', 'DLYMIF');
INSERT INTO `matrix_filling` (`placement_id`, `downline_id`, `level`, `matrix`) VALUES ('WGJ5KE', '5QN8RG', 43, 1);
UPDATE `bv_updation` SET left_carry = left_carry+50, total_left = total_left+50
WHERE `user_id` = 'WGJ5KE';
INSERT INTO `placement_bv_update_history` (`left_carry`, `date`, `from_id`, `user_id`) VALUES ('50', '2024-09-26 18:43:47', '5QN8RG', 'WGJ5KE');
INSERT INTO `matrix_filling` (`placement_id`, `downline_id`, `level`, `matrix`) VALUES ('ORRJ3M', '5QN8RG', 44, 1);
UPDATE `bv_updation` SET left_carry = left_carry+50, total_left = total_left+50
WHERE `user_id` = 'ORRJ3M';
INSERT INTO `placement_bv_update_history` (`left_carry`, `date`, `from_id`, `user_id`) VALUES ('50', '2024-09-26 18:43:47', '5QN8RG', 'ORRJ3M');
INSERT INTO `matrix_filling` (`placement_id`, `downline_id`, `level`, `matrix`) VALUES ('AA8V6V', '5QN8RG', 45, 1);
UPDATE `bv_updation` SET left_carry = left_carry+50, total_left = total_left+50
WHERE `user_id` = 'AA8V6V';
INSERT INTO `placement_bv_update_history` (`left_carry`, `date`, `from_id`, `user_id`) VALUES ('50', '2024-09-26 18:43:47', '5QN8RG', 'AA8V6V');
INSERT INTO `matrix_filling` (`placement_id`, `downline_id`, `level`, `matrix`) VALUES ('61ME4O', '5QN8RG', 46, 1);
UPDATE `bv_updation` SET left_carry = left_carry+50, total_left = total_left+50
WHERE `user_id` = '61ME4O';
INSERT INTO `placement_bv_update_history` (`left_carry`, `date`, `from_id`, `user_id`) VALUES ('50', '2024-09-26 18:43:47', '5QN8RG', '61ME4O');
INSERT INTO `matrix_filling` (`placement_id`, `downline_id`, `level`, `matrix`) VALUES ('WS1SZZ', '5QN8RG', 47, 1);
UPDATE `bv_updation` SET left_carry = left_carry+50, total_left = total_left+50
WHERE `user_id` = 'WS1SZZ';
INSERT INTO `placement_bv_update_history` (`left_carry`, `date`, `from_id`, `user_id`) VALUES ('50', '2024-09-26 18:43:47', '5QN8RG', 'WS1SZZ');
INSERT INTO `matrix_filling` (`placement_id`, `downline_id`, `level`, `matrix`) VALUES ('TBN4MZ', '5QN8RG', 48, 1);
UPDATE `bv_updation` SET left_carry = left_carry+50, total_left = total_left+50
WHERE `user_id` = 'TBN4MZ';
INSERT INTO `placement_bv_update_history` (`left_carry`, `date`, `from_id`, `user_id`) VALUES ('50', '2024-09-26 18:43:47', '5QN8RG', 'TBN4MZ');
INSERT INTO `matrix_filling` (`placement_id`, `downline_id`, `level`, `matrix`) VALUES ('OEMJ8R', '5QN8RG', 49, 1);
UPDATE `bv_updation` SET left_carry = left_carry+50, total_left = total_left+50
WHERE `user_id` = 'OEMJ8R';
INSERT INTO `placement_bv_update_history` (`left_carry`, `date`, `from_id`, `user_id`) VALUES ('50', '2024-09-26 18:43:47', '5QN8RG', 'OEMJ8R');
INSERT INTO `matrix_filling` (`placement_id`, `downline_id`, `level`, `matrix`) VALUES ('FXAYIE', '5QN8RG', 50, 1);
UPDATE `bv_updation` SET left_carry = left_carry+50, total_left = total_left+50
WHERE `user_id` = 'FXAYIE';
INSERT INTO `placement_bv_update_history` (`left_carry`, `date`, `from_id`, `user_id`) VALUES ('50', '2024-09-26 18:43:47', '5QN8RG', 'FXAYIE');
INSERT INTO `matrix_filling` (`placement_id`, `downline_id`, `level`, `matrix`) VALUES ('ELXZWC', '5QN8RG', 51, 1);
UPDATE `bv_updation` SET left_carry = left_carry+50, total_left = total_left+50
WHERE `user_id` = 'ELXZWC';
INSERT INTO `placement_bv_update_history` (`left_carry`, `date`, `from_id`, `user_id`) VALUES ('50', '2024-09-26 18:43:47', '5QN8RG', 'ELXZWC');
INSERT INTO `matrix_filling` (`placement_id`, `downline_id`, `level`, `matrix`) VALUES ('C1TQVI', '5QN8RG', 52, 1);
UPDATE `bv_updation` SET left_carry = left_carry+50, total_left = total_left+50
WHERE `user_id` = 'C1TQVI';
INSERT INTO `placement_bv_update_history` (`left_carry`, `date`, `from_id`, `user_id`) VALUES ('50', '2024-09-26 18:43:47', '5QN8RG', 'C1TQVI');
INSERT INTO `matrix_filling` (`placement_id`, `downline_id`, `level`, `matrix`) VALUES ('F5GPDF', '5QN8RG', 53, 1);
UPDATE `bv_updation` SET left_carry = left_carry+50, total_left = total_left+50
WHERE `user_id` = 'F5GPDF';
INSERT INTO `placement_bv_update_history` (`left_carry`, `date`, `from_id`, `user_id`) VALUES ('50', '2024-09-26 18:43:47', '5QN8RG', 'F5GPDF');
INSERT INTO `matrix_filling` (`placement_id`, `downline_id`, `level`, `matrix`) VALUES ('91PYDK', '5QN8RG', 54, 1);
UPDATE `bv_updation` SET left_carry = left_carry+50, total_left = total_left+50
WHERE `user_id` = '91PYDK';
INSERT INTO `placement_bv_update_history` (`left_carry`, `date`, `from_id`, `user_id`) VALUES ('50', '2024-09-26 18:43:47', '5QN8RG', '91PYDK');
INSERT INTO `matrix_filling` (`placement_id`, `downline_id`, `level`, `matrix`) VALUES ('4OT7RX', '5QN8RG', 55, 1);
UPDATE `bv_updation` SET left_carry = left_carry+50, total_left = total_left+50
WHERE `user_id` = '4OT7RX';
INSERT INTO `placement_bv_update_history` (`left_carry`, `date`, `from_id`, `user_id`) VALUES ('50', '2024-09-26 18:43:47', '5QN8RG', '4OT7RX');
INSERT INTO `matrix_filling` (`placement_id`, `downline_id`, `level`, `matrix`) VALUES ('ZJZA3M', '5QN8RG', 56, 1);
UPDATE `bv_updation` SET left_carry = left_carry+50, total_left = total_left+50
WHERE `user_id` = 'ZJZA3M';
INSERT INTO `placement_bv_update_history` (`left_carry`, `date`, `from_id`, `user_id`) VALUES ('50', '2024-09-26 18:43:47', '5QN8RG', 'ZJZA3M');
INSERT INTO `matrix_filling` (`placement_id`, `downline_id`, `level`, `matrix`) VALUES ('XN6ETC', '5QN8RG', 57, 1);
UPDATE `bv_updation` SET left_carry = left_carry+50, total_left = total_left+50
WHERE `user_id` = 'XN6ETC';
INSERT INTO `placement_bv_update_history` (`left_carry`, `date`, `from_id`, `user_id`) VALUES ('50', '2024-09-26 18:43:47', '5QN8RG', 'XN6ETC');
INSERT INTO `matrix_filling` (`placement_id`, `downline_id`, `level`, `matrix`) VALUES ('KVQN1O', '5QN8RG', 58, 1);
UPDATE `bv_updation` SET left_carry = left_carry+50, total_left = total_left+50
WHERE `user_id` = 'KVQN1O';
INSERT INTO `placement_bv_update_history` (`left_carry`, `date`, `from_id`, `user_id`) VALUES ('50', '2024-09-26 18:43:47', '5QN8RG', 'KVQN1O');
INSERT INTO `matrix_filling` (`placement_id`, `downline_id`, `level`, `matrix`) VALUES ('X3V7DJ', '5QN8RG', 59, 1);
UPDATE `bv_updation` SET left_carry = left_carry+50, total_left = total_left+50
WHERE `user_id` = 'X3V7DJ';
INSERT INTO `placement_bv_update_history` (`left_carry`, `date`, `from_id`, `user_id`) VALUES ('50', '2024-09-26 18:43:47', '5QN8RG', 'X3V7DJ');
INSERT INTO `matrix_filling` (`placement_id`, `downline_id`, `level`, `matrix`) VALUES ('DJ77NH', '5QN8RG', 60, 1);
UPDATE `bv_updation` SET left_carry = left_carry+50, total_left = total_left+50
WHERE `user_id` = 'DJ77NH';
INSERT INTO `placement_bv_update_history` (`left_carry`, `date`, `from_id`, `user_id`) VALUES ('50', '2024-09-26 18:43:47', '5QN8RG', 'DJ77NH');
INSERT INTO `matrix_filling` (`placement_id`, `downline_id`, `level`, `matrix`) VALUES ('PX7XCL', '5QN8RG', 61, 1);
UPDATE `bv_updation` SET left_carry = left_carry+50, total_left = total_left+50
WHERE `user_id` = 'PX7XCL';
INSERT INTO `placement_bv_update_history` (`left_carry`, `date`, `from_id`, `user_id`) VALUES ('50', '2024-09-26 18:43:47', '5QN8RG', 'PX7XCL');
INSERT INTO `matrix_filling` (`placement_id`, `downline_id`, `level`, `matrix`) VALUES ('L8PM4Z', '5QN8RG', 62, 1);
UPDATE `bv_updation` SET left_carry = left_carry+50, total_left = total_left+50
WHERE `user_id` = 'L8PM4Z';
INSERT INTO `placement_bv_update_history` (`left_carry`, `date`, `from_id`, `user_id`) VALUES ('50', '2024-09-26 18:43:47', '5QN8RG', 'L8PM4Z');
INSERT INTO `matrix_filling` (`placement_id`, `downline_id`, `level`, `matrix`) VALUES ('GBSIER', '5QN8RG', 63, 1);
UPDATE `bv_updation` SET left_carry = left_carry+50, total_left = total_left+50
WHERE `user_id` = 'GBSIER';
INSERT INTO `placement_bv_update_history` (`left_carry`, `date`, `from_id`, `user_id`) VALUES ('50', '2024-09-26 18:43:47', '5QN8RG', 'GBSIER');
INSERT INTO `matrix_filling` (`placement_id`, `downline_id`, `level`, `matrix`) VALUES ('AV48YQ', '5QN8RG', 64, 1);
UPDATE `bv_updation` SET left_carry = left_carry+50, total_left = total_left+50
WHERE `user_id` = 'AV48YQ';
INSERT INTO `placement_bv_update_history` (`left_carry`, `date`, `from_id`, `user_id`) VALUES ('50', '2024-09-26 18:43:47', '5QN8RG', 'AV48YQ');
INSERT INTO `matrix_filling` (`placement_id`, `downline_id`, `level`, `matrix`) VALUES ('admin', '5QN8RG', 65, 1);
INSERT INTO `package_purchase_history` (`user_id`, `package_id`, `reg_fee`, `package_name`, `monthly_fee`, `type`, `date`, `payment_option`) VALUES ('5QN8RG', '2', '595', 'Traveler Pro', '150', 'sign_up', '2024-09-26 18:43:47', 'free');
UPDATE `ci_sessions` SET `timestamp` = 1727394264, `data` = '__ci_last_regenerate|i:1727394264;id|s:4:\"2514\";user_id|s:6:\"JQ3FLF\";username|s:8:\"roberto7\";sponsor_id|s:6:\"1FFFBU\";fullname|s:17:\"Roberto Sotolongo\";email|s:18:\"roberto7@gmail.com\";phone|s:10:\"7862876762\";isLogIn|b:1;'
WHERE `id` = '58554ba8033ba35778a1b27b89537e88af15c344';
UPDATE `user_registration` SET `uid` = '2951', `user_id` = '8I75FF', `username` = 'abel7', `sponsor_id` = 'JQ3FLF', `vacant` = 'no', `f_name` = 'Abel', `l_name` = 'Fleitas', `address` = '8100 SW 14 Terr', `position` = 'right', `email` = 'abel7@gmail.com', `password` = '7f4914f213ff9a13bd5706cde091f546', `phone` = '7862876762', `country` = 'United States', `state` = 'Florida', `city` = 'Miami', `street` = '8100 SW 14 Terr', `zip_code` = '33144', `reg_ip` = '172.70.255.59', `status` = 1, `package_id` = '2', `rank_id` = 1, `highest_rank` = 1, `created` = '2024-09-26 18:44:24', `subscription_date` = '2024-10-26', `google_secret` = 'P4PEOMO6GWKQUDFP'
WHERE `uid` = '2951';
INSERT INTO `user_registration` (`uid`, `user_id`, `username`, `sponsor_id`, `placement_id`, `vacant`, `f_name`, `l_name`, `address`, `position`, `email`, `password`, `phone`, `reg_ip`, `status`, `created`) VALUES (NULL, 'WVZNFY', 'TiMrdBmw', '8I75FF', '8I75FF', 'yes', '', '', '', 'left', '@mail.com', '', '', '', 0, '2024-09-26 18:44:24');
INSERT INTO `user_registration` (`uid`, `user_id`, `username`, `sponsor_id`, `placement_id`, `vacant`, `f_name`, `l_name`, `address`, `position`, `email`, `password`, `phone`, `reg_ip`, `status`, `created`) VALUES (NULL, 'ULGBZD', 'DIxAYUhq', '8I75FF', '8I75FF', 'yes', '', '', '', 'right', '@mail.com', '', '', '', 0, '2024-09-26 18:44:24');
INSERT INTO `bv_updation` (`user_id`) VALUES ('8I75FF');
UPDATE `user_registration` SET total_ref_count = total_ref_count+1
WHERE `user_id` = 'JQ3FLF';
UPDATE `user_registration` SET total_downlines = total_downlines+1
WHERE `user_id` = 'YXNE4Z';
UPDATE `user_registration` SET right_downlines = right_downlines+1
WHERE `user_id` = 'YXNE4Z';
UPDATE `user_registration` SET total_downlines = total_downlines+1
WHERE `user_id` = '5WVWL3';
UPDATE `user_registration` SET right_downlines = right_downlines+1
WHERE `user_id` = '5WVWL3';
UPDATE `user_registration` SET total_downlines = total_downlines+1
WHERE `user_id` = 'XLBVMK';
UPDATE `user_registration` SET right_downlines = right_downlines+1
WHERE `user_id` = 'XLBVMK';
UPDATE `user_registration` SET total_downlines = total_downlines+1
WHERE `user_id` = 'DZT5SL';
UPDATE `user_registration` SET right_downlines = right_downlines+1
WHERE `user_id` = 'DZT5SL';
UPDATE `user_registration` SET total_downlines = total_downlines+1
WHERE `user_id` = 'GPTICC';
UPDATE `user_registration` SET right_downlines = right_downlines+1
WHERE `user_id` = 'GPTICC';
UPDATE `user_registration` SET total_downlines = total_downlines+1
WHERE `user_id` = 'ZQ7IZT';
UPDATE `user_registration` SET right_downlines = right_downlines+1
WHERE `user_id` = 'ZQ7IZT';
UPDATE `user_registration` SET total_downlines = total_downlines+1
WHERE `user_id` = 'DYLY61';
UPDATE `user_registration` SET right_downlines = right_downlines+1
WHERE `user_id` = 'DYLY61';
UPDATE `user_registration` SET total_downlines = total_downlines+1
WHERE `user_id` = 'T7NVYY';
UPDATE `user_registration` SET right_downlines = right_downlines+1
WHERE `user_id` = 'T7NVYY';
UPDATE `user_registration` SET total_downlines = total_downlines+1
WHERE `user_id` = 'YO5TK1';
UPDATE `user_registration` SET right_downlines = right_downlines+1
WHERE `user_id` = 'YO5TK1';
UPDATE `user_registration` SET total_downlines = total_downlines+1
WHERE `user_id` = 'HMIYLT';
UPDATE `user_registration` SET right_downlines = right_downlines+1
WHERE `user_id` = 'HMIYLT';
UPDATE `user_registration` SET total_downlines = total_downlines+1
WHERE `user_id` = 'JQ3FLF';
UPDATE `user_registration` SET right_downlines = right_downlines+1
WHERE `user_id` = 'JQ3FLF';
UPDATE `user_registration` SET right_ref_count = right_ref_count+1
WHERE `user_id` = 'JQ3FLF';
UPDATE `user_registration` SET active_right = active_right+1
WHERE `user_id` = 'JQ3FLF';
UPDATE `user_registration` SET total_downlines = total_downlines+1
WHERE `user_id` = 'C3N32U';
UPDATE `user_registration` SET left_downlines = left_downlines+1
WHERE `user_id` = 'C3N32U';
UPDATE `user_registration` SET total_downlines = total_downlines+1
WHERE `user_id` = 'MNLXPP';
UPDATE `user_registration` SET left_downlines = left_downlines+1
WHERE `user_id` = 'MNLXPP';
UPDATE `user_registration` SET total_downlines = total_downlines+1
WHERE `user_id` = 'NUPA4K';
UPDATE `user_registration` SET left_downlines = left_downlines+1
WHERE `user_id` = 'NUPA4K';
UPDATE `user_registration` SET total_downlines = total_downlines+1
WHERE `user_id` = '1FFFBU';
UPDATE `user_registration` SET left_downlines = left_downlines+1
WHERE `user_id` = '1FFFBU';
UPDATE `user_registration` SET total_downlines = total_downlines+1
WHERE `user_id` = 'J4CGUT';
UPDATE `user_registration` SET left_downlines = left_downlines+1
WHERE `user_id` = 'J4CGUT';
UPDATE `user_registration` SET total_downlines = total_downlines+1
WHERE `user_id` = 'S1RTX3';
UPDATE `user_registration` SET left_downlines = left_downlines+1
WHERE `user_id` = 'S1RTX3';
UPDATE `user_registration` SET total_downlines = total_downlines+1
WHERE `user_id` = 'I8YWQA';
UPDATE `user_registration` SET left_downlines = left_downlines+1
WHERE `user_id` = 'I8YWQA';
UPDATE `user_registration` SET total_downlines = total_downlines+1
WHERE `user_id` = 'I3MZBU';
UPDATE `user_registration` SET left_downlines = left_downlines+1
WHERE `user_id` = 'I3MZBU';
UPDATE `user_registration` SET total_downlines = total_downlines+1
WHERE `user_id` = 'H2I33O';
UPDATE `user_registration` SET left_downlines = left_downlines+1
WHERE `user_id` = 'H2I33O';
UPDATE `user_registration` SET total_downlines = total_downlines+1
WHERE `user_id` = 'AL7XWH';
UPDATE `user_registration` SET left_downlines = left_downlines+1
WHERE `user_id` = 'AL7XWH';
UPDATE `user_registration` SET total_downlines = total_downlines+1
WHERE `user_id` = 'HFZ9SA';
UPDATE `user_registration` SET left_downlines = left_downlines+1
WHERE `user_id` = 'HFZ9SA';
UPDATE `user_registration` SET total_downlines = total_downlines+1
WHERE `user_id` = 'A2MTZ3';
UPDATE `user_registration` SET left_downlines = left_downlines+1
WHERE `user_id` = 'A2MTZ3';
UPDATE `user_registration` SET total_downlines = total_downlines+1
WHERE `user_id` = 'RUEKCW';
UPDATE `user_registration` SET left_downlines = left_downlines+1
WHERE `user_id` = 'RUEKCW';
UPDATE `user_registration` SET total_downlines = total_downlines+1
WHERE `user_id` = 'K3GTG4';
UPDATE `user_registration` SET left_downlines = left_downlines+1
WHERE `user_id` = 'K3GTG4';
UPDATE `user_registration` SET total_downlines = total_downlines+1
WHERE `user_id` = 'I1TUBN';
UPDATE `user_registration` SET left_downlines = left_downlines+1
WHERE `user_id` = 'I1TUBN';
UPDATE `user_registration` SET total_downlines = total_downlines+1
WHERE `user_id` = 'BAUCCU';
UPDATE `user_registration` SET left_downlines = left_downlines+1
WHERE `user_id` = 'BAUCCU';
UPDATE `user_registration` SET total_downlines = total_downlines+1
WHERE `user_id` = '62QO97';
UPDATE `user_registration` SET left_downlines = left_downlines+1
WHERE `user_id` = '62QO97';
UPDATE `user_registration` SET total_downlines = total_downlines+1
WHERE `user_id` = 'OHLQEO';
UPDATE `user_registration` SET left_downlines = left_downlines+1
WHERE `user_id` = 'OHLQEO';
UPDATE `user_registration` SET total_downlines = total_downlines+1
WHERE `user_id` = '7APFKG';
UPDATE `user_registration` SET left_downlines = left_downlines+1
WHERE `user_id` = '7APFKG';
UPDATE `user_registration` SET total_downlines = total_downlines+1
WHERE `user_id` = 'Q2Q92Y';
UPDATE `user_registration` SET left_downlines = left_downlines+1
WHERE `user_id` = 'Q2Q92Y';
UPDATE `user_registration` SET total_downlines = total_downlines+1
WHERE `user_id` = 'E9ITRC';
UPDATE `user_registration` SET left_downlines = left_downlines+1
WHERE `user_id` = 'E9ITRC';
UPDATE `user_registration` SET total_downlines = total_downlines+1
WHERE `user_id` = '7COKBB';
UPDATE `user_registration` SET left_downlines = left_downlines+1
WHERE `user_id` = '7COKBB';
UPDATE `user_registration` SET total_downlines = total_downlines+1
WHERE `user_id` = 'BDNS17';
UPDATE `user_registration` SET left_downlines = left_downlines+1
WHERE `user_id` = 'BDNS17';
UPDATE `user_registration` SET total_downlines = total_downlines+1
WHERE `user_id` = '7ZXRRE';
UPDATE `user_registration` SET left_downlines = left_downlines+1
WHERE `user_id` = '7ZXRRE';
UPDATE `user_registration` SET total_downlines = total_downlines+1
WHERE `user_id` = 'KLRAF5';
UPDATE `user_registration` SET left_downlines = left_downlines+1
WHERE `user_id` = 'KLRAF5';
UPDATE `user_registration` SET total_downlines = total_downlines+1
WHERE `user_id` = 'IFJHZG';
UPDATE `user_registration` SET left_downlines = left_downlines+1
WHERE `user_id` = 'IFJHZG';
UPDATE `user_registration` SET total_downlines = total_downlines+1
WHERE `user_id` = 'MXUV8Q';
UPDATE `user_registration` SET left_downlines = left_downlines+1
WHERE `user_id` = 'MXUV8Q';
UPDATE `user_registration` SET total_downlines = total_downlines+1
WHERE `user_id` = 'GGM164';
UPDATE `user_registration` SET left_downlines = left_downlines+1
WHERE `user_id` = 'GGM164';
UPDATE `user_registration` SET total_downlines = total_downlines+1
WHERE `user_id` = '3NKIEX';
UPDATE `user_registration` SET left_downlines = left_downlines+1
WHERE `user_id` = '3NKIEX';
UPDATE `user_registration` SET total_downlines = total_downlines+1
WHERE `user_id` = 'S56TH3';
UPDATE `user_registration` SET left_downlines = left_downlines+1
WHERE `user_id` = 'S56TH3';
UPDATE `user_registration` SET total_downlines = total_downlines+1
WHERE `user_id` = 'XYG89U';
UPDATE `user_registration` SET left_downlines = left_downlines+1
WHERE `user_id` = 'XYG89U';
UPDATE `user_registration` SET total_downlines = total_downlines+1
WHERE `user_id` = 'HTFY93';
UPDATE `user_registration` SET left_downlines = left_downlines+1
WHERE `user_id` = 'HTFY93';
UPDATE `user_registration` SET total_downlines = total_downlines+1
WHERE `user_id` = '3PR393';
UPDATE `user_registration` SET left_downlines = left_downlines+1
WHERE `user_id` = '3PR393';
UPDATE `user_registration` SET total_downlines = total_downlines+1
WHERE `user_id` = 'T3MRY1';
UPDATE `user_registration` SET left_downlines = left_downlines+1
WHERE `user_id` = 'T3MRY1';
UPDATE `user_registration` SET total_downlines = total_downlines+1
WHERE `user_id` = 'GTMCCK';
UPDATE `user_registration` SET left_downlines = left_downlines+1
WHERE `user_id` = 'GTMCCK';
UPDATE `user_registration` SET total_downlines = total_downlines+1
WHERE `user_id` = 'DLYMIF';
UPDATE `user_registration` SET left_downlines = left_downlines+1
WHERE `user_id` = 'DLYMIF';
UPDATE `user_registration` SET total_downlines = total_downlines+1
WHERE `user_id` = 'WGJ5KE';
UPDATE `user_registration` SET left_downlines = left_downlines+1
WHERE `user_id` = 'WGJ5KE';
UPDATE `user_registration` SET total_downlines = total_downlines+1
WHERE `user_id` = 'ORRJ3M';
UPDATE `user_registration` SET left_downlines = left_downlines+1
WHERE `user_id` = 'ORRJ3M';
UPDATE `user_registration` SET total_downlines = total_downlines+1
WHERE `user_id` = 'AA8V6V';
UPDATE `user_registration` SET left_downlines = left_downlines+1
WHERE `user_id` = 'AA8V6V';
UPDATE `user_registration` SET total_downlines = total_downlines+1
WHERE `user_id` = '61ME4O';
UPDATE `user_registration` SET left_downlines = left_downlines+1
WHERE `user_id` = '61ME4O';
UPDATE `user_registration` SET total_downlines = total_downlines+1
WHERE `user_id` = 'WS1SZZ';
UPDATE `user_registration` SET left_downlines = left_downlines+1
WHERE `user_id` = 'WS1SZZ';
UPDATE `user_registration` SET total_downlines = total_downlines+1
WHERE `user_id` = 'TBN4MZ';
UPDATE `user_registration` SET left_downlines = left_downlines+1
WHERE `user_id` = 'TBN4MZ';
UPDATE `user_registration` SET total_downlines = total_downlines+1
WHERE `user_id` = 'OEMJ8R';
UPDATE `user_registration` SET left_downlines = left_downlines+1
WHERE `user_id` = 'OEMJ8R';
UPDATE `user_registration` SET total_downlines = total_downlines+1
WHERE `user_id` = 'FXAYIE';
UPDATE `user_registration` SET left_downlines = left_downlines+1
WHERE `user_id` = 'FXAYIE';
UPDATE `user_registration` SET total_downlines = total_downlines+1
WHERE `user_id` = 'ELXZWC';
UPDATE `user_registration` SET left_downlines = left_downlines+1
WHERE `user_id` = 'ELXZWC';
UPDATE `user_registration` SET total_downlines = total_downlines+1
WHERE `user_id` = 'C1TQVI';
UPDATE `user_registration` SET left_downlines = left_downlines+1
WHERE `user_id` = 'C1TQVI';
UPDATE `user_registration` SET total_downlines = total_downlines+1
WHERE `user_id` = 'F5GPDF';
UPDATE `user_registration` SET left_downlines = left_downlines+1
WHERE `user_id` = 'F5GPDF';
UPDATE `user_registration` SET total_downlines = total_downlines+1
WHERE `user_id` = '91PYDK';
UPDATE `user_registration` SET left_downlines = left_downlines+1
WHERE `user_id` = '91PYDK';
UPDATE `user_registration` SET total_downlines = total_downlines+1
WHERE `user_id` = '4OT7RX';
UPDATE `user_registration` SET left_downlines = left_downlines+1
WHERE `user_id` = '4OT7RX';
UPDATE `user_registration` SET total_downlines = total_downlines+1
WHERE `user_id` = 'ZJZA3M';
UPDATE `user_registration` SET left_downlines = left_downlines+1
WHERE `user_id` = 'ZJZA3M';
UPDATE `user_registration` SET total_downlines = total_downlines+1
WHERE `user_id` = 'XN6ETC';
UPDATE `user_registration` SET left_downlines = left_downlines+1
WHERE `user_id` = 'XN6ETC';
UPDATE `user_registration` SET total_downlines = total_downlines+1
WHERE `user_id` = 'KVQN1O';
UPDATE `user_registration` SET left_downlines = left_downlines+1
WHERE `user_id` = 'KVQN1O';
UPDATE `user_registration` SET total_downlines = total_downlines+1
WHERE `user_id` = 'X3V7DJ';
UPDATE `user_registration` SET left_downlines = left_downlines+1
WHERE `user_id` = 'X3V7DJ';
UPDATE `user_registration` SET total_downlines = total_downlines+1
WHERE `user_id` = 'DJ77NH';
UPDATE `user_registration` SET left_downlines = left_downlines+1
WHERE `user_id` = 'DJ77NH';
UPDATE `user_registration` SET total_downlines = total_downlines+1
WHERE `user_id` = 'PX7XCL';
UPDATE `user_registration` SET left_downlines = left_downlines+1
WHERE `user_id` = 'PX7XCL';
UPDATE `user_registration` SET total_downlines = total_downlines+1
WHERE `user_id` = 'L8PM4Z';
UPDATE `user_registration` SET left_downlines = left_downlines+1
WHERE `user_id` = 'L8PM4Z';
UPDATE `user_registration` SET total_downlines = total_downlines+1
WHERE `user_id` = 'GBSIER';
UPDATE `user_registration` SET left_downlines = left_downlines+1
WHERE `user_id` = 'GBSIER';
UPDATE `user_registration` SET total_downlines = total_downlines+1
WHERE `user_id` = 'AV48YQ';
UPDATE `user_registration` SET left_downlines = left_downlines+1
WHERE `user_id` = 'AV48YQ';
UPDATE `user_registration` SET total_downlines = total_downlines+1
WHERE `user_id` = 'admin';
UPDATE `user_registration` SET left_downlines = left_downlines+1
WHERE `user_id` = 'admin';
INSERT INTO `investment` (`invest_date`, `user_id`, `type`, `amount`, `package_id`) VALUES ('2024-09-26 18:44:25', '8I75FF', 'register', '595', '2');
INSERT INTO `earnings` (`user_id`, `Purchaser_id`, `earning_type`, `package_id`, `amount`, `date`, `comments`, `invest_amount`, `comm_perc`, `level`, `rank_id`, `order_id`) VALUES ('JQ3FLF', '8I75FF', 'Direct Referral Bonus', '2', '100', '2024-09-26 18:44:25', 'Direct Referral Bonus', 0, 0, 1, '', 325);
UPDATE `user_registration` SET commission_balance = ROUND(commission_balance + 100,2)
WHERE `user_id` = 'JQ3FLF';
INSERT INTO `earnings` (`user_id`, `Purchaser_id`, `earning_type`, `package_id`, `amount`, `date`, `comments`, `invest_amount`, `comm_perc`, `level`, `rank_id`, `order_id`) VALUES ('1FFFBU', '8I75FF', 'Expansion Bonus', '2', 200, '2024-09-26 18:44:25', 'Expansion Bonus', '100', 0, 1, '', 325);
UPDATE `user_registration` SET commission_balance = ROUND(commission_balance + 200,2)
WHERE `user_id` = '1FFFBU';
INSERT INTO `matrix_filling` (`placement_id`, `downline_id`, `level`, `matrix`) VALUES ('YXNE4Z', '8I75FF', 1, 1);
UPDATE `bv_updation` SET right_carry = right_carry+50, total_right = total_right+50
WHERE `user_id` = 'YXNE4Z';
INSERT INTO `placement_bv_update_history` (`right_carry`, `date`, `from_id`, `user_id`) VALUES ('50', '2024-09-26 18:44:25', '8I75FF', 'YXNE4Z');
INSERT INTO `matrix_filling` (`placement_id`, `downline_id`, `level`, `matrix`) VALUES ('5WVWL3', '8I75FF', 2, 1);
UPDATE `bv_updation` SET right_carry = right_carry+50, total_right = total_right+50
WHERE `user_id` = '5WVWL3';
INSERT INTO `placement_bv_update_history` (`right_carry`, `date`, `from_id`, `user_id`) VALUES ('50', '2024-09-26 18:44:25', '8I75FF', '5WVWL3');
INSERT INTO `matrix_filling` (`placement_id`, `downline_id`, `level`, `matrix`) VALUES ('XLBVMK', '8I75FF', 3, 1);
UPDATE `bv_updation` SET right_carry = right_carry+50, total_right = total_right+50
WHERE `user_id` = 'XLBVMK';
INSERT INTO `placement_bv_update_history` (`right_carry`, `date`, `from_id`, `user_id`) VALUES ('50', '2024-09-26 18:44:25', '8I75FF', 'XLBVMK');
INSERT INTO `matrix_filling` (`placement_id`, `downline_id`, `level`, `matrix`) VALUES ('DZT5SL', '8I75FF', 4, 1);
UPDATE `bv_updation` SET right_carry = right_carry+50, total_right = total_right+50
WHERE `user_id` = 'DZT5SL';
INSERT INTO `placement_bv_update_history` (`right_carry`, `date`, `from_id`, `user_id`) VALUES ('50', '2024-09-26 18:44:25', '8I75FF', 'DZT5SL');
INSERT INTO `matrix_filling` (`placement_id`, `downline_id`, `level`, `matrix`) VALUES ('GPTICC', '8I75FF', 5, 1);
UPDATE `bv_updation` SET right_carry = right_carry+50, total_right = total_right+50
WHERE `user_id` = 'GPTICC';
INSERT INTO `placement_bv_update_history` (`right_carry`, `date`, `from_id`, `user_id`) VALUES ('50', '2024-09-26 18:44:25', '8I75FF', 'GPTICC');
INSERT INTO `matrix_filling` (`placement_id`, `downline_id`, `level`, `matrix`) VALUES ('ZQ7IZT', '8I75FF', 6, 1);
UPDATE `bv_updation` SET right_carry = right_carry+50, total_right = total_right+50
WHERE `user_id` = 'ZQ7IZT';
INSERT INTO `placement_bv_update_history` (`right_carry`, `date`, `from_id`, `user_id`) VALUES ('50', '2024-09-26 18:44:25', '8I75FF', 'ZQ7IZT');
INSERT INTO `matrix_filling` (`placement_id`, `downline_id`, `level`, `matrix`) VALUES ('DYLY61', '8I75FF', 7, 1);
UPDATE `bv_updation` SET right_carry = right_carry+50, total_right = total_right+50
WHERE `user_id` = 'DYLY61';
INSERT INTO `placement_bv_update_history` (`right_carry`, `date`, `from_id`, `user_id`) VALUES ('50', '2024-09-26 18:44:25', '8I75FF', 'DYLY61');
INSERT INTO `matrix_filling` (`placement_id`, `downline_id`, `level`, `matrix`) VALUES ('T7NVYY', '8I75FF', 8, 1);
UPDATE `bv_updation` SET right_carry = right_carry+50, total_right = total_right+50
WHERE `user_id` = 'T7NVYY';
INSERT INTO `placement_bv_update_history` (`right_carry`, `date`, `from_id`, `user_id`) VALUES ('50', '2024-09-26 18:44:25', '8I75FF', 'T7NVYY');
INSERT INTO `matrix_filling` (`placement_id`, `downline_id`, `level`, `matrix`) VALUES ('YO5TK1', '8I75FF', 9, 1);
UPDATE `bv_updation` SET right_carry = right_carry+50, total_right = total_right+50
WHERE `user_id` = 'YO5TK1';
INSERT INTO `placement_bv_update_history` (`right_carry`, `date`, `from_id`, `user_id`) VALUES ('50', '2024-09-26 18:44:25', '8I75FF', 'YO5TK1');
INSERT INTO `matrix_filling` (`placement_id`, `downline_id`, `level`, `matrix`) VALUES ('HMIYLT', '8I75FF', 10, 1);
UPDATE `bv_updation` SET right_carry = right_carry+50, total_right = total_right+50
WHERE `user_id` = 'HMIYLT';
INSERT INTO `placement_bv_update_history` (`right_carry`, `date`, `from_id`, `user_id`) VALUES ('50', '2024-09-26 18:44:25', '8I75FF', 'HMIYLT');
INSERT INTO `matrix_filling` (`placement_id`, `downline_id`, `level`, `matrix`) VALUES ('JQ3FLF', '8I75FF', 11, 1);
UPDATE `bv_updation` SET right_carry = right_carry+50, total_right = total_right+50
WHERE `user_id` = 'JQ3FLF';
INSERT INTO `placement_bv_update_history` (`right_carry`, `date`, `from_id`, `user_id`) VALUES ('50', '2024-09-26 18:44:25', '8I75FF', 'JQ3FLF');
UPDATE `bv_updation` SET sponsor_right_carry = sponsor_right_carry+50, sponsor_total_right = sponsor_total_right+50
WHERE `user_id` = 'JQ3FLF';
INSERT INTO `sponsor_bv_update_history` (`right_carry`, `date`, `user_id`) VALUES ('50', '2024-09-26 18:44:25', 'JQ3FLF');
INSERT INTO `matrix_filling` (`placement_id`, `downline_id`, `level`, `matrix`) VALUES ('C3N32U', '8I75FF', 12, 1);
UPDATE `bv_updation` SET left_carry = left_carry+50, total_left = total_left+50
WHERE `user_id` = 'C3N32U';
INSERT INTO `placement_bv_update_history` (`left_carry`, `date`, `from_id`, `user_id`) VALUES ('50', '2024-09-26 18:44:25', '8I75FF', 'C3N32U');
INSERT INTO `matrix_filling` (`placement_id`, `downline_id`, `level`, `matrix`) VALUES ('MNLXPP', '8I75FF', 13, 1);
UPDATE `bv_updation` SET left_carry = left_carry+50, total_left = total_left+50
WHERE `user_id` = 'MNLXPP';
INSERT INTO `placement_bv_update_history` (`left_carry`, `date`, `from_id`, `user_id`) VALUES ('50', '2024-09-26 18:44:25', '8I75FF', 'MNLXPP');
INSERT INTO `matrix_filling` (`placement_id`, `downline_id`, `level`, `matrix`) VALUES ('NUPA4K', '8I75FF', 14, 1);
UPDATE `bv_updation` SET left_carry = left_carry+50, total_left = total_left+50
WHERE `user_id` = 'NUPA4K';
INSERT INTO `placement_bv_update_history` (`left_carry`, `date`, `from_id`, `user_id`) VALUES ('50', '2024-09-26 18:44:25', '8I75FF', 'NUPA4K');
INSERT INTO `matrix_filling` (`placement_id`, `downline_id`, `level`, `matrix`) VALUES ('1FFFBU', '8I75FF', 15, 1);
UPDATE `bv_updation` SET left_carry = left_carry+50, total_left = total_left+50
WHERE `user_id` = '1FFFBU';
INSERT INTO `placement_bv_update_history` (`left_carry`, `date`, `from_id`, `user_id`) VALUES ('50', '2024-09-26 18:44:25', '8I75FF', '1FFFBU');
INSERT INTO `matrix_filling` (`placement_id`, `downline_id`, `level`, `matrix`) VALUES ('J4CGUT', '8I75FF', 16, 1);
UPDATE `bv_updation` SET left_carry = left_carry+50, total_left = total_left+50
WHERE `user_id` = 'J4CGUT';
INSERT INTO `placement_bv_update_history` (`left_carry`, `date`, `from_id`, `user_id`) VALUES ('50', '2024-09-26 18:44:25', '8I75FF', 'J4CGUT');
INSERT INTO `matrix_filling` (`placement_id`, `downline_id`, `level`, `matrix`) VALUES ('S1RTX3', '8I75FF', 17, 1);
UPDATE `bv_updation` SET left_carry = left_carry+50, total_left = total_left+50
WHERE `user_id` = 'S1RTX3';
INSERT INTO `placement_bv_update_history` (`left_carry`, `date`, `from_id`, `user_id`) VALUES ('50', '2024-09-26 18:44:25', '8I75FF', 'S1RTX3');
INSERT INTO `matrix_filling` (`placement_id`, `downline_id`, `level`, `matrix`) VALUES ('I8YWQA', '8I75FF', 18, 1);
UPDATE `bv_updation` SET left_carry = left_carry+50, total_left = total_left+50
WHERE `user_id` = 'I8YWQA';
INSERT INTO `placement_bv_update_history` (`left_carry`, `date`, `from_id`, `user_id`) VALUES ('50', '2024-09-26 18:44:25', '8I75FF', 'I8YWQA');
INSERT INTO `matrix_filling` (`placement_id`, `downline_id`, `level`, `matrix`) VALUES ('I3MZBU', '8I75FF', 19, 1);
UPDATE `bv_updation` SET left_carry = left_carry+50, total_left = total_left+50
WHERE `user_id` = 'I3MZBU';
INSERT INTO `placement_bv_update_history` (`left_carry`, `date`, `from_id`, `user_id`) VALUES ('50', '2024-09-26 18:44:25', '8I75FF', 'I3MZBU');
INSERT INTO `matrix_filling` (`placement_id`, `downline_id`, `level`, `matrix`) VALUES ('H2I33O', '8I75FF', 20, 1);
UPDATE `bv_updation` SET left_carry = left_carry+50, total_left = total_left+50
WHERE `user_id` = 'H2I33O';
INSERT INTO `placement_bv_update_history` (`left_carry`, `date`, `from_id`, `user_id`) VALUES ('50', '2024-09-26 18:44:25', '8I75FF', 'H2I33O');
INSERT INTO `matrix_filling` (`placement_id`, `downline_id`, `level`, `matrix`) VALUES ('AL7XWH', '8I75FF', 21, 1);
UPDATE `bv_updation` SET left_carry = left_carry+50, total_left = total_left+50
WHERE `user_id` = 'AL7XWH';
INSERT INTO `placement_bv_update_history` (`left_carry`, `date`, `from_id`, `user_id`) VALUES ('50', '2024-09-26 18:44:25', '8I75FF', 'AL7XWH');
INSERT INTO `matrix_filling` (`placement_id`, `downline_id`, `level`, `matrix`) VALUES ('HFZ9SA', '8I75FF', 22, 1);
UPDATE `bv_updation` SET left_carry = left_carry+50, total_left = total_left+50
WHERE `user_id` = 'HFZ9SA';
INSERT INTO `placement_bv_update_history` (`left_carry`, `date`, `from_id`, `user_id`) VALUES ('50', '2024-09-26 18:44:25', '8I75FF', 'HFZ9SA');
INSERT INTO `matrix_filling` (`placement_id`, `downline_id`, `level`, `matrix`) VALUES ('A2MTZ3', '8I75FF', 23, 1);
UPDATE `bv_updation` SET left_carry = left_carry+50, total_left = total_left+50
WHERE `user_id` = 'A2MTZ3';
INSERT INTO `placement_bv_update_history` (`left_carry`, `date`, `from_id`, `user_id`) VALUES ('50', '2024-09-26 18:44:25', '8I75FF', 'A2MTZ3');
INSERT INTO `matrix_filling` (`placement_id`, `downline_id`, `level`, `matrix`) VALUES ('RUEKCW', '8I75FF', 24, 1);
UPDATE `bv_updation` SET left_carry = left_carry+50, total_left = total_left+50
WHERE `user_id` = 'RUEKCW';
INSERT INTO `placement_bv_update_history` (`left_carry`, `date`, `from_id`, `user_id`) VALUES ('50', '2024-09-26 18:44:25', '8I75FF', 'RUEKCW');
INSERT INTO `matrix_filling` (`placement_id`, `downline_id`, `level`, `matrix`) VALUES ('K3GTG4', '8I75FF', 25, 1);
UPDATE `bv_updation` SET left_carry = left_carry+50, total_left = total_left+50
WHERE `user_id` = 'K3GTG4';
INSERT INTO `placement_bv_update_history` (`left_carry`, `date`, `from_id`, `user_id`) VALUES ('50', '2024-09-26 18:44:25', '8I75FF', 'K3GTG4');
INSERT INTO `matrix_filling` (`placement_id`, `downline_id`, `level`, `matrix`) VALUES ('I1TUBN', '8I75FF', 26, 1);
UPDATE `bv_updation` SET left_carry = left_carry+50, total_left = total_left+50
WHERE `user_id` = 'I1TUBN';
INSERT INTO `placement_bv_update_history` (`left_carry`, `date`, `from_id`, `user_id`) VALUES ('50', '2024-09-26 18:44:25', '8I75FF', 'I1TUBN');
INSERT INTO `matrix_filling` (`placement_id`, `downline_id`, `level`, `matrix`) VALUES ('BAUCCU', '8I75FF', 27, 1);
UPDATE `bv_updation` SET left_carry = left_carry+50, total_left = total_left+50
WHERE `user_id` = 'BAUCCU';
INSERT INTO `placement_bv_update_history` (`left_carry`, `date`, `from_id`, `user_id`) VALUES ('50', '2024-09-26 18:44:25', '8I75FF', 'BAUCCU');
INSERT INTO `matrix_filling` (`placement_id`, `downline_id`, `level`, `matrix`) VALUES ('62QO97', '8I75FF', 28, 1);
UPDATE `bv_updation` SET left_carry = left_carry+50, total_left = total_left+50
WHERE `user_id` = '62QO97';
INSERT INTO `placement_bv_update_history` (`left_carry`, `date`, `from_id`, `user_id`) VALUES ('50', '2024-09-26 18:44:25', '8I75FF', '62QO97');
INSERT INTO `matrix_filling` (`placement_id`, `downline_id`, `level`, `matrix`) VALUES ('OHLQEO', '8I75FF', 29, 1);
UPDATE `bv_updation` SET left_carry = left_carry+50, total_left = total_left+50
WHERE `user_id` = 'OHLQEO';
INSERT INTO `placement_bv_update_history` (`left_carry`, `date`, `from_id`, `user_id`) VALUES ('50', '2024-09-26 18:44:25', '8I75FF', 'OHLQEO');
INSERT INTO `matrix_filling` (`placement_id`, `downline_id`, `level`, `matrix`) VALUES ('7APFKG', '8I75FF', 30, 1);
UPDATE `bv_updation` SET left_carry = left_carry+50, total_left = total_left+50
WHERE `user_id` = '7APFKG';
INSERT INTO `placement_bv_update_history` (`left_carry`, `date`, `from_id`, `user_id`) VALUES ('50', '2024-09-26 18:44:25', '8I75FF', '7APFKG');
INSERT INTO `matrix_filling` (`placement_id`, `downline_id`, `level`, `matrix`) VALUES ('Q2Q92Y', '8I75FF', 31, 1);
UPDATE `bv_updation` SET left_carry = left_carry+50, total_left = total_left+50
WHERE `user_id` = 'Q2Q92Y';
INSERT INTO `placement_bv_update_history` (`left_carry`, `date`, `from_id`, `user_id`) VALUES ('50', '2024-09-26 18:44:25', '8I75FF', 'Q2Q92Y');
INSERT INTO `matrix_filling` (`placement_id`, `downline_id`, `level`, `matrix`) VALUES ('E9ITRC', '8I75FF', 32, 1);
UPDATE `bv_updation` SET left_carry = left_carry+50, total_left = total_left+50
WHERE `user_id` = 'E9ITRC';
INSERT INTO `placement_bv_update_history` (`left_carry`, `date`, `from_id`, `user_id`) VALUES ('50', '2024-09-26 18:44:25', '8I75FF', 'E9ITRC');
INSERT INTO `matrix_filling` (`placement_id`, `downline_id`, `level`, `matrix`) VALUES ('7COKBB', '8I75FF', 33, 1);
UPDATE `bv_updation` SET left_carry = left_carry+50, total_left = total_left+50
WHERE `user_id` = '7COKBB';
INSERT INTO `placement_bv_update_history` (`left_carry`, `date`, `from_id`, `user_id`) VALUES ('50', '2024-09-26 18:44:25', '8I75FF', '7COKBB');
INSERT INTO `matrix_filling` (`placement_id`, `downline_id`, `level`, `matrix`) VALUES ('BDNS17', '8I75FF', 34, 1);
UPDATE `bv_updation` SET left_carry = left_carry+50, total_left = total_left+50
WHERE `user_id` = 'BDNS17';
INSERT INTO `placement_bv_update_history` (`left_carry`, `date`, `from_id`, `user_id`) VALUES ('50', '2024-09-26 18:44:25', '8I75FF', 'BDNS17');
INSERT INTO `matrix_filling` (`placement_id`, `downline_id`, `level`, `matrix`) VALUES ('7ZXRRE', '8I75FF', 35, 1);
UPDATE `bv_updation` SET left_carry = left_carry+50, total_left = total_left+50
WHERE `user_id` = '7ZXRRE';
INSERT INTO `placement_bv_update_history` (`left_carry`, `date`, `from_id`, `user_id`) VALUES ('50', '2024-09-26 18:44:25', '8I75FF', '7ZXRRE');
INSERT INTO `matrix_filling` (`placement_id`, `downline_id`, `level`, `matrix`) VALUES ('KLRAF5', '8I75FF', 36, 1);
UPDATE `bv_updation` SET left_carry = left_carry+50, total_left = total_left+50
WHERE `user_id` = 'KLRAF5';
INSERT INTO `placement_bv_update_history` (`left_carry`, `date`, `from_id`, `user_id`) VALUES ('50', '2024-09-26 18:44:25', '8I75FF', 'KLRAF5');
INSERT INTO `matrix_filling` (`placement_id`, `downline_id`, `level`, `matrix`) VALUES ('IFJHZG', '8I75FF', 37, 1);
UPDATE `bv_updation` SET left_carry = left_carry+50, total_left = total_left+50
WHERE `user_id` = 'IFJHZG';
INSERT INTO `placement_bv_update_history` (`left_carry`, `date`, `from_id`, `user_id`) VALUES ('50', '2024-09-26 18:44:25', '8I75FF', 'IFJHZG');
INSERT INTO `matrix_filling` (`placement_id`, `downline_id`, `level`, `matrix`) VALUES ('MXUV8Q', '8I75FF', 38, 1);
UPDATE `bv_updation` SET left_carry = left_carry+50, total_left = total_left+50
WHERE `user_id` = 'MXUV8Q';
INSERT INTO `placement_bv_update_history` (`left_carry`, `date`, `from_id`, `user_id`) VALUES ('50', '2024-09-26 18:44:25', '8I75FF', 'MXUV8Q');
INSERT INTO `matrix_filling` (`placement_id`, `downline_id`, `level`, `matrix`) VALUES ('GGM164', '8I75FF', 39, 1);
UPDATE `bv_updation` SET left_carry = left_carry+50, total_left = total_left+50
WHERE `user_id` = 'GGM164';
INSERT INTO `placement_bv_update_history` (`left_carry`, `date`, `from_id`, `user_id`) VALUES ('50', '2024-09-26 18:44:25', '8I75FF', 'GGM164');
INSERT INTO `matrix_filling` (`placement_id`, `downline_id`, `level`, `matrix`) VALUES ('3NKIEX', '8I75FF', 40, 1);
UPDATE `bv_updation` SET left_carry = left_carry+50, total_left = total_left+50
WHERE `user_id` = '3NKIEX';
INSERT INTO `placement_bv_update_history` (`left_carry`, `date`, `from_id`, `user_id`) VALUES ('50', '2024-09-26 18:44:25', '8I75FF', '3NKIEX');
INSERT INTO `matrix_filling` (`placement_id`, `downline_id`, `level`, `matrix`) VALUES ('S56TH3', '8I75FF', 41, 1);
UPDATE `bv_updation` SET left_carry = left_carry+50, total_left = total_left+50
WHERE `user_id` = 'S56TH3';
INSERT INTO `placement_bv_update_history` (`left_carry`, `date`, `from_id`, `user_id`) VALUES ('50', '2024-09-26 18:44:25', '8I75FF', 'S56TH3');
INSERT INTO `matrix_filling` (`placement_id`, `downline_id`, `level`, `matrix`) VALUES ('XYG89U', '8I75FF', 42, 1);
UPDATE `bv_updation` SET left_carry = left_carry+50, total_left = total_left+50
WHERE `user_id` = 'XYG89U';
INSERT INTO `placement_bv_update_history` (`left_carry`, `date`, `from_id`, `user_id`) VALUES ('50', '2024-09-26 18:44:25', '8I75FF', 'XYG89U');
INSERT INTO `matrix_filling` (`placement_id`, `downline_id`, `level`, `matrix`) VALUES ('HTFY93', '8I75FF', 43, 1);
UPDATE `bv_updation` SET left_carry = left_carry+50, total_left = total_left+50
WHERE `user_id` = 'HTFY93';
INSERT INTO `placement_bv_update_history` (`left_carry`, `date`, `from_id`, `user_id`) VALUES ('50', '2024-09-26 18:44:25', '8I75FF', 'HTFY93');
INSERT INTO `matrix_filling` (`placement_id`, `downline_id`, `level`, `matrix`) VALUES ('3PR393', '8I75FF', 44, 1);
UPDATE `bv_updation` SET left_carry = left_carry+50, total_left = total_left+50
WHERE `user_id` = '3PR393';
INSERT INTO `placement_bv_update_history` (`left_carry`, `date`, `from_id`, `user_id`) VALUES ('50', '2024-09-26 18:44:25', '8I75FF', '3PR393');
INSERT INTO `matrix_filling` (`placement_id`, `downline_id`, `level`, `matrix`) VALUES ('T3MRY1', '8I75FF', 45, 1);
UPDATE `bv_updation` SET left_carry = left_carry+50, total_left = total_left+50
WHERE `user_id` = 'T3MRY1';
INSERT INTO `placement_bv_update_history` (`left_carry`, `date`, `from_id`, `user_id`) VALUES ('50', '2024-09-26 18:44:25', '8I75FF', 'T3MRY1');
INSERT INTO `matrix_filling` (`placement_id`, `downline_id`, `level`, `matrix`) VALUES ('GTMCCK', '8I75FF', 46, 1);
UPDATE `bv_updation` SET left_carry = left_carry+50, total_left = total_left+50
WHERE `user_id` = 'GTMCCK';
INSERT INTO `placement_bv_update_history` (`left_carry`, `date`, `from_id`, `user_id`) VALUES ('50', '2024-09-26 18:44:25', '8I75FF', 'GTMCCK');
INSERT INTO `matrix_filling` (`placement_id`, `downline_id`, `level`, `matrix`) VALUES ('DLYMIF', '8I75FF', 47, 1);
UPDATE `bv_updation` SET left_carry = left_carry+50, total_left = total_left+50
WHERE `user_id` = 'DLYMIF';
INSERT INTO `placement_bv_update_history` (`left_carry`, `date`, `from_id`, `user_id`) VALUES ('50', '2024-09-26 18:44:25', '8I75FF', 'DLYMIF');
INSERT INTO `matrix_filling` (`placement_id`, `downline_id`, `level`, `matrix`) VALUES ('WGJ5KE', '8I75FF', 48, 1);
UPDATE `bv_updation` SET left_carry = left_carry+50, total_left = total_left+50
WHERE `user_id` = 'WGJ5KE';
INSERT INTO `placement_bv_update_history` (`left_carry`, `date`, `from_id`, `user_id`) VALUES ('50', '2024-09-26 18:44:25', '8I75FF', 'WGJ5KE');
INSERT INTO `matrix_filling` (`placement_id`, `downline_id`, `level`, `matrix`) VALUES ('ORRJ3M', '8I75FF', 49, 1);
UPDATE `bv_updation` SET left_carry = left_carry+50, total_left = total_left+50
WHERE `user_id` = 'ORRJ3M';
INSERT INTO `placement_bv_update_history` (`left_carry`, `date`, `from_id`, `user_id`) VALUES ('50', '2024-09-26 18:44:25', '8I75FF', 'ORRJ3M');
INSERT INTO `matrix_filling` (`placement_id`, `downline_id`, `level`, `matrix`) VALUES ('AA8V6V', '8I75FF', 50, 1);
UPDATE `bv_updation` SET left_carry = left_carry+50, total_left = total_left+50
WHERE `user_id` = 'AA8V6V';
INSERT INTO `placement_bv_update_history` (`left_carry`, `date`, `from_id`, `user_id`) VALUES ('50', '2024-09-26 18:44:25', '8I75FF', 'AA8V6V');
INSERT INTO `matrix_filling` (`placement_id`, `downline_id`, `level`, `matrix`) VALUES ('61ME4O', '8I75FF', 51, 1);
UPDATE `bv_updation` SET left_carry = left_carry+50, total_left = total_left+50
WHERE `user_id` = '61ME4O';
INSERT INTO `placement_bv_update_history` (`left_carry`, `date`, `from_id`, `user_id`) VALUES ('50', '2024-09-26 18:44:25', '8I75FF', '61ME4O');
INSERT INTO `matrix_filling` (`placement_id`, `downline_id`, `level`, `matrix`) VALUES ('WS1SZZ', '8I75FF', 52, 1);
UPDATE `bv_updation` SET left_carry = left_carry+50, total_left = total_left+50
WHERE `user_id` = 'WS1SZZ';
INSERT INTO `placement_bv_update_history` (`left_carry`, `date`, `from_id`, `user_id`) VALUES ('50', '2024-09-26 18:44:25', '8I75FF', 'WS1SZZ');
INSERT INTO `matrix_filling` (`placement_id`, `downline_id`, `level`, `matrix`) VALUES ('TBN4MZ', '8I75FF', 53, 1);
UPDATE `bv_updation` SET left_carry = left_carry+50, total_left = total_left+50
WHERE `user_id` = 'TBN4MZ';
INSERT INTO `placement_bv_update_history` (`left_carry`, `date`, `from_id`, `user_id`) VALUES ('50', '2024-09-26 18:44:25', '8I75FF', 'TBN4MZ');
INSERT INTO `matrix_filling` (`placement_id`, `downline_id`, `level`, `matrix`) VALUES ('OEMJ8R', '8I75FF', 54, 1);
UPDATE `bv_updation` SET left_carry = left_carry+50, total_left = total_left+50
WHERE `user_id` = 'OEMJ8R';
INSERT INTO `placement_bv_update_history` (`left_carry`, `date`, `from_id`, `user_id`) VALUES ('50', '2024-09-26 18:44:25', '8I75FF', 'OEMJ8R');
INSERT INTO `matrix_filling` (`placement_id`, `downline_id`, `level`, `matrix`) VALUES ('FXAYIE', '8I75FF', 55, 1);
UPDATE `bv_updation` SET left_carry = left_carry+50, total_left = total_left+50
WHERE `user_id` = 'FXAYIE';
INSERT INTO `placement_bv_update_history` (`left_carry`, `date`, `from_id`, `user_id`) VALUES ('50', '2024-09-26 18:44:25', '8I75FF', 'FXAYIE');
INSERT INTO `matrix_filling` (`placement_id`, `downline_id`, `level`, `matrix`) VALUES ('ELXZWC', '8I75FF', 56, 1);
UPDATE `bv_updation` SET left_carry = left_carry+50, total_left = total_left+50
WHERE `user_id` = 'ELXZWC';
INSERT INTO `placement_bv_update_history` (`left_carry`, `date`, `from_id`, `user_id`) VALUES ('50', '2024-09-26 18:44:25', '8I75FF', 'ELXZWC');
INSERT INTO `matrix_filling` (`placement_id`, `downline_id`, `level`, `matrix`) VALUES ('C1TQVI', '8I75FF', 57, 1);
UPDATE `bv_updation` SET left_carry = left_carry+50, total_left = total_left+50
WHERE `user_id` = 'C1TQVI';
INSERT INTO `placement_bv_update_history` (`left_carry`, `date`, `from_id`, `user_id`) VALUES ('50', '2024-09-26 18:44:25', '8I75FF', 'C1TQVI');
INSERT INTO `matrix_filling` (`placement_id`, `downline_id`, `level`, `matrix`) VALUES ('F5GPDF', '8I75FF', 58, 1);
UPDATE `bv_updation` SET left_carry = left_carry+50, total_left = total_left+50
WHERE `user_id` = 'F5GPDF';
INSERT INTO `placement_bv_update_history` (`left_carry`, `date`, `from_id`, `user_id`) VALUES ('50', '2024-09-26 18:44:25', '8I75FF', 'F5GPDF');
INSERT INTO `matrix_filling` (`placement_id`, `downline_id`, `level`, `matrix`) VALUES ('91PYDK', '8I75FF', 59, 1);
UPDATE `bv_updation` SET left_carry = left_carry+50, total_left = total_left+50
WHERE `user_id` = '91PYDK';
INSERT INTO `placement_bv_update_history` (`left_carry`, `date`, `from_id`, `user_id`) VALUES ('50', '2024-09-26 18:44:25', '8I75FF', '91PYDK');
INSERT INTO `matrix_filling` (`placement_id`, `downline_id`, `level`, `matrix`) VALUES ('4OT7RX', '8I75FF', 60, 1);
UPDATE `bv_updation` SET left_carry = left_carry+50, total_left = total_left+50
WHERE `user_id` = '4OT7RX';
INSERT INTO `placement_bv_update_history` (`left_carry`, `date`, `from_id`, `user_id`) VALUES ('50', '2024-09-26 18:44:25', '8I75FF', '4OT7RX');
INSERT INTO `matrix_filling` (`placement_id`, `downline_id`, `level`, `matrix`) VALUES ('ZJZA3M', '8I75FF', 61, 1);
UPDATE `bv_updation` SET left_carry = left_carry+50, total_left = total_left+50
WHERE `user_id` = 'ZJZA3M';
INSERT INTO `placement_bv_update_history` (`left_carry`, `date`, `from_id`, `user_id`) VALUES ('50', '2024-09-26 18:44:25', '8I75FF', 'ZJZA3M');
INSERT INTO `matrix_filling` (`placement_id`, `downline_id`, `level`, `matrix`) VALUES ('XN6ETC', '8I75FF', 62, 1);
UPDATE `bv_updation` SET left_carry = left_carry+50, total_left = total_left+50
WHERE `user_id` = 'XN6ETC';
INSERT INTO `placement_bv_update_history` (`left_carry`, `date`, `from_id`, `user_id`) VALUES ('50', '2024-09-26 18:44:25', '8I75FF', 'XN6ETC');
INSERT INTO `matrix_filling` (`placement_id`, `downline_id`, `level`, `matrix`) VALUES ('KVQN1O', '8I75FF', 63, 1);
UPDATE `bv_updation` SET left_carry = left_carry+50, total_left = total_left+50
WHERE `user_id` = 'KVQN1O';
INSERT INTO `placement_bv_update_history` (`left_carry`, `date`, `from_id`, `user_id`) VALUES ('50', '2024-09-26 18:44:25', '8I75FF', 'KVQN1O');
INSERT INTO `matrix_filling` (`placement_id`, `downline_id`, `level`, `matrix`) VALUES ('X3V7DJ', '8I75FF', 64, 1);
UPDATE `bv_updation` SET left_carry = left_carry+50, total_left = total_left+50
WHERE `user_id` = 'X3V7DJ';
INSERT INTO `placement_bv_update_history` (`left_carry`, `date`, `from_id`, `user_id`) VALUES ('50', '2024-09-26 18:44:25', '8I75FF', 'X3V7DJ');
INSERT INTO `matrix_filling` (`placement_id`, `downline_id`, `level`, `matrix`) VALUES ('DJ77NH', '8I75FF', 65, 1);
UPDATE `bv_updation` SET left_carry = left_carry+50, total_left = total_left+50
WHERE `user_id` = 'DJ77NH';
INSERT INTO `placement_bv_update_history` (`left_carry`, `date`, `from_id`, `user_id`) VALUES ('50', '2024-09-26 18:44:25', '8I75FF', 'DJ77NH');
INSERT INTO `matrix_filling` (`placement_id`, `downline_id`, `level`, `matrix`) VALUES ('PX7XCL', '8I75FF', 66, 1);
UPDATE `bv_updation` SET left_carry = left_carry+50, total_left = total_left+50
WHERE `user_id` = 'PX7XCL';
INSERT INTO `placement_bv_update_history` (`left_carry`, `date`, `from_id`, `user_id`) VALUES ('50', '2024-09-26 18:44:25', '8I75FF', 'PX7XCL');
INSERT INTO `matrix_filling` (`placement_id`, `downline_id`, `level`, `matrix`) VALUES ('L8PM4Z', '8I75FF', 67, 1);
UPDATE `bv_updation` SET left_carry = left_carry+50, total_left = total_left+50
WHERE `user_id` = 'L8PM4Z';
INSERT INTO `placement_bv_update_history` (`left_carry`, `date`, `from_id`, `user_id`) VALUES ('50', '2024-09-26 18:44:25', '8I75FF', 'L8PM4Z');
INSERT INTO `matrix_filling` (`placement_id`, `downline_id`, `level`, `matrix`) VALUES ('GBSIER', '8I75FF', 68, 1);
UPDATE `bv_updation` SET left_carry = left_carry+50, total_left = total_left+50
WHERE `user_id` = 'GBSIER';
INSERT INTO `placement_bv_update_history` (`left_carry`, `date`, `from_id`, `user_id`) VALUES ('50', '2024-09-26 18:44:25', '8I75FF', 'GBSIER');
INSERT INTO `matrix_filling` (`placement_id`, `downline_id`, `level`, `matrix`) VALUES ('AV48YQ', '8I75FF', 69, 1);
UPDATE `bv_updation` SET left_carry = left_carry+50, total_left = total_left+50
WHERE `user_id` = 'AV48YQ';
INSERT INTO `placement_bv_update_history` (`left_carry`, `date`, `from_id`, `user_id`) VALUES ('50', '2024-09-26 18:44:25', '8I75FF', 'AV48YQ');
INSERT INTO `matrix_filling` (`placement_id`, `downline_id`, `level`, `matrix`) VALUES ('admin', '8I75FF', 70, 1);
INSERT INTO `package_purchase_history` (`user_id`, `package_id`, `reg_fee`, `package_name`, `monthly_fee`, `type`, `date`, `payment_option`) VALUES ('8I75FF', '2', '595', 'Traveler Pro', '150', 'sign_up', '2024-09-26 18:44:25', 'free');
UPDATE `user_registration` SET `uid` = '2954', `user_id` = 'PPDXLU', `username` = 'raisa7', `sponsor_id` = 'Z34OQI', `vacant` = 'no', `f_name` = 'Raisa', `l_name` = 'Jimenez', `address` = '6520 Kendale Lakes Dr', `position` = 'left', `email` = 'raisa7@gmail.com', `password` = '6dd010fa20e2d4ed1999c48b19f81f99', `phone` = '3057610606', `country` = 'United States', `state` = 'Florida', `city` = 'Miami', `street` = '6520 Kendale Lakes Dr', `zip_code` = '33183', `reg_ip` = '108.162.212.138', `status` = 1, `package_id` = '2', `rank_id` = 1, `highest_rank` = 1, `created` = '2024-09-26 18:45:23', `subscription_date` = '2024-10-26', `google_secret` = 'DL4UZCSARGHHWANN'
WHERE `uid` = '2954';
INSERT INTO `user_registration` (`uid`, `user_id`, `username`, `sponsor_id`, `placement_id`, `vacant`, `f_name`, `l_name`, `address`, `position`, `email`, `password`, `phone`, `reg_ip`, `status`, `created`) VALUES (NULL, 'LKSEWX', 'xBBsFdMr', 'PPDXLU', 'PPDXLU', 'yes', '', '', '', 'left', '@mail.com', '', '', '', 0, '2024-09-26 18:45:23');
INSERT INTO `user_registration` (`uid`, `user_id`, `username`, `sponsor_id`, `placement_id`, `vacant`, `f_name`, `l_name`, `address`, `position`, `email`, `password`, `phone`, `reg_ip`, `status`, `created`) VALUES (NULL, 'AZGSKF', 'jCYqFYEL', 'PPDXLU', 'PPDXLU', 'yes', '', '', '', 'right', '@mail.com', '', '', '', 0, '2024-09-26 18:45:23');
INSERT INTO `bv_updation` (`user_id`) VALUES ('PPDXLU');
UPDATE `user_registration` SET total_ref_count = total_ref_count+1
WHERE `user_id` = 'Z34OQI';
UPDATE `user_registration` SET total_downlines = total_downlines+1
WHERE `user_id` = '5QN8RG';
UPDATE `user_registration` SET left_downlines = left_downlines+1
WHERE `user_id` = '5QN8RG';
UPDATE `user_registration` SET total_downlines = total_downlines+1
WHERE `user_id` = 'LOYA7U';
UPDATE `user_registration` SET left_downlines = left_downlines+1
WHERE `user_id` = 'LOYA7U';
UPDATE `user_registration` SET total_downlines = total_downlines+1
WHERE `user_id` = 'M66HM9';
UPDATE `user_registration` SET left_downlines = left_downlines+1
WHERE `user_id` = 'M66HM9';
UPDATE `user_registration` SET total_downlines = total_downlines+1
WHERE `user_id` = 'GCVMBV';
UPDATE `user_registration` SET left_downlines = left_downlines+1
WHERE `user_id` = 'GCVMBV';
UPDATE `user_registration` SET total_downlines = total_downlines+1
WHERE `user_id` = 'V6438E';
UPDATE `user_registration` SET left_downlines = left_downlines+1
WHERE `user_id` = 'V6438E';
UPDATE `user_registration` SET total_downlines = total_downlines+1
WHERE `user_id` = 'F2RMFL';
UPDATE `user_registration` SET left_downlines = left_downlines+1
WHERE `user_id` = 'F2RMFL';
UPDATE `user_registration` SET total_downlines = total_downlines+1
WHERE `user_id` = 'GHWQ7D';
UPDATE `user_registration` SET left_downlines = left_downlines+1
WHERE `user_id` = 'GHWQ7D';
UPDATE `user_registration` SET total_downlines = total_downlines+1
WHERE `user_id` = 'Z34OQI';
UPDATE `user_registration` SET left_downlines = left_downlines+1
WHERE `user_id` = 'Z34OQI';
UPDATE `user_registration` SET left_ref_count = left_ref_count+1
WHERE `user_id` = 'Z34OQI';
UPDATE `user_registration` SET active_left = active_left+1
WHERE `user_id` = 'Z34OQI';
UPDATE `user_registration` SET total_downlines = total_downlines+1
WHERE `user_id` = '5K7DS2';
UPDATE `user_registration` SET right_downlines = right_downlines+1
WHERE `user_id` = '5K7DS2';
UPDATE `user_registration` SET total_downlines = total_downlines+1
WHERE `user_id` = 'HI62BI';
UPDATE `user_registration` SET right_downlines = right_downlines+1
WHERE `user_id` = 'HI62BI';
UPDATE `user_registration` SET total_downlines = total_downlines+1
WHERE `user_id` = '1FFFBU';
UPDATE `user_registration` SET right_downlines = right_downlines+1
WHERE `user_id` = '1FFFBU';
UPDATE `user_registration` SET total_downlines = total_downlines+1
WHERE `user_id` = 'J4CGUT';
UPDATE `user_registration` SET left_downlines = left_downlines+1
WHERE `user_id` = 'J4CGUT';
UPDATE `user_registration` SET total_downlines = total_downlines+1
WHERE `user_id` = 'S1RTX3';
UPDATE `user_registration` SET left_downlines = left_downlines+1
WHERE `user_id` = 'S1RTX3';
UPDATE `user_registration` SET total_downlines = total_downlines+1
WHERE `user_id` = 'I8YWQA';
UPDATE `user_registration` SET left_downlines = left_downlines+1
WHERE `user_id` = 'I8YWQA';
UPDATE `user_registration` SET total_downlines = total_downlines+1
WHERE `user_id` = 'I3MZBU';
UPDATE `user_registration` SET left_downlines = left_downlines+1
WHERE `user_id` = 'I3MZBU';
UPDATE `user_registration` SET total_downlines = total_downlines+1
WHERE `user_id` = 'H2I33O';
UPDATE `user_registration` SET left_downlines = left_downlines+1
WHERE `user_id` = 'H2I33O';
UPDATE `user_registration` SET total_downlines = total_downlines+1
WHERE `user_id` = 'AL7XWH';
UPDATE `user_registration` SET left_downlines = left_downlines+1
WHERE `user_id` = 'AL7XWH';
UPDATE `user_registration` SET total_downlines = total_downlines+1
WHERE `user_id` = 'HFZ9SA';
UPDATE `user_registration` SET left_downlines = left_downlines+1
WHERE `user_id` = 'HFZ9SA';
UPDATE `user_registration` SET total_downlines = total_downlines+1
WHERE `user_id` = 'A2MTZ3';
UPDATE `user_registration` SET left_downlines = left_downlines+1
WHERE `user_id` = 'A2MTZ3';
UPDATE `user_registration` SET total_downlines = total_downlines+1
WHERE `user_id` = 'RUEKCW';
UPDATE `user_registration` SET left_downlines = left_downlines+1
WHERE `user_id` = 'RUEKCW';
UPDATE `user_registration` SET total_downlines = total_downlines+1
WHERE `user_id` = 'K3GTG4';
UPDATE `user_registration` SET left_downlines = left_downlines+1
WHERE `user_id` = 'K3GTG4';
UPDATE `user_registration` SET total_downlines = total_downlines+1
WHERE `user_id` = 'I1TUBN';
UPDATE `user_registration` SET left_downlines = left_downlines+1
WHERE `user_id` = 'I1TUBN';
UPDATE `user_registration` SET total_downlines = total_downlines+1
WHERE `user_id` = 'BAUCCU';
UPDATE `user_registration` SET left_downlines = left_downlines+1
WHERE `user_id` = 'BAUCCU';
UPDATE `user_registration` SET total_downlines = total_downlines+1
WHERE `user_id` = '62QO97';
UPDATE `user_registration` SET left_downlines = left_downlines+1
WHERE `user_id` = '62QO97';
UPDATE `user_registration` SET total_downlines = total_downlines+1
WHERE `user_id` = 'OHLQEO';
UPDATE `user_registration` SET left_downlines = left_downlines+1
WHERE `user_id` = 'OHLQEO';
UPDATE `user_registration` SET total_downlines = total_downlines+1
WHERE `user_id` = '7APFKG';
UPDATE `user_registration` SET left_downlines = left_downlines+1
WHERE `user_id` = '7APFKG';
UPDATE `user_registration` SET total_downlines = total_downlines+1
WHERE `user_id` = 'Q2Q92Y';
UPDATE `user_registration` SET left_downlines = left_downlines+1
WHERE `user_id` = 'Q2Q92Y';
UPDATE `user_registration` SET total_downlines = total_downlines+1
WHERE `user_id` = 'E9ITRC';
UPDATE `user_registration` SET left_downlines = left_downlines+1
WHERE `user_id` = 'E9ITRC';
UPDATE `user_registration` SET total_downlines = total_downlines+1
WHERE `user_id` = '7COKBB';
UPDATE `user_registration` SET left_downlines = left_downlines+1
WHERE `user_id` = '7COKBB';
UPDATE `user_registration` SET total_downlines = total_downlines+1
WHERE `user_id` = 'BDNS17';
UPDATE `user_registration` SET left_downlines = left_downlines+1
WHERE `user_id` = 'BDNS17';
UPDATE `user_registration` SET total_downlines = total_downlines+1
WHERE `user_id` = '7ZXRRE';
UPDATE `user_registration` SET left_downlines = left_downlines+1
WHERE `user_id` = '7ZXRRE';
UPDATE `user_registration` SET total_downlines = total_downlines+1
WHERE `user_id` = 'KLRAF5';
UPDATE `user_registration` SET left_downlines = left_downlines+1
WHERE `user_id` = 'KLRAF5';
UPDATE `user_registration` SET total_downlines = total_downlines+1
WHERE `user_id` = 'IFJHZG';
UPDATE `user_registration` SET left_downlines = left_downlines+1
WHERE `user_id` = 'IFJHZG';
UPDATE `user_registration` SET total_downlines = total_downlines+1
WHERE `user_id` = 'MXUV8Q';
UPDATE `user_registration` SET left_downlines = left_downlines+1
WHERE `user_id` = 'MXUV8Q';
UPDATE `user_registration` SET total_downlines = total_downlines+1
WHERE `user_id` = 'GGM164';
UPDATE `user_registration` SET left_downlines = left_downlines+1
WHERE `user_id` = 'GGM164';
UPDATE `user_registration` SET total_downlines = total_downlines+1
WHERE `user_id` = '3NKIEX';
UPDATE `user_registration` SET left_downlines = left_downlines+1
WHERE `user_id` = '3NKIEX';
UPDATE `user_registration` SET total_downlines = total_downlines+1
WHERE `user_id` = 'S56TH3';
UPDATE `user_registration` SET left_downlines = left_downlines+1
WHERE `user_id` = 'S56TH3';
UPDATE `user_registration` SET total_downlines = total_downlines+1
WHERE `user_id` = 'XYG89U';
UPDATE `user_registration` SET left_downlines = left_downlines+1
WHERE `user_id` = 'XYG89U';
UPDATE `user_registration` SET total_downlines = total_downlines+1
WHERE `user_id` = 'HTFY93';
UPDATE `user_registration` SET left_downlines = left_downlines+1
WHERE `user_id` = 'HTFY93';
UPDATE `user_registration` SET total_downlines = total_downlines+1
WHERE `user_id` = '3PR393';
UPDATE `user_registration` SET left_downlines = left_downlines+1
WHERE `user_id` = '3PR393';
UPDATE `user_registration` SET total_downlines = total_downlines+1
WHERE `user_id` = 'T3MRY1';
UPDATE `user_registration` SET left_downlines = left_downlines+1
WHERE `user_id` = 'T3MRY1';
UPDATE `user_registration` SET total_downlines = total_downlines+1
WHERE `user_id` = 'GTMCCK';
UPDATE `user_registration` SET left_downlines = left_downlines+1
WHERE `user_id` = 'GTMCCK';
UPDATE `user_registration` SET total_downlines = total_downlines+1
WHERE `user_id` = 'DLYMIF';
UPDATE `user_registration` SET left_downlines = left_downlines+1
WHERE `user_id` = 'DLYMIF';
UPDATE `user_registration` SET total_downlines = total_downlines+1
WHERE `user_id` = 'WGJ5KE';
UPDATE `user_registration` SET left_downlines = left_downlines+1
WHERE `user_id` = 'WGJ5KE';
UPDATE `user_registration` SET total_downlines = total_downlines+1
WHERE `user_id` = 'ORRJ3M';
UPDATE `user_registration` SET left_downlines = left_downlines+1
WHERE `user_id` = 'ORRJ3M';
UPDATE `user_registration` SET total_downlines = total_downlines+1
WHERE `user_id` = 'AA8V6V';
UPDATE `user_registration` SET left_downlines = left_downlines+1
WHERE `user_id` = 'AA8V6V';
UPDATE `user_registration` SET total_downlines = total_downlines+1
WHERE `user_id` = '61ME4O';
UPDATE `user_registration` SET left_downlines = left_downlines+1
WHERE `user_id` = '61ME4O';
UPDATE `user_registration` SET total_downlines = total_downlines+1
WHERE `user_id` = 'WS1SZZ';
UPDATE `user_registration` SET left_downlines = left_downlines+1
WHERE `user_id` = 'WS1SZZ';
UPDATE `user_registration` SET total_downlines = total_downlines+1
WHERE `user_id` = 'TBN4MZ';
UPDATE `user_registration` SET left_downlines = left_downlines+1
WHERE `user_id` = 'TBN4MZ';
UPDATE `user_registration` SET total_downlines = total_downlines+1
WHERE `user_id` = 'OEMJ8R';
UPDATE `user_registration` SET left_downlines = left_downlines+1
WHERE `user_id` = 'OEMJ8R';
UPDATE `user_registration` SET total_downlines = total_downlines+1
WHERE `user_id` = 'FXAYIE';
UPDATE `user_registration` SET left_downlines = left_downlines+1
WHERE `user_id` = 'FXAYIE';
UPDATE `user_registration` SET total_downlines = total_downlines+1
WHERE `user_id` = 'ELXZWC';
UPDATE `user_registration` SET left_downlines = left_downlines+1
WHERE `user_id` = 'ELXZWC';
UPDATE `user_registration` SET total_downlines = total_downlines+1
WHERE `user_id` = 'C1TQVI';
UPDATE `user_registration` SET left_downlines = left_downlines+1
WHERE `user_id` = 'C1TQVI';
UPDATE `user_registration` SET total_downlines = total_downlines+1
WHERE `user_id` = 'F5GPDF';
UPDATE `user_registration` SET left_downlines = left_downlines+1
WHERE `user_id` = 'F5GPDF';
UPDATE `user_registration` SET total_downlines = total_downlines+1
WHERE `user_id` = '91PYDK';
UPDATE `user_registration` SET left_downlines = left_downlines+1
WHERE `user_id` = '91PYDK';
UPDATE `user_registration` SET total_downlines = total_downlines+1
WHERE `user_id` = '4OT7RX';
UPDATE `user_registration` SET left_downlines = left_downlines+1
WHERE `user_id` = '4OT7RX';
UPDATE `user_registration` SET total_downlines = total_downlines+1
WHERE `user_id` = 'ZJZA3M';
UPDATE `user_registration` SET left_downlines = left_downlines+1
WHERE `user_id` = 'ZJZA3M';
UPDATE `user_registration` SET total_downlines = total_downlines+1
WHERE `user_id` = 'XN6ETC';
UPDATE `user_registration` SET left_downlines = left_downlines+1
WHERE `user_id` = 'XN6ETC';
UPDATE `user_registration` SET total_downlines = total_downlines+1
WHERE `user_id` = 'KVQN1O';
UPDATE `user_registration` SET left_downlines = left_downlines+1
WHERE `user_id` = 'KVQN1O';
UPDATE `user_registration` SET total_downlines = total_downlines+1
WHERE `user_id` = 'X3V7DJ';
UPDATE `user_registration` SET left_downlines = left_downlines+1
WHERE `user_id` = 'X3V7DJ';
UPDATE `user_registration` SET total_downlines = total_downlines+1
WHERE `user_id` = 'DJ77NH';
UPDATE `user_registration` SET left_downlines = left_downlines+1
WHERE `user_id` = 'DJ77NH';
UPDATE `user_registration` SET total_downlines = total_downlines+1
WHERE `user_id` = 'PX7XCL';
UPDATE `user_registration` SET left_downlines = left_downlines+1
WHERE `user_id` = 'PX7XCL';
UPDATE `user_registration` SET total_downlines = total_downlines+1
WHERE `user_id` = 'L8PM4Z';
UPDATE `user_registration` SET left_downlines = left_downlines+1
WHERE `user_id` = 'L8PM4Z';
UPDATE `user_registration` SET total_downlines = total_downlines+1
WHERE `user_id` = 'GBSIER';
UPDATE `user_registration` SET left_downlines = left_downlines+1
WHERE `user_id` = 'GBSIER';
UPDATE `user_registration` SET total_downlines = total_downlines+1
WHERE `user_id` = 'AV48YQ';
UPDATE `user_registration` SET left_downlines = left_downlines+1
WHERE `user_id` = 'AV48YQ';
UPDATE `user_registration` SET total_downlines = total_downlines+1
WHERE `user_id` = 'admin';
UPDATE `user_registration` SET left_downlines = left_downlines+1
WHERE `user_id` = 'admin';
INSERT INTO `investment` (`invest_date`, `user_id`, `type`, `amount`, `package_id`) VALUES ('2024-09-26 18:45:23', 'PPDXLU', 'register', '595', '2');
INSERT INTO `earnings` (`user_id`, `Purchaser_id`, `earning_type`, `package_id`, `amount`, `date`, `comments`, `invest_amount`, `comm_perc`, `level`, `rank_id`, `order_id`) VALUES ('Z34OQI', 'PPDXLU', 'Direct Referral Bonus', '2', '100', '2024-09-26 18:45:23', 'Direct Referral Bonus', 0, 0, 1, '', 326);
UPDATE `user_registration` SET commission_balance = ROUND(commission_balance + 100,2)
WHERE `user_id` = 'Z34OQI';
INSERT INTO `earnings` (`user_id`, `Purchaser_id`, `earning_type`, `package_id`, `amount`, `date`, `comments`, `invest_amount`, `comm_perc`, `level`, `rank_id`, `order_id`) VALUES ('HI62BI', 'PPDXLU', 'Expansion Bonus', '2', 100, '2024-09-26 18:45:23', 'Expansion Bonus', '100', 0, 1, '', 326);
UPDATE `user_registration` SET commission_balance = ROUND(commission_balance + 100,2)
WHERE `user_id` = 'HI62BI';
INSERT INTO `earnings` (`user_id`, `Purchaser_id`, `earning_type`, `package_id`, `amount`, `date`, `comments`, `invest_amount`, `comm_perc`, `level`, `rank_id`, `order_id`) VALUES ('1FFFBU', 'PPDXLU', 'Expansion Bonus', '2', 100, '2024-09-26 18:45:23', 'Expansion Bonus', 200, 0, 1, '', 326);
UPDATE `user_registration` SET commission_balance = ROUND(commission_balance + 100,2)
WHERE `user_id` = '1FFFBU';
INSERT INTO `matrix_filling` (`placement_id`, `downline_id`, `level`, `matrix`) VALUES ('5QN8RG', 'PPDXLU', 1, 1);
UPDATE `bv_updation` SET left_carry = left_carry+50, total_left = total_left+50
WHERE `user_id` = '5QN8RG';
INSERT INTO `placement_bv_update_history` (`left_carry`, `date`, `from_id`, `user_id`) VALUES ('50', '2024-09-26 18:45:23', 'PPDXLU', '5QN8RG');
INSERT INTO `matrix_filling` (`placement_id`, `downline_id`, `level`, `matrix`) VALUES ('LOYA7U', 'PPDXLU', 2, 1);
UPDATE `bv_updation` SET left_carry = left_carry+50, total_left = total_left+50
WHERE `user_id` = 'LOYA7U';
INSERT INTO `placement_bv_update_history` (`left_carry`, `date`, `from_id`, `user_id`) VALUES ('50', '2024-09-26 18:45:23', 'PPDXLU', 'LOYA7U');
INSERT INTO `matrix_filling` (`placement_id`, `downline_id`, `level`, `matrix`) VALUES ('M66HM9', 'PPDXLU', 3, 1);
UPDATE `bv_updation` SET left_carry = left_carry+50, total_left = total_left+50
WHERE `user_id` = 'M66HM9';
INSERT INTO `placement_bv_update_history` (`left_carry`, `date`, `from_id`, `user_id`) VALUES ('50', '2024-09-26 18:45:23', 'PPDXLU', 'M66HM9');
INSERT INTO `matrix_filling` (`placement_id`, `downline_id`, `level`, `matrix`) VALUES ('GCVMBV', 'PPDXLU', 4, 1);
UPDATE `bv_updation` SET left_carry = left_carry+50, total_left = total_left+50
WHERE `user_id` = 'GCVMBV';
INSERT INTO `placement_bv_update_history` (`left_carry`, `date`, `from_id`, `user_id`) VALUES ('50', '2024-09-26 18:45:23', 'PPDXLU', 'GCVMBV');
INSERT INTO `matrix_filling` (`placement_id`, `downline_id`, `level`, `matrix`) VALUES ('V6438E', 'PPDXLU', 5, 1);
UPDATE `bv_updation` SET left_carry = left_carry+50, total_left = total_left+50
WHERE `user_id` = 'V6438E';
INSERT INTO `placement_bv_update_history` (`left_carry`, `date`, `from_id`, `user_id`) VALUES ('50', '2024-09-26 18:45:23', 'PPDXLU', 'V6438E');
INSERT INTO `matrix_filling` (`placement_id`, `downline_id`, `level`, `matrix`) VALUES ('F2RMFL', 'PPDXLU', 6, 1);
UPDATE `bv_updation` SET left_carry = left_carry+50, total_left = total_left+50
WHERE `user_id` = 'F2RMFL';
INSERT INTO `placement_bv_update_history` (`left_carry`, `date`, `from_id`, `user_id`) VALUES ('50', '2024-09-26 18:45:23', 'PPDXLU', 'F2RMFL');
INSERT INTO `matrix_filling` (`placement_id`, `downline_id`, `level`, `matrix`) VALUES ('GHWQ7D', 'PPDXLU', 7, 1);
UPDATE `bv_updation` SET left_carry = left_carry+50, total_left = total_left+50
WHERE `user_id` = 'GHWQ7D';
INSERT INTO `placement_bv_update_history` (`left_carry`, `date`, `from_id`, `user_id`) VALUES ('50', '2024-09-26 18:45:23', 'PPDXLU', 'GHWQ7D');
INSERT INTO `matrix_filling` (`placement_id`, `downline_id`, `level`, `matrix`) VALUES ('Z34OQI', 'PPDXLU', 8, 1);
UPDATE `bv_updation` SET left_carry = left_carry+50, total_left = total_left+50
WHERE `user_id` = 'Z34OQI';
INSERT INTO `placement_bv_update_history` (`left_carry`, `date`, `from_id`, `user_id`) VALUES ('50', '2024-09-26 18:45:23', 'PPDXLU', 'Z34OQI');
UPDATE `bv_updation` SET sponsor_left_carry = sponsor_left_carry+50, sponsor_total_left = sponsor_total_left+50
WHERE `user_id` = 'Z34OQI';
INSERT INTO `sponsor_bv_update_history` (`left_carry`, `date`, `user_id`) VALUES ('50', '2024-09-26 18:45:23', 'Z34OQI');
INSERT INTO `matrix_filling` (`placement_id`, `downline_id`, `level`, `matrix`) VALUES ('5K7DS2', 'PPDXLU', 9, 1);
UPDATE `bv_updation` SET right_carry = right_carry+50, total_right = total_right+50
WHERE `user_id` = '5K7DS2';
INSERT INTO `placement_bv_update_history` (`right_carry`, `date`, `from_id`, `user_id`) VALUES ('50', '2024-09-26 18:45:23', 'PPDXLU', '5K7DS2');
INSERT INTO `matrix_filling` (`placement_id`, `downline_id`, `level`, `matrix`) VALUES ('HI62BI', 'PPDXLU', 10, 1);
UPDATE `bv_updation` SET right_carry = right_carry+50, total_right = total_right+50
WHERE `user_id` = 'HI62BI';
INSERT INTO `placement_bv_update_history` (`right_carry`, `date`, `from_id`, `user_id`) VALUES ('50', '2024-09-26 18:45:23', 'PPDXLU', 'HI62BI');
INSERT INTO `matrix_filling` (`placement_id`, `downline_id`, `level`, `matrix`) VALUES ('1FFFBU', 'PPDXLU', 11, 1);
UPDATE `bv_updation` SET right_carry = right_carry+50, total_right = total_right+50
WHERE `user_id` = '1FFFBU';
INSERT INTO `placement_bv_update_history` (`right_carry`, `date`, `from_id`, `user_id`) VALUES ('50', '2024-09-26 18:45:23', 'PPDXLU', '1FFFBU');
INSERT INTO `matrix_filling` (`placement_id`, `downline_id`, `level`, `matrix`) VALUES ('J4CGUT', 'PPDXLU', 12, 1);
UPDATE `bv_updation` SET left_carry = left_carry+50, total_left = total_left+50
WHERE `user_id` = 'J4CGUT';
INSERT INTO `placement_bv_update_history` (`left_carry`, `date`, `from_id`, `user_id`) VALUES ('50', '2024-09-26 18:45:23', 'PPDXLU', 'J4CGUT');
INSERT INTO `matrix_filling` (`placement_id`, `downline_id`, `level`, `matrix`) VALUES ('S1RTX3', 'PPDXLU', 13, 1);
UPDATE `bv_updation` SET left_carry = left_carry+50, total_left = total_left+50
WHERE `user_id` = 'S1RTX3';
INSERT INTO `placement_bv_update_history` (`left_carry`, `date`, `from_id`, `user_id`) VALUES ('50', '2024-09-26 18:45:23', 'PPDXLU', 'S1RTX3');
INSERT INTO `matrix_filling` (`placement_id`, `downline_id`, `level`, `matrix`) VALUES ('I8YWQA', 'PPDXLU', 14, 1);
UPDATE `bv_updation` SET left_carry = left_carry+50, total_left = total_left+50
WHERE `user_id` = 'I8YWQA';
INSERT INTO `placement_bv_update_history` (`left_carry`, `date`, `from_id`, `user_id`) VALUES ('50', '2024-09-26 18:45:23', 'PPDXLU', 'I8YWQA');
INSERT INTO `matrix_filling` (`placement_id`, `downline_id`, `level`, `matrix`) VALUES ('I3MZBU', 'PPDXLU', 15, 1);
UPDATE `bv_updation` SET left_carry = left_carry+50, total_left = total_left+50
WHERE `user_id` = 'I3MZBU';
INSERT INTO `placement_bv_update_history` (`left_carry`, `date`, `from_id`, `user_id`) VALUES ('50', '2024-09-26 18:45:23', 'PPDXLU', 'I3MZBU');
INSERT INTO `matrix_filling` (`placement_id`, `downline_id`, `level`, `matrix`) VALUES ('H2I33O', 'PPDXLU', 16, 1);
UPDATE `bv_updation` SET left_carry = left_carry+50, total_left = total_left+50
WHERE `user_id` = 'H2I33O';
INSERT INTO `placement_bv_update_history` (`left_carry`, `date`, `from_id`, `user_id`) VALUES ('50', '2024-09-26 18:45:24', 'PPDXLU', 'H2I33O');
INSERT INTO `matrix_filling` (`placement_id`, `downline_id`, `level`, `matrix`) VALUES ('AL7XWH', 'PPDXLU', 17, 1);
UPDATE `bv_updation` SET left_carry = left_carry+50, total_left = total_left+50
WHERE `user_id` = 'AL7XWH';
INSERT INTO `placement_bv_update_history` (`left_carry`, `date`, `from_id`, `user_id`) VALUES ('50', '2024-09-26 18:45:24', 'PPDXLU', 'AL7XWH');
INSERT INTO `matrix_filling` (`placement_id`, `downline_id`, `level`, `matrix`) VALUES ('HFZ9SA', 'PPDXLU', 18, 1);
UPDATE `bv_updation` SET left_carry = left_carry+50, total_left = total_left+50
WHERE `user_id` = 'HFZ9SA';
INSERT INTO `placement_bv_update_history` (`left_carry`, `date`, `from_id`, `user_id`) VALUES ('50', '2024-09-26 18:45:24', 'PPDXLU', 'HFZ9SA');
INSERT INTO `matrix_filling` (`placement_id`, `downline_id`, `level`, `matrix`) VALUES ('A2MTZ3', 'PPDXLU', 19, 1);
UPDATE `bv_updation` SET left_carry = left_carry+50, total_left = total_left+50
WHERE `user_id` = 'A2MTZ3';
INSERT INTO `placement_bv_update_history` (`left_carry`, `date`, `from_id`, `user_id`) VALUES ('50', '2024-09-26 18:45:24', 'PPDXLU', 'A2MTZ3');
INSERT INTO `matrix_filling` (`placement_id`, `downline_id`, `level`, `matrix`) VALUES ('RUEKCW', 'PPDXLU', 20, 1);
UPDATE `bv_updation` SET left_carry = left_carry+50, total_left = total_left+50
WHERE `user_id` = 'RUEKCW';
INSERT INTO `placement_bv_update_history` (`left_carry`, `date`, `from_id`, `user_id`) VALUES ('50', '2024-09-26 18:45:24', 'PPDXLU', 'RUEKCW');
INSERT INTO `matrix_filling` (`placement_id`, `downline_id`, `level`, `matrix`) VALUES ('K3GTG4', 'PPDXLU', 21, 1);
UPDATE `bv_updation` SET left_carry = left_carry+50, total_left = total_left+50
WHERE `user_id` = 'K3GTG4';
INSERT INTO `placement_bv_update_history` (`left_carry`, `date`, `from_id`, `user_id`) VALUES ('50', '2024-09-26 18:45:24', 'PPDXLU', 'K3GTG4');
INSERT INTO `matrix_filling` (`placement_id`, `downline_id`, `level`, `matrix`) VALUES ('I1TUBN', 'PPDXLU', 22, 1);
UPDATE `bv_updation` SET left_carry = left_carry+50, total_left = total_left+50
WHERE `user_id` = 'I1TUBN';
INSERT INTO `placement_bv_update_history` (`left_carry`, `date`, `from_id`, `user_id`) VALUES ('50', '2024-09-26 18:45:24', 'PPDXLU', 'I1TUBN');
INSERT INTO `matrix_filling` (`placement_id`, `downline_id`, `level`, `matrix`) VALUES ('BAUCCU', 'PPDXLU', 23, 1);
UPDATE `bv_updation` SET left_carry = left_carry+50, total_left = total_left+50
WHERE `user_id` = 'BAUCCU';
INSERT INTO `placement_bv_update_history` (`left_carry`, `date`, `from_id`, `user_id`) VALUES ('50', '2024-09-26 18:45:24', 'PPDXLU', 'BAUCCU');
INSERT INTO `matrix_filling` (`placement_id`, `downline_id`, `level`, `matrix`) VALUES ('62QO97', 'PPDXLU', 24, 1);
UPDATE `bv_updation` SET left_carry = left_carry+50, total_left = total_left+50
WHERE `user_id` = '62QO97';
INSERT INTO `placement_bv_update_history` (`left_carry`, `date`, `from_id`, `user_id`) VALUES ('50', '2024-09-26 18:45:24', 'PPDXLU', '62QO97');
INSERT INTO `matrix_filling` (`placement_id`, `downline_id`, `level`, `matrix`) VALUES ('OHLQEO', 'PPDXLU', 25, 1);
UPDATE `bv_updation` SET left_carry = left_carry+50, total_left = total_left+50
WHERE `user_id` = 'OHLQEO';
INSERT INTO `placement_bv_update_history` (`left_carry`, `date`, `from_id`, `user_id`) VALUES ('50', '2024-09-26 18:45:24', 'PPDXLU', 'OHLQEO');
INSERT INTO `matrix_filling` (`placement_id`, `downline_id`, `level`, `matrix`) VALUES ('7APFKG', 'PPDXLU', 26, 1);
UPDATE `bv_updation` SET left_carry = left_carry+50, total_left = total_left+50
WHERE `user_id` = '7APFKG';
INSERT INTO `placement_bv_update_history` (`left_carry`, `date`, `from_id`, `user_id`) VALUES ('50', '2024-09-26 18:45:24', 'PPDXLU', '7APFKG');
INSERT INTO `matrix_filling` (`placement_id`, `downline_id`, `level`, `matrix`) VALUES ('Q2Q92Y', 'PPDXLU', 27, 1);
UPDATE `bv_updation` SET left_carry = left_carry+50, total_left = total_left+50
WHERE `user_id` = 'Q2Q92Y';
INSERT INTO `placement_bv_update_history` (`left_carry`, `date`, `from_id`, `user_id`) VALUES ('50', '2024-09-26 18:45:24', 'PPDXLU', 'Q2Q92Y');
INSERT INTO `matrix_filling` (`placement_id`, `downline_id`, `level`, `matrix`) VALUES ('E9ITRC', 'PPDXLU', 28, 1);
UPDATE `bv_updation` SET left_carry = left_carry+50, total_left = total_left+50
WHERE `user_id` = 'E9ITRC';
INSERT INTO `placement_bv_update_history` (`left_carry`, `date`, `from_id`, `user_id`) VALUES ('50', '2024-09-26 18:45:24', 'PPDXLU', 'E9ITRC');
INSERT INTO `matrix_filling` (`placement_id`, `downline_id`, `level`, `matrix`) VALUES ('7COKBB', 'PPDXLU', 29, 1);
UPDATE `bv_updation` SET left_carry = left_carry+50, total_left = total_left+50
WHERE `user_id` = '7COKBB';
INSERT INTO `placement_bv_update_history` (`left_carry`, `date`, `from_id`, `user_id`) VALUES ('50', '2024-09-26 18:45:24', 'PPDXLU', '7COKBB');
INSERT INTO `matrix_filling` (`placement_id`, `downline_id`, `level`, `matrix`) VALUES ('BDNS17', 'PPDXLU', 30, 1);
UPDATE `bv_updation` SET left_carry = left_carry+50, total_left = total_left+50
WHERE `user_id` = 'BDNS17';
INSERT INTO `placement_bv_update_history` (`left_carry`, `date`, `from_id`, `user_id`) VALUES ('50', '2024-09-26 18:45:24', 'PPDXLU', 'BDNS17');
INSERT INTO `matrix_filling` (`placement_id`, `downline_id`, `level`, `matrix`) VALUES ('7ZXRRE', 'PPDXLU', 31, 1);
UPDATE `bv_updation` SET left_carry = left_carry+50, total_left = total_left+50
WHERE `user_id` = '7ZXRRE';
INSERT INTO `placement_bv_update_history` (`left_carry`, `date`, `from_id`, `user_id`) VALUES ('50', '2024-09-26 18:45:24', 'PPDXLU', '7ZXRRE');
INSERT INTO `matrix_filling` (`placement_id`, `downline_id`, `level`, `matrix`) VALUES ('KLRAF5', 'PPDXLU', 32, 1);
UPDATE `bv_updation` SET left_carry = left_carry+50, total_left = total_left+50
WHERE `user_id` = 'KLRAF5';
INSERT INTO `placement_bv_update_history` (`left_carry`, `date`, `from_id`, `user_id`) VALUES ('50', '2024-09-26 18:45:24', 'PPDXLU', 'KLRAF5');
INSERT INTO `matrix_filling` (`placement_id`, `downline_id`, `level`, `matrix`) VALUES ('IFJHZG', 'PPDXLU', 33, 1);
UPDATE `bv_updation` SET left_carry = left_carry+50, total_left = total_left+50
WHERE `user_id` = 'IFJHZG';
INSERT INTO `placement_bv_update_history` (`left_carry`, `date`, `from_id`, `user_id`) VALUES ('50', '2024-09-26 18:45:24', 'PPDXLU', 'IFJHZG');
INSERT INTO `matrix_filling` (`placement_id`, `downline_id`, `level`, `matrix`) VALUES ('MXUV8Q', 'PPDXLU', 34, 1);
UPDATE `bv_updation` SET left_carry = left_carry+50, total_left = total_left+50
WHERE `user_id` = 'MXUV8Q';
INSERT INTO `placement_bv_update_history` (`left_carry`, `date`, `from_id`, `user_id`) VALUES ('50', '2024-09-26 18:45:24', 'PPDXLU', 'MXUV8Q');
INSERT INTO `matrix_filling` (`placement_id`, `downline_id`, `level`, `matrix`) VALUES ('GGM164', 'PPDXLU', 35, 1);
UPDATE `bv_updation` SET left_carry = left_carry+50, total_left = total_left+50
WHERE `user_id` = 'GGM164';
INSERT INTO `placement_bv_update_history` (`left_carry`, `date`, `from_id`, `user_id`) VALUES ('50', '2024-09-26 18:45:24', 'PPDXLU', 'GGM164');
INSERT INTO `matrix_filling` (`placement_id`, `downline_id`, `level`, `matrix`) VALUES ('3NKIEX', 'PPDXLU', 36, 1);
UPDATE `bv_updation` SET left_carry = left_carry+50, total_left = total_left+50
WHERE `user_id` = '3NKIEX';
INSERT INTO `placement_bv_update_history` (`left_carry`, `date`, `from_id`, `user_id`) VALUES ('50', '2024-09-26 18:45:24', 'PPDXLU', '3NKIEX');
INSERT INTO `matrix_filling` (`placement_id`, `downline_id`, `level`, `matrix`) VALUES ('S56TH3', 'PPDXLU', 37, 1);
UPDATE `bv_updation` SET left_carry = left_carry+50, total_left = total_left+50
WHERE `user_id` = 'S56TH3';
INSERT INTO `placement_bv_update_history` (`left_carry`, `date`, `from_id`, `user_id`) VALUES ('50', '2024-09-26 18:45:24', 'PPDXLU', 'S56TH3');
INSERT INTO `matrix_filling` (`placement_id`, `downline_id`, `level`, `matrix`) VALUES ('XYG89U', 'PPDXLU', 38, 1);
UPDATE `bv_updation` SET left_carry = left_carry+50, total_left = total_left+50
WHERE `user_id` = 'XYG89U';
INSERT INTO `placement_bv_update_history` (`left_carry`, `date`, `from_id`, `user_id`) VALUES ('50', '2024-09-26 18:45:24', 'PPDXLU', 'XYG89U');
INSERT INTO `matrix_filling` (`placement_id`, `downline_id`, `level`, `matrix`) VALUES ('HTFY93', 'PPDXLU', 39, 1);
UPDATE `bv_updation` SET left_carry = left_carry+50, total_left = total_left+50
WHERE `user_id` = 'HTFY93';
INSERT INTO `placement_bv_update_history` (`left_carry`, `date`, `from_id`, `user_id`) VALUES ('50', '2024-09-26 18:45:24', 'PPDXLU', 'HTFY93');
INSERT INTO `matrix_filling` (`placement_id`, `downline_id`, `level`, `matrix`) VALUES ('3PR393', 'PPDXLU', 40, 1);
UPDATE `bv_updation` SET left_carry = left_carry+50, total_left = total_left+50
WHERE `user_id` = '3PR393';
INSERT INTO `placement_bv_update_history` (`left_carry`, `date`, `from_id`, `user_id`) VALUES ('50', '2024-09-26 18:45:24', 'PPDXLU', '3PR393');
INSERT INTO `matrix_filling` (`placement_id`, `downline_id`, `level`, `matrix`) VALUES ('T3MRY1', 'PPDXLU', 41, 1);
UPDATE `bv_updation` SET left_carry = left_carry+50, total_left = total_left+50
WHERE `user_id` = 'T3MRY1';
INSERT INTO `placement_bv_update_history` (`left_carry`, `date`, `from_id`, `user_id`) VALUES ('50', '2024-09-26 18:45:24', 'PPDXLU', 'T3MRY1');
INSERT INTO `matrix_filling` (`placement_id`, `downline_id`, `level`, `matrix`) VALUES ('GTMCCK', 'PPDXLU', 42, 1);
UPDATE `bv_updation` SET left_carry = left_carry+50, total_left = total_left+50
WHERE `user_id` = 'GTMCCK';
INSERT INTO `placement_bv_update_history` (`left_carry`, `date`, `from_id`, `user_id`) VALUES ('50', '2024-09-26 18:45:24', 'PPDXLU', 'GTMCCK');
INSERT INTO `matrix_filling` (`placement_id`, `downline_id`, `level`, `matrix`) VALUES ('DLYMIF', 'PPDXLU', 43, 1);
UPDATE `bv_updation` SET left_carry = left_carry+50, total_left = total_left+50
WHERE `user_id` = 'DLYMIF';
INSERT INTO `placement_bv_update_history` (`left_carry`, `date`, `from_id`, `user_id`) VALUES ('50', '2024-09-26 18:45:24', 'PPDXLU', 'DLYMIF');
INSERT INTO `matrix_filling` (`placement_id`, `downline_id`, `level`, `matrix`) VALUES ('WGJ5KE', 'PPDXLU', 44, 1);
UPDATE `bv_updation` SET left_carry = left_carry+50, total_left = total_left+50
WHERE `user_id` = 'WGJ5KE';
INSERT INTO `placement_bv_update_history` (`left_carry`, `date`, `from_id`, `user_id`) VALUES ('50', '2024-09-26 18:45:24', 'PPDXLU', 'WGJ5KE');
INSERT INTO `matrix_filling` (`placement_id`, `downline_id`, `level`, `matrix`) VALUES ('ORRJ3M', 'PPDXLU', 45, 1);
UPDATE `bv_updation` SET left_carry = left_carry+50, total_left = total_left+50
WHERE `user_id` = 'ORRJ3M';
INSERT INTO `placement_bv_update_history` (`left_carry`, `date`, `from_id`, `user_id`) VALUES ('50', '2024-09-26 18:45:24', 'PPDXLU', 'ORRJ3M');
INSERT INTO `matrix_filling` (`placement_id`, `downline_id`, `level`, `matrix`) VALUES ('AA8V6V', 'PPDXLU', 46, 1);
UPDATE `bv_updation` SET left_carry = left_carry+50, total_left = total_left+50
WHERE `user_id` = 'AA8V6V';
INSERT INTO `placement_bv_update_history` (`left_carry`, `date`, `from_id`, `user_id`) VALUES ('50', '2024-09-26 18:45:24', 'PPDXLU', 'AA8V6V');
INSERT INTO `matrix_filling` (`placement_id`, `downline_id`, `level`, `matrix`) VALUES ('61ME4O', 'PPDXLU', 47, 1);
UPDATE `bv_updation` SET left_carry = left_carry+50, total_left = total_left+50
WHERE `user_id` = '61ME4O';
INSERT INTO `placement_bv_update_history` (`left_carry`, `date`, `from_id`, `user_id`) VALUES ('50', '2024-09-26 18:45:24', 'PPDXLU', '61ME4O');
INSERT INTO `matrix_filling` (`placement_id`, `downline_id`, `level`, `matrix`) VALUES ('WS1SZZ', 'PPDXLU', 48, 1);
UPDATE `bv_updation` SET left_carry = left_carry+50, total_left = total_left+50
WHERE `user_id` = 'WS1SZZ';
INSERT INTO `placement_bv_update_history` (`left_carry`, `date`, `from_id`, `user_id`) VALUES ('50', '2024-09-26 18:45:24', 'PPDXLU', 'WS1SZZ');
INSERT INTO `matrix_filling` (`placement_id`, `downline_id`, `level`, `matrix`) VALUES ('TBN4MZ', 'PPDXLU', 49, 1);
UPDATE `bv_updation` SET left_carry = left_carry+50, total_left = total_left+50
WHERE `user_id` = 'TBN4MZ';
INSERT INTO `placement_bv_update_history` (`left_carry`, `date`, `from_id`, `user_id`) VALUES ('50', '2024-09-26 18:45:24', 'PPDXLU', 'TBN4MZ');
INSERT INTO `matrix_filling` (`placement_id`, `downline_id`, `level`, `matrix`) VALUES ('OEMJ8R', 'PPDXLU', 50, 1);
UPDATE `bv_updation` SET left_carry = left_carry+50, total_left = total_left+50
WHERE `user_id` = 'OEMJ8R';
INSERT INTO `placement_bv_update_history` (`left_carry`, `date`, `from_id`, `user_id`) VALUES ('50', '2024-09-26 18:45:24', 'PPDXLU', 'OEMJ8R');
INSERT INTO `matrix_filling` (`placement_id`, `downline_id`, `level`, `matrix`) VALUES ('FXAYIE', 'PPDXLU', 51, 1);
UPDATE `bv_updation` SET left_carry = left_carry+50, total_left = total_left+50
WHERE `user_id` = 'FXAYIE';
INSERT INTO `placement_bv_update_history` (`left_carry`, `date`, `from_id`, `user_id`) VALUES ('50', '2024-09-26 18:45:24', 'PPDXLU', 'FXAYIE');
INSERT INTO `matrix_filling` (`placement_id`, `downline_id`, `level`, `matrix`) VALUES ('ELXZWC', 'PPDXLU', 52, 1);
UPDATE `bv_updation` SET left_carry = left_carry+50, total_left = total_left+50
WHERE `user_id` = 'ELXZWC';
INSERT INTO `placement_bv_update_history` (`left_carry`, `date`, `from_id`, `user_id`) VALUES ('50', '2024-09-26 18:45:24', 'PPDXLU', 'ELXZWC');
INSERT INTO `matrix_filling` (`placement_id`, `downline_id`, `level`, `matrix`) VALUES ('C1TQVI', 'PPDXLU', 53, 1);
UPDATE `bv_updation` SET left_carry = left_carry+50, total_left = total_left+50
WHERE `user_id` = 'C1TQVI';
INSERT INTO `placement_bv_update_history` (`left_carry`, `date`, `from_id`, `user_id`) VALUES ('50', '2024-09-26 18:45:24', 'PPDXLU', 'C1TQVI');
INSERT INTO `matrix_filling` (`placement_id`, `downline_id`, `level`, `matrix`) VALUES ('F5GPDF', 'PPDXLU', 54, 1);
UPDATE `bv_updation` SET left_carry = left_carry+50, total_left = total_left+50
WHERE `user_id` = 'F5GPDF';
INSERT INTO `placement_bv_update_history` (`left_carry`, `date`, `from_id`, `user_id`) VALUES ('50', '2024-09-26 18:45:24', 'PPDXLU', 'F5GPDF');
INSERT INTO `matrix_filling` (`placement_id`, `downline_id`, `level`, `matrix`) VALUES ('91PYDK', 'PPDXLU', 55, 1);
UPDATE `bv_updation` SET left_carry = left_carry+50, total_left = total_left+50
WHERE `user_id` = '91PYDK';
INSERT INTO `placement_bv_update_history` (`left_carry`, `date`, `from_id`, `user_id`) VALUES ('50', '2024-09-26 18:45:24', 'PPDXLU', '91PYDK');
INSERT INTO `matrix_filling` (`placement_id`, `downline_id`, `level`, `matrix`) VALUES ('4OT7RX', 'PPDXLU', 56, 1);
UPDATE `bv_updation` SET left_carry = left_carry+50, total_left = total_left+50
WHERE `user_id` = '4OT7RX';
INSERT INTO `placement_bv_update_history` (`left_carry`, `date`, `from_id`, `user_id`) VALUES ('50', '2024-09-26 18:45:24', 'PPDXLU', '4OT7RX');
INSERT INTO `matrix_filling` (`placement_id`, `downline_id`, `level`, `matrix`) VALUES ('ZJZA3M', 'PPDXLU', 57, 1);
UPDATE `bv_updation` SET left_carry = left_carry+50, total_left = total_left+50
WHERE `user_id` = 'ZJZA3M';
INSERT INTO `placement_bv_update_history` (`left_carry`, `date`, `from_id`, `user_id`) VALUES ('50', '2024-09-26 18:45:24', 'PPDXLU', 'ZJZA3M');
INSERT INTO `matrix_filling` (`placement_id`, `downline_id`, `level`, `matrix`) VALUES ('XN6ETC', 'PPDXLU', 58, 1);
UPDATE `bv_updation` SET left_carry = left_carry+50, total_left = total_left+50
WHERE `user_id` = 'XN6ETC';
INSERT INTO `placement_bv_update_history` (`left_carry`, `date`, `from_id`, `user_id`) VALUES ('50', '2024-09-26 18:45:24', 'PPDXLU', 'XN6ETC');
INSERT INTO `matrix_filling` (`placement_id`, `downline_id`, `level`, `matrix`) VALUES ('KVQN1O', 'PPDXLU', 59, 1);
UPDATE `bv_updation` SET left_carry = left_carry+50, total_left = total_left+50
WHERE `user_id` = 'KVQN1O';
INSERT INTO `placement_bv_update_history` (`left_carry`, `date`, `from_id`, `user_id`) VALUES ('50', '2024-09-26 18:45:24', 'PPDXLU', 'KVQN1O');
INSERT INTO `matrix_filling` (`placement_id`, `downline_id`, `level`, `matrix`) VALUES ('X3V7DJ', 'PPDXLU', 60, 1);
UPDATE `bv_updation` SET left_carry = left_carry+50, total_left = total_left+50
WHERE `user_id` = 'X3V7DJ';
INSERT INTO `placement_bv_update_history` (`left_carry`, `date`, `from_id`, `user_id`) VALUES ('50', '2024-09-26 18:45:24', 'PPDXLU', 'X3V7DJ');
INSERT INTO `matrix_filling` (`placement_id`, `downline_id`, `level`, `matrix`) VALUES ('DJ77NH', 'PPDXLU', 61, 1);
UPDATE `bv_updation` SET left_carry = left_carry+50, total_left = total_left+50
WHERE `user_id` = 'DJ77NH';
INSERT INTO `placement_bv_update_history` (`left_carry`, `date`, `from_id`, `user_id`) VALUES ('50', '2024-09-26 18:45:24', 'PPDXLU', 'DJ77NH');
INSERT INTO `matrix_filling` (`placement_id`, `downline_id`, `level`, `matrix`) VALUES ('PX7XCL', 'PPDXLU', 62, 1);
UPDATE `bv_updation` SET left_carry = left_carry+50, total_left = total_left+50
WHERE `user_id` = 'PX7XCL';
INSERT INTO `placement_bv_update_history` (`left_carry`, `date`, `from_id`, `user_id`) VALUES ('50', '2024-09-26 18:45:24', 'PPDXLU', 'PX7XCL');
INSERT INTO `matrix_filling` (`placement_id`, `downline_id`, `level`, `matrix`) VALUES ('L8PM4Z', 'PPDXLU', 63, 1);
UPDATE `bv_updation` SET left_carry = left_carry+50, total_left = total_left+50
WHERE `user_id` = 'L8PM4Z';
INSERT INTO `placement_bv_update_history` (`left_carry`, `date`, `from_id`, `user_id`) VALUES ('50', '2024-09-26 18:45:24', 'PPDXLU', 'L8PM4Z');
INSERT INTO `matrix_filling` (`placement_id`, `downline_id`, `level`, `matrix`) VALUES ('GBSIER', 'PPDXLU', 64, 1);
UPDATE `bv_updation` SET left_carry = left_carry+50, total_left = total_left+50
WHERE `user_id` = 'GBSIER';
INSERT INTO `placement_bv_update_history` (`left_carry`, `date`, `from_id`, `user_id`) VALUES ('50', '2024-09-26 18:45:24', 'PPDXLU', 'GBSIER');
INSERT INTO `matrix_filling` (`placement_id`, `downline_id`, `level`, `matrix`) VALUES ('AV48YQ', 'PPDXLU', 65, 1);
UPDATE `bv_updation` SET left_carry = left_carry+50, total_left = total_left+50
WHERE `user_id` = 'AV48YQ';
INSERT INTO `placement_bv_update_history` (`left_carry`, `date`, `from_id`, `user_id`) VALUES ('50', '2024-09-26 18:45:24', 'PPDXLU', 'AV48YQ');
INSERT INTO `matrix_filling` (`placement_id`, `downline_id`, `level`, `matrix`) VALUES ('admin', 'PPDXLU', 66, 1);
INSERT INTO `package_purchase_history` (`user_id`, `package_id`, `reg_fee`, `package_name`, `monthly_fee`, `type`, `date`, `payment_option`) VALUES ('PPDXLU', '2', '595', 'Traveler Pro', '150', 'sign_up', '2024-09-26 18:45:24', 'free');
UPDATE `user_registration` SET `uid` = '2958', `user_id` = '7JKEQ1', `username` = 'geraldo7', `sponsor_id` = 'Z34OQI', `vacant` = 'no', `f_name` = 'Geraldo', `l_name` = 'Luna', `address` = '6520 Kendale Lakes Dr', `position` = 'left', `email` = 'geraldo7@gmail.com', `password` = '3c18fdcef1867fc6db129d5889c72604', `phone` = '3057610606', `country` = 'United States', `state` = 'Florida', `city` = 'Miami', `street` = '6520 Kendale Lakes Dr', `zip_code` = '33183', `reg_ip` = '172.70.83.93', `status` = 1, `package_id` = '2', `rank_id` = 1, `highest_rank` = 1, `created` = '2024-09-26 18:47:21', `subscription_date` = '2024-10-26', `google_secret` = '6OBM66KLY5JG53H7'
WHERE `uid` = '2958';
INSERT INTO `user_registration` (`uid`, `user_id`, `username`, `sponsor_id`, `placement_id`, `vacant`, `f_name`, `l_name`, `address`, `position`, `email`, `password`, `phone`, `reg_ip`, `status`, `created`) VALUES (NULL, 'GEMHCX', 'aRsnOjZg', '7JKEQ1', '7JKEQ1', 'yes', '', '', '', 'left', '@mail.com', '', '', '', 0, '2024-09-26 18:47:21');
INSERT INTO `user_registration` (`uid`, `user_id`, `username`, `sponsor_id`, `placement_id`, `vacant`, `f_name`, `l_name`, `address`, `position`, `email`, `password`, `phone`, `reg_ip`, `status`, `created`) VALUES (NULL, 'MSLTPR', 'ctlCNlqx', '7JKEQ1', '7JKEQ1', 'yes', '', '', '', 'right', '@mail.com', '', '', '', 0, '2024-09-26 18:47:21');
INSERT INTO `bv_updation` (`user_id`) VALUES ('7JKEQ1');
UPDATE `user_registration` SET total_ref_count = total_ref_count+1
WHERE `user_id` = 'Z34OQI';
UPDATE `user_registration` SET total_downlines = total_downlines+1
WHERE `user_id` = 'PPDXLU';
UPDATE `user_registration` SET left_downlines = left_downlines+1
WHERE `user_id` = 'PPDXLU';
UPDATE `user_registration` SET total_downlines = total_downlines+1
WHERE `user_id` = '5QN8RG';
UPDATE `user_registration` SET left_downlines = left_downlines+1
WHERE `user_id` = '5QN8RG';
UPDATE `user_registration` SET total_downlines = total_downlines+1
WHERE `user_id` = 'LOYA7U';
UPDATE `user_registration` SET left_downlines = left_downlines+1
WHERE `user_id` = 'LOYA7U';
UPDATE `user_registration` SET total_downlines = total_downlines+1
WHERE `user_id` = 'M66HM9';
UPDATE `user_registration` SET left_downlines = left_downlines+1
WHERE `user_id` = 'M66HM9';
UPDATE `user_registration` SET total_downlines = total_downlines+1
WHERE `user_id` = 'GCVMBV';
UPDATE `user_registration` SET left_downlines = left_downlines+1
WHERE `user_id` = 'GCVMBV';
UPDATE `user_registration` SET total_downlines = total_downlines+1
WHERE `user_id` = 'V6438E';
UPDATE `user_registration` SET left_downlines = left_downlines+1
WHERE `user_id` = 'V6438E';
UPDATE `user_registration` SET total_downlines = total_downlines+1
WHERE `user_id` = 'F2RMFL';
UPDATE `user_registration` SET left_downlines = left_downlines+1
WHERE `user_id` = 'F2RMFL';
UPDATE `user_registration` SET total_downlines = total_downlines+1
WHERE `user_id` = 'GHWQ7D';
UPDATE `user_registration` SET left_downlines = left_downlines+1
WHERE `user_id` = 'GHWQ7D';
UPDATE `user_registration` SET total_downlines = total_downlines+1
WHERE `user_id` = 'Z34OQI';
UPDATE `user_registration` SET left_downlines = left_downlines+1
WHERE `user_id` = 'Z34OQI';
UPDATE `user_registration` SET left_ref_count = left_ref_count+1
WHERE `user_id` = 'Z34OQI';
UPDATE `user_registration` SET active_left = active_left+1
WHERE `user_id` = 'Z34OQI';
UPDATE `user_registration` SET total_downlines = total_downlines+1
WHERE `user_id` = '5K7DS2';
UPDATE `user_registration` SET right_downlines = right_downlines+1
WHERE `user_id` = '5K7DS2';
UPDATE `user_registration` SET total_downlines = total_downlines+1
WHERE `user_id` = 'HI62BI';
UPDATE `user_registration` SET right_downlines = right_downlines+1
WHERE `user_id` = 'HI62BI';
UPDATE `user_registration` SET total_downlines = total_downlines+1
WHERE `user_id` = '1FFFBU';
UPDATE `user_registration` SET right_downlines = right_downlines+1
WHERE `user_id` = '1FFFBU';
UPDATE `user_registration` SET total_downlines = total_downlines+1
WHERE `user_id` = 'J4CGUT';
UPDATE `user_registration` SET left_downlines = left_downlines+1
WHERE `user_id` = 'J4CGUT';
UPDATE `user_registration` SET total_downlines = total_downlines+1
WHERE `user_id` = 'S1RTX3';
UPDATE `user_registration` SET left_downlines = left_downlines+1
WHERE `user_id` = 'S1RTX3';
UPDATE `user_registration` SET total_downlines = total_downlines+1
WHERE `user_id` = 'I8YWQA';
UPDATE `user_registration` SET left_downlines = left_downlines+1
WHERE `user_id` = 'I8YWQA';
UPDATE `user_registration` SET total_downlines = total_downlines+1
WHERE `user_id` = 'I3MZBU';
UPDATE `user_registration` SET left_downlines = left_downlines+1
WHERE `user_id` = 'I3MZBU';
UPDATE `user_registration` SET total_downlines = total_downlines+1
WHERE `user_id` = 'H2I33O';
UPDATE `user_registration` SET left_downlines = left_downlines+1
WHERE `user_id` = 'H2I33O';
UPDATE `user_registration` SET total_downlines = total_downlines+1
WHERE `user_id` = 'AL7XWH';
UPDATE `user_registration` SET left_downlines = left_downlines+1
WHERE `user_id` = 'AL7XWH';
UPDATE `user_registration` SET total_downlines = total_downlines+1
WHERE `user_id` = 'HFZ9SA';
UPDATE `user_registration` SET left_downlines = left_downlines+1
WHERE `user_id` = 'HFZ9SA';
UPDATE `user_registration` SET total_downlines = total_downlines+1
WHERE `user_id` = 'A2MTZ3';
UPDATE `user_registration` SET left_downlines = left_downlines+1
WHERE `user_id` = 'A2MTZ3';
UPDATE `user_registration` SET total_downlines = total_downlines+1
WHERE `user_id` = 'RUEKCW';
UPDATE `user_registration` SET left_downlines = left_downlines+1
WHERE `user_id` = 'RUEKCW';
UPDATE `user_registration` SET total_downlines = total_downlines+1
WHERE `user_id` = 'K3GTG4';
UPDATE `user_registration` SET left_downlines = left_downlines+1
WHERE `user_id` = 'K3GTG4';
UPDATE `user_registration` SET total_downlines = total_downlines+1
WHERE `user_id` = 'I1TUBN';
UPDATE `user_registration` SET left_downlines = left_downlines+1
WHERE `user_id` = 'I1TUBN';
UPDATE `user_registration` SET total_downlines = total_downlines+1
WHERE `user_id` = 'BAUCCU';
UPDATE `user_registration` SET left_downlines = left_downlines+1
WHERE `user_id` = 'BAUCCU';
UPDATE `user_registration` SET total_downlines = total_downlines+1
WHERE `user_id` = '62QO97';
UPDATE `user_registration` SET left_downlines = left_downlines+1
WHERE `user_id` = '62QO97';
UPDATE `user_registration` SET total_downlines = total_downlines+1
WHERE `user_id` = 'OHLQEO';
UPDATE `user_registration` SET left_downlines = left_downlines+1
WHERE `user_id` = 'OHLQEO';
UPDATE `user_registration` SET total_downlines = total_downlines+1
WHERE `user_id` = '7APFKG';
UPDATE `user_registration` SET left_downlines = left_downlines+1
WHERE `user_id` = '7APFKG';
UPDATE `user_registration` SET total_downlines = total_downlines+1
WHERE `user_id` = 'Q2Q92Y';
UPDATE `user_registration` SET left_downlines = left_downlines+1
WHERE `user_id` = 'Q2Q92Y';
UPDATE `user_registration` SET total_downlines = total_downlines+1
WHERE `user_id` = 'E9ITRC';
UPDATE `user_registration` SET left_downlines = left_downlines+1
WHERE `user_id` = 'E9ITRC';
UPDATE `user_registration` SET total_downlines = total_downlines+1
WHERE `user_id` = '7COKBB';
UPDATE `user_registration` SET left_downlines = left_downlines+1
WHERE `user_id` = '7COKBB';
UPDATE `user_registration` SET total_downlines = total_downlines+1
WHERE `user_id` = 'BDNS17';
UPDATE `user_registration` SET left_downlines = left_downlines+1
WHERE `user_id` = 'BDNS17';
UPDATE `user_registration` SET total_downlines = total_downlines+1
WHERE `user_id` = '7ZXRRE';
UPDATE `user_registration` SET left_downlines = left_downlines+1
WHERE `user_id` = '7ZXRRE';
UPDATE `user_registration` SET total_downlines = total_downlines+1
WHERE `user_id` = 'KLRAF5';
UPDATE `user_registration` SET left_downlines = left_downlines+1
WHERE `user_id` = 'KLRAF5';
UPDATE `user_registration` SET total_downlines = total_downlines+1
WHERE `user_id` = 'IFJHZG';
UPDATE `user_registration` SET left_downlines = left_downlines+1
WHERE `user_id` = 'IFJHZG';
UPDATE `user_registration` SET total_downlines = total_downlines+1
WHERE `user_id` = 'MXUV8Q';
UPDATE `user_registration` SET left_downlines = left_downlines+1
WHERE `user_id` = 'MXUV8Q';
UPDATE `user_registration` SET total_downlines = total_downlines+1
WHERE `user_id` = 'GGM164';
UPDATE `user_registration` SET left_downlines = left_downlines+1
WHERE `user_id` = 'GGM164';
UPDATE `user_registration` SET total_downlines = total_downlines+1
WHERE `user_id` = '3NKIEX';
UPDATE `user_registration` SET left_downlines = left_downlines+1
WHERE `user_id` = '3NKIEX';
UPDATE `user_registration` SET total_downlines = total_downlines+1
WHERE `user_id` = 'S56TH3';
UPDATE `user_registration` SET left_downlines = left_downlines+1
WHERE `user_id` = 'S56TH3';
UPDATE `user_registration` SET total_downlines = total_downlines+1
WHERE `user_id` = 'XYG89U';
UPDATE `user_registration` SET left_downlines = left_downlines+1
WHERE `user_id` = 'XYG89U';
UPDATE `user_registration` SET total_downlines = total_downlines+1
WHERE `user_id` = 'HTFY93';
UPDATE `user_registration` SET left_downlines = left_downlines+1
WHERE `user_id` = 'HTFY93';
UPDATE `user_registration` SET total_downlines = total_downlines+1
WHERE `user_id` = '3PR393';
UPDATE `user_registration` SET left_downlines = left_downlines+1
WHERE `user_id` = '3PR393';
UPDATE `user_registration` SET total_downlines = total_downlines+1
WHERE `user_id` = 'T3MRY1';
UPDATE `user_registration` SET left_downlines = left_downlines+1
WHERE `user_id` = 'T3MRY1';
UPDATE `user_registration` SET total_downlines = total_downlines+1
WHERE `user_id` = 'GTMCCK';
UPDATE `user_registration` SET left_downlines = left_downlines+1
WHERE `user_id` = 'GTMCCK';
UPDATE `user_registration` SET total_downlines = total_downlines+1
WHERE `user_id` = 'DLYMIF';
UPDATE `user_registration` SET left_downlines = left_downlines+1
WHERE `user_id` = 'DLYMIF';
UPDATE `user_registration` SET total_downlines = total_downlines+1
WHERE `user_id` = 'WGJ5KE';
UPDATE `user_registration` SET left_downlines = left_downlines+1
WHERE `user_id` = 'WGJ5KE';
UPDATE `user_registration` SET total_downlines = total_downlines+1
WHERE `user_id` = 'ORRJ3M';
UPDATE `user_registration` SET left_downlines = left_downlines+1
WHERE `user_id` = 'ORRJ3M';
UPDATE `user_registration` SET total_downlines = total_downlines+1
WHERE `user_id` = 'AA8V6V';
UPDATE `user_registration` SET left_downlines = left_downlines+1
WHERE `user_id` = 'AA8V6V';
UPDATE `user_registration` SET total_downlines = total_downlines+1
WHERE `user_id` = '61ME4O';
UPDATE `user_registration` SET left_downlines = left_downlines+1
WHERE `user_id` = '61ME4O';
UPDATE `user_registration` SET total_downlines = total_downlines+1
WHERE `user_id` = 'WS1SZZ';
UPDATE `user_registration` SET left_downlines = left_downlines+1
WHERE `user_id` = 'WS1SZZ';
UPDATE `user_registration` SET total_downlines = total_downlines+1
WHERE `user_id` = 'TBN4MZ';
UPDATE `user_registration` SET left_downlines = left_downlines+1
WHERE `user_id` = 'TBN4MZ';
UPDATE `user_registration` SET total_downlines = total_downlines+1
WHERE `user_id` = 'OEMJ8R';
UPDATE `user_registration` SET left_downlines = left_downlines+1
WHERE `user_id` = 'OEMJ8R';
UPDATE `user_registration` SET total_downlines = total_downlines+1
WHERE `user_id` = 'FXAYIE';
UPDATE `user_registration` SET left_downlines = left_downlines+1
WHERE `user_id` = 'FXAYIE';
UPDATE `user_registration` SET total_downlines = total_downlines+1
WHERE `user_id` = 'ELXZWC';
UPDATE `user_registration` SET left_downlines = left_downlines+1
WHERE `user_id` = 'ELXZWC';
UPDATE `user_registration` SET total_downlines = total_downlines+1
WHERE `user_id` = 'C1TQVI';
UPDATE `user_registration` SET left_downlines = left_downlines+1
WHERE `user_id` = 'C1TQVI';
UPDATE `user_registration` SET total_downlines = total_downlines+1
WHERE `user_id` = 'F5GPDF';
UPDATE `user_registration` SET left_downlines = left_downlines+1
WHERE `user_id` = 'F5GPDF';
UPDATE `user_registration` SET total_downlines = total_downlines+1
WHERE `user_id` = '91PYDK';
UPDATE `user_registration` SET left_downlines = left_downlines+1
WHERE `user_id` = '91PYDK';
UPDATE `user_registration` SET total_downlines = total_downlines+1
WHERE `user_id` = '4OT7RX';
UPDATE `user_registration` SET left_downlines = left_downlines+1
WHERE `user_id` = '4OT7RX';
UPDATE `user_registration` SET total_downlines = total_downlines+1
WHERE `user_id` = 'ZJZA3M';
UPDATE `user_registration` SET left_downlines = left_downlines+1
WHERE `user_id` = 'ZJZA3M';
UPDATE `user_registration` SET total_downlines = total_downlines+1
WHERE `user_id` = 'XN6ETC';
UPDATE `user_registration` SET left_downlines = left_downlines+1
WHERE `user_id` = 'XN6ETC';
UPDATE `user_registration` SET total_downlines = total_downlines+1
WHERE `user_id` = 'KVQN1O';
UPDATE `user_registration` SET left_downlines = left_downlines+1
WHERE `user_id` = 'KVQN1O';
UPDATE `user_registration` SET total_downlines = total_downlines+1
WHERE `user_id` = 'X3V7DJ';
UPDATE `user_registration` SET left_downlines = left_downlines+1
WHERE `user_id` = 'X3V7DJ';
UPDATE `user_registration` SET total_downlines = total_downlines+1
WHERE `user_id` = 'DJ77NH';
UPDATE `user_registration` SET left_downlines = left_downlines+1
WHERE `user_id` = 'DJ77NH';
UPDATE `user_registration` SET total_downlines = total_downlines+1
WHERE `user_id` = 'PX7XCL';
UPDATE `user_registration` SET left_downlines = left_downlines+1
WHERE `user_id` = 'PX7XCL';
UPDATE `user_registration` SET total_downlines = total_downlines+1
WHERE `user_id` = 'L8PM4Z';
UPDATE `user_registration` SET left_downlines = left_downlines+1
WHERE `user_id` = 'L8PM4Z';
UPDATE `user_registration` SET total_downlines = total_downlines+1
WHERE `user_id` = 'GBSIER';
UPDATE `user_registration` SET left_downlines = left_downlines+1
WHERE `user_id` = 'GBSIER';
UPDATE `user_registration` SET total_downlines = total_downlines+1
WHERE `user_id` = 'AV48YQ';
UPDATE `user_registration` SET left_downlines = left_downlines+1
WHERE `user_id` = 'AV48YQ';
UPDATE `user_registration` SET total_downlines = total_downlines+1
WHERE `user_id` = 'admin';
UPDATE `user_registration` SET left_downlines = left_downlines+1
WHERE `user_id` = 'admin';
INSERT INTO `investment` (`invest_date`, `user_id`, `type`, `amount`, `package_id`) VALUES ('2024-09-26 18:47:21', '7JKEQ1', 'register', '595', '2');
INSERT INTO `earnings` (`user_id`, `Purchaser_id`, `earning_type`, `package_id`, `amount`, `date`, `comments`, `invest_amount`, `comm_perc`, `level`, `rank_id`, `order_id`) VALUES ('Z34OQI', '7JKEQ1', 'Direct Referral Bonus', '2', '100', '2024-09-26 18:47:21', 'Direct Referral Bonus', 0, 0, 1, '', 327);
UPDATE `user_registration` SET commission_balance = ROUND(commission_balance + 100,2)
WHERE `user_id` = 'Z34OQI';
INSERT INTO `earnings` (`user_id`, `Purchaser_id`, `earning_type`, `package_id`, `amount`, `date`, `comments`, `invest_amount`, `comm_perc`, `level`, `rank_id`, `order_id`) VALUES ('HI62BI', '7JKEQ1', 'Expansion Bonus', '2', 100, '2024-09-26 18:47:21', 'Expansion Bonus', '100', 0, 1, '', 327);
UPDATE `user_registration` SET commission_balance = ROUND(commission_balance + 100,2)
WHERE `user_id` = 'HI62BI';
INSERT INTO `earnings` (`user_id`, `Purchaser_id`, `earning_type`, `package_id`, `amount`, `date`, `comments`, `invest_amount`, `comm_perc`, `level`, `rank_id`, `order_id`) VALUES ('1FFFBU', '7JKEQ1', 'Expansion Bonus', '2', 100, '2024-09-26 18:47:21', 'Expansion Bonus', 200, 0, 1, '', 327);
UPDATE `user_registration` SET commission_balance = ROUND(commission_balance + 100,2)
WHERE `user_id` = '1FFFBU';
INSERT INTO `matrix_filling` (`placement_id`, `downline_id`, `level`, `matrix`) VALUES ('PPDXLU', '7JKEQ1', 1, 1);
UPDATE `bv_updation` SET left_carry = left_carry+50, total_left = total_left+50
WHERE `user_id` = 'PPDXLU';
INSERT INTO `placement_bv_update_history` (`left_carry`, `date`, `from_id`, `user_id`) VALUES ('50', '2024-09-26 18:47:21', '7JKEQ1', 'PPDXLU');
INSERT INTO `matrix_filling` (`placement_id`, `downline_id`, `level`, `matrix`) VALUES ('5QN8RG', '7JKEQ1', 2, 1);
UPDATE `bv_updation` SET left_carry = left_carry+50, total_left = total_left+50
WHERE `user_id` = '5QN8RG';
INSERT INTO `placement_bv_update_history` (`left_carry`, `date`, `from_id`, `user_id`) VALUES ('50', '2024-09-26 18:47:21', '7JKEQ1', '5QN8RG');
INSERT INTO `matrix_filling` (`placement_id`, `downline_id`, `level`, `matrix`) VALUES ('LOYA7U', '7JKEQ1', 3, 1);
UPDATE `bv_updation` SET left_carry = left_carry+50, total_left = total_left+50
WHERE `user_id` = 'LOYA7U';
INSERT INTO `placement_bv_update_history` (`left_carry`, `date`, `from_id`, `user_id`) VALUES ('50', '2024-09-26 18:47:21', '7JKEQ1', 'LOYA7U');
INSERT INTO `matrix_filling` (`placement_id`, `downline_id`, `level`, `matrix`) VALUES ('M66HM9', '7JKEQ1', 4, 1);
UPDATE `bv_updation` SET left_carry = left_carry+50, total_left = total_left+50
WHERE `user_id` = 'M66HM9';
INSERT INTO `placement_bv_update_history` (`left_carry`, `date`, `from_id`, `user_id`) VALUES ('50', '2024-09-26 18:47:21', '7JKEQ1', 'M66HM9');
INSERT INTO `matrix_filling` (`placement_id`, `downline_id`, `level`, `matrix`) VALUES ('GCVMBV', '7JKEQ1', 5, 1);
UPDATE `bv_updation` SET left_carry = left_carry+50, total_left = total_left+50
WHERE `user_id` = 'GCVMBV';
INSERT INTO `placement_bv_update_history` (`left_carry`, `date`, `from_id`, `user_id`) VALUES ('50', '2024-09-26 18:47:21', '7JKEQ1', 'GCVMBV');
INSERT INTO `matrix_filling` (`placement_id`, `downline_id`, `level`, `matrix`) VALUES ('V6438E', '7JKEQ1', 6, 1);
UPDATE `bv_updation` SET left_carry = left_carry+50, total_left = total_left+50
WHERE `user_id` = 'V6438E';
INSERT INTO `placement_bv_update_history` (`left_carry`, `date`, `from_id`, `user_id`) VALUES ('50', '2024-09-26 18:47:21', '7JKEQ1', 'V6438E');
INSERT INTO `matrix_filling` (`placement_id`, `downline_id`, `level`, `matrix`) VALUES ('F2RMFL', '7JKEQ1', 7, 1);
UPDATE `bv_updation` SET left_carry = left_carry+50, total_left = total_left+50
WHERE `user_id` = 'F2RMFL';
INSERT INTO `placement_bv_update_history` (`left_carry`, `date`, `from_id`, `user_id`) VALUES ('50', '2024-09-26 18:47:21', '7JKEQ1', 'F2RMFL');
INSERT INTO `matrix_filling` (`placement_id`, `downline_id`, `level`, `matrix`) VALUES ('GHWQ7D', '7JKEQ1', 8, 1);
UPDATE `bv_updation` SET left_carry = left_carry+50, total_left = total_left+50
WHERE `user_id` = 'GHWQ7D';
INSERT INTO `placement_bv_update_history` (`left_carry`, `date`, `from_id`, `user_id`) VALUES ('50', '2024-09-26 18:47:21', '7JKEQ1', 'GHWQ7D');
INSERT INTO `matrix_filling` (`placement_id`, `downline_id`, `level`, `matrix`) VALUES ('Z34OQI', '7JKEQ1', 9, 1);
UPDATE `bv_updation` SET left_carry = left_carry+50, total_left = total_left+50
WHERE `user_id` = 'Z34OQI';
INSERT INTO `placement_bv_update_history` (`left_carry`, `date`, `from_id`, `user_id`) VALUES ('50', '2024-09-26 18:47:21', '7JKEQ1', 'Z34OQI');
UPDATE `bv_updation` SET sponsor_left_carry = sponsor_left_carry+50, sponsor_total_left = sponsor_total_left+50
WHERE `user_id` = 'Z34OQI';
INSERT INTO `sponsor_bv_update_history` (`left_carry`, `date`, `user_id`) VALUES ('50', '2024-09-26 18:47:21', 'Z34OQI');
INSERT INTO `matrix_filling` (`placement_id`, `downline_id`, `level`, `matrix`) VALUES ('5K7DS2', '7JKEQ1', 10, 1);
UPDATE `bv_updation` SET right_carry = right_carry+50, total_right = total_right+50
WHERE `user_id` = '5K7DS2';
INSERT INTO `placement_bv_update_history` (`right_carry`, `date`, `from_id`, `user_id`) VALUES ('50', '2024-09-26 18:47:21', '7JKEQ1', '5K7DS2');
INSERT INTO `matrix_filling` (`placement_id`, `downline_id`, `level`, `matrix`) VALUES ('HI62BI', '7JKEQ1', 11, 1);
UPDATE `bv_updation` SET right_carry = right_carry+50, total_right = total_right+50
WHERE `user_id` = 'HI62BI';
INSERT INTO `placement_bv_update_history` (`right_carry`, `date`, `from_id`, `user_id`) VALUES ('50', '2024-09-26 18:47:21', '7JKEQ1', 'HI62BI');
INSERT INTO `matrix_filling` (`placement_id`, `downline_id`, `level`, `matrix`) VALUES ('1FFFBU', '7JKEQ1', 12, 1);
UPDATE `bv_updation` SET right_carry = right_carry+50, total_right = total_right+50
WHERE `user_id` = '1FFFBU';
INSERT INTO `placement_bv_update_history` (`right_carry`, `date`, `from_id`, `user_id`) VALUES ('50', '2024-09-26 18:47:21', '7JKEQ1', '1FFFBU');
INSERT INTO `matrix_filling` (`placement_id`, `downline_id`, `level`, `matrix`) VALUES ('J4CGUT', '7JKEQ1', 13, 1);
UPDATE `bv_updation` SET left_carry = left_carry+50, total_left = total_left+50
WHERE `user_id` = 'J4CGUT';
INSERT INTO `placement_bv_update_history` (`left_carry`, `date`, `from_id`, `user_id`) VALUES ('50', '2024-09-26 18:47:21', '7JKEQ1', 'J4CGUT');
INSERT INTO `matrix_filling` (`placement_id`, `downline_id`, `level`, `matrix`) VALUES ('S1RTX3', '7JKEQ1', 14, 1);
UPDATE `bv_updation` SET left_carry = left_carry+50, total_left = total_left+50
WHERE `user_id` = 'S1RTX3';
INSERT INTO `placement_bv_update_history` (`left_carry`, `date`, `from_id`, `user_id`) VALUES ('50', '2024-09-26 18:47:21', '7JKEQ1', 'S1RTX3');
INSERT INTO `matrix_filling` (`placement_id`, `downline_id`, `level`, `matrix`) VALUES ('I8YWQA', '7JKEQ1', 15, 1);
UPDATE `bv_updation` SET left_carry = left_carry+50, total_left = total_left+50
WHERE `user_id` = 'I8YWQA';
INSERT INTO `placement_bv_update_history` (`left_carry`, `date`, `from_id`, `user_id`) VALUES ('50', '2024-09-26 18:47:21', '7JKEQ1', 'I8YWQA');
INSERT INTO `matrix_filling` (`placement_id`, `downline_id`, `level`, `matrix`) VALUES ('I3MZBU', '7JKEQ1', 16, 1);
UPDATE `bv_updation` SET left_carry = left_carry+50, total_left = total_left+50
WHERE `user_id` = 'I3MZBU';
INSERT INTO `placement_bv_update_history` (`left_carry`, `date`, `from_id`, `user_id`) VALUES ('50', '2024-09-26 18:47:21', '7JKEQ1', 'I3MZBU');
INSERT INTO `matrix_filling` (`placement_id`, `downline_id`, `level`, `matrix`) VALUES ('H2I33O', '7JKEQ1', 17, 1);
UPDATE `bv_updation` SET left_carry = left_carry+50, total_left = total_left+50
WHERE `user_id` = 'H2I33O';
INSERT INTO `placement_bv_update_history` (`left_carry`, `date`, `from_id`, `user_id`) VALUES ('50', '2024-09-26 18:47:21', '7JKEQ1', 'H2I33O');
INSERT INTO `matrix_filling` (`placement_id`, `downline_id`, `level`, `matrix`) VALUES ('AL7XWH', '7JKEQ1', 18, 1);
UPDATE `bv_updation` SET left_carry = left_carry+50, total_left = total_left+50
WHERE `user_id` = 'AL7XWH';
INSERT INTO `placement_bv_update_history` (`left_carry`, `date`, `from_id`, `user_id`) VALUES ('50', '2024-09-26 18:47:21', '7JKEQ1', 'AL7XWH');
INSERT INTO `matrix_filling` (`placement_id`, `downline_id`, `level`, `matrix`) VALUES ('HFZ9SA', '7JKEQ1', 19, 1);
UPDATE `bv_updation` SET left_carry = left_carry+50, total_left = total_left+50
WHERE `user_id` = 'HFZ9SA';
INSERT INTO `placement_bv_update_history` (`left_carry`, `date`, `from_id`, `user_id`) VALUES ('50', '2024-09-26 18:47:21', '7JKEQ1', 'HFZ9SA');
INSERT INTO `matrix_filling` (`placement_id`, `downline_id`, `level`, `matrix`) VALUES ('A2MTZ3', '7JKEQ1', 20, 1);
UPDATE `bv_updation` SET left_carry = left_carry+50, total_left = total_left+50
WHERE `user_id` = 'A2MTZ3';
INSERT INTO `placement_bv_update_history` (`left_carry`, `date`, `from_id`, `user_id`) VALUES ('50', '2024-09-26 18:47:21', '7JKEQ1', 'A2MTZ3');
INSERT INTO `matrix_filling` (`placement_id`, `downline_id`, `level`, `matrix`) VALUES ('RUEKCW', '7JKEQ1', 21, 1);
UPDATE `bv_updation` SET left_carry = left_carry+50, total_left = total_left+50
WHERE `user_id` = 'RUEKCW';
INSERT INTO `placement_bv_update_history` (`left_carry`, `date`, `from_id`, `user_id`) VALUES ('50', '2024-09-26 18:47:21', '7JKEQ1', 'RUEKCW');
INSERT INTO `matrix_filling` (`placement_id`, `downline_id`, `level`, `matrix`) VALUES ('K3GTG4', '7JKEQ1', 22, 1);
UPDATE `bv_updation` SET left_carry = left_carry+50, total_left = total_left+50
WHERE `user_id` = 'K3GTG4';
INSERT INTO `placement_bv_update_history` (`left_carry`, `date`, `from_id`, `user_id`) VALUES ('50', '2024-09-26 18:47:21', '7JKEQ1', 'K3GTG4');
INSERT INTO `matrix_filling` (`placement_id`, `downline_id`, `level`, `matrix`) VALUES ('I1TUBN', '7JKEQ1', 23, 1);
UPDATE `bv_updation` SET left_carry = left_carry+50, total_left = total_left+50
WHERE `user_id` = 'I1TUBN';
INSERT INTO `placement_bv_update_history` (`left_carry`, `date`, `from_id`, `user_id`) VALUES ('50', '2024-09-26 18:47:21', '7JKEQ1', 'I1TUBN');
INSERT INTO `matrix_filling` (`placement_id`, `downline_id`, `level`, `matrix`) VALUES ('BAUCCU', '7JKEQ1', 24, 1);
UPDATE `bv_updation` SET left_carry = left_carry+50, total_left = total_left+50
WHERE `user_id` = 'BAUCCU';
INSERT INTO `placement_bv_update_history` (`left_carry`, `date`, `from_id`, `user_id`) VALUES ('50', '2024-09-26 18:47:21', '7JKEQ1', 'BAUCCU');
INSERT INTO `matrix_filling` (`placement_id`, `downline_id`, `level`, `matrix`) VALUES ('62QO97', '7JKEQ1', 25, 1);
UPDATE `bv_updation` SET left_carry = left_carry+50, total_left = total_left+50
WHERE `user_id` = '62QO97';
INSERT INTO `placement_bv_update_history` (`left_carry`, `date`, `from_id`, `user_id`) VALUES ('50', '2024-09-26 18:47:21', '7JKEQ1', '62QO97');
INSERT INTO `matrix_filling` (`placement_id`, `downline_id`, `level`, `matrix`) VALUES ('OHLQEO', '7JKEQ1', 26, 1);
UPDATE `bv_updation` SET left_carry = left_carry+50, total_left = total_left+50
WHERE `user_id` = 'OHLQEO';
INSERT INTO `placement_bv_update_history` (`left_carry`, `date`, `from_id`, `user_id`) VALUES ('50', '2024-09-26 18:47:21', '7JKEQ1', 'OHLQEO');
INSERT INTO `matrix_filling` (`placement_id`, `downline_id`, `level`, `matrix`) VALUES ('7APFKG', '7JKEQ1', 27, 1);
UPDATE `bv_updation` SET left_carry = left_carry+50, total_left = total_left+50
WHERE `user_id` = '7APFKG';
INSERT INTO `placement_bv_update_history` (`left_carry`, `date`, `from_id`, `user_id`) VALUES ('50', '2024-09-26 18:47:22', '7JKEQ1', '7APFKG');
INSERT INTO `matrix_filling` (`placement_id`, `downline_id`, `level`, `matrix`) VALUES ('Q2Q92Y', '7JKEQ1', 28, 1);
UPDATE `bv_updation` SET left_carry = left_carry+50, total_left = total_left+50
WHERE `user_id` = 'Q2Q92Y';
INSERT INTO `placement_bv_update_history` (`left_carry`, `date`, `from_id`, `user_id`) VALUES ('50', '2024-09-26 18:47:22', '7JKEQ1', 'Q2Q92Y');
INSERT INTO `matrix_filling` (`placement_id`, `downline_id`, `level`, `matrix`) VALUES ('E9ITRC', '7JKEQ1', 29, 1);
UPDATE `bv_updation` SET left_carry = left_carry+50, total_left = total_left+50
WHERE `user_id` = 'E9ITRC';
INSERT INTO `placement_bv_update_history` (`left_carry`, `date`, `from_id`, `user_id`) VALUES ('50', '2024-09-26 18:47:22', '7JKEQ1', 'E9ITRC');
INSERT INTO `matrix_filling` (`placement_id`, `downline_id`, `level`, `matrix`) VALUES ('7COKBB', '7JKEQ1', 30, 1);
UPDATE `bv_updation` SET left_carry = left_carry+50, total_left = total_left+50
WHERE `user_id` = '7COKBB';
INSERT INTO `placement_bv_update_history` (`left_carry`, `date`, `from_id`, `user_id`) VALUES ('50', '2024-09-26 18:47:22', '7JKEQ1', '7COKBB');
INSERT INTO `matrix_filling` (`placement_id`, `downline_id`, `level`, `matrix`) VALUES ('BDNS17', '7JKEQ1', 31, 1);
UPDATE `bv_updation` SET left_carry = left_carry+50, total_left = total_left+50
WHERE `user_id` = 'BDNS17';
INSERT INTO `placement_bv_update_history` (`left_carry`, `date`, `from_id`, `user_id`) VALUES ('50', '2024-09-26 18:47:22', '7JKEQ1', 'BDNS17');
INSERT INTO `matrix_filling` (`placement_id`, `downline_id`, `level`, `matrix`) VALUES ('7ZXRRE', '7JKEQ1', 32, 1);
UPDATE `bv_updation` SET left_carry = left_carry+50, total_left = total_left+50
WHERE `user_id` = '7ZXRRE';
INSERT INTO `placement_bv_update_history` (`left_carry`, `date`, `from_id`, `user_id`) VALUES ('50', '2024-09-26 18:47:22', '7JKEQ1', '7ZXRRE');
INSERT INTO `matrix_filling` (`placement_id`, `downline_id`, `level`, `matrix`) VALUES ('KLRAF5', '7JKEQ1', 33, 1);
UPDATE `bv_updation` SET left_carry = left_carry+50, total_left = total_left+50
WHERE `user_id` = 'KLRAF5';
INSERT INTO `placement_bv_update_history` (`left_carry`, `date`, `from_id`, `user_id`) VALUES ('50', '2024-09-26 18:47:22', '7JKEQ1', 'KLRAF5');
INSERT INTO `matrix_filling` (`placement_id`, `downline_id`, `level`, `matrix`) VALUES ('IFJHZG', '7JKEQ1', 34, 1);
UPDATE `bv_updation` SET left_carry = left_carry+50, total_left = total_left+50
WHERE `user_id` = 'IFJHZG';
INSERT INTO `placement_bv_update_history` (`left_carry`, `date`, `from_id`, `user_id`) VALUES ('50', '2024-09-26 18:47:22', '7JKEQ1', 'IFJHZG');
INSERT INTO `matrix_filling` (`placement_id`, `downline_id`, `level`, `matrix`) VALUES ('MXUV8Q', '7JKEQ1', 35, 1);
UPDATE `bv_updation` SET left_carry = left_carry+50, total_left = total_left+50
WHERE `user_id` = 'MXUV8Q';
INSERT INTO `placement_bv_update_history` (`left_carry`, `date`, `from_id`, `user_id`) VALUES ('50', '2024-09-26 18:47:22', '7JKEQ1', 'MXUV8Q');
INSERT INTO `matrix_filling` (`placement_id`, `downline_id`, `level`, `matrix`) VALUES ('GGM164', '7JKEQ1', 36, 1);
UPDATE `bv_updation` SET left_carry = left_carry+50, total_left = total_left+50
WHERE `user_id` = 'GGM164';
INSERT INTO `placement_bv_update_history` (`left_carry`, `date`, `from_id`, `user_id`) VALUES ('50', '2024-09-26 18:47:22', '7JKEQ1', 'GGM164');
INSERT INTO `matrix_filling` (`placement_id`, `downline_id`, `level`, `matrix`) VALUES ('3NKIEX', '7JKEQ1', 37, 1);
UPDATE `bv_updation` SET left_carry = left_carry+50, total_left = total_left+50
WHERE `user_id` = '3NKIEX';
INSERT INTO `placement_bv_update_history` (`left_carry`, `date`, `from_id`, `user_id`) VALUES ('50', '2024-09-26 18:47:22', '7JKEQ1', '3NKIEX');
INSERT INTO `matrix_filling` (`placement_id`, `downline_id`, `level`, `matrix`) VALUES ('S56TH3', '7JKEQ1', 38, 1);
UPDATE `bv_updation` SET left_carry = left_carry+50, total_left = total_left+50
WHERE `user_id` = 'S56TH3';
INSERT INTO `placement_bv_update_history` (`left_carry`, `date`, `from_id`, `user_id`) VALUES ('50', '2024-09-26 18:47:22', '7JKEQ1', 'S56TH3');
INSERT INTO `matrix_filling` (`placement_id`, `downline_id`, `level`, `matrix`) VALUES ('XYG89U', '7JKEQ1', 39, 1);
UPDATE `bv_updation` SET left_carry = left_carry+50, total_left = total_left+50
WHERE `user_id` = 'XYG89U';
INSERT INTO `placement_bv_update_history` (`left_carry`, `date`, `from_id`, `user_id`) VALUES ('50', '2024-09-26 18:47:22', '7JKEQ1', 'XYG89U');
INSERT INTO `matrix_filling` (`placement_id`, `downline_id`, `level`, `matrix`) VALUES ('HTFY93', '7JKEQ1', 40, 1);
UPDATE `bv_updation` SET left_carry = left_carry+50, total_left = total_left+50
WHERE `user_id` = 'HTFY93';
INSERT INTO `placement_bv_update_history` (`left_carry`, `date`, `from_id`, `user_id`) VALUES ('50', '2024-09-26 18:47:22', '7JKEQ1', 'HTFY93');
INSERT INTO `matrix_filling` (`placement_id`, `downline_id`, `level`, `matrix`) VALUES ('3PR393', '7JKEQ1', 41, 1);
UPDATE `bv_updation` SET left_carry = left_carry+50, total_left = total_left+50
WHERE `user_id` = '3PR393';
INSERT INTO `placement_bv_update_history` (`left_carry`, `date`, `from_id`, `user_id`) VALUES ('50', '2024-09-26 18:47:22', '7JKEQ1', '3PR393');
INSERT INTO `matrix_filling` (`placement_id`, `downline_id`, `level`, `matrix`) VALUES ('T3MRY1', '7JKEQ1', 42, 1);
UPDATE `bv_updation` SET left_carry = left_carry+50, total_left = total_left+50
WHERE `user_id` = 'T3MRY1';
INSERT INTO `placement_bv_update_history` (`left_carry`, `date`, `from_id`, `user_id`) VALUES ('50', '2024-09-26 18:47:22', '7JKEQ1', 'T3MRY1');
INSERT INTO `matrix_filling` (`placement_id`, `downline_id`, `level`, `matrix`) VALUES ('GTMCCK', '7JKEQ1', 43, 1);
UPDATE `bv_updation` SET left_carry = left_carry+50, total_left = total_left+50
WHERE `user_id` = 'GTMCCK';
INSERT INTO `placement_bv_update_history` (`left_carry`, `date`, `from_id`, `user_id`) VALUES ('50', '2024-09-26 18:47:22', '7JKEQ1', 'GTMCCK');
INSERT INTO `matrix_filling` (`placement_id`, `downline_id`, `level`, `matrix`) VALUES ('DLYMIF', '7JKEQ1', 44, 1);
UPDATE `bv_updation` SET left_carry = left_carry+50, total_left = total_left+50
WHERE `user_id` = 'DLYMIF';
INSERT INTO `placement_bv_update_history` (`left_carry`, `date`, `from_id`, `user_id`) VALUES ('50', '2024-09-26 18:47:22', '7JKEQ1', 'DLYMIF');
INSERT INTO `matrix_filling` (`placement_id`, `downline_id`, `level`, `matrix`) VALUES ('WGJ5KE', '7JKEQ1', 45, 1);
UPDATE `bv_updation` SET left_carry = left_carry+50, total_left = total_left+50
WHERE `user_id` = 'WGJ5KE';
INSERT INTO `placement_bv_update_history` (`left_carry`, `date`, `from_id`, `user_id`) VALUES ('50', '2024-09-26 18:47:22', '7JKEQ1', 'WGJ5KE');
INSERT INTO `matrix_filling` (`placement_id`, `downline_id`, `level`, `matrix`) VALUES ('ORRJ3M', '7JKEQ1', 46, 1);
UPDATE `bv_updation` SET left_carry = left_carry+50, total_left = total_left+50
WHERE `user_id` = 'ORRJ3M';
INSERT INTO `placement_bv_update_history` (`left_carry`, `date`, `from_id`, `user_id`) VALUES ('50', '2024-09-26 18:47:22', '7JKEQ1', 'ORRJ3M');
INSERT INTO `matrix_filling` (`placement_id`, `downline_id`, `level`, `matrix`) VALUES ('AA8V6V', '7JKEQ1', 47, 1);
UPDATE `bv_updation` SET left_carry = left_carry+50, total_left = total_left+50
WHERE `user_id` = 'AA8V6V';
INSERT INTO `placement_bv_update_history` (`left_carry`, `date`, `from_id`, `user_id`) VALUES ('50', '2024-09-26 18:47:22', '7JKEQ1', 'AA8V6V');
INSERT INTO `matrix_filling` (`placement_id`, `downline_id`, `level`, `matrix`) VALUES ('61ME4O', '7JKEQ1', 48, 1);
UPDATE `bv_updation` SET left_carry = left_carry+50, total_left = total_left+50
WHERE `user_id` = '61ME4O';
INSERT INTO `placement_bv_update_history` (`left_carry`, `date`, `from_id`, `user_id`) VALUES ('50', '2024-09-26 18:47:22', '7JKEQ1', '61ME4O');
INSERT INTO `matrix_filling` (`placement_id`, `downline_id`, `level`, `matrix`) VALUES ('WS1SZZ', '7JKEQ1', 49, 1);
UPDATE `bv_updation` SET left_carry = left_carry+50, total_left = total_left+50
WHERE `user_id` = 'WS1SZZ';
INSERT INTO `placement_bv_update_history` (`left_carry`, `date`, `from_id`, `user_id`) VALUES ('50', '2024-09-26 18:47:22', '7JKEQ1', 'WS1SZZ');
INSERT INTO `matrix_filling` (`placement_id`, `downline_id`, `level`, `matrix`) VALUES ('TBN4MZ', '7JKEQ1', 50, 1);
UPDATE `bv_updation` SET left_carry = left_carry+50, total_left = total_left+50
WHERE `user_id` = 'TBN4MZ';
INSERT INTO `placement_bv_update_history` (`left_carry`, `date`, `from_id`, `user_id`) VALUES ('50', '2024-09-26 18:47:22', '7JKEQ1', 'TBN4MZ');
INSERT INTO `matrix_filling` (`placement_id`, `downline_id`, `level`, `matrix`) VALUES ('OEMJ8R', '7JKEQ1', 51, 1);
UPDATE `bv_updation` SET left_carry = left_carry+50, total_left = total_left+50
WHERE `user_id` = 'OEMJ8R';
INSERT INTO `placement_bv_update_history` (`left_carry`, `date`, `from_id`, `user_id`) VALUES ('50', '2024-09-26 18:47:22', '7JKEQ1', 'OEMJ8R');
INSERT INTO `matrix_filling` (`placement_id`, `downline_id`, `level`, `matrix`) VALUES ('FXAYIE', '7JKEQ1', 52, 1);
UPDATE `bv_updation` SET left_carry = left_carry+50, total_left = total_left+50
WHERE `user_id` = 'FXAYIE';
INSERT INTO `placement_bv_update_history` (`left_carry`, `date`, `from_id`, `user_id`) VALUES ('50', '2024-09-26 18:47:22', '7JKEQ1', 'FXAYIE');
INSERT INTO `matrix_filling` (`placement_id`, `downline_id`, `level`, `matrix`) VALUES ('ELXZWC', '7JKEQ1', 53, 1);
UPDATE `bv_updation` SET left_carry = left_carry+50, total_left = total_left+50
WHERE `user_id` = 'ELXZWC';
INSERT INTO `placement_bv_update_history` (`left_carry`, `date`, `from_id`, `user_id`) VALUES ('50', '2024-09-26 18:47:22', '7JKEQ1', 'ELXZWC');
INSERT INTO `matrix_filling` (`placement_id`, `downline_id`, `level`, `matrix`) VALUES ('C1TQVI', '7JKEQ1', 54, 1);
UPDATE `bv_updation` SET left_carry = left_carry+50, total_left = total_left+50
WHERE `user_id` = 'C1TQVI';
INSERT INTO `placement_bv_update_history` (`left_carry`, `date`, `from_id`, `user_id`) VALUES ('50', '2024-09-26 18:47:22', '7JKEQ1', 'C1TQVI');
INSERT INTO `matrix_filling` (`placement_id`, `downline_id`, `level`, `matrix`) VALUES ('F5GPDF', '7JKEQ1', 55, 1);
UPDATE `bv_updation` SET left_carry = left_carry+50, total_left = total_left+50
WHERE `user_id` = 'F5GPDF';
INSERT INTO `placement_bv_update_history` (`left_carry`, `date`, `from_id`, `user_id`) VALUES ('50', '2024-09-26 18:47:22', '7JKEQ1', 'F5GPDF');
INSERT INTO `matrix_filling` (`placement_id`, `downline_id`, `level`, `matrix`) VALUES ('91PYDK', '7JKEQ1', 56, 1);
UPDATE `bv_updation` SET left_carry = left_carry+50, total_left = total_left+50
WHERE `user_id` = '91PYDK';
INSERT INTO `placement_bv_update_history` (`left_carry`, `date`, `from_id`, `user_id`) VALUES ('50', '2024-09-26 18:47:22', '7JKEQ1', '91PYDK');
INSERT INTO `matrix_filling` (`placement_id`, `downline_id`, `level`, `matrix`) VALUES ('4OT7RX', '7JKEQ1', 57, 1);
UPDATE `bv_updation` SET left_carry = left_carry+50, total_left = total_left+50
WHERE `user_id` = '4OT7RX';
INSERT INTO `placement_bv_update_history` (`left_carry`, `date`, `from_id`, `user_id`) VALUES ('50', '2024-09-26 18:47:22', '7JKEQ1', '4OT7RX');
INSERT INTO `matrix_filling` (`placement_id`, `downline_id`, `level`, `matrix`) VALUES ('ZJZA3M', '7JKEQ1', 58, 1);
UPDATE `bv_updation` SET left_carry = left_carry+50, total_left = total_left+50
WHERE `user_id` = 'ZJZA3M';
INSERT INTO `placement_bv_update_history` (`left_carry`, `date`, `from_id`, `user_id`) VALUES ('50', '2024-09-26 18:47:22', '7JKEQ1', 'ZJZA3M');
INSERT INTO `matrix_filling` (`placement_id`, `downline_id`, `level`, `matrix`) VALUES ('XN6ETC', '7JKEQ1', 59, 1);
UPDATE `bv_updation` SET left_carry = left_carry+50, total_left = total_left+50
WHERE `user_id` = 'XN6ETC';
INSERT INTO `placement_bv_update_history` (`left_carry`, `date`, `from_id`, `user_id`) VALUES ('50', '2024-09-26 18:47:22', '7JKEQ1', 'XN6ETC');
INSERT INTO `matrix_filling` (`placement_id`, `downline_id`, `level`, `matrix`) VALUES ('KVQN1O', '7JKEQ1', 60, 1);
UPDATE `bv_updation` SET left_carry = left_carry+50, total_left = total_left+50
WHERE `user_id` = 'KVQN1O';
INSERT INTO `placement_bv_update_history` (`left_carry`, `date`, `from_id`, `user_id`) VALUES ('50', '2024-09-26 18:47:22', '7JKEQ1', 'KVQN1O');
INSERT INTO `matrix_filling` (`placement_id`, `downline_id`, `level`, `matrix`) VALUES ('X3V7DJ', '7JKEQ1', 61, 1);
UPDATE `bv_updation` SET left_carry = left_carry+50, total_left = total_left+50
WHERE `user_id` = 'X3V7DJ';
INSERT INTO `placement_bv_update_history` (`left_carry`, `date`, `from_id`, `user_id`) VALUES ('50', '2024-09-26 18:47:22', '7JKEQ1', 'X3V7DJ');
INSERT INTO `matrix_filling` (`placement_id`, `downline_id`, `level`, `matrix`) VALUES ('DJ77NH', '7JKEQ1', 62, 1);
UPDATE `bv_updation` SET left_carry = left_carry+50, total_left = total_left+50
WHERE `user_id` = 'DJ77NH';
INSERT INTO `placement_bv_update_history` (`left_carry`, `date`, `from_id`, `user_id`) VALUES ('50', '2024-09-26 18:47:22', '7JKEQ1', 'DJ77NH');
INSERT INTO `matrix_filling` (`placement_id`, `downline_id`, `level`, `matrix`) VALUES ('PX7XCL', '7JKEQ1', 63, 1);
UPDATE `bv_updation` SET left_carry = left_carry+50, total_left = total_left+50
WHERE `user_id` = 'PX7XCL';
INSERT INTO `placement_bv_update_history` (`left_carry`, `date`, `from_id`, `user_id`) VALUES ('50', '2024-09-26 18:47:22', '7JKEQ1', 'PX7XCL');
INSERT INTO `matrix_filling` (`placement_id`, `downline_id`, `level`, `matrix`) VALUES ('L8PM4Z', '7JKEQ1', 64, 1);
UPDATE `bv_updation` SET left_carry = left_carry+50, total_left = total_left+50
WHERE `user_id` = 'L8PM4Z';
INSERT INTO `placement_bv_update_history` (`left_carry`, `date`, `from_id`, `user_id`) VALUES ('50', '2024-09-26 18:47:22', '7JKEQ1', 'L8PM4Z');
INSERT INTO `matrix_filling` (`placement_id`, `downline_id`, `level`, `matrix`) VALUES ('GBSIER', '7JKEQ1', 65, 1);
UPDATE `bv_updation` SET left_carry = left_carry+50, total_left = total_left+50
WHERE `user_id` = 'GBSIER';
INSERT INTO `placement_bv_update_history` (`left_carry`, `date`, `from_id`, `user_id`) VALUES ('50', '2024-09-26 18:47:22', '7JKEQ1', 'GBSIER');
INSERT INTO `matrix_filling` (`placement_id`, `downline_id`, `level`, `matrix`) VALUES ('AV48YQ', '7JKEQ1', 66, 1);
UPDATE `bv_updation` SET left_carry = left_carry+50, total_left = total_left+50
WHERE `user_id` = 'AV48YQ';
INSERT INTO `placement_bv_update_history` (`left_carry`, `date`, `from_id`, `user_id`) VALUES ('50', '2024-09-26 18:47:22', '7JKEQ1', 'AV48YQ');
INSERT INTO `matrix_filling` (`placement_id`, `downline_id`, `level`, `matrix`) VALUES ('admin', '7JKEQ1', 67, 1);
INSERT INTO `package_purchase_history` (`user_id`, `package_id`, `reg_fee`, `package_name`, `monthly_fee`, `type`, `date`, `payment_option`) VALUES ('7JKEQ1', '2', '595', 'Traveler Pro', '150', 'sign_up', '2024-09-26 18:47:22', 'free');
UPDATE `user_registration` SET `uid` = '2957', `user_id` = '7PZK7D', `username` = 'teresa7', `sponsor_id` = 'JQ3FLF', `vacant` = 'no', `f_name` = 'Teresa', `l_name` = 'Gabaldini', `address` = '8100 SW 14 Terr', `position` = 'right', `email` = 'teresa7@gmail.com', `password` = '8c8108404ffd5792926167b636134339', `phone` = '7862876762', `country` = 'United States', `state` = 'Florida', `city` = 'Miami', `street` = '8100 SW 14 Terr', `zip_code` = '33144', `reg_ip` = '172.69.132.225', `status` = 1, `package_id` = '2', `rank_id` = 1, `highest_rank` = 1, `created` = '2024-09-26 18:48:15', `subscription_date` = '2024-10-26', `google_secret` = 'WHI4LQYB46GLQ6YG'
WHERE `uid` = '2957';
INSERT INTO `user_registration` (`uid`, `user_id`, `username`, `sponsor_id`, `placement_id`, `vacant`, `f_name`, `l_name`, `address`, `position`, `email`, `password`, `phone`, `reg_ip`, `status`, `created`) VALUES (NULL, 'FGODAC', 'ErEfSJYl', '7PZK7D', '7PZK7D', 'yes', '', '', '', 'left', '@mail.com', '', '', '', 0, '2024-09-26 18:48:15');
INSERT INTO `user_registration` (`uid`, `user_id`, `username`, `sponsor_id`, `placement_id`, `vacant`, `f_name`, `l_name`, `address`, `position`, `email`, `password`, `phone`, `reg_ip`, `status`, `created`) VALUES (NULL, 'VEZQYC', 'PizwyjpJ', '7PZK7D', '7PZK7D', 'yes', '', '', '', 'right', '@mail.com', '', '', '', 0, '2024-09-26 18:48:15');
INSERT INTO `bv_updation` (`user_id`) VALUES ('7PZK7D');
UPDATE `user_registration` SET total_ref_count = total_ref_count+1
WHERE `user_id` = 'JQ3FLF';
UPDATE `user_registration` SET total_downlines = total_downlines+1
WHERE `user_id` = '8I75FF';
UPDATE `user_registration` SET right_downlines = right_downlines+1
WHERE `user_id` = '8I75FF';
UPDATE `user_registration` SET total_downlines = total_downlines+1
WHERE `user_id` = 'YXNE4Z';
UPDATE `user_registration` SET right_downlines = right_downlines+1
WHERE `user_id` = 'YXNE4Z';
UPDATE `user_registration` SET total_downlines = total_downlines+1
WHERE `user_id` = '5WVWL3';
UPDATE `user_registration` SET right_downlines = right_downlines+1
WHERE `user_id` = '5WVWL3';
UPDATE `user_registration` SET total_downlines = total_downlines+1
WHERE `user_id` = 'XLBVMK';
UPDATE `user_registration` SET right_downlines = right_downlines+1
WHERE `user_id` = 'XLBVMK';
UPDATE `user_registration` SET total_downlines = total_downlines+1
WHERE `user_id` = 'DZT5SL';
UPDATE `user_registration` SET right_downlines = right_downlines+1
WHERE `user_id` = 'DZT5SL';
UPDATE `user_registration` SET total_downlines = total_downlines+1
WHERE `user_id` = 'GPTICC';
UPDATE `user_registration` SET right_downlines = right_downlines+1
WHERE `user_id` = 'GPTICC';
UPDATE `user_registration` SET total_downlines = total_downlines+1
WHERE `user_id` = 'ZQ7IZT';
UPDATE `user_registration` SET right_downlines = right_downlines+1
WHERE `user_id` = 'ZQ7IZT';
UPDATE `user_registration` SET total_downlines = total_downlines+1
WHERE `user_id` = 'DYLY61';
UPDATE `user_registration` SET right_downlines = right_downlines+1
WHERE `user_id` = 'DYLY61';
UPDATE `user_registration` SET total_downlines = total_downlines+1
WHERE `user_id` = 'T7NVYY';
UPDATE `user_registration` SET right_downlines = right_downlines+1
WHERE `user_id` = 'T7NVYY';
UPDATE `user_registration` SET total_downlines = total_downlines+1
WHERE `user_id` = 'YO5TK1';
UPDATE `user_registration` SET right_downlines = right_downlines+1
WHERE `user_id` = 'YO5TK1';
UPDATE `user_registration` SET total_downlines = total_downlines+1
WHERE `user_id` = 'HMIYLT';
UPDATE `user_registration` SET right_downlines = right_downlines+1
WHERE `user_id` = 'HMIYLT';
UPDATE `user_registration` SET total_downlines = total_downlines+1
WHERE `user_id` = 'JQ3FLF';
UPDATE `user_registration` SET right_downlines = right_downlines+1
WHERE `user_id` = 'JQ3FLF';
UPDATE `user_registration` SET right_ref_count = right_ref_count+1
WHERE `user_id` = 'JQ3FLF';
UPDATE `user_registration` SET active_right = active_right+1
WHERE `user_id` = 'JQ3FLF';
UPDATE `user_registration` SET total_downlines = total_downlines+1
WHERE `user_id` = 'C3N32U';
UPDATE `user_registration` SET left_downlines = left_downlines+1
WHERE `user_id` = 'C3N32U';
UPDATE `user_registration` SET total_downlines = total_downlines+1
WHERE `user_id` = 'MNLXPP';
UPDATE `user_registration` SET left_downlines = left_downlines+1
WHERE `user_id` = 'MNLXPP';
UPDATE `user_registration` SET total_downlines = total_downlines+1
WHERE `user_id` = 'NUPA4K';
UPDATE `user_registration` SET left_downlines = left_downlines+1
WHERE `user_id` = 'NUPA4K';
UPDATE `user_registration` SET total_downlines = total_downlines+1
WHERE `user_id` = '1FFFBU';
UPDATE `user_registration` SET left_downlines = left_downlines+1
WHERE `user_id` = '1FFFBU';
UPDATE `user_registration` SET total_downlines = total_downlines+1
WHERE `user_id` = 'J4CGUT';
UPDATE `user_registration` SET left_downlines = left_downlines+1
WHERE `user_id` = 'J4CGUT';
UPDATE `user_registration` SET total_downlines = total_downlines+1
WHERE `user_id` = 'S1RTX3';
UPDATE `user_registration` SET left_downlines = left_downlines+1
WHERE `user_id` = 'S1RTX3';
UPDATE `user_registration` SET total_downlines = total_downlines+1
WHERE `user_id` = 'I8YWQA';
UPDATE `user_registration` SET left_downlines = left_downlines+1
WHERE `user_id` = 'I8YWQA';
UPDATE `user_registration` SET total_downlines = total_downlines+1
WHERE `user_id` = 'I3MZBU';
UPDATE `user_registration` SET left_downlines = left_downlines+1
WHERE `user_id` = 'I3MZBU';
UPDATE `user_registration` SET total_downlines = total_downlines+1
WHERE `user_id` = 'H2I33O';
UPDATE `user_registration` SET left_downlines = left_downlines+1
WHERE `user_id` = 'H2I33O';
UPDATE `user_registration` SET total_downlines = total_downlines+1
WHERE `user_id` = 'AL7XWH';
UPDATE `user_registration` SET left_downlines = left_downlines+1
WHERE `user_id` = 'AL7XWH';
UPDATE `user_registration` SET total_downlines = total_downlines+1
WHERE `user_id` = 'HFZ9SA';
UPDATE `user_registration` SET left_downlines = left_downlines+1
WHERE `user_id` = 'HFZ9SA';
UPDATE `user_registration` SET total_downlines = total_downlines+1
WHERE `user_id` = 'A2MTZ3';
UPDATE `user_registration` SET left_downlines = left_downlines+1
WHERE `user_id` = 'A2MTZ3';
UPDATE `user_registration` SET total_downlines = total_downlines+1
WHERE `user_id` = 'RUEKCW';
UPDATE `user_registration` SET left_downlines = left_downlines+1
WHERE `user_id` = 'RUEKCW';
UPDATE `user_registration` SET total_downlines = total_downlines+1
WHERE `user_id` = 'K3GTG4';
UPDATE `user_registration` SET left_downlines = left_downlines+1
WHERE `user_id` = 'K3GTG4';
UPDATE `user_registration` SET total_downlines = total_downlines+1
WHERE `user_id` = 'I1TUBN';
UPDATE `user_registration` SET left_downlines = left_downlines+1
WHERE `user_id` = 'I1TUBN';
UPDATE `user_registration` SET total_downlines = total_downlines+1
WHERE `user_id` = 'BAUCCU';
UPDATE `user_registration` SET left_downlines = left_downlines+1
WHERE `user_id` = 'BAUCCU';
UPDATE `user_registration` SET total_downlines = total_downlines+1
WHERE `user_id` = '62QO97';
UPDATE `user_registration` SET left_downlines = left_downlines+1
WHERE `user_id` = '62QO97';
UPDATE `user_registration` SET total_downlines = total_downlines+1
WHERE `user_id` = 'OHLQEO';
UPDATE `user_registration` SET left_downlines = left_downlines+1
WHERE `user_id` = 'OHLQEO';
UPDATE `user_registration` SET total_downlines = total_downlines+1
WHERE `user_id` = '7APFKG';
UPDATE `user_registration` SET left_downlines = left_downlines+1
WHERE `user_id` = '7APFKG';
UPDATE `user_registration` SET total_downlines = total_downlines+1
WHERE `user_id` = 'Q2Q92Y';
UPDATE `user_registration` SET left_downlines = left_downlines+1
WHERE `user_id` = 'Q2Q92Y';
UPDATE `user_registration` SET total_downlines = total_downlines+1
WHERE `user_id` = 'E9ITRC';
UPDATE `user_registration` SET left_downlines = left_downlines+1
WHERE `user_id` = 'E9ITRC';
UPDATE `user_registration` SET total_downlines = total_downlines+1
WHERE `user_id` = '7COKBB';
UPDATE `user_registration` SET left_downlines = left_downlines+1
WHERE `user_id` = '7COKBB';
UPDATE `user_registration` SET total_downlines = total_downlines+1
WHERE `user_id` = 'BDNS17';
UPDATE `user_registration` SET left_downlines = left_downlines+1
WHERE `user_id` = 'BDNS17';
UPDATE `user_registration` SET total_downlines = total_downlines+1
WHERE `user_id` = '7ZXRRE';
UPDATE `user_registration` SET left_downlines = left_downlines+1
WHERE `user_id` = '7ZXRRE';
UPDATE `user_registration` SET total_downlines = total_downlines+1
WHERE `user_id` = 'KLRAF5';
UPDATE `user_registration` SET left_downlines = left_downlines+1
WHERE `user_id` = 'KLRAF5';
UPDATE `user_registration` SET total_downlines = total_downlines+1
WHERE `user_id` = 'IFJHZG';
UPDATE `user_registration` SET left_downlines = left_downlines+1
WHERE `user_id` = 'IFJHZG';
UPDATE `user_registration` SET total_downlines = total_downlines+1
WHERE `user_id` = 'MXUV8Q';
UPDATE `user_registration` SET left_downlines = left_downlines+1
WHERE `user_id` = 'MXUV8Q';
UPDATE `user_registration` SET total_downlines = total_downlines+1
WHERE `user_id` = 'GGM164';
UPDATE `user_registration` SET left_downlines = left_downlines+1
WHERE `user_id` = 'GGM164';
UPDATE `user_registration` SET total_downlines = total_downlines+1
WHERE `user_id` = '3NKIEX';
UPDATE `user_registration` SET left_downlines = left_downlines+1
WHERE `user_id` = '3NKIEX';
UPDATE `user_registration` SET total_downlines = total_downlines+1
WHERE `user_id` = 'S56TH3';
UPDATE `user_registration` SET left_downlines = left_downlines+1
WHERE `user_id` = 'S56TH3';
UPDATE `user_registration` SET total_downlines = total_downlines+1
WHERE `user_id` = 'XYG89U';
UPDATE `user_registration` SET left_downlines = left_downlines+1
WHERE `user_id` = 'XYG89U';
UPDATE `user_registration` SET total_downlines = total_downlines+1
WHERE `user_id` = 'HTFY93';
UPDATE `user_registration` SET left_downlines = left_downlines+1
WHERE `user_id` = 'HTFY93';
UPDATE `user_registration` SET total_downlines = total_downlines+1
WHERE `user_id` = '3PR393';
UPDATE `user_registration` SET left_downlines = left_downlines+1
WHERE `user_id` = '3PR393';
UPDATE `user_registration` SET total_downlines = total_downlines+1
WHERE `user_id` = 'T3MRY1';
UPDATE `user_registration` SET left_downlines = left_downlines+1
WHERE `user_id` = 'T3MRY1';
UPDATE `user_registration` SET total_downlines = total_downlines+1
WHERE `user_id` = 'GTMCCK';
UPDATE `user_registration` SET left_downlines = left_downlines+1
WHERE `user_id` = 'GTMCCK';
UPDATE `user_registration` SET total_downlines = total_downlines+1
WHERE `user_id` = 'DLYMIF';
UPDATE `user_registration` SET left_downlines = left_downlines+1
WHERE `user_id` = 'DLYMIF';
UPDATE `user_registration` SET total_downlines = total_downlines+1
WHERE `user_id` = 'WGJ5KE';
UPDATE `user_registration` SET left_downlines = left_downlines+1
WHERE `user_id` = 'WGJ5KE';
UPDATE `user_registration` SET total_downlines = total_downlines+1
WHERE `user_id` = 'ORRJ3M';
UPDATE `user_registration` SET left_downlines = left_downlines+1
WHERE `user_id` = 'ORRJ3M';
UPDATE `user_registration` SET total_downlines = total_downlines+1
WHERE `user_id` = 'AA8V6V';
UPDATE `user_registration` SET left_downlines = left_downlines+1
WHERE `user_id` = 'AA8V6V';
UPDATE `user_registration` SET total_downlines = total_downlines+1
WHERE `user_id` = '61ME4O';
UPDATE `user_registration` SET left_downlines = left_downlines+1
WHERE `user_id` = '61ME4O';
UPDATE `user_registration` SET total_downlines = total_downlines+1
WHERE `user_id` = 'WS1SZZ';
UPDATE `user_registration` SET left_downlines = left_downlines+1
WHERE `user_id` = 'WS1SZZ';
UPDATE `user_registration` SET total_downlines = total_downlines+1
WHERE `user_id` = 'TBN4MZ';
UPDATE `user_registration` SET left_downlines = left_downlines+1
WHERE `user_id` = 'TBN4MZ';
UPDATE `user_registration` SET total_downlines = total_downlines+1
WHERE `user_id` = 'OEMJ8R';
UPDATE `user_registration` SET left_downlines = left_downlines+1
WHERE `user_id` = 'OEMJ8R';
UPDATE `user_registration` SET total_downlines = total_downlines+1
WHERE `user_id` = 'FXAYIE';
UPDATE `user_registration` SET left_downlines = left_downlines+1
WHERE `user_id` = 'FXAYIE';
UPDATE `user_registration` SET total_downlines = total_downlines+1
WHERE `user_id` = 'ELXZWC';
UPDATE `user_registration` SET left_downlines = left_downlines+1
WHERE `user_id` = 'ELXZWC';
UPDATE `user_registration` SET total_downlines = total_downlines+1
WHERE `user_id` = 'C1TQVI';
UPDATE `user_registration` SET left_downlines = left_downlines+1
WHERE `user_id` = 'C1TQVI';
UPDATE `user_registration` SET total_downlines = total_downlines+1
WHERE `user_id` = 'F5GPDF';
UPDATE `user_registration` SET left_downlines = left_downlines+1
WHERE `user_id` = 'F5GPDF';
UPDATE `user_registration` SET total_downlines = total_downlines+1
WHERE `user_id` = '91PYDK';
UPDATE `user_registration` SET left_downlines = left_downlines+1
WHERE `user_id` = '91PYDK';
UPDATE `user_registration` SET total_downlines = total_downlines+1
WHERE `user_id` = '4OT7RX';
UPDATE `user_registration` SET left_downlines = left_downlines+1
WHERE `user_id` = '4OT7RX';
UPDATE `user_registration` SET total_downlines = total_downlines+1
WHERE `user_id` = 'ZJZA3M';
UPDATE `user_registration` SET left_downlines = left_downlines+1
WHERE `user_id` = 'ZJZA3M';
UPDATE `user_registration` SET total_downlines = total_downlines+1
WHERE `user_id` = 'XN6ETC';
UPDATE `user_registration` SET left_downlines = left_downlines+1
WHERE `user_id` = 'XN6ETC';
UPDATE `user_registration` SET total_downlines = total_downlines+1
WHERE `user_id` = 'KVQN1O';
UPDATE `user_registration` SET left_downlines = left_downlines+1
WHERE `user_id` = 'KVQN1O';
UPDATE `user_registration` SET total_downlines = total_downlines+1
WHERE `user_id` = 'X3V7DJ';
UPDATE `user_registration` SET left_downlines = left_downlines+1
WHERE `user_id` = 'X3V7DJ';
UPDATE `user_registration` SET total_downlines = total_downlines+1
WHERE `user_id` = 'DJ77NH';
UPDATE `user_registration` SET left_downlines = left_downlines+1
WHERE `user_id` = 'DJ77NH';
UPDATE `user_registration` SET total_downlines = total_downlines+1
WHERE `user_id` = 'PX7XCL';
UPDATE `user_registration` SET left_downlines = left_downlines+1
WHERE `user_id` = 'PX7XCL';
UPDATE `user_registration` SET total_downlines = total_downlines+1
WHERE `user_id` = 'L8PM4Z';
UPDATE `user_registration` SET left_downlines = left_downlines+1
WHERE `user_id` = 'L8PM4Z';
UPDATE `user_registration` SET total_downlines = total_downlines+1
WHERE `user_id` = 'GBSIER';
UPDATE `user_registration` SET left_downlines = left_downlines+1
WHERE `user_id` = 'GBSIER';
UPDATE `user_registration` SET total_downlines = total_downlines+1
WHERE `user_id` = 'AV48YQ';
UPDATE `user_registration` SET left_downlines = left_downlines+1
WHERE `user_id` = 'AV48YQ';
UPDATE `user_registration` SET total_downlines = total_downlines+1
WHERE `user_id` = 'admin';
UPDATE `user_registration` SET left_downlines = left_downlines+1
WHERE `user_id` = 'admin';
INSERT INTO `investment` (`invest_date`, `user_id`, `type`, `amount`, `package_id`) VALUES ('2024-09-26 18:48:15', '7PZK7D', 'register', '595', '2');
INSERT INTO `earnings` (`user_id`, `Purchaser_id`, `earning_type`, `package_id`, `amount`, `date`, `comments`, `invest_amount`, `comm_perc`, `level`, `rank_id`, `order_id`) VALUES ('JQ3FLF', '7PZK7D', 'Direct Referral Bonus', '2', '100', '2024-09-26 18:48:15', 'Direct Referral Bonus', 0, 0, 1, '', 328);
UPDATE `user_registration` SET commission_balance = ROUND(commission_balance + 100,2)
WHERE `user_id` = 'JQ3FLF';
INSERT INTO `earnings` (`user_id`, `Purchaser_id`, `earning_type`, `package_id`, `amount`, `date`, `comments`, `invest_amount`, `comm_perc`, `level`, `rank_id`, `order_id`) VALUES ('1FFFBU', '7PZK7D', 'Expansion Bonus', '2', 200, '2024-09-26 18:48:15', 'Expansion Bonus', '100', 0, 1, '', 328);
UPDATE `user_registration` SET commission_balance = ROUND(commission_balance + 200,2)
WHERE `user_id` = '1FFFBU';
INSERT INTO `matrix_filling` (`placement_id`, `downline_id`, `level`, `matrix`) VALUES ('8I75FF', '7PZK7D', 1, 1);
UPDATE `bv_updation` SET right_carry = right_carry+50, total_right = total_right+50
WHERE `user_id` = '8I75FF';
INSERT INTO `placement_bv_update_history` (`right_carry`, `date`, `from_id`, `user_id`) VALUES ('50', '2024-09-26 18:48:15', '7PZK7D', '8I75FF');
INSERT INTO `matrix_filling` (`placement_id`, `downline_id`, `level`, `matrix`) VALUES ('YXNE4Z', '7PZK7D', 2, 1);
UPDATE `bv_updation` SET right_carry = right_carry+50, total_right = total_right+50
WHERE `user_id` = 'YXNE4Z';
INSERT INTO `placement_bv_update_history` (`right_carry`, `date`, `from_id`, `user_id`) VALUES ('50', '2024-09-26 18:48:15', '7PZK7D', 'YXNE4Z');
INSERT INTO `matrix_filling` (`placement_id`, `downline_id`, `level`, `matrix`) VALUES ('5WVWL3', '7PZK7D', 3, 1);
UPDATE `bv_updation` SET right_carry = right_carry+50, total_right = total_right+50
WHERE `user_id` = '5WVWL3';
INSERT INTO `placement_bv_update_history` (`right_carry`, `date`, `from_id`, `user_id`) VALUES ('50', '2024-09-26 18:48:15', '7PZK7D', '5WVWL3');
INSERT INTO `matrix_filling` (`placement_id`, `downline_id`, `level`, `matrix`) VALUES ('XLBVMK', '7PZK7D', 4, 1);
UPDATE `bv_updation` SET right_carry = right_carry+50, total_right = total_right+50
WHERE `user_id` = 'XLBVMK';
INSERT INTO `placement_bv_update_history` (`right_carry`, `date`, `from_id`, `user_id`) VALUES ('50', '2024-09-26 18:48:15', '7PZK7D', 'XLBVMK');
INSERT INTO `matrix_filling` (`placement_id`, `downline_id`, `level`, `matrix`) VALUES ('DZT5SL', '7PZK7D', 5, 1);
UPDATE `bv_updation` SET right_carry = right_carry+50, total_right = total_right+50
WHERE `user_id` = 'DZT5SL';
INSERT INTO `placement_bv_update_history` (`right_carry`, `date`, `from_id`, `user_id`) VALUES ('50', '2024-09-26 18:48:15', '7PZK7D', 'DZT5SL');
INSERT INTO `matrix_filling` (`placement_id`, `downline_id`, `level`, `matrix`) VALUES ('GPTICC', '7PZK7D', 6, 1);
UPDATE `bv_updation` SET right_carry = right_carry+50, total_right = total_right+50
WHERE `user_id` = 'GPTICC';
INSERT INTO `placement_bv_update_history` (`right_carry`, `date`, `from_id`, `user_id`) VALUES ('50', '2024-09-26 18:48:15', '7PZK7D', 'GPTICC');
INSERT INTO `matrix_filling` (`placement_id`, `downline_id`, `level`, `matrix`) VALUES ('ZQ7IZT', '7PZK7D', 7, 1);
UPDATE `bv_updation` SET right_carry = right_carry+50, total_right = total_right+50
WHERE `user_id` = 'ZQ7IZT';
INSERT INTO `placement_bv_update_history` (`right_carry`, `date`, `from_id`, `user_id`) VALUES ('50', '2024-09-26 18:48:15', '7PZK7D', 'ZQ7IZT');
INSERT INTO `matrix_filling` (`placement_id`, `downline_id`, `level`, `matrix`) VALUES ('DYLY61', '7PZK7D', 8, 1);
UPDATE `bv_updation` SET right_carry = right_carry+50, total_right = total_right+50
WHERE `user_id` = 'DYLY61';
INSERT INTO `placement_bv_update_history` (`right_carry`, `date`, `from_id`, `user_id`) VALUES ('50', '2024-09-26 18:48:15', '7PZK7D', 'DYLY61');
INSERT INTO `matrix_filling` (`placement_id`, `downline_id`, `level`, `matrix`) VALUES ('T7NVYY', '7PZK7D', 9, 1);
UPDATE `bv_updation` SET right_carry = right_carry+50, total_right = total_right+50
WHERE `user_id` = 'T7NVYY';
INSERT INTO `placement_bv_update_history` (`right_carry`, `date`, `from_id`, `user_id`) VALUES ('50', '2024-09-26 18:48:15', '7PZK7D', 'T7NVYY');
INSERT INTO `matrix_filling` (`placement_id`, `downline_id`, `level`, `matrix`) VALUES ('YO5TK1', '7PZK7D', 10, 1);
UPDATE `bv_updation` SET right_carry = right_carry+50, total_right = total_right+50
WHERE `user_id` = 'YO5TK1';
INSERT INTO `placement_bv_update_history` (`right_carry`, `date`, `from_id`, `user_id`) VALUES ('50', '2024-09-26 18:48:15', '7PZK7D', 'YO5TK1');
INSERT INTO `matrix_filling` (`placement_id`, `downline_id`, `level`, `matrix`) VALUES ('HMIYLT', '7PZK7D', 11, 1);
UPDATE `bv_updation` SET right_carry = right_carry+50, total_right = total_right+50
WHERE `user_id` = 'HMIYLT';
INSERT INTO `placement_bv_update_history` (`right_carry`, `date`, `from_id`, `user_id`) VALUES ('50', '2024-09-26 18:48:15', '7PZK7D', 'HMIYLT');
INSERT INTO `matrix_filling` (`placement_id`, `downline_id`, `level`, `matrix`) VALUES ('JQ3FLF', '7PZK7D', 12, 1);
UPDATE `bv_updation` SET right_carry = right_carry+50, total_right = total_right+50
WHERE `user_id` = 'JQ3FLF';
INSERT INTO `placement_bv_update_history` (`right_carry`, `date`, `from_id`, `user_id`) VALUES ('50', '2024-09-26 18:48:15', '7PZK7D', 'JQ3FLF');
UPDATE `bv_updation` SET sponsor_right_carry = sponsor_right_carry+50, sponsor_total_right = sponsor_total_right+50
WHERE `user_id` = 'JQ3FLF';
INSERT INTO `sponsor_bv_update_history` (`right_carry`, `date`, `user_id`) VALUES ('50', '2024-09-26 18:48:15', 'JQ3FLF');
INSERT INTO `matrix_filling` (`placement_id`, `downline_id`, `level`, `matrix`) VALUES ('C3N32U', '7PZK7D', 13, 1);
UPDATE `bv_updation` SET left_carry = left_carry+50, total_left = total_left+50
WHERE `user_id` = 'C3N32U';
INSERT INTO `placement_bv_update_history` (`left_carry`, `date`, `from_id`, `user_id`) VALUES ('50', '2024-09-26 18:48:15', '7PZK7D', 'C3N32U');
INSERT INTO `matrix_filling` (`placement_id`, `downline_id`, `level`, `matrix`) VALUES ('MNLXPP', '7PZK7D', 14, 1);
UPDATE `bv_updation` SET left_carry = left_carry+50, total_left = total_left+50
WHERE `user_id` = 'MNLXPP';
INSERT INTO `placement_bv_update_history` (`left_carry`, `date`, `from_id`, `user_id`) VALUES ('50', '2024-09-26 18:48:15', '7PZK7D', 'MNLXPP');
INSERT INTO `matrix_filling` (`placement_id`, `downline_id`, `level`, `matrix`) VALUES ('NUPA4K', '7PZK7D', 15, 1);
UPDATE `bv_updation` SET left_carry = left_carry+50, total_left = total_left+50
WHERE `user_id` = 'NUPA4K';
INSERT INTO `placement_bv_update_history` (`left_carry`, `date`, `from_id`, `user_id`) VALUES ('50', '2024-09-26 18:48:15', '7PZK7D', 'NUPA4K');
INSERT INTO `matrix_filling` (`placement_id`, `downline_id`, `level`, `matrix`) VALUES ('1FFFBU', '7PZK7D', 16, 1);
UPDATE `bv_updation` SET left_carry = left_carry+50, total_left = total_left+50
WHERE `user_id` = '1FFFBU';
INSERT INTO `placement_bv_update_history` (`left_carry`, `date`, `from_id`, `user_id`) VALUES ('50', '2024-09-26 18:48:15', '7PZK7D', '1FFFBU');
INSERT INTO `matrix_filling` (`placement_id`, `downline_id`, `level`, `matrix`) VALUES ('J4CGUT', '7PZK7D', 17, 1);
UPDATE `bv_updation` SET left_carry = left_carry+50, total_left = total_left+50
WHERE `user_id` = 'J4CGUT';
INSERT INTO `placement_bv_update_history` (`left_carry`, `date`, `from_id`, `user_id`) VALUES ('50', '2024-09-26 18:48:15', '7PZK7D', 'J4CGUT');
INSERT INTO `matrix_filling` (`placement_id`, `downline_id`, `level`, `matrix`) VALUES ('S1RTX3', '7PZK7D', 18, 1);
UPDATE `bv_updation` SET left_carry = left_carry+50, total_left = total_left+50
WHERE `user_id` = 'S1RTX3';
INSERT INTO `placement_bv_update_history` (`left_carry`, `date`, `from_id`, `user_id`) VALUES ('50', '2024-09-26 18:48:15', '7PZK7D', 'S1RTX3');
INSERT INTO `matrix_filling` (`placement_id`, `downline_id`, `level`, `matrix`) VALUES ('I8YWQA', '7PZK7D', 19, 1);
UPDATE `bv_updation` SET left_carry = left_carry+50, total_left = total_left+50
WHERE `user_id` = 'I8YWQA';
INSERT INTO `placement_bv_update_history` (`left_carry`, `date`, `from_id`, `user_id`) VALUES ('50', '2024-09-26 18:48:15', '7PZK7D', 'I8YWQA');
INSERT INTO `matrix_filling` (`placement_id`, `downline_id`, `level`, `matrix`) VALUES ('I3MZBU', '7PZK7D', 20, 1);
UPDATE `bv_updation` SET left_carry = left_carry+50, total_left = total_left+50
WHERE `user_id` = 'I3MZBU';
INSERT INTO `placement_bv_update_history` (`left_carry`, `date`, `from_id`, `user_id`) VALUES ('50', '2024-09-26 18:48:15', '7PZK7D', 'I3MZBU');
INSERT INTO `matrix_filling` (`placement_id`, `downline_id`, `level`, `matrix`) VALUES ('H2I33O', '7PZK7D', 21, 1);
UPDATE `bv_updation` SET left_carry = left_carry+50, total_left = total_left+50
WHERE `user_id` = 'H2I33O';
INSERT INTO `placement_bv_update_history` (`left_carry`, `date`, `from_id`, `user_id`) VALUES ('50', '2024-09-26 18:48:15', '7PZK7D', 'H2I33O');
INSERT INTO `matrix_filling` (`placement_id`, `downline_id`, `level`, `matrix`) VALUES ('AL7XWH', '7PZK7D', 22, 1);
UPDATE `bv_updation` SET left_carry = left_carry+50, total_left = total_left+50
WHERE `user_id` = 'AL7XWH';
INSERT INTO `placement_bv_update_history` (`left_carry`, `date`, `from_id`, `user_id`) VALUES ('50', '2024-09-26 18:48:15', '7PZK7D', 'AL7XWH');
INSERT INTO `matrix_filling` (`placement_id`, `downline_id`, `level`, `matrix`) VALUES ('HFZ9SA', '7PZK7D', 23, 1);
UPDATE `bv_updation` SET left_carry = left_carry+50, total_left = total_left+50
WHERE `user_id` = 'HFZ9SA';
INSERT INTO `placement_bv_update_history` (`left_carry`, `date`, `from_id`, `user_id`) VALUES ('50', '2024-09-26 18:48:15', '7PZK7D', 'HFZ9SA');
INSERT INTO `matrix_filling` (`placement_id`, `downline_id`, `level`, `matrix`) VALUES ('A2MTZ3', '7PZK7D', 24, 1);
UPDATE `bv_updation` SET left_carry = left_carry+50, total_left = total_left+50
WHERE `user_id` = 'A2MTZ3';
INSERT INTO `placement_bv_update_history` (`left_carry`, `date`, `from_id`, `user_id`) VALUES ('50', '2024-09-26 18:48:15', '7PZK7D', 'A2MTZ3');
INSERT INTO `matrix_filling` (`placement_id`, `downline_id`, `level`, `matrix`) VALUES ('RUEKCW', '7PZK7D', 25, 1);
UPDATE `bv_updation` SET left_carry = left_carry+50, total_left = total_left+50
WHERE `user_id` = 'RUEKCW';
INSERT INTO `placement_bv_update_history` (`left_carry`, `date`, `from_id`, `user_id`) VALUES ('50', '2024-09-26 18:48:15', '7PZK7D', 'RUEKCW');
INSERT INTO `matrix_filling` (`placement_id`, `downline_id`, `level`, `matrix`) VALUES ('K3GTG4', '7PZK7D', 26, 1);
UPDATE `bv_updation` SET left_carry = left_carry+50, total_left = total_left+50
WHERE `user_id` = 'K3GTG4';
INSERT INTO `placement_bv_update_history` (`left_carry`, `date`, `from_id`, `user_id`) VALUES ('50', '2024-09-26 18:48:15', '7PZK7D', 'K3GTG4');
INSERT INTO `matrix_filling` (`placement_id`, `downline_id`, `level`, `matrix`) VALUES ('I1TUBN', '7PZK7D', 27, 1);
UPDATE `bv_updation` SET left_carry = left_carry+50, total_left = total_left+50
WHERE `user_id` = 'I1TUBN';
INSERT INTO `placement_bv_update_history` (`left_carry`, `date`, `from_id`, `user_id`) VALUES ('50', '2024-09-26 18:48:15', '7PZK7D', 'I1TUBN');
INSERT INTO `matrix_filling` (`placement_id`, `downline_id`, `level`, `matrix`) VALUES ('BAUCCU', '7PZK7D', 28, 1);
UPDATE `bv_updation` SET left_carry = left_carry+50, total_left = total_left+50
WHERE `user_id` = 'BAUCCU';
INSERT INTO `placement_bv_update_history` (`left_carry`, `date`, `from_id`, `user_id`) VALUES ('50', '2024-09-26 18:48:15', '7PZK7D', 'BAUCCU');
INSERT INTO `matrix_filling` (`placement_id`, `downline_id`, `level`, `matrix`) VALUES ('62QO97', '7PZK7D', 29, 1);
UPDATE `bv_updation` SET left_carry = left_carry+50, total_left = total_left+50
WHERE `user_id` = '62QO97';
INSERT INTO `placement_bv_update_history` (`left_carry`, `date`, `from_id`, `user_id`) VALUES ('50', '2024-09-26 18:48:15', '7PZK7D', '62QO97');
INSERT INTO `matrix_filling` (`placement_id`, `downline_id`, `level`, `matrix`) VALUES ('OHLQEO', '7PZK7D', 30, 1);
UPDATE `bv_updation` SET left_carry = left_carry+50, total_left = total_left+50
WHERE `user_id` = 'OHLQEO';
INSERT INTO `placement_bv_update_history` (`left_carry`, `date`, `from_id`, `user_id`) VALUES ('50', '2024-09-26 18:48:15', '7PZK7D', 'OHLQEO');
INSERT INTO `matrix_filling` (`placement_id`, `downline_id`, `level`, `matrix`) VALUES ('7APFKG', '7PZK7D', 31, 1);
UPDATE `bv_updation` SET left_carry = left_carry+50, total_left = total_left+50
WHERE `user_id` = '7APFKG';
INSERT INTO `placement_bv_update_history` (`left_carry`, `date`, `from_id`, `user_id`) VALUES ('50', '2024-09-26 18:48:15', '7PZK7D', '7APFKG');
INSERT INTO `matrix_filling` (`placement_id`, `downline_id`, `level`, `matrix`) VALUES ('Q2Q92Y', '7PZK7D', 32, 1);
UPDATE `bv_updation` SET left_carry = left_carry+50, total_left = total_left+50
WHERE `user_id` = 'Q2Q92Y';
INSERT INTO `placement_bv_update_history` (`left_carry`, `date`, `from_id`, `user_id`) VALUES ('50', '2024-09-26 18:48:15', '7PZK7D', 'Q2Q92Y');
INSERT INTO `matrix_filling` (`placement_id`, `downline_id`, `level`, `matrix`) VALUES ('E9ITRC', '7PZK7D', 33, 1);
UPDATE `bv_updation` SET left_carry = left_carry+50, total_left = total_left+50
WHERE `user_id` = 'E9ITRC';
INSERT INTO `placement_bv_update_history` (`left_carry`, `date`, `from_id`, `user_id`) VALUES ('50', '2024-09-26 18:48:15', '7PZK7D', 'E9ITRC');
INSERT INTO `matrix_filling` (`placement_id`, `downline_id`, `level`, `matrix`) VALUES ('7COKBB', '7PZK7D', 34, 1);
UPDATE `bv_updation` SET left_carry = left_carry+50, total_left = total_left+50
WHERE `user_id` = '7COKBB';
INSERT INTO `placement_bv_update_history` (`left_carry`, `date`, `from_id`, `user_id`) VALUES ('50', '2024-09-26 18:48:15', '7PZK7D', '7COKBB');
INSERT INTO `matrix_filling` (`placement_id`, `downline_id`, `level`, `matrix`) VALUES ('BDNS17', '7PZK7D', 35, 1);
UPDATE `bv_updation` SET left_carry = left_carry+50, total_left = total_left+50
WHERE `user_id` = 'BDNS17';
INSERT INTO `placement_bv_update_history` (`left_carry`, `date`, `from_id`, `user_id`) VALUES ('50', '2024-09-26 18:48:15', '7PZK7D', 'BDNS17');
INSERT INTO `matrix_filling` (`placement_id`, `downline_id`, `level`, `matrix`) VALUES ('7ZXRRE', '7PZK7D', 36, 1);
UPDATE `bv_updation` SET left_carry = left_carry+50, total_left = total_left+50
WHERE `user_id` = '7ZXRRE';
INSERT INTO `placement_bv_update_history` (`left_carry`, `date`, `from_id`, `user_id`) VALUES ('50', '2024-09-26 18:48:15', '7PZK7D', '7ZXRRE');
INSERT INTO `matrix_filling` (`placement_id`, `downline_id`, `level`, `matrix`) VALUES ('KLRAF5', '7PZK7D', 37, 1);
UPDATE `bv_updation` SET left_carry = left_carry+50, total_left = total_left+50
WHERE `user_id` = 'KLRAF5';
INSERT INTO `placement_bv_update_history` (`left_carry`, `date`, `from_id`, `user_id`) VALUES ('50', '2024-09-26 18:48:15', '7PZK7D', 'KLRAF5');
INSERT INTO `matrix_filling` (`placement_id`, `downline_id`, `level`, `matrix`) VALUES ('IFJHZG', '7PZK7D', 38, 1);
UPDATE `bv_updation` SET left_carry = left_carry+50, total_left = total_left+50
WHERE `user_id` = 'IFJHZG';
INSERT INTO `placement_bv_update_history` (`left_carry`, `date`, `from_id`, `user_id`) VALUES ('50', '2024-09-26 18:48:15', '7PZK7D', 'IFJHZG');
INSERT INTO `matrix_filling` (`placement_id`, `downline_id`, `level`, `matrix`) VALUES ('MXUV8Q', '7PZK7D', 39, 1);
UPDATE `bv_updation` SET left_carry = left_carry+50, total_left = total_left+50
WHERE `user_id` = 'MXUV8Q';
INSERT INTO `placement_bv_update_history` (`left_carry`, `date`, `from_id`, `user_id`) VALUES ('50', '2024-09-26 18:48:15', '7PZK7D', 'MXUV8Q');
INSERT INTO `matrix_filling` (`placement_id`, `downline_id`, `level`, `matrix`) VALUES ('GGM164', '7PZK7D', 40, 1);
UPDATE `bv_updation` SET left_carry = left_carry+50, total_left = total_left+50
WHERE `user_id` = 'GGM164';
INSERT INTO `placement_bv_update_history` (`left_carry`, `date`, `from_id`, `user_id`) VALUES ('50', '2024-09-26 18:48:15', '7PZK7D', 'GGM164');
INSERT INTO `matrix_filling` (`placement_id`, `downline_id`, `level`, `matrix`) VALUES ('3NKIEX', '7PZK7D', 41, 1);
UPDATE `bv_updation` SET left_carry = left_carry+50, total_left = total_left+50
WHERE `user_id` = '3NKIEX';
INSERT INTO `placement_bv_update_history` (`left_carry`, `date`, `from_id`, `user_id`) VALUES ('50', '2024-09-26 18:48:15', '7PZK7D', '3NKIEX');
INSERT INTO `matrix_filling` (`placement_id`, `downline_id`, `level`, `matrix`) VALUES ('S56TH3', '7PZK7D', 42, 1);
UPDATE `bv_updation` SET left_carry = left_carry+50, total_left = total_left+50
WHERE `user_id` = 'S56TH3';
INSERT INTO `placement_bv_update_history` (`left_carry`, `date`, `from_id`, `user_id`) VALUES ('50', '2024-09-26 18:48:15', '7PZK7D', 'S56TH3');
INSERT INTO `matrix_filling` (`placement_id`, `downline_id`, `level`, `matrix`) VALUES ('XYG89U', '7PZK7D', 43, 1);
UPDATE `bv_updation` SET left_carry = left_carry+50, total_left = total_left+50
WHERE `user_id` = 'XYG89U';
INSERT INTO `placement_bv_update_history` (`left_carry`, `date`, `from_id`, `user_id`) VALUES ('50', '2024-09-26 18:48:15', '7PZK7D', 'XYG89U');
INSERT INTO `matrix_filling` (`placement_id`, `downline_id`, `level`, `matrix`) VALUES ('HTFY93', '7PZK7D', 44, 1);
UPDATE `bv_updation` SET left_carry = left_carry+50, total_left = total_left+50
WHERE `user_id` = 'HTFY93';
INSERT INTO `placement_bv_update_history` (`left_carry`, `date`, `from_id`, `user_id`) VALUES ('50', '2024-09-26 18:48:15', '7PZK7D', 'HTFY93');
INSERT INTO `matrix_filling` (`placement_id`, `downline_id`, `level`, `matrix`) VALUES ('3PR393', '7PZK7D', 45, 1);
UPDATE `bv_updation` SET left_carry = left_carry+50, total_left = total_left+50
WHERE `user_id` = '3PR393';
INSERT INTO `placement_bv_update_history` (`left_carry`, `date`, `from_id`, `user_id`) VALUES ('50', '2024-09-26 18:48:15', '7PZK7D', '3PR393');
INSERT INTO `matrix_filling` (`placement_id`, `downline_id`, `level`, `matrix`) VALUES ('T3MRY1', '7PZK7D', 46, 1);
UPDATE `bv_updation` SET left_carry = left_carry+50, total_left = total_left+50
WHERE `user_id` = 'T3MRY1';
INSERT INTO `placement_bv_update_history` (`left_carry`, `date`, `from_id`, `user_id`) VALUES ('50', '2024-09-26 18:48:15', '7PZK7D', 'T3MRY1');
INSERT INTO `matrix_filling` (`placement_id`, `downline_id`, `level`, `matrix`) VALUES ('GTMCCK', '7PZK7D', 47, 1);
UPDATE `bv_updation` SET left_carry = left_carry+50, total_left = total_left+50
WHERE `user_id` = 'GTMCCK';
INSERT INTO `placement_bv_update_history` (`left_carry`, `date`, `from_id`, `user_id`) VALUES ('50', '2024-09-26 18:48:15', '7PZK7D', 'GTMCCK');
INSERT INTO `matrix_filling` (`placement_id`, `downline_id`, `level`, `matrix`) VALUES ('DLYMIF', '7PZK7D', 48, 1);
UPDATE `bv_updation` SET left_carry = left_carry+50, total_left = total_left+50
WHERE `user_id` = 'DLYMIF';
INSERT INTO `placement_bv_update_history` (`left_carry`, `date`, `from_id`, `user_id`) VALUES ('50', '2024-09-26 18:48:15', '7PZK7D', 'DLYMIF');
INSERT INTO `matrix_filling` (`placement_id`, `downline_id`, `level`, `matrix`) VALUES ('WGJ5KE', '7PZK7D', 49, 1);
UPDATE `bv_updation` SET left_carry = left_carry+50, total_left = total_left+50
WHERE `user_id` = 'WGJ5KE';
INSERT INTO `placement_bv_update_history` (`left_carry`, `date`, `from_id`, `user_id`) VALUES ('50', '2024-09-26 18:48:15', '7PZK7D', 'WGJ5KE');
INSERT INTO `matrix_filling` (`placement_id`, `downline_id`, `level`, `matrix`) VALUES ('ORRJ3M', '7PZK7D', 50, 1);
UPDATE `bv_updation` SET left_carry = left_carry+50, total_left = total_left+50
WHERE `user_id` = 'ORRJ3M';
INSERT INTO `placement_bv_update_history` (`left_carry`, `date`, `from_id`, `user_id`) VALUES ('50', '2024-09-26 18:48:15', '7PZK7D', 'ORRJ3M');
INSERT INTO `matrix_filling` (`placement_id`, `downline_id`, `level`, `matrix`) VALUES ('AA8V6V', '7PZK7D', 51, 1);
UPDATE `bv_updation` SET left_carry = left_carry+50, total_left = total_left+50
WHERE `user_id` = 'AA8V6V';
INSERT INTO `placement_bv_update_history` (`left_carry`, `date`, `from_id`, `user_id`) VALUES ('50', '2024-09-26 18:48:15', '7PZK7D', 'AA8V6V');
INSERT INTO `matrix_filling` (`placement_id`, `downline_id`, `level`, `matrix`) VALUES ('61ME4O', '7PZK7D', 52, 1);
UPDATE `bv_updation` SET left_carry = left_carry+50, total_left = total_left+50
WHERE `user_id` = '61ME4O';
INSERT INTO `placement_bv_update_history` (`left_carry`, `date`, `from_id`, `user_id`) VALUES ('50', '2024-09-26 18:48:15', '7PZK7D', '61ME4O');
INSERT INTO `matrix_filling` (`placement_id`, `downline_id`, `level`, `matrix`) VALUES ('WS1SZZ', '7PZK7D', 53, 1);
UPDATE `bv_updation` SET left_carry = left_carry+50, total_left = total_left+50
WHERE `user_id` = 'WS1SZZ';
INSERT INTO `placement_bv_update_history` (`left_carry`, `date`, `from_id`, `user_id`) VALUES ('50', '2024-09-26 18:48:15', '7PZK7D', 'WS1SZZ');
INSERT INTO `matrix_filling` (`placement_id`, `downline_id`, `level`, `matrix`) VALUES ('TBN4MZ', '7PZK7D', 54, 1);
UPDATE `bv_updation` SET left_carry = left_carry+50, total_left = total_left+50
WHERE `user_id` = 'TBN4MZ';
INSERT INTO `placement_bv_update_history` (`left_carry`, `date`, `from_id`, `user_id`) VALUES ('50', '2024-09-26 18:48:15', '7PZK7D', 'TBN4MZ');
INSERT INTO `matrix_filling` (`placement_id`, `downline_id`, `level`, `matrix`) VALUES ('OEMJ8R', '7PZK7D', 55, 1);
UPDATE `bv_updation` SET left_carry = left_carry+50, total_left = total_left+50
WHERE `user_id` = 'OEMJ8R';
INSERT INTO `placement_bv_update_history` (`left_carry`, `date`, `from_id`, `user_id`) VALUES ('50', '2024-09-26 18:48:15', '7PZK7D', 'OEMJ8R');
INSERT INTO `matrix_filling` (`placement_id`, `downline_id`, `level`, `matrix`) VALUES ('FXAYIE', '7PZK7D', 56, 1);
UPDATE `bv_updation` SET left_carry = left_carry+50, total_left = total_left+50
WHERE `user_id` = 'FXAYIE';
INSERT INTO `placement_bv_update_history` (`left_carry`, `date`, `from_id`, `user_id`) VALUES ('50', '2024-09-26 18:48:15', '7PZK7D', 'FXAYIE');
INSERT INTO `matrix_filling` (`placement_id`, `downline_id`, `level`, `matrix`) VALUES ('ELXZWC', '7PZK7D', 57, 1);
UPDATE `bv_updation` SET left_carry = left_carry+50, total_left = total_left+50
WHERE `user_id` = 'ELXZWC';
INSERT INTO `placement_bv_update_history` (`left_carry`, `date`, `from_id`, `user_id`) VALUES ('50', '2024-09-26 18:48:15', '7PZK7D', 'ELXZWC');
INSERT INTO `matrix_filling` (`placement_id`, `downline_id`, `level`, `matrix`) VALUES ('C1TQVI', '7PZK7D', 58, 1);
UPDATE `bv_updation` SET left_carry = left_carry+50, total_left = total_left+50
WHERE `user_id` = 'C1TQVI';
INSERT INTO `placement_bv_update_history` (`left_carry`, `date`, `from_id`, `user_id`) VALUES ('50', '2024-09-26 18:48:15', '7PZK7D', 'C1TQVI');
INSERT INTO `matrix_filling` (`placement_id`, `downline_id`, `level`, `matrix`) VALUES ('F5GPDF', '7PZK7D', 59, 1);
UPDATE `bv_updation` SET left_carry = left_carry+50, total_left = total_left+50
WHERE `user_id` = 'F5GPDF';
INSERT INTO `placement_bv_update_history` (`left_carry`, `date`, `from_id`, `user_id`) VALUES ('50', '2024-09-26 18:48:15', '7PZK7D', 'F5GPDF');
INSERT INTO `matrix_filling` (`placement_id`, `downline_id`, `level`, `matrix`) VALUES ('91PYDK', '7PZK7D', 60, 1);
UPDATE `bv_updation` SET left_carry = left_carry+50, total_left = total_left+50
WHERE `user_id` = '91PYDK';
INSERT INTO `placement_bv_update_history` (`left_carry`, `date`, `from_id`, `user_id`) VALUES ('50', '2024-09-26 18:48:15', '7PZK7D', '91PYDK');
INSERT INTO `matrix_filling` (`placement_id`, `downline_id`, `level`, `matrix`) VALUES ('4OT7RX', '7PZK7D', 61, 1);
UPDATE `bv_updation` SET left_carry = left_carry+50, total_left = total_left+50
WHERE `user_id` = '4OT7RX';
INSERT INTO `placement_bv_update_history` (`left_carry`, `date`, `from_id`, `user_id`) VALUES ('50', '2024-09-26 18:48:15', '7PZK7D', '4OT7RX');
INSERT INTO `matrix_filling` (`placement_id`, `downline_id`, `level`, `matrix`) VALUES ('ZJZA3M', '7PZK7D', 62, 1);
UPDATE `bv_updation` SET left_carry = left_carry+50, total_left = total_left+50
WHERE `user_id` = 'ZJZA3M';
INSERT INTO `placement_bv_update_history` (`left_carry`, `date`, `from_id`, `user_id`) VALUES ('50', '2024-09-26 18:48:15', '7PZK7D', 'ZJZA3M');
INSERT INTO `matrix_filling` (`placement_id`, `downline_id`, `level`, `matrix`) VALUES ('XN6ETC', '7PZK7D', 63, 1);
UPDATE `bv_updation` SET left_carry = left_carry+50, total_left = total_left+50
WHERE `user_id` = 'XN6ETC';
INSERT INTO `placement_bv_update_history` (`left_carry`, `date`, `from_id`, `user_id`) VALUES ('50', '2024-09-26 18:48:15', '7PZK7D', 'XN6ETC');
INSERT INTO `matrix_filling` (`placement_id`, `downline_id`, `level`, `matrix`) VALUES ('KVQN1O', '7PZK7D', 64, 1);
UPDATE `bv_updation` SET left_carry = left_carry+50, total_left = total_left+50
WHERE `user_id` = 'KVQN1O';
INSERT INTO `placement_bv_update_history` (`left_carry`, `date`, `from_id`, `user_id`) VALUES ('50', '2024-09-26 18:48:15', '7PZK7D', 'KVQN1O');
INSERT INTO `matrix_filling` (`placement_id`, `downline_id`, `level`, `matrix`) VALUES ('X3V7DJ', '7PZK7D', 65, 1);
UPDATE `bv_updation` SET left_carry = left_carry+50, total_left = total_left+50
WHERE `user_id` = 'X3V7DJ';
INSERT INTO `placement_bv_update_history` (`left_carry`, `date`, `from_id`, `user_id`) VALUES ('50', '2024-09-26 18:48:15', '7PZK7D', 'X3V7DJ');
INSERT INTO `matrix_filling` (`placement_id`, `downline_id`, `level`, `matrix`) VALUES ('DJ77NH', '7PZK7D', 66, 1);
UPDATE `bv_updation` SET left_carry = left_carry+50, total_left = total_left+50
WHERE `user_id` = 'DJ77NH';
INSERT INTO `placement_bv_update_history` (`left_carry`, `date`, `from_id`, `user_id`) VALUES ('50', '2024-09-26 18:48:15', '7PZK7D', 'DJ77NH');
INSERT INTO `matrix_filling` (`placement_id`, `downline_id`, `level`, `matrix`) VALUES ('PX7XCL', '7PZK7D', 67, 1);
UPDATE `bv_updation` SET left_carry = left_carry+50, total_left = total_left+50
WHERE `user_id` = 'PX7XCL';
INSERT INTO `placement_bv_update_history` (`left_carry`, `date`, `from_id`, `user_id`) VALUES ('50', '2024-09-26 18:48:15', '7PZK7D', 'PX7XCL');
INSERT INTO `matrix_filling` (`placement_id`, `downline_id`, `level`, `matrix`) VALUES ('L8PM4Z', '7PZK7D', 68, 1);
UPDATE `bv_updation` SET left_carry = left_carry+50, total_left = total_left+50
WHERE `user_id` = 'L8PM4Z';
INSERT INTO `placement_bv_update_history` (`left_carry`, `date`, `from_id`, `user_id`) VALUES ('50', '2024-09-26 18:48:15', '7PZK7D', 'L8PM4Z');
INSERT INTO `matrix_filling` (`placement_id`, `downline_id`, `level`, `matrix`) VALUES ('GBSIER', '7PZK7D', 69, 1);
UPDATE `bv_updation` SET left_carry = left_carry+50, total_left = total_left+50
WHERE `user_id` = 'GBSIER';
INSERT INTO `placement_bv_update_history` (`left_carry`, `date`, `from_id`, `user_id`) VALUES ('50', '2024-09-26 18:48:15', '7PZK7D', 'GBSIER');
INSERT INTO `matrix_filling` (`placement_id`, `downline_id`, `level`, `matrix`) VALUES ('AV48YQ', '7PZK7D', 70, 1);
UPDATE `bv_updation` SET left_carry = left_carry+50, total_left = total_left+50
WHERE `user_id` = 'AV48YQ';
INSERT INTO `placement_bv_update_history` (`left_carry`, `date`, `from_id`, `user_id`) VALUES ('50', '2024-09-26 18:48:15', '7PZK7D', 'AV48YQ');
INSERT INTO `matrix_filling` (`placement_id`, `downline_id`, `level`, `matrix`) VALUES ('admin', '7PZK7D', 71, 1);
INSERT INTO `package_purchase_history` (`user_id`, `package_id`, `reg_fee`, `package_name`, `monthly_fee`, `type`, `date`, `payment_option`) VALUES ('7PZK7D', '2', '595', 'Traveler Pro', '150', 'sign_up', '2024-09-26 18:48:15', 'free');
UPDATE `ci_sessions` SET `timestamp` = 1727394535, `data` = '__ci_last_regenerate|i:1727394535;id|s:4:\"2513\";user_id|s:6:\"Z34OQI\";username|s:9:\"manolito7\";sponsor_id|s:6:\"HI62BI\";fullname|s:14:\"Manuel Sanchez\";email|s:19:\"manolito7@gmail.com\";phone|s:10:\"3057610606\";isLogIn|b:1;'
WHERE `id` = '49014df00babaafbef7c9e9868474540073c8426';
UPDATE `user_registration` SET `uid` = '2960', `user_id` = '19TRNC', `username` = 'rodrigo7', `sponsor_id` = 'Z34OQI', `vacant` = 'no', `f_name` = 'Rodrigo', `l_name` = 'Durán', `address` = '6520 Kendale Lakes Dr', `position` = 'left', `email` = 'rodrigo7@gmail.com', `password` = 'bedde457aff78493575eff13fecc889a', `phone` = '3057610606', `country` = 'United States', `state` = 'Florida', `city` = 'Miami', `street` = '6520 Kendale Lakes Dr', `zip_code` = '33183', `reg_ip` = '172.70.254.62', `status` = 1, `package_id` = '2', `rank_id` = 1, `highest_rank` = 1, `created` = '2024-09-26 18:48:55', `subscription_date` = '2024-10-26', `google_secret` = 'TU2U3KYFZTTWPBT6'
WHERE `uid` = '2960';
INSERT INTO `user_registration` (`uid`, `user_id`, `username`, `sponsor_id`, `placement_id`, `vacant`, `f_name`, `l_name`, `address`, `position`, `email`, `password`, `phone`, `reg_ip`, `status`, `created`) VALUES (NULL, 'IFYGPZ', 'FYlTETYV', '19TRNC', '19TRNC', 'yes', '', '', '', 'left', '@mail.com', '', '', '', 0, '2024-09-26 18:48:55');
INSERT INTO `user_registration` (`uid`, `user_id`, `username`, `sponsor_id`, `placement_id`, `vacant`, `f_name`, `l_name`, `address`, `position`, `email`, `password`, `phone`, `reg_ip`, `status`, `created`) VALUES (NULL, 'ZODKYS', 'uiQcUHAf', '19TRNC', '19TRNC', 'yes', '', '', '', 'right', '@mail.com', '', '', '', 0, '2024-09-26 18:48:55');
INSERT INTO `bv_updation` (`user_id`) VALUES ('19TRNC');
UPDATE `user_registration` SET total_ref_count = total_ref_count+1
WHERE `user_id` = 'Z34OQI';
UPDATE `user_registration` SET total_downlines = total_downlines+1
WHERE `user_id` = '7JKEQ1';
UPDATE `user_registration` SET left_downlines = left_downlines+1
WHERE `user_id` = '7JKEQ1';
UPDATE `user_registration` SET total_downlines = total_downlines+1
WHERE `user_id` = 'PPDXLU';
UPDATE `user_registration` SET left_downlines = left_downlines+1
WHERE `user_id` = 'PPDXLU';
UPDATE `user_registration` SET total_downlines = total_downlines+1
WHERE `user_id` = '5QN8RG';
UPDATE `user_registration` SET left_downlines = left_downlines+1
WHERE `user_id` = '5QN8RG';
UPDATE `user_registration` SET total_downlines = total_downlines+1
WHERE `user_id` = 'LOYA7U';
UPDATE `user_registration` SET left_downlines = left_downlines+1
WHERE `user_id` = 'LOYA7U';
UPDATE `user_registration` SET total_downlines = total_downlines+1
WHERE `user_id` = 'M66HM9';
UPDATE `user_registration` SET left_downlines = left_downlines+1
WHERE `user_id` = 'M66HM9';
UPDATE `user_registration` SET total_downlines = total_downlines+1
WHERE `user_id` = 'GCVMBV';
UPDATE `user_registration` SET left_downlines = left_downlines+1
WHERE `user_id` = 'GCVMBV';
UPDATE `user_registration` SET total_downlines = total_downlines+1
WHERE `user_id` = 'V6438E';
UPDATE `user_registration` SET left_downlines = left_downlines+1
WHERE `user_id` = 'V6438E';
UPDATE `user_registration` SET total_downlines = total_downlines+1
WHERE `user_id` = 'F2RMFL';
UPDATE `user_registration` SET left_downlines = left_downlines+1
WHERE `user_id` = 'F2RMFL';
UPDATE `user_registration` SET total_downlines = total_downlines+1
WHERE `user_id` = 'GHWQ7D';
UPDATE `user_registration` SET left_downlines = left_downlines+1
WHERE `user_id` = 'GHWQ7D';
UPDATE `user_registration` SET total_downlines = total_downlines+1
WHERE `user_id` = 'Z34OQI';
UPDATE `user_registration` SET left_downlines = left_downlines+1
WHERE `user_id` = 'Z34OQI';
UPDATE `user_registration` SET left_ref_count = left_ref_count+1
WHERE `user_id` = 'Z34OQI';
UPDATE `user_registration` SET active_left = active_left+1
WHERE `user_id` = 'Z34OQI';
UPDATE `user_registration` SET total_downlines = total_downlines+1
WHERE `user_id` = '5K7DS2';
UPDATE `user_registration` SET right_downlines = right_downlines+1
WHERE `user_id` = '5K7DS2';
UPDATE `user_registration` SET total_downlines = total_downlines+1
WHERE `user_id` = 'HI62BI';
UPDATE `user_registration` SET right_downlines = right_downlines+1
WHERE `user_id` = 'HI62BI';
UPDATE `user_registration` SET total_downlines = total_downlines+1
WHERE `user_id` = '1FFFBU';
UPDATE `user_registration` SET right_downlines = right_downlines+1
WHERE `user_id` = '1FFFBU';
UPDATE `user_registration` SET total_downlines = total_downlines+1
WHERE `user_id` = 'J4CGUT';
UPDATE `user_registration` SET left_downlines = left_downlines+1
WHERE `user_id` = 'J4CGUT';
UPDATE `user_registration` SET total_downlines = total_downlines+1
WHERE `user_id` = 'S1RTX3';
UPDATE `user_registration` SET left_downlines = left_downlines+1
WHERE `user_id` = 'S1RTX3';
UPDATE `user_registration` SET total_downlines = total_downlines+1
WHERE `user_id` = 'I8YWQA';
UPDATE `user_registration` SET left_downlines = left_downlines+1
WHERE `user_id` = 'I8YWQA';
UPDATE `user_registration` SET total_downlines = total_downlines+1
WHERE `user_id` = 'I3MZBU';
UPDATE `user_registration` SET left_downlines = left_downlines+1
WHERE `user_id` = 'I3MZBU';
UPDATE `user_registration` SET total_downlines = total_downlines+1
WHERE `user_id` = 'H2I33O';
UPDATE `user_registration` SET left_downlines = left_downlines+1
WHERE `user_id` = 'H2I33O';
UPDATE `user_registration` SET total_downlines = total_downlines+1
WHERE `user_id` = 'AL7XWH';
UPDATE `user_registration` SET left_downlines = left_downlines+1
WHERE `user_id` = 'AL7XWH';
UPDATE `user_registration` SET total_downlines = total_downlines+1
WHERE `user_id` = 'HFZ9SA';
UPDATE `user_registration` SET left_downlines = left_downlines+1
WHERE `user_id` = 'HFZ9SA';
UPDATE `user_registration` SET total_downlines = total_downlines+1
WHERE `user_id` = 'A2MTZ3';
UPDATE `user_registration` SET left_downlines = left_downlines+1
WHERE `user_id` = 'A2MTZ3';
UPDATE `user_registration` SET total_downlines = total_downlines+1
WHERE `user_id` = 'RUEKCW';
UPDATE `user_registration` SET left_downlines = left_downlines+1
WHERE `user_id` = 'RUEKCW';
UPDATE `user_registration` SET total_downlines = total_downlines+1
WHERE `user_id` = 'K3GTG4';
UPDATE `user_registration` SET left_downlines = left_downlines+1
WHERE `user_id` = 'K3GTG4';
UPDATE `user_registration` SET total_downlines = total_downlines+1
WHERE `user_id` = 'I1TUBN';
UPDATE `user_registration` SET left_downlines = left_downlines+1
WHERE `user_id` = 'I1TUBN';
UPDATE `user_registration` SET total_downlines = total_downlines+1
WHERE `user_id` = 'BAUCCU';
UPDATE `user_registration` SET left_downlines = left_downlines+1
WHERE `user_id` = 'BAUCCU';
UPDATE `user_registration` SET total_downlines = total_downlines+1
WHERE `user_id` = '62QO97';
UPDATE `user_registration` SET left_downlines = left_downlines+1
WHERE `user_id` = '62QO97';
UPDATE `user_registration` SET total_downlines = total_downlines+1
WHERE `user_id` = 'OHLQEO';
UPDATE `user_registration` SET left_downlines = left_downlines+1
WHERE `user_id` = 'OHLQEO';
UPDATE `user_registration` SET total_downlines = total_downlines+1
WHERE `user_id` = '7APFKG';
UPDATE `user_registration` SET left_downlines = left_downlines+1
WHERE `user_id` = '7APFKG';
UPDATE `user_registration` SET total_downlines = total_downlines+1
WHERE `user_id` = 'Q2Q92Y';
UPDATE `user_registration` SET left_downlines = left_downlines+1
WHERE `user_id` = 'Q2Q92Y';
UPDATE `user_registration` SET total_downlines = total_downlines+1
WHERE `user_id` = 'E9ITRC';
UPDATE `user_registration` SET left_downlines = left_downlines+1
WHERE `user_id` = 'E9ITRC';
UPDATE `user_registration` SET total_downlines = total_downlines+1
WHERE `user_id` = '7COKBB';
UPDATE `user_registration` SET left_downlines = left_downlines+1
WHERE `user_id` = '7COKBB';
UPDATE `user_registration` SET total_downlines = total_downlines+1
WHERE `user_id` = 'BDNS17';
UPDATE `user_registration` SET left_downlines = left_downlines+1
WHERE `user_id` = 'BDNS17';
UPDATE `user_registration` SET total_downlines = total_downlines+1
WHERE `user_id` = '7ZXRRE';
UPDATE `user_registration` SET left_downlines = left_downlines+1
WHERE `user_id` = '7ZXRRE';
UPDATE `user_registration` SET total_downlines = total_downlines+1
WHERE `user_id` = 'KLRAF5';
UPDATE `user_registration` SET left_downlines = left_downlines+1
WHERE `user_id` = 'KLRAF5';
UPDATE `user_registration` SET total_downlines = total_downlines+1
WHERE `user_id` = 'IFJHZG';
UPDATE `user_registration` SET left_downlines = left_downlines+1
WHERE `user_id` = 'IFJHZG';
UPDATE `user_registration` SET total_downlines = total_downlines+1
WHERE `user_id` = 'MXUV8Q';
UPDATE `user_registration` SET left_downlines = left_downlines+1
WHERE `user_id` = 'MXUV8Q';
UPDATE `user_registration` SET total_downlines = total_downlines+1
WHERE `user_id` = 'GGM164';
UPDATE `user_registration` SET left_downlines = left_downlines+1
WHERE `user_id` = 'GGM164';
UPDATE `user_registration` SET total_downlines = total_downlines+1
WHERE `user_id` = '3NKIEX';
UPDATE `user_registration` SET left_downlines = left_downlines+1
WHERE `user_id` = '3NKIEX';
UPDATE `user_registration` SET total_downlines = total_downlines+1
WHERE `user_id` = 'S56TH3';
UPDATE `user_registration` SET left_downlines = left_downlines+1
WHERE `user_id` = 'S56TH3';
UPDATE `user_registration` SET total_downlines = total_downlines+1
WHERE `user_id` = 'XYG89U';
UPDATE `user_registration` SET left_downlines = left_downlines+1
WHERE `user_id` = 'XYG89U';
UPDATE `user_registration` SET total_downlines = total_downlines+1
WHERE `user_id` = 'HTFY93';
UPDATE `user_registration` SET left_downlines = left_downlines+1
WHERE `user_id` = 'HTFY93';
UPDATE `user_registration` SET total_downlines = total_downlines+1
WHERE `user_id` = '3PR393';
UPDATE `user_registration` SET left_downlines = left_downlines+1
WHERE `user_id` = '3PR393';
UPDATE `user_registration` SET total_downlines = total_downlines+1
WHERE `user_id` = 'T3MRY1';
UPDATE `user_registration` SET left_downlines = left_downlines+1
WHERE `user_id` = 'T3MRY1';
UPDATE `user_registration` SET total_downlines = total_downlines+1
WHERE `user_id` = 'GTMCCK';
UPDATE `user_registration` SET left_downlines = left_downlines+1
WHERE `user_id` = 'GTMCCK';
UPDATE `user_registration` SET total_downlines = total_downlines+1
WHERE `user_id` = 'DLYMIF';
UPDATE `user_registration` SET left_downlines = left_downlines+1
WHERE `user_id` = 'DLYMIF';
UPDATE `user_registration` SET total_downlines = total_downlines+1
WHERE `user_id` = 'WGJ5KE';
UPDATE `user_registration` SET left_downlines = left_downlines+1
WHERE `user_id` = 'WGJ5KE';
UPDATE `user_registration` SET total_downlines = total_downlines+1
WHERE `user_id` = 'ORRJ3M';
UPDATE `user_registration` SET left_downlines = left_downlines+1
WHERE `user_id` = 'ORRJ3M';
UPDATE `user_registration` SET total_downlines = total_downlines+1
WHERE `user_id` = 'AA8V6V';
UPDATE `user_registration` SET left_downlines = left_downlines+1
WHERE `user_id` = 'AA8V6V';
UPDATE `user_registration` SET total_downlines = total_downlines+1
WHERE `user_id` = '61ME4O';
UPDATE `user_registration` SET left_downlines = left_downlines+1
WHERE `user_id` = '61ME4O';
UPDATE `user_registration` SET total_downlines = total_downlines+1
WHERE `user_id` = 'WS1SZZ';
UPDATE `user_registration` SET left_downlines = left_downlines+1
WHERE `user_id` = 'WS1SZZ';
UPDATE `user_registration` SET total_downlines = total_downlines+1
WHERE `user_id` = 'TBN4MZ';
UPDATE `user_registration` SET left_downlines = left_downlines+1
WHERE `user_id` = 'TBN4MZ';
UPDATE `user_registration` SET total_downlines = total_downlines+1
WHERE `user_id` = 'OEMJ8R';
UPDATE `user_registration` SET left_downlines = left_downlines+1
WHERE `user_id` = 'OEMJ8R';
UPDATE `user_registration` SET total_downlines = total_downlines+1
WHERE `user_id` = 'FXAYIE';
UPDATE `user_registration` SET left_downlines = left_downlines+1
WHERE `user_id` = 'FXAYIE';
UPDATE `user_registration` SET total_downlines = total_downlines+1
WHERE `user_id` = 'ELXZWC';
UPDATE `user_registration` SET left_downlines = left_downlines+1
WHERE `user_id` = 'ELXZWC';
UPDATE `user_registration` SET total_downlines = total_downlines+1
WHERE `user_id` = 'C1TQVI';
UPDATE `user_registration` SET left_downlines = left_downlines+1
WHERE `user_id` = 'C1TQVI';
UPDATE `user_registration` SET total_downlines = total_downlines+1
WHERE `user_id` = 'F5GPDF';
UPDATE `user_registration` SET left_downlines = left_downlines+1
WHERE `user_id` = 'F5GPDF';
UPDATE `user_registration` SET total_downlines = total_downlines+1
WHERE `user_id` = '91PYDK';
UPDATE `user_registration` SET left_downlines = left_downlines+1
WHERE `user_id` = '91PYDK';
UPDATE `user_registration` SET total_downlines = total_downlines+1
WHERE `user_id` = '4OT7RX';
UPDATE `user_registration` SET left_downlines = left_downlines+1
WHERE `user_id` = '4OT7RX';
UPDATE `user_registration` SET total_downlines = total_downlines+1
WHERE `user_id` = 'ZJZA3M';
UPDATE `user_registration` SET left_downlines = left_downlines+1
WHERE `user_id` = 'ZJZA3M';
UPDATE `user_registration` SET total_downlines = total_downlines+1
WHERE `user_id` = 'XN6ETC';
UPDATE `user_registration` SET left_downlines = left_downlines+1
WHERE `user_id` = 'XN6ETC';
UPDATE `user_registration` SET total_downlines = total_downlines+1
WHERE `user_id` = 'KVQN1O';
UPDATE `user_registration` SET left_downlines = left_downlines+1
WHERE `user_id` = 'KVQN1O';
UPDATE `user_registration` SET total_downlines = total_downlines+1
WHERE `user_id` = 'X3V7DJ';
UPDATE `user_registration` SET left_downlines = left_downlines+1
WHERE `user_id` = 'X3V7DJ';
UPDATE `user_registration` SET total_downlines = total_downlines+1
WHERE `user_id` = 'DJ77NH';
UPDATE `user_registration` SET left_downlines = left_downlines+1
WHERE `user_id` = 'DJ77NH';
UPDATE `user_registration` SET total_downlines = total_downlines+1
WHERE `user_id` = 'PX7XCL';
UPDATE `user_registration` SET left_downlines = left_downlines+1
WHERE `user_id` = 'PX7XCL';
UPDATE `user_registration` SET total_downlines = total_downlines+1
WHERE `user_id` = 'L8PM4Z';
UPDATE `user_registration` SET left_downlines = left_downlines+1
WHERE `user_id` = 'L8PM4Z';
UPDATE `user_registration` SET total_downlines = total_downlines+1
WHERE `user_id` = 'GBSIER';
UPDATE `user_registration` SET left_downlines = left_downlines+1
WHERE `user_id` = 'GBSIER';
UPDATE `user_registration` SET total_downlines = total_downlines+1
WHERE `user_id` = 'AV48YQ';
UPDATE `user_registration` SET left_downlines = left_downlines+1
WHERE `user_id` = 'AV48YQ';
UPDATE `user_registration` SET total_downlines = total_downlines+1
WHERE `user_id` = 'admin';
UPDATE `user_registration` SET left_downlines = left_downlines+1
WHERE `user_id` = 'admin';
INSERT INTO `investment` (`invest_date`, `user_id`, `type`, `amount`, `package_id`) VALUES ('2024-09-26 18:48:55', '19TRNC', 'register', '595', '2');
INSERT INTO `earnings` (`user_id`, `Purchaser_id`, `earning_type`, `package_id`, `amount`, `date`, `comments`, `invest_amount`, `comm_perc`, `level`, `rank_id`, `order_id`) VALUES ('Z34OQI', '19TRNC', 'Direct Referral Bonus', '2', '100', '2024-09-26 18:48:55', 'Direct Referral Bonus', 0, 0, 1, '', 329);
UPDATE `user_registration` SET commission_balance = ROUND(commission_balance + 100,2)
WHERE `user_id` = 'Z34OQI';
INSERT INTO `earnings` (`user_id`, `Purchaser_id`, `earning_type`, `package_id`, `amount`, `date`, `comments`, `invest_amount`, `comm_perc`, `level`, `rank_id`, `order_id`) VALUES ('HI62BI', '19TRNC', 'Expansion Bonus', '2', 100, '2024-09-26 18:48:55', 'Expansion Bonus', '100', 0, 1, '', 329);
UPDATE `user_registration` SET commission_balance = ROUND(commission_balance + 100,2)
WHERE `user_id` = 'HI62BI';
INSERT INTO `earnings` (`user_id`, `Purchaser_id`, `earning_type`, `package_id`, `amount`, `date`, `comments`, `invest_amount`, `comm_perc`, `level`, `rank_id`, `order_id`) VALUES ('1FFFBU', '19TRNC', 'Expansion Bonus', '2', 100, '2024-09-26 18:48:55', 'Expansion Bonus', 200, 0, 1, '', 329);
UPDATE `user_registration` SET commission_balance = ROUND(commission_balance + 100,2)
WHERE `user_id` = '1FFFBU';
INSERT INTO `matrix_filling` (`placement_id`, `downline_id`, `level`, `matrix`) VALUES ('7JKEQ1', '19TRNC', 1, 1);
UPDATE `bv_updation` SET left_carry = left_carry+50, total_left = total_left+50
WHERE `user_id` = '7JKEQ1';
INSERT INTO `placement_bv_update_history` (`left_carry`, `date`, `from_id`, `user_id`) VALUES ('50', '2024-09-26 18:48:56', '19TRNC', '7JKEQ1');
INSERT INTO `matrix_filling` (`placement_id`, `downline_id`, `level`, `matrix`) VALUES ('PPDXLU', '19TRNC', 2, 1);
UPDATE `bv_updation` SET left_carry = left_carry+50, total_left = total_left+50
WHERE `user_id` = 'PPDXLU';
INSERT INTO `placement_bv_update_history` (`left_carry`, `date`, `from_id`, `user_id`) VALUES ('50', '2024-09-26 18:48:56', '19TRNC', 'PPDXLU');
INSERT INTO `matrix_filling` (`placement_id`, `downline_id`, `level`, `matrix`) VALUES ('5QN8RG', '19TRNC', 3, 1);
UPDATE `bv_updation` SET left_carry = left_carry+50, total_left = total_left+50
WHERE `user_id` = '5QN8RG';
INSERT INTO `placement_bv_update_history` (`left_carry`, `date`, `from_id`, `user_id`) VALUES ('50', '2024-09-26 18:48:56', '19TRNC', '5QN8RG');
INSERT INTO `matrix_filling` (`placement_id`, `downline_id`, `level`, `matrix`) VALUES ('LOYA7U', '19TRNC', 4, 1);
UPDATE `bv_updation` SET left_carry = left_carry+50, total_left = total_left+50
WHERE `user_id` = 'LOYA7U';
INSERT INTO `placement_bv_update_history` (`left_carry`, `date`, `from_id`, `user_id`) VALUES ('50', '2024-09-26 18:48:56', '19TRNC', 'LOYA7U');
INSERT INTO `matrix_filling` (`placement_id`, `downline_id`, `level`, `matrix`) VALUES ('M66HM9', '19TRNC', 5, 1);
UPDATE `bv_updation` SET left_carry = left_carry+50, total_left = total_left+50
WHERE `user_id` = 'M66HM9';
INSERT INTO `placement_bv_update_history` (`left_carry`, `date`, `from_id`, `user_id`) VALUES ('50', '2024-09-26 18:48:56', '19TRNC', 'M66HM9');
INSERT INTO `matrix_filling` (`placement_id`, `downline_id`, `level`, `matrix`) VALUES ('GCVMBV', '19TRNC', 6, 1);
UPDATE `bv_updation` SET left_carry = left_carry+50, total_left = total_left+50
WHERE `user_id` = 'GCVMBV';
INSERT INTO `placement_bv_update_history` (`left_carry`, `date`, `from_id`, `user_id`) VALUES ('50', '2024-09-26 18:48:56', '19TRNC', 'GCVMBV');
INSERT INTO `matrix_filling` (`placement_id`, `downline_id`, `level`, `matrix`) VALUES ('V6438E', '19TRNC', 7, 1);
UPDATE `bv_updation` SET left_carry = left_carry+50, total_left = total_left+50
WHERE `user_id` = 'V6438E';
INSERT INTO `placement_bv_update_history` (`left_carry`, `date`, `from_id`, `user_id`) VALUES ('50', '2024-09-26 18:48:56', '19TRNC', 'V6438E');
INSERT INTO `matrix_filling` (`placement_id`, `downline_id`, `level`, `matrix`) VALUES ('F2RMFL', '19TRNC', 8, 1);
UPDATE `bv_updation` SET left_carry = left_carry+50, total_left = total_left+50
WHERE `user_id` = 'F2RMFL';
INSERT INTO `placement_bv_update_history` (`left_carry`, `date`, `from_id`, `user_id`) VALUES ('50', '2024-09-26 18:48:56', '19TRNC', 'F2RMFL');
INSERT INTO `matrix_filling` (`placement_id`, `downline_id`, `level`, `matrix`) VALUES ('GHWQ7D', '19TRNC', 9, 1);
UPDATE `bv_updation` SET left_carry = left_carry+50, total_left = total_left+50
WHERE `user_id` = 'GHWQ7D';
INSERT INTO `placement_bv_update_history` (`left_carry`, `date`, `from_id`, `user_id`) VALUES ('50', '2024-09-26 18:48:56', '19TRNC', 'GHWQ7D');
INSERT INTO `matrix_filling` (`placement_id`, `downline_id`, `level`, `matrix`) VALUES ('Z34OQI', '19TRNC', 10, 1);
UPDATE `bv_updation` SET left_carry = left_carry+50, total_left = total_left+50
WHERE `user_id` = 'Z34OQI';
INSERT INTO `placement_bv_update_history` (`left_carry`, `date`, `from_id`, `user_id`) VALUES ('50', '2024-09-26 18:48:56', '19TRNC', 'Z34OQI');
UPDATE `bv_updation` SET sponsor_left_carry = sponsor_left_carry+50, sponsor_total_left = sponsor_total_left+50
WHERE `user_id` = 'Z34OQI';
INSERT INTO `sponsor_bv_update_history` (`left_carry`, `date`, `user_id`) VALUES ('50', '2024-09-26 18:48:56', 'Z34OQI');
INSERT INTO `matrix_filling` (`placement_id`, `downline_id`, `level`, `matrix`) VALUES ('5K7DS2', '19TRNC', 11, 1);
UPDATE `bv_updation` SET right_carry = right_carry+50, total_right = total_right+50
WHERE `user_id` = '5K7DS2';
INSERT INTO `placement_bv_update_history` (`right_carry`, `date`, `from_id`, `user_id`) VALUES ('50', '2024-09-26 18:48:56', '19TRNC', '5K7DS2');
INSERT INTO `matrix_filling` (`placement_id`, `downline_id`, `level`, `matrix`) VALUES ('HI62BI', '19TRNC', 12, 1);
UPDATE `bv_updation` SET right_carry = right_carry+50, total_right = total_right+50
WHERE `user_id` = 'HI62BI';
INSERT INTO `placement_bv_update_history` (`right_carry`, `date`, `from_id`, `user_id`) VALUES ('50', '2024-09-26 18:48:56', '19TRNC', 'HI62BI');
INSERT INTO `matrix_filling` (`placement_id`, `downline_id`, `level`, `matrix`) VALUES ('1FFFBU', '19TRNC', 13, 1);
UPDATE `bv_updation` SET right_carry = right_carry+50, total_right = total_right+50
WHERE `user_id` = '1FFFBU';
INSERT INTO `placement_bv_update_history` (`right_carry`, `date`, `from_id`, `user_id`) VALUES ('50', '2024-09-26 18:48:56', '19TRNC', '1FFFBU');
INSERT INTO `matrix_filling` (`placement_id`, `downline_id`, `level`, `matrix`) VALUES ('J4CGUT', '19TRNC', 14, 1);
UPDATE `bv_updation` SET left_carry = left_carry+50, total_left = total_left+50
WHERE `user_id` = 'J4CGUT';
INSERT INTO `placement_bv_update_history` (`left_carry`, `date`, `from_id`, `user_id`) VALUES ('50', '2024-09-26 18:48:56', '19TRNC', 'J4CGUT');
INSERT INTO `matrix_filling` (`placement_id`, `downline_id`, `level`, `matrix`) VALUES ('S1RTX3', '19TRNC', 15, 1);
UPDATE `bv_updation` SET left_carry = left_carry+50, total_left = total_left+50
WHERE `user_id` = 'S1RTX3';
INSERT INTO `placement_bv_update_history` (`left_carry`, `date`, `from_id`, `user_id`) VALUES ('50', '2024-09-26 18:48:56', '19TRNC', 'S1RTX3');
INSERT INTO `matrix_filling` (`placement_id`, `downline_id`, `level`, `matrix`) VALUES ('I8YWQA', '19TRNC', 16, 1);
UPDATE `bv_updation` SET left_carry = left_carry+50, total_left = total_left+50
WHERE `user_id` = 'I8YWQA';
INSERT INTO `placement_bv_update_history` (`left_carry`, `date`, `from_id`, `user_id`) VALUES ('50', '2024-09-26 18:48:56', '19TRNC', 'I8YWQA');
INSERT INTO `matrix_filling` (`placement_id`, `downline_id`, `level`, `matrix`) VALUES ('I3MZBU', '19TRNC', 17, 1);
UPDATE `bv_updation` SET left_carry = left_carry+50, total_left = total_left+50
WHERE `user_id` = 'I3MZBU';
INSERT INTO `placement_bv_update_history` (`left_carry`, `date`, `from_id`, `user_id`) VALUES ('50', '2024-09-26 18:48:56', '19TRNC', 'I3MZBU');
INSERT INTO `matrix_filling` (`placement_id`, `downline_id`, `level`, `matrix`) VALUES ('H2I33O', '19TRNC', 18, 1);
UPDATE `bv_updation` SET left_carry = left_carry+50, total_left = total_left+50
WHERE `user_id` = 'H2I33O';
INSERT INTO `placement_bv_update_history` (`left_carry`, `date`, `from_id`, `user_id`) VALUES ('50', '2024-09-26 18:48:56', '19TRNC', 'H2I33O');
INSERT INTO `matrix_filling` (`placement_id`, `downline_id`, `level`, `matrix`) VALUES ('AL7XWH', '19TRNC', 19, 1);
UPDATE `bv_updation` SET left_carry = left_carry+50, total_left = total_left+50
WHERE `user_id` = 'AL7XWH';
INSERT INTO `placement_bv_update_history` (`left_carry`, `date`, `from_id`, `user_id`) VALUES ('50', '2024-09-26 18:48:56', '19TRNC', 'AL7XWH');
INSERT INTO `matrix_filling` (`placement_id`, `downline_id`, `level`, `matrix`) VALUES ('HFZ9SA', '19TRNC', 20, 1);
UPDATE `bv_updation` SET left_carry = left_carry+50, total_left = total_left+50
WHERE `user_id` = 'HFZ9SA';
INSERT INTO `placement_bv_update_history` (`left_carry`, `date`, `from_id`, `user_id`) VALUES ('50', '2024-09-26 18:48:56', '19TRNC', 'HFZ9SA');
INSERT INTO `matrix_filling` (`placement_id`, `downline_id`, `level`, `matrix`) VALUES ('A2MTZ3', '19TRNC', 21, 1);
UPDATE `bv_updation` SET left_carry = left_carry+50, total_left = total_left+50
WHERE `user_id` = 'A2MTZ3';
INSERT INTO `placement_bv_update_history` (`left_carry`, `date`, `from_id`, `user_id`) VALUES ('50', '2024-09-26 18:48:56', '19TRNC', 'A2MTZ3');
INSERT INTO `matrix_filling` (`placement_id`, `downline_id`, `level`, `matrix`) VALUES ('RUEKCW', '19TRNC', 22, 1);
UPDATE `bv_updation` SET left_carry = left_carry+50, total_left = total_left+50
WHERE `user_id` = 'RUEKCW';
INSERT INTO `placement_bv_update_history` (`left_carry`, `date`, `from_id`, `user_id`) VALUES ('50', '2024-09-26 18:48:56', '19TRNC', 'RUEKCW');
INSERT INTO `matrix_filling` (`placement_id`, `downline_id`, `level`, `matrix`) VALUES ('K3GTG4', '19TRNC', 23, 1);
UPDATE `bv_updation` SET left_carry = left_carry+50, total_left = total_left+50
WHERE `user_id` = 'K3GTG4';
INSERT INTO `placement_bv_update_history` (`left_carry`, `date`, `from_id`, `user_id`) VALUES ('50', '2024-09-26 18:48:56', '19TRNC', 'K3GTG4');
INSERT INTO `matrix_filling` (`placement_id`, `downline_id`, `level`, `matrix`) VALUES ('I1TUBN', '19TRNC', 24, 1);
UPDATE `bv_updation` SET left_carry = left_carry+50, total_left = total_left+50
WHERE `user_id` = 'I1TUBN';
INSERT INTO `placement_bv_update_history` (`left_carry`, `date`, `from_id`, `user_id`) VALUES ('50', '2024-09-26 18:48:56', '19TRNC', 'I1TUBN');
INSERT INTO `matrix_filling` (`placement_id`, `downline_id`, `level`, `matrix`) VALUES ('BAUCCU', '19TRNC', 25, 1);
UPDATE `bv_updation` SET left_carry = left_carry+50, total_left = total_left+50
WHERE `user_id` = 'BAUCCU';
INSERT INTO `placement_bv_update_history` (`left_carry`, `date`, `from_id`, `user_id`) VALUES ('50', '2024-09-26 18:48:56', '19TRNC', 'BAUCCU');
INSERT INTO `matrix_filling` (`placement_id`, `downline_id`, `level`, `matrix`) VALUES ('62QO97', '19TRNC', 26, 1);
UPDATE `bv_updation` SET left_carry = left_carry+50, total_left = total_left+50
WHERE `user_id` = '62QO97';
INSERT INTO `placement_bv_update_history` (`left_carry`, `date`, `from_id`, `user_id`) VALUES ('50', '2024-09-26 18:48:56', '19TRNC', '62QO97');
INSERT INTO `matrix_filling` (`placement_id`, `downline_id`, `level`, `matrix`) VALUES ('OHLQEO', '19TRNC', 27, 1);
UPDATE `bv_updation` SET left_carry = left_carry+50, total_left = total_left+50
WHERE `user_id` = 'OHLQEO';
INSERT INTO `placement_bv_update_history` (`left_carry`, `date`, `from_id`, `user_id`) VALUES ('50', '2024-09-26 18:48:56', '19TRNC', 'OHLQEO');
INSERT INTO `matrix_filling` (`placement_id`, `downline_id`, `level`, `matrix`) VALUES ('7APFKG', '19TRNC', 28, 1);
UPDATE `bv_updation` SET left_carry = left_carry+50, total_left = total_left+50
WHERE `user_id` = '7APFKG';
INSERT INTO `placement_bv_update_history` (`left_carry`, `date`, `from_id`, `user_id`) VALUES ('50', '2024-09-26 18:48:56', '19TRNC', '7APFKG');
INSERT INTO `matrix_filling` (`placement_id`, `downline_id`, `level`, `matrix`) VALUES ('Q2Q92Y', '19TRNC', 29, 1);
UPDATE `bv_updation` SET left_carry = left_carry+50, total_left = total_left+50
WHERE `user_id` = 'Q2Q92Y';
INSERT INTO `placement_bv_update_history` (`left_carry`, `date`, `from_id`, `user_id`) VALUES ('50', '2024-09-26 18:48:56', '19TRNC', 'Q2Q92Y');
INSERT INTO `matrix_filling` (`placement_id`, `downline_id`, `level`, `matrix`) VALUES ('E9ITRC', '19TRNC', 30, 1);
UPDATE `bv_updation` SET left_carry = left_carry+50, total_left = total_left+50
WHERE `user_id` = 'E9ITRC';
INSERT INTO `placement_bv_update_history` (`left_carry`, `date`, `from_id`, `user_id`) VALUES ('50', '2024-09-26 18:48:56', '19TRNC', 'E9ITRC');
INSERT INTO `matrix_filling` (`placement_id`, `downline_id`, `level`, `matrix`) VALUES ('7COKBB', '19TRNC', 31, 1);
UPDATE `bv_updation` SET left_carry = left_carry+50, total_left = total_left+50
WHERE `user_id` = '7COKBB';
INSERT INTO `placement_bv_update_history` (`left_carry`, `date`, `from_id`, `user_id`) VALUES ('50', '2024-09-26 18:48:56', '19TRNC', '7COKBB');
INSERT INTO `matrix_filling` (`placement_id`, `downline_id`, `level`, `matrix`) VALUES ('BDNS17', '19TRNC', 32, 1);
UPDATE `bv_updation` SET left_carry = left_carry+50, total_left = total_left+50
WHERE `user_id` = 'BDNS17';
INSERT INTO `placement_bv_update_history` (`left_carry`, `date`, `from_id`, `user_id`) VALUES ('50', '2024-09-26 18:48:56', '19TRNC', 'BDNS17');
INSERT INTO `matrix_filling` (`placement_id`, `downline_id`, `level`, `matrix`) VALUES ('7ZXRRE', '19TRNC', 33, 1);
UPDATE `bv_updation` SET left_carry = left_carry+50, total_left = total_left+50
WHERE `user_id` = '7ZXRRE';
INSERT INTO `placement_bv_update_history` (`left_carry`, `date`, `from_id`, `user_id`) VALUES ('50', '2024-09-26 18:48:56', '19TRNC', '7ZXRRE');
INSERT INTO `matrix_filling` (`placement_id`, `downline_id`, `level`, `matrix`) VALUES ('KLRAF5', '19TRNC', 34, 1);
UPDATE `bv_updation` SET left_carry = left_carry+50, total_left = total_left+50
WHERE `user_id` = 'KLRAF5';
INSERT INTO `placement_bv_update_history` (`left_carry`, `date`, `from_id`, `user_id`) VALUES ('50', '2024-09-26 18:48:56', '19TRNC', 'KLRAF5');
INSERT INTO `matrix_filling` (`placement_id`, `downline_id`, `level`, `matrix`) VALUES ('IFJHZG', '19TRNC', 35, 1);
UPDATE `bv_updation` SET left_carry = left_carry+50, total_left = total_left+50
WHERE `user_id` = 'IFJHZG';
INSERT INTO `placement_bv_update_history` (`left_carry`, `date`, `from_id`, `user_id`) VALUES ('50', '2024-09-26 18:48:56', '19TRNC', 'IFJHZG');
INSERT INTO `matrix_filling` (`placement_id`, `downline_id`, `level`, `matrix`) VALUES ('MXUV8Q', '19TRNC', 36, 1);
UPDATE `bv_updation` SET left_carry = left_carry+50, total_left = total_left+50
WHERE `user_id` = 'MXUV8Q';
INSERT INTO `placement_bv_update_history` (`left_carry`, `date`, `from_id`, `user_id`) VALUES ('50', '2024-09-26 18:48:56', '19TRNC', 'MXUV8Q');
INSERT INTO `matrix_filling` (`placement_id`, `downline_id`, `level`, `matrix`) VALUES ('GGM164', '19TRNC', 37, 1);
UPDATE `bv_updation` SET left_carry = left_carry+50, total_left = total_left+50
WHERE `user_id` = 'GGM164';
INSERT INTO `placement_bv_update_history` (`left_carry`, `date`, `from_id`, `user_id`) VALUES ('50', '2024-09-26 18:48:56', '19TRNC', 'GGM164');
INSERT INTO `matrix_filling` (`placement_id`, `downline_id`, `level`, `matrix`) VALUES ('3NKIEX', '19TRNC', 38, 1);
UPDATE `bv_updation` SET left_carry = left_carry+50, total_left = total_left+50
WHERE `user_id` = '3NKIEX';
INSERT INTO `placement_bv_update_history` (`left_carry`, `date`, `from_id`, `user_id`) VALUES ('50', '2024-09-26 18:48:56', '19TRNC', '3NKIEX');
INSERT INTO `matrix_filling` (`placement_id`, `downline_id`, `level`, `matrix`) VALUES ('S56TH3', '19TRNC', 39, 1);
UPDATE `bv_updation` SET left_carry = left_carry+50, total_left = total_left+50
WHERE `user_id` = 'S56TH3';
INSERT INTO `placement_bv_update_history` (`left_carry`, `date`, `from_id`, `user_id`) VALUES ('50', '2024-09-26 18:48:56', '19TRNC', 'S56TH3');
INSERT INTO `matrix_filling` (`placement_id`, `downline_id`, `level`, `matrix`) VALUES ('XYG89U', '19TRNC', 40, 1);
UPDATE `bv_updation` SET left_carry = left_carry+50, total_left = total_left+50
WHERE `user_id` = 'XYG89U';
INSERT INTO `placement_bv_update_history` (`left_carry`, `date`, `from_id`, `user_id`) VALUES ('50', '2024-09-26 18:48:56', '19TRNC', 'XYG89U');
INSERT INTO `matrix_filling` (`placement_id`, `downline_id`, `level`, `matrix`) VALUES ('HTFY93', '19TRNC', 41, 1);
UPDATE `bv_updation` SET left_carry = left_carry+50, total_left = total_left+50
WHERE `user_id` = 'HTFY93';
INSERT INTO `placement_bv_update_history` (`left_carry`, `date`, `from_id`, `user_id`) VALUES ('50', '2024-09-26 18:48:56', '19TRNC', 'HTFY93');
INSERT INTO `matrix_filling` (`placement_id`, `downline_id`, `level`, `matrix`) VALUES ('3PR393', '19TRNC', 42, 1);
UPDATE `bv_updation` SET left_carry = left_carry+50, total_left = total_left+50
WHERE `user_id` = '3PR393';
INSERT INTO `placement_bv_update_history` (`left_carry`, `date`, `from_id`, `user_id`) VALUES ('50', '2024-09-26 18:48:56', '19TRNC', '3PR393');
INSERT INTO `matrix_filling` (`placement_id`, `downline_id`, `level`, `matrix`) VALUES ('T3MRY1', '19TRNC', 43, 1);
UPDATE `bv_updation` SET left_carry = left_carry+50, total_left = total_left+50
WHERE `user_id` = 'T3MRY1';
INSERT INTO `placement_bv_update_history` (`left_carry`, `date`, `from_id`, `user_id`) VALUES ('50', '2024-09-26 18:48:56', '19TRNC', 'T3MRY1');
INSERT INTO `matrix_filling` (`placement_id`, `downline_id`, `level`, `matrix`) VALUES ('GTMCCK', '19TRNC', 44, 1);
UPDATE `bv_updation` SET left_carry = left_carry+50, total_left = total_left+50
WHERE `user_id` = 'GTMCCK';
INSERT INTO `placement_bv_update_history` (`left_carry`, `date`, `from_id`, `user_id`) VALUES ('50', '2024-09-26 18:48:56', '19TRNC', 'GTMCCK');
INSERT INTO `matrix_filling` (`placement_id`, `downline_id`, `level`, `matrix`) VALUES ('DLYMIF', '19TRNC', 45, 1);
UPDATE `bv_updation` SET left_carry = left_carry+50, total_left = total_left+50
WHERE `user_id` = 'DLYMIF';
INSERT INTO `placement_bv_update_history` (`left_carry`, `date`, `from_id`, `user_id`) VALUES ('50', '2024-09-26 18:48:56', '19TRNC', 'DLYMIF');
INSERT INTO `matrix_filling` (`placement_id`, `downline_id`, `level`, `matrix`) VALUES ('WGJ5KE', '19TRNC', 46, 1);
UPDATE `bv_updation` SET left_carry = left_carry+50, total_left = total_left+50
WHERE `user_id` = 'WGJ5KE';
INSERT INTO `placement_bv_update_history` (`left_carry`, `date`, `from_id`, `user_id`) VALUES ('50', '2024-09-26 18:48:56', '19TRNC', 'WGJ5KE');
INSERT INTO `matrix_filling` (`placement_id`, `downline_id`, `level`, `matrix`) VALUES ('ORRJ3M', '19TRNC', 47, 1);
UPDATE `bv_updation` SET left_carry = left_carry+50, total_left = total_left+50
WHERE `user_id` = 'ORRJ3M';
INSERT INTO `placement_bv_update_history` (`left_carry`, `date`, `from_id`, `user_id`) VALUES ('50', '2024-09-26 18:48:56', '19TRNC', 'ORRJ3M');
INSERT INTO `matrix_filling` (`placement_id`, `downline_id`, `level`, `matrix`) VALUES ('AA8V6V', '19TRNC', 48, 1);
UPDATE `bv_updation` SET left_carry = left_carry+50, total_left = total_left+50
WHERE `user_id` = 'AA8V6V';
INSERT INTO `placement_bv_update_history` (`left_carry`, `date`, `from_id`, `user_id`) VALUES ('50', '2024-09-26 18:48:56', '19TRNC', 'AA8V6V');
INSERT INTO `matrix_filling` (`placement_id`, `downline_id`, `level`, `matrix`) VALUES ('61ME4O', '19TRNC', 49, 1);
UPDATE `bv_updation` SET left_carry = left_carry+50, total_left = total_left+50
WHERE `user_id` = '61ME4O';
INSERT INTO `placement_bv_update_history` (`left_carry`, `date`, `from_id`, `user_id`) VALUES ('50', '2024-09-26 18:48:56', '19TRNC', '61ME4O');
INSERT INTO `matrix_filling` (`placement_id`, `downline_id`, `level`, `matrix`) VALUES ('WS1SZZ', '19TRNC', 50, 1);
UPDATE `bv_updation` SET left_carry = left_carry+50, total_left = total_left+50
WHERE `user_id` = 'WS1SZZ';
INSERT INTO `placement_bv_update_history` (`left_carry`, `date`, `from_id`, `user_id`) VALUES ('50', '2024-09-26 18:48:56', '19TRNC', 'WS1SZZ');
INSERT INTO `matrix_filling` (`placement_id`, `downline_id`, `level`, `matrix`) VALUES ('TBN4MZ', '19TRNC', 51, 1);
UPDATE `bv_updation` SET left_carry = left_carry+50, total_left = total_left+50
WHERE `user_id` = 'TBN4MZ';
INSERT INTO `placement_bv_update_history` (`left_carry`, `date`, `from_id`, `user_id`) VALUES ('50', '2024-09-26 18:48:56', '19TRNC', 'TBN4MZ');
INSERT INTO `matrix_filling` (`placement_id`, `downline_id`, `level`, `matrix`) VALUES ('OEMJ8R', '19TRNC', 52, 1);
UPDATE `bv_updation` SET left_carry = left_carry+50, total_left = total_left+50
WHERE `user_id` = 'OEMJ8R';
INSERT INTO `placement_bv_update_history` (`left_carry`, `date`, `from_id`, `user_id`) VALUES ('50', '2024-09-26 18:48:56', '19TRNC', 'OEMJ8R');
INSERT INTO `matrix_filling` (`placement_id`, `downline_id`, `level`, `matrix`) VALUES ('FXAYIE', '19TRNC', 53, 1);
UPDATE `bv_updation` SET left_carry = left_carry+50, total_left = total_left+50
WHERE `user_id` = 'FXAYIE';
INSERT INTO `placement_bv_update_history` (`left_carry`, `date`, `from_id`, `user_id`) VALUES ('50', '2024-09-26 18:48:56', '19TRNC', 'FXAYIE');
INSERT INTO `matrix_filling` (`placement_id`, `downline_id`, `level`, `matrix`) VALUES ('ELXZWC', '19TRNC', 54, 1);
UPDATE `bv_updation` SET left_carry = left_carry+50, total_left = total_left+50
WHERE `user_id` = 'ELXZWC';
INSERT INTO `placement_bv_update_history` (`left_carry`, `date`, `from_id`, `user_id`) VALUES ('50', '2024-09-26 18:48:56', '19TRNC', 'ELXZWC');
INSERT INTO `matrix_filling` (`placement_id`, `downline_id`, `level`, `matrix`) VALUES ('C1TQVI', '19TRNC', 55, 1);
UPDATE `bv_updation` SET left_carry = left_carry+50, total_left = total_left+50
WHERE `user_id` = 'C1TQVI';
INSERT INTO `placement_bv_update_history` (`left_carry`, `date`, `from_id`, `user_id`) VALUES ('50', '2024-09-26 18:48:56', '19TRNC', 'C1TQVI');
INSERT INTO `matrix_filling` (`placement_id`, `downline_id`, `level`, `matrix`) VALUES ('F5GPDF', '19TRNC', 56, 1);
UPDATE `bv_updation` SET left_carry = left_carry+50, total_left = total_left+50
WHERE `user_id` = 'F5GPDF';
INSERT INTO `placement_bv_update_history` (`left_carry`, `date`, `from_id`, `user_id`) VALUES ('50', '2024-09-26 18:48:56', '19TRNC', 'F5GPDF');
INSERT INTO `matrix_filling` (`placement_id`, `downline_id`, `level`, `matrix`) VALUES ('91PYDK', '19TRNC', 57, 1);
UPDATE `bv_updation` SET left_carry = left_carry+50, total_left = total_left+50
WHERE `user_id` = '91PYDK';
INSERT INTO `placement_bv_update_history` (`left_carry`, `date`, `from_id`, `user_id`) VALUES ('50', '2024-09-26 18:48:56', '19TRNC', '91PYDK');
INSERT INTO `matrix_filling` (`placement_id`, `downline_id`, `level`, `matrix`) VALUES ('4OT7RX', '19TRNC', 58, 1);
UPDATE `bv_updation` SET left_carry = left_carry+50, total_left = total_left+50
WHERE `user_id` = '4OT7RX';
INSERT INTO `placement_bv_update_history` (`left_carry`, `date`, `from_id`, `user_id`) VALUES ('50', '2024-09-26 18:48:56', '19TRNC', '4OT7RX');
INSERT INTO `matrix_filling` (`placement_id`, `downline_id`, `level`, `matrix`) VALUES ('ZJZA3M', '19TRNC', 59, 1);
UPDATE `bv_updation` SET left_carry = left_carry+50, total_left = total_left+50
WHERE `user_id` = 'ZJZA3M';
INSERT INTO `placement_bv_update_history` (`left_carry`, `date`, `from_id`, `user_id`) VALUES ('50', '2024-09-26 18:48:56', '19TRNC', 'ZJZA3M');
INSERT INTO `matrix_filling` (`placement_id`, `downline_id`, `level`, `matrix`) VALUES ('XN6ETC', '19TRNC', 60, 1);
UPDATE `bv_updation` SET left_carry = left_carry+50, total_left = total_left+50
WHERE `user_id` = 'XN6ETC';
INSERT INTO `placement_bv_update_history` (`left_carry`, `date`, `from_id`, `user_id`) VALUES ('50', '2024-09-26 18:48:56', '19TRNC', 'XN6ETC');
INSERT INTO `matrix_filling` (`placement_id`, `downline_id`, `level`, `matrix`) VALUES ('KVQN1O', '19TRNC', 61, 1);
UPDATE `bv_updation` SET left_carry = left_carry+50, total_left = total_left+50
WHERE `user_id` = 'KVQN1O';
INSERT INTO `placement_bv_update_history` (`left_carry`, `date`, `from_id`, `user_id`) VALUES ('50', '2024-09-26 18:48:56', '19TRNC', 'KVQN1O');
INSERT INTO `matrix_filling` (`placement_id`, `downline_id`, `level`, `matrix`) VALUES ('X3V7DJ', '19TRNC', 62, 1);
UPDATE `bv_updation` SET left_carry = left_carry+50, total_left = total_left+50
WHERE `user_id` = 'X3V7DJ';
INSERT INTO `placement_bv_update_history` (`left_carry`, `date`, `from_id`, `user_id`) VALUES ('50', '2024-09-26 18:48:56', '19TRNC', 'X3V7DJ');
INSERT INTO `matrix_filling` (`placement_id`, `downline_id`, `level`, `matrix`) VALUES ('DJ77NH', '19TRNC', 63, 1);
UPDATE `bv_updation` SET left_carry = left_carry+50, total_left = total_left+50
WHERE `user_id` = 'DJ77NH';
INSERT INTO `placement_bv_update_history` (`left_carry`, `date`, `from_id`, `user_id`) VALUES ('50', '2024-09-26 18:48:56', '19TRNC', 'DJ77NH');
INSERT INTO `matrix_filling` (`placement_id`, `downline_id`, `level`, `matrix`) VALUES ('PX7XCL', '19TRNC', 64, 1);
UPDATE `bv_updation` SET left_carry = left_carry+50, total_left = total_left+50
WHERE `user_id` = 'PX7XCL';
INSERT INTO `placement_bv_update_history` (`left_carry`, `date`, `from_id`, `user_id`) VALUES ('50', '2024-09-26 18:48:56', '19TRNC', 'PX7XCL');
INSERT INTO `matrix_filling` (`placement_id`, `downline_id`, `level`, `matrix`) VALUES ('L8PM4Z', '19TRNC', 65, 1);
UPDATE `bv_updation` SET left_carry = left_carry+50, total_left = total_left+50
WHERE `user_id` = 'L8PM4Z';
INSERT INTO `placement_bv_update_history` (`left_carry`, `date`, `from_id`, `user_id`) VALUES ('50', '2024-09-26 18:48:56', '19TRNC', 'L8PM4Z');
INSERT INTO `matrix_filling` (`placement_id`, `downline_id`, `level`, `matrix`) VALUES ('GBSIER', '19TRNC', 66, 1);
UPDATE `bv_updation` SET left_carry = left_carry+50, total_left = total_left+50
WHERE `user_id` = 'GBSIER';
INSERT INTO `placement_bv_update_history` (`left_carry`, `date`, `from_id`, `user_id`) VALUES ('50', '2024-09-26 18:48:56', '19TRNC', 'GBSIER');
INSERT INTO `matrix_filling` (`placement_id`, `downline_id`, `level`, `matrix`) VALUES ('AV48YQ', '19TRNC', 67, 1);
UPDATE `bv_updation` SET left_carry = left_carry+50, total_left = total_left+50
WHERE `user_id` = 'AV48YQ';
INSERT INTO `placement_bv_update_history` (`left_carry`, `date`, `from_id`, `user_id`) VALUES ('50', '2024-09-26 18:48:56', '19TRNC', 'AV48YQ');
INSERT INTO `matrix_filling` (`placement_id`, `downline_id`, `level`, `matrix`) VALUES ('admin', '19TRNC', 68, 1);
INSERT INTO `package_purchase_history` (`user_id`, `package_id`, `reg_fee`, `package_name`, `monthly_fee`, `type`, `date`, `payment_option`) VALUES ('19TRNC', '2', '595', 'Traveler Pro', '150', 'sign_up', '2024-09-26 18:48:56', 'free');
UPDATE `user_registration` SET `popup_seen` = 'yes'
WHERE `user_id` = 'Z34OQI';
UPDATE `user_registration` SET `popup_seen` = 'no'
WHERE `user_id` = 'Z34OQI';
DELETE FROM `ci_sessions`
WHERE `id` = '6548067b5b45b1845e9479e03b7cdecfc436af28';
INSERT INTO `login_history` (`user_id`, `device`, `ip_address`, `date`) VALUES ('HI62BI', 'Mozilla/5.0 (Windows NT 10.0; Win64; x64) AppleWebKit/537.36 (KHTML, like Gecko) Chrome/129.0.0.0 Safari/537.36', '172.70.254.63', '24-09-26 18:49');
UPDATE `user_registration` SET `popup_seen` = 'yes'
WHERE `user_id` = 'HI62BI';
UPDATE `user_registration` SET `popup_seen` = 'yes'
WHERE `user_id` = 'HI62BI';
UPDATE `user_registration` SET `popup_seen` = 'yes'
WHERE `user_id` = 'HI62BI';
UPDATE `user_registration` SET `popup_seen` = 'no'
WHERE `user_id` = 'HI62BI';
DELETE FROM `ci_sessions`
WHERE `id` = 'df3c9df57aae47285f641298ebc6b8ee4e724dc5';
UPDATE `ci_sessions` SET `timestamp` = 1727394685, `data` = '__ci_last_regenerate|i:1727394685;id|s:4:\"2514\";user_id|s:6:\"JQ3FLF\";username|s:8:\"roberto7\";sponsor_id|s:6:\"1FFFBU\";fullname|s:17:\"Roberto Sotolongo\";email|s:18:\"roberto7@gmail.com\";phone|s:10:\"7862876762\";isLogIn|b:1;'
WHERE `id` = '233dbd7917e8e1595588188126e6a70ea8113fae';
UPDATE `user_registration` SET `uid` = '2963', `user_id` = 'PG17NT', `username` = 'fernando7', `sponsor_id` = 'JQ3FLF', `vacant` = 'no', `f_name` = 'Fernando', `l_name` = 'Garcia', `address` = '8100 SW 14 Terr', `position` = 'right', `email` = 'fernando7@gmail.com', `password` = 'd181af9267b7dd8a3009babbf30a96d8', `phone` = '7862876762', `country` = 'United States', `state` = 'Florida', `city` = 'Miami', `street` = '8100 SW 14 Terr', `zip_code` = '33144', `reg_ip` = '172.70.83.7', `status` = 1, `package_id` = '2', `rank_id` = 1, `highest_rank` = 1, `created` = '2024-09-26 18:51:25', `subscription_date` = '2024-10-26', `google_secret` = 'H4WRA7AMZ2ACEYVK'
WHERE `uid` = '2963';
INSERT INTO `user_registration` (`uid`, `user_id`, `username`, `sponsor_id`, `placement_id`, `vacant`, `f_name`, `l_name`, `address`, `position`, `email`, `password`, `phone`, `reg_ip`, `status`, `created`) VALUES (NULL, 'RCPYLQ', 'TGXnXPdF', 'PG17NT', 'PG17NT', 'yes', '', '', '', 'left', '@mail.com', '', '', '', 0, '2024-09-26 18:51:25');
INSERT INTO `user_registration` (`uid`, `user_id`, `username`, `sponsor_id`, `placement_id`, `vacant`, `f_name`, `l_name`, `address`, `position`, `email`, `password`, `phone`, `reg_ip`, `status`, `created`) VALUES (NULL, 'GNENVU', 'spUjzBgW', 'PG17NT', 'PG17NT', 'yes', '', '', '', 'right', '@mail.com', '', '', '', 0, '2024-09-26 18:51:25');
INSERT INTO `bv_updation` (`user_id`) VALUES ('PG17NT');
UPDATE `user_registration` SET total_ref_count = total_ref_count+1
WHERE `user_id` = 'JQ3FLF';
UPDATE `user_registration` SET total_downlines = total_downlines+1
WHERE `user_id` = '7PZK7D';
UPDATE `user_registration` SET right_downlines = right_downlines+1
WHERE `user_id` = '7PZK7D';
UPDATE `user_registration` SET total_downlines = total_downlines+1
WHERE `user_id` = '8I75FF';
UPDATE `user_registration` SET right_downlines = right_downlines+1
WHERE `user_id` = '8I75FF';
UPDATE `user_registration` SET total_downlines = total_downlines+1
WHERE `user_id` = 'YXNE4Z';
UPDATE `user_registration` SET right_downlines = right_downlines+1
WHERE `user_id` = 'YXNE4Z';
UPDATE `user_registration` SET total_downlines = total_downlines+1
WHERE `user_id` = '5WVWL3';
UPDATE `user_registration` SET right_downlines = right_downlines+1
WHERE `user_id` = '5WVWL3';
UPDATE `user_registration` SET total_downlines = total_downlines+1
WHERE `user_id` = 'XLBVMK';
UPDATE `user_registration` SET right_downlines = right_downlines+1
WHERE `user_id` = 'XLBVMK';
UPDATE `user_registration` SET total_downlines = total_downlines+1
WHERE `user_id` = 'DZT5SL';
UPDATE `user_registration` SET right_downlines = right_downlines+1
WHERE `user_id` = 'DZT5SL';
UPDATE `user_registration` SET total_downlines = total_downlines+1
WHERE `user_id` = 'GPTICC';
UPDATE `user_registration` SET right_downlines = right_downlines+1
WHERE `user_id` = 'GPTICC';
UPDATE `user_registration` SET total_downlines = total_downlines+1
WHERE `user_id` = 'ZQ7IZT';
UPDATE `user_registration` SET right_downlines = right_downlines+1
WHERE `user_id` = 'ZQ7IZT';
UPDATE `user_registration` SET total_downlines = total_downlines+1
WHERE `user_id` = 'DYLY61';
UPDATE `user_registration` SET right_downlines = right_downlines+1
WHERE `user_id` = 'DYLY61';
UPDATE `user_registration` SET total_downlines = total_downlines+1
WHERE `user_id` = 'T7NVYY';
UPDATE `user_registration` SET right_downlines = right_downlines+1
WHERE `user_id` = 'T7NVYY';
UPDATE `user_registration` SET total_downlines = total_downlines+1
WHERE `user_id` = 'YO5TK1';
UPDATE `user_registration` SET right_downlines = right_downlines+1
WHERE `user_id` = 'YO5TK1';
UPDATE `user_registration` SET total_downlines = total_downlines+1
WHERE `user_id` = 'HMIYLT';
UPDATE `user_registration` SET right_downlines = right_downlines+1
WHERE `user_id` = 'HMIYLT';
UPDATE `user_registration` SET total_downlines = total_downlines+1
WHERE `user_id` = 'JQ3FLF';
UPDATE `user_registration` SET right_downlines = right_downlines+1
WHERE `user_id` = 'JQ3FLF';
UPDATE `user_registration` SET right_ref_count = right_ref_count+1
WHERE `user_id` = 'JQ3FLF';
UPDATE `user_registration` SET active_right = active_right+1
WHERE `user_id` = 'JQ3FLF';
UPDATE `user_registration` SET total_downlines = total_downlines+1
WHERE `user_id` = 'C3N32U';
UPDATE `user_registration` SET left_downlines = left_downlines+1
WHERE `user_id` = 'C3N32U';
UPDATE `user_registration` SET total_downlines = total_downlines+1
WHERE `user_id` = 'MNLXPP';
UPDATE `user_registration` SET left_downlines = left_downlines+1
WHERE `user_id` = 'MNLXPP';
UPDATE `user_registration` SET total_downlines = total_downlines+1
WHERE `user_id` = 'NUPA4K';
UPDATE `user_registration` SET left_downlines = left_downlines+1
WHERE `user_id` = 'NUPA4K';
UPDATE `user_registration` SET total_downlines = total_downlines+1
WHERE `user_id` = '1FFFBU';
UPDATE `user_registration` SET left_downlines = left_downlines+1
WHERE `user_id` = '1FFFBU';
UPDATE `user_registration` SET total_downlines = total_downlines+1
WHERE `user_id` = 'J4CGUT';
UPDATE `user_registration` SET left_downlines = left_downlines+1
WHERE `user_id` = 'J4CGUT';
UPDATE `user_registration` SET total_downlines = total_downlines+1
WHERE `user_id` = 'S1RTX3';
UPDATE `user_registration` SET left_downlines = left_downlines+1
WHERE `user_id` = 'S1RTX3';
UPDATE `user_registration` SET total_downlines = total_downlines+1
WHERE `user_id` = 'I8YWQA';
UPDATE `user_registration` SET left_downlines = left_downlines+1
WHERE `user_id` = 'I8YWQA';
UPDATE `user_registration` SET total_downlines = total_downlines+1
WHERE `user_id` = 'I3MZBU';
UPDATE `user_registration` SET left_downlines = left_downlines+1
WHERE `user_id` = 'I3MZBU';
UPDATE `user_registration` SET total_downlines = total_downlines+1
WHERE `user_id` = 'H2I33O';
UPDATE `user_registration` SET left_downlines = left_downlines+1
WHERE `user_id` = 'H2I33O';
UPDATE `user_registration` SET total_downlines = total_downlines+1
WHERE `user_id` = 'AL7XWH';
UPDATE `user_registration` SET left_downlines = left_downlines+1
WHERE `user_id` = 'AL7XWH';
UPDATE `user_registration` SET total_downlines = total_downlines+1
WHERE `user_id` = 'HFZ9SA';
UPDATE `user_registration` SET left_downlines = left_downlines+1
WHERE `user_id` = 'HFZ9SA';
UPDATE `user_registration` SET total_downlines = total_downlines+1
WHERE `user_id` = 'A2MTZ3';
UPDATE `user_registration` SET left_downlines = left_downlines+1
WHERE `user_id` = 'A2MTZ3';
UPDATE `user_registration` SET total_downlines = total_downlines+1
WHERE `user_id` = 'RUEKCW';
UPDATE `user_registration` SET left_downlines = left_downlines+1
WHERE `user_id` = 'RUEKCW';
UPDATE `user_registration` SET total_downlines = total_downlines+1
WHERE `user_id` = 'K3GTG4';
UPDATE `user_registration` SET left_downlines = left_downlines+1
WHERE `user_id` = 'K3GTG4';
UPDATE `user_registration` SET total_downlines = total_downlines+1
WHERE `user_id` = 'I1TUBN';
UPDATE `user_registration` SET left_downlines = left_downlines+1
WHERE `user_id` = 'I1TUBN';
UPDATE `user_registration` SET total_downlines = total_downlines+1
WHERE `user_id` = 'BAUCCU';
UPDATE `user_registration` SET left_downlines = left_downlines+1
WHERE `user_id` = 'BAUCCU';
UPDATE `user_registration` SET total_downlines = total_downlines+1
WHERE `user_id` = '62QO97';
UPDATE `user_registration` SET left_downlines = left_downlines+1
WHERE `user_id` = '62QO97';
UPDATE `user_registration` SET total_downlines = total_downlines+1
WHERE `user_id` = 'OHLQEO';
UPDATE `user_registration` SET left_downlines = left_downlines+1
WHERE `user_id` = 'OHLQEO';
UPDATE `user_registration` SET total_downlines = total_downlines+1
WHERE `user_id` = '7APFKG';
UPDATE `user_registration` SET left_downlines = left_downlines+1
WHERE `user_id` = '7APFKG';
UPDATE `user_registration` SET total_downlines = total_downlines+1
WHERE `user_id` = 'Q2Q92Y';
UPDATE `user_registration` SET left_downlines = left_downlines+1
WHERE `user_id` = 'Q2Q92Y';
UPDATE `user_registration` SET total_downlines = total_downlines+1
WHERE `user_id` = 'E9ITRC';
UPDATE `user_registration` SET left_downlines = left_downlines+1
WHERE `user_id` = 'E9ITRC';
UPDATE `user_registration` SET total_downlines = total_downlines+1
WHERE `user_id` = '7COKBB';
UPDATE `user_registration` SET left_downlines = left_downlines+1
WHERE `user_id` = '7COKBB';
UPDATE `user_registration` SET total_downlines = total_downlines+1
WHERE `user_id` = 'BDNS17';
UPDATE `user_registration` SET left_downlines = left_downlines+1
WHERE `user_id` = 'BDNS17';
UPDATE `user_registration` SET total_downlines = total_downlines+1
WHERE `user_id` = '7ZXRRE';
UPDATE `user_registration` SET left_downlines = left_downlines+1
WHERE `user_id` = '7ZXRRE';
UPDATE `user_registration` SET total_downlines = total_downlines+1
WHERE `user_id` = 'KLRAF5';
UPDATE `user_registration` SET left_downlines = left_downlines+1
WHERE `user_id` = 'KLRAF5';
UPDATE `user_registration` SET total_downlines = total_downlines+1
WHERE `user_id` = 'IFJHZG';
UPDATE `user_registration` SET left_downlines = left_downlines+1
WHERE `user_id` = 'IFJHZG';
UPDATE `user_registration` SET total_downlines = total_downlines+1
WHERE `user_id` = 'MXUV8Q';
UPDATE `user_registration` SET left_downlines = left_downlines+1
WHERE `user_id` = 'MXUV8Q';
UPDATE `user_registration` SET total_downlines = total_downlines+1
WHERE `user_id` = 'GGM164';
UPDATE `user_registration` SET left_downlines = left_downlines+1
WHERE `user_id` = 'GGM164';
UPDATE `user_registration` SET total_downlines = total_downlines+1
WHERE `user_id` = '3NKIEX';
UPDATE `user_registration` SET left_downlines = left_downlines+1
WHERE `user_id` = '3NKIEX';
UPDATE `user_registration` SET total_downlines = total_downlines+1
WHERE `user_id` = 'S56TH3';
UPDATE `user_registration` SET left_downlines = left_downlines+1
WHERE `user_id` = 'S56TH3';
UPDATE `user_registration` SET total_downlines = total_downlines+1
WHERE `user_id` = 'XYG89U';
UPDATE `user_registration` SET left_downlines = left_downlines+1
WHERE `user_id` = 'XYG89U';
UPDATE `user_registration` SET total_downlines = total_downlines+1
WHERE `user_id` = 'HTFY93';
UPDATE `user_registration` SET left_downlines = left_downlines+1
WHERE `user_id` = 'HTFY93';
UPDATE `user_registration` SET total_downlines = total_downlines+1
WHERE `user_id` = '3PR393';
UPDATE `user_registration` SET left_downlines = left_downlines+1
WHERE `user_id` = '3PR393';
UPDATE `user_registration` SET total_downlines = total_downlines+1
WHERE `user_id` = 'T3MRY1';
UPDATE `user_registration` SET left_downlines = left_downlines+1
WHERE `user_id` = 'T3MRY1';
UPDATE `user_registration` SET total_downlines = total_downlines+1
WHERE `user_id` = 'GTMCCK';
UPDATE `user_registration` SET left_downlines = left_downlines+1
WHERE `user_id` = 'GTMCCK';
UPDATE `user_registration` SET total_downlines = total_downlines+1
WHERE `user_id` = 'DLYMIF';
UPDATE `user_registration` SET left_downlines = left_downlines+1
WHERE `user_id` = 'DLYMIF';
UPDATE `user_registration` SET total_downlines = total_downlines+1
WHERE `user_id` = 'WGJ5KE';
UPDATE `user_registration` SET left_downlines = left_downlines+1
WHERE `user_id` = 'WGJ5KE';
UPDATE `user_registration` SET total_downlines = total_downlines+1
WHERE `user_id` = 'ORRJ3M';
UPDATE `user_registration` SET left_downlines = left_downlines+1
WHERE `user_id` = 'ORRJ3M';
UPDATE `user_registration` SET total_downlines = total_downlines+1
WHERE `user_id` = 'AA8V6V';
UPDATE `user_registration` SET left_downlines = left_downlines+1
WHERE `user_id` = 'AA8V6V';
UPDATE `user_registration` SET total_downlines = total_downlines+1
WHERE `user_id` = '61ME4O';
UPDATE `user_registration` SET left_downlines = left_downlines+1
WHERE `user_id` = '61ME4O';
UPDATE `user_registration` SET total_downlines = total_downlines+1
WHERE `user_id` = 'WS1SZZ';
UPDATE `user_registration` SET left_downlines = left_downlines+1
WHERE `user_id` = 'WS1SZZ';
UPDATE `user_registration` SET total_downlines = total_downlines+1
WHERE `user_id` = 'TBN4MZ';
UPDATE `user_registration` SET left_downlines = left_downlines+1
WHERE `user_id` = 'TBN4MZ';
UPDATE `user_registration` SET total_downlines = total_downlines+1
WHERE `user_id` = 'OEMJ8R';
UPDATE `user_registration` SET left_downlines = left_downlines+1
WHERE `user_id` = 'OEMJ8R';
UPDATE `user_registration` SET total_downlines = total_downlines+1
WHERE `user_id` = 'FXAYIE';
UPDATE `user_registration` SET left_downlines = left_downlines+1
WHERE `user_id` = 'FXAYIE';
UPDATE `user_registration` SET total_downlines = total_downlines+1
WHERE `user_id` = 'ELXZWC';
UPDATE `user_registration` SET left_downlines = left_downlines+1
WHERE `user_id` = 'ELXZWC';
UPDATE `user_registration` SET total_downlines = total_downlines+1
WHERE `user_id` = 'C1TQVI';
UPDATE `user_registration` SET left_downlines = left_downlines+1
WHERE `user_id` = 'C1TQVI';
UPDATE `user_registration` SET total_downlines = total_downlines+1
WHERE `user_id` = 'F5GPDF';
UPDATE `user_registration` SET left_downlines = left_downlines+1
WHERE `user_id` = 'F5GPDF';
UPDATE `user_registration` SET total_downlines = total_downlines+1
WHERE `user_id` = '91PYDK';
UPDATE `user_registration` SET left_downlines = left_downlines+1
WHERE `user_id` = '91PYDK';
UPDATE `user_registration` SET total_downlines = total_downlines+1
WHERE `user_id` = '4OT7RX';
UPDATE `user_registration` SET left_downlines = left_downlines+1
WHERE `user_id` = '4OT7RX';
UPDATE `user_registration` SET total_downlines = total_downlines+1
WHERE `user_id` = 'ZJZA3M';
UPDATE `user_registration` SET left_downlines = left_downlines+1
WHERE `user_id` = 'ZJZA3M';
UPDATE `user_registration` SET total_downlines = total_downlines+1
WHERE `user_id` = 'XN6ETC';
UPDATE `user_registration` SET left_downlines = left_downlines+1
WHERE `user_id` = 'XN6ETC';
UPDATE `user_registration` SET total_downlines = total_downlines+1
WHERE `user_id` = 'KVQN1O';
UPDATE `user_registration` SET left_downlines = left_downlines+1
WHERE `user_id` = 'KVQN1O';
UPDATE `user_registration` SET total_downlines = total_downlines+1
WHERE `user_id` = 'X3V7DJ';
UPDATE `user_registration` SET left_downlines = left_downlines+1
WHERE `user_id` = 'X3V7DJ';
UPDATE `user_registration` SET total_downlines = total_downlines+1
WHERE `user_id` = 'DJ77NH';
UPDATE `user_registration` SET left_downlines = left_downlines+1
WHERE `user_id` = 'DJ77NH';
UPDATE `user_registration` SET total_downlines = total_downlines+1
WHERE `user_id` = 'PX7XCL';
UPDATE `user_registration` SET left_downlines = left_downlines+1
WHERE `user_id` = 'PX7XCL';
UPDATE `user_registration` SET total_downlines = total_downlines+1
WHERE `user_id` = 'L8PM4Z';
UPDATE `user_registration` SET left_downlines = left_downlines+1
WHERE `user_id` = 'L8PM4Z';
UPDATE `user_registration` SET total_downlines = total_downlines+1
WHERE `user_id` = 'GBSIER';
UPDATE `user_registration` SET left_downlines = left_downlines+1
WHERE `user_id` = 'GBSIER';
UPDATE `user_registration` SET total_downlines = total_downlines+1
WHERE `user_id` = 'AV48YQ';
UPDATE `user_registration` SET left_downlines = left_downlines+1
WHERE `user_id` = 'AV48YQ';
UPDATE `user_registration` SET total_downlines = total_downlines+1
WHERE `user_id` = 'admin';
UPDATE `user_registration` SET left_downlines = left_downlines+1
WHERE `user_id` = 'admin';
INSERT INTO `investment` (`invest_date`, `user_id`, `type`, `amount`, `package_id`) VALUES ('2024-09-26 18:51:26', 'PG17NT', 'register', '595', '2');
INSERT INTO `earnings` (`user_id`, `Purchaser_id`, `earning_type`, `package_id`, `amount`, `date`, `comments`, `invest_amount`, `comm_perc`, `level`, `rank_id`, `order_id`) VALUES ('JQ3FLF', 'PG17NT', 'Direct Referral Bonus', '2', '100', '2024-09-26 18:51:26', 'Direct Referral Bonus', 0, 0, 1, '', 330);
UPDATE `user_registration` SET commission_balance = ROUND(commission_balance + 100,2)
WHERE `user_id` = 'JQ3FLF';
INSERT INTO `earnings` (`user_id`, `Purchaser_id`, `earning_type`, `package_id`, `amount`, `date`, `comments`, `invest_amount`, `comm_perc`, `level`, `rank_id`, `order_id`) VALUES ('1FFFBU', 'PG17NT', 'Expansion Bonus', '2', 200, '2024-09-26 18:51:26', 'Expansion Bonus', '100', 0, 1, '', 330);
UPDATE `user_registration` SET commission_balance = ROUND(commission_balance + 200,2)
WHERE `user_id` = '1FFFBU';
INSERT INTO `matrix_filling` (`placement_id`, `downline_id`, `level`, `matrix`) VALUES ('7PZK7D', 'PG17NT', 1, 1);
UPDATE `bv_updation` SET right_carry = right_carry+50, total_right = total_right+50
WHERE `user_id` = '7PZK7D';
INSERT INTO `placement_bv_update_history` (`right_carry`, `date`, `from_id`, `user_id`) VALUES ('50', '2024-09-26 18:51:26', 'PG17NT', '7PZK7D');
INSERT INTO `matrix_filling` (`placement_id`, `downline_id`, `level`, `matrix`) VALUES ('8I75FF', 'PG17NT', 2, 1);
UPDATE `bv_updation` SET right_carry = right_carry+50, total_right = total_right+50
WHERE `user_id` = '8I75FF';
INSERT INTO `placement_bv_update_history` (`right_carry`, `date`, `from_id`, `user_id`) VALUES ('50', '2024-09-26 18:51:26', 'PG17NT', '8I75FF');
INSERT INTO `matrix_filling` (`placement_id`, `downline_id`, `level`, `matrix`) VALUES ('YXNE4Z', 'PG17NT', 3, 1);
UPDATE `bv_updation` SET right_carry = right_carry+50, total_right = total_right+50
WHERE `user_id` = 'YXNE4Z';
INSERT INTO `placement_bv_update_history` (`right_carry`, `date`, `from_id`, `user_id`) VALUES ('50', '2024-09-26 18:51:26', 'PG17NT', 'YXNE4Z');
INSERT INTO `matrix_filling` (`placement_id`, `downline_id`, `level`, `matrix`) VALUES ('5WVWL3', 'PG17NT', 4, 1);
UPDATE `bv_updation` SET right_carry = right_carry+50, total_right = total_right+50
WHERE `user_id` = '5WVWL3';
INSERT INTO `placement_bv_update_history` (`right_carry`, `date`, `from_id`, `user_id`) VALUES ('50', '2024-09-26 18:51:26', 'PG17NT', '5WVWL3');
INSERT INTO `matrix_filling` (`placement_id`, `downline_id`, `level`, `matrix`) VALUES ('XLBVMK', 'PG17NT', 5, 1);
UPDATE `bv_updation` SET right_carry = right_carry+50, total_right = total_right+50
WHERE `user_id` = 'XLBVMK';
INSERT INTO `placement_bv_update_history` (`right_carry`, `date`, `from_id`, `user_id`) VALUES ('50', '2024-09-26 18:51:26', 'PG17NT', 'XLBVMK');
INSERT INTO `matrix_filling` (`placement_id`, `downline_id`, `level`, `matrix`) VALUES ('DZT5SL', 'PG17NT', 6, 1);
UPDATE `bv_updation` SET right_carry = right_carry+50, total_right = total_right+50
WHERE `user_id` = 'DZT5SL';
INSERT INTO `placement_bv_update_history` (`right_carry`, `date`, `from_id`, `user_id`) VALUES ('50', '2024-09-26 18:51:26', 'PG17NT', 'DZT5SL');
INSERT INTO `matrix_filling` (`placement_id`, `downline_id`, `level`, `matrix`) VALUES ('GPTICC', 'PG17NT', 7, 1);
UPDATE `bv_updation` SET right_carry = right_carry+50, total_right = total_right+50
WHERE `user_id` = 'GPTICC';
INSERT INTO `placement_bv_update_history` (`right_carry`, `date`, `from_id`, `user_id`) VALUES ('50', '2024-09-26 18:51:26', 'PG17NT', 'GPTICC');
INSERT INTO `matrix_filling` (`placement_id`, `downline_id`, `level`, `matrix`) VALUES ('ZQ7IZT', 'PG17NT', 8, 1);
UPDATE `bv_updation` SET right_carry = right_carry+50, total_right = total_right+50
WHERE `user_id` = 'ZQ7IZT';
INSERT INTO `placement_bv_update_history` (`right_carry`, `date`, `from_id`, `user_id`) VALUES ('50', '2024-09-26 18:51:26', 'PG17NT', 'ZQ7IZT');
INSERT INTO `matrix_filling` (`placement_id`, `downline_id`, `level`, `matrix`) VALUES ('DYLY61', 'PG17NT', 9, 1);
UPDATE `bv_updation` SET right_carry = right_carry+50, total_right = total_right+50
WHERE `user_id` = 'DYLY61';
INSERT INTO `placement_bv_update_history` (`right_carry`, `date`, `from_id`, `user_id`) VALUES ('50', '2024-09-26 18:51:26', 'PG17NT', 'DYLY61');
INSERT INTO `matrix_filling` (`placement_id`, `downline_id`, `level`, `matrix`) VALUES ('T7NVYY', 'PG17NT', 10, 1);
UPDATE `bv_updation` SET right_carry = right_carry+50, total_right = total_right+50
WHERE `user_id` = 'T7NVYY';
INSERT INTO `placement_bv_update_history` (`right_carry`, `date`, `from_id`, `user_id`) VALUES ('50', '2024-09-26 18:51:26', 'PG17NT', 'T7NVYY');
INSERT INTO `matrix_filling` (`placement_id`, `downline_id`, `level`, `matrix`) VALUES ('YO5TK1', 'PG17NT', 11, 1);
UPDATE `bv_updation` SET right_carry = right_carry+50, total_right = total_right+50
WHERE `user_id` = 'YO5TK1';
INSERT INTO `placement_bv_update_history` (`right_carry`, `date`, `from_id`, `user_id`) VALUES ('50', '2024-09-26 18:51:26', 'PG17NT', 'YO5TK1');
INSERT INTO `matrix_filling` (`placement_id`, `downline_id`, `level`, `matrix`) VALUES ('HMIYLT', 'PG17NT', 12, 1);
UPDATE `bv_updation` SET right_carry = right_carry+50, total_right = total_right+50
WHERE `user_id` = 'HMIYLT';
INSERT INTO `placement_bv_update_history` (`right_carry`, `date`, `from_id`, `user_id`) VALUES ('50', '2024-09-26 18:51:26', 'PG17NT', 'HMIYLT');
INSERT INTO `matrix_filling` (`placement_id`, `downline_id`, `level`, `matrix`) VALUES ('JQ3FLF', 'PG17NT', 13, 1);
UPDATE `bv_updation` SET right_carry = right_carry+50, total_right = total_right+50
WHERE `user_id` = 'JQ3FLF';
INSERT INTO `placement_bv_update_history` (`right_carry`, `date`, `from_id`, `user_id`) VALUES ('50', '2024-09-26 18:51:26', 'PG17NT', 'JQ3FLF');
UPDATE `bv_updation` SET sponsor_right_carry = sponsor_right_carry+50, sponsor_total_right = sponsor_total_right+50
WHERE `user_id` = 'JQ3FLF';
INSERT INTO `sponsor_bv_update_history` (`right_carry`, `date`, `user_id`) VALUES ('50', '2024-09-26 18:51:26', 'JQ3FLF');
INSERT INTO `matrix_filling` (`placement_id`, `downline_id`, `level`, `matrix`) VALUES ('C3N32U', 'PG17NT', 14, 1);
UPDATE `bv_updation` SET left_carry = left_carry+50, total_left = total_left+50
WHERE `user_id` = 'C3N32U';
INSERT INTO `placement_bv_update_history` (`left_carry`, `date`, `from_id`, `user_id`) VALUES ('50', '2024-09-26 18:51:26', 'PG17NT', 'C3N32U');
INSERT INTO `matrix_filling` (`placement_id`, `downline_id`, `level`, `matrix`) VALUES ('MNLXPP', 'PG17NT', 15, 1);
UPDATE `bv_updation` SET left_carry = left_carry+50, total_left = total_left+50
WHERE `user_id` = 'MNLXPP';
INSERT INTO `placement_bv_update_history` (`left_carry`, `date`, `from_id`, `user_id`) VALUES ('50', '2024-09-26 18:51:26', 'PG17NT', 'MNLXPP');
INSERT INTO `matrix_filling` (`placement_id`, `downline_id`, `level`, `matrix`) VALUES ('NUPA4K', 'PG17NT', 16, 1);
UPDATE `bv_updation` SET left_carry = left_carry+50, total_left = total_left+50
WHERE `user_id` = 'NUPA4K';
INSERT INTO `placement_bv_update_history` (`left_carry`, `date`, `from_id`, `user_id`) VALUES ('50', '2024-09-26 18:51:26', 'PG17NT', 'NUPA4K');
INSERT INTO `matrix_filling` (`placement_id`, `downline_id`, `level`, `matrix`) VALUES ('1FFFBU', 'PG17NT', 17, 1);
UPDATE `bv_updation` SET left_carry = left_carry+50, total_left = total_left+50
WHERE `user_id` = '1FFFBU';
INSERT INTO `placement_bv_update_history` (`left_carry`, `date`, `from_id`, `user_id`) VALUES ('50', '2024-09-26 18:51:26', 'PG17NT', '1FFFBU');
INSERT INTO `matrix_filling` (`placement_id`, `downline_id`, `level`, `matrix`) VALUES ('J4CGUT', 'PG17NT', 18, 1);
UPDATE `bv_updation` SET left_carry = left_carry+50, total_left = total_left+50
WHERE `user_id` = 'J4CGUT';
INSERT INTO `placement_bv_update_history` (`left_carry`, `date`, `from_id`, `user_id`) VALUES ('50', '2024-09-26 18:51:26', 'PG17NT', 'J4CGUT');
INSERT INTO `matrix_filling` (`placement_id`, `downline_id`, `level`, `matrix`) VALUES ('S1RTX3', 'PG17NT', 19, 1);
UPDATE `bv_updation` SET left_carry = left_carry+50, total_left = total_left+50
WHERE `user_id` = 'S1RTX3';
INSERT INTO `placement_bv_update_history` (`left_carry`, `date`, `from_id`, `user_id`) VALUES ('50', '2024-09-26 18:51:26', 'PG17NT', 'S1RTX3');
INSERT INTO `matrix_filling` (`placement_id`, `downline_id`, `level`, `matrix`) VALUES ('I8YWQA', 'PG17NT', 20, 1);
UPDATE `bv_updation` SET left_carry = left_carry+50, total_left = total_left+50
WHERE `user_id` = 'I8YWQA';
INSERT INTO `placement_bv_update_history` (`left_carry`, `date`, `from_id`, `user_id`) VALUES ('50', '2024-09-26 18:51:26', 'PG17NT', 'I8YWQA');
INSERT INTO `matrix_filling` (`placement_id`, `downline_id`, `level`, `matrix`) VALUES ('I3MZBU', 'PG17NT', 21, 1);
UPDATE `bv_updation` SET left_carry = left_carry+50, total_left = total_left+50
WHERE `user_id` = 'I3MZBU';
INSERT INTO `placement_bv_update_history` (`left_carry`, `date`, `from_id`, `user_id`) VALUES ('50', '2024-09-26 18:51:26', 'PG17NT', 'I3MZBU');
INSERT INTO `matrix_filling` (`placement_id`, `downline_id`, `level`, `matrix`) VALUES ('H2I33O', 'PG17NT', 22, 1);
UPDATE `bv_updation` SET left_carry = left_carry+50, total_left = total_left+50
WHERE `user_id` = 'H2I33O';
INSERT INTO `placement_bv_update_history` (`left_carry`, `date`, `from_id`, `user_id`) VALUES ('50', '2024-09-26 18:51:26', 'PG17NT', 'H2I33O');
INSERT INTO `matrix_filling` (`placement_id`, `downline_id`, `level`, `matrix`) VALUES ('AL7XWH', 'PG17NT', 23, 1);
UPDATE `bv_updation` SET left_carry = left_carry+50, total_left = total_left+50
WHERE `user_id` = 'AL7XWH';
INSERT INTO `placement_bv_update_history` (`left_carry`, `date`, `from_id`, `user_id`) VALUES ('50', '2024-09-26 18:51:26', 'PG17NT', 'AL7XWH');
INSERT INTO `matrix_filling` (`placement_id`, `downline_id`, `level`, `matrix`) VALUES ('HFZ9SA', 'PG17NT', 24, 1);
UPDATE `bv_updation` SET left_carry = left_carry+50, total_left = total_left+50
WHERE `user_id` = 'HFZ9SA';
INSERT INTO `placement_bv_update_history` (`left_carry`, `date`, `from_id`, `user_id`) VALUES ('50', '2024-09-26 18:51:26', 'PG17NT', 'HFZ9SA');
INSERT INTO `matrix_filling` (`placement_id`, `downline_id`, `level`, `matrix`) VALUES ('A2MTZ3', 'PG17NT', 25, 1);
UPDATE `bv_updation` SET left_carry = left_carry+50, total_left = total_left+50
WHERE `user_id` = 'A2MTZ3';
INSERT INTO `placement_bv_update_history` (`left_carry`, `date`, `from_id`, `user_id`) VALUES ('50', '2024-09-26 18:51:26', 'PG17NT', 'A2MTZ3');
INSERT INTO `matrix_filling` (`placement_id`, `downline_id`, `level`, `matrix`) VALUES ('RUEKCW', 'PG17NT', 26, 1);
UPDATE `bv_updation` SET left_carry = left_carry+50, total_left = total_left+50
WHERE `user_id` = 'RUEKCW';
INSERT INTO `placement_bv_update_history` (`left_carry`, `date`, `from_id`, `user_id`) VALUES ('50', '2024-09-26 18:51:26', 'PG17NT', 'RUEKCW');
INSERT INTO `matrix_filling` (`placement_id`, `downline_id`, `level`, `matrix`) VALUES ('K3GTG4', 'PG17NT', 27, 1);
UPDATE `bv_updation` SET left_carry = left_carry+50, total_left = total_left+50
WHERE `user_id` = 'K3GTG4';
INSERT INTO `placement_bv_update_history` (`left_carry`, `date`, `from_id`, `user_id`) VALUES ('50', '2024-09-26 18:51:26', 'PG17NT', 'K3GTG4');
INSERT INTO `matrix_filling` (`placement_id`, `downline_id`, `level`, `matrix`) VALUES ('I1TUBN', 'PG17NT', 28, 1);
UPDATE `bv_updation` SET left_carry = left_carry+50, total_left = total_left+50
WHERE `user_id` = 'I1TUBN';
INSERT INTO `placement_bv_update_history` (`left_carry`, `date`, `from_id`, `user_id`) VALUES ('50', '2024-09-26 18:51:26', 'PG17NT', 'I1TUBN');
INSERT INTO `matrix_filling` (`placement_id`, `downline_id`, `level`, `matrix`) VALUES ('BAUCCU', 'PG17NT', 29, 1);
UPDATE `bv_updation` SET left_carry = left_carry+50, total_left = total_left+50
WHERE `user_id` = 'BAUCCU';
INSERT INTO `placement_bv_update_history` (`left_carry`, `date`, `from_id`, `user_id`) VALUES ('50', '2024-09-26 18:51:26', 'PG17NT', 'BAUCCU');
INSERT INTO `matrix_filling` (`placement_id`, `downline_id`, `level`, `matrix`) VALUES ('62QO97', 'PG17NT', 30, 1);
UPDATE `bv_updation` SET left_carry = left_carry+50, total_left = total_left+50
WHERE `user_id` = '62QO97';
INSERT INTO `placement_bv_update_history` (`left_carry`, `date`, `from_id`, `user_id`) VALUES ('50', '2024-09-26 18:51:26', 'PG17NT', '62QO97');
INSERT INTO `matrix_filling` (`placement_id`, `downline_id`, `level`, `matrix`) VALUES ('OHLQEO', 'PG17NT', 31, 1);
UPDATE `bv_updation` SET left_carry = left_carry+50, total_left = total_left+50
WHERE `user_id` = 'OHLQEO';
INSERT INTO `placement_bv_update_history` (`left_carry`, `date`, `from_id`, `user_id`) VALUES ('50', '2024-09-26 18:51:26', 'PG17NT', 'OHLQEO');
INSERT INTO `matrix_filling` (`placement_id`, `downline_id`, `level`, `matrix`) VALUES ('7APFKG', 'PG17NT', 32, 1);
UPDATE `bv_updation` SET left_carry = left_carry+50, total_left = total_left+50
WHERE `user_id` = '7APFKG';
INSERT INTO `placement_bv_update_history` (`left_carry`, `date`, `from_id`, `user_id`) VALUES ('50', '2024-09-26 18:51:26', 'PG17NT', '7APFKG');
INSERT INTO `matrix_filling` (`placement_id`, `downline_id`, `level`, `matrix`) VALUES ('Q2Q92Y', 'PG17NT', 33, 1);
UPDATE `bv_updation` SET left_carry = left_carry+50, total_left = total_left+50
WHERE `user_id` = 'Q2Q92Y';
INSERT INTO `placement_bv_update_history` (`left_carry`, `date`, `from_id`, `user_id`) VALUES ('50', '2024-09-26 18:51:26', 'PG17NT', 'Q2Q92Y');
INSERT INTO `matrix_filling` (`placement_id`, `downline_id`, `level`, `matrix`) VALUES ('E9ITRC', 'PG17NT', 34, 1);
UPDATE `bv_updation` SET left_carry = left_carry+50, total_left = total_left+50
WHERE `user_id` = 'E9ITRC';
INSERT INTO `placement_bv_update_history` (`left_carry`, `date`, `from_id`, `user_id`) VALUES ('50', '2024-09-26 18:51:26', 'PG17NT', 'E9ITRC');
INSERT INTO `matrix_filling` (`placement_id`, `downline_id`, `level`, `matrix`) VALUES ('7COKBB', 'PG17NT', 35, 1);
UPDATE `bv_updation` SET left_carry = left_carry+50, total_left = total_left+50
WHERE `user_id` = '7COKBB';
INSERT INTO `placement_bv_update_history` (`left_carry`, `date`, `from_id`, `user_id`) VALUES ('50', '2024-09-26 18:51:26', 'PG17NT', '7COKBB');
INSERT INTO `matrix_filling` (`placement_id`, `downline_id`, `level`, `matrix`) VALUES ('BDNS17', 'PG17NT', 36, 1);
UPDATE `bv_updation` SET left_carry = left_carry+50, total_left = total_left+50
WHERE `user_id` = 'BDNS17';
INSERT INTO `placement_bv_update_history` (`left_carry`, `date`, `from_id`, `user_id`) VALUES ('50', '2024-09-26 18:51:26', 'PG17NT', 'BDNS17');
INSERT INTO `matrix_filling` (`placement_id`, `downline_id`, `level`, `matrix`) VALUES ('7ZXRRE', 'PG17NT', 37, 1);
UPDATE `bv_updation` SET left_carry = left_carry+50, total_left = total_left+50
WHERE `user_id` = '7ZXRRE';
INSERT INTO `placement_bv_update_history` (`left_carry`, `date`, `from_id`, `user_id`) VALUES ('50', '2024-09-26 18:51:26', 'PG17NT', '7ZXRRE');
INSERT INTO `matrix_filling` (`placement_id`, `downline_id`, `level`, `matrix`) VALUES ('KLRAF5', 'PG17NT', 38, 1);
UPDATE `bv_updation` SET left_carry = left_carry+50, total_left = total_left+50
WHERE `user_id` = 'KLRAF5';
INSERT INTO `placement_bv_update_history` (`left_carry`, `date`, `from_id`, `user_id`) VALUES ('50', '2024-09-26 18:51:26', 'PG17NT', 'KLRAF5');
INSERT INTO `matrix_filling` (`placement_id`, `downline_id`, `level`, `matrix`) VALUES ('IFJHZG', 'PG17NT', 39, 1);
UPDATE `bv_updation` SET left_carry = left_carry+50, total_left = total_left+50
WHERE `user_id` = 'IFJHZG';
INSERT INTO `placement_bv_update_history` (`left_carry`, `date`, `from_id`, `user_id`) VALUES ('50', '2024-09-26 18:51:26', 'PG17NT', 'IFJHZG');
INSERT INTO `matrix_filling` (`placement_id`, `downline_id`, `level`, `matrix`) VALUES ('MXUV8Q', 'PG17NT', 40, 1);
UPDATE `bv_updation` SET left_carry = left_carry+50, total_left = total_left+50
WHERE `user_id` = 'MXUV8Q';
INSERT INTO `placement_bv_update_history` (`left_carry`, `date`, `from_id`, `user_id`) VALUES ('50', '2024-09-26 18:51:26', 'PG17NT', 'MXUV8Q');
INSERT INTO `matrix_filling` (`placement_id`, `downline_id`, `level`, `matrix`) VALUES ('GGM164', 'PG17NT', 41, 1);
UPDATE `bv_updation` SET left_carry = left_carry+50, total_left = total_left+50
WHERE `user_id` = 'GGM164';
INSERT INTO `placement_bv_update_history` (`left_carry`, `date`, `from_id`, `user_id`) VALUES ('50', '2024-09-26 18:51:26', 'PG17NT', 'GGM164');
INSERT INTO `matrix_filling` (`placement_id`, `downline_id`, `level`, `matrix`) VALUES ('3NKIEX', 'PG17NT', 42, 1);
UPDATE `bv_updation` SET left_carry = left_carry+50, total_left = total_left+50
WHERE `user_id` = '3NKIEX';
INSERT INTO `placement_bv_update_history` (`left_carry`, `date`, `from_id`, `user_id`) VALUES ('50', '2024-09-26 18:51:26', 'PG17NT', '3NKIEX');
INSERT INTO `matrix_filling` (`placement_id`, `downline_id`, `level`, `matrix`) VALUES ('S56TH3', 'PG17NT', 43, 1);
UPDATE `bv_updation` SET left_carry = left_carry+50, total_left = total_left+50
WHERE `user_id` = 'S56TH3';
INSERT INTO `placement_bv_update_history` (`left_carry`, `date`, `from_id`, `user_id`) VALUES ('50', '2024-09-26 18:51:26', 'PG17NT', 'S56TH3');
INSERT INTO `matrix_filling` (`placement_id`, `downline_id`, `level`, `matrix`) VALUES ('XYG89U', 'PG17NT', 44, 1);
UPDATE `bv_updation` SET left_carry = left_carry+50, total_left = total_left+50
WHERE `user_id` = 'XYG89U';
INSERT INTO `placement_bv_update_history` (`left_carry`, `date`, `from_id`, `user_id`) VALUES ('50', '2024-09-26 18:51:26', 'PG17NT', 'XYG89U');
INSERT INTO `matrix_filling` (`placement_id`, `downline_id`, `level`, `matrix`) VALUES ('HTFY93', 'PG17NT', 45, 1);
UPDATE `bv_updation` SET left_carry = left_carry+50, total_left = total_left+50
WHERE `user_id` = 'HTFY93';
INSERT INTO `placement_bv_update_history` (`left_carry`, `date`, `from_id`, `user_id`) VALUES ('50', '2024-09-26 18:51:26', 'PG17NT', 'HTFY93');
INSERT INTO `matrix_filling` (`placement_id`, `downline_id`, `level`, `matrix`) VALUES ('3PR393', 'PG17NT', 46, 1);
UPDATE `bv_updation` SET left_carry = left_carry+50, total_left = total_left+50
WHERE `user_id` = '3PR393';
INSERT INTO `placement_bv_update_history` (`left_carry`, `date`, `from_id`, `user_id`) VALUES ('50', '2024-09-26 18:51:26', 'PG17NT', '3PR393');
INSERT INTO `matrix_filling` (`placement_id`, `downline_id`, `level`, `matrix`) VALUES ('T3MRY1', 'PG17NT', 47, 1);
UPDATE `bv_updation` SET left_carry = left_carry+50, total_left = total_left+50
WHERE `user_id` = 'T3MRY1';
INSERT INTO `placement_bv_update_history` (`left_carry`, `date`, `from_id`, `user_id`) VALUES ('50', '2024-09-26 18:51:26', 'PG17NT', 'T3MRY1');
INSERT INTO `matrix_filling` (`placement_id`, `downline_id`, `level`, `matrix`) VALUES ('GTMCCK', 'PG17NT', 48, 1);
UPDATE `bv_updation` SET left_carry = left_carry+50, total_left = total_left+50
WHERE `user_id` = 'GTMCCK';
INSERT INTO `placement_bv_update_history` (`left_carry`, `date`, `from_id`, `user_id`) VALUES ('50', '2024-09-26 18:51:26', 'PG17NT', 'GTMCCK');
INSERT INTO `matrix_filling` (`placement_id`, `downline_id`, `level`, `matrix`) VALUES ('DLYMIF', 'PG17NT', 49, 1);
UPDATE `bv_updation` SET left_carry = left_carry+50, total_left = total_left+50
WHERE `user_id` = 'DLYMIF';
INSERT INTO `placement_bv_update_history` (`left_carry`, `date`, `from_id`, `user_id`) VALUES ('50', '2024-09-26 18:51:26', 'PG17NT', 'DLYMIF');
INSERT INTO `matrix_filling` (`placement_id`, `downline_id`, `level`, `matrix`) VALUES ('WGJ5KE', 'PG17NT', 50, 1);
UPDATE `bv_updation` SET left_carry = left_carry+50, total_left = total_left+50
WHERE `user_id` = 'WGJ5KE';
INSERT INTO `placement_bv_update_history` (`left_carry`, `date`, `from_id`, `user_id`) VALUES ('50', '2024-09-26 18:51:26', 'PG17NT', 'WGJ5KE');
INSERT INTO `matrix_filling` (`placement_id`, `downline_id`, `level`, `matrix`) VALUES ('ORRJ3M', 'PG17NT', 51, 1);
UPDATE `bv_updation` SET left_carry = left_carry+50, total_left = total_left+50
WHERE `user_id` = 'ORRJ3M';
INSERT INTO `placement_bv_update_history` (`left_carry`, `date`, `from_id`, `user_id`) VALUES ('50', '2024-09-26 18:51:26', 'PG17NT', 'ORRJ3M');
INSERT INTO `matrix_filling` (`placement_id`, `downline_id`, `level`, `matrix`) VALUES ('AA8V6V', 'PG17NT', 52, 1);
UPDATE `bv_updation` SET left_carry = left_carry+50, total_left = total_left+50
WHERE `user_id` = 'AA8V6V';
INSERT INTO `placement_bv_update_history` (`left_carry`, `date`, `from_id`, `user_id`) VALUES ('50', '2024-09-26 18:51:26', 'PG17NT', 'AA8V6V');
INSERT INTO `matrix_filling` (`placement_id`, `downline_id`, `level`, `matrix`) VALUES ('61ME4O', 'PG17NT', 53, 1);
UPDATE `bv_updation` SET left_carry = left_carry+50, total_left = total_left+50
WHERE `user_id` = '61ME4O';
INSERT INTO `placement_bv_update_history` (`left_carry`, `date`, `from_id`, `user_id`) VALUES ('50', '2024-09-26 18:51:26', 'PG17NT', '61ME4O');
INSERT INTO `matrix_filling` (`placement_id`, `downline_id`, `level`, `matrix`) VALUES ('WS1SZZ', 'PG17NT', 54, 1);
UPDATE `bv_updation` SET left_carry = left_carry+50, total_left = total_left+50
WHERE `user_id` = 'WS1SZZ';
INSERT INTO `placement_bv_update_history` (`left_carry`, `date`, `from_id`, `user_id`) VALUES ('50', '2024-09-26 18:51:26', 'PG17NT', 'WS1SZZ');
INSERT INTO `matrix_filling` (`placement_id`, `downline_id`, `level`, `matrix`) VALUES ('TBN4MZ', 'PG17NT', 55, 1);
UPDATE `bv_updation` SET left_carry = left_carry+50, total_left = total_left+50
WHERE `user_id` = 'TBN4MZ';
INSERT INTO `placement_bv_update_history` (`left_carry`, `date`, `from_id`, `user_id`) VALUES ('50', '2024-09-26 18:51:26', 'PG17NT', 'TBN4MZ');
INSERT INTO `matrix_filling` (`placement_id`, `downline_id`, `level`, `matrix`) VALUES ('OEMJ8R', 'PG17NT', 56, 1);
UPDATE `bv_updation` SET left_carry = left_carry+50, total_left = total_left+50
WHERE `user_id` = 'OEMJ8R';
INSERT INTO `placement_bv_update_history` (`left_carry`, `date`, `from_id`, `user_id`) VALUES ('50', '2024-09-26 18:51:26', 'PG17NT', 'OEMJ8R');
INSERT INTO `matrix_filling` (`placement_id`, `downline_id`, `level`, `matrix`) VALUES ('FXAYIE', 'PG17NT', 57, 1);
UPDATE `bv_updation` SET left_carry = left_carry+50, total_left = total_left+50
WHERE `user_id` = 'FXAYIE';
INSERT INTO `placement_bv_update_history` (`left_carry`, `date`, `from_id`, `user_id`) VALUES ('50', '2024-09-26 18:51:26', 'PG17NT', 'FXAYIE');
INSERT INTO `matrix_filling` (`placement_id`, `downline_id`, `level`, `matrix`) VALUES ('ELXZWC', 'PG17NT', 58, 1);
UPDATE `bv_updation` SET left_carry = left_carry+50, total_left = total_left+50
WHERE `user_id` = 'ELXZWC';
INSERT INTO `placement_bv_update_history` (`left_carry`, `date`, `from_id`, `user_id`) VALUES ('50', '2024-09-26 18:51:26', 'PG17NT', 'ELXZWC');
INSERT INTO `matrix_filling` (`placement_id`, `downline_id`, `level`, `matrix`) VALUES ('C1TQVI', 'PG17NT', 59, 1);
UPDATE `bv_updation` SET left_carry = left_carry+50, total_left = total_left+50
WHERE `user_id` = 'C1TQVI';
INSERT INTO `placement_bv_update_history` (`left_carry`, `date`, `from_id`, `user_id`) VALUES ('50', '2024-09-26 18:51:26', 'PG17NT', 'C1TQVI');
INSERT INTO `matrix_filling` (`placement_id`, `downline_id`, `level`, `matrix`) VALUES ('F5GPDF', 'PG17NT', 60, 1);
UPDATE `bv_updation` SET left_carry = left_carry+50, total_left = total_left+50
WHERE `user_id` = 'F5GPDF';
INSERT INTO `placement_bv_update_history` (`left_carry`, `date`, `from_id`, `user_id`) VALUES ('50', '2024-09-26 18:51:26', 'PG17NT', 'F5GPDF');
INSERT INTO `matrix_filling` (`placement_id`, `downline_id`, `level`, `matrix`) VALUES ('91PYDK', 'PG17NT', 61, 1);
UPDATE `bv_updation` SET left_carry = left_carry+50, total_left = total_left+50
WHERE `user_id` = '91PYDK';
INSERT INTO `placement_bv_update_history` (`left_carry`, `date`, `from_id`, `user_id`) VALUES ('50', '2024-09-26 18:51:26', 'PG17NT', '91PYDK');
INSERT INTO `matrix_filling` (`placement_id`, `downline_id`, `level`, `matrix`) VALUES ('4OT7RX', 'PG17NT', 62, 1);
UPDATE `bv_updation` SET left_carry = left_carry+50, total_left = total_left+50
WHERE `user_id` = '4OT7RX';
INSERT INTO `placement_bv_update_history` (`left_carry`, `date`, `from_id`, `user_id`) VALUES ('50', '2024-09-26 18:51:26', 'PG17NT', '4OT7RX');
INSERT INTO `matrix_filling` (`placement_id`, `downline_id`, `level`, `matrix`) VALUES ('ZJZA3M', 'PG17NT', 63, 1);
UPDATE `bv_updation` SET left_carry = left_carry+50, total_left = total_left+50
WHERE `user_id` = 'ZJZA3M';
INSERT INTO `placement_bv_update_history` (`left_carry`, `date`, `from_id`, `user_id`) VALUES ('50', '2024-09-26 18:51:26', 'PG17NT', 'ZJZA3M');
INSERT INTO `matrix_filling` (`placement_id`, `downline_id`, `level`, `matrix`) VALUES ('XN6ETC', 'PG17NT', 64, 1);
UPDATE `bv_updation` SET left_carry = left_carry+50, total_left = total_left+50
WHERE `user_id` = 'XN6ETC';
INSERT INTO `placement_bv_update_history` (`left_carry`, `date`, `from_id`, `user_id`) VALUES ('50', '2024-09-26 18:51:26', 'PG17NT', 'XN6ETC');
INSERT INTO `matrix_filling` (`placement_id`, `downline_id`, `level`, `matrix`) VALUES ('KVQN1O', 'PG17NT', 65, 1);
UPDATE `bv_updation` SET left_carry = left_carry+50, total_left = total_left+50
WHERE `user_id` = 'KVQN1O';
INSERT INTO `placement_bv_update_history` (`left_carry`, `date`, `from_id`, `user_id`) VALUES ('50', '2024-09-26 18:51:26', 'PG17NT', 'KVQN1O');
INSERT INTO `matrix_filling` (`placement_id`, `downline_id`, `level`, `matrix`) VALUES ('X3V7DJ', 'PG17NT', 66, 1);
UPDATE `bv_updation` SET left_carry = left_carry+50, total_left = total_left+50
WHERE `user_id` = 'X3V7DJ';
INSERT INTO `placement_bv_update_history` (`left_carry`, `date`, `from_id`, `user_id`) VALUES ('50', '2024-09-26 18:51:26', 'PG17NT', 'X3V7DJ');
INSERT INTO `matrix_filling` (`placement_id`, `downline_id`, `level`, `matrix`) VALUES ('DJ77NH', 'PG17NT', 67, 1);
UPDATE `bv_updation` SET left_carry = left_carry+50, total_left = total_left+50
WHERE `user_id` = 'DJ77NH';
INSERT INTO `placement_bv_update_history` (`left_carry`, `date`, `from_id`, `user_id`) VALUES ('50', '2024-09-26 18:51:26', 'PG17NT', 'DJ77NH');
INSERT INTO `matrix_filling` (`placement_id`, `downline_id`, `level`, `matrix`) VALUES ('PX7XCL', 'PG17NT', 68, 1);
UPDATE `bv_updation` SET left_carry = left_carry+50, total_left = total_left+50
WHERE `user_id` = 'PX7XCL';
INSERT INTO `placement_bv_update_history` (`left_carry`, `date`, `from_id`, `user_id`) VALUES ('50', '2024-09-26 18:51:26', 'PG17NT', 'PX7XCL');
INSERT INTO `matrix_filling` (`placement_id`, `downline_id`, `level`, `matrix`) VALUES ('L8PM4Z', 'PG17NT', 69, 1);
UPDATE `bv_updation` SET left_carry = left_carry+50, total_left = total_left+50
WHERE `user_id` = 'L8PM4Z';
INSERT INTO `placement_bv_update_history` (`left_carry`, `date`, `from_id`, `user_id`) VALUES ('50', '2024-09-26 18:51:26', 'PG17NT', 'L8PM4Z');
INSERT INTO `matrix_filling` (`placement_id`, `downline_id`, `level`, `matrix`) VALUES ('GBSIER', 'PG17NT', 70, 1);
UPDATE `bv_updation` SET left_carry = left_carry+50, total_left = total_left+50
WHERE `user_id` = 'GBSIER';
INSERT INTO `placement_bv_update_history` (`left_carry`, `date`, `from_id`, `user_id`) VALUES ('50', '2024-09-26 18:51:26', 'PG17NT', 'GBSIER');
INSERT INTO `matrix_filling` (`placement_id`, `downline_id`, `level`, `matrix`) VALUES ('AV48YQ', 'PG17NT', 71, 1);
UPDATE `bv_updation` SET left_carry = left_carry+50, total_left = total_left+50
WHERE `user_id` = 'AV48YQ';
INSERT INTO `placement_bv_update_history` (`left_carry`, `date`, `from_id`, `user_id`) VALUES ('50', '2024-09-26 18:51:26', 'PG17NT', 'AV48YQ');
INSERT INTO `matrix_filling` (`placement_id`, `downline_id`, `level`, `matrix`) VALUES ('admin', 'PG17NT', 72, 1);
INSERT INTO `package_purchase_history` (`user_id`, `package_id`, `reg_fee`, `package_name`, `monthly_fee`, `type`, `date`, `payment_option`) VALUES ('PG17NT', '2', '595', 'Traveler Pro', '150', 'sign_up', '2024-09-26 18:51:26', 'free');
INSERT INTO `login_history` (`user_id`, `device`, `ip_address`, `date`) VALUES ('I39CTH', 'Mozilla/5.0 (Windows NT 10.0; Win64; x64) AppleWebKit/537.36 (KHTML, like Gecko) Chrome/129.0.0.0 Safari/537.36', '172.70.255.207', '24-09-26 18:51');
UPDATE `user_registration` SET `popup_seen` = 'yes'
WHERE `user_id` = 'I39CTH';
UPDATE `user_registration` SET `uid` = '2525', `user_id` = 'SABG7Q', `username` = 'cornelio7', `sponsor_id` = 'I39CTH', `vacant` = 'no', `f_name` = 'Cornelio', `l_name` = 'Rojas', `address` = '6520 Kendale Lakes Dr', `position` = 'right', `email` = 'cornelio7@gmail.com', `password` = '7d064f520a0959da2289f4f606f48bb4', `phone` = '3057610606', `country` = 'United States', `state` = 'Florida', `city` = 'Miami', `street` = '6520 Kendale Lakes Dr', `zip_code` = '33183', `reg_ip` = '172.70.83.105', `status` = 1, `package_id` = '2', `rank_id` = 1, `highest_rank` = 1, `created` = '2024-09-26 18:54:43', `subscription_date` = '2024-10-26', `google_secret` = '5LMEYDKY3CIZIAOB'
WHERE `uid` = '2525';
INSERT INTO `user_registration` (`uid`, `user_id`, `username`, `sponsor_id`, `placement_id`, `vacant`, `f_name`, `l_name`, `address`, `position`, `email`, `password`, `phone`, `reg_ip`, `status`, `created`) VALUES (NULL, 'XJOYYC', 'IXwpCUgR', 'SABG7Q', 'SABG7Q', 'yes', '', '', '', 'left', '@mail.com', '', '', '', 0, '2024-09-26 18:54:43');
INSERT INTO `user_registration` (`uid`, `user_id`, `username`, `sponsor_id`, `placement_id`, `vacant`, `f_name`, `l_name`, `address`, `position`, `email`, `password`, `phone`, `reg_ip`, `status`, `created`) VALUES (NULL, 'TWDOEJ', 'WEvMpmcU', 'SABG7Q', 'SABG7Q', 'yes', '', '', '', 'right', '@mail.com', '', '', '', 0, '2024-09-26 18:54:43');
INSERT INTO `bv_updation` (`user_id`) VALUES ('SABG7Q');
UPDATE `user_registration` SET total_ref_count = total_ref_count+1
WHERE `user_id` = 'I39CTH';
UPDATE `user_registration` SET total_downlines = total_downlines+1
WHERE `user_id` = 'I39CTH';
UPDATE `user_registration` SET right_downlines = right_downlines+1
WHERE `user_id` = 'I39CTH';
UPDATE `user_registration` SET right_ref_count = right_ref_count+1
WHERE `user_id` = 'I39CTH';
UPDATE `user_registration` SET active_right = active_right+1
WHERE `user_id` = 'I39CTH';
UPDATE `user_registration` SET total_downlines = total_downlines+1
WHERE `user_id` = 'CUUVU7';
UPDATE `user_registration` SET left_downlines = left_downlines+1
WHERE `user_id` = 'CUUVU7';
UPDATE `user_registration` SET total_downlines = total_downlines+1
WHERE `user_id` = 'HI62BI';
UPDATE `user_registration` SET left_downlines = left_downlines+1
WHERE `user_id` = 'HI62BI';
UPDATE `user_registration` SET total_downlines = total_downlines+1
WHERE `user_id` = '1FFFBU';
UPDATE `user_registration` SET right_downlines = right_downlines+1
WHERE `user_id` = '1FFFBU';
UPDATE `user_registration` SET total_downlines = total_downlines+1
WHERE `user_id` = 'J4CGUT';
UPDATE `user_registration` SET left_downlines = left_downlines+1
WHERE `user_id` = 'J4CGUT';
UPDATE `user_registration` SET total_downlines = total_downlines+1
WHERE `user_id` = 'S1RTX3';
UPDATE `user_registration` SET left_downlines = left_downlines+1
WHERE `user_id` = 'S1RTX3';
UPDATE `user_registration` SET total_downlines = total_downlines+1
WHERE `user_id` = 'I8YWQA';
UPDATE `user_registration` SET left_downlines = left_downlines+1
WHERE `user_id` = 'I8YWQA';
UPDATE `user_registration` SET total_downlines = total_downlines+1
WHERE `user_id` = 'I3MZBU';
UPDATE `user_registration` SET left_downlines = left_downlines+1
WHERE `user_id` = 'I3MZBU';
UPDATE `user_registration` SET total_downlines = total_downlines+1
WHERE `user_id` = 'H2I33O';
UPDATE `user_registration` SET left_downlines = left_downlines+1
WHERE `user_id` = 'H2I33O';
UPDATE `user_registration` SET total_downlines = total_downlines+1
WHERE `user_id` = 'AL7XWH';
UPDATE `user_registration` SET left_downlines = left_downlines+1
WHERE `user_id` = 'AL7XWH';
UPDATE `user_registration` SET total_downlines = total_downlines+1
WHERE `user_id` = 'HFZ9SA';
UPDATE `user_registration` SET left_downlines = left_downlines+1
WHERE `user_id` = 'HFZ9SA';
UPDATE `user_registration` SET total_downlines = total_downlines+1
WHERE `user_id` = 'A2MTZ3';
UPDATE `user_registration` SET left_downlines = left_downlines+1
WHERE `user_id` = 'A2MTZ3';
UPDATE `user_registration` SET total_downlines = total_downlines+1
WHERE `user_id` = 'RUEKCW';
UPDATE `user_registration` SET left_downlines = left_downlines+1
WHERE `user_id` = 'RUEKCW';
UPDATE `user_registration` SET total_downlines = total_downlines+1
WHERE `user_id` = 'K3GTG4';
UPDATE `user_registration` SET left_downlines = left_downlines+1
WHERE `user_id` = 'K3GTG4';
UPDATE `user_registration` SET total_downlines = total_downlines+1
WHERE `user_id` = 'I1TUBN';
UPDATE `user_registration` SET left_downlines = left_downlines+1
WHERE `user_id` = 'I1TUBN';
UPDATE `user_registration` SET total_downlines = total_downlines+1
WHERE `user_id` = 'BAUCCU';
UPDATE `user_registration` SET left_downlines = left_downlines+1
WHERE `user_id` = 'BAUCCU';
UPDATE `user_registration` SET total_downlines = total_downlines+1
WHERE `user_id` = '62QO97';
UPDATE `user_registration` SET left_downlines = left_downlines+1
WHERE `user_id` = '62QO97';
UPDATE `user_registration` SET total_downlines = total_downlines+1
WHERE `user_id` = 'OHLQEO';
UPDATE `user_registration` SET left_downlines = left_downlines+1
WHERE `user_id` = 'OHLQEO';
UPDATE `user_registration` SET total_downlines = total_downlines+1
WHERE `user_id` = '7APFKG';
UPDATE `user_registration` SET left_downlines = left_downlines+1
WHERE `user_id` = '7APFKG';
UPDATE `user_registration` SET total_downlines = total_downlines+1
WHERE `user_id` = 'Q2Q92Y';
UPDATE `user_registration` SET left_downlines = left_downlines+1
WHERE `user_id` = 'Q2Q92Y';
UPDATE `user_registration` SET total_downlines = total_downlines+1
WHERE `user_id` = 'E9ITRC';
UPDATE `user_registration` SET left_downlines = left_downlines+1
WHERE `user_id` = 'E9ITRC';
UPDATE `user_registration` SET total_downlines = total_downlines+1
WHERE `user_id` = '7COKBB';
UPDATE `user_registration` SET left_downlines = left_downlines+1
WHERE `user_id` = '7COKBB';
UPDATE `user_registration` SET total_downlines = total_downlines+1
WHERE `user_id` = 'BDNS17';
UPDATE `user_registration` SET left_downlines = left_downlines+1
WHERE `user_id` = 'BDNS17';
UPDATE `user_registration` SET total_downlines = total_downlines+1
WHERE `user_id` = '7ZXRRE';
UPDATE `user_registration` SET left_downlines = left_downlines+1
WHERE `user_id` = '7ZXRRE';
UPDATE `user_registration` SET total_downlines = total_downlines+1
WHERE `user_id` = 'KLRAF5';
UPDATE `user_registration` SET left_downlines = left_downlines+1
WHERE `user_id` = 'KLRAF5';
UPDATE `user_registration` SET total_downlines = total_downlines+1
WHERE `user_id` = 'IFJHZG';
UPDATE `user_registration` SET left_downlines = left_downlines+1
WHERE `user_id` = 'IFJHZG';
UPDATE `user_registration` SET total_downlines = total_downlines+1
WHERE `user_id` = 'MXUV8Q';
UPDATE `user_registration` SET left_downlines = left_downlines+1
WHERE `user_id` = 'MXUV8Q';
UPDATE `user_registration` SET total_downlines = total_downlines+1
WHERE `user_id` = 'GGM164';
UPDATE `user_registration` SET left_downlines = left_downlines+1
WHERE `user_id` = 'GGM164';
UPDATE `user_registration` SET total_downlines = total_downlines+1
WHERE `user_id` = '3NKIEX';
UPDATE `user_registration` SET left_downlines = left_downlines+1
WHERE `user_id` = '3NKIEX';
UPDATE `user_registration` SET total_downlines = total_downlines+1
WHERE `user_id` = 'S56TH3';
UPDATE `user_registration` SET left_downlines = left_downlines+1
WHERE `user_id` = 'S56TH3';
UPDATE `user_registration` SET total_downlines = total_downlines+1
WHERE `user_id` = 'XYG89U';
UPDATE `user_registration` SET left_downlines = left_downlines+1
WHERE `user_id` = 'XYG89U';
UPDATE `user_registration` SET total_downlines = total_downlines+1
WHERE `user_id` = 'HTFY93';
UPDATE `user_registration` SET left_downlines = left_downlines+1
WHERE `user_id` = 'HTFY93';
UPDATE `user_registration` SET total_downlines = total_downlines+1
WHERE `user_id` = '3PR393';
UPDATE `user_registration` SET left_downlines = left_downlines+1
WHERE `user_id` = '3PR393';
UPDATE `user_registration` SET total_downlines = total_downlines+1
WHERE `user_id` = 'T3MRY1';
UPDATE `user_registration` SET left_downlines = left_downlines+1
WHERE `user_id` = 'T3MRY1';
UPDATE `user_registration` SET total_downlines = total_downlines+1
WHERE `user_id` = 'GTMCCK';
UPDATE `user_registration` SET left_downlines = left_downlines+1
WHERE `user_id` = 'GTMCCK';
UPDATE `user_registration` SET total_downlines = total_downlines+1
WHERE `user_id` = 'DLYMIF';
UPDATE `user_registration` SET left_downlines = left_downlines+1
WHERE `user_id` = 'DLYMIF';
UPDATE `user_registration` SET total_downlines = total_downlines+1
WHERE `user_id` = 'WGJ5KE';
UPDATE `user_registration` SET left_downlines = left_downlines+1
WHERE `user_id` = 'WGJ5KE';
UPDATE `user_registration` SET total_downlines = total_downlines+1
WHERE `user_id` = 'ORRJ3M';
UPDATE `user_registration` SET left_downlines = left_downlines+1
WHERE `user_id` = 'ORRJ3M';
UPDATE `user_registration` SET total_downlines = total_downlines+1
WHERE `user_id` = 'AA8V6V';
UPDATE `user_registration` SET left_downlines = left_downlines+1
WHERE `user_id` = 'AA8V6V';
UPDATE `user_registration` SET total_downlines = total_downlines+1
WHERE `user_id` = '61ME4O';
UPDATE `user_registration` SET left_downlines = left_downlines+1
WHERE `user_id` = '61ME4O';
