UPDATE `bv_updation` SET left_carry = left_carry+50, total_left = total_left+50
WHERE `user_id` = 'F8WLAW';
INSERT INTO `placement_bv_update_history` (`left_carry`, `date`, `from_id`, `user_id`) VALUES ('50', '2024-10-01 22:48:44', 'WR44QL', 'F8WLAW');
INSERT INTO `matrix_filling` (`placement_id`, `downline_id`, `level`, `matrix`) VALUES ('9H9OZM', 'WR44QL', 24, 1);
UPDATE `bv_updation` SET left_carry = left_carry+50, total_left = total_left+50
WHERE `user_id` = '9H9OZM';
INSERT INTO `placement_bv_update_history` (`left_carry`, `date`, `from_id`, `user_id`) VALUES ('50', '2024-10-01 22:48:44', 'WR44QL', '9H9OZM');
INSERT INTO `matrix_filling` (`placement_id`, `downline_id`, `level`, `matrix`) VALUES ('DLP7GD', 'WR44QL', 25, 1);
UPDATE `bv_updation` SET left_carry = left_carry+50, total_left = total_left+50
WHERE `user_id` = 'DLP7GD';
INSERT INTO `placement_bv_update_history` (`left_carry`, `date`, `from_id`, `user_id`) VALUES ('50', '2024-10-01 22:48:44', 'WR44QL', 'DLP7GD');
INSERT INTO `matrix_filling` (`placement_id`, `downline_id`, `level`, `matrix`) VALUES ('VG9TO9', 'WR44QL', 26, 1);
UPDATE `bv_updation` SET left_carry = left_carry+50, total_left = total_left+50
WHERE `user_id` = 'VG9TO9';
INSERT INTO `placement_bv_update_history` (`left_carry`, `date`, `from_id`, `user_id`) VALUES ('50', '2024-10-01 22:48:44', 'WR44QL', 'VG9TO9');
INSERT INTO `matrix_filling` (`placement_id`, `downline_id`, `level`, `matrix`) VALUES ('L8R95F', 'WR44QL', 27, 1);
UPDATE `bv_updation` SET left_carry = left_carry+50, total_left = total_left+50
WHERE `user_id` = 'L8R95F';
INSERT INTO `placement_bv_update_history` (`left_carry`, `date`, `from_id`, `user_id`) VALUES ('50', '2024-10-01 22:48:44', 'WR44QL', 'L8R95F');
INSERT INTO `matrix_filling` (`placement_id`, `downline_id`, `level`, `matrix`) VALUES ('Y9DPUD', 'WR44QL', 28, 1);
UPDATE `bv_updation` SET left_carry = left_carry+50, total_left = total_left+50
WHERE `user_id` = 'Y9DPUD';
INSERT INTO `placement_bv_update_history` (`left_carry`, `date`, `from_id`, `user_id`) VALUES ('50', '2024-10-01 22:48:44', 'WR44QL', 'Y9DPUD');
INSERT INTO `matrix_filling` (`placement_id`, `downline_id`, `level`, `matrix`) VALUES ('5H9TH3', 'WR44QL', 29, 1);
UPDATE `bv_updation` SET left_carry = left_carry+50, total_left = total_left+50
WHERE `user_id` = '5H9TH3';
INSERT INTO `placement_bv_update_history` (`left_carry`, `date`, `from_id`, `user_id`) VALUES ('50', '2024-10-01 22:48:44', 'WR44QL', '5H9TH3');
INSERT INTO `matrix_filling` (`placement_id`, `downline_id`, `level`, `matrix`) VALUES ('MIT9KW', 'WR44QL', 30, 1);
UPDATE `bv_updation` SET left_carry = left_carry+50, total_left = total_left+50
WHERE `user_id` = 'MIT9KW';
INSERT INTO `placement_bv_update_history` (`left_carry`, `date`, `from_id`, `user_id`) VALUES ('50', '2024-10-01 22:48:44', 'WR44QL', 'MIT9KW');
INSERT INTO `matrix_filling` (`placement_id`, `downline_id`, `level`, `matrix`) VALUES ('IMUABZ', 'WR44QL', 31, 1);
UPDATE `bv_updation` SET left_carry = left_carry+50, total_left = total_left+50
WHERE `user_id` = 'IMUABZ';
INSERT INTO `placement_bv_update_history` (`left_carry`, `date`, `from_id`, `user_id`) VALUES ('50', '2024-10-01 22:48:44', 'WR44QL', 'IMUABZ');
INSERT INTO `matrix_filling` (`placement_id`, `downline_id`, `level`, `matrix`) VALUES ('G54QC4', 'WR44QL', 32, 1);
UPDATE `bv_updation` SET left_carry = left_carry+50, total_left = total_left+50
WHERE `user_id` = 'G54QC4';
INSERT INTO `placement_bv_update_history` (`left_carry`, `date`, `from_id`, `user_id`) VALUES ('50', '2024-10-01 22:48:44', 'WR44QL', 'G54QC4');
INSERT INTO `matrix_filling` (`placement_id`, `downline_id`, `level`, `matrix`) VALUES ('9JPZJL', 'WR44QL', 33, 1);
UPDATE `bv_updation` SET left_carry = left_carry+50, total_left = total_left+50
WHERE `user_id` = '9JPZJL';
INSERT INTO `placement_bv_update_history` (`left_carry`, `date`, `from_id`, `user_id`) VALUES ('50', '2024-10-01 22:48:44', 'WR44QL', '9JPZJL');
INSERT INTO `matrix_filling` (`placement_id`, `downline_id`, `level`, `matrix`) VALUES ('E3PPZ3', 'WR44QL', 34, 1);
UPDATE `bv_updation` SET left_carry = left_carry+50, total_left = total_left+50
WHERE `user_id` = 'E3PPZ3';
INSERT INTO `placement_bv_update_history` (`left_carry`, `date`, `from_id`, `user_id`) VALUES ('50', '2024-10-01 22:48:44', 'WR44QL', 'E3PPZ3');
INSERT INTO `matrix_filling` (`placement_id`, `downline_id`, `level`, `matrix`) VALUES ('7RY1ZP', 'WR44QL', 35, 1);
UPDATE `bv_updation` SET left_carry = left_carry+50, total_left = total_left+50
WHERE `user_id` = '7RY1ZP';
INSERT INTO `placement_bv_update_history` (`left_carry`, `date`, `from_id`, `user_id`) VALUES ('50', '2024-10-01 22:48:44', 'WR44QL', '7RY1ZP');
INSERT INTO `matrix_filling` (`placement_id`, `downline_id`, `level`, `matrix`) VALUES ('ADZTOG', 'WR44QL', 36, 1);
UPDATE `bv_updation` SET right_carry = right_carry+50, total_right = total_right+50
WHERE `user_id` = 'ADZTOG';
INSERT INTO `placement_bv_update_history` (`right_carry`, `date`, `from_id`, `user_id`) VALUES ('50', '2024-10-01 22:48:44', 'WR44QL', 'ADZTOG');
INSERT INTO `matrix_filling` (`placement_id`, `downline_id`, `level`, `matrix`) VALUES ('A9858P', 'WR44QL', 37, 1);
UPDATE `bv_updation` SET right_carry = right_carry+50, total_right = total_right+50
WHERE `user_id` = 'A9858P';
INSERT INTO `placement_bv_update_history` (`right_carry`, `date`, `from_id`, `user_id`) VALUES ('50', '2024-10-01 22:48:44', 'WR44QL', 'A9858P');
INSERT INTO `matrix_filling` (`placement_id`, `downline_id`, `level`, `matrix`) VALUES ('admin', 'WR44QL', 38, 1);
UPDATE `bv_updation` SET right_carry = right_carry+50, total_right = total_right+50
WHERE `user_id` = 'admin';
INSERT INTO `placement_bv_update_history` (`right_carry`, `date`, `from_id`, `user_id`) VALUES ('50', '2024-10-01 22:48:44', 'WR44QL', 'admin');
INSERT INTO `package_purchase_history` (`user_id`, `package_id`, `reg_fee`, `package_name`, `monthly_fee`, `type`, `date`, `payment_option`) VALUES ('WR44QL', '2', '595', 'Traveler Pro', '150', 'sign_up', '2024-10-01 22:48:44', 'free');
UPDATE `user_registration` SET `popup_seen` = 'yes'
WHERE `user_id` = 'WJR372';
UPDATE `ci_sessions` SET `timestamp` = 1727841458, `data` = '__ci_last_regenerate|i:1727841458;id|s:4:\"2346\";user_id|s:6:\"WJR372\";username|s:6:\"david1\";sponsor_id|s:6:\"7RY1ZP\";fullname|s:13:\"David Méndez\";email|s:16:\"david1@gmail.com\";phone|s:10:\"3057610606\";isLogIn|b:1;'
WHERE `id` = '000c317a9696d588dfb615294127cebeebad8126';
UPDATE `user_registration` SET `uid` = '2665', `user_id` = 'CF6X47', `username` = 'gonzalo1', `sponsor_id` = 'WJR372', `vacant` = 'no', `f_name` = 'Gonzalo', `l_name` = 'Roig', `address` = '6520 Kendale Lakes Dr', `position` = 'right', `email` = 'gonzalo1@gmail.com', `password` = '0750523da7920a2ee4381ef8cf2e7317', `phone` = '3057610606', `country` = 'United States', `state` = 'Florida', `city` = 'Miami', `street` = '6520 Kendale Lakes Dr', `zip_code` = '33183', `reg_ip` = '172.70.55.236', `status` = 1, `package_id` = '2', `rank_id` = 1, `highest_rank` = 1, `cycle_rank_id` = 1, `created` = '2024-10-01 22:59:10', `subscription_date` = '2024-10-31', `google_secret` = 'MZBX6IO64VKMHRNX'
WHERE `uid` = '2665';
INSERT INTO `user_registration` (`uid`, `user_id`, `username`, `sponsor_id`, `placement_id`, `vacant`, `f_name`, `l_name`, `address`, `position`, `email`, `password`, `phone`, `reg_ip`, `status`, `created`) VALUES (NULL, 'DYLVEM', 'sYRuMVmn', 'CF6X47', 'CF6X47', 'yes', '', '', '', 'left', '@mail.com', '', '', '', 0, '2024-10-01 22:59:10');
INSERT INTO `user_registration` (`uid`, `user_id`, `username`, `sponsor_id`, `placement_id`, `vacant`, `f_name`, `l_name`, `address`, `position`, `email`, `password`, `phone`, `reg_ip`, `status`, `created`) VALUES (NULL, 'SCKBOZ', 'HtsvBPzQ', 'CF6X47', 'CF6X47', 'yes', '', '', '', 'right', '@mail.com', '', '', '', 0, '2024-10-01 22:59:10');
INSERT INTO `bv_updation` (`user_id`) VALUES ('CF6X47');
UPDATE `user_registration` SET total_ref_count = total_ref_count+1
WHERE `user_id` = 'WJR372';
UPDATE `user_registration` SET total_downlines = total_downlines+1
WHERE `user_id` = 'G8BZCS';
UPDATE `user_registration` SET right_downlines = right_downlines+1
WHERE `user_id` = 'G8BZCS';
UPDATE `user_registration` SET total_downlines = total_downlines+1
WHERE `user_id` = 'YJNQAL';
UPDATE `user_registration` SET right_downlines = right_downlines+1
WHERE `user_id` = 'YJNQAL';
UPDATE `user_registration` SET total_downlines = total_downlines+1
WHERE `user_id` = '3TMFS6';
UPDATE `user_registration` SET right_downlines = right_downlines+1
WHERE `user_id` = '3TMFS6';
UPDATE `user_registration` SET total_downlines = total_downlines+1
WHERE `user_id` = 'D72W66';
UPDATE `user_registration` SET right_downlines = right_downlines+1
WHERE `user_id` = 'D72W66';
UPDATE `user_registration` SET total_downlines = total_downlines+1
WHERE `user_id` = '1ZOBR2';
UPDATE `user_registration` SET right_downlines = right_downlines+1
WHERE `user_id` = '1ZOBR2';
UPDATE `user_registration` SET total_downlines = total_downlines+1
WHERE `user_id` = '3QE3ZD';
UPDATE `user_registration` SET right_downlines = right_downlines+1
WHERE `user_id` = '3QE3ZD';
UPDATE `user_registration` SET total_downlines = total_downlines+1
WHERE `user_id` = 'EFFXHS';
UPDATE `user_registration` SET right_downlines = right_downlines+1
WHERE `user_id` = 'EFFXHS';
UPDATE `user_registration` SET total_downlines = total_downlines+1
WHERE `user_id` = '8OWEB8';
UPDATE `user_registration` SET right_downlines = right_downlines+1
WHERE `user_id` = '8OWEB8';
UPDATE `user_registration` SET total_downlines = total_downlines+1
WHERE `user_id` = '7RU2CF';
UPDATE `user_registration` SET right_downlines = right_downlines+1
WHERE `user_id` = '7RU2CF';
UPDATE `user_registration` SET total_downlines = total_downlines+1
WHERE `user_id` = 'TXRFEG';
UPDATE `user_registration` SET right_downlines = right_downlines+1
WHERE `user_id` = 'TXRFEG';
UPDATE `user_registration` SET total_downlines = total_downlines+1
WHERE `user_id` = 'T2P1D9';
UPDATE `user_registration` SET right_downlines = right_downlines+1
WHERE `user_id` = 'T2P1D9';
UPDATE `user_registration` SET total_downlines = total_downlines+1
WHERE `user_id` = '3VV851';
UPDATE `user_registration` SET right_downlines = right_downlines+1
WHERE `user_id` = '3VV851';
UPDATE `user_registration` SET total_downlines = total_downlines+1
WHERE `user_id` = 'YHW7J9';
UPDATE `user_registration` SET right_downlines = right_downlines+1
WHERE `user_id` = 'YHW7J9';
UPDATE `user_registration` SET total_downlines = total_downlines+1
WHERE `user_id` = '85EVIX';
UPDATE `user_registration` SET right_downlines = right_downlines+1
WHERE `user_id` = '85EVIX';
UPDATE `user_registration` SET total_downlines = total_downlines+1
WHERE `user_id` = 'I4HOSL';
UPDATE `user_registration` SET right_downlines = right_downlines+1
WHERE `user_id` = 'I4HOSL';
UPDATE `user_registration` SET total_downlines = total_downlines+1
WHERE `user_id` = '2SB7SO';
UPDATE `user_registration` SET right_downlines = right_downlines+1
WHERE `user_id` = '2SB7SO';
UPDATE `user_registration` SET total_downlines = total_downlines+1
WHERE `user_id` = '7UGPLB';
UPDATE `user_registration` SET right_downlines = right_downlines+1
WHERE `user_id` = '7UGPLB';
UPDATE `user_registration` SET total_downlines = total_downlines+1
WHERE `user_id` = 'G6LBV6';
UPDATE `user_registration` SET right_downlines = right_downlines+1
WHERE `user_id` = 'G6LBV6';
UPDATE `user_registration` SET total_downlines = total_downlines+1
WHERE `user_id` = '5VW2TV';
UPDATE `user_registration` SET right_downlines = right_downlines+1
WHERE `user_id` = '5VW2TV';
UPDATE `user_registration` SET total_downlines = total_downlines+1
WHERE `user_id` = '1CISMF';
UPDATE `user_registration` SET right_downlines = right_downlines+1
WHERE `user_id` = '1CISMF';
UPDATE `user_registration` SET total_downlines = total_downlines+1
WHERE `user_id` = 'WA5PMD';
UPDATE `user_registration` SET right_downlines = right_downlines+1
WHERE `user_id` = 'WA5PMD';
UPDATE `user_registration` SET total_downlines = total_downlines+1
WHERE `user_id` = 'WJR372';
UPDATE `user_registration` SET right_downlines = right_downlines+1
WHERE `user_id` = 'WJR372';
UPDATE `user_registration` SET right_ref_count = right_ref_count+1
WHERE `user_id` = 'WJR372';
UPDATE `user_registration` SET active_right = active_right+1
WHERE `user_id` = 'WJR372';
UPDATE `user_registration` SET total_downlines = total_downlines+1
WHERE `user_id` = 'YJ6OTD';
UPDATE `user_registration` SET left_downlines = left_downlines+1
WHERE `user_id` = 'YJ6OTD';
UPDATE `user_registration` SET total_downlines = total_downlines+1
WHERE `user_id` = 'F8WLAW';
UPDATE `user_registration` SET left_downlines = left_downlines+1
WHERE `user_id` = 'F8WLAW';
UPDATE `user_registration` SET total_downlines = total_downlines+1
WHERE `user_id` = '9H9OZM';
UPDATE `user_registration` SET left_downlines = left_downlines+1
WHERE `user_id` = '9H9OZM';
UPDATE `user_registration` SET total_downlines = total_downlines+1
WHERE `user_id` = 'DLP7GD';
UPDATE `user_registration` SET left_downlines = left_downlines+1
WHERE `user_id` = 'DLP7GD';
UPDATE `user_registration` SET total_downlines = total_downlines+1
WHERE `user_id` = 'VG9TO9';
UPDATE `user_registration` SET left_downlines = left_downlines+1
WHERE `user_id` = 'VG9TO9';
UPDATE `user_registration` SET total_downlines = total_downlines+1
WHERE `user_id` = 'L8R95F';
UPDATE `user_registration` SET left_downlines = left_downlines+1
WHERE `user_id` = 'L8R95F';
UPDATE `user_registration` SET total_downlines = total_downlines+1
WHERE `user_id` = 'Y9DPUD';
UPDATE `user_registration` SET left_downlines = left_downlines+1
WHERE `user_id` = 'Y9DPUD';
UPDATE `user_registration` SET total_downlines = total_downlines+1
WHERE `user_id` = '5H9TH3';
UPDATE `user_registration` SET left_downlines = left_downlines+1
WHERE `user_id` = '5H9TH3';
UPDATE `user_registration` SET total_downlines = total_downlines+1
WHERE `user_id` = 'MIT9KW';
UPDATE `user_registration` SET left_downlines = left_downlines+1
WHERE `user_id` = 'MIT9KW';
UPDATE `user_registration` SET total_downlines = total_downlines+1
WHERE `user_id` = 'IMUABZ';
UPDATE `user_registration` SET left_downlines = left_downlines+1
WHERE `user_id` = 'IMUABZ';
UPDATE `user_registration` SET total_downlines = total_downlines+1
WHERE `user_id` = 'G54QC4';
UPDATE `user_registration` SET left_downlines = left_downlines+1
WHERE `user_id` = 'G54QC4';
UPDATE `user_registration` SET total_downlines = total_downlines+1
WHERE `user_id` = '9JPZJL';
UPDATE `user_registration` SET left_downlines = left_downlines+1
WHERE `user_id` = '9JPZJL';
UPDATE `user_registration` SET total_downlines = total_downlines+1
WHERE `user_id` = 'E3PPZ3';
UPDATE `user_registration` SET left_downlines = left_downlines+1
WHERE `user_id` = 'E3PPZ3';
UPDATE `user_registration` SET total_downlines = total_downlines+1
WHERE `user_id` = '7RY1ZP';
UPDATE `user_registration` SET left_downlines = left_downlines+1
WHERE `user_id` = '7RY1ZP';
UPDATE `user_registration` SET total_downlines = total_downlines+1
WHERE `user_id` = 'ADZTOG';
UPDATE `user_registration` SET right_downlines = right_downlines+1
WHERE `user_id` = 'ADZTOG';
UPDATE `user_registration` SET total_downlines = total_downlines+1
WHERE `user_id` = 'A9858P';
UPDATE `user_registration` SET right_downlines = right_downlines+1
WHERE `user_id` = 'A9858P';
UPDATE `user_registration` SET total_downlines = total_downlines+1
WHERE `user_id` = 'admin';
UPDATE `user_registration` SET right_downlines = right_downlines+1
WHERE `user_id` = 'admin';
INSERT INTO `investment` (`invest_date`, `user_id`, `type`, `amount`, `package_id`) VALUES ('2024-10-01 22:59:10', 'CF6X47', 'register', '595', '2');
INSERT INTO `earnings` (`user_id`, `Purchaser_id`, `earning_type`, `package_id`, `amount`, `date`, `comments`, `invest_amount`, `comm_perc`, `level`, `rank_id`, `order_id`) VALUES ('WJR372', 'CF6X47', 'Direct Referral Bonus', '2', '100', '2024-10-01 22:59:10', 'Direct Referral Bonus', 0, 0, 1, '', 331);
UPDATE `user_registration` SET commission_balance = ROUND(commission_balance + 100,2)
WHERE `user_id` = 'WJR372';
UPDATE `user_registration` SET referral_bonus = ROUND(referral_bonus + 100,2)
WHERE `user_id` = 'WJR372';
INSERT INTO `earnings` (`user_id`, `Purchaser_id`, `earning_type`, `package_id`, `amount`, `date`, `comments`, `invest_amount`, `comm_perc`, `level`, `rank_id`, `order_id`) VALUES ('7RY1ZP', 'CF6X47', 'Expansion Bonus', '2', 100, '2024-10-01 22:59:10', 'Expansion Bonus', '100', 0, 1, '', 331);
UPDATE `user_registration` SET commission_balance = ROUND(commission_balance + 100,2)
WHERE `user_id` = '7RY1ZP';
UPDATE `user_registration` SET expansion_bonus = ROUND(expansion_bonus + 100,2)
WHERE `user_id` = '7RY1ZP';
INSERT INTO `earnings` (`user_id`, `Purchaser_id`, `earning_type`, `package_id`, `amount`, `date`, `comments`, `invest_amount`, `comm_perc`, `level`, `rank_id`, `order_id`) VALUES ('A9858P', 'CF6X47', 'Expansion Bonus', '2', 100, '2024-10-01 22:59:10', 'Expansion Bonus', 200, 0, 1, '', 331);
UPDATE `user_registration` SET commission_balance = ROUND(commission_balance + 100,2)
WHERE `user_id` = 'A9858P';
UPDATE `user_registration` SET expansion_bonus = ROUND(expansion_bonus + 100,2)
WHERE `user_id` = 'A9858P';
INSERT INTO `matrix_filling` (`placement_id`, `downline_id`, `level`, `matrix`) VALUES ('G8BZCS', 'CF6X47', 1, 1);
UPDATE `bv_updation` SET right_carry = right_carry+50, total_right = total_right+50
WHERE `user_id` = 'G8BZCS';
INSERT INTO `placement_bv_update_history` (`right_carry`, `date`, `from_id`, `user_id`) VALUES ('50', '2024-10-01 22:59:10', 'CF6X47', 'G8BZCS');
INSERT INTO `matrix_filling` (`placement_id`, `downline_id`, `level`, `matrix`) VALUES ('YJNQAL', 'CF6X47', 2, 1);
UPDATE `bv_updation` SET right_carry = right_carry+50, total_right = total_right+50
WHERE `user_id` = 'YJNQAL';
INSERT INTO `placement_bv_update_history` (`right_carry`, `date`, `from_id`, `user_id`) VALUES ('50', '2024-10-01 22:59:10', 'CF6X47', 'YJNQAL');
INSERT INTO `matrix_filling` (`placement_id`, `downline_id`, `level`, `matrix`) VALUES ('3TMFS6', 'CF6X47', 3, 1);
UPDATE `bv_updation` SET right_carry = right_carry+50, total_right = total_right+50
WHERE `user_id` = '3TMFS6';
INSERT INTO `placement_bv_update_history` (`right_carry`, `date`, `from_id`, `user_id`) VALUES ('50', '2024-10-01 22:59:10', 'CF6X47', '3TMFS6');
INSERT INTO `matrix_filling` (`placement_id`, `downline_id`, `level`, `matrix`) VALUES ('D72W66', 'CF6X47', 4, 1);
UPDATE `bv_updation` SET right_carry = right_carry+50, total_right = total_right+50
WHERE `user_id` = 'D72W66';
INSERT INTO `placement_bv_update_history` (`right_carry`, `date`, `from_id`, `user_id`) VALUES ('50', '2024-10-01 22:59:10', 'CF6X47', 'D72W66');
INSERT INTO `matrix_filling` (`placement_id`, `downline_id`, `level`, `matrix`) VALUES ('1ZOBR2', 'CF6X47', 5, 1);
UPDATE `bv_updation` SET right_carry = right_carry+50, total_right = total_right+50
WHERE `user_id` = '1ZOBR2';
INSERT INTO `placement_bv_update_history` (`right_carry`, `date`, `from_id`, `user_id`) VALUES ('50', '2024-10-01 22:59:10', 'CF6X47', '1ZOBR2');
INSERT INTO `matrix_filling` (`placement_id`, `downline_id`, `level`, `matrix`) VALUES ('3QE3ZD', 'CF6X47', 6, 1);
UPDATE `bv_updation` SET right_carry = right_carry+50, total_right = total_right+50
WHERE `user_id` = '3QE3ZD';
INSERT INTO `placement_bv_update_history` (`right_carry`, `date`, `from_id`, `user_id`) VALUES ('50', '2024-10-01 22:59:10', 'CF6X47', '3QE3ZD');
INSERT INTO `matrix_filling` (`placement_id`, `downline_id`, `level`, `matrix`) VALUES ('EFFXHS', 'CF6X47', 7, 1);
UPDATE `bv_updation` SET right_carry = right_carry+50, total_right = total_right+50
WHERE `user_id` = 'EFFXHS';
INSERT INTO `placement_bv_update_history` (`right_carry`, `date`, `from_id`, `user_id`) VALUES ('50', '2024-10-01 22:59:10', 'CF6X47', 'EFFXHS');
INSERT INTO `matrix_filling` (`placement_id`, `downline_id`, `level`, `matrix`) VALUES ('8OWEB8', 'CF6X47', 8, 1);
UPDATE `bv_updation` SET right_carry = right_carry+50, total_right = total_right+50
WHERE `user_id` = '8OWEB8';
INSERT INTO `placement_bv_update_history` (`right_carry`, `date`, `from_id`, `user_id`) VALUES ('50', '2024-10-01 22:59:10', 'CF6X47', '8OWEB8');
INSERT INTO `matrix_filling` (`placement_id`, `downline_id`, `level`, `matrix`) VALUES ('7RU2CF', 'CF6X47', 9, 1);
UPDATE `bv_updation` SET right_carry = right_carry+50, total_right = total_right+50
WHERE `user_id` = '7RU2CF';
INSERT INTO `placement_bv_update_history` (`right_carry`, `date`, `from_id`, `user_id`) VALUES ('50', '2024-10-01 22:59:10', 'CF6X47', '7RU2CF');
INSERT INTO `matrix_filling` (`placement_id`, `downline_id`, `level`, `matrix`) VALUES ('TXRFEG', 'CF6X47', 10, 1);
UPDATE `bv_updation` SET right_carry = right_carry+50, total_right = total_right+50
WHERE `user_id` = 'TXRFEG';
INSERT INTO `placement_bv_update_history` (`right_carry`, `date`, `from_id`, `user_id`) VALUES ('50', '2024-10-01 22:59:10', 'CF6X47', 'TXRFEG');
INSERT INTO `matrix_filling` (`placement_id`, `downline_id`, `level`, `matrix`) VALUES ('T2P1D9', 'CF6X47', 11, 1);
UPDATE `bv_updation` SET right_carry = right_carry+50, total_right = total_right+50
WHERE `user_id` = 'T2P1D9';
INSERT INTO `placement_bv_update_history` (`right_carry`, `date`, `from_id`, `user_id`) VALUES ('50', '2024-10-01 22:59:10', 'CF6X47', 'T2P1D9');
INSERT INTO `matrix_filling` (`placement_id`, `downline_id`, `level`, `matrix`) VALUES ('3VV851', 'CF6X47', 12, 1);
UPDATE `bv_updation` SET right_carry = right_carry+50, total_right = total_right+50
WHERE `user_id` = '3VV851';
INSERT INTO `placement_bv_update_history` (`right_carry`, `date`, `from_id`, `user_id`) VALUES ('50', '2024-10-01 22:59:10', 'CF6X47', '3VV851');
INSERT INTO `matrix_filling` (`placement_id`, `downline_id`, `level`, `matrix`) VALUES ('YHW7J9', 'CF6X47', 13, 1);
UPDATE `bv_updation` SET right_carry = right_carry+50, total_right = total_right+50
WHERE `user_id` = 'YHW7J9';
INSERT INTO `placement_bv_update_history` (`right_carry`, `date`, `from_id`, `user_id`) VALUES ('50', '2024-10-01 22:59:10', 'CF6X47', 'YHW7J9');
INSERT INTO `matrix_filling` (`placement_id`, `downline_id`, `level`, `matrix`) VALUES ('85EVIX', 'CF6X47', 14, 1);
UPDATE `bv_updation` SET right_carry = right_carry+50, total_right = total_right+50
WHERE `user_id` = '85EVIX';
INSERT INTO `placement_bv_update_history` (`right_carry`, `date`, `from_id`, `user_id`) VALUES ('50', '2024-10-01 22:59:10', 'CF6X47', '85EVIX');
INSERT INTO `matrix_filling` (`placement_id`, `downline_id`, `level`, `matrix`) VALUES ('I4HOSL', 'CF6X47', 15, 1);
UPDATE `bv_updation` SET right_carry = right_carry+50, total_right = total_right+50
WHERE `user_id` = 'I4HOSL';
INSERT INTO `placement_bv_update_history` (`right_carry`, `date`, `from_id`, `user_id`) VALUES ('50', '2024-10-01 22:59:10', 'CF6X47', 'I4HOSL');
INSERT INTO `matrix_filling` (`placement_id`, `downline_id`, `level`, `matrix`) VALUES ('2SB7SO', 'CF6X47', 16, 1);
UPDATE `bv_updation` SET right_carry = right_carry+50, total_right = total_right+50
WHERE `user_id` = '2SB7SO';
INSERT INTO `placement_bv_update_history` (`right_carry`, `date`, `from_id`, `user_id`) VALUES ('50', '2024-10-01 22:59:10', 'CF6X47', '2SB7SO');
INSERT INTO `matrix_filling` (`placement_id`, `downline_id`, `level`, `matrix`) VALUES ('7UGPLB', 'CF6X47', 17, 1);
UPDATE `bv_updation` SET right_carry = right_carry+50, total_right = total_right+50
WHERE `user_id` = '7UGPLB';
INSERT INTO `placement_bv_update_history` (`right_carry`, `date`, `from_id`, `user_id`) VALUES ('50', '2024-10-01 22:59:10', 'CF6X47', '7UGPLB');
INSERT INTO `matrix_filling` (`placement_id`, `downline_id`, `level`, `matrix`) VALUES ('G6LBV6', 'CF6X47', 18, 1);
UPDATE `bv_updation` SET right_carry = right_carry+50, total_right = total_right+50
WHERE `user_id` = 'G6LBV6';
INSERT INTO `placement_bv_update_history` (`right_carry`, `date`, `from_id`, `user_id`) VALUES ('50', '2024-10-01 22:59:10', 'CF6X47', 'G6LBV6');
INSERT INTO `matrix_filling` (`placement_id`, `downline_id`, `level`, `matrix`) VALUES ('5VW2TV', 'CF6X47', 19, 1);
UPDATE `bv_updation` SET right_carry = right_carry+50, total_right = total_right+50
WHERE `user_id` = '5VW2TV';
INSERT INTO `placement_bv_update_history` (`right_carry`, `date`, `from_id`, `user_id`) VALUES ('50', '2024-10-01 22:59:10', 'CF6X47', '5VW2TV');
INSERT INTO `matrix_filling` (`placement_id`, `downline_id`, `level`, `matrix`) VALUES ('1CISMF', 'CF6X47', 20, 1);
UPDATE `bv_updation` SET right_carry = right_carry+50, total_right = total_right+50
WHERE `user_id` = '1CISMF';
INSERT INTO `placement_bv_update_history` (`right_carry`, `date`, `from_id`, `user_id`) VALUES ('50', '2024-10-01 22:59:10', 'CF6X47', '1CISMF');
INSERT INTO `matrix_filling` (`placement_id`, `downline_id`, `level`, `matrix`) VALUES ('WA5PMD', 'CF6X47', 21, 1);
UPDATE `bv_updation` SET right_carry = right_carry+50, total_right = total_right+50
WHERE `user_id` = 'WA5PMD';
INSERT INTO `placement_bv_update_history` (`right_carry`, `date`, `from_id`, `user_id`) VALUES ('50', '2024-10-01 22:59:10', 'CF6X47', 'WA5PMD');
INSERT INTO `matrix_filling` (`placement_id`, `downline_id`, `level`, `matrix`) VALUES ('WJR372', 'CF6X47', 22, 1);
UPDATE `bv_updation` SET right_carry = right_carry+50, total_right = total_right+50
WHERE `user_id` = 'WJR372';
INSERT INTO `placement_bv_update_history` (`right_carry`, `date`, `from_id`, `user_id`) VALUES ('50', '2024-10-01 22:59:10', 'CF6X47', 'WJR372');
UPDATE `bv_updation` SET sponsor_right_carry = sponsor_right_carry+50, sponsor_total_right = sponsor_total_right+50
WHERE `user_id` = 'WJR372';
INSERT INTO `sponsor_bv_update_history` (`right_carry`, `date`, `user_id`) VALUES ('50', '2024-10-01 22:59:10', 'WJR372');
INSERT INTO `matrix_filling` (`placement_id`, `downline_id`, `level`, `matrix`) VALUES ('YJ6OTD', 'CF6X47', 23, 1);
UPDATE `bv_updation` SET left_carry = left_carry+50, total_left = total_left+50
WHERE `user_id` = 'YJ6OTD';
INSERT INTO `placement_bv_update_history` (`left_carry`, `date`, `from_id`, `user_id`) VALUES ('50', '2024-10-01 22:59:10', 'CF6X47', 'YJ6OTD');
INSERT INTO `matrix_filling` (`placement_id`, `downline_id`, `level`, `matrix`) VALUES ('F8WLAW', 'CF6X47', 24, 1);
UPDATE `bv_updation` SET left_carry = left_carry+50, total_left = total_left+50
WHERE `user_id` = 'F8WLAW';
INSERT INTO `placement_bv_update_history` (`left_carry`, `date`, `from_id`, `user_id`) VALUES ('50', '2024-10-01 22:59:10', 'CF6X47', 'F8WLAW');
INSERT INTO `matrix_filling` (`placement_id`, `downline_id`, `level`, `matrix`) VALUES ('9H9OZM', 'CF6X47', 25, 1);
UPDATE `bv_updation` SET left_carry = left_carry+50, total_left = total_left+50
WHERE `user_id` = '9H9OZM';
INSERT INTO `placement_bv_update_history` (`left_carry`, `date`, `from_id`, `user_id`) VALUES ('50', '2024-10-01 22:59:10', 'CF6X47', '9H9OZM');
INSERT INTO `matrix_filling` (`placement_id`, `downline_id`, `level`, `matrix`) VALUES ('DLP7GD', 'CF6X47', 26, 1);
UPDATE `bv_updation` SET left_carry = left_carry+50, total_left = total_left+50
WHERE `user_id` = 'DLP7GD';
INSERT INTO `placement_bv_update_history` (`left_carry`, `date`, `from_id`, `user_id`) VALUES ('50', '2024-10-01 22:59:10', 'CF6X47', 'DLP7GD');
INSERT INTO `matrix_filling` (`placement_id`, `downline_id`, `level`, `matrix`) VALUES ('VG9TO9', 'CF6X47', 27, 1);
UPDATE `bv_updation` SET left_carry = left_carry+50, total_left = total_left+50
WHERE `user_id` = 'VG9TO9';
INSERT INTO `placement_bv_update_history` (`left_carry`, `date`, `from_id`, `user_id`) VALUES ('50', '2024-10-01 22:59:10', 'CF6X47', 'VG9TO9');
INSERT INTO `matrix_filling` (`placement_id`, `downline_id`, `level`, `matrix`) VALUES ('L8R95F', 'CF6X47', 28, 1);
UPDATE `bv_updation` SET left_carry = left_carry+50, total_left = total_left+50
WHERE `user_id` = 'L8R95F';
INSERT INTO `placement_bv_update_history` (`left_carry`, `date`, `from_id`, `user_id`) VALUES ('50', '2024-10-01 22:59:10', 'CF6X47', 'L8R95F');
INSERT INTO `matrix_filling` (`placement_id`, `downline_id`, `level`, `matrix`) VALUES ('Y9DPUD', 'CF6X47', 29, 1);
UPDATE `bv_updation` SET left_carry = left_carry+50, total_left = total_left+50
WHERE `user_id` = 'Y9DPUD';
INSERT INTO `placement_bv_update_history` (`left_carry`, `date`, `from_id`, `user_id`) VALUES ('50', '2024-10-01 22:59:10', 'CF6X47', 'Y9DPUD');
INSERT INTO `matrix_filling` (`placement_id`, `downline_id`, `level`, `matrix`) VALUES ('5H9TH3', 'CF6X47', 30, 1);
UPDATE `bv_updation` SET left_carry = left_carry+50, total_left = total_left+50
WHERE `user_id` = '5H9TH3';
INSERT INTO `placement_bv_update_history` (`left_carry`, `date`, `from_id`, `user_id`) VALUES ('50', '2024-10-01 22:59:10', 'CF6X47', '5H9TH3');
INSERT INTO `matrix_filling` (`placement_id`, `downline_id`, `level`, `matrix`) VALUES ('MIT9KW', 'CF6X47', 31, 1);
UPDATE `bv_updation` SET left_carry = left_carry+50, total_left = total_left+50
WHERE `user_id` = 'MIT9KW';
INSERT INTO `placement_bv_update_history` (`left_carry`, `date`, `from_id`, `user_id`) VALUES ('50', '2024-10-01 22:59:10', 'CF6X47', 'MIT9KW');
INSERT INTO `matrix_filling` (`placement_id`, `downline_id`, `level`, `matrix`) VALUES ('IMUABZ', 'CF6X47', 32, 1);
UPDATE `bv_updation` SET left_carry = left_carry+50, total_left = total_left+50
WHERE `user_id` = 'IMUABZ';
INSERT INTO `placement_bv_update_history` (`left_carry`, `date`, `from_id`, `user_id`) VALUES ('50', '2024-10-01 22:59:10', 'CF6X47', 'IMUABZ');
INSERT INTO `matrix_filling` (`placement_id`, `downline_id`, `level`, `matrix`) VALUES ('G54QC4', 'CF6X47', 33, 1);
UPDATE `bv_updation` SET left_carry = left_carry+50, total_left = total_left+50
WHERE `user_id` = 'G54QC4';
INSERT INTO `placement_bv_update_history` (`left_carry`, `date`, `from_id`, `user_id`) VALUES ('50', '2024-10-01 22:59:10', 'CF6X47', 'G54QC4');
INSERT INTO `matrix_filling` (`placement_id`, `downline_id`, `level`, `matrix`) VALUES ('9JPZJL', 'CF6X47', 34, 1);
UPDATE `bv_updation` SET left_carry = left_carry+50, total_left = total_left+50
WHERE `user_id` = '9JPZJL';
INSERT INTO `placement_bv_update_history` (`left_carry`, `date`, `from_id`, `user_id`) VALUES ('50', '2024-10-01 22:59:10', 'CF6X47', '9JPZJL');
INSERT INTO `matrix_filling` (`placement_id`, `downline_id`, `level`, `matrix`) VALUES ('E3PPZ3', 'CF6X47', 35, 1);
UPDATE `bv_updation` SET left_carry = left_carry+50, total_left = total_left+50
WHERE `user_id` = 'E3PPZ3';
INSERT INTO `placement_bv_update_history` (`left_carry`, `date`, `from_id`, `user_id`) VALUES ('50', '2024-10-01 22:59:10', 'CF6X47', 'E3PPZ3');
INSERT INTO `matrix_filling` (`placement_id`, `downline_id`, `level`, `matrix`) VALUES ('7RY1ZP', 'CF6X47', 36, 1);
UPDATE `bv_updation` SET left_carry = left_carry+50, total_left = total_left+50
WHERE `user_id` = '7RY1ZP';
INSERT INTO `placement_bv_update_history` (`left_carry`, `date`, `from_id`, `user_id`) VALUES ('50', '2024-10-01 22:59:10', 'CF6X47', '7RY1ZP');
INSERT INTO `matrix_filling` (`placement_id`, `downline_id`, `level`, `matrix`) VALUES ('ADZTOG', 'CF6X47', 37, 1);
UPDATE `bv_updation` SET right_carry = right_carry+50, total_right = total_right+50
WHERE `user_id` = 'ADZTOG';
INSERT INTO `placement_bv_update_history` (`right_carry`, `date`, `from_id`, `user_id`) VALUES ('50', '2024-10-01 22:59:10', 'CF6X47', 'ADZTOG');
INSERT INTO `matrix_filling` (`placement_id`, `downline_id`, `level`, `matrix`) VALUES ('A9858P', 'CF6X47', 38, 1);
UPDATE `bv_updation` SET right_carry = right_carry+50, total_right = total_right+50
WHERE `user_id` = 'A9858P';
INSERT INTO `placement_bv_update_history` (`right_carry`, `date`, `from_id`, `user_id`) VALUES ('50', '2024-10-01 22:59:10', 'CF6X47', 'A9858P');
INSERT INTO `matrix_filling` (`placement_id`, `downline_id`, `level`, `matrix`) VALUES ('admin', 'CF6X47', 39, 1);
UPDATE `bv_updation` SET right_carry = right_carry+50, total_right = total_right+50
WHERE `user_id` = 'admin';
INSERT INTO `placement_bv_update_history` (`right_carry`, `date`, `from_id`, `user_id`) VALUES ('50', '2024-10-01 22:59:10', 'CF6X47', 'admin');
INSERT INTO `package_purchase_history` (`user_id`, `package_id`, `reg_fee`, `package_name`, `monthly_fee`, `type`, `date`, `payment_option`) VALUES ('CF6X47', '2', '595', 'Traveler Pro', '150', 'sign_up', '2024-10-01 22:59:10', 'free');
UPDATE `user_registration` SET `uid` = '2666', `user_id` = 'SA9I5P', `username` = 'otto1', `sponsor_id` = 'WJR372', `vacant` = 'no', `f_name` = 'Otto', `l_name` = 'Dominguez', `address` = '6520 Kendale Lakes Dr', `position` = 'left', `email` = 'otto1@gmail.com', `password` = '4fb5b37147b448f3636c295545742e2d', `phone` = '3057610606', `country` = 'United States', `state` = 'Florida', `city` = 'Miami', `street` = '6520 Kendale Lakes Dr', `zip_code` = '33183', `reg_ip` = '172.70.255.20', `status` = 1, `package_id` = '2', `rank_id` = 1, `highest_rank` = 1, `cycle_rank_id` = 1, `created` = '2024-10-01 23:00:25', `subscription_date` = '2024-10-31', `google_secret` = 'JUDYXOABULSTVFVP'
WHERE `uid` = '2666';
INSERT INTO `user_registration` (`uid`, `user_id`, `username`, `sponsor_id`, `placement_id`, `vacant`, `f_name`, `l_name`, `address`, `position`, `email`, `password`, `phone`, `reg_ip`, `status`, `created`) VALUES (NULL, 'YYDBLD', 'yHMEXmZS', 'SA9I5P', 'SA9I5P', 'yes', '', '', '', 'left', '@mail.com', '', '', '', 0, '2024-10-01 23:00:25');
INSERT INTO `user_registration` (`uid`, `user_id`, `username`, `sponsor_id`, `placement_id`, `vacant`, `f_name`, `l_name`, `address`, `position`, `email`, `password`, `phone`, `reg_ip`, `status`, `created`) VALUES (NULL, 'DHUEVZ', 'SfDgNOVy', 'SA9I5P', 'SA9I5P', 'yes', '', '', '', 'right', '@mail.com', '', '', '', 0, '2024-10-01 23:00:25');
INSERT INTO `bv_updation` (`user_id`) VALUES ('SA9I5P');
UPDATE `user_registration` SET total_ref_count = total_ref_count+1
WHERE `user_id` = 'WJR372';
UPDATE `user_registration` SET total_downlines = total_downlines+1
WHERE `user_id` = 'WR44QL';
UPDATE `user_registration` SET left_downlines = left_downlines+1
WHERE `user_id` = 'WR44QL';
UPDATE `user_registration` SET total_downlines = total_downlines+1
WHERE `user_id` = 'ILX3KF';
UPDATE `user_registration` SET left_downlines = left_downlines+1
WHERE `user_id` = 'ILX3KF';
UPDATE `user_registration` SET total_downlines = total_downlines+1
WHERE `user_id` = '25LOZM';
UPDATE `user_registration` SET left_downlines = left_downlines+1
WHERE `user_id` = '25LOZM';
UPDATE `user_registration` SET total_downlines = total_downlines+1
WHERE `user_id` = 'AR91G7';
UPDATE `user_registration` SET left_downlines = left_downlines+1
WHERE `user_id` = 'AR91G7';
UPDATE `user_registration` SET total_downlines = total_downlines+1
WHERE `user_id` = '4ZBPYB';
UPDATE `user_registration` SET left_downlines = left_downlines+1
WHERE `user_id` = '4ZBPYB';
UPDATE `user_registration` SET total_downlines = total_downlines+1
WHERE `user_id` = 'L7P5UX';
UPDATE `user_registration` SET left_downlines = left_downlines+1
WHERE `user_id` = 'L7P5UX';
UPDATE `user_registration` SET total_downlines = total_downlines+1
WHERE `user_id` = 'EEUE1I';
UPDATE `user_registration` SET left_downlines = left_downlines+1
WHERE `user_id` = 'EEUE1I';
UPDATE `user_registration` SET total_downlines = total_downlines+1
WHERE `user_id` = 'WI6GG7';
UPDATE `user_registration` SET left_downlines = left_downlines+1
WHERE `user_id` = 'WI6GG7';
UPDATE `user_registration` SET total_downlines = total_downlines+1
WHERE `user_id` = 'ZX2ZSO';
UPDATE `user_registration` SET left_downlines = left_downlines+1
WHERE `user_id` = 'ZX2ZSO';
UPDATE `user_registration` SET total_downlines = total_downlines+1
WHERE `user_id` = 'EQPDS4';
UPDATE `user_registration` SET left_downlines = left_downlines+1
WHERE `user_id` = 'EQPDS4';
UPDATE `user_registration` SET total_downlines = total_downlines+1
WHERE `user_id` = 'KEV3O2';
UPDATE `user_registration` SET left_downlines = left_downlines+1
WHERE `user_id` = 'KEV3O2';
UPDATE `user_registration` SET total_downlines = total_downlines+1
WHERE `user_id` = '21NWVU';
UPDATE `user_registration` SET left_downlines = left_downlines+1
WHERE `user_id` = '21NWVU';
UPDATE `user_registration` SET total_downlines = total_downlines+1
WHERE `user_id` = 'MBUQAV';
UPDATE `user_registration` SET left_downlines = left_downlines+1
WHERE `user_id` = 'MBUQAV';
UPDATE `user_registration` SET total_downlines = total_downlines+1
WHERE `user_id` = 'GHEMGX';
UPDATE `user_registration` SET left_downlines = left_downlines+1
WHERE `user_id` = 'GHEMGX';
UPDATE `user_registration` SET total_downlines = total_downlines+1
WHERE `user_id` = 'QTPJS8';
UPDATE `user_registration` SET left_downlines = left_downlines+1
WHERE `user_id` = 'QTPJS8';
UPDATE `user_registration` SET total_downlines = total_downlines+1
WHERE `user_id` = 'Z1I4TX';
UPDATE `user_registration` SET left_downlines = left_downlines+1
WHERE `user_id` = 'Z1I4TX';
UPDATE `user_registration` SET total_downlines = total_downlines+1
WHERE `user_id` = 'G5ZEHT';
UPDATE `user_registration` SET left_downlines = left_downlines+1
WHERE `user_id` = 'G5ZEHT';
UPDATE `user_registration` SET total_downlines = total_downlines+1
WHERE `user_id` = 'AVXMIZ';
UPDATE `user_registration` SET left_downlines = left_downlines+1
WHERE `user_id` = 'AVXMIZ';
UPDATE `user_registration` SET total_downlines = total_downlines+1
WHERE `user_id` = 'CUQRWZ';
UPDATE `user_registration` SET left_downlines = left_downlines+1
WHERE `user_id` = 'CUQRWZ';
UPDATE `user_registration` SET total_downlines = total_downlines+1
WHERE `user_id` = '8JWYB8';
UPDATE `user_registration` SET left_downlines = left_downlines+1
WHERE `user_id` = '8JWYB8';
UPDATE `user_registration` SET total_downlines = total_downlines+1
WHERE `user_id` = 'Q8W4P6';
UPDATE `user_registration` SET left_downlines = left_downlines+1
WHERE `user_id` = 'Q8W4P6';
UPDATE `user_registration` SET total_downlines = total_downlines+1
WHERE `user_id` = 'WJR372';
UPDATE `user_registration` SET left_downlines = left_downlines+1
WHERE `user_id` = 'WJR372';
UPDATE `user_registration` SET left_ref_count = left_ref_count+1
WHERE `user_id` = 'WJR372';
UPDATE `user_registration` SET active_left = active_left+1
WHERE `user_id` = 'WJR372';
UPDATE `user_registration` SET total_downlines = total_downlines+1
WHERE `user_id` = 'YJ6OTD';
UPDATE `user_registration` SET left_downlines = left_downlines+1
WHERE `user_id` = 'YJ6OTD';
UPDATE `user_registration` SET total_downlines = total_downlines+1
WHERE `user_id` = 'F8WLAW';
UPDATE `user_registration` SET left_downlines = left_downlines+1
WHERE `user_id` = 'F8WLAW';
UPDATE `user_registration` SET total_downlines = total_downlines+1
WHERE `user_id` = '9H9OZM';
UPDATE `user_registration` SET left_downlines = left_downlines+1
WHERE `user_id` = '9H9OZM';
UPDATE `user_registration` SET total_downlines = total_downlines+1
WHERE `user_id` = 'DLP7GD';
UPDATE `user_registration` SET left_downlines = left_downlines+1
WHERE `user_id` = 'DLP7GD';
UPDATE `user_registration` SET total_downlines = total_downlines+1
WHERE `user_id` = 'VG9TO9';
UPDATE `user_registration` SET left_downlines = left_downlines+1
WHERE `user_id` = 'VG9TO9';
UPDATE `user_registration` SET total_downlines = total_downlines+1
WHERE `user_id` = 'L8R95F';
UPDATE `user_registration` SET left_downlines = left_downlines+1
WHERE `user_id` = 'L8R95F';
UPDATE `user_registration` SET total_downlines = total_downlines+1
WHERE `user_id` = 'Y9DPUD';
UPDATE `user_registration` SET left_downlines = left_downlines+1
WHERE `user_id` = 'Y9DPUD';
UPDATE `user_registration` SET total_downlines = total_downlines+1
WHERE `user_id` = '5H9TH3';
UPDATE `user_registration` SET left_downlines = left_downlines+1
WHERE `user_id` = '5H9TH3';
UPDATE `user_registration` SET total_downlines = total_downlines+1
WHERE `user_id` = 'MIT9KW';
UPDATE `user_registration` SET left_downlines = left_downlines+1
WHERE `user_id` = 'MIT9KW';
UPDATE `user_registration` SET total_downlines = total_downlines+1
WHERE `user_id` = 'IMUABZ';
UPDATE `user_registration` SET left_downlines = left_downlines+1
WHERE `user_id` = 'IMUABZ';
UPDATE `user_registration` SET total_downlines = total_downlines+1
WHERE `user_id` = 'G54QC4';
UPDATE `user_registration` SET left_downlines = left_downlines+1
WHERE `user_id` = 'G54QC4';
UPDATE `user_registration` SET total_downlines = total_downlines+1
WHERE `user_id` = '9JPZJL';
UPDATE `user_registration` SET left_downlines = left_downlines+1
WHERE `user_id` = '9JPZJL';
UPDATE `user_registration` SET total_downlines = total_downlines+1
WHERE `user_id` = 'E3PPZ3';
UPDATE `user_registration` SET left_downlines = left_downlines+1
WHERE `user_id` = 'E3PPZ3';
UPDATE `user_registration` SET total_downlines = total_downlines+1
WHERE `user_id` = '7RY1ZP';
UPDATE `user_registration` SET left_downlines = left_downlines+1
WHERE `user_id` = '7RY1ZP';
UPDATE `user_registration` SET total_downlines = total_downlines+1
WHERE `user_id` = 'ADZTOG';
UPDATE `user_registration` SET right_downlines = right_downlines+1
WHERE `user_id` = 'ADZTOG';
UPDATE `user_registration` SET total_downlines = total_downlines+1
WHERE `user_id` = 'A9858P';
UPDATE `user_registration` SET right_downlines = right_downlines+1
WHERE `user_id` = 'A9858P';
UPDATE `user_registration` SET total_downlines = total_downlines+1
WHERE `user_id` = 'admin';
UPDATE `user_registration` SET right_downlines = right_downlines+1
WHERE `user_id` = 'admin';
INSERT INTO `investment` (`invest_date`, `user_id`, `type`, `amount`, `package_id`) VALUES ('2024-10-01 23:00:25', 'SA9I5P', 'register', '595', '2');
INSERT INTO `earnings` (`user_id`, `Purchaser_id`, `earning_type`, `package_id`, `amount`, `date`, `comments`, `invest_amount`, `comm_perc`, `level`, `rank_id`, `order_id`) VALUES ('WJR372', 'SA9I5P', 'Direct Referral Bonus', '2', '100', '2024-10-01 23:00:25', 'Direct Referral Bonus', 0, 0, 1, '', 332);
UPDATE `user_registration` SET commission_balance = ROUND(commission_balance + 100,2)
WHERE `user_id` = 'WJR372';
UPDATE `user_registration` SET referral_bonus = ROUND(referral_bonus + 100,2)
WHERE `user_id` = 'WJR372';
INSERT INTO `earnings` (`user_id`, `Purchaser_id`, `earning_type`, `package_id`, `amount`, `date`, `comments`, `invest_amount`, `comm_perc`, `level`, `rank_id`, `order_id`) VALUES ('7RY1ZP', 'SA9I5P', 'Expansion Bonus', '2', 100, '2024-10-01 23:00:25', 'Expansion Bonus', '100', 0, 1, '', 332);
UPDATE `user_registration` SET commission_balance = ROUND(commission_balance + 100,2)
WHERE `user_id` = '7RY1ZP';
UPDATE `user_registration` SET expansion_bonus = ROUND(expansion_bonus + 100,2)
WHERE `user_id` = '7RY1ZP';
INSERT INTO `earnings` (`user_id`, `Purchaser_id`, `earning_type`, `package_id`, `amount`, `date`, `comments`, `invest_amount`, `comm_perc`, `level`, `rank_id`, `order_id`) VALUES ('A9858P', 'SA9I5P', 'Expansion Bonus', '2', 100, '2024-10-01 23:00:25', 'Expansion Bonus', 200, 0, 1, '', 332);
UPDATE `user_registration` SET commission_balance = ROUND(commission_balance + 100,2)
WHERE `user_id` = 'A9858P';
UPDATE `user_registration` SET expansion_bonus = ROUND(expansion_bonus + 100,2)
WHERE `user_id` = 'A9858P';
INSERT INTO `matrix_filling` (`placement_id`, `downline_id`, `level`, `matrix`) VALUES ('WR44QL', 'SA9I5P', 1, 1);
UPDATE `bv_updation` SET left_carry = left_carry+50, total_left = total_left+50
WHERE `user_id` = 'WR44QL';
INSERT INTO `placement_bv_update_history` (`left_carry`, `date`, `from_id`, `user_id`) VALUES ('50', '2024-10-01 23:00:25', 'SA9I5P', 'WR44QL');
INSERT INTO `matrix_filling` (`placement_id`, `downline_id`, `level`, `matrix`) VALUES ('ILX3KF', 'SA9I5P', 2, 1);
UPDATE `bv_updation` SET left_carry = left_carry+50, total_left = total_left+50
WHERE `user_id` = 'ILX3KF';
INSERT INTO `placement_bv_update_history` (`left_carry`, `date`, `from_id`, `user_id`) VALUES ('50', '2024-10-01 23:00:25', 'SA9I5P', 'ILX3KF');
INSERT INTO `matrix_filling` (`placement_id`, `downline_id`, `level`, `matrix`) VALUES ('25LOZM', 'SA9I5P', 3, 1);
UPDATE `bv_updation` SET left_carry = left_carry+50, total_left = total_left+50
WHERE `user_id` = '25LOZM';
INSERT INTO `placement_bv_update_history` (`left_carry`, `date`, `from_id`, `user_id`) VALUES ('50', '2024-10-01 23:00:25', 'SA9I5P', '25LOZM');
INSERT INTO `matrix_filling` (`placement_id`, `downline_id`, `level`, `matrix`) VALUES ('AR91G7', 'SA9I5P', 4, 1);
UPDATE `bv_updation` SET left_carry = left_carry+50, total_left = total_left+50
WHERE `user_id` = 'AR91G7';
INSERT INTO `placement_bv_update_history` (`left_carry`, `date`, `from_id`, `user_id`) VALUES ('50', '2024-10-01 23:00:25', 'SA9I5P', 'AR91G7');
INSERT INTO `matrix_filling` (`placement_id`, `downline_id`, `level`, `matrix`) VALUES ('4ZBPYB', 'SA9I5P', 5, 1);
UPDATE `bv_updation` SET left_carry = left_carry+50, total_left = total_left+50
WHERE `user_id` = '4ZBPYB';
INSERT INTO `placement_bv_update_history` (`left_carry`, `date`, `from_id`, `user_id`) VALUES ('50', '2024-10-01 23:00:25', 'SA9I5P', '4ZBPYB');
INSERT INTO `matrix_filling` (`placement_id`, `downline_id`, `level`, `matrix`) VALUES ('L7P5UX', 'SA9I5P', 6, 1);
UPDATE `bv_updation` SET left_carry = left_carry+50, total_left = total_left+50
WHERE `user_id` = 'L7P5UX';
INSERT INTO `placement_bv_update_history` (`left_carry`, `date`, `from_id`, `user_id`) VALUES ('50', '2024-10-01 23:00:25', 'SA9I5P', 'L7P5UX');
INSERT INTO `matrix_filling` (`placement_id`, `downline_id`, `level`, `matrix`) VALUES ('EEUE1I', 'SA9I5P', 7, 1);
UPDATE `bv_updation` SET left_carry = left_carry+50, total_left = total_left+50
WHERE `user_id` = 'EEUE1I';
INSERT INTO `placement_bv_update_history` (`left_carry`, `date`, `from_id`, `user_id`) VALUES ('50', '2024-10-01 23:00:25', 'SA9I5P', 'EEUE1I');
INSERT INTO `matrix_filling` (`placement_id`, `downline_id`, `level`, `matrix`) VALUES ('WI6GG7', 'SA9I5P', 8, 1);
UPDATE `bv_updation` SET left_carry = left_carry+50, total_left = total_left+50
WHERE `user_id` = 'WI6GG7';
INSERT INTO `placement_bv_update_history` (`left_carry`, `date`, `from_id`, `user_id`) VALUES ('50', '2024-10-01 23:00:25', 'SA9I5P', 'WI6GG7');
INSERT INTO `matrix_filling` (`placement_id`, `downline_id`, `level`, `matrix`) VALUES ('ZX2ZSO', 'SA9I5P', 9, 1);
UPDATE `bv_updation` SET left_carry = left_carry+50, total_left = total_left+50
WHERE `user_id` = 'ZX2ZSO';
INSERT INTO `placement_bv_update_history` (`left_carry`, `date`, `from_id`, `user_id`) VALUES ('50', '2024-10-01 23:00:25', 'SA9I5P', 'ZX2ZSO');
INSERT INTO `matrix_filling` (`placement_id`, `downline_id`, `level`, `matrix`) VALUES ('EQPDS4', 'SA9I5P', 10, 1);
UPDATE `bv_updation` SET left_carry = left_carry+50, total_left = total_left+50
WHERE `user_id` = 'EQPDS4';
INSERT INTO `placement_bv_update_history` (`left_carry`, `date`, `from_id`, `user_id`) VALUES ('50', '2024-10-01 23:00:25', 'SA9I5P', 'EQPDS4');
INSERT INTO `matrix_filling` (`placement_id`, `downline_id`, `level`, `matrix`) VALUES ('KEV3O2', 'SA9I5P', 11, 1);
UPDATE `bv_updation` SET left_carry = left_carry+50, total_left = total_left+50
WHERE `user_id` = 'KEV3O2';
INSERT INTO `placement_bv_update_history` (`left_carry`, `date`, `from_id`, `user_id`) VALUES ('50', '2024-10-01 23:00:25', 'SA9I5P', 'KEV3O2');
INSERT INTO `matrix_filling` (`placement_id`, `downline_id`, `level`, `matrix`) VALUES ('21NWVU', 'SA9I5P', 12, 1);
UPDATE `bv_updation` SET left_carry = left_carry+50, total_left = total_left+50
WHERE `user_id` = '21NWVU';
INSERT INTO `placement_bv_update_history` (`left_carry`, `date`, `from_id`, `user_id`) VALUES ('50', '2024-10-01 23:00:25', 'SA9I5P', '21NWVU');
INSERT INTO `matrix_filling` (`placement_id`, `downline_id`, `level`, `matrix`) VALUES ('MBUQAV', 'SA9I5P', 13, 1);
UPDATE `bv_updation` SET left_carry = left_carry+50, total_left = total_left+50
WHERE `user_id` = 'MBUQAV';
INSERT INTO `placement_bv_update_history` (`left_carry`, `date`, `from_id`, `user_id`) VALUES ('50', '2024-10-01 23:00:25', 'SA9I5P', 'MBUQAV');
INSERT INTO `matrix_filling` (`placement_id`, `downline_id`, `level`, `matrix`) VALUES ('GHEMGX', 'SA9I5P', 14, 1);
UPDATE `bv_updation` SET left_carry = left_carry+50, total_left = total_left+50
WHERE `user_id` = 'GHEMGX';
INSERT INTO `placement_bv_update_history` (`left_carry`, `date`, `from_id`, `user_id`) VALUES ('50', '2024-10-01 23:00:25', 'SA9I5P', 'GHEMGX');
INSERT INTO `matrix_filling` (`placement_id`, `downline_id`, `level`, `matrix`) VALUES ('QTPJS8', 'SA9I5P', 15, 1);
UPDATE `bv_updation` SET left_carry = left_carry+50, total_left = total_left+50
WHERE `user_id` = 'QTPJS8';
INSERT INTO `placement_bv_update_history` (`left_carry`, `date`, `from_id`, `user_id`) VALUES ('50', '2024-10-01 23:00:25', 'SA9I5P', 'QTPJS8');
INSERT INTO `matrix_filling` (`placement_id`, `downline_id`, `level`, `matrix`) VALUES ('Z1I4TX', 'SA9I5P', 16, 1);
UPDATE `bv_updation` SET left_carry = left_carry+50, total_left = total_left+50
WHERE `user_id` = 'Z1I4TX';
INSERT INTO `placement_bv_update_history` (`left_carry`, `date`, `from_id`, `user_id`) VALUES ('50', '2024-10-01 23:00:25', 'SA9I5P', 'Z1I4TX');
INSERT INTO `matrix_filling` (`placement_id`, `downline_id`, `level`, `matrix`) VALUES ('G5ZEHT', 'SA9I5P', 17, 1);
UPDATE `bv_updation` SET left_carry = left_carry+50, total_left = total_left+50
WHERE `user_id` = 'G5ZEHT';
INSERT INTO `placement_bv_update_history` (`left_carry`, `date`, `from_id`, `user_id`) VALUES ('50', '2024-10-01 23:00:25', 'SA9I5P', 'G5ZEHT');
INSERT INTO `matrix_filling` (`placement_id`, `downline_id`, `level`, `matrix`) VALUES ('AVXMIZ', 'SA9I5P', 18, 1);
UPDATE `bv_updation` SET left_carry = left_carry+50, total_left = total_left+50
WHERE `user_id` = 'AVXMIZ';
INSERT INTO `placement_bv_update_history` (`left_carry`, `date`, `from_id`, `user_id`) VALUES ('50', '2024-10-01 23:00:25', 'SA9I5P', 'AVXMIZ');
INSERT INTO `matrix_filling` (`placement_id`, `downline_id`, `level`, `matrix`) VALUES ('CUQRWZ', 'SA9I5P', 19, 1);
UPDATE `bv_updation` SET left_carry = left_carry+50, total_left = total_left+50
WHERE `user_id` = 'CUQRWZ';
INSERT INTO `placement_bv_update_history` (`left_carry`, `date`, `from_id`, `user_id`) VALUES ('50', '2024-10-01 23:00:25', 'SA9I5P', 'CUQRWZ');
INSERT INTO `matrix_filling` (`placement_id`, `downline_id`, `level`, `matrix`) VALUES ('8JWYB8', 'SA9I5P', 20, 1);
UPDATE `bv_updation` SET left_carry = left_carry+50, total_left = total_left+50
WHERE `user_id` = '8JWYB8';
INSERT INTO `placement_bv_update_history` (`left_carry`, `date`, `from_id`, `user_id`) VALUES ('50', '2024-10-01 23:00:25', 'SA9I5P', '8JWYB8');
INSERT INTO `matrix_filling` (`placement_id`, `downline_id`, `level`, `matrix`) VALUES ('Q8W4P6', 'SA9I5P', 21, 1);
UPDATE `bv_updation` SET left_carry = left_carry+50, total_left = total_left+50
WHERE `user_id` = 'Q8W4P6';
INSERT INTO `placement_bv_update_history` (`left_carry`, `date`, `from_id`, `user_id`) VALUES ('50', '2024-10-01 23:00:25', 'SA9I5P', 'Q8W4P6');
INSERT INTO `matrix_filling` (`placement_id`, `downline_id`, `level`, `matrix`) VALUES ('WJR372', 'SA9I5P', 22, 1);
UPDATE `bv_updation` SET left_carry = left_carry+50, total_left = total_left+50
WHERE `user_id` = 'WJR372';
INSERT INTO `placement_bv_update_history` (`left_carry`, `date`, `from_id`, `user_id`) VALUES ('50', '2024-10-01 23:00:25', 'SA9I5P', 'WJR372');
UPDATE `bv_updation` SET sponsor_left_carry = sponsor_left_carry+50, sponsor_total_left = sponsor_total_left+50
WHERE `user_id` = 'WJR372';
INSERT INTO `sponsor_bv_update_history` (`left_carry`, `date`, `user_id`) VALUES ('50', '2024-10-01 23:00:25', 'WJR372');
INSERT INTO `matrix_filling` (`placement_id`, `downline_id`, `level`, `matrix`) VALUES ('YJ6OTD', 'SA9I5P', 23, 1);
UPDATE `bv_updation` SET left_carry = left_carry+50, total_left = total_left+50
WHERE `user_id` = 'YJ6OTD';
INSERT INTO `placement_bv_update_history` (`left_carry`, `date`, `from_id`, `user_id`) VALUES ('50', '2024-10-01 23:00:25', 'SA9I5P', 'YJ6OTD');
INSERT INTO `matrix_filling` (`placement_id`, `downline_id`, `level`, `matrix`) VALUES ('F8WLAW', 'SA9I5P', 24, 1);
UPDATE `bv_updation` SET left_carry = left_carry+50, total_left = total_left+50
WHERE `user_id` = 'F8WLAW';
INSERT INTO `placement_bv_update_history` (`left_carry`, `date`, `from_id`, `user_id`) VALUES ('50', '2024-10-01 23:00:25', 'SA9I5P', 'F8WLAW');
INSERT INTO `matrix_filling` (`placement_id`, `downline_id`, `level`, `matrix`) VALUES ('9H9OZM', 'SA9I5P', 25, 1);
UPDATE `bv_updation` SET left_carry = left_carry+50, total_left = total_left+50
WHERE `user_id` = '9H9OZM';
INSERT INTO `placement_bv_update_history` (`left_carry`, `date`, `from_id`, `user_id`) VALUES ('50', '2024-10-01 23:00:25', 'SA9I5P', '9H9OZM');
INSERT INTO `matrix_filling` (`placement_id`, `downline_id`, `level`, `matrix`) VALUES ('DLP7GD', 'SA9I5P', 26, 1);
UPDATE `bv_updation` SET left_carry = left_carry+50, total_left = total_left+50
WHERE `user_id` = 'DLP7GD';
INSERT INTO `placement_bv_update_history` (`left_carry`, `date`, `from_id`, `user_id`) VALUES ('50', '2024-10-01 23:00:25', 'SA9I5P', 'DLP7GD');
INSERT INTO `matrix_filling` (`placement_id`, `downline_id`, `level`, `matrix`) VALUES ('VG9TO9', 'SA9I5P', 27, 1);
UPDATE `bv_updation` SET left_carry = left_carry+50, total_left = total_left+50
WHERE `user_id` = 'VG9TO9';
INSERT INTO `placement_bv_update_history` (`left_carry`, `date`, `from_id`, `user_id`) VALUES ('50', '2024-10-01 23:00:25', 'SA9I5P', 'VG9TO9');
INSERT INTO `matrix_filling` (`placement_id`, `downline_id`, `level`, `matrix`) VALUES ('L8R95F', 'SA9I5P', 28, 1);
UPDATE `bv_updation` SET left_carry = left_carry+50, total_left = total_left+50
WHERE `user_id` = 'L8R95F';
INSERT INTO `placement_bv_update_history` (`left_carry`, `date`, `from_id`, `user_id`) VALUES ('50', '2024-10-01 23:00:25', 'SA9I5P', 'L8R95F');
INSERT INTO `matrix_filling` (`placement_id`, `downline_id`, `level`, `matrix`) VALUES ('Y9DPUD', 'SA9I5P', 29, 1);
UPDATE `bv_updation` SET left_carry = left_carry+50, total_left = total_left+50
WHERE `user_id` = 'Y9DPUD';
INSERT INTO `placement_bv_update_history` (`left_carry`, `date`, `from_id`, `user_id`) VALUES ('50', '2024-10-01 23:00:25', 'SA9I5P', 'Y9DPUD');
INSERT INTO `matrix_filling` (`placement_id`, `downline_id`, `level`, `matrix`) VALUES ('5H9TH3', 'SA9I5P', 30, 1);
UPDATE `bv_updation` SET left_carry = left_carry+50, total_left = total_left+50
WHERE `user_id` = '5H9TH3';
INSERT INTO `placement_bv_update_history` (`left_carry`, `date`, `from_id`, `user_id`) VALUES ('50', '2024-10-01 23:00:25', 'SA9I5P', '5H9TH3');
INSERT INTO `matrix_filling` (`placement_id`, `downline_id`, `level`, `matrix`) VALUES ('MIT9KW', 'SA9I5P', 31, 1);
UPDATE `bv_updation` SET left_carry = left_carry+50, total_left = total_left+50
WHERE `user_id` = 'MIT9KW';
INSERT INTO `placement_bv_update_history` (`left_carry`, `date`, `from_id`, `user_id`) VALUES ('50', '2024-10-01 23:00:25', 'SA9I5P', 'MIT9KW');
INSERT INTO `matrix_filling` (`placement_id`, `downline_id`, `level`, `matrix`) VALUES ('IMUABZ', 'SA9I5P', 32, 1);
UPDATE `bv_updation` SET left_carry = left_carry+50, total_left = total_left+50
WHERE `user_id` = 'IMUABZ';
INSERT INTO `placement_bv_update_history` (`left_carry`, `date`, `from_id`, `user_id`) VALUES ('50', '2024-10-01 23:00:25', 'SA9I5P', 'IMUABZ');
INSERT INTO `matrix_filling` (`placement_id`, `downline_id`, `level`, `matrix`) VALUES ('G54QC4', 'SA9I5P', 33, 1);
UPDATE `bv_updation` SET left_carry = left_carry+50, total_left = total_left+50
WHERE `user_id` = 'G54QC4';
INSERT INTO `placement_bv_update_history` (`left_carry`, `date`, `from_id`, `user_id`) VALUES ('50', '2024-10-01 23:00:25', 'SA9I5P', 'G54QC4');
INSERT INTO `matrix_filling` (`placement_id`, `downline_id`, `level`, `matrix`) VALUES ('9JPZJL', 'SA9I5P', 34, 1);
UPDATE `bv_updation` SET left_carry = left_carry+50, total_left = total_left+50
WHERE `user_id` = '9JPZJL';
INSERT INTO `placement_bv_update_history` (`left_carry`, `date`, `from_id`, `user_id`) VALUES ('50', '2024-10-01 23:00:25', 'SA9I5P', '9JPZJL');
INSERT INTO `matrix_filling` (`placement_id`, `downline_id`, `level`, `matrix`) VALUES ('E3PPZ3', 'SA9I5P', 35, 1);
UPDATE `bv_updation` SET left_carry = left_carry+50, total_left = total_left+50
WHERE `user_id` = 'E3PPZ3';
INSERT INTO `placement_bv_update_history` (`left_carry`, `date`, `from_id`, `user_id`) VALUES ('50', '2024-10-01 23:00:25', 'SA9I5P', 'E3PPZ3');
INSERT INTO `matrix_filling` (`placement_id`, `downline_id`, `level`, `matrix`) VALUES ('7RY1ZP', 'SA9I5P', 36, 1);
UPDATE `bv_updation` SET left_carry = left_carry+50, total_left = total_left+50
WHERE `user_id` = '7RY1ZP';
INSERT INTO `placement_bv_update_history` (`left_carry`, `date`, `from_id`, `user_id`) VALUES ('50', '2024-10-01 23:00:25', 'SA9I5P', '7RY1ZP');
INSERT INTO `matrix_filling` (`placement_id`, `downline_id`, `level`, `matrix`) VALUES ('ADZTOG', 'SA9I5P', 37, 1);
UPDATE `bv_updation` SET right_carry = right_carry+50, total_right = total_right+50
WHERE `user_id` = 'ADZTOG';
INSERT INTO `placement_bv_update_history` (`right_carry`, `date`, `from_id`, `user_id`) VALUES ('50', '2024-10-01 23:00:25', 'SA9I5P', 'ADZTOG');
INSERT INTO `matrix_filling` (`placement_id`, `downline_id`, `level`, `matrix`) VALUES ('A9858P', 'SA9I5P', 38, 1);
UPDATE `bv_updation` SET right_carry = right_carry+50, total_right = total_right+50
WHERE `user_id` = 'A9858P';
INSERT INTO `placement_bv_update_history` (`right_carry`, `date`, `from_id`, `user_id`) VALUES ('50', '2024-10-01 23:00:25', 'SA9I5P', 'A9858P');
INSERT INTO `matrix_filling` (`placement_id`, `downline_id`, `level`, `matrix`) VALUES ('admin', 'SA9I5P', 39, 1);
UPDATE `bv_updation` SET right_carry = right_carry+50, total_right = total_right+50
WHERE `user_id` = 'admin';
INSERT INTO `placement_bv_update_history` (`right_carry`, `date`, `from_id`, `user_id`) VALUES ('50', '2024-10-01 23:00:25', 'SA9I5P', 'admin');
INSERT INTO `package_purchase_history` (`user_id`, `package_id`, `reg_fee`, `package_name`, `monthly_fee`, `type`, `date`, `payment_option`) VALUES ('SA9I5P', '2', '595', 'Traveler Pro', '150', 'sign_up', '2024-10-01 23:00:25', 'free');
UPDATE `user_registration` SET `uid` = '2669', `user_id` = 'AT1C65', `username` = 'juanito1', `sponsor_id` = 'WJR372', `vacant` = 'no', `f_name` = 'Juan', `l_name` = 'Espinosa', `address` = '6520 Kendale Lakes Dr', `position` = 'right', `email` = 'juanito1@gmail.com', `password` = '0ba29ac4677dfcc8225b6d72c5a91527', `phone` = '3057610606', `country` = 'United States', `state` = 'Florida', `city` = 'Miami', `street` = '6520 Kendale Lakes Dr', `zip_code` = '33183', `reg_ip` = '172.70.54.42', `status` = 1, `package_id` = '2', `rank_id` = 1, `highest_rank` = 1, `cycle_rank_id` = 1, `created` = '2024-10-01 23:01:54', `subscription_date` = '2024-10-31', `google_secret` = 'WM4HZE643Z4IE7MK'
WHERE `uid` = '2669';
INSERT INTO `user_registration` (`uid`, `user_id`, `username`, `sponsor_id`, `placement_id`, `vacant`, `f_name`, `l_name`, `address`, `position`, `email`, `password`, `phone`, `reg_ip`, `status`, `created`) VALUES (NULL, 'KAIIXR', 'gnhpynhp', 'AT1C65', 'AT1C65', 'yes', '', '', '', 'left', '@mail.com', '', '', '', 0, '2024-10-01 23:01:54');
INSERT INTO `user_registration` (`uid`, `user_id`, `username`, `sponsor_id`, `placement_id`, `vacant`, `f_name`, `l_name`, `address`, `position`, `email`, `password`, `phone`, `reg_ip`, `status`, `created`) VALUES (NULL, 'UIDDHD', 'DxvQOVoa', 'AT1C65', 'AT1C65', 'yes', '', '', '', 'right', '@mail.com', '', '', '', 0, '2024-10-01 23:01:54');
INSERT INTO `bv_updation` (`user_id`) VALUES ('AT1C65');
UPDATE `user_registration` SET total_ref_count = total_ref_count+1
WHERE `user_id` = 'WJR372';
UPDATE `user_registration` SET total_downlines = total_downlines+1
WHERE `user_id` = 'CF6X47';
UPDATE `user_registration` SET right_downlines = right_downlines+1
WHERE `user_id` = 'CF6X47';
UPDATE `user_registration` SET total_downlines = total_downlines+1
WHERE `user_id` = 'G8BZCS';
UPDATE `user_registration` SET right_downlines = right_downlines+1
WHERE `user_id` = 'G8BZCS';
UPDATE `user_registration` SET total_downlines = total_downlines+1
WHERE `user_id` = 'YJNQAL';
UPDATE `user_registration` SET right_downlines = right_downlines+1
WHERE `user_id` = 'YJNQAL';
UPDATE `user_registration` SET total_downlines = total_downlines+1
WHERE `user_id` = '3TMFS6';
UPDATE `user_registration` SET right_downlines = right_downlines+1
WHERE `user_id` = '3TMFS6';
UPDATE `user_registration` SET total_downlines = total_downlines+1
WHERE `user_id` = 'D72W66';
UPDATE `user_registration` SET right_downlines = right_downlines+1
WHERE `user_id` = 'D72W66';
UPDATE `user_registration` SET total_downlines = total_downlines+1
WHERE `user_id` = '1ZOBR2';
UPDATE `user_registration` SET right_downlines = right_downlines+1
WHERE `user_id` = '1ZOBR2';
UPDATE `user_registration` SET total_downlines = total_downlines+1
WHERE `user_id` = '3QE3ZD';
UPDATE `user_registration` SET right_downlines = right_downlines+1
WHERE `user_id` = '3QE3ZD';
UPDATE `user_registration` SET total_downlines = total_downlines+1
WHERE `user_id` = 'EFFXHS';
UPDATE `user_registration` SET right_downlines = right_downlines+1
WHERE `user_id` = 'EFFXHS';
UPDATE `user_registration` SET total_downlines = total_downlines+1
WHERE `user_id` = '8OWEB8';
UPDATE `user_registration` SET right_downlines = right_downlines+1
WHERE `user_id` = '8OWEB8';
UPDATE `user_registration` SET total_downlines = total_downlines+1
WHERE `user_id` = '7RU2CF';
UPDATE `user_registration` SET right_downlines = right_downlines+1
WHERE `user_id` = '7RU2CF';
UPDATE `user_registration` SET total_downlines = total_downlines+1
WHERE `user_id` = 'TXRFEG';
UPDATE `user_registration` SET right_downlines = right_downlines+1
WHERE `user_id` = 'TXRFEG';
UPDATE `user_registration` SET total_downlines = total_downlines+1
WHERE `user_id` = 'T2P1D9';
UPDATE `user_registration` SET right_downlines = right_downlines+1
WHERE `user_id` = 'T2P1D9';
UPDATE `user_registration` SET total_downlines = total_downlines+1
WHERE `user_id` = '3VV851';
UPDATE `user_registration` SET right_downlines = right_downlines+1
WHERE `user_id` = '3VV851';
UPDATE `user_registration` SET total_downlines = total_downlines+1
WHERE `user_id` = 'YHW7J9';
UPDATE `user_registration` SET right_downlines = right_downlines+1
WHERE `user_id` = 'YHW7J9';
UPDATE `user_registration` SET total_downlines = total_downlines+1
WHERE `user_id` = '85EVIX';
UPDATE `user_registration` SET right_downlines = right_downlines+1
WHERE `user_id` = '85EVIX';
UPDATE `user_registration` SET total_downlines = total_downlines+1
WHERE `user_id` = 'I4HOSL';
UPDATE `user_registration` SET right_downlines = right_downlines+1
WHERE `user_id` = 'I4HOSL';
UPDATE `user_registration` SET total_downlines = total_downlines+1
WHERE `user_id` = '2SB7SO';
UPDATE `user_registration` SET right_downlines = right_downlines+1
WHERE `user_id` = '2SB7SO';
UPDATE `user_registration` SET total_downlines = total_downlines+1
WHERE `user_id` = '7UGPLB';
UPDATE `user_registration` SET right_downlines = right_downlines+1
WHERE `user_id` = '7UGPLB';
UPDATE `user_registration` SET total_downlines = total_downlines+1
WHERE `user_id` = 'G6LBV6';
UPDATE `user_registration` SET right_downlines = right_downlines+1
WHERE `user_id` = 'G6LBV6';
UPDATE `user_registration` SET total_downlines = total_downlines+1
WHERE `user_id` = '5VW2TV';
UPDATE `user_registration` SET right_downlines = right_downlines+1
WHERE `user_id` = '5VW2TV';
UPDATE `user_registration` SET total_downlines = total_downlines+1
WHERE `user_id` = '1CISMF';
UPDATE `user_registration` SET right_downlines = right_downlines+1
WHERE `user_id` = '1CISMF';
UPDATE `user_registration` SET total_downlines = total_downlines+1
WHERE `user_id` = 'WA5PMD';
UPDATE `user_registration` SET right_downlines = right_downlines+1
WHERE `user_id` = 'WA5PMD';
UPDATE `user_registration` SET total_downlines = total_downlines+1
WHERE `user_id` = 'WJR372';
UPDATE `user_registration` SET right_downlines = right_downlines+1
WHERE `user_id` = 'WJR372';
UPDATE `user_registration` SET right_ref_count = right_ref_count+1
WHERE `user_id` = 'WJR372';
UPDATE `user_registration` SET active_right = active_right+1
WHERE `user_id` = 'WJR372';
UPDATE `user_registration` SET total_downlines = total_downlines+1
WHERE `user_id` = 'YJ6OTD';
UPDATE `user_registration` SET left_downlines = left_downlines+1
WHERE `user_id` = 'YJ6OTD';
UPDATE `user_registration` SET total_downlines = total_downlines+1
WHERE `user_id` = 'F8WLAW';
UPDATE `user_registration` SET left_downlines = left_downlines+1
WHERE `user_id` = 'F8WLAW';
UPDATE `user_registration` SET total_downlines = total_downlines+1
WHERE `user_id` = '9H9OZM';
UPDATE `user_registration` SET left_downlines = left_downlines+1
WHERE `user_id` = '9H9OZM';
UPDATE `user_registration` SET total_downlines = total_downlines+1
WHERE `user_id` = 'DLP7GD';
UPDATE `user_registration` SET left_downlines = left_downlines+1
WHERE `user_id` = 'DLP7GD';
UPDATE `user_registration` SET total_downlines = total_downlines+1
WHERE `user_id` = 'VG9TO9';
UPDATE `user_registration` SET left_downlines = left_downlines+1
WHERE `user_id` = 'VG9TO9';
UPDATE `user_registration` SET total_downlines = total_downlines+1
WHERE `user_id` = 'L8R95F';
UPDATE `user_registration` SET left_downlines = left_downlines+1
WHERE `user_id` = 'L8R95F';
UPDATE `user_registration` SET total_downlines = total_downlines+1
WHERE `user_id` = 'Y9DPUD';
UPDATE `user_registration` SET left_downlines = left_downlines+1
WHERE `user_id` = 'Y9DPUD';
UPDATE `user_registration` SET total_downlines = total_downlines+1
WHERE `user_id` = '5H9TH3';
UPDATE `user_registration` SET left_downlines = left_downlines+1
WHERE `user_id` = '5H9TH3';
UPDATE `user_registration` SET total_downlines = total_downlines+1
WHERE `user_id` = 'MIT9KW';
UPDATE `user_registration` SET left_downlines = left_downlines+1
WHERE `user_id` = 'MIT9KW';
UPDATE `user_registration` SET total_downlines = total_downlines+1
WHERE `user_id` = 'IMUABZ';
UPDATE `user_registration` SET left_downlines = left_downlines+1
WHERE `user_id` = 'IMUABZ';
UPDATE `user_registration` SET total_downlines = total_downlines+1
WHERE `user_id` = 'G54QC4';
UPDATE `user_registration` SET left_downlines = left_downlines+1
WHERE `user_id` = 'G54QC4';
UPDATE `user_registration` SET total_downlines = total_downlines+1
WHERE `user_id` = '9JPZJL';
UPDATE `user_registration` SET left_downlines = left_downlines+1
WHERE `user_id` = '9JPZJL';
UPDATE `user_registration` SET total_downlines = total_downlines+1
WHERE `user_id` = 'E3PPZ3';
UPDATE `user_registration` SET left_downlines = left_downlines+1
WHERE `user_id` = 'E3PPZ3';
UPDATE `user_registration` SET total_downlines = total_downlines+1
WHERE `user_id` = '7RY1ZP';
UPDATE `user_registration` SET left_downlines = left_downlines+1
WHERE `user_id` = '7RY1ZP';
UPDATE `user_registration` SET total_downlines = total_downlines+1
WHERE `user_id` = 'ADZTOG';
UPDATE `user_registration` SET right_downlines = right_downlines+1
WHERE `user_id` = 'ADZTOG';
UPDATE `user_registration` SET total_downlines = total_downlines+1
WHERE `user_id` = 'A9858P';
UPDATE `user_registration` SET right_downlines = right_downlines+1
WHERE `user_id` = 'A9858P';
UPDATE `user_registration` SET total_downlines = total_downlines+1
WHERE `user_id` = 'admin';
UPDATE `user_registration` SET right_downlines = right_downlines+1
WHERE `user_id` = 'admin';
INSERT INTO `investment` (`invest_date`, `user_id`, `type`, `amount`, `package_id`) VALUES ('2024-10-01 23:01:54', 'AT1C65', 'register', '595', '2');
INSERT INTO `earnings` (`user_id`, `Purchaser_id`, `earning_type`, `package_id`, `amount`, `date`, `comments`, `invest_amount`, `comm_perc`, `level`, `rank_id`, `order_id`) VALUES ('WJR372', 'AT1C65', 'Direct Referral Bonus', '2', '100', '2024-10-01 23:01:54', 'Direct Referral Bonus', 0, 0, 1, '', 333);
UPDATE `user_registration` SET commission_balance = ROUND(commission_balance + 100,2)
WHERE `user_id` = 'WJR372';
UPDATE `user_registration` SET referral_bonus = ROUND(referral_bonus + 100,2)
WHERE `user_id` = 'WJR372';
INSERT INTO `earnings` (`user_id`, `Purchaser_id`, `earning_type`, `package_id`, `amount`, `date`, `comments`, `invest_amount`, `comm_perc`, `level`, `rank_id`, `order_id`) VALUES ('7RY1ZP', 'AT1C65', 'Expansion Bonus', '2', 100, '2024-10-01 23:01:54', 'Expansion Bonus', '100', 0, 1, '', 333);
UPDATE `user_registration` SET commission_balance = ROUND(commission_balance + 100,2)
WHERE `user_id` = '7RY1ZP';
UPDATE `user_registration` SET expansion_bonus = ROUND(expansion_bonus + 100,2)
WHERE `user_id` = '7RY1ZP';
INSERT INTO `earnings` (`user_id`, `Purchaser_id`, `earning_type`, `package_id`, `amount`, `date`, `comments`, `invest_amount`, `comm_perc`, `level`, `rank_id`, `order_id`) VALUES ('A9858P', 'AT1C65', 'Expansion Bonus', '2', 100, '2024-10-01 23:01:54', 'Expansion Bonus', 200, 0, 1, '', 333);
UPDATE `user_registration` SET commission_balance = ROUND(commission_balance + 100,2)
WHERE `user_id` = 'A9858P';
UPDATE `user_registration` SET expansion_bonus = ROUND(expansion_bonus + 100,2)
WHERE `user_id` = 'A9858P';
INSERT INTO `matrix_filling` (`placement_id`, `downline_id`, `level`, `matrix`) VALUES ('CF6X47', 'AT1C65', 1, 1);
UPDATE `bv_updation` SET right_carry = right_carry+50, total_right = total_right+50
WHERE `user_id` = 'CF6X47';
INSERT INTO `placement_bv_update_history` (`right_carry`, `date`, `from_id`, `user_id`) VALUES ('50', '2024-10-01 23:01:54', 'AT1C65', 'CF6X47');
INSERT INTO `matrix_filling` (`placement_id`, `downline_id`, `level`, `matrix`) VALUES ('G8BZCS', 'AT1C65', 2, 1);
UPDATE `bv_updation` SET right_carry = right_carry+50, total_right = total_right+50
WHERE `user_id` = 'G8BZCS';
INSERT INTO `placement_bv_update_history` (`right_carry`, `date`, `from_id`, `user_id`) VALUES ('50', '2024-10-01 23:01:54', 'AT1C65', 'G8BZCS');
INSERT INTO `matrix_filling` (`placement_id`, `downline_id`, `level`, `matrix`) VALUES ('YJNQAL', 'AT1C65', 3, 1);
UPDATE `bv_updation` SET right_carry = right_carry+50, total_right = total_right+50
WHERE `user_id` = 'YJNQAL';
INSERT INTO `placement_bv_update_history` (`right_carry`, `date`, `from_id`, `user_id`) VALUES ('50', '2024-10-01 23:01:54', 'AT1C65', 'YJNQAL');
INSERT INTO `matrix_filling` (`placement_id`, `downline_id`, `level`, `matrix`) VALUES ('3TMFS6', 'AT1C65', 4, 1);
UPDATE `bv_updation` SET right_carry = right_carry+50, total_right = total_right+50
WHERE `user_id` = '3TMFS6';
INSERT INTO `placement_bv_update_history` (`right_carry`, `date`, `from_id`, `user_id`) VALUES ('50', '2024-10-01 23:01:54', 'AT1C65', '3TMFS6');
INSERT INTO `matrix_filling` (`placement_id`, `downline_id`, `level`, `matrix`) VALUES ('D72W66', 'AT1C65', 5, 1);
UPDATE `bv_updation` SET right_carry = right_carry+50, total_right = total_right+50
WHERE `user_id` = 'D72W66';
INSERT INTO `placement_bv_update_history` (`right_carry`, `date`, `from_id`, `user_id`) VALUES ('50', '2024-10-01 23:01:54', 'AT1C65', 'D72W66');
INSERT INTO `matrix_filling` (`placement_id`, `downline_id`, `level`, `matrix`) VALUES ('1ZOBR2', 'AT1C65', 6, 1);
UPDATE `bv_updation` SET right_carry = right_carry+50, total_right = total_right+50
WHERE `user_id` = '1ZOBR2';
INSERT INTO `placement_bv_update_history` (`right_carry`, `date`, `from_id`, `user_id`) VALUES ('50', '2024-10-01 23:01:54', 'AT1C65', '1ZOBR2');
INSERT INTO `matrix_filling` (`placement_id`, `downline_id`, `level`, `matrix`) VALUES ('3QE3ZD', 'AT1C65', 7, 1);
UPDATE `bv_updation` SET right_carry = right_carry+50, total_right = total_right+50
WHERE `user_id` = '3QE3ZD';
INSERT INTO `placement_bv_update_history` (`right_carry`, `date`, `from_id`, `user_id`) VALUES ('50', '2024-10-01 23:01:54', 'AT1C65', '3QE3ZD');
INSERT INTO `matrix_filling` (`placement_id`, `downline_id`, `level`, `matrix`) VALUES ('EFFXHS', 'AT1C65', 8, 1);
UPDATE `bv_updation` SET right_carry = right_carry+50, total_right = total_right+50
WHERE `user_id` = 'EFFXHS';
INSERT INTO `placement_bv_update_history` (`right_carry`, `date`, `from_id`, `user_id`) VALUES ('50', '2024-10-01 23:01:54', 'AT1C65', 'EFFXHS');
INSERT INTO `matrix_filling` (`placement_id`, `downline_id`, `level`, `matrix`) VALUES ('8OWEB8', 'AT1C65', 9, 1);
UPDATE `bv_updation` SET right_carry = right_carry+50, total_right = total_right+50
WHERE `user_id` = '8OWEB8';
INSERT INTO `placement_bv_update_history` (`right_carry`, `date`, `from_id`, `user_id`) VALUES ('50', '2024-10-01 23:01:54', 'AT1C65', '8OWEB8');
INSERT INTO `matrix_filling` (`placement_id`, `downline_id`, `level`, `matrix`) VALUES ('7RU2CF', 'AT1C65', 10, 1);
UPDATE `bv_updation` SET right_carry = right_carry+50, total_right = total_right+50
WHERE `user_id` = '7RU2CF';
INSERT INTO `placement_bv_update_history` (`right_carry`, `date`, `from_id`, `user_id`) VALUES ('50', '2024-10-01 23:01:54', 'AT1C65', '7RU2CF');
INSERT INTO `matrix_filling` (`placement_id`, `downline_id`, `level`, `matrix`) VALUES ('TXRFEG', 'AT1C65', 11, 1);
UPDATE `bv_updation` SET right_carry = right_carry+50, total_right = total_right+50
WHERE `user_id` = 'TXRFEG';
INSERT INTO `placement_bv_update_history` (`right_carry`, `date`, `from_id`, `user_id`) VALUES ('50', '2024-10-01 23:01:54', 'AT1C65', 'TXRFEG');
INSERT INTO `matrix_filling` (`placement_id`, `downline_id`, `level`, `matrix`) VALUES ('T2P1D9', 'AT1C65', 12, 1);
UPDATE `bv_updation` SET right_carry = right_carry+50, total_right = total_right+50
WHERE `user_id` = 'T2P1D9';
INSERT INTO `placement_bv_update_history` (`right_carry`, `date`, `from_id`, `user_id`) VALUES ('50', '2024-10-01 23:01:54', 'AT1C65', 'T2P1D9');
INSERT INTO `matrix_filling` (`placement_id`, `downline_id`, `level`, `matrix`) VALUES ('3VV851', 'AT1C65', 13, 1);
UPDATE `bv_updation` SET right_carry = right_carry+50, total_right = total_right+50
WHERE `user_id` = '3VV851';
INSERT INTO `placement_bv_update_history` (`right_carry`, `date`, `from_id`, `user_id`) VALUES ('50', '2024-10-01 23:01:54', 'AT1C65', '3VV851');
INSERT INTO `matrix_filling` (`placement_id`, `downline_id`, `level`, `matrix`) VALUES ('YHW7J9', 'AT1C65', 14, 1);
UPDATE `bv_updation` SET right_carry = right_carry+50, total_right = total_right+50
WHERE `user_id` = 'YHW7J9';
INSERT INTO `placement_bv_update_history` (`right_carry`, `date`, `from_id`, `user_id`) VALUES ('50', '2024-10-01 23:01:54', 'AT1C65', 'YHW7J9');
INSERT INTO `matrix_filling` (`placement_id`, `downline_id`, `level`, `matrix`) VALUES ('85EVIX', 'AT1C65', 15, 1);
UPDATE `bv_updation` SET right_carry = right_carry+50, total_right = total_right+50
WHERE `user_id` = '85EVIX';
INSERT INTO `placement_bv_update_history` (`right_carry`, `date`, `from_id`, `user_id`) VALUES ('50', '2024-10-01 23:01:54', 'AT1C65', '85EVIX');
INSERT INTO `matrix_filling` (`placement_id`, `downline_id`, `level`, `matrix`) VALUES ('I4HOSL', 'AT1C65', 16, 1);
UPDATE `bv_updation` SET right_carry = right_carry+50, total_right = total_right+50
WHERE `user_id` = 'I4HOSL';
INSERT INTO `placement_bv_update_history` (`right_carry`, `date`, `from_id`, `user_id`) VALUES ('50', '2024-10-01 23:01:54', 'AT1C65', 'I4HOSL');
INSERT INTO `matrix_filling` (`placement_id`, `downline_id`, `level`, `matrix`) VALUES ('2SB7SO', 'AT1C65', 17, 1);
UPDATE `bv_updation` SET right_carry = right_carry+50, total_right = total_right+50
WHERE `user_id` = '2SB7SO';
INSERT INTO `placement_bv_update_history` (`right_carry`, `date`, `from_id`, `user_id`) VALUES ('50', '2024-10-01 23:01:54', 'AT1C65', '2SB7SO');
INSERT INTO `matrix_filling` (`placement_id`, `downline_id`, `level`, `matrix`) VALUES ('7UGPLB', 'AT1C65', 18, 1);
UPDATE `bv_updation` SET right_carry = right_carry+50, total_right = total_right+50
WHERE `user_id` = '7UGPLB';
INSERT INTO `placement_bv_update_history` (`right_carry`, `date`, `from_id`, `user_id`) VALUES ('50', '2024-10-01 23:01:54', 'AT1C65', '7UGPLB');
INSERT INTO `matrix_filling` (`placement_id`, `downline_id`, `level`, `matrix`) VALUES ('G6LBV6', 'AT1C65', 19, 1);
UPDATE `bv_updation` SET right_carry = right_carry+50, total_right = total_right+50
WHERE `user_id` = 'G6LBV6';
INSERT INTO `placement_bv_update_history` (`right_carry`, `date`, `from_id`, `user_id`) VALUES ('50', '2024-10-01 23:01:54', 'AT1C65', 'G6LBV6');
INSERT INTO `matrix_filling` (`placement_id`, `downline_id`, `level`, `matrix`) VALUES ('5VW2TV', 'AT1C65', 20, 1);
UPDATE `bv_updation` SET right_carry = right_carry+50, total_right = total_right+50
WHERE `user_id` = '5VW2TV';
INSERT INTO `placement_bv_update_history` (`right_carry`, `date`, `from_id`, `user_id`) VALUES ('50', '2024-10-01 23:01:54', 'AT1C65', '5VW2TV');
INSERT INTO `matrix_filling` (`placement_id`, `downline_id`, `level`, `matrix`) VALUES ('1CISMF', 'AT1C65', 21, 1);
UPDATE `bv_updation` SET right_carry = right_carry+50, total_right = total_right+50
WHERE `user_id` = '1CISMF';
INSERT INTO `placement_bv_update_history` (`right_carry`, `date`, `from_id`, `user_id`) VALUES ('50', '2024-10-01 23:01:54', 'AT1C65', '1CISMF');
INSERT INTO `matrix_filling` (`placement_id`, `downline_id`, `level`, `matrix`) VALUES ('WA5PMD', 'AT1C65', 22, 1);
UPDATE `bv_updation` SET right_carry = right_carry+50, total_right = total_right+50
WHERE `user_id` = 'WA5PMD';
INSERT INTO `placement_bv_update_history` (`right_carry`, `date`, `from_id`, `user_id`) VALUES ('50', '2024-10-01 23:01:54', 'AT1C65', 'WA5PMD');
INSERT INTO `matrix_filling` (`placement_id`, `downline_id`, `level`, `matrix`) VALUES ('WJR372', 'AT1C65', 23, 1);
UPDATE `bv_updation` SET right_carry = right_carry+50, total_right = total_right+50
WHERE `user_id` = 'WJR372';
INSERT INTO `placement_bv_update_history` (`right_carry`, `date`, `from_id`, `user_id`) VALUES ('50', '2024-10-01 23:01:54', 'AT1C65', 'WJR372');
UPDATE `bv_updation` SET sponsor_right_carry = sponsor_right_carry+50, sponsor_total_right = sponsor_total_right+50
WHERE `user_id` = 'WJR372';
INSERT INTO `sponsor_bv_update_history` (`right_carry`, `date`, `user_id`) VALUES ('50', '2024-10-01 23:01:54', 'WJR372');
INSERT INTO `matrix_filling` (`placement_id`, `downline_id`, `level`, `matrix`) VALUES ('YJ6OTD', 'AT1C65', 24, 1);
UPDATE `bv_updation` SET left_carry = left_carry+50, total_left = total_left+50
WHERE `user_id` = 'YJ6OTD';
INSERT INTO `placement_bv_update_history` (`left_carry`, `date`, `from_id`, `user_id`) VALUES ('50', '2024-10-01 23:01:54', 'AT1C65', 'YJ6OTD');
INSERT INTO `matrix_filling` (`placement_id`, `downline_id`, `level`, `matrix`) VALUES ('F8WLAW', 'AT1C65', 25, 1);
UPDATE `bv_updation` SET left_carry = left_carry+50, total_left = total_left+50
WHERE `user_id` = 'F8WLAW';
INSERT INTO `placement_bv_update_history` (`left_carry`, `date`, `from_id`, `user_id`) VALUES ('50', '2024-10-01 23:01:54', 'AT1C65', 'F8WLAW');
INSERT INTO `matrix_filling` (`placement_id`, `downline_id`, `level`, `matrix`) VALUES ('9H9OZM', 'AT1C65', 26, 1);
UPDATE `bv_updation` SET left_carry = left_carry+50, total_left = total_left+50
WHERE `user_id` = '9H9OZM';
INSERT INTO `placement_bv_update_history` (`left_carry`, `date`, `from_id`, `user_id`) VALUES ('50', '2024-10-01 23:01:54', 'AT1C65', '9H9OZM');
INSERT INTO `matrix_filling` (`placement_id`, `downline_id`, `level`, `matrix`) VALUES ('DLP7GD', 'AT1C65', 27, 1);
UPDATE `bv_updation` SET left_carry = left_carry+50, total_left = total_left+50
WHERE `user_id` = 'DLP7GD';
INSERT INTO `placement_bv_update_history` (`left_carry`, `date`, `from_id`, `user_id`) VALUES ('50', '2024-10-01 23:01:54', 'AT1C65', 'DLP7GD');
INSERT INTO `matrix_filling` (`placement_id`, `downline_id`, `level`, `matrix`) VALUES ('VG9TO9', 'AT1C65', 28, 1);
UPDATE `bv_updation` SET left_carry = left_carry+50, total_left = total_left+50
WHERE `user_id` = 'VG9TO9';
INSERT INTO `placement_bv_update_history` (`left_carry`, `date`, `from_id`, `user_id`) VALUES ('50', '2024-10-01 23:01:54', 'AT1C65', 'VG9TO9');
INSERT INTO `matrix_filling` (`placement_id`, `downline_id`, `level`, `matrix`) VALUES ('L8R95F', 'AT1C65', 29, 1);
UPDATE `bv_updation` SET left_carry = left_carry+50, total_left = total_left+50
WHERE `user_id` = 'L8R95F';
INSERT INTO `placement_bv_update_history` (`left_carry`, `date`, `from_id`, `user_id`) VALUES ('50', '2024-10-01 23:01:54', 'AT1C65', 'L8R95F');
INSERT INTO `matrix_filling` (`placement_id`, `downline_id`, `level`, `matrix`) VALUES ('Y9DPUD', 'AT1C65', 30, 1);
UPDATE `bv_updation` SET left_carry = left_carry+50, total_left = total_left+50
WHERE `user_id` = 'Y9DPUD';
INSERT INTO `placement_bv_update_history` (`left_carry`, `date`, `from_id`, `user_id`) VALUES ('50', '2024-10-01 23:01:54', 'AT1C65', 'Y9DPUD');
INSERT INTO `matrix_filling` (`placement_id`, `downline_id`, `level`, `matrix`) VALUES ('5H9TH3', 'AT1C65', 31, 1);
UPDATE `bv_updation` SET left_carry = left_carry+50, total_left = total_left+50
WHERE `user_id` = '5H9TH3';
INSERT INTO `placement_bv_update_history` (`left_carry`, `date`, `from_id`, `user_id`) VALUES ('50', '2024-10-01 23:01:54', 'AT1C65', '5H9TH3');
INSERT INTO `matrix_filling` (`placement_id`, `downline_id`, `level`, `matrix`) VALUES ('MIT9KW', 'AT1C65', 32, 1);
UPDATE `bv_updation` SET left_carry = left_carry+50, total_left = total_left+50
WHERE `user_id` = 'MIT9KW';
INSERT INTO `placement_bv_update_history` (`left_carry`, `date`, `from_id`, `user_id`) VALUES ('50', '2024-10-01 23:01:54', 'AT1C65', 'MIT9KW');
INSERT INTO `matrix_filling` (`placement_id`, `downline_id`, `level`, `matrix`) VALUES ('IMUABZ', 'AT1C65', 33, 1);
UPDATE `bv_updation` SET left_carry = left_carry+50, total_left = total_left+50
WHERE `user_id` = 'IMUABZ';
INSERT INTO `placement_bv_update_history` (`left_carry`, `date`, `from_id`, `user_id`) VALUES ('50', '2024-10-01 23:01:54', 'AT1C65', 'IMUABZ');
INSERT INTO `matrix_filling` (`placement_id`, `downline_id`, `level`, `matrix`) VALUES ('G54QC4', 'AT1C65', 34, 1);
UPDATE `bv_updation` SET left_carry = left_carry+50, total_left = total_left+50
WHERE `user_id` = 'G54QC4';
INSERT INTO `placement_bv_update_history` (`left_carry`, `date`, `from_id`, `user_id`) VALUES ('50', '2024-10-01 23:01:54', 'AT1C65', 'G54QC4');
INSERT INTO `matrix_filling` (`placement_id`, `downline_id`, `level`, `matrix`) VALUES ('9JPZJL', 'AT1C65', 35, 1);
UPDATE `bv_updation` SET left_carry = left_carry+50, total_left = total_left+50
WHERE `user_id` = '9JPZJL';
INSERT INTO `placement_bv_update_history` (`left_carry`, `date`, `from_id`, `user_id`) VALUES ('50', '2024-10-01 23:01:54', 'AT1C65', '9JPZJL');
INSERT INTO `matrix_filling` (`placement_id`, `downline_id`, `level`, `matrix`) VALUES ('E3PPZ3', 'AT1C65', 36, 1);
UPDATE `bv_updation` SET left_carry = left_carry+50, total_left = total_left+50
WHERE `user_id` = 'E3PPZ3';
INSERT INTO `placement_bv_update_history` (`left_carry`, `date`, `from_id`, `user_id`) VALUES ('50', '2024-10-01 23:01:54', 'AT1C65', 'E3PPZ3');
INSERT INTO `matrix_filling` (`placement_id`, `downline_id`, `level`, `matrix`) VALUES ('7RY1ZP', 'AT1C65', 37, 1);
UPDATE `bv_updation` SET left_carry = left_carry+50, total_left = total_left+50
WHERE `user_id` = '7RY1ZP';
INSERT INTO `placement_bv_update_history` (`left_carry`, `date`, `from_id`, `user_id`) VALUES ('50', '2024-10-01 23:01:54', 'AT1C65', '7RY1ZP');
INSERT INTO `matrix_filling` (`placement_id`, `downline_id`, `level`, `matrix`) VALUES ('ADZTOG', 'AT1C65', 38, 1);
UPDATE `bv_updation` SET right_carry = right_carry+50, total_right = total_right+50
WHERE `user_id` = 'ADZTOG';
INSERT INTO `placement_bv_update_history` (`right_carry`, `date`, `from_id`, `user_id`) VALUES ('50', '2024-10-01 23:01:54', 'AT1C65', 'ADZTOG');
INSERT INTO `matrix_filling` (`placement_id`, `downline_id`, `level`, `matrix`) VALUES ('A9858P', 'AT1C65', 39, 1);
UPDATE `bv_updation` SET right_carry = right_carry+50, total_right = total_right+50
WHERE `user_id` = 'A9858P';
INSERT INTO `placement_bv_update_history` (`right_carry`, `date`, `from_id`, `user_id`) VALUES ('50', '2024-10-01 23:01:54', 'AT1C65', 'A9858P');
INSERT INTO `matrix_filling` (`placement_id`, `downline_id`, `level`, `matrix`) VALUES ('admin', 'AT1C65', 40, 1);
UPDATE `bv_updation` SET right_carry = right_carry+50, total_right = total_right+50
WHERE `user_id` = 'admin';
INSERT INTO `placement_bv_update_history` (`right_carry`, `date`, `from_id`, `user_id`) VALUES ('50', '2024-10-01 23:01:54', 'AT1C65', 'admin');
INSERT INTO `package_purchase_history` (`user_id`, `package_id`, `reg_fee`, `package_name`, `monthly_fee`, `type`, `date`, `payment_option`) VALUES ('AT1C65', '2', '595', 'Traveler Pro', '150', 'sign_up', '2024-10-01 23:01:54', 'free');
UPDATE `user_registration` SET `popup_seen` = 'yes'
WHERE `user_id` = 'WJR372';
UPDATE `ci_sessions` SET `timestamp` = 1727841826, `data` = '__ci_last_regenerate|i:1727841826;id|s:4:\"2346\";user_id|s:6:\"WJR372\";username|s:6:\"david1\";sponsor_id|s:6:\"7RY1ZP\";fullname|s:13:\"David Méndez\";email|s:16:\"david1@gmail.com\";phone|s:10:\"3057610606\";isLogIn|b:1;'
WHERE `id` = '80e41fabc426a4df6c7b405edcbf31c15e8bbd5a';
UPDATE `user_registration` SET `uid` = '2670', `user_id` = '6MP5RC', `username` = 'rodrigo1', `sponsor_id` = 'WJR372', `vacant` = 'no', `f_name` = 'Rodrigo', `l_name` = 'Roy', `address` = '6520 Kendale Lakes Dr', `position` = 'left', `email` = 'rodrigo1@gmail.com', `password` = '3c61fcc3acdda18081a66dcc7d773af5', `phone` = '3057610606', `country` = 'United States', `state` = 'Florida', `city` = 'Miami', `street` = '6520 Kendale Lakes Dr', `zip_code` = '33183', `reg_ip` = '172.70.254.165', `status` = 1, `package_id` = '2', `rank_id` = 1, `highest_rank` = 1, `cycle_rank_id` = 1, `created` = '2024-10-01 23:03:46', `subscription_date` = '2024-10-31', `google_secret` = 'SJ2KJWIIZXCP2XQL'
WHERE `uid` = '2670';
INSERT INTO `user_registration` (`uid`, `user_id`, `username`, `sponsor_id`, `placement_id`, `vacant`, `f_name`, `l_name`, `address`, `position`, `email`, `password`, `phone`, `reg_ip`, `status`, `created`) VALUES (NULL, 'GFHPEN', 'yqAkKmoT', '6MP5RC', '6MP5RC', 'yes', '', '', '', 'left', '@mail.com', '', '', '', 0, '2024-10-01 23:03:46');
INSERT INTO `user_registration` (`uid`, `user_id`, `username`, `sponsor_id`, `placement_id`, `vacant`, `f_name`, `l_name`, `address`, `position`, `email`, `password`, `phone`, `reg_ip`, `status`, `created`) VALUES (NULL, 'XZLUKM', 'owtnacCz', '6MP5RC', '6MP5RC', 'yes', '', '', '', 'right', '@mail.com', '', '', '', 0, '2024-10-01 23:03:46');
INSERT INTO `bv_updation` (`user_id`) VALUES ('6MP5RC');
UPDATE `user_registration` SET total_ref_count = total_ref_count+1
WHERE `user_id` = 'WJR372';
UPDATE `user_registration` SET total_downlines = total_downlines+1
WHERE `user_id` = 'SA9I5P';
UPDATE `user_registration` SET left_downlines = left_downlines+1
WHERE `user_id` = 'SA9I5P';
UPDATE `user_registration` SET total_downlines = total_downlines+1
WHERE `user_id` = 'WR44QL';
UPDATE `user_registration` SET left_downlines = left_downlines+1
WHERE `user_id` = 'WR44QL';
UPDATE `user_registration` SET total_downlines = total_downlines+1
WHERE `user_id` = 'ILX3KF';
UPDATE `user_registration` SET left_downlines = left_downlines+1
WHERE `user_id` = 'ILX3KF';
UPDATE `user_registration` SET total_downlines = total_downlines+1
WHERE `user_id` = '25LOZM';
UPDATE `user_registration` SET left_downlines = left_downlines+1
WHERE `user_id` = '25LOZM';
UPDATE `user_registration` SET total_downlines = total_downlines+1
WHERE `user_id` = 'AR91G7';
UPDATE `user_registration` SET left_downlines = left_downlines+1
WHERE `user_id` = 'AR91G7';
UPDATE `user_registration` SET total_downlines = total_downlines+1
WHERE `user_id` = '4ZBPYB';
UPDATE `user_registration` SET left_downlines = left_downlines+1
WHERE `user_id` = '4ZBPYB';
UPDATE `user_registration` SET total_downlines = total_downlines+1
WHERE `user_id` = 'L7P5UX';
UPDATE `user_registration` SET left_downlines = left_downlines+1
WHERE `user_id` = 'L7P5UX';
UPDATE `user_registration` SET total_downlines = total_downlines+1
WHERE `user_id` = 'EEUE1I';
UPDATE `user_registration` SET left_downlines = left_downlines+1
WHERE `user_id` = 'EEUE1I';
UPDATE `user_registration` SET total_downlines = total_downlines+1
WHERE `user_id` = 'WI6GG7';
UPDATE `user_registration` SET left_downlines = left_downlines+1
WHERE `user_id` = 'WI6GG7';
UPDATE `user_registration` SET total_downlines = total_downlines+1
WHERE `user_id` = 'ZX2ZSO';
UPDATE `user_registration` SET left_downlines = left_downlines+1
WHERE `user_id` = 'ZX2ZSO';
UPDATE `user_registration` SET total_downlines = total_downlines+1
WHERE `user_id` = 'EQPDS4';
UPDATE `user_registration` SET left_downlines = left_downlines+1
WHERE `user_id` = 'EQPDS4';
UPDATE `user_registration` SET total_downlines = total_downlines+1
WHERE `user_id` = 'KEV3O2';
UPDATE `user_registration` SET left_downlines = left_downlines+1
WHERE `user_id` = 'KEV3O2';
UPDATE `user_registration` SET total_downlines = total_downlines+1
WHERE `user_id` = '21NWVU';
UPDATE `user_registration` SET left_downlines = left_downlines+1
WHERE `user_id` = '21NWVU';
UPDATE `user_registration` SET total_downlines = total_downlines+1
WHERE `user_id` = 'MBUQAV';
UPDATE `user_registration` SET left_downlines = left_downlines+1
WHERE `user_id` = 'MBUQAV';
UPDATE `user_registration` SET total_downlines = total_downlines+1
WHERE `user_id` = 'GHEMGX';
UPDATE `user_registration` SET left_downlines = left_downlines+1
WHERE `user_id` = 'GHEMGX';
UPDATE `user_registration` SET total_downlines = total_downlines+1
WHERE `user_id` = 'QTPJS8';
UPDATE `user_registration` SET left_downlines = left_downlines+1
WHERE `user_id` = 'QTPJS8';
UPDATE `user_registration` SET total_downlines = total_downlines+1
WHERE `user_id` = 'Z1I4TX';
UPDATE `user_registration` SET left_downlines = left_downlines+1
WHERE `user_id` = 'Z1I4TX';
UPDATE `user_registration` SET total_downlines = total_downlines+1
WHERE `user_id` = 'G5ZEHT';
UPDATE `user_registration` SET left_downlines = left_downlines+1
WHERE `user_id` = 'G5ZEHT';
UPDATE `user_registration` SET total_downlines = total_downlines+1
WHERE `user_id` = 'AVXMIZ';
UPDATE `user_registration` SET left_downlines = left_downlines+1
WHERE `user_id` = 'AVXMIZ';
UPDATE `user_registration` SET total_downlines = total_downlines+1
WHERE `user_id` = 'CUQRWZ';
UPDATE `user_registration` SET left_downlines = left_downlines+1
WHERE `user_id` = 'CUQRWZ';
UPDATE `user_registration` SET total_downlines = total_downlines+1
WHERE `user_id` = '8JWYB8';
UPDATE `user_registration` SET left_downlines = left_downlines+1
WHERE `user_id` = '8JWYB8';
UPDATE `user_registration` SET total_downlines = total_downlines+1
WHERE `user_id` = 'Q8W4P6';
UPDATE `user_registration` SET left_downlines = left_downlines+1
WHERE `user_id` = 'Q8W4P6';
UPDATE `user_registration` SET total_downlines = total_downlines+1
WHERE `user_id` = 'WJR372';
UPDATE `user_registration` SET left_downlines = left_downlines+1
WHERE `user_id` = 'WJR372';
UPDATE `user_registration` SET left_ref_count = left_ref_count+1
WHERE `user_id` = 'WJR372';
UPDATE `user_registration` SET active_left = active_left+1
WHERE `user_id` = 'WJR372';
UPDATE `user_registration` SET total_downlines = total_downlines+1
WHERE `user_id` = 'YJ6OTD';
UPDATE `user_registration` SET left_downlines = left_downlines+1
WHERE `user_id` = 'YJ6OTD';
UPDATE `user_registration` SET total_downlines = total_downlines+1
WHERE `user_id` = 'F8WLAW';
UPDATE `user_registration` SET left_downlines = left_downlines+1
WHERE `user_id` = 'F8WLAW';
UPDATE `user_registration` SET total_downlines = total_downlines+1
WHERE `user_id` = '9H9OZM';
UPDATE `user_registration` SET left_downlines = left_downlines+1
WHERE `user_id` = '9H9OZM';
UPDATE `user_registration` SET total_downlines = total_downlines+1
WHERE `user_id` = 'DLP7GD';
UPDATE `user_registration` SET left_downlines = left_downlines+1
WHERE `user_id` = 'DLP7GD';
UPDATE `user_registration` SET total_downlines = total_downlines+1
WHERE `user_id` = 'VG9TO9';
UPDATE `user_registration` SET left_downlines = left_downlines+1
WHERE `user_id` = 'VG9TO9';
UPDATE `user_registration` SET total_downlines = total_downlines+1
WHERE `user_id` = 'L8R95F';
UPDATE `user_registration` SET left_downlines = left_downlines+1
WHERE `user_id` = 'L8R95F';
UPDATE `user_registration` SET total_downlines = total_downlines+1
WHERE `user_id` = 'Y9DPUD';
UPDATE `user_registration` SET left_downlines = left_downlines+1
WHERE `user_id` = 'Y9DPUD';
UPDATE `user_registration` SET total_downlines = total_downlines+1
WHERE `user_id` = '5H9TH3';
UPDATE `user_registration` SET left_downlines = left_downlines+1
WHERE `user_id` = '5H9TH3';
UPDATE `user_registration` SET total_downlines = total_downlines+1
WHERE `user_id` = 'MIT9KW';
UPDATE `user_registration` SET left_downlines = left_downlines+1
WHERE `user_id` = 'MIT9KW';
UPDATE `user_registration` SET total_downlines = total_downlines+1
WHERE `user_id` = 'IMUABZ';
UPDATE `user_registration` SET left_downlines = left_downlines+1
WHERE `user_id` = 'IMUABZ';
UPDATE `user_registration` SET total_downlines = total_downlines+1
WHERE `user_id` = 'G54QC4';
UPDATE `user_registration` SET left_downlines = left_downlines+1
WHERE `user_id` = 'G54QC4';
UPDATE `user_registration` SET total_downlines = total_downlines+1
WHERE `user_id` = '9JPZJL';
UPDATE `user_registration` SET left_downlines = left_downlines+1
WHERE `user_id` = '9JPZJL';
UPDATE `user_registration` SET total_downlines = total_downlines+1
WHERE `user_id` = 'E3PPZ3';
UPDATE `user_registration` SET left_downlines = left_downlines+1
WHERE `user_id` = 'E3PPZ3';
UPDATE `user_registration` SET total_downlines = total_downlines+1
WHERE `user_id` = '7RY1ZP';
UPDATE `user_registration` SET left_downlines = left_downlines+1
WHERE `user_id` = '7RY1ZP';
UPDATE `user_registration` SET total_downlines = total_downlines+1
WHERE `user_id` = 'ADZTOG';
UPDATE `user_registration` SET right_downlines = right_downlines+1
WHERE `user_id` = 'ADZTOG';
UPDATE `user_registration` SET total_downlines = total_downlines+1
WHERE `user_id` = 'A9858P';
UPDATE `user_registration` SET right_downlines = right_downlines+1
WHERE `user_id` = 'A9858P';
UPDATE `user_registration` SET total_downlines = total_downlines+1
WHERE `user_id` = 'admin';
UPDATE `user_registration` SET right_downlines = right_downlines+1
WHERE `user_id` = 'admin';
INSERT INTO `investment` (`invest_date`, `user_id`, `type`, `amount`, `package_id`) VALUES ('2024-10-01 23:03:46', '6MP5RC', 'register', '595', '2');
INSERT INTO `earnings` (`user_id`, `Purchaser_id`, `earning_type`, `package_id`, `amount`, `date`, `comments`, `invest_amount`, `comm_perc`, `level`, `rank_id`, `order_id`) VALUES ('WJR372', '6MP5RC', 'Direct Referral Bonus', '2', '100', '2024-10-01 23:03:46', 'Direct Referral Bonus', 0, 0, 1, '', 334);
UPDATE `user_registration` SET commission_balance = ROUND(commission_balance + 100,2)
WHERE `user_id` = 'WJR372';
UPDATE `user_registration` SET referral_bonus = ROUND(referral_bonus + 100,2)
WHERE `user_id` = 'WJR372';
INSERT INTO `earnings` (`user_id`, `Purchaser_id`, `earning_type`, `package_id`, `amount`, `date`, `comments`, `invest_amount`, `comm_perc`, `level`, `rank_id`, `order_id`) VALUES ('7RY1ZP', '6MP5RC', 'Expansion Bonus', '2', 100, '2024-10-01 23:03:46', 'Expansion Bonus', '100', 0, 1, '', 334);
UPDATE `user_registration` SET commission_balance = ROUND(commission_balance + 100,2)
WHERE `user_id` = '7RY1ZP';
UPDATE `user_registration` SET expansion_bonus = ROUND(expansion_bonus + 100,2)
WHERE `user_id` = '7RY1ZP';
INSERT INTO `earnings` (`user_id`, `Purchaser_id`, `earning_type`, `package_id`, `amount`, `date`, `comments`, `invest_amount`, `comm_perc`, `level`, `rank_id`, `order_id`) VALUES ('A9858P', '6MP5RC', 'Expansion Bonus', '2', 100, '2024-10-01 23:03:46', 'Expansion Bonus', 200, 0, 1, '', 334);
UPDATE `user_registration` SET commission_balance = ROUND(commission_balance + 100,2)
WHERE `user_id` = 'A9858P';
UPDATE `user_registration` SET expansion_bonus = ROUND(expansion_bonus + 100,2)
WHERE `user_id` = 'A9858P';
INSERT INTO `matrix_filling` (`placement_id`, `downline_id`, `level`, `matrix`) VALUES ('SA9I5P', '6MP5RC', 1, 1);
UPDATE `bv_updation` SET left_carry = left_carry+50, total_left = total_left+50
WHERE `user_id` = 'SA9I5P';
INSERT INTO `placement_bv_update_history` (`left_carry`, `date`, `from_id`, `user_id`) VALUES ('50', '2024-10-01 23:03:46', '6MP5RC', 'SA9I5P');
INSERT INTO `matrix_filling` (`placement_id`, `downline_id`, `level`, `matrix`) VALUES ('WR44QL', '6MP5RC', 2, 1);
UPDATE `bv_updation` SET left_carry = left_carry+50, total_left = total_left+50
WHERE `user_id` = 'WR44QL';
INSERT INTO `placement_bv_update_history` (`left_carry`, `date`, `from_id`, `user_id`) VALUES ('50', '2024-10-01 23:03:46', '6MP5RC', 'WR44QL');
INSERT INTO `matrix_filling` (`placement_id`, `downline_id`, `level`, `matrix`) VALUES ('ILX3KF', '6MP5RC', 3, 1);
UPDATE `bv_updation` SET left_carry = left_carry+50, total_left = total_left+50
WHERE `user_id` = 'ILX3KF';
INSERT INTO `placement_bv_update_history` (`left_carry`, `date`, `from_id`, `user_id`) VALUES ('50', '2024-10-01 23:03:46', '6MP5RC', 'ILX3KF');
INSERT INTO `matrix_filling` (`placement_id`, `downline_id`, `level`, `matrix`) VALUES ('25LOZM', '6MP5RC', 4, 1);
UPDATE `bv_updation` SET left_carry = left_carry+50, total_left = total_left+50
WHERE `user_id` = '25LOZM';
INSERT INTO `placement_bv_update_history` (`left_carry`, `date`, `from_id`, `user_id`) VALUES ('50', '2024-10-01 23:03:46', '6MP5RC', '25LOZM');
INSERT INTO `matrix_filling` (`placement_id`, `downline_id`, `level`, `matrix`) VALUES ('AR91G7', '6MP5RC', 5, 1);
UPDATE `bv_updation` SET left_carry = left_carry+50, total_left = total_left+50
WHERE `user_id` = 'AR91G7';
INSERT INTO `placement_bv_update_history` (`left_carry`, `date`, `from_id`, `user_id`) VALUES ('50', '2024-10-01 23:03:46', '6MP5RC', 'AR91G7');
INSERT INTO `matrix_filling` (`placement_id`, `downline_id`, `level`, `matrix`) VALUES ('4ZBPYB', '6MP5RC', 6, 1);
UPDATE `bv_updation` SET left_carry = left_carry+50, total_left = total_left+50
WHERE `user_id` = '4ZBPYB';
INSERT INTO `placement_bv_update_history` (`left_carry`, `date`, `from_id`, `user_id`) VALUES ('50', '2024-10-01 23:03:46', '6MP5RC', '4ZBPYB');
INSERT INTO `matrix_filling` (`placement_id`, `downline_id`, `level`, `matrix`) VALUES ('L7P5UX', '6MP5RC', 7, 1);
UPDATE `bv_updation` SET left_carry = left_carry+50, total_left = total_left+50
WHERE `user_id` = 'L7P5UX';
INSERT INTO `placement_bv_update_history` (`left_carry`, `date`, `from_id`, `user_id`) VALUES ('50', '2024-10-01 23:03:46', '6MP5RC', 'L7P5UX');
INSERT INTO `matrix_filling` (`placement_id`, `downline_id`, `level`, `matrix`) VALUES ('EEUE1I', '6MP5RC', 8, 1);
UPDATE `bv_updation` SET left_carry = left_carry+50, total_left = total_left+50
WHERE `user_id` = 'EEUE1I';
INSERT INTO `placement_bv_update_history` (`left_carry`, `date`, `from_id`, `user_id`) VALUES ('50', '2024-10-01 23:03:46', '6MP5RC', 'EEUE1I');
INSERT INTO `matrix_filling` (`placement_id`, `downline_id`, `level`, `matrix`) VALUES ('WI6GG7', '6MP5RC', 9, 1);
UPDATE `bv_updation` SET left_carry = left_carry+50, total_left = total_left+50
WHERE `user_id` = 'WI6GG7';
INSERT INTO `placement_bv_update_history` (`left_carry`, `date`, `from_id`, `user_id`) VALUES ('50', '2024-10-01 23:03:46', '6MP5RC', 'WI6GG7');
INSERT INTO `matrix_filling` (`placement_id`, `downline_id`, `level`, `matrix`) VALUES ('ZX2ZSO', '6MP5RC', 10, 1);
UPDATE `bv_updation` SET left_carry = left_carry+50, total_left = total_left+50
WHERE `user_id` = 'ZX2ZSO';
INSERT INTO `placement_bv_update_history` (`left_carry`, `date`, `from_id`, `user_id`) VALUES ('50', '2024-10-01 23:03:46', '6MP5RC', 'ZX2ZSO');
INSERT INTO `matrix_filling` (`placement_id`, `downline_id`, `level`, `matrix`) VALUES ('EQPDS4', '6MP5RC', 11, 1);
UPDATE `bv_updation` SET left_carry = left_carry+50, total_left = total_left+50
WHERE `user_id` = 'EQPDS4';
INSERT INTO `placement_bv_update_history` (`left_carry`, `date`, `from_id`, `user_id`) VALUES ('50', '2024-10-01 23:03:46', '6MP5RC', 'EQPDS4');
INSERT INTO `matrix_filling` (`placement_id`, `downline_id`, `level`, `matrix`) VALUES ('KEV3O2', '6MP5RC', 12, 1);
UPDATE `bv_updation` SET left_carry = left_carry+50, total_left = total_left+50
WHERE `user_id` = 'KEV3O2';
INSERT INTO `placement_bv_update_history` (`left_carry`, `date`, `from_id`, `user_id`) VALUES ('50', '2024-10-01 23:03:47', '6MP5RC', 'KEV3O2');
INSERT INTO `matrix_filling` (`placement_id`, `downline_id`, `level`, `matrix`) VALUES ('21NWVU', '6MP5RC', 13, 1);
UPDATE `bv_updation` SET left_carry = left_carry+50, total_left = total_left+50
WHERE `user_id` = '21NWVU';
INSERT INTO `placement_bv_update_history` (`left_carry`, `date`, `from_id`, `user_id`) VALUES ('50', '2024-10-01 23:03:47', '6MP5RC', '21NWVU');
INSERT INTO `matrix_filling` (`placement_id`, `downline_id`, `level`, `matrix`) VALUES ('MBUQAV', '6MP5RC', 14, 1);
UPDATE `bv_updation` SET left_carry = left_carry+50, total_left = total_left+50
WHERE `user_id` = 'MBUQAV';
INSERT INTO `placement_bv_update_history` (`left_carry`, `date`, `from_id`, `user_id`) VALUES ('50', '2024-10-01 23:03:47', '6MP5RC', 'MBUQAV');
INSERT INTO `matrix_filling` (`placement_id`, `downline_id`, `level`, `matrix`) VALUES ('GHEMGX', '6MP5RC', 15, 1);
UPDATE `bv_updation` SET left_carry = left_carry+50, total_left = total_left+50
WHERE `user_id` = 'GHEMGX';
INSERT INTO `placement_bv_update_history` (`left_carry`, `date`, `from_id`, `user_id`) VALUES ('50', '2024-10-01 23:03:47', '6MP5RC', 'GHEMGX');
INSERT INTO `matrix_filling` (`placement_id`, `downline_id`, `level`, `matrix`) VALUES ('QTPJS8', '6MP5RC', 16, 1);
UPDATE `bv_updation` SET left_carry = left_carry+50, total_left = total_left+50
WHERE `user_id` = 'QTPJS8';
INSERT INTO `placement_bv_update_history` (`left_carry`, `date`, `from_id`, `user_id`) VALUES ('50', '2024-10-01 23:03:47', '6MP5RC', 'QTPJS8');
INSERT INTO `matrix_filling` (`placement_id`, `downline_id`, `level`, `matrix`) VALUES ('Z1I4TX', '6MP5RC', 17, 1);
UPDATE `bv_updation` SET left_carry = left_carry+50, total_left = total_left+50
WHERE `user_id` = 'Z1I4TX';
INSERT INTO `placement_bv_update_history` (`left_carry`, `date`, `from_id`, `user_id`) VALUES ('50', '2024-10-01 23:03:47', '6MP5RC', 'Z1I4TX');
INSERT INTO `matrix_filling` (`placement_id`, `downline_id`, `level`, `matrix`) VALUES ('G5ZEHT', '6MP5RC', 18, 1);
UPDATE `bv_updation` SET left_carry = left_carry+50, total_left = total_left+50
WHERE `user_id` = 'G5ZEHT';
INSERT INTO `placement_bv_update_history` (`left_carry`, `date`, `from_id`, `user_id`) VALUES ('50', '2024-10-01 23:03:47', '6MP5RC', 'G5ZEHT');
INSERT INTO `matrix_filling` (`placement_id`, `downline_id`, `level`, `matrix`) VALUES ('AVXMIZ', '6MP5RC', 19, 1);
UPDATE `bv_updation` SET left_carry = left_carry+50, total_left = total_left+50
WHERE `user_id` = 'AVXMIZ';
INSERT INTO `placement_bv_update_history` (`left_carry`, `date`, `from_id`, `user_id`) VALUES ('50', '2024-10-01 23:03:47', '6MP5RC', 'AVXMIZ');
INSERT INTO `matrix_filling` (`placement_id`, `downline_id`, `level`, `matrix`) VALUES ('CUQRWZ', '6MP5RC', 20, 1);
UPDATE `bv_updation` SET left_carry = left_carry+50, total_left = total_left+50
WHERE `user_id` = 'CUQRWZ';
INSERT INTO `placement_bv_update_history` (`left_carry`, `date`, `from_id`, `user_id`) VALUES ('50', '2024-10-01 23:03:47', '6MP5RC', 'CUQRWZ');
INSERT INTO `matrix_filling` (`placement_id`, `downline_id`, `level`, `matrix`) VALUES ('8JWYB8', '6MP5RC', 21, 1);
UPDATE `bv_updation` SET left_carry = left_carry+50, total_left = total_left+50
WHERE `user_id` = '8JWYB8';
INSERT INTO `placement_bv_update_history` (`left_carry`, `date`, `from_id`, `user_id`) VALUES ('50', '2024-10-01 23:03:47', '6MP5RC', '8JWYB8');
INSERT INTO `matrix_filling` (`placement_id`, `downline_id`, `level`, `matrix`) VALUES ('Q8W4P6', '6MP5RC', 22, 1);
UPDATE `bv_updation` SET left_carry = left_carry+50, total_left = total_left+50
WHERE `user_id` = 'Q8W4P6';
INSERT INTO `placement_bv_update_history` (`left_carry`, `date`, `from_id`, `user_id`) VALUES ('50', '2024-10-01 23:03:47', '6MP5RC', 'Q8W4P6');
INSERT INTO `matrix_filling` (`placement_id`, `downline_id`, `level`, `matrix`) VALUES ('WJR372', '6MP5RC', 23, 1);
UPDATE `bv_updation` SET left_carry = left_carry+50, total_left = total_left+50
WHERE `user_id` = 'WJR372';
INSERT INTO `placement_bv_update_history` (`left_carry`, `date`, `from_id`, `user_id`) VALUES ('50', '2024-10-01 23:03:47', '6MP5RC', 'WJR372');
UPDATE `bv_updation` SET sponsor_left_carry = sponsor_left_carry+50, sponsor_total_left = sponsor_total_left+50
WHERE `user_id` = 'WJR372';
INSERT INTO `sponsor_bv_update_history` (`left_carry`, `date`, `user_id`) VALUES ('50', '2024-10-01 23:03:47', 'WJR372');
INSERT INTO `matrix_filling` (`placement_id`, `downline_id`, `level`, `matrix`) VALUES ('YJ6OTD', '6MP5RC', 24, 1);
UPDATE `bv_updation` SET left_carry = left_carry+50, total_left = total_left+50
WHERE `user_id` = 'YJ6OTD';
INSERT INTO `placement_bv_update_history` (`left_carry`, `date`, `from_id`, `user_id`) VALUES ('50', '2024-10-01 23:03:47', '6MP5RC', 'YJ6OTD');
INSERT INTO `matrix_filling` (`placement_id`, `downline_id`, `level`, `matrix`) VALUES ('F8WLAW', '6MP5RC', 25, 1);
UPDATE `bv_updation` SET left_carry = left_carry+50, total_left = total_left+50
WHERE `user_id` = 'F8WLAW';
INSERT INTO `placement_bv_update_history` (`left_carry`, `date`, `from_id`, `user_id`) VALUES ('50', '2024-10-01 23:03:47', '6MP5RC', 'F8WLAW');
INSERT INTO `matrix_filling` (`placement_id`, `downline_id`, `level`, `matrix`) VALUES ('9H9OZM', '6MP5RC', 26, 1);
UPDATE `bv_updation` SET left_carry = left_carry+50, total_left = total_left+50
WHERE `user_id` = '9H9OZM';
INSERT INTO `placement_bv_update_history` (`left_carry`, `date`, `from_id`, `user_id`) VALUES ('50', '2024-10-01 23:03:47', '6MP5RC', '9H9OZM');
INSERT INTO `matrix_filling` (`placement_id`, `downline_id`, `level`, `matrix`) VALUES ('DLP7GD', '6MP5RC', 27, 1);
UPDATE `bv_updation` SET left_carry = left_carry+50, total_left = total_left+50
WHERE `user_id` = 'DLP7GD';
INSERT INTO `placement_bv_update_history` (`left_carry`, `date`, `from_id`, `user_id`) VALUES ('50', '2024-10-01 23:03:47', '6MP5RC', 'DLP7GD');
INSERT INTO `matrix_filling` (`placement_id`, `downline_id`, `level`, `matrix`) VALUES ('VG9TO9', '6MP5RC', 28, 1);
UPDATE `bv_updation` SET left_carry = left_carry+50, total_left = total_left+50
WHERE `user_id` = 'VG9TO9';
INSERT INTO `placement_bv_update_history` (`left_carry`, `date`, `from_id`, `user_id`) VALUES ('50', '2024-10-01 23:03:47', '6MP5RC', 'VG9TO9');
INSERT INTO `matrix_filling` (`placement_id`, `downline_id`, `level`, `matrix`) VALUES ('L8R95F', '6MP5RC', 29, 1);
UPDATE `bv_updation` SET left_carry = left_carry+50, total_left = total_left+50
WHERE `user_id` = 'L8R95F';
INSERT INTO `placement_bv_update_history` (`left_carry`, `date`, `from_id`, `user_id`) VALUES ('50', '2024-10-01 23:03:47', '6MP5RC', 'L8R95F');
INSERT INTO `matrix_filling` (`placement_id`, `downline_id`, `level`, `matrix`) VALUES ('Y9DPUD', '6MP5RC', 30, 1);
UPDATE `bv_updation` SET left_carry = left_carry+50, total_left = total_left+50
WHERE `user_id` = 'Y9DPUD';
INSERT INTO `placement_bv_update_history` (`left_carry`, `date`, `from_id`, `user_id`) VALUES ('50', '2024-10-01 23:03:47', '6MP5RC', 'Y9DPUD');
INSERT INTO `matrix_filling` (`placement_id`, `downline_id`, `level`, `matrix`) VALUES ('5H9TH3', '6MP5RC', 31, 1);
UPDATE `bv_updation` SET left_carry = left_carry+50, total_left = total_left+50
WHERE `user_id` = '5H9TH3';
INSERT INTO `placement_bv_update_history` (`left_carry`, `date`, `from_id`, `user_id`) VALUES ('50', '2024-10-01 23:03:47', '6MP5RC', '5H9TH3');
INSERT INTO `matrix_filling` (`placement_id`, `downline_id`, `level`, `matrix`) VALUES ('MIT9KW', '6MP5RC', 32, 1);
UPDATE `bv_updation` SET left_carry = left_carry+50, total_left = total_left+50
WHERE `user_id` = 'MIT9KW';
INSERT INTO `placement_bv_update_history` (`left_carry`, `date`, `from_id`, `user_id`) VALUES ('50', '2024-10-01 23:03:47', '6MP5RC', 'MIT9KW');
INSERT INTO `matrix_filling` (`placement_id`, `downline_id`, `level`, `matrix`) VALUES ('IMUABZ', '6MP5RC', 33, 1);
UPDATE `bv_updation` SET left_carry = left_carry+50, total_left = total_left+50
WHERE `user_id` = 'IMUABZ';
INSERT INTO `placement_bv_update_history` (`left_carry`, `date`, `from_id`, `user_id`) VALUES ('50', '2024-10-01 23:03:47', '6MP5RC', 'IMUABZ');
INSERT INTO `matrix_filling` (`placement_id`, `downline_id`, `level`, `matrix`) VALUES ('G54QC4', '6MP5RC', 34, 1);
UPDATE `bv_updation` SET left_carry = left_carry+50, total_left = total_left+50
WHERE `user_id` = 'G54QC4';
INSERT INTO `placement_bv_update_history` (`left_carry`, `date`, `from_id`, `user_id`) VALUES ('50', '2024-10-01 23:03:47', '6MP5RC', 'G54QC4');
INSERT INTO `matrix_filling` (`placement_id`, `downline_id`, `level`, `matrix`) VALUES ('9JPZJL', '6MP5RC', 35, 1);
UPDATE `bv_updation` SET left_carry = left_carry+50, total_left = total_left+50
WHERE `user_id` = '9JPZJL';
INSERT INTO `placement_bv_update_history` (`left_carry`, `date`, `from_id`, `user_id`) VALUES ('50', '2024-10-01 23:03:47', '6MP5RC', '9JPZJL');
INSERT INTO `matrix_filling` (`placement_id`, `downline_id`, `level`, `matrix`) VALUES ('E3PPZ3', '6MP5RC', 36, 1);
UPDATE `bv_updation` SET left_carry = left_carry+50, total_left = total_left+50
WHERE `user_id` = 'E3PPZ3';
INSERT INTO `placement_bv_update_history` (`left_carry`, `date`, `from_id`, `user_id`) VALUES ('50', '2024-10-01 23:03:47', '6MP5RC', 'E3PPZ3');
INSERT INTO `matrix_filling` (`placement_id`, `downline_id`, `level`, `matrix`) VALUES ('7RY1ZP', '6MP5RC', 37, 1);
UPDATE `bv_updation` SET left_carry = left_carry+50, total_left = total_left+50
WHERE `user_id` = '7RY1ZP';
INSERT INTO `placement_bv_update_history` (`left_carry`, `date`, `from_id`, `user_id`) VALUES ('50', '2024-10-01 23:03:47', '6MP5RC', '7RY1ZP');
INSERT INTO `matrix_filling` (`placement_id`, `downline_id`, `level`, `matrix`) VALUES ('ADZTOG', '6MP5RC', 38, 1);
UPDATE `bv_updation` SET right_carry = right_carry+50, total_right = total_right+50
WHERE `user_id` = 'ADZTOG';
INSERT INTO `placement_bv_update_history` (`right_carry`, `date`, `from_id`, `user_id`) VALUES ('50', '2024-10-01 23:03:47', '6MP5RC', 'ADZTOG');
INSERT INTO `matrix_filling` (`placement_id`, `downline_id`, `level`, `matrix`) VALUES ('A9858P', '6MP5RC', 39, 1);
UPDATE `bv_updation` SET right_carry = right_carry+50, total_right = total_right+50
WHERE `user_id` = 'A9858P';
INSERT INTO `placement_bv_update_history` (`right_carry`, `date`, `from_id`, `user_id`) VALUES ('50', '2024-10-01 23:03:47', '6MP5RC', 'A9858P');
INSERT INTO `matrix_filling` (`placement_id`, `downline_id`, `level`, `matrix`) VALUES ('admin', '6MP5RC', 40, 1);
UPDATE `bv_updation` SET right_carry = right_carry+50, total_right = total_right+50
WHERE `user_id` = 'admin';
INSERT INTO `placement_bv_update_history` (`right_carry`, `date`, `from_id`, `user_id`) VALUES ('50', '2024-10-01 23:03:47', '6MP5RC', 'admin');
INSERT INTO `package_purchase_history` (`user_id`, `package_id`, `reg_fee`, `package_name`, `monthly_fee`, `type`, `date`, `payment_option`) VALUES ('6MP5RC', '2', '595', 'Traveler Pro', '150', 'sign_up', '2024-10-01 23:03:47', 'free');
UPDATE `user_registration` SET `uid` = '2673', `user_id` = 'OBOVJO', `username` = 'mirtica1', `sponsor_id` = 'WJR372', `vacant` = 'no', `f_name` = 'Mirta', `l_name` = 'Arellano', `address` = '6520 Kendale Lakes Dr', `position` = 'right', `email` = 'mirtica1@gmail.com', `password` = '960e6f8864b30f4777d8696ec1e3d001', `phone` = '3057610606', `country` = 'United States', `state` = 'Florida', `city` = 'Miami', `street` = '6520 Kendale Lakes Dr', `zip_code` = '33183', `reg_ip` = '172.70.82.94', `status` = 1, `package_id` = '2', `rank_id` = 1, `highest_rank` = 1, `cycle_rank_id` = 1, `created` = '2024-10-01 23:05:56', `subscription_date` = '2024-10-31', `google_secret` = 'VEQSSUWNTPWOC4ON'
WHERE `uid` = '2673';
INSERT INTO `user_registration` (`uid`, `user_id`, `username`, `sponsor_id`, `placement_id`, `vacant`, `f_name`, `l_name`, `address`, `position`, `email`, `password`, `phone`, `reg_ip`, `status`, `created`) VALUES (NULL, 'VHMRKO', 'snWPqejb', 'OBOVJO', 'OBOVJO', 'yes', '', '', '', 'left', '@mail.com', '', '', '', 0, '2024-10-01 23:05:56');
INSERT INTO `user_registration` (`uid`, `user_id`, `username`, `sponsor_id`, `placement_id`, `vacant`, `f_name`, `l_name`, `address`, `position`, `email`, `password`, `phone`, `reg_ip`, `status`, `created`) VALUES (NULL, 'ISCHKJ', 'YtOZGGUV', 'OBOVJO', 'OBOVJO', 'yes', '', '', '', 'right', '@mail.com', '', '', '', 0, '2024-10-01 23:05:56');
INSERT INTO `bv_updation` (`user_id`) VALUES ('OBOVJO');
UPDATE `user_registration` SET total_ref_count = total_ref_count+1
WHERE `user_id` = 'WJR372';
UPDATE `user_registration` SET total_downlines = total_downlines+1
WHERE `user_id` = 'AT1C65';
UPDATE `user_registration` SET right_downlines = right_downlines+1
WHERE `user_id` = 'AT1C65';
UPDATE `user_registration` SET total_downlines = total_downlines+1
WHERE `user_id` = 'CF6X47';
UPDATE `user_registration` SET right_downlines = right_downlines+1
WHERE `user_id` = 'CF6X47';
UPDATE `user_registration` SET total_downlines = total_downlines+1
WHERE `user_id` = 'G8BZCS';
UPDATE `user_registration` SET right_downlines = right_downlines+1
WHERE `user_id` = 'G8BZCS';
UPDATE `user_registration` SET total_downlines = total_downlines+1
WHERE `user_id` = 'YJNQAL';
UPDATE `user_registration` SET right_downlines = right_downlines+1
WHERE `user_id` = 'YJNQAL';
UPDATE `user_registration` SET total_downlines = total_downlines+1
WHERE `user_id` = '3TMFS6';
UPDATE `user_registration` SET right_downlines = right_downlines+1
WHERE `user_id` = '3TMFS6';
UPDATE `user_registration` SET total_downlines = total_downlines+1
WHERE `user_id` = 'D72W66';
UPDATE `user_registration` SET right_downlines = right_downlines+1
WHERE `user_id` = 'D72W66';
UPDATE `user_registration` SET total_downlines = total_downlines+1
WHERE `user_id` = '1ZOBR2';
UPDATE `user_registration` SET right_downlines = right_downlines+1
WHERE `user_id` = '1ZOBR2';
UPDATE `user_registration` SET total_downlines = total_downlines+1
WHERE `user_id` = '3QE3ZD';
UPDATE `user_registration` SET right_downlines = right_downlines+1
WHERE `user_id` = '3QE3ZD';
UPDATE `user_registration` SET total_downlines = total_downlines+1
WHERE `user_id` = 'EFFXHS';
UPDATE `user_registration` SET right_downlines = right_downlines+1
WHERE `user_id` = 'EFFXHS';
UPDATE `user_registration` SET total_downlines = total_downlines+1
WHERE `user_id` = '8OWEB8';
UPDATE `user_registration` SET right_downlines = right_downlines+1
WHERE `user_id` = '8OWEB8';
UPDATE `user_registration` SET total_downlines = total_downlines+1
WHERE `user_id` = '7RU2CF';
UPDATE `user_registration` SET right_downlines = right_downlines+1
WHERE `user_id` = '7RU2CF';
UPDATE `user_registration` SET total_downlines = total_downlines+1
WHERE `user_id` = 'TXRFEG';
UPDATE `user_registration` SET right_downlines = right_downlines+1
WHERE `user_id` = 'TXRFEG';
UPDATE `user_registration` SET total_downlines = total_downlines+1
WHERE `user_id` = 'T2P1D9';
UPDATE `user_registration` SET right_downlines = right_downlines+1
WHERE `user_id` = 'T2P1D9';
UPDATE `user_registration` SET total_downlines = total_downlines+1
WHERE `user_id` = '3VV851';
UPDATE `user_registration` SET right_downlines = right_downlines+1
WHERE `user_id` = '3VV851';
UPDATE `user_registration` SET total_downlines = total_downlines+1
WHERE `user_id` = 'YHW7J9';
UPDATE `user_registration` SET right_downlines = right_downlines+1
WHERE `user_id` = 'YHW7J9';
UPDATE `user_registration` SET total_downlines = total_downlines+1
WHERE `user_id` = '85EVIX';
UPDATE `user_registration` SET right_downlines = right_downlines+1
WHERE `user_id` = '85EVIX';
UPDATE `user_registration` SET total_downlines = total_downlines+1
WHERE `user_id` = 'I4HOSL';
UPDATE `user_registration` SET right_downlines = right_downlines+1
WHERE `user_id` = 'I4HOSL';
UPDATE `user_registration` SET total_downlines = total_downlines+1
WHERE `user_id` = '2SB7SO';
UPDATE `user_registration` SET right_downlines = right_downlines+1
WHERE `user_id` = '2SB7SO';
UPDATE `user_registration` SET total_downlines = total_downlines+1
WHERE `user_id` = '7UGPLB';
UPDATE `user_registration` SET right_downlines = right_downlines+1
WHERE `user_id` = '7UGPLB';
UPDATE `user_registration` SET total_downlines = total_downlines+1
WHERE `user_id` = 'G6LBV6';
UPDATE `user_registration` SET right_downlines = right_downlines+1
WHERE `user_id` = 'G6LBV6';
UPDATE `user_registration` SET total_downlines = total_downlines+1
WHERE `user_id` = '5VW2TV';
UPDATE `user_registration` SET right_downlines = right_downlines+1
WHERE `user_id` = '5VW2TV';
UPDATE `user_registration` SET total_downlines = total_downlines+1
WHERE `user_id` = '1CISMF';
UPDATE `user_registration` SET right_downlines = right_downlines+1
WHERE `user_id` = '1CISMF';
UPDATE `user_registration` SET total_downlines = total_downlines+1
WHERE `user_id` = 'WA5PMD';
UPDATE `user_registration` SET right_downlines = right_downlines+1
WHERE `user_id` = 'WA5PMD';
UPDATE `user_registration` SET total_downlines = total_downlines+1
WHERE `user_id` = 'WJR372';
UPDATE `user_registration` SET right_downlines = right_downlines+1
WHERE `user_id` = 'WJR372';
UPDATE `user_registration` SET right_ref_count = right_ref_count+1
WHERE `user_id` = 'WJR372';
UPDATE `user_registration` SET active_right = active_right+1
WHERE `user_id` = 'WJR372';
UPDATE `user_registration` SET total_downlines = total_downlines+1
WHERE `user_id` = 'YJ6OTD';
UPDATE `user_registration` SET left_downlines = left_downlines+1
WHERE `user_id` = 'YJ6OTD';
UPDATE `user_registration` SET total_downlines = total_downlines+1
WHERE `user_id` = 'F8WLAW';
UPDATE `user_registration` SET left_downlines = left_downlines+1
WHERE `user_id` = 'F8WLAW';
UPDATE `user_registration` SET total_downlines = total_downlines+1
WHERE `user_id` = '9H9OZM';
UPDATE `user_registration` SET left_downlines = left_downlines+1
WHERE `user_id` = '9H9OZM';
UPDATE `user_registration` SET total_downlines = total_downlines+1
WHERE `user_id` = 'DLP7GD';
UPDATE `user_registration` SET left_downlines = left_downlines+1
WHERE `user_id` = 'DLP7GD';
UPDATE `user_registration` SET total_downlines = total_downlines+1
WHERE `user_id` = 'VG9TO9';
UPDATE `user_registration` SET left_downlines = left_downlines+1
WHERE `user_id` = 'VG9TO9';
UPDATE `user_registration` SET total_downlines = total_downlines+1
WHERE `user_id` = 'L8R95F';
UPDATE `user_registration` SET left_downlines = left_downlines+1
WHERE `user_id` = 'L8R95F';
UPDATE `user_registration` SET total_downlines = total_downlines+1
WHERE `user_id` = 'Y9DPUD';
UPDATE `user_registration` SET left_downlines = left_downlines+1
WHERE `user_id` = 'Y9DPUD';
UPDATE `user_registration` SET total_downlines = total_downlines+1
WHERE `user_id` = '5H9TH3';
UPDATE `user_registration` SET left_downlines = left_downlines+1
WHERE `user_id` = '5H9TH3';
UPDATE `user_registration` SET total_downlines = total_downlines+1
WHERE `user_id` = 'MIT9KW';
UPDATE `user_registration` SET left_downlines = left_downlines+1
WHERE `user_id` = 'MIT9KW';
UPDATE `user_registration` SET total_downlines = total_downlines+1
WHERE `user_id` = 'IMUABZ';
UPDATE `user_registration` SET left_downlines = left_downlines+1
WHERE `user_id` = 'IMUABZ';
UPDATE `user_registration` SET total_downlines = total_downlines+1
WHERE `user_id` = 'G54QC4';
UPDATE `user_registration` SET left_downlines = left_downlines+1
WHERE `user_id` = 'G54QC4';
UPDATE `user_registration` SET total_downlines = total_downlines+1
WHERE `user_id` = '9JPZJL';
UPDATE `user_registration` SET left_downlines = left_downlines+1
WHERE `user_id` = '9JPZJL';
UPDATE `user_registration` SET total_downlines = total_downlines+1
WHERE `user_id` = 'E3PPZ3';
UPDATE `user_registration` SET left_downlines = left_downlines+1
WHERE `user_id` = 'E3PPZ3';
UPDATE `user_registration` SET total_downlines = total_downlines+1
WHERE `user_id` = '7RY1ZP';
UPDATE `user_registration` SET left_downlines = left_downlines+1
WHERE `user_id` = '7RY1ZP';
UPDATE `user_registration` SET total_downlines = total_downlines+1
WHERE `user_id` = 'ADZTOG';
UPDATE `user_registration` SET right_downlines = right_downlines+1
WHERE `user_id` = 'ADZTOG';
UPDATE `user_registration` SET total_downlines = total_downlines+1
WHERE `user_id` = 'A9858P';
UPDATE `user_registration` SET right_downlines = right_downlines+1
WHERE `user_id` = 'A9858P';
UPDATE `user_registration` SET total_downlines = total_downlines+1
WHERE `user_id` = 'admin';
UPDATE `user_registration` SET right_downlines = right_downlines+1
WHERE `user_id` = 'admin';
INSERT INTO `investment` (`invest_date`, `user_id`, `type`, `amount`, `package_id`) VALUES ('2024-10-01 23:05:56', 'OBOVJO', 'register', '595', '2');
INSERT INTO `earnings` (`user_id`, `Purchaser_id`, `earning_type`, `package_id`, `amount`, `date`, `comments`, `invest_amount`, `comm_perc`, `level`, `rank_id`, `order_id`) VALUES ('WJR372', 'OBOVJO', 'Direct Referral Bonus', '2', '100', '2024-10-01 23:05:56', 'Direct Referral Bonus', 0, 0, 1, '', 335);
UPDATE `user_registration` SET commission_balance = ROUND(commission_balance + 100,2)
WHERE `user_id` = 'WJR372';
UPDATE `user_registration` SET referral_bonus = ROUND(referral_bonus + 100,2)
WHERE `user_id` = 'WJR372';
INSERT INTO `earnings` (`user_id`, `Purchaser_id`, `earning_type`, `package_id`, `amount`, `date`, `comments`, `invest_amount`, `comm_perc`, `level`, `rank_id`, `order_id`) VALUES ('7RY1ZP', 'OBOVJO', 'Expansion Bonus', '2', 100, '2024-10-01 23:05:56', 'Expansion Bonus', '100', 0, 1, '', 335);
UPDATE `user_registration` SET commission_balance = ROUND(commission_balance + 100,2)
WHERE `user_id` = '7RY1ZP';
UPDATE `user_registration` SET expansion_bonus = ROUND(expansion_bonus + 100,2)
WHERE `user_id` = '7RY1ZP';
INSERT INTO `earnings` (`user_id`, `Purchaser_id`, `earning_type`, `package_id`, `amount`, `date`, `comments`, `invest_amount`, `comm_perc`, `level`, `rank_id`, `order_id`) VALUES ('A9858P', 'OBOVJO', 'Expansion Bonus', '2', 100, '2024-10-01 23:05:56', 'Expansion Bonus', 200, 0, 1, '', 335);
UPDATE `user_registration` SET commission_balance = ROUND(commission_balance + 100,2)
WHERE `user_id` = 'A9858P';
UPDATE `user_registration` SET expansion_bonus = ROUND(expansion_bonus + 100,2)
WHERE `user_id` = 'A9858P';
INSERT INTO `matrix_filling` (`placement_id`, `downline_id`, `level`, `matrix`) VALUES ('AT1C65', 'OBOVJO', 1, 1);
UPDATE `bv_updation` SET right_carry = right_carry+50, total_right = total_right+50
WHERE `user_id` = 'AT1C65';
INSERT INTO `placement_bv_update_history` (`right_carry`, `date`, `from_id`, `user_id`) VALUES ('50', '2024-10-01 23:05:56', 'OBOVJO', 'AT1C65');
INSERT INTO `matrix_filling` (`placement_id`, `downline_id`, `level`, `matrix`) VALUES ('CF6X47', 'OBOVJO', 2, 1);
UPDATE `bv_updation` SET right_carry = right_carry+50, total_right = total_right+50
WHERE `user_id` = 'CF6X47';
INSERT INTO `placement_bv_update_history` (`right_carry`, `date`, `from_id`, `user_id`) VALUES ('50', '2024-10-01 23:05:56', 'OBOVJO', 'CF6X47');
INSERT INTO `matrix_filling` (`placement_id`, `downline_id`, `level`, `matrix`) VALUES ('G8BZCS', 'OBOVJO', 3, 1);
UPDATE `bv_updation` SET right_carry = right_carry+50, total_right = total_right+50
WHERE `user_id` = 'G8BZCS';
INSERT INTO `placement_bv_update_history` (`right_carry`, `date`, `from_id`, `user_id`) VALUES ('50', '2024-10-01 23:05:56', 'OBOVJO', 'G8BZCS');
INSERT INTO `matrix_filling` (`placement_id`, `downline_id`, `level`, `matrix`) VALUES ('YJNQAL', 'OBOVJO', 4, 1);
UPDATE `bv_updation` SET right_carry = right_carry+50, total_right = total_right+50
WHERE `user_id` = 'YJNQAL';
INSERT INTO `placement_bv_update_history` (`right_carry`, `date`, `from_id`, `user_id`) VALUES ('50', '2024-10-01 23:05:56', 'OBOVJO', 'YJNQAL');
INSERT INTO `matrix_filling` (`placement_id`, `downline_id`, `level`, `matrix`) VALUES ('3TMFS6', 'OBOVJO', 5, 1);
UPDATE `bv_updation` SET right_carry = right_carry+50, total_right = total_right+50
WHERE `user_id` = '3TMFS6';
INSERT INTO `placement_bv_update_history` (`right_carry`, `date`, `from_id`, `user_id`) VALUES ('50', '2024-10-01 23:05:56', 'OBOVJO', '3TMFS6');
INSERT INTO `matrix_filling` (`placement_id`, `downline_id`, `level`, `matrix`) VALUES ('D72W66', 'OBOVJO', 6, 1);
UPDATE `bv_updation` SET right_carry = right_carry+50, total_right = total_right+50
WHERE `user_id` = 'D72W66';
INSERT INTO `placement_bv_update_history` (`right_carry`, `date`, `from_id`, `user_id`) VALUES ('50', '2024-10-01 23:05:56', 'OBOVJO', 'D72W66');
INSERT INTO `matrix_filling` (`placement_id`, `downline_id`, `level`, `matrix`) VALUES ('1ZOBR2', 'OBOVJO', 7, 1);
UPDATE `bv_updation` SET right_carry = right_carry+50, total_right = total_right+50
WHERE `user_id` = '1ZOBR2';
INSERT INTO `placement_bv_update_history` (`right_carry`, `date`, `from_id`, `user_id`) VALUES ('50', '2024-10-01 23:05:56', 'OBOVJO', '1ZOBR2');
INSERT INTO `matrix_filling` (`placement_id`, `downline_id`, `level`, `matrix`) VALUES ('3QE3ZD', 'OBOVJO', 8, 1);
UPDATE `bv_updation` SET right_carry = right_carry+50, total_right = total_right+50
WHERE `user_id` = '3QE3ZD';
INSERT INTO `placement_bv_update_history` (`right_carry`, `date`, `from_id`, `user_id`) VALUES ('50', '2024-10-01 23:05:56', 'OBOVJO', '3QE3ZD');
INSERT INTO `matrix_filling` (`placement_id`, `downline_id`, `level`, `matrix`) VALUES ('EFFXHS', 'OBOVJO', 9, 1);
UPDATE `bv_updation` SET right_carry = right_carry+50, total_right = total_right+50
WHERE `user_id` = 'EFFXHS';
INSERT INTO `placement_bv_update_history` (`right_carry`, `date`, `from_id`, `user_id`) VALUES ('50', '2024-10-01 23:05:56', 'OBOVJO', 'EFFXHS');
INSERT INTO `matrix_filling` (`placement_id`, `downline_id`, `level`, `matrix`) VALUES ('8OWEB8', 'OBOVJO', 10, 1);
UPDATE `bv_updation` SET right_carry = right_carry+50, total_right = total_right+50
WHERE `user_id` = '8OWEB8';
INSERT INTO `placement_bv_update_history` (`right_carry`, `date`, `from_id`, `user_id`) VALUES ('50', '2024-10-01 23:05:56', 'OBOVJO', '8OWEB8');
INSERT INTO `matrix_filling` (`placement_id`, `downline_id`, `level`, `matrix`) VALUES ('7RU2CF', 'OBOVJO', 11, 1);
UPDATE `bv_updation` SET right_carry = right_carry+50, total_right = total_right+50
WHERE `user_id` = '7RU2CF';
INSERT INTO `placement_bv_update_history` (`right_carry`, `date`, `from_id`, `user_id`) VALUES ('50', '2024-10-01 23:05:56', 'OBOVJO', '7RU2CF');
INSERT INTO `matrix_filling` (`placement_id`, `downline_id`, `level`, `matrix`) VALUES ('TXRFEG', 'OBOVJO', 12, 1);
UPDATE `bv_updation` SET right_carry = right_carry+50, total_right = total_right+50
WHERE `user_id` = 'TXRFEG';
INSERT INTO `placement_bv_update_history` (`right_carry`, `date`, `from_id`, `user_id`) VALUES ('50', '2024-10-01 23:05:56', 'OBOVJO', 'TXRFEG');
INSERT INTO `matrix_filling` (`placement_id`, `downline_id`, `level`, `matrix`) VALUES ('T2P1D9', 'OBOVJO', 13, 1);
UPDATE `bv_updation` SET right_carry = right_carry+50, total_right = total_right+50
WHERE `user_id` = 'T2P1D9';
INSERT INTO `placement_bv_update_history` (`right_carry`, `date`, `from_id`, `user_id`) VALUES ('50', '2024-10-01 23:05:56', 'OBOVJO', 'T2P1D9');
INSERT INTO `matrix_filling` (`placement_id`, `downline_id`, `level`, `matrix`) VALUES ('3VV851', 'OBOVJO', 14, 1);
UPDATE `bv_updation` SET right_carry = right_carry+50, total_right = total_right+50
WHERE `user_id` = '3VV851';
INSERT INTO `placement_bv_update_history` (`right_carry`, `date`, `from_id`, `user_id`) VALUES ('50', '2024-10-01 23:05:56', 'OBOVJO', '3VV851');
INSERT INTO `matrix_filling` (`placement_id`, `downline_id`, `level`, `matrix`) VALUES ('YHW7J9', 'OBOVJO', 15, 1);
UPDATE `bv_updation` SET right_carry = right_carry+50, total_right = total_right+50
WHERE `user_id` = 'YHW7J9';
INSERT INTO `placement_bv_update_history` (`right_carry`, `date`, `from_id`, `user_id`) VALUES ('50', '2024-10-01 23:05:56', 'OBOVJO', 'YHW7J9');
INSERT INTO `matrix_filling` (`placement_id`, `downline_id`, `level`, `matrix`) VALUES ('85EVIX', 'OBOVJO', 16, 1);
UPDATE `bv_updation` SET right_carry = right_carry+50, total_right = total_right+50
WHERE `user_id` = '85EVIX';
INSERT INTO `placement_bv_update_history` (`right_carry`, `date`, `from_id`, `user_id`) VALUES ('50', '2024-10-01 23:05:57', 'OBOVJO', '85EVIX');
INSERT INTO `matrix_filling` (`placement_id`, `downline_id`, `level`, `matrix`) VALUES ('I4HOSL', 'OBOVJO', 17, 1);
UPDATE `bv_updation` SET right_carry = right_carry+50, total_right = total_right+50
WHERE `user_id` = 'I4HOSL';
INSERT INTO `placement_bv_update_history` (`right_carry`, `date`, `from_id`, `user_id`) VALUES ('50', '2024-10-01 23:05:57', 'OBOVJO', 'I4HOSL');
INSERT INTO `matrix_filling` (`placement_id`, `downline_id`, `level`, `matrix`) VALUES ('2SB7SO', 'OBOVJO', 18, 1);
UPDATE `bv_updation` SET right_carry = right_carry+50, total_right = total_right+50
WHERE `user_id` = '2SB7SO';
INSERT INTO `placement_bv_update_history` (`right_carry`, `date`, `from_id`, `user_id`) VALUES ('50', '2024-10-01 23:05:57', 'OBOVJO', '2SB7SO');
INSERT INTO `matrix_filling` (`placement_id`, `downline_id`, `level`, `matrix`) VALUES ('7UGPLB', 'OBOVJO', 19, 1);
UPDATE `bv_updation` SET right_carry = right_carry+50, total_right = total_right+50
WHERE `user_id` = '7UGPLB';
INSERT INTO `placement_bv_update_history` (`right_carry`, `date`, `from_id`, `user_id`) VALUES ('50', '2024-10-01 23:05:57', 'OBOVJO', '7UGPLB');
INSERT INTO `matrix_filling` (`placement_id`, `downline_id`, `level`, `matrix`) VALUES ('G6LBV6', 'OBOVJO', 20, 1);
UPDATE `bv_updation` SET right_carry = right_carry+50, total_right = total_right+50
WHERE `user_id` = 'G6LBV6';
INSERT INTO `placement_bv_update_history` (`right_carry`, `date`, `from_id`, `user_id`) VALUES ('50', '2024-10-01 23:05:57', 'OBOVJO', 'G6LBV6');
INSERT INTO `matrix_filling` (`placement_id`, `downline_id`, `level`, `matrix`) VALUES ('5VW2TV', 'OBOVJO', 21, 1);
UPDATE `bv_updation` SET right_carry = right_carry+50, total_right = total_right+50
WHERE `user_id` = '5VW2TV';
INSERT INTO `placement_bv_update_history` (`right_carry`, `date`, `from_id`, `user_id`) VALUES ('50', '2024-10-01 23:05:57', 'OBOVJO', '5VW2TV');
INSERT INTO `matrix_filling` (`placement_id`, `downline_id`, `level`, `matrix`) VALUES ('1CISMF', 'OBOVJO', 22, 1);
UPDATE `bv_updation` SET right_carry = right_carry+50, total_right = total_right+50
WHERE `user_id` = '1CISMF';
INSERT INTO `placement_bv_update_history` (`right_carry`, `date`, `from_id`, `user_id`) VALUES ('50', '2024-10-01 23:05:57', 'OBOVJO', '1CISMF');
INSERT INTO `matrix_filling` (`placement_id`, `downline_id`, `level`, `matrix`) VALUES ('WA5PMD', 'OBOVJO', 23, 1);
UPDATE `bv_updation` SET right_carry = right_carry+50, total_right = total_right+50
WHERE `user_id` = 'WA5PMD';
INSERT INTO `placement_bv_update_history` (`right_carry`, `date`, `from_id`, `user_id`) VALUES ('50', '2024-10-01 23:05:57', 'OBOVJO', 'WA5PMD');
INSERT INTO `matrix_filling` (`placement_id`, `downline_id`, `level`, `matrix`) VALUES ('WJR372', 'OBOVJO', 24, 1);
UPDATE `bv_updation` SET right_carry = right_carry+50, total_right = total_right+50
WHERE `user_id` = 'WJR372';
INSERT INTO `placement_bv_update_history` (`right_carry`, `date`, `from_id`, `user_id`) VALUES ('50', '2024-10-01 23:05:57', 'OBOVJO', 'WJR372');
UPDATE `bv_updation` SET sponsor_right_carry = sponsor_right_carry+50, sponsor_total_right = sponsor_total_right+50
WHERE `user_id` = 'WJR372';
INSERT INTO `sponsor_bv_update_history` (`right_carry`, `date`, `user_id`) VALUES ('50', '2024-10-01 23:05:57', 'WJR372');
INSERT INTO `matrix_filling` (`placement_id`, `downline_id`, `level`, `matrix`) VALUES ('YJ6OTD', 'OBOVJO', 25, 1);
UPDATE `bv_updation` SET left_carry = left_carry+50, total_left = total_left+50
WHERE `user_id` = 'YJ6OTD';
INSERT INTO `placement_bv_update_history` (`left_carry`, `date`, `from_id`, `user_id`) VALUES ('50', '2024-10-01 23:05:57', 'OBOVJO', 'YJ6OTD');
INSERT INTO `matrix_filling` (`placement_id`, `downline_id`, `level`, `matrix`) VALUES ('F8WLAW', 'OBOVJO', 26, 1);
UPDATE `bv_updation` SET left_carry = left_carry+50, total_left = total_left+50
WHERE `user_id` = 'F8WLAW';
INSERT INTO `placement_bv_update_history` (`left_carry`, `date`, `from_id`, `user_id`) VALUES ('50', '2024-10-01 23:05:57', 'OBOVJO', 'F8WLAW');
INSERT INTO `matrix_filling` (`placement_id`, `downline_id`, `level`, `matrix`) VALUES ('9H9OZM', 'OBOVJO', 27, 1);
UPDATE `bv_updation` SET left_carry = left_carry+50, total_left = total_left+50
WHERE `user_id` = '9H9OZM';
INSERT INTO `placement_bv_update_history` (`left_carry`, `date`, `from_id`, `user_id`) VALUES ('50', '2024-10-01 23:05:57', 'OBOVJO', '9H9OZM');
INSERT INTO `matrix_filling` (`placement_id`, `downline_id`, `level`, `matrix`) VALUES ('DLP7GD', 'OBOVJO', 28, 1);
UPDATE `bv_updation` SET left_carry = left_carry+50, total_left = total_left+50
WHERE `user_id` = 'DLP7GD';
INSERT INTO `placement_bv_update_history` (`left_carry`, `date`, `from_id`, `user_id`) VALUES ('50', '2024-10-01 23:05:57', 'OBOVJO', 'DLP7GD');
INSERT INTO `matrix_filling` (`placement_id`, `downline_id`, `level`, `matrix`) VALUES ('VG9TO9', 'OBOVJO', 29, 1);
UPDATE `bv_updation` SET left_carry = left_carry+50, total_left = total_left+50
WHERE `user_id` = 'VG9TO9';
INSERT INTO `placement_bv_update_history` (`left_carry`, `date`, `from_id`, `user_id`) VALUES ('50', '2024-10-01 23:05:57', 'OBOVJO', 'VG9TO9');
INSERT INTO `matrix_filling` (`placement_id`, `downline_id`, `level`, `matrix`) VALUES ('L8R95F', 'OBOVJO', 30, 1);
UPDATE `bv_updation` SET left_carry = left_carry+50, total_left = total_left+50
WHERE `user_id` = 'L8R95F';
INSERT INTO `placement_bv_update_history` (`left_carry`, `date`, `from_id`, `user_id`) VALUES ('50', '2024-10-01 23:05:57', 'OBOVJO', 'L8R95F');
INSERT INTO `matrix_filling` (`placement_id`, `downline_id`, `level`, `matrix`) VALUES ('Y9DPUD', 'OBOVJO', 31, 1);
UPDATE `bv_updation` SET left_carry = left_carry+50, total_left = total_left+50
WHERE `user_id` = 'Y9DPUD';
INSERT INTO `placement_bv_update_history` (`left_carry`, `date`, `from_id`, `user_id`) VALUES ('50', '2024-10-01 23:05:57', 'OBOVJO', 'Y9DPUD');
INSERT INTO `matrix_filling` (`placement_id`, `downline_id`, `level`, `matrix`) VALUES ('5H9TH3', 'OBOVJO', 32, 1);
UPDATE `bv_updation` SET left_carry = left_carry+50, total_left = total_left+50
WHERE `user_id` = '5H9TH3';
INSERT INTO `placement_bv_update_history` (`left_carry`, `date`, `from_id`, `user_id`) VALUES ('50', '2024-10-01 23:05:57', 'OBOVJO', '5H9TH3');
INSERT INTO `matrix_filling` (`placement_id`, `downline_id`, `level`, `matrix`) VALUES ('MIT9KW', 'OBOVJO', 33, 1);
UPDATE `bv_updation` SET left_carry = left_carry+50, total_left = total_left+50
WHERE `user_id` = 'MIT9KW';
INSERT INTO `placement_bv_update_history` (`left_carry`, `date`, `from_id`, `user_id`) VALUES ('50', '2024-10-01 23:05:57', 'OBOVJO', 'MIT9KW');
INSERT INTO `matrix_filling` (`placement_id`, `downline_id`, `level`, `matrix`) VALUES ('IMUABZ', 'OBOVJO', 34, 1);
UPDATE `bv_updation` SET left_carry = left_carry+50, total_left = total_left+50
WHERE `user_id` = 'IMUABZ';
INSERT INTO `placement_bv_update_history` (`left_carry`, `date`, `from_id`, `user_id`) VALUES ('50', '2024-10-01 23:05:57', 'OBOVJO', 'IMUABZ');
INSERT INTO `matrix_filling` (`placement_id`, `downline_id`, `level`, `matrix`) VALUES ('G54QC4', 'OBOVJO', 35, 1);
UPDATE `bv_updation` SET left_carry = left_carry+50, total_left = total_left+50
WHERE `user_id` = 'G54QC4';
INSERT INTO `placement_bv_update_history` (`left_carry`, `date`, `from_id`, `user_id`) VALUES ('50', '2024-10-01 23:05:57', 'OBOVJO', 'G54QC4');
INSERT INTO `matrix_filling` (`placement_id`, `downline_id`, `level`, `matrix`) VALUES ('9JPZJL', 'OBOVJO', 36, 1);
UPDATE `bv_updation` SET left_carry = left_carry+50, total_left = total_left+50
WHERE `user_id` = '9JPZJL';
INSERT INTO `placement_bv_update_history` (`left_carry`, `date`, `from_id`, `user_id`) VALUES ('50', '2024-10-01 23:05:57', 'OBOVJO', '9JPZJL');
INSERT INTO `matrix_filling` (`placement_id`, `downline_id`, `level`, `matrix`) VALUES ('E3PPZ3', 'OBOVJO', 37, 1);
UPDATE `bv_updation` SET left_carry = left_carry+50, total_left = total_left+50
WHERE `user_id` = 'E3PPZ3';
INSERT INTO `placement_bv_update_history` (`left_carry`, `date`, `from_id`, `user_id`) VALUES ('50', '2024-10-01 23:05:57', 'OBOVJO', 'E3PPZ3');
INSERT INTO `matrix_filling` (`placement_id`, `downline_id`, `level`, `matrix`) VALUES ('7RY1ZP', 'OBOVJO', 38, 1);
UPDATE `bv_updation` SET left_carry = left_carry+50, total_left = total_left+50
WHERE `user_id` = '7RY1ZP';
INSERT INTO `placement_bv_update_history` (`left_carry`, `date`, `from_id`, `user_id`) VALUES ('50', '2024-10-01 23:05:57', 'OBOVJO', '7RY1ZP');
INSERT INTO `matrix_filling` (`placement_id`, `downline_id`, `level`, `matrix`) VALUES ('ADZTOG', 'OBOVJO', 39, 1);
UPDATE `bv_updation` SET right_carry = right_carry+50, total_right = total_right+50
WHERE `user_id` = 'ADZTOG';
INSERT INTO `placement_bv_update_history` (`right_carry`, `date`, `from_id`, `user_id`) VALUES ('50', '2024-10-01 23:05:57', 'OBOVJO', 'ADZTOG');
INSERT INTO `matrix_filling` (`placement_id`, `downline_id`, `level`, `matrix`) VALUES ('A9858P', 'OBOVJO', 40, 1);
UPDATE `bv_updation` SET right_carry = right_carry+50, total_right = total_right+50
WHERE `user_id` = 'A9858P';
INSERT INTO `placement_bv_update_history` (`right_carry`, `date`, `from_id`, `user_id`) VALUES ('50', '2024-10-01 23:05:57', 'OBOVJO', 'A9858P');
INSERT INTO `matrix_filling` (`placement_id`, `downline_id`, `level`, `matrix`) VALUES ('admin', 'OBOVJO', 41, 1);
UPDATE `bv_updation` SET right_carry = right_carry+50, total_right = total_right+50
WHERE `user_id` = 'admin';
INSERT INTO `placement_bv_update_history` (`right_carry`, `date`, `from_id`, `user_id`) VALUES ('50', '2024-10-01 23:05:57', 'OBOVJO', 'admin');
INSERT INTO `package_purchase_history` (`user_id`, `package_id`, `reg_fee`, `package_name`, `monthly_fee`, `type`, `date`, `payment_option`) VALUES ('OBOVJO', '2', '595', 'Traveler Pro', '150', 'sign_up', '2024-10-01 23:05:57', 'free');
UPDATE `user_registration` SET `popup_seen` = 'yes'
WHERE `user_id` = 'WJR372';
UPDATE `user_registration` SET `uid` = '2674', `user_id` = 'QXLAE5', `username` = 'penelope1', `sponsor_id` = 'WJR372', `vacant` = 'no', `f_name` = 'Penelope', `l_name` = 'Diaz', `address` = '6520 Kendale Lakes Dr', `position` = 'left', `email` = 'penelope1@gmail.com', `password` = '22e123ee6ae070332080b0c500ed8f88', `phone` = '3057610606', `country` = 'United States', `state` = 'Florida', `city` = 'Miami', `street` = '6520 Kendale Lakes Dr', `zip_code` = '33183', `reg_ip` = '172.70.255.86', `status` = 1, `package_id` = '2', `rank_id` = 1, `highest_rank` = 1, `cycle_rank_id` = 1, `created` = '2024-10-01 23:07:34', `subscription_date` = '2024-10-31', `google_secret` = 'TAGO26Y37476EJGE'
WHERE `uid` = '2674';
INSERT INTO `user_registration` (`uid`, `user_id`, `username`, `sponsor_id`, `placement_id`, `vacant`, `f_name`, `l_name`, `address`, `position`, `email`, `password`, `phone`, `reg_ip`, `status`, `created`) VALUES (NULL, 'EOYILF', 'cqHrXHTs', 'QXLAE5', 'QXLAE5', 'yes', '', '', '', 'left', '@mail.com', '', '', '', 0, '2024-10-01 23:07:34');
INSERT INTO `user_registration` (`uid`, `user_id`, `username`, `sponsor_id`, `placement_id`, `vacant`, `f_name`, `l_name`, `address`, `position`, `email`, `password`, `phone`, `reg_ip`, `status`, `created`) VALUES (NULL, 'AXYAXL', 'BxfvhlTO', 'QXLAE5', 'QXLAE5', 'yes', '', '', '', 'right', '@mail.com', '', '', '', 0, '2024-10-01 23:07:34');
INSERT INTO `bv_updation` (`user_id`) VALUES ('QXLAE5');
UPDATE `user_registration` SET total_ref_count = total_ref_count+1
WHERE `user_id` = 'WJR372';
UPDATE `user_registration` SET total_downlines = total_downlines+1
WHERE `user_id` = '6MP5RC';
UPDATE `user_registration` SET left_downlines = left_downlines+1
WHERE `user_id` = '6MP5RC';
UPDATE `user_registration` SET total_downlines = total_downlines+1
WHERE `user_id` = 'SA9I5P';
UPDATE `user_registration` SET left_downlines = left_downlines+1
WHERE `user_id` = 'SA9I5P';
UPDATE `user_registration` SET total_downlines = total_downlines+1
WHERE `user_id` = 'WR44QL';
UPDATE `user_registration` SET left_downlines = left_downlines+1
WHERE `user_id` = 'WR44QL';
UPDATE `user_registration` SET total_downlines = total_downlines+1
WHERE `user_id` = 'ILX3KF';
UPDATE `user_registration` SET left_downlines = left_downlines+1
WHERE `user_id` = 'ILX3KF';
UPDATE `user_registration` SET total_downlines = total_downlines+1
WHERE `user_id` = '25LOZM';
UPDATE `user_registration` SET left_downlines = left_downlines+1
WHERE `user_id` = '25LOZM';
UPDATE `user_registration` SET total_downlines = total_downlines+1
WHERE `user_id` = 'AR91G7';
UPDATE `user_registration` SET left_downlines = left_downlines+1
WHERE `user_id` = 'AR91G7';
UPDATE `user_registration` SET total_downlines = total_downlines+1
WHERE `user_id` = '4ZBPYB';
UPDATE `user_registration` SET left_downlines = left_downlines+1
WHERE `user_id` = '4ZBPYB';
UPDATE `user_registration` SET total_downlines = total_downlines+1
WHERE `user_id` = 'L7P5UX';
UPDATE `user_registration` SET left_downlines = left_downlines+1
WHERE `user_id` = 'L7P5UX';
UPDATE `user_registration` SET total_downlines = total_downlines+1
WHERE `user_id` = 'EEUE1I';
UPDATE `user_registration` SET left_downlines = left_downlines+1
WHERE `user_id` = 'EEUE1I';
UPDATE `user_registration` SET total_downlines = total_downlines+1
WHERE `user_id` = 'WI6GG7';
UPDATE `user_registration` SET left_downlines = left_downlines+1
WHERE `user_id` = 'WI6GG7';
UPDATE `user_registration` SET total_downlines = total_downlines+1
WHERE `user_id` = 'ZX2ZSO';
UPDATE `user_registration` SET left_downlines = left_downlines+1
WHERE `user_id` = 'ZX2ZSO';
UPDATE `user_registration` SET total_downlines = total_downlines+1
WHERE `user_id` = 'EQPDS4';
UPDATE `user_registration` SET left_downlines = left_downlines+1
WHERE `user_id` = 'EQPDS4';
UPDATE `user_registration` SET total_downlines = total_downlines+1
WHERE `user_id` = 'KEV3O2';
UPDATE `user_registration` SET left_downlines = left_downlines+1
WHERE `user_id` = 'KEV3O2';
UPDATE `user_registration` SET total_downlines = total_downlines+1
WHERE `user_id` = '21NWVU';
UPDATE `user_registration` SET left_downlines = left_downlines+1
WHERE `user_id` = '21NWVU';
UPDATE `user_registration` SET total_downlines = total_downlines+1
WHERE `user_id` = 'MBUQAV';
UPDATE `user_registration` SET left_downlines = left_downlines+1
WHERE `user_id` = 'MBUQAV';
UPDATE `user_registration` SET total_downlines = total_downlines+1
WHERE `user_id` = 'GHEMGX';
UPDATE `user_registration` SET left_downlines = left_downlines+1
WHERE `user_id` = 'GHEMGX';
UPDATE `user_registration` SET total_downlines = total_downlines+1
WHERE `user_id` = 'QTPJS8';
UPDATE `user_registration` SET left_downlines = left_downlines+1
WHERE `user_id` = 'QTPJS8';
UPDATE `user_registration` SET total_downlines = total_downlines+1
WHERE `user_id` = 'Z1I4TX';
UPDATE `user_registration` SET left_downlines = left_downlines+1
WHERE `user_id` = 'Z1I4TX';
UPDATE `user_registration` SET total_downlines = total_downlines+1
WHERE `user_id` = 'G5ZEHT';
UPDATE `user_registration` SET left_downlines = left_downlines+1
WHERE `user_id` = 'G5ZEHT';
UPDATE `user_registration` SET total_downlines = total_downlines+1
WHERE `user_id` = 'AVXMIZ';
UPDATE `user_registration` SET left_downlines = left_downlines+1
WHERE `user_id` = 'AVXMIZ';
UPDATE `user_registration` SET total_downlines = total_downlines+1
WHERE `user_id` = 'CUQRWZ';
UPDATE `user_registration` SET left_downlines = left_downlines+1
WHERE `user_id` = 'CUQRWZ';
UPDATE `user_registration` SET total_downlines = total_downlines+1
WHERE `user_id` = '8JWYB8';
UPDATE `user_registration` SET left_downlines = left_downlines+1
WHERE `user_id` = '8JWYB8';
UPDATE `user_registration` SET total_downlines = total_downlines+1
WHERE `user_id` = 'Q8W4P6';
UPDATE `user_registration` SET left_downlines = left_downlines+1
WHERE `user_id` = 'Q8W4P6';
UPDATE `user_registration` SET total_downlines = total_downlines+1
WHERE `user_id` = 'WJR372';
UPDATE `user_registration` SET left_downlines = left_downlines+1
WHERE `user_id` = 'WJR372';
UPDATE `user_registration` SET left_ref_count = left_ref_count+1
WHERE `user_id` = 'WJR372';
UPDATE `user_registration` SET active_left = active_left+1
WHERE `user_id` = 'WJR372';
UPDATE `user_registration` SET total_downlines = total_downlines+1
WHERE `user_id` = 'YJ6OTD';
UPDATE `user_registration` SET left_downlines = left_downlines+1
WHERE `user_id` = 'YJ6OTD';
UPDATE `user_registration` SET total_downlines = total_downlines+1
WHERE `user_id` = 'F8WLAW';
UPDATE `user_registration` SET left_downlines = left_downlines+1
WHERE `user_id` = 'F8WLAW';
UPDATE `user_registration` SET total_downlines = total_downlines+1
WHERE `user_id` = '9H9OZM';
UPDATE `user_registration` SET left_downlines = left_downlines+1
WHERE `user_id` = '9H9OZM';
UPDATE `user_registration` SET total_downlines = total_downlines+1
WHERE `user_id` = 'DLP7GD';
UPDATE `user_registration` SET left_downlines = left_downlines+1
WHERE `user_id` = 'DLP7GD';
UPDATE `user_registration` SET total_downlines = total_downlines+1
WHERE `user_id` = 'VG9TO9';
UPDATE `user_registration` SET left_downlines = left_downlines+1
WHERE `user_id` = 'VG9TO9';
UPDATE `user_registration` SET total_downlines = total_downlines+1
WHERE `user_id` = 'L8R95F';
UPDATE `user_registration` SET left_downlines = left_downlines+1
WHERE `user_id` = 'L8R95F';
UPDATE `user_registration` SET total_downlines = total_downlines+1
WHERE `user_id` = 'Y9DPUD';
UPDATE `user_registration` SET left_downlines = left_downlines+1
WHERE `user_id` = 'Y9DPUD';
UPDATE `user_registration` SET total_downlines = total_downlines+1
WHERE `user_id` = '5H9TH3';
UPDATE `user_registration` SET left_downlines = left_downlines+1
WHERE `user_id` = '5H9TH3';
UPDATE `user_registration` SET total_downlines = total_downlines+1
WHERE `user_id` = 'MIT9KW';
UPDATE `user_registration` SET left_downlines = left_downlines+1
WHERE `user_id` = 'MIT9KW';
UPDATE `user_registration` SET total_downlines = total_downlines+1
WHERE `user_id` = 'IMUABZ';
UPDATE `user_registration` SET left_downlines = left_downlines+1
WHERE `user_id` = 'IMUABZ';
UPDATE `user_registration` SET total_downlines = total_downlines+1
WHERE `user_id` = 'G54QC4';
UPDATE `user_registration` SET left_downlines = left_downlines+1
WHERE `user_id` = 'G54QC4';
UPDATE `user_registration` SET total_downlines = total_downlines+1
WHERE `user_id` = '9JPZJL';
UPDATE `user_registration` SET left_downlines = left_downlines+1
WHERE `user_id` = '9JPZJL';
UPDATE `user_registration` SET total_downlines = total_downlines+1
WHERE `user_id` = 'E3PPZ3';
UPDATE `user_registration` SET left_downlines = left_downlines+1
WHERE `user_id` = 'E3PPZ3';
UPDATE `user_registration` SET total_downlines = total_downlines+1
WHERE `user_id` = '7RY1ZP';
UPDATE `user_registration` SET left_downlines = left_downlines+1
WHERE `user_id` = '7RY1ZP';
UPDATE `user_registration` SET total_downlines = total_downlines+1
WHERE `user_id` = 'ADZTOG';
UPDATE `user_registration` SET right_downlines = right_downlines+1
WHERE `user_id` = 'ADZTOG';
UPDATE `user_registration` SET total_downlines = total_downlines+1
WHERE `user_id` = 'A9858P';
UPDATE `user_registration` SET right_downlines = right_downlines+1
WHERE `user_id` = 'A9858P';
UPDATE `user_registration` SET total_downlines = total_downlines+1
WHERE `user_id` = 'admin';
UPDATE `user_registration` SET right_downlines = right_downlines+1
WHERE `user_id` = 'admin';
INSERT INTO `investment` (`invest_date`, `user_id`, `type`, `amount`, `package_id`) VALUES ('2024-10-01 23:07:34', 'QXLAE5', 'register', '595', '2');
INSERT INTO `earnings` (`user_id`, `Purchaser_id`, `earning_type`, `package_id`, `amount`, `date`, `comments`, `invest_amount`, `comm_perc`, `level`, `rank_id`, `order_id`) VALUES ('WJR372', 'QXLAE5', 'Direct Referral Bonus', '2', '100', '2024-10-01 23:07:34', 'Direct Referral Bonus', 0, 0, 1, '', 336);
UPDATE `user_registration` SET commission_balance = ROUND(commission_balance + 100,2)
WHERE `user_id` = 'WJR372';
UPDATE `user_registration` SET referral_bonus = ROUND(referral_bonus + 100,2)
WHERE `user_id` = 'WJR372';
INSERT INTO `earnings` (`user_id`, `Purchaser_id`, `earning_type`, `package_id`, `amount`, `date`, `comments`, `invest_amount`, `comm_perc`, `level`, `rank_id`, `order_id`) VALUES ('7RY1ZP', 'QXLAE5', 'Expansion Bonus', '2', 100, '2024-10-01 23:07:34', 'Expansion Bonus', '100', 0, 1, '', 336);
UPDATE `user_registration` SET commission_balance = ROUND(commission_balance + 100,2)
WHERE `user_id` = '7RY1ZP';
UPDATE `user_registration` SET expansion_bonus = ROUND(expansion_bonus + 100,2)
WHERE `user_id` = '7RY1ZP';
INSERT INTO `earnings` (`user_id`, `Purchaser_id`, `earning_type`, `package_id`, `amount`, `date`, `comments`, `invest_amount`, `comm_perc`, `level`, `rank_id`, `order_id`) VALUES ('A9858P', 'QXLAE5', 'Expansion Bonus', '2', 100, '2024-10-01 23:07:34', 'Expansion Bonus', 200, 0, 1, '', 336);
UPDATE `user_registration` SET commission_balance = ROUND(commission_balance + 100,2)
WHERE `user_id` = 'A9858P';
UPDATE `user_registration` SET expansion_bonus = ROUND(expansion_bonus + 100,2)
WHERE `user_id` = 'A9858P';
INSERT INTO `matrix_filling` (`placement_id`, `downline_id`, `level`, `matrix`) VALUES ('6MP5RC', 'QXLAE5', 1, 1);
UPDATE `bv_updation` SET left_carry = left_carry+50, total_left = total_left+50
WHERE `user_id` = '6MP5RC';
INSERT INTO `placement_bv_update_history` (`left_carry`, `date`, `from_id`, `user_id`) VALUES ('50', '2024-10-01 23:07:34', 'QXLAE5', '6MP5RC');
INSERT INTO `matrix_filling` (`placement_id`, `downline_id`, `level`, `matrix`) VALUES ('SA9I5P', 'QXLAE5', 2, 1);
UPDATE `bv_updation` SET left_carry = left_carry+50, total_left = total_left+50
WHERE `user_id` = 'SA9I5P';
INSERT INTO `placement_bv_update_history` (`left_carry`, `date`, `from_id`, `user_id`) VALUES ('50', '2024-10-01 23:07:34', 'QXLAE5', 'SA9I5P');
INSERT INTO `matrix_filling` (`placement_id`, `downline_id`, `level`, `matrix`) VALUES ('WR44QL', 'QXLAE5', 3, 1);
UPDATE `bv_updation` SET left_carry = left_carry+50, total_left = total_left+50
WHERE `user_id` = 'WR44QL';
INSERT INTO `placement_bv_update_history` (`left_carry`, `date`, `from_id`, `user_id`) VALUES ('50', '2024-10-01 23:07:34', 'QXLAE5', 'WR44QL');
INSERT INTO `matrix_filling` (`placement_id`, `downline_id`, `level`, `matrix`) VALUES ('ILX3KF', 'QXLAE5', 4, 1);
UPDATE `bv_updation` SET left_carry = left_carry+50, total_left = total_left+50
WHERE `user_id` = 'ILX3KF';
INSERT INTO `placement_bv_update_history` (`left_carry`, `date`, `from_id`, `user_id`) VALUES ('50', '2024-10-01 23:07:34', 'QXLAE5', 'ILX3KF');
INSERT INTO `matrix_filling` (`placement_id`, `downline_id`, `level`, `matrix`) VALUES ('25LOZM', 'QXLAE5', 5, 1);
UPDATE `bv_updation` SET left_carry = left_carry+50, total_left = total_left+50
WHERE `user_id` = '25LOZM';
INSERT INTO `placement_bv_update_history` (`left_carry`, `date`, `from_id`, `user_id`) VALUES ('50', '2024-10-01 23:07:34', 'QXLAE5', '25LOZM');
INSERT INTO `matrix_filling` (`placement_id`, `downline_id`, `level`, `matrix`) VALUES ('AR91G7', 'QXLAE5', 6, 1);
UPDATE `bv_updation` SET left_carry = left_carry+50, total_left = total_left+50
WHERE `user_id` = 'AR91G7';
INSERT INTO `placement_bv_update_history` (`left_carry`, `date`, `from_id`, `user_id`) VALUES ('50', '2024-10-01 23:07:34', 'QXLAE5', 'AR91G7');
INSERT INTO `matrix_filling` (`placement_id`, `downline_id`, `level`, `matrix`) VALUES ('4ZBPYB', 'QXLAE5', 7, 1);
UPDATE `bv_updation` SET left_carry = left_carry+50, total_left = total_left+50
WHERE `user_id` = '4ZBPYB';
INSERT INTO `placement_bv_update_history` (`left_carry`, `date`, `from_id`, `user_id`) VALUES ('50', '2024-10-01 23:07:34', 'QXLAE5', '4ZBPYB');
INSERT INTO `matrix_filling` (`placement_id`, `downline_id`, `level`, `matrix`) VALUES ('L7P5UX', 'QXLAE5', 8, 1);
UPDATE `bv_updation` SET left_carry = left_carry+50, total_left = total_left+50
WHERE `user_id` = 'L7P5UX';
INSERT INTO `placement_bv_update_history` (`left_carry`, `date`, `from_id`, `user_id`) VALUES ('50', '2024-10-01 23:07:34', 'QXLAE5', 'L7P5UX');
INSERT INTO `matrix_filling` (`placement_id`, `downline_id`, `level`, `matrix`) VALUES ('EEUE1I', 'QXLAE5', 9, 1);
UPDATE `bv_updation` SET left_carry = left_carry+50, total_left = total_left+50
WHERE `user_id` = 'EEUE1I';
INSERT INTO `placement_bv_update_history` (`left_carry`, `date`, `from_id`, `user_id`) VALUES ('50', '2024-10-01 23:07:34', 'QXLAE5', 'EEUE1I');
INSERT INTO `matrix_filling` (`placement_id`, `downline_id`, `level`, `matrix`) VALUES ('WI6GG7', 'QXLAE5', 10, 1);
UPDATE `bv_updation` SET left_carry = left_carry+50, total_left = total_left+50
WHERE `user_id` = 'WI6GG7';
INSERT INTO `placement_bv_update_history` (`left_carry`, `date`, `from_id`, `user_id`) VALUES ('50', '2024-10-01 23:07:34', 'QXLAE5', 'WI6GG7');
INSERT INTO `matrix_filling` (`placement_id`, `downline_id`, `level`, `matrix`) VALUES ('ZX2ZSO', 'QXLAE5', 11, 1);
UPDATE `bv_updation` SET left_carry = left_carry+50, total_left = total_left+50
WHERE `user_id` = 'ZX2ZSO';
INSERT INTO `placement_bv_update_history` (`left_carry`, `date`, `from_id`, `user_id`) VALUES ('50', '2024-10-01 23:07:34', 'QXLAE5', 'ZX2ZSO');
INSERT INTO `matrix_filling` (`placement_id`, `downline_id`, `level`, `matrix`) VALUES ('EQPDS4', 'QXLAE5', 12, 1);
UPDATE `bv_updation` SET left_carry = left_carry+50, total_left = total_left+50
WHERE `user_id` = 'EQPDS4';
INSERT INTO `placement_bv_update_history` (`left_carry`, `date`, `from_id`, `user_id`) VALUES ('50', '2024-10-01 23:07:34', 'QXLAE5', 'EQPDS4');
INSERT INTO `matrix_filling` (`placement_id`, `downline_id`, `level`, `matrix`) VALUES ('KEV3O2', 'QXLAE5', 13, 1);
UPDATE `bv_updation` SET left_carry = left_carry+50, total_left = total_left+50
WHERE `user_id` = 'KEV3O2';
INSERT INTO `placement_bv_update_history` (`left_carry`, `date`, `from_id`, `user_id`) VALUES ('50', '2024-10-01 23:07:34', 'QXLAE5', 'KEV3O2');
INSERT INTO `matrix_filling` (`placement_id`, `downline_id`, `level`, `matrix`) VALUES ('21NWVU', 'QXLAE5', 14, 1);
UPDATE `bv_updation` SET left_carry = left_carry+50, total_left = total_left+50
WHERE `user_id` = '21NWVU';
INSERT INTO `placement_bv_update_history` (`left_carry`, `date`, `from_id`, `user_id`) VALUES ('50', '2024-10-01 23:07:34', 'QXLAE5', '21NWVU');
INSERT INTO `matrix_filling` (`placement_id`, `downline_id`, `level`, `matrix`) VALUES ('MBUQAV', 'QXLAE5', 15, 1);
UPDATE `bv_updation` SET left_carry = left_carry+50, total_left = total_left+50
WHERE `user_id` = 'MBUQAV';
INSERT INTO `placement_bv_update_history` (`left_carry`, `date`, `from_id`, `user_id`) VALUES ('50', '2024-10-01 23:07:34', 'QXLAE5', 'MBUQAV');
INSERT INTO `matrix_filling` (`placement_id`, `downline_id`, `level`, `matrix`) VALUES ('GHEMGX', 'QXLAE5', 16, 1);
UPDATE `bv_updation` SET left_carry = left_carry+50, total_left = total_left+50
WHERE `user_id` = 'GHEMGX';
INSERT INTO `placement_bv_update_history` (`left_carry`, `date`, `from_id`, `user_id`) VALUES ('50', '2024-10-01 23:07:34', 'QXLAE5', 'GHEMGX');
INSERT INTO `matrix_filling` (`placement_id`, `downline_id`, `level`, `matrix`) VALUES ('QTPJS8', 'QXLAE5', 17, 1);
UPDATE `bv_updation` SET left_carry = left_carry+50, total_left = total_left+50
WHERE `user_id` = 'QTPJS8';
INSERT INTO `placement_bv_update_history` (`left_carry`, `date`, `from_id`, `user_id`) VALUES ('50', '2024-10-01 23:07:34', 'QXLAE5', 'QTPJS8');
INSERT INTO `matrix_filling` (`placement_id`, `downline_id`, `level`, `matrix`) VALUES ('Z1I4TX', 'QXLAE5', 18, 1);
UPDATE `bv_updation` SET left_carry = left_carry+50, total_left = total_left+50
WHERE `user_id` = 'Z1I4TX';
INSERT INTO `placement_bv_update_history` (`left_carry`, `date`, `from_id`, `user_id`) VALUES ('50', '2024-10-01 23:07:34', 'QXLAE5', 'Z1I4TX');
INSERT INTO `matrix_filling` (`placement_id`, `downline_id`, `level`, `matrix`) VALUES ('G5ZEHT', 'QXLAE5', 19, 1);
UPDATE `bv_updation` SET left_carry = left_carry+50, total_left = total_left+50
WHERE `user_id` = 'G5ZEHT';
INSERT INTO `placement_bv_update_history` (`left_carry`, `date`, `from_id`, `user_id`) VALUES ('50', '2024-10-01 23:07:34', 'QXLAE5', 'G5ZEHT');
INSERT INTO `matrix_filling` (`placement_id`, `downline_id`, `level`, `matrix`) VALUES ('AVXMIZ', 'QXLAE5', 20, 1);
UPDATE `bv_updation` SET left_carry = left_carry+50, total_left = total_left+50
WHERE `user_id` = 'AVXMIZ';
INSERT INTO `placement_bv_update_history` (`left_carry`, `date`, `from_id`, `user_id`) VALUES ('50', '2024-10-01 23:07:34', 'QXLAE5', 'AVXMIZ');
INSERT INTO `matrix_filling` (`placement_id`, `downline_id`, `level`, `matrix`) VALUES ('CUQRWZ', 'QXLAE5', 21, 1);
UPDATE `bv_updation` SET left_carry = left_carry+50, total_left = total_left+50
WHERE `user_id` = 'CUQRWZ';
INSERT INTO `placement_bv_update_history` (`left_carry`, `date`, `from_id`, `user_id`) VALUES ('50', '2024-10-01 23:07:34', 'QXLAE5', 'CUQRWZ');
INSERT INTO `matrix_filling` (`placement_id`, `downline_id`, `level`, `matrix`) VALUES ('8JWYB8', 'QXLAE5', 22, 1);
UPDATE `bv_updation` SET left_carry = left_carry+50, total_left = total_left+50
WHERE `user_id` = '8JWYB8';
INSERT INTO `placement_bv_update_history` (`left_carry`, `date`, `from_id`, `user_id`) VALUES ('50', '2024-10-01 23:07:34', 'QXLAE5', '8JWYB8');
INSERT INTO `matrix_filling` (`placement_id`, `downline_id`, `level`, `matrix`) VALUES ('Q8W4P6', 'QXLAE5', 23, 1);
UPDATE `bv_updation` SET left_carry = left_carry+50, total_left = total_left+50
WHERE `user_id` = 'Q8W4P6';
INSERT INTO `placement_bv_update_history` (`left_carry`, `date`, `from_id`, `user_id`) VALUES ('50', '2024-10-01 23:07:34', 'QXLAE5', 'Q8W4P6');
INSERT INTO `matrix_filling` (`placement_id`, `downline_id`, `level`, `matrix`) VALUES ('WJR372', 'QXLAE5', 24, 1);
UPDATE `bv_updation` SET left_carry = left_carry+50, total_left = total_left+50
WHERE `user_id` = 'WJR372';
INSERT INTO `placement_bv_update_history` (`left_carry`, `date`, `from_id`, `user_id`) VALUES ('50', '2024-10-01 23:07:34', 'QXLAE5', 'WJR372');
UPDATE `user_registration` SET `rank_id` = '2'
WHERE `user_id` = 'WJR372';
UPDATE `user_registration` SET `cycle_rank_id` = '2'
WHERE `user_id` = 'WJR372';
INSERT INTO `rank_history` (`rank_id`, `user_id`, `name`, `bv`, `date`, `amount`, `type`) VALUES ('2', 'WJR372', 'Associate', '1200', '2024-10-01 23:07:34', '100', 'auto');
UPDATE `user_registration` SET `highest_rank` = '2'
WHERE `user_id` = 'WJR372';
INSERT INTO `earnings` (`user_id`, `Purchaser_id`, `earning_type`, `package_id`, `amount`, `date`, `comments`, `invest_amount`, `comm_perc`, `level`, `rank_id`, `order_id`) VALUES ('WJR372', 'WJR372', 'Rank Bonus', 0, '100', '2024-10-01 23:07:34', 'Rank Bonus', '100', 0, 0, '2', 0);
UPDATE `user_registration` SET commission_balance = ROUND(commission_balance + 100,2)
WHERE `user_id` = 'WJR372';
UPDATE `user_registration` SET rank_bonus = ROUND(rank_bonus + 100,2)
WHERE `user_id` = 'WJR372';
UPDATE `bv_updation` SET sponsor_left_carry = sponsor_left_carry+50, sponsor_total_left = sponsor_total_left+50
WHERE `user_id` = 'WJR372';
INSERT INTO `sponsor_bv_update_history` (`left_carry`, `date`, `user_id`) VALUES ('50', '2024-10-01 23:07:34', 'WJR372');
INSERT INTO `matrix_filling` (`placement_id`, `downline_id`, `level`, `matrix`) VALUES ('YJ6OTD', 'QXLAE5', 25, 1);
UPDATE `bv_updation` SET left_carry = left_carry+50, total_left = total_left+50
WHERE `user_id` = 'YJ6OTD';
INSERT INTO `placement_bv_update_history` (`left_carry`, `date`, `from_id`, `user_id`) VALUES ('50', '2024-10-01 23:07:34', 'QXLAE5', 'YJ6OTD');
INSERT INTO `matrix_filling` (`placement_id`, `downline_id`, `level`, `matrix`) VALUES ('F8WLAW', 'QXLAE5', 26, 1);
UPDATE `bv_updation` SET left_carry = left_carry+50, total_left = total_left+50
WHERE `user_id` = 'F8WLAW';
INSERT INTO `placement_bv_update_history` (`left_carry`, `date`, `from_id`, `user_id`) VALUES ('50', '2024-10-01 23:07:34', 'QXLAE5', 'F8WLAW');
INSERT INTO `matrix_filling` (`placement_id`, `downline_id`, `level`, `matrix`) VALUES ('9H9OZM', 'QXLAE5', 27, 1);
UPDATE `bv_updation` SET left_carry = left_carry+50, total_left = total_left+50
WHERE `user_id` = '9H9OZM';
INSERT INTO `placement_bv_update_history` (`left_carry`, `date`, `from_id`, `user_id`) VALUES ('50', '2024-10-01 23:07:34', 'QXLAE5', '9H9OZM');
INSERT INTO `matrix_filling` (`placement_id`, `downline_id`, `level`, `matrix`) VALUES ('DLP7GD', 'QXLAE5', 28, 1);
UPDATE `bv_updation` SET left_carry = left_carry+50, total_left = total_left+50
WHERE `user_id` = 'DLP7GD';
INSERT INTO `placement_bv_update_history` (`left_carry`, `date`, `from_id`, `user_id`) VALUES ('50', '2024-10-01 23:07:34', 'QXLAE5', 'DLP7GD');
INSERT INTO `matrix_filling` (`placement_id`, `downline_id`, `level`, `matrix`) VALUES ('VG9TO9', 'QXLAE5', 29, 1);
UPDATE `bv_updation` SET left_carry = left_carry+50, total_left = total_left+50
WHERE `user_id` = 'VG9TO9';
INSERT INTO `placement_bv_update_history` (`left_carry`, `date`, `from_id`, `user_id`) VALUES ('50', '2024-10-01 23:07:34', 'QXLAE5', 'VG9TO9');
INSERT INTO `matrix_filling` (`placement_id`, `downline_id`, `level`, `matrix`) VALUES ('L8R95F', 'QXLAE5', 30, 1);
UPDATE `bv_updation` SET left_carry = left_carry+50, total_left = total_left+50
WHERE `user_id` = 'L8R95F';
INSERT INTO `placement_bv_update_history` (`left_carry`, `date`, `from_id`, `user_id`) VALUES ('50', '2024-10-01 23:07:34', 'QXLAE5', 'L8R95F');
INSERT INTO `matrix_filling` (`placement_id`, `downline_id`, `level`, `matrix`) VALUES ('Y9DPUD', 'QXLAE5', 31, 1);
UPDATE `bv_updation` SET left_carry = left_carry+50, total_left = total_left+50
WHERE `user_id` = 'Y9DPUD';
INSERT INTO `placement_bv_update_history` (`left_carry`, `date`, `from_id`, `user_id`) VALUES ('50', '2024-10-01 23:07:34', 'QXLAE5', 'Y9DPUD');
INSERT INTO `matrix_filling` (`placement_id`, `downline_id`, `level`, `matrix`) VALUES ('5H9TH3', 'QXLAE5', 32, 1);
UPDATE `bv_updation` SET left_carry = left_carry+50, total_left = total_left+50
WHERE `user_id` = '5H9TH3';
INSERT INTO `placement_bv_update_history` (`left_carry`, `date`, `from_id`, `user_id`) VALUES ('50', '2024-10-01 23:07:34', 'QXLAE5', '5H9TH3');
INSERT INTO `matrix_filling` (`placement_id`, `downline_id`, `level`, `matrix`) VALUES ('MIT9KW', 'QXLAE5', 33, 1);
UPDATE `bv_updation` SET left_carry = left_carry+50, total_left = total_left+50
WHERE `user_id` = 'MIT9KW';
INSERT INTO `placement_bv_update_history` (`left_carry`, `date`, `from_id`, `user_id`) VALUES ('50', '2024-10-01 23:07:34', 'QXLAE5', 'MIT9KW');
INSERT INTO `matrix_filling` (`placement_id`, `downline_id`, `level`, `matrix`) VALUES ('IMUABZ', 'QXLAE5', 34, 1);
UPDATE `bv_updation` SET left_carry = left_carry+50, total_left = total_left+50
WHERE `user_id` = 'IMUABZ';
INSERT INTO `placement_bv_update_history` (`left_carry`, `date`, `from_id`, `user_id`) VALUES ('50', '2024-10-01 23:07:34', 'QXLAE5', 'IMUABZ');
INSERT INTO `matrix_filling` (`placement_id`, `downline_id`, `level`, `matrix`) VALUES ('G54QC4', 'QXLAE5', 35, 1);
UPDATE `bv_updation` SET left_carry = left_carry+50, total_left = total_left+50
WHERE `user_id` = 'G54QC4';
INSERT INTO `placement_bv_update_history` (`left_carry`, `date`, `from_id`, `user_id`) VALUES ('50', '2024-10-01 23:07:34', 'QXLAE5', 'G54QC4');
INSERT INTO `matrix_filling` (`placement_id`, `downline_id`, `level`, `matrix`) VALUES ('9JPZJL', 'QXLAE5', 36, 1);
UPDATE `bv_updation` SET left_carry = left_carry+50, total_left = total_left+50
WHERE `user_id` = '9JPZJL';
INSERT INTO `placement_bv_update_history` (`left_carry`, `date`, `from_id`, `user_id`) VALUES ('50', '2024-10-01 23:07:34', 'QXLAE5', '9JPZJL');
INSERT INTO `matrix_filling` (`placement_id`, `downline_id`, `level`, `matrix`) VALUES ('E3PPZ3', 'QXLAE5', 37, 1);
UPDATE `bv_updation` SET left_carry = left_carry+50, total_left = total_left+50
WHERE `user_id` = 'E3PPZ3';
INSERT INTO `placement_bv_update_history` (`left_carry`, `date`, `from_id`, `user_id`) VALUES ('50', '2024-10-01 23:07:34', 'QXLAE5', 'E3PPZ3');
INSERT INTO `matrix_filling` (`placement_id`, `downline_id`, `level`, `matrix`) VALUES ('7RY1ZP', 'QXLAE5', 38, 1);
UPDATE `bv_updation` SET left_carry = left_carry+50, total_left = total_left+50
WHERE `user_id` = '7RY1ZP';
INSERT INTO `placement_bv_update_history` (`left_carry`, `date`, `from_id`, `user_id`) VALUES ('50', '2024-10-01 23:07:34', 'QXLAE5', '7RY1ZP');
INSERT INTO `matrix_filling` (`placement_id`, `downline_id`, `level`, `matrix`) VALUES ('ADZTOG', 'QXLAE5', 39, 1);
UPDATE `bv_updation` SET right_carry = right_carry+50, total_right = total_right+50
WHERE `user_id` = 'ADZTOG';
INSERT INTO `placement_bv_update_history` (`right_carry`, `date`, `from_id`, `user_id`) VALUES ('50', '2024-10-01 23:07:35', 'QXLAE5', 'ADZTOG');
INSERT INTO `matrix_filling` (`placement_id`, `downline_id`, `level`, `matrix`) VALUES ('A9858P', 'QXLAE5', 40, 1);
UPDATE `bv_updation` SET right_carry = right_carry+50, total_right = total_right+50
WHERE `user_id` = 'A9858P';
INSERT INTO `placement_bv_update_history` (`right_carry`, `date`, `from_id`, `user_id`) VALUES ('50', '2024-10-01 23:07:35', 'QXLAE5', 'A9858P');
INSERT INTO `matrix_filling` (`placement_id`, `downline_id`, `level`, `matrix`) VALUES ('admin', 'QXLAE5', 41, 1);
UPDATE `bv_updation` SET right_carry = right_carry+50, total_right = total_right+50
WHERE `user_id` = 'admin';
INSERT INTO `placement_bv_update_history` (`right_carry`, `date`, `from_id`, `user_id`) VALUES ('50', '2024-10-01 23:07:35', 'QXLAE5', 'admin');
INSERT INTO `package_purchase_history` (`user_id`, `package_id`, `reg_fee`, `package_name`, `monthly_fee`, `type`, `date`, `payment_option`) VALUES ('QXLAE5', '2', '595', 'Traveler Pro', '150', 'sign_up', '2024-10-01 23:07:35', 'free');
UPDATE `user_registration` SET `popup_seen` = 'yes'
WHERE `user_id` = 'WJR372';
UPDATE `user_registration` SET `popup_seen` = 'no'
WHERE `user_id` = 'WJR372';
DELETE FROM `ci_sessions`
WHERE `id` = '22087f3ed26f7f0a515d4dcf377758b76c5cfb55';
INSERT INTO `login_history` (`user_id`, `device`, `ip_address`, `date`) VALUES ('ADZTOG', 'Mozilla/5.0 (Windows NT 10.0; Win64; x64) AppleWebKit/537.36 (KHTML, like Gecko) Chrome/129.0.0.0 Safari/537.36', '172.70.255.65', '24-10-01 23:09');
UPDATE `user_registration` SET `popup_seen` = 'yes'
WHERE `user_id` = 'ADZTOG';
UPDATE `user_registration` SET `popup_seen` = 'yes'
WHERE `user_id` = 'ADZTOG';
UPDATE `user_registration` SET `popup_seen` = 'yes'
WHERE `user_id` = 'ADZTOG';
UPDATE `user_registration` SET `popup_seen` = 'yes'
WHERE `user_id` = 'ADZTOG';
UPDATE `ci_sessions` SET `timestamp` = 1727842379, `data` = '__ci_last_regenerate|i:1727842379;id|s:4:\"2023\";user_id|s:6:\"ADZTOG\";username|s:7:\"rafael1\";sponsor_id|s:6:\"A9858P\";fullname|s:16:\"Rafael Rodriguez\";email|s:17:\"rafael1@gmail.com\";phone|s:10:\"3057610606\";isLogIn|b:1;'
WHERE `id` = '950dc55e396948e410ffc907ca0a8bdac3d92f5b';
UPDATE `user_registration` SET `popup_seen` = 'no'
WHERE `user_id` = 'ADZTOG';
DELETE FROM `ci_sessions`
WHERE `id` = '80d0def516ae77d6efa8969944ca9b3e4e6060b8';
INSERT INTO `login_history` (`user_id`, `device`, `ip_address`, `date`) VALUES ('ADZTOG', 'Mozilla/5.0 (Windows NT 10.0; Win64; x64) AppleWebKit/537.36 (KHTML, like Gecko) Chrome/129.0.0.0 Safari/537.36', '172.70.255.19', '24-10-01 23:14');
UPDATE `user_registration` SET `popup_seen` = 'yes'
WHERE `user_id` = 'ADZTOG';
UPDATE `user_registration` SET `popup_seen` = 'no'
WHERE `user_id` = 'ADZTOG';
DELETE FROM `ci_sessions`
WHERE `id` = 'a133e89e5e714b4cb5267993319749e181d1c417';
INSERT INTO `login_history` (`user_id`, `device`, `ip_address`, `date`) VALUES ('7RY1ZP', 'Mozilla/5.0 (Windows NT 10.0; Win64; x64) AppleWebKit/537.36 (KHTML, like Gecko) Chrome/129.0.0.0 Safari/537.36', '172.70.255.19', '24-10-01 23:14');
UPDATE `user_registration` SET `popup_seen` = 'yes'
WHERE `user_id` = '7RY1ZP';
UPDATE `user_registration` SET `popup_seen` = 'no'
WHERE `user_id` = '7RY1ZP';
DELETE FROM `ci_sessions`
WHERE `id` = 'a6a64c8bd6e3961be06e1b5eca4c7633a314158c';
INSERT INTO `login_history` (`user_id`, `device`, `ip_address`, `date`) VALUES ('ADZTOG', 'Mozilla/5.0 (Windows NT 10.0; Win64; x64) AppleWebKit/537.36 (KHTML, like Gecko) Chrome/129.0.0.0 Safari/537.36', '172.70.255.20', '24-10-01 23:15');
UPDATE `user_registration` SET `popup_seen` = 'yes'
WHERE `user_id` = 'ADZTOG';
UPDATE `user_registration` SET `popup_seen` = 'yes'
WHERE `user_id` = 'ADZTOG';
UPDATE `ci_sessions` SET `timestamp` = 1727843118, `data` = '__ci_last_regenerate|i:1727843118;id|s:4:\"2023\";user_id|s:6:\"ADZTOG\";username|s:7:\"rafael1\";sponsor_id|s:6:\"A9858P\";fullname|s:16:\"Rafael Rodriguez\";email|s:17:\"rafael1@gmail.com\";phone|s:10:\"3057610606\";isLogIn|b:1;'
WHERE `id` = 'dfd852676e8e429b4ec44904fb601fb080ed9d2f';
UPDATE `user_registration` SET `popup_seen` = 'no'
WHERE `user_id` = 'ADZTOG';
DELETE FROM `ci_sessions`
WHERE `id` = 'aa084136cd913886fba7319c0d226985b457783f';
UPDATE `admin` SET `last_login` = '2024-10-01 23:43:59', `ip_address` = '162.158.55.56'
WHERE `id` = '1';
UPDATE `ci_sessions` SET `timestamp` = 1727848413, `data` = '__ci_last_regenerate|i:1727848413;isLogIn|b:1;isAdmin|b:1;id|s:1:\"1\";fullname|s:11:\"admin admin\";user_level|s:5:\"Admin\";email|s:15:\"admin@admin.com\";image|s:53:\"upload/settings/4a1f1b602322adb837a7a3547ee69cf3.jpeg\";last_login|s:19:\"2024-10-01 07:37:03\";last_logout|s:19:\"2024-10-01 05:35:31\";ip_address|s:14:\"172.68.146.174\";'
WHERE `id` = 'd816e07eb952a7d75f6a5c9239fcb894b72c4202';
INSERT INTO `login_history` (`user_id`, `device`, `ip_address`, `date`) VALUES ('7RY1ZP', 'Mozilla/5.0 (Windows NT 10.0; Win64; x64) AppleWebKit/537.36 (KHTML, like Gecko) Chrome/129.0.0.0 Safari/537.36 Edg/129.0.0.0', '172.70.55.168', '24-10-02 06:47');
UPDATE `user_registration` SET `popup_seen` = 'yes'
WHERE `user_id` = '7RY1ZP';
UPDATE `user_registration` SET `popup_seen` = 'yes'
WHERE `user_id` = '7RY1ZP';
UPDATE `user_registration` SET `popup_seen` = 'yes'
WHERE `user_id` = '7RY1ZP';
UPDATE `user_registration` SET `popup_seen` = 'no'
WHERE `user_id` = '7RY1ZP';
DELETE FROM `ci_sessions`
WHERE `id` = 'b3de721fa1a19017167ff607330e7b3c4a40daa7';
INSERT INTO `login_history` (`user_id`, `device`, `ip_address`, `date`) VALUES ('GPRO3Q', 'Mozilla/5.0 (Windows NT 10.0; Win64; x64) AppleWebKit/537.36 (KHTML, like Gecko) Chrome/129.0.0.0 Safari/537.36 Edg/129.0.0.0', '172.70.254.31', '24-10-02 06:49');
UPDATE `user_registration` SET `popup_seen` = 'yes'
WHERE `user_id` = 'GPRO3Q';
UPDATE `user_registration` SET `popup_seen` = 'yes'
WHERE `user_id` = 'GPRO3Q';
UPDATE `user_registration` SET `popup_seen` = 'yes'
WHERE `user_id` = 'GPRO3Q';
UPDATE `user_registration` SET `uid` = '2056', `user_id` = 'XX3T74', `username` = 'lucerito1', `sponsor_id` = 'GPRO3Q', `vacant` = 'no', `f_name` = 'Lucero', `l_name` = 'Paz', `address` = '6520 Kendale Lakes Dr', `position` = 'left', `email` = 'lucerito1@gmail.com', `password` = 'c8deb292c07216994eea1fb115da822e', `phone` = '3057610606', `country` = 'United States', `state` = 'Florida', `city` = 'Miami', `street` = '6520 Kendale Lakes Dr', `zip_code` = '33183', `reg_ip` = '108.162.212.8', `status` = 1, `package_id` = '2', `rank_id` = 1, `highest_rank` = 1, `cycle_rank_id` = 1, `created` = '2024-10-02 06:53:25', `subscription_date` = '2024-11-01', `google_secret` = 'JPYLSWZWL5VOMCX5'
WHERE `uid` = '2056';
INSERT INTO `user_registration` (`uid`, `user_id`, `username`, `sponsor_id`, `placement_id`, `vacant`, `f_name`, `l_name`, `address`, `position`, `email`, `password`, `phone`, `reg_ip`, `status`, `created`) VALUES (NULL, 'QOPVSU', 'kjWoynXl', 'XX3T74', 'XX3T74', 'yes', '', '', '', 'left', '@mail.com', '', '', '', 0, '2024-10-02 06:53:25');
INSERT INTO `user_registration` (`uid`, `user_id`, `username`, `sponsor_id`, `placement_id`, `vacant`, `f_name`, `l_name`, `address`, `position`, `email`, `password`, `phone`, `reg_ip`, `status`, `created`) VALUES (NULL, 'AUSMFZ', 'QBYKDTIM', 'XX3T74', 'XX3T74', 'yes', '', '', '', 'right', '@mail.com', '', '', '', 0, '2024-10-02 06:53:25');
INSERT INTO `bv_updation` (`user_id`) VALUES ('XX3T74');
UPDATE `user_registration` SET total_ref_count = total_ref_count+1
WHERE `user_id` = 'GPRO3Q';
UPDATE `user_registration` SET total_downlines = total_downlines+1
WHERE `user_id` = 'GPRO3Q';
UPDATE `user_registration` SET left_downlines = left_downlines+1
WHERE `user_id` = 'GPRO3Q';
UPDATE `user_registration` SET left_ref_count = left_ref_count+1
WHERE `user_id` = 'GPRO3Q';
UPDATE `user_registration` SET active_left = active_left+1
WHERE `user_id` = 'GPRO3Q';
UPDATE `user_registration` SET total_downlines = total_downlines+1
WHERE `user_id` = 'MBPRQB';
UPDATE `user_registration` SET right_downlines = right_downlines+1
WHERE `user_id` = 'MBPRQB';
UPDATE `user_registration` SET total_downlines = total_downlines+1
WHERE `user_id` = 'X1RH6U';
UPDATE `user_registration` SET right_downlines = right_downlines+1
WHERE `user_id` = 'X1RH6U';
UPDATE `user_registration` SET total_downlines = total_downlines+1
WHERE `user_id` = 'HHALCM';
UPDATE `user_registration` SET right_downlines = right_downlines+1
WHERE `user_id` = 'HHALCM';
UPDATE `user_registration` SET total_downlines = total_downlines+1
WHERE `user_id` = '7WQBA7';
UPDATE `user_registration` SET right_downlines = right_downlines+1
WHERE `user_id` = '7WQBA7';
UPDATE `user_registration` SET total_downlines = total_downlines+1
WHERE `user_id` = 'QPNZO1';
UPDATE `user_registration` SET right_downlines = right_downlines+1
WHERE `user_id` = 'QPNZO1';
UPDATE `user_registration` SET total_downlines = total_downlines+1
WHERE `user_id` = 'KCF78M';
UPDATE `user_registration` SET right_downlines = right_downlines+1
WHERE `user_id` = 'KCF78M';
UPDATE `user_registration` SET total_downlines = total_downlines+1
WHERE `user_id` = '7RY1ZP';
UPDATE `user_registration` SET right_downlines = right_downlines+1
WHERE `user_id` = '7RY1ZP';
UPDATE `user_registration` SET total_downlines = total_downlines+1
WHERE `user_id` = 'ADZTOG';
UPDATE `user_registration` SET right_downlines = right_downlines+1
WHERE `user_id` = 'ADZTOG';
UPDATE `user_registration` SET total_downlines = total_downlines+1
WHERE `user_id` = 'A9858P';
UPDATE `user_registration` SET right_downlines = right_downlines+1
WHERE `user_id` = 'A9858P';
UPDATE `user_registration` SET total_downlines = total_downlines+1
WHERE `user_id` = 'admin';
UPDATE `user_registration` SET right_downlines = right_downlines+1
WHERE `user_id` = 'admin';
INSERT INTO `investment` (`invest_date`, `user_id`, `type`, `amount`, `package_id`) VALUES ('2024-10-02 06:53:25', 'XX3T74', 'register', '595', '2');
INSERT INTO `earnings` (`user_id`, `Purchaser_id`, `earning_type`, `package_id`, `amount`, `date`, `comments`, `invest_amount`, `comm_perc`, `level`, `rank_id`, `order_id`) VALUES ('GPRO3Q', 'XX3T74', 'Direct Referral Bonus', '2', '100', '2024-10-02 06:53:25', 'Direct Referral Bonus', 0, 0, 1, '', 337);
UPDATE `user_registration` SET commission_balance = ROUND(commission_balance + 100,2)
WHERE `user_id` = 'GPRO3Q';
UPDATE `user_registration` SET referral_bonus = ROUND(referral_bonus + 100,2)
WHERE `user_id` = 'GPRO3Q';
INSERT INTO `earnings` (`user_id`, `Purchaser_id`, `earning_type`, `package_id`, `amount`, `date`, `comments`, `invest_amount`, `comm_perc`, `level`, `rank_id`, `order_id`) VALUES ('ADZTOG', 'XX3T74', 'Expansion Bonus', '2', 100, '2024-10-02 06:53:25', 'Expansion Bonus', '100', 0, 1, '', 337);
UPDATE `user_registration` SET commission_balance = ROUND(commission_balance + 100,2)
WHERE `user_id` = 'ADZTOG';
UPDATE `user_registration` SET expansion_bonus = ROUND(expansion_bonus + 100,2)
WHERE `user_id` = 'ADZTOG';
INSERT INTO `earnings` (`user_id`, `Purchaser_id`, `earning_type`, `package_id`, `amount`, `date`, `comments`, `invest_amount`, `comm_perc`, `level`, `rank_id`, `order_id`) VALUES ('A9858P', 'XX3T74', 'Expansion Bonus', '2', 100, '2024-10-02 06:53:25', 'Expansion Bonus', 200, 0, 1, '', 337);
UPDATE `user_registration` SET commission_balance = ROUND(commission_balance + 100,2)
WHERE `user_id` = 'A9858P';
UPDATE `user_registration` SET expansion_bonus = ROUND(expansion_bonus + 100,2)
WHERE `user_id` = 'A9858P';
INSERT INTO `matrix_filling` (`placement_id`, `downline_id`, `level`, `matrix`) VALUES ('GPRO3Q', 'XX3T74', 1, 1);
UPDATE `bv_updation` SET left_carry = left_carry+50, total_left = total_left+50
WHERE `user_id` = 'GPRO3Q';
INSERT INTO `placement_bv_update_history` (`left_carry`, `date`, `from_id`, `user_id`) VALUES ('50', '2024-10-02 06:53:25', 'XX3T74', 'GPRO3Q');
UPDATE `bv_updation` SET sponsor_left_carry = sponsor_left_carry+50, sponsor_total_left = sponsor_total_left+50
WHERE `user_id` = 'GPRO3Q';
INSERT INTO `sponsor_bv_update_history` (`left_carry`, `date`, `user_id`) VALUES ('50', '2024-10-02 06:53:25', 'GPRO3Q');
INSERT INTO `matrix_filling` (`placement_id`, `downline_id`, `level`, `matrix`) VALUES ('MBPRQB', 'XX3T74', 2, 1);
UPDATE `bv_updation` SET right_carry = right_carry+50, total_right = total_right+50
WHERE `user_id` = 'MBPRQB';
INSERT INTO `placement_bv_update_history` (`right_carry`, `date`, `from_id`, `user_id`) VALUES ('50', '2024-10-02 06:53:25', 'XX3T74', 'MBPRQB');
INSERT INTO `matrix_filling` (`placement_id`, `downline_id`, `level`, `matrix`) VALUES ('X1RH6U', 'XX3T74', 3, 1);
UPDATE `bv_updation` SET right_carry = right_carry+50, total_right = total_right+50
WHERE `user_id` = 'X1RH6U';
INSERT INTO `placement_bv_update_history` (`right_carry`, `date`, `from_id`, `user_id`) VALUES ('50', '2024-10-02 06:53:25', 'XX3T74', 'X1RH6U');
INSERT INTO `matrix_filling` (`placement_id`, `downline_id`, `level`, `matrix`) VALUES ('HHALCM', 'XX3T74', 4, 1);
UPDATE `bv_updation` SET right_carry = right_carry+50, total_right = total_right+50
WHERE `user_id` = 'HHALCM';
INSERT INTO `placement_bv_update_history` (`right_carry`, `date`, `from_id`, `user_id`) VALUES ('50', '2024-10-02 06:53:25', 'XX3T74', 'HHALCM');
INSERT INTO `matrix_filling` (`placement_id`, `downline_id`, `level`, `matrix`) VALUES ('7WQBA7', 'XX3T74', 5, 1);
UPDATE `bv_updation` SET right_carry = right_carry+50, total_right = total_right+50
WHERE `user_id` = '7WQBA7';
INSERT INTO `placement_bv_update_history` (`right_carry`, `date`, `from_id`, `user_id`) VALUES ('50', '2024-10-02 06:53:25', 'XX3T74', '7WQBA7');
INSERT INTO `matrix_filling` (`placement_id`, `downline_id`, `level`, `matrix`) VALUES ('QPNZO1', 'XX3T74', 6, 1);
UPDATE `bv_updation` SET right_carry = right_carry+50, total_right = total_right+50
WHERE `user_id` = 'QPNZO1';
INSERT INTO `placement_bv_update_history` (`right_carry`, `date`, `from_id`, `user_id`) VALUES ('50', '2024-10-02 06:53:25', 'XX3T74', 'QPNZO1');
INSERT INTO `matrix_filling` (`placement_id`, `downline_id`, `level`, `matrix`) VALUES ('KCF78M', 'XX3T74', 7, 1);
UPDATE `bv_updation` SET right_carry = right_carry+50, total_right = total_right+50
WHERE `user_id` = 'KCF78M';
INSERT INTO `placement_bv_update_history` (`right_carry`, `date`, `from_id`, `user_id`) VALUES ('50', '2024-10-02 06:53:25', 'XX3T74', 'KCF78M');
INSERT INTO `matrix_filling` (`placement_id`, `downline_id`, `level`, `matrix`) VALUES ('7RY1ZP', 'XX3T74', 8, 1);
UPDATE `bv_updation` SET right_carry = right_carry+50, total_right = total_right+50
WHERE `user_id` = '7RY1ZP';
INSERT INTO `placement_bv_update_history` (`right_carry`, `date`, `from_id`, `user_id`) VALUES ('50', '2024-10-02 06:53:25', 'XX3T74', '7RY1ZP');
INSERT INTO `matrix_filling` (`placement_id`, `downline_id`, `level`, `matrix`) VALUES ('ADZTOG', 'XX3T74', 9, 1);
UPDATE `bv_updation` SET right_carry = right_carry+50, total_right = total_right+50
WHERE `user_id` = 'ADZTOG';
INSERT INTO `placement_bv_update_history` (`right_carry`, `date`, `from_id`, `user_id`) VALUES ('50', '2024-10-02 06:53:25', 'XX3T74', 'ADZTOG');
INSERT INTO `matrix_filling` (`placement_id`, `downline_id`, `level`, `matrix`) VALUES ('A9858P', 'XX3T74', 10, 1);
UPDATE `bv_updation` SET right_carry = right_carry+50, total_right = total_right+50
WHERE `user_id` = 'A9858P';
INSERT INTO `placement_bv_update_history` (`right_carry`, `date`, `from_id`, `user_id`) VALUES ('50', '2024-10-02 06:53:25', 'XX3T74', 'A9858P');
INSERT INTO `matrix_filling` (`placement_id`, `downline_id`, `level`, `matrix`) VALUES ('admin', 'XX3T74', 11, 1);
UPDATE `bv_updation` SET right_carry = right_carry+50, total_right = total_right+50
WHERE `user_id` = 'admin';
INSERT INTO `placement_bv_update_history` (`right_carry`, `date`, `from_id`, `user_id`) VALUES ('50', '2024-10-02 06:53:25', 'XX3T74', 'admin');
INSERT INTO `package_purchase_history` (`user_id`, `package_id`, `reg_fee`, `package_name`, `monthly_fee`, `type`, `date`, `payment_option`) VALUES ('XX3T74', '2', '595', 'Traveler Pro', '150', 'sign_up', '2024-10-02 06:53:25', 'free');
UPDATE `user_registration` SET `popup_seen` = 'yes'
WHERE `user_id` = 'GPRO3Q';
UPDATE `ci_sessions` SET `timestamp` = 1727870121, `data` = '__ci_last_regenerate|i:1727870121;id|s:4:\"2053\";user_id|s:6:\"GPRO3Q\";username|s:6:\"nelia1\";sponsor_id|s:6:\"ADZTOG\";fullname|s:16:\"Nelia  Dominguez\";email|s:16:\"nelia1@gmail.com\";phone|s:10:\"3057610606\";isLogIn|b:1;'
WHERE `id` = 'f44ce95c4c29014ec8f1cb6dbe3669086a5e6f4b';
UPDATE `user_registration` SET `uid` = '2680', `user_id` = '8MFJJY', `username` = 'acuario1', `sponsor_id` = 'GPRO3Q', `vacant` = 'no', `f_name` = 'Acuario', `l_name` = 'Pérez', `address` = '6520 Kendale Lakes Dr', `position` = 'left', `email` = 'acuario1@gmail.com', `password` = '40104916e07c61bfb6d19a79f5360092', `phone` = '3057610606', `country` = 'United States', `state` = 'Florida', `city` = 'Miami', `street` = '6520 Kendale Lakes Dr', `zip_code` = '33183', `reg_ip` = '172.70.254.31', `status` = 1, `package_id` = '2', `rank_id` = 1, `highest_rank` = 1, `cycle_rank_id` = 1, `created` = '2024-10-02 06:55:21', `subscription_date` = '2024-11-01', `google_secret` = 'UBOO6JGZOIIU6Y55'
WHERE `uid` = '2680';
INSERT INTO `user_registration` (`uid`, `user_id`, `username`, `sponsor_id`, `placement_id`, `vacant`, `f_name`, `l_name`, `address`, `position`, `email`, `password`, `phone`, `reg_ip`, `status`, `created`) VALUES (NULL, 'UHRNEC', 'jjBATILa', '8MFJJY', '8MFJJY', 'yes', '', '', '', 'left', '@mail.com', '', '', '', 0, '2024-10-02 06:55:21');
INSERT INTO `user_registration` (`uid`, `user_id`, `username`, `sponsor_id`, `placement_id`, `vacant`, `f_name`, `l_name`, `address`, `position`, `email`, `password`, `phone`, `reg_ip`, `status`, `created`) VALUES (NULL, 'HRZUBD', 'jvfoYdfu', '8MFJJY', '8MFJJY', 'yes', '', '', '', 'right', '@mail.com', '', '', '', 0, '2024-10-02 06:55:21');
INSERT INTO `bv_updation` (`user_id`) VALUES ('8MFJJY');
UPDATE `user_registration` SET total_ref_count = total_ref_count+1
WHERE `user_id` = 'GPRO3Q';
UPDATE `user_registration` SET total_downlines = total_downlines+1
WHERE `user_id` = 'XX3T74';
UPDATE `user_registration` SET left_downlines = left_downlines+1
WHERE `user_id` = 'XX3T74';
UPDATE `user_registration` SET total_downlines = total_downlines+1
WHERE `user_id` = 'GPRO3Q';
UPDATE `user_registration` SET left_downlines = left_downlines+1
WHERE `user_id` = 'GPRO3Q';
UPDATE `user_registration` SET left_ref_count = left_ref_count+1
WHERE `user_id` = 'GPRO3Q';
UPDATE `user_registration` SET active_left = active_left+1
WHERE `user_id` = 'GPRO3Q';
UPDATE `user_registration` SET total_downlines = total_downlines+1
WHERE `user_id` = 'MBPRQB';
UPDATE `user_registration` SET right_downlines = right_downlines+1
WHERE `user_id` = 'MBPRQB';
UPDATE `user_registration` SET total_downlines = total_downlines+1
WHERE `user_id` = 'X1RH6U';
UPDATE `user_registration` SET right_downlines = right_downlines+1
WHERE `user_id` = 'X1RH6U';
UPDATE `user_registration` SET total_downlines = total_downlines+1
WHERE `user_id` = 'HHALCM';
UPDATE `user_registration` SET right_downlines = right_downlines+1
WHERE `user_id` = 'HHALCM';
UPDATE `user_registration` SET total_downlines = total_downlines+1
WHERE `user_id` = '7WQBA7';
UPDATE `user_registration` SET right_downlines = right_downlines+1
WHERE `user_id` = '7WQBA7';
UPDATE `user_registration` SET total_downlines = total_downlines+1
WHERE `user_id` = 'QPNZO1';
UPDATE `user_registration` SET right_downlines = right_downlines+1
WHERE `user_id` = 'QPNZO1';
UPDATE `user_registration` SET total_downlines = total_downlines+1
WHERE `user_id` = 'KCF78M';
UPDATE `user_registration` SET right_downlines = right_downlines+1
WHERE `user_id` = 'KCF78M';
UPDATE `user_registration` SET total_downlines = total_downlines+1
WHERE `user_id` = '7RY1ZP';
UPDATE `user_registration` SET right_downlines = right_downlines+1
WHERE `user_id` = '7RY1ZP';
UPDATE `user_registration` SET total_downlines = total_downlines+1
WHERE `user_id` = 'ADZTOG';
UPDATE `user_registration` SET right_downlines = right_downlines+1
WHERE `user_id` = 'ADZTOG';
UPDATE `user_registration` SET total_downlines = total_downlines+1
WHERE `user_id` = 'A9858P';
UPDATE `user_registration` SET right_downlines = right_downlines+1
WHERE `user_id` = 'A9858P';
UPDATE `user_registration` SET total_downlines = total_downlines+1
WHERE `user_id` = 'admin';
UPDATE `user_registration` SET right_downlines = right_downlines+1
WHERE `user_id` = 'admin';
INSERT INTO `investment` (`invest_date`, `user_id`, `type`, `amount`, `package_id`) VALUES ('2024-10-02 06:55:21', '8MFJJY', 'register', '595', '2');
INSERT INTO `earnings` (`user_id`, `Purchaser_id`, `earning_type`, `package_id`, `amount`, `date`, `comments`, `invest_amount`, `comm_perc`, `level`, `rank_id`, `order_id`) VALUES ('GPRO3Q', '8MFJJY', 'Direct Referral Bonus', '2', '100', '2024-10-02 06:55:21', 'Direct Referral Bonus', 0, 0, 1, '', 338);
UPDATE `user_registration` SET commission_balance = ROUND(commission_balance + 100,2)
WHERE `user_id` = 'GPRO3Q';
UPDATE `user_registration` SET referral_bonus = ROUND(referral_bonus + 100,2)
WHERE `user_id` = 'GPRO3Q';
INSERT INTO `earnings` (`user_id`, `Purchaser_id`, `earning_type`, `package_id`, `amount`, `date`, `comments`, `invest_amount`, `comm_perc`, `level`, `rank_id`, `order_id`) VALUES ('ADZTOG', '8MFJJY', 'Expansion Bonus', '2', 100, '2024-10-02 06:55:21', 'Expansion Bonus', '100', 0, 1, '', 338);
UPDATE `user_registration` SET commission_balance = ROUND(commission_balance + 100,2)
WHERE `user_id` = 'ADZTOG';
UPDATE `user_registration` SET expansion_bonus = ROUND(expansion_bonus + 100,2)
WHERE `user_id` = 'ADZTOG';
INSERT INTO `earnings` (`user_id`, `Purchaser_id`, `earning_type`, `package_id`, `amount`, `date`, `comments`, `invest_amount`, `comm_perc`, `level`, `rank_id`, `order_id`) VALUES ('A9858P', '8MFJJY', 'Expansion Bonus', '2', 100, '2024-10-02 06:55:21', 'Expansion Bonus', 200, 0, 1, '', 338);
UPDATE `user_registration` SET commission_balance = ROUND(commission_balance + 100,2)
WHERE `user_id` = 'A9858P';
UPDATE `user_registration` SET expansion_bonus = ROUND(expansion_bonus + 100,2)
WHERE `user_id` = 'A9858P';
INSERT INTO `matrix_filling` (`placement_id`, `downline_id`, `level`, `matrix`) VALUES ('XX3T74', '8MFJJY', 1, 1);
UPDATE `bv_updation` SET left_carry = left_carry+50, total_left = total_left+50
WHERE `user_id` = 'XX3T74';
INSERT INTO `placement_bv_update_history` (`left_carry`, `date`, `from_id`, `user_id`) VALUES ('50', '2024-10-02 06:55:21', '8MFJJY', 'XX3T74');
INSERT INTO `matrix_filling` (`placement_id`, `downline_id`, `level`, `matrix`) VALUES ('GPRO3Q', '8MFJJY', 2, 1);
UPDATE `bv_updation` SET left_carry = left_carry+50, total_left = total_left+50
WHERE `user_id` = 'GPRO3Q';
INSERT INTO `placement_bv_update_history` (`left_carry`, `date`, `from_id`, `user_id`) VALUES ('50', '2024-10-02 06:55:21', '8MFJJY', 'GPRO3Q');
UPDATE `bv_updation` SET sponsor_left_carry = sponsor_left_carry+50, sponsor_total_left = sponsor_total_left+50
WHERE `user_id` = 'GPRO3Q';
INSERT INTO `sponsor_bv_update_history` (`left_carry`, `date`, `user_id`) VALUES ('50', '2024-10-02 06:55:21', 'GPRO3Q');
INSERT INTO `matrix_filling` (`placement_id`, `downline_id`, `level`, `matrix`) VALUES ('MBPRQB', '8MFJJY', 3, 1);
UPDATE `bv_updation` SET right_carry = right_carry+50, total_right = total_right+50
WHERE `user_id` = 'MBPRQB';
INSERT INTO `placement_bv_update_history` (`right_carry`, `date`, `from_id`, `user_id`) VALUES ('50', '2024-10-02 06:55:21', '8MFJJY', 'MBPRQB');
INSERT INTO `matrix_filling` (`placement_id`, `downline_id`, `level`, `matrix`) VALUES ('X1RH6U', '8MFJJY', 4, 1);
UPDATE `bv_updation` SET right_carry = right_carry+50, total_right = total_right+50
WHERE `user_id` = 'X1RH6U';
INSERT INTO `placement_bv_update_history` (`right_carry`, `date`, `from_id`, `user_id`) VALUES ('50', '2024-10-02 06:55:21', '8MFJJY', 'X1RH6U');
INSERT INTO `matrix_filling` (`placement_id`, `downline_id`, `level`, `matrix`) VALUES ('HHALCM', '8MFJJY', 5, 1);
UPDATE `bv_updation` SET right_carry = right_carry+50, total_right = total_right+50
WHERE `user_id` = 'HHALCM';
INSERT INTO `placement_bv_update_history` (`right_carry`, `date`, `from_id`, `user_id`) VALUES ('50', '2024-10-02 06:55:21', '8MFJJY', 'HHALCM');
INSERT INTO `matrix_filling` (`placement_id`, `downline_id`, `level`, `matrix`) VALUES ('7WQBA7', '8MFJJY', 6, 1);
UPDATE `bv_updation` SET right_carry = right_carry+50, total_right = total_right+50
WHERE `user_id` = '7WQBA7';
INSERT INTO `placement_bv_update_history` (`right_carry`, `date`, `from_id`, `user_id`) VALUES ('50', '2024-10-02 06:55:21', '8MFJJY', '7WQBA7');
INSERT INTO `matrix_filling` (`placement_id`, `downline_id`, `level`, `matrix`) VALUES ('QPNZO1', '8MFJJY', 7, 1);
UPDATE `bv_updation` SET right_carry = right_carry+50, total_right = total_right+50
WHERE `user_id` = 'QPNZO1';
INSERT INTO `placement_bv_update_history` (`right_carry`, `date`, `from_id`, `user_id`) VALUES ('50', '2024-10-02 06:55:21', '8MFJJY', 'QPNZO1');
INSERT INTO `matrix_filling` (`placement_id`, `downline_id`, `level`, `matrix`) VALUES ('KCF78M', '8MFJJY', 8, 1);
UPDATE `bv_updation` SET right_carry = right_carry+50, total_right = total_right+50
WHERE `user_id` = 'KCF78M';
INSERT INTO `placement_bv_update_history` (`right_carry`, `date`, `from_id`, `user_id`) VALUES ('50', '2024-10-02 06:55:21', '8MFJJY', 'KCF78M');
INSERT INTO `matrix_filling` (`placement_id`, `downline_id`, `level`, `matrix`) VALUES ('7RY1ZP', '8MFJJY', 9, 1);
UPDATE `bv_updation` SET right_carry = right_carry+50, total_right = total_right+50
WHERE `user_id` = '7RY1ZP';
INSERT INTO `placement_bv_update_history` (`right_carry`, `date`, `from_id`, `user_id`) VALUES ('50', '2024-10-02 06:55:21', '8MFJJY', '7RY1ZP');
INSERT INTO `matrix_filling` (`placement_id`, `downline_id`, `level`, `matrix`) VALUES ('ADZTOG', '8MFJJY', 10, 1);
UPDATE `bv_updation` SET right_carry = right_carry+50, total_right = total_right+50
WHERE `user_id` = 'ADZTOG';
INSERT INTO `placement_bv_update_history` (`right_carry`, `date`, `from_id`, `user_id`) VALUES ('50', '2024-10-02 06:55:21', '8MFJJY', 'ADZTOG');
INSERT INTO `matrix_filling` (`placement_id`, `downline_id`, `level`, `matrix`) VALUES ('A9858P', '8MFJJY', 11, 1);
UPDATE `bv_updation` SET right_carry = right_carry+50, total_right = total_right+50
WHERE `user_id` = 'A9858P';
INSERT INTO `placement_bv_update_history` (`right_carry`, `date`, `from_id`, `user_id`) VALUES ('50', '2024-10-02 06:55:21', '8MFJJY', 'A9858P');
INSERT INTO `matrix_filling` (`placement_id`, `downline_id`, `level`, `matrix`) VALUES ('admin', '8MFJJY', 12, 1);
UPDATE `bv_updation` SET right_carry = right_carry+50, total_right = total_right+50
WHERE `user_id` = 'admin';
INSERT INTO `placement_bv_update_history` (`right_carry`, `date`, `from_id`, `user_id`) VALUES ('50', '2024-10-02 06:55:21', '8MFJJY', 'admin');
INSERT INTO `package_purchase_history` (`user_id`, `package_id`, `reg_fee`, `package_name`, `monthly_fee`, `type`, `date`, `payment_option`) VALUES ('8MFJJY', '2', '595', 'Traveler Pro', '150', 'sign_up', '2024-10-02 06:55:21', 'free');
UPDATE `user_registration` SET `uid` = '2682', `user_id` = 'I3GVQJ', `username` = 'aymarita', `sponsor_id` = 'GPRO3Q', `vacant` = 'no', `f_name` = 'Aymara', `l_name` = 'Pérez', `address` = '6520 Kendale Lakes Dr', `position` = 'left', `email` = 'aymarita11@gmail.com', `password` = '40104916e07c61bfb6d19a79f5360092', `phone` = '3057610606', `country` = 'United States', `state` = 'Florida', `city` = 'Miami', `street` = '6520 Kendale Lakes Dr', `zip_code` = '33183', `reg_ip` = '172.70.82.140', `status` = 1, `package_id` = '2', `rank_id` = 1, `highest_rank` = 1, `cycle_rank_id` = 1, `created` = '2024-10-02 06:56:51', `subscription_date` = '2024-11-01', `google_secret` = 'EVRIKCHKIWNJLUYN'
WHERE `uid` = '2682';
INSERT INTO `user_registration` (`uid`, `user_id`, `username`, `sponsor_id`, `placement_id`, `vacant`, `f_name`, `l_name`, `address`, `position`, `email`, `password`, `phone`, `reg_ip`, `status`, `created`) VALUES (NULL, 'KDUVKO', 'oUwIpMUo', 'I3GVQJ', 'I3GVQJ', 'yes', '', '', '', 'left', '@mail.com', '', '', '', 0, '2024-10-02 06:56:51');
INSERT INTO `user_registration` (`uid`, `user_id`, `username`, `sponsor_id`, `placement_id`, `vacant`, `f_name`, `l_name`, `address`, `position`, `email`, `password`, `phone`, `reg_ip`, `status`, `created`) VALUES (NULL, 'KIZIXC', 'aePJuTAI', 'I3GVQJ', 'I3GVQJ', 'yes', '', '', '', 'right', '@mail.com', '', '', '', 0, '2024-10-02 06:56:51');
INSERT INTO `bv_updation` (`user_id`) VALUES ('I3GVQJ');
UPDATE `user_registration` SET total_ref_count = total_ref_count+1
WHERE `user_id` = 'GPRO3Q';
UPDATE `user_registration` SET total_downlines = total_downlines+1
WHERE `user_id` = '8MFJJY';
UPDATE `user_registration` SET left_downlines = left_downlines+1
WHERE `user_id` = '8MFJJY';
UPDATE `user_registration` SET total_downlines = total_downlines+1
WHERE `user_id` = 'XX3T74';
UPDATE `user_registration` SET left_downlines = left_downlines+1
WHERE `user_id` = 'XX3T74';
UPDATE `user_registration` SET total_downlines = total_downlines+1
WHERE `user_id` = 'GPRO3Q';
UPDATE `user_registration` SET left_downlines = left_downlines+1
WHERE `user_id` = 'GPRO3Q';
UPDATE `user_registration` SET left_ref_count = left_ref_count+1
WHERE `user_id` = 'GPRO3Q';
UPDATE `user_registration` SET active_left = active_left+1
WHERE `user_id` = 'GPRO3Q';
UPDATE `user_registration` SET total_downlines = total_downlines+1
WHERE `user_id` = 'MBPRQB';
UPDATE `user_registration` SET right_downlines = right_downlines+1
WHERE `user_id` = 'MBPRQB';
UPDATE `user_registration` SET total_downlines = total_downlines+1
WHERE `user_id` = 'X1RH6U';
UPDATE `user_registration` SET right_downlines = right_downlines+1
WHERE `user_id` = 'X1RH6U';
UPDATE `user_registration` SET total_downlines = total_downlines+1
WHERE `user_id` = 'HHALCM';
UPDATE `user_registration` SET right_downlines = right_downlines+1
WHERE `user_id` = 'HHALCM';
UPDATE `user_registration` SET total_downlines = total_downlines+1
WHERE `user_id` = '7WQBA7';
UPDATE `user_registration` SET right_downlines = right_downlines+1
WHERE `user_id` = '7WQBA7';
UPDATE `user_registration` SET total_downlines = total_downlines+1
WHERE `user_id` = 'QPNZO1';
UPDATE `user_registration` SET right_downlines = right_downlines+1
WHERE `user_id` = 'QPNZO1';
UPDATE `user_registration` SET total_downlines = total_downlines+1
WHERE `user_id` = 'KCF78M';
UPDATE `user_registration` SET right_downlines = right_downlines+1
WHERE `user_id` = 'KCF78M';
UPDATE `user_registration` SET total_downlines = total_downlines+1
WHERE `user_id` = '7RY1ZP';
UPDATE `user_registration` SET right_downlines = right_downlines+1
WHERE `user_id` = '7RY1ZP';
UPDATE `user_registration` SET total_downlines = total_downlines+1
WHERE `user_id` = 'ADZTOG';
UPDATE `user_registration` SET right_downlines = right_downlines+1
WHERE `user_id` = 'ADZTOG';
UPDATE `user_registration` SET total_downlines = total_downlines+1
WHERE `user_id` = 'A9858P';
UPDATE `user_registration` SET right_downlines = right_downlines+1
WHERE `user_id` = 'A9858P';
UPDATE `user_registration` SET total_downlines = total_downlines+1
WHERE `user_id` = 'admin';
UPDATE `user_registration` SET right_downlines = right_downlines+1
WHERE `user_id` = 'admin';
INSERT INTO `investment` (`invest_date`, `user_id`, `type`, `amount`, `package_id`) VALUES ('2024-10-02 06:56:51', 'I3GVQJ', 'register', '595', '2');
INSERT INTO `earnings` (`user_id`, `Purchaser_id`, `earning_type`, `package_id`, `amount`, `date`, `comments`, `invest_amount`, `comm_perc`, `level`, `rank_id`, `order_id`) VALUES ('GPRO3Q', 'I3GVQJ', 'Direct Referral Bonus', '2', '100', '2024-10-02 06:56:51', 'Direct Referral Bonus', 0, 0, 1, '', 339);
UPDATE `user_registration` SET commission_balance = ROUND(commission_balance + 100,2)
WHERE `user_id` = 'GPRO3Q';
UPDATE `user_registration` SET referral_bonus = ROUND(referral_bonus + 100,2)
WHERE `user_id` = 'GPRO3Q';
INSERT INTO `earnings` (`user_id`, `Purchaser_id`, `earning_type`, `package_id`, `amount`, `date`, `comments`, `invest_amount`, `comm_perc`, `level`, `rank_id`, `order_id`) VALUES ('ADZTOG', 'I3GVQJ', 'Expansion Bonus', '2', 100, '2024-10-02 06:56:51', 'Expansion Bonus', '100', 0, 1, '', 339);
UPDATE `user_registration` SET commission_balance = ROUND(commission_balance + 100,2)
WHERE `user_id` = 'ADZTOG';
UPDATE `user_registration` SET expansion_bonus = ROUND(expansion_bonus + 100,2)
WHERE `user_id` = 'ADZTOG';
INSERT INTO `earnings` (`user_id`, `Purchaser_id`, `earning_type`, `package_id`, `amount`, `date`, `comments`, `invest_amount`, `comm_perc`, `level`, `rank_id`, `order_id`) VALUES ('A9858P', 'I3GVQJ', 'Expansion Bonus', '2', 100, '2024-10-02 06:56:51', 'Expansion Bonus', 200, 0, 1, '', 339);
UPDATE `user_registration` SET commission_balance = ROUND(commission_balance + 100,2)
WHERE `user_id` = 'A9858P';
UPDATE `user_registration` SET expansion_bonus = ROUND(expansion_bonus + 100,2)
WHERE `user_id` = 'A9858P';
INSERT INTO `matrix_filling` (`placement_id`, `downline_id`, `level`, `matrix`) VALUES ('8MFJJY', 'I3GVQJ', 1, 1);
UPDATE `bv_updation` SET left_carry = left_carry+50, total_left = total_left+50
WHERE `user_id` = '8MFJJY';
INSERT INTO `placement_bv_update_history` (`left_carry`, `date`, `from_id`, `user_id`) VALUES ('50', '2024-10-02 06:56:51', 'I3GVQJ', '8MFJJY');
INSERT INTO `matrix_filling` (`placement_id`, `downline_id`, `level`, `matrix`) VALUES ('XX3T74', 'I3GVQJ', 2, 1);
UPDATE `bv_updation` SET left_carry = left_carry+50, total_left = total_left+50
WHERE `user_id` = 'XX3T74';
INSERT INTO `placement_bv_update_history` (`left_carry`, `date`, `from_id`, `user_id`) VALUES ('50', '2024-10-02 06:56:51', 'I3GVQJ', 'XX3T74');
INSERT INTO `matrix_filling` (`placement_id`, `downline_id`, `level`, `matrix`) VALUES ('GPRO3Q', 'I3GVQJ', 3, 1);
UPDATE `bv_updation` SET left_carry = left_carry+50, total_left = total_left+50
WHERE `user_id` = 'GPRO3Q';
INSERT INTO `placement_bv_update_history` (`left_carry`, `date`, `from_id`, `user_id`) VALUES ('50', '2024-10-02 06:56:51', 'I3GVQJ', 'GPRO3Q');
UPDATE `bv_updation` SET sponsor_left_carry = sponsor_left_carry+50, sponsor_total_left = sponsor_total_left+50
WHERE `user_id` = 'GPRO3Q';
INSERT INTO `sponsor_bv_update_history` (`left_carry`, `date`, `user_id`) VALUES ('50', '2024-10-02 06:56:51', 'GPRO3Q');
INSERT INTO `matrix_filling` (`placement_id`, `downline_id`, `level`, `matrix`) VALUES ('MBPRQB', 'I3GVQJ', 4, 1);
UPDATE `bv_updation` SET right_carry = right_carry+50, total_right = total_right+50
WHERE `user_id` = 'MBPRQB';
INSERT INTO `placement_bv_update_history` (`right_carry`, `date`, `from_id`, `user_id`) VALUES ('50', '2024-10-02 06:56:51', 'I3GVQJ', 'MBPRQB');
INSERT INTO `matrix_filling` (`placement_id`, `downline_id`, `level`, `matrix`) VALUES ('X1RH6U', 'I3GVQJ', 5, 1);
UPDATE `bv_updation` SET right_carry = right_carry+50, total_right = total_right+50
WHERE `user_id` = 'X1RH6U';
INSERT INTO `placement_bv_update_history` (`right_carry`, `date`, `from_id`, `user_id`) VALUES ('50', '2024-10-02 06:56:51', 'I3GVQJ', 'X1RH6U');
INSERT INTO `matrix_filling` (`placement_id`, `downline_id`, `level`, `matrix`) VALUES ('HHALCM', 'I3GVQJ', 6, 1);
UPDATE `bv_updation` SET right_carry = right_carry+50, total_right = total_right+50
WHERE `user_id` = 'HHALCM';
INSERT INTO `placement_bv_update_history` (`right_carry`, `date`, `from_id`, `user_id`) VALUES ('50', '2024-10-02 06:56:51', 'I3GVQJ', 'HHALCM');
INSERT INTO `matrix_filling` (`placement_id`, `downline_id`, `level`, `matrix`) VALUES ('7WQBA7', 'I3GVQJ', 7, 1);
UPDATE `bv_updation` SET right_carry = right_carry+50, total_right = total_right+50
WHERE `user_id` = '7WQBA7';
INSERT INTO `placement_bv_update_history` (`right_carry`, `date`, `from_id`, `user_id`) VALUES ('50', '2024-10-02 06:56:51', 'I3GVQJ', '7WQBA7');
INSERT INTO `matrix_filling` (`placement_id`, `downline_id`, `level`, `matrix`) VALUES ('QPNZO1', 'I3GVQJ', 8, 1);
UPDATE `bv_updation` SET right_carry = right_carry+50, total_right = total_right+50
WHERE `user_id` = 'QPNZO1';
INSERT INTO `placement_bv_update_history` (`right_carry`, `date`, `from_id`, `user_id`) VALUES ('50', '2024-10-02 06:56:51', 'I3GVQJ', 'QPNZO1');
INSERT INTO `matrix_filling` (`placement_id`, `downline_id`, `level`, `matrix`) VALUES ('KCF78M', 'I3GVQJ', 9, 1);
UPDATE `bv_updation` SET right_carry = right_carry+50, total_right = total_right+50
WHERE `user_id` = 'KCF78M';
INSERT INTO `placement_bv_update_history` (`right_carry`, `date`, `from_id`, `user_id`) VALUES ('50', '2024-10-02 06:56:51', 'I3GVQJ', 'KCF78M');
INSERT INTO `matrix_filling` (`placement_id`, `downline_id`, `level`, `matrix`) VALUES ('7RY1ZP', 'I3GVQJ', 10, 1);
UPDATE `bv_updation` SET right_carry = right_carry+50, total_right = total_right+50
WHERE `user_id` = '7RY1ZP';
INSERT INTO `placement_bv_update_history` (`right_carry`, `date`, `from_id`, `user_id`) VALUES ('50', '2024-10-02 06:56:51', 'I3GVQJ', '7RY1ZP');
INSERT INTO `matrix_filling` (`placement_id`, `downline_id`, `level`, `matrix`) VALUES ('ADZTOG', 'I3GVQJ', 11, 1);
UPDATE `bv_updation` SET right_carry = right_carry+50, total_right = total_right+50
WHERE `user_id` = 'ADZTOG';
INSERT INTO `placement_bv_update_history` (`right_carry`, `date`, `from_id`, `user_id`) VALUES ('50', '2024-10-02 06:56:51', 'I3GVQJ', 'ADZTOG');
INSERT INTO `matrix_filling` (`placement_id`, `downline_id`, `level`, `matrix`) VALUES ('A9858P', 'I3GVQJ', 12, 1);
UPDATE `bv_updation` SET right_carry = right_carry+50, total_right = total_right+50
WHERE `user_id` = 'A9858P';
INSERT INTO `placement_bv_update_history` (`right_carry`, `date`, `from_id`, `user_id`) VALUES ('50', '2024-10-02 06:56:51', 'I3GVQJ', 'A9858P');
INSERT INTO `matrix_filling` (`placement_id`, `downline_id`, `level`, `matrix`) VALUES ('admin', 'I3GVQJ', 13, 1);
UPDATE `bv_updation` SET right_carry = right_carry+50, total_right = total_right+50
WHERE `user_id` = 'admin';
INSERT INTO `placement_bv_update_history` (`right_carry`, `date`, `from_id`, `user_id`) VALUES ('50', '2024-10-02 06:56:51', 'I3GVQJ', 'admin');
INSERT INTO `package_purchase_history` (`user_id`, `package_id`, `reg_fee`, `package_name`, `monthly_fee`, `type`, `date`, `payment_option`) VALUES ('I3GVQJ', '2', '595', 'Traveler Pro', '150', 'sign_up', '2024-10-02 06:56:51', 'free');
UPDATE `user_registration` SET `popup_seen` = 'yes'
WHERE `user_id` = 'GPRO3Q';
UPDATE `user_registration` SET `popup_seen` = 'yes'
WHERE `user_id` = 'GPRO3Q';
UPDATE `user_registration` SET `uid` = '2684', `user_id` = 'WZ9EE2', `username` = 'amancio1', `sponsor_id` = 'GPRO3Q', `vacant` = 'no', `f_name` = 'Amancio', `l_name` = 'Paz', `address` = '6520 Kendale Lakes Dr', `position` = 'left', `email` = 'amancio1@gmail.com', `password` = '40104916e07c61bfb6d19a79f5360092', `phone` = '3057610606', `country` = 'United States', `state` = 'Florida', `city` = 'Miami', `street` = '6520 Kendale Lakes Dr', `zip_code` = '33183', `reg_ip` = '172.70.255.20', `status` = 1, `package_id` = '2', `rank_id` = 1, `highest_rank` = 1, `cycle_rank_id` = 1, `created` = '2024-10-02 07:00:16', `subscription_date` = '2024-11-01', `google_secret` = 'NX2PI4I4FGZTZAAN'
WHERE `uid` = '2684';
INSERT INTO `user_registration` (`uid`, `user_id`, `username`, `sponsor_id`, `placement_id`, `vacant`, `f_name`, `l_name`, `address`, `position`, `email`, `password`, `phone`, `reg_ip`, `status`, `created`) VALUES (NULL, 'XTPFYL', 'pDcngNBf', 'WZ9EE2', 'WZ9EE2', 'yes', '', '', '', 'left', '@mail.com', '', '', '', 0, '2024-10-02 07:00:16');
INSERT INTO `user_registration` (`uid`, `user_id`, `username`, `sponsor_id`, `placement_id`, `vacant`, `f_name`, `l_name`, `address`, `position`, `email`, `password`, `phone`, `reg_ip`, `status`, `created`) VALUES (NULL, 'PCCCOG', 'zBtxcOAW', 'WZ9EE2', 'WZ9EE2', 'yes', '', '', '', 'right', '@mail.com', '', '', '', 0, '2024-10-02 07:00:16');
INSERT INTO `bv_updation` (`user_id`) VALUES ('WZ9EE2');
UPDATE `user_registration` SET total_ref_count = total_ref_count+1
WHERE `user_id` = 'GPRO3Q';
UPDATE `user_registration` SET total_downlines = total_downlines+1
WHERE `user_id` = 'I3GVQJ';
UPDATE `user_registration` SET left_downlines = left_downlines+1
WHERE `user_id` = 'I3GVQJ';
UPDATE `user_registration` SET total_downlines = total_downlines+1
WHERE `user_id` = '8MFJJY';
UPDATE `user_registration` SET left_downlines = left_downlines+1
WHERE `user_id` = '8MFJJY';
UPDATE `user_registration` SET total_downlines = total_downlines+1
WHERE `user_id` = 'XX3T74';
UPDATE `user_registration` SET left_downlines = left_downlines+1
WHERE `user_id` = 'XX3T74';
UPDATE `user_registration` SET total_downlines = total_downlines+1
WHERE `user_id` = 'GPRO3Q';
UPDATE `user_registration` SET left_downlines = left_downlines+1
WHERE `user_id` = 'GPRO3Q';
UPDATE `user_registration` SET left_ref_count = left_ref_count+1
WHERE `user_id` = 'GPRO3Q';
UPDATE `user_registration` SET active_left = active_left+1
WHERE `user_id` = 'GPRO3Q';
UPDATE `user_registration` SET total_downlines = total_downlines+1
WHERE `user_id` = 'MBPRQB';
UPDATE `user_registration` SET right_downlines = right_downlines+1
WHERE `user_id` = 'MBPRQB';
UPDATE `user_registration` SET total_downlines = total_downlines+1
WHERE `user_id` = 'X1RH6U';
UPDATE `user_registration` SET right_downlines = right_downlines+1
WHERE `user_id` = 'X1RH6U';
UPDATE `user_registration` SET total_downlines = total_downlines+1
WHERE `user_id` = 'HHALCM';
UPDATE `user_registration` SET right_downlines = right_downlines+1
WHERE `user_id` = 'HHALCM';
UPDATE `user_registration` SET total_downlines = total_downlines+1
WHERE `user_id` = '7WQBA7';
UPDATE `user_registration` SET right_downlines = right_downlines+1
WHERE `user_id` = '7WQBA7';
UPDATE `user_registration` SET total_downlines = total_downlines+1
WHERE `user_id` = 'QPNZO1';
UPDATE `user_registration` SET right_downlines = right_downlines+1
WHERE `user_id` = 'QPNZO1';
UPDATE `user_registration` SET total_downlines = total_downlines+1
WHERE `user_id` = 'KCF78M';
UPDATE `user_registration` SET right_downlines = right_downlines+1
WHERE `user_id` = 'KCF78M';
UPDATE `user_registration` SET total_downlines = total_downlines+1
WHERE `user_id` = '7RY1ZP';
UPDATE `user_registration` SET right_downlines = right_downlines+1
WHERE `user_id` = '7RY1ZP';
UPDATE `user_registration` SET total_downlines = total_downlines+1
WHERE `user_id` = 'ADZTOG';
UPDATE `user_registration` SET right_downlines = right_downlines+1
WHERE `user_id` = 'ADZTOG';
UPDATE `user_registration` SET total_downlines = total_downlines+1
WHERE `user_id` = 'A9858P';
UPDATE `user_registration` SET right_downlines = right_downlines+1
WHERE `user_id` = 'A9858P';
UPDATE `user_registration` SET total_downlines = total_downlines+1
WHERE `user_id` = 'admin';
UPDATE `user_registration` SET right_downlines = right_downlines+1
WHERE `user_id` = 'admin';
INSERT INTO `investment` (`invest_date`, `user_id`, `type`, `amount`, `package_id`) VALUES ('2024-10-02 07:00:16', 'WZ9EE2', 'register', '595', '2');
INSERT INTO `earnings` (`user_id`, `Purchaser_id`, `earning_type`, `package_id`, `amount`, `date`, `comments`, `invest_amount`, `comm_perc`, `level`, `rank_id`, `order_id`) VALUES ('GPRO3Q', 'WZ9EE2', 'Direct Referral Bonus', '2', '100', '2024-10-02 07:00:16', 'Direct Referral Bonus', 0, 0, 1, '', 340);
UPDATE `user_registration` SET commission_balance = ROUND(commission_balance + 100,2)
WHERE `user_id` = 'GPRO3Q';
UPDATE `user_registration` SET referral_bonus = ROUND(referral_bonus + 100,2)
WHERE `user_id` = 'GPRO3Q';
INSERT INTO `earnings` (`user_id`, `Purchaser_id`, `earning_type`, `package_id`, `amount`, `date`, `comments`, `invest_amount`, `comm_perc`, `level`, `rank_id`, `order_id`) VALUES ('ADZTOG', 'WZ9EE2', 'Expansion Bonus', '2', 100, '2024-10-02 07:00:16', 'Expansion Bonus', '100', 0, 1, '', 340);
UPDATE `user_registration` SET commission_balance = ROUND(commission_balance + 100,2)
WHERE `user_id` = 'ADZTOG';
UPDATE `user_registration` SET expansion_bonus = ROUND(expansion_bonus + 100,2)
WHERE `user_id` = 'ADZTOG';
INSERT INTO `earnings` (`user_id`, `Purchaser_id`, `earning_type`, `package_id`, `amount`, `date`, `comments`, `invest_amount`, `comm_perc`, `level`, `rank_id`, `order_id`) VALUES ('A9858P', 'WZ9EE2', 'Expansion Bonus', '2', 100, '2024-10-02 07:00:16', 'Expansion Bonus', 200, 0, 1, '', 340);
UPDATE `user_registration` SET commission_balance = ROUND(commission_balance + 100,2)
WHERE `user_id` = 'A9858P';
UPDATE `user_registration` SET expansion_bonus = ROUND(expansion_bonus + 100,2)
WHERE `user_id` = 'A9858P';
INSERT INTO `matrix_filling` (`placement_id`, `downline_id`, `level`, `matrix`) VALUES ('I3GVQJ', 'WZ9EE2', 1, 1);
UPDATE `bv_updation` SET left_carry = left_carry+50, total_left = total_left+50
WHERE `user_id` = 'I3GVQJ';
INSERT INTO `placement_bv_update_history` (`left_carry`, `date`, `from_id`, `user_id`) VALUES ('50', '2024-10-02 07:00:16', 'WZ9EE2', 'I3GVQJ');
INSERT INTO `matrix_filling` (`placement_id`, `downline_id`, `level`, `matrix`) VALUES ('8MFJJY', 'WZ9EE2', 2, 1);
UPDATE `bv_updation` SET left_carry = left_carry+50, total_left = total_left+50
WHERE `user_id` = '8MFJJY';
INSERT INTO `placement_bv_update_history` (`left_carry`, `date`, `from_id`, `user_id`) VALUES ('50', '2024-10-02 07:00:16', 'WZ9EE2', '8MFJJY');
INSERT INTO `matrix_filling` (`placement_id`, `downline_id`, `level`, `matrix`) VALUES ('XX3T74', 'WZ9EE2', 3, 1);
UPDATE `bv_updation` SET left_carry = left_carry+50, total_left = total_left+50
WHERE `user_id` = 'XX3T74';
INSERT INTO `placement_bv_update_history` (`left_carry`, `date`, `from_id`, `user_id`) VALUES ('50', '2024-10-02 07:00:16', 'WZ9EE2', 'XX3T74');
INSERT INTO `matrix_filling` (`placement_id`, `downline_id`, `level`, `matrix`) VALUES ('GPRO3Q', 'WZ9EE2', 4, 1);
UPDATE `bv_updation` SET left_carry = left_carry+50, total_left = total_left+50
WHERE `user_id` = 'GPRO3Q';
INSERT INTO `placement_bv_update_history` (`left_carry`, `date`, `from_id`, `user_id`) VALUES ('50', '2024-10-02 07:00:16', 'WZ9EE2', 'GPRO3Q');
UPDATE `bv_updation` SET sponsor_left_carry = sponsor_left_carry+50, sponsor_total_left = sponsor_total_left+50
WHERE `user_id` = 'GPRO3Q';
INSERT INTO `sponsor_bv_update_history` (`left_carry`, `date`, `user_id`) VALUES ('50', '2024-10-02 07:00:16', 'GPRO3Q');
INSERT INTO `matrix_filling` (`placement_id`, `downline_id`, `level`, `matrix`) VALUES ('MBPRQB', 'WZ9EE2', 5, 1);
UPDATE `bv_updation` SET right_carry = right_carry+50, total_right = total_right+50
WHERE `user_id` = 'MBPRQB';
INSERT INTO `placement_bv_update_history` (`right_carry`, `date`, `from_id`, `user_id`) VALUES ('50', '2024-10-02 07:00:16', 'WZ9EE2', 'MBPRQB');
INSERT INTO `matrix_filling` (`placement_id`, `downline_id`, `level`, `matrix`) VALUES ('X1RH6U', 'WZ9EE2', 6, 1);
UPDATE `bv_updation` SET right_carry = right_carry+50, total_right = total_right+50
WHERE `user_id` = 'X1RH6U';
INSERT INTO `placement_bv_update_history` (`right_carry`, `date`, `from_id`, `user_id`) VALUES ('50', '2024-10-02 07:00:16', 'WZ9EE2', 'X1RH6U');
INSERT INTO `matrix_filling` (`placement_id`, `downline_id`, `level`, `matrix`) VALUES ('HHALCM', 'WZ9EE2', 7, 1);
UPDATE `bv_updation` SET right_carry = right_carry+50, total_right = total_right+50
WHERE `user_id` = 'HHALCM';
INSERT INTO `placement_bv_update_history` (`right_carry`, `date`, `from_id`, `user_id`) VALUES ('50', '2024-10-02 07:00:16', 'WZ9EE2', 'HHALCM');
INSERT INTO `matrix_filling` (`placement_id`, `downline_id`, `level`, `matrix`) VALUES ('7WQBA7', 'WZ9EE2', 8, 1);
UPDATE `bv_updation` SET right_carry = right_carry+50, total_right = total_right+50
WHERE `user_id` = '7WQBA7';
INSERT INTO `placement_bv_update_history` (`right_carry`, `date`, `from_id`, `user_id`) VALUES ('50', '2024-10-02 07:00:16', 'WZ9EE2', '7WQBA7');
INSERT INTO `matrix_filling` (`placement_id`, `downline_id`, `level`, `matrix`) VALUES ('QPNZO1', 'WZ9EE2', 9, 1);
UPDATE `bv_updation` SET right_carry = right_carry+50, total_right = total_right+50
WHERE `user_id` = 'QPNZO1';
INSERT INTO `placement_bv_update_history` (`right_carry`, `date`, `from_id`, `user_id`) VALUES ('50', '2024-10-02 07:00:16', 'WZ9EE2', 'QPNZO1');
INSERT INTO `matrix_filling` (`placement_id`, `downline_id`, `level`, `matrix`) VALUES ('KCF78M', 'WZ9EE2', 10, 1);
UPDATE `bv_updation` SET right_carry = right_carry+50, total_right = total_right+50
WHERE `user_id` = 'KCF78M';
INSERT INTO `placement_bv_update_history` (`right_carry`, `date`, `from_id`, `user_id`) VALUES ('50', '2024-10-02 07:00:16', 'WZ9EE2', 'KCF78M');
INSERT INTO `matrix_filling` (`placement_id`, `downline_id`, `level`, `matrix`) VALUES ('7RY1ZP', 'WZ9EE2', 11, 1);
UPDATE `bv_updation` SET right_carry = right_carry+50, total_right = total_right+50
WHERE `user_id` = '7RY1ZP';
INSERT INTO `placement_bv_update_history` (`right_carry`, `date`, `from_id`, `user_id`) VALUES ('50', '2024-10-02 07:00:16', 'WZ9EE2', '7RY1ZP');
INSERT INTO `matrix_filling` (`placement_id`, `downline_id`, `level`, `matrix`) VALUES ('ADZTOG', 'WZ9EE2', 12, 1);
UPDATE `bv_updation` SET right_carry = right_carry+50, total_right = total_right+50
WHERE `user_id` = 'ADZTOG';
INSERT INTO `placement_bv_update_history` (`right_carry`, `date`, `from_id`, `user_id`) VALUES ('50', '2024-10-02 07:00:16', 'WZ9EE2', 'ADZTOG');
INSERT INTO `matrix_filling` (`placement_id`, `downline_id`, `level`, `matrix`) VALUES ('A9858P', 'WZ9EE2', 13, 1);
UPDATE `bv_updation` SET right_carry = right_carry+50, total_right = total_right+50
WHERE `user_id` = 'A9858P';
INSERT INTO `placement_bv_update_history` (`right_carry`, `date`, `from_id`, `user_id`) VALUES ('50', '2024-10-02 07:00:16', 'WZ9EE2', 'A9858P');
INSERT INTO `matrix_filling` (`placement_id`, `downline_id`, `level`, `matrix`) VALUES ('admin', 'WZ9EE2', 14, 1);
UPDATE `bv_updation` SET right_carry = right_carry+50, total_right = total_right+50
WHERE `user_id` = 'admin';
INSERT INTO `placement_bv_update_history` (`right_carry`, `date`, `from_id`, `user_id`) VALUES ('50', '2024-10-02 07:00:16', 'WZ9EE2', 'admin');
INSERT INTO `package_purchase_history` (`user_id`, `package_id`, `reg_fee`, `package_name`, `monthly_fee`, `type`, `date`, `payment_option`) VALUES ('WZ9EE2', '2', '595', 'Traveler Pro', '150', 'sign_up', '2024-10-02 07:00:16', 'free');
UPDATE `ci_sessions` SET `timestamp` = 1727870430, `data` = '__ci_last_regenerate|i:1727870430;id|s:4:\"2053\";user_id|s:6:\"GPRO3Q\";username|s:6:\"nelia1\";sponsor_id|s:6:\"ADZTOG\";fullname|s:16:\"Nelia  Dominguez\";email|s:16:\"nelia1@gmail.com\";phone|s:10:\"3057610606\";isLogIn|b:1;'
WHERE `id` = 'f44ce95c4c29014ec8f1cb6dbe3669086a5e6f4b';
UPDATE `user_registration` SET `popup_seen` = 'yes'
WHERE `user_id` = 'GPRO3Q';
UPDATE `user_registration` SET `uid` = '2686', `user_id` = 'K9JWBF', `username` = 'esperanza1', `sponsor_id` = 'GPRO3Q', `vacant` = 'no', `f_name` = 'Esperanza', `l_name` = 'Luz', `address` = '6520 Kendale Lakes Dr', `position` = 'left', `email` = 'esperanza1@gmail.com', `password` = 'ded2e80a51407ab3a557715a7f6d992e', `phone` = '3057610606', `country` = 'United States', `state` = 'Florida', `city` = 'Miami', `street` = '6520 Kendale Lakes Dr', `zip_code` = '33183', `reg_ip` = '108.162.210.224', `status` = 1, `package_id` = '2', `rank_id` = 1, `highest_rank` = 1, `cycle_rank_id` = 1, `created` = '2024-10-02 07:01:51', `subscription_date` = '2024-11-01', `google_secret` = 'X7VRWCNWHDHCZUDG'
WHERE `uid` = '2686';
INSERT INTO `user_registration` (`uid`, `user_id`, `username`, `sponsor_id`, `placement_id`, `vacant`, `f_name`, `l_name`, `address`, `position`, `email`, `password`, `phone`, `reg_ip`, `status`, `created`) VALUES (NULL, 'AGRKEW', 'MaDWbmLb', 'K9JWBF', 'K9JWBF', 'yes', '', '', '', 'left', '@mail.com', '', '', '', 0, '2024-10-02 07:01:51');
INSERT INTO `user_registration` (`uid`, `user_id`, `username`, `sponsor_id`, `placement_id`, `vacant`, `f_name`, `l_name`, `address`, `position`, `email`, `password`, `phone`, `reg_ip`, `status`, `created`) VALUES (NULL, 'JKGPLH', 'nXaFEwyd', 'K9JWBF', 'K9JWBF', 'yes', '', '', '', 'right', '@mail.com', '', '', '', 0, '2024-10-02 07:01:51');
INSERT INTO `bv_updation` (`user_id`) VALUES ('K9JWBF');
UPDATE `user_registration` SET total_ref_count = total_ref_count+1
WHERE `user_id` = 'GPRO3Q';
UPDATE `user_registration` SET total_downlines = total_downlines+1
WHERE `user_id` = 'WZ9EE2';
UPDATE `user_registration` SET left_downlines = left_downlines+1
WHERE `user_id` = 'WZ9EE2';
UPDATE `user_registration` SET total_downlines = total_downlines+1
WHERE `user_id` = 'I3GVQJ';
UPDATE `user_registration` SET left_downlines = left_downlines+1
WHERE `user_id` = 'I3GVQJ';
UPDATE `user_registration` SET total_downlines = total_downlines+1
WHERE `user_id` = '8MFJJY';
UPDATE `user_registration` SET left_downlines = left_downlines+1
WHERE `user_id` = '8MFJJY';
UPDATE `user_registration` SET total_downlines = total_downlines+1
WHERE `user_id` = 'XX3T74';
UPDATE `user_registration` SET left_downlines = left_downlines+1
WHERE `user_id` = 'XX3T74';
UPDATE `user_registration` SET total_downlines = total_downlines+1
WHERE `user_id` = 'GPRO3Q';
UPDATE `user_registration` SET left_downlines = left_downlines+1
WHERE `user_id` = 'GPRO3Q';
UPDATE `user_registration` SET left_ref_count = left_ref_count+1
WHERE `user_id` = 'GPRO3Q';
UPDATE `user_registration` SET active_left = active_left+1
WHERE `user_id` = 'GPRO3Q';
UPDATE `user_registration` SET total_downlines = total_downlines+1
WHERE `user_id` = 'MBPRQB';
UPDATE `user_registration` SET right_downlines = right_downlines+1
WHERE `user_id` = 'MBPRQB';
UPDATE `user_registration` SET total_downlines = total_downlines+1
WHERE `user_id` = 'X1RH6U';
UPDATE `user_registration` SET right_downlines = right_downlines+1
WHERE `user_id` = 'X1RH6U';
UPDATE `user_registration` SET total_downlines = total_downlines+1
WHERE `user_id` = 'HHALCM';
UPDATE `user_registration` SET right_downlines = right_downlines+1
WHERE `user_id` = 'HHALCM';
UPDATE `user_registration` SET total_downlines = total_downlines+1
WHERE `user_id` = '7WQBA7';
UPDATE `user_registration` SET right_downlines = right_downlines+1
WHERE `user_id` = '7WQBA7';
UPDATE `user_registration` SET total_downlines = total_downlines+1
WHERE `user_id` = 'QPNZO1';
UPDATE `user_registration` SET right_downlines = right_downlines+1
WHERE `user_id` = 'QPNZO1';
UPDATE `user_registration` SET total_downlines = total_downlines+1
WHERE `user_id` = 'KCF78M';
UPDATE `user_registration` SET right_downlines = right_downlines+1
WHERE `user_id` = 'KCF78M';
UPDATE `user_registration` SET total_downlines = total_downlines+1
WHERE `user_id` = '7RY1ZP';
UPDATE `user_registration` SET right_downlines = right_downlines+1
WHERE `user_id` = '7RY1ZP';
UPDATE `user_registration` SET total_downlines = total_downlines+1
WHERE `user_id` = 'ADZTOG';
UPDATE `user_registration` SET right_downlines = right_downlines+1
WHERE `user_id` = 'ADZTOG';
UPDATE `user_registration` SET total_downlines = total_downlines+1
WHERE `user_id` = 'A9858P';
UPDATE `user_registration` SET right_downlines = right_downlines+1
WHERE `user_id` = 'A9858P';
UPDATE `user_registration` SET total_downlines = total_downlines+1
WHERE `user_id` = 'admin';
UPDATE `user_registration` SET right_downlines = right_downlines+1
WHERE `user_id` = 'admin';
INSERT INTO `investment` (`invest_date`, `user_id`, `type`, `amount`, `package_id`) VALUES ('2024-10-02 07:01:52', 'K9JWBF', 'register', '595', '2');
INSERT INTO `earnings` (`user_id`, `Purchaser_id`, `earning_type`, `package_id`, `amount`, `date`, `comments`, `invest_amount`, `comm_perc`, `level`, `rank_id`, `order_id`) VALUES ('GPRO3Q', 'K9JWBF', 'Direct Referral Bonus', '2', '100', '2024-10-02 07:01:52', 'Direct Referral Bonus', 0, 0, 1, '', 341);
UPDATE `user_registration` SET commission_balance = ROUND(commission_balance + 100,2)
WHERE `user_id` = 'GPRO3Q';
UPDATE `user_registration` SET referral_bonus = ROUND(referral_bonus + 100,2)
WHERE `user_id` = 'GPRO3Q';
INSERT INTO `earnings` (`user_id`, `Purchaser_id`, `earning_type`, `package_id`, `amount`, `date`, `comments`, `invest_amount`, `comm_perc`, `level`, `rank_id`, `order_id`) VALUES ('ADZTOG', 'K9JWBF', 'Expansion Bonus', '2', 100, '2024-10-02 07:01:52', 'Expansion Bonus', '100', 0, 1, '', 341);
UPDATE `user_registration` SET commission_balance = ROUND(commission_balance + 100,2)
WHERE `user_id` = 'ADZTOG';
UPDATE `user_registration` SET expansion_bonus = ROUND(expansion_bonus + 100,2)
WHERE `user_id` = 'ADZTOG';
INSERT INTO `earnings` (`user_id`, `Purchaser_id`, `earning_type`, `package_id`, `amount`, `date`, `comments`, `invest_amount`, `comm_perc`, `level`, `rank_id`, `order_id`) VALUES ('A9858P', 'K9JWBF', 'Expansion Bonus', '2', 100, '2024-10-02 07:01:52', 'Expansion Bonus', 200, 0, 1, '', 341);
UPDATE `user_registration` SET commission_balance = ROUND(commission_balance + 100,2)
WHERE `user_id` = 'A9858P';
UPDATE `user_registration` SET expansion_bonus = ROUND(expansion_bonus + 100,2)
WHERE `user_id` = 'A9858P';
INSERT INTO `matrix_filling` (`placement_id`, `downline_id`, `level`, `matrix`) VALUES ('WZ9EE2', 'K9JWBF', 1, 1);
UPDATE `bv_updation` SET left_carry = left_carry+50, total_left = total_left+50
WHERE `user_id` = 'WZ9EE2';
INSERT INTO `placement_bv_update_history` (`left_carry`, `date`, `from_id`, `user_id`) VALUES ('50', '2024-10-02 07:01:52', 'K9JWBF', 'WZ9EE2');
INSERT INTO `matrix_filling` (`placement_id`, `downline_id`, `level`, `matrix`) VALUES ('I3GVQJ', 'K9JWBF', 2, 1);
UPDATE `bv_updation` SET left_carry = left_carry+50, total_left = total_left+50
WHERE `user_id` = 'I3GVQJ';
INSERT INTO `placement_bv_update_history` (`left_carry`, `date`, `from_id`, `user_id`) VALUES ('50', '2024-10-02 07:01:52', 'K9JWBF', 'I3GVQJ');
INSERT INTO `matrix_filling` (`placement_id`, `downline_id`, `level`, `matrix`) VALUES ('8MFJJY', 'K9JWBF', 3, 1);
UPDATE `bv_updation` SET left_carry = left_carry+50, total_left = total_left+50
WHERE `user_id` = '8MFJJY';
INSERT INTO `placement_bv_update_history` (`left_carry`, `date`, `from_id`, `user_id`) VALUES ('50', '2024-10-02 07:01:52', 'K9JWBF', '8MFJJY');
INSERT INTO `matrix_filling` (`placement_id`, `downline_id`, `level`, `matrix`) VALUES ('XX3T74', 'K9JWBF', 4, 1);
UPDATE `bv_updation` SET left_carry = left_carry+50, total_left = total_left+50
WHERE `user_id` = 'XX3T74';
INSERT INTO `placement_bv_update_history` (`left_carry`, `date`, `from_id`, `user_id`) VALUES ('50', '2024-10-02 07:01:52', 'K9JWBF', 'XX3T74');
INSERT INTO `matrix_filling` (`placement_id`, `downline_id`, `level`, `matrix`) VALUES ('GPRO3Q', 'K9JWBF', 5, 1);
UPDATE `bv_updation` SET left_carry = left_carry+50, total_left = total_left+50
WHERE `user_id` = 'GPRO3Q';
INSERT INTO `placement_bv_update_history` (`left_carry`, `date`, `from_id`, `user_id`) VALUES ('50', '2024-10-02 07:01:52', 'K9JWBF', 'GPRO3Q');
UPDATE `bv_updation` SET sponsor_left_carry = sponsor_left_carry+50, sponsor_total_left = sponsor_total_left+50
WHERE `user_id` = 'GPRO3Q';
INSERT INTO `sponsor_bv_update_history` (`left_carry`, `date`, `user_id`) VALUES ('50', '2024-10-02 07:01:52', 'GPRO3Q');
INSERT INTO `matrix_filling` (`placement_id`, `downline_id`, `level`, `matrix`) VALUES ('MBPRQB', 'K9JWBF', 6, 1);
UPDATE `bv_updation` SET right_carry = right_carry+50, total_right = total_right+50
WHERE `user_id` = 'MBPRQB';
INSERT INTO `placement_bv_update_history` (`right_carry`, `date`, `from_id`, `user_id`) VALUES ('50', '2024-10-02 07:01:52', 'K9JWBF', 'MBPRQB');
INSERT INTO `matrix_filling` (`placement_id`, `downline_id`, `level`, `matrix`) VALUES ('X1RH6U', 'K9JWBF', 7, 1);
UPDATE `bv_updation` SET right_carry = right_carry+50, total_right = total_right+50
WHERE `user_id` = 'X1RH6U';
INSERT INTO `placement_bv_update_history` (`right_carry`, `date`, `from_id`, `user_id`) VALUES ('50', '2024-10-02 07:01:52', 'K9JWBF', 'X1RH6U');
INSERT INTO `matrix_filling` (`placement_id`, `downline_id`, `level`, `matrix`) VALUES ('HHALCM', 'K9JWBF', 8, 1);
UPDATE `bv_updation` SET right_carry = right_carry+50, total_right = total_right+50
WHERE `user_id` = 'HHALCM';
INSERT INTO `placement_bv_update_history` (`right_carry`, `date`, `from_id`, `user_id`) VALUES ('50', '2024-10-02 07:01:52', 'K9JWBF', 'HHALCM');
INSERT INTO `matrix_filling` (`placement_id`, `downline_id`, `level`, `matrix`) VALUES ('7WQBA7', 'K9JWBF', 9, 1);
UPDATE `bv_updation` SET right_carry = right_carry+50, total_right = total_right+50
WHERE `user_id` = '7WQBA7';
INSERT INTO `placement_bv_update_history` (`right_carry`, `date`, `from_id`, `user_id`) VALUES ('50', '2024-10-02 07:01:52', 'K9JWBF', '7WQBA7');
INSERT INTO `matrix_filling` (`placement_id`, `downline_id`, `level`, `matrix`) VALUES ('QPNZO1', 'K9JWBF', 10, 1);
UPDATE `bv_updation` SET right_carry = right_carry+50, total_right = total_right+50
WHERE `user_id` = 'QPNZO1';
INSERT INTO `placement_bv_update_history` (`right_carry`, `date`, `from_id`, `user_id`) VALUES ('50', '2024-10-02 07:01:52', 'K9JWBF', 'QPNZO1');
INSERT INTO `matrix_filling` (`placement_id`, `downline_id`, `level`, `matrix`) VALUES ('KCF78M', 'K9JWBF', 11, 1);
UPDATE `bv_updation` SET right_carry = right_carry+50, total_right = total_right+50
WHERE `user_id` = 'KCF78M';
INSERT INTO `placement_bv_update_history` (`right_carry`, `date`, `from_id`, `user_id`) VALUES ('50', '2024-10-02 07:01:52', 'K9JWBF', 'KCF78M');
INSERT INTO `matrix_filling` (`placement_id`, `downline_id`, `level`, `matrix`) VALUES ('7RY1ZP', 'K9JWBF', 12, 1);
UPDATE `bv_updation` SET right_carry = right_carry+50, total_right = total_right+50
WHERE `user_id` = '7RY1ZP';
INSERT INTO `placement_bv_update_history` (`right_carry`, `date`, `from_id`, `user_id`) VALUES ('50', '2024-10-02 07:01:52', 'K9JWBF', '7RY1ZP');
INSERT INTO `matrix_filling` (`placement_id`, `downline_id`, `level`, `matrix`) VALUES ('ADZTOG', 'K9JWBF', 13, 1);
UPDATE `bv_updation` SET right_carry = right_carry+50, total_right = total_right+50
WHERE `user_id` = 'ADZTOG';
INSERT INTO `placement_bv_update_history` (`right_carry`, `date`, `from_id`, `user_id`) VALUES ('50', '2024-10-02 07:01:52', 'K9JWBF', 'ADZTOG');
INSERT INTO `matrix_filling` (`placement_id`, `downline_id`, `level`, `matrix`) VALUES ('A9858P', 'K9JWBF', 14, 1);
UPDATE `bv_updation` SET right_carry = right_carry+50, total_right = total_right+50
WHERE `user_id` = 'A9858P';
INSERT INTO `placement_bv_update_history` (`right_carry`, `date`, `from_id`, `user_id`) VALUES ('50', '2024-10-02 07:01:52', 'K9JWBF', 'A9858P');
INSERT INTO `matrix_filling` (`placement_id`, `downline_id`, `level`, `matrix`) VALUES ('admin', 'K9JWBF', 15, 1);
UPDATE `bv_updation` SET right_carry = right_carry+50, total_right = total_right+50
WHERE `user_id` = 'admin';
INSERT INTO `placement_bv_update_history` (`right_carry`, `date`, `from_id`, `user_id`) VALUES ('50', '2024-10-02 07:01:52', 'K9JWBF', 'admin');
INSERT INTO `package_purchase_history` (`user_id`, `package_id`, `reg_fee`, `package_name`, `monthly_fee`, `type`, `date`, `payment_option`) VALUES ('K9JWBF', '2', '595', 'Traveler Pro', '150', 'sign_up', '2024-10-02 07:01:52', 'free');
UPDATE `user_registration` SET `popup_seen` = 'yes'
WHERE `user_id` = 'GPRO3Q';
UPDATE `user_registration` SET `uid` = '2688', `user_id` = 'X94X61', `username` = 'lalila1', `sponsor_id` = 'GPRO3Q', `vacant` = 'no', `f_name` = 'Lalila', `l_name` = 'Suarez', `address` = '6520 Kendale Lakes Dr', `position` = 'left', `email` = 'lalila1@gmail.com', `password` = 'd73159014bc78c311fc26f72d00fa050', `phone` = '3057610606', `country` = 'United States', `state` = 'Florida', `city` = 'Miami', `street` = '6520 Kendale Lakes Dr', `zip_code` = '33183', `reg_ip` = '172.70.82.171', `status` = 1, `package_id` = '2', `rank_id` = 1, `highest_rank` = 1, `cycle_rank_id` = 1, `created` = '2024-10-02 07:03:55', `subscription_date` = '2024-11-01', `google_secret` = 'MBU7UG2HWJTIKDDI'
WHERE `uid` = '2688';
INSERT INTO `user_registration` (`uid`, `user_id`, `username`, `sponsor_id`, `placement_id`, `vacant`, `f_name`, `l_name`, `address`, `position`, `email`, `password`, `phone`, `reg_ip`, `status`, `created`) VALUES (NULL, 'HKVJVO', 'cgqMnZaz', 'X94X61', 'X94X61', 'yes', '', '', '', 'left', '@mail.com', '', '', '', 0, '2024-10-02 07:03:55');
INSERT INTO `user_registration` (`uid`, `user_id`, `username`, `sponsor_id`, `placement_id`, `vacant`, `f_name`, `l_name`, `address`, `position`, `email`, `password`, `phone`, `reg_ip`, `status`, `created`) VALUES (NULL, 'VQHZTH', 'HZVhNltJ', 'X94X61', 'X94X61', 'yes', '', '', '', 'right', '@mail.com', '', '', '', 0, '2024-10-02 07:03:55');
INSERT INTO `bv_updation` (`user_id`) VALUES ('X94X61');
UPDATE `user_registration` SET total_ref_count = total_ref_count+1
WHERE `user_id` = 'GPRO3Q';
UPDATE `user_registration` SET total_downlines = total_downlines+1
WHERE `user_id` = 'K9JWBF';
UPDATE `user_registration` SET left_downlines = left_downlines+1
WHERE `user_id` = 'K9JWBF';
UPDATE `user_registration` SET total_downlines = total_downlines+1
WHERE `user_id` = 'WZ9EE2';
UPDATE `user_registration` SET left_downlines = left_downlines+1
WHERE `user_id` = 'WZ9EE2';
UPDATE `user_registration` SET total_downlines = total_downlines+1
WHERE `user_id` = 'I3GVQJ';
UPDATE `user_registration` SET left_downlines = left_downlines+1
WHERE `user_id` = 'I3GVQJ';
UPDATE `user_registration` SET total_downlines = total_downlines+1
WHERE `user_id` = '8MFJJY';
UPDATE `user_registration` SET left_downlines = left_downlines+1
WHERE `user_id` = '8MFJJY';
UPDATE `user_registration` SET total_downlines = total_downlines+1
WHERE `user_id` = 'XX3T74';
UPDATE `user_registration` SET left_downlines = left_downlines+1
WHERE `user_id` = 'XX3T74';
UPDATE `user_registration` SET total_downlines = total_downlines+1
WHERE `user_id` = 'GPRO3Q';
UPDATE `user_registration` SET left_downlines = left_downlines+1
WHERE `user_id` = 'GPRO3Q';
UPDATE `user_registration` SET left_ref_count = left_ref_count+1
WHERE `user_id` = 'GPRO3Q';
UPDATE `user_registration` SET active_left = active_left+1
WHERE `user_id` = 'GPRO3Q';
UPDATE `user_registration` SET total_downlines = total_downlines+1
WHERE `user_id` = 'MBPRQB';
UPDATE `user_registration` SET right_downlines = right_downlines+1
WHERE `user_id` = 'MBPRQB';
UPDATE `user_registration` SET total_downlines = total_downlines+1
WHERE `user_id` = 'X1RH6U';
UPDATE `user_registration` SET right_downlines = right_downlines+1
WHERE `user_id` = 'X1RH6U';
UPDATE `user_registration` SET total_downlines = total_downlines+1
WHERE `user_id` = 'HHALCM';
UPDATE `user_registration` SET right_downlines = right_downlines+1
WHERE `user_id` = 'HHALCM';
UPDATE `user_registration` SET total_downlines = total_downlines+1
WHERE `user_id` = '7WQBA7';
UPDATE `user_registration` SET right_downlines = right_downlines+1
WHERE `user_id` = '7WQBA7';
UPDATE `user_registration` SET total_downlines = total_downlines+1
WHERE `user_id` = 'QPNZO1';
UPDATE `user_registration` SET right_downlines = right_downlines+1
WHERE `user_id` = 'QPNZO1';
UPDATE `user_registration` SET total_downlines = total_downlines+1
WHERE `user_id` = 'KCF78M';
UPDATE `user_registration` SET right_downlines = right_downlines+1
WHERE `user_id` = 'KCF78M';
UPDATE `user_registration` SET total_downlines = total_downlines+1
WHERE `user_id` = '7RY1ZP';
UPDATE `user_registration` SET right_downlines = right_downlines+1
WHERE `user_id` = '7RY1ZP';
UPDATE `user_registration` SET total_downlines = total_downlines+1
WHERE `user_id` = 'ADZTOG';
UPDATE `user_registration` SET right_downlines = right_downlines+1
WHERE `user_id` = 'ADZTOG';
UPDATE `user_registration` SET total_downlines = total_downlines+1
WHERE `user_id` = 'A9858P';
UPDATE `user_registration` SET right_downlines = right_downlines+1
WHERE `user_id` = 'A9858P';
UPDATE `user_registration` SET total_downlines = total_downlines+1
WHERE `user_id` = 'admin';
UPDATE `user_registration` SET right_downlines = right_downlines+1
WHERE `user_id` = 'admin';
INSERT INTO `investment` (`invest_date`, `user_id`, `type`, `amount`, `package_id`) VALUES ('2024-10-02 07:03:55', 'X94X61', 'register', '595', '2');
INSERT INTO `earnings` (`user_id`, `Purchaser_id`, `earning_type`, `package_id`, `amount`, `date`, `comments`, `invest_amount`, `comm_perc`, `level`, `rank_id`, `order_id`) VALUES ('GPRO3Q', 'X94X61', 'Direct Referral Bonus', '2', '100', '2024-10-02 07:03:55', 'Direct Referral Bonus', 0, 0, 1, '', 342);
UPDATE `user_registration` SET commission_balance = ROUND(commission_balance + 100,2)
WHERE `user_id` = 'GPRO3Q';
UPDATE `user_registration` SET referral_bonus = ROUND(referral_bonus + 100,2)
WHERE `user_id` = 'GPRO3Q';
INSERT INTO `earnings` (`user_id`, `Purchaser_id`, `earning_type`, `package_id`, `amount`, `date`, `comments`, `invest_amount`, `comm_perc`, `level`, `rank_id`, `order_id`) VALUES ('ADZTOG', 'X94X61', 'Expansion Bonus', '2', 100, '2024-10-02 07:03:55', 'Expansion Bonus', '100', 0, 1, '', 342);
UPDATE `user_registration` SET commission_balance = ROUND(commission_balance + 100,2)
WHERE `user_id` = 'ADZTOG';
UPDATE `user_registration` SET expansion_bonus = ROUND(expansion_bonus + 100,2)
WHERE `user_id` = 'ADZTOG';
INSERT INTO `earnings` (`user_id`, `Purchaser_id`, `earning_type`, `package_id`, `amount`, `date`, `comments`, `invest_amount`, `comm_perc`, `level`, `rank_id`, `order_id`) VALUES ('A9858P', 'X94X61', 'Expansion Bonus', '2', 100, '2024-10-02 07:03:55', 'Expansion Bonus', 200, 0, 1, '', 342);
UPDATE `user_registration` SET commission_balance = ROUND(commission_balance + 100,2)
WHERE `user_id` = 'A9858P';
UPDATE `user_registration` SET expansion_bonus = ROUND(expansion_bonus + 100,2)
WHERE `user_id` = 'A9858P';
INSERT INTO `matrix_filling` (`placement_id`, `downline_id`, `level`, `matrix`) VALUES ('K9JWBF', 'X94X61', 1, 1);
UPDATE `bv_updation` SET left_carry = left_carry+50, total_left = total_left+50
WHERE `user_id` = 'K9JWBF';
INSERT INTO `placement_bv_update_history` (`left_carry`, `date`, `from_id`, `user_id`) VALUES ('50', '2024-10-02 07:03:55', 'X94X61', 'K9JWBF');
INSERT INTO `matrix_filling` (`placement_id`, `downline_id`, `level`, `matrix`) VALUES ('WZ9EE2', 'X94X61', 2, 1);
UPDATE `bv_updation` SET left_carry = left_carry+50, total_left = total_left+50
WHERE `user_id` = 'WZ9EE2';
INSERT INTO `placement_bv_update_history` (`left_carry`, `date`, `from_id`, `user_id`) VALUES ('50', '2024-10-02 07:03:55', 'X94X61', 'WZ9EE2');
INSERT INTO `matrix_filling` (`placement_id`, `downline_id`, `level`, `matrix`) VALUES ('I3GVQJ', 'X94X61', 3, 1);
UPDATE `bv_updation` SET left_carry = left_carry+50, total_left = total_left+50
WHERE `user_id` = 'I3GVQJ';
INSERT INTO `placement_bv_update_history` (`left_carry`, `date`, `from_id`, `user_id`) VALUES ('50', '2024-10-02 07:03:55', 'X94X61', 'I3GVQJ');
INSERT INTO `matrix_filling` (`placement_id`, `downline_id`, `level`, `matrix`) VALUES ('8MFJJY', 'X94X61', 4, 1);
UPDATE `bv_updation` SET left_carry = left_carry+50, total_left = total_left+50
WHERE `user_id` = '8MFJJY';
INSERT INTO `placement_bv_update_history` (`left_carry`, `date`, `from_id`, `user_id`) VALUES ('50', '2024-10-02 07:03:55', 'X94X61', '8MFJJY');
INSERT INTO `matrix_filling` (`placement_id`, `downline_id`, `level`, `matrix`) VALUES ('XX3T74', 'X94X61', 5, 1);
UPDATE `bv_updation` SET left_carry = left_carry+50, total_left = total_left+50
WHERE `user_id` = 'XX3T74';
INSERT INTO `placement_bv_update_history` (`left_carry`, `date`, `from_id`, `user_id`) VALUES ('50', '2024-10-02 07:03:55', 'X94X61', 'XX3T74');
INSERT INTO `matrix_filling` (`placement_id`, `downline_id`, `level`, `matrix`) VALUES ('GPRO3Q', 'X94X61', 6, 1);
UPDATE `bv_updation` SET left_carry = left_carry+50, total_left = total_left+50
WHERE `user_id` = 'GPRO3Q';
INSERT INTO `placement_bv_update_history` (`left_carry`, `date`, `from_id`, `user_id`) VALUES ('50', '2024-10-02 07:03:55', 'X94X61', 'GPRO3Q');
UPDATE `bv_updation` SET sponsor_left_carry = sponsor_left_carry+50, sponsor_total_left = sponsor_total_left+50
WHERE `user_id` = 'GPRO3Q';
INSERT INTO `sponsor_bv_update_history` (`left_carry`, `date`, `user_id`) VALUES ('50', '2024-10-02 07:03:55', 'GPRO3Q');
INSERT INTO `matrix_filling` (`placement_id`, `downline_id`, `level`, `matrix`) VALUES ('MBPRQB', 'X94X61', 7, 1);
UPDATE `bv_updation` SET right_carry = right_carry+50, total_right = total_right+50
WHERE `user_id` = 'MBPRQB';
INSERT INTO `placement_bv_update_history` (`right_carry`, `date`, `from_id`, `user_id`) VALUES ('50', '2024-10-02 07:03:55', 'X94X61', 'MBPRQB');
INSERT INTO `matrix_filling` (`placement_id`, `downline_id`, `level`, `matrix`) VALUES ('X1RH6U', 'X94X61', 8, 1);
UPDATE `bv_updation` SET right_carry = right_carry+50, total_right = total_right+50
WHERE `user_id` = 'X1RH6U';
INSERT INTO `placement_bv_update_history` (`right_carry`, `date`, `from_id`, `user_id`) VALUES ('50', '2024-10-02 07:03:55', 'X94X61', 'X1RH6U');
INSERT INTO `matrix_filling` (`placement_id`, `downline_id`, `level`, `matrix`) VALUES ('HHALCM', 'X94X61', 9, 1);
UPDATE `bv_updation` SET right_carry = right_carry+50, total_right = total_right+50
WHERE `user_id` = 'HHALCM';
INSERT INTO `placement_bv_update_history` (`right_carry`, `date`, `from_id`, `user_id`) VALUES ('50', '2024-10-02 07:03:55', 'X94X61', 'HHALCM');
INSERT INTO `matrix_filling` (`placement_id`, `downline_id`, `level`, `matrix`) VALUES ('7WQBA7', 'X94X61', 10, 1);
UPDATE `bv_updation` SET right_carry = right_carry+50, total_right = total_right+50
WHERE `user_id` = '7WQBA7';
INSERT INTO `placement_bv_update_history` (`right_carry`, `date`, `from_id`, `user_id`) VALUES ('50', '2024-10-02 07:03:55', 'X94X61', '7WQBA7');
INSERT INTO `matrix_filling` (`placement_id`, `downline_id`, `level`, `matrix`) VALUES ('QPNZO1', 'X94X61', 11, 1);
UPDATE `bv_updation` SET right_carry = right_carry+50, total_right = total_right+50
WHERE `user_id` = 'QPNZO1';
INSERT INTO `placement_bv_update_history` (`right_carry`, `date`, `from_id`, `user_id`) VALUES ('50', '2024-10-02 07:03:55', 'X94X61', 'QPNZO1');
INSERT INTO `matrix_filling` (`placement_id`, `downline_id`, `level`, `matrix`) VALUES ('KCF78M', 'X94X61', 12, 1);
UPDATE `bv_updation` SET right_carry = right_carry+50, total_right = total_right+50
WHERE `user_id` = 'KCF78M';
INSERT INTO `placement_bv_update_history` (`right_carry`, `date`, `from_id`, `user_id`) VALUES ('50', '2024-10-02 07:03:55', 'X94X61', 'KCF78M');
INSERT INTO `matrix_filling` (`placement_id`, `downline_id`, `level`, `matrix`) VALUES ('7RY1ZP', 'X94X61', 13, 1);
UPDATE `bv_updation` SET right_carry = right_carry+50, total_right = total_right+50
WHERE `user_id` = '7RY1ZP';
INSERT INTO `placement_bv_update_history` (`right_carry`, `date`, `from_id`, `user_id`) VALUES ('50', '2024-10-02 07:03:55', 'X94X61', '7RY1ZP');
INSERT INTO `matrix_filling` (`placement_id`, `downline_id`, `level`, `matrix`) VALUES ('ADZTOG', 'X94X61', 14, 1);
UPDATE `bv_updation` SET right_carry = right_carry+50, total_right = total_right+50
WHERE `user_id` = 'ADZTOG';
INSERT INTO `placement_bv_update_history` (`right_carry`, `date`, `from_id`, `user_id`) VALUES ('50', '2024-10-02 07:03:55', 'X94X61', 'ADZTOG');
INSERT INTO `matrix_filling` (`placement_id`, `downline_id`, `level`, `matrix`) VALUES ('A9858P', 'X94X61', 15, 1);
UPDATE `bv_updation` SET right_carry = right_carry+50, total_right = total_right+50
WHERE `user_id` = 'A9858P';
INSERT INTO `placement_bv_update_history` (`right_carry`, `date`, `from_id`, `user_id`) VALUES ('50', '2024-10-02 07:03:55', 'X94X61', 'A9858P');
INSERT INTO `matrix_filling` (`placement_id`, `downline_id`, `level`, `matrix`) VALUES ('admin', 'X94X61', 16, 1);
UPDATE `bv_updation` SET right_carry = right_carry+50, total_right = total_right+50
WHERE `user_id` = 'admin';
INSERT INTO `placement_bv_update_history` (`right_carry`, `date`, `from_id`, `user_id`) VALUES ('50', '2024-10-02 07:03:55', 'X94X61', 'admin');
INSERT INTO `package_purchase_history` (`user_id`, `package_id`, `reg_fee`, `package_name`, `monthly_fee`, `type`, `date`, `payment_option`) VALUES ('X94X61', '2', '595', 'Traveler Pro', '150', 'sign_up', '2024-10-02 07:03:55', 'free');
UPDATE `user_registration` SET `popup_seen` = 'yes'
WHERE `user_id` = 'GPRO3Q';
UPDATE `ci_sessions` SET `timestamp` = 1727870761, `data` = '__ci_last_regenerate|i:1727870761;id|s:4:\"2053\";user_id|s:6:\"GPRO3Q\";username|s:6:\"nelia1\";sponsor_id|s:6:\"ADZTOG\";fullname|s:16:\"Nelia  Dominguez\";email|s:16:\"nelia1@gmail.com\";phone|s:10:\"3057610606\";isLogIn|b:1;'
WHERE `id` = '7c4e95f48aebf99a84cde3b52d90a7936a799aa7';
UPDATE `user_registration` SET `uid` = '2690', `user_id` = '9AKTZ1', `username` = 'elito1', `sponsor_id` = 'GPRO3Q', `vacant` = 'no', `f_name` = 'Elio', `l_name` = 'Sosa', `address` = '6520 Kendale Lakes Dr', `position` = 'left', `email` = 'elito1@gmail.com', `password` = 'ff41e159a0e2cdbad238923c8457ee30', `phone` = '3057610606', `country` = 'United States', `state` = 'Florida', `city` = 'Miami', `street` = '6520 Kendale Lakes Dr', `zip_code` = '33183', `reg_ip` = '172.70.255.85', `status` = 1, `package_id` = '2', `rank_id` = 1, `highest_rank` = 1, `cycle_rank_id` = 1, `created` = '2024-10-02 07:06:02', `subscription_date` = '2024-11-01', `google_secret` = 'VBBTAXFOIDFEEYLA'
WHERE `uid` = '2690';
INSERT INTO `user_registration` (`uid`, `user_id`, `username`, `sponsor_id`, `placement_id`, `vacant`, `f_name`, `l_name`, `address`, `position`, `email`, `password`, `phone`, `reg_ip`, `status`, `created`) VALUES (NULL, 'HWTHYR', 'qvuIWQdK', '9AKTZ1', '9AKTZ1', 'yes', '', '', '', 'left', '@mail.com', '', '', '', 0, '2024-10-02 07:06:02');
INSERT INTO `user_registration` (`uid`, `user_id`, `username`, `sponsor_id`, `placement_id`, `vacant`, `f_name`, `l_name`, `address`, `position`, `email`, `password`, `phone`, `reg_ip`, `status`, `created`) VALUES (NULL, 'BSPMEP', 'BwtBIPMv', '9AKTZ1', '9AKTZ1', 'yes', '', '', '', 'right', '@mail.com', '', '', '', 0, '2024-10-02 07:06:02');
INSERT INTO `bv_updation` (`user_id`) VALUES ('9AKTZ1');
UPDATE `user_registration` SET total_ref_count = total_ref_count+1
WHERE `user_id` = 'GPRO3Q';
UPDATE `user_registration` SET total_downlines = total_downlines+1
WHERE `user_id` = 'X94X61';
UPDATE `user_registration` SET left_downlines = left_downlines+1
WHERE `user_id` = 'X94X61';
UPDATE `user_registration` SET total_downlines = total_downlines+1
WHERE `user_id` = 'K9JWBF';
UPDATE `user_registration` SET left_downlines = left_downlines+1
WHERE `user_id` = 'K9JWBF';
UPDATE `user_registration` SET total_downlines = total_downlines+1
WHERE `user_id` = 'WZ9EE2';
UPDATE `user_registration` SET left_downlines = left_downlines+1
WHERE `user_id` = 'WZ9EE2';
UPDATE `user_registration` SET total_downlines = total_downlines+1
WHERE `user_id` = 'I3GVQJ';
UPDATE `user_registration` SET left_downlines = left_downlines+1
WHERE `user_id` = 'I3GVQJ';
UPDATE `user_registration` SET total_downlines = total_downlines+1
WHERE `user_id` = '8MFJJY';
UPDATE `user_registration` SET left_downlines = left_downlines+1
WHERE `user_id` = '8MFJJY';
UPDATE `user_registration` SET total_downlines = total_downlines+1
WHERE `user_id` = 'XX3T74';
UPDATE `user_registration` SET left_downlines = left_downlines+1
WHERE `user_id` = 'XX3T74';
UPDATE `user_registration` SET total_downlines = total_downlines+1
WHERE `user_id` = 'GPRO3Q';
UPDATE `user_registration` SET left_downlines = left_downlines+1
WHERE `user_id` = 'GPRO3Q';
UPDATE `user_registration` SET left_ref_count = left_ref_count+1
WHERE `user_id` = 'GPRO3Q';
UPDATE `user_registration` SET active_left = active_left+1
WHERE `user_id` = 'GPRO3Q';
UPDATE `user_registration` SET total_downlines = total_downlines+1
WHERE `user_id` = 'MBPRQB';
UPDATE `user_registration` SET right_downlines = right_downlines+1
WHERE `user_id` = 'MBPRQB';
UPDATE `user_registration` SET total_downlines = total_downlines+1
WHERE `user_id` = 'X1RH6U';
UPDATE `user_registration` SET right_downlines = right_downlines+1
WHERE `user_id` = 'X1RH6U';
UPDATE `user_registration` SET total_downlines = total_downlines+1
WHERE `user_id` = 'HHALCM';
UPDATE `user_registration` SET right_downlines = right_downlines+1
WHERE `user_id` = 'HHALCM';
UPDATE `user_registration` SET total_downlines = total_downlines+1
WHERE `user_id` = '7WQBA7';
UPDATE `user_registration` SET right_downlines = right_downlines+1
WHERE `user_id` = '7WQBA7';
UPDATE `user_registration` SET total_downlines = total_downlines+1
WHERE `user_id` = 'QPNZO1';
UPDATE `user_registration` SET right_downlines = right_downlines+1
WHERE `user_id` = 'QPNZO1';
UPDATE `user_registration` SET total_downlines = total_downlines+1
WHERE `user_id` = 'KCF78M';
UPDATE `user_registration` SET right_downlines = right_downlines+1
WHERE `user_id` = 'KCF78M';
UPDATE `user_registration` SET total_downlines = total_downlines+1
WHERE `user_id` = '7RY1ZP';
UPDATE `user_registration` SET right_downlines = right_downlines+1
WHERE `user_id` = '7RY1ZP';
UPDATE `user_registration` SET total_downlines = total_downlines+1
WHERE `user_id` = 'ADZTOG';
UPDATE `user_registration` SET right_downlines = right_downlines+1
WHERE `user_id` = 'ADZTOG';
UPDATE `user_registration` SET total_downlines = total_downlines+1
WHERE `user_id` = 'A9858P';
UPDATE `user_registration` SET right_downlines = right_downlines+1
WHERE `user_id` = 'A9858P';
UPDATE `user_registration` SET total_downlines = total_downlines+1
WHERE `user_id` = 'admin';
UPDATE `user_registration` SET right_downlines = right_downlines+1
WHERE `user_id` = 'admin';
INSERT INTO `investment` (`invest_date`, `user_id`, `type`, `amount`, `package_id`) VALUES ('2024-10-02 07:06:02', '9AKTZ1', 'register', '595', '2');
INSERT INTO `earnings` (`user_id`, `Purchaser_id`, `earning_type`, `package_id`, `amount`, `date`, `comments`, `invest_amount`, `comm_perc`, `level`, `rank_id`, `order_id`) VALUES ('GPRO3Q', '9AKTZ1', 'Direct Referral Bonus', '2', '100', '2024-10-02 07:06:02', 'Direct Referral Bonus', 0, 0, 1, '', 343);
UPDATE `user_registration` SET commission_balance = ROUND(commission_balance + 100,2)
WHERE `user_id` = 'GPRO3Q';
UPDATE `user_registration` SET referral_bonus = ROUND(referral_bonus + 100,2)
WHERE `user_id` = 'GPRO3Q';
INSERT INTO `earnings` (`user_id`, `Purchaser_id`, `earning_type`, `package_id`, `amount`, `date`, `comments`, `invest_amount`, `comm_perc`, `level`, `rank_id`, `order_id`) VALUES ('ADZTOG', '9AKTZ1', 'Expansion Bonus', '2', 100, '2024-10-02 07:06:02', 'Expansion Bonus', '100', 0, 1, '', 343);
UPDATE `user_registration` SET commission_balance = ROUND(commission_balance + 100,2)
WHERE `user_id` = 'ADZTOG';
UPDATE `user_registration` SET expansion_bonus = ROUND(expansion_bonus + 100,2)
WHERE `user_id` = 'ADZTOG';
INSERT INTO `earnings` (`user_id`, `Purchaser_id`, `earning_type`, `package_id`, `amount`, `date`, `comments`, `invest_amount`, `comm_perc`, `level`, `rank_id`, `order_id`) VALUES ('A9858P', '9AKTZ1', 'Expansion Bonus', '2', 100, '2024-10-02 07:06:02', 'Expansion Bonus', 200, 0, 1, '', 343);
UPDATE `user_registration` SET commission_balance = ROUND(commission_balance + 100,2)
WHERE `user_id` = 'A9858P';
UPDATE `user_registration` SET expansion_bonus = ROUND(expansion_bonus + 100,2)
WHERE `user_id` = 'A9858P';
INSERT INTO `matrix_filling` (`placement_id`, `downline_id`, `level`, `matrix`) VALUES ('X94X61', '9AKTZ1', 1, 1);
UPDATE `bv_updation` SET left_carry = left_carry+50, total_left = total_left+50
WHERE `user_id` = 'X94X61';
INSERT INTO `placement_bv_update_history` (`left_carry`, `date`, `from_id`, `user_id`) VALUES ('50', '2024-10-02 07:06:02', '9AKTZ1', 'X94X61');
INSERT INTO `matrix_filling` (`placement_id`, `downline_id`, `level`, `matrix`) VALUES ('K9JWBF', '9AKTZ1', 2, 1);
UPDATE `bv_updation` SET left_carry = left_carry+50, total_left = total_left+50
WHERE `user_id` = 'K9JWBF';
INSERT INTO `placement_bv_update_history` (`left_carry`, `date`, `from_id`, `user_id`) VALUES ('50', '2024-10-02 07:06:02', '9AKTZ1', 'K9JWBF');
INSERT INTO `matrix_filling` (`placement_id`, `downline_id`, `level`, `matrix`) VALUES ('WZ9EE2', '9AKTZ1', 3, 1);
UPDATE `bv_updation` SET left_carry = left_carry+50, total_left = total_left+50
WHERE `user_id` = 'WZ9EE2';
INSERT INTO `placement_bv_update_history` (`left_carry`, `date`, `from_id`, `user_id`) VALUES ('50', '2024-10-02 07:06:02', '9AKTZ1', 'WZ9EE2');
INSERT INTO `matrix_filling` (`placement_id`, `downline_id`, `level`, `matrix`) VALUES ('I3GVQJ', '9AKTZ1', 4, 1);
UPDATE `bv_updation` SET left_carry = left_carry+50, total_left = total_left+50
WHERE `user_id` = 'I3GVQJ';
INSERT INTO `placement_bv_update_history` (`left_carry`, `date`, `from_id`, `user_id`) VALUES ('50', '2024-10-02 07:06:02', '9AKTZ1', 'I3GVQJ');
INSERT INTO `matrix_filling` (`placement_id`, `downline_id`, `level`, `matrix`) VALUES ('8MFJJY', '9AKTZ1', 5, 1);
UPDATE `bv_updation` SET left_carry = left_carry+50, total_left = total_left+50
WHERE `user_id` = '8MFJJY';
INSERT INTO `placement_bv_update_history` (`left_carry`, `date`, `from_id`, `user_id`) VALUES ('50', '2024-10-02 07:06:02', '9AKTZ1', '8MFJJY');
INSERT INTO `matrix_filling` (`placement_id`, `downline_id`, `level`, `matrix`) VALUES ('XX3T74', '9AKTZ1', 6, 1);
UPDATE `bv_updation` SET left_carry = left_carry+50, total_left = total_left+50
WHERE `user_id` = 'XX3T74';
INSERT INTO `placement_bv_update_history` (`left_carry`, `date`, `from_id`, `user_id`) VALUES ('50', '2024-10-02 07:06:02', '9AKTZ1', 'XX3T74');
INSERT INTO `matrix_filling` (`placement_id`, `downline_id`, `level`, `matrix`) VALUES ('GPRO3Q', '9AKTZ1', 7, 1);
UPDATE `bv_updation` SET left_carry = left_carry+50, total_left = total_left+50
WHERE `user_id` = 'GPRO3Q';
INSERT INTO `placement_bv_update_history` (`left_carry`, `date`, `from_id`, `user_id`) VALUES ('50', '2024-10-02 07:06:02', '9AKTZ1', 'GPRO3Q');
UPDATE `bv_updation` SET sponsor_left_carry = sponsor_left_carry+50, sponsor_total_left = sponsor_total_left+50
WHERE `user_id` = 'GPRO3Q';
INSERT INTO `sponsor_bv_update_history` (`left_carry`, `date`, `user_id`) VALUES ('50', '2024-10-02 07:06:02', 'GPRO3Q');
INSERT INTO `matrix_filling` (`placement_id`, `downline_id`, `level`, `matrix`) VALUES ('MBPRQB', '9AKTZ1', 8, 1);
UPDATE `bv_updation` SET right_carry = right_carry+50, total_right = total_right+50
WHERE `user_id` = 'MBPRQB';
INSERT INTO `placement_bv_update_history` (`right_carry`, `date`, `from_id`, `user_id`) VALUES ('50', '2024-10-02 07:06:02', '9AKTZ1', 'MBPRQB');
INSERT INTO `matrix_filling` (`placement_id`, `downline_id`, `level`, `matrix`) VALUES ('X1RH6U', '9AKTZ1', 9, 1);
UPDATE `bv_updation` SET right_carry = right_carry+50, total_right = total_right+50
WHERE `user_id` = 'X1RH6U';
INSERT INTO `placement_bv_update_history` (`right_carry`, `date`, `from_id`, `user_id`) VALUES ('50', '2024-10-02 07:06:02', '9AKTZ1', 'X1RH6U');
INSERT INTO `matrix_filling` (`placement_id`, `downline_id`, `level`, `matrix`) VALUES ('HHALCM', '9AKTZ1', 10, 1);
UPDATE `bv_updation` SET right_carry = right_carry+50, total_right = total_right+50
WHERE `user_id` = 'HHALCM';
INSERT INTO `placement_bv_update_history` (`right_carry`, `date`, `from_id`, `user_id`) VALUES ('50', '2024-10-02 07:06:02', '9AKTZ1', 'HHALCM');
INSERT INTO `matrix_filling` (`placement_id`, `downline_id`, `level`, `matrix`) VALUES ('7WQBA7', '9AKTZ1', 11, 1);
UPDATE `bv_updation` SET right_carry = right_carry+50, total_right = total_right+50
WHERE `user_id` = '7WQBA7';
INSERT INTO `placement_bv_update_history` (`right_carry`, `date`, `from_id`, `user_id`) VALUES ('50', '2024-10-02 07:06:02', '9AKTZ1', '7WQBA7');
INSERT INTO `matrix_filling` (`placement_id`, `downline_id`, `level`, `matrix`) VALUES ('QPNZO1', '9AKTZ1', 12, 1);
UPDATE `bv_updation` SET right_carry = right_carry+50, total_right = total_right+50
WHERE `user_id` = 'QPNZO1';
INSERT INTO `placement_bv_update_history` (`right_carry`, `date`, `from_id`, `user_id`) VALUES ('50', '2024-10-02 07:06:02', '9AKTZ1', 'QPNZO1');
INSERT INTO `matrix_filling` (`placement_id`, `downline_id`, `level`, `matrix`) VALUES ('KCF78M', '9AKTZ1', 13, 1);
UPDATE `bv_updation` SET right_carry = right_carry+50, total_right = total_right+50
WHERE `user_id` = 'KCF78M';
INSERT INTO `placement_bv_update_history` (`right_carry`, `date`, `from_id`, `user_id`) VALUES ('50', '2024-10-02 07:06:02', '9AKTZ1', 'KCF78M');
INSERT INTO `matrix_filling` (`placement_id`, `downline_id`, `level`, `matrix`) VALUES ('7RY1ZP', '9AKTZ1', 14, 1);
UPDATE `bv_updation` SET right_carry = right_carry+50, total_right = total_right+50
WHERE `user_id` = '7RY1ZP';
INSERT INTO `placement_bv_update_history` (`right_carry`, `date`, `from_id`, `user_id`) VALUES ('50', '2024-10-02 07:06:02', '9AKTZ1', '7RY1ZP');
INSERT INTO `matrix_filling` (`placement_id`, `downline_id`, `level`, `matrix`) VALUES ('ADZTOG', '9AKTZ1', 15, 1);
UPDATE `bv_updation` SET right_carry = right_carry+50, total_right = total_right+50
WHERE `user_id` = 'ADZTOG';
INSERT INTO `placement_bv_update_history` (`right_carry`, `date`, `from_id`, `user_id`) VALUES ('50', '2024-10-02 07:06:02', '9AKTZ1', 'ADZTOG');
INSERT INTO `matrix_filling` (`placement_id`, `downline_id`, `level`, `matrix`) VALUES ('A9858P', '9AKTZ1', 16, 1);
UPDATE `bv_updation` SET right_carry = right_carry+50, total_right = total_right+50
WHERE `user_id` = 'A9858P';
INSERT INTO `placement_bv_update_history` (`right_carry`, `date`, `from_id`, `user_id`) VALUES ('50', '2024-10-02 07:06:02', '9AKTZ1', 'A9858P');
INSERT INTO `matrix_filling` (`placement_id`, `downline_id`, `level`, `matrix`) VALUES ('admin', '9AKTZ1', 17, 1);
UPDATE `bv_updation` SET right_carry = right_carry+50, total_right = total_right+50
WHERE `user_id` = 'admin';
INSERT INTO `placement_bv_update_history` (`right_carry`, `date`, `from_id`, `user_id`) VALUES ('50', '2024-10-02 07:06:02', '9AKTZ1', 'admin');
INSERT INTO `package_purchase_history` (`user_id`, `package_id`, `reg_fee`, `package_name`, `monthly_fee`, `type`, `date`, `payment_option`) VALUES ('9AKTZ1', '2', '595', 'Traveler Pro', '150', 'sign_up', '2024-10-02 07:06:02', 'free');
UPDATE `user_registration` SET `popup_seen` = 'yes'
WHERE `user_id` = 'GPRO3Q';
UPDATE `user_registration` SET `popup_seen` = 'yes'
WHERE `user_id` = 'GPRO3Q';
UPDATE `user_registration` SET `popup_seen` = 'yes'
WHERE `user_id` = 'GPRO3Q';
UPDATE `ci_sessions` SET `timestamp` = 1727871146, `data` = '__ci_last_regenerate|i:1727871146;id|s:4:\"2053\";user_id|s:6:\"GPRO3Q\";username|s:6:\"nelia1\";sponsor_id|s:6:\"ADZTOG\";fullname|s:16:\"Nelia  Dominguez\";email|s:16:\"nelia1@gmail.com\";phone|s:10:\"3057610606\";isLogIn|b:1;'
WHERE `id` = '7c4e95f48aebf99a84cde3b52d90a7936a799aa7';
UPDATE `user_registration` SET `popup_seen` = 'yes'
WHERE `user_id` = 'GPRO3Q';
UPDATE `user_registration` SET `popup_seen` = 'yes'
WHERE `user_id` = 'GPRO3Q';
UPDATE `user_registration` SET `popup_seen` = 'yes'
WHERE `user_id` = 'GPRO3Q';
UPDATE `user_registration` SET `uid` = '2692', `user_id` = 'UM7JJL', `username` = 'soniac1', `sponsor_id` = 'GPRO3Q', `vacant` = 'no', `f_name` = 'Sonia', `l_name` = 'Calero', `address` = '6520 Kendale Lakes Dr', `position` = 'left', `email` = 'soniac1@gmail.com', `password` = '48c6e7f4022d4514cec80cbcff54801d', `phone` = '3057610606', `country` = 'United States', `state` = 'Florida', `city` = 'Miami', `street` = '6520 Kendale Lakes Dr', `zip_code` = '33183', `reg_ip` = '172.70.255.26', `status` = 1, `package_id` = '2', `rank_id` = 1, `highest_rank` = 1, `cycle_rank_id` = 1, `created` = '2024-10-02 07:15:48', `subscription_date` = '2024-11-01', `google_secret` = 'Q7MVYAHANNIYE4T3'
WHERE `uid` = '2692';
INSERT INTO `user_registration` (`uid`, `user_id`, `username`, `sponsor_id`, `placement_id`, `vacant`, `f_name`, `l_name`, `address`, `position`, `email`, `password`, `phone`, `reg_ip`, `status`, `created`) VALUES (NULL, 'VEOGSG', 'jNcwHiLG', 'UM7JJL', 'UM7JJL', 'yes', '', '', '', 'left', '@mail.com', '', '', '', 0, '2024-10-02 07:15:48');
INSERT INTO `user_registration` (`uid`, `user_id`, `username`, `sponsor_id`, `placement_id`, `vacant`, `f_name`, `l_name`, `address`, `position`, `email`, `password`, `phone`, `reg_ip`, `status`, `created`) VALUES (NULL, 'BCHBGS', 'hxSkLgsI', 'UM7JJL', 'UM7JJL', 'yes', '', '', '', 'right', '@mail.com', '', '', '', 0, '2024-10-02 07:15:48');
INSERT INTO `bv_updation` (`user_id`) VALUES ('UM7JJL');
UPDATE `user_registration` SET total_ref_count = total_ref_count+1
WHERE `user_id` = 'GPRO3Q';
UPDATE `user_registration` SET total_downlines = total_downlines+1
WHERE `user_id` = '9AKTZ1';
UPDATE `user_registration` SET left_downlines = left_downlines+1
WHERE `user_id` = '9AKTZ1';
UPDATE `user_registration` SET total_downlines = total_downlines+1
WHERE `user_id` = 'X94X61';
UPDATE `user_registration` SET left_downlines = left_downlines+1
WHERE `user_id` = 'X94X61';
UPDATE `user_registration` SET total_downlines = total_downlines+1
WHERE `user_id` = 'K9JWBF';
UPDATE `user_registration` SET left_downlines = left_downlines+1
WHERE `user_id` = 'K9JWBF';
UPDATE `user_registration` SET total_downlines = total_downlines+1
WHERE `user_id` = 'WZ9EE2';
UPDATE `user_registration` SET left_downlines = left_downlines+1
WHERE `user_id` = 'WZ9EE2';
UPDATE `user_registration` SET total_downlines = total_downlines+1
WHERE `user_id` = 'I3GVQJ';
UPDATE `user_registration` SET left_downlines = left_downlines+1
WHERE `user_id` = 'I3GVQJ';
UPDATE `user_registration` SET total_downlines = total_downlines+1
WHERE `user_id` = '8MFJJY';
UPDATE `user_registration` SET left_downlines = left_downlines+1
WHERE `user_id` = '8MFJJY';
UPDATE `user_registration` SET total_downlines = total_downlines+1
WHERE `user_id` = 'XX3T74';
UPDATE `user_registration` SET left_downlines = left_downlines+1
WHERE `user_id` = 'XX3T74';
UPDATE `user_registration` SET total_downlines = total_downlines+1
WHERE `user_id` = 'GPRO3Q';
UPDATE `user_registration` SET left_downlines = left_downlines+1
WHERE `user_id` = 'GPRO3Q';
UPDATE `user_registration` SET left_ref_count = left_ref_count+1
WHERE `user_id` = 'GPRO3Q';
UPDATE `user_registration` SET active_left = active_left+1
WHERE `user_id` = 'GPRO3Q';
UPDATE `user_registration` SET total_downlines = total_downlines+1
WHERE `user_id` = 'MBPRQB';
UPDATE `user_registration` SET right_downlines = right_downlines+1
WHERE `user_id` = 'MBPRQB';
UPDATE `user_registration` SET total_downlines = total_downlines+1
WHERE `user_id` = 'X1RH6U';
UPDATE `user_registration` SET right_downlines = right_downlines+1
WHERE `user_id` = 'X1RH6U';
UPDATE `user_registration` SET total_downlines = total_downlines+1
WHERE `user_id` = 'HHALCM';
UPDATE `user_registration` SET right_downlines = right_downlines+1
WHERE `user_id` = 'HHALCM';
UPDATE `user_registration` SET total_downlines = total_downlines+1
WHERE `user_id` = '7WQBA7';
UPDATE `user_registration` SET right_downlines = right_downlines+1
WHERE `user_id` = '7WQBA7';
UPDATE `user_registration` SET total_downlines = total_downlines+1
WHERE `user_id` = 'QPNZO1';
UPDATE `user_registration` SET right_downlines = right_downlines+1
WHERE `user_id` = 'QPNZO1';
UPDATE `user_registration` SET total_downlines = total_downlines+1
WHERE `user_id` = 'KCF78M';
UPDATE `user_registration` SET right_downlines = right_downlines+1
WHERE `user_id` = 'KCF78M';
UPDATE `user_registration` SET total_downlines = total_downlines+1
WHERE `user_id` = '7RY1ZP';
UPDATE `user_registration` SET right_downlines = right_downlines+1
WHERE `user_id` = '7RY1ZP';
UPDATE `user_registration` SET total_downlines = total_downlines+1
WHERE `user_id` = 'ADZTOG';
UPDATE `user_registration` SET right_downlines = right_downlines+1
WHERE `user_id` = 'ADZTOG';
UPDATE `user_registration` SET total_downlines = total_downlines+1
WHERE `user_id` = 'A9858P';
UPDATE `user_registration` SET right_downlines = right_downlines+1
WHERE `user_id` = 'A9858P';
UPDATE `user_registration` SET total_downlines = total_downlines+1
WHERE `user_id` = 'admin';
UPDATE `user_registration` SET right_downlines = right_downlines+1
WHERE `user_id` = 'admin';
INSERT INTO `investment` (`invest_date`, `user_id`, `type`, `amount`, `package_id`) VALUES ('2024-10-02 07:15:48', 'UM7JJL', 'register', '595', '2');
INSERT INTO `earnings` (`user_id`, `Purchaser_id`, `earning_type`, `package_id`, `amount`, `date`, `comments`, `invest_amount`, `comm_perc`, `level`, `rank_id`, `order_id`) VALUES ('GPRO3Q', 'UM7JJL', 'Direct Referral Bonus', '2', '100', '2024-10-02 07:15:48', 'Direct Referral Bonus', 0, 0, 1, '', 344);
UPDATE `user_registration` SET commission_balance = ROUND(commission_balance + 100,2)
WHERE `user_id` = 'GPRO3Q';
UPDATE `user_registration` SET referral_bonus = ROUND(referral_bonus + 100,2)
WHERE `user_id` = 'GPRO3Q';
INSERT INTO `earnings` (`user_id`, `Purchaser_id`, `earning_type`, `package_id`, `amount`, `date`, `comments`, `invest_amount`, `comm_perc`, `level`, `rank_id`, `order_id`) VALUES ('ADZTOG', 'UM7JJL', 'Expansion Bonus', '2', 100, '2024-10-02 07:15:48', 'Expansion Bonus', '100', 0, 1, '', 344);
UPDATE `user_registration` SET commission_balance = ROUND(commission_balance + 100,2)
WHERE `user_id` = 'ADZTOG';
UPDATE `user_registration` SET expansion_bonus = ROUND(expansion_bonus + 100,2)
WHERE `user_id` = 'ADZTOG';
INSERT INTO `earnings` (`user_id`, `Purchaser_id`, `earning_type`, `package_id`, `amount`, `date`, `comments`, `invest_amount`, `comm_perc`, `level`, `rank_id`, `order_id`) VALUES ('A9858P', 'UM7JJL', 'Expansion Bonus', '2', 100, '2024-10-02 07:15:48', 'Expansion Bonus', 200, 0, 1, '', 344);
UPDATE `user_registration` SET commission_balance = ROUND(commission_balance + 100,2)
WHERE `user_id` = 'A9858P';
UPDATE `user_registration` SET expansion_bonus = ROUND(expansion_bonus + 100,2)
WHERE `user_id` = 'A9858P';
INSERT INTO `matrix_filling` (`placement_id`, `downline_id`, `level`, `matrix`) VALUES ('9AKTZ1', 'UM7JJL', 1, 1);
UPDATE `bv_updation` SET left_carry = left_carry+50, total_left = total_left+50
WHERE `user_id` = '9AKTZ1';
INSERT INTO `placement_bv_update_history` (`left_carry`, `date`, `from_id`, `user_id`) VALUES ('50', '2024-10-02 07:15:48', 'UM7JJL', '9AKTZ1');
INSERT INTO `matrix_filling` (`placement_id`, `downline_id`, `level`, `matrix`) VALUES ('X94X61', 'UM7JJL', 2, 1);
UPDATE `bv_updation` SET left_carry = left_carry+50, total_left = total_left+50
WHERE `user_id` = 'X94X61';
INSERT INTO `placement_bv_update_history` (`left_carry`, `date`, `from_id`, `user_id`) VALUES ('50', '2024-10-02 07:15:48', 'UM7JJL', 'X94X61');
INSERT INTO `matrix_filling` (`placement_id`, `downline_id`, `level`, `matrix`) VALUES ('K9JWBF', 'UM7JJL', 3, 1);
UPDATE `bv_updation` SET left_carry = left_carry+50, total_left = total_left+50
WHERE `user_id` = 'K9JWBF';
INSERT INTO `placement_bv_update_history` (`left_carry`, `date`, `from_id`, `user_id`) VALUES ('50', '2024-10-02 07:15:48', 'UM7JJL', 'K9JWBF');
INSERT INTO `matrix_filling` (`placement_id`, `downline_id`, `level`, `matrix`) VALUES ('WZ9EE2', 'UM7JJL', 4, 1);
UPDATE `bv_updation` SET left_carry = left_carry+50, total_left = total_left+50
WHERE `user_id` = 'WZ9EE2';
INSERT INTO `placement_bv_update_history` (`left_carry`, `date`, `from_id`, `user_id`) VALUES ('50', '2024-10-02 07:15:48', 'UM7JJL', 'WZ9EE2');
INSERT INTO `matrix_filling` (`placement_id`, `downline_id`, `level`, `matrix`) VALUES ('I3GVQJ', 'UM7JJL', 5, 1);
UPDATE `bv_updation` SET left_carry = left_carry+50, total_left = total_left+50
WHERE `user_id` = 'I3GVQJ';
INSERT INTO `placement_bv_update_history` (`left_carry`, `date`, `from_id`, `user_id`) VALUES ('50', '2024-10-02 07:15:48', 'UM7JJL', 'I3GVQJ');
INSERT INTO `matrix_filling` (`placement_id`, `downline_id`, `level`, `matrix`) VALUES ('8MFJJY', 'UM7JJL', 6, 1);
UPDATE `bv_updation` SET left_carry = left_carry+50, total_left = total_left+50
WHERE `user_id` = '8MFJJY';
INSERT INTO `placement_bv_update_history` (`left_carry`, `date`, `from_id`, `user_id`) VALUES ('50', '2024-10-02 07:15:48', 'UM7JJL', '8MFJJY');
INSERT INTO `matrix_filling` (`placement_id`, `downline_id`, `level`, `matrix`) VALUES ('XX3T74', 'UM7JJL', 7, 1);
UPDATE `bv_updation` SET left_carry = left_carry+50, total_left = total_left+50
WHERE `user_id` = 'XX3T74';
INSERT INTO `placement_bv_update_history` (`left_carry`, `date`, `from_id`, `user_id`) VALUES ('50', '2024-10-02 07:15:48', 'UM7JJL', 'XX3T74');
INSERT INTO `matrix_filling` (`placement_id`, `downline_id`, `level`, `matrix`) VALUES ('GPRO3Q', 'UM7JJL', 8, 1);
UPDATE `bv_updation` SET left_carry = left_carry+50, total_left = total_left+50
WHERE `user_id` = 'GPRO3Q';
INSERT INTO `placement_bv_update_history` (`left_carry`, `date`, `from_id`, `user_id`) VALUES ('50', '2024-10-02 07:15:48', 'UM7JJL', 'GPRO3Q');
UPDATE `bv_updation` SET sponsor_left_carry = sponsor_left_carry+50, sponsor_total_left = sponsor_total_left+50
WHERE `user_id` = 'GPRO3Q';
INSERT INTO `sponsor_bv_update_history` (`left_carry`, `date`, `user_id`) VALUES ('50', '2024-10-02 07:15:48', 'GPRO3Q');
INSERT INTO `matrix_filling` (`placement_id`, `downline_id`, `level`, `matrix`) VALUES ('MBPRQB', 'UM7JJL', 9, 1);
UPDATE `bv_updation` SET right_carry = right_carry+50, total_right = total_right+50
WHERE `user_id` = 'MBPRQB';
INSERT INTO `placement_bv_update_history` (`right_carry`, `date`, `from_id`, `user_id`) VALUES ('50', '2024-10-02 07:15:48', 'UM7JJL', 'MBPRQB');
INSERT INTO `matrix_filling` (`placement_id`, `downline_id`, `level`, `matrix`) VALUES ('X1RH6U', 'UM7JJL', 10, 1);
UPDATE `bv_updation` SET right_carry = right_carry+50, total_right = total_right+50
WHERE `user_id` = 'X1RH6U';
INSERT INTO `placement_bv_update_history` (`right_carry`, `date`, `from_id`, `user_id`) VALUES ('50', '2024-10-02 07:15:48', 'UM7JJL', 'X1RH6U');
INSERT INTO `matrix_filling` (`placement_id`, `downline_id`, `level`, `matrix`) VALUES ('HHALCM', 'UM7JJL', 11, 1);
UPDATE `bv_updation` SET right_carry = right_carry+50, total_right = total_right+50
WHERE `user_id` = 'HHALCM';
INSERT INTO `placement_bv_update_history` (`right_carry`, `date`, `from_id`, `user_id`) VALUES ('50', '2024-10-02 07:15:48', 'UM7JJL', 'HHALCM');
INSERT INTO `matrix_filling` (`placement_id`, `downline_id`, `level`, `matrix`) VALUES ('7WQBA7', 'UM7JJL', 12, 1);
UPDATE `bv_updation` SET right_carry = right_carry+50, total_right = total_right+50
WHERE `user_id` = '7WQBA7';
INSERT INTO `placement_bv_update_history` (`right_carry`, `date`, `from_id`, `user_id`) VALUES ('50', '2024-10-02 07:15:48', 'UM7JJL', '7WQBA7');
INSERT INTO `matrix_filling` (`placement_id`, `downline_id`, `level`, `matrix`) VALUES ('QPNZO1', 'UM7JJL', 13, 1);
UPDATE `bv_updation` SET right_carry = right_carry+50, total_right = total_right+50
WHERE `user_id` = 'QPNZO1';
INSERT INTO `placement_bv_update_history` (`right_carry`, `date`, `from_id`, `user_id`) VALUES ('50', '2024-10-02 07:15:48', 'UM7JJL', 'QPNZO1');
INSERT INTO `matrix_filling` (`placement_id`, `downline_id`, `level`, `matrix`) VALUES ('KCF78M', 'UM7JJL', 14, 1);
UPDATE `bv_updation` SET right_carry = right_carry+50, total_right = total_right+50
WHERE `user_id` = 'KCF78M';
INSERT INTO `placement_bv_update_history` (`right_carry`, `date`, `from_id`, `user_id`) VALUES ('50', '2024-10-02 07:15:48', 'UM7JJL', 'KCF78M');
INSERT INTO `matrix_filling` (`placement_id`, `downline_id`, `level`, `matrix`) VALUES ('7RY1ZP', 'UM7JJL', 15, 1);
UPDATE `bv_updation` SET right_carry = right_carry+50, total_right = total_right+50
WHERE `user_id` = '7RY1ZP';
INSERT INTO `placement_bv_update_history` (`right_carry`, `date`, `from_id`, `user_id`) VALUES ('50', '2024-10-02 07:15:48', 'UM7JJL', '7RY1ZP');
INSERT INTO `matrix_filling` (`placement_id`, `downline_id`, `level`, `matrix`) VALUES ('ADZTOG', 'UM7JJL', 16, 1);
UPDATE `bv_updation` SET right_carry = right_carry+50, total_right = total_right+50
WHERE `user_id` = 'ADZTOG';
INSERT INTO `placement_bv_update_history` (`right_carry`, `date`, `from_id`, `user_id`) VALUES ('50', '2024-10-02 07:15:48', 'UM7JJL', 'ADZTOG');
INSERT INTO `matrix_filling` (`placement_id`, `downline_id`, `level`, `matrix`) VALUES ('A9858P', 'UM7JJL', 17, 1);
UPDATE `bv_updation` SET right_carry = right_carry+50, total_right = total_right+50
WHERE `user_id` = 'A9858P';
INSERT INTO `placement_bv_update_history` (`right_carry`, `date`, `from_id`, `user_id`) VALUES ('50', '2024-10-02 07:15:48', 'UM7JJL', 'A9858P');
INSERT INTO `matrix_filling` (`placement_id`, `downline_id`, `level`, `matrix`) VALUES ('admin', 'UM7JJL', 18, 1);
UPDATE `bv_updation` SET right_carry = right_carry+50, total_right = total_right+50
WHERE `user_id` = 'admin';
INSERT INTO `placement_bv_update_history` (`right_carry`, `date`, `from_id`, `user_id`) VALUES ('50', '2024-10-02 07:15:48', 'UM7JJL', 'admin');
INSERT INTO `package_purchase_history` (`user_id`, `package_id`, `reg_fee`, `package_name`, `monthly_fee`, `type`, `date`, `payment_option`) VALUES ('UM7JJL', '2', '595', 'Traveler Pro', '150', 'sign_up', '2024-10-02 07:15:48', 'free');
UPDATE `user_registration` SET `popup_seen` = 'yes'
WHERE `user_id` = 'GPRO3Q';
UPDATE `user_registration` SET `popup_seen` = 'yes'
WHERE `user_id` = 'GPRO3Q';
UPDATE `user_registration` SET `uid` = '2694', `user_id` = 'XJNBTV', `username` = 'senen1', `sponsor_id` = 'GPRO3Q', `vacant` = 'no', `f_name` = 'Senen', `l_name` = 'Casas', `address` = '6520 Kendale Lakes Dr', `position` = 'left', `email` = 'senen1@gmail.com', `password` = '48c6e7f4022d4514cec80cbcff54801d', `phone` = '3057610606', `country` = 'United States', `state` = 'Florida', `city` = 'Miami', `street` = '6520 Kendale Lakes Dr', `zip_code` = '33183', `reg_ip` = '172.70.83.93', `status` = 1, `package_id` = '2', `rank_id` = 1, `highest_rank` = 1, `cycle_rank_id` = 1, `created` = '2024-10-02 07:17:19', `subscription_date` = '2024-11-01', `google_secret` = 'FSA276JX7FARWCSF'
WHERE `uid` = '2694';
INSERT INTO `user_registration` (`uid`, `user_id`, `username`, `sponsor_id`, `placement_id`, `vacant`, `f_name`, `l_name`, `address`, `position`, `email`, `password`, `phone`, `reg_ip`, `status`, `created`) VALUES (NULL, 'NOSEPW', 'ravimNRz', 'XJNBTV', 'XJNBTV', 'yes', '', '', '', 'left', '@mail.com', '', '', '', 0, '2024-10-02 07:17:19');
INSERT INTO `user_registration` (`uid`, `user_id`, `username`, `sponsor_id`, `placement_id`, `vacant`, `f_name`, `l_name`, `address`, `position`, `email`, `password`, `phone`, `reg_ip`, `status`, `created`) VALUES (NULL, 'CYHJEM', 'QkWbtSZK', 'XJNBTV', 'XJNBTV', 'yes', '', '', '', 'right', '@mail.com', '', '', '', 0, '2024-10-02 07:17:19');
INSERT INTO `bv_updation` (`user_id`) VALUES ('XJNBTV');
UPDATE `user_registration` SET total_ref_count = total_ref_count+1
WHERE `user_id` = 'GPRO3Q';
UPDATE `user_registration` SET total_downlines = total_downlines+1
WHERE `user_id` = 'UM7JJL';
UPDATE `user_registration` SET left_downlines = left_downlines+1
WHERE `user_id` = 'UM7JJL';
UPDATE `user_registration` SET total_downlines = total_downlines+1
WHERE `user_id` = '9AKTZ1';
UPDATE `user_registration` SET left_downlines = left_downlines+1
WHERE `user_id` = '9AKTZ1';
UPDATE `user_registration` SET total_downlines = total_downlines+1
WHERE `user_id` = 'X94X61';
UPDATE `user_registration` SET left_downlines = left_downlines+1
WHERE `user_id` = 'X94X61';
UPDATE `user_registration` SET total_downlines = total_downlines+1
WHERE `user_id` = 'K9JWBF';
UPDATE `user_registration` SET left_downlines = left_downlines+1
WHERE `user_id` = 'K9JWBF';
UPDATE `user_registration` SET total_downlines = total_downlines+1
WHERE `user_id` = 'WZ9EE2';
UPDATE `user_registration` SET left_downlines = left_downlines+1
WHERE `user_id` = 'WZ9EE2';
UPDATE `user_registration` SET total_downlines = total_downlines+1
WHERE `user_id` = 'I3GVQJ';
UPDATE `user_registration` SET left_downlines = left_downlines+1
WHERE `user_id` = 'I3GVQJ';
UPDATE `user_registration` SET total_downlines = total_downlines+1
WHERE `user_id` = '8MFJJY';
UPDATE `user_registration` SET left_downlines = left_downlines+1
WHERE `user_id` = '8MFJJY';
UPDATE `user_registration` SET total_downlines = total_downlines+1
WHERE `user_id` = 'XX3T74';
UPDATE `user_registration` SET left_downlines = left_downlines+1
WHERE `user_id` = 'XX3T74';
UPDATE `user_registration` SET total_downlines = total_downlines+1
WHERE `user_id` = 'GPRO3Q';
UPDATE `user_registration` SET left_downlines = left_downlines+1
WHERE `user_id` = 'GPRO3Q';
UPDATE `user_registration` SET left_ref_count = left_ref_count+1
WHERE `user_id` = 'GPRO3Q';
UPDATE `user_registration` SET active_left = active_left+1
WHERE `user_id` = 'GPRO3Q';
UPDATE `user_registration` SET total_downlines = total_downlines+1
WHERE `user_id` = 'MBPRQB';
UPDATE `user_registration` SET right_downlines = right_downlines+1
WHERE `user_id` = 'MBPRQB';
UPDATE `user_registration` SET total_downlines = total_downlines+1
WHERE `user_id` = 'X1RH6U';
UPDATE `user_registration` SET right_downlines = right_downlines+1
WHERE `user_id` = 'X1RH6U';
UPDATE `user_registration` SET total_downlines = total_downlines+1
WHERE `user_id` = 'HHALCM';
UPDATE `user_registration` SET right_downlines = right_downlines+1
WHERE `user_id` = 'HHALCM';
UPDATE `user_registration` SET total_downlines = total_downlines+1
WHERE `user_id` = '7WQBA7';
UPDATE `user_registration` SET right_downlines = right_downlines+1
WHERE `user_id` = '7WQBA7';
UPDATE `user_registration` SET total_downlines = total_downlines+1
WHERE `user_id` = 'QPNZO1';
UPDATE `user_registration` SET right_downlines = right_downlines+1
WHERE `user_id` = 'QPNZO1';
UPDATE `user_registration` SET total_downlines = total_downlines+1
WHERE `user_id` = 'KCF78M';
UPDATE `user_registration` SET right_downlines = right_downlines+1
WHERE `user_id` = 'KCF78M';
UPDATE `user_registration` SET total_downlines = total_downlines+1
WHERE `user_id` = '7RY1ZP';
UPDATE `user_registration` SET right_downlines = right_downlines+1
WHERE `user_id` = '7RY1ZP';
UPDATE `user_registration` SET total_downlines = total_downlines+1
WHERE `user_id` = 'ADZTOG';
UPDATE `user_registration` SET right_downlines = right_downlines+1
WHERE `user_id` = 'ADZTOG';
UPDATE `user_registration` SET total_downlines = total_downlines+1
WHERE `user_id` = 'A9858P';
UPDATE `user_registration` SET right_downlines = right_downlines+1
WHERE `user_id` = 'A9858P';
UPDATE `user_registration` SET total_downlines = total_downlines+1
WHERE `user_id` = 'admin';
UPDATE `user_registration` SET right_downlines = right_downlines+1
WHERE `user_id` = 'admin';
INSERT INTO `investment` (`invest_date`, `user_id`, `type`, `amount`, `package_id`) VALUES ('2024-10-02 07:17:19', 'XJNBTV', 'register', '595', '2');
INSERT INTO `earnings` (`user_id`, `Purchaser_id`, `earning_type`, `package_id`, `amount`, `date`, `comments`, `invest_amount`, `comm_perc`, `level`, `rank_id`, `order_id`) VALUES ('GPRO3Q', 'XJNBTV', 'Direct Referral Bonus', '2', '100', '2024-10-02 07:17:19', 'Direct Referral Bonus', 0, 0, 1, '', 345);
UPDATE `user_registration` SET commission_balance = ROUND(commission_balance + 100,2)
WHERE `user_id` = 'GPRO3Q';
UPDATE `user_registration` SET referral_bonus = ROUND(referral_bonus + 100,2)
WHERE `user_id` = 'GPRO3Q';
INSERT INTO `earnings` (`user_id`, `Purchaser_id`, `earning_type`, `package_id`, `amount`, `date`, `comments`, `invest_amount`, `comm_perc`, `level`, `rank_id`, `order_id`) VALUES ('ADZTOG', 'XJNBTV', 'Expansion Bonus', '2', 100, '2024-10-02 07:17:19', 'Expansion Bonus', '100', 0, 1, '', 345);
UPDATE `user_registration` SET commission_balance = ROUND(commission_balance + 100,2)
WHERE `user_id` = 'ADZTOG';
UPDATE `user_registration` SET expansion_bonus = ROUND(expansion_bonus + 100,2)
WHERE `user_id` = 'ADZTOG';
INSERT INTO `earnings` (`user_id`, `Purchaser_id`, `earning_type`, `package_id`, `amount`, `date`, `comments`, `invest_amount`, `comm_perc`, `level`, `rank_id`, `order_id`) VALUES ('A9858P', 'XJNBTV', 'Expansion Bonus', '2', 100, '2024-10-02 07:17:19', 'Expansion Bonus', 200, 0, 1, '', 345);
UPDATE `user_registration` SET commission_balance = ROUND(commission_balance + 100,2)
WHERE `user_id` = 'A9858P';
UPDATE `user_registration` SET expansion_bonus = ROUND(expansion_bonus + 100,2)
WHERE `user_id` = 'A9858P';
INSERT INTO `matrix_filling` (`placement_id`, `downline_id`, `level`, `matrix`) VALUES ('UM7JJL', 'XJNBTV', 1, 1);
UPDATE `bv_updation` SET left_carry = left_carry+50, total_left = total_left+50
WHERE `user_id` = 'UM7JJL';
INSERT INTO `placement_bv_update_history` (`left_carry`, `date`, `from_id`, `user_id`) VALUES ('50', '2024-10-02 07:17:19', 'XJNBTV', 'UM7JJL');
INSERT INTO `matrix_filling` (`placement_id`, `downline_id`, `level`, `matrix`) VALUES ('9AKTZ1', 'XJNBTV', 2, 1);
UPDATE `bv_updation` SET left_carry = left_carry+50, total_left = total_left+50
WHERE `user_id` = '9AKTZ1';
INSERT INTO `placement_bv_update_history` (`left_carry`, `date`, `from_id`, `user_id`) VALUES ('50', '2024-10-02 07:17:19', 'XJNBTV', '9AKTZ1');
INSERT INTO `matrix_filling` (`placement_id`, `downline_id`, `level`, `matrix`) VALUES ('X94X61', 'XJNBTV', 3, 1);
UPDATE `bv_updation` SET left_carry = left_carry+50, total_left = total_left+50
WHERE `user_id` = 'X94X61';
INSERT INTO `placement_bv_update_history` (`left_carry`, `date`, `from_id`, `user_id`) VALUES ('50', '2024-10-02 07:17:19', 'XJNBTV', 'X94X61');
INSERT INTO `matrix_filling` (`placement_id`, `downline_id`, `level`, `matrix`) VALUES ('K9JWBF', 'XJNBTV', 4, 1);
UPDATE `bv_updation` SET left_carry = left_carry+50, total_left = total_left+50
WHERE `user_id` = 'K9JWBF';
INSERT INTO `placement_bv_update_history` (`left_carry`, `date`, `from_id`, `user_id`) VALUES ('50', '2024-10-02 07:17:19', 'XJNBTV', 'K9JWBF');
INSERT INTO `matrix_filling` (`placement_id`, `downline_id`, `level`, `matrix`) VALUES ('WZ9EE2', 'XJNBTV', 5, 1);
UPDATE `bv_updation` SET left_carry = left_carry+50, total_left = total_left+50
WHERE `user_id` = 'WZ9EE2';
INSERT INTO `placement_bv_update_history` (`left_carry`, `date`, `from_id`, `user_id`) VALUES ('50', '2024-10-02 07:17:19', 'XJNBTV', 'WZ9EE2');
INSERT INTO `matrix_filling` (`placement_id`, `downline_id`, `level`, `matrix`) VALUES ('I3GVQJ', 'XJNBTV', 6, 1);
UPDATE `bv_updation` SET left_carry = left_carry+50, total_left = total_left+50
WHERE `user_id` = 'I3GVQJ';
INSERT INTO `placement_bv_update_history` (`left_carry`, `date`, `from_id`, `user_id`) VALUES ('50', '2024-10-02 07:17:19', 'XJNBTV', 'I3GVQJ');
INSERT INTO `matrix_filling` (`placement_id`, `downline_id`, `level`, `matrix`) VALUES ('8MFJJY', 'XJNBTV', 7, 1);
UPDATE `bv_updation` SET left_carry = left_carry+50, total_left = total_left+50
WHERE `user_id` = '8MFJJY';
INSERT INTO `placement_bv_update_history` (`left_carry`, `date`, `from_id`, `user_id`) VALUES ('50', '2024-10-02 07:17:19', 'XJNBTV', '8MFJJY');
INSERT INTO `matrix_filling` (`placement_id`, `downline_id`, `level`, `matrix`) VALUES ('XX3T74', 'XJNBTV', 8, 1);
UPDATE `bv_updation` SET left_carry = left_carry+50, total_left = total_left+50
WHERE `user_id` = 'XX3T74';
INSERT INTO `placement_bv_update_history` (`left_carry`, `date`, `from_id`, `user_id`) VALUES ('50', '2024-10-02 07:17:19', 'XJNBTV', 'XX3T74');
INSERT INTO `matrix_filling` (`placement_id`, `downline_id`, `level`, `matrix`) VALUES ('GPRO3Q', 'XJNBTV', 9, 1);
UPDATE `bv_updation` SET left_carry = left_carry+50, total_left = total_left+50
WHERE `user_id` = 'GPRO3Q';
INSERT INTO `placement_bv_update_history` (`left_carry`, `date`, `from_id`, `user_id`) VALUES ('50', '2024-10-02 07:17:19', 'XJNBTV', 'GPRO3Q');
UPDATE `bv_updation` SET sponsor_left_carry = sponsor_left_carry+50, sponsor_total_left = sponsor_total_left+50
WHERE `user_id` = 'GPRO3Q';
INSERT INTO `sponsor_bv_update_history` (`left_carry`, `date`, `user_id`) VALUES ('50', '2024-10-02 07:17:19', 'GPRO3Q');
INSERT INTO `matrix_filling` (`placement_id`, `downline_id`, `level`, `matrix`) VALUES ('MBPRQB', 'XJNBTV', 10, 1);
UPDATE `bv_updation` SET right_carry = right_carry+50, total_right = total_right+50
WHERE `user_id` = 'MBPRQB';
INSERT INTO `placement_bv_update_history` (`right_carry`, `date`, `from_id`, `user_id`) VALUES ('50', '2024-10-02 07:17:19', 'XJNBTV', 'MBPRQB');
INSERT INTO `matrix_filling` (`placement_id`, `downline_id`, `level`, `matrix`) VALUES ('X1RH6U', 'XJNBTV', 11, 1);
UPDATE `bv_updation` SET right_carry = right_carry+50, total_right = total_right+50
WHERE `user_id` = 'X1RH6U';
INSERT INTO `placement_bv_update_history` (`right_carry`, `date`, `from_id`, `user_id`) VALUES ('50', '2024-10-02 07:17:19', 'XJNBTV', 'X1RH6U');
INSERT INTO `matrix_filling` (`placement_id`, `downline_id`, `level`, `matrix`) VALUES ('HHALCM', 'XJNBTV', 12, 1);
UPDATE `bv_updation` SET right_carry = right_carry+50, total_right = total_right+50
WHERE `user_id` = 'HHALCM';
INSERT INTO `placement_bv_update_history` (`right_carry`, `date`, `from_id`, `user_id`) VALUES ('50', '2024-10-02 07:17:19', 'XJNBTV', 'HHALCM');
INSERT INTO `matrix_filling` (`placement_id`, `downline_id`, `level`, `matrix`) VALUES ('7WQBA7', 'XJNBTV', 13, 1);
UPDATE `bv_updation` SET right_carry = right_carry+50, total_right = total_right+50
WHERE `user_id` = '7WQBA7';
INSERT INTO `placement_bv_update_history` (`right_carry`, `date`, `from_id`, `user_id`) VALUES ('50', '2024-10-02 07:17:19', 'XJNBTV', '7WQBA7');
INSERT INTO `matrix_filling` (`placement_id`, `downline_id`, `level`, `matrix`) VALUES ('QPNZO1', 'XJNBTV', 14, 1);
UPDATE `bv_updation` SET right_carry = right_carry+50, total_right = total_right+50
WHERE `user_id` = 'QPNZO1';
INSERT INTO `placement_bv_update_history` (`right_carry`, `date`, `from_id`, `user_id`) VALUES ('50', '2024-10-02 07:17:19', 'XJNBTV', 'QPNZO1');
INSERT INTO `matrix_filling` (`placement_id`, `downline_id`, `level`, `matrix`) VALUES ('KCF78M', 'XJNBTV', 15, 1);
UPDATE `bv_updation` SET right_carry = right_carry+50, total_right = total_right+50
WHERE `user_id` = 'KCF78M';
INSERT INTO `placement_bv_update_history` (`right_carry`, `date`, `from_id`, `user_id`) VALUES ('50', '2024-10-02 07:17:19', 'XJNBTV', 'KCF78M');
INSERT INTO `matrix_filling` (`placement_id`, `downline_id`, `level`, `matrix`) VALUES ('7RY1ZP', 'XJNBTV', 16, 1);
UPDATE `bv_updation` SET right_carry = right_carry+50, total_right = total_right+50
WHERE `user_id` = '7RY1ZP';
INSERT INTO `placement_bv_update_history` (`right_carry`, `date`, `from_id`, `user_id`) VALUES ('50', '2024-10-02 07:17:19', 'XJNBTV', '7RY1ZP');
INSERT INTO `matrix_filling` (`placement_id`, `downline_id`, `level`, `matrix`) VALUES ('ADZTOG', 'XJNBTV', 17, 1);
UPDATE `bv_updation` SET right_carry = right_carry+50, total_right = total_right+50
WHERE `user_id` = 'ADZTOG';
INSERT INTO `placement_bv_update_history` (`right_carry`, `date`, `from_id`, `user_id`) VALUES ('50', '2024-10-02 07:17:19', 'XJNBTV', 'ADZTOG');
INSERT INTO `matrix_filling` (`placement_id`, `downline_id`, `level`, `matrix`) VALUES ('A9858P', 'XJNBTV', 18, 1);
UPDATE `bv_updation` SET right_carry = right_carry+50, total_right = total_right+50
WHERE `user_id` = 'A9858P';
INSERT INTO `placement_bv_update_history` (`right_carry`, `date`, `from_id`, `user_id`) VALUES ('50', '2024-10-02 07:17:19', 'XJNBTV', 'A9858P');
INSERT INTO `matrix_filling` (`placement_id`, `downline_id`, `level`, `matrix`) VALUES ('admin', 'XJNBTV', 19, 1);
UPDATE `bv_updation` SET right_carry = right_carry+50, total_right = total_right+50
WHERE `user_id` = 'admin';
INSERT INTO `placement_bv_update_history` (`right_carry`, `date`, `from_id`, `user_id`) VALUES ('50', '2024-10-02 07:17:19', 'XJNBTV', 'admin');
INSERT INTO `package_purchase_history` (`user_id`, `package_id`, `reg_fee`, `package_name`, `monthly_fee`, `type`, `date`, `payment_option`) VALUES ('XJNBTV', '2', '595', 'Traveler Pro', '150', 'sign_up', '2024-10-02 07:17:19', 'free');
UPDATE `user_registration` SET `popup_seen` = 'yes'
WHERE `user_id` = 'GPRO3Q';
UPDATE `ci_sessions` SET `timestamp` = 1727871465, `data` = '__ci_last_regenerate|i:1727871465;id|s:4:\"2053\";user_id|s:6:\"GPRO3Q\";username|s:6:\"nelia1\";sponsor_id|s:6:\"ADZTOG\";fullname|s:16:\"Nelia  Dominguez\";email|s:16:\"nelia1@gmail.com\";phone|s:10:\"3057610606\";isLogIn|b:1;'
WHERE `id` = 'fbe906b1dfe345d80d74af31764a84f414849013';
UPDATE `user_registration` SET `uid` = '2696', `user_id` = 'ONUJ59', `username` = 'medardo1', `sponsor_id` = 'GPRO3Q', `vacant` = 'no', `f_name` = 'Medardo', `l_name` = 'Paz', `address` = '6520 Kendale Lakes Dr', `position` = 'left', `email` = 'medardo1@gmail.com', `password` = '7386c790d73a87fa572ae41257bcf3bf', `phone` = '3057610606', `country` = 'United States', `state` = 'Florida', `city` = 'Miami', `street` = '6520 Kendale Lakes Dr', `zip_code` = '33183', `reg_ip` = '172.70.254.135', `status` = 1, `package_id` = '2', `rank_id` = 1, `highest_rank` = 1, `cycle_rank_id` = 1, `created` = '2024-10-02 07:19:04', `subscription_date` = '2024-11-01', `google_secret` = '4CAPEI64VH3DOOKL'
WHERE `uid` = '2696';
INSERT INTO `user_registration` (`uid`, `user_id`, `username`, `sponsor_id`, `placement_id`, `vacant`, `f_name`, `l_name`, `address`, `position`, `email`, `password`, `phone`, `reg_ip`, `status`, `created`) VALUES (NULL, 'XCZHQQ', 'DZjnOjzK', 'ONUJ59', 'ONUJ59', 'yes', '', '', '', 'left', '@mail.com', '', '', '', 0, '2024-10-02 07:19:04');
INSERT INTO `user_registration` (`uid`, `user_id`, `username`, `sponsor_id`, `placement_id`, `vacant`, `f_name`, `l_name`, `address`, `position`, `email`, `password`, `phone`, `reg_ip`, `status`, `created`) VALUES (NULL, 'ZKRXAZ', 'GCDlmBHK', 'ONUJ59', 'ONUJ59', 'yes', '', '', '', 'right', '@mail.com', '', '', '', 0, '2024-10-02 07:19:04');
INSERT INTO `bv_updation` (`user_id`) VALUES ('ONUJ59');
UPDATE `user_registration` SET total_ref_count = total_ref_count+1
WHERE `user_id` = 'GPRO3Q';
UPDATE `user_registration` SET total_downlines = total_downlines+1
WHERE `user_id` = 'XJNBTV';
UPDATE `user_registration` SET left_downlines = left_downlines+1
WHERE `user_id` = 'XJNBTV';
UPDATE `user_registration` SET total_downlines = total_downlines+1
WHERE `user_id` = 'UM7JJL';
UPDATE `user_registration` SET left_downlines = left_downlines+1
WHERE `user_id` = 'UM7JJL';
UPDATE `user_registration` SET total_downlines = total_downlines+1
WHERE `user_id` = '9AKTZ1';
UPDATE `user_registration` SET left_downlines = left_downlines+1
WHERE `user_id` = '9AKTZ1';
UPDATE `user_registration` SET total_downlines = total_downlines+1
WHERE `user_id` = 'X94X61';
UPDATE `user_registration` SET left_downlines = left_downlines+1
WHERE `user_id` = 'X94X61';
UPDATE `user_registration` SET total_downlines = total_downlines+1
WHERE `user_id` = 'K9JWBF';
UPDATE `user_registration` SET left_downlines = left_downlines+1
WHERE `user_id` = 'K9JWBF';
UPDATE `user_registration` SET total_downlines = total_downlines+1
WHERE `user_id` = 'WZ9EE2';
UPDATE `user_registration` SET left_downlines = left_downlines+1
WHERE `user_id` = 'WZ9EE2';
UPDATE `user_registration` SET total_downlines = total_downlines+1
WHERE `user_id` = 'I3GVQJ';
UPDATE `user_registration` SET left_downlines = left_downlines+1
WHERE `user_id` = 'I3GVQJ';
UPDATE `user_registration` SET total_downlines = total_downlines+1
WHERE `user_id` = '8MFJJY';
UPDATE `user_registration` SET left_downlines = left_downlines+1
WHERE `user_id` = '8MFJJY';
UPDATE `user_registration` SET total_downlines = total_downlines+1
WHERE `user_id` = 'XX3T74';
UPDATE `user_registration` SET left_downlines = left_downlines+1
WHERE `user_id` = 'XX3T74';
UPDATE `user_registration` SET total_downlines = total_downlines+1
WHERE `user_id` = 'GPRO3Q';
UPDATE `user_registration` SET left_downlines = left_downlines+1
WHERE `user_id` = 'GPRO3Q';
UPDATE `user_registration` SET left_ref_count = left_ref_count+1
WHERE `user_id` = 'GPRO3Q';
UPDATE `user_registration` SET active_left = active_left+1
WHERE `user_id` = 'GPRO3Q';
UPDATE `user_registration` SET total_downlines = total_downlines+1
WHERE `user_id` = 'MBPRQB';
UPDATE `user_registration` SET right_downlines = right_downlines+1
WHERE `user_id` = 'MBPRQB';
UPDATE `user_registration` SET total_downlines = total_downlines+1
WHERE `user_id` = 'X1RH6U';
UPDATE `user_registration` SET right_downlines = right_downlines+1
WHERE `user_id` = 'X1RH6U';
UPDATE `user_registration` SET total_downlines = total_downlines+1
WHERE `user_id` = 'HHALCM';
UPDATE `user_registration` SET right_downlines = right_downlines+1
WHERE `user_id` = 'HHALCM';
UPDATE `user_registration` SET total_downlines = total_downlines+1
WHERE `user_id` = '7WQBA7';
UPDATE `user_registration` SET right_downlines = right_downlines+1
WHERE `user_id` = '7WQBA7';
UPDATE `user_registration` SET total_downlines = total_downlines+1
WHERE `user_id` = 'QPNZO1';
UPDATE `user_registration` SET right_downlines = right_downlines+1
WHERE `user_id` = 'QPNZO1';
UPDATE `user_registration` SET total_downlines = total_downlines+1
WHERE `user_id` = 'KCF78M';
UPDATE `user_registration` SET right_downlines = right_downlines+1
WHERE `user_id` = 'KCF78M';
UPDATE `user_registration` SET total_downlines = total_downlines+1
WHERE `user_id` = '7RY1ZP';
UPDATE `user_registration` SET right_downlines = right_downlines+1
WHERE `user_id` = '7RY1ZP';
UPDATE `user_registration` SET total_downlines = total_downlines+1
WHERE `user_id` = 'ADZTOG';
UPDATE `user_registration` SET right_downlines = right_downlines+1
WHERE `user_id` = 'ADZTOG';
UPDATE `user_registration` SET total_downlines = total_downlines+1
WHERE `user_id` = 'A9858P';
UPDATE `user_registration` SET right_downlines = right_downlines+1
WHERE `user_id` = 'A9858P';
UPDATE `user_registration` SET total_downlines = total_downlines+1
WHERE `user_id` = 'admin';
UPDATE `user_registration` SET right_downlines = right_downlines+1
WHERE `user_id` = 'admin';
INSERT INTO `investment` (`invest_date`, `user_id`, `type`, `amount`, `package_id`) VALUES ('2024-10-02 07:19:04', 'ONUJ59', 'register', '595', '2');
INSERT INTO `earnings` (`user_id`, `Purchaser_id`, `earning_type`, `package_id`, `amount`, `date`, `comments`, `invest_amount`, `comm_perc`, `level`, `rank_id`, `order_id`) VALUES ('GPRO3Q', 'ONUJ59', 'Direct Referral Bonus', '2', '100', '2024-10-02 07:19:04', 'Direct Referral Bonus', 0, 0, 1, '', 346);
UPDATE `user_registration` SET commission_balance = ROUND(commission_balance + 100,2)
WHERE `user_id` = 'GPRO3Q';
UPDATE `user_registration` SET referral_bonus = ROUND(referral_bonus + 100,2)
WHERE `user_id` = 'GPRO3Q';
INSERT INTO `earnings` (`user_id`, `Purchaser_id`, `earning_type`, `package_id`, `amount`, `date`, `comments`, `invest_amount`, `comm_perc`, `level`, `rank_id`, `order_id`) VALUES ('ADZTOG', 'ONUJ59', 'Expansion Bonus', '2', 100, '2024-10-02 07:19:04', 'Expansion Bonus', '100', 0, 1, '', 346);
UPDATE `user_registration` SET commission_balance = ROUND(commission_balance + 100,2)
WHERE `user_id` = 'ADZTOG';
UPDATE `user_registration` SET expansion_bonus = ROUND(expansion_bonus + 100,2)
WHERE `user_id` = 'ADZTOG';
INSERT INTO `earnings` (`user_id`, `Purchaser_id`, `earning_type`, `package_id`, `amount`, `date`, `comments`, `invest_amount`, `comm_perc`, `level`, `rank_id`, `order_id`) VALUES ('A9858P', 'ONUJ59', 'Expansion Bonus', '2', 100, '2024-10-02 07:19:04', 'Expansion Bonus', 200, 0, 1, '', 346);
UPDATE `user_registration` SET commission_balance = ROUND(commission_balance + 100,2)
WHERE `user_id` = 'A9858P';
UPDATE `user_registration` SET expansion_bonus = ROUND(expansion_bonus + 100,2)
WHERE `user_id` = 'A9858P';
INSERT INTO `matrix_filling` (`placement_id`, `downline_id`, `level`, `matrix`) VALUES ('XJNBTV', 'ONUJ59', 1, 1);
UPDATE `bv_updation` SET left_carry = left_carry+50, total_left = total_left+50
WHERE `user_id` = 'XJNBTV';
INSERT INTO `placement_bv_update_history` (`left_carry`, `date`, `from_id`, `user_id`) VALUES ('50', '2024-10-02 07:19:04', 'ONUJ59', 'XJNBTV');
INSERT INTO `matrix_filling` (`placement_id`, `downline_id`, `level`, `matrix`) VALUES ('UM7JJL', 'ONUJ59', 2, 1);
UPDATE `bv_updation` SET left_carry = left_carry+50, total_left = total_left+50
WHERE `user_id` = 'UM7JJL';
INSERT INTO `placement_bv_update_history` (`left_carry`, `date`, `from_id`, `user_id`) VALUES ('50', '2024-10-02 07:19:04', 'ONUJ59', 'UM7JJL');
INSERT INTO `matrix_filling` (`placement_id`, `downline_id`, `level`, `matrix`) VALUES ('9AKTZ1', 'ONUJ59', 3, 1);
UPDATE `bv_updation` SET left_carry = left_carry+50, total_left = total_left+50
WHERE `user_id` = '9AKTZ1';
INSERT INTO `placement_bv_update_history` (`left_carry`, `date`, `from_id`, `user_id`) VALUES ('50', '2024-10-02 07:19:04', 'ONUJ59', '9AKTZ1');
INSERT INTO `matrix_filling` (`placement_id`, `downline_id`, `level`, `matrix`) VALUES ('X94X61', 'ONUJ59', 4, 1);
UPDATE `bv_updation` SET left_carry = left_carry+50, total_left = total_left+50
WHERE `user_id` = 'X94X61';
INSERT INTO `placement_bv_update_history` (`left_carry`, `date`, `from_id`, `user_id`) VALUES ('50', '2024-10-02 07:19:04', 'ONUJ59', 'X94X61');
INSERT INTO `matrix_filling` (`placement_id`, `downline_id`, `level`, `matrix`) VALUES ('K9JWBF', 'ONUJ59', 5, 1);
UPDATE `bv_updation` SET left_carry = left_carry+50, total_left = total_left+50
WHERE `user_id` = 'K9JWBF';
INSERT INTO `placement_bv_update_history` (`left_carry`, `date`, `from_id`, `user_id`) VALUES ('50', '2024-10-02 07:19:04', 'ONUJ59', 'K9JWBF');
INSERT INTO `matrix_filling` (`placement_id`, `downline_id`, `level`, `matrix`) VALUES ('WZ9EE2', 'ONUJ59', 6, 1);
UPDATE `bv_updation` SET left_carry = left_carry+50, total_left = total_left+50
WHERE `user_id` = 'WZ9EE2';
INSERT INTO `placement_bv_update_history` (`left_carry`, `date`, `from_id`, `user_id`) VALUES ('50', '2024-10-02 07:19:05', 'ONUJ59', 'WZ9EE2');
INSERT INTO `matrix_filling` (`placement_id`, `downline_id`, `level`, `matrix`) VALUES ('I3GVQJ', 'ONUJ59', 7, 1);
UPDATE `bv_updation` SET left_carry = left_carry+50, total_left = total_left+50
WHERE `user_id` = 'I3GVQJ';
INSERT INTO `placement_bv_update_history` (`left_carry`, `date`, `from_id`, `user_id`) VALUES ('50', '2024-10-02 07:19:05', 'ONUJ59', 'I3GVQJ');
INSERT INTO `matrix_filling` (`placement_id`, `downline_id`, `level`, `matrix`) VALUES ('8MFJJY', 'ONUJ59', 8, 1);
UPDATE `bv_updation` SET left_carry = left_carry+50, total_left = total_left+50
WHERE `user_id` = '8MFJJY';
INSERT INTO `placement_bv_update_history` (`left_carry`, `date`, `from_id`, `user_id`) VALUES ('50', '2024-10-02 07:19:05', 'ONUJ59', '8MFJJY');
INSERT INTO `matrix_filling` (`placement_id`, `downline_id`, `level`, `matrix`) VALUES ('XX3T74', 'ONUJ59', 9, 1);
UPDATE `bv_updation` SET left_carry = left_carry+50, total_left = total_left+50
WHERE `user_id` = 'XX3T74';
INSERT INTO `placement_bv_update_history` (`left_carry`, `date`, `from_id`, `user_id`) VALUES ('50', '2024-10-02 07:19:05', 'ONUJ59', 'XX3T74');
INSERT INTO `matrix_filling` (`placement_id`, `downline_id`, `level`, `matrix`) VALUES ('GPRO3Q', 'ONUJ59', 10, 1);
UPDATE `bv_updation` SET left_carry = left_carry+50, total_left = total_left+50
WHERE `user_id` = 'GPRO3Q';
INSERT INTO `placement_bv_update_history` (`left_carry`, `date`, `from_id`, `user_id`) VALUES ('50', '2024-10-02 07:19:05', 'ONUJ59', 'GPRO3Q');
UPDATE `bv_updation` SET sponsor_left_carry = sponsor_left_carry+50, sponsor_total_left = sponsor_total_left+50
WHERE `user_id` = 'GPRO3Q';
INSERT INTO `sponsor_bv_update_history` (`left_carry`, `date`, `user_id`) VALUES ('50', '2024-10-02 07:19:05', 'GPRO3Q');
INSERT INTO `matrix_filling` (`placement_id`, `downline_id`, `level`, `matrix`) VALUES ('MBPRQB', 'ONUJ59', 11, 1);
UPDATE `bv_updation` SET right_carry = right_carry+50, total_right = total_right+50
WHERE `user_id` = 'MBPRQB';
INSERT INTO `placement_bv_update_history` (`right_carry`, `date`, `from_id`, `user_id`) VALUES ('50', '2024-10-02 07:19:05', 'ONUJ59', 'MBPRQB');
INSERT INTO `matrix_filling` (`placement_id`, `downline_id`, `level`, `matrix`) VALUES ('X1RH6U', 'ONUJ59', 12, 1);
UPDATE `bv_updation` SET right_carry = right_carry+50, total_right = total_right+50
WHERE `user_id` = 'X1RH6U';
INSERT INTO `placement_bv_update_history` (`right_carry`, `date`, `from_id`, `user_id`) VALUES ('50', '2024-10-02 07:19:05', 'ONUJ59', 'X1RH6U');
INSERT INTO `matrix_filling` (`placement_id`, `downline_id`, `level`, `matrix`) VALUES ('HHALCM', 'ONUJ59', 13, 1);
UPDATE `bv_updation` SET right_carry = right_carry+50, total_right = total_right+50
WHERE `user_id` = 'HHALCM';
INSERT INTO `placement_bv_update_history` (`right_carry`, `date`, `from_id`, `user_id`) VALUES ('50', '2024-10-02 07:19:05', 'ONUJ59', 'HHALCM');
INSERT INTO `matrix_filling` (`placement_id`, `downline_id`, `level`, `matrix`) VALUES ('7WQBA7', 'ONUJ59', 14, 1);
UPDATE `bv_updation` SET right_carry = right_carry+50, total_right = total_right+50
WHERE `user_id` = '7WQBA7';
INSERT INTO `placement_bv_update_history` (`right_carry`, `date`, `from_id`, `user_id`) VALUES ('50', '2024-10-02 07:19:05', 'ONUJ59', '7WQBA7');
INSERT INTO `matrix_filling` (`placement_id`, `downline_id`, `level`, `matrix`) VALUES ('QPNZO1', 'ONUJ59', 15, 1);
UPDATE `bv_updation` SET right_carry = right_carry+50, total_right = total_right+50
WHERE `user_id` = 'QPNZO1';
INSERT INTO `placement_bv_update_history` (`right_carry`, `date`, `from_id`, `user_id`) VALUES ('50', '2024-10-02 07:19:05', 'ONUJ59', 'QPNZO1');
INSERT INTO `matrix_filling` (`placement_id`, `downline_id`, `level`, `matrix`) VALUES ('KCF78M', 'ONUJ59', 16, 1);
UPDATE `bv_updation` SET right_carry = right_carry+50, total_right = total_right+50
WHERE `user_id` = 'KCF78M';
INSERT INTO `placement_bv_update_history` (`right_carry`, `date`, `from_id`, `user_id`) VALUES ('50', '2024-10-02 07:19:05', 'ONUJ59', 'KCF78M');
INSERT INTO `matrix_filling` (`placement_id`, `downline_id`, `level`, `matrix`) VALUES ('7RY1ZP', 'ONUJ59', 17, 1);
UPDATE `bv_updation` SET right_carry = right_carry+50, total_right = total_right+50
WHERE `user_id` = '7RY1ZP';
INSERT INTO `placement_bv_update_history` (`right_carry`, `date`, `from_id`, `user_id`) VALUES ('50', '2024-10-02 07:19:05', 'ONUJ59', '7RY1ZP');
INSERT INTO `matrix_filling` (`placement_id`, `downline_id`, `level`, `matrix`) VALUES ('ADZTOG', 'ONUJ59', 18, 1);
UPDATE `bv_updation` SET right_carry = right_carry+50, total_right = total_right+50
WHERE `user_id` = 'ADZTOG';
INSERT INTO `placement_bv_update_history` (`right_carry`, `date`, `from_id`, `user_id`) VALUES ('50', '2024-10-02 07:19:05', 'ONUJ59', 'ADZTOG');
INSERT INTO `matrix_filling` (`placement_id`, `downline_id`, `level`, `matrix`) VALUES ('A9858P', 'ONUJ59', 19, 1);
UPDATE `bv_updation` SET right_carry = right_carry+50, total_right = total_right+50
WHERE `user_id` = 'A9858P';
INSERT INTO `placement_bv_update_history` (`right_carry`, `date`, `from_id`, `user_id`) VALUES ('50', '2024-10-02 07:19:05', 'ONUJ59', 'A9858P');
INSERT INTO `matrix_filling` (`placement_id`, `downline_id`, `level`, `matrix`) VALUES ('admin', 'ONUJ59', 20, 1);
UPDATE `bv_updation` SET right_carry = right_carry+50, total_right = total_right+50
WHERE `user_id` = 'admin';
INSERT INTO `placement_bv_update_history` (`right_carry`, `date`, `from_id`, `user_id`) VALUES ('50', '2024-10-02 07:19:05', 'ONUJ59', 'admin');
INSERT INTO `package_purchase_history` (`user_id`, `package_id`, `reg_fee`, `package_name`, `monthly_fee`, `type`, `date`, `payment_option`) VALUES ('ONUJ59', '2', '595', 'Traveler Pro', '150', 'sign_up', '2024-10-02 07:19:05', 'free');
UPDATE `user_registration` SET `uid` = '2698', `user_id` = 'SY3INH', `username` = 'pepin1', `sponsor_id` = 'GPRO3Q', `vacant` = 'no', `f_name` = 'Pepin', `l_name` = 'Forte', `address` = '6520 Kendale Lakes Dr', `position` = 'left', `email` = 'pepin1@gmail.com', `password` = '03ffc6f55b891907562e41f30783b9ea', `phone` = '3057610606', `country` = 'United States', `state` = 'Florida', `city` = 'Miami', `street` = '6520 Kendale Lakes Dr', `zip_code` = '33183', `reg_ip` = '172.70.254.135', `status` = 1, `package_id` = '2', `rank_id` = 1, `highest_rank` = 1, `cycle_rank_id` = 1, `created` = '2024-10-02 07:20:39', `subscription_date` = '2024-11-01', `google_secret` = 'NHL44Z6IWSA4TEJA'
WHERE `uid` = '2698';
INSERT INTO `user_registration` (`uid`, `user_id`, `username`, `sponsor_id`, `placement_id`, `vacant`, `f_name`, `l_name`, `address`, `position`, `email`, `password`, `phone`, `reg_ip`, `status`, `created`) VALUES (NULL, 'XQFIJX', 'pForYvTP', 'SY3INH', 'SY3INH', 'yes', '', '', '', 'left', '@mail.com', '', '', '', 0, '2024-10-02 07:20:39');
INSERT INTO `user_registration` (`uid`, `user_id`, `username`, `sponsor_id`, `placement_id`, `vacant`, `f_name`, `l_name`, `address`, `position`, `email`, `password`, `phone`, `reg_ip`, `status`, `created`) VALUES (NULL, 'HMINAL', 'ifxptfTy', 'SY3INH', 'SY3INH', 'yes', '', '', '', 'right', '@mail.com', '', '', '', 0, '2024-10-02 07:20:39');
INSERT INTO `bv_updation` (`user_id`) VALUES ('SY3INH');
UPDATE `user_registration` SET total_ref_count = total_ref_count+1
WHERE `user_id` = 'GPRO3Q';
UPDATE `user_registration` SET total_downlines = total_downlines+1
WHERE `user_id` = 'ONUJ59';
UPDATE `user_registration` SET left_downlines = left_downlines+1
WHERE `user_id` = 'ONUJ59';
UPDATE `user_registration` SET total_downlines = total_downlines+1
WHERE `user_id` = 'XJNBTV';
UPDATE `user_registration` SET left_downlines = left_downlines+1
WHERE `user_id` = 'XJNBTV';
UPDATE `user_registration` SET total_downlines = total_downlines+1
WHERE `user_id` = 'UM7JJL';
UPDATE `user_registration` SET left_downlines = left_downlines+1
WHERE `user_id` = 'UM7JJL';
UPDATE `user_registration` SET total_downlines = total_downlines+1
WHERE `user_id` = '9AKTZ1';
UPDATE `user_registration` SET left_downlines = left_downlines+1
WHERE `user_id` = '9AKTZ1';
UPDATE `user_registration` SET total_downlines = total_downlines+1
WHERE `user_id` = 'X94X61';
UPDATE `user_registration` SET left_downlines = left_downlines+1
WHERE `user_id` = 'X94X61';
UPDATE `user_registration` SET total_downlines = total_downlines+1
WHERE `user_id` = 'K9JWBF';
UPDATE `user_registration` SET left_downlines = left_downlines+1
WHERE `user_id` = 'K9JWBF';
UPDATE `user_registration` SET total_downlines = total_downlines+1
WHERE `user_id` = 'WZ9EE2';
UPDATE `user_registration` SET left_downlines = left_downlines+1
WHERE `user_id` = 'WZ9EE2';
UPDATE `user_registration` SET total_downlines = total_downlines+1
WHERE `user_id` = 'I3GVQJ';
UPDATE `user_registration` SET left_downlines = left_downlines+1
WHERE `user_id` = 'I3GVQJ';
UPDATE `user_registration` SET total_downlines = total_downlines+1
WHERE `user_id` = '8MFJJY';
UPDATE `user_registration` SET left_downlines = left_downlines+1
WHERE `user_id` = '8MFJJY';
UPDATE `user_registration` SET total_downlines = total_downlines+1
WHERE `user_id` = 'XX3T74';
UPDATE `user_registration` SET left_downlines = left_downlines+1
WHERE `user_id` = 'XX3T74';
UPDATE `user_registration` SET total_downlines = total_downlines+1
WHERE `user_id` = 'GPRO3Q';
UPDATE `user_registration` SET left_downlines = left_downlines+1
WHERE `user_id` = 'GPRO3Q';
UPDATE `user_registration` SET left_ref_count = left_ref_count+1
WHERE `user_id` = 'GPRO3Q';
UPDATE `user_registration` SET active_left = active_left+1
WHERE `user_id` = 'GPRO3Q';
UPDATE `user_registration` SET total_downlines = total_downlines+1
WHERE `user_id` = 'MBPRQB';
UPDATE `user_registration` SET right_downlines = right_downlines+1
WHERE `user_id` = 'MBPRQB';
UPDATE `user_registration` SET total_downlines = total_downlines+1
WHERE `user_id` = 'X1RH6U';
UPDATE `user_registration` SET right_downlines = right_downlines+1
WHERE `user_id` = 'X1RH6U';
UPDATE `user_registration` SET total_downlines = total_downlines+1
WHERE `user_id` = 'HHALCM';
UPDATE `user_registration` SET right_downlines = right_downlines+1
WHERE `user_id` = 'HHALCM';
UPDATE `user_registration` SET total_downlines = total_downlines+1
WHERE `user_id` = '7WQBA7';
UPDATE `user_registration` SET right_downlines = right_downlines+1
WHERE `user_id` = '7WQBA7';
UPDATE `user_registration` SET total_downlines = total_downlines+1
WHERE `user_id` = 'QPNZO1';
UPDATE `user_registration` SET right_downlines = right_downlines+1
WHERE `user_id` = 'QPNZO1';
UPDATE `user_registration` SET total_downlines = total_downlines+1
WHERE `user_id` = 'KCF78M';
UPDATE `user_registration` SET right_downlines = right_downlines+1
WHERE `user_id` = 'KCF78M';
UPDATE `user_registration` SET total_downlines = total_downlines+1
WHERE `user_id` = '7RY1ZP';
UPDATE `user_registration` SET right_downlines = right_downlines+1
WHERE `user_id` = '7RY1ZP';
UPDATE `user_registration` SET total_downlines = total_downlines+1
WHERE `user_id` = 'ADZTOG';
UPDATE `user_registration` SET right_downlines = right_downlines+1
WHERE `user_id` = 'ADZTOG';
UPDATE `user_registration` SET total_downlines = total_downlines+1
WHERE `user_id` = 'A9858P';
UPDATE `user_registration` SET right_downlines = right_downlines+1
WHERE `user_id` = 'A9858P';
UPDATE `user_registration` SET total_downlines = total_downlines+1
WHERE `user_id` = 'admin';
UPDATE `user_registration` SET right_downlines = right_downlines+1
WHERE `user_id` = 'admin';
INSERT INTO `investment` (`invest_date`, `user_id`, `type`, `amount`, `package_id`) VALUES ('2024-10-02 07:20:40', 'SY3INH', 'register', '595', '2');
INSERT INTO `earnings` (`user_id`, `Purchaser_id`, `earning_type`, `package_id`, `amount`, `date`, `comments`, `invest_amount`, `comm_perc`, `level`, `rank_id`, `order_id`) VALUES ('GPRO3Q', 'SY3INH', 'Direct Referral Bonus', '2', '100', '2024-10-02 07:20:40', 'Direct Referral Bonus', 0, 0, 1, '', 347);
UPDATE `user_registration` SET commission_balance = ROUND(commission_balance + 100,2)
WHERE `user_id` = 'GPRO3Q';
UPDATE `user_registration` SET referral_bonus = ROUND(referral_bonus + 100,2)
WHERE `user_id` = 'GPRO3Q';
INSERT INTO `earnings` (`user_id`, `Purchaser_id`, `earning_type`, `package_id`, `amount`, `date`, `comments`, `invest_amount`, `comm_perc`, `level`, `rank_id`, `order_id`) VALUES ('ADZTOG', 'SY3INH', 'Expansion Bonus', '2', 100, '2024-10-02 07:20:40', 'Expansion Bonus', '100', 0, 1, '', 347);
UPDATE `user_registration` SET commission_balance = ROUND(commission_balance + 100,2)
WHERE `user_id` = 'ADZTOG';
UPDATE `user_registration` SET expansion_bonus = ROUND(expansion_bonus + 100,2)
WHERE `user_id` = 'ADZTOG';
INSERT INTO `earnings` (`user_id`, `Purchaser_id`, `earning_type`, `package_id`, `amount`, `date`, `comments`, `invest_amount`, `comm_perc`, `level`, `rank_id`, `order_id`) VALUES ('A9858P', 'SY3INH', 'Expansion Bonus', '2', 100, '2024-10-02 07:20:40', 'Expansion Bonus', 200, 0, 1, '', 347);
UPDATE `user_registration` SET commission_balance = ROUND(commission_balance + 100,2)
WHERE `user_id` = 'A9858P';
UPDATE `user_registration` SET expansion_bonus = ROUND(expansion_bonus + 100,2)
WHERE `user_id` = 'A9858P';
INSERT INTO `matrix_filling` (`placement_id`, `downline_id`, `level`, `matrix`) VALUES ('ONUJ59', 'SY3INH', 1, 1);
UPDATE `bv_updation` SET left_carry = left_carry+50, total_left = total_left+50
WHERE `user_id` = 'ONUJ59';
INSERT INTO `placement_bv_update_history` (`left_carry`, `date`, `from_id`, `user_id`) VALUES ('50', '2024-10-02 07:20:40', 'SY3INH', 'ONUJ59');
INSERT INTO `matrix_filling` (`placement_id`, `downline_id`, `level`, `matrix`) VALUES ('XJNBTV', 'SY3INH', 2, 1);
UPDATE `bv_updation` SET left_carry = left_carry+50, total_left = total_left+50
WHERE `user_id` = 'XJNBTV';
INSERT INTO `placement_bv_update_history` (`left_carry`, `date`, `from_id`, `user_id`) VALUES ('50', '2024-10-02 07:20:40', 'SY3INH', 'XJNBTV');
INSERT INTO `matrix_filling` (`placement_id`, `downline_id`, `level`, `matrix`) VALUES ('UM7JJL', 'SY3INH', 3, 1);
UPDATE `bv_updation` SET left_carry = left_carry+50, total_left = total_left+50
WHERE `user_id` = 'UM7JJL';
INSERT INTO `placement_bv_update_history` (`left_carry`, `date`, `from_id`, `user_id`) VALUES ('50', '2024-10-02 07:20:40', 'SY3INH', 'UM7JJL');
INSERT INTO `matrix_filling` (`placement_id`, `downline_id`, `level`, `matrix`) VALUES ('9AKTZ1', 'SY3INH', 4, 1);
UPDATE `bv_updation` SET left_carry = left_carry+50, total_left = total_left+50
WHERE `user_id` = '9AKTZ1';
INSERT INTO `placement_bv_update_history` (`left_carry`, `date`, `from_id`, `user_id`) VALUES ('50', '2024-10-02 07:20:40', 'SY3INH', '9AKTZ1');
INSERT INTO `matrix_filling` (`placement_id`, `downline_id`, `level`, `matrix`) VALUES ('X94X61', 'SY3INH', 5, 1);
UPDATE `bv_updation` SET left_carry = left_carry+50, total_left = total_left+50
WHERE `user_id` = 'X94X61';
INSERT INTO `placement_bv_update_history` (`left_carry`, `date`, `from_id`, `user_id`) VALUES ('50', '2024-10-02 07:20:40', 'SY3INH', 'X94X61');
INSERT INTO `matrix_filling` (`placement_id`, `downline_id`, `level`, `matrix`) VALUES ('K9JWBF', 'SY3INH', 6, 1);
UPDATE `bv_updation` SET left_carry = left_carry+50, total_left = total_left+50
WHERE `user_id` = 'K9JWBF';
INSERT INTO `placement_bv_update_history` (`left_carry`, `date`, `from_id`, `user_id`) VALUES ('50', '2024-10-02 07:20:40', 'SY3INH', 'K9JWBF');
INSERT INTO `matrix_filling` (`placement_id`, `downline_id`, `level`, `matrix`) VALUES ('WZ9EE2', 'SY3INH', 7, 1);
UPDATE `bv_updation` SET left_carry = left_carry+50, total_left = total_left+50
WHERE `user_id` = 'WZ9EE2';
INSERT INTO `placement_bv_update_history` (`left_carry`, `date`, `from_id`, `user_id`) VALUES ('50', '2024-10-02 07:20:40', 'SY3INH', 'WZ9EE2');
INSERT INTO `matrix_filling` (`placement_id`, `downline_id`, `level`, `matrix`) VALUES ('I3GVQJ', 'SY3INH', 8, 1);
UPDATE `bv_updation` SET left_carry = left_carry+50, total_left = total_left+50
WHERE `user_id` = 'I3GVQJ';
INSERT INTO `placement_bv_update_history` (`left_carry`, `date`, `from_id`, `user_id`) VALUES ('50', '2024-10-02 07:20:40', 'SY3INH', 'I3GVQJ');
INSERT INTO `matrix_filling` (`placement_id`, `downline_id`, `level`, `matrix`) VALUES ('8MFJJY', 'SY3INH', 9, 1);
UPDATE `bv_updation` SET left_carry = left_carry+50, total_left = total_left+50
WHERE `user_id` = '8MFJJY';
INSERT INTO `placement_bv_update_history` (`left_carry`, `date`, `from_id`, `user_id`) VALUES ('50', '2024-10-02 07:20:40', 'SY3INH', '8MFJJY');
INSERT INTO `matrix_filling` (`placement_id`, `downline_id`, `level`, `matrix`) VALUES ('XX3T74', 'SY3INH', 10, 1);
UPDATE `bv_updation` SET left_carry = left_carry+50, total_left = total_left+50
WHERE `user_id` = 'XX3T74';
INSERT INTO `placement_bv_update_history` (`left_carry`, `date`, `from_id`, `user_id`) VALUES ('50', '2024-10-02 07:20:40', 'SY3INH', 'XX3T74');
INSERT INTO `matrix_filling` (`placement_id`, `downline_id`, `level`, `matrix`) VALUES ('GPRO3Q', 'SY3INH', 11, 1);
UPDATE `bv_updation` SET left_carry = left_carry+50, total_left = total_left+50
WHERE `user_id` = 'GPRO3Q';
INSERT INTO `placement_bv_update_history` (`left_carry`, `date`, `from_id`, `user_id`) VALUES ('50', '2024-10-02 07:20:40', 'SY3INH', 'GPRO3Q');
UPDATE `bv_updation` SET sponsor_left_carry = sponsor_left_carry+50, sponsor_total_left = sponsor_total_left+50
WHERE `user_id` = 'GPRO3Q';
INSERT INTO `sponsor_bv_update_history` (`left_carry`, `date`, `user_id`) VALUES ('50', '2024-10-02 07:20:40', 'GPRO3Q');
INSERT INTO `matrix_filling` (`placement_id`, `downline_id`, `level`, `matrix`) VALUES ('MBPRQB', 'SY3INH', 12, 1);
UPDATE `bv_updation` SET right_carry = right_carry+50, total_right = total_right+50
WHERE `user_id` = 'MBPRQB';
INSERT INTO `placement_bv_update_history` (`right_carry`, `date`, `from_id`, `user_id`) VALUES ('50', '2024-10-02 07:20:40', 'SY3INH', 'MBPRQB');
INSERT INTO `matrix_filling` (`placement_id`, `downline_id`, `level`, `matrix`) VALUES ('X1RH6U', 'SY3INH', 13, 1);
UPDATE `bv_updation` SET right_carry = right_carry+50, total_right = total_right+50
WHERE `user_id` = 'X1RH6U';
INSERT INTO `placement_bv_update_history` (`right_carry`, `date`, `from_id`, `user_id`) VALUES ('50', '2024-10-02 07:20:40', 'SY3INH', 'X1RH6U');
INSERT INTO `matrix_filling` (`placement_id`, `downline_id`, `level`, `matrix`) VALUES ('HHALCM', 'SY3INH', 14, 1);
UPDATE `bv_updation` SET right_carry = right_carry+50, total_right = total_right+50
WHERE `user_id` = 'HHALCM';
INSERT INTO `placement_bv_update_history` (`right_carry`, `date`, `from_id`, `user_id`) VALUES ('50', '2024-10-02 07:20:40', 'SY3INH', 'HHALCM');
INSERT INTO `matrix_filling` (`placement_id`, `downline_id`, `level`, `matrix`) VALUES ('7WQBA7', 'SY3INH', 15, 1);
UPDATE `bv_updation` SET right_carry = right_carry+50, total_right = total_right+50
WHERE `user_id` = '7WQBA7';
INSERT INTO `placement_bv_update_history` (`right_carry`, `date`, `from_id`, `user_id`) VALUES ('50', '2024-10-02 07:20:40', 'SY3INH', '7WQBA7');
INSERT INTO `matrix_filling` (`placement_id`, `downline_id`, `level`, `matrix`) VALUES ('QPNZO1', 'SY3INH', 16, 1);
UPDATE `bv_updation` SET right_carry = right_carry+50, total_right = total_right+50
WHERE `user_id` = 'QPNZO1';
INSERT INTO `placement_bv_update_history` (`right_carry`, `date`, `from_id`, `user_id`) VALUES ('50', '2024-10-02 07:20:40', 'SY3INH', 'QPNZO1');
INSERT INTO `matrix_filling` (`placement_id`, `downline_id`, `level`, `matrix`) VALUES ('KCF78M', 'SY3INH', 17, 1);
UPDATE `bv_updation` SET right_carry = right_carry+50, total_right = total_right+50
WHERE `user_id` = 'KCF78M';
INSERT INTO `placement_bv_update_history` (`right_carry`, `date`, `from_id`, `user_id`) VALUES ('50', '2024-10-02 07:20:40', 'SY3INH', 'KCF78M');
INSERT INTO `matrix_filling` (`placement_id`, `downline_id`, `level`, `matrix`) VALUES ('7RY1ZP', 'SY3INH', 18, 1);
UPDATE `bv_updation` SET right_carry = right_carry+50, total_right = total_right+50
WHERE `user_id` = '7RY1ZP';
INSERT INTO `placement_bv_update_history` (`right_carry`, `date`, `from_id`, `user_id`) VALUES ('50', '2024-10-02 07:20:40', 'SY3INH', '7RY1ZP');
INSERT INTO `matrix_filling` (`placement_id`, `downline_id`, `level`, `matrix`) VALUES ('ADZTOG', 'SY3INH', 19, 1);
UPDATE `bv_updation` SET right_carry = right_carry+50, total_right = total_right+50
WHERE `user_id` = 'ADZTOG';
INSERT INTO `placement_bv_update_history` (`right_carry`, `date`, `from_id`, `user_id`) VALUES ('50', '2024-10-02 07:20:40', 'SY3INH', 'ADZTOG');
INSERT INTO `matrix_filling` (`placement_id`, `downline_id`, `level`, `matrix`) VALUES ('A9858P', 'SY3INH', 20, 1);
UPDATE `bv_updation` SET right_carry = right_carry+50, total_right = total_right+50
WHERE `user_id` = 'A9858P';
INSERT INTO `placement_bv_update_history` (`right_carry`, `date`, `from_id`, `user_id`) VALUES ('50', '2024-10-02 07:20:40', 'SY3INH', 'A9858P');
INSERT INTO `matrix_filling` (`placement_id`, `downline_id`, `level`, `matrix`) VALUES ('admin', 'SY3INH', 21, 1);
UPDATE `bv_updation` SET right_carry = right_carry+50, total_right = total_right+50
WHERE `user_id` = 'admin';
INSERT INTO `placement_bv_update_history` (`right_carry`, `date`, `from_id`, `user_id`) VALUES ('50', '2024-10-02 07:20:40', 'SY3INH', 'admin');
INSERT INTO `package_purchase_history` (`user_id`, `package_id`, `reg_fee`, `package_name`, `monthly_fee`, `type`, `date`, `payment_option`) VALUES ('SY3INH', '2', '595', 'Traveler Pro', '150', 'sign_up', '2024-10-02 07:20:40', 'free');
UPDATE `user_registration` SET `uid` = '2700', `user_id` = '156ZK4', `username` = 'luna1', `sponsor_id` = 'GPRO3Q', `vacant` = 'no', `f_name` = 'Luna', `l_name` = 'Santa', `address` = '6520 Kendale Lakes Dr', `position` = 'left', `email` = 'luna1@gmail.com', `password` = 'd73159014bc78c311fc26f72d00fa050', `phone` = '3057610606', `country` = 'United States', `state` = 'Florida', `city` = 'Miami', `street` = '6520 Kendale Lakes Dr', `zip_code` = '33183', `reg_ip` = '108.162.210.220', `status` = 1, `package_id` = '2', `rank_id` = 1, `highest_rank` = 1, `cycle_rank_id` = 1, `created` = '2024-10-02 07:21:59', `subscription_date` = '2024-11-01', `google_secret` = 'H4FVUE363JSLSEMA'
WHERE `uid` = '2700';
INSERT INTO `user_registration` (`uid`, `user_id`, `username`, `sponsor_id`, `placement_id`, `vacant`, `f_name`, `l_name`, `address`, `position`, `email`, `password`, `phone`, `reg_ip`, `status`, `created`) VALUES (NULL, 'BZNKAW', 'FOOKtGmo', '156ZK4', '156ZK4', 'yes', '', '', '', 'left', '@mail.com', '', '', '', 0, '2024-10-02 07:21:59');
INSERT INTO `user_registration` (`uid`, `user_id`, `username`, `sponsor_id`, `placement_id`, `vacant`, `f_name`, `l_name`, `address`, `position`, `email`, `password`, `phone`, `reg_ip`, `status`, `created`) VALUES (NULL, 'ULDNFS', 'QcLEiQRl', '156ZK4', '156ZK4', 'yes', '', '', '', 'right', '@mail.com', '', '', '', 0, '2024-10-02 07:21:59');
INSERT INTO `bv_updation` (`user_id`) VALUES ('156ZK4');
UPDATE `user_registration` SET total_ref_count = total_ref_count+1
WHERE `user_id` = 'GPRO3Q';
UPDATE `user_registration` SET total_downlines = total_downlines+1
WHERE `user_id` = 'SY3INH';
UPDATE `user_registration` SET left_downlines = left_downlines+1
WHERE `user_id` = 'SY3INH';
UPDATE `user_registration` SET total_downlines = total_downlines+1
WHERE `user_id` = 'ONUJ59';
UPDATE `user_registration` SET left_downlines = left_downlines+1
WHERE `user_id` = 'ONUJ59';
UPDATE `user_registration` SET total_downlines = total_downlines+1
WHERE `user_id` = 'XJNBTV';
UPDATE `user_registration` SET left_downlines = left_downlines+1
WHERE `user_id` = 'XJNBTV';
UPDATE `user_registration` SET total_downlines = total_downlines+1
WHERE `user_id` = 'UM7JJL';
UPDATE `user_registration` SET left_downlines = left_downlines+1
WHERE `user_id` = 'UM7JJL';
UPDATE `user_registration` SET total_downlines = total_downlines+1
WHERE `user_id` = '9AKTZ1';
UPDATE `user_registration` SET left_downlines = left_downlines+1
WHERE `user_id` = '9AKTZ1';
UPDATE `user_registration` SET total_downlines = total_downlines+1
WHERE `user_id` = 'X94X61';
UPDATE `user_registration` SET left_downlines = left_downlines+1
WHERE `user_id` = 'X94X61';
UPDATE `user_registration` SET total_downlines = total_downlines+1
WHERE `user_id` = 'K9JWBF';
UPDATE `user_registration` SET left_downlines = left_downlines+1
WHERE `user_id` = 'K9JWBF';
UPDATE `user_registration` SET total_downlines = total_downlines+1
WHERE `user_id` = 'WZ9EE2';
UPDATE `user_registration` SET left_downlines = left_downlines+1
WHERE `user_id` = 'WZ9EE2';
UPDATE `user_registration` SET total_downlines = total_downlines+1
WHERE `user_id` = 'I3GVQJ';
UPDATE `user_registration` SET left_downlines = left_downlines+1
WHERE `user_id` = 'I3GVQJ';
UPDATE `user_registration` SET total_downlines = total_downlines+1
WHERE `user_id` = '8MFJJY';
UPDATE `user_registration` SET left_downlines = left_downlines+1
WHERE `user_id` = '8MFJJY';
UPDATE `user_registration` SET total_downlines = total_downlines+1
WHERE `user_id` = 'XX3T74';
UPDATE `user_registration` SET left_downlines = left_downlines+1
WHERE `user_id` = 'XX3T74';
UPDATE `user_registration` SET total_downlines = total_downlines+1
WHERE `user_id` = 'GPRO3Q';
UPDATE `user_registration` SET left_downlines = left_downlines+1
WHERE `user_id` = 'GPRO3Q';
UPDATE `user_registration` SET left_ref_count = left_ref_count+1
WHERE `user_id` = 'GPRO3Q';
UPDATE `user_registration` SET active_left = active_left+1
WHERE `user_id` = 'GPRO3Q';
UPDATE `user_registration` SET total_downlines = total_downlines+1
WHERE `user_id` = 'MBPRQB';
UPDATE `user_registration` SET right_downlines = right_downlines+1
WHERE `user_id` = 'MBPRQB';
UPDATE `user_registration` SET total_downlines = total_downlines+1
WHERE `user_id` = 'X1RH6U';
UPDATE `user_registration` SET right_downlines = right_downlines+1
WHERE `user_id` = 'X1RH6U';
UPDATE `user_registration` SET total_downlines = total_downlines+1
WHERE `user_id` = 'HHALCM';
UPDATE `user_registration` SET right_downlines = right_downlines+1
WHERE `user_id` = 'HHALCM';
UPDATE `user_registration` SET total_downlines = total_downlines+1
WHERE `user_id` = '7WQBA7';
UPDATE `user_registration` SET right_downlines = right_downlines+1
WHERE `user_id` = '7WQBA7';
UPDATE `user_registration` SET total_downlines = total_downlines+1
WHERE `user_id` = 'QPNZO1';
UPDATE `user_registration` SET right_downlines = right_downlines+1
WHERE `user_id` = 'QPNZO1';
UPDATE `user_registration` SET total_downlines = total_downlines+1
WHERE `user_id` = 'KCF78M';
UPDATE `user_registration` SET right_downlines = right_downlines+1
WHERE `user_id` = 'KCF78M';
UPDATE `user_registration` SET total_downlines = total_downlines+1
WHERE `user_id` = '7RY1ZP';
UPDATE `user_registration` SET right_downlines = right_downlines+1
WHERE `user_id` = '7RY1ZP';
UPDATE `user_registration` SET total_downlines = total_downlines+1
WHERE `user_id` = 'ADZTOG';
UPDATE `user_registration` SET right_downlines = right_downlines+1
WHERE `user_id` = 'ADZTOG';
UPDATE `user_registration` SET total_downlines = total_downlines+1
WHERE `user_id` = 'A9858P';
UPDATE `user_registration` SET right_downlines = right_downlines+1
WHERE `user_id` = 'A9858P';
UPDATE `user_registration` SET total_downlines = total_downlines+1
WHERE `user_id` = 'admin';
UPDATE `user_registration` SET right_downlines = right_downlines+1
WHERE `user_id` = 'admin';
INSERT INTO `investment` (`invest_date`, `user_id`, `type`, `amount`, `package_id`) VALUES ('2024-10-02 07:22:00', '156ZK4', 'register', '595', '2');
INSERT INTO `earnings` (`user_id`, `Purchaser_id`, `earning_type`, `package_id`, `amount`, `date`, `comments`, `invest_amount`, `comm_perc`, `level`, `rank_id`, `order_id`) VALUES ('GPRO3Q', '156ZK4', 'Direct Referral Bonus', '2', '100', '2024-10-02 07:22:00', 'Direct Referral Bonus', 0, 0, 1, '', 348);
UPDATE `user_registration` SET commission_balance = ROUND(commission_balance + 100,2)
WHERE `user_id` = 'GPRO3Q';
UPDATE `user_registration` SET referral_bonus = ROUND(referral_bonus + 100,2)
WHERE `user_id` = 'GPRO3Q';
INSERT INTO `earnings` (`user_id`, `Purchaser_id`, `earning_type`, `package_id`, `amount`, `date`, `comments`, `invest_amount`, `comm_perc`, `level`, `rank_id`, `order_id`) VALUES ('ADZTOG', '156ZK4', 'Expansion Bonus', '2', 100, '2024-10-02 07:22:00', 'Expansion Bonus', '100', 0, 1, '', 348);
UPDATE `user_registration` SET commission_balance = ROUND(commission_balance + 100,2)
WHERE `user_id` = 'ADZTOG';
UPDATE `user_registration` SET expansion_bonus = ROUND(expansion_bonus + 100,2)
WHERE `user_id` = 'ADZTOG';
INSERT INTO `earnings` (`user_id`, `Purchaser_id`, `earning_type`, `package_id`, `amount`, `date`, `comments`, `invest_amount`, `comm_perc`, `level`, `rank_id`, `order_id`) VALUES ('A9858P', '156ZK4', 'Expansion Bonus', '2', 100, '2024-10-02 07:22:00', 'Expansion Bonus', 200, 0, 1, '', 348);
UPDATE `user_registration` SET commission_balance = ROUND(commission_balance + 100,2)
WHERE `user_id` = 'A9858P';
UPDATE `user_registration` SET expansion_bonus = ROUND(expansion_bonus + 100,2)
WHERE `user_id` = 'A9858P';
INSERT INTO `matrix_filling` (`placement_id`, `downline_id`, `level`, `matrix`) VALUES ('SY3INH', '156ZK4', 1, 1);
UPDATE `bv_updation` SET left_carry = left_carry+50, total_left = total_left+50
WHERE `user_id` = 'SY3INH';
INSERT INTO `placement_bv_update_history` (`left_carry`, `date`, `from_id`, `user_id`) VALUES ('50', '2024-10-02 07:22:00', '156ZK4', 'SY3INH');
INSERT INTO `matrix_filling` (`placement_id`, `downline_id`, `level`, `matrix`) VALUES ('ONUJ59', '156ZK4', 2, 1);
UPDATE `bv_updation` SET left_carry = left_carry+50, total_left = total_left+50
WHERE `user_id` = 'ONUJ59';
INSERT INTO `placement_bv_update_history` (`left_carry`, `date`, `from_id`, `user_id`) VALUES ('50', '2024-10-02 07:22:00', '156ZK4', 'ONUJ59');
INSERT INTO `matrix_filling` (`placement_id`, `downline_id`, `level`, `matrix`) VALUES ('XJNBTV', '156ZK4', 3, 1);
UPDATE `bv_updation` SET left_carry = left_carry+50, total_left = total_left+50
WHERE `user_id` = 'XJNBTV';
INSERT INTO `placement_bv_update_history` (`left_carry`, `date`, `from_id`, `user_id`) VALUES ('50', '2024-10-02 07:22:00', '156ZK4', 'XJNBTV');
INSERT INTO `matrix_filling` (`placement_id`, `downline_id`, `level`, `matrix`) VALUES ('UM7JJL', '156ZK4', 4, 1);
UPDATE `bv_updation` SET left_carry = left_carry+50, total_left = total_left+50
WHERE `user_id` = 'UM7JJL';
INSERT INTO `placement_bv_update_history` (`left_carry`, `date`, `from_id`, `user_id`) VALUES ('50', '2024-10-02 07:22:00', '156ZK4', 'UM7JJL');
INSERT INTO `matrix_filling` (`placement_id`, `downline_id`, `level`, `matrix`) VALUES ('9AKTZ1', '156ZK4', 5, 1);
UPDATE `bv_updation` SET left_carry = left_carry+50, total_left = total_left+50
WHERE `user_id` = '9AKTZ1';
INSERT INTO `placement_bv_update_history` (`left_carry`, `date`, `from_id`, `user_id`) VALUES ('50', '2024-10-02 07:22:00', '156ZK4', '9AKTZ1');
INSERT INTO `matrix_filling` (`placement_id`, `downline_id`, `level`, `matrix`) VALUES ('X94X61', '156ZK4', 6, 1);
UPDATE `bv_updation` SET left_carry = left_carry+50, total_left = total_left+50
WHERE `user_id` = 'X94X61';
INSERT INTO `placement_bv_update_history` (`left_carry`, `date`, `from_id`, `user_id`) VALUES ('50', '2024-10-02 07:22:00', '156ZK4', 'X94X61');
INSERT INTO `matrix_filling` (`placement_id`, `downline_id`, `level`, `matrix`) VALUES ('K9JWBF', '156ZK4', 7, 1);
UPDATE `bv_updation` SET left_carry = left_carry+50, total_left = total_left+50
WHERE `user_id` = 'K9JWBF';
INSERT INTO `placement_bv_update_history` (`left_carry`, `date`, `from_id`, `user_id`) VALUES ('50', '2024-10-02 07:22:00', '156ZK4', 'K9JWBF');
INSERT INTO `matrix_filling` (`placement_id`, `downline_id`, `level`, `matrix`) VALUES ('WZ9EE2', '156ZK4', 8, 1);
UPDATE `bv_updation` SET left_carry = left_carry+50, total_left = total_left+50
WHERE `user_id` = 'WZ9EE2';
INSERT INTO `placement_bv_update_history` (`left_carry`, `date`, `from_id`, `user_id`) VALUES ('50', '2024-10-02 07:22:00', '156ZK4', 'WZ9EE2');
INSERT INTO `matrix_filling` (`placement_id`, `downline_id`, `level`, `matrix`) VALUES ('I3GVQJ', '156ZK4', 9, 1);
UPDATE `bv_updation` SET left_carry = left_carry+50, total_left = total_left+50
WHERE `user_id` = 'I3GVQJ';
INSERT INTO `placement_bv_update_history` (`left_carry`, `date`, `from_id`, `user_id`) VALUES ('50', '2024-10-02 07:22:00', '156ZK4', 'I3GVQJ');
INSERT INTO `matrix_filling` (`placement_id`, `downline_id`, `level`, `matrix`) VALUES ('8MFJJY', '156ZK4', 10, 1);
UPDATE `bv_updation` SET left_carry = left_carry+50, total_left = total_left+50
WHERE `user_id` = '8MFJJY';
INSERT INTO `placement_bv_update_history` (`left_carry`, `date`, `from_id`, `user_id`) VALUES ('50', '2024-10-02 07:22:00', '156ZK4', '8MFJJY');
INSERT INTO `matrix_filling` (`placement_id`, `downline_id`, `level`, `matrix`) VALUES ('XX3T74', '156ZK4', 11, 1);
UPDATE `bv_updation` SET left_carry = left_carry+50, total_left = total_left+50
WHERE `user_id` = 'XX3T74';
INSERT INTO `placement_bv_update_history` (`left_carry`, `date`, `from_id`, `user_id`) VALUES ('50', '2024-10-02 07:22:00', '156ZK4', 'XX3T74');
INSERT INTO `matrix_filling` (`placement_id`, `downline_id`, `level`, `matrix`) VALUES ('GPRO3Q', '156ZK4', 12, 1);
UPDATE `bv_updation` SET left_carry = left_carry+50, total_left = total_left+50
WHERE `user_id` = 'GPRO3Q';
INSERT INTO `placement_bv_update_history` (`left_carry`, `date`, `from_id`, `user_id`) VALUES ('50', '2024-10-02 07:22:00', '156ZK4', 'GPRO3Q');
UPDATE `bv_updation` SET sponsor_left_carry = sponsor_left_carry+50, sponsor_total_left = sponsor_total_left+50
WHERE `user_id` = 'GPRO3Q';
INSERT INTO `sponsor_bv_update_history` (`left_carry`, `date`, `user_id`) VALUES ('50', '2024-10-02 07:22:00', 'GPRO3Q');
INSERT INTO `matrix_filling` (`placement_id`, `downline_id`, `level`, `matrix`) VALUES ('MBPRQB', '156ZK4', 13, 1);
UPDATE `bv_updation` SET right_carry = right_carry+50, total_right = total_right+50
WHERE `user_id` = 'MBPRQB';
INSERT INTO `placement_bv_update_history` (`right_carry`, `date`, `from_id`, `user_id`) VALUES ('50', '2024-10-02 07:22:00', '156ZK4', 'MBPRQB');
INSERT INTO `matrix_filling` (`placement_id`, `downline_id`, `level`, `matrix`) VALUES ('X1RH6U', '156ZK4', 14, 1);
UPDATE `bv_updation` SET right_carry = right_carry+50, total_right = total_right+50
WHERE `user_id` = 'X1RH6U';
INSERT INTO `placement_bv_update_history` (`right_carry`, `date`, `from_id`, `user_id`) VALUES ('50', '2024-10-02 07:22:00', '156ZK4', 'X1RH6U');
INSERT INTO `matrix_filling` (`placement_id`, `downline_id`, `level`, `matrix`) VALUES ('HHALCM', '156ZK4', 15, 1);
UPDATE `bv_updation` SET right_carry = right_carry+50, total_right = total_right+50
WHERE `user_id` = 'HHALCM';
INSERT INTO `placement_bv_update_history` (`right_carry`, `date`, `from_id`, `user_id`) VALUES ('50', '2024-10-02 07:22:00', '156ZK4', 'HHALCM');
INSERT INTO `matrix_filling` (`placement_id`, `downline_id`, `level`, `matrix`) VALUES ('7WQBA7', '156ZK4', 16, 1);
UPDATE `bv_updation` SET right_carry = right_carry+50, total_right = total_right+50
WHERE `user_id` = '7WQBA7';
INSERT INTO `placement_bv_update_history` (`right_carry`, `date`, `from_id`, `user_id`) VALUES ('50', '2024-10-02 07:22:00', '156ZK4', '7WQBA7');
INSERT INTO `matrix_filling` (`placement_id`, `downline_id`, `level`, `matrix`) VALUES ('QPNZO1', '156ZK4', 17, 1);
UPDATE `bv_updation` SET right_carry = right_carry+50, total_right = total_right+50
WHERE `user_id` = 'QPNZO1';
INSERT INTO `placement_bv_update_history` (`right_carry`, `date`, `from_id`, `user_id`) VALUES ('50', '2024-10-02 07:22:00', '156ZK4', 'QPNZO1');
INSERT INTO `matrix_filling` (`placement_id`, `downline_id`, `level`, `matrix`) VALUES ('KCF78M', '156ZK4', 18, 1);
UPDATE `bv_updation` SET right_carry = right_carry+50, total_right = total_right+50
WHERE `user_id` = 'KCF78M';
INSERT INTO `placement_bv_update_history` (`right_carry`, `date`, `from_id`, `user_id`) VALUES ('50', '2024-10-02 07:22:00', '156ZK4', 'KCF78M');
INSERT INTO `matrix_filling` (`placement_id`, `downline_id`, `level`, `matrix`) VALUES ('7RY1ZP', '156ZK4', 19, 1);
UPDATE `bv_updation` SET right_carry = right_carry+50, total_right = total_right+50
WHERE `user_id` = '7RY1ZP';
INSERT INTO `placement_bv_update_history` (`right_carry`, `date`, `from_id`, `user_id`) VALUES ('50', '2024-10-02 07:22:00', '156ZK4', '7RY1ZP');
INSERT INTO `matrix_filling` (`placement_id`, `downline_id`, `level`, `matrix`) VALUES ('ADZTOG', '156ZK4', 20, 1);
UPDATE `bv_updation` SET right_carry = right_carry+50, total_right = total_right+50
WHERE `user_id` = 'ADZTOG';
INSERT INTO `placement_bv_update_history` (`right_carry`, `date`, `from_id`, `user_id`) VALUES ('50', '2024-10-02 07:22:00', '156ZK4', 'ADZTOG');
INSERT INTO `matrix_filling` (`placement_id`, `downline_id`, `level`, `matrix`) VALUES ('A9858P', '156ZK4', 21, 1);
UPDATE `bv_updation` SET right_carry = right_carry+50, total_right = total_right+50
WHERE `user_id` = 'A9858P';
INSERT INTO `placement_bv_update_history` (`right_carry`, `date`, `from_id`, `user_id`) VALUES ('50', '2024-10-02 07:22:00', '156ZK4', 'A9858P');
INSERT INTO `matrix_filling` (`placement_id`, `downline_id`, `level`, `matrix`) VALUES ('admin', '156ZK4', 22, 1);
UPDATE `bv_updation` SET right_carry = right_carry+50, total_right = total_right+50
WHERE `user_id` = 'admin';
INSERT INTO `placement_bv_update_history` (`right_carry`, `date`, `from_id`, `user_id`) VALUES ('50', '2024-10-02 07:22:00', '156ZK4', 'admin');
INSERT INTO `package_purchase_history` (`user_id`, `package_id`, `reg_fee`, `package_name`, `monthly_fee`, `type`, `date`, `payment_option`) VALUES ('156ZK4', '2', '595', 'Traveler Pro', '150', 'sign_up', '2024-10-02 07:22:00', 'free');
UPDATE `ci_sessions` SET `timestamp` = 1727871808, `data` = '__ci_last_regenerate|i:1727871808;id|s:4:\"2053\";user_id|s:6:\"GPRO3Q\";username|s:6:\"nelia1\";sponsor_id|s:6:\"ADZTOG\";fullname|s:16:\"Nelia  Dominguez\";email|s:16:\"nelia1@gmail.com\";phone|s:10:\"3057610606\";isLogIn|b:1;'
WHERE `id` = '2ea362fb4ccc1bcccf4f015a6eb20fdd679a9585';
UPDATE `user_registration` SET `uid` = '2702', `user_id` = 'X7SNKX', `username` = 'isabelita1', `sponsor_id` = 'GPRO3Q', `vacant` = 'no', `f_name` = 'Isabel', `l_name` = 'Mena', `address` = '6520 Kendale Lakes Dr', `position` = 'left', `email` = 'isabelita1@gmail.com', `password` = '991863809b1fe0a5c727165ed94e89c6', `phone` = '3057610606', `country` = 'United States', `state` = 'Florida', `city` = 'Miami', `street` = '6520 Kendale Lakes Dr', `zip_code` = '33183', `reg_ip` = '172.70.83.3', `status` = 1, `package_id` = '2', `rank_id` = 1, `highest_rank` = 1, `cycle_rank_id` = 1, `created` = '2024-10-02 07:23:28', `subscription_date` = '2024-11-01', `google_secret` = 'PDWXZWKDK53FFDCW'
WHERE `uid` = '2702';
INSERT INTO `user_registration` (`uid`, `user_id`, `username`, `sponsor_id`, `placement_id`, `vacant`, `f_name`, `l_name`, `address`, `position`, `email`, `password`, `phone`, `reg_ip`, `status`, `created`) VALUES (NULL, 'ZHXKLT', 'ZEuVoiaD', 'X7SNKX', 'X7SNKX', 'yes', '', '', '', 'left', '@mail.com', '', '', '', 0, '2024-10-02 07:23:28');
INSERT INTO `user_registration` (`uid`, `user_id`, `username`, `sponsor_id`, `placement_id`, `vacant`, `f_name`, `l_name`, `address`, `position`, `email`, `password`, `phone`, `reg_ip`, `status`, `created`) VALUES (NULL, 'ZFXOHK', 'ZrJubixF', 'X7SNKX', 'X7SNKX', 'yes', '', '', '', 'right', '@mail.com', '', '', '', 0, '2024-10-02 07:23:28');
INSERT INTO `bv_updation` (`user_id`) VALUES ('X7SNKX');
UPDATE `user_registration` SET total_ref_count = total_ref_count+1
WHERE `user_id` = 'GPRO3Q';
UPDATE `user_registration` SET total_downlines = total_downlines+1
WHERE `user_id` = '156ZK4';
UPDATE `user_registration` SET left_downlines = left_downlines+1
WHERE `user_id` = '156ZK4';
UPDATE `user_registration` SET total_downlines = total_downlines+1
WHERE `user_id` = 'SY3INH';
UPDATE `user_registration` SET left_downlines = left_downlines+1
WHERE `user_id` = 'SY3INH';
UPDATE `user_registration` SET total_downlines = total_downlines+1
WHERE `user_id` = 'ONUJ59';
UPDATE `user_registration` SET left_downlines = left_downlines+1
WHERE `user_id` = 'ONUJ59';
UPDATE `user_registration` SET total_downlines = total_downlines+1
WHERE `user_id` = 'XJNBTV';
UPDATE `user_registration` SET left_downlines = left_downlines+1
WHERE `user_id` = 'XJNBTV';
UPDATE `user_registration` SET total_downlines = total_downlines+1
WHERE `user_id` = 'UM7JJL';
UPDATE `user_registration` SET left_downlines = left_downlines+1
WHERE `user_id` = 'UM7JJL';
UPDATE `user_registration` SET total_downlines = total_downlines+1
WHERE `user_id` = '9AKTZ1';
UPDATE `user_registration` SET left_downlines = left_downlines+1
WHERE `user_id` = '9AKTZ1';
UPDATE `user_registration` SET total_downlines = total_downlines+1
WHERE `user_id` = 'X94X61';
UPDATE `user_registration` SET left_downlines = left_downlines+1
WHERE `user_id` = 'X94X61';
UPDATE `user_registration` SET total_downlines = total_downlines+1
WHERE `user_id` = 'K9JWBF';
UPDATE `user_registration` SET left_downlines = left_downlines+1
WHERE `user_id` = 'K9JWBF';
UPDATE `user_registration` SET total_downlines = total_downlines+1
WHERE `user_id` = 'WZ9EE2';
UPDATE `user_registration` SET left_downlines = left_downlines+1
WHERE `user_id` = 'WZ9EE2';
UPDATE `user_registration` SET total_downlines = total_downlines+1
WHERE `user_id` = 'I3GVQJ';
UPDATE `user_registration` SET left_downlines = left_downlines+1
WHERE `user_id` = 'I3GVQJ';
UPDATE `user_registration` SET total_downlines = total_downlines+1
WHERE `user_id` = '8MFJJY';
UPDATE `user_registration` SET left_downlines = left_downlines+1
WHERE `user_id` = '8MFJJY';
UPDATE `user_registration` SET total_downlines = total_downlines+1
WHERE `user_id` = 'XX3T74';
UPDATE `user_registration` SET left_downlines = left_downlines+1
WHERE `user_id` = 'XX3T74';
UPDATE `user_registration` SET total_downlines = total_downlines+1
WHERE `user_id` = 'GPRO3Q';
UPDATE `user_registration` SET left_downlines = left_downlines+1
WHERE `user_id` = 'GPRO3Q';
UPDATE `user_registration` SET left_ref_count = left_ref_count+1
WHERE `user_id` = 'GPRO3Q';
UPDATE `user_registration` SET active_left = active_left+1
WHERE `user_id` = 'GPRO3Q';
UPDATE `user_registration` SET total_downlines = total_downlines+1
WHERE `user_id` = 'MBPRQB';
UPDATE `user_registration` SET right_downlines = right_downlines+1
WHERE `user_id` = 'MBPRQB';
UPDATE `user_registration` SET total_downlines = total_downlines+1
WHERE `user_id` = 'X1RH6U';
UPDATE `user_registration` SET right_downlines = right_downlines+1
WHERE `user_id` = 'X1RH6U';
UPDATE `user_registration` SET total_downlines = total_downlines+1
WHERE `user_id` = 'HHALCM';
UPDATE `user_registration` SET right_downlines = right_downlines+1
WHERE `user_id` = 'HHALCM';
UPDATE `user_registration` SET total_downlines = total_downlines+1
WHERE `user_id` = '7WQBA7';
UPDATE `user_registration` SET right_downlines = right_downlines+1
WHERE `user_id` = '7WQBA7';
UPDATE `user_registration` SET total_downlines = total_downlines+1
WHERE `user_id` = 'QPNZO1';
UPDATE `user_registration` SET right_downlines = right_downlines+1
WHERE `user_id` = 'QPNZO1';
UPDATE `user_registration` SET total_downlines = total_downlines+1
WHERE `user_id` = 'KCF78M';
UPDATE `user_registration` SET right_downlines = right_downlines+1
WHERE `user_id` = 'KCF78M';
UPDATE `user_registration` SET total_downlines = total_downlines+1
WHERE `user_id` = '7RY1ZP';
UPDATE `user_registration` SET right_downlines = right_downlines+1
WHERE `user_id` = '7RY1ZP';
UPDATE `user_registration` SET total_downlines = total_downlines+1
WHERE `user_id` = 'ADZTOG';
UPDATE `user_registration` SET right_downlines = right_downlines+1
WHERE `user_id` = 'ADZTOG';
UPDATE `user_registration` SET total_downlines = total_downlines+1
WHERE `user_id` = 'A9858P';
UPDATE `user_registration` SET right_downlines = right_downlines+1
WHERE `user_id` = 'A9858P';
UPDATE `user_registration` SET total_downlines = total_downlines+1
WHERE `user_id` = 'admin';
UPDATE `user_registration` SET right_downlines = right_downlines+1
WHERE `user_id` = 'admin';
INSERT INTO `investment` (`invest_date`, `user_id`, `type`, `amount`, `package_id`) VALUES ('2024-10-02 07:23:28', 'X7SNKX', 'register', '595', '2');
INSERT INTO `earnings` (`user_id`, `Purchaser_id`, `earning_type`, `package_id`, `amount`, `date`, `comments`, `invest_amount`, `comm_perc`, `level`, `rank_id`, `order_id`) VALUES ('GPRO3Q', 'X7SNKX', 'Direct Referral Bonus', '2', '100', '2024-10-02 07:23:28', 'Direct Referral Bonus', 0, 0, 1, '', 349);
UPDATE `user_registration` SET commission_balance = ROUND(commission_balance + 100,2)
WHERE `user_id` = 'GPRO3Q';
UPDATE `user_registration` SET referral_bonus = ROUND(referral_bonus + 100,2)
WHERE `user_id` = 'GPRO3Q';
INSERT INTO `earnings` (`user_id`, `Purchaser_id`, `earning_type`, `package_id`, `amount`, `date`, `comments`, `invest_amount`, `comm_perc`, `level`, `rank_id`, `order_id`) VALUES ('ADZTOG', 'X7SNKX', 'Expansion Bonus', '2', 100, '2024-10-02 07:23:28', 'Expansion Bonus', '100', 0, 1, '', 349);
UPDATE `user_registration` SET commission_balance = ROUND(commission_balance + 100,2)
WHERE `user_id` = 'ADZTOG';
UPDATE `user_registration` SET expansion_bonus = ROUND(expansion_bonus + 100,2)
WHERE `user_id` = 'ADZTOG';
INSERT INTO `earnings` (`user_id`, `Purchaser_id`, `earning_type`, `package_id`, `amount`, `date`, `comments`, `invest_amount`, `comm_perc`, `level`, `rank_id`, `order_id`) VALUES ('A9858P', 'X7SNKX', 'Expansion Bonus', '2', 100, '2024-10-02 07:23:28', 'Expansion Bonus', 200, 0, 1, '', 349);
UPDATE `user_registration` SET commission_balance = ROUND(commission_balance + 100,2)
WHERE `user_id` = 'A9858P';
UPDATE `user_registration` SET expansion_bonus = ROUND(expansion_bonus + 100,2)
WHERE `user_id` = 'A9858P';
INSERT INTO `matrix_filling` (`placement_id`, `downline_id`, `level`, `matrix`) VALUES ('156ZK4', 'X7SNKX', 1, 1);
UPDATE `bv_updation` SET left_carry = left_carry+50, total_left = total_left+50
WHERE `user_id` = '156ZK4';
INSERT INTO `placement_bv_update_history` (`left_carry`, `date`, `from_id`, `user_id`) VALUES ('50', '2024-10-02 07:23:28', 'X7SNKX', '156ZK4');
INSERT INTO `matrix_filling` (`placement_id`, `downline_id`, `level`, `matrix`) VALUES ('SY3INH', 'X7SNKX', 2, 1);
UPDATE `bv_updation` SET left_carry = left_carry+50, total_left = total_left+50
WHERE `user_id` = 'SY3INH';
INSERT INTO `placement_bv_update_history` (`left_carry`, `date`, `from_id`, `user_id`) VALUES ('50', '2024-10-02 07:23:28', 'X7SNKX', 'SY3INH');
INSERT INTO `matrix_filling` (`placement_id`, `downline_id`, `level`, `matrix`) VALUES ('ONUJ59', 'X7SNKX', 3, 1);
UPDATE `bv_updation` SET left_carry = left_carry+50, total_left = total_left+50
WHERE `user_id` = 'ONUJ59';
INSERT INTO `placement_bv_update_history` (`left_carry`, `date`, `from_id`, `user_id`) VALUES ('50', '2024-10-02 07:23:28', 'X7SNKX', 'ONUJ59');
INSERT INTO `matrix_filling` (`placement_id`, `downline_id`, `level`, `matrix`) VALUES ('XJNBTV', 'X7SNKX', 4, 1);
UPDATE `bv_updation` SET left_carry = left_carry+50, total_left = total_left+50
WHERE `user_id` = 'XJNBTV';
INSERT INTO `placement_bv_update_history` (`left_carry`, `date`, `from_id`, `user_id`) VALUES ('50', '2024-10-02 07:23:29', 'X7SNKX', 'XJNBTV');
INSERT INTO `matrix_filling` (`placement_id`, `downline_id`, `level`, `matrix`) VALUES ('UM7JJL', 'X7SNKX', 5, 1);
UPDATE `bv_updation` SET left_carry = left_carry+50, total_left = total_left+50
WHERE `user_id` = 'UM7JJL';
INSERT INTO `placement_bv_update_history` (`left_carry`, `date`, `from_id`, `user_id`) VALUES ('50', '2024-10-02 07:23:29', 'X7SNKX', 'UM7JJL');
INSERT INTO `matrix_filling` (`placement_id`, `downline_id`, `level`, `matrix`) VALUES ('9AKTZ1', 'X7SNKX', 6, 1);
UPDATE `bv_updation` SET left_carry = left_carry+50, total_left = total_left+50
WHERE `user_id` = '9AKTZ1';
INSERT INTO `placement_bv_update_history` (`left_carry`, `date`, `from_id`, `user_id`) VALUES ('50', '2024-10-02 07:23:29', 'X7SNKX', '9AKTZ1');
INSERT INTO `matrix_filling` (`placement_id`, `downline_id`, `level`, `matrix`) VALUES ('X94X61', 'X7SNKX', 7, 1);
UPDATE `bv_updation` SET left_carry = left_carry+50, total_left = total_left+50
WHERE `user_id` = 'X94X61';
INSERT INTO `placement_bv_update_history` (`left_carry`, `date`, `from_id`, `user_id`) VALUES ('50', '2024-10-02 07:23:29', 'X7SNKX', 'X94X61');
INSERT INTO `matrix_filling` (`placement_id`, `downline_id`, `level`, `matrix`) VALUES ('K9JWBF', 'X7SNKX', 8, 1);
UPDATE `bv_updation` SET left_carry = left_carry+50, total_left = total_left+50
WHERE `user_id` = 'K9JWBF';
INSERT INTO `placement_bv_update_history` (`left_carry`, `date`, `from_id`, `user_id`) VALUES ('50', '2024-10-02 07:23:29', 'X7SNKX', 'K9JWBF');
INSERT INTO `matrix_filling` (`placement_id`, `downline_id`, `level`, `matrix`) VALUES ('WZ9EE2', 'X7SNKX', 9, 1);
UPDATE `bv_updation` SET left_carry = left_carry+50, total_left = total_left+50
WHERE `user_id` = 'WZ9EE2';
INSERT INTO `placement_bv_update_history` (`left_carry`, `date`, `from_id`, `user_id`) VALUES ('50', '2024-10-02 07:23:29', 'X7SNKX', 'WZ9EE2');
INSERT INTO `matrix_filling` (`placement_id`, `downline_id`, `level`, `matrix`) VALUES ('I3GVQJ', 'X7SNKX', 10, 1);
UPDATE `bv_updation` SET left_carry = left_carry+50, total_left = total_left+50
WHERE `user_id` = 'I3GVQJ';
INSERT INTO `placement_bv_update_history` (`left_carry`, `date`, `from_id`, `user_id`) VALUES ('50', '2024-10-02 07:23:29', 'X7SNKX', 'I3GVQJ');
INSERT INTO `matrix_filling` (`placement_id`, `downline_id`, `level`, `matrix`) VALUES ('8MFJJY', 'X7SNKX', 11, 1);
UPDATE `bv_updation` SET left_carry = left_carry+50, total_left = total_left+50
WHERE `user_id` = '8MFJJY';
INSERT INTO `placement_bv_update_history` (`left_carry`, `date`, `from_id`, `user_id`) VALUES ('50', '2024-10-02 07:23:29', 'X7SNKX', '8MFJJY');
INSERT INTO `matrix_filling` (`placement_id`, `downline_id`, `level`, `matrix`) VALUES ('XX3T74', 'X7SNKX', 12, 1);
UPDATE `bv_updation` SET left_carry = left_carry+50, total_left = total_left+50
WHERE `user_id` = 'XX3T74';
INSERT INTO `placement_bv_update_history` (`left_carry`, `date`, `from_id`, `user_id`) VALUES ('50', '2024-10-02 07:23:29', 'X7SNKX', 'XX3T74');
INSERT INTO `matrix_filling` (`placement_id`, `downline_id`, `level`, `matrix`) VALUES ('GPRO3Q', 'X7SNKX', 13, 1);
UPDATE `bv_updation` SET left_carry = left_carry+50, total_left = total_left+50
WHERE `user_id` = 'GPRO3Q';
INSERT INTO `placement_bv_update_history` (`left_carry`, `date`, `from_id`, `user_id`) VALUES ('50', '2024-10-02 07:23:29', 'X7SNKX', 'GPRO3Q');
UPDATE `bv_updation` SET sponsor_left_carry = sponsor_left_carry+50, sponsor_total_left = sponsor_total_left+50
WHERE `user_id` = 'GPRO3Q';
INSERT INTO `sponsor_bv_update_history` (`left_carry`, `date`, `user_id`) VALUES ('50', '2024-10-02 07:23:29', 'GPRO3Q');
INSERT INTO `matrix_filling` (`placement_id`, `downline_id`, `level`, `matrix`) VALUES ('MBPRQB', 'X7SNKX', 14, 1);
UPDATE `bv_updation` SET right_carry = right_carry+50, total_right = total_right+50
WHERE `user_id` = 'MBPRQB';
INSERT INTO `placement_bv_update_history` (`right_carry`, `date`, `from_id`, `user_id`) VALUES ('50', '2024-10-02 07:23:29', 'X7SNKX', 'MBPRQB');
INSERT INTO `matrix_filling` (`placement_id`, `downline_id`, `level`, `matrix`) VALUES ('X1RH6U', 'X7SNKX', 15, 1);
UPDATE `bv_updation` SET right_carry = right_carry+50, total_right = total_right+50
WHERE `user_id` = 'X1RH6U';
INSERT INTO `placement_bv_update_history` (`right_carry`, `date`, `from_id`, `user_id`) VALUES ('50', '2024-10-02 07:23:29', 'X7SNKX', 'X1RH6U');
INSERT INTO `matrix_filling` (`placement_id`, `downline_id`, `level`, `matrix`) VALUES ('HHALCM', 'X7SNKX', 16, 1);
UPDATE `bv_updation` SET right_carry = right_carry+50, total_right = total_right+50
WHERE `user_id` = 'HHALCM';
INSERT INTO `placement_bv_update_history` (`right_carry`, `date`, `from_id`, `user_id`) VALUES ('50', '2024-10-02 07:23:29', 'X7SNKX', 'HHALCM');
INSERT INTO `matrix_filling` (`placement_id`, `downline_id`, `level`, `matrix`) VALUES ('7WQBA7', 'X7SNKX', 17, 1);
UPDATE `bv_updation` SET right_carry = right_carry+50, total_right = total_right+50
WHERE `user_id` = '7WQBA7';
INSERT INTO `placement_bv_update_history` (`right_carry`, `date`, `from_id`, `user_id`) VALUES ('50', '2024-10-02 07:23:29', 'X7SNKX', '7WQBA7');
INSERT INTO `matrix_filling` (`placement_id`, `downline_id`, `level`, `matrix`) VALUES ('QPNZO1', 'X7SNKX', 18, 1);
UPDATE `bv_updation` SET right_carry = right_carry+50, total_right = total_right+50
WHERE `user_id` = 'QPNZO1';
INSERT INTO `placement_bv_update_history` (`right_carry`, `date`, `from_id`, `user_id`) VALUES ('50', '2024-10-02 07:23:29', 'X7SNKX', 'QPNZO1');
INSERT INTO `matrix_filling` (`placement_id`, `downline_id`, `level`, `matrix`) VALUES ('KCF78M', 'X7SNKX', 19, 1);
UPDATE `bv_updation` SET right_carry = right_carry+50, total_right = total_right+50
WHERE `user_id` = 'KCF78M';
INSERT INTO `placement_bv_update_history` (`right_carry`, `date`, `from_id`, `user_id`) VALUES ('50', '2024-10-02 07:23:29', 'X7SNKX', 'KCF78M');
INSERT INTO `matrix_filling` (`placement_id`, `downline_id`, `level`, `matrix`) VALUES ('7RY1ZP', 'X7SNKX', 20, 1);
UPDATE `bv_updation` SET right_carry = right_carry+50, total_right = total_right+50
WHERE `user_id` = '7RY1ZP';
INSERT INTO `placement_bv_update_history` (`right_carry`, `date`, `from_id`, `user_id`) VALUES ('50', '2024-10-02 07:23:29', 'X7SNKX', '7RY1ZP');
INSERT INTO `matrix_filling` (`placement_id`, `downline_id`, `level`, `matrix`) VALUES ('ADZTOG', 'X7SNKX', 21, 1);
UPDATE `bv_updation` SET right_carry = right_carry+50, total_right = total_right+50
WHERE `user_id` = 'ADZTOG';
INSERT INTO `placement_bv_update_history` (`right_carry`, `date`, `from_id`, `user_id`) VALUES ('50', '2024-10-02 07:23:29', 'X7SNKX', 'ADZTOG');
INSERT INTO `matrix_filling` (`placement_id`, `downline_id`, `level`, `matrix`) VALUES ('A9858P', 'X7SNKX', 22, 1);
UPDATE `bv_updation` SET right_carry = right_carry+50, total_right = total_right+50
WHERE `user_id` = 'A9858P';
INSERT INTO `placement_bv_update_history` (`right_carry`, `date`, `from_id`, `user_id`) VALUES ('50', '2024-10-02 07:23:29', 'X7SNKX', 'A9858P');
INSERT INTO `matrix_filling` (`placement_id`, `downline_id`, `level`, `matrix`) VALUES ('admin', 'X7SNKX', 23, 1);
UPDATE `bv_updation` SET right_carry = right_carry+50, total_right = total_right+50
WHERE `user_id` = 'admin';
INSERT INTO `placement_bv_update_history` (`right_carry`, `date`, `from_id`, `user_id`) VALUES ('50', '2024-10-02 07:23:29', 'X7SNKX', 'admin');
INSERT INTO `package_purchase_history` (`user_id`, `package_id`, `reg_fee`, `package_name`, `monthly_fee`, `type`, `date`, `payment_option`) VALUES ('X7SNKX', '2', '595', 'Traveler Pro', '150', 'sign_up', '2024-10-02 07:23:29', 'free');
UPDATE `user_registration` SET `popup_seen` = 'yes'
WHERE `user_id` = 'GPRO3Q';
UPDATE `user_registration` SET `uid` = '2704', `user_id` = 'Z4XH2F', `username` = 'constanza1', `sponsor_id` = 'GPRO3Q', `vacant` = 'no', `f_name` = 'Constanza', `l_name` = 'Cuevas', `address` = '6520 Kendale Lakes Dr', `position` = 'left', `email` = 'constanza1@gmail.com', `password` = 'a95aa44766a8e63c0db905f04d549ab7', `phone` = '3057610606', `country` = 'United States', `state` = 'Florida', `city` = 'Miami', `street` = '6520 Kendale Lakes Dr', `zip_code` = '33183', `reg_ip` = '108.162.210.192', `status` = 1, `package_id` = '2', `rank_id` = 1, `highest_rank` = 1, `cycle_rank_id` = 1, `created` = '2024-10-02 07:26:01', `subscription_date` = '2024-11-01', `google_secret` = '2N2G5SMOXX4L7FMM'
WHERE `uid` = '2704';
INSERT INTO `user_registration` (`uid`, `user_id`, `username`, `sponsor_id`, `placement_id`, `vacant`, `f_name`, `l_name`, `address`, `position`, `email`, `password`, `phone`, `reg_ip`, `status`, `created`) VALUES (NULL, 'ORDWKC', 'bvDgnXOl', 'Z4XH2F', 'Z4XH2F', 'yes', '', '', '', 'left', '@mail.com', '', '', '', 0, '2024-10-02 07:26:01');
INSERT INTO `user_registration` (`uid`, `user_id`, `username`, `sponsor_id`, `placement_id`, `vacant`, `f_name`, `l_name`, `address`, `position`, `email`, `password`, `phone`, `reg_ip`, `status`, `created`) VALUES (NULL, 'AADJUV', 'TqRGHDfe', 'Z4XH2F', 'Z4XH2F', 'yes', '', '', '', 'right', '@mail.com', '', '', '', 0, '2024-10-02 07:26:01');
INSERT INTO `bv_updation` (`user_id`) VALUES ('Z4XH2F');
UPDATE `user_registration` SET total_ref_count = total_ref_count+1
WHERE `user_id` = 'GPRO3Q';
UPDATE `user_registration` SET total_downlines = total_downlines+1
WHERE `user_id` = 'X7SNKX';
UPDATE `user_registration` SET left_downlines = left_downlines+1
WHERE `user_id` = 'X7SNKX';
UPDATE `user_registration` SET total_downlines = total_downlines+1
WHERE `user_id` = '156ZK4';
UPDATE `user_registration` SET left_downlines = left_downlines+1
WHERE `user_id` = '156ZK4';
UPDATE `user_registration` SET total_downlines = total_downlines+1
WHERE `user_id` = 'SY3INH';
UPDATE `user_registration` SET left_downlines = left_downlines+1
WHERE `user_id` = 'SY3INH';
UPDATE `user_registration` SET total_downlines = total_downlines+1
WHERE `user_id` = 'ONUJ59';
UPDATE `user_registration` SET left_downlines = left_downlines+1
WHERE `user_id` = 'ONUJ59';
UPDATE `user_registration` SET total_downlines = total_downlines+1
WHERE `user_id` = 'XJNBTV';
UPDATE `user_registration` SET left_downlines = left_downlines+1
WHERE `user_id` = 'XJNBTV';
UPDATE `user_registration` SET total_downlines = total_downlines+1
WHERE `user_id` = 'UM7JJL';
UPDATE `user_registration` SET left_downlines = left_downlines+1
WHERE `user_id` = 'UM7JJL';
UPDATE `user_registration` SET total_downlines = total_downlines+1
WHERE `user_id` = '9AKTZ1';
UPDATE `user_registration` SET left_downlines = left_downlines+1
WHERE `user_id` = '9AKTZ1';
UPDATE `user_registration` SET total_downlines = total_downlines+1
WHERE `user_id` = 'X94X61';
UPDATE `user_registration` SET left_downlines = left_downlines+1
WHERE `user_id` = 'X94X61';
UPDATE `user_registration` SET total_downlines = total_downlines+1
WHERE `user_id` = 'K9JWBF';
UPDATE `user_registration` SET left_downlines = left_downlines+1
WHERE `user_id` = 'K9JWBF';
UPDATE `user_registration` SET total_downlines = total_downlines+1
WHERE `user_id` = 'WZ9EE2';
UPDATE `user_registration` SET left_downlines = left_downlines+1
WHERE `user_id` = 'WZ9EE2';
UPDATE `user_registration` SET total_downlines = total_downlines+1
WHERE `user_id` = 'I3GVQJ';
UPDATE `user_registration` SET left_downlines = left_downlines+1
WHERE `user_id` = 'I3GVQJ';
UPDATE `user_registration` SET total_downlines = total_downlines+1
WHERE `user_id` = '8MFJJY';
UPDATE `user_registration` SET left_downlines = left_downlines+1
WHERE `user_id` = '8MFJJY';
UPDATE `user_registration` SET total_downlines = total_downlines+1
WHERE `user_id` = 'XX3T74';
UPDATE `user_registration` SET left_downlines = left_downlines+1
WHERE `user_id` = 'XX3T74';
UPDATE `user_registration` SET total_downlines = total_downlines+1
WHERE `user_id` = 'GPRO3Q';
UPDATE `user_registration` SET left_downlines = left_downlines+1
WHERE `user_id` = 'GPRO3Q';
UPDATE `user_registration` SET left_ref_count = left_ref_count+1
WHERE `user_id` = 'GPRO3Q';
UPDATE `user_registration` SET active_left = active_left+1
WHERE `user_id` = 'GPRO3Q';
UPDATE `user_registration` SET total_downlines = total_downlines+1
WHERE `user_id` = 'MBPRQB';
UPDATE `user_registration` SET right_downlines = right_downlines+1
WHERE `user_id` = 'MBPRQB';
UPDATE `user_registration` SET total_downlines = total_downlines+1
WHERE `user_id` = 'X1RH6U';
UPDATE `user_registration` SET right_downlines = right_downlines+1
WHERE `user_id` = 'X1RH6U';
UPDATE `user_registration` SET total_downlines = total_downlines+1
WHERE `user_id` = 'HHALCM';
UPDATE `user_registration` SET right_downlines = right_downlines+1
WHERE `user_id` = 'HHALCM';
UPDATE `user_registration` SET total_downlines = total_downlines+1
WHERE `user_id` = '7WQBA7';
UPDATE `user_registration` SET right_downlines = right_downlines+1
WHERE `user_id` = '7WQBA7';
UPDATE `user_registration` SET total_downlines = total_downlines+1
WHERE `user_id` = 'QPNZO1';
UPDATE `user_registration` SET right_downlines = right_downlines+1
WHERE `user_id` = 'QPNZO1';
UPDATE `user_registration` SET total_downlines = total_downlines+1
WHERE `user_id` = 'KCF78M';
UPDATE `user_registration` SET right_downlines = right_downlines+1
WHERE `user_id` = 'KCF78M';
UPDATE `user_registration` SET total_downlines = total_downlines+1
WHERE `user_id` = '7RY1ZP';
UPDATE `user_registration` SET right_downlines = right_downlines+1
WHERE `user_id` = '7RY1ZP';
UPDATE `user_registration` SET total_downlines = total_downlines+1
WHERE `user_id` = 'ADZTOG';
UPDATE `user_registration` SET right_downlines = right_downlines+1
WHERE `user_id` = 'ADZTOG';
UPDATE `user_registration` SET total_downlines = total_downlines+1
WHERE `user_id` = 'A9858P';
UPDATE `user_registration` SET right_downlines = right_downlines+1
WHERE `user_id` = 'A9858P';
UPDATE `user_registration` SET total_downlines = total_downlines+1
WHERE `user_id` = 'admin';
UPDATE `user_registration` SET right_downlines = right_downlines+1
WHERE `user_id` = 'admin';
INSERT INTO `investment` (`invest_date`, `user_id`, `type`, `amount`, `package_id`) VALUES ('2024-10-02 07:26:01', 'Z4XH2F', 'register', '595', '2');
INSERT INTO `earnings` (`user_id`, `Purchaser_id`, `earning_type`, `package_id`, `amount`, `date`, `comments`, `invest_amount`, `comm_perc`, `level`, `rank_id`, `order_id`) VALUES ('GPRO3Q', 'Z4XH2F', 'Direct Referral Bonus', '2', '100', '2024-10-02 07:26:01', 'Direct Referral Bonus', 0, 0, 1, '', 350);
UPDATE `user_registration` SET commission_balance = ROUND(commission_balance + 100,2)
WHERE `user_id` = 'GPRO3Q';
UPDATE `user_registration` SET referral_bonus = ROUND(referral_bonus + 100,2)
WHERE `user_id` = 'GPRO3Q';
INSERT INTO `earnings` (`user_id`, `Purchaser_id`, `earning_type`, `package_id`, `amount`, `date`, `comments`, `invest_amount`, `comm_perc`, `level`, `rank_id`, `order_id`) VALUES ('ADZTOG', 'Z4XH2F', 'Expansion Bonus', '2', 100, '2024-10-02 07:26:01', 'Expansion Bonus', '100', 0, 1, '', 350);
UPDATE `user_registration` SET commission_balance = ROUND(commission_balance + 100,2)
WHERE `user_id` = 'ADZTOG';
UPDATE `user_registration` SET expansion_bonus = ROUND(expansion_bonus + 100,2)
WHERE `user_id` = 'ADZTOG';
INSERT INTO `earnings` (`user_id`, `Purchaser_id`, `earning_type`, `package_id`, `amount`, `date`, `comments`, `invest_amount`, `comm_perc`, `level`, `rank_id`, `order_id`) VALUES ('A9858P', 'Z4XH2F', 'Expansion Bonus', '2', 100, '2024-10-02 07:26:01', 'Expansion Bonus', 200, 0, 1, '', 350);
UPDATE `user_registration` SET commission_balance = ROUND(commission_balance + 100,2)
WHERE `user_id` = 'A9858P';
UPDATE `user_registration` SET expansion_bonus = ROUND(expansion_bonus + 100,2)
WHERE `user_id` = 'A9858P';
INSERT INTO `matrix_filling` (`placement_id`, `downline_id`, `level`, `matrix`) VALUES ('X7SNKX', 'Z4XH2F', 1, 1);
UPDATE `bv_updation` SET left_carry = left_carry+50, total_left = total_left+50
WHERE `user_id` = 'X7SNKX';
INSERT INTO `placement_bv_update_history` (`left_carry`, `date`, `from_id`, `user_id`) VALUES ('50', '2024-10-02 07:26:01', 'Z4XH2F', 'X7SNKX');
INSERT INTO `matrix_filling` (`placement_id`, `downline_id`, `level`, `matrix`) VALUES ('156ZK4', 'Z4XH2F', 2, 1);
UPDATE `bv_updation` SET left_carry = left_carry+50, total_left = total_left+50
WHERE `user_id` = '156ZK4';
INSERT INTO `placement_bv_update_history` (`left_carry`, `date`, `from_id`, `user_id`) VALUES ('50', '2024-10-02 07:26:01', 'Z4XH2F', '156ZK4');
INSERT INTO `matrix_filling` (`placement_id`, `downline_id`, `level`, `matrix`) VALUES ('SY3INH', 'Z4XH2F', 3, 1);
UPDATE `bv_updation` SET left_carry = left_carry+50, total_left = total_left+50
WHERE `user_id` = 'SY3INH';
INSERT INTO `placement_bv_update_history` (`left_carry`, `date`, `from_id`, `user_id`) VALUES ('50', '2024-10-02 07:26:01', 'Z4XH2F', 'SY3INH');
INSERT INTO `matrix_filling` (`placement_id`, `downline_id`, `level`, `matrix`) VALUES ('ONUJ59', 'Z4XH2F', 4, 1);
UPDATE `bv_updation` SET left_carry = left_carry+50, total_left = total_left+50
WHERE `user_id` = 'ONUJ59';
INSERT INTO `placement_bv_update_history` (`left_carry`, `date`, `from_id`, `user_id`) VALUES ('50', '2024-10-02 07:26:01', 'Z4XH2F', 'ONUJ59');
INSERT INTO `matrix_filling` (`placement_id`, `downline_id`, `level`, `matrix`) VALUES ('XJNBTV', 'Z4XH2F', 5, 1);
UPDATE `bv_updation` SET left_carry = left_carry+50, total_left = total_left+50
WHERE `user_id` = 'XJNBTV';
INSERT INTO `placement_bv_update_history` (`left_carry`, `date`, `from_id`, `user_id`) VALUES ('50', '2024-10-02 07:26:01', 'Z4XH2F', 'XJNBTV');
INSERT INTO `matrix_filling` (`placement_id`, `downline_id`, `level`, `matrix`) VALUES ('UM7JJL', 'Z4XH2F', 6, 1);
UPDATE `bv_updation` SET left_carry = left_carry+50, total_left = total_left+50
WHERE `user_id` = 'UM7JJL';
INSERT INTO `placement_bv_update_history` (`left_carry`, `date`, `from_id`, `user_id`) VALUES ('50', '2024-10-02 07:26:01', 'Z4XH2F', 'UM7JJL');
INSERT INTO `matrix_filling` (`placement_id`, `downline_id`, `level`, `matrix`) VALUES ('9AKTZ1', 'Z4XH2F', 7, 1);
UPDATE `bv_updation` SET left_carry = left_carry+50, total_left = total_left+50
WHERE `user_id` = '9AKTZ1';
INSERT INTO `placement_bv_update_history` (`left_carry`, `date`, `from_id`, `user_id`) VALUES ('50', '2024-10-02 07:26:01', 'Z4XH2F', '9AKTZ1');
INSERT INTO `matrix_filling` (`placement_id`, `downline_id`, `level`, `matrix`) VALUES ('X94X61', 'Z4XH2F', 8, 1);
UPDATE `bv_updation` SET left_carry = left_carry+50, total_left = total_left+50
WHERE `user_id` = 'X94X61';
INSERT INTO `placement_bv_update_history` (`left_carry`, `date`, `from_id`, `user_id`) VALUES ('50', '2024-10-02 07:26:01', 'Z4XH2F', 'X94X61');
INSERT INTO `matrix_filling` (`placement_id`, `downline_id`, `level`, `matrix`) VALUES ('K9JWBF', 'Z4XH2F', 9, 1);
UPDATE `bv_updation` SET left_carry = left_carry+50, total_left = total_left+50
WHERE `user_id` = 'K9JWBF';
INSERT INTO `placement_bv_update_history` (`left_carry`, `date`, `from_id`, `user_id`) VALUES ('50', '2024-10-02 07:26:01', 'Z4XH2F', 'K9JWBF');
INSERT INTO `matrix_filling` (`placement_id`, `downline_id`, `level`, `matrix`) VALUES ('WZ9EE2', 'Z4XH2F', 10, 1);
UPDATE `bv_updation` SET left_carry = left_carry+50, total_left = total_left+50
WHERE `user_id` = 'WZ9EE2';
INSERT INTO `placement_bv_update_history` (`left_carry`, `date`, `from_id`, `user_id`) VALUES ('50', '2024-10-02 07:26:01', 'Z4XH2F', 'WZ9EE2');
INSERT INTO `matrix_filling` (`placement_id`, `downline_id`, `level`, `matrix`) VALUES ('I3GVQJ', 'Z4XH2F', 11, 1);
UPDATE `bv_updation` SET left_carry = left_carry+50, total_left = total_left+50
WHERE `user_id` = 'I3GVQJ';
INSERT INTO `placement_bv_update_history` (`left_carry`, `date`, `from_id`, `user_id`) VALUES ('50', '2024-10-02 07:26:01', 'Z4XH2F', 'I3GVQJ');
INSERT INTO `matrix_filling` (`placement_id`, `downline_id`, `level`, `matrix`) VALUES ('8MFJJY', 'Z4XH2F', 12, 1);
UPDATE `bv_updation` SET left_carry = left_carry+50, total_left = total_left+50
WHERE `user_id` = '8MFJJY';
INSERT INTO `placement_bv_update_history` (`left_carry`, `date`, `from_id`, `user_id`) VALUES ('50', '2024-10-02 07:26:01', 'Z4XH2F', '8MFJJY');
INSERT INTO `matrix_filling` (`placement_id`, `downline_id`, `level`, `matrix`) VALUES ('XX3T74', 'Z4XH2F', 13, 1);
UPDATE `bv_updation` SET left_carry = left_carry+50, total_left = total_left+50
WHERE `user_id` = 'XX3T74';
INSERT INTO `placement_bv_update_history` (`left_carry`, `date`, `from_id`, `user_id`) VALUES ('50', '2024-10-02 07:26:01', 'Z4XH2F', 'XX3T74');
INSERT INTO `matrix_filling` (`placement_id`, `downline_id`, `level`, `matrix`) VALUES ('GPRO3Q', 'Z4XH2F', 14, 1);
UPDATE `bv_updation` SET left_carry = left_carry+50, total_left = total_left+50
WHERE `user_id` = 'GPRO3Q';
INSERT INTO `placement_bv_update_history` (`left_carry`, `date`, `from_id`, `user_id`) VALUES ('50', '2024-10-02 07:26:01', 'Z4XH2F', 'GPRO3Q');
UPDATE `bv_updation` SET sponsor_left_carry = sponsor_left_carry+50, sponsor_total_left = sponsor_total_left+50
WHERE `user_id` = 'GPRO3Q';
INSERT INTO `sponsor_bv_update_history` (`left_carry`, `date`, `user_id`) VALUES ('50', '2024-10-02 07:26:01', 'GPRO3Q');
INSERT INTO `matrix_filling` (`placement_id`, `downline_id`, `level`, `matrix`) VALUES ('MBPRQB', 'Z4XH2F', 15, 1);
UPDATE `bv_updation` SET right_carry = right_carry+50, total_right = total_right+50
WHERE `user_id` = 'MBPRQB';
INSERT INTO `placement_bv_update_history` (`right_carry`, `date`, `from_id`, `user_id`) VALUES ('50', '2024-10-02 07:26:01', 'Z4XH2F', 'MBPRQB');
INSERT INTO `matrix_filling` (`placement_id`, `downline_id`, `level`, `matrix`) VALUES ('X1RH6U', 'Z4XH2F', 16, 1);
UPDATE `bv_updation` SET right_carry = right_carry+50, total_right = total_right+50
WHERE `user_id` = 'X1RH6U';
INSERT INTO `placement_bv_update_history` (`right_carry`, `date`, `from_id`, `user_id`) VALUES ('50', '2024-10-02 07:26:01', 'Z4XH2F', 'X1RH6U');
INSERT INTO `matrix_filling` (`placement_id`, `downline_id`, `level`, `matrix`) VALUES ('HHALCM', 'Z4XH2F', 17, 1);
UPDATE `bv_updation` SET right_carry = right_carry+50, total_right = total_right+50
WHERE `user_id` = 'HHALCM';
INSERT INTO `placement_bv_update_history` (`right_carry`, `date`, `from_id`, `user_id`) VALUES ('50', '2024-10-02 07:26:01', 'Z4XH2F', 'HHALCM');
INSERT INTO `matrix_filling` (`placement_id`, `downline_id`, `level`, `matrix`) VALUES ('7WQBA7', 'Z4XH2F', 18, 1);
UPDATE `bv_updation` SET right_carry = right_carry+50, total_right = total_right+50
WHERE `user_id` = '7WQBA7';
INSERT INTO `placement_bv_update_history` (`right_carry`, `date`, `from_id`, `user_id`) VALUES ('50', '2024-10-02 07:26:01', 'Z4XH2F', '7WQBA7');
INSERT INTO `matrix_filling` (`placement_id`, `downline_id`, `level`, `matrix`) VALUES ('QPNZO1', 'Z4XH2F', 19, 1);
UPDATE `bv_updation` SET right_carry = right_carry+50, total_right = total_right+50
WHERE `user_id` = 'QPNZO1';
INSERT INTO `placement_bv_update_history` (`right_carry`, `date`, `from_id`, `user_id`) VALUES ('50', '2024-10-02 07:26:01', 'Z4XH2F', 'QPNZO1');
INSERT INTO `matrix_filling` (`placement_id`, `downline_id`, `level`, `matrix`) VALUES ('KCF78M', 'Z4XH2F', 20, 1);
UPDATE `bv_updation` SET right_carry = right_carry+50, total_right = total_right+50
WHERE `user_id` = 'KCF78M';
INSERT INTO `placement_bv_update_history` (`right_carry`, `date`, `from_id`, `user_id`) VALUES ('50', '2024-10-02 07:26:01', 'Z4XH2F', 'KCF78M');
INSERT INTO `matrix_filling` (`placement_id`, `downline_id`, `level`, `matrix`) VALUES ('7RY1ZP', 'Z4XH2F', 21, 1);
UPDATE `bv_updation` SET right_carry = right_carry+50, total_right = total_right+50
WHERE `user_id` = '7RY1ZP';
INSERT INTO `placement_bv_update_history` (`right_carry`, `date`, `from_id`, `user_id`) VALUES ('50', '2024-10-02 07:26:01', 'Z4XH2F', '7RY1ZP');
INSERT INTO `matrix_filling` (`placement_id`, `downline_id`, `level`, `matrix`) VALUES ('ADZTOG', 'Z4XH2F', 22, 1);
UPDATE `bv_updation` SET right_carry = right_carry+50, total_right = total_right+50
WHERE `user_id` = 'ADZTOG';
INSERT INTO `placement_bv_update_history` (`right_carry`, `date`, `from_id`, `user_id`) VALUES ('50', '2024-10-02 07:26:01', 'Z4XH2F', 'ADZTOG');
INSERT INTO `matrix_filling` (`placement_id`, `downline_id`, `level`, `matrix`) VALUES ('A9858P', 'Z4XH2F', 23, 1);
UPDATE `bv_updation` SET right_carry = right_carry+50, total_right = total_right+50
WHERE `user_id` = 'A9858P';
INSERT INTO `placement_bv_update_history` (`right_carry`, `date`, `from_id`, `user_id`) VALUES ('50', '2024-10-02 07:26:01', 'Z4XH2F', 'A9858P');
INSERT INTO `matrix_filling` (`placement_id`, `downline_id`, `level`, `matrix`) VALUES ('admin', 'Z4XH2F', 24, 1);
UPDATE `bv_updation` SET right_carry = right_carry+50, total_right = total_right+50
WHERE `user_id` = 'admin';
INSERT INTO `placement_bv_update_history` (`right_carry`, `date`, `from_id`, `user_id`) VALUES ('50', '2024-10-02 07:26:01', 'Z4XH2F', 'admin');
INSERT INTO `package_purchase_history` (`user_id`, `package_id`, `reg_fee`, `package_name`, `monthly_fee`, `type`, `date`, `payment_option`) VALUES ('Z4XH2F', '2', '595', 'Traveler Pro', '150', 'sign_up', '2024-10-02 07:26:01', 'free');
UPDATE `user_registration` SET `popup_seen` = 'yes'
WHERE `user_id` = 'GPRO3Q';
UPDATE `user_registration` SET `popup_seen` = 'yes'
WHERE `user_id` = 'GPRO3Q';
UPDATE `user_registration` SET `uid` = '2706', `user_id` = 'ZLSB68', `username` = 'salomon1', `sponsor_id` = 'GPRO3Q', `vacant` = 'no', `f_name` = 'Salomon', `l_name` = 'Soto', `address` = '6520 Kendale Lakes Dr', `position` = 'left', `email` = 'salomon1@gmail.com', `password` = '4f3a273b78f79c36bc1a3b7e6114fcde', `phone` = '3057610606', `country` = 'United States', `state` = 'Florida', `city` = 'Miami', `street` = '6520 Kendale Lakes Dr', `zip_code` = '33183', `reg_ip` = '172.70.55.61', `status` = 1, `package_id` = '2', `rank_id` = 1, `highest_rank` = 1, `cycle_rank_id` = 1, `created` = '2024-10-02 07:27:48', `subscription_date` = '2024-11-01', `google_secret` = 'TNBQRGMYBNE37QJH'
WHERE `uid` = '2706';
INSERT INTO `user_registration` (`uid`, `user_id`, `username`, `sponsor_id`, `placement_id`, `vacant`, `f_name`, `l_name`, `address`, `position`, `email`, `password`, `phone`, `reg_ip`, `status`, `created`) VALUES (NULL, 'BHKPSQ', 'EPLetEkU', 'ZLSB68', 'ZLSB68', 'yes', '', '', '', 'left', '@mail.com', '', '', '', 0, '2024-10-02 07:27:48');
INSERT INTO `user_registration` (`uid`, `user_id`, `username`, `sponsor_id`, `placement_id`, `vacant`, `f_name`, `l_name`, `address`, `position`, `email`, `password`, `phone`, `reg_ip`, `status`, `created`) VALUES (NULL, 'ENTQBG', 'ACmiBsOP', 'ZLSB68', 'ZLSB68', 'yes', '', '', '', 'right', '@mail.com', '', '', '', 0, '2024-10-02 07:27:48');
INSERT INTO `bv_updation` (`user_id`) VALUES ('ZLSB68');
UPDATE `user_registration` SET total_ref_count = total_ref_count+1
WHERE `user_id` = 'GPRO3Q';
UPDATE `user_registration` SET total_downlines = total_downlines+1
WHERE `user_id` = 'Z4XH2F';
UPDATE `user_registration` SET left_downlines = left_downlines+1
WHERE `user_id` = 'Z4XH2F';
UPDATE `user_registration` SET total_downlines = total_downlines+1
WHERE `user_id` = 'X7SNKX';
UPDATE `user_registration` SET left_downlines = left_downlines+1
WHERE `user_id` = 'X7SNKX';
UPDATE `user_registration` SET total_downlines = total_downlines+1
WHERE `user_id` = '156ZK4';
UPDATE `user_registration` SET left_downlines = left_downlines+1
WHERE `user_id` = '156ZK4';
UPDATE `user_registration` SET total_downlines = total_downlines+1
WHERE `user_id` = 'SY3INH';
UPDATE `user_registration` SET left_downlines = left_downlines+1
WHERE `user_id` = 'SY3INH';
UPDATE `user_registration` SET total_downlines = total_downlines+1
WHERE `user_id` = 'ONUJ59';
UPDATE `user_registration` SET left_downlines = left_downlines+1
WHERE `user_id` = 'ONUJ59';
UPDATE `user_registration` SET total_downlines = total_downlines+1
WHERE `user_id` = 'XJNBTV';
UPDATE `user_registration` SET left_downlines = left_downlines+1
WHERE `user_id` = 'XJNBTV';
UPDATE `user_registration` SET total_downlines = total_downlines+1
WHERE `user_id` = 'UM7JJL';
UPDATE `user_registration` SET left_downlines = left_downlines+1
WHERE `user_id` = 'UM7JJL';
UPDATE `user_registration` SET total_downlines = total_downlines+1
WHERE `user_id` = '9AKTZ1';
UPDATE `user_registration` SET left_downlines = left_downlines+1
WHERE `user_id` = '9AKTZ1';
UPDATE `user_registration` SET total_downlines = total_downlines+1
WHERE `user_id` = 'X94X61';
UPDATE `user_registration` SET left_downlines = left_downlines+1
WHERE `user_id` = 'X94X61';
UPDATE `user_registration` SET total_downlines = total_downlines+1
WHERE `user_id` = 'K9JWBF';
UPDATE `user_registration` SET left_downlines = left_downlines+1
WHERE `user_id` = 'K9JWBF';
UPDATE `user_registration` SET total_downlines = total_downlines+1
WHERE `user_id` = 'WZ9EE2';
UPDATE `user_registration` SET left_downlines = left_downlines+1
WHERE `user_id` = 'WZ9EE2';
UPDATE `user_registration` SET total_downlines = total_downlines+1
WHERE `user_id` = 'I3GVQJ';
UPDATE `user_registration` SET left_downlines = left_downlines+1
WHERE `user_id` = 'I3GVQJ';
UPDATE `user_registration` SET total_downlines = total_downlines+1
WHERE `user_id` = '8MFJJY';
UPDATE `user_registration` SET left_downlines = left_downlines+1
WHERE `user_id` = '8MFJJY';
UPDATE `user_registration` SET total_downlines = total_downlines+1
WHERE `user_id` = 'XX3T74';
UPDATE `user_registration` SET left_downlines = left_downlines+1
WHERE `user_id` = 'XX3T74';
UPDATE `user_registration` SET total_downlines = total_downlines+1
WHERE `user_id` = 'GPRO3Q';
UPDATE `user_registration` SET left_downlines = left_downlines+1
WHERE `user_id` = 'GPRO3Q';
UPDATE `user_registration` SET left_ref_count = left_ref_count+1
WHERE `user_id` = 'GPRO3Q';
UPDATE `user_registration` SET active_left = active_left+1
WHERE `user_id` = 'GPRO3Q';
UPDATE `user_registration` SET total_downlines = total_downlines+1
WHERE `user_id` = 'MBPRQB';
UPDATE `user_registration` SET right_downlines = right_downlines+1
WHERE `user_id` = 'MBPRQB';
UPDATE `user_registration` SET total_downlines = total_downlines+1
WHERE `user_id` = 'X1RH6U';
UPDATE `user_registration` SET right_downlines = right_downlines+1
WHERE `user_id` = 'X1RH6U';
UPDATE `user_registration` SET total_downlines = total_downlines+1
WHERE `user_id` = 'HHALCM';
UPDATE `user_registration` SET right_downlines = right_downlines+1
WHERE `user_id` = 'HHALCM';
UPDATE `user_registration` SET total_downlines = total_downlines+1
WHERE `user_id` = '7WQBA7';
UPDATE `user_registration` SET right_downlines = right_downlines+1
WHERE `user_id` = '7WQBA7';
UPDATE `user_registration` SET total_downlines = total_downlines+1
WHERE `user_id` = 'QPNZO1';
UPDATE `user_registration` SET right_downlines = right_downlines+1
WHERE `user_id` = 'QPNZO1';
UPDATE `user_registration` SET total_downlines = total_downlines+1
WHERE `user_id` = 'KCF78M';
UPDATE `user_registration` SET right_downlines = right_downlines+1
WHERE `user_id` = 'KCF78M';
UPDATE `user_registration` SET total_downlines = total_downlines+1
WHERE `user_id` = '7RY1ZP';
UPDATE `user_registration` SET right_downlines = right_downlines+1
WHERE `user_id` = '7RY1ZP';
UPDATE `user_registration` SET total_downlines = total_downlines+1
WHERE `user_id` = 'ADZTOG';
UPDATE `user_registration` SET right_downlines = right_downlines+1
WHERE `user_id` = 'ADZTOG';
UPDATE `user_registration` SET total_downlines = total_downlines+1
WHERE `user_id` = 'A9858P';
UPDATE `user_registration` SET right_downlines = right_downlines+1
WHERE `user_id` = 'A9858P';
UPDATE `user_registration` SET total_downlines = total_downlines+1
WHERE `user_id` = 'admin';
UPDATE `user_registration` SET right_downlines = right_downlines+1
WHERE `user_id` = 'admin';
INSERT INTO `investment` (`invest_date`, `user_id`, `type`, `amount`, `package_id`) VALUES ('2024-10-02 07:27:49', 'ZLSB68', 'register', '595', '2');
INSERT INTO `earnings` (`user_id`, `Purchaser_id`, `earning_type`, `package_id`, `amount`, `date`, `comments`, `invest_amount`, `comm_perc`, `level`, `rank_id`, `order_id`) VALUES ('GPRO3Q', 'ZLSB68', 'Direct Referral Bonus', '2', '100', '2024-10-02 07:27:49', 'Direct Referral Bonus', 0, 0, 1, '', 351);
UPDATE `user_registration` SET commission_balance = ROUND(commission_balance + 100,2)
WHERE `user_id` = 'GPRO3Q';
UPDATE `user_registration` SET referral_bonus = ROUND(referral_bonus + 100,2)
WHERE `user_id` = 'GPRO3Q';
INSERT INTO `earnings` (`user_id`, `Purchaser_id`, `earning_type`, `package_id`, `amount`, `date`, `comments`, `invest_amount`, `comm_perc`, `level`, `rank_id`, `order_id`) VALUES ('ADZTOG', 'ZLSB68', 'Expansion Bonus', '2', 100, '2024-10-02 07:27:49', 'Expansion Bonus', '100', 0, 1, '', 351);
UPDATE `user_registration` SET commission_balance = ROUND(commission_balance + 100,2)
WHERE `user_id` = 'ADZTOG';
UPDATE `user_registration` SET expansion_bonus = ROUND(expansion_bonus + 100,2)
WHERE `user_id` = 'ADZTOG';
INSERT INTO `earnings` (`user_id`, `Purchaser_id`, `earning_type`, `package_id`, `amount`, `date`, `comments`, `invest_amount`, `comm_perc`, `level`, `rank_id`, `order_id`) VALUES ('A9858P', 'ZLSB68', 'Expansion Bonus', '2', 100, '2024-10-02 07:27:49', 'Expansion Bonus', 200, 0, 1, '', 351);
UPDATE `user_registration` SET commission_balance = ROUND(commission_balance + 100,2)
WHERE `user_id` = 'A9858P';
UPDATE `user_registration` SET expansion_bonus = ROUND(expansion_bonus + 100,2)
WHERE `user_id` = 'A9858P';
INSERT INTO `matrix_filling` (`placement_id`, `downline_id`, `level`, `matrix`) VALUES ('Z4XH2F', 'ZLSB68', 1, 1);
UPDATE `bv_updation` SET left_carry = left_carry+50, total_left = total_left+50
WHERE `user_id` = 'Z4XH2F';
INSERT INTO `placement_bv_update_history` (`left_carry`, `date`, `from_id`, `user_id`) VALUES ('50', '2024-10-02 07:27:49', 'ZLSB68', 'Z4XH2F');
INSERT INTO `matrix_filling` (`placement_id`, `downline_id`, `level`, `matrix`) VALUES ('X7SNKX', 'ZLSB68', 2, 1);
UPDATE `bv_updation` SET left_carry = left_carry+50, total_left = total_left+50
WHERE `user_id` = 'X7SNKX';
INSERT INTO `placement_bv_update_history` (`left_carry`, `date`, `from_id`, `user_id`) VALUES ('50', '2024-10-02 07:27:49', 'ZLSB68', 'X7SNKX');
INSERT INTO `matrix_filling` (`placement_id`, `downline_id`, `level`, `matrix`) VALUES ('156ZK4', 'ZLSB68', 3, 1);
UPDATE `bv_updation` SET left_carry = left_carry+50, total_left = total_left+50
WHERE `user_id` = '156ZK4';
INSERT INTO `placement_bv_update_history` (`left_carry`, `date`, `from_id`, `user_id`) VALUES ('50', '2024-10-02 07:27:49', 'ZLSB68', '156ZK4');
INSERT INTO `matrix_filling` (`placement_id`, `downline_id`, `level`, `matrix`) VALUES ('SY3INH', 'ZLSB68', 4, 1);
UPDATE `bv_updation` SET left_carry = left_carry+50, total_left = total_left+50
WHERE `user_id` = 'SY3INH';
INSERT INTO `placement_bv_update_history` (`left_carry`, `date`, `from_id`, `user_id`) VALUES ('50', '2024-10-02 07:27:49', 'ZLSB68', 'SY3INH');
INSERT INTO `matrix_filling` (`placement_id`, `downline_id`, `level`, `matrix`) VALUES ('ONUJ59', 'ZLSB68', 5, 1);
UPDATE `bv_updation` SET left_carry = left_carry+50, total_left = total_left+50
WHERE `user_id` = 'ONUJ59';
INSERT INTO `placement_bv_update_history` (`left_carry`, `date`, `from_id`, `user_id`) VALUES ('50', '2024-10-02 07:27:49', 'ZLSB68', 'ONUJ59');
INSERT INTO `matrix_filling` (`placement_id`, `downline_id`, `level`, `matrix`) VALUES ('XJNBTV', 'ZLSB68', 6, 1);
UPDATE `bv_updation` SET left_carry = left_carry+50, total_left = total_left+50
WHERE `user_id` = 'XJNBTV';
INSERT INTO `placement_bv_update_history` (`left_carry`, `date`, `from_id`, `user_id`) VALUES ('50', '2024-10-02 07:27:49', 'ZLSB68', 'XJNBTV');
INSERT INTO `matrix_filling` (`placement_id`, `downline_id`, `level`, `matrix`) VALUES ('UM7JJL', 'ZLSB68', 7, 1);
UPDATE `bv_updation` SET left_carry = left_carry+50, total_left = total_left+50
WHERE `user_id` = 'UM7JJL';
INSERT INTO `placement_bv_update_history` (`left_carry`, `date`, `from_id`, `user_id`) VALUES ('50', '2024-10-02 07:27:49', 'ZLSB68', 'UM7JJL');
INSERT INTO `matrix_filling` (`placement_id`, `downline_id`, `level`, `matrix`) VALUES ('9AKTZ1', 'ZLSB68', 8, 1);
UPDATE `bv_updation` SET left_carry = left_carry+50, total_left = total_left+50
WHERE `user_id` = '9AKTZ1';
INSERT INTO `placement_bv_update_history` (`left_carry`, `date`, `from_id`, `user_id`) VALUES ('50', '2024-10-02 07:27:49', 'ZLSB68', '9AKTZ1');
INSERT INTO `matrix_filling` (`placement_id`, `downline_id`, `level`, `matrix`) VALUES ('X94X61', 'ZLSB68', 9, 1);
UPDATE `bv_updation` SET left_carry = left_carry+50, total_left = total_left+50
WHERE `user_id` = 'X94X61';
INSERT INTO `placement_bv_update_history` (`left_carry`, `date`, `from_id`, `user_id`) VALUES ('50', '2024-10-02 07:27:49', 'ZLSB68', 'X94X61');
INSERT INTO `matrix_filling` (`placement_id`, `downline_id`, `level`, `matrix`) VALUES ('K9JWBF', 'ZLSB68', 10, 1);
UPDATE `bv_updation` SET left_carry = left_carry+50, total_left = total_left+50
WHERE `user_id` = 'K9JWBF';
INSERT INTO `placement_bv_update_history` (`left_carry`, `date`, `from_id`, `user_id`) VALUES ('50', '2024-10-02 07:27:49', 'ZLSB68', 'K9JWBF');
INSERT INTO `matrix_filling` (`placement_id`, `downline_id`, `level`, `matrix`) VALUES ('WZ9EE2', 'ZLSB68', 11, 1);
UPDATE `bv_updation` SET left_carry = left_carry+50, total_left = total_left+50
WHERE `user_id` = 'WZ9EE2';
INSERT INTO `placement_bv_update_history` (`left_carry`, `date`, `from_id`, `user_id`) VALUES ('50', '2024-10-02 07:27:49', 'ZLSB68', 'WZ9EE2');
INSERT INTO `matrix_filling` (`placement_id`, `downline_id`, `level`, `matrix`) VALUES ('I3GVQJ', 'ZLSB68', 12, 1);
UPDATE `bv_updation` SET left_carry = left_carry+50, total_left = total_left+50
WHERE `user_id` = 'I3GVQJ';
INSERT INTO `placement_bv_update_history` (`left_carry`, `date`, `from_id`, `user_id`) VALUES ('50', '2024-10-02 07:27:49', 'ZLSB68', 'I3GVQJ');
INSERT INTO `matrix_filling` (`placement_id`, `downline_id`, `level`, `matrix`) VALUES ('8MFJJY', 'ZLSB68', 13, 1);
UPDATE `bv_updation` SET left_carry = left_carry+50, total_left = total_left+50
WHERE `user_id` = '8MFJJY';
INSERT INTO `placement_bv_update_history` (`left_carry`, `date`, `from_id`, `user_id`) VALUES ('50', '2024-10-02 07:27:49', 'ZLSB68', '8MFJJY');
INSERT INTO `matrix_filling` (`placement_id`, `downline_id`, `level`, `matrix`) VALUES ('XX3T74', 'ZLSB68', 14, 1);
UPDATE `bv_updation` SET left_carry = left_carry+50, total_left = total_left+50
WHERE `user_id` = 'XX3T74';
INSERT INTO `placement_bv_update_history` (`left_carry`, `date`, `from_id`, `user_id`) VALUES ('50', '2024-10-02 07:27:49', 'ZLSB68', 'XX3T74');
INSERT INTO `matrix_filling` (`placement_id`, `downline_id`, `level`, `matrix`) VALUES ('GPRO3Q', 'ZLSB68', 15, 1);
UPDATE `bv_updation` SET left_carry = left_carry+50, total_left = total_left+50
WHERE `user_id` = 'GPRO3Q';
INSERT INTO `placement_bv_update_history` (`left_carry`, `date`, `from_id`, `user_id`) VALUES ('50', '2024-10-02 07:27:49', 'ZLSB68', 'GPRO3Q');
UPDATE `bv_updation` SET sponsor_left_carry = sponsor_left_carry+50, sponsor_total_left = sponsor_total_left+50
WHERE `user_id` = 'GPRO3Q';
INSERT INTO `sponsor_bv_update_history` (`left_carry`, `date`, `user_id`) VALUES ('50', '2024-10-02 07:27:49', 'GPRO3Q');
INSERT INTO `matrix_filling` (`placement_id`, `downline_id`, `level`, `matrix`) VALUES ('MBPRQB', 'ZLSB68', 16, 1);
UPDATE `bv_updation` SET right_carry = right_carry+50, total_right = total_right+50
WHERE `user_id` = 'MBPRQB';
INSERT INTO `placement_bv_update_history` (`right_carry`, `date`, `from_id`, `user_id`) VALUES ('50', '2024-10-02 07:27:49', 'ZLSB68', 'MBPRQB');
INSERT INTO `matrix_filling` (`placement_id`, `downline_id`, `level`, `matrix`) VALUES ('X1RH6U', 'ZLSB68', 17, 1);
UPDATE `bv_updation` SET right_carry = right_carry+50, total_right = total_right+50
WHERE `user_id` = 'X1RH6U';
INSERT INTO `placement_bv_update_history` (`right_carry`, `date`, `from_id`, `user_id`) VALUES ('50', '2024-10-02 07:27:49', 'ZLSB68', 'X1RH6U');
INSERT INTO `matrix_filling` (`placement_id`, `downline_id`, `level`, `matrix`) VALUES ('HHALCM', 'ZLSB68', 18, 1);
UPDATE `bv_updation` SET right_carry = right_carry+50, total_right = total_right+50
WHERE `user_id` = 'HHALCM';
INSERT INTO `placement_bv_update_history` (`right_carry`, `date`, `from_id`, `user_id`) VALUES ('50', '2024-10-02 07:27:49', 'ZLSB68', 'HHALCM');
INSERT INTO `matrix_filling` (`placement_id`, `downline_id`, `level`, `matrix`) VALUES ('7WQBA7', 'ZLSB68', 19, 1);
UPDATE `bv_updation` SET right_carry = right_carry+50, total_right = total_right+50
WHERE `user_id` = '7WQBA7';
INSERT INTO `placement_bv_update_history` (`right_carry`, `date`, `from_id`, `user_id`) VALUES ('50', '2024-10-02 07:27:49', 'ZLSB68', '7WQBA7');
INSERT INTO `matrix_filling` (`placement_id`, `downline_id`, `level`, `matrix`) VALUES ('QPNZO1', 'ZLSB68', 20, 1);
UPDATE `bv_updation` SET right_carry = right_carry+50, total_right = total_right+50
WHERE `user_id` = 'QPNZO1';
INSERT INTO `placement_bv_update_history` (`right_carry`, `date`, `from_id`, `user_id`) VALUES ('50', '2024-10-02 07:27:49', 'ZLSB68', 'QPNZO1');
INSERT INTO `matrix_filling` (`placement_id`, `downline_id`, `level`, `matrix`) VALUES ('KCF78M', 'ZLSB68', 21, 1);
UPDATE `bv_updation` SET right_carry = right_carry+50, total_right = total_right+50
WHERE `user_id` = 'KCF78M';
INSERT INTO `placement_bv_update_history` (`right_carry`, `date`, `from_id`, `user_id`) VALUES ('50', '2024-10-02 07:27:49', 'ZLSB68', 'KCF78M');
INSERT INTO `matrix_filling` (`placement_id`, `downline_id`, `level`, `matrix`) VALUES ('7RY1ZP', 'ZLSB68', 22, 1);
UPDATE `bv_updation` SET right_carry = right_carry+50, total_right = total_right+50
WHERE `user_id` = '7RY1ZP';
INSERT INTO `placement_bv_update_history` (`right_carry`, `date`, `from_id`, `user_id`) VALUES ('50', '2024-10-02 07:27:49', 'ZLSB68', '7RY1ZP');
INSERT INTO `matrix_filling` (`placement_id`, `downline_id`, `level`, `matrix`) VALUES ('ADZTOG', 'ZLSB68', 23, 1);
UPDATE `bv_updation` SET right_carry = right_carry+50, total_right = total_right+50
WHERE `user_id` = 'ADZTOG';
INSERT INTO `placement_bv_update_history` (`right_carry`, `date`, `from_id`, `user_id`) VALUES ('50', '2024-10-02 07:27:49', 'ZLSB68', 'ADZTOG');
INSERT INTO `matrix_filling` (`placement_id`, `downline_id`, `level`, `matrix`) VALUES ('A9858P', 'ZLSB68', 24, 1);
UPDATE `bv_updation` SET right_carry = right_carry+50, total_right = total_right+50
WHERE `user_id` = 'A9858P';
INSERT INTO `placement_bv_update_history` (`right_carry`, `date`, `from_id`, `user_id`) VALUES ('50', '2024-10-02 07:27:49', 'ZLSB68', 'A9858P');
INSERT INTO `matrix_filling` (`placement_id`, `downline_id`, `level`, `matrix`) VALUES ('admin', 'ZLSB68', 25, 1);
UPDATE `bv_updation` SET right_carry = right_carry+50, total_right = total_right+50
WHERE `user_id` = 'admin';
INSERT INTO `placement_bv_update_history` (`right_carry`, `date`, `from_id`, `user_id`) VALUES ('50', '2024-10-02 07:27:49', 'ZLSB68', 'admin');
INSERT INTO `package_purchase_history` (`user_id`, `package_id`, `reg_fee`, `package_name`, `monthly_fee`, `type`, `date`, `payment_option`) VALUES ('ZLSB68', '2', '595', 'Traveler Pro', '150', 'sign_up', '2024-10-02 07:27:49', 'free');
UPDATE `ci_sessions` SET `timestamp` = 1727872142, `data` = '__ci_last_regenerate|i:1727872142;id|s:4:\"2053\";user_id|s:6:\"GPRO3Q\";username|s:6:\"nelia1\";sponsor_id|s:6:\"ADZTOG\";fullname|s:16:\"Nelia  Dominguez\";email|s:16:\"nelia1@gmail.com\";phone|s:10:\"3057610606\";isLogIn|b:1;'
WHERE `id` = 'f241756f13b949d14cac5a69aa444e9d0e50b8b8';
UPDATE `user_registration` SET `uid` = '2708', `user_id` = 'A2M5ZP', `username` = 'joaquin1', `sponsor_id` = 'GPRO3Q', `vacant` = 'no', `f_name` = 'Joaquin', `l_name` = 'Tenor', `address` = '6520 Kendale Lakes Dr', `position` = 'left', `email` = 'joaquin1@gmail.com', `password` = '21a04cc03de6f12ca7a683c6fd271af4', `phone` = '3057610606', `country` = 'United States', `state` = 'Florida', `city` = 'Miami', `street` = '6520 Kendale Lakes Dr', `zip_code` = '33183', `reg_ip` = '172.70.83.8', `status` = 1, `package_id` = '2', `rank_id` = 1, `highest_rank` = 1, `cycle_rank_id` = 1, `created` = '2024-10-02 07:29:02', `subscription_date` = '2024-11-01', `google_secret` = 'G4OZTE7VHE6DYZFZ'
WHERE `uid` = '2708';
INSERT INTO `user_registration` (`uid`, `user_id`, `username`, `sponsor_id`, `placement_id`, `vacant`, `f_name`, `l_name`, `address`, `position`, `email`, `password`, `phone`, `reg_ip`, `status`, `created`) VALUES (NULL, 'HSCHCD', 'FVxWkNmK', 'A2M5ZP', 'A2M5ZP', 'yes', '', '', '', 'left', '@mail.com', '', '', '', 0, '2024-10-02 07:29:02');
INSERT INTO `user_registration` (`uid`, `user_id`, `username`, `sponsor_id`, `placement_id`, `vacant`, `f_name`, `l_name`, `address`, `position`, `email`, `password`, `phone`, `reg_ip`, `status`, `created`) VALUES (NULL, 'MNMCHW', 'jbniRlPZ', 'A2M5ZP', 'A2M5ZP', 'yes', '', '', '', 'right', '@mail.com', '', '', '', 0, '2024-10-02 07:29:02');
INSERT INTO `bv_updation` (`user_id`) VALUES ('A2M5ZP');
UPDATE `user_registration` SET total_ref_count = total_ref_count+1
WHERE `user_id` = 'GPRO3Q';
UPDATE `user_registration` SET total_downlines = total_downlines+1
WHERE `user_id` = 'ZLSB68';
UPDATE `user_registration` SET left_downlines = left_downlines+1
WHERE `user_id` = 'ZLSB68';
UPDATE `user_registration` SET total_downlines = total_downlines+1
WHERE `user_id` = 'Z4XH2F';
UPDATE `user_registration` SET left_downlines = left_downlines+1
WHERE `user_id` = 'Z4XH2F';
UPDATE `user_registration` SET total_downlines = total_downlines+1
WHERE `user_id` = 'X7SNKX';
UPDATE `user_registration` SET left_downlines = left_downlines+1
WHERE `user_id` = 'X7SNKX';
UPDATE `user_registration` SET total_downlines = total_downlines+1
WHERE `user_id` = '156ZK4';
UPDATE `user_registration` SET left_downlines = left_downlines+1
WHERE `user_id` = '156ZK4';
UPDATE `user_registration` SET total_downlines = total_downlines+1
WHERE `user_id` = 'SY3INH';
UPDATE `user_registration` SET left_downlines = left_downlines+1
WHERE `user_id` = 'SY3INH';
UPDATE `user_registration` SET total_downlines = total_downlines+1
WHERE `user_id` = 'ONUJ59';
UPDATE `user_registration` SET left_downlines = left_downlines+1
WHERE `user_id` = 'ONUJ59';
UPDATE `user_registration` SET total_downlines = total_downlines+1
WHERE `user_id` = 'XJNBTV';
UPDATE `user_registration` SET left_downlines = left_downlines+1
WHERE `user_id` = 'XJNBTV';
UPDATE `user_registration` SET total_downlines = total_downlines+1
WHERE `user_id` = 'UM7JJL';
UPDATE `user_registration` SET left_downlines = left_downlines+1
WHERE `user_id` = 'UM7JJL';
UPDATE `user_registration` SET total_downlines = total_downlines+1
WHERE `user_id` = '9AKTZ1';
UPDATE `user_registration` SET left_downlines = left_downlines+1
WHERE `user_id` = '9AKTZ1';
UPDATE `user_registration` SET total_downlines = total_downlines+1
WHERE `user_id` = 'X94X61';
UPDATE `user_registration` SET left_downlines = left_downlines+1
WHERE `user_id` = 'X94X61';
UPDATE `user_registration` SET total_downlines = total_downlines+1
WHERE `user_id` = 'K9JWBF';
UPDATE `user_registration` SET left_downlines = left_downlines+1
WHERE `user_id` = 'K9JWBF';
UPDATE `user_registration` SET total_downlines = total_downlines+1
WHERE `user_id` = 'WZ9EE2';
UPDATE `user_registration` SET left_downlines = left_downlines+1
WHERE `user_id` = 'WZ9EE2';
UPDATE `user_registration` SET total_downlines = total_downlines+1
WHERE `user_id` = 'I3GVQJ';
UPDATE `user_registration` SET left_downlines = left_downlines+1
WHERE `user_id` = 'I3GVQJ';
UPDATE `user_registration` SET total_downlines = total_downlines+1
WHERE `user_id` = '8MFJJY';
UPDATE `user_registration` SET left_downlines = left_downlines+1
WHERE `user_id` = '8MFJJY';
UPDATE `user_registration` SET total_downlines = total_downlines+1
WHERE `user_id` = 'XX3T74';
UPDATE `user_registration` SET left_downlines = left_downlines+1
WHERE `user_id` = 'XX3T74';
UPDATE `user_registration` SET total_downlines = total_downlines+1
WHERE `user_id` = 'GPRO3Q';
UPDATE `user_registration` SET left_downlines = left_downlines+1
WHERE `user_id` = 'GPRO3Q';
UPDATE `user_registration` SET left_ref_count = left_ref_count+1
WHERE `user_id` = 'GPRO3Q';
UPDATE `user_registration` SET active_left = active_left+1
WHERE `user_id` = 'GPRO3Q';
UPDATE `user_registration` SET total_downlines = total_downlines+1
WHERE `user_id` = 'MBPRQB';
UPDATE `user_registration` SET right_downlines = right_downlines+1
WHERE `user_id` = 'MBPRQB';
UPDATE `user_registration` SET total_downlines = total_downlines+1
WHERE `user_id` = 'X1RH6U';
UPDATE `user_registration` SET right_downlines = right_downlines+1
WHERE `user_id` = 'X1RH6U';
UPDATE `user_registration` SET total_downlines = total_downlines+1
WHERE `user_id` = 'HHALCM';
UPDATE `user_registration` SET right_downlines = right_downlines+1
WHERE `user_id` = 'HHALCM';
UPDATE `user_registration` SET total_downlines = total_downlines+1
WHERE `user_id` = '7WQBA7';
UPDATE `user_registration` SET right_downlines = right_downlines+1
WHERE `user_id` = '7WQBA7';
UPDATE `user_registration` SET total_downlines = total_downlines+1
WHERE `user_id` = 'QPNZO1';
UPDATE `user_registration` SET right_downlines = right_downlines+1
WHERE `user_id` = 'QPNZO1';
UPDATE `user_registration` SET total_downlines = total_downlines+1
WHERE `user_id` = 'KCF78M';
UPDATE `user_registration` SET right_downlines = right_downlines+1
WHERE `user_id` = 'KCF78M';
UPDATE `user_registration` SET total_downlines = total_downlines+1
WHERE `user_id` = '7RY1ZP';
UPDATE `user_registration` SET right_downlines = right_downlines+1
WHERE `user_id` = '7RY1ZP';
UPDATE `user_registration` SET total_downlines = total_downlines+1
WHERE `user_id` = 'ADZTOG';
UPDATE `user_registration` SET right_downlines = right_downlines+1
WHERE `user_id` = 'ADZTOG';
UPDATE `user_registration` SET total_downlines = total_downlines+1
WHERE `user_id` = 'A9858P';
UPDATE `user_registration` SET right_downlines = right_downlines+1
WHERE `user_id` = 'A9858P';
UPDATE `user_registration` SET total_downlines = total_downlines+1
WHERE `user_id` = 'admin';
UPDATE `user_registration` SET right_downlines = right_downlines+1
WHERE `user_id` = 'admin';
INSERT INTO `investment` (`invest_date`, `user_id`, `type`, `amount`, `package_id`) VALUES ('2024-10-02 07:29:02', 'A2M5ZP', 'register', '595', '2');
INSERT INTO `earnings` (`user_id`, `Purchaser_id`, `earning_type`, `package_id`, `amount`, `date`, `comments`, `invest_amount`, `comm_perc`, `level`, `rank_id`, `order_id`) VALUES ('GPRO3Q', 'A2M5ZP', 'Direct Referral Bonus', '2', '100', '2024-10-02 07:29:02', 'Direct Referral Bonus', 0, 0, 1, '', 352);
UPDATE `user_registration` SET commission_balance = ROUND(commission_balance + 100,2)
WHERE `user_id` = 'GPRO3Q';
UPDATE `user_registration` SET referral_bonus = ROUND(referral_bonus + 100,2)
WHERE `user_id` = 'GPRO3Q';
INSERT INTO `earnings` (`user_id`, `Purchaser_id`, `earning_type`, `package_id`, `amount`, `date`, `comments`, `invest_amount`, `comm_perc`, `level`, `rank_id`, `order_id`) VALUES ('ADZTOG', 'A2M5ZP', 'Expansion Bonus', '2', 100, '2024-10-02 07:29:02', 'Expansion Bonus', '100', 0, 1, '', 352);
UPDATE `user_registration` SET commission_balance = ROUND(commission_balance + 100,2)
WHERE `user_id` = 'ADZTOG';
UPDATE `user_registration` SET expansion_bonus = ROUND(expansion_bonus + 100,2)
WHERE `user_id` = 'ADZTOG';
INSERT INTO `earnings` (`user_id`, `Purchaser_id`, `earning_type`, `package_id`, `amount`, `date`, `comments`, `invest_amount`, `comm_perc`, `level`, `rank_id`, `order_id`) VALUES ('A9858P', 'A2M5ZP', 'Expansion Bonus', '2', 100, '2024-10-02 07:29:02', 'Expansion Bonus', 200, 0, 1, '', 352);
UPDATE `user_registration` SET commission_balance = ROUND(commission_balance + 100,2)
WHERE `user_id` = 'A9858P';
UPDATE `user_registration` SET expansion_bonus = ROUND(expansion_bonus + 100,2)
WHERE `user_id` = 'A9858P';
INSERT INTO `matrix_filling` (`placement_id`, `downline_id`, `level`, `matrix`) VALUES ('ZLSB68', 'A2M5ZP', 1, 1);
