UPDATE `user_registration` SET total_downlines = total_downlines+1
WHERE `user_id` = 'ZRNR5B';
UPDATE `user_registration` SET left_downlines = left_downlines+1
WHERE `user_id` = 'ZRNR5B';
UPDATE `user_registration` SET total_downlines = total_downlines+1
WHERE `user_id` = '39X7VR';
UPDATE `user_registration` SET left_downlines = left_downlines+1
WHERE `user_id` = '39X7VR';
UPDATE `user_registration` SET total_downlines = total_downlines+1
WHERE `user_id` = 'WR919N';
UPDATE `user_registration` SET left_downlines = left_downlines+1
WHERE `user_id` = 'WR919N';
UPDATE `user_registration` SET total_downlines = total_downlines+1
WHERE `user_id` = 'W4JUMK';
UPDATE `user_registration` SET left_downlines = left_downlines+1
WHERE `user_id` = 'W4JUMK';
UPDATE `user_registration` SET total_downlines = total_downlines+1
WHERE `user_id` = 'RNSU2J';
UPDATE `user_registration` SET left_downlines = left_downlines+1
WHERE `user_id` = 'RNSU2J';
UPDATE `user_registration` SET total_downlines = total_downlines+1
WHERE `user_id` = 'SUQ9T9';
UPDATE `user_registration` SET left_downlines = left_downlines+1
WHERE `user_id` = 'SUQ9T9';
UPDATE `user_registration` SET total_downlines = total_downlines+1
WHERE `user_id` = 'VEDBAZ';
UPDATE `user_registration` SET left_downlines = left_downlines+1
WHERE `user_id` = 'VEDBAZ';
UPDATE `user_registration` SET total_downlines = total_downlines+1
WHERE `user_id` = '6FCJIY';
UPDATE `user_registration` SET left_downlines = left_downlines+1
WHERE `user_id` = '6FCJIY';
UPDATE `user_registration` SET total_downlines = total_downlines+1
WHERE `user_id` = 'QBNA1J';
UPDATE `user_registration` SET left_downlines = left_downlines+1
WHERE `user_id` = 'QBNA1J';
UPDATE `user_registration` SET total_downlines = total_downlines+1
WHERE `user_id` = '358YCY';
UPDATE `user_registration` SET left_downlines = left_downlines+1
WHERE `user_id` = '358YCY';
UPDATE `user_registration` SET total_downlines = total_downlines+1
WHERE `user_id` = 'KNF698';
UPDATE `user_registration` SET left_downlines = left_downlines+1
WHERE `user_id` = 'KNF698';
UPDATE `user_registration` SET total_downlines = total_downlines+1
WHERE `user_id` = 'P1DMND';
UPDATE `user_registration` SET left_downlines = left_downlines+1
WHERE `user_id` = 'P1DMND';
UPDATE `user_registration` SET total_downlines = total_downlines+1
WHERE `user_id` = 'QNTB7K';
UPDATE `user_registration` SET left_downlines = left_downlines+1
WHERE `user_id` = 'QNTB7K';
UPDATE `user_registration` SET total_downlines = total_downlines+1
WHERE `user_id` = 'DM1Y9N';
UPDATE `user_registration` SET left_downlines = left_downlines+1
WHERE `user_id` = 'DM1Y9N';
UPDATE `user_registration` SET total_downlines = total_downlines+1
WHERE `user_id` = 'A9858P';
UPDATE `user_registration` SET left_downlines = left_downlines+1
WHERE `user_id` = 'A9858P';
UPDATE `user_registration` SET left_ref_count = left_ref_count+1
WHERE `user_id` = 'A9858P';
UPDATE `user_registration` SET active_left = active_left+1
WHERE `user_id` = 'A9858P';
UPDATE `user_registration` SET total_downlines = total_downlines+1
WHERE `user_id` = 'admin';
UPDATE `user_registration` SET right_downlines = right_downlines+1
WHERE `user_id` = 'admin';
INSERT INTO `investment` (`invest_date`, `user_id`, `type`, `amount`, `package_id`) VALUES ('2024-10-01 22:06:06', 'V18KHL', 'register', '595', '2');
INSERT INTO `earnings` (`user_id`, `Purchaser_id`, `earning_type`, `package_id`, `amount`, `date`, `comments`, `invest_amount`, `comm_perc`, `level`, `rank_id`, `order_id`) VALUES ('A9858P', 'V18KHL', 'Direct Referral Bonus', '2', '300', '2024-10-01 22:06:06', 'Direct Referral Bonus', 0, 0, 1, '', 292);
UPDATE `user_registration` SET commission_balance = ROUND(commission_balance + 300,2)
WHERE `user_id` = 'A9858P';
UPDATE `user_registration` SET referral_bonus = ROUND(referral_bonus + 300,2)
WHERE `user_id` = 'A9858P';
INSERT INTO `matrix_filling` (`placement_id`, `downline_id`, `level`, `matrix`) VALUES ('19TCN9', 'V18KHL', 1, 1);
UPDATE `bv_updation` SET left_carry = left_carry+50, total_left = total_left+50
WHERE `user_id` = '19TCN9';
INSERT INTO `placement_bv_update_history` (`left_carry`, `date`, `from_id`, `user_id`) VALUES ('50', '2024-10-01 22:06:06', 'V18KHL', '19TCN9');
INSERT INTO `matrix_filling` (`placement_id`, `downline_id`, `level`, `matrix`) VALUES ('A32116', 'V18KHL', 2, 1);
UPDATE `bv_updation` SET left_carry = left_carry+50, total_left = total_left+50
WHERE `user_id` = 'A32116';
INSERT INTO `placement_bv_update_history` (`left_carry`, `date`, `from_id`, `user_id`) VALUES ('50', '2024-10-01 22:06:06', 'V18KHL', 'A32116');
INSERT INTO `matrix_filling` (`placement_id`, `downline_id`, `level`, `matrix`) VALUES ('ACKNUT', 'V18KHL', 3, 1);
UPDATE `bv_updation` SET left_carry = left_carry+50, total_left = total_left+50
WHERE `user_id` = 'ACKNUT';
INSERT INTO `placement_bv_update_history` (`left_carry`, `date`, `from_id`, `user_id`) VALUES ('50', '2024-10-01 22:06:06', 'V18KHL', 'ACKNUT');
INSERT INTO `matrix_filling` (`placement_id`, `downline_id`, `level`, `matrix`) VALUES ('XJOBN3', 'V18KHL', 4, 1);
UPDATE `bv_updation` SET left_carry = left_carry+50, total_left = total_left+50
WHERE `user_id` = 'XJOBN3';
INSERT INTO `placement_bv_update_history` (`left_carry`, `date`, `from_id`, `user_id`) VALUES ('50', '2024-10-01 22:06:06', 'V18KHL', 'XJOBN3');
INSERT INTO `matrix_filling` (`placement_id`, `downline_id`, `level`, `matrix`) VALUES ('A4GNCF', 'V18KHL', 5, 1);
UPDATE `bv_updation` SET left_carry = left_carry+50, total_left = total_left+50
WHERE `user_id` = 'A4GNCF';
INSERT INTO `placement_bv_update_history` (`left_carry`, `date`, `from_id`, `user_id`) VALUES ('50', '2024-10-01 22:06:06', 'V18KHL', 'A4GNCF');
INSERT INTO `matrix_filling` (`placement_id`, `downline_id`, `level`, `matrix`) VALUES ('FMDFIU', 'V18KHL', 6, 1);
UPDATE `bv_updation` SET left_carry = left_carry+50, total_left = total_left+50
WHERE `user_id` = 'FMDFIU';
INSERT INTO `placement_bv_update_history` (`left_carry`, `date`, `from_id`, `user_id`) VALUES ('50', '2024-10-01 22:06:06', 'V18KHL', 'FMDFIU');
INSERT INTO `matrix_filling` (`placement_id`, `downline_id`, `level`, `matrix`) VALUES ('G31OD2', 'V18KHL', 7, 1);
UPDATE `bv_updation` SET left_carry = left_carry+50, total_left = total_left+50
WHERE `user_id` = 'G31OD2';
INSERT INTO `placement_bv_update_history` (`left_carry`, `date`, `from_id`, `user_id`) VALUES ('50', '2024-10-01 22:06:06', 'V18KHL', 'G31OD2');
INSERT INTO `matrix_filling` (`placement_id`, `downline_id`, `level`, `matrix`) VALUES ('5JEPOS', 'V18KHL', 8, 1);
UPDATE `bv_updation` SET left_carry = left_carry+50, total_left = total_left+50
WHERE `user_id` = '5JEPOS';
INSERT INTO `placement_bv_update_history` (`left_carry`, `date`, `from_id`, `user_id`) VALUES ('50', '2024-10-01 22:06:06', 'V18KHL', '5JEPOS');
INSERT INTO `matrix_filling` (`placement_id`, `downline_id`, `level`, `matrix`) VALUES ('CPXDYN', 'V18KHL', 9, 1);
UPDATE `bv_updation` SET left_carry = left_carry+50, total_left = total_left+50
WHERE `user_id` = 'CPXDYN';
INSERT INTO `placement_bv_update_history` (`left_carry`, `date`, `from_id`, `user_id`) VALUES ('50', '2024-10-01 22:06:06', 'V18KHL', 'CPXDYN');
INSERT INTO `matrix_filling` (`placement_id`, `downline_id`, `level`, `matrix`) VALUES ('AXIXU1', 'V18KHL', 10, 1);
UPDATE `bv_updation` SET left_carry = left_carry+50, total_left = total_left+50
WHERE `user_id` = 'AXIXU1';
INSERT INTO `placement_bv_update_history` (`left_carry`, `date`, `from_id`, `user_id`) VALUES ('50', '2024-10-01 22:06:06', 'V18KHL', 'AXIXU1');
INSERT INTO `matrix_filling` (`placement_id`, `downline_id`, `level`, `matrix`) VALUES ('TZAGUK', 'V18KHL', 11, 1);
UPDATE `bv_updation` SET left_carry = left_carry+50, total_left = total_left+50
WHERE `user_id` = 'TZAGUK';
INSERT INTO `placement_bv_update_history` (`left_carry`, `date`, `from_id`, `user_id`) VALUES ('50', '2024-10-01 22:06:06', 'V18KHL', 'TZAGUK');
INSERT INTO `matrix_filling` (`placement_id`, `downline_id`, `level`, `matrix`) VALUES ('GYO9ED', 'V18KHL', 12, 1);
UPDATE `bv_updation` SET left_carry = left_carry+50, total_left = total_left+50
WHERE `user_id` = 'GYO9ED';
INSERT INTO `placement_bv_update_history` (`left_carry`, `date`, `from_id`, `user_id`) VALUES ('50', '2024-10-01 22:06:06', 'V18KHL', 'GYO9ED');
INSERT INTO `matrix_filling` (`placement_id`, `downline_id`, `level`, `matrix`) VALUES ('JF4CB2', 'V18KHL', 13, 1);
UPDATE `bv_updation` SET left_carry = left_carry+50, total_left = total_left+50
WHERE `user_id` = 'JF4CB2';
INSERT INTO `placement_bv_update_history` (`left_carry`, `date`, `from_id`, `user_id`) VALUES ('50', '2024-10-01 22:06:06', 'V18KHL', 'JF4CB2');
INSERT INTO `matrix_filling` (`placement_id`, `downline_id`, `level`, `matrix`) VALUES ('VT4AZ7', 'V18KHL', 14, 1);
UPDATE `bv_updation` SET left_carry = left_carry+50, total_left = total_left+50
WHERE `user_id` = 'VT4AZ7';
INSERT INTO `placement_bv_update_history` (`left_carry`, `date`, `from_id`, `user_id`) VALUES ('50', '2024-10-01 22:06:06', 'V18KHL', 'VT4AZ7');
INSERT INTO `matrix_filling` (`placement_id`, `downline_id`, `level`, `matrix`) VALUES ('GKT49D', 'V18KHL', 15, 1);
UPDATE `bv_updation` SET left_carry = left_carry+50, total_left = total_left+50
WHERE `user_id` = 'GKT49D';
INSERT INTO `placement_bv_update_history` (`left_carry`, `date`, `from_id`, `user_id`) VALUES ('50', '2024-10-01 22:06:06', 'V18KHL', 'GKT49D');
INSERT INTO `matrix_filling` (`placement_id`, `downline_id`, `level`, `matrix`) VALUES ('TE4EGL', 'V18KHL', 16, 1);
UPDATE `bv_updation` SET left_carry = left_carry+50, total_left = total_left+50
WHERE `user_id` = 'TE4EGL';
INSERT INTO `placement_bv_update_history` (`left_carry`, `date`, `from_id`, `user_id`) VALUES ('50', '2024-10-01 22:06:06', 'V18KHL', 'TE4EGL');
INSERT INTO `matrix_filling` (`placement_id`, `downline_id`, `level`, `matrix`) VALUES ('E7TTFZ', 'V18KHL', 17, 1);
UPDATE `bv_updation` SET left_carry = left_carry+50, total_left = total_left+50
WHERE `user_id` = 'E7TTFZ';
INSERT INTO `placement_bv_update_history` (`left_carry`, `date`, `from_id`, `user_id`) VALUES ('50', '2024-10-01 22:06:06', 'V18KHL', 'E7TTFZ');
INSERT INTO `matrix_filling` (`placement_id`, `downline_id`, `level`, `matrix`) VALUES ('KCJT14', 'V18KHL', 18, 1);
UPDATE `bv_updation` SET left_carry = left_carry+50, total_left = total_left+50
WHERE `user_id` = 'KCJT14';
INSERT INTO `placement_bv_update_history` (`left_carry`, `date`, `from_id`, `user_id`) VALUES ('50', '2024-10-01 22:06:06', 'V18KHL', 'KCJT14');
INSERT INTO `matrix_filling` (`placement_id`, `downline_id`, `level`, `matrix`) VALUES ('MVNGHY', 'V18KHL', 19, 1);
UPDATE `bv_updation` SET left_carry = left_carry+50, total_left = total_left+50
WHERE `user_id` = 'MVNGHY';
INSERT INTO `placement_bv_update_history` (`left_carry`, `date`, `from_id`, `user_id`) VALUES ('50', '2024-10-01 22:06:06', 'V18KHL', 'MVNGHY');
INSERT INTO `matrix_filling` (`placement_id`, `downline_id`, `level`, `matrix`) VALUES ('F3GYJM', 'V18KHL', 20, 1);
UPDATE `bv_updation` SET left_carry = left_carry+50, total_left = total_left+50
WHERE `user_id` = 'F3GYJM';
INSERT INTO `placement_bv_update_history` (`left_carry`, `date`, `from_id`, `user_id`) VALUES ('50', '2024-10-01 22:06:06', 'V18KHL', 'F3GYJM');
INSERT INTO `matrix_filling` (`placement_id`, `downline_id`, `level`, `matrix`) VALUES ('GUATOU', 'V18KHL', 21, 1);
UPDATE `bv_updation` SET left_carry = left_carry+50, total_left = total_left+50
WHERE `user_id` = 'GUATOU';
INSERT INTO `placement_bv_update_history` (`left_carry`, `date`, `from_id`, `user_id`) VALUES ('50', '2024-10-01 22:06:06', 'V18KHL', 'GUATOU');
INSERT INTO `matrix_filling` (`placement_id`, `downline_id`, `level`, `matrix`) VALUES ('CROSFL', 'V18KHL', 22, 1);
UPDATE `bv_updation` SET left_carry = left_carry+50, total_left = total_left+50
WHERE `user_id` = 'CROSFL';
INSERT INTO `placement_bv_update_history` (`left_carry`, `date`, `from_id`, `user_id`) VALUES ('50', '2024-10-01 22:06:06', 'V18KHL', 'CROSFL');
INSERT INTO `matrix_filling` (`placement_id`, `downline_id`, `level`, `matrix`) VALUES ('PYXY11', 'V18KHL', 23, 1);
UPDATE `bv_updation` SET left_carry = left_carry+50, total_left = total_left+50
WHERE `user_id` = 'PYXY11';
INSERT INTO `placement_bv_update_history` (`left_carry`, `date`, `from_id`, `user_id`) VALUES ('50', '2024-10-01 22:06:06', 'V18KHL', 'PYXY11');
INSERT INTO `matrix_filling` (`placement_id`, `downline_id`, `level`, `matrix`) VALUES ('JNECOA', 'V18KHL', 24, 1);
UPDATE `bv_updation` SET left_carry = left_carry+50, total_left = total_left+50
WHERE `user_id` = 'JNECOA';
INSERT INTO `placement_bv_update_history` (`left_carry`, `date`, `from_id`, `user_id`) VALUES ('50', '2024-10-01 22:06:06', 'V18KHL', 'JNECOA');
INSERT INTO `matrix_filling` (`placement_id`, `downline_id`, `level`, `matrix`) VALUES ('CRI9BY', 'V18KHL', 25, 1);
UPDATE `bv_updation` SET left_carry = left_carry+50, total_left = total_left+50
WHERE `user_id` = 'CRI9BY';
INSERT INTO `placement_bv_update_history` (`left_carry`, `date`, `from_id`, `user_id`) VALUES ('50', '2024-10-01 22:06:06', 'V18KHL', 'CRI9BY');
INSERT INTO `matrix_filling` (`placement_id`, `downline_id`, `level`, `matrix`) VALUES ('7V6VUQ', 'V18KHL', 26, 1);
UPDATE `bv_updation` SET left_carry = left_carry+50, total_left = total_left+50
WHERE `user_id` = '7V6VUQ';
INSERT INTO `placement_bv_update_history` (`left_carry`, `date`, `from_id`, `user_id`) VALUES ('50', '2024-10-01 22:06:06', 'V18KHL', '7V6VUQ');
INSERT INTO `matrix_filling` (`placement_id`, `downline_id`, `level`, `matrix`) VALUES ('GQQ5UD', 'V18KHL', 27, 1);
UPDATE `bv_updation` SET left_carry = left_carry+50, total_left = total_left+50
WHERE `user_id` = 'GQQ5UD';
INSERT INTO `placement_bv_update_history` (`left_carry`, `date`, `from_id`, `user_id`) VALUES ('50', '2024-10-01 22:06:06', 'V18KHL', 'GQQ5UD');
INSERT INTO `matrix_filling` (`placement_id`, `downline_id`, `level`, `matrix`) VALUES ('UQ1HCP', 'V18KHL', 28, 1);
UPDATE `bv_updation` SET left_carry = left_carry+50, total_left = total_left+50
WHERE `user_id` = 'UQ1HCP';
INSERT INTO `placement_bv_update_history` (`left_carry`, `date`, `from_id`, `user_id`) VALUES ('50', '2024-10-01 22:06:06', 'V18KHL', 'UQ1HCP');
INSERT INTO `matrix_filling` (`placement_id`, `downline_id`, `level`, `matrix`) VALUES ('ZRNR5B', 'V18KHL', 29, 1);
UPDATE `bv_updation` SET left_carry = left_carry+50, total_left = total_left+50
WHERE `user_id` = 'ZRNR5B';
INSERT INTO `placement_bv_update_history` (`left_carry`, `date`, `from_id`, `user_id`) VALUES ('50', '2024-10-01 22:06:06', 'V18KHL', 'ZRNR5B');
INSERT INTO `matrix_filling` (`placement_id`, `downline_id`, `level`, `matrix`) VALUES ('39X7VR', 'V18KHL', 30, 1);
UPDATE `bv_updation` SET left_carry = left_carry+50, total_left = total_left+50
WHERE `user_id` = '39X7VR';
INSERT INTO `placement_bv_update_history` (`left_carry`, `date`, `from_id`, `user_id`) VALUES ('50', '2024-10-01 22:06:06', 'V18KHL', '39X7VR');
INSERT INTO `matrix_filling` (`placement_id`, `downline_id`, `level`, `matrix`) VALUES ('WR919N', 'V18KHL', 31, 1);
UPDATE `bv_updation` SET left_carry = left_carry+50, total_left = total_left+50
WHERE `user_id` = 'WR919N';
INSERT INTO `placement_bv_update_history` (`left_carry`, `date`, `from_id`, `user_id`) VALUES ('50', '2024-10-01 22:06:06', 'V18KHL', 'WR919N');
INSERT INTO `matrix_filling` (`placement_id`, `downline_id`, `level`, `matrix`) VALUES ('W4JUMK', 'V18KHL', 32, 1);
UPDATE `bv_updation` SET left_carry = left_carry+50, total_left = total_left+50
WHERE `user_id` = 'W4JUMK';
INSERT INTO `placement_bv_update_history` (`left_carry`, `date`, `from_id`, `user_id`) VALUES ('50', '2024-10-01 22:06:06', 'V18KHL', 'W4JUMK');
INSERT INTO `matrix_filling` (`placement_id`, `downline_id`, `level`, `matrix`) VALUES ('RNSU2J', 'V18KHL', 33, 1);
UPDATE `bv_updation` SET left_carry = left_carry+50, total_left = total_left+50
WHERE `user_id` = 'RNSU2J';
INSERT INTO `placement_bv_update_history` (`left_carry`, `date`, `from_id`, `user_id`) VALUES ('50', '2024-10-01 22:06:06', 'V18KHL', 'RNSU2J');
INSERT INTO `matrix_filling` (`placement_id`, `downline_id`, `level`, `matrix`) VALUES ('SUQ9T9', 'V18KHL', 34, 1);
UPDATE `bv_updation` SET left_carry = left_carry+50, total_left = total_left+50
WHERE `user_id` = 'SUQ9T9';
INSERT INTO `placement_bv_update_history` (`left_carry`, `date`, `from_id`, `user_id`) VALUES ('50', '2024-10-01 22:06:06', 'V18KHL', 'SUQ9T9');
INSERT INTO `matrix_filling` (`placement_id`, `downline_id`, `level`, `matrix`) VALUES ('VEDBAZ', 'V18KHL', 35, 1);
UPDATE `bv_updation` SET left_carry = left_carry+50, total_left = total_left+50
WHERE `user_id` = 'VEDBAZ';
INSERT INTO `placement_bv_update_history` (`left_carry`, `date`, `from_id`, `user_id`) VALUES ('50', '2024-10-01 22:06:06', 'V18KHL', 'VEDBAZ');
INSERT INTO `matrix_filling` (`placement_id`, `downline_id`, `level`, `matrix`) VALUES ('6FCJIY', 'V18KHL', 36, 1);
UPDATE `bv_updation` SET left_carry = left_carry+50, total_left = total_left+50
WHERE `user_id` = '6FCJIY';
INSERT INTO `placement_bv_update_history` (`left_carry`, `date`, `from_id`, `user_id`) VALUES ('50', '2024-10-01 22:06:06', 'V18KHL', '6FCJIY');
INSERT INTO `matrix_filling` (`placement_id`, `downline_id`, `level`, `matrix`) VALUES ('QBNA1J', 'V18KHL', 37, 1);
UPDATE `bv_updation` SET left_carry = left_carry+50, total_left = total_left+50
WHERE `user_id` = 'QBNA1J';
INSERT INTO `placement_bv_update_history` (`left_carry`, `date`, `from_id`, `user_id`) VALUES ('50', '2024-10-01 22:06:06', 'V18KHL', 'QBNA1J');
INSERT INTO `matrix_filling` (`placement_id`, `downline_id`, `level`, `matrix`) VALUES ('358YCY', 'V18KHL', 38, 1);
UPDATE `bv_updation` SET left_carry = left_carry+50, total_left = total_left+50
WHERE `user_id` = '358YCY';
INSERT INTO `placement_bv_update_history` (`left_carry`, `date`, `from_id`, `user_id`) VALUES ('50', '2024-10-01 22:06:06', 'V18KHL', '358YCY');
INSERT INTO `matrix_filling` (`placement_id`, `downline_id`, `level`, `matrix`) VALUES ('KNF698', 'V18KHL', 39, 1);
UPDATE `bv_updation` SET left_carry = left_carry+50, total_left = total_left+50
WHERE `user_id` = 'KNF698';
INSERT INTO `placement_bv_update_history` (`left_carry`, `date`, `from_id`, `user_id`) VALUES ('50', '2024-10-01 22:06:06', 'V18KHL', 'KNF698');
INSERT INTO `matrix_filling` (`placement_id`, `downline_id`, `level`, `matrix`) VALUES ('P1DMND', 'V18KHL', 40, 1);
UPDATE `bv_updation` SET left_carry = left_carry+50, total_left = total_left+50
WHERE `user_id` = 'P1DMND';
INSERT INTO `placement_bv_update_history` (`left_carry`, `date`, `from_id`, `user_id`) VALUES ('50', '2024-10-01 22:06:06', 'V18KHL', 'P1DMND');
INSERT INTO `matrix_filling` (`placement_id`, `downline_id`, `level`, `matrix`) VALUES ('QNTB7K', 'V18KHL', 41, 1);
UPDATE `bv_updation` SET left_carry = left_carry+50, total_left = total_left+50
WHERE `user_id` = 'QNTB7K';
INSERT INTO `placement_bv_update_history` (`left_carry`, `date`, `from_id`, `user_id`) VALUES ('50', '2024-10-01 22:06:06', 'V18KHL', 'QNTB7K');
INSERT INTO `matrix_filling` (`placement_id`, `downline_id`, `level`, `matrix`) VALUES ('DM1Y9N', 'V18KHL', 42, 1);
UPDATE `bv_updation` SET left_carry = left_carry+50, total_left = total_left+50
WHERE `user_id` = 'DM1Y9N';
INSERT INTO `placement_bv_update_history` (`left_carry`, `date`, `from_id`, `user_id`) VALUES ('50', '2024-10-01 22:06:06', 'V18KHL', 'DM1Y9N');
INSERT INTO `matrix_filling` (`placement_id`, `downline_id`, `level`, `matrix`) VALUES ('A9858P', 'V18KHL', 43, 1);
UPDATE `bv_updation` SET left_carry = left_carry+50, total_left = total_left+50
WHERE `user_id` = 'A9858P';
INSERT INTO `placement_bv_update_history` (`left_carry`, `date`, `from_id`, `user_id`) VALUES ('50', '2024-10-01 22:06:06', 'V18KHL', 'A9858P');
UPDATE `bv_updation` SET sponsor_left_carry = sponsor_left_carry+50, sponsor_total_left = sponsor_total_left+50
WHERE `user_id` = 'A9858P';
INSERT INTO `sponsor_bv_update_history` (`left_carry`, `date`, `user_id`) VALUES ('50', '2024-10-01 22:06:06', 'A9858P');
INSERT INTO `matrix_filling` (`placement_id`, `downline_id`, `level`, `matrix`) VALUES ('admin', 'V18KHL', 44, 1);
UPDATE `bv_updation` SET right_carry = right_carry+50, total_right = total_right+50
WHERE `user_id` = 'admin';
INSERT INTO `placement_bv_update_history` (`right_carry`, `date`, `from_id`, `user_id`) VALUES ('50', '2024-10-01 22:06:06', 'V18KHL', 'admin');
INSERT INTO `package_purchase_history` (`user_id`, `package_id`, `reg_fee`, `package_name`, `monthly_fee`, `type`, `date`, `payment_option`) VALUES ('V18KHL', '2', '595', 'Traveler Pro', '150', 'sign_up', '2024-10-01 22:06:06', 'free');
UPDATE `user_registration` SET `popup_seen` = 'yes'
WHERE `user_id` = 'A9858P';
UPDATE `user_registration` SET `uid` = '2589', `user_id` = '5VW2TV', `username` = 'patricio1', `sponsor_id` = 'WJR372', `vacant` = 'no', `f_name` = 'Patricio', `l_name` = 'Laguardia', `address` = '6520 Kendale Lakes Dr', `position` = 'right', `email` = 'patricio1@gmail.com', `password` = 'e49f0d2b25ba67f961c297e1fada7aa7', `phone` = '3057610606', `country` = 'United States', `state` = 'Florida', `city` = 'Miami', `street` = '6520 Kendale Lakes Dr', `zip_code` = '33183', `reg_ip` = '172.70.255.26', `status` = 1, `package_id` = '2', `rank_id` = 1, `highest_rank` = 1, `cycle_rank_id` = 1, `created` = '2024-10-01 22:07:06', `subscription_date` = '2024-10-31', `google_secret` = 'AAMUM6JQVSHTGIKQ'
WHERE `uid` = '2589';
INSERT INTO `user_registration` (`uid`, `user_id`, `username`, `sponsor_id`, `placement_id`, `vacant`, `f_name`, `l_name`, `address`, `position`, `email`, `password`, `phone`, `reg_ip`, `status`, `created`) VALUES (NULL, 'GLSSGL', 'XKxEXobZ', '5VW2TV', '5VW2TV', 'yes', '', '', '', 'left', '@mail.com', '', '', '', 0, '2024-10-01 22:07:06');
INSERT INTO `user_registration` (`uid`, `user_id`, `username`, `sponsor_id`, `placement_id`, `vacant`, `f_name`, `l_name`, `address`, `position`, `email`, `password`, `phone`, `reg_ip`, `status`, `created`) VALUES (NULL, 'KJAWLF', 'QfMvjggj', '5VW2TV', '5VW2TV', 'yes', '', '', '', 'right', '@mail.com', '', '', '', 0, '2024-10-01 22:07:06');
INSERT INTO `bv_updation` (`user_id`) VALUES ('5VW2TV');
UPDATE `user_registration` SET total_ref_count = total_ref_count+1
WHERE `user_id` = 'WJR372';
UPDATE `user_registration` SET total_downlines = total_downlines+1
WHERE `user_id` = '1CISMF';
UPDATE `user_registration` SET right_downlines = right_downlines+1
WHERE `user_id` = '1CISMF';
UPDATE `user_registration` SET total_downlines = total_downlines+1
WHERE `user_id` = 'WA5PMD';
UPDATE `user_registration` SET right_downlines = right_downlines+1
WHERE `user_id` = 'WA5PMD';
UPDATE `user_registration` SET total_downlines = total_downlines+1
WHERE `user_id` = 'WJR372';
UPDATE `user_registration` SET right_downlines = right_downlines+1
WHERE `user_id` = 'WJR372';
UPDATE `user_registration` SET right_ref_count = right_ref_count+1
WHERE `user_id` = 'WJR372';
UPDATE `user_registration` SET active_right = active_right+1
WHERE `user_id` = 'WJR372';
UPDATE `user_registration` SET total_downlines = total_downlines+1
WHERE `user_id` = 'YJ6OTD';
UPDATE `user_registration` SET left_downlines = left_downlines+1
WHERE `user_id` = 'YJ6OTD';
UPDATE `user_registration` SET total_downlines = total_downlines+1
WHERE `user_id` = 'F8WLAW';
UPDATE `user_registration` SET left_downlines = left_downlines+1
WHERE `user_id` = 'F8WLAW';
UPDATE `user_registration` SET total_downlines = total_downlines+1
WHERE `user_id` = '9H9OZM';
UPDATE `user_registration` SET left_downlines = left_downlines+1
WHERE `user_id` = '9H9OZM';
UPDATE `user_registration` SET total_downlines = total_downlines+1
WHERE `user_id` = 'DLP7GD';
UPDATE `user_registration` SET left_downlines = left_downlines+1
WHERE `user_id` = 'DLP7GD';
UPDATE `user_registration` SET total_downlines = total_downlines+1
WHERE `user_id` = 'VG9TO9';
UPDATE `user_registration` SET left_downlines = left_downlines+1
WHERE `user_id` = 'VG9TO9';
UPDATE `user_registration` SET total_downlines = total_downlines+1
WHERE `user_id` = 'L8R95F';
UPDATE `user_registration` SET left_downlines = left_downlines+1
WHERE `user_id` = 'L8R95F';
UPDATE `user_registration` SET total_downlines = total_downlines+1
WHERE `user_id` = 'Y9DPUD';
UPDATE `user_registration` SET left_downlines = left_downlines+1
WHERE `user_id` = 'Y9DPUD';
UPDATE `user_registration` SET total_downlines = total_downlines+1
WHERE `user_id` = '5H9TH3';
UPDATE `user_registration` SET left_downlines = left_downlines+1
WHERE `user_id` = '5H9TH3';
UPDATE `user_registration` SET total_downlines = total_downlines+1
WHERE `user_id` = 'MIT9KW';
UPDATE `user_registration` SET left_downlines = left_downlines+1
WHERE `user_id` = 'MIT9KW';
UPDATE `user_registration` SET total_downlines = total_downlines+1
WHERE `user_id` = 'IMUABZ';
UPDATE `user_registration` SET left_downlines = left_downlines+1
WHERE `user_id` = 'IMUABZ';
UPDATE `user_registration` SET total_downlines = total_downlines+1
WHERE `user_id` = 'G54QC4';
UPDATE `user_registration` SET left_downlines = left_downlines+1
WHERE `user_id` = 'G54QC4';
UPDATE `user_registration` SET total_downlines = total_downlines+1
WHERE `user_id` = '9JPZJL';
UPDATE `user_registration` SET left_downlines = left_downlines+1
WHERE `user_id` = '9JPZJL';
UPDATE `user_registration` SET total_downlines = total_downlines+1
WHERE `user_id` = 'E3PPZ3';
UPDATE `user_registration` SET left_downlines = left_downlines+1
WHERE `user_id` = 'E3PPZ3';
UPDATE `user_registration` SET total_downlines = total_downlines+1
WHERE `user_id` = '7RY1ZP';
UPDATE `user_registration` SET left_downlines = left_downlines+1
WHERE `user_id` = '7RY1ZP';
UPDATE `user_registration` SET total_downlines = total_downlines+1
WHERE `user_id` = 'ADZTOG';
UPDATE `user_registration` SET right_downlines = right_downlines+1
WHERE `user_id` = 'ADZTOG';
UPDATE `user_registration` SET total_downlines = total_downlines+1
WHERE `user_id` = 'A9858P';
UPDATE `user_registration` SET right_downlines = right_downlines+1
WHERE `user_id` = 'A9858P';
UPDATE `user_registration` SET total_downlines = total_downlines+1
WHERE `user_id` = 'admin';
UPDATE `user_registration` SET right_downlines = right_downlines+1
WHERE `user_id` = 'admin';
INSERT INTO `investment` (`invest_date`, `user_id`, `type`, `amount`, `package_id`) VALUES ('2024-10-01 22:07:07', '5VW2TV', 'register', '595', '2');
INSERT INTO `earnings` (`user_id`, `Purchaser_id`, `earning_type`, `package_id`, `amount`, `date`, `comments`, `invest_amount`, `comm_perc`, `level`, `rank_id`, `order_id`) VALUES ('WJR372', '5VW2TV', 'Direct Referral Bonus', '2', '100', '2024-10-01 22:07:07', 'Direct Referral Bonus', 0, 0, 1, '', 293);
UPDATE `user_registration` SET commission_balance = ROUND(commission_balance + 100,2)
WHERE `user_id` = 'WJR372';
UPDATE `user_registration` SET referral_bonus = ROUND(referral_bonus + 100,2)
WHERE `user_id` = 'WJR372';
INSERT INTO `earnings` (`user_id`, `Purchaser_id`, `earning_type`, `package_id`, `amount`, `date`, `comments`, `invest_amount`, `comm_perc`, `level`, `rank_id`, `order_id`) VALUES ('7RY1ZP', '5VW2TV', 'Expansion Bonus', '2', 100, '2024-10-01 22:07:07', 'Expansion Bonus', '100', 0, 1, '', 293);
UPDATE `user_registration` SET commission_balance = ROUND(commission_balance + 100,2)
WHERE `user_id` = '7RY1ZP';
UPDATE `user_registration` SET expansion_bonus = ROUND(expansion_bonus + 100,2)
WHERE `user_id` = '7RY1ZP';
INSERT INTO `earnings` (`user_id`, `Purchaser_id`, `earning_type`, `package_id`, `amount`, `date`, `comments`, `invest_amount`, `comm_perc`, `level`, `rank_id`, `order_id`) VALUES ('A9858P', '5VW2TV', 'Expansion Bonus', '2', 100, '2024-10-01 22:07:07', 'Expansion Bonus', 200, 0, 1, '', 293);
UPDATE `user_registration` SET commission_balance = ROUND(commission_balance + 100,2)
WHERE `user_id` = 'A9858P';
UPDATE `user_registration` SET expansion_bonus = ROUND(expansion_bonus + 100,2)
WHERE `user_id` = 'A9858P';
INSERT INTO `matrix_filling` (`placement_id`, `downline_id`, `level`, `matrix`) VALUES ('1CISMF', '5VW2TV', 1, 1);
UPDATE `bv_updation` SET right_carry = right_carry+50, total_right = total_right+50
WHERE `user_id` = '1CISMF';
INSERT INTO `placement_bv_update_history` (`right_carry`, `date`, `from_id`, `user_id`) VALUES ('50', '2024-10-01 22:07:07', '5VW2TV', '1CISMF');
INSERT INTO `matrix_filling` (`placement_id`, `downline_id`, `level`, `matrix`) VALUES ('WA5PMD', '5VW2TV', 2, 1);
UPDATE `bv_updation` SET right_carry = right_carry+50, total_right = total_right+50
WHERE `user_id` = 'WA5PMD';
INSERT INTO `placement_bv_update_history` (`right_carry`, `date`, `from_id`, `user_id`) VALUES ('50', '2024-10-01 22:07:07', '5VW2TV', 'WA5PMD');
INSERT INTO `matrix_filling` (`placement_id`, `downline_id`, `level`, `matrix`) VALUES ('WJR372', '5VW2TV', 3, 1);
UPDATE `bv_updation` SET right_carry = right_carry+50, total_right = total_right+50
WHERE `user_id` = 'WJR372';
INSERT INTO `placement_bv_update_history` (`right_carry`, `date`, `from_id`, `user_id`) VALUES ('50', '2024-10-01 22:07:07', '5VW2TV', 'WJR372');
UPDATE `bv_updation` SET sponsor_right_carry = sponsor_right_carry+50, sponsor_total_right = sponsor_total_right+50
WHERE `user_id` = 'WJR372';
INSERT INTO `sponsor_bv_update_history` (`right_carry`, `date`, `user_id`) VALUES ('50', '2024-10-01 22:07:07', 'WJR372');
INSERT INTO `matrix_filling` (`placement_id`, `downline_id`, `level`, `matrix`) VALUES ('YJ6OTD', '5VW2TV', 4, 1);
UPDATE `bv_updation` SET left_carry = left_carry+50, total_left = total_left+50
WHERE `user_id` = 'YJ6OTD';
INSERT INTO `placement_bv_update_history` (`left_carry`, `date`, `from_id`, `user_id`) VALUES ('50', '2024-10-01 22:07:07', '5VW2TV', 'YJ6OTD');
INSERT INTO `matrix_filling` (`placement_id`, `downline_id`, `level`, `matrix`) VALUES ('F8WLAW', '5VW2TV', 5, 1);
UPDATE `bv_updation` SET left_carry = left_carry+50, total_left = total_left+50
WHERE `user_id` = 'F8WLAW';
INSERT INTO `placement_bv_update_history` (`left_carry`, `date`, `from_id`, `user_id`) VALUES ('50', '2024-10-01 22:07:07', '5VW2TV', 'F8WLAW');
INSERT INTO `matrix_filling` (`placement_id`, `downline_id`, `level`, `matrix`) VALUES ('9H9OZM', '5VW2TV', 6, 1);
UPDATE `bv_updation` SET left_carry = left_carry+50, total_left = total_left+50
WHERE `user_id` = '9H9OZM';
INSERT INTO `placement_bv_update_history` (`left_carry`, `date`, `from_id`, `user_id`) VALUES ('50', '2024-10-01 22:07:07', '5VW2TV', '9H9OZM');
INSERT INTO `matrix_filling` (`placement_id`, `downline_id`, `level`, `matrix`) VALUES ('DLP7GD', '5VW2TV', 7, 1);
UPDATE `bv_updation` SET left_carry = left_carry+50, total_left = total_left+50
WHERE `user_id` = 'DLP7GD';
INSERT INTO `placement_bv_update_history` (`left_carry`, `date`, `from_id`, `user_id`) VALUES ('50', '2024-10-01 22:07:07', '5VW2TV', 'DLP7GD');
INSERT INTO `matrix_filling` (`placement_id`, `downline_id`, `level`, `matrix`) VALUES ('VG9TO9', '5VW2TV', 8, 1);
UPDATE `bv_updation` SET left_carry = left_carry+50, total_left = total_left+50
WHERE `user_id` = 'VG9TO9';
INSERT INTO `placement_bv_update_history` (`left_carry`, `date`, `from_id`, `user_id`) VALUES ('50', '2024-10-01 22:07:07', '5VW2TV', 'VG9TO9');
INSERT INTO `matrix_filling` (`placement_id`, `downline_id`, `level`, `matrix`) VALUES ('L8R95F', '5VW2TV', 9, 1);
UPDATE `bv_updation` SET left_carry = left_carry+50, total_left = total_left+50
WHERE `user_id` = 'L8R95F';
INSERT INTO `placement_bv_update_history` (`left_carry`, `date`, `from_id`, `user_id`) VALUES ('50', '2024-10-01 22:07:07', '5VW2TV', 'L8R95F');
INSERT INTO `matrix_filling` (`placement_id`, `downline_id`, `level`, `matrix`) VALUES ('Y9DPUD', '5VW2TV', 10, 1);
UPDATE `bv_updation` SET left_carry = left_carry+50, total_left = total_left+50
WHERE `user_id` = 'Y9DPUD';
INSERT INTO `placement_bv_update_history` (`left_carry`, `date`, `from_id`, `user_id`) VALUES ('50', '2024-10-01 22:07:07', '5VW2TV', 'Y9DPUD');
INSERT INTO `matrix_filling` (`placement_id`, `downline_id`, `level`, `matrix`) VALUES ('5H9TH3', '5VW2TV', 11, 1);
UPDATE `bv_updation` SET left_carry = left_carry+50, total_left = total_left+50
WHERE `user_id` = '5H9TH3';
INSERT INTO `placement_bv_update_history` (`left_carry`, `date`, `from_id`, `user_id`) VALUES ('50', '2024-10-01 22:07:07', '5VW2TV', '5H9TH3');
INSERT INTO `matrix_filling` (`placement_id`, `downline_id`, `level`, `matrix`) VALUES ('MIT9KW', '5VW2TV', 12, 1);
UPDATE `bv_updation` SET left_carry = left_carry+50, total_left = total_left+50
WHERE `user_id` = 'MIT9KW';
INSERT INTO `placement_bv_update_history` (`left_carry`, `date`, `from_id`, `user_id`) VALUES ('50', '2024-10-01 22:07:07', '5VW2TV', 'MIT9KW');
INSERT INTO `matrix_filling` (`placement_id`, `downline_id`, `level`, `matrix`) VALUES ('IMUABZ', '5VW2TV', 13, 1);
UPDATE `bv_updation` SET left_carry = left_carry+50, total_left = total_left+50
WHERE `user_id` = 'IMUABZ';
INSERT INTO `placement_bv_update_history` (`left_carry`, `date`, `from_id`, `user_id`) VALUES ('50', '2024-10-01 22:07:07', '5VW2TV', 'IMUABZ');
INSERT INTO `matrix_filling` (`placement_id`, `downline_id`, `level`, `matrix`) VALUES ('G54QC4', '5VW2TV', 14, 1);
UPDATE `bv_updation` SET left_carry = left_carry+50, total_left = total_left+50
WHERE `user_id` = 'G54QC4';
INSERT INTO `placement_bv_update_history` (`left_carry`, `date`, `from_id`, `user_id`) VALUES ('50', '2024-10-01 22:07:07', '5VW2TV', 'G54QC4');
INSERT INTO `matrix_filling` (`placement_id`, `downline_id`, `level`, `matrix`) VALUES ('9JPZJL', '5VW2TV', 15, 1);
UPDATE `bv_updation` SET left_carry = left_carry+50, total_left = total_left+50
WHERE `user_id` = '9JPZJL';
INSERT INTO `placement_bv_update_history` (`left_carry`, `date`, `from_id`, `user_id`) VALUES ('50', '2024-10-01 22:07:07', '5VW2TV', '9JPZJL');
INSERT INTO `matrix_filling` (`placement_id`, `downline_id`, `level`, `matrix`) VALUES ('E3PPZ3', '5VW2TV', 16, 1);
UPDATE `bv_updation` SET left_carry = left_carry+50, total_left = total_left+50
WHERE `user_id` = 'E3PPZ3';
INSERT INTO `placement_bv_update_history` (`left_carry`, `date`, `from_id`, `user_id`) VALUES ('50', '2024-10-01 22:07:07', '5VW2TV', 'E3PPZ3');
INSERT INTO `matrix_filling` (`placement_id`, `downline_id`, `level`, `matrix`) VALUES ('7RY1ZP', '5VW2TV', 17, 1);
UPDATE `bv_updation` SET left_carry = left_carry+50, total_left = total_left+50
WHERE `user_id` = '7RY1ZP';
INSERT INTO `placement_bv_update_history` (`left_carry`, `date`, `from_id`, `user_id`) VALUES ('50', '2024-10-01 22:07:07', '5VW2TV', '7RY1ZP');
INSERT INTO `matrix_filling` (`placement_id`, `downline_id`, `level`, `matrix`) VALUES ('ADZTOG', '5VW2TV', 18, 1);
UPDATE `bv_updation` SET right_carry = right_carry+50, total_right = total_right+50
WHERE `user_id` = 'ADZTOG';
INSERT INTO `placement_bv_update_history` (`right_carry`, `date`, `from_id`, `user_id`) VALUES ('50', '2024-10-01 22:07:07', '5VW2TV', 'ADZTOG');
INSERT INTO `matrix_filling` (`placement_id`, `downline_id`, `level`, `matrix`) VALUES ('A9858P', '5VW2TV', 19, 1);
UPDATE `bv_updation` SET right_carry = right_carry+50, total_right = total_right+50
WHERE `user_id` = 'A9858P';
INSERT INTO `placement_bv_update_history` (`right_carry`, `date`, `from_id`, `user_id`) VALUES ('50', '2024-10-01 22:07:07', '5VW2TV', 'A9858P');
INSERT INTO `matrix_filling` (`placement_id`, `downline_id`, `level`, `matrix`) VALUES ('admin', '5VW2TV', 20, 1);
UPDATE `bv_updation` SET right_carry = right_carry+50, total_right = total_right+50
WHERE `user_id` = 'admin';
INSERT INTO `placement_bv_update_history` (`right_carry`, `date`, `from_id`, `user_id`) VALUES ('50', '2024-10-01 22:07:07', '5VW2TV', 'admin');
INSERT INTO `package_purchase_history` (`user_id`, `package_id`, `reg_fee`, `package_name`, `monthly_fee`, `type`, `date`, `payment_option`) VALUES ('5VW2TV', '2', '595', 'Traveler Pro', '150', 'sign_up', '2024-10-01 22:07:07', 'free');
UPDATE `user_registration` SET `popup_seen` = 'yes'
WHERE `user_id` = 'A9858P';
UPDATE `ci_sessions` SET `timestamp` = 1727838465, `data` = '__ci_last_regenerate|i:1727838465;id|s:4:\"2021\";user_id|s:6:\"A9858P\";username|s:6:\"emilio\";sponsor_id|s:5:\"admin\";fullname|s:14:\"Emilio Tapanes\";email|s:23:\"emiliotapanes@gmail.com\";phone|s:10:\"7862876762\";isLogIn|b:1;'
WHERE `id` = '1d08ffc23f072549f4ab3118b6cb21af9fe394cc';
UPDATE `user_registration` SET `popup_seen` = 'no'
WHERE `user_id` = 'A9858P';
DELETE FROM `ci_sessions`
WHERE `id` = '11a39736e5913e41e4ddf4325c021c8e7cd99921';
INSERT INTO `login_history` (`user_id`, `device`, `ip_address`, `date`) VALUES ('LUAGN1', 'Mozilla/5.0 (Windows NT 10.0; Win64; x64) AppleWebKit/537.36 (KHTML, like Gecko) Chrome/128.0.0.0 Safari/537.36', '172.70.55.167', '24-10-01 22:08');
UPDATE `user_registration` SET `popup_seen` = 'yes'
WHERE `user_id` = 'LUAGN1';
UPDATE `ci_sessions` SET `timestamp` = 1727838527, `data` = '__ci_last_regenerate|i:1727838527;id|s:4:\"2346\";user_id|s:6:\"WJR372\";username|s:6:\"david1\";sponsor_id|s:6:\"7RY1ZP\";fullname|s:13:\"David Méndez\";email|s:16:\"david1@gmail.com\";phone|s:10:\"3057610606\";isLogIn|b:1;'
WHERE `id` = '632930634d2e1074c598d8a2a8a24927750aad83';
UPDATE `user_registration` SET `uid` = '2593', `user_id` = 'G6LBV6', `username` = 'marcelo1', `sponsor_id` = 'WJR372', `vacant` = 'no', `f_name` = 'Marcelo', `l_name` = 'Salado', `address` = '6520 Kendale Lakes Dr', `position` = 'right', `email` = 'marcelo1@gmail.com', `password` = 'a15170e6ec6f9f461ed1612840972257', `phone` = '3057610606', `country` = 'United States', `state` = 'Florida', `city` = 'Miami', `street` = '6520 Kendale Lakes Dr', `zip_code` = '33183', `reg_ip` = '172.70.54.30', `status` = 1, `package_id` = '2', `rank_id` = 1, `highest_rank` = 1, `cycle_rank_id` = 1, `created` = '2024-10-01 22:09:18', `subscription_date` = '2024-10-31', `google_secret` = '65PIOJRLOYBPJ7XF'
WHERE `uid` = '2593';
INSERT INTO `user_registration` (`uid`, `user_id`, `username`, `sponsor_id`, `placement_id`, `vacant`, `f_name`, `l_name`, `address`, `position`, `email`, `password`, `phone`, `reg_ip`, `status`, `created`) VALUES (NULL, 'AFIYQV', 'hXKRopay', 'G6LBV6', 'G6LBV6', 'yes', '', '', '', 'left', '@mail.com', '', '', '', 0, '2024-10-01 22:09:18');
INSERT INTO `user_registration` (`uid`, `user_id`, `username`, `sponsor_id`, `placement_id`, `vacant`, `f_name`, `l_name`, `address`, `position`, `email`, `password`, `phone`, `reg_ip`, `status`, `created`) VALUES (NULL, 'UPWOZL', 'MTbWukUr', 'G6LBV6', 'G6LBV6', 'yes', '', '', '', 'right', '@mail.com', '', '', '', 0, '2024-10-01 22:09:18');
INSERT INTO `bv_updation` (`user_id`) VALUES ('G6LBV6');
UPDATE `user_registration` SET total_ref_count = total_ref_count+1
WHERE `user_id` = 'WJR372';
UPDATE `user_registration` SET total_downlines = total_downlines+1
WHERE `user_id` = '5VW2TV';
UPDATE `user_registration` SET right_downlines = right_downlines+1
WHERE `user_id` = '5VW2TV';
UPDATE `user_registration` SET total_downlines = total_downlines+1
WHERE `user_id` = '1CISMF';
UPDATE `user_registration` SET right_downlines = right_downlines+1
WHERE `user_id` = '1CISMF';
UPDATE `user_registration` SET total_downlines = total_downlines+1
WHERE `user_id` = 'WA5PMD';
UPDATE `user_registration` SET right_downlines = right_downlines+1
WHERE `user_id` = 'WA5PMD';
UPDATE `user_registration` SET total_downlines = total_downlines+1
WHERE `user_id` = 'WJR372';
UPDATE `user_registration` SET right_downlines = right_downlines+1
WHERE `user_id` = 'WJR372';
UPDATE `user_registration` SET right_ref_count = right_ref_count+1
WHERE `user_id` = 'WJR372';
UPDATE `user_registration` SET active_right = active_right+1
WHERE `user_id` = 'WJR372';
UPDATE `user_registration` SET total_downlines = total_downlines+1
WHERE `user_id` = 'YJ6OTD';
UPDATE `user_registration` SET left_downlines = left_downlines+1
WHERE `user_id` = 'YJ6OTD';
UPDATE `user_registration` SET total_downlines = total_downlines+1
WHERE `user_id` = 'F8WLAW';
UPDATE `user_registration` SET left_downlines = left_downlines+1
WHERE `user_id` = 'F8WLAW';
UPDATE `user_registration` SET total_downlines = total_downlines+1
WHERE `user_id` = '9H9OZM';
UPDATE `user_registration` SET left_downlines = left_downlines+1
WHERE `user_id` = '9H9OZM';
UPDATE `user_registration` SET total_downlines = total_downlines+1
WHERE `user_id` = 'DLP7GD';
UPDATE `user_registration` SET left_downlines = left_downlines+1
WHERE `user_id` = 'DLP7GD';
UPDATE `user_registration` SET total_downlines = total_downlines+1
WHERE `user_id` = 'VG9TO9';
UPDATE `user_registration` SET left_downlines = left_downlines+1
WHERE `user_id` = 'VG9TO9';
UPDATE `user_registration` SET total_downlines = total_downlines+1
WHERE `user_id` = 'L8R95F';
UPDATE `user_registration` SET left_downlines = left_downlines+1
WHERE `user_id` = 'L8R95F';
UPDATE `user_registration` SET total_downlines = total_downlines+1
WHERE `user_id` = 'Y9DPUD';
UPDATE `user_registration` SET left_downlines = left_downlines+1
WHERE `user_id` = 'Y9DPUD';
UPDATE `user_registration` SET total_downlines = total_downlines+1
WHERE `user_id` = '5H9TH3';
UPDATE `user_registration` SET left_downlines = left_downlines+1
WHERE `user_id` = '5H9TH3';
UPDATE `user_registration` SET total_downlines = total_downlines+1
WHERE `user_id` = 'MIT9KW';
UPDATE `user_registration` SET left_downlines = left_downlines+1
WHERE `user_id` = 'MIT9KW';
UPDATE `user_registration` SET total_downlines = total_downlines+1
WHERE `user_id` = 'IMUABZ';
UPDATE `user_registration` SET left_downlines = left_downlines+1
WHERE `user_id` = 'IMUABZ';
UPDATE `user_registration` SET total_downlines = total_downlines+1
WHERE `user_id` = 'G54QC4';
UPDATE `user_registration` SET left_downlines = left_downlines+1
WHERE `user_id` = 'G54QC4';
UPDATE `user_registration` SET total_downlines = total_downlines+1
WHERE `user_id` = '9JPZJL';
UPDATE `user_registration` SET left_downlines = left_downlines+1
WHERE `user_id` = '9JPZJL';
UPDATE `user_registration` SET total_downlines = total_downlines+1
WHERE `user_id` = 'E3PPZ3';
UPDATE `user_registration` SET left_downlines = left_downlines+1
WHERE `user_id` = 'E3PPZ3';
UPDATE `user_registration` SET total_downlines = total_downlines+1
WHERE `user_id` = '7RY1ZP';
UPDATE `user_registration` SET left_downlines = left_downlines+1
WHERE `user_id` = '7RY1ZP';
UPDATE `user_registration` SET total_downlines = total_downlines+1
WHERE `user_id` = 'ADZTOG';
UPDATE `user_registration` SET right_downlines = right_downlines+1
WHERE `user_id` = 'ADZTOG';
UPDATE `user_registration` SET total_downlines = total_downlines+1
WHERE `user_id` = 'A9858P';
UPDATE `user_registration` SET right_downlines = right_downlines+1
WHERE `user_id` = 'A9858P';
UPDATE `user_registration` SET total_downlines = total_downlines+1
WHERE `user_id` = 'admin';
UPDATE `user_registration` SET right_downlines = right_downlines+1
WHERE `user_id` = 'admin';
INSERT INTO `investment` (`invest_date`, `user_id`, `type`, `amount`, `package_id`) VALUES ('2024-10-01 22:09:18', 'G6LBV6', 'register', '595', '2');
INSERT INTO `earnings` (`user_id`, `Purchaser_id`, `earning_type`, `package_id`, `amount`, `date`, `comments`, `invest_amount`, `comm_perc`, `level`, `rank_id`, `order_id`) VALUES ('WJR372', 'G6LBV6', 'Direct Referral Bonus', '2', '100', '2024-10-01 22:09:18', 'Direct Referral Bonus', 0, 0, 1, '', 294);
UPDATE `user_registration` SET commission_balance = ROUND(commission_balance + 100,2)
WHERE `user_id` = 'WJR372';
UPDATE `user_registration` SET referral_bonus = ROUND(referral_bonus + 100,2)
WHERE `user_id` = 'WJR372';
INSERT INTO `earnings` (`user_id`, `Purchaser_id`, `earning_type`, `package_id`, `amount`, `date`, `comments`, `invest_amount`, `comm_perc`, `level`, `rank_id`, `order_id`) VALUES ('7RY1ZP', 'G6LBV6', 'Expansion Bonus', '2', 100, '2024-10-01 22:09:18', 'Expansion Bonus', '100', 0, 1, '', 294);
UPDATE `user_registration` SET commission_balance = ROUND(commission_balance + 100,2)
WHERE `user_id` = '7RY1ZP';
UPDATE `user_registration` SET expansion_bonus = ROUND(expansion_bonus + 100,2)
WHERE `user_id` = '7RY1ZP';
INSERT INTO `earnings` (`user_id`, `Purchaser_id`, `earning_type`, `package_id`, `amount`, `date`, `comments`, `invest_amount`, `comm_perc`, `level`, `rank_id`, `order_id`) VALUES ('A9858P', 'G6LBV6', 'Expansion Bonus', '2', 100, '2024-10-01 22:09:18', 'Expansion Bonus', 200, 0, 1, '', 294);
UPDATE `user_registration` SET commission_balance = ROUND(commission_balance + 100,2)
WHERE `user_id` = 'A9858P';
UPDATE `user_registration` SET expansion_bonus = ROUND(expansion_bonus + 100,2)
WHERE `user_id` = 'A9858P';
INSERT INTO `matrix_filling` (`placement_id`, `downline_id`, `level`, `matrix`) VALUES ('5VW2TV', 'G6LBV6', 1, 1);
UPDATE `bv_updation` SET right_carry = right_carry+50, total_right = total_right+50
WHERE `user_id` = '5VW2TV';
INSERT INTO `placement_bv_update_history` (`right_carry`, `date`, `from_id`, `user_id`) VALUES ('50', '2024-10-01 22:09:18', 'G6LBV6', '5VW2TV');
INSERT INTO `matrix_filling` (`placement_id`, `downline_id`, `level`, `matrix`) VALUES ('1CISMF', 'G6LBV6', 2, 1);
UPDATE `bv_updation` SET right_carry = right_carry+50, total_right = total_right+50
WHERE `user_id` = '1CISMF';
INSERT INTO `placement_bv_update_history` (`right_carry`, `date`, `from_id`, `user_id`) VALUES ('50', '2024-10-01 22:09:18', 'G6LBV6', '1CISMF');
INSERT INTO `matrix_filling` (`placement_id`, `downline_id`, `level`, `matrix`) VALUES ('WA5PMD', 'G6LBV6', 3, 1);
UPDATE `bv_updation` SET right_carry = right_carry+50, total_right = total_right+50
WHERE `user_id` = 'WA5PMD';
INSERT INTO `placement_bv_update_history` (`right_carry`, `date`, `from_id`, `user_id`) VALUES ('50', '2024-10-01 22:09:18', 'G6LBV6', 'WA5PMD');
INSERT INTO `matrix_filling` (`placement_id`, `downline_id`, `level`, `matrix`) VALUES ('WJR372', 'G6LBV6', 4, 1);
UPDATE `bv_updation` SET right_carry = right_carry+50, total_right = total_right+50
WHERE `user_id` = 'WJR372';
INSERT INTO `placement_bv_update_history` (`right_carry`, `date`, `from_id`, `user_id`) VALUES ('50', '2024-10-01 22:09:18', 'G6LBV6', 'WJR372');
UPDATE `bv_updation` SET sponsor_right_carry = sponsor_right_carry+50, sponsor_total_right = sponsor_total_right+50
WHERE `user_id` = 'WJR372';
INSERT INTO `sponsor_bv_update_history` (`right_carry`, `date`, `user_id`) VALUES ('50', '2024-10-01 22:09:18', 'WJR372');
INSERT INTO `matrix_filling` (`placement_id`, `downline_id`, `level`, `matrix`) VALUES ('YJ6OTD', 'G6LBV6', 5, 1);
UPDATE `bv_updation` SET left_carry = left_carry+50, total_left = total_left+50
WHERE `user_id` = 'YJ6OTD';
INSERT INTO `placement_bv_update_history` (`left_carry`, `date`, `from_id`, `user_id`) VALUES ('50', '2024-10-01 22:09:18', 'G6LBV6', 'YJ6OTD');
INSERT INTO `matrix_filling` (`placement_id`, `downline_id`, `level`, `matrix`) VALUES ('F8WLAW', 'G6LBV6', 6, 1);
UPDATE `bv_updation` SET left_carry = left_carry+50, total_left = total_left+50
WHERE `user_id` = 'F8WLAW';
INSERT INTO `placement_bv_update_history` (`left_carry`, `date`, `from_id`, `user_id`) VALUES ('50', '2024-10-01 22:09:18', 'G6LBV6', 'F8WLAW');
INSERT INTO `matrix_filling` (`placement_id`, `downline_id`, `level`, `matrix`) VALUES ('9H9OZM', 'G6LBV6', 7, 1);
UPDATE `bv_updation` SET left_carry = left_carry+50, total_left = total_left+50
WHERE `user_id` = '9H9OZM';
INSERT INTO `placement_bv_update_history` (`left_carry`, `date`, `from_id`, `user_id`) VALUES ('50', '2024-10-01 22:09:18', 'G6LBV6', '9H9OZM');
INSERT INTO `matrix_filling` (`placement_id`, `downline_id`, `level`, `matrix`) VALUES ('DLP7GD', 'G6LBV6', 8, 1);
UPDATE `bv_updation` SET left_carry = left_carry+50, total_left = total_left+50
WHERE `user_id` = 'DLP7GD';
INSERT INTO `placement_bv_update_history` (`left_carry`, `date`, `from_id`, `user_id`) VALUES ('50', '2024-10-01 22:09:18', 'G6LBV6', 'DLP7GD');
INSERT INTO `matrix_filling` (`placement_id`, `downline_id`, `level`, `matrix`) VALUES ('VG9TO9', 'G6LBV6', 9, 1);
UPDATE `bv_updation` SET left_carry = left_carry+50, total_left = total_left+50
WHERE `user_id` = 'VG9TO9';
INSERT INTO `placement_bv_update_history` (`left_carry`, `date`, `from_id`, `user_id`) VALUES ('50', '2024-10-01 22:09:18', 'G6LBV6', 'VG9TO9');
INSERT INTO `matrix_filling` (`placement_id`, `downline_id`, `level`, `matrix`) VALUES ('L8R95F', 'G6LBV6', 10, 1);
UPDATE `bv_updation` SET left_carry = left_carry+50, total_left = total_left+50
WHERE `user_id` = 'L8R95F';
INSERT INTO `placement_bv_update_history` (`left_carry`, `date`, `from_id`, `user_id`) VALUES ('50', '2024-10-01 22:09:18', 'G6LBV6', 'L8R95F');
INSERT INTO `matrix_filling` (`placement_id`, `downline_id`, `level`, `matrix`) VALUES ('Y9DPUD', 'G6LBV6', 11, 1);
UPDATE `bv_updation` SET left_carry = left_carry+50, total_left = total_left+50
WHERE `user_id` = 'Y9DPUD';
INSERT INTO `placement_bv_update_history` (`left_carry`, `date`, `from_id`, `user_id`) VALUES ('50', '2024-10-01 22:09:18', 'G6LBV6', 'Y9DPUD');
INSERT INTO `matrix_filling` (`placement_id`, `downline_id`, `level`, `matrix`) VALUES ('5H9TH3', 'G6LBV6', 12, 1);
UPDATE `bv_updation` SET left_carry = left_carry+50, total_left = total_left+50
WHERE `user_id` = '5H9TH3';
INSERT INTO `placement_bv_update_history` (`left_carry`, `date`, `from_id`, `user_id`) VALUES ('50', '2024-10-01 22:09:18', 'G6LBV6', '5H9TH3');
INSERT INTO `matrix_filling` (`placement_id`, `downline_id`, `level`, `matrix`) VALUES ('MIT9KW', 'G6LBV6', 13, 1);
UPDATE `bv_updation` SET left_carry = left_carry+50, total_left = total_left+50
WHERE `user_id` = 'MIT9KW';
INSERT INTO `placement_bv_update_history` (`left_carry`, `date`, `from_id`, `user_id`) VALUES ('50', '2024-10-01 22:09:18', 'G6LBV6', 'MIT9KW');
INSERT INTO `matrix_filling` (`placement_id`, `downline_id`, `level`, `matrix`) VALUES ('IMUABZ', 'G6LBV6', 14, 1);
UPDATE `bv_updation` SET left_carry = left_carry+50, total_left = total_left+50
WHERE `user_id` = 'IMUABZ';
INSERT INTO `placement_bv_update_history` (`left_carry`, `date`, `from_id`, `user_id`) VALUES ('50', '2024-10-01 22:09:18', 'G6LBV6', 'IMUABZ');
INSERT INTO `matrix_filling` (`placement_id`, `downline_id`, `level`, `matrix`) VALUES ('G54QC4', 'G6LBV6', 15, 1);
UPDATE `bv_updation` SET left_carry = left_carry+50, total_left = total_left+50
WHERE `user_id` = 'G54QC4';
INSERT INTO `placement_bv_update_history` (`left_carry`, `date`, `from_id`, `user_id`) VALUES ('50', '2024-10-01 22:09:18', 'G6LBV6', 'G54QC4');
INSERT INTO `matrix_filling` (`placement_id`, `downline_id`, `level`, `matrix`) VALUES ('9JPZJL', 'G6LBV6', 16, 1);
UPDATE `bv_updation` SET left_carry = left_carry+50, total_left = total_left+50
WHERE `user_id` = '9JPZJL';
INSERT INTO `placement_bv_update_history` (`left_carry`, `date`, `from_id`, `user_id`) VALUES ('50', '2024-10-01 22:09:18', 'G6LBV6', '9JPZJL');
INSERT INTO `matrix_filling` (`placement_id`, `downline_id`, `level`, `matrix`) VALUES ('E3PPZ3', 'G6LBV6', 17, 1);
UPDATE `bv_updation` SET left_carry = left_carry+50, total_left = total_left+50
WHERE `user_id` = 'E3PPZ3';
INSERT INTO `placement_bv_update_history` (`left_carry`, `date`, `from_id`, `user_id`) VALUES ('50', '2024-10-01 22:09:18', 'G6LBV6', 'E3PPZ3');
INSERT INTO `matrix_filling` (`placement_id`, `downline_id`, `level`, `matrix`) VALUES ('7RY1ZP', 'G6LBV6', 18, 1);
UPDATE `bv_updation` SET left_carry = left_carry+50, total_left = total_left+50
WHERE `user_id` = '7RY1ZP';
INSERT INTO `placement_bv_update_history` (`left_carry`, `date`, `from_id`, `user_id`) VALUES ('50', '2024-10-01 22:09:18', 'G6LBV6', '7RY1ZP');
INSERT INTO `matrix_filling` (`placement_id`, `downline_id`, `level`, `matrix`) VALUES ('ADZTOG', 'G6LBV6', 19, 1);
UPDATE `bv_updation` SET right_carry = right_carry+50, total_right = total_right+50
WHERE `user_id` = 'ADZTOG';
INSERT INTO `placement_bv_update_history` (`right_carry`, `date`, `from_id`, `user_id`) VALUES ('50', '2024-10-01 22:09:18', 'G6LBV6', 'ADZTOG');
INSERT INTO `matrix_filling` (`placement_id`, `downline_id`, `level`, `matrix`) VALUES ('A9858P', 'G6LBV6', 20, 1);
UPDATE `bv_updation` SET right_carry = right_carry+50, total_right = total_right+50
WHERE `user_id` = 'A9858P';
INSERT INTO `placement_bv_update_history` (`right_carry`, `date`, `from_id`, `user_id`) VALUES ('50', '2024-10-01 22:09:18', 'G6LBV6', 'A9858P');
INSERT INTO `matrix_filling` (`placement_id`, `downline_id`, `level`, `matrix`) VALUES ('admin', 'G6LBV6', 21, 1);
UPDATE `bv_updation` SET right_carry = right_carry+50, total_right = total_right+50
WHERE `user_id` = 'admin';
INSERT INTO `placement_bv_update_history` (`right_carry`, `date`, `from_id`, `user_id`) VALUES ('50', '2024-10-01 22:09:18', 'G6LBV6', 'admin');
INSERT INTO `package_purchase_history` (`user_id`, `package_id`, `reg_fee`, `package_name`, `monthly_fee`, `type`, `date`, `payment_option`) VALUES ('G6LBV6', '2', '595', 'Traveler Pro', '150', 'sign_up', '2024-10-01 22:09:18', 'free');
UPDATE `user_registration` SET `uid` = '2571', `user_id` = 'NEL8HC', `username` = 'joseline1', `sponsor_id` = 'LUAGN1', `vacant` = 'no', `f_name` = 'Joseline', `l_name` = 'Acosta', `address` = '8100 SW 14 Terr', `position` = 'right', `email` = 'joseline1@gmail.com', `password` = '56053db40e7b690045b8eedd69e935cf', `phone` = '7862876762', `country` = 'United States', `state` = 'Florida', `city` = 'Miami', `street` = '8100 SW 14 Terr', `zip_code` = '33144', `reg_ip` = '108.162.212.138', `status` = 1, `package_id` = '2', `rank_id` = 1, `highest_rank` = 1, `cycle_rank_id` = 1, `created` = '2024-10-01 22:10:16', `subscription_date` = '2024-10-31', `google_secret` = 'CNOV5MT7P7QLUOTJ'
WHERE `uid` = '2571';
INSERT INTO `user_registration` (`uid`, `user_id`, `username`, `sponsor_id`, `placement_id`, `vacant`, `f_name`, `l_name`, `address`, `position`, `email`, `password`, `phone`, `reg_ip`, `status`, `created`) VALUES (NULL, 'LGNVRL', 'juGVclHc', 'NEL8HC', 'NEL8HC', 'yes', '', '', '', 'left', '@mail.com', '', '', '', 0, '2024-10-01 22:10:16');
INSERT INTO `user_registration` (`uid`, `user_id`, `username`, `sponsor_id`, `placement_id`, `vacant`, `f_name`, `l_name`, `address`, `position`, `email`, `password`, `phone`, `reg_ip`, `status`, `created`) VALUES (NULL, 'VWDQEJ', 'VZFtpZrp', 'NEL8HC', 'NEL8HC', 'yes', '', '', '', 'right', '@mail.com', '', '', '', 0, '2024-10-01 22:10:16');
INSERT INTO `bv_updation` (`user_id`) VALUES ('NEL8HC');
UPDATE `user_registration` SET total_ref_count = total_ref_count+1
WHERE `user_id` = 'LUAGN1';
UPDATE `user_registration` SET total_downlines = total_downlines+1
WHERE `user_id` = 'FTNCHD';
UPDATE `user_registration` SET right_downlines = right_downlines+1
WHERE `user_id` = 'FTNCHD';
UPDATE `user_registration` SET total_downlines = total_downlines+1
WHERE `user_id` = 'UC2PHS';
UPDATE `user_registration` SET right_downlines = right_downlines+1
WHERE `user_id` = 'UC2PHS';
UPDATE `user_registration` SET total_downlines = total_downlines+1
WHERE `user_id` = 'S6Y615';
UPDATE `user_registration` SET right_downlines = right_downlines+1
WHERE `user_id` = 'S6Y615';
UPDATE `user_registration` SET total_downlines = total_downlines+1
WHERE `user_id` = 'GZZ2NE';
UPDATE `user_registration` SET right_downlines = right_downlines+1
WHERE `user_id` = 'GZZ2NE';
UPDATE `user_registration` SET total_downlines = total_downlines+1
WHERE `user_id` = 'TBNWFI';
UPDATE `user_registration` SET right_downlines = right_downlines+1
WHERE `user_id` = 'TBNWFI';
UPDATE `user_registration` SET total_downlines = total_downlines+1
WHERE `user_id` = '2ZBFLF';
UPDATE `user_registration` SET right_downlines = right_downlines+1
WHERE `user_id` = '2ZBFLF';
UPDATE `user_registration` SET total_downlines = total_downlines+1
WHERE `user_id` = 'PWB9RY';
UPDATE `user_registration` SET right_downlines = right_downlines+1
WHERE `user_id` = 'PWB9RY';
UPDATE `user_registration` SET total_downlines = total_downlines+1
WHERE `user_id` = '7QWHHF';
UPDATE `user_registration` SET right_downlines = right_downlines+1
WHERE `user_id` = '7QWHHF';
UPDATE `user_registration` SET total_downlines = total_downlines+1
WHERE `user_id` = 'YTHSAV';
UPDATE `user_registration` SET right_downlines = right_downlines+1
WHERE `user_id` = 'YTHSAV';
UPDATE `user_registration` SET total_downlines = total_downlines+1
WHERE `user_id` = 'TV9UQH';
UPDATE `user_registration` SET right_downlines = right_downlines+1
WHERE `user_id` = 'TV9UQH';
UPDATE `user_registration` SET total_downlines = total_downlines+1
WHERE `user_id` = 'KZTY9T';
UPDATE `user_registration` SET right_downlines = right_downlines+1
WHERE `user_id` = 'KZTY9T';
UPDATE `user_registration` SET total_downlines = total_downlines+1
WHERE `user_id` = '2K9C1S';
UPDATE `user_registration` SET right_downlines = right_downlines+1
WHERE `user_id` = '2K9C1S';
UPDATE `user_registration` SET total_downlines = total_downlines+1
WHERE `user_id` = 'IPUSFA';
UPDATE `user_registration` SET right_downlines = right_downlines+1
WHERE `user_id` = 'IPUSFA';
UPDATE `user_registration` SET total_downlines = total_downlines+1
WHERE `user_id` = 'JSMVWA';
UPDATE `user_registration` SET right_downlines = right_downlines+1
WHERE `user_id` = 'JSMVWA';
UPDATE `user_registration` SET total_downlines = total_downlines+1
WHERE `user_id` = 'Y741WF';
UPDATE `user_registration` SET right_downlines = right_downlines+1
WHERE `user_id` = 'Y741WF';
UPDATE `user_registration` SET total_downlines = total_downlines+1
WHERE `user_id` = 'JLTMOH';
UPDATE `user_registration` SET right_downlines = right_downlines+1
WHERE `user_id` = 'JLTMOH';
UPDATE `user_registration` SET total_downlines = total_downlines+1
WHERE `user_id` = 'NS15G5';
UPDATE `user_registration` SET right_downlines = right_downlines+1
WHERE `user_id` = 'NS15G5';
UPDATE `user_registration` SET total_downlines = total_downlines+1
WHERE `user_id` = 'YU8PLO';
UPDATE `user_registration` SET right_downlines = right_downlines+1
WHERE `user_id` = 'YU8PLO';
UPDATE `user_registration` SET total_downlines = total_downlines+1
WHERE `user_id` = 'LUAGN1';
UPDATE `user_registration` SET right_downlines = right_downlines+1
WHERE `user_id` = 'LUAGN1';
UPDATE `user_registration` SET right_ref_count = right_ref_count+1
WHERE `user_id` = 'LUAGN1';
UPDATE `user_registration` SET active_right = active_right+1
WHERE `user_id` = 'LUAGN1';
UPDATE `user_registration` SET total_downlines = total_downlines+1
WHERE `user_id` = '6DEXJW';
UPDATE `user_registration` SET left_downlines = left_downlines+1
WHERE `user_id` = '6DEXJW';
UPDATE `user_registration` SET total_downlines = total_downlines+1
WHERE `user_id` = 'DM1Y9N';
UPDATE `user_registration` SET right_downlines = right_downlines+1
WHERE `user_id` = 'DM1Y9N';
UPDATE `user_registration` SET total_downlines = total_downlines+1
WHERE `user_id` = 'A9858P';
UPDATE `user_registration` SET left_downlines = left_downlines+1
WHERE `user_id` = 'A9858P';
UPDATE `user_registration` SET total_downlines = total_downlines+1
WHERE `user_id` = 'admin';
UPDATE `user_registration` SET right_downlines = right_downlines+1
WHERE `user_id` = 'admin';
INSERT INTO `investment` (`invest_date`, `user_id`, `type`, `amount`, `package_id`) VALUES ('2024-10-01 22:10:17', 'NEL8HC', 'register', '595', '2');
INSERT INTO `earnings` (`user_id`, `Purchaser_id`, `earning_type`, `package_id`, `amount`, `date`, `comments`, `invest_amount`, `comm_perc`, `level`, `rank_id`, `order_id`) VALUES ('LUAGN1', 'NEL8HC', 'Direct Referral Bonus', '2', '100', '2024-10-01 22:10:17', 'Direct Referral Bonus', 0, 0, 1, '', 295);
UPDATE `user_registration` SET commission_balance = ROUND(commission_balance + 100,2)
WHERE `user_id` = 'LUAGN1';
UPDATE `user_registration` SET referral_bonus = ROUND(referral_bonus + 100,2)
WHERE `user_id` = 'LUAGN1';
INSERT INTO `earnings` (`user_id`, `Purchaser_id`, `earning_type`, `package_id`, `amount`, `date`, `comments`, `invest_amount`, `comm_perc`, `level`, `rank_id`, `order_id`) VALUES ('DM1Y9N', 'NEL8HC', 'Expansion Bonus', '2', 100, '2024-10-01 22:10:17', 'Expansion Bonus', '100', 0, 1, '', 295);
UPDATE `user_registration` SET commission_balance = ROUND(commission_balance + 100,2)
WHERE `user_id` = 'DM1Y9N';
UPDATE `user_registration` SET expansion_bonus = ROUND(expansion_bonus + 100,2)
WHERE `user_id` = 'DM1Y9N';
INSERT INTO `earnings` (`user_id`, `Purchaser_id`, `earning_type`, `package_id`, `amount`, `date`, `comments`, `invest_amount`, `comm_perc`, `level`, `rank_id`, `order_id`) VALUES ('A9858P', 'NEL8HC', 'Expansion Bonus', '2', 100, '2024-10-01 22:10:17', 'Expansion Bonus', 200, 0, 1, '', 295);
UPDATE `user_registration` SET commission_balance = ROUND(commission_balance + 100,2)
WHERE `user_id` = 'A9858P';
UPDATE `user_registration` SET expansion_bonus = ROUND(expansion_bonus + 100,2)
WHERE `user_id` = 'A9858P';
INSERT INTO `matrix_filling` (`placement_id`, `downline_id`, `level`, `matrix`) VALUES ('FTNCHD', 'NEL8HC', 1, 1);
UPDATE `bv_updation` SET right_carry = right_carry+50, total_right = total_right+50
WHERE `user_id` = 'FTNCHD';
INSERT INTO `placement_bv_update_history` (`right_carry`, `date`, `from_id`, `user_id`) VALUES ('50', '2024-10-01 22:10:17', 'NEL8HC', 'FTNCHD');
INSERT INTO `matrix_filling` (`placement_id`, `downline_id`, `level`, `matrix`) VALUES ('UC2PHS', 'NEL8HC', 2, 1);
UPDATE `bv_updation` SET right_carry = right_carry+50, total_right = total_right+50
WHERE `user_id` = 'UC2PHS';
INSERT INTO `placement_bv_update_history` (`right_carry`, `date`, `from_id`, `user_id`) VALUES ('50', '2024-10-01 22:10:17', 'NEL8HC', 'UC2PHS');
INSERT INTO `matrix_filling` (`placement_id`, `downline_id`, `level`, `matrix`) VALUES ('S6Y615', 'NEL8HC', 3, 1);
UPDATE `bv_updation` SET right_carry = right_carry+50, total_right = total_right+50
WHERE `user_id` = 'S6Y615';
INSERT INTO `placement_bv_update_history` (`right_carry`, `date`, `from_id`, `user_id`) VALUES ('50', '2024-10-01 22:10:17', 'NEL8HC', 'S6Y615');
INSERT INTO `matrix_filling` (`placement_id`, `downline_id`, `level`, `matrix`) VALUES ('GZZ2NE', 'NEL8HC', 4, 1);
UPDATE `bv_updation` SET right_carry = right_carry+50, total_right = total_right+50
WHERE `user_id` = 'GZZ2NE';
INSERT INTO `placement_bv_update_history` (`right_carry`, `date`, `from_id`, `user_id`) VALUES ('50', '2024-10-01 22:10:17', 'NEL8HC', 'GZZ2NE');
INSERT INTO `matrix_filling` (`placement_id`, `downline_id`, `level`, `matrix`) VALUES ('TBNWFI', 'NEL8HC', 5, 1);
UPDATE `bv_updation` SET right_carry = right_carry+50, total_right = total_right+50
WHERE `user_id` = 'TBNWFI';
INSERT INTO `placement_bv_update_history` (`right_carry`, `date`, `from_id`, `user_id`) VALUES ('50', '2024-10-01 22:10:17', 'NEL8HC', 'TBNWFI');
INSERT INTO `matrix_filling` (`placement_id`, `downline_id`, `level`, `matrix`) VALUES ('2ZBFLF', 'NEL8HC', 6, 1);
UPDATE `bv_updation` SET right_carry = right_carry+50, total_right = total_right+50
WHERE `user_id` = '2ZBFLF';
INSERT INTO `placement_bv_update_history` (`right_carry`, `date`, `from_id`, `user_id`) VALUES ('50', '2024-10-01 22:10:17', 'NEL8HC', '2ZBFLF');
INSERT INTO `matrix_filling` (`placement_id`, `downline_id`, `level`, `matrix`) VALUES ('PWB9RY', 'NEL8HC', 7, 1);
UPDATE `bv_updation` SET right_carry = right_carry+50, total_right = total_right+50
WHERE `user_id` = 'PWB9RY';
INSERT INTO `placement_bv_update_history` (`right_carry`, `date`, `from_id`, `user_id`) VALUES ('50', '2024-10-01 22:10:17', 'NEL8HC', 'PWB9RY');
INSERT INTO `matrix_filling` (`placement_id`, `downline_id`, `level`, `matrix`) VALUES ('7QWHHF', 'NEL8HC', 8, 1);
UPDATE `bv_updation` SET right_carry = right_carry+50, total_right = total_right+50
WHERE `user_id` = '7QWHHF';
INSERT INTO `placement_bv_update_history` (`right_carry`, `date`, `from_id`, `user_id`) VALUES ('50', '2024-10-01 22:10:17', 'NEL8HC', '7QWHHF');
INSERT INTO `matrix_filling` (`placement_id`, `downline_id`, `level`, `matrix`) VALUES ('YTHSAV', 'NEL8HC', 9, 1);
UPDATE `bv_updation` SET right_carry = right_carry+50, total_right = total_right+50
WHERE `user_id` = 'YTHSAV';
INSERT INTO `placement_bv_update_history` (`right_carry`, `date`, `from_id`, `user_id`) VALUES ('50', '2024-10-01 22:10:17', 'NEL8HC', 'YTHSAV');
INSERT INTO `matrix_filling` (`placement_id`, `downline_id`, `level`, `matrix`) VALUES ('TV9UQH', 'NEL8HC', 10, 1);
UPDATE `bv_updation` SET right_carry = right_carry+50, total_right = total_right+50
WHERE `user_id` = 'TV9UQH';
INSERT INTO `placement_bv_update_history` (`right_carry`, `date`, `from_id`, `user_id`) VALUES ('50', '2024-10-01 22:10:17', 'NEL8HC', 'TV9UQH');
INSERT INTO `matrix_filling` (`placement_id`, `downline_id`, `level`, `matrix`) VALUES ('KZTY9T', 'NEL8HC', 11, 1);
UPDATE `bv_updation` SET right_carry = right_carry+50, total_right = total_right+50
WHERE `user_id` = 'KZTY9T';
INSERT INTO `placement_bv_update_history` (`right_carry`, `date`, `from_id`, `user_id`) VALUES ('50', '2024-10-01 22:10:17', 'NEL8HC', 'KZTY9T');
INSERT INTO `matrix_filling` (`placement_id`, `downline_id`, `level`, `matrix`) VALUES ('2K9C1S', 'NEL8HC', 12, 1);
UPDATE `bv_updation` SET right_carry = right_carry+50, total_right = total_right+50
WHERE `user_id` = '2K9C1S';
INSERT INTO `placement_bv_update_history` (`right_carry`, `date`, `from_id`, `user_id`) VALUES ('50', '2024-10-01 22:10:17', 'NEL8HC', '2K9C1S');
INSERT INTO `matrix_filling` (`placement_id`, `downline_id`, `level`, `matrix`) VALUES ('IPUSFA', 'NEL8HC', 13, 1);
UPDATE `bv_updation` SET right_carry = right_carry+50, total_right = total_right+50
WHERE `user_id` = 'IPUSFA';
INSERT INTO `placement_bv_update_history` (`right_carry`, `date`, `from_id`, `user_id`) VALUES ('50', '2024-10-01 22:10:17', 'NEL8HC', 'IPUSFA');
INSERT INTO `matrix_filling` (`placement_id`, `downline_id`, `level`, `matrix`) VALUES ('JSMVWA', 'NEL8HC', 14, 1);
UPDATE `bv_updation` SET right_carry = right_carry+50, total_right = total_right+50
WHERE `user_id` = 'JSMVWA';
INSERT INTO `placement_bv_update_history` (`right_carry`, `date`, `from_id`, `user_id`) VALUES ('50', '2024-10-01 22:10:17', 'NEL8HC', 'JSMVWA');
INSERT INTO `matrix_filling` (`placement_id`, `downline_id`, `level`, `matrix`) VALUES ('Y741WF', 'NEL8HC', 15, 1);
UPDATE `bv_updation` SET right_carry = right_carry+50, total_right = total_right+50
WHERE `user_id` = 'Y741WF';
INSERT INTO `placement_bv_update_history` (`right_carry`, `date`, `from_id`, `user_id`) VALUES ('50', '2024-10-01 22:10:17', 'NEL8HC', 'Y741WF');
INSERT INTO `matrix_filling` (`placement_id`, `downline_id`, `level`, `matrix`) VALUES ('JLTMOH', 'NEL8HC', 16, 1);
UPDATE `bv_updation` SET right_carry = right_carry+50, total_right = total_right+50
WHERE `user_id` = 'JLTMOH';
INSERT INTO `placement_bv_update_history` (`right_carry`, `date`, `from_id`, `user_id`) VALUES ('50', '2024-10-01 22:10:17', 'NEL8HC', 'JLTMOH');
INSERT INTO `matrix_filling` (`placement_id`, `downline_id`, `level`, `matrix`) VALUES ('NS15G5', 'NEL8HC', 17, 1);
UPDATE `bv_updation` SET right_carry = right_carry+50, total_right = total_right+50
WHERE `user_id` = 'NS15G5';
INSERT INTO `placement_bv_update_history` (`right_carry`, `date`, `from_id`, `user_id`) VALUES ('50', '2024-10-01 22:10:17', 'NEL8HC', 'NS15G5');
INSERT INTO `matrix_filling` (`placement_id`, `downline_id`, `level`, `matrix`) VALUES ('YU8PLO', 'NEL8HC', 18, 1);
UPDATE `bv_updation` SET right_carry = right_carry+50, total_right = total_right+50
WHERE `user_id` = 'YU8PLO';
INSERT INTO `placement_bv_update_history` (`right_carry`, `date`, `from_id`, `user_id`) VALUES ('50', '2024-10-01 22:10:17', 'NEL8HC', 'YU8PLO');
INSERT INTO `matrix_filling` (`placement_id`, `downline_id`, `level`, `matrix`) VALUES ('LUAGN1', 'NEL8HC', 19, 1);
UPDATE `bv_updation` SET right_carry = right_carry+50, total_right = total_right+50
WHERE `user_id` = 'LUAGN1';
INSERT INTO `placement_bv_update_history` (`right_carry`, `date`, `from_id`, `user_id`) VALUES ('50', '2024-10-01 22:10:17', 'NEL8HC', 'LUAGN1');
UPDATE `bv_updation` SET sponsor_right_carry = sponsor_right_carry+50, sponsor_total_right = sponsor_total_right+50
WHERE `user_id` = 'LUAGN1';
INSERT INTO `sponsor_bv_update_history` (`right_carry`, `date`, `user_id`) VALUES ('50', '2024-10-01 22:10:17', 'LUAGN1');
INSERT INTO `matrix_filling` (`placement_id`, `downline_id`, `level`, `matrix`) VALUES ('6DEXJW', 'NEL8HC', 20, 1);
UPDATE `bv_updation` SET left_carry = left_carry+50, total_left = total_left+50
WHERE `user_id` = '6DEXJW';
INSERT INTO `placement_bv_update_history` (`left_carry`, `date`, `from_id`, `user_id`) VALUES ('50', '2024-10-01 22:10:17', 'NEL8HC', '6DEXJW');
INSERT INTO `matrix_filling` (`placement_id`, `downline_id`, `level`, `matrix`) VALUES ('DM1Y9N', 'NEL8HC', 21, 1);
UPDATE `bv_updation` SET right_carry = right_carry+50, total_right = total_right+50
WHERE `user_id` = 'DM1Y9N';
INSERT INTO `placement_bv_update_history` (`right_carry`, `date`, `from_id`, `user_id`) VALUES ('50', '2024-10-01 22:10:17', 'NEL8HC', 'DM1Y9N');
INSERT INTO `matrix_filling` (`placement_id`, `downline_id`, `level`, `matrix`) VALUES ('A9858P', 'NEL8HC', 22, 1);
UPDATE `bv_updation` SET left_carry = left_carry+50, total_left = total_left+50
WHERE `user_id` = 'A9858P';
INSERT INTO `placement_bv_update_history` (`left_carry`, `date`, `from_id`, `user_id`) VALUES ('50', '2024-10-01 22:10:17', 'NEL8HC', 'A9858P');
INSERT INTO `matrix_filling` (`placement_id`, `downline_id`, `level`, `matrix`) VALUES ('admin', 'NEL8HC', 23, 1);
UPDATE `bv_updation` SET right_carry = right_carry+50, total_right = total_right+50
WHERE `user_id` = 'admin';
INSERT INTO `placement_bv_update_history` (`right_carry`, `date`, `from_id`, `user_id`) VALUES ('50', '2024-10-01 22:10:17', 'NEL8HC', 'admin');
INSERT INTO `package_purchase_history` (`user_id`, `package_id`, `reg_fee`, `package_name`, `monthly_fee`, `type`, `date`, `payment_option`) VALUES ('NEL8HC', '2', '595', 'Traveler Pro', '150', 'sign_up', '2024-10-01 22:10:17', 'free');
UPDATE `user_registration` SET `uid` = '2595', `user_id` = '7UGPLB', `username` = 'emenegildo1', `sponsor_id` = 'WJR372', `vacant` = 'no', `f_name` = 'Emenegildo', `l_name` = 'Paez', `address` = '6520 Kendale Lakes Dr', `position` = 'right', `email` = 'emenegildo1@gmail.com', `password` = 'ff78b1ac3dfa79e5a0c39d15073c520b', `phone` = '3057610606', `country` = 'United States', `state` = 'Florida', `city` = 'Miami', `street` = '6520 Kendale Lakes Dr', `zip_code` = '33183', `reg_ip` = '172.70.55.114', `status` = 1, `package_id` = '2', `rank_id` = 1, `highest_rank` = 1, `cycle_rank_id` = 1, `created` = '2024-10-01 22:11:39', `subscription_date` = '2024-10-31', `google_secret` = 'FWHQIGVYVZF3TX34'
WHERE `uid` = '2595';
INSERT INTO `user_registration` (`uid`, `user_id`, `username`, `sponsor_id`, `placement_id`, `vacant`, `f_name`, `l_name`, `address`, `position`, `email`, `password`, `phone`, `reg_ip`, `status`, `created`) VALUES (NULL, 'KUIHCL', 'PXXVrCRZ', '7UGPLB', '7UGPLB', 'yes', '', '', '', 'left', '@mail.com', '', '', '', 0, '2024-10-01 22:11:39');
INSERT INTO `user_registration` (`uid`, `user_id`, `username`, `sponsor_id`, `placement_id`, `vacant`, `f_name`, `l_name`, `address`, `position`, `email`, `password`, `phone`, `reg_ip`, `status`, `created`) VALUES (NULL, 'KIABAI', 'BvsWBHbw', '7UGPLB', '7UGPLB', 'yes', '', '', '', 'right', '@mail.com', '', '', '', 0, '2024-10-01 22:11:39');
INSERT INTO `bv_updation` (`user_id`) VALUES ('7UGPLB');
UPDATE `user_registration` SET total_ref_count = total_ref_count+1
WHERE `user_id` = 'WJR372';
UPDATE `user_registration` SET total_downlines = total_downlines+1
WHERE `user_id` = 'G6LBV6';
UPDATE `user_registration` SET right_downlines = right_downlines+1
WHERE `user_id` = 'G6LBV6';
UPDATE `user_registration` SET total_downlines = total_downlines+1
WHERE `user_id` = '5VW2TV';
UPDATE `user_registration` SET right_downlines = right_downlines+1
WHERE `user_id` = '5VW2TV';
UPDATE `user_registration` SET total_downlines = total_downlines+1
WHERE `user_id` = '1CISMF';
UPDATE `user_registration` SET right_downlines = right_downlines+1
WHERE `user_id` = '1CISMF';
UPDATE `user_registration` SET total_downlines = total_downlines+1
WHERE `user_id` = 'WA5PMD';
UPDATE `user_registration` SET right_downlines = right_downlines+1
WHERE `user_id` = 'WA5PMD';
UPDATE `user_registration` SET total_downlines = total_downlines+1
WHERE `user_id` = 'WJR372';
UPDATE `user_registration` SET right_downlines = right_downlines+1
WHERE `user_id` = 'WJR372';
UPDATE `user_registration` SET right_ref_count = right_ref_count+1
WHERE `user_id` = 'WJR372';
UPDATE `user_registration` SET active_right = active_right+1
WHERE `user_id` = 'WJR372';
UPDATE `user_registration` SET total_downlines = total_downlines+1
WHERE `user_id` = 'YJ6OTD';
UPDATE `user_registration` SET left_downlines = left_downlines+1
WHERE `user_id` = 'YJ6OTD';
UPDATE `user_registration` SET total_downlines = total_downlines+1
WHERE `user_id` = 'F8WLAW';
UPDATE `user_registration` SET left_downlines = left_downlines+1
WHERE `user_id` = 'F8WLAW';
UPDATE `user_registration` SET total_downlines = total_downlines+1
WHERE `user_id` = '9H9OZM';
UPDATE `user_registration` SET left_downlines = left_downlines+1
WHERE `user_id` = '9H9OZM';
UPDATE `user_registration` SET total_downlines = total_downlines+1
WHERE `user_id` = 'DLP7GD';
UPDATE `user_registration` SET left_downlines = left_downlines+1
WHERE `user_id` = 'DLP7GD';
UPDATE `user_registration` SET total_downlines = total_downlines+1
WHERE `user_id` = 'VG9TO9';
UPDATE `user_registration` SET left_downlines = left_downlines+1
WHERE `user_id` = 'VG9TO9';
UPDATE `user_registration` SET total_downlines = total_downlines+1
WHERE `user_id` = 'L8R95F';
UPDATE `user_registration` SET left_downlines = left_downlines+1
WHERE `user_id` = 'L8R95F';
UPDATE `user_registration` SET total_downlines = total_downlines+1
WHERE `user_id` = 'Y9DPUD';
UPDATE `user_registration` SET left_downlines = left_downlines+1
WHERE `user_id` = 'Y9DPUD';
UPDATE `user_registration` SET total_downlines = total_downlines+1
WHERE `user_id` = '5H9TH3';
UPDATE `user_registration` SET left_downlines = left_downlines+1
WHERE `user_id` = '5H9TH3';
UPDATE `user_registration` SET total_downlines = total_downlines+1
WHERE `user_id` = 'MIT9KW';
UPDATE `user_registration` SET left_downlines = left_downlines+1
WHERE `user_id` = 'MIT9KW';
UPDATE `user_registration` SET total_downlines = total_downlines+1
WHERE `user_id` = 'IMUABZ';
UPDATE `user_registration` SET left_downlines = left_downlines+1
WHERE `user_id` = 'IMUABZ';
UPDATE `user_registration` SET total_downlines = total_downlines+1
WHERE `user_id` = 'G54QC4';
UPDATE `user_registration` SET left_downlines = left_downlines+1
WHERE `user_id` = 'G54QC4';
UPDATE `user_registration` SET total_downlines = total_downlines+1
WHERE `user_id` = '9JPZJL';
UPDATE `user_registration` SET left_downlines = left_downlines+1
WHERE `user_id` = '9JPZJL';
UPDATE `user_registration` SET total_downlines = total_downlines+1
WHERE `user_id` = 'E3PPZ3';
UPDATE `user_registration` SET left_downlines = left_downlines+1
WHERE `user_id` = 'E3PPZ3';
UPDATE `user_registration` SET total_downlines = total_downlines+1
WHERE `user_id` = '7RY1ZP';
UPDATE `user_registration` SET left_downlines = left_downlines+1
WHERE `user_id` = '7RY1ZP';
UPDATE `user_registration` SET total_downlines = total_downlines+1
WHERE `user_id` = 'ADZTOG';
UPDATE `user_registration` SET right_downlines = right_downlines+1
WHERE `user_id` = 'ADZTOG';
UPDATE `user_registration` SET total_downlines = total_downlines+1
WHERE `user_id` = 'A9858P';
UPDATE `user_registration` SET right_downlines = right_downlines+1
WHERE `user_id` = 'A9858P';
UPDATE `user_registration` SET total_downlines = total_downlines+1
WHERE `user_id` = 'admin';
UPDATE `user_registration` SET right_downlines = right_downlines+1
WHERE `user_id` = 'admin';
INSERT INTO `investment` (`invest_date`, `user_id`, `type`, `amount`, `package_id`) VALUES ('2024-10-01 22:11:39', '7UGPLB', 'register', '595', '2');
INSERT INTO `earnings` (`user_id`, `Purchaser_id`, `earning_type`, `package_id`, `amount`, `date`, `comments`, `invest_amount`, `comm_perc`, `level`, `rank_id`, `order_id`) VALUES ('WJR372', '7UGPLB', 'Direct Referral Bonus', '2', '100', '2024-10-01 22:11:39', 'Direct Referral Bonus', 0, 0, 1, '', 296);
UPDATE `user_registration` SET commission_balance = ROUND(commission_balance + 100,2)
WHERE `user_id` = 'WJR372';
UPDATE `user_registration` SET referral_bonus = ROUND(referral_bonus + 100,2)
WHERE `user_id` = 'WJR372';
INSERT INTO `earnings` (`user_id`, `Purchaser_id`, `earning_type`, `package_id`, `amount`, `date`, `comments`, `invest_amount`, `comm_perc`, `level`, `rank_id`, `order_id`) VALUES ('7RY1ZP', '7UGPLB', 'Expansion Bonus', '2', 100, '2024-10-01 22:11:39', 'Expansion Bonus', '100', 0, 1, '', 296);
UPDATE `user_registration` SET commission_balance = ROUND(commission_balance + 100,2)
WHERE `user_id` = '7RY1ZP';
UPDATE `user_registration` SET expansion_bonus = ROUND(expansion_bonus + 100,2)
WHERE `user_id` = '7RY1ZP';
INSERT INTO `earnings` (`user_id`, `Purchaser_id`, `earning_type`, `package_id`, `amount`, `date`, `comments`, `invest_amount`, `comm_perc`, `level`, `rank_id`, `order_id`) VALUES ('A9858P', '7UGPLB', 'Expansion Bonus', '2', 100, '2024-10-01 22:11:39', 'Expansion Bonus', 200, 0, 1, '', 296);
UPDATE `user_registration` SET commission_balance = ROUND(commission_balance + 100,2)
WHERE `user_id` = 'A9858P';
UPDATE `user_registration` SET expansion_bonus = ROUND(expansion_bonus + 100,2)
WHERE `user_id` = 'A9858P';
INSERT INTO `matrix_filling` (`placement_id`, `downline_id`, `level`, `matrix`) VALUES ('G6LBV6', '7UGPLB', 1, 1);
UPDATE `bv_updation` SET right_carry = right_carry+50, total_right = total_right+50
WHERE `user_id` = 'G6LBV6';
INSERT INTO `placement_bv_update_history` (`right_carry`, `date`, `from_id`, `user_id`) VALUES ('50', '2024-10-01 22:11:39', '7UGPLB', 'G6LBV6');
INSERT INTO `matrix_filling` (`placement_id`, `downline_id`, `level`, `matrix`) VALUES ('5VW2TV', '7UGPLB', 2, 1);
UPDATE `bv_updation` SET right_carry = right_carry+50, total_right = total_right+50
WHERE `user_id` = '5VW2TV';
INSERT INTO `placement_bv_update_history` (`right_carry`, `date`, `from_id`, `user_id`) VALUES ('50', '2024-10-01 22:11:39', '7UGPLB', '5VW2TV');
INSERT INTO `matrix_filling` (`placement_id`, `downline_id`, `level`, `matrix`) VALUES ('1CISMF', '7UGPLB', 3, 1);
UPDATE `bv_updation` SET right_carry = right_carry+50, total_right = total_right+50
WHERE `user_id` = '1CISMF';
INSERT INTO `placement_bv_update_history` (`right_carry`, `date`, `from_id`, `user_id`) VALUES ('50', '2024-10-01 22:11:39', '7UGPLB', '1CISMF');
INSERT INTO `matrix_filling` (`placement_id`, `downline_id`, `level`, `matrix`) VALUES ('WA5PMD', '7UGPLB', 4, 1);
UPDATE `bv_updation` SET right_carry = right_carry+50, total_right = total_right+50
WHERE `user_id` = 'WA5PMD';
INSERT INTO `placement_bv_update_history` (`right_carry`, `date`, `from_id`, `user_id`) VALUES ('50', '2024-10-01 22:11:39', '7UGPLB', 'WA5PMD');
INSERT INTO `matrix_filling` (`placement_id`, `downline_id`, `level`, `matrix`) VALUES ('WJR372', '7UGPLB', 5, 1);
UPDATE `bv_updation` SET right_carry = right_carry+50, total_right = total_right+50
WHERE `user_id` = 'WJR372';
INSERT INTO `placement_bv_update_history` (`right_carry`, `date`, `from_id`, `user_id`) VALUES ('50', '2024-10-01 22:11:39', '7UGPLB', 'WJR372');
UPDATE `bv_updation` SET sponsor_right_carry = sponsor_right_carry+50, sponsor_total_right = sponsor_total_right+50
WHERE `user_id` = 'WJR372';
INSERT INTO `sponsor_bv_update_history` (`right_carry`, `date`, `user_id`) VALUES ('50', '2024-10-01 22:11:39', 'WJR372');
INSERT INTO `matrix_filling` (`placement_id`, `downline_id`, `level`, `matrix`) VALUES ('YJ6OTD', '7UGPLB', 6, 1);
UPDATE `bv_updation` SET left_carry = left_carry+50, total_left = total_left+50
WHERE `user_id` = 'YJ6OTD';
INSERT INTO `placement_bv_update_history` (`left_carry`, `date`, `from_id`, `user_id`) VALUES ('50', '2024-10-01 22:11:39', '7UGPLB', 'YJ6OTD');
INSERT INTO `matrix_filling` (`placement_id`, `downline_id`, `level`, `matrix`) VALUES ('F8WLAW', '7UGPLB', 7, 1);
UPDATE `bv_updation` SET left_carry = left_carry+50, total_left = total_left+50
WHERE `user_id` = 'F8WLAW';
INSERT INTO `placement_bv_update_history` (`left_carry`, `date`, `from_id`, `user_id`) VALUES ('50', '2024-10-01 22:11:39', '7UGPLB', 'F8WLAW');
INSERT INTO `matrix_filling` (`placement_id`, `downline_id`, `level`, `matrix`) VALUES ('9H9OZM', '7UGPLB', 8, 1);
UPDATE `bv_updation` SET left_carry = left_carry+50, total_left = total_left+50
WHERE `user_id` = '9H9OZM';
INSERT INTO `placement_bv_update_history` (`left_carry`, `date`, `from_id`, `user_id`) VALUES ('50', '2024-10-01 22:11:39', '7UGPLB', '9H9OZM');
INSERT INTO `matrix_filling` (`placement_id`, `downline_id`, `level`, `matrix`) VALUES ('DLP7GD', '7UGPLB', 9, 1);
UPDATE `bv_updation` SET left_carry = left_carry+50, total_left = total_left+50
WHERE `user_id` = 'DLP7GD';
INSERT INTO `placement_bv_update_history` (`left_carry`, `date`, `from_id`, `user_id`) VALUES ('50', '2024-10-01 22:11:39', '7UGPLB', 'DLP7GD');
INSERT INTO `matrix_filling` (`placement_id`, `downline_id`, `level`, `matrix`) VALUES ('VG9TO9', '7UGPLB', 10, 1);
UPDATE `bv_updation` SET left_carry = left_carry+50, total_left = total_left+50
WHERE `user_id` = 'VG9TO9';
INSERT INTO `placement_bv_update_history` (`left_carry`, `date`, `from_id`, `user_id`) VALUES ('50', '2024-10-01 22:11:39', '7UGPLB', 'VG9TO9');
INSERT INTO `matrix_filling` (`placement_id`, `downline_id`, `level`, `matrix`) VALUES ('L8R95F', '7UGPLB', 11, 1);
UPDATE `bv_updation` SET left_carry = left_carry+50, total_left = total_left+50
WHERE `user_id` = 'L8R95F';
INSERT INTO `placement_bv_update_history` (`left_carry`, `date`, `from_id`, `user_id`) VALUES ('50', '2024-10-01 22:11:39', '7UGPLB', 'L8R95F');
INSERT INTO `matrix_filling` (`placement_id`, `downline_id`, `level`, `matrix`) VALUES ('Y9DPUD', '7UGPLB', 12, 1);
UPDATE `bv_updation` SET left_carry = left_carry+50, total_left = total_left+50
WHERE `user_id` = 'Y9DPUD';
INSERT INTO `placement_bv_update_history` (`left_carry`, `date`, `from_id`, `user_id`) VALUES ('50', '2024-10-01 22:11:39', '7UGPLB', 'Y9DPUD');
INSERT INTO `matrix_filling` (`placement_id`, `downline_id`, `level`, `matrix`) VALUES ('5H9TH3', '7UGPLB', 13, 1);
UPDATE `bv_updation` SET left_carry = left_carry+50, total_left = total_left+50
WHERE `user_id` = '5H9TH3';
INSERT INTO `placement_bv_update_history` (`left_carry`, `date`, `from_id`, `user_id`) VALUES ('50', '2024-10-01 22:11:39', '7UGPLB', '5H9TH3');
INSERT INTO `matrix_filling` (`placement_id`, `downline_id`, `level`, `matrix`) VALUES ('MIT9KW', '7UGPLB', 14, 1);
UPDATE `bv_updation` SET left_carry = left_carry+50, total_left = total_left+50
WHERE `user_id` = 'MIT9KW';
INSERT INTO `placement_bv_update_history` (`left_carry`, `date`, `from_id`, `user_id`) VALUES ('50', '2024-10-01 22:11:39', '7UGPLB', 'MIT9KW');
INSERT INTO `matrix_filling` (`placement_id`, `downline_id`, `level`, `matrix`) VALUES ('IMUABZ', '7UGPLB', 15, 1);
UPDATE `bv_updation` SET left_carry = left_carry+50, total_left = total_left+50
WHERE `user_id` = 'IMUABZ';
INSERT INTO `placement_bv_update_history` (`left_carry`, `date`, `from_id`, `user_id`) VALUES ('50', '2024-10-01 22:11:39', '7UGPLB', 'IMUABZ');
INSERT INTO `matrix_filling` (`placement_id`, `downline_id`, `level`, `matrix`) VALUES ('G54QC4', '7UGPLB', 16, 1);
UPDATE `bv_updation` SET left_carry = left_carry+50, total_left = total_left+50
WHERE `user_id` = 'G54QC4';
INSERT INTO `placement_bv_update_history` (`left_carry`, `date`, `from_id`, `user_id`) VALUES ('50', '2024-10-01 22:11:39', '7UGPLB', 'G54QC4');
INSERT INTO `matrix_filling` (`placement_id`, `downline_id`, `level`, `matrix`) VALUES ('9JPZJL', '7UGPLB', 17, 1);
UPDATE `bv_updation` SET left_carry = left_carry+50, total_left = total_left+50
WHERE `user_id` = '9JPZJL';
INSERT INTO `placement_bv_update_history` (`left_carry`, `date`, `from_id`, `user_id`) VALUES ('50', '2024-10-01 22:11:39', '7UGPLB', '9JPZJL');
INSERT INTO `matrix_filling` (`placement_id`, `downline_id`, `level`, `matrix`) VALUES ('E3PPZ3', '7UGPLB', 18, 1);
UPDATE `bv_updation` SET left_carry = left_carry+50, total_left = total_left+50
WHERE `user_id` = 'E3PPZ3';
INSERT INTO `placement_bv_update_history` (`left_carry`, `date`, `from_id`, `user_id`) VALUES ('50', '2024-10-01 22:11:39', '7UGPLB', 'E3PPZ3');
INSERT INTO `matrix_filling` (`placement_id`, `downline_id`, `level`, `matrix`) VALUES ('7RY1ZP', '7UGPLB', 19, 1);
UPDATE `bv_updation` SET left_carry = left_carry+50, total_left = total_left+50
WHERE `user_id` = '7RY1ZP';
INSERT INTO `placement_bv_update_history` (`left_carry`, `date`, `from_id`, `user_id`) VALUES ('50', '2024-10-01 22:11:39', '7UGPLB', '7RY1ZP');
INSERT INTO `matrix_filling` (`placement_id`, `downline_id`, `level`, `matrix`) VALUES ('ADZTOG', '7UGPLB', 20, 1);
UPDATE `bv_updation` SET right_carry = right_carry+50, total_right = total_right+50
WHERE `user_id` = 'ADZTOG';
INSERT INTO `placement_bv_update_history` (`right_carry`, `date`, `from_id`, `user_id`) VALUES ('50', '2024-10-01 22:11:39', '7UGPLB', 'ADZTOG');
INSERT INTO `matrix_filling` (`placement_id`, `downline_id`, `level`, `matrix`) VALUES ('A9858P', '7UGPLB', 21, 1);
UPDATE `bv_updation` SET right_carry = right_carry+50, total_right = total_right+50
WHERE `user_id` = 'A9858P';
INSERT INTO `placement_bv_update_history` (`right_carry`, `date`, `from_id`, `user_id`) VALUES ('50', '2024-10-01 22:11:39', '7UGPLB', 'A9858P');
INSERT INTO `matrix_filling` (`placement_id`, `downline_id`, `level`, `matrix`) VALUES ('admin', '7UGPLB', 22, 1);
UPDATE `bv_updation` SET right_carry = right_carry+50, total_right = total_right+50
WHERE `user_id` = 'admin';
INSERT INTO `placement_bv_update_history` (`right_carry`, `date`, `from_id`, `user_id`) VALUES ('50', '2024-10-01 22:11:39', '7UGPLB', 'admin');
INSERT INTO `package_purchase_history` (`user_id`, `package_id`, `reg_fee`, `package_name`, `monthly_fee`, `type`, `date`, `payment_option`) VALUES ('7UGPLB', '2', '595', 'Traveler Pro', '150', 'sign_up', '2024-10-01 22:11:39', 'free');
UPDATE `user_registration` SET `popup_seen` = 'yes'
WHERE `user_id` = 'WJR372';
UPDATE `user_registration` SET `uid` = '2572', `user_id` = 'O7LORQ', `username` = 'catherine1', `sponsor_id` = 'LUAGN1', `vacant` = 'no', `f_name` = 'Catherine', `l_name` = 'Tapanes', `address` = '8100 SW 14 Terr', `position` = 'left', `email` = 'catherine1@gmail.com', `password` = '34f2f122a9008a67fb6d17ed5451e110', `phone` = '7862876762', `country` = 'United States', `state` = 'Florida', `city` = 'Miami', `street` = '8100 SW 14 Terr', `zip_code` = '33144', `reg_ip` = '108.162.210.225', `status` = 1, `package_id` = '2', `rank_id` = 1, `highest_rank` = 1, `cycle_rank_id` = 1, `created` = '2024-10-01 22:12:26', `subscription_date` = '2024-10-31', `google_secret` = 'ANALH4K7YFMTYMN3'
WHERE `uid` = '2572';
INSERT INTO `user_registration` (`uid`, `user_id`, `username`, `sponsor_id`, `placement_id`, `vacant`, `f_name`, `l_name`, `address`, `position`, `email`, `password`, `phone`, `reg_ip`, `status`, `created`) VALUES (NULL, 'JTQZGZ', 'pPwXyiZQ', 'O7LORQ', 'O7LORQ', 'yes', '', '', '', 'left', '@mail.com', '', '', '', 0, '2024-10-01 22:12:26');
INSERT INTO `user_registration` (`uid`, `user_id`, `username`, `sponsor_id`, `placement_id`, `vacant`, `f_name`, `l_name`, `address`, `position`, `email`, `password`, `phone`, `reg_ip`, `status`, `created`) VALUES (NULL, 'YIQIKH', 'iJUBlWpQ', 'O7LORQ', 'O7LORQ', 'yes', '', '', '', 'right', '@mail.com', '', '', '', 0, '2024-10-01 22:12:26');
INSERT INTO `bv_updation` (`user_id`) VALUES ('O7LORQ');
UPDATE `user_registration` SET total_ref_count = total_ref_count+1
WHERE `user_id` = 'LUAGN1';
UPDATE `user_registration` SET total_downlines = total_downlines+1
WHERE `user_id` = '9QYFCD';
UPDATE `user_registration` SET left_downlines = left_downlines+1
WHERE `user_id` = '9QYFCD';
UPDATE `user_registration` SET total_downlines = total_downlines+1
WHERE `user_id` = 'BXC9X6';
UPDATE `user_registration` SET left_downlines = left_downlines+1
WHERE `user_id` = 'BXC9X6';
UPDATE `user_registration` SET total_downlines = total_downlines+1
WHERE `user_id` = '74J5T9';
UPDATE `user_registration` SET left_downlines = left_downlines+1
WHERE `user_id` = '74J5T9';
UPDATE `user_registration` SET total_downlines = total_downlines+1
WHERE `user_id` = 'NV94W7';
UPDATE `user_registration` SET left_downlines = left_downlines+1
WHERE `user_id` = 'NV94W7';
UPDATE `user_registration` SET total_downlines = total_downlines+1
WHERE `user_id` = 'IXQT61';
UPDATE `user_registration` SET left_downlines = left_downlines+1
WHERE `user_id` = 'IXQT61';
UPDATE `user_registration` SET total_downlines = total_downlines+1
WHERE `user_id` = '8EOSVJ';
UPDATE `user_registration` SET left_downlines = left_downlines+1
WHERE `user_id` = '8EOSVJ';
UPDATE `user_registration` SET total_downlines = total_downlines+1
WHERE `user_id` = 'SJ2DF6';
UPDATE `user_registration` SET left_downlines = left_downlines+1
WHERE `user_id` = 'SJ2DF6';
UPDATE `user_registration` SET total_downlines = total_downlines+1
WHERE `user_id` = '2YSBSS';
UPDATE `user_registration` SET left_downlines = left_downlines+1
WHERE `user_id` = '2YSBSS';
UPDATE `user_registration` SET total_downlines = total_downlines+1
WHERE `user_id` = 'D2WRVN';
UPDATE `user_registration` SET left_downlines = left_downlines+1
WHERE `user_id` = 'D2WRVN';
UPDATE `user_registration` SET total_downlines = total_downlines+1
WHERE `user_id` = 'O3WR96';
UPDATE `user_registration` SET left_downlines = left_downlines+1
WHERE `user_id` = 'O3WR96';
UPDATE `user_registration` SET total_downlines = total_downlines+1
WHERE `user_id` = 'II7NUG';
UPDATE `user_registration` SET left_downlines = left_downlines+1
WHERE `user_id` = 'II7NUG';
UPDATE `user_registration` SET total_downlines = total_downlines+1
WHERE `user_id` = 'TI92GO';
UPDATE `user_registration` SET left_downlines = left_downlines+1
WHERE `user_id` = 'TI92GO';
UPDATE `user_registration` SET total_downlines = total_downlines+1
WHERE `user_id` = 'HOMSKN';
UPDATE `user_registration` SET left_downlines = left_downlines+1
WHERE `user_id` = 'HOMSKN';
UPDATE `user_registration` SET total_downlines = total_downlines+1
WHERE `user_id` = 'WQFROY';
UPDATE `user_registration` SET left_downlines = left_downlines+1
WHERE `user_id` = 'WQFROY';
UPDATE `user_registration` SET total_downlines = total_downlines+1
WHERE `user_id` = 'S8TPST';
UPDATE `user_registration` SET left_downlines = left_downlines+1
WHERE `user_id` = 'S8TPST';
UPDATE `user_registration` SET total_downlines = total_downlines+1
WHERE `user_id` = 'BD2LIM';
UPDATE `user_registration` SET left_downlines = left_downlines+1
WHERE `user_id` = 'BD2LIM';
UPDATE `user_registration` SET total_downlines = total_downlines+1
WHERE `user_id` = 'JNGCQK';
UPDATE `user_registration` SET left_downlines = left_downlines+1
WHERE `user_id` = 'JNGCQK';
UPDATE `user_registration` SET total_downlines = total_downlines+1
WHERE `user_id` = 'QOHBYS';
UPDATE `user_registration` SET left_downlines = left_downlines+1
WHERE `user_id` = 'QOHBYS';
UPDATE `user_registration` SET total_downlines = total_downlines+1
WHERE `user_id` = 'LUAGN1';
UPDATE `user_registration` SET left_downlines = left_downlines+1
WHERE `user_id` = 'LUAGN1';
UPDATE `user_registration` SET left_ref_count = left_ref_count+1
WHERE `user_id` = 'LUAGN1';
UPDATE `user_registration` SET active_left = active_left+1
WHERE `user_id` = 'LUAGN1';
UPDATE `user_registration` SET total_downlines = total_downlines+1
WHERE `user_id` = '6DEXJW';
UPDATE `user_registration` SET left_downlines = left_downlines+1
WHERE `user_id` = '6DEXJW';
UPDATE `user_registration` SET total_downlines = total_downlines+1
WHERE `user_id` = 'DM1Y9N';
UPDATE `user_registration` SET right_downlines = right_downlines+1
WHERE `user_id` = 'DM1Y9N';
UPDATE `user_registration` SET total_downlines = total_downlines+1
WHERE `user_id` = 'A9858P';
UPDATE `user_registration` SET left_downlines = left_downlines+1
WHERE `user_id` = 'A9858P';
UPDATE `user_registration` SET total_downlines = total_downlines+1
WHERE `user_id` = 'admin';
UPDATE `user_registration` SET right_downlines = right_downlines+1
WHERE `user_id` = 'admin';
INSERT INTO `investment` (`invest_date`, `user_id`, `type`, `amount`, `package_id`) VALUES ('2024-10-01 22:12:26', 'O7LORQ', 'register', '595', '2');
INSERT INTO `earnings` (`user_id`, `Purchaser_id`, `earning_type`, `package_id`, `amount`, `date`, `comments`, `invest_amount`, `comm_perc`, `level`, `rank_id`, `order_id`) VALUES ('LUAGN1', 'O7LORQ', 'Direct Referral Bonus', '2', '100', '2024-10-01 22:12:26', 'Direct Referral Bonus', 0, 0, 1, '', 297);
UPDATE `user_registration` SET commission_balance = ROUND(commission_balance + 100,2)
WHERE `user_id` = 'LUAGN1';
UPDATE `user_registration` SET referral_bonus = ROUND(referral_bonus + 100,2)
WHERE `user_id` = 'LUAGN1';
INSERT INTO `earnings` (`user_id`, `Purchaser_id`, `earning_type`, `package_id`, `amount`, `date`, `comments`, `invest_amount`, `comm_perc`, `level`, `rank_id`, `order_id`) VALUES ('DM1Y9N', 'O7LORQ', 'Expansion Bonus', '2', 100, '2024-10-01 22:12:26', 'Expansion Bonus', '100', 0, 1, '', 297);
UPDATE `user_registration` SET commission_balance = ROUND(commission_balance + 100,2)
WHERE `user_id` = 'DM1Y9N';
UPDATE `user_registration` SET expansion_bonus = ROUND(expansion_bonus + 100,2)
WHERE `user_id` = 'DM1Y9N';
INSERT INTO `earnings` (`user_id`, `Purchaser_id`, `earning_type`, `package_id`, `amount`, `date`, `comments`, `invest_amount`, `comm_perc`, `level`, `rank_id`, `order_id`) VALUES ('A9858P', 'O7LORQ', 'Expansion Bonus', '2', 100, '2024-10-01 22:12:26', 'Expansion Bonus', 200, 0, 1, '', 297);
UPDATE `user_registration` SET commission_balance = ROUND(commission_balance + 100,2)
WHERE `user_id` = 'A9858P';
UPDATE `user_registration` SET expansion_bonus = ROUND(expansion_bonus + 100,2)
WHERE `user_id` = 'A9858P';
INSERT INTO `matrix_filling` (`placement_id`, `downline_id`, `level`, `matrix`) VALUES ('9QYFCD', 'O7LORQ', 1, 1);
UPDATE `bv_updation` SET left_carry = left_carry+50, total_left = total_left+50
WHERE `user_id` = '9QYFCD';
INSERT INTO `placement_bv_update_history` (`left_carry`, `date`, `from_id`, `user_id`) VALUES ('50', '2024-10-01 22:12:26', 'O7LORQ', '9QYFCD');
INSERT INTO `matrix_filling` (`placement_id`, `downline_id`, `level`, `matrix`) VALUES ('BXC9X6', 'O7LORQ', 2, 1);
UPDATE `bv_updation` SET left_carry = left_carry+50, total_left = total_left+50
WHERE `user_id` = 'BXC9X6';
INSERT INTO `placement_bv_update_history` (`left_carry`, `date`, `from_id`, `user_id`) VALUES ('50', '2024-10-01 22:12:26', 'O7LORQ', 'BXC9X6');
INSERT INTO `matrix_filling` (`placement_id`, `downline_id`, `level`, `matrix`) VALUES ('74J5T9', 'O7LORQ', 3, 1);
UPDATE `bv_updation` SET left_carry = left_carry+50, total_left = total_left+50
WHERE `user_id` = '74J5T9';
INSERT INTO `placement_bv_update_history` (`left_carry`, `date`, `from_id`, `user_id`) VALUES ('50', '2024-10-01 22:12:26', 'O7LORQ', '74J5T9');
INSERT INTO `matrix_filling` (`placement_id`, `downline_id`, `level`, `matrix`) VALUES ('NV94W7', 'O7LORQ', 4, 1);
UPDATE `bv_updation` SET left_carry = left_carry+50, total_left = total_left+50
WHERE `user_id` = 'NV94W7';
INSERT INTO `placement_bv_update_history` (`left_carry`, `date`, `from_id`, `user_id`) VALUES ('50', '2024-10-01 22:12:26', 'O7LORQ', 'NV94W7');
INSERT INTO `matrix_filling` (`placement_id`, `downline_id`, `level`, `matrix`) VALUES ('IXQT61', 'O7LORQ', 5, 1);
UPDATE `bv_updation` SET left_carry = left_carry+50, total_left = total_left+50
WHERE `user_id` = 'IXQT61';
INSERT INTO `placement_bv_update_history` (`left_carry`, `date`, `from_id`, `user_id`) VALUES ('50', '2024-10-01 22:12:26', 'O7LORQ', 'IXQT61');
INSERT INTO `matrix_filling` (`placement_id`, `downline_id`, `level`, `matrix`) VALUES ('8EOSVJ', 'O7LORQ', 6, 1);
UPDATE `bv_updation` SET left_carry = left_carry+50, total_left = total_left+50
WHERE `user_id` = '8EOSVJ';
INSERT INTO `placement_bv_update_history` (`left_carry`, `date`, `from_id`, `user_id`) VALUES ('50', '2024-10-01 22:12:26', 'O7LORQ', '8EOSVJ');
INSERT INTO `matrix_filling` (`placement_id`, `downline_id`, `level`, `matrix`) VALUES ('SJ2DF6', 'O7LORQ', 7, 1);
UPDATE `bv_updation` SET left_carry = left_carry+50, total_left = total_left+50
WHERE `user_id` = 'SJ2DF6';
INSERT INTO `placement_bv_update_history` (`left_carry`, `date`, `from_id`, `user_id`) VALUES ('50', '2024-10-01 22:12:26', 'O7LORQ', 'SJ2DF6');
INSERT INTO `matrix_filling` (`placement_id`, `downline_id`, `level`, `matrix`) VALUES ('2YSBSS', 'O7LORQ', 8, 1);
UPDATE `bv_updation` SET left_carry = left_carry+50, total_left = total_left+50
WHERE `user_id` = '2YSBSS';
INSERT INTO `placement_bv_update_history` (`left_carry`, `date`, `from_id`, `user_id`) VALUES ('50', '2024-10-01 22:12:26', 'O7LORQ', '2YSBSS');
INSERT INTO `matrix_filling` (`placement_id`, `downline_id`, `level`, `matrix`) VALUES ('D2WRVN', 'O7LORQ', 9, 1);
UPDATE `bv_updation` SET left_carry = left_carry+50, total_left = total_left+50
WHERE `user_id` = 'D2WRVN';
INSERT INTO `placement_bv_update_history` (`left_carry`, `date`, `from_id`, `user_id`) VALUES ('50', '2024-10-01 22:12:26', 'O7LORQ', 'D2WRVN');
INSERT INTO `matrix_filling` (`placement_id`, `downline_id`, `level`, `matrix`) VALUES ('O3WR96', 'O7LORQ', 10, 1);
UPDATE `bv_updation` SET left_carry = left_carry+50, total_left = total_left+50
WHERE `user_id` = 'O3WR96';
INSERT INTO `placement_bv_update_history` (`left_carry`, `date`, `from_id`, `user_id`) VALUES ('50', '2024-10-01 22:12:26', 'O7LORQ', 'O3WR96');
INSERT INTO `matrix_filling` (`placement_id`, `downline_id`, `level`, `matrix`) VALUES ('II7NUG', 'O7LORQ', 11, 1);
UPDATE `bv_updation` SET left_carry = left_carry+50, total_left = total_left+50
WHERE `user_id` = 'II7NUG';
INSERT INTO `placement_bv_update_history` (`left_carry`, `date`, `from_id`, `user_id`) VALUES ('50', '2024-10-01 22:12:26', 'O7LORQ', 'II7NUG');
INSERT INTO `matrix_filling` (`placement_id`, `downline_id`, `level`, `matrix`) VALUES ('TI92GO', 'O7LORQ', 12, 1);
UPDATE `bv_updation` SET left_carry = left_carry+50, total_left = total_left+50
WHERE `user_id` = 'TI92GO';
INSERT INTO `placement_bv_update_history` (`left_carry`, `date`, `from_id`, `user_id`) VALUES ('50', '2024-10-01 22:12:26', 'O7LORQ', 'TI92GO');
INSERT INTO `matrix_filling` (`placement_id`, `downline_id`, `level`, `matrix`) VALUES ('HOMSKN', 'O7LORQ', 13, 1);
UPDATE `bv_updation` SET left_carry = left_carry+50, total_left = total_left+50
WHERE `user_id` = 'HOMSKN';
INSERT INTO `placement_bv_update_history` (`left_carry`, `date`, `from_id`, `user_id`) VALUES ('50', '2024-10-01 22:12:26', 'O7LORQ', 'HOMSKN');
INSERT INTO `matrix_filling` (`placement_id`, `downline_id`, `level`, `matrix`) VALUES ('WQFROY', 'O7LORQ', 14, 1);
UPDATE `bv_updation` SET left_carry = left_carry+50, total_left = total_left+50
WHERE `user_id` = 'WQFROY';
INSERT INTO `placement_bv_update_history` (`left_carry`, `date`, `from_id`, `user_id`) VALUES ('50', '2024-10-01 22:12:26', 'O7LORQ', 'WQFROY');
INSERT INTO `matrix_filling` (`placement_id`, `downline_id`, `level`, `matrix`) VALUES ('S8TPST', 'O7LORQ', 15, 1);
UPDATE `bv_updation` SET left_carry = left_carry+50, total_left = total_left+50
WHERE `user_id` = 'S8TPST';
INSERT INTO `placement_bv_update_history` (`left_carry`, `date`, `from_id`, `user_id`) VALUES ('50', '2024-10-01 22:12:26', 'O7LORQ', 'S8TPST');
INSERT INTO `matrix_filling` (`placement_id`, `downline_id`, `level`, `matrix`) VALUES ('BD2LIM', 'O7LORQ', 16, 1);
UPDATE `bv_updation` SET left_carry = left_carry+50, total_left = total_left+50
WHERE `user_id` = 'BD2LIM';
INSERT INTO `placement_bv_update_history` (`left_carry`, `date`, `from_id`, `user_id`) VALUES ('50', '2024-10-01 22:12:26', 'O7LORQ', 'BD2LIM');
INSERT INTO `matrix_filling` (`placement_id`, `downline_id`, `level`, `matrix`) VALUES ('JNGCQK', 'O7LORQ', 17, 1);
UPDATE `bv_updation` SET left_carry = left_carry+50, total_left = total_left+50
WHERE `user_id` = 'JNGCQK';
INSERT INTO `placement_bv_update_history` (`left_carry`, `date`, `from_id`, `user_id`) VALUES ('50', '2024-10-01 22:12:26', 'O7LORQ', 'JNGCQK');
INSERT INTO `matrix_filling` (`placement_id`, `downline_id`, `level`, `matrix`) VALUES ('QOHBYS', 'O7LORQ', 18, 1);
UPDATE `bv_updation` SET left_carry = left_carry+50, total_left = total_left+50
WHERE `user_id` = 'QOHBYS';
INSERT INTO `placement_bv_update_history` (`left_carry`, `date`, `from_id`, `user_id`) VALUES ('50', '2024-10-01 22:12:26', 'O7LORQ', 'QOHBYS');
INSERT INTO `matrix_filling` (`placement_id`, `downline_id`, `level`, `matrix`) VALUES ('LUAGN1', 'O7LORQ', 19, 1);
UPDATE `bv_updation` SET left_carry = left_carry+50, total_left = total_left+50
WHERE `user_id` = 'LUAGN1';
INSERT INTO `placement_bv_update_history` (`left_carry`, `date`, `from_id`, `user_id`) VALUES ('50', '2024-10-01 22:12:26', 'O7LORQ', 'LUAGN1');
UPDATE `bv_updation` SET sponsor_left_carry = sponsor_left_carry+50, sponsor_total_left = sponsor_total_left+50
WHERE `user_id` = 'LUAGN1';
INSERT INTO `sponsor_bv_update_history` (`left_carry`, `date`, `user_id`) VALUES ('50', '2024-10-01 22:12:26', 'LUAGN1');
INSERT INTO `matrix_filling` (`placement_id`, `downline_id`, `level`, `matrix`) VALUES ('6DEXJW', 'O7LORQ', 20, 1);
UPDATE `bv_updation` SET left_carry = left_carry+50, total_left = total_left+50
WHERE `user_id` = '6DEXJW';
INSERT INTO `placement_bv_update_history` (`left_carry`, `date`, `from_id`, `user_id`) VALUES ('50', '2024-10-01 22:12:26', 'O7LORQ', '6DEXJW');
INSERT INTO `matrix_filling` (`placement_id`, `downline_id`, `level`, `matrix`) VALUES ('DM1Y9N', 'O7LORQ', 21, 1);
UPDATE `bv_updation` SET right_carry = right_carry+50, total_right = total_right+50
WHERE `user_id` = 'DM1Y9N';
INSERT INTO `placement_bv_update_history` (`right_carry`, `date`, `from_id`, `user_id`) VALUES ('50', '2024-10-01 22:12:26', 'O7LORQ', 'DM1Y9N');
INSERT INTO `matrix_filling` (`placement_id`, `downline_id`, `level`, `matrix`) VALUES ('A9858P', 'O7LORQ', 22, 1);
UPDATE `bv_updation` SET left_carry = left_carry+50, total_left = total_left+50
WHERE `user_id` = 'A9858P';
INSERT INTO `placement_bv_update_history` (`left_carry`, `date`, `from_id`, `user_id`) VALUES ('50', '2024-10-01 22:12:26', 'O7LORQ', 'A9858P');
INSERT INTO `matrix_filling` (`placement_id`, `downline_id`, `level`, `matrix`) VALUES ('admin', 'O7LORQ', 23, 1);
UPDATE `bv_updation` SET right_carry = right_carry+50, total_right = total_right+50
WHERE `user_id` = 'admin';
INSERT INTO `placement_bv_update_history` (`right_carry`, `date`, `from_id`, `user_id`) VALUES ('50', '2024-10-01 22:12:26', 'O7LORQ', 'admin');
INSERT INTO `package_purchase_history` (`user_id`, `package_id`, `reg_fee`, `package_name`, `monthly_fee`, `type`, `date`, `payment_option`) VALUES ('O7LORQ', '2', '595', 'Traveler Pro', '150', 'sign_up', '2024-10-01 22:12:26', 'free');
UPDATE `ci_sessions` SET `timestamp` = 1727838796, `data` = '__ci_last_regenerate|i:1727838796;id|s:4:\"2184\";user_id|s:6:\"LUAGN1\";username|s:11:\"juancarlos1\";sponsor_id|s:6:\"6DEXJW\";fullname|s:17:\"Juan Carlos Perez\";email|s:21:\"juancarlos1@gmail.com\";phone|s:10:\"7862876762\";isLogIn|b:1;'
WHERE `id` = 'c58c5a88b4f0525bb8fb51140c050e23a7ec45f7';
UPDATE `user_registration` SET `uid` = '2597', `user_id` = 'MDC3EC', `username` = 'pedro1', `sponsor_id` = 'LUAGN1', `vacant` = 'no', `f_name` = 'Pedro', `l_name` = 'Padro', `address` = '8100 SW 14 Terr', `position` = 'right', `email` = 'pedro1@gmail.com', `password` = 'af0d45f5272d3a55498d18f8a0903fc4', `phone` = '7862876762', `country` = 'United States', `state` = 'Florida', `city` = 'Miami', `street` = '8100 SW 14 Terr', `zip_code` = '33144', `reg_ip` = '172.70.83.101', `status` = 1, `package_id` = '2', `rank_id` = 1, `highest_rank` = 1, `cycle_rank_id` = 1, `created` = '2024-10-01 22:13:16', `subscription_date` = '2024-10-31', `google_secret` = 'ARSUNUMG6HHGOMLC'
WHERE `uid` = '2597';
INSERT INTO `user_registration` (`uid`, `user_id`, `username`, `sponsor_id`, `placement_id`, `vacant`, `f_name`, `l_name`, `address`, `position`, `email`, `password`, `phone`, `reg_ip`, `status`, `created`) VALUES (NULL, 'QPYWBR', 'QkbVLjoc', 'MDC3EC', 'MDC3EC', 'yes', '', '', '', 'left', '@mail.com', '', '', '', 0, '2024-10-01 22:13:16');
INSERT INTO `user_registration` (`uid`, `user_id`, `username`, `sponsor_id`, `placement_id`, `vacant`, `f_name`, `l_name`, `address`, `position`, `email`, `password`, `phone`, `reg_ip`, `status`, `created`) VALUES (NULL, 'WJEEIW', 'CutVxeIG', 'MDC3EC', 'MDC3EC', 'yes', '', '', '', 'right', '@mail.com', '', '', '', 0, '2024-10-01 22:13:16');
INSERT INTO `bv_updation` (`user_id`) VALUES ('MDC3EC');
UPDATE `user_registration` SET total_ref_count = total_ref_count+1
WHERE `user_id` = 'LUAGN1';
UPDATE `user_registration` SET total_downlines = total_downlines+1
WHERE `user_id` = 'NEL8HC';
UPDATE `user_registration` SET right_downlines = right_downlines+1
WHERE `user_id` = 'NEL8HC';
UPDATE `user_registration` SET total_downlines = total_downlines+1
WHERE `user_id` = 'FTNCHD';
UPDATE `user_registration` SET right_downlines = right_downlines+1
WHERE `user_id` = 'FTNCHD';
UPDATE `user_registration` SET total_downlines = total_downlines+1
WHERE `user_id` = 'UC2PHS';
UPDATE `user_registration` SET right_downlines = right_downlines+1
WHERE `user_id` = 'UC2PHS';
UPDATE `user_registration` SET total_downlines = total_downlines+1
WHERE `user_id` = 'S6Y615';
UPDATE `user_registration` SET right_downlines = right_downlines+1
WHERE `user_id` = 'S6Y615';
UPDATE `user_registration` SET total_downlines = total_downlines+1
WHERE `user_id` = 'GZZ2NE';
UPDATE `user_registration` SET right_downlines = right_downlines+1
WHERE `user_id` = 'GZZ2NE';
UPDATE `user_registration` SET total_downlines = total_downlines+1
WHERE `user_id` = 'TBNWFI';
UPDATE `user_registration` SET right_downlines = right_downlines+1
WHERE `user_id` = 'TBNWFI';
UPDATE `user_registration` SET total_downlines = total_downlines+1
WHERE `user_id` = '2ZBFLF';
UPDATE `user_registration` SET right_downlines = right_downlines+1
WHERE `user_id` = '2ZBFLF';
UPDATE `user_registration` SET total_downlines = total_downlines+1
WHERE `user_id` = 'PWB9RY';
UPDATE `user_registration` SET right_downlines = right_downlines+1
WHERE `user_id` = 'PWB9RY';
UPDATE `user_registration` SET total_downlines = total_downlines+1
WHERE `user_id` = '7QWHHF';
UPDATE `user_registration` SET right_downlines = right_downlines+1
WHERE `user_id` = '7QWHHF';
UPDATE `user_registration` SET total_downlines = total_downlines+1
WHERE `user_id` = 'YTHSAV';
UPDATE `user_registration` SET right_downlines = right_downlines+1
WHERE `user_id` = 'YTHSAV';
UPDATE `user_registration` SET total_downlines = total_downlines+1
WHERE `user_id` = 'TV9UQH';
UPDATE `user_registration` SET right_downlines = right_downlines+1
WHERE `user_id` = 'TV9UQH';
UPDATE `user_registration` SET total_downlines = total_downlines+1
WHERE `user_id` = 'KZTY9T';
UPDATE `user_registration` SET right_downlines = right_downlines+1
WHERE `user_id` = 'KZTY9T';
UPDATE `user_registration` SET total_downlines = total_downlines+1
WHERE `user_id` = '2K9C1S';
UPDATE `user_registration` SET right_downlines = right_downlines+1
WHERE `user_id` = '2K9C1S';
UPDATE `user_registration` SET total_downlines = total_downlines+1
WHERE `user_id` = 'IPUSFA';
UPDATE `user_registration` SET right_downlines = right_downlines+1
WHERE `user_id` = 'IPUSFA';
UPDATE `user_registration` SET total_downlines = total_downlines+1
WHERE `user_id` = 'JSMVWA';
UPDATE `user_registration` SET right_downlines = right_downlines+1
WHERE `user_id` = 'JSMVWA';
UPDATE `user_registration` SET total_downlines = total_downlines+1
WHERE `user_id` = 'Y741WF';
UPDATE `user_registration` SET right_downlines = right_downlines+1
WHERE `user_id` = 'Y741WF';
UPDATE `user_registration` SET total_downlines = total_downlines+1
WHERE `user_id` = 'JLTMOH';
UPDATE `user_registration` SET right_downlines = right_downlines+1
WHERE `user_id` = 'JLTMOH';
UPDATE `user_registration` SET total_downlines = total_downlines+1
WHERE `user_id` = 'NS15G5';
UPDATE `user_registration` SET right_downlines = right_downlines+1
WHERE `user_id` = 'NS15G5';
UPDATE `user_registration` SET total_downlines = total_downlines+1
WHERE `user_id` = 'YU8PLO';
UPDATE `user_registration` SET right_downlines = right_downlines+1
WHERE `user_id` = 'YU8PLO';
UPDATE `user_registration` SET total_downlines = total_downlines+1
WHERE `user_id` = 'LUAGN1';
UPDATE `user_registration` SET right_downlines = right_downlines+1
WHERE `user_id` = 'LUAGN1';
UPDATE `user_registration` SET right_ref_count = right_ref_count+1
WHERE `user_id` = 'LUAGN1';
UPDATE `user_registration` SET active_right = active_right+1
WHERE `user_id` = 'LUAGN1';
UPDATE `user_registration` SET total_downlines = total_downlines+1
WHERE `user_id` = '6DEXJW';
UPDATE `user_registration` SET left_downlines = left_downlines+1
WHERE `user_id` = '6DEXJW';
UPDATE `user_registration` SET total_downlines = total_downlines+1
WHERE `user_id` = 'DM1Y9N';
UPDATE `user_registration` SET right_downlines = right_downlines+1
WHERE `user_id` = 'DM1Y9N';
UPDATE `user_registration` SET total_downlines = total_downlines+1
WHERE `user_id` = 'A9858P';
UPDATE `user_registration` SET left_downlines = left_downlines+1
WHERE `user_id` = 'A9858P';
UPDATE `user_registration` SET total_downlines = total_downlines+1
WHERE `user_id` = 'admin';
UPDATE `user_registration` SET right_downlines = right_downlines+1
WHERE `user_id` = 'admin';
INSERT INTO `investment` (`invest_date`, `user_id`, `type`, `amount`, `package_id`) VALUES ('2024-10-01 22:13:16', 'MDC3EC', 'register', '595', '2');
INSERT INTO `earnings` (`user_id`, `Purchaser_id`, `earning_type`, `package_id`, `amount`, `date`, `comments`, `invest_amount`, `comm_perc`, `level`, `rank_id`, `order_id`) VALUES ('LUAGN1', 'MDC3EC', 'Direct Referral Bonus', '2', '100', '2024-10-01 22:13:16', 'Direct Referral Bonus', 0, 0, 1, '', 298);
UPDATE `user_registration` SET commission_balance = ROUND(commission_balance + 100,2)
WHERE `user_id` = 'LUAGN1';
UPDATE `user_registration` SET referral_bonus = ROUND(referral_bonus + 100,2)
WHERE `user_id` = 'LUAGN1';
INSERT INTO `earnings` (`user_id`, `Purchaser_id`, `earning_type`, `package_id`, `amount`, `date`, `comments`, `invest_amount`, `comm_perc`, `level`, `rank_id`, `order_id`) VALUES ('DM1Y9N', 'MDC3EC', 'Expansion Bonus', '2', 100, '2024-10-01 22:13:16', 'Expansion Bonus', '100', 0, 1, '', 298);
UPDATE `user_registration` SET commission_balance = ROUND(commission_balance + 100,2)
WHERE `user_id` = 'DM1Y9N';
UPDATE `user_registration` SET expansion_bonus = ROUND(expansion_bonus + 100,2)
WHERE `user_id` = 'DM1Y9N';
INSERT INTO `earnings` (`user_id`, `Purchaser_id`, `earning_type`, `package_id`, `amount`, `date`, `comments`, `invest_amount`, `comm_perc`, `level`, `rank_id`, `order_id`) VALUES ('A9858P', 'MDC3EC', 'Expansion Bonus', '2', 100, '2024-10-01 22:13:16', 'Expansion Bonus', 200, 0, 1, '', 298);
UPDATE `user_registration` SET commission_balance = ROUND(commission_balance + 100,2)
WHERE `user_id` = 'A9858P';
UPDATE `user_registration` SET expansion_bonus = ROUND(expansion_bonus + 100,2)
WHERE `user_id` = 'A9858P';
INSERT INTO `matrix_filling` (`placement_id`, `downline_id`, `level`, `matrix`) VALUES ('NEL8HC', 'MDC3EC', 1, 1);
UPDATE `bv_updation` SET right_carry = right_carry+50, total_right = total_right+50
WHERE `user_id` = 'NEL8HC';
INSERT INTO `placement_bv_update_history` (`right_carry`, `date`, `from_id`, `user_id`) VALUES ('50', '2024-10-01 22:13:16', 'MDC3EC', 'NEL8HC');
INSERT INTO `matrix_filling` (`placement_id`, `downline_id`, `level`, `matrix`) VALUES ('FTNCHD', 'MDC3EC', 2, 1);
UPDATE `bv_updation` SET right_carry = right_carry+50, total_right = total_right+50
WHERE `user_id` = 'FTNCHD';
INSERT INTO `placement_bv_update_history` (`right_carry`, `date`, `from_id`, `user_id`) VALUES ('50', '2024-10-01 22:13:16', 'MDC3EC', 'FTNCHD');
INSERT INTO `matrix_filling` (`placement_id`, `downline_id`, `level`, `matrix`) VALUES ('UC2PHS', 'MDC3EC', 3, 1);
UPDATE `bv_updation` SET right_carry = right_carry+50, total_right = total_right+50
WHERE `user_id` = 'UC2PHS';
INSERT INTO `placement_bv_update_history` (`right_carry`, `date`, `from_id`, `user_id`) VALUES ('50', '2024-10-01 22:13:16', 'MDC3EC', 'UC2PHS');
INSERT INTO `matrix_filling` (`placement_id`, `downline_id`, `level`, `matrix`) VALUES ('S6Y615', 'MDC3EC', 4, 1);
UPDATE `bv_updation` SET right_carry = right_carry+50, total_right = total_right+50
WHERE `user_id` = 'S6Y615';
INSERT INTO `placement_bv_update_history` (`right_carry`, `date`, `from_id`, `user_id`) VALUES ('50', '2024-10-01 22:13:16', 'MDC3EC', 'S6Y615');
INSERT INTO `matrix_filling` (`placement_id`, `downline_id`, `level`, `matrix`) VALUES ('GZZ2NE', 'MDC3EC', 5, 1);
UPDATE `bv_updation` SET right_carry = right_carry+50, total_right = total_right+50
WHERE `user_id` = 'GZZ2NE';
INSERT INTO `placement_bv_update_history` (`right_carry`, `date`, `from_id`, `user_id`) VALUES ('50', '2024-10-01 22:13:16', 'MDC3EC', 'GZZ2NE');
INSERT INTO `matrix_filling` (`placement_id`, `downline_id`, `level`, `matrix`) VALUES ('TBNWFI', 'MDC3EC', 6, 1);
UPDATE `bv_updation` SET right_carry = right_carry+50, total_right = total_right+50
WHERE `user_id` = 'TBNWFI';
INSERT INTO `placement_bv_update_history` (`right_carry`, `date`, `from_id`, `user_id`) VALUES ('50', '2024-10-01 22:13:16', 'MDC3EC', 'TBNWFI');
INSERT INTO `matrix_filling` (`placement_id`, `downline_id`, `level`, `matrix`) VALUES ('2ZBFLF', 'MDC3EC', 7, 1);
UPDATE `bv_updation` SET right_carry = right_carry+50, total_right = total_right+50
WHERE `user_id` = '2ZBFLF';
INSERT INTO `placement_bv_update_history` (`right_carry`, `date`, `from_id`, `user_id`) VALUES ('50', '2024-10-01 22:13:16', 'MDC3EC', '2ZBFLF');
INSERT INTO `matrix_filling` (`placement_id`, `downline_id`, `level`, `matrix`) VALUES ('PWB9RY', 'MDC3EC', 8, 1);
UPDATE `bv_updation` SET right_carry = right_carry+50, total_right = total_right+50
WHERE `user_id` = 'PWB9RY';
INSERT INTO `placement_bv_update_history` (`right_carry`, `date`, `from_id`, `user_id`) VALUES ('50', '2024-10-01 22:13:16', 'MDC3EC', 'PWB9RY');
INSERT INTO `matrix_filling` (`placement_id`, `downline_id`, `level`, `matrix`) VALUES ('7QWHHF', 'MDC3EC', 9, 1);
UPDATE `bv_updation` SET right_carry = right_carry+50, total_right = total_right+50
WHERE `user_id` = '7QWHHF';
INSERT INTO `placement_bv_update_history` (`right_carry`, `date`, `from_id`, `user_id`) VALUES ('50', '2024-10-01 22:13:16', 'MDC3EC', '7QWHHF');
INSERT INTO `matrix_filling` (`placement_id`, `downline_id`, `level`, `matrix`) VALUES ('YTHSAV', 'MDC3EC', 10, 1);
UPDATE `bv_updation` SET right_carry = right_carry+50, total_right = total_right+50
WHERE `user_id` = 'YTHSAV';
INSERT INTO `placement_bv_update_history` (`right_carry`, `date`, `from_id`, `user_id`) VALUES ('50', '2024-10-01 22:13:16', 'MDC3EC', 'YTHSAV');
INSERT INTO `matrix_filling` (`placement_id`, `downline_id`, `level`, `matrix`) VALUES ('TV9UQH', 'MDC3EC', 11, 1);
UPDATE `bv_updation` SET right_carry = right_carry+50, total_right = total_right+50
WHERE `user_id` = 'TV9UQH';
INSERT INTO `placement_bv_update_history` (`right_carry`, `date`, `from_id`, `user_id`) VALUES ('50', '2024-10-01 22:13:16', 'MDC3EC', 'TV9UQH');
INSERT INTO `matrix_filling` (`placement_id`, `downline_id`, `level`, `matrix`) VALUES ('KZTY9T', 'MDC3EC', 12, 1);
UPDATE `bv_updation` SET right_carry = right_carry+50, total_right = total_right+50
WHERE `user_id` = 'KZTY9T';
INSERT INTO `placement_bv_update_history` (`right_carry`, `date`, `from_id`, `user_id`) VALUES ('50', '2024-10-01 22:13:16', 'MDC3EC', 'KZTY9T');
INSERT INTO `matrix_filling` (`placement_id`, `downline_id`, `level`, `matrix`) VALUES ('2K9C1S', 'MDC3EC', 13, 1);
UPDATE `bv_updation` SET right_carry = right_carry+50, total_right = total_right+50
WHERE `user_id` = '2K9C1S';
INSERT INTO `placement_bv_update_history` (`right_carry`, `date`, `from_id`, `user_id`) VALUES ('50', '2024-10-01 22:13:16', 'MDC3EC', '2K9C1S');
INSERT INTO `matrix_filling` (`placement_id`, `downline_id`, `level`, `matrix`) VALUES ('IPUSFA', 'MDC3EC', 14, 1);
UPDATE `bv_updation` SET right_carry = right_carry+50, total_right = total_right+50
WHERE `user_id` = 'IPUSFA';
INSERT INTO `placement_bv_update_history` (`right_carry`, `date`, `from_id`, `user_id`) VALUES ('50', '2024-10-01 22:13:16', 'MDC3EC', 'IPUSFA');
INSERT INTO `matrix_filling` (`placement_id`, `downline_id`, `level`, `matrix`) VALUES ('JSMVWA', 'MDC3EC', 15, 1);
UPDATE `bv_updation` SET right_carry = right_carry+50, total_right = total_right+50
WHERE `user_id` = 'JSMVWA';
INSERT INTO `placement_bv_update_history` (`right_carry`, `date`, `from_id`, `user_id`) VALUES ('50', '2024-10-01 22:13:16', 'MDC3EC', 'JSMVWA');
INSERT INTO `matrix_filling` (`placement_id`, `downline_id`, `level`, `matrix`) VALUES ('Y741WF', 'MDC3EC', 16, 1);
UPDATE `bv_updation` SET right_carry = right_carry+50, total_right = total_right+50
WHERE `user_id` = 'Y741WF';
INSERT INTO `placement_bv_update_history` (`right_carry`, `date`, `from_id`, `user_id`) VALUES ('50', '2024-10-01 22:13:16', 'MDC3EC', 'Y741WF');
INSERT INTO `matrix_filling` (`placement_id`, `downline_id`, `level`, `matrix`) VALUES ('JLTMOH', 'MDC3EC', 17, 1);
UPDATE `bv_updation` SET right_carry = right_carry+50, total_right = total_right+50
WHERE `user_id` = 'JLTMOH';
INSERT INTO `placement_bv_update_history` (`right_carry`, `date`, `from_id`, `user_id`) VALUES ('50', '2024-10-01 22:13:16', 'MDC3EC', 'JLTMOH');
INSERT INTO `matrix_filling` (`placement_id`, `downline_id`, `level`, `matrix`) VALUES ('NS15G5', 'MDC3EC', 18, 1);
UPDATE `bv_updation` SET right_carry = right_carry+50, total_right = total_right+50
WHERE `user_id` = 'NS15G5';
INSERT INTO `placement_bv_update_history` (`right_carry`, `date`, `from_id`, `user_id`) VALUES ('50', '2024-10-01 22:13:16', 'MDC3EC', 'NS15G5');
INSERT INTO `matrix_filling` (`placement_id`, `downline_id`, `level`, `matrix`) VALUES ('YU8PLO', 'MDC3EC', 19, 1);
UPDATE `bv_updation` SET right_carry = right_carry+50, total_right = total_right+50
WHERE `user_id` = 'YU8PLO';
INSERT INTO `placement_bv_update_history` (`right_carry`, `date`, `from_id`, `user_id`) VALUES ('50', '2024-10-01 22:13:16', 'MDC3EC', 'YU8PLO');
INSERT INTO `matrix_filling` (`placement_id`, `downline_id`, `level`, `matrix`) VALUES ('LUAGN1', 'MDC3EC', 20, 1);
UPDATE `bv_updation` SET right_carry = right_carry+50, total_right = total_right+50
WHERE `user_id` = 'LUAGN1';
INSERT INTO `placement_bv_update_history` (`right_carry`, `date`, `from_id`, `user_id`) VALUES ('50', '2024-10-01 22:13:16', 'MDC3EC', 'LUAGN1');
UPDATE `bv_updation` SET sponsor_right_carry = sponsor_right_carry+50, sponsor_total_right = sponsor_total_right+50
WHERE `user_id` = 'LUAGN1';
INSERT INTO `sponsor_bv_update_history` (`right_carry`, `date`, `user_id`) VALUES ('50', '2024-10-01 22:13:16', 'LUAGN1');
INSERT INTO `matrix_filling` (`placement_id`, `downline_id`, `level`, `matrix`) VALUES ('6DEXJW', 'MDC3EC', 21, 1);
UPDATE `bv_updation` SET left_carry = left_carry+50, total_left = total_left+50
WHERE `user_id` = '6DEXJW';
INSERT INTO `placement_bv_update_history` (`left_carry`, `date`, `from_id`, `user_id`) VALUES ('50', '2024-10-01 22:13:16', 'MDC3EC', '6DEXJW');
INSERT INTO `matrix_filling` (`placement_id`, `downline_id`, `level`, `matrix`) VALUES ('DM1Y9N', 'MDC3EC', 22, 1);
UPDATE `bv_updation` SET right_carry = right_carry+50, total_right = total_right+50
WHERE `user_id` = 'DM1Y9N';
INSERT INTO `placement_bv_update_history` (`right_carry`, `date`, `from_id`, `user_id`) VALUES ('50', '2024-10-01 22:13:16', 'MDC3EC', 'DM1Y9N');
INSERT INTO `matrix_filling` (`placement_id`, `downline_id`, `level`, `matrix`) VALUES ('A9858P', 'MDC3EC', 23, 1);
UPDATE `bv_updation` SET left_carry = left_carry+50, total_left = total_left+50
WHERE `user_id` = 'A9858P';
INSERT INTO `placement_bv_update_history` (`left_carry`, `date`, `from_id`, `user_id`) VALUES ('50', '2024-10-01 22:13:16', 'MDC3EC', 'A9858P');
INSERT INTO `matrix_filling` (`placement_id`, `downline_id`, `level`, `matrix`) VALUES ('admin', 'MDC3EC', 24, 1);
UPDATE `bv_updation` SET right_carry = right_carry+50, total_right = total_right+50
WHERE `user_id` = 'admin';
INSERT INTO `placement_bv_update_history` (`right_carry`, `date`, `from_id`, `user_id`) VALUES ('50', '2024-10-01 22:13:16', 'MDC3EC', 'admin');
INSERT INTO `package_purchase_history` (`user_id`, `package_id`, `reg_fee`, `package_name`, `monthly_fee`, `type`, `date`, `payment_option`) VALUES ('MDC3EC', '2', '595', 'Traveler Pro', '150', 'sign_up', '2024-10-01 22:13:16', 'free');
UPDATE `user_registration` SET `uid` = '2600', `user_id` = '68OEJ2', `username` = 'vivi1', `sponsor_id` = 'LUAGN1', `vacant` = 'no', `f_name` = 'Vivi', `l_name` = 'Padrn', `address` = '8100 SW 14 Terr', `position` = 'left', `email` = 'vivi1@gmail.com', `password` = 'b4423575e66775b138d3100f2aed35dc', `phone` = '7862876762', `country` = 'United States', `state` = 'Florida', `city` = 'Miami', `street` = '8100 SW 14 Terr', `zip_code` = '33144', `reg_ip` = '172.70.255.19', `status` = 1, `package_id` = '2', `rank_id` = 1, `highest_rank` = 1, `cycle_rank_id` = 1, `created` = '2024-10-01 22:14:22', `subscription_date` = '2024-10-31', `google_secret` = 'CDULLFRR27HOSRMD'
WHERE `uid` = '2600';
INSERT INTO `user_registration` (`uid`, `user_id`, `username`, `sponsor_id`, `placement_id`, `vacant`, `f_name`, `l_name`, `address`, `position`, `email`, `password`, `phone`, `reg_ip`, `status`, `created`) VALUES (NULL, 'EUDSKT', 'jsgFYopw', '68OEJ2', '68OEJ2', 'yes', '', '', '', 'left', '@mail.com', '', '', '', 0, '2024-10-01 22:14:22');
INSERT INTO `user_registration` (`uid`, `user_id`, `username`, `sponsor_id`, `placement_id`, `vacant`, `f_name`, `l_name`, `address`, `position`, `email`, `password`, `phone`, `reg_ip`, `status`, `created`) VALUES (NULL, 'WAUFUR', 'jQXDjTle', '68OEJ2', '68OEJ2', 'yes', '', '', '', 'right', '@mail.com', '', '', '', 0, '2024-10-01 22:14:22');
INSERT INTO `bv_updation` (`user_id`) VALUES ('68OEJ2');
UPDATE `user_registration` SET total_ref_count = total_ref_count+1
WHERE `user_id` = 'LUAGN1';
UPDATE `user_registration` SET total_downlines = total_downlines+1
WHERE `user_id` = 'O7LORQ';
UPDATE `user_registration` SET left_downlines = left_downlines+1
WHERE `user_id` = 'O7LORQ';
UPDATE `user_registration` SET total_downlines = total_downlines+1
WHERE `user_id` = '9QYFCD';
UPDATE `user_registration` SET left_downlines = left_downlines+1
WHERE `user_id` = '9QYFCD';
UPDATE `user_registration` SET total_downlines = total_downlines+1
WHERE `user_id` = 'BXC9X6';
UPDATE `user_registration` SET left_downlines = left_downlines+1
WHERE `user_id` = 'BXC9X6';
UPDATE `user_registration` SET total_downlines = total_downlines+1
WHERE `user_id` = '74J5T9';
UPDATE `user_registration` SET left_downlines = left_downlines+1
WHERE `user_id` = '74J5T9';
UPDATE `user_registration` SET total_downlines = total_downlines+1
WHERE `user_id` = 'NV94W7';
UPDATE `user_registration` SET left_downlines = left_downlines+1
WHERE `user_id` = 'NV94W7';
UPDATE `user_registration` SET total_downlines = total_downlines+1
WHERE `user_id` = 'IXQT61';
UPDATE `user_registration` SET left_downlines = left_downlines+1
WHERE `user_id` = 'IXQT61';
UPDATE `user_registration` SET total_downlines = total_downlines+1
WHERE `user_id` = '8EOSVJ';
UPDATE `user_registration` SET left_downlines = left_downlines+1
WHERE `user_id` = '8EOSVJ';
UPDATE `user_registration` SET total_downlines = total_downlines+1
WHERE `user_id` = 'SJ2DF6';
UPDATE `user_registration` SET left_downlines = left_downlines+1
WHERE `user_id` = 'SJ2DF6';
UPDATE `user_registration` SET total_downlines = total_downlines+1
WHERE `user_id` = '2YSBSS';
UPDATE `user_registration` SET left_downlines = left_downlines+1
WHERE `user_id` = '2YSBSS';
UPDATE `user_registration` SET total_downlines = total_downlines+1
WHERE `user_id` = 'D2WRVN';
UPDATE `user_registration` SET left_downlines = left_downlines+1
WHERE `user_id` = 'D2WRVN';
UPDATE `user_registration` SET total_downlines = total_downlines+1
WHERE `user_id` = 'O3WR96';
UPDATE `user_registration` SET left_downlines = left_downlines+1
WHERE `user_id` = 'O3WR96';
UPDATE `user_registration` SET total_downlines = total_downlines+1
WHERE `user_id` = 'II7NUG';
UPDATE `user_registration` SET left_downlines = left_downlines+1
WHERE `user_id` = 'II7NUG';
UPDATE `user_registration` SET total_downlines = total_downlines+1
WHERE `user_id` = 'TI92GO';
UPDATE `user_registration` SET left_downlines = left_downlines+1
WHERE `user_id` = 'TI92GO';
UPDATE `user_registration` SET total_downlines = total_downlines+1
WHERE `user_id` = 'HOMSKN';
UPDATE `user_registration` SET left_downlines = left_downlines+1
WHERE `user_id` = 'HOMSKN';
UPDATE `user_registration` SET total_downlines = total_downlines+1
WHERE `user_id` = 'WQFROY';
UPDATE `user_registration` SET left_downlines = left_downlines+1
WHERE `user_id` = 'WQFROY';
UPDATE `user_registration` SET total_downlines = total_downlines+1
WHERE `user_id` = 'S8TPST';
UPDATE `user_registration` SET left_downlines = left_downlines+1
WHERE `user_id` = 'S8TPST';
UPDATE `user_registration` SET total_downlines = total_downlines+1
WHERE `user_id` = 'BD2LIM';
UPDATE `user_registration` SET left_downlines = left_downlines+1
WHERE `user_id` = 'BD2LIM';
UPDATE `user_registration` SET total_downlines = total_downlines+1
WHERE `user_id` = 'JNGCQK';
UPDATE `user_registration` SET left_downlines = left_downlines+1
WHERE `user_id` = 'JNGCQK';
UPDATE `user_registration` SET total_downlines = total_downlines+1
WHERE `user_id` = 'QOHBYS';
UPDATE `user_registration` SET left_downlines = left_downlines+1
WHERE `user_id` = 'QOHBYS';
UPDATE `user_registration` SET total_downlines = total_downlines+1
WHERE `user_id` = 'LUAGN1';
UPDATE `user_registration` SET left_downlines = left_downlines+1
WHERE `user_id` = 'LUAGN1';
UPDATE `user_registration` SET left_ref_count = left_ref_count+1
WHERE `user_id` = 'LUAGN1';
UPDATE `user_registration` SET active_left = active_left+1
WHERE `user_id` = 'LUAGN1';
UPDATE `user_registration` SET total_downlines = total_downlines+1
WHERE `user_id` = '6DEXJW';
UPDATE `user_registration` SET left_downlines = left_downlines+1
WHERE `user_id` = '6DEXJW';
UPDATE `user_registration` SET total_downlines = total_downlines+1
WHERE `user_id` = 'DM1Y9N';
UPDATE `user_registration` SET right_downlines = right_downlines+1
WHERE `user_id` = 'DM1Y9N';
UPDATE `user_registration` SET total_downlines = total_downlines+1
WHERE `user_id` = 'A9858P';
UPDATE `user_registration` SET left_downlines = left_downlines+1
WHERE `user_id` = 'A9858P';
UPDATE `user_registration` SET total_downlines = total_downlines+1
WHERE `user_id` = 'admin';
UPDATE `user_registration` SET right_downlines = right_downlines+1
WHERE `user_id` = 'admin';
INSERT INTO `investment` (`invest_date`, `user_id`, `type`, `amount`, `package_id`) VALUES ('2024-10-01 22:14:22', '68OEJ2', 'register', '595', '2');
INSERT INTO `earnings` (`user_id`, `Purchaser_id`, `earning_type`, `package_id`, `amount`, `date`, `comments`, `invest_amount`, `comm_perc`, `level`, `rank_id`, `order_id`) VALUES ('LUAGN1', '68OEJ2', 'Direct Referral Bonus', '2', '100', '2024-10-01 22:14:22', 'Direct Referral Bonus', 0, 0, 1, '', 299);
UPDATE `user_registration` SET commission_balance = ROUND(commission_balance + 100,2)
WHERE `user_id` = 'LUAGN1';
UPDATE `user_registration` SET referral_bonus = ROUND(referral_bonus + 100,2)
WHERE `user_id` = 'LUAGN1';
INSERT INTO `earnings` (`user_id`, `Purchaser_id`, `earning_type`, `package_id`, `amount`, `date`, `comments`, `invest_amount`, `comm_perc`, `level`, `rank_id`, `order_id`) VALUES ('DM1Y9N', '68OEJ2', 'Expansion Bonus', '2', 100, '2024-10-01 22:14:22', 'Expansion Bonus', '100', 0, 1, '', 299);
UPDATE `user_registration` SET commission_balance = ROUND(commission_balance + 100,2)
WHERE `user_id` = 'DM1Y9N';
UPDATE `user_registration` SET expansion_bonus = ROUND(expansion_bonus + 100,2)
WHERE `user_id` = 'DM1Y9N';
INSERT INTO `earnings` (`user_id`, `Purchaser_id`, `earning_type`, `package_id`, `amount`, `date`, `comments`, `invest_amount`, `comm_perc`, `level`, `rank_id`, `order_id`) VALUES ('A9858P', '68OEJ2', 'Expansion Bonus', '2', 100, '2024-10-01 22:14:22', 'Expansion Bonus', 200, 0, 1, '', 299);
UPDATE `user_registration` SET commission_balance = ROUND(commission_balance + 100,2)
WHERE `user_id` = 'A9858P';
UPDATE `user_registration` SET expansion_bonus = ROUND(expansion_bonus + 100,2)
WHERE `user_id` = 'A9858P';
INSERT INTO `matrix_filling` (`placement_id`, `downline_id`, `level`, `matrix`) VALUES ('O7LORQ', '68OEJ2', 1, 1);
UPDATE `bv_updation` SET left_carry = left_carry+50, total_left = total_left+50
WHERE `user_id` = 'O7LORQ';
INSERT INTO `placement_bv_update_history` (`left_carry`, `date`, `from_id`, `user_id`) VALUES ('50', '2024-10-01 22:14:22', '68OEJ2', 'O7LORQ');
INSERT INTO `matrix_filling` (`placement_id`, `downline_id`, `level`, `matrix`) VALUES ('9QYFCD', '68OEJ2', 2, 1);
UPDATE `bv_updation` SET left_carry = left_carry+50, total_left = total_left+50
WHERE `user_id` = '9QYFCD';
INSERT INTO `placement_bv_update_history` (`left_carry`, `date`, `from_id`, `user_id`) VALUES ('50', '2024-10-01 22:14:22', '68OEJ2', '9QYFCD');
INSERT INTO `matrix_filling` (`placement_id`, `downline_id`, `level`, `matrix`) VALUES ('BXC9X6', '68OEJ2', 3, 1);
UPDATE `bv_updation` SET left_carry = left_carry+50, total_left = total_left+50
WHERE `user_id` = 'BXC9X6';
INSERT INTO `placement_bv_update_history` (`left_carry`, `date`, `from_id`, `user_id`) VALUES ('50', '2024-10-01 22:14:22', '68OEJ2', 'BXC9X6');
INSERT INTO `matrix_filling` (`placement_id`, `downline_id`, `level`, `matrix`) VALUES ('74J5T9', '68OEJ2', 4, 1);
UPDATE `bv_updation` SET left_carry = left_carry+50, total_left = total_left+50
WHERE `user_id` = '74J5T9';
INSERT INTO `placement_bv_update_history` (`left_carry`, `date`, `from_id`, `user_id`) VALUES ('50', '2024-10-01 22:14:22', '68OEJ2', '74J5T9');
INSERT INTO `matrix_filling` (`placement_id`, `downline_id`, `level`, `matrix`) VALUES ('NV94W7', '68OEJ2', 5, 1);
UPDATE `bv_updation` SET left_carry = left_carry+50, total_left = total_left+50
WHERE `user_id` = 'NV94W7';
INSERT INTO `placement_bv_update_history` (`left_carry`, `date`, `from_id`, `user_id`) VALUES ('50', '2024-10-01 22:14:22', '68OEJ2', 'NV94W7');
INSERT INTO `matrix_filling` (`placement_id`, `downline_id`, `level`, `matrix`) VALUES ('IXQT61', '68OEJ2', 6, 1);
UPDATE `bv_updation` SET left_carry = left_carry+50, total_left = total_left+50
WHERE `user_id` = 'IXQT61';
INSERT INTO `placement_bv_update_history` (`left_carry`, `date`, `from_id`, `user_id`) VALUES ('50', '2024-10-01 22:14:22', '68OEJ2', 'IXQT61');
INSERT INTO `matrix_filling` (`placement_id`, `downline_id`, `level`, `matrix`) VALUES ('8EOSVJ', '68OEJ2', 7, 1);
UPDATE `bv_updation` SET left_carry = left_carry+50, total_left = total_left+50
WHERE `user_id` = '8EOSVJ';
INSERT INTO `placement_bv_update_history` (`left_carry`, `date`, `from_id`, `user_id`) VALUES ('50', '2024-10-01 22:14:22', '68OEJ2', '8EOSVJ');
INSERT INTO `matrix_filling` (`placement_id`, `downline_id`, `level`, `matrix`) VALUES ('SJ2DF6', '68OEJ2', 8, 1);
UPDATE `bv_updation` SET left_carry = left_carry+50, total_left = total_left+50
WHERE `user_id` = 'SJ2DF6';
INSERT INTO `placement_bv_update_history` (`left_carry`, `date`, `from_id`, `user_id`) VALUES ('50', '2024-10-01 22:14:22', '68OEJ2', 'SJ2DF6');
INSERT INTO `matrix_filling` (`placement_id`, `downline_id`, `level`, `matrix`) VALUES ('2YSBSS', '68OEJ2', 9, 1);
UPDATE `bv_updation` SET left_carry = left_carry+50, total_left = total_left+50
WHERE `user_id` = '2YSBSS';
INSERT INTO `placement_bv_update_history` (`left_carry`, `date`, `from_id`, `user_id`) VALUES ('50', '2024-10-01 22:14:22', '68OEJ2', '2YSBSS');
INSERT INTO `matrix_filling` (`placement_id`, `downline_id`, `level`, `matrix`) VALUES ('D2WRVN', '68OEJ2', 10, 1);
UPDATE `bv_updation` SET left_carry = left_carry+50, total_left = total_left+50
WHERE `user_id` = 'D2WRVN';
INSERT INTO `placement_bv_update_history` (`left_carry`, `date`, `from_id`, `user_id`) VALUES ('50', '2024-10-01 22:14:22', '68OEJ2', 'D2WRVN');
INSERT INTO `matrix_filling` (`placement_id`, `downline_id`, `level`, `matrix`) VALUES ('O3WR96', '68OEJ2', 11, 1);
UPDATE `bv_updation` SET left_carry = left_carry+50, total_left = total_left+50
WHERE `user_id` = 'O3WR96';
INSERT INTO `placement_bv_update_history` (`left_carry`, `date`, `from_id`, `user_id`) VALUES ('50', '2024-10-01 22:14:22', '68OEJ2', 'O3WR96');
INSERT INTO `matrix_filling` (`placement_id`, `downline_id`, `level`, `matrix`) VALUES ('II7NUG', '68OEJ2', 12, 1);
UPDATE `bv_updation` SET left_carry = left_carry+50, total_left = total_left+50
WHERE `user_id` = 'II7NUG';
INSERT INTO `placement_bv_update_history` (`left_carry`, `date`, `from_id`, `user_id`) VALUES ('50', '2024-10-01 22:14:22', '68OEJ2', 'II7NUG');
INSERT INTO `matrix_filling` (`placement_id`, `downline_id`, `level`, `matrix`) VALUES ('TI92GO', '68OEJ2', 13, 1);
UPDATE `bv_updation` SET left_carry = left_carry+50, total_left = total_left+50
WHERE `user_id` = 'TI92GO';
INSERT INTO `placement_bv_update_history` (`left_carry`, `date`, `from_id`, `user_id`) VALUES ('50', '2024-10-01 22:14:22', '68OEJ2', 'TI92GO');
INSERT INTO `matrix_filling` (`placement_id`, `downline_id`, `level`, `matrix`) VALUES ('HOMSKN', '68OEJ2', 14, 1);
UPDATE `bv_updation` SET left_carry = left_carry+50, total_left = total_left+50
WHERE `user_id` = 'HOMSKN';
INSERT INTO `placement_bv_update_history` (`left_carry`, `date`, `from_id`, `user_id`) VALUES ('50', '2024-10-01 22:14:22', '68OEJ2', 'HOMSKN');
INSERT INTO `matrix_filling` (`placement_id`, `downline_id`, `level`, `matrix`) VALUES ('WQFROY', '68OEJ2', 15, 1);
UPDATE `bv_updation` SET left_carry = left_carry+50, total_left = total_left+50
WHERE `user_id` = 'WQFROY';
INSERT INTO `placement_bv_update_history` (`left_carry`, `date`, `from_id`, `user_id`) VALUES ('50', '2024-10-01 22:14:22', '68OEJ2', 'WQFROY');
INSERT INTO `matrix_filling` (`placement_id`, `downline_id`, `level`, `matrix`) VALUES ('S8TPST', '68OEJ2', 16, 1);
UPDATE `bv_updation` SET left_carry = left_carry+50, total_left = total_left+50
WHERE `user_id` = 'S8TPST';
INSERT INTO `placement_bv_update_history` (`left_carry`, `date`, `from_id`, `user_id`) VALUES ('50', '2024-10-01 22:14:22', '68OEJ2', 'S8TPST');
INSERT INTO `matrix_filling` (`placement_id`, `downline_id`, `level`, `matrix`) VALUES ('BD2LIM', '68OEJ2', 17, 1);
UPDATE `bv_updation` SET left_carry = left_carry+50, total_left = total_left+50
WHERE `user_id` = 'BD2LIM';
INSERT INTO `placement_bv_update_history` (`left_carry`, `date`, `from_id`, `user_id`) VALUES ('50', '2024-10-01 22:14:22', '68OEJ2', 'BD2LIM');
INSERT INTO `matrix_filling` (`placement_id`, `downline_id`, `level`, `matrix`) VALUES ('JNGCQK', '68OEJ2', 18, 1);
UPDATE `bv_updation` SET left_carry = left_carry+50, total_left = total_left+50
WHERE `user_id` = 'JNGCQK';
INSERT INTO `placement_bv_update_history` (`left_carry`, `date`, `from_id`, `user_id`) VALUES ('50', '2024-10-01 22:14:22', '68OEJ2', 'JNGCQK');
INSERT INTO `matrix_filling` (`placement_id`, `downline_id`, `level`, `matrix`) VALUES ('QOHBYS', '68OEJ2', 19, 1);
UPDATE `bv_updation` SET left_carry = left_carry+50, total_left = total_left+50
WHERE `user_id` = 'QOHBYS';
INSERT INTO `placement_bv_update_history` (`left_carry`, `date`, `from_id`, `user_id`) VALUES ('50', '2024-10-01 22:14:22', '68OEJ2', 'QOHBYS');
INSERT INTO `matrix_filling` (`placement_id`, `downline_id`, `level`, `matrix`) VALUES ('LUAGN1', '68OEJ2', 20, 1);
UPDATE `bv_updation` SET left_carry = left_carry+50, total_left = total_left+50
WHERE `user_id` = 'LUAGN1';
INSERT INTO `placement_bv_update_history` (`left_carry`, `date`, `from_id`, `user_id`) VALUES ('50', '2024-10-01 22:14:22', '68OEJ2', 'LUAGN1');
UPDATE `bv_updation` SET sponsor_left_carry = sponsor_left_carry+50, sponsor_total_left = sponsor_total_left+50
WHERE `user_id` = 'LUAGN1';
INSERT INTO `sponsor_bv_update_history` (`left_carry`, `date`, `user_id`) VALUES ('50', '2024-10-01 22:14:22', 'LUAGN1');
INSERT INTO `matrix_filling` (`placement_id`, `downline_id`, `level`, `matrix`) VALUES ('6DEXJW', '68OEJ2', 21, 1);
UPDATE `bv_updation` SET left_carry = left_carry+50, total_left = total_left+50
WHERE `user_id` = '6DEXJW';
INSERT INTO `placement_bv_update_history` (`left_carry`, `date`, `from_id`, `user_id`) VALUES ('50', '2024-10-01 22:14:22', '68OEJ2', '6DEXJW');
INSERT INTO `matrix_filling` (`placement_id`, `downline_id`, `level`, `matrix`) VALUES ('DM1Y9N', '68OEJ2', 22, 1);
UPDATE `bv_updation` SET right_carry = right_carry+50, total_right = total_right+50
WHERE `user_id` = 'DM1Y9N';
INSERT INTO `placement_bv_update_history` (`right_carry`, `date`, `from_id`, `user_id`) VALUES ('50', '2024-10-01 22:14:22', '68OEJ2', 'DM1Y9N');
INSERT INTO `matrix_filling` (`placement_id`, `downline_id`, `level`, `matrix`) VALUES ('A9858P', '68OEJ2', 23, 1);
UPDATE `bv_updation` SET left_carry = left_carry+50, total_left = total_left+50
WHERE `user_id` = 'A9858P';
INSERT INTO `placement_bv_update_history` (`left_carry`, `date`, `from_id`, `user_id`) VALUES ('50', '2024-10-01 22:14:22', '68OEJ2', 'A9858P');
INSERT INTO `matrix_filling` (`placement_id`, `downline_id`, `level`, `matrix`) VALUES ('admin', '68OEJ2', 24, 1);
UPDATE `bv_updation` SET right_carry = right_carry+50, total_right = total_right+50
WHERE `user_id` = 'admin';
INSERT INTO `placement_bv_update_history` (`right_carry`, `date`, `from_id`, `user_id`) VALUES ('50', '2024-10-01 22:14:22', '68OEJ2', 'admin');
INSERT INTO `package_purchase_history` (`user_id`, `package_id`, `reg_fee`, `package_name`, `monthly_fee`, `type`, `date`, `payment_option`) VALUES ('68OEJ2', '2', '595', 'Traveler Pro', '150', 'sign_up', '2024-10-01 22:14:22', 'free');
UPDATE `ci_sessions` SET `timestamp` = 1727838865, `data` = '__ci_last_regenerate|i:1727838865;id|s:4:\"2346\";user_id|s:6:\"WJR372\";username|s:6:\"david1\";sponsor_id|s:6:\"7RY1ZP\";fullname|s:13:\"David Méndez\";email|s:16:\"david1@gmail.com\";phone|s:10:\"3057610606\";isLogIn|b:1;'
WHERE `id` = '829f8d65c04138b805edf1a3080f7f6e1cdc65e8';
UPDATE `user_registration` SET `uid` = '2599', `user_id` = '2SB7SO', `username` = 'ernestico1', `sponsor_id` = 'WJR372', `vacant` = 'no', `f_name` = 'Ernesto', `l_name` = 'Duenas', `address` = '6520 Kendale Lakes Dr', `position` = 'right', `email` = 'ernestico1@gmail.com', `password` = 'a11c9489efedb513547805d3aa7702ad', `phone` = '3057610606', `country` = 'United States', `state` = 'Florida', `city` = 'Miami', `street` = '6520 Kendale Lakes Dr', `zip_code` = '33183', `reg_ip` = '172.70.254.164', `status` = 1, `package_id` = '2', `rank_id` = 1, `highest_rank` = 1, `cycle_rank_id` = 1, `created` = '2024-10-01 22:14:26', `subscription_date` = '2024-10-31', `google_secret` = '7SZZQKFB5MI7K2MY'
WHERE `uid` = '2599';
INSERT INTO `user_registration` (`uid`, `user_id`, `username`, `sponsor_id`, `placement_id`, `vacant`, `f_name`, `l_name`, `address`, `position`, `email`, `password`, `phone`, `reg_ip`, `status`, `created`) VALUES (NULL, 'NMZVOX', 'dYsckUwQ', '2SB7SO', '2SB7SO', 'yes', '', '', '', 'left', '@mail.com', '', '', '', 0, '2024-10-01 22:14:26');
INSERT INTO `user_registration` (`uid`, `user_id`, `username`, `sponsor_id`, `placement_id`, `vacant`, `f_name`, `l_name`, `address`, `position`, `email`, `password`, `phone`, `reg_ip`, `status`, `created`) VALUES (NULL, 'HDWINN', 'QHFajYaF', '2SB7SO', '2SB7SO', 'yes', '', '', '', 'right', '@mail.com', '', '', '', 0, '2024-10-01 22:14:26');
INSERT INTO `bv_updation` (`user_id`) VALUES ('2SB7SO');
UPDATE `user_registration` SET total_ref_count = total_ref_count+1
WHERE `user_id` = 'WJR372';
UPDATE `user_registration` SET total_downlines = total_downlines+1
WHERE `user_id` = '7UGPLB';
UPDATE `user_registration` SET right_downlines = right_downlines+1
WHERE `user_id` = '7UGPLB';
UPDATE `user_registration` SET total_downlines = total_downlines+1
WHERE `user_id` = 'G6LBV6';
UPDATE `user_registration` SET right_downlines = right_downlines+1
WHERE `user_id` = 'G6LBV6';
UPDATE `user_registration` SET total_downlines = total_downlines+1
WHERE `user_id` = '5VW2TV';
UPDATE `user_registration` SET right_downlines = right_downlines+1
WHERE `user_id` = '5VW2TV';
UPDATE `user_registration` SET total_downlines = total_downlines+1
WHERE `user_id` = '1CISMF';
UPDATE `user_registration` SET right_downlines = right_downlines+1
WHERE `user_id` = '1CISMF';
UPDATE `user_registration` SET total_downlines = total_downlines+1
WHERE `user_id` = 'WA5PMD';
UPDATE `user_registration` SET right_downlines = right_downlines+1
WHERE `user_id` = 'WA5PMD';
UPDATE `user_registration` SET total_downlines = total_downlines+1
WHERE `user_id` = 'WJR372';
UPDATE `user_registration` SET right_downlines = right_downlines+1
WHERE `user_id` = 'WJR372';
UPDATE `user_registration` SET right_ref_count = right_ref_count+1
WHERE `user_id` = 'WJR372';
UPDATE `user_registration` SET active_right = active_right+1
WHERE `user_id` = 'WJR372';
UPDATE `user_registration` SET total_downlines = total_downlines+1
WHERE `user_id` = 'YJ6OTD';
UPDATE `user_registration` SET left_downlines = left_downlines+1
WHERE `user_id` = 'YJ6OTD';
UPDATE `user_registration` SET total_downlines = total_downlines+1
WHERE `user_id` = 'F8WLAW';
UPDATE `user_registration` SET left_downlines = left_downlines+1
WHERE `user_id` = 'F8WLAW';
UPDATE `user_registration` SET total_downlines = total_downlines+1
WHERE `user_id` = '9H9OZM';
UPDATE `user_registration` SET left_downlines = left_downlines+1
WHERE `user_id` = '9H9OZM';
UPDATE `user_registration` SET total_downlines = total_downlines+1
WHERE `user_id` = 'DLP7GD';
UPDATE `user_registration` SET left_downlines = left_downlines+1
WHERE `user_id` = 'DLP7GD';
UPDATE `user_registration` SET total_downlines = total_downlines+1
WHERE `user_id` = 'VG9TO9';
UPDATE `user_registration` SET left_downlines = left_downlines+1
WHERE `user_id` = 'VG9TO9';
UPDATE `user_registration` SET total_downlines = total_downlines+1
WHERE `user_id` = 'L8R95F';
UPDATE `user_registration` SET left_downlines = left_downlines+1
WHERE `user_id` = 'L8R95F';
UPDATE `user_registration` SET total_downlines = total_downlines+1
WHERE `user_id` = 'Y9DPUD';
UPDATE `user_registration` SET left_downlines = left_downlines+1
WHERE `user_id` = 'Y9DPUD';
UPDATE `user_registration` SET total_downlines = total_downlines+1
WHERE `user_id` = '5H9TH3';
UPDATE `user_registration` SET left_downlines = left_downlines+1
WHERE `user_id` = '5H9TH3';
UPDATE `user_registration` SET total_downlines = total_downlines+1
WHERE `user_id` = 'MIT9KW';
UPDATE `user_registration` SET left_downlines = left_downlines+1
WHERE `user_id` = 'MIT9KW';
UPDATE `user_registration` SET total_downlines = total_downlines+1
WHERE `user_id` = 'IMUABZ';
UPDATE `user_registration` SET left_downlines = left_downlines+1
WHERE `user_id` = 'IMUABZ';
UPDATE `user_registration` SET total_downlines = total_downlines+1
WHERE `user_id` = 'G54QC4';
UPDATE `user_registration` SET left_downlines = left_downlines+1
WHERE `user_id` = 'G54QC4';
UPDATE `user_registration` SET total_downlines = total_downlines+1
WHERE `user_id` = '9JPZJL';
UPDATE `user_registration` SET left_downlines = left_downlines+1
WHERE `user_id` = '9JPZJL';
UPDATE `user_registration` SET total_downlines = total_downlines+1
WHERE `user_id` = 'E3PPZ3';
UPDATE `user_registration` SET left_downlines = left_downlines+1
WHERE `user_id` = 'E3PPZ3';
UPDATE `user_registration` SET total_downlines = total_downlines+1
WHERE `user_id` = '7RY1ZP';
UPDATE `user_registration` SET left_downlines = left_downlines+1
WHERE `user_id` = '7RY1ZP';
UPDATE `user_registration` SET total_downlines = total_downlines+1
WHERE `user_id` = 'ADZTOG';
UPDATE `user_registration` SET right_downlines = right_downlines+1
WHERE `user_id` = 'ADZTOG';
UPDATE `user_registration` SET total_downlines = total_downlines+1
WHERE `user_id` = 'A9858P';
UPDATE `user_registration` SET right_downlines = right_downlines+1
WHERE `user_id` = 'A9858P';
UPDATE `user_registration` SET total_downlines = total_downlines+1
WHERE `user_id` = 'admin';
UPDATE `user_registration` SET right_downlines = right_downlines+1
WHERE `user_id` = 'admin';
INSERT INTO `investment` (`invest_date`, `user_id`, `type`, `amount`, `package_id`) VALUES ('2024-10-01 22:14:26', '2SB7SO', 'register', '595', '2');
INSERT INTO `earnings` (`user_id`, `Purchaser_id`, `earning_type`, `package_id`, `amount`, `date`, `comments`, `invest_amount`, `comm_perc`, `level`, `rank_id`, `order_id`) VALUES ('WJR372', '2SB7SO', 'Direct Referral Bonus', '2', '100', '2024-10-01 22:14:26', 'Direct Referral Bonus', 0, 0, 1, '', 300);
UPDATE `user_registration` SET commission_balance = ROUND(commission_balance + 100,2)
WHERE `user_id` = 'WJR372';
UPDATE `user_registration` SET referral_bonus = ROUND(referral_bonus + 100,2)
WHERE `user_id` = 'WJR372';
INSERT INTO `earnings` (`user_id`, `Purchaser_id`, `earning_type`, `package_id`, `amount`, `date`, `comments`, `invest_amount`, `comm_perc`, `level`, `rank_id`, `order_id`) VALUES ('7RY1ZP', '2SB7SO', 'Expansion Bonus', '2', 100, '2024-10-01 22:14:26', 'Expansion Bonus', '100', 0, 1, '', 300);
UPDATE `user_registration` SET commission_balance = ROUND(commission_balance + 100,2)
WHERE `user_id` = '7RY1ZP';
UPDATE `user_registration` SET expansion_bonus = ROUND(expansion_bonus + 100,2)
WHERE `user_id` = '7RY1ZP';
INSERT INTO `earnings` (`user_id`, `Purchaser_id`, `earning_type`, `package_id`, `amount`, `date`, `comments`, `invest_amount`, `comm_perc`, `level`, `rank_id`, `order_id`) VALUES ('A9858P', '2SB7SO', 'Expansion Bonus', '2', 100, '2024-10-01 22:14:26', 'Expansion Bonus', 200, 0, 1, '', 300);
UPDATE `user_registration` SET commission_balance = ROUND(commission_balance + 100,2)
WHERE `user_id` = 'A9858P';
UPDATE `user_registration` SET expansion_bonus = ROUND(expansion_bonus + 100,2)
WHERE `user_id` = 'A9858P';
INSERT INTO `matrix_filling` (`placement_id`, `downline_id`, `level`, `matrix`) VALUES ('7UGPLB', '2SB7SO', 1, 1);
UPDATE `bv_updation` SET right_carry = right_carry+50, total_right = total_right+50
WHERE `user_id` = '7UGPLB';
INSERT INTO `placement_bv_update_history` (`right_carry`, `date`, `from_id`, `user_id`) VALUES ('50', '2024-10-01 22:14:26', '2SB7SO', '7UGPLB');
INSERT INTO `matrix_filling` (`placement_id`, `downline_id`, `level`, `matrix`) VALUES ('G6LBV6', '2SB7SO', 2, 1);
UPDATE `bv_updation` SET right_carry = right_carry+50, total_right = total_right+50
WHERE `user_id` = 'G6LBV6';
INSERT INTO `placement_bv_update_history` (`right_carry`, `date`, `from_id`, `user_id`) VALUES ('50', '2024-10-01 22:14:26', '2SB7SO', 'G6LBV6');
INSERT INTO `matrix_filling` (`placement_id`, `downline_id`, `level`, `matrix`) VALUES ('5VW2TV', '2SB7SO', 3, 1);
UPDATE `bv_updation` SET right_carry = right_carry+50, total_right = total_right+50
WHERE `user_id` = '5VW2TV';
INSERT INTO `placement_bv_update_history` (`right_carry`, `date`, `from_id`, `user_id`) VALUES ('50', '2024-10-01 22:14:26', '2SB7SO', '5VW2TV');
INSERT INTO `matrix_filling` (`placement_id`, `downline_id`, `level`, `matrix`) VALUES ('1CISMF', '2SB7SO', 4, 1);
UPDATE `bv_updation` SET right_carry = right_carry+50, total_right = total_right+50
WHERE `user_id` = '1CISMF';
INSERT INTO `placement_bv_update_history` (`right_carry`, `date`, `from_id`, `user_id`) VALUES ('50', '2024-10-01 22:14:26', '2SB7SO', '1CISMF');
INSERT INTO `matrix_filling` (`placement_id`, `downline_id`, `level`, `matrix`) VALUES ('WA5PMD', '2SB7SO', 5, 1);
UPDATE `bv_updation` SET right_carry = right_carry+50, total_right = total_right+50
WHERE `user_id` = 'WA5PMD';
INSERT INTO `placement_bv_update_history` (`right_carry`, `date`, `from_id`, `user_id`) VALUES ('50', '2024-10-01 22:14:26', '2SB7SO', 'WA5PMD');
INSERT INTO `matrix_filling` (`placement_id`, `downline_id`, `level`, `matrix`) VALUES ('WJR372', '2SB7SO', 6, 1);
UPDATE `bv_updation` SET right_carry = right_carry+50, total_right = total_right+50
WHERE `user_id` = 'WJR372';
INSERT INTO `placement_bv_update_history` (`right_carry`, `date`, `from_id`, `user_id`) VALUES ('50', '2024-10-01 22:14:26', '2SB7SO', 'WJR372');
UPDATE `bv_updation` SET sponsor_right_carry = sponsor_right_carry+50, sponsor_total_right = sponsor_total_right+50
WHERE `user_id` = 'WJR372';
INSERT INTO `sponsor_bv_update_history` (`right_carry`, `date`, `user_id`) VALUES ('50', '2024-10-01 22:14:26', 'WJR372');
INSERT INTO `matrix_filling` (`placement_id`, `downline_id`, `level`, `matrix`) VALUES ('YJ6OTD', '2SB7SO', 7, 1);
UPDATE `bv_updation` SET left_carry = left_carry+50, total_left = total_left+50
WHERE `user_id` = 'YJ6OTD';
INSERT INTO `placement_bv_update_history` (`left_carry`, `date`, `from_id`, `user_id`) VALUES ('50', '2024-10-01 22:14:26', '2SB7SO', 'YJ6OTD');
INSERT INTO `matrix_filling` (`placement_id`, `downline_id`, `level`, `matrix`) VALUES ('F8WLAW', '2SB7SO', 8, 1);
UPDATE `bv_updation` SET left_carry = left_carry+50, total_left = total_left+50
WHERE `user_id` = 'F8WLAW';
INSERT INTO `placement_bv_update_history` (`left_carry`, `date`, `from_id`, `user_id`) VALUES ('50', '2024-10-01 22:14:26', '2SB7SO', 'F8WLAW');
INSERT INTO `matrix_filling` (`placement_id`, `downline_id`, `level`, `matrix`) VALUES ('9H9OZM', '2SB7SO', 9, 1);
UPDATE `bv_updation` SET left_carry = left_carry+50, total_left = total_left+50
WHERE `user_id` = '9H9OZM';
INSERT INTO `placement_bv_update_history` (`left_carry`, `date`, `from_id`, `user_id`) VALUES ('50', '2024-10-01 22:14:26', '2SB7SO', '9H9OZM');
INSERT INTO `matrix_filling` (`placement_id`, `downline_id`, `level`, `matrix`) VALUES ('DLP7GD', '2SB7SO', 10, 1);
UPDATE `bv_updation` SET left_carry = left_carry+50, total_left = total_left+50
WHERE `user_id` = 'DLP7GD';
INSERT INTO `placement_bv_update_history` (`left_carry`, `date`, `from_id`, `user_id`) VALUES ('50', '2024-10-01 22:14:26', '2SB7SO', 'DLP7GD');
INSERT INTO `matrix_filling` (`placement_id`, `downline_id`, `level`, `matrix`) VALUES ('VG9TO9', '2SB7SO', 11, 1);
UPDATE `bv_updation` SET left_carry = left_carry+50, total_left = total_left+50
WHERE `user_id` = 'VG9TO9';
INSERT INTO `placement_bv_update_history` (`left_carry`, `date`, `from_id`, `user_id`) VALUES ('50', '2024-10-01 22:14:26', '2SB7SO', 'VG9TO9');
INSERT INTO `matrix_filling` (`placement_id`, `downline_id`, `level`, `matrix`) VALUES ('L8R95F', '2SB7SO', 12, 1);
UPDATE `bv_updation` SET left_carry = left_carry+50, total_left = total_left+50
WHERE `user_id` = 'L8R95F';
INSERT INTO `placement_bv_update_history` (`left_carry`, `date`, `from_id`, `user_id`) VALUES ('50', '2024-10-01 22:14:26', '2SB7SO', 'L8R95F');
INSERT INTO `matrix_filling` (`placement_id`, `downline_id`, `level`, `matrix`) VALUES ('Y9DPUD', '2SB7SO', 13, 1);
UPDATE `bv_updation` SET left_carry = left_carry+50, total_left = total_left+50
WHERE `user_id` = 'Y9DPUD';
INSERT INTO `placement_bv_update_history` (`left_carry`, `date`, `from_id`, `user_id`) VALUES ('50', '2024-10-01 22:14:26', '2SB7SO', 'Y9DPUD');
INSERT INTO `matrix_filling` (`placement_id`, `downline_id`, `level`, `matrix`) VALUES ('5H9TH3', '2SB7SO', 14, 1);
UPDATE `bv_updation` SET left_carry = left_carry+50, total_left = total_left+50
WHERE `user_id` = '5H9TH3';
INSERT INTO `placement_bv_update_history` (`left_carry`, `date`, `from_id`, `user_id`) VALUES ('50', '2024-10-01 22:14:26', '2SB7SO', '5H9TH3');
INSERT INTO `matrix_filling` (`placement_id`, `downline_id`, `level`, `matrix`) VALUES ('MIT9KW', '2SB7SO', 15, 1);
UPDATE `bv_updation` SET left_carry = left_carry+50, total_left = total_left+50
WHERE `user_id` = 'MIT9KW';
INSERT INTO `placement_bv_update_history` (`left_carry`, `date`, `from_id`, `user_id`) VALUES ('50', '2024-10-01 22:14:26', '2SB7SO', 'MIT9KW');
INSERT INTO `matrix_filling` (`placement_id`, `downline_id`, `level`, `matrix`) VALUES ('IMUABZ', '2SB7SO', 16, 1);
UPDATE `bv_updation` SET left_carry = left_carry+50, total_left = total_left+50
WHERE `user_id` = 'IMUABZ';
INSERT INTO `placement_bv_update_history` (`left_carry`, `date`, `from_id`, `user_id`) VALUES ('50', '2024-10-01 22:14:26', '2SB7SO', 'IMUABZ');
INSERT INTO `matrix_filling` (`placement_id`, `downline_id`, `level`, `matrix`) VALUES ('G54QC4', '2SB7SO', 17, 1);
UPDATE `bv_updation` SET left_carry = left_carry+50, total_left = total_left+50
WHERE `user_id` = 'G54QC4';
INSERT INTO `placement_bv_update_history` (`left_carry`, `date`, `from_id`, `user_id`) VALUES ('50', '2024-10-01 22:14:26', '2SB7SO', 'G54QC4');
INSERT INTO `matrix_filling` (`placement_id`, `downline_id`, `level`, `matrix`) VALUES ('9JPZJL', '2SB7SO', 18, 1);
UPDATE `bv_updation` SET left_carry = left_carry+50, total_left = total_left+50
WHERE `user_id` = '9JPZJL';
INSERT INTO `placement_bv_update_history` (`left_carry`, `date`, `from_id`, `user_id`) VALUES ('50', '2024-10-01 22:14:26', '2SB7SO', '9JPZJL');
INSERT INTO `matrix_filling` (`placement_id`, `downline_id`, `level`, `matrix`) VALUES ('E3PPZ3', '2SB7SO', 19, 1);
UPDATE `bv_updation` SET left_carry = left_carry+50, total_left = total_left+50
WHERE `user_id` = 'E3PPZ3';
INSERT INTO `placement_bv_update_history` (`left_carry`, `date`, `from_id`, `user_id`) VALUES ('50', '2024-10-01 22:14:26', '2SB7SO', 'E3PPZ3');
INSERT INTO `matrix_filling` (`placement_id`, `downline_id`, `level`, `matrix`) VALUES ('7RY1ZP', '2SB7SO', 20, 1);
UPDATE `bv_updation` SET left_carry = left_carry+50, total_left = total_left+50
WHERE `user_id` = '7RY1ZP';
INSERT INTO `placement_bv_update_history` (`left_carry`, `date`, `from_id`, `user_id`) VALUES ('50', '2024-10-01 22:14:26', '2SB7SO', '7RY1ZP');
INSERT INTO `matrix_filling` (`placement_id`, `downline_id`, `level`, `matrix`) VALUES ('ADZTOG', '2SB7SO', 21, 1);
UPDATE `bv_updation` SET right_carry = right_carry+50, total_right = total_right+50
WHERE `user_id` = 'ADZTOG';
INSERT INTO `placement_bv_update_history` (`right_carry`, `date`, `from_id`, `user_id`) VALUES ('50', '2024-10-01 22:14:26', '2SB7SO', 'ADZTOG');
INSERT INTO `matrix_filling` (`placement_id`, `downline_id`, `level`, `matrix`) VALUES ('A9858P', '2SB7SO', 22, 1);
UPDATE `bv_updation` SET right_carry = right_carry+50, total_right = total_right+50
WHERE `user_id` = 'A9858P';
INSERT INTO `placement_bv_update_history` (`right_carry`, `date`, `from_id`, `user_id`) VALUES ('50', '2024-10-01 22:14:26', '2SB7SO', 'A9858P');
INSERT INTO `matrix_filling` (`placement_id`, `downline_id`, `level`, `matrix`) VALUES ('admin', '2SB7SO', 23, 1);
UPDATE `bv_updation` SET right_carry = right_carry+50, total_right = total_right+50
WHERE `user_id` = 'admin';
INSERT INTO `placement_bv_update_history` (`right_carry`, `date`, `from_id`, `user_id`) VALUES ('50', '2024-10-01 22:14:26', '2SB7SO', 'admin');
INSERT INTO `package_purchase_history` (`user_id`, `package_id`, `reg_fee`, `package_name`, `monthly_fee`, `type`, `date`, `payment_option`) VALUES ('2SB7SO', '2', '595', 'Traveler Pro', '150', 'sign_up', '2024-10-01 22:14:26', 'free');
UPDATE `user_registration` SET `uid` = '2603', `user_id` = 'JNB7J5', `username` = 'luzelena1', `sponsor_id` = 'LUAGN1', `vacant` = 'no', `f_name` = 'Luz Elena', `l_name` = 'Payan', `address` = '8100 SW 14 Terr', `position` = 'right', `email` = 'luzelena1@gmail.com', `password` = 'c8deb292c07216994eea1fb115da822e', `phone` = '7862876762', `country` = 'United States', `state` = 'Florida', `city` = 'Miami', `street` = '8100 SW 14 Terr', `zip_code` = '33144', `reg_ip` = '172.70.254.134', `status` = 1, `package_id` = '2', `rank_id` = 1, `highest_rank` = 1, `cycle_rank_id` = 1, `created` = '2024-10-01 22:16:01', `subscription_date` = '2024-10-31', `google_secret` = 'MNFHXLV3UJQ4JROA'
WHERE `uid` = '2603';
INSERT INTO `user_registration` (`uid`, `user_id`, `username`, `sponsor_id`, `placement_id`, `vacant`, `f_name`, `l_name`, `address`, `position`, `email`, `password`, `phone`, `reg_ip`, `status`, `created`) VALUES (NULL, 'IXKNDK', 'uCVpcIBO', 'JNB7J5', 'JNB7J5', 'yes', '', '', '', 'left', '@mail.com', '', '', '', 0, '2024-10-01 22:16:01');
INSERT INTO `user_registration` (`uid`, `user_id`, `username`, `sponsor_id`, `placement_id`, `vacant`, `f_name`, `l_name`, `address`, `position`, `email`, `password`, `phone`, `reg_ip`, `status`, `created`) VALUES (NULL, 'PXWPWZ', 'qSwlSZdB', 'JNB7J5', 'JNB7J5', 'yes', '', '', '', 'right', '@mail.com', '', '', '', 0, '2024-10-01 22:16:01');
INSERT INTO `bv_updation` (`user_id`) VALUES ('JNB7J5');
UPDATE `user_registration` SET total_ref_count = total_ref_count+1
WHERE `user_id` = 'LUAGN1';
UPDATE `user_registration` SET total_downlines = total_downlines+1
WHERE `user_id` = 'MDC3EC';
UPDATE `user_registration` SET right_downlines = right_downlines+1
WHERE `user_id` = 'MDC3EC';
UPDATE `user_registration` SET total_downlines = total_downlines+1
WHERE `user_id` = 'NEL8HC';
UPDATE `user_registration` SET right_downlines = right_downlines+1
WHERE `user_id` = 'NEL8HC';
UPDATE `user_registration` SET total_downlines = total_downlines+1
WHERE `user_id` = 'FTNCHD';
UPDATE `user_registration` SET right_downlines = right_downlines+1
WHERE `user_id` = 'FTNCHD';
UPDATE `user_registration` SET total_downlines = total_downlines+1
WHERE `user_id` = 'UC2PHS';
UPDATE `user_registration` SET right_downlines = right_downlines+1
WHERE `user_id` = 'UC2PHS';
UPDATE `user_registration` SET total_downlines = total_downlines+1
WHERE `user_id` = 'S6Y615';
UPDATE `user_registration` SET right_downlines = right_downlines+1
WHERE `user_id` = 'S6Y615';
UPDATE `user_registration` SET total_downlines = total_downlines+1
WHERE `user_id` = 'GZZ2NE';
UPDATE `user_registration` SET right_downlines = right_downlines+1
WHERE `user_id` = 'GZZ2NE';
UPDATE `user_registration` SET total_downlines = total_downlines+1
WHERE `user_id` = 'TBNWFI';
UPDATE `user_registration` SET right_downlines = right_downlines+1
WHERE `user_id` = 'TBNWFI';
UPDATE `user_registration` SET total_downlines = total_downlines+1
WHERE `user_id` = '2ZBFLF';
UPDATE `user_registration` SET right_downlines = right_downlines+1
WHERE `user_id` = '2ZBFLF';
UPDATE `user_registration` SET total_downlines = total_downlines+1
WHERE `user_id` = 'PWB9RY';
UPDATE `user_registration` SET right_downlines = right_downlines+1
WHERE `user_id` = 'PWB9RY';
UPDATE `user_registration` SET total_downlines = total_downlines+1
WHERE `user_id` = '7QWHHF';
UPDATE `user_registration` SET right_downlines = right_downlines+1
WHERE `user_id` = '7QWHHF';
UPDATE `user_registration` SET total_downlines = total_downlines+1
WHERE `user_id` = 'YTHSAV';
UPDATE `user_registration` SET right_downlines = right_downlines+1
WHERE `user_id` = 'YTHSAV';
UPDATE `user_registration` SET total_downlines = total_downlines+1
WHERE `user_id` = 'TV9UQH';
UPDATE `user_registration` SET right_downlines = right_downlines+1
WHERE `user_id` = 'TV9UQH';
UPDATE `user_registration` SET total_downlines = total_downlines+1
WHERE `user_id` = 'KZTY9T';
UPDATE `user_registration` SET right_downlines = right_downlines+1
WHERE `user_id` = 'KZTY9T';
UPDATE `user_registration` SET total_downlines = total_downlines+1
WHERE `user_id` = '2K9C1S';
UPDATE `user_registration` SET right_downlines = right_downlines+1
WHERE `user_id` = '2K9C1S';
UPDATE `user_registration` SET total_downlines = total_downlines+1
WHERE `user_id` = 'IPUSFA';
UPDATE `user_registration` SET right_downlines = right_downlines+1
WHERE `user_id` = 'IPUSFA';
UPDATE `user_registration` SET total_downlines = total_downlines+1
WHERE `user_id` = 'JSMVWA';
UPDATE `user_registration` SET right_downlines = right_downlines+1
WHERE `user_id` = 'JSMVWA';
UPDATE `user_registration` SET total_downlines = total_downlines+1
WHERE `user_id` = 'Y741WF';
UPDATE `user_registration` SET right_downlines = right_downlines+1
WHERE `user_id` = 'Y741WF';
UPDATE `user_registration` SET total_downlines = total_downlines+1
WHERE `user_id` = 'JLTMOH';
UPDATE `user_registration` SET right_downlines = right_downlines+1
WHERE `user_id` = 'JLTMOH';
UPDATE `user_registration` SET total_downlines = total_downlines+1
WHERE `user_id` = 'NS15G5';
UPDATE `user_registration` SET right_downlines = right_downlines+1
WHERE `user_id` = 'NS15G5';
UPDATE `user_registration` SET total_downlines = total_downlines+1
WHERE `user_id` = 'YU8PLO';
UPDATE `user_registration` SET right_downlines = right_downlines+1
WHERE `user_id` = 'YU8PLO';
UPDATE `user_registration` SET total_downlines = total_downlines+1
WHERE `user_id` = 'LUAGN1';
UPDATE `user_registration` SET right_downlines = right_downlines+1
WHERE `user_id` = 'LUAGN1';
UPDATE `user_registration` SET right_ref_count = right_ref_count+1
WHERE `user_id` = 'LUAGN1';
UPDATE `user_registration` SET active_right = active_right+1
WHERE `user_id` = 'LUAGN1';
UPDATE `user_registration` SET total_downlines = total_downlines+1
WHERE `user_id` = '6DEXJW';
UPDATE `user_registration` SET left_downlines = left_downlines+1
WHERE `user_id` = '6DEXJW';
UPDATE `user_registration` SET total_downlines = total_downlines+1
WHERE `user_id` = 'DM1Y9N';
UPDATE `user_registration` SET right_downlines = right_downlines+1
WHERE `user_id` = 'DM1Y9N';
UPDATE `user_registration` SET total_downlines = total_downlines+1
WHERE `user_id` = 'A9858P';
UPDATE `user_registration` SET left_downlines = left_downlines+1
WHERE `user_id` = 'A9858P';
UPDATE `user_registration` SET total_downlines = total_downlines+1
WHERE `user_id` = 'admin';
UPDATE `user_registration` SET right_downlines = right_downlines+1
WHERE `user_id` = 'admin';
INSERT INTO `investment` (`invest_date`, `user_id`, `type`, `amount`, `package_id`) VALUES ('2024-10-01 22:16:02', 'JNB7J5', 'register', '595', '2');
INSERT INTO `earnings` (`user_id`, `Purchaser_id`, `earning_type`, `package_id`, `amount`, `date`, `comments`, `invest_amount`, `comm_perc`, `level`, `rank_id`, `order_id`) VALUES ('LUAGN1', 'JNB7J5', 'Direct Referral Bonus', '2', '100', '2024-10-01 22:16:02', 'Direct Referral Bonus', 0, 0, 1, '', 301);
UPDATE `user_registration` SET commission_balance = ROUND(commission_balance + 100,2)
WHERE `user_id` = 'LUAGN1';
UPDATE `user_registration` SET referral_bonus = ROUND(referral_bonus + 100,2)
WHERE `user_id` = 'LUAGN1';
INSERT INTO `earnings` (`user_id`, `Purchaser_id`, `earning_type`, `package_id`, `amount`, `date`, `comments`, `invest_amount`, `comm_perc`, `level`, `rank_id`, `order_id`) VALUES ('DM1Y9N', 'JNB7J5', 'Expansion Bonus', '2', 100, '2024-10-01 22:16:02', 'Expansion Bonus', '100', 0, 1, '', 301);
UPDATE `user_registration` SET commission_balance = ROUND(commission_balance + 100,2)
WHERE `user_id` = 'DM1Y9N';
UPDATE `user_registration` SET expansion_bonus = ROUND(expansion_bonus + 100,2)
WHERE `user_id` = 'DM1Y9N';
INSERT INTO `earnings` (`user_id`, `Purchaser_id`, `earning_type`, `package_id`, `amount`, `date`, `comments`, `invest_amount`, `comm_perc`, `level`, `rank_id`, `order_id`) VALUES ('A9858P', 'JNB7J5', 'Expansion Bonus', '2', 100, '2024-10-01 22:16:02', 'Expansion Bonus', 200, 0, 1, '', 301);
UPDATE `user_registration` SET commission_balance = ROUND(commission_balance + 100,2)
WHERE `user_id` = 'A9858P';
UPDATE `user_registration` SET expansion_bonus = ROUND(expansion_bonus + 100,2)
WHERE `user_id` = 'A9858P';
INSERT INTO `matrix_filling` (`placement_id`, `downline_id`, `level`, `matrix`) VALUES ('MDC3EC', 'JNB7J5', 1, 1);
UPDATE `bv_updation` SET right_carry = right_carry+50, total_right = total_right+50
WHERE `user_id` = 'MDC3EC';
INSERT INTO `placement_bv_update_history` (`right_carry`, `date`, `from_id`, `user_id`) VALUES ('50', '2024-10-01 22:16:02', 'JNB7J5', 'MDC3EC');
INSERT INTO `matrix_filling` (`placement_id`, `downline_id`, `level`, `matrix`) VALUES ('NEL8HC', 'JNB7J5', 2, 1);
UPDATE `bv_updation` SET right_carry = right_carry+50, total_right = total_right+50
WHERE `user_id` = 'NEL8HC';
INSERT INTO `placement_bv_update_history` (`right_carry`, `date`, `from_id`, `user_id`) VALUES ('50', '2024-10-01 22:16:02', 'JNB7J5', 'NEL8HC');
INSERT INTO `matrix_filling` (`placement_id`, `downline_id`, `level`, `matrix`) VALUES ('FTNCHD', 'JNB7J5', 3, 1);
UPDATE `bv_updation` SET right_carry = right_carry+50, total_right = total_right+50
WHERE `user_id` = 'FTNCHD';
INSERT INTO `placement_bv_update_history` (`right_carry`, `date`, `from_id`, `user_id`) VALUES ('50', '2024-10-01 22:16:02', 'JNB7J5', 'FTNCHD');
INSERT INTO `matrix_filling` (`placement_id`, `downline_id`, `level`, `matrix`) VALUES ('UC2PHS', 'JNB7J5', 4, 1);
UPDATE `bv_updation` SET right_carry = right_carry+50, total_right = total_right+50
WHERE `user_id` = 'UC2PHS';
INSERT INTO `placement_bv_update_history` (`right_carry`, `date`, `from_id`, `user_id`) VALUES ('50', '2024-10-01 22:16:02', 'JNB7J5', 'UC2PHS');
INSERT INTO `matrix_filling` (`placement_id`, `downline_id`, `level`, `matrix`) VALUES ('S6Y615', 'JNB7J5', 5, 1);
UPDATE `bv_updation` SET right_carry = right_carry+50, total_right = total_right+50
WHERE `user_id` = 'S6Y615';
INSERT INTO `placement_bv_update_history` (`right_carry`, `date`, `from_id`, `user_id`) VALUES ('50', '2024-10-01 22:16:02', 'JNB7J5', 'S6Y615');
INSERT INTO `matrix_filling` (`placement_id`, `downline_id`, `level`, `matrix`) VALUES ('GZZ2NE', 'JNB7J5', 6, 1);
UPDATE `bv_updation` SET right_carry = right_carry+50, total_right = total_right+50
WHERE `user_id` = 'GZZ2NE';
INSERT INTO `placement_bv_update_history` (`right_carry`, `date`, `from_id`, `user_id`) VALUES ('50', '2024-10-01 22:16:02', 'JNB7J5', 'GZZ2NE');
INSERT INTO `matrix_filling` (`placement_id`, `downline_id`, `level`, `matrix`) VALUES ('TBNWFI', 'JNB7J5', 7, 1);
UPDATE `bv_updation` SET right_carry = right_carry+50, total_right = total_right+50
WHERE `user_id` = 'TBNWFI';
INSERT INTO `placement_bv_update_history` (`right_carry`, `date`, `from_id`, `user_id`) VALUES ('50', '2024-10-01 22:16:02', 'JNB7J5', 'TBNWFI');
INSERT INTO `matrix_filling` (`placement_id`, `downline_id`, `level`, `matrix`) VALUES ('2ZBFLF', 'JNB7J5', 8, 1);
UPDATE `bv_updation` SET right_carry = right_carry+50, total_right = total_right+50
WHERE `user_id` = '2ZBFLF';
INSERT INTO `placement_bv_update_history` (`right_carry`, `date`, `from_id`, `user_id`) VALUES ('50', '2024-10-01 22:16:02', 'JNB7J5', '2ZBFLF');
INSERT INTO `matrix_filling` (`placement_id`, `downline_id`, `level`, `matrix`) VALUES ('PWB9RY', 'JNB7J5', 9, 1);
UPDATE `bv_updation` SET right_carry = right_carry+50, total_right = total_right+50
WHERE `user_id` = 'PWB9RY';
INSERT INTO `placement_bv_update_history` (`right_carry`, `date`, `from_id`, `user_id`) VALUES ('50', '2024-10-01 22:16:02', 'JNB7J5', 'PWB9RY');
INSERT INTO `matrix_filling` (`placement_id`, `downline_id`, `level`, `matrix`) VALUES ('7QWHHF', 'JNB7J5', 10, 1);
UPDATE `bv_updation` SET right_carry = right_carry+50, total_right = total_right+50
WHERE `user_id` = '7QWHHF';
INSERT INTO `placement_bv_update_history` (`right_carry`, `date`, `from_id`, `user_id`) VALUES ('50', '2024-10-01 22:16:02', 'JNB7J5', '7QWHHF');
INSERT INTO `matrix_filling` (`placement_id`, `downline_id`, `level`, `matrix`) VALUES ('YTHSAV', 'JNB7J5', 11, 1);
UPDATE `bv_updation` SET right_carry = right_carry+50, total_right = total_right+50
WHERE `user_id` = 'YTHSAV';
INSERT INTO `placement_bv_update_history` (`right_carry`, `date`, `from_id`, `user_id`) VALUES ('50', '2024-10-01 22:16:02', 'JNB7J5', 'YTHSAV');
INSERT INTO `matrix_filling` (`placement_id`, `downline_id`, `level`, `matrix`) VALUES ('TV9UQH', 'JNB7J5', 12, 1);
UPDATE `bv_updation` SET right_carry = right_carry+50, total_right = total_right+50
WHERE `user_id` = 'TV9UQH';
INSERT INTO `placement_bv_update_history` (`right_carry`, `date`, `from_id`, `user_id`) VALUES ('50', '2024-10-01 22:16:02', 'JNB7J5', 'TV9UQH');
INSERT INTO `matrix_filling` (`placement_id`, `downline_id`, `level`, `matrix`) VALUES ('KZTY9T', 'JNB7J5', 13, 1);
UPDATE `bv_updation` SET right_carry = right_carry+50, total_right = total_right+50
WHERE `user_id` = 'KZTY9T';
INSERT INTO `placement_bv_update_history` (`right_carry`, `date`, `from_id`, `user_id`) VALUES ('50', '2024-10-01 22:16:02', 'JNB7J5', 'KZTY9T');
INSERT INTO `matrix_filling` (`placement_id`, `downline_id`, `level`, `matrix`) VALUES ('2K9C1S', 'JNB7J5', 14, 1);
UPDATE `bv_updation` SET right_carry = right_carry+50, total_right = total_right+50
WHERE `user_id` = '2K9C1S';
INSERT INTO `placement_bv_update_history` (`right_carry`, `date`, `from_id`, `user_id`) VALUES ('50', '2024-10-01 22:16:02', 'JNB7J5', '2K9C1S');
INSERT INTO `matrix_filling` (`placement_id`, `downline_id`, `level`, `matrix`) VALUES ('IPUSFA', 'JNB7J5', 15, 1);
UPDATE `bv_updation` SET right_carry = right_carry+50, total_right = total_right+50
WHERE `user_id` = 'IPUSFA';
INSERT INTO `placement_bv_update_history` (`right_carry`, `date`, `from_id`, `user_id`) VALUES ('50', '2024-10-01 22:16:02', 'JNB7J5', 'IPUSFA');
INSERT INTO `matrix_filling` (`placement_id`, `downline_id`, `level`, `matrix`) VALUES ('JSMVWA', 'JNB7J5', 16, 1);
UPDATE `bv_updation` SET right_carry = right_carry+50, total_right = total_right+50
WHERE `user_id` = 'JSMVWA';
INSERT INTO `placement_bv_update_history` (`right_carry`, `date`, `from_id`, `user_id`) VALUES ('50', '2024-10-01 22:16:02', 'JNB7J5', 'JSMVWA');
INSERT INTO `matrix_filling` (`placement_id`, `downline_id`, `level`, `matrix`) VALUES ('Y741WF', 'JNB7J5', 17, 1);
UPDATE `bv_updation` SET right_carry = right_carry+50, total_right = total_right+50
WHERE `user_id` = 'Y741WF';
INSERT INTO `placement_bv_update_history` (`right_carry`, `date`, `from_id`, `user_id`) VALUES ('50', '2024-10-01 22:16:02', 'JNB7J5', 'Y741WF');
INSERT INTO `matrix_filling` (`placement_id`, `downline_id`, `level`, `matrix`) VALUES ('JLTMOH', 'JNB7J5', 18, 1);
UPDATE `bv_updation` SET right_carry = right_carry+50, total_right = total_right+50
WHERE `user_id` = 'JLTMOH';
INSERT INTO `placement_bv_update_history` (`right_carry`, `date`, `from_id`, `user_id`) VALUES ('50', '2024-10-01 22:16:02', 'JNB7J5', 'JLTMOH');
INSERT INTO `matrix_filling` (`placement_id`, `downline_id`, `level`, `matrix`) VALUES ('NS15G5', 'JNB7J5', 19, 1);
UPDATE `bv_updation` SET right_carry = right_carry+50, total_right = total_right+50
WHERE `user_id` = 'NS15G5';
INSERT INTO `placement_bv_update_history` (`right_carry`, `date`, `from_id`, `user_id`) VALUES ('50', '2024-10-01 22:16:02', 'JNB7J5', 'NS15G5');
INSERT INTO `matrix_filling` (`placement_id`, `downline_id`, `level`, `matrix`) VALUES ('YU8PLO', 'JNB7J5', 20, 1);
UPDATE `bv_updation` SET right_carry = right_carry+50, total_right = total_right+50
WHERE `user_id` = 'YU8PLO';
INSERT INTO `placement_bv_update_history` (`right_carry`, `date`, `from_id`, `user_id`) VALUES ('50', '2024-10-01 22:16:02', 'JNB7J5', 'YU8PLO');
INSERT INTO `matrix_filling` (`placement_id`, `downline_id`, `level`, `matrix`) VALUES ('LUAGN1', 'JNB7J5', 21, 1);
UPDATE `bv_updation` SET right_carry = right_carry+50, total_right = total_right+50
WHERE `user_id` = 'LUAGN1';
INSERT INTO `placement_bv_update_history` (`right_carry`, `date`, `from_id`, `user_id`) VALUES ('50', '2024-10-01 22:16:02', 'JNB7J5', 'LUAGN1');
UPDATE `bv_updation` SET sponsor_right_carry = sponsor_right_carry+50, sponsor_total_right = sponsor_total_right+50
WHERE `user_id` = 'LUAGN1';
INSERT INTO `sponsor_bv_update_history` (`right_carry`, `date`, `user_id`) VALUES ('50', '2024-10-01 22:16:02', 'LUAGN1');
INSERT INTO `matrix_filling` (`placement_id`, `downline_id`, `level`, `matrix`) VALUES ('6DEXJW', 'JNB7J5', 22, 1);
UPDATE `bv_updation` SET left_carry = left_carry+50, total_left = total_left+50
WHERE `user_id` = '6DEXJW';
INSERT INTO `placement_bv_update_history` (`left_carry`, `date`, `from_id`, `user_id`) VALUES ('50', '2024-10-01 22:16:02', 'JNB7J5', '6DEXJW');
INSERT INTO `matrix_filling` (`placement_id`, `downline_id`, `level`, `matrix`) VALUES ('DM1Y9N', 'JNB7J5', 23, 1);
UPDATE `bv_updation` SET right_carry = right_carry+50, total_right = total_right+50
WHERE `user_id` = 'DM1Y9N';
INSERT INTO `placement_bv_update_history` (`right_carry`, `date`, `from_id`, `user_id`) VALUES ('50', '2024-10-01 22:16:02', 'JNB7J5', 'DM1Y9N');
INSERT INTO `matrix_filling` (`placement_id`, `downline_id`, `level`, `matrix`) VALUES ('A9858P', 'JNB7J5', 24, 1);
UPDATE `bv_updation` SET left_carry = left_carry+50, total_left = total_left+50
WHERE `user_id` = 'A9858P';
INSERT INTO `placement_bv_update_history` (`left_carry`, `date`, `from_id`, `user_id`) VALUES ('50', '2024-10-01 22:16:02', 'JNB7J5', 'A9858P');
INSERT INTO `matrix_filling` (`placement_id`, `downline_id`, `level`, `matrix`) VALUES ('admin', 'JNB7J5', 25, 1);
UPDATE `bv_updation` SET right_carry = right_carry+50, total_right = total_right+50
WHERE `user_id` = 'admin';
INSERT INTO `placement_bv_update_history` (`right_carry`, `date`, `from_id`, `user_id`) VALUES ('50', '2024-10-01 22:16:02', 'JNB7J5', 'admin');
INSERT INTO `package_purchase_history` (`user_id`, `package_id`, `reg_fee`, `package_name`, `monthly_fee`, `type`, `date`, `payment_option`) VALUES ('JNB7J5', '2', '595', 'Traveler Pro', '150', 'sign_up', '2024-10-01 22:16:02', 'free');
UPDATE `user_registration` SET `popup_seen` = 'yes'
WHERE `user_id` = 'LUAGN1';
UPDATE `user_registration` SET `uid` = '2607', `user_id` = 'I4HOSL', `username` = 'natalia1', `sponsor_id` = 'WJR372', `vacant` = 'no', `f_name` = 'Natalia', `l_name` = 'Duenas', `address` = '6520 Kendale Lakes Dr', `position` = 'right', `email` = 'natalia1@gmail.com', `password` = '448a8463fa026e0fac0f02445838d7e6', `phone` = '3057610606', `country` = 'United States', `state` = 'Florida', `city` = 'Miami', `street` = '6520 Kendale Lakes Dr', `zip_code` = '33183', `reg_ip` = '172.70.82.140', `status` = 1, `package_id` = '2', `rank_id` = 1, `highest_rank` = 1, `cycle_rank_id` = 1, `created` = '2024-10-01 22:16:19', `subscription_date` = '2024-10-31', `google_secret` = '4ERK3KRQCBHRNWNS'
WHERE `uid` = '2607';
INSERT INTO `user_registration` (`uid`, `user_id`, `username`, `sponsor_id`, `placement_id`, `vacant`, `f_name`, `l_name`, `address`, `position`, `email`, `password`, `phone`, `reg_ip`, `status`, `created`) VALUES (NULL, 'UILLTI', 'eEUGvNip', 'I4HOSL', 'I4HOSL', 'yes', '', '', '', 'left', '@mail.com', '', '', '', 0, '2024-10-01 22:16:19');
INSERT INTO `user_registration` (`uid`, `user_id`, `username`, `sponsor_id`, `placement_id`, `vacant`, `f_name`, `l_name`, `address`, `position`, `email`, `password`, `phone`, `reg_ip`, `status`, `created`) VALUES (NULL, 'GJCTZX', 'JhTwOamG', 'I4HOSL', 'I4HOSL', 'yes', '', '', '', 'right', '@mail.com', '', '', '', 0, '2024-10-01 22:16:19');
INSERT INTO `bv_updation` (`user_id`) VALUES ('I4HOSL');
UPDATE `user_registration` SET total_ref_count = total_ref_count+1
WHERE `user_id` = 'WJR372';
UPDATE `user_registration` SET total_downlines = total_downlines+1
WHERE `user_id` = '2SB7SO';
UPDATE `user_registration` SET right_downlines = right_downlines+1
WHERE `user_id` = '2SB7SO';
UPDATE `user_registration` SET total_downlines = total_downlines+1
WHERE `user_id` = '7UGPLB';
UPDATE `user_registration` SET right_downlines = right_downlines+1
WHERE `user_id` = '7UGPLB';
UPDATE `user_registration` SET total_downlines = total_downlines+1
WHERE `user_id` = 'G6LBV6';
UPDATE `user_registration` SET right_downlines = right_downlines+1
WHERE `user_id` = 'G6LBV6';
UPDATE `user_registration` SET total_downlines = total_downlines+1
WHERE `user_id` = '5VW2TV';
UPDATE `user_registration` SET right_downlines = right_downlines+1
WHERE `user_id` = '5VW2TV';
UPDATE `user_registration` SET total_downlines = total_downlines+1
WHERE `user_id` = '1CISMF';
UPDATE `user_registration` SET right_downlines = right_downlines+1
WHERE `user_id` = '1CISMF';
UPDATE `user_registration` SET total_downlines = total_downlines+1
WHERE `user_id` = 'WA5PMD';
UPDATE `user_registration` SET right_downlines = right_downlines+1
WHERE `user_id` = 'WA5PMD';
UPDATE `user_registration` SET total_downlines = total_downlines+1
WHERE `user_id` = 'WJR372';
UPDATE `user_registration` SET right_downlines = right_downlines+1
WHERE `user_id` = 'WJR372';
UPDATE `user_registration` SET right_ref_count = right_ref_count+1
WHERE `user_id` = 'WJR372';
UPDATE `user_registration` SET active_right = active_right+1
WHERE `user_id` = 'WJR372';
UPDATE `user_registration` SET total_downlines = total_downlines+1
WHERE `user_id` = 'YJ6OTD';
UPDATE `user_registration` SET left_downlines = left_downlines+1
WHERE `user_id` = 'YJ6OTD';
UPDATE `user_registration` SET total_downlines = total_downlines+1
WHERE `user_id` = 'F8WLAW';
UPDATE `user_registration` SET left_downlines = left_downlines+1
WHERE `user_id` = 'F8WLAW';
UPDATE `user_registration` SET total_downlines = total_downlines+1
WHERE `user_id` = '9H9OZM';
UPDATE `user_registration` SET left_downlines = left_downlines+1
WHERE `user_id` = '9H9OZM';
UPDATE `user_registration` SET total_downlines = total_downlines+1
WHERE `user_id` = 'DLP7GD';
UPDATE `user_registration` SET left_downlines = left_downlines+1
WHERE `user_id` = 'DLP7GD';
UPDATE `user_registration` SET total_downlines = total_downlines+1
WHERE `user_id` = 'VG9TO9';
UPDATE `user_registration` SET left_downlines = left_downlines+1
WHERE `user_id` = 'VG9TO9';
UPDATE `user_registration` SET total_downlines = total_downlines+1
WHERE `user_id` = 'L8R95F';
UPDATE `user_registration` SET left_downlines = left_downlines+1
WHERE `user_id` = 'L8R95F';
UPDATE `user_registration` SET total_downlines = total_downlines+1
WHERE `user_id` = 'Y9DPUD';
UPDATE `user_registration` SET left_downlines = left_downlines+1
WHERE `user_id` = 'Y9DPUD';
UPDATE `user_registration` SET total_downlines = total_downlines+1
WHERE `user_id` = '5H9TH3';
UPDATE `user_registration` SET left_downlines = left_downlines+1
WHERE `user_id` = '5H9TH3';
UPDATE `user_registration` SET total_downlines = total_downlines+1
WHERE `user_id` = 'MIT9KW';
UPDATE `user_registration` SET left_downlines = left_downlines+1
WHERE `user_id` = 'MIT9KW';
UPDATE `user_registration` SET total_downlines = total_downlines+1
WHERE `user_id` = 'IMUABZ';
UPDATE `user_registration` SET left_downlines = left_downlines+1
WHERE `user_id` = 'IMUABZ';
UPDATE `user_registration` SET total_downlines = total_downlines+1
WHERE `user_id` = 'G54QC4';
UPDATE `user_registration` SET left_downlines = left_downlines+1
WHERE `user_id` = 'G54QC4';
UPDATE `user_registration` SET total_downlines = total_downlines+1
WHERE `user_id` = '9JPZJL';
UPDATE `user_registration` SET left_downlines = left_downlines+1
WHERE `user_id` = '9JPZJL';
UPDATE `user_registration` SET total_downlines = total_downlines+1
WHERE `user_id` = 'E3PPZ3';
UPDATE `user_registration` SET left_downlines = left_downlines+1
WHERE `user_id` = 'E3PPZ3';
UPDATE `user_registration` SET total_downlines = total_downlines+1
WHERE `user_id` = '7RY1ZP';
UPDATE `user_registration` SET left_downlines = left_downlines+1
WHERE `user_id` = '7RY1ZP';
UPDATE `user_registration` SET total_downlines = total_downlines+1
WHERE `user_id` = 'ADZTOG';
UPDATE `user_registration` SET right_downlines = right_downlines+1
WHERE `user_id` = 'ADZTOG';
UPDATE `user_registration` SET total_downlines = total_downlines+1
WHERE `user_id` = 'A9858P';
UPDATE `user_registration` SET right_downlines = right_downlines+1
WHERE `user_id` = 'A9858P';
UPDATE `user_registration` SET total_downlines = total_downlines+1
WHERE `user_id` = 'admin';
UPDATE `user_registration` SET right_downlines = right_downlines+1
WHERE `user_id` = 'admin';
INSERT INTO `investment` (`invest_date`, `user_id`, `type`, `amount`, `package_id`) VALUES ('2024-10-01 22:16:20', 'I4HOSL', 'register', '595', '2');
INSERT INTO `earnings` (`user_id`, `Purchaser_id`, `earning_type`, `package_id`, `amount`, `date`, `comments`, `invest_amount`, `comm_perc`, `level`, `rank_id`, `order_id`) VALUES ('WJR372', 'I4HOSL', 'Direct Referral Bonus', '2', '100', '2024-10-01 22:16:20', 'Direct Referral Bonus', 0, 0, 1, '', 302);
UPDATE `user_registration` SET commission_balance = ROUND(commission_balance + 100,2)
WHERE `user_id` = 'WJR372';
UPDATE `user_registration` SET referral_bonus = ROUND(referral_bonus + 100,2)
WHERE `user_id` = 'WJR372';
INSERT INTO `earnings` (`user_id`, `Purchaser_id`, `earning_type`, `package_id`, `amount`, `date`, `comments`, `invest_amount`, `comm_perc`, `level`, `rank_id`, `order_id`) VALUES ('7RY1ZP', 'I4HOSL', 'Expansion Bonus', '2', 100, '2024-10-01 22:16:20', 'Expansion Bonus', '100', 0, 1, '', 302);
UPDATE `user_registration` SET commission_balance = ROUND(commission_balance + 100,2)
WHERE `user_id` = '7RY1ZP';
UPDATE `user_registration` SET expansion_bonus = ROUND(expansion_bonus + 100,2)
WHERE `user_id` = '7RY1ZP';
INSERT INTO `earnings` (`user_id`, `Purchaser_id`, `earning_type`, `package_id`, `amount`, `date`, `comments`, `invest_amount`, `comm_perc`, `level`, `rank_id`, `order_id`) VALUES ('A9858P', 'I4HOSL', 'Expansion Bonus', '2', 100, '2024-10-01 22:16:20', 'Expansion Bonus', 200, 0, 1, '', 302);
UPDATE `user_registration` SET commission_balance = ROUND(commission_balance + 100,2)
WHERE `user_id` = 'A9858P';
UPDATE `user_registration` SET expansion_bonus = ROUND(expansion_bonus + 100,2)
WHERE `user_id` = 'A9858P';
INSERT INTO `matrix_filling` (`placement_id`, `downline_id`, `level`, `matrix`) VALUES ('2SB7SO', 'I4HOSL', 1, 1);
UPDATE `bv_updation` SET right_carry = right_carry+50, total_right = total_right+50
WHERE `user_id` = '2SB7SO';
INSERT INTO `placement_bv_update_history` (`right_carry`, `date`, `from_id`, `user_id`) VALUES ('50', '2024-10-01 22:16:20', 'I4HOSL', '2SB7SO');
INSERT INTO `matrix_filling` (`placement_id`, `downline_id`, `level`, `matrix`) VALUES ('7UGPLB', 'I4HOSL', 2, 1);
UPDATE `bv_updation` SET right_carry = right_carry+50, total_right = total_right+50
WHERE `user_id` = '7UGPLB';
INSERT INTO `placement_bv_update_history` (`right_carry`, `date`, `from_id`, `user_id`) VALUES ('50', '2024-10-01 22:16:20', 'I4HOSL', '7UGPLB');
INSERT INTO `matrix_filling` (`placement_id`, `downline_id`, `level`, `matrix`) VALUES ('G6LBV6', 'I4HOSL', 3, 1);
UPDATE `bv_updation` SET right_carry = right_carry+50, total_right = total_right+50
WHERE `user_id` = 'G6LBV6';
INSERT INTO `placement_bv_update_history` (`right_carry`, `date`, `from_id`, `user_id`) VALUES ('50', '2024-10-01 22:16:20', 'I4HOSL', 'G6LBV6');
INSERT INTO `matrix_filling` (`placement_id`, `downline_id`, `level`, `matrix`) VALUES ('5VW2TV', 'I4HOSL', 4, 1);
UPDATE `bv_updation` SET right_carry = right_carry+50, total_right = total_right+50
WHERE `user_id` = '5VW2TV';
INSERT INTO `placement_bv_update_history` (`right_carry`, `date`, `from_id`, `user_id`) VALUES ('50', '2024-10-01 22:16:20', 'I4HOSL', '5VW2TV');
INSERT INTO `matrix_filling` (`placement_id`, `downline_id`, `level`, `matrix`) VALUES ('1CISMF', 'I4HOSL', 5, 1);
UPDATE `bv_updation` SET right_carry = right_carry+50, total_right = total_right+50
WHERE `user_id` = '1CISMF';
INSERT INTO `placement_bv_update_history` (`right_carry`, `date`, `from_id`, `user_id`) VALUES ('50', '2024-10-01 22:16:20', 'I4HOSL', '1CISMF');
INSERT INTO `matrix_filling` (`placement_id`, `downline_id`, `level`, `matrix`) VALUES ('WA5PMD', 'I4HOSL', 6, 1);
UPDATE `bv_updation` SET right_carry = right_carry+50, total_right = total_right+50
WHERE `user_id` = 'WA5PMD';
INSERT INTO `placement_bv_update_history` (`right_carry`, `date`, `from_id`, `user_id`) VALUES ('50', '2024-10-01 22:16:20', 'I4HOSL', 'WA5PMD');
INSERT INTO `matrix_filling` (`placement_id`, `downline_id`, `level`, `matrix`) VALUES ('WJR372', 'I4HOSL', 7, 1);
UPDATE `bv_updation` SET right_carry = right_carry+50, total_right = total_right+50
WHERE `user_id` = 'WJR372';
INSERT INTO `placement_bv_update_history` (`right_carry`, `date`, `from_id`, `user_id`) VALUES ('50', '2024-10-01 22:16:20', 'I4HOSL', 'WJR372');
UPDATE `bv_updation` SET sponsor_right_carry = sponsor_right_carry+50, sponsor_total_right = sponsor_total_right+50
WHERE `user_id` = 'WJR372';
INSERT INTO `sponsor_bv_update_history` (`right_carry`, `date`, `user_id`) VALUES ('50', '2024-10-01 22:16:20', 'WJR372');
INSERT INTO `matrix_filling` (`placement_id`, `downline_id`, `level`, `matrix`) VALUES ('YJ6OTD', 'I4HOSL', 8, 1);
UPDATE `bv_updation` SET left_carry = left_carry+50, total_left = total_left+50
WHERE `user_id` = 'YJ6OTD';
INSERT INTO `placement_bv_update_history` (`left_carry`, `date`, `from_id`, `user_id`) VALUES ('50', '2024-10-01 22:16:20', 'I4HOSL', 'YJ6OTD');
INSERT INTO `matrix_filling` (`placement_id`, `downline_id`, `level`, `matrix`) VALUES ('F8WLAW', 'I4HOSL', 9, 1);
UPDATE `bv_updation` SET left_carry = left_carry+50, total_left = total_left+50
WHERE `user_id` = 'F8WLAW';
INSERT INTO `placement_bv_update_history` (`left_carry`, `date`, `from_id`, `user_id`) VALUES ('50', '2024-10-01 22:16:20', 'I4HOSL', 'F8WLAW');
INSERT INTO `matrix_filling` (`placement_id`, `downline_id`, `level`, `matrix`) VALUES ('9H9OZM', 'I4HOSL', 10, 1);
UPDATE `bv_updation` SET left_carry = left_carry+50, total_left = total_left+50
WHERE `user_id` = '9H9OZM';
INSERT INTO `placement_bv_update_history` (`left_carry`, `date`, `from_id`, `user_id`) VALUES ('50', '2024-10-01 22:16:20', 'I4HOSL', '9H9OZM');
INSERT INTO `matrix_filling` (`placement_id`, `downline_id`, `level`, `matrix`) VALUES ('DLP7GD', 'I4HOSL', 11, 1);
UPDATE `bv_updation` SET left_carry = left_carry+50, total_left = total_left+50
WHERE `user_id` = 'DLP7GD';
INSERT INTO `placement_bv_update_history` (`left_carry`, `date`, `from_id`, `user_id`) VALUES ('50', '2024-10-01 22:16:20', 'I4HOSL', 'DLP7GD');
INSERT INTO `matrix_filling` (`placement_id`, `downline_id`, `level`, `matrix`) VALUES ('VG9TO9', 'I4HOSL', 12, 1);
UPDATE `bv_updation` SET left_carry = left_carry+50, total_left = total_left+50
WHERE `user_id` = 'VG9TO9';
INSERT INTO `placement_bv_update_history` (`left_carry`, `date`, `from_id`, `user_id`) VALUES ('50', '2024-10-01 22:16:20', 'I4HOSL', 'VG9TO9');
INSERT INTO `matrix_filling` (`placement_id`, `downline_id`, `level`, `matrix`) VALUES ('L8R95F', 'I4HOSL', 13, 1);
UPDATE `bv_updation` SET left_carry = left_carry+50, total_left = total_left+50
WHERE `user_id` = 'L8R95F';
INSERT INTO `placement_bv_update_history` (`left_carry`, `date`, `from_id`, `user_id`) VALUES ('50', '2024-10-01 22:16:20', 'I4HOSL', 'L8R95F');
INSERT INTO `matrix_filling` (`placement_id`, `downline_id`, `level`, `matrix`) VALUES ('Y9DPUD', 'I4HOSL', 14, 1);
UPDATE `bv_updation` SET left_carry = left_carry+50, total_left = total_left+50
WHERE `user_id` = 'Y9DPUD';
INSERT INTO `placement_bv_update_history` (`left_carry`, `date`, `from_id`, `user_id`) VALUES ('50', '2024-10-01 22:16:20', 'I4HOSL', 'Y9DPUD');
INSERT INTO `matrix_filling` (`placement_id`, `downline_id`, `level`, `matrix`) VALUES ('5H9TH3', 'I4HOSL', 15, 1);
UPDATE `bv_updation` SET left_carry = left_carry+50, total_left = total_left+50
WHERE `user_id` = '5H9TH3';
INSERT INTO `placement_bv_update_history` (`left_carry`, `date`, `from_id`, `user_id`) VALUES ('50', '2024-10-01 22:16:20', 'I4HOSL', '5H9TH3');
INSERT INTO `matrix_filling` (`placement_id`, `downline_id`, `level`, `matrix`) VALUES ('MIT9KW', 'I4HOSL', 16, 1);
UPDATE `bv_updation` SET left_carry = left_carry+50, total_left = total_left+50
WHERE `user_id` = 'MIT9KW';
INSERT INTO `placement_bv_update_history` (`left_carry`, `date`, `from_id`, `user_id`) VALUES ('50', '2024-10-01 22:16:20', 'I4HOSL', 'MIT9KW');
INSERT INTO `matrix_filling` (`placement_id`, `downline_id`, `level`, `matrix`) VALUES ('IMUABZ', 'I4HOSL', 17, 1);
UPDATE `bv_updation` SET left_carry = left_carry+50, total_left = total_left+50
WHERE `user_id` = 'IMUABZ';
INSERT INTO `placement_bv_update_history` (`left_carry`, `date`, `from_id`, `user_id`) VALUES ('50', '2024-10-01 22:16:20', 'I4HOSL', 'IMUABZ');
INSERT INTO `matrix_filling` (`placement_id`, `downline_id`, `level`, `matrix`) VALUES ('G54QC4', 'I4HOSL', 18, 1);
UPDATE `bv_updation` SET left_carry = left_carry+50, total_left = total_left+50
WHERE `user_id` = 'G54QC4';
INSERT INTO `placement_bv_update_history` (`left_carry`, `date`, `from_id`, `user_id`) VALUES ('50', '2024-10-01 22:16:20', 'I4HOSL', 'G54QC4');
INSERT INTO `matrix_filling` (`placement_id`, `downline_id`, `level`, `matrix`) VALUES ('9JPZJL', 'I4HOSL', 19, 1);
UPDATE `bv_updation` SET left_carry = left_carry+50, total_left = total_left+50
WHERE `user_id` = '9JPZJL';
INSERT INTO `placement_bv_update_history` (`left_carry`, `date`, `from_id`, `user_id`) VALUES ('50', '2024-10-01 22:16:20', 'I4HOSL', '9JPZJL');
INSERT INTO `matrix_filling` (`placement_id`, `downline_id`, `level`, `matrix`) VALUES ('E3PPZ3', 'I4HOSL', 20, 1);
UPDATE `bv_updation` SET left_carry = left_carry+50, total_left = total_left+50
WHERE `user_id` = 'E3PPZ3';
INSERT INTO `placement_bv_update_history` (`left_carry`, `date`, `from_id`, `user_id`) VALUES ('50', '2024-10-01 22:16:20', 'I4HOSL', 'E3PPZ3');
INSERT INTO `matrix_filling` (`placement_id`, `downline_id`, `level`, `matrix`) VALUES ('7RY1ZP', 'I4HOSL', 21, 1);
UPDATE `bv_updation` SET left_carry = left_carry+50, total_left = total_left+50
WHERE `user_id` = '7RY1ZP';
INSERT INTO `placement_bv_update_history` (`left_carry`, `date`, `from_id`, `user_id`) VALUES ('50', '2024-10-01 22:16:20', 'I4HOSL', '7RY1ZP');
INSERT INTO `matrix_filling` (`placement_id`, `downline_id`, `level`, `matrix`) VALUES ('ADZTOG', 'I4HOSL', 22, 1);
UPDATE `bv_updation` SET right_carry = right_carry+50, total_right = total_right+50
WHERE `user_id` = 'ADZTOG';
INSERT INTO `placement_bv_update_history` (`right_carry`, `date`, `from_id`, `user_id`) VALUES ('50', '2024-10-01 22:16:20', 'I4HOSL', 'ADZTOG');
INSERT INTO `matrix_filling` (`placement_id`, `downline_id`, `level`, `matrix`) VALUES ('A9858P', 'I4HOSL', 23, 1);
UPDATE `bv_updation` SET right_carry = right_carry+50, total_right = total_right+50
WHERE `user_id` = 'A9858P';
INSERT INTO `placement_bv_update_history` (`right_carry`, `date`, `from_id`, `user_id`) VALUES ('50', '2024-10-01 22:16:20', 'I4HOSL', 'A9858P');
INSERT INTO `matrix_filling` (`placement_id`, `downline_id`, `level`, `matrix`) VALUES ('admin', 'I4HOSL', 24, 1);
UPDATE `bv_updation` SET right_carry = right_carry+50, total_right = total_right+50
WHERE `user_id` = 'admin';
INSERT INTO `placement_bv_update_history` (`right_carry`, `date`, `from_id`, `user_id`) VALUES ('50', '2024-10-01 22:16:20', 'I4HOSL', 'admin');
INSERT INTO `package_purchase_history` (`user_id`, `package_id`, `reg_fee`, `package_name`, `monthly_fee`, `type`, `date`, `payment_option`) VALUES ('I4HOSL', '2', '595', 'Traveler Pro', '150', 'sign_up', '2024-10-01 22:16:20', 'free');
UPDATE `user_registration` SET `uid` = '2604', `user_id` = 'SBS5M8', `username` = 'edel1', `sponsor_id` = 'LUAGN1', `vacant` = 'no', `f_name` = 'Edel', `l_name` = 'Perez', `address` = '8100 SW 14 Terr', `position` = 'left', `email` = 'edel1@gmail.com', `password` = 'ff78b1ac3dfa79e5a0c39d15073c520b', `phone` = '7862876762', `country` = 'United States', `state` = 'Florida', `city` = 'Miami', `street` = '8100 SW 14 Terr', `zip_code` = '33144', `reg_ip` = '172.70.255.66', `status` = 1, `package_id` = '2', `rank_id` = 1, `highest_rank` = 1, `cycle_rank_id` = 1, `created` = '2024-10-01 22:17:12', `subscription_date` = '2024-10-31', `google_secret` = '4RGSJ2PVLEP7AQLW'
WHERE `uid` = '2604';
INSERT INTO `user_registration` (`uid`, `user_id`, `username`, `sponsor_id`, `placement_id`, `vacant`, `f_name`, `l_name`, `address`, `position`, `email`, `password`, `phone`, `reg_ip`, `status`, `created`) VALUES (NULL, 'JGZSXY', 'EUoiGwPi', 'SBS5M8', 'SBS5M8', 'yes', '', '', '', 'left', '@mail.com', '', '', '', 0, '2024-10-01 22:17:12');
INSERT INTO `user_registration` (`uid`, `user_id`, `username`, `sponsor_id`, `placement_id`, `vacant`, `f_name`, `l_name`, `address`, `position`, `email`, `password`, `phone`, `reg_ip`, `status`, `created`) VALUES (NULL, 'XNMHKA', 'ChKABgzJ', 'SBS5M8', 'SBS5M8', 'yes', '', '', '', 'right', '@mail.com', '', '', '', 0, '2024-10-01 22:17:12');
INSERT INTO `bv_updation` (`user_id`) VALUES ('SBS5M8');
UPDATE `user_registration` SET total_ref_count = total_ref_count+1
WHERE `user_id` = 'LUAGN1';
UPDATE `user_registration` SET total_downlines = total_downlines+1
WHERE `user_id` = '68OEJ2';
UPDATE `user_registration` SET left_downlines = left_downlines+1
WHERE `user_id` = '68OEJ2';
UPDATE `user_registration` SET total_downlines = total_downlines+1
WHERE `user_id` = 'O7LORQ';
UPDATE `user_registration` SET left_downlines = left_downlines+1
WHERE `user_id` = 'O7LORQ';
UPDATE `user_registration` SET total_downlines = total_downlines+1
WHERE `user_id` = '9QYFCD';
UPDATE `user_registration` SET left_downlines = left_downlines+1
WHERE `user_id` = '9QYFCD';
UPDATE `user_registration` SET total_downlines = total_downlines+1
WHERE `user_id` = 'BXC9X6';
UPDATE `user_registration` SET left_downlines = left_downlines+1
WHERE `user_id` = 'BXC9X6';
UPDATE `user_registration` SET total_downlines = total_downlines+1
WHERE `user_id` = '74J5T9';
UPDATE `user_registration` SET left_downlines = left_downlines+1
WHERE `user_id` = '74J5T9';
UPDATE `user_registration` SET total_downlines = total_downlines+1
WHERE `user_id` = 'NV94W7';
UPDATE `user_registration` SET left_downlines = left_downlines+1
WHERE `user_id` = 'NV94W7';
UPDATE `user_registration` SET total_downlines = total_downlines+1
WHERE `user_id` = 'IXQT61';
UPDATE `user_registration` SET left_downlines = left_downlines+1
WHERE `user_id` = 'IXQT61';
UPDATE `user_registration` SET total_downlines = total_downlines+1
WHERE `user_id` = '8EOSVJ';
UPDATE `user_registration` SET left_downlines = left_downlines+1
WHERE `user_id` = '8EOSVJ';
UPDATE `user_registration` SET total_downlines = total_downlines+1
WHERE `user_id` = 'SJ2DF6';
UPDATE `user_registration` SET left_downlines = left_downlines+1
WHERE `user_id` = 'SJ2DF6';
UPDATE `user_registration` SET total_downlines = total_downlines+1
WHERE `user_id` = '2YSBSS';
UPDATE `user_registration` SET left_downlines = left_downlines+1
WHERE `user_id` = '2YSBSS';
UPDATE `user_registration` SET total_downlines = total_downlines+1
WHERE `user_id` = 'D2WRVN';
UPDATE `user_registration` SET left_downlines = left_downlines+1
WHERE `user_id` = 'D2WRVN';
UPDATE `user_registration` SET total_downlines = total_downlines+1
WHERE `user_id` = 'O3WR96';
UPDATE `user_registration` SET left_downlines = left_downlines+1
WHERE `user_id` = 'O3WR96';
UPDATE `user_registration` SET total_downlines = total_downlines+1
WHERE `user_id` = 'II7NUG';
UPDATE `user_registration` SET left_downlines = left_downlines+1
WHERE `user_id` = 'II7NUG';
UPDATE `user_registration` SET total_downlines = total_downlines+1
WHERE `user_id` = 'TI92GO';
UPDATE `user_registration` SET left_downlines = left_downlines+1
WHERE `user_id` = 'TI92GO';
UPDATE `user_registration` SET total_downlines = total_downlines+1
WHERE `user_id` = 'HOMSKN';
UPDATE `user_registration` SET left_downlines = left_downlines+1
WHERE `user_id` = 'HOMSKN';
UPDATE `user_registration` SET total_downlines = total_downlines+1
WHERE `user_id` = 'WQFROY';
UPDATE `user_registration` SET left_downlines = left_downlines+1
WHERE `user_id` = 'WQFROY';
UPDATE `user_registration` SET total_downlines = total_downlines+1
WHERE `user_id` = 'S8TPST';
UPDATE `user_registration` SET left_downlines = left_downlines+1
WHERE `user_id` = 'S8TPST';
UPDATE `user_registration` SET total_downlines = total_downlines+1
WHERE `user_id` = 'BD2LIM';
UPDATE `user_registration` SET left_downlines = left_downlines+1
WHERE `user_id` = 'BD2LIM';
UPDATE `user_registration` SET total_downlines = total_downlines+1
WHERE `user_id` = 'JNGCQK';
UPDATE `user_registration` SET left_downlines = left_downlines+1
WHERE `user_id` = 'JNGCQK';
UPDATE `user_registration` SET total_downlines = total_downlines+1
WHERE `user_id` = 'QOHBYS';
UPDATE `user_registration` SET left_downlines = left_downlines+1
WHERE `user_id` = 'QOHBYS';
UPDATE `user_registration` SET total_downlines = total_downlines+1
WHERE `user_id` = 'LUAGN1';
UPDATE `user_registration` SET left_downlines = left_downlines+1
WHERE `user_id` = 'LUAGN1';
UPDATE `user_registration` SET left_ref_count = left_ref_count+1
WHERE `user_id` = 'LUAGN1';
UPDATE `user_registration` SET active_left = active_left+1
WHERE `user_id` = 'LUAGN1';
UPDATE `user_registration` SET total_downlines = total_downlines+1
WHERE `user_id` = '6DEXJW';
UPDATE `user_registration` SET left_downlines = left_downlines+1
WHERE `user_id` = '6DEXJW';
UPDATE `user_registration` SET total_downlines = total_downlines+1
WHERE `user_id` = 'DM1Y9N';
UPDATE `user_registration` SET right_downlines = right_downlines+1
WHERE `user_id` = 'DM1Y9N';
UPDATE `user_registration` SET total_downlines = total_downlines+1
WHERE `user_id` = 'A9858P';
UPDATE `user_registration` SET left_downlines = left_downlines+1
WHERE `user_id` = 'A9858P';
UPDATE `user_registration` SET total_downlines = total_downlines+1
WHERE `user_id` = 'admin';
UPDATE `user_registration` SET right_downlines = right_downlines+1
WHERE `user_id` = 'admin';
INSERT INTO `investment` (`invest_date`, `user_id`, `type`, `amount`, `package_id`) VALUES ('2024-10-01 22:17:12', 'SBS5M8', 'register', '595', '2');
INSERT INTO `earnings` (`user_id`, `Purchaser_id`, `earning_type`, `package_id`, `amount`, `date`, `comments`, `invest_amount`, `comm_perc`, `level`, `rank_id`, `order_id`) VALUES ('LUAGN1', 'SBS5M8', 'Direct Referral Bonus', '2', '100', '2024-10-01 22:17:12', 'Direct Referral Bonus', 0, 0, 1, '', 303);
UPDATE `user_registration` SET commission_balance = ROUND(commission_balance + 100,2)
WHERE `user_id` = 'LUAGN1';
UPDATE `user_registration` SET referral_bonus = ROUND(referral_bonus + 100,2)
WHERE `user_id` = 'LUAGN1';
INSERT INTO `earnings` (`user_id`, `Purchaser_id`, `earning_type`, `package_id`, `amount`, `date`, `comments`, `invest_amount`, `comm_perc`, `level`, `rank_id`, `order_id`) VALUES ('DM1Y9N', 'SBS5M8', 'Expansion Bonus', '2', 100, '2024-10-01 22:17:12', 'Expansion Bonus', '100', 0, 1, '', 303);
UPDATE `user_registration` SET commission_balance = ROUND(commission_balance + 100,2)
WHERE `user_id` = 'DM1Y9N';
UPDATE `user_registration` SET expansion_bonus = ROUND(expansion_bonus + 100,2)
WHERE `user_id` = 'DM1Y9N';
INSERT INTO `earnings` (`user_id`, `Purchaser_id`, `earning_type`, `package_id`, `amount`, `date`, `comments`, `invest_amount`, `comm_perc`, `level`, `rank_id`, `order_id`) VALUES ('A9858P', 'SBS5M8', 'Expansion Bonus', '2', 100, '2024-10-01 22:17:12', 'Expansion Bonus', 200, 0, 1, '', 303);
UPDATE `user_registration` SET commission_balance = ROUND(commission_balance + 100,2)
WHERE `user_id` = 'A9858P';
UPDATE `user_registration` SET expansion_bonus = ROUND(expansion_bonus + 100,2)
WHERE `user_id` = 'A9858P';
INSERT INTO `matrix_filling` (`placement_id`, `downline_id`, `level`, `matrix`) VALUES ('68OEJ2', 'SBS5M8', 1, 1);
UPDATE `bv_updation` SET left_carry = left_carry+50, total_left = total_left+50
WHERE `user_id` = '68OEJ2';
INSERT INTO `placement_bv_update_history` (`left_carry`, `date`, `from_id`, `user_id`) VALUES ('50', '2024-10-01 22:17:12', 'SBS5M8', '68OEJ2');
INSERT INTO `matrix_filling` (`placement_id`, `downline_id`, `level`, `matrix`) VALUES ('O7LORQ', 'SBS5M8', 2, 1);
UPDATE `bv_updation` SET left_carry = left_carry+50, total_left = total_left+50
WHERE `user_id` = 'O7LORQ';
INSERT INTO `placement_bv_update_history` (`left_carry`, `date`, `from_id`, `user_id`) VALUES ('50', '2024-10-01 22:17:12', 'SBS5M8', 'O7LORQ');
INSERT INTO `matrix_filling` (`placement_id`, `downline_id`, `level`, `matrix`) VALUES ('9QYFCD', 'SBS5M8', 3, 1);
UPDATE `bv_updation` SET left_carry = left_carry+50, total_left = total_left+50
WHERE `user_id` = '9QYFCD';
INSERT INTO `placement_bv_update_history` (`left_carry`, `date`, `from_id`, `user_id`) VALUES ('50', '2024-10-01 22:17:12', 'SBS5M8', '9QYFCD');
INSERT INTO `matrix_filling` (`placement_id`, `downline_id`, `level`, `matrix`) VALUES ('BXC9X6', 'SBS5M8', 4, 1);
UPDATE `bv_updation` SET left_carry = left_carry+50, total_left = total_left+50
WHERE `user_id` = 'BXC9X6';
INSERT INTO `placement_bv_update_history` (`left_carry`, `date`, `from_id`, `user_id`) VALUES ('50', '2024-10-01 22:17:12', 'SBS5M8', 'BXC9X6');
INSERT INTO `matrix_filling` (`placement_id`, `downline_id`, `level`, `matrix`) VALUES ('74J5T9', 'SBS5M8', 5, 1);
UPDATE `bv_updation` SET left_carry = left_carry+50, total_left = total_left+50
WHERE `user_id` = '74J5T9';
INSERT INTO `placement_bv_update_history` (`left_carry`, `date`, `from_id`, `user_id`) VALUES ('50', '2024-10-01 22:17:12', 'SBS5M8', '74J5T9');
INSERT INTO `matrix_filling` (`placement_id`, `downline_id`, `level`, `matrix`) VALUES ('NV94W7', 'SBS5M8', 6, 1);
UPDATE `bv_updation` SET left_carry = left_carry+50, total_left = total_left+50
WHERE `user_id` = 'NV94W7';
INSERT INTO `placement_bv_update_history` (`left_carry`, `date`, `from_id`, `user_id`) VALUES ('50', '2024-10-01 22:17:12', 'SBS5M8', 'NV94W7');
INSERT INTO `matrix_filling` (`placement_id`, `downline_id`, `level`, `matrix`) VALUES ('IXQT61', 'SBS5M8', 7, 1);
UPDATE `bv_updation` SET left_carry = left_carry+50, total_left = total_left+50
WHERE `user_id` = 'IXQT61';
INSERT INTO `placement_bv_update_history` (`left_carry`, `date`, `from_id`, `user_id`) VALUES ('50', '2024-10-01 22:17:12', 'SBS5M8', 'IXQT61');
INSERT INTO `matrix_filling` (`placement_id`, `downline_id`, `level`, `matrix`) VALUES ('8EOSVJ', 'SBS5M8', 8, 1);
UPDATE `bv_updation` SET left_carry = left_carry+50, total_left = total_left+50
WHERE `user_id` = '8EOSVJ';
INSERT INTO `placement_bv_update_history` (`left_carry`, `date`, `from_id`, `user_id`) VALUES ('50', '2024-10-01 22:17:12', 'SBS5M8', '8EOSVJ');
INSERT INTO `matrix_filling` (`placement_id`, `downline_id`, `level`, `matrix`) VALUES ('SJ2DF6', 'SBS5M8', 9, 1);
UPDATE `bv_updation` SET left_carry = left_carry+50, total_left = total_left+50
WHERE `user_id` = 'SJ2DF6';
INSERT INTO `placement_bv_update_history` (`left_carry`, `date`, `from_id`, `user_id`) VALUES ('50', '2024-10-01 22:17:12', 'SBS5M8', 'SJ2DF6');
INSERT INTO `matrix_filling` (`placement_id`, `downline_id`, `level`, `matrix`) VALUES ('2YSBSS', 'SBS5M8', 10, 1);
UPDATE `bv_updation` SET left_carry = left_carry+50, total_left = total_left+50
WHERE `user_id` = '2YSBSS';
INSERT INTO `placement_bv_update_history` (`left_carry`, `date`, `from_id`, `user_id`) VALUES ('50', '2024-10-01 22:17:12', 'SBS5M8', '2YSBSS');
INSERT INTO `matrix_filling` (`placement_id`, `downline_id`, `level`, `matrix`) VALUES ('D2WRVN', 'SBS5M8', 11, 1);
UPDATE `bv_updation` SET left_carry = left_carry+50, total_left = total_left+50
WHERE `user_id` = 'D2WRVN';
INSERT INTO `placement_bv_update_history` (`left_carry`, `date`, `from_id`, `user_id`) VALUES ('50', '2024-10-01 22:17:12', 'SBS5M8', 'D2WRVN');
INSERT INTO `matrix_filling` (`placement_id`, `downline_id`, `level`, `matrix`) VALUES ('O3WR96', 'SBS5M8', 12, 1);
UPDATE `bv_updation` SET left_carry = left_carry+50, total_left = total_left+50
WHERE `user_id` = 'O3WR96';
INSERT INTO `placement_bv_update_history` (`left_carry`, `date`, `from_id`, `user_id`) VALUES ('50', '2024-10-01 22:17:12', 'SBS5M8', 'O3WR96');
INSERT INTO `matrix_filling` (`placement_id`, `downline_id`, `level`, `matrix`) VALUES ('II7NUG', 'SBS5M8', 13, 1);
UPDATE `bv_updation` SET left_carry = left_carry+50, total_left = total_left+50
WHERE `user_id` = 'II7NUG';
INSERT INTO `placement_bv_update_history` (`left_carry`, `date`, `from_id`, `user_id`) VALUES ('50', '2024-10-01 22:17:12', 'SBS5M8', 'II7NUG');
INSERT INTO `matrix_filling` (`placement_id`, `downline_id`, `level`, `matrix`) VALUES ('TI92GO', 'SBS5M8', 14, 1);
UPDATE `bv_updation` SET left_carry = left_carry+50, total_left = total_left+50
WHERE `user_id` = 'TI92GO';
INSERT INTO `placement_bv_update_history` (`left_carry`, `date`, `from_id`, `user_id`) VALUES ('50', '2024-10-01 22:17:12', 'SBS5M8', 'TI92GO');
INSERT INTO `matrix_filling` (`placement_id`, `downline_id`, `level`, `matrix`) VALUES ('HOMSKN', 'SBS5M8', 15, 1);
UPDATE `bv_updation` SET left_carry = left_carry+50, total_left = total_left+50
WHERE `user_id` = 'HOMSKN';
INSERT INTO `placement_bv_update_history` (`left_carry`, `date`, `from_id`, `user_id`) VALUES ('50', '2024-10-01 22:17:12', 'SBS5M8', 'HOMSKN');
INSERT INTO `matrix_filling` (`placement_id`, `downline_id`, `level`, `matrix`) VALUES ('WQFROY', 'SBS5M8', 16, 1);
UPDATE `bv_updation` SET left_carry = left_carry+50, total_left = total_left+50
WHERE `user_id` = 'WQFROY';
INSERT INTO `placement_bv_update_history` (`left_carry`, `date`, `from_id`, `user_id`) VALUES ('50', '2024-10-01 22:17:12', 'SBS5M8', 'WQFROY');
INSERT INTO `matrix_filling` (`placement_id`, `downline_id`, `level`, `matrix`) VALUES ('S8TPST', 'SBS5M8', 17, 1);
UPDATE `bv_updation` SET left_carry = left_carry+50, total_left = total_left+50
WHERE `user_id` = 'S8TPST';
INSERT INTO `placement_bv_update_history` (`left_carry`, `date`, `from_id`, `user_id`) VALUES ('50', '2024-10-01 22:17:12', 'SBS5M8', 'S8TPST');
INSERT INTO `matrix_filling` (`placement_id`, `downline_id`, `level`, `matrix`) VALUES ('BD2LIM', 'SBS5M8', 18, 1);
UPDATE `bv_updation` SET left_carry = left_carry+50, total_left = total_left+50
WHERE `user_id` = 'BD2LIM';
INSERT INTO `placement_bv_update_history` (`left_carry`, `date`, `from_id`, `user_id`) VALUES ('50', '2024-10-01 22:17:12', 'SBS5M8', 'BD2LIM');
INSERT INTO `matrix_filling` (`placement_id`, `downline_id`, `level`, `matrix`) VALUES ('JNGCQK', 'SBS5M8', 19, 1);
UPDATE `bv_updation` SET left_carry = left_carry+50, total_left = total_left+50
WHERE `user_id` = 'JNGCQK';
INSERT INTO `placement_bv_update_history` (`left_carry`, `date`, `from_id`, `user_id`) VALUES ('50', '2024-10-01 22:17:12', 'SBS5M8', 'JNGCQK');
INSERT INTO `matrix_filling` (`placement_id`, `downline_id`, `level`, `matrix`) VALUES ('QOHBYS', 'SBS5M8', 20, 1);
UPDATE `bv_updation` SET left_carry = left_carry+50, total_left = total_left+50
WHERE `user_id` = 'QOHBYS';
INSERT INTO `placement_bv_update_history` (`left_carry`, `date`, `from_id`, `user_id`) VALUES ('50', '2024-10-01 22:17:12', 'SBS5M8', 'QOHBYS');
INSERT INTO `matrix_filling` (`placement_id`, `downline_id`, `level`, `matrix`) VALUES ('LUAGN1', 'SBS5M8', 21, 1);
UPDATE `bv_updation` SET left_carry = left_carry+50, total_left = total_left+50
WHERE `user_id` = 'LUAGN1';
INSERT INTO `placement_bv_update_history` (`left_carry`, `date`, `from_id`, `user_id`) VALUES ('50', '2024-10-01 22:17:12', 'SBS5M8', 'LUAGN1');
UPDATE `bv_updation` SET sponsor_left_carry = sponsor_left_carry+50, sponsor_total_left = sponsor_total_left+50
WHERE `user_id` = 'LUAGN1';
INSERT INTO `sponsor_bv_update_history` (`left_carry`, `date`, `user_id`) VALUES ('50', '2024-10-01 22:17:12', 'LUAGN1');
INSERT INTO `matrix_filling` (`placement_id`, `downline_id`, `level`, `matrix`) VALUES ('6DEXJW', 'SBS5M8', 22, 1);
UPDATE `bv_updation` SET left_carry = left_carry+50, total_left = total_left+50
WHERE `user_id` = '6DEXJW';
INSERT INTO `placement_bv_update_history` (`left_carry`, `date`, `from_id`, `user_id`) VALUES ('50', '2024-10-01 22:17:12', 'SBS5M8', '6DEXJW');
INSERT INTO `matrix_filling` (`placement_id`, `downline_id`, `level`, `matrix`) VALUES ('DM1Y9N', 'SBS5M8', 23, 1);
UPDATE `bv_updation` SET right_carry = right_carry+50, total_right = total_right+50
WHERE `user_id` = 'DM1Y9N';
INSERT INTO `placement_bv_update_history` (`right_carry`, `date`, `from_id`, `user_id`) VALUES ('50', '2024-10-01 22:17:12', 'SBS5M8', 'DM1Y9N');
INSERT INTO `matrix_filling` (`placement_id`, `downline_id`, `level`, `matrix`) VALUES ('A9858P', 'SBS5M8', 24, 1);
UPDATE `bv_updation` SET left_carry = left_carry+50, total_left = total_left+50
WHERE `user_id` = 'A9858P';
INSERT INTO `placement_bv_update_history` (`left_carry`, `date`, `from_id`, `user_id`) VALUES ('50', '2024-10-01 22:17:12', 'SBS5M8', 'A9858P');
INSERT INTO `matrix_filling` (`placement_id`, `downline_id`, `level`, `matrix`) VALUES ('admin', 'SBS5M8', 25, 1);
UPDATE `bv_updation` SET right_carry = right_carry+50, total_right = total_right+50
WHERE `user_id` = 'admin';
INSERT INTO `placement_bv_update_history` (`right_carry`, `date`, `from_id`, `user_id`) VALUES ('50', '2024-10-01 22:17:12', 'SBS5M8', 'admin');
INSERT INTO `package_purchase_history` (`user_id`, `package_id`, `reg_fee`, `package_name`, `monthly_fee`, `type`, `date`, `payment_option`) VALUES ('SBS5M8', '2', '595', 'Traveler Pro', '150', 'sign_up', '2024-10-01 22:17:12', 'free');
UPDATE `user_registration` SET `uid` = '2611', `user_id` = '85EVIX', `username` = 'asuncion1', `sponsor_id` = 'WJR372', `vacant` = 'no', `f_name` = 'Asuncion', `l_name` = 'Gutierrez', `address` = '6520 Kendale Lakes Dr', `position` = 'right', `email` = 'asuncion1@gmail.com', `password` = 'c62c859c222895d65c5d17ad60b35710', `phone` = '3057610606', `country` = 'United States', `state` = 'Florida', `city` = 'Miami', `street` = '6520 Kendale Lakes Dr', `zip_code` = '33183', `reg_ip` = '172.70.54.135', `status` = 1, `package_id` = '2', `rank_id` = 1, `highest_rank` = 1, `cycle_rank_id` = 1, `created` = '2024-10-01 22:18:02', `subscription_date` = '2024-10-31', `google_secret` = 'C43VWVP4QI7UEE6Q'
WHERE `uid` = '2611';
INSERT INTO `user_registration` (`uid`, `user_id`, `username`, `sponsor_id`, `placement_id`, `vacant`, `f_name`, `l_name`, `address`, `position`, `email`, `password`, `phone`, `reg_ip`, `status`, `created`) VALUES (NULL, 'GIVZYY', 'eIZaQEdr', '85EVIX', '85EVIX', 'yes', '', '', '', 'left', '@mail.com', '', '', '', 0, '2024-10-01 22:18:02');
INSERT INTO `user_registration` (`uid`, `user_id`, `username`, `sponsor_id`, `placement_id`, `vacant`, `f_name`, `l_name`, `address`, `position`, `email`, `password`, `phone`, `reg_ip`, `status`, `created`) VALUES (NULL, 'FREPHB', 'GxtkUSop', '85EVIX', '85EVIX', 'yes', '', '', '', 'right', '@mail.com', '', '', '', 0, '2024-10-01 22:18:02');
INSERT INTO `bv_updation` (`user_id`) VALUES ('85EVIX');
UPDATE `user_registration` SET total_ref_count = total_ref_count+1
WHERE `user_id` = 'WJR372';
UPDATE `user_registration` SET total_downlines = total_downlines+1
WHERE `user_id` = 'I4HOSL';
UPDATE `user_registration` SET right_downlines = right_downlines+1
WHERE `user_id` = 'I4HOSL';
UPDATE `user_registration` SET total_downlines = total_downlines+1
WHERE `user_id` = '2SB7SO';
UPDATE `user_registration` SET right_downlines = right_downlines+1
WHERE `user_id` = '2SB7SO';
UPDATE `user_registration` SET total_downlines = total_downlines+1
WHERE `user_id` = '7UGPLB';
UPDATE `user_registration` SET right_downlines = right_downlines+1
WHERE `user_id` = '7UGPLB';
UPDATE `user_registration` SET total_downlines = total_downlines+1
WHERE `user_id` = 'G6LBV6';
UPDATE `user_registration` SET right_downlines = right_downlines+1
WHERE `user_id` = 'G6LBV6';
UPDATE `user_registration` SET total_downlines = total_downlines+1
WHERE `user_id` = '5VW2TV';
UPDATE `user_registration` SET right_downlines = right_downlines+1
WHERE `user_id` = '5VW2TV';
UPDATE `user_registration` SET total_downlines = total_downlines+1
WHERE `user_id` = '1CISMF';
UPDATE `user_registration` SET right_downlines = right_downlines+1
WHERE `user_id` = '1CISMF';
UPDATE `user_registration` SET total_downlines = total_downlines+1
WHERE `user_id` = 'WA5PMD';
UPDATE `user_registration` SET right_downlines = right_downlines+1
WHERE `user_id` = 'WA5PMD';
UPDATE `user_registration` SET total_downlines = total_downlines+1
WHERE `user_id` = 'WJR372';
UPDATE `user_registration` SET right_downlines = right_downlines+1
WHERE `user_id` = 'WJR372';
UPDATE `user_registration` SET right_ref_count = right_ref_count+1
WHERE `user_id` = 'WJR372';
UPDATE `user_registration` SET active_right = active_right+1
WHERE `user_id` = 'WJR372';
UPDATE `user_registration` SET total_downlines = total_downlines+1
WHERE `user_id` = 'YJ6OTD';
UPDATE `user_registration` SET left_downlines = left_downlines+1
WHERE `user_id` = 'YJ6OTD';
UPDATE `user_registration` SET total_downlines = total_downlines+1
WHERE `user_id` = 'F8WLAW';
UPDATE `user_registration` SET left_downlines = left_downlines+1
WHERE `user_id` = 'F8WLAW';
UPDATE `user_registration` SET total_downlines = total_downlines+1
WHERE `user_id` = '9H9OZM';
UPDATE `user_registration` SET left_downlines = left_downlines+1
WHERE `user_id` = '9H9OZM';
UPDATE `user_registration` SET total_downlines = total_downlines+1
WHERE `user_id` = 'DLP7GD';
UPDATE `user_registration` SET left_downlines = left_downlines+1
WHERE `user_id` = 'DLP7GD';
UPDATE `user_registration` SET total_downlines = total_downlines+1
WHERE `user_id` = 'VG9TO9';
UPDATE `user_registration` SET left_downlines = left_downlines+1
WHERE `user_id` = 'VG9TO9';
UPDATE `user_registration` SET total_downlines = total_downlines+1
WHERE `user_id` = 'L8R95F';
UPDATE `user_registration` SET left_downlines = left_downlines+1
WHERE `user_id` = 'L8R95F';
UPDATE `user_registration` SET total_downlines = total_downlines+1
WHERE `user_id` = 'Y9DPUD';
UPDATE `user_registration` SET left_downlines = left_downlines+1
WHERE `user_id` = 'Y9DPUD';
UPDATE `user_registration` SET total_downlines = total_downlines+1
WHERE `user_id` = '5H9TH3';
UPDATE `user_registration` SET left_downlines = left_downlines+1
WHERE `user_id` = '5H9TH3';
UPDATE `user_registration` SET total_downlines = total_downlines+1
WHERE `user_id` = 'MIT9KW';
UPDATE `user_registration` SET left_downlines = left_downlines+1
WHERE `user_id` = 'MIT9KW';
UPDATE `user_registration` SET total_downlines = total_downlines+1
WHERE `user_id` = 'IMUABZ';
UPDATE `user_registration` SET left_downlines = left_downlines+1
WHERE `user_id` = 'IMUABZ';
UPDATE `user_registration` SET total_downlines = total_downlines+1
WHERE `user_id` = 'G54QC4';
UPDATE `user_registration` SET left_downlines = left_downlines+1
WHERE `user_id` = 'G54QC4';
UPDATE `user_registration` SET total_downlines = total_downlines+1
WHERE `user_id` = '9JPZJL';
UPDATE `user_registration` SET left_downlines = left_downlines+1
WHERE `user_id` = '9JPZJL';
UPDATE `user_registration` SET total_downlines = total_downlines+1
WHERE `user_id` = 'E3PPZ3';
UPDATE `user_registration` SET left_downlines = left_downlines+1
WHERE `user_id` = 'E3PPZ3';
UPDATE `user_registration` SET total_downlines = total_downlines+1
WHERE `user_id` = '7RY1ZP';
UPDATE `user_registration` SET left_downlines = left_downlines+1
WHERE `user_id` = '7RY1ZP';
UPDATE `user_registration` SET total_downlines = total_downlines+1
WHERE `user_id` = 'ADZTOG';
UPDATE `user_registration` SET right_downlines = right_downlines+1
WHERE `user_id` = 'ADZTOG';
UPDATE `user_registration` SET total_downlines = total_downlines+1
WHERE `user_id` = 'A9858P';
UPDATE `user_registration` SET right_downlines = right_downlines+1
WHERE `user_id` = 'A9858P';
UPDATE `user_registration` SET total_downlines = total_downlines+1
WHERE `user_id` = 'admin';
UPDATE `user_registration` SET right_downlines = right_downlines+1
WHERE `user_id` = 'admin';
INSERT INTO `investment` (`invest_date`, `user_id`, `type`, `amount`, `package_id`) VALUES ('2024-10-01 22:18:02', '85EVIX', 'register', '595', '2');
INSERT INTO `earnings` (`user_id`, `Purchaser_id`, `earning_type`, `package_id`, `amount`, `date`, `comments`, `invest_amount`, `comm_perc`, `level`, `rank_id`, `order_id`) VALUES ('WJR372', '85EVIX', 'Direct Referral Bonus', '2', '100', '2024-10-01 22:18:02', 'Direct Referral Bonus', 0, 0, 1, '', 304);
UPDATE `user_registration` SET commission_balance = ROUND(commission_balance + 100,2)
WHERE `user_id` = 'WJR372';
UPDATE `user_registration` SET referral_bonus = ROUND(referral_bonus + 100,2)
WHERE `user_id` = 'WJR372';
INSERT INTO `earnings` (`user_id`, `Purchaser_id`, `earning_type`, `package_id`, `amount`, `date`, `comments`, `invest_amount`, `comm_perc`, `level`, `rank_id`, `order_id`) VALUES ('7RY1ZP', '85EVIX', 'Expansion Bonus', '2', 100, '2024-10-01 22:18:02', 'Expansion Bonus', '100', 0, 1, '', 304);
UPDATE `user_registration` SET commission_balance = ROUND(commission_balance + 100,2)
WHERE `user_id` = '7RY1ZP';
UPDATE `user_registration` SET expansion_bonus = ROUND(expansion_bonus + 100,2)
WHERE `user_id` = '7RY1ZP';
INSERT INTO `earnings` (`user_id`, `Purchaser_id`, `earning_type`, `package_id`, `amount`, `date`, `comments`, `invest_amount`, `comm_perc`, `level`, `rank_id`, `order_id`) VALUES ('A9858P', '85EVIX', 'Expansion Bonus', '2', 100, '2024-10-01 22:18:02', 'Expansion Bonus', 200, 0, 1, '', 304);
UPDATE `user_registration` SET commission_balance = ROUND(commission_balance + 100,2)
WHERE `user_id` = 'A9858P';
UPDATE `user_registration` SET expansion_bonus = ROUND(expansion_bonus + 100,2)
WHERE `user_id` = 'A9858P';
INSERT INTO `matrix_filling` (`placement_id`, `downline_id`, `level`, `matrix`) VALUES ('I4HOSL', '85EVIX', 1, 1);
UPDATE `bv_updation` SET right_carry = right_carry+50, total_right = total_right+50
WHERE `user_id` = 'I4HOSL';
INSERT INTO `placement_bv_update_history` (`right_carry`, `date`, `from_id`, `user_id`) VALUES ('50', '2024-10-01 22:18:02', '85EVIX', 'I4HOSL');
INSERT INTO `matrix_filling` (`placement_id`, `downline_id`, `level`, `matrix`) VALUES ('2SB7SO', '85EVIX', 2, 1);
UPDATE `bv_updation` SET right_carry = right_carry+50, total_right = total_right+50
WHERE `user_id` = '2SB7SO';
INSERT INTO `placement_bv_update_history` (`right_carry`, `date`, `from_id`, `user_id`) VALUES ('50', '2024-10-01 22:18:02', '85EVIX', '2SB7SO');
INSERT INTO `matrix_filling` (`placement_id`, `downline_id`, `level`, `matrix`) VALUES ('7UGPLB', '85EVIX', 3, 1);
UPDATE `bv_updation` SET right_carry = right_carry+50, total_right = total_right+50
WHERE `user_id` = '7UGPLB';
INSERT INTO `placement_bv_update_history` (`right_carry`, `date`, `from_id`, `user_id`) VALUES ('50', '2024-10-01 22:18:02', '85EVIX', '7UGPLB');
INSERT INTO `matrix_filling` (`placement_id`, `downline_id`, `level`, `matrix`) VALUES ('G6LBV6', '85EVIX', 4, 1);
UPDATE `bv_updation` SET right_carry = right_carry+50, total_right = total_right+50
WHERE `user_id` = 'G6LBV6';
INSERT INTO `placement_bv_update_history` (`right_carry`, `date`, `from_id`, `user_id`) VALUES ('50', '2024-10-01 22:18:02', '85EVIX', 'G6LBV6');
INSERT INTO `matrix_filling` (`placement_id`, `downline_id`, `level`, `matrix`) VALUES ('5VW2TV', '85EVIX', 5, 1);
UPDATE `bv_updation` SET right_carry = right_carry+50, total_right = total_right+50
WHERE `user_id` = '5VW2TV';
INSERT INTO `placement_bv_update_history` (`right_carry`, `date`, `from_id`, `user_id`) VALUES ('50', '2024-10-01 22:18:02', '85EVIX', '5VW2TV');
INSERT INTO `matrix_filling` (`placement_id`, `downline_id`, `level`, `matrix`) VALUES ('1CISMF', '85EVIX', 6, 1);
UPDATE `bv_updation` SET right_carry = right_carry+50, total_right = total_right+50
WHERE `user_id` = '1CISMF';
INSERT INTO `placement_bv_update_history` (`right_carry`, `date`, `from_id`, `user_id`) VALUES ('50', '2024-10-01 22:18:02', '85EVIX', '1CISMF');
INSERT INTO `matrix_filling` (`placement_id`, `downline_id`, `level`, `matrix`) VALUES ('WA5PMD', '85EVIX', 7, 1);
UPDATE `bv_updation` SET right_carry = right_carry+50, total_right = total_right+50
WHERE `user_id` = 'WA5PMD';
INSERT INTO `placement_bv_update_history` (`right_carry`, `date`, `from_id`, `user_id`) VALUES ('50', '2024-10-01 22:18:02', '85EVIX', 'WA5PMD');
INSERT INTO `matrix_filling` (`placement_id`, `downline_id`, `level`, `matrix`) VALUES ('WJR372', '85EVIX', 8, 1);
UPDATE `bv_updation` SET right_carry = right_carry+50, total_right = total_right+50
WHERE `user_id` = 'WJR372';
INSERT INTO `placement_bv_update_history` (`right_carry`, `date`, `from_id`, `user_id`) VALUES ('50', '2024-10-01 22:18:02', '85EVIX', 'WJR372');
UPDATE `bv_updation` SET sponsor_right_carry = sponsor_right_carry+50, sponsor_total_right = sponsor_total_right+50
WHERE `user_id` = 'WJR372';
INSERT INTO `sponsor_bv_update_history` (`right_carry`, `date`, `user_id`) VALUES ('50', '2024-10-01 22:18:02', 'WJR372');
INSERT INTO `matrix_filling` (`placement_id`, `downline_id`, `level`, `matrix`) VALUES ('YJ6OTD', '85EVIX', 9, 1);
UPDATE `bv_updation` SET left_carry = left_carry+50, total_left = total_left+50
WHERE `user_id` = 'YJ6OTD';
INSERT INTO `placement_bv_update_history` (`left_carry`, `date`, `from_id`, `user_id`) VALUES ('50', '2024-10-01 22:18:02', '85EVIX', 'YJ6OTD');
INSERT INTO `matrix_filling` (`placement_id`, `downline_id`, `level`, `matrix`) VALUES ('F8WLAW', '85EVIX', 10, 1);
UPDATE `bv_updation` SET left_carry = left_carry+50, total_left = total_left+50
WHERE `user_id` = 'F8WLAW';
INSERT INTO `placement_bv_update_history` (`left_carry`, `date`, `from_id`, `user_id`) VALUES ('50', '2024-10-01 22:18:02', '85EVIX', 'F8WLAW');
INSERT INTO `matrix_filling` (`placement_id`, `downline_id`, `level`, `matrix`) VALUES ('9H9OZM', '85EVIX', 11, 1);
UPDATE `bv_updation` SET left_carry = left_carry+50, total_left = total_left+50
WHERE `user_id` = '9H9OZM';
INSERT INTO `placement_bv_update_history` (`left_carry`, `date`, `from_id`, `user_id`) VALUES ('50', '2024-10-01 22:18:02', '85EVIX', '9H9OZM');
INSERT INTO `matrix_filling` (`placement_id`, `downline_id`, `level`, `matrix`) VALUES ('DLP7GD', '85EVIX', 12, 1);
UPDATE `bv_updation` SET left_carry = left_carry+50, total_left = total_left+50
WHERE `user_id` = 'DLP7GD';
INSERT INTO `placement_bv_update_history` (`left_carry`, `date`, `from_id`, `user_id`) VALUES ('50', '2024-10-01 22:18:02', '85EVIX', 'DLP7GD');
INSERT INTO `matrix_filling` (`placement_id`, `downline_id`, `level`, `matrix`) VALUES ('VG9TO9', '85EVIX', 13, 1);
UPDATE `bv_updation` SET left_carry = left_carry+50, total_left = total_left+50
WHERE `user_id` = 'VG9TO9';
INSERT INTO `placement_bv_update_history` (`left_carry`, `date`, `from_id`, `user_id`) VALUES ('50', '2024-10-01 22:18:02', '85EVIX', 'VG9TO9');
INSERT INTO `matrix_filling` (`placement_id`, `downline_id`, `level`, `matrix`) VALUES ('L8R95F', '85EVIX', 14, 1);
UPDATE `bv_updation` SET left_carry = left_carry+50, total_left = total_left+50
WHERE `user_id` = 'L8R95F';
INSERT INTO `placement_bv_update_history` (`left_carry`, `date`, `from_id`, `user_id`) VALUES ('50', '2024-10-01 22:18:02', '85EVIX', 'L8R95F');
INSERT INTO `matrix_filling` (`placement_id`, `downline_id`, `level`, `matrix`) VALUES ('Y9DPUD', '85EVIX', 15, 1);
UPDATE `bv_updation` SET left_carry = left_carry+50, total_left = total_left+50
WHERE `user_id` = 'Y9DPUD';
INSERT INTO `placement_bv_update_history` (`left_carry`, `date`, `from_id`, `user_id`) VALUES ('50', '2024-10-01 22:18:02', '85EVIX', 'Y9DPUD');
INSERT INTO `matrix_filling` (`placement_id`, `downline_id`, `level`, `matrix`) VALUES ('5H9TH3', '85EVIX', 16, 1);
UPDATE `bv_updation` SET left_carry = left_carry+50, total_left = total_left+50
WHERE `user_id` = '5H9TH3';
INSERT INTO `placement_bv_update_history` (`left_carry`, `date`, `from_id`, `user_id`) VALUES ('50', '2024-10-01 22:18:02', '85EVIX', '5H9TH3');
INSERT INTO `matrix_filling` (`placement_id`, `downline_id`, `level`, `matrix`) VALUES ('MIT9KW', '85EVIX', 17, 1);
UPDATE `bv_updation` SET left_carry = left_carry+50, total_left = total_left+50
WHERE `user_id` = 'MIT9KW';
INSERT INTO `placement_bv_update_history` (`left_carry`, `date`, `from_id`, `user_id`) VALUES ('50', '2024-10-01 22:18:02', '85EVIX', 'MIT9KW');
INSERT INTO `matrix_filling` (`placement_id`, `downline_id`, `level`, `matrix`) VALUES ('IMUABZ', '85EVIX', 18, 1);
UPDATE `bv_updation` SET left_carry = left_carry+50, total_left = total_left+50
WHERE `user_id` = 'IMUABZ';
INSERT INTO `placement_bv_update_history` (`left_carry`, `date`, `from_id`, `user_id`) VALUES ('50', '2024-10-01 22:18:02', '85EVIX', 'IMUABZ');
INSERT INTO `matrix_filling` (`placement_id`, `downline_id`, `level`, `matrix`) VALUES ('G54QC4', '85EVIX', 19, 1);
UPDATE `bv_updation` SET left_carry = left_carry+50, total_left = total_left+50
WHERE `user_id` = 'G54QC4';
INSERT INTO `placement_bv_update_history` (`left_carry`, `date`, `from_id`, `user_id`) VALUES ('50', '2024-10-01 22:18:02', '85EVIX', 'G54QC4');
INSERT INTO `matrix_filling` (`placement_id`, `downline_id`, `level`, `matrix`) VALUES ('9JPZJL', '85EVIX', 20, 1);
UPDATE `bv_updation` SET left_carry = left_carry+50, total_left = total_left+50
WHERE `user_id` = '9JPZJL';
INSERT INTO `placement_bv_update_history` (`left_carry`, `date`, `from_id`, `user_id`) VALUES ('50', '2024-10-01 22:18:02', '85EVIX', '9JPZJL');
INSERT INTO `matrix_filling` (`placement_id`, `downline_id`, `level`, `matrix`) VALUES ('E3PPZ3', '85EVIX', 21, 1);
UPDATE `bv_updation` SET left_carry = left_carry+50, total_left = total_left+50
WHERE `user_id` = 'E3PPZ3';
INSERT INTO `placement_bv_update_history` (`left_carry`, `date`, `from_id`, `user_id`) VALUES ('50', '2024-10-01 22:18:02', '85EVIX', 'E3PPZ3');
INSERT INTO `matrix_filling` (`placement_id`, `downline_id`, `level`, `matrix`) VALUES ('7RY1ZP', '85EVIX', 22, 1);
UPDATE `bv_updation` SET left_carry = left_carry+50, total_left = total_left+50
WHERE `user_id` = '7RY1ZP';
INSERT INTO `placement_bv_update_history` (`left_carry`, `date`, `from_id`, `user_id`) VALUES ('50', '2024-10-01 22:18:02', '85EVIX', '7RY1ZP');
INSERT INTO `matrix_filling` (`placement_id`, `downline_id`, `level`, `matrix`) VALUES ('ADZTOG', '85EVIX', 23, 1);
UPDATE `bv_updation` SET right_carry = right_carry+50, total_right = total_right+50
WHERE `user_id` = 'ADZTOG';
INSERT INTO `placement_bv_update_history` (`right_carry`, `date`, `from_id`, `user_id`) VALUES ('50', '2024-10-01 22:18:02', '85EVIX', 'ADZTOG');
INSERT INTO `matrix_filling` (`placement_id`, `downline_id`, `level`, `matrix`) VALUES ('A9858P', '85EVIX', 24, 1);
UPDATE `bv_updation` SET right_carry = right_carry+50, total_right = total_right+50
WHERE `user_id` = 'A9858P';
INSERT INTO `placement_bv_update_history` (`right_carry`, `date`, `from_id`, `user_id`) VALUES ('50', '2024-10-01 22:18:02', '85EVIX', 'A9858P');
INSERT INTO `matrix_filling` (`placement_id`, `downline_id`, `level`, `matrix`) VALUES ('admin', '85EVIX', 25, 1);
UPDATE `bv_updation` SET right_carry = right_carry+50, total_right = total_right+50
WHERE `user_id` = 'admin';
INSERT INTO `placement_bv_update_history` (`right_carry`, `date`, `from_id`, `user_id`) VALUES ('50', '2024-10-01 22:18:02', '85EVIX', 'admin');
INSERT INTO `package_purchase_history` (`user_id`, `package_id`, `reg_fee`, `package_name`, `monthly_fee`, `type`, `date`, `payment_option`) VALUES ('85EVIX', '2', '595', 'Traveler Pro', '150', 'sign_up', '2024-10-01 22:18:02', 'free');
UPDATE `ci_sessions` SET `timestamp` = 1727839102, `data` = '__ci_last_regenerate|i:1727839102;id|s:4:\"2184\";user_id|s:6:\"LUAGN1\";username|s:11:\"juancarlos1\";sponsor_id|s:6:\"6DEXJW\";fullname|s:17:\"Juan Carlos Perez\";email|s:21:\"juancarlos1@gmail.com\";phone|s:10:\"7862876762\";isLogIn|b:1;'
WHERE `id` = '4bfada4f50139ccdd8adf4e8979ecbb8e42cb15b';
UPDATE `user_registration` SET `uid` = '2609', `user_id` = 'V5XZBX', `username` = 'esteban1', `sponsor_id` = 'LUAGN1', `vacant` = 'no', `f_name` = 'Esteban', `l_name` = 'Perez', `address` = '8100 SW 14 Terr', `position` = 'right', `email` = 'esteban1@gmail.com', `password` = 'ff78b1ac3dfa79e5a0c39d15073c520b', `phone` = '7862876762', `country` = 'United States', `state` = 'Florida', `city` = 'Miami', `street` = '8100 SW 14 Terr', `zip_code` = '33144', `reg_ip` = '172.70.83.2', `status` = 1, `package_id` = '2', `rank_id` = 1, `highest_rank` = 1, `cycle_rank_id` = 1, `created` = '2024-10-01 22:18:23', `subscription_date` = '2024-10-31', `google_secret` = '3S3E4P6ZHOHMZ5JK'
WHERE `uid` = '2609';
INSERT INTO `user_registration` (`uid`, `user_id`, `username`, `sponsor_id`, `placement_id`, `vacant`, `f_name`, `l_name`, `address`, `position`, `email`, `password`, `phone`, `reg_ip`, `status`, `created`) VALUES (NULL, 'WBYJYE', 'DAvJwAqK', 'V5XZBX', 'V5XZBX', 'yes', '', '', '', 'left', '@mail.com', '', '', '', 0, '2024-10-01 22:18:23');
INSERT INTO `user_registration` (`uid`, `user_id`, `username`, `sponsor_id`, `placement_id`, `vacant`, `f_name`, `l_name`, `address`, `position`, `email`, `password`, `phone`, `reg_ip`, `status`, `created`) VALUES (NULL, 'RXKVRI', 'OHHZmQXW', 'V5XZBX', 'V5XZBX', 'yes', '', '', '', 'right', '@mail.com', '', '', '', 0, '2024-10-01 22:18:23');
INSERT INTO `bv_updation` (`user_id`) VALUES ('V5XZBX');
UPDATE `user_registration` SET total_ref_count = total_ref_count+1
WHERE `user_id` = 'LUAGN1';
UPDATE `user_registration` SET total_downlines = total_downlines+1
WHERE `user_id` = 'JNB7J5';
UPDATE `user_registration` SET right_downlines = right_downlines+1
WHERE `user_id` = 'JNB7J5';
UPDATE `user_registration` SET total_downlines = total_downlines+1
WHERE `user_id` = 'MDC3EC';
UPDATE `user_registration` SET right_downlines = right_downlines+1
WHERE `user_id` = 'MDC3EC';
UPDATE `user_registration` SET total_downlines = total_downlines+1
WHERE `user_id` = 'NEL8HC';
UPDATE `user_registration` SET right_downlines = right_downlines+1
WHERE `user_id` = 'NEL8HC';
UPDATE `user_registration` SET total_downlines = total_downlines+1
WHERE `user_id` = 'FTNCHD';
UPDATE `user_registration` SET right_downlines = right_downlines+1
WHERE `user_id` = 'FTNCHD';
UPDATE `user_registration` SET total_downlines = total_downlines+1
WHERE `user_id` = 'UC2PHS';
UPDATE `user_registration` SET right_downlines = right_downlines+1
WHERE `user_id` = 'UC2PHS';
UPDATE `user_registration` SET total_downlines = total_downlines+1
WHERE `user_id` = 'S6Y615';
UPDATE `user_registration` SET right_downlines = right_downlines+1
WHERE `user_id` = 'S6Y615';
UPDATE `user_registration` SET total_downlines = total_downlines+1
WHERE `user_id` = 'GZZ2NE';
UPDATE `user_registration` SET right_downlines = right_downlines+1
WHERE `user_id` = 'GZZ2NE';
UPDATE `user_registration` SET total_downlines = total_downlines+1
WHERE `user_id` = 'TBNWFI';
UPDATE `user_registration` SET right_downlines = right_downlines+1
WHERE `user_id` = 'TBNWFI';
UPDATE `user_registration` SET total_downlines = total_downlines+1
WHERE `user_id` = '2ZBFLF';
UPDATE `user_registration` SET right_downlines = right_downlines+1
WHERE `user_id` = '2ZBFLF';
UPDATE `user_registration` SET total_downlines = total_downlines+1
WHERE `user_id` = 'PWB9RY';
UPDATE `user_registration` SET right_downlines = right_downlines+1
WHERE `user_id` = 'PWB9RY';
UPDATE `user_registration` SET total_downlines = total_downlines+1
WHERE `user_id` = '7QWHHF';
UPDATE `user_registration` SET right_downlines = right_downlines+1
WHERE `user_id` = '7QWHHF';
UPDATE `user_registration` SET total_downlines = total_downlines+1
WHERE `user_id` = 'YTHSAV';
UPDATE `user_registration` SET right_downlines = right_downlines+1
WHERE `user_id` = 'YTHSAV';
UPDATE `user_registration` SET total_downlines = total_downlines+1
WHERE `user_id` = 'TV9UQH';
UPDATE `user_registration` SET right_downlines = right_downlines+1
WHERE `user_id` = 'TV9UQH';
UPDATE `user_registration` SET total_downlines = total_downlines+1
WHERE `user_id` = 'KZTY9T';
UPDATE `user_registration` SET right_downlines = right_downlines+1
WHERE `user_id` = 'KZTY9T';
UPDATE `user_registration` SET total_downlines = total_downlines+1
WHERE `user_id` = '2K9C1S';
UPDATE `user_registration` SET right_downlines = right_downlines+1
WHERE `user_id` = '2K9C1S';
UPDATE `user_registration` SET total_downlines = total_downlines+1
WHERE `user_id` = 'IPUSFA';
UPDATE `user_registration` SET right_downlines = right_downlines+1
WHERE `user_id` = 'IPUSFA';
UPDATE `user_registration` SET total_downlines = total_downlines+1
WHERE `user_id` = 'JSMVWA';
UPDATE `user_registration` SET right_downlines = right_downlines+1
WHERE `user_id` = 'JSMVWA';
UPDATE `user_registration` SET total_downlines = total_downlines+1
WHERE `user_id` = 'Y741WF';
UPDATE `user_registration` SET right_downlines = right_downlines+1
WHERE `user_id` = 'Y741WF';
UPDATE `user_registration` SET total_downlines = total_downlines+1
WHERE `user_id` = 'JLTMOH';
UPDATE `user_registration` SET right_downlines = right_downlines+1
WHERE `user_id` = 'JLTMOH';
UPDATE `user_registration` SET total_downlines = total_downlines+1
WHERE `user_id` = 'NS15G5';
UPDATE `user_registration` SET right_downlines = right_downlines+1
WHERE `user_id` = 'NS15G5';
UPDATE `user_registration` SET total_downlines = total_downlines+1
WHERE `user_id` = 'YU8PLO';
UPDATE `user_registration` SET right_downlines = right_downlines+1
WHERE `user_id` = 'YU8PLO';
UPDATE `user_registration` SET total_downlines = total_downlines+1
WHERE `user_id` = 'LUAGN1';
UPDATE `user_registration` SET right_downlines = right_downlines+1
WHERE `user_id` = 'LUAGN1';
UPDATE `user_registration` SET right_ref_count = right_ref_count+1
WHERE `user_id` = 'LUAGN1';
UPDATE `user_registration` SET active_right = active_right+1
WHERE `user_id` = 'LUAGN1';
UPDATE `user_registration` SET total_downlines = total_downlines+1
WHERE `user_id` = '6DEXJW';
UPDATE `user_registration` SET left_downlines = left_downlines+1
WHERE `user_id` = '6DEXJW';
UPDATE `user_registration` SET total_downlines = total_downlines+1
WHERE `user_id` = 'DM1Y9N';
UPDATE `user_registration` SET right_downlines = right_downlines+1
WHERE `user_id` = 'DM1Y9N';
UPDATE `user_registration` SET total_downlines = total_downlines+1
WHERE `user_id` = 'A9858P';
UPDATE `user_registration` SET left_downlines = left_downlines+1
WHERE `user_id` = 'A9858P';
UPDATE `user_registration` SET total_downlines = total_downlines+1
WHERE `user_id` = 'admin';
UPDATE `user_registration` SET right_downlines = right_downlines+1
WHERE `user_id` = 'admin';
INSERT INTO `investment` (`invest_date`, `user_id`, `type`, `amount`, `package_id`) VALUES ('2024-10-01 22:18:23', 'V5XZBX', 'register', '595', '2');
INSERT INTO `earnings` (`user_id`, `Purchaser_id`, `earning_type`, `package_id`, `amount`, `date`, `comments`, `invest_amount`, `comm_perc`, `level`, `rank_id`, `order_id`) VALUES ('LUAGN1', 'V5XZBX', 'Direct Referral Bonus', '2', '100', '2024-10-01 22:18:23', 'Direct Referral Bonus', 0, 0, 1, '', 305);
UPDATE `user_registration` SET commission_balance = ROUND(commission_balance + 100,2)
WHERE `user_id` = 'LUAGN1';
UPDATE `user_registration` SET referral_bonus = ROUND(referral_bonus + 100,2)
WHERE `user_id` = 'LUAGN1';
INSERT INTO `earnings` (`user_id`, `Purchaser_id`, `earning_type`, `package_id`, `amount`, `date`, `comments`, `invest_amount`, `comm_perc`, `level`, `rank_id`, `order_id`) VALUES ('DM1Y9N', 'V5XZBX', 'Expansion Bonus', '2', 100, '2024-10-01 22:18:23', 'Expansion Bonus', '100', 0, 1, '', 305);
UPDATE `user_registration` SET commission_balance = ROUND(commission_balance + 100,2)
WHERE `user_id` = 'DM1Y9N';
UPDATE `user_registration` SET expansion_bonus = ROUND(expansion_bonus + 100,2)
WHERE `user_id` = 'DM1Y9N';
INSERT INTO `earnings` (`user_id`, `Purchaser_id`, `earning_type`, `package_id`, `amount`, `date`, `comments`, `invest_amount`, `comm_perc`, `level`, `rank_id`, `order_id`) VALUES ('A9858P', 'V5XZBX', 'Expansion Bonus', '2', 100, '2024-10-01 22:18:23', 'Expansion Bonus', 200, 0, 1, '', 305);
UPDATE `user_registration` SET commission_balance = ROUND(commission_balance + 100,2)
WHERE `user_id` = 'A9858P';
UPDATE `user_registration` SET expansion_bonus = ROUND(expansion_bonus + 100,2)
WHERE `user_id` = 'A9858P';
INSERT INTO `matrix_filling` (`placement_id`, `downline_id`, `level`, `matrix`) VALUES ('JNB7J5', 'V5XZBX', 1, 1);
UPDATE `bv_updation` SET right_carry = right_carry+50, total_right = total_right+50
WHERE `user_id` = 'JNB7J5';
INSERT INTO `placement_bv_update_history` (`right_carry`, `date`, `from_id`, `user_id`) VALUES ('50', '2024-10-01 22:18:23', 'V5XZBX', 'JNB7J5');
INSERT INTO `matrix_filling` (`placement_id`, `downline_id`, `level`, `matrix`) VALUES ('MDC3EC', 'V5XZBX', 2, 1);
UPDATE `bv_updation` SET right_carry = right_carry+50, total_right = total_right+50
WHERE `user_id` = 'MDC3EC';
INSERT INTO `placement_bv_update_history` (`right_carry`, `date`, `from_id`, `user_id`) VALUES ('50', '2024-10-01 22:18:23', 'V5XZBX', 'MDC3EC');
INSERT INTO `matrix_filling` (`placement_id`, `downline_id`, `level`, `matrix`) VALUES ('NEL8HC', 'V5XZBX', 3, 1);
UPDATE `bv_updation` SET right_carry = right_carry+50, total_right = total_right+50
WHERE `user_id` = 'NEL8HC';
INSERT INTO `placement_bv_update_history` (`right_carry`, `date`, `from_id`, `user_id`) VALUES ('50', '2024-10-01 22:18:23', 'V5XZBX', 'NEL8HC');
INSERT INTO `matrix_filling` (`placement_id`, `downline_id`, `level`, `matrix`) VALUES ('FTNCHD', 'V5XZBX', 4, 1);
UPDATE `bv_updation` SET right_carry = right_carry+50, total_right = total_right+50
WHERE `user_id` = 'FTNCHD';
INSERT INTO `placement_bv_update_history` (`right_carry`, `date`, `from_id`, `user_id`) VALUES ('50', '2024-10-01 22:18:23', 'V5XZBX', 'FTNCHD');
INSERT INTO `matrix_filling` (`placement_id`, `downline_id`, `level`, `matrix`) VALUES ('UC2PHS', 'V5XZBX', 5, 1);
UPDATE `bv_updation` SET right_carry = right_carry+50, total_right = total_right+50
WHERE `user_id` = 'UC2PHS';
INSERT INTO `placement_bv_update_history` (`right_carry`, `date`, `from_id`, `user_id`) VALUES ('50', '2024-10-01 22:18:23', 'V5XZBX', 'UC2PHS');
INSERT INTO `matrix_filling` (`placement_id`, `downline_id`, `level`, `matrix`) VALUES ('S6Y615', 'V5XZBX', 6, 1);
UPDATE `bv_updation` SET right_carry = right_carry+50, total_right = total_right+50
WHERE `user_id` = 'S6Y615';
INSERT INTO `placement_bv_update_history` (`right_carry`, `date`, `from_id`, `user_id`) VALUES ('50', '2024-10-01 22:18:23', 'V5XZBX', 'S6Y615');
INSERT INTO `matrix_filling` (`placement_id`, `downline_id`, `level`, `matrix`) VALUES ('GZZ2NE', 'V5XZBX', 7, 1);
UPDATE `bv_updation` SET right_carry = right_carry+50, total_right = total_right+50
WHERE `user_id` = 'GZZ2NE';
INSERT INTO `placement_bv_update_history` (`right_carry`, `date`, `from_id`, `user_id`) VALUES ('50', '2024-10-01 22:18:23', 'V5XZBX', 'GZZ2NE');
INSERT INTO `matrix_filling` (`placement_id`, `downline_id`, `level`, `matrix`) VALUES ('TBNWFI', 'V5XZBX', 8, 1);
UPDATE `bv_updation` SET right_carry = right_carry+50, total_right = total_right+50
WHERE `user_id` = 'TBNWFI';
INSERT INTO `placement_bv_update_history` (`right_carry`, `date`, `from_id`, `user_id`) VALUES ('50', '2024-10-01 22:18:23', 'V5XZBX', 'TBNWFI');
INSERT INTO `matrix_filling` (`placement_id`, `downline_id`, `level`, `matrix`) VALUES ('2ZBFLF', 'V5XZBX', 9, 1);
UPDATE `bv_updation` SET right_carry = right_carry+50, total_right = total_right+50
WHERE `user_id` = '2ZBFLF';
INSERT INTO `placement_bv_update_history` (`right_carry`, `date`, `from_id`, `user_id`) VALUES ('50', '2024-10-01 22:18:23', 'V5XZBX', '2ZBFLF');
INSERT INTO `matrix_filling` (`placement_id`, `downline_id`, `level`, `matrix`) VALUES ('PWB9RY', 'V5XZBX', 10, 1);
UPDATE `bv_updation` SET right_carry = right_carry+50, total_right = total_right+50
WHERE `user_id` = 'PWB9RY';
INSERT INTO `placement_bv_update_history` (`right_carry`, `date`, `from_id`, `user_id`) VALUES ('50', '2024-10-01 22:18:23', 'V5XZBX', 'PWB9RY');
INSERT INTO `matrix_filling` (`placement_id`, `downline_id`, `level`, `matrix`) VALUES ('7QWHHF', 'V5XZBX', 11, 1);
UPDATE `bv_updation` SET right_carry = right_carry+50, total_right = total_right+50
WHERE `user_id` = '7QWHHF';
INSERT INTO `placement_bv_update_history` (`right_carry`, `date`, `from_id`, `user_id`) VALUES ('50', '2024-10-01 22:18:23', 'V5XZBX', '7QWHHF');
INSERT INTO `matrix_filling` (`placement_id`, `downline_id`, `level`, `matrix`) VALUES ('YTHSAV', 'V5XZBX', 12, 1);
UPDATE `bv_updation` SET right_carry = right_carry+50, total_right = total_right+50
WHERE `user_id` = 'YTHSAV';
INSERT INTO `placement_bv_update_history` (`right_carry`, `date`, `from_id`, `user_id`) VALUES ('50', '2024-10-01 22:18:23', 'V5XZBX', 'YTHSAV');
INSERT INTO `matrix_filling` (`placement_id`, `downline_id`, `level`, `matrix`) VALUES ('TV9UQH', 'V5XZBX', 13, 1);
UPDATE `bv_updation` SET right_carry = right_carry+50, total_right = total_right+50
WHERE `user_id` = 'TV9UQH';
INSERT INTO `placement_bv_update_history` (`right_carry`, `date`, `from_id`, `user_id`) VALUES ('50', '2024-10-01 22:18:23', 'V5XZBX', 'TV9UQH');
INSERT INTO `matrix_filling` (`placement_id`, `downline_id`, `level`, `matrix`) VALUES ('KZTY9T', 'V5XZBX', 14, 1);
UPDATE `bv_updation` SET right_carry = right_carry+50, total_right = total_right+50
WHERE `user_id` = 'KZTY9T';
INSERT INTO `placement_bv_update_history` (`right_carry`, `date`, `from_id`, `user_id`) VALUES ('50', '2024-10-01 22:18:23', 'V5XZBX', 'KZTY9T');
INSERT INTO `matrix_filling` (`placement_id`, `downline_id`, `level`, `matrix`) VALUES ('2K9C1S', 'V5XZBX', 15, 1);
UPDATE `bv_updation` SET right_carry = right_carry+50, total_right = total_right+50
WHERE `user_id` = '2K9C1S';
INSERT INTO `placement_bv_update_history` (`right_carry`, `date`, `from_id`, `user_id`) VALUES ('50', '2024-10-01 22:18:23', 'V5XZBX', '2K9C1S');
INSERT INTO `matrix_filling` (`placement_id`, `downline_id`, `level`, `matrix`) VALUES ('IPUSFA', 'V5XZBX', 16, 1);
UPDATE `bv_updation` SET right_carry = right_carry+50, total_right = total_right+50
WHERE `user_id` = 'IPUSFA';
INSERT INTO `placement_bv_update_history` (`right_carry`, `date`, `from_id`, `user_id`) VALUES ('50', '2024-10-01 22:18:23', 'V5XZBX', 'IPUSFA');
INSERT INTO `matrix_filling` (`placement_id`, `downline_id`, `level`, `matrix`) VALUES ('JSMVWA', 'V5XZBX', 17, 1);
UPDATE `bv_updation` SET right_carry = right_carry+50, total_right = total_right+50
WHERE `user_id` = 'JSMVWA';
INSERT INTO `placement_bv_update_history` (`right_carry`, `date`, `from_id`, `user_id`) VALUES ('50', '2024-10-01 22:18:23', 'V5XZBX', 'JSMVWA');
INSERT INTO `matrix_filling` (`placement_id`, `downline_id`, `level`, `matrix`) VALUES ('Y741WF', 'V5XZBX', 18, 1);
UPDATE `bv_updation` SET right_carry = right_carry+50, total_right = total_right+50
WHERE `user_id` = 'Y741WF';
INSERT INTO `placement_bv_update_history` (`right_carry`, `date`, `from_id`, `user_id`) VALUES ('50', '2024-10-01 22:18:23', 'V5XZBX', 'Y741WF');
INSERT INTO `matrix_filling` (`placement_id`, `downline_id`, `level`, `matrix`) VALUES ('JLTMOH', 'V5XZBX', 19, 1);
UPDATE `bv_updation` SET right_carry = right_carry+50, total_right = total_right+50
WHERE `user_id` = 'JLTMOH';
INSERT INTO `placement_bv_update_history` (`right_carry`, `date`, `from_id`, `user_id`) VALUES ('50', '2024-10-01 22:18:23', 'V5XZBX', 'JLTMOH');
INSERT INTO `matrix_filling` (`placement_id`, `downline_id`, `level`, `matrix`) VALUES ('NS15G5', 'V5XZBX', 20, 1);
UPDATE `bv_updation` SET right_carry = right_carry+50, total_right = total_right+50
WHERE `user_id` = 'NS15G5';
INSERT INTO `placement_bv_update_history` (`right_carry`, `date`, `from_id`, `user_id`) VALUES ('50', '2024-10-01 22:18:23', 'V5XZBX', 'NS15G5');
INSERT INTO `matrix_filling` (`placement_id`, `downline_id`, `level`, `matrix`) VALUES ('YU8PLO', 'V5XZBX', 21, 1);
UPDATE `bv_updation` SET right_carry = right_carry+50, total_right = total_right+50
WHERE `user_id` = 'YU8PLO';
INSERT INTO `placement_bv_update_history` (`right_carry`, `date`, `from_id`, `user_id`) VALUES ('50', '2024-10-01 22:18:23', 'V5XZBX', 'YU8PLO');
INSERT INTO `matrix_filling` (`placement_id`, `downline_id`, `level`, `matrix`) VALUES ('LUAGN1', 'V5XZBX', 22, 1);
UPDATE `bv_updation` SET right_carry = right_carry+50, total_right = total_right+50
WHERE `user_id` = 'LUAGN1';
INSERT INTO `placement_bv_update_history` (`right_carry`, `date`, `from_id`, `user_id`) VALUES ('50', '2024-10-01 22:18:23', 'V5XZBX', 'LUAGN1');
UPDATE `bv_updation` SET sponsor_right_carry = sponsor_right_carry+50, sponsor_total_right = sponsor_total_right+50
WHERE `user_id` = 'LUAGN1';
INSERT INTO `sponsor_bv_update_history` (`right_carry`, `date`, `user_id`) VALUES ('50', '2024-10-01 22:18:23', 'LUAGN1');
INSERT INTO `matrix_filling` (`placement_id`, `downline_id`, `level`, `matrix`) VALUES ('6DEXJW', 'V5XZBX', 23, 1);
UPDATE `bv_updation` SET left_carry = left_carry+50, total_left = total_left+50
WHERE `user_id` = '6DEXJW';
INSERT INTO `placement_bv_update_history` (`left_carry`, `date`, `from_id`, `user_id`) VALUES ('50', '2024-10-01 22:18:23', 'V5XZBX', '6DEXJW');
INSERT INTO `matrix_filling` (`placement_id`, `downline_id`, `level`, `matrix`) VALUES ('DM1Y9N', 'V5XZBX', 24, 1);
UPDATE `bv_updation` SET right_carry = right_carry+50, total_right = total_right+50
WHERE `user_id` = 'DM1Y9N';
INSERT INTO `placement_bv_update_history` (`right_carry`, `date`, `from_id`, `user_id`) VALUES ('50', '2024-10-01 22:18:23', 'V5XZBX', 'DM1Y9N');
INSERT INTO `matrix_filling` (`placement_id`, `downline_id`, `level`, `matrix`) VALUES ('A9858P', 'V5XZBX', 25, 1);
UPDATE `bv_updation` SET left_carry = left_carry+50, total_left = total_left+50
WHERE `user_id` = 'A9858P';
INSERT INTO `placement_bv_update_history` (`left_carry`, `date`, `from_id`, `user_id`) VALUES ('50', '2024-10-01 22:18:23', 'V5XZBX', 'A9858P');
INSERT INTO `matrix_filling` (`placement_id`, `downline_id`, `level`, `matrix`) VALUES ('admin', 'V5XZBX', 26, 1);
UPDATE `bv_updation` SET right_carry = right_carry+50, total_right = total_right+50
WHERE `user_id` = 'admin';
INSERT INTO `placement_bv_update_history` (`right_carry`, `date`, `from_id`, `user_id`) VALUES ('50', '2024-10-01 22:18:23', 'V5XZBX', 'admin');
INSERT INTO `package_purchase_history` (`user_id`, `package_id`, `reg_fee`, `package_name`, `monthly_fee`, `type`, `date`, `payment_option`) VALUES ('V5XZBX', '2', '595', 'Traveler Pro', '150', 'sign_up', '2024-10-01 22:18:23', 'free');
UPDATE `user_registration` SET `uid` = '2612', `user_id` = '14851N', `username` = 'liana1', `sponsor_id` = 'LUAGN1', `vacant` = 'no', `f_name` = 'Liana', `l_name` = 'Perez', `address` = '8100 SW 14 Terr', `position` = 'left', `email` = 'liana1@gmail.com', `password` = 'c8deb292c07216994eea1fb115da822e', `phone` = '7862876762', `country` = 'United States', `state` = 'Florida', `city` = 'Miami', `street` = '8100 SW 14 Terr', `zip_code` = '33144', `reg_ip` = '172.70.83.106', `status` = 1, `package_id` = '2', `rank_id` = 1, `highest_rank` = 1, `cycle_rank_id` = 1, `created` = '2024-10-01 22:19:13', `subscription_date` = '2024-10-31', `google_secret` = 'G5A5DUQLLATCPUJU'
WHERE `uid` = '2612';
INSERT INTO `user_registration` (`uid`, `user_id`, `username`, `sponsor_id`, `placement_id`, `vacant`, `f_name`, `l_name`, `address`, `position`, `email`, `password`, `phone`, `reg_ip`, `status`, `created`) VALUES (NULL, 'FDOKUA', 'SgwqxXaW', '14851N', '14851N', 'yes', '', '', '', 'left', '@mail.com', '', '', '', 0, '2024-10-01 22:19:13');
INSERT INTO `user_registration` (`uid`, `user_id`, `username`, `sponsor_id`, `placement_id`, `vacant`, `f_name`, `l_name`, `address`, `position`, `email`, `password`, `phone`, `reg_ip`, `status`, `created`) VALUES (NULL, 'OLXCGR', 'ADxiJcOz', '14851N', '14851N', 'yes', '', '', '', 'right', '@mail.com', '', '', '', 0, '2024-10-01 22:19:13');
INSERT INTO `bv_updation` (`user_id`) VALUES ('14851N');
UPDATE `user_registration` SET total_ref_count = total_ref_count+1
WHERE `user_id` = 'LUAGN1';
UPDATE `user_registration` SET total_downlines = total_downlines+1
WHERE `user_id` = 'SBS5M8';
UPDATE `user_registration` SET left_downlines = left_downlines+1
WHERE `user_id` = 'SBS5M8';
UPDATE `user_registration` SET total_downlines = total_downlines+1
WHERE `user_id` = '68OEJ2';
UPDATE `user_registration` SET left_downlines = left_downlines+1
WHERE `user_id` = '68OEJ2';
UPDATE `user_registration` SET total_downlines = total_downlines+1
WHERE `user_id` = 'O7LORQ';
UPDATE `user_registration` SET left_downlines = left_downlines+1
WHERE `user_id` = 'O7LORQ';
UPDATE `user_registration` SET total_downlines = total_downlines+1
WHERE `user_id` = '9QYFCD';
UPDATE `user_registration` SET left_downlines = left_downlines+1
WHERE `user_id` = '9QYFCD';
UPDATE `user_registration` SET total_downlines = total_downlines+1
WHERE `user_id` = 'BXC9X6';
UPDATE `user_registration` SET left_downlines = left_downlines+1
WHERE `user_id` = 'BXC9X6';
UPDATE `user_registration` SET total_downlines = total_downlines+1
WHERE `user_id` = '74J5T9';
UPDATE `user_registration` SET left_downlines = left_downlines+1
WHERE `user_id` = '74J5T9';
UPDATE `user_registration` SET total_downlines = total_downlines+1
WHERE `user_id` = 'NV94W7';
UPDATE `user_registration` SET left_downlines = left_downlines+1
WHERE `user_id` = 'NV94W7';
UPDATE `user_registration` SET total_downlines = total_downlines+1
WHERE `user_id` = 'IXQT61';
UPDATE `user_registration` SET left_downlines = left_downlines+1
WHERE `user_id` = 'IXQT61';
UPDATE `user_registration` SET total_downlines = total_downlines+1
WHERE `user_id` = '8EOSVJ';
UPDATE `user_registration` SET left_downlines = left_downlines+1
WHERE `user_id` = '8EOSVJ';
UPDATE `user_registration` SET total_downlines = total_downlines+1
WHERE `user_id` = 'SJ2DF6';
UPDATE `user_registration` SET left_downlines = left_downlines+1
WHERE `user_id` = 'SJ2DF6';
UPDATE `user_registration` SET total_downlines = total_downlines+1
WHERE `user_id` = '2YSBSS';
UPDATE `user_registration` SET left_downlines = left_downlines+1
WHERE `user_id` = '2YSBSS';
UPDATE `user_registration` SET total_downlines = total_downlines+1
WHERE `user_id` = 'D2WRVN';
UPDATE `user_registration` SET left_downlines = left_downlines+1
WHERE `user_id` = 'D2WRVN';
UPDATE `user_registration` SET total_downlines = total_downlines+1
WHERE `user_id` = 'O3WR96';
UPDATE `user_registration` SET left_downlines = left_downlines+1
WHERE `user_id` = 'O3WR96';
UPDATE `user_registration` SET total_downlines = total_downlines+1
WHERE `user_id` = 'II7NUG';
UPDATE `user_registration` SET left_downlines = left_downlines+1
WHERE `user_id` = 'II7NUG';
UPDATE `user_registration` SET total_downlines = total_downlines+1
WHERE `user_id` = 'TI92GO';
UPDATE `user_registration` SET left_downlines = left_downlines+1
WHERE `user_id` = 'TI92GO';
UPDATE `user_registration` SET total_downlines = total_downlines+1
WHERE `user_id` = 'HOMSKN';
UPDATE `user_registration` SET left_downlines = left_downlines+1
WHERE `user_id` = 'HOMSKN';
UPDATE `user_registration` SET total_downlines = total_downlines+1
WHERE `user_id` = 'WQFROY';
UPDATE `user_registration` SET left_downlines = left_downlines+1
WHERE `user_id` = 'WQFROY';
UPDATE `user_registration` SET total_downlines = total_downlines+1
WHERE `user_id` = 'S8TPST';
UPDATE `user_registration` SET left_downlines = left_downlines+1
WHERE `user_id` = 'S8TPST';
UPDATE `user_registration` SET total_downlines = total_downlines+1
WHERE `user_id` = 'BD2LIM';
UPDATE `user_registration` SET left_downlines = left_downlines+1
WHERE `user_id` = 'BD2LIM';
UPDATE `user_registration` SET total_downlines = total_downlines+1
WHERE `user_id` = 'JNGCQK';
UPDATE `user_registration` SET left_downlines = left_downlines+1
WHERE `user_id` = 'JNGCQK';
UPDATE `user_registration` SET total_downlines = total_downlines+1
WHERE `user_id` = 'QOHBYS';
UPDATE `user_registration` SET left_downlines = left_downlines+1
WHERE `user_id` = 'QOHBYS';
UPDATE `user_registration` SET total_downlines = total_downlines+1
WHERE `user_id` = 'LUAGN1';
UPDATE `user_registration` SET left_downlines = left_downlines+1
WHERE `user_id` = 'LUAGN1';
UPDATE `user_registration` SET left_ref_count = left_ref_count+1
WHERE `user_id` = 'LUAGN1';
UPDATE `user_registration` SET active_left = active_left+1
WHERE `user_id` = 'LUAGN1';
UPDATE `user_registration` SET total_downlines = total_downlines+1
WHERE `user_id` = '6DEXJW';
UPDATE `user_registration` SET left_downlines = left_downlines+1
WHERE `user_id` = '6DEXJW';
UPDATE `user_registration` SET total_downlines = total_downlines+1
WHERE `user_id` = 'DM1Y9N';
UPDATE `user_registration` SET right_downlines = right_downlines+1
WHERE `user_id` = 'DM1Y9N';
UPDATE `user_registration` SET total_downlines = total_downlines+1
WHERE `user_id` = 'A9858P';
UPDATE `user_registration` SET left_downlines = left_downlines+1
WHERE `user_id` = 'A9858P';
UPDATE `user_registration` SET total_downlines = total_downlines+1
WHERE `user_id` = 'admin';
UPDATE `user_registration` SET right_downlines = right_downlines+1
WHERE `user_id` = 'admin';
INSERT INTO `investment` (`invest_date`, `user_id`, `type`, `amount`, `package_id`) VALUES ('2024-10-01 22:19:13', '14851N', 'register', '595', '2');
INSERT INTO `earnings` (`user_id`, `Purchaser_id`, `earning_type`, `package_id`, `amount`, `date`, `comments`, `invest_amount`, `comm_perc`, `level`, `rank_id`, `order_id`) VALUES ('LUAGN1', '14851N', 'Direct Referral Bonus', '2', '100', '2024-10-01 22:19:13', 'Direct Referral Bonus', 0, 0, 1, '', 306);
UPDATE `user_registration` SET commission_balance = ROUND(commission_balance + 100,2)
WHERE `user_id` = 'LUAGN1';
UPDATE `user_registration` SET referral_bonus = ROUND(referral_bonus + 100,2)
WHERE `user_id` = 'LUAGN1';
INSERT INTO `earnings` (`user_id`, `Purchaser_id`, `earning_type`, `package_id`, `amount`, `date`, `comments`, `invest_amount`, `comm_perc`, `level`, `rank_id`, `order_id`) VALUES ('DM1Y9N', '14851N', 'Expansion Bonus', '2', 100, '2024-10-01 22:19:13', 'Expansion Bonus', '100', 0, 1, '', 306);
UPDATE `user_registration` SET commission_balance = ROUND(commission_balance + 100,2)
WHERE `user_id` = 'DM1Y9N';
UPDATE `user_registration` SET expansion_bonus = ROUND(expansion_bonus + 100,2)
WHERE `user_id` = 'DM1Y9N';
INSERT INTO `earnings` (`user_id`, `Purchaser_id`, `earning_type`, `package_id`, `amount`, `date`, `comments`, `invest_amount`, `comm_perc`, `level`, `rank_id`, `order_id`) VALUES ('A9858P', '14851N', 'Expansion Bonus', '2', 100, '2024-10-01 22:19:13', 'Expansion Bonus', 200, 0, 1, '', 306);
UPDATE `user_registration` SET commission_balance = ROUND(commission_balance + 100,2)
WHERE `user_id` = 'A9858P';
UPDATE `user_registration` SET expansion_bonus = ROUND(expansion_bonus + 100,2)
WHERE `user_id` = 'A9858P';
INSERT INTO `matrix_filling` (`placement_id`, `downline_id`, `level`, `matrix`) VALUES ('SBS5M8', '14851N', 1, 1);
UPDATE `bv_updation` SET left_carry = left_carry+50, total_left = total_left+50
WHERE `user_id` = 'SBS5M8';
INSERT INTO `placement_bv_update_history` (`left_carry`, `date`, `from_id`, `user_id`) VALUES ('50', '2024-10-01 22:19:14', '14851N', 'SBS5M8');
INSERT INTO `matrix_filling` (`placement_id`, `downline_id`, `level`, `matrix`) VALUES ('68OEJ2', '14851N', 2, 1);
UPDATE `bv_updation` SET left_carry = left_carry+50, total_left = total_left+50
WHERE `user_id` = '68OEJ2';
INSERT INTO `placement_bv_update_history` (`left_carry`, `date`, `from_id`, `user_id`) VALUES ('50', '2024-10-01 22:19:14', '14851N', '68OEJ2');
INSERT INTO `matrix_filling` (`placement_id`, `downline_id`, `level`, `matrix`) VALUES ('O7LORQ', '14851N', 3, 1);
UPDATE `bv_updation` SET left_carry = left_carry+50, total_left = total_left+50
WHERE `user_id` = 'O7LORQ';
INSERT INTO `placement_bv_update_history` (`left_carry`, `date`, `from_id`, `user_id`) VALUES ('50', '2024-10-01 22:19:14', '14851N', 'O7LORQ');
INSERT INTO `matrix_filling` (`placement_id`, `downline_id`, `level`, `matrix`) VALUES ('9QYFCD', '14851N', 4, 1);
UPDATE `bv_updation` SET left_carry = left_carry+50, total_left = total_left+50
WHERE `user_id` = '9QYFCD';
INSERT INTO `placement_bv_update_history` (`left_carry`, `date`, `from_id`, `user_id`) VALUES ('50', '2024-10-01 22:19:14', '14851N', '9QYFCD');
INSERT INTO `matrix_filling` (`placement_id`, `downline_id`, `level`, `matrix`) VALUES ('BXC9X6', '14851N', 5, 1);
UPDATE `bv_updation` SET left_carry = left_carry+50, total_left = total_left+50
WHERE `user_id` = 'BXC9X6';
INSERT INTO `placement_bv_update_history` (`left_carry`, `date`, `from_id`, `user_id`) VALUES ('50', '2024-10-01 22:19:14', '14851N', 'BXC9X6');
INSERT INTO `matrix_filling` (`placement_id`, `downline_id`, `level`, `matrix`) VALUES ('74J5T9', '14851N', 6, 1);
UPDATE `bv_updation` SET left_carry = left_carry+50, total_left = total_left+50
WHERE `user_id` = '74J5T9';
INSERT INTO `placement_bv_update_history` (`left_carry`, `date`, `from_id`, `user_id`) VALUES ('50', '2024-10-01 22:19:14', '14851N', '74J5T9');
INSERT INTO `matrix_filling` (`placement_id`, `downline_id`, `level`, `matrix`) VALUES ('NV94W7', '14851N', 7, 1);
UPDATE `bv_updation` SET left_carry = left_carry+50, total_left = total_left+50
WHERE `user_id` = 'NV94W7';
INSERT INTO `placement_bv_update_history` (`left_carry`, `date`, `from_id`, `user_id`) VALUES ('50', '2024-10-01 22:19:14', '14851N', 'NV94W7');
INSERT INTO `matrix_filling` (`placement_id`, `downline_id`, `level`, `matrix`) VALUES ('IXQT61', '14851N', 8, 1);
UPDATE `bv_updation` SET left_carry = left_carry+50, total_left = total_left+50
WHERE `user_id` = 'IXQT61';
INSERT INTO `placement_bv_update_history` (`left_carry`, `date`, `from_id`, `user_id`) VALUES ('50', '2024-10-01 22:19:14', '14851N', 'IXQT61');
INSERT INTO `matrix_filling` (`placement_id`, `downline_id`, `level`, `matrix`) VALUES ('8EOSVJ', '14851N', 9, 1);
UPDATE `bv_updation` SET left_carry = left_carry+50, total_left = total_left+50
WHERE `user_id` = '8EOSVJ';
INSERT INTO `placement_bv_update_history` (`left_carry`, `date`, `from_id`, `user_id`) VALUES ('50', '2024-10-01 22:19:14', '14851N', '8EOSVJ');
INSERT INTO `matrix_filling` (`placement_id`, `downline_id`, `level`, `matrix`) VALUES ('SJ2DF6', '14851N', 10, 1);
UPDATE `bv_updation` SET left_carry = left_carry+50, total_left = total_left+50
WHERE `user_id` = 'SJ2DF6';
INSERT INTO `placement_bv_update_history` (`left_carry`, `date`, `from_id`, `user_id`) VALUES ('50', '2024-10-01 22:19:14', '14851N', 'SJ2DF6');
INSERT INTO `matrix_filling` (`placement_id`, `downline_id`, `level`, `matrix`) VALUES ('2YSBSS', '14851N', 11, 1);
UPDATE `bv_updation` SET left_carry = left_carry+50, total_left = total_left+50
WHERE `user_id` = '2YSBSS';
INSERT INTO `placement_bv_update_history` (`left_carry`, `date`, `from_id`, `user_id`) VALUES ('50', '2024-10-01 22:19:14', '14851N', '2YSBSS');
INSERT INTO `matrix_filling` (`placement_id`, `downline_id`, `level`, `matrix`) VALUES ('D2WRVN', '14851N', 12, 1);
UPDATE `bv_updation` SET left_carry = left_carry+50, total_left = total_left+50
WHERE `user_id` = 'D2WRVN';
INSERT INTO `placement_bv_update_history` (`left_carry`, `date`, `from_id`, `user_id`) VALUES ('50', '2024-10-01 22:19:14', '14851N', 'D2WRVN');
INSERT INTO `matrix_filling` (`placement_id`, `downline_id`, `level`, `matrix`) VALUES ('O3WR96', '14851N', 13, 1);
UPDATE `bv_updation` SET left_carry = left_carry+50, total_left = total_left+50
WHERE `user_id` = 'O3WR96';
INSERT INTO `placement_bv_update_history` (`left_carry`, `date`, `from_id`, `user_id`) VALUES ('50', '2024-10-01 22:19:14', '14851N', 'O3WR96');
INSERT INTO `matrix_filling` (`placement_id`, `downline_id`, `level`, `matrix`) VALUES ('II7NUG', '14851N', 14, 1);
UPDATE `bv_updation` SET left_carry = left_carry+50, total_left = total_left+50
WHERE `user_id` = 'II7NUG';
INSERT INTO `placement_bv_update_history` (`left_carry`, `date`, `from_id`, `user_id`) VALUES ('50', '2024-10-01 22:19:14', '14851N', 'II7NUG');
INSERT INTO `matrix_filling` (`placement_id`, `downline_id`, `level`, `matrix`) VALUES ('TI92GO', '14851N', 15, 1);
UPDATE `bv_updation` SET left_carry = left_carry+50, total_left = total_left+50
WHERE `user_id` = 'TI92GO';
INSERT INTO `placement_bv_update_history` (`left_carry`, `date`, `from_id`, `user_id`) VALUES ('50', '2024-10-01 22:19:14', '14851N', 'TI92GO');
INSERT INTO `matrix_filling` (`placement_id`, `downline_id`, `level`, `matrix`) VALUES ('HOMSKN', '14851N', 16, 1);
UPDATE `bv_updation` SET left_carry = left_carry+50, total_left = total_left+50
WHERE `user_id` = 'HOMSKN';
INSERT INTO `placement_bv_update_history` (`left_carry`, `date`, `from_id`, `user_id`) VALUES ('50', '2024-10-01 22:19:14', '14851N', 'HOMSKN');
INSERT INTO `matrix_filling` (`placement_id`, `downline_id`, `level`, `matrix`) VALUES ('WQFROY', '14851N', 17, 1);
UPDATE `bv_updation` SET left_carry = left_carry+50, total_left = total_left+50
WHERE `user_id` = 'WQFROY';
INSERT INTO `placement_bv_update_history` (`left_carry`, `date`, `from_id`, `user_id`) VALUES ('50', '2024-10-01 22:19:14', '14851N', 'WQFROY');
INSERT INTO `matrix_filling` (`placement_id`, `downline_id`, `level`, `matrix`) VALUES ('S8TPST', '14851N', 18, 1);
UPDATE `bv_updation` SET left_carry = left_carry+50, total_left = total_left+50
WHERE `user_id` = 'S8TPST';
INSERT INTO `placement_bv_update_history` (`left_carry`, `date`, `from_id`, `user_id`) VALUES ('50', '2024-10-01 22:19:14', '14851N', 'S8TPST');
INSERT INTO `matrix_filling` (`placement_id`, `downline_id`, `level`, `matrix`) VALUES ('BD2LIM', '14851N', 19, 1);
UPDATE `bv_updation` SET left_carry = left_carry+50, total_left = total_left+50
WHERE `user_id` = 'BD2LIM';
INSERT INTO `placement_bv_update_history` (`left_carry`, `date`, `from_id`, `user_id`) VALUES ('50', '2024-10-01 22:19:14', '14851N', 'BD2LIM');
INSERT INTO `matrix_filling` (`placement_id`, `downline_id`, `level`, `matrix`) VALUES ('JNGCQK', '14851N', 20, 1);
UPDATE `bv_updation` SET left_carry = left_carry+50, total_left = total_left+50
WHERE `user_id` = 'JNGCQK';
INSERT INTO `placement_bv_update_history` (`left_carry`, `date`, `from_id`, `user_id`) VALUES ('50', '2024-10-01 22:19:14', '14851N', 'JNGCQK');
INSERT INTO `matrix_filling` (`placement_id`, `downline_id`, `level`, `matrix`) VALUES ('QOHBYS', '14851N', 21, 1);
UPDATE `bv_updation` SET left_carry = left_carry+50, total_left = total_left+50
WHERE `user_id` = 'QOHBYS';
INSERT INTO `placement_bv_update_history` (`left_carry`, `date`, `from_id`, `user_id`) VALUES ('50', '2024-10-01 22:19:14', '14851N', 'QOHBYS');
INSERT INTO `matrix_filling` (`placement_id`, `downline_id`, `level`, `matrix`) VALUES ('LUAGN1', '14851N', 22, 1);
UPDATE `bv_updation` SET left_carry = left_carry+50, total_left = total_left+50
WHERE `user_id` = 'LUAGN1';
INSERT INTO `placement_bv_update_history` (`left_carry`, `date`, `from_id`, `user_id`) VALUES ('50', '2024-10-01 22:19:14', '14851N', 'LUAGN1');
UPDATE `bv_updation` SET sponsor_left_carry = sponsor_left_carry+50, sponsor_total_left = sponsor_total_left+50
WHERE `user_id` = 'LUAGN1';
INSERT INTO `sponsor_bv_update_history` (`left_carry`, `date`, `user_id`) VALUES ('50', '2024-10-01 22:19:14', 'LUAGN1');
INSERT INTO `matrix_filling` (`placement_id`, `downline_id`, `level`, `matrix`) VALUES ('6DEXJW', '14851N', 23, 1);
UPDATE `bv_updation` SET left_carry = left_carry+50, total_left = total_left+50
WHERE `user_id` = '6DEXJW';
INSERT INTO `placement_bv_update_history` (`left_carry`, `date`, `from_id`, `user_id`) VALUES ('50', '2024-10-01 22:19:14', '14851N', '6DEXJW');
INSERT INTO `matrix_filling` (`placement_id`, `downline_id`, `level`, `matrix`) VALUES ('DM1Y9N', '14851N', 24, 1);
UPDATE `bv_updation` SET right_carry = right_carry+50, total_right = total_right+50
WHERE `user_id` = 'DM1Y9N';
INSERT INTO `placement_bv_update_history` (`right_carry`, `date`, `from_id`, `user_id`) VALUES ('50', '2024-10-01 22:19:14', '14851N', 'DM1Y9N');
INSERT INTO `matrix_filling` (`placement_id`, `downline_id`, `level`, `matrix`) VALUES ('A9858P', '14851N', 25, 1);
UPDATE `bv_updation` SET left_carry = left_carry+50, total_left = total_left+50
WHERE `user_id` = 'A9858P';
INSERT INTO `placement_bv_update_history` (`left_carry`, `date`, `from_id`, `user_id`) VALUES ('50', '2024-10-01 22:19:14', '14851N', 'A9858P');
INSERT INTO `matrix_filling` (`placement_id`, `downline_id`, `level`, `matrix`) VALUES ('admin', '14851N', 26, 1);
UPDATE `bv_updation` SET right_carry = right_carry+50, total_right = total_right+50
WHERE `user_id` = 'admin';
INSERT INTO `placement_bv_update_history` (`right_carry`, `date`, `from_id`, `user_id`) VALUES ('50', '2024-10-01 22:19:14', '14851N', 'admin');
INSERT INTO `package_purchase_history` (`user_id`, `package_id`, `reg_fee`, `package_name`, `monthly_fee`, `type`, `date`, `payment_option`) VALUES ('14851N', '2', '595', 'Traveler Pro', '150', 'sign_up', '2024-10-01 22:19:14', 'free');
UPDATE `ci_sessions` SET `timestamp` = 1727839168, `data` = '__ci_last_regenerate|i:1727839168;id|s:4:\"2346\";user_id|s:6:\"WJR372\";username|s:6:\"david1\";sponsor_id|s:6:\"7RY1ZP\";fullname|s:13:\"David Méndez\";email|s:16:\"david1@gmail.com\";phone|s:10:\"3057610606\";isLogIn|b:1;'
WHERE `id` = 'ede406d567446823afe92adf343ca12fbf03b153';
UPDATE `user_registration` SET `uid` = '2615', `user_id` = 'YHW7J9', `username` = 'oscariton1', `sponsor_id` = 'WJR372', `vacant` = 'no', `f_name` = 'Oscar', `l_name` = 'Marrero', `address` = '6520 Kendale Lakes Dr', `position` = 'right', `email` = 'oscariton1@gmail.com', `password` = '712600de5663cac0e4c65677bd198ca5', `phone` = '3057610606', `country` = 'United States', `state` = 'Florida', `city` = 'Miami', `street` = '6520 Kendale Lakes Dr', `zip_code` = '33183', `reg_ip` = '172.70.82.254', `status` = 1, `package_id` = '2', `rank_id` = 1, `highest_rank` = 1, `cycle_rank_id` = 1, `created` = '2024-10-01 22:19:29', `subscription_date` = '2024-10-31', `google_secret` = 'VCSN5E75P55HR3IF'
WHERE `uid` = '2615';
INSERT INTO `user_registration` (`uid`, `user_id`, `username`, `sponsor_id`, `placement_id`, `vacant`, `f_name`, `l_name`, `address`, `position`, `email`, `password`, `phone`, `reg_ip`, `status`, `created`) VALUES (NULL, 'XDRCTQ', 'gfovUdGv', 'YHW7J9', 'YHW7J9', 'yes', '', '', '', 'left', '@mail.com', '', '', '', 0, '2024-10-01 22:19:29');
INSERT INTO `user_registration` (`uid`, `user_id`, `username`, `sponsor_id`, `placement_id`, `vacant`, `f_name`, `l_name`, `address`, `position`, `email`, `password`, `phone`, `reg_ip`, `status`, `created`) VALUES (NULL, 'FCJPDM', 'uaoDrzWu', 'YHW7J9', 'YHW7J9', 'yes', '', '', '', 'right', '@mail.com', '', '', '', 0, '2024-10-01 22:19:29');
INSERT INTO `bv_updation` (`user_id`) VALUES ('YHW7J9');
UPDATE `user_registration` SET total_ref_count = total_ref_count+1
WHERE `user_id` = 'WJR372';
UPDATE `user_registration` SET total_downlines = total_downlines+1
WHERE `user_id` = '85EVIX';
UPDATE `user_registration` SET right_downlines = right_downlines+1
WHERE `user_id` = '85EVIX';
UPDATE `user_registration` SET total_downlines = total_downlines+1
WHERE `user_id` = 'I4HOSL';
UPDATE `user_registration` SET right_downlines = right_downlines+1
WHERE `user_id` = 'I4HOSL';
UPDATE `user_registration` SET total_downlines = total_downlines+1
WHERE `user_id` = '2SB7SO';
UPDATE `user_registration` SET right_downlines = right_downlines+1
WHERE `user_id` = '2SB7SO';
UPDATE `user_registration` SET total_downlines = total_downlines+1
WHERE `user_id` = '7UGPLB';
UPDATE `user_registration` SET right_downlines = right_downlines+1
WHERE `user_id` = '7UGPLB';
UPDATE `user_registration` SET total_downlines = total_downlines+1
WHERE `user_id` = 'G6LBV6';
UPDATE `user_registration` SET right_downlines = right_downlines+1
WHERE `user_id` = 'G6LBV6';
UPDATE `user_registration` SET total_downlines = total_downlines+1
WHERE `user_id` = '5VW2TV';
UPDATE `user_registration` SET right_downlines = right_downlines+1
WHERE `user_id` = '5VW2TV';
UPDATE `user_registration` SET total_downlines = total_downlines+1
WHERE `user_id` = '1CISMF';
UPDATE `user_registration` SET right_downlines = right_downlines+1
WHERE `user_id` = '1CISMF';
UPDATE `user_registration` SET total_downlines = total_downlines+1
WHERE `user_id` = 'WA5PMD';
UPDATE `user_registration` SET right_downlines = right_downlines+1
WHERE `user_id` = 'WA5PMD';
UPDATE `user_registration` SET total_downlines = total_downlines+1
WHERE `user_id` = 'WJR372';
UPDATE `user_registration` SET right_downlines = right_downlines+1
WHERE `user_id` = 'WJR372';
UPDATE `user_registration` SET right_ref_count = right_ref_count+1
WHERE `user_id` = 'WJR372';
UPDATE `user_registration` SET active_right = active_right+1
WHERE `user_id` = 'WJR372';
UPDATE `user_registration` SET total_downlines = total_downlines+1
WHERE `user_id` = 'YJ6OTD';
UPDATE `user_registration` SET left_downlines = left_downlines+1
WHERE `user_id` = 'YJ6OTD';
UPDATE `user_registration` SET total_downlines = total_downlines+1
WHERE `user_id` = 'F8WLAW';
UPDATE `user_registration` SET left_downlines = left_downlines+1
WHERE `user_id` = 'F8WLAW';
UPDATE `user_registration` SET total_downlines = total_downlines+1
WHERE `user_id` = '9H9OZM';
UPDATE `user_registration` SET left_downlines = left_downlines+1
WHERE `user_id` = '9H9OZM';
UPDATE `user_registration` SET total_downlines = total_downlines+1
WHERE `user_id` = 'DLP7GD';
UPDATE `user_registration` SET left_downlines = left_downlines+1
WHERE `user_id` = 'DLP7GD';
UPDATE `user_registration` SET total_downlines = total_downlines+1
WHERE `user_id` = 'VG9TO9';
UPDATE `user_registration` SET left_downlines = left_downlines+1
WHERE `user_id` = 'VG9TO9';
UPDATE `user_registration` SET total_downlines = total_downlines+1
WHERE `user_id` = 'L8R95F';
UPDATE `user_registration` SET left_downlines = left_downlines+1
WHERE `user_id` = 'L8R95F';
UPDATE `user_registration` SET total_downlines = total_downlines+1
WHERE `user_id` = 'Y9DPUD';
UPDATE `user_registration` SET left_downlines = left_downlines+1
WHERE `user_id` = 'Y9DPUD';
UPDATE `user_registration` SET total_downlines = total_downlines+1
WHERE `user_id` = '5H9TH3';
UPDATE `user_registration` SET left_downlines = left_downlines+1
WHERE `user_id` = '5H9TH3';
UPDATE `user_registration` SET total_downlines = total_downlines+1
WHERE `user_id` = 'MIT9KW';
UPDATE `user_registration` SET left_downlines = left_downlines+1
WHERE `user_id` = 'MIT9KW';
UPDATE `user_registration` SET total_downlines = total_downlines+1
WHERE `user_id` = 'IMUABZ';
UPDATE `user_registration` SET left_downlines = left_downlines+1
WHERE `user_id` = 'IMUABZ';
UPDATE `user_registration` SET total_downlines = total_downlines+1
WHERE `user_id` = 'G54QC4';
UPDATE `user_registration` SET left_downlines = left_downlines+1
WHERE `user_id` = 'G54QC4';
UPDATE `user_registration` SET total_downlines = total_downlines+1
WHERE `user_id` = '9JPZJL';
UPDATE `user_registration` SET left_downlines = left_downlines+1
WHERE `user_id` = '9JPZJL';
UPDATE `user_registration` SET total_downlines = total_downlines+1
WHERE `user_id` = 'E3PPZ3';
UPDATE `user_registration` SET left_downlines = left_downlines+1
WHERE `user_id` = 'E3PPZ3';
UPDATE `user_registration` SET total_downlines = total_downlines+1
WHERE `user_id` = '7RY1ZP';
UPDATE `user_registration` SET left_downlines = left_downlines+1
WHERE `user_id` = '7RY1ZP';
UPDATE `user_registration` SET total_downlines = total_downlines+1
WHERE `user_id` = 'ADZTOG';
UPDATE `user_registration` SET right_downlines = right_downlines+1
WHERE `user_id` = 'ADZTOG';
UPDATE `user_registration` SET total_downlines = total_downlines+1
WHERE `user_id` = 'A9858P';
UPDATE `user_registration` SET right_downlines = right_downlines+1
WHERE `user_id` = 'A9858P';
UPDATE `user_registration` SET total_downlines = total_downlines+1
WHERE `user_id` = 'admin';
UPDATE `user_registration` SET right_downlines = right_downlines+1
WHERE `user_id` = 'admin';
INSERT INTO `investment` (`invest_date`, `user_id`, `type`, `amount`, `package_id`) VALUES ('2024-10-01 22:19:29', 'YHW7J9', 'register', '595', '2');
INSERT INTO `earnings` (`user_id`, `Purchaser_id`, `earning_type`, `package_id`, `amount`, `date`, `comments`, `invest_amount`, `comm_perc`, `level`, `rank_id`, `order_id`) VALUES ('WJR372', 'YHW7J9', 'Direct Referral Bonus', '2', '100', '2024-10-01 22:19:29', 'Direct Referral Bonus', 0, 0, 1, '', 307);
UPDATE `user_registration` SET commission_balance = ROUND(commission_balance + 100,2)
WHERE `user_id` = 'WJR372';
UPDATE `user_registration` SET referral_bonus = ROUND(referral_bonus + 100,2)
WHERE `user_id` = 'WJR372';
INSERT INTO `earnings` (`user_id`, `Purchaser_id`, `earning_type`, `package_id`, `amount`, `date`, `comments`, `invest_amount`, `comm_perc`, `level`, `rank_id`, `order_id`) VALUES ('7RY1ZP', 'YHW7J9', 'Expansion Bonus', '2', 100, '2024-10-01 22:19:29', 'Expansion Bonus', '100', 0, 1, '', 307);
UPDATE `user_registration` SET commission_balance = ROUND(commission_balance + 100,2)
WHERE `user_id` = '7RY1ZP';
UPDATE `user_registration` SET expansion_bonus = ROUND(expansion_bonus + 100,2)
WHERE `user_id` = '7RY1ZP';
INSERT INTO `earnings` (`user_id`, `Purchaser_id`, `earning_type`, `package_id`, `amount`, `date`, `comments`, `invest_amount`, `comm_perc`, `level`, `rank_id`, `order_id`) VALUES ('A9858P', 'YHW7J9', 'Expansion Bonus', '2', 100, '2024-10-01 22:19:29', 'Expansion Bonus', 200, 0, 1, '', 307);
UPDATE `user_registration` SET commission_balance = ROUND(commission_balance + 100,2)
WHERE `user_id` = 'A9858P';
UPDATE `user_registration` SET expansion_bonus = ROUND(expansion_bonus + 100,2)
WHERE `user_id` = 'A9858P';
INSERT INTO `matrix_filling` (`placement_id`, `downline_id`, `level`, `matrix`) VALUES ('85EVIX', 'YHW7J9', 1, 1);
UPDATE `bv_updation` SET right_carry = right_carry+50, total_right = total_right+50
WHERE `user_id` = '85EVIX';
INSERT INTO `placement_bv_update_history` (`right_carry`, `date`, `from_id`, `user_id`) VALUES ('50', '2024-10-01 22:19:29', 'YHW7J9', '85EVIX');
INSERT INTO `matrix_filling` (`placement_id`, `downline_id`, `level`, `matrix`) VALUES ('I4HOSL', 'YHW7J9', 2, 1);
UPDATE `bv_updation` SET right_carry = right_carry+50, total_right = total_right+50
WHERE `user_id` = 'I4HOSL';
INSERT INTO `placement_bv_update_history` (`right_carry`, `date`, `from_id`, `user_id`) VALUES ('50', '2024-10-01 22:19:29', 'YHW7J9', 'I4HOSL');
INSERT INTO `matrix_filling` (`placement_id`, `downline_id`, `level`, `matrix`) VALUES ('2SB7SO', 'YHW7J9', 3, 1);
UPDATE `bv_updation` SET right_carry = right_carry+50, total_right = total_right+50
WHERE `user_id` = '2SB7SO';
INSERT INTO `placement_bv_update_history` (`right_carry`, `date`, `from_id`, `user_id`) VALUES ('50', '2024-10-01 22:19:29', 'YHW7J9', '2SB7SO');
INSERT INTO `matrix_filling` (`placement_id`, `downline_id`, `level`, `matrix`) VALUES ('7UGPLB', 'YHW7J9', 4, 1);
UPDATE `bv_updation` SET right_carry = right_carry+50, total_right = total_right+50
WHERE `user_id` = '7UGPLB';
INSERT INTO `placement_bv_update_history` (`right_carry`, `date`, `from_id`, `user_id`) VALUES ('50', '2024-10-01 22:19:29', 'YHW7J9', '7UGPLB');
INSERT INTO `matrix_filling` (`placement_id`, `downline_id`, `level`, `matrix`) VALUES ('G6LBV6', 'YHW7J9', 5, 1);
UPDATE `bv_updation` SET right_carry = right_carry+50, total_right = total_right+50
WHERE `user_id` = 'G6LBV6';
INSERT INTO `placement_bv_update_history` (`right_carry`, `date`, `from_id`, `user_id`) VALUES ('50', '2024-10-01 22:19:29', 'YHW7J9', 'G6LBV6');
INSERT INTO `matrix_filling` (`placement_id`, `downline_id`, `level`, `matrix`) VALUES ('5VW2TV', 'YHW7J9', 6, 1);
UPDATE `bv_updation` SET right_carry = right_carry+50, total_right = total_right+50
WHERE `user_id` = '5VW2TV';
INSERT INTO `placement_bv_update_history` (`right_carry`, `date`, `from_id`, `user_id`) VALUES ('50', '2024-10-01 22:19:29', 'YHW7J9', '5VW2TV');
INSERT INTO `matrix_filling` (`placement_id`, `downline_id`, `level`, `matrix`) VALUES ('1CISMF', 'YHW7J9', 7, 1);
UPDATE `bv_updation` SET right_carry = right_carry+50, total_right = total_right+50
WHERE `user_id` = '1CISMF';
INSERT INTO `placement_bv_update_history` (`right_carry`, `date`, `from_id`, `user_id`) VALUES ('50', '2024-10-01 22:19:29', 'YHW7J9', '1CISMF');
INSERT INTO `matrix_filling` (`placement_id`, `downline_id`, `level`, `matrix`) VALUES ('WA5PMD', 'YHW7J9', 8, 1);
UPDATE `bv_updation` SET right_carry = right_carry+50, total_right = total_right+50
WHERE `user_id` = 'WA5PMD';
INSERT INTO `placement_bv_update_history` (`right_carry`, `date`, `from_id`, `user_id`) VALUES ('50', '2024-10-01 22:19:29', 'YHW7J9', 'WA5PMD');
INSERT INTO `matrix_filling` (`placement_id`, `downline_id`, `level`, `matrix`) VALUES ('WJR372', 'YHW7J9', 9, 1);
UPDATE `bv_updation` SET right_carry = right_carry+50, total_right = total_right+50
WHERE `user_id` = 'WJR372';
INSERT INTO `placement_bv_update_history` (`right_carry`, `date`, `from_id`, `user_id`) VALUES ('50', '2024-10-01 22:19:29', 'YHW7J9', 'WJR372');
UPDATE `bv_updation` SET sponsor_right_carry = sponsor_right_carry+50, sponsor_total_right = sponsor_total_right+50
WHERE `user_id` = 'WJR372';
INSERT INTO `sponsor_bv_update_history` (`right_carry`, `date`, `user_id`) VALUES ('50', '2024-10-01 22:19:29', 'WJR372');
INSERT INTO `matrix_filling` (`placement_id`, `downline_id`, `level`, `matrix`) VALUES ('YJ6OTD', 'YHW7J9', 10, 1);
UPDATE `bv_updation` SET left_carry = left_carry+50, total_left = total_left+50
WHERE `user_id` = 'YJ6OTD';
INSERT INTO `placement_bv_update_history` (`left_carry`, `date`, `from_id`, `user_id`) VALUES ('50', '2024-10-01 22:19:29', 'YHW7J9', 'YJ6OTD');
INSERT INTO `matrix_filling` (`placement_id`, `downline_id`, `level`, `matrix`) VALUES ('F8WLAW', 'YHW7J9', 11, 1);
UPDATE `bv_updation` SET left_carry = left_carry+50, total_left = total_left+50
WHERE `user_id` = 'F8WLAW';
INSERT INTO `placement_bv_update_history` (`left_carry`, `date`, `from_id`, `user_id`) VALUES ('50', '2024-10-01 22:19:29', 'YHW7J9', 'F8WLAW');
INSERT INTO `matrix_filling` (`placement_id`, `downline_id`, `level`, `matrix`) VALUES ('9H9OZM', 'YHW7J9', 12, 1);
UPDATE `bv_updation` SET left_carry = left_carry+50, total_left = total_left+50
WHERE `user_id` = '9H9OZM';
INSERT INTO `placement_bv_update_history` (`left_carry`, `date`, `from_id`, `user_id`) VALUES ('50', '2024-10-01 22:19:29', 'YHW7J9', '9H9OZM');
INSERT INTO `matrix_filling` (`placement_id`, `downline_id`, `level`, `matrix`) VALUES ('DLP7GD', 'YHW7J9', 13, 1);
UPDATE `bv_updation` SET left_carry = left_carry+50, total_left = total_left+50
WHERE `user_id` = 'DLP7GD';
INSERT INTO `placement_bv_update_history` (`left_carry`, `date`, `from_id`, `user_id`) VALUES ('50', '2024-10-01 22:19:29', 'YHW7J9', 'DLP7GD');
INSERT INTO `matrix_filling` (`placement_id`, `downline_id`, `level`, `matrix`) VALUES ('VG9TO9', 'YHW7J9', 14, 1);
UPDATE `bv_updation` SET left_carry = left_carry+50, total_left = total_left+50
WHERE `user_id` = 'VG9TO9';
INSERT INTO `placement_bv_update_history` (`left_carry`, `date`, `from_id`, `user_id`) VALUES ('50', '2024-10-01 22:19:29', 'YHW7J9', 'VG9TO9');
INSERT INTO `matrix_filling` (`placement_id`, `downline_id`, `level`, `matrix`) VALUES ('L8R95F', 'YHW7J9', 15, 1);
UPDATE `bv_updation` SET left_carry = left_carry+50, total_left = total_left+50
WHERE `user_id` = 'L8R95F';
INSERT INTO `placement_bv_update_history` (`left_carry`, `date`, `from_id`, `user_id`) VALUES ('50', '2024-10-01 22:19:29', 'YHW7J9', 'L8R95F');
INSERT INTO `matrix_filling` (`placement_id`, `downline_id`, `level`, `matrix`) VALUES ('Y9DPUD', 'YHW7J9', 16, 1);
UPDATE `bv_updation` SET left_carry = left_carry+50, total_left = total_left+50
WHERE `user_id` = 'Y9DPUD';
INSERT INTO `placement_bv_update_history` (`left_carry`, `date`, `from_id`, `user_id`) VALUES ('50', '2024-10-01 22:19:29', 'YHW7J9', 'Y9DPUD');
INSERT INTO `matrix_filling` (`placement_id`, `downline_id`, `level`, `matrix`) VALUES ('5H9TH3', 'YHW7J9', 17, 1);
UPDATE `bv_updation` SET left_carry = left_carry+50, total_left = total_left+50
WHERE `user_id` = '5H9TH3';
INSERT INTO `placement_bv_update_history` (`left_carry`, `date`, `from_id`, `user_id`) VALUES ('50', '2024-10-01 22:19:29', 'YHW7J9', '5H9TH3');
INSERT INTO `matrix_filling` (`placement_id`, `downline_id`, `level`, `matrix`) VALUES ('MIT9KW', 'YHW7J9', 18, 1);
UPDATE `bv_updation` SET left_carry = left_carry+50, total_left = total_left+50
WHERE `user_id` = 'MIT9KW';
INSERT INTO `placement_bv_update_history` (`left_carry`, `date`, `from_id`, `user_id`) VALUES ('50', '2024-10-01 22:19:29', 'YHW7J9', 'MIT9KW');
INSERT INTO `matrix_filling` (`placement_id`, `downline_id`, `level`, `matrix`) VALUES ('IMUABZ', 'YHW7J9', 19, 1);
UPDATE `bv_updation` SET left_carry = left_carry+50, total_left = total_left+50
WHERE `user_id` = 'IMUABZ';
INSERT INTO `placement_bv_update_history` (`left_carry`, `date`, `from_id`, `user_id`) VALUES ('50', '2024-10-01 22:19:29', 'YHW7J9', 'IMUABZ');
INSERT INTO `matrix_filling` (`placement_id`, `downline_id`, `level`, `matrix`) VALUES ('G54QC4', 'YHW7J9', 20, 1);
UPDATE `bv_updation` SET left_carry = left_carry+50, total_left = total_left+50
WHERE `user_id` = 'G54QC4';
INSERT INTO `placement_bv_update_history` (`left_carry`, `date`, `from_id`, `user_id`) VALUES ('50', '2024-10-01 22:19:29', 'YHW7J9', 'G54QC4');
INSERT INTO `matrix_filling` (`placement_id`, `downline_id`, `level`, `matrix`) VALUES ('9JPZJL', 'YHW7J9', 21, 1);
UPDATE `bv_updation` SET left_carry = left_carry+50, total_left = total_left+50
WHERE `user_id` = '9JPZJL';
INSERT INTO `placement_bv_update_history` (`left_carry`, `date`, `from_id`, `user_id`) VALUES ('50', '2024-10-01 22:19:29', 'YHW7J9', '9JPZJL');
INSERT INTO `matrix_filling` (`placement_id`, `downline_id`, `level`, `matrix`) VALUES ('E3PPZ3', 'YHW7J9', 22, 1);
UPDATE `bv_updation` SET left_carry = left_carry+50, total_left = total_left+50
WHERE `user_id` = 'E3PPZ3';
INSERT INTO `placement_bv_update_history` (`left_carry`, `date`, `from_id`, `user_id`) VALUES ('50', '2024-10-01 22:19:29', 'YHW7J9', 'E3PPZ3');
INSERT INTO `matrix_filling` (`placement_id`, `downline_id`, `level`, `matrix`) VALUES ('7RY1ZP', 'YHW7J9', 23, 1);
UPDATE `bv_updation` SET left_carry = left_carry+50, total_left = total_left+50
WHERE `user_id` = '7RY1ZP';
INSERT INTO `placement_bv_update_history` (`left_carry`, `date`, `from_id`, `user_id`) VALUES ('50', '2024-10-01 22:19:29', 'YHW7J9', '7RY1ZP');
INSERT INTO `matrix_filling` (`placement_id`, `downline_id`, `level`, `matrix`) VALUES ('ADZTOG', 'YHW7J9', 24, 1);
UPDATE `bv_updation` SET right_carry = right_carry+50, total_right = total_right+50
WHERE `user_id` = 'ADZTOG';
INSERT INTO `placement_bv_update_history` (`right_carry`, `date`, `from_id`, `user_id`) VALUES ('50', '2024-10-01 22:19:29', 'YHW7J9', 'ADZTOG');
INSERT INTO `matrix_filling` (`placement_id`, `downline_id`, `level`, `matrix`) VALUES ('A9858P', 'YHW7J9', 25, 1);
UPDATE `bv_updation` SET right_carry = right_carry+50, total_right = total_right+50
WHERE `user_id` = 'A9858P';
INSERT INTO `placement_bv_update_history` (`right_carry`, `date`, `from_id`, `user_id`) VALUES ('50', '2024-10-01 22:19:29', 'YHW7J9', 'A9858P');
INSERT INTO `matrix_filling` (`placement_id`, `downline_id`, `level`, `matrix`) VALUES ('admin', 'YHW7J9', 26, 1);
UPDATE `bv_updation` SET right_carry = right_carry+50, total_right = total_right+50
WHERE `user_id` = 'admin';
INSERT INTO `placement_bv_update_history` (`right_carry`, `date`, `from_id`, `user_id`) VALUES ('50', '2024-10-01 22:19:29', 'YHW7J9', 'admin');
INSERT INTO `package_purchase_history` (`user_id`, `package_id`, `reg_fee`, `package_name`, `monthly_fee`, `type`, `date`, `payment_option`) VALUES ('YHW7J9', '2', '595', 'Traveler Pro', '150', 'sign_up', '2024-10-01 22:19:29', 'free');
UPDATE `user_registration` SET `popup_seen` = 'yes'
WHERE `user_id` = 'WJR372';
UPDATE `user_registration` SET `uid` = '2617', `user_id` = 'VXVFBP', `username` = 'lisbet1', `sponsor_id` = 'LUAGN1', `vacant` = 'no', `f_name` = 'Lisbet', `l_name` = 'Perez', `address` = '8100 SW 14 Terr', `position` = 'right', `email` = 'lisbet1@gmail.com', `password` = 'c8deb292c07216994eea1fb115da822e', `phone` = '7862876762', `country` = 'United States', `state` = 'Florida', `city` = 'Miami', `street` = '8100 SW 14 Terr', `zip_code` = '33144', `reg_ip` = '172.70.254.62', `status` = 1, `package_id` = '2', `rank_id` = 1, `highest_rank` = 1, `cycle_rank_id` = 1, `created` = '2024-10-01 22:20:23', `subscription_date` = '2024-10-31', `google_secret` = '6FFBIHZZ65GRTLZ4'
WHERE `uid` = '2617';
INSERT INTO `user_registration` (`uid`, `user_id`, `username`, `sponsor_id`, `placement_id`, `vacant`, `f_name`, `l_name`, `address`, `position`, `email`, `password`, `phone`, `reg_ip`, `status`, `created`) VALUES (NULL, 'ZGWNBL', 'mfsjrfgT', 'VXVFBP', 'VXVFBP', 'yes', '', '', '', 'left', '@mail.com', '', '', '', 0, '2024-10-01 22:20:23');
INSERT INTO `user_registration` (`uid`, `user_id`, `username`, `sponsor_id`, `placement_id`, `vacant`, `f_name`, `l_name`, `address`, `position`, `email`, `password`, `phone`, `reg_ip`, `status`, `created`) VALUES (NULL, 'AEOQIZ', 'CsfLcnrC', 'VXVFBP', 'VXVFBP', 'yes', '', '', '', 'right', '@mail.com', '', '', '', 0, '2024-10-01 22:20:23');
INSERT INTO `bv_updation` (`user_id`) VALUES ('VXVFBP');
UPDATE `user_registration` SET total_ref_count = total_ref_count+1
WHERE `user_id` = 'LUAGN1';
UPDATE `user_registration` SET total_downlines = total_downlines+1
WHERE `user_id` = 'V5XZBX';
UPDATE `user_registration` SET right_downlines = right_downlines+1
WHERE `user_id` = 'V5XZBX';
UPDATE `user_registration` SET total_downlines = total_downlines+1
WHERE `user_id` = 'JNB7J5';
UPDATE `user_registration` SET right_downlines = right_downlines+1
WHERE `user_id` = 'JNB7J5';
UPDATE `user_registration` SET total_downlines = total_downlines+1
WHERE `user_id` = 'MDC3EC';
UPDATE `user_registration` SET right_downlines = right_downlines+1
WHERE `user_id` = 'MDC3EC';
UPDATE `user_registration` SET total_downlines = total_downlines+1
WHERE `user_id` = 'NEL8HC';
UPDATE `user_registration` SET right_downlines = right_downlines+1
WHERE `user_id` = 'NEL8HC';
UPDATE `user_registration` SET total_downlines = total_downlines+1
WHERE `user_id` = 'FTNCHD';
UPDATE `user_registration` SET right_downlines = right_downlines+1
WHERE `user_id` = 'FTNCHD';
UPDATE `user_registration` SET total_downlines = total_downlines+1
WHERE `user_id` = 'UC2PHS';
UPDATE `user_registration` SET right_downlines = right_downlines+1
WHERE `user_id` = 'UC2PHS';
UPDATE `user_registration` SET total_downlines = total_downlines+1
WHERE `user_id` = 'S6Y615';
UPDATE `user_registration` SET right_downlines = right_downlines+1
WHERE `user_id` = 'S6Y615';
UPDATE `user_registration` SET total_downlines = total_downlines+1
WHERE `user_id` = 'GZZ2NE';
UPDATE `user_registration` SET right_downlines = right_downlines+1
WHERE `user_id` = 'GZZ2NE';
UPDATE `user_registration` SET total_downlines = total_downlines+1
WHERE `user_id` = 'TBNWFI';
UPDATE `user_registration` SET right_downlines = right_downlines+1
WHERE `user_id` = 'TBNWFI';
UPDATE `user_registration` SET total_downlines = total_downlines+1
WHERE `user_id` = '2ZBFLF';
UPDATE `user_registration` SET right_downlines = right_downlines+1
WHERE `user_id` = '2ZBFLF';
UPDATE `user_registration` SET total_downlines = total_downlines+1
WHERE `user_id` = 'PWB9RY';
UPDATE `user_registration` SET right_downlines = right_downlines+1
WHERE `user_id` = 'PWB9RY';
UPDATE `user_registration` SET total_downlines = total_downlines+1
WHERE `user_id` = '7QWHHF';
UPDATE `user_registration` SET right_downlines = right_downlines+1
WHERE `user_id` = '7QWHHF';
UPDATE `user_registration` SET total_downlines = total_downlines+1
WHERE `user_id` = 'YTHSAV';
UPDATE `user_registration` SET right_downlines = right_downlines+1
WHERE `user_id` = 'YTHSAV';
UPDATE `user_registration` SET total_downlines = total_downlines+1
WHERE `user_id` = 'TV9UQH';
UPDATE `user_registration` SET right_downlines = right_downlines+1
WHERE `user_id` = 'TV9UQH';
UPDATE `user_registration` SET total_downlines = total_downlines+1
WHERE `user_id` = 'KZTY9T';
UPDATE `user_registration` SET right_downlines = right_downlines+1
WHERE `user_id` = 'KZTY9T';
UPDATE `user_registration` SET total_downlines = total_downlines+1
WHERE `user_id` = '2K9C1S';
UPDATE `user_registration` SET right_downlines = right_downlines+1
WHERE `user_id` = '2K9C1S';
UPDATE `user_registration` SET total_downlines = total_downlines+1
WHERE `user_id` = 'IPUSFA';
UPDATE `user_registration` SET right_downlines = right_downlines+1
WHERE `user_id` = 'IPUSFA';
UPDATE `user_registration` SET total_downlines = total_downlines+1
WHERE `user_id` = 'JSMVWA';
UPDATE `user_registration` SET right_downlines = right_downlines+1
WHERE `user_id` = 'JSMVWA';
UPDATE `user_registration` SET total_downlines = total_downlines+1
WHERE `user_id` = 'Y741WF';
UPDATE `user_registration` SET right_downlines = right_downlines+1
WHERE `user_id` = 'Y741WF';
UPDATE `user_registration` SET total_downlines = total_downlines+1
WHERE `user_id` = 'JLTMOH';
UPDATE `user_registration` SET right_downlines = right_downlines+1
WHERE `user_id` = 'JLTMOH';
UPDATE `user_registration` SET total_downlines = total_downlines+1
WHERE `user_id` = 'NS15G5';
UPDATE `user_registration` SET right_downlines = right_downlines+1
WHERE `user_id` = 'NS15G5';
UPDATE `user_registration` SET total_downlines = total_downlines+1
WHERE `user_id` = 'YU8PLO';
UPDATE `user_registration` SET right_downlines = right_downlines+1
WHERE `user_id` = 'YU8PLO';
UPDATE `user_registration` SET total_downlines = total_downlines+1
WHERE `user_id` = 'LUAGN1';
UPDATE `user_registration` SET right_downlines = right_downlines+1
WHERE `user_id` = 'LUAGN1';
UPDATE `user_registration` SET right_ref_count = right_ref_count+1
WHERE `user_id` = 'LUAGN1';
UPDATE `user_registration` SET active_right = active_right+1
WHERE `user_id` = 'LUAGN1';
UPDATE `user_registration` SET total_downlines = total_downlines+1
WHERE `user_id` = '6DEXJW';
UPDATE `user_registration` SET left_downlines = left_downlines+1
WHERE `user_id` = '6DEXJW';
UPDATE `user_registration` SET total_downlines = total_downlines+1
WHERE `user_id` = 'DM1Y9N';
UPDATE `user_registration` SET right_downlines = right_downlines+1
WHERE `user_id` = 'DM1Y9N';
UPDATE `user_registration` SET total_downlines = total_downlines+1
WHERE `user_id` = 'A9858P';
UPDATE `user_registration` SET left_downlines = left_downlines+1
WHERE `user_id` = 'A9858P';
UPDATE `user_registration` SET total_downlines = total_downlines+1
WHERE `user_id` = 'admin';
UPDATE `user_registration` SET right_downlines = right_downlines+1
WHERE `user_id` = 'admin';
INSERT INTO `investment` (`invest_date`, `user_id`, `type`, `amount`, `package_id`) VALUES ('2024-10-01 22:20:24', 'VXVFBP', 'register', '595', '2');
INSERT INTO `earnings` (`user_id`, `Purchaser_id`, `earning_type`, `package_id`, `amount`, `date`, `comments`, `invest_amount`, `comm_perc`, `level`, `rank_id`, `order_id`) VALUES ('LUAGN1', 'VXVFBP', 'Direct Referral Bonus', '2', '100', '2024-10-01 22:20:24', 'Direct Referral Bonus', 0, 0, 1, '', 308);
UPDATE `user_registration` SET commission_balance = ROUND(commission_balance + 100,2)
WHERE `user_id` = 'LUAGN1';
UPDATE `user_registration` SET referral_bonus = ROUND(referral_bonus + 100,2)
WHERE `user_id` = 'LUAGN1';
INSERT INTO `earnings` (`user_id`, `Purchaser_id`, `earning_type`, `package_id`, `amount`, `date`, `comments`, `invest_amount`, `comm_perc`, `level`, `rank_id`, `order_id`) VALUES ('DM1Y9N', 'VXVFBP', 'Expansion Bonus', '2', 100, '2024-10-01 22:20:24', 'Expansion Bonus', '100', 0, 1, '', 308);
UPDATE `user_registration` SET commission_balance = ROUND(commission_balance + 100,2)
WHERE `user_id` = 'DM1Y9N';
UPDATE `user_registration` SET expansion_bonus = ROUND(expansion_bonus + 100,2)
WHERE `user_id` = 'DM1Y9N';
INSERT INTO `earnings` (`user_id`, `Purchaser_id`, `earning_type`, `package_id`, `amount`, `date`, `comments`, `invest_amount`, `comm_perc`, `level`, `rank_id`, `order_id`) VALUES ('A9858P', 'VXVFBP', 'Expansion Bonus', '2', 100, '2024-10-01 22:20:24', 'Expansion Bonus', 200, 0, 1, '', 308);
UPDATE `user_registration` SET commission_balance = ROUND(commission_balance + 100,2)
WHERE `user_id` = 'A9858P';
UPDATE `user_registration` SET expansion_bonus = ROUND(expansion_bonus + 100,2)
WHERE `user_id` = 'A9858P';
INSERT INTO `matrix_filling` (`placement_id`, `downline_id`, `level`, `matrix`) VALUES ('V5XZBX', 'VXVFBP', 1, 1);
UPDATE `bv_updation` SET right_carry = right_carry+50, total_right = total_right+50
WHERE `user_id` = 'V5XZBX';
INSERT INTO `placement_bv_update_history` (`right_carry`, `date`, `from_id`, `user_id`) VALUES ('50', '2024-10-01 22:20:24', 'VXVFBP', 'V5XZBX');
INSERT INTO `matrix_filling` (`placement_id`, `downline_id`, `level`, `matrix`) VALUES ('JNB7J5', 'VXVFBP', 2, 1);
UPDATE `bv_updation` SET right_carry = right_carry+50, total_right = total_right+50
WHERE `user_id` = 'JNB7J5';
INSERT INTO `placement_bv_update_history` (`right_carry`, `date`, `from_id`, `user_id`) VALUES ('50', '2024-10-01 22:20:24', 'VXVFBP', 'JNB7J5');
INSERT INTO `matrix_filling` (`placement_id`, `downline_id`, `level`, `matrix`) VALUES ('MDC3EC', 'VXVFBP', 3, 1);
UPDATE `bv_updation` SET right_carry = right_carry+50, total_right = total_right+50
WHERE `user_id` = 'MDC3EC';
INSERT INTO `placement_bv_update_history` (`right_carry`, `date`, `from_id`, `user_id`) VALUES ('50', '2024-10-01 22:20:24', 'VXVFBP', 'MDC3EC');
INSERT INTO `matrix_filling` (`placement_id`, `downline_id`, `level`, `matrix`) VALUES ('NEL8HC', 'VXVFBP', 4, 1);
UPDATE `bv_updation` SET right_carry = right_carry+50, total_right = total_right+50
WHERE `user_id` = 'NEL8HC';
INSERT INTO `placement_bv_update_history` (`right_carry`, `date`, `from_id`, `user_id`) VALUES ('50', '2024-10-01 22:20:24', 'VXVFBP', 'NEL8HC');
INSERT INTO `matrix_filling` (`placement_id`, `downline_id`, `level`, `matrix`) VALUES ('FTNCHD', 'VXVFBP', 5, 1);
UPDATE `bv_updation` SET right_carry = right_carry+50, total_right = total_right+50
WHERE `user_id` = 'FTNCHD';
INSERT INTO `placement_bv_update_history` (`right_carry`, `date`, `from_id`, `user_id`) VALUES ('50', '2024-10-01 22:20:24', 'VXVFBP', 'FTNCHD');
INSERT INTO `matrix_filling` (`placement_id`, `downline_id`, `level`, `matrix`) VALUES ('UC2PHS', 'VXVFBP', 6, 1);
UPDATE `bv_updation` SET right_carry = right_carry+50, total_right = total_right+50
WHERE `user_id` = 'UC2PHS';
INSERT INTO `placement_bv_update_history` (`right_carry`, `date`, `from_id`, `user_id`) VALUES ('50', '2024-10-01 22:20:24', 'VXVFBP', 'UC2PHS');
INSERT INTO `matrix_filling` (`placement_id`, `downline_id`, `level`, `matrix`) VALUES ('S6Y615', 'VXVFBP', 7, 1);
UPDATE `bv_updation` SET right_carry = right_carry+50, total_right = total_right+50
WHERE `user_id` = 'S6Y615';
INSERT INTO `placement_bv_update_history` (`right_carry`, `date`, `from_id`, `user_id`) VALUES ('50', '2024-10-01 22:20:24', 'VXVFBP', 'S6Y615');
INSERT INTO `matrix_filling` (`placement_id`, `downline_id`, `level`, `matrix`) VALUES ('GZZ2NE', 'VXVFBP', 8, 1);
UPDATE `bv_updation` SET right_carry = right_carry+50, total_right = total_right+50
WHERE `user_id` = 'GZZ2NE';
INSERT INTO `placement_bv_update_history` (`right_carry`, `date`, `from_id`, `user_id`) VALUES ('50', '2024-10-01 22:20:24', 'VXVFBP', 'GZZ2NE');
INSERT INTO `matrix_filling` (`placement_id`, `downline_id`, `level`, `matrix`) VALUES ('TBNWFI', 'VXVFBP', 9, 1);
UPDATE `bv_updation` SET right_carry = right_carry+50, total_right = total_right+50
WHERE `user_id` = 'TBNWFI';
INSERT INTO `placement_bv_update_history` (`right_carry`, `date`, `from_id`, `user_id`) VALUES ('50', '2024-10-01 22:20:24', 'VXVFBP', 'TBNWFI');
INSERT INTO `matrix_filling` (`placement_id`, `downline_id`, `level`, `matrix`) VALUES ('2ZBFLF', 'VXVFBP', 10, 1);
UPDATE `bv_updation` SET right_carry = right_carry+50, total_right = total_right+50
WHERE `user_id` = '2ZBFLF';
INSERT INTO `placement_bv_update_history` (`right_carry`, `date`, `from_id`, `user_id`) VALUES ('50', '2024-10-01 22:20:24', 'VXVFBP', '2ZBFLF');
INSERT INTO `matrix_filling` (`placement_id`, `downline_id`, `level`, `matrix`) VALUES ('PWB9RY', 'VXVFBP', 11, 1);
UPDATE `bv_updation` SET right_carry = right_carry+50, total_right = total_right+50
WHERE `user_id` = 'PWB9RY';
INSERT INTO `placement_bv_update_history` (`right_carry`, `date`, `from_id`, `user_id`) VALUES ('50', '2024-10-01 22:20:24', 'VXVFBP', 'PWB9RY');
INSERT INTO `matrix_filling` (`placement_id`, `downline_id`, `level`, `matrix`) VALUES ('7QWHHF', 'VXVFBP', 12, 1);
UPDATE `bv_updation` SET right_carry = right_carry+50, total_right = total_right+50
WHERE `user_id` = '7QWHHF';
INSERT INTO `placement_bv_update_history` (`right_carry`, `date`, `from_id`, `user_id`) VALUES ('50', '2024-10-01 22:20:24', 'VXVFBP', '7QWHHF');
INSERT INTO `matrix_filling` (`placement_id`, `downline_id`, `level`, `matrix`) VALUES ('YTHSAV', 'VXVFBP', 13, 1);
UPDATE `bv_updation` SET right_carry = right_carry+50, total_right = total_right+50
WHERE `user_id` = 'YTHSAV';
INSERT INTO `placement_bv_update_history` (`right_carry`, `date`, `from_id`, `user_id`) VALUES ('50', '2024-10-01 22:20:24', 'VXVFBP', 'YTHSAV');
INSERT INTO `matrix_filling` (`placement_id`, `downline_id`, `level`, `matrix`) VALUES ('TV9UQH', 'VXVFBP', 14, 1);
UPDATE `bv_updation` SET right_carry = right_carry+50, total_right = total_right+50
WHERE `user_id` = 'TV9UQH';
INSERT INTO `placement_bv_update_history` (`right_carry`, `date`, `from_id`, `user_id`) VALUES ('50', '2024-10-01 22:20:24', 'VXVFBP', 'TV9UQH');
INSERT INTO `matrix_filling` (`placement_id`, `downline_id`, `level`, `matrix`) VALUES ('KZTY9T', 'VXVFBP', 15, 1);
UPDATE `bv_updation` SET right_carry = right_carry+50, total_right = total_right+50
WHERE `user_id` = 'KZTY9T';
INSERT INTO `placement_bv_update_history` (`right_carry`, `date`, `from_id`, `user_id`) VALUES ('50', '2024-10-01 22:20:24', 'VXVFBP', 'KZTY9T');
INSERT INTO `matrix_filling` (`placement_id`, `downline_id`, `level`, `matrix`) VALUES ('2K9C1S', 'VXVFBP', 16, 1);
UPDATE `bv_updation` SET right_carry = right_carry+50, total_right = total_right+50
WHERE `user_id` = '2K9C1S';
INSERT INTO `placement_bv_update_history` (`right_carry`, `date`, `from_id`, `user_id`) VALUES ('50', '2024-10-01 22:20:24', 'VXVFBP', '2K9C1S');
INSERT INTO `matrix_filling` (`placement_id`, `downline_id`, `level`, `matrix`) VALUES ('IPUSFA', 'VXVFBP', 17, 1);
UPDATE `bv_updation` SET right_carry = right_carry+50, total_right = total_right+50
WHERE `user_id` = 'IPUSFA';
INSERT INTO `placement_bv_update_history` (`right_carry`, `date`, `from_id`, `user_id`) VALUES ('50', '2024-10-01 22:20:24', 'VXVFBP', 'IPUSFA');
INSERT INTO `matrix_filling` (`placement_id`, `downline_id`, `level`, `matrix`) VALUES ('JSMVWA', 'VXVFBP', 18, 1);
UPDATE `bv_updation` SET right_carry = right_carry+50, total_right = total_right+50
WHERE `user_id` = 'JSMVWA';
INSERT INTO `placement_bv_update_history` (`right_carry`, `date`, `from_id`, `user_id`) VALUES ('50', '2024-10-01 22:20:24', 'VXVFBP', 'JSMVWA');
INSERT INTO `matrix_filling` (`placement_id`, `downline_id`, `level`, `matrix`) VALUES ('Y741WF', 'VXVFBP', 19, 1);
UPDATE `bv_updation` SET right_carry = right_carry+50, total_right = total_right+50
WHERE `user_id` = 'Y741WF';
INSERT INTO `placement_bv_update_history` (`right_carry`, `date`, `from_id`, `user_id`) VALUES ('50', '2024-10-01 22:20:24', 'VXVFBP', 'Y741WF');
INSERT INTO `matrix_filling` (`placement_id`, `downline_id`, `level`, `matrix`) VALUES ('JLTMOH', 'VXVFBP', 20, 1);
UPDATE `bv_updation` SET right_carry = right_carry+50, total_right = total_right+50
WHERE `user_id` = 'JLTMOH';
INSERT INTO `placement_bv_update_history` (`right_carry`, `date`, `from_id`, `user_id`) VALUES ('50', '2024-10-01 22:20:24', 'VXVFBP', 'JLTMOH');
INSERT INTO `matrix_filling` (`placement_id`, `downline_id`, `level`, `matrix`) VALUES ('NS15G5', 'VXVFBP', 21, 1);
UPDATE `bv_updation` SET right_carry = right_carry+50, total_right = total_right+50
WHERE `user_id` = 'NS15G5';
INSERT INTO `placement_bv_update_history` (`right_carry`, `date`, `from_id`, `user_id`) VALUES ('50', '2024-10-01 22:20:24', 'VXVFBP', 'NS15G5');
INSERT INTO `matrix_filling` (`placement_id`, `downline_id`, `level`, `matrix`) VALUES ('YU8PLO', 'VXVFBP', 22, 1);
UPDATE `bv_updation` SET right_carry = right_carry+50, total_right = total_right+50
WHERE `user_id` = 'YU8PLO';
INSERT INTO `placement_bv_update_history` (`right_carry`, `date`, `from_id`, `user_id`) VALUES ('50', '2024-10-01 22:20:24', 'VXVFBP', 'YU8PLO');
INSERT INTO `matrix_filling` (`placement_id`, `downline_id`, `level`, `matrix`) VALUES ('LUAGN1', 'VXVFBP', 23, 1);
UPDATE `bv_updation` SET right_carry = right_carry+50, total_right = total_right+50
WHERE `user_id` = 'LUAGN1';
INSERT INTO `placement_bv_update_history` (`right_carry`, `date`, `from_id`, `user_id`) VALUES ('50', '2024-10-01 22:20:24', 'VXVFBP', 'LUAGN1');
UPDATE `bv_updation` SET sponsor_right_carry = sponsor_right_carry+50, sponsor_total_right = sponsor_total_right+50
WHERE `user_id` = 'LUAGN1';
INSERT INTO `sponsor_bv_update_history` (`right_carry`, `date`, `user_id`) VALUES ('50', '2024-10-01 22:20:24', 'LUAGN1');
INSERT INTO `matrix_filling` (`placement_id`, `downline_id`, `level`, `matrix`) VALUES ('6DEXJW', 'VXVFBP', 24, 1);
UPDATE `bv_updation` SET left_carry = left_carry+50, total_left = total_left+50
WHERE `user_id` = '6DEXJW';
INSERT INTO `placement_bv_update_history` (`left_carry`, `date`, `from_id`, `user_id`) VALUES ('50', '2024-10-01 22:20:24', 'VXVFBP', '6DEXJW');
INSERT INTO `matrix_filling` (`placement_id`, `downline_id`, `level`, `matrix`) VALUES ('DM1Y9N', 'VXVFBP', 25, 1);
UPDATE `bv_updation` SET right_carry = right_carry+50, total_right = total_right+50
WHERE `user_id` = 'DM1Y9N';
INSERT INTO `placement_bv_update_history` (`right_carry`, `date`, `from_id`, `user_id`) VALUES ('50', '2024-10-01 22:20:24', 'VXVFBP', 'DM1Y9N');
INSERT INTO `matrix_filling` (`placement_id`, `downline_id`, `level`, `matrix`) VALUES ('A9858P', 'VXVFBP', 26, 1);
UPDATE `bv_updation` SET left_carry = left_carry+50, total_left = total_left+50
WHERE `user_id` = 'A9858P';
INSERT INTO `placement_bv_update_history` (`left_carry`, `date`, `from_id`, `user_id`) VALUES ('50', '2024-10-01 22:20:24', 'VXVFBP', 'A9858P');
INSERT INTO `matrix_filling` (`placement_id`, `downline_id`, `level`, `matrix`) VALUES ('admin', 'VXVFBP', 27, 1);
UPDATE `bv_updation` SET right_carry = right_carry+50, total_right = total_right+50
WHERE `user_id` = 'admin';
INSERT INTO `placement_bv_update_history` (`right_carry`, `date`, `from_id`, `user_id`) VALUES ('50', '2024-10-01 22:20:24', 'VXVFBP', 'admin');
INSERT INTO `package_purchase_history` (`user_id`, `package_id`, `reg_fee`, `package_name`, `monthly_fee`, `type`, `date`, `payment_option`) VALUES ('VXVFBP', '2', '595', 'Traveler Pro', '150', 'sign_up', '2024-10-01 22:20:24', 'free');
UPDATE `user_registration` SET `uid` = '2621', `user_id` = '3VV851', `username` = 'leonor1', `sponsor_id` = 'WJR372', `vacant` = 'no', `f_name` = 'Leonor', `l_name` = 'Samora', `address` = '6520 Kendale Lakes Dr', `position` = 'right', `email` = 'leonor1@gmail.com', `password` = 'd73159014bc78c311fc26f72d00fa050', `phone` = '3057610606', `country` = 'United States', `state` = 'Florida', `city` = 'Miami', `street` = '6520 Kendale Lakes Dr', `zip_code` = '33183', `reg_ip` = '172.70.254.226', `status` = 1, `package_id` = '2', `rank_id` = 1, `highest_rank` = 1, `cycle_rank_id` = 1, `created` = '2024-10-01 22:21:33', `subscription_date` = '2024-10-31', `google_secret` = 'GDJIC77JDDHZZJ3J'
WHERE `uid` = '2621';
INSERT INTO `user_registration` (`uid`, `user_id`, `username`, `sponsor_id`, `placement_id`, `vacant`, `f_name`, `l_name`, `address`, `position`, `email`, `password`, `phone`, `reg_ip`, `status`, `created`) VALUES (NULL, 'VRZCWM', 'ydYTlmYk', '3VV851', '3VV851', 'yes', '', '', '', 'left', '@mail.com', '', '', '', 0, '2024-10-01 22:21:33');
INSERT INTO `user_registration` (`uid`, `user_id`, `username`, `sponsor_id`, `placement_id`, `vacant`, `f_name`, `l_name`, `address`, `position`, `email`, `password`, `phone`, `reg_ip`, `status`, `created`) VALUES (NULL, 'CGVQCD', 'EMUGKqLR', '3VV851', '3VV851', 'yes', '', '', '', 'right', '@mail.com', '', '', '', 0, '2024-10-01 22:21:33');
INSERT INTO `bv_updation` (`user_id`) VALUES ('3VV851');
UPDATE `user_registration` SET total_ref_count = total_ref_count+1
WHERE `user_id` = 'WJR372';
UPDATE `user_registration` SET total_downlines = total_downlines+1
WHERE `user_id` = 'YHW7J9';
UPDATE `user_registration` SET right_downlines = right_downlines+1
WHERE `user_id` = 'YHW7J9';
UPDATE `user_registration` SET total_downlines = total_downlines+1
WHERE `user_id` = '85EVIX';
UPDATE `user_registration` SET right_downlines = right_downlines+1
WHERE `user_id` = '85EVIX';
UPDATE `user_registration` SET total_downlines = total_downlines+1
WHERE `user_id` = 'I4HOSL';
UPDATE `user_registration` SET right_downlines = right_downlines+1
WHERE `user_id` = 'I4HOSL';
UPDATE `user_registration` SET total_downlines = total_downlines+1
WHERE `user_id` = '2SB7SO';
UPDATE `user_registration` SET right_downlines = right_downlines+1
WHERE `user_id` = '2SB7SO';
UPDATE `user_registration` SET total_downlines = total_downlines+1
WHERE `user_id` = '7UGPLB';
UPDATE `user_registration` SET right_downlines = right_downlines+1
WHERE `user_id` = '7UGPLB';
UPDATE `user_registration` SET total_downlines = total_downlines+1
WHERE `user_id` = 'G6LBV6';
UPDATE `user_registration` SET right_downlines = right_downlines+1
WHERE `user_id` = 'G6LBV6';
UPDATE `user_registration` SET total_downlines = total_downlines+1
WHERE `user_id` = '5VW2TV';
UPDATE `user_registration` SET right_downlines = right_downlines+1
WHERE `user_id` = '5VW2TV';
UPDATE `user_registration` SET total_downlines = total_downlines+1
WHERE `user_id` = '1CISMF';
UPDATE `user_registration` SET right_downlines = right_downlines+1
WHERE `user_id` = '1CISMF';
UPDATE `user_registration` SET total_downlines = total_downlines+1
WHERE `user_id` = 'WA5PMD';
UPDATE `user_registration` SET right_downlines = right_downlines+1
WHERE `user_id` = 'WA5PMD';
UPDATE `user_registration` SET total_downlines = total_downlines+1
WHERE `user_id` = 'WJR372';
UPDATE `user_registration` SET right_downlines = right_downlines+1
WHERE `user_id` = 'WJR372';
UPDATE `user_registration` SET right_ref_count = right_ref_count+1
WHERE `user_id` = 'WJR372';
UPDATE `user_registration` SET active_right = active_right+1
WHERE `user_id` = 'WJR372';
UPDATE `user_registration` SET total_downlines = total_downlines+1
WHERE `user_id` = 'YJ6OTD';
UPDATE `user_registration` SET left_downlines = left_downlines+1
WHERE `user_id` = 'YJ6OTD';
UPDATE `user_registration` SET total_downlines = total_downlines+1
WHERE `user_id` = 'F8WLAW';
UPDATE `user_registration` SET left_downlines = left_downlines+1
WHERE `user_id` = 'F8WLAW';
UPDATE `user_registration` SET total_downlines = total_downlines+1
WHERE `user_id` = '9H9OZM';
UPDATE `user_registration` SET left_downlines = left_downlines+1
WHERE `user_id` = '9H9OZM';
UPDATE `user_registration` SET total_downlines = total_downlines+1
WHERE `user_id` = 'DLP7GD';
UPDATE `user_registration` SET left_downlines = left_downlines+1
WHERE `user_id` = 'DLP7GD';
UPDATE `user_registration` SET total_downlines = total_downlines+1
WHERE `user_id` = 'VG9TO9';
UPDATE `user_registration` SET left_downlines = left_downlines+1
WHERE `user_id` = 'VG9TO9';
UPDATE `user_registration` SET total_downlines = total_downlines+1
WHERE `user_id` = 'L8R95F';
UPDATE `user_registration` SET left_downlines = left_downlines+1
WHERE `user_id` = 'L8R95F';
UPDATE `user_registration` SET total_downlines = total_downlines+1
WHERE `user_id` = 'Y9DPUD';
UPDATE `user_registration` SET left_downlines = left_downlines+1
WHERE `user_id` = 'Y9DPUD';
UPDATE `user_registration` SET total_downlines = total_downlines+1
WHERE `user_id` = '5H9TH3';
UPDATE `user_registration` SET left_downlines = left_downlines+1
WHERE `user_id` = '5H9TH3';
UPDATE `user_registration` SET total_downlines = total_downlines+1
WHERE `user_id` = 'MIT9KW';
UPDATE `user_registration` SET left_downlines = left_downlines+1
WHERE `user_id` = 'MIT9KW';
UPDATE `user_registration` SET total_downlines = total_downlines+1
WHERE `user_id` = 'IMUABZ';
UPDATE `user_registration` SET left_downlines = left_downlines+1
WHERE `user_id` = 'IMUABZ';
UPDATE `user_registration` SET total_downlines = total_downlines+1
WHERE `user_id` = 'G54QC4';
UPDATE `user_registration` SET left_downlines = left_downlines+1
WHERE `user_id` = 'G54QC4';
UPDATE `user_registration` SET total_downlines = total_downlines+1
WHERE `user_id` = '9JPZJL';
UPDATE `user_registration` SET left_downlines = left_downlines+1
WHERE `user_id` = '9JPZJL';
UPDATE `user_registration` SET total_downlines = total_downlines+1
WHERE `user_id` = 'E3PPZ3';
UPDATE `user_registration` SET left_downlines = left_downlines+1
WHERE `user_id` = 'E3PPZ3';
UPDATE `user_registration` SET total_downlines = total_downlines+1
WHERE `user_id` = '7RY1ZP';
UPDATE `user_registration` SET left_downlines = left_downlines+1
WHERE `user_id` = '7RY1ZP';
UPDATE `user_registration` SET total_downlines = total_downlines+1
WHERE `user_id` = 'ADZTOG';
UPDATE `user_registration` SET right_downlines = right_downlines+1
WHERE `user_id` = 'ADZTOG';
UPDATE `user_registration` SET total_downlines = total_downlines+1
WHERE `user_id` = 'A9858P';
UPDATE `user_registration` SET right_downlines = right_downlines+1
WHERE `user_id` = 'A9858P';
UPDATE `user_registration` SET total_downlines = total_downlines+1
WHERE `user_id` = 'admin';
UPDATE `user_registration` SET right_downlines = right_downlines+1
WHERE `user_id` = 'admin';
INSERT INTO `investment` (`invest_date`, `user_id`, `type`, `amount`, `package_id`) VALUES ('2024-10-01 22:21:34', '3VV851', 'register', '595', '2');
INSERT INTO `earnings` (`user_id`, `Purchaser_id`, `earning_type`, `package_id`, `amount`, `date`, `comments`, `invest_amount`, `comm_perc`, `level`, `rank_id`, `order_id`) VALUES ('WJR372', '3VV851', 'Direct Referral Bonus', '2', '100', '2024-10-01 22:21:34', 'Direct Referral Bonus', 0, 0, 1, '', 309);
UPDATE `user_registration` SET commission_balance = ROUND(commission_balance + 100,2)
WHERE `user_id` = 'WJR372';
UPDATE `user_registration` SET referral_bonus = ROUND(referral_bonus + 100,2)
WHERE `user_id` = 'WJR372';
INSERT INTO `earnings` (`user_id`, `Purchaser_id`, `earning_type`, `package_id`, `amount`, `date`, `comments`, `invest_amount`, `comm_perc`, `level`, `rank_id`, `order_id`) VALUES ('7RY1ZP', '3VV851', 'Expansion Bonus', '2', 100, '2024-10-01 22:21:34', 'Expansion Bonus', '100', 0, 1, '', 309);
UPDATE `user_registration` SET commission_balance = ROUND(commission_balance + 100,2)
WHERE `user_id` = '7RY1ZP';
UPDATE `user_registration` SET expansion_bonus = ROUND(expansion_bonus + 100,2)
WHERE `user_id` = '7RY1ZP';
INSERT INTO `earnings` (`user_id`, `Purchaser_id`, `earning_type`, `package_id`, `amount`, `date`, `comments`, `invest_amount`, `comm_perc`, `level`, `rank_id`, `order_id`) VALUES ('A9858P', '3VV851', 'Expansion Bonus', '2', 100, '2024-10-01 22:21:34', 'Expansion Bonus', 200, 0, 1, '', 309);
UPDATE `user_registration` SET commission_balance = ROUND(commission_balance + 100,2)
WHERE `user_id` = 'A9858P';
UPDATE `user_registration` SET expansion_bonus = ROUND(expansion_bonus + 100,2)
WHERE `user_id` = 'A9858P';
INSERT INTO `matrix_filling` (`placement_id`, `downline_id`, `level`, `matrix`) VALUES ('YHW7J9', '3VV851', 1, 1);
UPDATE `bv_updation` SET right_carry = right_carry+50, total_right = total_right+50
WHERE `user_id` = 'YHW7J9';
INSERT INTO `placement_bv_update_history` (`right_carry`, `date`, `from_id`, `user_id`) VALUES ('50', '2024-10-01 22:21:34', '3VV851', 'YHW7J9');
INSERT INTO `matrix_filling` (`placement_id`, `downline_id`, `level`, `matrix`) VALUES ('85EVIX', '3VV851', 2, 1);
UPDATE `bv_updation` SET right_carry = right_carry+50, total_right = total_right+50
WHERE `user_id` = '85EVIX';
INSERT INTO `placement_bv_update_history` (`right_carry`, `date`, `from_id`, `user_id`) VALUES ('50', '2024-10-01 22:21:34', '3VV851', '85EVIX');
INSERT INTO `matrix_filling` (`placement_id`, `downline_id`, `level`, `matrix`) VALUES ('I4HOSL', '3VV851', 3, 1);
UPDATE `bv_updation` SET right_carry = right_carry+50, total_right = total_right+50
WHERE `user_id` = 'I4HOSL';
INSERT INTO `placement_bv_update_history` (`right_carry`, `date`, `from_id`, `user_id`) VALUES ('50', '2024-10-01 22:21:34', '3VV851', 'I4HOSL');
INSERT INTO `matrix_filling` (`placement_id`, `downline_id`, `level`, `matrix`) VALUES ('2SB7SO', '3VV851', 4, 1);
UPDATE `bv_updation` SET right_carry = right_carry+50, total_right = total_right+50
WHERE `user_id` = '2SB7SO';
INSERT INTO `placement_bv_update_history` (`right_carry`, `date`, `from_id`, `user_id`) VALUES ('50', '2024-10-01 22:21:34', '3VV851', '2SB7SO');
INSERT INTO `matrix_filling` (`placement_id`, `downline_id`, `level`, `matrix`) VALUES ('7UGPLB', '3VV851', 5, 1);
UPDATE `bv_updation` SET right_carry = right_carry+50, total_right = total_right+50
WHERE `user_id` = '7UGPLB';
INSERT INTO `placement_bv_update_history` (`right_carry`, `date`, `from_id`, `user_id`) VALUES ('50', '2024-10-01 22:21:34', '3VV851', '7UGPLB');
INSERT INTO `matrix_filling` (`placement_id`, `downline_id`, `level`, `matrix`) VALUES ('G6LBV6', '3VV851', 6, 1);
UPDATE `bv_updation` SET right_carry = right_carry+50, total_right = total_right+50
WHERE `user_id` = 'G6LBV6';
INSERT INTO `placement_bv_update_history` (`right_carry`, `date`, `from_id`, `user_id`) VALUES ('50', '2024-10-01 22:21:34', '3VV851', 'G6LBV6');
INSERT INTO `matrix_filling` (`placement_id`, `downline_id`, `level`, `matrix`) VALUES ('5VW2TV', '3VV851', 7, 1);
UPDATE `bv_updation` SET right_carry = right_carry+50, total_right = total_right+50
WHERE `user_id` = '5VW2TV';
INSERT INTO `placement_bv_update_history` (`right_carry`, `date`, `from_id`, `user_id`) VALUES ('50', '2024-10-01 22:21:34', '3VV851', '5VW2TV');
INSERT INTO `matrix_filling` (`placement_id`, `downline_id`, `level`, `matrix`) VALUES ('1CISMF', '3VV851', 8, 1);
UPDATE `bv_updation` SET right_carry = right_carry+50, total_right = total_right+50
WHERE `user_id` = '1CISMF';
INSERT INTO `placement_bv_update_history` (`right_carry`, `date`, `from_id`, `user_id`) VALUES ('50', '2024-10-01 22:21:34', '3VV851', '1CISMF');
INSERT INTO `matrix_filling` (`placement_id`, `downline_id`, `level`, `matrix`) VALUES ('WA5PMD', '3VV851', 9, 1);
UPDATE `bv_updation` SET right_carry = right_carry+50, total_right = total_right+50
WHERE `user_id` = 'WA5PMD';
INSERT INTO `placement_bv_update_history` (`right_carry`, `date`, `from_id`, `user_id`) VALUES ('50', '2024-10-01 22:21:34', '3VV851', 'WA5PMD');
INSERT INTO `matrix_filling` (`placement_id`, `downline_id`, `level`, `matrix`) VALUES ('WJR372', '3VV851', 10, 1);
UPDATE `bv_updation` SET right_carry = right_carry+50, total_right = total_right+50
WHERE `user_id` = 'WJR372';
INSERT INTO `placement_bv_update_history` (`right_carry`, `date`, `from_id`, `user_id`) VALUES ('50', '2024-10-01 22:21:34', '3VV851', 'WJR372');
UPDATE `bv_updation` SET sponsor_right_carry = sponsor_right_carry+50, sponsor_total_right = sponsor_total_right+50
WHERE `user_id` = 'WJR372';
INSERT INTO `sponsor_bv_update_history` (`right_carry`, `date`, `user_id`) VALUES ('50', '2024-10-01 22:21:34', 'WJR372');
INSERT INTO `matrix_filling` (`placement_id`, `downline_id`, `level`, `matrix`) VALUES ('YJ6OTD', '3VV851', 11, 1);
UPDATE `bv_updation` SET left_carry = left_carry+50, total_left = total_left+50
WHERE `user_id` = 'YJ6OTD';
INSERT INTO `placement_bv_update_history` (`left_carry`, `date`, `from_id`, `user_id`) VALUES ('50', '2024-10-01 22:21:34', '3VV851', 'YJ6OTD');
INSERT INTO `matrix_filling` (`placement_id`, `downline_id`, `level`, `matrix`) VALUES ('F8WLAW', '3VV851', 12, 1);
UPDATE `bv_updation` SET left_carry = left_carry+50, total_left = total_left+50
WHERE `user_id` = 'F8WLAW';
INSERT INTO `placement_bv_update_history` (`left_carry`, `date`, `from_id`, `user_id`) VALUES ('50', '2024-10-01 22:21:34', '3VV851', 'F8WLAW');
INSERT INTO `matrix_filling` (`placement_id`, `downline_id`, `level`, `matrix`) VALUES ('9H9OZM', '3VV851', 13, 1);
UPDATE `bv_updation` SET left_carry = left_carry+50, total_left = total_left+50
WHERE `user_id` = '9H9OZM';
INSERT INTO `placement_bv_update_history` (`left_carry`, `date`, `from_id`, `user_id`) VALUES ('50', '2024-10-01 22:21:34', '3VV851', '9H9OZM');
INSERT INTO `matrix_filling` (`placement_id`, `downline_id`, `level`, `matrix`) VALUES ('DLP7GD', '3VV851', 14, 1);
UPDATE `bv_updation` SET left_carry = left_carry+50, total_left = total_left+50
WHERE `user_id` = 'DLP7GD';
INSERT INTO `placement_bv_update_history` (`left_carry`, `date`, `from_id`, `user_id`) VALUES ('50', '2024-10-01 22:21:34', '3VV851', 'DLP7GD');
INSERT INTO `matrix_filling` (`placement_id`, `downline_id`, `level`, `matrix`) VALUES ('VG9TO9', '3VV851', 15, 1);
UPDATE `bv_updation` SET left_carry = left_carry+50, total_left = total_left+50
WHERE `user_id` = 'VG9TO9';
INSERT INTO `placement_bv_update_history` (`left_carry`, `date`, `from_id`, `user_id`) VALUES ('50', '2024-10-01 22:21:34', '3VV851', 'VG9TO9');
INSERT INTO `matrix_filling` (`placement_id`, `downline_id`, `level`, `matrix`) VALUES ('L8R95F', '3VV851', 16, 1);
UPDATE `bv_updation` SET left_carry = left_carry+50, total_left = total_left+50
WHERE `user_id` = 'L8R95F';
INSERT INTO `placement_bv_update_history` (`left_carry`, `date`, `from_id`, `user_id`) VALUES ('50', '2024-10-01 22:21:34', '3VV851', 'L8R95F');
INSERT INTO `matrix_filling` (`placement_id`, `downline_id`, `level`, `matrix`) VALUES ('Y9DPUD', '3VV851', 17, 1);
UPDATE `bv_updation` SET left_carry = left_carry+50, total_left = total_left+50
WHERE `user_id` = 'Y9DPUD';
INSERT INTO `placement_bv_update_history` (`left_carry`, `date`, `from_id`, `user_id`) VALUES ('50', '2024-10-01 22:21:34', '3VV851', 'Y9DPUD');
INSERT INTO `matrix_filling` (`placement_id`, `downline_id`, `level`, `matrix`) VALUES ('5H9TH3', '3VV851', 18, 1);
UPDATE `bv_updation` SET left_carry = left_carry+50, total_left = total_left+50
WHERE `user_id` = '5H9TH3';
INSERT INTO `placement_bv_update_history` (`left_carry`, `date`, `from_id`, `user_id`) VALUES ('50', '2024-10-01 22:21:34', '3VV851', '5H9TH3');
INSERT INTO `matrix_filling` (`placement_id`, `downline_id`, `level`, `matrix`) VALUES ('MIT9KW', '3VV851', 19, 1);
UPDATE `bv_updation` SET left_carry = left_carry+50, total_left = total_left+50
WHERE `user_id` = 'MIT9KW';
INSERT INTO `placement_bv_update_history` (`left_carry`, `date`, `from_id`, `user_id`) VALUES ('50', '2024-10-01 22:21:34', '3VV851', 'MIT9KW');
INSERT INTO `matrix_filling` (`placement_id`, `downline_id`, `level`, `matrix`) VALUES ('IMUABZ', '3VV851', 20, 1);
UPDATE `bv_updation` SET left_carry = left_carry+50, total_left = total_left+50
WHERE `user_id` = 'IMUABZ';
INSERT INTO `placement_bv_update_history` (`left_carry`, `date`, `from_id`, `user_id`) VALUES ('50', '2024-10-01 22:21:34', '3VV851', 'IMUABZ');
INSERT INTO `matrix_filling` (`placement_id`, `downline_id`, `level`, `matrix`) VALUES ('G54QC4', '3VV851', 21, 1);
UPDATE `bv_updation` SET left_carry = left_carry+50, total_left = total_left+50
WHERE `user_id` = 'G54QC4';
INSERT INTO `placement_bv_update_history` (`left_carry`, `date`, `from_id`, `user_id`) VALUES ('50', '2024-10-01 22:21:34', '3VV851', 'G54QC4');
INSERT INTO `matrix_filling` (`placement_id`, `downline_id`, `level`, `matrix`) VALUES ('9JPZJL', '3VV851', 22, 1);
UPDATE `bv_updation` SET left_carry = left_carry+50, total_left = total_left+50
WHERE `user_id` = '9JPZJL';
INSERT INTO `placement_bv_update_history` (`left_carry`, `date`, `from_id`, `user_id`) VALUES ('50', '2024-10-01 22:21:34', '3VV851', '9JPZJL');
INSERT INTO `matrix_filling` (`placement_id`, `downline_id`, `level`, `matrix`) VALUES ('E3PPZ3', '3VV851', 23, 1);
UPDATE `bv_updation` SET left_carry = left_carry+50, total_left = total_left+50
WHERE `user_id` = 'E3PPZ3';
INSERT INTO `placement_bv_update_history` (`left_carry`, `date`, `from_id`, `user_id`) VALUES ('50', '2024-10-01 22:21:34', '3VV851', 'E3PPZ3');
INSERT INTO `matrix_filling` (`placement_id`, `downline_id`, `level`, `matrix`) VALUES ('7RY1ZP', '3VV851', 24, 1);
UPDATE `bv_updation` SET left_carry = left_carry+50, total_left = total_left+50
WHERE `user_id` = '7RY1ZP';
INSERT INTO `placement_bv_update_history` (`left_carry`, `date`, `from_id`, `user_id`) VALUES ('50', '2024-10-01 22:21:34', '3VV851', '7RY1ZP');
INSERT INTO `matrix_filling` (`placement_id`, `downline_id`, `level`, `matrix`) VALUES ('ADZTOG', '3VV851', 25, 1);
UPDATE `bv_updation` SET right_carry = right_carry+50, total_right = total_right+50
WHERE `user_id` = 'ADZTOG';
INSERT INTO `placement_bv_update_history` (`right_carry`, `date`, `from_id`, `user_id`) VALUES ('50', '2024-10-01 22:21:34', '3VV851', 'ADZTOG');
INSERT INTO `matrix_filling` (`placement_id`, `downline_id`, `level`, `matrix`) VALUES ('A9858P', '3VV851', 26, 1);
UPDATE `bv_updation` SET right_carry = right_carry+50, total_right = total_right+50
WHERE `user_id` = 'A9858P';
INSERT INTO `placement_bv_update_history` (`right_carry`, `date`, `from_id`, `user_id`) VALUES ('50', '2024-10-01 22:21:34', '3VV851', 'A9858P');
INSERT INTO `matrix_filling` (`placement_id`, `downline_id`, `level`, `matrix`) VALUES ('admin', '3VV851', 27, 1);
UPDATE `bv_updation` SET right_carry = right_carry+50, total_right = total_right+50
WHERE `user_id` = 'admin';
INSERT INTO `placement_bv_update_history` (`right_carry`, `date`, `from_id`, `user_id`) VALUES ('50', '2024-10-01 22:21:34', '3VV851', 'admin');
INSERT INTO `package_purchase_history` (`user_id`, `package_id`, `reg_fee`, `package_name`, `monthly_fee`, `type`, `date`, `payment_option`) VALUES ('3VV851', '2', '595', 'Traveler Pro', '150', 'sign_up', '2024-10-01 22:21:34', 'free');
UPDATE `user_registration` SET `uid` = '2618', `user_id` = 'IEQWM9', `username` = 'nelsonperez1', `sponsor_id` = 'LUAGN1', `vacant` = 'no', `f_name` = 'Nelson', `l_name` = 'Perez', `address` = '8100 SW 14 Terr', `position` = 'left', `email` = 'nelsonperez1@gmail.com', `password` = '0d047890836ba533b3da5e94bbe80d01', `phone` = '7862876762', `country` = 'United States', `state` = 'Florida', `city` = 'Miami', `street` = '8100 SW 14 Terr', `zip_code` = '33144', `reg_ip` = '172.70.55.236', `status` = 1, `package_id` = '2', `rank_id` = 1, `highest_rank` = 1, `cycle_rank_id` = 1, `created` = '2024-10-01 22:22:06', `subscription_date` = '2024-10-31', `google_secret` = 'DVUAXXTSHCSH2DVO'
WHERE `uid` = '2618';
INSERT INTO `user_registration` (`uid`, `user_id`, `username`, `sponsor_id`, `placement_id`, `vacant`, `f_name`, `l_name`, `address`, `position`, `email`, `password`, `phone`, `reg_ip`, `status`, `created`) VALUES (NULL, 'OQGEMY', 'DpLfFEkY', 'IEQWM9', 'IEQWM9', 'yes', '', '', '', 'left', '@mail.com', '', '', '', 0, '2024-10-01 22:22:06');
INSERT INTO `user_registration` (`uid`, `user_id`, `username`, `sponsor_id`, `placement_id`, `vacant`, `f_name`, `l_name`, `address`, `position`, `email`, `password`, `phone`, `reg_ip`, `status`, `created`) VALUES (NULL, 'OXASQY', 'NaULzPZu', 'IEQWM9', 'IEQWM9', 'yes', '', '', '', 'right', '@mail.com', '', '', '', 0, '2024-10-01 22:22:06');
INSERT INTO `bv_updation` (`user_id`) VALUES ('IEQWM9');
UPDATE `user_registration` SET total_ref_count = total_ref_count+1
WHERE `user_id` = 'LUAGN1';
UPDATE `user_registration` SET total_downlines = total_downlines+1
WHERE `user_id` = '14851N';
UPDATE `user_registration` SET left_downlines = left_downlines+1
WHERE `user_id` = '14851N';
UPDATE `user_registration` SET total_downlines = total_downlines+1
WHERE `user_id` = 'SBS5M8';
UPDATE `user_registration` SET left_downlines = left_downlines+1
WHERE `user_id` = 'SBS5M8';
UPDATE `user_registration` SET total_downlines = total_downlines+1
WHERE `user_id` = '68OEJ2';
UPDATE `user_registration` SET left_downlines = left_downlines+1
WHERE `user_id` = '68OEJ2';
UPDATE `user_registration` SET total_downlines = total_downlines+1
WHERE `user_id` = 'O7LORQ';
UPDATE `user_registration` SET left_downlines = left_downlines+1
WHERE `user_id` = 'O7LORQ';
UPDATE `user_registration` SET total_downlines = total_downlines+1
WHERE `user_id` = '9QYFCD';
UPDATE `user_registration` SET left_downlines = left_downlines+1
WHERE `user_id` = '9QYFCD';
UPDATE `user_registration` SET total_downlines = total_downlines+1
WHERE `user_id` = 'BXC9X6';
UPDATE `user_registration` SET left_downlines = left_downlines+1
WHERE `user_id` = 'BXC9X6';
UPDATE `user_registration` SET total_downlines = total_downlines+1
WHERE `user_id` = '74J5T9';
UPDATE `user_registration` SET left_downlines = left_downlines+1
WHERE `user_id` = '74J5T9';
UPDATE `user_registration` SET total_downlines = total_downlines+1
WHERE `user_id` = 'NV94W7';
UPDATE `user_registration` SET left_downlines = left_downlines+1
WHERE `user_id` = 'NV94W7';
UPDATE `user_registration` SET total_downlines = total_downlines+1
WHERE `user_id` = 'IXQT61';
UPDATE `user_registration` SET left_downlines = left_downlines+1
WHERE `user_id` = 'IXQT61';
UPDATE `user_registration` SET total_downlines = total_downlines+1
WHERE `user_id` = '8EOSVJ';
UPDATE `user_registration` SET left_downlines = left_downlines+1
WHERE `user_id` = '8EOSVJ';
UPDATE `user_registration` SET total_downlines = total_downlines+1
WHERE `user_id` = 'SJ2DF6';
UPDATE `user_registration` SET left_downlines = left_downlines+1
WHERE `user_id` = 'SJ2DF6';
UPDATE `user_registration` SET total_downlines = total_downlines+1
WHERE `user_id` = '2YSBSS';
UPDATE `user_registration` SET left_downlines = left_downlines+1
WHERE `user_id` = '2YSBSS';
UPDATE `user_registration` SET total_downlines = total_downlines+1
WHERE `user_id` = 'D2WRVN';
UPDATE `user_registration` SET left_downlines = left_downlines+1
WHERE `user_id` = 'D2WRVN';
UPDATE `user_registration` SET total_downlines = total_downlines+1
WHERE `user_id` = 'O3WR96';
UPDATE `user_registration` SET left_downlines = left_downlines+1
WHERE `user_id` = 'O3WR96';
UPDATE `user_registration` SET total_downlines = total_downlines+1
WHERE `user_id` = 'II7NUG';
UPDATE `user_registration` SET left_downlines = left_downlines+1
WHERE `user_id` = 'II7NUG';
UPDATE `user_registration` SET total_downlines = total_downlines+1
WHERE `user_id` = 'TI92GO';
UPDATE `user_registration` SET left_downlines = left_downlines+1
WHERE `user_id` = 'TI92GO';
UPDATE `user_registration` SET total_downlines = total_downlines+1
WHERE `user_id` = 'HOMSKN';
UPDATE `user_registration` SET left_downlines = left_downlines+1
WHERE `user_id` = 'HOMSKN';
UPDATE `user_registration` SET total_downlines = total_downlines+1
WHERE `user_id` = 'WQFROY';
UPDATE `user_registration` SET left_downlines = left_downlines+1
WHERE `user_id` = 'WQFROY';
UPDATE `user_registration` SET total_downlines = total_downlines+1
WHERE `user_id` = 'S8TPST';
UPDATE `user_registration` SET left_downlines = left_downlines+1
WHERE `user_id` = 'S8TPST';
UPDATE `user_registration` SET total_downlines = total_downlines+1
WHERE `user_id` = 'BD2LIM';
UPDATE `user_registration` SET left_downlines = left_downlines+1
WHERE `user_id` = 'BD2LIM';
UPDATE `user_registration` SET total_downlines = total_downlines+1
WHERE `user_id` = 'JNGCQK';
UPDATE `user_registration` SET left_downlines = left_downlines+1
WHERE `user_id` = 'JNGCQK';
UPDATE `user_registration` SET total_downlines = total_downlines+1
WHERE `user_id` = 'QOHBYS';
UPDATE `user_registration` SET left_downlines = left_downlines+1
WHERE `user_id` = 'QOHBYS';
UPDATE `user_registration` SET total_downlines = total_downlines+1
WHERE `user_id` = 'LUAGN1';
UPDATE `user_registration` SET left_downlines = left_downlines+1
WHERE `user_id` = 'LUAGN1';
UPDATE `user_registration` SET left_ref_count = left_ref_count+1
WHERE `user_id` = 'LUAGN1';
UPDATE `user_registration` SET active_left = active_left+1
WHERE `user_id` = 'LUAGN1';
UPDATE `user_registration` SET total_downlines = total_downlines+1
WHERE `user_id` = '6DEXJW';
UPDATE `user_registration` SET left_downlines = left_downlines+1
WHERE `user_id` = '6DEXJW';
UPDATE `user_registration` SET total_downlines = total_downlines+1
WHERE `user_id` = 'DM1Y9N';
UPDATE `user_registration` SET right_downlines = right_downlines+1
WHERE `user_id` = 'DM1Y9N';
UPDATE `user_registration` SET total_downlines = total_downlines+1
WHERE `user_id` = 'A9858P';
UPDATE `user_registration` SET left_downlines = left_downlines+1
WHERE `user_id` = 'A9858P';
UPDATE `user_registration` SET total_downlines = total_downlines+1
WHERE `user_id` = 'admin';
UPDATE `user_registration` SET right_downlines = right_downlines+1
WHERE `user_id` = 'admin';
INSERT INTO `investment` (`invest_date`, `user_id`, `type`, `amount`, `package_id`) VALUES ('2024-10-01 22:22:06', 'IEQWM9', 'register', '595', '2');
INSERT INTO `earnings` (`user_id`, `Purchaser_id`, `earning_type`, `package_id`, `amount`, `date`, `comments`, `invest_amount`, `comm_perc`, `level`, `rank_id`, `order_id`) VALUES ('LUAGN1', 'IEQWM9', 'Direct Referral Bonus', '2', '100', '2024-10-01 22:22:06', 'Direct Referral Bonus', 0, 0, 1, '', 310);
UPDATE `user_registration` SET commission_balance = ROUND(commission_balance + 100,2)
WHERE `user_id` = 'LUAGN1';
UPDATE `user_registration` SET referral_bonus = ROUND(referral_bonus + 100,2)
WHERE `user_id` = 'LUAGN1';
INSERT INTO `earnings` (`user_id`, `Purchaser_id`, `earning_type`, `package_id`, `amount`, `date`, `comments`, `invest_amount`, `comm_perc`, `level`, `rank_id`, `order_id`) VALUES ('DM1Y9N', 'IEQWM9', 'Expansion Bonus', '2', 100, '2024-10-01 22:22:06', 'Expansion Bonus', '100', 0, 1, '', 310);
UPDATE `user_registration` SET commission_balance = ROUND(commission_balance + 100,2)
WHERE `user_id` = 'DM1Y9N';
UPDATE `user_registration` SET expansion_bonus = ROUND(expansion_bonus + 100,2)
WHERE `user_id` = 'DM1Y9N';
INSERT INTO `earnings` (`user_id`, `Purchaser_id`, `earning_type`, `package_id`, `amount`, `date`, `comments`, `invest_amount`, `comm_perc`, `level`, `rank_id`, `order_id`) VALUES ('A9858P', 'IEQWM9', 'Expansion Bonus', '2', 100, '2024-10-01 22:22:06', 'Expansion Bonus', 200, 0, 1, '', 310);
UPDATE `user_registration` SET commission_balance = ROUND(commission_balance + 100,2)
WHERE `user_id` = 'A9858P';
UPDATE `user_registration` SET expansion_bonus = ROUND(expansion_bonus + 100,2)
WHERE `user_id` = 'A9858P';
INSERT INTO `matrix_filling` (`placement_id`, `downline_id`, `level`, `matrix`) VALUES ('14851N', 'IEQWM9', 1, 1);
UPDATE `bv_updation` SET left_carry = left_carry+50, total_left = total_left+50
WHERE `user_id` = '14851N';
INSERT INTO `placement_bv_update_history` (`left_carry`, `date`, `from_id`, `user_id`) VALUES ('50', '2024-10-01 22:22:06', 'IEQWM9', '14851N');
INSERT INTO `matrix_filling` (`placement_id`, `downline_id`, `level`, `matrix`) VALUES ('SBS5M8', 'IEQWM9', 2, 1);
UPDATE `bv_updation` SET left_carry = left_carry+50, total_left = total_left+50
WHERE `user_id` = 'SBS5M8';
INSERT INTO `placement_bv_update_history` (`left_carry`, `date`, `from_id`, `user_id`) VALUES ('50', '2024-10-01 22:22:06', 'IEQWM9', 'SBS5M8');
INSERT INTO `matrix_filling` (`placement_id`, `downline_id`, `level`, `matrix`) VALUES ('68OEJ2', 'IEQWM9', 3, 1);
UPDATE `bv_updation` SET left_carry = left_carry+50, total_left = total_left+50
WHERE `user_id` = '68OEJ2';
INSERT INTO `placement_bv_update_history` (`left_carry`, `date`, `from_id`, `user_id`) VALUES ('50', '2024-10-01 22:22:06', 'IEQWM9', '68OEJ2');
INSERT INTO `matrix_filling` (`placement_id`, `downline_id`, `level`, `matrix`) VALUES ('O7LORQ', 'IEQWM9', 4, 1);
UPDATE `bv_updation` SET left_carry = left_carry+50, total_left = total_left+50
WHERE `user_id` = 'O7LORQ';
INSERT INTO `placement_bv_update_history` (`left_carry`, `date`, `from_id`, `user_id`) VALUES ('50', '2024-10-01 22:22:06', 'IEQWM9', 'O7LORQ');
INSERT INTO `matrix_filling` (`placement_id`, `downline_id`, `level`, `matrix`) VALUES ('9QYFCD', 'IEQWM9', 5, 1);
UPDATE `bv_updation` SET left_carry = left_carry+50, total_left = total_left+50
WHERE `user_id` = '9QYFCD';
INSERT INTO `placement_bv_update_history` (`left_carry`, `date`, `from_id`, `user_id`) VALUES ('50', '2024-10-01 22:22:06', 'IEQWM9', '9QYFCD');
INSERT INTO `matrix_filling` (`placement_id`, `downline_id`, `level`, `matrix`) VALUES ('BXC9X6', 'IEQWM9', 6, 1);
UPDATE `bv_updation` SET left_carry = left_carry+50, total_left = total_left+50
WHERE `user_id` = 'BXC9X6';
INSERT INTO `placement_bv_update_history` (`left_carry`, `date`, `from_id`, `user_id`) VALUES ('50', '2024-10-01 22:22:06', 'IEQWM9', 'BXC9X6');
INSERT INTO `matrix_filling` (`placement_id`, `downline_id`, `level`, `matrix`) VALUES ('74J5T9', 'IEQWM9', 7, 1);
UPDATE `bv_updation` SET left_carry = left_carry+50, total_left = total_left+50
WHERE `user_id` = '74J5T9';
INSERT INTO `placement_bv_update_history` (`left_carry`, `date`, `from_id`, `user_id`) VALUES ('50', '2024-10-01 22:22:06', 'IEQWM9', '74J5T9');
INSERT INTO `matrix_filling` (`placement_id`, `downline_id`, `level`, `matrix`) VALUES ('NV94W7', 'IEQWM9', 8, 1);
UPDATE `bv_updation` SET left_carry = left_carry+50, total_left = total_left+50
WHERE `user_id` = 'NV94W7';
INSERT INTO `placement_bv_update_history` (`left_carry`, `date`, `from_id`, `user_id`) VALUES ('50', '2024-10-01 22:22:06', 'IEQWM9', 'NV94W7');
INSERT INTO `matrix_filling` (`placement_id`, `downline_id`, `level`, `matrix`) VALUES ('IXQT61', 'IEQWM9', 9, 1);
UPDATE `bv_updation` SET left_carry = left_carry+50, total_left = total_left+50
WHERE `user_id` = 'IXQT61';
INSERT INTO `placement_bv_update_history` (`left_carry`, `date`, `from_id`, `user_id`) VALUES ('50', '2024-10-01 22:22:06', 'IEQWM9', 'IXQT61');
INSERT INTO `matrix_filling` (`placement_id`, `downline_id`, `level`, `matrix`) VALUES ('8EOSVJ', 'IEQWM9', 10, 1);
UPDATE `bv_updation` SET left_carry = left_carry+50, total_left = total_left+50
WHERE `user_id` = '8EOSVJ';
INSERT INTO `placement_bv_update_history` (`left_carry`, `date`, `from_id`, `user_id`) VALUES ('50', '2024-10-01 22:22:06', 'IEQWM9', '8EOSVJ');
INSERT INTO `matrix_filling` (`placement_id`, `downline_id`, `level`, `matrix`) VALUES ('SJ2DF6', 'IEQWM9', 11, 1);
UPDATE `bv_updation` SET left_carry = left_carry+50, total_left = total_left+50
WHERE `user_id` = 'SJ2DF6';
INSERT INTO `placement_bv_update_history` (`left_carry`, `date`, `from_id`, `user_id`) VALUES ('50', '2024-10-01 22:22:06', 'IEQWM9', 'SJ2DF6');
INSERT INTO `matrix_filling` (`placement_id`, `downline_id`, `level`, `matrix`) VALUES ('2YSBSS', 'IEQWM9', 12, 1);
UPDATE `bv_updation` SET left_carry = left_carry+50, total_left = total_left+50
WHERE `user_id` = '2YSBSS';
INSERT INTO `placement_bv_update_history` (`left_carry`, `date`, `from_id`, `user_id`) VALUES ('50', '2024-10-01 22:22:06', 'IEQWM9', '2YSBSS');
INSERT INTO `matrix_filling` (`placement_id`, `downline_id`, `level`, `matrix`) VALUES ('D2WRVN', 'IEQWM9', 13, 1);
UPDATE `bv_updation` SET left_carry = left_carry+50, total_left = total_left+50
WHERE `user_id` = 'D2WRVN';
INSERT INTO `placement_bv_update_history` (`left_carry`, `date`, `from_id`, `user_id`) VALUES ('50', '2024-10-01 22:22:06', 'IEQWM9', 'D2WRVN');
INSERT INTO `matrix_filling` (`placement_id`, `downline_id`, `level`, `matrix`) VALUES ('O3WR96', 'IEQWM9', 14, 1);
UPDATE `bv_updation` SET left_carry = left_carry+50, total_left = total_left+50
WHERE `user_id` = 'O3WR96';
INSERT INTO `placement_bv_update_history` (`left_carry`, `date`, `from_id`, `user_id`) VALUES ('50', '2024-10-01 22:22:06', 'IEQWM9', 'O3WR96');
INSERT INTO `matrix_filling` (`placement_id`, `downline_id`, `level`, `matrix`) VALUES ('II7NUG', 'IEQWM9', 15, 1);
UPDATE `bv_updation` SET left_carry = left_carry+50, total_left = total_left+50
WHERE `user_id` = 'II7NUG';
INSERT INTO `placement_bv_update_history` (`left_carry`, `date`, `from_id`, `user_id`) VALUES ('50', '2024-10-01 22:22:06', 'IEQWM9', 'II7NUG');
INSERT INTO `matrix_filling` (`placement_id`, `downline_id`, `level`, `matrix`) VALUES ('TI92GO', 'IEQWM9', 16, 1);
UPDATE `bv_updation` SET left_carry = left_carry+50, total_left = total_left+50
WHERE `user_id` = 'TI92GO';
INSERT INTO `placement_bv_update_history` (`left_carry`, `date`, `from_id`, `user_id`) VALUES ('50', '2024-10-01 22:22:06', 'IEQWM9', 'TI92GO');
INSERT INTO `matrix_filling` (`placement_id`, `downline_id`, `level`, `matrix`) VALUES ('HOMSKN', 'IEQWM9', 17, 1);
UPDATE `bv_updation` SET left_carry = left_carry+50, total_left = total_left+50
WHERE `user_id` = 'HOMSKN';
INSERT INTO `placement_bv_update_history` (`left_carry`, `date`, `from_id`, `user_id`) VALUES ('50', '2024-10-01 22:22:06', 'IEQWM9', 'HOMSKN');
INSERT INTO `matrix_filling` (`placement_id`, `downline_id`, `level`, `matrix`) VALUES ('WQFROY', 'IEQWM9', 18, 1);
UPDATE `bv_updation` SET left_carry = left_carry+50, total_left = total_left+50
WHERE `user_id` = 'WQFROY';
INSERT INTO `placement_bv_update_history` (`left_carry`, `date`, `from_id`, `user_id`) VALUES ('50', '2024-10-01 22:22:06', 'IEQWM9', 'WQFROY');
INSERT INTO `matrix_filling` (`placement_id`, `downline_id`, `level`, `matrix`) VALUES ('S8TPST', 'IEQWM9', 19, 1);
UPDATE `bv_updation` SET left_carry = left_carry+50, total_left = total_left+50
WHERE `user_id` = 'S8TPST';
INSERT INTO `placement_bv_update_history` (`left_carry`, `date`, `from_id`, `user_id`) VALUES ('50', '2024-10-01 22:22:06', 'IEQWM9', 'S8TPST');
INSERT INTO `matrix_filling` (`placement_id`, `downline_id`, `level`, `matrix`) VALUES ('BD2LIM', 'IEQWM9', 20, 1);
UPDATE `bv_updation` SET left_carry = left_carry+50, total_left = total_left+50
WHERE `user_id` = 'BD2LIM';
INSERT INTO `placement_bv_update_history` (`left_carry`, `date`, `from_id`, `user_id`) VALUES ('50', '2024-10-01 22:22:06', 'IEQWM9', 'BD2LIM');
INSERT INTO `matrix_filling` (`placement_id`, `downline_id`, `level`, `matrix`) VALUES ('JNGCQK', 'IEQWM9', 21, 1);
UPDATE `bv_updation` SET left_carry = left_carry+50, total_left = total_left+50
WHERE `user_id` = 'JNGCQK';
INSERT INTO `placement_bv_update_history` (`left_carry`, `date`, `from_id`, `user_id`) VALUES ('50', '2024-10-01 22:22:06', 'IEQWM9', 'JNGCQK');
INSERT INTO `matrix_filling` (`placement_id`, `downline_id`, `level`, `matrix`) VALUES ('QOHBYS', 'IEQWM9', 22, 1);
UPDATE `bv_updation` SET left_carry = left_carry+50, total_left = total_left+50
WHERE `user_id` = 'QOHBYS';
INSERT INTO `placement_bv_update_history` (`left_carry`, `date`, `from_id`, `user_id`) VALUES ('50', '2024-10-01 22:22:06', 'IEQWM9', 'QOHBYS');
INSERT INTO `matrix_filling` (`placement_id`, `downline_id`, `level`, `matrix`) VALUES ('LUAGN1', 'IEQWM9', 23, 1);
UPDATE `bv_updation` SET left_carry = left_carry+50, total_left = total_left+50
WHERE `user_id` = 'LUAGN1';
INSERT INTO `placement_bv_update_history` (`left_carry`, `date`, `from_id`, `user_id`) VALUES ('50', '2024-10-01 22:22:06', 'IEQWM9', 'LUAGN1');
UPDATE `bv_updation` SET sponsor_left_carry = sponsor_left_carry+50, sponsor_total_left = sponsor_total_left+50
WHERE `user_id` = 'LUAGN1';
INSERT INTO `sponsor_bv_update_history` (`left_carry`, `date`, `user_id`) VALUES ('50', '2024-10-01 22:22:06', 'LUAGN1');
INSERT INTO `matrix_filling` (`placement_id`, `downline_id`, `level`, `matrix`) VALUES ('6DEXJW', 'IEQWM9', 24, 1);
UPDATE `bv_updation` SET left_carry = left_carry+50, total_left = total_left+50
WHERE `user_id` = '6DEXJW';
INSERT INTO `placement_bv_update_history` (`left_carry`, `date`, `from_id`, `user_id`) VALUES ('50', '2024-10-01 22:22:06', 'IEQWM9', '6DEXJW');
INSERT INTO `matrix_filling` (`placement_id`, `downline_id`, `level`, `matrix`) VALUES ('DM1Y9N', 'IEQWM9', 25, 1);
UPDATE `bv_updation` SET right_carry = right_carry+50, total_right = total_right+50
WHERE `user_id` = 'DM1Y9N';
INSERT INTO `placement_bv_update_history` (`right_carry`, `date`, `from_id`, `user_id`) VALUES ('50', '2024-10-01 22:22:06', 'IEQWM9', 'DM1Y9N');
INSERT INTO `matrix_filling` (`placement_id`, `downline_id`, `level`, `matrix`) VALUES ('A9858P', 'IEQWM9', 26, 1);
UPDATE `bv_updation` SET left_carry = left_carry+50, total_left = total_left+50
WHERE `user_id` = 'A9858P';
INSERT INTO `placement_bv_update_history` (`left_carry`, `date`, `from_id`, `user_id`) VALUES ('50', '2024-10-01 22:22:06', 'IEQWM9', 'A9858P');
INSERT INTO `matrix_filling` (`placement_id`, `downline_id`, `level`, `matrix`) VALUES ('admin', 'IEQWM9', 27, 1);
UPDATE `bv_updation` SET right_carry = right_carry+50, total_right = total_right+50
WHERE `user_id` = 'admin';
INSERT INTO `placement_bv_update_history` (`right_carry`, `date`, `from_id`, `user_id`) VALUES ('50', '2024-10-01 22:22:06', 'IEQWM9', 'admin');
INSERT INTO `package_purchase_history` (`user_id`, `package_id`, `reg_fee`, `package_name`, `monthly_fee`, `type`, `date`, `payment_option`) VALUES ('IEQWM9', '2', '595', 'Traveler Pro', '150', 'sign_up', '2024-10-01 22:22:06', 'free');
UPDATE `user_registration` SET `popup_seen` = 'yes'
WHERE `user_id` = 'LUAGN1';
UPDATE `user_registration` SET `uid` = '2625', `user_id` = 'T2P1D9', `username` = 'leandra1', `sponsor_id` = 'WJR372', `vacant` = 'no', `f_name` = 'Leandra', `l_name` = 'Galindez', `address` = '6520 Kendale Lakes Dr', `position` = 'right', `email` = 'leandra1@gmail.com', `password` = '2ea9010429792cddd40c3df526bbf738', `phone` = '3057610606', `country` = 'United States', `state` = 'Florida', `city` = 'Miami', `street` = '6520 Kendale Lakes Dr', `zip_code` = '33183', `reg_ip` = '172.70.83.104', `status` = 1, `package_id` = '2', `rank_id` = 1, `highest_rank` = 1, `cycle_rank_id` = 1, `created` = '2024-10-01 22:22:45', `subscription_date` = '2024-10-31', `google_secret` = 'S4QJ2CPV6OE4FPW4'
WHERE `uid` = '2625';
INSERT INTO `user_registration` (`uid`, `user_id`, `username`, `sponsor_id`, `placement_id`, `vacant`, `f_name`, `l_name`, `address`, `position`, `email`, `password`, `phone`, `reg_ip`, `status`, `created`) VALUES (NULL, 'JBDWCV', 'tVrhkTGi', 'T2P1D9', 'T2P1D9', 'yes', '', '', '', 'left', '@mail.com', '', '', '', 0, '2024-10-01 22:22:45');
INSERT INTO `user_registration` (`uid`, `user_id`, `username`, `sponsor_id`, `placement_id`, `vacant`, `f_name`, `l_name`, `address`, `position`, `email`, `password`, `phone`, `reg_ip`, `status`, `created`) VALUES (NULL, 'MZIMJH', 'NXmiSiOU', 'T2P1D9', 'T2P1D9', 'yes', '', '', '', 'right', '@mail.com', '', '', '', 0, '2024-10-01 22:22:45');
INSERT INTO `bv_updation` (`user_id`) VALUES ('T2P1D9');
UPDATE `user_registration` SET total_ref_count = total_ref_count+1
WHERE `user_id` = 'WJR372';
UPDATE `user_registration` SET total_downlines = total_downlines+1
WHERE `user_id` = '3VV851';
UPDATE `user_registration` SET right_downlines = right_downlines+1
WHERE `user_id` = '3VV851';
UPDATE `user_registration` SET total_downlines = total_downlines+1
WHERE `user_id` = 'YHW7J9';
UPDATE `user_registration` SET right_downlines = right_downlines+1
WHERE `user_id` = 'YHW7J9';
UPDATE `user_registration` SET total_downlines = total_downlines+1
WHERE `user_id` = '85EVIX';
UPDATE `user_registration` SET right_downlines = right_downlines+1
WHERE `user_id` = '85EVIX';
UPDATE `user_registration` SET total_downlines = total_downlines+1
WHERE `user_id` = 'I4HOSL';
UPDATE `user_registration` SET right_downlines = right_downlines+1
WHERE `user_id` = 'I4HOSL';
UPDATE `user_registration` SET total_downlines = total_downlines+1
WHERE `user_id` = '2SB7SO';
UPDATE `user_registration` SET right_downlines = right_downlines+1
WHERE `user_id` = '2SB7SO';
UPDATE `user_registration` SET total_downlines = total_downlines+1
WHERE `user_id` = '7UGPLB';
UPDATE `user_registration` SET right_downlines = right_downlines+1
WHERE `user_id` = '7UGPLB';
UPDATE `user_registration` SET total_downlines = total_downlines+1
WHERE `user_id` = 'G6LBV6';
UPDATE `user_registration` SET right_downlines = right_downlines+1
WHERE `user_id` = 'G6LBV6';
UPDATE `user_registration` SET total_downlines = total_downlines+1
WHERE `user_id` = '5VW2TV';
UPDATE `user_registration` SET right_downlines = right_downlines+1
WHERE `user_id` = '5VW2TV';
UPDATE `user_registration` SET total_downlines = total_downlines+1
WHERE `user_id` = '1CISMF';
UPDATE `user_registration` SET right_downlines = right_downlines+1
WHERE `user_id` = '1CISMF';
UPDATE `user_registration` SET total_downlines = total_downlines+1
WHERE `user_id` = 'WA5PMD';
UPDATE `user_registration` SET right_downlines = right_downlines+1
WHERE `user_id` = 'WA5PMD';
UPDATE `user_registration` SET total_downlines = total_downlines+1
WHERE `user_id` = 'WJR372';
UPDATE `user_registration` SET right_downlines = right_downlines+1
WHERE `user_id` = 'WJR372';
UPDATE `user_registration` SET right_ref_count = right_ref_count+1
WHERE `user_id` = 'WJR372';
UPDATE `user_registration` SET active_right = active_right+1
WHERE `user_id` = 'WJR372';
UPDATE `user_registration` SET total_downlines = total_downlines+1
WHERE `user_id` = 'YJ6OTD';
UPDATE `user_registration` SET left_downlines = left_downlines+1
WHERE `user_id` = 'YJ6OTD';
UPDATE `user_registration` SET total_downlines = total_downlines+1
WHERE `user_id` = 'F8WLAW';
UPDATE `user_registration` SET left_downlines = left_downlines+1
WHERE `user_id` = 'F8WLAW';
UPDATE `user_registration` SET total_downlines = total_downlines+1
WHERE `user_id` = '9H9OZM';
UPDATE `user_registration` SET left_downlines = left_downlines+1
WHERE `user_id` = '9H9OZM';
UPDATE `user_registration` SET total_downlines = total_downlines+1
WHERE `user_id` = 'DLP7GD';
UPDATE `user_registration` SET left_downlines = left_downlines+1
WHERE `user_id` = 'DLP7GD';
UPDATE `user_registration` SET total_downlines = total_downlines+1
WHERE `user_id` = 'VG9TO9';
UPDATE `user_registration` SET left_downlines = left_downlines+1
WHERE `user_id` = 'VG9TO9';
UPDATE `user_registration` SET total_downlines = total_downlines+1
WHERE `user_id` = 'L8R95F';
UPDATE `user_registration` SET left_downlines = left_downlines+1
WHERE `user_id` = 'L8R95F';
UPDATE `user_registration` SET total_downlines = total_downlines+1
WHERE `user_id` = 'Y9DPUD';
UPDATE `user_registration` SET left_downlines = left_downlines+1
WHERE `user_id` = 'Y9DPUD';
UPDATE `user_registration` SET total_downlines = total_downlines+1
WHERE `user_id` = '5H9TH3';
UPDATE `user_registration` SET left_downlines = left_downlines+1
WHERE `user_id` = '5H9TH3';
UPDATE `user_registration` SET total_downlines = total_downlines+1
WHERE `user_id` = 'MIT9KW';
UPDATE `user_registration` SET left_downlines = left_downlines+1
WHERE `user_id` = 'MIT9KW';
UPDATE `user_registration` SET total_downlines = total_downlines+1
WHERE `user_id` = 'IMUABZ';
UPDATE `user_registration` SET left_downlines = left_downlines+1
WHERE `user_id` = 'IMUABZ';
UPDATE `user_registration` SET total_downlines = total_downlines+1
WHERE `user_id` = 'G54QC4';
UPDATE `user_registration` SET left_downlines = left_downlines+1
WHERE `user_id` = 'G54QC4';
UPDATE `user_registration` SET total_downlines = total_downlines+1
WHERE `user_id` = '9JPZJL';
UPDATE `user_registration` SET left_downlines = left_downlines+1
WHERE `user_id` = '9JPZJL';
UPDATE `user_registration` SET total_downlines = total_downlines+1
WHERE `user_id` = 'E3PPZ3';
UPDATE `user_registration` SET left_downlines = left_downlines+1
WHERE `user_id` = 'E3PPZ3';
UPDATE `user_registration` SET total_downlines = total_downlines+1
WHERE `user_id` = '7RY1ZP';
UPDATE `user_registration` SET left_downlines = left_downlines+1
WHERE `user_id` = '7RY1ZP';
UPDATE `user_registration` SET total_downlines = total_downlines+1
WHERE `user_id` = 'ADZTOG';
UPDATE `user_registration` SET right_downlines = right_downlines+1
WHERE `user_id` = 'ADZTOG';
UPDATE `user_registration` SET total_downlines = total_downlines+1
WHERE `user_id` = 'A9858P';
UPDATE `user_registration` SET right_downlines = right_downlines+1
WHERE `user_id` = 'A9858P';
UPDATE `user_registration` SET total_downlines = total_downlines+1
WHERE `user_id` = 'admin';
UPDATE `user_registration` SET right_downlines = right_downlines+1
WHERE `user_id` = 'admin';
INSERT INTO `investment` (`invest_date`, `user_id`, `type`, `amount`, `package_id`) VALUES ('2024-10-01 22:22:45', 'T2P1D9', 'register', '595', '2');
INSERT INTO `earnings` (`user_id`, `Purchaser_id`, `earning_type`, `package_id`, `amount`, `date`, `comments`, `invest_amount`, `comm_perc`, `level`, `rank_id`, `order_id`) VALUES ('WJR372', 'T2P1D9', 'Direct Referral Bonus', '2', '100', '2024-10-01 22:22:45', 'Direct Referral Bonus', 0, 0, 1, '', 311);
UPDATE `user_registration` SET commission_balance = ROUND(commission_balance + 100,2)
WHERE `user_id` = 'WJR372';
UPDATE `user_registration` SET referral_bonus = ROUND(referral_bonus + 100,2)
WHERE `user_id` = 'WJR372';
INSERT INTO `earnings` (`user_id`, `Purchaser_id`, `earning_type`, `package_id`, `amount`, `date`, `comments`, `invest_amount`, `comm_perc`, `level`, `rank_id`, `order_id`) VALUES ('7RY1ZP', 'T2P1D9', 'Expansion Bonus', '2', 100, '2024-10-01 22:22:45', 'Expansion Bonus', '100', 0, 1, '', 311);
UPDATE `user_registration` SET commission_balance = ROUND(commission_balance + 100,2)
WHERE `user_id` = '7RY1ZP';
UPDATE `user_registration` SET expansion_bonus = ROUND(expansion_bonus + 100,2)
WHERE `user_id` = '7RY1ZP';
INSERT INTO `earnings` (`user_id`, `Purchaser_id`, `earning_type`, `package_id`, `amount`, `date`, `comments`, `invest_amount`, `comm_perc`, `level`, `rank_id`, `order_id`) VALUES ('A9858P', 'T2P1D9', 'Expansion Bonus', '2', 100, '2024-10-01 22:22:45', 'Expansion Bonus', 200, 0, 1, '', 311);
UPDATE `user_registration` SET commission_balance = ROUND(commission_balance + 100,2)
WHERE `user_id` = 'A9858P';
UPDATE `user_registration` SET expansion_bonus = ROUND(expansion_bonus + 100,2)
WHERE `user_id` = 'A9858P';
INSERT INTO `matrix_filling` (`placement_id`, `downline_id`, `level`, `matrix`) VALUES ('3VV851', 'T2P1D9', 1, 1);
UPDATE `bv_updation` SET right_carry = right_carry+50, total_right = total_right+50
WHERE `user_id` = '3VV851';
INSERT INTO `placement_bv_update_history` (`right_carry`, `date`, `from_id`, `user_id`) VALUES ('50', '2024-10-01 22:22:45', 'T2P1D9', '3VV851');
INSERT INTO `matrix_filling` (`placement_id`, `downline_id`, `level`, `matrix`) VALUES ('YHW7J9', 'T2P1D9', 2, 1);
UPDATE `bv_updation` SET right_carry = right_carry+50, total_right = total_right+50
WHERE `user_id` = 'YHW7J9';
INSERT INTO `placement_bv_update_history` (`right_carry`, `date`, `from_id`, `user_id`) VALUES ('50', '2024-10-01 22:22:45', 'T2P1D9', 'YHW7J9');
INSERT INTO `matrix_filling` (`placement_id`, `downline_id`, `level`, `matrix`) VALUES ('85EVIX', 'T2P1D9', 3, 1);
UPDATE `bv_updation` SET right_carry = right_carry+50, total_right = total_right+50
WHERE `user_id` = '85EVIX';
INSERT INTO `placement_bv_update_history` (`right_carry`, `date`, `from_id`, `user_id`) VALUES ('50', '2024-10-01 22:22:45', 'T2P1D9', '85EVIX');
INSERT INTO `matrix_filling` (`placement_id`, `downline_id`, `level`, `matrix`) VALUES ('I4HOSL', 'T2P1D9', 4, 1);
UPDATE `bv_updation` SET right_carry = right_carry+50, total_right = total_right+50
WHERE `user_id` = 'I4HOSL';
INSERT INTO `placement_bv_update_history` (`right_carry`, `date`, `from_id`, `user_id`) VALUES ('50', '2024-10-01 22:22:45', 'T2P1D9', 'I4HOSL');
INSERT INTO `matrix_filling` (`placement_id`, `downline_id`, `level`, `matrix`) VALUES ('2SB7SO', 'T2P1D9', 5, 1);
UPDATE `bv_updation` SET right_carry = right_carry+50, total_right = total_right+50
WHERE `user_id` = '2SB7SO';
INSERT INTO `placement_bv_update_history` (`right_carry`, `date`, `from_id`, `user_id`) VALUES ('50', '2024-10-01 22:22:45', 'T2P1D9', '2SB7SO');
INSERT INTO `matrix_filling` (`placement_id`, `downline_id`, `level`, `matrix`) VALUES ('7UGPLB', 'T2P1D9', 6, 1);
UPDATE `bv_updation` SET right_carry = right_carry+50, total_right = total_right+50
WHERE `user_id` = '7UGPLB';
INSERT INTO `placement_bv_update_history` (`right_carry`, `date`, `from_id`, `user_id`) VALUES ('50', '2024-10-01 22:22:45', 'T2P1D9', '7UGPLB');
INSERT INTO `matrix_filling` (`placement_id`, `downline_id`, `level`, `matrix`) VALUES ('G6LBV6', 'T2P1D9', 7, 1);
UPDATE `bv_updation` SET right_carry = right_carry+50, total_right = total_right+50
WHERE `user_id` = 'G6LBV6';
INSERT INTO `placement_bv_update_history` (`right_carry`, `date`, `from_id`, `user_id`) VALUES ('50', '2024-10-01 22:22:45', 'T2P1D9', 'G6LBV6');
INSERT INTO `matrix_filling` (`placement_id`, `downline_id`, `level`, `matrix`) VALUES ('5VW2TV', 'T2P1D9', 8, 1);
UPDATE `bv_updation` SET right_carry = right_carry+50, total_right = total_right+50
WHERE `user_id` = '5VW2TV';
INSERT INTO `placement_bv_update_history` (`right_carry`, `date`, `from_id`, `user_id`) VALUES ('50', '2024-10-01 22:22:45', 'T2P1D9', '5VW2TV');
INSERT INTO `matrix_filling` (`placement_id`, `downline_id`, `level`, `matrix`) VALUES ('1CISMF', 'T2P1D9', 9, 1);
UPDATE `bv_updation` SET right_carry = right_carry+50, total_right = total_right+50
WHERE `user_id` = '1CISMF';
INSERT INTO `placement_bv_update_history` (`right_carry`, `date`, `from_id`, `user_id`) VALUES ('50', '2024-10-01 22:22:45', 'T2P1D9', '1CISMF');
INSERT INTO `matrix_filling` (`placement_id`, `downline_id`, `level`, `matrix`) VALUES ('WA5PMD', 'T2P1D9', 10, 1);
UPDATE `bv_updation` SET right_carry = right_carry+50, total_right = total_right+50
WHERE `user_id` = 'WA5PMD';
INSERT INTO `placement_bv_update_history` (`right_carry`, `date`, `from_id`, `user_id`) VALUES ('50', '2024-10-01 22:22:45', 'T2P1D9', 'WA5PMD');
INSERT INTO `matrix_filling` (`placement_id`, `downline_id`, `level`, `matrix`) VALUES ('WJR372', 'T2P1D9', 11, 1);
UPDATE `bv_updation` SET right_carry = right_carry+50, total_right = total_right+50
WHERE `user_id` = 'WJR372';
INSERT INTO `placement_bv_update_history` (`right_carry`, `date`, `from_id`, `user_id`) VALUES ('50', '2024-10-01 22:22:45', 'T2P1D9', 'WJR372');
UPDATE `bv_updation` SET sponsor_right_carry = sponsor_right_carry+50, sponsor_total_right = sponsor_total_right+50
WHERE `user_id` = 'WJR372';
INSERT INTO `sponsor_bv_update_history` (`right_carry`, `date`, `user_id`) VALUES ('50', '2024-10-01 22:22:45', 'WJR372');
INSERT INTO `matrix_filling` (`placement_id`, `downline_id`, `level`, `matrix`) VALUES ('YJ6OTD', 'T2P1D9', 12, 1);
UPDATE `bv_updation` SET left_carry = left_carry+50, total_left = total_left+50
WHERE `user_id` = 'YJ6OTD';
INSERT INTO `placement_bv_update_history` (`left_carry`, `date`, `from_id`, `user_id`) VALUES ('50', '2024-10-01 22:22:45', 'T2P1D9', 'YJ6OTD');
INSERT INTO `matrix_filling` (`placement_id`, `downline_id`, `level`, `matrix`) VALUES ('F8WLAW', 'T2P1D9', 13, 1);
UPDATE `bv_updation` SET left_carry = left_carry+50, total_left = total_left+50
WHERE `user_id` = 'F8WLAW';
INSERT INTO `placement_bv_update_history` (`left_carry`, `date`, `from_id`, `user_id`) VALUES ('50', '2024-10-01 22:22:45', 'T2P1D9', 'F8WLAW');
INSERT INTO `matrix_filling` (`placement_id`, `downline_id`, `level`, `matrix`) VALUES ('9H9OZM', 'T2P1D9', 14, 1);
UPDATE `bv_updation` SET left_carry = left_carry+50, total_left = total_left+50
WHERE `user_id` = '9H9OZM';
INSERT INTO `placement_bv_update_history` (`left_carry`, `date`, `from_id`, `user_id`) VALUES ('50', '2024-10-01 22:22:45', 'T2P1D9', '9H9OZM');
INSERT INTO `matrix_filling` (`placement_id`, `downline_id`, `level`, `matrix`) VALUES ('DLP7GD', 'T2P1D9', 15, 1);
UPDATE `bv_updation` SET left_carry = left_carry+50, total_left = total_left+50
WHERE `user_id` = 'DLP7GD';
INSERT INTO `placement_bv_update_history` (`left_carry`, `date`, `from_id`, `user_id`) VALUES ('50', '2024-10-01 22:22:45', 'T2P1D9', 'DLP7GD');
INSERT INTO `matrix_filling` (`placement_id`, `downline_id`, `level`, `matrix`) VALUES ('VG9TO9', 'T2P1D9', 16, 1);
UPDATE `bv_updation` SET left_carry = left_carry+50, total_left = total_left+50
WHERE `user_id` = 'VG9TO9';
INSERT INTO `placement_bv_update_history` (`left_carry`, `date`, `from_id`, `user_id`) VALUES ('50', '2024-10-01 22:22:45', 'T2P1D9', 'VG9TO9');
INSERT INTO `matrix_filling` (`placement_id`, `downline_id`, `level`, `matrix`) VALUES ('L8R95F', 'T2P1D9', 17, 1);
UPDATE `bv_updation` SET left_carry = left_carry+50, total_left = total_left+50
WHERE `user_id` = 'L8R95F';
INSERT INTO `placement_bv_update_history` (`left_carry`, `date`, `from_id`, `user_id`) VALUES ('50', '2024-10-01 22:22:45', 'T2P1D9', 'L8R95F');
INSERT INTO `matrix_filling` (`placement_id`, `downline_id`, `level`, `matrix`) VALUES ('Y9DPUD', 'T2P1D9', 18, 1);
UPDATE `bv_updation` SET left_carry = left_carry+50, total_left = total_left+50
WHERE `user_id` = 'Y9DPUD';
INSERT INTO `placement_bv_update_history` (`left_carry`, `date`, `from_id`, `user_id`) VALUES ('50', '2024-10-01 22:22:45', 'T2P1D9', 'Y9DPUD');
INSERT INTO `matrix_filling` (`placement_id`, `downline_id`, `level`, `matrix`) VALUES ('5H9TH3', 'T2P1D9', 19, 1);
UPDATE `bv_updation` SET left_carry = left_carry+50, total_left = total_left+50
WHERE `user_id` = '5H9TH3';
INSERT INTO `placement_bv_update_history` (`left_carry`, `date`, `from_id`, `user_id`) VALUES ('50', '2024-10-01 22:22:45', 'T2P1D9', '5H9TH3');
INSERT INTO `matrix_filling` (`placement_id`, `downline_id`, `level`, `matrix`) VALUES ('MIT9KW', 'T2P1D9', 20, 1);
UPDATE `bv_updation` SET left_carry = left_carry+50, total_left = total_left+50
WHERE `user_id` = 'MIT9KW';
INSERT INTO `placement_bv_update_history` (`left_carry`, `date`, `from_id`, `user_id`) VALUES ('50', '2024-10-01 22:22:45', 'T2P1D9', 'MIT9KW');
INSERT INTO `matrix_filling` (`placement_id`, `downline_id`, `level`, `matrix`) VALUES ('IMUABZ', 'T2P1D9', 21, 1);
UPDATE `bv_updation` SET left_carry = left_carry+50, total_left = total_left+50
WHERE `user_id` = 'IMUABZ';
INSERT INTO `placement_bv_update_history` (`left_carry`, `date`, `from_id`, `user_id`) VALUES ('50', '2024-10-01 22:22:45', 'T2P1D9', 'IMUABZ');
INSERT INTO `matrix_filling` (`placement_id`, `downline_id`, `level`, `matrix`) VALUES ('G54QC4', 'T2P1D9', 22, 1);
UPDATE `bv_updation` SET left_carry = left_carry+50, total_left = total_left+50
WHERE `user_id` = 'G54QC4';
INSERT INTO `placement_bv_update_history` (`left_carry`, `date`, `from_id`, `user_id`) VALUES ('50', '2024-10-01 22:22:45', 'T2P1D9', 'G54QC4');
INSERT INTO `matrix_filling` (`placement_id`, `downline_id`, `level`, `matrix`) VALUES ('9JPZJL', 'T2P1D9', 23, 1);
UPDATE `bv_updation` SET left_carry = left_carry+50, total_left = total_left+50
WHERE `user_id` = '9JPZJL';
INSERT INTO `placement_bv_update_history` (`left_carry`, `date`, `from_id`, `user_id`) VALUES ('50', '2024-10-01 22:22:45', 'T2P1D9', '9JPZJL');
INSERT INTO `matrix_filling` (`placement_id`, `downline_id`, `level`, `matrix`) VALUES ('E3PPZ3', 'T2P1D9', 24, 1);
UPDATE `bv_updation` SET left_carry = left_carry+50, total_left = total_left+50
WHERE `user_id` = 'E3PPZ3';
INSERT INTO `placement_bv_update_history` (`left_carry`, `date`, `from_id`, `user_id`) VALUES ('50', '2024-10-01 22:22:45', 'T2P1D9', 'E3PPZ3');
INSERT INTO `matrix_filling` (`placement_id`, `downline_id`, `level`, `matrix`) VALUES ('7RY1ZP', 'T2P1D9', 25, 1);
UPDATE `bv_updation` SET left_carry = left_carry+50, total_left = total_left+50
WHERE `user_id` = '7RY1ZP';
INSERT INTO `placement_bv_update_history` (`left_carry`, `date`, `from_id`, `user_id`) VALUES ('50', '2024-10-01 22:22:45', 'T2P1D9', '7RY1ZP');
INSERT INTO `matrix_filling` (`placement_id`, `downline_id`, `level`, `matrix`) VALUES ('ADZTOG', 'T2P1D9', 26, 1);
UPDATE `bv_updation` SET right_carry = right_carry+50, total_right = total_right+50
WHERE `user_id` = 'ADZTOG';
INSERT INTO `placement_bv_update_history` (`right_carry`, `date`, `from_id`, `user_id`) VALUES ('50', '2024-10-01 22:22:45', 'T2P1D9', 'ADZTOG');
INSERT INTO `matrix_filling` (`placement_id`, `downline_id`, `level`, `matrix`) VALUES ('A9858P', 'T2P1D9', 27, 1);
UPDATE `bv_updation` SET right_carry = right_carry+50, total_right = total_right+50
WHERE `user_id` = 'A9858P';
INSERT INTO `placement_bv_update_history` (`right_carry`, `date`, `from_id`, `user_id`) VALUES ('50', '2024-10-01 22:22:45', 'T2P1D9', 'A9858P');
INSERT INTO `matrix_filling` (`placement_id`, `downline_id`, `level`, `matrix`) VALUES ('admin', 'T2P1D9', 28, 1);
UPDATE `bv_updation` SET right_carry = right_carry+50, total_right = total_right+50
WHERE `user_id` = 'admin';
INSERT INTO `placement_bv_update_history` (`right_carry`, `date`, `from_id`, `user_id`) VALUES ('50', '2024-10-01 22:22:45', 'T2P1D9', 'admin');
INSERT INTO `package_purchase_history` (`user_id`, `package_id`, `reg_fee`, `package_name`, `monthly_fee`, `type`, `date`, `payment_option`) VALUES ('T2P1D9', '2', '595', 'Traveler Pro', '150', 'sign_up', '2024-10-01 22:22:45', 'free');
UPDATE `user_registration` SET `uid` = '2623', `user_id` = '3B2SIM', `username` = 'norgi1', `sponsor_id` = 'LUAGN1', `vacant` = 'no', `f_name` = 'Norgi', `l_name` = 'Perez', `address` = '8100 SW 14 Terr', `position` = 'right', `email` = 'norgi1@gmail.com', `password` = '0d047890836ba533b3da5e94bbe80d01', `phone` = '7862876762', `country` = 'United States', `state` = 'Florida', `city` = 'Miami', `street` = '8100 SW 14 Terr', `zip_code` = '33144', `reg_ip` = '172.70.255.65', `status` = 1, `package_id` = '2', `rank_id` = 1, `highest_rank` = 1, `cycle_rank_id` = 1, `created` = '2024-10-01 22:23:22', `subscription_date` = '2024-10-31', `google_secret` = 'AM4NSTSYKOX4I3EA'
WHERE `uid` = '2623';
INSERT INTO `user_registration` (`uid`, `user_id`, `username`, `sponsor_id`, `placement_id`, `vacant`, `f_name`, `l_name`, `address`, `position`, `email`, `password`, `phone`, `reg_ip`, `status`, `created`) VALUES (NULL, 'VNNKIR', 'wfjAryXx', '3B2SIM', '3B2SIM', 'yes', '', '', '', 'left', '@mail.com', '', '', '', 0, '2024-10-01 22:23:22');
INSERT INTO `user_registration` (`uid`, `user_id`, `username`, `sponsor_id`, `placement_id`, `vacant`, `f_name`, `l_name`, `address`, `position`, `email`, `password`, `phone`, `reg_ip`, `status`, `created`) VALUES (NULL, 'OKAOYQ', 'znrGRQgy', '3B2SIM', '3B2SIM', 'yes', '', '', '', 'right', '@mail.com', '', '', '', 0, '2024-10-01 22:23:22');
INSERT INTO `bv_updation` (`user_id`) VALUES ('3B2SIM');
UPDATE `user_registration` SET total_ref_count = total_ref_count+1
WHERE `user_id` = 'LUAGN1';
UPDATE `user_registration` SET total_downlines = total_downlines+1
WHERE `user_id` = 'VXVFBP';
UPDATE `user_registration` SET right_downlines = right_downlines+1
WHERE `user_id` = 'VXVFBP';
UPDATE `user_registration` SET total_downlines = total_downlines+1
WHERE `user_id` = 'V5XZBX';
UPDATE `user_registration` SET right_downlines = right_downlines+1
WHERE `user_id` = 'V5XZBX';
UPDATE `user_registration` SET total_downlines = total_downlines+1
WHERE `user_id` = 'JNB7J5';
UPDATE `user_registration` SET right_downlines = right_downlines+1
WHERE `user_id` = 'JNB7J5';
UPDATE `user_registration` SET total_downlines = total_downlines+1
WHERE `user_id` = 'MDC3EC';
UPDATE `user_registration` SET right_downlines = right_downlines+1
WHERE `user_id` = 'MDC3EC';
UPDATE `user_registration` SET total_downlines = total_downlines+1
WHERE `user_id` = 'NEL8HC';
UPDATE `user_registration` SET right_downlines = right_downlines+1
WHERE `user_id` = 'NEL8HC';
UPDATE `user_registration` SET total_downlines = total_downlines+1
WHERE `user_id` = 'FTNCHD';
UPDATE `user_registration` SET right_downlines = right_downlines+1
WHERE `user_id` = 'FTNCHD';
UPDATE `user_registration` SET total_downlines = total_downlines+1
WHERE `user_id` = 'UC2PHS';
UPDATE `user_registration` SET right_downlines = right_downlines+1
WHERE `user_id` = 'UC2PHS';
UPDATE `user_registration` SET total_downlines = total_downlines+1
WHERE `user_id` = 'S6Y615';
UPDATE `user_registration` SET right_downlines = right_downlines+1
WHERE `user_id` = 'S6Y615';
UPDATE `user_registration` SET total_downlines = total_downlines+1
WHERE `user_id` = 'GZZ2NE';
UPDATE `user_registration` SET right_downlines = right_downlines+1
WHERE `user_id` = 'GZZ2NE';
UPDATE `user_registration` SET total_downlines = total_downlines+1
WHERE `user_id` = 'TBNWFI';
UPDATE `user_registration` SET right_downlines = right_downlines+1
WHERE `user_id` = 'TBNWFI';
UPDATE `user_registration` SET total_downlines = total_downlines+1
WHERE `user_id` = '2ZBFLF';
UPDATE `user_registration` SET right_downlines = right_downlines+1
WHERE `user_id` = '2ZBFLF';
UPDATE `user_registration` SET total_downlines = total_downlines+1
WHERE `user_id` = 'PWB9RY';
UPDATE `user_registration` SET right_downlines = right_downlines+1
WHERE `user_id` = 'PWB9RY';
UPDATE `user_registration` SET total_downlines = total_downlines+1
WHERE `user_id` = '7QWHHF';
UPDATE `user_registration` SET right_downlines = right_downlines+1
WHERE `user_id` = '7QWHHF';
UPDATE `user_registration` SET total_downlines = total_downlines+1
WHERE `user_id` = 'YTHSAV';
UPDATE `user_registration` SET right_downlines = right_downlines+1
WHERE `user_id` = 'YTHSAV';
UPDATE `user_registration` SET total_downlines = total_downlines+1
WHERE `user_id` = 'TV9UQH';
UPDATE `user_registration` SET right_downlines = right_downlines+1
WHERE `user_id` = 'TV9UQH';
UPDATE `user_registration` SET total_downlines = total_downlines+1
WHERE `user_id` = 'KZTY9T';
UPDATE `user_registration` SET right_downlines = right_downlines+1
WHERE `user_id` = 'KZTY9T';
UPDATE `user_registration` SET total_downlines = total_downlines+1
WHERE `user_id` = '2K9C1S';
UPDATE `user_registration` SET right_downlines = right_downlines+1
WHERE `user_id` = '2K9C1S';
UPDATE `user_registration` SET total_downlines = total_downlines+1
WHERE `user_id` = 'IPUSFA';
UPDATE `user_registration` SET right_downlines = right_downlines+1
WHERE `user_id` = 'IPUSFA';
UPDATE `user_registration` SET total_downlines = total_downlines+1
WHERE `user_id` = 'JSMVWA';
UPDATE `user_registration` SET right_downlines = right_downlines+1
WHERE `user_id` = 'JSMVWA';
UPDATE `user_registration` SET total_downlines = total_downlines+1
WHERE `user_id` = 'Y741WF';
UPDATE `user_registration` SET right_downlines = right_downlines+1
WHERE `user_id` = 'Y741WF';
UPDATE `user_registration` SET total_downlines = total_downlines+1
WHERE `user_id` = 'JLTMOH';
UPDATE `user_registration` SET right_downlines = right_downlines+1
WHERE `user_id` = 'JLTMOH';
UPDATE `user_registration` SET total_downlines = total_downlines+1
WHERE `user_id` = 'NS15G5';
UPDATE `user_registration` SET right_downlines = right_downlines+1
WHERE `user_id` = 'NS15G5';
UPDATE `user_registration` SET total_downlines = total_downlines+1
WHERE `user_id` = 'YU8PLO';
UPDATE `user_registration` SET right_downlines = right_downlines+1
WHERE `user_id` = 'YU8PLO';
UPDATE `user_registration` SET total_downlines = total_downlines+1
WHERE `user_id` = 'LUAGN1';
UPDATE `user_registration` SET right_downlines = right_downlines+1
WHERE `user_id` = 'LUAGN1';
UPDATE `user_registration` SET right_ref_count = right_ref_count+1
WHERE `user_id` = 'LUAGN1';
UPDATE `user_registration` SET active_right = active_right+1
WHERE `user_id` = 'LUAGN1';
UPDATE `user_registration` SET total_downlines = total_downlines+1
WHERE `user_id` = '6DEXJW';
UPDATE `user_registration` SET left_downlines = left_downlines+1
WHERE `user_id` = '6DEXJW';
UPDATE `user_registration` SET total_downlines = total_downlines+1
WHERE `user_id` = 'DM1Y9N';
UPDATE `user_registration` SET right_downlines = right_downlines+1
WHERE `user_id` = 'DM1Y9N';
UPDATE `user_registration` SET total_downlines = total_downlines+1
WHERE `user_id` = 'A9858P';
UPDATE `user_registration` SET left_downlines = left_downlines+1
WHERE `user_id` = 'A9858P';
UPDATE `user_registration` SET total_downlines = total_downlines+1
WHERE `user_id` = 'admin';
UPDATE `user_registration` SET right_downlines = right_downlines+1
WHERE `user_id` = 'admin';
INSERT INTO `investment` (`invest_date`, `user_id`, `type`, `amount`, `package_id`) VALUES ('2024-10-01 22:23:22', '3B2SIM', 'register', '595', '2');
INSERT INTO `earnings` (`user_id`, `Purchaser_id`, `earning_type`, `package_id`, `amount`, `date`, `comments`, `invest_amount`, `comm_perc`, `level`, `rank_id`, `order_id`) VALUES ('LUAGN1', '3B2SIM', 'Direct Referral Bonus', '2', '100', '2024-10-01 22:23:22', 'Direct Referral Bonus', 0, 0, 1, '', 312);
UPDATE `user_registration` SET commission_balance = ROUND(commission_balance + 100,2)
WHERE `user_id` = 'LUAGN1';
UPDATE `user_registration` SET referral_bonus = ROUND(referral_bonus + 100,2)
WHERE `user_id` = 'LUAGN1';
INSERT INTO `earnings` (`user_id`, `Purchaser_id`, `earning_type`, `package_id`, `amount`, `date`, `comments`, `invest_amount`, `comm_perc`, `level`, `rank_id`, `order_id`) VALUES ('DM1Y9N', '3B2SIM', 'Expansion Bonus', '2', 100, '2024-10-01 22:23:22', 'Expansion Bonus', '100', 0, 1, '', 312);
UPDATE `user_registration` SET commission_balance = ROUND(commission_balance + 100,2)
WHERE `user_id` = 'DM1Y9N';
UPDATE `user_registration` SET expansion_bonus = ROUND(expansion_bonus + 100,2)
WHERE `user_id` = 'DM1Y9N';
INSERT INTO `earnings` (`user_id`, `Purchaser_id`, `earning_type`, `package_id`, `amount`, `date`, `comments`, `invest_amount`, `comm_perc`, `level`, `rank_id`, `order_id`) VALUES ('A9858P', '3B2SIM', 'Expansion Bonus', '2', 100, '2024-10-01 22:23:22', 'Expansion Bonus', 200, 0, 1, '', 312);
UPDATE `user_registration` SET commission_balance = ROUND(commission_balance + 100,2)
WHERE `user_id` = 'A9858P';
UPDATE `user_registration` SET expansion_bonus = ROUND(expansion_bonus + 100,2)
WHERE `user_id` = 'A9858P';
INSERT INTO `matrix_filling` (`placement_id`, `downline_id`, `level`, `matrix`) VALUES ('VXVFBP', '3B2SIM', 1, 1);
UPDATE `bv_updation` SET right_carry = right_carry+50, total_right = total_right+50
WHERE `user_id` = 'VXVFBP';
INSERT INTO `placement_bv_update_history` (`right_carry`, `date`, `from_id`, `user_id`) VALUES ('50', '2024-10-01 22:23:22', '3B2SIM', 'VXVFBP');
INSERT INTO `matrix_filling` (`placement_id`, `downline_id`, `level`, `matrix`) VALUES ('V5XZBX', '3B2SIM', 2, 1);
UPDATE `bv_updation` SET right_carry = right_carry+50, total_right = total_right+50
WHERE `user_id` = 'V5XZBX';
INSERT INTO `placement_bv_update_history` (`right_carry`, `date`, `from_id`, `user_id`) VALUES ('50', '2024-10-01 22:23:22', '3B2SIM', 'V5XZBX');
INSERT INTO `matrix_filling` (`placement_id`, `downline_id`, `level`, `matrix`) VALUES ('JNB7J5', '3B2SIM', 3, 1);
UPDATE `bv_updation` SET right_carry = right_carry+50, total_right = total_right+50
WHERE `user_id` = 'JNB7J5';
INSERT INTO `placement_bv_update_history` (`right_carry`, `date`, `from_id`, `user_id`) VALUES ('50', '2024-10-01 22:23:22', '3B2SIM', 'JNB7J5');
INSERT INTO `matrix_filling` (`placement_id`, `downline_id`, `level`, `matrix`) VALUES ('MDC3EC', '3B2SIM', 4, 1);
UPDATE `bv_updation` SET right_carry = right_carry+50, total_right = total_right+50
WHERE `user_id` = 'MDC3EC';
INSERT INTO `placement_bv_update_history` (`right_carry`, `date`, `from_id`, `user_id`) VALUES ('50', '2024-10-01 22:23:22', '3B2SIM', 'MDC3EC');
INSERT INTO `matrix_filling` (`placement_id`, `downline_id`, `level`, `matrix`) VALUES ('NEL8HC', '3B2SIM', 5, 1);
UPDATE `bv_updation` SET right_carry = right_carry+50, total_right = total_right+50
WHERE `user_id` = 'NEL8HC';
INSERT INTO `placement_bv_update_history` (`right_carry`, `date`, `from_id`, `user_id`) VALUES ('50', '2024-10-01 22:23:22', '3B2SIM', 'NEL8HC');
INSERT INTO `matrix_filling` (`placement_id`, `downline_id`, `level`, `matrix`) VALUES ('FTNCHD', '3B2SIM', 6, 1);
UPDATE `bv_updation` SET right_carry = right_carry+50, total_right = total_right+50
WHERE `user_id` = 'FTNCHD';
INSERT INTO `placement_bv_update_history` (`right_carry`, `date`, `from_id`, `user_id`) VALUES ('50', '2024-10-01 22:23:22', '3B2SIM', 'FTNCHD');
INSERT INTO `matrix_filling` (`placement_id`, `downline_id`, `level`, `matrix`) VALUES ('UC2PHS', '3B2SIM', 7, 1);
UPDATE `bv_updation` SET right_carry = right_carry+50, total_right = total_right+50
WHERE `user_id` = 'UC2PHS';
INSERT INTO `placement_bv_update_history` (`right_carry`, `date`, `from_id`, `user_id`) VALUES ('50', '2024-10-01 22:23:22', '3B2SIM', 'UC2PHS');
INSERT INTO `matrix_filling` (`placement_id`, `downline_id`, `level`, `matrix`) VALUES ('S6Y615', '3B2SIM', 8, 1);
UPDATE `bv_updation` SET right_carry = right_carry+50, total_right = total_right+50
WHERE `user_id` = 'S6Y615';
INSERT INTO `placement_bv_update_history` (`right_carry`, `date`, `from_id`, `user_id`) VALUES ('50', '2024-10-01 22:23:22', '3B2SIM', 'S6Y615');
INSERT INTO `matrix_filling` (`placement_id`, `downline_id`, `level`, `matrix`) VALUES ('GZZ2NE', '3B2SIM', 9, 1);
UPDATE `bv_updation` SET right_carry = right_carry+50, total_right = total_right+50
WHERE `user_id` = 'GZZ2NE';
INSERT INTO `placement_bv_update_history` (`right_carry`, `date`, `from_id`, `user_id`) VALUES ('50', '2024-10-01 22:23:22', '3B2SIM', 'GZZ2NE');
INSERT INTO `matrix_filling` (`placement_id`, `downline_id`, `level`, `matrix`) VALUES ('TBNWFI', '3B2SIM', 10, 1);
UPDATE `bv_updation` SET right_carry = right_carry+50, total_right = total_right+50
WHERE `user_id` = 'TBNWFI';
INSERT INTO `placement_bv_update_history` (`right_carry`, `date`, `from_id`, `user_id`) VALUES ('50', '2024-10-01 22:23:22', '3B2SIM', 'TBNWFI');
INSERT INTO `matrix_filling` (`placement_id`, `downline_id`, `level`, `matrix`) VALUES ('2ZBFLF', '3B2SIM', 11, 1);
UPDATE `bv_updation` SET right_carry = right_carry+50, total_right = total_right+50
WHERE `user_id` = '2ZBFLF';
INSERT INTO `placement_bv_update_history` (`right_carry`, `date`, `from_id`, `user_id`) VALUES ('50', '2024-10-01 22:23:22', '3B2SIM', '2ZBFLF');
INSERT INTO `matrix_filling` (`placement_id`, `downline_id`, `level`, `matrix`) VALUES ('PWB9RY', '3B2SIM', 12, 1);
UPDATE `bv_updation` SET right_carry = right_carry+50, total_right = total_right+50
WHERE `user_id` = 'PWB9RY';
INSERT INTO `placement_bv_update_history` (`right_carry`, `date`, `from_id`, `user_id`) VALUES ('50', '2024-10-01 22:23:22', '3B2SIM', 'PWB9RY');
INSERT INTO `matrix_filling` (`placement_id`, `downline_id`, `level`, `matrix`) VALUES ('7QWHHF', '3B2SIM', 13, 1);
UPDATE `bv_updation` SET right_carry = right_carry+50, total_right = total_right+50
WHERE `user_id` = '7QWHHF';
INSERT INTO `placement_bv_update_history` (`right_carry`, `date`, `from_id`, `user_id`) VALUES ('50', '2024-10-01 22:23:22', '3B2SIM', '7QWHHF');
INSERT INTO `matrix_filling` (`placement_id`, `downline_id`, `level`, `matrix`) VALUES ('YTHSAV', '3B2SIM', 14, 1);
UPDATE `bv_updation` SET right_carry = right_carry+50, total_right = total_right+50
WHERE `user_id` = 'YTHSAV';
INSERT INTO `placement_bv_update_history` (`right_carry`, `date`, `from_id`, `user_id`) VALUES ('50', '2024-10-01 22:23:22', '3B2SIM', 'YTHSAV');
INSERT INTO `matrix_filling` (`placement_id`, `downline_id`, `level`, `matrix`) VALUES ('TV9UQH', '3B2SIM', 15, 1);
UPDATE `bv_updation` SET right_carry = right_carry+50, total_right = total_right+50
WHERE `user_id` = 'TV9UQH';
INSERT INTO `placement_bv_update_history` (`right_carry`, `date`, `from_id`, `user_id`) VALUES ('50', '2024-10-01 22:23:22', '3B2SIM', 'TV9UQH');
INSERT INTO `matrix_filling` (`placement_id`, `downline_id`, `level`, `matrix`) VALUES ('KZTY9T', '3B2SIM', 16, 1);
UPDATE `bv_updation` SET right_carry = right_carry+50, total_right = total_right+50
WHERE `user_id` = 'KZTY9T';
INSERT INTO `placement_bv_update_history` (`right_carry`, `date`, `from_id`, `user_id`) VALUES ('50', '2024-10-01 22:23:22', '3B2SIM', 'KZTY9T');
INSERT INTO `matrix_filling` (`placement_id`, `downline_id`, `level`, `matrix`) VALUES ('2K9C1S', '3B2SIM', 17, 1);
UPDATE `bv_updation` SET right_carry = right_carry+50, total_right = total_right+50
WHERE `user_id` = '2K9C1S';
INSERT INTO `placement_bv_update_history` (`right_carry`, `date`, `from_id`, `user_id`) VALUES ('50', '2024-10-01 22:23:22', '3B2SIM', '2K9C1S');
INSERT INTO `matrix_filling` (`placement_id`, `downline_id`, `level`, `matrix`) VALUES ('IPUSFA', '3B2SIM', 18, 1);
UPDATE `bv_updation` SET right_carry = right_carry+50, total_right = total_right+50
WHERE `user_id` = 'IPUSFA';
INSERT INTO `placement_bv_update_history` (`right_carry`, `date`, `from_id`, `user_id`) VALUES ('50', '2024-10-01 22:23:22', '3B2SIM', 'IPUSFA');
INSERT INTO `matrix_filling` (`placement_id`, `downline_id`, `level`, `matrix`) VALUES ('JSMVWA', '3B2SIM', 19, 1);
UPDATE `bv_updation` SET right_carry = right_carry+50, total_right = total_right+50
WHERE `user_id` = 'JSMVWA';
INSERT INTO `placement_bv_update_history` (`right_carry`, `date`, `from_id`, `user_id`) VALUES ('50', '2024-10-01 22:23:22', '3B2SIM', 'JSMVWA');
INSERT INTO `matrix_filling` (`placement_id`, `downline_id`, `level`, `matrix`) VALUES ('Y741WF', '3B2SIM', 20, 1);
UPDATE `bv_updation` SET right_carry = right_carry+50, total_right = total_right+50
WHERE `user_id` = 'Y741WF';
INSERT INTO `placement_bv_update_history` (`right_carry`, `date`, `from_id`, `user_id`) VALUES ('50', '2024-10-01 22:23:22', '3B2SIM', 'Y741WF');
INSERT INTO `matrix_filling` (`placement_id`, `downline_id`, `level`, `matrix`) VALUES ('JLTMOH', '3B2SIM', 21, 1);
UPDATE `bv_updation` SET right_carry = right_carry+50, total_right = total_right+50
WHERE `user_id` = 'JLTMOH';
INSERT INTO `placement_bv_update_history` (`right_carry`, `date`, `from_id`, `user_id`) VALUES ('50', '2024-10-01 22:23:22', '3B2SIM', 'JLTMOH');
INSERT INTO `matrix_filling` (`placement_id`, `downline_id`, `level`, `matrix`) VALUES ('NS15G5', '3B2SIM', 22, 1);
UPDATE `bv_updation` SET right_carry = right_carry+50, total_right = total_right+50
WHERE `user_id` = 'NS15G5';
INSERT INTO `placement_bv_update_history` (`right_carry`, `date`, `from_id`, `user_id`) VALUES ('50', '2024-10-01 22:23:22', '3B2SIM', 'NS15G5');
INSERT INTO `matrix_filling` (`placement_id`, `downline_id`, `level`, `matrix`) VALUES ('YU8PLO', '3B2SIM', 23, 1);
UPDATE `bv_updation` SET right_carry = right_carry+50, total_right = total_right+50
WHERE `user_id` = 'YU8PLO';
INSERT INTO `placement_bv_update_history` (`right_carry`, `date`, `from_id`, `user_id`) VALUES ('50', '2024-10-01 22:23:22', '3B2SIM', 'YU8PLO');
INSERT INTO `matrix_filling` (`placement_id`, `downline_id`, `level`, `matrix`) VALUES ('LUAGN1', '3B2SIM', 24, 1);
UPDATE `bv_updation` SET right_carry = right_carry+50, total_right = total_right+50
WHERE `user_id` = 'LUAGN1';
INSERT INTO `placement_bv_update_history` (`right_carry`, `date`, `from_id`, `user_id`) VALUES ('50', '2024-10-01 22:23:22', '3B2SIM', 'LUAGN1');
UPDATE `bv_updation` SET sponsor_right_carry = sponsor_right_carry+50, sponsor_total_right = sponsor_total_right+50
WHERE `user_id` = 'LUAGN1';
INSERT INTO `sponsor_bv_update_history` (`right_carry`, `date`, `user_id`) VALUES ('50', '2024-10-01 22:23:22', 'LUAGN1');
INSERT INTO `matrix_filling` (`placement_id`, `downline_id`, `level`, `matrix`) VALUES ('6DEXJW', '3B2SIM', 25, 1);
UPDATE `bv_updation` SET left_carry = left_carry+50, total_left = total_left+50
WHERE `user_id` = '6DEXJW';
INSERT INTO `placement_bv_update_history` (`left_carry`, `date`, `from_id`, `user_id`) VALUES ('50', '2024-10-01 22:23:22', '3B2SIM', '6DEXJW');
INSERT INTO `matrix_filling` (`placement_id`, `downline_id`, `level`, `matrix`) VALUES ('DM1Y9N', '3B2SIM', 26, 1);
UPDATE `bv_updation` SET right_carry = right_carry+50, total_right = total_right+50
WHERE `user_id` = 'DM1Y9N';
INSERT INTO `placement_bv_update_history` (`right_carry`, `date`, `from_id`, `user_id`) VALUES ('50', '2024-10-01 22:23:22', '3B2SIM', 'DM1Y9N');
INSERT INTO `matrix_filling` (`placement_id`, `downline_id`, `level`, `matrix`) VALUES ('A9858P', '3B2SIM', 27, 1);
UPDATE `bv_updation` SET left_carry = left_carry+50, total_left = total_left+50
WHERE `user_id` = 'A9858P';
INSERT INTO `placement_bv_update_history` (`left_carry`, `date`, `from_id`, `user_id`) VALUES ('50', '2024-10-01 22:23:22', '3B2SIM', 'A9858P');
INSERT INTO `matrix_filling` (`placement_id`, `downline_id`, `level`, `matrix`) VALUES ('admin', '3B2SIM', 28, 1);
UPDATE `bv_updation` SET right_carry = right_carry+50, total_right = total_right+50
WHERE `user_id` = 'admin';
INSERT INTO `placement_bv_update_history` (`right_carry`, `date`, `from_id`, `user_id`) VALUES ('50', '2024-10-01 22:23:22', '3B2SIM', 'admin');
INSERT INTO `package_purchase_history` (`user_id`, `package_id`, `reg_fee`, `package_name`, `monthly_fee`, `type`, `date`, `payment_option`) VALUES ('3B2SIM', '2', '595', 'Traveler Pro', '150', 'sign_up', '2024-10-01 22:23:22', 'free');
UPDATE `ci_sessions` SET `timestamp` = 1727839404, `data` = '__ci_last_regenerate|i:1727839404;id|s:4:\"2184\";user_id|s:6:\"LUAGN1\";username|s:11:\"juancarlos1\";sponsor_id|s:6:\"6DEXJW\";fullname|s:17:\"Juan Carlos Perez\";email|s:21:\"juancarlos1@gmail.com\";phone|s:10:\"7862876762\";isLogIn|b:1;message|s:44:\"Your registration completed successfully...!\";__ci_vars|a:1:{s:7:\"message\";s:3:\"new\";}'
WHERE `id` = 'a591b931d1733688d66ef6a1b421869a94613496';
UPDATE `user_registration` SET `uid` = '2629', `user_id` = 'TXRFEG', `username` = 'arnaldo1', `sponsor_id` = 'WJR372', `vacant` = 'no', `f_name` = 'Arnaldo', `l_name` = 'Acosta', `address` = '6520 Kendale Lakes Dr', `position` = 'right', `email` = 'arnaldo1@gmail.com', `password` = 'afdd0b4ad2ec172c586e2150770fbf9e', `phone` = '3057610606', `country` = 'United States', `state` = 'Florida', `city` = 'Miami', `street` = '6520 Kendale Lakes Dr', `zip_code` = '33183', `reg_ip` = '172.70.54.31', `status` = 1, `package_id` = '2', `rank_id` = 1, `highest_rank` = 1, `cycle_rank_id` = 1, `created` = '2024-10-01 22:23:52', `subscription_date` = '2024-10-31', `google_secret` = 'MJR5B4AHEJMKXJF6'
WHERE `uid` = '2629';
INSERT INTO `user_registration` (`uid`, `user_id`, `username`, `sponsor_id`, `placement_id`, `vacant`, `f_name`, `l_name`, `address`, `position`, `email`, `password`, `phone`, `reg_ip`, `status`, `created`) VALUES (NULL, 'ACPSWJ', 'ugEVURjf', 'TXRFEG', 'TXRFEG', 'yes', '', '', '', 'left', '@mail.com', '', '', '', 0, '2024-10-01 22:23:53');
INSERT INTO `user_registration` (`uid`, `user_id`, `username`, `sponsor_id`, `placement_id`, `vacant`, `f_name`, `l_name`, `address`, `position`, `email`, `password`, `phone`, `reg_ip`, `status`, `created`) VALUES (NULL, 'ANAEVB', 'CPjUPkPA', 'TXRFEG', 'TXRFEG', 'yes', '', '', '', 'right', '@mail.com', '', '', '', 0, '2024-10-01 22:23:53');
INSERT INTO `bv_updation` (`user_id`) VALUES ('TXRFEG');
UPDATE `user_registration` SET total_ref_count = total_ref_count+1
WHERE `user_id` = 'WJR372';
UPDATE `user_registration` SET total_downlines = total_downlines+1
WHERE `user_id` = 'T2P1D9';
UPDATE `user_registration` SET right_downlines = right_downlines+1
WHERE `user_id` = 'T2P1D9';
UPDATE `user_registration` SET total_downlines = total_downlines+1
WHERE `user_id` = '3VV851';
UPDATE `user_registration` SET right_downlines = right_downlines+1
WHERE `user_id` = '3VV851';
UPDATE `user_registration` SET total_downlines = total_downlines+1
WHERE `user_id` = 'YHW7J9';
UPDATE `user_registration` SET right_downlines = right_downlines+1
WHERE `user_id` = 'YHW7J9';
UPDATE `user_registration` SET total_downlines = total_downlines+1
WHERE `user_id` = '85EVIX';
UPDATE `user_registration` SET right_downlines = right_downlines+1
WHERE `user_id` = '85EVIX';
UPDATE `user_registration` SET total_downlines = total_downlines+1
WHERE `user_id` = 'I4HOSL';
UPDATE `user_registration` SET right_downlines = right_downlines+1
WHERE `user_id` = 'I4HOSL';
UPDATE `user_registration` SET total_downlines = total_downlines+1
WHERE `user_id` = '2SB7SO';
UPDATE `user_registration` SET right_downlines = right_downlines+1
WHERE `user_id` = '2SB7SO';
UPDATE `user_registration` SET total_downlines = total_downlines+1
WHERE `user_id` = '7UGPLB';
UPDATE `user_registration` SET right_downlines = right_downlines+1
WHERE `user_id` = '7UGPLB';
UPDATE `user_registration` SET total_downlines = total_downlines+1
WHERE `user_id` = 'G6LBV6';
UPDATE `user_registration` SET right_downlines = right_downlines+1
WHERE `user_id` = 'G6LBV6';
UPDATE `user_registration` SET total_downlines = total_downlines+1
WHERE `user_id` = '5VW2TV';
UPDATE `user_registration` SET right_downlines = right_downlines+1
WHERE `user_id` = '5VW2TV';
UPDATE `user_registration` SET total_downlines = total_downlines+1
WHERE `user_id` = '1CISMF';
UPDATE `user_registration` SET right_downlines = right_downlines+1
WHERE `user_id` = '1CISMF';
UPDATE `user_registration` SET total_downlines = total_downlines+1
WHERE `user_id` = 'WA5PMD';
UPDATE `user_registration` SET right_downlines = right_downlines+1
WHERE `user_id` = 'WA5PMD';
UPDATE `user_registration` SET total_downlines = total_downlines+1
WHERE `user_id` = 'WJR372';
UPDATE `user_registration` SET right_downlines = right_downlines+1
WHERE `user_id` = 'WJR372';
UPDATE `user_registration` SET right_ref_count = right_ref_count+1
WHERE `user_id` = 'WJR372';
UPDATE `user_registration` SET active_right = active_right+1
WHERE `user_id` = 'WJR372';
UPDATE `user_registration` SET total_downlines = total_downlines+1
WHERE `user_id` = 'YJ6OTD';
UPDATE `user_registration` SET left_downlines = left_downlines+1
WHERE `user_id` = 'YJ6OTD';
UPDATE `user_registration` SET total_downlines = total_downlines+1
WHERE `user_id` = 'F8WLAW';
UPDATE `user_registration` SET left_downlines = left_downlines+1
WHERE `user_id` = 'F8WLAW';
UPDATE `user_registration` SET total_downlines = total_downlines+1
WHERE `user_id` = '9H9OZM';
UPDATE `user_registration` SET left_downlines = left_downlines+1
WHERE `user_id` = '9H9OZM';
UPDATE `user_registration` SET total_downlines = total_downlines+1
WHERE `user_id` = 'DLP7GD';
UPDATE `user_registration` SET left_downlines = left_downlines+1
WHERE `user_id` = 'DLP7GD';
UPDATE `user_registration` SET total_downlines = total_downlines+1
WHERE `user_id` = 'VG9TO9';
UPDATE `user_registration` SET left_downlines = left_downlines+1
WHERE `user_id` = 'VG9TO9';
UPDATE `user_registration` SET total_downlines = total_downlines+1
WHERE `user_id` = 'L8R95F';
UPDATE `user_registration` SET left_downlines = left_downlines+1
WHERE `user_id` = 'L8R95F';
UPDATE `user_registration` SET total_downlines = total_downlines+1
WHERE `user_id` = 'Y9DPUD';
UPDATE `user_registration` SET left_downlines = left_downlines+1
WHERE `user_id` = 'Y9DPUD';
UPDATE `user_registration` SET total_downlines = total_downlines+1
WHERE `user_id` = '5H9TH3';
UPDATE `user_registration` SET left_downlines = left_downlines+1
WHERE `user_id` = '5H9TH3';
UPDATE `user_registration` SET total_downlines = total_downlines+1
WHERE `user_id` = 'MIT9KW';
UPDATE `user_registration` SET left_downlines = left_downlines+1
WHERE `user_id` = 'MIT9KW';
UPDATE `user_registration` SET total_downlines = total_downlines+1
WHERE `user_id` = 'IMUABZ';
UPDATE `user_registration` SET left_downlines = left_downlines+1
WHERE `user_id` = 'IMUABZ';
UPDATE `user_registration` SET total_downlines = total_downlines+1
WHERE `user_id` = 'G54QC4';
UPDATE `user_registration` SET left_downlines = left_downlines+1
WHERE `user_id` = 'G54QC4';
UPDATE `user_registration` SET total_downlines = total_downlines+1
WHERE `user_id` = '9JPZJL';
UPDATE `user_registration` SET left_downlines = left_downlines+1
WHERE `user_id` = '9JPZJL';
UPDATE `user_registration` SET total_downlines = total_downlines+1
WHERE `user_id` = 'E3PPZ3';
UPDATE `user_registration` SET left_downlines = left_downlines+1
WHERE `user_id` = 'E3PPZ3';
UPDATE `user_registration` SET total_downlines = total_downlines+1
WHERE `user_id` = '7RY1ZP';
UPDATE `user_registration` SET left_downlines = left_downlines+1
WHERE `user_id` = '7RY1ZP';
UPDATE `user_registration` SET total_downlines = total_downlines+1
WHERE `user_id` = 'ADZTOG';
UPDATE `user_registration` SET right_downlines = right_downlines+1
WHERE `user_id` = 'ADZTOG';
UPDATE `user_registration` SET total_downlines = total_downlines+1
WHERE `user_id` = 'A9858P';
UPDATE `user_registration` SET right_downlines = right_downlines+1
WHERE `user_id` = 'A9858P';
UPDATE `user_registration` SET total_downlines = total_downlines+1
WHERE `user_id` = 'admin';
UPDATE `user_registration` SET right_downlines = right_downlines+1
WHERE `user_id` = 'admin';
INSERT INTO `investment` (`invest_date`, `user_id`, `type`, `amount`, `package_id`) VALUES ('2024-10-01 22:23:53', 'TXRFEG', 'register', '595', '2');
INSERT INTO `earnings` (`user_id`, `Purchaser_id`, `earning_type`, `package_id`, `amount`, `date`, `comments`, `invest_amount`, `comm_perc`, `level`, `rank_id`, `order_id`) VALUES ('WJR372', 'TXRFEG', 'Direct Referral Bonus', '2', '100', '2024-10-01 22:23:53', 'Direct Referral Bonus', 0, 0, 1, '', 313);
UPDATE `user_registration` SET commission_balance = ROUND(commission_balance + 100,2)
WHERE `user_id` = 'WJR372';
UPDATE `user_registration` SET referral_bonus = ROUND(referral_bonus + 100,2)
WHERE `user_id` = 'WJR372';
INSERT INTO `earnings` (`user_id`, `Purchaser_id`, `earning_type`, `package_id`, `amount`, `date`, `comments`, `invest_amount`, `comm_perc`, `level`, `rank_id`, `order_id`) VALUES ('7RY1ZP', 'TXRFEG', 'Expansion Bonus', '2', 100, '2024-10-01 22:23:53', 'Expansion Bonus', '100', 0, 1, '', 313);
UPDATE `user_registration` SET commission_balance = ROUND(commission_balance + 100,2)
WHERE `user_id` = '7RY1ZP';
UPDATE `user_registration` SET expansion_bonus = ROUND(expansion_bonus + 100,2)
WHERE `user_id` = '7RY1ZP';
INSERT INTO `earnings` (`user_id`, `Purchaser_id`, `earning_type`, `package_id`, `amount`, `date`, `comments`, `invest_amount`, `comm_perc`, `level`, `rank_id`, `order_id`) VALUES ('A9858P', 'TXRFEG', 'Expansion Bonus', '2', 100, '2024-10-01 22:23:53', 'Expansion Bonus', 200, 0, 1, '', 313);
UPDATE `user_registration` SET commission_balance = ROUND(commission_balance + 100,2)
WHERE `user_id` = 'A9858P';
UPDATE `user_registration` SET expansion_bonus = ROUND(expansion_bonus + 100,2)
WHERE `user_id` = 'A9858P';
INSERT INTO `matrix_filling` (`placement_id`, `downline_id`, `level`, `matrix`) VALUES ('T2P1D9', 'TXRFEG', 1, 1);
UPDATE `bv_updation` SET right_carry = right_carry+50, total_right = total_right+50
WHERE `user_id` = 'T2P1D9';
INSERT INTO `placement_bv_update_history` (`right_carry`, `date`, `from_id`, `user_id`) VALUES ('50', '2024-10-01 22:23:53', 'TXRFEG', 'T2P1D9');
INSERT INTO `matrix_filling` (`placement_id`, `downline_id`, `level`, `matrix`) VALUES ('3VV851', 'TXRFEG', 2, 1);
UPDATE `bv_updation` SET right_carry = right_carry+50, total_right = total_right+50
WHERE `user_id` = '3VV851';
INSERT INTO `placement_bv_update_history` (`right_carry`, `date`, `from_id`, `user_id`) VALUES ('50', '2024-10-01 22:23:53', 'TXRFEG', '3VV851');
INSERT INTO `matrix_filling` (`placement_id`, `downline_id`, `level`, `matrix`) VALUES ('YHW7J9', 'TXRFEG', 3, 1);
UPDATE `bv_updation` SET right_carry = right_carry+50, total_right = total_right+50
WHERE `user_id` = 'YHW7J9';
INSERT INTO `placement_bv_update_history` (`right_carry`, `date`, `from_id`, `user_id`) VALUES ('50', '2024-10-01 22:23:53', 'TXRFEG', 'YHW7J9');
INSERT INTO `matrix_filling` (`placement_id`, `downline_id`, `level`, `matrix`) VALUES ('85EVIX', 'TXRFEG', 4, 1);
UPDATE `bv_updation` SET right_carry = right_carry+50, total_right = total_right+50
WHERE `user_id` = '85EVIX';
INSERT INTO `placement_bv_update_history` (`right_carry`, `date`, `from_id`, `user_id`) VALUES ('50', '2024-10-01 22:23:53', 'TXRFEG', '85EVIX');
INSERT INTO `matrix_filling` (`placement_id`, `downline_id`, `level`, `matrix`) VALUES ('I4HOSL', 'TXRFEG', 5, 1);
UPDATE `bv_updation` SET right_carry = right_carry+50, total_right = total_right+50
WHERE `user_id` = 'I4HOSL';
INSERT INTO `placement_bv_update_history` (`right_carry`, `date`, `from_id`, `user_id`) VALUES ('50', '2024-10-01 22:23:53', 'TXRFEG', 'I4HOSL');
INSERT INTO `matrix_filling` (`placement_id`, `downline_id`, `level`, `matrix`) VALUES ('2SB7SO', 'TXRFEG', 6, 1);
UPDATE `bv_updation` SET right_carry = right_carry+50, total_right = total_right+50
WHERE `user_id` = '2SB7SO';
INSERT INTO `placement_bv_update_history` (`right_carry`, `date`, `from_id`, `user_id`) VALUES ('50', '2024-10-01 22:23:53', 'TXRFEG', '2SB7SO');
INSERT INTO `matrix_filling` (`placement_id`, `downline_id`, `level`, `matrix`) VALUES ('7UGPLB', 'TXRFEG', 7, 1);
UPDATE `bv_updation` SET right_carry = right_carry+50, total_right = total_right+50
WHERE `user_id` = '7UGPLB';
INSERT INTO `placement_bv_update_history` (`right_carry`, `date`, `from_id`, `user_id`) VALUES ('50', '2024-10-01 22:23:53', 'TXRFEG', '7UGPLB');
INSERT INTO `matrix_filling` (`placement_id`, `downline_id`, `level`, `matrix`) VALUES ('G6LBV6', 'TXRFEG', 8, 1);
UPDATE `bv_updation` SET right_carry = right_carry+50, total_right = total_right+50
WHERE `user_id` = 'G6LBV6';
INSERT INTO `placement_bv_update_history` (`right_carry`, `date`, `from_id`, `user_id`) VALUES ('50', '2024-10-01 22:23:53', 'TXRFEG', 'G6LBV6');
INSERT INTO `matrix_filling` (`placement_id`, `downline_id`, `level`, `matrix`) VALUES ('5VW2TV', 'TXRFEG', 9, 1);
UPDATE `bv_updation` SET right_carry = right_carry+50, total_right = total_right+50
WHERE `user_id` = '5VW2TV';
INSERT INTO `placement_bv_update_history` (`right_carry`, `date`, `from_id`, `user_id`) VALUES ('50', '2024-10-01 22:23:53', 'TXRFEG', '5VW2TV');
INSERT INTO `matrix_filling` (`placement_id`, `downline_id`, `level`, `matrix`) VALUES ('1CISMF', 'TXRFEG', 10, 1);
UPDATE `bv_updation` SET right_carry = right_carry+50, total_right = total_right+50
WHERE `user_id` = '1CISMF';
INSERT INTO `placement_bv_update_history` (`right_carry`, `date`, `from_id`, `user_id`) VALUES ('50', '2024-10-01 22:23:53', 'TXRFEG', '1CISMF');
INSERT INTO `matrix_filling` (`placement_id`, `downline_id`, `level`, `matrix`) VALUES ('WA5PMD', 'TXRFEG', 11, 1);
UPDATE `bv_updation` SET right_carry = right_carry+50, total_right = total_right+50
WHERE `user_id` = 'WA5PMD';
INSERT INTO `placement_bv_update_history` (`right_carry`, `date`, `from_id`, `user_id`) VALUES ('50', '2024-10-01 22:23:53', 'TXRFEG', 'WA5PMD');
INSERT INTO `matrix_filling` (`placement_id`, `downline_id`, `level`, `matrix`) VALUES ('WJR372', 'TXRFEG', 12, 1);
UPDATE `bv_updation` SET right_carry = right_carry+50, total_right = total_right+50
WHERE `user_id` = 'WJR372';
INSERT INTO `placement_bv_update_history` (`right_carry`, `date`, `from_id`, `user_id`) VALUES ('50', '2024-10-01 22:23:53', 'TXRFEG', 'WJR372');
UPDATE `bv_updation` SET sponsor_right_carry = sponsor_right_carry+50, sponsor_total_right = sponsor_total_right+50
WHERE `user_id` = 'WJR372';
INSERT INTO `sponsor_bv_update_history` (`right_carry`, `date`, `user_id`) VALUES ('50', '2024-10-01 22:23:53', 'WJR372');
INSERT INTO `matrix_filling` (`placement_id`, `downline_id`, `level`, `matrix`) VALUES ('YJ6OTD', 'TXRFEG', 13, 1);
