UPDATE `bv_updation` SET right_carry = right_carry+50, total_right = total_right+50
WHERE `user_id` = 'RUEPZ3';
INSERT INTO `placement_bv_update_history` (`right_carry`, `date`, `from_id`, `user_id`) VALUES ('50', '2024-09-26 10:42:18', '1BM251', 'RUEPZ3');
INSERT INTO `matrix_filling` (`placement_id`, `downline_id`, `level`, `matrix`) VALUES ('5CXKTT', '1BM251', 10, 1);
UPDATE `bv_updation` SET right_carry = right_carry+50, total_right = total_right+50
WHERE `user_id` = '5CXKTT';
INSERT INTO `placement_bv_update_history` (`right_carry`, `date`, `from_id`, `user_id`) VALUES ('50', '2024-09-26 10:42:18', '1BM251', '5CXKTT');
INSERT INTO `matrix_filling` (`placement_id`, `downline_id`, `level`, `matrix`) VALUES ('S75FP2', '1BM251', 11, 1);
UPDATE `bv_updation` SET right_carry = right_carry+50, total_right = total_right+50
WHERE `user_id` = 'S75FP2';
INSERT INTO `placement_bv_update_history` (`right_carry`, `date`, `from_id`, `user_id`) VALUES ('50', '2024-09-26 10:42:18', '1BM251', 'S75FP2');
INSERT INTO `matrix_filling` (`placement_id`, `downline_id`, `level`, `matrix`) VALUES ('NUPA4K', '1BM251', 12, 1);
UPDATE `bv_updation` SET right_carry = right_carry+50, total_right = total_right+50
WHERE `user_id` = 'NUPA4K';
INSERT INTO `placement_bv_update_history` (`right_carry`, `date`, `from_id`, `user_id`) VALUES ('50', '2024-09-26 10:42:18', '1BM251', 'NUPA4K');
UPDATE `bv_updation` SET sponsor_right_carry = sponsor_right_carry+50, sponsor_total_right = sponsor_total_right+50
WHERE `user_id` = 'NUPA4K';
INSERT INTO `sponsor_bv_update_history` (`right_carry`, `date`, `user_id`) VALUES ('50', '2024-09-26 10:42:18', 'NUPA4K');
INSERT INTO `matrix_filling` (`placement_id`, `downline_id`, `level`, `matrix`) VALUES ('1FFFBU', '1BM251', 13, 1);
UPDATE `bv_updation` SET left_carry = left_carry+50, total_left = total_left+50
WHERE `user_id` = '1FFFBU';
INSERT INTO `placement_bv_update_history` (`left_carry`, `date`, `from_id`, `user_id`) VALUES ('50', '2024-09-26 10:42:18', '1BM251', '1FFFBU');
INSERT INTO `matrix_filling` (`placement_id`, `downline_id`, `level`, `matrix`) VALUES ('J4CGUT', '1BM251', 14, 1);
UPDATE `bv_updation` SET left_carry = left_carry+50, total_left = total_left+50
WHERE `user_id` = 'J4CGUT';
INSERT INTO `placement_bv_update_history` (`left_carry`, `date`, `from_id`, `user_id`) VALUES ('50', '2024-09-26 10:42:18', '1BM251', 'J4CGUT');
INSERT INTO `matrix_filling` (`placement_id`, `downline_id`, `level`, `matrix`) VALUES ('S1RTX3', '1BM251', 15, 1);
UPDATE `bv_updation` SET left_carry = left_carry+50, total_left = total_left+50
WHERE `user_id` = 'S1RTX3';
INSERT INTO `placement_bv_update_history` (`left_carry`, `date`, `from_id`, `user_id`) VALUES ('50', '2024-09-26 10:42:18', '1BM251', 'S1RTX3');
INSERT INTO `matrix_filling` (`placement_id`, `downline_id`, `level`, `matrix`) VALUES ('I8YWQA', '1BM251', 16, 1);
UPDATE `bv_updation` SET left_carry = left_carry+50, total_left = total_left+50
WHERE `user_id` = 'I8YWQA';
INSERT INTO `placement_bv_update_history` (`left_carry`, `date`, `from_id`, `user_id`) VALUES ('50', '2024-09-26 10:42:18', '1BM251', 'I8YWQA');
INSERT INTO `matrix_filling` (`placement_id`, `downline_id`, `level`, `matrix`) VALUES ('I3MZBU', '1BM251', 17, 1);
UPDATE `bv_updation` SET left_carry = left_carry+50, total_left = total_left+50
WHERE `user_id` = 'I3MZBU';
INSERT INTO `placement_bv_update_history` (`left_carry`, `date`, `from_id`, `user_id`) VALUES ('50', '2024-09-26 10:42:18', '1BM251', 'I3MZBU');
INSERT INTO `matrix_filling` (`placement_id`, `downline_id`, `level`, `matrix`) VALUES ('H2I33O', '1BM251', 18, 1);
UPDATE `bv_updation` SET left_carry = left_carry+50, total_left = total_left+50
WHERE `user_id` = 'H2I33O';
INSERT INTO `placement_bv_update_history` (`left_carry`, `date`, `from_id`, `user_id`) VALUES ('50', '2024-09-26 10:42:18', '1BM251', 'H2I33O');
INSERT INTO `matrix_filling` (`placement_id`, `downline_id`, `level`, `matrix`) VALUES ('AL7XWH', '1BM251', 19, 1);
UPDATE `bv_updation` SET left_carry = left_carry+50, total_left = total_left+50
WHERE `user_id` = 'AL7XWH';
INSERT INTO `placement_bv_update_history` (`left_carry`, `date`, `from_id`, `user_id`) VALUES ('50', '2024-09-26 10:42:18', '1BM251', 'AL7XWH');
INSERT INTO `matrix_filling` (`placement_id`, `downline_id`, `level`, `matrix`) VALUES ('HFZ9SA', '1BM251', 20, 1);
UPDATE `bv_updation` SET left_carry = left_carry+50, total_left = total_left+50
WHERE `user_id` = 'HFZ9SA';
INSERT INTO `placement_bv_update_history` (`left_carry`, `date`, `from_id`, `user_id`) VALUES ('50', '2024-09-26 10:42:18', '1BM251', 'HFZ9SA');
INSERT INTO `matrix_filling` (`placement_id`, `downline_id`, `level`, `matrix`) VALUES ('A2MTZ3', '1BM251', 21, 1);
UPDATE `bv_updation` SET left_carry = left_carry+50, total_left = total_left+50
WHERE `user_id` = 'A2MTZ3';
INSERT INTO `placement_bv_update_history` (`left_carry`, `date`, `from_id`, `user_id`) VALUES ('50', '2024-09-26 10:42:18', '1BM251', 'A2MTZ3');
INSERT INTO `matrix_filling` (`placement_id`, `downline_id`, `level`, `matrix`) VALUES ('RUEKCW', '1BM251', 22, 1);
UPDATE `bv_updation` SET left_carry = left_carry+50, total_left = total_left+50
WHERE `user_id` = 'RUEKCW';
INSERT INTO `placement_bv_update_history` (`left_carry`, `date`, `from_id`, `user_id`) VALUES ('50', '2024-09-26 10:42:18', '1BM251', 'RUEKCW');
INSERT INTO `matrix_filling` (`placement_id`, `downline_id`, `level`, `matrix`) VALUES ('K3GTG4', '1BM251', 23, 1);
UPDATE `bv_updation` SET left_carry = left_carry+50, total_left = total_left+50
WHERE `user_id` = 'K3GTG4';
INSERT INTO `placement_bv_update_history` (`left_carry`, `date`, `from_id`, `user_id`) VALUES ('50', '2024-09-26 10:42:18', '1BM251', 'K3GTG4');
INSERT INTO `matrix_filling` (`placement_id`, `downline_id`, `level`, `matrix`) VALUES ('I1TUBN', '1BM251', 24, 1);
UPDATE `bv_updation` SET left_carry = left_carry+50, total_left = total_left+50
WHERE `user_id` = 'I1TUBN';
INSERT INTO `placement_bv_update_history` (`left_carry`, `date`, `from_id`, `user_id`) VALUES ('50', '2024-09-26 10:42:18', '1BM251', 'I1TUBN');
INSERT INTO `matrix_filling` (`placement_id`, `downline_id`, `level`, `matrix`) VALUES ('BAUCCU', '1BM251', 25, 1);
UPDATE `bv_updation` SET left_carry = left_carry+50, total_left = total_left+50
WHERE `user_id` = 'BAUCCU';
INSERT INTO `placement_bv_update_history` (`left_carry`, `date`, `from_id`, `user_id`) VALUES ('50', '2024-09-26 10:42:18', '1BM251', 'BAUCCU');
INSERT INTO `matrix_filling` (`placement_id`, `downline_id`, `level`, `matrix`) VALUES ('62QO97', '1BM251', 26, 1);
UPDATE `bv_updation` SET left_carry = left_carry+50, total_left = total_left+50
WHERE `user_id` = '62QO97';
INSERT INTO `placement_bv_update_history` (`left_carry`, `date`, `from_id`, `user_id`) VALUES ('50', '2024-09-26 10:42:18', '1BM251', '62QO97');
INSERT INTO `matrix_filling` (`placement_id`, `downline_id`, `level`, `matrix`) VALUES ('OHLQEO', '1BM251', 27, 1);
UPDATE `bv_updation` SET left_carry = left_carry+50, total_left = total_left+50
WHERE `user_id` = 'OHLQEO';
INSERT INTO `placement_bv_update_history` (`left_carry`, `date`, `from_id`, `user_id`) VALUES ('50', '2024-09-26 10:42:18', '1BM251', 'OHLQEO');
INSERT INTO `matrix_filling` (`placement_id`, `downline_id`, `level`, `matrix`) VALUES ('7APFKG', '1BM251', 28, 1);
UPDATE `bv_updation` SET left_carry = left_carry+50, total_left = total_left+50
WHERE `user_id` = '7APFKG';
INSERT INTO `placement_bv_update_history` (`left_carry`, `date`, `from_id`, `user_id`) VALUES ('50', '2024-09-26 10:42:18', '1BM251', '7APFKG');
INSERT INTO `matrix_filling` (`placement_id`, `downline_id`, `level`, `matrix`) VALUES ('Q2Q92Y', '1BM251', 29, 1);
UPDATE `bv_updation` SET left_carry = left_carry+50, total_left = total_left+50
WHERE `user_id` = 'Q2Q92Y';
INSERT INTO `placement_bv_update_history` (`left_carry`, `date`, `from_id`, `user_id`) VALUES ('50', '2024-09-26 10:42:18', '1BM251', 'Q2Q92Y');
INSERT INTO `matrix_filling` (`placement_id`, `downline_id`, `level`, `matrix`) VALUES ('E9ITRC', '1BM251', 30, 1);
UPDATE `bv_updation` SET left_carry = left_carry+50, total_left = total_left+50
WHERE `user_id` = 'E9ITRC';
INSERT INTO `placement_bv_update_history` (`left_carry`, `date`, `from_id`, `user_id`) VALUES ('50', '2024-09-26 10:42:18', '1BM251', 'E9ITRC');
INSERT INTO `matrix_filling` (`placement_id`, `downline_id`, `level`, `matrix`) VALUES ('7COKBB', '1BM251', 31, 1);
UPDATE `bv_updation` SET left_carry = left_carry+50, total_left = total_left+50
WHERE `user_id` = '7COKBB';
INSERT INTO `placement_bv_update_history` (`left_carry`, `date`, `from_id`, `user_id`) VALUES ('50', '2024-09-26 10:42:18', '1BM251', '7COKBB');
INSERT INTO `matrix_filling` (`placement_id`, `downline_id`, `level`, `matrix`) VALUES ('BDNS17', '1BM251', 32, 1);
UPDATE `bv_updation` SET left_carry = left_carry+50, total_left = total_left+50
WHERE `user_id` = 'BDNS17';
INSERT INTO `placement_bv_update_history` (`left_carry`, `date`, `from_id`, `user_id`) VALUES ('50', '2024-09-26 10:42:18', '1BM251', 'BDNS17');
INSERT INTO `matrix_filling` (`placement_id`, `downline_id`, `level`, `matrix`) VALUES ('7ZXRRE', '1BM251', 33, 1);
UPDATE `bv_updation` SET left_carry = left_carry+50, total_left = total_left+50
WHERE `user_id` = '7ZXRRE';
INSERT INTO `placement_bv_update_history` (`left_carry`, `date`, `from_id`, `user_id`) VALUES ('50', '2024-09-26 10:42:18', '1BM251', '7ZXRRE');
INSERT INTO `matrix_filling` (`placement_id`, `downline_id`, `level`, `matrix`) VALUES ('KLRAF5', '1BM251', 34, 1);
UPDATE `bv_updation` SET left_carry = left_carry+50, total_left = total_left+50
WHERE `user_id` = 'KLRAF5';
INSERT INTO `placement_bv_update_history` (`left_carry`, `date`, `from_id`, `user_id`) VALUES ('50', '2024-09-26 10:42:18', '1BM251', 'KLRAF5');
INSERT INTO `matrix_filling` (`placement_id`, `downline_id`, `level`, `matrix`) VALUES ('IFJHZG', '1BM251', 35, 1);
UPDATE `bv_updation` SET left_carry = left_carry+50, total_left = total_left+50
WHERE `user_id` = 'IFJHZG';
INSERT INTO `placement_bv_update_history` (`left_carry`, `date`, `from_id`, `user_id`) VALUES ('50', '2024-09-26 10:42:18', '1BM251', 'IFJHZG');
INSERT INTO `matrix_filling` (`placement_id`, `downline_id`, `level`, `matrix`) VALUES ('MXUV8Q', '1BM251', 36, 1);
UPDATE `bv_updation` SET left_carry = left_carry+50, total_left = total_left+50
WHERE `user_id` = 'MXUV8Q';
INSERT INTO `placement_bv_update_history` (`left_carry`, `date`, `from_id`, `user_id`) VALUES ('50', '2024-09-26 10:42:18', '1BM251', 'MXUV8Q');
INSERT INTO `matrix_filling` (`placement_id`, `downline_id`, `level`, `matrix`) VALUES ('GGM164', '1BM251', 37, 1);
UPDATE `bv_updation` SET left_carry = left_carry+50, total_left = total_left+50
WHERE `user_id` = 'GGM164';
INSERT INTO `placement_bv_update_history` (`left_carry`, `date`, `from_id`, `user_id`) VALUES ('50', '2024-09-26 10:42:18', '1BM251', 'GGM164');
INSERT INTO `matrix_filling` (`placement_id`, `downline_id`, `level`, `matrix`) VALUES ('3NKIEX', '1BM251', 38, 1);
UPDATE `bv_updation` SET left_carry = left_carry+50, total_left = total_left+50
WHERE `user_id` = '3NKIEX';
INSERT INTO `placement_bv_update_history` (`left_carry`, `date`, `from_id`, `user_id`) VALUES ('50', '2024-09-26 10:42:18', '1BM251', '3NKIEX');
INSERT INTO `matrix_filling` (`placement_id`, `downline_id`, `level`, `matrix`) VALUES ('S56TH3', '1BM251', 39, 1);
UPDATE `bv_updation` SET left_carry = left_carry+50, total_left = total_left+50
WHERE `user_id` = 'S56TH3';
INSERT INTO `placement_bv_update_history` (`left_carry`, `date`, `from_id`, `user_id`) VALUES ('50', '2024-09-26 10:42:18', '1BM251', 'S56TH3');
INSERT INTO `matrix_filling` (`placement_id`, `downline_id`, `level`, `matrix`) VALUES ('XYG89U', '1BM251', 40, 1);
UPDATE `bv_updation` SET left_carry = left_carry+50, total_left = total_left+50
WHERE `user_id` = 'XYG89U';
INSERT INTO `placement_bv_update_history` (`left_carry`, `date`, `from_id`, `user_id`) VALUES ('50', '2024-09-26 10:42:18', '1BM251', 'XYG89U');
INSERT INTO `matrix_filling` (`placement_id`, `downline_id`, `level`, `matrix`) VALUES ('HTFY93', '1BM251', 41, 1);
UPDATE `bv_updation` SET left_carry = left_carry+50, total_left = total_left+50
WHERE `user_id` = 'HTFY93';
INSERT INTO `placement_bv_update_history` (`left_carry`, `date`, `from_id`, `user_id`) VALUES ('50', '2024-09-26 10:42:18', '1BM251', 'HTFY93');
INSERT INTO `matrix_filling` (`placement_id`, `downline_id`, `level`, `matrix`) VALUES ('3PR393', '1BM251', 42, 1);
UPDATE `bv_updation` SET left_carry = left_carry+50, total_left = total_left+50
WHERE `user_id` = '3PR393';
INSERT INTO `placement_bv_update_history` (`left_carry`, `date`, `from_id`, `user_id`) VALUES ('50', '2024-09-26 10:42:18', '1BM251', '3PR393');
INSERT INTO `matrix_filling` (`placement_id`, `downline_id`, `level`, `matrix`) VALUES ('T3MRY1', '1BM251', 43, 1);
UPDATE `bv_updation` SET left_carry = left_carry+50, total_left = total_left+50
WHERE `user_id` = 'T3MRY1';
INSERT INTO `placement_bv_update_history` (`left_carry`, `date`, `from_id`, `user_id`) VALUES ('50', '2024-09-26 10:42:18', '1BM251', 'T3MRY1');
INSERT INTO `matrix_filling` (`placement_id`, `downline_id`, `level`, `matrix`) VALUES ('GTMCCK', '1BM251', 44, 1);
UPDATE `bv_updation` SET left_carry = left_carry+50, total_left = total_left+50
WHERE `user_id` = 'GTMCCK';
INSERT INTO `placement_bv_update_history` (`left_carry`, `date`, `from_id`, `user_id`) VALUES ('50', '2024-09-26 10:42:18', '1BM251', 'GTMCCK');
INSERT INTO `matrix_filling` (`placement_id`, `downline_id`, `level`, `matrix`) VALUES ('DLYMIF', '1BM251', 45, 1);
UPDATE `bv_updation` SET left_carry = left_carry+50, total_left = total_left+50
WHERE `user_id` = 'DLYMIF';
INSERT INTO `placement_bv_update_history` (`left_carry`, `date`, `from_id`, `user_id`) VALUES ('50', '2024-09-26 10:42:18', '1BM251', 'DLYMIF');
INSERT INTO `matrix_filling` (`placement_id`, `downline_id`, `level`, `matrix`) VALUES ('WGJ5KE', '1BM251', 46, 1);
UPDATE `bv_updation` SET left_carry = left_carry+50, total_left = total_left+50
WHERE `user_id` = 'WGJ5KE';
INSERT INTO `placement_bv_update_history` (`left_carry`, `date`, `from_id`, `user_id`) VALUES ('50', '2024-09-26 10:42:18', '1BM251', 'WGJ5KE');
INSERT INTO `matrix_filling` (`placement_id`, `downline_id`, `level`, `matrix`) VALUES ('ORRJ3M', '1BM251', 47, 1);
UPDATE `bv_updation` SET left_carry = left_carry+50, total_left = total_left+50
WHERE `user_id` = 'ORRJ3M';
INSERT INTO `placement_bv_update_history` (`left_carry`, `date`, `from_id`, `user_id`) VALUES ('50', '2024-09-26 10:42:18', '1BM251', 'ORRJ3M');
INSERT INTO `matrix_filling` (`placement_id`, `downline_id`, `level`, `matrix`) VALUES ('AA8V6V', '1BM251', 48, 1);
UPDATE `bv_updation` SET left_carry = left_carry+50, total_left = total_left+50
WHERE `user_id` = 'AA8V6V';
INSERT INTO `placement_bv_update_history` (`left_carry`, `date`, `from_id`, `user_id`) VALUES ('50', '2024-09-26 10:42:18', '1BM251', 'AA8V6V');
INSERT INTO `matrix_filling` (`placement_id`, `downline_id`, `level`, `matrix`) VALUES ('61ME4O', '1BM251', 49, 1);
UPDATE `bv_updation` SET left_carry = left_carry+50, total_left = total_left+50
WHERE `user_id` = '61ME4O';
INSERT INTO `placement_bv_update_history` (`left_carry`, `date`, `from_id`, `user_id`) VALUES ('50', '2024-09-26 10:42:18', '1BM251', '61ME4O');
INSERT INTO `matrix_filling` (`placement_id`, `downline_id`, `level`, `matrix`) VALUES ('WS1SZZ', '1BM251', 50, 1);
UPDATE `bv_updation` SET left_carry = left_carry+50, total_left = total_left+50
WHERE `user_id` = 'WS1SZZ';
INSERT INTO `placement_bv_update_history` (`left_carry`, `date`, `from_id`, `user_id`) VALUES ('50', '2024-09-26 10:42:18', '1BM251', 'WS1SZZ');
INSERT INTO `matrix_filling` (`placement_id`, `downline_id`, `level`, `matrix`) VALUES ('TBN4MZ', '1BM251', 51, 1);
UPDATE `bv_updation` SET left_carry = left_carry+50, total_left = total_left+50
WHERE `user_id` = 'TBN4MZ';
INSERT INTO `placement_bv_update_history` (`left_carry`, `date`, `from_id`, `user_id`) VALUES ('50', '2024-09-26 10:42:18', '1BM251', 'TBN4MZ');
INSERT INTO `matrix_filling` (`placement_id`, `downline_id`, `level`, `matrix`) VALUES ('OEMJ8R', '1BM251', 52, 1);
UPDATE `bv_updation` SET left_carry = left_carry+50, total_left = total_left+50
WHERE `user_id` = 'OEMJ8R';
INSERT INTO `placement_bv_update_history` (`left_carry`, `date`, `from_id`, `user_id`) VALUES ('50', '2024-09-26 10:42:18', '1BM251', 'OEMJ8R');
INSERT INTO `matrix_filling` (`placement_id`, `downline_id`, `level`, `matrix`) VALUES ('FXAYIE', '1BM251', 53, 1);
UPDATE `bv_updation` SET left_carry = left_carry+50, total_left = total_left+50
WHERE `user_id` = 'FXAYIE';
INSERT INTO `placement_bv_update_history` (`left_carry`, `date`, `from_id`, `user_id`) VALUES ('50', '2024-09-26 10:42:18', '1BM251', 'FXAYIE');
INSERT INTO `matrix_filling` (`placement_id`, `downline_id`, `level`, `matrix`) VALUES ('ELXZWC', '1BM251', 54, 1);
UPDATE `bv_updation` SET left_carry = left_carry+50, total_left = total_left+50
WHERE `user_id` = 'ELXZWC';
INSERT INTO `placement_bv_update_history` (`left_carry`, `date`, `from_id`, `user_id`) VALUES ('50', '2024-09-26 10:42:18', '1BM251', 'ELXZWC');
INSERT INTO `matrix_filling` (`placement_id`, `downline_id`, `level`, `matrix`) VALUES ('C1TQVI', '1BM251', 55, 1);
UPDATE `bv_updation` SET left_carry = left_carry+50, total_left = total_left+50
WHERE `user_id` = 'C1TQVI';
INSERT INTO `placement_bv_update_history` (`left_carry`, `date`, `from_id`, `user_id`) VALUES ('50', '2024-09-26 10:42:18', '1BM251', 'C1TQVI');
INSERT INTO `matrix_filling` (`placement_id`, `downline_id`, `level`, `matrix`) VALUES ('F5GPDF', '1BM251', 56, 1);
UPDATE `bv_updation` SET left_carry = left_carry+50, total_left = total_left+50
WHERE `user_id` = 'F5GPDF';
INSERT INTO `placement_bv_update_history` (`left_carry`, `date`, `from_id`, `user_id`) VALUES ('50', '2024-09-26 10:42:18', '1BM251', 'F5GPDF');
INSERT INTO `matrix_filling` (`placement_id`, `downline_id`, `level`, `matrix`) VALUES ('91PYDK', '1BM251', 57, 1);
UPDATE `bv_updation` SET left_carry = left_carry+50, total_left = total_left+50
WHERE `user_id` = '91PYDK';
INSERT INTO `placement_bv_update_history` (`left_carry`, `date`, `from_id`, `user_id`) VALUES ('50', '2024-09-26 10:42:18', '1BM251', '91PYDK');
INSERT INTO `matrix_filling` (`placement_id`, `downline_id`, `level`, `matrix`) VALUES ('4OT7RX', '1BM251', 58, 1);
UPDATE `bv_updation` SET left_carry = left_carry+50, total_left = total_left+50
WHERE `user_id` = '4OT7RX';
INSERT INTO `placement_bv_update_history` (`left_carry`, `date`, `from_id`, `user_id`) VALUES ('50', '2024-09-26 10:42:18', '1BM251', '4OT7RX');
INSERT INTO `matrix_filling` (`placement_id`, `downline_id`, `level`, `matrix`) VALUES ('ZJZA3M', '1BM251', 59, 1);
UPDATE `bv_updation` SET left_carry = left_carry+50, total_left = total_left+50
WHERE `user_id` = 'ZJZA3M';
INSERT INTO `placement_bv_update_history` (`left_carry`, `date`, `from_id`, `user_id`) VALUES ('50', '2024-09-26 10:42:18', '1BM251', 'ZJZA3M');
INSERT INTO `matrix_filling` (`placement_id`, `downline_id`, `level`, `matrix`) VALUES ('XN6ETC', '1BM251', 60, 1);
UPDATE `bv_updation` SET left_carry = left_carry+50, total_left = total_left+50
WHERE `user_id` = 'XN6ETC';
INSERT INTO `placement_bv_update_history` (`left_carry`, `date`, `from_id`, `user_id`) VALUES ('50', '2024-09-26 10:42:18', '1BM251', 'XN6ETC');
INSERT INTO `matrix_filling` (`placement_id`, `downline_id`, `level`, `matrix`) VALUES ('KVQN1O', '1BM251', 61, 1);
UPDATE `bv_updation` SET left_carry = left_carry+50, total_left = total_left+50
WHERE `user_id` = 'KVQN1O';
INSERT INTO `placement_bv_update_history` (`left_carry`, `date`, `from_id`, `user_id`) VALUES ('50', '2024-09-26 10:42:18', '1BM251', 'KVQN1O');
INSERT INTO `matrix_filling` (`placement_id`, `downline_id`, `level`, `matrix`) VALUES ('X3V7DJ', '1BM251', 62, 1);
UPDATE `bv_updation` SET left_carry = left_carry+50, total_left = total_left+50
WHERE `user_id` = 'X3V7DJ';
INSERT INTO `placement_bv_update_history` (`left_carry`, `date`, `from_id`, `user_id`) VALUES ('50', '2024-09-26 10:42:18', '1BM251', 'X3V7DJ');
INSERT INTO `matrix_filling` (`placement_id`, `downline_id`, `level`, `matrix`) VALUES ('DJ77NH', '1BM251', 63, 1);
UPDATE `bv_updation` SET left_carry = left_carry+50, total_left = total_left+50
WHERE `user_id` = 'DJ77NH';
INSERT INTO `placement_bv_update_history` (`left_carry`, `date`, `from_id`, `user_id`) VALUES ('50', '2024-09-26 10:42:18', '1BM251', 'DJ77NH');
INSERT INTO `matrix_filling` (`placement_id`, `downline_id`, `level`, `matrix`) VALUES ('PX7XCL', '1BM251', 64, 1);
UPDATE `bv_updation` SET left_carry = left_carry+50, total_left = total_left+50
WHERE `user_id` = 'PX7XCL';
INSERT INTO `placement_bv_update_history` (`left_carry`, `date`, `from_id`, `user_id`) VALUES ('50', '2024-09-26 10:42:18', '1BM251', 'PX7XCL');
INSERT INTO `matrix_filling` (`placement_id`, `downline_id`, `level`, `matrix`) VALUES ('L8PM4Z', '1BM251', 65, 1);
UPDATE `bv_updation` SET left_carry = left_carry+50, total_left = total_left+50
WHERE `user_id` = 'L8PM4Z';
INSERT INTO `placement_bv_update_history` (`left_carry`, `date`, `from_id`, `user_id`) VALUES ('50', '2024-09-26 10:42:18', '1BM251', 'L8PM4Z');
INSERT INTO `matrix_filling` (`placement_id`, `downline_id`, `level`, `matrix`) VALUES ('GBSIER', '1BM251', 66, 1);
UPDATE `bv_updation` SET left_carry = left_carry+50, total_left = total_left+50
WHERE `user_id` = 'GBSIER';
INSERT INTO `placement_bv_update_history` (`left_carry`, `date`, `from_id`, `user_id`) VALUES ('50', '2024-09-26 10:42:18', '1BM251', 'GBSIER');
INSERT INTO `matrix_filling` (`placement_id`, `downline_id`, `level`, `matrix`) VALUES ('AV48YQ', '1BM251', 67, 1);
UPDATE `bv_updation` SET left_carry = left_carry+50, total_left = total_left+50
WHERE `user_id` = 'AV48YQ';
INSERT INTO `placement_bv_update_history` (`left_carry`, `date`, `from_id`, `user_id`) VALUES ('50', '2024-09-26 10:42:18', '1BM251', 'AV48YQ');
INSERT INTO `matrix_filling` (`placement_id`, `downline_id`, `level`, `matrix`) VALUES ('admin', '1BM251', 68, 1);
INSERT INTO `package_purchase_history` (`user_id`, `package_id`, `reg_fee`, `package_name`, `monthly_fee`, `type`, `date`, `payment_option`) VALUES ('1BM251', '2', '595', 'Traveler Pro', '150', 'sign_up', '2024-09-26 10:42:18', 'free');
UPDATE `user_registration` SET `uid` = '2656', `user_id` = 'CBGVQU', `username` = 'viviana7', `sponsor_id` = '5K7DS2', `vacant` = 'no', `f_name` = 'Viviana', `l_name` = 'Rodriguez', `address` = '6520 Kendale Lakes Dr', `position` = 'left', `email` = 'viviana7@gmail.com', `password` = '6f4996792d914adcde75405edac98d30', `phone` = '3057610606', `country` = 'United States', `state` = 'Florida', `city` = 'Miami', `street` = '6520 Kendale Lakes Dr', `zip_code` = '33183', `reg_ip` = '172.70.255.26', `status` = 1, `package_id` = '2', `rank_id` = 1, `highest_rank` = 1, `created` = '2024-09-26 10:43:20', `subscription_date` = '2024-10-26', `google_secret` = 'PJKRIYI3MOQ2AXTK'
WHERE `uid` = '2656';
INSERT INTO `user_registration` (`uid`, `user_id`, `username`, `sponsor_id`, `placement_id`, `vacant`, `f_name`, `l_name`, `address`, `position`, `email`, `password`, `phone`, `reg_ip`, `status`, `created`) VALUES (NULL, 'AYNQXT', 'OFyolGrB', 'CBGVQU', 'CBGVQU', 'yes', '', '', '', 'left', '@mail.com', '', '', '', 0, '2024-09-26 10:43:20');
INSERT INTO `user_registration` (`uid`, `user_id`, `username`, `sponsor_id`, `placement_id`, `vacant`, `f_name`, `l_name`, `address`, `position`, `email`, `password`, `phone`, `reg_ip`, `status`, `created`) VALUES (NULL, 'THBRIN', 'CRijYMut', 'CBGVQU', 'CBGVQU', 'yes', '', '', '', 'right', '@mail.com', '', '', '', 0, '2024-09-26 10:43:20');
INSERT INTO `bv_updation` (`user_id`) VALUES ('CBGVQU');
UPDATE `user_registration` SET total_ref_count = total_ref_count+1
WHERE `user_id` = '5K7DS2';
UPDATE `user_registration` SET total_downlines = total_downlines+1
WHERE `user_id` = 'SYVQKF';
UPDATE `user_registration` SET left_downlines = left_downlines+1
WHERE `user_id` = 'SYVQKF';
UPDATE `user_registration` SET total_downlines = total_downlines+1
WHERE `user_id` = 'OC1RA6';
UPDATE `user_registration` SET left_downlines = left_downlines+1
WHERE `user_id` = 'OC1RA6';
UPDATE `user_registration` SET total_downlines = total_downlines+1
WHERE `user_id` = 'MFCZQ9';
UPDATE `user_registration` SET left_downlines = left_downlines+1
WHERE `user_id` = 'MFCZQ9';
UPDATE `user_registration` SET total_downlines = total_downlines+1
WHERE `user_id` = '5IHDZE';
UPDATE `user_registration` SET left_downlines = left_downlines+1
WHERE `user_id` = '5IHDZE';
UPDATE `user_registration` SET total_downlines = total_downlines+1
WHERE `user_id` = 'VWRUXM';
UPDATE `user_registration` SET left_downlines = left_downlines+1
WHERE `user_id` = 'VWRUXM';
UPDATE `user_registration` SET total_downlines = total_downlines+1
WHERE `user_id` = 'LKE7MK';
UPDATE `user_registration` SET left_downlines = left_downlines+1
WHERE `user_id` = 'LKE7MK';
UPDATE `user_registration` SET total_downlines = total_downlines+1
WHERE `user_id` = 'H1M5R8';
UPDATE `user_registration` SET left_downlines = left_downlines+1
WHERE `user_id` = 'H1M5R8';
UPDATE `user_registration` SET total_downlines = total_downlines+1
WHERE `user_id` = 'PWBJM3';
UPDATE `user_registration` SET left_downlines = left_downlines+1
WHERE `user_id` = 'PWBJM3';
UPDATE `user_registration` SET total_downlines = total_downlines+1
WHERE `user_id` = 'BO7NRM';
UPDATE `user_registration` SET left_downlines = left_downlines+1
WHERE `user_id` = 'BO7NRM';
UPDATE `user_registration` SET total_downlines = total_downlines+1
WHERE `user_id` = 'RK3ZQ6';
UPDATE `user_registration` SET left_downlines = left_downlines+1
WHERE `user_id` = 'RK3ZQ6';
UPDATE `user_registration` SET total_downlines = total_downlines+1
WHERE `user_id` = 'LPFX8X';
UPDATE `user_registration` SET left_downlines = left_downlines+1
WHERE `user_id` = 'LPFX8X';
UPDATE `user_registration` SET total_downlines = total_downlines+1
WHERE `user_id` = '9XKM93';
UPDATE `user_registration` SET left_downlines = left_downlines+1
WHERE `user_id` = '9XKM93';
UPDATE `user_registration` SET total_downlines = total_downlines+1
WHERE `user_id` = 'X3NL3Q';
UPDATE `user_registration` SET left_downlines = left_downlines+1
WHERE `user_id` = 'X3NL3Q';
UPDATE `user_registration` SET total_downlines = total_downlines+1
WHERE `user_id` = 'MQNE39';
UPDATE `user_registration` SET left_downlines = left_downlines+1
WHERE `user_id` = 'MQNE39';
UPDATE `user_registration` SET total_downlines = total_downlines+1
WHERE `user_id` = '6SUQNY';
UPDATE `user_registration` SET left_downlines = left_downlines+1
WHERE `user_id` = '6SUQNY';
UPDATE `user_registration` SET total_downlines = total_downlines+1
WHERE `user_id` = '5K7DS2';
UPDATE `user_registration` SET left_downlines = left_downlines+1
WHERE `user_id` = '5K7DS2';
UPDATE `user_registration` SET left_ref_count = left_ref_count+1
WHERE `user_id` = '5K7DS2';
UPDATE `user_registration` SET active_left = active_left+1
WHERE `user_id` = '5K7DS2';
UPDATE `user_registration` SET total_downlines = total_downlines+1
WHERE `user_id` = 'HI62BI';
UPDATE `user_registration` SET right_downlines = right_downlines+1
WHERE `user_id` = 'HI62BI';
UPDATE `user_registration` SET total_downlines = total_downlines+1
WHERE `user_id` = '1FFFBU';
UPDATE `user_registration` SET right_downlines = right_downlines+1
WHERE `user_id` = '1FFFBU';
UPDATE `user_registration` SET total_downlines = total_downlines+1
WHERE `user_id` = 'J4CGUT';
UPDATE `user_registration` SET left_downlines = left_downlines+1
WHERE `user_id` = 'J4CGUT';
UPDATE `user_registration` SET total_downlines = total_downlines+1
WHERE `user_id` = 'S1RTX3';
UPDATE `user_registration` SET left_downlines = left_downlines+1
WHERE `user_id` = 'S1RTX3';
UPDATE `user_registration` SET total_downlines = total_downlines+1
WHERE `user_id` = 'I8YWQA';
UPDATE `user_registration` SET left_downlines = left_downlines+1
WHERE `user_id` = 'I8YWQA';
UPDATE `user_registration` SET total_downlines = total_downlines+1
WHERE `user_id` = 'I3MZBU';
UPDATE `user_registration` SET left_downlines = left_downlines+1
WHERE `user_id` = 'I3MZBU';
UPDATE `user_registration` SET total_downlines = total_downlines+1
WHERE `user_id` = 'H2I33O';
UPDATE `user_registration` SET left_downlines = left_downlines+1
WHERE `user_id` = 'H2I33O';
UPDATE `user_registration` SET total_downlines = total_downlines+1
WHERE `user_id` = 'AL7XWH';
UPDATE `user_registration` SET left_downlines = left_downlines+1
WHERE `user_id` = 'AL7XWH';
UPDATE `user_registration` SET total_downlines = total_downlines+1
WHERE `user_id` = 'HFZ9SA';
UPDATE `user_registration` SET left_downlines = left_downlines+1
WHERE `user_id` = 'HFZ9SA';
UPDATE `user_registration` SET total_downlines = total_downlines+1
WHERE `user_id` = 'A2MTZ3';
UPDATE `user_registration` SET left_downlines = left_downlines+1
WHERE `user_id` = 'A2MTZ3';
UPDATE `user_registration` SET total_downlines = total_downlines+1
WHERE `user_id` = 'RUEKCW';
UPDATE `user_registration` SET left_downlines = left_downlines+1
WHERE `user_id` = 'RUEKCW';
UPDATE `user_registration` SET total_downlines = total_downlines+1
WHERE `user_id` = 'K3GTG4';
UPDATE `user_registration` SET left_downlines = left_downlines+1
WHERE `user_id` = 'K3GTG4';
UPDATE `user_registration` SET total_downlines = total_downlines+1
WHERE `user_id` = 'I1TUBN';
UPDATE `user_registration` SET left_downlines = left_downlines+1
WHERE `user_id` = 'I1TUBN';
UPDATE `user_registration` SET total_downlines = total_downlines+1
WHERE `user_id` = 'BAUCCU';
UPDATE `user_registration` SET left_downlines = left_downlines+1
WHERE `user_id` = 'BAUCCU';
UPDATE `user_registration` SET total_downlines = total_downlines+1
WHERE `user_id` = '62QO97';
UPDATE `user_registration` SET left_downlines = left_downlines+1
WHERE `user_id` = '62QO97';
UPDATE `user_registration` SET total_downlines = total_downlines+1
WHERE `user_id` = 'OHLQEO';
UPDATE `user_registration` SET left_downlines = left_downlines+1
WHERE `user_id` = 'OHLQEO';
UPDATE `user_registration` SET total_downlines = total_downlines+1
WHERE `user_id` = '7APFKG';
UPDATE `user_registration` SET left_downlines = left_downlines+1
WHERE `user_id` = '7APFKG';
UPDATE `user_registration` SET total_downlines = total_downlines+1
WHERE `user_id` = 'Q2Q92Y';
UPDATE `user_registration` SET left_downlines = left_downlines+1
WHERE `user_id` = 'Q2Q92Y';
UPDATE `user_registration` SET total_downlines = total_downlines+1
WHERE `user_id` = 'E9ITRC';
UPDATE `user_registration` SET left_downlines = left_downlines+1
WHERE `user_id` = 'E9ITRC';
UPDATE `user_registration` SET total_downlines = total_downlines+1
WHERE `user_id` = '7COKBB';
UPDATE `user_registration` SET left_downlines = left_downlines+1
WHERE `user_id` = '7COKBB';
UPDATE `user_registration` SET total_downlines = total_downlines+1
WHERE `user_id` = 'BDNS17';
UPDATE `user_registration` SET left_downlines = left_downlines+1
WHERE `user_id` = 'BDNS17';
UPDATE `user_registration` SET total_downlines = total_downlines+1
WHERE `user_id` = '7ZXRRE';
UPDATE `user_registration` SET left_downlines = left_downlines+1
WHERE `user_id` = '7ZXRRE';
UPDATE `user_registration` SET total_downlines = total_downlines+1
WHERE `user_id` = 'KLRAF5';
UPDATE `user_registration` SET left_downlines = left_downlines+1
WHERE `user_id` = 'KLRAF5';
UPDATE `user_registration` SET total_downlines = total_downlines+1
WHERE `user_id` = 'IFJHZG';
UPDATE `user_registration` SET left_downlines = left_downlines+1
WHERE `user_id` = 'IFJHZG';
UPDATE `user_registration` SET total_downlines = total_downlines+1
WHERE `user_id` = 'MXUV8Q';
UPDATE `user_registration` SET left_downlines = left_downlines+1
WHERE `user_id` = 'MXUV8Q';
UPDATE `user_registration` SET total_downlines = total_downlines+1
WHERE `user_id` = 'GGM164';
UPDATE `user_registration` SET left_downlines = left_downlines+1
WHERE `user_id` = 'GGM164';
UPDATE `user_registration` SET total_downlines = total_downlines+1
WHERE `user_id` = '3NKIEX';
UPDATE `user_registration` SET left_downlines = left_downlines+1
WHERE `user_id` = '3NKIEX';
UPDATE `user_registration` SET total_downlines = total_downlines+1
WHERE `user_id` = 'S56TH3';
UPDATE `user_registration` SET left_downlines = left_downlines+1
WHERE `user_id` = 'S56TH3';
UPDATE `user_registration` SET total_downlines = total_downlines+1
WHERE `user_id` = 'XYG89U';
UPDATE `user_registration` SET left_downlines = left_downlines+1
WHERE `user_id` = 'XYG89U';
UPDATE `user_registration` SET total_downlines = total_downlines+1
WHERE `user_id` = 'HTFY93';
UPDATE `user_registration` SET left_downlines = left_downlines+1
WHERE `user_id` = 'HTFY93';
UPDATE `user_registration` SET total_downlines = total_downlines+1
WHERE `user_id` = '3PR393';
UPDATE `user_registration` SET left_downlines = left_downlines+1
WHERE `user_id` = '3PR393';
UPDATE `user_registration` SET total_downlines = total_downlines+1
WHERE `user_id` = 'T3MRY1';
UPDATE `user_registration` SET left_downlines = left_downlines+1
WHERE `user_id` = 'T3MRY1';
UPDATE `user_registration` SET total_downlines = total_downlines+1
WHERE `user_id` = 'GTMCCK';
UPDATE `user_registration` SET left_downlines = left_downlines+1
WHERE `user_id` = 'GTMCCK';
UPDATE `user_registration` SET total_downlines = total_downlines+1
WHERE `user_id` = 'DLYMIF';
UPDATE `user_registration` SET left_downlines = left_downlines+1
WHERE `user_id` = 'DLYMIF';
UPDATE `user_registration` SET total_downlines = total_downlines+1
WHERE `user_id` = 'WGJ5KE';
UPDATE `user_registration` SET left_downlines = left_downlines+1
WHERE `user_id` = 'WGJ5KE';
UPDATE `user_registration` SET total_downlines = total_downlines+1
WHERE `user_id` = 'ORRJ3M';
UPDATE `user_registration` SET left_downlines = left_downlines+1
WHERE `user_id` = 'ORRJ3M';
UPDATE `user_registration` SET total_downlines = total_downlines+1
WHERE `user_id` = 'AA8V6V';
UPDATE `user_registration` SET left_downlines = left_downlines+1
WHERE `user_id` = 'AA8V6V';
UPDATE `user_registration` SET total_downlines = total_downlines+1
WHERE `user_id` = '61ME4O';
UPDATE `user_registration` SET left_downlines = left_downlines+1
WHERE `user_id` = '61ME4O';
UPDATE `user_registration` SET total_downlines = total_downlines+1
WHERE `user_id` = 'WS1SZZ';
UPDATE `user_registration` SET left_downlines = left_downlines+1
WHERE `user_id` = 'WS1SZZ';
UPDATE `user_registration` SET total_downlines = total_downlines+1
WHERE `user_id` = 'TBN4MZ';
UPDATE `user_registration` SET left_downlines = left_downlines+1
WHERE `user_id` = 'TBN4MZ';
UPDATE `user_registration` SET total_downlines = total_downlines+1
WHERE `user_id` = 'OEMJ8R';
UPDATE `user_registration` SET left_downlines = left_downlines+1
WHERE `user_id` = 'OEMJ8R';
UPDATE `user_registration` SET total_downlines = total_downlines+1
WHERE `user_id` = 'FXAYIE';
UPDATE `user_registration` SET left_downlines = left_downlines+1
WHERE `user_id` = 'FXAYIE';
UPDATE `user_registration` SET total_downlines = total_downlines+1
WHERE `user_id` = 'ELXZWC';
UPDATE `user_registration` SET left_downlines = left_downlines+1
WHERE `user_id` = 'ELXZWC';
UPDATE `user_registration` SET total_downlines = total_downlines+1
WHERE `user_id` = 'C1TQVI';
UPDATE `user_registration` SET left_downlines = left_downlines+1
WHERE `user_id` = 'C1TQVI';
UPDATE `user_registration` SET total_downlines = total_downlines+1
WHERE `user_id` = 'F5GPDF';
UPDATE `user_registration` SET left_downlines = left_downlines+1
WHERE `user_id` = 'F5GPDF';
UPDATE `user_registration` SET total_downlines = total_downlines+1
WHERE `user_id` = '91PYDK';
UPDATE `user_registration` SET left_downlines = left_downlines+1
WHERE `user_id` = '91PYDK';
UPDATE `user_registration` SET total_downlines = total_downlines+1
WHERE `user_id` = '4OT7RX';
UPDATE `user_registration` SET left_downlines = left_downlines+1
WHERE `user_id` = '4OT7RX';
UPDATE `user_registration` SET total_downlines = total_downlines+1
WHERE `user_id` = 'ZJZA3M';
UPDATE `user_registration` SET left_downlines = left_downlines+1
WHERE `user_id` = 'ZJZA3M';
UPDATE `user_registration` SET total_downlines = total_downlines+1
WHERE `user_id` = 'XN6ETC';
UPDATE `user_registration` SET left_downlines = left_downlines+1
WHERE `user_id` = 'XN6ETC';
UPDATE `user_registration` SET total_downlines = total_downlines+1
WHERE `user_id` = 'KVQN1O';
UPDATE `user_registration` SET left_downlines = left_downlines+1
WHERE `user_id` = 'KVQN1O';
UPDATE `user_registration` SET total_downlines = total_downlines+1
WHERE `user_id` = 'X3V7DJ';
UPDATE `user_registration` SET left_downlines = left_downlines+1
WHERE `user_id` = 'X3V7DJ';
UPDATE `user_registration` SET total_downlines = total_downlines+1
WHERE `user_id` = 'DJ77NH';
UPDATE `user_registration` SET left_downlines = left_downlines+1
WHERE `user_id` = 'DJ77NH';
UPDATE `user_registration` SET total_downlines = total_downlines+1
WHERE `user_id` = 'PX7XCL';
UPDATE `user_registration` SET left_downlines = left_downlines+1
WHERE `user_id` = 'PX7XCL';
UPDATE `user_registration` SET total_downlines = total_downlines+1
WHERE `user_id` = 'L8PM4Z';
UPDATE `user_registration` SET left_downlines = left_downlines+1
WHERE `user_id` = 'L8PM4Z';
UPDATE `user_registration` SET total_downlines = total_downlines+1
WHERE `user_id` = 'GBSIER';
UPDATE `user_registration` SET left_downlines = left_downlines+1
WHERE `user_id` = 'GBSIER';
UPDATE `user_registration` SET total_downlines = total_downlines+1
WHERE `user_id` = 'AV48YQ';
UPDATE `user_registration` SET left_downlines = left_downlines+1
WHERE `user_id` = 'AV48YQ';
UPDATE `user_registration` SET total_downlines = total_downlines+1
WHERE `user_id` = 'admin';
UPDATE `user_registration` SET left_downlines = left_downlines+1
WHERE `user_id` = 'admin';
INSERT INTO `investment` (`invest_date`, `user_id`, `type`, `amount`, `package_id`) VALUES ('2024-09-26 10:43:21', 'CBGVQU', 'register', '595', '2');
INSERT INTO `earnings` (`user_id`, `Purchaser_id`, `earning_type`, `package_id`, `amount`, `date`, `comments`, `invest_amount`, `comm_perc`, `level`, `rank_id`, `order_id`) VALUES ('5K7DS2', 'CBGVQU', 'Direct Referral Bonus', '2', '100', '2024-09-26 10:43:21', 'Direct Referral Bonus', 0, 0, 1, '', 180);
UPDATE `user_registration` SET commission_balance = ROUND(commission_balance + 100,2)
WHERE `user_id` = '5K7DS2';
INSERT INTO `earnings` (`user_id`, `Purchaser_id`, `earning_type`, `package_id`, `amount`, `date`, `comments`, `invest_amount`, `comm_perc`, `level`, `rank_id`, `order_id`) VALUES ('1FFFBU', 'CBGVQU', 'Expansion Bonus', '2', 100, '2024-09-26 10:43:21', 'Expansion Bonus', '100', 0, 1, '', 180);
UPDATE `user_registration` SET commission_balance = ROUND(commission_balance + 100,2)
WHERE `user_id` = '1FFFBU';
INSERT INTO `earnings` (`user_id`, `Purchaser_id`, `earning_type`, `package_id`, `amount`, `date`, `comments`, `invest_amount`, `comm_perc`, `level`, `rank_id`, `order_id`) VALUES ('admin', 'CBGVQU', 'Expansion Bonus', '2', 100, '2024-09-26 10:43:21', 'Expansion Bonus', 200, 0, 1, '', 180);
UPDATE `user_registration` SET commission_balance = ROUND(commission_balance + 100,2)
WHERE `user_id` = 'admin';
INSERT INTO `matrix_filling` (`placement_id`, `downline_id`, `level`, `matrix`) VALUES ('SYVQKF', 'CBGVQU', 1, 1);
UPDATE `bv_updation` SET left_carry = left_carry+50, total_left = total_left+50
WHERE `user_id` = 'SYVQKF';
INSERT INTO `placement_bv_update_history` (`left_carry`, `date`, `from_id`, `user_id`) VALUES ('50', '2024-09-26 10:43:21', 'CBGVQU', 'SYVQKF');
INSERT INTO `matrix_filling` (`placement_id`, `downline_id`, `level`, `matrix`) VALUES ('OC1RA6', 'CBGVQU', 2, 1);
UPDATE `bv_updation` SET left_carry = left_carry+50, total_left = total_left+50
WHERE `user_id` = 'OC1RA6';
INSERT INTO `placement_bv_update_history` (`left_carry`, `date`, `from_id`, `user_id`) VALUES ('50', '2024-09-26 10:43:21', 'CBGVQU', 'OC1RA6');
INSERT INTO `matrix_filling` (`placement_id`, `downline_id`, `level`, `matrix`) VALUES ('MFCZQ9', 'CBGVQU', 3, 1);
UPDATE `bv_updation` SET left_carry = left_carry+50, total_left = total_left+50
WHERE `user_id` = 'MFCZQ9';
INSERT INTO `placement_bv_update_history` (`left_carry`, `date`, `from_id`, `user_id`) VALUES ('50', '2024-09-26 10:43:21', 'CBGVQU', 'MFCZQ9');
INSERT INTO `matrix_filling` (`placement_id`, `downline_id`, `level`, `matrix`) VALUES ('5IHDZE', 'CBGVQU', 4, 1);
UPDATE `bv_updation` SET left_carry = left_carry+50, total_left = total_left+50
WHERE `user_id` = '5IHDZE';
INSERT INTO `placement_bv_update_history` (`left_carry`, `date`, `from_id`, `user_id`) VALUES ('50', '2024-09-26 10:43:21', 'CBGVQU', '5IHDZE');
INSERT INTO `matrix_filling` (`placement_id`, `downline_id`, `level`, `matrix`) VALUES ('VWRUXM', 'CBGVQU', 5, 1);
UPDATE `bv_updation` SET left_carry = left_carry+50, total_left = total_left+50
WHERE `user_id` = 'VWRUXM';
INSERT INTO `placement_bv_update_history` (`left_carry`, `date`, `from_id`, `user_id`) VALUES ('50', '2024-09-26 10:43:21', 'CBGVQU', 'VWRUXM');
INSERT INTO `matrix_filling` (`placement_id`, `downline_id`, `level`, `matrix`) VALUES ('LKE7MK', 'CBGVQU', 6, 1);
UPDATE `bv_updation` SET left_carry = left_carry+50, total_left = total_left+50
WHERE `user_id` = 'LKE7MK';
INSERT INTO `placement_bv_update_history` (`left_carry`, `date`, `from_id`, `user_id`) VALUES ('50', '2024-09-26 10:43:21', 'CBGVQU', 'LKE7MK');
INSERT INTO `matrix_filling` (`placement_id`, `downline_id`, `level`, `matrix`) VALUES ('H1M5R8', 'CBGVQU', 7, 1);
UPDATE `bv_updation` SET left_carry = left_carry+50, total_left = total_left+50
WHERE `user_id` = 'H1M5R8';
INSERT INTO `placement_bv_update_history` (`left_carry`, `date`, `from_id`, `user_id`) VALUES ('50', '2024-09-26 10:43:21', 'CBGVQU', 'H1M5R8');
INSERT INTO `matrix_filling` (`placement_id`, `downline_id`, `level`, `matrix`) VALUES ('PWBJM3', 'CBGVQU', 8, 1);
UPDATE `bv_updation` SET left_carry = left_carry+50, total_left = total_left+50
WHERE `user_id` = 'PWBJM3';
INSERT INTO `placement_bv_update_history` (`left_carry`, `date`, `from_id`, `user_id`) VALUES ('50', '2024-09-26 10:43:21', 'CBGVQU', 'PWBJM3');
INSERT INTO `matrix_filling` (`placement_id`, `downline_id`, `level`, `matrix`) VALUES ('BO7NRM', 'CBGVQU', 9, 1);
UPDATE `bv_updation` SET left_carry = left_carry+50, total_left = total_left+50
WHERE `user_id` = 'BO7NRM';
INSERT INTO `placement_bv_update_history` (`left_carry`, `date`, `from_id`, `user_id`) VALUES ('50', '2024-09-26 10:43:21', 'CBGVQU', 'BO7NRM');
INSERT INTO `matrix_filling` (`placement_id`, `downline_id`, `level`, `matrix`) VALUES ('RK3ZQ6', 'CBGVQU', 10, 1);
UPDATE `bv_updation` SET left_carry = left_carry+50, total_left = total_left+50
WHERE `user_id` = 'RK3ZQ6';
INSERT INTO `placement_bv_update_history` (`left_carry`, `date`, `from_id`, `user_id`) VALUES ('50', '2024-09-26 10:43:21', 'CBGVQU', 'RK3ZQ6');
INSERT INTO `matrix_filling` (`placement_id`, `downline_id`, `level`, `matrix`) VALUES ('LPFX8X', 'CBGVQU', 11, 1);
UPDATE `bv_updation` SET left_carry = left_carry+50, total_left = total_left+50
WHERE `user_id` = 'LPFX8X';
INSERT INTO `placement_bv_update_history` (`left_carry`, `date`, `from_id`, `user_id`) VALUES ('50', '2024-09-26 10:43:21', 'CBGVQU', 'LPFX8X');
INSERT INTO `matrix_filling` (`placement_id`, `downline_id`, `level`, `matrix`) VALUES ('9XKM93', 'CBGVQU', 12, 1);
UPDATE `bv_updation` SET left_carry = left_carry+50, total_left = total_left+50
WHERE `user_id` = '9XKM93';
INSERT INTO `placement_bv_update_history` (`left_carry`, `date`, `from_id`, `user_id`) VALUES ('50', '2024-09-26 10:43:21', 'CBGVQU', '9XKM93');
INSERT INTO `matrix_filling` (`placement_id`, `downline_id`, `level`, `matrix`) VALUES ('X3NL3Q', 'CBGVQU', 13, 1);
UPDATE `bv_updation` SET left_carry = left_carry+50, total_left = total_left+50
WHERE `user_id` = 'X3NL3Q';
INSERT INTO `placement_bv_update_history` (`left_carry`, `date`, `from_id`, `user_id`) VALUES ('50', '2024-09-26 10:43:21', 'CBGVQU', 'X3NL3Q');
INSERT INTO `matrix_filling` (`placement_id`, `downline_id`, `level`, `matrix`) VALUES ('MQNE39', 'CBGVQU', 14, 1);
UPDATE `bv_updation` SET left_carry = left_carry+50, total_left = total_left+50
WHERE `user_id` = 'MQNE39';
INSERT INTO `placement_bv_update_history` (`left_carry`, `date`, `from_id`, `user_id`) VALUES ('50', '2024-09-26 10:43:21', 'CBGVQU', 'MQNE39');
INSERT INTO `matrix_filling` (`placement_id`, `downline_id`, `level`, `matrix`) VALUES ('6SUQNY', 'CBGVQU', 15, 1);
UPDATE `bv_updation` SET left_carry = left_carry+50, total_left = total_left+50
WHERE `user_id` = '6SUQNY';
INSERT INTO `placement_bv_update_history` (`left_carry`, `date`, `from_id`, `user_id`) VALUES ('50', '2024-09-26 10:43:21', 'CBGVQU', '6SUQNY');
INSERT INTO `matrix_filling` (`placement_id`, `downline_id`, `level`, `matrix`) VALUES ('5K7DS2', 'CBGVQU', 16, 1);
INSERT INTO `matrix_filling` (`placement_id`, `downline_id`, `level`, `matrix`) VALUES ('HI62BI', 'CBGVQU', 17, 1);
UPDATE `bv_updation` SET right_carry = right_carry+50, total_right = total_right+50
WHERE `user_id` = 'HI62BI';
INSERT INTO `placement_bv_update_history` (`right_carry`, `date`, `from_id`, `user_id`) VALUES ('50', '2024-09-26 10:43:21', 'CBGVQU', 'HI62BI');
INSERT INTO `matrix_filling` (`placement_id`, `downline_id`, `level`, `matrix`) VALUES ('1FFFBU', 'CBGVQU', 18, 1);
UPDATE `bv_updation` SET right_carry = right_carry+50, total_right = total_right+50
WHERE `user_id` = '1FFFBU';
INSERT INTO `placement_bv_update_history` (`right_carry`, `date`, `from_id`, `user_id`) VALUES ('50', '2024-09-26 10:43:21', 'CBGVQU', '1FFFBU');
INSERT INTO `matrix_filling` (`placement_id`, `downline_id`, `level`, `matrix`) VALUES ('J4CGUT', 'CBGVQU', 19, 1);
UPDATE `bv_updation` SET left_carry = left_carry+50, total_left = total_left+50
WHERE `user_id` = 'J4CGUT';
INSERT INTO `placement_bv_update_history` (`left_carry`, `date`, `from_id`, `user_id`) VALUES ('50', '2024-09-26 10:43:21', 'CBGVQU', 'J4CGUT');
INSERT INTO `matrix_filling` (`placement_id`, `downline_id`, `level`, `matrix`) VALUES ('S1RTX3', 'CBGVQU', 20, 1);
UPDATE `bv_updation` SET left_carry = left_carry+50, total_left = total_left+50
WHERE `user_id` = 'S1RTX3';
INSERT INTO `placement_bv_update_history` (`left_carry`, `date`, `from_id`, `user_id`) VALUES ('50', '2024-09-26 10:43:21', 'CBGVQU', 'S1RTX3');
INSERT INTO `matrix_filling` (`placement_id`, `downline_id`, `level`, `matrix`) VALUES ('I8YWQA', 'CBGVQU', 21, 1);
UPDATE `bv_updation` SET left_carry = left_carry+50, total_left = total_left+50
WHERE `user_id` = 'I8YWQA';
INSERT INTO `placement_bv_update_history` (`left_carry`, `date`, `from_id`, `user_id`) VALUES ('50', '2024-09-26 10:43:21', 'CBGVQU', 'I8YWQA');
INSERT INTO `matrix_filling` (`placement_id`, `downline_id`, `level`, `matrix`) VALUES ('I3MZBU', 'CBGVQU', 22, 1);
UPDATE `bv_updation` SET left_carry = left_carry+50, total_left = total_left+50
WHERE `user_id` = 'I3MZBU';
INSERT INTO `placement_bv_update_history` (`left_carry`, `date`, `from_id`, `user_id`) VALUES ('50', '2024-09-26 10:43:21', 'CBGVQU', 'I3MZBU');
INSERT INTO `matrix_filling` (`placement_id`, `downline_id`, `level`, `matrix`) VALUES ('H2I33O', 'CBGVQU', 23, 1);
UPDATE `bv_updation` SET left_carry = left_carry+50, total_left = total_left+50
WHERE `user_id` = 'H2I33O';
INSERT INTO `placement_bv_update_history` (`left_carry`, `date`, `from_id`, `user_id`) VALUES ('50', '2024-09-26 10:43:21', 'CBGVQU', 'H2I33O');
INSERT INTO `matrix_filling` (`placement_id`, `downline_id`, `level`, `matrix`) VALUES ('AL7XWH', 'CBGVQU', 24, 1);
UPDATE `bv_updation` SET left_carry = left_carry+50, total_left = total_left+50
WHERE `user_id` = 'AL7XWH';
INSERT INTO `placement_bv_update_history` (`left_carry`, `date`, `from_id`, `user_id`) VALUES ('50', '2024-09-26 10:43:21', 'CBGVQU', 'AL7XWH');
INSERT INTO `matrix_filling` (`placement_id`, `downline_id`, `level`, `matrix`) VALUES ('HFZ9SA', 'CBGVQU', 25, 1);
UPDATE `bv_updation` SET left_carry = left_carry+50, total_left = total_left+50
WHERE `user_id` = 'HFZ9SA';
INSERT INTO `placement_bv_update_history` (`left_carry`, `date`, `from_id`, `user_id`) VALUES ('50', '2024-09-26 10:43:21', 'CBGVQU', 'HFZ9SA');
INSERT INTO `matrix_filling` (`placement_id`, `downline_id`, `level`, `matrix`) VALUES ('A2MTZ3', 'CBGVQU', 26, 1);
UPDATE `bv_updation` SET left_carry = left_carry+50, total_left = total_left+50
WHERE `user_id` = 'A2MTZ3';
INSERT INTO `placement_bv_update_history` (`left_carry`, `date`, `from_id`, `user_id`) VALUES ('50', '2024-09-26 10:43:21', 'CBGVQU', 'A2MTZ3');
INSERT INTO `matrix_filling` (`placement_id`, `downline_id`, `level`, `matrix`) VALUES ('RUEKCW', 'CBGVQU', 27, 1);
UPDATE `bv_updation` SET left_carry = left_carry+50, total_left = total_left+50
WHERE `user_id` = 'RUEKCW';
INSERT INTO `placement_bv_update_history` (`left_carry`, `date`, `from_id`, `user_id`) VALUES ('50', '2024-09-26 10:43:21', 'CBGVQU', 'RUEKCW');
INSERT INTO `matrix_filling` (`placement_id`, `downline_id`, `level`, `matrix`) VALUES ('K3GTG4', 'CBGVQU', 28, 1);
UPDATE `bv_updation` SET left_carry = left_carry+50, total_left = total_left+50
WHERE `user_id` = 'K3GTG4';
INSERT INTO `placement_bv_update_history` (`left_carry`, `date`, `from_id`, `user_id`) VALUES ('50', '2024-09-26 10:43:21', 'CBGVQU', 'K3GTG4');
INSERT INTO `matrix_filling` (`placement_id`, `downline_id`, `level`, `matrix`) VALUES ('I1TUBN', 'CBGVQU', 29, 1);
UPDATE `bv_updation` SET left_carry = left_carry+50, total_left = total_left+50
WHERE `user_id` = 'I1TUBN';
INSERT INTO `placement_bv_update_history` (`left_carry`, `date`, `from_id`, `user_id`) VALUES ('50', '2024-09-26 10:43:21', 'CBGVQU', 'I1TUBN');
INSERT INTO `matrix_filling` (`placement_id`, `downline_id`, `level`, `matrix`) VALUES ('BAUCCU', 'CBGVQU', 30, 1);
UPDATE `bv_updation` SET left_carry = left_carry+50, total_left = total_left+50
WHERE `user_id` = 'BAUCCU';
INSERT INTO `placement_bv_update_history` (`left_carry`, `date`, `from_id`, `user_id`) VALUES ('50', '2024-09-26 10:43:21', 'CBGVQU', 'BAUCCU');
INSERT INTO `matrix_filling` (`placement_id`, `downline_id`, `level`, `matrix`) VALUES ('62QO97', 'CBGVQU', 31, 1);
UPDATE `bv_updation` SET left_carry = left_carry+50, total_left = total_left+50
WHERE `user_id` = '62QO97';
INSERT INTO `placement_bv_update_history` (`left_carry`, `date`, `from_id`, `user_id`) VALUES ('50', '2024-09-26 10:43:21', 'CBGVQU', '62QO97');
INSERT INTO `matrix_filling` (`placement_id`, `downline_id`, `level`, `matrix`) VALUES ('OHLQEO', 'CBGVQU', 32, 1);
UPDATE `bv_updation` SET left_carry = left_carry+50, total_left = total_left+50
WHERE `user_id` = 'OHLQEO';
INSERT INTO `placement_bv_update_history` (`left_carry`, `date`, `from_id`, `user_id`) VALUES ('50', '2024-09-26 10:43:21', 'CBGVQU', 'OHLQEO');
INSERT INTO `matrix_filling` (`placement_id`, `downline_id`, `level`, `matrix`) VALUES ('7APFKG', 'CBGVQU', 33, 1);
UPDATE `bv_updation` SET left_carry = left_carry+50, total_left = total_left+50
WHERE `user_id` = '7APFKG';
INSERT INTO `placement_bv_update_history` (`left_carry`, `date`, `from_id`, `user_id`) VALUES ('50', '2024-09-26 10:43:21', 'CBGVQU', '7APFKG');
INSERT INTO `matrix_filling` (`placement_id`, `downline_id`, `level`, `matrix`) VALUES ('Q2Q92Y', 'CBGVQU', 34, 1);
UPDATE `bv_updation` SET left_carry = left_carry+50, total_left = total_left+50
WHERE `user_id` = 'Q2Q92Y';
INSERT INTO `placement_bv_update_history` (`left_carry`, `date`, `from_id`, `user_id`) VALUES ('50', '2024-09-26 10:43:21', 'CBGVQU', 'Q2Q92Y');
INSERT INTO `matrix_filling` (`placement_id`, `downline_id`, `level`, `matrix`) VALUES ('E9ITRC', 'CBGVQU', 35, 1);
UPDATE `bv_updation` SET left_carry = left_carry+50, total_left = total_left+50
WHERE `user_id` = 'E9ITRC';
INSERT INTO `placement_bv_update_history` (`left_carry`, `date`, `from_id`, `user_id`) VALUES ('50', '2024-09-26 10:43:21', 'CBGVQU', 'E9ITRC');
INSERT INTO `matrix_filling` (`placement_id`, `downline_id`, `level`, `matrix`) VALUES ('7COKBB', 'CBGVQU', 36, 1);
UPDATE `bv_updation` SET left_carry = left_carry+50, total_left = total_left+50
WHERE `user_id` = '7COKBB';
INSERT INTO `placement_bv_update_history` (`left_carry`, `date`, `from_id`, `user_id`) VALUES ('50', '2024-09-26 10:43:21', 'CBGVQU', '7COKBB');
INSERT INTO `matrix_filling` (`placement_id`, `downline_id`, `level`, `matrix`) VALUES ('BDNS17', 'CBGVQU', 37, 1);
UPDATE `bv_updation` SET left_carry = left_carry+50, total_left = total_left+50
WHERE `user_id` = 'BDNS17';
INSERT INTO `placement_bv_update_history` (`left_carry`, `date`, `from_id`, `user_id`) VALUES ('50', '2024-09-26 10:43:21', 'CBGVQU', 'BDNS17');
INSERT INTO `matrix_filling` (`placement_id`, `downline_id`, `level`, `matrix`) VALUES ('7ZXRRE', 'CBGVQU', 38, 1);
UPDATE `bv_updation` SET left_carry = left_carry+50, total_left = total_left+50
WHERE `user_id` = '7ZXRRE';
INSERT INTO `placement_bv_update_history` (`left_carry`, `date`, `from_id`, `user_id`) VALUES ('50', '2024-09-26 10:43:21', 'CBGVQU', '7ZXRRE');
INSERT INTO `matrix_filling` (`placement_id`, `downline_id`, `level`, `matrix`) VALUES ('KLRAF5', 'CBGVQU', 39, 1);
UPDATE `bv_updation` SET left_carry = left_carry+50, total_left = total_left+50
WHERE `user_id` = 'KLRAF5';
INSERT INTO `placement_bv_update_history` (`left_carry`, `date`, `from_id`, `user_id`) VALUES ('50', '2024-09-26 10:43:21', 'CBGVQU', 'KLRAF5');
INSERT INTO `matrix_filling` (`placement_id`, `downline_id`, `level`, `matrix`) VALUES ('IFJHZG', 'CBGVQU', 40, 1);
UPDATE `bv_updation` SET left_carry = left_carry+50, total_left = total_left+50
WHERE `user_id` = 'IFJHZG';
INSERT INTO `placement_bv_update_history` (`left_carry`, `date`, `from_id`, `user_id`) VALUES ('50', '2024-09-26 10:43:21', 'CBGVQU', 'IFJHZG');
INSERT INTO `matrix_filling` (`placement_id`, `downline_id`, `level`, `matrix`) VALUES ('MXUV8Q', 'CBGVQU', 41, 1);
UPDATE `bv_updation` SET left_carry = left_carry+50, total_left = total_left+50
WHERE `user_id` = 'MXUV8Q';
INSERT INTO `placement_bv_update_history` (`left_carry`, `date`, `from_id`, `user_id`) VALUES ('50', '2024-09-26 10:43:21', 'CBGVQU', 'MXUV8Q');
INSERT INTO `matrix_filling` (`placement_id`, `downline_id`, `level`, `matrix`) VALUES ('GGM164', 'CBGVQU', 42, 1);
UPDATE `bv_updation` SET left_carry = left_carry+50, total_left = total_left+50
WHERE `user_id` = 'GGM164';
INSERT INTO `placement_bv_update_history` (`left_carry`, `date`, `from_id`, `user_id`) VALUES ('50', '2024-09-26 10:43:21', 'CBGVQU', 'GGM164');
INSERT INTO `matrix_filling` (`placement_id`, `downline_id`, `level`, `matrix`) VALUES ('3NKIEX', 'CBGVQU', 43, 1);
UPDATE `bv_updation` SET left_carry = left_carry+50, total_left = total_left+50
WHERE `user_id` = '3NKIEX';
INSERT INTO `placement_bv_update_history` (`left_carry`, `date`, `from_id`, `user_id`) VALUES ('50', '2024-09-26 10:43:21', 'CBGVQU', '3NKIEX');
INSERT INTO `matrix_filling` (`placement_id`, `downline_id`, `level`, `matrix`) VALUES ('S56TH3', 'CBGVQU', 44, 1);
UPDATE `bv_updation` SET left_carry = left_carry+50, total_left = total_left+50
WHERE `user_id` = 'S56TH3';
INSERT INTO `placement_bv_update_history` (`left_carry`, `date`, `from_id`, `user_id`) VALUES ('50', '2024-09-26 10:43:21', 'CBGVQU', 'S56TH3');
INSERT INTO `matrix_filling` (`placement_id`, `downline_id`, `level`, `matrix`) VALUES ('XYG89U', 'CBGVQU', 45, 1);
UPDATE `bv_updation` SET left_carry = left_carry+50, total_left = total_left+50
WHERE `user_id` = 'XYG89U';
INSERT INTO `placement_bv_update_history` (`left_carry`, `date`, `from_id`, `user_id`) VALUES ('50', '2024-09-26 10:43:21', 'CBGVQU', 'XYG89U');
INSERT INTO `matrix_filling` (`placement_id`, `downline_id`, `level`, `matrix`) VALUES ('HTFY93', 'CBGVQU', 46, 1);
UPDATE `bv_updation` SET left_carry = left_carry+50, total_left = total_left+50
WHERE `user_id` = 'HTFY93';
INSERT INTO `placement_bv_update_history` (`left_carry`, `date`, `from_id`, `user_id`) VALUES ('50', '2024-09-26 10:43:21', 'CBGVQU', 'HTFY93');
INSERT INTO `matrix_filling` (`placement_id`, `downline_id`, `level`, `matrix`) VALUES ('3PR393', 'CBGVQU', 47, 1);
UPDATE `bv_updation` SET left_carry = left_carry+50, total_left = total_left+50
WHERE `user_id` = '3PR393';
INSERT INTO `placement_bv_update_history` (`left_carry`, `date`, `from_id`, `user_id`) VALUES ('50', '2024-09-26 10:43:21', 'CBGVQU', '3PR393');
INSERT INTO `matrix_filling` (`placement_id`, `downline_id`, `level`, `matrix`) VALUES ('T3MRY1', 'CBGVQU', 48, 1);
UPDATE `bv_updation` SET left_carry = left_carry+50, total_left = total_left+50
WHERE `user_id` = 'T3MRY1';
INSERT INTO `placement_bv_update_history` (`left_carry`, `date`, `from_id`, `user_id`) VALUES ('50', '2024-09-26 10:43:21', 'CBGVQU', 'T3MRY1');
INSERT INTO `matrix_filling` (`placement_id`, `downline_id`, `level`, `matrix`) VALUES ('GTMCCK', 'CBGVQU', 49, 1);
UPDATE `bv_updation` SET left_carry = left_carry+50, total_left = total_left+50
WHERE `user_id` = 'GTMCCK';
INSERT INTO `placement_bv_update_history` (`left_carry`, `date`, `from_id`, `user_id`) VALUES ('50', '2024-09-26 10:43:21', 'CBGVQU', 'GTMCCK');
INSERT INTO `matrix_filling` (`placement_id`, `downline_id`, `level`, `matrix`) VALUES ('DLYMIF', 'CBGVQU', 50, 1);
UPDATE `bv_updation` SET left_carry = left_carry+50, total_left = total_left+50
WHERE `user_id` = 'DLYMIF';
INSERT INTO `placement_bv_update_history` (`left_carry`, `date`, `from_id`, `user_id`) VALUES ('50', '2024-09-26 10:43:21', 'CBGVQU', 'DLYMIF');
INSERT INTO `matrix_filling` (`placement_id`, `downline_id`, `level`, `matrix`) VALUES ('WGJ5KE', 'CBGVQU', 51, 1);
UPDATE `bv_updation` SET left_carry = left_carry+50, total_left = total_left+50
WHERE `user_id` = 'WGJ5KE';
INSERT INTO `placement_bv_update_history` (`left_carry`, `date`, `from_id`, `user_id`) VALUES ('50', '2024-09-26 10:43:21', 'CBGVQU', 'WGJ5KE');
INSERT INTO `matrix_filling` (`placement_id`, `downline_id`, `level`, `matrix`) VALUES ('ORRJ3M', 'CBGVQU', 52, 1);
UPDATE `bv_updation` SET left_carry = left_carry+50, total_left = total_left+50
WHERE `user_id` = 'ORRJ3M';
INSERT INTO `placement_bv_update_history` (`left_carry`, `date`, `from_id`, `user_id`) VALUES ('50', '2024-09-26 10:43:21', 'CBGVQU', 'ORRJ3M');
INSERT INTO `matrix_filling` (`placement_id`, `downline_id`, `level`, `matrix`) VALUES ('AA8V6V', 'CBGVQU', 53, 1);
UPDATE `bv_updation` SET left_carry = left_carry+50, total_left = total_left+50
WHERE `user_id` = 'AA8V6V';
INSERT INTO `placement_bv_update_history` (`left_carry`, `date`, `from_id`, `user_id`) VALUES ('50', '2024-09-26 10:43:21', 'CBGVQU', 'AA8V6V');
INSERT INTO `matrix_filling` (`placement_id`, `downline_id`, `level`, `matrix`) VALUES ('61ME4O', 'CBGVQU', 54, 1);
UPDATE `bv_updation` SET left_carry = left_carry+50, total_left = total_left+50
WHERE `user_id` = '61ME4O';
INSERT INTO `placement_bv_update_history` (`left_carry`, `date`, `from_id`, `user_id`) VALUES ('50', '2024-09-26 10:43:21', 'CBGVQU', '61ME4O');
INSERT INTO `matrix_filling` (`placement_id`, `downline_id`, `level`, `matrix`) VALUES ('WS1SZZ', 'CBGVQU', 55, 1);
UPDATE `bv_updation` SET left_carry = left_carry+50, total_left = total_left+50
WHERE `user_id` = 'WS1SZZ';
INSERT INTO `placement_bv_update_history` (`left_carry`, `date`, `from_id`, `user_id`) VALUES ('50', '2024-09-26 10:43:21', 'CBGVQU', 'WS1SZZ');
INSERT INTO `matrix_filling` (`placement_id`, `downline_id`, `level`, `matrix`) VALUES ('TBN4MZ', 'CBGVQU', 56, 1);
UPDATE `bv_updation` SET left_carry = left_carry+50, total_left = total_left+50
WHERE `user_id` = 'TBN4MZ';
INSERT INTO `placement_bv_update_history` (`left_carry`, `date`, `from_id`, `user_id`) VALUES ('50', '2024-09-26 10:43:21', 'CBGVQU', 'TBN4MZ');
INSERT INTO `matrix_filling` (`placement_id`, `downline_id`, `level`, `matrix`) VALUES ('OEMJ8R', 'CBGVQU', 57, 1);
UPDATE `bv_updation` SET left_carry = left_carry+50, total_left = total_left+50
WHERE `user_id` = 'OEMJ8R';
INSERT INTO `placement_bv_update_history` (`left_carry`, `date`, `from_id`, `user_id`) VALUES ('50', '2024-09-26 10:43:21', 'CBGVQU', 'OEMJ8R');
INSERT INTO `matrix_filling` (`placement_id`, `downline_id`, `level`, `matrix`) VALUES ('FXAYIE', 'CBGVQU', 58, 1);
UPDATE `bv_updation` SET left_carry = left_carry+50, total_left = total_left+50
WHERE `user_id` = 'FXAYIE';
INSERT INTO `placement_bv_update_history` (`left_carry`, `date`, `from_id`, `user_id`) VALUES ('50', '2024-09-26 10:43:21', 'CBGVQU', 'FXAYIE');
INSERT INTO `matrix_filling` (`placement_id`, `downline_id`, `level`, `matrix`) VALUES ('ELXZWC', 'CBGVQU', 59, 1);
UPDATE `bv_updation` SET left_carry = left_carry+50, total_left = total_left+50
WHERE `user_id` = 'ELXZWC';
INSERT INTO `placement_bv_update_history` (`left_carry`, `date`, `from_id`, `user_id`) VALUES ('50', '2024-09-26 10:43:21', 'CBGVQU', 'ELXZWC');
INSERT INTO `matrix_filling` (`placement_id`, `downline_id`, `level`, `matrix`) VALUES ('C1TQVI', 'CBGVQU', 60, 1);
UPDATE `bv_updation` SET left_carry = left_carry+50, total_left = total_left+50
WHERE `user_id` = 'C1TQVI';
INSERT INTO `placement_bv_update_history` (`left_carry`, `date`, `from_id`, `user_id`) VALUES ('50', '2024-09-26 10:43:21', 'CBGVQU', 'C1TQVI');
INSERT INTO `matrix_filling` (`placement_id`, `downline_id`, `level`, `matrix`) VALUES ('F5GPDF', 'CBGVQU', 61, 1);
UPDATE `bv_updation` SET left_carry = left_carry+50, total_left = total_left+50
WHERE `user_id` = 'F5GPDF';
INSERT INTO `placement_bv_update_history` (`left_carry`, `date`, `from_id`, `user_id`) VALUES ('50', '2024-09-26 10:43:21', 'CBGVQU', 'F5GPDF');
INSERT INTO `matrix_filling` (`placement_id`, `downline_id`, `level`, `matrix`) VALUES ('91PYDK', 'CBGVQU', 62, 1);
UPDATE `bv_updation` SET left_carry = left_carry+50, total_left = total_left+50
WHERE `user_id` = '91PYDK';
INSERT INTO `placement_bv_update_history` (`left_carry`, `date`, `from_id`, `user_id`) VALUES ('50', '2024-09-26 10:43:21', 'CBGVQU', '91PYDK');
INSERT INTO `matrix_filling` (`placement_id`, `downline_id`, `level`, `matrix`) VALUES ('4OT7RX', 'CBGVQU', 63, 1);
UPDATE `bv_updation` SET left_carry = left_carry+50, total_left = total_left+50
WHERE `user_id` = '4OT7RX';
INSERT INTO `placement_bv_update_history` (`left_carry`, `date`, `from_id`, `user_id`) VALUES ('50', '2024-09-26 10:43:21', 'CBGVQU', '4OT7RX');
INSERT INTO `matrix_filling` (`placement_id`, `downline_id`, `level`, `matrix`) VALUES ('ZJZA3M', 'CBGVQU', 64, 1);
UPDATE `bv_updation` SET left_carry = left_carry+50, total_left = total_left+50
WHERE `user_id` = 'ZJZA3M';
INSERT INTO `placement_bv_update_history` (`left_carry`, `date`, `from_id`, `user_id`) VALUES ('50', '2024-09-26 10:43:21', 'CBGVQU', 'ZJZA3M');
INSERT INTO `matrix_filling` (`placement_id`, `downline_id`, `level`, `matrix`) VALUES ('XN6ETC', 'CBGVQU', 65, 1);
UPDATE `bv_updation` SET left_carry = left_carry+50, total_left = total_left+50
WHERE `user_id` = 'XN6ETC';
INSERT INTO `placement_bv_update_history` (`left_carry`, `date`, `from_id`, `user_id`) VALUES ('50', '2024-09-26 10:43:21', 'CBGVQU', 'XN6ETC');
INSERT INTO `matrix_filling` (`placement_id`, `downline_id`, `level`, `matrix`) VALUES ('KVQN1O', 'CBGVQU', 66, 1);
UPDATE `bv_updation` SET left_carry = left_carry+50, total_left = total_left+50
WHERE `user_id` = 'KVQN1O';
INSERT INTO `placement_bv_update_history` (`left_carry`, `date`, `from_id`, `user_id`) VALUES ('50', '2024-09-26 10:43:21', 'CBGVQU', 'KVQN1O');
INSERT INTO `matrix_filling` (`placement_id`, `downline_id`, `level`, `matrix`) VALUES ('X3V7DJ', 'CBGVQU', 67, 1);
UPDATE `bv_updation` SET left_carry = left_carry+50, total_left = total_left+50
WHERE `user_id` = 'X3V7DJ';
INSERT INTO `placement_bv_update_history` (`left_carry`, `date`, `from_id`, `user_id`) VALUES ('50', '2024-09-26 10:43:21', 'CBGVQU', 'X3V7DJ');
INSERT INTO `matrix_filling` (`placement_id`, `downline_id`, `level`, `matrix`) VALUES ('DJ77NH', 'CBGVQU', 68, 1);
UPDATE `bv_updation` SET left_carry = left_carry+50, total_left = total_left+50
WHERE `user_id` = 'DJ77NH';
INSERT INTO `placement_bv_update_history` (`left_carry`, `date`, `from_id`, `user_id`) VALUES ('50', '2024-09-26 10:43:21', 'CBGVQU', 'DJ77NH');
INSERT INTO `matrix_filling` (`placement_id`, `downline_id`, `level`, `matrix`) VALUES ('PX7XCL', 'CBGVQU', 69, 1);
UPDATE `bv_updation` SET left_carry = left_carry+50, total_left = total_left+50
WHERE `user_id` = 'PX7XCL';
INSERT INTO `placement_bv_update_history` (`left_carry`, `date`, `from_id`, `user_id`) VALUES ('50', '2024-09-26 10:43:21', 'CBGVQU', 'PX7XCL');
INSERT INTO `matrix_filling` (`placement_id`, `downline_id`, `level`, `matrix`) VALUES ('L8PM4Z', 'CBGVQU', 70, 1);
UPDATE `bv_updation` SET left_carry = left_carry+50, total_left = total_left+50
WHERE `user_id` = 'L8PM4Z';
INSERT INTO `placement_bv_update_history` (`left_carry`, `date`, `from_id`, `user_id`) VALUES ('50', '2024-09-26 10:43:21', 'CBGVQU', 'L8PM4Z');
INSERT INTO `matrix_filling` (`placement_id`, `downline_id`, `level`, `matrix`) VALUES ('GBSIER', 'CBGVQU', 71, 1);
UPDATE `bv_updation` SET left_carry = left_carry+50, total_left = total_left+50
WHERE `user_id` = 'GBSIER';
INSERT INTO `placement_bv_update_history` (`left_carry`, `date`, `from_id`, `user_id`) VALUES ('50', '2024-09-26 10:43:21', 'CBGVQU', 'GBSIER');
INSERT INTO `matrix_filling` (`placement_id`, `downline_id`, `level`, `matrix`) VALUES ('AV48YQ', 'CBGVQU', 72, 1);
UPDATE `bv_updation` SET left_carry = left_carry+50, total_left = total_left+50
WHERE `user_id` = 'AV48YQ';
INSERT INTO `placement_bv_update_history` (`left_carry`, `date`, `from_id`, `user_id`) VALUES ('50', '2024-09-26 10:43:21', 'CBGVQU', 'AV48YQ');
INSERT INTO `matrix_filling` (`placement_id`, `downline_id`, `level`, `matrix`) VALUES ('admin', 'CBGVQU', 73, 1);
INSERT INTO `package_purchase_history` (`user_id`, `package_id`, `reg_fee`, `package_name`, `monthly_fee`, `type`, `date`, `payment_option`) VALUES ('CBGVQU', '2', '595', 'Traveler Pro', '150', 'sign_up', '2024-09-26 10:43:21', 'free');
UPDATE `user_registration` SET `popup_seen` = 'yes'
WHERE `user_id` = '5K7DS2';
UPDATE `user_registration` SET `uid` = '2671', `user_id` = '7DZUTJ', `username` = 'sadio7', `sponsor_id` = 'NUPA4K', `vacant` = 'no', `f_name` = 'Sadio', `l_name` = 'Mane', `address` = '8100 SW 14 Terr', `position` = 'right', `email` = 'sadio7@gmail.com', `password` = '5b7ccf0f897e51cab1dc8faf617bd79c', `phone` = '7862876762', `country` = 'United States', `state` = 'Florida', `city` = 'Miami', `street` = '8100 SW 14 Terr', `zip_code` = '33144', `reg_ip` = '108.162.212.50', `status` = 1, `package_id` = '2', `rank_id` = 1, `highest_rank` = 1, `created` = '2024-09-26 10:43:55', `subscription_date` = '2024-10-26', `google_secret` = 'IZJ4IU7P5KKEIMA2'
WHERE `uid` = '2671';
INSERT INTO `user_registration` (`uid`, `user_id`, `username`, `sponsor_id`, `placement_id`, `vacant`, `f_name`, `l_name`, `address`, `position`, `email`, `password`, `phone`, `reg_ip`, `status`, `created`) VALUES (NULL, 'NLUIFC', 'eEvqcOyZ', '7DZUTJ', '7DZUTJ', 'yes', '', '', '', 'left', '@mail.com', '', '', '', 0, '2024-09-26 10:43:55');
INSERT INTO `user_registration` (`uid`, `user_id`, `username`, `sponsor_id`, `placement_id`, `vacant`, `f_name`, `l_name`, `address`, `position`, `email`, `password`, `phone`, `reg_ip`, `status`, `created`) VALUES (NULL, 'YMZFBL', 'biZKuYuL', '7DZUTJ', '7DZUTJ', 'yes', '', '', '', 'right', '@mail.com', '', '', '', 0, '2024-09-26 10:43:55');
INSERT INTO `bv_updation` (`user_id`) VALUES ('7DZUTJ');
UPDATE `user_registration` SET total_ref_count = total_ref_count+1
WHERE `user_id` = 'NUPA4K';
UPDATE `user_registration` SET total_downlines = total_downlines+1
WHERE `user_id` = '1BM251';
UPDATE `user_registration` SET right_downlines = right_downlines+1
WHERE `user_id` = '1BM251';
UPDATE `user_registration` SET total_downlines = total_downlines+1
WHERE `user_id` = 'VRG6MB';
UPDATE `user_registration` SET right_downlines = right_downlines+1
WHERE `user_id` = 'VRG6MB';
UPDATE `user_registration` SET total_downlines = total_downlines+1
WHERE `user_id` = 'IF93OZ';
UPDATE `user_registration` SET right_downlines = right_downlines+1
WHERE `user_id` = 'IF93OZ';
UPDATE `user_registration` SET total_downlines = total_downlines+1
WHERE `user_id` = '6O8Z46';
UPDATE `user_registration` SET right_downlines = right_downlines+1
WHERE `user_id` = '6O8Z46';
UPDATE `user_registration` SET total_downlines = total_downlines+1
WHERE `user_id` = '8IO4AU';
UPDATE `user_registration` SET right_downlines = right_downlines+1
WHERE `user_id` = '8IO4AU';
UPDATE `user_registration` SET total_downlines = total_downlines+1
WHERE `user_id` = 'IAXL4Y';
UPDATE `user_registration` SET right_downlines = right_downlines+1
WHERE `user_id` = 'IAXL4Y';
UPDATE `user_registration` SET total_downlines = total_downlines+1
WHERE `user_id` = 'KJQTCB';
UPDATE `user_registration` SET right_downlines = right_downlines+1
WHERE `user_id` = 'KJQTCB';
UPDATE `user_registration` SET total_downlines = total_downlines+1
WHERE `user_id` = 'CGSZCC';
UPDATE `user_registration` SET right_downlines = right_downlines+1
WHERE `user_id` = 'CGSZCC';
UPDATE `user_registration` SET total_downlines = total_downlines+1
WHERE `user_id` = 'MSD4O2';
UPDATE `user_registration` SET right_downlines = right_downlines+1
WHERE `user_id` = 'MSD4O2';
UPDATE `user_registration` SET total_downlines = total_downlines+1
WHERE `user_id` = 'RUEPZ3';
UPDATE `user_registration` SET right_downlines = right_downlines+1
WHERE `user_id` = 'RUEPZ3';
UPDATE `user_registration` SET total_downlines = total_downlines+1
WHERE `user_id` = '5CXKTT';
UPDATE `user_registration` SET right_downlines = right_downlines+1
WHERE `user_id` = '5CXKTT';
UPDATE `user_registration` SET total_downlines = total_downlines+1
WHERE `user_id` = 'S75FP2';
UPDATE `user_registration` SET right_downlines = right_downlines+1
WHERE `user_id` = 'S75FP2';
UPDATE `user_registration` SET total_downlines = total_downlines+1
WHERE `user_id` = 'NUPA4K';
UPDATE `user_registration` SET right_downlines = right_downlines+1
WHERE `user_id` = 'NUPA4K';
UPDATE `user_registration` SET right_ref_count = right_ref_count+1
WHERE `user_id` = 'NUPA4K';
UPDATE `user_registration` SET active_right = active_right+1
WHERE `user_id` = 'NUPA4K';
UPDATE `user_registration` SET total_downlines = total_downlines+1
WHERE `user_id` = '1FFFBU';
UPDATE `user_registration` SET left_downlines = left_downlines+1
WHERE `user_id` = '1FFFBU';
UPDATE `user_registration` SET total_downlines = total_downlines+1
WHERE `user_id` = 'J4CGUT';
UPDATE `user_registration` SET left_downlines = left_downlines+1
WHERE `user_id` = 'J4CGUT';
UPDATE `user_registration` SET total_downlines = total_downlines+1
WHERE `user_id` = 'S1RTX3';
UPDATE `user_registration` SET left_downlines = left_downlines+1
WHERE `user_id` = 'S1RTX3';
UPDATE `user_registration` SET total_downlines = total_downlines+1
WHERE `user_id` = 'I8YWQA';
UPDATE `user_registration` SET left_downlines = left_downlines+1
WHERE `user_id` = 'I8YWQA';
UPDATE `user_registration` SET total_downlines = total_downlines+1
WHERE `user_id` = 'I3MZBU';
UPDATE `user_registration` SET left_downlines = left_downlines+1
WHERE `user_id` = 'I3MZBU';
UPDATE `user_registration` SET total_downlines = total_downlines+1
WHERE `user_id` = 'H2I33O';
UPDATE `user_registration` SET left_downlines = left_downlines+1
WHERE `user_id` = 'H2I33O';
UPDATE `user_registration` SET total_downlines = total_downlines+1
WHERE `user_id` = 'AL7XWH';
UPDATE `user_registration` SET left_downlines = left_downlines+1
WHERE `user_id` = 'AL7XWH';
UPDATE `user_registration` SET total_downlines = total_downlines+1
WHERE `user_id` = 'HFZ9SA';
UPDATE `user_registration` SET left_downlines = left_downlines+1
WHERE `user_id` = 'HFZ9SA';
UPDATE `user_registration` SET total_downlines = total_downlines+1
WHERE `user_id` = 'A2MTZ3';
UPDATE `user_registration` SET left_downlines = left_downlines+1
WHERE `user_id` = 'A2MTZ3';
UPDATE `user_registration` SET total_downlines = total_downlines+1
WHERE `user_id` = 'RUEKCW';
UPDATE `user_registration` SET left_downlines = left_downlines+1
WHERE `user_id` = 'RUEKCW';
UPDATE `user_registration` SET total_downlines = total_downlines+1
WHERE `user_id` = 'K3GTG4';
UPDATE `user_registration` SET left_downlines = left_downlines+1
WHERE `user_id` = 'K3GTG4';
UPDATE `user_registration` SET total_downlines = total_downlines+1
WHERE `user_id` = 'I1TUBN';
UPDATE `user_registration` SET left_downlines = left_downlines+1
WHERE `user_id` = 'I1TUBN';
UPDATE `user_registration` SET total_downlines = total_downlines+1
WHERE `user_id` = 'BAUCCU';
UPDATE `user_registration` SET left_downlines = left_downlines+1
WHERE `user_id` = 'BAUCCU';
UPDATE `user_registration` SET total_downlines = total_downlines+1
WHERE `user_id` = '62QO97';
UPDATE `user_registration` SET left_downlines = left_downlines+1
WHERE `user_id` = '62QO97';
UPDATE `user_registration` SET total_downlines = total_downlines+1
WHERE `user_id` = 'OHLQEO';
UPDATE `user_registration` SET left_downlines = left_downlines+1
WHERE `user_id` = 'OHLQEO';
UPDATE `user_registration` SET total_downlines = total_downlines+1
WHERE `user_id` = '7APFKG';
UPDATE `user_registration` SET left_downlines = left_downlines+1
WHERE `user_id` = '7APFKG';
UPDATE `user_registration` SET total_downlines = total_downlines+1
WHERE `user_id` = 'Q2Q92Y';
UPDATE `user_registration` SET left_downlines = left_downlines+1
WHERE `user_id` = 'Q2Q92Y';
UPDATE `user_registration` SET total_downlines = total_downlines+1
WHERE `user_id` = 'E9ITRC';
UPDATE `user_registration` SET left_downlines = left_downlines+1
WHERE `user_id` = 'E9ITRC';
UPDATE `user_registration` SET total_downlines = total_downlines+1
WHERE `user_id` = '7COKBB';
UPDATE `user_registration` SET left_downlines = left_downlines+1
WHERE `user_id` = '7COKBB';
UPDATE `user_registration` SET total_downlines = total_downlines+1
WHERE `user_id` = 'BDNS17';
UPDATE `user_registration` SET left_downlines = left_downlines+1
WHERE `user_id` = 'BDNS17';
UPDATE `user_registration` SET total_downlines = total_downlines+1
WHERE `user_id` = '7ZXRRE';
UPDATE `user_registration` SET left_downlines = left_downlines+1
WHERE `user_id` = '7ZXRRE';
UPDATE `user_registration` SET total_downlines = total_downlines+1
WHERE `user_id` = 'KLRAF5';
UPDATE `user_registration` SET left_downlines = left_downlines+1
WHERE `user_id` = 'KLRAF5';
UPDATE `user_registration` SET total_downlines = total_downlines+1
WHERE `user_id` = 'IFJHZG';
UPDATE `user_registration` SET left_downlines = left_downlines+1
WHERE `user_id` = 'IFJHZG';
UPDATE `user_registration` SET total_downlines = total_downlines+1
WHERE `user_id` = 'MXUV8Q';
UPDATE `user_registration` SET left_downlines = left_downlines+1
WHERE `user_id` = 'MXUV8Q';
UPDATE `user_registration` SET total_downlines = total_downlines+1
WHERE `user_id` = 'GGM164';
UPDATE `user_registration` SET left_downlines = left_downlines+1
WHERE `user_id` = 'GGM164';
UPDATE `user_registration` SET total_downlines = total_downlines+1
WHERE `user_id` = '3NKIEX';
UPDATE `user_registration` SET left_downlines = left_downlines+1
WHERE `user_id` = '3NKIEX';
UPDATE `user_registration` SET total_downlines = total_downlines+1
WHERE `user_id` = 'S56TH3';
UPDATE `user_registration` SET left_downlines = left_downlines+1
WHERE `user_id` = 'S56TH3';
UPDATE `user_registration` SET total_downlines = total_downlines+1
WHERE `user_id` = 'XYG89U';
UPDATE `user_registration` SET left_downlines = left_downlines+1
WHERE `user_id` = 'XYG89U';
UPDATE `user_registration` SET total_downlines = total_downlines+1
WHERE `user_id` = 'HTFY93';
UPDATE `user_registration` SET left_downlines = left_downlines+1
WHERE `user_id` = 'HTFY93';
UPDATE `user_registration` SET total_downlines = total_downlines+1
WHERE `user_id` = '3PR393';
UPDATE `user_registration` SET left_downlines = left_downlines+1
WHERE `user_id` = '3PR393';
UPDATE `user_registration` SET total_downlines = total_downlines+1
WHERE `user_id` = 'T3MRY1';
UPDATE `user_registration` SET left_downlines = left_downlines+1
WHERE `user_id` = 'T3MRY1';
UPDATE `user_registration` SET total_downlines = total_downlines+1
WHERE `user_id` = 'GTMCCK';
UPDATE `user_registration` SET left_downlines = left_downlines+1
WHERE `user_id` = 'GTMCCK';
UPDATE `user_registration` SET total_downlines = total_downlines+1
WHERE `user_id` = 'DLYMIF';
UPDATE `user_registration` SET left_downlines = left_downlines+1
WHERE `user_id` = 'DLYMIF';
UPDATE `user_registration` SET total_downlines = total_downlines+1
WHERE `user_id` = 'WGJ5KE';
UPDATE `user_registration` SET left_downlines = left_downlines+1
WHERE `user_id` = 'WGJ5KE';
UPDATE `user_registration` SET total_downlines = total_downlines+1
WHERE `user_id` = 'ORRJ3M';
UPDATE `user_registration` SET left_downlines = left_downlines+1
WHERE `user_id` = 'ORRJ3M';
UPDATE `user_registration` SET total_downlines = total_downlines+1
WHERE `user_id` = 'AA8V6V';
UPDATE `user_registration` SET left_downlines = left_downlines+1
WHERE `user_id` = 'AA8V6V';
UPDATE `user_registration` SET total_downlines = total_downlines+1
WHERE `user_id` = '61ME4O';
UPDATE `user_registration` SET left_downlines = left_downlines+1
WHERE `user_id` = '61ME4O';
UPDATE `user_registration` SET total_downlines = total_downlines+1
WHERE `user_id` = 'WS1SZZ';
UPDATE `user_registration` SET left_downlines = left_downlines+1
WHERE `user_id` = 'WS1SZZ';
UPDATE `user_registration` SET total_downlines = total_downlines+1
WHERE `user_id` = 'TBN4MZ';
UPDATE `user_registration` SET left_downlines = left_downlines+1
WHERE `user_id` = 'TBN4MZ';
UPDATE `user_registration` SET total_downlines = total_downlines+1
WHERE `user_id` = 'OEMJ8R';
UPDATE `user_registration` SET left_downlines = left_downlines+1
WHERE `user_id` = 'OEMJ8R';
UPDATE `user_registration` SET total_downlines = total_downlines+1
WHERE `user_id` = 'FXAYIE';
UPDATE `user_registration` SET left_downlines = left_downlines+1
WHERE `user_id` = 'FXAYIE';
UPDATE `user_registration` SET total_downlines = total_downlines+1
WHERE `user_id` = 'ELXZWC';
UPDATE `user_registration` SET left_downlines = left_downlines+1
WHERE `user_id` = 'ELXZWC';
UPDATE `user_registration` SET total_downlines = total_downlines+1
WHERE `user_id` = 'C1TQVI';
UPDATE `user_registration` SET left_downlines = left_downlines+1
WHERE `user_id` = 'C1TQVI';
UPDATE `user_registration` SET total_downlines = total_downlines+1
WHERE `user_id` = 'F5GPDF';
UPDATE `user_registration` SET left_downlines = left_downlines+1
WHERE `user_id` = 'F5GPDF';
UPDATE `user_registration` SET total_downlines = total_downlines+1
WHERE `user_id` = '91PYDK';
UPDATE `user_registration` SET left_downlines = left_downlines+1
WHERE `user_id` = '91PYDK';
UPDATE `user_registration` SET total_downlines = total_downlines+1
WHERE `user_id` = '4OT7RX';
UPDATE `user_registration` SET left_downlines = left_downlines+1
WHERE `user_id` = '4OT7RX';
UPDATE `user_registration` SET total_downlines = total_downlines+1
WHERE `user_id` = 'ZJZA3M';
UPDATE `user_registration` SET left_downlines = left_downlines+1
WHERE `user_id` = 'ZJZA3M';
UPDATE `user_registration` SET total_downlines = total_downlines+1
WHERE `user_id` = 'XN6ETC';
UPDATE `user_registration` SET left_downlines = left_downlines+1
WHERE `user_id` = 'XN6ETC';
UPDATE `user_registration` SET total_downlines = total_downlines+1
WHERE `user_id` = 'KVQN1O';
UPDATE `user_registration` SET left_downlines = left_downlines+1
WHERE `user_id` = 'KVQN1O';
UPDATE `user_registration` SET total_downlines = total_downlines+1
WHERE `user_id` = 'X3V7DJ';
UPDATE `user_registration` SET left_downlines = left_downlines+1
WHERE `user_id` = 'X3V7DJ';
UPDATE `user_registration` SET total_downlines = total_downlines+1
WHERE `user_id` = 'DJ77NH';
UPDATE `user_registration` SET left_downlines = left_downlines+1
WHERE `user_id` = 'DJ77NH';
UPDATE `user_registration` SET total_downlines = total_downlines+1
WHERE `user_id` = 'PX7XCL';
UPDATE `user_registration` SET left_downlines = left_downlines+1
WHERE `user_id` = 'PX7XCL';
UPDATE `user_registration` SET total_downlines = total_downlines+1
WHERE `user_id` = 'L8PM4Z';
UPDATE `user_registration` SET left_downlines = left_downlines+1
WHERE `user_id` = 'L8PM4Z';
UPDATE `user_registration` SET total_downlines = total_downlines+1
WHERE `user_id` = 'GBSIER';
UPDATE `user_registration` SET left_downlines = left_downlines+1
WHERE `user_id` = 'GBSIER';
UPDATE `user_registration` SET total_downlines = total_downlines+1
WHERE `user_id` = 'AV48YQ';
UPDATE `user_registration` SET left_downlines = left_downlines+1
WHERE `user_id` = 'AV48YQ';
UPDATE `user_registration` SET total_downlines = total_downlines+1
WHERE `user_id` = 'admin';
UPDATE `user_registration` SET left_downlines = left_downlines+1
WHERE `user_id` = 'admin';
INSERT INTO `investment` (`invest_date`, `user_id`, `type`, `amount`, `package_id`) VALUES ('2024-09-26 10:43:55', '7DZUTJ', 'register', '595', '2');
INSERT INTO `earnings` (`user_id`, `Purchaser_id`, `earning_type`, `package_id`, `amount`, `date`, `comments`, `invest_amount`, `comm_perc`, `level`, `rank_id`, `order_id`) VALUES ('NUPA4K', '7DZUTJ', 'Direct Referral Bonus', '2', '100', '2024-09-26 10:43:55', 'Direct Referral Bonus', 0, 0, 1, '', 181);
UPDATE `user_registration` SET commission_balance = ROUND(commission_balance + 100,2)
WHERE `user_id` = 'NUPA4K';
INSERT INTO `earnings` (`user_id`, `Purchaser_id`, `earning_type`, `package_id`, `amount`, `date`, `comments`, `invest_amount`, `comm_perc`, `level`, `rank_id`, `order_id`) VALUES ('1FFFBU', '7DZUTJ', 'Expansion Bonus', '2', 100, '2024-09-26 10:43:55', 'Expansion Bonus', '100', 0, 1, '', 181);
UPDATE `user_registration` SET commission_balance = ROUND(commission_balance + 100,2)
WHERE `user_id` = '1FFFBU';
INSERT INTO `earnings` (`user_id`, `Purchaser_id`, `earning_type`, `package_id`, `amount`, `date`, `comments`, `invest_amount`, `comm_perc`, `level`, `rank_id`, `order_id`) VALUES ('admin', '7DZUTJ', 'Expansion Bonus', '2', 100, '2024-09-26 10:43:55', 'Expansion Bonus', 200, 0, 1, '', 181);
UPDATE `user_registration` SET commission_balance = ROUND(commission_balance + 100,2)
WHERE `user_id` = 'admin';
INSERT INTO `matrix_filling` (`placement_id`, `downline_id`, `level`, `matrix`) VALUES ('1BM251', '7DZUTJ', 1, 1);
UPDATE `bv_updation` SET right_carry = right_carry+50, total_right = total_right+50
WHERE `user_id` = '1BM251';
INSERT INTO `placement_bv_update_history` (`right_carry`, `date`, `from_id`, `user_id`) VALUES ('50', '2024-09-26 10:43:55', '7DZUTJ', '1BM251');
INSERT INTO `matrix_filling` (`placement_id`, `downline_id`, `level`, `matrix`) VALUES ('VRG6MB', '7DZUTJ', 2, 1);
UPDATE `bv_updation` SET right_carry = right_carry+50, total_right = total_right+50
WHERE `user_id` = 'VRG6MB';
INSERT INTO `placement_bv_update_history` (`right_carry`, `date`, `from_id`, `user_id`) VALUES ('50', '2024-09-26 10:43:55', '7DZUTJ', 'VRG6MB');
INSERT INTO `matrix_filling` (`placement_id`, `downline_id`, `level`, `matrix`) VALUES ('IF93OZ', '7DZUTJ', 3, 1);
UPDATE `bv_updation` SET right_carry = right_carry+50, total_right = total_right+50
WHERE `user_id` = 'IF93OZ';
INSERT INTO `placement_bv_update_history` (`right_carry`, `date`, `from_id`, `user_id`) VALUES ('50', '2024-09-26 10:43:55', '7DZUTJ', 'IF93OZ');
INSERT INTO `matrix_filling` (`placement_id`, `downline_id`, `level`, `matrix`) VALUES ('6O8Z46', '7DZUTJ', 4, 1);
UPDATE `bv_updation` SET right_carry = right_carry+50, total_right = total_right+50
WHERE `user_id` = '6O8Z46';
INSERT INTO `placement_bv_update_history` (`right_carry`, `date`, `from_id`, `user_id`) VALUES ('50', '2024-09-26 10:43:55', '7DZUTJ', '6O8Z46');
INSERT INTO `matrix_filling` (`placement_id`, `downline_id`, `level`, `matrix`) VALUES ('8IO4AU', '7DZUTJ', 5, 1);
UPDATE `bv_updation` SET right_carry = right_carry+50, total_right = total_right+50
WHERE `user_id` = '8IO4AU';
INSERT INTO `placement_bv_update_history` (`right_carry`, `date`, `from_id`, `user_id`) VALUES ('50', '2024-09-26 10:43:55', '7DZUTJ', '8IO4AU');
INSERT INTO `matrix_filling` (`placement_id`, `downline_id`, `level`, `matrix`) VALUES ('IAXL4Y', '7DZUTJ', 6, 1);
UPDATE `bv_updation` SET right_carry = right_carry+50, total_right = total_right+50
WHERE `user_id` = 'IAXL4Y';
INSERT INTO `placement_bv_update_history` (`right_carry`, `date`, `from_id`, `user_id`) VALUES ('50', '2024-09-26 10:43:55', '7DZUTJ', 'IAXL4Y');
INSERT INTO `matrix_filling` (`placement_id`, `downline_id`, `level`, `matrix`) VALUES ('KJQTCB', '7DZUTJ', 7, 1);
UPDATE `bv_updation` SET right_carry = right_carry+50, total_right = total_right+50
WHERE `user_id` = 'KJQTCB';
INSERT INTO `placement_bv_update_history` (`right_carry`, `date`, `from_id`, `user_id`) VALUES ('50', '2024-09-26 10:43:55', '7DZUTJ', 'KJQTCB');
INSERT INTO `matrix_filling` (`placement_id`, `downline_id`, `level`, `matrix`) VALUES ('CGSZCC', '7DZUTJ', 8, 1);
UPDATE `bv_updation` SET right_carry = right_carry+50, total_right = total_right+50
WHERE `user_id` = 'CGSZCC';
INSERT INTO `placement_bv_update_history` (`right_carry`, `date`, `from_id`, `user_id`) VALUES ('50', '2024-09-26 10:43:55', '7DZUTJ', 'CGSZCC');
INSERT INTO `matrix_filling` (`placement_id`, `downline_id`, `level`, `matrix`) VALUES ('MSD4O2', '7DZUTJ', 9, 1);
UPDATE `bv_updation` SET right_carry = right_carry+50, total_right = total_right+50
WHERE `user_id` = 'MSD4O2';
INSERT INTO `placement_bv_update_history` (`right_carry`, `date`, `from_id`, `user_id`) VALUES ('50', '2024-09-26 10:43:55', '7DZUTJ', 'MSD4O2');
INSERT INTO `matrix_filling` (`placement_id`, `downline_id`, `level`, `matrix`) VALUES ('RUEPZ3', '7DZUTJ', 10, 1);
UPDATE `bv_updation` SET right_carry = right_carry+50, total_right = total_right+50
WHERE `user_id` = 'RUEPZ3';
INSERT INTO `placement_bv_update_history` (`right_carry`, `date`, `from_id`, `user_id`) VALUES ('50', '2024-09-26 10:43:55', '7DZUTJ', 'RUEPZ3');
INSERT INTO `matrix_filling` (`placement_id`, `downline_id`, `level`, `matrix`) VALUES ('5CXKTT', '7DZUTJ', 11, 1);
UPDATE `bv_updation` SET right_carry = right_carry+50, total_right = total_right+50
WHERE `user_id` = '5CXKTT';
INSERT INTO `placement_bv_update_history` (`right_carry`, `date`, `from_id`, `user_id`) VALUES ('50', '2024-09-26 10:43:55', '7DZUTJ', '5CXKTT');
INSERT INTO `matrix_filling` (`placement_id`, `downline_id`, `level`, `matrix`) VALUES ('S75FP2', '7DZUTJ', 12, 1);
UPDATE `bv_updation` SET right_carry = right_carry+50, total_right = total_right+50
WHERE `user_id` = 'S75FP2';
INSERT INTO `placement_bv_update_history` (`right_carry`, `date`, `from_id`, `user_id`) VALUES ('50', '2024-09-26 10:43:55', '7DZUTJ', 'S75FP2');
INSERT INTO `matrix_filling` (`placement_id`, `downline_id`, `level`, `matrix`) VALUES ('NUPA4K', '7DZUTJ', 13, 1);
UPDATE `bv_updation` SET right_carry = right_carry+50, total_right = total_right+50
WHERE `user_id` = 'NUPA4K';
INSERT INTO `placement_bv_update_history` (`right_carry`, `date`, `from_id`, `user_id`) VALUES ('50', '2024-09-26 10:43:55', '7DZUTJ', 'NUPA4K');
UPDATE `bv_updation` SET sponsor_right_carry = sponsor_right_carry+50, sponsor_total_right = sponsor_total_right+50
WHERE `user_id` = 'NUPA4K';
INSERT INTO `sponsor_bv_update_history` (`right_carry`, `date`, `user_id`) VALUES ('50', '2024-09-26 10:43:55', 'NUPA4K');
INSERT INTO `matrix_filling` (`placement_id`, `downline_id`, `level`, `matrix`) VALUES ('1FFFBU', '7DZUTJ', 14, 1);
UPDATE `bv_updation` SET left_carry = left_carry+50, total_left = total_left+50
WHERE `user_id` = '1FFFBU';
INSERT INTO `placement_bv_update_history` (`left_carry`, `date`, `from_id`, `user_id`) VALUES ('50', '2024-09-26 10:43:55', '7DZUTJ', '1FFFBU');
INSERT INTO `matrix_filling` (`placement_id`, `downline_id`, `level`, `matrix`) VALUES ('J4CGUT', '7DZUTJ', 15, 1);
UPDATE `bv_updation` SET left_carry = left_carry+50, total_left = total_left+50
WHERE `user_id` = 'J4CGUT';
INSERT INTO `placement_bv_update_history` (`left_carry`, `date`, `from_id`, `user_id`) VALUES ('50', '2024-09-26 10:43:55', '7DZUTJ', 'J4CGUT');
INSERT INTO `matrix_filling` (`placement_id`, `downline_id`, `level`, `matrix`) VALUES ('S1RTX3', '7DZUTJ', 16, 1);
UPDATE `bv_updation` SET left_carry = left_carry+50, total_left = total_left+50
WHERE `user_id` = 'S1RTX3';
INSERT INTO `placement_bv_update_history` (`left_carry`, `date`, `from_id`, `user_id`) VALUES ('50', '2024-09-26 10:43:55', '7DZUTJ', 'S1RTX3');
INSERT INTO `matrix_filling` (`placement_id`, `downline_id`, `level`, `matrix`) VALUES ('I8YWQA', '7DZUTJ', 17, 1);
UPDATE `bv_updation` SET left_carry = left_carry+50, total_left = total_left+50
WHERE `user_id` = 'I8YWQA';
INSERT INTO `placement_bv_update_history` (`left_carry`, `date`, `from_id`, `user_id`) VALUES ('50', '2024-09-26 10:43:55', '7DZUTJ', 'I8YWQA');
INSERT INTO `matrix_filling` (`placement_id`, `downline_id`, `level`, `matrix`) VALUES ('I3MZBU', '7DZUTJ', 18, 1);
UPDATE `bv_updation` SET left_carry = left_carry+50, total_left = total_left+50
WHERE `user_id` = 'I3MZBU';
INSERT INTO `placement_bv_update_history` (`left_carry`, `date`, `from_id`, `user_id`) VALUES ('50', '2024-09-26 10:43:55', '7DZUTJ', 'I3MZBU');
INSERT INTO `matrix_filling` (`placement_id`, `downline_id`, `level`, `matrix`) VALUES ('H2I33O', '7DZUTJ', 19, 1);
UPDATE `bv_updation` SET left_carry = left_carry+50, total_left = total_left+50
WHERE `user_id` = 'H2I33O';
INSERT INTO `placement_bv_update_history` (`left_carry`, `date`, `from_id`, `user_id`) VALUES ('50', '2024-09-26 10:43:55', '7DZUTJ', 'H2I33O');
INSERT INTO `matrix_filling` (`placement_id`, `downline_id`, `level`, `matrix`) VALUES ('AL7XWH', '7DZUTJ', 20, 1);
UPDATE `bv_updation` SET left_carry = left_carry+50, total_left = total_left+50
WHERE `user_id` = 'AL7XWH';
INSERT INTO `placement_bv_update_history` (`left_carry`, `date`, `from_id`, `user_id`) VALUES ('50', '2024-09-26 10:43:55', '7DZUTJ', 'AL7XWH');
INSERT INTO `matrix_filling` (`placement_id`, `downline_id`, `level`, `matrix`) VALUES ('HFZ9SA', '7DZUTJ', 21, 1);
UPDATE `bv_updation` SET left_carry = left_carry+50, total_left = total_left+50
WHERE `user_id` = 'HFZ9SA';
INSERT INTO `placement_bv_update_history` (`left_carry`, `date`, `from_id`, `user_id`) VALUES ('50', '2024-09-26 10:43:55', '7DZUTJ', 'HFZ9SA');
INSERT INTO `matrix_filling` (`placement_id`, `downline_id`, `level`, `matrix`) VALUES ('A2MTZ3', '7DZUTJ', 22, 1);
UPDATE `bv_updation` SET left_carry = left_carry+50, total_left = total_left+50
WHERE `user_id` = 'A2MTZ3';
INSERT INTO `placement_bv_update_history` (`left_carry`, `date`, `from_id`, `user_id`) VALUES ('50', '2024-09-26 10:43:55', '7DZUTJ', 'A2MTZ3');
INSERT INTO `matrix_filling` (`placement_id`, `downline_id`, `level`, `matrix`) VALUES ('RUEKCW', '7DZUTJ', 23, 1);
UPDATE `bv_updation` SET left_carry = left_carry+50, total_left = total_left+50
WHERE `user_id` = 'RUEKCW';
INSERT INTO `placement_bv_update_history` (`left_carry`, `date`, `from_id`, `user_id`) VALUES ('50', '2024-09-26 10:43:55', '7DZUTJ', 'RUEKCW');
INSERT INTO `matrix_filling` (`placement_id`, `downline_id`, `level`, `matrix`) VALUES ('K3GTG4', '7DZUTJ', 24, 1);
UPDATE `bv_updation` SET left_carry = left_carry+50, total_left = total_left+50
WHERE `user_id` = 'K3GTG4';
INSERT INTO `placement_bv_update_history` (`left_carry`, `date`, `from_id`, `user_id`) VALUES ('50', '2024-09-26 10:43:55', '7DZUTJ', 'K3GTG4');
INSERT INTO `matrix_filling` (`placement_id`, `downline_id`, `level`, `matrix`) VALUES ('I1TUBN', '7DZUTJ', 25, 1);
UPDATE `bv_updation` SET left_carry = left_carry+50, total_left = total_left+50
WHERE `user_id` = 'I1TUBN';
INSERT INTO `placement_bv_update_history` (`left_carry`, `date`, `from_id`, `user_id`) VALUES ('50', '2024-09-26 10:43:55', '7DZUTJ', 'I1TUBN');
INSERT INTO `matrix_filling` (`placement_id`, `downline_id`, `level`, `matrix`) VALUES ('BAUCCU', '7DZUTJ', 26, 1);
UPDATE `bv_updation` SET left_carry = left_carry+50, total_left = total_left+50
WHERE `user_id` = 'BAUCCU';
INSERT INTO `placement_bv_update_history` (`left_carry`, `date`, `from_id`, `user_id`) VALUES ('50', '2024-09-26 10:43:55', '7DZUTJ', 'BAUCCU');
INSERT INTO `matrix_filling` (`placement_id`, `downline_id`, `level`, `matrix`) VALUES ('62QO97', '7DZUTJ', 27, 1);
UPDATE `bv_updation` SET left_carry = left_carry+50, total_left = total_left+50
WHERE `user_id` = '62QO97';
INSERT INTO `placement_bv_update_history` (`left_carry`, `date`, `from_id`, `user_id`) VALUES ('50', '2024-09-26 10:43:55', '7DZUTJ', '62QO97');
INSERT INTO `matrix_filling` (`placement_id`, `downline_id`, `level`, `matrix`) VALUES ('OHLQEO', '7DZUTJ', 28, 1);
UPDATE `bv_updation` SET left_carry = left_carry+50, total_left = total_left+50
WHERE `user_id` = 'OHLQEO';
INSERT INTO `placement_bv_update_history` (`left_carry`, `date`, `from_id`, `user_id`) VALUES ('50', '2024-09-26 10:43:55', '7DZUTJ', 'OHLQEO');
INSERT INTO `matrix_filling` (`placement_id`, `downline_id`, `level`, `matrix`) VALUES ('7APFKG', '7DZUTJ', 29, 1);
UPDATE `bv_updation` SET left_carry = left_carry+50, total_left = total_left+50
WHERE `user_id` = '7APFKG';
INSERT INTO `placement_bv_update_history` (`left_carry`, `date`, `from_id`, `user_id`) VALUES ('50', '2024-09-26 10:43:55', '7DZUTJ', '7APFKG');
INSERT INTO `matrix_filling` (`placement_id`, `downline_id`, `level`, `matrix`) VALUES ('Q2Q92Y', '7DZUTJ', 30, 1);
UPDATE `bv_updation` SET left_carry = left_carry+50, total_left = total_left+50
WHERE `user_id` = 'Q2Q92Y';
INSERT INTO `placement_bv_update_history` (`left_carry`, `date`, `from_id`, `user_id`) VALUES ('50', '2024-09-26 10:43:55', '7DZUTJ', 'Q2Q92Y');
INSERT INTO `matrix_filling` (`placement_id`, `downline_id`, `level`, `matrix`) VALUES ('E9ITRC', '7DZUTJ', 31, 1);
UPDATE `bv_updation` SET left_carry = left_carry+50, total_left = total_left+50
WHERE `user_id` = 'E9ITRC';
INSERT INTO `placement_bv_update_history` (`left_carry`, `date`, `from_id`, `user_id`) VALUES ('50', '2024-09-26 10:43:55', '7DZUTJ', 'E9ITRC');
INSERT INTO `matrix_filling` (`placement_id`, `downline_id`, `level`, `matrix`) VALUES ('7COKBB', '7DZUTJ', 32, 1);
UPDATE `bv_updation` SET left_carry = left_carry+50, total_left = total_left+50
WHERE `user_id` = '7COKBB';
INSERT INTO `placement_bv_update_history` (`left_carry`, `date`, `from_id`, `user_id`) VALUES ('50', '2024-09-26 10:43:55', '7DZUTJ', '7COKBB');
INSERT INTO `matrix_filling` (`placement_id`, `downline_id`, `level`, `matrix`) VALUES ('BDNS17', '7DZUTJ', 33, 1);
UPDATE `bv_updation` SET left_carry = left_carry+50, total_left = total_left+50
WHERE `user_id` = 'BDNS17';
INSERT INTO `placement_bv_update_history` (`left_carry`, `date`, `from_id`, `user_id`) VALUES ('50', '2024-09-26 10:43:55', '7DZUTJ', 'BDNS17');
INSERT INTO `matrix_filling` (`placement_id`, `downline_id`, `level`, `matrix`) VALUES ('7ZXRRE', '7DZUTJ', 34, 1);
UPDATE `bv_updation` SET left_carry = left_carry+50, total_left = total_left+50
WHERE `user_id` = '7ZXRRE';
INSERT INTO `placement_bv_update_history` (`left_carry`, `date`, `from_id`, `user_id`) VALUES ('50', '2024-09-26 10:43:55', '7DZUTJ', '7ZXRRE');
INSERT INTO `matrix_filling` (`placement_id`, `downline_id`, `level`, `matrix`) VALUES ('KLRAF5', '7DZUTJ', 35, 1);
UPDATE `bv_updation` SET left_carry = left_carry+50, total_left = total_left+50
WHERE `user_id` = 'KLRAF5';
INSERT INTO `placement_bv_update_history` (`left_carry`, `date`, `from_id`, `user_id`) VALUES ('50', '2024-09-26 10:43:55', '7DZUTJ', 'KLRAF5');
INSERT INTO `matrix_filling` (`placement_id`, `downline_id`, `level`, `matrix`) VALUES ('IFJHZG', '7DZUTJ', 36, 1);
UPDATE `bv_updation` SET left_carry = left_carry+50, total_left = total_left+50
WHERE `user_id` = 'IFJHZG';
INSERT INTO `placement_bv_update_history` (`left_carry`, `date`, `from_id`, `user_id`) VALUES ('50', '2024-09-26 10:43:55', '7DZUTJ', 'IFJHZG');
INSERT INTO `matrix_filling` (`placement_id`, `downline_id`, `level`, `matrix`) VALUES ('MXUV8Q', '7DZUTJ', 37, 1);
UPDATE `bv_updation` SET left_carry = left_carry+50, total_left = total_left+50
WHERE `user_id` = 'MXUV8Q';
INSERT INTO `placement_bv_update_history` (`left_carry`, `date`, `from_id`, `user_id`) VALUES ('50', '2024-09-26 10:43:55', '7DZUTJ', 'MXUV8Q');
INSERT INTO `matrix_filling` (`placement_id`, `downline_id`, `level`, `matrix`) VALUES ('GGM164', '7DZUTJ', 38, 1);
UPDATE `bv_updation` SET left_carry = left_carry+50, total_left = total_left+50
WHERE `user_id` = 'GGM164';
INSERT INTO `placement_bv_update_history` (`left_carry`, `date`, `from_id`, `user_id`) VALUES ('50', '2024-09-26 10:43:55', '7DZUTJ', 'GGM164');
INSERT INTO `matrix_filling` (`placement_id`, `downline_id`, `level`, `matrix`) VALUES ('3NKIEX', '7DZUTJ', 39, 1);
UPDATE `bv_updation` SET left_carry = left_carry+50, total_left = total_left+50
WHERE `user_id` = '3NKIEX';
INSERT INTO `placement_bv_update_history` (`left_carry`, `date`, `from_id`, `user_id`) VALUES ('50', '2024-09-26 10:43:55', '7DZUTJ', '3NKIEX');
INSERT INTO `matrix_filling` (`placement_id`, `downline_id`, `level`, `matrix`) VALUES ('S56TH3', '7DZUTJ', 40, 1);
UPDATE `bv_updation` SET left_carry = left_carry+50, total_left = total_left+50
WHERE `user_id` = 'S56TH3';
INSERT INTO `placement_bv_update_history` (`left_carry`, `date`, `from_id`, `user_id`) VALUES ('50', '2024-09-26 10:43:55', '7DZUTJ', 'S56TH3');
INSERT INTO `matrix_filling` (`placement_id`, `downline_id`, `level`, `matrix`) VALUES ('XYG89U', '7DZUTJ', 41, 1);
UPDATE `bv_updation` SET left_carry = left_carry+50, total_left = total_left+50
WHERE `user_id` = 'XYG89U';
INSERT INTO `placement_bv_update_history` (`left_carry`, `date`, `from_id`, `user_id`) VALUES ('50', '2024-09-26 10:43:55', '7DZUTJ', 'XYG89U');
INSERT INTO `matrix_filling` (`placement_id`, `downline_id`, `level`, `matrix`) VALUES ('HTFY93', '7DZUTJ', 42, 1);
UPDATE `bv_updation` SET left_carry = left_carry+50, total_left = total_left+50
WHERE `user_id` = 'HTFY93';
INSERT INTO `placement_bv_update_history` (`left_carry`, `date`, `from_id`, `user_id`) VALUES ('50', '2024-09-26 10:43:55', '7DZUTJ', 'HTFY93');
INSERT INTO `matrix_filling` (`placement_id`, `downline_id`, `level`, `matrix`) VALUES ('3PR393', '7DZUTJ', 43, 1);
UPDATE `bv_updation` SET left_carry = left_carry+50, total_left = total_left+50
WHERE `user_id` = '3PR393';
INSERT INTO `placement_bv_update_history` (`left_carry`, `date`, `from_id`, `user_id`) VALUES ('50', '2024-09-26 10:43:55', '7DZUTJ', '3PR393');
INSERT INTO `matrix_filling` (`placement_id`, `downline_id`, `level`, `matrix`) VALUES ('T3MRY1', '7DZUTJ', 44, 1);
UPDATE `bv_updation` SET left_carry = left_carry+50, total_left = total_left+50
WHERE `user_id` = 'T3MRY1';
INSERT INTO `placement_bv_update_history` (`left_carry`, `date`, `from_id`, `user_id`) VALUES ('50', '2024-09-26 10:43:55', '7DZUTJ', 'T3MRY1');
INSERT INTO `matrix_filling` (`placement_id`, `downline_id`, `level`, `matrix`) VALUES ('GTMCCK', '7DZUTJ', 45, 1);
UPDATE `bv_updation` SET left_carry = left_carry+50, total_left = total_left+50
WHERE `user_id` = 'GTMCCK';
INSERT INTO `placement_bv_update_history` (`left_carry`, `date`, `from_id`, `user_id`) VALUES ('50', '2024-09-26 10:43:55', '7DZUTJ', 'GTMCCK');
INSERT INTO `matrix_filling` (`placement_id`, `downline_id`, `level`, `matrix`) VALUES ('DLYMIF', '7DZUTJ', 46, 1);
UPDATE `bv_updation` SET left_carry = left_carry+50, total_left = total_left+50
WHERE `user_id` = 'DLYMIF';
INSERT INTO `placement_bv_update_history` (`left_carry`, `date`, `from_id`, `user_id`) VALUES ('50', '2024-09-26 10:43:55', '7DZUTJ', 'DLYMIF');
INSERT INTO `matrix_filling` (`placement_id`, `downline_id`, `level`, `matrix`) VALUES ('WGJ5KE', '7DZUTJ', 47, 1);
UPDATE `bv_updation` SET left_carry = left_carry+50, total_left = total_left+50
WHERE `user_id` = 'WGJ5KE';
INSERT INTO `placement_bv_update_history` (`left_carry`, `date`, `from_id`, `user_id`) VALUES ('50', '2024-09-26 10:43:55', '7DZUTJ', 'WGJ5KE');
INSERT INTO `matrix_filling` (`placement_id`, `downline_id`, `level`, `matrix`) VALUES ('ORRJ3M', '7DZUTJ', 48, 1);
UPDATE `bv_updation` SET left_carry = left_carry+50, total_left = total_left+50
WHERE `user_id` = 'ORRJ3M';
INSERT INTO `placement_bv_update_history` (`left_carry`, `date`, `from_id`, `user_id`) VALUES ('50', '2024-09-26 10:43:55', '7DZUTJ', 'ORRJ3M');
INSERT INTO `matrix_filling` (`placement_id`, `downline_id`, `level`, `matrix`) VALUES ('AA8V6V', '7DZUTJ', 49, 1);
UPDATE `bv_updation` SET left_carry = left_carry+50, total_left = total_left+50
WHERE `user_id` = 'AA8V6V';
INSERT INTO `placement_bv_update_history` (`left_carry`, `date`, `from_id`, `user_id`) VALUES ('50', '2024-09-26 10:43:55', '7DZUTJ', 'AA8V6V');
INSERT INTO `matrix_filling` (`placement_id`, `downline_id`, `level`, `matrix`) VALUES ('61ME4O', '7DZUTJ', 50, 1);
UPDATE `bv_updation` SET left_carry = left_carry+50, total_left = total_left+50
WHERE `user_id` = '61ME4O';
INSERT INTO `placement_bv_update_history` (`left_carry`, `date`, `from_id`, `user_id`) VALUES ('50', '2024-09-26 10:43:55', '7DZUTJ', '61ME4O');
INSERT INTO `matrix_filling` (`placement_id`, `downline_id`, `level`, `matrix`) VALUES ('WS1SZZ', '7DZUTJ', 51, 1);
UPDATE `bv_updation` SET left_carry = left_carry+50, total_left = total_left+50
WHERE `user_id` = 'WS1SZZ';
INSERT INTO `placement_bv_update_history` (`left_carry`, `date`, `from_id`, `user_id`) VALUES ('50', '2024-09-26 10:43:55', '7DZUTJ', 'WS1SZZ');
INSERT INTO `matrix_filling` (`placement_id`, `downline_id`, `level`, `matrix`) VALUES ('TBN4MZ', '7DZUTJ', 52, 1);
UPDATE `bv_updation` SET left_carry = left_carry+50, total_left = total_left+50
WHERE `user_id` = 'TBN4MZ';
INSERT INTO `placement_bv_update_history` (`left_carry`, `date`, `from_id`, `user_id`) VALUES ('50', '2024-09-26 10:43:55', '7DZUTJ', 'TBN4MZ');
INSERT INTO `matrix_filling` (`placement_id`, `downline_id`, `level`, `matrix`) VALUES ('OEMJ8R', '7DZUTJ', 53, 1);
UPDATE `bv_updation` SET left_carry = left_carry+50, total_left = total_left+50
WHERE `user_id` = 'OEMJ8R';
INSERT INTO `placement_bv_update_history` (`left_carry`, `date`, `from_id`, `user_id`) VALUES ('50', '2024-09-26 10:43:55', '7DZUTJ', 'OEMJ8R');
INSERT INTO `matrix_filling` (`placement_id`, `downline_id`, `level`, `matrix`) VALUES ('FXAYIE', '7DZUTJ', 54, 1);
UPDATE `bv_updation` SET left_carry = left_carry+50, total_left = total_left+50
WHERE `user_id` = 'FXAYIE';
INSERT INTO `placement_bv_update_history` (`left_carry`, `date`, `from_id`, `user_id`) VALUES ('50', '2024-09-26 10:43:55', '7DZUTJ', 'FXAYIE');
INSERT INTO `matrix_filling` (`placement_id`, `downline_id`, `level`, `matrix`) VALUES ('ELXZWC', '7DZUTJ', 55, 1);
UPDATE `bv_updation` SET left_carry = left_carry+50, total_left = total_left+50
WHERE `user_id` = 'ELXZWC';
INSERT INTO `placement_bv_update_history` (`left_carry`, `date`, `from_id`, `user_id`) VALUES ('50', '2024-09-26 10:43:55', '7DZUTJ', 'ELXZWC');
INSERT INTO `matrix_filling` (`placement_id`, `downline_id`, `level`, `matrix`) VALUES ('C1TQVI', '7DZUTJ', 56, 1);
UPDATE `bv_updation` SET left_carry = left_carry+50, total_left = total_left+50
WHERE `user_id` = 'C1TQVI';
INSERT INTO `placement_bv_update_history` (`left_carry`, `date`, `from_id`, `user_id`) VALUES ('50', '2024-09-26 10:43:55', '7DZUTJ', 'C1TQVI');
INSERT INTO `matrix_filling` (`placement_id`, `downline_id`, `level`, `matrix`) VALUES ('F5GPDF', '7DZUTJ', 57, 1);
UPDATE `bv_updation` SET left_carry = left_carry+50, total_left = total_left+50
WHERE `user_id` = 'F5GPDF';
INSERT INTO `placement_bv_update_history` (`left_carry`, `date`, `from_id`, `user_id`) VALUES ('50', '2024-09-26 10:43:55', '7DZUTJ', 'F5GPDF');
INSERT INTO `matrix_filling` (`placement_id`, `downline_id`, `level`, `matrix`) VALUES ('91PYDK', '7DZUTJ', 58, 1);
UPDATE `bv_updation` SET left_carry = left_carry+50, total_left = total_left+50
WHERE `user_id` = '91PYDK';
INSERT INTO `placement_bv_update_history` (`left_carry`, `date`, `from_id`, `user_id`) VALUES ('50', '2024-09-26 10:43:55', '7DZUTJ', '91PYDK');
INSERT INTO `matrix_filling` (`placement_id`, `downline_id`, `level`, `matrix`) VALUES ('4OT7RX', '7DZUTJ', 59, 1);
UPDATE `bv_updation` SET left_carry = left_carry+50, total_left = total_left+50
WHERE `user_id` = '4OT7RX';
INSERT INTO `placement_bv_update_history` (`left_carry`, `date`, `from_id`, `user_id`) VALUES ('50', '2024-09-26 10:43:55', '7DZUTJ', '4OT7RX');
INSERT INTO `matrix_filling` (`placement_id`, `downline_id`, `level`, `matrix`) VALUES ('ZJZA3M', '7DZUTJ', 60, 1);
UPDATE `bv_updation` SET left_carry = left_carry+50, total_left = total_left+50
WHERE `user_id` = 'ZJZA3M';
INSERT INTO `placement_bv_update_history` (`left_carry`, `date`, `from_id`, `user_id`) VALUES ('50', '2024-09-26 10:43:55', '7DZUTJ', 'ZJZA3M');
INSERT INTO `matrix_filling` (`placement_id`, `downline_id`, `level`, `matrix`) VALUES ('XN6ETC', '7DZUTJ', 61, 1);
UPDATE `bv_updation` SET left_carry = left_carry+50, total_left = total_left+50
WHERE `user_id` = 'XN6ETC';
INSERT INTO `placement_bv_update_history` (`left_carry`, `date`, `from_id`, `user_id`) VALUES ('50', '2024-09-26 10:43:55', '7DZUTJ', 'XN6ETC');
INSERT INTO `matrix_filling` (`placement_id`, `downline_id`, `level`, `matrix`) VALUES ('KVQN1O', '7DZUTJ', 62, 1);
UPDATE `bv_updation` SET left_carry = left_carry+50, total_left = total_left+50
WHERE `user_id` = 'KVQN1O';
INSERT INTO `placement_bv_update_history` (`left_carry`, `date`, `from_id`, `user_id`) VALUES ('50', '2024-09-26 10:43:55', '7DZUTJ', 'KVQN1O');
INSERT INTO `matrix_filling` (`placement_id`, `downline_id`, `level`, `matrix`) VALUES ('X3V7DJ', '7DZUTJ', 63, 1);
UPDATE `bv_updation` SET left_carry = left_carry+50, total_left = total_left+50
WHERE `user_id` = 'X3V7DJ';
INSERT INTO `placement_bv_update_history` (`left_carry`, `date`, `from_id`, `user_id`) VALUES ('50', '2024-09-26 10:43:55', '7DZUTJ', 'X3V7DJ');
INSERT INTO `matrix_filling` (`placement_id`, `downline_id`, `level`, `matrix`) VALUES ('DJ77NH', '7DZUTJ', 64, 1);
UPDATE `bv_updation` SET left_carry = left_carry+50, total_left = total_left+50
WHERE `user_id` = 'DJ77NH';
INSERT INTO `placement_bv_update_history` (`left_carry`, `date`, `from_id`, `user_id`) VALUES ('50', '2024-09-26 10:43:55', '7DZUTJ', 'DJ77NH');
INSERT INTO `matrix_filling` (`placement_id`, `downline_id`, `level`, `matrix`) VALUES ('PX7XCL', '7DZUTJ', 65, 1);
UPDATE `bv_updation` SET left_carry = left_carry+50, total_left = total_left+50
WHERE `user_id` = 'PX7XCL';
INSERT INTO `placement_bv_update_history` (`left_carry`, `date`, `from_id`, `user_id`) VALUES ('50', '2024-09-26 10:43:55', '7DZUTJ', 'PX7XCL');
INSERT INTO `matrix_filling` (`placement_id`, `downline_id`, `level`, `matrix`) VALUES ('L8PM4Z', '7DZUTJ', 66, 1);
UPDATE `bv_updation` SET left_carry = left_carry+50, total_left = total_left+50
WHERE `user_id` = 'L8PM4Z';
INSERT INTO `placement_bv_update_history` (`left_carry`, `date`, `from_id`, `user_id`) VALUES ('50', '2024-09-26 10:43:55', '7DZUTJ', 'L8PM4Z');
INSERT INTO `matrix_filling` (`placement_id`, `downline_id`, `level`, `matrix`) VALUES ('GBSIER', '7DZUTJ', 67, 1);
UPDATE `bv_updation` SET left_carry = left_carry+50, total_left = total_left+50
WHERE `user_id` = 'GBSIER';
INSERT INTO `placement_bv_update_history` (`left_carry`, `date`, `from_id`, `user_id`) VALUES ('50', '2024-09-26 10:43:55', '7DZUTJ', 'GBSIER');
INSERT INTO `matrix_filling` (`placement_id`, `downline_id`, `level`, `matrix`) VALUES ('AV48YQ', '7DZUTJ', 68, 1);
UPDATE `bv_updation` SET left_carry = left_carry+50, total_left = total_left+50
WHERE `user_id` = 'AV48YQ';
INSERT INTO `placement_bv_update_history` (`left_carry`, `date`, `from_id`, `user_id`) VALUES ('50', '2024-09-26 10:43:55', '7DZUTJ', 'AV48YQ');
INSERT INTO `matrix_filling` (`placement_id`, `downline_id`, `level`, `matrix`) VALUES ('admin', '7DZUTJ', 69, 1);
INSERT INTO `package_purchase_history` (`user_id`, `package_id`, `reg_fee`, `package_name`, `monthly_fee`, `type`, `date`, `payment_option`) VALUES ('7DZUTJ', '2', '595', 'Traveler Pro', '150', 'sign_up', '2024-09-26 10:43:55', 'free');
UPDATE `ci_sessions` SET `timestamp` = 1727365487, `data` = '__ci_last_regenerate|i:1727365487;id|s:4:\"2507\";user_id|s:6:\"5K7DS2\";username|s:6:\"frank7\";sponsor_id|s:6:\"HI62BI\";fullname|s:16:\"Francisco Prieto\";email|s:16:\"frank7@gmail.com\";phone|s:10:\"3057610606\";isLogIn|b:1;'
WHERE `id` = '6b454473dd59d8328e8f84f240e19eadf2fcc009';
UPDATE `user_registration` SET `uid` = '2661', `user_id` = 'LZUVNW', `username` = 'sunyen7', `sponsor_id` = '5K7DS2', `vacant` = 'no', `f_name` = 'Sunyen', `l_name` = 'Lee', `address` = '6520 Kendale Lakes Dr', `position` = 'right', `email` = 'sunyen7@hotmail.com', `password` = 'dc3dd2fddeb4b84207734bae554e39a0', `phone` = '3057610606', `country` = 'United States', `state` = 'Florida', `city` = 'Miami', `street` = '6520 Kendale Lakes Dr', `zip_code` = '33183', `reg_ip` = '172.70.83.3', `status` = 1, `package_id` = '2', `rank_id` = 1, `highest_rank` = 1, `created` = '2024-09-26 10:44:47', `subscription_date` = '2024-10-26', `google_secret` = 'NNKW7X3WF6SYVAP3'
WHERE `uid` = '2661';
INSERT INTO `user_registration` (`uid`, `user_id`, `username`, `sponsor_id`, `placement_id`, `vacant`, `f_name`, `l_name`, `address`, `position`, `email`, `password`, `phone`, `reg_ip`, `status`, `created`) VALUES (NULL, 'KHNWTS', 'MFQsPwai', 'LZUVNW', 'LZUVNW', 'yes', '', '', '', 'left', '@mail.com', '', '', '', 0, '2024-09-26 10:44:47');
INSERT INTO `user_registration` (`uid`, `user_id`, `username`, `sponsor_id`, `placement_id`, `vacant`, `f_name`, `l_name`, `address`, `position`, `email`, `password`, `phone`, `reg_ip`, `status`, `created`) VALUES (NULL, 'DTIQZE', 'RUxGYZPy', 'LZUVNW', 'LZUVNW', 'yes', '', '', '', 'right', '@mail.com', '', '', '', 0, '2024-09-26 10:44:47');
INSERT INTO `bv_updation` (`user_id`) VALUES ('LZUVNW');
UPDATE `user_registration` SET total_ref_count = total_ref_count+1
WHERE `user_id` = '5K7DS2';
UPDATE `user_registration` SET total_downlines = total_downlines+1
WHERE `user_id` = 'YPOM7N';
UPDATE `user_registration` SET right_downlines = right_downlines+1
WHERE `user_id` = 'YPOM7N';
UPDATE `user_registration` SET total_downlines = total_downlines+1
WHERE `user_id` = 'O75P58';
UPDATE `user_registration` SET right_downlines = right_downlines+1
WHERE `user_id` = 'O75P58';
UPDATE `user_registration` SET total_downlines = total_downlines+1
WHERE `user_id` = '33FGGD';
UPDATE `user_registration` SET right_downlines = right_downlines+1
WHERE `user_id` = '33FGGD';
UPDATE `user_registration` SET total_downlines = total_downlines+1
WHERE `user_id` = 'SRF4D8';
UPDATE `user_registration` SET right_downlines = right_downlines+1
WHERE `user_id` = 'SRF4D8';
UPDATE `user_registration` SET total_downlines = total_downlines+1
WHERE `user_id` = '4JAFWS';
UPDATE `user_registration` SET right_downlines = right_downlines+1
WHERE `user_id` = '4JAFWS';
UPDATE `user_registration` SET total_downlines = total_downlines+1
WHERE `user_id` = '4ZFEAJ';
UPDATE `user_registration` SET right_downlines = right_downlines+1
WHERE `user_id` = '4ZFEAJ';
UPDATE `user_registration` SET total_downlines = total_downlines+1
WHERE `user_id` = 'BQJO4S';
UPDATE `user_registration` SET right_downlines = right_downlines+1
WHERE `user_id` = 'BQJO4S';
UPDATE `user_registration` SET total_downlines = total_downlines+1
WHERE `user_id` = 'T7HLTF';
UPDATE `user_registration` SET right_downlines = right_downlines+1
WHERE `user_id` = 'T7HLTF';
UPDATE `user_registration` SET total_downlines = total_downlines+1
WHERE `user_id` = 'R5QKTJ';
UPDATE `user_registration` SET right_downlines = right_downlines+1
WHERE `user_id` = 'R5QKTJ';
UPDATE `user_registration` SET total_downlines = total_downlines+1
WHERE `user_id` = 'MFRGPZ';
UPDATE `user_registration` SET right_downlines = right_downlines+1
WHERE `user_id` = 'MFRGPZ';
UPDATE `user_registration` SET total_downlines = total_downlines+1
WHERE `user_id` = '4OR55J';
UPDATE `user_registration` SET right_downlines = right_downlines+1
WHERE `user_id` = '4OR55J';
UPDATE `user_registration` SET total_downlines = total_downlines+1
WHERE `user_id` = '1H17TW';
UPDATE `user_registration` SET right_downlines = right_downlines+1
WHERE `user_id` = '1H17TW';
UPDATE `user_registration` SET total_downlines = total_downlines+1
WHERE `user_id` = 'QM7JIM';
UPDATE `user_registration` SET right_downlines = right_downlines+1
WHERE `user_id` = 'QM7JIM';
UPDATE `user_registration` SET total_downlines = total_downlines+1
WHERE `user_id` = 'P7L6OE';
UPDATE `user_registration` SET right_downlines = right_downlines+1
WHERE `user_id` = 'P7L6OE';
UPDATE `user_registration` SET total_downlines = total_downlines+1
WHERE `user_id` = 'Z34OQI';
UPDATE `user_registration` SET right_downlines = right_downlines+1
WHERE `user_id` = 'Z34OQI';
UPDATE `user_registration` SET total_downlines = total_downlines+1
WHERE `user_id` = '5K7DS2';
UPDATE `user_registration` SET right_downlines = right_downlines+1
WHERE `user_id` = '5K7DS2';
UPDATE `user_registration` SET right_ref_count = right_ref_count+1
WHERE `user_id` = '5K7DS2';
UPDATE `user_registration` SET active_right = active_right+1
WHERE `user_id` = '5K7DS2';
UPDATE `user_registration` SET total_downlines = total_downlines+1
WHERE `user_id` = 'HI62BI';
UPDATE `user_registration` SET right_downlines = right_downlines+1
WHERE `user_id` = 'HI62BI';
UPDATE `user_registration` SET total_downlines = total_downlines+1
WHERE `user_id` = '1FFFBU';
UPDATE `user_registration` SET right_downlines = right_downlines+1
WHERE `user_id` = '1FFFBU';
UPDATE `user_registration` SET total_downlines = total_downlines+1
WHERE `user_id` = 'J4CGUT';
UPDATE `user_registration` SET left_downlines = left_downlines+1
WHERE `user_id` = 'J4CGUT';
UPDATE `user_registration` SET total_downlines = total_downlines+1
WHERE `user_id` = 'S1RTX3';
UPDATE `user_registration` SET left_downlines = left_downlines+1
WHERE `user_id` = 'S1RTX3';
UPDATE `user_registration` SET total_downlines = total_downlines+1
WHERE `user_id` = 'I8YWQA';
UPDATE `user_registration` SET left_downlines = left_downlines+1
WHERE `user_id` = 'I8YWQA';
UPDATE `user_registration` SET total_downlines = total_downlines+1
WHERE `user_id` = 'I3MZBU';
UPDATE `user_registration` SET left_downlines = left_downlines+1
WHERE `user_id` = 'I3MZBU';
UPDATE `user_registration` SET total_downlines = total_downlines+1
WHERE `user_id` = 'H2I33O';
UPDATE `user_registration` SET left_downlines = left_downlines+1
WHERE `user_id` = 'H2I33O';
UPDATE `user_registration` SET total_downlines = total_downlines+1
WHERE `user_id` = 'AL7XWH';
UPDATE `user_registration` SET left_downlines = left_downlines+1
WHERE `user_id` = 'AL7XWH';
UPDATE `user_registration` SET total_downlines = total_downlines+1
WHERE `user_id` = 'HFZ9SA';
UPDATE `user_registration` SET left_downlines = left_downlines+1
WHERE `user_id` = 'HFZ9SA';
UPDATE `user_registration` SET total_downlines = total_downlines+1
WHERE `user_id` = 'A2MTZ3';
UPDATE `user_registration` SET left_downlines = left_downlines+1
WHERE `user_id` = 'A2MTZ3';
UPDATE `user_registration` SET total_downlines = total_downlines+1
WHERE `user_id` = 'RUEKCW';
UPDATE `user_registration` SET left_downlines = left_downlines+1
WHERE `user_id` = 'RUEKCW';
UPDATE `user_registration` SET total_downlines = total_downlines+1
WHERE `user_id` = 'K3GTG4';
UPDATE `user_registration` SET left_downlines = left_downlines+1
WHERE `user_id` = 'K3GTG4';
UPDATE `user_registration` SET total_downlines = total_downlines+1
WHERE `user_id` = 'I1TUBN';
UPDATE `user_registration` SET left_downlines = left_downlines+1
WHERE `user_id` = 'I1TUBN';
UPDATE `user_registration` SET total_downlines = total_downlines+1
WHERE `user_id` = 'BAUCCU';
UPDATE `user_registration` SET left_downlines = left_downlines+1
WHERE `user_id` = 'BAUCCU';
UPDATE `user_registration` SET total_downlines = total_downlines+1
WHERE `user_id` = '62QO97';
UPDATE `user_registration` SET left_downlines = left_downlines+1
WHERE `user_id` = '62QO97';
UPDATE `user_registration` SET total_downlines = total_downlines+1
WHERE `user_id` = 'OHLQEO';
UPDATE `user_registration` SET left_downlines = left_downlines+1
WHERE `user_id` = 'OHLQEO';
UPDATE `user_registration` SET total_downlines = total_downlines+1
WHERE `user_id` = '7APFKG';
UPDATE `user_registration` SET left_downlines = left_downlines+1
WHERE `user_id` = '7APFKG';
UPDATE `user_registration` SET total_downlines = total_downlines+1
WHERE `user_id` = 'Q2Q92Y';
UPDATE `user_registration` SET left_downlines = left_downlines+1
WHERE `user_id` = 'Q2Q92Y';
UPDATE `user_registration` SET total_downlines = total_downlines+1
WHERE `user_id` = 'E9ITRC';
UPDATE `user_registration` SET left_downlines = left_downlines+1
WHERE `user_id` = 'E9ITRC';
UPDATE `user_registration` SET total_downlines = total_downlines+1
WHERE `user_id` = '7COKBB';
UPDATE `user_registration` SET left_downlines = left_downlines+1
WHERE `user_id` = '7COKBB';
UPDATE `user_registration` SET total_downlines = total_downlines+1
WHERE `user_id` = 'BDNS17';
UPDATE `user_registration` SET left_downlines = left_downlines+1
WHERE `user_id` = 'BDNS17';
UPDATE `user_registration` SET total_downlines = total_downlines+1
WHERE `user_id` = '7ZXRRE';
UPDATE `user_registration` SET left_downlines = left_downlines+1
WHERE `user_id` = '7ZXRRE';
UPDATE `user_registration` SET total_downlines = total_downlines+1
WHERE `user_id` = 'KLRAF5';
UPDATE `user_registration` SET left_downlines = left_downlines+1
WHERE `user_id` = 'KLRAF5';
UPDATE `user_registration` SET total_downlines = total_downlines+1
WHERE `user_id` = 'IFJHZG';
UPDATE `user_registration` SET left_downlines = left_downlines+1
WHERE `user_id` = 'IFJHZG';
UPDATE `user_registration` SET total_downlines = total_downlines+1
WHERE `user_id` = 'MXUV8Q';
UPDATE `user_registration` SET left_downlines = left_downlines+1
WHERE `user_id` = 'MXUV8Q';
UPDATE `user_registration` SET total_downlines = total_downlines+1
WHERE `user_id` = 'GGM164';
UPDATE `user_registration` SET left_downlines = left_downlines+1
WHERE `user_id` = 'GGM164';
UPDATE `user_registration` SET total_downlines = total_downlines+1
WHERE `user_id` = '3NKIEX';
UPDATE `user_registration` SET left_downlines = left_downlines+1
WHERE `user_id` = '3NKIEX';
UPDATE `user_registration` SET total_downlines = total_downlines+1
WHERE `user_id` = 'S56TH3';
UPDATE `user_registration` SET left_downlines = left_downlines+1
WHERE `user_id` = 'S56TH3';
UPDATE `user_registration` SET total_downlines = total_downlines+1
WHERE `user_id` = 'XYG89U';
UPDATE `user_registration` SET left_downlines = left_downlines+1
WHERE `user_id` = 'XYG89U';
UPDATE `user_registration` SET total_downlines = total_downlines+1
WHERE `user_id` = 'HTFY93';
UPDATE `user_registration` SET left_downlines = left_downlines+1
WHERE `user_id` = 'HTFY93';
UPDATE `user_registration` SET total_downlines = total_downlines+1
WHERE `user_id` = '3PR393';
UPDATE `user_registration` SET left_downlines = left_downlines+1
WHERE `user_id` = '3PR393';
UPDATE `user_registration` SET total_downlines = total_downlines+1
WHERE `user_id` = 'T3MRY1';
UPDATE `user_registration` SET left_downlines = left_downlines+1
WHERE `user_id` = 'T3MRY1';
UPDATE `user_registration` SET total_downlines = total_downlines+1
WHERE `user_id` = 'GTMCCK';
UPDATE `user_registration` SET left_downlines = left_downlines+1
WHERE `user_id` = 'GTMCCK';
UPDATE `user_registration` SET total_downlines = total_downlines+1
WHERE `user_id` = 'DLYMIF';
UPDATE `user_registration` SET left_downlines = left_downlines+1
WHERE `user_id` = 'DLYMIF';
UPDATE `user_registration` SET total_downlines = total_downlines+1
WHERE `user_id` = 'WGJ5KE';
UPDATE `user_registration` SET left_downlines = left_downlines+1
WHERE `user_id` = 'WGJ5KE';
UPDATE `user_registration` SET total_downlines = total_downlines+1
WHERE `user_id` = 'ORRJ3M';
UPDATE `user_registration` SET left_downlines = left_downlines+1
WHERE `user_id` = 'ORRJ3M';
UPDATE `user_registration` SET total_downlines = total_downlines+1
WHERE `user_id` = 'AA8V6V';
UPDATE `user_registration` SET left_downlines = left_downlines+1
WHERE `user_id` = 'AA8V6V';
UPDATE `user_registration` SET total_downlines = total_downlines+1
WHERE `user_id` = '61ME4O';
UPDATE `user_registration` SET left_downlines = left_downlines+1
WHERE `user_id` = '61ME4O';
UPDATE `user_registration` SET total_downlines = total_downlines+1
WHERE `user_id` = 'WS1SZZ';
UPDATE `user_registration` SET left_downlines = left_downlines+1
WHERE `user_id` = 'WS1SZZ';
UPDATE `user_registration` SET total_downlines = total_downlines+1
WHERE `user_id` = 'TBN4MZ';
UPDATE `user_registration` SET left_downlines = left_downlines+1
WHERE `user_id` = 'TBN4MZ';
UPDATE `user_registration` SET total_downlines = total_downlines+1
WHERE `user_id` = 'OEMJ8R';
UPDATE `user_registration` SET left_downlines = left_downlines+1
WHERE `user_id` = 'OEMJ8R';
UPDATE `user_registration` SET total_downlines = total_downlines+1
WHERE `user_id` = 'FXAYIE';
UPDATE `user_registration` SET left_downlines = left_downlines+1
WHERE `user_id` = 'FXAYIE';
UPDATE `user_registration` SET total_downlines = total_downlines+1
WHERE `user_id` = 'ELXZWC';
UPDATE `user_registration` SET left_downlines = left_downlines+1
WHERE `user_id` = 'ELXZWC';
UPDATE `user_registration` SET total_downlines = total_downlines+1
WHERE `user_id` = 'C1TQVI';
UPDATE `user_registration` SET left_downlines = left_downlines+1
WHERE `user_id` = 'C1TQVI';
UPDATE `user_registration` SET total_downlines = total_downlines+1
WHERE `user_id` = 'F5GPDF';
UPDATE `user_registration` SET left_downlines = left_downlines+1
WHERE `user_id` = 'F5GPDF';
UPDATE `user_registration` SET total_downlines = total_downlines+1
WHERE `user_id` = '91PYDK';
UPDATE `user_registration` SET left_downlines = left_downlines+1
WHERE `user_id` = '91PYDK';
UPDATE `user_registration` SET total_downlines = total_downlines+1
WHERE `user_id` = '4OT7RX';
UPDATE `user_registration` SET left_downlines = left_downlines+1
WHERE `user_id` = '4OT7RX';
UPDATE `user_registration` SET total_downlines = total_downlines+1
WHERE `user_id` = 'ZJZA3M';
UPDATE `user_registration` SET left_downlines = left_downlines+1
WHERE `user_id` = 'ZJZA3M';
UPDATE `user_registration` SET total_downlines = total_downlines+1
WHERE `user_id` = 'XN6ETC';
UPDATE `user_registration` SET left_downlines = left_downlines+1
WHERE `user_id` = 'XN6ETC';
UPDATE `user_registration` SET total_downlines = total_downlines+1
WHERE `user_id` = 'KVQN1O';
UPDATE `user_registration` SET left_downlines = left_downlines+1
WHERE `user_id` = 'KVQN1O';
UPDATE `user_registration` SET total_downlines = total_downlines+1
WHERE `user_id` = 'X3V7DJ';
UPDATE `user_registration` SET left_downlines = left_downlines+1
WHERE `user_id` = 'X3V7DJ';
UPDATE `user_registration` SET total_downlines = total_downlines+1
WHERE `user_id` = 'DJ77NH';
UPDATE `user_registration` SET left_downlines = left_downlines+1
WHERE `user_id` = 'DJ77NH';
UPDATE `user_registration` SET total_downlines = total_downlines+1
WHERE `user_id` = 'PX7XCL';
UPDATE `user_registration` SET left_downlines = left_downlines+1
WHERE `user_id` = 'PX7XCL';
UPDATE `user_registration` SET total_downlines = total_downlines+1
WHERE `user_id` = 'L8PM4Z';
UPDATE `user_registration` SET left_downlines = left_downlines+1
WHERE `user_id` = 'L8PM4Z';
UPDATE `user_registration` SET total_downlines = total_downlines+1
WHERE `user_id` = 'GBSIER';
UPDATE `user_registration` SET left_downlines = left_downlines+1
WHERE `user_id` = 'GBSIER';
UPDATE `user_registration` SET total_downlines = total_downlines+1
WHERE `user_id` = 'AV48YQ';
UPDATE `user_registration` SET left_downlines = left_downlines+1
WHERE `user_id` = 'AV48YQ';
UPDATE `user_registration` SET total_downlines = total_downlines+1
WHERE `user_id` = 'admin';
UPDATE `user_registration` SET left_downlines = left_downlines+1
WHERE `user_id` = 'admin';
INSERT INTO `investment` (`invest_date`, `user_id`, `type`, `amount`, `package_id`) VALUES ('2024-09-26 10:44:47', 'LZUVNW', 'register', '595', '2');
INSERT INTO `earnings` (`user_id`, `Purchaser_id`, `earning_type`, `package_id`, `amount`, `date`, `comments`, `invest_amount`, `comm_perc`, `level`, `rank_id`, `order_id`) VALUES ('5K7DS2', 'LZUVNW', 'Direct Referral Bonus', '2', '100', '2024-09-26 10:44:47', 'Direct Referral Bonus', 0, 0, 1, '', 182);
UPDATE `user_registration` SET commission_balance = ROUND(commission_balance + 100,2)
WHERE `user_id` = '5K7DS2';
INSERT INTO `earnings` (`user_id`, `Purchaser_id`, `earning_type`, `package_id`, `amount`, `date`, `comments`, `invest_amount`, `comm_perc`, `level`, `rank_id`, `order_id`) VALUES ('1FFFBU', 'LZUVNW', 'Expansion Bonus', '2', 100, '2024-09-26 10:44:47', 'Expansion Bonus', '100', 0, 1, '', 182);
UPDATE `user_registration` SET commission_balance = ROUND(commission_balance + 100,2)
WHERE `user_id` = '1FFFBU';
INSERT INTO `earnings` (`user_id`, `Purchaser_id`, `earning_type`, `package_id`, `amount`, `date`, `comments`, `invest_amount`, `comm_perc`, `level`, `rank_id`, `order_id`) VALUES ('admin', 'LZUVNW', 'Expansion Bonus', '2', 100, '2024-09-26 10:44:47', 'Expansion Bonus', 200, 0, 1, '', 182);
UPDATE `user_registration` SET commission_balance = ROUND(commission_balance + 100,2)
WHERE `user_id` = 'admin';
INSERT INTO `matrix_filling` (`placement_id`, `downline_id`, `level`, `matrix`) VALUES ('YPOM7N', 'LZUVNW', 1, 1);
UPDATE `bv_updation` SET right_carry = right_carry+50, total_right = total_right+50
WHERE `user_id` = 'YPOM7N';
INSERT INTO `placement_bv_update_history` (`right_carry`, `date`, `from_id`, `user_id`) VALUES ('50', '2024-09-26 10:44:47', 'LZUVNW', 'YPOM7N');
INSERT INTO `matrix_filling` (`placement_id`, `downline_id`, `level`, `matrix`) VALUES ('O75P58', 'LZUVNW', 2, 1);
UPDATE `bv_updation` SET right_carry = right_carry+50, total_right = total_right+50
WHERE `user_id` = 'O75P58';
INSERT INTO `placement_bv_update_history` (`right_carry`, `date`, `from_id`, `user_id`) VALUES ('50', '2024-09-26 10:44:47', 'LZUVNW', 'O75P58');
INSERT INTO `matrix_filling` (`placement_id`, `downline_id`, `level`, `matrix`) VALUES ('33FGGD', 'LZUVNW', 3, 1);
UPDATE `bv_updation` SET right_carry = right_carry+50, total_right = total_right+50
WHERE `user_id` = '33FGGD';
INSERT INTO `placement_bv_update_history` (`right_carry`, `date`, `from_id`, `user_id`) VALUES ('50', '2024-09-26 10:44:47', 'LZUVNW', '33FGGD');
INSERT INTO `matrix_filling` (`placement_id`, `downline_id`, `level`, `matrix`) VALUES ('SRF4D8', 'LZUVNW', 4, 1);
UPDATE `bv_updation` SET right_carry = right_carry+50, total_right = total_right+50
WHERE `user_id` = 'SRF4D8';
INSERT INTO `placement_bv_update_history` (`right_carry`, `date`, `from_id`, `user_id`) VALUES ('50', '2024-09-26 10:44:47', 'LZUVNW', 'SRF4D8');
INSERT INTO `matrix_filling` (`placement_id`, `downline_id`, `level`, `matrix`) VALUES ('4JAFWS', 'LZUVNW', 5, 1);
UPDATE `bv_updation` SET right_carry = right_carry+50, total_right = total_right+50
WHERE `user_id` = '4JAFWS';
INSERT INTO `placement_bv_update_history` (`right_carry`, `date`, `from_id`, `user_id`) VALUES ('50', '2024-09-26 10:44:47', 'LZUVNW', '4JAFWS');
INSERT INTO `matrix_filling` (`placement_id`, `downline_id`, `level`, `matrix`) VALUES ('4ZFEAJ', 'LZUVNW', 6, 1);
UPDATE `bv_updation` SET right_carry = right_carry+50, total_right = total_right+50
WHERE `user_id` = '4ZFEAJ';
INSERT INTO `placement_bv_update_history` (`right_carry`, `date`, `from_id`, `user_id`) VALUES ('50', '2024-09-26 10:44:47', 'LZUVNW', '4ZFEAJ');
INSERT INTO `matrix_filling` (`placement_id`, `downline_id`, `level`, `matrix`) VALUES ('BQJO4S', 'LZUVNW', 7, 1);
UPDATE `bv_updation` SET right_carry = right_carry+50, total_right = total_right+50
WHERE `user_id` = 'BQJO4S';
INSERT INTO `placement_bv_update_history` (`right_carry`, `date`, `from_id`, `user_id`) VALUES ('50', '2024-09-26 10:44:47', 'LZUVNW', 'BQJO4S');
INSERT INTO `matrix_filling` (`placement_id`, `downline_id`, `level`, `matrix`) VALUES ('T7HLTF', 'LZUVNW', 8, 1);
UPDATE `bv_updation` SET right_carry = right_carry+50, total_right = total_right+50
WHERE `user_id` = 'T7HLTF';
INSERT INTO `placement_bv_update_history` (`right_carry`, `date`, `from_id`, `user_id`) VALUES ('50', '2024-09-26 10:44:47', 'LZUVNW', 'T7HLTF');
INSERT INTO `matrix_filling` (`placement_id`, `downline_id`, `level`, `matrix`) VALUES ('R5QKTJ', 'LZUVNW', 9, 1);
UPDATE `bv_updation` SET right_carry = right_carry+50, total_right = total_right+50
WHERE `user_id` = 'R5QKTJ';
INSERT INTO `placement_bv_update_history` (`right_carry`, `date`, `from_id`, `user_id`) VALUES ('50', '2024-09-26 10:44:47', 'LZUVNW', 'R5QKTJ');
INSERT INTO `matrix_filling` (`placement_id`, `downline_id`, `level`, `matrix`) VALUES ('MFRGPZ', 'LZUVNW', 10, 1);
UPDATE `bv_updation` SET right_carry = right_carry+50, total_right = total_right+50
WHERE `user_id` = 'MFRGPZ';
INSERT INTO `placement_bv_update_history` (`right_carry`, `date`, `from_id`, `user_id`) VALUES ('50', '2024-09-26 10:44:47', 'LZUVNW', 'MFRGPZ');
INSERT INTO `matrix_filling` (`placement_id`, `downline_id`, `level`, `matrix`) VALUES ('4OR55J', 'LZUVNW', 11, 1);
UPDATE `bv_updation` SET right_carry = right_carry+50, total_right = total_right+50
WHERE `user_id` = '4OR55J';
INSERT INTO `placement_bv_update_history` (`right_carry`, `date`, `from_id`, `user_id`) VALUES ('50', '2024-09-26 10:44:47', 'LZUVNW', '4OR55J');
INSERT INTO `matrix_filling` (`placement_id`, `downline_id`, `level`, `matrix`) VALUES ('1H17TW', 'LZUVNW', 12, 1);
UPDATE `bv_updation` SET right_carry = right_carry+50, total_right = total_right+50
WHERE `user_id` = '1H17TW';
INSERT INTO `placement_bv_update_history` (`right_carry`, `date`, `from_id`, `user_id`) VALUES ('50', '2024-09-26 10:44:47', 'LZUVNW', '1H17TW');
INSERT INTO `matrix_filling` (`placement_id`, `downline_id`, `level`, `matrix`) VALUES ('QM7JIM', 'LZUVNW', 13, 1);
UPDATE `bv_updation` SET right_carry = right_carry+50, total_right = total_right+50
WHERE `user_id` = 'QM7JIM';
INSERT INTO `placement_bv_update_history` (`right_carry`, `date`, `from_id`, `user_id`) VALUES ('50', '2024-09-26 10:44:47', 'LZUVNW', 'QM7JIM');
INSERT INTO `matrix_filling` (`placement_id`, `downline_id`, `level`, `matrix`) VALUES ('P7L6OE', 'LZUVNW', 14, 1);
UPDATE `bv_updation` SET right_carry = right_carry+50, total_right = total_right+50
WHERE `user_id` = 'P7L6OE';
INSERT INTO `placement_bv_update_history` (`right_carry`, `date`, `from_id`, `user_id`) VALUES ('50', '2024-09-26 10:44:47', 'LZUVNW', 'P7L6OE');
INSERT INTO `matrix_filling` (`placement_id`, `downline_id`, `level`, `matrix`) VALUES ('Z34OQI', 'LZUVNW', 15, 1);
UPDATE `bv_updation` SET right_carry = right_carry+50, total_right = total_right+50
WHERE `user_id` = 'Z34OQI';
INSERT INTO `placement_bv_update_history` (`right_carry`, `date`, `from_id`, `user_id`) VALUES ('50', '2024-09-26 10:44:47', 'LZUVNW', 'Z34OQI');
INSERT INTO `matrix_filling` (`placement_id`, `downline_id`, `level`, `matrix`) VALUES ('5K7DS2', 'LZUVNW', 16, 1);
INSERT INTO `matrix_filling` (`placement_id`, `downline_id`, `level`, `matrix`) VALUES ('HI62BI', 'LZUVNW', 17, 1);
UPDATE `bv_updation` SET right_carry = right_carry+50, total_right = total_right+50
WHERE `user_id` = 'HI62BI';
INSERT INTO `placement_bv_update_history` (`right_carry`, `date`, `from_id`, `user_id`) VALUES ('50', '2024-09-26 10:44:47', 'LZUVNW', 'HI62BI');
INSERT INTO `matrix_filling` (`placement_id`, `downline_id`, `level`, `matrix`) VALUES ('1FFFBU', 'LZUVNW', 18, 1);
UPDATE `bv_updation` SET right_carry = right_carry+50, total_right = total_right+50
WHERE `user_id` = '1FFFBU';
INSERT INTO `placement_bv_update_history` (`right_carry`, `date`, `from_id`, `user_id`) VALUES ('50', '2024-09-26 10:44:47', 'LZUVNW', '1FFFBU');
INSERT INTO `matrix_filling` (`placement_id`, `downline_id`, `level`, `matrix`) VALUES ('J4CGUT', 'LZUVNW', 19, 1);
UPDATE `bv_updation` SET left_carry = left_carry+50, total_left = total_left+50
WHERE `user_id` = 'J4CGUT';
INSERT INTO `placement_bv_update_history` (`left_carry`, `date`, `from_id`, `user_id`) VALUES ('50', '2024-09-26 10:44:47', 'LZUVNW', 'J4CGUT');
INSERT INTO `matrix_filling` (`placement_id`, `downline_id`, `level`, `matrix`) VALUES ('S1RTX3', 'LZUVNW', 20, 1);
UPDATE `bv_updation` SET left_carry = left_carry+50, total_left = total_left+50
WHERE `user_id` = 'S1RTX3';
INSERT INTO `placement_bv_update_history` (`left_carry`, `date`, `from_id`, `user_id`) VALUES ('50', '2024-09-26 10:44:47', 'LZUVNW', 'S1RTX3');
INSERT INTO `matrix_filling` (`placement_id`, `downline_id`, `level`, `matrix`) VALUES ('I8YWQA', 'LZUVNW', 21, 1);
UPDATE `bv_updation` SET left_carry = left_carry+50, total_left = total_left+50
WHERE `user_id` = 'I8YWQA';
INSERT INTO `placement_bv_update_history` (`left_carry`, `date`, `from_id`, `user_id`) VALUES ('50', '2024-09-26 10:44:47', 'LZUVNW', 'I8YWQA');
INSERT INTO `matrix_filling` (`placement_id`, `downline_id`, `level`, `matrix`) VALUES ('I3MZBU', 'LZUVNW', 22, 1);
UPDATE `bv_updation` SET left_carry = left_carry+50, total_left = total_left+50
WHERE `user_id` = 'I3MZBU';
INSERT INTO `placement_bv_update_history` (`left_carry`, `date`, `from_id`, `user_id`) VALUES ('50', '2024-09-26 10:44:47', 'LZUVNW', 'I3MZBU');
INSERT INTO `matrix_filling` (`placement_id`, `downline_id`, `level`, `matrix`) VALUES ('H2I33O', 'LZUVNW', 23, 1);
UPDATE `bv_updation` SET left_carry = left_carry+50, total_left = total_left+50
WHERE `user_id` = 'H2I33O';
INSERT INTO `placement_bv_update_history` (`left_carry`, `date`, `from_id`, `user_id`) VALUES ('50', '2024-09-26 10:44:47', 'LZUVNW', 'H2I33O');
INSERT INTO `matrix_filling` (`placement_id`, `downline_id`, `level`, `matrix`) VALUES ('AL7XWH', 'LZUVNW', 24, 1);
UPDATE `bv_updation` SET left_carry = left_carry+50, total_left = total_left+50
WHERE `user_id` = 'AL7XWH';
INSERT INTO `placement_bv_update_history` (`left_carry`, `date`, `from_id`, `user_id`) VALUES ('50', '2024-09-26 10:44:47', 'LZUVNW', 'AL7XWH');
INSERT INTO `matrix_filling` (`placement_id`, `downline_id`, `level`, `matrix`) VALUES ('HFZ9SA', 'LZUVNW', 25, 1);
UPDATE `bv_updation` SET left_carry = left_carry+50, total_left = total_left+50
WHERE `user_id` = 'HFZ9SA';
INSERT INTO `placement_bv_update_history` (`left_carry`, `date`, `from_id`, `user_id`) VALUES ('50', '2024-09-26 10:44:47', 'LZUVNW', 'HFZ9SA');
INSERT INTO `matrix_filling` (`placement_id`, `downline_id`, `level`, `matrix`) VALUES ('A2MTZ3', 'LZUVNW', 26, 1);
UPDATE `bv_updation` SET left_carry = left_carry+50, total_left = total_left+50
WHERE `user_id` = 'A2MTZ3';
INSERT INTO `placement_bv_update_history` (`left_carry`, `date`, `from_id`, `user_id`) VALUES ('50', '2024-09-26 10:44:47', 'LZUVNW', 'A2MTZ3');
INSERT INTO `matrix_filling` (`placement_id`, `downline_id`, `level`, `matrix`) VALUES ('RUEKCW', 'LZUVNW', 27, 1);
UPDATE `bv_updation` SET left_carry = left_carry+50, total_left = total_left+50
WHERE `user_id` = 'RUEKCW';
INSERT INTO `placement_bv_update_history` (`left_carry`, `date`, `from_id`, `user_id`) VALUES ('50', '2024-09-26 10:44:47', 'LZUVNW', 'RUEKCW');
INSERT INTO `matrix_filling` (`placement_id`, `downline_id`, `level`, `matrix`) VALUES ('K3GTG4', 'LZUVNW', 28, 1);
UPDATE `bv_updation` SET left_carry = left_carry+50, total_left = total_left+50
WHERE `user_id` = 'K3GTG4';
INSERT INTO `placement_bv_update_history` (`left_carry`, `date`, `from_id`, `user_id`) VALUES ('50', '2024-09-26 10:44:47', 'LZUVNW', 'K3GTG4');
INSERT INTO `matrix_filling` (`placement_id`, `downline_id`, `level`, `matrix`) VALUES ('I1TUBN', 'LZUVNW', 29, 1);
UPDATE `bv_updation` SET left_carry = left_carry+50, total_left = total_left+50
WHERE `user_id` = 'I1TUBN';
INSERT INTO `placement_bv_update_history` (`left_carry`, `date`, `from_id`, `user_id`) VALUES ('50', '2024-09-26 10:44:47', 'LZUVNW', 'I1TUBN');
INSERT INTO `matrix_filling` (`placement_id`, `downline_id`, `level`, `matrix`) VALUES ('BAUCCU', 'LZUVNW', 30, 1);
UPDATE `bv_updation` SET left_carry = left_carry+50, total_left = total_left+50
WHERE `user_id` = 'BAUCCU';
INSERT INTO `placement_bv_update_history` (`left_carry`, `date`, `from_id`, `user_id`) VALUES ('50', '2024-09-26 10:44:47', 'LZUVNW', 'BAUCCU');
INSERT INTO `matrix_filling` (`placement_id`, `downline_id`, `level`, `matrix`) VALUES ('62QO97', 'LZUVNW', 31, 1);
UPDATE `bv_updation` SET left_carry = left_carry+50, total_left = total_left+50
WHERE `user_id` = '62QO97';
INSERT INTO `placement_bv_update_history` (`left_carry`, `date`, `from_id`, `user_id`) VALUES ('50', '2024-09-26 10:44:47', 'LZUVNW', '62QO97');
INSERT INTO `matrix_filling` (`placement_id`, `downline_id`, `level`, `matrix`) VALUES ('OHLQEO', 'LZUVNW', 32, 1);
UPDATE `bv_updation` SET left_carry = left_carry+50, total_left = total_left+50
WHERE `user_id` = 'OHLQEO';
INSERT INTO `placement_bv_update_history` (`left_carry`, `date`, `from_id`, `user_id`) VALUES ('50', '2024-09-26 10:44:47', 'LZUVNW', 'OHLQEO');
INSERT INTO `matrix_filling` (`placement_id`, `downline_id`, `level`, `matrix`) VALUES ('7APFKG', 'LZUVNW', 33, 1);
UPDATE `bv_updation` SET left_carry = left_carry+50, total_left = total_left+50
WHERE `user_id` = '7APFKG';
INSERT INTO `placement_bv_update_history` (`left_carry`, `date`, `from_id`, `user_id`) VALUES ('50', '2024-09-26 10:44:47', 'LZUVNW', '7APFKG');
INSERT INTO `matrix_filling` (`placement_id`, `downline_id`, `level`, `matrix`) VALUES ('Q2Q92Y', 'LZUVNW', 34, 1);
UPDATE `bv_updation` SET left_carry = left_carry+50, total_left = total_left+50
WHERE `user_id` = 'Q2Q92Y';
INSERT INTO `placement_bv_update_history` (`left_carry`, `date`, `from_id`, `user_id`) VALUES ('50', '2024-09-26 10:44:47', 'LZUVNW', 'Q2Q92Y');
INSERT INTO `matrix_filling` (`placement_id`, `downline_id`, `level`, `matrix`) VALUES ('E9ITRC', 'LZUVNW', 35, 1);
UPDATE `bv_updation` SET left_carry = left_carry+50, total_left = total_left+50
WHERE `user_id` = 'E9ITRC';
INSERT INTO `placement_bv_update_history` (`left_carry`, `date`, `from_id`, `user_id`) VALUES ('50', '2024-09-26 10:44:47', 'LZUVNW', 'E9ITRC');
INSERT INTO `matrix_filling` (`placement_id`, `downline_id`, `level`, `matrix`) VALUES ('7COKBB', 'LZUVNW', 36, 1);
UPDATE `bv_updation` SET left_carry = left_carry+50, total_left = total_left+50
WHERE `user_id` = '7COKBB';
INSERT INTO `placement_bv_update_history` (`left_carry`, `date`, `from_id`, `user_id`) VALUES ('50', '2024-09-26 10:44:47', 'LZUVNW', '7COKBB');
INSERT INTO `matrix_filling` (`placement_id`, `downline_id`, `level`, `matrix`) VALUES ('BDNS17', 'LZUVNW', 37, 1);
UPDATE `bv_updation` SET left_carry = left_carry+50, total_left = total_left+50
WHERE `user_id` = 'BDNS17';
INSERT INTO `placement_bv_update_history` (`left_carry`, `date`, `from_id`, `user_id`) VALUES ('50', '2024-09-26 10:44:47', 'LZUVNW', 'BDNS17');
INSERT INTO `matrix_filling` (`placement_id`, `downline_id`, `level`, `matrix`) VALUES ('7ZXRRE', 'LZUVNW', 38, 1);
UPDATE `bv_updation` SET left_carry = left_carry+50, total_left = total_left+50
WHERE `user_id` = '7ZXRRE';
INSERT INTO `placement_bv_update_history` (`left_carry`, `date`, `from_id`, `user_id`) VALUES ('50', '2024-09-26 10:44:47', 'LZUVNW', '7ZXRRE');
INSERT INTO `matrix_filling` (`placement_id`, `downline_id`, `level`, `matrix`) VALUES ('KLRAF5', 'LZUVNW', 39, 1);
UPDATE `bv_updation` SET left_carry = left_carry+50, total_left = total_left+50
WHERE `user_id` = 'KLRAF5';
INSERT INTO `placement_bv_update_history` (`left_carry`, `date`, `from_id`, `user_id`) VALUES ('50', '2024-09-26 10:44:47', 'LZUVNW', 'KLRAF5');
INSERT INTO `matrix_filling` (`placement_id`, `downline_id`, `level`, `matrix`) VALUES ('IFJHZG', 'LZUVNW', 40, 1);
UPDATE `bv_updation` SET left_carry = left_carry+50, total_left = total_left+50
WHERE `user_id` = 'IFJHZG';
INSERT INTO `placement_bv_update_history` (`left_carry`, `date`, `from_id`, `user_id`) VALUES ('50', '2024-09-26 10:44:47', 'LZUVNW', 'IFJHZG');
INSERT INTO `matrix_filling` (`placement_id`, `downline_id`, `level`, `matrix`) VALUES ('MXUV8Q', 'LZUVNW', 41, 1);
UPDATE `bv_updation` SET left_carry = left_carry+50, total_left = total_left+50
WHERE `user_id` = 'MXUV8Q';
INSERT INTO `placement_bv_update_history` (`left_carry`, `date`, `from_id`, `user_id`) VALUES ('50', '2024-09-26 10:44:47', 'LZUVNW', 'MXUV8Q');
INSERT INTO `matrix_filling` (`placement_id`, `downline_id`, `level`, `matrix`) VALUES ('GGM164', 'LZUVNW', 42, 1);
UPDATE `bv_updation` SET left_carry = left_carry+50, total_left = total_left+50
WHERE `user_id` = 'GGM164';
INSERT INTO `placement_bv_update_history` (`left_carry`, `date`, `from_id`, `user_id`) VALUES ('50', '2024-09-26 10:44:47', 'LZUVNW', 'GGM164');
INSERT INTO `matrix_filling` (`placement_id`, `downline_id`, `level`, `matrix`) VALUES ('3NKIEX', 'LZUVNW', 43, 1);
UPDATE `bv_updation` SET left_carry = left_carry+50, total_left = total_left+50
WHERE `user_id` = '3NKIEX';
INSERT INTO `placement_bv_update_history` (`left_carry`, `date`, `from_id`, `user_id`) VALUES ('50', '2024-09-26 10:44:47', 'LZUVNW', '3NKIEX');
INSERT INTO `matrix_filling` (`placement_id`, `downline_id`, `level`, `matrix`) VALUES ('S56TH3', 'LZUVNW', 44, 1);
UPDATE `bv_updation` SET left_carry = left_carry+50, total_left = total_left+50
WHERE `user_id` = 'S56TH3';
INSERT INTO `placement_bv_update_history` (`left_carry`, `date`, `from_id`, `user_id`) VALUES ('50', '2024-09-26 10:44:47', 'LZUVNW', 'S56TH3');
INSERT INTO `matrix_filling` (`placement_id`, `downline_id`, `level`, `matrix`) VALUES ('XYG89U', 'LZUVNW', 45, 1);
UPDATE `bv_updation` SET left_carry = left_carry+50, total_left = total_left+50
WHERE `user_id` = 'XYG89U';
INSERT INTO `placement_bv_update_history` (`left_carry`, `date`, `from_id`, `user_id`) VALUES ('50', '2024-09-26 10:44:47', 'LZUVNW', 'XYG89U');
INSERT INTO `matrix_filling` (`placement_id`, `downline_id`, `level`, `matrix`) VALUES ('HTFY93', 'LZUVNW', 46, 1);
UPDATE `bv_updation` SET left_carry = left_carry+50, total_left = total_left+50
WHERE `user_id` = 'HTFY93';
INSERT INTO `placement_bv_update_history` (`left_carry`, `date`, `from_id`, `user_id`) VALUES ('50', '2024-09-26 10:44:47', 'LZUVNW', 'HTFY93');
INSERT INTO `matrix_filling` (`placement_id`, `downline_id`, `level`, `matrix`) VALUES ('3PR393', 'LZUVNW', 47, 1);
UPDATE `bv_updation` SET left_carry = left_carry+50, total_left = total_left+50
WHERE `user_id` = '3PR393';
INSERT INTO `placement_bv_update_history` (`left_carry`, `date`, `from_id`, `user_id`) VALUES ('50', '2024-09-26 10:44:47', 'LZUVNW', '3PR393');
INSERT INTO `matrix_filling` (`placement_id`, `downline_id`, `level`, `matrix`) VALUES ('T3MRY1', 'LZUVNW', 48, 1);
UPDATE `bv_updation` SET left_carry = left_carry+50, total_left = total_left+50
WHERE `user_id` = 'T3MRY1';
INSERT INTO `placement_bv_update_history` (`left_carry`, `date`, `from_id`, `user_id`) VALUES ('50', '2024-09-26 10:44:47', 'LZUVNW', 'T3MRY1');
INSERT INTO `matrix_filling` (`placement_id`, `downline_id`, `level`, `matrix`) VALUES ('GTMCCK', 'LZUVNW', 49, 1);
UPDATE `bv_updation` SET left_carry = left_carry+50, total_left = total_left+50
WHERE `user_id` = 'GTMCCK';
INSERT INTO `placement_bv_update_history` (`left_carry`, `date`, `from_id`, `user_id`) VALUES ('50', '2024-09-26 10:44:47', 'LZUVNW', 'GTMCCK');
INSERT INTO `matrix_filling` (`placement_id`, `downline_id`, `level`, `matrix`) VALUES ('DLYMIF', 'LZUVNW', 50, 1);
UPDATE `bv_updation` SET left_carry = left_carry+50, total_left = total_left+50
WHERE `user_id` = 'DLYMIF';
INSERT INTO `placement_bv_update_history` (`left_carry`, `date`, `from_id`, `user_id`) VALUES ('50', '2024-09-26 10:44:48', 'LZUVNW', 'DLYMIF');
INSERT INTO `matrix_filling` (`placement_id`, `downline_id`, `level`, `matrix`) VALUES ('WGJ5KE', 'LZUVNW', 51, 1);
UPDATE `bv_updation` SET left_carry = left_carry+50, total_left = total_left+50
WHERE `user_id` = 'WGJ5KE';
INSERT INTO `placement_bv_update_history` (`left_carry`, `date`, `from_id`, `user_id`) VALUES ('50', '2024-09-26 10:44:48', 'LZUVNW', 'WGJ5KE');
INSERT INTO `matrix_filling` (`placement_id`, `downline_id`, `level`, `matrix`) VALUES ('ORRJ3M', 'LZUVNW', 52, 1);
UPDATE `bv_updation` SET left_carry = left_carry+50, total_left = total_left+50
WHERE `user_id` = 'ORRJ3M';
INSERT INTO `placement_bv_update_history` (`left_carry`, `date`, `from_id`, `user_id`) VALUES ('50', '2024-09-26 10:44:48', 'LZUVNW', 'ORRJ3M');
INSERT INTO `matrix_filling` (`placement_id`, `downline_id`, `level`, `matrix`) VALUES ('AA8V6V', 'LZUVNW', 53, 1);
UPDATE `bv_updation` SET left_carry = left_carry+50, total_left = total_left+50
WHERE `user_id` = 'AA8V6V';
INSERT INTO `placement_bv_update_history` (`left_carry`, `date`, `from_id`, `user_id`) VALUES ('50', '2024-09-26 10:44:48', 'LZUVNW', 'AA8V6V');
INSERT INTO `matrix_filling` (`placement_id`, `downline_id`, `level`, `matrix`) VALUES ('61ME4O', 'LZUVNW', 54, 1);
UPDATE `bv_updation` SET left_carry = left_carry+50, total_left = total_left+50
WHERE `user_id` = '61ME4O';
INSERT INTO `placement_bv_update_history` (`left_carry`, `date`, `from_id`, `user_id`) VALUES ('50', '2024-09-26 10:44:48', 'LZUVNW', '61ME4O');
INSERT INTO `matrix_filling` (`placement_id`, `downline_id`, `level`, `matrix`) VALUES ('WS1SZZ', 'LZUVNW', 55, 1);
UPDATE `bv_updation` SET left_carry = left_carry+50, total_left = total_left+50
WHERE `user_id` = 'WS1SZZ';
INSERT INTO `placement_bv_update_history` (`left_carry`, `date`, `from_id`, `user_id`) VALUES ('50', '2024-09-26 10:44:48', 'LZUVNW', 'WS1SZZ');
INSERT INTO `matrix_filling` (`placement_id`, `downline_id`, `level`, `matrix`) VALUES ('TBN4MZ', 'LZUVNW', 56, 1);
UPDATE `bv_updation` SET left_carry = left_carry+50, total_left = total_left+50
WHERE `user_id` = 'TBN4MZ';
INSERT INTO `placement_bv_update_history` (`left_carry`, `date`, `from_id`, `user_id`) VALUES ('50', '2024-09-26 10:44:48', 'LZUVNW', 'TBN4MZ');
INSERT INTO `matrix_filling` (`placement_id`, `downline_id`, `level`, `matrix`) VALUES ('OEMJ8R', 'LZUVNW', 57, 1);
UPDATE `bv_updation` SET left_carry = left_carry+50, total_left = total_left+50
WHERE `user_id` = 'OEMJ8R';
INSERT INTO `placement_bv_update_history` (`left_carry`, `date`, `from_id`, `user_id`) VALUES ('50', '2024-09-26 10:44:48', 'LZUVNW', 'OEMJ8R');
INSERT INTO `matrix_filling` (`placement_id`, `downline_id`, `level`, `matrix`) VALUES ('FXAYIE', 'LZUVNW', 58, 1);
UPDATE `bv_updation` SET left_carry = left_carry+50, total_left = total_left+50
WHERE `user_id` = 'FXAYIE';
INSERT INTO `placement_bv_update_history` (`left_carry`, `date`, `from_id`, `user_id`) VALUES ('50', '2024-09-26 10:44:48', 'LZUVNW', 'FXAYIE');
INSERT INTO `matrix_filling` (`placement_id`, `downline_id`, `level`, `matrix`) VALUES ('ELXZWC', 'LZUVNW', 59, 1);
UPDATE `bv_updation` SET left_carry = left_carry+50, total_left = total_left+50
WHERE `user_id` = 'ELXZWC';
INSERT INTO `placement_bv_update_history` (`left_carry`, `date`, `from_id`, `user_id`) VALUES ('50', '2024-09-26 10:44:48', 'LZUVNW', 'ELXZWC');
INSERT INTO `matrix_filling` (`placement_id`, `downline_id`, `level`, `matrix`) VALUES ('C1TQVI', 'LZUVNW', 60, 1);
UPDATE `bv_updation` SET left_carry = left_carry+50, total_left = total_left+50
WHERE `user_id` = 'C1TQVI';
INSERT INTO `placement_bv_update_history` (`left_carry`, `date`, `from_id`, `user_id`) VALUES ('50', '2024-09-26 10:44:48', 'LZUVNW', 'C1TQVI');
INSERT INTO `matrix_filling` (`placement_id`, `downline_id`, `level`, `matrix`) VALUES ('F5GPDF', 'LZUVNW', 61, 1);
UPDATE `bv_updation` SET left_carry = left_carry+50, total_left = total_left+50
WHERE `user_id` = 'F5GPDF';
INSERT INTO `placement_bv_update_history` (`left_carry`, `date`, `from_id`, `user_id`) VALUES ('50', '2024-09-26 10:44:48', 'LZUVNW', 'F5GPDF');
INSERT INTO `matrix_filling` (`placement_id`, `downline_id`, `level`, `matrix`) VALUES ('91PYDK', 'LZUVNW', 62, 1);
UPDATE `bv_updation` SET left_carry = left_carry+50, total_left = total_left+50
WHERE `user_id` = '91PYDK';
INSERT INTO `placement_bv_update_history` (`left_carry`, `date`, `from_id`, `user_id`) VALUES ('50', '2024-09-26 10:44:48', 'LZUVNW', '91PYDK');
INSERT INTO `matrix_filling` (`placement_id`, `downline_id`, `level`, `matrix`) VALUES ('4OT7RX', 'LZUVNW', 63, 1);
UPDATE `bv_updation` SET left_carry = left_carry+50, total_left = total_left+50
WHERE `user_id` = '4OT7RX';
INSERT INTO `placement_bv_update_history` (`left_carry`, `date`, `from_id`, `user_id`) VALUES ('50', '2024-09-26 10:44:48', 'LZUVNW', '4OT7RX');
INSERT INTO `matrix_filling` (`placement_id`, `downline_id`, `level`, `matrix`) VALUES ('ZJZA3M', 'LZUVNW', 64, 1);
UPDATE `bv_updation` SET left_carry = left_carry+50, total_left = total_left+50
WHERE `user_id` = 'ZJZA3M';
INSERT INTO `placement_bv_update_history` (`left_carry`, `date`, `from_id`, `user_id`) VALUES ('50', '2024-09-26 10:44:48', 'LZUVNW', 'ZJZA3M');
INSERT INTO `matrix_filling` (`placement_id`, `downline_id`, `level`, `matrix`) VALUES ('XN6ETC', 'LZUVNW', 65, 1);
UPDATE `bv_updation` SET left_carry = left_carry+50, total_left = total_left+50
WHERE `user_id` = 'XN6ETC';
INSERT INTO `placement_bv_update_history` (`left_carry`, `date`, `from_id`, `user_id`) VALUES ('50', '2024-09-26 10:44:48', 'LZUVNW', 'XN6ETC');
INSERT INTO `matrix_filling` (`placement_id`, `downline_id`, `level`, `matrix`) VALUES ('KVQN1O', 'LZUVNW', 66, 1);
UPDATE `bv_updation` SET left_carry = left_carry+50, total_left = total_left+50
WHERE `user_id` = 'KVQN1O';
INSERT INTO `placement_bv_update_history` (`left_carry`, `date`, `from_id`, `user_id`) VALUES ('50', '2024-09-26 10:44:48', 'LZUVNW', 'KVQN1O');
INSERT INTO `matrix_filling` (`placement_id`, `downline_id`, `level`, `matrix`) VALUES ('X3V7DJ', 'LZUVNW', 67, 1);
UPDATE `bv_updation` SET left_carry = left_carry+50, total_left = total_left+50
WHERE `user_id` = 'X3V7DJ';
INSERT INTO `placement_bv_update_history` (`left_carry`, `date`, `from_id`, `user_id`) VALUES ('50', '2024-09-26 10:44:48', 'LZUVNW', 'X3V7DJ');
INSERT INTO `matrix_filling` (`placement_id`, `downline_id`, `level`, `matrix`) VALUES ('DJ77NH', 'LZUVNW', 68, 1);
UPDATE `bv_updation` SET left_carry = left_carry+50, total_left = total_left+50
WHERE `user_id` = 'DJ77NH';
INSERT INTO `placement_bv_update_history` (`left_carry`, `date`, `from_id`, `user_id`) VALUES ('50', '2024-09-26 10:44:48', 'LZUVNW', 'DJ77NH');
INSERT INTO `matrix_filling` (`placement_id`, `downline_id`, `level`, `matrix`) VALUES ('PX7XCL', 'LZUVNW', 69, 1);
UPDATE `bv_updation` SET left_carry = left_carry+50, total_left = total_left+50
WHERE `user_id` = 'PX7XCL';
INSERT INTO `placement_bv_update_history` (`left_carry`, `date`, `from_id`, `user_id`) VALUES ('50', '2024-09-26 10:44:48', 'LZUVNW', 'PX7XCL');
INSERT INTO `matrix_filling` (`placement_id`, `downline_id`, `level`, `matrix`) VALUES ('L8PM4Z', 'LZUVNW', 70, 1);
UPDATE `bv_updation` SET left_carry = left_carry+50, total_left = total_left+50
WHERE `user_id` = 'L8PM4Z';
INSERT INTO `placement_bv_update_history` (`left_carry`, `date`, `from_id`, `user_id`) VALUES ('50', '2024-09-26 10:44:48', 'LZUVNW', 'L8PM4Z');
INSERT INTO `matrix_filling` (`placement_id`, `downline_id`, `level`, `matrix`) VALUES ('GBSIER', 'LZUVNW', 71, 1);
UPDATE `bv_updation` SET left_carry = left_carry+50, total_left = total_left+50
WHERE `user_id` = 'GBSIER';
INSERT INTO `placement_bv_update_history` (`left_carry`, `date`, `from_id`, `user_id`) VALUES ('50', '2024-09-26 10:44:48', 'LZUVNW', 'GBSIER');
INSERT INTO `matrix_filling` (`placement_id`, `downline_id`, `level`, `matrix`) VALUES ('AV48YQ', 'LZUVNW', 72, 1);
UPDATE `bv_updation` SET left_carry = left_carry+50, total_left = total_left+50
WHERE `user_id` = 'AV48YQ';
INSERT INTO `placement_bv_update_history` (`left_carry`, `date`, `from_id`, `user_id`) VALUES ('50', '2024-09-26 10:44:48', 'LZUVNW', 'AV48YQ');
INSERT INTO `matrix_filling` (`placement_id`, `downline_id`, `level`, `matrix`) VALUES ('admin', 'LZUVNW', 73, 1);
INSERT INTO `package_purchase_history` (`user_id`, `package_id`, `reg_fee`, `package_name`, `monthly_fee`, `type`, `date`, `payment_option`) VALUES ('LZUVNW', '2', '595', 'Traveler Pro', '150', 'sign_up', '2024-09-26 10:44:48', 'free');
UPDATE `user_registration` SET `popup_seen` = 'yes'
WHERE `user_id` = '5K7DS2';
UPDATE `user_registration` SET `uid` = '2672', `user_id` = 'CFS634', `username` = 'alfredo7', `sponsor_id` = '5K7DS2', `vacant` = 'no', `f_name` = 'Alfredo', `l_name` = 'Quintana', `address` = '6520 Kendale Lakes Dr', `position` = 'left', `email` = 'alfredo7@gmail.com', `password` = 'fd98b56cb225ccd8efc2ca42db54362c', `phone` = '3057610606', `country` = 'United States', `state` = 'Florida', `city` = 'Miami', `street` = '6520 Kendale Lakes Dr', `zip_code` = '33183', `reg_ip` = '108.162.212.135', `status` = 1, `package_id` = '2', `rank_id` = 1, `highest_rank` = 1, `created` = '2024-09-26 10:46:10', `subscription_date` = '2024-10-26', `google_secret` = 'RCF25RLEXXITLCQB'
WHERE `uid` = '2672';
INSERT INTO `user_registration` (`uid`, `user_id`, `username`, `sponsor_id`, `placement_id`, `vacant`, `f_name`, `l_name`, `address`, `position`, `email`, `password`, `phone`, `reg_ip`, `status`, `created`) VALUES (NULL, 'UHHPKR', 'fRMEvqGK', 'CFS634', 'CFS634', 'yes', '', '', '', 'left', '@mail.com', '', '', '', 0, '2024-09-26 10:46:10');
INSERT INTO `user_registration` (`uid`, `user_id`, `username`, `sponsor_id`, `placement_id`, `vacant`, `f_name`, `l_name`, `address`, `position`, `email`, `password`, `phone`, `reg_ip`, `status`, `created`) VALUES (NULL, 'HGIVGH', 'XvVWwEGt', 'CFS634', 'CFS634', 'yes', '', '', '', 'right', '@mail.com', '', '', '', 0, '2024-09-26 10:46:10');
INSERT INTO `bv_updation` (`user_id`) VALUES ('CFS634');
UPDATE `user_registration` SET total_ref_count = total_ref_count+1
WHERE `user_id` = '5K7DS2';
UPDATE `user_registration` SET total_downlines = total_downlines+1
WHERE `user_id` = 'CBGVQU';
UPDATE `user_registration` SET left_downlines = left_downlines+1
WHERE `user_id` = 'CBGVQU';
UPDATE `user_registration` SET total_downlines = total_downlines+1
WHERE `user_id` = 'SYVQKF';
UPDATE `user_registration` SET left_downlines = left_downlines+1
WHERE `user_id` = 'SYVQKF';
UPDATE `user_registration` SET total_downlines = total_downlines+1
WHERE `user_id` = 'OC1RA6';
UPDATE `user_registration` SET left_downlines = left_downlines+1
WHERE `user_id` = 'OC1RA6';
UPDATE `user_registration` SET total_downlines = total_downlines+1
WHERE `user_id` = 'MFCZQ9';
UPDATE `user_registration` SET left_downlines = left_downlines+1
WHERE `user_id` = 'MFCZQ9';
UPDATE `user_registration` SET total_downlines = total_downlines+1
WHERE `user_id` = '5IHDZE';
UPDATE `user_registration` SET left_downlines = left_downlines+1
WHERE `user_id` = '5IHDZE';
UPDATE `user_registration` SET total_downlines = total_downlines+1
WHERE `user_id` = 'VWRUXM';
UPDATE `user_registration` SET left_downlines = left_downlines+1
WHERE `user_id` = 'VWRUXM';
UPDATE `user_registration` SET total_downlines = total_downlines+1
WHERE `user_id` = 'LKE7MK';
UPDATE `user_registration` SET left_downlines = left_downlines+1
WHERE `user_id` = 'LKE7MK';
UPDATE `user_registration` SET total_downlines = total_downlines+1
WHERE `user_id` = 'H1M5R8';
UPDATE `user_registration` SET left_downlines = left_downlines+1
WHERE `user_id` = 'H1M5R8';
UPDATE `user_registration` SET total_downlines = total_downlines+1
WHERE `user_id` = 'PWBJM3';
UPDATE `user_registration` SET left_downlines = left_downlines+1
WHERE `user_id` = 'PWBJM3';
UPDATE `user_registration` SET total_downlines = total_downlines+1
WHERE `user_id` = 'BO7NRM';
UPDATE `user_registration` SET left_downlines = left_downlines+1
WHERE `user_id` = 'BO7NRM';
UPDATE `user_registration` SET total_downlines = total_downlines+1
WHERE `user_id` = 'RK3ZQ6';
UPDATE `user_registration` SET left_downlines = left_downlines+1
WHERE `user_id` = 'RK3ZQ6';
UPDATE `user_registration` SET total_downlines = total_downlines+1
WHERE `user_id` = 'LPFX8X';
UPDATE `user_registration` SET left_downlines = left_downlines+1
WHERE `user_id` = 'LPFX8X';
UPDATE `user_registration` SET total_downlines = total_downlines+1
WHERE `user_id` = '9XKM93';
UPDATE `user_registration` SET left_downlines = left_downlines+1
WHERE `user_id` = '9XKM93';
UPDATE `user_registration` SET total_downlines = total_downlines+1
WHERE `user_id` = 'X3NL3Q';
UPDATE `user_registration` SET left_downlines = left_downlines+1
WHERE `user_id` = 'X3NL3Q';
UPDATE `user_registration` SET total_downlines = total_downlines+1
WHERE `user_id` = 'MQNE39';
UPDATE `user_registration` SET left_downlines = left_downlines+1
WHERE `user_id` = 'MQNE39';
UPDATE `user_registration` SET total_downlines = total_downlines+1
WHERE `user_id` = '6SUQNY';
UPDATE `user_registration` SET left_downlines = left_downlines+1
WHERE `user_id` = '6SUQNY';
UPDATE `user_registration` SET total_downlines = total_downlines+1
WHERE `user_id` = '5K7DS2';
UPDATE `user_registration` SET left_downlines = left_downlines+1
WHERE `user_id` = '5K7DS2';
UPDATE `user_registration` SET left_ref_count = left_ref_count+1
WHERE `user_id` = '5K7DS2';
UPDATE `user_registration` SET active_left = active_left+1
WHERE `user_id` = '5K7DS2';
UPDATE `user_registration` SET total_downlines = total_downlines+1
WHERE `user_id` = 'HI62BI';
UPDATE `user_registration` SET right_downlines = right_downlines+1
WHERE `user_id` = 'HI62BI';
UPDATE `user_registration` SET total_downlines = total_downlines+1
WHERE `user_id` = '1FFFBU';
UPDATE `user_registration` SET right_downlines = right_downlines+1
WHERE `user_id` = '1FFFBU';
UPDATE `user_registration` SET total_downlines = total_downlines+1
WHERE `user_id` = 'J4CGUT';
UPDATE `user_registration` SET left_downlines = left_downlines+1
WHERE `user_id` = 'J4CGUT';
UPDATE `user_registration` SET total_downlines = total_downlines+1
WHERE `user_id` = 'S1RTX3';
UPDATE `user_registration` SET left_downlines = left_downlines+1
WHERE `user_id` = 'S1RTX3';
UPDATE `user_registration` SET total_downlines = total_downlines+1
WHERE `user_id` = 'I8YWQA';
UPDATE `user_registration` SET left_downlines = left_downlines+1
WHERE `user_id` = 'I8YWQA';
UPDATE `user_registration` SET total_downlines = total_downlines+1
WHERE `user_id` = 'I3MZBU';
UPDATE `user_registration` SET left_downlines = left_downlines+1
WHERE `user_id` = 'I3MZBU';
UPDATE `user_registration` SET total_downlines = total_downlines+1
WHERE `user_id` = 'H2I33O';
UPDATE `user_registration` SET left_downlines = left_downlines+1
WHERE `user_id` = 'H2I33O';
UPDATE `user_registration` SET total_downlines = total_downlines+1
WHERE `user_id` = 'AL7XWH';
UPDATE `user_registration` SET left_downlines = left_downlines+1
WHERE `user_id` = 'AL7XWH';
UPDATE `user_registration` SET total_downlines = total_downlines+1
WHERE `user_id` = 'HFZ9SA';
UPDATE `user_registration` SET left_downlines = left_downlines+1
WHERE `user_id` = 'HFZ9SA';
UPDATE `user_registration` SET total_downlines = total_downlines+1
WHERE `user_id` = 'A2MTZ3';
UPDATE `user_registration` SET left_downlines = left_downlines+1
WHERE `user_id` = 'A2MTZ3';
UPDATE `user_registration` SET total_downlines = total_downlines+1
WHERE `user_id` = 'RUEKCW';
UPDATE `user_registration` SET left_downlines = left_downlines+1
WHERE `user_id` = 'RUEKCW';
UPDATE `user_registration` SET total_downlines = total_downlines+1
WHERE `user_id` = 'K3GTG4';
UPDATE `user_registration` SET left_downlines = left_downlines+1
WHERE `user_id` = 'K3GTG4';
UPDATE `user_registration` SET total_downlines = total_downlines+1
WHERE `user_id` = 'I1TUBN';
UPDATE `user_registration` SET left_downlines = left_downlines+1
WHERE `user_id` = 'I1TUBN';
UPDATE `user_registration` SET total_downlines = total_downlines+1
WHERE `user_id` = 'BAUCCU';
UPDATE `user_registration` SET left_downlines = left_downlines+1
WHERE `user_id` = 'BAUCCU';
UPDATE `user_registration` SET total_downlines = total_downlines+1
WHERE `user_id` = '62QO97';
UPDATE `user_registration` SET left_downlines = left_downlines+1
WHERE `user_id` = '62QO97';
UPDATE `user_registration` SET total_downlines = total_downlines+1
WHERE `user_id` = 'OHLQEO';
UPDATE `user_registration` SET left_downlines = left_downlines+1
WHERE `user_id` = 'OHLQEO';
UPDATE `user_registration` SET total_downlines = total_downlines+1
WHERE `user_id` = '7APFKG';
UPDATE `user_registration` SET left_downlines = left_downlines+1
WHERE `user_id` = '7APFKG';
UPDATE `user_registration` SET total_downlines = total_downlines+1
WHERE `user_id` = 'Q2Q92Y';
UPDATE `user_registration` SET left_downlines = left_downlines+1
WHERE `user_id` = 'Q2Q92Y';
UPDATE `user_registration` SET total_downlines = total_downlines+1
WHERE `user_id` = 'E9ITRC';
UPDATE `user_registration` SET left_downlines = left_downlines+1
WHERE `user_id` = 'E9ITRC';
UPDATE `user_registration` SET total_downlines = total_downlines+1
WHERE `user_id` = '7COKBB';
UPDATE `user_registration` SET left_downlines = left_downlines+1
WHERE `user_id` = '7COKBB';
UPDATE `user_registration` SET total_downlines = total_downlines+1
WHERE `user_id` = 'BDNS17';
UPDATE `user_registration` SET left_downlines = left_downlines+1
WHERE `user_id` = 'BDNS17';
UPDATE `user_registration` SET total_downlines = total_downlines+1
WHERE `user_id` = '7ZXRRE';
UPDATE `user_registration` SET left_downlines = left_downlines+1
WHERE `user_id` = '7ZXRRE';
UPDATE `user_registration` SET total_downlines = total_downlines+1
WHERE `user_id` = 'KLRAF5';
UPDATE `user_registration` SET left_downlines = left_downlines+1
WHERE `user_id` = 'KLRAF5';
UPDATE `user_registration` SET total_downlines = total_downlines+1
WHERE `user_id` = 'IFJHZG';
UPDATE `user_registration` SET left_downlines = left_downlines+1
WHERE `user_id` = 'IFJHZG';
UPDATE `user_registration` SET total_downlines = total_downlines+1
WHERE `user_id` = 'MXUV8Q';
UPDATE `user_registration` SET left_downlines = left_downlines+1
WHERE `user_id` = 'MXUV8Q';
UPDATE `user_registration` SET total_downlines = total_downlines+1
WHERE `user_id` = 'GGM164';
UPDATE `user_registration` SET left_downlines = left_downlines+1
WHERE `user_id` = 'GGM164';
UPDATE `user_registration` SET total_downlines = total_downlines+1
WHERE `user_id` = '3NKIEX';
UPDATE `user_registration` SET left_downlines = left_downlines+1
WHERE `user_id` = '3NKIEX';
UPDATE `user_registration` SET total_downlines = total_downlines+1
WHERE `user_id` = 'S56TH3';
UPDATE `user_registration` SET left_downlines = left_downlines+1
WHERE `user_id` = 'S56TH3';
UPDATE `user_registration` SET total_downlines = total_downlines+1
WHERE `user_id` = 'XYG89U';
UPDATE `user_registration` SET left_downlines = left_downlines+1
WHERE `user_id` = 'XYG89U';
UPDATE `user_registration` SET total_downlines = total_downlines+1
WHERE `user_id` = 'HTFY93';
UPDATE `user_registration` SET left_downlines = left_downlines+1
WHERE `user_id` = 'HTFY93';
UPDATE `user_registration` SET total_downlines = total_downlines+1
WHERE `user_id` = '3PR393';
UPDATE `user_registration` SET left_downlines = left_downlines+1
WHERE `user_id` = '3PR393';
UPDATE `user_registration` SET total_downlines = total_downlines+1
WHERE `user_id` = 'T3MRY1';
UPDATE `user_registration` SET left_downlines = left_downlines+1
WHERE `user_id` = 'T3MRY1';
UPDATE `user_registration` SET total_downlines = total_downlines+1
WHERE `user_id` = 'GTMCCK';
UPDATE `user_registration` SET left_downlines = left_downlines+1
WHERE `user_id` = 'GTMCCK';
UPDATE `user_registration` SET total_downlines = total_downlines+1
WHERE `user_id` = 'DLYMIF';
UPDATE `user_registration` SET left_downlines = left_downlines+1
WHERE `user_id` = 'DLYMIF';
UPDATE `user_registration` SET total_downlines = total_downlines+1
WHERE `user_id` = 'WGJ5KE';
UPDATE `user_registration` SET left_downlines = left_downlines+1
WHERE `user_id` = 'WGJ5KE';
UPDATE `user_registration` SET total_downlines = total_downlines+1
WHERE `user_id` = 'ORRJ3M';
UPDATE `user_registration` SET left_downlines = left_downlines+1
WHERE `user_id` = 'ORRJ3M';
UPDATE `user_registration` SET total_downlines = total_downlines+1
WHERE `user_id` = 'AA8V6V';
UPDATE `user_registration` SET left_downlines = left_downlines+1
WHERE `user_id` = 'AA8V6V';
UPDATE `user_registration` SET total_downlines = total_downlines+1
WHERE `user_id` = '61ME4O';
UPDATE `user_registration` SET left_downlines = left_downlines+1
WHERE `user_id` = '61ME4O';
UPDATE `user_registration` SET total_downlines = total_downlines+1
WHERE `user_id` = 'WS1SZZ';
UPDATE `user_registration` SET left_downlines = left_downlines+1
WHERE `user_id` = 'WS1SZZ';
UPDATE `user_registration` SET total_downlines = total_downlines+1
WHERE `user_id` = 'TBN4MZ';
UPDATE `user_registration` SET left_downlines = left_downlines+1
WHERE `user_id` = 'TBN4MZ';
UPDATE `user_registration` SET total_downlines = total_downlines+1
WHERE `user_id` = 'OEMJ8R';
UPDATE `user_registration` SET left_downlines = left_downlines+1
WHERE `user_id` = 'OEMJ8R';
UPDATE `user_registration` SET total_downlines = total_downlines+1
WHERE `user_id` = 'FXAYIE';
UPDATE `user_registration` SET left_downlines = left_downlines+1
WHERE `user_id` = 'FXAYIE';
UPDATE `user_registration` SET total_downlines = total_downlines+1
WHERE `user_id` = 'ELXZWC';
UPDATE `user_registration` SET left_downlines = left_downlines+1
WHERE `user_id` = 'ELXZWC';
UPDATE `user_registration` SET total_downlines = total_downlines+1
WHERE `user_id` = 'C1TQVI';
UPDATE `user_registration` SET left_downlines = left_downlines+1
WHERE `user_id` = 'C1TQVI';
UPDATE `user_registration` SET total_downlines = total_downlines+1
WHERE `user_id` = 'F5GPDF';
UPDATE `user_registration` SET left_downlines = left_downlines+1
WHERE `user_id` = 'F5GPDF';
UPDATE `user_registration` SET total_downlines = total_downlines+1
WHERE `user_id` = '91PYDK';
UPDATE `user_registration` SET left_downlines = left_downlines+1
WHERE `user_id` = '91PYDK';
UPDATE `user_registration` SET total_downlines = total_downlines+1
WHERE `user_id` = '4OT7RX';
UPDATE `user_registration` SET left_downlines = left_downlines+1
WHERE `user_id` = '4OT7RX';
UPDATE `user_registration` SET total_downlines = total_downlines+1
WHERE `user_id` = 'ZJZA3M';
UPDATE `user_registration` SET left_downlines = left_downlines+1
WHERE `user_id` = 'ZJZA3M';
UPDATE `user_registration` SET total_downlines = total_downlines+1
WHERE `user_id` = 'XN6ETC';
UPDATE `user_registration` SET left_downlines = left_downlines+1
WHERE `user_id` = 'XN6ETC';
UPDATE `user_registration` SET total_downlines = total_downlines+1
WHERE `user_id` = 'KVQN1O';
UPDATE `user_registration` SET left_downlines = left_downlines+1
WHERE `user_id` = 'KVQN1O';
UPDATE `user_registration` SET total_downlines = total_downlines+1
WHERE `user_id` = 'X3V7DJ';
UPDATE `user_registration` SET left_downlines = left_downlines+1
WHERE `user_id` = 'X3V7DJ';
UPDATE `user_registration` SET total_downlines = total_downlines+1
WHERE `user_id` = 'DJ77NH';
UPDATE `user_registration` SET left_downlines = left_downlines+1
WHERE `user_id` = 'DJ77NH';
UPDATE `user_registration` SET total_downlines = total_downlines+1
WHERE `user_id` = 'PX7XCL';
UPDATE `user_registration` SET left_downlines = left_downlines+1
WHERE `user_id` = 'PX7XCL';
UPDATE `user_registration` SET total_downlines = total_downlines+1
WHERE `user_id` = 'L8PM4Z';
UPDATE `user_registration` SET left_downlines = left_downlines+1
WHERE `user_id` = 'L8PM4Z';
UPDATE `user_registration` SET total_downlines = total_downlines+1
WHERE `user_id` = 'GBSIER';
UPDATE `user_registration` SET left_downlines = left_downlines+1
WHERE `user_id` = 'GBSIER';
UPDATE `user_registration` SET total_downlines = total_downlines+1
WHERE `user_id` = 'AV48YQ';
UPDATE `user_registration` SET left_downlines = left_downlines+1
WHERE `user_id` = 'AV48YQ';
UPDATE `user_registration` SET total_downlines = total_downlines+1
WHERE `user_id` = 'admin';
UPDATE `user_registration` SET left_downlines = left_downlines+1
WHERE `user_id` = 'admin';
INSERT INTO `investment` (`invest_date`, `user_id`, `type`, `amount`, `package_id`) VALUES ('2024-09-26 10:46:10', 'CFS634', 'register', '595', '2');
INSERT INTO `earnings` (`user_id`, `Purchaser_id`, `earning_type`, `package_id`, `amount`, `date`, `comments`, `invest_amount`, `comm_perc`, `level`, `rank_id`, `order_id`) VALUES ('5K7DS2', 'CFS634', 'Direct Referral Bonus', '2', '100', '2024-09-26 10:46:10', 'Direct Referral Bonus', 0, 0, 1, '', 183);
UPDATE `user_registration` SET commission_balance = ROUND(commission_balance + 100,2)
WHERE `user_id` = '5K7DS2';
INSERT INTO `earnings` (`user_id`, `Purchaser_id`, `earning_type`, `package_id`, `amount`, `date`, `comments`, `invest_amount`, `comm_perc`, `level`, `rank_id`, `order_id`) VALUES ('1FFFBU', 'CFS634', 'Expansion Bonus', '2', 100, '2024-09-26 10:46:10', 'Expansion Bonus', '100', 0, 1, '', 183);
UPDATE `user_registration` SET commission_balance = ROUND(commission_balance + 100,2)
WHERE `user_id` = '1FFFBU';
INSERT INTO `earnings` (`user_id`, `Purchaser_id`, `earning_type`, `package_id`, `amount`, `date`, `comments`, `invest_amount`, `comm_perc`, `level`, `rank_id`, `order_id`) VALUES ('admin', 'CFS634', 'Expansion Bonus', '2', 100, '2024-09-26 10:46:10', 'Expansion Bonus', 200, 0, 1, '', 183);
UPDATE `user_registration` SET commission_balance = ROUND(commission_balance + 100,2)
WHERE `user_id` = 'admin';
INSERT INTO `matrix_filling` (`placement_id`, `downline_id`, `level`, `matrix`) VALUES ('CBGVQU', 'CFS634', 1, 1);
UPDATE `bv_updation` SET left_carry = left_carry+50, total_left = total_left+50
WHERE `user_id` = 'CBGVQU';
INSERT INTO `placement_bv_update_history` (`left_carry`, `date`, `from_id`, `user_id`) VALUES ('50', '2024-09-26 10:46:10', 'CFS634', 'CBGVQU');
INSERT INTO `matrix_filling` (`placement_id`, `downline_id`, `level`, `matrix`) VALUES ('SYVQKF', 'CFS634', 2, 1);
UPDATE `bv_updation` SET left_carry = left_carry+50, total_left = total_left+50
WHERE `user_id` = 'SYVQKF';
INSERT INTO `placement_bv_update_history` (`left_carry`, `date`, `from_id`, `user_id`) VALUES ('50', '2024-09-26 10:46:10', 'CFS634', 'SYVQKF');
INSERT INTO `matrix_filling` (`placement_id`, `downline_id`, `level`, `matrix`) VALUES ('OC1RA6', 'CFS634', 3, 1);
UPDATE `bv_updation` SET left_carry = left_carry+50, total_left = total_left+50
WHERE `user_id` = 'OC1RA6';
INSERT INTO `placement_bv_update_history` (`left_carry`, `date`, `from_id`, `user_id`) VALUES ('50', '2024-09-26 10:46:10', 'CFS634', 'OC1RA6');
INSERT INTO `matrix_filling` (`placement_id`, `downline_id`, `level`, `matrix`) VALUES ('MFCZQ9', 'CFS634', 4, 1);
UPDATE `bv_updation` SET left_carry = left_carry+50, total_left = total_left+50
WHERE `user_id` = 'MFCZQ9';
INSERT INTO `placement_bv_update_history` (`left_carry`, `date`, `from_id`, `user_id`) VALUES ('50', '2024-09-26 10:46:10', 'CFS634', 'MFCZQ9');
INSERT INTO `matrix_filling` (`placement_id`, `downline_id`, `level`, `matrix`) VALUES ('5IHDZE', 'CFS634', 5, 1);
UPDATE `bv_updation` SET left_carry = left_carry+50, total_left = total_left+50
WHERE `user_id` = '5IHDZE';
INSERT INTO `placement_bv_update_history` (`left_carry`, `date`, `from_id`, `user_id`) VALUES ('50', '2024-09-26 10:46:10', 'CFS634', '5IHDZE');
INSERT INTO `matrix_filling` (`placement_id`, `downline_id`, `level`, `matrix`) VALUES ('VWRUXM', 'CFS634', 6, 1);
UPDATE `bv_updation` SET left_carry = left_carry+50, total_left = total_left+50
WHERE `user_id` = 'VWRUXM';
INSERT INTO `placement_bv_update_history` (`left_carry`, `date`, `from_id`, `user_id`) VALUES ('50', '2024-09-26 10:46:10', 'CFS634', 'VWRUXM');
INSERT INTO `matrix_filling` (`placement_id`, `downline_id`, `level`, `matrix`) VALUES ('LKE7MK', 'CFS634', 7, 1);
UPDATE `bv_updation` SET left_carry = left_carry+50, total_left = total_left+50
WHERE `user_id` = 'LKE7MK';
INSERT INTO `placement_bv_update_history` (`left_carry`, `date`, `from_id`, `user_id`) VALUES ('50', '2024-09-26 10:46:10', 'CFS634', 'LKE7MK');
INSERT INTO `matrix_filling` (`placement_id`, `downline_id`, `level`, `matrix`) VALUES ('H1M5R8', 'CFS634', 8, 1);
UPDATE `bv_updation` SET left_carry = left_carry+50, total_left = total_left+50
WHERE `user_id` = 'H1M5R8';
INSERT INTO `placement_bv_update_history` (`left_carry`, `date`, `from_id`, `user_id`) VALUES ('50', '2024-09-26 10:46:10', 'CFS634', 'H1M5R8');
INSERT INTO `matrix_filling` (`placement_id`, `downline_id`, `level`, `matrix`) VALUES ('PWBJM3', 'CFS634', 9, 1);
UPDATE `bv_updation` SET left_carry = left_carry+50, total_left = total_left+50
WHERE `user_id` = 'PWBJM3';
INSERT INTO `placement_bv_update_history` (`left_carry`, `date`, `from_id`, `user_id`) VALUES ('50', '2024-09-26 10:46:10', 'CFS634', 'PWBJM3');
INSERT INTO `matrix_filling` (`placement_id`, `downline_id`, `level`, `matrix`) VALUES ('BO7NRM', 'CFS634', 10, 1);
UPDATE `bv_updation` SET left_carry = left_carry+50, total_left = total_left+50
WHERE `user_id` = 'BO7NRM';
INSERT INTO `placement_bv_update_history` (`left_carry`, `date`, `from_id`, `user_id`) VALUES ('50', '2024-09-26 10:46:10', 'CFS634', 'BO7NRM');
INSERT INTO `matrix_filling` (`placement_id`, `downline_id`, `level`, `matrix`) VALUES ('RK3ZQ6', 'CFS634', 11, 1);
UPDATE `bv_updation` SET left_carry = left_carry+50, total_left = total_left+50
WHERE `user_id` = 'RK3ZQ6';
INSERT INTO `placement_bv_update_history` (`left_carry`, `date`, `from_id`, `user_id`) VALUES ('50', '2024-09-26 10:46:10', 'CFS634', 'RK3ZQ6');
INSERT INTO `matrix_filling` (`placement_id`, `downline_id`, `level`, `matrix`) VALUES ('LPFX8X', 'CFS634', 12, 1);
UPDATE `bv_updation` SET left_carry = left_carry+50, total_left = total_left+50
WHERE `user_id` = 'LPFX8X';
INSERT INTO `placement_bv_update_history` (`left_carry`, `date`, `from_id`, `user_id`) VALUES ('50', '2024-09-26 10:46:10', 'CFS634', 'LPFX8X');
INSERT INTO `matrix_filling` (`placement_id`, `downline_id`, `level`, `matrix`) VALUES ('9XKM93', 'CFS634', 13, 1);
UPDATE `bv_updation` SET left_carry = left_carry+50, total_left = total_left+50
WHERE `user_id` = '9XKM93';
INSERT INTO `placement_bv_update_history` (`left_carry`, `date`, `from_id`, `user_id`) VALUES ('50', '2024-09-26 10:46:10', 'CFS634', '9XKM93');
INSERT INTO `matrix_filling` (`placement_id`, `downline_id`, `level`, `matrix`) VALUES ('X3NL3Q', 'CFS634', 14, 1);
UPDATE `bv_updation` SET left_carry = left_carry+50, total_left = total_left+50
WHERE `user_id` = 'X3NL3Q';
INSERT INTO `placement_bv_update_history` (`left_carry`, `date`, `from_id`, `user_id`) VALUES ('50', '2024-09-26 10:46:10', 'CFS634', 'X3NL3Q');
INSERT INTO `matrix_filling` (`placement_id`, `downline_id`, `level`, `matrix`) VALUES ('MQNE39', 'CFS634', 15, 1);
UPDATE `bv_updation` SET left_carry = left_carry+50, total_left = total_left+50
WHERE `user_id` = 'MQNE39';
INSERT INTO `placement_bv_update_history` (`left_carry`, `date`, `from_id`, `user_id`) VALUES ('50', '2024-09-26 10:46:10', 'CFS634', 'MQNE39');
INSERT INTO `matrix_filling` (`placement_id`, `downline_id`, `level`, `matrix`) VALUES ('6SUQNY', 'CFS634', 16, 1);
UPDATE `bv_updation` SET left_carry = left_carry+50, total_left = total_left+50
WHERE `user_id` = '6SUQNY';
INSERT INTO `placement_bv_update_history` (`left_carry`, `date`, `from_id`, `user_id`) VALUES ('50', '2024-09-26 10:46:10', 'CFS634', '6SUQNY');
INSERT INTO `matrix_filling` (`placement_id`, `downline_id`, `level`, `matrix`) VALUES ('5K7DS2', 'CFS634', 17, 1);
INSERT INTO `matrix_filling` (`placement_id`, `downline_id`, `level`, `matrix`) VALUES ('HI62BI', 'CFS634', 18, 1);
UPDATE `bv_updation` SET right_carry = right_carry+50, total_right = total_right+50
WHERE `user_id` = 'HI62BI';
INSERT INTO `placement_bv_update_history` (`right_carry`, `date`, `from_id`, `user_id`) VALUES ('50', '2024-09-26 10:46:11', 'CFS634', 'HI62BI');
INSERT INTO `matrix_filling` (`placement_id`, `downline_id`, `level`, `matrix`) VALUES ('1FFFBU', 'CFS634', 19, 1);
UPDATE `bv_updation` SET right_carry = right_carry+50, total_right = total_right+50
WHERE `user_id` = '1FFFBU';
INSERT INTO `placement_bv_update_history` (`right_carry`, `date`, `from_id`, `user_id`) VALUES ('50', '2024-09-26 10:46:11', 'CFS634', '1FFFBU');
INSERT INTO `matrix_filling` (`placement_id`, `downline_id`, `level`, `matrix`) VALUES ('J4CGUT', 'CFS634', 20, 1);
UPDATE `bv_updation` SET left_carry = left_carry+50, total_left = total_left+50
WHERE `user_id` = 'J4CGUT';
INSERT INTO `placement_bv_update_history` (`left_carry`, `date`, `from_id`, `user_id`) VALUES ('50', '2024-09-26 10:46:11', 'CFS634', 'J4CGUT');
INSERT INTO `matrix_filling` (`placement_id`, `downline_id`, `level`, `matrix`) VALUES ('S1RTX3', 'CFS634', 21, 1);
UPDATE `bv_updation` SET left_carry = left_carry+50, total_left = total_left+50
WHERE `user_id` = 'S1RTX3';
INSERT INTO `placement_bv_update_history` (`left_carry`, `date`, `from_id`, `user_id`) VALUES ('50', '2024-09-26 10:46:11', 'CFS634', 'S1RTX3');
INSERT INTO `matrix_filling` (`placement_id`, `downline_id`, `level`, `matrix`) VALUES ('I8YWQA', 'CFS634', 22, 1);
UPDATE `bv_updation` SET left_carry = left_carry+50, total_left = total_left+50
WHERE `user_id` = 'I8YWQA';
INSERT INTO `placement_bv_update_history` (`left_carry`, `date`, `from_id`, `user_id`) VALUES ('50', '2024-09-26 10:46:11', 'CFS634', 'I8YWQA');
INSERT INTO `matrix_filling` (`placement_id`, `downline_id`, `level`, `matrix`) VALUES ('I3MZBU', 'CFS634', 23, 1);
UPDATE `bv_updation` SET left_carry = left_carry+50, total_left = total_left+50
WHERE `user_id` = 'I3MZBU';
INSERT INTO `placement_bv_update_history` (`left_carry`, `date`, `from_id`, `user_id`) VALUES ('50', '2024-09-26 10:46:11', 'CFS634', 'I3MZBU');
INSERT INTO `matrix_filling` (`placement_id`, `downline_id`, `level`, `matrix`) VALUES ('H2I33O', 'CFS634', 24, 1);
UPDATE `bv_updation` SET left_carry = left_carry+50, total_left = total_left+50
WHERE `user_id` = 'H2I33O';
INSERT INTO `placement_bv_update_history` (`left_carry`, `date`, `from_id`, `user_id`) VALUES ('50', '2024-09-26 10:46:11', 'CFS634', 'H2I33O');
INSERT INTO `matrix_filling` (`placement_id`, `downline_id`, `level`, `matrix`) VALUES ('AL7XWH', 'CFS634', 25, 1);
UPDATE `bv_updation` SET left_carry = left_carry+50, total_left = total_left+50
WHERE `user_id` = 'AL7XWH';
INSERT INTO `placement_bv_update_history` (`left_carry`, `date`, `from_id`, `user_id`) VALUES ('50', '2024-09-26 10:46:11', 'CFS634', 'AL7XWH');
INSERT INTO `matrix_filling` (`placement_id`, `downline_id`, `level`, `matrix`) VALUES ('HFZ9SA', 'CFS634', 26, 1);
UPDATE `bv_updation` SET left_carry = left_carry+50, total_left = total_left+50
WHERE `user_id` = 'HFZ9SA';
INSERT INTO `placement_bv_update_history` (`left_carry`, `date`, `from_id`, `user_id`) VALUES ('50', '2024-09-26 10:46:11', 'CFS634', 'HFZ9SA');
INSERT INTO `matrix_filling` (`placement_id`, `downline_id`, `level`, `matrix`) VALUES ('A2MTZ3', 'CFS634', 27, 1);
UPDATE `bv_updation` SET left_carry = left_carry+50, total_left = total_left+50
WHERE `user_id` = 'A2MTZ3';
INSERT INTO `placement_bv_update_history` (`left_carry`, `date`, `from_id`, `user_id`) VALUES ('50', '2024-09-26 10:46:11', 'CFS634', 'A2MTZ3');
INSERT INTO `matrix_filling` (`placement_id`, `downline_id`, `level`, `matrix`) VALUES ('RUEKCW', 'CFS634', 28, 1);
UPDATE `bv_updation` SET left_carry = left_carry+50, total_left = total_left+50
WHERE `user_id` = 'RUEKCW';
INSERT INTO `placement_bv_update_history` (`left_carry`, `date`, `from_id`, `user_id`) VALUES ('50', '2024-09-26 10:46:11', 'CFS634', 'RUEKCW');
INSERT INTO `matrix_filling` (`placement_id`, `downline_id`, `level`, `matrix`) VALUES ('K3GTG4', 'CFS634', 29, 1);
UPDATE `bv_updation` SET left_carry = left_carry+50, total_left = total_left+50
WHERE `user_id` = 'K3GTG4';
INSERT INTO `placement_bv_update_history` (`left_carry`, `date`, `from_id`, `user_id`) VALUES ('50', '2024-09-26 10:46:11', 'CFS634', 'K3GTG4');
INSERT INTO `matrix_filling` (`placement_id`, `downline_id`, `level`, `matrix`) VALUES ('I1TUBN', 'CFS634', 30, 1);
UPDATE `bv_updation` SET left_carry = left_carry+50, total_left = total_left+50
WHERE `user_id` = 'I1TUBN';
INSERT INTO `placement_bv_update_history` (`left_carry`, `date`, `from_id`, `user_id`) VALUES ('50', '2024-09-26 10:46:11', 'CFS634', 'I1TUBN');
INSERT INTO `matrix_filling` (`placement_id`, `downline_id`, `level`, `matrix`) VALUES ('BAUCCU', 'CFS634', 31, 1);
UPDATE `bv_updation` SET left_carry = left_carry+50, total_left = total_left+50
WHERE `user_id` = 'BAUCCU';
INSERT INTO `placement_bv_update_history` (`left_carry`, `date`, `from_id`, `user_id`) VALUES ('50', '2024-09-26 10:46:11', 'CFS634', 'BAUCCU');
INSERT INTO `matrix_filling` (`placement_id`, `downline_id`, `level`, `matrix`) VALUES ('62QO97', 'CFS634', 32, 1);
UPDATE `bv_updation` SET left_carry = left_carry+50, total_left = total_left+50
WHERE `user_id` = '62QO97';
INSERT INTO `placement_bv_update_history` (`left_carry`, `date`, `from_id`, `user_id`) VALUES ('50', '2024-09-26 10:46:11', 'CFS634', '62QO97');
INSERT INTO `matrix_filling` (`placement_id`, `downline_id`, `level`, `matrix`) VALUES ('OHLQEO', 'CFS634', 33, 1);
UPDATE `bv_updation` SET left_carry = left_carry+50, total_left = total_left+50
WHERE `user_id` = 'OHLQEO';
INSERT INTO `placement_bv_update_history` (`left_carry`, `date`, `from_id`, `user_id`) VALUES ('50', '2024-09-26 10:46:11', 'CFS634', 'OHLQEO');
INSERT INTO `matrix_filling` (`placement_id`, `downline_id`, `level`, `matrix`) VALUES ('7APFKG', 'CFS634', 34, 1);
UPDATE `bv_updation` SET left_carry = left_carry+50, total_left = total_left+50
WHERE `user_id` = '7APFKG';
INSERT INTO `placement_bv_update_history` (`left_carry`, `date`, `from_id`, `user_id`) VALUES ('50', '2024-09-26 10:46:11', 'CFS634', '7APFKG');
INSERT INTO `matrix_filling` (`placement_id`, `downline_id`, `level`, `matrix`) VALUES ('Q2Q92Y', 'CFS634', 35, 1);
UPDATE `bv_updation` SET left_carry = left_carry+50, total_left = total_left+50
WHERE `user_id` = 'Q2Q92Y';
INSERT INTO `placement_bv_update_history` (`left_carry`, `date`, `from_id`, `user_id`) VALUES ('50', '2024-09-26 10:46:11', 'CFS634', 'Q2Q92Y');
INSERT INTO `matrix_filling` (`placement_id`, `downline_id`, `level`, `matrix`) VALUES ('E9ITRC', 'CFS634', 36, 1);
UPDATE `bv_updation` SET left_carry = left_carry+50, total_left = total_left+50
WHERE `user_id` = 'E9ITRC';
INSERT INTO `placement_bv_update_history` (`left_carry`, `date`, `from_id`, `user_id`) VALUES ('50', '2024-09-26 10:46:11', 'CFS634', 'E9ITRC');
INSERT INTO `matrix_filling` (`placement_id`, `downline_id`, `level`, `matrix`) VALUES ('7COKBB', 'CFS634', 37, 1);
UPDATE `bv_updation` SET left_carry = left_carry+50, total_left = total_left+50
WHERE `user_id` = '7COKBB';
INSERT INTO `placement_bv_update_history` (`left_carry`, `date`, `from_id`, `user_id`) VALUES ('50', '2024-09-26 10:46:11', 'CFS634', '7COKBB');
INSERT INTO `matrix_filling` (`placement_id`, `downline_id`, `level`, `matrix`) VALUES ('BDNS17', 'CFS634', 38, 1);
UPDATE `bv_updation` SET left_carry = left_carry+50, total_left = total_left+50
WHERE `user_id` = 'BDNS17';
INSERT INTO `placement_bv_update_history` (`left_carry`, `date`, `from_id`, `user_id`) VALUES ('50', '2024-09-26 10:46:11', 'CFS634', 'BDNS17');
INSERT INTO `matrix_filling` (`placement_id`, `downline_id`, `level`, `matrix`) VALUES ('7ZXRRE', 'CFS634', 39, 1);
UPDATE `bv_updation` SET left_carry = left_carry+50, total_left = total_left+50
WHERE `user_id` = '7ZXRRE';
INSERT INTO `placement_bv_update_history` (`left_carry`, `date`, `from_id`, `user_id`) VALUES ('50', '2024-09-26 10:46:11', 'CFS634', '7ZXRRE');
INSERT INTO `matrix_filling` (`placement_id`, `downline_id`, `level`, `matrix`) VALUES ('KLRAF5', 'CFS634', 40, 1);
UPDATE `bv_updation` SET left_carry = left_carry+50, total_left = total_left+50
WHERE `user_id` = 'KLRAF5';
INSERT INTO `placement_bv_update_history` (`left_carry`, `date`, `from_id`, `user_id`) VALUES ('50', '2024-09-26 10:46:11', 'CFS634', 'KLRAF5');
INSERT INTO `matrix_filling` (`placement_id`, `downline_id`, `level`, `matrix`) VALUES ('IFJHZG', 'CFS634', 41, 1);
UPDATE `bv_updation` SET left_carry = left_carry+50, total_left = total_left+50
WHERE `user_id` = 'IFJHZG';
INSERT INTO `placement_bv_update_history` (`left_carry`, `date`, `from_id`, `user_id`) VALUES ('50', '2024-09-26 10:46:11', 'CFS634', 'IFJHZG');
INSERT INTO `matrix_filling` (`placement_id`, `downline_id`, `level`, `matrix`) VALUES ('MXUV8Q', 'CFS634', 42, 1);
UPDATE `bv_updation` SET left_carry = left_carry+50, total_left = total_left+50
WHERE `user_id` = 'MXUV8Q';
INSERT INTO `placement_bv_update_history` (`left_carry`, `date`, `from_id`, `user_id`) VALUES ('50', '2024-09-26 10:46:11', 'CFS634', 'MXUV8Q');
INSERT INTO `matrix_filling` (`placement_id`, `downline_id`, `level`, `matrix`) VALUES ('GGM164', 'CFS634', 43, 1);
UPDATE `bv_updation` SET left_carry = left_carry+50, total_left = total_left+50
WHERE `user_id` = 'GGM164';
INSERT INTO `placement_bv_update_history` (`left_carry`, `date`, `from_id`, `user_id`) VALUES ('50', '2024-09-26 10:46:11', 'CFS634', 'GGM164');
INSERT INTO `matrix_filling` (`placement_id`, `downline_id`, `level`, `matrix`) VALUES ('3NKIEX', 'CFS634', 44, 1);
UPDATE `bv_updation` SET left_carry = left_carry+50, total_left = total_left+50
WHERE `user_id` = '3NKIEX';
INSERT INTO `placement_bv_update_history` (`left_carry`, `date`, `from_id`, `user_id`) VALUES ('50', '2024-09-26 10:46:11', 'CFS634', '3NKIEX');
INSERT INTO `matrix_filling` (`placement_id`, `downline_id`, `level`, `matrix`) VALUES ('S56TH3', 'CFS634', 45, 1);
UPDATE `bv_updation` SET left_carry = left_carry+50, total_left = total_left+50
WHERE `user_id` = 'S56TH3';
INSERT INTO `placement_bv_update_history` (`left_carry`, `date`, `from_id`, `user_id`) VALUES ('50', '2024-09-26 10:46:11', 'CFS634', 'S56TH3');
INSERT INTO `matrix_filling` (`placement_id`, `downline_id`, `level`, `matrix`) VALUES ('XYG89U', 'CFS634', 46, 1);
UPDATE `bv_updation` SET left_carry = left_carry+50, total_left = total_left+50
WHERE `user_id` = 'XYG89U';
INSERT INTO `placement_bv_update_history` (`left_carry`, `date`, `from_id`, `user_id`) VALUES ('50', '2024-09-26 10:46:11', 'CFS634', 'XYG89U');
INSERT INTO `matrix_filling` (`placement_id`, `downline_id`, `level`, `matrix`) VALUES ('HTFY93', 'CFS634', 47, 1);
UPDATE `bv_updation` SET left_carry = left_carry+50, total_left = total_left+50
WHERE `user_id` = 'HTFY93';
INSERT INTO `placement_bv_update_history` (`left_carry`, `date`, `from_id`, `user_id`) VALUES ('50', '2024-09-26 10:46:11', 'CFS634', 'HTFY93');
INSERT INTO `matrix_filling` (`placement_id`, `downline_id`, `level`, `matrix`) VALUES ('3PR393', 'CFS634', 48, 1);
UPDATE `bv_updation` SET left_carry = left_carry+50, total_left = total_left+50
WHERE `user_id` = '3PR393';
INSERT INTO `placement_bv_update_history` (`left_carry`, `date`, `from_id`, `user_id`) VALUES ('50', '2024-09-26 10:46:11', 'CFS634', '3PR393');
INSERT INTO `matrix_filling` (`placement_id`, `downline_id`, `level`, `matrix`) VALUES ('T3MRY1', 'CFS634', 49, 1);
UPDATE `bv_updation` SET left_carry = left_carry+50, total_left = total_left+50
WHERE `user_id` = 'T3MRY1';
INSERT INTO `placement_bv_update_history` (`left_carry`, `date`, `from_id`, `user_id`) VALUES ('50', '2024-09-26 10:46:11', 'CFS634', 'T3MRY1');
INSERT INTO `matrix_filling` (`placement_id`, `downline_id`, `level`, `matrix`) VALUES ('GTMCCK', 'CFS634', 50, 1);
UPDATE `bv_updation` SET left_carry = left_carry+50, total_left = total_left+50
WHERE `user_id` = 'GTMCCK';
INSERT INTO `placement_bv_update_history` (`left_carry`, `date`, `from_id`, `user_id`) VALUES ('50', '2024-09-26 10:46:11', 'CFS634', 'GTMCCK');
INSERT INTO `matrix_filling` (`placement_id`, `downline_id`, `level`, `matrix`) VALUES ('DLYMIF', 'CFS634', 51, 1);
UPDATE `bv_updation` SET left_carry = left_carry+50, total_left = total_left+50
WHERE `user_id` = 'DLYMIF';
INSERT INTO `placement_bv_update_history` (`left_carry`, `date`, `from_id`, `user_id`) VALUES ('50', '2024-09-26 10:46:11', 'CFS634', 'DLYMIF');
INSERT INTO `matrix_filling` (`placement_id`, `downline_id`, `level`, `matrix`) VALUES ('WGJ5KE', 'CFS634', 52, 1);
UPDATE `bv_updation` SET left_carry = left_carry+50, total_left = total_left+50
WHERE `user_id` = 'WGJ5KE';
INSERT INTO `placement_bv_update_history` (`left_carry`, `date`, `from_id`, `user_id`) VALUES ('50', '2024-09-26 10:46:11', 'CFS634', 'WGJ5KE');
INSERT INTO `matrix_filling` (`placement_id`, `downline_id`, `level`, `matrix`) VALUES ('ORRJ3M', 'CFS634', 53, 1);
UPDATE `bv_updation` SET left_carry = left_carry+50, total_left = total_left+50
WHERE `user_id` = 'ORRJ3M';
INSERT INTO `placement_bv_update_history` (`left_carry`, `date`, `from_id`, `user_id`) VALUES ('50', '2024-09-26 10:46:11', 'CFS634', 'ORRJ3M');
INSERT INTO `matrix_filling` (`placement_id`, `downline_id`, `level`, `matrix`) VALUES ('AA8V6V', 'CFS634', 54, 1);
UPDATE `bv_updation` SET left_carry = left_carry+50, total_left = total_left+50
WHERE `user_id` = 'AA8V6V';
INSERT INTO `placement_bv_update_history` (`left_carry`, `date`, `from_id`, `user_id`) VALUES ('50', '2024-09-26 10:46:11', 'CFS634', 'AA8V6V');
INSERT INTO `matrix_filling` (`placement_id`, `downline_id`, `level`, `matrix`) VALUES ('61ME4O', 'CFS634', 55, 1);
UPDATE `bv_updation` SET left_carry = left_carry+50, total_left = total_left+50
WHERE `user_id` = '61ME4O';
INSERT INTO `placement_bv_update_history` (`left_carry`, `date`, `from_id`, `user_id`) VALUES ('50', '2024-09-26 10:46:11', 'CFS634', '61ME4O');
INSERT INTO `matrix_filling` (`placement_id`, `downline_id`, `level`, `matrix`) VALUES ('WS1SZZ', 'CFS634', 56, 1);
UPDATE `bv_updation` SET left_carry = left_carry+50, total_left = total_left+50
WHERE `user_id` = 'WS1SZZ';
INSERT INTO `placement_bv_update_history` (`left_carry`, `date`, `from_id`, `user_id`) VALUES ('50', '2024-09-26 10:46:11', 'CFS634', 'WS1SZZ');
INSERT INTO `matrix_filling` (`placement_id`, `downline_id`, `level`, `matrix`) VALUES ('TBN4MZ', 'CFS634', 57, 1);
UPDATE `bv_updation` SET left_carry = left_carry+50, total_left = total_left+50
WHERE `user_id` = 'TBN4MZ';
INSERT INTO `placement_bv_update_history` (`left_carry`, `date`, `from_id`, `user_id`) VALUES ('50', '2024-09-26 10:46:11', 'CFS634', 'TBN4MZ');
INSERT INTO `matrix_filling` (`placement_id`, `downline_id`, `level`, `matrix`) VALUES ('OEMJ8R', 'CFS634', 58, 1);
UPDATE `bv_updation` SET left_carry = left_carry+50, total_left = total_left+50
WHERE `user_id` = 'OEMJ8R';
INSERT INTO `placement_bv_update_history` (`left_carry`, `date`, `from_id`, `user_id`) VALUES ('50', '2024-09-26 10:46:11', 'CFS634', 'OEMJ8R');
INSERT INTO `matrix_filling` (`placement_id`, `downline_id`, `level`, `matrix`) VALUES ('FXAYIE', 'CFS634', 59, 1);
UPDATE `bv_updation` SET left_carry = left_carry+50, total_left = total_left+50
WHERE `user_id` = 'FXAYIE';
INSERT INTO `placement_bv_update_history` (`left_carry`, `date`, `from_id`, `user_id`) VALUES ('50', '2024-09-26 10:46:11', 'CFS634', 'FXAYIE');
INSERT INTO `matrix_filling` (`placement_id`, `downline_id`, `level`, `matrix`) VALUES ('ELXZWC', 'CFS634', 60, 1);
UPDATE `bv_updation` SET left_carry = left_carry+50, total_left = total_left+50
WHERE `user_id` = 'ELXZWC';
INSERT INTO `placement_bv_update_history` (`left_carry`, `date`, `from_id`, `user_id`) VALUES ('50', '2024-09-26 10:46:11', 'CFS634', 'ELXZWC');
INSERT INTO `matrix_filling` (`placement_id`, `downline_id`, `level`, `matrix`) VALUES ('C1TQVI', 'CFS634', 61, 1);
UPDATE `bv_updation` SET left_carry = left_carry+50, total_left = total_left+50
WHERE `user_id` = 'C1TQVI';
INSERT INTO `placement_bv_update_history` (`left_carry`, `date`, `from_id`, `user_id`) VALUES ('50', '2024-09-26 10:46:11', 'CFS634', 'C1TQVI');
INSERT INTO `matrix_filling` (`placement_id`, `downline_id`, `level`, `matrix`) VALUES ('F5GPDF', 'CFS634', 62, 1);
UPDATE `bv_updation` SET left_carry = left_carry+50, total_left = total_left+50
WHERE `user_id` = 'F5GPDF';
INSERT INTO `placement_bv_update_history` (`left_carry`, `date`, `from_id`, `user_id`) VALUES ('50', '2024-09-26 10:46:11', 'CFS634', 'F5GPDF');
INSERT INTO `matrix_filling` (`placement_id`, `downline_id`, `level`, `matrix`) VALUES ('91PYDK', 'CFS634', 63, 1);
UPDATE `bv_updation` SET left_carry = left_carry+50, total_left = total_left+50
WHERE `user_id` = '91PYDK';
INSERT INTO `placement_bv_update_history` (`left_carry`, `date`, `from_id`, `user_id`) VALUES ('50', '2024-09-26 10:46:11', 'CFS634', '91PYDK');
INSERT INTO `matrix_filling` (`placement_id`, `downline_id`, `level`, `matrix`) VALUES ('4OT7RX', 'CFS634', 64, 1);
UPDATE `bv_updation` SET left_carry = left_carry+50, total_left = total_left+50
WHERE `user_id` = '4OT7RX';
INSERT INTO `placement_bv_update_history` (`left_carry`, `date`, `from_id`, `user_id`) VALUES ('50', '2024-09-26 10:46:11', 'CFS634', '4OT7RX');
INSERT INTO `matrix_filling` (`placement_id`, `downline_id`, `level`, `matrix`) VALUES ('ZJZA3M', 'CFS634', 65, 1);
UPDATE `bv_updation` SET left_carry = left_carry+50, total_left = total_left+50
WHERE `user_id` = 'ZJZA3M';
INSERT INTO `placement_bv_update_history` (`left_carry`, `date`, `from_id`, `user_id`) VALUES ('50', '2024-09-26 10:46:11', 'CFS634', 'ZJZA3M');
INSERT INTO `matrix_filling` (`placement_id`, `downline_id`, `level`, `matrix`) VALUES ('XN6ETC', 'CFS634', 66, 1);
UPDATE `bv_updation` SET left_carry = left_carry+50, total_left = total_left+50
WHERE `user_id` = 'XN6ETC';
INSERT INTO `placement_bv_update_history` (`left_carry`, `date`, `from_id`, `user_id`) VALUES ('50', '2024-09-26 10:46:11', 'CFS634', 'XN6ETC');
INSERT INTO `matrix_filling` (`placement_id`, `downline_id`, `level`, `matrix`) VALUES ('KVQN1O', 'CFS634', 67, 1);
UPDATE `bv_updation` SET left_carry = left_carry+50, total_left = total_left+50
WHERE `user_id` = 'KVQN1O';
INSERT INTO `placement_bv_update_history` (`left_carry`, `date`, `from_id`, `user_id`) VALUES ('50', '2024-09-26 10:46:11', 'CFS634', 'KVQN1O');
INSERT INTO `matrix_filling` (`placement_id`, `downline_id`, `level`, `matrix`) VALUES ('X3V7DJ', 'CFS634', 68, 1);
UPDATE `bv_updation` SET left_carry = left_carry+50, total_left = total_left+50
WHERE `user_id` = 'X3V7DJ';
INSERT INTO `placement_bv_update_history` (`left_carry`, `date`, `from_id`, `user_id`) VALUES ('50', '2024-09-26 10:46:11', 'CFS634', 'X3V7DJ');
INSERT INTO `matrix_filling` (`placement_id`, `downline_id`, `level`, `matrix`) VALUES ('DJ77NH', 'CFS634', 69, 1);
UPDATE `bv_updation` SET left_carry = left_carry+50, total_left = total_left+50
WHERE `user_id` = 'DJ77NH';
INSERT INTO `placement_bv_update_history` (`left_carry`, `date`, `from_id`, `user_id`) VALUES ('50', '2024-09-26 10:46:11', 'CFS634', 'DJ77NH');
INSERT INTO `matrix_filling` (`placement_id`, `downline_id`, `level`, `matrix`) VALUES ('PX7XCL', 'CFS634', 70, 1);
UPDATE `bv_updation` SET left_carry = left_carry+50, total_left = total_left+50
WHERE `user_id` = 'PX7XCL';
INSERT INTO `placement_bv_update_history` (`left_carry`, `date`, `from_id`, `user_id`) VALUES ('50', '2024-09-26 10:46:11', 'CFS634', 'PX7XCL');
INSERT INTO `matrix_filling` (`placement_id`, `downline_id`, `level`, `matrix`) VALUES ('L8PM4Z', 'CFS634', 71, 1);
UPDATE `bv_updation` SET left_carry = left_carry+50, total_left = total_left+50
WHERE `user_id` = 'L8PM4Z';
INSERT INTO `placement_bv_update_history` (`left_carry`, `date`, `from_id`, `user_id`) VALUES ('50', '2024-09-26 10:46:11', 'CFS634', 'L8PM4Z');
INSERT INTO `matrix_filling` (`placement_id`, `downline_id`, `level`, `matrix`) VALUES ('GBSIER', 'CFS634', 72, 1);
UPDATE `bv_updation` SET left_carry = left_carry+50, total_left = total_left+50
WHERE `user_id` = 'GBSIER';
INSERT INTO `placement_bv_update_history` (`left_carry`, `date`, `from_id`, `user_id`) VALUES ('50', '2024-09-26 10:46:11', 'CFS634', 'GBSIER');
INSERT INTO `matrix_filling` (`placement_id`, `downline_id`, `level`, `matrix`) VALUES ('AV48YQ', 'CFS634', 73, 1);
UPDATE `bv_updation` SET left_carry = left_carry+50, total_left = total_left+50
WHERE `user_id` = 'AV48YQ';
INSERT INTO `placement_bv_update_history` (`left_carry`, `date`, `from_id`, `user_id`) VALUES ('50', '2024-09-26 10:46:11', 'CFS634', 'AV48YQ');
INSERT INTO `matrix_filling` (`placement_id`, `downline_id`, `level`, `matrix`) VALUES ('admin', 'CFS634', 74, 1);
INSERT INTO `package_purchase_history` (`user_id`, `package_id`, `reg_fee`, `package_name`, `monthly_fee`, `type`, `date`, `payment_option`) VALUES ('CFS634', '2', '595', 'Traveler Pro', '150', 'sign_up', '2024-09-26 10:46:11', 'free');
UPDATE `ci_sessions` SET `timestamp` = 1727365607, `data` = '__ci_last_regenerate|i:1727365607;id|s:4:\"2504\";user_id|s:6:\"NUPA4K\";username|s:4:\"ray7\";sponsor_id|s:6:\"1FFFBU\";fullname|s:13:\"Ray Rodriguez\";email|s:14:\"ray7@gmail.com\";phone|s:10:\"7862876762\";isLogIn|b:1;'
WHERE `id` = 'cf9a83ab64a1dbeadccc9a52e9bcaa24b8a42e6f';
UPDATE `user_registration` SET `uid` = '2675', `user_id` = 'UR3QY8', `username` = 'karim7', `sponsor_id` = 'NUPA4K', `vacant` = 'no', `f_name` = 'Karim', `l_name` = 'Benzema', `address` = '8100 SW 14 Terr', `position` = 'right', `email` = 'karim7@gmail.com', `password` = 'e6d01b88afb7a7d15678ae7d60163533', `phone` = '7862876762', `country` = 'United States', `state` = 'Florida', `city` = 'Miami', `street` = '8100 SW 14 Terr', `zip_code` = '33144', `reg_ip` = '172.70.55.62', `status` = 1, `package_id` = '2', `rank_id` = 1, `highest_rank` = 1, `created` = '2024-09-26 10:47:15', `subscription_date` = '2024-10-26', `google_secret` = 'B4QXLKRUIREQ72HN'
WHERE `uid` = '2675';
INSERT INTO `user_registration` (`uid`, `user_id`, `username`, `sponsor_id`, `placement_id`, `vacant`, `f_name`, `l_name`, `address`, `position`, `email`, `password`, `phone`, `reg_ip`, `status`, `created`) VALUES (NULL, 'SYABLR', 'BXryannE', 'UR3QY8', 'UR3QY8', 'yes', '', '', '', 'left', '@mail.com', '', '', '', 0, '2024-09-26 10:47:15');
INSERT INTO `user_registration` (`uid`, `user_id`, `username`, `sponsor_id`, `placement_id`, `vacant`, `f_name`, `l_name`, `address`, `position`, `email`, `password`, `phone`, `reg_ip`, `status`, `created`) VALUES (NULL, 'WBBKCZ', 'QHrTTqtD', 'UR3QY8', 'UR3QY8', 'yes', '', '', '', 'right', '@mail.com', '', '', '', 0, '2024-09-26 10:47:15');
INSERT INTO `bv_updation` (`user_id`) VALUES ('UR3QY8');
UPDATE `user_registration` SET total_ref_count = total_ref_count+1
WHERE `user_id` = 'NUPA4K';
UPDATE `user_registration` SET total_downlines = total_downlines+1
WHERE `user_id` = '7DZUTJ';
UPDATE `user_registration` SET right_downlines = right_downlines+1
WHERE `user_id` = '7DZUTJ';
UPDATE `user_registration` SET total_downlines = total_downlines+1
WHERE `user_id` = '1BM251';
UPDATE `user_registration` SET right_downlines = right_downlines+1
WHERE `user_id` = '1BM251';
UPDATE `user_registration` SET total_downlines = total_downlines+1
WHERE `user_id` = 'VRG6MB';
UPDATE `user_registration` SET right_downlines = right_downlines+1
WHERE `user_id` = 'VRG6MB';
UPDATE `user_registration` SET total_downlines = total_downlines+1
WHERE `user_id` = 'IF93OZ';
UPDATE `user_registration` SET right_downlines = right_downlines+1
WHERE `user_id` = 'IF93OZ';
UPDATE `user_registration` SET total_downlines = total_downlines+1
WHERE `user_id` = '6O8Z46';
UPDATE `user_registration` SET right_downlines = right_downlines+1
WHERE `user_id` = '6O8Z46';
UPDATE `user_registration` SET total_downlines = total_downlines+1
WHERE `user_id` = '8IO4AU';
UPDATE `user_registration` SET right_downlines = right_downlines+1
WHERE `user_id` = '8IO4AU';
UPDATE `user_registration` SET total_downlines = total_downlines+1
WHERE `user_id` = 'IAXL4Y';
UPDATE `user_registration` SET right_downlines = right_downlines+1
WHERE `user_id` = 'IAXL4Y';
UPDATE `user_registration` SET total_downlines = total_downlines+1
WHERE `user_id` = 'KJQTCB';
UPDATE `user_registration` SET right_downlines = right_downlines+1
WHERE `user_id` = 'KJQTCB';
UPDATE `user_registration` SET total_downlines = total_downlines+1
WHERE `user_id` = 'CGSZCC';
UPDATE `user_registration` SET right_downlines = right_downlines+1
WHERE `user_id` = 'CGSZCC';
UPDATE `user_registration` SET total_downlines = total_downlines+1
WHERE `user_id` = 'MSD4O2';
UPDATE `user_registration` SET right_downlines = right_downlines+1
WHERE `user_id` = 'MSD4O2';
UPDATE `user_registration` SET total_downlines = total_downlines+1
WHERE `user_id` = 'RUEPZ3';
UPDATE `user_registration` SET right_downlines = right_downlines+1
WHERE `user_id` = 'RUEPZ3';
UPDATE `user_registration` SET total_downlines = total_downlines+1
WHERE `user_id` = '5CXKTT';
UPDATE `user_registration` SET right_downlines = right_downlines+1
WHERE `user_id` = '5CXKTT';
UPDATE `user_registration` SET total_downlines = total_downlines+1
WHERE `user_id` = 'S75FP2';
UPDATE `user_registration` SET right_downlines = right_downlines+1
WHERE `user_id` = 'S75FP2';
UPDATE `user_registration` SET total_downlines = total_downlines+1
WHERE `user_id` = 'NUPA4K';
UPDATE `user_registration` SET right_downlines = right_downlines+1
WHERE `user_id` = 'NUPA4K';
UPDATE `user_registration` SET right_ref_count = right_ref_count+1
WHERE `user_id` = 'NUPA4K';
UPDATE `user_registration` SET active_right = active_right+1
WHERE `user_id` = 'NUPA4K';
UPDATE `user_registration` SET total_downlines = total_downlines+1
WHERE `user_id` = '1FFFBU';
UPDATE `user_registration` SET left_downlines = left_downlines+1
WHERE `user_id` = '1FFFBU';
UPDATE `user_registration` SET total_downlines = total_downlines+1
WHERE `user_id` = 'J4CGUT';
UPDATE `user_registration` SET left_downlines = left_downlines+1
WHERE `user_id` = 'J4CGUT';
UPDATE `user_registration` SET total_downlines = total_downlines+1
WHERE `user_id` = 'S1RTX3';
UPDATE `user_registration` SET left_downlines = left_downlines+1
WHERE `user_id` = 'S1RTX3';
UPDATE `user_registration` SET total_downlines = total_downlines+1
WHERE `user_id` = 'I8YWQA';
UPDATE `user_registration` SET left_downlines = left_downlines+1
WHERE `user_id` = 'I8YWQA';
UPDATE `user_registration` SET total_downlines = total_downlines+1
WHERE `user_id` = 'I3MZBU';
UPDATE `user_registration` SET left_downlines = left_downlines+1
WHERE `user_id` = 'I3MZBU';
UPDATE `user_registration` SET total_downlines = total_downlines+1
WHERE `user_id` = 'H2I33O';
UPDATE `user_registration` SET left_downlines = left_downlines+1
WHERE `user_id` = 'H2I33O';
UPDATE `user_registration` SET total_downlines = total_downlines+1
WHERE `user_id` = 'AL7XWH';
UPDATE `user_registration` SET left_downlines = left_downlines+1
WHERE `user_id` = 'AL7XWH';
UPDATE `user_registration` SET total_downlines = total_downlines+1
WHERE `user_id` = 'HFZ9SA';
UPDATE `user_registration` SET left_downlines = left_downlines+1
WHERE `user_id` = 'HFZ9SA';
UPDATE `user_registration` SET total_downlines = total_downlines+1
WHERE `user_id` = 'A2MTZ3';
UPDATE `user_registration` SET left_downlines = left_downlines+1
WHERE `user_id` = 'A2MTZ3';
UPDATE `user_registration` SET total_downlines = total_downlines+1
WHERE `user_id` = 'RUEKCW';
UPDATE `user_registration` SET left_downlines = left_downlines+1
WHERE `user_id` = 'RUEKCW';
UPDATE `user_registration` SET total_downlines = total_downlines+1
WHERE `user_id` = 'K3GTG4';
UPDATE `user_registration` SET left_downlines = left_downlines+1
WHERE `user_id` = 'K3GTG4';
UPDATE `user_registration` SET total_downlines = total_downlines+1
WHERE `user_id` = 'I1TUBN';
UPDATE `user_registration` SET left_downlines = left_downlines+1
WHERE `user_id` = 'I1TUBN';
UPDATE `user_registration` SET total_downlines = total_downlines+1
WHERE `user_id` = 'BAUCCU';
UPDATE `user_registration` SET left_downlines = left_downlines+1
WHERE `user_id` = 'BAUCCU';
UPDATE `user_registration` SET total_downlines = total_downlines+1
WHERE `user_id` = '62QO97';
UPDATE `user_registration` SET left_downlines = left_downlines+1
WHERE `user_id` = '62QO97';
UPDATE `user_registration` SET total_downlines = total_downlines+1
WHERE `user_id` = 'OHLQEO';
UPDATE `user_registration` SET left_downlines = left_downlines+1
WHERE `user_id` = 'OHLQEO';
UPDATE `user_registration` SET total_downlines = total_downlines+1
WHERE `user_id` = '7APFKG';
UPDATE `user_registration` SET left_downlines = left_downlines+1
WHERE `user_id` = '7APFKG';
UPDATE `user_registration` SET total_downlines = total_downlines+1
WHERE `user_id` = 'Q2Q92Y';
UPDATE `user_registration` SET left_downlines = left_downlines+1
WHERE `user_id` = 'Q2Q92Y';
UPDATE `user_registration` SET total_downlines = total_downlines+1
WHERE `user_id` = 'E9ITRC';
UPDATE `user_registration` SET left_downlines = left_downlines+1
WHERE `user_id` = 'E9ITRC';
UPDATE `user_registration` SET total_downlines = total_downlines+1
WHERE `user_id` = '7COKBB';
UPDATE `user_registration` SET left_downlines = left_downlines+1
WHERE `user_id` = '7COKBB';
UPDATE `user_registration` SET total_downlines = total_downlines+1
WHERE `user_id` = 'BDNS17';
UPDATE `user_registration` SET left_downlines = left_downlines+1
WHERE `user_id` = 'BDNS17';
UPDATE `user_registration` SET total_downlines = total_downlines+1
WHERE `user_id` = '7ZXRRE';
UPDATE `user_registration` SET left_downlines = left_downlines+1
WHERE `user_id` = '7ZXRRE';
UPDATE `user_registration` SET total_downlines = total_downlines+1
WHERE `user_id` = 'KLRAF5';
UPDATE `user_registration` SET left_downlines = left_downlines+1
WHERE `user_id` = 'KLRAF5';
UPDATE `user_registration` SET total_downlines = total_downlines+1
WHERE `user_id` = 'IFJHZG';
UPDATE `user_registration` SET left_downlines = left_downlines+1
WHERE `user_id` = 'IFJHZG';
UPDATE `user_registration` SET total_downlines = total_downlines+1
WHERE `user_id` = 'MXUV8Q';
UPDATE `user_registration` SET left_downlines = left_downlines+1
WHERE `user_id` = 'MXUV8Q';
UPDATE `user_registration` SET total_downlines = total_downlines+1
WHERE `user_id` = 'GGM164';
UPDATE `user_registration` SET left_downlines = left_downlines+1
WHERE `user_id` = 'GGM164';
UPDATE `user_registration` SET total_downlines = total_downlines+1
WHERE `user_id` = '3NKIEX';
UPDATE `user_registration` SET left_downlines = left_downlines+1
WHERE `user_id` = '3NKIEX';
UPDATE `user_registration` SET total_downlines = total_downlines+1
WHERE `user_id` = 'S56TH3';
UPDATE `user_registration` SET left_downlines = left_downlines+1
WHERE `user_id` = 'S56TH3';
UPDATE `user_registration` SET total_downlines = total_downlines+1
WHERE `user_id` = 'XYG89U';
UPDATE `user_registration` SET left_downlines = left_downlines+1
WHERE `user_id` = 'XYG89U';
UPDATE `user_registration` SET total_downlines = total_downlines+1
WHERE `user_id` = 'HTFY93';
UPDATE `user_registration` SET left_downlines = left_downlines+1
WHERE `user_id` = 'HTFY93';
UPDATE `user_registration` SET total_downlines = total_downlines+1
WHERE `user_id` = '3PR393';
UPDATE `user_registration` SET left_downlines = left_downlines+1
WHERE `user_id` = '3PR393';
UPDATE `user_registration` SET total_downlines = total_downlines+1
WHERE `user_id` = 'T3MRY1';
UPDATE `user_registration` SET left_downlines = left_downlines+1
WHERE `user_id` = 'T3MRY1';
UPDATE `user_registration` SET total_downlines = total_downlines+1
WHERE `user_id` = 'GTMCCK';
UPDATE `user_registration` SET left_downlines = left_downlines+1
WHERE `user_id` = 'GTMCCK';
UPDATE `user_registration` SET total_downlines = total_downlines+1
WHERE `user_id` = 'DLYMIF';
UPDATE `user_registration` SET left_downlines = left_downlines+1
WHERE `user_id` = 'DLYMIF';
UPDATE `user_registration` SET total_downlines = total_downlines+1
WHERE `user_id` = 'WGJ5KE';
UPDATE `user_registration` SET left_downlines = left_downlines+1
WHERE `user_id` = 'WGJ5KE';
UPDATE `user_registration` SET total_downlines = total_downlines+1
WHERE `user_id` = 'ORRJ3M';
UPDATE `user_registration` SET left_downlines = left_downlines+1
WHERE `user_id` = 'ORRJ3M';
UPDATE `user_registration` SET total_downlines = total_downlines+1
WHERE `user_id` = 'AA8V6V';
UPDATE `user_registration` SET left_downlines = left_downlines+1
WHERE `user_id` = 'AA8V6V';
UPDATE `user_registration` SET total_downlines = total_downlines+1
WHERE `user_id` = '61ME4O';
UPDATE `user_registration` SET left_downlines = left_downlines+1
WHERE `user_id` = '61ME4O';
UPDATE `user_registration` SET total_downlines = total_downlines+1
WHERE `user_id` = 'WS1SZZ';
UPDATE `user_registration` SET left_downlines = left_downlines+1
WHERE `user_id` = 'WS1SZZ';
UPDATE `user_registration` SET total_downlines = total_downlines+1
WHERE `user_id` = 'TBN4MZ';
UPDATE `user_registration` SET left_downlines = left_downlines+1
WHERE `user_id` = 'TBN4MZ';
UPDATE `user_registration` SET total_downlines = total_downlines+1
WHERE `user_id` = 'OEMJ8R';
UPDATE `user_registration` SET left_downlines = left_downlines+1
WHERE `user_id` = 'OEMJ8R';
UPDATE `user_registration` SET total_downlines = total_downlines+1
WHERE `user_id` = 'FXAYIE';
UPDATE `user_registration` SET left_downlines = left_downlines+1
WHERE `user_id` = 'FXAYIE';
UPDATE `user_registration` SET total_downlines = total_downlines+1
WHERE `user_id` = 'ELXZWC';
UPDATE `user_registration` SET left_downlines = left_downlines+1
WHERE `user_id` = 'ELXZWC';
UPDATE `user_registration` SET total_downlines = total_downlines+1
WHERE `user_id` = 'C1TQVI';
UPDATE `user_registration` SET left_downlines = left_downlines+1
WHERE `user_id` = 'C1TQVI';
UPDATE `user_registration` SET total_downlines = total_downlines+1
WHERE `user_id` = 'F5GPDF';
UPDATE `user_registration` SET left_downlines = left_downlines+1
WHERE `user_id` = 'F5GPDF';
UPDATE `user_registration` SET total_downlines = total_downlines+1
WHERE `user_id` = '91PYDK';
UPDATE `user_registration` SET left_downlines = left_downlines+1
WHERE `user_id` = '91PYDK';
UPDATE `user_registration` SET total_downlines = total_downlines+1
WHERE `user_id` = '4OT7RX';
UPDATE `user_registration` SET left_downlines = left_downlines+1
WHERE `user_id` = '4OT7RX';
UPDATE `user_registration` SET total_downlines = total_downlines+1
WHERE `user_id` = 'ZJZA3M';
UPDATE `user_registration` SET left_downlines = left_downlines+1
WHERE `user_id` = 'ZJZA3M';
UPDATE `user_registration` SET total_downlines = total_downlines+1
WHERE `user_id` = 'XN6ETC';
UPDATE `user_registration` SET left_downlines = left_downlines+1
WHERE `user_id` = 'XN6ETC';
UPDATE `user_registration` SET total_downlines = total_downlines+1
WHERE `user_id` = 'KVQN1O';
UPDATE `user_registration` SET left_downlines = left_downlines+1
WHERE `user_id` = 'KVQN1O';
UPDATE `user_registration` SET total_downlines = total_downlines+1
WHERE `user_id` = 'X3V7DJ';
UPDATE `user_registration` SET left_downlines = left_downlines+1
WHERE `user_id` = 'X3V7DJ';
UPDATE `user_registration` SET total_downlines = total_downlines+1
WHERE `user_id` = 'DJ77NH';
UPDATE `user_registration` SET left_downlines = left_downlines+1
WHERE `user_id` = 'DJ77NH';
UPDATE `user_registration` SET total_downlines = total_downlines+1
WHERE `user_id` = 'PX7XCL';
UPDATE `user_registration` SET left_downlines = left_downlines+1
WHERE `user_id` = 'PX7XCL';
UPDATE `user_registration` SET total_downlines = total_downlines+1
WHERE `user_id` = 'L8PM4Z';
UPDATE `user_registration` SET left_downlines = left_downlines+1
WHERE `user_id` = 'L8PM4Z';
UPDATE `user_registration` SET total_downlines = total_downlines+1
WHERE `user_id` = 'GBSIER';
UPDATE `user_registration` SET left_downlines = left_downlines+1
WHERE `user_id` = 'GBSIER';
UPDATE `user_registration` SET total_downlines = total_downlines+1
WHERE `user_id` = 'AV48YQ';
UPDATE `user_registration` SET left_downlines = left_downlines+1
WHERE `user_id` = 'AV48YQ';
UPDATE `user_registration` SET total_downlines = total_downlines+1
WHERE `user_id` = 'admin';
UPDATE `user_registration` SET left_downlines = left_downlines+1
WHERE `user_id` = 'admin';
INSERT INTO `investment` (`invest_date`, `user_id`, `type`, `amount`, `package_id`) VALUES ('2024-09-26 10:47:15', 'UR3QY8', 'register', '595', '2');
INSERT INTO `earnings` (`user_id`, `Purchaser_id`, `earning_type`, `package_id`, `amount`, `date`, `comments`, `invest_amount`, `comm_perc`, `level`, `rank_id`, `order_id`) VALUES ('NUPA4K', 'UR3QY8', 'Direct Referral Bonus', '2', '100', '2024-09-26 10:47:15', 'Direct Referral Bonus', 0, 0, 1, '', 184);
UPDATE `user_registration` SET commission_balance = ROUND(commission_balance + 100,2)
WHERE `user_id` = 'NUPA4K';
INSERT INTO `earnings` (`user_id`, `Purchaser_id`, `earning_type`, `package_id`, `amount`, `date`, `comments`, `invest_amount`, `comm_perc`, `level`, `rank_id`, `order_id`) VALUES ('1FFFBU', 'UR3QY8', 'Expansion Bonus', '2', 100, '2024-09-26 10:47:15', 'Expansion Bonus', '100', 0, 1, '', 184);
UPDATE `user_registration` SET commission_balance = ROUND(commission_balance + 100,2)
WHERE `user_id` = '1FFFBU';
INSERT INTO `earnings` (`user_id`, `Purchaser_id`, `earning_type`, `package_id`, `amount`, `date`, `comments`, `invest_amount`, `comm_perc`, `level`, `rank_id`, `order_id`) VALUES ('admin', 'UR3QY8', 'Expansion Bonus', '2', 100, '2024-09-26 10:47:15', 'Expansion Bonus', 200, 0, 1, '', 184);
UPDATE `user_registration` SET commission_balance = ROUND(commission_balance + 100,2)
WHERE `user_id` = 'admin';
INSERT INTO `matrix_filling` (`placement_id`, `downline_id`, `level`, `matrix`) VALUES ('7DZUTJ', 'UR3QY8', 1, 1);
UPDATE `bv_updation` SET right_carry = right_carry+50, total_right = total_right+50
WHERE `user_id` = '7DZUTJ';
INSERT INTO `placement_bv_update_history` (`right_carry`, `date`, `from_id`, `user_id`) VALUES ('50', '2024-09-26 10:47:15', 'UR3QY8', '7DZUTJ');
INSERT INTO `matrix_filling` (`placement_id`, `downline_id`, `level`, `matrix`) VALUES ('1BM251', 'UR3QY8', 2, 1);
UPDATE `bv_updation` SET right_carry = right_carry+50, total_right = total_right+50
WHERE `user_id` = '1BM251';
INSERT INTO `placement_bv_update_history` (`right_carry`, `date`, `from_id`, `user_id`) VALUES ('50', '2024-09-26 10:47:15', 'UR3QY8', '1BM251');
INSERT INTO `matrix_filling` (`placement_id`, `downline_id`, `level`, `matrix`) VALUES ('VRG6MB', 'UR3QY8', 3, 1);
UPDATE `bv_updation` SET right_carry = right_carry+50, total_right = total_right+50
WHERE `user_id` = 'VRG6MB';
INSERT INTO `placement_bv_update_history` (`right_carry`, `date`, `from_id`, `user_id`) VALUES ('50', '2024-09-26 10:47:15', 'UR3QY8', 'VRG6MB');
INSERT INTO `matrix_filling` (`placement_id`, `downline_id`, `level`, `matrix`) VALUES ('IF93OZ', 'UR3QY8', 4, 1);
UPDATE `bv_updation` SET right_carry = right_carry+50, total_right = total_right+50
WHERE `user_id` = 'IF93OZ';
INSERT INTO `placement_bv_update_history` (`right_carry`, `date`, `from_id`, `user_id`) VALUES ('50', '2024-09-26 10:47:15', 'UR3QY8', 'IF93OZ');
INSERT INTO `matrix_filling` (`placement_id`, `downline_id`, `level`, `matrix`) VALUES ('6O8Z46', 'UR3QY8', 5, 1);
UPDATE `bv_updation` SET right_carry = right_carry+50, total_right = total_right+50
WHERE `user_id` = '6O8Z46';
INSERT INTO `placement_bv_update_history` (`right_carry`, `date`, `from_id`, `user_id`) VALUES ('50', '2024-09-26 10:47:15', 'UR3QY8', '6O8Z46');
INSERT INTO `matrix_filling` (`placement_id`, `downline_id`, `level`, `matrix`) VALUES ('8IO4AU', 'UR3QY8', 6, 1);
UPDATE `bv_updation` SET right_carry = right_carry+50, total_right = total_right+50
WHERE `user_id` = '8IO4AU';
INSERT INTO `placement_bv_update_history` (`right_carry`, `date`, `from_id`, `user_id`) VALUES ('50', '2024-09-26 10:47:15', 'UR3QY8', '8IO4AU');
INSERT INTO `matrix_filling` (`placement_id`, `downline_id`, `level`, `matrix`) VALUES ('IAXL4Y', 'UR3QY8', 7, 1);
UPDATE `bv_updation` SET right_carry = right_carry+50, total_right = total_right+50
WHERE `user_id` = 'IAXL4Y';
INSERT INTO `placement_bv_update_history` (`right_carry`, `date`, `from_id`, `user_id`) VALUES ('50', '2024-09-26 10:47:15', 'UR3QY8', 'IAXL4Y');
INSERT INTO `matrix_filling` (`placement_id`, `downline_id`, `level`, `matrix`) VALUES ('KJQTCB', 'UR3QY8', 8, 1);
UPDATE `bv_updation` SET right_carry = right_carry+50, total_right = total_right+50
WHERE `user_id` = 'KJQTCB';
INSERT INTO `placement_bv_update_history` (`right_carry`, `date`, `from_id`, `user_id`) VALUES ('50', '2024-09-26 10:47:15', 'UR3QY8', 'KJQTCB');
INSERT INTO `matrix_filling` (`placement_id`, `downline_id`, `level`, `matrix`) VALUES ('CGSZCC', 'UR3QY8', 9, 1);
UPDATE `bv_updation` SET right_carry = right_carry+50, total_right = total_right+50
WHERE `user_id` = 'CGSZCC';
INSERT INTO `placement_bv_update_history` (`right_carry`, `date`, `from_id`, `user_id`) VALUES ('50', '2024-09-26 10:47:15', 'UR3QY8', 'CGSZCC');
INSERT INTO `matrix_filling` (`placement_id`, `downline_id`, `level`, `matrix`) VALUES ('MSD4O2', 'UR3QY8', 10, 1);
UPDATE `bv_updation` SET right_carry = right_carry+50, total_right = total_right+50
WHERE `user_id` = 'MSD4O2';
INSERT INTO `placement_bv_update_history` (`right_carry`, `date`, `from_id`, `user_id`) VALUES ('50', '2024-09-26 10:47:15', 'UR3QY8', 'MSD4O2');
INSERT INTO `matrix_filling` (`placement_id`, `downline_id`, `level`, `matrix`) VALUES ('RUEPZ3', 'UR3QY8', 11, 1);
UPDATE `bv_updation` SET right_carry = right_carry+50, total_right = total_right+50
WHERE `user_id` = 'RUEPZ3';
INSERT INTO `placement_bv_update_history` (`right_carry`, `date`, `from_id`, `user_id`) VALUES ('50', '2024-09-26 10:47:15', 'UR3QY8', 'RUEPZ3');
INSERT INTO `matrix_filling` (`placement_id`, `downline_id`, `level`, `matrix`) VALUES ('5CXKTT', 'UR3QY8', 12, 1);
UPDATE `bv_updation` SET right_carry = right_carry+50, total_right = total_right+50
WHERE `user_id` = '5CXKTT';
INSERT INTO `placement_bv_update_history` (`right_carry`, `date`, `from_id`, `user_id`) VALUES ('50', '2024-09-26 10:47:15', 'UR3QY8', '5CXKTT');
INSERT INTO `matrix_filling` (`placement_id`, `downline_id`, `level`, `matrix`) VALUES ('S75FP2', 'UR3QY8', 13, 1);
UPDATE `bv_updation` SET right_carry = right_carry+50, total_right = total_right+50
WHERE `user_id` = 'S75FP2';
INSERT INTO `placement_bv_update_history` (`right_carry`, `date`, `from_id`, `user_id`) VALUES ('50', '2024-09-26 10:47:15', 'UR3QY8', 'S75FP2');
INSERT INTO `matrix_filling` (`placement_id`, `downline_id`, `level`, `matrix`) VALUES ('NUPA4K', 'UR3QY8', 14, 1);
UPDATE `bv_updation` SET right_carry = right_carry+50, total_right = total_right+50
WHERE `user_id` = 'NUPA4K';
INSERT INTO `placement_bv_update_history` (`right_carry`, `date`, `from_id`, `user_id`) VALUES ('50', '2024-09-26 10:47:15', 'UR3QY8', 'NUPA4K');
UPDATE `bv_updation` SET sponsor_right_carry = sponsor_right_carry+50, sponsor_total_right = sponsor_total_right+50
WHERE `user_id` = 'NUPA4K';
INSERT INTO `sponsor_bv_update_history` (`right_carry`, `date`, `user_id`) VALUES ('50', '2024-09-26 10:47:15', 'NUPA4K');
INSERT INTO `matrix_filling` (`placement_id`, `downline_id`, `level`, `matrix`) VALUES ('1FFFBU', 'UR3QY8', 15, 1);
UPDATE `bv_updation` SET left_carry = left_carry+50, total_left = total_left+50
WHERE `user_id` = '1FFFBU';
INSERT INTO `placement_bv_update_history` (`left_carry`, `date`, `from_id`, `user_id`) VALUES ('50', '2024-09-26 10:47:15', 'UR3QY8', '1FFFBU');
INSERT INTO `matrix_filling` (`placement_id`, `downline_id`, `level`, `matrix`) VALUES ('J4CGUT', 'UR3QY8', 16, 1);
UPDATE `bv_updation` SET left_carry = left_carry+50, total_left = total_left+50
WHERE `user_id` = 'J4CGUT';
INSERT INTO `placement_bv_update_history` (`left_carry`, `date`, `from_id`, `user_id`) VALUES ('50', '2024-09-26 10:47:15', 'UR3QY8', 'J4CGUT');
INSERT INTO `matrix_filling` (`placement_id`, `downline_id`, `level`, `matrix`) VALUES ('S1RTX3', 'UR3QY8', 17, 1);
UPDATE `bv_updation` SET left_carry = left_carry+50, total_left = total_left+50
WHERE `user_id` = 'S1RTX3';
INSERT INTO `placement_bv_update_history` (`left_carry`, `date`, `from_id`, `user_id`) VALUES ('50', '2024-09-26 10:47:15', 'UR3QY8', 'S1RTX3');
INSERT INTO `matrix_filling` (`placement_id`, `downline_id`, `level`, `matrix`) VALUES ('I8YWQA', 'UR3QY8', 18, 1);
UPDATE `bv_updation` SET left_carry = left_carry+50, total_left = total_left+50
WHERE `user_id` = 'I8YWQA';
INSERT INTO `placement_bv_update_history` (`left_carry`, `date`, `from_id`, `user_id`) VALUES ('50', '2024-09-26 10:47:15', 'UR3QY8', 'I8YWQA');
INSERT INTO `matrix_filling` (`placement_id`, `downline_id`, `level`, `matrix`) VALUES ('I3MZBU', 'UR3QY8', 19, 1);
UPDATE `bv_updation` SET left_carry = left_carry+50, total_left = total_left+50
WHERE `user_id` = 'I3MZBU';
INSERT INTO `placement_bv_update_history` (`left_carry`, `date`, `from_id`, `user_id`) VALUES ('50', '2024-09-26 10:47:15', 'UR3QY8', 'I3MZBU');
INSERT INTO `matrix_filling` (`placement_id`, `downline_id`, `level`, `matrix`) VALUES ('H2I33O', 'UR3QY8', 20, 1);
UPDATE `bv_updation` SET left_carry = left_carry+50, total_left = total_left+50
WHERE `user_id` = 'H2I33O';
INSERT INTO `placement_bv_update_history` (`left_carry`, `date`, `from_id`, `user_id`) VALUES ('50', '2024-09-26 10:47:15', 'UR3QY8', 'H2I33O');
INSERT INTO `matrix_filling` (`placement_id`, `downline_id`, `level`, `matrix`) VALUES ('AL7XWH', 'UR3QY8', 21, 1);
UPDATE `bv_updation` SET left_carry = left_carry+50, total_left = total_left+50
WHERE `user_id` = 'AL7XWH';
INSERT INTO `placement_bv_update_history` (`left_carry`, `date`, `from_id`, `user_id`) VALUES ('50', '2024-09-26 10:47:15', 'UR3QY8', 'AL7XWH');
INSERT INTO `matrix_filling` (`placement_id`, `downline_id`, `level`, `matrix`) VALUES ('HFZ9SA', 'UR3QY8', 22, 1);
UPDATE `bv_updation` SET left_carry = left_carry+50, total_left = total_left+50
WHERE `user_id` = 'HFZ9SA';
INSERT INTO `placement_bv_update_history` (`left_carry`, `date`, `from_id`, `user_id`) VALUES ('50', '2024-09-26 10:47:15', 'UR3QY8', 'HFZ9SA');
INSERT INTO `matrix_filling` (`placement_id`, `downline_id`, `level`, `matrix`) VALUES ('A2MTZ3', 'UR3QY8', 23, 1);
UPDATE `bv_updation` SET left_carry = left_carry+50, total_left = total_left+50
WHERE `user_id` = 'A2MTZ3';
INSERT INTO `placement_bv_update_history` (`left_carry`, `date`, `from_id`, `user_id`) VALUES ('50', '2024-09-26 10:47:15', 'UR3QY8', 'A2MTZ3');
INSERT INTO `matrix_filling` (`placement_id`, `downline_id`, `level`, `matrix`) VALUES ('RUEKCW', 'UR3QY8', 24, 1);
UPDATE `bv_updation` SET left_carry = left_carry+50, total_left = total_left+50
WHERE `user_id` = 'RUEKCW';
INSERT INTO `placement_bv_update_history` (`left_carry`, `date`, `from_id`, `user_id`) VALUES ('50', '2024-09-26 10:47:15', 'UR3QY8', 'RUEKCW');
INSERT INTO `matrix_filling` (`placement_id`, `downline_id`, `level`, `matrix`) VALUES ('K3GTG4', 'UR3QY8', 25, 1);
UPDATE `bv_updation` SET left_carry = left_carry+50, total_left = total_left+50
WHERE `user_id` = 'K3GTG4';
INSERT INTO `placement_bv_update_history` (`left_carry`, `date`, `from_id`, `user_id`) VALUES ('50', '2024-09-26 10:47:15', 'UR3QY8', 'K3GTG4');
INSERT INTO `matrix_filling` (`placement_id`, `downline_id`, `level`, `matrix`) VALUES ('I1TUBN', 'UR3QY8', 26, 1);
UPDATE `bv_updation` SET left_carry = left_carry+50, total_left = total_left+50
WHERE `user_id` = 'I1TUBN';
INSERT INTO `placement_bv_update_history` (`left_carry`, `date`, `from_id`, `user_id`) VALUES ('50', '2024-09-26 10:47:15', 'UR3QY8', 'I1TUBN');
INSERT INTO `matrix_filling` (`placement_id`, `downline_id`, `level`, `matrix`) VALUES ('BAUCCU', 'UR3QY8', 27, 1);
UPDATE `bv_updation` SET left_carry = left_carry+50, total_left = total_left+50
WHERE `user_id` = 'BAUCCU';
INSERT INTO `placement_bv_update_history` (`left_carry`, `date`, `from_id`, `user_id`) VALUES ('50', '2024-09-26 10:47:15', 'UR3QY8', 'BAUCCU');
INSERT INTO `matrix_filling` (`placement_id`, `downline_id`, `level`, `matrix`) VALUES ('62QO97', 'UR3QY8', 28, 1);
UPDATE `bv_updation` SET left_carry = left_carry+50, total_left = total_left+50
WHERE `user_id` = '62QO97';
INSERT INTO `placement_bv_update_history` (`left_carry`, `date`, `from_id`, `user_id`) VALUES ('50', '2024-09-26 10:47:15', 'UR3QY8', '62QO97');
INSERT INTO `matrix_filling` (`placement_id`, `downline_id`, `level`, `matrix`) VALUES ('OHLQEO', 'UR3QY8', 29, 1);
UPDATE `bv_updation` SET left_carry = left_carry+50, total_left = total_left+50
WHERE `user_id` = 'OHLQEO';
INSERT INTO `placement_bv_update_history` (`left_carry`, `date`, `from_id`, `user_id`) VALUES ('50', '2024-09-26 10:47:15', 'UR3QY8', 'OHLQEO');
INSERT INTO `matrix_filling` (`placement_id`, `downline_id`, `level`, `matrix`) VALUES ('7APFKG', 'UR3QY8', 30, 1);
UPDATE `bv_updation` SET left_carry = left_carry+50, total_left = total_left+50
WHERE `user_id` = '7APFKG';
INSERT INTO `placement_bv_update_history` (`left_carry`, `date`, `from_id`, `user_id`) VALUES ('50', '2024-09-26 10:47:15', 'UR3QY8', '7APFKG');
INSERT INTO `matrix_filling` (`placement_id`, `downline_id`, `level`, `matrix`) VALUES ('Q2Q92Y', 'UR3QY8', 31, 1);
UPDATE `bv_updation` SET left_carry = left_carry+50, total_left = total_left+50
WHERE `user_id` = 'Q2Q92Y';
INSERT INTO `placement_bv_update_history` (`left_carry`, `date`, `from_id`, `user_id`) VALUES ('50', '2024-09-26 10:47:15', 'UR3QY8', 'Q2Q92Y');
INSERT INTO `matrix_filling` (`placement_id`, `downline_id`, `level`, `matrix`) VALUES ('E9ITRC', 'UR3QY8', 32, 1);
UPDATE `bv_updation` SET left_carry = left_carry+50, total_left = total_left+50
WHERE `user_id` = 'E9ITRC';
INSERT INTO `placement_bv_update_history` (`left_carry`, `date`, `from_id`, `user_id`) VALUES ('50', '2024-09-26 10:47:15', 'UR3QY8', 'E9ITRC');
INSERT INTO `matrix_filling` (`placement_id`, `downline_id`, `level`, `matrix`) VALUES ('7COKBB', 'UR3QY8', 33, 1);
UPDATE `bv_updation` SET left_carry = left_carry+50, total_left = total_left+50
WHERE `user_id` = '7COKBB';
INSERT INTO `placement_bv_update_history` (`left_carry`, `date`, `from_id`, `user_id`) VALUES ('50', '2024-09-26 10:47:15', 'UR3QY8', '7COKBB');
INSERT INTO `matrix_filling` (`placement_id`, `downline_id`, `level`, `matrix`) VALUES ('BDNS17', 'UR3QY8', 34, 1);
UPDATE `bv_updation` SET left_carry = left_carry+50, total_left = total_left+50
WHERE `user_id` = 'BDNS17';
INSERT INTO `placement_bv_update_history` (`left_carry`, `date`, `from_id`, `user_id`) VALUES ('50', '2024-09-26 10:47:15', 'UR3QY8', 'BDNS17');
INSERT INTO `matrix_filling` (`placement_id`, `downline_id`, `level`, `matrix`) VALUES ('7ZXRRE', 'UR3QY8', 35, 1);
UPDATE `bv_updation` SET left_carry = left_carry+50, total_left = total_left+50
WHERE `user_id` = '7ZXRRE';
INSERT INTO `placement_bv_update_history` (`left_carry`, `date`, `from_id`, `user_id`) VALUES ('50', '2024-09-26 10:47:15', 'UR3QY8', '7ZXRRE');
INSERT INTO `matrix_filling` (`placement_id`, `downline_id`, `level`, `matrix`) VALUES ('KLRAF5', 'UR3QY8', 36, 1);
UPDATE `bv_updation` SET left_carry = left_carry+50, total_left = total_left+50
WHERE `user_id` = 'KLRAF5';
INSERT INTO `placement_bv_update_history` (`left_carry`, `date`, `from_id`, `user_id`) VALUES ('50', '2024-09-26 10:47:15', 'UR3QY8', 'KLRAF5');
INSERT INTO `matrix_filling` (`placement_id`, `downline_id`, `level`, `matrix`) VALUES ('IFJHZG', 'UR3QY8', 37, 1);
UPDATE `bv_updation` SET left_carry = left_carry+50, total_left = total_left+50
WHERE `user_id` = 'IFJHZG';
INSERT INTO `placement_bv_update_history` (`left_carry`, `date`, `from_id`, `user_id`) VALUES ('50', '2024-09-26 10:47:15', 'UR3QY8', 'IFJHZG');
INSERT INTO `matrix_filling` (`placement_id`, `downline_id`, `level`, `matrix`) VALUES ('MXUV8Q', 'UR3QY8', 38, 1);
UPDATE `bv_updation` SET left_carry = left_carry+50, total_left = total_left+50
WHERE `user_id` = 'MXUV8Q';
INSERT INTO `placement_bv_update_history` (`left_carry`, `date`, `from_id`, `user_id`) VALUES ('50', '2024-09-26 10:47:15', 'UR3QY8', 'MXUV8Q');
INSERT INTO `matrix_filling` (`placement_id`, `downline_id`, `level`, `matrix`) VALUES ('GGM164', 'UR3QY8', 39, 1);
UPDATE `bv_updation` SET left_carry = left_carry+50, total_left = total_left+50
WHERE `user_id` = 'GGM164';
INSERT INTO `placement_bv_update_history` (`left_carry`, `date`, `from_id`, `user_id`) VALUES ('50', '2024-09-26 10:47:15', 'UR3QY8', 'GGM164');
INSERT INTO `matrix_filling` (`placement_id`, `downline_id`, `level`, `matrix`) VALUES ('3NKIEX', 'UR3QY8', 40, 1);
UPDATE `bv_updation` SET left_carry = left_carry+50, total_left = total_left+50
WHERE `user_id` = '3NKIEX';
INSERT INTO `placement_bv_update_history` (`left_carry`, `date`, `from_id`, `user_id`) VALUES ('50', '2024-09-26 10:47:15', 'UR3QY8', '3NKIEX');
INSERT INTO `matrix_filling` (`placement_id`, `downline_id`, `level`, `matrix`) VALUES ('S56TH3', 'UR3QY8', 41, 1);
UPDATE `bv_updation` SET left_carry = left_carry+50, total_left = total_left+50
WHERE `user_id` = 'S56TH3';
INSERT INTO `placement_bv_update_history` (`left_carry`, `date`, `from_id`, `user_id`) VALUES ('50', '2024-09-26 10:47:15', 'UR3QY8', 'S56TH3');
INSERT INTO `matrix_filling` (`placement_id`, `downline_id`, `level`, `matrix`) VALUES ('XYG89U', 'UR3QY8', 42, 1);
UPDATE `bv_updation` SET left_carry = left_carry+50, total_left = total_left+50
WHERE `user_id` = 'XYG89U';
INSERT INTO `placement_bv_update_history` (`left_carry`, `date`, `from_id`, `user_id`) VALUES ('50', '2024-09-26 10:47:15', 'UR3QY8', 'XYG89U');
INSERT INTO `matrix_filling` (`placement_id`, `downline_id`, `level`, `matrix`) VALUES ('HTFY93', 'UR3QY8', 43, 1);
UPDATE `bv_updation` SET left_carry = left_carry+50, total_left = total_left+50
WHERE `user_id` = 'HTFY93';
INSERT INTO `placement_bv_update_history` (`left_carry`, `date`, `from_id`, `user_id`) VALUES ('50', '2024-09-26 10:47:15', 'UR3QY8', 'HTFY93');
INSERT INTO `matrix_filling` (`placement_id`, `downline_id`, `level`, `matrix`) VALUES ('3PR393', 'UR3QY8', 44, 1);
UPDATE `bv_updation` SET left_carry = left_carry+50, total_left = total_left+50
WHERE `user_id` = '3PR393';
INSERT INTO `placement_bv_update_history` (`left_carry`, `date`, `from_id`, `user_id`) VALUES ('50', '2024-09-26 10:47:15', 'UR3QY8', '3PR393');
INSERT INTO `matrix_filling` (`placement_id`, `downline_id`, `level`, `matrix`) VALUES ('T3MRY1', 'UR3QY8', 45, 1);
UPDATE `bv_updation` SET left_carry = left_carry+50, total_left = total_left+50
WHERE `user_id` = 'T3MRY1';
INSERT INTO `placement_bv_update_history` (`left_carry`, `date`, `from_id`, `user_id`) VALUES ('50', '2024-09-26 10:47:15', 'UR3QY8', 'T3MRY1');
INSERT INTO `matrix_filling` (`placement_id`, `downline_id`, `level`, `matrix`) VALUES ('GTMCCK', 'UR3QY8', 46, 1);
UPDATE `bv_updation` SET left_carry = left_carry+50, total_left = total_left+50
WHERE `user_id` = 'GTMCCK';
INSERT INTO `placement_bv_update_history` (`left_carry`, `date`, `from_id`, `user_id`) VALUES ('50', '2024-09-26 10:47:15', 'UR3QY8', 'GTMCCK');
INSERT INTO `matrix_filling` (`placement_id`, `downline_id`, `level`, `matrix`) VALUES ('DLYMIF', 'UR3QY8', 47, 1);
UPDATE `bv_updation` SET left_carry = left_carry+50, total_left = total_left+50
WHERE `user_id` = 'DLYMIF';
INSERT INTO `placement_bv_update_history` (`left_carry`, `date`, `from_id`, `user_id`) VALUES ('50', '2024-09-26 10:47:15', 'UR3QY8', 'DLYMIF');
INSERT INTO `matrix_filling` (`placement_id`, `downline_id`, `level`, `matrix`) VALUES ('WGJ5KE', 'UR3QY8', 48, 1);
UPDATE `bv_updation` SET left_carry = left_carry+50, total_left = total_left+50
WHERE `user_id` = 'WGJ5KE';
INSERT INTO `placement_bv_update_history` (`left_carry`, `date`, `from_id`, `user_id`) VALUES ('50', '2024-09-26 10:47:15', 'UR3QY8', 'WGJ5KE');
INSERT INTO `matrix_filling` (`placement_id`, `downline_id`, `level`, `matrix`) VALUES ('ORRJ3M', 'UR3QY8', 49, 1);
UPDATE `bv_updation` SET left_carry = left_carry+50, total_left = total_left+50
WHERE `user_id` = 'ORRJ3M';
INSERT INTO `placement_bv_update_history` (`left_carry`, `date`, `from_id`, `user_id`) VALUES ('50', '2024-09-26 10:47:15', 'UR3QY8', 'ORRJ3M');
INSERT INTO `matrix_filling` (`placement_id`, `downline_id`, `level`, `matrix`) VALUES ('AA8V6V', 'UR3QY8', 50, 1);
UPDATE `bv_updation` SET left_carry = left_carry+50, total_left = total_left+50
WHERE `user_id` = 'AA8V6V';
INSERT INTO `placement_bv_update_history` (`left_carry`, `date`, `from_id`, `user_id`) VALUES ('50', '2024-09-26 10:47:15', 'UR3QY8', 'AA8V6V');
INSERT INTO `matrix_filling` (`placement_id`, `downline_id`, `level`, `matrix`) VALUES ('61ME4O', 'UR3QY8', 51, 1);
UPDATE `bv_updation` SET left_carry = left_carry+50, total_left = total_left+50
WHERE `user_id` = '61ME4O';
INSERT INTO `placement_bv_update_history` (`left_carry`, `date`, `from_id`, `user_id`) VALUES ('50', '2024-09-26 10:47:15', 'UR3QY8', '61ME4O');
INSERT INTO `matrix_filling` (`placement_id`, `downline_id`, `level`, `matrix`) VALUES ('WS1SZZ', 'UR3QY8', 52, 1);
UPDATE `bv_updation` SET left_carry = left_carry+50, total_left = total_left+50
WHERE `user_id` = 'WS1SZZ';
INSERT INTO `placement_bv_update_history` (`left_carry`, `date`, `from_id`, `user_id`) VALUES ('50', '2024-09-26 10:47:15', 'UR3QY8', 'WS1SZZ');
INSERT INTO `matrix_filling` (`placement_id`, `downline_id`, `level`, `matrix`) VALUES ('TBN4MZ', 'UR3QY8', 53, 1);
UPDATE `bv_updation` SET left_carry = left_carry+50, total_left = total_left+50
WHERE `user_id` = 'TBN4MZ';
INSERT INTO `placement_bv_update_history` (`left_carry`, `date`, `from_id`, `user_id`) VALUES ('50', '2024-09-26 10:47:15', 'UR3QY8', 'TBN4MZ');
INSERT INTO `matrix_filling` (`placement_id`, `downline_id`, `level`, `matrix`) VALUES ('OEMJ8R', 'UR3QY8', 54, 1);
UPDATE `bv_updation` SET left_carry = left_carry+50, total_left = total_left+50
WHERE `user_id` = 'OEMJ8R';
INSERT INTO `placement_bv_update_history` (`left_carry`, `date`, `from_id`, `user_id`) VALUES ('50', '2024-09-26 10:47:15', 'UR3QY8', 'OEMJ8R');
INSERT INTO `matrix_filling` (`placement_id`, `downline_id`, `level`, `matrix`) VALUES ('FXAYIE', 'UR3QY8', 55, 1);
UPDATE `bv_updation` SET left_carry = left_carry+50, total_left = total_left+50
WHERE `user_id` = 'FXAYIE';
INSERT INTO `placement_bv_update_history` (`left_carry`, `date`, `from_id`, `user_id`) VALUES ('50', '2024-09-26 10:47:15', 'UR3QY8', 'FXAYIE');
INSERT INTO `matrix_filling` (`placement_id`, `downline_id`, `level`, `matrix`) VALUES ('ELXZWC', 'UR3QY8', 56, 1);
UPDATE `bv_updation` SET left_carry = left_carry+50, total_left = total_left+50
WHERE `user_id` = 'ELXZWC';
INSERT INTO `placement_bv_update_history` (`left_carry`, `date`, `from_id`, `user_id`) VALUES ('50', '2024-09-26 10:47:15', 'UR3QY8', 'ELXZWC');
INSERT INTO `matrix_filling` (`placement_id`, `downline_id`, `level`, `matrix`) VALUES ('C1TQVI', 'UR3QY8', 57, 1);
UPDATE `bv_updation` SET left_carry = left_carry+50, total_left = total_left+50
WHERE `user_id` = 'C1TQVI';
INSERT INTO `placement_bv_update_history` (`left_carry`, `date`, `from_id`, `user_id`) VALUES ('50', '2024-09-26 10:47:15', 'UR3QY8', 'C1TQVI');
INSERT INTO `matrix_filling` (`placement_id`, `downline_id`, `level`, `matrix`) VALUES ('F5GPDF', 'UR3QY8', 58, 1);
UPDATE `bv_updation` SET left_carry = left_carry+50, total_left = total_left+50
WHERE `user_id` = 'F5GPDF';
INSERT INTO `placement_bv_update_history` (`left_carry`, `date`, `from_id`, `user_id`) VALUES ('50', '2024-09-26 10:47:15', 'UR3QY8', 'F5GPDF');
INSERT INTO `matrix_filling` (`placement_id`, `downline_id`, `level`, `matrix`) VALUES ('91PYDK', 'UR3QY8', 59, 1);
UPDATE `bv_updation` SET left_carry = left_carry+50, total_left = total_left+50
WHERE `user_id` = '91PYDK';
INSERT INTO `placement_bv_update_history` (`left_carry`, `date`, `from_id`, `user_id`) VALUES ('50', '2024-09-26 10:47:15', 'UR3QY8', '91PYDK');
INSERT INTO `matrix_filling` (`placement_id`, `downline_id`, `level`, `matrix`) VALUES ('4OT7RX', 'UR3QY8', 60, 1);
UPDATE `bv_updation` SET left_carry = left_carry+50, total_left = total_left+50
WHERE `user_id` = '4OT7RX';
INSERT INTO `placement_bv_update_history` (`left_carry`, `date`, `from_id`, `user_id`) VALUES ('50', '2024-09-26 10:47:15', 'UR3QY8', '4OT7RX');
INSERT INTO `matrix_filling` (`placement_id`, `downline_id`, `level`, `matrix`) VALUES ('ZJZA3M', 'UR3QY8', 61, 1);
UPDATE `bv_updation` SET left_carry = left_carry+50, total_left = total_left+50
WHERE `user_id` = 'ZJZA3M';
INSERT INTO `placement_bv_update_history` (`left_carry`, `date`, `from_id`, `user_id`) VALUES ('50', '2024-09-26 10:47:15', 'UR3QY8', 'ZJZA3M');
INSERT INTO `matrix_filling` (`placement_id`, `downline_id`, `level`, `matrix`) VALUES ('XN6ETC', 'UR3QY8', 62, 1);
UPDATE `bv_updation` SET left_carry = left_carry+50, total_left = total_left+50
WHERE `user_id` = 'XN6ETC';
INSERT INTO `placement_bv_update_history` (`left_carry`, `date`, `from_id`, `user_id`) VALUES ('50', '2024-09-26 10:47:15', 'UR3QY8', 'XN6ETC');
INSERT INTO `matrix_filling` (`placement_id`, `downline_id`, `level`, `matrix`) VALUES ('KVQN1O', 'UR3QY8', 63, 1);
UPDATE `bv_updation` SET left_carry = left_carry+50, total_left = total_left+50
WHERE `user_id` = 'KVQN1O';
INSERT INTO `placement_bv_update_history` (`left_carry`, `date`, `from_id`, `user_id`) VALUES ('50', '2024-09-26 10:47:15', 'UR3QY8', 'KVQN1O');
INSERT INTO `matrix_filling` (`placement_id`, `downline_id`, `level`, `matrix`) VALUES ('X3V7DJ', 'UR3QY8', 64, 1);
UPDATE `bv_updation` SET left_carry = left_carry+50, total_left = total_left+50
WHERE `user_id` = 'X3V7DJ';
INSERT INTO `placement_bv_update_history` (`left_carry`, `date`, `from_id`, `user_id`) VALUES ('50', '2024-09-26 10:47:15', 'UR3QY8', 'X3V7DJ');
INSERT INTO `matrix_filling` (`placement_id`, `downline_id`, `level`, `matrix`) VALUES ('DJ77NH', 'UR3QY8', 65, 1);
UPDATE `bv_updation` SET left_carry = left_carry+50, total_left = total_left+50
WHERE `user_id` = 'DJ77NH';
INSERT INTO `placement_bv_update_history` (`left_carry`, `date`, `from_id`, `user_id`) VALUES ('50', '2024-09-26 10:47:15', 'UR3QY8', 'DJ77NH');
INSERT INTO `matrix_filling` (`placement_id`, `downline_id`, `level`, `matrix`) VALUES ('PX7XCL', 'UR3QY8', 66, 1);
UPDATE `bv_updation` SET left_carry = left_carry+50, total_left = total_left+50
WHERE `user_id` = 'PX7XCL';
INSERT INTO `placement_bv_update_history` (`left_carry`, `date`, `from_id`, `user_id`) VALUES ('50', '2024-09-26 10:47:15', 'UR3QY8', 'PX7XCL');
INSERT INTO `matrix_filling` (`placement_id`, `downline_id`, `level`, `matrix`) VALUES ('L8PM4Z', 'UR3QY8', 67, 1);
UPDATE `bv_updation` SET left_carry = left_carry+50, total_left = total_left+50
WHERE `user_id` = 'L8PM4Z';
INSERT INTO `placement_bv_update_history` (`left_carry`, `date`, `from_id`, `user_id`) VALUES ('50', '2024-09-26 10:47:15', 'UR3QY8', 'L8PM4Z');
INSERT INTO `matrix_filling` (`placement_id`, `downline_id`, `level`, `matrix`) VALUES ('GBSIER', 'UR3QY8', 68, 1);
UPDATE `bv_updation` SET left_carry = left_carry+50, total_left = total_left+50
WHERE `user_id` = 'GBSIER';
INSERT INTO `placement_bv_update_history` (`left_carry`, `date`, `from_id`, `user_id`) VALUES ('50', '2024-09-26 10:47:15', 'UR3QY8', 'GBSIER');
INSERT INTO `matrix_filling` (`placement_id`, `downline_id`, `level`, `matrix`) VALUES ('AV48YQ', 'UR3QY8', 69, 1);
UPDATE `bv_updation` SET left_carry = left_carry+50, total_left = total_left+50
WHERE `user_id` = 'AV48YQ';
INSERT INTO `placement_bv_update_history` (`left_carry`, `date`, `from_id`, `user_id`) VALUES ('50', '2024-09-26 10:47:15', 'UR3QY8', 'AV48YQ');
INSERT INTO `matrix_filling` (`placement_id`, `downline_id`, `level`, `matrix`) VALUES ('admin', 'UR3QY8', 70, 1);
INSERT INTO `package_purchase_history` (`user_id`, `package_id`, `reg_fee`, `package_name`, `monthly_fee`, `type`, `date`, `payment_option`) VALUES ('UR3QY8', '2', '595', 'Traveler Pro', '150', 'sign_up', '2024-09-26 10:47:15', 'free');
UPDATE `user_registration` SET `uid` = '2677', `user_id` = 'O5UVIR', `username` = 'erasmo7', `sponsor_id` = '5K7DS2', `vacant` = 'no', `f_name` = 'Erasmo', `l_name` = 'Lopez', `address` = '6520 Kendale Lakes Dr', `position` = 'right', `email` = 'erasmo7@gmail.com', `password` = 'ded2e80a51407ab3a557715a7f6d992e', `phone` = '3057610606', `country` = 'United States', `state` = 'Florida', `city` = 'Miami', `street` = '6520 Kendale Lakes Dr', `zip_code` = '33183', `reg_ip` = '172.70.55.167', `status` = 1, `package_id` = '2', `rank_id` = 1, `highest_rank` = 1, `created` = '2024-09-26 10:47:40', `subscription_date` = '2024-10-26', `google_secret` = 'TXZIKEAYPGPL5H6Q'
WHERE `uid` = '2677';
INSERT INTO `user_registration` (`uid`, `user_id`, `username`, `sponsor_id`, `placement_id`, `vacant`, `f_name`, `l_name`, `address`, `position`, `email`, `password`, `phone`, `reg_ip`, `status`, `created`) VALUES (NULL, 'XSGRYW', 'BXxQcPpJ', 'O5UVIR', 'O5UVIR', 'yes', '', '', '', 'left', '@mail.com', '', '', '', 0, '2024-09-26 10:47:40');
INSERT INTO `user_registration` (`uid`, `user_id`, `username`, `sponsor_id`, `placement_id`, `vacant`, `f_name`, `l_name`, `address`, `position`, `email`, `password`, `phone`, `reg_ip`, `status`, `created`) VALUES (NULL, 'CHZNBJ', 'eUVbpquR', 'O5UVIR', 'O5UVIR', 'yes', '', '', '', 'right', '@mail.com', '', '', '', 0, '2024-09-26 10:47:40');
INSERT INTO `bv_updation` (`user_id`) VALUES ('O5UVIR');
UPDATE `user_registration` SET total_ref_count = total_ref_count+1
WHERE `user_id` = '5K7DS2';
UPDATE `user_registration` SET total_downlines = total_downlines+1
WHERE `user_id` = 'LZUVNW';
UPDATE `user_registration` SET right_downlines = right_downlines+1
WHERE `user_id` = 'LZUVNW';
UPDATE `user_registration` SET total_downlines = total_downlines+1
WHERE `user_id` = 'YPOM7N';
UPDATE `user_registration` SET right_downlines = right_downlines+1
WHERE `user_id` = 'YPOM7N';
UPDATE `user_registration` SET total_downlines = total_downlines+1
WHERE `user_id` = 'O75P58';
UPDATE `user_registration` SET right_downlines = right_downlines+1
WHERE `user_id` = 'O75P58';
UPDATE `user_registration` SET total_downlines = total_downlines+1
WHERE `user_id` = '33FGGD';
UPDATE `user_registration` SET right_downlines = right_downlines+1
WHERE `user_id` = '33FGGD';
UPDATE `user_registration` SET total_downlines = total_downlines+1
WHERE `user_id` = 'SRF4D8';
UPDATE `user_registration` SET right_downlines = right_downlines+1
WHERE `user_id` = 'SRF4D8';
UPDATE `user_registration` SET total_downlines = total_downlines+1
WHERE `user_id` = '4JAFWS';
UPDATE `user_registration` SET right_downlines = right_downlines+1
WHERE `user_id` = '4JAFWS';
UPDATE `user_registration` SET total_downlines = total_downlines+1
WHERE `user_id` = '4ZFEAJ';
UPDATE `user_registration` SET right_downlines = right_downlines+1
WHERE `user_id` = '4ZFEAJ';
UPDATE `user_registration` SET total_downlines = total_downlines+1
WHERE `user_id` = 'BQJO4S';
UPDATE `user_registration` SET right_downlines = right_downlines+1
WHERE `user_id` = 'BQJO4S';
UPDATE `user_registration` SET total_downlines = total_downlines+1
WHERE `user_id` = 'T7HLTF';
UPDATE `user_registration` SET right_downlines = right_downlines+1
WHERE `user_id` = 'T7HLTF';
UPDATE `user_registration` SET total_downlines = total_downlines+1
WHERE `user_id` = 'R5QKTJ';
UPDATE `user_registration` SET right_downlines = right_downlines+1
WHERE `user_id` = 'R5QKTJ';
UPDATE `user_registration` SET total_downlines = total_downlines+1
WHERE `user_id` = 'MFRGPZ';
UPDATE `user_registration` SET right_downlines = right_downlines+1
WHERE `user_id` = 'MFRGPZ';
UPDATE `user_registration` SET total_downlines = total_downlines+1
WHERE `user_id` = '4OR55J';
UPDATE `user_registration` SET right_downlines = right_downlines+1
WHERE `user_id` = '4OR55J';
UPDATE `user_registration` SET total_downlines = total_downlines+1
WHERE `user_id` = '1H17TW';
UPDATE `user_registration` SET right_downlines = right_downlines+1
WHERE `user_id` = '1H17TW';
UPDATE `user_registration` SET total_downlines = total_downlines+1
WHERE `user_id` = 'QM7JIM';
UPDATE `user_registration` SET right_downlines = right_downlines+1
WHERE `user_id` = 'QM7JIM';
UPDATE `user_registration` SET total_downlines = total_downlines+1
WHERE `user_id` = 'P7L6OE';
UPDATE `user_registration` SET right_downlines = right_downlines+1
WHERE `user_id` = 'P7L6OE';
UPDATE `user_registration` SET total_downlines = total_downlines+1
WHERE `user_id` = 'Z34OQI';
UPDATE `user_registration` SET right_downlines = right_downlines+1
WHERE `user_id` = 'Z34OQI';
UPDATE `user_registration` SET total_downlines = total_downlines+1
WHERE `user_id` = '5K7DS2';
UPDATE `user_registration` SET right_downlines = right_downlines+1
WHERE `user_id` = '5K7DS2';
UPDATE `user_registration` SET right_ref_count = right_ref_count+1
WHERE `user_id` = '5K7DS2';
UPDATE `user_registration` SET active_right = active_right+1
WHERE `user_id` = '5K7DS2';
UPDATE `user_registration` SET total_downlines = total_downlines+1
WHERE `user_id` = 'HI62BI';
UPDATE `user_registration` SET right_downlines = right_downlines+1
WHERE `user_id` = 'HI62BI';
UPDATE `user_registration` SET total_downlines = total_downlines+1
WHERE `user_id` = '1FFFBU';
UPDATE `user_registration` SET right_downlines = right_downlines+1
WHERE `user_id` = '1FFFBU';
UPDATE `user_registration` SET total_downlines = total_downlines+1
WHERE `user_id` = 'J4CGUT';
UPDATE `user_registration` SET left_downlines = left_downlines+1
WHERE `user_id` = 'J4CGUT';
UPDATE `user_registration` SET total_downlines = total_downlines+1
WHERE `user_id` = 'S1RTX3';
UPDATE `user_registration` SET left_downlines = left_downlines+1
WHERE `user_id` = 'S1RTX3';
UPDATE `user_registration` SET total_downlines = total_downlines+1
WHERE `user_id` = 'I8YWQA';
UPDATE `user_registration` SET left_downlines = left_downlines+1
WHERE `user_id` = 'I8YWQA';
UPDATE `user_registration` SET total_downlines = total_downlines+1
WHERE `user_id` = 'I3MZBU';
UPDATE `user_registration` SET left_downlines = left_downlines+1
WHERE `user_id` = 'I3MZBU';
UPDATE `user_registration` SET total_downlines = total_downlines+1
WHERE `user_id` = 'H2I33O';
UPDATE `user_registration` SET left_downlines = left_downlines+1
WHERE `user_id` = 'H2I33O';
UPDATE `user_registration` SET total_downlines = total_downlines+1
WHERE `user_id` = 'AL7XWH';
UPDATE `user_registration` SET left_downlines = left_downlines+1
WHERE `user_id` = 'AL7XWH';
UPDATE `user_registration` SET total_downlines = total_downlines+1
WHERE `user_id` = 'HFZ9SA';
UPDATE `user_registration` SET left_downlines = left_downlines+1
WHERE `user_id` = 'HFZ9SA';
UPDATE `user_registration` SET total_downlines = total_downlines+1
WHERE `user_id` = 'A2MTZ3';
UPDATE `user_registration` SET left_downlines = left_downlines+1
WHERE `user_id` = 'A2MTZ3';
UPDATE `user_registration` SET total_downlines = total_downlines+1
WHERE `user_id` = 'RUEKCW';
UPDATE `user_registration` SET left_downlines = left_downlines+1
WHERE `user_id` = 'RUEKCW';
UPDATE `user_registration` SET total_downlines = total_downlines+1
WHERE `user_id` = 'K3GTG4';
UPDATE `user_registration` SET left_downlines = left_downlines+1
WHERE `user_id` = 'K3GTG4';
UPDATE `user_registration` SET total_downlines = total_downlines+1
WHERE `user_id` = 'I1TUBN';
UPDATE `user_registration` SET left_downlines = left_downlines+1
WHERE `user_id` = 'I1TUBN';
UPDATE `user_registration` SET total_downlines = total_downlines+1
WHERE `user_id` = 'BAUCCU';
UPDATE `user_registration` SET left_downlines = left_downlines+1
WHERE `user_id` = 'BAUCCU';
UPDATE `user_registration` SET total_downlines = total_downlines+1
WHERE `user_id` = '62QO97';
UPDATE `user_registration` SET left_downlines = left_downlines+1
WHERE `user_id` = '62QO97';
UPDATE `user_registration` SET total_downlines = total_downlines+1
WHERE `user_id` = 'OHLQEO';
UPDATE `user_registration` SET left_downlines = left_downlines+1
WHERE `user_id` = 'OHLQEO';
UPDATE `user_registration` SET total_downlines = total_downlines+1
WHERE `user_id` = '7APFKG';
UPDATE `user_registration` SET left_downlines = left_downlines+1
WHERE `user_id` = '7APFKG';
UPDATE `user_registration` SET total_downlines = total_downlines+1
WHERE `user_id` = 'Q2Q92Y';
UPDATE `user_registration` SET left_downlines = left_downlines+1
WHERE `user_id` = 'Q2Q92Y';
UPDATE `user_registration` SET total_downlines = total_downlines+1
WHERE `user_id` = 'E9ITRC';
UPDATE `user_registration` SET left_downlines = left_downlines+1
WHERE `user_id` = 'E9ITRC';
UPDATE `user_registration` SET total_downlines = total_downlines+1
WHERE `user_id` = '7COKBB';
UPDATE `user_registration` SET left_downlines = left_downlines+1
WHERE `user_id` = '7COKBB';
UPDATE `user_registration` SET total_downlines = total_downlines+1
WHERE `user_id` = 'BDNS17';
UPDATE `user_registration` SET left_downlines = left_downlines+1
WHERE `user_id` = 'BDNS17';
UPDATE `user_registration` SET total_downlines = total_downlines+1
WHERE `user_id` = '7ZXRRE';
UPDATE `user_registration` SET left_downlines = left_downlines+1
WHERE `user_id` = '7ZXRRE';
UPDATE `user_registration` SET total_downlines = total_downlines+1
WHERE `user_id` = 'KLRAF5';
UPDATE `user_registration` SET left_downlines = left_downlines+1
WHERE `user_id` = 'KLRAF5';
UPDATE `user_registration` SET total_downlines = total_downlines+1
WHERE `user_id` = 'IFJHZG';
UPDATE `user_registration` SET left_downlines = left_downlines+1
WHERE `user_id` = 'IFJHZG';
UPDATE `user_registration` SET total_downlines = total_downlines+1
WHERE `user_id` = 'MXUV8Q';
UPDATE `user_registration` SET left_downlines = left_downlines+1
WHERE `user_id` = 'MXUV8Q';
UPDATE `user_registration` SET total_downlines = total_downlines+1
WHERE `user_id` = 'GGM164';
UPDATE `user_registration` SET left_downlines = left_downlines+1
WHERE `user_id` = 'GGM164';
UPDATE `user_registration` SET total_downlines = total_downlines+1
WHERE `user_id` = '3NKIEX';
UPDATE `user_registration` SET left_downlines = left_downlines+1
WHERE `user_id` = '3NKIEX';
UPDATE `user_registration` SET total_downlines = total_downlines+1
WHERE `user_id` = 'S56TH3';
UPDATE `user_registration` SET left_downlines = left_downlines+1
WHERE `user_id` = 'S56TH3';
UPDATE `user_registration` SET total_downlines = total_downlines+1
WHERE `user_id` = 'XYG89U';
UPDATE `user_registration` SET left_downlines = left_downlines+1
WHERE `user_id` = 'XYG89U';
UPDATE `user_registration` SET total_downlines = total_downlines+1
WHERE `user_id` = 'HTFY93';
UPDATE `user_registration` SET left_downlines = left_downlines+1
WHERE `user_id` = 'HTFY93';
UPDATE `user_registration` SET total_downlines = total_downlines+1
WHERE `user_id` = '3PR393';
UPDATE `user_registration` SET left_downlines = left_downlines+1
WHERE `user_id` = '3PR393';
UPDATE `user_registration` SET total_downlines = total_downlines+1
WHERE `user_id` = 'T3MRY1';
UPDATE `user_registration` SET left_downlines = left_downlines+1
WHERE `user_id` = 'T3MRY1';
UPDATE `user_registration` SET total_downlines = total_downlines+1
WHERE `user_id` = 'GTMCCK';
UPDATE `user_registration` SET left_downlines = left_downlines+1
WHERE `user_id` = 'GTMCCK';
UPDATE `user_registration` SET total_downlines = total_downlines+1
WHERE `user_id` = 'DLYMIF';
UPDATE `user_registration` SET left_downlines = left_downlines+1
WHERE `user_id` = 'DLYMIF';
UPDATE `user_registration` SET total_downlines = total_downlines+1
WHERE `user_id` = 'WGJ5KE';
UPDATE `user_registration` SET left_downlines = left_downlines+1
WHERE `user_id` = 'WGJ5KE';
UPDATE `user_registration` SET total_downlines = total_downlines+1
WHERE `user_id` = 'ORRJ3M';
UPDATE `user_registration` SET left_downlines = left_downlines+1
WHERE `user_id` = 'ORRJ3M';
UPDATE `user_registration` SET total_downlines = total_downlines+1
WHERE `user_id` = 'AA8V6V';
UPDATE `user_registration` SET left_downlines = left_downlines+1
WHERE `user_id` = 'AA8V6V';
UPDATE `user_registration` SET total_downlines = total_downlines+1
WHERE `user_id` = '61ME4O';
UPDATE `user_registration` SET left_downlines = left_downlines+1
WHERE `user_id` = '61ME4O';
UPDATE `user_registration` SET total_downlines = total_downlines+1
WHERE `user_id` = 'WS1SZZ';
UPDATE `user_registration` SET left_downlines = left_downlines+1
WHERE `user_id` = 'WS1SZZ';
UPDATE `user_registration` SET total_downlines = total_downlines+1
WHERE `user_id` = 'TBN4MZ';
UPDATE `user_registration` SET left_downlines = left_downlines+1
WHERE `user_id` = 'TBN4MZ';
UPDATE `user_registration` SET total_downlines = total_downlines+1
WHERE `user_id` = 'OEMJ8R';
UPDATE `user_registration` SET left_downlines = left_downlines+1
WHERE `user_id` = 'OEMJ8R';
UPDATE `user_registration` SET total_downlines = total_downlines+1
WHERE `user_id` = 'FXAYIE';
UPDATE `user_registration` SET left_downlines = left_downlines+1
WHERE `user_id` = 'FXAYIE';
UPDATE `user_registration` SET total_downlines = total_downlines+1
WHERE `user_id` = 'ELXZWC';
UPDATE `user_registration` SET left_downlines = left_downlines+1
WHERE `user_id` = 'ELXZWC';
UPDATE `user_registration` SET total_downlines = total_downlines+1
WHERE `user_id` = 'C1TQVI';
UPDATE `user_registration` SET left_downlines = left_downlines+1
WHERE `user_id` = 'C1TQVI';
UPDATE `user_registration` SET total_downlines = total_downlines+1
WHERE `user_id` = 'F5GPDF';
UPDATE `user_registration` SET left_downlines = left_downlines+1
WHERE `user_id` = 'F5GPDF';
UPDATE `user_registration` SET total_downlines = total_downlines+1
WHERE `user_id` = '91PYDK';
UPDATE `user_registration` SET left_downlines = left_downlines+1
WHERE `user_id` = '91PYDK';
UPDATE `user_registration` SET total_downlines = total_downlines+1
WHERE `user_id` = '4OT7RX';
UPDATE `user_registration` SET left_downlines = left_downlines+1
WHERE `user_id` = '4OT7RX';
UPDATE `user_registration` SET total_downlines = total_downlines+1
WHERE `user_id` = 'ZJZA3M';
UPDATE `user_registration` SET left_downlines = left_downlines+1
WHERE `user_id` = 'ZJZA3M';
UPDATE `user_registration` SET total_downlines = total_downlines+1
WHERE `user_id` = 'XN6ETC';
UPDATE `user_registration` SET left_downlines = left_downlines+1
WHERE `user_id` = 'XN6ETC';
UPDATE `user_registration` SET total_downlines = total_downlines+1
WHERE `user_id` = 'KVQN1O';
UPDATE `user_registration` SET left_downlines = left_downlines+1
WHERE `user_id` = 'KVQN1O';
UPDATE `user_registration` SET total_downlines = total_downlines+1
WHERE `user_id` = 'X3V7DJ';
UPDATE `user_registration` SET left_downlines = left_downlines+1
WHERE `user_id` = 'X3V7DJ';
UPDATE `user_registration` SET total_downlines = total_downlines+1
WHERE `user_id` = 'DJ77NH';
UPDATE `user_registration` SET left_downlines = left_downlines+1
WHERE `user_id` = 'DJ77NH';
UPDATE `user_registration` SET total_downlines = total_downlines+1
WHERE `user_id` = 'PX7XCL';
UPDATE `user_registration` SET left_downlines = left_downlines+1
WHERE `user_id` = 'PX7XCL';
UPDATE `user_registration` SET total_downlines = total_downlines+1
WHERE `user_id` = 'L8PM4Z';
UPDATE `user_registration` SET left_downlines = left_downlines+1
WHERE `user_id` = 'L8PM4Z';
UPDATE `user_registration` SET total_downlines = total_downlines+1
WHERE `user_id` = 'GBSIER';
UPDATE `user_registration` SET left_downlines = left_downlines+1
WHERE `user_id` = 'GBSIER';
UPDATE `user_registration` SET total_downlines = total_downlines+1
WHERE `user_id` = 'AV48YQ';
UPDATE `user_registration` SET left_downlines = left_downlines+1
WHERE `user_id` = 'AV48YQ';
UPDATE `user_registration` SET total_downlines = total_downlines+1
WHERE `user_id` = 'admin';
UPDATE `user_registration` SET left_downlines = left_downlines+1
WHERE `user_id` = 'admin';
INSERT INTO `investment` (`invest_date`, `user_id`, `type`, `amount`, `package_id`) VALUES ('2024-09-26 10:47:40', 'O5UVIR', 'register', '595', '2');
INSERT INTO `earnings` (`user_id`, `Purchaser_id`, `earning_type`, `package_id`, `amount`, `date`, `comments`, `invest_amount`, `comm_perc`, `level`, `rank_id`, `order_id`) VALUES ('5K7DS2', 'O5UVIR', 'Direct Referral Bonus', '2', '100', '2024-09-26 10:47:40', 'Direct Referral Bonus', 0, 0, 1, '', 185);
UPDATE `user_registration` SET commission_balance = ROUND(commission_balance + 100,2)
WHERE `user_id` = '5K7DS2';
INSERT INTO `earnings` (`user_id`, `Purchaser_id`, `earning_type`, `package_id`, `amount`, `date`, `comments`, `invest_amount`, `comm_perc`, `level`, `rank_id`, `order_id`) VALUES ('1FFFBU', 'O5UVIR', 'Expansion Bonus', '2', 100, '2024-09-26 10:47:40', 'Expansion Bonus', '100', 0, 1, '', 185);
UPDATE `user_registration` SET commission_balance = ROUND(commission_balance + 100,2)
WHERE `user_id` = '1FFFBU';
INSERT INTO `earnings` (`user_id`, `Purchaser_id`, `earning_type`, `package_id`, `amount`, `date`, `comments`, `invest_amount`, `comm_perc`, `level`, `rank_id`, `order_id`) VALUES ('admin', 'O5UVIR', 'Expansion Bonus', '2', 100, '2024-09-26 10:47:40', 'Expansion Bonus', 200, 0, 1, '', 185);
UPDATE `user_registration` SET commission_balance = ROUND(commission_balance + 100,2)
WHERE `user_id` = 'admin';
INSERT INTO `matrix_filling` (`placement_id`, `downline_id`, `level`, `matrix`) VALUES ('LZUVNW', 'O5UVIR', 1, 1);
UPDATE `bv_updation` SET right_carry = right_carry+50, total_right = total_right+50
WHERE `user_id` = 'LZUVNW';
INSERT INTO `placement_bv_update_history` (`right_carry`, `date`, `from_id`, `user_id`) VALUES ('50', '2024-09-26 10:47:40', 'O5UVIR', 'LZUVNW');
INSERT INTO `matrix_filling` (`placement_id`, `downline_id`, `level`, `matrix`) VALUES ('YPOM7N', 'O5UVIR', 2, 1);
UPDATE `bv_updation` SET right_carry = right_carry+50, total_right = total_right+50
WHERE `user_id` = 'YPOM7N';
INSERT INTO `placement_bv_update_history` (`right_carry`, `date`, `from_id`, `user_id`) VALUES ('50', '2024-09-26 10:47:40', 'O5UVIR', 'YPOM7N');
INSERT INTO `matrix_filling` (`placement_id`, `downline_id`, `level`, `matrix`) VALUES ('O75P58', 'O5UVIR', 3, 1);
UPDATE `bv_updation` SET right_carry = right_carry+50, total_right = total_right+50
WHERE `user_id` = 'O75P58';
INSERT INTO `placement_bv_update_history` (`right_carry`, `date`, `from_id`, `user_id`) VALUES ('50', '2024-09-26 10:47:40', 'O5UVIR', 'O75P58');
INSERT INTO `matrix_filling` (`placement_id`, `downline_id`, `level`, `matrix`) VALUES ('33FGGD', 'O5UVIR', 4, 1);
UPDATE `bv_updation` SET right_carry = right_carry+50, total_right = total_right+50
WHERE `user_id` = '33FGGD';
INSERT INTO `placement_bv_update_history` (`right_carry`, `date`, `from_id`, `user_id`) VALUES ('50', '2024-09-26 10:47:40', 'O5UVIR', '33FGGD');
INSERT INTO `matrix_filling` (`placement_id`, `downline_id`, `level`, `matrix`) VALUES ('SRF4D8', 'O5UVIR', 5, 1);
UPDATE `bv_updation` SET right_carry = right_carry+50, total_right = total_right+50
WHERE `user_id` = 'SRF4D8';
INSERT INTO `placement_bv_update_history` (`right_carry`, `date`, `from_id`, `user_id`) VALUES ('50', '2024-09-26 10:47:40', 'O5UVIR', 'SRF4D8');
INSERT INTO `matrix_filling` (`placement_id`, `downline_id`, `level`, `matrix`) VALUES ('4JAFWS', 'O5UVIR', 6, 1);
UPDATE `bv_updation` SET right_carry = right_carry+50, total_right = total_right+50
WHERE `user_id` = '4JAFWS';
INSERT INTO `placement_bv_update_history` (`right_carry`, `date`, `from_id`, `user_id`) VALUES ('50', '2024-09-26 10:47:40', 'O5UVIR', '4JAFWS');
INSERT INTO `matrix_filling` (`placement_id`, `downline_id`, `level`, `matrix`) VALUES ('4ZFEAJ', 'O5UVIR', 7, 1);
UPDATE `bv_updation` SET right_carry = right_carry+50, total_right = total_right+50
WHERE `user_id` = '4ZFEAJ';
INSERT INTO `placement_bv_update_history` (`right_carry`, `date`, `from_id`, `user_id`) VALUES ('50', '2024-09-26 10:47:40', 'O5UVIR', '4ZFEAJ');
INSERT INTO `matrix_filling` (`placement_id`, `downline_id`, `level`, `matrix`) VALUES ('BQJO4S', 'O5UVIR', 8, 1);
UPDATE `bv_updation` SET right_carry = right_carry+50, total_right = total_right+50
WHERE `user_id` = 'BQJO4S';
INSERT INTO `placement_bv_update_history` (`right_carry`, `date`, `from_id`, `user_id`) VALUES ('50', '2024-09-26 10:47:40', 'O5UVIR', 'BQJO4S');
INSERT INTO `matrix_filling` (`placement_id`, `downline_id`, `level`, `matrix`) VALUES ('T7HLTF', 'O5UVIR', 9, 1);
UPDATE `bv_updation` SET right_carry = right_carry+50, total_right = total_right+50
WHERE `user_id` = 'T7HLTF';
INSERT INTO `placement_bv_update_history` (`right_carry`, `date`, `from_id`, `user_id`) VALUES ('50', '2024-09-26 10:47:40', 'O5UVIR', 'T7HLTF');
INSERT INTO `matrix_filling` (`placement_id`, `downline_id`, `level`, `matrix`) VALUES ('R5QKTJ', 'O5UVIR', 10, 1);
UPDATE `bv_updation` SET right_carry = right_carry+50, total_right = total_right+50
WHERE `user_id` = 'R5QKTJ';
INSERT INTO `placement_bv_update_history` (`right_carry`, `date`, `from_id`, `user_id`) VALUES ('50', '2024-09-26 10:47:40', 'O5UVIR', 'R5QKTJ');
INSERT INTO `matrix_filling` (`placement_id`, `downline_id`, `level`, `matrix`) VALUES ('MFRGPZ', 'O5UVIR', 11, 1);
UPDATE `bv_updation` SET right_carry = right_carry+50, total_right = total_right+50
WHERE `user_id` = 'MFRGPZ';
INSERT INTO `placement_bv_update_history` (`right_carry`, `date`, `from_id`, `user_id`) VALUES ('50', '2024-09-26 10:47:40', 'O5UVIR', 'MFRGPZ');
INSERT INTO `matrix_filling` (`placement_id`, `downline_id`, `level`, `matrix`) VALUES ('4OR55J', 'O5UVIR', 12, 1);
UPDATE `bv_updation` SET right_carry = right_carry+50, total_right = total_right+50
WHERE `user_id` = '4OR55J';
INSERT INTO `placement_bv_update_history` (`right_carry`, `date`, `from_id`, `user_id`) VALUES ('50', '2024-09-26 10:47:40', 'O5UVIR', '4OR55J');
INSERT INTO `matrix_filling` (`placement_id`, `downline_id`, `level`, `matrix`) VALUES ('1H17TW', 'O5UVIR', 13, 1);
UPDATE `bv_updation` SET right_carry = right_carry+50, total_right = total_right+50
WHERE `user_id` = '1H17TW';
INSERT INTO `placement_bv_update_history` (`right_carry`, `date`, `from_id`, `user_id`) VALUES ('50', '2024-09-26 10:47:40', 'O5UVIR', '1H17TW');
INSERT INTO `matrix_filling` (`placement_id`, `downline_id`, `level`, `matrix`) VALUES ('QM7JIM', 'O5UVIR', 14, 1);
UPDATE `bv_updation` SET right_carry = right_carry+50, total_right = total_right+50
WHERE `user_id` = 'QM7JIM';
INSERT INTO `placement_bv_update_history` (`right_carry`, `date`, `from_id`, `user_id`) VALUES ('50', '2024-09-26 10:47:40', 'O5UVIR', 'QM7JIM');
INSERT INTO `matrix_filling` (`placement_id`, `downline_id`, `level`, `matrix`) VALUES ('P7L6OE', 'O5UVIR', 15, 1);
UPDATE `bv_updation` SET right_carry = right_carry+50, total_right = total_right+50
WHERE `user_id` = 'P7L6OE';
INSERT INTO `placement_bv_update_history` (`right_carry`, `date`, `from_id`, `user_id`) VALUES ('50', '2024-09-26 10:47:40', 'O5UVIR', 'P7L6OE');
INSERT INTO `matrix_filling` (`placement_id`, `downline_id`, `level`, `matrix`) VALUES ('Z34OQI', 'O5UVIR', 16, 1);
UPDATE `bv_updation` SET right_carry = right_carry+50, total_right = total_right+50
WHERE `user_id` = 'Z34OQI';
INSERT INTO `placement_bv_update_history` (`right_carry`, `date`, `from_id`, `user_id`) VALUES ('50', '2024-09-26 10:47:40', 'O5UVIR', 'Z34OQI');
INSERT INTO `matrix_filling` (`placement_id`, `downline_id`, `level`, `matrix`) VALUES ('5K7DS2', 'O5UVIR', 17, 1);
INSERT INTO `matrix_filling` (`placement_id`, `downline_id`, `level`, `matrix`) VALUES ('HI62BI', 'O5UVIR', 18, 1);
UPDATE `bv_updation` SET right_carry = right_carry+50, total_right = total_right+50
WHERE `user_id` = 'HI62BI';
INSERT INTO `placement_bv_update_history` (`right_carry`, `date`, `from_id`, `user_id`) VALUES ('50', '2024-09-26 10:47:40', 'O5UVIR', 'HI62BI');
INSERT INTO `matrix_filling` (`placement_id`, `downline_id`, `level`, `matrix`) VALUES ('1FFFBU', 'O5UVIR', 19, 1);
UPDATE `bv_updation` SET right_carry = right_carry+50, total_right = total_right+50
WHERE `user_id` = '1FFFBU';
INSERT INTO `placement_bv_update_history` (`right_carry`, `date`, `from_id`, `user_id`) VALUES ('50', '2024-09-26 10:47:40', 'O5UVIR', '1FFFBU');
INSERT INTO `matrix_filling` (`placement_id`, `downline_id`, `level`, `matrix`) VALUES ('J4CGUT', 'O5UVIR', 20, 1);
UPDATE `bv_updation` SET left_carry = left_carry+50, total_left = total_left+50
WHERE `user_id` = 'J4CGUT';
INSERT INTO `placement_bv_update_history` (`left_carry`, `date`, `from_id`, `user_id`) VALUES ('50', '2024-09-26 10:47:40', 'O5UVIR', 'J4CGUT');
INSERT INTO `matrix_filling` (`placement_id`, `downline_id`, `level`, `matrix`) VALUES ('S1RTX3', 'O5UVIR', 21, 1);
UPDATE `bv_updation` SET left_carry = left_carry+50, total_left = total_left+50
WHERE `user_id` = 'S1RTX3';
INSERT INTO `placement_bv_update_history` (`left_carry`, `date`, `from_id`, `user_id`) VALUES ('50', '2024-09-26 10:47:40', 'O5UVIR', 'S1RTX3');
INSERT INTO `matrix_filling` (`placement_id`, `downline_id`, `level`, `matrix`) VALUES ('I8YWQA', 'O5UVIR', 22, 1);
UPDATE `bv_updation` SET left_carry = left_carry+50, total_left = total_left+50
WHERE `user_id` = 'I8YWQA';
INSERT INTO `placement_bv_update_history` (`left_carry`, `date`, `from_id`, `user_id`) VALUES ('50', '2024-09-26 10:47:40', 'O5UVIR', 'I8YWQA');
INSERT INTO `matrix_filling` (`placement_id`, `downline_id`, `level`, `matrix`) VALUES ('I3MZBU', 'O5UVIR', 23, 1);
UPDATE `bv_updation` SET left_carry = left_carry+50, total_left = total_left+50
WHERE `user_id` = 'I3MZBU';
INSERT INTO `placement_bv_update_history` (`left_carry`, `date`, `from_id`, `user_id`) VALUES ('50', '2024-09-26 10:47:40', 'O5UVIR', 'I3MZBU');
INSERT INTO `matrix_filling` (`placement_id`, `downline_id`, `level`, `matrix`) VALUES ('H2I33O', 'O5UVIR', 24, 1);
UPDATE `bv_updation` SET left_carry = left_carry+50, total_left = total_left+50
WHERE `user_id` = 'H2I33O';
INSERT INTO `placement_bv_update_history` (`left_carry`, `date`, `from_id`, `user_id`) VALUES ('50', '2024-09-26 10:47:40', 'O5UVIR', 'H2I33O');
INSERT INTO `matrix_filling` (`placement_id`, `downline_id`, `level`, `matrix`) VALUES ('AL7XWH', 'O5UVIR', 25, 1);
UPDATE `bv_updation` SET left_carry = left_carry+50, total_left = total_left+50
WHERE `user_id` = 'AL7XWH';
INSERT INTO `placement_bv_update_history` (`left_carry`, `date`, `from_id`, `user_id`) VALUES ('50', '2024-09-26 10:47:40', 'O5UVIR', 'AL7XWH');
INSERT INTO `matrix_filling` (`placement_id`, `downline_id`, `level`, `matrix`) VALUES ('HFZ9SA', 'O5UVIR', 26, 1);
UPDATE `bv_updation` SET left_carry = left_carry+50, total_left = total_left+50
WHERE `user_id` = 'HFZ9SA';
INSERT INTO `placement_bv_update_history` (`left_carry`, `date`, `from_id`, `user_id`) VALUES ('50', '2024-09-26 10:47:40', 'O5UVIR', 'HFZ9SA');
INSERT INTO `matrix_filling` (`placement_id`, `downline_id`, `level`, `matrix`) VALUES ('A2MTZ3', 'O5UVIR', 27, 1);
UPDATE `bv_updation` SET left_carry = left_carry+50, total_left = total_left+50
WHERE `user_id` = 'A2MTZ3';
INSERT INTO `placement_bv_update_history` (`left_carry`, `date`, `from_id`, `user_id`) VALUES ('50', '2024-09-26 10:47:40', 'O5UVIR', 'A2MTZ3');
INSERT INTO `matrix_filling` (`placement_id`, `downline_id`, `level`, `matrix`) VALUES ('RUEKCW', 'O5UVIR', 28, 1);
UPDATE `bv_updation` SET left_carry = left_carry+50, total_left = total_left+50
WHERE `user_id` = 'RUEKCW';
INSERT INTO `placement_bv_update_history` (`left_carry`, `date`, `from_id`, `user_id`) VALUES ('50', '2024-09-26 10:47:40', 'O5UVIR', 'RUEKCW');
INSERT INTO `matrix_filling` (`placement_id`, `downline_id`, `level`, `matrix`) VALUES ('K3GTG4', 'O5UVIR', 29, 1);
UPDATE `bv_updation` SET left_carry = left_carry+50, total_left = total_left+50
WHERE `user_id` = 'K3GTG4';
INSERT INTO `placement_bv_update_history` (`left_carry`, `date`, `from_id`, `user_id`) VALUES ('50', '2024-09-26 10:47:40', 'O5UVIR', 'K3GTG4');
INSERT INTO `matrix_filling` (`placement_id`, `downline_id`, `level`, `matrix`) VALUES ('I1TUBN', 'O5UVIR', 30, 1);
UPDATE `bv_updation` SET left_carry = left_carry+50, total_left = total_left+50
WHERE `user_id` = 'I1TUBN';
INSERT INTO `placement_bv_update_history` (`left_carry`, `date`, `from_id`, `user_id`) VALUES ('50', '2024-09-26 10:47:40', 'O5UVIR', 'I1TUBN');
INSERT INTO `matrix_filling` (`placement_id`, `downline_id`, `level`, `matrix`) VALUES ('BAUCCU', 'O5UVIR', 31, 1);
UPDATE `bv_updation` SET left_carry = left_carry+50, total_left = total_left+50
WHERE `user_id` = 'BAUCCU';
INSERT INTO `placement_bv_update_history` (`left_carry`, `date`, `from_id`, `user_id`) VALUES ('50', '2024-09-26 10:47:40', 'O5UVIR', 'BAUCCU');
INSERT INTO `matrix_filling` (`placement_id`, `downline_id`, `level`, `matrix`) VALUES ('62QO97', 'O5UVIR', 32, 1);
UPDATE `bv_updation` SET left_carry = left_carry+50, total_left = total_left+50
WHERE `user_id` = '62QO97';
INSERT INTO `placement_bv_update_history` (`left_carry`, `date`, `from_id`, `user_id`) VALUES ('50', '2024-09-26 10:47:40', 'O5UVIR', '62QO97');
INSERT INTO `matrix_filling` (`placement_id`, `downline_id`, `level`, `matrix`) VALUES ('OHLQEO', 'O5UVIR', 33, 1);
UPDATE `bv_updation` SET left_carry = left_carry+50, total_left = total_left+50
WHERE `user_id` = 'OHLQEO';
INSERT INTO `placement_bv_update_history` (`left_carry`, `date`, `from_id`, `user_id`) VALUES ('50', '2024-09-26 10:47:40', 'O5UVIR', 'OHLQEO');
INSERT INTO `matrix_filling` (`placement_id`, `downline_id`, `level`, `matrix`) VALUES ('7APFKG', 'O5UVIR', 34, 1);
UPDATE `bv_updation` SET left_carry = left_carry+50, total_left = total_left+50
WHERE `user_id` = '7APFKG';
INSERT INTO `placement_bv_update_history` (`left_carry`, `date`, `from_id`, `user_id`) VALUES ('50', '2024-09-26 10:47:40', 'O5UVIR', '7APFKG');
INSERT INTO `matrix_filling` (`placement_id`, `downline_id`, `level`, `matrix`) VALUES ('Q2Q92Y', 'O5UVIR', 35, 1);
UPDATE `bv_updation` SET left_carry = left_carry+50, total_left = total_left+50
WHERE `user_id` = 'Q2Q92Y';
INSERT INTO `placement_bv_update_history` (`left_carry`, `date`, `from_id`, `user_id`) VALUES ('50', '2024-09-26 10:47:40', 'O5UVIR', 'Q2Q92Y');
INSERT INTO `matrix_filling` (`placement_id`, `downline_id`, `level`, `matrix`) VALUES ('E9ITRC', 'O5UVIR', 36, 1);
UPDATE `bv_updation` SET left_carry = left_carry+50, total_left = total_left+50
WHERE `user_id` = 'E9ITRC';
INSERT INTO `placement_bv_update_history` (`left_carry`, `date`, `from_id`, `user_id`) VALUES ('50', '2024-09-26 10:47:40', 'O5UVIR', 'E9ITRC');
INSERT INTO `matrix_filling` (`placement_id`, `downline_id`, `level`, `matrix`) VALUES ('7COKBB', 'O5UVIR', 37, 1);
UPDATE `bv_updation` SET left_carry = left_carry+50, total_left = total_left+50
WHERE `user_id` = '7COKBB';
INSERT INTO `placement_bv_update_history` (`left_carry`, `date`, `from_id`, `user_id`) VALUES ('50', '2024-09-26 10:47:40', 'O5UVIR', '7COKBB');
INSERT INTO `matrix_filling` (`placement_id`, `downline_id`, `level`, `matrix`) VALUES ('BDNS17', 'O5UVIR', 38, 1);
UPDATE `bv_updation` SET left_carry = left_carry+50, total_left = total_left+50
WHERE `user_id` = 'BDNS17';
INSERT INTO `placement_bv_update_history` (`left_carry`, `date`, `from_id`, `user_id`) VALUES ('50', '2024-09-26 10:47:40', 'O5UVIR', 'BDNS17');
INSERT INTO `matrix_filling` (`placement_id`, `downline_id`, `level`, `matrix`) VALUES ('7ZXRRE', 'O5UVIR', 39, 1);
UPDATE `bv_updation` SET left_carry = left_carry+50, total_left = total_left+50
WHERE `user_id` = '7ZXRRE';
INSERT INTO `placement_bv_update_history` (`left_carry`, `date`, `from_id`, `user_id`) VALUES ('50', '2024-09-26 10:47:40', 'O5UVIR', '7ZXRRE');
INSERT INTO `matrix_filling` (`placement_id`, `downline_id`, `level`, `matrix`) VALUES ('KLRAF5', 'O5UVIR', 40, 1);
UPDATE `bv_updation` SET left_carry = left_carry+50, total_left = total_left+50
WHERE `user_id` = 'KLRAF5';
INSERT INTO `placement_bv_update_history` (`left_carry`, `date`, `from_id`, `user_id`) VALUES ('50', '2024-09-26 10:47:40', 'O5UVIR', 'KLRAF5');
INSERT INTO `matrix_filling` (`placement_id`, `downline_id`, `level`, `matrix`) VALUES ('IFJHZG', 'O5UVIR', 41, 1);
UPDATE `bv_updation` SET left_carry = left_carry+50, total_left = total_left+50
WHERE `user_id` = 'IFJHZG';
INSERT INTO `placement_bv_update_history` (`left_carry`, `date`, `from_id`, `user_id`) VALUES ('50', '2024-09-26 10:47:40', 'O5UVIR', 'IFJHZG');
INSERT INTO `matrix_filling` (`placement_id`, `downline_id`, `level`, `matrix`) VALUES ('MXUV8Q', 'O5UVIR', 42, 1);
UPDATE `bv_updation` SET left_carry = left_carry+50, total_left = total_left+50
WHERE `user_id` = 'MXUV8Q';
INSERT INTO `placement_bv_update_history` (`left_carry`, `date`, `from_id`, `user_id`) VALUES ('50', '2024-09-26 10:47:40', 'O5UVIR', 'MXUV8Q');
INSERT INTO `matrix_filling` (`placement_id`, `downline_id`, `level`, `matrix`) VALUES ('GGM164', 'O5UVIR', 43, 1);
UPDATE `bv_updation` SET left_carry = left_carry+50, total_left = total_left+50
WHERE `user_id` = 'GGM164';
INSERT INTO `placement_bv_update_history` (`left_carry`, `date`, `from_id`, `user_id`) VALUES ('50', '2024-09-26 10:47:40', 'O5UVIR', 'GGM164');
INSERT INTO `matrix_filling` (`placement_id`, `downline_id`, `level`, `matrix`) VALUES ('3NKIEX', 'O5UVIR', 44, 1);
UPDATE `bv_updation` SET left_carry = left_carry+50, total_left = total_left+50
WHERE `user_id` = '3NKIEX';
INSERT INTO `placement_bv_update_history` (`left_carry`, `date`, `from_id`, `user_id`) VALUES ('50', '2024-09-26 10:47:40', 'O5UVIR', '3NKIEX');
INSERT INTO `matrix_filling` (`placement_id`, `downline_id`, `level`, `matrix`) VALUES ('S56TH3', 'O5UVIR', 45, 1);
UPDATE `bv_updation` SET left_carry = left_carry+50, total_left = total_left+50
WHERE `user_id` = 'S56TH3';
INSERT INTO `placement_bv_update_history` (`left_carry`, `date`, `from_id`, `user_id`) VALUES ('50', '2024-09-26 10:47:40', 'O5UVIR', 'S56TH3');
INSERT INTO `matrix_filling` (`placement_id`, `downline_id`, `level`, `matrix`) VALUES ('XYG89U', 'O5UVIR', 46, 1);
UPDATE `bv_updation` SET left_carry = left_carry+50, total_left = total_left+50
WHERE `user_id` = 'XYG89U';
INSERT INTO `placement_bv_update_history` (`left_carry`, `date`, `from_id`, `user_id`) VALUES ('50', '2024-09-26 10:47:40', 'O5UVIR', 'XYG89U');
INSERT INTO `matrix_filling` (`placement_id`, `downline_id`, `level`, `matrix`) VALUES ('HTFY93', 'O5UVIR', 47, 1);
UPDATE `bv_updation` SET left_carry = left_carry+50, total_left = total_left+50
WHERE `user_id` = 'HTFY93';
INSERT INTO `placement_bv_update_history` (`left_carry`, `date`, `from_id`, `user_id`) VALUES ('50', '2024-09-26 10:47:40', 'O5UVIR', 'HTFY93');
INSERT INTO `matrix_filling` (`placement_id`, `downline_id`, `level`, `matrix`) VALUES ('3PR393', 'O5UVIR', 48, 1);
UPDATE `bv_updation` SET left_carry = left_carry+50, total_left = total_left+50
WHERE `user_id` = '3PR393';
INSERT INTO `placement_bv_update_history` (`left_carry`, `date`, `from_id`, `user_id`) VALUES ('50', '2024-09-26 10:47:40', 'O5UVIR', '3PR393');
INSERT INTO `matrix_filling` (`placement_id`, `downline_id`, `level`, `matrix`) VALUES ('T3MRY1', 'O5UVIR', 49, 1);
UPDATE `bv_updation` SET left_carry = left_carry+50, total_left = total_left+50
WHERE `user_id` = 'T3MRY1';
INSERT INTO `placement_bv_update_history` (`left_carry`, `date`, `from_id`, `user_id`) VALUES ('50', '2024-09-26 10:47:40', 'O5UVIR', 'T3MRY1');
INSERT INTO `matrix_filling` (`placement_id`, `downline_id`, `level`, `matrix`) VALUES ('GTMCCK', 'O5UVIR', 50, 1);
UPDATE `bv_updation` SET left_carry = left_carry+50, total_left = total_left+50
WHERE `user_id` = 'GTMCCK';
INSERT INTO `placement_bv_update_history` (`left_carry`, `date`, `from_id`, `user_id`) VALUES ('50', '2024-09-26 10:47:40', 'O5UVIR', 'GTMCCK');
INSERT INTO `matrix_filling` (`placement_id`, `downline_id`, `level`, `matrix`) VALUES ('DLYMIF', 'O5UVIR', 51, 1);
UPDATE `bv_updation` SET left_carry = left_carry+50, total_left = total_left+50
WHERE `user_id` = 'DLYMIF';
INSERT INTO `placement_bv_update_history` (`left_carry`, `date`, `from_id`, `user_id`) VALUES ('50', '2024-09-26 10:47:40', 'O5UVIR', 'DLYMIF');
INSERT INTO `matrix_filling` (`placement_id`, `downline_id`, `level`, `matrix`) VALUES ('WGJ5KE', 'O5UVIR', 52, 1);
UPDATE `bv_updation` SET left_carry = left_carry+50, total_left = total_left+50
WHERE `user_id` = 'WGJ5KE';
INSERT INTO `placement_bv_update_history` (`left_carry`, `date`, `from_id`, `user_id`) VALUES ('50', '2024-09-26 10:47:40', 'O5UVIR', 'WGJ5KE');
INSERT INTO `matrix_filling` (`placement_id`, `downline_id`, `level`, `matrix`) VALUES ('ORRJ3M', 'O5UVIR', 53, 1);
UPDATE `bv_updation` SET left_carry = left_carry+50, total_left = total_left+50
WHERE `user_id` = 'ORRJ3M';
INSERT INTO `placement_bv_update_history` (`left_carry`, `date`, `from_id`, `user_id`) VALUES ('50', '2024-09-26 10:47:40', 'O5UVIR', 'ORRJ3M');
INSERT INTO `matrix_filling` (`placement_id`, `downline_id`, `level`, `matrix`) VALUES ('AA8V6V', 'O5UVIR', 54, 1);
UPDATE `bv_updation` SET left_carry = left_carry+50, total_left = total_left+50
WHERE `user_id` = 'AA8V6V';
INSERT INTO `placement_bv_update_history` (`left_carry`, `date`, `from_id`, `user_id`) VALUES ('50', '2024-09-26 10:47:40', 'O5UVIR', 'AA8V6V');
INSERT INTO `matrix_filling` (`placement_id`, `downline_id`, `level`, `matrix`) VALUES ('61ME4O', 'O5UVIR', 55, 1);
UPDATE `bv_updation` SET left_carry = left_carry+50, total_left = total_left+50
WHERE `user_id` = '61ME4O';
INSERT INTO `placement_bv_update_history` (`left_carry`, `date`, `from_id`, `user_id`) VALUES ('50', '2024-09-26 10:47:40', 'O5UVIR', '61ME4O');
INSERT INTO `matrix_filling` (`placement_id`, `downline_id`, `level`, `matrix`) VALUES ('WS1SZZ', 'O5UVIR', 56, 1);
UPDATE `bv_updation` SET left_carry = left_carry+50, total_left = total_left+50
WHERE `user_id` = 'WS1SZZ';
INSERT INTO `placement_bv_update_history` (`left_carry`, `date`, `from_id`, `user_id`) VALUES ('50', '2024-09-26 10:47:40', 'O5UVIR', 'WS1SZZ');
INSERT INTO `matrix_filling` (`placement_id`, `downline_id`, `level`, `matrix`) VALUES ('TBN4MZ', 'O5UVIR', 57, 1);
UPDATE `bv_updation` SET left_carry = left_carry+50, total_left = total_left+50
WHERE `user_id` = 'TBN4MZ';
INSERT INTO `placement_bv_update_history` (`left_carry`, `date`, `from_id`, `user_id`) VALUES ('50', '2024-09-26 10:47:40', 'O5UVIR', 'TBN4MZ');
INSERT INTO `matrix_filling` (`placement_id`, `downline_id`, `level`, `matrix`) VALUES ('OEMJ8R', 'O5UVIR', 58, 1);
UPDATE `bv_updation` SET left_carry = left_carry+50, total_left = total_left+50
WHERE `user_id` = 'OEMJ8R';
INSERT INTO `placement_bv_update_history` (`left_carry`, `date`, `from_id`, `user_id`) VALUES ('50', '2024-09-26 10:47:40', 'O5UVIR', 'OEMJ8R');
INSERT INTO `matrix_filling` (`placement_id`, `downline_id`, `level`, `matrix`) VALUES ('FXAYIE', 'O5UVIR', 59, 1);
UPDATE `bv_updation` SET left_carry = left_carry+50, total_left = total_left+50
WHERE `user_id` = 'FXAYIE';
INSERT INTO `placement_bv_update_history` (`left_carry`, `date`, `from_id`, `user_id`) VALUES ('50', '2024-09-26 10:47:40', 'O5UVIR', 'FXAYIE');
INSERT INTO `matrix_filling` (`placement_id`, `downline_id`, `level`, `matrix`) VALUES ('ELXZWC', 'O5UVIR', 60, 1);
UPDATE `bv_updation` SET left_carry = left_carry+50, total_left = total_left+50
WHERE `user_id` = 'ELXZWC';
INSERT INTO `placement_bv_update_history` (`left_carry`, `date`, `from_id`, `user_id`) VALUES ('50', '2024-09-26 10:47:40', 'O5UVIR', 'ELXZWC');
INSERT INTO `matrix_filling` (`placement_id`, `downline_id`, `level`, `matrix`) VALUES ('C1TQVI', 'O5UVIR', 61, 1);
UPDATE `bv_updation` SET left_carry = left_carry+50, total_left = total_left+50
WHERE `user_id` = 'C1TQVI';
INSERT INTO `placement_bv_update_history` (`left_carry`, `date`, `from_id`, `user_id`) VALUES ('50', '2024-09-26 10:47:40', 'O5UVIR', 'C1TQVI');
INSERT INTO `matrix_filling` (`placement_id`, `downline_id`, `level`, `matrix`) VALUES ('F5GPDF', 'O5UVIR', 62, 1);
UPDATE `bv_updation` SET left_carry = left_carry+50, total_left = total_left+50
WHERE `user_id` = 'F5GPDF';
INSERT INTO `placement_bv_update_history` (`left_carry`, `date`, `from_id`, `user_id`) VALUES ('50', '2024-09-26 10:47:40', 'O5UVIR', 'F5GPDF');
INSERT INTO `matrix_filling` (`placement_id`, `downline_id`, `level`, `matrix`) VALUES ('91PYDK', 'O5UVIR', 63, 1);
UPDATE `bv_updation` SET left_carry = left_carry+50, total_left = total_left+50
WHERE `user_id` = '91PYDK';
INSERT INTO `placement_bv_update_history` (`left_carry`, `date`, `from_id`, `user_id`) VALUES ('50', '2024-09-26 10:47:40', 'O5UVIR', '91PYDK');
INSERT INTO `matrix_filling` (`placement_id`, `downline_id`, `level`, `matrix`) VALUES ('4OT7RX', 'O5UVIR', 64, 1);
UPDATE `bv_updation` SET left_carry = left_carry+50, total_left = total_left+50
WHERE `user_id` = '4OT7RX';
INSERT INTO `placement_bv_update_history` (`left_carry`, `date`, `from_id`, `user_id`) VALUES ('50', '2024-09-26 10:47:40', 'O5UVIR', '4OT7RX');
INSERT INTO `matrix_filling` (`placement_id`, `downline_id`, `level`, `matrix`) VALUES ('ZJZA3M', 'O5UVIR', 65, 1);
UPDATE `bv_updation` SET left_carry = left_carry+50, total_left = total_left+50
WHERE `user_id` = 'ZJZA3M';
INSERT INTO `placement_bv_update_history` (`left_carry`, `date`, `from_id`, `user_id`) VALUES ('50', '2024-09-26 10:47:40', 'O5UVIR', 'ZJZA3M');
INSERT INTO `matrix_filling` (`placement_id`, `downline_id`, `level`, `matrix`) VALUES ('XN6ETC', 'O5UVIR', 66, 1);
UPDATE `bv_updation` SET left_carry = left_carry+50, total_left = total_left+50
WHERE `user_id` = 'XN6ETC';
INSERT INTO `placement_bv_update_history` (`left_carry`, `date`, `from_id`, `user_id`) VALUES ('50', '2024-09-26 10:47:40', 'O5UVIR', 'XN6ETC');
INSERT INTO `matrix_filling` (`placement_id`, `downline_id`, `level`, `matrix`) VALUES ('KVQN1O', 'O5UVIR', 67, 1);
UPDATE `bv_updation` SET left_carry = left_carry+50, total_left = total_left+50
WHERE `user_id` = 'KVQN1O';
INSERT INTO `placement_bv_update_history` (`left_carry`, `date`, `from_id`, `user_id`) VALUES ('50', '2024-09-26 10:47:40', 'O5UVIR', 'KVQN1O');
INSERT INTO `matrix_filling` (`placement_id`, `downline_id`, `level`, `matrix`) VALUES ('X3V7DJ', 'O5UVIR', 68, 1);
UPDATE `bv_updation` SET left_carry = left_carry+50, total_left = total_left+50
WHERE `user_id` = 'X3V7DJ';
INSERT INTO `placement_bv_update_history` (`left_carry`, `date`, `from_id`, `user_id`) VALUES ('50', '2024-09-26 10:47:40', 'O5UVIR', 'X3V7DJ');
INSERT INTO `matrix_filling` (`placement_id`, `downline_id`, `level`, `matrix`) VALUES ('DJ77NH', 'O5UVIR', 69, 1);
UPDATE `bv_updation` SET left_carry = left_carry+50, total_left = total_left+50
WHERE `user_id` = 'DJ77NH';
INSERT INTO `placement_bv_update_history` (`left_carry`, `date`, `from_id`, `user_id`) VALUES ('50', '2024-09-26 10:47:40', 'O5UVIR', 'DJ77NH');
INSERT INTO `matrix_filling` (`placement_id`, `downline_id`, `level`, `matrix`) VALUES ('PX7XCL', 'O5UVIR', 70, 1);
UPDATE `bv_updation` SET left_carry = left_carry+50, total_left = total_left+50
WHERE `user_id` = 'PX7XCL';
INSERT INTO `placement_bv_update_history` (`left_carry`, `date`, `from_id`, `user_id`) VALUES ('50', '2024-09-26 10:47:40', 'O5UVIR', 'PX7XCL');
INSERT INTO `matrix_filling` (`placement_id`, `downline_id`, `level`, `matrix`) VALUES ('L8PM4Z', 'O5UVIR', 71, 1);
UPDATE `bv_updation` SET left_carry = left_carry+50, total_left = total_left+50
WHERE `user_id` = 'L8PM4Z';
INSERT INTO `placement_bv_update_history` (`left_carry`, `date`, `from_id`, `user_id`) VALUES ('50', '2024-09-26 10:47:40', 'O5UVIR', 'L8PM4Z');
INSERT INTO `matrix_filling` (`placement_id`, `downline_id`, `level`, `matrix`) VALUES ('GBSIER', 'O5UVIR', 72, 1);
UPDATE `bv_updation` SET left_carry = left_carry+50, total_left = total_left+50
WHERE `user_id` = 'GBSIER';
INSERT INTO `placement_bv_update_history` (`left_carry`, `date`, `from_id`, `user_id`) VALUES ('50', '2024-09-26 10:47:40', 'O5UVIR', 'GBSIER');
INSERT INTO `matrix_filling` (`placement_id`, `downline_id`, `level`, `matrix`) VALUES ('AV48YQ', 'O5UVIR', 73, 1);
UPDATE `bv_updation` SET left_carry = left_carry+50, total_left = total_left+50
WHERE `user_id` = 'AV48YQ';
INSERT INTO `placement_bv_update_history` (`left_carry`, `date`, `from_id`, `user_id`) VALUES ('50', '2024-09-26 10:47:40', 'O5UVIR', 'AV48YQ');
INSERT INTO `matrix_filling` (`placement_id`, `downline_id`, `level`, `matrix`) VALUES ('admin', 'O5UVIR', 74, 1);
INSERT INTO `package_purchase_history` (`user_id`, `package_id`, `reg_fee`, `package_name`, `monthly_fee`, `type`, `date`, `payment_option`) VALUES ('O5UVIR', '2', '595', 'Traveler Pro', '150', 'sign_up', '2024-09-26 10:47:40', 'free');
UPDATE `user_registration` SET `uid` = '2681', `user_id` = 'F21O15', `username` = 'gareth7', `sponsor_id` = 'NUPA4K', `vacant` = 'no', `f_name` = 'Gareth', `l_name` = 'Bale', `address` = '8100 SW 14 Terr', `position` = 'right', `email` = 'gareth7@gmail.com', `password` = '2523c41a9fdab03f8edb820d39b366e3', `phone` = '7862876762', `country` = 'United States', `state` = 'Florida', `city` = 'Miami', `street` = '8100 SW 14 Terr', `zip_code` = '33144', `reg_ip` = '172.70.55.61', `status` = 1, `package_id` = '2', `rank_id` = 1, `highest_rank` = 1, `created` = '2024-09-26 10:48:17', `subscription_date` = '2024-10-26', `google_secret` = 'MKMLWHOFOHA74AHU'
WHERE `uid` = '2681';
INSERT INTO `user_registration` (`uid`, `user_id`, `username`, `sponsor_id`, `placement_id`, `vacant`, `f_name`, `l_name`, `address`, `position`, `email`, `password`, `phone`, `reg_ip`, `status`, `created`) VALUES (NULL, 'PAKAQJ', 'HqACBBbM', 'F21O15', 'F21O15', 'yes', '', '', '', 'left', '@mail.com', '', '', '', 0, '2024-09-26 10:48:17');
INSERT INTO `user_registration` (`uid`, `user_id`, `username`, `sponsor_id`, `placement_id`, `vacant`, `f_name`, `l_name`, `address`, `position`, `email`, `password`, `phone`, `reg_ip`, `status`, `created`) VALUES (NULL, 'LWIXBX', 'mGRFcjrT', 'F21O15', 'F21O15', 'yes', '', '', '', 'right', '@mail.com', '', '', '', 0, '2024-09-26 10:48:17');
INSERT INTO `bv_updation` (`user_id`) VALUES ('F21O15');
UPDATE `user_registration` SET total_ref_count = total_ref_count+1
WHERE `user_id` = 'NUPA4K';
UPDATE `user_registration` SET total_downlines = total_downlines+1
WHERE `user_id` = 'UR3QY8';
UPDATE `user_registration` SET right_downlines = right_downlines+1
WHERE `user_id` = 'UR3QY8';
UPDATE `user_registration` SET total_downlines = total_downlines+1
WHERE `user_id` = '7DZUTJ';
UPDATE `user_registration` SET right_downlines = right_downlines+1
WHERE `user_id` = '7DZUTJ';
UPDATE `user_registration` SET total_downlines = total_downlines+1
WHERE `user_id` = '1BM251';
UPDATE `user_registration` SET right_downlines = right_downlines+1
WHERE `user_id` = '1BM251';
UPDATE `user_registration` SET total_downlines = total_downlines+1
WHERE `user_id` = 'VRG6MB';
UPDATE `user_registration` SET right_downlines = right_downlines+1
WHERE `user_id` = 'VRG6MB';
UPDATE `user_registration` SET total_downlines = total_downlines+1
WHERE `user_id` = 'IF93OZ';
UPDATE `user_registration` SET right_downlines = right_downlines+1
WHERE `user_id` = 'IF93OZ';
UPDATE `user_registration` SET total_downlines = total_downlines+1
WHERE `user_id` = '6O8Z46';
UPDATE `user_registration` SET right_downlines = right_downlines+1
WHERE `user_id` = '6O8Z46';
UPDATE `user_registration` SET total_downlines = total_downlines+1
WHERE `user_id` = '8IO4AU';
UPDATE `user_registration` SET right_downlines = right_downlines+1
WHERE `user_id` = '8IO4AU';
UPDATE `user_registration` SET total_downlines = total_downlines+1
WHERE `user_id` = 'IAXL4Y';
UPDATE `user_registration` SET right_downlines = right_downlines+1
WHERE `user_id` = 'IAXL4Y';
UPDATE `user_registration` SET total_downlines = total_downlines+1
WHERE `user_id` = 'KJQTCB';
UPDATE `user_registration` SET right_downlines = right_downlines+1
WHERE `user_id` = 'KJQTCB';
UPDATE `user_registration` SET total_downlines = total_downlines+1
WHERE `user_id` = 'CGSZCC';
UPDATE `user_registration` SET right_downlines = right_downlines+1
WHERE `user_id` = 'CGSZCC';
UPDATE `user_registration` SET total_downlines = total_downlines+1
WHERE `user_id` = 'MSD4O2';
UPDATE `user_registration` SET right_downlines = right_downlines+1
WHERE `user_id` = 'MSD4O2';
UPDATE `user_registration` SET total_downlines = total_downlines+1
WHERE `user_id` = 'RUEPZ3';
UPDATE `user_registration` SET right_downlines = right_downlines+1
WHERE `user_id` = 'RUEPZ3';
UPDATE `user_registration` SET total_downlines = total_downlines+1
WHERE `user_id` = '5CXKTT';
UPDATE `user_registration` SET right_downlines = right_downlines+1
WHERE `user_id` = '5CXKTT';
UPDATE `user_registration` SET total_downlines = total_downlines+1
WHERE `user_id` = 'S75FP2';
UPDATE `user_registration` SET right_downlines = right_downlines+1
WHERE `user_id` = 'S75FP2';
UPDATE `user_registration` SET total_downlines = total_downlines+1
WHERE `user_id` = 'NUPA4K';
UPDATE `user_registration` SET right_downlines = right_downlines+1
WHERE `user_id` = 'NUPA4K';
UPDATE `user_registration` SET right_ref_count = right_ref_count+1
WHERE `user_id` = 'NUPA4K';
UPDATE `user_registration` SET active_right = active_right+1
WHERE `user_id` = 'NUPA4K';
UPDATE `user_registration` SET total_downlines = total_downlines+1
WHERE `user_id` = '1FFFBU';
UPDATE `user_registration` SET left_downlines = left_downlines+1
WHERE `user_id` = '1FFFBU';
UPDATE `user_registration` SET total_downlines = total_downlines+1
WHERE `user_id` = 'J4CGUT';
UPDATE `user_registration` SET left_downlines = left_downlines+1
WHERE `user_id` = 'J4CGUT';
UPDATE `user_registration` SET total_downlines = total_downlines+1
WHERE `user_id` = 'S1RTX3';
UPDATE `user_registration` SET left_downlines = left_downlines+1
WHERE `user_id` = 'S1RTX3';
UPDATE `user_registration` SET total_downlines = total_downlines+1
WHERE `user_id` = 'I8YWQA';
UPDATE `user_registration` SET left_downlines = left_downlines+1
WHERE `user_id` = 'I8YWQA';
UPDATE `user_registration` SET total_downlines = total_downlines+1
WHERE `user_id` = 'I3MZBU';
UPDATE `user_registration` SET left_downlines = left_downlines+1
WHERE `user_id` = 'I3MZBU';
UPDATE `user_registration` SET total_downlines = total_downlines+1
WHERE `user_id` = 'H2I33O';
UPDATE `user_registration` SET left_downlines = left_downlines+1
WHERE `user_id` = 'H2I33O';
UPDATE `user_registration` SET total_downlines = total_downlines+1
WHERE `user_id` = 'AL7XWH';
UPDATE `user_registration` SET left_downlines = left_downlines+1
WHERE `user_id` = 'AL7XWH';
UPDATE `user_registration` SET total_downlines = total_downlines+1
WHERE `user_id` = 'HFZ9SA';
UPDATE `user_registration` SET left_downlines = left_downlines+1
WHERE `user_id` = 'HFZ9SA';
UPDATE `user_registration` SET total_downlines = total_downlines+1
WHERE `user_id` = 'A2MTZ3';
UPDATE `user_registration` SET left_downlines = left_downlines+1
WHERE `user_id` = 'A2MTZ3';
UPDATE `user_registration` SET total_downlines = total_downlines+1
WHERE `user_id` = 'RUEKCW';
UPDATE `user_registration` SET left_downlines = left_downlines+1
WHERE `user_id` = 'RUEKCW';
UPDATE `user_registration` SET total_downlines = total_downlines+1
WHERE `user_id` = 'K3GTG4';
UPDATE `user_registration` SET left_downlines = left_downlines+1
WHERE `user_id` = 'K3GTG4';
UPDATE `user_registration` SET total_downlines = total_downlines+1
WHERE `user_id` = 'I1TUBN';
UPDATE `user_registration` SET left_downlines = left_downlines+1
WHERE `user_id` = 'I1TUBN';
UPDATE `user_registration` SET total_downlines = total_downlines+1
WHERE `user_id` = 'BAUCCU';
UPDATE `user_registration` SET left_downlines = left_downlines+1
WHERE `user_id` = 'BAUCCU';
UPDATE `user_registration` SET total_downlines = total_downlines+1
WHERE `user_id` = '62QO97';
UPDATE `user_registration` SET left_downlines = left_downlines+1
WHERE `user_id` = '62QO97';
UPDATE `user_registration` SET total_downlines = total_downlines+1
WHERE `user_id` = 'OHLQEO';
UPDATE `user_registration` SET left_downlines = left_downlines+1
WHERE `user_id` = 'OHLQEO';
UPDATE `user_registration` SET total_downlines = total_downlines+1
WHERE `user_id` = '7APFKG';
UPDATE `user_registration` SET left_downlines = left_downlines+1
WHERE `user_id` = '7APFKG';
UPDATE `user_registration` SET total_downlines = total_downlines+1
WHERE `user_id` = 'Q2Q92Y';
UPDATE `user_registration` SET left_downlines = left_downlines+1
WHERE `user_id` = 'Q2Q92Y';
UPDATE `user_registration` SET total_downlines = total_downlines+1
WHERE `user_id` = 'E9ITRC';
UPDATE `user_registration` SET left_downlines = left_downlines+1
WHERE `user_id` = 'E9ITRC';
UPDATE `user_registration` SET total_downlines = total_downlines+1
WHERE `user_id` = '7COKBB';
UPDATE `user_registration` SET left_downlines = left_downlines+1
WHERE `user_id` = '7COKBB';
UPDATE `user_registration` SET total_downlines = total_downlines+1
WHERE `user_id` = 'BDNS17';
UPDATE `user_registration` SET left_downlines = left_downlines+1
WHERE `user_id` = 'BDNS17';
UPDATE `user_registration` SET total_downlines = total_downlines+1
WHERE `user_id` = '7ZXRRE';
UPDATE `user_registration` SET left_downlines = left_downlines+1
WHERE `user_id` = '7ZXRRE';
UPDATE `user_registration` SET total_downlines = total_downlines+1
WHERE `user_id` = 'KLRAF5';
UPDATE `user_registration` SET left_downlines = left_downlines+1
WHERE `user_id` = 'KLRAF5';
UPDATE `user_registration` SET total_downlines = total_downlines+1
WHERE `user_id` = 'IFJHZG';
UPDATE `user_registration` SET left_downlines = left_downlines+1
WHERE `user_id` = 'IFJHZG';
UPDATE `user_registration` SET total_downlines = total_downlines+1
WHERE `user_id` = 'MXUV8Q';
UPDATE `user_registration` SET left_downlines = left_downlines+1
WHERE `user_id` = 'MXUV8Q';
UPDATE `user_registration` SET total_downlines = total_downlines+1
WHERE `user_id` = 'GGM164';
UPDATE `user_registration` SET left_downlines = left_downlines+1
WHERE `user_id` = 'GGM164';
UPDATE `user_registration` SET total_downlines = total_downlines+1
WHERE `user_id` = '3NKIEX';
UPDATE `user_registration` SET left_downlines = left_downlines+1
WHERE `user_id` = '3NKIEX';
UPDATE `user_registration` SET total_downlines = total_downlines+1
WHERE `user_id` = 'S56TH3';
UPDATE `user_registration` SET left_downlines = left_downlines+1
WHERE `user_id` = 'S56TH3';
UPDATE `user_registration` SET total_downlines = total_downlines+1
WHERE `user_id` = 'XYG89U';
UPDATE `user_registration` SET left_downlines = left_downlines+1
WHERE `user_id` = 'XYG89U';
UPDATE `user_registration` SET total_downlines = total_downlines+1
WHERE `user_id` = 'HTFY93';
UPDATE `user_registration` SET left_downlines = left_downlines+1
WHERE `user_id` = 'HTFY93';
UPDATE `user_registration` SET total_downlines = total_downlines+1
WHERE `user_id` = '3PR393';
UPDATE `user_registration` SET left_downlines = left_downlines+1
WHERE `user_id` = '3PR393';
UPDATE `user_registration` SET total_downlines = total_downlines+1
WHERE `user_id` = 'T3MRY1';
UPDATE `user_registration` SET left_downlines = left_downlines+1
WHERE `user_id` = 'T3MRY1';
UPDATE `user_registration` SET total_downlines = total_downlines+1
WHERE `user_id` = 'GTMCCK';
UPDATE `user_registration` SET left_downlines = left_downlines+1
WHERE `user_id` = 'GTMCCK';
UPDATE `user_registration` SET total_downlines = total_downlines+1
WHERE `user_id` = 'DLYMIF';
UPDATE `user_registration` SET left_downlines = left_downlines+1
WHERE `user_id` = 'DLYMIF';
UPDATE `user_registration` SET total_downlines = total_downlines+1
WHERE `user_id` = 'WGJ5KE';
UPDATE `user_registration` SET left_downlines = left_downlines+1
WHERE `user_id` = 'WGJ5KE';
UPDATE `user_registration` SET total_downlines = total_downlines+1
WHERE `user_id` = 'ORRJ3M';
UPDATE `user_registration` SET left_downlines = left_downlines+1
WHERE `user_id` = 'ORRJ3M';
UPDATE `user_registration` SET total_downlines = total_downlines+1
WHERE `user_id` = 'AA8V6V';
UPDATE `user_registration` SET left_downlines = left_downlines+1
WHERE `user_id` = 'AA8V6V';
UPDATE `user_registration` SET total_downlines = total_downlines+1
WHERE `user_id` = '61ME4O';
UPDATE `user_registration` SET left_downlines = left_downlines+1
WHERE `user_id` = '61ME4O';
UPDATE `user_registration` SET total_downlines = total_downlines+1
WHERE `user_id` = 'WS1SZZ';
UPDATE `user_registration` SET left_downlines = left_downlines+1
WHERE `user_id` = 'WS1SZZ';
UPDATE `user_registration` SET total_downlines = total_downlines+1
WHERE `user_id` = 'TBN4MZ';
UPDATE `user_registration` SET left_downlines = left_downlines+1
WHERE `user_id` = 'TBN4MZ';
UPDATE `user_registration` SET total_downlines = total_downlines+1
WHERE `user_id` = 'OEMJ8R';
UPDATE `user_registration` SET left_downlines = left_downlines+1
WHERE `user_id` = 'OEMJ8R';
UPDATE `user_registration` SET total_downlines = total_downlines+1
WHERE `user_id` = 'FXAYIE';
UPDATE `user_registration` SET left_downlines = left_downlines+1
WHERE `user_id` = 'FXAYIE';
UPDATE `user_registration` SET total_downlines = total_downlines+1
WHERE `user_id` = 'ELXZWC';
UPDATE `user_registration` SET left_downlines = left_downlines+1
WHERE `user_id` = 'ELXZWC';
UPDATE `user_registration` SET total_downlines = total_downlines+1
WHERE `user_id` = 'C1TQVI';
UPDATE `user_registration` SET left_downlines = left_downlines+1
WHERE `user_id` = 'C1TQVI';
UPDATE `user_registration` SET total_downlines = total_downlines+1
WHERE `user_id` = 'F5GPDF';
UPDATE `user_registration` SET left_downlines = left_downlines+1
WHERE `user_id` = 'F5GPDF';
UPDATE `user_registration` SET total_downlines = total_downlines+1
WHERE `user_id` = '91PYDK';
UPDATE `user_registration` SET left_downlines = left_downlines+1
WHERE `user_id` = '91PYDK';
UPDATE `user_registration` SET total_downlines = total_downlines+1
WHERE `user_id` = '4OT7RX';
UPDATE `user_registration` SET left_downlines = left_downlines+1
WHERE `user_id` = '4OT7RX';
UPDATE `user_registration` SET total_downlines = total_downlines+1
WHERE `user_id` = 'ZJZA3M';
UPDATE `user_registration` SET left_downlines = left_downlines+1
WHERE `user_id` = 'ZJZA3M';
UPDATE `user_registration` SET total_downlines = total_downlines+1
WHERE `user_id` = 'XN6ETC';
UPDATE `user_registration` SET left_downlines = left_downlines+1
WHERE `user_id` = 'XN6ETC';
UPDATE `user_registration` SET total_downlines = total_downlines+1
WHERE `user_id` = 'KVQN1O';
UPDATE `user_registration` SET left_downlines = left_downlines+1
WHERE `user_id` = 'KVQN1O';
UPDATE `user_registration` SET total_downlines = total_downlines+1
WHERE `user_id` = 'X3V7DJ';
UPDATE `user_registration` SET left_downlines = left_downlines+1
WHERE `user_id` = 'X3V7DJ';
UPDATE `user_registration` SET total_downlines = total_downlines+1
WHERE `user_id` = 'DJ77NH';
UPDATE `user_registration` SET left_downlines = left_downlines+1
WHERE `user_id` = 'DJ77NH';
UPDATE `user_registration` SET total_downlines = total_downlines+1
WHERE `user_id` = 'PX7XCL';
UPDATE `user_registration` SET left_downlines = left_downlines+1
WHERE `user_id` = 'PX7XCL';
UPDATE `user_registration` SET total_downlines = total_downlines+1
WHERE `user_id` = 'L8PM4Z';
UPDATE `user_registration` SET left_downlines = left_downlines+1
WHERE `user_id` = 'L8PM4Z';
UPDATE `user_registration` SET total_downlines = total_downlines+1
WHERE `user_id` = 'GBSIER';
UPDATE `user_registration` SET left_downlines = left_downlines+1
WHERE `user_id` = 'GBSIER';
UPDATE `user_registration` SET total_downlines = total_downlines+1
WHERE `user_id` = 'AV48YQ';
UPDATE `user_registration` SET left_downlines = left_downlines+1
WHERE `user_id` = 'AV48YQ';
UPDATE `user_registration` SET total_downlines = total_downlines+1
WHERE `user_id` = 'admin';
UPDATE `user_registration` SET left_downlines = left_downlines+1
WHERE `user_id` = 'admin';
INSERT INTO `investment` (`invest_date`, `user_id`, `type`, `amount`, `package_id`) VALUES ('2024-09-26 10:48:17', 'F21O15', 'register', '595', '2');
INSERT INTO `earnings` (`user_id`, `Purchaser_id`, `earning_type`, `package_id`, `amount`, `date`, `comments`, `invest_amount`, `comm_perc`, `level`, `rank_id`, `order_id`) VALUES ('NUPA4K', 'F21O15', 'Direct Referral Bonus', '2', '100', '2024-09-26 10:48:17', 'Direct Referral Bonus', 0, 0, 1, '', 186);
UPDATE `user_registration` SET commission_balance = ROUND(commission_balance + 100,2)
WHERE `user_id` = 'NUPA4K';
INSERT INTO `earnings` (`user_id`, `Purchaser_id`, `earning_type`, `package_id`, `amount`, `date`, `comments`, `invest_amount`, `comm_perc`, `level`, `rank_id`, `order_id`) VALUES ('1FFFBU', 'F21O15', 'Expansion Bonus', '2', 100, '2024-09-26 10:48:17', 'Expansion Bonus', '100', 0, 1, '', 186);
UPDATE `user_registration` SET commission_balance = ROUND(commission_balance + 100,2)
WHERE `user_id` = '1FFFBU';
INSERT INTO `earnings` (`user_id`, `Purchaser_id`, `earning_type`, `package_id`, `amount`, `date`, `comments`, `invest_amount`, `comm_perc`, `level`, `rank_id`, `order_id`) VALUES ('admin', 'F21O15', 'Expansion Bonus', '2', 100, '2024-09-26 10:48:17', 'Expansion Bonus', 200, 0, 1, '', 186);
UPDATE `user_registration` SET commission_balance = ROUND(commission_balance + 100,2)
WHERE `user_id` = 'admin';
INSERT INTO `matrix_filling` (`placement_id`, `downline_id`, `level`, `matrix`) VALUES ('UR3QY8', 'F21O15', 1, 1);
UPDATE `bv_updation` SET right_carry = right_carry+50, total_right = total_right+50
WHERE `user_id` = 'UR3QY8';
INSERT INTO `placement_bv_update_history` (`right_carry`, `date`, `from_id`, `user_id`) VALUES ('50', '2024-09-26 10:48:17', 'F21O15', 'UR3QY8');
INSERT INTO `matrix_filling` (`placement_id`, `downline_id`, `level`, `matrix`) VALUES ('7DZUTJ', 'F21O15', 2, 1);
UPDATE `bv_updation` SET right_carry = right_carry+50, total_right = total_right+50
WHERE `user_id` = '7DZUTJ';
INSERT INTO `placement_bv_update_history` (`right_carry`, `date`, `from_id`, `user_id`) VALUES ('50', '2024-09-26 10:48:17', 'F21O15', '7DZUTJ');
INSERT INTO `matrix_filling` (`placement_id`, `downline_id`, `level`, `matrix`) VALUES ('1BM251', 'F21O15', 3, 1);
UPDATE `bv_updation` SET right_carry = right_carry+50, total_right = total_right+50
WHERE `user_id` = '1BM251';
INSERT INTO `placement_bv_update_history` (`right_carry`, `date`, `from_id`, `user_id`) VALUES ('50', '2024-09-26 10:48:17', 'F21O15', '1BM251');
INSERT INTO `matrix_filling` (`placement_id`, `downline_id`, `level`, `matrix`) VALUES ('VRG6MB', 'F21O15', 4, 1);
UPDATE `bv_updation` SET right_carry = right_carry+50, total_right = total_right+50
WHERE `user_id` = 'VRG6MB';
INSERT INTO `placement_bv_update_history` (`right_carry`, `date`, `from_id`, `user_id`) VALUES ('50', '2024-09-26 10:48:17', 'F21O15', 'VRG6MB');
INSERT INTO `matrix_filling` (`placement_id`, `downline_id`, `level`, `matrix`) VALUES ('IF93OZ', 'F21O15', 5, 1);
UPDATE `bv_updation` SET right_carry = right_carry+50, total_right = total_right+50
WHERE `user_id` = 'IF93OZ';
INSERT INTO `placement_bv_update_history` (`right_carry`, `date`, `from_id`, `user_id`) VALUES ('50', '2024-09-26 10:48:17', 'F21O15', 'IF93OZ');
INSERT INTO `matrix_filling` (`placement_id`, `downline_id`, `level`, `matrix`) VALUES ('6O8Z46', 'F21O15', 6, 1);
UPDATE `bv_updation` SET right_carry = right_carry+50, total_right = total_right+50
WHERE `user_id` = '6O8Z46';
INSERT INTO `placement_bv_update_history` (`right_carry`, `date`, `from_id`, `user_id`) VALUES ('50', '2024-09-26 10:48:17', 'F21O15', '6O8Z46');
INSERT INTO `matrix_filling` (`placement_id`, `downline_id`, `level`, `matrix`) VALUES ('8IO4AU', 'F21O15', 7, 1);
UPDATE `bv_updation` SET right_carry = right_carry+50, total_right = total_right+50
WHERE `user_id` = '8IO4AU';
INSERT INTO `placement_bv_update_history` (`right_carry`, `date`, `from_id`, `user_id`) VALUES ('50', '2024-09-26 10:48:17', 'F21O15', '8IO4AU');
INSERT INTO `matrix_filling` (`placement_id`, `downline_id`, `level`, `matrix`) VALUES ('IAXL4Y', 'F21O15', 8, 1);
UPDATE `bv_updation` SET right_carry = right_carry+50, total_right = total_right+50
WHERE `user_id` = 'IAXL4Y';
INSERT INTO `placement_bv_update_history` (`right_carry`, `date`, `from_id`, `user_id`) VALUES ('50', '2024-09-26 10:48:17', 'F21O15', 'IAXL4Y');
INSERT INTO `matrix_filling` (`placement_id`, `downline_id`, `level`, `matrix`) VALUES ('KJQTCB', 'F21O15', 9, 1);
UPDATE `bv_updation` SET right_carry = right_carry+50, total_right = total_right+50
WHERE `user_id` = 'KJQTCB';
INSERT INTO `placement_bv_update_history` (`right_carry`, `date`, `from_id`, `user_id`) VALUES ('50', '2024-09-26 10:48:17', 'F21O15', 'KJQTCB');
INSERT INTO `matrix_filling` (`placement_id`, `downline_id`, `level`, `matrix`) VALUES ('CGSZCC', 'F21O15', 10, 1);
UPDATE `bv_updation` SET right_carry = right_carry+50, total_right = total_right+50
WHERE `user_id` = 'CGSZCC';
INSERT INTO `placement_bv_update_history` (`right_carry`, `date`, `from_id`, `user_id`) VALUES ('50', '2024-09-26 10:48:17', 'F21O15', 'CGSZCC');
INSERT INTO `matrix_filling` (`placement_id`, `downline_id`, `level`, `matrix`) VALUES ('MSD4O2', 'F21O15', 11, 1);
UPDATE `bv_updation` SET right_carry = right_carry+50, total_right = total_right+50
WHERE `user_id` = 'MSD4O2';
INSERT INTO `placement_bv_update_history` (`right_carry`, `date`, `from_id`, `user_id`) VALUES ('50', '2024-09-26 10:48:17', 'F21O15', 'MSD4O2');
INSERT INTO `matrix_filling` (`placement_id`, `downline_id`, `level`, `matrix`) VALUES ('RUEPZ3', 'F21O15', 12, 1);
UPDATE `bv_updation` SET right_carry = right_carry+50, total_right = total_right+50
WHERE `user_id` = 'RUEPZ3';
INSERT INTO `placement_bv_update_history` (`right_carry`, `date`, `from_id`, `user_id`) VALUES ('50', '2024-09-26 10:48:17', 'F21O15', 'RUEPZ3');
INSERT INTO `matrix_filling` (`placement_id`, `downline_id`, `level`, `matrix`) VALUES ('5CXKTT', 'F21O15', 13, 1);
UPDATE `bv_updation` SET right_carry = right_carry+50, total_right = total_right+50
WHERE `user_id` = '5CXKTT';
INSERT INTO `placement_bv_update_history` (`right_carry`, `date`, `from_id`, `user_id`) VALUES ('50', '2024-09-26 10:48:17', 'F21O15', '5CXKTT');
INSERT INTO `matrix_filling` (`placement_id`, `downline_id`, `level`, `matrix`) VALUES ('S75FP2', 'F21O15', 14, 1);
UPDATE `bv_updation` SET right_carry = right_carry+50, total_right = total_right+50
WHERE `user_id` = 'S75FP2';
INSERT INTO `placement_bv_update_history` (`right_carry`, `date`, `from_id`, `user_id`) VALUES ('50', '2024-09-26 10:48:17', 'F21O15', 'S75FP2');
INSERT INTO `matrix_filling` (`placement_id`, `downline_id`, `level`, `matrix`) VALUES ('NUPA4K', 'F21O15', 15, 1);
UPDATE `bv_updation` SET right_carry = right_carry+50, total_right = total_right+50
WHERE `user_id` = 'NUPA4K';
INSERT INTO `placement_bv_update_history` (`right_carry`, `date`, `from_id`, `user_id`) VALUES ('50', '2024-09-26 10:48:17', 'F21O15', 'NUPA4K');
UPDATE `bv_updation` SET sponsor_right_carry = sponsor_right_carry+50, sponsor_total_right = sponsor_total_right+50
WHERE `user_id` = 'NUPA4K';
INSERT INTO `sponsor_bv_update_history` (`right_carry`, `date`, `user_id`) VALUES ('50', '2024-09-26 10:48:17', 'NUPA4K');
INSERT INTO `matrix_filling` (`placement_id`, `downline_id`, `level`, `matrix`) VALUES ('1FFFBU', 'F21O15', 16, 1);
UPDATE `bv_updation` SET left_carry = left_carry+50, total_left = total_left+50
WHERE `user_id` = '1FFFBU';
INSERT INTO `placement_bv_update_history` (`left_carry`, `date`, `from_id`, `user_id`) VALUES ('50', '2024-09-26 10:48:17', 'F21O15', '1FFFBU');
INSERT INTO `matrix_filling` (`placement_id`, `downline_id`, `level`, `matrix`) VALUES ('J4CGUT', 'F21O15', 17, 1);
UPDATE `bv_updation` SET left_carry = left_carry+50, total_left = total_left+50
WHERE `user_id` = 'J4CGUT';
INSERT INTO `placement_bv_update_history` (`left_carry`, `date`, `from_id`, `user_id`) VALUES ('50', '2024-09-26 10:48:17', 'F21O15', 'J4CGUT');
INSERT INTO `matrix_filling` (`placement_id`, `downline_id`, `level`, `matrix`) VALUES ('S1RTX3', 'F21O15', 18, 1);
UPDATE `bv_updation` SET left_carry = left_carry+50, total_left = total_left+50
WHERE `user_id` = 'S1RTX3';
INSERT INTO `placement_bv_update_history` (`left_carry`, `date`, `from_id`, `user_id`) VALUES ('50', '2024-09-26 10:48:17', 'F21O15', 'S1RTX3');
INSERT INTO `matrix_filling` (`placement_id`, `downline_id`, `level`, `matrix`) VALUES ('I8YWQA', 'F21O15', 19, 1);
UPDATE `bv_updation` SET left_carry = left_carry+50, total_left = total_left+50
WHERE `user_id` = 'I8YWQA';
INSERT INTO `placement_bv_update_history` (`left_carry`, `date`, `from_id`, `user_id`) VALUES ('50', '2024-09-26 10:48:17', 'F21O15', 'I8YWQA');
INSERT INTO `matrix_filling` (`placement_id`, `downline_id`, `level`, `matrix`) VALUES ('I3MZBU', 'F21O15', 20, 1);
UPDATE `bv_updation` SET left_carry = left_carry+50, total_left = total_left+50
WHERE `user_id` = 'I3MZBU';
INSERT INTO `placement_bv_update_history` (`left_carry`, `date`, `from_id`, `user_id`) VALUES ('50', '2024-09-26 10:48:17', 'F21O15', 'I3MZBU');
INSERT INTO `matrix_filling` (`placement_id`, `downline_id`, `level`, `matrix`) VALUES ('H2I33O', 'F21O15', 21, 1);
UPDATE `bv_updation` SET left_carry = left_carry+50, total_left = total_left+50
WHERE `user_id` = 'H2I33O';
INSERT INTO `placement_bv_update_history` (`left_carry`, `date`, `from_id`, `user_id`) VALUES ('50', '2024-09-26 10:48:17', 'F21O15', 'H2I33O');
INSERT INTO `matrix_filling` (`placement_id`, `downline_id`, `level`, `matrix`) VALUES ('AL7XWH', 'F21O15', 22, 1);
UPDATE `bv_updation` SET left_carry = left_carry+50, total_left = total_left+50
WHERE `user_id` = 'AL7XWH';
INSERT INTO `placement_bv_update_history` (`left_carry`, `date`, `from_id`, `user_id`) VALUES ('50', '2024-09-26 10:48:17', 'F21O15', 'AL7XWH');
INSERT INTO `matrix_filling` (`placement_id`, `downline_id`, `level`, `matrix`) VALUES ('HFZ9SA', 'F21O15', 23, 1);
UPDATE `bv_updation` SET left_carry = left_carry+50, total_left = total_left+50
WHERE `user_id` = 'HFZ9SA';
INSERT INTO `placement_bv_update_history` (`left_carry`, `date`, `from_id`, `user_id`) VALUES ('50', '2024-09-26 10:48:17', 'F21O15', 'HFZ9SA');
INSERT INTO `matrix_filling` (`placement_id`, `downline_id`, `level`, `matrix`) VALUES ('A2MTZ3', 'F21O15', 24, 1);
UPDATE `bv_updation` SET left_carry = left_carry+50, total_left = total_left+50
WHERE `user_id` = 'A2MTZ3';
INSERT INTO `placement_bv_update_history` (`left_carry`, `date`, `from_id`, `user_id`) VALUES ('50', '2024-09-26 10:48:17', 'F21O15', 'A2MTZ3');
INSERT INTO `matrix_filling` (`placement_id`, `downline_id`, `level`, `matrix`) VALUES ('RUEKCW', 'F21O15', 25, 1);
UPDATE `bv_updation` SET left_carry = left_carry+50, total_left = total_left+50
WHERE `user_id` = 'RUEKCW';
INSERT INTO `placement_bv_update_history` (`left_carry`, `date`, `from_id`, `user_id`) VALUES ('50', '2024-09-26 10:48:17', 'F21O15', 'RUEKCW');
INSERT INTO `matrix_filling` (`placement_id`, `downline_id`, `level`, `matrix`) VALUES ('K3GTG4', 'F21O15', 26, 1);
UPDATE `bv_updation` SET left_carry = left_carry+50, total_left = total_left+50
WHERE `user_id` = 'K3GTG4';
INSERT INTO `placement_bv_update_history` (`left_carry`, `date`, `from_id`, `user_id`) VALUES ('50', '2024-09-26 10:48:17', 'F21O15', 'K3GTG4');
INSERT INTO `matrix_filling` (`placement_id`, `downline_id`, `level`, `matrix`) VALUES ('I1TUBN', 'F21O15', 27, 1);
UPDATE `bv_updation` SET left_carry = left_carry+50, total_left = total_left+50
WHERE `user_id` = 'I1TUBN';
INSERT INTO `placement_bv_update_history` (`left_carry`, `date`, `from_id`, `user_id`) VALUES ('50', '2024-09-26 10:48:17', 'F21O15', 'I1TUBN');
INSERT INTO `matrix_filling` (`placement_id`, `downline_id`, `level`, `matrix`) VALUES ('BAUCCU', 'F21O15', 28, 1);
UPDATE `bv_updation` SET left_carry = left_carry+50, total_left = total_left+50
WHERE `user_id` = 'BAUCCU';
INSERT INTO `placement_bv_update_history` (`left_carry`, `date`, `from_id`, `user_id`) VALUES ('50', '2024-09-26 10:48:17', 'F21O15', 'BAUCCU');
INSERT INTO `matrix_filling` (`placement_id`, `downline_id`, `level`, `matrix`) VALUES ('62QO97', 'F21O15', 29, 1);
UPDATE `bv_updation` SET left_carry = left_carry+50, total_left = total_left+50
WHERE `user_id` = '62QO97';
INSERT INTO `placement_bv_update_history` (`left_carry`, `date`, `from_id`, `user_id`) VALUES ('50', '2024-09-26 10:48:17', 'F21O15', '62QO97');
INSERT INTO `matrix_filling` (`placement_id`, `downline_id`, `level`, `matrix`) VALUES ('OHLQEO', 'F21O15', 30, 1);
UPDATE `bv_updation` SET left_carry = left_carry+50, total_left = total_left+50
WHERE `user_id` = 'OHLQEO';
INSERT INTO `placement_bv_update_history` (`left_carry`, `date`, `from_id`, `user_id`) VALUES ('50', '2024-09-26 10:48:17', 'F21O15', 'OHLQEO');
INSERT INTO `matrix_filling` (`placement_id`, `downline_id`, `level`, `matrix`) VALUES ('7APFKG', 'F21O15', 31, 1);
UPDATE `bv_updation` SET left_carry = left_carry+50, total_left = total_left+50
WHERE `user_id` = '7APFKG';
INSERT INTO `placement_bv_update_history` (`left_carry`, `date`, `from_id`, `user_id`) VALUES ('50', '2024-09-26 10:48:17', 'F21O15', '7APFKG');
INSERT INTO `matrix_filling` (`placement_id`, `downline_id`, `level`, `matrix`) VALUES ('Q2Q92Y', 'F21O15', 32, 1);
UPDATE `bv_updation` SET left_carry = left_carry+50, total_left = total_left+50
WHERE `user_id` = 'Q2Q92Y';
INSERT INTO `placement_bv_update_history` (`left_carry`, `date`, `from_id`, `user_id`) VALUES ('50', '2024-09-26 10:48:17', 'F21O15', 'Q2Q92Y');
INSERT INTO `matrix_filling` (`placement_id`, `downline_id`, `level`, `matrix`) VALUES ('E9ITRC', 'F21O15', 33, 1);
UPDATE `bv_updation` SET left_carry = left_carry+50, total_left = total_left+50
WHERE `user_id` = 'E9ITRC';
INSERT INTO `placement_bv_update_history` (`left_carry`, `date`, `from_id`, `user_id`) VALUES ('50', '2024-09-26 10:48:17', 'F21O15', 'E9ITRC');
INSERT INTO `matrix_filling` (`placement_id`, `downline_id`, `level`, `matrix`) VALUES ('7COKBB', 'F21O15', 34, 1);
UPDATE `bv_updation` SET left_carry = left_carry+50, total_left = total_left+50
WHERE `user_id` = '7COKBB';
INSERT INTO `placement_bv_update_history` (`left_carry`, `date`, `from_id`, `user_id`) VALUES ('50', '2024-09-26 10:48:17', 'F21O15', '7COKBB');
INSERT INTO `matrix_filling` (`placement_id`, `downline_id`, `level`, `matrix`) VALUES ('BDNS17', 'F21O15', 35, 1);
UPDATE `bv_updation` SET left_carry = left_carry+50, total_left = total_left+50
WHERE `user_id` = 'BDNS17';
INSERT INTO `placement_bv_update_history` (`left_carry`, `date`, `from_id`, `user_id`) VALUES ('50', '2024-09-26 10:48:17', 'F21O15', 'BDNS17');
INSERT INTO `matrix_filling` (`placement_id`, `downline_id`, `level`, `matrix`) VALUES ('7ZXRRE', 'F21O15', 36, 1);
UPDATE `bv_updation` SET left_carry = left_carry+50, total_left = total_left+50
WHERE `user_id` = '7ZXRRE';
INSERT INTO `placement_bv_update_history` (`left_carry`, `date`, `from_id`, `user_id`) VALUES ('50', '2024-09-26 10:48:17', 'F21O15', '7ZXRRE');
INSERT INTO `matrix_filling` (`placement_id`, `downline_id`, `level`, `matrix`) VALUES ('KLRAF5', 'F21O15', 37, 1);
UPDATE `bv_updation` SET left_carry = left_carry+50, total_left = total_left+50
WHERE `user_id` = 'KLRAF5';
INSERT INTO `placement_bv_update_history` (`left_carry`, `date`, `from_id`, `user_id`) VALUES ('50', '2024-09-26 10:48:17', 'F21O15', 'KLRAF5');
INSERT INTO `matrix_filling` (`placement_id`, `downline_id`, `level`, `matrix`) VALUES ('IFJHZG', 'F21O15', 38, 1);
UPDATE `bv_updation` SET left_carry = left_carry+50, total_left = total_left+50
WHERE `user_id` = 'IFJHZG';
INSERT INTO `placement_bv_update_history` (`left_carry`, `date`, `from_id`, `user_id`) VALUES ('50', '2024-09-26 10:48:17', 'F21O15', 'IFJHZG');
INSERT INTO `matrix_filling` (`placement_id`, `downline_id`, `level`, `matrix`) VALUES ('MXUV8Q', 'F21O15', 39, 1);
UPDATE `bv_updation` SET left_carry = left_carry+50, total_left = total_left+50
WHERE `user_id` = 'MXUV8Q';
INSERT INTO `placement_bv_update_history` (`left_carry`, `date`, `from_id`, `user_id`) VALUES ('50', '2024-09-26 10:48:17', 'F21O15', 'MXUV8Q');
INSERT INTO `matrix_filling` (`placement_id`, `downline_id`, `level`, `matrix`) VALUES ('GGM164', 'F21O15', 40, 1);
UPDATE `bv_updation` SET left_carry = left_carry+50, total_left = total_left+50
WHERE `user_id` = 'GGM164';
INSERT INTO `placement_bv_update_history` (`left_carry`, `date`, `from_id`, `user_id`) VALUES ('50', '2024-09-26 10:48:17', 'F21O15', 'GGM164');
INSERT INTO `matrix_filling` (`placement_id`, `downline_id`, `level`, `matrix`) VALUES ('3NKIEX', 'F21O15', 41, 1);
UPDATE `bv_updation` SET left_carry = left_carry+50, total_left = total_left+50
WHERE `user_id` = '3NKIEX';
INSERT INTO `placement_bv_update_history` (`left_carry`, `date`, `from_id`, `user_id`) VALUES ('50', '2024-09-26 10:48:17', 'F21O15', '3NKIEX');
INSERT INTO `matrix_filling` (`placement_id`, `downline_id`, `level`, `matrix`) VALUES ('S56TH3', 'F21O15', 42, 1);
UPDATE `bv_updation` SET left_carry = left_carry+50, total_left = total_left+50
WHERE `user_id` = 'S56TH3';
INSERT INTO `placement_bv_update_history` (`left_carry`, `date`, `from_id`, `user_id`) VALUES ('50', '2024-09-26 10:48:17', 'F21O15', 'S56TH3');
INSERT INTO `matrix_filling` (`placement_id`, `downline_id`, `level`, `matrix`) VALUES ('XYG89U', 'F21O15', 43, 1);
UPDATE `bv_updation` SET left_carry = left_carry+50, total_left = total_left+50
WHERE `user_id` = 'XYG89U';
INSERT INTO `placement_bv_update_history` (`left_carry`, `date`, `from_id`, `user_id`) VALUES ('50', '2024-09-26 10:48:17', 'F21O15', 'XYG89U');
INSERT INTO `matrix_filling` (`placement_id`, `downline_id`, `level`, `matrix`) VALUES ('HTFY93', 'F21O15', 44, 1);
UPDATE `bv_updation` SET left_carry = left_carry+50, total_left = total_left+50
WHERE `user_id` = 'HTFY93';
INSERT INTO `placement_bv_update_history` (`left_carry`, `date`, `from_id`, `user_id`) VALUES ('50', '2024-09-26 10:48:17', 'F21O15', 'HTFY93');
INSERT INTO `matrix_filling` (`placement_id`, `downline_id`, `level`, `matrix`) VALUES ('3PR393', 'F21O15', 45, 1);
UPDATE `bv_updation` SET left_carry = left_carry+50, total_left = total_left+50
WHERE `user_id` = '3PR393';
INSERT INTO `placement_bv_update_history` (`left_carry`, `date`, `from_id`, `user_id`) VALUES ('50', '2024-09-26 10:48:17', 'F21O15', '3PR393');
INSERT INTO `matrix_filling` (`placement_id`, `downline_id`, `level`, `matrix`) VALUES ('T3MRY1', 'F21O15', 46, 1);
UPDATE `bv_updation` SET left_carry = left_carry+50, total_left = total_left+50
WHERE `user_id` = 'T3MRY1';
INSERT INTO `placement_bv_update_history` (`left_carry`, `date`, `from_id`, `user_id`) VALUES ('50', '2024-09-26 10:48:17', 'F21O15', 'T3MRY1');
INSERT INTO `matrix_filling` (`placement_id`, `downline_id`, `level`, `matrix`) VALUES ('GTMCCK', 'F21O15', 47, 1);
UPDATE `bv_updation` SET left_carry = left_carry+50, total_left = total_left+50
WHERE `user_id` = 'GTMCCK';
INSERT INTO `placement_bv_update_history` (`left_carry`, `date`, `from_id`, `user_id`) VALUES ('50', '2024-09-26 10:48:17', 'F21O15', 'GTMCCK');
INSERT INTO `matrix_filling` (`placement_id`, `downline_id`, `level`, `matrix`) VALUES ('DLYMIF', 'F21O15', 48, 1);
UPDATE `bv_updation` SET left_carry = left_carry+50, total_left = total_left+50
WHERE `user_id` = 'DLYMIF';
INSERT INTO `placement_bv_update_history` (`left_carry`, `date`, `from_id`, `user_id`) VALUES ('50', '2024-09-26 10:48:17', 'F21O15', 'DLYMIF');
INSERT INTO `matrix_filling` (`placement_id`, `downline_id`, `level`, `matrix`) VALUES ('WGJ5KE', 'F21O15', 49, 1);
UPDATE `bv_updation` SET left_carry = left_carry+50, total_left = total_left+50
WHERE `user_id` = 'WGJ5KE';
INSERT INTO `placement_bv_update_history` (`left_carry`, `date`, `from_id`, `user_id`) VALUES ('50', '2024-09-26 10:48:17', 'F21O15', 'WGJ5KE');
INSERT INTO `matrix_filling` (`placement_id`, `downline_id`, `level`, `matrix`) VALUES ('ORRJ3M', 'F21O15', 50, 1);
UPDATE `bv_updation` SET left_carry = left_carry+50, total_left = total_left+50
WHERE `user_id` = 'ORRJ3M';
INSERT INTO `placement_bv_update_history` (`left_carry`, `date`, `from_id`, `user_id`) VALUES ('50', '2024-09-26 10:48:17', 'F21O15', 'ORRJ3M');
INSERT INTO `matrix_filling` (`placement_id`, `downline_id`, `level`, `matrix`) VALUES ('AA8V6V', 'F21O15', 51, 1);
UPDATE `bv_updation` SET left_carry = left_carry+50, total_left = total_left+50
WHERE `user_id` = 'AA8V6V';
INSERT INTO `placement_bv_update_history` (`left_carry`, `date`, `from_id`, `user_id`) VALUES ('50', '2024-09-26 10:48:17', 'F21O15', 'AA8V6V');
INSERT INTO `matrix_filling` (`placement_id`, `downline_id`, `level`, `matrix`) VALUES ('61ME4O', 'F21O15', 52, 1);
UPDATE `bv_updation` SET left_carry = left_carry+50, total_left = total_left+50
WHERE `user_id` = '61ME4O';
INSERT INTO `placement_bv_update_history` (`left_carry`, `date`, `from_id`, `user_id`) VALUES ('50', '2024-09-26 10:48:17', 'F21O15', '61ME4O');
INSERT INTO `matrix_filling` (`placement_id`, `downline_id`, `level`, `matrix`) VALUES ('WS1SZZ', 'F21O15', 53, 1);
UPDATE `bv_updation` SET left_carry = left_carry+50, total_left = total_left+50
WHERE `user_id` = 'WS1SZZ';
INSERT INTO `placement_bv_update_history` (`left_carry`, `date`, `from_id`, `user_id`) VALUES ('50', '2024-09-26 10:48:17', 'F21O15', 'WS1SZZ');
INSERT INTO `matrix_filling` (`placement_id`, `downline_id`, `level`, `matrix`) VALUES ('TBN4MZ', 'F21O15', 54, 1);
UPDATE `bv_updation` SET left_carry = left_carry+50, total_left = total_left+50
WHERE `user_id` = 'TBN4MZ';
INSERT INTO `placement_bv_update_history` (`left_carry`, `date`, `from_id`, `user_id`) VALUES ('50', '2024-09-26 10:48:17', 'F21O15', 'TBN4MZ');
INSERT INTO `matrix_filling` (`placement_id`, `downline_id`, `level`, `matrix`) VALUES ('OEMJ8R', 'F21O15', 55, 1);
UPDATE `bv_updation` SET left_carry = left_carry+50, total_left = total_left+50
WHERE `user_id` = 'OEMJ8R';
INSERT INTO `placement_bv_update_history` (`left_carry`, `date`, `from_id`, `user_id`) VALUES ('50', '2024-09-26 10:48:17', 'F21O15', 'OEMJ8R');
INSERT INTO `matrix_filling` (`placement_id`, `downline_id`, `level`, `matrix`) VALUES ('FXAYIE', 'F21O15', 56, 1);
UPDATE `bv_updation` SET left_carry = left_carry+50, total_left = total_left+50
WHERE `user_id` = 'FXAYIE';
INSERT INTO `placement_bv_update_history` (`left_carry`, `date`, `from_id`, `user_id`) VALUES ('50', '2024-09-26 10:48:17', 'F21O15', 'FXAYIE');
INSERT INTO `matrix_filling` (`placement_id`, `downline_id`, `level`, `matrix`) VALUES ('ELXZWC', 'F21O15', 57, 1);
UPDATE `bv_updation` SET left_carry = left_carry+50, total_left = total_left+50
WHERE `user_id` = 'ELXZWC';
INSERT INTO `placement_bv_update_history` (`left_carry`, `date`, `from_id`, `user_id`) VALUES ('50', '2024-09-26 10:48:17', 'F21O15', 'ELXZWC');
INSERT INTO `matrix_filling` (`placement_id`, `downline_id`, `level`, `matrix`) VALUES ('C1TQVI', 'F21O15', 58, 1);
UPDATE `bv_updation` SET left_carry = left_carry+50, total_left = total_left+50
WHERE `user_id` = 'C1TQVI';
INSERT INTO `placement_bv_update_history` (`left_carry`, `date`, `from_id`, `user_id`) VALUES ('50', '2024-09-26 10:48:17', 'F21O15', 'C1TQVI');
INSERT INTO `matrix_filling` (`placement_id`, `downline_id`, `level`, `matrix`) VALUES ('F5GPDF', 'F21O15', 59, 1);
UPDATE `bv_updation` SET left_carry = left_carry+50, total_left = total_left+50
WHERE `user_id` = 'F5GPDF';
INSERT INTO `placement_bv_update_history` (`left_carry`, `date`, `from_id`, `user_id`) VALUES ('50', '2024-09-26 10:48:17', 'F21O15', 'F5GPDF');
INSERT INTO `matrix_filling` (`placement_id`, `downline_id`, `level`, `matrix`) VALUES ('91PYDK', 'F21O15', 60, 1);
UPDATE `bv_updation` SET left_carry = left_carry+50, total_left = total_left+50
WHERE `user_id` = '91PYDK';
INSERT INTO `placement_bv_update_history` (`left_carry`, `date`, `from_id`, `user_id`) VALUES ('50', '2024-09-26 10:48:17', 'F21O15', '91PYDK');
INSERT INTO `matrix_filling` (`placement_id`, `downline_id`, `level`, `matrix`) VALUES ('4OT7RX', 'F21O15', 61, 1);
UPDATE `bv_updation` SET left_carry = left_carry+50, total_left = total_left+50
WHERE `user_id` = '4OT7RX';
INSERT INTO `placement_bv_update_history` (`left_carry`, `date`, `from_id`, `user_id`) VALUES ('50', '2024-09-26 10:48:17', 'F21O15', '4OT7RX');
INSERT INTO `matrix_filling` (`placement_id`, `downline_id`, `level`, `matrix`) VALUES ('ZJZA3M', 'F21O15', 62, 1);
UPDATE `bv_updation` SET left_carry = left_carry+50, total_left = total_left+50
WHERE `user_id` = 'ZJZA3M';
INSERT INTO `placement_bv_update_history` (`left_carry`, `date`, `from_id`, `user_id`) VALUES ('50', '2024-09-26 10:48:17', 'F21O15', 'ZJZA3M');
INSERT INTO `matrix_filling` (`placement_id`, `downline_id`, `level`, `matrix`) VALUES ('XN6ETC', 'F21O15', 63, 1);
UPDATE `bv_updation` SET left_carry = left_carry+50, total_left = total_left+50
WHERE `user_id` = 'XN6ETC';
INSERT INTO `placement_bv_update_history` (`left_carry`, `date`, `from_id`, `user_id`) VALUES ('50', '2024-09-26 10:48:17', 'F21O15', 'XN6ETC');
INSERT INTO `matrix_filling` (`placement_id`, `downline_id`, `level`, `matrix`) VALUES ('KVQN1O', 'F21O15', 64, 1);
UPDATE `bv_updation` SET left_carry = left_carry+50, total_left = total_left+50
WHERE `user_id` = 'KVQN1O';
INSERT INTO `placement_bv_update_history` (`left_carry`, `date`, `from_id`, `user_id`) VALUES ('50', '2024-09-26 10:48:17', 'F21O15', 'KVQN1O');
INSERT INTO `matrix_filling` (`placement_id`, `downline_id`, `level`, `matrix`) VALUES ('X3V7DJ', 'F21O15', 65, 1);
UPDATE `bv_updation` SET left_carry = left_carry+50, total_left = total_left+50
WHERE `user_id` = 'X3V7DJ';
INSERT INTO `placement_bv_update_history` (`left_carry`, `date`, `from_id`, `user_id`) VALUES ('50', '2024-09-26 10:48:17', 'F21O15', 'X3V7DJ');
INSERT INTO `matrix_filling` (`placement_id`, `downline_id`, `level`, `matrix`) VALUES ('DJ77NH', 'F21O15', 66, 1);
UPDATE `bv_updation` SET left_carry = left_carry+50, total_left = total_left+50
WHERE `user_id` = 'DJ77NH';
INSERT INTO `placement_bv_update_history` (`left_carry`, `date`, `from_id`, `user_id`) VALUES ('50', '2024-09-26 10:48:17', 'F21O15', 'DJ77NH');
INSERT INTO `matrix_filling` (`placement_id`, `downline_id`, `level`, `matrix`) VALUES ('PX7XCL', 'F21O15', 67, 1);
UPDATE `bv_updation` SET left_carry = left_carry+50, total_left = total_left+50
WHERE `user_id` = 'PX7XCL';
INSERT INTO `placement_bv_update_history` (`left_carry`, `date`, `from_id`, `user_id`) VALUES ('50', '2024-09-26 10:48:17', 'F21O15', 'PX7XCL');
INSERT INTO `matrix_filling` (`placement_id`, `downline_id`, `level`, `matrix`) VALUES ('L8PM4Z', 'F21O15', 68, 1);
UPDATE `bv_updation` SET left_carry = left_carry+50, total_left = total_left+50
WHERE `user_id` = 'L8PM4Z';
INSERT INTO `placement_bv_update_history` (`left_carry`, `date`, `from_id`, `user_id`) VALUES ('50', '2024-09-26 10:48:17', 'F21O15', 'L8PM4Z');
INSERT INTO `matrix_filling` (`placement_id`, `downline_id`, `level`, `matrix`) VALUES ('GBSIER', 'F21O15', 69, 1);
UPDATE `bv_updation` SET left_carry = left_carry+50, total_left = total_left+50
WHERE `user_id` = 'GBSIER';
INSERT INTO `placement_bv_update_history` (`left_carry`, `date`, `from_id`, `user_id`) VALUES ('50', '2024-09-26 10:48:17', 'F21O15', 'GBSIER');
INSERT INTO `matrix_filling` (`placement_id`, `downline_id`, `level`, `matrix`) VALUES ('AV48YQ', 'F21O15', 70, 1);
UPDATE `bv_updation` SET left_carry = left_carry+50, total_left = total_left+50
WHERE `user_id` = 'AV48YQ';
INSERT INTO `placement_bv_update_history` (`left_carry`, `date`, `from_id`, `user_id`) VALUES ('50', '2024-09-26 10:48:17', 'F21O15', 'AV48YQ');
INSERT INTO `matrix_filling` (`placement_id`, `downline_id`, `level`, `matrix`) VALUES ('admin', 'F21O15', 71, 1);
INSERT INTO `package_purchase_history` (`user_id`, `package_id`, `reg_fee`, `package_name`, `monthly_fee`, `type`, `date`, `payment_option`) VALUES ('F21O15', '2', '595', 'Traveler Pro', '150', 'sign_up', '2024-09-26 10:48:17', 'free');
UPDATE `user_registration` SET `popup_seen` = 'yes'
WHERE `user_id` = 'NUPA4K';
UPDATE `user_registration` SET `uid` = '2678', `user_id` = 'R1HSGO', `username` = 'edgardo7', `sponsor_id` = '5K7DS2', `vacant` = 'no', `f_name` = 'Edgardo', `l_name` = 'Martin', `address` = '6520 Kendale Lakes Dr', `position` = 'left', `email` = 'edgardo7@gmail.com', `password` = 'c0aa5db3194b43ca91a30da4652ab935', `phone` = '3057610606', `country` = 'United States', `state` = 'Florida', `city` = 'Miami', `street` = '6520 Kendale Lakes Dr', `zip_code` = '33183', `reg_ip` = '108.162.210.149', `status` = 1, `package_id` = '2', `rank_id` = 1, `highest_rank` = 1, `created` = '2024-09-26 10:49:07', `subscription_date` = '2024-10-26', `google_secret` = 'H2MDIGIHYXGYNMJK'
WHERE `uid` = '2678';
INSERT INTO `user_registration` (`uid`, `user_id`, `username`, `sponsor_id`, `placement_id`, `vacant`, `f_name`, `l_name`, `address`, `position`, `email`, `password`, `phone`, `reg_ip`, `status`, `created`) VALUES (NULL, 'TTHVCT', 'bgjbMREu', 'R1HSGO', 'R1HSGO', 'yes', '', '', '', 'left', '@mail.com', '', '', '', 0, '2024-09-26 10:49:07');
INSERT INTO `user_registration` (`uid`, `user_id`, `username`, `sponsor_id`, `placement_id`, `vacant`, `f_name`, `l_name`, `address`, `position`, `email`, `password`, `phone`, `reg_ip`, `status`, `created`) VALUES (NULL, 'XJZFRW', 'RUyRTwJe', 'R1HSGO', 'R1HSGO', 'yes', '', '', '', 'right', '@mail.com', '', '', '', 0, '2024-09-26 10:49:07');
INSERT INTO `bv_updation` (`user_id`) VALUES ('R1HSGO');
UPDATE `user_registration` SET total_ref_count = total_ref_count+1
WHERE `user_id` = '5K7DS2';
UPDATE `user_registration` SET total_downlines = total_downlines+1
WHERE `user_id` = 'CFS634';
UPDATE `user_registration` SET left_downlines = left_downlines+1
WHERE `user_id` = 'CFS634';
UPDATE `user_registration` SET total_downlines = total_downlines+1
WHERE `user_id` = 'CBGVQU';
UPDATE `user_registration` SET left_downlines = left_downlines+1
WHERE `user_id` = 'CBGVQU';
UPDATE `user_registration` SET total_downlines = total_downlines+1
WHERE `user_id` = 'SYVQKF';
UPDATE `user_registration` SET left_downlines = left_downlines+1
WHERE `user_id` = 'SYVQKF';
UPDATE `user_registration` SET total_downlines = total_downlines+1
WHERE `user_id` = 'OC1RA6';
UPDATE `user_registration` SET left_downlines = left_downlines+1
WHERE `user_id` = 'OC1RA6';
UPDATE `user_registration` SET total_downlines = total_downlines+1
WHERE `user_id` = 'MFCZQ9';
UPDATE `user_registration` SET left_downlines = left_downlines+1
WHERE `user_id` = 'MFCZQ9';
UPDATE `user_registration` SET total_downlines = total_downlines+1
WHERE `user_id` = '5IHDZE';
UPDATE `user_registration` SET left_downlines = left_downlines+1
WHERE `user_id` = '5IHDZE';
UPDATE `user_registration` SET total_downlines = total_downlines+1
WHERE `user_id` = 'VWRUXM';
UPDATE `user_registration` SET left_downlines = left_downlines+1
WHERE `user_id` = 'VWRUXM';
UPDATE `user_registration` SET total_downlines = total_downlines+1
WHERE `user_id` = 'LKE7MK';
UPDATE `user_registration` SET left_downlines = left_downlines+1
WHERE `user_id` = 'LKE7MK';
UPDATE `user_registration` SET total_downlines = total_downlines+1
WHERE `user_id` = 'H1M5R8';
UPDATE `user_registration` SET left_downlines = left_downlines+1
WHERE `user_id` = 'H1M5R8';
UPDATE `user_registration` SET total_downlines = total_downlines+1
WHERE `user_id` = 'PWBJM3';
UPDATE `user_registration` SET left_downlines = left_downlines+1
WHERE `user_id` = 'PWBJM3';
UPDATE `user_registration` SET total_downlines = total_downlines+1
WHERE `user_id` = 'BO7NRM';
UPDATE `user_registration` SET left_downlines = left_downlines+1
WHERE `user_id` = 'BO7NRM';
UPDATE `user_registration` SET total_downlines = total_downlines+1
WHERE `user_id` = 'RK3ZQ6';
UPDATE `user_registration` SET left_downlines = left_downlines+1
WHERE `user_id` = 'RK3ZQ6';
UPDATE `user_registration` SET total_downlines = total_downlines+1
WHERE `user_id` = 'LPFX8X';
UPDATE `user_registration` SET left_downlines = left_downlines+1
WHERE `user_id` = 'LPFX8X';
UPDATE `user_registration` SET total_downlines = total_downlines+1
WHERE `user_id` = '9XKM93';
UPDATE `user_registration` SET left_downlines = left_downlines+1
WHERE `user_id` = '9XKM93';
UPDATE `user_registration` SET total_downlines = total_downlines+1
WHERE `user_id` = 'X3NL3Q';
UPDATE `user_registration` SET left_downlines = left_downlines+1
WHERE `user_id` = 'X3NL3Q';
UPDATE `user_registration` SET total_downlines = total_downlines+1
WHERE `user_id` = 'MQNE39';
UPDATE `user_registration` SET left_downlines = left_downlines+1
WHERE `user_id` = 'MQNE39';
UPDATE `user_registration` SET total_downlines = total_downlines+1
WHERE `user_id` = '6SUQNY';
UPDATE `user_registration` SET left_downlines = left_downlines+1
WHERE `user_id` = '6SUQNY';
UPDATE `user_registration` SET total_downlines = total_downlines+1
WHERE `user_id` = '5K7DS2';
UPDATE `user_registration` SET left_downlines = left_downlines+1
WHERE `user_id` = '5K7DS2';
UPDATE `user_registration` SET left_ref_count = left_ref_count+1
WHERE `user_id` = '5K7DS2';
UPDATE `user_registration` SET active_left = active_left+1
WHERE `user_id` = '5K7DS2';
UPDATE `user_registration` SET total_downlines = total_downlines+1
WHERE `user_id` = 'HI62BI';
UPDATE `user_registration` SET right_downlines = right_downlines+1
WHERE `user_id` = 'HI62BI';
UPDATE `user_registration` SET total_downlines = total_downlines+1
WHERE `user_id` = '1FFFBU';
UPDATE `user_registration` SET right_downlines = right_downlines+1
WHERE `user_id` = '1FFFBU';
UPDATE `user_registration` SET total_downlines = total_downlines+1
WHERE `user_id` = 'J4CGUT';
UPDATE `user_registration` SET left_downlines = left_downlines+1
WHERE `user_id` = 'J4CGUT';
UPDATE `user_registration` SET total_downlines = total_downlines+1
WHERE `user_id` = 'S1RTX3';
UPDATE `user_registration` SET left_downlines = left_downlines+1
WHERE `user_id` = 'S1RTX3';
UPDATE `user_registration` SET total_downlines = total_downlines+1
WHERE `user_id` = 'I8YWQA';
UPDATE `user_registration` SET left_downlines = left_downlines+1
WHERE `user_id` = 'I8YWQA';
UPDATE `user_registration` SET total_downlines = total_downlines+1
WHERE `user_id` = 'I3MZBU';
UPDATE `user_registration` SET left_downlines = left_downlines+1
WHERE `user_id` = 'I3MZBU';
UPDATE `user_registration` SET total_downlines = total_downlines+1
WHERE `user_id` = 'H2I33O';
UPDATE `user_registration` SET left_downlines = left_downlines+1
WHERE `user_id` = 'H2I33O';
UPDATE `user_registration` SET total_downlines = total_downlines+1
WHERE `user_id` = 'AL7XWH';
UPDATE `user_registration` SET left_downlines = left_downlines+1
WHERE `user_id` = 'AL7XWH';
UPDATE `user_registration` SET total_downlines = total_downlines+1
WHERE `user_id` = 'HFZ9SA';
UPDATE `user_registration` SET left_downlines = left_downlines+1
WHERE `user_id` = 'HFZ9SA';
UPDATE `user_registration` SET total_downlines = total_downlines+1
WHERE `user_id` = 'A2MTZ3';
UPDATE `user_registration` SET left_downlines = left_downlines+1
WHERE `user_id` = 'A2MTZ3';
UPDATE `user_registration` SET total_downlines = total_downlines+1
WHERE `user_id` = 'RUEKCW';
UPDATE `user_registration` SET left_downlines = left_downlines+1
WHERE `user_id` = 'RUEKCW';
UPDATE `user_registration` SET total_downlines = total_downlines+1
WHERE `user_id` = 'K3GTG4';
UPDATE `user_registration` SET left_downlines = left_downlines+1
WHERE `user_id` = 'K3GTG4';
UPDATE `user_registration` SET total_downlines = total_downlines+1
WHERE `user_id` = 'I1TUBN';
UPDATE `user_registration` SET left_downlines = left_downlines+1
WHERE `user_id` = 'I1TUBN';
UPDATE `user_registration` SET total_downlines = total_downlines+1
WHERE `user_id` = 'BAUCCU';
UPDATE `user_registration` SET left_downlines = left_downlines+1
WHERE `user_id` = 'BAUCCU';
UPDATE `user_registration` SET total_downlines = total_downlines+1
WHERE `user_id` = '62QO97';
UPDATE `user_registration` SET left_downlines = left_downlines+1
WHERE `user_id` = '62QO97';
UPDATE `user_registration` SET total_downlines = total_downlines+1
WHERE `user_id` = 'OHLQEO';
UPDATE `user_registration` SET left_downlines = left_downlines+1
WHERE `user_id` = 'OHLQEO';
UPDATE `user_registration` SET total_downlines = total_downlines+1
WHERE `user_id` = '7APFKG';
UPDATE `user_registration` SET left_downlines = left_downlines+1
WHERE `user_id` = '7APFKG';
UPDATE `user_registration` SET total_downlines = total_downlines+1
WHERE `user_id` = 'Q2Q92Y';
UPDATE `user_registration` SET left_downlines = left_downlines+1
WHERE `user_id` = 'Q2Q92Y';
UPDATE `user_registration` SET total_downlines = total_downlines+1
WHERE `user_id` = 'E9ITRC';
UPDATE `user_registration` SET left_downlines = left_downlines+1
WHERE `user_id` = 'E9ITRC';
UPDATE `user_registration` SET total_downlines = total_downlines+1
WHERE `user_id` = '7COKBB';
UPDATE `user_registration` SET left_downlines = left_downlines+1
WHERE `user_id` = '7COKBB';
UPDATE `user_registration` SET total_downlines = total_downlines+1
WHERE `user_id` = 'BDNS17';
UPDATE `user_registration` SET left_downlines = left_downlines+1
WHERE `user_id` = 'BDNS17';
UPDATE `user_registration` SET total_downlines = total_downlines+1
WHERE `user_id` = '7ZXRRE';
UPDATE `user_registration` SET left_downlines = left_downlines+1
WHERE `user_id` = '7ZXRRE';
UPDATE `user_registration` SET total_downlines = total_downlines+1
WHERE `user_id` = 'KLRAF5';
UPDATE `user_registration` SET left_downlines = left_downlines+1
WHERE `user_id` = 'KLRAF5';
UPDATE `user_registration` SET total_downlines = total_downlines+1
WHERE `user_id` = 'IFJHZG';
UPDATE `user_registration` SET left_downlines = left_downlines+1
WHERE `user_id` = 'IFJHZG';
UPDATE `user_registration` SET total_downlines = total_downlines+1
WHERE `user_id` = 'MXUV8Q';
UPDATE `user_registration` SET left_downlines = left_downlines+1
WHERE `user_id` = 'MXUV8Q';
UPDATE `user_registration` SET total_downlines = total_downlines+1
WHERE `user_id` = 'GGM164';
UPDATE `user_registration` SET left_downlines = left_downlines+1
WHERE `user_id` = 'GGM164';
UPDATE `user_registration` SET total_downlines = total_downlines+1
WHERE `user_id` = '3NKIEX';
UPDATE `user_registration` SET left_downlines = left_downlines+1
WHERE `user_id` = '3NKIEX';
UPDATE `user_registration` SET total_downlines = total_downlines+1
WHERE `user_id` = 'S56TH3';
UPDATE `user_registration` SET left_downlines = left_downlines+1
WHERE `user_id` = 'S56TH3';
UPDATE `user_registration` SET total_downlines = total_downlines+1
WHERE `user_id` = 'XYG89U';
UPDATE `user_registration` SET left_downlines = left_downlines+1
WHERE `user_id` = 'XYG89U';
UPDATE `user_registration` SET total_downlines = total_downlines+1
WHERE `user_id` = 'HTFY93';
UPDATE `user_registration` SET left_downlines = left_downlines+1
WHERE `user_id` = 'HTFY93';
UPDATE `user_registration` SET total_downlines = total_downlines+1
WHERE `user_id` = '3PR393';
UPDATE `user_registration` SET left_downlines = left_downlines+1
WHERE `user_id` = '3PR393';
UPDATE `user_registration` SET total_downlines = total_downlines+1
WHERE `user_id` = 'T3MRY1';
UPDATE `user_registration` SET left_downlines = left_downlines+1
WHERE `user_id` = 'T3MRY1';
UPDATE `user_registration` SET total_downlines = total_downlines+1
WHERE `user_id` = 'GTMCCK';
UPDATE `user_registration` SET left_downlines = left_downlines+1
WHERE `user_id` = 'GTMCCK';
UPDATE `user_registration` SET total_downlines = total_downlines+1
WHERE `user_id` = 'DLYMIF';
UPDATE `user_registration` SET left_downlines = left_downlines+1
WHERE `user_id` = 'DLYMIF';
UPDATE `user_registration` SET total_downlines = total_downlines+1
WHERE `user_id` = 'WGJ5KE';
UPDATE `user_registration` SET left_downlines = left_downlines+1
WHERE `user_id` = 'WGJ5KE';
UPDATE `user_registration` SET total_downlines = total_downlines+1
WHERE `user_id` = 'ORRJ3M';
UPDATE `user_registration` SET left_downlines = left_downlines+1
WHERE `user_id` = 'ORRJ3M';
UPDATE `user_registration` SET total_downlines = total_downlines+1
WHERE `user_id` = 'AA8V6V';
UPDATE `user_registration` SET left_downlines = left_downlines+1
WHERE `user_id` = 'AA8V6V';
UPDATE `user_registration` SET total_downlines = total_downlines+1
WHERE `user_id` = '61ME4O';
UPDATE `user_registration` SET left_downlines = left_downlines+1
WHERE `user_id` = '61ME4O';
UPDATE `user_registration` SET total_downlines = total_downlines+1
WHERE `user_id` = 'WS1SZZ';
UPDATE `user_registration` SET left_downlines = left_downlines+1
WHERE `user_id` = 'WS1SZZ';
UPDATE `user_registration` SET total_downlines = total_downlines+1
WHERE `user_id` = 'TBN4MZ';
UPDATE `user_registration` SET left_downlines = left_downlines+1
WHERE `user_id` = 'TBN4MZ';
UPDATE `user_registration` SET total_downlines = total_downlines+1
WHERE `user_id` = 'OEMJ8R';
UPDATE `user_registration` SET left_downlines = left_downlines+1
WHERE `user_id` = 'OEMJ8R';
UPDATE `user_registration` SET total_downlines = total_downlines+1
WHERE `user_id` = 'FXAYIE';
UPDATE `user_registration` SET left_downlines = left_downlines+1
WHERE `user_id` = 'FXAYIE';
UPDATE `user_registration` SET total_downlines = total_downlines+1
WHERE `user_id` = 'ELXZWC';
UPDATE `user_registration` SET left_downlines = left_downlines+1
WHERE `user_id` = 'ELXZWC';
UPDATE `user_registration` SET total_downlines = total_downlines+1
WHERE `user_id` = 'C1TQVI';
UPDATE `user_registration` SET left_downlines = left_downlines+1
WHERE `user_id` = 'C1TQVI';
UPDATE `user_registration` SET total_downlines = total_downlines+1
WHERE `user_id` = 'F5GPDF';
UPDATE `user_registration` SET left_downlines = left_downlines+1
WHERE `user_id` = 'F5GPDF';
UPDATE `user_registration` SET total_downlines = total_downlines+1
WHERE `user_id` = '91PYDK';
UPDATE `user_registration` SET left_downlines = left_downlines+1
WHERE `user_id` = '91PYDK';
UPDATE `user_registration` SET total_downlines = total_downlines+1
WHERE `user_id` = '4OT7RX';
UPDATE `user_registration` SET left_downlines = left_downlines+1
WHERE `user_id` = '4OT7RX';
UPDATE `user_registration` SET total_downlines = total_downlines+1
WHERE `user_id` = 'ZJZA3M';
UPDATE `user_registration` SET left_downlines = left_downlines+1
WHERE `user_id` = 'ZJZA3M';
UPDATE `user_registration` SET total_downlines = total_downlines+1
WHERE `user_id` = 'XN6ETC';
UPDATE `user_registration` SET left_downlines = left_downlines+1
WHERE `user_id` = 'XN6ETC';
UPDATE `user_registration` SET total_downlines = total_downlines+1
WHERE `user_id` = 'KVQN1O';
UPDATE `user_registration` SET left_downlines = left_downlines+1
WHERE `user_id` = 'KVQN1O';
UPDATE `user_registration` SET total_downlines = total_downlines+1
WHERE `user_id` = 'X3V7DJ';
UPDATE `user_registration` SET left_downlines = left_downlines+1
WHERE `user_id` = 'X3V7DJ';
UPDATE `user_registration` SET total_downlines = total_downlines+1
WHERE `user_id` = 'DJ77NH';
UPDATE `user_registration` SET left_downlines = left_downlines+1
WHERE `user_id` = 'DJ77NH';
UPDATE `user_registration` SET total_downlines = total_downlines+1
WHERE `user_id` = 'PX7XCL';
UPDATE `user_registration` SET left_downlines = left_downlines+1
WHERE `user_id` = 'PX7XCL';
UPDATE `user_registration` SET total_downlines = total_downlines+1
WHERE `user_id` = 'L8PM4Z';
UPDATE `user_registration` SET left_downlines = left_downlines+1
WHERE `user_id` = 'L8PM4Z';
UPDATE `user_registration` SET total_downlines = total_downlines+1
WHERE `user_id` = 'GBSIER';
UPDATE `user_registration` SET left_downlines = left_downlines+1
WHERE `user_id` = 'GBSIER';
UPDATE `user_registration` SET total_downlines = total_downlines+1
WHERE `user_id` = 'AV48YQ';
UPDATE `user_registration` SET left_downlines = left_downlines+1
WHERE `user_id` = 'AV48YQ';
UPDATE `user_registration` SET total_downlines = total_downlines+1
WHERE `user_id` = 'admin';
UPDATE `user_registration` SET left_downlines = left_downlines+1
WHERE `user_id` = 'admin';
INSERT INTO `investment` (`invest_date`, `user_id`, `type`, `amount`, `package_id`) VALUES ('2024-09-26 10:49:08', 'R1HSGO', 'register', '595', '2');
INSERT INTO `earnings` (`user_id`, `Purchaser_id`, `earning_type`, `package_id`, `amount`, `date`, `comments`, `invest_amount`, `comm_perc`, `level`, `rank_id`, `order_id`) VALUES ('5K7DS2', 'R1HSGO', 'Direct Referral Bonus', '2', '100', '2024-09-26 10:49:08', 'Direct Referral Bonus', 0, 0, 1, '', 187);
UPDATE `user_registration` SET commission_balance = ROUND(commission_balance + 100,2)
WHERE `user_id` = '5K7DS2';
INSERT INTO `earnings` (`user_id`, `Purchaser_id`, `earning_type`, `package_id`, `amount`, `date`, `comments`, `invest_amount`, `comm_perc`, `level`, `rank_id`, `order_id`) VALUES ('1FFFBU', 'R1HSGO', 'Expansion Bonus', '2', 100, '2024-09-26 10:49:08', 'Expansion Bonus', '100', 0, 1, '', 187);
UPDATE `user_registration` SET commission_balance = ROUND(commission_balance + 100,2)
WHERE `user_id` = '1FFFBU';
INSERT INTO `earnings` (`user_id`, `Purchaser_id`, `earning_type`, `package_id`, `amount`, `date`, `comments`, `invest_amount`, `comm_perc`, `level`, `rank_id`, `order_id`) VALUES ('admin', 'R1HSGO', 'Expansion Bonus', '2', 100, '2024-09-26 10:49:08', 'Expansion Bonus', 200, 0, 1, '', 187);
UPDATE `user_registration` SET commission_balance = ROUND(commission_balance + 100,2)
WHERE `user_id` = 'admin';
INSERT INTO `matrix_filling` (`placement_id`, `downline_id`, `level`, `matrix`) VALUES ('CFS634', 'R1HSGO', 1, 1);
UPDATE `bv_updation` SET left_carry = left_carry+50, total_left = total_left+50
WHERE `user_id` = 'CFS634';
INSERT INTO `placement_bv_update_history` (`left_carry`, `date`, `from_id`, `user_id`) VALUES ('50', '2024-09-26 10:49:08', 'R1HSGO', 'CFS634');
INSERT INTO `matrix_filling` (`placement_id`, `downline_id`, `level`, `matrix`) VALUES ('CBGVQU', 'R1HSGO', 2, 1);
UPDATE `bv_updation` SET left_carry = left_carry+50, total_left = total_left+50
WHERE `user_id` = 'CBGVQU';
INSERT INTO `placement_bv_update_history` (`left_carry`, `date`, `from_id`, `user_id`) VALUES ('50', '2024-09-26 10:49:08', 'R1HSGO', 'CBGVQU');
INSERT INTO `matrix_filling` (`placement_id`, `downline_id`, `level`, `matrix`) VALUES ('SYVQKF', 'R1HSGO', 3, 1);
UPDATE `bv_updation` SET left_carry = left_carry+50, total_left = total_left+50
WHERE `user_id` = 'SYVQKF';
INSERT INTO `placement_bv_update_history` (`left_carry`, `date`, `from_id`, `user_id`) VALUES ('50', '2024-09-26 10:49:08', 'R1HSGO', 'SYVQKF');
INSERT INTO `matrix_filling` (`placement_id`, `downline_id`, `level`, `matrix`) VALUES ('OC1RA6', 'R1HSGO', 4, 1);
UPDATE `bv_updation` SET left_carry = left_carry+50, total_left = total_left+50
WHERE `user_id` = 'OC1RA6';
INSERT INTO `placement_bv_update_history` (`left_carry`, `date`, `from_id`, `user_id`) VALUES ('50', '2024-09-26 10:49:08', 'R1HSGO', 'OC1RA6');
INSERT INTO `matrix_filling` (`placement_id`, `downline_id`, `level`, `matrix`) VALUES ('MFCZQ9', 'R1HSGO', 5, 1);
UPDATE `bv_updation` SET left_carry = left_carry+50, total_left = total_left+50
WHERE `user_id` = 'MFCZQ9';
INSERT INTO `placement_bv_update_history` (`left_carry`, `date`, `from_id`, `user_id`) VALUES ('50', '2024-09-26 10:49:08', 'R1HSGO', 'MFCZQ9');
INSERT INTO `matrix_filling` (`placement_id`, `downline_id`, `level`, `matrix`) VALUES ('5IHDZE', 'R1HSGO', 6, 1);
UPDATE `bv_updation` SET left_carry = left_carry+50, total_left = total_left+50
WHERE `user_id` = '5IHDZE';
INSERT INTO `placement_bv_update_history` (`left_carry`, `date`, `from_id`, `user_id`) VALUES ('50', '2024-09-26 10:49:08', 'R1HSGO', '5IHDZE');
INSERT INTO `matrix_filling` (`placement_id`, `downline_id`, `level`, `matrix`) VALUES ('VWRUXM', 'R1HSGO', 7, 1);
UPDATE `bv_updation` SET left_carry = left_carry+50, total_left = total_left+50
WHERE `user_id` = 'VWRUXM';
INSERT INTO `placement_bv_update_history` (`left_carry`, `date`, `from_id`, `user_id`) VALUES ('50', '2024-09-26 10:49:08', 'R1HSGO', 'VWRUXM');
INSERT INTO `matrix_filling` (`placement_id`, `downline_id`, `level`, `matrix`) VALUES ('LKE7MK', 'R1HSGO', 8, 1);
UPDATE `bv_updation` SET left_carry = left_carry+50, total_left = total_left+50
WHERE `user_id` = 'LKE7MK';
INSERT INTO `placement_bv_update_history` (`left_carry`, `date`, `from_id`, `user_id`) VALUES ('50', '2024-09-26 10:49:08', 'R1HSGO', 'LKE7MK');
INSERT INTO `matrix_filling` (`placement_id`, `downline_id`, `level`, `matrix`) VALUES ('H1M5R8', 'R1HSGO', 9, 1);
UPDATE `bv_updation` SET left_carry = left_carry+50, total_left = total_left+50
WHERE `user_id` = 'H1M5R8';
INSERT INTO `placement_bv_update_history` (`left_carry`, `date`, `from_id`, `user_id`) VALUES ('50', '2024-09-26 10:49:08', 'R1HSGO', 'H1M5R8');
INSERT INTO `matrix_filling` (`placement_id`, `downline_id`, `level`, `matrix`) VALUES ('PWBJM3', 'R1HSGO', 10, 1);
UPDATE `bv_updation` SET left_carry = left_carry+50, total_left = total_left+50
WHERE `user_id` = 'PWBJM3';
INSERT INTO `placement_bv_update_history` (`left_carry`, `date`, `from_id`, `user_id`) VALUES ('50', '2024-09-26 10:49:08', 'R1HSGO', 'PWBJM3');
INSERT INTO `matrix_filling` (`placement_id`, `downline_id`, `level`, `matrix`) VALUES ('BO7NRM', 'R1HSGO', 11, 1);
UPDATE `bv_updation` SET left_carry = left_carry+50, total_left = total_left+50
WHERE `user_id` = 'BO7NRM';
INSERT INTO `placement_bv_update_history` (`left_carry`, `date`, `from_id`, `user_id`) VALUES ('50', '2024-09-26 10:49:08', 'R1HSGO', 'BO7NRM');
INSERT INTO `matrix_filling` (`placement_id`, `downline_id`, `level`, `matrix`) VALUES ('RK3ZQ6', 'R1HSGO', 12, 1);
UPDATE `bv_updation` SET left_carry = left_carry+50, total_left = total_left+50
WHERE `user_id` = 'RK3ZQ6';
INSERT INTO `placement_bv_update_history` (`left_carry`, `date`, `from_id`, `user_id`) VALUES ('50', '2024-09-26 10:49:08', 'R1HSGO', 'RK3ZQ6');
INSERT INTO `matrix_filling` (`placement_id`, `downline_id`, `level`, `matrix`) VALUES ('LPFX8X', 'R1HSGO', 13, 1);
UPDATE `bv_updation` SET left_carry = left_carry+50, total_left = total_left+50
WHERE `user_id` = 'LPFX8X';
INSERT INTO `placement_bv_update_history` (`left_carry`, `date`, `from_id`, `user_id`) VALUES ('50', '2024-09-26 10:49:08', 'R1HSGO', 'LPFX8X');
INSERT INTO `matrix_filling` (`placement_id`, `downline_id`, `level`, `matrix`) VALUES ('9XKM93', 'R1HSGO', 14, 1);
UPDATE `bv_updation` SET left_carry = left_carry+50, total_left = total_left+50
WHERE `user_id` = '9XKM93';
INSERT INTO `placement_bv_update_history` (`left_carry`, `date`, `from_id`, `user_id`) VALUES ('50', '2024-09-26 10:49:08', 'R1HSGO', '9XKM93');
INSERT INTO `matrix_filling` (`placement_id`, `downline_id`, `level`, `matrix`) VALUES ('X3NL3Q', 'R1HSGO', 15, 1);
UPDATE `bv_updation` SET left_carry = left_carry+50, total_left = total_left+50
WHERE `user_id` = 'X3NL3Q';
INSERT INTO `placement_bv_update_history` (`left_carry`, `date`, `from_id`, `user_id`) VALUES ('50', '2024-09-26 10:49:08', 'R1HSGO', 'X3NL3Q');
INSERT INTO `matrix_filling` (`placement_id`, `downline_id`, `level`, `matrix`) VALUES ('MQNE39', 'R1HSGO', 16, 1);
UPDATE `bv_updation` SET left_carry = left_carry+50, total_left = total_left+50
WHERE `user_id` = 'MQNE39';
INSERT INTO `placement_bv_update_history` (`left_carry`, `date`, `from_id`, `user_id`) VALUES ('50', '2024-09-26 10:49:08', 'R1HSGO', 'MQNE39');
INSERT INTO `matrix_filling` (`placement_id`, `downline_id`, `level`, `matrix`) VALUES ('6SUQNY', 'R1HSGO', 17, 1);
UPDATE `bv_updation` SET left_carry = left_carry+50, total_left = total_left+50
WHERE `user_id` = '6SUQNY';
INSERT INTO `placement_bv_update_history` (`left_carry`, `date`, `from_id`, `user_id`) VALUES ('50', '2024-09-26 10:49:08', 'R1HSGO', '6SUQNY');
INSERT INTO `matrix_filling` (`placement_id`, `downline_id`, `level`, `matrix`) VALUES ('5K7DS2', 'R1HSGO', 18, 1);
INSERT INTO `matrix_filling` (`placement_id`, `downline_id`, `level`, `matrix`) VALUES ('HI62BI', 'R1HSGO', 19, 1);
UPDATE `bv_updation` SET right_carry = right_carry+50, total_right = total_right+50
WHERE `user_id` = 'HI62BI';
INSERT INTO `placement_bv_update_history` (`right_carry`, `date`, `from_id`, `user_id`) VALUES ('50', '2024-09-26 10:49:08', 'R1HSGO', 'HI62BI');
INSERT INTO `matrix_filling` (`placement_id`, `downline_id`, `level`, `matrix`) VALUES ('1FFFBU', 'R1HSGO', 20, 1);
UPDATE `bv_updation` SET right_carry = right_carry+50, total_right = total_right+50
WHERE `user_id` = '1FFFBU';
INSERT INTO `placement_bv_update_history` (`right_carry`, `date`, `from_id`, `user_id`) VALUES ('50', '2024-09-26 10:49:08', 'R1HSGO', '1FFFBU');
INSERT INTO `matrix_filling` (`placement_id`, `downline_id`, `level`, `matrix`) VALUES ('J4CGUT', 'R1HSGO', 21, 1);
UPDATE `bv_updation` SET left_carry = left_carry+50, total_left = total_left+50
WHERE `user_id` = 'J4CGUT';
INSERT INTO `placement_bv_update_history` (`left_carry`, `date`, `from_id`, `user_id`) VALUES ('50', '2024-09-26 10:49:08', 'R1HSGO', 'J4CGUT');
INSERT INTO `matrix_filling` (`placement_id`, `downline_id`, `level`, `matrix`) VALUES ('S1RTX3', 'R1HSGO', 22, 1);
UPDATE `bv_updation` SET left_carry = left_carry+50, total_left = total_left+50
WHERE `user_id` = 'S1RTX3';
INSERT INTO `placement_bv_update_history` (`left_carry`, `date`, `from_id`, `user_id`) VALUES ('50', '2024-09-26 10:49:08', 'R1HSGO', 'S1RTX3');
INSERT INTO `matrix_filling` (`placement_id`, `downline_id`, `level`, `matrix`) VALUES ('I8YWQA', 'R1HSGO', 23, 1);
UPDATE `bv_updation` SET left_carry = left_carry+50, total_left = total_left+50
WHERE `user_id` = 'I8YWQA';
INSERT INTO `placement_bv_update_history` (`left_carry`, `date`, `from_id`, `user_id`) VALUES ('50', '2024-09-26 10:49:08', 'R1HSGO', 'I8YWQA');
INSERT INTO `matrix_filling` (`placement_id`, `downline_id`, `level`, `matrix`) VALUES ('I3MZBU', 'R1HSGO', 24, 1);
UPDATE `bv_updation` SET left_carry = left_carry+50, total_left = total_left+50
WHERE `user_id` = 'I3MZBU';
INSERT INTO `placement_bv_update_history` (`left_carry`, `date`, `from_id`, `user_id`) VALUES ('50', '2024-09-26 10:49:08', 'R1HSGO', 'I3MZBU');
INSERT INTO `matrix_filling` (`placement_id`, `downline_id`, `level`, `matrix`) VALUES ('H2I33O', 'R1HSGO', 25, 1);
UPDATE `bv_updation` SET left_carry = left_carry+50, total_left = total_left+50
WHERE `user_id` = 'H2I33O';
INSERT INTO `placement_bv_update_history` (`left_carry`, `date`, `from_id`, `user_id`) VALUES ('50', '2024-09-26 10:49:08', 'R1HSGO', 'H2I33O');
INSERT INTO `matrix_filling` (`placement_id`, `downline_id`, `level`, `matrix`) VALUES ('AL7XWH', 'R1HSGO', 26, 1);
UPDATE `bv_updation` SET left_carry = left_carry+50, total_left = total_left+50
WHERE `user_id` = 'AL7XWH';
INSERT INTO `placement_bv_update_history` (`left_carry`, `date`, `from_id`, `user_id`) VALUES ('50', '2024-09-26 10:49:08', 'R1HSGO', 'AL7XWH');
INSERT INTO `matrix_filling` (`placement_id`, `downline_id`, `level`, `matrix`) VALUES ('HFZ9SA', 'R1HSGO', 27, 1);
UPDATE `bv_updation` SET left_carry = left_carry+50, total_left = total_left+50
WHERE `user_id` = 'HFZ9SA';
INSERT INTO `placement_bv_update_history` (`left_carry`, `date`, `from_id`, `user_id`) VALUES ('50', '2024-09-26 10:49:08', 'R1HSGO', 'HFZ9SA');
INSERT INTO `matrix_filling` (`placement_id`, `downline_id`, `level`, `matrix`) VALUES ('A2MTZ3', 'R1HSGO', 28, 1);
UPDATE `bv_updation` SET left_carry = left_carry+50, total_left = total_left+50
WHERE `user_id` = 'A2MTZ3';
INSERT INTO `placement_bv_update_history` (`left_carry`, `date`, `from_id`, `user_id`) VALUES ('50', '2024-09-26 10:49:08', 'R1HSGO', 'A2MTZ3');
INSERT INTO `matrix_filling` (`placement_id`, `downline_id`, `level`, `matrix`) VALUES ('RUEKCW', 'R1HSGO', 29, 1);
UPDATE `bv_updation` SET left_carry = left_carry+50, total_left = total_left+50
WHERE `user_id` = 'RUEKCW';
INSERT INTO `placement_bv_update_history` (`left_carry`, `date`, `from_id`, `user_id`) VALUES ('50', '2024-09-26 10:49:08', 'R1HSGO', 'RUEKCW');
INSERT INTO `matrix_filling` (`placement_id`, `downline_id`, `level`, `matrix`) VALUES ('K3GTG4', 'R1HSGO', 30, 1);
UPDATE `bv_updation` SET left_carry = left_carry+50, total_left = total_left+50
WHERE `user_id` = 'K3GTG4';
INSERT INTO `placement_bv_update_history` (`left_carry`, `date`, `from_id`, `user_id`) VALUES ('50', '2024-09-26 10:49:08', 'R1HSGO', 'K3GTG4');
INSERT INTO `matrix_filling` (`placement_id`, `downline_id`, `level`, `matrix`) VALUES ('I1TUBN', 'R1HSGO', 31, 1);
UPDATE `bv_updation` SET left_carry = left_carry+50, total_left = total_left+50
WHERE `user_id` = 'I1TUBN';
INSERT INTO `placement_bv_update_history` (`left_carry`, `date`, `from_id`, `user_id`) VALUES ('50', '2024-09-26 10:49:08', 'R1HSGO', 'I1TUBN');
INSERT INTO `matrix_filling` (`placement_id`, `downline_id`, `level`, `matrix`) VALUES ('BAUCCU', 'R1HSGO', 32, 1);
UPDATE `bv_updation` SET left_carry = left_carry+50, total_left = total_left+50
WHERE `user_id` = 'BAUCCU';
INSERT INTO `placement_bv_update_history` (`left_carry`, `date`, `from_id`, `user_id`) VALUES ('50', '2024-09-26 10:49:08', 'R1HSGO', 'BAUCCU');
INSERT INTO `matrix_filling` (`placement_id`, `downline_id`, `level`, `matrix`) VALUES ('62QO97', 'R1HSGO', 33, 1);
UPDATE `bv_updation` SET left_carry = left_carry+50, total_left = total_left+50
WHERE `user_id` = '62QO97';
INSERT INTO `placement_bv_update_history` (`left_carry`, `date`, `from_id`, `user_id`) VALUES ('50', '2024-09-26 10:49:08', 'R1HSGO', '62QO97');
INSERT INTO `matrix_filling` (`placement_id`, `downline_id`, `level`, `matrix`) VALUES ('OHLQEO', 'R1HSGO', 34, 1);
UPDATE `bv_updation` SET left_carry = left_carry+50, total_left = total_left+50
WHERE `user_id` = 'OHLQEO';
INSERT INTO `placement_bv_update_history` (`left_carry`, `date`, `from_id`, `user_id`) VALUES ('50', '2024-09-26 10:49:08', 'R1HSGO', 'OHLQEO');
INSERT INTO `matrix_filling` (`placement_id`, `downline_id`, `level`, `matrix`) VALUES ('7APFKG', 'R1HSGO', 35, 1);
UPDATE `bv_updation` SET left_carry = left_carry+50, total_left = total_left+50
WHERE `user_id` = '7APFKG';
INSERT INTO `placement_bv_update_history` (`left_carry`, `date`, `from_id`, `user_id`) VALUES ('50', '2024-09-26 10:49:08', 'R1HSGO', '7APFKG');
INSERT INTO `matrix_filling` (`placement_id`, `downline_id`, `level`, `matrix`) VALUES ('Q2Q92Y', 'R1HSGO', 36, 1);
UPDATE `bv_updation` SET left_carry = left_carry+50, total_left = total_left+50
WHERE `user_id` = 'Q2Q92Y';
INSERT INTO `placement_bv_update_history` (`left_carry`, `date`, `from_id`, `user_id`) VALUES ('50', '2024-09-26 10:49:08', 'R1HSGO', 'Q2Q92Y');
INSERT INTO `matrix_filling` (`placement_id`, `downline_id`, `level`, `matrix`) VALUES ('E9ITRC', 'R1HSGO', 37, 1);
UPDATE `bv_updation` SET left_carry = left_carry+50, total_left = total_left+50
WHERE `user_id` = 'E9ITRC';
INSERT INTO `placement_bv_update_history` (`left_carry`, `date`, `from_id`, `user_id`) VALUES ('50', '2024-09-26 10:49:08', 'R1HSGO', 'E9ITRC');
INSERT INTO `matrix_filling` (`placement_id`, `downline_id`, `level`, `matrix`) VALUES ('7COKBB', 'R1HSGO', 38, 1);
UPDATE `bv_updation` SET left_carry = left_carry+50, total_left = total_left+50
WHERE `user_id` = '7COKBB';
INSERT INTO `placement_bv_update_history` (`left_carry`, `date`, `from_id`, `user_id`) VALUES ('50', '2024-09-26 10:49:08', 'R1HSGO', '7COKBB');
INSERT INTO `matrix_filling` (`placement_id`, `downline_id`, `level`, `matrix`) VALUES ('BDNS17', 'R1HSGO', 39, 1);
UPDATE `bv_updation` SET left_carry = left_carry+50, total_left = total_left+50
WHERE `user_id` = 'BDNS17';
INSERT INTO `placement_bv_update_history` (`left_carry`, `date`, `from_id`, `user_id`) VALUES ('50', '2024-09-26 10:49:08', 'R1HSGO', 'BDNS17');
INSERT INTO `matrix_filling` (`placement_id`, `downline_id`, `level`, `matrix`) VALUES ('7ZXRRE', 'R1HSGO', 40, 1);
UPDATE `bv_updation` SET left_carry = left_carry+50, total_left = total_left+50
WHERE `user_id` = '7ZXRRE';
INSERT INTO `placement_bv_update_history` (`left_carry`, `date`, `from_id`, `user_id`) VALUES ('50', '2024-09-26 10:49:08', 'R1HSGO', '7ZXRRE');
INSERT INTO `matrix_filling` (`placement_id`, `downline_id`, `level`, `matrix`) VALUES ('KLRAF5', 'R1HSGO', 41, 1);
UPDATE `bv_updation` SET left_carry = left_carry+50, total_left = total_left+50
WHERE `user_id` = 'KLRAF5';
INSERT INTO `placement_bv_update_history` (`left_carry`, `date`, `from_id`, `user_id`) VALUES ('50', '2024-09-26 10:49:08', 'R1HSGO', 'KLRAF5');
INSERT INTO `matrix_filling` (`placement_id`, `downline_id`, `level`, `matrix`) VALUES ('IFJHZG', 'R1HSGO', 42, 1);
UPDATE `bv_updation` SET left_carry = left_carry+50, total_left = total_left+50
WHERE `user_id` = 'IFJHZG';
INSERT INTO `placement_bv_update_history` (`left_carry`, `date`, `from_id`, `user_id`) VALUES ('50', '2024-09-26 10:49:08', 'R1HSGO', 'IFJHZG');
INSERT INTO `matrix_filling` (`placement_id`, `downline_id`, `level`, `matrix`) VALUES ('MXUV8Q', 'R1HSGO', 43, 1);
UPDATE `bv_updation` SET left_carry = left_carry+50, total_left = total_left+50
WHERE `user_id` = 'MXUV8Q';
INSERT INTO `placement_bv_update_history` (`left_carry`, `date`, `from_id`, `user_id`) VALUES ('50', '2024-09-26 10:49:08', 'R1HSGO', 'MXUV8Q');
INSERT INTO `matrix_filling` (`placement_id`, `downline_id`, `level`, `matrix`) VALUES ('GGM164', 'R1HSGO', 44, 1);
UPDATE `bv_updation` SET left_carry = left_carry+50, total_left = total_left+50
WHERE `user_id` = 'GGM164';
INSERT INTO `placement_bv_update_history` (`left_carry`, `date`, `from_id`, `user_id`) VALUES ('50', '2024-09-26 10:49:08', 'R1HSGO', 'GGM164');
INSERT INTO `matrix_filling` (`placement_id`, `downline_id`, `level`, `matrix`) VALUES ('3NKIEX', 'R1HSGO', 45, 1);
UPDATE `bv_updation` SET left_carry = left_carry+50, total_left = total_left+50
WHERE `user_id` = '3NKIEX';
INSERT INTO `placement_bv_update_history` (`left_carry`, `date`, `from_id`, `user_id`) VALUES ('50', '2024-09-26 10:49:08', 'R1HSGO', '3NKIEX');
INSERT INTO `matrix_filling` (`placement_id`, `downline_id`, `level`, `matrix`) VALUES ('S56TH3', 'R1HSGO', 46, 1);
UPDATE `bv_updation` SET left_carry = left_carry+50, total_left = total_left+50
WHERE `user_id` = 'S56TH3';
INSERT INTO `placement_bv_update_history` (`left_carry`, `date`, `from_id`, `user_id`) VALUES ('50', '2024-09-26 10:49:08', 'R1HSGO', 'S56TH3');
INSERT INTO `matrix_filling` (`placement_id`, `downline_id`, `level`, `matrix`) VALUES ('XYG89U', 'R1HSGO', 47, 1);
UPDATE `bv_updation` SET left_carry = left_carry+50, total_left = total_left+50
WHERE `user_id` = 'XYG89U';
INSERT INTO `placement_bv_update_history` (`left_carry`, `date`, `from_id`, `user_id`) VALUES ('50', '2024-09-26 10:49:08', 'R1HSGO', 'XYG89U');
INSERT INTO `matrix_filling` (`placement_id`, `downline_id`, `level`, `matrix`) VALUES ('HTFY93', 'R1HSGO', 48, 1);
UPDATE `bv_updation` SET left_carry = left_carry+50, total_left = total_left+50
WHERE `user_id` = 'HTFY93';
INSERT INTO `placement_bv_update_history` (`left_carry`, `date`, `from_id`, `user_id`) VALUES ('50', '2024-09-26 10:49:08', 'R1HSGO', 'HTFY93');
INSERT INTO `matrix_filling` (`placement_id`, `downline_id`, `level`, `matrix`) VALUES ('3PR393', 'R1HSGO', 49, 1);
UPDATE `bv_updation` SET left_carry = left_carry+50, total_left = total_left+50
WHERE `user_id` = '3PR393';
INSERT INTO `placement_bv_update_history` (`left_carry`, `date`, `from_id`, `user_id`) VALUES ('50', '2024-09-26 10:49:08', 'R1HSGO', '3PR393');
INSERT INTO `matrix_filling` (`placement_id`, `downline_id`, `level`, `matrix`) VALUES ('T3MRY1', 'R1HSGO', 50, 1);
UPDATE `bv_updation` SET left_carry = left_carry+50, total_left = total_left+50
WHERE `user_id` = 'T3MRY1';
INSERT INTO `placement_bv_update_history` (`left_carry`, `date`, `from_id`, `user_id`) VALUES ('50', '2024-09-26 10:49:08', 'R1HSGO', 'T3MRY1');
INSERT INTO `matrix_filling` (`placement_id`, `downline_id`, `level`, `matrix`) VALUES ('GTMCCK', 'R1HSGO', 51, 1);
UPDATE `bv_updation` SET left_carry = left_carry+50, total_left = total_left+50
WHERE `user_id` = 'GTMCCK';
INSERT INTO `placement_bv_update_history` (`left_carry`, `date`, `from_id`, `user_id`) VALUES ('50', '2024-09-26 10:49:08', 'R1HSGO', 'GTMCCK');
INSERT INTO `matrix_filling` (`placement_id`, `downline_id`, `level`, `matrix`) VALUES ('DLYMIF', 'R1HSGO', 52, 1);
UPDATE `bv_updation` SET left_carry = left_carry+50, total_left = total_left+50
WHERE `user_id` = 'DLYMIF';
INSERT INTO `placement_bv_update_history` (`left_carry`, `date`, `from_id`, `user_id`) VALUES ('50', '2024-09-26 10:49:08', 'R1HSGO', 'DLYMIF');
INSERT INTO `matrix_filling` (`placement_id`, `downline_id`, `level`, `matrix`) VALUES ('WGJ5KE', 'R1HSGO', 53, 1);
UPDATE `bv_updation` SET left_carry = left_carry+50, total_left = total_left+50
WHERE `user_id` = 'WGJ5KE';
INSERT INTO `placement_bv_update_history` (`left_carry`, `date`, `from_id`, `user_id`) VALUES ('50', '2024-09-26 10:49:08', 'R1HSGO', 'WGJ5KE');
INSERT INTO `matrix_filling` (`placement_id`, `downline_id`, `level`, `matrix`) VALUES ('ORRJ3M', 'R1HSGO', 54, 1);
UPDATE `bv_updation` SET left_carry = left_carry+50, total_left = total_left+50
WHERE `user_id` = 'ORRJ3M';
INSERT INTO `placement_bv_update_history` (`left_carry`, `date`, `from_id`, `user_id`) VALUES ('50', '2024-09-26 10:49:08', 'R1HSGO', 'ORRJ3M');
INSERT INTO `matrix_filling` (`placement_id`, `downline_id`, `level`, `matrix`) VALUES ('AA8V6V', 'R1HSGO', 55, 1);
UPDATE `bv_updation` SET left_carry = left_carry+50, total_left = total_left+50
WHERE `user_id` = 'AA8V6V';
INSERT INTO `placement_bv_update_history` (`left_carry`, `date`, `from_id`, `user_id`) VALUES ('50', '2024-09-26 10:49:08', 'R1HSGO', 'AA8V6V');
INSERT INTO `matrix_filling` (`placement_id`, `downline_id`, `level`, `matrix`) VALUES ('61ME4O', 'R1HSGO', 56, 1);
UPDATE `bv_updation` SET left_carry = left_carry+50, total_left = total_left+50
WHERE `user_id` = '61ME4O';
INSERT INTO `placement_bv_update_history` (`left_carry`, `date`, `from_id`, `user_id`) VALUES ('50', '2024-09-26 10:49:08', 'R1HSGO', '61ME4O');
INSERT INTO `matrix_filling` (`placement_id`, `downline_id`, `level`, `matrix`) VALUES ('WS1SZZ', 'R1HSGO', 57, 1);
UPDATE `bv_updation` SET left_carry = left_carry+50, total_left = total_left+50
WHERE `user_id` = 'WS1SZZ';
INSERT INTO `placement_bv_update_history` (`left_carry`, `date`, `from_id`, `user_id`) VALUES ('50', '2024-09-26 10:49:08', 'R1HSGO', 'WS1SZZ');
INSERT INTO `matrix_filling` (`placement_id`, `downline_id`, `level`, `matrix`) VALUES ('TBN4MZ', 'R1HSGO', 58, 1);
UPDATE `bv_updation` SET left_carry = left_carry+50, total_left = total_left+50
WHERE `user_id` = 'TBN4MZ';
INSERT INTO `placement_bv_update_history` (`left_carry`, `date`, `from_id`, `user_id`) VALUES ('50', '2024-09-26 10:49:08', 'R1HSGO', 'TBN4MZ');
INSERT INTO `matrix_filling` (`placement_id`, `downline_id`, `level`, `matrix`) VALUES ('OEMJ8R', 'R1HSGO', 59, 1);
UPDATE `bv_updation` SET left_carry = left_carry+50, total_left = total_left+50
WHERE `user_id` = 'OEMJ8R';
INSERT INTO `placement_bv_update_history` (`left_carry`, `date`, `from_id`, `user_id`) VALUES ('50', '2024-09-26 10:49:08', 'R1HSGO', 'OEMJ8R');
INSERT INTO `matrix_filling` (`placement_id`, `downline_id`, `level`, `matrix`) VALUES ('FXAYIE', 'R1HSGO', 60, 1);
UPDATE `bv_updation` SET left_carry = left_carry+50, total_left = total_left+50
WHERE `user_id` = 'FXAYIE';
INSERT INTO `placement_bv_update_history` (`left_carry`, `date`, `from_id`, `user_id`) VALUES ('50', '2024-09-26 10:49:08', 'R1HSGO', 'FXAYIE');
INSERT INTO `matrix_filling` (`placement_id`, `downline_id`, `level`, `matrix`) VALUES ('ELXZWC', 'R1HSGO', 61, 1);
UPDATE `bv_updation` SET left_carry = left_carry+50, total_left = total_left+50
WHERE `user_id` = 'ELXZWC';
INSERT INTO `placement_bv_update_history` (`left_carry`, `date`, `from_id`, `user_id`) VALUES ('50', '2024-09-26 10:49:08', 'R1HSGO', 'ELXZWC');
INSERT INTO `matrix_filling` (`placement_id`, `downline_id`, `level`, `matrix`) VALUES ('C1TQVI', 'R1HSGO', 62, 1);
UPDATE `bv_updation` SET left_carry = left_carry+50, total_left = total_left+50
WHERE `user_id` = 'C1TQVI';
INSERT INTO `placement_bv_update_history` (`left_carry`, `date`, `from_id`, `user_id`) VALUES ('50', '2024-09-26 10:49:08', 'R1HSGO', 'C1TQVI');
INSERT INTO `matrix_filling` (`placement_id`, `downline_id`, `level`, `matrix`) VALUES ('F5GPDF', 'R1HSGO', 63, 1);
UPDATE `bv_updation` SET left_carry = left_carry+50, total_left = total_left+50
WHERE `user_id` = 'F5GPDF';
INSERT INTO `placement_bv_update_history` (`left_carry`, `date`, `from_id`, `user_id`) VALUES ('50', '2024-09-26 10:49:08', 'R1HSGO', 'F5GPDF');
INSERT INTO `matrix_filling` (`placement_id`, `downline_id`, `level`, `matrix`) VALUES ('91PYDK', 'R1HSGO', 64, 1);
UPDATE `bv_updation` SET left_carry = left_carry+50, total_left = total_left+50
WHERE `user_id` = '91PYDK';
INSERT INTO `placement_bv_update_history` (`left_carry`, `date`, `from_id`, `user_id`) VALUES ('50', '2024-09-26 10:49:08', 'R1HSGO', '91PYDK');
INSERT INTO `matrix_filling` (`placement_id`, `downline_id`, `level`, `matrix`) VALUES ('4OT7RX', 'R1HSGO', 65, 1);
UPDATE `bv_updation` SET left_carry = left_carry+50, total_left = total_left+50
WHERE `user_id` = '4OT7RX';
INSERT INTO `placement_bv_update_history` (`left_carry`, `date`, `from_id`, `user_id`) VALUES ('50', '2024-09-26 10:49:08', 'R1HSGO', '4OT7RX');
INSERT INTO `matrix_filling` (`placement_id`, `downline_id`, `level`, `matrix`) VALUES ('ZJZA3M', 'R1HSGO', 66, 1);
UPDATE `bv_updation` SET left_carry = left_carry+50, total_left = total_left+50
WHERE `user_id` = 'ZJZA3M';
INSERT INTO `placement_bv_update_history` (`left_carry`, `date`, `from_id`, `user_id`) VALUES ('50', '2024-09-26 10:49:08', 'R1HSGO', 'ZJZA3M');
INSERT INTO `matrix_filling` (`placement_id`, `downline_id`, `level`, `matrix`) VALUES ('XN6ETC', 'R1HSGO', 67, 1);
UPDATE `bv_updation` SET left_carry = left_carry+50, total_left = total_left+50
WHERE `user_id` = 'XN6ETC';
INSERT INTO `placement_bv_update_history` (`left_carry`, `date`, `from_id`, `user_id`) VALUES ('50', '2024-09-26 10:49:08', 'R1HSGO', 'XN6ETC');
INSERT INTO `matrix_filling` (`placement_id`, `downline_id`, `level`, `matrix`) VALUES ('KVQN1O', 'R1HSGO', 68, 1);
UPDATE `bv_updation` SET left_carry = left_carry+50, total_left = total_left+50
WHERE `user_id` = 'KVQN1O';
INSERT INTO `placement_bv_update_history` (`left_carry`, `date`, `from_id`, `user_id`) VALUES ('50', '2024-09-26 10:49:08', 'R1HSGO', 'KVQN1O');
INSERT INTO `matrix_filling` (`placement_id`, `downline_id`, `level`, `matrix`) VALUES ('X3V7DJ', 'R1HSGO', 69, 1);
UPDATE `bv_updation` SET left_carry = left_carry+50, total_left = total_left+50
WHERE `user_id` = 'X3V7DJ';
INSERT INTO `placement_bv_update_history` (`left_carry`, `date`, `from_id`, `user_id`) VALUES ('50', '2024-09-26 10:49:08', 'R1HSGO', 'X3V7DJ');
INSERT INTO `matrix_filling` (`placement_id`, `downline_id`, `level`, `matrix`) VALUES ('DJ77NH', 'R1HSGO', 70, 1);
UPDATE `bv_updation` SET left_carry = left_carry+50, total_left = total_left+50
WHERE `user_id` = 'DJ77NH';
INSERT INTO `placement_bv_update_history` (`left_carry`, `date`, `from_id`, `user_id`) VALUES ('50', '2024-09-26 10:49:08', 'R1HSGO', 'DJ77NH');
INSERT INTO `matrix_filling` (`placement_id`, `downline_id`, `level`, `matrix`) VALUES ('PX7XCL', 'R1HSGO', 71, 1);
UPDATE `bv_updation` SET left_carry = left_carry+50, total_left = total_left+50
WHERE `user_id` = 'PX7XCL';
INSERT INTO `placement_bv_update_history` (`left_carry`, `date`, `from_id`, `user_id`) VALUES ('50', '2024-09-26 10:49:08', 'R1HSGO', 'PX7XCL');
INSERT INTO `matrix_filling` (`placement_id`, `downline_id`, `level`, `matrix`) VALUES ('L8PM4Z', 'R1HSGO', 72, 1);
UPDATE `bv_updation` SET left_carry = left_carry+50, total_left = total_left+50
WHERE `user_id` = 'L8PM4Z';
INSERT INTO `placement_bv_update_history` (`left_carry`, `date`, `from_id`, `user_id`) VALUES ('50', '2024-09-26 10:49:08', 'R1HSGO', 'L8PM4Z');
INSERT INTO `matrix_filling` (`placement_id`, `downline_id`, `level`, `matrix`) VALUES ('GBSIER', 'R1HSGO', 73, 1);
UPDATE `bv_updation` SET left_carry = left_carry+50, total_left = total_left+50
WHERE `user_id` = 'GBSIER';
INSERT INTO `placement_bv_update_history` (`left_carry`, `date`, `from_id`, `user_id`) VALUES ('50', '2024-09-26 10:49:08', 'R1HSGO', 'GBSIER');
INSERT INTO `matrix_filling` (`placement_id`, `downline_id`, `level`, `matrix`) VALUES ('AV48YQ', 'R1HSGO', 74, 1);
UPDATE `bv_updation` SET left_carry = left_carry+50, total_left = total_left+50
WHERE `user_id` = 'AV48YQ';
INSERT INTO `placement_bv_update_history` (`left_carry`, `date`, `from_id`, `user_id`) VALUES ('50', '2024-09-26 10:49:08', 'R1HSGO', 'AV48YQ');
INSERT INTO `matrix_filling` (`placement_id`, `downline_id`, `level`, `matrix`) VALUES ('admin', 'R1HSGO', 75, 1);
INSERT INTO `package_purchase_history` (`user_id`, `package_id`, `reg_fee`, `package_name`, `monthly_fee`, `type`, `date`, `payment_option`) VALUES ('R1HSGO', '2', '595', 'Traveler Pro', '150', 'sign_up', '2024-09-26 10:49:08', 'free');
UPDATE `user_registration` SET `popup_seen` = 'yes'
WHERE `user_id` = '5K7DS2';
UPDATE `user_registration` SET `uid` = '2685', `user_id` = 'DD7ZS2', `username` = 'lucas7', `sponsor_id` = 'NUPA4K', `vacant` = 'no', `f_name` = 'Lucas', `l_name` = 'Modric', `address` = '8100 SW 14 Terr', `position` = 'right', `email` = 'lucas7@gmail.com', `password` = '2376e3bd1b96ad0d0084ff3f4820d68a', `phone` = '7862876762', `country` = 'United States', `state` = 'Florida', `city` = 'Miami', `street` = '8100 SW 14 Terr', `zip_code` = '33144', `reg_ip` = '172.70.83.94', `status` = 1, `package_id` = '2', `rank_id` = 1, `highest_rank` = 1, `created` = '2024-09-26 10:49:45', `subscription_date` = '2024-10-26', `google_secret` = '622I6UUVHNFXS74B'
WHERE `uid` = '2685';
INSERT INTO `user_registration` (`uid`, `user_id`, `username`, `sponsor_id`, `placement_id`, `vacant`, `f_name`, `l_name`, `address`, `position`, `email`, `password`, `phone`, `reg_ip`, `status`, `created`) VALUES (NULL, 'AFSHLH', 'cuypdvkl', 'DD7ZS2', 'DD7ZS2', 'yes', '', '', '', 'left', '@mail.com', '', '', '', 0, '2024-09-26 10:49:45');
INSERT INTO `user_registration` (`uid`, `user_id`, `username`, `sponsor_id`, `placement_id`, `vacant`, `f_name`, `l_name`, `address`, `position`, `email`, `password`, `phone`, `reg_ip`, `status`, `created`) VALUES (NULL, 'GEXXGX', 'YkUlSyVB', 'DD7ZS2', 'DD7ZS2', 'yes', '', '', '', 'right', '@mail.com', '', '', '', 0, '2024-09-26 10:49:45');
INSERT INTO `bv_updation` (`user_id`) VALUES ('DD7ZS2');
UPDATE `user_registration` SET total_ref_count = total_ref_count+1
WHERE `user_id` = 'NUPA4K';
UPDATE `user_registration` SET total_downlines = total_downlines+1
WHERE `user_id` = 'F21O15';
UPDATE `user_registration` SET right_downlines = right_downlines+1
WHERE `user_id` = 'F21O15';
UPDATE `user_registration` SET total_downlines = total_downlines+1
WHERE `user_id` = 'UR3QY8';
UPDATE `user_registration` SET right_downlines = right_downlines+1
WHERE `user_id` = 'UR3QY8';
UPDATE `user_registration` SET total_downlines = total_downlines+1
WHERE `user_id` = '7DZUTJ';
UPDATE `user_registration` SET right_downlines = right_downlines+1
WHERE `user_id` = '7DZUTJ';
UPDATE `user_registration` SET total_downlines = total_downlines+1
WHERE `user_id` = '1BM251';
UPDATE `user_registration` SET right_downlines = right_downlines+1
WHERE `user_id` = '1BM251';
UPDATE `user_registration` SET total_downlines = total_downlines+1
WHERE `user_id` = 'VRG6MB';
UPDATE `user_registration` SET right_downlines = right_downlines+1
WHERE `user_id` = 'VRG6MB';
UPDATE `user_registration` SET total_downlines = total_downlines+1
WHERE `user_id` = 'IF93OZ';
UPDATE `user_registration` SET right_downlines = right_downlines+1
WHERE `user_id` = 'IF93OZ';
UPDATE `user_registration` SET total_downlines = total_downlines+1
WHERE `user_id` = '6O8Z46';
UPDATE `user_registration` SET right_downlines = right_downlines+1
WHERE `user_id` = '6O8Z46';
UPDATE `user_registration` SET total_downlines = total_downlines+1
WHERE `user_id` = '8IO4AU';
UPDATE `user_registration` SET right_downlines = right_downlines+1
WHERE `user_id` = '8IO4AU';
UPDATE `user_registration` SET total_downlines = total_downlines+1
WHERE `user_id` = 'IAXL4Y';
UPDATE `user_registration` SET right_downlines = right_downlines+1
WHERE `user_id` = 'IAXL4Y';
UPDATE `user_registration` SET total_downlines = total_downlines+1
WHERE `user_id` = 'KJQTCB';
UPDATE `user_registration` SET right_downlines = right_downlines+1
WHERE `user_id` = 'KJQTCB';
UPDATE `user_registration` SET total_downlines = total_downlines+1
WHERE `user_id` = 'CGSZCC';
UPDATE `user_registration` SET right_downlines = right_downlines+1
WHERE `user_id` = 'CGSZCC';
UPDATE `user_registration` SET total_downlines = total_downlines+1
WHERE `user_id` = 'MSD4O2';
UPDATE `user_registration` SET right_downlines = right_downlines+1
WHERE `user_id` = 'MSD4O2';
UPDATE `user_registration` SET total_downlines = total_downlines+1
WHERE `user_id` = 'RUEPZ3';
UPDATE `user_registration` SET right_downlines = right_downlines+1
WHERE `user_id` = 'RUEPZ3';
UPDATE `user_registration` SET total_downlines = total_downlines+1
WHERE `user_id` = '5CXKTT';
UPDATE `user_registration` SET right_downlines = right_downlines+1
WHERE `user_id` = '5CXKTT';
UPDATE `user_registration` SET total_downlines = total_downlines+1
WHERE `user_id` = 'S75FP2';
UPDATE `user_registration` SET right_downlines = right_downlines+1
WHERE `user_id` = 'S75FP2';
UPDATE `user_registration` SET total_downlines = total_downlines+1
WHERE `user_id` = 'NUPA4K';
UPDATE `user_registration` SET right_downlines = right_downlines+1
WHERE `user_id` = 'NUPA4K';
UPDATE `user_registration` SET right_ref_count = right_ref_count+1
WHERE `user_id` = 'NUPA4K';
UPDATE `user_registration` SET active_right = active_right+1
WHERE `user_id` = 'NUPA4K';
UPDATE `user_registration` SET total_downlines = total_downlines+1
WHERE `user_id` = '1FFFBU';
UPDATE `user_registration` SET left_downlines = left_downlines+1
WHERE `user_id` = '1FFFBU';
UPDATE `user_registration` SET total_downlines = total_downlines+1
WHERE `user_id` = 'J4CGUT';
UPDATE `user_registration` SET left_downlines = left_downlines+1
WHERE `user_id` = 'J4CGUT';
UPDATE `user_registration` SET total_downlines = total_downlines+1
WHERE `user_id` = 'S1RTX3';
UPDATE `user_registration` SET left_downlines = left_downlines+1
WHERE `user_id` = 'S1RTX3';
UPDATE `user_registration` SET total_downlines = total_downlines+1
WHERE `user_id` = 'I8YWQA';
UPDATE `user_registration` SET left_downlines = left_downlines+1
WHERE `user_id` = 'I8YWQA';
UPDATE `user_registration` SET total_downlines = total_downlines+1
WHERE `user_id` = 'I3MZBU';
UPDATE `user_registration` SET left_downlines = left_downlines+1
WHERE `user_id` = 'I3MZBU';
UPDATE `user_registration` SET total_downlines = total_downlines+1
WHERE `user_id` = 'H2I33O';
UPDATE `user_registration` SET left_downlines = left_downlines+1
WHERE `user_id` = 'H2I33O';
UPDATE `user_registration` SET total_downlines = total_downlines+1
WHERE `user_id` = 'AL7XWH';
UPDATE `user_registration` SET left_downlines = left_downlines+1
WHERE `user_id` = 'AL7XWH';
UPDATE `user_registration` SET total_downlines = total_downlines+1
WHERE `user_id` = 'HFZ9SA';
UPDATE `user_registration` SET left_downlines = left_downlines+1
WHERE `user_id` = 'HFZ9SA';
UPDATE `user_registration` SET total_downlines = total_downlines+1
WHERE `user_id` = 'A2MTZ3';
UPDATE `user_registration` SET left_downlines = left_downlines+1
WHERE `user_id` = 'A2MTZ3';
UPDATE `user_registration` SET total_downlines = total_downlines+1
WHERE `user_id` = 'RUEKCW';
UPDATE `user_registration` SET left_downlines = left_downlines+1
WHERE `user_id` = 'RUEKCW';
UPDATE `user_registration` SET total_downlines = total_downlines+1
WHERE `user_id` = 'K3GTG4';
UPDATE `user_registration` SET left_downlines = left_downlines+1
WHERE `user_id` = 'K3GTG4';
UPDATE `user_registration` SET total_downlines = total_downlines+1
WHERE `user_id` = 'I1TUBN';
UPDATE `user_registration` SET left_downlines = left_downlines+1
WHERE `user_id` = 'I1TUBN';
UPDATE `user_registration` SET total_downlines = total_downlines+1
WHERE `user_id` = 'BAUCCU';
UPDATE `user_registration` SET left_downlines = left_downlines+1
WHERE `user_id` = 'BAUCCU';
UPDATE `user_registration` SET total_downlines = total_downlines+1
WHERE `user_id` = '62QO97';
UPDATE `user_registration` SET left_downlines = left_downlines+1
WHERE `user_id` = '62QO97';
UPDATE `user_registration` SET total_downlines = total_downlines+1
WHERE `user_id` = 'OHLQEO';
UPDATE `user_registration` SET left_downlines = left_downlines+1
WHERE `user_id` = 'OHLQEO';
UPDATE `user_registration` SET total_downlines = total_downlines+1
WHERE `user_id` = '7APFKG';
UPDATE `user_registration` SET left_downlines = left_downlines+1
WHERE `user_id` = '7APFKG';
UPDATE `user_registration` SET total_downlines = total_downlines+1
WHERE `user_id` = 'Q2Q92Y';
UPDATE `user_registration` SET left_downlines = left_downlines+1
WHERE `user_id` = 'Q2Q92Y';
UPDATE `user_registration` SET total_downlines = total_downlines+1
WHERE `user_id` = 'E9ITRC';
UPDATE `user_registration` SET left_downlines = left_downlines+1
WHERE `user_id` = 'E9ITRC';
UPDATE `user_registration` SET total_downlines = total_downlines+1
WHERE `user_id` = '7COKBB';
UPDATE `user_registration` SET left_downlines = left_downlines+1
WHERE `user_id` = '7COKBB';
UPDATE `user_registration` SET total_downlines = total_downlines+1
WHERE `user_id` = 'BDNS17';
UPDATE `user_registration` SET left_downlines = left_downlines+1
WHERE `user_id` = 'BDNS17';
UPDATE `user_registration` SET total_downlines = total_downlines+1
WHERE `user_id` = '7ZXRRE';
UPDATE `user_registration` SET left_downlines = left_downlines+1
WHERE `user_id` = '7ZXRRE';
UPDATE `user_registration` SET total_downlines = total_downlines+1
WHERE `user_id` = 'KLRAF5';
UPDATE `user_registration` SET left_downlines = left_downlines+1
WHERE `user_id` = 'KLRAF5';
UPDATE `user_registration` SET total_downlines = total_downlines+1
WHERE `user_id` = 'IFJHZG';
UPDATE `user_registration` SET left_downlines = left_downlines+1
WHERE `user_id` = 'IFJHZG';
UPDATE `user_registration` SET total_downlines = total_downlines+1
WHERE `user_id` = 'MXUV8Q';
UPDATE `user_registration` SET left_downlines = left_downlines+1
WHERE `user_id` = 'MXUV8Q';
UPDATE `user_registration` SET total_downlines = total_downlines+1
WHERE `user_id` = 'GGM164';
UPDATE `user_registration` SET left_downlines = left_downlines+1
WHERE `user_id` = 'GGM164';
UPDATE `user_registration` SET total_downlines = total_downlines+1
WHERE `user_id` = '3NKIEX';
UPDATE `user_registration` SET left_downlines = left_downlines+1
WHERE `user_id` = '3NKIEX';
UPDATE `user_registration` SET total_downlines = total_downlines+1
WHERE `user_id` = 'S56TH3';
UPDATE `user_registration` SET left_downlines = left_downlines+1
WHERE `user_id` = 'S56TH3';
UPDATE `user_registration` SET total_downlines = total_downlines+1
WHERE `user_id` = 'XYG89U';
UPDATE `user_registration` SET left_downlines = left_downlines+1
WHERE `user_id` = 'XYG89U';
UPDATE `user_registration` SET total_downlines = total_downlines+1
WHERE `user_id` = 'HTFY93';
UPDATE `user_registration` SET left_downlines = left_downlines+1
WHERE `user_id` = 'HTFY93';
UPDATE `user_registration` SET total_downlines = total_downlines+1
WHERE `user_id` = '3PR393';
UPDATE `user_registration` SET left_downlines = left_downlines+1
WHERE `user_id` = '3PR393';
UPDATE `user_registration` SET total_downlines = total_downlines+1
WHERE `user_id` = 'T3MRY1';
UPDATE `user_registration` SET left_downlines = left_downlines+1
WHERE `user_id` = 'T3MRY1';
UPDATE `user_registration` SET total_downlines = total_downlines+1
WHERE `user_id` = 'GTMCCK';
UPDATE `user_registration` SET left_downlines = left_downlines+1
WHERE `user_id` = 'GTMCCK';
UPDATE `user_registration` SET total_downlines = total_downlines+1
WHERE `user_id` = 'DLYMIF';
UPDATE `user_registration` SET left_downlines = left_downlines+1
WHERE `user_id` = 'DLYMIF';
UPDATE `user_registration` SET total_downlines = total_downlines+1
WHERE `user_id` = 'WGJ5KE';
UPDATE `user_registration` SET left_downlines = left_downlines+1
WHERE `user_id` = 'WGJ5KE';
UPDATE `user_registration` SET total_downlines = total_downlines+1
WHERE `user_id` = 'ORRJ3M';
UPDATE `user_registration` SET left_downlines = left_downlines+1
WHERE `user_id` = 'ORRJ3M';
UPDATE `user_registration` SET total_downlines = total_downlines+1
WHERE `user_id` = 'AA8V6V';
UPDATE `user_registration` SET left_downlines = left_downlines+1
WHERE `user_id` = 'AA8V6V';
UPDATE `user_registration` SET total_downlines = total_downlines+1
WHERE `user_id` = '61ME4O';
UPDATE `user_registration` SET left_downlines = left_downlines+1
WHERE `user_id` = '61ME4O';
UPDATE `user_registration` SET total_downlines = total_downlines+1
WHERE `user_id` = 'WS1SZZ';
UPDATE `user_registration` SET left_downlines = left_downlines+1
WHERE `user_id` = 'WS1SZZ';
UPDATE `user_registration` SET total_downlines = total_downlines+1
WHERE `user_id` = 'TBN4MZ';
UPDATE `user_registration` SET left_downlines = left_downlines+1
WHERE `user_id` = 'TBN4MZ';
UPDATE `user_registration` SET total_downlines = total_downlines+1
WHERE `user_id` = 'OEMJ8R';
UPDATE `user_registration` SET left_downlines = left_downlines+1
WHERE `user_id` = 'OEMJ8R';
UPDATE `user_registration` SET total_downlines = total_downlines+1
WHERE `user_id` = 'FXAYIE';
UPDATE `user_registration` SET left_downlines = left_downlines+1
WHERE `user_id` = 'FXAYIE';
UPDATE `user_registration` SET total_downlines = total_downlines+1
WHERE `user_id` = 'ELXZWC';
UPDATE `user_registration` SET left_downlines = left_downlines+1
WHERE `user_id` = 'ELXZWC';
UPDATE `user_registration` SET total_downlines = total_downlines+1
WHERE `user_id` = 'C1TQVI';
UPDATE `user_registration` SET left_downlines = left_downlines+1
WHERE `user_id` = 'C1TQVI';
UPDATE `user_registration` SET total_downlines = total_downlines+1
WHERE `user_id` = 'F5GPDF';
UPDATE `user_registration` SET left_downlines = left_downlines+1
WHERE `user_id` = 'F5GPDF';
UPDATE `user_registration` SET total_downlines = total_downlines+1
WHERE `user_id` = '91PYDK';
UPDATE `user_registration` SET left_downlines = left_downlines+1
WHERE `user_id` = '91PYDK';
UPDATE `user_registration` SET total_downlines = total_downlines+1
WHERE `user_id` = '4OT7RX';
UPDATE `user_registration` SET left_downlines = left_downlines+1
WHERE `user_id` = '4OT7RX';
UPDATE `user_registration` SET total_downlines = total_downlines+1
WHERE `user_id` = 'ZJZA3M';
UPDATE `user_registration` SET left_downlines = left_downlines+1
WHERE `user_id` = 'ZJZA3M';
UPDATE `user_registration` SET total_downlines = total_downlines+1
WHERE `user_id` = 'XN6ETC';
UPDATE `user_registration` SET left_downlines = left_downlines+1
WHERE `user_id` = 'XN6ETC';
UPDATE `user_registration` SET total_downlines = total_downlines+1
WHERE `user_id` = 'KVQN1O';
UPDATE `user_registration` SET left_downlines = left_downlines+1
WHERE `user_id` = 'KVQN1O';
UPDATE `user_registration` SET total_downlines = total_downlines+1
WHERE `user_id` = 'X3V7DJ';
UPDATE `user_registration` SET left_downlines = left_downlines+1
WHERE `user_id` = 'X3V7DJ';
UPDATE `user_registration` SET total_downlines = total_downlines+1
WHERE `user_id` = 'DJ77NH';
UPDATE `user_registration` SET left_downlines = left_downlines+1
WHERE `user_id` = 'DJ77NH';
UPDATE `user_registration` SET total_downlines = total_downlines+1
WHERE `user_id` = 'PX7XCL';
UPDATE `user_registration` SET left_downlines = left_downlines+1
WHERE `user_id` = 'PX7XCL';
UPDATE `user_registration` SET total_downlines = total_downlines+1
WHERE `user_id` = 'L8PM4Z';
UPDATE `user_registration` SET left_downlines = left_downlines+1
WHERE `user_id` = 'L8PM4Z';
UPDATE `user_registration` SET total_downlines = total_downlines+1
WHERE `user_id` = 'GBSIER';
UPDATE `user_registration` SET left_downlines = left_downlines+1
WHERE `user_id` = 'GBSIER';
UPDATE `user_registration` SET total_downlines = total_downlines+1
WHERE `user_id` = 'AV48YQ';
UPDATE `user_registration` SET left_downlines = left_downlines+1
WHERE `user_id` = 'AV48YQ';
UPDATE `user_registration` SET total_downlines = total_downlines+1
WHERE `user_id` = 'admin';
UPDATE `user_registration` SET left_downlines = left_downlines+1
WHERE `user_id` = 'admin';
INSERT INTO `investment` (`invest_date`, `user_id`, `type`, `amount`, `package_id`) VALUES ('2024-09-26 10:49:45', 'DD7ZS2', 'register', '595', '2');
INSERT INTO `earnings` (`user_id`, `Purchaser_id`, `earning_type`, `package_id`, `amount`, `date`, `comments`, `invest_amount`, `comm_perc`, `level`, `rank_id`, `order_id`) VALUES ('NUPA4K', 'DD7ZS2', 'Direct Referral Bonus', '2', '100', '2024-09-26 10:49:45', 'Direct Referral Bonus', 0, 0, 1, '', 188);
UPDATE `user_registration` SET commission_balance = ROUND(commission_balance + 100,2)
WHERE `user_id` = 'NUPA4K';
INSERT INTO `earnings` (`user_id`, `Purchaser_id`, `earning_type`, `package_id`, `amount`, `date`, `comments`, `invest_amount`, `comm_perc`, `level`, `rank_id`, `order_id`) VALUES ('1FFFBU', 'DD7ZS2', 'Expansion Bonus', '2', 100, '2024-09-26 10:49:45', 'Expansion Bonus', '100', 0, 1, '', 188);
UPDATE `user_registration` SET commission_balance = ROUND(commission_balance + 100,2)
WHERE `user_id` = '1FFFBU';
INSERT INTO `earnings` (`user_id`, `Purchaser_id`, `earning_type`, `package_id`, `amount`, `date`, `comments`, `invest_amount`, `comm_perc`, `level`, `rank_id`, `order_id`) VALUES ('admin', 'DD7ZS2', 'Expansion Bonus', '2', 100, '2024-09-26 10:49:45', 'Expansion Bonus', 200, 0, 1, '', 188);
UPDATE `user_registration` SET commission_balance = ROUND(commission_balance + 100,2)
WHERE `user_id` = 'admin';
INSERT INTO `matrix_filling` (`placement_id`, `downline_id`, `level`, `matrix`) VALUES ('F21O15', 'DD7ZS2', 1, 1);
UPDATE `bv_updation` SET right_carry = right_carry+50, total_right = total_right+50
WHERE `user_id` = 'F21O15';
INSERT INTO `placement_bv_update_history` (`right_carry`, `date`, `from_id`, `user_id`) VALUES ('50', '2024-09-26 10:49:45', 'DD7ZS2', 'F21O15');
INSERT INTO `matrix_filling` (`placement_id`, `downline_id`, `level`, `matrix`) VALUES ('UR3QY8', 'DD7ZS2', 2, 1);
UPDATE `bv_updation` SET right_carry = right_carry+50, total_right = total_right+50
WHERE `user_id` = 'UR3QY8';
INSERT INTO `placement_bv_update_history` (`right_carry`, `date`, `from_id`, `user_id`) VALUES ('50', '2024-09-26 10:49:45', 'DD7ZS2', 'UR3QY8');
INSERT INTO `matrix_filling` (`placement_id`, `downline_id`, `level`, `matrix`) VALUES ('7DZUTJ', 'DD7ZS2', 3, 1);
UPDATE `bv_updation` SET right_carry = right_carry+50, total_right = total_right+50
WHERE `user_id` = '7DZUTJ';
INSERT INTO `placement_bv_update_history` (`right_carry`, `date`, `from_id`, `user_id`) VALUES ('50', '2024-09-26 10:49:45', 'DD7ZS2', '7DZUTJ');
INSERT INTO `matrix_filling` (`placement_id`, `downline_id`, `level`, `matrix`) VALUES ('1BM251', 'DD7ZS2', 4, 1);
UPDATE `bv_updation` SET right_carry = right_carry+50, total_right = total_right+50
WHERE `user_id` = '1BM251';
INSERT INTO `placement_bv_update_history` (`right_carry`, `date`, `from_id`, `user_id`) VALUES ('50', '2024-09-26 10:49:45', 'DD7ZS2', '1BM251');
INSERT INTO `matrix_filling` (`placement_id`, `downline_id`, `level`, `matrix`) VALUES ('VRG6MB', 'DD7ZS2', 5, 1);
UPDATE `bv_updation` SET right_carry = right_carry+50, total_right = total_right+50
WHERE `user_id` = 'VRG6MB';
INSERT INTO `placement_bv_update_history` (`right_carry`, `date`, `from_id`, `user_id`) VALUES ('50', '2024-09-26 10:49:45', 'DD7ZS2', 'VRG6MB');
INSERT INTO `matrix_filling` (`placement_id`, `downline_id`, `level`, `matrix`) VALUES ('IF93OZ', 'DD7ZS2', 6, 1);
UPDATE `bv_updation` SET right_carry = right_carry+50, total_right = total_right+50
WHERE `user_id` = 'IF93OZ';
INSERT INTO `placement_bv_update_history` (`right_carry`, `date`, `from_id`, `user_id`) VALUES ('50', '2024-09-26 10:49:45', 'DD7ZS2', 'IF93OZ');
INSERT INTO `matrix_filling` (`placement_id`, `downline_id`, `level`, `matrix`) VALUES ('6O8Z46', 'DD7ZS2', 7, 1);
UPDATE `bv_updation` SET right_carry = right_carry+50, total_right = total_right+50
WHERE `user_id` = '6O8Z46';
INSERT INTO `placement_bv_update_history` (`right_carry`, `date`, `from_id`, `user_id`) VALUES ('50', '2024-09-26 10:49:45', 'DD7ZS2', '6O8Z46');
INSERT INTO `matrix_filling` (`placement_id`, `downline_id`, `level`, `matrix`) VALUES ('8IO4AU', 'DD7ZS2', 8, 1);
UPDATE `bv_updation` SET right_carry = right_carry+50, total_right = total_right+50
WHERE `user_id` = '8IO4AU';
INSERT INTO `placement_bv_update_history` (`right_carry`, `date`, `from_id`, `user_id`) VALUES ('50', '2024-09-26 10:49:45', 'DD7ZS2', '8IO4AU');
INSERT INTO `matrix_filling` (`placement_id`, `downline_id`, `level`, `matrix`) VALUES ('IAXL4Y', 'DD7ZS2', 9, 1);
UPDATE `bv_updation` SET right_carry = right_carry+50, total_right = total_right+50
WHERE `user_id` = 'IAXL4Y';
INSERT INTO `placement_bv_update_history` (`right_carry`, `date`, `from_id`, `user_id`) VALUES ('50', '2024-09-26 10:49:45', 'DD7ZS2', 'IAXL4Y');
INSERT INTO `matrix_filling` (`placement_id`, `downline_id`, `level`, `matrix`) VALUES ('KJQTCB', 'DD7ZS2', 10, 1);
UPDATE `bv_updation` SET right_carry = right_carry+50, total_right = total_right+50
WHERE `user_id` = 'KJQTCB';
INSERT INTO `placement_bv_update_history` (`right_carry`, `date`, `from_id`, `user_id`) VALUES ('50', '2024-09-26 10:49:45', 'DD7ZS2', 'KJQTCB');
INSERT INTO `matrix_filling` (`placement_id`, `downline_id`, `level`, `matrix`) VALUES ('CGSZCC', 'DD7ZS2', 11, 1);
UPDATE `bv_updation` SET right_carry = right_carry+50, total_right = total_right+50
WHERE `user_id` = 'CGSZCC';
INSERT INTO `placement_bv_update_history` (`right_carry`, `date`, `from_id`, `user_id`) VALUES ('50', '2024-09-26 10:49:45', 'DD7ZS2', 'CGSZCC');
INSERT INTO `matrix_filling` (`placement_id`, `downline_id`, `level`, `matrix`) VALUES ('MSD4O2', 'DD7ZS2', 12, 1);
UPDATE `bv_updation` SET right_carry = right_carry+50, total_right = total_right+50
WHERE `user_id` = 'MSD4O2';
INSERT INTO `placement_bv_update_history` (`right_carry`, `date`, `from_id`, `user_id`) VALUES ('50', '2024-09-26 10:49:45', 'DD7ZS2', 'MSD4O2');
INSERT INTO `matrix_filling` (`placement_id`, `downline_id`, `level`, `matrix`) VALUES ('RUEPZ3', 'DD7ZS2', 13, 1);
UPDATE `bv_updation` SET right_carry = right_carry+50, total_right = total_right+50
WHERE `user_id` = 'RUEPZ3';
INSERT INTO `placement_bv_update_history` (`right_carry`, `date`, `from_id`, `user_id`) VALUES ('50', '2024-09-26 10:49:45', 'DD7ZS2', 'RUEPZ3');
INSERT INTO `matrix_filling` (`placement_id`, `downline_id`, `level`, `matrix`) VALUES ('5CXKTT', 'DD7ZS2', 14, 1);
UPDATE `bv_updation` SET right_carry = right_carry+50, total_right = total_right+50
WHERE `user_id` = '5CXKTT';
INSERT INTO `placement_bv_update_history` (`right_carry`, `date`, `from_id`, `user_id`) VALUES ('50', '2024-09-26 10:49:45', 'DD7ZS2', '5CXKTT');
INSERT INTO `matrix_filling` (`placement_id`, `downline_id`, `level`, `matrix`) VALUES ('S75FP2', 'DD7ZS2', 15, 1);
UPDATE `bv_updation` SET right_carry = right_carry+50, total_right = total_right+50
WHERE `user_id` = 'S75FP2';
INSERT INTO `placement_bv_update_history` (`right_carry`, `date`, `from_id`, `user_id`) VALUES ('50', '2024-09-26 10:49:45', 'DD7ZS2', 'S75FP2');
INSERT INTO `matrix_filling` (`placement_id`, `downline_id`, `level`, `matrix`) VALUES ('NUPA4K', 'DD7ZS2', 16, 1);
UPDATE `bv_updation` SET right_carry = right_carry+50, total_right = total_right+50
WHERE `user_id` = 'NUPA4K';
INSERT INTO `placement_bv_update_history` (`right_carry`, `date`, `from_id`, `user_id`) VALUES ('50', '2024-09-26 10:49:45', 'DD7ZS2', 'NUPA4K');
UPDATE `bv_updation` SET sponsor_right_carry = sponsor_right_carry+50, sponsor_total_right = sponsor_total_right+50
WHERE `user_id` = 'NUPA4K';
INSERT INTO `sponsor_bv_update_history` (`right_carry`, `date`, `user_id`) VALUES ('50', '2024-09-26 10:49:45', 'NUPA4K');
