UPDATE `ci_sessions` SET `timestamp` = 1745692416, `data` = '__ci_last_regenerate|i:1745692416;id|s:4:\"2071\";user_id|s:6:\"JHRDHS\";username|s:7:\"mbecena\";sponsor_id|s:6:\"CVVK4C\";fullname|s:12:\"Maria Becena\";email|s:21:\"mbecena@bellsouth.net\";phone|s:10:\"7862360387\";isLogIn|b:1;'
WHERE `id` = '7a462b19021f64ea1a84ca58df5dfbe458fb4c2a';
UPDATE `user_registration` SET `popup_seen` = 'yes'
WHERE `user_id` = 'JHRDHS';
INSERT INTO `login_history` (`user_id`, `device`, `ip_address`, `date`) VALUES ('OMGB4G', 'Mozilla/5.0 (Windows NT 10.0; Win64; x64) AppleWebKit/537.36 (KHTML, like Gecko) Chrome/109.0.0.0 Safari/537.36', '172.68.12.94', '25-04-26 14:40');
UPDATE `user_registration` SET `popup_seen` = 'yes'
WHERE `user_id` = 'OMGB4G';
INSERT INTO `login_history` (`user_id`, `device`, `ip_address`, `date`) VALUES ('2RSJNO', 'Mozilla/5.0 (iPhone; CPU iPhone OS 18_3_2 like Mac OS X) AppleWebKit/605.1.15 (KHTML, like Gecko) GSA/365.1.750410080 Mobile/15E148 Safari/604.1', '172.68.7.162', '25-04-26 15:12');
UPDATE `user_registration` SET `popup_seen` = 'yes'
WHERE `user_id` = '2RSJNO';
INSERT INTO `login_history` (`user_id`, `device`, `ip_address`, `date`) VALUES ('UQO7EQ', 'Mozilla/5.0 (Windows NT 10.0; Win64; x64) AppleWebKit/537.36 (KHTML, like Gecko) Chrome/135.0.0.0 Safari/537.36', '172.68.7.88', '25-04-26 15:12');
UPDATE `user_registration` SET `popup_seen` = 'yes'
WHERE `user_id` = 'UQO7EQ';
UPDATE `user_registration` SET `popup_seen` = 'no'
WHERE `user_id` = 'UQO7EQ';
DELETE FROM `ci_sessions`
WHERE `id` = '940d13da78cb86a78e1a2bf7ac2eae707b6598cd';
INSERT INTO `login_history` (`user_id`, `device`, `ip_address`, `date`) VALUES ('VQGPGZ', 'Mozilla/5.0 (Linux; Android 10; K) AppleWebKit/537.36 (KHTML, like Gecko) Chrome/135.0.0.0 Mobile Safari/537.36', '172.70.254.163', '25-04-26 15:13');
UPDATE `user_registration` SET `popup_seen` = 'yes'
WHERE `user_id` = 'VQGPGZ';
UPDATE `user_registration` SET `popup_seen` = 'yes'
WHERE `user_id` = 'VQGPGZ';
UPDATE `user_registration` SET `popup_seen` = 'yes'
WHERE `user_id` = 'VQGPGZ';
INSERT INTO `login_history` (`user_id`, `device`, `ip_address`, `date`) VALUES ('MRC89O', 'Mozilla/5.0 (iPhone; CPU iPhone OS 18_3_2 like Mac OS X) AppleWebKit/605.1.15 (KHTML, like Gecko) Version/18.3.1 Mobile/15E148 Safari/604.1', '172.68.7.185', '25-04-26 15:26');
UPDATE `user_registration` SET `popup_seen` = 'yes'
WHERE `user_id` = 'MRC89O';
UPDATE `user_registration` SET `popup_seen` = 'yes'
WHERE `user_id` = 'MRC89O';
UPDATE `user_registration` SET `popup_seen` = 'yes'
WHERE `user_id` = 'MRC89O';
UPDATE `user_registration` SET `popup_seen` = 'yes'
WHERE `user_id` = 'MRC89O';
UPDATE `user_registration` SET `popup_seen` = 'yes'
WHERE `user_id` = 'MRC89O';
UPDATE `user_registration` SET `popup_seen` = 'yes'
WHERE `user_id` = 'MRC89O';
UPDATE `user_registration` SET `popup_seen` = 'yes'
WHERE `user_id` = 'MRC89O';
UPDATE `user_registration` SET `popup_seen` = 'yes'
WHERE `user_id` = 'MRC89O';
UPDATE `ci_sessions` SET `timestamp` = 1745699758, `data` = '__ci_last_regenerate|i:1745699758;id|s:4:\"2330\";user_id|s:6:\"MRC89O\";username|s:10:\"rossalyn01\";sponsor_id|s:6:\"DSVFR5\";fullname|s:13:\"Rossalyn Cruz\";email|s:17:\"rosxcrz@gmail.com\";phone|s:10:\"7867750003\";isLogIn|b:1;'
WHERE `id` = 'abd7a2a79127f520ff278238275cd38c7638ff98';
UPDATE `user_registration` SET `popup_seen` = 'yes'
WHERE `user_id` = 'MRC89O';
INSERT INTO `login_history` (`user_id`, `device`, `ip_address`, `date`) VALUES ('VPMCC5', 'Mozilla/5.0 (Macintosh; Intel Mac OS X 10_15_7) AppleWebKit/605.1.15 (KHTML, like Gecko) Version/18.3.1 Safari/605.1.15', '172.70.254.163', '25-04-26 15:52');
UPDATE `user_registration` SET `popup_seen` = 'yes'
WHERE `user_id` = 'VPMCC5';
UPDATE `ci_sessions` SET `timestamp` = 1745701630, `data` = '__ci_last_regenerate|i:1745701630;id|s:4:\"2102\";user_id|s:6:\"OMGB4G\";username|s:8:\"Debora68\";sponsor_id|s:6:\"U7SMZ8\";fullname|s:11:\"Ania Debora\";email|s:21:\"aniadebora8@gmail.com\";phone|s:10:\"3057261484\";isLogIn|b:1;message|s:19:\"Welcome Ania Debora\";__ci_vars|a:1:{s:7:\"message\";s:3:\"old\";}'
WHERE `id` = '583fb1c803430ca6390f5756022b640538c0e34d';
UPDATE `user_registration` SET `popup_seen` = 'no'
WHERE `user_id` = 'OMGB4G';
DELETE FROM `ci_sessions`
WHERE `id` = '2fc871f1c154d8fcc6473db27dfce46c0b74978d';
INSERT INTO `login_history` (`user_id`, `device`, `ip_address`, `date`) VALUES ('8PK4HK', 'Mozilla/5.0 (Windows NT 10.0; Win64; x64) AppleWebKit/537.36 (KHTML, like Gecko) Chrome/109.0.0.0 Safari/537.36', '172.70.82.32', '25-04-26 16:07');
UPDATE `user_registration` SET `popup_seen` = 'yes'
WHERE `user_id` = '8PK4HK';
UPDATE `user_registration` SET `popup_seen` = 'no'
WHERE `user_id` = '8PK4HK';
DELETE FROM `ci_sessions`
WHERE `id` = '1d46a592ae34168dc06f2eb038921d70192dbeea';
UPDATE `user_registration` SET `popup_seen` = 'yes'
WHERE `user_id` = 'L2MNP5';
INSERT INTO `login_history` (`user_id`, `device`, `ip_address`, `date`) VALUES ('UQO7EQ', 'Mozilla/5.0 (Linux; Android 10; K) AppleWebKit/537.36 (KHTML, like Gecko) Chrome/131.0.0.0 Mobile Safari/537.36', '172.70.54.224', '25-04-26 17:56');
UPDATE `user_registration` SET `popup_seen` = 'yes'
WHERE `user_id` = 'UQO7EQ';
UPDATE `user_registration` SET `popup_seen` = 'yes'
WHERE `user_id` = 'UQO7EQ';
UPDATE `user_registration` SET `popup_seen` = 'no'
WHERE `user_id` = 'UQO7EQ';
DELETE FROM `ci_sessions`
WHERE `id` = '8f2dd3614e505d6cf69795db4f966ee0d6c4bac2';
INSERT INTO `login_history` (`user_id`, `device`, `ip_address`, `date`) VALUES ('UQO7EQ', 'Mozilla/5.0 (Windows NT 10.0; Win64; x64) AppleWebKit/537.36 (KHTML, like Gecko) Chrome/135.0.0.0 Safari/537.36', '172.70.55.115', '25-04-26 18:28');
UPDATE `user_registration` SET `popup_seen` = 'yes'
WHERE `user_id` = 'UQO7EQ';
UPDATE `user_registration` SET `popup_seen` = 'no'
WHERE `user_id` = 'UQO7EQ';
DELETE FROM `ci_sessions`
WHERE `id` = '029b897e99094b5442e671e3edbbf5a53603451c';
UPDATE `ci_sessions` SET `timestamp` = 1745711311, `data` = '__ci_last_regenerate|i:1745711311;captcha|s:4:\"wvm1\";'
WHERE `id` = 'c6fdd5fcccfd821e6897c8c616702170b28bec55';
INSERT INTO `login_history` (`user_id`, `device`, `ip_address`, `date`) VALUES ('UQO7EQ', 'Mozilla/5.0 (Windows NT 10.0; Win64; x64) AppleWebKit/537.36 (KHTML, like Gecko) Chrome/135.0.0.0 Safari/537.36', '172.68.12.145', '25-04-26 18:48');
UPDATE `user_registration` SET `popup_seen` = 'yes'
WHERE `user_id` = 'UQO7EQ';
UPDATE `user_registration` SET `popup_seen` = 'yes'
WHERE `user_id` = 'UQO7EQ';
INSERT INTO `login_history` (`user_id`, `device`, `ip_address`, `date`) VALUES ('JHRDHS', 'Mozilla/5.0 (iPhone; CPU iPhone OS 18_4_1 like Mac OS X) AppleWebKit/605.1.15 (KHTML, like Gecko) Version/18.4 Mobile/15E148 Safari/604.1', '172.70.54.197', '25-04-26 18:55');
UPDATE `user_registration` SET `popup_seen` = 'yes'
WHERE `user_id` = 'JHRDHS';
UPDATE `ci_sessions` SET `timestamp` = 1745711843, `data` = '__ci_last_regenerate|i:1745711843;id|s:4:\"2042\";user_id|s:6:\"UQO7EQ\";username|s:6:\"Rafa51\";sponsor_id|s:6:\"N6GZAE\";fullname|s:16:\"Rafael Rodriguez\";email|s:18:\"rafagana@yahoo.com\";phone|s:10:\"3057610606\";isLogIn|b:1;'
WHERE `id` = '8129242d2f79a80db744f9ae4e79f7615492bd64';
UPDATE `user_registration` SET `popup_seen` = 'yes'
WHERE `user_id` = 'UQO7EQ';
UPDATE `user_registration` SET `popup_seen` = 'no'
WHERE `user_id` = 'UQO7EQ';
DELETE FROM `ci_sessions`
WHERE `id` = '4a6ea8afc9fd4c6bc9f32f4490084df49f3fb72b';
INSERT INTO `login_history` (`user_id`, `device`, `ip_address`, `date`) VALUES ('2RSJNO', 'Mozilla/5.0 (iPhone; CPU iPhone OS 18_3_2 like Mac OS X) AppleWebKit/605.1.15 (KHTML, like Gecko) GSA/365.1.750410080 Mobile/15E148 Safari/604.1', '172.68.12.55', '25-04-26 19:20');
UPDATE `user_registration` SET `popup_seen` = 'yes'
WHERE `user_id` = '2RSJNO';
INSERT INTO `login_history` (`user_id`, `device`, `ip_address`, `date`) VALUES ('JHRDHS', 'Mozilla/5.0 (Macintosh; Intel Mac OS X 10_15_7) AppleWebKit/605.1.15 (KHTML, like Gecko) Version/17.6 Safari/605.1.15', '172.70.254.226', '25-04-26 19:53');
UPDATE `user_registration` SET `popup_seen` = 'yes'
WHERE `user_id` = 'JHRDHS';
UPDATE `ci_sessions` SET `timestamp` = 1745715816, `data` = '__ci_last_regenerate|i:1745715816;captcha|s:4:\"fpss\";'
WHERE `id` = '7e275371954db1d057ef860ef64e054d3a7e293e';
INSERT INTO `login_history` (`user_id`, `device`, `ip_address`, `date`) VALUES ('UQO7EQ', 'Mozilla/5.0 (Windows NT 10.0; Win64; x64) AppleWebKit/537.36 (KHTML, like Gecko) Chrome/135.0.0.0 Safari/537.36', '172.70.82.122', '25-04-26 20:03');
UPDATE `user_registration` SET `popup_seen` = 'yes'
WHERE `user_id` = 'UQO7EQ';
UPDATE `user_registration` SET `popup_seen` = 'no'
WHERE `user_id` = 'UQO7EQ';
DELETE FROM `ci_sessions`
WHERE `id` = '817c6be54e87b0954811944fd35ccc61a85d10b7';
UPDATE `user_registration` SET `popup_seen` = 'no'
WHERE `user_id` IS NULL;
DELETE FROM `ci_sessions`
WHERE `id` = 'c3bd66e1d2dd96a377fd3ee46514560a4c576aa4';
UPDATE `ci_sessions` SET `timestamp` = 1745717069, `data` = '__ci_last_regenerate|i:1745717069;captcha|s:4:\"ufee\";'
WHERE `id` = '56da2edd3dd7167cd5083a7771e78a6e2de3f63d';
INSERT INTO `login_history` (`user_id`, `device`, `ip_address`, `date`) VALUES ('UQO7EQ', 'Mozilla/5.0 (Windows NT 10.0; Win64; x64) AppleWebKit/537.36 (KHTML, like Gecko) Chrome/135.0.0.0 Safari/537.36', '172.68.12.143', '25-04-26 20:24');
UPDATE `user_registration` SET `popup_seen` = 'yes'
WHERE `user_id` = 'UQO7EQ';
UPDATE `user_registration` SET `popup_seen` = 'no'
WHERE `user_id` = 'UQO7EQ';
DELETE FROM `ci_sessions`
WHERE `id` = 'b80517704bd7ca6a76756a1062d0231755303774';
INSERT INTO `login_history` (`user_id`, `device`, `ip_address`, `date`) VALUES ('QJ5U9C', 'Mozilla/5.0 (Windows NT 10.0; Win64; x64) AppleWebKit/537.36 (KHTML, like Gecko) Chrome/135.0.0.0 Safari/537.36', '172.68.7.185', '25-04-26 20:33');
UPDATE `user_registration` SET `popup_seen` = 'yes'
WHERE `user_id` = 'QJ5U9C';
INSERT INTO `login_history` (`user_id`, `device`, `ip_address`, `date`) VALUES ('JHRDHS', 'Mozilla/5.0 (iPhone; CPU iPhone OS 18_4_1 like Mac OS X) AppleWebKit/605.1.15 (KHTML, like Gecko) Version/18.4 Mobile/15E148 Safari/604.1', '172.70.254.39', '25-04-26 21:29');
UPDATE `user_registration` SET `popup_seen` = 'yes'
WHERE `user_id` = 'JHRDHS';
UPDATE `user_registration` SET `popup_seen` = 'yes'
WHERE `user_id` = 'JHRDHS';
UPDATE `ci_sessions` SET `timestamp` = 1745721518, `data` = '__ci_last_regenerate|i:1745721518;captcha|s:4:\"r49n\";'
WHERE `id` = '9979f0d372934674ce9e2b99943cf7fc80a2fddf';
INSERT INTO `login_history` (`user_id`, `device`, `ip_address`, `date`) VALUES ('UQO7EQ', 'Mozilla/5.0 (Windows NT 10.0; Win64; x64) AppleWebKit/537.36 (KHTML, like Gecko) Chrome/135.0.0.0 Safari/537.36', '172.68.12.132', '25-04-26 21:38');
UPDATE `user_registration` SET `popup_seen` = 'yes'
WHERE `user_id` = 'UQO7EQ';
UPDATE `user_registration` SET `popup_seen` = 'no'
WHERE `user_id` = 'UQO7EQ';
DELETE FROM `ci_sessions`
WHERE `id` = '3aa892bd1d5b579d55576645b9b31be826cb4b97';
INSERT INTO `login_history` (`user_id`, `device`, `ip_address`, `date`) VALUES ('VQGPGZ', 'Mozilla/5.0 (Windows NT 10.0; Win64; x64) AppleWebKit/537.36 (KHTML, like Gecko) Chrome/135.0.0.0 Safari/537.36', '172.68.12.105', '25-04-26 22:27');
UPDATE `user_registration` SET `popup_seen` = 'yes'
WHERE `user_id` = 'VQGPGZ';
INSERT INTO `login_history` (`user_id`, `device`, `ip_address`, `date`) VALUES ('UQO7EQ', 'Mozilla/5.0 (Linux; Android 10; K) AppleWebKit/537.36 (KHTML, like Gecko) Chrome/131.0.0.0 Mobile Safari/537.36', '172.70.55.203', '25-04-26 22:34');
UPDATE `user_registration` SET `popup_seen` = 'yes'
WHERE `user_id` = 'UQO7EQ';
UPDATE `user_registration` SET `popup_seen` = 'yes'
WHERE `user_id` = 'UQO7EQ';
UPDATE `user_registration` SET `popup_seen` = 'no'
WHERE `user_id` = 'UQO7EQ';
DELETE FROM `ci_sessions`
WHERE `id` = '59fe7c94cd3bdd741128c73a4e59a23b38c7260c';
UPDATE `ci_sessions` SET `timestamp` = 1745724929, `data` = '__ci_last_regenerate|i:1745724929;id|s:4:\"2335\";user_id|s:6:\"VQGPGZ\";username|s:8:\"Gusexito\";sponsor_id|s:6:\"QRE21J\";fullname|s:13:\"Gustavo Arias\";email|s:19:\"gusexito2@gmail.com\";phone|s:10:\"7864580227\";isLogIn|b:1;'
WHERE `id` = '037454d8f3c0400ada00fea1303c5099dacb46a0';
UPDATE `user_registration` SET `popup_seen` = 'yes'
WHERE `user_id` = 'VQGPGZ';
UPDATE `ci_sessions` SET `timestamp` = 1745725271, `data` = '__ci_last_regenerate|i:1745725271;id|s:4:\"2335\";user_id|s:6:\"VQGPGZ\";username|s:8:\"Gusexito\";sponsor_id|s:6:\"QRE21J\";fullname|s:13:\"Gustavo Arias\";email|s:19:\"gusexito2@gmail.com\";phone|s:10:\"7864580227\";isLogIn|b:1;'
WHERE `id` = '893258463ceeafb2a96c69965e3240b6d6e910c6';
INSERT INTO `add_cart` (`user_id`, `product_id`, `product_name`, `product_amount`, `product_point`, `product_image`, `product_details`, `quantity`, `total_amount`, `country`, `state`, `total_point`, `date`) VALUES ('VQGPGZ', '2', 'City of Dreams and Magic 3D/2N', '70', '35', 'upload/product_image/475456d5a5cd66be77a68eb9fa08a8fe.png', '<p><span style=\"background-color:rgb(255,255,255);color:rgb(0,0,0);\">Orlando is celebrated for its world-class theme parks, exciting activities, and sunny weather. With unforgettable adventures, incredible dining options, and premier shopping, it’s the ultimate destination for families and thrill-seekers.</span></p><p><span style=\"color:rgb(0,0,0);\"><strong>3 days / 2 nights</strong></span></p><p><span style=\"color:rgb(0,0,0);\"><strong>Cost: $70</strong></span></p>', 1, 70, '223', '4250', 35, '2025-04-26 22:45:29');
DELETE FROM `add_cart`
WHERE `id` = '78';
UPDATE `ci_sessions` SET `timestamp` = 1745725576, `data` = '__ci_last_regenerate|i:1745725576;id|s:4:\"2335\";user_id|s:6:\"VQGPGZ\";username|s:8:\"Gusexito\";sponsor_id|s:6:\"QRE21J\";fullname|s:13:\"Gustavo Arias\";email|s:19:\"gusexito2@gmail.com\";phone|s:10:\"7864580227\";isLogIn|b:1;'
WHERE `id` = 'd1de616fd3edfcfd2081f34aa8c3c930ca61b8aa';
UPDATE `user_registration` SET `popup_seen` = 'yes'
WHERE `user_id` = 'VQGPGZ';
UPDATE `user_registration` SET `popup_seen` = 'yes'
WHERE `user_id` = 'VQGPGZ';
UPDATE `ci_sessions` SET `timestamp` = 1745726035, `data` = '__ci_last_regenerate|i:1745726035;exception|s:31:\"Incorrect Username Or Password!\";__ci_vars|a:1:{s:9:\"exception\";s:3:\"old\";}captcha|s:4:\"x6gz\";'
WHERE `id` = '08bbaccdd2d450136e3cf2ff512ddcf03e45439b';
INSERT INTO `login_history` (`user_id`, `device`, `ip_address`, `date`) VALUES ('VQGPGZ', 'Mozilla/5.0 (Windows NT 10.0; Win64; x64) AppleWebKit/537.36 (KHTML, like Gecko) Chrome/135.0.0.0 Safari/537.36', '172.69.71.14', '25-04-26 22:56');
UPDATE `user_registration` SET `popup_seen` = 'yes'
WHERE `user_id` = 'VQGPGZ';
UPDATE `ci_sessions` SET `timestamp` = 1745726236, `data` = '__ci_last_regenerate|i:1745726236;id|s:4:\"2335\";user_id|s:6:\"VQGPGZ\";username|s:8:\"Gusexito\";sponsor_id|s:6:\"QRE21J\";fullname|s:13:\"Gustavo Arias\";email|s:19:\"gusexito2@gmail.com\";phone|s:10:\"7864580227\";isLogIn|b:1;'
WHERE `id` = '3c6956d6a17f826cb3b9b6cc69d9511d20b8edbe';
INSERT INTO `login_history` (`user_id`, `device`, `ip_address`, `date`) VALUES ('VQGPGZ', 'Mozilla/5.0 (iPhone; CPU iPhone OS 18_3_1 like Mac OS X) AppleWebKit/605.1.15 (KHTML, like Gecko) Version/18.3 Mobile/15E148 Safari/604.1', '172.69.71.8', '25-04-26 23:03');
UPDATE `user_registration` SET `popup_seen` = 'yes'
WHERE `user_id` = 'VQGPGZ';
INSERT INTO `login_history` (`user_id`, `device`, `ip_address`, `date`) VALUES ('JHRDHS', 'Mozilla/5.0 (Macintosh; Intel Mac OS X 10_15_7) AppleWebKit/605.1.15 (KHTML, like Gecko) Version/17.6 Safari/605.1.15', '172.70.254.227', '25-04-26 23:09');
UPDATE `user_registration` SET `popup_seen` = 'yes'
WHERE `user_id` = 'JHRDHS';
UPDATE `ci_sessions` SET `timestamp` = 1745727240, `data` = '__ci_last_regenerate|i:1745727240;id|s:4:\"2071\";user_id|s:6:\"JHRDHS\";username|s:7:\"mbecena\";sponsor_id|s:6:\"CVVK4C\";fullname|s:12:\"Maria Becena\";email|s:21:\"mbecena@bellsouth.net\";phone|s:10:\"7862360387\";isLogIn|b:1;'
WHERE `id` = 'c1789217f16363983b5c44e9b9f3f741658a3c1f';
UPDATE `user_registration` SET `popup_seen` = 'yes'
WHERE `user_id` = 'JHRDHS';
UPDATE `user_registration` SET `popup_seen` = 'yes'
WHERE `user_id` = 'JHRDHS';
UPDATE `ci_sessions` SET `timestamp` = 1745728458, `data` = '__ci_last_regenerate|i:1745728458;id|s:4:\"2335\";user_id|s:6:\"VQGPGZ\";username|s:8:\"Gusexito\";sponsor_id|s:6:\"QRE21J\";fullname|s:13:\"Gustavo Arias\";email|s:19:\"gusexito2@gmail.com\";phone|s:10:\"7864580227\";isLogIn|b:1;'
WHERE `id` = 'f92eb337d89280d2b92270ab527acfd8f00a68be';
UPDATE `user_registration` SET `popup_seen` = 'yes'
WHERE `user_id` = 'VQGPGZ';
INSERT INTO `cron_job_history` (`name`, `date_started`, `status`) VALUES ('backup', '2025-04-27 00:00:01', 'started');
UPDATE `cron_job_history` SET `status` = 'done', `date_end` = '2025-04-27 00:00:02'
WHERE `id` = 348;
INSERT INTO `cron_job_history` (`name`, `date_started`, `status`) VALUES ('deduct_sub_amt_from_ewallet', '2025-04-27 00:05:01', 'started');
UPDATE `user_registration` SET `sub_point` = 0, `active_status` = 'no'
WHERE `user_id` = '35H9RV';
INSERT INTO `inactive_history` (`user_id`, `commission_balance`, `amount`, `date`) VALUES ('35H9RV', '97.5', '150', '2025-04-27 00:05:02');
UPDATE `user_registration` SET `sub_point` = 0, `active_status` = 'no'
WHERE `user_id` = '44B9Y4';
INSERT INTO `inactive_history` (`user_id`, `commission_balance`, `amount`, `date`) VALUES ('44B9Y4', '50', '150', '2025-04-27 00:05:02');
UPDATE `user_registration` SET `sub_point` = 0, `active_status` = 'no'
WHERE `user_id` = 'SJBNYJ';
INSERT INTO `inactive_history` (`user_id`, `commission_balance`, `amount`, `date`) VALUES ('SJBNYJ', '50', '150', '2025-04-27 00:05:02');
UPDATE `user_registration` SET `sub_point` = 0, `active_status` = 'no'
WHERE `user_id` = '45E8V2';
INSERT INTO `inactive_history` (`user_id`, `commission_balance`, `amount`, `date`) VALUES ('45E8V2', '50', '150', '2025-04-27 00:05:03');
UPDATE `user_registration` SET `sub_point` = 0, `active_status` = 'no'
WHERE `user_id` = 'XVTJOY';
INSERT INTO `inactive_history` (`user_id`, `commission_balance`, `amount`, `date`) VALUES ('XVTJOY', '100', '150', '2025-04-27 00:05:03');
UPDATE `user_registration` SET `sub_point` = 0, `active_status` = 'no'
WHERE `user_id` = '4E1CRI';
INSERT INTO `inactive_history` (`user_id`, `commission_balance`, `amount`, `date`) VALUES ('4E1CRI', '100', '150', '2025-04-27 00:05:04');
UPDATE `user_registration` SET `sub_point` = 0, `active_status` = 'no'
WHERE `user_id` = 'PBFKSY';
INSERT INTO `inactive_history` (`user_id`, `commission_balance`, `amount`, `date`) VALUES ('PBFKSY', '0', '150', '2025-04-27 00:05:04');
UPDATE `user_registration` SET `sub_point` = 0, `active_status` = 'no'
WHERE `user_id` = 'R37QLI';
INSERT INTO `inactive_history` (`user_id`, `commission_balance`, `amount`, `date`) VALUES ('R37QLI', '80', '150', '2025-04-27 00:05:04');
UPDATE `user_registration` SET `sub_point` = 0, `active_status` = 'no'
WHERE `user_id` = 'Q6D63V';
INSERT INTO `inactive_history` (`user_id`, `commission_balance`, `amount`, `date`) VALUES ('Q6D63V', '100', '150', '2025-04-27 00:05:05');
UPDATE `user_registration` SET `sub_point` = 0, `active_status` = 'no'
WHERE `user_id` = 'Q834IS';
INSERT INTO `inactive_history` (`user_id`, `commission_balance`, `amount`, `date`) VALUES ('Q834IS', '0', '50', '2025-04-27 00:05:05');
UPDATE `user_registration` SET `sub_point` = 0, `active_status` = 'no'
WHERE `user_id` = 'PKHRN5';
INSERT INTO `inactive_history` (`user_id`, `commission_balance`, `amount`, `date`) VALUES ('PKHRN5', '28', '50', '2025-04-27 00:05:06');
UPDATE `user_registration` SET `sub_point` = 0, `active_status` = 'no'
WHERE `user_id` = 'MT8QJF';
INSERT INTO `inactive_history` (`user_id`, `commission_balance`, `amount`, `date`) VALUES ('MT8QJF', '0', '150', '2025-04-27 00:05:06');
UPDATE `user_registration` SET `sub_point` = 0, `active_status` = 'no'
WHERE `user_id` = 'OWF3OA';
INSERT INTO `inactive_history` (`user_id`, `commission_balance`, `amount`, `date`) VALUES ('OWF3OA', '0', '150', '2025-04-27 00:05:07');
UPDATE `user_registration` SET `sub_point` = 0, `active_status` = 'no'
WHERE `user_id` = 'HUDVJU';
INSERT INTO `inactive_history` (`user_id`, `commission_balance`, `amount`, `date`) VALUES ('HUDVJU', '30', '50', '2025-04-27 00:05:07');
UPDATE `user_registration` SET `sub_point` = 0, `active_status` = 'no'
WHERE `user_id` = 'IEVPMD';
INSERT INTO `inactive_history` (`user_id`, `commission_balance`, `amount`, `date`) VALUES ('IEVPMD', '0', '150', '2025-04-27 00:05:08');
UPDATE `user_registration` SET `sub_point` = 0, `active_status` = 'no'
WHERE `user_id` = 'HQTCGF';
INSERT INTO `inactive_history` (`user_id`, `commission_balance`, `amount`, `date`) VALUES ('HQTCGF', '0', '150', '2025-04-27 00:05:08');
UPDATE `user_registration` SET `sub_point` = 0, `active_status` = 'no'
WHERE `user_id` = 'WC5BL7';
INSERT INTO `inactive_history` (`user_id`, `commission_balance`, `amount`, `date`) VALUES ('WC5BL7', '0', '50', '2025-04-27 00:05:08');
UPDATE `user_registration` SET `sub_point` = 0, `active_status` = 'no'
WHERE `user_id` = 'W17SG2';
INSERT INTO `inactive_history` (`user_id`, `commission_balance`, `amount`, `date`) VALUES ('W17SG2', '0', '150', '2025-04-27 00:05:09');
UPDATE `user_registration` SET `sub_point` = 0, `active_status` = 'no'
WHERE `user_id` = 'PR92IO';
INSERT INTO `inactive_history` (`user_id`, `commission_balance`, `amount`, `date`) VALUES ('PR92IO', '0', '50', '2025-04-27 00:05:09');
UPDATE `user_registration` SET `sub_point` = 0, `active_status` = 'no'
WHERE `user_id` = 'XHO8CJ';
INSERT INTO `inactive_history` (`user_id`, `commission_balance`, `amount`, `date`) VALUES ('XHO8CJ', '0', '150', '2025-04-27 00:05:10');
UPDATE `user_registration` SET `sub_point` = 0, `active_status` = 'no'
WHERE `user_id` = 'L8NRSC';
INSERT INTO `inactive_history` (`user_id`, `commission_balance`, `amount`, `date`) VALUES ('L8NRSC', '50', '150', '2025-04-27 00:05:10');
UPDATE `user_registration` SET `sub_point` = 0, `active_status` = 'no'
WHERE `user_id` = 'HP6YP2';
INSERT INTO `inactive_history` (`user_id`, `commission_balance`, `amount`, `date`) VALUES ('HP6YP2', '50', '150', '2025-04-27 00:05:10');
UPDATE `user_registration` SET `sub_point` = 0, `active_status` = 'no'
WHERE `user_id` = '8RVNYT';
INSERT INTO `inactive_history` (`user_id`, `commission_balance`, `amount`, `date`) VALUES ('8RVNYT', '0', '150', '2025-04-27 00:05:11');
UPDATE `user_registration` SET `sub_point` = 0, `active_status` = 'no'
WHERE `user_id` = '2MBPZI';
INSERT INTO `inactive_history` (`user_id`, `commission_balance`, `amount`, `date`) VALUES ('2MBPZI', '0', '150', '2025-04-27 00:05:11');
UPDATE `user_registration` SET `sub_point` = 0, `active_status` = 'no'
WHERE `user_id` = 'XXI66Z';
INSERT INTO `inactive_history` (`user_id`, `commission_balance`, `amount`, `date`) VALUES ('XXI66Z', '0', '150', '2025-04-27 00:05:11');
UPDATE `user_registration` SET `sub_point` = 0, `active_status` = 'no'
WHERE `user_id` = 'Q82ZV9';
INSERT INTO `inactive_history` (`user_id`, `commission_balance`, `amount`, `date`) VALUES ('Q82ZV9', '20', '50', '2025-04-27 00:05:12');
UPDATE `user_registration` SET `sub_point` = 0, `active_status` = 'no'
WHERE `user_id` = 'IWTOLP';
INSERT INTO `inactive_history` (`user_id`, `commission_balance`, `amount`, `date`) VALUES ('IWTOLP', '0', '50', '2025-04-27 00:05:12');
UPDATE `user_registration` SET `sub_point` = 0, `active_status` = 'no'
WHERE `user_id` = '9QPRWH';
INSERT INTO `inactive_history` (`user_id`, `commission_balance`, `amount`, `date`) VALUES ('9QPRWH', '0', '150', '2025-04-27 00:05:12');
UPDATE `user_registration` SET `sub_point` = 0, `active_status` = 'no'
WHERE `user_id` = 'WDEXJT';
INSERT INTO `inactive_history` (`user_id`, `commission_balance`, `amount`, `date`) VALUES ('WDEXJT', '0', '150', '2025-04-27 00:05:12');
UPDATE `user_registration` SET `sub_point` = 0, `active_status` = 'no'
WHERE `user_id` = '8D7CNL';
INSERT INTO `inactive_history` (`user_id`, `commission_balance`, `amount`, `date`) VALUES ('8D7CNL', '100', '150', '2025-04-27 00:05:13');
UPDATE `user_registration` SET `sub_point` = 0, `active_status` = 'no'
WHERE `user_id` = 'UJXP99';
INSERT INTO `inactive_history` (`user_id`, `commission_balance`, `amount`, `date`) VALUES ('UJXP99', '0', '50', '2025-04-27 00:05:13');
UPDATE `user_registration` SET `sub_point` = 0, `active_status` = 'no'
WHERE `user_id` = 'L268VW';
INSERT INTO `inactive_history` (`user_id`, `commission_balance`, `amount`, `date`) VALUES ('L268VW', '0', '50', '2025-04-27 00:05:13');
UPDATE `user_registration` SET `sub_point` = 0, `active_status` = 'no'
WHERE `user_id` = 'UVJ6L9';
INSERT INTO `inactive_history` (`user_id`, `commission_balance`, `amount`, `date`) VALUES ('UVJ6L9', '0', '50', '2025-04-27 00:05:14');
UPDATE `user_registration` SET `sub_point` = 0, `active_status` = 'no'
WHERE `user_id` = 'ULHSH2';
INSERT INTO `inactive_history` (`user_id`, `commission_balance`, `amount`, `date`) VALUES ('ULHSH2', '0', '150', '2025-04-27 00:05:14');
UPDATE `user_registration` SET `sub_point` = 0, `active_status` = 'no'
WHERE `user_id` = 'UT8WM5';
INSERT INTO `inactive_history` (`user_id`, `commission_balance`, `amount`, `date`) VALUES ('UT8WM5', '100', '150', '2025-04-27 00:05:14');
UPDATE `user_registration` SET `sub_point` = 0, `active_status` = 'no'
WHERE `user_id` = 'H1XYDK';
INSERT INTO `inactive_history` (`user_id`, `commission_balance`, `amount`, `date`) VALUES ('H1XYDK', '0', '50', '2025-04-27 00:05:15');
UPDATE `user_registration` SET `sub_point` = 0, `active_status` = 'no'
WHERE `user_id` = '3UFB1M';
INSERT INTO `inactive_history` (`user_id`, `commission_balance`, `amount`, `date`) VALUES ('3UFB1M', '100', '150', '2025-04-27 00:05:15');
UPDATE `user_registration` SET `sub_point` = 0, `active_status` = 'no'
WHERE `user_id` = '72W7M6';
INSERT INTO `inactive_history` (`user_id`, `commission_balance`, `amount`, `date`) VALUES ('72W7M6', '0', '50', '2025-04-27 00:05:15');
UPDATE `user_registration` SET `sub_point` = 0, `active_status` = 'no'
WHERE `user_id` = 'LEOFNI';
INSERT INTO `inactive_history` (`user_id`, `commission_balance`, `amount`, `date`) VALUES ('LEOFNI', '0', '150', '2025-04-27 00:05:16');
UPDATE `user_registration` SET `sub_point` = 0, `active_status` = 'no'
WHERE `user_id` = '75X85X';
INSERT INTO `inactive_history` (`user_id`, `commission_balance`, `amount`, `date`) VALUES ('75X85X', '0', '50', '2025-04-27 00:05:16');
UPDATE `user_registration` SET `sub_point` = 0, `active_status` = 'no'
WHERE `user_id` = 'UC1QRN';
INSERT INTO `inactive_history` (`user_id`, `commission_balance`, `amount`, `date`) VALUES ('UC1QRN', '0', '150', '2025-04-27 00:05:16');
UPDATE `user_registration` SET `sub_point` = 0, `active_status` = 'no'
WHERE `user_id` = '7YU16B';
INSERT INTO `inactive_history` (`user_id`, `commission_balance`, `amount`, `date`) VALUES ('7YU16B', '0', '50', '2025-04-27 00:05:17');
UPDATE `user_registration` SET `sub_point` = 0, `active_status` = 'no'
WHERE `user_id` = 'OEM6F6';
INSERT INTO `inactive_history` (`user_id`, `commission_balance`, `amount`, `date`) VALUES ('OEM6F6', '0', '50', '2025-04-27 00:05:17');
UPDATE `user_registration` SET `sub_point` = 0, `active_status` = 'no'
WHERE `user_id` = 'XMN3MK';
INSERT INTO `inactive_history` (`user_id`, `commission_balance`, `amount`, `date`) VALUES ('XMN3MK', '0', '150', '2025-04-27 00:05:17');
UPDATE `user_registration` SET `sub_point` = 0, `active_status` = 'no'
WHERE `user_id` = '7SMFPM';
INSERT INTO `inactive_history` (`user_id`, `commission_balance`, `amount`, `date`) VALUES ('7SMFPM', '0', '50', '2025-04-27 00:05:18');
UPDATE `user_registration` SET `sub_point` = 0, `active_status` = 'no'
WHERE `user_id` = 'WS9KK9';
INSERT INTO `inactive_history` (`user_id`, `commission_balance`, `amount`, `date`) VALUES ('WS9KK9', '0', '150', '2025-04-27 00:05:18');
UPDATE `user_registration` SET `sub_point` = 0, `active_status` = 'no'
WHERE `user_id` = 'OHI8SE';
INSERT INTO `inactive_history` (`user_id`, `commission_balance`, `amount`, `date`) VALUES ('OHI8SE', '20', '150', '2025-04-27 00:05:18');
UPDATE `user_registration` SET `sub_point` = 0, `active_status` = 'no'
WHERE `user_id` = 'BJFCEM';
INSERT INTO `inactive_history` (`user_id`, `commission_balance`, `amount`, `date`) VALUES ('BJFCEM', '0', '50', '2025-04-27 00:05:18');
UPDATE `user_registration` SET `sub_point` = 0, `active_status` = 'no'
WHERE `user_id` = '9EDD8W';
INSERT INTO `inactive_history` (`user_id`, `commission_balance`, `amount`, `date`) VALUES ('9EDD8W', '0', '50', '2025-04-27 00:05:19');
UPDATE `user_registration` SET `sub_point` = 0, `active_status` = 'no'
WHERE `user_id` = '2QC8SK';
INSERT INTO `inactive_history` (`user_id`, `commission_balance`, `amount`, `date`) VALUES ('2QC8SK', '0', '150', '2025-04-27 00:05:19');
UPDATE `user_registration` SET `sub_point` = 0, `active_status` = 'no'
WHERE `user_id` = 'TOTNOR';
INSERT INTO `inactive_history` (`user_id`, `commission_balance`, `amount`, `date`) VALUES ('TOTNOR', '0', '50', '2025-04-27 00:05:19');
UPDATE `user_registration` SET `sub_point` = 0, `active_status` = 'no'
WHERE `user_id` = 'M2XFK7';
INSERT INTO `inactive_history` (`user_id`, `commission_balance`, `amount`, `date`) VALUES ('M2XFK7', '0', '150', '2025-04-27 00:05:20');
UPDATE `user_registration` SET `sub_point` = 0, `active_status` = 'no'
WHERE `user_id` = '82W7DS';
INSERT INTO `inactive_history` (`user_id`, `commission_balance`, `amount`, `date`) VALUES ('82W7DS', '0', '50', '2025-04-27 00:05:20');
UPDATE `user_registration` SET `sub_point` = 0, `active_status` = 'no'
WHERE `user_id` = '9T4ALJ';
INSERT INTO `inactive_history` (`user_id`, `commission_balance`, `amount`, `date`) VALUES ('9T4ALJ', '0', '150', '2025-04-27 00:05:20');
UPDATE `user_registration` SET `sub_point` = 0, `active_status` = 'no'
WHERE `user_id` = 'X5T3ZT';
INSERT INTO `inactive_history` (`user_id`, `commission_balance`, `amount`, `date`) VALUES ('X5T3ZT', '0', '150', '2025-04-27 00:05:20');
UPDATE `user_registration` SET `sub_point` = 0, `active_status` = 'no'
WHERE `user_id` = '4PJDWH';
INSERT INTO `inactive_history` (`user_id`, `commission_balance`, `amount`, `date`) VALUES ('4PJDWH', '0', '150', '2025-04-27 00:05:21');
UPDATE `user_registration` SET `sub_point` = 0, `active_status` = 'no'
WHERE `user_id` = '7KTC9V';
INSERT INTO `inactive_history` (`user_id`, `commission_balance`, `amount`, `date`) VALUES ('7KTC9V', '0', '150', '2025-04-27 00:05:21');
UPDATE `user_registration` SET `sub_point` = 0, `active_status` = 'no'
WHERE `user_id` = 'XBYEND';
INSERT INTO `inactive_history` (`user_id`, `commission_balance`, `amount`, `date`) VALUES ('XBYEND', '0', '150', '2025-04-27 00:05:21');
UPDATE `user_registration` SET `sub_point` = 0, `active_status` = 'no'
WHERE `user_id` = '8R8YQG';
INSERT INTO `inactive_history` (`user_id`, `commission_balance`, `amount`, `date`) VALUES ('8R8YQG', '0', '150', '2025-04-27 00:05:22');
UPDATE `user_registration` SET `sub_point` = 0, `active_status` = 'no'
WHERE `user_id` = 'CN9O47';
INSERT INTO `inactive_history` (`user_id`, `commission_balance`, `amount`, `date`) VALUES ('CN9O47', '0', '150', '2025-04-27 00:05:22');
UPDATE `user_registration` SET `sub_point` = 0, `active_status` = 'no'
WHERE `user_id` = 'VZYEPG';
INSERT INTO `inactive_history` (`user_id`, `commission_balance`, `amount`, `date`) VALUES ('VZYEPG', '0', '150', '2025-04-27 00:05:22');
UPDATE `user_registration` SET `sub_point` = 0, `active_status` = 'no'
WHERE `user_id` = 'TB42PA';
INSERT INTO `inactive_history` (`user_id`, `commission_balance`, `amount`, `date`) VALUES ('TB42PA', '0', '150', '2025-04-27 00:05:22');
UPDATE `user_registration` SET `sub_point` = 0, `active_status` = 'no'
WHERE `user_id` = '2KPJZJ';
INSERT INTO `inactive_history` (`user_id`, `commission_balance`, `amount`, `date`) VALUES ('2KPJZJ', '0', '150', '2025-04-27 00:05:23');
UPDATE `user_registration` SET `sub_point` = 0, `active_status` = 'no'
WHERE `user_id` = '8634EF';
INSERT INTO `inactive_history` (`user_id`, `commission_balance`, `amount`, `date`) VALUES ('8634EF', '0', '150', '2025-04-27 00:05:23');
UPDATE `user_registration` SET `sub_point` = 0, `active_status` = 'no'
WHERE `user_id` = 'WNT6C4';
INSERT INTO `inactive_history` (`user_id`, `commission_balance`, `amount`, `date`) VALUES ('WNT6C4', '0', '150', '2025-04-27 00:05:23');
UPDATE `user_registration` SET `sub_point` = 0, `active_status` = 'no'
WHERE `user_id` = 'KYPLBN';
INSERT INTO `inactive_history` (`user_id`, `commission_balance`, `amount`, `date`) VALUES ('KYPLBN', '0', '150', '2025-04-27 00:05:23');
UPDATE `user_registration` SET `sub_point` = 0, `active_status` = 'no'
WHERE `user_id` = 'WP5PIA';
INSERT INTO `inactive_history` (`user_id`, `commission_balance`, `amount`, `date`) VALUES ('WP5PIA', '100', '150', '2025-04-27 00:05:24');
UPDATE `user_registration` SET `sub_point` = 0, `active_status` = 'no'
WHERE `user_id` = 'DLHC7V';
INSERT INTO `inactive_history` (`user_id`, `commission_balance`, `amount`, `date`) VALUES ('DLHC7V', '0', '150', '2025-04-27 00:05:24');
UPDATE `user_registration` SET `sub_point` = 0, `active_status` = 'no'
WHERE `user_id` = 'QXETAG';
INSERT INTO `inactive_history` (`user_id`, `commission_balance`, `amount`, `date`) VALUES ('QXETAG', '0', '150', '2025-04-27 00:05:24');
UPDATE `user_registration` SET `sub_point` = 0, `active_status` = 'no'
WHERE `user_id` = 'SX4SBY';
INSERT INTO `inactive_history` (`user_id`, `commission_balance`, `amount`, `date`) VALUES ('SX4SBY', '0', '150', '2025-04-27 00:05:25');
UPDATE `user_registration` SET commission_balance = ROUND(commission_balance - 150,2)
WHERE `user_id` = 'JYZE9L';
INSERT INTO `sub_history` (`user_id`, `package_id`, `amount`, `payment_method`, `date`) VALUES ('JYZE9L', '2', '150', 'Ewallet', '2025-04-27 00:05:25');
UPDATE `user_registration` SET sub_point = ROUND(sub_point + 150,2)
WHERE `user_id` = 'JYZE9L';
INSERT INTO `investment` (`invest_date`, `user_id`, `type`, `amount`, `package_id`) VALUES ('2025-04-27 00:05:25', 'JYZE9L', 'subscription', '150', '2');
UPDATE `user_registration` SET total_points = ROUND(total_points + 150,2)
WHERE `user_id` = 'JYZE9L';
INSERT INTO `points_history` (`user_id`, `points`, `type`, `date`) VALUES ('JYZE9L', '150', 'subscription', '2025-04-27 00:05:');
UPDATE `bv_updation` SET right_carry = right_carry+150, total_right = total_right+150
WHERE `user_id` = '4VE7D1';
INSERT INTO `placement_bv_update_history` (`right_carry`, `date`, `from_id`, `user_id`) VALUES ('150', '2025-04-27 00:05:25', 'JYZE9L', '4VE7D1');
UPDATE `bv_updation` SET sponsor_right_carry = sponsor_right_carry+150, sponsor_total_right = sponsor_total_right+150
WHERE `user_id` = '4VE7D1';
INSERT INTO `sponsor_bv_update_history` (`right_carry`, `date`, `user_id`) VALUES ('150', '2025-04-27 00:05:25', '4VE7D1');
UPDATE `bv_updation` SET left_carry = left_carry+150, total_left = total_left+150
WHERE `user_id` = '2KPJZJ';
INSERT INTO `placement_bv_update_history` (`left_carry`, `date`, `from_id`, `user_id`) VALUES ('150', '2025-04-27 00:05:25', 'JYZE9L', '2KPJZJ');
UPDATE `bv_updation` SET left_carry = left_carry+150, total_left = total_left+150
WHERE `user_id` = 'B5EVHD';
INSERT INTO `placement_bv_update_history` (`left_carry`, `date`, `from_id`, `user_id`) VALUES ('150', '2025-04-27 00:05:25', 'JYZE9L', 'B5EVHD');
UPDATE `user_registration` SET `cycle_rank_id` = '1'
WHERE `user_id` = 'B5EVHD';
INSERT INTO `rank_history` (`rank_id`, `user_id`, `name`, `bv`, `date`, `amount`, `type`) VALUES ('1', 'B5EVHD', 'Affiliate', '0', '2025-04-27 00:05:25', '0', 'auto');
UPDATE `bv_updation` SET left_carry = left_carry+150, total_left = total_left+150
WHERE `user_id` = 'AQJLZA';
INSERT INTO `placement_bv_update_history` (`left_carry`, `date`, `from_id`, `user_id`) VALUES ('150', '2025-04-27 00:05:25', 'JYZE9L', 'AQJLZA');
UPDATE `bv_updation` SET left_carry = left_carry+150, total_left = total_left+150
WHERE `user_id` = '2V26XM';
INSERT INTO `placement_bv_update_history` (`left_carry`, `date`, `from_id`, `user_id`) VALUES ('150', '2025-04-27 00:05:25', 'JYZE9L', '2V26XM');
UPDATE `bv_updation` SET left_carry = left_carry+150, total_left = total_left+150
WHERE `user_id` = 'K8DXP2';
INSERT INTO `placement_bv_update_history` (`left_carry`, `date`, `from_id`, `user_id`) VALUES ('150', '2025-04-27 00:05:25', 'JYZE9L', 'K8DXP2');
UPDATE `bv_updation` SET left_carry = left_carry+150, total_left = total_left+150
WHERE `user_id` = 'HP6YP2';
INSERT INTO `placement_bv_update_history` (`left_carry`, `date`, `from_id`, `user_id`) VALUES ('150', '2025-04-27 00:05:25', 'JYZE9L', 'HP6YP2');
UPDATE `user_registration` SET `cycle_rank_id` = '1'
WHERE `user_id` = 'HP6YP2';
INSERT INTO `rank_history` (`rank_id`, `user_id`, `name`, `bv`, `date`, `amount`, `type`) VALUES ('1', 'HP6YP2', 'Affiliate', '0', '2025-04-27 00:05:25', '0', 'auto');
UPDATE `bv_updation` SET left_carry = left_carry+150, total_left = total_left+150
WHERE `user_id` = 'L8NRSC';
INSERT INTO `placement_bv_update_history` (`left_carry`, `date`, `from_id`, `user_id`) VALUES ('150', '2025-04-27 00:05:25', 'JYZE9L', 'L8NRSC');
UPDATE `user_registration` SET `cycle_rank_id` = '1'
WHERE `user_id` = 'L8NRSC';
INSERT INTO `rank_history` (`rank_id`, `user_id`, `name`, `bv`, `date`, `amount`, `type`) VALUES ('1', 'L8NRSC', 'Affiliate', '0', '2025-04-27 00:05:25', '0', 'auto');
UPDATE `bv_updation` SET left_carry = left_carry+150, total_left = total_left+150
WHERE `user_id` = 'JHRDHS';
INSERT INTO `placement_bv_update_history` (`left_carry`, `date`, `from_id`, `user_id`) VALUES ('150', '2025-04-27 00:05:25', 'JYZE9L', 'JHRDHS');
UPDATE `user_registration` SET `cycle_rank_id` = '1'
WHERE `user_id` = 'JHRDHS';
INSERT INTO `rank_history` (`rank_id`, `user_id`, `name`, `bv`, `date`, `amount`, `type`) VALUES ('1', 'JHRDHS', 'Affiliate', '0', '2025-04-27 00:05:25', '0', 'auto');
UPDATE `bv_updation` SET right_carry = right_carry+150, total_right = total_right+150
WHERE `user_id` = 'CVVK4C';
INSERT INTO `placement_bv_update_history` (`right_carry`, `date`, `from_id`, `user_id`) VALUES ('150', '2025-04-27 00:05:25', 'JYZE9L', 'CVVK4C');
UPDATE `user_registration` SET `cycle_rank_id` = '1'
WHERE `user_id` = 'CVVK4C';
INSERT INTO `rank_history` (`rank_id`, `user_id`, `name`, `bv`, `date`, `amount`, `type`) VALUES ('1', 'CVVK4C', 'Affiliate', '0', '2025-04-27 00:05:25', '0', 'auto');
UPDATE `bv_updation` SET left_carry = left_carry+150, total_left = total_left+150
WHERE `user_id` = 'K55EDD';
INSERT INTO `placement_bv_update_history` (`left_carry`, `date`, `from_id`, `user_id`) VALUES ('150', '2025-04-27 00:05:26', 'JYZE9L', 'K55EDD');
UPDATE `user_registration` SET `cycle_rank_id` = '1'
WHERE `user_id` = 'K55EDD';
INSERT INTO `rank_history` (`rank_id`, `user_id`, `name`, `bv`, `date`, `amount`, `type`) VALUES ('1', 'K55EDD', 'Affiliate', '0', '2025-04-27 00:05:26', '0', 'auto');
UPDATE `bv_updation` SET left_carry = left_carry+150, total_left = total_left+150
WHERE `user_id` = 'UQO7EQ';
INSERT INTO `placement_bv_update_history` (`left_carry`, `date`, `from_id`, `user_id`) VALUES ('150', '2025-04-27 00:05:26', 'JYZE9L', 'UQO7EQ');
UPDATE `user_registration` SET `cycle_rank_id` = '2'
WHERE `user_id` = 'UQO7EQ';
INSERT INTO `rank_history` (`rank_id`, `user_id`, `name`, `bv`, `date`, `amount`, `type`) VALUES ('2', 'UQO7EQ', 'Associate', '1200', '2025-04-27 00:05:26', '100', 'auto');
UPDATE `bv_updation` SET left_carry = left_carry+150, total_left = total_left+150
WHERE `user_id` = 'N6GZAE';
INSERT INTO `placement_bv_update_history` (`left_carry`, `date`, `from_id`, `user_id`) VALUES ('150', '2025-04-27 00:05:26', 'JYZE9L', 'N6GZAE');
UPDATE `user_registration` SET `cycle_rank_id` = '1'
WHERE `user_id` = 'N6GZAE';
INSERT INTO `rank_history` (`rank_id`, `user_id`, `name`, `bv`, `date`, `amount`, `type`) VALUES ('1', 'N6GZAE', 'Affiliate', '0', '2025-04-27 00:05:26', '0', 'auto');
UPDATE `bv_updation` SET left_carry = left_carry+150, total_left = total_left+150
WHERE `user_id` = '4E1CRI';
INSERT INTO `placement_bv_update_history` (`left_carry`, `date`, `from_id`, `user_id`) VALUES ('150', '2025-04-27 00:05:26', 'JYZE9L', '4E1CRI');
UPDATE `bv_updation` SET left_carry = left_carry+150, total_left = total_left+150
WHERE `user_id` = 'SJBNYJ';
INSERT INTO `placement_bv_update_history` (`left_carry`, `date`, `from_id`, `user_id`) VALUES ('150', '2025-04-27 00:05:26', 'JYZE9L', 'SJBNYJ');
UPDATE `user_registration` SET `cycle_rank_id` = '1'
WHERE `user_id` = 'SJBNYJ';
INSERT INTO `rank_history` (`rank_id`, `user_id`, `name`, `bv`, `date`, `amount`, `type`) VALUES ('1', 'SJBNYJ', 'Affiliate', '0', '2025-04-27 00:05:26', '0', 'auto');
UPDATE `bv_updation` SET left_carry = left_carry+150, total_left = total_left+150
WHERE `user_id` = '44B9Y4';
INSERT INTO `placement_bv_update_history` (`left_carry`, `date`, `from_id`, `user_id`) VALUES ('150', '2025-04-27 00:05:26', 'JYZE9L', '44B9Y4');
UPDATE `user_registration` SET `cycle_rank_id` = '1'
WHERE `user_id` = '44B9Y4';
INSERT INTO `rank_history` (`rank_id`, `user_id`, `name`, `bv`, `date`, `amount`, `type`) VALUES ('1', '44B9Y4', 'Affiliate', '0', '2025-04-27 00:05:26', '0', 'auto');
UPDATE `bv_updation` SET right_carry = right_carry+150, total_right = total_right+150
WHERE `user_id` = 'admin';
INSERT INTO `placement_bv_update_history` (`right_carry`, `date`, `from_id`, `user_id`) VALUES ('150', '2025-04-27 00:05:26', 'JYZE9L', 'admin');
UPDATE `user_registration` SET `cycle_rank_id` = '1'
WHERE `user_id` = 'admin';
INSERT INTO `rank_history` (`rank_id`, `user_id`, `name`, `bv`, `date`, `amount`, `type`) VALUES ('1', 'admin', 'Affiliate', '0', '2025-04-27 00:05:26', '0', 'auto');
UPDATE `user_registration` SET `subscription_date` = '2025-05-27', `active_status` = 'yes'
WHERE `user_id` = 'JYZE9L';
UPDATE `user_registration` SET `sub_point` = 0, `active_status` = 'no'
WHERE `user_id` = 'L84ITK';
INSERT INTO `inactive_history` (`user_id`, `commission_balance`, `amount`, `date`) VALUES ('L84ITK', '0', '150', '2025-04-27 00:05:27');
UPDATE `user_registration` SET `sub_point` = 0, `active_status` = 'no'
WHERE `user_id` = '6UFXJY';
INSERT INTO `inactive_history` (`user_id`, `commission_balance`, `amount`, `date`) VALUES ('6UFXJY', '0', '150', '2025-04-27 00:05:27');
UPDATE `user_registration` SET `sub_point` = 0, `active_status` = 'no'
WHERE `user_id` = '6FI4ND';
INSERT INTO `inactive_history` (`user_id`, `commission_balance`, `amount`, `date`) VALUES ('6FI4ND', '0', '150', '2025-04-27 00:05:27');
UPDATE `cron_job_history` SET `status` = 'done', `date_end` = '2025-04-27 00:05:27'
WHERE `id` = 349;
INSERT INTO `login_history` (`user_id`, `device`, `ip_address`, `date`) VALUES ('O94ZPY', 'Mozilla/5.0 (iPhone; CPU iPhone OS 18_3_2 like Mac OS X) AppleWebKit/605.1.15 (KHTML, like Gecko) Version/18.3.1 Mobile/15E148 Safari/604.1', '198.41.227.62', '25-04-27 05:55');
UPDATE `user_registration` SET `popup_seen` = 'yes'
WHERE `user_id` = 'O94ZPY';
UPDATE `user_registration` SET `popup_seen` = 'yes'
WHERE `user_id` = 'O94ZPY';
UPDATE `user_registration` SET `popup_seen` = 'yes'
WHERE `user_id` = 'O94ZPY';
UPDATE `user_registration` SET `popup_seen` = 'yes'
WHERE `user_id` = 'O94ZPY';
UPDATE `ci_sessions` SET `timestamp` = 1745752283, `data` = '__ci_last_regenerate|i:1745752283;id|s:4:\"2075\";user_id|s:6:\"O94ZPY\";username|s:12:\"angelito4817\";sponsor_id|s:6:\"JHRDHS\";fullname|s:15:\"Angel Fernandez\";email|s:25:\"angelito.magaly@gmail.com\";phone|s:0:\"\";isLogIn|b:1;'
WHERE `id` = 'd4f00a24155388e3e6b2f6c24bd97f8b9c8a2560';
INSERT INTO `login_history` (`user_id`, `device`, `ip_address`, `date`) VALUES ('JHRDHS', 'Mozilla/5.0 (iPhone; CPU iPhone OS 18_4_1 like Mac OS X) AppleWebKit/605.1.15 (KHTML, like Gecko) Version/18.4 Mobile/15E148 Safari/604.1', '172.70.82.232', '25-04-27 07:11');
UPDATE `user_registration` SET `popup_seen` = 'yes'
WHERE `user_id` = 'JHRDHS';
INSERT INTO `login_history` (`user_id`, `device`, `ip_address`, `date`) VALUES ('WP5PIA', 'Mozilla/5.0 (Windows NT 10.0; Win64; x64) AppleWebKit/537.36 (KHTML, like Gecko) Chrome/135.0.0.0 Safari/537.36', '172.68.12.128', '25-04-27 07:55');
UPDATE `user_registration` SET `popup_seen` = 'yes'
WHERE `user_id` = 'WP5PIA';
UPDATE `user_registration` SET `popup_seen` = 'yes'
WHERE `user_id` = 'WP5PIA';
UPDATE `user_registration` SET `popup_seen` = 'yes'
WHERE `user_id` = 'WP5PIA';
UPDATE `user_registration` SET `popup_seen` = 'yes'
WHERE `user_id` = 'WP5PIA';
UPDATE `user_registration` SET `popup_seen` = 'yes'
WHERE `user_id` = 'WP5PIA';
UPDATE `user_registration` SET `popup_seen` = 'yes'
WHERE `user_id` = 'WP5PIA';
UPDATE `user_registration` SET `popup_seen` = 'yes'
WHERE `user_id` = 'WP5PIA';
UPDATE `user_registration` SET `popup_seen` = 'yes'
WHERE `user_id` = 'WP5PIA';
UPDATE `user_registration` SET `popup_seen` = 'yes'
WHERE `user_id` = 'WP5PIA';
UPDATE `user_registration` SET `popup_seen` = 'yes'
WHERE `user_id` = 'WP5PIA';
UPDATE `user_registration` SET `popup_seen` = 'yes'
WHERE `user_id` = 'WP5PIA';
UPDATE `user_registration` SET `popup_seen` = 'yes'
WHERE `user_id` = 'WP5PIA';
UPDATE `user_registration` SET `popup_seen` = 'yes'
WHERE `user_id` = 'WP5PIA';
UPDATE `ci_sessions` SET `timestamp` = 1745758854, `data` = '__ci_last_regenerate|i:1745758854;id|s:4:\"2245\";user_id|s:6:\"WP5PIA\";username|s:8:\"Zurama73\";sponsor_id|s:6:\"MY94TD\";fullname|s:14:\"Zurama Cortina\";email|s:23:\"zuramacortina@gmail.com\";phone|s:10:\"3057429952\";isLogIn|b:1;'
WHERE `id` = 'eac2a89b94feddfc98ad2035de103d5c547249bc';
UPDATE `user_registration` SET `popup_seen` = 'yes'
WHERE `user_id` = 'WP5PIA';
UPDATE `user_registration` SET `language` = 'english'
WHERE `user_id` = 'WP5PIA';
UPDATE `user_registration` SET `popup_seen` = 'yes'
WHERE `user_id` = 'WP5PIA';
INSERT INTO `temp_register` (`post_data`, `date`, `payment_method`, `type`) VALUES ('{\"user_id\":\"WP5PIA\",\"package_id\":\"2\",\"amount\":\"150\",\"payment_method\":\"stripe\",\"date\":\"2025-04-27 08:02:31\"}', '2025-04-27 08:02:31', 'stripe', 'renew');
INSERT INTO `login_history` (`user_id`, `device`, `ip_address`, `date`) VALUES ('UQO7EQ', 'Mozilla/5.0 (Linux; Android 10; K) AppleWebKit/537.36 (KHTML, like Gecko) Chrome/131.0.0.0 Mobile Safari/537.36', '172.70.255.168', '25-04-27 08:02');
UPDATE `user_registration` SET `popup_seen` = 'yes'
WHERE `user_id` = 'UQO7EQ';
UPDATE `user_registration` SET `popup_seen` = 'no'
WHERE `user_id` = 'UQO7EQ';
DELETE FROM `ci_sessions`
WHERE `id` = 'bda183c4b46206a3f7527a21c6ec82c49c5a8502';
UPDATE `user_registration` SET `popup_seen` = 'yes'
WHERE `user_id` = 'WP5PIA';
INSERT INTO `login_history` (`user_id`, `device`, `ip_address`, `date`) VALUES ('2RSJNO', 'Mozilla/5.0 (iPhone; CPU iPhone OS 18_3_2 like Mac OS X) AppleWebKit/605.1.15 (KHTML, like Gecko) GSA/365.1.750410080 Mobile/15E148 Safari/604.1', '172.70.54.225', '25-04-27 08:05');
UPDATE `user_registration` SET `popup_seen` = 'yes'
WHERE `user_id` = '2RSJNO';
UPDATE `ci_sessions` SET `timestamp` = 1745759155, `data` = '__ci_last_regenerate|i:1745759155;id|s:4:\"2245\";user_id|s:6:\"WP5PIA\";username|s:8:\"Zurama73\";sponsor_id|s:6:\"MY94TD\";fullname|s:14:\"Zurama Cortina\";email|s:23:\"zuramacortina@gmail.com\";phone|s:10:\"3057429952\";isLogIn|b:1;upgrade_stripe_id|i:347;'
WHERE `id` = '4fd789893091e72cf2e53d1f2f88774a41e9677a';
INSERT INTO `temp_register` (`post_data`, `date`, `payment_method`, `type`) VALUES ('{\"user_id\":\"WP5PIA\",\"package_id\":\"2\",\"amount\":\"150\",\"payment_method\":\"stripe\",\"date\":\"2025-04-27 08:05:55\"}', '2025-04-27 08:05:55', 'stripe', 'renew');
UPDATE `user_registration` SET `popup_seen` = 'yes'
WHERE `user_id` = '2RSJNO';
UPDATE `temp_register` SET `response` = '{\"stripeToken\":\"tok_1RIUvE2NUoYUjiuu4qcYCOc7\",\"stripeTokenType\":\"card\",\"stripeEmail\":\"zuramacortina@gmail.com\"}', `date_modified` = '2025-04-27 08:07:08', `payment_status` = '{\"id\":\"ch_3RIUvJ2NUoYUjiuu1ivKRPAn\",\"object\":\"charge\",\"amount\":15000,\"amount_captured\":15000,\"amount_refunded\":0,\"application\":null,\"application_fee\":null,\"application_fee_amount\":null,\"balance_transaction\":\"txn_3RIUvJ2NUoYUjiuu1uvsd3e6\",\"billing_details\":{\"address\":{\"city\":null,\"country\":null,\"line1\":null,\"line2\":null,\"postal_code\":null,\"state\":null},\"email\":null,\"name\":\"zuramacortina@gmail.com\",\"phone\":null,\"tax_id\":null},\"calculated_statement_descriptor\":\"TRAVELEGENDCY LLC\",\"captured\":true,\"created\":1745759229,\"currency\":\"usd\",\"customer\":\"cus_SCukhHEPhBG8Bx\",\"description\":null,\"destination\":null,\"dispute\":null,\"disputed\":false,\"failure_balance_transaction\":null,\"failure_code\":null,\"failure_message\":null,\"fraud_details\":[],\"invoice\":null,\"livemode\":true,\"metadata\":{\"name\":\"Zurama Cortina\",\"username\":\"Zurama73\"},\"on_behalf_of\":null,\"order\":null,\"outcome\":{\"advice_code\":null,\"network_advice_code\":null,\"network_decline_code\":null,\"network_status\":\"approved_by_network\",\"reason\":null,\"risk_level\":\"normal\",\"seller_message\":\"Payment complete.\",\"type\":\"authorized\"},\"paid\":true,\"payment_intent\":null,\"payment_method\":\"card_1RIUvE2NUoYUjiuuWIOkqDgc\",\"payment_method_details\":{\"card\":{\"amount_authorized\":15000,\"authorization_code\":\"807270\",\"brand\":\"visa\",\"checks\":{\"address_line1_check\":null,\"address_postal_code_check\":null,\"cvc_check\":\"pass\"},\"country\":\"US\",\"exp_month\":3,\"exp_year\":2029,\"extended_authorization\":{\"status\":\"disabled\"},\"fingerprint\":\"pajPjkmhquw3R69E\",\"funding\":\"credit\",\"incremental_authorization\":{\"status\":\"unavailable\"},\"installments\":null,\"last4\":\"5930\",\"mandate\":null,\"multicapture\":{\"status\":\"unavailable\"},\"network\":\"visa\",\"network_token\":{\"used\":false},\"network_transaction_id\":\"305117472299183\",\"overcapture\":{\"maximum_amount_capturable\":15000,\"status\":\"unavailable\"},\"regulated_status\":\"unregulated\",\"three_d_secure\":null,\"wallet\":null},\"type\":\"card\"},\"receipt_email\":null,\"receipt_number\":null,\"receipt_url\":\"https:\\/\\/pay.stripe.com\\/receipts\\/payment\\/CAcQARoXChVhY2N0XzFRUEFGdjJOVW9ZVWppdXUo_de4wAYyBnGTT3gsljosFmNAoyhxnht3tTcIXBPhJFZVAujrjF3FM_7xYXL2_pcMgC-Rp7ox8jS10VQ\",\"refunded\":false,\"review\":null,\"shipping\":null,\"source\":{\"id\":\"card_1RIUvE2NUoYUjiuuWIOkqDgc\",\"object\":\"card\",\"address_city\":null,\"address_country\":null,\"address_line1\":null,\"address_line1_check\":null,\"address_line2\":null,\"address_state\":null,\"address_zip\":null,\"address_zip_check\":null,\"allow_redisplay\":\"unspecified\",\"brand\":\"Visa\",\"country\":\"US\",\"customer\":\"cus_SCukhHEPhBG8Bx\",\"cvc_check\":\"pass\",\"dynamic_last4\":null,\"exp_month\":3,\"exp_year\":2029,\"fingerprint\":\"pajPjkmhquw3R69E\",\"funding\":\"credit\",\"last4\":\"5930\",\"metadata\":[],\"name\":\"zuramacortina@gmail.com\",\"regulated_status\":\"unregulated\",\"tokenization_method\":null,\"wallet\":null},\"source_transfer\":null,\"statement_descriptor\":null,\"statement_descriptor_suffix\":null,\"status\":\"succeeded\",\"transfer_data\":null,\"transfer_group\":null}'
WHERE `id` = 348;
INSERT INTO `sub_history` (`user_id`, `package_id`, `amount`, `payment_method`, `date`) VALUES ('WP5PIA', '2', '150', 'Stripe', '2025-04-27 08:07:08');
UPDATE `user_registration` SET sub_point = ROUND(sub_point + 150,2)
WHERE `user_id` = 'WP5PIA';
INSERT INTO `investment` (`invest_date`, `user_id`, `type`, `amount`, `package_id`) VALUES ('2025-04-27 08:07:08', 'WP5PIA', 'subscription', '150', '2');
UPDATE `user_registration` SET total_points = ROUND(total_points + 150,2)
WHERE `user_id` = 'WP5PIA';
INSERT INTO `points_history` (`user_id`, `points`, `type`, `date`) VALUES ('WP5PIA', '150', 'subscription', '2025-04-27 08:07:');
UPDATE `bv_updation` SET right_carry = right_carry+150, total_right = total_right+150
WHERE `user_id` = 'MY94TD';
INSERT INTO `placement_bv_update_history` (`right_carry`, `date`, `from_id`, `user_id`) VALUES ('150', '2025-04-27 08:07:08', 'WP5PIA', 'MY94TD');
UPDATE `bv_updation` SET sponsor_right_carry = sponsor_right_carry+150, sponsor_total_right = sponsor_total_right+150
WHERE `user_id` = 'MY94TD';
INSERT INTO `sponsor_bv_update_history` (`right_carry`, `date`, `user_id`) VALUES ('150', '2025-04-27 08:07:08', 'MY94TD');
UPDATE `bv_updation` SET right_carry = right_carry+150, total_right = total_right+150
WHERE `user_id` = '46H8G2';
INSERT INTO `placement_bv_update_history` (`right_carry`, `date`, `from_id`, `user_id`) VALUES ('150', '2025-04-27 08:07:08', 'WP5PIA', '46H8G2');
UPDATE `bv_updation` SET right_carry = right_carry+150, total_right = total_right+150
WHERE `user_id` = 'HSP8ZI';
INSERT INTO `placement_bv_update_history` (`right_carry`, `date`, `from_id`, `user_id`) VALUES ('150', '2025-04-27 08:07:08', 'WP5PIA', 'HSP8ZI');
UPDATE `user_registration` SET `cycle_rank_id` = '1'
WHERE `user_id` = 'HSP8ZI';
INSERT INTO `rank_history` (`rank_id`, `user_id`, `name`, `bv`, `date`, `amount`, `type`) VALUES ('1', 'HSP8ZI', 'Affiliate', '0', '2025-04-27 08:07:08', '0', 'auto');
UPDATE `bv_updation` SET right_carry = right_carry+150, total_right = total_right+150
WHERE `user_id` = '2RSJNO';
INSERT INTO `placement_bv_update_history` (`right_carry`, `date`, `from_id`, `user_id`) VALUES ('150', '2025-04-27 08:07:09', 'WP5PIA', '2RSJNO');
UPDATE `user_registration` SET `cycle_rank_id` = '1'
WHERE `user_id` = '2RSJNO';
INSERT INTO `rank_history` (`rank_id`, `user_id`, `name`, `bv`, `date`, `amount`, `type`) VALUES ('1', '2RSJNO', 'Affiliate', '0', '2025-04-27 08:07:09', '0', 'auto');
UPDATE `bv_updation` SET left_carry = left_carry+150, total_left = total_left+150
WHERE `user_id` = 'ETPYLQ';
INSERT INTO `placement_bv_update_history` (`left_carry`, `date`, `from_id`, `user_id`) VALUES ('150', '2025-04-27 08:07:09', 'WP5PIA', 'ETPYLQ');
UPDATE `user_registration` SET `cycle_rank_id` = '1'
WHERE `user_id` = 'ETPYLQ';
INSERT INTO `rank_history` (`rank_id`, `user_id`, `name`, `bv`, `date`, `amount`, `type`) VALUES ('1', 'ETPYLQ', 'Affiliate', '0', '2025-04-27 08:07:09', '0', 'auto');
UPDATE `bv_updation` SET left_carry = left_carry+150, total_left = total_left+150
WHERE `user_id` = 'M2XFK7';
INSERT INTO `placement_bv_update_history` (`left_carry`, `date`, `from_id`, `user_id`) VALUES ('150', '2025-04-27 08:07:09', 'WP5PIA', 'M2XFK7');
UPDATE `bv_updation` SET left_carry = left_carry+150, total_left = total_left+150
WHERE `user_id` = '7BQJK5';
INSERT INTO `placement_bv_update_history` (`left_carry`, `date`, `from_id`, `user_id`) VALUES ('150', '2025-04-27 08:07:09', 'WP5PIA', '7BQJK5');
UPDATE `user_registration` SET `cycle_rank_id` = '1'
WHERE `user_id` = '7BQJK5';
INSERT INTO `rank_history` (`rank_id`, `user_id`, `name`, `bv`, `date`, `amount`, `type`) VALUES ('1', '7BQJK5', 'Affiliate', '0', '2025-04-27 08:07:09', '0', 'auto');
UPDATE `bv_updation` SET left_carry = left_carry+150, total_left = total_left+150
WHERE `user_id` = 'QJ5U9C';
INSERT INTO `placement_bv_update_history` (`left_carry`, `date`, `from_id`, `user_id`) VALUES ('150', '2025-04-27 08:07:09', 'WP5PIA', 'QJ5U9C');
UPDATE `user_registration` SET `cycle_rank_id` = '1'
WHERE `user_id` = 'QJ5U9C';
INSERT INTO `rank_history` (`rank_id`, `user_id`, `name`, `bv`, `date`, `amount`, `type`) VALUES ('1', 'QJ5U9C', 'Affiliate', '0', '2025-04-27 08:07:09', '0', 'auto');
UPDATE `bv_updation` SET left_carry = left_carry+150, total_left = total_left+150
WHERE `user_id` = 'O94ZPY';
INSERT INTO `placement_bv_update_history` (`left_carry`, `date`, `from_id`, `user_id`) VALUES ('150', '2025-04-27 08:07:09', 'WP5PIA', 'O94ZPY');
UPDATE `user_registration` SET `cycle_rank_id` = '1'
WHERE `user_id` = 'O94ZPY';
INSERT INTO `rank_history` (`rank_id`, `user_id`, `name`, `bv`, `date`, `amount`, `type`) VALUES ('1', 'O94ZPY', 'Affiliate', '0', '2025-04-27 08:07:09', '0', 'auto');
UPDATE `bv_updation` SET right_carry = right_carry+150, total_right = total_right+150
WHERE `user_id` = 'JHRDHS';
INSERT INTO `placement_bv_update_history` (`right_carry`, `date`, `from_id`, `user_id`) VALUES ('150', '2025-04-27 08:07:10', 'WP5PIA', 'JHRDHS');
UPDATE `user_registration` SET `cycle_rank_id` = '1'
WHERE `user_id` = 'JHRDHS';
INSERT INTO `rank_history` (`rank_id`, `user_id`, `name`, `bv`, `date`, `amount`, `type`) VALUES ('1', 'JHRDHS', 'Affiliate', '0', '2025-04-27 08:07:10', '0', 'auto');
UPDATE `bv_updation` SET right_carry = right_carry+150, total_right = total_right+150
WHERE `user_id` = 'CVVK4C';
INSERT INTO `placement_bv_update_history` (`right_carry`, `date`, `from_id`, `user_id`) VALUES ('150', '2025-04-27 08:07:10', 'WP5PIA', 'CVVK4C');
UPDATE `user_registration` SET `cycle_rank_id` = '1'
WHERE `user_id` = 'CVVK4C';
INSERT INTO `rank_history` (`rank_id`, `user_id`, `name`, `bv`, `date`, `amount`, `type`) VALUES ('1', 'CVVK4C', 'Affiliate', '0', '2025-04-27 08:07:10', '0', 'auto');
UPDATE `bv_updation` SET left_carry = left_carry+150, total_left = total_left+150
WHERE `user_id` = 'K55EDD';
INSERT INTO `placement_bv_update_history` (`left_carry`, `date`, `from_id`, `user_id`) VALUES ('150', '2025-04-27 08:07:10', 'WP5PIA', 'K55EDD');
UPDATE `user_registration` SET `cycle_rank_id` = '1'
WHERE `user_id` = 'K55EDD';
INSERT INTO `rank_history` (`rank_id`, `user_id`, `name`, `bv`, `date`, `amount`, `type`) VALUES ('1', 'K55EDD', 'Affiliate', '0', '2025-04-27 08:07:10', '0', 'auto');
UPDATE `bv_updation` SET left_carry = left_carry+150, total_left = total_left+150
WHERE `user_id` = 'UQO7EQ';
INSERT INTO `placement_bv_update_history` (`left_carry`, `date`, `from_id`, `user_id`) VALUES ('150', '2025-04-27 08:07:10', 'WP5PIA', 'UQO7EQ');
UPDATE `user_registration` SET `cycle_rank_id` = '2'
WHERE `user_id` = 'UQO7EQ';
INSERT INTO `rank_history` (`rank_id`, `user_id`, `name`, `bv`, `date`, `amount`, `type`) VALUES ('2', 'UQO7EQ', 'Associate', '1200', '2025-04-27 08:07:10', '100', 'auto');
UPDATE `bv_updation` SET left_carry = left_carry+150, total_left = total_left+150
WHERE `user_id` = 'N6GZAE';
INSERT INTO `placement_bv_update_history` (`left_carry`, `date`, `from_id`, `user_id`) VALUES ('150', '2025-04-27 08:07:10', 'WP5PIA', 'N6GZAE');
UPDATE `user_registration` SET `cycle_rank_id` = '1'
WHERE `user_id` = 'N6GZAE';
INSERT INTO `rank_history` (`rank_id`, `user_id`, `name`, `bv`, `date`, `amount`, `type`) VALUES ('1', 'N6GZAE', 'Affiliate', '0', '2025-04-27 08:07:10', '0', 'auto');
UPDATE `bv_updation` SET left_carry = left_carry+150, total_left = total_left+150
WHERE `user_id` = '4E1CRI';
INSERT INTO `placement_bv_update_history` (`left_carry`, `date`, `from_id`, `user_id`) VALUES ('150', '2025-04-27 08:07:11', 'WP5PIA', '4E1CRI');
UPDATE `bv_updation` SET left_carry = left_carry+150, total_left = total_left+150
WHERE `user_id` = 'SJBNYJ';
INSERT INTO `placement_bv_update_history` (`left_carry`, `date`, `from_id`, `user_id`) VALUES ('150', '2025-04-27 08:07:11', 'WP5PIA', 'SJBNYJ');
UPDATE `user_registration` SET `cycle_rank_id` = '1'
WHERE `user_id` = 'SJBNYJ';
INSERT INTO `rank_history` (`rank_id`, `user_id`, `name`, `bv`, `date`, `amount`, `type`) VALUES ('1', 'SJBNYJ', 'Affiliate', '0', '2025-04-27 08:07:11', '0', 'auto');
UPDATE `bv_updation` SET left_carry = left_carry+150, total_left = total_left+150
WHERE `user_id` = '44B9Y4';
INSERT INTO `placement_bv_update_history` (`left_carry`, `date`, `from_id`, `user_id`) VALUES ('150', '2025-04-27 08:07:11', 'WP5PIA', '44B9Y4');
UPDATE `user_registration` SET `cycle_rank_id` = '1'
WHERE `user_id` = '44B9Y4';
INSERT INTO `rank_history` (`rank_id`, `user_id`, `name`, `bv`, `date`, `amount`, `type`) VALUES ('1', '44B9Y4', 'Affiliate', '0', '2025-04-27 08:07:11', '0', 'auto');
UPDATE `bv_updation` SET right_carry = right_carry+150, total_right = total_right+150
WHERE `user_id` = 'admin';
INSERT INTO `placement_bv_update_history` (`right_carry`, `date`, `from_id`, `user_id`) VALUES ('150', '2025-04-27 08:07:11', 'WP5PIA', 'admin');
UPDATE `user_registration` SET `cycle_rank_id` = '1'
WHERE `user_id` = 'admin';
INSERT INTO `rank_history` (`rank_id`, `user_id`, `name`, `bv`, `date`, `amount`, `type`) VALUES ('1', 'admin', 'Affiliate', '0', '2025-04-27 08:07:11', '0', 'auto');
UPDATE `user_registration` SET `subscription_date` = '2025-05-27', `active_status` = 'yes'
WHERE `user_id` = 'WP5PIA';
UPDATE `user_registration` SET `popup_seen` = 'yes'
WHERE `user_id` = 'WP5PIA';
UPDATE `user_registration` SET `popup_seen` = 'yes'
WHERE `user_id` = '2RSJNO';
UPDATE `ci_sessions` SET `timestamp` = 1745759553, `data` = '__ci_last_regenerate|i:1745759553;id|s:4:\"2071\";user_id|s:6:\"JHRDHS\";username|s:7:\"mbecena\";sponsor_id|s:6:\"CVVK4C\";fullname|s:12:\"Maria Becena\";email|s:21:\"mbecena@bellsouth.net\";phone|s:10:\"7862360387\";isLogIn|b:1;message|s:20:\"Welcome Maria Becena\";__ci_vars|a:1:{s:7:\"message\";s:3:\"old\";}'
WHERE `id` = 'e47f29344bd9367ab4015f7e4897bb258a037cf9';
UPDATE `user_registration` SET `popup_seen` = 'yes'
WHERE `user_id` = 'JHRDHS';
INSERT INTO `login_history` (`user_id`, `device`, `ip_address`, `date`) VALUES ('UQO7EQ', 'Mozilla/5.0 (Windows NT 10.0; Win64; x64) AppleWebKit/537.36 (KHTML, like Gecko) Chrome/135.0.0.0 Safari/537.36', '172.70.254.38', '25-04-27 09:03');
UPDATE `user_registration` SET `popup_seen` = 'yes'
WHERE `user_id` = 'UQO7EQ';
UPDATE `user_registration` SET `popup_seen` = 'yes'
WHERE `user_id` = 'UQO7EQ';
UPDATE `user_registration` SET `popup_seen` = 'yes'
WHERE `user_id` = 'UQO7EQ';
UPDATE `user_registration` SET `popup_seen` = 'no'
WHERE `user_id` = 'UQO7EQ';
DELETE FROM `ci_sessions`
WHERE `id` = 'a50aaac9af9b702d2f2fe51913eb5ab98a0590ea';
UPDATE `user_registration` SET `popup_seen` = 'no'
WHERE `user_id` IS NULL;
DELETE FROM `ci_sessions`
WHERE `id` = 'a50aaac9af9b702d2f2fe51913eb5ab98a0590ea';
UPDATE `ci_sessions` SET `timestamp` = 1745762962, `data` = '__ci_last_regenerate|i:1745762962;id|s:4:\"2245\";user_id|s:6:\"WP5PIA\";username|s:8:\"Zurama73\";sponsor_id|s:6:\"MY94TD\";fullname|s:14:\"Zurama Cortina\";email|s:23:\"zuramacortina@gmail.com\";phone|s:10:\"3057429952\";isLogIn|b:1;'
WHERE `id` = '6de84b13bb064330d0df6d0ce498bd48b013b1f1';
UPDATE `user_registration` SET `popup_seen` = 'yes'
WHERE `user_id` = 'WP5PIA';
UPDATE `user_registration` SET `popup_seen` = 'yes'
WHERE `user_id` = 'WP5PIA';
UPDATE `ci_sessions` SET `timestamp` = 1745763289, `data` = '__ci_last_regenerate|i:1745763289;id|s:4:\"2245\";user_id|s:6:\"WP5PIA\";username|s:8:\"Zurama73\";sponsor_id|s:6:\"MY94TD\";fullname|s:14:\"Zurama Cortina\";email|s:23:\"zuramacortina@gmail.com\";phone|s:10:\"3057429952\";isLogIn|b:1;'
WHERE `id` = '8c5e21b6995ad03d7b3e1ac0b16800010a0530dc';
UPDATE `user_registration` SET `trans_password` = '990520'
WHERE `user_id` = 'WP5PIA';
INSERT INTO `notifications` (`user_id`, `notification_type`, `subject`, `details`, `date`, `status`) VALUES ('WP5PIA', 'transaction_password_update', 'Transaction Password Notification', 'Your transaction password has been created successfully.', '2025-04-27 09:17:28', 0);
UPDATE `ci_sessions` SET `timestamp` = 1745763466, `data` = '__ci_last_regenerate|i:1745763466;id|s:4:\"2071\";user_id|s:6:\"JHRDHS\";username|s:7:\"mbecena\";sponsor_id|s:6:\"CVVK4C\";fullname|s:12:\"Maria Becena\";email|s:21:\"mbecena@bellsouth.net\";phone|s:10:\"7862360387\";isLogIn|b:1;'
WHERE `id` = '4e86c00594e026738557c8178ca957ac1115500f';
UPDATE `user_registration` SET `popup_seen` = 'yes'
WHERE `user_id` = 'JHRDHS';
UPDATE `ci_sessions` SET `timestamp` = 1745763704, `data` = '__ci_last_regenerate|i:1745763704;id|s:4:\"2245\";user_id|s:6:\"WP5PIA\";username|s:8:\"Zurama73\";sponsor_id|s:6:\"MY94TD\";fullname|s:14:\"Zurama Cortina\";email|s:23:\"zuramacortina@gmail.com\";phone|s:10:\"3057429952\";isLogIn|b:1;message|s:31:\"Transaction Password generated.\";__ci_vars|a:1:{s:7:\"message\";s:3:\"old\";}'
WHERE `id` = '6fef744fb63f2fa1e3536b065cc5374d8bfbeb1a';
UPDATE `user_registration` SET `language` = 'spanish'
WHERE `user_id` = 'WP5PIA';
UPDATE `ci_sessions` SET `timestamp` = 1745763798, `data` = '__ci_last_regenerate|i:1745763798;id|s:4:\"2071\";user_id|s:6:\"JHRDHS\";username|s:7:\"mbecena\";sponsor_id|s:6:\"CVVK4C\";fullname|s:12:\"Maria Becena\";email|s:21:\"mbecena@bellsouth.net\";phone|s:10:\"7862360387\";isLogIn|b:1;'
WHERE `id` = '527c46716f06120b09ce1be348063bd1805a440c';
UPDATE `user_registration` SET `popup_seen` = 'yes'
WHERE `user_id` = 'JHRDHS';
UPDATE `user_registration` SET `popup_seen` = 'yes'
WHERE `user_id` = 'WP5PIA';
UPDATE `ci_sessions` SET `timestamp` = 1745764068, `data` = '__ci_last_regenerate|i:1745764068;id|s:4:\"2245\";user_id|s:6:\"WP5PIA\";username|s:8:\"Zurama73\";sponsor_id|s:6:\"MY94TD\";fullname|s:14:\"Zurama Cortina\";email|s:23:\"zuramacortina@gmail.com\";phone|s:10:\"3057429952\";isLogIn|b:1;'
WHERE `id` = '07311d49d0986997b3fb6c6a2534e2fc14464b51';
UPDATE `user_registration` SET `popup_seen` = 'yes'
WHERE `user_id` = 'WP5PIA';
UPDATE `user_registration` SET `popup_seen` = 'yes'
WHERE `user_id` = 'WP5PIA';
UPDATE `user_registration` SET `popup_seen` = 'yes'
WHERE `user_id` = 'WP5PIA';
UPDATE `user_registration` SET `popup_seen` = 'yes'
WHERE `user_id` = 'WP5PIA';
INSERT INTO `login_history` (`user_id`, `device`, `ip_address`, `date`) VALUES ('K55EDD', 'Mozilla/5.0 (iPhone; CPU iPhone OS 18_3_2 like Mac OS X) AppleWebKit/605.1.15 (KHTML, like Gecko) Version/18.3.1 Mobile/15E148 Safari/604.1', '172.68.7.163', '25-04-27 09:32');
UPDATE `user_registration` SET `popup_seen` = 'yes'
WHERE `user_id` = 'K55EDD';
UPDATE `ci_sessions` SET `timestamp` = 1745764374, `data` = '__ci_last_regenerate|i:1745764374;id|s:4:\"2245\";user_id|s:6:\"WP5PIA\";username|s:8:\"Zurama73\";sponsor_id|s:6:\"MY94TD\";fullname|s:14:\"Zurama Cortina\";email|s:23:\"zuramacortina@gmail.com\";phone|s:10:\"3057429952\";isLogIn|b:1;'
WHERE `id` = '3b2b67dc3a9b40d86bd1c488ff00b5a13ee53686';
UPDATE `user_registration` SET `popup_seen` = 'yes'
WHERE `user_id` = 'K55EDD';
UPDATE `user_registration` SET `popup_seen` = 'yes'
WHERE `user_id` = 'K55EDD';
UPDATE `user_registration` SET `popup_seen` = 'yes'
WHERE `user_id` = 'WP5PIA';
UPDATE `user_registration` SET `popup_seen` = 'yes'
WHERE `user_id` = 'K55EDD';
UPDATE `ci_sessions` SET `timestamp` = 1745764565, `data` = '__ci_last_regenerate|i:1745764565;id|s:4:\"2071\";user_id|s:6:\"JHRDHS\";username|s:7:\"mbecena\";sponsor_id|s:6:\"CVVK4C\";fullname|s:12:\"Maria Becena\";email|s:21:\"mbecena@bellsouth.net\";phone|s:10:\"7862360387\";isLogIn|b:1;'
WHERE `id` = 'b43e4be203368379a591444b4b15eb851b090bb5';
UPDATE `user_registration` SET `popup_seen` = 'yes'
WHERE `user_id` = 'JHRDHS';
UPDATE `ci_sessions` SET `timestamp` = 1745764779, `data` = '__ci_last_regenerate|i:1745764779;id|s:4:\"2245\";user_id|s:6:\"WP5PIA\";username|s:8:\"Zurama73\";sponsor_id|s:6:\"MY94TD\";fullname|s:14:\"Zurama Cortina\";email|s:23:\"zuramacortina@gmail.com\";phone|s:10:\"3057429952\";isLogIn|b:1;'
WHERE `id` = 'a15b707b74fa4b4330dec01e066d602a437210f1';
UPDATE `user_registration` SET `popup_seen` = 'yes'
WHERE `user_id` = 'WP5PIA';
UPDATE `user_registration` SET `popup_seen` = 'yes'
WHERE `user_id` = 'WP5PIA';
INSERT INTO `login_history` (`user_id`, `device`, `ip_address`, `date`) VALUES ('2RSJNO', 'Mozilla/5.0 (Windows NT 10.0; Win64; x64) AppleWebKit/537.36 (KHTML, like Gecko) Chrome/132.0.0.0 Safari/537.36', '172.68.12.55', '25-04-27 09:46');
UPDATE `user_registration` SET `popup_seen` = 'yes'
WHERE `user_id` = '2RSJNO';
UPDATE `admin` SET `last_login` = '2025-04-27 10:01:49', `ip_address` = '172.68.7.62'
WHERE `id` = '1';
UPDATE `ci_sessions` SET `timestamp` = 1745766579, `data` = '__ci_last_regenerate|i:1745766579;isLogIn|b:1;isAdmin|b:1;id|s:1:\"1\";fullname|s:11:\"admin admin\";user_level|s:5:\"Admin\";email|s:23:\"admin@travelegendcy.com\";image|s:53:\"upload/settings/4a1f1b602322adb837a7a3547ee69cf3.jpeg\";last_login|s:19:\"2025-04-22 18:11:03\";last_logout|s:19:\"2025-03-06 18:37:40\";ip_address|s:12:\"172.68.7.160\";'
WHERE `id` = '22906e03a4fcc5d4806abd6c7b2c450e48705f20';
UPDATE `admin` SET `last_logout` = '2025-04-27 10:09:39'
WHERE `id` = '1';
DELETE FROM `ci_sessions`
WHERE `id` = '1dd0b0e2b354a064423e9b98c627fd4ffbbdaa4c';
UPDATE `ci_sessions` SET `timestamp` = 1745766709, `data` = '__ci_last_regenerate|i:1745766709;id|s:4:\"2052\";user_id|s:6:\"K55EDD\";username|s:10:\"Varadero20\";sponsor_id|s:6:\"UQO7EQ\";fullname|s:16:\"Francisco Prieto\";email|s:24:\"prieto112015@hotmail.com\";phone|s:10:\"3059264135\";isLogIn|b:1;'
WHERE `id` = '5bb96d760c56eb8c258634db341cd0d314c848e5';
UPDATE `ci_sessions` SET `timestamp` = 1745767064, `data` = '__ci_last_regenerate|i:1745767064;id|s:4:\"2190\";user_id|s:6:\"2RSJNO\";username|s:8:\"yoel0221\";sponsor_id|s:6:\"QJ5U9C\";fullname|s:16:\"Yoel Ramos Gomez\";email|s:19:\"yoel21272@gmail.com\";phone|s:10:\"3053050150\";isLogIn|b:1;'
WHERE `id` = '3117a7f4ce0dc5fcabfd11ffb273a566fad96c7f';
UPDATE `user_registration` SET `popup_seen` = 'yes'
WHERE `user_id` = '2RSJNO';
UPDATE `ci_sessions` SET `timestamp` = 1745767461, `data` = '__ci_last_regenerate|i:1745767461;id|s:4:\"2190\";user_id|s:6:\"2RSJNO\";username|s:8:\"yoel0221\";sponsor_id|s:6:\"QJ5U9C\";fullname|s:16:\"Yoel Ramos Gomez\";email|s:19:\"yoel21272@gmail.com\";phone|s:10:\"3053050150\";isLogIn|b:1;'
WHERE `id` = 'f7a62439664ac8247cb278ad80f4fbb89ceb0071';
UPDATE `ci_sessions` SET `timestamp` = 1745767905, `data` = '__ci_last_regenerate|i:1745767905;id|s:4:\"2071\";user_id|s:6:\"JHRDHS\";username|s:7:\"mbecena\";sponsor_id|s:6:\"CVVK4C\";fullname|s:12:\"Maria Becena\";email|s:21:\"mbecena@bellsouth.net\";phone|s:10:\"7862360387\";isLogIn|b:1;'
WHERE `id` = '4e3ea2e463498693f328af2e2de571378be83e7f';
UPDATE `user_registration` SET `popup_seen` = 'yes'
WHERE `user_id` = 'JHRDHS';
INSERT INTO `login_history` (`user_id`, `device`, `ip_address`, `date`) VALUES ('HSP8ZI', 'Mozilla/5.0 (Linux; Android 10; K) AppleWebKit/537.36 (KHTML, like Gecko) Chrome/135.0.0.0 Mobile Safari/537.36', '172.70.82.118', '25-04-27 10:43');
UPDATE `user_registration` SET `popup_seen` = 'yes'
WHERE `user_id` = 'HSP8ZI';
UPDATE `user_registration` SET `popup_seen` = 'no'
WHERE `user_id` = 'HSP8ZI';
DELETE FROM `ci_sessions`
WHERE `id` = 'd861b62f387f4ae93ec158848b5deab5df8700e5';
INSERT INTO `login_history` (`user_id`, `device`, `ip_address`, `date`) VALUES ('UQO7EQ', 'Mozilla/5.0 (Windows NT 10.0; Win64; x64) AppleWebKit/537.36 (KHTML, like Gecko) Chrome/135.0.0.0 Safari/537.36', '172.69.132.134', '25-04-27 11:39');
UPDATE `user_registration` SET `popup_seen` = 'yes'
WHERE `user_id` = 'UQO7EQ';
UPDATE `user_registration` SET `popup_seen` = 'no'
WHERE `user_id` = 'UQO7EQ';
DELETE FROM `ci_sessions`
WHERE `id` = '976cbbf580a7a2292b3135324a59cbf223cd9485';
UPDATE `ci_sessions` SET `timestamp` = 1745772553, `data` = '__ci_last_regenerate|i:1745772553;id|s:4:\"2190\";user_id|s:6:\"2RSJNO\";username|s:8:\"yoel0221\";sponsor_id|s:6:\"QJ5U9C\";fullname|s:16:\"Yoel Ramos Gomez\";email|s:19:\"yoel21272@gmail.com\";phone|s:10:\"3053050150\";isLogIn|b:1;'
WHERE `id` = '96a04c3f1cc70e83aeab6505c71d1db82c7dfb7f';
UPDATE `user_registration` SET `popup_seen` = 'yes'
WHERE `user_id` = '2RSJNO';
INSERT INTO `login_history` (`user_id`, `device`, `ip_address`, `date`) VALUES ('JHRDHS', 'Mozilla/5.0 (iPhone; CPU iPhone OS 18_4_1 like Mac OS X) AppleWebKit/605.1.15 (KHTML, like Gecko) Version/18.4 Mobile/15E148 Safari/604.1', '172.69.70.243', '25-04-27 12:39');
UPDATE `user_registration` SET `popup_seen` = 'yes'
WHERE `user_id` = 'JHRDHS';
UPDATE `ci_sessions` SET `timestamp` = 1745775715, `data` = '__ci_last_regenerate|i:1745775715;captcha|s:4:\"cv7u\";'
WHERE `id` = 'cd60ae9757ba2a6de2178aa623769e9ea91dc1c4';
INSERT INTO `login_history` (`user_id`, `device`, `ip_address`, `date`) VALUES ('UQO7EQ', 'Mozilla/5.0 (Windows NT 10.0; Win64; x64) AppleWebKit/537.36 (KHTML, like Gecko) Chrome/135.0.0.0 Safari/537.36', '172.68.12.129', '25-04-27 12:41');
UPDATE `user_registration` SET `popup_seen` = 'yes'
WHERE `user_id` = 'UQO7EQ';
UPDATE `user_registration` SET `popup_seen` = 'no'
WHERE `user_id` = 'UQO7EQ';
DELETE FROM `ci_sessions`
WHERE `id` = 'c02a107aebdc33415ff7bb9178ef11ada1d1e470';
UPDATE `ci_sessions` SET `timestamp` = 1745776546, `data` = '__ci_last_regenerate|i:1745776546;'
WHERE `id` = '1f231e59752025b2f3a81eaa01ba893eea33e527';
INSERT INTO `login_history` (`user_id`, `device`, `ip_address`, `date`) VALUES ('KSGBOZ', 'Mozilla/5.0 (iPhone; CPU iPhone OS 18_3_2 like Mac OS X) AppleWebKit/605.1.15 (KHTML, like Gecko) Version/18.3.1 Mobile/15E148 Safari/604.1', '172.70.255.168', '25-04-27 13:05');
UPDATE `user_registration` SET `popup_seen` = 'yes'
WHERE `user_id` = 'KSGBOZ';
UPDATE `ci_sessions` SET `timestamp` = 1745777307, `data` = '__ci_last_regenerate|i:1745777307;'
WHERE `id` = '122996ff6d0996bf550efcffdf44622c1f94043d';
INSERT INTO `user_registration` (`user_id`, `username`, `sponsor_id`, `vacant`, `f_name`, `l_name`, `position`, `email`, `password`, `phone`, `country`, `state`, `city`, `street`, `zip_code`, `reg_ip`, `status`, `package_id`, `rank_id`, `highest_rank`, `cycle_rank_id`, `user_type`, `created`, `subscription_date`, `active_status`, `google_secret`) VALUES ('TWFV38', 'Clara', '2RSJNO', 'no', 'Clara', 'Nuñez', 'right', 'clarayurina2020@gmail.com', '7128e53280f01e390d84be3abe128f8f', '3053050150', 'United States', 'Florida', 'Miami Fl', '10240 sw 160 st Miami Fl 33157', '33157', '172.70.117.143', 1, 0, 0, 0, 0, 'customer', '2025-04-27 13:11:45', 'N/A', 'no', '2WCJATJHSPQ2JZ4X');
UPDATE `user_registration` SET total_ref_count = total_ref_count+1
WHERE `user_id` = '2RSJNO';
UPDATE `user_registration` SET customer_ref_count = customer_ref_count+1
WHERE `user_id` = '2RSJNO';
UPDATE `user_registration` SET `cycle_rank_id` = '1'
WHERE `user_id` = '2RSJNO';
INSERT INTO `rank_history` (`rank_id`, `user_id`, `name`, `bv`, `date`, `amount`, `type`) VALUES ('1', '2RSJNO', 'Affiliate', '0', '2025-04-27 13:11:45', '0', 'auto');
INSERT INTO `matrix_fill_sponsor` (`sponsor_id`, `downline_id`, `level`, `matrix`) VALUES ('2RSJNO', 'TWFV38', 1, 1);
INSERT INTO `matrix_fill_sponsor` (`sponsor_id`, `downline_id`, `level`, `matrix`) VALUES ('QJ5U9C', 'TWFV38', 2, 1);
INSERT INTO `matrix_fill_sponsor` (`sponsor_id`, `downline_id`, `level`, `matrix`) VALUES ('O94ZPY', 'TWFV38', 3, 1);
INSERT INTO `matrix_fill_sponsor` (`sponsor_id`, `downline_id`, `level`, `matrix`) VALUES ('JHRDHS', 'TWFV38', 4, 1);
INSERT INTO `matrix_fill_sponsor` (`sponsor_id`, `downline_id`, `level`, `matrix`) VALUES ('CVVK4C', 'TWFV38', 5, 1);
INSERT INTO `matrix_fill_sponsor` (`sponsor_id`, `downline_id`, `level`, `matrix`) VALUES ('K55EDD', 'TWFV38', 6, 1);
INSERT INTO `matrix_fill_sponsor` (`sponsor_id`, `downline_id`, `level`, `matrix`) VALUES ('UQO7EQ', 'TWFV38', 7, 1);
INSERT INTO `matrix_fill_sponsor` (`sponsor_id`, `downline_id`, `level`, `matrix`) VALUES ('N6GZAE', 'TWFV38', 8, 1);
INSERT INTO `matrix_fill_sponsor` (`sponsor_id`, `downline_id`, `level`, `matrix`) VALUES ('4E1CRI', 'TWFV38', 9, 1);
INSERT INTO `matrix_fill_sponsor` (`sponsor_id`, `downline_id`, `level`, `matrix`) VALUES ('SJBNYJ', 'TWFV38', 10, 1);
INSERT INTO `matrix_fill_sponsor` (`sponsor_id`, `downline_id`, `level`, `matrix`) VALUES ('44B9Y4', 'TWFV38', 11, 1);
INSERT INTO `matrix_fill_sponsor` (`sponsor_id`, `downline_id`, `level`, `matrix`) VALUES ('admin', 'TWFV38', 12, 1);
UPDATE `ci_sessions` SET `timestamp` = 1745777629, `data` = '__ci_last_regenerate|i:1745777629;id|s:4:\"2208\";user_id|s:6:\"KSGBOZ\";username|s:9:\"ramos1329\";sponsor_id|s:6:\"2RSJNO\";fullname|s:13:\"Alberto Ramos\";email|s:19:\"ramos9321@gmail.com\";phone|s:10:\"7865541476\";isLogIn|b:1;'
WHERE `id` = 'f272d62f2a6f064db1b37bdc98f6340242cf5ffc';
UPDATE `ci_sessions` SET `timestamp` = 1745777631, `data` = '__ci_last_regenerate|i:1745777631;captcha|s:4:\"w1au\";'
WHERE `id` = '77ddcfc9ecfdbfcea7137813a2485df2e53fb851';
UPDATE `user_registration` SET `popup_seen` = 'no'
WHERE `user_id` = 'KSGBOZ';
DELETE FROM `ci_sessions`
WHERE `id` = '339a8223f4bfd80bfd3065fa06c8ddecb895f9bf';
INSERT INTO `login_history` (`user_id`, `device`, `ip_address`, `date`) VALUES ('TWFV38', 'Mozilla/5.0 (Linux; Android 10; K) AppleWebKit/537.36 (KHTML, like Gecko) Chrome/135.0.0.0 Mobile Safari/537.36', '172.70.117.134', '25-04-27 13:17');
UPDATE `user_registration` SET `popup_seen` = 'yes'
WHERE `user_id` = 'TWFV38';
UPDATE `user_registration` SET `popup_seen` = 'no'
WHERE `user_id` IS NULL;
DELETE FROM `ci_sessions`
WHERE `id` = 'f8b79b5f017cb08567b642e19b45d64567f77c6b';
INSERT INTO `login_history` (`user_id`, `device`, `ip_address`, `date`) VALUES ('N6GZAE', 'Mozilla/5.0 (Windows NT 10.0; Win64; x64) AppleWebKit/537.36 (KHTML, like Gecko) Chrome/135.0.0.0 Safari/537.36', '172.70.82.233', '25-04-27 13:19');
UPDATE `user_registration` SET `popup_seen` = 'yes'
WHERE `user_id` = 'N6GZAE';
UPDATE `ci_sessions` SET `timestamp` = 1745778140, `data` = '__ci_last_regenerate|i:1745778140;id|s:4:\"2190\";user_id|s:6:\"2RSJNO\";username|s:8:\"yoel0221\";sponsor_id|s:6:\"QJ5U9C\";fullname|s:16:\"Yoel Ramos Gomez\";email|s:19:\"yoel21272@gmail.com\";phone|s:10:\"3053050150\";isLogIn|b:1;'
WHERE `id` = 'fa493bd7ac5360b7a82b18f3fcf3933d6923612a';
UPDATE `ci_sessions` SET `timestamp` = 1745778224, `data` = '__ci_last_regenerate|i:1745778224;id|s:4:\"2071\";user_id|s:6:\"JHRDHS\";username|s:7:\"mbecena\";sponsor_id|s:6:\"CVVK4C\";fullname|s:12:\"Maria Becena\";email|s:21:\"mbecena@bellsouth.net\";phone|s:10:\"7862360387\";isLogIn|b:1;message|s:20:\"Welcome Maria Becena\";__ci_vars|a:1:{s:7:\"message\";s:3:\"old\";}'
WHERE `id` = '834511fc15b399ef3da4c375f744a88a863c9f95';
UPDATE `user_registration` SET `popup_seen` = 'yes'
WHERE `user_id` = 'JHRDHS';
UPDATE `ci_sessions` SET `timestamp` = 1745778744, `data` = '__ci_last_regenerate|i:1745778744;captcha|s:4:\"dzau\";'
WHERE `id` = 'febfbb39c9e7680681aa8d0d3b33d2afa7509dc7';
INSERT INTO `login_history` (`user_id`, `device`, `ip_address`, `date`) VALUES ('5VOD76', 'Mozilla/5.0 (iPhone; CPU iPhone OS 18_3_2 like Mac OS X) AppleWebKit/605.1.15 (KHTML, like Gecko) Version/18.3.1 Mobile/15E148 Safari/604.1', '172.68.7.40', '25-04-27 13:32');
UPDATE `user_registration` SET `popup_seen` = 'yes'
WHERE `user_id` = '5VOD76';
UPDATE `user_registration` SET `popup_seen` = 'yes'
WHERE `user_id` = '5VOD76';
INSERT INTO `temp_register` (`post_data`, `date`, `payment_method`, `type`) VALUES ('{\"user_id\":\"5VOD76\",\"card_id\":\"2\",\"card_cost\":\"50\",\"card_value\":\"50\",\"payment_option\":\"stripe\",\"date\":\"2025-04-27 13:34:52\"}', '2025-04-27 13:34:52', 'stripe', 'buy+top_up_card');
UPDATE `temp_register` SET `response` = '{\"stripeToken\":\"tok_1RIa432NUoYUjiuul7VFkKR3\",\"stripeTokenType\":\"card\",\"stripeEmail\":\"ramos1329@gmail.com\"}', `date_modified` = '2025-04-27 13:36:35', `payment_status` = '{\"id\":\"ch_3RIa472NUoYUjiuu11LMkAwL\",\"object\":\"charge\",\"amount\":5000,\"amount_captured\":5000,\"amount_refunded\":0,\"application\":null,\"application_fee\":null,\"application_fee_amount\":null,\"balance_transaction\":\"txn_3RIa472NUoYUjiuu1wvEbxTI\",\"billing_details\":{\"address\":{\"city\":null,\"country\":null,\"line1\":null,\"line2\":null,\"postal_code\":null,\"state\":null},\"email\":null,\"name\":\"ramos1329@gmail.com\",\"phone\":null,\"tax_id\":null},\"calculated_statement_descriptor\":\"TRAVELEGENDCY LLC\",\"captured\":true,\"created\":1745778995,\"currency\":\"usd\",\"customer\":\"cus_SD04WfKBpRLIl9\",\"description\":null,\"destination\":null,\"dispute\":null,\"disputed\":false,\"failure_balance_transaction\":null,\"failure_code\":null,\"failure_message\":null,\"fraud_details\":[],\"invoice\":null,\"livemode\":true,\"metadata\":[],\"on_behalf_of\":null,\"order\":null,\"outcome\":{\"advice_code\":null,\"network_advice_code\":null,\"network_decline_code\":null,\"network_status\":\"approved_by_network\",\"reason\":null,\"risk_level\":\"normal\",\"seller_message\":\"Payment complete.\",\"type\":\"authorized\"},\"paid\":true,\"payment_intent\":null,\"payment_method\":\"card_1RIa432NUoYUjiuuWacntX0W\",\"payment_method_details\":{\"card\":{\"amount_authorized\":5000,\"authorization_code\":\"08139D\",\"brand\":\"visa\",\"checks\":{\"address_line1_check\":null,\"address_postal_code_check\":null,\"cvc_check\":\"pass\"},\"country\":\"US\",\"exp_month\":7,\"exp_year\":2029,\"extended_authorization\":{\"status\":\"disabled\"},\"fingerprint\":\"sQrUBtunQUW264gI\",\"funding\":\"credit\",\"incremental_authorization\":{\"status\":\"unavailable\"},\"installments\":null,\"last4\":\"5869\",\"mandate\":null,\"multicapture\":{\"status\":\"unavailable\"},\"network\":\"visa\",\"network_token\":{\"used\":false},\"network_transaction_id\":\"385117669954219\",\"overcapture\":{\"maximum_amount_capturable\":5000,\"status\":\"unavailable\"},\"regulated_status\":\"unregulated\",\"three_d_secure\":null,\"wallet\":null},\"type\":\"card\"},\"receipt_email\":null,\"receipt_number\":null,\"receipt_url\":\"https:\\/\\/pay.stripe.com\\/receipts\\/payment\\/CAcQARoXChVhY2N0XzFRUEFGdjJOVW9ZVWppdXUotPK5wAYyBkzpieccCzosFkzGUqRPodXQK9EGRqigrJZlMtGRoesWdM3LaP9QOmRK8Qr5NCQkJP2zUI4\",\"refunded\":false,\"review\":null,\"shipping\":null,\"source\":{\"id\":\"card_1RIa432NUoYUjiuuWacntX0W\",\"object\":\"card\",\"address_city\":null,\"address_country\":null,\"address_line1\":null,\"address_line1_check\":null,\"address_line2\":null,\"address_state\":null,\"address_zip\":null,\"address_zip_check\":null,\"allow_redisplay\":\"unspecified\",\"brand\":\"Visa\",\"country\":\"US\",\"customer\":\"cus_SD04WfKBpRLIl9\",\"cvc_check\":\"pass\",\"dynamic_last4\":null,\"exp_month\":7,\"exp_year\":2029,\"fingerprint\":\"sQrUBtunQUW264gI\",\"funding\":\"credit\",\"last4\":\"5869\",\"metadata\":[],\"name\":\"ramos1329@gmail.com\",\"regulated_status\":\"unregulated\",\"tokenization_method\":null,\"wallet\":null},\"source_transfer\":null,\"statement_descriptor\":null,\"statement_descriptor_suffix\":null,\"status\":\"succeeded\",\"transfer_data\":null,\"transfer_group\":null}'
WHERE `id` = 349;
INSERT INTO `card_purchase_history` (`user_id`, `card_id`, `card_cost`, `card_value`, `payment_option`, `date`) VALUES ('5VOD76', '2', '50', '50', 'stripe', '2025-04-27 13:34:52');
UPDATE `user_registration` SET commission_balance = ROUND(commission_balance + 50,2)
WHERE `user_id` = '5VOD76';
UPDATE `user_registration` SET `popup_seen` = 'yes'
WHERE `user_id` = '5VOD76';
UPDATE `ci_sessions` SET `timestamp` = 1745779066, `data` = '__ci_last_regenerate|i:1745779066;id|s:4:\"2210\";user_id|s:6:\"5VOD76\";username|s:10:\"LauraElena\";sponsor_id|s:6:\"KSGBOZ\";fullname|s:18:\"Laura Ramos Acosta\";email|s:27:\"lauraeramosacosta@gmail.com\";phone|s:10:\"7867095940\";isLogIn|b:1;reg_stripe_id|i:349;'
WHERE `id` = '5b3151aef382e3603ba98d2bb5da700fb7f8fc93';
UPDATE `user_registration` SET `popup_seen` = 'no'
WHERE `user_id` = '5VOD76';
DELETE FROM `ci_sessions`
WHERE `id` = 'a604d4ce1845b417e7d0d768483f4571953c5861';
INSERT INTO `login_history` (`user_id`, `device`, `ip_address`, `date`) VALUES ('7KTC9V', 'Mozilla/5.0 (Windows NT 10.0; Win64; x64) AppleWebKit/537.36 (KHTML, like Gecko) Chrome/135.0.0.0 Safari/537.36', '172.69.132.205', '25-04-27 13:47');
UPDATE `user_registration` SET `popup_seen` = 'yes'
WHERE `user_id` = '7KTC9V';
INSERT INTO `login_history` (`user_id`, `device`, `ip_address`, `date`) VALUES ('VQGPGZ', 'Mozilla/5.0 (Windows NT 10.0; Win64; x64) AppleWebKit/537.36 (KHTML, like Gecko) Chrome/135.0.0.0 Safari/537.36', '172.68.12.42', '25-04-27 14:36');
UPDATE `user_registration` SET `popup_seen` = 'yes'
WHERE `user_id` = 'VQGPGZ';
UPDATE `ci_sessions` SET `timestamp` = 1745782680, `data` = '__ci_last_regenerate|i:1745782680;captcha|s:4:\"cw8m\";'
WHERE `id` = '70b2041ab67336f1dcf8d4c9d3224354e91815f7';
INSERT INTO `login_history` (`user_id`, `device`, `ip_address`, `date`) VALUES ('KSGBOZ', 'Mozilla/5.0 (iPhone; CPU iPhone OS 18_3_2 like Mac OS X) AppleWebKit/605.1.15 (KHTML, like Gecko) Version/18.3.1 Mobile/15E148 Safari/604.1', '172.70.82.212', '25-04-27 14:41');
UPDATE `user_registration` SET `popup_seen` = 'yes'
WHERE `user_id` = 'KSGBOZ';
INSERT INTO `login_history` (`user_id`, `device`, `ip_address`, `date`) VALUES ('JHRDHS', 'Mozilla/5.0 (iPhone; CPU iPhone OS 18_4_1 like Mac OS X) AppleWebKit/605.1.15 (KHTML, like Gecko) Version/18.4 Mobile/15E148 Safari/604.1', '172.70.83.95', '25-04-27 15:08');
UPDATE `user_registration` SET `popup_seen` = 'yes'
WHERE `user_id` = 'JHRDHS';
UPDATE `user_registration` SET `popup_seen` = 'yes'
WHERE `user_id` = 'JHRDHS';
INSERT INTO `login_history` (`user_id`, `device`, `ip_address`, `date`) VALUES ('2RSJNO', 'Mozilla/5.0 (iPhone; CPU iPhone OS 18_3_2 like Mac OS X) AppleWebKit/605.1.15 (KHTML, like Gecko) GSA/365.1.750410080 Mobile/15E148 Safari/604.1', '172.68.7.88', '25-04-27 15:30');
UPDATE `user_registration` SET `popup_seen` = 'yes'
WHERE `user_id` = '2RSJNO';
INSERT INTO `login_history` (`user_id`, `device`, `ip_address`, `date`) VALUES ('QJ5U9C', 'Mozilla/5.0 (Windows NT 10.0; Win64; x64) AppleWebKit/537.36 (KHTML, like Gecko) Chrome/135.0.0.0 Safari/537.36', '172.69.132.176', '25-04-27 15:48');
UPDATE `user_registration` SET `popup_seen` = 'yes'
WHERE `user_id` = 'QJ5U9C';
INSERT INTO `login_history` (`user_id`, `device`, `ip_address`, `date`) VALUES ('HSP8ZI', 'Mozilla/5.0 (Linux; Android 10; K) AppleWebKit/537.36 (KHTML, like Gecko) Chrome/135.0.0.0 Mobile Safari/537.36', '172.68.12.55', '25-04-27 15:52');
UPDATE `user_registration` SET `popup_seen` = 'yes'
WHERE `user_id` = 'HSP8ZI';
UPDATE `user_registration` SET `popup_seen` = 'no'
WHERE `user_id` = 'HSP8ZI';
DELETE FROM `ci_sessions`
WHERE `id` = '1c5059678391a22f1ca2ed82efcff7d9b9274cc9';
UPDATE `ci_sessions` SET `timestamp` = 1745787343, `data` = '__ci_last_regenerate|i:1745787343;id|s:4:\"2084\";user_id|s:6:\"QJ5U9C\";username|s:10:\"gascarde60\";sponsor_id|s:6:\"O94ZPY\";fullname|s:14:\"Gaspar Cardero\";email|s:18:\"gascarde@yahoo.com\";phone|s:10:\"7862371360\";isLogIn|b:1;'
WHERE `id` = '706d5dc1a86620e6c972565c556e54ad9a08639a';
UPDATE `user_registration` SET `popup_seen` = 'yes'
WHERE `user_id` = 'QJ5U9C';
UPDATE `ci_sessions` SET `timestamp` = 1745787372, `data` = '__ci_last_regenerate|i:1745787372;id|s:4:\"2071\";user_id|s:6:\"JHRDHS\";username|s:7:\"mbecena\";sponsor_id|s:6:\"CVVK4C\";fullname|s:12:\"Maria Becena\";email|s:21:\"mbecena@bellsouth.net\";phone|s:10:\"7862360387\";isLogIn|b:1;'
WHERE `id` = '534656e47b61e2fbeb4573198d4e20d3e23d3bc9';
UPDATE `user_registration` SET `popup_seen` = 'yes'
WHERE `user_id` = 'JHRDHS';
INSERT INTO `login_history` (`user_id`, `device`, `ip_address`, `date`) VALUES ('JHRDHS', 'Mozilla/5.0 (Macintosh; Intel Mac OS X 10_15_7) AppleWebKit/605.1.15 (KHTML, like Gecko) Version/17.6 Safari/605.1.15', '172.70.82.213', '25-04-27 15:57');
UPDATE `user_registration` SET `popup_seen` = 'yes'
WHERE `user_id` = 'JHRDHS';
INSERT INTO `login_history` (`user_id`, `device`, `ip_address`, `date`) VALUES ('9I44XH', 'Mozilla/5.0 (Linux; Android 10; K) AppleWebKit/537.36 (KHTML, like Gecko) Chrome/135.0.0.0 Mobile Safari/537.36', '172.68.7.88', '25-04-27 16:46');
UPDATE `user_registration` SET `popup_seen` = 'yes'
WHERE `user_id` = '9I44XH';
UPDATE `user_registration` SET `popup_seen` = 'yes'
WHERE `user_id` = '9I44XH';
INSERT INTO `login_history` (`user_id`, `device`, `ip_address`, `date`) VALUES ('KSGBOZ', 'Mozilla/5.0 (iPhone; CPU iPhone OS 18_3_2 like Mac OS X) AppleWebKit/605.1.15 (KHTML, like Gecko) Version/18.3.1 Mobile/15E148 Safari/604.1', '172.70.55.151', '25-04-27 16:50');
UPDATE `user_registration` SET `popup_seen` = 'yes'
WHERE `user_id` = 'KSGBOZ';
UPDATE `user_registration` SET `popup_seen` = 'yes'
WHERE `user_id` = '9I44XH';
UPDATE `user_registration` SET `popup_seen` = 'yes'
WHERE `user_id` = '9I44XH';
UPDATE `ci_sessions` SET `timestamp` = 1745791105, `data` = '__ci_last_regenerate|i:1745791105;id|s:4:\"2208\";user_id|s:6:\"KSGBOZ\";username|s:9:\"ramos1329\";sponsor_id|s:6:\"2RSJNO\";fullname|s:13:\"Alberto Ramos\";email|s:19:\"ramos9321@gmail.com\";phone|s:10:\"7865541476\";isLogIn|b:1;'
WHERE `id` = '73f696e502a00a78866cbe0e3e26e1ecdc28021c';
UPDATE `ci_sessions` SET `timestamp` = 1745794114, `data` = '__ci_last_regenerate|i:1745794114;id|s:4:\"2208\";user_id|s:6:\"KSGBOZ\";username|s:9:\"ramos1329\";sponsor_id|s:6:\"2RSJNO\";fullname|s:13:\"Alberto Ramos\";email|s:19:\"ramos9321@gmail.com\";phone|s:10:\"7865541476\";isLogIn|b:1;message|s:29:\"Request Accessed Successfully\";__ci_vars|a:1:{s:7:\"message\";s:3:\"old\";}'
WHERE `id` = 'c9ba8cb327616b1f45158e69d0ea402f8d8d1a7a';
INSERT INTO `login_history` (`user_id`, `device`, `ip_address`, `date`) VALUES ('2HKNYD', 'Mozilla/5.0 (iPhone; CPU iPhone OS 18_3_2 like Mac OS X) AppleWebKit/605.1.15 (KHTML, like Gecko) GSA/365.1.750410080 Mobile/15E148 Safari/604.1', '172.71.194.231', '25-04-27 17:51');
UPDATE `user_registration` SET `popup_seen` = 'yes'
WHERE `user_id` = '2HKNYD';
UPDATE `user_registration` SET `popup_seen` = 'yes'
WHERE `user_id` = '2HKNYD';
UPDATE `user_registration` SET `popup_seen` = 'yes'
WHERE `user_id` = '2HKNYD';
UPDATE `user_registration` SET `popup_seen` = 'yes'
WHERE `user_id` = '2HKNYD';
UPDATE `user_registration` SET `popup_seen` = 'yes'
WHERE `user_id` = '2HKNYD';
INSERT INTO `login_history` (`user_id`, `device`, `ip_address`, `date`) VALUES ('IYCRUH', 'Mozilla/5.0 (Linux; Android 10; K) AppleWebKit/537.36 (KHTML, like Gecko) Chrome/131.0.0.0 Mobile Safari/537.36', '172.68.12.144', '25-04-27 17:57');
UPDATE `user_registration` SET `popup_seen` = 'yes'
WHERE `user_id` = 'IYCRUH';
UPDATE `user_registration` SET `popup_seen` = 'yes'
WHERE `user_id` = 'IYCRUH';
UPDATE `ci_sessions` SET `timestamp` = 1745794849, `data` = '__ci_last_regenerate|i:1745794849;id|s:4:\"2308\";user_id|s:6:\"2HKNYD\";username|s:8:\"Denito15\";sponsor_id|s:6:\"OTZTS5\";fullname|s:14:\"Arlene  Ripoll\";email|s:23:\"ripollarlene0@gmail.com\";phone|s:10:\"7868398461\";isLogIn|b:1;'
WHERE `id` = 'd09a16c0024762a88a219307fe71b926ad863523';
UPDATE `user_registration` SET `popup_seen` = 'yes'
WHERE `user_id` = '2HKNYD';
UPDATE `user_registration` SET `popup_seen` = 'yes'
WHERE `user_id` = '2HKNYD';
UPDATE `user_registration` SET `popup_seen` = 'yes'
WHERE `user_id` = '2HKNYD';
UPDATE `ci_sessions` SET `timestamp` = 1745795961, `data` = '__ci_last_regenerate|i:1745795961;id|s:4:\"2208\";user_id|s:6:\"KSGBOZ\";username|s:9:\"ramos1329\";sponsor_id|s:6:\"2RSJNO\";fullname|s:13:\"Alberto Ramos\";email|s:19:\"ramos9321@gmail.com\";phone|s:10:\"7865541476\";isLogIn|b:1;'
WHERE `id` = '79319dd14f717bfb6d13017ccb031124d47772b7';
UPDATE `user_registration` SET `popup_seen` = 'yes'
WHERE `user_id` = 'KSGBOZ';
INSERT INTO `login_history` (`user_id`, `device`, `ip_address`, `date`) VALUES ('AABG7W', 'Mozilla/5.0 (Linux; Android 10; K) AppleWebKit/537.36 (KHTML, like Gecko) Chrome/135.0.0.0 Mobile Safari/537.36', '108.162.212.12', '25-04-27 18:26');
UPDATE `user_registration` SET `popup_seen` = 'yes'
WHERE `user_id` = 'AABG7W';
INSERT INTO `login_history` (`user_id`, `device`, `ip_address`, `date`) VALUES ('2RSJNO', 'Mozilla/5.0 (Macintosh; Intel Mac OS X 10_15_7) AppleWebKit/605.1.15 (KHTML, like Gecko) Version/17.6 Safari/605.1.15', '172.68.12.143', '25-04-27 18:26');
UPDATE `user_registration` SET `popup_seen` = 'yes'
WHERE `user_id` = '2RSJNO';
UPDATE `ci_sessions` SET `timestamp` = 1745796728, `data` = '__ci_last_regenerate|i:1745796728;id|s:4:\"2190\";user_id|s:6:\"2RSJNO\";username|s:8:\"yoel0221\";sponsor_id|s:6:\"QJ5U9C\";fullname|s:16:\"Yoel Ramos Gomez\";email|s:19:\"yoel21272@gmail.com\";phone|s:10:\"3053050150\";isLogIn|b:1;'
WHERE `id` = '272c592991b9773b292408ec8aa747bf80e86f3a';
INSERT INTO `add_cart` (`user_id`, `product_id`, `product_name`, `product_amount`, `product_point`, `product_image`, `product_details`, `quantity`, `total_amount`, `country`, `state`, `total_point`, `date`) VALUES ('2RSJNO', '4', 'Nature closer than ever 5D/4N', '150', '75', 'upload/product_image/26befb7ea681b50416c8a9a9ac83fc6a.png', '<p><span style=\"color:rgb(0,0,0);\">Orlando is famed for its iconic theme parks, exciting attractions, and year-round sunshine. With thrilling adventures, diverse dining, and endless shopping, it’s a perfect getaway for families and fun-seekers alike.</span></p><p><span style=\"color:rgb(0,0,0);\"><strong>5 days / 4 nights</strong></span></p><p><span style=\"color:rgb(0,0,0);\"><strong>Cost: $150</strong></span></p>', 1, 150, '223', '4250', 75, '2025-04-27 18:32:08');
UPDATE `user_registration` SET `popup_seen` = 'yes'
WHERE `user_id` = '2RSJNO';
UPDATE `ci_sessions` SET `timestamp` = 1745796780, `data` = '__ci_last_regenerate|i:1745796780;id|s:4:\"2192\";user_id|s:6:\"IYCRUH\";username|s:11:\"CARMENTMORA\";sponsor_id|s:6:\"QJ5U9C\";fullname|s:13:\"Carmen T Mora\";email|s:24:\"rosioesmeralda@yahoo.com\";phone|s:10:\"7869708716\";isLogIn|b:1;'
WHERE `id` = 'fa4b09adca757fc990404f05330024c7f0c8d2a7';
UPDATE `user_registration` SET `popup_seen` = 'yes'
WHERE `user_id` = 'IYCRUH';
UPDATE `user_registration` SET `popup_seen` = 'yes'
WHERE `user_id` = 'IYCRUH';
UPDATE `add_cart` SET `quantity` = '2', `total_amount` = 300, `total_point` = 150
WHERE `id` = '79';
INSERT INTO `temp_register` (`post_data`, `date`, `payment_method`, `type`) VALUES ('{\"0\":{\"id\":\"79\",\"product_id\":\"4\",\"user_id\":\"2RSJNO\",\"product_name\":\"Nature closer than ever 5D\\/4N\",\"product_amount\":\"150\",\"product_point\":\"75\",\"product_details\":\"<p><span style=\\\"color:rgb(0,0,0);\\\">Orlando is famed for its iconic theme parks, exciting attractions, and year-round sunshine. With thrilling adventures, diverse dining, and endless shopping, it\\u2019s a perfect getaway for families and fun-seekers alike.<\\/span><\\/p><p><span style=\\\"color:rgb(0,0,0);\\\"><strong>5 days \\/ 4 nights<\\/strong><\\/span><\\/p><p><span style=\\\"color:rgb(0,0,0);\\\"><strong>Cost: $150<\\/strong><\\/span><\\/p>\",\"product_image\":\"upload\\/product_image\\/26befb7ea681b50416c8a9a9ac83fc6a.png\",\"total_amount\":\"300\",\"total_point\":\"150\",\"country\":\"223\",\"state\":\"4250\",\"quantity\":\"2\",\"status\":\"1\",\"date\":\"2025-04-27 18:32:08\"},\"position\":\"right\",\"total_points\":\"150\"}', '2025-04-27 18:34:19', 'stripe', 'shoping');
UPDATE `temp_register` SET `response` = '{\"stripeToken\":\"tok_1RIejF2NUoYUjiuulf51bhp8\",\"stripeTokenType\":\"card\",\"stripeEmail\":\"yoel21272@gmail.com\"}', `date_modified` = '2025-04-27 18:35:25', `payment_status` = '{\"id\":\"ch_3RIejK2NUoYUjiuu1sSfJBmv\",\"object\":\"charge\",\"amount\":30000,\"amount_captured\":30000,\"amount_refunded\":0,\"application\":null,\"application_fee\":null,\"application_fee_amount\":null,\"balance_transaction\":\"txn_3RIejK2NUoYUjiuu1mQ5khPS\",\"billing_details\":{\"address\":{\"city\":null,\"country\":null,\"line1\":null,\"line2\":null,\"postal_code\":null,\"state\":null},\"email\":null,\"name\":\"yoel21272@gmail.com\",\"phone\":null,\"tax_id\":null},\"calculated_statement_descriptor\":\"TRAVELEGENDCY LLC\",\"captured\":true,\"created\":1745796926,\"currency\":\"usd\",\"customer\":\"cus_SD4tUE7xSPgemp\",\"description\":null,\"destination\":null,\"dispute\":null,\"disputed\":false,\"failure_balance_transaction\":null,\"failure_code\":null,\"failure_message\":null,\"fraud_details\":[],\"invoice\":null,\"livemode\":true,\"metadata\":{\"name\":\" \"},\"on_behalf_of\":null,\"order\":null,\"outcome\":{\"advice_code\":null,\"network_advice_code\":null,\"network_decline_code\":null,\"network_status\":\"approved_by_network\",\"reason\":null,\"risk_level\":\"normal\",\"seller_message\":\"Payment complete.\",\"type\":\"authorized\"},\"paid\":true,\"payment_intent\":null,\"payment_method\":\"card_1RIejF2NUoYUjiuuAp3Ru8fd\",\"payment_method_details\":{\"card\":{\"amount_authorized\":30000,\"authorization_code\":\"054124\",\"brand\":\"visa\",\"checks\":{\"address_line1_check\":null,\"address_postal_code_check\":null,\"cvc_check\":\"pass\"},\"country\":\"US\",\"exp_month\":12,\"exp_year\":2027,\"extended_authorization\":{\"status\":\"disabled\"},\"fingerprint\":\"98SSl6YKxQOZsffX\",\"funding\":\"debit\",\"incremental_authorization\":{\"status\":\"unavailable\"},\"installments\":null,\"last4\":\"1674\",\"mandate\":null,\"multicapture\":{\"status\":\"unavailable\"},\"network\":\"visa\",\"network_token\":{\"used\":false},\"network_transaction_id\":\"585117849262047\",\"overcapture\":{\"maximum_amount_capturable\":30000,\"status\":\"unavailable\"},\"regulated_status\":\"regulated\",\"three_d_secure\":null,\"wallet\":null},\"type\":\"card\"},\"receipt_email\":null,\"receipt_number\":null,\"receipt_url\":\"https:\\/\\/pay.stripe.com\\/receipts\\/payment\\/CAcQARoXChVhY2N0XzFRUEFGdjJOVW9ZVWppdXUovv66wAYyBkYvvd3s4DosFkpvURGFZPtvAKTNHQ3mPwHQk4HPj3z4czH4vqzaD4iYMmLHfqiduUoR8N0\",\"refunded\":false,\"review\":null,\"shipping\":null,\"source\":{\"id\":\"card_1RIejF2NUoYUjiuuAp3Ru8fd\",\"object\":\"card\",\"address_city\":null,\"address_country\":null,\"address_line1\":null,\"address_line1_check\":null,\"address_line2\":null,\"address_state\":null,\"address_zip\":null,\"address_zip_check\":null,\"allow_redisplay\":\"unspecified\",\"brand\":\"Visa\",\"country\":\"US\",\"customer\":\"cus_SD4tUE7xSPgemp\",\"cvc_check\":\"pass\",\"dynamic_last4\":null,\"exp_month\":12,\"exp_year\":2027,\"fingerprint\":\"98SSl6YKxQOZsffX\",\"funding\":\"debit\",\"last4\":\"1674\",\"metadata\":[],\"name\":\"yoel21272@gmail.com\",\"regulated_status\":\"regulated\",\"tokenization_method\":null,\"wallet\":null},\"source_transfer\":null,\"statement_descriptor\":null,\"statement_descriptor_suffix\":null,\"status\":\"succeeded\",\"transfer_data\":null,\"transfer_group\":null}'
WHERE `id` = 350;
INSERT INTO `total_orders` (`user_id`, `amount_to_pay`, `total_points`, `date`) VALUES ('2RSJNO', '300', '150', '2025-04-27 18:35:25');
INSERT INTO `product_purchase_history` (`user_id`, `product_id`, `amount`, `quantity`, `total_amount`, `points`, `conversion_point_rate`, `payment_option`, `product_name`, `image_id`, `date`, `type`, `full_name`, `phone`, `email`) VALUES ('2RSJNO', '4', '150', '2', '300', 300, '1', 'Stripe', 'Nature closer than ever 5D/4N', '4', '2025-04-27 18:35:25', 'shoping', NULL, '3053050150', 'yoel21272@gmail.com');
UPDATE `user_registration` SET total_points = ROUND(total_points + 300,2)
WHERE `user_id` = '2RSJNO';
INSERT INTO `points_history` (`user_id`, `points`, `type`, `date`) VALUES ('2RSJNO', 300, 'product_prchase', '2025-04-27 18:35:');
INSERT INTO `orders` (`order_id`, `user_id`, `product_id`, `product_name`, `amount`, `quantity`, `total_amount`, `payment_option`, `date`) VALUES (7, '2RSJNO', '4', 'Nature closer than ever 5D/4N', '150', '2', '300', 'Stripe', '2025-04-27 18:35:25');
DELETE FROM `add_cart`
WHERE `id` = '79';
UPDATE `bv_updation` SET right_carry = right_carry+150, total_right = total_right+150
WHERE `user_id` = '2RSJNO';
INSERT INTO `placement_bv_update_history` (`right_carry`, `date`, `from_id`, `user_id`) VALUES ('150', '2025-04-27 18:35:25', '2RSJNO', '2RSJNO');
UPDATE `user_registration` SET `cycle_rank_id` = '2'
WHERE `user_id` = '2RSJNO';
INSERT INTO `rank_history` (`rank_id`, `user_id`, `name`, `bv`, `date`, `amount`, `type`) VALUES ('2', '2RSJNO', 'Associate', '1200', '2025-04-27 18:35:25', '100', 'auto');
UPDATE `user_registration` SET `popup_seen` = 'no'
WHERE `user_id` = 'IYCRUH';
DELETE FROM `ci_sessions`
WHERE `id` = 'e600fd537b21cbcc472dcadc8eb5440a3f06e82c';
UPDATE `user_registration` SET `highest_rank` = '2'
WHERE `user_id` = '2RSJNO';
INSERT INTO `earnings` (`user_id`, `Purchaser_id`, `earning_type`, `package_id`, `amount`, `date`, `comments`, `invest_amount`, `comm_perc`, `level`, `rank_id`, `order_id`) VALUES ('2RSJNO', '2RSJNO', 'Rank Bonus', 0, '100', '2025-04-27 18:35:26', 'Rank Bonus', '100', 0, 0, '2', 0);
UPDATE `user_registration` SET commission_balance = ROUND(commission_balance + 100,2)
WHERE `user_id` = '2RSJNO';
UPDATE `user_registration` SET rank_bonus = ROUND(rank_bonus + 100,2)
WHERE `user_id` = '2RSJNO';
UPDATE `user_registration` SET `popup_seen` = 'yes'
WHERE `user_id` = '2RSJNO';
UPDATE `user_registration` SET `popup_seen` = 'yes'
WHERE `user_id` = '2RSJNO';
UPDATE `ci_sessions` SET `timestamp` = 1745797075, `data` = '__ci_last_regenerate|i:1745797075;id|s:4:\"2190\";user_id|s:6:\"2RSJNO\";username|s:8:\"yoel0221\";sponsor_id|s:6:\"QJ5U9C\";fullname|s:16:\"Yoel Ramos Gomez\";email|s:19:\"yoel21272@gmail.com\";phone|s:10:\"3053050150\";isLogIn|b:1;reg_stripe_id|i:350;full_name|s:10:\"Yoel Ramos\";'
WHERE `id` = '7148895c89d02a3f3182b0da60f1ad30f13abfb5';
UPDATE `user_registration` SET `popup_seen` = 'no'
WHERE `user_id` = '2RSJNO';
DELETE FROM `ci_sessions`
WHERE `id` = 'da4f5d7a2489e3665b58aa6dd5e0c2da50e0d1d0';
INSERT INTO `login_history` (`user_id`, `device`, `ip_address`, `date`) VALUES ('JHRDHS', 'Mozilla/5.0 (iPhone; CPU iPhone OS 18_4_1 like Mac OS X) AppleWebKit/605.1.15 (KHTML, like Gecko) Version/18.4 Mobile/15E148 Safari/604.1', '172.68.7.182', '25-04-27 18:39');
UPDATE `user_registration` SET `popup_seen` = 'yes'
WHERE `user_id` = 'JHRDHS';
UPDATE `ci_sessions` SET `timestamp` = 1745797352, `data` = '__ci_last_regenerate|i:1745797352;id|s:4:\"2057\";user_id|s:6:\"AABG7W\";username|s:10:\"freeurlife\";sponsor_id|s:6:\"UQO7EQ\";fullname|s:12:\"Lesli Andreu\";email|s:21:\"cranbarrier@gmail.com\";phone|s:10:\"7864171626\";isLogIn|b:1;'
WHERE `id` = 'e63c6af70de27b05ff16a0748d4d930efa01e382';
UPDATE `user_registration` SET `popup_seen` = 'yes'
WHERE `user_id` = 'AABG7W';
UPDATE `user_registration` SET `popup_seen` = 'yes'
WHERE `user_id` = 'AABG7W';
INSERT INTO `login_history` (`user_id`, `device`, `ip_address`, `date`) VALUES ('2RSJNO', 'Mozilla/5.0 (iPhone; CPU iPhone OS 18_3_2 like Mac OS X) AppleWebKit/605.1.15 (KHTML, like Gecko) GSA/365.1.750410080 Mobile/15E148 Safari/604.1', '172.70.82.118', '25-04-27 19:05');
UPDATE `user_registration` SET `popup_seen` = 'yes'
WHERE `user_id` = '2RSJNO';
INSERT INTO `login_history` (`user_id`, `device`, `ip_address`, `date`) VALUES ('UQO7EQ', 'Mozilla/5.0 (Linux; Android 10; K) AppleWebKit/537.36 (KHTML, like Gecko) Chrome/131.0.0.0 Mobile Safari/537.36', '172.68.12.129', '25-04-27 19:12');
UPDATE `user_registration` SET `popup_seen` = 'yes'
WHERE `user_id` = 'UQO7EQ';
UPDATE `user_registration` SET `popup_seen` = 'no'
WHERE `user_id` = 'UQO7EQ';
DELETE FROM `ci_sessions`
WHERE `id` = '1b3de3ebb643e5785245f45f96162ddad9c7170b';
UPDATE `ci_sessions` SET `timestamp` = 1745799952, `data` = '__ci_last_regenerate|i:1745799952;captcha|s:4:\"3wwl\";'
WHERE `id` = '6e657f684d2f8e2527e31967a6b5b0de8fda37ea';
INSERT INTO `login_history` (`user_id`, `device`, `ip_address`, `date`) VALUES ('JHRDHS', 'Mozilla/5.0 (Macintosh; Intel Mac OS X 10_15_7) AppleWebKit/605.1.15 (KHTML, like Gecko) Version/17.6 Safari/605.1.15', '108.162.210.144', '25-04-27 19:25');
UPDATE `user_registration` SET `popup_seen` = 'yes'
WHERE `user_id` = 'JHRDHS';
UPDATE `user_registration` SET `popup_seen` = 'no'
WHERE `user_id` = 'JHRDHS';
DELETE FROM `ci_sessions`
WHERE `id` = 'd3039b455071402d7935e26717ac0a8e1ee28312';
INSERT INTO `login_history` (`user_id`, `device`, `ip_address`, `date`) VALUES ('WP5PIA', 'Mozilla/5.0 (Windows NT 10.0; Win64; x64) AppleWebKit/537.36 (KHTML, like Gecko) Chrome/135.0.0.0 Safari/537.36', '172.68.7.18', '25-04-27 19:26');
UPDATE `user_registration` SET `popup_seen` = 'yes'
WHERE `user_id` = 'WP5PIA';
UPDATE `user_registration` SET `popup_seen` = 'yes'
WHERE `user_id` = 'WP5PIA';
UPDATE `ci_sessions` SET `timestamp` = 1745800022, `data` = '__ci_last_regenerate|i:1745800022;captcha|s:4:\"o99i\";'
WHERE `id` = '34de816510ebafe398f26bea4c8ef6db8f8f0685';
UPDATE `user_registration` SET `popup_seen` = 'yes'
WHERE `user_id` = 'WP5PIA';
INSERT INTO `payquicker_token` (`response`, `token`, `created_time`, `expires_at`) VALUES ('{\"access_token\":\"03970F397DA94968E51DC4D2A01AA7649F694AF0705707A1722575219F8B8672-1\",\"expires_in\":3600,\"token_type\":\"Bearer\",\"scope\":\"api useraccount_balance useraccount_debit useraccount_invitation useraccount_payment\"}', '03970F397DA94968E51DC4D2A01AA7649F694AF0705707A1722575219F8B8672-1', '2025-04-27 19:27:27', '2025-04-27 20:27:27');
UPDATE `payquicker_send_invite` SET `response` = '[{\"dateInvited\":\"2025-04-03T15:06:06Z\",\"invitationKey\":\"aHVA6sFym0AxwSuIyh91WZAfbhyEGPZg6LtDCfV4KvtsXUvGa9RqLRt5HlpkwIKnlCeFQjEt4Pmz2KWjCY0sOKTeZNNvExwjVi278ow2LRsfu1Mc5NtWdimZoss6WvtrzZVTAJuYzEa2eO0Zh9KmGpicanhbyw6TLqSMerlLiGpPFLj7Z9YfsNx165BleRezJHLN7bSSAgDU1OnVpeUMekZZrkZzI1dgd4bOZmlLAk0tQ8jhfhRbO8edF8Fn3945\",\"invitationStatus\":\"InvitationStatusType_Used\",\"registrationStatus\":\"Completed\",\"registrationDetails\":{\"addresses\":[{\"city\":\"Coral Gables\",\"country\":\"USA\",\"postalCode\":\"33134\",\"region\":\"Florida\",\"streetAddress1\":\"626 Coral Way Apart 1601\",\"created\":\"0001-01-01T00:00:00Z\",\"type\":\"AddressType_Residential\"}],\"fundingAccountPublicId\":\"4e84a85ac47e46639c648f932d48fdf0\",\"issuePlasticCard\":true,\"notifyUser\":true,\"userDetails\":{\"emailAddress\":\"zuramacortina@gmail.com\",\"firstName\":\"Zurama\",\"lastName\":\"Cortina\",\"userCompanyAssignedUniqueKey\":\"Zurama73yWlK\"}}}]', `date` = '2025-04-27 19:27:30';
UPDATE `payment_metod_setting` SET `status` = 1
WHERE `user_id` = 'WP5PIA';
UPDATE `user_registration` SET `popup_seen` = 'yes'
WHERE `user_id` = 'WP5PIA';
INSERT INTO `login_history` (`user_id`, `device`, `ip_address`, `date`) VALUES ('IYCRUH', 'Mozilla/5.0 (Linux; Android 10; K) AppleWebKit/537.36 (KHTML, like Gecko) Chrome/131.0.0.0 Mobile Safari/537.36', '172.68.12.55', '25-04-27 19:27');
UPDATE `user_registration` SET `popup_seen` = 'yes'
WHERE `user_id` = 'IYCRUH';
UPDATE `ci_sessions` SET `timestamp` = 1745800084, `data` = '__ci_last_regenerate|i:1745800084;id|s:4:\"2190\";user_id|s:6:\"2RSJNO\";username|s:8:\"yoel0221\";sponsor_id|s:6:\"QJ5U9C\";fullname|s:16:\"Yoel Ramos Gomez\";email|s:19:\"yoel21272@gmail.com\";phone|s:10:\"3053050150\";isLogIn|b:1;'
WHERE `id` = '50f324c8430268ad340c59af8a347f92c025d5bd';
UPDATE `user_registration` SET `popup_seen` = 'yes'
WHERE `user_id` = '2RSJNO';
UPDATE `user_registration` SET `popup_seen` = 'yes'
WHERE `user_id` = 'IYCRUH';
UPDATE `ci_sessions` SET `timestamp` = 1745800108, `data` = '__ci_last_regenerate|i:1745800108;id|s:4:\"2245\";user_id|s:6:\"WP5PIA\";username|s:8:\"Zurama73\";sponsor_id|s:6:\"MY94TD\";fullname|s:14:\"Zurama Cortina\";email|s:23:\"zuramacortina@gmail.com\";phone|s:10:\"3057429952\";isLogIn|b:1;'
WHERE `id` = '40546eb524758d13c165d247b1227985d676500c';
UPDATE `user_registration` SET `popup_seen` = 'no'
WHERE `user_id` = 'IYCRUH';
DELETE FROM `ci_sessions`
WHERE `id` = '547a7bd1522aa8ccf765ab0b009d875284139b27';
INSERT INTO `login_history` (`user_id`, `device`, `ip_address`, `date`) VALUES ('46H8G2', 'Mozilla/5.0 (Macintosh; Intel Mac OS X 10_15_7) AppleWebKit/605.1.15 (KHTML, like Gecko) Version/17.6 Safari/605.1.15', '172.68.7.16', '25-04-27 19:35');
UPDATE `user_registration` SET `popup_seen` = 'yes'
WHERE `user_id` = '46H8G2';
UPDATE `user_registration` SET `popup_seen` = 'yes'
WHERE `user_id` = '46H8G2';
UPDATE `ci_sessions` SET `timestamp` = 1745800587, `data` = '__ci_last_regenerate|i:1745800587;id|s:4:\"2190\";user_id|s:6:\"2RSJNO\";username|s:8:\"yoel0221\";sponsor_id|s:6:\"QJ5U9C\";fullname|s:16:\"Yoel Ramos Gomez\";email|s:19:\"yoel21272@gmail.com\";phone|s:10:\"3053050150\";isLogIn|b:1;'
WHERE `id` = '4fe77d1a823851392501c9ff7b8c1619e7d7342f';
UPDATE `user_registration` SET `popup_seen` = 'yes'
WHERE `user_id` = '2RSJNO';
UPDATE `ci_sessions` SET `timestamp` = 1745800997, `data` = '__ci_last_regenerate|i:1745800997;id|s:4:\"2208\";user_id|s:6:\"KSGBOZ\";username|s:9:\"ramos1329\";sponsor_id|s:6:\"2RSJNO\";fullname|s:13:\"Alberto Ramos\";email|s:19:\"ramos9321@gmail.com\";phone|s:10:\"7865541476\";isLogIn|b:1;'
WHERE `id` = '6b677d22d4137cffb1606d053c4ab723a702c5c4';
INSERT INTO `login_history` (`user_id`, `device`, `ip_address`, `date`) VALUES ('7KTC9V', 'Mozilla/5.0 (Windows NT 10.0; Win64; x64) AppleWebKit/537.36 (KHTML, like Gecko) Chrome/135.0.0.0 Safari/537.36', '108.162.212.68', '25-04-27 19:47');
UPDATE `user_registration` SET `popup_seen` = 'yes'
WHERE `user_id` = '7KTC9V';
INSERT INTO `temp_register` (`post_data`, `date`, `payment_method`, `type`) VALUES ('{\"user_id\":\"7KTC9V\",\"package_id\":\"2\",\"amount\":\"150\",\"payment_method\":\"stripe\",\"date\":\"2025-04-27 19:49:38\"}', '2025-04-27 19:49:38', 'stripe', 'renew');
INSERT INTO `login_history` (`user_id`, `device`, `ip_address`, `date`) VALUES ('VB9KQJ', 'Mozilla/5.0 (Linux; Android 10; K) AppleWebKit/537.36 (KHTML, like Gecko) Chrome/135.0.0.0 Mobile Safari/537.36', '172.68.7.18', '25-04-27 19:50');
UPDATE `user_registration` SET `popup_seen` = 'yes'
WHERE `user_id` = 'VB9KQJ';
INSERT INTO `login_history` (`user_id`, `device`, `ip_address`, `date`) VALUES ('MY94TD', 'Mozilla/5.0 (Linux; Android 10; K) AppleWebKit/537.36 (KHTML, like Gecko) Chrome/135.0.0.0 Mobile Safari/537.36', '172.69.7.10', '25-04-27 19:50');
UPDATE `user_registration` SET `popup_seen` = 'yes'
WHERE `user_id` = 'MY94TD';
UPDATE `user_registration` SET `popup_seen` = 'yes'
WHERE `user_id` = 'VB9KQJ';
UPDATE `ci_sessions` SET `timestamp` = 1745801470, `data` = '__ci_last_regenerate|i:1745801470;id|s:4:\"2208\";user_id|s:6:\"KSGBOZ\";username|s:9:\"ramos1329\";sponsor_id|s:6:\"2RSJNO\";fullname|s:13:\"Alberto Ramos\";email|s:19:\"ramos9321@gmail.com\";phone|s:10:\"7865541476\";isLogIn|b:1;'
WHERE `id` = '28fbef96a821a0479cdce47e812ff69bfae36503';
INSERT INTO `temp_register` (`post_data`, `date`, `payment_method`, `type`) VALUES ('{\"user_id\":\"MY94TD\",\"card_id\":\"2\",\"card_cost\":\"50\",\"card_value\":\"50\",\"payment_option\":\"stripe\",\"date\":\"2025-04-27 19:52:31\"}', '2025-04-27 19:52:31', 'stripe', 'buy+top_up_card');
UPDATE `temp_register` SET `response` = '{\"stripeToken\":\"tok_1RIfwO2NUoYUjiuuYipWRSnu\",\"stripeTokenType\":\"card\",\"stripeEmail\":\"a90961084@gmail.com\"}', `date_modified` = '2025-04-27 19:53:04', `payment_status` = '{\"id\":\"ch_3RIfwR2NUoYUjiuu1xjtIoqb\",\"object\":\"charge\",\"amount\":5000,\"amount_captured\":5000,\"amount_refunded\":0,\"application\":null,\"application_fee\":null,\"application_fee_amount\":null,\"balance_transaction\":\"txn_3RIfwR2NUoYUjiuu1J1awuZq\",\"billing_details\":{\"address\":{\"city\":null,\"country\":null,\"line1\":null,\"line2\":null,\"postal_code\":null,\"state\":null},\"email\":null,\"name\":\"a90961084@gmail.com\",\"phone\":null,\"tax_id\":null},\"calculated_statement_descriptor\":\"TRAVELEGENDCY LLC\",\"captured\":true,\"created\":1745801583,\"currency\":\"usd\",\"customer\":\"cus_SD68CYI3njfmcb\",\"description\":null,\"destination\":null,\"dispute\":null,\"disputed\":false,\"failure_balance_transaction\":null,\"failure_code\":null,\"failure_message\":null,\"fraud_details\":[],\"invoice\":null,\"livemode\":true,\"metadata\":[],\"on_behalf_of\":null,\"order\":null,\"outcome\":{\"advice_code\":null,\"network_advice_code\":null,\"network_decline_code\":null,\"network_status\":\"approved_by_network\",\"reason\":null,\"risk_level\":\"normal\",\"seller_message\":\"Payment complete.\",\"type\":\"authorized\"},\"paid\":true,\"payment_intent\":null,\"payment_method\":\"card_1RIfwO2NUoYUjiuuJWgHwJjT\",\"payment_method_details\":{\"card\":{\"amount_authorized\":5000,\"authorization_code\":\"045320\",\"brand\":\"visa\",\"checks\":{\"address_line1_check\":null,\"address_postal_code_check\":null,\"cvc_check\":\"pass\"},\"country\":\"US\",\"exp_month\":4,\"exp_year\":2030,\"extended_authorization\":{\"status\":\"disabled\"},\"fingerprint\":\"tlm4U5vAJszaRxRA\",\"funding\":\"debit\",\"incremental_authorization\":{\"status\":\"unavailable\"},\"installments\":null,\"last4\":\"8417\",\"mandate\":null,\"multicapture\":{\"status\":\"unavailable\"},\"network\":\"visa\",\"network_token\":{\"used\":true},\"network_transaction_id\":\"465118031848369\",\"overcapture\":{\"maximum_amount_capturable\":5000,\"status\":\"unavailable\"},\"regulated_status\":\"regulated\",\"three_d_secure\":null,\"wallet\":null},\"type\":\"card\"},\"receipt_email\":null,\"receipt_number\":null,\"receipt_url\":\"https:\\/\\/pay.stripe.com\\/receipts\\/payment\\/CAcQARoXChVhY2N0XzFRUEFGdjJOVW9ZVWppdXUo8aK7wAYyBhj5Ozfs0DosFhlufs4wpKNyn5gx7CyWWU7mi-knb-XDd5p1mEd5mo-KR53SPbbYdnglhW4\",\"refunded\":false,\"review\":null,\"shipping\":null,\"source\":{\"id\":\"card_1RIfwO2NUoYUjiuuJWgHwJjT\",\"object\":\"card\",\"address_city\":null,\"address_country\":null,\"address_line1\":null,\"address_line1_check\":null,\"address_line2\":null,\"address_state\":null,\"address_zip\":null,\"address_zip_check\":null,\"allow_redisplay\":\"unspecified\",\"brand\":\"Visa\",\"country\":\"US\",\"customer\":\"cus_SD68CYI3njfmcb\",\"cvc_check\":\"pass\",\"dynamic_last4\":null,\"exp_month\":4,\"exp_year\":2030,\"fingerprint\":\"tlm4U5vAJszaRxRA\",\"funding\":\"debit\",\"last4\":\"8417\",\"metadata\":[],\"name\":\"a90961084@gmail.com\",\"regulated_status\":\"regulated\",\"tokenization_method\":null,\"wallet\":null},\"source_transfer\":null,\"statement_descriptor\":null,\"statement_descriptor_suffix\":null,\"status\":\"succeeded\",\"transfer_data\":null,\"transfer_group\":null}'
WHERE `id` = 352;
INSERT INTO `card_purchase_history` (`user_id`, `card_id`, `card_cost`, `card_value`, `payment_option`, `date`) VALUES ('MY94TD', '2', '50', '50', 'stripe', '2025-04-27 19:52:31');
UPDATE `user_registration` SET commission_balance = ROUND(commission_balance + 50,2)
WHERE `user_id` = 'MY94TD';
UPDATE `ci_sessions` SET `timestamp` = 1745801595, `data` = '__ci_last_regenerate|i:1745801595;id|s:4:\"2318\";user_id|s:6:\"VB9KQJ\";username|s:12:\"MARIAEBREIJO\";sponsor_id|s:6:\"BEC1EO\";fullname|s:15:\"María E Breijo\";email|s:21:\"caridad7955@gmail.com\";phone|s:10:\"3052630253\";isLogIn|b:1;'
WHERE `id` = '28e2d704be872e2541a5caf4c1b3363d49bd0297';
UPDATE `user_registration` SET `popup_seen` = 'yes'
WHERE `user_id` = 'VB9KQJ';
UPDATE `user_registration` SET `popup_seen` = 'yes'
WHERE `user_id` = 'MY94TD';
UPDATE `user_registration` SET `popup_seen` = 'yes'
WHERE `user_id` = 'KSGBOZ';
UPDATE `user_registration` SET `popup_seen` = 'yes'
WHERE `user_id` = 'KSGBOZ';
UPDATE `user_registration` SET `popup_seen` = 'yes'
WHERE `user_id` = 'MY94TD';
UPDATE `user_registration` SET `popup_seen` = 'yes'
WHERE `user_id` = 'MY94TD';
UPDATE `user_registration` SET `popup_seen` = 'yes'
WHERE `user_id` = 'VB9KQJ';
UPDATE `ci_sessions` SET `timestamp` = 1745802068, `data` = '__ci_last_regenerate|i:1745802068;id|s:4:\"2191\";user_id|s:6:\"7KTC9V\";username|s:15:\"TaniaMartinez34\";sponsor_id|s:6:\"ETPYLQ\";fullname|s:14:\"Tania Martinez\";email|s:22:\"taniamanacas@yahoo.com\";phone|s:10:\"3055282065\";isLogIn|b:1;upgrade_stripe_id|i:351;'
WHERE `id` = 'ef0ac8ca69f033e2a91688c0b57096b225806448';
UPDATE `temp_register` SET `response` = '{\"stripeToken\":\"tok_1RIg4D2NUoYUjiuuyJHayLSJ\",\"stripeTokenType\":\"card\",\"stripeEmail\":\"Taniamartinez@gmail.com\"}', `date_modified` = '2025-04-27 20:01:10', `payment_status` = '{\"id\":\"ch_3RIg4I2NUoYUjiuu0zEdfyrR\",\"object\":\"charge\",\"amount\":15000,\"amount_captured\":15000,\"amount_refunded\":0,\"application\":null,\"application_fee\":null,\"application_fee_amount\":null,\"balance_transaction\":\"txn_3RIg4I2NUoYUjiuu06D1ZVkn\",\"billing_details\":{\"address\":{\"city\":null,\"country\":null,\"line1\":null,\"line2\":null,\"postal_code\":null,\"state\":null},\"email\":null,\"name\":\"Taniamartinez@gmail.com\",\"phone\":null,\"tax_id\":null},\"calculated_statement_descriptor\":\"TRAVELEGENDCY LLC\",\"captured\":true,\"created\":1745802070,\"currency\":\"usd\",\"customer\":\"cus_SD6G96c7vKm9If\",\"description\":null,\"destination\":null,\"dispute\":null,\"disputed\":false,\"failure_balance_transaction\":null,\"failure_code\":null,\"failure_message\":null,\"fraud_details\":[],\"invoice\":null,\"livemode\":true,\"metadata\":{\"name\":\"Tania Martinez\",\"username\":\"TaniaMartinez34\"},\"on_behalf_of\":null,\"order\":null,\"outcome\":{\"advice_code\":null,\"network_advice_code\":null,\"network_decline_code\":null,\"network_status\":\"approved_by_network\",\"reason\":null,\"risk_level\":\"normal\",\"seller_message\":\"Payment complete.\",\"type\":\"authorized\"},\"paid\":true,\"payment_intent\":null,\"payment_method\":\"card_1RIg4D2NUoYUjiuuU8kT6OGZ\",\"payment_method_details\":{\"card\":{\"amount_authorized\":15000,\"authorization_code\":\"039120\",\"brand\":\"visa\",\"checks\":{\"address_line1_check\":null,\"address_postal_code_check\":null,\"cvc_check\":\"pass\"},\"country\":\"US\",\"exp_month\":4,\"exp_year\":2028,\"extended_authorization\":{\"status\":\"disabled\"},\"fingerprint\":\"9lUCuVXnE9wY34uf\",\"funding\":\"debit\",\"incremental_authorization\":{\"status\":\"unavailable\"},\"installments\":null,\"last4\":\"9962\",\"mandate\":null,\"multicapture\":{\"status\":\"unavailable\"},\"network\":\"visa\",\"network_token\":{\"used\":false},\"network_transaction_id\":\"305118036702033\",\"overcapture\":{\"maximum_amount_capturable\":15000,\"status\":\"unavailable\"},\"regulated_status\":\"regulated\",\"three_d_secure\":null,\"wallet\":null},\"type\":\"card\"},\"receipt_email\":null,\"receipt_number\":null,\"receipt_url\":\"https:\\/\\/pay.stripe.com\\/receipts\\/payment\\/CAcQARoXChVhY2N0XzFRUEFGdjJOVW9ZVWppdXUo16a7wAYyBghXJcUxRDosFhcwlPAiHpKw72Tin_ouPArApIoa13D0eEX5gjNmvoRNkirQEMxVdzF7jKg\",\"refunded\":false,\"review\":null,\"shipping\":null,\"source\":{\"id\":\"card_1RIg4D2NUoYUjiuuU8kT6OGZ\",\"object\":\"card\",\"address_city\":null,\"address_country\":null,\"address_line1\":null,\"address_line1_check\":null,\"address_line2\":null,\"address_state\":null,\"address_zip\":null,\"address_zip_check\":null,\"allow_redisplay\":\"unspecified\",\"brand\":\"Visa\",\"country\":\"US\",\"customer\":\"cus_SD6G96c7vKm9If\",\"cvc_check\":\"pass\",\"dynamic_last4\":null,\"exp_month\":4,\"exp_year\":2028,\"fingerprint\":\"9lUCuVXnE9wY34uf\",\"funding\":\"debit\",\"last4\":\"9962\",\"metadata\":[],\"name\":\"Taniamartinez@gmail.com\",\"regulated_status\":\"regulated\",\"tokenization_method\":null,\"wallet\":null},\"source_transfer\":null,\"statement_descriptor\":null,\"statement_descriptor_suffix\":null,\"status\":\"succeeded\",\"transfer_data\":null,\"transfer_group\":null}'
WHERE `id` = 351;
INSERT INTO `sub_history` (`user_id`, `package_id`, `amount`, `payment_method`, `date`) VALUES ('7KTC9V', '2', '150', 'Stripe', '2025-04-27 20:01:10');
UPDATE `user_registration` SET sub_point = ROUND(sub_point + 150,2)
WHERE `user_id` = '7KTC9V';
INSERT INTO `investment` (`invest_date`, `user_id`, `type`, `amount`, `package_id`) VALUES ('2025-04-27 20:01:10', '7KTC9V', 'subscription', '150', '2');
UPDATE `user_registration` SET total_points = ROUND(total_points + 150,2)
WHERE `user_id` = '7KTC9V';
INSERT INTO `points_history` (`user_id`, `points`, `type`, `date`) VALUES ('7KTC9V', '150', 'subscription', '2025-04-27 20:01:');
UPDATE `bv_updation` SET right_carry = right_carry+150, total_right = total_right+150
WHERE `user_id` = 'ETPYLQ';
INSERT INTO `placement_bv_update_history` (`right_carry`, `date`, `from_id`, `user_id`) VALUES ('150', '2025-04-27 20:01:10', '7KTC9V', 'ETPYLQ');
UPDATE `user_registration` SET `cycle_rank_id` = '1'
WHERE `user_id` = 'ETPYLQ';
INSERT INTO `rank_history` (`rank_id`, `user_id`, `name`, `bv`, `date`, `amount`, `type`) VALUES ('1', 'ETPYLQ', 'Affiliate', '0', '2025-04-27 20:01:10', '0', 'auto');
UPDATE `bv_updation` SET sponsor_right_carry = sponsor_right_carry+150, sponsor_total_right = sponsor_total_right+150
WHERE `user_id` = 'ETPYLQ';
INSERT INTO `sponsor_bv_update_history` (`right_carry`, `date`, `user_id`) VALUES ('150', '2025-04-27 20:01:10', 'ETPYLQ');
UPDATE `bv_updation` SET left_carry = left_carry+150, total_left = total_left+150
WHERE `user_id` = 'M2XFK7';
INSERT INTO `placement_bv_update_history` (`left_carry`, `date`, `from_id`, `user_id`) VALUES ('150', '2025-04-27 20:01:10', '7KTC9V', 'M2XFK7');
UPDATE `bv_updation` SET left_carry = left_carry+150, total_left = total_left+150
WHERE `user_id` = '7BQJK5';
INSERT INTO `placement_bv_update_history` (`left_carry`, `date`, `from_id`, `user_id`) VALUES ('150', '2025-04-27 20:01:10', '7KTC9V', '7BQJK5');
UPDATE `user_registration` SET `cycle_rank_id` = '1'
WHERE `user_id` = '7BQJK5';
INSERT INTO `rank_history` (`rank_id`, `user_id`, `name`, `bv`, `date`, `amount`, `type`) VALUES ('1', '7BQJK5', 'Affiliate', '0', '2025-04-27 20:01:10', '0', 'auto');
UPDATE `bv_updation` SET left_carry = left_carry+150, total_left = total_left+150
WHERE `user_id` = 'QJ5U9C';
INSERT INTO `placement_bv_update_history` (`left_carry`, `date`, `from_id`, `user_id`) VALUES ('150', '2025-04-27 20:01:10', '7KTC9V', 'QJ5U9C');
UPDATE `user_registration` SET `cycle_rank_id` = '1'
WHERE `user_id` = 'QJ5U9C';
INSERT INTO `rank_history` (`rank_id`, `user_id`, `name`, `bv`, `date`, `amount`, `type`) VALUES ('1', 'QJ5U9C', 'Affiliate', '0', '2025-04-27 20:01:10', '0', 'auto');
UPDATE `bv_updation` SET left_carry = left_carry+150, total_left = total_left+150
WHERE `user_id` = 'O94ZPY';
INSERT INTO `placement_bv_update_history` (`left_carry`, `date`, `from_id`, `user_id`) VALUES ('150', '2025-04-27 20:01:11', '7KTC9V', 'O94ZPY');
UPDATE `user_registration` SET `cycle_rank_id` = '1'
WHERE `user_id` = 'O94ZPY';
INSERT INTO `rank_history` (`rank_id`, `user_id`, `name`, `bv`, `date`, `amount`, `type`) VALUES ('1', 'O94ZPY', 'Affiliate', '0', '2025-04-27 20:01:11', '0', 'auto');
UPDATE `bv_updation` SET right_carry = right_carry+150, total_right = total_right+150
WHERE `user_id` = 'JHRDHS';
INSERT INTO `placement_bv_update_history` (`right_carry`, `date`, `from_id`, `user_id`) VALUES ('150', '2025-04-27 20:01:11', '7KTC9V', 'JHRDHS');
UPDATE `user_registration` SET `cycle_rank_id` = '1'
WHERE `user_id` = 'JHRDHS';
INSERT INTO `rank_history` (`rank_id`, `user_id`, `name`, `bv`, `date`, `amount`, `type`) VALUES ('1', 'JHRDHS', 'Affiliate', '0', '2025-04-27 20:01:11', '0', 'auto');
UPDATE `bv_updation` SET right_carry = right_carry+150, total_right = total_right+150
WHERE `user_id` = 'CVVK4C';
INSERT INTO `placement_bv_update_history` (`right_carry`, `date`, `from_id`, `user_id`) VALUES ('150', '2025-04-27 20:01:11', '7KTC9V', 'CVVK4C');
UPDATE `user_registration` SET `cycle_rank_id` = '1'
WHERE `user_id` = 'CVVK4C';
INSERT INTO `rank_history` (`rank_id`, `user_id`, `name`, `bv`, `date`, `amount`, `type`) VALUES ('1', 'CVVK4C', 'Affiliate', '0', '2025-04-27 20:01:11', '0', 'auto');
UPDATE `bv_updation` SET left_carry = left_carry+150, total_left = total_left+150
WHERE `user_id` = 'K55EDD';
INSERT INTO `placement_bv_update_history` (`left_carry`, `date`, `from_id`, `user_id`) VALUES ('150', '2025-04-27 20:01:11', '7KTC9V', 'K55EDD');
UPDATE `user_registration` SET `cycle_rank_id` = '1'
WHERE `user_id` = 'K55EDD';
INSERT INTO `rank_history` (`rank_id`, `user_id`, `name`, `bv`, `date`, `amount`, `type`) VALUES ('1', 'K55EDD', 'Affiliate', '0', '2025-04-27 20:01:11', '0', 'auto');
UPDATE `bv_updation` SET left_carry = left_carry+150, total_left = total_left+150
WHERE `user_id` = 'UQO7EQ';
INSERT INTO `placement_bv_update_history` (`left_carry`, `date`, `from_id`, `user_id`) VALUES ('150', '2025-04-27 20:01:12', '7KTC9V', 'UQO7EQ');
UPDATE `user_registration` SET `cycle_rank_id` = '2'
WHERE `user_id` = 'UQO7EQ';
INSERT INTO `rank_history` (`rank_id`, `user_id`, `name`, `bv`, `date`, `amount`, `type`) VALUES ('2', 'UQO7EQ', 'Associate', '1200', '2025-04-27 20:01:12', '100', 'auto');
UPDATE `bv_updation` SET left_carry = left_carry+150, total_left = total_left+150
WHERE `user_id` = 'N6GZAE';
INSERT INTO `placement_bv_update_history` (`left_carry`, `date`, `from_id`, `user_id`) VALUES ('150', '2025-04-27 20:01:12', '7KTC9V', 'N6GZAE');
UPDATE `user_registration` SET `cycle_rank_id` = '1'
WHERE `user_id` = 'N6GZAE';
INSERT INTO `rank_history` (`rank_id`, `user_id`, `name`, `bv`, `date`, `amount`, `type`) VALUES ('1', 'N6GZAE', 'Affiliate', '0', '2025-04-27 20:01:12', '0', 'auto');
UPDATE `bv_updation` SET left_carry = left_carry+150, total_left = total_left+150
WHERE `user_id` = '4E1CRI';
INSERT INTO `placement_bv_update_history` (`left_carry`, `date`, `from_id`, `user_id`) VALUES ('150', '2025-04-27 20:01:12', '7KTC9V', '4E1CRI');
UPDATE `bv_updation` SET left_carry = left_carry+150, total_left = total_left+150
WHERE `user_id` = 'SJBNYJ';
INSERT INTO `placement_bv_update_history` (`left_carry`, `date`, `from_id`, `user_id`) VALUES ('150', '2025-04-27 20:01:12', '7KTC9V', 'SJBNYJ');
UPDATE `user_registration` SET `cycle_rank_id` = '1'
WHERE `user_id` = 'SJBNYJ';
INSERT INTO `rank_history` (`rank_id`, `user_id`, `name`, `bv`, `date`, `amount`, `type`) VALUES ('1', 'SJBNYJ', 'Affiliate', '0', '2025-04-27 20:01:12', '0', 'auto');
UPDATE `bv_updation` SET left_carry = left_carry+150, total_left = total_left+150
WHERE `user_id` = '44B9Y4';
INSERT INTO `placement_bv_update_history` (`left_carry`, `date`, `from_id`, `user_id`) VALUES ('150', '2025-04-27 20:01:12', '7KTC9V', '44B9Y4');
UPDATE `user_registration` SET `cycle_rank_id` = '1'
WHERE `user_id` = '44B9Y4';
INSERT INTO `rank_history` (`rank_id`, `user_id`, `name`, `bv`, `date`, `amount`, `type`) VALUES ('1', '44B9Y4', 'Affiliate', '0', '2025-04-27 20:01:12', '0', 'auto');
UPDATE `bv_updation` SET right_carry = right_carry+150, total_right = total_right+150
WHERE `user_id` = 'admin';
INSERT INTO `placement_bv_update_history` (`right_carry`, `date`, `from_id`, `user_id`) VALUES ('150', '2025-04-27 20:01:13', '7KTC9V', 'admin');
UPDATE `user_registration` SET `cycle_rank_id` = '1'
WHERE `user_id` = 'admin';
INSERT INTO `rank_history` (`rank_id`, `user_id`, `name`, `bv`, `date`, `amount`, `type`) VALUES ('1', 'admin', 'Affiliate', '0', '2025-04-27 20:01:13', '0', 'auto');
UPDATE `user_registration` SET `subscription_date` = '2025-05-27', `active_status` = 'yes'
WHERE `user_id` = '7KTC9V';
UPDATE `user_registration` SET `popup_seen` = 'yes'
WHERE `user_id` = '7KTC9V';
UPDATE `ci_sessions` SET `timestamp` = 1745802260, `data` = '__ci_last_regenerate|i:1745802260;id|s:4:\"2208\";user_id|s:6:\"KSGBOZ\";username|s:9:\"ramos1329\";sponsor_id|s:6:\"2RSJNO\";fullname|s:13:\"Alberto Ramos\";email|s:19:\"ramos9321@gmail.com\";phone|s:10:\"7865541476\";isLogIn|b:1;'
WHERE `id` = '5acb5eecd18e6cbb87be4914080be60fb72554bd';
UPDATE `user_registration` SET `popup_seen` = 'no'
WHERE `user_id` = 'KSGBOZ';
DELETE FROM `ci_sessions`
WHERE `id` = '12b09999eba09a1f84137ecb70449a98baa2c767';
INSERT INTO `login_history` (`user_id`, `device`, `ip_address`, `date`) VALUES ('QJ5U9C', 'Mozilla/5.0 (iPhone; CPU iPhone OS 18_3_2 like Mac OS X) AppleWebKit/605.1.15 (KHTML, like Gecko) CriOS/135.0.7049.83 Mobile/15E148 Safari/604.1', '172.70.82.118', '25-04-27 20:18');
UPDATE `user_registration` SET `popup_seen` = 'yes'
WHERE `user_id` = 'QJ5U9C';
UPDATE `user_registration` SET `popup_seen` = 'yes'
WHERE `user_id` = 'QJ5U9C';
INSERT INTO `login_history` (`user_id`, `device`, `ip_address`, `date`) VALUES ('41V5DE', 'Mozilla/5.0 (Macintosh; Intel Mac OS X 10_15_7) AppleWebKit/537.36 (KHTML, like Gecko) Chrome/135.0.0.0 Safari/537.36', '172.70.83.138', '25-04-27 20:20');
UPDATE `user_registration` SET `popup_seen` = 'yes'
WHERE `user_id` = '41V5DE';
UPDATE `ci_sessions` SET `timestamp` = 1745803276, `data` = '__ci_last_regenerate|i:1745803276;id|s:4:\"2084\";user_id|s:6:\"QJ5U9C\";username|s:10:\"gascarde60\";sponsor_id|s:6:\"O94ZPY\";fullname|s:14:\"Gaspar Cardero\";email|s:18:\"gascarde@yahoo.com\";phone|s:10:\"7862371360\";isLogIn|b:1;'
WHERE `id` = '2159d94ccb5fbd27b3e6f58817a609b4243cc7d3';
UPDATE `user_registration` SET `trans_password` = '790703'
WHERE `user_id` = '41V5DE';
INSERT INTO `notifications` (`user_id`, `notification_type`, `subject`, `details`, `date`, `status`) VALUES ('41V5DE', 'transaction_password_update', 'Transaction Password Notification', 'Your transaction password has been created successfully.', '2025-04-27 20:21:58', 0);
INSERT INTO `visa_card_fee_history` (`user_id`, `amount`, `status`, `date`) VALUES ('41V5DE', '20', 1, '2025-04-27 20:23:03');
INSERT INTO `withdraw` (`name`, `user_id`, `walletid`, `mobile_no`, `uid`, `amount`, `method`, `fees`, `payment_details`, `fee_rate`, `request_ip`, `request_date`) VALUES ('Yoan Suarez Zayas', '41V5DE', 'yoansz79HEki', '7274527970', '2273', 80, 'PayQuicker', 0, 'N/A', '0', '172.68.7.63', '2025:04:27 20:23:03');
UPDATE `user_registration` SET commission_balance = ROUND(commission_balance - 100,2)
WHERE `user_id` = '41V5DE';
INSERT INTO `transections` (`user_id`, `transection_category`, `releted_id`, `amount`, `comments`, `transection_date_timestamp`) VALUES ('41V5DE', 'withdraw', 19, 80, 'withdraw', '2025-04-27 20:23:03');
UPDATE `user_registration` SET `popup_seen` = 'yes'
WHERE `user_id` = 'QJ5U9C';
UPDATE `user_registration` SET `popup_seen` = 'yes'
WHERE `user_id` = 'QJ5U9C';
UPDATE `ci_sessions` SET `timestamp` = 1745803573, `data` = '__ci_last_regenerate|i:1745803573;id|s:4:\"2273\";user_id|s:6:\"41V5DE\";username|s:8:\"yoansz79\";sponsor_id|s:6:\"WP5PIA\";fullname|s:17:\"Yoan Suarez Zayas\";email|s:18:\"yoansz79@gmail.com\";phone|s:10:\"7274527970\";isLogIn|b:1;'
WHERE `id` = '66eb9a6379eff1786fff981e438a99a943fbda5e';
UPDATE `ci_sessions` SET `timestamp` = 1745804750, `data` = '__ci_last_regenerate|i:1745804750;id|s:4:\"2273\";user_id|s:6:\"41V5DE\";username|s:8:\"yoansz79\";sponsor_id|s:6:\"WP5PIA\";fullname|s:17:\"Yoan Suarez Zayas\";email|s:18:\"yoansz79@gmail.com\";phone|s:10:\"7274527970\";isLogIn|b:1;'
WHERE `id` = '13005fe0d5020d97a3ddbce0e52c589e11a6c10c';
UPDATE `user_registration` SET `popup_seen` = 'yes'
WHERE `user_id` = '41V5DE';
UPDATE `user_registration` SET `default_leg` = 'left'
WHERE `user_id` = '41V5DE';
INSERT INTO `default_leg_history` (`user_id`, `old_leg`, `new_leg`, `date`) VALUES ('41V5DE', 'left', 'left', '2025-04-27 20:46:32');
UPDATE `user_registration` SET `popup_seen` = 'yes'
WHERE `user_id` = '41V5DE';
INSERT INTO `login_history` (`user_id`, `device`, `ip_address`, `date`) VALUES ('AABG7W', 'Mozilla/5.0 (Linux; Android 10; K) AppleWebKit/537.36 (KHTML, like Gecko) Chrome/135.0.0.0 Mobile Safari/537.36', '172.70.255.106', '25-04-27 20:53');
UPDATE `user_registration` SET `popup_seen` = 'yes'
WHERE `user_id` = 'AABG7W';
UPDATE `ci_sessions` SET `timestamp` = 1745805874, `data` = '__ci_last_regenerate|i:1745805874;captcha|s:4:\"68zb\";'
WHERE `id` = '73715db082bd0fa46f127ebf857324b330d73398';
INSERT INTO `login_history` (`user_id`, `device`, `ip_address`, `date`) VALUES ('UQO7EQ', 'Mozilla/5.0 (Linux; Android 10; K) AppleWebKit/537.36 (KHTML, like Gecko) Chrome/131.0.0.0 Mobile Safari/537.36', '172.70.82.32', '25-04-27 21:04');
UPDATE `user_registration` SET `popup_seen` = 'yes'
WHERE `user_id` = 'UQO7EQ';
UPDATE `user_registration` SET `popup_seen` = 'no'
WHERE `user_id` = 'UQO7EQ';
DELETE FROM `ci_sessions`
WHERE `id` = '20d9699ff7f23f5d28f73225903c452320e59491';
INSERT INTO `login_history` (`user_id`, `device`, `ip_address`, `date`) VALUES ('JIL8K9', 'Mozilla/5.0 (iPhone; CPU iPhone OS 18_3_2 like Mac OS X) AppleWebKit/605.1.15 (KHTML, like Gecko) Version/18.3.1 Mobile/15E148 Safari/604.1', '172.68.7.162', '25-04-27 21:18');
UPDATE `user_registration` SET `popup_seen` = 'yes'
WHERE `user_id` = 'JIL8K9';
UPDATE `ci_sessions` SET `timestamp` = 1745807016, `data` = '__ci_last_regenerate|i:1745807016;id|s:4:\"2072\";user_id|s:6:\"JIL8K9\";username|s:9:\"Daysi1970\";sponsor_id|s:6:\"U7SMZ8\";fullname|s:15:\"Daysi Chavarria\";email|s:20:\"urquia0831@gmail.com\";phone|s:10:\"3055707872\";isLogIn|b:1;'
WHERE `id` = '4623d88e6de15ce908e1efec9df7fd14b397c567';
INSERT INTO `login_history` (`user_id`, `device`, `ip_address`, `date`) VALUES ('2HKNYD', 'Mozilla/5.0 (iPhone; CPU iPhone OS 18_3_2 like Mac OS X) AppleWebKit/605.1.15 (KHTML, like Gecko) GSA/365.1.750410080 Mobile/15E148 Safari/604.1', '172.68.7.203', '25-04-27 21:28');
UPDATE `user_registration` SET `popup_seen` = 'yes'
WHERE `user_id` = '2HKNYD';
INSERT INTO `login_history` (`user_id`, `device`, `ip_address`, `date`) VALUES ('B5EVHD', 'Mozilla/5.0 (iPhone; CPU iPhone OS 18_3_2 like Mac OS X) AppleWebKit/605.1.15 (KHTML, like Gecko) Version/18.3.1 Mobile/15E148 Safari/604.1', '172.68.12.2', '25-04-27 21:28');
UPDATE `user_registration` SET `popup_seen` = 'yes'
WHERE `user_id` = 'B5EVHD';
UPDATE `user_registration` SET `popup_seen` = 'yes'
WHERE `user_id` = '2HKNYD';
UPDATE `ci_sessions` SET `timestamp` = 1745807395, `data` = '__ci_last_regenerate|i:1745807395;id|s:4:\"2072\";user_id|s:6:\"JIL8K9\";username|s:9:\"Daysi1970\";sponsor_id|s:6:\"U7SMZ8\";fullname|s:15:\"Daysi Chavarria\";email|s:20:\"urquia0831@gmail.com\";phone|s:10:\"3055707872\";isLogIn|b:1;'
WHERE `id` = '936b041dff4f56f7d07f958c0f625037f6a817da';
UPDATE `user_registration` SET `default_leg` = 'right'
WHERE `user_id` = 'JIL8K9';
INSERT INTO `default_leg_history` (`user_id`, `old_leg`, `new_leg`, `date`) VALUES ('JIL8K9', 'right', 'right', '2025-04-27 21:31:06');
UPDATE `user_registration` SET `popup_seen` = 'yes'
WHERE `user_id` = 'JIL8K9';
UPDATE `user_registration` SET `popup_seen` = 'no'
WHERE `user_id` = 'JIL8K9';
DELETE FROM `ci_sessions`
WHERE `id` = '61dff0666222e67937c3a8da7a10b36a60b803da';
UPDATE `ci_sessions` SET `timestamp` = 1745808668, `data` = '__ci_last_regenerate|i:1745808668;id|s:4:\"2308\";user_id|s:6:\"2HKNYD\";username|s:8:\"Denito15\";sponsor_id|s:6:\"OTZTS5\";fullname|s:14:\"Arlene  Ripoll\";email|s:23:\"ripollarlene0@gmail.com\";phone|s:10:\"7868398461\";isLogIn|b:1;message|s:29:\"Request Accessed Successfully\";__ci_vars|a:1:{s:7:\"message\";s:3:\"old\";}'
WHERE `id` = 'c21d2aebddaed956b54efc465b4d497e5dae7d8b';
UPDATE `user_registration` SET `popup_seen` = 'yes'
WHERE `user_id` = '2HKNYD';
INSERT INTO `temp_register` (`post_data`, `date`, `payment_method`, `type`) VALUES ('{\"user_id\":\"2HKNYD\",\"card_id\":\"4\",\"card_cost\":\"150\",\"card_value\":\"150\",\"payment_option\":\"stripe\",\"date\":\"2025-04-27 21:54:40\"}', '2025-04-27 21:54:40', 'stripe', 'buy+top_up_card');
UPDATE `temp_register` SET `response` = '{\"stripeToken\":\"tok_1RIhrH2NUoYUjiuuCywNNryW\",\"stripeTokenType\":\"card\",\"stripeEmail\":\"ripollarlene0@gmail.com\"}', `date_modified` = '2025-04-27 21:55:56', `payment_status` = '{\"id\":\"ch_3RIhrM2NUoYUjiuu1ndHt29O\",\"object\":\"charge\",\"amount\":15000,\"amount_captured\":15000,\"amount_refunded\":0,\"application\":null,\"application_fee\":null,\"application_fee_amount\":null,\"balance_transaction\":\"txn_3RIhrM2NUoYUjiuu1yWGjaem\",\"billing_details\":{\"address\":{\"city\":null,\"country\":null,\"line1\":null,\"line2\":null,\"postal_code\":null,\"state\":null},\"email\":null,\"name\":\"ripollarlene0@gmail.com\",\"phone\":null,\"tax_id\":null},\"calculated_statement_descriptor\":\"TRAVELEGENDCY LLC\",\"captured\":true,\"created\":1745808956,\"currency\":\"usd\",\"customer\":\"cus_SD872sqDRncq87\",\"description\":null,\"destination\":null,\"dispute\":null,\"disputed\":false,\"failure_balance_transaction\":null,\"failure_code\":null,\"failure_message\":null,\"fraud_details\":[],\"invoice\":null,\"livemode\":true,\"metadata\":[],\"on_behalf_of\":null,\"order\":null,\"outcome\":{\"advice_code\":null,\"network_advice_code\":null,\"network_decline_code\":null,\"network_status\":\"approved_by_network\",\"reason\":null,\"risk_level\":\"normal\",\"seller_message\":\"Payment complete.\",\"type\":\"authorized\"},\"paid\":true,\"payment_intent\":null,\"payment_method\":\"card_1RIhrH2NUoYUjiuusnfGjh90\",\"payment_method_details\":{\"card\":{\"amount_authorized\":15000,\"authorization_code\":\"06707P\",\"brand\":\"mastercard\",\"checks\":{\"address_line1_check\":null,\"address_postal_code_check\":null,\"cvc_check\":\"pass\"},\"country\":\"US\",\"exp_month\":2,\"exp_year\":2028,\"extended_authorization\":{\"status\":\"disabled\"},\"fingerprint\":\"kQctD2T3Usm08XKl\",\"funding\":\"credit\",\"incremental_authorization\":{\"status\":\"unavailable\"},\"installments\":null,\"last4\":\"8184\",\"mandate\":null,\"multicapture\":{\"status\":\"unavailable\"},\"network\":\"mastercard\",\"network_token\":{\"used\":false},\"network_transaction_id\":\"MWEDNOWK80427\",\"overcapture\":{\"maximum_amount_capturable\":15000,\"status\":\"unavailable\"},\"regulated_status\":\"unregulated\",\"three_d_secure\":null,\"wallet\":null},\"type\":\"card\"},\"receipt_email\":null,\"receipt_number\":null,\"receipt_url\":\"https:\\/\\/pay.stripe.com\\/receipts\\/payment\\/CAcQARoXChVhY2N0XzFRUEFGdjJOVW9ZVWppdXUovdy7wAYyBt52C41JDzosFi4Cavo6bLXzUVZMF-wEdTSInK64NIsqWeuG17j2gOMMWlitN6oVUJEPm7c\",\"refunded\":false,\"review\":null,\"shipping\":null,\"source\":{\"id\":\"card_1RIhrH2NUoYUjiuusnfGjh90\",\"object\":\"card\",\"address_city\":null,\"address_country\":null,\"address_line1\":null,\"address_line1_check\":null,\"address_line2\":null,\"address_state\":null,\"address_zip\":null,\"address_zip_check\":null,\"allow_redisplay\":\"unspecified\",\"brand\":\"MasterCard\",\"country\":\"US\",\"customer\":\"cus_SD872sqDRncq87\",\"cvc_check\":\"pass\",\"dynamic_last4\":null,\"exp_month\":2,\"exp_year\":2028,\"fingerprint\":\"kQctD2T3Usm08XKl\",\"funding\":\"credit\",\"last4\":\"8184\",\"metadata\":[],\"name\":\"ripollarlene0@gmail.com\",\"regulated_status\":\"unregulated\",\"tokenization_method\":null,\"wallet\":null},\"source_transfer\":null,\"statement_descriptor\":null,\"statement_descriptor_suffix\":null,\"status\":\"succeeded\",\"transfer_data\":null,\"transfer_group\":null}'
WHERE `id` = 353;
INSERT INTO `card_purchase_history` (`user_id`, `card_id`, `card_cost`, `card_value`, `payment_option`, `date`) VALUES ('2HKNYD', '4', '150', '150', 'stripe', '2025-04-27 21:54:40');
UPDATE `user_registration` SET commission_balance = ROUND(commission_balance + 150,2)
WHERE `user_id` = '2HKNYD';
UPDATE `ci_sessions` SET `timestamp` = 1745808971, `data` = '__ci_last_regenerate|i:1745808971;id|s:4:\"2308\";user_id|s:6:\"2HKNYD\";username|s:8:\"Denito15\";sponsor_id|s:6:\"OTZTS5\";fullname|s:14:\"Arlene  Ripoll\";email|s:23:\"ripollarlene0@gmail.com\";phone|s:10:\"7868398461\";isLogIn|b:1;reg_stripe_id|i:353;message|s:31:\"Purchase Completed Successfully\";__ci_vars|a:1:{s:7:\"message\";s:3:\"old\";}'
WHERE `id` = 'a04c9171e51a3c4411dd852856c939c69316b3ce';
UPDATE `user_registration` SET `popup_seen` = 'yes'
WHERE `user_id` = '2HKNYD';
UPDATE `user_registration` SET `popup_seen` = 'yes'
WHERE `user_id` = '2HKNYD';
UPDATE `ci_sessions` SET `timestamp` = 1745809430, `data` = '__ci_last_regenerate|i:1745809430;id|s:4:\"2308\";user_id|s:6:\"2HKNYD\";username|s:8:\"Denito15\";sponsor_id|s:6:\"OTZTS5\";fullname|s:14:\"Arlene  Ripoll\";email|s:23:\"ripollarlene0@gmail.com\";phone|s:10:\"7868398461\";isLogIn|b:1;reg_stripe_id|i:353;'
WHERE `id` = '22506872c61f3a4bb49e26387eae8bd9871abc48';
UPDATE `user_registration` SET `popup_seen` = 'yes'
WHERE `user_id` = '2HKNYD';
UPDATE `ci_sessions` SET `timestamp` = 1745810032, `data` = '__ci_last_regenerate|i:1745810032;captcha|s:4:\"m6wx\";'
WHERE `id` = '0f5bece189f946afe93c198b3f394dc00e81a0fb';
INSERT INTO `login_history` (`user_id`, `device`, `ip_address`, `date`) VALUES ('UQO7EQ', 'Mozilla/5.0 (Linux; Android 10; K) AppleWebKit/537.36 (KHTML, like Gecko) Chrome/131.0.0.0 Mobile Safari/537.36', '172.70.254.38', '25-04-27 22:13');
UPDATE `user_registration` SET `popup_seen` = 'yes'
WHERE `user_id` = 'UQO7EQ';
UPDATE `user_registration` SET `popup_seen` = 'yes'
WHERE `user_id` = 'UQO7EQ';
UPDATE `user_registration` SET `popup_seen` = 'no'
WHERE `user_id` = 'UQO7EQ';
DELETE FROM `ci_sessions`
WHERE `id` = '43328b7c16eeb71bbd7cdfc85f3e3fc2fb945ec2';
INSERT INTO `cron_job_history` (`name`, `date_started`, `status`) VALUES ('backup', '2025-04-28 00:00:01', 'started');
UPDATE `cron_job_history` SET `status` = 'done', `date_end` = '2025-04-28 00:00:02'
WHERE `id` = 350;
INSERT INTO `cron_job_history` (`name`, `date_started`, `status`) VALUES ('deduct_sub_amt_from_ewallet', '2025-04-28 00:05:02', 'started');
UPDATE `user_registration` SET `sub_point` = 0, `active_status` = 'no'
WHERE `user_id` = '35H9RV';
INSERT INTO `inactive_history` (`user_id`, `commission_balance`, `amount`, `date`) VALUES ('35H9RV', '97.5', '150', '2025-04-28 00:05:02');
UPDATE `user_registration` SET `sub_point` = 0, `active_status` = 'no'
WHERE `user_id` = '44B9Y4';
INSERT INTO `inactive_history` (`user_id`, `commission_balance`, `amount`, `date`) VALUES ('44B9Y4', '50', '150', '2025-04-28 00:05:02');
UPDATE `user_registration` SET `sub_point` = 0, `active_status` = 'no'
WHERE `user_id` = 'SJBNYJ';
INSERT INTO `inactive_history` (`user_id`, `commission_balance`, `amount`, `date`) VALUES ('SJBNYJ', '50', '150', '2025-04-28 00:05:03');
UPDATE `user_registration` SET `sub_point` = 0, `active_status` = 'no'
WHERE `user_id` = '45E8V2';
INSERT INTO `inactive_history` (`user_id`, `commission_balance`, `amount`, `date`) VALUES ('45E8V2', '50', '150', '2025-04-28 00:05:03');
UPDATE `user_registration` SET `sub_point` = 0, `active_status` = 'no'
WHERE `user_id` = 'XVTJOY';
INSERT INTO `inactive_history` (`user_id`, `commission_balance`, `amount`, `date`) VALUES ('XVTJOY', '100', '150', '2025-04-28 00:05:04');
UPDATE `user_registration` SET `sub_point` = 0, `active_status` = 'no'
WHERE `user_id` = '4E1CRI';
INSERT INTO `inactive_history` (`user_id`, `commission_balance`, `amount`, `date`) VALUES ('4E1CRI', '100', '150', '2025-04-28 00:05:04');
UPDATE `user_registration` SET `sub_point` = 0, `active_status` = 'no'
WHERE `user_id` = 'PBFKSY';
INSERT INTO `inactive_history` (`user_id`, `commission_balance`, `amount`, `date`) VALUES ('PBFKSY', '0', '150', '2025-04-28 00:05:05');
UPDATE `user_registration` SET `sub_point` = 0, `active_status` = 'no'
WHERE `user_id` = 'R37QLI';
INSERT INTO `inactive_history` (`user_id`, `commission_balance`, `amount`, `date`) VALUES ('R37QLI', '80', '150', '2025-04-28 00:05:05');
UPDATE `user_registration` SET `sub_point` = 0, `active_status` = 'no'
WHERE `user_id` = 'Q6D63V';
INSERT INTO `inactive_history` (`user_id`, `commission_balance`, `amount`, `date`) VALUES ('Q6D63V', '100', '150', '2025-04-28 00:05:05');
UPDATE `user_registration` SET `sub_point` = 0, `active_status` = 'no'
WHERE `user_id` = 'Q834IS';
INSERT INTO `inactive_history` (`user_id`, `commission_balance`, `amount`, `date`) VALUES ('Q834IS', '0', '50', '2025-04-28 00:05:06');
UPDATE `user_registration` SET `sub_point` = 0, `active_status` = 'no'
WHERE `user_id` = 'PKHRN5';
INSERT INTO `inactive_history` (`user_id`, `commission_balance`, `amount`, `date`) VALUES ('PKHRN5', '28', '50', '2025-04-28 00:05:07');
UPDATE `user_registration` SET `sub_point` = 0, `active_status` = 'no'
WHERE `user_id` = 'MT8QJF';
INSERT INTO `inactive_history` (`user_id`, `commission_balance`, `amount`, `date`) VALUES ('MT8QJF', '0', '150', '2025-04-28 00:05:07');
UPDATE `user_registration` SET `sub_point` = 0, `active_status` = 'no'
WHERE `user_id` = 'OWF3OA';
INSERT INTO `inactive_history` (`user_id`, `commission_balance`, `amount`, `date`) VALUES ('OWF3OA', '0', '150', '2025-04-28 00:05:08');
UPDATE `user_registration` SET `sub_point` = 0, `active_status` = 'no'
WHERE `user_id` = 'HUDVJU';
INSERT INTO `inactive_history` (`user_id`, `commission_balance`, `amount`, `date`) VALUES ('HUDVJU', '30', '50', '2025-04-28 00:05:08');
UPDATE `user_registration` SET `sub_point` = 0, `active_status` = 'no'
WHERE `user_id` = 'IEVPMD';
INSERT INTO `inactive_history` (`user_id`, `commission_balance`, `amount`, `date`) VALUES ('IEVPMD', '0', '150', '2025-04-28 00:05:09');
UPDATE `user_registration` SET `sub_point` = 0, `active_status` = 'no'
WHERE `user_id` = 'HQTCGF';
INSERT INTO `inactive_history` (`user_id`, `commission_balance`, `amount`, `date`) VALUES ('HQTCGF', '0', '150', '2025-04-28 00:05:09');
UPDATE `user_registration` SET `sub_point` = 0, `active_status` = 'no'
WHERE `user_id` = 'WC5BL7';
INSERT INTO `inactive_history` (`user_id`, `commission_balance`, `amount`, `date`) VALUES ('WC5BL7', '0', '50', '2025-04-28 00:05:10');
UPDATE `user_registration` SET `sub_point` = 0, `active_status` = 'no'
WHERE `user_id` = 'W17SG2';
INSERT INTO `inactive_history` (`user_id`, `commission_balance`, `amount`, `date`) VALUES ('W17SG2', '0', '150', '2025-04-28 00:05:10');
UPDATE `user_registration` SET `sub_point` = 0, `active_status` = 'no'
WHERE `user_id` = 'PR92IO';
INSERT INTO `inactive_history` (`user_id`, `commission_balance`, `amount`, `date`) VALUES ('PR92IO', '0', '50', '2025-04-28 00:05:10');
UPDATE `user_registration` SET `sub_point` = 0, `active_status` = 'no'
WHERE `user_id` = 'XHO8CJ';
INSERT INTO `inactive_history` (`user_id`, `commission_balance`, `amount`, `date`) VALUES ('XHO8CJ', '0', '150', '2025-04-28 00:05:11');
UPDATE `user_registration` SET `sub_point` = 0, `active_status` = 'no'
WHERE `user_id` = 'L8NRSC';
INSERT INTO `inactive_history` (`user_id`, `commission_balance`, `amount`, `date`) VALUES ('L8NRSC', '50', '150', '2025-04-28 00:05:11');
UPDATE `user_registration` SET `sub_point` = 0, `active_status` = 'no'
WHERE `user_id` = 'HP6YP2';
INSERT INTO `inactive_history` (`user_id`, `commission_balance`, `amount`, `date`) VALUES ('HP6YP2', '50', '150', '2025-04-28 00:05:11');
UPDATE `user_registration` SET `sub_point` = 0, `active_status` = 'no'
WHERE `user_id` = '8RVNYT';
INSERT INTO `inactive_history` (`user_id`, `commission_balance`, `amount`, `date`) VALUES ('8RVNYT', '0', '150', '2025-04-28 00:05:12');
UPDATE `user_registration` SET `sub_point` = 0, `active_status` = 'no'
WHERE `user_id` = 'K8DXP2';
INSERT INTO `inactive_history` (`user_id`, `commission_balance`, `amount`, `date`) VALUES ('K8DXP2', '0', '150', '2025-04-28 00:05:12');
UPDATE `user_registration` SET `sub_point` = 0, `active_status` = 'no'
WHERE `user_id` = 'BD2ZLC';
INSERT INTO `inactive_history` (`user_id`, `commission_balance`, `amount`, `date`) VALUES ('BD2ZLC', '100', '150', '2025-04-28 00:05:13');
UPDATE `user_registration` SET commission_balance = ROUND(commission_balance - 150,2)
WHERE `user_id` = 'UXMQZD';
INSERT INTO `sub_history` (`user_id`, `package_id`, `amount`, `payment_method`, `date`) VALUES ('UXMQZD', '2', '150', 'Ewallet', '2025-04-28 00:05:13');
UPDATE `user_registration` SET sub_point = ROUND(sub_point + 150,2)
WHERE `user_id` = 'UXMQZD';
INSERT INTO `investment` (`invest_date`, `user_id`, `type`, `amount`, `package_id`) VALUES ('2025-04-28 00:05:13', 'UXMQZD', 'subscription', '150', '2');
UPDATE `user_registration` SET total_points = ROUND(total_points + 150,2)
WHERE `user_id` = 'UXMQZD';
INSERT INTO `points_history` (`user_id`, `points`, `type`, `date`) VALUES ('UXMQZD', '150', 'subscription', '2025-04-28 00:05:');
UPDATE `bv_updation` SET right_carry = right_carry+150, total_right = total_right+150
WHERE `user_id` = 'O94ZPY';
INSERT INTO `placement_bv_update_history` (`right_carry`, `date`, `from_id`, `user_id`) VALUES ('150', '2025-04-28 00:05:13', 'UXMQZD', 'O94ZPY');
UPDATE `user_registration` SET `cycle_rank_id` = '1'
WHERE `user_id` = 'O94ZPY';
INSERT INTO `rank_history` (`rank_id`, `user_id`, `name`, `bv`, `date`, `amount`, `type`) VALUES ('1', 'O94ZPY', 'Affiliate', '0', '2025-04-28 00:05:13', '0', 'auto');
UPDATE `bv_updation` SET sponsor_right_carry = sponsor_right_carry+150, sponsor_total_right = sponsor_total_right+150
WHERE `user_id` = 'O94ZPY';
INSERT INTO `sponsor_bv_update_history` (`right_carry`, `date`, `user_id`) VALUES ('150', '2025-04-28 00:05:13', 'O94ZPY');
UPDATE `bv_updation` SET right_carry = right_carry+150, total_right = total_right+150
WHERE `user_id` = 'JHRDHS';
INSERT INTO `placement_bv_update_history` (`right_carry`, `date`, `from_id`, `user_id`) VALUES ('150', '2025-04-28 00:05:13', 'UXMQZD', 'JHRDHS');
UPDATE `user_registration` SET `cycle_rank_id` = '1'
WHERE `user_id` = 'JHRDHS';
INSERT INTO `rank_history` (`rank_id`, `user_id`, `name`, `bv`, `date`, `amount`, `type`) VALUES ('1', 'JHRDHS', 'Affiliate', '0', '2025-04-28 00:05:13', '0', 'auto');
UPDATE `bv_updation` SET right_carry = right_carry+150, total_right = total_right+150
WHERE `user_id` = 'CVVK4C';
INSERT INTO `placement_bv_update_history` (`right_carry`, `date`, `from_id`, `user_id`) VALUES ('150', '2025-04-28 00:05:13', 'UXMQZD', 'CVVK4C');
UPDATE `user_registration` SET `cycle_rank_id` = '1'
WHERE `user_id` = 'CVVK4C';
INSERT INTO `rank_history` (`rank_id`, `user_id`, `name`, `bv`, `date`, `amount`, `type`) VALUES ('1', 'CVVK4C', 'Affiliate', '0', '2025-04-28 00:05:13', '0', 'auto');
UPDATE `bv_updation` SET left_carry = left_carry+150, total_left = total_left+150
WHERE `user_id` = 'K55EDD';
INSERT INTO `placement_bv_update_history` (`left_carry`, `date`, `from_id`, `user_id`) VALUES ('150', '2025-04-28 00:05:14', 'UXMQZD', 'K55EDD');
UPDATE `user_registration` SET `cycle_rank_id` = '1'
WHERE `user_id` = 'K55EDD';
INSERT INTO `rank_history` (`rank_id`, `user_id`, `name`, `bv`, `date`, `amount`, `type`) VALUES ('1', 'K55EDD', 'Affiliate', '0', '2025-04-28 00:05:14', '0', 'auto');
UPDATE `bv_updation` SET left_carry = left_carry+150, total_left = total_left+150
WHERE `user_id` = 'UQO7EQ';
INSERT INTO `placement_bv_update_history` (`left_carry`, `date`, `from_id`, `user_id`) VALUES ('150', '2025-04-28 00:05:14', 'UXMQZD', 'UQO7EQ');
UPDATE `user_registration` SET `cycle_rank_id` = '2'
WHERE `user_id` = 'UQO7EQ';
INSERT INTO `rank_history` (`rank_id`, `user_id`, `name`, `bv`, `date`, `amount`, `type`) VALUES ('2', 'UQO7EQ', 'Associate', '1200', '2025-04-28 00:05:14', '100', 'auto');
UPDATE `bv_updation` SET left_carry = left_carry+150, total_left = total_left+150
WHERE `user_id` = 'N6GZAE';
INSERT INTO `placement_bv_update_history` (`left_carry`, `date`, `from_id`, `user_id`) VALUES ('150', '2025-04-28 00:05:14', 'UXMQZD', 'N6GZAE');
UPDATE `user_registration` SET `cycle_rank_id` = '1'
WHERE `user_id` = 'N6GZAE';
INSERT INTO `rank_history` (`rank_id`, `user_id`, `name`, `bv`, `date`, `amount`, `type`) VALUES ('1', 'N6GZAE', 'Affiliate', '0', '2025-04-28 00:05:14', '0', 'auto');
UPDATE `bv_updation` SET left_carry = left_carry+150, total_left = total_left+150
WHERE `user_id` = '4E1CRI';
INSERT INTO `placement_bv_update_history` (`left_carry`, `date`, `from_id`, `user_id`) VALUES ('150', '2025-04-28 00:05:14', 'UXMQZD', '4E1CRI');
UPDATE `bv_updation` SET left_carry = left_carry+150, total_left = total_left+150
WHERE `user_id` = 'SJBNYJ';
INSERT INTO `placement_bv_update_history` (`left_carry`, `date`, `from_id`, `user_id`) VALUES ('150', '2025-04-28 00:05:14', 'UXMQZD', 'SJBNYJ');
UPDATE `user_registration` SET `cycle_rank_id` = '1'
WHERE `user_id` = 'SJBNYJ';
INSERT INTO `rank_history` (`rank_id`, `user_id`, `name`, `bv`, `date`, `amount`, `type`) VALUES ('1', 'SJBNYJ', 'Affiliate', '0', '2025-04-28 00:05:14', '0', 'auto');
UPDATE `bv_updation` SET left_carry = left_carry+150, total_left = total_left+150
WHERE `user_id` = '44B9Y4';
INSERT INTO `placement_bv_update_history` (`left_carry`, `date`, `from_id`, `user_id`) VALUES ('150', '2025-04-28 00:05:14', 'UXMQZD', '44B9Y4');
UPDATE `user_registration` SET `cycle_rank_id` = '1'
WHERE `user_id` = '44B9Y4';
INSERT INTO `rank_history` (`rank_id`, `user_id`, `name`, `bv`, `date`, `amount`, `type`) VALUES ('1', '44B9Y4', 'Affiliate', '0', '2025-04-28 00:05:14', '0', 'auto');
UPDATE `bv_updation` SET right_carry = right_carry+150, total_right = total_right+150
WHERE `user_id` = 'admin';
INSERT INTO `placement_bv_update_history` (`right_carry`, `date`, `from_id`, `user_id`) VALUES ('150', '2025-04-28 00:05:15', 'UXMQZD', 'admin');
UPDATE `user_registration` SET `cycle_rank_id` = '1'
WHERE `user_id` = 'admin';
INSERT INTO `rank_history` (`rank_id`, `user_id`, `name`, `bv`, `date`, `amount`, `type`) VALUES ('1', 'admin', 'Affiliate', '0', '2025-04-28 00:05:15', '0', 'auto');
UPDATE `user_registration` SET `subscription_date` = '2025-05-28', `active_status` = 'yes'
WHERE `user_id` = 'UXMQZD';
UPDATE `user_registration` SET `sub_point` = 0, `active_status` = 'no'
WHERE `user_id` = '2MBPZI';
INSERT INTO `inactive_history` (`user_id`, `commission_balance`, `amount`, `date`) VALUES ('2MBPZI', '0', '150', '2025-04-28 00:05:15');
UPDATE `user_registration` SET `sub_point` = 0, `active_status` = 'no'
WHERE `user_id` = 'XXI66Z';
INSERT INTO `inactive_history` (`user_id`, `commission_balance`, `amount`, `date`) VALUES ('XXI66Z', '0', '150', '2025-04-28 00:05:15');
UPDATE `user_registration` SET `sub_point` = 0, `active_status` = 'no'
WHERE `user_id` = 'Q82ZV9';
INSERT INTO `inactive_history` (`user_id`, `commission_balance`, `amount`, `date`) VALUES ('Q82ZV9', '20', '50', '2025-04-28 00:05:16');
UPDATE `user_registration` SET `sub_point` = 0, `active_status` = 'no'
WHERE `user_id` = 'IWTOLP';
INSERT INTO `inactive_history` (`user_id`, `commission_balance`, `amount`, `date`) VALUES ('IWTOLP', '0', '50', '2025-04-28 00:05:16');
UPDATE `user_registration` SET `sub_point` = 0, `active_status` = 'no'
WHERE `user_id` = '9QPRWH';
INSERT INTO `inactive_history` (`user_id`, `commission_balance`, `amount`, `date`) VALUES ('9QPRWH', '0', '150', '2025-04-28 00:05:16');
UPDATE `user_registration` SET `sub_point` = 0, `active_status` = 'no'
WHERE `user_id` = 'LBY7TN';
INSERT INTO `inactive_history` (`user_id`, `commission_balance`, `amount`, `date`) VALUES ('LBY7TN', '0', '150', '2025-04-28 00:05:17');
UPDATE `user_registration` SET `sub_point` = 0, `active_status` = 'no'
WHERE `user_id` = 'WDEXJT';
INSERT INTO `inactive_history` (`user_id`, `commission_balance`, `amount`, `date`) VALUES ('WDEXJT', '0', '150', '2025-04-28 00:05:17');
UPDATE `user_registration` SET `sub_point` = 0, `active_status` = 'no'
WHERE `user_id` = '8D7CNL';
INSERT INTO `inactive_history` (`user_id`, `commission_balance`, `amount`, `date`) VALUES ('8D7CNL', '100', '150', '2025-04-28 00:05:18');
UPDATE `user_registration` SET `sub_point` = 0, `active_status` = 'no'
WHERE `user_id` = 'UJXP99';
INSERT INTO `inactive_history` (`user_id`, `commission_balance`, `amount`, `date`) VALUES ('UJXP99', '0', '50', '2025-04-28 00:05:18');
UPDATE `user_registration` SET `sub_point` = 0, `active_status` = 'no'
WHERE `user_id` = 'L268VW';
INSERT INTO `inactive_history` (`user_id`, `commission_balance`, `amount`, `date`) VALUES ('L268VW', '0', '50', '2025-04-28 00:05:18');
UPDATE `user_registration` SET `sub_point` = 0, `active_status` = 'no'
WHERE `user_id` = 'UVJ6L9';
INSERT INTO `inactive_history` (`user_id`, `commission_balance`, `amount`, `date`) VALUES ('UVJ6L9', '0', '50', '2025-04-28 00:05:19');
UPDATE `user_registration` SET `sub_point` = 0, `active_status` = 'no'
WHERE `user_id` = 'ULHSH2';
INSERT INTO `inactive_history` (`user_id`, `commission_balance`, `amount`, `date`) VALUES ('ULHSH2', '0', '150', '2025-04-28 00:05:19');
UPDATE `user_registration` SET `sub_point` = 0, `active_status` = 'no'
WHERE `user_id` = 'UT8WM5';
INSERT INTO `inactive_history` (`user_id`, `commission_balance`, `amount`, `date`) VALUES ('UT8WM5', '100', '150', '2025-04-28 00:05:19');
UPDATE `user_registration` SET `sub_point` = 0, `active_status` = 'no'
WHERE `user_id` = 'H1XYDK';
INSERT INTO `inactive_history` (`user_id`, `commission_balance`, `amount`, `date`) VALUES ('H1XYDK', '0', '50', '2025-04-28 00:05:20');
UPDATE `user_registration` SET `sub_point` = 0, `active_status` = 'no'
WHERE `user_id` = '3UFB1M';
INSERT INTO `inactive_history` (`user_id`, `commission_balance`, `amount`, `date`) VALUES ('3UFB1M', '100', '150', '2025-04-28 00:05:20');
UPDATE `user_registration` SET `sub_point` = 0, `active_status` = 'no'
WHERE `user_id` = '72W7M6';
INSERT INTO `inactive_history` (`user_id`, `commission_balance`, `amount`, `date`) VALUES ('72W7M6', '0', '50', '2025-04-28 00:05:21');
UPDATE `user_registration` SET `sub_point` = 0, `active_status` = 'no'
WHERE `user_id` = '8PK4HK';
INSERT INTO `inactive_history` (`user_id`, `commission_balance`, `amount`, `date`) VALUES ('8PK4HK', '0', '150', '2025-04-28 00:05:21');
UPDATE `user_registration` SET `sub_point` = 0, `active_status` = 'no'
WHERE `user_id` = 'LEOFNI';
INSERT INTO `inactive_history` (`user_id`, `commission_balance`, `amount`, `date`) VALUES ('LEOFNI', '0', '150', '2025-04-28 00:05:21');
UPDATE `user_registration` SET `sub_point` = 0, `active_status` = 'no'
WHERE `user_id` = '75X85X';
INSERT INTO `inactive_history` (`user_id`, `commission_balance`, `amount`, `date`) VALUES ('75X85X', '0', '50', '2025-04-28 00:05:22');
UPDATE `user_registration` SET `sub_point` = 0, `active_status` = 'no'
WHERE `user_id` = 'UC1QRN';
INSERT INTO `inactive_history` (`user_id`, `commission_balance`, `amount`, `date`) VALUES ('UC1QRN', '0', '150', '2025-04-28 00:05:22');
UPDATE `user_registration` SET `sub_point` = 0, `active_status` = 'no'
WHERE `user_id` = '7YU16B';
INSERT INTO `inactive_history` (`user_id`, `commission_balance`, `amount`, `date`) VALUES ('7YU16B', '0', '50', '2025-04-28 00:05:23');
UPDATE `user_registration` SET `sub_point` = 0, `active_status` = 'no'
WHERE `user_id` = 'OEM6F6';
INSERT INTO `inactive_history` (`user_id`, `commission_balance`, `amount`, `date`) VALUES ('OEM6F6', '0', '50', '2025-04-28 00:05:23');
UPDATE `user_registration` SET `sub_point` = 0, `active_status` = 'no'
WHERE `user_id` = 'XMN3MK';
INSERT INTO `inactive_history` (`user_id`, `commission_balance`, `amount`, `date`) VALUES ('XMN3MK', '0', '150', '2025-04-28 00:05:23');
UPDATE `user_registration` SET `sub_point` = 0, `active_status` = 'no'
WHERE `user_id` = '7SMFPM';
INSERT INTO `inactive_history` (`user_id`, `commission_balance`, `amount`, `date`) VALUES ('7SMFPM', '0', '50', '2025-04-28 00:05:24');
UPDATE `user_registration` SET `sub_point` = 0, `active_status` = 'no'
WHERE `user_id` = 'WS9KK9';
INSERT INTO `inactive_history` (`user_id`, `commission_balance`, `amount`, `date`) VALUES ('WS9KK9', '0', '150', '2025-04-28 00:05:25');
UPDATE `user_registration` SET `sub_point` = 0, `active_status` = 'no'
WHERE `user_id` = 'OHI8SE';
INSERT INTO `inactive_history` (`user_id`, `commission_balance`, `amount`, `date`) VALUES ('OHI8SE', '20', '150', '2025-04-28 00:05:25');
UPDATE `user_registration` SET `sub_point` = 0, `active_status` = 'no'
WHERE `user_id` = 'BJFCEM';
INSERT INTO `inactive_history` (`user_id`, `commission_balance`, `amount`, `date`) VALUES ('BJFCEM', '0', '50', '2025-04-28 00:05:26');
UPDATE `user_registration` SET `sub_point` = 0, `active_status` = 'no'
WHERE `user_id` = '9EDD8W';
INSERT INTO `inactive_history` (`user_id`, `commission_balance`, `amount`, `date`) VALUES ('9EDD8W', '0', '50', '2025-04-28 00:05:26');
UPDATE `user_registration` SET `sub_point` = 0, `active_status` = 'no'
WHERE `user_id` = '2QC8SK';
INSERT INTO `inactive_history` (`user_id`, `commission_balance`, `amount`, `date`) VALUES ('2QC8SK', '0', '150', '2025-04-28 00:05:26');
UPDATE `user_registration` SET `sub_point` = 0, `active_status` = 'no'
WHERE `user_id` = 'TOTNOR';
INSERT INTO `inactive_history` (`user_id`, `commission_balance`, `amount`, `date`) VALUES ('TOTNOR', '0', '50', '2025-04-28 00:05:27');
UPDATE `user_registration` SET `sub_point` = 0, `active_status` = 'no'
WHERE `user_id` = 'M2XFK7';
INSERT INTO `inactive_history` (`user_id`, `commission_balance`, `amount`, `date`) VALUES ('M2XFK7', '0', '150', '2025-04-28 00:05:27');
UPDATE `user_registration` SET `sub_point` = 0, `active_status` = 'no'
WHERE `user_id` = '82W7DS';
INSERT INTO `inactive_history` (`user_id`, `commission_balance`, `amount`, `date`) VALUES ('82W7DS', '0', '50', '2025-04-28 00:05:27');
UPDATE `user_registration` SET `sub_point` = 0, `active_status` = 'no'
WHERE `user_id` = '9T4ALJ';
INSERT INTO `inactive_history` (`user_id`, `commission_balance`, `amount`, `date`) VALUES ('9T4ALJ', '0', '150', '2025-04-28 00:05:28');
UPDATE `user_registration` SET `sub_point` = 0, `active_status` = 'no'
WHERE `user_id` = 'X5T3ZT';
INSERT INTO `inactive_history` (`user_id`, `commission_balance`, `amount`, `date`) VALUES ('X5T3ZT', '0', '150', '2025-04-28 00:05:28');
UPDATE `user_registration` SET `sub_point` = 0, `active_status` = 'no'
WHERE `user_id` = '4PJDWH';
INSERT INTO `inactive_history` (`user_id`, `commission_balance`, `amount`, `date`) VALUES ('4PJDWH', '0', '150', '2025-04-28 00:05:28');
UPDATE `user_registration` SET `sub_point` = 0, `active_status` = 'no'
WHERE `user_id` = 'XBYEND';
INSERT INTO `inactive_history` (`user_id`, `commission_balance`, `amount`, `date`) VALUES ('XBYEND', '0', '150', '2025-04-28 00:05:29');
UPDATE `user_registration` SET `sub_point` = 0, `active_status` = 'no'
WHERE `user_id` = '8R8YQG';
INSERT INTO `inactive_history` (`user_id`, `commission_balance`, `amount`, `date`) VALUES ('8R8YQG', '0', '150', '2025-04-28 00:05:29');
UPDATE `user_registration` SET `sub_point` = 0, `active_status` = 'no'
WHERE `user_id` = 'CN9O47';
INSERT INTO `inactive_history` (`user_id`, `commission_balance`, `amount`, `date`) VALUES ('CN9O47', '0', '150', '2025-04-28 00:05:30');
UPDATE `user_registration` SET `sub_point` = 0, `active_status` = 'no'
WHERE `user_id` = 'VZYEPG';
INSERT INTO `inactive_history` (`user_id`, `commission_balance`, `amount`, `date`) VALUES ('VZYEPG', '0', '150', '2025-04-28 00:05:30');
UPDATE `user_registration` SET `sub_point` = 0, `active_status` = 'no'
WHERE `user_id` = 'TB42PA';
INSERT INTO `inactive_history` (`user_id`, `commission_balance`, `amount`, `date`) VALUES ('TB42PA', '0', '150', '2025-04-28 00:05:31');
UPDATE `user_registration` SET `sub_point` = 0, `active_status` = 'no'
WHERE `user_id` = '2KPJZJ';
INSERT INTO `inactive_history` (`user_id`, `commission_balance`, `amount`, `date`) VALUES ('2KPJZJ', '0', '150', '2025-04-28 00:05:31');
UPDATE `user_registration` SET `sub_point` = 0, `active_status` = 'no'
WHERE `user_id` = '8634EF';
INSERT INTO `inactive_history` (`user_id`, `commission_balance`, `amount`, `date`) VALUES ('8634EF', '0', '150', '2025-04-28 00:05:32');
UPDATE `user_registration` SET `sub_point` = 0, `active_status` = 'no'
WHERE `user_id` = 'WNT6C4';
INSERT INTO `inactive_history` (`user_id`, `commission_balance`, `amount`, `date`) VALUES ('WNT6C4', '0', '150', '2025-04-28 00:05:32');
UPDATE `user_registration` SET `sub_point` = 0, `active_status` = 'no'
WHERE `user_id` = 'KYPLBN';
INSERT INTO `inactive_history` (`user_id`, `commission_balance`, `amount`, `date`) VALUES ('KYPLBN', '0', '150', '2025-04-28 00:05:32');
UPDATE `user_registration` SET `sub_point` = 0, `active_status` = 'no'
WHERE `user_id` = 'DLHC7V';
INSERT INTO `inactive_history` (`user_id`, `commission_balance`, `amount`, `date`) VALUES ('DLHC7V', '0', '150', '2025-04-28 00:05:33');
UPDATE `user_registration` SET `sub_point` = 0, `active_status` = 'no'
WHERE `user_id` = 'QXETAG';
INSERT INTO `inactive_history` (`user_id`, `commission_balance`, `amount`, `date`) VALUES ('QXETAG', '0', '150', '2025-04-28 00:05:33');
UPDATE `user_registration` SET `sub_point` = 0, `active_status` = 'no'
WHERE `user_id` = 'SX4SBY';
INSERT INTO `inactive_history` (`user_id`, `commission_balance`, `amount`, `date`) VALUES ('SX4SBY', '0', '150', '2025-04-28 00:05:34');
UPDATE `user_registration` SET `sub_point` = 0, `active_status` = 'no'
WHERE `user_id` = 'L84ITK';
INSERT INTO `inactive_history` (`user_id`, `commission_balance`, `amount`, `date`) VALUES ('L84ITK', '0', '150', '2025-04-28 00:05:35');
UPDATE `user_registration` SET `sub_point` = 0, `active_status` = 'no'
WHERE `user_id` = '6UFXJY';
INSERT INTO `inactive_history` (`user_id`, `commission_balance`, `amount`, `date`) VALUES ('6UFXJY', '0', '150', '2025-04-28 00:05:35');
UPDATE `user_registration` SET `sub_point` = 0, `active_status` = 'no'
WHERE `user_id` = '6FI4ND';
INSERT INTO `inactive_history` (`user_id`, `commission_balance`, `amount`, `date`) VALUES ('6FI4ND', '0', '150', '2025-04-28 00:05:35');
UPDATE `user_registration` SET commission_balance = ROUND(commission_balance - ,2)
WHERE `user_id` = 'TWFV38';
INSERT INTO `sub_history` (`user_id`, `package_id`, `amount`, `payment_method`, `date`) VALUES ('TWFV38', '0', NULL, 'Ewallet', '2025-04-28 00:05:36');
UPDATE `user_registration` SET sub_point = ROUND(sub_point + 50,2)
WHERE `user_id` = 'TWFV38';
INSERT INTO `investment` (`invest_date`, `user_id`, `type`, `amount`, `package_id`) VALUES ('2025-04-28 00:05:36', 'TWFV38', 'subscription', '50', '0');
UPDATE `user_registration` SET total_points = ROUND(total_points + 50,2)
WHERE `user_id` = 'TWFV38';
INSERT INTO `points_history` (`user_id`, `points`, `type`, `date`) VALUES ('TWFV38', '50', 'subscription', '2025-04-28 00:05:');
UPDATE `user_registration` SET `subscription_date` = '2025-05-28', `active_status` = 'yes'
WHERE `user_id` = 'TWFV38';
UPDATE `cron_job_history` SET `status` = 'done', `date_end` = '2025-04-28 00:05:36'
WHERE `id` = 351;
INSERT INTO `login_history` (`user_id`, `device`, `ip_address`, `date`) VALUES ('UQO7EQ', 'Mozilla/5.0 (Linux; Android 10; K) AppleWebKit/537.36 (KHTML, like Gecko) Chrome/131.0.0.0 Mobile Safari/537.36', '108.162.210.220', '25-04-28 00:27');
UPDATE `user_registration` SET `popup_seen` = 'yes'
WHERE `user_id` = 'UQO7EQ';
UPDATE `user_registration` SET `popup_seen` = 'yes'
WHERE `user_id` = 'UQO7EQ';
UPDATE `user_registration` SET `popup_seen` = 'no'
WHERE `user_id` = 'UQO7EQ';
DELETE FROM `ci_sessions`
WHERE `id` = 'f6cf16040b9b777785604906d9055182f0ff07ae';
INSERT INTO `login_history` (`user_id`, `device`, `ip_address`, `date`) VALUES ('UQO7EQ', 'Mozilla/5.0 (Linux; Android 10; K) AppleWebKit/537.36 (KHTML, like Gecko) Chrome/131.0.0.0 Mobile Safari/537.36', '172.70.55.102', '25-04-28 05:31');
UPDATE `user_registration` SET `popup_seen` = 'yes'
WHERE `user_id` = 'UQO7EQ';
UPDATE `user_registration` SET `popup_seen` = 'no'
WHERE `user_id` = 'UQO7EQ';
DELETE FROM `ci_sessions`
WHERE `id` = '0ed7fd27519f60fe5a52b5b494b2a0f690d8cdd5';
INSERT INTO `login_history` (`user_id`, `device`, `ip_address`, `date`) VALUES ('8PK4HK', 'Mozilla/5.0 (Windows NT 10.0; Win64; x64) AppleWebKit/537.36 (KHTML, like Gecko) Chrome/109.0.0.0 Safari/537.36', '172.68.12.95', '25-04-28 06:04');
UPDATE `user_registration` SET `popup_seen` = 'yes'
WHERE `user_id` = '8PK4HK';
UPDATE `user_registration` SET `language` = 'english'
WHERE `user_id` = '8PK4HK';
UPDATE `user_registration` SET `popup_seen` = 'yes'
WHERE `user_id` = '8PK4HK';
UPDATE `user_registration` SET `popup_seen` = 'no'
WHERE `user_id` = '8PK4HK';
DELETE FROM `ci_sessions`
WHERE `id` = 'cb62af2e9c0589ae03409812ebf1cd159f94fa26';
INSERT INTO `login_history` (`user_id`, `device`, `ip_address`, `date`) VALUES ('OMGB4G', 'Mozilla/5.0 (Windows NT 10.0; Win64; x64) AppleWebKit/537.36 (KHTML, like Gecko) Chrome/109.0.0.0 Safari/537.36', '172.70.83.95', '25-04-28 06:07');
UPDATE `user_registration` SET `popup_seen` = 'yes'
WHERE `user_id` = 'OMGB4G';
UPDATE `user_registration` SET `popup_seen` = 'no'
WHERE `user_id` = 'OMGB4G';
DELETE FROM `ci_sessions`
WHERE `id` = '3399b957869ab95ec0e9ed9a44f289ab28efd70b';
UPDATE `ci_sessions` SET `timestamp` = 1745841199, `data` = '__ci_last_regenerate|i:1745841199;captcha|s:4:\"6ttr\";'
WHERE `id` = 'f52004010af0d99d1666422b5548502bd8189df6';
INSERT INTO `login_history` (`user_id`, `device`, `ip_address`, `date`) VALUES ('2RSJNO', 'Mozilla/5.0 (iPhone; CPU iPhone OS 18_3_2 like Mac OS X) AppleWebKit/605.1.15 (KHTML, like Gecko) GSA/365.1.750410080 Mobile/15E148 Safari/604.1', '172.70.254.66', '25-04-28 06:53');
UPDATE `user_registration` SET `popup_seen` = 'yes'
WHERE `user_id` = '2RSJNO';
UPDATE `ci_sessions` SET `timestamp` = 1745843498, `data` = '__ci_last_regenerate|i:1745843498;id|s:4:\"2190\";user_id|s:6:\"2RSJNO\";username|s:8:\"yoel0221\";sponsor_id|s:6:\"QJ5U9C\";fullname|s:16:\"Yoel Ramos Gomez\";email|s:19:\"yoel21272@gmail.com\";phone|s:10:\"3053050150\";isLogIn|b:1;'
WHERE `id` = 'a7008b6b274f9fc62fc0e1823bdad26899aa1354';
UPDATE `user_registration` SET `popup_seen` = 'yes'
WHERE `user_id` = '2RSJNO';
UPDATE `user_registration` SET `popup_seen` = 'yes'
WHERE `user_id` = '2RSJNO';
UPDATE `user_registration` SET `popup_seen` = 'yes'
WHERE `user_id` = '2RSJNO';
INSERT INTO `login_history` (`user_id`, `device`, `ip_address`, `date`) VALUES ('UQO7EQ', 'Mozilla/5.0 (Windows NT 10.0; Win64; x64) AppleWebKit/537.36 (KHTML, like Gecko) Chrome/135.0.0.0 Safari/537.36', '172.68.12.79', '25-04-28 08:17');
UPDATE `user_registration` SET `popup_seen` = 'yes'
WHERE `user_id` = 'UQO7EQ';
UPDATE `user_registration` SET `popup_seen` = 'no'
WHERE `user_id` = 'UQO7EQ';
DELETE FROM `ci_sessions`
WHERE `id` = 'cff488de593a6a1611a07661073dd159e1614f47';
INSERT INTO `login_history` (`user_id`, `device`, `ip_address`, `date`) VALUES ('AABG7W', 'Mozilla/5.0 (Linux; Android 10; K) AppleWebKit/537.36 (KHTML, like Gecko) Chrome/135.0.0.0 Mobile Safari/537.36', '172.68.12.133', '25-04-28 08:20');
UPDATE `user_registration` SET `popup_seen` = 'yes'
WHERE `user_id` = 'AABG7W';
INSERT INTO `login_history` (`user_id`, `device`, `ip_address`, `date`) VALUES ('2HKNYD', 'Mozilla/5.0 (iPad; CPU OS 18_4_1 like Mac OS X) AppleWebKit/605.1.15 (KHTML, like Gecko) GSA/365.1.750410080 Mobile/15E148 Safari/604.1', '172.70.255.248', '25-04-28 08:28');
UPDATE `user_registration` SET `popup_seen` = 'yes'
WHERE `user_id` = '2HKNYD';
INSERT INTO `login_history` (`user_id`, `device`, `ip_address`, `date`) VALUES ('U7SMZ8', 'Mozilla/5.0 (Macintosh; Intel Mac OS X 10_15_7) AppleWebKit/605.1.15 (KHTML, like Gecko) Version/17.6 Safari/605.1.15', '172.68.7.163', '25-04-28 08:32');
UPDATE `user_registration` SET `popup_seen` = 'yes'
WHERE `user_id` = 'U7SMZ8';
UPDATE `user_registration` SET `popup_seen` = 'yes'
WHERE `user_id` = 'U7SMZ8';
UPDATE `user_registration` SET `popup_seen` = 'no'
WHERE `user_id` = 'U7SMZ8';
DELETE FROM `ci_sessions`
WHERE `id` = '82356b21f742a03be75ff722117e6be23f48da79';
INSERT INTO `login_history` (`user_id`, `device`, `ip_address`, `date`) VALUES ('2HKNYD', 'Mozilla/5.0 (iPhone; CPU iPhone OS 18_4_1 like Mac OS X) AppleWebKit/605.1.15 (KHTML, like Gecko) GSA/365.1.750410080 Mobile/15E148 Safari/604.1', '172.68.12.55', '25-04-28 08:39');
UPDATE `user_registration` SET `popup_seen` = 'yes'
WHERE `user_id` = '2HKNYD';
UPDATE `ci_sessions` SET `timestamp` = 1745847899, `data` = '__ci_last_regenerate|i:1745847899;id|s:4:\"2308\";user_id|s:6:\"2HKNYD\";username|s:8:\"Denito15\";sponsor_id|s:6:\"OTZTS5\";fullname|s:14:\"Arlene  Ripoll\";email|s:23:\"ripollarlene0@gmail.com\";phone|s:10:\"7868398461\";isLogIn|b:1;'
WHERE `id` = '472e7c028ce858347cc910ce8a86edba6459297d';
UPDATE `ci_sessions` SET `timestamp` = 1745847945, `data` = '__ci_last_regenerate|i:1745847945;id|s:4:\"2057\";user_id|s:6:\"AABG7W\";username|s:10:\"freeurlife\";sponsor_id|s:6:\"UQO7EQ\";fullname|s:12:\"Lesli Andreu\";email|s:21:\"cranbarrier@gmail.com\";phone|s:10:\"7864171626\";isLogIn|b:1;'
WHERE `id` = 'df5ef2c840d05a448349ed57eba160b9d6e391f7';
UPDATE `user_registration` SET `popup_seen` = 'yes'
WHERE `user_id` = 'AABG7W';
INSERT INTO `login_history` (`user_id`, `device`, `ip_address`, `date`) VALUES ('8PK4HK', 'Mozilla/5.0 (Windows NT 10.0; Win64; x64) AppleWebKit/537.36 (KHTML, like Gecko) Chrome/109.0.0.0 Safari/537.36', '172.70.255.17', '25-04-28 08:50');
UPDATE `user_registration` SET `popup_seen` = 'yes'
WHERE `user_id` = '8PK4HK';
INSERT INTO `login_history` (`user_id`, `device`, `ip_address`, `date`) VALUES ('JHRDHS', 'Mozilla/5.0 (iPhone; CPU iPhone OS 18_4_1 like Mac OS X) AppleWebKit/605.1.15 (KHTML, like Gecko) Version/18.4 Mobile/15E148 Safari/604.1', '172.69.132.205', '25-04-28 08:51');
UPDATE `user_registration` SET `popup_seen` = 'yes'
WHERE `user_id` = 'JHRDHS';
INSERT INTO `temp_register` (`post_data`, `date`, `payment_method`, `type`) VALUES ('{\"user_id\":\"8PK4HK\",\"package_id\":\"2\",\"amount\":\"150\",\"payment_method\":\"stripe\",\"date\":\"2025-04-28 08:51:21\"}', '2025-04-28 08:51:21', 'stripe', 'renew');
INSERT INTO `login_history` (`user_id`, `device`, `ip_address`, `date`) VALUES ('AABG7W', 'Mozilla/5.0 (X11; Linux x86_64) AppleWebKit/537.36 (KHTML, like Gecko) Chrome/135.0.0.0 Safari/537.36', '172.68.7.160', '25-04-28 08:52');
UPDATE `user_registration` SET `popup_seen` = 'yes'
WHERE `user_id` = 'AABG7W';
UPDATE `temp_register` SET `response` = '{\"stripeToken\":\"tok_1RIs6t2NUoYUjiuuyEE8mD2a\",\"stripeTokenType\":\"card\",\"stripeEmail\":\"romandebora44@gmail.com\"}', `date_modified` = '2025-04-28 08:52:44', `payment_status` = '{\"id\":\"ch_3RIs6y2NUoYUjiuu1rnEPA8s\",\"object\":\"charge\",\"amount\":15000,\"amount_captured\":15000,\"amount_refunded\":0,\"application\":null,\"application_fee\":null,\"application_fee_amount\":null,\"balance_transaction\":\"txn_3RIs6y2NUoYUjiuu1qrGoOgd\",\"billing_details\":{\"address\":{\"city\":null,\"country\":null,\"line1\":null,\"line2\":null,\"postal_code\":null,\"state\":null},\"email\":null,\"name\":\"romandebora44@gmail.com\",\"phone\":null,\"tax_id\":null},\"calculated_statement_descriptor\":\"TRAVELEGENDCY LLC\",\"captured\":true,\"created\":1745848364,\"currency\":\"usd\",\"customer\":\"cus_SDIigx1Ycz6dYT\",\"description\":null,\"destination\":null,\"dispute\":null,\"disputed\":false,\"failure_balance_transaction\":null,\"failure_code\":null,\"failure_message\":null,\"fraud_details\":[],\"invoice\":null,\"livemode\":true,\"metadata\":{\"name\":\"Roman Debora\",\"username\":\"Dian96\"},\"on_behalf_of\":null,\"order\":null,\"outcome\":{\"advice_code\":null,\"network_advice_code\":null,\"network_decline_code\":null,\"network_status\":\"approved_by_network\",\"reason\":null,\"risk_level\":\"normal\",\"seller_message\":\"Payment complete.\",\"type\":\"authorized\"},\"paid\":true,\"payment_intent\":null,\"payment_method\":\"card_1RIs6t2NUoYUjiuuJCZ0zSf3\",\"payment_method_details\":{\"card\":{\"amount_authorized\":15000,\"authorization_code\":\"101088\",\"brand\":\"visa\",\"checks\":{\"address_line1_check\":null,\"address_postal_code_check\":null,\"cvc_check\":\"pass\"},\"country\":\"US\",\"exp_month\":11,\"exp_year\":2027,\"extended_authorization\":{\"status\":\"disabled\"},\"fingerprint\":\"36WdtwpBON42tRFC\",\"funding\":\"debit\",\"incremental_authorization\":{\"status\":\"unavailable\"},\"installments\":null,\"last4\":\"0190\",\"mandate\":null,\"multicapture\":{\"status\":\"unavailable\"},\"network\":\"visa\",\"network_token\":{\"used\":false},\"network_transaction_id\":\"465118499647879\",\"overcapture\":{\"maximum_amount_capturable\":15000,\"status\":\"unavailable\"},\"regulated_status\":\"regulated\",\"three_d_secure\":null,\"wallet\":null},\"type\":\"card\"},\"receipt_email\":null,\"receipt_number\":null,\"receipt_url\":\"https:\\/\\/pay.stripe.com\\/receipts\\/payment\\/CAcQARoXChVhY2N0XzFRUEFGdjJOVW9ZVWppdXUorZC-wAYyBm48HygwdjosFuae33e2PlGWMWn0SPM7q0tVJ4yGH9vUAkqov43GtDUx92eK3vlNBBUIws4\",\"refunded\":false,\"review\":null,\"shipping\":null,\"source\":{\"id\":\"card_1RIs6t2NUoYUjiuuJCZ0zSf3\",\"object\":\"card\",\"address_city\":null,\"address_country\":null,\"address_line1\":null,\"address_line1_check\":null,\"address_line2\":null,\"address_state\":null,\"address_zip\":null,\"address_zip_check\":null,\"allow_redisplay\":\"unspecified\",\"brand\":\"Visa\",\"country\":\"US\",\"customer\":\"cus_SDIigx1Ycz6dYT\",\"cvc_check\":\"pass\",\"dynamic_last4\":null,\"exp_month\":11,\"exp_year\":2027,\"fingerprint\":\"36WdtwpBON42tRFC\",\"funding\":\"debit\",\"last4\":\"0190\",\"metadata\":[],\"name\":\"romandebora44@gmail.com\",\"regulated_status\":\"regulated\",\"tokenization_method\":null,\"wallet\":null},\"source_transfer\":null,\"statement_descriptor\":null,\"statement_descriptor_suffix\":null,\"status\":\"succeeded\",\"transfer_data\":null,\"transfer_group\":null}'
WHERE `id` = 354;
INSERT INTO `sub_history` (`user_id`, `package_id`, `amount`, `payment_method`, `date`) VALUES ('8PK4HK', '2', '150', 'Stripe', '2025-04-28 08:52:44');
UPDATE `user_registration` SET sub_point = ROUND(sub_point + 150,2)
WHERE `user_id` = '8PK4HK';
INSERT INTO `investment` (`invest_date`, `user_id`, `type`, `amount`, `package_id`) VALUES ('2025-04-28 08:52:44', '8PK4HK', 'subscription', '150', '2');
UPDATE `user_registration` SET total_points = ROUND(total_points + 150,2)
WHERE `user_id` = '8PK4HK';
INSERT INTO `points_history` (`user_id`, `points`, `type`, `date`) VALUES ('8PK4HK', '150', 'subscription', '2025-04-28 08:52:');
UPDATE `bv_updation` SET right_carry = right_carry+150, total_right = total_right+150
WHERE `user_id` = 'ULHSH2';
INSERT INTO `placement_bv_update_history` (`right_carry`, `date`, `from_id`, `user_id`) VALUES ('150', '2025-04-28 08:52:44', '8PK4HK', 'ULHSH2');
UPDATE `bv_updation` SET sponsor_right_carry = sponsor_right_carry+150, sponsor_total_right = sponsor_total_right+150
WHERE `user_id` = 'ULHSH2';
INSERT INTO `sponsor_bv_update_history` (`right_carry`, `date`, `user_id`) VALUES ('150', '2025-04-28 08:52:44', 'ULHSH2');
UPDATE `bv_updation` SET right_carry = right_carry+150, total_right = total_right+150
WHERE `user_id` = 'OMGB4G';
INSERT INTO `placement_bv_update_history` (`right_carry`, `date`, `from_id`, `user_id`) VALUES ('150', '2025-04-28 08:52:44', '8PK4HK', 'OMGB4G');
UPDATE `bv_updation` SET left_carry = left_carry+150, total_left = total_left+150
WHERE `user_id` = 'WDEXJT';
INSERT INTO `placement_bv_update_history` (`left_carry`, `date`, `from_id`, `user_id`) VALUES ('150', '2025-04-28 08:52:44', '8PK4HK', 'WDEXJT');
UPDATE `bv_updation` SET left_carry = left_carry+150, total_left = total_left+150
WHERE `user_id` = 'JIL8K9';
INSERT INTO `placement_bv_update_history` (`left_carry`, `date`, `from_id`, `user_id`) VALUES ('150', '2025-04-28 08:52:44', '8PK4HK', 'JIL8K9');
UPDATE `user_registration` SET `cycle_rank_id` = '1'
WHERE `user_id` = 'JIL8K9';
INSERT INTO `rank_history` (`rank_id`, `user_id`, `name`, `bv`, `date`, `amount`, `type`) VALUES ('1', 'JIL8K9', 'Affiliate', '0', '2025-04-28 08:52:44', '0', 'auto');
UPDATE `bv_updation` SET left_carry = left_carry+150, total_left = total_left+150
WHERE `user_id` = 'U7SMZ8';
INSERT INTO `placement_bv_update_history` (`left_carry`, `date`, `from_id`, `user_id`) VALUES ('150', '2025-04-28 08:52:44', '8PK4HK', 'U7SMZ8');
UPDATE `user_registration` SET `cycle_rank_id` = '1'
WHERE `user_id` = 'U7SMZ8';
INSERT INTO `rank_history` (`rank_id`, `user_id`, `name`, `bv`, `date`, `amount`, `type`) VALUES ('1', 'U7SMZ8', 'Affiliate', '0', '2025-04-28 08:52:44', '0', 'auto');
UPDATE `bv_updation` SET right_carry = right_carry+150, total_right = total_right+150
WHERE `user_id` = 'AABG7W';
INSERT INTO `placement_bv_update_history` (`right_carry`, `date`, `from_id`, `user_id`) VALUES ('150', '2025-04-28 08:52:45', '8PK4HK', 'AABG7W');
UPDATE `user_registration` SET `cycle_rank_id` = '1'
WHERE `user_id` = 'AABG7W';
INSERT INTO `rank_history` (`rank_id`, `user_id`, `name`, `bv`, `date`, `amount`, `type`) VALUES ('1', 'AABG7W', 'Affiliate', '0', '2025-04-28 08:52:45', '0', 'auto');
UPDATE `bv_updation` SET right_carry = right_carry+150, total_right = total_right+150
WHERE `user_id` = '3ZDIFO';
INSERT INTO `placement_bv_update_history` (`right_carry`, `date`, `from_id`, `user_id`) VALUES ('150', '2025-04-28 08:52:45', '8PK4HK', '3ZDIFO');
UPDATE `bv_updation` SET right_carry = right_carry+150, total_right = total_right+150
WHERE `user_id` = 'UQO7EQ';
INSERT INTO `placement_bv_update_history` (`right_carry`, `date`, `from_id`, `user_id`) VALUES ('150', '2025-04-28 08:52:45', '8PK4HK', 'UQO7EQ');
UPDATE `user_registration` SET `cycle_rank_id` = '2'
WHERE `user_id` = 'UQO7EQ';
INSERT INTO `rank_history` (`rank_id`, `user_id`, `name`, `bv`, `date`, `amount`, `type`) VALUES ('2', 'UQO7EQ', 'Associate', '1200', '2025-04-28 08:52:45', '100', 'auto');
UPDATE `bv_updation` SET left_carry = left_carry+150, total_left = total_left+150
WHERE `user_id` = 'N6GZAE';
INSERT INTO `placement_bv_update_history` (`left_carry`, `date`, `from_id`, `user_id`) VALUES ('150', '2025-04-28 08:52:45', '8PK4HK', 'N6GZAE');
UPDATE `user_registration` SET `cycle_rank_id` = '1'
WHERE `user_id` = 'N6GZAE';
INSERT INTO `rank_history` (`rank_id`, `user_id`, `name`, `bv`, `date`, `amount`, `type`) VALUES ('1', 'N6GZAE', 'Affiliate', '0', '2025-04-28 08:52:45', '0', 'auto');
UPDATE `bv_updation` SET left_carry = left_carry+150, total_left = total_left+150
WHERE `user_id` = '4E1CRI';
INSERT INTO `placement_bv_update_history` (`left_carry`, `date`, `from_id`, `user_id`) VALUES ('150', '2025-04-28 08:52:45', '8PK4HK', '4E1CRI');
UPDATE `bv_updation` SET left_carry = left_carry+150, total_left = total_left+150
WHERE `user_id` = 'SJBNYJ';
INSERT INTO `placement_bv_update_history` (`left_carry`, `date`, `from_id`, `user_id`) VALUES ('150', '2025-04-28 08:52:45', '8PK4HK', 'SJBNYJ');
UPDATE `user_registration` SET `cycle_rank_id` = '1'
WHERE `user_id` = 'SJBNYJ';
INSERT INTO `rank_history` (`rank_id`, `user_id`, `name`, `bv`, `date`, `amount`, `type`) VALUES ('1', 'SJBNYJ', 'Affiliate', '0', '2025-04-28 08:52:45', '0', 'auto');
UPDATE `bv_updation` SET left_carry = left_carry+150, total_left = total_left+150
WHERE `user_id` = '44B9Y4';
INSERT INTO `placement_bv_update_history` (`left_carry`, `date`, `from_id`, `user_id`) VALUES ('150', '2025-04-28 08:52:45', '8PK4HK', '44B9Y4');
UPDATE `user_registration` SET `cycle_rank_id` = '1'
WHERE `user_id` = '44B9Y4';
INSERT INTO `rank_history` (`rank_id`, `user_id`, `name`, `bv`, `date`, `amount`, `type`) VALUES ('1', '44B9Y4', 'Affiliate', '0', '2025-04-28 08:52:45', '0', 'auto');
UPDATE `bv_updation` SET right_carry = right_carry+150, total_right = total_right+150
WHERE `user_id` = 'admin';
INSERT INTO `placement_bv_update_history` (`right_carry`, `date`, `from_id`, `user_id`) VALUES ('150', '2025-04-28 08:52:46', '8PK4HK', 'admin');
UPDATE `user_registration` SET `cycle_rank_id` = '1'
WHERE `user_id` = 'admin';
INSERT INTO `rank_history` (`rank_id`, `user_id`, `name`, `bv`, `date`, `amount`, `type`) VALUES ('1', 'admin', 'Affiliate', '0', '2025-04-28 08:52:46', '0', 'auto');
UPDATE `user_registration` SET `subscription_date` = '2025-05-28', `active_status` = 'yes'
WHERE `user_id` = '8PK4HK';
UPDATE `user_registration` SET `popup_seen` = 'yes'
WHERE `user_id` = '8PK4HK';
UPDATE `ci_sessions` SET `timestamp` = 1745848455, `data` = '__ci_last_regenerate|i:1745848455;id|s:4:\"2057\";user_id|s:6:\"AABG7W\";username|s:10:\"freeurlife\";sponsor_id|s:6:\"UQO7EQ\";fullname|s:12:\"Lesli Andreu\";email|s:21:\"cranbarrier@gmail.com\";phone|s:10:\"7864171626\";isLogIn|b:1;'
WHERE `id` = 'ad42713d2a3b962698e8215cc00b905881a49076';
UPDATE `user_registration` SET `popup_seen` = 'yes'
WHERE `user_id` = '8PK4HK';
UPDATE `user_registration` SET `popup_seen` = 'yes'
WHERE `user_id` = '8PK4HK';
UPDATE `user_registration` SET `popup_seen` = 'yes'
WHERE `user_id` = 'AABG7W';
UPDATE `ci_sessions` SET `timestamp` = 1745848533, `data` = '__ci_last_regenerate|i:1745848533;id|s:4:\"2308\";user_id|s:6:\"2HKNYD\";username|s:8:\"Denito15\";sponsor_id|s:6:\"OTZTS5\";fullname|s:14:\"Arlene  Ripoll\";email|s:23:\"ripollarlene0@gmail.com\";phone|s:10:\"7868398461\";isLogIn|b:1;message|s:22:\"Welcome Arlene  Ripoll\";__ci_vars|a:1:{s:7:\"message\";s:3:\"old\";}'
WHERE `id` = '0dd00b6ea0bbad97106c37879d97f6d465e095f7';
UPDATE `user_registration` SET `popup_seen` = 'yes'
WHERE `user_id` = '2HKNYD';
UPDATE `ci_sessions` SET `timestamp` = 1745848563, `data` = '__ci_last_regenerate|i:1745848563;id|s:4:\"2127\";user_id|s:6:\"8PK4HK\";username|s:6:\"Dian96\";sponsor_id|s:6:\"ULHSH2\";fullname|s:12:\"Roman Debora\";email|s:23:\"romandebora44@gmail.com\";phone|s:10:\"7865695129\";isLogIn|b:1;'
WHERE `id` = '4e74b685bfcdc2a71046d42b1f66430bdf1fc7f3';
UPDATE `user_registration` SET `language` = 'spanish'
WHERE `user_id` = '8PK4HK';
UPDATE `user_registration` SET `popup_seen` = 'yes'
WHERE `user_id` = '8PK4HK';
UPDATE `ci_sessions` SET `timestamp` = 1745848793, `data` = '__ci_last_regenerate|i:1745848793;id|s:4:\"2071\";user_id|s:6:\"JHRDHS\";username|s:7:\"mbecena\";sponsor_id|s:6:\"CVVK4C\";fullname|s:12:\"Maria Becena\";email|s:21:\"mbecena@bellsouth.net\";phone|s:10:\"7862360387\";isLogIn|b:1;message|s:20:\"Welcome Maria Becena\";__ci_vars|a:1:{s:7:\"message\";s:3:\"old\";}'
WHERE `id` = 'd8872f554b02b98b4b924740bb28b30e605f54b2';
UPDATE `user_registration` SET `popup_seen` = 'yes'
WHERE `user_id` = 'JHRDHS';
UPDATE `ci_sessions` SET `timestamp` = 1745849234, `data` = '__ci_last_regenerate|i:1745849234;id|s:4:\"2308\";user_id|s:6:\"2HKNYD\";username|s:8:\"Denito15\";sponsor_id|s:6:\"OTZTS5\";fullname|s:14:\"Arlene  Ripoll\";email|s:23:\"ripollarlene0@gmail.com\";phone|s:10:\"7868398461\";isLogIn|b:1;'
WHERE `id` = '849a95cfe3f11c395d6304efc22233854bc4c1a1';
UPDATE `user_registration` SET `popup_seen` = 'yes'
WHERE `user_id` = '2HKNYD';
UPDATE `ci_sessions` SET `timestamp` = 1745849235, `data` = '__ci_last_regenerate|i:1745849235;id|s:4:\"2127\";user_id|s:6:\"8PK4HK\";username|s:6:\"Dian96\";sponsor_id|s:6:\"ULHSH2\";fullname|s:12:\"Roman Debora\";email|s:23:\"romandebora44@gmail.com\";phone|s:10:\"7865695129\";isLogIn|b:1;'
WHERE `id` = 'f5ae438084bc6a70baae0072b548067e11d53b84';
UPDATE `user_registration` SET `popup_seen` = 'yes'
WHERE `user_id` = '8PK4HK';
UPDATE `user_registration` SET `popup_seen` = 'yes'
WHERE `user_id` = '8PK4HK';
UPDATE `user_registration` SET `popup_seen` = 'yes'
WHERE `user_id` = '8PK4HK';
UPDATE `user_registration` SET `popup_seen` = 'yes'
WHERE `user_id` = '8PK4HK';
UPDATE `user_registration` SET `popup_seen` = 'yes'
WHERE `user_id` = '8PK4HK';
UPDATE `user_registration` SET `popup_seen` = 'no'
WHERE `user_id` = '8PK4HK';
DELETE FROM `ci_sessions`
WHERE `id` = 'd709500207bf64d0e68d50b38c684ee4f246c61f';
INSERT INTO `login_history` (`user_id`, `device`, `ip_address`, `date`) VALUES ('OMGB4G', 'Mozilla/5.0 (Windows NT 10.0; Win64; x64) AppleWebKit/537.36 (KHTML, like Gecko) Chrome/109.0.0.0 Safari/537.36', '172.70.82.83', '25-04-28 09:10');
UPDATE `user_registration` SET `popup_seen` = 'yes'
WHERE `user_id` = 'OMGB4G';
INSERT INTO `login_history` (`user_id`, `device`, `ip_address`, `date`) VALUES ('4VE7D1', 'Mozilla/5.0 (iPhone; CPU iPhone OS 18_3_2 like Mac OS X) AppleWebKit/605.1.15 (KHTML, like Gecko) Version/18.3.1 Mobile/15E148 Safari/604.1', '172.68.7.17', '25-04-28 09:11');
UPDATE `user_registration` SET `popup_seen` = 'yes'
WHERE `user_id` = '4VE7D1';
UPDATE `user_registration` SET `popup_seen` = 'yes'
WHERE `user_id` = 'OMGB4G';
UPDATE `ci_sessions` SET `timestamp` = 1745849813, `data` = '__ci_last_regenerate|i:1745849813;id|s:4:\"2270\";user_id|s:6:\"4VE7D1\";username|s:9:\"Ibarzabal\";sponsor_id|s:6:\"JHRDHS\";fullname|s:24:\"Carousel Barber Shop Inc\";email|s:24:\"frankibarzabal@gmail.com\";phone|s:10:\"7862307398\";isLogIn|b:1;message|s:32:\"Welcome Carousel Barber Shop Inc\";__ci_vars|a:1:{s:7:\"message\";s:3:\"old\";}'
WHERE `id` = '80db2a353a2dcee6683731e03a5823e3f0a6169a';
UPDATE `user_registration` SET `popup_seen` = 'yes'
WHERE `user_id` = '4VE7D1';
UPDATE `ci_sessions` SET `timestamp` = 1745849924, `data` = '__ci_last_regenerate|i:1745849924;id|s:4:\"2102\";user_id|s:6:\"OMGB4G\";username|s:8:\"Debora68\";sponsor_id|s:6:\"U7SMZ8\";fullname|s:11:\"Ania Debora\";email|s:21:\"aniadebora8@gmail.com\";phone|s:10:\"3057261484\";isLogIn|b:1;'
WHERE `id` = '74c238215a2fe7d3b44d0d47a026555dc8ca7202';
UPDATE `ci_sessions` SET `timestamp` = 1745850229, `data` = '__ci_last_regenerate|i:1745850229;id|s:4:\"2102\";user_id|s:6:\"OMGB4G\";username|s:8:\"Debora68\";sponsor_id|s:6:\"U7SMZ8\";fullname|s:11:\"Ania Debora\";email|s:21:\"aniadebora8@gmail.com\";phone|s:10:\"3057261484\";isLogIn|b:1;'
WHERE `id` = '78a88b29cdecf22d2ea5fcc3302d0ff7f5c3c6a8';
UPDATE `user_registration` SET `popup_seen` = 'yes'
WHERE `user_id` = 'OMGB4G';
UPDATE `user_registration` SET `popup_seen` = 'yes'
WHERE `user_id` = 'OMGB4G';
UPDATE `user_registration` SET `popup_seen` = 'yes'
WHERE `user_id` = 'OMGB4G';
UPDATE `user_registration` SET `popup_seen` = 'no'
WHERE `user_id` = 'OMGB4G';
DELETE FROM `ci_sessions`
WHERE `id` = 'd5620ed19076e1c984fe24bfbc9df1bd59bbad43';
INSERT INTO `login_history` (`user_id`, `device`, `ip_address`, `date`) VALUES ('44B9Y4', 'Mozilla/5.0 (X11; Linux x86_64) AppleWebKit/537.36 (KHTML, like Gecko) Chrome/135.0.0.0 Safari/537.36', '172.69.132.204', '25-04-28 09:35');
UPDATE `user_registration` SET `popup_seen` = 'yes'
WHERE `user_id` = '44B9Y4';
UPDATE `user_registration` SET `popup_seen` = 'yes'
WHERE `user_id` = '44B9Y4';
UPDATE `user_registration` SET `popup_seen` = 'yes'
WHERE `user_id` = '44B9Y4';
UPDATE `user_registration` SET `popup_seen` = 'yes'
WHERE `user_id` = '44B9Y4';
UPDATE `user_registration` SET `popup_seen` = 'yes'
WHERE `user_id` = '44B9Y4';
UPDATE `user_registration` SET `popup_seen` = 'yes'
WHERE `user_id` = '44B9Y4';
UPDATE `user_registration` SET `popup_seen` = 'yes'
WHERE `user_id` = '44B9Y4';
UPDATE `user_registration` SET `popup_seen` = 'yes'
WHERE `user_id` = '44B9Y4';
UPDATE `user_registration` SET `popup_seen` = 'yes'
WHERE `user_id` = '44B9Y4';
UPDATE `user_registration` SET `popup_seen` = 'yes'
WHERE `user_id` = '44B9Y4';
UPDATE `admin` SET `last_login` = '2025-04-28 09:47:38', `ip_address` = '172.68.12.142'
WHERE `id` = '1';
UPDATE `ci_sessions` SET `timestamp` = 1745851735, `data` = '__ci_last_regenerate|i:1745851735;id|s:4:\"2071\";user_id|s:6:\"JHRDHS\";username|s:7:\"mbecena\";sponsor_id|s:6:\"CVVK4C\";fullname|s:12:\"Maria Becena\";email|s:21:\"mbecena@bellsouth.net\";phone|s:10:\"7862360387\";isLogIn|b:1;'
WHERE `id` = 'fb3b9d0353d5655f5106f52ff7d5ef5ee2bda86d';
UPDATE `user_registration` SET `popup_seen` = 'yes'
WHERE `user_id` = 'JHRDHS';
UPDATE `user_registration` SET `popup_seen` = 'yes'
WHERE `user_id` = 'JHRDHS';
UPDATE `ci_sessions` SET `timestamp` = 1745851967, `data` = '__ci_last_regenerate|i:1745851967;captcha|s:4:\"go4n\";'
WHERE `id` = '6017e2196f2ee27960739759f1fe9a1f59aa9ed7';
INSERT INTO `login_history` (`user_id`, `device`, `ip_address`, `date`) VALUES ('U7SMZ8', 'Mozilla/5.0 (Macintosh; Intel Mac OS X 10_15_7) AppleWebKit/605.1.15 (KHTML, like Gecko) Version/17.6 Safari/605.1.15', '172.68.12.132', '25-04-28 09:53');
UPDATE `user_registration` SET `popup_seen` = 'yes'
WHERE `user_id` = 'U7SMZ8';
UPDATE `user_registration` SET `popup_seen` = 'yes'
WHERE `user_id` = 'U7SMZ8';
UPDATE `user_registration` SET `popup_seen` = 'no'
WHERE `user_id` = 'U7SMZ8';
DELETE FROM `ci_sessions`
WHERE `id` = '87234bd2be5c8dbc16dc5260a0b2c4b6d57065ec';
UPDATE `ci_sessions` SET `timestamp` = 1745852169, `data` = '__ci_last_regenerate|i:1745852169;isLogIn|b:1;isAdmin|b:1;id|s:1:\"1\";fullname|s:11:\"admin admin\";user_level|s:5:\"Admin\";email|s:23:\"admin@travelegendcy.com\";image|s:53:\"upload/settings/4a1f1b602322adb837a7a3547ee69cf3.jpeg\";last_login|s:19:\"2025-04-27 10:01:49\";last_logout|s:19:\"2025-04-27 10:09:39\";ip_address|s:11:\"172.68.7.62\";message|s:25:\"Welcome back  admin admin\";__ci_vars|a:1:{s:7:\"message\";s:3:\"old\";}'
WHERE `id` = 'ec3564d73de42d415e119b229799a0e5494e741c';
UPDATE `setting` SET `setting_id` = 1, `reg_fee` = NULL, `month_fee` = NULL, `conversion_points` = '1', `global_pool_bonus` = '500', `welcome_pack_title` = 'Welcome Packge', `welcome_pack_description` = '<p>We&rsquo;re thrilled to have you with us! As a member, you unlock exclusive savings on trips, vacations, and activities. To get you started, enjoy the advantages of all benefits from our partner platforms and and also, receive a super discount on your first trip.&nbsp;Get ready to explore top destinations, relax, and make unforgettable memories. Your adventure starts here!</p>\r\n\r\n<p>&nbsp;</p>\r\n', `memb_benefits_title` = 'Membership Benefits', `memb_benefits_description` = '<p>Enjoy incredible trips and vacations around the globe. With every consecutive monthly payment you accumulate points, bringing you closer to your dream destinations! Redeem your points for unforgettable travel experiences, from weekend getaways to luxurious vacations.&nbsp;Your total accumulated points will depend on the consecutiveness of your monthly renewal.</p>\r\n', `top_memb_rewards_title` = 'Top Members Rewards', `top_memb_rewards_description` = '<p>Congratulations! You have achieved our Higher Reward Tier, this is proof of you vision and commitment with our mission of putting a high quality live style within the reach of every hard working person around the world.&nbsp;Consider yourself more that part of our team, part of our family and treasure forever our respect and gratitude.</p>\r\n', `product_title` = 'Explore Great Destination', `product_description` = '<p>Our Great Destinations section brings you a handpicked collection of extraordinary places to explore. Whether you&rsquo;re dreaming of relaxing on pristine beaches, wandering through bustling cities, or discovering rich cultural heritage, you&rsquo;ll find the perfect travel inspiration here. With a variety of destinations across the globe and exclusive deals, this is your gateway to planning unforgettable adventures. Dive into a world of possibilities and make your dream trip a reality!</p>\r\n', `reward_title` = 'Reward Program', `reward_description` = '<p>Join our Reward Program and enjoy up to 89% discounts on trips across more than 35 countries and 100+ cities. From iconic landmarks to hidden gems, experience the best of global travel at unmatched rates. Enjoy exclusive deals, make unforgettable memories, and travel smarter with incredible savings on every adventure.</p>\r\n', `balance_title` = 'Balance Cards', `balance_description` = '<p>Our balance cards offer a quick, secure way to top up your account. Use them to add funds instantly, giving you the flexibility to explore our services and enjoy seamless purchases. Convenient and easy to use, these cards make managing your account balance a breeze.</p>\r\n', `rank_updation_mail` = '<p>demo textt goes hereeeeeeeeeeeeeeeeeeeeee</p>\r\n'
WHERE `setting_id` = 1;
UPDATE `ci_sessions` SET `timestamp` = 1745852602, `data` = '__ci_last_regenerate|i:1745852602;isLogIn|b:1;isAdmin|b:1;id|s:1:\"1\";fullname|s:11:\"admin admin\";user_level|s:5:\"Admin\";email|s:23:\"admin@travelegendcy.com\";image|s:53:\"upload/settings/4a1f1b602322adb837a7a3547ee69cf3.jpeg\";last_login|s:19:\"2025-04-27 10:01:49\";last_logout|s:19:\"2025-04-27 10:09:39\";ip_address|s:11:\"172.68.7.62\";message|s:20:\"Update Successfully!\";__ci_vars|a:1:{s:7:\"message\";s:3:\"old\";}'
WHERE `id` = '1988ca788772be7d4807a8e75233efaa53e09c8a';
INSERT INTO `login_history` (`user_id`, `device`, `ip_address`, `date`) VALUES ('admin', 'Mozilla/5.0 (Windows NT 10.0; Win64; x64) AppleWebKit/537.36 (KHTML, like Gecko) Chrome/135.0.0.0 Safari/537.36', '172.70.255.84', '25-04-28 10:05');
UPDATE `user_registration` SET `popup_seen` = 'yes'
WHERE `user_id` = 'admin';
UPDATE `user_registration` SET `popup_seen` = 'no'
WHERE `user_id` = 'admin';
DELETE FROM `ci_sessions`
WHERE `id` = '5688b2aaf5e3efed09674181c9ef2469cc45451f';
INSERT INTO `login_history` (`user_id`, `device`, `ip_address`, `date`) VALUES ('admin', 'Mozilla/5.0 (Windows NT 10.0; Win64; x64) AppleWebKit/537.36 (KHTML, like Gecko) Chrome/135.0.0.0 Safari/537.36', '172.68.12.145', '25-04-28 10:09');
UPDATE `user_registration` SET `popup_seen` = 'yes'
WHERE `user_id` = 'admin';
UPDATE `ci_sessions` SET `timestamp` = 1745853685, `data` = '__ci_last_regenerate|i:1745853685;id|s:4:\"2019\";user_id|s:5:\"admin\";username|s:5:\"admin\";sponsor_id|s:1:\"0\";fullname|s:11:\"Alex Carrey\";email|s:15:\"admin@admin.com\";phone|s:10:\"1235467892\";isLogIn|b:1;'
WHERE `id` = '5daf9614d36083331ffaa80e0593f71886895fcc';
UPDATE `ci_sessions` SET `timestamp` = 1745853777, `data` = '__ci_last_regenerate|i:1745853777;id|s:4:\"2308\";user_id|s:6:\"2HKNYD\";username|s:8:\"Denito15\";sponsor_id|s:6:\"OTZTS5\";fullname|s:14:\"Arlene  Ripoll\";email|s:23:\"ripollarlene0@gmail.com\";phone|s:10:\"7868398461\";isLogIn|b:1;'
WHERE `id` = '842c49a07fbc377e9fea0f73d91909776d19b5d5';
UPDATE `user_registration` SET `popup_seen` = 'yes'
WHERE `user_id` = '2HKNYD';
UPDATE `ci_sessions` SET `timestamp` = 1745854149, `data` = '__ci_last_regenerate|i:1745854149;isLogIn|b:1;isAdmin|b:1;id|s:1:\"1\";fullname|s:11:\"admin admin\";user_level|s:5:\"Admin\";email|s:23:\"admin@travelegendcy.com\";image|s:53:\"upload/settings/4a1f1b602322adb837a7a3547ee69cf3.jpeg\";last_login|s:19:\"2025-04-27 10:01:49\";last_logout|s:19:\"2025-04-27 10:09:39\";ip_address|s:11:\"172.68.7.62\";'
WHERE `id` = 'd07868a66993dd4883ce22079f63c970586c4139';
UPDATE `reward` SET `reward_id` = '8', `reward_name` = 'All amazing at Dominicana 5D/4N', `reward_amount` = '0', `reward_value` = '690', `reward_points` = '105', `reward_details` = '<p><span style=\"background-color:rgb(255,255,255);color:rgb(0,0,0);\">Experience the beauty of Punta Cana, where crystal-clear waters meet white sandy beaches. Relax at luxurious resorts, enjoy thrilling water activities, and soak up the vibrant Caribbean atmosphere. It’s the ultimate destination for relaxation and adventure.</span></p><p><span style=\"color:rgb(0,0,0);\"><strong>5 days / 4 night for 2 adults</strong></span></p><p><span style=\"color:rgb(0,0,0);\"><strong>Value: $690 &nbsp; Cost: $35 &nbsp;&nbsp;</strong></span><span style=\"color:rgb(204,0,0);\"><strong>94.93% OFF</strong></span></p>', `phone` = NULL, `address` = NULL, `category` = 'travel', `status` = 1, `date` = '2025-04-28 10:29:46', `reward_image` = 'upload/benefits_pack_image/a4d6325dddca362c274d4e353c754f05.png'
WHERE `reward_id` = '8';
UPDATE `reward` SET `reward_id` = '6', `reward_name` = 'Canada: Charm and Beauty 4D/3N', `reward_amount` = '0', `reward_value` = '600', `reward_points` = '90', `reward_details` = '<p><span style=\"color:rgb(0,0,0);\">Discover Canada’s vast landscapes, from majestic mountains to serene lakes and vibrant cities. Explore a mix of outdoor adventure, diverse cultures, and warm Canadian hospitality.&nbsp;</span></p><p><span style=\"color:rgb(0,0,0);\"><strong>3 days / 2 night for 2 adults</strong></span></p><p><span style=\"color:rgb(0,0,0);\"><strong>Value: $600 &nbsp; Cost: $30 &nbsp;&nbsp;</strong></span><span style=\"color:rgb(204,0,0);\"><strong>95.00% OFF</strong></span></p>', `phone` = NULL, `address` = NULL, `category` = 'travel', `status` = 1, `date` = '2025-04-28 10:32:51', `reward_image` = 'upload/reward_image/61b64f1e6232f2e5d05b9be51613577b.png'
WHERE `reward_id` = '6';
UPDATE `reward` SET `reward_id` = '8', `reward_name` = 'All amazing at Dominicana 5D/4N', `reward_amount` = '0', `reward_value` = '690', `reward_points` = '105', `reward_details` = '<p><span style=\"background-color:rgb(255,255,255);color:rgb(0,0,0);\">Experience the beauty of Punta Cana, where crystal-clear waters meet white sandy beaches. Relax at luxurious resorts, enjoy thrilling water activities, and soak up the vibrant Caribbean atmosphere. It’s the ultimate destination for relaxation and adventure.</span></p><p><span style=\"color:rgb(0,0,0);\"><strong>5 days / 4 night for 2 adults</strong></span></p><p><span style=\"color:rgb(0,0,0);\"><strong>Value: $690 &nbsp;&nbsp;</strong></span><span style=\"color:rgb(204,0,0);\"><strong>94.93% OFF</strong></span></p>', `phone` = NULL, `address` = NULL, `category` = 'travel', `status` = 1, `date` = '2025-04-28 10:33:21', `reward_image` = 'upload/benefits_pack_image/a4d6325dddca362c274d4e353c754f05.png'
WHERE `reward_id` = '8';
UPDATE `reward` SET `reward_id` = '6', `reward_name` = 'Canada: Charm and Beauty 4D/3N', `reward_amount` = '0', `reward_value` = '600', `reward_points` = '90', `reward_details` = '<p><span style=\"color:rgb(0,0,0);\">Discover Canada’s vast landscapes, from majestic mountains to serene lakes and vibrant cities. Explore a mix of outdoor adventure, diverse cultures, and warm Canadian hospitality.&nbsp;</span></p><p><span style=\"color:rgb(0,0,0);\"><strong>3 days / 2 night for 2 adults</strong></span></p><p><span style=\"color:rgb(0,0,0);\"><strong>Value: $600 &nbsp;&nbsp;</strong></span><span style=\"color:rgb(204,0,0);\"><strong>95.00% OFF</strong></span></p>', `phone` = NULL, `address` = NULL, `category` = 'travel', `status` = 1, `date` = '2025-04-28 10:33:40', `reward_image` = 'upload/reward_image/61b64f1e6232f2e5d05b9be51613577b.png'
WHERE `reward_id` = '6';
UPDATE `reward` SET `reward_id` = '11', `reward_name` = 'City of Music and Love 4D/3N', `reward_amount` = '0', `reward_value` = '690', `reward_points` = '90', `reward_details` = '<p><span style=\"color:rgb(0,0,0);\">City of Music and Love Rio de Janeiro is a vibrant destination known for its iconic beaches, lively culture, and stunning landscapes. From the towering Christ the Redeemer statue to the lively rhythms of Copacabana, Rio offers a unique blend of natural beauty and urban excitement.</span></p><p><span style=\"color:rgb(0,0,0);\"><strong>4 days / 3 night for 2 adults</strong></span></p><p><span style=\"color:rgb(0,0,0);\"><strong>Value: $690 &nbsp;&nbsp;</strong></span><span style=\"color:rgb(204,0,0);\"><strong>95.65% OFF</strong></span></p>', `phone` = NULL, `address` = NULL, `category` = 'travel', `status` = 1, `date` = '2025-04-28 10:34:09', `reward_image` = 'upload/benefits_pack_image/62c527ccfbcc8562ac0ad3971aa7371c.png'
WHERE `reward_id` = '11';
UPDATE `ci_sessions` SET `timestamp` = 1745854450, `data` = '__ci_last_regenerate|i:1745854450;isLogIn|b:1;isAdmin|b:1;id|s:1:\"1\";fullname|s:11:\"admin admin\";user_level|s:5:\"Admin\";email|s:23:\"admin@travelegendcy.com\";image|s:53:\"upload/settings/4a1f1b602322adb837a7a3547ee69cf3.jpeg\";last_login|s:19:\"2025-04-27 10:01:49\";last_logout|s:19:\"2025-04-27 10:09:39\";ip_address|s:11:\"172.68.7.62\";main_menu|s:6:\"reward\";message|s:20:\"Update Successfully!\";__ci_vars|a:1:{s:7:\"message\";s:3:\"new\";}'
WHERE `id` = 'b3bbe832f884fe2281da605d73c55fc56fec9d69';
UPDATE `reward` SET `reward_id` = '7', `reward_name` = 'Colombia, que Linda y Buena 5D/4N', `reward_amount` = '0', `reward_value` = '690', `reward_points` = '105', `reward_details` = '<p><span style=\"color:rgb(0,0,0);\">Explore Colombia’s diverse landscapes, vibrant cities, and welcoming culture. From pristine beaches to lush jungles, every corner offers unique experiences and unforgettable charm.</span></p><p><span style=\"color:rgb(0,0,0);\"><strong>5 days / 4 night for 2 adults</strong></span></p><p><span style=\"color:rgb(0,0,0);\"><strong>Value: $690 &nbsp;&nbsp;</strong></span><span style=\"color:rgb(204,0,0);\"><strong>94.93% OFF</strong></span></p>', `phone` = NULL, `address` = NULL, `category` = 'travel', `status` = 1, `date` = '2025-04-28 10:35:27', `reward_image` = 'upload/reward_image/397476d58bad2a59552ff82ed494c110.png'
WHERE `reward_id` = '7';
UPDATE `reward` SET `reward_id` = '5', `reward_name` = 'Journey Around the World 4D/3N', `reward_amount` = '0', `reward_value` = '600', `reward_points` = '90', `reward_details` = '<p><span style=\"color:rgb(0,0,0);\">Embark on an unforgettable journey across the globe, from bustling cities to serene landscapes. Discover diverse cultures, iconic landmarks, and hidden gems that each tell their own story.&nbsp;</span></p><p><span style=\"color:rgb(0,0,0);\"><strong>4 days / 3 night for 2 adults</strong></span></p><p><span style=\"color:rgb(0,0,0);\"><strong>Value: $600 &nbsp;&nbsp;</strong></span><span style=\"color:rgb(204,0,0);\"><strong>95.00% OFF</strong></span></p>', `phone` = NULL, `address` = NULL, `category` = 'travel', `status` = 1, `date` = '2025-04-28 10:35:46', `reward_image` = 'upload/reward_image/0390c6f55150a3ce2eedea4d4c25066c.png'
WHERE `reward_id` = '5';
UPDATE `reward` SET `reward_id` = '12', `reward_name` = 'Journey Around the World 5D/4N', `reward_amount` = '0', `reward_value` = '730', `reward_points` = '105', `reward_details` = '<p><span style=\"color:rgb(0,0,0);\">Set off on a remarkable adventure around the world, exploring vibrant cities and tranquil landscapes. Experience unique cultures, famous landmarks, and hidden treasures that bring every destination to life.</span></p><p><span style=\"color:rgb(0,0,0);\"><strong>5 days / 4 night for 2 adults</strong></span></p><p><span style=\"color:rgb(0,0,0);\"><strong>Value: $730 &nbsp;&nbsp;</strong></span><span style=\"color:rgb(204,0,0);\"><strong>95.21% OFF</strong></span></p>', `phone` = NULL, `address` = NULL, `category` = 'travel', `status` = 1, `date` = '2025-04-28 10:36:07', `reward_image` = 'upload/reward_image/eb0cae44d80c33d8cb7f51d642df249e.png'
WHERE `reward_id` = '12';
UPDATE `reward` SET `reward_id` = '9', `reward_name` = 'Paradise Far Away 5D/4N', `reward_amount` = '0', `reward_value` = '690', `reward_points` = '105', `reward_details` = '<p><span style=\"color:rgb(0,0,0);\">Immerse yourself in the natural beauty of Fiji, where turquoise waters, white sandy beaches, and lush tropical landscapes create the perfect escape. Enjoy water sports, explore vibrant coral reefs, or simply relax in luxurious serenity while experiencing the warmth of Fijian hospitality.</span></p><p><span style=\"color:rgb(0,0,0);\"><strong>5 days / 4 night for 2 adults</strong></span></p><p><span style=\"color:rgb(0,0,0);\"><strong>Value: $690 &nbsp;&nbsp;</strong></span><span style=\"color:rgb(204,0,0);\"><strong>94.93% OFF</strong></span></p>', `phone` = NULL, `address` = NULL, `category` = 'travel', `status` = 1, `date` = '2025-04-28 10:36:26', `reward_image` = 'upload/reward_image/74cc4ef870d0069f93cff30ac3995996.png'
WHERE `reward_id` = '9';
UPDATE `reward` SET `reward_id` = '10', `reward_name` = 'Pearl of the Mediterranean 4D/3N', `reward_amount` = '0', `reward_value` = '690', `reward_points` = '90', `reward_details` = '<p><span style=\"color:rgb(0,0,0);\">Antalya offers a stunning mix of turquoise beaches, ancient ruins, and vibrant city life. Known as Turkey\'s premier coastal destination, it’s perfect for exploring historic sites, enjoying luxury resorts, and soaking in the beauty of the Mediterranean.</span></p><p><span style=\"color:rgb(0,0,0);\"><strong>4 days / 3 night for 2 adults</strong></span></p><p><span style=\"color:rgb(0,0,0);\"><strong>Value: $690 &nbsp;&nbsp;</strong></span><span style=\"color:rgb(204,0,0);\"><strong>95.65% OFF</strong></span></p>', `phone` = NULL, `address` = NULL, `category` = 'travel', `status` = 1, `date` = '2025-04-28 10:36:48', `reward_image` = 'upload/reward_image/8326e45caa1af7e8ad2c1aa879e48869.png'
WHERE `reward_id` = '10';
UPDATE `reward` SET `reward_id` = '13', `reward_name` = 'Thailand’s Vibrant City 6D/5N', `reward_amount` = '0', `reward_value` = '780', `reward_points` = '100', `reward_details` = '<p><span style=\"color:rgb(0,0,0);\">Pattaya is a lively destination known for its stunning beaches, vibrant nightlife, and cultural attractions. From relaxing by the sea to exploring temples and bustling markets, Pattaya offers a perfect mix of relaxation and excitement.</span></p><p><span style=\"color:rgb(0,0,0);\"><strong>6 days / 5 night for 2 adults</strong></span></p><p><span style=\"color:rgb(0,0,0);\"><strong>Value: $780 &nbsp;&nbsp;</strong></span><span style=\"color:rgb(204,0,0);\"><strong>95.77% OFF</strong></span></p>', `phone` = NULL, `address` = NULL, `category` = 'travel', `status` = 1, `date` = '2025-04-28 10:37:29', `reward_image` = 'upload/reward_image/8862bcf57b2659152d22c662dd0442c4.png'
WHERE `reward_id` = '13';
UPDATE `ci_sessions` SET `timestamp` = 1745854673, `data` = '__ci_last_regenerate|i:1745854673;id|s:4:\"2021\";user_id|s:6:\"44B9Y4\";username|s:7:\"Talimbi\";sponsor_id|s:5:\"admin\";fullname|s:14:\"Emilio Tapanes\";email|s:23:\"emiliotapanes@gmail.com\";phone|s:10:\"7862876762\";isLogIn|b:1;'
WHERE `id` = 'e00e94e83016df2e7b5d321c149e9f71e14808ab';
UPDATE `user_registration` SET `popup_seen` = 'yes'
WHERE `user_id` = '44B9Y4';
UPDATE `user_registration` SET `popup_seen` = 'yes'
WHERE `user_id` = '44B9Y4';
UPDATE `user_registration` SET `popup_seen` = 'no'
WHERE `user_id` = '44B9Y4';
DELETE FROM `ci_sessions`
WHERE `id` = 'de6cc2d6cef449e09cada709555d39f166147c84';
UPDATE `reward` SET `reward_id` = '1', `reward_name` = 'Visiting North America 3D/2N', `reward_amount` = '0', `reward_value` = '330', `reward_points` = '60', `reward_details` = '<p><span style=\"color:hsl(0,0%,0%);\">Experience iconic landscapes, vibrant cultures, and diverse attractions across the USA. From natural wonders to urban excitement, every destination offers a unique slice of American charm.</span></p><p><span style=\"color:rgb(0,0,0);\"><strong>3 days / 2 nights &nbsp; 2 adults / 2 kids (if appl)</strong></span></p><p><span style=\"color:rgb(0,0,0);\"><strong>Value: $330 &nbsp;&nbsp;</strong></span><span style=\"color:rgb(204,0,0);\"><strong>93.94% OFF</strong></span></p>', `phone` = NULL, `address` = NULL, `category` = 'travel', `status` = 1, `date` = '2025-04-28 10:38:00', `reward_image` = 'upload/reward_image/18e241323e706ba850dce2c7bbcc217b.png'
WHERE `reward_id` = '1';
UPDATE `reward` SET `reward_id` = '2', `reward_name` = 'Visiting North America 4D/3N', `reward_amount` = '0', `reward_value` = '495', `reward_points` = '75', `reward_details` = '<p><span style=\"color:rgb(0,0,0);\">Explore the USA’s diverse landscapes, rich history, and dynamic cities. From scenic wonders to cultural hotspots, every stop brings a new facet of American beauty and greatness.</span></p><p><span style=\"color:rgb(0,0,0);\"><strong>4 days / 3 night &nbsp; 2 adults / 2 kids (if appl)</strong></span></p><p><span style=\"color:rgb(0,0,0);\"><strong>Value: $495 &nbsp;&nbsp;</strong></span><span style=\"color:rgb(204,0,0);\"><strong>94.95% OFF</strong></span></p>', `phone` = NULL, `address` = NULL, `category` = 'travel', `status` = 1, `date` = '2025-04-28 10:38:21', `reward_image` = 'upload/reward_image/d6c2de1af82f03a648840ad2895c602e.png'
WHERE `reward_id` = '2';
INSERT INTO `login_history` (`user_id`, `device`, `ip_address`, `date`) VALUES ('N6GZAE', 'Mozilla/5.0 (X11; Linux x86_64) AppleWebKit/537.36 (KHTML, like Gecko) Chrome/135.0.0.0 Safari/537.36', '172.69.132.135', '25-04-28 10:38');
UPDATE `user_registration` SET `popup_seen` = 'yes'
WHERE `user_id` = 'N6GZAE';
UPDATE `user_registration` SET `popup_seen` = 'yes'
WHERE `user_id` = 'N6GZAE';
UPDATE `reward` SET `reward_id` = '4', `reward_name` = 'Visiting North America 5D/4N', `reward_amount` = '0', `reward_value` = '636', `reward_points` = '90', `reward_details` = '<p><span style=\"color:rgb(0,0,0);\">Uncover the beauty and diversity of the United States, with destinations offering everything from scenic landscapes to rich history. Each stop promises a unique adventure and unforgettable experiences.</span></p><p><span style=\"color:rgb(0,0,0);\"><strong>5 days / 4 night &nbsp; 2 adults / 2 kids (if appl)</strong></span></p><p><span style=\"color:rgb(0,0,0);\"><strong>Value: $636 &nbsp;&nbsp;</strong></span><span style=\"color:rgb(204,0,0);\"><strong>95.28% OFF</strong></span></p>', `phone` = NULL, `address` = NULL, `category` = 'travel', `status` = 1, `date` = '2025-04-28 10:38:43', `reward_image` = 'upload/reward_image/e2588a963e80ccde72224303e3eb881c.png'
WHERE `reward_id` = '4';
INSERT INTO `benefits_pack_purchase_history` (`user_id`, `packge_id`, `amount`, `value`, `point`, `image`, `image_id`, `country`, `city`, `available_points`, `conversion_point_rate`, `package_title`, `date`, `type`, `full_name`, `phone`, `email`) VALUES ('N6GZAE', '1', '0', '0', '0', 'upload/reward_image/2a229b0b1611e2acec2a9bb9c8825178.png', '4', '223', '4249', '300', '1', 'The Journey Begins', '2025-04-28 10:39:14', 'benefits_pack_claim', 'Roberto Sotolongo', '7862107045', 'sotolongor@gmail.com');
UPDATE `ci_sessions` SET `timestamp` = 1745854755, `data` = '__ci_last_regenerate|i:1745854755;isLogIn|b:1;isAdmin|b:1;id|s:1:\"1\";fullname|s:11:\"admin admin\";user_level|s:5:\"Admin\";email|s:23:\"admin@travelegendcy.com\";image|s:53:\"upload/settings/4a1f1b602322adb837a7a3547ee69cf3.jpeg\";last_login|s:19:\"2025-04-27 10:01:49\";last_logout|s:19:\"2025-04-27 10:09:39\";ip_address|s:11:\"172.68.7.62\";'
WHERE `id` = '2709cf0a6295640915b7ebb9eb01b39f3f0cc421';
UPDATE `user_registration` SET `popup_seen` = 'yes'
WHERE `user_id` = 'N6GZAE';
UPDATE `membership_benefits` SET `package_id` = '10', `title` = 'Quick Adventure is USA 3D/2N', `cost` = '0', `value` = '300', `points` = '150', `details` = '<p>Experience the best of the USA on this trip! Dive into iconic landmarks, explore vibrant cityscapes, and enjoy local flavors in a packed itinerary that gives you a taste of America’s diversity and energy. Perfect for a quick, unforgettable escape.</p><p><strong>3 days and 2 nights for 2 adults</strong></p><p><strong>Value: $330 &nbsp;&nbsp;</strong><span style=\"color:hsl(0,75%,60%);\"><strong>81.82% OFF</strong></span></p>', `phone` = NULL, `address` = NULL, `category` = 'travel', `status` = 1, `date` = '2025-04-28 10:40:25', `image` = 'upload/benefits_pack_image/b87abeff27bb41bb3af9052a9600356d.png'
WHERE `package_id` = '10';
UPDATE `membership_benefits` SET `package_id` = '11', `title` = 'Discover the USA - Flight Included 3D/2N', `cost` = '0', `value` = '1000', `points` = '450', `details` = '<p>Immerse yourself in the highlights of the USA! Visit iconic landmarks, wander through dynamic cities, and savor local cuisines. With a packed itinerary showcasing America’s diversity and vibrancy, this trip promises an unforgettable, seamless escape.</p><p><strong>3 days and 2 nights for 2 adults</strong></p><p><strong>Value: $1000 &nbsp;&nbsp;</strong><span style=\"color:hsl(0,75%,60%);\"><strong>94.5% OFF</strong></span></p>', `phone` = NULL, `address` = NULL, `category` = 'travel', `status` = 1, `date` = '2025-04-28 10:40:47', `image` = 'upload/benefits_pack_image/2b3b5d4b914b8d9fd7f69b97451bbcc1.png'
WHERE `package_id` = '11';
UPDATE `membership_benefits` SET `package_id` = '13', `title` = ' All-Inclusive Getaways 3D/2N', `cost` = '0', `value` = '700', `points` = '900', `details` = '<p>Experience tropical luxury with everything included! Relax on pristine beaches, enjoy gourmet dining, refreshing pools, and vibrant entertainment. From Mexico\'s charm to the Dominican Republic\'s paradise, these resorts offer unforgettable getaways with every detail covered.</p><p><strong>3 days and 2 nights for 2 adults</strong></p><p><strong>Value: $700 &nbsp;&nbsp;</strong><span style=\"color:hsl(0,75%,60%);\"><strong>96.42% OFF</strong></span></p>', `phone` = NULL, `address` = NULL, `category` = 'travel', `status` = 1, `date` = '2025-04-28 10:41:09', `image` = 'upload/benefits_pack_image/5b0e6996e909b1709c6ab2530f2d6815.png'
WHERE `package_id` = '13';
INSERT INTO `login_history` (`user_id`, `device`, `ip_address`, `date`) VALUES ('UQO7EQ', 'Mozilla/5.0 (Windows NT 10.0; Win64; x64) AppleWebKit/537.36 (KHTML, like Gecko) Chrome/135.0.0.0 Safari/537.36', '172.70.255.248', '25-04-28 10:41');
UPDATE `user_registration` SET `popup_seen` = 'yes'
WHERE `user_id` = 'UQO7EQ';
UPDATE `membership_benefits` SET `package_id` = '13', `title` = ' All-Inclusive Getaways 3D/2N', `cost` = '0', `value` = '700', `points` = '900', `details` = '<p>Experience tropical luxury with everything included! Relax on pristine beaches, enjoy gourmet dining, refreshing pools, and vibrant entertainment. From Mexico\'s charm to the Dominican Republic\'s paradise, these resorts offer unforgettable getaways with every detail covered.</p><p><strong>3 days and 2 nights for 2 adults</strong></p><p><strong>Value: $700 &nbsp;&nbsp;</strong><span style=\"color:hsl(0,75%,60%);\"><strong>96.42% OFF</strong></span></p>', `phone` = NULL, `address` = NULL, `category` = 'travel', `status` = 1, `date` = '2025-04-28 10:41:28', `image` = 'upload/benefits_pack_image/5b0e6996e909b1709c6ab2530f2d6815.png'
WHERE `package_id` = '13';
UPDATE `user_registration` SET `popup_seen` = 'yes'
WHERE `user_id` = 'UQO7EQ';
UPDATE `membership_benefits` SET `package_id` = '14', `title` = 'Resort Escape to Mexico 5D/4N', `cost` = '0', `value` = '700', `points` = '1350', `details` = '<p>Discover a tropical haven where crystal-clear waters meet world-class comfort. Enjoy gourmet dining, serene beaches, refreshing pools, and vibrant nightlife. Whether seeking relaxation or adventure, this all-inclusive experience offers the perfect Mexican getaway.</p><p><strong>5 days and 4 nights for 2 adults</strong></p><p><strong>Value: $700 &nbsp;&nbsp;</strong><span style=\"color:hsl(0,75%,60%);\"><strong>96.42% OFF</strong></span></p>', `phone` = NULL, `address` = NULL, `category` = 'travel', `status` = 1, `date` = '2025-04-28 10:42:02', `image` = 'upload/benefits_pack_image/990ec5ed23954cdc5395ba089e349c3e.png'
WHERE `package_id` = '14';
UPDATE `ci_sessions` SET `timestamp` = 1745855234, `data` = '__ci_last_regenerate|i:1745855234;id|s:4:\"2042\";user_id|s:6:\"UQO7EQ\";username|s:6:\"Rafa51\";sponsor_id|s:6:\"N6GZAE\";fullname|s:16:\"Rafael Rodriguez\";email|s:18:\"rafagana@yahoo.com\";phone|s:10:\"3057610606\";isLogIn|b:1;'
WHERE `id` = 'db9e44903cc3cdc1d4b87e6ebbde7e4dd99c575a';
UPDATE `user_registration` SET `popup_seen` = 'yes'
WHERE `user_id` = 'UQO7EQ';
UPDATE `user_registration` SET `popup_seen` = 'no'
WHERE `user_id` = 'UQO7EQ';
DELETE FROM `ci_sessions`
WHERE `id` = 'df8be4ac8bad58ab2bc44ae4e81b26200e34e5b1';
INSERT INTO `login_history` (`user_id`, `device`, `ip_address`, `date`) VALUES ('2RSJNO', 'Mozilla/5.0 (iPhone; CPU iPhone OS 18_3_2 like Mac OS X) AppleWebKit/605.1.15 (KHTML, like Gecko) GSA/365.1.750410080 Mobile/15E148 Safari/604.1', '172.69.132.177', '25-04-28 10:49');
UPDATE `user_registration` SET `popup_seen` = 'yes'
WHERE `user_id` = '2RSJNO';
UPDATE `ci_sessions` SET `timestamp` = 1745855406, `data` = '__ci_last_regenerate|i:1745855406;isLogIn|b:1;isAdmin|b:1;id|s:1:\"1\";fullname|s:11:\"admin admin\";user_level|s:5:\"Admin\";email|s:23:\"admin@travelegendcy.com\";image|s:53:\"upload/settings/4a1f1b602322adb837a7a3547ee69cf3.jpeg\";last_login|s:19:\"2025-04-27 10:01:49\";last_logout|s:19:\"2025-04-27 10:09:39\";ip_address|s:11:\"172.68.7.62\";'
WHERE `id` = 'a2c36e62d3f7efd267166bbf0cd88652f26a4901';
UPDATE `top_member_rewards` SET `package_id` = '1', `title` = 'Nothing like the Sea 5D/4N', `cost` = '0', `value` = '900', `points` = '1800', `details` = '<p>Set sail on a sun-soaked journey across sparkling seas to breathtaking destinations. Enjoy endless ocean views, warm sunshine, and visits to vibrant coastal towns. Each stop offers beautiful landscapes and cultural gems, blending relaxation and exploration on an unforgettable voyage.</p><p><strong>5 days and 4 nights for 2 adults</strong></p><p><strong>Value: 900 &nbsp;&nbsp;</strong><span style=\"color:hsl(0,75%,60%);\"><strong>93% OFF</strong></span></p>', `phone` = NULL, `address` = NULL, `category` = 'travel', `status` = 1, `date` = '2025-04-28 10:50:06', `image` = 'upload/benefits_pack_image/c564e8db58fcf8c340e19401f74aad65.png'
WHERE `package_id` = '1';
INSERT INTO `top_memb_reward_country` (`package_id`, `country`, `state`, `image`) VALUES ('1', '16', '4305', NULL);
INSERT INTO `country_library` (`package_id`, `country`, `state`, `image`) VALUES ('1', '16', '4305', NULL);
INSERT INTO `top_memb_reward_country` (`package_id`, `country`, `state`, `image`) VALUES ('1', '16', '4305', 'upload/benefits_pack_image/1c4d4c64355515f7107265417ae89139.png');
INSERT INTO `top_memb_reward_country` (`package_id`, `country`, `state`, `image`) VALUES ('1', '138', '4285', 'upload/benefits_pack_image/5e85cdac3d5eeb230aeacd1f2d81692c.png');
INSERT INTO `top_memb_reward_country` (`package_id`, `country`, `state`, `image`) VALUES ('1', '138', '4306', 'upload/benefits_pack_image/69bedebaece3de5f815d8119ec3f0eaf.png');
UPDATE `ci_sessions` SET `timestamp` = 1745855411, `data` = '__ci_last_regenerate|i:1745855411;id|s:4:\"2019\";user_id|s:5:\"admin\";username|s:5:\"admin\";sponsor_id|s:1:\"0\";fullname|s:11:\"Alex Carrey\";email|s:15:\"admin@admin.com\";phone|s:10:\"1235467892\";isLogIn|b:1;'
WHERE `id` = '0709f19afe8672a4e2342ea10fc090c600450f6a';
UPDATE `user_registration` SET `popup_seen` = 'yes'
WHERE `user_id` = '2RSJNO';
UPDATE `ci_sessions` SET `timestamp` = 1745855498, `data` = '__ci_last_regenerate|i:1745855498;captcha|s:4:\"eq5w\";'
WHERE `id` = '0214185bad626bd0331b7d9bea432911bdaba99f';
UPDATE `top_member_rewards` SET `package_id` = '2', `title` = 'All-Inclusive Resorts 8D/7N', `cost` = '0', `value` = '2570', `points` = '1800', `details` = '<p>Explore a world of luxury with access to over 3,500 destinations. Enjoy pristine beaches, gourmet dining, and endless entertainment, all included in your stay. Whether you seek relaxation or adventure, these resorts offer unforgettable experiences worldwide.</p><p><strong>8 days and 7 nights for 2 adults and 2 guests</strong></p><p><strong>Value: 2570 &nbsp;&nbsp;</strong><span style=\"color:hsl(0,75%,60%);\"><strong>98.83% OFF</strong></span></p>', `phone` = NULL, `address` = NULL, `category` = 'travel', `status` = 1, `date` = '2025-04-28 10:51:59', `image` = 'upload/benefits_pack_image/49b0a738a350eb3c00df6add7836323a.png'
WHERE `package_id` = '2';
INSERT INTO `top_memb_reward_country` (`package_id`, `country`, `state`, `image`) VALUES ('2', '223', '3613', NULL);
INSERT INTO `country_library` (`package_id`, `country`, `state`, `image`) VALUES ('2', '223', '3613', NULL);
INSERT INTO `top_memb_reward_country` (`package_id`, `country`, `state`, `image`) VALUES ('2', '223', '4307', 'upload/benefits_pack_image/91ae5553b85d2d4db5ebc6018f32db28.png');
INSERT INTO `login_history` (`user_id`, `device`, `ip_address`, `date`) VALUES ('U7SMZ8', 'Mozilla/5.0 (Macintosh; Intel Mac OS X 10_15_7) AppleWebKit/605.1.15 (KHTML, like Gecko) Version/17.6 Safari/605.1.15', '172.68.12.142', '25-04-28 10:52');
UPDATE `user_registration` SET `popup_seen` = 'yes'
WHERE `user_id` = 'U7SMZ8';
UPDATE `ci_sessions` SET `timestamp` = 1745855806, `data` = '__ci_last_regenerate|i:1745855806;id|s:4:\"2061\";user_id|s:6:\"U7SMZ8\";username|s:6:\"Clau66\";sponsor_id|s:6:\"UQO7EQ\";fullname|s:14:\"Claudia Pisana\";email|s:21:\"claujor06@hotmail.com\";phone|s:10:\"7863843449\";isLogIn|b:1;'
WHERE `id` = 'd0bb66558c0b655725549fdfea2bbffd604dbb88';
UPDATE `user_registration` SET `popup_seen` = 'yes'
WHERE `user_id` = 'U7SMZ8';
UPDATE `ci_sessions` SET `timestamp` = 1745855843, `data` = '__ci_last_regenerate|i:1745855843;id|s:4:\"2034\";user_id|s:6:\"N6GZAE\";username|s:8:\"Mariposa\";sponsor_id|s:6:\"4E1CRI\";fullname|s:14:\"Emilio Tapanes\";email|s:25:\"emiliotapanes+7@gmail.com\";phone|s:10:\"7862876762\";isLogIn|b:1;'
WHERE `id` = 'd9c9d5c38f207513197b1c3b1e62c6e81156e299';
UPDATE `user_registration` SET `popup_seen` = 'yes'
WHERE `user_id` = 'U7SMZ8';
UPDATE `user_registration` SET `popup_seen` = 'yes'
WHERE `user_id` = 'U7SMZ8';
UPDATE `ci_sessions` SET `timestamp` = 1745856029, `data` = '__ci_last_regenerate|i:1745856029;id|s:4:\"2071\";user_id|s:6:\"JHRDHS\";username|s:7:\"mbecena\";sponsor_id|s:6:\"CVVK4C\";fullname|s:12:\"Maria Becena\";email|s:21:\"mbecena@bellsouth.net\";phone|s:10:\"7862360387\";isLogIn|b:1;'
WHERE `id` = 'b708139783299c3fb9d1a2077a5249f806a3e052';
UPDATE `user_registration` SET `popup_seen` = 'yes'
WHERE `user_id` = 'JHRDHS';
UPDATE `ci_sessions` SET `timestamp` = 1745856099, `data` = '__ci_last_regenerate|i:1745856099;id|s:4:\"2190\";user_id|s:6:\"2RSJNO\";username|s:8:\"yoel0221\";sponsor_id|s:6:\"QJ5U9C\";fullname|s:16:\"Yoel Ramos Gomez\";email|s:19:\"yoel21272@gmail.com\";phone|s:10:\"3053050150\";isLogIn|b:1;'
WHERE `id` = '24431f0f928124ec572e93c357e212f85949e3ac';
UPDATE `ci_sessions` SET `timestamp` = 1745856154, `data` = '__ci_last_regenerate|i:1745856154;id|s:4:\"2061\";user_id|s:6:\"U7SMZ8\";username|s:6:\"Clau66\";sponsor_id|s:6:\"UQO7EQ\";fullname|s:14:\"Claudia Pisana\";email|s:21:\"claujor06@hotmail.com\";phone|s:10:\"7863843449\";isLogIn|b:1;'
WHERE `id` = 'd83e7f1f05de2575e48c050f9ce7390cdb19a26f';
UPDATE `user_registration` SET `popup_seen` = 'yes'
WHERE `user_id` = 'U7SMZ8';
UPDATE `user_registration` SET `popup_seen` = 'no'
WHERE `user_id` = 'U7SMZ8';
DELETE FROM `ci_sessions`
WHERE `id` = '06158df155d47f57fc268a87c54cc20920a2a501';
UPDATE `user_registration` SET `popup_seen` = 'yes'
WHERE `user_id` = 'JHRDHS';
INSERT INTO `login_history` (`user_id`, `device`, `ip_address`, `date`) VALUES ('N6GZAE', 'Mozilla/5.0 (iPhone; CPU iPhone OS 18_3_2 like Mac OS X) AppleWebKit/605.1.15 (KHTML, like Gecko) Version/18.3.1 Mobile/15E148 Safari/604.1', '172.70.82.232', '25-04-28 11:16');
UPDATE `user_registration` SET `popup_seen` = 'yes'
WHERE `user_id` = 'N6GZAE';
INSERT INTO `login_history` (`user_id`, `device`, `ip_address`, `date`) VALUES ('PEABEG', 'Mozilla/5.0 (Windows NT 10.0; Win64; x64) AppleWebKit/537.36 (KHTML, like Gecko) Chrome/135.0.0.0 Safari/537.36 Edg/135.0.0.0', '172.70.82.82', '25-04-28 11:19');
UPDATE `user_registration` SET `popup_seen` = 'yes'
WHERE `user_id` = 'PEABEG';
UPDATE `ci_sessions` SET `timestamp` = 1745857190, `data` = '__ci_last_regenerate|i:1745857190;id|s:4:\"2034\";user_id|s:6:\"N6GZAE\";username|s:8:\"Mariposa\";sponsor_id|s:6:\"4E1CRI\";fullname|s:14:\"Emilio Tapanes\";email|s:25:\"emiliotapanes+7@gmail.com\";phone|s:10:\"7862876762\";isLogIn|b:1;'
WHERE `id` = 'a94199efd3afcc07e900d9f8cca9c39c5c15c6d9';
UPDATE `user_registration` SET `popup_seen` = 'yes'
WHERE `user_id` = 'N6GZAE';
INSERT INTO `login_history` (`user_id`, `device`, `ip_address`, `date`) VALUES ('VQGPGZ', 'Mozilla/5.0 (Linux; Android 10; K) AppleWebKit/537.36 (KHTML, like Gecko) Chrome/135.0.0.0 Mobile Safari/537.36', '172.68.7.162', '25-04-28 11:20');
UPDATE `user_registration` SET `popup_seen` = 'yes'
WHERE `user_id` = 'VQGPGZ';
UPDATE `user_registration` SET `popup_seen` = 'yes'
WHERE `user_id` = 'VQGPGZ';
INSERT INTO `temp_register` (`post_data`, `date`, `payment_method`, `type`) VALUES ('{\"user_id\":\"PEABEG\",\"card_id\":\"3\",\"card_cost\":\"100\",\"card_value\":\"100\",\"payment_option\":\"stripe\",\"date\":\"2025-04-28 11:20:50\"}', '2025-04-28 11:20:50', 'stripe', 'buy+top_up_card');
UPDATE `temp_register` SET `response` = '{\"stripeToken\":\"tok_1RIuQi2NUoYUjiuuMbot5Ot0\",\"stripeTokenType\":\"card\",\"stripeEmail\":\"yoeyuri2024@gmail.com\"}', `date_modified` = '2025-04-28 11:21:20', `payment_status` = '{\"id\":\"ch_3RIuQm2NUoYUjiuu0f6XNmNT\",\"object\":\"charge\",\"amount\":10000,\"amount_captured\":10000,\"amount_refunded\":0,\"application\":null,\"application_fee\":null,\"application_fee_amount\":null,\"balance_transaction\":\"txn_3RIuQm2NUoYUjiuu0EovyTEt\",\"billing_details\":{\"address\":{\"city\":null,\"country\":null,\"line1\":null,\"line2\":null,\"postal_code\":null,\"state\":null},\"email\":null,\"name\":\"yoeyuri2024@gmail.com\",\"phone\":null,\"tax_id\":null},\"calculated_statement_descriptor\":\"TRAVELEGENDCY LLC\",\"captured\":true,\"created\":1745857280,\"currency\":\"usd\",\"customer\":\"cus_SDL6iv8xsYAK0D\",\"description\":null,\"destination\":null,\"dispute\":null,\"disputed\":false,\"failure_balance_transaction\":null,\"failure_code\":null,\"failure_message\":null,\"fraud_details\":[],\"invoice\":null,\"livemode\":true,\"metadata\":[],\"on_behalf_of\":null,\"order\":null,\"outcome\":{\"advice_code\":null,\"network_advice_code\":null,\"network_decline_code\":null,\"network_status\":\"approved_by_network\",\"reason\":null,\"risk_level\":\"normal\",\"seller_message\":\"Payment complete.\",\"type\":\"authorized\"},\"paid\":true,\"payment_intent\":null,\"payment_method\":\"card_1RIuQh2NUoYUjiuuWgB7htqX\",\"payment_method_details\":{\"card\":{\"amount_authorized\":10000,\"authorization_code\":\"03650Z\",\"brand\":\"mastercard\",\"checks\":{\"address_line1_check\":null,\"address_postal_code_check\":null,\"cvc_check\":\"pass\"},\"country\":\"US\",\"exp_month\":3,\"exp_year\":2029,\"extended_authorization\":{\"status\":\"disabled\"},\"fingerprint\":\"cI7Xv072SecNUF3f\",\"funding\":\"credit\",\"incremental_authorization\":{\"status\":\"unavailable\"},\"installments\":null,\"last4\":\"6570\",\"mandate\":null,\"multicapture\":{\"status\":\"unavailable\"},\"network\":\"mastercard\",\"network_token\":{\"used\":false},\"network_transaction_id\":\"MWEEWJI5G0428\",\"overcapture\":{\"maximum_amount_capturable\":10000,\"status\":\"unavailable\"},\"regulated_status\":\"unregulated\",\"three_d_secure\":null,\"wallet\":null},\"type\":\"card\"},\"receipt_email\":null,\"receipt_number\":null,\"receipt_url\":\"https:\\/\\/pay.stripe.com\\/receipts\\/payment\\/CAcQARoXChVhY2N0XzFRUEFGdjJOVW9ZVWppdXUogda-wAYyBiBxbkkPpjosFozj43gsO2XwlE2iKMch2kqZICI4a3ScTb2g4x7x_arR78G_OkP1qCTLXA4\",\"refunded\":false,\"review\":null,\"shipping\":null,\"source\":{\"id\":\"card_1RIuQh2NUoYUjiuuWgB7htqX\",\"object\":\"card\",\"address_city\":null,\"address_country\":null,\"address_line1\":null,\"address_line1_check\":null,\"address_line2\":null,\"address_state\":null,\"address_zip\":null,\"address_zip_check\":null,\"allow_redisplay\":\"unspecified\",\"brand\":\"MasterCard\",\"country\":\"US\",\"customer\":\"cus_SDL6iv8xsYAK0D\",\"cvc_check\":\"pass\",\"dynamic_last4\":null,\"exp_month\":3,\"exp_year\":2029,\"fingerprint\":\"cI7Xv072SecNUF3f\",\"funding\":\"credit\",\"last4\":\"6570\",\"metadata\":[],\"name\":\"yoeyuri2024@gmail.com\",\"regulated_status\":\"unregulated\",\"tokenization_method\":null,\"wallet\":null},\"source_transfer\":null,\"statement_descriptor\":null,\"statement_descriptor_suffix\":null,\"status\":\"succeeded\",\"transfer_data\":null,\"transfer_group\":null}'
WHERE `id` = 355;
INSERT INTO `card_purchase_history` (`user_id`, `card_id`, `card_cost`, `card_value`, `payment_option`, `date`) VALUES ('PEABEG', '3', '100', '100', 'stripe', '2025-04-28 11:20:50');
UPDATE `user_registration` SET commission_balance = ROUND(commission_balance + 100,2)
WHERE `user_id` = 'PEABEG';
UPDATE `user_registration` SET `popup_seen` = 'yes'
WHERE `user_id` = 'PEABEG';
UPDATE `ci_sessions` SET `timestamp` = 1745857506, `data` = '__ci_last_regenerate|i:1745857506;id|s:4:\"2034\";user_id|s:6:\"N6GZAE\";username|s:8:\"Mariposa\";sponsor_id|s:6:\"4E1CRI\";fullname|s:14:\"Emilio Tapanes\";email|s:25:\"emiliotapanes+7@gmail.com\";phone|s:10:\"7862876762\";isLogIn|b:1;'
WHERE `id` = 'c68a1fc2313af11948d17a7028193127c55e3de6';
UPDATE `ci_sessions` SET `timestamp` = 1745858349, `data` = '__ci_last_regenerate|i:1745858349;id|s:4:\"2335\";user_id|s:6:\"VQGPGZ\";username|s:8:\"Gusexito\";sponsor_id|s:6:\"QRE21J\";fullname|s:13:\"Gustavo Arias\";email|s:19:\"gusexito2@gmail.com\";phone|s:10:\"7864580227\";isLogIn|b:1;'
WHERE `id` = '1c7c35f62cab248bc59336c09717118e0d72a186';
UPDATE `user_registration` SET `popup_seen` = 'yes'
WHERE `user_id` = 'VQGPGZ';
UPDATE `user_registration` SET `popup_seen` = 'yes'
WHERE `user_id` = 'VQGPGZ';
UPDATE `ci_sessions` SET `timestamp` = 1745858409, `data` = '__ci_last_regenerate|i:1745858409;id|s:4:\"2034\";user_id|s:6:\"N6GZAE\";username|s:8:\"Mariposa\";sponsor_id|s:6:\"4E1CRI\";fullname|s:14:\"Emilio Tapanes\";email|s:25:\"emiliotapanes+7@gmail.com\";phone|s:10:\"7862876762\";isLogIn|b:1;'
WHERE `id` = '084f3a9ec5e61bbd70b9e9213345d9e74bafe2e0';
UPDATE `ci_sessions` SET `timestamp` = 1745858680, `data` = '__ci_last_regenerate|i:1745858680;isLogIn|b:1;isAdmin|b:1;id|s:1:\"1\";fullname|s:11:\"admin admin\";user_level|s:5:\"Admin\";email|s:23:\"admin@travelegendcy.com\";image|s:53:\"upload/settings/4a1f1b602322adb837a7a3547ee69cf3.jpeg\";last_login|s:19:\"2025-04-27 10:01:49\";last_logout|s:19:\"2025-04-27 10:09:39\";ip_address|s:11:\"172.68.7.62\";message|s:20:\"Update Successfully!\";__ci_vars|a:1:{s:7:\"message\";s:3:\"old\";}'
WHERE `id` = '1cae5238f34560e6606dcedcbcb212f43c85ef4e';
UPDATE `ci_sessions` SET `timestamp` = 1745858782, `data` = '__ci_last_regenerate|i:1745858782;id|s:4:\"2019\";user_id|s:5:\"admin\";username|s:5:\"admin\";sponsor_id|s:1:\"0\";fullname|s:11:\"Alex Carrey\";email|s:15:\"admin@admin.com\";phone|s:10:\"1235467892\";isLogIn|b:1;'
WHERE `id` = 'dc90122d47158c3300367f28f8d4d7724a24bd8e';
UPDATE `ci_sessions` SET `timestamp` = 1745859218, `data` = '__ci_last_regenerate|i:1745859218;id|s:4:\"2019\";user_id|s:5:\"admin\";username|s:5:\"admin\";sponsor_id|s:1:\"0\";fullname|s:11:\"Alex Carrey\";email|s:15:\"admin@admin.com\";phone|s:10:\"1235467892\";isLogIn|b:1;'
WHERE `id` = '6d957417c7da832508858f597e54afa4a5dd84d6';
UPDATE `user_registration` SET `popup_seen` = 'yes'
WHERE `user_id` = 'admin';
UPDATE `ci_sessions` SET `timestamp` = 1745859260, `data` = '__ci_last_regenerate|i:1745859260;isLogIn|b:1;isAdmin|b:1;id|s:1:\"1\";fullname|s:11:\"admin admin\";user_level|s:5:\"Admin\";email|s:23:\"admin@travelegendcy.com\";image|s:53:\"upload/settings/4a1f1b602322adb837a7a3547ee69cf3.jpeg\";last_login|s:19:\"2025-04-27 10:01:49\";last_logout|s:19:\"2025-04-27 10:09:39\";ip_address|s:11:\"172.68.7.62\";'
WHERE `id` = 'a37eb5f5f73a83c589a357447c00e4c27b5b0f5a';
UPDATE `ci_sessions` SET `timestamp` = 1745859584, `data` = '__ci_last_regenerate|i:1745859584;isLogIn|b:1;isAdmin|b:1;id|s:1:\"1\";fullname|s:11:\"admin admin\";user_level|s:5:\"Admin\";email|s:23:\"admin@travelegendcy.com\";image|s:53:\"upload/settings/4a1f1b602322adb837a7a3547ee69cf3.jpeg\";last_login|s:19:\"2025-04-27 10:01:49\";last_logout|s:19:\"2025-04-27 10:09:39\";ip_address|s:11:\"172.68.7.62\";'
WHERE `id` = 'cc249a7a751fd0cc1a2b4459a2f0562269dfd58b';
UPDATE `top_member_rewards` SET `package_id` = '2', `title` = 'Luxury Resorts 8D/7N', `cost` = '0', `value` = '2570', `points` = '1800', `details` = '<p>Explore a world of luxury with access to over 3,500 destinations. Enjoy pristine beaches, gourmet dining, and endless entertainment, all included in your stay. Whether you seek relaxation or adventure, these resorts offer unforgettable experiences worldwide.</p><p><strong>8 days and 7 nights for 2 adults and 2 guests</strong></p><p><strong>Value: 2570 &nbsp;&nbsp;</strong><span style=\"color:hsl(0,75%,60%);\"><strong>98.83% OFF</strong></span></p>', `phone` = NULL, `address` = NULL, `category` = 'travel', `status` = 1, `date` = '2025-04-28 11:59:44', `image` = 'upload/benefits_pack_image/49b0a738a350eb3c00df6add7836323a.png'
WHERE `package_id` = '2';
INSERT INTO `top_memb_reward_country` (`package_id`, `country`, `state`, `image`) VALUES ('2', '223', '4307', 'upload/benefits_pack_image/91ae5553b85d2d4db5ebc6018f32db28.png');
UPDATE `ci_sessions` SET `timestamp` = 1745859594, `data` = '__ci_last_regenerate|i:1745859594;id|s:4:\"2019\";user_id|s:5:\"admin\";username|s:5:\"admin\";sponsor_id|s:1:\"0\";fullname|s:11:\"Alex Carrey\";email|s:15:\"admin@admin.com\";phone|s:10:\"1235467892\";isLogIn|b:1;'
WHERE `id` = 'a235f64daaf7e04288529abc6ba6f3114efffe0c';
UPDATE `ci_sessions` SET `timestamp` = 1745860101, `data` = '__ci_last_regenerate|i:1745860101;id|s:4:\"2071\";user_id|s:6:\"JHRDHS\";username|s:7:\"mbecena\";sponsor_id|s:6:\"CVVK4C\";fullname|s:12:\"Maria Becena\";email|s:21:\"mbecena@bellsouth.net\";phone|s:10:\"7862360387\";isLogIn|b:1;'
WHERE `id` = '408e44ba98f8efc28bce6b6bba2806bfcfdf4f3e';
UPDATE `user_registration` SET `popup_seen` = 'yes'
WHERE `user_id` = 'JHRDHS';
UPDATE `ci_sessions` SET `timestamp` = 1745860403, `data` = '__ci_last_regenerate|i:1745860403;captcha|s:4:\"abxb\";'
WHERE `id` = 'bf5cbb1924caec192da39adf884f368150c242dd';
INSERT INTO `login_history` (`user_id`, `device`, `ip_address`, `date`) VALUES ('U7SMZ8', 'Mozilla/5.0 (Macintosh; Intel Mac OS X 10_15_7) AppleWebKit/605.1.15 (KHTML, like Gecko) Version/17.6 Safari/605.1.15', '172.70.254.162', '25-04-28 12:13');
UPDATE `user_registration` SET `popup_seen` = 'yes'
WHERE `user_id` = 'U7SMZ8';
UPDATE `user_registration` SET `popup_seen` = 'yes'
WHERE `user_id` = 'U7SMZ8';
UPDATE `ci_sessions` SET `timestamp` = 1745860737, `data` = '__ci_last_regenerate|i:1745860737;id|s:4:\"2061\";user_id|s:6:\"U7SMZ8\";username|s:6:\"Clau66\";sponsor_id|s:6:\"UQO7EQ\";fullname|s:14:\"Claudia Pisana\";email|s:21:\"claujor06@hotmail.com\";phone|s:10:\"7863843449\";isLogIn|b:1;'
WHERE `id` = '8cb22a64966734ad27005d74989f1b99c071ef7a';
UPDATE `user_registration` SET `popup_seen` = 'yes'
WHERE `user_id` = 'U7SMZ8';
UPDATE `user_registration` SET `popup_seen` = 'no'
WHERE `user_id` = 'U7SMZ8';
DELETE FROM `ci_sessions`
WHERE `id` = 'c91a46a0ea141a628bb4422d228173ad73dee7b5';
UPDATE `ci_sessions` SET `timestamp` = 1745861725, `data` = '__ci_last_regenerate|i:1745861725;id|s:4:\"2034\";user_id|s:6:\"N6GZAE\";username|s:8:\"Mariposa\";sponsor_id|s:6:\"4E1CRI\";fullname|s:14:\"Emilio Tapanes\";email|s:25:\"emiliotapanes+7@gmail.com\";phone|s:10:\"7862876762\";isLogIn|b:1;'
WHERE `id` = '854b5896bd4b0e69f4b7cac563f42cc4178b67ae';
UPDATE `user_registration` SET `popup_seen` = 'yes'
WHERE `user_id` = 'N6GZAE';
UPDATE `ci_sessions` SET `timestamp` = 1745862789, `data` = '__ci_last_regenerate|i:1745862789;captcha|s:4:\"8k25\";'
WHERE `id` = 'd2a91dc33c5810c4dd8940d21956dae4ed89f86a';
UPDATE `ci_sessions` SET `timestamp` = 1745863099, `data` = '__ci_last_regenerate|i:1745863099;captcha|s:4:\"sybj\";'
WHERE `id` = '661375cf1f16ce050ea2f9d6253ccece05b4d878';
INSERT INTO `login_history` (`user_id`, `device`, `ip_address`, `date`) VALUES ('UQO7EQ', 'Mozilla/5.0 (Windows NT 10.0; Win64; x64) AppleWebKit/537.36 (KHTML, like Gecko) Chrome/135.0.0.0 Safari/537.36', '172.68.7.41', '25-04-28 13:19');
UPDATE `user_registration` SET `popup_seen` = 'yes'
WHERE `user_id` = 'UQO7EQ';
UPDATE `ci_sessions` SET `timestamp` = 1745865084, `data` = '__ci_last_regenerate|i:1745865084;id|s:4:\"2042\";user_id|s:6:\"UQO7EQ\";username|s:6:\"Rafa51\";sponsor_id|s:6:\"N6GZAE\";fullname|s:16:\"Rafael Rodriguez\";email|s:18:\"rafagana@yahoo.com\";phone|s:10:\"3057610606\";isLogIn|b:1;'
WHERE `id` = '2f4040faba0ed5e8a2c853ff4a18e397e623b8ab';
UPDATE `user_registration` SET `popup_seen` = 'yes'
WHERE `user_id` = 'UQO7EQ';
UPDATE `ci_sessions` SET `timestamp` = 1745865831, `data` = '__ci_last_regenerate|i:1745865831;id|s:4:\"2042\";user_id|s:6:\"UQO7EQ\";username|s:6:\"Rafa51\";sponsor_id|s:6:\"N6GZAE\";fullname|s:16:\"Rafael Rodriguez\";email|s:18:\"rafagana@yahoo.com\";phone|s:10:\"3057610606\";isLogIn|b:1;'
WHERE `id` = '41e108467c5a49221c8b2e57e240ff3c309f781f';
UPDATE `user_registration` SET `popup_seen` = 'yes'
WHERE `user_id` = 'UQO7EQ';
UPDATE `ci_sessions` SET `timestamp` = 1745866323, `data` = '__ci_last_regenerate|i:1745866323;captcha|s:4:\"ax2x\";'
WHERE `id` = 'c833ee168513d2fa4be36eb438c3619ec9ad2c38';
UPDATE `ci_sessions` SET `timestamp` = 1745866405, `data` = '__ci_last_regenerate|i:1745866405;id|s:4:\"2042\";user_id|s:6:\"UQO7EQ\";username|s:6:\"Rafa51\";sponsor_id|s:6:\"N6GZAE\";fullname|s:16:\"Rafael Rodriguez\";email|s:18:\"rafagana@yahoo.com\";phone|s:10:\"3057610606\";isLogIn|b:1;'
WHERE `id` = 'ec476b2b093623f35ac0ae66471952c7cbbc42a2';
UPDATE `user_registration` SET `popup_seen` = 'no'
WHERE `user_id` = 'UQO7EQ';
DELETE FROM `ci_sessions`
WHERE `id` = '6c0d3718fb212d0b23b20c5e1161d5d9572fdd8d';
INSERT INTO `login_history` (`user_id`, `device`, `ip_address`, `date`) VALUES ('UQO7EQ', 'Mozilla/5.0 (Windows NT 10.0; Win64; x64) AppleWebKit/537.36 (KHTML, like Gecko) Chrome/135.0.0.0 Safari/537.36', '172.70.254.39', '25-04-28 13:53');
UPDATE `user_registration` SET `popup_seen` = 'yes'
WHERE `user_id` = 'UQO7EQ';
INSERT INTO `login_history` (`user_id`, `device`, `ip_address`, `date`) VALUES ('2RSJNO', 'Mozilla/5.0 (iPhone; CPU iPhone OS 18_3_2 like Mac OS X) AppleWebKit/605.1.15 (KHTML, like Gecko) GSA/365.1.750410080 Mobile/15E148 Safari/604.1', '172.68.12.196', '25-04-28 13:54');
UPDATE `user_registration` SET `popup_seen` = 'yes'
WHERE `user_id` = '2RSJNO';
UPDATE `user_registration` SET `popup_seen` = 'no'
WHERE `user_id` = 'UQO7EQ';
DELETE FROM `ci_sessions`
WHERE `id` = '9c1f1350ebd6f699ab9bd4a9a795d3cc41080b08';
UPDATE `ci_sessions` SET `timestamp` = 1745866626, `data` = '__ci_last_regenerate|i:1745866626;captcha|s:4:\"tq8b\";'
WHERE `id` = '0a40027b60c0c8d406df2557687496e7e21cbab7';
UPDATE `ci_sessions` SET `timestamp` = 1745867370, `data` = '__ci_last_regenerate|i:1745867370;captcha|s:4:\"kory\";'
WHERE `id` = '6b416f03cc99c03bede54ad36e7c8fd9ee97f940';
INSERT INTO `login_history` (`user_id`, `device`, `ip_address`, `date`) VALUES ('UQO7EQ', 'Mozilla/5.0 (Windows NT 10.0; Win64; x64) AppleWebKit/537.36 (KHTML, like Gecko) Chrome/135.0.0.0 Safari/537.36', '172.70.255.41', '25-04-28 14:09');
UPDATE `user_registration` SET `popup_seen` = 'yes'
WHERE `user_id` = 'UQO7EQ';
UPDATE `user_registration` SET `popup_seen` = 'no'
WHERE `user_id` = 'UQO7EQ';
DELETE FROM `ci_sessions`
WHERE `id` = '6256dcb90dcebf3a3346c6cd0cbacc3c549121ef';
INSERT INTO `login_history` (`user_id`, `device`, `ip_address`, `date`) VALUES ('4VE7D1', 'Mozilla/5.0 (iPhone; CPU iPhone OS 18_3_2 like Mac OS X) AppleWebKit/605.1.15 (KHTML, like Gecko) Version/18.3.1 Mobile/15E148 Safari/604.1', '172.68.7.17', '25-04-28 14:50');
UPDATE `user_registration` SET `popup_seen` = 'yes'
WHERE `user_id` = '4VE7D1';
INSERT INTO `login_history` (`user_id`, `device`, `ip_address`, `date`) VALUES ('N6GZAE', 'Mozilla/5.0 (iPhone; CPU iPhone OS 18_3_2 like Mac OS X) AppleWebKit/605.1.15 (KHTML, like Gecko) Version/18.3.1 Mobile/15E148 Safari/604.1', '172.68.7.163', '25-04-28 14:52');
UPDATE `user_registration` SET `popup_seen` = 'yes'
WHERE `user_id` = 'N6GZAE';
UPDATE `ci_sessions` SET `timestamp` = 1745870644, `data` = '__ci_last_regenerate|i:1745870644;id|s:4:\"2034\";user_id|s:6:\"N6GZAE\";username|s:8:\"Mariposa\";sponsor_id|s:6:\"4E1CRI\";fullname|s:14:\"Emilio Tapanes\";email|s:25:\"emiliotapanes+7@gmail.com\";phone|s:10:\"7862876762\";isLogIn|b:1;'
WHERE `id` = '4fed78ec9750c3fea5ff90c4c0345bb1916d7902';
UPDATE `ci_sessions` SET `timestamp` = 1745870725, `data` = '__ci_last_regenerate|i:1745870725;id|s:4:\"2190\";user_id|s:6:\"2RSJNO\";username|s:8:\"yoel0221\";sponsor_id|s:6:\"QJ5U9C\";fullname|s:16:\"Yoel Ramos Gomez\";email|s:19:\"yoel21272@gmail.com\";phone|s:10:\"3053050150\";isLogIn|b:1;message|s:24:\"Welcome Yoel Ramos Gomez\";__ci_vars|a:1:{s:7:\"message\";s:3:\"old\";}'
WHERE `id` = '8a946d609d6cbf32b2bc18a0c591fbe38563f8c5';
UPDATE `user_registration` SET `popup_seen` = 'yes'
WHERE `user_id` = '2RSJNO';
INSERT INTO `login_history` (`user_id`, `device`, `ip_address`, `date`) VALUES ('PEABEG', 'Mozilla/5.0 (Windows NT 10.0; Win64; x64) AppleWebKit/537.36 (KHTML, like Gecko) Chrome/135.0.0.0 Safari/537.36 Edg/135.0.0.0', '172.69.132.204', '25-04-28 15:07');
UPDATE `user_registration` SET `popup_seen` = 'yes'
WHERE `user_id` = 'PEABEG';
UPDATE `user_registration` SET `popup_seen` = 'yes'
WHERE `user_id` = 'N6GZAE';
UPDATE `user_registration` SET `popup_seen` = 'yes'
WHERE `user_id` = 'PEABEG';
UPDATE `ci_sessions` SET `timestamp` = 1745871149, `data` = '__ci_last_regenerate|i:1745871149;captcha|s:4:\"q5pa\";'
WHERE `id` = '7697283975630600e204560dc79b982e13776866';
INSERT INTO `login_history` (`user_id`, `device`, `ip_address`, `date`) VALUES ('PXHCYN', 'Mozilla/5.0 (iPhone; CPU iPhone OS 18_3_2 like Mac OS X) AppleWebKit/605.1.15 (KHTML, like Gecko) Version/18.3.1 Mobile/15E148 Safari/604.1', '172.68.7.161', '25-04-28 15:12');
UPDATE `user_registration` SET `popup_seen` = 'yes'
WHERE `user_id` = 'PXHCYN';
UPDATE `user_registration` SET `popup_seen` = 'yes'
WHERE `user_id` = 'PXHCYN';
UPDATE `ci_sessions` SET `timestamp` = 1745871225, `data` = '__ci_last_regenerate|i:1745871225;id|s:4:\"2229\";user_id|s:6:\"PEABEG\";username|s:8:\"Gil.1972\";sponsor_id|s:6:\"KSGBOZ\";fullname|s:12:\"Dariel Ramos\";email|s:21:\"yoeyury2024@gmail.com\";phone|s:10:\"7864005201\";isLogIn|b:1;'
WHERE `id` = 'e1cf85ea93e2236d541eec5ab0ada5ff9c8956e5';
UPDATE `ci_sessions` SET `timestamp` = 1745871952, `data` = '__ci_last_regenerate|i:1745871952;id|s:4:\"2190\";user_id|s:6:\"2RSJNO\";username|s:8:\"yoel0221\";sponsor_id|s:6:\"QJ5U9C\";fullname|s:16:\"Yoel Ramos Gomez\";email|s:19:\"yoel21272@gmail.com\";phone|s:10:\"3053050150\";isLogIn|b:1;message|s:24:\"Welcome Yoel Ramos Gomez\";__ci_vars|a:1:{s:7:\"message\";s:3:\"old\";}'
WHERE `id` = '8a946d609d6cbf32b2bc18a0c591fbe38563f8c5';
UPDATE `user_registration` SET `popup_seen` = 'yes'
WHERE `user_id` = '2RSJNO';
UPDATE `ci_sessions` SET `timestamp` = 1745873301, `data` = '__ci_last_regenerate|i:1745873301;id|s:4:\"2270\";user_id|s:6:\"4VE7D1\";username|s:9:\"Ibarzabal\";sponsor_id|s:6:\"JHRDHS\";fullname|s:24:\"Carousel Barber Shop Inc\";email|s:24:\"frankibarzabal@gmail.com\";phone|s:10:\"7862307398\";isLogIn|b:1;message|s:29:\"Request Accessed Successfully\";__ci_vars|a:1:{s:7:\"message\";s:3:\"old\";}'
WHERE `id` = '83e18e492954a60d357510f581a50a69eaa49d69';
UPDATE `user_registration` SET `popup_seen` = 'yes'
WHERE `user_id` = '4VE7D1';
INSERT INTO `login_history` (`user_id`, `device`, `ip_address`, `date`) VALUES ('U7SMZ8', 'Mozilla/5.0 (Macintosh; Intel Mac OS X 10_15_7) AppleWebKit/605.1.15 (KHTML, like Gecko) Version/17.6 Safari/605.1.15', '172.68.12.132', '25-04-28 16:09');
UPDATE `user_registration` SET `popup_seen` = 'yes'
WHERE `user_id` = 'U7SMZ8';
UPDATE `user_registration` SET `popup_seen` = 'yes'
WHERE `user_id` = 'U7SMZ8';
UPDATE `user_registration` SET `popup_seen` = 'no'
WHERE `user_id` = 'U7SMZ8';
DELETE FROM `ci_sessions`
WHERE `id` = '8d174507659c0e2d784405c5443e473a61b65abd';
INSERT INTO `login_history` (`user_id`, `device`, `ip_address`, `date`) VALUES ('N6GZAE', 'Mozilla/5.0 (Windows NT 10.0; Win64; x64) AppleWebKit/537.36 (KHTML, like Gecko) Chrome/135.0.0.0 Safari/537.36', '172.68.12.144', '25-04-28 16:52');
UPDATE `user_registration` SET `popup_seen` = 'yes'
WHERE `user_id` = 'N6GZAE';
INSERT INTO `login_history` (`user_id`, `device`, `ip_address`, `date`) VALUES ('UQO7EQ', 'Mozilla/5.0 (Windows NT 10.0; Win64; x64) AppleWebKit/537.36 (KHTML, like Gecko) Chrome/135.0.0.0 Safari/537.36', '172.68.7.202', '25-04-28 16:53');
UPDATE `user_registration` SET `popup_seen` = 'yes'
WHERE `user_id` = 'UQO7EQ';
DELETE FROM `add_cart`
WHERE `id` = '76';
UPDATE `ci_sessions` SET `timestamp` = 1745877393, `data` = '__ci_last_regenerate|i:1745877393;captcha|s:4:\"ogrn\";'
WHERE `id` = '0f014401c1796bdf66008088cf64d7a750d1f4ca';
INSERT INTO `login_history` (`user_id`, `device`, `ip_address`, `date`) VALUES ('U7SMZ8', 'Mozilla/5.0 (Macintosh; Intel Mac OS X 10_15_7) AppleWebKit/605.1.15 (KHTML, like Gecko) Version/17.6 Safari/605.1.15', '172.69.132.177', '25-04-28 16:56');
UPDATE `user_registration` SET `popup_seen` = 'yes'
WHERE `user_id` = 'U7SMZ8';
UPDATE `ci_sessions` SET `timestamp` = 1745877450, `data` = '__ci_last_regenerate|i:1745877450;id|s:4:\"2034\";user_id|s:6:\"N6GZAE\";username|s:8:\"Mariposa\";sponsor_id|s:6:\"4E1CRI\";fullname|s:14:\"Emilio Tapanes\";email|s:25:\"emiliotapanes+7@gmail.com\";phone|s:10:\"7862876762\";isLogIn|b:1;'
WHERE `id` = '17bf6ac747de14c9d7349cc074c3558f62318365';
UPDATE `user_registration` SET `popup_seen` = 'yes'
WHERE `user_id` = 'U7SMZ8';
UPDATE `user_registration` SET `popup_seen` = 'no'
WHERE `user_id` = 'U7SMZ8';
DELETE FROM `ci_sessions`
WHERE `id` = '15332f03b97a6c7e54bbdffb4e73ccc9bc262323';
UPDATE `ci_sessions` SET `timestamp` = 1745877481, `data` = '__ci_last_regenerate|i:1745877481;id|s:4:\"2042\";user_id|s:6:\"UQO7EQ\";username|s:6:\"Rafa51\";sponsor_id|s:6:\"N6GZAE\";fullname|s:16:\"Rafael Rodriguez\";email|s:18:\"rafagana@yahoo.com\";phone|s:10:\"3057610606\";isLogIn|b:1;'
WHERE `id` = 'e6a9760afe38f0a52cf50d865fe6d9ba8c4dd19b';
UPDATE `user_registration` SET `popup_seen` = 'yes'
WHERE `user_id` = 'UQO7EQ';
UPDATE `user_registration` SET `popup_seen` = 'no'
WHERE `user_id` = 'N6GZAE';
DELETE FROM `ci_sessions`
WHERE `id` = '84f7dd7b36a1c5c236da2c7cde19251903090b87';
INSERT INTO `login_history` (`user_id`, `device`, `ip_address`, `date`) VALUES ('UQO7EQ', 'Mozilla/5.0 (Windows NT 10.0; Win64; x64) AppleWebKit/537.36 (KHTML, like Gecko) Chrome/135.0.0.0 Safari/537.36', '172.68.7.139', '25-04-28 17:01');
UPDATE `user_registration` SET `popup_seen` = 'yes'
WHERE `user_id` = 'UQO7EQ';
UPDATE `user_registration` SET `popup_seen` = 'yes'
WHERE `user_id` = 'UQO7EQ';
UPDATE `user_registration` SET `popup_seen` = 'yes'
WHERE `user_id` = 'UQO7EQ';
UPDATE `user_registration` SET `popup_seen` = 'yes'
WHERE `user_id` = 'UQO7EQ';
UPDATE `user_registration` SET `popup_seen` = 'no'
WHERE `user_id` = 'UQO7EQ';
DELETE FROM `ci_sessions`
WHERE `id` = '93834465a269b2cf392317bc5ce7b6520d9ccc8c';
UPDATE `ci_sessions` SET `timestamp` = 1745877785, `data` = '__ci_last_regenerate|i:1745877785;id|s:4:\"2042\";user_id|s:6:\"UQO7EQ\";username|s:6:\"Rafa51\";sponsor_id|s:6:\"N6GZAE\";fullname|s:16:\"Rafael Rodriguez\";email|s:18:\"rafagana@yahoo.com\";phone|s:10:\"3057610606\";isLogIn|b:1;'
WHERE `id` = '96a501d93ddb17a3b6c1f33277332162e0fdb60b';
UPDATE `user_registration` SET `popup_seen` = 'yes'
WHERE `user_id` = 'UQO7EQ';
UPDATE `user_registration` SET `popup_seen` = 'yes'
WHERE `user_id` = 'UQO7EQ';
UPDATE `user_registration` SET `popup_seen` = 'yes'
WHERE `user_id` = 'UQO7EQ';
UPDATE `user_registration` SET `popup_seen` = 'yes'
WHERE `user_id` = 'UQO7EQ';
UPDATE `user_registration` SET `popup_seen` = 'yes'
WHERE `user_id` = 'UQO7EQ';
INSERT INTO `login_history` (`user_id`, `device`, `ip_address`, `date`) VALUES ('UQO7EQ', 'Mozilla/5.0 (Windows NT 10.0; Win64; x64) AppleWebKit/537.36 (KHTML, like Gecko) Chrome/135.0.0.0 Safari/537.36', '172.70.82.83', '25-04-28 17:04');
UPDATE `user_registration` SET `popup_seen` = 'yes'
WHERE `user_id` = 'UQO7EQ';
UPDATE `user_registration` SET `popup_seen` = 'yes'
WHERE `user_id` = 'UQO7EQ';
UPDATE `user_registration` SET `popup_seen` = 'yes'
WHERE `user_id` = 'UQO7EQ';
UPDATE `ci_sessions` SET `timestamp` = 1745878123, `data` = '__ci_last_regenerate|i:1745878123;id|s:4:\"2042\";user_id|s:6:\"UQO7EQ\";username|s:6:\"Rafa51\";sponsor_id|s:6:\"N6GZAE\";fullname|s:16:\"Rafael Rodriguez\";email|s:18:\"rafagana@yahoo.com\";phone|s:10:\"3057610606\";isLogIn|b:1;'
WHERE `id` = 'f1e565e8824ed349f8fa78e01896b2ea077769fa';
UPDATE `user_registration` SET `popup_seen` = 'yes'
WHERE `user_id` = 'UQO7EQ';
UPDATE `user_registration` SET `popup_seen` = 'yes'
WHERE `user_id` = 'UQO7EQ';
UPDATE `user_registration` SET `popup_seen` = 'yes'
WHERE `user_id` = 'UQO7EQ';
UPDATE `user_registration` SET `popup_seen` = 'yes'
WHERE `user_id` = 'UQO7EQ';
UPDATE `ci_sessions` SET `timestamp` = 1745878520, `data` = '__ci_last_regenerate|i:1745878520;id|s:4:\"2042\";user_id|s:6:\"UQO7EQ\";username|s:6:\"Rafa51\";sponsor_id|s:6:\"N6GZAE\";fullname|s:16:\"Rafael Rodriguez\";email|s:18:\"rafagana@yahoo.com\";phone|s:10:\"3057610606\";isLogIn|b:1;'
WHERE `id` = 'bc86d76c14be20217c03a49644045632b19e6015';
UPDATE `ci_sessions` SET `timestamp` = 1745878826, `data` = '__ci_last_regenerate|i:1745878826;id|s:4:\"2042\";user_id|s:6:\"UQO7EQ\";username|s:6:\"Rafa51\";sponsor_id|s:6:\"N6GZAE\";fullname|s:16:\"Rafael Rodriguez\";email|s:18:\"rafagana@yahoo.com\";phone|s:10:\"3057610606\";isLogIn|b:1;'
WHERE `id` = '953a50c1c363748565e6a7f05661d6589e6d4156';
INSERT INTO `login_history` (`user_id`, `device`, `ip_address`, `date`) VALUES ('VQGPGZ', 'Mozilla/5.0 (Windows NT 10.0; Win64; x64) AppleWebKit/537.36 (KHTML, like Gecko) Chrome/135.0.0.0 Safari/537.36', '172.68.7.204', '25-04-28 17:20');
UPDATE `user_registration` SET `popup_seen` = 'yes'
WHERE `user_id` = 'VQGPGZ';
UPDATE `user_registration` SET `popup_seen` = 'yes'
WHERE `user_id` = 'UQO7EQ';
UPDATE `user_registration` SET `popup_seen` = 'yes'
WHERE `user_id` = 'UQO7EQ';
UPDATE `user_registration` SET `popup_seen` = 'yes'
WHERE `user_id` = 'UQO7EQ';
UPDATE `user_registration` SET `popup_seen` = 'yes'
WHERE `user_id` = 'UQO7EQ';
UPDATE `user_registration` SET `popup_seen` = 'yes'
WHERE `user_id` = 'UQO7EQ';
UPDATE `ci_sessions` SET `timestamp` = 1745879204, `data` = '__ci_last_regenerate|i:1745879204;id|s:4:\"2042\";user_id|s:6:\"UQO7EQ\";username|s:6:\"Rafa51\";sponsor_id|s:6:\"N6GZAE\";fullname|s:16:\"Rafael Rodriguez\";email|s:18:\"rafagana@yahoo.com\";phone|s:10:\"3057610606\";isLogIn|b:1;'
WHERE `id` = '65d6a03399f45d0d519eca5b179a9ee174f4e84e';
INSERT INTO `login_history` (`user_id`, `device`, `ip_address`, `date`) VALUES ('JHRDHS', 'Mozilla/5.0 (iPhone; CPU iPhone OS 18_4_1 like Mac OS X) AppleWebKit/605.1.15 (KHTML, like Gecko) Version/18.4 Mobile/15E148 Safari/604.1', '172.68.7.202', '25-04-28 17:41');
UPDATE `user_registration` SET `popup_seen` = 'yes'
WHERE `user_id` = 'JHRDHS';
UPDATE `ci_sessions` SET `timestamp` = 1745881001, `data` = '__ci_last_regenerate|i:1745881001;id|s:4:\"2042\";user_id|s:6:\"UQO7EQ\";username|s:6:\"Rafa51\";sponsor_id|s:6:\"N6GZAE\";fullname|s:16:\"Rafael Rodriguez\";email|s:18:\"rafagana@yahoo.com\";phone|s:10:\"3057610606\";isLogIn|b:1;'
WHERE `id` = '65d6a03399f45d0d519eca5b179a9ee174f4e84e';
UPDATE `ci_sessions` SET `timestamp` = 1745881172, `data` = '__ci_last_regenerate|i:1745881172;id|s:4:\"2071\";user_id|s:6:\"JHRDHS\";username|s:7:\"mbecena\";sponsor_id|s:6:\"CVVK4C\";fullname|s:12:\"Maria Becena\";email|s:21:\"mbecena@bellsouth.net\";phone|s:10:\"7862360387\";isLogIn|b:1;message|s:20:\"Welcome Maria Becena\";__ci_vars|a:1:{s:7:\"message\";s:3:\"old\";}'
WHERE `id` = '6204bb9323ad72f83d4ecff4fbad766496c698a3';
UPDATE `user_registration` SET `popup_seen` = 'yes'
WHERE `user_id` = 'JHRDHS';
UPDATE `user_registration` SET `popup_seen` = 'yes'
WHERE `user_id` = 'JHRDHS';
UPDATE `ci_sessions` SET `timestamp` = 1745881322, `data` = '__ci_last_regenerate|i:1745881322;id|s:4:\"2042\";user_id|s:6:\"UQO7EQ\";username|s:6:\"Rafa51\";sponsor_id|s:6:\"N6GZAE\";fullname|s:16:\"Rafael Rodriguez\";email|s:18:\"rafagana@yahoo.com\";phone|s:10:\"3057610606\";isLogIn|b:1;'
WHERE `id` = 'ad241f7a8abf31ae64ebbfe2a8c3d7036b298d49';
UPDATE `user_registration` SET `popup_seen` = 'no'
WHERE `user_id` = 'UQO7EQ';
DELETE FROM `ci_sessions`
WHERE `id` = '2c1f208207c6136ecced1cd518dbb1b8d5723b82';
INSERT INTO `login_history` (`user_id`, `device`, `ip_address`, `date`) VALUES ('UQO7EQ', 'Mozilla/5.0 (Windows NT 10.0; Win64; x64) AppleWebKit/537.36 (KHTML, like Gecko) Chrome/135.0.0.0 Safari/537.36', '108.162.210.226', '25-04-28 18:02');
UPDATE `user_registration` SET `popup_seen` = 'yes'
WHERE `user_id` = 'UQO7EQ';
UPDATE `user_registration` SET `popup_seen` = 'yes'
WHERE `user_id` = 'UQO7EQ';
UPDATE `user_registration` SET `popup_seen` = 'yes'
WHERE `user_id` = 'UQO7EQ';
UPDATE `user_registration` SET `popup_seen` = 'no'
WHERE `user_id` = 'UQO7EQ';
DELETE FROM `ci_sessions`
WHERE `id` = '2088bea73206e0431b8ec6e9f5c0400fff02f039';
UPDATE `ci_sessions` SET `timestamp` = 1745882459, `data` = '__ci_last_regenerate|i:1745882459;id|s:4:\"2071\";user_id|s:6:\"JHRDHS\";username|s:7:\"mbecena\";sponsor_id|s:6:\"CVVK4C\";fullname|s:12:\"Maria Becena\";email|s:21:\"mbecena@bellsouth.net\";phone|s:10:\"7862360387\";isLogIn|b:1;'
WHERE `id` = '99a305a29ff9e2c9460a88b84294dd3b9e2f9593';
UPDATE `user_registration` SET `popup_seen` = 'yes'
WHERE `user_id` = 'JHRDHS';
INSERT INTO `login_history` (`user_id`, `device`, `ip_address`, `date`) VALUES ('IYCRUH', 'Mozilla/5.0 (Macintosh; Intel Mac OS X 10_15_7) AppleWebKit/605.1.15 (KHTML, like Gecko) Version/18.3 Safari/605.1.15', '172.70.255.84', '25-04-28 18:30');
UPDATE `user_registration` SET `popup_seen` = 'yes'
WHERE `user_id` = 'IYCRUH';
UPDATE `user_registration` SET `language` = 'spanish'
WHERE `user_id` = 'IYCRUH';
UPDATE `user_registration` SET `popup_seen` = 'yes'
WHERE `user_id` = 'IYCRUH';
UPDATE `user_registration` SET `popup_seen` = 'no'
WHERE `user_id` = 'IYCRUH';
DELETE FROM `ci_sessions`
WHERE `id` = '05274fced2fb80bd97e89c10dd05ce24d36e4536';
UPDATE `ci_sessions` SET `timestamp` = 1745884353, `data` = '__ci_last_regenerate|i:1745884353;captcha|s:4:\"bot4\";'
WHERE `id` = '1aa6a09e1fb0c7e6f2d17e1703fb7610f77f3256';
INSERT INTO `login_history` (`user_id`, `device`, `ip_address`, `date`) VALUES ('UQO7EQ', 'Mozilla/5.0 (Windows NT 10.0; Win64; x64) AppleWebKit/537.36 (KHTML, like Gecko) Chrome/135.0.0.0 Safari/537.36', '172.70.83.137', '25-04-28 18:52');
INSERT INTO `login_history` (`user_id`, `device`, `ip_address`, `date`) VALUES ('UQO7EQ', 'Mozilla/5.0 (Windows NT 10.0; Win64; x64) AppleWebKit/537.36 (KHTML, like Gecko) Chrome/135.0.0.0 Safari/537.36', '172.70.82.212', '25-04-28 18:52');
UPDATE `user_registration` SET `popup_seen` = 'yes'
WHERE `user_id` = 'UQO7EQ';
UPDATE `user_registration` SET `popup_seen` = 'yes'
WHERE `user_id` = 'UQO7EQ';
UPDATE `user_registration` SET `popup_seen` = 'yes'
WHERE `user_id` = 'UQO7EQ';
UPDATE `user_registration` SET `popup_seen` = 'no'
WHERE `user_id` = 'UQO7EQ';
DELETE FROM `ci_sessions`
WHERE `id` = '1aa6a09e1fb0c7e6f2d17e1703fb7610f77f3256';
UPDATE `user_registration` SET `popup_seen` = 'no'
WHERE `user_id` IS NULL;
DELETE FROM `ci_sessions`
WHERE `id` = '1aa6a09e1fb0c7e6f2d17e1703fb7610f77f3256';
INSERT INTO `login_history` (`user_id`, `device`, `ip_address`, `date`) VALUES ('HSP8ZI', 'Mozilla/5.0 (Linux; Android 10; K) AppleWebKit/537.36 (KHTML, like Gecko) Chrome/135.0.0.0 Mobile Safari/537.36', '108.162.212.67', '25-04-28 18:55');
UPDATE `user_registration` SET `popup_seen` = 'yes'
WHERE `user_id` = 'HSP8ZI';
UPDATE `user_registration` SET `popup_seen` = 'no'
WHERE `user_id` = 'HSP8ZI';
DELETE FROM `ci_sessions`
WHERE `id` = '1dffdc30bc9248c8ae8a096a4feed3a327d771d1';
INSERT INTO `login_history` (`user_id`, `device`, `ip_address`, `date`) VALUES ('44B9Y4', 'Mozilla/5.0 (Linux; Android 10; K) AppleWebKit/537.36 (KHTML, like Gecko) Chrome/135.0.0.0 Mobile Safari/537.36', '172.68.12.133', '25-04-28 19:18');
UPDATE `user_registration` SET `popup_seen` = 'yes'
WHERE `user_id` = '44B9Y4';
UPDATE `user_registration` SET `popup_seen` = 'yes'
WHERE `user_id` = '44B9Y4';
INSERT INTO `login_history` (`user_id`, `device`, `ip_address`, `date`) VALUES ('JHRDHS', 'Mozilla/5.0 (Macintosh; Intel Mac OS X 10_15_7) AppleWebKit/605.1.15 (KHTML, like Gecko) Version/17.6 Safari/605.1.15', '172.70.254.141', '25-04-28 19:40');
UPDATE `user_registration` SET `popup_seen` = 'yes'
WHERE `user_id` = 'JHRDHS';
UPDATE `ci_sessions` SET `timestamp` = 1745887483, `data` = '__ci_last_regenerate|i:1745887483;id|s:4:\"2071\";user_id|s:6:\"JHRDHS\";username|s:7:\"mbecena\";sponsor_id|s:6:\"CVVK4C\";fullname|s:12:\"Maria Becena\";email|s:21:\"mbecena@bellsouth.net\";phone|s:10:\"7862360387\";isLogIn|b:1;'
WHERE `id` = '77ab737ed134443a75ff4d32cef9ecb5c9126d1c';
UPDATE `user_registration` SET `popup_seen` = 'yes'
WHERE `user_id` = 'JHRDHS';
UPDATE `ci_sessions` SET `timestamp` = 1745887925, `data` = '__ci_last_regenerate|i:1745887925;id|s:4:\"2071\";user_id|s:6:\"JHRDHS\";username|s:7:\"mbecena\";sponsor_id|s:6:\"CVVK4C\";fullname|s:12:\"Maria Becena\";email|s:21:\"mbecena@bellsouth.net\";phone|s:10:\"7862360387\";isLogIn|b:1;'
WHERE `id` = 'e54995d8b0de983b4ae12fce643bed473a036397';
UPDATE `user_registration` SET `popup_seen` = 'yes'
WHERE `user_id` = 'JHRDHS';
UPDATE `user_registration` SET `popup_seen` = 'no'
WHERE `user_id` = 'JHRDHS';
DELETE FROM `ci_sessions`
WHERE `id` = '4021e9e34f523185af35e23fd4ab03978525627b';
INSERT INTO `login_history` (`user_id`, `device`, `ip_address`, `date`) VALUES ('2RSJNO', 'Mozilla/5.0 (Windows NT 10.0; Win64; x64) AppleWebKit/537.36 (KHTML, like Gecko) Chrome/132.0.0.0 Safari/537.36', '172.70.82.122', '25-04-28 19:56');
UPDATE `user_registration` SET `popup_seen` = 'yes'
WHERE `user_id` = '2RSJNO';
INSERT INTO `login_history` (`user_id`, `device`, `ip_address`, `date`) VALUES ('4VE7D1', 'Mozilla/5.0 (Macintosh; Intel Mac OS X 10_15_7) AppleWebKit/605.1.15 (KHTML, like Gecko) Version/17.6 Safari/605.1.15', '172.68.7.204', '25-04-28 19:57');
UPDATE `user_registration` SET `popup_seen` = 'yes'
WHERE `user_id` = '4VE7D1';
UPDATE `user_registration` SET `popup_seen` = 'yes'
WHERE `user_id` = '4VE7D1';
UPDATE `ci_sessions` SET `timestamp` = 1745888392, `data` = '__ci_last_regenerate|i:1745888392;id|s:4:\"2270\";user_id|s:6:\"4VE7D1\";username|s:9:\"Ibarzabal\";sponsor_id|s:6:\"JHRDHS\";fullname|s:24:\"Carousel Barber Shop Inc\";email|s:24:\"frankibarzabal@gmail.com\";phone|s:10:\"7862307398\";isLogIn|b:1;'
WHERE `id` = 'c926c988583db3daa7bf16dd4de3e2629396a2b3';
UPDATE `user_registration` SET `popup_seen` = 'yes'
WHERE `user_id` = '4VE7D1';
UPDATE `user_registration` SET `popup_seen` = 'yes'
WHERE `user_id` = '4VE7D1';
UPDATE `ci_sessions` SET `timestamp` = 1745888723, `data` = '__ci_last_regenerate|i:1745888723;id|s:4:\"2270\";user_id|s:6:\"4VE7D1\";username|s:9:\"Ibarzabal\";sponsor_id|s:6:\"JHRDHS\";fullname|s:24:\"Carousel Barber Shop Inc\";email|s:24:\"frankibarzabal@gmail.com\";phone|s:10:\"7862307398\";isLogIn|b:1;'
WHERE `id` = 'f2826ee2e5f5f42c940127ac1d8df0447c837d53';
UPDATE `user_registration` SET `language` = 'spanish'
WHERE `user_id` = '4VE7D1';
UPDATE `ci_sessions` SET `timestamp` = 1745889559, `data` = '__ci_last_regenerate|i:1745889559;id|s:4:\"2021\";user_id|s:6:\"44B9Y4\";username|s:7:\"Talimbi\";sponsor_id|s:5:\"admin\";fullname|s:14:\"Emilio Tapanes\";email|s:23:\"emiliotapanes@gmail.com\";phone|s:10:\"7862876762\";isLogIn|b:1;'
WHERE `id` = '825c8fc3497295d9fccbba712890e065e4b62399';
UPDATE `user_registration` SET `popup_seen` = 'yes'
WHERE `user_id` = '44B9Y4';
UPDATE `ci_sessions` SET `timestamp` = 1745889635, `data` = '__ci_last_regenerate|i:1745889635;id|s:4:\"2270\";user_id|s:6:\"4VE7D1\";username|s:9:\"Ibarzabal\";sponsor_id|s:6:\"JHRDHS\";fullname|s:24:\"Carousel Barber Shop Inc\";email|s:24:\"frankibarzabal@gmail.com\";phone|s:10:\"7862307398\";isLogIn|b:1;'
WHERE `id` = '67c3bf62ec985b465deaba15afeb85dce7aceb8f';
INSERT INTO `benefits_pack_purchase_history` (`user_id`, `packge_id`, `amount`, `value`, `point`, `image`, `image_id`, `country`, `city`, `available_points`, `conversion_point_rate`, `package_title`, `date`, `type`, `full_name`, `phone`, `email`) VALUES ('4VE7D1', '1', '0', '0', '0', 'upload/reward_image/39843bf4a64af938bb0b12f2e8b0d198.png', '5', '223', '4265', '150', '1', 'The Journey Begins', '2025-04-28 20:23:55', 'benefits_pack_claim', 'Frank Ibarzabal', '7862307398', 'frankibarzabal@gmail.com');
INSERT INTO `login_history` (`user_id`, `device`, `ip_address`, `date`) VALUES ('AQJLZA', 'Mozilla/5.0 (Windows NT 10.0; Win64; x64) AppleWebKit/537.36 (KHTML, like Gecko) Chrome/135.0.0.0 Safari/537.36 Edg/135.0.0.0', '172.68.12.142', '25-04-28 21:17');
UPDATE `user_registration` SET `popup_seen` = 'yes'
WHERE `user_id` = 'AQJLZA';
INSERT INTO `login_history` (`user_id`, `device`, `ip_address`, `date`) VALUES ('XXI66Z', 'Mozilla/5.0 (Linux; Android 10; K) AppleWebKit/537.36 (KHTML, like Gecko) Chrome/135.0.0.0 Mobile Safari/537.36', '172.70.255.248', '25-04-28 21:20');
UPDATE `user_registration` SET `popup_seen` = 'yes'
WHERE `user_id` = 'XXI66Z';
UPDATE `ci_sessions` SET `timestamp` = 1745893331, `data` = '__ci_last_regenerate|i:1745893331;id|s:4:\"2214\";user_id|s:6:\"AQJLZA\";username|s:9:\"ariadne04\";sponsor_id|s:6:\"JHRDHS\";fullname|s:16:\"Fernando Herrera\";email|s:29:\"fernandoherrera1717@gmail.com\";phone|s:10:\"7862537035\";isLogIn|b:1;'
WHERE `id` = '382611035c9476cfb96bf035e139ce610de6658c';
UPDATE `ci_sessions` SET `timestamp` = 1745893352, `data` = '__ci_last_regenerate|i:1745893352;id|s:4:\"2089\";user_id|s:6:\"XXI66Z\";username|s:7:\"Nory722\";sponsor_id|s:6:\"U7SMZ8\";fullname|s:11:\"Nora Cuenca\";email|s:24:\"nora.cuenca722@gmail.com\";phone|s:10:\"3054949030\";isLogIn|b:1;'
WHERE `id` = 'e403e2895900b29b3a0337a1f758104b5279715d';
UPDATE `user_registration` SET `popup_seen` = 'yes'
WHERE `user_id` = 'XXI66Z';
UPDATE `user_registration` SET `popup_seen` = 'yes'
WHERE `user_id` = 'XXI66Z';
UPDATE `user_registration` SET `popup_seen` = 'yes'
WHERE `user_id` = 'AQJLZA';
UPDATE `ci_sessions` SET `timestamp` = 1745893767, `data` = '__ci_last_regenerate|i:1745893767;id|s:4:\"2214\";user_id|s:6:\"AQJLZA\";username|s:9:\"ariadne04\";sponsor_id|s:6:\"JHRDHS\";fullname|s:16:\"Fernando Herrera\";email|s:29:\"fernandoherrera1717@gmail.com\";phone|s:10:\"7862537035\";isLogIn|b:1;'
WHERE `id` = '08ae3158a3d4d27202ab1c2d4a13adfb6c5febcb';
UPDATE `ci_sessions` SET `timestamp` = 1745893772, `data` = '__ci_last_regenerate|i:1745893772;id|s:4:\"2089\";user_id|s:6:\"XXI66Z\";username|s:7:\"Nory722\";sponsor_id|s:6:\"U7SMZ8\";fullname|s:11:\"Nora Cuenca\";email|s:24:\"nora.cuenca722@gmail.com\";phone|s:10:\"3054949030\";isLogIn|b:1;'
WHERE `id` = 'fbee563e37d10e054226ac2c0b5257eb16d6112a';
UPDATE `user_registration` SET `popup_seen` = 'yes'
WHERE `user_id` = 'XXI66Z';
INSERT INTO `login_history` (`user_id`, `device`, `ip_address`, `date`) VALUES ('DSVFR5', 'Mozilla/5.0 (Windows NT 10.0; Win64; x64) AppleWebKit/537.36 (KHTML, like Gecko) Chrome/135.0.0.0 Safari/537.36', '172.68.12.95', '25-04-28 21:32');
UPDATE `user_registration` SET `popup_seen` = 'yes'
WHERE `user_id` = 'DSVFR5';
INSERT INTO `login_history` (`user_id`, `device`, `ip_address`, `date`) VALUES ('UQO7EQ', 'Mozilla/5.0 (Windows NT 10.0; Win64; x64) AppleWebKit/537.36 (KHTML, like Gecko) Chrome/135.0.0.0 Safari/537.36', '172.70.254.208', '25-04-28 21:38');
UPDATE `user_registration` SET `popup_seen` = 'yes'
WHERE `user_id` = 'UQO7EQ';
UPDATE `user_registration` SET `popup_seen` = 'no'
WHERE `user_id` = 'UQO7EQ';
DELETE FROM `ci_sessions`
WHERE `id` = 'b0e1b26a0e509043b44226f9ea76e6b2d787443a';
INSERT INTO `login_history` (`user_id`, `device`, `ip_address`, `date`) VALUES ('U7SMZ8', 'Mozilla/5.0 (Macintosh; Intel Mac OS X 10_15_7) AppleWebKit/605.1.15 (KHTML, like Gecko) Version/17.6 Safari/605.1.15', '172.68.12.128', '25-04-28 21:46');
UPDATE `user_registration` SET `popup_seen` = 'yes'
WHERE `user_id` = 'U7SMZ8';
UPDATE `user_registration` SET `popup_seen` = 'no'
WHERE `user_id` = 'U7SMZ8';
DELETE FROM `ci_sessions`
WHERE `id` = '81591ec7013ba5ccaaab671cd1cdf95f3020030b';
UPDATE `ci_sessions` SET `timestamp` = 1745894955, `data` = '__ci_last_regenerate|i:1745894955;id|s:4:\"2214\";user_id|s:6:\"AQJLZA\";username|s:9:\"ariadne04\";sponsor_id|s:6:\"JHRDHS\";fullname|s:16:\"Fernando Herrera\";email|s:29:\"fernandoherrera1717@gmail.com\";phone|s:10:\"7862537035\";isLogIn|b:1;'
WHERE `id` = '3a7b99279f3f2761359c539a64d461fdde64172b';
UPDATE `user_registration` SET `language` = 'spanish'
WHERE `user_id` = 'AQJLZA';
INSERT INTO `login_history` (`user_id`, `device`, `ip_address`, `date`) VALUES ('UQO7EQ', 'Mozilla/5.0 (Linux; Android 10; K) AppleWebKit/537.36 (KHTML, like Gecko) Chrome/131.0.0.0 Mobile Safari/537.36', '172.68.7.89', '25-04-28 22:06');
UPDATE `user_registration` SET `popup_seen` = 'yes'
WHERE `user_id` = 'UQO7EQ';
UPDATE `user_registration` SET `popup_seen` = 'no'
WHERE `user_id` = 'UQO7EQ';
DELETE FROM `ci_sessions`
WHERE `id` = '437e8bbbe483a1218d31e623425fd73bcd118fc8';
INSERT INTO `login_history` (`user_id`, `device`, `ip_address`, `date`) VALUES ('QRE21J', 'Mozilla/5.0 (Macintosh; Intel Mac OS X 10_15_7) AppleWebKit/605.1.15 (KHTML, like Gecko) Version/18.3 Safari/605.1.15', '172.70.255.65', '25-04-28 22:30');
UPDATE `user_registration` SET `popup_seen` = 'yes'
WHERE `user_id` = 'QRE21J';
UPDATE `ci_sessions` SET `timestamp` = 1745897874, `data` = '__ci_last_regenerate|i:1745897874;id|s:4:\"2153\";user_id|s:6:\"QRE21J\";username|s:10:\"fyomaris75\";sponsor_id|s:6:\"QJ5U9C\";fullname|s:17:\"Yomaris Fernandez\";email|s:18:\"fyomaris@ymail.com\";phone|s:10:\"7862371360\";isLogIn|b:1;'
WHERE `id` = 'ff0e09ce87220daa589c4ba55df363089193d196';
INSERT INTO `login_history` (`user_id`, `device`, `ip_address`, `date`) VALUES ('XXI66Z', 'Mozilla/5.0 (Windows NT 10.0; Win64; x64) AppleWebKit/537.36 (KHTML, like Gecko) Chrome/135.0.0.0 Safari/537.36', '172.71.156.134', '25-04-28 22:44');
UPDATE `user_registration` SET `popup_seen` = 'yes'
WHERE `user_id` = 'XXI66Z';
UPDATE `user_registration` SET `popup_seen` = 'yes'
WHERE `user_id` = 'XXI66Z';
UPDATE `ci_sessions` SET `timestamp` = 1745898702, `data` = '__ci_last_regenerate|i:1745898702;id|s:4:\"2089\";user_id|s:6:\"XXI66Z\";username|s:7:\"Nory722\";sponsor_id|s:6:\"U7SMZ8\";fullname|s:11:\"Nora Cuenca\";email|s:24:\"nora.cuenca722@gmail.com\";phone|s:10:\"3054949030\";isLogIn|b:1;'
WHERE `id` = '83f148d1218ebed720d6c678bbd53302d4ac8cfd';
UPDATE `user_registration` SET `popup_seen` = 'yes'
WHERE `user_id` = 'XXI66Z';
UPDATE `user_registration` SET `popup_seen` = 'yes'
WHERE `user_id` = 'XXI66Z';
UPDATE `user_registration` SET `popup_seen` = 'yes'
WHERE `user_id` = 'XXI66Z';
UPDATE `user_registration` SET `popup_seen` = 'yes'
WHERE `user_id` = 'XXI66Z';
UPDATE `user_registration` SET `popup_seen` = 'yes'
WHERE `user_id` = 'XXI66Z';
UPDATE `user_registration` SET `language` = 'english'
WHERE `user_id` = 'XXI66Z';
UPDATE `user_registration` SET `popup_seen` = 'yes'
WHERE `user_id` = 'XXI66Z';
INSERT INTO `temp_register` (`post_data`, `date`, `payment_method`, `type`) VALUES ('{\"user_id\":\"XXI66Z\",\"package_id\":\"2\",\"amount\":\"150\",\"payment_method\":\"stripe\",\"date\":\"2025-04-28 22:55:03\"}', '2025-04-28 22:55:03', 'stripe', 'renew');
UPDATE `temp_register` SET `response` = '{\"stripeToken\":\"tok_1RJ5HQ2NUoYUjiuucfV6WBhm\",\"stripeTokenType\":\"card\",\"stripeEmail\":\"nora.cuenca722@gmail.com\"}', `date_modified` = '2025-04-28 22:56:29', `payment_status` = '{\"id\":\"ch_3RJ5HV2NUoYUjiuu03bgj9En\",\"object\":\"charge\",\"amount\":15000,\"amount_captured\":15000,\"amount_refunded\":0,\"application\":null,\"application_fee\":null,\"application_fee_amount\":null,\"balance_transaction\":\"txn_3RJ5HV2NUoYUjiuu06ZVdtv9\",\"billing_details\":{\"address\":{\"city\":null,\"country\":null,\"line1\":null,\"line2\":null,\"postal_code\":null,\"state\":null},\"email\":null,\"name\":\"nora.cuenca722@gmail.com\",\"phone\":null,\"tax_id\":null},\"calculated_statement_descriptor\":\"TRAVELEGENDCY LLC\",\"captured\":true,\"created\":1745898989,\"currency\":\"usd\",\"customer\":\"cus_SDWK2lHVy426Qu\",\"description\":null,\"destination\":null,\"dispute\":null,\"disputed\":false,\"failure_balance_transaction\":null,\"failure_code\":null,\"failure_message\":null,\"fraud_details\":[],\"invoice\":null,\"livemode\":true,\"metadata\":{\"name\":\"Nora Cuenca\",\"username\":\"Nory722\"},\"on_behalf_of\":null,\"order\":null,\"outcome\":{\"advice_code\":null,\"network_advice_code\":null,\"network_decline_code\":null,\"network_status\":\"approved_by_network\",\"reason\":null,\"risk_level\":\"normal\",\"seller_message\":\"Payment complete.\",\"type\":\"authorized\"},\"paid\":true,\"payment_intent\":null,\"payment_method\":\"card_1RJ5HQ2NUoYUjiuuELQ6sOdr\",\"payment_method_details\":{\"card\":{\"amount_authorized\":15000,\"authorization_code\":\"058023\",\"brand\":\"visa\",\"checks\":{\"address_line1_check\":null,\"address_postal_code_check\":null,\"cvc_check\":\"pass\"},\"country\":\"US\",\"exp_month\":3,\"exp_year\":2027,\"extended_authorization\":{\"status\":\"disabled\"},\"fingerprint\":\"sBd1pCX6Nshco8Wy\",\"funding\":\"debit\",\"incremental_authorization\":{\"status\":\"unavailable\"},\"installments\":null,\"last4\":\"9500\",\"mandate\":null,\"multicapture\":{\"status\":\"unavailable\"},\"network\":\"visa\",\"network_token\":{\"used\":false},\"network_transaction_id\":\"465119141894542\",\"overcapture\":{\"maximum_amount_capturable\":15000,\"status\":\"unavailable\"},\"regulated_status\":\"regulated\",\"three_d_secure\":null,\"wallet\":null},\"type\":\"card\"},\"receipt_email\":null,\"receipt_number\":null,\"receipt_url\":\"https:\\/\\/pay.stripe.com\\/receipts\\/payment\\/CAcQARoXChVhY2N0XzFRUEFGdjJOVW9ZVWppdXUo7pvBwAYyBq_ostKG3zosFifo52YH8XmatRdSJwfMNyV7MEzWKM3Sfo_p1Yb9Z7OHzbk5HzeGPveT5pI\",\"refunded\":false,\"review\":null,\"shipping\":null,\"source\":{\"id\":\"card_1RJ5HQ2NUoYUjiuuELQ6sOdr\",\"object\":\"card\",\"address_city\":null,\"address_country\":null,\"address_line1\":null,\"address_line1_check\":null,\"address_line2\":null,\"address_state\":null,\"address_zip\":null,\"address_zip_check\":null,\"allow_redisplay\":\"unspecified\",\"brand\":\"Visa\",\"country\":\"US\",\"customer\":\"cus_SDWK2lHVy426Qu\",\"cvc_check\":\"pass\",\"dynamic_last4\":null,\"exp_month\":3,\"exp_year\":2027,\"fingerprint\":\"sBd1pCX6Nshco8Wy\",\"funding\":\"debit\",\"last4\":\"9500\",\"metadata\":[],\"name\":\"nora.cuenca722@gmail.com\",\"regulated_status\":\"regulated\",\"tokenization_method\":null,\"wallet\":null},\"source_transfer\":null,\"statement_descriptor\":null,\"statement_descriptor_suffix\":null,\"status\":\"succeeded\",\"transfer_data\":null,\"transfer_group\":null}'
WHERE `id` = 356;
INSERT INTO `sub_history` (`user_id`, `package_id`, `amount`, `payment_method`, `date`) VALUES ('XXI66Z', '2', '150', 'Stripe', '2025-04-28 22:56:29');
UPDATE `user_registration` SET sub_point = ROUND(sub_point + 150,2)
WHERE `user_id` = 'XXI66Z';
INSERT INTO `investment` (`invest_date`, `user_id`, `type`, `amount`, `package_id`) VALUES ('2025-04-28 22:56:29', 'XXI66Z', 'subscription', '150', '2');
UPDATE `user_registration` SET total_points = ROUND(total_points + 150,2)
WHERE `user_id` = 'XXI66Z';
INSERT INTO `points_history` (`user_id`, `points`, `type`, `date`) VALUES ('XXI66Z', '150', 'subscription', '2025-04-28 22:56:');
UPDATE `bv_updation` SET right_carry = right_carry+150, total_right = total_right+150
WHERE `user_id` = '2MBPZI';
INSERT INTO `placement_bv_update_history` (`right_carry`, `date`, `from_id`, `user_id`) VALUES ('150', '2025-04-28 22:56:29', 'XXI66Z', '2MBPZI');
UPDATE `bv_updation` SET right_carry = right_carry+150, total_right = total_right+150
WHERE `user_id` = 'XHO8CJ';
INSERT INTO `placement_bv_update_history` (`right_carry`, `date`, `from_id`, `user_id`) VALUES ('150', '2025-04-28 22:56:29', 'XXI66Z', 'XHO8CJ');
UPDATE `bv_updation` SET right_carry = right_carry+150, total_right = total_right+150
WHERE `user_id` = 'U7SMZ8';
INSERT INTO `placement_bv_update_history` (`right_carry`, `date`, `from_id`, `user_id`) VALUES ('150', '2025-04-28 22:56:29', 'XXI66Z', 'U7SMZ8');
UPDATE `user_registration` SET `cycle_rank_id` = '1'
WHERE `user_id` = 'U7SMZ8';
INSERT INTO `rank_history` (`rank_id`, `user_id`, `name`, `bv`, `date`, `amount`, `type`) VALUES ('1', 'U7SMZ8', 'Affiliate', '0', '2025-04-28 22:56:29', '0', 'auto');
UPDATE `bv_updation` SET sponsor_right_carry = sponsor_right_carry+150, sponsor_total_right = sponsor_total_right+150
WHERE `user_id` = 'U7SMZ8';
INSERT INTO `sponsor_bv_update_history` (`right_carry`, `date`, `user_id`) VALUES ('150', '2025-04-28 22:56:29', 'U7SMZ8');
UPDATE `bv_updation` SET right_carry = right_carry+150, total_right = total_right+150
WHERE `user_id` = 'AABG7W';
INSERT INTO `placement_bv_update_history` (`right_carry`, `date`, `from_id`, `user_id`) VALUES ('150', '2025-04-28 22:56:29', 'XXI66Z', 'AABG7W');
UPDATE `user_registration` SET `cycle_rank_id` = '1'
WHERE `user_id` = 'AABG7W';
INSERT INTO `rank_history` (`rank_id`, `user_id`, `name`, `bv`, `date`, `amount`, `type`) VALUES ('1', 'AABG7W', 'Affiliate', '0', '2025-04-28 22:56:29', '0', 'auto');
UPDATE `bv_updation` SET right_carry = right_carry+150, total_right = total_right+150
WHERE `user_id` = '3ZDIFO';
INSERT INTO `placement_bv_update_history` (`right_carry`, `date`, `from_id`, `user_id`) VALUES ('150', '2025-04-28 22:56:29', 'XXI66Z', '3ZDIFO');
UPDATE `bv_updation` SET right_carry = right_carry+150, total_right = total_right+150
WHERE `user_id` = 'UQO7EQ';
INSERT INTO `placement_bv_update_history` (`right_carry`, `date`, `from_id`, `user_id`) VALUES ('150', '2025-04-28 22:56:29', 'XXI66Z', 'UQO7EQ');
UPDATE `user_registration` SET `cycle_rank_id` = '2'
WHERE `user_id` = 'UQO7EQ';
INSERT INTO `rank_history` (`rank_id`, `user_id`, `name`, `bv`, `date`, `amount`, `type`) VALUES ('2', 'UQO7EQ', 'Associate', '1200', '2025-04-28 22:56:29', '100', 'auto');
UPDATE `bv_updation` SET left_carry = left_carry+150, total_left = total_left+150
WHERE `user_id` = 'N6GZAE';
INSERT INTO `placement_bv_update_history` (`left_carry`, `date`, `from_id`, `user_id`) VALUES ('150', '2025-04-28 22:56:29', 'XXI66Z', 'N6GZAE');
UPDATE `user_registration` SET `cycle_rank_id` = '1'
WHERE `user_id` = 'N6GZAE';
INSERT INTO `rank_history` (`rank_id`, `user_id`, `name`, `bv`, `date`, `amount`, `type`) VALUES ('1', 'N6GZAE', 'Affiliate', '0', '2025-04-28 22:56:29', '0', 'auto');
UPDATE `bv_updation` SET left_carry = left_carry+150, total_left = total_left+150
WHERE `user_id` = '4E1CRI';
INSERT INTO `placement_bv_update_history` (`left_carry`, `date`, `from_id`, `user_id`) VALUES ('150', '2025-04-28 22:56:30', 'XXI66Z', '4E1CRI');
UPDATE `bv_updation` SET left_carry = left_carry+150, total_left = total_left+150
WHERE `user_id` = 'SJBNYJ';
INSERT INTO `placement_bv_update_history` (`left_carry`, `date`, `from_id`, `user_id`) VALUES ('150', '2025-04-28 22:56:30', 'XXI66Z', 'SJBNYJ');
UPDATE `user_registration` SET `cycle_rank_id` = '1'
WHERE `user_id` = 'SJBNYJ';
INSERT INTO `rank_history` (`rank_id`, `user_id`, `name`, `bv`, `date`, `amount`, `type`) VALUES ('1', 'SJBNYJ', 'Affiliate', '0', '2025-04-28 22:56:30', '0', 'auto');
UPDATE `bv_updation` SET left_carry = left_carry+150, total_left = total_left+150
WHERE `user_id` = '44B9Y4';
INSERT INTO `placement_bv_update_history` (`left_carry`, `date`, `from_id`, `user_id`) VALUES ('150', '2025-04-28 22:56:30', 'XXI66Z', '44B9Y4');
UPDATE `user_registration` SET `cycle_rank_id` = '1'
WHERE `user_id` = '44B9Y4';
INSERT INTO `rank_history` (`rank_id`, `user_id`, `name`, `bv`, `date`, `amount`, `type`) VALUES ('1', '44B9Y4', 'Affiliate', '0', '2025-04-28 22:56:30', '0', 'auto');
UPDATE `bv_updation` SET right_carry = right_carry+150, total_right = total_right+150
WHERE `user_id` = 'admin';
INSERT INTO `placement_bv_update_history` (`right_carry`, `date`, `from_id`, `user_id`) VALUES ('150', '2025-04-28 22:56:30', 'XXI66Z', 'admin');
UPDATE `user_registration` SET `cycle_rank_id` = '1'
WHERE `user_id` = 'admin';
INSERT INTO `rank_history` (`rank_id`, `user_id`, `name`, `bv`, `date`, `amount`, `type`) VALUES ('1', 'admin', 'Affiliate', '0', '2025-04-28 22:56:30', '0', 'auto');
UPDATE `user_registration` SET `subscription_date` = '2025-05-28', `active_status` = 'yes'
WHERE `user_id` = 'XXI66Z';
UPDATE `user_registration` SET `popup_seen` = 'yes'
WHERE `user_id` = 'XXI66Z';
UPDATE `ci_sessions` SET `timestamp` = 1745899086, `data` = '__ci_last_regenerate|i:1745899086;id|s:4:\"2089\";user_id|s:6:\"XXI66Z\";username|s:7:\"Nory722\";sponsor_id|s:6:\"U7SMZ8\";fullname|s:11:\"Nora Cuenca\";email|s:24:\"nora.cuenca722@gmail.com\";phone|s:10:\"3054949030\";isLogIn|b:1;'
WHERE `id` = 'f7fc7d0ffe579ca6e9f86cdd459ab5d293816431';
UPDATE `user_registration` SET `popup_seen` = 'yes'
WHERE `user_id` = 'XXI66Z';
UPDATE `ci_sessions` SET `timestamp` = 1745899397, `data` = '__ci_last_regenerate|i:1745899397;id|s:4:\"2089\";user_id|s:6:\"XXI66Z\";username|s:7:\"Nory722\";sponsor_id|s:6:\"U7SMZ8\";fullname|s:11:\"Nora Cuenca\";email|s:24:\"nora.cuenca722@gmail.com\";phone|s:10:\"3054949030\";isLogIn|b:1;'
WHERE `id` = '0629fe37a431baeae2c388a5a183bc38c25dda3c';
UPDATE `ci_sessions` SET `timestamp` = 1745899748, `data` = '__ci_last_regenerate|i:1745899748;id|s:4:\"2089\";user_id|s:6:\"XXI66Z\";username|s:7:\"Nory722\";sponsor_id|s:6:\"U7SMZ8\";fullname|s:11:\"Nora Cuenca\";email|s:24:\"nora.cuenca722@gmail.com\";phone|s:10:\"3054949030\";isLogIn|b:1;'
WHERE `id` = '6e35b80f3aea59692d09beb32faf159e85bfaa76';
UPDATE `user_registration` SET `popup_seen` = 'yes'
WHERE `user_id` = 'XXI66Z';
UPDATE `user_registration` SET `popup_seen` = 'yes'
WHERE `user_id` = 'XXI66Z';
UPDATE `ci_sessions` SET `timestamp` = 1745900059, `data` = '__ci_last_regenerate|i:1745900059;id|s:4:\"2089\";user_id|s:6:\"XXI66Z\";username|s:7:\"Nory722\";sponsor_id|s:6:\"U7SMZ8\";fullname|s:11:\"Nora Cuenca\";email|s:24:\"nora.cuenca722@gmail.com\";phone|s:10:\"3054949030\";isLogIn|b:1;'
WHERE `id` = '4702481e89a9c60a4a682a85640bd22098112b47';
UPDATE `user_registration` SET `password` = '6ff1145426c0b730afdc48b084071fcb'
WHERE `user_id` = 'XXI66Z';
INSERT INTO `cron_job_history` (`name`, `date_started`, `status`) VALUES ('backup', '2025-04-29 00:00:01', 'started');
UPDATE `cron_job_history` SET `status` = 'done', `date_end` = '2025-04-29 00:00:02'
WHERE `id` = 352;
INSERT INTO `cron_job_history` (`name`, `date_started`, `status`) VALUES ('deduct_sub_amt_from_ewallet', '2025-04-29 00:05:02', 'started');
UPDATE `user_registration` SET `sub_point` = 0, `active_status` = 'no'
WHERE `user_id` = '35H9RV';
INSERT INTO `inactive_history` (`user_id`, `commission_balance`, `amount`, `date`) VALUES ('35H9RV', '97.5', '150', '2025-04-29 00:05:02');
UPDATE `user_registration` SET `sub_point` = 0, `active_status` = 'no'
WHERE `user_id` = '44B9Y4';
INSERT INTO `inactive_history` (`user_id`, `commission_balance`, `amount`, `date`) VALUES ('44B9Y4', '50', '150', '2025-04-29 00:05:02');
UPDATE `user_registration` SET `sub_point` = 0, `active_status` = 'no'
WHERE `user_id` = 'SJBNYJ';
INSERT INTO `inactive_history` (`user_id`, `commission_balance`, `amount`, `date`) VALUES ('SJBNYJ', '50', '150', '2025-04-29 00:05:02');
UPDATE `user_registration` SET `sub_point` = 0, `active_status` = 'no'
WHERE `user_id` = '45E8V2';
INSERT INTO `inactive_history` (`user_id`, `commission_balance`, `amount`, `date`) VALUES ('45E8V2', '50', '150', '2025-04-29 00:05:03');
UPDATE `user_registration` SET `sub_point` = 0, `active_status` = 'no'
WHERE `user_id` = 'XVTJOY';
INSERT INTO `inactive_history` (`user_id`, `commission_balance`, `amount`, `date`) VALUES ('XVTJOY', '100', '150', '2025-04-29 00:05:03');
UPDATE `user_registration` SET `sub_point` = 0, `active_status` = 'no'
WHERE `user_id` = '4E1CRI';
INSERT INTO `inactive_history` (`user_id`, `commission_balance`, `amount`, `date`) VALUES ('4E1CRI', '100', '150', '2025-04-29 00:05:04');
UPDATE `user_registration` SET `sub_point` = 0, `active_status` = 'no'
WHERE `user_id` = 'PBFKSY';
INSERT INTO `inactive_history` (`user_id`, `commission_balance`, `amount`, `date`) VALUES ('PBFKSY', '0', '150', '2025-04-29 00:05:04');
UPDATE `user_registration` SET `sub_point` = 0, `active_status` = 'no'
WHERE `user_id` = 'R37QLI';
INSERT INTO `inactive_history` (`user_id`, `commission_balance`, `amount`, `date`) VALUES ('R37QLI', '80', '150', '2025-04-29 00:05:05');
UPDATE `user_registration` SET `sub_point` = 0, `active_status` = 'no'
WHERE `user_id` = 'Q6D63V';
INSERT INTO `inactive_history` (`user_id`, `commission_balance`, `amount`, `date`) VALUES ('Q6D63V', '100', '150', '2025-04-29 00:05:05');
UPDATE `user_registration` SET `sub_point` = 0, `active_status` = 'no'
WHERE `user_id` = 'Q834IS';
INSERT INTO `inactive_history` (`user_id`, `commission_balance`, `amount`, `date`) VALUES ('Q834IS', '0', '50', '2025-04-29 00:05:05');
UPDATE `user_registration` SET `sub_point` = 0, `active_status` = 'no'
WHERE `user_id` = 'PKHRN5';
INSERT INTO `inactive_history` (`user_id`, `commission_balance`, `amount`, `date`) VALUES ('PKHRN5', '28', '50', '2025-04-29 00:05:06');
UPDATE `user_registration` SET `sub_point` = 0, `active_status` = 'no'
WHERE `user_id` = 'MT8QJF';
INSERT INTO `inactive_history` (`user_id`, `commission_balance`, `amount`, `date`) VALUES ('MT8QJF', '0', '150', '2025-04-29 00:05:06');
UPDATE `user_registration` SET `sub_point` = 0, `active_status` = 'no'
WHERE `user_id` = 'OWF3OA';
INSERT INTO `inactive_history` (`user_id`, `commission_balance`, `amount`, `date`) VALUES ('OWF3OA', '0', '150', '2025-04-29 00:05:06');
UPDATE `user_registration` SET `sub_point` = 0, `active_status` = 'no'
WHERE `user_id` = 'HUDVJU';
INSERT INTO `inactive_history` (`user_id`, `commission_balance`, `amount`, `date`) VALUES ('HUDVJU', '30', '50', '2025-04-29 00:05:07');
UPDATE `user_registration` SET `sub_point` = 0, `active_status` = 'no'
WHERE `user_id` = 'IEVPMD';
INSERT INTO `inactive_history` (`user_id`, `commission_balance`, `amount`, `date`) VALUES ('IEVPMD', '0', '150', '2025-04-29 00:05:07');
UPDATE `user_registration` SET `sub_point` = 0, `active_status` = 'no'
WHERE `user_id` = 'HQTCGF';
INSERT INTO `inactive_history` (`user_id`, `commission_balance`, `amount`, `date`) VALUES ('HQTCGF', '0', '150', '2025-04-29 00:05:08');
UPDATE `user_registration` SET `sub_point` = 0, `active_status` = 'no'
WHERE `user_id` = 'WC5BL7';
INSERT INTO `inactive_history` (`user_id`, `commission_balance`, `amount`, `date`) VALUES ('WC5BL7', '0', '50', '2025-04-29 00:05:08');
UPDATE `user_registration` SET `sub_point` = 0, `active_status` = 'no'
WHERE `user_id` = 'W17SG2';
INSERT INTO `inactive_history` (`user_id`, `commission_balance`, `amount`, `date`) VALUES ('W17SG2', '0', '150', '2025-04-29 00:05:08');
UPDATE `user_registration` SET `sub_point` = 0, `active_status` = 'no'
WHERE `user_id` = 'PR92IO';
INSERT INTO `inactive_history` (`user_id`, `commission_balance`, `amount`, `date`) VALUES ('PR92IO', '0', '50', '2025-04-29 00:05:08');
UPDATE `user_registration` SET `sub_point` = 0, `active_status` = 'no'
WHERE `user_id` = 'XHO8CJ';
INSERT INTO `inactive_history` (`user_id`, `commission_balance`, `amount`, `date`) VALUES ('XHO8CJ', '0', '150', '2025-04-29 00:05:09');
UPDATE `user_registration` SET `sub_point` = 0, `active_status` = 'no'
WHERE `user_id` = 'L8NRSC';
INSERT INTO `inactive_history` (`user_id`, `commission_balance`, `amount`, `date`) VALUES ('L8NRSC', '50', '150', '2025-04-29 00:05:09');
UPDATE `user_registration` SET `sub_point` = 0, `active_status` = 'no'
WHERE `user_id` = 'HP6YP2';
INSERT INTO `inactive_history` (`user_id`, `commission_balance`, `amount`, `date`) VALUES ('HP6YP2', '50', '150', '2025-04-29 00:05:09');
UPDATE `user_registration` SET `sub_point` = 0, `active_status` = 'no'
WHERE `user_id` = '8RVNYT';
INSERT INTO `inactive_history` (`user_id`, `commission_balance`, `amount`, `date`) VALUES ('8RVNYT', '0', '150', '2025-04-29 00:05:10');
UPDATE `user_registration` SET `sub_point` = 0, `active_status` = 'no'
WHERE `user_id` = 'K8DXP2';
INSERT INTO `inactive_history` (`user_id`, `commission_balance`, `amount`, `date`) VALUES ('K8DXP2', '0', '150', '2025-04-29 00:05:10');
UPDATE `user_registration` SET `sub_point` = 0, `active_status` = 'no'
WHERE `user_id` = 'BD2ZLC';
INSERT INTO `inactive_history` (`user_id`, `commission_balance`, `amount`, `date`) VALUES ('BD2ZLC', '100', '150', '2025-04-29 00:05:10');
UPDATE `user_registration` SET `sub_point` = 0, `active_status` = 'no'
WHERE `user_id` = '2MBPZI';
INSERT INTO `inactive_history` (`user_id`, `commission_balance`, `amount`, `date`) VALUES ('2MBPZI', '0', '150', '2025-04-29 00:05:11');
UPDATE `user_registration` SET `sub_point` = 0, `active_status` = 'no'
WHERE `user_id` = 'Q82ZV9';
INSERT INTO `inactive_history` (`user_id`, `commission_balance`, `amount`, `date`) VALUES ('Q82ZV9', '20', '50', '2025-04-29 00:05:11');
UPDATE `user_registration` SET `sub_point` = 0, `active_status` = 'no'
WHERE `user_id` = 'IWTOLP';
INSERT INTO `inactive_history` (`user_id`, `commission_balance`, `amount`, `date`) VALUES ('IWTOLP', '0', '50', '2025-04-29 00:05:11');
UPDATE `user_registration` SET `sub_point` = 0, `active_status` = 'no'
WHERE `user_id` = '9QPRWH';
INSERT INTO `inactive_history` (`user_id`, `commission_balance`, `amount`, `date`) VALUES ('9QPRWH', '0', '150', '2025-04-29 00:05:11');
UPDATE `user_registration` SET `sub_point` = 0, `active_status` = 'no'
WHERE `user_id` = 'LBY7TN';
INSERT INTO `inactive_history` (`user_id`, `commission_balance`, `amount`, `date`) VALUES ('LBY7TN', '0', '150', '2025-04-29 00:05:12');
UPDATE `user_registration` SET `sub_point` = 0, `active_status` = 'no'
WHERE `user_id` = 'WDEXJT';
INSERT INTO `inactive_history` (`user_id`, `commission_balance`, `amount`, `date`) VALUES ('WDEXJT', '0', '150', '2025-04-29 00:05:12');
UPDATE `user_registration` SET `sub_point` = 0, `active_status` = 'no'
WHERE `user_id` = '8D7CNL';
INSERT INTO `inactive_history` (`user_id`, `commission_balance`, `amount`, `date`) VALUES ('8D7CNL', '100', '150', '2025-04-29 00:05:12');
UPDATE `user_registration` SET `sub_point` = 0, `active_status` = 'no'
WHERE `user_id` = 'UJXP99';
INSERT INTO `inactive_history` (`user_id`, `commission_balance`, `amount`, `date`) VALUES ('UJXP99', '0', '50', '2025-04-29 00:05:12');
UPDATE `user_registration` SET `sub_point` = 0, `active_status` = 'no'
WHERE `user_id` = 'L268VW';
INSERT INTO `inactive_history` (`user_id`, `commission_balance`, `amount`, `date`) VALUES ('L268VW', '0', '50', '2025-04-29 00:05:13');
UPDATE `user_registration` SET `sub_point` = 0, `active_status` = 'no'
WHERE `user_id` = 'UVJ6L9';
INSERT INTO `inactive_history` (`user_id`, `commission_balance`, `amount`, `date`) VALUES ('UVJ6L9', '0', '50', '2025-04-29 00:05:13');
UPDATE `user_registration` SET `sub_point` = 0, `active_status` = 'no'
WHERE `user_id` = 'ULHSH2';
INSERT INTO `inactive_history` (`user_id`, `commission_balance`, `amount`, `date`) VALUES ('ULHSH2', '0', '150', '2025-04-29 00:05:13');
UPDATE `user_registration` SET `sub_point` = 0, `active_status` = 'no'
WHERE `user_id` = 'UT8WM5';
INSERT INTO `inactive_history` (`user_id`, `commission_balance`, `amount`, `date`) VALUES ('UT8WM5', '100', '150', '2025-04-29 00:05:14');
UPDATE `user_registration` SET `sub_point` = 0, `active_status` = 'no'
WHERE `user_id` = 'H1XYDK';
INSERT INTO `inactive_history` (`user_id`, `commission_balance`, `amount`, `date`) VALUES ('H1XYDK', '0', '50', '2025-04-29 00:05:14');
UPDATE `user_registration` SET `sub_point` = 0, `active_status` = 'no'
WHERE `user_id` = '3UFB1M';
INSERT INTO `inactive_history` (`user_id`, `commission_balance`, `amount`, `date`) VALUES ('3UFB1M', '100', '150', '2025-04-29 00:05:14');
UPDATE `user_registration` SET `sub_point` = 0, `active_status` = 'no'
WHERE `user_id` = '72W7M6';
INSERT INTO `inactive_history` (`user_id`, `commission_balance`, `amount`, `date`) VALUES ('72W7M6', '0', '50', '2025-04-29 00:05:14');
UPDATE `user_registration` SET `sub_point` = 0, `active_status` = 'no'
WHERE `user_id` = 'LEOFNI';
INSERT INTO `inactive_history` (`user_id`, `commission_balance`, `amount`, `date`) VALUES ('LEOFNI', '0', '150', '2025-04-29 00:05:15');
UPDATE `user_registration` SET `sub_point` = 0, `active_status` = 'no'
WHERE `user_id` = '75X85X';
INSERT INTO `inactive_history` (`user_id`, `commission_balance`, `amount`, `date`) VALUES ('75X85X', '0', '50', '2025-04-29 00:05:15');
UPDATE `user_registration` SET `sub_point` = 0, `active_status` = 'no'
WHERE `user_id` = 'UC1QRN';
INSERT INTO `inactive_history` (`user_id`, `commission_balance`, `amount`, `date`) VALUES ('UC1QRN', '0', '150', '2025-04-29 00:05:15');
UPDATE `user_registration` SET `sub_point` = 0, `active_status` = 'no'
WHERE `user_id` = '7YU16B';
INSERT INTO `inactive_history` (`user_id`, `commission_balance`, `amount`, `date`) VALUES ('7YU16B', '0', '50', '2025-04-29 00:05:15');
UPDATE `user_registration` SET `sub_point` = 0, `active_status` = 'no'
WHERE `user_id` = 'OEM6F6';
INSERT INTO `inactive_history` (`user_id`, `commission_balance`, `amount`, `date`) VALUES ('OEM6F6', '0', '50', '2025-04-29 00:05:16');
UPDATE `user_registration` SET `sub_point` = 0, `active_status` = 'no'
WHERE `user_id` = 'XMN3MK';
INSERT INTO `inactive_history` (`user_id`, `commission_balance`, `amount`, `date`) VALUES ('XMN3MK', '0', '150', '2025-04-29 00:05:16');
UPDATE `user_registration` SET `sub_point` = 0, `active_status` = 'no'
WHERE `user_id` = '7SMFPM';
INSERT INTO `inactive_history` (`user_id`, `commission_balance`, `amount`, `date`) VALUES ('7SMFPM', '0', '50', '2025-04-29 00:05:16');
UPDATE `user_registration` SET `sub_point` = 0, `active_status` = 'no'
WHERE `user_id` = 'WS9KK9';
INSERT INTO `inactive_history` (`user_id`, `commission_balance`, `amount`, `date`) VALUES ('WS9KK9', '0', '150', '2025-04-29 00:05:17');
UPDATE `user_registration` SET `sub_point` = 0, `active_status` = 'no'
WHERE `user_id` = 'OHI8SE';
INSERT INTO `inactive_history` (`user_id`, `commission_balance`, `amount`, `date`) VALUES ('OHI8SE', '20', '150', '2025-04-29 00:05:17');
UPDATE `user_registration` SET `sub_point` = 0, `active_status` = 'no'
WHERE `user_id` = 'BJFCEM';
INSERT INTO `inactive_history` (`user_id`, `commission_balance`, `amount`, `date`) VALUES ('BJFCEM', '0', '50', '2025-04-29 00:05:17');
UPDATE `user_registration` SET `sub_point` = 0, `active_status` = 'no'
WHERE `user_id` = '9EDD8W';
INSERT INTO `inactive_history` (`user_id`, `commission_balance`, `amount`, `date`) VALUES ('9EDD8W', '0', '50', '2025-04-29 00:05:17');
UPDATE `user_registration` SET `sub_point` = 0, `active_status` = 'no'
WHERE `user_id` = '2QC8SK';
INSERT INTO `inactive_history` (`user_id`, `commission_balance`, `amount`, `date`) VALUES ('2QC8SK', '0', '150', '2025-04-29 00:05:18');
UPDATE `user_registration` SET `sub_point` = 0, `active_status` = 'no'
WHERE `user_id` = 'TOTNOR';
INSERT INTO `inactive_history` (`user_id`, `commission_balance`, `amount`, `date`) VALUES ('TOTNOR', '0', '50', '2025-04-29 00:05:18');
UPDATE `user_registration` SET `sub_point` = 0, `active_status` = 'no'
WHERE `user_id` = 'M2XFK7';
INSERT INTO `inactive_history` (`user_id`, `commission_balance`, `amount`, `date`) VALUES ('M2XFK7', '0', '150', '2025-04-29 00:05:18');
UPDATE `user_registration` SET `sub_point` = 0, `active_status` = 'no'
WHERE `user_id` = '82W7DS';
INSERT INTO `inactive_history` (`user_id`, `commission_balance`, `amount`, `date`) VALUES ('82W7DS', '0', '50', '2025-04-29 00:05:18');
UPDATE `user_registration` SET `sub_point` = 0, `active_status` = 'no'
WHERE `user_id` = '9T4ALJ';
INSERT INTO `inactive_history` (`user_id`, `commission_balance`, `amount`, `date`) VALUES ('9T4ALJ', '0', '150', '2025-04-29 00:05:19');
UPDATE `user_registration` SET `sub_point` = 0, `active_status` = 'no'
WHERE `user_id` = 'X5T3ZT';
INSERT INTO `inactive_history` (`user_id`, `commission_balance`, `amount`, `date`) VALUES ('X5T3ZT', '0', '150', '2025-04-29 00:05:19');
UPDATE `user_registration` SET `sub_point` = 0, `active_status` = 'no'
WHERE `user_id` = 'PXHCYN';
INSERT INTO `inactive_history` (`user_id`, `commission_balance`, `amount`, `date`) VALUES ('PXHCYN', '0', '150', '2025-04-29 00:05:19');
UPDATE `user_registration` SET `sub_point` = 0, `active_status` = 'no'
WHERE `user_id` = '4PJDWH';
INSERT INTO `inactive_history` (`user_id`, `commission_balance`, `amount`, `date`) VALUES ('4PJDWH', '0', '150', '2025-04-29 00:05:19');
UPDATE `user_registration` SET `sub_point` = 0, `active_status` = 'no'
WHERE `user_id` = 'XBYEND';
INSERT INTO `inactive_history` (`user_id`, `commission_balance`, `amount`, `date`) VALUES ('XBYEND', '0', '150', '2025-04-29 00:05:20');
UPDATE `user_registration` SET `sub_point` = 0, `active_status` = 'no'
WHERE `user_id` = '8R8YQG';
INSERT INTO `inactive_history` (`user_id`, `commission_balance`, `amount`, `date`) VALUES ('8R8YQG', '0', '150', '2025-04-29 00:05:20');
UPDATE `user_registration` SET `sub_point` = 0, `active_status` = 'no'
WHERE `user_id` = 'CN9O47';
INSERT INTO `inactive_history` (`user_id`, `commission_balance`, `amount`, `date`) VALUES ('CN9O47', '0', '150', '2025-04-29 00:05:20');
UPDATE `user_registration` SET `sub_point` = 0, `active_status` = 'no'
WHERE `user_id` = 'VZYEPG';
INSERT INTO `inactive_history` (`user_id`, `commission_balance`, `amount`, `date`) VALUES ('VZYEPG', '0', '150', '2025-04-29 00:05:20');
UPDATE `user_registration` SET `sub_point` = 0, `active_status` = 'no'
WHERE `user_id` = 'TB42PA';
INSERT INTO `inactive_history` (`user_id`, `commission_balance`, `amount`, `date`) VALUES ('TB42PA', '0', '150', '2025-04-29 00:05:21');
UPDATE `user_registration` SET `sub_point` = 0, `active_status` = 'no'
WHERE `user_id` = '2KPJZJ';
INSERT INTO `inactive_history` (`user_id`, `commission_balance`, `amount`, `date`) VALUES ('2KPJZJ', '0', '150', '2025-04-29 00:05:21');
UPDATE `user_registration` SET `sub_point` = 0, `active_status` = 'no'
WHERE `user_id` = '8634EF';
INSERT INTO `inactive_history` (`user_id`, `commission_balance`, `amount`, `date`) VALUES ('8634EF', '0', '150', '2025-04-29 00:05:21');
UPDATE `user_registration` SET `sub_point` = 0, `active_status` = 'no'
WHERE `user_id` = 'WNT6C4';
INSERT INTO `inactive_history` (`user_id`, `commission_balance`, `amount`, `date`) VALUES ('WNT6C4', '0', '150', '2025-04-29 00:05:21');
UPDATE `user_registration` SET `sub_point` = 0, `active_status` = 'no'
WHERE `user_id` = 'KYPLBN';
INSERT INTO `inactive_history` (`user_id`, `commission_balance`, `amount`, `date`) VALUES ('KYPLBN', '0', '150', '2025-04-29 00:05:22');
UPDATE `user_registration` SET `sub_point` = 0, `active_status` = 'no'
WHERE `user_id` = 'DLHC7V';
INSERT INTO `inactive_history` (`user_id`, `commission_balance`, `amount`, `date`) VALUES ('DLHC7V', '0', '150', '2025-04-29 00:05:22');
UPDATE `user_registration` SET `sub_point` = 0, `active_status` = 'no'
WHERE `user_id` = 'QXETAG';
INSERT INTO `inactive_history` (`user_id`, `commission_balance`, `amount`, `date`) VALUES ('QXETAG', '0', '150', '2025-04-29 00:05:22');
UPDATE `user_registration` SET `sub_point` = 0, `active_status` = 'no'
WHERE `user_id` = 'Z8WUP3';
INSERT INTO `inactive_history` (`user_id`, `commission_balance`, `amount`, `date`) VALUES ('Z8WUP3', '0', '150', '2025-04-29 00:05:22');
UPDATE `user_registration` SET `sub_point` = 0, `active_status` = 'no'
WHERE `user_id` = 'SX4SBY';
INSERT INTO `inactive_history` (`user_id`, `commission_balance`, `amount`, `date`) VALUES ('SX4SBY', '0', '150', '2025-04-29 00:05:23');
UPDATE `user_registration` SET `sub_point` = 0, `active_status` = 'no'
WHERE `user_id` = 'L84ITK';
INSERT INTO `inactive_history` (`user_id`, `commission_balance`, `amount`, `date`) VALUES ('L84ITK', '0', '150', '2025-04-29 00:05:23');
UPDATE `user_registration` SET `sub_point` = 0, `active_status` = 'no'
WHERE `user_id` = '6UFXJY';
INSERT INTO `inactive_history` (`user_id`, `commission_balance`, `amount`, `date`) VALUES ('6UFXJY', '0', '150', '2025-04-29 00:05:23');
UPDATE `user_registration` SET `sub_point` = 0, `active_status` = 'no'
WHERE `user_id` = '6FI4ND';
INSERT INTO `inactive_history` (`user_id`, `commission_balance`, `amount`, `date`) VALUES ('6FI4ND', '0', '150', '2025-04-29 00:05:23');
UPDATE `cron_job_history` SET `status` = 'done', `date_end` = '2025-04-29 00:05:24'
WHERE `id` = 353;
INSERT INTO `verify_tbl` (`ip_address`, `user_id`, `session_id`, `verify_code`, `data`, `date`) VALUES ('172.68.71.191', '6RCEKP', 'not_logged_in', '4SzARRIr', '{\"uid\":\"2341\",\"user_id\":\"6RCEKP\",\"username\":\"ApsStreetwearLLC\",\"vacant\":\"no\",\"position\":\"left\",\"placement_id\":\"\",\"sponsor_id\":\"VQGPGZ\",\"f_name\":\"Felix\",\"l_name\":\"Arias\",\"email\":\"felixarias171@gmail.com\",\"binary_qualified\":\"no\",\"binary_qualified_date\":null,\"language\":\"\",\"phone\":\"7864799934\",\"gender\":\"\",\"profile_url\":\"\",\"password\":\"0119fcd09b4205edfac78eea0659921b\",\"password_reset_tocken\":null,\"trans_password\":\"\",\"reg_ip\":\"172.68.70.46\",\"status\":\"1\",\"active_status\":\"yes\",\"created\":\"2025-04-25 22:03:28\",\"modified\":\"0000-00-00 00:00:00\",\"invest_amount\":\"0\",\"commission_balance\":\"0\",\"current_period_amount\":\"0\",\"active_balance\":\"0\",\"picture_url\":\"\",\"balance_amount\":\"0\",\"total_points\":\"50\",\"country\":\"United States\",\"state\":\"Florida\",\"city\":\"Pensacola\",\"street\":\"1040 E Olive rd\",\"zip_code\":\"32514\",\"address\":\"\",\"package_id\":\"0\",\"total_ref_count\":\"0\",\"left_ref_count\":\"0\",\"right_ref_count\":\"0\",\"total_downlines\":\"0\",\"left_downlines\":\"0\",\"right_downlines\":\"0\",\"active_left\":\"0\",\"active_right\":\"0\",\"rank_id\":\"0\",\"highest_rank\":\"0\",\"cycle_rank_id\":\"0\",\"default_leg\":\"auto\",\"master_distributor\":\"no\",\"md_balance\":\"0\",\"google_secret\":\"NVXD754CK2VOSZXE\",\"twofa_enabled\":\"no\",\"popup_seen\":\"yes\",\"qr_url\":\"\",\"dashboard_theme\":\"dark-layout\",\"block_status\":\"no\",\"blocked_date\":null,\"subscription_date\":\"2025-05-26\",\"product_points\":\"0\",\"referral_bonus\":\"0\",\"residual_bonus\":\"0\",\"expansion_bonus\":\"0\",\"utility_bonus\":\"0\",\"pool_bonus\":\"0\",\"rank_bonus\":\"0\",\"reward_point\":\"\",\"benefit_points\":\"0\",\"sub_point\":\"50\",\"user_type\":\"customer\",\"customer_ref_count\":\"0\"}', '2025-04-29 01:57:07');
UPDATE `user_registration` SET `password` = '0119fcd09b4205edfac78eea0659921b'
WHERE `user_id` = '6RCEKP';
UPDATE `verify_tbl` SET `status` = 0
WHERE `id` = '37';
INSERT INTO `login_history` (`user_id`, `device`, `ip_address`, `date`) VALUES ('6RCEKP', 'Mozilla/5.0 (Windows NT 10.0; Win64; x64) AppleWebKit/537.36 (KHTML, like Gecko) Chrome/135.0.0.0 Safari/537.36', '172.69.70.110', '25-04-29 01:58');
UPDATE `user_registration` SET `popup_seen` = 'yes'
WHERE `user_id` = '6RCEKP';
UPDATE `user_registration` SET `popup_seen` = 'yes'
WHERE `user_id` = '6RCEKP';
UPDATE `ci_sessions` SET `timestamp` = 1745910024, `data` = '__ci_last_regenerate|i:1745910024;id|s:4:\"2341\";user_id|s:6:\"6RCEKP\";username|s:16:\"ApsStreetwearLLC\";sponsor_id|s:6:\"VQGPGZ\";fullname|s:11:\"Felix Arias\";email|s:23:\"felixarias171@gmail.com\";phone|s:10:\"7864799934\";isLogIn|b:1;'
WHERE `id` = '4c9996ff39bf0093cf6f18ec9dbb2493d722c084';
INSERT INTO `package_purchase_history` (`user_id`, `package_id`, `reg_fee`, `package_name`, `monthly_fee`, `type`, `date`, `payment_option`) VALUES ('6RCEKP', '2', '595', 'Traveler Pro', '150', 'upgrade', '2025-04-29 02:00:24', 'free');
UPDATE `user_registration` SET `package_id` = '2'
WHERE `user_id` = '6RCEKP';
UPDATE `user_registration` SET `user_type` = 'affiliate', `subscription_date` = '2025-05-29', `active_status` = 'yes', `rank_id` = 1, `highest_rank` = 1, `cycle_rank_id` = 1
WHERE `user_id` = '6RCEKP';
UPDATE `user_registration` SET customer_ref_count = customer_ref_count-1
WHERE `user_id` = 'VQGPGZ';
UPDATE `binary_view` SET `user_id` = '6RCEKP', `username` = 'ApsStreetwearLLC', `vacant` = 'no', `created` = '2025-04-29 02:00:24', `sponsor_id` = 'VQGPGZ'
WHERE `uid` = '2346';
INSERT INTO `binary_view` (`user_id`, `username`, `sponsor_id`, `placement_id`, `vacant`, `position`, `created`) VALUES ('PFLBJV', 'lxqnBvst', '6RCEKP', '6RCEKP', 'yes', 'left', '2025-04-29 02:00:24');
INSERT INTO `binary_view` (`user_id`, `username`, `sponsor_id`, `placement_id`, `vacant`, `position`, `created`) VALUES ('HAGSQY', 'PKurZgnq', '6RCEKP', '6RCEKP', 'yes', 'right', '2025-04-29 02:00:24');
INSERT INTO `bv_updation` (`user_id`) VALUES ('6RCEKP');
UPDATE `user_registration` SET total_downlines = total_downlines+1
WHERE `user_id` = 'VQGPGZ';
UPDATE `user_registration` SET left_downlines = left_downlines+1
WHERE `user_id` = 'VQGPGZ';
UPDATE `user_registration` SET left_ref_count = left_ref_count+1
WHERE `user_id` = 'VQGPGZ';
UPDATE `user_registration` SET active_left = active_left+1
WHERE `user_id` = 'VQGPGZ';
UPDATE `user_registration` SET total_downlines = total_downlines+1
WHERE `user_id` = 'WS9KK9';
UPDATE `user_registration` SET left_downlines = left_downlines+1
WHERE `user_id` = 'WS9KK9';
UPDATE `user_registration` SET total_downlines = total_downlines+1
WHERE `user_id` = 'QRE21J';
UPDATE `user_registration` SET left_downlines = left_downlines+1
WHERE `user_id` = 'QRE21J';
UPDATE `user_registration` SET total_downlines = total_downlines+1
WHERE `user_id` = 'HRAFD3';
UPDATE `user_registration` SET right_downlines = right_downlines+1
WHERE `user_id` = 'HRAFD3';
UPDATE `user_registration` SET total_downlines = total_downlines+1
WHERE `user_id` = 'F7LGEE';
UPDATE `user_registration` SET right_downlines = right_downlines+1
WHERE `user_id` = 'F7LGEE';
UPDATE `user_registration` SET total_downlines = total_downlines+1
WHERE `user_id` = 'QJ5U9C';
UPDATE `user_registration` SET right_downlines = right_downlines+1
WHERE `user_id` = 'QJ5U9C';
UPDATE `user_registration` SET total_downlines = total_downlines+1
WHERE `user_id` = 'O94ZPY';
UPDATE `user_registration` SET left_downlines = left_downlines+1
WHERE `user_id` = 'O94ZPY';
UPDATE `user_registration` SET total_downlines = total_downlines+1
WHERE `user_id` = 'JHRDHS';
UPDATE `user_registration` SET right_downlines = right_downlines+1
WHERE `user_id` = 'JHRDHS';
UPDATE `user_registration` SET total_downlines = total_downlines+1
WHERE `user_id` = 'CVVK4C';
UPDATE `user_registration` SET right_downlines = right_downlines+1
WHERE `user_id` = 'CVVK4C';
UPDATE `user_registration` SET total_downlines = total_downlines+1
WHERE `user_id` = 'K55EDD';
UPDATE `user_registration` SET left_downlines = left_downlines+1
WHERE `user_id` = 'K55EDD';
UPDATE `user_registration` SET total_downlines = total_downlines+1
WHERE `user_id` = 'UQO7EQ';
UPDATE `user_registration` SET left_downlines = left_downlines+1
WHERE `user_id` = 'UQO7EQ';
UPDATE `user_registration` SET total_downlines = total_downlines+1
WHERE `user_id` = 'N6GZAE';
UPDATE `user_registration` SET left_downlines = left_downlines+1
WHERE `user_id` = 'N6GZAE';
UPDATE `user_registration` SET total_downlines = total_downlines+1
WHERE `user_id` = '4E1CRI';
UPDATE `user_registration` SET left_downlines = left_downlines+1
WHERE `user_id` = '4E1CRI';
UPDATE `user_registration` SET total_downlines = total_downlines+1
WHERE `user_id` = 'SJBNYJ';
UPDATE `user_registration` SET left_downlines = left_downlines+1
WHERE `user_id` = 'SJBNYJ';
UPDATE `user_registration` SET total_downlines = total_downlines+1
WHERE `user_id` = '44B9Y4';
UPDATE `user_registration` SET left_downlines = left_downlines+1
WHERE `user_id` = '44B9Y4';
UPDATE `user_registration` SET total_downlines = total_downlines+1
WHERE `user_id` = 'admin';
UPDATE `user_registration` SET right_downlines = right_downlines+1
WHERE `user_id` = 'admin';
INSERT INTO `investment` (`invest_date`, `user_id`, `type`, `amount`, `package_id`) VALUES ('2025-04-29 02:00:24', '6RCEKP', 'upgrade', '595', '2');
INSERT INTO `earnings` (`user_id`, `Purchaser_id`, `earning_type`, `package_id`, `amount`, `date`, `comments`, `invest_amount`, `comm_perc`, `level`, `rank_id`, `order_id`) VALUES ('VQGPGZ', '6RCEKP', 'Direct Referral Bonus', '2', '100', '2025-04-29 02:00:24', 'Direct Referral Bonus', 0, 0, 1, '', 338);
UPDATE `user_registration` SET commission_balance = ROUND(commission_balance + 100,2)
WHERE `user_id` = 'VQGPGZ';
UPDATE `user_registration` SET referral_bonus = ROUND(referral_bonus + 100,2)
WHERE `user_id` = 'VQGPGZ';
INSERT INTO `earnings` (`user_id`, `Purchaser_id`, `earning_type`, `package_id`, `amount`, `date`, `comments`, `invest_amount`, `comm_perc`, `level`, `rank_id`, `order_id`) VALUES ('QJ5U9C', '6RCEKP', 'Expansion Bonus', '2', 100, '2025-04-29 02:00:24', 'Expansion Bonus', '100', 0, 1, '', 338);
UPDATE `user_registration` SET commission_balance = ROUND(commission_balance + 100,2)
WHERE `user_id` = 'QJ5U9C';
UPDATE `user_registration` SET expansion_bonus = ROUND(expansion_bonus + 100,2)
WHERE `user_id` = 'QJ5U9C';
UPDATE `user_registration` SET total_points = ROUND(total_points + 50,2)
WHERE `user_id` = '6RCEKP';
INSERT INTO `points_history` (`user_id`, `points`, `type`, `date`) VALUES ('6RCEKP', '50', 'upgrade', '2025-04-29 02:00:');
INSERT INTO `matrix_filling` (`placement_id`, `downline_id`, `level`, `matrix`) VALUES ('VQGPGZ', '6RCEKP', 1, 1);
UPDATE `bv_updation` SET left_carry = left_carry+50, total_left = total_left+50
WHERE `user_id` = 'VQGPGZ';
INSERT INTO `placement_bv_update_history` (`left_carry`, `date`, `from_id`, `user_id`) VALUES ('50', '2025-04-29 02:00:24', '6RCEKP', 'VQGPGZ');
UPDATE `bv_updation` SET sponsor_left_carry = sponsor_left_carry+50, sponsor_total_left = sponsor_total_left+50
WHERE `user_id` = 'VQGPGZ';
INSERT INTO `sponsor_bv_update_history` (`left_carry`, `date`, `user_id`) VALUES ('50', '2025-04-29 02:00:24', 'VQGPGZ');
INSERT INTO `matrix_filling` (`placement_id`, `downline_id`, `level`, `matrix`) VALUES ('WS9KK9', '6RCEKP', 2, 1);
UPDATE `bv_updation` SET left_carry = left_carry+50, total_left = total_left+50
WHERE `user_id` = 'WS9KK9';
INSERT INTO `placement_bv_update_history` (`left_carry`, `date`, `from_id`, `user_id`) VALUES ('50', '2025-04-29 02:00:24', '6RCEKP', 'WS9KK9');
INSERT INTO `matrix_filling` (`placement_id`, `downline_id`, `level`, `matrix`) VALUES ('QRE21J', '6RCEKP', 3, 1);
UPDATE `bv_updation` SET left_carry = left_carry+50, total_left = total_left+50
WHERE `user_id` = 'QRE21J';
INSERT INTO `placement_bv_update_history` (`left_carry`, `date`, `from_id`, `user_id`) VALUES ('50', '2025-04-29 02:00:24', '6RCEKP', 'QRE21J');
UPDATE `user_registration` SET `cycle_rank_id` = '1'
WHERE `user_id` = 'QRE21J';
INSERT INTO `rank_history` (`rank_id`, `user_id`, `name`, `bv`, `date`, `amount`, `type`) VALUES ('1', 'QRE21J', 'Affiliate', '0', '2025-04-29 02:00:24', '0', 'auto');
INSERT INTO `matrix_filling` (`placement_id`, `downline_id`, `level`, `matrix`) VALUES ('HRAFD3', '6RCEKP', 4, 1);
UPDATE `bv_updation` SET right_carry = right_carry+50, total_right = total_right+50
WHERE `user_id` = 'HRAFD3';
INSERT INTO `placement_bv_update_history` (`right_carry`, `date`, `from_id`, `user_id`) VALUES ('50', '2025-04-29 02:00:25', '6RCEKP', 'HRAFD3');
UPDATE `user_registration` SET `cycle_rank_id` = '1'
WHERE `user_id` = 'HRAFD3';
INSERT INTO `rank_history` (`rank_id`, `user_id`, `name`, `bv`, `date`, `amount`, `type`) VALUES ('1', 'HRAFD3', 'Affiliate', '0', '2025-04-29 02:00:25', '0', 'auto');
INSERT INTO `matrix_filling` (`placement_id`, `downline_id`, `level`, `matrix`) VALUES ('F7LGEE', '6RCEKP', 5, 1);
UPDATE `bv_updation` SET right_carry = right_carry+50, total_right = total_right+50
WHERE `user_id` = 'F7LGEE';
INSERT INTO `placement_bv_update_history` (`right_carry`, `date`, `from_id`, `user_id`) VALUES ('50', '2025-04-29 02:00:25', '6RCEKP', 'F7LGEE');
UPDATE `user_registration` SET `cycle_rank_id` = '1'
WHERE `user_id` = 'F7LGEE';
INSERT INTO `rank_history` (`rank_id`, `user_id`, `name`, `bv`, `date`, `amount`, `type`) VALUES ('1', 'F7LGEE', 'Affiliate', '0', '2025-04-29 02:00:25', '0', 'auto');
INSERT INTO `matrix_filling` (`placement_id`, `downline_id`, `level`, `matrix`) VALUES ('QJ5U9C', '6RCEKP', 6, 1);
UPDATE `bv_updation` SET right_carry = right_carry+50, total_right = total_right+50
WHERE `user_id` = 'QJ5U9C';
INSERT INTO `placement_bv_update_history` (`right_carry`, `date`, `from_id`, `user_id`) VALUES ('50', '2025-04-29 02:00:25', '6RCEKP', 'QJ5U9C');
UPDATE `user_registration` SET `cycle_rank_id` = '1'
WHERE `user_id` = 'QJ5U9C';
INSERT INTO `rank_history` (`rank_id`, `user_id`, `name`, `bv`, `date`, `amount`, `type`) VALUES ('1', 'QJ5U9C', 'Affiliate', '0', '2025-04-29 02:00:25', '0', 'auto');
INSERT INTO `matrix_filling` (`placement_id`, `downline_id`, `level`, `matrix`) VALUES ('O94ZPY', '6RCEKP', 7, 1);
UPDATE `bv_updation` SET left_carry = left_carry+50, total_left = total_left+50
WHERE `user_id` = 'O94ZPY';
INSERT INTO `placement_bv_update_history` (`left_carry`, `date`, `from_id`, `user_id`) VALUES ('50', '2025-04-29 02:00:25', '6RCEKP', 'O94ZPY');
UPDATE `user_registration` SET `cycle_rank_id` = '1'
WHERE `user_id` = 'O94ZPY';
INSERT INTO `rank_history` (`rank_id`, `user_id`, `name`, `bv`, `date`, `amount`, `type`) VALUES ('1', 'O94ZPY', 'Affiliate', '0', '2025-04-29 02:00:25', '0', 'auto');
INSERT INTO `matrix_filling` (`placement_id`, `downline_id`, `level`, `matrix`) VALUES ('JHRDHS', '6RCEKP', 8, 1);
UPDATE `bv_updation` SET right_carry = right_carry+50, total_right = total_right+50
WHERE `user_id` = 'JHRDHS';
INSERT INTO `placement_bv_update_history` (`right_carry`, `date`, `from_id`, `user_id`) VALUES ('50', '2025-04-29 02:00:25', '6RCEKP', 'JHRDHS');
UPDATE `user_registration` SET `cycle_rank_id` = '1'
WHERE `user_id` = 'JHRDHS';
INSERT INTO `rank_history` (`rank_id`, `user_id`, `name`, `bv`, `date`, `amount`, `type`) VALUES ('1', 'JHRDHS', 'Affiliate', '0', '2025-04-29 02:00:25', '0', 'auto');
INSERT INTO `matrix_filling` (`placement_id`, `downline_id`, `level`, `matrix`) VALUES ('CVVK4C', '6RCEKP', 9, 1);
UPDATE `bv_updation` SET right_carry = right_carry+50, total_right = total_right+50
WHERE `user_id` = 'CVVK4C';
INSERT INTO `placement_bv_update_history` (`right_carry`, `date`, `from_id`, `user_id`) VALUES ('50', '2025-04-29 02:00:26', '6RCEKP', 'CVVK4C');
UPDATE `user_registration` SET `cycle_rank_id` = '1'
WHERE `user_id` = 'CVVK4C';
INSERT INTO `rank_history` (`rank_id`, `user_id`, `name`, `bv`, `date`, `amount`, `type`) VALUES ('1', 'CVVK4C', 'Affiliate', '0', '2025-04-29 02:00:26', '0', 'auto');
INSERT INTO `matrix_filling` (`placement_id`, `downline_id`, `level`, `matrix`) VALUES ('K55EDD', '6RCEKP', 10, 1);
UPDATE `bv_updation` SET left_carry = left_carry+50, total_left = total_left+50
WHERE `user_id` = 'K55EDD';
INSERT INTO `placement_bv_update_history` (`left_carry`, `date`, `from_id`, `user_id`) VALUES ('50', '2025-04-29 02:00:26', '6RCEKP', 'K55EDD');
UPDATE `user_registration` SET `cycle_rank_id` = '1'
WHERE `user_id` = 'K55EDD';
INSERT INTO `rank_history` (`rank_id`, `user_id`, `name`, `bv`, `date`, `amount`, `type`) VALUES ('1', 'K55EDD', 'Affiliate', '0', '2025-04-29 02:00:26', '0', 'auto');
INSERT INTO `matrix_filling` (`placement_id`, `downline_id`, `level`, `matrix`) VALUES ('UQO7EQ', '6RCEKP', 11, 1);
UPDATE `bv_updation` SET left_carry = left_carry+50, total_left = total_left+50
WHERE `user_id` = 'UQO7EQ';
INSERT INTO `placement_bv_update_history` (`left_carry`, `date`, `from_id`, `user_id`) VALUES ('50', '2025-04-29 02:00:27', '6RCEKP', 'UQO7EQ');
UPDATE `user_registration` SET `cycle_rank_id` = '2'
WHERE `user_id` = 'UQO7EQ';
INSERT INTO `rank_history` (`rank_id`, `user_id`, `name`, `bv`, `date`, `amount`, `type`) VALUES ('2', 'UQO7EQ', 'Associate', '1200', '2025-04-29 02:00:27', '100', 'auto');
INSERT INTO `matrix_filling` (`placement_id`, `downline_id`, `level`, `matrix`) VALUES ('N6GZAE', '6RCEKP', 12, 1);
UPDATE `bv_updation` SET left_carry = left_carry+50, total_left = total_left+50
WHERE `user_id` = 'N6GZAE';
INSERT INTO `placement_bv_update_history` (`left_carry`, `date`, `from_id`, `user_id`) VALUES ('50', '2025-04-29 02:00:27', '6RCEKP', 'N6GZAE');
UPDATE `user_registration` SET `cycle_rank_id` = '1'
WHERE `user_id` = 'N6GZAE';
INSERT INTO `rank_history` (`rank_id`, `user_id`, `name`, `bv`, `date`, `amount`, `type`) VALUES ('1', 'N6GZAE', 'Affiliate', '0', '2025-04-29 02:00:27', '0', 'auto');
INSERT INTO `matrix_filling` (`placement_id`, `downline_id`, `level`, `matrix`) VALUES ('4E1CRI', '6RCEKP', 13, 1);
UPDATE `bv_updation` SET left_carry = left_carry+50, total_left = total_left+50
WHERE `user_id` = '4E1CRI';
INSERT INTO `placement_bv_update_history` (`left_carry`, `date`, `from_id`, `user_id`) VALUES ('50', '2025-04-29 02:00:27', '6RCEKP', '4E1CRI');
INSERT INTO `matrix_filling` (`placement_id`, `downline_id`, `level`, `matrix`) VALUES ('SJBNYJ', '6RCEKP', 14, 1);
UPDATE `bv_updation` SET left_carry = left_carry+50, total_left = total_left+50
WHERE `user_id` = 'SJBNYJ';
INSERT INTO `placement_bv_update_history` (`left_carry`, `date`, `from_id`, `user_id`) VALUES ('50', '2025-04-29 02:00:27', '6RCEKP', 'SJBNYJ');
UPDATE `user_registration` SET `cycle_rank_id` = '1'
WHERE `user_id` = 'SJBNYJ';
INSERT INTO `rank_history` (`rank_id`, `user_id`, `name`, `bv`, `date`, `amount`, `type`) VALUES ('1', 'SJBNYJ', 'Affiliate', '0', '2025-04-29 02:00:27', '0', 'auto');
INSERT INTO `matrix_filling` (`placement_id`, `downline_id`, `level`, `matrix`) VALUES ('44B9Y4', '6RCEKP', 15, 1);
UPDATE `bv_updation` SET left_carry = left_carry+50, total_left = total_left+50
WHERE `user_id` = '44B9Y4';
INSERT INTO `placement_bv_update_history` (`left_carry`, `date`, `from_id`, `user_id`) VALUES ('50', '2025-04-29 02:00:27', '6RCEKP', '44B9Y4');
UPDATE `user_registration` SET `cycle_rank_id` = '1'
WHERE `user_id` = '44B9Y4';
INSERT INTO `rank_history` (`rank_id`, `user_id`, `name`, `bv`, `date`, `amount`, `type`) VALUES ('1', '44B9Y4', 'Affiliate', '0', '2025-04-29 02:00:27', '0', 'auto');
INSERT INTO `matrix_filling` (`placement_id`, `downline_id`, `level`, `matrix`) VALUES ('admin', '6RCEKP', 16, 1);
UPDATE `bv_updation` SET right_carry = right_carry+50, total_right = total_right+50
WHERE `user_id` = 'admin';
INSERT INTO `placement_bv_update_history` (`right_carry`, `date`, `from_id`, `user_id`) VALUES ('50', '2025-04-29 02:00:27', '6RCEKP', 'admin');
UPDATE `user_registration` SET `cycle_rank_id` = '1'
WHERE `user_id` = 'admin';
INSERT INTO `rank_history` (`rank_id`, `user_id`, `name`, `bv`, `date`, `amount`, `type`) VALUES ('1', 'admin', 'Affiliate', '0', '2025-04-29 02:00:27', '0', 'auto');
UPDATE `user_registration` SET `popup_seen` = 'yes'
WHERE `user_id` = '6RCEKP';
UPDATE `ci_sessions` SET `timestamp` = 1745910334, `data` = '__ci_last_regenerate|i:1745910334;id|s:4:\"2341\";user_id|s:6:\"6RCEKP\";username|s:16:\"ApsStreetwearLLC\";sponsor_id|s:6:\"VQGPGZ\";fullname|s:11:\"Felix Arias\";email|s:23:\"felixarias171@gmail.com\";phone|s:10:\"7864799934\";isLogIn|b:1;'
WHERE `id` = '068f11a1b0801399858fc4cc4112c0a41bf46241';
UPDATE `ci_sessions` SET `timestamp` = 1745910750, `data` = '__ci_last_regenerate|i:1745910750;id|s:4:\"2341\";user_id|s:6:\"6RCEKP\";username|s:16:\"ApsStreetwearLLC\";sponsor_id|s:6:\"VQGPGZ\";fullname|s:11:\"Felix Arias\";email|s:23:\"felixarias171@gmail.com\";phone|s:10:\"7864799934\";isLogIn|b:1;'
WHERE `id` = '58c836c612cf7dbd03df0cf6aa9f4a7a5b253a84';
INSERT INTO `temp_register` (`post_data`, `date`, `payment_method`, `type`) VALUES ('{\"uid\":\"2355\",\"user_id\":\"SKTUQJ\",\"username\":\"LisbetRomero\",\"sponsor_id\":\"6RCEKP\",\"vacant\":\"no\",\"f_name\":\"Lisbet\",\"l_name\":\"Romero\",\"position\":\"right\",\"email\":\"rlisbet9999@gmail.com\",\"password\":\"45b4ea23cbb17110c9e4621fc28ffb5c\",\"phone\":\"7864799934\",\"country\":\"United States\",\"state\":\"Florida\",\"city\":\"Pensacola\",\"street\":\"1040 E Olive Rd\",\"zip_code\":\"32514\",\"reg_ip\":\"172.71.22.163\",\"status\":1,\"package_id\":\"2\",\"rank_id\":1,\"highest_rank\":1,\"cycle_rank_id\":1,\"user_type\":\"affiliate\",\"created\":\"2025-04-29 02:13:42\",\"subscription_date\":\"2025-05-29\",\"active_status\":\"yes\",\"google_secret\":\"WBQD7XKKLT77ZPX3\"}', '2025-04-29 02:13:42', 'stripe', 'register');
UPDATE `ci_sessions` SET `timestamp` = 1745911124, `data` = '__ci_last_regenerate|i:1745911124;id|s:4:\"2341\";user_id|s:6:\"6RCEKP\";username|s:16:\"ApsStreetwearLLC\";sponsor_id|s:6:\"VQGPGZ\";fullname|s:11:\"Felix Arias\";email|s:23:\"felixarias171@gmail.com\";phone|s:10:\"7864799934\";isLogIn|b:1;reg_stripe_id|i:357;'
WHERE `id` = '5ec9a41be8f114983f6a9fa1e982fb8595ada8e5';
UPDATE `ci_sessions` SET `timestamp` = 1745912035, `data` = '__ci_last_regenerate|i:1745912035;id|s:4:\"2341\";user_id|s:6:\"6RCEKP\";username|s:16:\"ApsStreetwearLLC\";sponsor_id|s:6:\"VQGPGZ\";fullname|s:11:\"Felix Arias\";email|s:23:\"felixarias171@gmail.com\";phone|s:10:\"7864799934\";isLogIn|b:1;reg_stripe_id|i:357;'
WHERE `id` = 'f3c4599c51971da6216867c0c5940ede982cfb1e';
UPDATE `user_registration` SET `popup_seen` = 'yes'
WHERE `user_id` = '6RCEKP';
UPDATE `user_registration` SET `popup_seen` = 'yes'
WHERE `user_id` = '6RCEKP';
UPDATE `user_registration` SET `default_leg` = 'right'
WHERE `user_id` = '6RCEKP';
INSERT INTO `default_leg_history` (`user_id`, `old_leg`, `new_leg`, `date`) VALUES ('6RCEKP', 'auto', 'right', '2025-04-29 02:35:13');
UPDATE `user_registration` SET `popup_seen` = 'yes'
WHERE `user_id` = '6RCEKP';
INSERT INTO `login_history` (`user_id`, `device`, `ip_address`, `date`) VALUES ('UQO7EQ', 'Mozilla/5.0 (Linux; Android 10; K) AppleWebKit/537.36 (KHTML, like Gecko) Chrome/131.0.0.0 Mobile Safari/537.36', '172.69.132.205', '25-04-29 05:38');
UPDATE `user_registration` SET `popup_seen` = 'yes'
WHERE `user_id` = 'UQO7EQ';
UPDATE `user_registration` SET `popup_seen` = 'no'
WHERE `user_id` = 'UQO7EQ';
DELETE FROM `ci_sessions`
WHERE `id` = 'e776b8d34b3bfd55272ce2076bb106fb2f1cb3f0';
INSERT INTO `login_history` (`user_id`, `device`, `ip_address`, `date`) VALUES ('2RSJNO', 'Mozilla/5.0 (iPhone; CPU iPhone OS 18_3_2 like Mac OS X) AppleWebKit/605.1.15 (KHTML, like Gecko) GSA/365.1.750410080 Mobile/15E148 Safari/604.1', '172.70.83.137', '25-04-29 05:53');
UPDATE `user_registration` SET `popup_seen` = 'yes'
WHERE `user_id` = '2RSJNO';
INSERT INTO `login_history` (`user_id`, `device`, `ip_address`, `date`) VALUES ('UQO7EQ', 'Mozilla/5.0 (Windows NT 10.0; Win64; x64) AppleWebKit/537.36 (KHTML, like Gecko) Chrome/135.0.0.0 Safari/537.36', '172.70.254.222', '25-04-29 06:06');
UPDATE `user_registration` SET `popup_seen` = 'yes'
WHERE `user_id` = 'UQO7EQ';
UPDATE `ci_sessions` SET `timestamp` = 1745925189, `data` = '__ci_last_regenerate|i:1745925189;id|s:4:\"2042\";user_id|s:6:\"UQO7EQ\";username|s:6:\"Rafa51\";sponsor_id|s:6:\"N6GZAE\";fullname|s:16:\"Rafael Rodriguez\";email|s:18:\"rafagana@yahoo.com\";phone|s:10:\"3057610606\";isLogIn|b:1;'
WHERE `id` = '4b7a019c52978332fb5cef884d4664f10cdf3e84';
UPDATE `user_registration` SET `popup_seen` = 'yes'
WHERE `user_id` = 'UQO7EQ';
UPDATE `user_registration` SET `popup_seen` = 'yes'
WHERE `user_id` = 'UQO7EQ';
UPDATE `user_registration` SET `popup_seen` = 'yes'
WHERE `user_id` = 'UQO7EQ';
UPDATE `ci_sessions` SET `timestamp` = 1745925534, `data` = '__ci_last_regenerate|i:1745925534;id|s:4:\"2042\";user_id|s:6:\"UQO7EQ\";username|s:6:\"Rafa51\";sponsor_id|s:6:\"N6GZAE\";fullname|s:16:\"Rafael Rodriguez\";email|s:18:\"rafagana@yahoo.com\";phone|s:10:\"3057610606\";isLogIn|b:1;'
WHERE `id` = '30f64cc6db4ea5c70081da3e0de60a8132a7f1f4';
UPDATE `user_registration` SET `popup_seen` = 'no'
WHERE `user_id` = 'UQO7EQ';
DELETE FROM `ci_sessions`
WHERE `id` = '455cc7f1fb341cfd368359d8ab4e5efac55f316e';
INSERT INTO `login_history` (`user_id`, `device`, `ip_address`, `date`) VALUES ('U7SMZ8', 'Mozilla/5.0 (Macintosh; Intel Mac OS X 10_15_7) AppleWebKit/605.1.15 (KHTML, like Gecko) Version/17.6 Safari/605.1.15', '172.70.254.66', '25-04-29 06:26');
UPDATE `user_registration` SET `popup_seen` = 'yes'
WHERE `user_id` = 'U7SMZ8';
UPDATE `user_registration` SET `popup_seen` = 'no'
WHERE `user_id` = 'U7SMZ8';
DELETE FROM `ci_sessions`
WHERE `id` = '37231806efb0a6dbf781069097abd1d72057293e';
INSERT INTO `login_history` (`user_id`, `device`, `ip_address`, `date`) VALUES ('Z8WUP3', 'Mozilla/5.0 (Windows NT 10.0; Win64; x64) AppleWebKit/537.36 (KHTML, like Gecko) Chrome/135.0.0.0 Safari/537.36 Edg/135.0.0.0', '172.70.255.189', '25-04-29 07:04');
UPDATE `user_registration` SET `popup_seen` = 'yes'
WHERE `user_id` = 'Z8WUP3';
INSERT INTO `temp_register` (`post_data`, `date`, `payment_method`, `type`) VALUES ('{\"user_id\":\"Z8WUP3\",\"package_id\":\"2\",\"amount\":\"150\",\"payment_method\":\"stripe\",\"date\":\"2025-04-29 07:05:59\"}', '2025-04-29 07:05:59', 'stripe', 'renew');
UPDATE `temp_register` SET `response` = '{\"stripeToken\":\"tok_1RJCwe2NUoYUjiuuJTJm5nty\",\"stripeTokenType\":\"card\",\"stripeEmail\":\"lexmilantorralbo@gmail.com\"}', `date_modified` = '2025-04-29 07:07:33', `payment_status` = '{\"id\":\"ch_3RJCwj2NUoYUjiuu1pZKlqfz\",\"object\":\"charge\",\"amount\":15000,\"amount_captured\":15000,\"amount_refunded\":0,\"application\":null,\"application_fee\":null,\"application_fee_amount\":null,\"balance_transaction\":\"txn_3RJCwj2NUoYUjiuu1kciOTco\",\"billing_details\":{\"address\":{\"city\":null,\"country\":null,\"line1\":null,\"line2\":null,\"postal_code\":null,\"state\":null},\"email\":null,\"name\":\"lexmilantorralbo@gmail.com\",\"phone\":null,\"tax_id\":null},\"calculated_statement_descriptor\":\"TRAVELEGENDCY LLC\",\"captured\":true,\"created\":1745928453,\"currency\":\"usd\",\"customer\":\"cus_SDeFXqKuxcjl8z\",\"description\":null,\"destination\":null,\"dispute\":null,\"disputed\":false,\"failure_balance_transaction\":null,\"failure_code\":null,\"failure_message\":null,\"fraud_details\":[],\"invoice\":null,\"livemode\":true,\"metadata\":{\"name\":\"lexmilan Torralbo\",\"username\":\"lexmilan1970\"},\"on_behalf_of\":null,\"order\":null,\"outcome\":{\"advice_code\":null,\"network_advice_code\":null,\"network_decline_code\":null,\"network_status\":\"approved_by_network\",\"reason\":null,\"risk_level\":\"normal\",\"seller_message\":\"Payment complete.\",\"type\":\"authorized\"},\"paid\":true,\"payment_intent\":null,\"payment_method\":\"card_1RJCwe2NUoYUjiuuqiLEW8JB\",\"payment_method_details\":{\"card\":{\"amount_authorized\":15000,\"authorization_code\":\"02013D\",\"brand\":\"visa\",\"checks\":{\"address_line1_check\":null,\"address_postal_code_check\":null,\"cvc_check\":\"pass\"},\"country\":\"US\",\"exp_month\":4,\"exp_year\":2030,\"extended_authorization\":{\"status\":\"disabled\"},\"fingerprint\":\"dwe595b664kZHBO4\",\"funding\":\"credit\",\"incremental_authorization\":{\"status\":\"unavailable\"},\"installments\":null,\"last4\":\"1543\",\"mandate\":null,\"multicapture\":{\"status\":\"unavailable\"},\"network\":\"visa\",\"network_token\":{\"used\":false},\"network_transaction_id\":\"585119436537674\",\"overcapture\":{\"maximum_amount_capturable\":15000,\"status\":\"unavailable\"},\"regulated_status\":\"unregulated\",\"three_d_secure\":null,\"wallet\":null},\"type\":\"card\"},\"receipt_email\":null,\"receipt_number\":null,\"receipt_url\":\"https:\\/\\/pay.stripe.com\\/receipts\\/payment\\/CAcQARoXChVhY2N0XzFRUEFGdjJOVW9ZVWppdXUohoLDwAYyBhyFL1fyUzosFoj8TD2WeG3xfXV04YRcxrAxgEKbcdELNWYB5ldYigdBUN6tMEJ4SdqwVG0\",\"refunded\":false,\"review\":null,\"shipping\":null,\"source\":{\"id\":\"card_1RJCwe2NUoYUjiuuqiLEW8JB\",\"object\":\"card\",\"address_city\":null,\"address_country\":null,\"address_line1\":null,\"address_line1_check\":null,\"address_line2\":null,\"address_state\":null,\"address_zip\":null,\"address_zip_check\":null,\"allow_redisplay\":\"unspecified\",\"brand\":\"Visa\",\"country\":\"US\",\"customer\":\"cus_SDeFXqKuxcjl8z\",\"cvc_check\":\"pass\",\"dynamic_last4\":null,\"exp_month\":4,\"exp_year\":2030,\"fingerprint\":\"dwe595b664kZHBO4\",\"funding\":\"credit\",\"last4\":\"1543\",\"metadata\":[],\"name\":\"lexmilantorralbo@gmail.com\",\"regulated_status\":\"unregulated\",\"tokenization_method\":null,\"wallet\":null},\"source_transfer\":null,\"statement_descriptor\":null,\"statement_descriptor_suffix\":null,\"status\":\"succeeded\",\"transfer_data\":null,\"transfer_group\":null}'
WHERE `id` = 358;
INSERT INTO `sub_history` (`user_id`, `package_id`, `amount`, `payment_method`, `date`) VALUES ('Z8WUP3', '2', '150', 'Stripe', '2025-04-29 07:07:33');
UPDATE `user_registration` SET sub_point = ROUND(sub_point + 150,2)
WHERE `user_id` = 'Z8WUP3';
INSERT INTO `investment` (`invest_date`, `user_id`, `type`, `amount`, `package_id`) VALUES ('2025-04-29 07:07:33', 'Z8WUP3', 'subscription', '150', '2');
UPDATE `user_registration` SET total_points = ROUND(total_points + 150,2)
WHERE `user_id` = 'Z8WUP3';
INSERT INTO `points_history` (`user_id`, `points`, `type`, `date`) VALUES ('Z8WUP3', '150', 'subscription', '2025-04-29 07:07:');
UPDATE `bv_updation` SET left_carry = left_carry+150, total_left = total_left+150
WHERE `user_id` = '7P1TWW';
INSERT INTO `placement_bv_update_history` (`left_carry`, `date`, `from_id`, `user_id`) VALUES ('150', '2025-04-29 07:07:33', 'Z8WUP3', '7P1TWW');
UPDATE `bv_updation` SET left_carry = left_carry+150, total_left = total_left+150
WHERE `user_id` = 'OTZTS5';
INSERT INTO `placement_bv_update_history` (`left_carry`, `date`, `from_id`, `user_id`) VALUES ('150', '2025-04-29 07:07:33', 'Z8WUP3', 'OTZTS5');
UPDATE `user_registration` SET `cycle_rank_id` = '1'
WHERE `user_id` = 'OTZTS5';
INSERT INTO `rank_history` (`rank_id`, `user_id`, `name`, `bv`, `date`, `amount`, `type`) VALUES ('1', 'OTZTS5', 'Affiliate', '0', '2025-04-29 07:07:33', '0', 'auto');
UPDATE `bv_updation` SET sponsor_left_carry = sponsor_left_carry+150, sponsor_total_left = sponsor_total_left+150
WHERE `user_id` = 'OTZTS5';
INSERT INTO `sponsor_bv_update_history` (`left_carry`, `date`, `user_id`) VALUES ('150', '2025-04-29 07:07:33', 'OTZTS5');
UPDATE `bv_updation` SET right_carry = right_carry+150, total_right = total_right+150
WHERE `user_id` = 'XXI66Z';
INSERT INTO `placement_bv_update_history` (`right_carry`, `date`, `from_id`, `user_id`) VALUES ('150', '2025-04-29 07:07:33', 'Z8WUP3', 'XXI66Z');
UPDATE `bv_updation` SET right_carry = right_carry+150, total_right = total_right+150
WHERE `user_id` = '2MBPZI';
INSERT INTO `placement_bv_update_history` (`right_carry`, `date`, `from_id`, `user_id`) VALUES ('150', '2025-04-29 07:07:33', 'Z8WUP3', '2MBPZI');
UPDATE `bv_updation` SET right_carry = right_carry+150, total_right = total_right+150
WHERE `user_id` = 'XHO8CJ';
INSERT INTO `placement_bv_update_history` (`right_carry`, `date`, `from_id`, `user_id`) VALUES ('150', '2025-04-29 07:07:33', 'Z8WUP3', 'XHO8CJ');
UPDATE `bv_updation` SET right_carry = right_carry+150, total_right = total_right+150
WHERE `user_id` = 'U7SMZ8';
INSERT INTO `placement_bv_update_history` (`right_carry`, `date`, `from_id`, `user_id`) VALUES ('150', '2025-04-29 07:07:33', 'Z8WUP3', 'U7SMZ8');
UPDATE `user_registration` SET `cycle_rank_id` = '1'
WHERE `user_id` = 'U7SMZ8';
INSERT INTO `rank_history` (`rank_id`, `user_id`, `name`, `bv`, `date`, `amount`, `type`) VALUES ('1', 'U7SMZ8', 'Affiliate', '0', '2025-04-29 07:07:33', '0', 'auto');
UPDATE `bv_updation` SET right_carry = right_carry+150, total_right = total_right+150
WHERE `user_id` = 'AABG7W';
INSERT INTO `placement_bv_update_history` (`right_carry`, `date`, `from_id`, `user_id`) VALUES ('150', '2025-04-29 07:07:33', 'Z8WUP3', 'AABG7W');
UPDATE `user_registration` SET `cycle_rank_id` = '1'
WHERE `user_id` = 'AABG7W';
INSERT INTO `rank_history` (`rank_id`, `user_id`, `name`, `bv`, `date`, `amount`, `type`) VALUES ('1', 'AABG7W', 'Affiliate', '0', '2025-04-29 07:07:33', '0', 'auto');
UPDATE `bv_updation` SET right_carry = right_carry+150, total_right = total_right+150
WHERE `user_id` = '3ZDIFO';
INSERT INTO `placement_bv_update_history` (`right_carry`, `date`, `from_id`, `user_id`) VALUES ('150', '2025-04-29 07:07:33', 'Z8WUP3', '3ZDIFO');
UPDATE `bv_updation` SET right_carry = right_carry+150, total_right = total_right+150
WHERE `user_id` = 'UQO7EQ';
INSERT INTO `placement_bv_update_history` (`right_carry`, `date`, `from_id`, `user_id`) VALUES ('150', '2025-04-29 07:07:33', 'Z8WUP3', 'UQO7EQ');
UPDATE `user_registration` SET `cycle_rank_id` = '2'
WHERE `user_id` = 'UQO7EQ';
INSERT INTO `rank_history` (`rank_id`, `user_id`, `name`, `bv`, `date`, `amount`, `type`) VALUES ('2', 'UQO7EQ', 'Associate', '1200', '2025-04-29 07:07:33', '100', 'auto');
UPDATE `bv_updation` SET left_carry = left_carry+150, total_left = total_left+150
WHERE `user_id` = 'N6GZAE';
INSERT INTO `placement_bv_update_history` (`left_carry`, `date`, `from_id`, `user_id`) VALUES ('150', '2025-04-29 07:07:34', 'Z8WUP3', 'N6GZAE');
UPDATE `user_registration` SET `cycle_rank_id` = '1'
WHERE `user_id` = 'N6GZAE';
INSERT INTO `rank_history` (`rank_id`, `user_id`, `name`, `bv`, `date`, `amount`, `type`) VALUES ('1', 'N6GZAE', 'Affiliate', '0', '2025-04-29 07:07:34', '0', 'auto');
UPDATE `bv_updation` SET left_carry = left_carry+150, total_left = total_left+150
WHERE `user_id` = '4E1CRI';
INSERT INTO `placement_bv_update_history` (`left_carry`, `date`, `from_id`, `user_id`) VALUES ('150', '2025-04-29 07:07:34', 'Z8WUP3', '4E1CRI');
UPDATE `bv_updation` SET left_carry = left_carry+150, total_left = total_left+150
WHERE `user_id` = 'SJBNYJ';
INSERT INTO `placement_bv_update_history` (`left_carry`, `date`, `from_id`, `user_id`) VALUES ('150', '2025-04-29 07:07:34', 'Z8WUP3', 'SJBNYJ');
UPDATE `user_registration` SET `cycle_rank_id` = '1'
WHERE `user_id` = 'SJBNYJ';
INSERT INTO `rank_history` (`rank_id`, `user_id`, `name`, `bv`, `date`, `amount`, `type`) VALUES ('1', 'SJBNYJ', 'Affiliate', '0', '2025-04-29 07:07:34', '0', 'auto');
UPDATE `bv_updation` SET left_carry = left_carry+150, total_left = total_left+150
WHERE `user_id` = '44B9Y4';
INSERT INTO `placement_bv_update_history` (`left_carry`, `date`, `from_id`, `user_id`) VALUES ('150', '2025-04-29 07:07:34', 'Z8WUP3', '44B9Y4');
UPDATE `user_registration` SET `cycle_rank_id` = '1'
WHERE `user_id` = '44B9Y4';
INSERT INTO `rank_history` (`rank_id`, `user_id`, `name`, `bv`, `date`, `amount`, `type`) VALUES ('1', '44B9Y4', 'Affiliate', '0', '2025-04-29 07:07:34', '0', 'auto');
UPDATE `bv_updation` SET right_carry = right_carry+150, total_right = total_right+150
WHERE `user_id` = 'admin';
INSERT INTO `placement_bv_update_history` (`right_carry`, `date`, `from_id`, `user_id`) VALUES ('150', '2025-04-29 07:07:34', 'Z8WUP3', 'admin');
UPDATE `user_registration` SET `cycle_rank_id` = '1'
WHERE `user_id` = 'admin';
INSERT INTO `rank_history` (`rank_id`, `user_id`, `name`, `bv`, `date`, `amount`, `type`) VALUES ('1', 'admin', 'Affiliate', '0', '2025-04-29 07:07:34', '0', 'auto');
UPDATE `user_registration` SET `subscription_date` = '2025-05-29', `active_status` = 'yes'
WHERE `user_id` = 'Z8WUP3';
UPDATE `user_registration` SET `popup_seen` = 'yes'
WHERE `user_id` = 'Z8WUP3';
UPDATE `ci_sessions` SET `timestamp` = 1745929684, `data` = '__ci_last_regenerate|i:1745929684;id|s:4:\"2190\";user_id|s:6:\"2RSJNO\";username|s:8:\"yoel0221\";sponsor_id|s:6:\"QJ5U9C\";fullname|s:16:\"Yoel Ramos Gomez\";email|s:19:\"yoel21272@gmail.com\";phone|s:10:\"3053050150\";isLogIn|b:1;'
WHERE `id` = '807c1afd19c020f732456e191d4b6fac572af5e4';
UPDATE `ci_sessions` SET `timestamp` = 1745929888, `data` = '__ci_last_regenerate|i:1745929888;captcha|s:4:\"qb7y\";'
WHERE `id` = '840b46486e10c2442e4f73ca3706e89b2c7c2ca4';
INSERT INTO `login_history` (`user_id`, `device`, `ip_address`, `date`) VALUES ('UQO7EQ', 'Mozilla/5.0 (Linux; Android 10; K) AppleWebKit/537.36 (KHTML, like Gecko) Chrome/131.0.0.0 Mobile Safari/537.36', '172.70.255.165', '25-04-29 07:31');
UPDATE `user_registration` SET `popup_seen` = 'yes'
WHERE `user_id` = 'UQO7EQ';
UPDATE `user_registration` SET `popup_seen` = 'no'
WHERE `user_id` = 'UQO7EQ';
DELETE FROM `ci_sessions`
WHERE `id` = '1bc14e9c6be6264f712537f238d6c83dc9494bc6';
INSERT INTO `login_history` (`user_id`, `device`, `ip_address`, `date`) VALUES ('JHRDHS', 'Mozilla/5.0 (iPhone; CPU iPhone OS 18_4_1 like Mac OS X) AppleWebKit/605.1.15 (KHTML, like Gecko) Version/18.4 Mobile/15E148 Safari/604.1', '172.70.83.96', '25-04-29 07:32');
UPDATE `user_registration` SET `popup_seen` = 'yes'
WHERE `user_id` = 'JHRDHS';
UPDATE `ci_sessions` SET `timestamp` = 1745930818, `data` = '__ci_last_regenerate|i:1745930818;captcha|s:4:\"u7vt\";'
WHERE `id` = '65f05157a31829a8eacbb44d9ba61f1a08e275c2';
INSERT INTO `login_history` (`user_id`, `device`, `ip_address`, `date`) VALUES ('UQO7EQ', 'Mozilla/5.0 (Linux; Android 10; K) AppleWebKit/537.36 (KHTML, like Gecko) Chrome/131.0.0.0 Mobile Safari/537.36', '172.70.255.34', '25-04-29 07:46');
UPDATE `user_registration` SET `popup_seen` = 'yes'
WHERE `user_id` = 'UQO7EQ';
UPDATE `user_registration` SET `popup_seen` = 'no'
WHERE `user_id` = 'UQO7EQ';
DELETE FROM `ci_sessions`
WHERE `id` = 'ee284f944431ed7ac40bc7cab107bdf029e94b14';
INSERT INTO `login_history` (`user_id`, `device`, `ip_address`, `date`) VALUES ('UQO7EQ', 'Mozilla/5.0 (Linux; Android 10; K) AppleWebKit/537.36 (KHTML, like Gecko) Chrome/131.0.0.0 Mobile Safari/537.36', '108.162.210.226', '25-04-29 07:48');
UPDATE `user_registration` SET `popup_seen` = 'yes'
WHERE `user_id` = 'UQO7EQ';
UPDATE `user_registration` SET `popup_seen` = 'yes'
WHERE `user_id` = 'UQO7EQ';
UPDATE `user_registration` SET `popup_seen` = 'no'
WHERE `user_id` = 'UQO7EQ';
DELETE FROM `ci_sessions`
WHERE `id` = '6f24f8c1cc0b2747287d36b38adb3359460af29d';
INSERT INTO `login_history` (`user_id`, `device`, `ip_address`, `date`) VALUES ('UQO7EQ', 'Mozilla/5.0 (Windows NT 10.0; Win64; x64) AppleWebKit/537.36 (KHTML, like Gecko) Chrome/135.0.0.0 Safari/537.36', '172.70.255.248', '25-04-29 08:25');
UPDATE `user_registration` SET `popup_seen` = 'yes'
WHERE `user_id` = 'UQO7EQ';
UPDATE `ci_sessions` SET `timestamp` = 1745933642, `data` = '__ci_last_regenerate|i:1745933642;captcha|s:4:\"s54n\";'
WHERE `id` = 'f03fd000531c362a075c361363ce1355a2f41f98';
UPDATE `ci_sessions` SET `timestamp` = 1745934433, `data` = '__ci_last_regenerate|i:1745934433;id|s:4:\"2042\";user_id|s:6:\"UQO7EQ\";username|s:6:\"Rafa51\";sponsor_id|s:6:\"N6GZAE\";fullname|s:16:\"Rafael Rodriguez\";email|s:18:\"rafagana@yahoo.com\";phone|s:10:\"3057610606\";isLogIn|b:1;'
WHERE `id` = 'a6cfd34a0bbda2050e22615981a12e1e0951f302';
UPDATE `ci_sessions` SET `timestamp` = 1745934725, `data` = '__ci_last_regenerate|i:1745934725;captcha|s:4:\"cjgt\";'
WHERE `id` = '7e17f9050224f8c64503f3b5da3478e6979b9411';
UPDATE `ci_sessions` SET `timestamp` = 1745935086, `data` = '__ci_last_regenerate|i:1745935086;id|s:4:\"2042\";user_id|s:6:\"UQO7EQ\";username|s:6:\"Rafa51\";sponsor_id|s:6:\"N6GZAE\";fullname|s:16:\"Rafael Rodriguez\";email|s:18:\"rafagana@yahoo.com\";phone|s:10:\"3057610606\";isLogIn|b:1;'
WHERE `id` = 'b45375c6cc51fcafc8b735eb986bf00852ed16a3';
UPDATE `user_registration` SET `popup_seen` = 'yes'
WHERE `user_id` = 'UQO7EQ';
UPDATE `ci_sessions` SET `timestamp` = 1745935711, `data` = '__ci_last_regenerate|i:1745935711;id|s:4:\"2042\";user_id|s:6:\"UQO7EQ\";username|s:6:\"Rafa51\";sponsor_id|s:6:\"N6GZAE\";fullname|s:16:\"Rafael Rodriguez\";email|s:18:\"rafagana@yahoo.com\";phone|s:10:\"3057610606\";isLogIn|b:1;'
WHERE `id` = 'bcebf69a899338992381731802573db1412745ec';
UPDATE `user_registration` SET `popup_seen` = 'yes'
WHERE `user_id` = 'UQO7EQ';
UPDATE `ci_sessions` SET `timestamp` = 1745936226, `data` = '__ci_last_regenerate|i:1745936226;id|s:4:\"2042\";user_id|s:6:\"UQO7EQ\";username|s:6:\"Rafa51\";sponsor_id|s:6:\"N6GZAE\";fullname|s:16:\"Rafael Rodriguez\";email|s:18:\"rafagana@yahoo.com\";phone|s:10:\"3057610606\";isLogIn|b:1;'
WHERE `id` = '037fa90c198205c5137a08d3f72253848fb6da9a';
UPDATE `user_registration` SET `popup_seen` = 'no'
WHERE `user_id` = 'UQO7EQ';
DELETE FROM `ci_sessions`
WHERE `id` = '3d95413e6e0adfc343e97ca505423c4a11f488d6';
UPDATE `ci_sessions` SET `timestamp` = 1745938506, `data` = '__ci_last_regenerate|i:1745938506;captcha|s:4:\"2qcd\";'
WHERE `id` = '7554aadd0b7b99430acff13407fb3315e94eff30';
INSERT INTO `login_history` (`user_id`, `device`, `ip_address`, `date`) VALUES ('UQO7EQ', 'Mozilla/5.0 (Windows NT 10.0; Win64; x64) AppleWebKit/537.36 (KHTML, like Gecko) Chrome/135.0.0.0 Safari/537.36', '172.70.230.55', '25-04-29 09:55');
INSERT INTO `login_history` (`user_id`, `device`, `ip_address`, `date`) VALUES ('UQO7EQ', 'Mozilla/5.0 (Windows NT 10.0; Win64; x64) AppleWebKit/537.36 (KHTML, like Gecko) Chrome/135.0.0.0 Safari/537.36', '172.70.82.83', '25-04-29 09:55');
UPDATE `user_registration` SET `popup_seen` = 'yes'
WHERE `user_id` = 'UQO7EQ';
UPDATE `user_registration` SET `popup_seen` = 'no'
WHERE `user_id` = 'UQO7EQ';
DELETE FROM `ci_sessions`
WHERE `id` = '7554aadd0b7b99430acff13407fb3315e94eff30';
INSERT INTO `login_history` (`user_id`, `device`, `ip_address`, `date`) VALUES ('U7SMZ8', 'Mozilla/5.0 (Macintosh; Intel Mac OS X 10_15_7) AppleWebKit/605.1.15 (KHTML, like Gecko) Version/17.6 Safari/605.1.15', '172.69.65.182', '25-04-29 09:55');
UPDATE `user_registration` SET `popup_seen` = 'yes'
WHERE `user_id` = 'U7SMZ8';
INSERT INTO `login_history` (`user_id`, `device`, `ip_address`, `date`) VALUES ('UQO7EQ', 'Mozilla/5.0 (Windows NT 10.0; Win64; x64) AppleWebKit/537.36 (KHTML, like Gecko) Chrome/135.0.0.0 Safari/537.36', '172.69.64.245', '25-04-29 09:56');
UPDATE `user_registration` SET `popup_seen` = 'yes'
WHERE `user_id` = 'UQO7EQ';
UPDATE `user_registration` SET `popup_seen` = 'yes'
WHERE `user_id` = 'UQO7EQ';
UPDATE `user_registration` SET `popup_seen` = 'yes'
WHERE `user_id` = 'UQO7EQ';
UPDATE `user_registration` SET `popup_seen` = 'yes'
WHERE `user_id` = 'UQO7EQ';
UPDATE `ci_sessions` SET `timestamp` = 1745938833, `data` = '__ci_last_regenerate|i:1745938833;id|s:4:\"2061\";user_id|s:6:\"U7SMZ8\";username|s:6:\"Clau66\";sponsor_id|s:6:\"UQO7EQ\";fullname|s:14:\"Claudia Pisana\";email|s:21:\"claujor06@hotmail.com\";phone|s:10:\"7863843449\";isLogIn|b:1;'
WHERE `id` = 'ded75a912263f20f07ed50a638f4c96af0831224';
UPDATE `user_registration` SET `popup_seen` = 'yes'
WHERE `user_id` = 'U7SMZ8';
UPDATE `ci_sessions` SET `timestamp` = 1745938997, `data` = '__ci_last_regenerate|i:1745938997;id|s:4:\"2042\";user_id|s:6:\"UQO7EQ\";username|s:6:\"Rafa51\";sponsor_id|s:6:\"N6GZAE\";fullname|s:16:\"Rafael Rodriguez\";email|s:18:\"rafagana@yahoo.com\";phone|s:10:\"3057610606\";isLogIn|b:1;'
WHERE `id` = 'c0113ab2826056a08a90ab809528f3750573563a';
UPDATE `user_registration` SET `popup_seen` = 'no'
WHERE `user_id` = 'UQO7EQ';
DELETE FROM `ci_sessions`
WHERE `id` = '06f41451f949821423a1dba36b8df5cff8742588';
UPDATE `user_registration` SET `popup_seen` = 'no'
WHERE `user_id` = 'UQO7EQ';
DELETE FROM `ci_sessions`
WHERE `id` = 'c0113ab2826056a08a90ab809528f3750573563a';
UPDATE `user_registration` SET `popup_seen` = 'yes'
WHERE `user_id` = 'U7SMZ8';
UPDATE `user_registration` SET `popup_seen` = 'no'
WHERE `user_id` = 'U7SMZ8';
DELETE FROM `ci_sessions`
WHERE `id` = '112ef70cd8685b0b4b0eb90070c3a4b43737e548';
INSERT INTO `login_history` (`user_id`, `device`, `ip_address`, `date`) VALUES ('9ST4Y6', 'Mozilla/5.0 (Windows NT 10.0; Win64; x64) AppleWebKit/537.36 (KHTML, like Gecko) Chrome/135.0.0.0 Safari/537.36', '172.70.54.245', '25-04-29 10:05');
UPDATE `user_registration` SET `popup_seen` = 'yes'
WHERE `user_id` = '9ST4Y6';
INSERT INTO `temp_register` (`post_data`, `date`, `payment_method`, `type`) VALUES ('{\"user_id\":\"9ST4Y6\",\"card_id\":\"2\",\"card_cost\":\"50\",\"card_value\":\"50\",\"payment_option\":\"stripe\",\"date\":\"2025-04-29 10:07:11\"}', '2025-04-29 10:07:11', 'stripe', 'buy+top_up_card');
UPDATE `temp_register` SET `response` = '{\"stripeToken\":\"tok_1RJFlS2NUoYUjiuuqgZzdAfC\",\"stripeTokenType\":\"card\",\"stripeEmail\":\"rafagana@yahoo.com\"}', `date_modified` = '2025-04-29 10:08:11', `payment_status` = '{\"id\":\"ch_3RJFlX2NUoYUjiuu0UdoHWRb\",\"object\":\"charge\",\"amount\":5000,\"amount_captured\":5000,\"amount_refunded\":0,\"application\":null,\"application_fee\":null,\"application_fee_amount\":null,\"balance_transaction\":\"txn_3RJFlX2NUoYUjiuu08c31aXW\",\"billing_details\":{\"address\":{\"city\":null,\"country\":null,\"line1\":null,\"line2\":null,\"postal_code\":null,\"state\":null},\"email\":null,\"name\":\"rafagana@yahoo.com\",\"phone\":null,\"tax_id\":null},\"calculated_statement_descriptor\":\"TRAVELEGENDCY LLC\",\"captured\":true,\"created\":1745939291,\"currency\":\"usd\",\"customer\":\"cus_SDh9FlDGde0Tr6\",\"description\":null,\"destination\":null,\"dispute\":null,\"disputed\":false,\"failure_balance_transaction\":null,\"failure_code\":null,\"failure_message\":null,\"fraud_details\":[],\"invoice\":null,\"livemode\":true,\"metadata\":[],\"on_behalf_of\":null,\"order\":null,\"outcome\":{\"advice_code\":null,\"network_advice_code\":null,\"network_decline_code\":null,\"network_status\":\"approved_by_network\",\"reason\":null,\"risk_level\":\"normal\",\"seller_message\":\"Payment complete.\",\"type\":\"authorized\"},\"paid\":true,\"payment_intent\":null,\"payment_method\":\"card_1RJFlS2NUoYUjiuuWzCXlJqp\",\"payment_method_details\":{\"card\":{\"amount_authorized\":5000,\"authorization_code\":\"076564\",\"brand\":\"visa\",\"checks\":{\"address_line1_check\":null,\"address_postal_code_check\":null,\"cvc_check\":\"pass\"},\"country\":\"US\",\"exp_month\":11,\"exp_year\":2027,\"extended_authorization\":{\"status\":\"disabled\"},\"fingerprint\":\"oDFJPEufxLEAjKWo\",\"funding\":\"debit\",\"incremental_authorization\":{\"status\":\"unavailable\"},\"installments\":null,\"last4\":\"2629\",\"mandate\":null,\"multicapture\":{\"status\":\"unavailable\"},\"network\":\"visa\",\"network_token\":{\"used\":false},\"network_transaction_id\":\"465119544919660\",\"overcapture\":{\"maximum_amount_capturable\":5000,\"status\":\"unavailable\"},\"regulated_status\":\"regulated\",\"three_d_secure\":null,\"wallet\":null},\"type\":\"card\"},\"receipt_email\":null,\"receipt_number\":null,\"receipt_url\":\"https:\\/\\/pay.stripe.com\\/receipts\\/payment\\/CAcQARoXChVhY2N0XzFRUEFGdjJOVW9ZVWppdXUo3NbDwAYyBipT20fSpjosFiXFE9F_R86V7684Riq6ye1vzytDaWgpTbJYsz1HOUvdevo4UPDt2f8bJMU\",\"refunded\":false,\"review\":null,\"shipping\":null,\"source\":{\"id\":\"card_1RJFlS2NUoYUjiuuWzCXlJqp\",\"object\":\"card\",\"address_city\":null,\"address_country\":null,\"address_line1\":null,\"address_line1_check\":null,\"address_line2\":null,\"address_state\":null,\"address_zip\":null,\"address_zip_check\":null,\"allow_redisplay\":\"unspecified\",\"brand\":\"Visa\",\"country\":\"US\",\"customer\":\"cus_SDh9FlDGde0Tr6\",\"cvc_check\":\"pass\",\"dynamic_last4\":null,\"exp_month\":11,\"exp_year\":2027,\"fingerprint\":\"oDFJPEufxLEAjKWo\",\"funding\":\"debit\",\"last4\":\"2629\",\"metadata\":[],\"name\":\"rafagana@yahoo.com\",\"regulated_status\":\"regulated\",\"tokenization_method\":null,\"wallet\":null},\"source_transfer\":null,\"statement_descriptor\":null,\"statement_descriptor_suffix\":null,\"status\":\"succeeded\",\"transfer_data\":null,\"transfer_group\":null}'
WHERE `id` = 359;
INSERT INTO `card_purchase_history` (`user_id`, `card_id`, `card_cost`, `card_value`, `payment_option`, `date`) VALUES ('9ST4Y6', '2', '50', '50', 'stripe', '2025-04-29 10:07:11');
UPDATE `user_registration` SET commission_balance = ROUND(commission_balance + 50,2)
WHERE `user_id` = '9ST4Y6';
UPDATE `user_registration` SET `popup_seen` = 'yes'
WHERE `user_id` = '9ST4Y6';
INSERT INTO `login_history` (`user_id`, `device`, `ip_address`, `date`) VALUES ('2HKNYD', 'Mozilla/5.0 (iPad; CPU OS 18_4_1 like Mac OS X) AppleWebKit/605.1.15 (KHTML, like Gecko) GSA/365.1.750410080 Mobile/15E148 Safari/604.1', '172.70.83.95', '25-04-29 10:09');
UPDATE `user_registration` SET `popup_seen` = 'yes'
WHERE `user_id` = '2HKNYD';
UPDATE `ci_sessions` SET `timestamp` = 1745939495, `data` = '__ci_last_regenerate|i:1745939495;id|s:4:\"2334\";user_id|s:6:\"9ST4Y6\";username|s:9:\"Sulylinda\";sponsor_id|s:6:\"UQO7EQ\";fullname|s:16:\"Suilem Rodriguez\";email|s:23:\"fantasyinside@yahoo.com\";phone|s:10:\"7862859640\";isLogIn|b:1;reg_stripe_id|i:359;'
WHERE `id` = 'd5a2fe7c5098b3c1471e6670ddaf01492fa168bc';
UPDATE `user_registration` SET `popup_seen` = 'no'
WHERE `user_id` = '9ST4Y6';
DELETE FROM `ci_sessions`
WHERE `id` = '243a91c37b862fc91e8827a5daf636f7623f7858';
INSERT INTO `login_history` (`user_id`, `device`, `ip_address`, `date`) VALUES ('UQO7EQ', 'Mozilla/5.0 (Windows NT 10.0; Win64; x64) AppleWebKit/537.36 (KHTML, like Gecko) Chrome/135.0.0.0 Safari/537.36', '172.70.254.226', '25-04-29 10:11');
UPDATE `user_registration` SET `popup_seen` = 'yes'
WHERE `user_id` = 'UQO7EQ';
UPDATE `ci_sessions` SET `timestamp` = 1745941434, `data` = '__ci_last_regenerate|i:1745941434;id|s:4:\"2042\";user_id|s:6:\"UQO7EQ\";username|s:6:\"Rafa51\";sponsor_id|s:6:\"N6GZAE\";fullname|s:16:\"Rafael Rodriguez\";email|s:18:\"rafagana@yahoo.com\";phone|s:10:\"3057610606\";isLogIn|b:1;message|s:24:\"Welcome Rafael Rodriguez\";__ci_vars|a:1:{s:7:\"message\";s:3:\"old\";}'
WHERE `id` = 'd407cd85abd04c5139ca218e7eb13b1625cab80c';
UPDATE `ci_sessions` SET `timestamp` = 1745941588, `data` = '__ci_last_regenerate|i:1745941588;captcha|s:4:\"swxo\";'
WHERE `id` = 'a8137466a874e5979aba53ad58d50263753d2ffd';
INSERT INTO `login_history` (`user_id`, `device`, `ip_address`, `date`) VALUES ('U7SMZ8', 'Mozilla/5.0 (Macintosh; Intel Mac OS X 10_15_7) AppleWebKit/605.1.15 (KHTML, like Gecko) Version/17.6 Safari/605.1.15', '172.70.114.35', '25-04-29 10:46');
UPDATE `user_registration` SET `popup_seen` = 'yes'
WHERE `user_id` = 'U7SMZ8';
UPDATE `user_registration` SET `popup_seen` = 'yes'
WHERE `user_id` = 'U7SMZ8';
UPDATE `user_registration` SET `popup_seen` = 'no'
WHERE `user_id` = 'U7SMZ8';
DELETE FROM `ci_sessions`
WHERE `id` = '3b13e2f70611616e3c25b337ad6a4e6ae6d5f852';
UPDATE `user_registration` SET `popup_seen` = 'yes'
WHERE `user_id` = 'UQO7EQ';
UPDATE `ci_sessions` SET `timestamp` = 1745942025, `data` = '__ci_last_regenerate|i:1745942025;id|s:4:\"2042\";user_id|s:6:\"UQO7EQ\";username|s:6:\"Rafa51\";sponsor_id|s:6:\"N6GZAE\";fullname|s:16:\"Rafael Rodriguez\";email|s:18:\"rafagana@yahoo.com\";phone|s:10:\"3057610606\";isLogIn|b:1;'
WHERE `id` = 'c819b06c01a92d338d65ea4d647804b35f7c68e6';
UPDATE `user_registration` SET `popup_seen` = 'yes'
WHERE `user_id` = 'UQO7EQ';
UPDATE `user_registration` SET `popup_seen` = 'no'
WHERE `user_id` = 'UQO7EQ';
DELETE FROM `ci_sessions`
WHERE `id` = '59bedbc2c7890b5cabaca75d9aff21b00b10e08d';
INSERT INTO `login_history` (`user_id`, `device`, `ip_address`, `date`) VALUES ('QJ5U9C', 'Mozilla/5.0 (iPhone; CPU iPhone OS 18_3_2 like Mac OS X) AppleWebKit/605.1.15 (KHTML, like Gecko) CriOS/135.0.7049.83 Mobile/15E148 Safari/604.1', '172.70.83.96', '25-04-29 11:12');
UPDATE `user_registration` SET `popup_seen` = 'yes'
WHERE `user_id` = 'QJ5U9C';
INSERT INTO `login_history` (`user_id`, `device`, `ip_address`, `date`) VALUES ('XHO8CJ', 'Mozilla/5.0 (Windows NT 10.0; Win64; x64) AppleWebKit/537.36 (KHTML, like Gecko) Chrome/135.0.0.0 Safari/537.36', '172.68.168.217', '25-04-29 11:22');
UPDATE `user_registration` SET `popup_seen` = 'yes'
WHERE `user_id` = 'XHO8CJ';
INSERT INTO `temp_register` (`post_data`, `date`, `payment_method`, `type`) VALUES ('{\"user_id\":\"XHO8CJ\",\"package_id\":\"2\",\"amount\":\"150\",\"payment_method\":\"stripe\",\"date\":\"2025-04-29 11:26:21\"}', '2025-04-29 11:26:21', 'stripe', 'renew');
UPDATE `temp_register` SET `response` = '{\"stripeToken\":\"tok_1RJGzd2NUoYUjiuuiLWWedZc\",\"stripeTokenType\":\"card\",\"stripeEmail\":\"arielzomoza@hotmail.com\"}', `date_modified` = '2025-04-29 11:26:54', `payment_status` = '{\"id\":\"ch_3RJGzi2NUoYUjiuu1r5r3N64\",\"object\":\"charge\",\"amount\":15000,\"amount_captured\":15000,\"amount_refunded\":0,\"application\":null,\"application_fee\":null,\"application_fee_amount\":null,\"balance_transaction\":\"txn_3RJGzi2NUoYUjiuu1S9fPuPZ\",\"billing_details\":{\"address\":{\"city\":null,\"country\":null,\"line1\":null,\"line2\":null,\"postal_code\":null,\"state\":null},\"email\":null,\"name\":\"arielzomoza@hotmail.com\",\"phone\":null,\"tax_id\":null},\"calculated_statement_descriptor\":\"TRAVELEGENDCY LLC\",\"captured\":true,\"created\":1745944014,\"currency\":\"usd\",\"customer\":\"cus_SDiQzAr7yYkiyu\",\"description\":null,\"destination\":null,\"dispute\":null,\"disputed\":false,\"failure_balance_transaction\":null,\"failure_code\":null,\"failure_message\":null,\"fraud_details\":[],\"invoice\":null,\"livemode\":true,\"metadata\":{\"name\":\"Ariel Zomoza\",\"username\":\"Ariel78\"},\"on_behalf_of\":null,\"order\":null,\"outcome\":{\"advice_code\":null,\"network_advice_code\":null,\"network_decline_code\":null,\"network_status\":\"approved_by_network\",\"reason\":null,\"risk_level\":\"normal\",\"seller_message\":\"Payment complete.\",\"type\":\"authorized\"},\"paid\":true,\"payment_intent\":null,\"payment_method\":\"card_1RJGzd2NUoYUjiuus7RzGHyg\",\"payment_method_details\":{\"card\":{\"amount_authorized\":15000,\"authorization_code\":\"029529\",\"brand\":\"visa\",\"checks\":{\"address_line1_check\":null,\"address_postal_code_check\":null,\"cvc_check\":\"pass\"},\"country\":\"US\",\"exp_month\":1,\"exp_year\":2028,\"extended_authorization\":{\"status\":\"disabled\"},\"fingerprint\":\"cIOfit7SseBSXpJc\",\"funding\":\"credit\",\"incremental_authorization\":{\"status\":\"unavailable\"},\"installments\":null,\"last4\":\"8367\",\"mandate\":null,\"multicapture\":{\"status\":\"unavailable\"},\"network\":\"visa\",\"network_token\":{\"used\":false},\"network_transaction_id\":\"585119592148577\",\"overcapture\":{\"maximum_amount_capturable\":15000,\"status\":\"unavailable\"},\"regulated_status\":\"unregulated\",\"three_d_secure\":null,\"wallet\":null},\"type\":\"card\"},\"receipt_email\":null,\"receipt_number\":null,\"receipt_url\":\"https:\\/\\/pay.stripe.com\\/receipts\\/payment\\/CAcQARoXChVhY2N0XzFRUEFGdjJOVW9ZVWppdXUoz_vDwAYyBumwuBHK1josFnphGoiwNll_amhQeFARmhveZt0cAcBjLHvyi8-TQpm1kek9Mlrc92zPw4w\",\"refunded\":false,\"review\":null,\"shipping\":null,\"source\":{\"id\":\"card_1RJGzd2NUoYUjiuus7RzGHyg\",\"object\":\"card\",\"address_city\":null,\"address_country\":null,\"address_line1\":null,\"address_line1_check\":null,\"address_line2\":null,\"address_state\":null,\"address_zip\":null,\"address_zip_check\":null,\"allow_redisplay\":\"unspecified\",\"brand\":\"Visa\",\"country\":\"US\",\"customer\":\"cus_SDiQzAr7yYkiyu\",\"cvc_check\":\"pass\",\"dynamic_last4\":null,\"exp_month\":1,\"exp_year\":2028,\"fingerprint\":\"cIOfit7SseBSXpJc\",\"funding\":\"credit\",\"last4\":\"8367\",\"metadata\":[],\"name\":\"arielzomoza@hotmail.com\",\"regulated_status\":\"unregulated\",\"tokenization_method\":null,\"wallet\":null},\"source_transfer\":null,\"statement_descriptor\":null,\"statement_descriptor_suffix\":null,\"status\":\"succeeded\",\"transfer_data\":null,\"transfer_group\":null}'
WHERE `id` = 360;
INSERT INTO `sub_history` (`user_id`, `package_id`, `amount`, `payment_method`, `date`) VALUES ('XHO8CJ', '2', '150', 'Stripe', '2025-04-29 11:26:54');
UPDATE `user_registration` SET sub_point = ROUND(sub_point + 150,2)
WHERE `user_id` = 'XHO8CJ';
INSERT INTO `investment` (`invest_date`, `user_id`, `type`, `amount`, `package_id`) VALUES ('2025-04-29 11:26:54', 'XHO8CJ', 'subscription', '150', '2');
UPDATE `user_registration` SET total_points = ROUND(total_points + 150,2)
WHERE `user_id` = 'XHO8CJ';
INSERT INTO `points_history` (`user_id`, `points`, `type`, `date`) VALUES ('XHO8CJ', '150', 'subscription', '2025-04-29 11:26:');
UPDATE `bv_updation` SET right_carry = right_carry+150, total_right = total_right+150
WHERE `user_id` = 'U7SMZ8';
INSERT INTO `placement_bv_update_history` (`right_carry`, `date`, `from_id`, `user_id`) VALUES ('150', '2025-04-29 11:26:54', 'XHO8CJ', 'U7SMZ8');
UPDATE `user_registration` SET `cycle_rank_id` = '1'
WHERE `user_id` = 'U7SMZ8';
INSERT INTO `rank_history` (`rank_id`, `user_id`, `name`, `bv`, `date`, `amount`, `type`) VALUES ('1', 'U7SMZ8', 'Affiliate', '0', '2025-04-29 11:26:54', '0', 'auto');
UPDATE `bv_updation` SET sponsor_right_carry = sponsor_right_carry+150, sponsor_total_right = sponsor_total_right+150
WHERE `user_id` = 'U7SMZ8';
INSERT INTO `sponsor_bv_update_history` (`right_carry`, `date`, `user_id`) VALUES ('150', '2025-04-29 11:26:54', 'U7SMZ8');
UPDATE `bv_updation` SET right_carry = right_carry+150, total_right = total_right+150
WHERE `user_id` = 'AABG7W';
INSERT INTO `placement_bv_update_history` (`right_carry`, `date`, `from_id`, `user_id`) VALUES ('150', '2025-04-29 11:26:54', 'XHO8CJ', 'AABG7W');
UPDATE `user_registration` SET `cycle_rank_id` = '1'
WHERE `user_id` = 'AABG7W';
INSERT INTO `rank_history` (`rank_id`, `user_id`, `name`, `bv`, `date`, `amount`, `type`) VALUES ('1', 'AABG7W', 'Affiliate', '0', '2025-04-29 11:26:54', '0', 'auto');
UPDATE `bv_updation` SET right_carry = right_carry+150, total_right = total_right+150
WHERE `user_id` = '3ZDIFO';
INSERT INTO `placement_bv_update_history` (`right_carry`, `date`, `from_id`, `user_id`) VALUES ('150', '2025-04-29 11:26:54', 'XHO8CJ', '3ZDIFO');
UPDATE `bv_updation` SET right_carry = right_carry+150, total_right = total_right+150
WHERE `user_id` = 'UQO7EQ';
INSERT INTO `placement_bv_update_history` (`right_carry`, `date`, `from_id`, `user_id`) VALUES ('150', '2025-04-29 11:26:54', 'XHO8CJ', 'UQO7EQ');
UPDATE `user_registration` SET `cycle_rank_id` = '2'
WHERE `user_id` = 'UQO7EQ';
INSERT INTO `rank_history` (`rank_id`, `user_id`, `name`, `bv`, `date`, `amount`, `type`) VALUES ('2', 'UQO7EQ', 'Associate', '1200', '2025-04-29 11:26:54', '100', 'auto');
UPDATE `bv_updation` SET left_carry = left_carry+150, total_left = total_left+150
WHERE `user_id` = 'N6GZAE';
INSERT INTO `placement_bv_update_history` (`left_carry`, `date`, `from_id`, `user_id`) VALUES ('150', '2025-04-29 11:26:54', 'XHO8CJ', 'N6GZAE');
UPDATE `user_registration` SET `cycle_rank_id` = '1'
WHERE `user_id` = 'N6GZAE';
INSERT INTO `rank_history` (`rank_id`, `user_id`, `name`, `bv`, `date`, `amount`, `type`) VALUES ('1', 'N6GZAE', 'Affiliate', '0', '2025-04-29 11:26:54', '0', 'auto');
UPDATE `bv_updation` SET left_carry = left_carry+150, total_left = total_left+150
WHERE `user_id` = '4E1CRI';
INSERT INTO `placement_bv_update_history` (`left_carry`, `date`, `from_id`, `user_id`) VALUES ('150', '2025-04-29 11:26:55', 'XHO8CJ', '4E1CRI');
UPDATE `bv_updation` SET left_carry = left_carry+150, total_left = total_left+150
WHERE `user_id` = 'SJBNYJ';
INSERT INTO `placement_bv_update_history` (`left_carry`, `date`, `from_id`, `user_id`) VALUES ('150', '2025-04-29 11:26:55', 'XHO8CJ', 'SJBNYJ');
UPDATE `user_registration` SET `cycle_rank_id` = '1'
WHERE `user_id` = 'SJBNYJ';
INSERT INTO `rank_history` (`rank_id`, `user_id`, `name`, `bv`, `date`, `amount`, `type`) VALUES ('1', 'SJBNYJ', 'Affiliate', '0', '2025-04-29 11:26:55', '0', 'auto');
UPDATE `bv_updation` SET left_carry = left_carry+150, total_left = total_left+150
WHERE `user_id` = '44B9Y4';
INSERT INTO `placement_bv_update_history` (`left_carry`, `date`, `from_id`, `user_id`) VALUES ('150', '2025-04-29 11:26:55', 'XHO8CJ', '44B9Y4');
UPDATE `user_registration` SET `cycle_rank_id` = '1'
WHERE `user_id` = '44B9Y4';
INSERT INTO `rank_history` (`rank_id`, `user_id`, `name`, `bv`, `date`, `amount`, `type`) VALUES ('1', '44B9Y4', 'Affiliate', '0', '2025-04-29 11:26:55', '0', 'auto');
UPDATE `bv_updation` SET right_carry = right_carry+150, total_right = total_right+150
WHERE `user_id` = 'admin';
INSERT INTO `placement_bv_update_history` (`right_carry`, `date`, `from_id`, `user_id`) VALUES ('150', '2025-04-29 11:26:55', 'XHO8CJ', 'admin');
UPDATE `user_registration` SET `cycle_rank_id` = '1'
WHERE `user_id` = 'admin';
INSERT INTO `rank_history` (`rank_id`, `user_id`, `name`, `bv`, `date`, `amount`, `type`) VALUES ('1', 'admin', 'Affiliate', '0', '2025-04-29 11:26:55', '0', 'auto');
UPDATE `user_registration` SET `subscription_date` = '2025-05-29', `active_status` = 'yes'
WHERE `user_id` = 'XHO8CJ';
UPDATE `user_registration` SET `popup_seen` = 'yes'
WHERE `user_id` = 'XHO8CJ';
UPDATE `ci_sessions` SET `timestamp` = 1745944034, `data` = '__ci_last_regenerate|i:1745944034;id|s:4:\"2084\";user_id|s:6:\"QJ5U9C\";username|s:10:\"gascarde60\";sponsor_id|s:6:\"O94ZPY\";fullname|s:14:\"Gaspar Cardero\";email|s:18:\"gascarde@yahoo.com\";phone|s:10:\"7862371360\";isLogIn|b:1;message|s:22:\"Welcome Gaspar Cardero\";__ci_vars|a:1:{s:7:\"message\";s:3:\"old\";}'
WHERE `id` = '71bf8294194bd37332672172ae4c174d0ff170ab';
UPDATE `user_registration` SET `popup_seen` = 'yes'
WHERE `user_id` = 'QJ5U9C';
UPDATE `ci_sessions` SET `timestamp` = 1745944123, `data` = '__ci_last_regenerate|i:1745944123;id|s:4:\"2073\";user_id|s:6:\"XHO8CJ\";username|s:7:\"Ariel78\";sponsor_id|s:6:\"U7SMZ8\";fullname|s:12:\"Ariel Zomoza\";email|s:23:\"arielzomoza@hotmail.com\";phone|s:10:\"7863844290\";isLogIn|b:1;'
WHERE `id` = 'f406e22beacefb70b257fb577dea1a506efabb2f';
UPDATE `user_registration` SET `popup_seen` = 'yes'
WHERE `user_id` = 'XHO8CJ';
UPDATE `ci_sessions` SET `timestamp` = 1745945165, `data` = '__ci_last_regenerate|i:1745945165;captcha|s:4:\"lzj1\";'
WHERE `id` = '5136be24d1e87b8b3a2286a9a2035d2f9b4122d4';
UPDATE `ci_sessions` SET `timestamp` = 1745946250, `data` = '__ci_last_regenerate|i:1745946250;id|s:4:\"2084\";user_id|s:6:\"QJ5U9C\";username|s:10:\"gascarde60\";sponsor_id|s:6:\"O94ZPY\";fullname|s:14:\"Gaspar Cardero\";email|s:18:\"gascarde@yahoo.com\";phone|s:10:\"7862371360\";isLogIn|b:1;'
WHERE `id` = '819681333d80cd68ab83063ea352c76c8aa5035f';
UPDATE `user_registration` SET `popup_seen` = 'yes'
WHERE `user_id` = 'QJ5U9C';
UPDATE `ci_sessions` SET `timestamp` = 1745946303, `data` = '__ci_last_regenerate|i:1745946303;captcha|s:4:\"txyp\";'
WHERE `id` = 'aba9d07ab84e28ad9bc9b310317211a531f8346a';
INSERT INTO `login_history` (`user_id`, `device`, `ip_address`, `date`) VALUES ('UQO7EQ', 'Mozilla/5.0 (Windows NT 10.0; Win64; x64) AppleWebKit/537.36 (KHTML, like Gecko) Chrome/135.0.0.0 Safari/537.36', '172.69.132.205', '25-04-29 12:05');
UPDATE `user_registration` SET `popup_seen` = 'yes'
WHERE `user_id` = 'UQO7EQ';
UPDATE `user_registration` SET `popup_seen` = 'yes'
WHERE `user_id` = 'UQO7EQ';
UPDATE `user_registration` SET `popup_seen` = 'yes'
WHERE `user_id` = 'UQO7EQ';
UPDATE `user_registration` SET `popup_seen` = 'yes'
WHERE `user_id` = 'UQO7EQ';
UPDATE `ci_sessions` SET `timestamp` = 1745946562, `data` = '__ci_last_regenerate|i:1745946562;captcha|s:4:\"rdkj\";'
WHERE `id` = '22c84a8cada7b0f3234814ceaa729b41a5c7d287';
UPDATE `ci_sessions` SET `timestamp` = 1745946906, `data` = '__ci_last_regenerate|i:1745946906;id|s:4:\"2042\";user_id|s:6:\"UQO7EQ\";username|s:6:\"Rafa51\";sponsor_id|s:6:\"N6GZAE\";fullname|s:16:\"Rafael Rodriguez\";email|s:18:\"rafagana@yahoo.com\";phone|s:10:\"3057610606\";isLogIn|b:1;'
WHERE `id` = '73fa106ef215165d2f5d6c0f9b02ee5ac9f008d6';
UPDATE `user_registration` SET `popup_seen` = 'yes'
WHERE `user_id` = 'UQO7EQ';
UPDATE `user_registration` SET `popup_seen` = 'yes'
WHERE `user_id` = 'UQO7EQ';
UPDATE `ci_sessions` SET `timestamp` = 1745947354, `data` = '__ci_last_regenerate|i:1745947354;captcha|s:4:\"9kpc\";'
WHERE `id` = '36f47844d294e836a6c00da0b596258f679dcac7';
UPDATE `ci_sessions` SET `timestamp` = 1745947778, `data` = '__ci_last_regenerate|i:1745947778;id|s:4:\"2042\";user_id|s:6:\"UQO7EQ\";username|s:6:\"Rafa51\";sponsor_id|s:6:\"N6GZAE\";fullname|s:16:\"Rafael Rodriguez\";email|s:18:\"rafagana@yahoo.com\";phone|s:10:\"3057610606\";isLogIn|b:1;'
WHERE `id` = 'd55377266998336db9a59e2ab9fde515f0b07f18';
UPDATE `user_registration` SET `popup_seen` = 'no'
WHERE `user_id` = 'UQO7EQ';
DELETE FROM `ci_sessions`
WHERE `id` = '4722effdb9653f97beffd19a06cfa54e22556ea6';
UPDATE `ci_sessions` SET `timestamp` = 1745948135, `data` = '__ci_last_regenerate|i:1745948135;captcha|s:4:\"d3pb\";'
WHERE `id` = 'bcfeeecbb3000c44139d329b7b1c1710720961f9';
UPDATE `ci_sessions` SET `timestamp` = 1745948208, `data` = '__ci_last_regenerate|i:1745948208;id|s:4:\"2084\";user_id|s:6:\"QJ5U9C\";username|s:10:\"gascarde60\";sponsor_id|s:6:\"O94ZPY\";fullname|s:14:\"Gaspar Cardero\";email|s:18:\"gascarde@yahoo.com\";phone|s:10:\"7862371360\";isLogIn|b:1;'
WHERE `id` = 'c17d2a76409c93d551d58a6484dc32bc11de69e3';
UPDATE `user_registration` SET `popup_seen` = 'yes'
WHERE `user_id` = 'QJ5U9C';
INSERT INTO `login_history` (`user_id`, `device`, `ip_address`, `date`) VALUES ('VQGPGZ', 'Mozilla/5.0 (Linux; Android 10; K) AppleWebKit/537.36 (KHTML, like Gecko) Chrome/135.0.0.0 Mobile Safari/537.36', '172.70.110.207', '25-04-29 13:16');
UPDATE `user_registration` SET `popup_seen` = 'yes'
WHERE `user_id` = 'VQGPGZ';
UPDATE `user_registration` SET `popup_seen` = 'no'
WHERE `user_id` IS NULL;
DELETE FROM `ci_sessions`
WHERE `id` = 'a85b13d3bc1764c206421ad07aa2593c6a704380';
INSERT INTO `login_history` (`user_id`, `device`, `ip_address`, `date`) VALUES ('UQO7EQ', 'Mozilla/5.0 (Linux; Android 10; K) AppleWebKit/537.36 (KHTML, like Gecko) Chrome/131.0.0.0 Mobile Safari/537.36', '172.68.7.162', '25-04-29 14:13');
UPDATE `user_registration` SET `popup_seen` = 'yes'
WHERE `user_id` = 'UQO7EQ';
UPDATE `user_registration` SET `popup_seen` = 'no'
WHERE `user_id` = 'UQO7EQ';
DELETE FROM `ci_sessions`
WHERE `id` = '74312f6918c0c3136a7a59c70aa7d1d82beea56f';
INSERT INTO `login_history` (`user_id`, `device`, `ip_address`, `date`) VALUES ('6RCEKP', 'Mozilla/5.0 (Windows NT 10.0; Win64; x64) AppleWebKit/537.36 (KHTML, like Gecko) Chrome/135.0.0.0 Safari/537.36', '108.162.212.88', '25-04-29 14:26');
UPDATE `user_registration` SET `popup_seen` = 'yes'
WHERE `user_id` = '6RCEKP';
INSERT INTO `login_history` (`user_id`, `device`, `ip_address`, `date`) VALUES ('6RCEKP', 'Mozilla/5.0 (iPhone; CPU iPhone OS 18_3_1 like Mac OS X) AppleWebKit/605.1.15 (KHTML, like Gecko) Version/18.3 Mobile/15E148 Safari/604.1', '172.70.255.63', '25-04-29 14:29');
UPDATE `user_registration` SET `popup_seen` = 'yes'
WHERE `user_id` = '6RCEKP';
UPDATE `user_registration` SET `popup_seen` = 'yes'
WHERE `user_id` = '6RCEKP';
UPDATE `ci_sessions` SET `timestamp` = 1745955099, `data` = '__ci_last_regenerate|i:1745955099;id|s:4:\"2341\";user_id|s:6:\"6RCEKP\";username|s:16:\"ApsStreetwearLLC\";sponsor_id|s:6:\"VQGPGZ\";fullname|s:11:\"Felix Arias\";email|s:23:\"felixarias171@gmail.com\";phone|s:10:\"7864799934\";isLogIn|b:1;'
WHERE `id` = '89fbfe96b8fb0d4a2f4369939119f5b432ef2e87';
UPDATE `user_registration` SET `popup_seen` = 'yes'
WHERE `user_id` = '6RCEKP';
INSERT INTO `login_history` (`user_id`, `device`, `ip_address`, `date`) VALUES ('JHRDHS', 'Mozilla/5.0 (iPhone; CPU iPhone OS 18_4_1 like Mac OS X) AppleWebKit/605.1.15 (KHTML, like Gecko) Version/18.4 Mobile/15E148 Safari/604.1', '172.68.7.63', '25-04-29 14:43');
UPDATE `user_registration` SET `popup_seen` = 'yes'
WHERE `user_id` = 'JHRDHS';
UPDATE `ci_sessions` SET `timestamp` = 1745957592, `data` = '__ci_last_regenerate|i:1745957592;id|s:4:\"2071\";user_id|s:6:\"JHRDHS\";username|s:7:\"mbecena\";sponsor_id|s:6:\"CVVK4C\";fullname|s:12:\"Maria Becena\";email|s:21:\"mbecena@bellsouth.net\";phone|s:10:\"7862360387\";isLogIn|b:1;message|s:20:\"Welcome Maria Becena\";__ci_vars|a:1:{s:7:\"message\";s:3:\"old\";}'
WHERE `id` = '3a8f2103ff25ed889a342e2008fe47bf545911b7';
UPDATE `user_registration` SET `popup_seen` = 'yes'
WHERE `user_id` = 'JHRDHS';
INSERT INTO `login_history` (`user_id`, `device`, `ip_address`, `date`) VALUES ('2RSJNO', 'Mozilla/5.0 (iPhone; CPU iPhone OS 18_3_2 like Mac OS X) AppleWebKit/605.1.15 (KHTML, like Gecko) GSA/365.1.750410080 Mobile/15E148 Safari/604.1', '172.68.12.95', '25-04-29 15:15');
UPDATE `user_registration` SET `popup_seen` = 'yes'
WHERE `user_id` = '2RSJNO';
UPDATE `ci_sessions` SET `timestamp` = 1745958485, `data` = '__ci_last_regenerate|i:1745958485;captcha|s:4:\"tpoz\";'
WHERE `id` = '1d8c64f6422b636df67f03b5763f150703e475f8';
INSERT INTO `login_history` (`user_id`, `device`, `ip_address`, `date`) VALUES ('UQO7EQ', 'Mozilla/5.0 (Linux; Android 10; K) AppleWebKit/537.36 (KHTML, like Gecko) Chrome/131.0.0.0 Mobile Safari/537.36', '172.70.54.70', '25-04-29 15:28');
UPDATE `user_registration` SET `popup_seen` = 'yes'
WHERE `user_id` = 'UQO7EQ';
UPDATE `user_registration` SET `popup_seen` = 'no'
WHERE `user_id` = 'UQO7EQ';
DELETE FROM `ci_sessions`
WHERE `id` = '48e0c522479ffc7a6310f2cbf7550d274b294fa8';
UPDATE `ci_sessions` SET `timestamp` = 1745958828, `data` = '__ci_last_regenerate|i:1745958828;id|s:4:\"2190\";user_id|s:6:\"2RSJNO\";username|s:8:\"yoel0221\";sponsor_id|s:6:\"QJ5U9C\";fullname|s:16:\"Yoel Ramos Gomez\";email|s:19:\"yoel21272@gmail.com\";phone|s:10:\"3053050150\";isLogIn|b:1;message|s:24:\"Welcome Yoel Ramos Gomez\";__ci_vars|a:1:{s:7:\"message\";s:3:\"old\";}'
WHERE `id` = '702b551fd546dfb1c370e5211d7be6bb5327b111';
UPDATE `user_registration` SET `popup_seen` = 'yes'
WHERE `user_id` = '2RSJNO';
INSERT INTO `login_history` (`user_id`, `device`, `ip_address`, `date`) VALUES ('7P1TWW', 'Mozilla/5.0 (Linux; Android 10; K) AppleWebKit/537.36 (KHTML, like Gecko) Chrome/135.0.0.0 Mobile Safari/537.36', '172.68.7.139', '25-04-29 15:50');
UPDATE `user_registration` SET `popup_seen` = 'yes'
WHERE `user_id` = '7P1TWW';
UPDATE `user_registration` SET `popup_seen` = 'yes'
WHERE `user_id` = '7P1TWW';
UPDATE `user_registration` SET `trans_password` = '08032024'
WHERE `user_id` = '7P1TWW';
INSERT INTO `notifications` (`user_id`, `notification_type`, `subject`, `details`, `date`, `status`) VALUES ('7P1TWW', 'transaction_password_update', 'Transaction Password Notification', 'Your transaction password has been created successfully.', '2025-04-29 15:52:33', 0);
UPDATE `ci_sessions` SET `timestamp` = 1745961814, `data` = '__ci_last_regenerate|i:1745961814;captcha|s:4:\"9epu\";'
WHERE `id` = 'b659b79f05404185eabc0b2655e08b4638308c6a';
INSERT INTO `login_history` (`user_id`, `device`, `ip_address`, `date`) VALUES ('UQO7EQ', 'Mozilla/5.0 (Linux; Android 10; K) AppleWebKit/537.36 (KHTML, like Gecko) Chrome/131.0.0.0 Mobile Safari/537.36', '172.68.12.196', '25-04-29 16:23');
UPDATE `user_registration` SET `popup_seen` = 'yes'
WHERE `user_id` = 'UQO7EQ';
UPDATE `user_registration` SET `popup_seen` = 'no'
WHERE `user_id` = 'UQO7EQ';
DELETE FROM `ci_sessions`
WHERE `id` = 'bf1cdb9dd9dd83ef68dd527196c75c051b02d51a';
UPDATE `ci_sessions` SET `timestamp` = 1745963113, `data` = '__ci_last_regenerate|i:1745963113;id|s:4:\"2226\";user_id|s:6:\"7P1TWW\";username|s:8:\"AbiMar24\";sponsor_id|s:6:\"OTZTS5\";fullname|s:12:\"Martha Marin\";email|s:25:\"marthamarin9993@gmail.com\";phone|s:10:\"7862735424\";isLogIn|b:1;'
WHERE `id` = '9eb62764c2e0fb87772b50143def3c484ffa3c9d';
INSERT INTO `visa_card_fee_history` (`user_id`, `amount`, `status`, `date`) VALUES ('7P1TWW', '20', 1, '2025-04-29 16:46:10');
INSERT INTO `visa_card_fee_history` (`user_id`, `amount`, `status`, `date`) VALUES ('7P1TWW', '20', 1, '2025-04-29 16:46:27');
UPDATE `ci_sessions` SET `timestamp` = 1745963421, `data` = '__ci_last_regenerate|i:1745963421;id|s:4:\"2226\";user_id|s:6:\"7P1TWW\";username|s:8:\"AbiMar24\";sponsor_id|s:6:\"OTZTS5\";fullname|s:12:\"Martha Marin\";email|s:25:\"marthamarin9993@gmail.com\";phone|s:10:\"7862735424\";isLogIn|b:1;'
WHERE `id` = '3a0b9ce0c1db9918623225d755394e4282f32a2e';
UPDATE `user_registration` SET `popup_seen` = 'yes'
WHERE `user_id` = '7P1TWW';
UPDATE `user_registration` SET `popup_seen` = 'no'
WHERE `user_id` = '7P1TWW';
DELETE FROM `ci_sessions`
WHERE `id` = 'b38c18cd2ac83375d1a66b0059725b3f62d4ec0c';
UPDATE `ci_sessions` SET `timestamp` = 1745968287, `data` = '__ci_last_regenerate|i:1745968287;captcha|s:4:\"kxjv\";'
WHERE `id` = '76c19092734b1e1b93834ebb43a2a78858ca8e8f';
INSERT INTO `login_history` (`user_id`, `device`, `ip_address`, `date`) VALUES ('VQGPGZ', 'Mozilla/5.0 (Windows NT 10.0; Win64; x64) AppleWebKit/537.36 (KHTML, like Gecko) Chrome/135.0.0.0 Safari/537.36', '172.70.55.157', '25-04-29 18:56');
UPDATE `user_registration` SET `popup_seen` = 'yes'
WHERE `user_id` = 'VQGPGZ';
UPDATE `ci_sessions` SET `timestamp` = 1745971664, `data` = '__ci_last_regenerate|i:1745971664;id|s:4:\"2335\";user_id|s:6:\"VQGPGZ\";username|s:8:\"Gusexito\";sponsor_id|s:6:\"QRE21J\";fullname|s:13:\"Gustavo Arias\";email|s:19:\"gusexito2@gmail.com\";phone|s:10:\"7864580227\";isLogIn|b:1;'
WHERE `id` = '9aefabee56c1b82e510bff9d7bf4e2708e68822e';
UPDATE `user_registration` SET `popup_seen` = 'yes'
WHERE `user_id` = 'VQGPGZ';
UPDATE `user_registration` SET `popup_seen` = 'yes'
WHERE `user_id` = 'VQGPGZ';
INSERT INTO `login_history` (`user_id`, `device`, `ip_address`, `date`) VALUES ('UQO7EQ', 'Mozilla/5.0 (Linux; Android 10; K) AppleWebKit/537.36 (KHTML, like Gecko) Chrome/131.0.0.0 Mobile Safari/537.36', '172.68.70.206', '25-04-29 19:22');
UPDATE `user_registration` SET `popup_seen` = 'yes'
WHERE `user_id` = 'UQO7EQ';
INSERT INTO `login_history` (`user_id`, `device`, `ip_address`, `date`) VALUES ('QJ5U9C', 'Mozilla/5.0 (iPhone; CPU iPhone OS 18_3_2 like Mac OS X) AppleWebKit/605.1.15 (KHTML, like Gecko) CriOS/135.0.7049.83 Mobile/15E148 Safari/604.1', '172.71.31.74', '25-04-29 19:22');
UPDATE `user_registration` SET `popup_seen` = 'yes'
WHERE `user_id` = 'QJ5U9C';
UPDATE `user_registration` SET `popup_seen` = 'no'
WHERE `user_id` = 'UQO7EQ';
DELETE FROM `ci_sessions`
WHERE `id` = '7391387395228019b4abaa6ae49549abab470eb4';
UPDATE `ci_sessions` SET `timestamp` = 1745972717, `data` = '__ci_last_regenerate|i:1745972717;captcha|s:4:\"qd81\";'
WHERE `id` = '8d77bebbd8f6d4c032c8d067c7b546786e5b3415';
INSERT INTO `verify_tbl` (`ip_address`, `user_id`, `session_id`, `verify_code`, `data`, `date`) VALUES ('172.68.7.161', '2QC8SK', 'not_logged_in', '38AOZGEu', '{\"uid\":\"2165\",\"user_id\":\"2QC8SK\",\"username\":\"rafa1968\",\"vacant\":\"no\",\"position\":\"right\",\"placement_id\":\"OHI8SE\",\"sponsor_id\":\"HRAFD3\",\"f_name\":\"Rafael\",\"l_name\":\"Otano\",\"email\":\"chaconrafael38@gmail.com\",\"binary_qualified\":\"no\",\"binary_qualified_date\":null,\"language\":\"\",\"phone\":\"7863982075\",\"gender\":\"\",\"profile_url\":\"\",\"password\":\"650c3ebe6b5ca46055690388eba2aa5c\",\"password_reset_tocken\":null,\"trans_password\":\"\",\"reg_ip\":\"108.162.212.29\",\"status\":\"1\",\"active_status\":\"no\",\"created\":\"2025-02-09 17:10:27\",\"modified\":\"0000-00-00 00:00:00\",\"invest_amount\":\"0\",\"commission_balance\":\"0\",\"current_period_amount\":\"0\",\"active_balance\":\"0\",\"picture_url\":\"\",\"balance_amount\":\"0\",\"total_points\":\"200\",\"country\":\"United States\",\"state\":\"Florida\",\"city\":\"Miami Gardens\",\"street\":\"4500 nw 181 st\",\"zip_code\":\"33055\",\"address\":\"\",\"package_id\":\"2\",\"total_ref_count\":\"1\",\"left_ref_count\":\"0\",\"right_ref_count\":\"1\",\"total_downlines\":\"6\",\"left_downlines\":\"0\",\"right_downlines\":\"6\",\"active_left\":\"0\",\"active_right\":\"1\",\"rank_id\":\"1\",\"highest_rank\":\"1\",\"cycle_rank_id\":\"1\",\"default_leg\":\"right\",\"master_distributor\":\"no\",\"md_balance\":\"0\",\"google_secret\":\"72XRGSIGVBZ6JFSD\",\"twofa_enabled\":\"no\",\"popup_seen\":\"yes\",\"qr_url\":\"\",\"dashboard_theme\":\"dark-layout\",\"block_status\":\"no\",\"blocked_date\":null,\"subscription_date\":\"2025-04-10\",\"product_points\":\"0\",\"referral_bonus\":\"0\",\"residual_bonus\":\"0\",\"expansion_bonus\":\"0\",\"utility_bonus\":\"0\",\"pool_bonus\":\"0\",\"rank_bonus\":\"0\",\"reward_point\":\"\",\"benefit_points\":\"0\",\"sub_point\":\"0\",\"user_type\":\"affiliate\",\"customer_ref_count\":\"0\"}', '2025-04-29 07:25:48');
UPDATE `user_registration` SET `password` = 'fbea73fe2a30d63ead14e5e71c89cebf'
WHERE `user_id` = '2QC8SK';
UPDATE `verify_tbl` SET `status` = 0
WHERE `id` = '38';
UPDATE `ci_sessions` SET `timestamp` = 1745973051, `data` = '__ci_last_regenerate|i:1745973051;captcha|s:4:\"qzan\";'
WHERE `id` = 'aeb16317b1a451bace41bb6341d5c4791134200f';
INSERT INTO `login_history` (`user_id`, `device`, `ip_address`, `date`) VALUES ('2QC8SK', 'Mozilla/5.0 (Windows NT 10.0; Win64; x64) AppleWebKit/537.36 (KHTML, like Gecko) Chrome/135.0.0.0 Safari/537.36', '172.70.255.42', '25-04-29 19:30');
UPDATE `user_registration` SET `popup_seen` = 'yes'
WHERE `user_id` = '2QC8SK';
INSERT INTO `temp_register` (`post_data`, `date`, `payment_method`, `type`) VALUES ('{\"user_id\":\"2QC8SK\",\"package_id\":\"2\",\"amount\":\"150\",\"payment_method\":\"stripe\",\"date\":\"2025-04-29 19:31:09\"}', '2025-04-29 19:31:09', 'stripe', 'renew');
UPDATE `ci_sessions` SET `timestamp` = 1745973158, `data` = '__ci_last_regenerate|i:1745973158;id|s:4:\"2084\";user_id|s:6:\"QJ5U9C\";username|s:10:\"gascarde60\";sponsor_id|s:6:\"O94ZPY\";fullname|s:14:\"Gaspar Cardero\";email|s:18:\"gascarde@yahoo.com\";phone|s:10:\"7862371360\";isLogIn|b:1;'
WHERE `id` = '21f77b8f7d5642498b03c7632f191e71c870e366';
UPDATE `user_registration` SET `popup_seen` = 'yes'
WHERE `user_id` = 'QJ5U9C';
UPDATE `user_registration` SET `popup_seen` = 'yes'
WHERE `user_id` = 'QJ5U9C';
UPDATE `user_registration` SET `popup_seen` = 'yes'
WHERE `user_id` = '2QC8SK';
UPDATE `user_registration` SET `popup_seen` = 'yes'
WHERE `user_id` = '2QC8SK';
UPDATE `ci_sessions` SET `timestamp` = 1745973453, `data` = '__ci_last_regenerate|i:1745973453;id|s:4:\"2165\";user_id|s:6:\"2QC8SK\";username|s:8:\"rafa1968\";sponsor_id|s:6:\"HRAFD3\";fullname|s:12:\"Rafael Otano\";email|s:24:\"chaconrafael38@gmail.com\";phone|s:10:\"7863982075\";isLogIn|b:1;upgrade_stripe_id|i:361;'
WHERE `id` = 'faf7bab626b2efd270622408fbccf1f3f1156ee6';
UPDATE `user_registration` SET `popup_seen` = 'yes'
WHERE `user_id` = '2QC8SK';
UPDATE `ci_sessions` SET `timestamp` = 1745973486, `data` = '__ci_last_regenerate|i:1745973486;id|s:4:\"2084\";user_id|s:6:\"QJ5U9C\";username|s:10:\"gascarde60\";sponsor_id|s:6:\"O94ZPY\";fullname|s:14:\"Gaspar Cardero\";email|s:18:\"gascarde@yahoo.com\";phone|s:10:\"7862371360\";isLogIn|b:1;'
WHERE `id` = '0398c168f083baa418918f665301ab3eb1256a2f';
UPDATE `user_registration` SET `popup_seen` = 'yes'
WHERE `user_id` = 'QJ5U9C';
UPDATE `user_registration` SET `popup_seen` = 'yes'
WHERE `user_id` = '2QC8SK';
UPDATE `user_registration` SET `popup_seen` = 'yes'
WHERE `user_id` = '2QC8SK';
UPDATE `ci_sessions` SET `timestamp` = 1745974223, `data` = '__ci_last_regenerate|i:1745974223;id|s:4:\"2165\";user_id|s:6:\"2QC8SK\";username|s:8:\"rafa1968\";sponsor_id|s:6:\"HRAFD3\";fullname|s:12:\"Rafael Otano\";email|s:24:\"chaconrafael38@gmail.com\";phone|s:10:\"7863982075\";isLogIn|b:1;upgrade_stripe_id|i:361;'
WHERE `id` = '2e6634b4c200fba7fbaf8390c2281388ad7862e1';
INSERT INTO `temp_register` (`post_data`, `date`, `payment_method`, `type`) VALUES ('{\"user_id\":\"2QC8SK\",\"package_id\":\"2\",\"amount\":\"150\",\"payment_method\":\"stripe\",\"date\":\"2025-04-29 19:50:29\"}', '2025-04-29 19:50:29', 'stripe', 'renew');
UPDATE `temp_register` SET `response` = '{\"stripeToken\":\"tok_1RJOrt2NUoYUjiuuXXI92vs3\",\"stripeTokenType\":\"card\",\"stripeEmail\":\"chaconrafael38@gmail.com\"}', `date_modified` = '2025-04-29 19:51:26', `payment_status` = '{\"id\":\"ch_3RJOry2NUoYUjiuu1pijGutU\",\"object\":\"charge\",\"amount\":15000,\"amount_captured\":15000,\"amount_refunded\":0,\"application\":null,\"application_fee\":null,\"application_fee_amount\":null,\"balance_transaction\":\"txn_3RJOry2NUoYUjiuu1Fjs1E1c\",\"billing_details\":{\"address\":{\"city\":null,\"country\":null,\"line1\":null,\"line2\":null,\"postal_code\":null,\"state\":null},\"email\":null,\"name\":\"chaconrafael38@gmail.com\",\"phone\":null,\"tax_id\":null},\"calculated_statement_descriptor\":\"TRAVELEGENDCY LLC\",\"captured\":true,\"created\":1745974286,\"currency\":\"usd\",\"customer\":\"cus_SDqZDnmDpeXAwR\",\"description\":null,\"destination\":null,\"dispute\":null,\"disputed\":false,\"failure_balance_transaction\":null,\"failure_code\":null,\"failure_message\":null,\"fraud_details\":[],\"invoice\":null,\"livemode\":true,\"metadata\":{\"name\":\"Rafael Otano\",\"username\":\"rafa1968\"},\"on_behalf_of\":null,\"order\":null,\"outcome\":{\"advice_code\":null,\"network_advice_code\":null,\"network_decline_code\":null,\"network_status\":\"approved_by_network\",\"reason\":null,\"risk_level\":\"normal\",\"seller_message\":\"Payment complete.\",\"type\":\"authorized\"},\"paid\":true,\"payment_intent\":null,\"payment_method\":\"card_1RJOrt2NUoYUjiuuVwy4cc26\",\"payment_method_details\":{\"card\":{\"amount_authorized\":15000,\"authorization_code\":\"115415\",\"brand\":\"mastercard\",\"checks\":{\"address_line1_check\":null,\"address_postal_code_check\":null,\"cvc_check\":\"pass\"},\"country\":\"US\",\"exp_month\":3,\"exp_year\":2030,\"extended_authorization\":{\"status\":\"disabled\"},\"fingerprint\":\"1uj6eqsXOPolX9dK\",\"funding\":\"debit\",\"incremental_authorization\":{\"status\":\"unavailable\"},\"installments\":null,\"last4\":\"4911\",\"mandate\":null,\"multicapture\":{\"status\":\"unavailable\"},\"network\":\"mastercard\",\"network_token\":{\"used\":false},\"network_transaction_id\":\"MDJKSM3410429\",\"overcapture\":{\"maximum_amount_capturable\":15000,\"status\":\"unavailable\"},\"regulated_status\":\"regulated\",\"three_d_secure\":null,\"wallet\":null},\"type\":\"card\"},\"receipt_email\":null,\"receipt_number\":null,\"receipt_url\":\"https:\\/\\/pay.stripe.com\\/receipts\\/payment\\/CAcQARoXChVhY2N0XzFRUEFGdjJOVW9ZVWppdXUoj-jFwAYyBqmy-5CxqzosFv1yhiE11a-epDKNF_F12o43KRYArIvgrrXEZfPYYMQ9YL6JPIWJveJklm8\",\"refunded\":false,\"review\":null,\"shipping\":null,\"source\":{\"id\":\"card_1RJOrt2NUoYUjiuuVwy4cc26\",\"object\":\"card\",\"address_city\":null,\"address_country\":null,\"address_line1\":null,\"address_line1_check\":null,\"address_line2\":null,\"address_state\":null,\"address_zip\":null,\"address_zip_check\":null,\"allow_redisplay\":\"unspecified\",\"brand\":\"MasterCard\",\"country\":\"US\",\"customer\":\"cus_SDqZDnmDpeXAwR\",\"cvc_check\":\"pass\",\"dynamic_last4\":null,\"exp_month\":3,\"exp_year\":2030,\"fingerprint\":\"1uj6eqsXOPolX9dK\",\"funding\":\"debit\",\"last4\":\"4911\",\"metadata\":[],\"name\":\"chaconrafael38@gmail.com\",\"regulated_status\":\"regulated\",\"tokenization_method\":null,\"wallet\":null},\"source_transfer\":null,\"statement_descriptor\":null,\"statement_descriptor_suffix\":null,\"status\":\"succeeded\",\"transfer_data\":null,\"transfer_group\":null}'
WHERE `id` = 362;
INSERT INTO `sub_history` (`user_id`, `package_id`, `amount`, `payment_method`, `date`) VALUES ('2QC8SK', '2', '150', 'Stripe', '2025-04-29 19:51:26');
UPDATE `user_registration` SET sub_point = ROUND(sub_point + 150,2)
WHERE `user_id` = '2QC8SK';
INSERT INTO `investment` (`invest_date`, `user_id`, `type`, `amount`, `package_id`) VALUES ('2025-04-29 19:51:26', '2QC8SK', 'subscription', '150', '2');
UPDATE `user_registration` SET total_points = ROUND(total_points + 150,2)
WHERE `user_id` = '2QC8SK';
INSERT INTO `points_history` (`user_id`, `points`, `type`, `date`) VALUES ('2QC8SK', '150', 'subscription', '2025-04-29 19:51:');
UPDATE `bv_updation` SET right_carry = right_carry+150, total_right = total_right+150
WHERE `user_id` = 'OHI8SE';
INSERT INTO `placement_bv_update_history` (`right_carry`, `date`, `from_id`, `user_id`) VALUES ('150', '2025-04-29 19:51:26', '2QC8SK', 'OHI8SE');
UPDATE `bv_updation` SET right_carry = right_carry+150, total_right = total_right+150
WHERE `user_id` = 'QRE21J';
INSERT INTO `placement_bv_update_history` (`right_carry`, `date`, `from_id`, `user_id`) VALUES ('150', '2025-04-29 19:51:26', '2QC8SK', 'QRE21J');
UPDATE `user_registration` SET `cycle_rank_id` = '1'
WHERE `user_id` = 'QRE21J';
INSERT INTO `rank_history` (`rank_id`, `user_id`, `name`, `bv`, `date`, `amount`, `type`) VALUES ('1', 'QRE21J', 'Affiliate', '0', '2025-04-29 19:51:26', '0', 'auto');
UPDATE `bv_updation` SET right_carry = right_carry+150, total_right = total_right+150
WHERE `user_id` = 'HRAFD3';
INSERT INTO `placement_bv_update_history` (`right_carry`, `date`, `from_id`, `user_id`) VALUES ('150', '2025-04-29 19:51:26', '2QC8SK', 'HRAFD3');
UPDATE `user_registration` SET `cycle_rank_id` = '1'
WHERE `user_id` = 'HRAFD3';
INSERT INTO `rank_history` (`rank_id`, `user_id`, `name`, `bv`, `date`, `amount`, `type`) VALUES ('1', 'HRAFD3', 'Affiliate', '0', '2025-04-29 19:51:26', '0', 'auto');
UPDATE `bv_updation` SET sponsor_right_carry = sponsor_right_carry+150, sponsor_total_right = sponsor_total_right+150
WHERE `user_id` = 'HRAFD3';
INSERT INTO `sponsor_bv_update_history` (`right_carry`, `date`, `user_id`) VALUES ('150', '2025-04-29 19:51:26', 'HRAFD3');
UPDATE `bv_updation` SET right_carry = right_carry+150, total_right = total_right+150
WHERE `user_id` = 'F7LGEE';
INSERT INTO `placement_bv_update_history` (`right_carry`, `date`, `from_id`, `user_id`) VALUES ('150', '2025-04-29 19:51:26', '2QC8SK', 'F7LGEE');
UPDATE `user_registration` SET `cycle_rank_id` = '1'
WHERE `user_id` = 'F7LGEE';
INSERT INTO `rank_history` (`rank_id`, `user_id`, `name`, `bv`, `date`, `amount`, `type`) VALUES ('1', 'F7LGEE', 'Affiliate', '0', '2025-04-29 19:51:26', '0', 'auto');
UPDATE `bv_updation` SET right_carry = right_carry+150, total_right = total_right+150
WHERE `user_id` = 'QJ5U9C';
INSERT INTO `placement_bv_update_history` (`right_carry`, `date`, `from_id`, `user_id`) VALUES ('150', '2025-04-29 19:51:26', '2QC8SK', 'QJ5U9C');
UPDATE `user_registration` SET `cycle_rank_id` = '1'
WHERE `user_id` = 'QJ5U9C';
INSERT INTO `rank_history` (`rank_id`, `user_id`, `name`, `bv`, `date`, `amount`, `type`) VALUES ('1', 'QJ5U9C', 'Affiliate', '0', '2025-04-29 19:51:26', '0', 'auto');
UPDATE `bv_updation` SET left_carry = left_carry+150, total_left = total_left+150
WHERE `user_id` = 'O94ZPY';
INSERT INTO `placement_bv_update_history` (`left_carry`, `date`, `from_id`, `user_id`) VALUES ('150', '2025-04-29 19:51:26', '2QC8SK', 'O94ZPY');
UPDATE `user_registration` SET `cycle_rank_id` = '1'
WHERE `user_id` = 'O94ZPY';
INSERT INTO `rank_history` (`rank_id`, `user_id`, `name`, `bv`, `date`, `amount`, `type`) VALUES ('1', 'O94ZPY', 'Affiliate', '0', '2025-04-29 19:51:26', '0', 'auto');
UPDATE `bv_updation` SET right_carry = right_carry+150, total_right = total_right+150
WHERE `user_id` = 'JHRDHS';
INSERT INTO `placement_bv_update_history` (`right_carry`, `date`, `from_id`, `user_id`) VALUES ('150', '2025-04-29 19:51:27', '2QC8SK', 'JHRDHS');
UPDATE `user_registration` SET `cycle_rank_id` = '1'
WHERE `user_id` = 'JHRDHS';
INSERT INTO `rank_history` (`rank_id`, `user_id`, `name`, `bv`, `date`, `amount`, `type`) VALUES ('1', 'JHRDHS', 'Affiliate', '0', '2025-04-29 19:51:27', '0', 'auto');
UPDATE `bv_updation` SET right_carry = right_carry+150, total_right = total_right+150
WHERE `user_id` = 'CVVK4C';
INSERT INTO `placement_bv_update_history` (`right_carry`, `date`, `from_id`, `user_id`) VALUES ('150', '2025-04-29 19:51:27', '2QC8SK', 'CVVK4C');
UPDATE `user_registration` SET `cycle_rank_id` = '1'
WHERE `user_id` = 'CVVK4C';
INSERT INTO `rank_history` (`rank_id`, `user_id`, `name`, `bv`, `date`, `amount`, `type`) VALUES ('1', 'CVVK4C', 'Affiliate', '0', '2025-04-29 19:51:27', '0', 'auto');
UPDATE `bv_updation` SET left_carry = left_carry+150, total_left = total_left+150
WHERE `user_id` = 'K55EDD';
INSERT INTO `placement_bv_update_history` (`left_carry`, `date`, `from_id`, `user_id`) VALUES ('150', '2025-04-29 19:51:27', '2QC8SK', 'K55EDD');
UPDATE `user_registration` SET `cycle_rank_id` = '1'
WHERE `user_id` = 'K55EDD';
INSERT INTO `rank_history` (`rank_id`, `user_id`, `name`, `bv`, `date`, `amount`, `type`) VALUES ('1', 'K55EDD', 'Affiliate', '0', '2025-04-29 19:51:27', '0', 'auto');
UPDATE `bv_updation` SET left_carry = left_carry+150, total_left = total_left+150
WHERE `user_id` = 'UQO7EQ';
INSERT INTO `placement_bv_update_history` (`left_carry`, `date`, `from_id`, `user_id`) VALUES ('150', '2025-04-29 19:51:27', '2QC8SK', 'UQO7EQ');
UPDATE `user_registration` SET `cycle_rank_id` = '2'
WHERE `user_id` = 'UQO7EQ';
INSERT INTO `rank_history` (`rank_id`, `user_id`, `name`, `bv`, `date`, `amount`, `type`) VALUES ('2', 'UQO7EQ', 'Associate', '1200', '2025-04-29 19:51:27', '100', 'auto');
UPDATE `bv_updation` SET left_carry = left_carry+150, total_left = total_left+150
WHERE `user_id` = 'N6GZAE';
INSERT INTO `placement_bv_update_history` (`left_carry`, `date`, `from_id`, `user_id`) VALUES ('150', '2025-04-29 19:51:27', '2QC8SK', 'N6GZAE');
UPDATE `user_registration` SET `cycle_rank_id` = '1'
WHERE `user_id` = 'N6GZAE';
INSERT INTO `rank_history` (`rank_id`, `user_id`, `name`, `bv`, `date`, `amount`, `type`) VALUES ('1', 'N6GZAE', 'Affiliate', '0', '2025-04-29 19:51:27', '0', 'auto');
UPDATE `bv_updation` SET left_carry = left_carry+150, total_left = total_left+150
WHERE `user_id` = '4E1CRI';
INSERT INTO `placement_bv_update_history` (`left_carry`, `date`, `from_id`, `user_id`) VALUES ('150', '2025-04-29 19:51:27', '2QC8SK', '4E1CRI');
UPDATE `bv_updation` SET left_carry = left_carry+150, total_left = total_left+150
WHERE `user_id` = 'SJBNYJ';
INSERT INTO `placement_bv_update_history` (`left_carry`, `date`, `from_id`, `user_id`) VALUES ('150', '2025-04-29 19:51:27', '2QC8SK', 'SJBNYJ');
UPDATE `user_registration` SET `cycle_rank_id` = '1'
WHERE `user_id` = 'SJBNYJ';
INSERT INTO `rank_history` (`rank_id`, `user_id`, `name`, `bv`, `date`, `amount`, `type`) VALUES ('1', 'SJBNYJ', 'Affiliate', '0', '2025-04-29 19:51:27', '0', 'auto');
UPDATE `bv_updation` SET left_carry = left_carry+150, total_left = total_left+150
WHERE `user_id` = '44B9Y4';
INSERT INTO `placement_bv_update_history` (`left_carry`, `date`, `from_id`, `user_id`) VALUES ('150', '2025-04-29 19:51:28', '2QC8SK', '44B9Y4');
UPDATE `user_registration` SET `cycle_rank_id` = '1'
WHERE `user_id` = '44B9Y4';
INSERT INTO `rank_history` (`rank_id`, `user_id`, `name`, `bv`, `date`, `amount`, `type`) VALUES ('1', '44B9Y4', 'Affiliate', '0', '2025-04-29 19:51:28', '0', 'auto');
UPDATE `bv_updation` SET right_carry = right_carry+150, total_right = total_right+150
WHERE `user_id` = 'admin';
INSERT INTO `placement_bv_update_history` (`right_carry`, `date`, `from_id`, `user_id`) VALUES ('150', '2025-04-29 19:51:28', '2QC8SK', 'admin');
UPDATE `user_registration` SET `cycle_rank_id` = '1'
WHERE `user_id` = 'admin';
INSERT INTO `rank_history` (`rank_id`, `user_id`, `name`, `bv`, `date`, `amount`, `type`) VALUES ('1', 'admin', 'Affiliate', '0', '2025-04-29 19:51:28', '0', 'auto');
UPDATE `user_registration` SET `subscription_date` = '2025-05-29', `active_status` = 'yes'
WHERE `user_id` = '2QC8SK';
UPDATE `user_registration` SET `popup_seen` = 'yes'
WHERE `user_id` = '2QC8SK';
INSERT INTO `login_history` (`user_id`, `device`, `ip_address`, `date`) VALUES ('JHRDHS', 'Mozilla/5.0 (iPhone; CPU iPhone OS 18_4_1 like Mac OS X) AppleWebKit/605.1.15 (KHTML, like Gecko) Version/18.4 Mobile/15E148 Safari/604.1', '172.70.55.116', '25-04-29 19:54');
UPDATE `user_registration` SET `popup_seen` = 'yes'
WHERE `user_id` = 'JHRDHS';
UPDATE `ci_sessions` SET `timestamp` = 1745974505, `data` = '__ci_last_regenerate|i:1745974505;captcha|s:4:\"sjhq\";'
WHERE `id` = 'bf1c53f9feae9d25ab391ee3be9cde29b5a246ad';
INSERT INTO `login_history` (`user_id`, `device`, `ip_address`, `date`) VALUES ('UQO7EQ', 'Mozilla/5.0 (Linux; Android 10; K) AppleWebKit/537.36 (KHTML, like Gecko) Chrome/131.0.0.0 Mobile Safari/537.36', '108.162.238.45', '25-04-29 19:55');
UPDATE `user_registration` SET `popup_seen` = 'yes'
WHERE `user_id` = 'UQO7EQ';
UPDATE `user_registration` SET `popup_seen` = 'yes'
WHERE `user_id` = 'JHRDHS';
UPDATE `user_registration` SET `popup_seen` = 'yes'
WHERE `user_id` = 'UQO7EQ';
UPDATE `user_registration` SET `popup_seen` = 'no'
WHERE `user_id` = 'UQO7EQ';
DELETE FROM `ci_sessions`
WHERE `id` = '06e6e9001ec67afd8db6208fd9d3144e07d795c3';
UPDATE `ci_sessions` SET `timestamp` = 1745974687, `data` = '__ci_last_regenerate|i:1745974687;id|s:4:\"2071\";user_id|s:6:\"JHRDHS\";username|s:7:\"mbecena\";sponsor_id|s:6:\"CVVK4C\";fullname|s:12:\"Maria Becena\";email|s:21:\"mbecena@bellsouth.net\";phone|s:10:\"7862360387\";isLogIn|b:1;'
WHERE `id` = 'b020736da1d8f1d43806cd7f495880d3d76234d1';
UPDATE `user_registration` SET `popup_seen` = 'yes'
WHERE `user_id` = 'JHRDHS';
UPDATE `ci_sessions` SET `timestamp` = 1745974948, `data` = '__ci_last_regenerate|i:1745974948;id|s:4:\"2335\";user_id|s:6:\"VQGPGZ\";username|s:8:\"Gusexito\";sponsor_id|s:6:\"QRE21J\";fullname|s:13:\"Gustavo Arias\";email|s:19:\"gusexito2@gmail.com\";phone|s:10:\"7864580227\";isLogIn|b:1;'
WHERE `id` = 'e7af00cf1c448a96ca04c5dfafcebe7fac066f7d';
INSERT INTO `login_history` (`user_id`, `device`, `ip_address`, `date`) VALUES ('HSP8ZI', 'Mozilla/5.0 (Linux; Android 10; K) AppleWebKit/537.36 (KHTML, like Gecko) Chrome/135.0.0.0 Mobile Safari/537.36', '172.70.255.83', '25-04-29 20:03');
UPDATE `user_registration` SET `popup_seen` = 'yes'
WHERE `user_id` = 'HSP8ZI';
UPDATE `user_registration` SET `popup_seen` = 'no'
WHERE `user_id` = 'HSP8ZI';
DELETE FROM `ci_sessions`
WHERE `id` = 'b732a22450796ae7303b8b9dc0d35d152fc546cc';
INSERT INTO `login_history` (`user_id`, `device`, `ip_address`, `date`) VALUES ('41V5DE', 'Mozilla/5.0 (Macintosh; Intel Mac OS X 10_15_7) AppleWebKit/537.36 (KHTML, like Gecko) Chrome/135.0.0.0 Safari/537.36', '172.68.7.161', '25-04-29 20:06');
UPDATE `user_registration` SET `popup_seen` = 'yes'
WHERE `user_id` = '41V5DE';
INSERT INTO `benefits_pack_purchase_history` (`user_id`, `packge_id`, `amount`, `value`, `point`, `image`, `image_id`, `country`, `city`, `available_points`, `conversion_point_rate`, `package_title`, `date`, `type`, `full_name`, `phone`, `email`) VALUES ('41V5DE', '1', '0', '0', '0', 'upload/reward_image/e2588a963e80ccde72224303e3eb881c.png', '6', '223', '4250', '0', '1', 'The Journey Begins', '2025-04-29 20:07:41', 'benefits_pack_claim', 'Yoan Suarez Zayas', '7274527970', 'yoansz79@gmail.com');
UPDATE `user_registration` SET `popup_seen` = 'yes'
WHERE `user_id` = '41V5DE';
INSERT INTO `login_history` (`user_id`, `device`, `ip_address`, `date`) VALUES ('UQO7EQ', 'Mozilla/5.0 (Windows NT 10.0; Win64; x64) AppleWebKit/537.36 (KHTML, like Gecko) Chrome/135.0.0.0 Safari/537.36', '172.68.7.139', '25-04-29 20:10');
UPDATE `user_registration` SET `popup_seen` = 'yes'
WHERE `user_id` = 'UQO7EQ';
UPDATE `ci_sessions` SET `timestamp` = 1745975574, `data` = '__ci_last_regenerate|i:1745975574;id|s:4:\"2335\";user_id|s:6:\"VQGPGZ\";username|s:8:\"Gusexito\";sponsor_id|s:6:\"QRE21J\";fullname|s:13:\"Gustavo Arias\";email|s:19:\"gusexito2@gmail.com\";phone|s:10:\"7864580227\";isLogIn|b:1;'
WHERE `id` = 'b839f55a97871ee15f4b4eb22f334c0cac4e7379';
UPDATE `user_registration` SET `popup_seen` = 'yes'
WHERE `user_id` = 'VQGPGZ';
UPDATE `ci_sessions` SET `timestamp` = 1745975585, `data` = '__ci_last_regenerate|i:1745975585;id|s:4:\"2273\";user_id|s:6:\"41V5DE\";username|s:8:\"yoansz79\";sponsor_id|s:6:\"WP5PIA\";fullname|s:17:\"Yoan Suarez Zayas\";email|s:18:\"yoansz79@gmail.com\";phone|s:10:\"7274527970\";isLogIn|b:1;'
WHERE `id` = 'f2bd808e16c6f2f2c6dbc3bf78dc7dd8c13dded8';
UPDATE `user_registration` SET `default_leg` = 'right'
WHERE `user_id` = 'VQGPGZ';
INSERT INTO `default_leg_history` (`user_id`, `old_leg`, `new_leg`, `date`) VALUES ('VQGPGZ', 'left', 'right', '2025-04-29 20:13:14');
UPDATE `user_registration` SET `popup_seen` = 'yes'
WHERE `user_id` = '41V5DE';
UPDATE `user_registration` SET `popup_seen` = 'yes'
WHERE `user_id` = '41V5DE';
UPDATE `user_registration` SET `popup_seen` = 'yes'
WHERE `user_id` = 'UQO7EQ';
INSERT INTO `login_history` (`user_id`, `device`, `ip_address`, `date`) VALUES ('VPMCC5', 'Mozilla/5.0 (Macintosh; Intel Mac OS X 10_15_7) AppleWebKit/605.1.15 (KHTML, like Gecko) Version/18.3.1 Safari/605.1.15', '172.68.7.184', '25-04-29 20:17');
