INSERT INTO `placement_bv_update_history` (`left_carry`, `date`, `from_id`, `user_id`) VALUES ('50', '2024-10-01 19:07:00', '985QCY', 'DM1Y9N');
INSERT INTO `matrix_filling` (`placement_id`, `downline_id`, `level`, `matrix`) VALUES ('A9858P', '985QCY', 18, 1);
UPDATE `bv_updation` SET left_carry = left_carry+50, total_left = total_left+50
WHERE `user_id` = 'A9858P';
INSERT INTO `placement_bv_update_history` (`left_carry`, `date`, `from_id`, `user_id`) VALUES ('50', '2024-10-01 19:07:00', '985QCY', 'A9858P');
INSERT INTO `matrix_filling` (`placement_id`, `downline_id`, `level`, `matrix`) VALUES ('admin', '985QCY', 19, 1);
UPDATE `bv_updation` SET right_carry = right_carry+50, total_right = total_right+50
WHERE `user_id` = 'admin';
INSERT INTO `placement_bv_update_history` (`right_carry`, `date`, `from_id`, `user_id`) VALUES ('50', '2024-10-01 19:07:00', '985QCY', 'admin');
INSERT INTO `package_purchase_history` (`user_id`, `package_id`, `reg_fee`, `package_name`, `monthly_fee`, `type`, `date`, `payment_option`) VALUES ('985QCY', '2', '595', 'Traveler Pro', '150', 'sign_up', '2024-10-01 19:07:00', 'free');
UPDATE `ci_sessions` SET `timestamp` = 1727828292, `data` = '__ci_last_regenerate|i:1727828292;id|s:4:\"2126\";user_id|s:6:\"KNF698\";username|s:5:\"omar1\";sponsor_id|s:6:\"A9858P\";fullname|s:13:\"Omar Gonzalez\";email|s:15:\"omar1@gmail.com\";phone|s:10:\"7862876762\";isLogIn|b:1;'
WHERE `id` = '1501066f12f6dd55650fd46a1e0fa71ec5953c36';
UPDATE `user_registration` SET `uid` = '2429', `user_id` = '44XA12', `username` = 'anay1', `sponsor_id` = 'KNF698', `vacant` = 'no', `f_name` = 'Anay', `l_name` = 'Bousa', `address` = '8100 SW 14 Terr', `position` = 'right', `email` = 'anay1@gmail.com', `password` = 'a0a475cf454cf9a06979034098167b9e', `phone` = '7862876762', `country` = 'United States', `state` = 'Florida', `city` = 'Miami', `street` = '8100 SW 14 Terr', `zip_code` = '33144', `reg_ip` = '172.70.54.25', `status` = 1, `package_id` = '2', `rank_id` = 1, `highest_rank` = 1, `cycle_rank_id` = 1, `created` = '2024-10-01 19:18:12', `subscription_date` = '2024-10-31', `google_secret` = 'YBBJFT2EOSBKU6Q3'
WHERE `uid` = '2429';
INSERT INTO `user_registration` (`uid`, `user_id`, `username`, `sponsor_id`, `placement_id`, `vacant`, `f_name`, `l_name`, `address`, `position`, `email`, `password`, `phone`, `reg_ip`, `status`, `created`) VALUES (NULL, 'OVMZMJ', 'OosmCJii', '44XA12', '44XA12', 'yes', '', '', '', 'left', '@mail.com', '', '', '', 0, '2024-10-01 19:18:12');
INSERT INTO `user_registration` (`uid`, `user_id`, `username`, `sponsor_id`, `placement_id`, `vacant`, `f_name`, `l_name`, `address`, `position`, `email`, `password`, `phone`, `reg_ip`, `status`, `created`) VALUES (NULL, 'QVXCRV', 'DiCMzkpP', '44XA12', '44XA12', 'yes', '', '', '', 'right', '@mail.com', '', '', '', 0, '2024-10-01 19:18:12');
INSERT INTO `bv_updation` (`user_id`) VALUES ('44XA12');
UPDATE `user_registration` SET total_ref_count = total_ref_count+1
WHERE `user_id` = 'KNF698';
UPDATE `user_registration` SET total_downlines = total_downlines+1
WHERE `user_id` = '985QCY';
UPDATE `user_registration` SET right_downlines = right_downlines+1
WHERE `user_id` = '985QCY';
UPDATE `user_registration` SET total_downlines = total_downlines+1
WHERE `user_id` = 'HGFLXJ';
UPDATE `user_registration` SET right_downlines = right_downlines+1
WHERE `user_id` = 'HGFLXJ';
UPDATE `user_registration` SET total_downlines = total_downlines+1
WHERE `user_id` = 'ULA7UD';
UPDATE `user_registration` SET right_downlines = right_downlines+1
WHERE `user_id` = 'ULA7UD';
UPDATE `user_registration` SET total_downlines = total_downlines+1
WHERE `user_id` = '7ZIVMR';
UPDATE `user_registration` SET right_downlines = right_downlines+1
WHERE `user_id` = '7ZIVMR';
UPDATE `user_registration` SET total_downlines = total_downlines+1
WHERE `user_id` = '5A3Q12';
UPDATE `user_registration` SET right_downlines = right_downlines+1
WHERE `user_id` = '5A3Q12';
UPDATE `user_registration` SET total_downlines = total_downlines+1
WHERE `user_id` = 'P9ITPZ';
UPDATE `user_registration` SET right_downlines = right_downlines+1
WHERE `user_id` = 'P9ITPZ';
UPDATE `user_registration` SET total_downlines = total_downlines+1
WHERE `user_id` = 'WG8MN5';
UPDATE `user_registration` SET right_downlines = right_downlines+1
WHERE `user_id` = 'WG8MN5';
UPDATE `user_registration` SET total_downlines = total_downlines+1
WHERE `user_id` = 'GF8JBT';
UPDATE `user_registration` SET right_downlines = right_downlines+1
WHERE `user_id` = 'GF8JBT';
UPDATE `user_registration` SET total_downlines = total_downlines+1
WHERE `user_id` = 'YKY8DH';
UPDATE `user_registration` SET right_downlines = right_downlines+1
WHERE `user_id` = 'YKY8DH';
UPDATE `user_registration` SET total_downlines = total_downlines+1
WHERE `user_id` = 'U52ALB';
UPDATE `user_registration` SET right_downlines = right_downlines+1
WHERE `user_id` = 'U52ALB';
UPDATE `user_registration` SET total_downlines = total_downlines+1
WHERE `user_id` = 'U481N1';
UPDATE `user_registration` SET right_downlines = right_downlines+1
WHERE `user_id` = 'U481N1';
UPDATE `user_registration` SET total_downlines = total_downlines+1
WHERE `user_id` = 'NKCVCM';
UPDATE `user_registration` SET right_downlines = right_downlines+1
WHERE `user_id` = 'NKCVCM';
UPDATE `user_registration` SET total_downlines = total_downlines+1
WHERE `user_id` = 'AJSZSW';
UPDATE `user_registration` SET right_downlines = right_downlines+1
WHERE `user_id` = 'AJSZSW';
UPDATE `user_registration` SET total_downlines = total_downlines+1
WHERE `user_id` = 'PZIR5W';
UPDATE `user_registration` SET right_downlines = right_downlines+1
WHERE `user_id` = 'PZIR5W';
UPDATE `user_registration` SET total_downlines = total_downlines+1
WHERE `user_id` = 'KNF698';
UPDATE `user_registration` SET right_downlines = right_downlines+1
WHERE `user_id` = 'KNF698';
UPDATE `user_registration` SET right_ref_count = right_ref_count+1
WHERE `user_id` = 'KNF698';
UPDATE `user_registration` SET active_right = active_right+1
WHERE `user_id` = 'KNF698';
UPDATE `user_registration` SET total_downlines = total_downlines+1
WHERE `user_id` = 'P1DMND';
UPDATE `user_registration` SET left_downlines = left_downlines+1
WHERE `user_id` = 'P1DMND';
UPDATE `user_registration` SET total_downlines = total_downlines+1
WHERE `user_id` = 'QNTB7K';
UPDATE `user_registration` SET left_downlines = left_downlines+1
WHERE `user_id` = 'QNTB7K';
UPDATE `user_registration` SET total_downlines = total_downlines+1
WHERE `user_id` = 'DM1Y9N';
UPDATE `user_registration` SET left_downlines = left_downlines+1
WHERE `user_id` = 'DM1Y9N';
UPDATE `user_registration` SET total_downlines = total_downlines+1
WHERE `user_id` = 'A9858P';
UPDATE `user_registration` SET left_downlines = left_downlines+1
WHERE `user_id` = 'A9858P';
UPDATE `user_registration` SET total_downlines = total_downlines+1
WHERE `user_id` = 'admin';
UPDATE `user_registration` SET right_downlines = right_downlines+1
WHERE `user_id` = 'admin';
INSERT INTO `investment` (`invest_date`, `user_id`, `type`, `amount`, `package_id`) VALUES ('2024-10-01 19:18:12', '44XA12', 'register', '595', '2');
INSERT INTO `earnings` (`user_id`, `Purchaser_id`, `earning_type`, `package_id`, `amount`, `date`, `comments`, `invest_amount`, `comm_perc`, `level`, `rank_id`, `order_id`) VALUES ('KNF698', '44XA12', 'Direct Referral Bonus', '2', '100', '2024-10-01 19:18:12', 'Direct Referral Bonus', 0, 0, 1, '', 212);
UPDATE `user_registration` SET commission_balance = ROUND(commission_balance + 100,2)
WHERE `user_id` = 'KNF698';
UPDATE `user_registration` SET referral_bonus = ROUND(referral_bonus + 100,2)
WHERE `user_id` = 'KNF698';
INSERT INTO `earnings` (`user_id`, `Purchaser_id`, `earning_type`, `package_id`, `amount`, `date`, `comments`, `invest_amount`, `comm_perc`, `level`, `rank_id`, `order_id`) VALUES ('A9858P', '44XA12', 'Expansion Bonus', '2', 200, '2024-10-01 19:18:12', 'Expansion Bonus', '100', 0, 1, '', 212);
UPDATE `user_registration` SET commission_balance = ROUND(commission_balance + 200,2)
WHERE `user_id` = 'A9858P';
UPDATE `user_registration` SET expansion_bonus = ROUND(expansion_bonus + 200,2)
WHERE `user_id` = 'A9858P';
INSERT INTO `matrix_filling` (`placement_id`, `downline_id`, `level`, `matrix`) VALUES ('985QCY', '44XA12', 1, 1);
UPDATE `bv_updation` SET right_carry = right_carry+50, total_right = total_right+50
WHERE `user_id` = '985QCY';
INSERT INTO `placement_bv_update_history` (`right_carry`, `date`, `from_id`, `user_id`) VALUES ('50', '2024-10-01 19:18:12', '44XA12', '985QCY');
INSERT INTO `matrix_filling` (`placement_id`, `downline_id`, `level`, `matrix`) VALUES ('HGFLXJ', '44XA12', 2, 1);
UPDATE `bv_updation` SET right_carry = right_carry+50, total_right = total_right+50
WHERE `user_id` = 'HGFLXJ';
INSERT INTO `placement_bv_update_history` (`right_carry`, `date`, `from_id`, `user_id`) VALUES ('50', '2024-10-01 19:18:12', '44XA12', 'HGFLXJ');
INSERT INTO `matrix_filling` (`placement_id`, `downline_id`, `level`, `matrix`) VALUES ('ULA7UD', '44XA12', 3, 1);
UPDATE `bv_updation` SET right_carry = right_carry+50, total_right = total_right+50
WHERE `user_id` = 'ULA7UD';
INSERT INTO `placement_bv_update_history` (`right_carry`, `date`, `from_id`, `user_id`) VALUES ('50', '2024-10-01 19:18:12', '44XA12', 'ULA7UD');
INSERT INTO `matrix_filling` (`placement_id`, `downline_id`, `level`, `matrix`) VALUES ('7ZIVMR', '44XA12', 4, 1);
UPDATE `bv_updation` SET right_carry = right_carry+50, total_right = total_right+50
WHERE `user_id` = '7ZIVMR';
INSERT INTO `placement_bv_update_history` (`right_carry`, `date`, `from_id`, `user_id`) VALUES ('50', '2024-10-01 19:18:12', '44XA12', '7ZIVMR');
INSERT INTO `matrix_filling` (`placement_id`, `downline_id`, `level`, `matrix`) VALUES ('5A3Q12', '44XA12', 5, 1);
UPDATE `bv_updation` SET right_carry = right_carry+50, total_right = total_right+50
WHERE `user_id` = '5A3Q12';
INSERT INTO `placement_bv_update_history` (`right_carry`, `date`, `from_id`, `user_id`) VALUES ('50', '2024-10-01 19:18:12', '44XA12', '5A3Q12');
INSERT INTO `matrix_filling` (`placement_id`, `downline_id`, `level`, `matrix`) VALUES ('P9ITPZ', '44XA12', 6, 1);
UPDATE `bv_updation` SET right_carry = right_carry+50, total_right = total_right+50
WHERE `user_id` = 'P9ITPZ';
INSERT INTO `placement_bv_update_history` (`right_carry`, `date`, `from_id`, `user_id`) VALUES ('50', '2024-10-01 19:18:12', '44XA12', 'P9ITPZ');
INSERT INTO `matrix_filling` (`placement_id`, `downline_id`, `level`, `matrix`) VALUES ('WG8MN5', '44XA12', 7, 1);
UPDATE `bv_updation` SET right_carry = right_carry+50, total_right = total_right+50
WHERE `user_id` = 'WG8MN5';
INSERT INTO `placement_bv_update_history` (`right_carry`, `date`, `from_id`, `user_id`) VALUES ('50', '2024-10-01 19:18:12', '44XA12', 'WG8MN5');
INSERT INTO `matrix_filling` (`placement_id`, `downline_id`, `level`, `matrix`) VALUES ('GF8JBT', '44XA12', 8, 1);
UPDATE `bv_updation` SET right_carry = right_carry+50, total_right = total_right+50
WHERE `user_id` = 'GF8JBT';
INSERT INTO `placement_bv_update_history` (`right_carry`, `date`, `from_id`, `user_id`) VALUES ('50', '2024-10-01 19:18:12', '44XA12', 'GF8JBT');
INSERT INTO `matrix_filling` (`placement_id`, `downline_id`, `level`, `matrix`) VALUES ('YKY8DH', '44XA12', 9, 1);
UPDATE `bv_updation` SET right_carry = right_carry+50, total_right = total_right+50
WHERE `user_id` = 'YKY8DH';
INSERT INTO `placement_bv_update_history` (`right_carry`, `date`, `from_id`, `user_id`) VALUES ('50', '2024-10-01 19:18:12', '44XA12', 'YKY8DH');
INSERT INTO `matrix_filling` (`placement_id`, `downline_id`, `level`, `matrix`) VALUES ('U52ALB', '44XA12', 10, 1);
UPDATE `bv_updation` SET right_carry = right_carry+50, total_right = total_right+50
WHERE `user_id` = 'U52ALB';
INSERT INTO `placement_bv_update_history` (`right_carry`, `date`, `from_id`, `user_id`) VALUES ('50', '2024-10-01 19:18:12', '44XA12', 'U52ALB');
INSERT INTO `matrix_filling` (`placement_id`, `downline_id`, `level`, `matrix`) VALUES ('U481N1', '44XA12', 11, 1);
UPDATE `bv_updation` SET right_carry = right_carry+50, total_right = total_right+50
WHERE `user_id` = 'U481N1';
INSERT INTO `placement_bv_update_history` (`right_carry`, `date`, `from_id`, `user_id`) VALUES ('50', '2024-10-01 19:18:12', '44XA12', 'U481N1');
INSERT INTO `matrix_filling` (`placement_id`, `downline_id`, `level`, `matrix`) VALUES ('NKCVCM', '44XA12', 12, 1);
UPDATE `bv_updation` SET right_carry = right_carry+50, total_right = total_right+50
WHERE `user_id` = 'NKCVCM';
INSERT INTO `placement_bv_update_history` (`right_carry`, `date`, `from_id`, `user_id`) VALUES ('50', '2024-10-01 19:18:12', '44XA12', 'NKCVCM');
INSERT INTO `matrix_filling` (`placement_id`, `downline_id`, `level`, `matrix`) VALUES ('AJSZSW', '44XA12', 13, 1);
UPDATE `bv_updation` SET right_carry = right_carry+50, total_right = total_right+50
WHERE `user_id` = 'AJSZSW';
INSERT INTO `placement_bv_update_history` (`right_carry`, `date`, `from_id`, `user_id`) VALUES ('50', '2024-10-01 19:18:12', '44XA12', 'AJSZSW');
INSERT INTO `matrix_filling` (`placement_id`, `downline_id`, `level`, `matrix`) VALUES ('PZIR5W', '44XA12', 14, 1);
UPDATE `bv_updation` SET right_carry = right_carry+50, total_right = total_right+50
WHERE `user_id` = 'PZIR5W';
INSERT INTO `placement_bv_update_history` (`right_carry`, `date`, `from_id`, `user_id`) VALUES ('50', '2024-10-01 19:18:12', '44XA12', 'PZIR5W');
INSERT INTO `matrix_filling` (`placement_id`, `downline_id`, `level`, `matrix`) VALUES ('KNF698', '44XA12', 15, 1);
UPDATE `bv_updation` SET right_carry = right_carry+50, total_right = total_right+50
WHERE `user_id` = 'KNF698';
INSERT INTO `placement_bv_update_history` (`right_carry`, `date`, `from_id`, `user_id`) VALUES ('50', '2024-10-01 19:18:12', '44XA12', 'KNF698');
UPDATE `bv_updation` SET sponsor_right_carry = sponsor_right_carry+50, sponsor_total_right = sponsor_total_right+50
WHERE `user_id` = 'KNF698';
INSERT INTO `sponsor_bv_update_history` (`right_carry`, `date`, `user_id`) VALUES ('50', '2024-10-01 19:18:12', 'KNF698');
INSERT INTO `matrix_filling` (`placement_id`, `downline_id`, `level`, `matrix`) VALUES ('P1DMND', '44XA12', 16, 1);
UPDATE `bv_updation` SET left_carry = left_carry+50, total_left = total_left+50
WHERE `user_id` = 'P1DMND';
INSERT INTO `placement_bv_update_history` (`left_carry`, `date`, `from_id`, `user_id`) VALUES ('50', '2024-10-01 19:18:12', '44XA12', 'P1DMND');
INSERT INTO `matrix_filling` (`placement_id`, `downline_id`, `level`, `matrix`) VALUES ('QNTB7K', '44XA12', 17, 1);
UPDATE `bv_updation` SET left_carry = left_carry+50, total_left = total_left+50
WHERE `user_id` = 'QNTB7K';
INSERT INTO `placement_bv_update_history` (`left_carry`, `date`, `from_id`, `user_id`) VALUES ('50', '2024-10-01 19:18:12', '44XA12', 'QNTB7K');
INSERT INTO `matrix_filling` (`placement_id`, `downline_id`, `level`, `matrix`) VALUES ('DM1Y9N', '44XA12', 18, 1);
UPDATE `bv_updation` SET left_carry = left_carry+50, total_left = total_left+50
WHERE `user_id` = 'DM1Y9N';
INSERT INTO `placement_bv_update_history` (`left_carry`, `date`, `from_id`, `user_id`) VALUES ('50', '2024-10-01 19:18:12', '44XA12', 'DM1Y9N');
INSERT INTO `matrix_filling` (`placement_id`, `downline_id`, `level`, `matrix`) VALUES ('A9858P', '44XA12', 19, 1);
UPDATE `bv_updation` SET left_carry = left_carry+50, total_left = total_left+50
WHERE `user_id` = 'A9858P';
INSERT INTO `placement_bv_update_history` (`left_carry`, `date`, `from_id`, `user_id`) VALUES ('50', '2024-10-01 19:18:12', '44XA12', 'A9858P');
INSERT INTO `matrix_filling` (`placement_id`, `downline_id`, `level`, `matrix`) VALUES ('admin', '44XA12', 20, 1);
UPDATE `bv_updation` SET right_carry = right_carry+50, total_right = total_right+50
WHERE `user_id` = 'admin';
INSERT INTO `placement_bv_update_history` (`right_carry`, `date`, `from_id`, `user_id`) VALUES ('50', '2024-10-01 19:18:12', '44XA12', 'admin');
INSERT INTO `package_purchase_history` (`user_id`, `package_id`, `reg_fee`, `package_name`, `monthly_fee`, `type`, `date`, `payment_option`) VALUES ('44XA12', '2', '595', 'Traveler Pro', '150', 'sign_up', '2024-10-01 19:18:12', 'free');
INSERT INTO `login_history` (`user_id`, `device`, `ip_address`, `date`) VALUES ('ADZTOG', 'Mozilla/5.0 (Windows NT 10.0; Win64; x64) AppleWebKit/537.36 (KHTML, like Gecko) Chrome/129.0.0.0 Safari/537.36', '172.70.255.66', '24-10-01 19:19');
UPDATE `user_registration` SET `popup_seen` = 'yes'
WHERE `user_id` = 'ADZTOG';
UPDATE `user_registration` SET `uid` = '2431', `user_id` = 'MFV4UI', `username` = 'william!', `sponsor_id` = 'KNF698', `vacant` = 'no', `f_name` = 'William', `l_name` = 'Arango', `address` = '8100 SW 14 Terr', `position` = 'right', `email` = 'william1@gmail.com', `password` = 'd03622b981ebdc1010b2b1ae055509a1', `phone` = '7862876762', `country` = 'United States', `state` = 'Florida', `city` = 'Miami', `street` = '8100 SW 14 Terr', `zip_code` = '33144', `reg_ip` = '108.162.212.54', `status` = 1, `package_id` = '2', `rank_id` = 1, `highest_rank` = 1, `cycle_rank_id` = 1, `created` = '2024-10-01 19:22:04', `subscription_date` = '2024-10-31', `google_secret` = 'H6A4CRL6WKMKDHTA'
WHERE `uid` = '2431';
INSERT INTO `user_registration` (`uid`, `user_id`, `username`, `sponsor_id`, `placement_id`, `vacant`, `f_name`, `l_name`, `address`, `position`, `email`, `password`, `phone`, `reg_ip`, `status`, `created`) VALUES (NULL, 'CAUQJW', 'Mmgrhyif', 'MFV4UI', 'MFV4UI', 'yes', '', '', '', 'left', '@mail.com', '', '', '', 0, '2024-10-01 19:22:04');
INSERT INTO `user_registration` (`uid`, `user_id`, `username`, `sponsor_id`, `placement_id`, `vacant`, `f_name`, `l_name`, `address`, `position`, `email`, `password`, `phone`, `reg_ip`, `status`, `created`) VALUES (NULL, 'ITUZFQ', 'dokKYiLo', 'MFV4UI', 'MFV4UI', 'yes', '', '', '', 'right', '@mail.com', '', '', '', 0, '2024-10-01 19:22:04');
INSERT INTO `bv_updation` (`user_id`) VALUES ('MFV4UI');
UPDATE `user_registration` SET total_ref_count = total_ref_count+1
WHERE `user_id` = 'KNF698';
UPDATE `user_registration` SET total_downlines = total_downlines+1
WHERE `user_id` = '44XA12';
UPDATE `user_registration` SET right_downlines = right_downlines+1
WHERE `user_id` = '44XA12';
UPDATE `user_registration` SET total_downlines = total_downlines+1
WHERE `user_id` = '985QCY';
UPDATE `user_registration` SET right_downlines = right_downlines+1
WHERE `user_id` = '985QCY';
UPDATE `user_registration` SET total_downlines = total_downlines+1
WHERE `user_id` = 'HGFLXJ';
UPDATE `user_registration` SET right_downlines = right_downlines+1
WHERE `user_id` = 'HGFLXJ';
UPDATE `user_registration` SET total_downlines = total_downlines+1
WHERE `user_id` = 'ULA7UD';
UPDATE `user_registration` SET right_downlines = right_downlines+1
WHERE `user_id` = 'ULA7UD';
UPDATE `user_registration` SET total_downlines = total_downlines+1
WHERE `user_id` = '7ZIVMR';
UPDATE `user_registration` SET right_downlines = right_downlines+1
WHERE `user_id` = '7ZIVMR';
UPDATE `user_registration` SET total_downlines = total_downlines+1
WHERE `user_id` = '5A3Q12';
UPDATE `user_registration` SET right_downlines = right_downlines+1
WHERE `user_id` = '5A3Q12';
UPDATE `user_registration` SET total_downlines = total_downlines+1
WHERE `user_id` = 'P9ITPZ';
UPDATE `user_registration` SET right_downlines = right_downlines+1
WHERE `user_id` = 'P9ITPZ';
UPDATE `user_registration` SET total_downlines = total_downlines+1
WHERE `user_id` = 'WG8MN5';
UPDATE `user_registration` SET right_downlines = right_downlines+1
WHERE `user_id` = 'WG8MN5';
UPDATE `user_registration` SET total_downlines = total_downlines+1
WHERE `user_id` = 'GF8JBT';
UPDATE `user_registration` SET right_downlines = right_downlines+1
WHERE `user_id` = 'GF8JBT';
UPDATE `user_registration` SET total_downlines = total_downlines+1
WHERE `user_id` = 'YKY8DH';
UPDATE `user_registration` SET right_downlines = right_downlines+1
WHERE `user_id` = 'YKY8DH';
UPDATE `user_registration` SET total_downlines = total_downlines+1
WHERE `user_id` = 'U52ALB';
UPDATE `user_registration` SET right_downlines = right_downlines+1
WHERE `user_id` = 'U52ALB';
UPDATE `user_registration` SET total_downlines = total_downlines+1
WHERE `user_id` = 'U481N1';
UPDATE `user_registration` SET right_downlines = right_downlines+1
WHERE `user_id` = 'U481N1';
UPDATE `user_registration` SET total_downlines = total_downlines+1
WHERE `user_id` = 'NKCVCM';
UPDATE `user_registration` SET right_downlines = right_downlines+1
WHERE `user_id` = 'NKCVCM';
UPDATE `user_registration` SET total_downlines = total_downlines+1
WHERE `user_id` = 'AJSZSW';
UPDATE `user_registration` SET right_downlines = right_downlines+1
WHERE `user_id` = 'AJSZSW';
UPDATE `user_registration` SET total_downlines = total_downlines+1
WHERE `user_id` = 'PZIR5W';
UPDATE `user_registration` SET right_downlines = right_downlines+1
WHERE `user_id` = 'PZIR5W';
UPDATE `user_registration` SET total_downlines = total_downlines+1
WHERE `user_id` = 'KNF698';
UPDATE `user_registration` SET right_downlines = right_downlines+1
WHERE `user_id` = 'KNF698';
UPDATE `user_registration` SET right_ref_count = right_ref_count+1
WHERE `user_id` = 'KNF698';
UPDATE `user_registration` SET active_right = active_right+1
WHERE `user_id` = 'KNF698';
UPDATE `user_registration` SET total_downlines = total_downlines+1
WHERE `user_id` = 'P1DMND';
UPDATE `user_registration` SET left_downlines = left_downlines+1
WHERE `user_id` = 'P1DMND';
UPDATE `user_registration` SET total_downlines = total_downlines+1
WHERE `user_id` = 'QNTB7K';
UPDATE `user_registration` SET left_downlines = left_downlines+1
WHERE `user_id` = 'QNTB7K';
UPDATE `user_registration` SET total_downlines = total_downlines+1
WHERE `user_id` = 'DM1Y9N';
UPDATE `user_registration` SET left_downlines = left_downlines+1
WHERE `user_id` = 'DM1Y9N';
UPDATE `user_registration` SET total_downlines = total_downlines+1
WHERE `user_id` = 'A9858P';
UPDATE `user_registration` SET left_downlines = left_downlines+1
WHERE `user_id` = 'A9858P';
UPDATE `user_registration` SET total_downlines = total_downlines+1
WHERE `user_id` = 'admin';
UPDATE `user_registration` SET right_downlines = right_downlines+1
WHERE `user_id` = 'admin';
INSERT INTO `investment` (`invest_date`, `user_id`, `type`, `amount`, `package_id`) VALUES ('2024-10-01 19:22:04', 'MFV4UI', 'register', '595', '2');
INSERT INTO `earnings` (`user_id`, `Purchaser_id`, `earning_type`, `package_id`, `amount`, `date`, `comments`, `invest_amount`, `comm_perc`, `level`, `rank_id`, `order_id`) VALUES ('KNF698', 'MFV4UI', 'Direct Referral Bonus', '2', '100', '2024-10-01 19:22:04', 'Direct Referral Bonus', 0, 0, 1, '', 213);
UPDATE `user_registration` SET commission_balance = ROUND(commission_balance + 100,2)
WHERE `user_id` = 'KNF698';
UPDATE `user_registration` SET referral_bonus = ROUND(referral_bonus + 100,2)
WHERE `user_id` = 'KNF698';
INSERT INTO `earnings` (`user_id`, `Purchaser_id`, `earning_type`, `package_id`, `amount`, `date`, `comments`, `invest_amount`, `comm_perc`, `level`, `rank_id`, `order_id`) VALUES ('A9858P', 'MFV4UI', 'Expansion Bonus', '2', 200, '2024-10-01 19:22:04', 'Expansion Bonus', '100', 0, 1, '', 213);
UPDATE `user_registration` SET commission_balance = ROUND(commission_balance + 200,2)
WHERE `user_id` = 'A9858P';
UPDATE `user_registration` SET expansion_bonus = ROUND(expansion_bonus + 200,2)
WHERE `user_id` = 'A9858P';
INSERT INTO `matrix_filling` (`placement_id`, `downline_id`, `level`, `matrix`) VALUES ('44XA12', 'MFV4UI', 1, 1);
UPDATE `bv_updation` SET right_carry = right_carry+50, total_right = total_right+50
WHERE `user_id` = '44XA12';
INSERT INTO `placement_bv_update_history` (`right_carry`, `date`, `from_id`, `user_id`) VALUES ('50', '2024-10-01 19:22:04', 'MFV4UI', '44XA12');
INSERT INTO `matrix_filling` (`placement_id`, `downline_id`, `level`, `matrix`) VALUES ('985QCY', 'MFV4UI', 2, 1);
UPDATE `bv_updation` SET right_carry = right_carry+50, total_right = total_right+50
WHERE `user_id` = '985QCY';
INSERT INTO `placement_bv_update_history` (`right_carry`, `date`, `from_id`, `user_id`) VALUES ('50', '2024-10-01 19:22:04', 'MFV4UI', '985QCY');
INSERT INTO `matrix_filling` (`placement_id`, `downline_id`, `level`, `matrix`) VALUES ('HGFLXJ', 'MFV4UI', 3, 1);
UPDATE `bv_updation` SET right_carry = right_carry+50, total_right = total_right+50
WHERE `user_id` = 'HGFLXJ';
INSERT INTO `placement_bv_update_history` (`right_carry`, `date`, `from_id`, `user_id`) VALUES ('50', '2024-10-01 19:22:04', 'MFV4UI', 'HGFLXJ');
INSERT INTO `matrix_filling` (`placement_id`, `downline_id`, `level`, `matrix`) VALUES ('ULA7UD', 'MFV4UI', 4, 1);
UPDATE `bv_updation` SET right_carry = right_carry+50, total_right = total_right+50
WHERE `user_id` = 'ULA7UD';
INSERT INTO `placement_bv_update_history` (`right_carry`, `date`, `from_id`, `user_id`) VALUES ('50', '2024-10-01 19:22:04', 'MFV4UI', 'ULA7UD');
INSERT INTO `matrix_filling` (`placement_id`, `downline_id`, `level`, `matrix`) VALUES ('7ZIVMR', 'MFV4UI', 5, 1);
UPDATE `bv_updation` SET right_carry = right_carry+50, total_right = total_right+50
WHERE `user_id` = '7ZIVMR';
INSERT INTO `placement_bv_update_history` (`right_carry`, `date`, `from_id`, `user_id`) VALUES ('50', '2024-10-01 19:22:04', 'MFV4UI', '7ZIVMR');
INSERT INTO `matrix_filling` (`placement_id`, `downline_id`, `level`, `matrix`) VALUES ('5A3Q12', 'MFV4UI', 6, 1);
UPDATE `bv_updation` SET right_carry = right_carry+50, total_right = total_right+50
WHERE `user_id` = '5A3Q12';
INSERT INTO `placement_bv_update_history` (`right_carry`, `date`, `from_id`, `user_id`) VALUES ('50', '2024-10-01 19:22:04', 'MFV4UI', '5A3Q12');
INSERT INTO `matrix_filling` (`placement_id`, `downline_id`, `level`, `matrix`) VALUES ('P9ITPZ', 'MFV4UI', 7, 1);
UPDATE `bv_updation` SET right_carry = right_carry+50, total_right = total_right+50
WHERE `user_id` = 'P9ITPZ';
INSERT INTO `placement_bv_update_history` (`right_carry`, `date`, `from_id`, `user_id`) VALUES ('50', '2024-10-01 19:22:04', 'MFV4UI', 'P9ITPZ');
INSERT INTO `matrix_filling` (`placement_id`, `downline_id`, `level`, `matrix`) VALUES ('WG8MN5', 'MFV4UI', 8, 1);
UPDATE `bv_updation` SET right_carry = right_carry+50, total_right = total_right+50
WHERE `user_id` = 'WG8MN5';
INSERT INTO `placement_bv_update_history` (`right_carry`, `date`, `from_id`, `user_id`) VALUES ('50', '2024-10-01 19:22:04', 'MFV4UI', 'WG8MN5');
INSERT INTO `matrix_filling` (`placement_id`, `downline_id`, `level`, `matrix`) VALUES ('GF8JBT', 'MFV4UI', 9, 1);
UPDATE `bv_updation` SET right_carry = right_carry+50, total_right = total_right+50
WHERE `user_id` = 'GF8JBT';
INSERT INTO `placement_bv_update_history` (`right_carry`, `date`, `from_id`, `user_id`) VALUES ('50', '2024-10-01 19:22:04', 'MFV4UI', 'GF8JBT');
INSERT INTO `matrix_filling` (`placement_id`, `downline_id`, `level`, `matrix`) VALUES ('YKY8DH', 'MFV4UI', 10, 1);
UPDATE `bv_updation` SET right_carry = right_carry+50, total_right = total_right+50
WHERE `user_id` = 'YKY8DH';
INSERT INTO `placement_bv_update_history` (`right_carry`, `date`, `from_id`, `user_id`) VALUES ('50', '2024-10-01 19:22:04', 'MFV4UI', 'YKY8DH');
INSERT INTO `matrix_filling` (`placement_id`, `downline_id`, `level`, `matrix`) VALUES ('U52ALB', 'MFV4UI', 11, 1);
UPDATE `bv_updation` SET right_carry = right_carry+50, total_right = total_right+50
WHERE `user_id` = 'U52ALB';
INSERT INTO `placement_bv_update_history` (`right_carry`, `date`, `from_id`, `user_id`) VALUES ('50', '2024-10-01 19:22:04', 'MFV4UI', 'U52ALB');
INSERT INTO `matrix_filling` (`placement_id`, `downline_id`, `level`, `matrix`) VALUES ('U481N1', 'MFV4UI', 12, 1);
UPDATE `bv_updation` SET right_carry = right_carry+50, total_right = total_right+50
WHERE `user_id` = 'U481N1';
INSERT INTO `placement_bv_update_history` (`right_carry`, `date`, `from_id`, `user_id`) VALUES ('50', '2024-10-01 19:22:04', 'MFV4UI', 'U481N1');
INSERT INTO `matrix_filling` (`placement_id`, `downline_id`, `level`, `matrix`) VALUES ('NKCVCM', 'MFV4UI', 13, 1);
UPDATE `bv_updation` SET right_carry = right_carry+50, total_right = total_right+50
WHERE `user_id` = 'NKCVCM';
INSERT INTO `placement_bv_update_history` (`right_carry`, `date`, `from_id`, `user_id`) VALUES ('50', '2024-10-01 19:22:04', 'MFV4UI', 'NKCVCM');
INSERT INTO `matrix_filling` (`placement_id`, `downline_id`, `level`, `matrix`) VALUES ('AJSZSW', 'MFV4UI', 14, 1);
UPDATE `bv_updation` SET right_carry = right_carry+50, total_right = total_right+50
WHERE `user_id` = 'AJSZSW';
INSERT INTO `placement_bv_update_history` (`right_carry`, `date`, `from_id`, `user_id`) VALUES ('50', '2024-10-01 19:22:04', 'MFV4UI', 'AJSZSW');
INSERT INTO `matrix_filling` (`placement_id`, `downline_id`, `level`, `matrix`) VALUES ('PZIR5W', 'MFV4UI', 15, 1);
UPDATE `bv_updation` SET right_carry = right_carry+50, total_right = total_right+50
WHERE `user_id` = 'PZIR5W';
INSERT INTO `placement_bv_update_history` (`right_carry`, `date`, `from_id`, `user_id`) VALUES ('50', '2024-10-01 19:22:04', 'MFV4UI', 'PZIR5W');
INSERT INTO `matrix_filling` (`placement_id`, `downline_id`, `level`, `matrix`) VALUES ('KNF698', 'MFV4UI', 16, 1);
UPDATE `bv_updation` SET right_carry = right_carry+50, total_right = total_right+50
WHERE `user_id` = 'KNF698';
INSERT INTO `placement_bv_update_history` (`right_carry`, `date`, `from_id`, `user_id`) VALUES ('50', '2024-10-01 19:22:04', 'MFV4UI', 'KNF698');
UPDATE `bv_updation` SET sponsor_right_carry = sponsor_right_carry+50, sponsor_total_right = sponsor_total_right+50
WHERE `user_id` = 'KNF698';
INSERT INTO `sponsor_bv_update_history` (`right_carry`, `date`, `user_id`) VALUES ('50', '2024-10-01 19:22:04', 'KNF698');
INSERT INTO `matrix_filling` (`placement_id`, `downline_id`, `level`, `matrix`) VALUES ('P1DMND', 'MFV4UI', 17, 1);
UPDATE `bv_updation` SET left_carry = left_carry+50, total_left = total_left+50
WHERE `user_id` = 'P1DMND';
INSERT INTO `placement_bv_update_history` (`left_carry`, `date`, `from_id`, `user_id`) VALUES ('50', '2024-10-01 19:22:04', 'MFV4UI', 'P1DMND');
INSERT INTO `matrix_filling` (`placement_id`, `downline_id`, `level`, `matrix`) VALUES ('QNTB7K', 'MFV4UI', 18, 1);
UPDATE `bv_updation` SET left_carry = left_carry+50, total_left = total_left+50
WHERE `user_id` = 'QNTB7K';
INSERT INTO `placement_bv_update_history` (`left_carry`, `date`, `from_id`, `user_id`) VALUES ('50', '2024-10-01 19:22:04', 'MFV4UI', 'QNTB7K');
INSERT INTO `matrix_filling` (`placement_id`, `downline_id`, `level`, `matrix`) VALUES ('DM1Y9N', 'MFV4UI', 19, 1);
UPDATE `bv_updation` SET left_carry = left_carry+50, total_left = total_left+50
WHERE `user_id` = 'DM1Y9N';
INSERT INTO `placement_bv_update_history` (`left_carry`, `date`, `from_id`, `user_id`) VALUES ('50', '2024-10-01 19:22:04', 'MFV4UI', 'DM1Y9N');
INSERT INTO `matrix_filling` (`placement_id`, `downline_id`, `level`, `matrix`) VALUES ('A9858P', 'MFV4UI', 20, 1);
UPDATE `bv_updation` SET left_carry = left_carry+50, total_left = total_left+50
WHERE `user_id` = 'A9858P';
INSERT INTO `placement_bv_update_history` (`left_carry`, `date`, `from_id`, `user_id`) VALUES ('50', '2024-10-01 19:22:04', 'MFV4UI', 'A9858P');
INSERT INTO `matrix_filling` (`placement_id`, `downline_id`, `level`, `matrix`) VALUES ('admin', 'MFV4UI', 21, 1);
UPDATE `bv_updation` SET right_carry = right_carry+50, total_right = total_right+50
WHERE `user_id` = 'admin';
INSERT INTO `placement_bv_update_history` (`right_carry`, `date`, `from_id`, `user_id`) VALUES ('50', '2024-10-01 19:22:04', 'MFV4UI', 'admin');
INSERT INTO `package_purchase_history` (`user_id`, `package_id`, `reg_fee`, `package_name`, `monthly_fee`, `type`, `date`, `payment_option`) VALUES ('MFV4UI', '2', '595', 'Traveler Pro', '150', 'sign_up', '2024-10-01 19:22:04', 'free');
UPDATE `user_registration` SET `popup_seen` = 'yes'
WHERE `user_id` = 'KNF698';
UPDATE `user_registration` SET `popup_seen` = 'no'
WHERE `user_id` = 'KNF698';
DELETE FROM `ci_sessions`
WHERE `id` = '3989b32ac4ee96deaace7a91b80057c1e2d17917';
INSERT INTO `login_history` (`user_id`, `device`, `ip_address`, `date`) VALUES ('A9858P', 'Mozilla/5.0 (Windows NT 10.0; Win64; x64) AppleWebKit/537.36 (KHTML, like Gecko) Chrome/128.0.0.0 Safari/537.36', '172.70.255.86', '24-10-01 19:23');
UPDATE `user_registration` SET `popup_seen` = 'yes'
WHERE `user_id` = 'A9858P';
UPDATE `user_registration` SET `popup_seen` = 'yes'
WHERE `user_id` = 'A9858P';
UPDATE `ci_sessions` SET `timestamp` = 1727828699, `data` = '__ci_last_regenerate|i:1727828699;id|s:4:\"2023\";user_id|s:6:\"ADZTOG\";username|s:7:\"rafael1\";sponsor_id|s:6:\"A9858P\";fullname|s:16:\"Rafael Rodriguez\";email|s:17:\"rafael1@gmail.com\";phone|s:10:\"3057610606\";isLogIn|b:1;message|s:24:\"Welcome Rafael Rodriguez\";__ci_vars|a:1:{s:7:\"message\";s:3:\"old\";}'
WHERE `id` = 'c12400fdfb37ced5177ca2b33a6152ad8e9129b5';
UPDATE `user_registration` SET `popup_seen` = 'no'
WHERE `user_id` = 'ADZTOG';
DELETE FROM `ci_sessions`
WHERE `id` = 'ffe27978eeb9d486c15aee4cf30410fe60a64581';
INSERT INTO `login_history` (`user_id`, `device`, `ip_address`, `date`) VALUES ('TKWQIW', 'Mozilla/5.0 (Windows NT 10.0; Win64; x64) AppleWebKit/537.36 (KHTML, like Gecko) Chrome/129.0.0.0 Safari/537.36', '172.70.255.20', '24-10-01 19:25');
UPDATE `user_registration` SET `popup_seen` = 'yes'
WHERE `user_id` = 'TKWQIW';
UPDATE `user_registration` SET `popup_seen` = 'no'
WHERE `user_id` = 'A9858P';
DELETE FROM `ci_sessions`
WHERE `id` = '34fa16200640e5e98c143115d74762d29d4478e2';
INSERT INTO `login_history` (`user_id`, `device`, `ip_address`, `date`) VALUES ('6DEXJW', 'Mozilla/5.0 (Windows NT 10.0; Win64; x64) AppleWebKit/537.36 (KHTML, like Gecko) Chrome/128.0.0.0 Safari/537.36', '108.162.212.145', '24-10-01 19:25');
UPDATE `user_registration` SET `popup_seen` = 'yes'
WHERE `user_id` = '6DEXJW';
UPDATE `user_registration` SET `uid` = '2031', `user_id` = 'MVK5S3', `username` = 'benito1', `sponsor_id` = 'TKWQIW', `vacant` = 'no', `f_name` = 'Benito', `l_name` = 'Salcedo', `address` = '6520 Kendale Lakes Dr', `position` = 'right', `email` = 'benito1@gmail.com', `password` = '239bbff7cf39c22829d60d1a4343ff3f', `phone` = '3057610606', `country` = 'United States', `state` = 'Florida', `city` = 'Miami', `street` = '6520 Kendale Lakes Dr', `zip_code` = '33183', `reg_ip` = '172.70.54.74', `status` = 1, `package_id` = '2', `rank_id` = 1, `highest_rank` = 1, `cycle_rank_id` = 1, `created` = '2024-10-01 19:27:18', `subscription_date` = '2024-10-31', `google_secret` = 'XR4RGYZ5EMTDBYYH'
WHERE `uid` = '2031';
INSERT INTO `user_registration` (`uid`, `user_id`, `username`, `sponsor_id`, `placement_id`, `vacant`, `f_name`, `l_name`, `address`, `position`, `email`, `password`, `phone`, `reg_ip`, `status`, `created`) VALUES (NULL, 'EOMDFI', 'aoldYobh', 'MVK5S3', 'MVK5S3', 'yes', '', '', '', 'left', '@mail.com', '', '', '', 0, '2024-10-01 19:27:18');
INSERT INTO `user_registration` (`uid`, `user_id`, `username`, `sponsor_id`, `placement_id`, `vacant`, `f_name`, `l_name`, `address`, `position`, `email`, `password`, `phone`, `reg_ip`, `status`, `created`) VALUES (NULL, 'XNNLOC', 'dazylqkX', 'MVK5S3', 'MVK5S3', 'yes', '', '', '', 'right', '@mail.com', '', '', '', 0, '2024-10-01 19:27:18');
INSERT INTO `bv_updation` (`user_id`) VALUES ('MVK5S3');
UPDATE `user_registration` SET total_ref_count = total_ref_count+1
WHERE `user_id` = 'TKWQIW';
UPDATE `user_registration` SET total_downlines = total_downlines+1
WHERE `user_id` = 'TKWQIW';
UPDATE `user_registration` SET right_downlines = right_downlines+1
WHERE `user_id` = 'TKWQIW';
UPDATE `user_registration` SET right_ref_count = right_ref_count+1
WHERE `user_id` = 'TKWQIW';
UPDATE `user_registration` SET active_right = active_right+1
WHERE `user_id` = 'TKWQIW';
UPDATE `user_registration` SET total_downlines = total_downlines+1
WHERE `user_id` = 'ADZTOG';
UPDATE `user_registration` SET left_downlines = left_downlines+1
WHERE `user_id` = 'ADZTOG';
UPDATE `user_registration` SET total_downlines = total_downlines+1
WHERE `user_id` = 'A9858P';
UPDATE `user_registration` SET right_downlines = right_downlines+1
WHERE `user_id` = 'A9858P';
UPDATE `user_registration` SET total_downlines = total_downlines+1
WHERE `user_id` = 'admin';
UPDATE `user_registration` SET right_downlines = right_downlines+1
WHERE `user_id` = 'admin';
INSERT INTO `investment` (`invest_date`, `user_id`, `type`, `amount`, `package_id`) VALUES ('2024-10-01 19:27:19', 'MVK5S3', 'register', '595', '2');
INSERT INTO `earnings` (`user_id`, `Purchaser_id`, `earning_type`, `package_id`, `amount`, `date`, `comments`, `invest_amount`, `comm_perc`, `level`, `rank_id`, `order_id`) VALUES ('TKWQIW', 'MVK5S3', 'Direct Referral Bonus', '2', '100', '2024-10-01 19:27:19', 'Direct Referral Bonus', 0, 0, 1, '', 214);
UPDATE `user_registration` SET commission_balance = ROUND(commission_balance + 100,2)
WHERE `user_id` = 'TKWQIW';
UPDATE `user_registration` SET referral_bonus = ROUND(referral_bonus + 100,2)
WHERE `user_id` = 'TKWQIW';
INSERT INTO `earnings` (`user_id`, `Purchaser_id`, `earning_type`, `package_id`, `amount`, `date`, `comments`, `invest_amount`, `comm_perc`, `level`, `rank_id`, `order_id`) VALUES ('ADZTOG', 'MVK5S3', 'Expansion Bonus', '2', 100, '2024-10-01 19:27:19', 'Expansion Bonus', '100', 0, 1, '', 214);
UPDATE `user_registration` SET commission_balance = ROUND(commission_balance + 100,2)
WHERE `user_id` = 'ADZTOG';
UPDATE `user_registration` SET expansion_bonus = ROUND(expansion_bonus + 100,2)
WHERE `user_id` = 'ADZTOG';
INSERT INTO `earnings` (`user_id`, `Purchaser_id`, `earning_type`, `package_id`, `amount`, `date`, `comments`, `invest_amount`, `comm_perc`, `level`, `rank_id`, `order_id`) VALUES ('A9858P', 'MVK5S3', 'Expansion Bonus', '2', 100, '2024-10-01 19:27:19', 'Expansion Bonus', 200, 0, 1, '', 214);
UPDATE `user_registration` SET commission_balance = ROUND(commission_balance + 100,2)
WHERE `user_id` = 'A9858P';
UPDATE `user_registration` SET expansion_bonus = ROUND(expansion_bonus + 100,2)
WHERE `user_id` = 'A9858P';
INSERT INTO `matrix_filling` (`placement_id`, `downline_id`, `level`, `matrix`) VALUES ('TKWQIW', 'MVK5S3', 1, 1);
UPDATE `bv_updation` SET right_carry = right_carry+50, total_right = total_right+50
WHERE `user_id` = 'TKWQIW';
INSERT INTO `placement_bv_update_history` (`right_carry`, `date`, `from_id`, `user_id`) VALUES ('50', '2024-10-01 19:27:19', 'MVK5S3', 'TKWQIW');
UPDATE `bv_updation` SET sponsor_right_carry = sponsor_right_carry+50, sponsor_total_right = sponsor_total_right+50
WHERE `user_id` = 'TKWQIW';
INSERT INTO `sponsor_bv_update_history` (`right_carry`, `date`, `user_id`) VALUES ('50', '2024-10-01 19:27:19', 'TKWQIW');
INSERT INTO `matrix_filling` (`placement_id`, `downline_id`, `level`, `matrix`) VALUES ('ADZTOG', 'MVK5S3', 2, 1);
UPDATE `bv_updation` SET left_carry = left_carry+50, total_left = total_left+50
WHERE `user_id` = 'ADZTOG';
INSERT INTO `placement_bv_update_history` (`left_carry`, `date`, `from_id`, `user_id`) VALUES ('50', '2024-10-01 19:27:19', 'MVK5S3', 'ADZTOG');
INSERT INTO `matrix_filling` (`placement_id`, `downline_id`, `level`, `matrix`) VALUES ('A9858P', 'MVK5S3', 3, 1);
UPDATE `bv_updation` SET right_carry = right_carry+50, total_right = total_right+50
WHERE `user_id` = 'A9858P';
INSERT INTO `placement_bv_update_history` (`right_carry`, `date`, `from_id`, `user_id`) VALUES ('50', '2024-10-01 19:27:19', 'MVK5S3', 'A9858P');
INSERT INTO `matrix_filling` (`placement_id`, `downline_id`, `level`, `matrix`) VALUES ('admin', 'MVK5S3', 4, 1);
UPDATE `bv_updation` SET right_carry = right_carry+50, total_right = total_right+50
WHERE `user_id` = 'admin';
INSERT INTO `placement_bv_update_history` (`right_carry`, `date`, `from_id`, `user_id`) VALUES ('50', '2024-10-01 19:27:19', 'MVK5S3', 'admin');
INSERT INTO `package_purchase_history` (`user_id`, `package_id`, `reg_fee`, `package_name`, `monthly_fee`, `type`, `date`, `payment_option`) VALUES ('MVK5S3', '2', '595', 'Traveler Pro', '150', 'sign_up', '2024-10-01 19:27:19', 'free');
UPDATE `user_registration` SET `popup_seen` = 'yes'
WHERE `user_id` = 'TKWQIW';
UPDATE `user_registration` SET `uid` = '2435', `user_id` = 'T1QUMP', `username` = 'concepcion1', `sponsor_id` = 'TKWQIW', `vacant` = 'no', `f_name` = 'Concepcion', `l_name` = 'Lugo', `address` = '6520 Kendale Lakes Dr', `position` = 'right', `email` = 'concepcion1@gmail.com', `password` = 'a9bfc04a4d0ad25f4861f580168903c9', `phone` = '3057610606', `country` = 'United States', `state` = 'Florida', `city` = 'Miami', `street` = '6520 Kendale Lakes Dr', `zip_code` = '33183', `reg_ip` = '172.70.83.104', `status` = 1, `package_id` = '2', `rank_id` = 1, `highest_rank` = 1, `cycle_rank_id` = 1, `created` = '2024-10-01 19:29:04', `subscription_date` = '2024-10-31', `google_secret` = 'AMOT7OHITO22OZ5Z'
WHERE `uid` = '2435';
INSERT INTO `user_registration` (`uid`, `user_id`, `username`, `sponsor_id`, `placement_id`, `vacant`, `f_name`, `l_name`, `address`, `position`, `email`, `password`, `phone`, `reg_ip`, `status`, `created`) VALUES (NULL, 'NJMZWX', 'mFnjjCKG', 'T1QUMP', 'T1QUMP', 'yes', '', '', '', 'left', '@mail.com', '', '', '', 0, '2024-10-01 19:29:04');
INSERT INTO `user_registration` (`uid`, `user_id`, `username`, `sponsor_id`, `placement_id`, `vacant`, `f_name`, `l_name`, `address`, `position`, `email`, `password`, `phone`, `reg_ip`, `status`, `created`) VALUES (NULL, 'AUDMAQ', 'rhcjkinJ', 'T1QUMP', 'T1QUMP', 'yes', '', '', '', 'right', '@mail.com', '', '', '', 0, '2024-10-01 19:29:04');
INSERT INTO `bv_updation` (`user_id`) VALUES ('T1QUMP');
UPDATE `user_registration` SET total_ref_count = total_ref_count+1
WHERE `user_id` = 'TKWQIW';
UPDATE `user_registration` SET total_downlines = total_downlines+1
WHERE `user_id` = 'MVK5S3';
UPDATE `user_registration` SET right_downlines = right_downlines+1
WHERE `user_id` = 'MVK5S3';
UPDATE `user_registration` SET total_downlines = total_downlines+1
WHERE `user_id` = 'TKWQIW';
UPDATE `user_registration` SET right_downlines = right_downlines+1
WHERE `user_id` = 'TKWQIW';
UPDATE `user_registration` SET right_ref_count = right_ref_count+1
WHERE `user_id` = 'TKWQIW';
UPDATE `user_registration` SET active_right = active_right+1
WHERE `user_id` = 'TKWQIW';
UPDATE `user_registration` SET total_downlines = total_downlines+1
WHERE `user_id` = 'ADZTOG';
UPDATE `user_registration` SET left_downlines = left_downlines+1
WHERE `user_id` = 'ADZTOG';
UPDATE `user_registration` SET total_downlines = total_downlines+1
WHERE `user_id` = 'A9858P';
UPDATE `user_registration` SET right_downlines = right_downlines+1
WHERE `user_id` = 'A9858P';
UPDATE `user_registration` SET total_downlines = total_downlines+1
WHERE `user_id` = 'admin';
UPDATE `user_registration` SET right_downlines = right_downlines+1
WHERE `user_id` = 'admin';
INSERT INTO `investment` (`invest_date`, `user_id`, `type`, `amount`, `package_id`) VALUES ('2024-10-01 19:29:04', 'T1QUMP', 'register', '595', '2');
INSERT INTO `earnings` (`user_id`, `Purchaser_id`, `earning_type`, `package_id`, `amount`, `date`, `comments`, `invest_amount`, `comm_perc`, `level`, `rank_id`, `order_id`) VALUES ('TKWQIW', 'T1QUMP', 'Direct Referral Bonus', '2', '100', '2024-10-01 19:29:04', 'Direct Referral Bonus', 0, 0, 1, '', 215);
UPDATE `user_registration` SET commission_balance = ROUND(commission_balance + 100,2)
WHERE `user_id` = 'TKWQIW';
UPDATE `user_registration` SET referral_bonus = ROUND(referral_bonus + 100,2)
WHERE `user_id` = 'TKWQIW';
INSERT INTO `earnings` (`user_id`, `Purchaser_id`, `earning_type`, `package_id`, `amount`, `date`, `comments`, `invest_amount`, `comm_perc`, `level`, `rank_id`, `order_id`) VALUES ('ADZTOG', 'T1QUMP', 'Expansion Bonus', '2', 100, '2024-10-01 19:29:04', 'Expansion Bonus', '100', 0, 1, '', 215);
UPDATE `user_registration` SET commission_balance = ROUND(commission_balance + 100,2)
WHERE `user_id` = 'ADZTOG';
UPDATE `user_registration` SET expansion_bonus = ROUND(expansion_bonus + 100,2)
WHERE `user_id` = 'ADZTOG';
INSERT INTO `earnings` (`user_id`, `Purchaser_id`, `earning_type`, `package_id`, `amount`, `date`, `comments`, `invest_amount`, `comm_perc`, `level`, `rank_id`, `order_id`) VALUES ('A9858P', 'T1QUMP', 'Expansion Bonus', '2', 100, '2024-10-01 19:29:04', 'Expansion Bonus', 200, 0, 1, '', 215);
UPDATE `user_registration` SET commission_balance = ROUND(commission_balance + 100,2)
WHERE `user_id` = 'A9858P';
UPDATE `user_registration` SET expansion_bonus = ROUND(expansion_bonus + 100,2)
WHERE `user_id` = 'A9858P';
INSERT INTO `matrix_filling` (`placement_id`, `downline_id`, `level`, `matrix`) VALUES ('MVK5S3', 'T1QUMP', 1, 1);
UPDATE `bv_updation` SET right_carry = right_carry+50, total_right = total_right+50
WHERE `user_id` = 'MVK5S3';
INSERT INTO `placement_bv_update_history` (`right_carry`, `date`, `from_id`, `user_id`) VALUES ('50', '2024-10-01 19:29:04', 'T1QUMP', 'MVK5S3');
INSERT INTO `matrix_filling` (`placement_id`, `downline_id`, `level`, `matrix`) VALUES ('TKWQIW', 'T1QUMP', 2, 1);
UPDATE `bv_updation` SET right_carry = right_carry+50, total_right = total_right+50
WHERE `user_id` = 'TKWQIW';
INSERT INTO `placement_bv_update_history` (`right_carry`, `date`, `from_id`, `user_id`) VALUES ('50', '2024-10-01 19:29:04', 'T1QUMP', 'TKWQIW');
UPDATE `bv_updation` SET sponsor_right_carry = sponsor_right_carry+50, sponsor_total_right = sponsor_total_right+50
WHERE `user_id` = 'TKWQIW';
INSERT INTO `sponsor_bv_update_history` (`right_carry`, `date`, `user_id`) VALUES ('50', '2024-10-01 19:29:04', 'TKWQIW');
INSERT INTO `matrix_filling` (`placement_id`, `downline_id`, `level`, `matrix`) VALUES ('ADZTOG', 'T1QUMP', 3, 1);
UPDATE `bv_updation` SET left_carry = left_carry+50, total_left = total_left+50
WHERE `user_id` = 'ADZTOG';
INSERT INTO `placement_bv_update_history` (`left_carry`, `date`, `from_id`, `user_id`) VALUES ('50', '2024-10-01 19:29:04', 'T1QUMP', 'ADZTOG');
INSERT INTO `matrix_filling` (`placement_id`, `downline_id`, `level`, `matrix`) VALUES ('A9858P', 'T1QUMP', 4, 1);
UPDATE `bv_updation` SET right_carry = right_carry+50, total_right = total_right+50
WHERE `user_id` = 'A9858P';
INSERT INTO `placement_bv_update_history` (`right_carry`, `date`, `from_id`, `user_id`) VALUES ('50', '2024-10-01 19:29:04', 'T1QUMP', 'A9858P');
INSERT INTO `matrix_filling` (`placement_id`, `downline_id`, `level`, `matrix`) VALUES ('admin', 'T1QUMP', 5, 1);
UPDATE `bv_updation` SET right_carry = right_carry+50, total_right = total_right+50
WHERE `user_id` = 'admin';
INSERT INTO `placement_bv_update_history` (`right_carry`, `date`, `from_id`, `user_id`) VALUES ('50', '2024-10-01 19:29:04', 'T1QUMP', 'admin');
INSERT INTO `package_purchase_history` (`user_id`, `package_id`, `reg_fee`, `package_name`, `monthly_fee`, `type`, `date`, `payment_option`) VALUES ('T1QUMP', '2', '595', 'Traveler Pro', '150', 'sign_up', '2024-10-01 19:29:04', 'free');
UPDATE `ci_sessions` SET `timestamp` = 1727829020, `data` = '__ci_last_regenerate|i:1727829020;id|s:4:\"2024\";user_id|s:6:\"TKWQIW\";username|s:10:\"ramoncito1\";sponsor_id|s:6:\"ADZTOG\";fullname|s:15:\"Ramon Fernandez\";email|s:20:\"ramoncito1@gmail.com\";phone|s:10:\"3057610606\";isLogIn|b:1;'
WHERE `id` = 'cfc0571bc84a676cf0245f795b7f2d18c9cd46e1';
UPDATE `user_registration` SET `uid` = '2437', `user_id` = 'GYI7KF', `username` = 'leandro1', `sponsor_id` = 'TKWQIW', `vacant` = 'no', `f_name` = 'Leandro', `l_name` = 'Castaneda', `address` = '6520 Kendale Lakes Dr', `position` = 'right', `email` = 'leandro1@gmail.com', `password` = '30bc49459870239661c1807c5a1a814f', `phone` = '3057610606', `country` = 'United States', `state` = 'Florida', `city` = 'Miami', `street` = '6520 Kendale Lakes Dr', `zip_code` = '33183', `reg_ip` = '172.70.254.31', `status` = 1, `package_id` = '2', `rank_id` = 1, `highest_rank` = 1, `cycle_rank_id` = 1, `created` = '2024-10-01 19:30:20', `subscription_date` = '2024-10-31', `google_secret` = 'ULMQJTAAR3EF6L2Q'
WHERE `uid` = '2437';
INSERT INTO `user_registration` (`uid`, `user_id`, `username`, `sponsor_id`, `placement_id`, `vacant`, `f_name`, `l_name`, `address`, `position`, `email`, `password`, `phone`, `reg_ip`, `status`, `created`) VALUES (NULL, 'MYKRBH', 'wilYwmOH', 'GYI7KF', 'GYI7KF', 'yes', '', '', '', 'left', '@mail.com', '', '', '', 0, '2024-10-01 19:30:20');
INSERT INTO `user_registration` (`uid`, `user_id`, `username`, `sponsor_id`, `placement_id`, `vacant`, `f_name`, `l_name`, `address`, `position`, `email`, `password`, `phone`, `reg_ip`, `status`, `created`) VALUES (NULL, 'GHACNW', 'rufybmwo', 'GYI7KF', 'GYI7KF', 'yes', '', '', '', 'right', '@mail.com', '', '', '', 0, '2024-10-01 19:30:20');
INSERT INTO `bv_updation` (`user_id`) VALUES ('GYI7KF');
UPDATE `user_registration` SET total_ref_count = total_ref_count+1
WHERE `user_id` = 'TKWQIW';
UPDATE `user_registration` SET `uid` = '2437', `user_id` = 'EMFB8N', `username` = 'leandro1', `sponsor_id` = 'TKWQIW', `vacant` = 'no', `f_name` = 'Leandro', `l_name` = 'Castaneda', `address` = '6520 Kendale Lakes Dr', `position` = 'right', `email` = 'leandro1@gmail.com', `password` = '30bc49459870239661c1807c5a1a814f', `phone` = '3057610606', `country` = 'United States', `state` = 'Florida', `city` = 'Miami', `street` = '6520 Kendale Lakes Dr', `zip_code` = '33183', `reg_ip` = '172.70.254.30', `status` = 1, `package_id` = '2', `rank_id` = 1, `highest_rank` = 1, `cycle_rank_id` = 1, `created` = '2024-10-01 19:30:20', `subscription_date` = '2024-10-31', `google_secret` = '3NHHKMOE5XK5KZR6'
WHERE `uid` = '2437';
UPDATE `user_registration` SET total_downlines = total_downlines+1
WHERE `user_id` = 'T1QUMP';
UPDATE `user_registration` SET right_downlines = right_downlines+1
WHERE `user_id` = 'T1QUMP';
INSERT INTO `user_registration` (`uid`, `user_id`, `username`, `sponsor_id`, `placement_id`, `vacant`, `f_name`, `l_name`, `address`, `position`, `email`, `password`, `phone`, `reg_ip`, `status`, `created`) VALUES (NULL, 'HXZUVN', 'SkuEsDIt', 'EMFB8N', 'EMFB8N', 'yes', '', '', '', 'left', '@mail.com', '', '', '', 0, '2024-10-01 19:30:20');
INSERT INTO `user_registration` (`uid`, `user_id`, `username`, `sponsor_id`, `placement_id`, `vacant`, `f_name`, `l_name`, `address`, `position`, `email`, `password`, `phone`, `reg_ip`, `status`, `created`) VALUES (NULL, 'RGVHIG', 'JmMnHBvy', 'EMFB8N', 'EMFB8N', 'yes', '', '', '', 'right', '@mail.com', '', '', '', 0, '2024-10-01 19:30:20');
UPDATE `user_registration` SET total_downlines = total_downlines+1
WHERE `user_id` = 'MVK5S3';
INSERT INTO `bv_updation` (`user_id`) VALUES ('EMFB8N');
UPDATE `user_registration` SET right_downlines = right_downlines+1
WHERE `user_id` = 'MVK5S3';
UPDATE `user_registration` SET total_ref_count = total_ref_count+1
WHERE `user_id` = 'TKWQIW';
UPDATE `user_registration` SET total_downlines = total_downlines+1
WHERE `user_id` = 'TKWQIW';
UPDATE `user_registration` SET total_downlines = total_downlines+1
WHERE `user_id` = 'T1QUMP';
UPDATE `user_registration` SET right_downlines = right_downlines+1
WHERE `user_id` = 'TKWQIW';
UPDATE `user_registration` SET right_downlines = right_downlines+1
WHERE `user_id` = 'T1QUMP';
UPDATE `user_registration` SET right_ref_count = right_ref_count+1
WHERE `user_id` = 'TKWQIW';
UPDATE `user_registration` SET active_right = active_right+1
WHERE `user_id` = 'TKWQIW';
UPDATE `user_registration` SET total_downlines = total_downlines+1
WHERE `user_id` = 'MVK5S3';
UPDATE `user_registration` SET right_downlines = right_downlines+1
WHERE `user_id` = 'MVK5S3';
UPDATE `user_registration` SET total_downlines = total_downlines+1
WHERE `user_id` = 'ADZTOG';
UPDATE `user_registration` SET total_downlines = total_downlines+1
WHERE `user_id` = 'TKWQIW';
UPDATE `user_registration` SET right_downlines = right_downlines+1
WHERE `user_id` = 'TKWQIW';
UPDATE `user_registration` SET left_downlines = left_downlines+1
WHERE `user_id` = 'ADZTOG';
UPDATE `user_registration` SET right_ref_count = right_ref_count+1
WHERE `user_id` = 'TKWQIW';
UPDATE `user_registration` SET active_right = active_right+1
WHERE `user_id` = 'TKWQIW';
UPDATE `user_registration` SET total_downlines = total_downlines+1
WHERE `user_id` = 'A9858P';
UPDATE `user_registration` SET right_downlines = right_downlines+1
WHERE `user_id` = 'A9858P';
UPDATE `user_registration` SET total_downlines = total_downlines+1
WHERE `user_id` = 'ADZTOG';
UPDATE `user_registration` SET left_downlines = left_downlines+1
WHERE `user_id` = 'ADZTOG';
UPDATE `user_registration` SET total_downlines = total_downlines+1
WHERE `user_id` = 'admin';
UPDATE `user_registration` SET right_downlines = right_downlines+1
WHERE `user_id` = 'admin';
UPDATE `user_registration` SET total_downlines = total_downlines+1
WHERE `user_id` = 'A9858P';
UPDATE `user_registration` SET right_downlines = right_downlines+1
WHERE `user_id` = 'A9858P';
UPDATE `user_registration` SET total_downlines = total_downlines+1
WHERE `user_id` = 'admin';
UPDATE `user_registration` SET right_downlines = right_downlines+1
WHERE `user_id` = 'admin';
INSERT INTO `investment` (`invest_date`, `user_id`, `type`, `amount`, `package_id`) VALUES ('2024-10-01 19:30:20', 'EMFB8N', 'register', '595', '2');
INSERT INTO `investment` (`invest_date`, `user_id`, `type`, `amount`, `package_id`) VALUES ('2024-10-01 19:30:20', 'GYI7KF', 'register', '595', '2');
INSERT INTO `earnings` (`user_id`, `Purchaser_id`, `earning_type`, `package_id`, `amount`, `date`, `comments`, `invest_amount`, `comm_perc`, `level`, `rank_id`, `order_id`) VALUES ('TKWQIW', 'EMFB8N', 'Direct Referral Bonus', '2', '100', '2024-10-01 19:30:20', 'Direct Referral Bonus', 0, 0, 1, '', 217);
UPDATE `user_registration` SET commission_balance = ROUND(commission_balance + 100,2)
WHERE `user_id` = 'TKWQIW';
INSERT INTO `package_purchase_history` (`user_id`, `package_id`, `reg_fee`, `package_name`, `monthly_fee`, `type`, `date`, `payment_option`) VALUES ('GYI7KF', '2', '595', 'Traveler Pro', '150', 'sign_up', '2024-10-01 19:30:20', 'free');
UPDATE `user_registration` SET referral_bonus = ROUND(referral_bonus + 100,2)
WHERE `user_id` = 'TKWQIW';
INSERT INTO `earnings` (`user_id`, `Purchaser_id`, `earning_type`, `package_id`, `amount`, `date`, `comments`, `invest_amount`, `comm_perc`, `level`, `rank_id`, `order_id`) VALUES ('ADZTOG', 'EMFB8N', 'Expansion Bonus', '2', 100, '2024-10-01 19:30:20', 'Expansion Bonus', '100', 0, 1, '', 217);
UPDATE `user_registration` SET commission_balance = ROUND(commission_balance + 100,2)
WHERE `user_id` = 'ADZTOG';
UPDATE `user_registration` SET expansion_bonus = ROUND(expansion_bonus + 100,2)
WHERE `user_id` = 'ADZTOG';
INSERT INTO `earnings` (`user_id`, `Purchaser_id`, `earning_type`, `package_id`, `amount`, `date`, `comments`, `invest_amount`, `comm_perc`, `level`, `rank_id`, `order_id`) VALUES ('A9858P', 'EMFB8N', 'Expansion Bonus', '2', 100, '2024-10-01 19:30:20', 'Expansion Bonus', 200, 0, 1, '', 217);
UPDATE `user_registration` SET commission_balance = ROUND(commission_balance + 100,2)
WHERE `user_id` = 'A9858P';
UPDATE `user_registration` SET expansion_bonus = ROUND(expansion_bonus + 100,2)
WHERE `user_id` = 'A9858P';
INSERT INTO `matrix_filling` (`placement_id`, `downline_id`, `level`, `matrix`) VALUES ('T1QUMP', 'EMFB8N', 1, 1);
UPDATE `bv_updation` SET right_carry = right_carry+50, total_right = total_right+50
WHERE `user_id` = 'T1QUMP';
INSERT INTO `placement_bv_update_history` (`right_carry`, `date`, `from_id`, `user_id`) VALUES ('50', '2024-10-01 19:30:20', 'EMFB8N', 'T1QUMP');
INSERT INTO `matrix_filling` (`placement_id`, `downline_id`, `level`, `matrix`) VALUES ('MVK5S3', 'EMFB8N', 2, 1);
UPDATE `bv_updation` SET right_carry = right_carry+50, total_right = total_right+50
WHERE `user_id` = 'MVK5S3';
INSERT INTO `placement_bv_update_history` (`right_carry`, `date`, `from_id`, `user_id`) VALUES ('50', '2024-10-01 19:30:20', 'EMFB8N', 'MVK5S3');
INSERT INTO `matrix_filling` (`placement_id`, `downline_id`, `level`, `matrix`) VALUES ('TKWQIW', 'EMFB8N', 3, 1);
UPDATE `bv_updation` SET right_carry = right_carry+50, total_right = total_right+50
WHERE `user_id` = 'TKWQIW';
INSERT INTO `placement_bv_update_history` (`right_carry`, `date`, `from_id`, `user_id`) VALUES ('50', '2024-10-01 19:30:20', 'EMFB8N', 'TKWQIW');
UPDATE `bv_updation` SET sponsor_right_carry = sponsor_right_carry+50, sponsor_total_right = sponsor_total_right+50
WHERE `user_id` = 'TKWQIW';
INSERT INTO `sponsor_bv_update_history` (`right_carry`, `date`, `user_id`) VALUES ('50', '2024-10-01 19:30:20', 'TKWQIW');
INSERT INTO `matrix_filling` (`placement_id`, `downline_id`, `level`, `matrix`) VALUES ('ADZTOG', 'EMFB8N', 4, 1);
UPDATE `bv_updation` SET left_carry = left_carry+50, total_left = total_left+50
WHERE `user_id` = 'ADZTOG';
INSERT INTO `placement_bv_update_history` (`left_carry`, `date`, `from_id`, `user_id`) VALUES ('50', '2024-10-01 19:30:20', 'EMFB8N', 'ADZTOG');
INSERT INTO `matrix_filling` (`placement_id`, `downline_id`, `level`, `matrix`) VALUES ('A9858P', 'EMFB8N', 5, 1);
UPDATE `bv_updation` SET right_carry = right_carry+50, total_right = total_right+50
WHERE `user_id` = 'A9858P';
INSERT INTO `placement_bv_update_history` (`right_carry`, `date`, `from_id`, `user_id`) VALUES ('50', '2024-10-01 19:30:20', 'EMFB8N', 'A9858P');
INSERT INTO `matrix_filling` (`placement_id`, `downline_id`, `level`, `matrix`) VALUES ('admin', 'EMFB8N', 6, 1);
UPDATE `bv_updation` SET right_carry = right_carry+50, total_right = total_right+50
WHERE `user_id` = 'admin';
INSERT INTO `placement_bv_update_history` (`right_carry`, `date`, `from_id`, `user_id`) VALUES ('50', '2024-10-01 19:30:20', 'EMFB8N', 'admin');
INSERT INTO `package_purchase_history` (`user_id`, `package_id`, `reg_fee`, `package_name`, `monthly_fee`, `type`, `date`, `payment_option`) VALUES ('EMFB8N', '2', '595', 'Traveler Pro', '150', 'sign_up', '2024-10-01 19:30:20', 'free');
UPDATE `user_registration` SET `popup_seen` = 'yes'
WHERE `user_id` = 'TKWQIW';
UPDATE `ci_sessions` SET `timestamp` = 1727829122, `data` = '__ci_last_regenerate|i:1727829122;id|s:4:\"2027\";user_id|s:6:\"6DEXJW\";username|s:7:\"aurora1\";sponsor_id|s:6:\"DM1Y9N\";fullname|s:11:\"Aurora Capo\";email|s:17:\"aurora1@gmail.com\";phone|s:10:\"7862876762\";isLogIn|b:1;'
WHERE `id` = '864945b0f29c463a833be0ed747d3a03d8b1f8a1';
UPDATE `user_registration` SET `uid` = '2184', `user_id` = 'LUAGN1', `username` = 'juancarlos1', `sponsor_id` = '6DEXJW', `vacant` = 'no', `f_name` = 'Juan Carlos', `l_name` = 'Perez', `address` = '8100 SW 14 Terr', `position` = 'left', `email` = 'juancarlos1@gmail.com', `password` = '9292761895cc7d561fee82257631efe5', `phone` = '7862876762', `country` = 'United States', `state` = 'Florida', `city` = 'Miami', `street` = '8100 SW 14 Terr', `zip_code` = '33144', `reg_ip` = '172.70.55.61', `status` = 1, `package_id` = '2', `rank_id` = 1, `highest_rank` = 1, `cycle_rank_id` = 1, `created` = '2024-10-01 19:32:17', `subscription_date` = '2024-10-31', `google_secret` = 'E7LUJLUWAV2CSW4W'
WHERE `uid` = '2184';
INSERT INTO `user_registration` (`uid`, `user_id`, `username`, `sponsor_id`, `placement_id`, `vacant`, `f_name`, `l_name`, `address`, `position`, `email`, `password`, `phone`, `reg_ip`, `status`, `created`) VALUES (NULL, 'WIJMLV', 'ZouyuNPt', 'LUAGN1', 'LUAGN1', 'yes', '', '', '', 'left', '@mail.com', '', '', '', 0, '2024-10-01 19:32:17');
INSERT INTO `user_registration` (`uid`, `user_id`, `username`, `sponsor_id`, `placement_id`, `vacant`, `f_name`, `l_name`, `address`, `position`, `email`, `password`, `phone`, `reg_ip`, `status`, `created`) VALUES (NULL, 'PMTZWR', 'lpgCiFdG', 'LUAGN1', 'LUAGN1', 'yes', '', '', '', 'right', '@mail.com', '', '', '', 0, '2024-10-01 19:32:17');
INSERT INTO `bv_updation` (`user_id`) VALUES ('LUAGN1');
UPDATE `user_registration` SET total_ref_count = total_ref_count+1
WHERE `user_id` = '6DEXJW';
UPDATE `user_registration` SET total_downlines = total_downlines+1
WHERE `user_id` = '6DEXJW';
UPDATE `user_registration` SET left_downlines = left_downlines+1
WHERE `user_id` = '6DEXJW';
UPDATE `user_registration` SET left_ref_count = left_ref_count+1
WHERE `user_id` = '6DEXJW';
UPDATE `user_registration` SET active_left = active_left+1
WHERE `user_id` = '6DEXJW';
UPDATE `user_registration` SET total_downlines = total_downlines+1
WHERE `user_id` = 'DM1Y9N';
UPDATE `user_registration` SET right_downlines = right_downlines+1
WHERE `user_id` = 'DM1Y9N';
UPDATE `user_registration` SET total_downlines = total_downlines+1
WHERE `user_id` = 'A9858P';
UPDATE `user_registration` SET left_downlines = left_downlines+1
WHERE `user_id` = 'A9858P';
UPDATE `user_registration` SET total_downlines = total_downlines+1
WHERE `user_id` = 'admin';
UPDATE `user_registration` SET right_downlines = right_downlines+1
WHERE `user_id` = 'admin';
INSERT INTO `investment` (`invest_date`, `user_id`, `type`, `amount`, `package_id`) VALUES ('2024-10-01 19:32:17', 'LUAGN1', 'register', '595', '2');
INSERT INTO `earnings` (`user_id`, `Purchaser_id`, `earning_type`, `package_id`, `amount`, `date`, `comments`, `invest_amount`, `comm_perc`, `level`, `rank_id`, `order_id`) VALUES ('6DEXJW', 'LUAGN1', 'Direct Referral Bonus', '2', '100', '2024-10-01 19:32:17', 'Direct Referral Bonus', 0, 0, 1, '', 218);
UPDATE `user_registration` SET commission_balance = ROUND(commission_balance + 100,2)
WHERE `user_id` = '6DEXJW';
UPDATE `user_registration` SET referral_bonus = ROUND(referral_bonus + 100,2)
WHERE `user_id` = '6DEXJW';
INSERT INTO `earnings` (`user_id`, `Purchaser_id`, `earning_type`, `package_id`, `amount`, `date`, `comments`, `invest_amount`, `comm_perc`, `level`, `rank_id`, `order_id`) VALUES ('DM1Y9N', 'LUAGN1', 'Expansion Bonus', '2', 100, '2024-10-01 19:32:17', 'Expansion Bonus', '100', 0, 1, '', 218);
UPDATE `user_registration` SET commission_balance = ROUND(commission_balance + 100,2)
WHERE `user_id` = 'DM1Y9N';
UPDATE `user_registration` SET expansion_bonus = ROUND(expansion_bonus + 100,2)
WHERE `user_id` = 'DM1Y9N';
INSERT INTO `earnings` (`user_id`, `Purchaser_id`, `earning_type`, `package_id`, `amount`, `date`, `comments`, `invest_amount`, `comm_perc`, `level`, `rank_id`, `order_id`) VALUES ('A9858P', 'LUAGN1', 'Expansion Bonus', '2', 100, '2024-10-01 19:32:17', 'Expansion Bonus', 200, 0, 1, '', 218);
UPDATE `user_registration` SET commission_balance = ROUND(commission_balance + 100,2)
WHERE `user_id` = 'A9858P';
UPDATE `user_registration` SET expansion_bonus = ROUND(expansion_bonus + 100,2)
WHERE `user_id` = 'A9858P';
INSERT INTO `matrix_filling` (`placement_id`, `downline_id`, `level`, `matrix`) VALUES ('6DEXJW', 'LUAGN1', 1, 1);
UPDATE `bv_updation` SET left_carry = left_carry+50, total_left = total_left+50
WHERE `user_id` = '6DEXJW';
INSERT INTO `placement_bv_update_history` (`left_carry`, `date`, `from_id`, `user_id`) VALUES ('50', '2024-10-01 19:32:17', 'LUAGN1', '6DEXJW');
UPDATE `bv_updation` SET sponsor_left_carry = sponsor_left_carry+50, sponsor_total_left = sponsor_total_left+50
WHERE `user_id` = '6DEXJW';
INSERT INTO `sponsor_bv_update_history` (`left_carry`, `date`, `user_id`) VALUES ('50', '2024-10-01 19:32:17', '6DEXJW');
INSERT INTO `matrix_filling` (`placement_id`, `downline_id`, `level`, `matrix`) VALUES ('DM1Y9N', 'LUAGN1', 2, 1);
UPDATE `bv_updation` SET right_carry = right_carry+50, total_right = total_right+50
WHERE `user_id` = 'DM1Y9N';
INSERT INTO `placement_bv_update_history` (`right_carry`, `date`, `from_id`, `user_id`) VALUES ('50', '2024-10-01 19:32:17', 'LUAGN1', 'DM1Y9N');
INSERT INTO `matrix_filling` (`placement_id`, `downline_id`, `level`, `matrix`) VALUES ('A9858P', 'LUAGN1', 3, 1);
UPDATE `bv_updation` SET left_carry = left_carry+50, total_left = total_left+50
WHERE `user_id` = 'A9858P';
INSERT INTO `placement_bv_update_history` (`left_carry`, `date`, `from_id`, `user_id`) VALUES ('50', '2024-10-01 19:32:17', 'LUAGN1', 'A9858P');
INSERT INTO `matrix_filling` (`placement_id`, `downline_id`, `level`, `matrix`) VALUES ('admin', 'LUAGN1', 4, 1);
UPDATE `bv_updation` SET right_carry = right_carry+50, total_right = total_right+50
WHERE `user_id` = 'admin';
INSERT INTO `placement_bv_update_history` (`right_carry`, `date`, `from_id`, `user_id`) VALUES ('50', '2024-10-01 19:32:17', 'LUAGN1', 'admin');
INSERT INTO `package_purchase_history` (`user_id`, `package_id`, `reg_fee`, `package_name`, `monthly_fee`, `type`, `date`, `payment_option`) VALUES ('LUAGN1', '2', '595', 'Traveler Pro', '150', 'sign_up', '2024-10-01 19:32:17', 'free');
UPDATE `user_registration` SET `popup_seen` = 'yes'
WHERE `user_id` = 'TKWQIW';
UPDATE `user_registration` SET `uid` = '2442', `user_id` = 'QOHBYS', `username` = 'karol1', `sponsor_id` = '6DEXJW', `vacant` = 'no', `f_name` = 'Karol', `l_name` = 'Arias', `address` = '8100 SW 14 Terr', `position` = 'left', `email` = 'karol1@gmail.com', `password` = '175e3ac943cfd72e83de3ea4d7dc3acc', `phone` = '7862876762', `country` = 'United States', `state` = 'Florida', `city` = 'Miami', `street` = '8100 SW 14 Terr', `zip_code` = '33144', `reg_ip` = '172.70.55.7', `status` = 1, `package_id` = '2', `rank_id` = 1, `highest_rank` = 1, `cycle_rank_id` = 1, `created` = '2024-10-01 19:34:52', `subscription_date` = '2024-10-31', `google_secret` = '2I6IKDENISFY2L6B'
WHERE `uid` = '2442';
INSERT INTO `user_registration` (`uid`, `user_id`, `username`, `sponsor_id`, `placement_id`, `vacant`, `f_name`, `l_name`, `address`, `position`, `email`, `password`, `phone`, `reg_ip`, `status`, `created`) VALUES (NULL, 'IAVCRG', 'qRakyYsW', 'QOHBYS', 'QOHBYS', 'yes', '', '', '', 'left', '@mail.com', '', '', '', 0, '2024-10-01 19:34:53');
INSERT INTO `user_registration` (`uid`, `user_id`, `username`, `sponsor_id`, `placement_id`, `vacant`, `f_name`, `l_name`, `address`, `position`, `email`, `password`, `phone`, `reg_ip`, `status`, `created`) VALUES (NULL, 'DSRGNZ', 'VXEUhqIr', 'QOHBYS', 'QOHBYS', 'yes', '', '', '', 'right', '@mail.com', '', '', '', 0, '2024-10-01 19:34:53');
INSERT INTO `bv_updation` (`user_id`) VALUES ('QOHBYS');
UPDATE `user_registration` SET total_ref_count = total_ref_count+1
WHERE `user_id` = '6DEXJW';
UPDATE `user_registration` SET total_downlines = total_downlines+1
WHERE `user_id` = 'LUAGN1';
UPDATE `user_registration` SET left_downlines = left_downlines+1
WHERE `user_id` = 'LUAGN1';
UPDATE `user_registration` SET total_downlines = total_downlines+1
WHERE `user_id` = '6DEXJW';
UPDATE `user_registration` SET left_downlines = left_downlines+1
WHERE `user_id` = '6DEXJW';
UPDATE `user_registration` SET left_ref_count = left_ref_count+1
WHERE `user_id` = '6DEXJW';
UPDATE `user_registration` SET active_left = active_left+1
WHERE `user_id` = '6DEXJW';
UPDATE `user_registration` SET total_downlines = total_downlines+1
WHERE `user_id` = 'DM1Y9N';
UPDATE `user_registration` SET right_downlines = right_downlines+1
WHERE `user_id` = 'DM1Y9N';
UPDATE `user_registration` SET total_downlines = total_downlines+1
WHERE `user_id` = 'A9858P';
UPDATE `user_registration` SET left_downlines = left_downlines+1
WHERE `user_id` = 'A9858P';
UPDATE `user_registration` SET total_downlines = total_downlines+1
WHERE `user_id` = 'admin';
UPDATE `user_registration` SET right_downlines = right_downlines+1
WHERE `user_id` = 'admin';
INSERT INTO `investment` (`invest_date`, `user_id`, `type`, `amount`, `package_id`) VALUES ('2024-10-01 19:34:53', 'QOHBYS', 'register', '595', '2');
INSERT INTO `earnings` (`user_id`, `Purchaser_id`, `earning_type`, `package_id`, `amount`, `date`, `comments`, `invest_amount`, `comm_perc`, `level`, `rank_id`, `order_id`) VALUES ('6DEXJW', 'QOHBYS', 'Direct Referral Bonus', '2', '100', '2024-10-01 19:34:53', 'Direct Referral Bonus', 0, 0, 1, '', 219);
UPDATE `user_registration` SET commission_balance = ROUND(commission_balance + 100,2)
WHERE `user_id` = '6DEXJW';
UPDATE `user_registration` SET referral_bonus = ROUND(referral_bonus + 100,2)
WHERE `user_id` = '6DEXJW';
INSERT INTO `earnings` (`user_id`, `Purchaser_id`, `earning_type`, `package_id`, `amount`, `date`, `comments`, `invest_amount`, `comm_perc`, `level`, `rank_id`, `order_id`) VALUES ('DM1Y9N', 'QOHBYS', 'Expansion Bonus', '2', 100, '2024-10-01 19:34:53', 'Expansion Bonus', '100', 0, 1, '', 219);
UPDATE `user_registration` SET commission_balance = ROUND(commission_balance + 100,2)
WHERE `user_id` = 'DM1Y9N';
UPDATE `user_registration` SET expansion_bonus = ROUND(expansion_bonus + 100,2)
WHERE `user_id` = 'DM1Y9N';
INSERT INTO `earnings` (`user_id`, `Purchaser_id`, `earning_type`, `package_id`, `amount`, `date`, `comments`, `invest_amount`, `comm_perc`, `level`, `rank_id`, `order_id`) VALUES ('A9858P', 'QOHBYS', 'Expansion Bonus', '2', 100, '2024-10-01 19:34:53', 'Expansion Bonus', 200, 0, 1, '', 219);
UPDATE `user_registration` SET commission_balance = ROUND(commission_balance + 100,2)
WHERE `user_id` = 'A9858P';
UPDATE `user_registration` SET expansion_bonus = ROUND(expansion_bonus + 100,2)
WHERE `user_id` = 'A9858P';
INSERT INTO `matrix_filling` (`placement_id`, `downline_id`, `level`, `matrix`) VALUES ('LUAGN1', 'QOHBYS', 1, 1);
UPDATE `bv_updation` SET left_carry = left_carry+50, total_left = total_left+50
WHERE `user_id` = 'LUAGN1';
INSERT INTO `placement_bv_update_history` (`left_carry`, `date`, `from_id`, `user_id`) VALUES ('50', '2024-10-01 19:34:53', 'QOHBYS', 'LUAGN1');
INSERT INTO `matrix_filling` (`placement_id`, `downline_id`, `level`, `matrix`) VALUES ('6DEXJW', 'QOHBYS', 2, 1);
UPDATE `bv_updation` SET left_carry = left_carry+50, total_left = total_left+50
WHERE `user_id` = '6DEXJW';
INSERT INTO `placement_bv_update_history` (`left_carry`, `date`, `from_id`, `user_id`) VALUES ('50', '2024-10-01 19:34:53', 'QOHBYS', '6DEXJW');
UPDATE `bv_updation` SET sponsor_left_carry = sponsor_left_carry+50, sponsor_total_left = sponsor_total_left+50
WHERE `user_id` = '6DEXJW';
INSERT INTO `sponsor_bv_update_history` (`left_carry`, `date`, `user_id`) VALUES ('50', '2024-10-01 19:34:53', '6DEXJW');
INSERT INTO `matrix_filling` (`placement_id`, `downline_id`, `level`, `matrix`) VALUES ('DM1Y9N', 'QOHBYS', 3, 1);
UPDATE `bv_updation` SET right_carry = right_carry+50, total_right = total_right+50
WHERE `user_id` = 'DM1Y9N';
INSERT INTO `placement_bv_update_history` (`right_carry`, `date`, `from_id`, `user_id`) VALUES ('50', '2024-10-01 19:34:53', 'QOHBYS', 'DM1Y9N');
INSERT INTO `matrix_filling` (`placement_id`, `downline_id`, `level`, `matrix`) VALUES ('A9858P', 'QOHBYS', 4, 1);
UPDATE `bv_updation` SET left_carry = left_carry+50, total_left = total_left+50
WHERE `user_id` = 'A9858P';
INSERT INTO `placement_bv_update_history` (`left_carry`, `date`, `from_id`, `user_id`) VALUES ('50', '2024-10-01 19:34:53', 'QOHBYS', 'A9858P');
INSERT INTO `matrix_filling` (`placement_id`, `downline_id`, `level`, `matrix`) VALUES ('admin', 'QOHBYS', 5, 1);
UPDATE `bv_updation` SET right_carry = right_carry+50, total_right = total_right+50
WHERE `user_id` = 'admin';
INSERT INTO `placement_bv_update_history` (`right_carry`, `date`, `from_id`, `user_id`) VALUES ('50', '2024-10-01 19:34:53', 'QOHBYS', 'admin');
INSERT INTO `package_purchase_history` (`user_id`, `package_id`, `reg_fee`, `package_name`, `monthly_fee`, `type`, `date`, `payment_option`) VALUES ('QOHBYS', '2', '595', 'Traveler Pro', '150', 'sign_up', '2024-10-01 19:34:53', 'free');
UPDATE `user_registration` SET `popup_seen` = 'no'
WHERE `user_id` = '6DEXJW';
DELETE FROM `ci_sessions`
WHERE `id` = 'ff5663996ec67cd526a8bbde2aa65fd40a1f073b';
INSERT INTO `login_history` (`user_id`, `device`, `ip_address`, `date`) VALUES ('TKWQIW', 'Mozilla/5.0 (Windows NT 10.0; Win64; x64) AppleWebKit/537.36 (KHTML, like Gecko) Chrome/128.0.0.0 Safari/537.36', '172.70.55.8', '24-10-01 19:35');
UPDATE `user_registration` SET `popup_seen` = 'yes'
WHERE `user_id` = 'TKWQIW';
UPDATE `ci_sessions` SET `timestamp` = 1727829352, `data` = '__ci_last_regenerate|i:1727829352;id|s:4:\"2024\";user_id|s:6:\"TKWQIW\";username|s:10:\"ramoncito1\";sponsor_id|s:6:\"ADZTOG\";fullname|s:15:\"Ramon Fernandez\";email|s:20:\"ramoncito1@gmail.com\";phone|s:10:\"3057610606\";isLogIn|b:1;'
WHERE `id` = 'cfc0571bc84a676cf0245f795b7f2d18c9cd46e1';
UPDATE `user_registration` SET `popup_seen` = 'yes'
WHERE `user_id` = 'TKWQIW';
UPDATE `user_registration` SET `popup_seen` = 'yes'
WHERE `user_id` = 'TKWQIW';
UPDATE `user_registration` SET `popup_seen` = 'yes'
WHERE `user_id` = 'TKWQIW';
UPDATE `user_registration` SET `popup_seen` = 'yes'
WHERE `user_id` = 'TKWQIW';
UPDATE `user_registration` SET `popup_seen` = 'yes'
WHERE `user_id` = 'TKWQIW';
UPDATE `user_registration` SET `popup_seen` = 'yes'
WHERE `user_id` = 'TKWQIW';
UPDATE `user_registration` SET `popup_seen` = 'yes'
WHERE `user_id` = 'TKWQIW';
UPDATE `ci_sessions` SET `timestamp` = 1727829658, `data` = '__ci_last_regenerate|i:1727829658;id|s:4:\"2024\";user_id|s:6:\"TKWQIW\";username|s:10:\"ramoncito1\";sponsor_id|s:6:\"ADZTOG\";fullname|s:15:\"Ramon Fernandez\";email|s:20:\"ramoncito1@gmail.com\";phone|s:10:\"3057610606\";isLogIn|b:1;'
WHERE `id` = 'c7ab4cbf009fd8d9c3504df9d7cf30e81373b224';
UPDATE `user_registration` SET `popup_seen` = 'no'
WHERE `user_id` = 'TKWQIW';
DELETE FROM `ci_sessions`
WHERE `id` = 'ef33de704ef0d7f748942546a312c574e402f390';
INSERT INTO `login_history` (`user_id`, `device`, `ip_address`, `date`) VALUES ('ADZTOG', 'Mozilla/5.0 (Windows NT 10.0; Win64; x64) AppleWebKit/537.36 (KHTML, like Gecko) Chrome/129.0.0.0 Safari/537.36', '172.70.55.7', '24-10-01 19:44');
UPDATE `user_registration` SET `popup_seen` = 'yes'
WHERE `user_id` = 'ADZTOG';
UPDATE `user_registration` SET `popup_seen` = 'yes'
WHERE `user_id` = 'ADZTOG';
UPDATE `ci_sessions` SET `timestamp` = 1727829991, `data` = '__ci_last_regenerate|i:1727829991;id|s:4:\"2023\";user_id|s:6:\"ADZTOG\";username|s:7:\"rafael1\";sponsor_id|s:6:\"A9858P\";fullname|s:16:\"Rafael Rodriguez\";email|s:17:\"rafael1@gmail.com\";phone|s:10:\"3057610606\";isLogIn|b:1;'
WHERE `id` = '0aa8198c69b8e3e8631e64518a46026dd51c389f';
UPDATE `user_registration` SET `popup_seen` = 'yes'
WHERE `user_id` = 'ADZTOG';
UPDATE `user_registration` SET `popup_seen` = 'yes'
WHERE `user_id` = 'ADZTOG';
UPDATE `user_registration` SET `popup_seen` = 'no'
WHERE `user_id` = 'ADZTOG';
DELETE FROM `ci_sessions`
WHERE `id` = '1fa39ee395ae563e231f1b7077e9686d45e2a644';
UPDATE `ci_sessions` SET `timestamp` = 1727830543, `data` = '__ci_last_regenerate|i:1727830543;id|s:4:\"2024\";user_id|s:6:\"TKWQIW\";username|s:10:\"ramoncito1\";sponsor_id|s:6:\"ADZTOG\";fullname|s:15:\"Ramon Fernandez\";email|s:20:\"ramoncito1@gmail.com\";phone|s:10:\"3057610606\";isLogIn|b:1;'
WHERE `id` = '7b041a6ccc9158940a8e842526eba2edf3370aca';
UPDATE `user_registration` SET `popup_seen` = 'yes'
WHERE `user_id` = 'TKWQIW';
UPDATE `user_registration` SET `popup_seen` = 'yes'
WHERE `user_id` = 'TKWQIW';
UPDATE `ci_sessions` SET `timestamp` = 1727830968, `data` = '__ci_last_regenerate|i:1727830968;id|s:4:\"2024\";user_id|s:6:\"TKWQIW\";username|s:10:\"ramoncito1\";sponsor_id|s:6:\"ADZTOG\";fullname|s:15:\"Ramon Fernandez\";email|s:20:\"ramoncito1@gmail.com\";phone|s:10:\"3057610606\";isLogIn|b:1;'
WHERE `id` = 'c1937ce6704824a37ed98abda3c9c17336eba419';
UPDATE `ci_sessions` SET `timestamp` = 1727831588, `data` = '__ci_last_regenerate|i:1727831588;id|s:4:\"2024\";user_id|s:6:\"TKWQIW\";username|s:10:\"ramoncito1\";sponsor_id|s:6:\"ADZTOG\";fullname|s:15:\"Ramon Fernandez\";email|s:20:\"ramoncito1@gmail.com\";phone|s:10:\"3057610606\";isLogIn|b:1;'
WHERE `id` = '86cf9582beb8863ee43f728ed47f4e2afb958e7f';
UPDATE `user_registration` SET `popup_seen` = 'yes'
WHERE `user_id` = 'TKWQIW';
UPDATE `user_registration` SET `popup_seen` = 'yes'
WHERE `user_id` = 'TKWQIW';
UPDATE `user_registration` SET `popup_seen` = 'no'
WHERE `user_id` = 'TKWQIW';
DELETE FROM `ci_sessions`
WHERE `id` = '2d805d46fdadc0222aceb76d996d60e5f63288d1';
INSERT INTO `login_history` (`user_id`, `device`, `ip_address`, `date`) VALUES ('A9858P', 'Mozilla/5.0 (Windows NT 10.0; Win64; x64) AppleWebKit/537.36 (KHTML, like Gecko) Chrome/128.0.0.0 Safari/537.36', '172.70.82.141', '24-10-01 20:14');
UPDATE `user_registration` SET `popup_seen` = 'yes'
WHERE `user_id` = 'A9858P';
UPDATE `user_registration` SET `popup_seen` = 'yes'
WHERE `user_id` = 'A9858P';
UPDATE `ci_sessions` SET `timestamp` = 1727831911, `data` = '__ci_last_regenerate|i:1727831911;id|s:4:\"2021\";user_id|s:6:\"A9858P\";username|s:6:\"emilio\";sponsor_id|s:5:\"admin\";fullname|s:14:\"Emilio Tapanes\";email|s:23:\"emiliotapanes@gmail.com\";phone|s:10:\"7862876762\";isLogIn|b:1;'
WHERE `id` = '202854f5bbfb0ff99f9aebaa6208e7a8cd02d6a8';
UPDATE `ci_sessions` SET `timestamp` = 1727832459, `data` = '__ci_last_regenerate|i:1727832459;id|s:4:\"2021\";user_id|s:6:\"A9858P\";username|s:6:\"emilio\";sponsor_id|s:5:\"admin\";fullname|s:14:\"Emilio Tapanes\";email|s:23:\"emiliotapanes@gmail.com\";phone|s:10:\"7862876762\";isLogIn|b:1;'
WHERE `id` = '77c67b94dff34563b5e7d2808c7141e111e02066';
UPDATE `user_registration` SET `popup_seen` = 'yes'
WHERE `user_id` = 'A9858P';
UPDATE `user_registration` SET `popup_seen` = 'yes'
WHERE `user_id` = 'A9858P';
UPDATE `ci_sessions` SET `timestamp` = 1727832658, `data` = '__ci_last_regenerate|i:1727832658;captcha|s:4:\"8qrv\";'
WHERE `id` = '2e6c452e1a9388d52d1e04259f98d2e8d6f79874';
INSERT INTO `login_history` (`user_id`, `device`, `ip_address`, `date`) VALUES ('7RY1ZP', 'Mozilla/5.0 (Windows NT 10.0; Win64; x64) AppleWebKit/537.36 (KHTML, like Gecko) Chrome/129.0.0.0 Safari/537.36', '172.70.82.95', '24-10-01 20:30');
UPDATE `user_registration` SET `popup_seen` = 'yes'
WHERE `user_id` = '7RY1ZP';
UPDATE `user_registration` SET `popup_seen` = 'yes'
WHERE `user_id` = 'A9858P';
UPDATE `user_registration` SET `popup_seen` = 'yes'
WHERE `user_id` = '7RY1ZP';
UPDATE `ci_sessions` SET `timestamp` = 1727832762, `data` = '__ci_last_regenerate|i:1727832762;id|s:4:\"2021\";user_id|s:6:\"A9858P\";username|s:6:\"emilio\";sponsor_id|s:5:\"admin\";fullname|s:14:\"Emilio Tapanes\";email|s:23:\"emiliotapanes@gmail.com\";phone|s:10:\"7862876762\";isLogIn|b:1;'
WHERE `id` = '6d9c3b58b8c3f24ec1b1e74bd3bcb9279f5e2b9d';
UPDATE `user_registration` SET `popup_seen` = 'no'
WHERE `user_id` = 'A9858P';
DELETE FROM `ci_sessions`
WHERE `id` = 'd8d3173b5ce29805de7fac320e97d5d0e1a8ce28';
UPDATE `user_registration` SET `popup_seen` = 'yes'
WHERE `user_id` = '7RY1ZP';
INSERT INTO `login_history` (`user_id`, `device`, `ip_address`, `date`) VALUES ('LUAGN1', 'Mozilla/5.0 (Windows NT 10.0; Win64; x64) AppleWebKit/537.36 (KHTML, like Gecko) Chrome/128.0.0.0 Safari/537.36', '172.70.82.254', '24-10-01 20:33');
UPDATE `user_registration` SET `popup_seen` = 'yes'
WHERE `user_id` = 'LUAGN1';
UPDATE `user_registration` SET `uid` = '2393', `user_id` = 'Y2J232', `username` = 'cornelio1', `sponsor_id` = '7RY1ZP', `vacant` = 'no', `f_name` = 'Cornelio', `l_name` = 'Rojas', `address` = '6520 Kendale Lakes Dr', `position` = 'right', `email` = 'cornelio1@gmail.com', `password` = '7d064f520a0959da2289f4f606f48bb4', `phone` = '3057610606', `country` = 'United States', `state` = 'Florida', `city` = 'Miami', `street` = '6520 Kendale Lakes Dr', `zip_code` = '33183', `reg_ip` = '172.70.83.4', `status` = 1, `package_id` = '2', `rank_id` = 1, `highest_rank` = 1, `cycle_rank_id` = 1, `created` = '2024-10-01 20:34:25', `subscription_date` = '2024-10-31', `google_secret` = 'Z6JNQL52ULPQ7V6O'
WHERE `uid` = '2393';
INSERT INTO `user_registration` (`uid`, `user_id`, `username`, `sponsor_id`, `placement_id`, `vacant`, `f_name`, `l_name`, `address`, `position`, `email`, `password`, `phone`, `reg_ip`, `status`, `created`) VALUES (NULL, 'XULKPU', 'aeJwFSDo', 'Y2J232', 'Y2J232', 'yes', '', '', '', 'left', '@mail.com', '', '', '', 0, '2024-10-01 20:34:25');
INSERT INTO `user_registration` (`uid`, `user_id`, `username`, `sponsor_id`, `placement_id`, `vacant`, `f_name`, `l_name`, `address`, `position`, `email`, `password`, `phone`, `reg_ip`, `status`, `created`) VALUES (NULL, 'TFBOWJ', 'lvqdqikp', 'Y2J232', 'Y2J232', 'yes', '', '', '', 'right', '@mail.com', '', '', '', 0, '2024-10-01 20:34:25');
INSERT INTO `bv_updation` (`user_id`) VALUES ('Y2J232');
UPDATE `user_registration` SET total_ref_count = total_ref_count+1
WHERE `user_id` = '7RY1ZP';
UPDATE `user_registration` SET total_downlines = total_downlines+1
WHERE `user_id` = 'XR5NOP';
UPDATE `user_registration` SET right_downlines = right_downlines+1
WHERE `user_id` = 'XR5NOP';
UPDATE `user_registration` SET total_downlines = total_downlines+1
WHERE `user_id` = 'HXPFM1';
UPDATE `user_registration` SET right_downlines = right_downlines+1
WHERE `user_id` = 'HXPFM1';
UPDATE `user_registration` SET total_downlines = total_downlines+1
WHERE `user_id` = 'SHIOTF';
UPDATE `user_registration` SET right_downlines = right_downlines+1
WHERE `user_id` = 'SHIOTF';
UPDATE `user_registration` SET total_downlines = total_downlines+1
WHERE `user_id` = '4YA81C';
UPDATE `user_registration` SET right_downlines = right_downlines+1
WHERE `user_id` = '4YA81C';
UPDATE `user_registration` SET total_downlines = total_downlines+1
WHERE `user_id` = 'G1CDHO';
UPDATE `user_registration` SET right_downlines = right_downlines+1
WHERE `user_id` = 'G1CDHO';
UPDATE `user_registration` SET total_downlines = total_downlines+1
WHERE `user_id` = '9NGWQG';
UPDATE `user_registration` SET right_downlines = right_downlines+1
WHERE `user_id` = '9NGWQG';
UPDATE `user_registration` SET total_downlines = total_downlines+1
WHERE `user_id` = 'R6J8K1';
UPDATE `user_registration` SET right_downlines = right_downlines+1
WHERE `user_id` = 'R6J8K1';
UPDATE `user_registration` SET total_downlines = total_downlines+1
WHERE `user_id` = 'G6ZQNS';
UPDATE `user_registration` SET right_downlines = right_downlines+1
WHERE `user_id` = 'G6ZQNS';
UPDATE `user_registration` SET total_downlines = total_downlines+1
WHERE `user_id` = 'M4FVZR';
UPDATE `user_registration` SET right_downlines = right_downlines+1
WHERE `user_id` = 'M4FVZR';
UPDATE `user_registration` SET total_downlines = total_downlines+1
WHERE `user_id` = '5ZLRWM';
UPDATE `user_registration` SET right_downlines = right_downlines+1
WHERE `user_id` = '5ZLRWM';
UPDATE `user_registration` SET total_downlines = total_downlines+1
WHERE `user_id` = 'JPDLRK';
UPDATE `user_registration` SET right_downlines = right_downlines+1
WHERE `user_id` = 'JPDLRK';
UPDATE `user_registration` SET total_downlines = total_downlines+1
WHERE `user_id` = 'FGURJ3';
UPDATE `user_registration` SET right_downlines = right_downlines+1
WHERE `user_id` = 'FGURJ3';
UPDATE `user_registration` SET total_downlines = total_downlines+1
WHERE `user_id` = 'L2ZCMP';
UPDATE `user_registration` SET right_downlines = right_downlines+1
WHERE `user_id` = 'L2ZCMP';
UPDATE `user_registration` SET total_downlines = total_downlines+1
WHERE `user_id` = 'XOJI6Y';
UPDATE `user_registration` SET right_downlines = right_downlines+1
WHERE `user_id` = 'XOJI6Y';
UPDATE `user_registration` SET total_downlines = total_downlines+1
WHERE `user_id` = 'Z6E2C9';
UPDATE `user_registration` SET right_downlines = right_downlines+1
WHERE `user_id` = 'Z6E2C9';
UPDATE `user_registration` SET total_downlines = total_downlines+1
WHERE `user_id` = 'VT4PXI';
UPDATE `user_registration` SET right_downlines = right_downlines+1
WHERE `user_id` = 'VT4PXI';
UPDATE `user_registration` SET total_downlines = total_downlines+1
WHERE `user_id` = 'QKHYPY';
UPDATE `user_registration` SET right_downlines = right_downlines+1
WHERE `user_id` = 'QKHYPY';
UPDATE `user_registration` SET total_downlines = total_downlines+1
WHERE `user_id` = 'LN7PEK';
UPDATE `user_registration` SET right_downlines = right_downlines+1
WHERE `user_id` = 'LN7PEK';
UPDATE `user_registration` SET total_downlines = total_downlines+1
WHERE `user_id` = 'LYDDQ5';
UPDATE `user_registration` SET right_downlines = right_downlines+1
WHERE `user_id` = 'LYDDQ5';
UPDATE `user_registration` SET total_downlines = total_downlines+1
WHERE `user_id` = '6UO8TB';
UPDATE `user_registration` SET right_downlines = right_downlines+1
WHERE `user_id` = '6UO8TB';
UPDATE `user_registration` SET total_downlines = total_downlines+1
WHERE `user_id` = 'GPRO3Q';
UPDATE `user_registration` SET right_downlines = right_downlines+1
WHERE `user_id` = 'GPRO3Q';
UPDATE `user_registration` SET total_downlines = total_downlines+1
WHERE `user_id` = 'MBPRQB';
UPDATE `user_registration` SET right_downlines = right_downlines+1
WHERE `user_id` = 'MBPRQB';
UPDATE `user_registration` SET total_downlines = total_downlines+1
WHERE `user_id` = 'X1RH6U';
UPDATE `user_registration` SET right_downlines = right_downlines+1
WHERE `user_id` = 'X1RH6U';
UPDATE `user_registration` SET total_downlines = total_downlines+1
WHERE `user_id` = 'HHALCM';
UPDATE `user_registration` SET right_downlines = right_downlines+1
WHERE `user_id` = 'HHALCM';
UPDATE `user_registration` SET total_downlines = total_downlines+1
WHERE `user_id` = '7WQBA7';
UPDATE `user_registration` SET right_downlines = right_downlines+1
WHERE `user_id` = '7WQBA7';
UPDATE `user_registration` SET total_downlines = total_downlines+1
WHERE `user_id` = 'QPNZO1';
UPDATE `user_registration` SET right_downlines = right_downlines+1
WHERE `user_id` = 'QPNZO1';
UPDATE `user_registration` SET total_downlines = total_downlines+1
WHERE `user_id` = 'KCF78M';
UPDATE `user_registration` SET right_downlines = right_downlines+1
WHERE `user_id` = 'KCF78M';
UPDATE `user_registration` SET total_downlines = total_downlines+1
WHERE `user_id` = '7RY1ZP';
UPDATE `user_registration` SET right_downlines = right_downlines+1
WHERE `user_id` = '7RY1ZP';
UPDATE `user_registration` SET right_ref_count = right_ref_count+1
WHERE `user_id` = '7RY1ZP';
UPDATE `user_registration` SET active_right = active_right+1
WHERE `user_id` = '7RY1ZP';
UPDATE `user_registration` SET total_downlines = total_downlines+1
WHERE `user_id` = 'ADZTOG';
UPDATE `user_registration` SET right_downlines = right_downlines+1
WHERE `user_id` = 'ADZTOG';
UPDATE `user_registration` SET total_downlines = total_downlines+1
WHERE `user_id` = 'A9858P';
UPDATE `user_registration` SET right_downlines = right_downlines+1
WHERE `user_id` = 'A9858P';
UPDATE `user_registration` SET total_downlines = total_downlines+1
WHERE `user_id` = 'admin';
UPDATE `user_registration` SET right_downlines = right_downlines+1
WHERE `user_id` = 'admin';
INSERT INTO `investment` (`invest_date`, `user_id`, `type`, `amount`, `package_id`) VALUES ('2024-10-01 20:34:26', 'Y2J232', 'register', '595', '2');
INSERT INTO `earnings` (`user_id`, `Purchaser_id`, `earning_type`, `package_id`, `amount`, `date`, `comments`, `invest_amount`, `comm_perc`, `level`, `rank_id`, `order_id`) VALUES ('7RY1ZP', 'Y2J232', 'Direct Referral Bonus', '2', '200', '2024-10-01 20:34:26', 'Direct Referral Bonus', 0, 0, 1, '', 220);
UPDATE `user_registration` SET commission_balance = ROUND(commission_balance + 200,2)
WHERE `user_id` = '7RY1ZP';
UPDATE `user_registration` SET referral_bonus = ROUND(referral_bonus + 200,2)
WHERE `user_id` = '7RY1ZP';
INSERT INTO `earnings` (`user_id`, `Purchaser_id`, `earning_type`, `package_id`, `amount`, `date`, `comments`, `invest_amount`, `comm_perc`, `level`, `rank_id`, `order_id`) VALUES ('A9858P', 'Y2J232', 'Expansion Bonus', '2', 100, '2024-10-01 20:34:26', 'Expansion Bonus', '200', 0, 1, '', 220);
UPDATE `user_registration` SET commission_balance = ROUND(commission_balance + 100,2)
WHERE `user_id` = 'A9858P';
UPDATE `user_registration` SET expansion_bonus = ROUND(expansion_bonus + 100,2)
WHERE `user_id` = 'A9858P';
INSERT INTO `matrix_filling` (`placement_id`, `downline_id`, `level`, `matrix`) VALUES ('XR5NOP', 'Y2J232', 1, 1);
UPDATE `bv_updation` SET right_carry = right_carry+50, total_right = total_right+50
WHERE `user_id` = 'XR5NOP';
INSERT INTO `placement_bv_update_history` (`right_carry`, `date`, `from_id`, `user_id`) VALUES ('50', '2024-10-01 20:34:26', 'Y2J232', 'XR5NOP');
INSERT INTO `matrix_filling` (`placement_id`, `downline_id`, `level`, `matrix`) VALUES ('HXPFM1', 'Y2J232', 2, 1);
UPDATE `bv_updation` SET right_carry = right_carry+50, total_right = total_right+50
WHERE `user_id` = 'HXPFM1';
INSERT INTO `placement_bv_update_history` (`right_carry`, `date`, `from_id`, `user_id`) VALUES ('50', '2024-10-01 20:34:26', 'Y2J232', 'HXPFM1');
INSERT INTO `matrix_filling` (`placement_id`, `downline_id`, `level`, `matrix`) VALUES ('SHIOTF', 'Y2J232', 3, 1);
UPDATE `bv_updation` SET right_carry = right_carry+50, total_right = total_right+50
WHERE `user_id` = 'SHIOTF';
INSERT INTO `placement_bv_update_history` (`right_carry`, `date`, `from_id`, `user_id`) VALUES ('50', '2024-10-01 20:34:26', 'Y2J232', 'SHIOTF');
INSERT INTO `matrix_filling` (`placement_id`, `downline_id`, `level`, `matrix`) VALUES ('4YA81C', 'Y2J232', 4, 1);
UPDATE `bv_updation` SET right_carry = right_carry+50, total_right = total_right+50
WHERE `user_id` = '4YA81C';
INSERT INTO `placement_bv_update_history` (`right_carry`, `date`, `from_id`, `user_id`) VALUES ('50', '2024-10-01 20:34:26', 'Y2J232', '4YA81C');
INSERT INTO `matrix_filling` (`placement_id`, `downline_id`, `level`, `matrix`) VALUES ('G1CDHO', 'Y2J232', 5, 1);
UPDATE `bv_updation` SET right_carry = right_carry+50, total_right = total_right+50
WHERE `user_id` = 'G1CDHO';
INSERT INTO `placement_bv_update_history` (`right_carry`, `date`, `from_id`, `user_id`) VALUES ('50', '2024-10-01 20:34:26', 'Y2J232', 'G1CDHO');
INSERT INTO `matrix_filling` (`placement_id`, `downline_id`, `level`, `matrix`) VALUES ('9NGWQG', 'Y2J232', 6, 1);
UPDATE `bv_updation` SET right_carry = right_carry+50, total_right = total_right+50
WHERE `user_id` = '9NGWQG';
INSERT INTO `placement_bv_update_history` (`right_carry`, `date`, `from_id`, `user_id`) VALUES ('50', '2024-10-01 20:34:26', 'Y2J232', '9NGWQG');
INSERT INTO `matrix_filling` (`placement_id`, `downline_id`, `level`, `matrix`) VALUES ('R6J8K1', 'Y2J232', 7, 1);
UPDATE `bv_updation` SET right_carry = right_carry+50, total_right = total_right+50
WHERE `user_id` = 'R6J8K1';
INSERT INTO `placement_bv_update_history` (`right_carry`, `date`, `from_id`, `user_id`) VALUES ('50', '2024-10-01 20:34:26', 'Y2J232', 'R6J8K1');
INSERT INTO `matrix_filling` (`placement_id`, `downline_id`, `level`, `matrix`) VALUES ('G6ZQNS', 'Y2J232', 8, 1);
UPDATE `bv_updation` SET right_carry = right_carry+50, total_right = total_right+50
WHERE `user_id` = 'G6ZQNS';
INSERT INTO `placement_bv_update_history` (`right_carry`, `date`, `from_id`, `user_id`) VALUES ('50', '2024-10-01 20:34:26', 'Y2J232', 'G6ZQNS');
INSERT INTO `matrix_filling` (`placement_id`, `downline_id`, `level`, `matrix`) VALUES ('M4FVZR', 'Y2J232', 9, 1);
UPDATE `bv_updation` SET right_carry = right_carry+50, total_right = total_right+50
WHERE `user_id` = 'M4FVZR';
INSERT INTO `placement_bv_update_history` (`right_carry`, `date`, `from_id`, `user_id`) VALUES ('50', '2024-10-01 20:34:26', 'Y2J232', 'M4FVZR');
INSERT INTO `matrix_filling` (`placement_id`, `downline_id`, `level`, `matrix`) VALUES ('5ZLRWM', 'Y2J232', 10, 1);
UPDATE `bv_updation` SET right_carry = right_carry+50, total_right = total_right+50
WHERE `user_id` = '5ZLRWM';
INSERT INTO `placement_bv_update_history` (`right_carry`, `date`, `from_id`, `user_id`) VALUES ('50', '2024-10-01 20:34:26', 'Y2J232', '5ZLRWM');
INSERT INTO `matrix_filling` (`placement_id`, `downline_id`, `level`, `matrix`) VALUES ('JPDLRK', 'Y2J232', 11, 1);
UPDATE `bv_updation` SET right_carry = right_carry+50, total_right = total_right+50
WHERE `user_id` = 'JPDLRK';
INSERT INTO `placement_bv_update_history` (`right_carry`, `date`, `from_id`, `user_id`) VALUES ('50', '2024-10-01 20:34:26', 'Y2J232', 'JPDLRK');
INSERT INTO `matrix_filling` (`placement_id`, `downline_id`, `level`, `matrix`) VALUES ('FGURJ3', 'Y2J232', 12, 1);
UPDATE `bv_updation` SET right_carry = right_carry+50, total_right = total_right+50
WHERE `user_id` = 'FGURJ3';
INSERT INTO `placement_bv_update_history` (`right_carry`, `date`, `from_id`, `user_id`) VALUES ('50', '2024-10-01 20:34:26', 'Y2J232', 'FGURJ3');
INSERT INTO `matrix_filling` (`placement_id`, `downline_id`, `level`, `matrix`) VALUES ('L2ZCMP', 'Y2J232', 13, 1);
UPDATE `bv_updation` SET right_carry = right_carry+50, total_right = total_right+50
WHERE `user_id` = 'L2ZCMP';
INSERT INTO `placement_bv_update_history` (`right_carry`, `date`, `from_id`, `user_id`) VALUES ('50', '2024-10-01 20:34:26', 'Y2J232', 'L2ZCMP');
INSERT INTO `matrix_filling` (`placement_id`, `downline_id`, `level`, `matrix`) VALUES ('XOJI6Y', 'Y2J232', 14, 1);
UPDATE `bv_updation` SET right_carry = right_carry+50, total_right = total_right+50
WHERE `user_id` = 'XOJI6Y';
INSERT INTO `placement_bv_update_history` (`right_carry`, `date`, `from_id`, `user_id`) VALUES ('50', '2024-10-01 20:34:26', 'Y2J232', 'XOJI6Y');
INSERT INTO `matrix_filling` (`placement_id`, `downline_id`, `level`, `matrix`) VALUES ('Z6E2C9', 'Y2J232', 15, 1);
UPDATE `bv_updation` SET right_carry = right_carry+50, total_right = total_right+50
WHERE `user_id` = 'Z6E2C9';
INSERT INTO `placement_bv_update_history` (`right_carry`, `date`, `from_id`, `user_id`) VALUES ('50', '2024-10-01 20:34:26', 'Y2J232', 'Z6E2C9');
INSERT INTO `matrix_filling` (`placement_id`, `downline_id`, `level`, `matrix`) VALUES ('VT4PXI', 'Y2J232', 16, 1);
UPDATE `bv_updation` SET right_carry = right_carry+50, total_right = total_right+50
WHERE `user_id` = 'VT4PXI';
INSERT INTO `placement_bv_update_history` (`right_carry`, `date`, `from_id`, `user_id`) VALUES ('50', '2024-10-01 20:34:26', 'Y2J232', 'VT4PXI');
INSERT INTO `matrix_filling` (`placement_id`, `downline_id`, `level`, `matrix`) VALUES ('QKHYPY', 'Y2J232', 17, 1);
UPDATE `bv_updation` SET right_carry = right_carry+50, total_right = total_right+50
WHERE `user_id` = 'QKHYPY';
INSERT INTO `placement_bv_update_history` (`right_carry`, `date`, `from_id`, `user_id`) VALUES ('50', '2024-10-01 20:34:26', 'Y2J232', 'QKHYPY');
INSERT INTO `matrix_filling` (`placement_id`, `downline_id`, `level`, `matrix`) VALUES ('LN7PEK', 'Y2J232', 18, 1);
UPDATE `bv_updation` SET right_carry = right_carry+50, total_right = total_right+50
WHERE `user_id` = 'LN7PEK';
INSERT INTO `placement_bv_update_history` (`right_carry`, `date`, `from_id`, `user_id`) VALUES ('50', '2024-10-01 20:34:26', 'Y2J232', 'LN7PEK');
INSERT INTO `matrix_filling` (`placement_id`, `downline_id`, `level`, `matrix`) VALUES ('LYDDQ5', 'Y2J232', 19, 1);
UPDATE `bv_updation` SET right_carry = right_carry+50, total_right = total_right+50
WHERE `user_id` = 'LYDDQ5';
INSERT INTO `placement_bv_update_history` (`right_carry`, `date`, `from_id`, `user_id`) VALUES ('50', '2024-10-01 20:34:26', 'Y2J232', 'LYDDQ5');
INSERT INTO `matrix_filling` (`placement_id`, `downline_id`, `level`, `matrix`) VALUES ('6UO8TB', 'Y2J232', 20, 1);
UPDATE `bv_updation` SET right_carry = right_carry+50, total_right = total_right+50
WHERE `user_id` = '6UO8TB';
INSERT INTO `placement_bv_update_history` (`right_carry`, `date`, `from_id`, `user_id`) VALUES ('50', '2024-10-01 20:34:26', 'Y2J232', '6UO8TB');
INSERT INTO `matrix_filling` (`placement_id`, `downline_id`, `level`, `matrix`) VALUES ('GPRO3Q', 'Y2J232', 21, 1);
UPDATE `bv_updation` SET right_carry = right_carry+50, total_right = total_right+50
WHERE `user_id` = 'GPRO3Q';
INSERT INTO `placement_bv_update_history` (`right_carry`, `date`, `from_id`, `user_id`) VALUES ('50', '2024-10-01 20:34:26', 'Y2J232', 'GPRO3Q');
INSERT INTO `matrix_filling` (`placement_id`, `downline_id`, `level`, `matrix`) VALUES ('MBPRQB', 'Y2J232', 22, 1);
UPDATE `bv_updation` SET right_carry = right_carry+50, total_right = total_right+50
WHERE `user_id` = 'MBPRQB';
INSERT INTO `placement_bv_update_history` (`right_carry`, `date`, `from_id`, `user_id`) VALUES ('50', '2024-10-01 20:34:26', 'Y2J232', 'MBPRQB');
INSERT INTO `matrix_filling` (`placement_id`, `downline_id`, `level`, `matrix`) VALUES ('X1RH6U', 'Y2J232', 23, 1);
UPDATE `bv_updation` SET right_carry = right_carry+50, total_right = total_right+50
WHERE `user_id` = 'X1RH6U';
INSERT INTO `placement_bv_update_history` (`right_carry`, `date`, `from_id`, `user_id`) VALUES ('50', '2024-10-01 20:34:26', 'Y2J232', 'X1RH6U');
INSERT INTO `matrix_filling` (`placement_id`, `downline_id`, `level`, `matrix`) VALUES ('HHALCM', 'Y2J232', 24, 1);
UPDATE `bv_updation` SET right_carry = right_carry+50, total_right = total_right+50
WHERE `user_id` = 'HHALCM';
INSERT INTO `placement_bv_update_history` (`right_carry`, `date`, `from_id`, `user_id`) VALUES ('50', '2024-10-01 20:34:26', 'Y2J232', 'HHALCM');
INSERT INTO `matrix_filling` (`placement_id`, `downline_id`, `level`, `matrix`) VALUES ('7WQBA7', 'Y2J232', 25, 1);
UPDATE `bv_updation` SET right_carry = right_carry+50, total_right = total_right+50
WHERE `user_id` = '7WQBA7';
INSERT INTO `placement_bv_update_history` (`right_carry`, `date`, `from_id`, `user_id`) VALUES ('50', '2024-10-01 20:34:26', 'Y2J232', '7WQBA7');
INSERT INTO `matrix_filling` (`placement_id`, `downline_id`, `level`, `matrix`) VALUES ('QPNZO1', 'Y2J232', 26, 1);
UPDATE `bv_updation` SET right_carry = right_carry+50, total_right = total_right+50
WHERE `user_id` = 'QPNZO1';
INSERT INTO `placement_bv_update_history` (`right_carry`, `date`, `from_id`, `user_id`) VALUES ('50', '2024-10-01 20:34:26', 'Y2J232', 'QPNZO1');
INSERT INTO `matrix_filling` (`placement_id`, `downline_id`, `level`, `matrix`) VALUES ('KCF78M', 'Y2J232', 27, 1);
UPDATE `bv_updation` SET right_carry = right_carry+50, total_right = total_right+50
WHERE `user_id` = 'KCF78M';
INSERT INTO `placement_bv_update_history` (`right_carry`, `date`, `from_id`, `user_id`) VALUES ('50', '2024-10-01 20:34:26', 'Y2J232', 'KCF78M');
INSERT INTO `matrix_filling` (`placement_id`, `downline_id`, `level`, `matrix`) VALUES ('7RY1ZP', 'Y2J232', 28, 1);
UPDATE `bv_updation` SET right_carry = right_carry+50, total_right = total_right+50
WHERE `user_id` = '7RY1ZP';
INSERT INTO `placement_bv_update_history` (`right_carry`, `date`, `from_id`, `user_id`) VALUES ('50', '2024-10-01 20:34:26', 'Y2J232', '7RY1ZP');
UPDATE `bv_updation` SET sponsor_right_carry = sponsor_right_carry+50, sponsor_total_right = sponsor_total_right+50
WHERE `user_id` = '7RY1ZP';
INSERT INTO `sponsor_bv_update_history` (`right_carry`, `date`, `user_id`) VALUES ('50', '2024-10-01 20:34:26', '7RY1ZP');
INSERT INTO `matrix_filling` (`placement_id`, `downline_id`, `level`, `matrix`) VALUES ('ADZTOG', 'Y2J232', 29, 1);
UPDATE `bv_updation` SET right_carry = right_carry+50, total_right = total_right+50
WHERE `user_id` = 'ADZTOG';
INSERT INTO `placement_bv_update_history` (`right_carry`, `date`, `from_id`, `user_id`) VALUES ('50', '2024-10-01 20:34:26', 'Y2J232', 'ADZTOG');
INSERT INTO `matrix_filling` (`placement_id`, `downline_id`, `level`, `matrix`) VALUES ('A9858P', 'Y2J232', 30, 1);
UPDATE `bv_updation` SET right_carry = right_carry+50, total_right = total_right+50
WHERE `user_id` = 'A9858P';
INSERT INTO `placement_bv_update_history` (`right_carry`, `date`, `from_id`, `user_id`) VALUES ('50', '2024-10-01 20:34:26', 'Y2J232', 'A9858P');
INSERT INTO `matrix_filling` (`placement_id`, `downline_id`, `level`, `matrix`) VALUES ('admin', 'Y2J232', 31, 1);
UPDATE `bv_updation` SET right_carry = right_carry+50, total_right = total_right+50
WHERE `user_id` = 'admin';
INSERT INTO `placement_bv_update_history` (`right_carry`, `date`, `from_id`, `user_id`) VALUES ('50', '2024-10-01 20:34:26', 'Y2J232', 'admin');
INSERT INTO `package_purchase_history` (`user_id`, `package_id`, `reg_fee`, `package_name`, `monthly_fee`, `type`, `date`, `payment_option`) VALUES ('Y2J232', '2', '595', 'Traveler Pro', '150', 'sign_up', '2024-10-01 20:34:26', 'free');
UPDATE `user_registration` SET `popup_seen` = 'yes'
WHERE `user_id` = '7RY1ZP';
UPDATE `user_registration` SET `uid` = '2443', `user_id` = 'YU8PLO', `username` = 'irma1', `sponsor_id` = 'LUAGN1', `vacant` = 'no', `f_name` = 'Irma', `l_name` = 'Garcia', `address` = '8100 SW 14 Terr', `position` = 'right', `email` = 'irma1@gmail.com', `password` = '80a44ddd71f44d4c639f4a623f93755d', `phone` = '7862876762', `country` = 'United States', `state` = 'Florida', `city` = 'Miami', `street` = '8100 SW 14 Terr', `zip_code` = '33144', `reg_ip` = '172.70.254.94', `status` = 1, `package_id` = '2', `rank_id` = 1, `highest_rank` = 1, `cycle_rank_id` = 1, `created` = '2024-10-01 20:36:30', `subscription_date` = '2024-10-31', `google_secret` = '6SR7TGGEOQ5LH5VG'
WHERE `uid` = '2443';
INSERT INTO `user_registration` (`uid`, `user_id`, `username`, `sponsor_id`, `placement_id`, `vacant`, `f_name`, `l_name`, `address`, `position`, `email`, `password`, `phone`, `reg_ip`, `status`, `created`) VALUES (NULL, 'EGSLCC', 'SZnrQZnA', 'YU8PLO', 'YU8PLO', 'yes', '', '', '', 'left', '@mail.com', '', '', '', 0, '2024-10-01 20:36:30');
INSERT INTO `user_registration` (`uid`, `user_id`, `username`, `sponsor_id`, `placement_id`, `vacant`, `f_name`, `l_name`, `address`, `position`, `email`, `password`, `phone`, `reg_ip`, `status`, `created`) VALUES (NULL, 'RMWUND', 'exRtNwwV', 'YU8PLO', 'YU8PLO', 'yes', '', '', '', 'right', '@mail.com', '', '', '', 0, '2024-10-01 20:36:30');
INSERT INTO `bv_updation` (`user_id`) VALUES ('YU8PLO');
UPDATE `user_registration` SET total_ref_count = total_ref_count+1
WHERE `user_id` = 'LUAGN1';
UPDATE `user_registration` SET total_downlines = total_downlines+1
WHERE `user_id` = 'LUAGN1';
UPDATE `user_registration` SET right_downlines = right_downlines+1
WHERE `user_id` = 'LUAGN1';
UPDATE `user_registration` SET right_ref_count = right_ref_count+1
WHERE `user_id` = 'LUAGN1';
UPDATE `user_registration` SET active_right = active_right+1
WHERE `user_id` = 'LUAGN1';
UPDATE `user_registration` SET total_downlines = total_downlines+1
WHERE `user_id` = '6DEXJW';
UPDATE `user_registration` SET left_downlines = left_downlines+1
WHERE `user_id` = '6DEXJW';
UPDATE `user_registration` SET total_downlines = total_downlines+1
WHERE `user_id` = 'DM1Y9N';
UPDATE `user_registration` SET right_downlines = right_downlines+1
WHERE `user_id` = 'DM1Y9N';
UPDATE `user_registration` SET total_downlines = total_downlines+1
WHERE `user_id` = 'A9858P';
UPDATE `user_registration` SET left_downlines = left_downlines+1
WHERE `user_id` = 'A9858P';
UPDATE `user_registration` SET total_downlines = total_downlines+1
WHERE `user_id` = 'admin';
UPDATE `user_registration` SET right_downlines = right_downlines+1
WHERE `user_id` = 'admin';
INSERT INTO `investment` (`invest_date`, `user_id`, `type`, `amount`, `package_id`) VALUES ('2024-10-01 20:36:31', 'YU8PLO', 'register', '595', '2');
INSERT INTO `earnings` (`user_id`, `Purchaser_id`, `earning_type`, `package_id`, `amount`, `date`, `comments`, `invest_amount`, `comm_perc`, `level`, `rank_id`, `order_id`) VALUES ('LUAGN1', 'YU8PLO', 'Direct Referral Bonus', '2', '100', '2024-10-01 20:36:31', 'Direct Referral Bonus', 0, 0, 1, '', 221);
UPDATE `user_registration` SET commission_balance = ROUND(commission_balance + 100,2)
WHERE `user_id` = 'LUAGN1';
UPDATE `user_registration` SET referral_bonus = ROUND(referral_bonus + 100,2)
WHERE `user_id` = 'LUAGN1';
INSERT INTO `earnings` (`user_id`, `Purchaser_id`, `earning_type`, `package_id`, `amount`, `date`, `comments`, `invest_amount`, `comm_perc`, `level`, `rank_id`, `order_id`) VALUES ('DM1Y9N', 'YU8PLO', 'Expansion Bonus', '2', 100, '2024-10-01 20:36:31', 'Expansion Bonus', '100', 0, 1, '', 221);
UPDATE `user_registration` SET commission_balance = ROUND(commission_balance + 100,2)
WHERE `user_id` = 'DM1Y9N';
UPDATE `user_registration` SET expansion_bonus = ROUND(expansion_bonus + 100,2)
WHERE `user_id` = 'DM1Y9N';
INSERT INTO `earnings` (`user_id`, `Purchaser_id`, `earning_type`, `package_id`, `amount`, `date`, `comments`, `invest_amount`, `comm_perc`, `level`, `rank_id`, `order_id`) VALUES ('A9858P', 'YU8PLO', 'Expansion Bonus', '2', 100, '2024-10-01 20:36:31', 'Expansion Bonus', 200, 0, 1, '', 221);
UPDATE `user_registration` SET commission_balance = ROUND(commission_balance + 100,2)
WHERE `user_id` = 'A9858P';
UPDATE `user_registration` SET expansion_bonus = ROUND(expansion_bonus + 100,2)
WHERE `user_id` = 'A9858P';
INSERT INTO `matrix_filling` (`placement_id`, `downline_id`, `level`, `matrix`) VALUES ('LUAGN1', 'YU8PLO', 1, 1);
UPDATE `bv_updation` SET right_carry = right_carry+50, total_right = total_right+50
WHERE `user_id` = 'LUAGN1';
INSERT INTO `placement_bv_update_history` (`right_carry`, `date`, `from_id`, `user_id`) VALUES ('50', '2024-10-01 20:36:31', 'YU8PLO', 'LUAGN1');
UPDATE `bv_updation` SET sponsor_right_carry = sponsor_right_carry+50, sponsor_total_right = sponsor_total_right+50
WHERE `user_id` = 'LUAGN1';
INSERT INTO `sponsor_bv_update_history` (`right_carry`, `date`, `user_id`) VALUES ('50', '2024-10-01 20:36:31', 'LUAGN1');
INSERT INTO `matrix_filling` (`placement_id`, `downline_id`, `level`, `matrix`) VALUES ('6DEXJW', 'YU8PLO', 2, 1);
UPDATE `bv_updation` SET left_carry = left_carry+50, total_left = total_left+50
WHERE `user_id` = '6DEXJW';
INSERT INTO `placement_bv_update_history` (`left_carry`, `date`, `from_id`, `user_id`) VALUES ('50', '2024-10-01 20:36:31', 'YU8PLO', '6DEXJW');
INSERT INTO `matrix_filling` (`placement_id`, `downline_id`, `level`, `matrix`) VALUES ('DM1Y9N', 'YU8PLO', 3, 1);
UPDATE `bv_updation` SET right_carry = right_carry+50, total_right = total_right+50
WHERE `user_id` = 'DM1Y9N';
INSERT INTO `placement_bv_update_history` (`right_carry`, `date`, `from_id`, `user_id`) VALUES ('50', '2024-10-01 20:36:31', 'YU8PLO', 'DM1Y9N');
INSERT INTO `matrix_filling` (`placement_id`, `downline_id`, `level`, `matrix`) VALUES ('A9858P', 'YU8PLO', 4, 1);
UPDATE `bv_updation` SET left_carry = left_carry+50, total_left = total_left+50
WHERE `user_id` = 'A9858P';
INSERT INTO `placement_bv_update_history` (`left_carry`, `date`, `from_id`, `user_id`) VALUES ('50', '2024-10-01 20:36:31', 'YU8PLO', 'A9858P');
INSERT INTO `matrix_filling` (`placement_id`, `downline_id`, `level`, `matrix`) VALUES ('admin', 'YU8PLO', 5, 1);
UPDATE `bv_updation` SET right_carry = right_carry+50, total_right = total_right+50
WHERE `user_id` = 'admin';
INSERT INTO `placement_bv_update_history` (`right_carry`, `date`, `from_id`, `user_id`) VALUES ('50', '2024-10-01 20:36:31', 'YU8PLO', 'admin');
INSERT INTO `package_purchase_history` (`user_id`, `package_id`, `reg_fee`, `package_name`, `monthly_fee`, `type`, `date`, `payment_option`) VALUES ('YU8PLO', '2', '595', 'Traveler Pro', '150', 'sign_up', '2024-10-01 20:36:31', 'free');
UPDATE `ci_sessions` SET `timestamp` = 1727833006, `data` = '__ci_last_regenerate|i:1727833006;id|s:4:\"2025\";user_id|s:6:\"7RY1ZP\";username|s:6:\"frank1\";sponsor_id|s:6:\"ADZTOG\";fullname|s:16:\"Francisco Prieto\";email|s:16:\"frank1@gmail.com\";phone|s:10:\"3057610606\";isLogIn|b:1;'
WHERE `id` = '50cf53d1374d4ef1919e219d5801fb5b55e7da9b';
UPDATE `user_registration` SET `uid` = '2449', `user_id` = 'NS15G5', `username` = 'irmagarcia1', `sponsor_id` = 'LUAGN1', `vacant` = 'no', `f_name` = 'Irma', `l_name` = 'Garcia', `address` = '8100 SW 14 Terr', `position` = 'right', `email` = 'irmagarcia1@gmail.com', `password` = '80a44ddd71f44d4c639f4a623f93755d', `phone` = '7862876762', `country` = 'United States', `state` = 'Florida', `city` = 'Miami', `street` = '8100 SW 14 Terr', `zip_code` = '33144', `reg_ip` = '172.70.254.95', `status` = 1, `package_id` = '2', `rank_id` = 1, `highest_rank` = 1, `cycle_rank_id` = 1, `created` = '2024-10-01 20:36:59', `subscription_date` = '2024-10-31', `google_secret` = '4LFTHKOUE7JRLLAP'
WHERE `uid` = '2449';
INSERT INTO `user_registration` (`uid`, `user_id`, `username`, `sponsor_id`, `placement_id`, `vacant`, `f_name`, `l_name`, `address`, `position`, `email`, `password`, `phone`, `reg_ip`, `status`, `created`) VALUES (NULL, 'HEXWOC', 'ZuLryeXd', 'NS15G5', 'NS15G5', 'yes', '', '', '', 'left', '@mail.com', '', '', '', 0, '2024-10-01 20:36:59');
INSERT INTO `user_registration` (`uid`, `user_id`, `username`, `sponsor_id`, `placement_id`, `vacant`, `f_name`, `l_name`, `address`, `position`, `email`, `password`, `phone`, `reg_ip`, `status`, `created`) VALUES (NULL, 'GYCXFX', 'kuDdHXYR', 'NS15G5', 'NS15G5', 'yes', '', '', '', 'right', '@mail.com', '', '', '', 0, '2024-10-01 20:36:59');
INSERT INTO `bv_updation` (`user_id`) VALUES ('NS15G5');
UPDATE `user_registration` SET total_ref_count = total_ref_count+1
WHERE `user_id` = 'LUAGN1';
UPDATE `user_registration` SET total_downlines = total_downlines+1
WHERE `user_id` = 'YU8PLO';
UPDATE `user_registration` SET right_downlines = right_downlines+1
WHERE `user_id` = 'YU8PLO';
UPDATE `user_registration` SET total_downlines = total_downlines+1
WHERE `user_id` = 'LUAGN1';
UPDATE `user_registration` SET right_downlines = right_downlines+1
WHERE `user_id` = 'LUAGN1';
UPDATE `user_registration` SET right_ref_count = right_ref_count+1
WHERE `user_id` = 'LUAGN1';
UPDATE `user_registration` SET active_right = active_right+1
WHERE `user_id` = 'LUAGN1';
UPDATE `user_registration` SET total_downlines = total_downlines+1
WHERE `user_id` = '6DEXJW';
UPDATE `user_registration` SET left_downlines = left_downlines+1
WHERE `user_id` = '6DEXJW';
UPDATE `user_registration` SET total_downlines = total_downlines+1
WHERE `user_id` = 'DM1Y9N';
UPDATE `user_registration` SET right_downlines = right_downlines+1
WHERE `user_id` = 'DM1Y9N';
UPDATE `user_registration` SET total_downlines = total_downlines+1
WHERE `user_id` = 'A9858P';
UPDATE `user_registration` SET left_downlines = left_downlines+1
WHERE `user_id` = 'A9858P';
UPDATE `user_registration` SET total_downlines = total_downlines+1
WHERE `user_id` = 'admin';
UPDATE `user_registration` SET right_downlines = right_downlines+1
WHERE `user_id` = 'admin';
INSERT INTO `investment` (`invest_date`, `user_id`, `type`, `amount`, `package_id`) VALUES ('2024-10-01 20:36:59', 'NS15G5', 'register', '595', '2');
INSERT INTO `earnings` (`user_id`, `Purchaser_id`, `earning_type`, `package_id`, `amount`, `date`, `comments`, `invest_amount`, `comm_perc`, `level`, `rank_id`, `order_id`) VALUES ('LUAGN1', 'NS15G5', 'Direct Referral Bonus', '2', '100', '2024-10-01 20:36:59', 'Direct Referral Bonus', 0, 0, 1, '', 222);
UPDATE `user_registration` SET commission_balance = ROUND(commission_balance + 100,2)
WHERE `user_id` = 'LUAGN1';
UPDATE `user_registration` SET referral_bonus = ROUND(referral_bonus + 100,2)
WHERE `user_id` = 'LUAGN1';
INSERT INTO `earnings` (`user_id`, `Purchaser_id`, `earning_type`, `package_id`, `amount`, `date`, `comments`, `invest_amount`, `comm_perc`, `level`, `rank_id`, `order_id`) VALUES ('DM1Y9N', 'NS15G5', 'Expansion Bonus', '2', 100, '2024-10-01 20:36:59', 'Expansion Bonus', '100', 0, 1, '', 222);
UPDATE `user_registration` SET commission_balance = ROUND(commission_balance + 100,2)
WHERE `user_id` = 'DM1Y9N';
UPDATE `user_registration` SET expansion_bonus = ROUND(expansion_bonus + 100,2)
WHERE `user_id` = 'DM1Y9N';
INSERT INTO `earnings` (`user_id`, `Purchaser_id`, `earning_type`, `package_id`, `amount`, `date`, `comments`, `invest_amount`, `comm_perc`, `level`, `rank_id`, `order_id`) VALUES ('A9858P', 'NS15G5', 'Expansion Bonus', '2', 100, '2024-10-01 20:36:59', 'Expansion Bonus', 200, 0, 1, '', 222);
UPDATE `user_registration` SET commission_balance = ROUND(commission_balance + 100,2)
WHERE `user_id` = 'A9858P';
UPDATE `user_registration` SET expansion_bonus = ROUND(expansion_bonus + 100,2)
WHERE `user_id` = 'A9858P';
INSERT INTO `matrix_filling` (`placement_id`, `downline_id`, `level`, `matrix`) VALUES ('YU8PLO', 'NS15G5', 1, 1);
UPDATE `bv_updation` SET right_carry = right_carry+50, total_right = total_right+50
WHERE `user_id` = 'YU8PLO';
INSERT INTO `placement_bv_update_history` (`right_carry`, `date`, `from_id`, `user_id`) VALUES ('50', '2024-10-01 20:36:59', 'NS15G5', 'YU8PLO');
INSERT INTO `matrix_filling` (`placement_id`, `downline_id`, `level`, `matrix`) VALUES ('LUAGN1', 'NS15G5', 2, 1);
UPDATE `bv_updation` SET right_carry = right_carry+50, total_right = total_right+50
WHERE `user_id` = 'LUAGN1';
INSERT INTO `placement_bv_update_history` (`right_carry`, `date`, `from_id`, `user_id`) VALUES ('50', '2024-10-01 20:36:59', 'NS15G5', 'LUAGN1');
UPDATE `bv_updation` SET sponsor_right_carry = sponsor_right_carry+50, sponsor_total_right = sponsor_total_right+50
WHERE `user_id` = 'LUAGN1';
INSERT INTO `sponsor_bv_update_history` (`right_carry`, `date`, `user_id`) VALUES ('50', '2024-10-01 20:36:59', 'LUAGN1');
INSERT INTO `matrix_filling` (`placement_id`, `downline_id`, `level`, `matrix`) VALUES ('6DEXJW', 'NS15G5', 3, 1);
UPDATE `bv_updation` SET left_carry = left_carry+50, total_left = total_left+50
WHERE `user_id` = '6DEXJW';
INSERT INTO `placement_bv_update_history` (`left_carry`, `date`, `from_id`, `user_id`) VALUES ('50', '2024-10-01 20:36:59', 'NS15G5', '6DEXJW');
INSERT INTO `matrix_filling` (`placement_id`, `downline_id`, `level`, `matrix`) VALUES ('DM1Y9N', 'NS15G5', 4, 1);
UPDATE `bv_updation` SET right_carry = right_carry+50, total_right = total_right+50
WHERE `user_id` = 'DM1Y9N';
INSERT INTO `placement_bv_update_history` (`right_carry`, `date`, `from_id`, `user_id`) VALUES ('50', '2024-10-01 20:36:59', 'NS15G5', 'DM1Y9N');
INSERT INTO `matrix_filling` (`placement_id`, `downline_id`, `level`, `matrix`) VALUES ('A9858P', 'NS15G5', 5, 1);
UPDATE `bv_updation` SET left_carry = left_carry+50, total_left = total_left+50
WHERE `user_id` = 'A9858P';
INSERT INTO `placement_bv_update_history` (`left_carry`, `date`, `from_id`, `user_id`) VALUES ('50', '2024-10-01 20:36:59', 'NS15G5', 'A9858P');
INSERT INTO `matrix_filling` (`placement_id`, `downline_id`, `level`, `matrix`) VALUES ('admin', 'NS15G5', 6, 1);
UPDATE `bv_updation` SET right_carry = right_carry+50, total_right = total_right+50
WHERE `user_id` = 'admin';
INSERT INTO `placement_bv_update_history` (`right_carry`, `date`, `from_id`, `user_id`) VALUES ('50', '2024-10-01 20:36:59', 'NS15G5', 'admin');
INSERT INTO `package_purchase_history` (`user_id`, `package_id`, `reg_fee`, `package_name`, `monthly_fee`, `type`, `date`, `payment_option`) VALUES ('NS15G5', '2', '595', 'Traveler Pro', '150', 'sign_up', '2024-10-01 20:36:59', 'free');
UPDATE `user_registration` SET `popup_seen` = 'no'
WHERE `user_id` = '7RY1ZP';
DELETE FROM `ci_sessions`
WHERE `id` = '2163f0d7967762a50b7bedc34cf34d87f02d4b13';
INSERT INTO `login_history` (`user_id`, `device`, `ip_address`, `date`) VALUES ('5H9TH3', 'Mozilla/5.0 (Windows NT 10.0; Win64; x64) AppleWebKit/537.36 (KHTML, like Gecko) Chrome/129.0.0.0 Safari/537.36', '172.70.54.30', '24-10-01 20:37');
UPDATE `user_registration` SET `popup_seen` = 'yes'
WHERE `user_id` = '5H9TH3';
UPDATE `ci_sessions` SET `timestamp` = 1727833142, `data` = '__ci_last_regenerate|i:1727833142;id|s:4:\"2184\";user_id|s:6:\"LUAGN1\";username|s:11:\"juancarlos1\";sponsor_id|s:6:\"6DEXJW\";fullname|s:17:\"Juan Carlos Perez\";email|s:21:\"juancarlos1@gmail.com\";phone|s:10:\"7862876762\";isLogIn|b:1;'
WHERE `id` = '1e547fe1a18f340b922e3d9e0303968cf1cdad84';
UPDATE `user_registration` SET `uid` = '2444', `user_id` = 'JNGCQK', `username` = 'ramon1', `sponsor_id` = 'LUAGN1', `vacant` = 'no', `f_name` = 'Ramon ', `l_name` = 'Arredondo', `address` = '8100 SW 14 Terr', `position` = 'left', `email` = 'ramon1@gmail.com', `password` = '10c93eb400374b4797d104c62416c884', `phone` = '7862876762', `country` = 'United States', `state` = 'Florida', `city` = 'Miami', `street` = '8100 SW 14 Terr', `zip_code` = '33144', `reg_ip` = '172.70.82.91', `status` = 1, `package_id` = '2', `rank_id` = 1, `highest_rank` = 1, `cycle_rank_id` = 1, `created` = '2024-10-01 20:39:02', `subscription_date` = '2024-10-31', `google_secret` = 'FLVDMXJ2CSCMFVBV'
WHERE `uid` = '2444';
INSERT INTO `user_registration` (`uid`, `user_id`, `username`, `sponsor_id`, `placement_id`, `vacant`, `f_name`, `l_name`, `address`, `position`, `email`, `password`, `phone`, `reg_ip`, `status`, `created`) VALUES (NULL, 'DPDOME', 'scgJktLL', 'JNGCQK', 'JNGCQK', 'yes', '', '', '', 'left', '@mail.com', '', '', '', 0, '2024-10-01 20:39:02');
INSERT INTO `user_registration` (`uid`, `user_id`, `username`, `sponsor_id`, `placement_id`, `vacant`, `f_name`, `l_name`, `address`, `position`, `email`, `password`, `phone`, `reg_ip`, `status`, `created`) VALUES (NULL, 'VRNCDI', 'EEywBTpT', 'JNGCQK', 'JNGCQK', 'yes', '', '', '', 'right', '@mail.com', '', '', '', 0, '2024-10-01 20:39:02');
INSERT INTO `bv_updation` (`user_id`) VALUES ('JNGCQK');
UPDATE `user_registration` SET total_ref_count = total_ref_count+1
WHERE `user_id` = 'LUAGN1';
UPDATE `user_registration` SET total_downlines = total_downlines+1
WHERE `user_id` = 'QOHBYS';
UPDATE `user_registration` SET left_downlines = left_downlines+1
WHERE `user_id` = 'QOHBYS';
UPDATE `user_registration` SET total_downlines = total_downlines+1
WHERE `user_id` = 'LUAGN1';
UPDATE `user_registration` SET left_downlines = left_downlines+1
WHERE `user_id` = 'LUAGN1';
UPDATE `user_registration` SET left_ref_count = left_ref_count+1
WHERE `user_id` = 'LUAGN1';
UPDATE `user_registration` SET active_left = active_left+1
WHERE `user_id` = 'LUAGN1';
UPDATE `user_registration` SET `binary_qualified` = 'yes', `binary_qualified_date` = '2024-10-01 20:39:02'
WHERE `user_id` = 'LUAGN1';
UPDATE `user_registration` SET total_downlines = total_downlines+1
WHERE `user_id` = '6DEXJW';
UPDATE `user_registration` SET left_downlines = left_downlines+1
WHERE `user_id` = '6DEXJW';
UPDATE `user_registration` SET total_downlines = total_downlines+1
WHERE `user_id` = 'DM1Y9N';
UPDATE `user_registration` SET right_downlines = right_downlines+1
WHERE `user_id` = 'DM1Y9N';
UPDATE `user_registration` SET total_downlines = total_downlines+1
WHERE `user_id` = 'A9858P';
UPDATE `user_registration` SET left_downlines = left_downlines+1
WHERE `user_id` = 'A9858P';
UPDATE `user_registration` SET total_downlines = total_downlines+1
WHERE `user_id` = 'admin';
UPDATE `user_registration` SET right_downlines = right_downlines+1
WHERE `user_id` = 'admin';
INSERT INTO `investment` (`invest_date`, `user_id`, `type`, `amount`, `package_id`) VALUES ('2024-10-01 20:39:03', 'JNGCQK', 'register', '595', '2');
INSERT INTO `earnings` (`user_id`, `Purchaser_id`, `earning_type`, `package_id`, `amount`, `date`, `comments`, `invest_amount`, `comm_perc`, `level`, `rank_id`, `order_id`) VALUES ('LUAGN1', 'JNGCQK', 'Direct Referral Bonus', '2', '100', '2024-10-01 20:39:03', 'Direct Referral Bonus', 0, 0, 1, '', 223);
UPDATE `user_registration` SET commission_balance = ROUND(commission_balance + 100,2)
WHERE `user_id` = 'LUAGN1';
UPDATE `user_registration` SET referral_bonus = ROUND(referral_bonus + 100,2)
WHERE `user_id` = 'LUAGN1';
INSERT INTO `earnings` (`user_id`, `Purchaser_id`, `earning_type`, `package_id`, `amount`, `date`, `comments`, `invest_amount`, `comm_perc`, `level`, `rank_id`, `order_id`) VALUES ('DM1Y9N', 'JNGCQK', 'Expansion Bonus', '2', 100, '2024-10-01 20:39:03', 'Expansion Bonus', '100', 0, 1, '', 223);
UPDATE `user_registration` SET commission_balance = ROUND(commission_balance + 100,2)
WHERE `user_id` = 'DM1Y9N';
UPDATE `user_registration` SET expansion_bonus = ROUND(expansion_bonus + 100,2)
WHERE `user_id` = 'DM1Y9N';
INSERT INTO `earnings` (`user_id`, `Purchaser_id`, `earning_type`, `package_id`, `amount`, `date`, `comments`, `invest_amount`, `comm_perc`, `level`, `rank_id`, `order_id`) VALUES ('A9858P', 'JNGCQK', 'Expansion Bonus', '2', 100, '2024-10-01 20:39:03', 'Expansion Bonus', 200, 0, 1, '', 223);
UPDATE `user_registration` SET commission_balance = ROUND(commission_balance + 100,2)
WHERE `user_id` = 'A9858P';
UPDATE `user_registration` SET expansion_bonus = ROUND(expansion_bonus + 100,2)
WHERE `user_id` = 'A9858P';
INSERT INTO `matrix_filling` (`placement_id`, `downline_id`, `level`, `matrix`) VALUES ('QOHBYS', 'JNGCQK', 1, 1);
UPDATE `bv_updation` SET left_carry = left_carry+50, total_left = total_left+50
WHERE `user_id` = 'QOHBYS';
INSERT INTO `placement_bv_update_history` (`left_carry`, `date`, `from_id`, `user_id`) VALUES ('50', '2024-10-01 20:39:03', 'JNGCQK', 'QOHBYS');
INSERT INTO `matrix_filling` (`placement_id`, `downline_id`, `level`, `matrix`) VALUES ('LUAGN1', 'JNGCQK', 2, 1);
UPDATE `bv_updation` SET left_carry = left_carry+50, total_left = total_left+50
WHERE `user_id` = 'LUAGN1';
INSERT INTO `placement_bv_update_history` (`left_carry`, `date`, `from_id`, `user_id`) VALUES ('50', '2024-10-01 20:39:03', 'JNGCQK', 'LUAGN1');
UPDATE `bv_updation` SET sponsor_left_carry = sponsor_left_carry+50, sponsor_total_left = sponsor_total_left+50
WHERE `user_id` = 'LUAGN1';
INSERT INTO `sponsor_bv_update_history` (`left_carry`, `date`, `user_id`) VALUES ('50', '2024-10-01 20:39:03', 'LUAGN1');
INSERT INTO `matrix_filling` (`placement_id`, `downline_id`, `level`, `matrix`) VALUES ('6DEXJW', 'JNGCQK', 3, 1);
UPDATE `bv_updation` SET left_carry = left_carry+50, total_left = total_left+50
WHERE `user_id` = '6DEXJW';
INSERT INTO `placement_bv_update_history` (`left_carry`, `date`, `from_id`, `user_id`) VALUES ('50', '2024-10-01 20:39:03', 'JNGCQK', '6DEXJW');
INSERT INTO `matrix_filling` (`placement_id`, `downline_id`, `level`, `matrix`) VALUES ('DM1Y9N', 'JNGCQK', 4, 1);
UPDATE `bv_updation` SET right_carry = right_carry+50, total_right = total_right+50
WHERE `user_id` = 'DM1Y9N';
INSERT INTO `placement_bv_update_history` (`right_carry`, `date`, `from_id`, `user_id`) VALUES ('50', '2024-10-01 20:39:03', 'JNGCQK', 'DM1Y9N');
INSERT INTO `matrix_filling` (`placement_id`, `downline_id`, `level`, `matrix`) VALUES ('A9858P', 'JNGCQK', 5, 1);
UPDATE `bv_updation` SET left_carry = left_carry+50, total_left = total_left+50
WHERE `user_id` = 'A9858P';
INSERT INTO `placement_bv_update_history` (`left_carry`, `date`, `from_id`, `user_id`) VALUES ('50', '2024-10-01 20:39:03', 'JNGCQK', 'A9858P');
INSERT INTO `matrix_filling` (`placement_id`, `downline_id`, `level`, `matrix`) VALUES ('admin', 'JNGCQK', 6, 1);
UPDATE `bv_updation` SET right_carry = right_carry+50, total_right = total_right+50
WHERE `user_id` = 'admin';
INSERT INTO `placement_bv_update_history` (`right_carry`, `date`, `from_id`, `user_id`) VALUES ('50', '2024-10-01 20:39:03', 'JNGCQK', 'admin');
INSERT INTO `package_purchase_history` (`user_id`, `package_id`, `reg_fee`, `package_name`, `monthly_fee`, `type`, `date`, `payment_option`) VALUES ('JNGCQK', '2', '595', 'Traveler Pro', '150', 'sign_up', '2024-10-01 20:39:03', 'free');
UPDATE `user_registration` SET `popup_seen` = 'yes'
WHERE `user_id` = '5H9TH3';
UPDATE `user_registration` SET `uid` = '2451', `user_id` = 'JLTMOH', `username` = 'lazaro1', `sponsor_id` = 'LUAGN1', `vacant` = 'no', `f_name` = 'Lazaro', `l_name` = 'Avila', `address` = '8100 SW 14 Terr', `position` = 'right', `email` = 'lazaro1@gmail.com', `password` = 'c94e533316660bd4a024645b8a2a3319', `phone` = '7862876762', `country` = 'United States', `state` = 'Florida', `city` = 'Miami', `street` = '8100 SW 14 Terr', `zip_code` = '33144', `reg_ip` = '172.70.54.191', `status` = 1, `package_id` = '2', `rank_id` = 1, `highest_rank` = 1, `cycle_rank_id` = 1, `created` = '2024-10-01 20:40:46', `subscription_date` = '2024-10-31', `google_secret` = 'NB5SXCJTUWSWDEC6'
WHERE `uid` = '2451';
INSERT INTO `user_registration` (`uid`, `user_id`, `username`, `sponsor_id`, `placement_id`, `vacant`, `f_name`, `l_name`, `address`, `position`, `email`, `password`, `phone`, `reg_ip`, `status`, `created`) VALUES (NULL, 'WDSAAA', 'bgeJvAHS', 'JLTMOH', 'JLTMOH', 'yes', '', '', '', 'left', '@mail.com', '', '', '', 0, '2024-10-01 20:40:46');
INSERT INTO `user_registration` (`uid`, `user_id`, `username`, `sponsor_id`, `placement_id`, `vacant`, `f_name`, `l_name`, `address`, `position`, `email`, `password`, `phone`, `reg_ip`, `status`, `created`) VALUES (NULL, 'AUPPAC', 'jbCfMqIk', 'JLTMOH', 'JLTMOH', 'yes', '', '', '', 'right', '@mail.com', '', '', '', 0, '2024-10-01 20:40:46');
INSERT INTO `bv_updation` (`user_id`) VALUES ('JLTMOH');
UPDATE `user_registration` SET total_ref_count = total_ref_count+1
WHERE `user_id` = 'LUAGN1';
UPDATE `user_registration` SET total_downlines = total_downlines+1
WHERE `user_id` = 'NS15G5';
UPDATE `user_registration` SET right_downlines = right_downlines+1
WHERE `user_id` = 'NS15G5';
UPDATE `user_registration` SET total_downlines = total_downlines+1
WHERE `user_id` = 'YU8PLO';
UPDATE `user_registration` SET right_downlines = right_downlines+1
WHERE `user_id` = 'YU8PLO';
UPDATE `user_registration` SET total_downlines = total_downlines+1
WHERE `user_id` = 'LUAGN1';
UPDATE `user_registration` SET right_downlines = right_downlines+1
WHERE `user_id` = 'LUAGN1';
UPDATE `user_registration` SET right_ref_count = right_ref_count+1
WHERE `user_id` = 'LUAGN1';
UPDATE `user_registration` SET active_right = active_right+1
WHERE `user_id` = 'LUAGN1';
UPDATE `user_registration` SET total_downlines = total_downlines+1
WHERE `user_id` = '6DEXJW';
UPDATE `user_registration` SET left_downlines = left_downlines+1
WHERE `user_id` = '6DEXJW';
UPDATE `user_registration` SET total_downlines = total_downlines+1
WHERE `user_id` = 'DM1Y9N';
UPDATE `user_registration` SET right_downlines = right_downlines+1
WHERE `user_id` = 'DM1Y9N';
UPDATE `user_registration` SET total_downlines = total_downlines+1
WHERE `user_id` = 'A9858P';
UPDATE `user_registration` SET left_downlines = left_downlines+1
WHERE `user_id` = 'A9858P';
UPDATE `user_registration` SET total_downlines = total_downlines+1
WHERE `user_id` = 'admin';
UPDATE `user_registration` SET right_downlines = right_downlines+1
WHERE `user_id` = 'admin';
INSERT INTO `investment` (`invest_date`, `user_id`, `type`, `amount`, `package_id`) VALUES ('2024-10-01 20:40:46', 'JLTMOH', 'register', '595', '2');
INSERT INTO `earnings` (`user_id`, `Purchaser_id`, `earning_type`, `package_id`, `amount`, `date`, `comments`, `invest_amount`, `comm_perc`, `level`, `rank_id`, `order_id`) VALUES ('LUAGN1', 'JLTMOH', 'Direct Referral Bonus', '2', '100', '2024-10-01 20:40:46', 'Direct Referral Bonus', 0, 0, 1, '', 224);
UPDATE `user_registration` SET commission_balance = ROUND(commission_balance + 100,2)
WHERE `user_id` = 'LUAGN1';
UPDATE `user_registration` SET referral_bonus = ROUND(referral_bonus + 100,2)
WHERE `user_id` = 'LUAGN1';
INSERT INTO `earnings` (`user_id`, `Purchaser_id`, `earning_type`, `package_id`, `amount`, `date`, `comments`, `invest_amount`, `comm_perc`, `level`, `rank_id`, `order_id`) VALUES ('DM1Y9N', 'JLTMOH', 'Expansion Bonus', '2', 100, '2024-10-01 20:40:46', 'Expansion Bonus', '100', 0, 1, '', 224);
UPDATE `user_registration` SET commission_balance = ROUND(commission_balance + 100,2)
WHERE `user_id` = 'DM1Y9N';
UPDATE `user_registration` SET expansion_bonus = ROUND(expansion_bonus + 100,2)
WHERE `user_id` = 'DM1Y9N';
INSERT INTO `earnings` (`user_id`, `Purchaser_id`, `earning_type`, `package_id`, `amount`, `date`, `comments`, `invest_amount`, `comm_perc`, `level`, `rank_id`, `order_id`) VALUES ('A9858P', 'JLTMOH', 'Expansion Bonus', '2', 100, '2024-10-01 20:40:46', 'Expansion Bonus', 200, 0, 1, '', 224);
UPDATE `user_registration` SET commission_balance = ROUND(commission_balance + 100,2)
WHERE `user_id` = 'A9858P';
UPDATE `user_registration` SET expansion_bonus = ROUND(expansion_bonus + 100,2)
WHERE `user_id` = 'A9858P';
INSERT INTO `matrix_filling` (`placement_id`, `downline_id`, `level`, `matrix`) VALUES ('NS15G5', 'JLTMOH', 1, 1);
UPDATE `bv_updation` SET right_carry = right_carry+50, total_right = total_right+50
WHERE `user_id` = 'NS15G5';
INSERT INTO `placement_bv_update_history` (`right_carry`, `date`, `from_id`, `user_id`) VALUES ('50', '2024-10-01 20:40:46', 'JLTMOH', 'NS15G5');
INSERT INTO `matrix_filling` (`placement_id`, `downline_id`, `level`, `matrix`) VALUES ('YU8PLO', 'JLTMOH', 2, 1);
UPDATE `bv_updation` SET right_carry = right_carry+50, total_right = total_right+50
WHERE `user_id` = 'YU8PLO';
INSERT INTO `placement_bv_update_history` (`right_carry`, `date`, `from_id`, `user_id`) VALUES ('50', '2024-10-01 20:40:46', 'JLTMOH', 'YU8PLO');
INSERT INTO `matrix_filling` (`placement_id`, `downline_id`, `level`, `matrix`) VALUES ('LUAGN1', 'JLTMOH', 3, 1);
UPDATE `bv_updation` SET right_carry = right_carry+50, total_right = total_right+50
WHERE `user_id` = 'LUAGN1';
INSERT INTO `placement_bv_update_history` (`right_carry`, `date`, `from_id`, `user_id`) VALUES ('50', '2024-10-01 20:40:46', 'JLTMOH', 'LUAGN1');
UPDATE `bv_updation` SET sponsor_right_carry = sponsor_right_carry+50, sponsor_total_right = sponsor_total_right+50
WHERE `user_id` = 'LUAGN1';
INSERT INTO `sponsor_bv_update_history` (`right_carry`, `date`, `user_id`) VALUES ('50', '2024-10-01 20:40:46', 'LUAGN1');
INSERT INTO `matrix_filling` (`placement_id`, `downline_id`, `level`, `matrix`) VALUES ('6DEXJW', 'JLTMOH', 4, 1);
UPDATE `bv_updation` SET left_carry = left_carry+50, total_left = total_left+50
WHERE `user_id` = '6DEXJW';
INSERT INTO `placement_bv_update_history` (`left_carry`, `date`, `from_id`, `user_id`) VALUES ('50', '2024-10-01 20:40:46', 'JLTMOH', '6DEXJW');
INSERT INTO `matrix_filling` (`placement_id`, `downline_id`, `level`, `matrix`) VALUES ('DM1Y9N', 'JLTMOH', 5, 1);
UPDATE `bv_updation` SET right_carry = right_carry+50, total_right = total_right+50
WHERE `user_id` = 'DM1Y9N';
INSERT INTO `placement_bv_update_history` (`right_carry`, `date`, `from_id`, `user_id`) VALUES ('50', '2024-10-01 20:40:46', 'JLTMOH', 'DM1Y9N');
INSERT INTO `matrix_filling` (`placement_id`, `downline_id`, `level`, `matrix`) VALUES ('A9858P', 'JLTMOH', 6, 1);
UPDATE `bv_updation` SET left_carry = left_carry+50, total_left = total_left+50
WHERE `user_id` = 'A9858P';
INSERT INTO `placement_bv_update_history` (`left_carry`, `date`, `from_id`, `user_id`) VALUES ('50', '2024-10-01 20:40:46', 'JLTMOH', 'A9858P');
INSERT INTO `matrix_filling` (`placement_id`, `downline_id`, `level`, `matrix`) VALUES ('admin', 'JLTMOH', 7, 1);
UPDATE `bv_updation` SET right_carry = right_carry+50, total_right = total_right+50
WHERE `user_id` = 'admin';
INSERT INTO `placement_bv_update_history` (`right_carry`, `date`, `from_id`, `user_id`) VALUES ('50', '2024-10-01 20:40:46', 'JLTMOH', 'admin');
INSERT INTO `package_purchase_history` (`user_id`, `package_id`, `reg_fee`, `package_name`, `monthly_fee`, `type`, `date`, `payment_option`) VALUES ('JLTMOH', '2', '595', 'Traveler Pro', '150', 'sign_up', '2024-10-01 20:40:46', 'free');
UPDATE `user_registration` SET `uid` = '2317', `user_id` = '9YZXNJ', `username` = 'sandra1', `sponsor_id` = '5H9TH3', `vacant` = 'no', `f_name` = 'Sandra', `l_name` = 'Lima', `address` = '6520 Kendale Lakes Dr', `position` = 'right', `email` = 'sandra1@gmail.com', `password` = 'dc3dd2fddeb4b84207734bae554e39a0', `phone` = '3057610606', `country` = 'United States', `state` = 'Florida', `city` = 'Miami', `street` = '6520 Kendale Lakes Dr', `zip_code` = '33183', `reg_ip` = '172.70.83.103', `status` = 1, `package_id` = '2', `rank_id` = 1, `highest_rank` = 1, `cycle_rank_id` = 1, `created` = '2024-10-01 20:40:50', `subscription_date` = '2024-10-31', `google_secret` = 'M5OD3CFCFABFHK45'
WHERE `uid` = '2317';
INSERT INTO `user_registration` (`uid`, `user_id`, `username`, `sponsor_id`, `placement_id`, `vacant`, `f_name`, `l_name`, `address`, `position`, `email`, `password`, `phone`, `reg_ip`, `status`, `created`) VALUES (NULL, 'QKWRLS', 'PCaqWjJr', '9YZXNJ', '9YZXNJ', 'yes', '', '', '', 'left', '@mail.com', '', '', '', 0, '2024-10-01 20:40:50');
INSERT INTO `user_registration` (`uid`, `user_id`, `username`, `sponsor_id`, `placement_id`, `vacant`, `f_name`, `l_name`, `address`, `position`, `email`, `password`, `phone`, `reg_ip`, `status`, `created`) VALUES (NULL, 'DGUNOZ', 'qaGEkjsn', '9YZXNJ', '9YZXNJ', 'yes', '', '', '', 'right', '@mail.com', '', '', '', 0, '2024-10-01 20:40:50');
INSERT INTO `bv_updation` (`user_id`) VALUES ('9YZXNJ');
UPDATE `user_registration` SET total_ref_count = total_ref_count+1
WHERE `user_id` = '5H9TH3';
UPDATE `user_registration` SET total_downlines = total_downlines+1
WHERE `user_id` = '5H9TH3';
UPDATE `user_registration` SET right_downlines = right_downlines+1
WHERE `user_id` = '5H9TH3';
UPDATE `user_registration` SET right_ref_count = right_ref_count+1
WHERE `user_id` = '5H9TH3';
UPDATE `user_registration` SET active_right = active_right+1
WHERE `user_id` = '5H9TH3';
UPDATE `user_registration` SET total_downlines = total_downlines+1
WHERE `user_id` = 'MIT9KW';
UPDATE `user_registration` SET left_downlines = left_downlines+1
WHERE `user_id` = 'MIT9KW';
UPDATE `user_registration` SET total_downlines = total_downlines+1
WHERE `user_id` = 'IMUABZ';
UPDATE `user_registration` SET left_downlines = left_downlines+1
WHERE `user_id` = 'IMUABZ';
UPDATE `user_registration` SET total_downlines = total_downlines+1
WHERE `user_id` = 'G54QC4';
UPDATE `user_registration` SET left_downlines = left_downlines+1
WHERE `user_id` = 'G54QC4';
UPDATE `user_registration` SET total_downlines = total_downlines+1
WHERE `user_id` = '9JPZJL';
UPDATE `user_registration` SET left_downlines = left_downlines+1
WHERE `user_id` = '9JPZJL';
UPDATE `user_registration` SET total_downlines = total_downlines+1
WHERE `user_id` = 'E3PPZ3';
UPDATE `user_registration` SET left_downlines = left_downlines+1
WHERE `user_id` = 'E3PPZ3';
UPDATE `user_registration` SET total_downlines = total_downlines+1
WHERE `user_id` = '7RY1ZP';
UPDATE `user_registration` SET left_downlines = left_downlines+1
WHERE `user_id` = '7RY1ZP';
UPDATE `user_registration` SET total_downlines = total_downlines+1
WHERE `user_id` = 'ADZTOG';
UPDATE `user_registration` SET right_downlines = right_downlines+1
WHERE `user_id` = 'ADZTOG';
UPDATE `user_registration` SET total_downlines = total_downlines+1
WHERE `user_id` = 'A9858P';
UPDATE `user_registration` SET right_downlines = right_downlines+1
WHERE `user_id` = 'A9858P';
UPDATE `user_registration` SET total_downlines = total_downlines+1
WHERE `user_id` = 'admin';
UPDATE `user_registration` SET right_downlines = right_downlines+1
WHERE `user_id` = 'admin';
INSERT INTO `investment` (`invest_date`, `user_id`, `type`, `amount`, `package_id`) VALUES ('2024-10-01 20:40:50', '9YZXNJ', 'register', '595', '2');
INSERT INTO `earnings` (`user_id`, `Purchaser_id`, `earning_type`, `package_id`, `amount`, `date`, `comments`, `invest_amount`, `comm_perc`, `level`, `rank_id`, `order_id`) VALUES ('5H9TH3', '9YZXNJ', 'Direct Referral Bonus', '2', '100', '2024-10-01 20:40:50', 'Direct Referral Bonus', 0, 0, 1, '', 225);
UPDATE `user_registration` SET commission_balance = ROUND(commission_balance + 100,2)
WHERE `user_id` = '5H9TH3';
UPDATE `user_registration` SET referral_bonus = ROUND(referral_bonus + 100,2)
WHERE `user_id` = '5H9TH3';
INSERT INTO `earnings` (`user_id`, `Purchaser_id`, `earning_type`, `package_id`, `amount`, `date`, `comments`, `invest_amount`, `comm_perc`, `level`, `rank_id`, `order_id`) VALUES ('7RY1ZP', '9YZXNJ', 'Expansion Bonus', '2', 100, '2024-10-01 20:40:50', 'Expansion Bonus', '100', 0, 1, '', 225);
UPDATE `user_registration` SET commission_balance = ROUND(commission_balance + 100,2)
WHERE `user_id` = '7RY1ZP';
UPDATE `user_registration` SET expansion_bonus = ROUND(expansion_bonus + 100,2)
WHERE `user_id` = '7RY1ZP';
INSERT INTO `earnings` (`user_id`, `Purchaser_id`, `earning_type`, `package_id`, `amount`, `date`, `comments`, `invest_amount`, `comm_perc`, `level`, `rank_id`, `order_id`) VALUES ('A9858P', '9YZXNJ', 'Expansion Bonus', '2', 100, '2024-10-01 20:40:50', 'Expansion Bonus', 200, 0, 1, '', 225);
UPDATE `user_registration` SET commission_balance = ROUND(commission_balance + 100,2)
WHERE `user_id` = 'A9858P';
UPDATE `user_registration` SET expansion_bonus = ROUND(expansion_bonus + 100,2)
WHERE `user_id` = 'A9858P';
INSERT INTO `matrix_filling` (`placement_id`, `downline_id`, `level`, `matrix`) VALUES ('5H9TH3', '9YZXNJ', 1, 1);
UPDATE `bv_updation` SET right_carry = right_carry+50, total_right = total_right+50
WHERE `user_id` = '5H9TH3';
INSERT INTO `placement_bv_update_history` (`right_carry`, `date`, `from_id`, `user_id`) VALUES ('50', '2024-10-01 20:40:50', '9YZXNJ', '5H9TH3');
UPDATE `bv_updation` SET sponsor_right_carry = sponsor_right_carry+50, sponsor_total_right = sponsor_total_right+50
WHERE `user_id` = '5H9TH3';
INSERT INTO `sponsor_bv_update_history` (`right_carry`, `date`, `user_id`) VALUES ('50', '2024-10-01 20:40:50', '5H9TH3');
INSERT INTO `matrix_filling` (`placement_id`, `downline_id`, `level`, `matrix`) VALUES ('MIT9KW', '9YZXNJ', 2, 1);
UPDATE `bv_updation` SET left_carry = left_carry+50, total_left = total_left+50
WHERE `user_id` = 'MIT9KW';
INSERT INTO `placement_bv_update_history` (`left_carry`, `date`, `from_id`, `user_id`) VALUES ('50', '2024-10-01 20:40:50', '9YZXNJ', 'MIT9KW');
INSERT INTO `matrix_filling` (`placement_id`, `downline_id`, `level`, `matrix`) VALUES ('IMUABZ', '9YZXNJ', 3, 1);
UPDATE `bv_updation` SET left_carry = left_carry+50, total_left = total_left+50
WHERE `user_id` = 'IMUABZ';
INSERT INTO `placement_bv_update_history` (`left_carry`, `date`, `from_id`, `user_id`) VALUES ('50', '2024-10-01 20:40:50', '9YZXNJ', 'IMUABZ');
INSERT INTO `matrix_filling` (`placement_id`, `downline_id`, `level`, `matrix`) VALUES ('G54QC4', '9YZXNJ', 4, 1);
UPDATE `bv_updation` SET left_carry = left_carry+50, total_left = total_left+50
WHERE `user_id` = 'G54QC4';
INSERT INTO `placement_bv_update_history` (`left_carry`, `date`, `from_id`, `user_id`) VALUES ('50', '2024-10-01 20:40:50', '9YZXNJ', 'G54QC4');
INSERT INTO `matrix_filling` (`placement_id`, `downline_id`, `level`, `matrix`) VALUES ('9JPZJL', '9YZXNJ', 5, 1);
UPDATE `bv_updation` SET left_carry = left_carry+50, total_left = total_left+50
WHERE `user_id` = '9JPZJL';
INSERT INTO `placement_bv_update_history` (`left_carry`, `date`, `from_id`, `user_id`) VALUES ('50', '2024-10-01 20:40:50', '9YZXNJ', '9JPZJL');
INSERT INTO `matrix_filling` (`placement_id`, `downline_id`, `level`, `matrix`) VALUES ('E3PPZ3', '9YZXNJ', 6, 1);
UPDATE `bv_updation` SET left_carry = left_carry+50, total_left = total_left+50
WHERE `user_id` = 'E3PPZ3';
INSERT INTO `placement_bv_update_history` (`left_carry`, `date`, `from_id`, `user_id`) VALUES ('50', '2024-10-01 20:40:50', '9YZXNJ', 'E3PPZ3');
INSERT INTO `matrix_filling` (`placement_id`, `downline_id`, `level`, `matrix`) VALUES ('7RY1ZP', '9YZXNJ', 7, 1);
UPDATE `bv_updation` SET left_carry = left_carry+50, total_left = total_left+50
WHERE `user_id` = '7RY1ZP';
INSERT INTO `placement_bv_update_history` (`left_carry`, `date`, `from_id`, `user_id`) VALUES ('50', '2024-10-01 20:40:50', '9YZXNJ', '7RY1ZP');
INSERT INTO `matrix_filling` (`placement_id`, `downline_id`, `level`, `matrix`) VALUES ('ADZTOG', '9YZXNJ', 8, 1);
UPDATE `bv_updation` SET right_carry = right_carry+50, total_right = total_right+50
WHERE `user_id` = 'ADZTOG';
INSERT INTO `placement_bv_update_history` (`right_carry`, `date`, `from_id`, `user_id`) VALUES ('50', '2024-10-01 20:40:50', '9YZXNJ', 'ADZTOG');
INSERT INTO `matrix_filling` (`placement_id`, `downline_id`, `level`, `matrix`) VALUES ('A9858P', '9YZXNJ', 9, 1);
UPDATE `bv_updation` SET right_carry = right_carry+50, total_right = total_right+50
WHERE `user_id` = 'A9858P';
INSERT INTO `placement_bv_update_history` (`right_carry`, `date`, `from_id`, `user_id`) VALUES ('50', '2024-10-01 20:40:50', '9YZXNJ', 'A9858P');
INSERT INTO `matrix_filling` (`placement_id`, `downline_id`, `level`, `matrix`) VALUES ('admin', '9YZXNJ', 10, 1);
UPDATE `bv_updation` SET right_carry = right_carry+50, total_right = total_right+50
WHERE `user_id` = 'admin';
INSERT INTO `placement_bv_update_history` (`right_carry`, `date`, `from_id`, `user_id`) VALUES ('50', '2024-10-01 20:40:50', '9YZXNJ', 'admin');
INSERT INTO `package_purchase_history` (`user_id`, `package_id`, `reg_fee`, `package_name`, `monthly_fee`, `type`, `date`, `payment_option`) VALUES ('9YZXNJ', '2', '595', 'Traveler Pro', '150', 'sign_up', '2024-10-01 20:40:50', 'free');
UPDATE `user_registration` SET `popup_seen` = 'yes'
WHERE `user_id` = '5H9TH3';
UPDATE `user_registration` SET `uid` = '2457', `user_id` = 'WX3W7T', `username` = 'idela1', `sponsor_id` = '5H9TH3', `vacant` = 'no', `f_name` = 'idela', `l_name` = 'Ponte', `address` = '6520 Kendale Lakes Dr', `position` = 'right', `email` = 'idela1@gmail.com', `password` = '4398de5754fb56a217e81a54537b482b', `phone` = '3057610606', `country` = 'United States', `state` = 'Florida', `city` = 'Miami', `street` = '6520 Kendale Lakes Dr', `zip_code` = '33183', `reg_ip` = '172.70.55.114', `status` = 1, `package_id` = '2', `rank_id` = 1, `highest_rank` = 1, `cycle_rank_id` = 1, `created` = '2024-10-01 20:42:26', `subscription_date` = '2024-10-31', `google_secret` = 'FGX6PYZYW6UY35CP'
WHERE `uid` = '2457';
INSERT INTO `user_registration` (`uid`, `user_id`, `username`, `sponsor_id`, `placement_id`, `vacant`, `f_name`, `l_name`, `address`, `position`, `email`, `password`, `phone`, `reg_ip`, `status`, `created`) VALUES (NULL, 'JUHWQZ', 'syRktigs', 'WX3W7T', 'WX3W7T', 'yes', '', '', '', 'left', '@mail.com', '', '', '', 0, '2024-10-01 20:42:26');
INSERT INTO `user_registration` (`uid`, `user_id`, `username`, `sponsor_id`, `placement_id`, `vacant`, `f_name`, `l_name`, `address`, `position`, `email`, `password`, `phone`, `reg_ip`, `status`, `created`) VALUES (NULL, 'LVFGDJ', 'jsvUtGJS', 'WX3W7T', 'WX3W7T', 'yes', '', '', '', 'right', '@mail.com', '', '', '', 0, '2024-10-01 20:42:26');
INSERT INTO `bv_updation` (`user_id`) VALUES ('WX3W7T');
UPDATE `user_registration` SET total_ref_count = total_ref_count+1
WHERE `user_id` = '5H9TH3';
UPDATE `user_registration` SET total_downlines = total_downlines+1
WHERE `user_id` = '9YZXNJ';
UPDATE `user_registration` SET right_downlines = right_downlines+1
WHERE `user_id` = '9YZXNJ';
UPDATE `user_registration` SET total_downlines = total_downlines+1
WHERE `user_id` = '5H9TH3';
UPDATE `user_registration` SET right_downlines = right_downlines+1
WHERE `user_id` = '5H9TH3';
UPDATE `user_registration` SET right_ref_count = right_ref_count+1
WHERE `user_id` = '5H9TH3';
UPDATE `user_registration` SET active_right = active_right+1
WHERE `user_id` = '5H9TH3';
UPDATE `user_registration` SET total_downlines = total_downlines+1
WHERE `user_id` = 'MIT9KW';
UPDATE `user_registration` SET left_downlines = left_downlines+1
WHERE `user_id` = 'MIT9KW';
UPDATE `user_registration` SET total_downlines = total_downlines+1
WHERE `user_id` = 'IMUABZ';
UPDATE `user_registration` SET left_downlines = left_downlines+1
WHERE `user_id` = 'IMUABZ';
UPDATE `user_registration` SET total_downlines = total_downlines+1
WHERE `user_id` = 'G54QC4';
UPDATE `user_registration` SET left_downlines = left_downlines+1
WHERE `user_id` = 'G54QC4';
UPDATE `user_registration` SET total_downlines = total_downlines+1
WHERE `user_id` = '9JPZJL';
UPDATE `user_registration` SET left_downlines = left_downlines+1
WHERE `user_id` = '9JPZJL';
UPDATE `user_registration` SET total_downlines = total_downlines+1
WHERE `user_id` = 'E3PPZ3';
UPDATE `user_registration` SET left_downlines = left_downlines+1
WHERE `user_id` = 'E3PPZ3';
UPDATE `user_registration` SET total_downlines = total_downlines+1
WHERE `user_id` = '7RY1ZP';
UPDATE `user_registration` SET left_downlines = left_downlines+1
WHERE `user_id` = '7RY1ZP';
UPDATE `user_registration` SET total_downlines = total_downlines+1
WHERE `user_id` = 'ADZTOG';
UPDATE `user_registration` SET right_downlines = right_downlines+1
WHERE `user_id` = 'ADZTOG';
UPDATE `user_registration` SET total_downlines = total_downlines+1
WHERE `user_id` = 'A9858P';
UPDATE `user_registration` SET right_downlines = right_downlines+1
WHERE `user_id` = 'A9858P';
UPDATE `user_registration` SET total_downlines = total_downlines+1
WHERE `user_id` = 'admin';
UPDATE `user_registration` SET right_downlines = right_downlines+1
WHERE `user_id` = 'admin';
INSERT INTO `investment` (`invest_date`, `user_id`, `type`, `amount`, `package_id`) VALUES ('2024-10-01 20:42:26', 'WX3W7T', 'register', '595', '2');
INSERT INTO `earnings` (`user_id`, `Purchaser_id`, `earning_type`, `package_id`, `amount`, `date`, `comments`, `invest_amount`, `comm_perc`, `level`, `rank_id`, `order_id`) VALUES ('5H9TH3', 'WX3W7T', 'Direct Referral Bonus', '2', '100', '2024-10-01 20:42:26', 'Direct Referral Bonus', 0, 0, 1, '', 226);
UPDATE `user_registration` SET commission_balance = ROUND(commission_balance + 100,2)
WHERE `user_id` = '5H9TH3';
UPDATE `user_registration` SET referral_bonus = ROUND(referral_bonus + 100,2)
WHERE `user_id` = '5H9TH3';
INSERT INTO `earnings` (`user_id`, `Purchaser_id`, `earning_type`, `package_id`, `amount`, `date`, `comments`, `invest_amount`, `comm_perc`, `level`, `rank_id`, `order_id`) VALUES ('7RY1ZP', 'WX3W7T', 'Expansion Bonus', '2', 100, '2024-10-01 20:42:26', 'Expansion Bonus', '100', 0, 1, '', 226);
UPDATE `user_registration` SET commission_balance = ROUND(commission_balance + 100,2)
WHERE `user_id` = '7RY1ZP';
UPDATE `user_registration` SET expansion_bonus = ROUND(expansion_bonus + 100,2)
WHERE `user_id` = '7RY1ZP';
INSERT INTO `earnings` (`user_id`, `Purchaser_id`, `earning_type`, `package_id`, `amount`, `date`, `comments`, `invest_amount`, `comm_perc`, `level`, `rank_id`, `order_id`) VALUES ('A9858P', 'WX3W7T', 'Expansion Bonus', '2', 100, '2024-10-01 20:42:26', 'Expansion Bonus', 200, 0, 1, '', 226);
UPDATE `user_registration` SET commission_balance = ROUND(commission_balance + 100,2)
WHERE `user_id` = 'A9858P';
UPDATE `user_registration` SET expansion_bonus = ROUND(expansion_bonus + 100,2)
WHERE `user_id` = 'A9858P';
INSERT INTO `matrix_filling` (`placement_id`, `downline_id`, `level`, `matrix`) VALUES ('9YZXNJ', 'WX3W7T', 1, 1);
UPDATE `bv_updation` SET right_carry = right_carry+50, total_right = total_right+50
WHERE `user_id` = '9YZXNJ';
INSERT INTO `placement_bv_update_history` (`right_carry`, `date`, `from_id`, `user_id`) VALUES ('50', '2024-10-01 20:42:26', 'WX3W7T', '9YZXNJ');
INSERT INTO `matrix_filling` (`placement_id`, `downline_id`, `level`, `matrix`) VALUES ('5H9TH3', 'WX3W7T', 2, 1);
UPDATE `bv_updation` SET right_carry = right_carry+50, total_right = total_right+50
WHERE `user_id` = '5H9TH3';
INSERT INTO `placement_bv_update_history` (`right_carry`, `date`, `from_id`, `user_id`) VALUES ('50', '2024-10-01 20:42:26', 'WX3W7T', '5H9TH3');
UPDATE `bv_updation` SET sponsor_right_carry = sponsor_right_carry+50, sponsor_total_right = sponsor_total_right+50
WHERE `user_id` = '5H9TH3';
INSERT INTO `sponsor_bv_update_history` (`right_carry`, `date`, `user_id`) VALUES ('50', '2024-10-01 20:42:26', '5H9TH3');
INSERT INTO `matrix_filling` (`placement_id`, `downline_id`, `level`, `matrix`) VALUES ('MIT9KW', 'WX3W7T', 3, 1);
UPDATE `bv_updation` SET left_carry = left_carry+50, total_left = total_left+50
WHERE `user_id` = 'MIT9KW';
INSERT INTO `placement_bv_update_history` (`left_carry`, `date`, `from_id`, `user_id`) VALUES ('50', '2024-10-01 20:42:26', 'WX3W7T', 'MIT9KW');
INSERT INTO `matrix_filling` (`placement_id`, `downline_id`, `level`, `matrix`) VALUES ('IMUABZ', 'WX3W7T', 4, 1);
UPDATE `bv_updation` SET left_carry = left_carry+50, total_left = total_left+50
WHERE `user_id` = 'IMUABZ';
INSERT INTO `placement_bv_update_history` (`left_carry`, `date`, `from_id`, `user_id`) VALUES ('50', '2024-10-01 20:42:26', 'WX3W7T', 'IMUABZ');
INSERT INTO `matrix_filling` (`placement_id`, `downline_id`, `level`, `matrix`) VALUES ('G54QC4', 'WX3W7T', 5, 1);
UPDATE `bv_updation` SET left_carry = left_carry+50, total_left = total_left+50
WHERE `user_id` = 'G54QC4';
INSERT INTO `placement_bv_update_history` (`left_carry`, `date`, `from_id`, `user_id`) VALUES ('50', '2024-10-01 20:42:26', 'WX3W7T', 'G54QC4');
INSERT INTO `matrix_filling` (`placement_id`, `downline_id`, `level`, `matrix`) VALUES ('9JPZJL', 'WX3W7T', 6, 1);
UPDATE `bv_updation` SET left_carry = left_carry+50, total_left = total_left+50
WHERE `user_id` = '9JPZJL';
INSERT INTO `placement_bv_update_history` (`left_carry`, `date`, `from_id`, `user_id`) VALUES ('50', '2024-10-01 20:42:26', 'WX3W7T', '9JPZJL');
INSERT INTO `matrix_filling` (`placement_id`, `downline_id`, `level`, `matrix`) VALUES ('E3PPZ3', 'WX3W7T', 7, 1);
UPDATE `bv_updation` SET left_carry = left_carry+50, total_left = total_left+50
WHERE `user_id` = 'E3PPZ3';
INSERT INTO `placement_bv_update_history` (`left_carry`, `date`, `from_id`, `user_id`) VALUES ('50', '2024-10-01 20:42:26', 'WX3W7T', 'E3PPZ3');
INSERT INTO `matrix_filling` (`placement_id`, `downline_id`, `level`, `matrix`) VALUES ('7RY1ZP', 'WX3W7T', 8, 1);
UPDATE `bv_updation` SET left_carry = left_carry+50, total_left = total_left+50
WHERE `user_id` = '7RY1ZP';
INSERT INTO `placement_bv_update_history` (`left_carry`, `date`, `from_id`, `user_id`) VALUES ('50', '2024-10-01 20:42:26', 'WX3W7T', '7RY1ZP');
INSERT INTO `matrix_filling` (`placement_id`, `downline_id`, `level`, `matrix`) VALUES ('ADZTOG', 'WX3W7T', 9, 1);
UPDATE `bv_updation` SET right_carry = right_carry+50, total_right = total_right+50
WHERE `user_id` = 'ADZTOG';
INSERT INTO `placement_bv_update_history` (`right_carry`, `date`, `from_id`, `user_id`) VALUES ('50', '2024-10-01 20:42:26', 'WX3W7T', 'ADZTOG');
INSERT INTO `matrix_filling` (`placement_id`, `downline_id`, `level`, `matrix`) VALUES ('A9858P', 'WX3W7T', 10, 1);
UPDATE `bv_updation` SET right_carry = right_carry+50, total_right = total_right+50
WHERE `user_id` = 'A9858P';
INSERT INTO `placement_bv_update_history` (`right_carry`, `date`, `from_id`, `user_id`) VALUES ('50', '2024-10-01 20:42:26', 'WX3W7T', 'A9858P');
INSERT INTO `matrix_filling` (`placement_id`, `downline_id`, `level`, `matrix`) VALUES ('admin', 'WX3W7T', 11, 1);
UPDATE `bv_updation` SET right_carry = right_carry+50, total_right = total_right+50
WHERE `user_id` = 'admin';
INSERT INTO `placement_bv_update_history` (`right_carry`, `date`, `from_id`, `user_id`) VALUES ('50', '2024-10-01 20:42:26', 'WX3W7T', 'admin');
INSERT INTO `package_purchase_history` (`user_id`, `package_id`, `reg_fee`, `package_name`, `monthly_fee`, `type`, `date`, `payment_option`) VALUES ('WX3W7T', '2', '595', 'Traveler Pro', '150', 'sign_up', '2024-10-01 20:42:26', 'free');
UPDATE `user_registration` SET `popup_seen` = 'yes'
WHERE `user_id` = '5H9TH3';
UPDATE `user_registration` SET `popup_seen` = 'yes'
WHERE `user_id` = '5H9TH3';
UPDATE `ci_sessions` SET `timestamp` = 1727833363, `data` = '__ci_last_regenerate|i:1727833363;id|s:4:\"2312\";user_id|s:6:\"5H9TH3\";username|s:5:\"nora1\";sponsor_id|s:6:\"7RY1ZP\";fullname|s:11:\"Nora Altuve\";email|s:15:\"nora1@gmail.com\";phone|s:10:\"3057610606\";isLogIn|b:1;'
WHERE `id` = 'b6e1c06406c8db003152ae8e8d254524f65b8e14';
UPDATE `user_registration` SET `uid` = '2452', `user_id` = 'BD2LIM', `username` = 'leonel1', `sponsor_id` = 'LUAGN1', `vacant` = 'no', `f_name` = 'Leonel', `l_name` = 'Ballestero', `address` = '8100 SW 14 Terr', `position` = 'left', `email` = 'leonel1@gmail.com', `password` = 'eab2723cd345ccf02f6d3e12c8cb78e3', `phone` = '7862876762', `country` = 'United States', `state` = 'Florida', `city` = 'Miami', `street` = '8100 SW 14 Terr', `zip_code` = '33144', `reg_ip` = '172.70.254.164', `status` = 1, `package_id` = '2', `rank_id` = 1, `highest_rank` = 1, `cycle_rank_id` = 1, `created` = '2024-10-01 20:43:33', `subscription_date` = '2024-10-31', `google_secret` = 'UDX6UZI6DU3X5PCA'
WHERE `uid` = '2452';
INSERT INTO `user_registration` (`uid`, `user_id`, `username`, `sponsor_id`, `placement_id`, `vacant`, `f_name`, `l_name`, `address`, `position`, `email`, `password`, `phone`, `reg_ip`, `status`, `created`) VALUES (NULL, 'YEZFPU', 'kMOywBRZ', 'BD2LIM', 'BD2LIM', 'yes', '', '', '', 'left', '@mail.com', '', '', '', 0, '2024-10-01 20:43:33');
INSERT INTO `user_registration` (`uid`, `user_id`, `username`, `sponsor_id`, `placement_id`, `vacant`, `f_name`, `l_name`, `address`, `position`, `email`, `password`, `phone`, `reg_ip`, `status`, `created`) VALUES (NULL, 'DKVZQP', 'XuYeHXyl', 'BD2LIM', 'BD2LIM', 'yes', '', '', '', 'right', '@mail.com', '', '', '', 0, '2024-10-01 20:43:33');
INSERT INTO `bv_updation` (`user_id`) VALUES ('BD2LIM');
UPDATE `user_registration` SET total_ref_count = total_ref_count+1
WHERE `user_id` = 'LUAGN1';
UPDATE `user_registration` SET total_downlines = total_downlines+1
WHERE `user_id` = 'JNGCQK';
UPDATE `user_registration` SET left_downlines = left_downlines+1
WHERE `user_id` = 'JNGCQK';
UPDATE `user_registration` SET total_downlines = total_downlines+1
WHERE `user_id` = 'QOHBYS';
UPDATE `user_registration` SET left_downlines = left_downlines+1
WHERE `user_id` = 'QOHBYS';
UPDATE `user_registration` SET total_downlines = total_downlines+1
WHERE `user_id` = 'LUAGN1';
UPDATE `user_registration` SET left_downlines = left_downlines+1
WHERE `user_id` = 'LUAGN1';
UPDATE `user_registration` SET left_ref_count = left_ref_count+1
WHERE `user_id` = 'LUAGN1';
UPDATE `user_registration` SET active_left = active_left+1
WHERE `user_id` = 'LUAGN1';
UPDATE `user_registration` SET total_downlines = total_downlines+1
WHERE `user_id` = '6DEXJW';
UPDATE `user_registration` SET left_downlines = left_downlines+1
WHERE `user_id` = '6DEXJW';
UPDATE `user_registration` SET total_downlines = total_downlines+1
WHERE `user_id` = 'DM1Y9N';
UPDATE `user_registration` SET right_downlines = right_downlines+1
WHERE `user_id` = 'DM1Y9N';
UPDATE `user_registration` SET total_downlines = total_downlines+1
WHERE `user_id` = 'A9858P';
UPDATE `user_registration` SET left_downlines = left_downlines+1
WHERE `user_id` = 'A9858P';
UPDATE `user_registration` SET total_downlines = total_downlines+1
WHERE `user_id` = 'admin';
UPDATE `user_registration` SET right_downlines = right_downlines+1
WHERE `user_id` = 'admin';
INSERT INTO `investment` (`invest_date`, `user_id`, `type`, `amount`, `package_id`) VALUES ('2024-10-01 20:43:33', 'BD2LIM', 'register', '595', '2');
INSERT INTO `earnings` (`user_id`, `Purchaser_id`, `earning_type`, `package_id`, `amount`, `date`, `comments`, `invest_amount`, `comm_perc`, `level`, `rank_id`, `order_id`) VALUES ('LUAGN1', 'BD2LIM', 'Direct Referral Bonus', '2', '100', '2024-10-01 20:43:33', 'Direct Referral Bonus', 0, 0, 1, '', 227);
UPDATE `user_registration` SET commission_balance = ROUND(commission_balance + 100,2)
WHERE `user_id` = 'LUAGN1';
UPDATE `user_registration` SET referral_bonus = ROUND(referral_bonus + 100,2)
WHERE `user_id` = 'LUAGN1';
INSERT INTO `earnings` (`user_id`, `Purchaser_id`, `earning_type`, `package_id`, `amount`, `date`, `comments`, `invest_amount`, `comm_perc`, `level`, `rank_id`, `order_id`) VALUES ('DM1Y9N', 'BD2LIM', 'Expansion Bonus', '2', 100, '2024-10-01 20:43:33', 'Expansion Bonus', '100', 0, 1, '', 227);
UPDATE `user_registration` SET commission_balance = ROUND(commission_balance + 100,2)
WHERE `user_id` = 'DM1Y9N';
UPDATE `user_registration` SET expansion_bonus = ROUND(expansion_bonus + 100,2)
WHERE `user_id` = 'DM1Y9N';
INSERT INTO `earnings` (`user_id`, `Purchaser_id`, `earning_type`, `package_id`, `amount`, `date`, `comments`, `invest_amount`, `comm_perc`, `level`, `rank_id`, `order_id`) VALUES ('A9858P', 'BD2LIM', 'Expansion Bonus', '2', 100, '2024-10-01 20:43:33', 'Expansion Bonus', 200, 0, 1, '', 227);
UPDATE `user_registration` SET commission_balance = ROUND(commission_balance + 100,2)
WHERE `user_id` = 'A9858P';
UPDATE `user_registration` SET expansion_bonus = ROUND(expansion_bonus + 100,2)
WHERE `user_id` = 'A9858P';
INSERT INTO `matrix_filling` (`placement_id`, `downline_id`, `level`, `matrix`) VALUES ('JNGCQK', 'BD2LIM', 1, 1);
UPDATE `bv_updation` SET left_carry = left_carry+50, total_left = total_left+50
WHERE `user_id` = 'JNGCQK';
INSERT INTO `placement_bv_update_history` (`left_carry`, `date`, `from_id`, `user_id`) VALUES ('50', '2024-10-01 20:43:33', 'BD2LIM', 'JNGCQK');
INSERT INTO `matrix_filling` (`placement_id`, `downline_id`, `level`, `matrix`) VALUES ('QOHBYS', 'BD2LIM', 2, 1);
UPDATE `bv_updation` SET left_carry = left_carry+50, total_left = total_left+50
WHERE `user_id` = 'QOHBYS';
INSERT INTO `placement_bv_update_history` (`left_carry`, `date`, `from_id`, `user_id`) VALUES ('50', '2024-10-01 20:43:33', 'BD2LIM', 'QOHBYS');
INSERT INTO `matrix_filling` (`placement_id`, `downline_id`, `level`, `matrix`) VALUES ('LUAGN1', 'BD2LIM', 3, 1);
UPDATE `bv_updation` SET left_carry = left_carry+50, total_left = total_left+50
WHERE `user_id` = 'LUAGN1';
INSERT INTO `placement_bv_update_history` (`left_carry`, `date`, `from_id`, `user_id`) VALUES ('50', '2024-10-01 20:43:33', 'BD2LIM', 'LUAGN1');
UPDATE `bv_updation` SET sponsor_left_carry = sponsor_left_carry+50, sponsor_total_left = sponsor_total_left+50
WHERE `user_id` = 'LUAGN1';
INSERT INTO `sponsor_bv_update_history` (`left_carry`, `date`, `user_id`) VALUES ('50', '2024-10-01 20:43:33', 'LUAGN1');
INSERT INTO `matrix_filling` (`placement_id`, `downline_id`, `level`, `matrix`) VALUES ('6DEXJW', 'BD2LIM', 4, 1);
UPDATE `bv_updation` SET left_carry = left_carry+50, total_left = total_left+50
WHERE `user_id` = '6DEXJW';
INSERT INTO `placement_bv_update_history` (`left_carry`, `date`, `from_id`, `user_id`) VALUES ('50', '2024-10-01 20:43:33', 'BD2LIM', '6DEXJW');
INSERT INTO `matrix_filling` (`placement_id`, `downline_id`, `level`, `matrix`) VALUES ('DM1Y9N', 'BD2LIM', 5, 1);
UPDATE `bv_updation` SET right_carry = right_carry+50, total_right = total_right+50
WHERE `user_id` = 'DM1Y9N';
INSERT INTO `placement_bv_update_history` (`right_carry`, `date`, `from_id`, `user_id`) VALUES ('50', '2024-10-01 20:43:33', 'BD2LIM', 'DM1Y9N');
INSERT INTO `matrix_filling` (`placement_id`, `downline_id`, `level`, `matrix`) VALUES ('A9858P', 'BD2LIM', 6, 1);
UPDATE `bv_updation` SET left_carry = left_carry+50, total_left = total_left+50
WHERE `user_id` = 'A9858P';
INSERT INTO `placement_bv_update_history` (`left_carry`, `date`, `from_id`, `user_id`) VALUES ('50', '2024-10-01 20:43:33', 'BD2LIM', 'A9858P');
INSERT INTO `matrix_filling` (`placement_id`, `downline_id`, `level`, `matrix`) VALUES ('admin', 'BD2LIM', 7, 1);
UPDATE `bv_updation` SET right_carry = right_carry+50, total_right = total_right+50
WHERE `user_id` = 'admin';
INSERT INTO `placement_bv_update_history` (`right_carry`, `date`, `from_id`, `user_id`) VALUES ('50', '2024-10-01 20:43:33', 'BD2LIM', 'admin');
INSERT INTO `package_purchase_history` (`user_id`, `package_id`, `reg_fee`, `package_name`, `monthly_fee`, `type`, `date`, `payment_option`) VALUES ('BD2LIM', '2', '595', 'Traveler Pro', '150', 'sign_up', '2024-10-01 20:43:33', 'free');
UPDATE `user_registration` SET `uid` = '2459', `user_id` = 'JYNGFQ', `username` = 'vasilio1', `sponsor_id` = '5H9TH3', `vacant` = 'no', `f_name` = 'Vasilio', `l_name` = 'Maspon', `address` = '6520 Kendale Lakes Dr', `position` = 'right', `email` = 'vasilio1@gmail.com', `password` = '5b6033fd849742a533cd67cf72cf90b7', `phone` = '3057610606', `country` = 'United States', `state` = 'Florida', `city` = 'Miami', `street` = '6520 Kendale Lakes Dr', `zip_code` = '33183', `reg_ip` = '172.70.255.208', `status` = 1, `package_id` = '2', `rank_id` = 1, `highest_rank` = 1, `cycle_rank_id` = 1, `created` = '2024-10-01 20:43:57', `subscription_date` = '2024-10-31', `google_secret` = 'I7HTLLKBUUH3LEIF'
WHERE `uid` = '2459';
INSERT INTO `user_registration` (`uid`, `user_id`, `username`, `sponsor_id`, `placement_id`, `vacant`, `f_name`, `l_name`, `address`, `position`, `email`, `password`, `phone`, `reg_ip`, `status`, `created`) VALUES (NULL, 'UEUDVP', 'jYszcYLC', 'JYNGFQ', 'JYNGFQ', 'yes', '', '', '', 'left', '@mail.com', '', '', '', 0, '2024-10-01 20:43:57');
INSERT INTO `user_registration` (`uid`, `user_id`, `username`, `sponsor_id`, `placement_id`, `vacant`, `f_name`, `l_name`, `address`, `position`, `email`, `password`, `phone`, `reg_ip`, `status`, `created`) VALUES (NULL, 'WJAYOS', 'KDRpjCcZ', 'JYNGFQ', 'JYNGFQ', 'yes', '', '', '', 'right', '@mail.com', '', '', '', 0, '2024-10-01 20:43:57');
INSERT INTO `bv_updation` (`user_id`) VALUES ('JYNGFQ');
UPDATE `user_registration` SET total_ref_count = total_ref_count+1
WHERE `user_id` = '5H9TH3';
UPDATE `user_registration` SET total_downlines = total_downlines+1
WHERE `user_id` = 'WX3W7T';
UPDATE `user_registration` SET right_downlines = right_downlines+1
WHERE `user_id` = 'WX3W7T';
UPDATE `user_registration` SET total_downlines = total_downlines+1
WHERE `user_id` = '9YZXNJ';
UPDATE `user_registration` SET right_downlines = right_downlines+1
WHERE `user_id` = '9YZXNJ';
UPDATE `user_registration` SET total_downlines = total_downlines+1
WHERE `user_id` = '5H9TH3';
UPDATE `user_registration` SET right_downlines = right_downlines+1
WHERE `user_id` = '5H9TH3';
UPDATE `user_registration` SET right_ref_count = right_ref_count+1
WHERE `user_id` = '5H9TH3';
UPDATE `user_registration` SET active_right = active_right+1
WHERE `user_id` = '5H9TH3';
UPDATE `user_registration` SET total_downlines = total_downlines+1
WHERE `user_id` = 'MIT9KW';
UPDATE `user_registration` SET left_downlines = left_downlines+1
WHERE `user_id` = 'MIT9KW';
UPDATE `user_registration` SET total_downlines = total_downlines+1
WHERE `user_id` = 'IMUABZ';
UPDATE `user_registration` SET left_downlines = left_downlines+1
WHERE `user_id` = 'IMUABZ';
UPDATE `user_registration` SET total_downlines = total_downlines+1
WHERE `user_id` = 'G54QC4';
UPDATE `user_registration` SET left_downlines = left_downlines+1
WHERE `user_id` = 'G54QC4';
UPDATE `user_registration` SET total_downlines = total_downlines+1
WHERE `user_id` = '9JPZJL';
UPDATE `user_registration` SET left_downlines = left_downlines+1
WHERE `user_id` = '9JPZJL';
UPDATE `user_registration` SET total_downlines = total_downlines+1
WHERE `user_id` = 'E3PPZ3';
UPDATE `user_registration` SET left_downlines = left_downlines+1
WHERE `user_id` = 'E3PPZ3';
UPDATE `user_registration` SET total_downlines = total_downlines+1
WHERE `user_id` = '7RY1ZP';
UPDATE `user_registration` SET left_downlines = left_downlines+1
WHERE `user_id` = '7RY1ZP';
UPDATE `user_registration` SET total_downlines = total_downlines+1
WHERE `user_id` = 'ADZTOG';
UPDATE `user_registration` SET right_downlines = right_downlines+1
WHERE `user_id` = 'ADZTOG';
UPDATE `user_registration` SET total_downlines = total_downlines+1
WHERE `user_id` = 'A9858P';
UPDATE `user_registration` SET right_downlines = right_downlines+1
WHERE `user_id` = 'A9858P';
UPDATE `user_registration` SET total_downlines = total_downlines+1
WHERE `user_id` = 'admin';
UPDATE `user_registration` SET right_downlines = right_downlines+1
WHERE `user_id` = 'admin';
INSERT INTO `investment` (`invest_date`, `user_id`, `type`, `amount`, `package_id`) VALUES ('2024-10-01 20:43:57', 'JYNGFQ', 'register', '595', '2');
INSERT INTO `earnings` (`user_id`, `Purchaser_id`, `earning_type`, `package_id`, `amount`, `date`, `comments`, `invest_amount`, `comm_perc`, `level`, `rank_id`, `order_id`) VALUES ('5H9TH3', 'JYNGFQ', 'Direct Referral Bonus', '2', '100', '2024-10-01 20:43:57', 'Direct Referral Bonus', 0, 0, 1, '', 228);
UPDATE `user_registration` SET commission_balance = ROUND(commission_balance + 100,2)
WHERE `user_id` = '5H9TH3';
UPDATE `user_registration` SET referral_bonus = ROUND(referral_bonus + 100,2)
WHERE `user_id` = '5H9TH3';
INSERT INTO `earnings` (`user_id`, `Purchaser_id`, `earning_type`, `package_id`, `amount`, `date`, `comments`, `invest_amount`, `comm_perc`, `level`, `rank_id`, `order_id`) VALUES ('7RY1ZP', 'JYNGFQ', 'Expansion Bonus', '2', 100, '2024-10-01 20:43:57', 'Expansion Bonus', '100', 0, 1, '', 228);
UPDATE `user_registration` SET commission_balance = ROUND(commission_balance + 100,2)
WHERE `user_id` = '7RY1ZP';
UPDATE `user_registration` SET expansion_bonus = ROUND(expansion_bonus + 100,2)
WHERE `user_id` = '7RY1ZP';
INSERT INTO `earnings` (`user_id`, `Purchaser_id`, `earning_type`, `package_id`, `amount`, `date`, `comments`, `invest_amount`, `comm_perc`, `level`, `rank_id`, `order_id`) VALUES ('A9858P', 'JYNGFQ', 'Expansion Bonus', '2', 100, '2024-10-01 20:43:57', 'Expansion Bonus', 200, 0, 1, '', 228);
UPDATE `user_registration` SET commission_balance = ROUND(commission_balance + 100,2)
WHERE `user_id` = 'A9858P';
UPDATE `user_registration` SET expansion_bonus = ROUND(expansion_bonus + 100,2)
WHERE `user_id` = 'A9858P';
INSERT INTO `matrix_filling` (`placement_id`, `downline_id`, `level`, `matrix`) VALUES ('WX3W7T', 'JYNGFQ', 1, 1);
UPDATE `bv_updation` SET right_carry = right_carry+50, total_right = total_right+50
WHERE `user_id` = 'WX3W7T';
INSERT INTO `placement_bv_update_history` (`right_carry`, `date`, `from_id`, `user_id`) VALUES ('50', '2024-10-01 20:43:57', 'JYNGFQ', 'WX3W7T');
INSERT INTO `matrix_filling` (`placement_id`, `downline_id`, `level`, `matrix`) VALUES ('9YZXNJ', 'JYNGFQ', 2, 1);
UPDATE `bv_updation` SET right_carry = right_carry+50, total_right = total_right+50
WHERE `user_id` = '9YZXNJ';
INSERT INTO `placement_bv_update_history` (`right_carry`, `date`, `from_id`, `user_id`) VALUES ('50', '2024-10-01 20:43:57', 'JYNGFQ', '9YZXNJ');
INSERT INTO `matrix_filling` (`placement_id`, `downline_id`, `level`, `matrix`) VALUES ('5H9TH3', 'JYNGFQ', 3, 1);
UPDATE `bv_updation` SET right_carry = right_carry+50, total_right = total_right+50
WHERE `user_id` = '5H9TH3';
INSERT INTO `placement_bv_update_history` (`right_carry`, `date`, `from_id`, `user_id`) VALUES ('50', '2024-10-01 20:43:57', 'JYNGFQ', '5H9TH3');
UPDATE `bv_updation` SET sponsor_right_carry = sponsor_right_carry+50, sponsor_total_right = sponsor_total_right+50
WHERE `user_id` = '5H9TH3';
INSERT INTO `sponsor_bv_update_history` (`right_carry`, `date`, `user_id`) VALUES ('50', '2024-10-01 20:43:57', '5H9TH3');
INSERT INTO `matrix_filling` (`placement_id`, `downline_id`, `level`, `matrix`) VALUES ('MIT9KW', 'JYNGFQ', 4, 1);
UPDATE `bv_updation` SET left_carry = left_carry+50, total_left = total_left+50
WHERE `user_id` = 'MIT9KW';
INSERT INTO `placement_bv_update_history` (`left_carry`, `date`, `from_id`, `user_id`) VALUES ('50', '2024-10-01 20:43:57', 'JYNGFQ', 'MIT9KW');
INSERT INTO `matrix_filling` (`placement_id`, `downline_id`, `level`, `matrix`) VALUES ('IMUABZ', 'JYNGFQ', 5, 1);
UPDATE `bv_updation` SET left_carry = left_carry+50, total_left = total_left+50
WHERE `user_id` = 'IMUABZ';
INSERT INTO `placement_bv_update_history` (`left_carry`, `date`, `from_id`, `user_id`) VALUES ('50', '2024-10-01 20:43:57', 'JYNGFQ', 'IMUABZ');
INSERT INTO `matrix_filling` (`placement_id`, `downline_id`, `level`, `matrix`) VALUES ('G54QC4', 'JYNGFQ', 6, 1);
UPDATE `bv_updation` SET left_carry = left_carry+50, total_left = total_left+50
WHERE `user_id` = 'G54QC4';
INSERT INTO `placement_bv_update_history` (`left_carry`, `date`, `from_id`, `user_id`) VALUES ('50', '2024-10-01 20:43:57', 'JYNGFQ', 'G54QC4');
INSERT INTO `matrix_filling` (`placement_id`, `downline_id`, `level`, `matrix`) VALUES ('9JPZJL', 'JYNGFQ', 7, 1);
UPDATE `bv_updation` SET left_carry = left_carry+50, total_left = total_left+50
WHERE `user_id` = '9JPZJL';
INSERT INTO `placement_bv_update_history` (`left_carry`, `date`, `from_id`, `user_id`) VALUES ('50', '2024-10-01 20:43:57', 'JYNGFQ', '9JPZJL');
INSERT INTO `matrix_filling` (`placement_id`, `downline_id`, `level`, `matrix`) VALUES ('E3PPZ3', 'JYNGFQ', 8, 1);
UPDATE `bv_updation` SET left_carry = left_carry+50, total_left = total_left+50
WHERE `user_id` = 'E3PPZ3';
INSERT INTO `placement_bv_update_history` (`left_carry`, `date`, `from_id`, `user_id`) VALUES ('50', '2024-10-01 20:43:57', 'JYNGFQ', 'E3PPZ3');
INSERT INTO `matrix_filling` (`placement_id`, `downline_id`, `level`, `matrix`) VALUES ('7RY1ZP', 'JYNGFQ', 9, 1);
UPDATE `bv_updation` SET left_carry = left_carry+50, total_left = total_left+50
WHERE `user_id` = '7RY1ZP';
INSERT INTO `placement_bv_update_history` (`left_carry`, `date`, `from_id`, `user_id`) VALUES ('50', '2024-10-01 20:43:57', 'JYNGFQ', '7RY1ZP');
INSERT INTO `matrix_filling` (`placement_id`, `downline_id`, `level`, `matrix`) VALUES ('ADZTOG', 'JYNGFQ', 10, 1);
UPDATE `bv_updation` SET right_carry = right_carry+50, total_right = total_right+50
WHERE `user_id` = 'ADZTOG';
INSERT INTO `placement_bv_update_history` (`right_carry`, `date`, `from_id`, `user_id`) VALUES ('50', '2024-10-01 20:43:57', 'JYNGFQ', 'ADZTOG');
INSERT INTO `matrix_filling` (`placement_id`, `downline_id`, `level`, `matrix`) VALUES ('A9858P', 'JYNGFQ', 11, 1);
UPDATE `bv_updation` SET right_carry = right_carry+50, total_right = total_right+50
WHERE `user_id` = 'A9858P';
INSERT INTO `placement_bv_update_history` (`right_carry`, `date`, `from_id`, `user_id`) VALUES ('50', '2024-10-01 20:43:57', 'JYNGFQ', 'A9858P');
INSERT INTO `matrix_filling` (`placement_id`, `downline_id`, `level`, `matrix`) VALUES ('admin', 'JYNGFQ', 12, 1);
UPDATE `bv_updation` SET right_carry = right_carry+50, total_right = total_right+50
WHERE `user_id` = 'admin';
INSERT INTO `placement_bv_update_history` (`right_carry`, `date`, `from_id`, `user_id`) VALUES ('50', '2024-10-01 20:43:57', 'JYNGFQ', 'admin');
INSERT INTO `package_purchase_history` (`user_id`, `package_id`, `reg_fee`, `package_name`, `monthly_fee`, `type`, `date`, `payment_option`) VALUES ('JYNGFQ', '2', '595', 'Traveler Pro', '150', 'sign_up', '2024-10-01 20:43:57', 'free');
UPDATE `user_registration` SET `uid` = '2463', `user_id` = 'XSYB8S', `username` = 'gloria1', `sponsor_id` = '5H9TH3', `vacant` = 'no', `f_name` = 'gloria', `l_name` = 'Ortega', `address` = '6520 Kendale Lakes Dr', `position` = 'right', `email` = 'gloria1@gmail.com', `password` = '9ffa1aebc0303c57da6ebd95e263507e', `phone` = '3057610606', `country` = 'United States', `state` = 'Florida', `city` = 'Miami', `street` = '6520 Kendale Lakes Dr', `zip_code` = '33183', `reg_ip` = '172.69.132.137', `status` = 1, `package_id` = '2', `rank_id` = 1, `highest_rank` = 1, `cycle_rank_id` = 1, `created` = '2024-10-01 20:45:12', `subscription_date` = '2024-10-31', `google_secret` = 'UVEWLULIFYQDY7BM'
WHERE `uid` = '2463';
INSERT INTO `user_registration` (`uid`, `user_id`, `username`, `sponsor_id`, `placement_id`, `vacant`, `f_name`, `l_name`, `address`, `position`, `email`, `password`, `phone`, `reg_ip`, `status`, `created`) VALUES (NULL, 'JVTCXM', 'jiZKCnPf', 'XSYB8S', 'XSYB8S', 'yes', '', '', '', 'left', '@mail.com', '', '', '', 0, '2024-10-01 20:45:12');
INSERT INTO `user_registration` (`uid`, `user_id`, `username`, `sponsor_id`, `placement_id`, `vacant`, `f_name`, `l_name`, `address`, `position`, `email`, `password`, `phone`, `reg_ip`, `status`, `created`) VALUES (NULL, 'TVFQOV', 'hgYCGGDQ', 'XSYB8S', 'XSYB8S', 'yes', '', '', '', 'right', '@mail.com', '', '', '', 0, '2024-10-01 20:45:12');
INSERT INTO `bv_updation` (`user_id`) VALUES ('XSYB8S');
UPDATE `user_registration` SET total_ref_count = total_ref_count+1
WHERE `user_id` = '5H9TH3';
UPDATE `user_registration` SET total_downlines = total_downlines+1
WHERE `user_id` = 'JYNGFQ';
UPDATE `user_registration` SET right_downlines = right_downlines+1
WHERE `user_id` = 'JYNGFQ';
UPDATE `user_registration` SET total_downlines = total_downlines+1
WHERE `user_id` = 'WX3W7T';
UPDATE `user_registration` SET right_downlines = right_downlines+1
WHERE `user_id` = 'WX3W7T';
UPDATE `user_registration` SET total_downlines = total_downlines+1
WHERE `user_id` = '9YZXNJ';
UPDATE `user_registration` SET right_downlines = right_downlines+1
WHERE `user_id` = '9YZXNJ';
UPDATE `user_registration` SET total_downlines = total_downlines+1
WHERE `user_id` = '5H9TH3';
UPDATE `user_registration` SET right_downlines = right_downlines+1
WHERE `user_id` = '5H9TH3';
UPDATE `user_registration` SET right_ref_count = right_ref_count+1
WHERE `user_id` = '5H9TH3';
UPDATE `user_registration` SET active_right = active_right+1
WHERE `user_id` = '5H9TH3';
UPDATE `user_registration` SET total_downlines = total_downlines+1
WHERE `user_id` = 'MIT9KW';
UPDATE `user_registration` SET left_downlines = left_downlines+1
WHERE `user_id` = 'MIT9KW';
UPDATE `user_registration` SET total_downlines = total_downlines+1
WHERE `user_id` = 'IMUABZ';
UPDATE `user_registration` SET left_downlines = left_downlines+1
WHERE `user_id` = 'IMUABZ';
UPDATE `user_registration` SET total_downlines = total_downlines+1
WHERE `user_id` = 'G54QC4';
UPDATE `user_registration` SET left_downlines = left_downlines+1
WHERE `user_id` = 'G54QC4';
UPDATE `user_registration` SET total_downlines = total_downlines+1
WHERE `user_id` = '9JPZJL';
UPDATE `user_registration` SET left_downlines = left_downlines+1
WHERE `user_id` = '9JPZJL';
UPDATE `user_registration` SET total_downlines = total_downlines+1
WHERE `user_id` = 'E3PPZ3';
UPDATE `user_registration` SET left_downlines = left_downlines+1
WHERE `user_id` = 'E3PPZ3';
UPDATE `user_registration` SET total_downlines = total_downlines+1
WHERE `user_id` = '7RY1ZP';
UPDATE `user_registration` SET left_downlines = left_downlines+1
WHERE `user_id` = '7RY1ZP';
UPDATE `user_registration` SET total_downlines = total_downlines+1
WHERE `user_id` = 'ADZTOG';
UPDATE `user_registration` SET right_downlines = right_downlines+1
WHERE `user_id` = 'ADZTOG';
UPDATE `user_registration` SET total_downlines = total_downlines+1
WHERE `user_id` = 'A9858P';
UPDATE `user_registration` SET right_downlines = right_downlines+1
WHERE `user_id` = 'A9858P';
UPDATE `user_registration` SET total_downlines = total_downlines+1
WHERE `user_id` = 'admin';
UPDATE `user_registration` SET right_downlines = right_downlines+1
WHERE `user_id` = 'admin';
INSERT INTO `investment` (`invest_date`, `user_id`, `type`, `amount`, `package_id`) VALUES ('2024-10-01 20:45:12', 'XSYB8S', 'register', '595', '2');
INSERT INTO `earnings` (`user_id`, `Purchaser_id`, `earning_type`, `package_id`, `amount`, `date`, `comments`, `invest_amount`, `comm_perc`, `level`, `rank_id`, `order_id`) VALUES ('5H9TH3', 'XSYB8S', 'Direct Referral Bonus', '2', '100', '2024-10-01 20:45:12', 'Direct Referral Bonus', 0, 0, 1, '', 229);
UPDATE `user_registration` SET commission_balance = ROUND(commission_balance + 100,2)
WHERE `user_id` = '5H9TH3';
UPDATE `user_registration` SET referral_bonus = ROUND(referral_bonus + 100,2)
WHERE `user_id` = '5H9TH3';
INSERT INTO `earnings` (`user_id`, `Purchaser_id`, `earning_type`, `package_id`, `amount`, `date`, `comments`, `invest_amount`, `comm_perc`, `level`, `rank_id`, `order_id`) VALUES ('7RY1ZP', 'XSYB8S', 'Expansion Bonus', '2', 100, '2024-10-01 20:45:12', 'Expansion Bonus', '100', 0, 1, '', 229);
UPDATE `user_registration` SET commission_balance = ROUND(commission_balance + 100,2)
WHERE `user_id` = '7RY1ZP';
UPDATE `user_registration` SET expansion_bonus = ROUND(expansion_bonus + 100,2)
WHERE `user_id` = '7RY1ZP';
INSERT INTO `earnings` (`user_id`, `Purchaser_id`, `earning_type`, `package_id`, `amount`, `date`, `comments`, `invest_amount`, `comm_perc`, `level`, `rank_id`, `order_id`) VALUES ('A9858P', 'XSYB8S', 'Expansion Bonus', '2', 100, '2024-10-01 20:45:12', 'Expansion Bonus', 200, 0, 1, '', 229);
UPDATE `user_registration` SET commission_balance = ROUND(commission_balance + 100,2)
WHERE `user_id` = 'A9858P';
UPDATE `user_registration` SET expansion_bonus = ROUND(expansion_bonus + 100,2)
WHERE `user_id` = 'A9858P';
INSERT INTO `matrix_filling` (`placement_id`, `downline_id`, `level`, `matrix`) VALUES ('JYNGFQ', 'XSYB8S', 1, 1);
UPDATE `bv_updation` SET right_carry = right_carry+50, total_right = total_right+50
WHERE `user_id` = 'JYNGFQ';
INSERT INTO `placement_bv_update_history` (`right_carry`, `date`, `from_id`, `user_id`) VALUES ('50', '2024-10-01 20:45:12', 'XSYB8S', 'JYNGFQ');
INSERT INTO `matrix_filling` (`placement_id`, `downline_id`, `level`, `matrix`) VALUES ('WX3W7T', 'XSYB8S', 2, 1);
UPDATE `bv_updation` SET right_carry = right_carry+50, total_right = total_right+50
WHERE `user_id` = 'WX3W7T';
INSERT INTO `placement_bv_update_history` (`right_carry`, `date`, `from_id`, `user_id`) VALUES ('50', '2024-10-01 20:45:12', 'XSYB8S', 'WX3W7T');
INSERT INTO `matrix_filling` (`placement_id`, `downline_id`, `level`, `matrix`) VALUES ('9YZXNJ', 'XSYB8S', 3, 1);
UPDATE `bv_updation` SET right_carry = right_carry+50, total_right = total_right+50
WHERE `user_id` = '9YZXNJ';
INSERT INTO `placement_bv_update_history` (`right_carry`, `date`, `from_id`, `user_id`) VALUES ('50', '2024-10-01 20:45:12', 'XSYB8S', '9YZXNJ');
INSERT INTO `matrix_filling` (`placement_id`, `downline_id`, `level`, `matrix`) VALUES ('5H9TH3', 'XSYB8S', 4, 1);
UPDATE `bv_updation` SET right_carry = right_carry+50, total_right = total_right+50
WHERE `user_id` = '5H9TH3';
INSERT INTO `placement_bv_update_history` (`right_carry`, `date`, `from_id`, `user_id`) VALUES ('50', '2024-10-01 20:45:12', 'XSYB8S', '5H9TH3');
UPDATE `bv_updation` SET sponsor_right_carry = sponsor_right_carry+50, sponsor_total_right = sponsor_total_right+50
WHERE `user_id` = '5H9TH3';
INSERT INTO `sponsor_bv_update_history` (`right_carry`, `date`, `user_id`) VALUES ('50', '2024-10-01 20:45:12', '5H9TH3');
INSERT INTO `matrix_filling` (`placement_id`, `downline_id`, `level`, `matrix`) VALUES ('MIT9KW', 'XSYB8S', 5, 1);
UPDATE `bv_updation` SET left_carry = left_carry+50, total_left = total_left+50
WHERE `user_id` = 'MIT9KW';
INSERT INTO `placement_bv_update_history` (`left_carry`, `date`, `from_id`, `user_id`) VALUES ('50', '2024-10-01 20:45:12', 'XSYB8S', 'MIT9KW');
INSERT INTO `matrix_filling` (`placement_id`, `downline_id`, `level`, `matrix`) VALUES ('IMUABZ', 'XSYB8S', 6, 1);
UPDATE `bv_updation` SET left_carry = left_carry+50, total_left = total_left+50
WHERE `user_id` = 'IMUABZ';
INSERT INTO `placement_bv_update_history` (`left_carry`, `date`, `from_id`, `user_id`) VALUES ('50', '2024-10-01 20:45:12', 'XSYB8S', 'IMUABZ');
INSERT INTO `matrix_filling` (`placement_id`, `downline_id`, `level`, `matrix`) VALUES ('G54QC4', 'XSYB8S', 7, 1);
UPDATE `bv_updation` SET left_carry = left_carry+50, total_left = total_left+50
WHERE `user_id` = 'G54QC4';
INSERT INTO `placement_bv_update_history` (`left_carry`, `date`, `from_id`, `user_id`) VALUES ('50', '2024-10-01 20:45:12', 'XSYB8S', 'G54QC4');
INSERT INTO `matrix_filling` (`placement_id`, `downline_id`, `level`, `matrix`) VALUES ('9JPZJL', 'XSYB8S', 8, 1);
UPDATE `bv_updation` SET left_carry = left_carry+50, total_left = total_left+50
WHERE `user_id` = '9JPZJL';
INSERT INTO `placement_bv_update_history` (`left_carry`, `date`, `from_id`, `user_id`) VALUES ('50', '2024-10-01 20:45:12', 'XSYB8S', '9JPZJL');
INSERT INTO `matrix_filling` (`placement_id`, `downline_id`, `level`, `matrix`) VALUES ('E3PPZ3', 'XSYB8S', 9, 1);
UPDATE `bv_updation` SET left_carry = left_carry+50, total_left = total_left+50
WHERE `user_id` = 'E3PPZ3';
INSERT INTO `placement_bv_update_history` (`left_carry`, `date`, `from_id`, `user_id`) VALUES ('50', '2024-10-01 20:45:12', 'XSYB8S', 'E3PPZ3');
INSERT INTO `matrix_filling` (`placement_id`, `downline_id`, `level`, `matrix`) VALUES ('7RY1ZP', 'XSYB8S', 10, 1);
UPDATE `bv_updation` SET left_carry = left_carry+50, total_left = total_left+50
WHERE `user_id` = '7RY1ZP';
INSERT INTO `placement_bv_update_history` (`left_carry`, `date`, `from_id`, `user_id`) VALUES ('50', '2024-10-01 20:45:12', 'XSYB8S', '7RY1ZP');
INSERT INTO `matrix_filling` (`placement_id`, `downline_id`, `level`, `matrix`) VALUES ('ADZTOG', 'XSYB8S', 11, 1);
UPDATE `bv_updation` SET right_carry = right_carry+50, total_right = total_right+50
WHERE `user_id` = 'ADZTOG';
INSERT INTO `placement_bv_update_history` (`right_carry`, `date`, `from_id`, `user_id`) VALUES ('50', '2024-10-01 20:45:12', 'XSYB8S', 'ADZTOG');
INSERT INTO `matrix_filling` (`placement_id`, `downline_id`, `level`, `matrix`) VALUES ('A9858P', 'XSYB8S', 12, 1);
UPDATE `bv_updation` SET right_carry = right_carry+50, total_right = total_right+50
WHERE `user_id` = 'A9858P';
INSERT INTO `placement_bv_update_history` (`right_carry`, `date`, `from_id`, `user_id`) VALUES ('50', '2024-10-01 20:45:12', 'XSYB8S', 'A9858P');
INSERT INTO `matrix_filling` (`placement_id`, `downline_id`, `level`, `matrix`) VALUES ('admin', 'XSYB8S', 13, 1);
UPDATE `bv_updation` SET right_carry = right_carry+50, total_right = total_right+50
WHERE `user_id` = 'admin';
INSERT INTO `placement_bv_update_history` (`right_carry`, `date`, `from_id`, `user_id`) VALUES ('50', '2024-10-01 20:45:12', 'XSYB8S', 'admin');
INSERT INTO `package_purchase_history` (`user_id`, `package_id`, `reg_fee`, `package_name`, `monthly_fee`, `type`, `date`, `payment_option`) VALUES ('XSYB8S', '2', '595', 'Traveler Pro', '150', 'sign_up', '2024-10-01 20:45:12', 'free');
UPDATE `user_registration` SET `popup_seen` = 'yes'
WHERE `user_id` = '5H9TH3';
UPDATE `ci_sessions` SET `timestamp` = 1727833552, `data` = '__ci_last_regenerate|i:1727833552;id|s:4:\"2184\";user_id|s:6:\"LUAGN1\";username|s:11:\"juancarlos1\";sponsor_id|s:6:\"6DEXJW\";fullname|s:17:\"Juan Carlos Perez\";email|s:21:\"juancarlos1@gmail.com\";phone|s:10:\"7862876762\";isLogIn|b:1;'
WHERE `id` = '1cfbeef75a251fce804b7f6789b1f675facb50f7';
UPDATE `user_registration` SET `uid` = '2455', `user_id` = 'Y741WF', `username` = 'lizzeth1', `sponsor_id` = 'LUAGN1', `vacant` = 'no', `f_name` = 'Lizzeth', `l_name` = 'Berrios', `address` = '8100 SW 14 Terr', `position` = 'right', `email` = 'lizzeth1@gmail.com', `password` = 'eab2723cd345ccf02f6d3e12c8cb78e3', `phone` = '7862876762', `country` = 'United States', `state` = 'Florida', `city` = 'Miami', `street` = '8100 SW 14 Terr', `zip_code` = '33144', `reg_ip` = '108.162.212.137', `status` = 1, `package_id` = '2', `rank_id` = 1, `highest_rank` = 1, `cycle_rank_id` = 1, `created` = '2024-10-01 20:45:52', `subscription_date` = '2024-10-31', `google_secret` = 'O6XOF3WTK5VGHCCH'
WHERE `uid` = '2455';
INSERT INTO `user_registration` (`uid`, `user_id`, `username`, `sponsor_id`, `placement_id`, `vacant`, `f_name`, `l_name`, `address`, `position`, `email`, `password`, `phone`, `reg_ip`, `status`, `created`) VALUES (NULL, 'GHOFUJ', 'pFSCyZyg', 'Y741WF', 'Y741WF', 'yes', '', '', '', 'left', '@mail.com', '', '', '', 0, '2024-10-01 20:45:52');
INSERT INTO `user_registration` (`uid`, `user_id`, `username`, `sponsor_id`, `placement_id`, `vacant`, `f_name`, `l_name`, `address`, `position`, `email`, `password`, `phone`, `reg_ip`, `status`, `created`) VALUES (NULL, 'UXSKOE', 'AMripBcx', 'Y741WF', 'Y741WF', 'yes', '', '', '', 'right', '@mail.com', '', '', '', 0, '2024-10-01 20:45:52');
INSERT INTO `bv_updation` (`user_id`) VALUES ('Y741WF');
UPDATE `user_registration` SET total_ref_count = total_ref_count+1
WHERE `user_id` = 'LUAGN1';
UPDATE `user_registration` SET total_downlines = total_downlines+1
WHERE `user_id` = 'JLTMOH';
UPDATE `user_registration` SET right_downlines = right_downlines+1
WHERE `user_id` = 'JLTMOH';
UPDATE `user_registration` SET total_downlines = total_downlines+1
WHERE `user_id` = 'NS15G5';
UPDATE `user_registration` SET right_downlines = right_downlines+1
WHERE `user_id` = 'NS15G5';
UPDATE `user_registration` SET total_downlines = total_downlines+1
WHERE `user_id` = 'YU8PLO';
UPDATE `user_registration` SET right_downlines = right_downlines+1
WHERE `user_id` = 'YU8PLO';
UPDATE `user_registration` SET total_downlines = total_downlines+1
WHERE `user_id` = 'LUAGN1';
UPDATE `user_registration` SET right_downlines = right_downlines+1
WHERE `user_id` = 'LUAGN1';
UPDATE `user_registration` SET right_ref_count = right_ref_count+1
WHERE `user_id` = 'LUAGN1';
UPDATE `user_registration` SET active_right = active_right+1
WHERE `user_id` = 'LUAGN1';
UPDATE `user_registration` SET total_downlines = total_downlines+1
WHERE `user_id` = '6DEXJW';
UPDATE `user_registration` SET left_downlines = left_downlines+1
WHERE `user_id` = '6DEXJW';
UPDATE `user_registration` SET total_downlines = total_downlines+1
WHERE `user_id` = 'DM1Y9N';
UPDATE `user_registration` SET right_downlines = right_downlines+1
WHERE `user_id` = 'DM1Y9N';
UPDATE `user_registration` SET total_downlines = total_downlines+1
WHERE `user_id` = 'A9858P';
UPDATE `user_registration` SET left_downlines = left_downlines+1
WHERE `user_id` = 'A9858P';
UPDATE `user_registration` SET total_downlines = total_downlines+1
WHERE `user_id` = 'admin';
UPDATE `user_registration` SET right_downlines = right_downlines+1
WHERE `user_id` = 'admin';
INSERT INTO `investment` (`invest_date`, `user_id`, `type`, `amount`, `package_id`) VALUES ('2024-10-01 20:45:52', 'Y741WF', 'register', '595', '2');
INSERT INTO `earnings` (`user_id`, `Purchaser_id`, `earning_type`, `package_id`, `amount`, `date`, `comments`, `invest_amount`, `comm_perc`, `level`, `rank_id`, `order_id`) VALUES ('LUAGN1', 'Y741WF', 'Direct Referral Bonus', '2', '100', '2024-10-01 20:45:52', 'Direct Referral Bonus', 0, 0, 1, '', 230);
UPDATE `user_registration` SET commission_balance = ROUND(commission_balance + 100,2)
WHERE `user_id` = 'LUAGN1';
UPDATE `user_registration` SET referral_bonus = ROUND(referral_bonus + 100,2)
WHERE `user_id` = 'LUAGN1';
INSERT INTO `earnings` (`user_id`, `Purchaser_id`, `earning_type`, `package_id`, `amount`, `date`, `comments`, `invest_amount`, `comm_perc`, `level`, `rank_id`, `order_id`) VALUES ('DM1Y9N', 'Y741WF', 'Expansion Bonus', '2', 100, '2024-10-01 20:45:52', 'Expansion Bonus', '100', 0, 1, '', 230);
UPDATE `user_registration` SET commission_balance = ROUND(commission_balance + 100,2)
WHERE `user_id` = 'DM1Y9N';
UPDATE `user_registration` SET expansion_bonus = ROUND(expansion_bonus + 100,2)
WHERE `user_id` = 'DM1Y9N';
INSERT INTO `earnings` (`user_id`, `Purchaser_id`, `earning_type`, `package_id`, `amount`, `date`, `comments`, `invest_amount`, `comm_perc`, `level`, `rank_id`, `order_id`) VALUES ('A9858P', 'Y741WF', 'Expansion Bonus', '2', 100, '2024-10-01 20:45:52', 'Expansion Bonus', 200, 0, 1, '', 230);
UPDATE `user_registration` SET commission_balance = ROUND(commission_balance + 100,2)
WHERE `user_id` = 'A9858P';
UPDATE `user_registration` SET expansion_bonus = ROUND(expansion_bonus + 100,2)
WHERE `user_id` = 'A9858P';
INSERT INTO `matrix_filling` (`placement_id`, `downline_id`, `level`, `matrix`) VALUES ('JLTMOH', 'Y741WF', 1, 1);
UPDATE `bv_updation` SET right_carry = right_carry+50, total_right = total_right+50
WHERE `user_id` = 'JLTMOH';
INSERT INTO `placement_bv_update_history` (`right_carry`, `date`, `from_id`, `user_id`) VALUES ('50', '2024-10-01 20:45:52', 'Y741WF', 'JLTMOH');
INSERT INTO `matrix_filling` (`placement_id`, `downline_id`, `level`, `matrix`) VALUES ('NS15G5', 'Y741WF', 2, 1);
UPDATE `bv_updation` SET right_carry = right_carry+50, total_right = total_right+50
WHERE `user_id` = 'NS15G5';
INSERT INTO `placement_bv_update_history` (`right_carry`, `date`, `from_id`, `user_id`) VALUES ('50', '2024-10-01 20:45:52', 'Y741WF', 'NS15G5');
INSERT INTO `matrix_filling` (`placement_id`, `downline_id`, `level`, `matrix`) VALUES ('YU8PLO', 'Y741WF', 3, 1);
UPDATE `bv_updation` SET right_carry = right_carry+50, total_right = total_right+50
WHERE `user_id` = 'YU8PLO';
INSERT INTO `placement_bv_update_history` (`right_carry`, `date`, `from_id`, `user_id`) VALUES ('50', '2024-10-01 20:45:52', 'Y741WF', 'YU8PLO');
INSERT INTO `matrix_filling` (`placement_id`, `downline_id`, `level`, `matrix`) VALUES ('LUAGN1', 'Y741WF', 4, 1);
UPDATE `bv_updation` SET right_carry = right_carry+50, total_right = total_right+50
WHERE `user_id` = 'LUAGN1';
INSERT INTO `placement_bv_update_history` (`right_carry`, `date`, `from_id`, `user_id`) VALUES ('50', '2024-10-01 20:45:52', 'Y741WF', 'LUAGN1');
UPDATE `bv_updation` SET sponsor_right_carry = sponsor_right_carry+50, sponsor_total_right = sponsor_total_right+50
WHERE `user_id` = 'LUAGN1';
INSERT INTO `sponsor_bv_update_history` (`right_carry`, `date`, `user_id`) VALUES ('50', '2024-10-01 20:45:52', 'LUAGN1');
INSERT INTO `matrix_filling` (`placement_id`, `downline_id`, `level`, `matrix`) VALUES ('6DEXJW', 'Y741WF', 5, 1);
UPDATE `bv_updation` SET left_carry = left_carry+50, total_left = total_left+50
WHERE `user_id` = '6DEXJW';
INSERT INTO `placement_bv_update_history` (`left_carry`, `date`, `from_id`, `user_id`) VALUES ('50', '2024-10-01 20:45:52', 'Y741WF', '6DEXJW');
INSERT INTO `matrix_filling` (`placement_id`, `downline_id`, `level`, `matrix`) VALUES ('DM1Y9N', 'Y741WF', 6, 1);
UPDATE `bv_updation` SET right_carry = right_carry+50, total_right = total_right+50
WHERE `user_id` = 'DM1Y9N';
INSERT INTO `placement_bv_update_history` (`right_carry`, `date`, `from_id`, `user_id`) VALUES ('50', '2024-10-01 20:45:52', 'Y741WF', 'DM1Y9N');
INSERT INTO `matrix_filling` (`placement_id`, `downline_id`, `level`, `matrix`) VALUES ('A9858P', 'Y741WF', 7, 1);
UPDATE `bv_updation` SET left_carry = left_carry+50, total_left = total_left+50
WHERE `user_id` = 'A9858P';
INSERT INTO `placement_bv_update_history` (`left_carry`, `date`, `from_id`, `user_id`) VALUES ('50', '2024-10-01 20:45:52', 'Y741WF', 'A9858P');
INSERT INTO `matrix_filling` (`placement_id`, `downline_id`, `level`, `matrix`) VALUES ('admin', 'Y741WF', 8, 1);
UPDATE `bv_updation` SET right_carry = right_carry+50, total_right = total_right+50
WHERE `user_id` = 'admin';
INSERT INTO `placement_bv_update_history` (`right_carry`, `date`, `from_id`, `user_id`) VALUES ('50', '2024-10-01 20:45:52', 'Y741WF', 'admin');
INSERT INTO `package_purchase_history` (`user_id`, `package_id`, `reg_fee`, `package_name`, `monthly_fee`, `type`, `date`, `payment_option`) VALUES ('Y741WF', '2', '595', 'Traveler Pro', '150', 'sign_up', '2024-10-01 20:45:52', 'free');
UPDATE `user_registration` SET `uid` = '2465', `user_id` = 'YC8C3P', `username` = 'gaspar1', `sponsor_id` = '5H9TH3', `vacant` = 'no', `f_name` = 'Gaspar', `l_name` = 'Martinez', `address` = '6520 Kendale Lakes Dr', `position` = 'right', `email` = 'gaspar1@gmail.com', `password` = '207e7dc18597a8385062cac00c82908a', `phone` = '3057610606', `country` = 'United States', `state` = 'Florida', `city` = 'Miami', `street` = '6520 Kendale Lakes Dr', `zip_code` = '33183', `reg_ip` = '172.70.54.191', `status` = 1, `package_id` = '2', `rank_id` = 1, `highest_rank` = 1, `cycle_rank_id` = 1, `created` = '2024-10-01 20:46:56', `subscription_date` = '2024-10-31', `google_secret` = 'S5G4BN2GKSVRFMOO'
WHERE `uid` = '2465';
INSERT INTO `user_registration` (`uid`, `user_id`, `username`, `sponsor_id`, `placement_id`, `vacant`, `f_name`, `l_name`, `address`, `position`, `email`, `password`, `phone`, `reg_ip`, `status`, `created`) VALUES (NULL, 'AMQFRP', 'psYYuveb', 'YC8C3P', 'YC8C3P', 'yes', '', '', '', 'left', '@mail.com', '', '', '', 0, '2024-10-01 20:46:56');
INSERT INTO `user_registration` (`uid`, `user_id`, `username`, `sponsor_id`, `placement_id`, `vacant`, `f_name`, `l_name`, `address`, `position`, `email`, `password`, `phone`, `reg_ip`, `status`, `created`) VALUES (NULL, 'MWRZBS', 'Frqsgkhi', 'YC8C3P', 'YC8C3P', 'yes', '', '', '', 'right', '@mail.com', '', '', '', 0, '2024-10-01 20:46:56');
INSERT INTO `bv_updation` (`user_id`) VALUES ('YC8C3P');
UPDATE `user_registration` SET total_ref_count = total_ref_count+1
WHERE `user_id` = '5H9TH3';
UPDATE `user_registration` SET total_downlines = total_downlines+1
WHERE `user_id` = 'XSYB8S';
UPDATE `user_registration` SET right_downlines = right_downlines+1
WHERE `user_id` = 'XSYB8S';
UPDATE `user_registration` SET total_downlines = total_downlines+1
WHERE `user_id` = 'JYNGFQ';
UPDATE `user_registration` SET right_downlines = right_downlines+1
WHERE `user_id` = 'JYNGFQ';
UPDATE `user_registration` SET total_downlines = total_downlines+1
WHERE `user_id` = 'WX3W7T';
UPDATE `user_registration` SET right_downlines = right_downlines+1
WHERE `user_id` = 'WX3W7T';
UPDATE `user_registration` SET total_downlines = total_downlines+1
WHERE `user_id` = '9YZXNJ';
UPDATE `user_registration` SET right_downlines = right_downlines+1
WHERE `user_id` = '9YZXNJ';
UPDATE `user_registration` SET total_downlines = total_downlines+1
WHERE `user_id` = '5H9TH3';
UPDATE `user_registration` SET right_downlines = right_downlines+1
WHERE `user_id` = '5H9TH3';
UPDATE `user_registration` SET right_ref_count = right_ref_count+1
WHERE `user_id` = '5H9TH3';
UPDATE `user_registration` SET active_right = active_right+1
WHERE `user_id` = '5H9TH3';
UPDATE `user_registration` SET total_downlines = total_downlines+1
WHERE `user_id` = 'MIT9KW';
UPDATE `user_registration` SET left_downlines = left_downlines+1
WHERE `user_id` = 'MIT9KW';
UPDATE `user_registration` SET total_downlines = total_downlines+1
WHERE `user_id` = 'IMUABZ';
UPDATE `user_registration` SET left_downlines = left_downlines+1
WHERE `user_id` = 'IMUABZ';
UPDATE `user_registration` SET total_downlines = total_downlines+1
WHERE `user_id` = 'G54QC4';
UPDATE `user_registration` SET left_downlines = left_downlines+1
WHERE `user_id` = 'G54QC4';
UPDATE `user_registration` SET total_downlines = total_downlines+1
WHERE `user_id` = '9JPZJL';
UPDATE `user_registration` SET left_downlines = left_downlines+1
WHERE `user_id` = '9JPZJL';
UPDATE `user_registration` SET total_downlines = total_downlines+1
WHERE `user_id` = 'E3PPZ3';
UPDATE `user_registration` SET left_downlines = left_downlines+1
WHERE `user_id` = 'E3PPZ3';
UPDATE `user_registration` SET total_downlines = total_downlines+1
WHERE `user_id` = '7RY1ZP';
UPDATE `user_registration` SET left_downlines = left_downlines+1
WHERE `user_id` = '7RY1ZP';
UPDATE `user_registration` SET total_downlines = total_downlines+1
WHERE `user_id` = 'ADZTOG';
UPDATE `user_registration` SET right_downlines = right_downlines+1
WHERE `user_id` = 'ADZTOG';
UPDATE `user_registration` SET total_downlines = total_downlines+1
WHERE `user_id` = 'A9858P';
UPDATE `user_registration` SET right_downlines = right_downlines+1
WHERE `user_id` = 'A9858P';
UPDATE `user_registration` SET total_downlines = total_downlines+1
WHERE `user_id` = 'admin';
UPDATE `user_registration` SET right_downlines = right_downlines+1
WHERE `user_id` = 'admin';
INSERT INTO `investment` (`invest_date`, `user_id`, `type`, `amount`, `package_id`) VALUES ('2024-10-01 20:46:56', 'YC8C3P', 'register', '595', '2');
INSERT INTO `earnings` (`user_id`, `Purchaser_id`, `earning_type`, `package_id`, `amount`, `date`, `comments`, `invest_amount`, `comm_perc`, `level`, `rank_id`, `order_id`) VALUES ('5H9TH3', 'YC8C3P', 'Direct Referral Bonus', '2', '100', '2024-10-01 20:46:56', 'Direct Referral Bonus', 0, 0, 1, '', 231);
UPDATE `user_registration` SET commission_balance = ROUND(commission_balance + 100,2)
WHERE `user_id` = '5H9TH3';
UPDATE `user_registration` SET referral_bonus = ROUND(referral_bonus + 100,2)
WHERE `user_id` = '5H9TH3';
INSERT INTO `earnings` (`user_id`, `Purchaser_id`, `earning_type`, `package_id`, `amount`, `date`, `comments`, `invest_amount`, `comm_perc`, `level`, `rank_id`, `order_id`) VALUES ('7RY1ZP', 'YC8C3P', 'Expansion Bonus', '2', 100, '2024-10-01 20:46:56', 'Expansion Bonus', '100', 0, 1, '', 231);
UPDATE `user_registration` SET commission_balance = ROUND(commission_balance + 100,2)
WHERE `user_id` = '7RY1ZP';
UPDATE `user_registration` SET expansion_bonus = ROUND(expansion_bonus + 100,2)
WHERE `user_id` = '7RY1ZP';
INSERT INTO `earnings` (`user_id`, `Purchaser_id`, `earning_type`, `package_id`, `amount`, `date`, `comments`, `invest_amount`, `comm_perc`, `level`, `rank_id`, `order_id`) VALUES ('A9858P', 'YC8C3P', 'Expansion Bonus', '2', 100, '2024-10-01 20:46:56', 'Expansion Bonus', 200, 0, 1, '', 231);
UPDATE `user_registration` SET commission_balance = ROUND(commission_balance + 100,2)
WHERE `user_id` = 'A9858P';
UPDATE `user_registration` SET expansion_bonus = ROUND(expansion_bonus + 100,2)
WHERE `user_id` = 'A9858P';
INSERT INTO `matrix_filling` (`placement_id`, `downline_id`, `level`, `matrix`) VALUES ('XSYB8S', 'YC8C3P', 1, 1);
UPDATE `bv_updation` SET right_carry = right_carry+50, total_right = total_right+50
WHERE `user_id` = 'XSYB8S';
INSERT INTO `placement_bv_update_history` (`right_carry`, `date`, `from_id`, `user_id`) VALUES ('50', '2024-10-01 20:46:56', 'YC8C3P', 'XSYB8S');
INSERT INTO `matrix_filling` (`placement_id`, `downline_id`, `level`, `matrix`) VALUES ('JYNGFQ', 'YC8C3P', 2, 1);
UPDATE `bv_updation` SET right_carry = right_carry+50, total_right = total_right+50
WHERE `user_id` = 'JYNGFQ';
INSERT INTO `placement_bv_update_history` (`right_carry`, `date`, `from_id`, `user_id`) VALUES ('50', '2024-10-01 20:46:56', 'YC8C3P', 'JYNGFQ');
INSERT INTO `matrix_filling` (`placement_id`, `downline_id`, `level`, `matrix`) VALUES ('WX3W7T', 'YC8C3P', 3, 1);
UPDATE `bv_updation` SET right_carry = right_carry+50, total_right = total_right+50
WHERE `user_id` = 'WX3W7T';
INSERT INTO `placement_bv_update_history` (`right_carry`, `date`, `from_id`, `user_id`) VALUES ('50', '2024-10-01 20:46:56', 'YC8C3P', 'WX3W7T');
INSERT INTO `matrix_filling` (`placement_id`, `downline_id`, `level`, `matrix`) VALUES ('9YZXNJ', 'YC8C3P', 4, 1);
UPDATE `bv_updation` SET right_carry = right_carry+50, total_right = total_right+50
WHERE `user_id` = '9YZXNJ';
INSERT INTO `placement_bv_update_history` (`right_carry`, `date`, `from_id`, `user_id`) VALUES ('50', '2024-10-01 20:46:56', 'YC8C3P', '9YZXNJ');
INSERT INTO `matrix_filling` (`placement_id`, `downline_id`, `level`, `matrix`) VALUES ('5H9TH3', 'YC8C3P', 5, 1);
UPDATE `bv_updation` SET right_carry = right_carry+50, total_right = total_right+50
WHERE `user_id` = '5H9TH3';
INSERT INTO `placement_bv_update_history` (`right_carry`, `date`, `from_id`, `user_id`) VALUES ('50', '2024-10-01 20:46:56', 'YC8C3P', '5H9TH3');
UPDATE `bv_updation` SET sponsor_right_carry = sponsor_right_carry+50, sponsor_total_right = sponsor_total_right+50
WHERE `user_id` = '5H9TH3';
INSERT INTO `sponsor_bv_update_history` (`right_carry`, `date`, `user_id`) VALUES ('50', '2024-10-01 20:46:56', '5H9TH3');
INSERT INTO `matrix_filling` (`placement_id`, `downline_id`, `level`, `matrix`) VALUES ('MIT9KW', 'YC8C3P', 6, 1);
UPDATE `bv_updation` SET left_carry = left_carry+50, total_left = total_left+50
WHERE `user_id` = 'MIT9KW';
INSERT INTO `placement_bv_update_history` (`left_carry`, `date`, `from_id`, `user_id`) VALUES ('50', '2024-10-01 20:46:56', 'YC8C3P', 'MIT9KW');
INSERT INTO `matrix_filling` (`placement_id`, `downline_id`, `level`, `matrix`) VALUES ('IMUABZ', 'YC8C3P', 7, 1);
UPDATE `bv_updation` SET left_carry = left_carry+50, total_left = total_left+50
WHERE `user_id` = 'IMUABZ';
INSERT INTO `placement_bv_update_history` (`left_carry`, `date`, `from_id`, `user_id`) VALUES ('50', '2024-10-01 20:46:56', 'YC8C3P', 'IMUABZ');
INSERT INTO `matrix_filling` (`placement_id`, `downline_id`, `level`, `matrix`) VALUES ('G54QC4', 'YC8C3P', 8, 1);
UPDATE `bv_updation` SET left_carry = left_carry+50, total_left = total_left+50
WHERE `user_id` = 'G54QC4';
INSERT INTO `placement_bv_update_history` (`left_carry`, `date`, `from_id`, `user_id`) VALUES ('50', '2024-10-01 20:46:56', 'YC8C3P', 'G54QC4');
INSERT INTO `matrix_filling` (`placement_id`, `downline_id`, `level`, `matrix`) VALUES ('9JPZJL', 'YC8C3P', 9, 1);
UPDATE `bv_updation` SET left_carry = left_carry+50, total_left = total_left+50
WHERE `user_id` = '9JPZJL';
INSERT INTO `placement_bv_update_history` (`left_carry`, `date`, `from_id`, `user_id`) VALUES ('50', '2024-10-01 20:46:56', 'YC8C3P', '9JPZJL');
INSERT INTO `matrix_filling` (`placement_id`, `downline_id`, `level`, `matrix`) VALUES ('E3PPZ3', 'YC8C3P', 10, 1);
UPDATE `bv_updation` SET left_carry = left_carry+50, total_left = total_left+50
WHERE `user_id` = 'E3PPZ3';
INSERT INTO `placement_bv_update_history` (`left_carry`, `date`, `from_id`, `user_id`) VALUES ('50', '2024-10-01 20:46:56', 'YC8C3P', 'E3PPZ3');
INSERT INTO `matrix_filling` (`placement_id`, `downline_id`, `level`, `matrix`) VALUES ('7RY1ZP', 'YC8C3P', 11, 1);
UPDATE `bv_updation` SET left_carry = left_carry+50, total_left = total_left+50
WHERE `user_id` = '7RY1ZP';
INSERT INTO `placement_bv_update_history` (`left_carry`, `date`, `from_id`, `user_id`) VALUES ('50', '2024-10-01 20:46:56', 'YC8C3P', '7RY1ZP');
INSERT INTO `matrix_filling` (`placement_id`, `downline_id`, `level`, `matrix`) VALUES ('ADZTOG', 'YC8C3P', 12, 1);
UPDATE `bv_updation` SET right_carry = right_carry+50, total_right = total_right+50
WHERE `user_id` = 'ADZTOG';
INSERT INTO `placement_bv_update_history` (`right_carry`, `date`, `from_id`, `user_id`) VALUES ('50', '2024-10-01 20:46:56', 'YC8C3P', 'ADZTOG');
INSERT INTO `matrix_filling` (`placement_id`, `downline_id`, `level`, `matrix`) VALUES ('A9858P', 'YC8C3P', 13, 1);
UPDATE `bv_updation` SET right_carry = right_carry+50, total_right = total_right+50
WHERE `user_id` = 'A9858P';
INSERT INTO `placement_bv_update_history` (`right_carry`, `date`, `from_id`, `user_id`) VALUES ('50', '2024-10-01 20:46:56', 'YC8C3P', 'A9858P');
INSERT INTO `matrix_filling` (`placement_id`, `downline_id`, `level`, `matrix`) VALUES ('admin', 'YC8C3P', 14, 1);
UPDATE `bv_updation` SET right_carry = right_carry+50, total_right = total_right+50
WHERE `user_id` = 'admin';
INSERT INTO `placement_bv_update_history` (`right_carry`, `date`, `from_id`, `user_id`) VALUES ('50', '2024-10-01 20:46:56', 'YC8C3P', 'admin');
INSERT INTO `package_purchase_history` (`user_id`, `package_id`, `reg_fee`, `package_name`, `monthly_fee`, `type`, `date`, `payment_option`) VALUES ('YC8C3P', '2', '595', 'Traveler Pro', '150', 'sign_up', '2024-10-01 20:46:56', 'free');
UPDATE `ci_sessions` SET `timestamp` = 1727833681, `data` = '__ci_last_regenerate|i:1727833681;id|s:4:\"2312\";user_id|s:6:\"5H9TH3\";username|s:5:\"nora1\";sponsor_id|s:6:\"7RY1ZP\";fullname|s:11:\"Nora Altuve\";email|s:15:\"nora1@gmail.com\";phone|s:10:\"3057610606\";isLogIn|b:1;'
WHERE `id` = '6bf03e8f87b55c125d9b068bb2623f6b6d274eae';
UPDATE `user_registration` SET `uid` = '2469', `user_id` = 'SPT2BW', `username` = 'teodoro1', `sponsor_id` = '5H9TH3', `vacant` = 'no', `f_name` = 'Teodoro', `l_name` = 'Suleta', `address` = '6520 Kendale Lakes Dr', `position` = 'right', `email` = 'teodoro1@gmail.com', `password` = '4cb4643ba064093bafcef6156a165ba2', `phone` = '3057610606', `country` = 'United States', `state` = 'Florida', `city` = 'Miami', `street` = '6520 Kendale Lakes Dr', `zip_code` = '33183', `reg_ip` = '172.70.255.25', `status` = 1, `package_id` = '2', `rank_id` = 1, `highest_rank` = 1, `cycle_rank_id` = 1, `created` = '2024-10-01 20:48:01', `subscription_date` = '2024-10-31', `google_secret` = '6P5542DCJEIMTWJT'
WHERE `uid` = '2469';
INSERT INTO `user_registration` (`uid`, `user_id`, `username`, `sponsor_id`, `placement_id`, `vacant`, `f_name`, `l_name`, `address`, `position`, `email`, `password`, `phone`, `reg_ip`, `status`, `created`) VALUES (NULL, 'BIXYGU', 'uGlvfXMk', 'SPT2BW', 'SPT2BW', 'yes', '', '', '', 'left', '@mail.com', '', '', '', 0, '2024-10-01 20:48:01');
INSERT INTO `user_registration` (`uid`, `user_id`, `username`, `sponsor_id`, `placement_id`, `vacant`, `f_name`, `l_name`, `address`, `position`, `email`, `password`, `phone`, `reg_ip`, `status`, `created`) VALUES (NULL, 'LBSVEN', 'CPkdxhTW', 'SPT2BW', 'SPT2BW', 'yes', '', '', '', 'right', '@mail.com', '', '', '', 0, '2024-10-01 20:48:01');
INSERT INTO `bv_updation` (`user_id`) VALUES ('SPT2BW');
UPDATE `user_registration` SET total_ref_count = total_ref_count+1
WHERE `user_id` = '5H9TH3';
UPDATE `user_registration` SET total_downlines = total_downlines+1
WHERE `user_id` = 'YC8C3P';
UPDATE `user_registration` SET right_downlines = right_downlines+1
WHERE `user_id` = 'YC8C3P';
UPDATE `user_registration` SET total_downlines = total_downlines+1
WHERE `user_id` = 'XSYB8S';
UPDATE `user_registration` SET right_downlines = right_downlines+1
WHERE `user_id` = 'XSYB8S';
UPDATE `user_registration` SET total_downlines = total_downlines+1
WHERE `user_id` = 'JYNGFQ';
UPDATE `user_registration` SET right_downlines = right_downlines+1
WHERE `user_id` = 'JYNGFQ';
UPDATE `user_registration` SET total_downlines = total_downlines+1
WHERE `user_id` = 'WX3W7T';
UPDATE `user_registration` SET right_downlines = right_downlines+1
WHERE `user_id` = 'WX3W7T';
UPDATE `user_registration` SET total_downlines = total_downlines+1
WHERE `user_id` = '9YZXNJ';
UPDATE `user_registration` SET right_downlines = right_downlines+1
WHERE `user_id` = '9YZXNJ';
UPDATE `user_registration` SET total_downlines = total_downlines+1
WHERE `user_id` = '5H9TH3';
UPDATE `user_registration` SET right_downlines = right_downlines+1
WHERE `user_id` = '5H9TH3';
UPDATE `user_registration` SET right_ref_count = right_ref_count+1
WHERE `user_id` = '5H9TH3';
UPDATE `user_registration` SET active_right = active_right+1
WHERE `user_id` = '5H9TH3';
UPDATE `user_registration` SET total_downlines = total_downlines+1
WHERE `user_id` = 'MIT9KW';
UPDATE `user_registration` SET left_downlines = left_downlines+1
WHERE `user_id` = 'MIT9KW';
UPDATE `user_registration` SET total_downlines = total_downlines+1
WHERE `user_id` = 'IMUABZ';
UPDATE `user_registration` SET left_downlines = left_downlines+1
WHERE `user_id` = 'IMUABZ';
UPDATE `user_registration` SET total_downlines = total_downlines+1
WHERE `user_id` = 'G54QC4';
UPDATE `user_registration` SET left_downlines = left_downlines+1
WHERE `user_id` = 'G54QC4';
UPDATE `user_registration` SET total_downlines = total_downlines+1
WHERE `user_id` = '9JPZJL';
UPDATE `user_registration` SET left_downlines = left_downlines+1
WHERE `user_id` = '9JPZJL';
UPDATE `user_registration` SET total_downlines = total_downlines+1
WHERE `user_id` = 'E3PPZ3';
UPDATE `user_registration` SET left_downlines = left_downlines+1
WHERE `user_id` = 'E3PPZ3';
UPDATE `user_registration` SET total_downlines = total_downlines+1
WHERE `user_id` = '7RY1ZP';
UPDATE `user_registration` SET left_downlines = left_downlines+1
WHERE `user_id` = '7RY1ZP';
UPDATE `user_registration` SET total_downlines = total_downlines+1
WHERE `user_id` = 'ADZTOG';
UPDATE `user_registration` SET right_downlines = right_downlines+1
WHERE `user_id` = 'ADZTOG';
UPDATE `user_registration` SET total_downlines = total_downlines+1
WHERE `user_id` = 'A9858P';
UPDATE `user_registration` SET right_downlines = right_downlines+1
WHERE `user_id` = 'A9858P';
UPDATE `user_registration` SET total_downlines = total_downlines+1
WHERE `user_id` = 'admin';
UPDATE `user_registration` SET right_downlines = right_downlines+1
WHERE `user_id` = 'admin';
INSERT INTO `investment` (`invest_date`, `user_id`, `type`, `amount`, `package_id`) VALUES ('2024-10-01 20:48:02', 'SPT2BW', 'register', '595', '2');
INSERT INTO `earnings` (`user_id`, `Purchaser_id`, `earning_type`, `package_id`, `amount`, `date`, `comments`, `invest_amount`, `comm_perc`, `level`, `rank_id`, `order_id`) VALUES ('5H9TH3', 'SPT2BW', 'Direct Referral Bonus', '2', '100', '2024-10-01 20:48:02', 'Direct Referral Bonus', 0, 0, 1, '', 232);
UPDATE `user_registration` SET commission_balance = ROUND(commission_balance + 100,2)
WHERE `user_id` = '5H9TH3';
UPDATE `user_registration` SET referral_bonus = ROUND(referral_bonus + 100,2)
WHERE `user_id` = '5H9TH3';
INSERT INTO `earnings` (`user_id`, `Purchaser_id`, `earning_type`, `package_id`, `amount`, `date`, `comments`, `invest_amount`, `comm_perc`, `level`, `rank_id`, `order_id`) VALUES ('7RY1ZP', 'SPT2BW', 'Expansion Bonus', '2', 100, '2024-10-01 20:48:02', 'Expansion Bonus', '100', 0, 1, '', 232);
UPDATE `user_registration` SET commission_balance = ROUND(commission_balance + 100,2)
WHERE `user_id` = '7RY1ZP';
UPDATE `user_registration` SET expansion_bonus = ROUND(expansion_bonus + 100,2)
WHERE `user_id` = '7RY1ZP';
INSERT INTO `earnings` (`user_id`, `Purchaser_id`, `earning_type`, `package_id`, `amount`, `date`, `comments`, `invest_amount`, `comm_perc`, `level`, `rank_id`, `order_id`) VALUES ('A9858P', 'SPT2BW', 'Expansion Bonus', '2', 100, '2024-10-01 20:48:02', 'Expansion Bonus', 200, 0, 1, '', 232);
UPDATE `user_registration` SET commission_balance = ROUND(commission_balance + 100,2)
WHERE `user_id` = 'A9858P';
UPDATE `user_registration` SET expansion_bonus = ROUND(expansion_bonus + 100,2)
WHERE `user_id` = 'A9858P';
INSERT INTO `matrix_filling` (`placement_id`, `downline_id`, `level`, `matrix`) VALUES ('YC8C3P', 'SPT2BW', 1, 1);
UPDATE `bv_updation` SET right_carry = right_carry+50, total_right = total_right+50
WHERE `user_id` = 'YC8C3P';
INSERT INTO `placement_bv_update_history` (`right_carry`, `date`, `from_id`, `user_id`) VALUES ('50', '2024-10-01 20:48:02', 'SPT2BW', 'YC8C3P');
INSERT INTO `matrix_filling` (`placement_id`, `downline_id`, `level`, `matrix`) VALUES ('XSYB8S', 'SPT2BW', 2, 1);
UPDATE `bv_updation` SET right_carry = right_carry+50, total_right = total_right+50
WHERE `user_id` = 'XSYB8S';
INSERT INTO `placement_bv_update_history` (`right_carry`, `date`, `from_id`, `user_id`) VALUES ('50', '2024-10-01 20:48:02', 'SPT2BW', 'XSYB8S');
INSERT INTO `matrix_filling` (`placement_id`, `downline_id`, `level`, `matrix`) VALUES ('JYNGFQ', 'SPT2BW', 3, 1);
UPDATE `bv_updation` SET right_carry = right_carry+50, total_right = total_right+50
WHERE `user_id` = 'JYNGFQ';
INSERT INTO `placement_bv_update_history` (`right_carry`, `date`, `from_id`, `user_id`) VALUES ('50', '2024-10-01 20:48:02', 'SPT2BW', 'JYNGFQ');
INSERT INTO `matrix_filling` (`placement_id`, `downline_id`, `level`, `matrix`) VALUES ('WX3W7T', 'SPT2BW', 4, 1);
UPDATE `bv_updation` SET right_carry = right_carry+50, total_right = total_right+50
WHERE `user_id` = 'WX3W7T';
INSERT INTO `placement_bv_update_history` (`right_carry`, `date`, `from_id`, `user_id`) VALUES ('50', '2024-10-01 20:48:02', 'SPT2BW', 'WX3W7T');
INSERT INTO `matrix_filling` (`placement_id`, `downline_id`, `level`, `matrix`) VALUES ('9YZXNJ', 'SPT2BW', 5, 1);
UPDATE `bv_updation` SET right_carry = right_carry+50, total_right = total_right+50
WHERE `user_id` = '9YZXNJ';
INSERT INTO `placement_bv_update_history` (`right_carry`, `date`, `from_id`, `user_id`) VALUES ('50', '2024-10-01 20:48:02', 'SPT2BW', '9YZXNJ');
INSERT INTO `matrix_filling` (`placement_id`, `downline_id`, `level`, `matrix`) VALUES ('5H9TH3', 'SPT2BW', 6, 1);
UPDATE `bv_updation` SET right_carry = right_carry+50, total_right = total_right+50
WHERE `user_id` = '5H9TH3';
INSERT INTO `placement_bv_update_history` (`right_carry`, `date`, `from_id`, `user_id`) VALUES ('50', '2024-10-01 20:48:02', 'SPT2BW', '5H9TH3');
UPDATE `bv_updation` SET sponsor_right_carry = sponsor_right_carry+50, sponsor_total_right = sponsor_total_right+50
WHERE `user_id` = '5H9TH3';
INSERT INTO `sponsor_bv_update_history` (`right_carry`, `date`, `user_id`) VALUES ('50', '2024-10-01 20:48:02', '5H9TH3');
INSERT INTO `matrix_filling` (`placement_id`, `downline_id`, `level`, `matrix`) VALUES ('MIT9KW', 'SPT2BW', 7, 1);
UPDATE `bv_updation` SET left_carry = left_carry+50, total_left = total_left+50
WHERE `user_id` = 'MIT9KW';
INSERT INTO `placement_bv_update_history` (`left_carry`, `date`, `from_id`, `user_id`) VALUES ('50', '2024-10-01 20:48:02', 'SPT2BW', 'MIT9KW');
INSERT INTO `matrix_filling` (`placement_id`, `downline_id`, `level`, `matrix`) VALUES ('IMUABZ', 'SPT2BW', 8, 1);
UPDATE `bv_updation` SET left_carry = left_carry+50, total_left = total_left+50
WHERE `user_id` = 'IMUABZ';
INSERT INTO `placement_bv_update_history` (`left_carry`, `date`, `from_id`, `user_id`) VALUES ('50', '2024-10-01 20:48:02', 'SPT2BW', 'IMUABZ');
INSERT INTO `matrix_filling` (`placement_id`, `downline_id`, `level`, `matrix`) VALUES ('G54QC4', 'SPT2BW', 9, 1);
UPDATE `bv_updation` SET left_carry = left_carry+50, total_left = total_left+50
WHERE `user_id` = 'G54QC4';
INSERT INTO `placement_bv_update_history` (`left_carry`, `date`, `from_id`, `user_id`) VALUES ('50', '2024-10-01 20:48:02', 'SPT2BW', 'G54QC4');
INSERT INTO `matrix_filling` (`placement_id`, `downline_id`, `level`, `matrix`) VALUES ('9JPZJL', 'SPT2BW', 10, 1);
UPDATE `bv_updation` SET left_carry = left_carry+50, total_left = total_left+50
WHERE `user_id` = '9JPZJL';
INSERT INTO `placement_bv_update_history` (`left_carry`, `date`, `from_id`, `user_id`) VALUES ('50', '2024-10-01 20:48:02', 'SPT2BW', '9JPZJL');
INSERT INTO `matrix_filling` (`placement_id`, `downline_id`, `level`, `matrix`) VALUES ('E3PPZ3', 'SPT2BW', 11, 1);
UPDATE `bv_updation` SET left_carry = left_carry+50, total_left = total_left+50
WHERE `user_id` = 'E3PPZ3';
INSERT INTO `placement_bv_update_history` (`left_carry`, `date`, `from_id`, `user_id`) VALUES ('50', '2024-10-01 20:48:02', 'SPT2BW', 'E3PPZ3');
INSERT INTO `matrix_filling` (`placement_id`, `downline_id`, `level`, `matrix`) VALUES ('7RY1ZP', 'SPT2BW', 12, 1);
UPDATE `bv_updation` SET left_carry = left_carry+50, total_left = total_left+50
WHERE `user_id` = '7RY1ZP';
INSERT INTO `placement_bv_update_history` (`left_carry`, `date`, `from_id`, `user_id`) VALUES ('50', '2024-10-01 20:48:02', 'SPT2BW', '7RY1ZP');
INSERT INTO `matrix_filling` (`placement_id`, `downline_id`, `level`, `matrix`) VALUES ('ADZTOG', 'SPT2BW', 13, 1);
UPDATE `bv_updation` SET right_carry = right_carry+50, total_right = total_right+50
WHERE `user_id` = 'ADZTOG';
INSERT INTO `placement_bv_update_history` (`right_carry`, `date`, `from_id`, `user_id`) VALUES ('50', '2024-10-01 20:48:02', 'SPT2BW', 'ADZTOG');
INSERT INTO `matrix_filling` (`placement_id`, `downline_id`, `level`, `matrix`) VALUES ('A9858P', 'SPT2BW', 14, 1);
UPDATE `bv_updation` SET right_carry = right_carry+50, total_right = total_right+50
WHERE `user_id` = 'A9858P';
INSERT INTO `placement_bv_update_history` (`right_carry`, `date`, `from_id`, `user_id`) VALUES ('50', '2024-10-01 20:48:02', 'SPT2BW', 'A9858P');
INSERT INTO `matrix_filling` (`placement_id`, `downline_id`, `level`, `matrix`) VALUES ('admin', 'SPT2BW', 15, 1);
UPDATE `bv_updation` SET right_carry = right_carry+50, total_right = total_right+50
WHERE `user_id` = 'admin';
INSERT INTO `placement_bv_update_history` (`right_carry`, `date`, `from_id`, `user_id`) VALUES ('50', '2024-10-01 20:48:02', 'SPT2BW', 'admin');
INSERT INTO `package_purchase_history` (`user_id`, `package_id`, `reg_fee`, `package_name`, `monthly_fee`, `type`, `date`, `payment_option`) VALUES ('SPT2BW', '2', '595', 'Traveler Pro', '150', 'sign_up', '2024-10-01 20:48:02', 'free');
UPDATE `user_registration` SET `popup_seen` = 'yes'
WHERE `user_id` = '5H9TH3';
UPDATE `user_registration` SET `popup_seen` = 'yes'
WHERE `user_id` = '5H9TH3';
UPDATE `user_registration` SET `uid` = '2460', `user_id` = 'S8TPST', `username` = 'alexander1', `sponsor_id` = 'LUAGN1', `vacant` = 'no', `f_name` = 'Alexander', `l_name` = 'Borges', `address` = '8100 SW 14 Terr', `position` = 'left', `email` = 'alexander1@gmail.com', `password` = 'a0a475cf454cf9a06979034098167b9e', `phone` = '7862876762', `country` = 'United States', `state` = 'Florida', `city` = 'Miami', `street` = '8100 SW 14 Terr', `zip_code` = '33144', `reg_ip` = '172.70.255.25', `status` = 1, `package_id` = '2', `rank_id` = 1, `highest_rank` = 1, `cycle_rank_id` = 1, `created` = '2024-10-01 20:49:25', `subscription_date` = '2024-10-31', `google_secret` = 'FGHNDJV5FPG5AFVZ'
WHERE `uid` = '2460';
INSERT INTO `user_registration` (`uid`, `user_id`, `username`, `sponsor_id`, `placement_id`, `vacant`, `f_name`, `l_name`, `address`, `position`, `email`, `password`, `phone`, `reg_ip`, `status`, `created`) VALUES (NULL, 'XEBHLV', 'EkbMNpwt', 'S8TPST', 'S8TPST', 'yes', '', '', '', 'left', '@mail.com', '', '', '', 0, '2024-10-01 20:49:25');
INSERT INTO `user_registration` (`uid`, `user_id`, `username`, `sponsor_id`, `placement_id`, `vacant`, `f_name`, `l_name`, `address`, `position`, `email`, `password`, `phone`, `reg_ip`, `status`, `created`) VALUES (NULL, 'HPMBXS', 'iNnNOWCg', 'S8TPST', 'S8TPST', 'yes', '', '', '', 'right', '@mail.com', '', '', '', 0, '2024-10-01 20:49:25');
INSERT INTO `bv_updation` (`user_id`) VALUES ('S8TPST');
UPDATE `user_registration` SET total_ref_count = total_ref_count+1
WHERE `user_id` = 'LUAGN1';
UPDATE `user_registration` SET total_downlines = total_downlines+1
WHERE `user_id` = 'BD2LIM';
UPDATE `user_registration` SET left_downlines = left_downlines+1
WHERE `user_id` = 'BD2LIM';
UPDATE `user_registration` SET total_downlines = total_downlines+1
WHERE `user_id` = 'JNGCQK';
UPDATE `user_registration` SET left_downlines = left_downlines+1
WHERE `user_id` = 'JNGCQK';
UPDATE `user_registration` SET total_downlines = total_downlines+1
WHERE `user_id` = 'QOHBYS';
UPDATE `user_registration` SET left_downlines = left_downlines+1
WHERE `user_id` = 'QOHBYS';
UPDATE `user_registration` SET total_downlines = total_downlines+1
WHERE `user_id` = 'LUAGN1';
UPDATE `user_registration` SET left_downlines = left_downlines+1
WHERE `user_id` = 'LUAGN1';
UPDATE `user_registration` SET left_ref_count = left_ref_count+1
WHERE `user_id` = 'LUAGN1';
UPDATE `user_registration` SET active_left = active_left+1
WHERE `user_id` = 'LUAGN1';
UPDATE `user_registration` SET total_downlines = total_downlines+1
WHERE `user_id` = '6DEXJW';
UPDATE `user_registration` SET left_downlines = left_downlines+1
WHERE `user_id` = '6DEXJW';
UPDATE `user_registration` SET total_downlines = total_downlines+1
WHERE `user_id` = 'DM1Y9N';
UPDATE `user_registration` SET right_downlines = right_downlines+1
WHERE `user_id` = 'DM1Y9N';
UPDATE `user_registration` SET total_downlines = total_downlines+1
WHERE `user_id` = 'A9858P';
UPDATE `user_registration` SET left_downlines = left_downlines+1
WHERE `user_id` = 'A9858P';
UPDATE `user_registration` SET total_downlines = total_downlines+1
WHERE `user_id` = 'admin';
UPDATE `user_registration` SET right_downlines = right_downlines+1
WHERE `user_id` = 'admin';
INSERT INTO `investment` (`invest_date`, `user_id`, `type`, `amount`, `package_id`) VALUES ('2024-10-01 20:49:25', 'S8TPST', 'register', '595', '2');
INSERT INTO `earnings` (`user_id`, `Purchaser_id`, `earning_type`, `package_id`, `amount`, `date`, `comments`, `invest_amount`, `comm_perc`, `level`, `rank_id`, `order_id`) VALUES ('LUAGN1', 'S8TPST', 'Direct Referral Bonus', '2', '100', '2024-10-01 20:49:25', 'Direct Referral Bonus', 0, 0, 1, '', 233);
UPDATE `user_registration` SET commission_balance = ROUND(commission_balance + 100,2)
WHERE `user_id` = 'LUAGN1';
UPDATE `user_registration` SET referral_bonus = ROUND(referral_bonus + 100,2)
WHERE `user_id` = 'LUAGN1';
INSERT INTO `earnings` (`user_id`, `Purchaser_id`, `earning_type`, `package_id`, `amount`, `date`, `comments`, `invest_amount`, `comm_perc`, `level`, `rank_id`, `order_id`) VALUES ('DM1Y9N', 'S8TPST', 'Expansion Bonus', '2', 100, '2024-10-01 20:49:25', 'Expansion Bonus', '100', 0, 1, '', 233);
UPDATE `user_registration` SET commission_balance = ROUND(commission_balance + 100,2)
WHERE `user_id` = 'DM1Y9N';
UPDATE `user_registration` SET expansion_bonus = ROUND(expansion_bonus + 100,2)
WHERE `user_id` = 'DM1Y9N';
INSERT INTO `earnings` (`user_id`, `Purchaser_id`, `earning_type`, `package_id`, `amount`, `date`, `comments`, `invest_amount`, `comm_perc`, `level`, `rank_id`, `order_id`) VALUES ('A9858P', 'S8TPST', 'Expansion Bonus', '2', 100, '2024-10-01 20:49:25', 'Expansion Bonus', 200, 0, 1, '', 233);
UPDATE `user_registration` SET commission_balance = ROUND(commission_balance + 100,2)
WHERE `user_id` = 'A9858P';
UPDATE `user_registration` SET expansion_bonus = ROUND(expansion_bonus + 100,2)
WHERE `user_id` = 'A9858P';
INSERT INTO `matrix_filling` (`placement_id`, `downline_id`, `level`, `matrix`) VALUES ('BD2LIM', 'S8TPST', 1, 1);
UPDATE `bv_updation` SET left_carry = left_carry+50, total_left = total_left+50
WHERE `user_id` = 'BD2LIM';
INSERT INTO `placement_bv_update_history` (`left_carry`, `date`, `from_id`, `user_id`) VALUES ('50', '2024-10-01 20:49:25', 'S8TPST', 'BD2LIM');
INSERT INTO `matrix_filling` (`placement_id`, `downline_id`, `level`, `matrix`) VALUES ('JNGCQK', 'S8TPST', 2, 1);
UPDATE `bv_updation` SET left_carry = left_carry+50, total_left = total_left+50
WHERE `user_id` = 'JNGCQK';
INSERT INTO `placement_bv_update_history` (`left_carry`, `date`, `from_id`, `user_id`) VALUES ('50', '2024-10-01 20:49:25', 'S8TPST', 'JNGCQK');
INSERT INTO `matrix_filling` (`placement_id`, `downline_id`, `level`, `matrix`) VALUES ('QOHBYS', 'S8TPST', 3, 1);
UPDATE `bv_updation` SET left_carry = left_carry+50, total_left = total_left+50
WHERE `user_id` = 'QOHBYS';
INSERT INTO `placement_bv_update_history` (`left_carry`, `date`, `from_id`, `user_id`) VALUES ('50', '2024-10-01 20:49:25', 'S8TPST', 'QOHBYS');
INSERT INTO `matrix_filling` (`placement_id`, `downline_id`, `level`, `matrix`) VALUES ('LUAGN1', 'S8TPST', 4, 1);
UPDATE `bv_updation` SET left_carry = left_carry+50, total_left = total_left+50
WHERE `user_id` = 'LUAGN1';
INSERT INTO `placement_bv_update_history` (`left_carry`, `date`, `from_id`, `user_id`) VALUES ('50', '2024-10-01 20:49:25', 'S8TPST', 'LUAGN1');
UPDATE `bv_updation` SET sponsor_left_carry = sponsor_left_carry+50, sponsor_total_left = sponsor_total_left+50
WHERE `user_id` = 'LUAGN1';
INSERT INTO `sponsor_bv_update_history` (`left_carry`, `date`, `user_id`) VALUES ('50', '2024-10-01 20:49:25', 'LUAGN1');
INSERT INTO `matrix_filling` (`placement_id`, `downline_id`, `level`, `matrix`) VALUES ('6DEXJW', 'S8TPST', 5, 1);
UPDATE `bv_updation` SET left_carry = left_carry+50, total_left = total_left+50
WHERE `user_id` = '6DEXJW';
INSERT INTO `placement_bv_update_history` (`left_carry`, `date`, `from_id`, `user_id`) VALUES ('50', '2024-10-01 20:49:25', 'S8TPST', '6DEXJW');
INSERT INTO `matrix_filling` (`placement_id`, `downline_id`, `level`, `matrix`) VALUES ('DM1Y9N', 'S8TPST', 6, 1);
UPDATE `bv_updation` SET right_carry = right_carry+50, total_right = total_right+50
WHERE `user_id` = 'DM1Y9N';
INSERT INTO `placement_bv_update_history` (`right_carry`, `date`, `from_id`, `user_id`) VALUES ('50', '2024-10-01 20:49:25', 'S8TPST', 'DM1Y9N');
INSERT INTO `matrix_filling` (`placement_id`, `downline_id`, `level`, `matrix`) VALUES ('A9858P', 'S8TPST', 7, 1);
UPDATE `bv_updation` SET left_carry = left_carry+50, total_left = total_left+50
WHERE `user_id` = 'A9858P';
INSERT INTO `placement_bv_update_history` (`left_carry`, `date`, `from_id`, `user_id`) VALUES ('50', '2024-10-01 20:49:25', 'S8TPST', 'A9858P');
INSERT INTO `matrix_filling` (`placement_id`, `downline_id`, `level`, `matrix`) VALUES ('admin', 'S8TPST', 8, 1);
UPDATE `bv_updation` SET right_carry = right_carry+50, total_right = total_right+50
WHERE `user_id` = 'admin';
INSERT INTO `placement_bv_update_history` (`right_carry`, `date`, `from_id`, `user_id`) VALUES ('50', '2024-10-01 20:49:25', 'S8TPST', 'admin');
INSERT INTO `package_purchase_history` (`user_id`, `package_id`, `reg_fee`, `package_name`, `monthly_fee`, `type`, `date`, `payment_option`) VALUES ('S8TPST', '2', '595', 'Traveler Pro', '150', 'sign_up', '2024-10-01 20:49:25', 'free');
UPDATE `user_registration` SET `popup_seen` = 'yes'
WHERE `user_id` = 'LUAGN1';
UPDATE `user_registration` SET `uid` = '2471', `user_id` = 'C9EOE7', `username` = 'osnel1', `sponsor_id` = '5H9TH3', `vacant` = 'no', `f_name` = 'Osnel', `l_name` = 'Salavarria', `address` = '6520 Kendale Lakes Dr', `position` = 'right', `email` = 'osnel1@gmail.com', `password` = '2bc72cb7814195e5fe0ecaa4da331f2a', `phone` = '3057610606', `country` = 'United States', `state` = 'Florida', `city` = 'Miami', `street` = '6520 Kendale Lakes Dr', `zip_code` = '33183', `reg_ip` = '172.70.255.86', `status` = 1, `package_id` = '2', `rank_id` = 1, `highest_rank` = 1, `cycle_rank_id` = 1, `created` = '2024-10-01 20:50:10', `subscription_date` = '2024-10-31', `google_secret` = 'NAL64OZDMTNSAW24'
WHERE `uid` = '2471';
INSERT INTO `user_registration` (`uid`, `user_id`, `username`, `sponsor_id`, `placement_id`, `vacant`, `f_name`, `l_name`, `address`, `position`, `email`, `password`, `phone`, `reg_ip`, `status`, `created`) VALUES (NULL, 'BHQIJM', 'qZiivGlP', 'C9EOE7', 'C9EOE7', 'yes', '', '', '', 'left', '@mail.com', '', '', '', 0, '2024-10-01 20:50:10');
INSERT INTO `user_registration` (`uid`, `user_id`, `username`, `sponsor_id`, `placement_id`, `vacant`, `f_name`, `l_name`, `address`, `position`, `email`, `password`, `phone`, `reg_ip`, `status`, `created`) VALUES (NULL, 'HRHTUK', 'uErzQrDY', 'C9EOE7', 'C9EOE7', 'yes', '', '', '', 'right', '@mail.com', '', '', '', 0, '2024-10-01 20:50:10');
INSERT INTO `bv_updation` (`user_id`) VALUES ('C9EOE7');
UPDATE `user_registration` SET total_ref_count = total_ref_count+1
WHERE `user_id` = '5H9TH3';
UPDATE `user_registration` SET total_downlines = total_downlines+1
WHERE `user_id` = 'SPT2BW';
UPDATE `user_registration` SET right_downlines = right_downlines+1
WHERE `user_id` = 'SPT2BW';
UPDATE `user_registration` SET total_downlines = total_downlines+1
WHERE `user_id` = 'YC8C3P';
UPDATE `user_registration` SET right_downlines = right_downlines+1
WHERE `user_id` = 'YC8C3P';
UPDATE `user_registration` SET total_downlines = total_downlines+1
WHERE `user_id` = 'XSYB8S';
UPDATE `user_registration` SET right_downlines = right_downlines+1
WHERE `user_id` = 'XSYB8S';
UPDATE `user_registration` SET total_downlines = total_downlines+1
WHERE `user_id` = 'JYNGFQ';
UPDATE `user_registration` SET right_downlines = right_downlines+1
WHERE `user_id` = 'JYNGFQ';
UPDATE `user_registration` SET total_downlines = total_downlines+1
WHERE `user_id` = 'WX3W7T';
UPDATE `user_registration` SET right_downlines = right_downlines+1
WHERE `user_id` = 'WX3W7T';
UPDATE `user_registration` SET total_downlines = total_downlines+1
WHERE `user_id` = '9YZXNJ';
UPDATE `user_registration` SET right_downlines = right_downlines+1
WHERE `user_id` = '9YZXNJ';
UPDATE `user_registration` SET total_downlines = total_downlines+1
WHERE `user_id` = '5H9TH3';
UPDATE `user_registration` SET right_downlines = right_downlines+1
WHERE `user_id` = '5H9TH3';
UPDATE `user_registration` SET right_ref_count = right_ref_count+1
WHERE `user_id` = '5H9TH3';
UPDATE `user_registration` SET active_right = active_right+1
WHERE `user_id` = '5H9TH3';
UPDATE `user_registration` SET total_downlines = total_downlines+1
WHERE `user_id` = 'MIT9KW';
UPDATE `user_registration` SET left_downlines = left_downlines+1
WHERE `user_id` = 'MIT9KW';
UPDATE `user_registration` SET total_downlines = total_downlines+1
WHERE `user_id` = 'IMUABZ';
UPDATE `user_registration` SET left_downlines = left_downlines+1
WHERE `user_id` = 'IMUABZ';
UPDATE `user_registration` SET total_downlines = total_downlines+1
WHERE `user_id` = 'G54QC4';
UPDATE `user_registration` SET left_downlines = left_downlines+1
WHERE `user_id` = 'G54QC4';
UPDATE `user_registration` SET total_downlines = total_downlines+1
WHERE `user_id` = '9JPZJL';
UPDATE `user_registration` SET left_downlines = left_downlines+1
WHERE `user_id` = '9JPZJL';
UPDATE `user_registration` SET total_downlines = total_downlines+1
WHERE `user_id` = 'E3PPZ3';
UPDATE `user_registration` SET left_downlines = left_downlines+1
WHERE `user_id` = 'E3PPZ3';
UPDATE `user_registration` SET total_downlines = total_downlines+1
WHERE `user_id` = '7RY1ZP';
UPDATE `user_registration` SET left_downlines = left_downlines+1
WHERE `user_id` = '7RY1ZP';
UPDATE `user_registration` SET total_downlines = total_downlines+1
WHERE `user_id` = 'ADZTOG';
UPDATE `user_registration` SET right_downlines = right_downlines+1
WHERE `user_id` = 'ADZTOG';
UPDATE `user_registration` SET total_downlines = total_downlines+1
WHERE `user_id` = 'A9858P';
UPDATE `user_registration` SET right_downlines = right_downlines+1
WHERE `user_id` = 'A9858P';
UPDATE `user_registration` SET total_downlines = total_downlines+1
WHERE `user_id` = 'admin';
UPDATE `user_registration` SET right_downlines = right_downlines+1
WHERE `user_id` = 'admin';
INSERT INTO `investment` (`invest_date`, `user_id`, `type`, `amount`, `package_id`) VALUES ('2024-10-01 20:50:11', 'C9EOE7', 'register', '595', '2');
INSERT INTO `earnings` (`user_id`, `Purchaser_id`, `earning_type`, `package_id`, `amount`, `date`, `comments`, `invest_amount`, `comm_perc`, `level`, `rank_id`, `order_id`) VALUES ('5H9TH3', 'C9EOE7', 'Direct Referral Bonus', '2', '100', '2024-10-01 20:50:11', 'Direct Referral Bonus', 0, 0, 1, '', 234);
UPDATE `user_registration` SET commission_balance = ROUND(commission_balance + 100,2)
WHERE `user_id` = '5H9TH3';
UPDATE `user_registration` SET referral_bonus = ROUND(referral_bonus + 100,2)
WHERE `user_id` = '5H9TH3';
INSERT INTO `earnings` (`user_id`, `Purchaser_id`, `earning_type`, `package_id`, `amount`, `date`, `comments`, `invest_amount`, `comm_perc`, `level`, `rank_id`, `order_id`) VALUES ('7RY1ZP', 'C9EOE7', 'Expansion Bonus', '2', 100, '2024-10-01 20:50:11', 'Expansion Bonus', '100', 0, 1, '', 234);
UPDATE `user_registration` SET commission_balance = ROUND(commission_balance + 100,2)
WHERE `user_id` = '7RY1ZP';
UPDATE `user_registration` SET expansion_bonus = ROUND(expansion_bonus + 100,2)
WHERE `user_id` = '7RY1ZP';
INSERT INTO `earnings` (`user_id`, `Purchaser_id`, `earning_type`, `package_id`, `amount`, `date`, `comments`, `invest_amount`, `comm_perc`, `level`, `rank_id`, `order_id`) VALUES ('A9858P', 'C9EOE7', 'Expansion Bonus', '2', 100, '2024-10-01 20:50:11', 'Expansion Bonus', 200, 0, 1, '', 234);
UPDATE `user_registration` SET commission_balance = ROUND(commission_balance + 100,2)
WHERE `user_id` = 'A9858P';
UPDATE `user_registration` SET expansion_bonus = ROUND(expansion_bonus + 100,2)
WHERE `user_id` = 'A9858P';
INSERT INTO `matrix_filling` (`placement_id`, `downline_id`, `level`, `matrix`) VALUES ('SPT2BW', 'C9EOE7', 1, 1);
UPDATE `bv_updation` SET right_carry = right_carry+50, total_right = total_right+50
WHERE `user_id` = 'SPT2BW';
INSERT INTO `placement_bv_update_history` (`right_carry`, `date`, `from_id`, `user_id`) VALUES ('50', '2024-10-01 20:50:11', 'C9EOE7', 'SPT2BW');
INSERT INTO `matrix_filling` (`placement_id`, `downline_id`, `level`, `matrix`) VALUES ('YC8C3P', 'C9EOE7', 2, 1);
UPDATE `bv_updation` SET right_carry = right_carry+50, total_right = total_right+50
WHERE `user_id` = 'YC8C3P';
INSERT INTO `placement_bv_update_history` (`right_carry`, `date`, `from_id`, `user_id`) VALUES ('50', '2024-10-01 20:50:11', 'C9EOE7', 'YC8C3P');
INSERT INTO `matrix_filling` (`placement_id`, `downline_id`, `level`, `matrix`) VALUES ('XSYB8S', 'C9EOE7', 3, 1);
UPDATE `bv_updation` SET right_carry = right_carry+50, total_right = total_right+50
WHERE `user_id` = 'XSYB8S';
INSERT INTO `placement_bv_update_history` (`right_carry`, `date`, `from_id`, `user_id`) VALUES ('50', '2024-10-01 20:50:11', 'C9EOE7', 'XSYB8S');
INSERT INTO `matrix_filling` (`placement_id`, `downline_id`, `level`, `matrix`) VALUES ('JYNGFQ', 'C9EOE7', 4, 1);
UPDATE `bv_updation` SET right_carry = right_carry+50, total_right = total_right+50
WHERE `user_id` = 'JYNGFQ';
INSERT INTO `placement_bv_update_history` (`right_carry`, `date`, `from_id`, `user_id`) VALUES ('50', '2024-10-01 20:50:11', 'C9EOE7', 'JYNGFQ');
INSERT INTO `matrix_filling` (`placement_id`, `downline_id`, `level`, `matrix`) VALUES ('WX3W7T', 'C9EOE7', 5, 1);
UPDATE `bv_updation` SET right_carry = right_carry+50, total_right = total_right+50
WHERE `user_id` = 'WX3W7T';
INSERT INTO `placement_bv_update_history` (`right_carry`, `date`, `from_id`, `user_id`) VALUES ('50', '2024-10-01 20:50:11', 'C9EOE7', 'WX3W7T');
INSERT INTO `matrix_filling` (`placement_id`, `downline_id`, `level`, `matrix`) VALUES ('9YZXNJ', 'C9EOE7', 6, 1);
UPDATE `bv_updation` SET right_carry = right_carry+50, total_right = total_right+50
WHERE `user_id` = '9YZXNJ';
INSERT INTO `placement_bv_update_history` (`right_carry`, `date`, `from_id`, `user_id`) VALUES ('50', '2024-10-01 20:50:11', 'C9EOE7', '9YZXNJ');
INSERT INTO `matrix_filling` (`placement_id`, `downline_id`, `level`, `matrix`) VALUES ('5H9TH3', 'C9EOE7', 7, 1);
UPDATE `bv_updation` SET right_carry = right_carry+50, total_right = total_right+50
WHERE `user_id` = '5H9TH3';
INSERT INTO `placement_bv_update_history` (`right_carry`, `date`, `from_id`, `user_id`) VALUES ('50', '2024-10-01 20:50:11', 'C9EOE7', '5H9TH3');
UPDATE `bv_updation` SET sponsor_right_carry = sponsor_right_carry+50, sponsor_total_right = sponsor_total_right+50
WHERE `user_id` = '5H9TH3';
INSERT INTO `sponsor_bv_update_history` (`right_carry`, `date`, `user_id`) VALUES ('50', '2024-10-01 20:50:11', '5H9TH3');
INSERT INTO `matrix_filling` (`placement_id`, `downline_id`, `level`, `matrix`) VALUES ('MIT9KW', 'C9EOE7', 8, 1);
UPDATE `bv_updation` SET left_carry = left_carry+50, total_left = total_left+50
WHERE `user_id` = 'MIT9KW';
INSERT INTO `placement_bv_update_history` (`left_carry`, `date`, `from_id`, `user_id`) VALUES ('50', '2024-10-01 20:50:11', 'C9EOE7', 'MIT9KW');
INSERT INTO `matrix_filling` (`placement_id`, `downline_id`, `level`, `matrix`) VALUES ('IMUABZ', 'C9EOE7', 9, 1);
UPDATE `bv_updation` SET left_carry = left_carry+50, total_left = total_left+50
WHERE `user_id` = 'IMUABZ';
INSERT INTO `placement_bv_update_history` (`left_carry`, `date`, `from_id`, `user_id`) VALUES ('50', '2024-10-01 20:50:11', 'C9EOE7', 'IMUABZ');
INSERT INTO `matrix_filling` (`placement_id`, `downline_id`, `level`, `matrix`) VALUES ('G54QC4', 'C9EOE7', 10, 1);
UPDATE `bv_updation` SET left_carry = left_carry+50, total_left = total_left+50
WHERE `user_id` = 'G54QC4';
INSERT INTO `placement_bv_update_history` (`left_carry`, `date`, `from_id`, `user_id`) VALUES ('50', '2024-10-01 20:50:11', 'C9EOE7', 'G54QC4');
INSERT INTO `matrix_filling` (`placement_id`, `downline_id`, `level`, `matrix`) VALUES ('9JPZJL', 'C9EOE7', 11, 1);
UPDATE `bv_updation` SET left_carry = left_carry+50, total_left = total_left+50
WHERE `user_id` = '9JPZJL';
INSERT INTO `placement_bv_update_history` (`left_carry`, `date`, `from_id`, `user_id`) VALUES ('50', '2024-10-01 20:50:11', 'C9EOE7', '9JPZJL');
INSERT INTO `matrix_filling` (`placement_id`, `downline_id`, `level`, `matrix`) VALUES ('E3PPZ3', 'C9EOE7', 12, 1);
UPDATE `bv_updation` SET left_carry = left_carry+50, total_left = total_left+50
WHERE `user_id` = 'E3PPZ3';
INSERT INTO `placement_bv_update_history` (`left_carry`, `date`, `from_id`, `user_id`) VALUES ('50', '2024-10-01 20:50:11', 'C9EOE7', 'E3PPZ3');
INSERT INTO `matrix_filling` (`placement_id`, `downline_id`, `level`, `matrix`) VALUES ('7RY1ZP', 'C9EOE7', 13, 1);
UPDATE `bv_updation` SET left_carry = left_carry+50, total_left = total_left+50
WHERE `user_id` = '7RY1ZP';
INSERT INTO `placement_bv_update_history` (`left_carry`, `date`, `from_id`, `user_id`) VALUES ('50', '2024-10-01 20:50:11', 'C9EOE7', '7RY1ZP');
INSERT INTO `matrix_filling` (`placement_id`, `downline_id`, `level`, `matrix`) VALUES ('ADZTOG', 'C9EOE7', 14, 1);
UPDATE `bv_updation` SET right_carry = right_carry+50, total_right = total_right+50
WHERE `user_id` = 'ADZTOG';
INSERT INTO `placement_bv_update_history` (`right_carry`, `date`, `from_id`, `user_id`) VALUES ('50', '2024-10-01 20:50:11', 'C9EOE7', 'ADZTOG');
INSERT INTO `matrix_filling` (`placement_id`, `downline_id`, `level`, `matrix`) VALUES ('A9858P', 'C9EOE7', 15, 1);
UPDATE `bv_updation` SET right_carry = right_carry+50, total_right = total_right+50
WHERE `user_id` = 'A9858P';
INSERT INTO `placement_bv_update_history` (`right_carry`, `date`, `from_id`, `user_id`) VALUES ('50', '2024-10-01 20:50:11', 'C9EOE7', 'A9858P');
INSERT INTO `matrix_filling` (`placement_id`, `downline_id`, `level`, `matrix`) VALUES ('admin', 'C9EOE7', 16, 1);
UPDATE `bv_updation` SET right_carry = right_carry+50, total_right = total_right+50
WHERE `user_id` = 'admin';
INSERT INTO `placement_bv_update_history` (`right_carry`, `date`, `from_id`, `user_id`) VALUES ('50', '2024-10-01 20:50:11', 'C9EOE7', 'admin');
INSERT INTO `package_purchase_history` (`user_id`, `package_id`, `reg_fee`, `package_name`, `monthly_fee`, `type`, `date`, `payment_option`) VALUES ('C9EOE7', '2', '595', 'Traveler Pro', '150', 'sign_up', '2024-10-01 20:50:11', 'free');
UPDATE `user_registration` SET `uid` = '2475', `user_id` = 'OEG5GT', `username` = 'osnelito1', `sponsor_id` = '5H9TH3', `vacant` = 'no', `f_name` = 'Osnel', `l_name` = 'Salavarria', `address` = '6520 Kendale Lakes Dr', `position` = 'right', `email` = 'osnelito1@gmail.com', `password` = '2bc72cb7814195e5fe0ecaa4da331f2a', `phone` = '3057610606', `country` = 'United States', `state` = 'Florida', `city` = 'Miami', `street` = '6520 Kendale Lakes Dr', `zip_code` = '33183', `reg_ip` = '172.70.82.94', `status` = 1, `package_id` = '2', `rank_id` = 1, `highest_rank` = 1, `cycle_rank_id` = 1, `created` = '2024-10-01 20:51:50', `subscription_date` = '2024-10-31', `google_secret` = 'AYCNLPOKGVDUQXDL'
WHERE `uid` = '2475';
INSERT INTO `user_registration` (`uid`, `user_id`, `username`, `sponsor_id`, `placement_id`, `vacant`, `f_name`, `l_name`, `address`, `position`, `email`, `password`, `phone`, `reg_ip`, `status`, `created`) VALUES (NULL, 'EGLYUH', 'ttFdHAXX', 'OEG5GT', 'OEG5GT', 'yes', '', '', '', 'left', '@mail.com', '', '', '', 0, '2024-10-01 20:51:50');
INSERT INTO `user_registration` (`uid`, `user_id`, `username`, `sponsor_id`, `placement_id`, `vacant`, `f_name`, `l_name`, `address`, `position`, `email`, `password`, `phone`, `reg_ip`, `status`, `created`) VALUES (NULL, 'TOITSI', 'CogMVXVV', 'OEG5GT', 'OEG5GT', 'yes', '', '', '', 'right', '@mail.com', '', '', '', 0, '2024-10-01 20:51:50');
INSERT INTO `bv_updation` (`user_id`) VALUES ('OEG5GT');
UPDATE `user_registration` SET total_ref_count = total_ref_count+1
WHERE `user_id` = '5H9TH3';
UPDATE `user_registration` SET total_downlines = total_downlines+1
WHERE `user_id` = 'C9EOE7';
UPDATE `user_registration` SET right_downlines = right_downlines+1
WHERE `user_id` = 'C9EOE7';
UPDATE `user_registration` SET total_downlines = total_downlines+1
WHERE `user_id` = 'SPT2BW';
UPDATE `user_registration` SET right_downlines = right_downlines+1
WHERE `user_id` = 'SPT2BW';
UPDATE `user_registration` SET total_downlines = total_downlines+1
WHERE `user_id` = 'YC8C3P';
UPDATE `user_registration` SET right_downlines = right_downlines+1
WHERE `user_id` = 'YC8C3P';
UPDATE `user_registration` SET total_downlines = total_downlines+1
WHERE `user_id` = 'XSYB8S';
UPDATE `user_registration` SET right_downlines = right_downlines+1
WHERE `user_id` = 'XSYB8S';
UPDATE `user_registration` SET total_downlines = total_downlines+1
WHERE `user_id` = 'JYNGFQ';
UPDATE `user_registration` SET right_downlines = right_downlines+1
WHERE `user_id` = 'JYNGFQ';
UPDATE `user_registration` SET total_downlines = total_downlines+1
WHERE `user_id` = 'WX3W7T';
UPDATE `user_registration` SET right_downlines = right_downlines+1
WHERE `user_id` = 'WX3W7T';
UPDATE `user_registration` SET total_downlines = total_downlines+1
WHERE `user_id` = '9YZXNJ';
UPDATE `user_registration` SET right_downlines = right_downlines+1
WHERE `user_id` = '9YZXNJ';
UPDATE `user_registration` SET total_downlines = total_downlines+1
WHERE `user_id` = '5H9TH3';
UPDATE `user_registration` SET right_downlines = right_downlines+1
WHERE `user_id` = '5H9TH3';
UPDATE `user_registration` SET right_ref_count = right_ref_count+1
WHERE `user_id` = '5H9TH3';
UPDATE `user_registration` SET active_right = active_right+1
WHERE `user_id` = '5H9TH3';
UPDATE `user_registration` SET total_downlines = total_downlines+1
WHERE `user_id` = 'MIT9KW';
UPDATE `user_registration` SET left_downlines = left_downlines+1
WHERE `user_id` = 'MIT9KW';
UPDATE `user_registration` SET total_downlines = total_downlines+1
WHERE `user_id` = 'IMUABZ';
UPDATE `user_registration` SET left_downlines = left_downlines+1
WHERE `user_id` = 'IMUABZ';
UPDATE `user_registration` SET total_downlines = total_downlines+1
WHERE `user_id` = 'G54QC4';
UPDATE `user_registration` SET left_downlines = left_downlines+1
WHERE `user_id` = 'G54QC4';
UPDATE `user_registration` SET total_downlines = total_downlines+1
WHERE `user_id` = '9JPZJL';
UPDATE `user_registration` SET left_downlines = left_downlines+1
WHERE `user_id` = '9JPZJL';
UPDATE `user_registration` SET total_downlines = total_downlines+1
WHERE `user_id` = 'E3PPZ3';
UPDATE `user_registration` SET left_downlines = left_downlines+1
WHERE `user_id` = 'E3PPZ3';
UPDATE `user_registration` SET total_downlines = total_downlines+1
WHERE `user_id` = '7RY1ZP';
UPDATE `user_registration` SET left_downlines = left_downlines+1
WHERE `user_id` = '7RY1ZP';
UPDATE `user_registration` SET total_downlines = total_downlines+1
WHERE `user_id` = 'ADZTOG';
UPDATE `user_registration` SET right_downlines = right_downlines+1
WHERE `user_id` = 'ADZTOG';
UPDATE `user_registration` SET total_downlines = total_downlines+1
WHERE `user_id` = 'A9858P';
UPDATE `user_registration` SET right_downlines = right_downlines+1
WHERE `user_id` = 'A9858P';
UPDATE `user_registration` SET total_downlines = total_downlines+1
WHERE `user_id` = 'admin';
UPDATE `user_registration` SET right_downlines = right_downlines+1
WHERE `user_id` = 'admin';
INSERT INTO `investment` (`invest_date`, `user_id`, `type`, `amount`, `package_id`) VALUES ('2024-10-01 20:51:50', 'OEG5GT', 'register', '595', '2');
INSERT INTO `earnings` (`user_id`, `Purchaser_id`, `earning_type`, `package_id`, `amount`, `date`, `comments`, `invest_amount`, `comm_perc`, `level`, `rank_id`, `order_id`) VALUES ('5H9TH3', 'OEG5GT', 'Direct Referral Bonus', '2', '100', '2024-10-01 20:51:50', 'Direct Referral Bonus', 0, 0, 1, '', 235);
UPDATE `user_registration` SET commission_balance = ROUND(commission_balance + 100,2)
WHERE `user_id` = '5H9TH3';
UPDATE `user_registration` SET referral_bonus = ROUND(referral_bonus + 100,2)
WHERE `user_id` = '5H9TH3';
INSERT INTO `earnings` (`user_id`, `Purchaser_id`, `earning_type`, `package_id`, `amount`, `date`, `comments`, `invest_amount`, `comm_perc`, `level`, `rank_id`, `order_id`) VALUES ('7RY1ZP', 'OEG5GT', 'Expansion Bonus', '2', 100, '2024-10-01 20:51:50', 'Expansion Bonus', '100', 0, 1, '', 235);
UPDATE `user_registration` SET commission_balance = ROUND(commission_balance + 100,2)
WHERE `user_id` = '7RY1ZP';
UPDATE `user_registration` SET expansion_bonus = ROUND(expansion_bonus + 100,2)
WHERE `user_id` = '7RY1ZP';
INSERT INTO `earnings` (`user_id`, `Purchaser_id`, `earning_type`, `package_id`, `amount`, `date`, `comments`, `invest_amount`, `comm_perc`, `level`, `rank_id`, `order_id`) VALUES ('A9858P', 'OEG5GT', 'Expansion Bonus', '2', 100, '2024-10-01 20:51:50', 'Expansion Bonus', 200, 0, 1, '', 235);
UPDATE `user_registration` SET commission_balance = ROUND(commission_balance + 100,2)
WHERE `user_id` = 'A9858P';
UPDATE `user_registration` SET expansion_bonus = ROUND(expansion_bonus + 100,2)
WHERE `user_id` = 'A9858P';
INSERT INTO `matrix_filling` (`placement_id`, `downline_id`, `level`, `matrix`) VALUES ('C9EOE7', 'OEG5GT', 1, 1);
UPDATE `bv_updation` SET right_carry = right_carry+50, total_right = total_right+50
WHERE `user_id` = 'C9EOE7';
INSERT INTO `placement_bv_update_history` (`right_carry`, `date`, `from_id`, `user_id`) VALUES ('50', '2024-10-01 20:51:50', 'OEG5GT', 'C9EOE7');
INSERT INTO `matrix_filling` (`placement_id`, `downline_id`, `level`, `matrix`) VALUES ('SPT2BW', 'OEG5GT', 2, 1);
UPDATE `bv_updation` SET right_carry = right_carry+50, total_right = total_right+50
WHERE `user_id` = 'SPT2BW';
INSERT INTO `placement_bv_update_history` (`right_carry`, `date`, `from_id`, `user_id`) VALUES ('50', '2024-10-01 20:51:50', 'OEG5GT', 'SPT2BW');
INSERT INTO `matrix_filling` (`placement_id`, `downline_id`, `level`, `matrix`) VALUES ('YC8C3P', 'OEG5GT', 3, 1);
UPDATE `bv_updation` SET right_carry = right_carry+50, total_right = total_right+50
WHERE `user_id` = 'YC8C3P';
INSERT INTO `placement_bv_update_history` (`right_carry`, `date`, `from_id`, `user_id`) VALUES ('50', '2024-10-01 20:51:50', 'OEG5GT', 'YC8C3P');
INSERT INTO `matrix_filling` (`placement_id`, `downline_id`, `level`, `matrix`) VALUES ('XSYB8S', 'OEG5GT', 4, 1);
UPDATE `bv_updation` SET right_carry = right_carry+50, total_right = total_right+50
WHERE `user_id` = 'XSYB8S';
INSERT INTO `placement_bv_update_history` (`right_carry`, `date`, `from_id`, `user_id`) VALUES ('50', '2024-10-01 20:51:50', 'OEG5GT', 'XSYB8S');
INSERT INTO `matrix_filling` (`placement_id`, `downline_id`, `level`, `matrix`) VALUES ('JYNGFQ', 'OEG5GT', 5, 1);
UPDATE `bv_updation` SET right_carry = right_carry+50, total_right = total_right+50
WHERE `user_id` = 'JYNGFQ';
INSERT INTO `placement_bv_update_history` (`right_carry`, `date`, `from_id`, `user_id`) VALUES ('50', '2024-10-01 20:51:50', 'OEG5GT', 'JYNGFQ');
INSERT INTO `matrix_filling` (`placement_id`, `downline_id`, `level`, `matrix`) VALUES ('WX3W7T', 'OEG5GT', 6, 1);
UPDATE `bv_updation` SET right_carry = right_carry+50, total_right = total_right+50
WHERE `user_id` = 'WX3W7T';
INSERT INTO `placement_bv_update_history` (`right_carry`, `date`, `from_id`, `user_id`) VALUES ('50', '2024-10-01 20:51:50', 'OEG5GT', 'WX3W7T');
INSERT INTO `matrix_filling` (`placement_id`, `downline_id`, `level`, `matrix`) VALUES ('9YZXNJ', 'OEG5GT', 7, 1);
UPDATE `bv_updation` SET right_carry = right_carry+50, total_right = total_right+50
WHERE `user_id` = '9YZXNJ';
INSERT INTO `placement_bv_update_history` (`right_carry`, `date`, `from_id`, `user_id`) VALUES ('50', '2024-10-01 20:51:50', 'OEG5GT', '9YZXNJ');
INSERT INTO `matrix_filling` (`placement_id`, `downline_id`, `level`, `matrix`) VALUES ('5H9TH3', 'OEG5GT', 8, 1);
UPDATE `bv_updation` SET right_carry = right_carry+50, total_right = total_right+50
WHERE `user_id` = '5H9TH3';
INSERT INTO `placement_bv_update_history` (`right_carry`, `date`, `from_id`, `user_id`) VALUES ('50', '2024-10-01 20:51:50', 'OEG5GT', '5H9TH3');
UPDATE `bv_updation` SET sponsor_right_carry = sponsor_right_carry+50, sponsor_total_right = sponsor_total_right+50
WHERE `user_id` = '5H9TH3';
INSERT INTO `sponsor_bv_update_history` (`right_carry`, `date`, `user_id`) VALUES ('50', '2024-10-01 20:51:50', '5H9TH3');
INSERT INTO `matrix_filling` (`placement_id`, `downline_id`, `level`, `matrix`) VALUES ('MIT9KW', 'OEG5GT', 9, 1);
UPDATE `bv_updation` SET left_carry = left_carry+50, total_left = total_left+50
WHERE `user_id` = 'MIT9KW';
INSERT INTO `placement_bv_update_history` (`left_carry`, `date`, `from_id`, `user_id`) VALUES ('50', '2024-10-01 20:51:50', 'OEG5GT', 'MIT9KW');
INSERT INTO `matrix_filling` (`placement_id`, `downline_id`, `level`, `matrix`) VALUES ('IMUABZ', 'OEG5GT', 10, 1);
UPDATE `bv_updation` SET left_carry = left_carry+50, total_left = total_left+50
WHERE `user_id` = 'IMUABZ';
INSERT INTO `placement_bv_update_history` (`left_carry`, `date`, `from_id`, `user_id`) VALUES ('50', '2024-10-01 20:51:50', 'OEG5GT', 'IMUABZ');
INSERT INTO `matrix_filling` (`placement_id`, `downline_id`, `level`, `matrix`) VALUES ('G54QC4', 'OEG5GT', 11, 1);
UPDATE `bv_updation` SET left_carry = left_carry+50, total_left = total_left+50
WHERE `user_id` = 'G54QC4';
INSERT INTO `placement_bv_update_history` (`left_carry`, `date`, `from_id`, `user_id`) VALUES ('50', '2024-10-01 20:51:50', 'OEG5GT', 'G54QC4');
INSERT INTO `matrix_filling` (`placement_id`, `downline_id`, `level`, `matrix`) VALUES ('9JPZJL', 'OEG5GT', 12, 1);
UPDATE `bv_updation` SET left_carry = left_carry+50, total_left = total_left+50
WHERE `user_id` = '9JPZJL';
INSERT INTO `placement_bv_update_history` (`left_carry`, `date`, `from_id`, `user_id`) VALUES ('50', '2024-10-01 20:51:50', 'OEG5GT', '9JPZJL');
INSERT INTO `matrix_filling` (`placement_id`, `downline_id`, `level`, `matrix`) VALUES ('E3PPZ3', 'OEG5GT', 13, 1);
UPDATE `bv_updation` SET left_carry = left_carry+50, total_left = total_left+50
WHERE `user_id` = 'E3PPZ3';
INSERT INTO `placement_bv_update_history` (`left_carry`, `date`, `from_id`, `user_id`) VALUES ('50', '2024-10-01 20:51:50', 'OEG5GT', 'E3PPZ3');
INSERT INTO `matrix_filling` (`placement_id`, `downline_id`, `level`, `matrix`) VALUES ('7RY1ZP', 'OEG5GT', 14, 1);
UPDATE `bv_updation` SET left_carry = left_carry+50, total_left = total_left+50
WHERE `user_id` = '7RY1ZP';
INSERT INTO `placement_bv_update_history` (`left_carry`, `date`, `from_id`, `user_id`) VALUES ('50', '2024-10-01 20:51:50', 'OEG5GT', '7RY1ZP');
INSERT INTO `matrix_filling` (`placement_id`, `downline_id`, `level`, `matrix`) VALUES ('ADZTOG', 'OEG5GT', 15, 1);
UPDATE `bv_updation` SET right_carry = right_carry+50, total_right = total_right+50
WHERE `user_id` = 'ADZTOG';
INSERT INTO `placement_bv_update_history` (`right_carry`, `date`, `from_id`, `user_id`) VALUES ('50', '2024-10-01 20:51:50', 'OEG5GT', 'ADZTOG');
INSERT INTO `matrix_filling` (`placement_id`, `downline_id`, `level`, `matrix`) VALUES ('A9858P', 'OEG5GT', 16, 1);
UPDATE `bv_updation` SET right_carry = right_carry+50, total_right = total_right+50
WHERE `user_id` = 'A9858P';
INSERT INTO `placement_bv_update_history` (`right_carry`, `date`, `from_id`, `user_id`) VALUES ('50', '2024-10-01 20:51:50', 'OEG5GT', 'A9858P');
INSERT INTO `matrix_filling` (`placement_id`, `downline_id`, `level`, `matrix`) VALUES ('admin', 'OEG5GT', 17, 1);
UPDATE `bv_updation` SET right_carry = right_carry+50, total_right = total_right+50
WHERE `user_id` = 'admin';
INSERT INTO `placement_bv_update_history` (`right_carry`, `date`, `from_id`, `user_id`) VALUES ('50', '2024-10-01 20:51:50', 'OEG5GT', 'admin');
INSERT INTO `package_purchase_history` (`user_id`, `package_id`, `reg_fee`, `package_name`, `monthly_fee`, `type`, `date`, `payment_option`) VALUES ('OEG5GT', '2', '595', 'Traveler Pro', '150', 'sign_up', '2024-10-01 20:51:50', 'free');
UPDATE `ci_sessions` SET `timestamp` = 1727833933, `data` = '__ci_last_regenerate|i:1727833933;id|s:4:\"2184\";user_id|s:6:\"LUAGN1\";username|s:11:\"juancarlos1\";sponsor_id|s:6:\"6DEXJW\";fullname|s:17:\"Juan Carlos Perez\";email|s:21:\"juancarlos1@gmail.com\";phone|s:10:\"7862876762\";isLogIn|b:1;'
WHERE `id` = '5a1a3b39f517a0eccedaa654e6065f7b8703c25f';
UPDATE `user_registration` SET `uid` = '2467', `user_id` = 'JSMVWA', `username` = 'oscarito1', `sponsor_id` = 'LUAGN1', `vacant` = 'no', `f_name` = 'Oscar', `l_name` = 'Carbonell', `address` = '8100 SW 14 Terr', `position` = 'right', `email` = 'oscarito1@gmail.com', `password` = 'aa38746a7086e6b4c830361124c164cf', `phone` = '7862876762', `country` = 'United States', `state` = 'Florida', `city` = 'Miami', `street` = '8100 SW 14 Terr', `zip_code` = '33144', `reg_ip` = '108.162.210.221', `status` = 1, `package_id` = '2', `rank_id` = 1, `highest_rank` = 1, `cycle_rank_id` = 1, `created` = '2024-10-01 20:52:13', `subscription_date` = '2024-10-31', `google_secret` = '2V5YOLZ3JY74J776'
WHERE `uid` = '2467';
INSERT INTO `user_registration` (`uid`, `user_id`, `username`, `sponsor_id`, `placement_id`, `vacant`, `f_name`, `l_name`, `address`, `position`, `email`, `password`, `phone`, `reg_ip`, `status`, `created`) VALUES (NULL, 'PJAYTM', 'RzkGCBiV', 'JSMVWA', 'JSMVWA', 'yes', '', '', '', 'left', '@mail.com', '', '', '', 0, '2024-10-01 20:52:13');
INSERT INTO `user_registration` (`uid`, `user_id`, `username`, `sponsor_id`, `placement_id`, `vacant`, `f_name`, `l_name`, `address`, `position`, `email`, `password`, `phone`, `reg_ip`, `status`, `created`) VALUES (NULL, 'QCOZOL', 'qixSyZxg', 'JSMVWA', 'JSMVWA', 'yes', '', '', '', 'right', '@mail.com', '', '', '', 0, '2024-10-01 20:52:13');
INSERT INTO `bv_updation` (`user_id`) VALUES ('JSMVWA');
UPDATE `user_registration` SET total_ref_count = total_ref_count+1
WHERE `user_id` = 'LUAGN1';
UPDATE `user_registration` SET total_downlines = total_downlines+1
WHERE `user_id` = 'Y741WF';
UPDATE `user_registration` SET right_downlines = right_downlines+1
WHERE `user_id` = 'Y741WF';
UPDATE `user_registration` SET total_downlines = total_downlines+1
WHERE `user_id` = 'JLTMOH';
UPDATE `user_registration` SET right_downlines = right_downlines+1
WHERE `user_id` = 'JLTMOH';
UPDATE `user_registration` SET total_downlines = total_downlines+1
WHERE `user_id` = 'NS15G5';
UPDATE `user_registration` SET right_downlines = right_downlines+1
WHERE `user_id` = 'NS15G5';
UPDATE `user_registration` SET total_downlines = total_downlines+1
WHERE `user_id` = 'YU8PLO';
UPDATE `user_registration` SET right_downlines = right_downlines+1
WHERE `user_id` = 'YU8PLO';
UPDATE `user_registration` SET total_downlines = total_downlines+1
WHERE `user_id` = 'LUAGN1';
UPDATE `user_registration` SET right_downlines = right_downlines+1
WHERE `user_id` = 'LUAGN1';
UPDATE `user_registration` SET right_ref_count = right_ref_count+1
WHERE `user_id` = 'LUAGN1';
UPDATE `user_registration` SET active_right = active_right+1
WHERE `user_id` = 'LUAGN1';
UPDATE `user_registration` SET total_downlines = total_downlines+1
WHERE `user_id` = '6DEXJW';
UPDATE `user_registration` SET left_downlines = left_downlines+1
WHERE `user_id` = '6DEXJW';
UPDATE `user_registration` SET total_downlines = total_downlines+1
WHERE `user_id` = 'DM1Y9N';
UPDATE `user_registration` SET right_downlines = right_downlines+1
WHERE `user_id` = 'DM1Y9N';
UPDATE `user_registration` SET total_downlines = total_downlines+1
WHERE `user_id` = 'A9858P';
UPDATE `user_registration` SET left_downlines = left_downlines+1
WHERE `user_id` = 'A9858P';
UPDATE `user_registration` SET total_downlines = total_downlines+1
WHERE `user_id` = 'admin';
UPDATE `user_registration` SET right_downlines = right_downlines+1
WHERE `user_id` = 'admin';
INSERT INTO `investment` (`invest_date`, `user_id`, `type`, `amount`, `package_id`) VALUES ('2024-10-01 20:52:13', 'JSMVWA', 'register', '595', '2');
INSERT INTO `earnings` (`user_id`, `Purchaser_id`, `earning_type`, `package_id`, `amount`, `date`, `comments`, `invest_amount`, `comm_perc`, `level`, `rank_id`, `order_id`) VALUES ('LUAGN1', 'JSMVWA', 'Direct Referral Bonus', '2', '100', '2024-10-01 20:52:13', 'Direct Referral Bonus', 0, 0, 1, '', 236);
UPDATE `user_registration` SET commission_balance = ROUND(commission_balance + 100,2)
WHERE `user_id` = 'LUAGN1';
UPDATE `user_registration` SET referral_bonus = ROUND(referral_bonus + 100,2)
WHERE `user_id` = 'LUAGN1';
INSERT INTO `earnings` (`user_id`, `Purchaser_id`, `earning_type`, `package_id`, `amount`, `date`, `comments`, `invest_amount`, `comm_perc`, `level`, `rank_id`, `order_id`) VALUES ('DM1Y9N', 'JSMVWA', 'Expansion Bonus', '2', 100, '2024-10-01 20:52:13', 'Expansion Bonus', '100', 0, 1, '', 236);
UPDATE `user_registration` SET commission_balance = ROUND(commission_balance + 100,2)
WHERE `user_id` = 'DM1Y9N';
UPDATE `user_registration` SET expansion_bonus = ROUND(expansion_bonus + 100,2)
WHERE `user_id` = 'DM1Y9N';
INSERT INTO `earnings` (`user_id`, `Purchaser_id`, `earning_type`, `package_id`, `amount`, `date`, `comments`, `invest_amount`, `comm_perc`, `level`, `rank_id`, `order_id`) VALUES ('A9858P', 'JSMVWA', 'Expansion Bonus', '2', 100, '2024-10-01 20:52:13', 'Expansion Bonus', 200, 0, 1, '', 236);
UPDATE `user_registration` SET commission_balance = ROUND(commission_balance + 100,2)
WHERE `user_id` = 'A9858P';
UPDATE `user_registration` SET expansion_bonus = ROUND(expansion_bonus + 100,2)
WHERE `user_id` = 'A9858P';
INSERT INTO `matrix_filling` (`placement_id`, `downline_id`, `level`, `matrix`) VALUES ('Y741WF', 'JSMVWA', 1, 1);
UPDATE `bv_updation` SET right_carry = right_carry+50, total_right = total_right+50
WHERE `user_id` = 'Y741WF';
INSERT INTO `placement_bv_update_history` (`right_carry`, `date`, `from_id`, `user_id`) VALUES ('50', '2024-10-01 20:52:13', 'JSMVWA', 'Y741WF');
INSERT INTO `matrix_filling` (`placement_id`, `downline_id`, `level`, `matrix`) VALUES ('JLTMOH', 'JSMVWA', 2, 1);
UPDATE `bv_updation` SET right_carry = right_carry+50, total_right = total_right+50
WHERE `user_id` = 'JLTMOH';
INSERT INTO `placement_bv_update_history` (`right_carry`, `date`, `from_id`, `user_id`) VALUES ('50', '2024-10-01 20:52:13', 'JSMVWA', 'JLTMOH');
INSERT INTO `matrix_filling` (`placement_id`, `downline_id`, `level`, `matrix`) VALUES ('NS15G5', 'JSMVWA', 3, 1);
UPDATE `bv_updation` SET right_carry = right_carry+50, total_right = total_right+50
WHERE `user_id` = 'NS15G5';
INSERT INTO `placement_bv_update_history` (`right_carry`, `date`, `from_id`, `user_id`) VALUES ('50', '2024-10-01 20:52:13', 'JSMVWA', 'NS15G5');
INSERT INTO `matrix_filling` (`placement_id`, `downline_id`, `level`, `matrix`) VALUES ('YU8PLO', 'JSMVWA', 4, 1);
UPDATE `bv_updation` SET right_carry = right_carry+50, total_right = total_right+50
WHERE `user_id` = 'YU8PLO';
INSERT INTO `placement_bv_update_history` (`right_carry`, `date`, `from_id`, `user_id`) VALUES ('50', '2024-10-01 20:52:13', 'JSMVWA', 'YU8PLO');
INSERT INTO `matrix_filling` (`placement_id`, `downline_id`, `level`, `matrix`) VALUES ('LUAGN1', 'JSMVWA', 5, 1);
UPDATE `bv_updation` SET right_carry = right_carry+50, total_right = total_right+50
WHERE `user_id` = 'LUAGN1';
INSERT INTO `placement_bv_update_history` (`right_carry`, `date`, `from_id`, `user_id`) VALUES ('50', '2024-10-01 20:52:13', 'JSMVWA', 'LUAGN1');
UPDATE `bv_updation` SET sponsor_right_carry = sponsor_right_carry+50, sponsor_total_right = sponsor_total_right+50
WHERE `user_id` = 'LUAGN1';
INSERT INTO `sponsor_bv_update_history` (`right_carry`, `date`, `user_id`) VALUES ('50', '2024-10-01 20:52:13', 'LUAGN1');
INSERT INTO `matrix_filling` (`placement_id`, `downline_id`, `level`, `matrix`) VALUES ('6DEXJW', 'JSMVWA', 6, 1);
UPDATE `bv_updation` SET left_carry = left_carry+50, total_left = total_left+50
WHERE `user_id` = '6DEXJW';
INSERT INTO `placement_bv_update_history` (`left_carry`, `date`, `from_id`, `user_id`) VALUES ('50', '2024-10-01 20:52:13', 'JSMVWA', '6DEXJW');
INSERT INTO `matrix_filling` (`placement_id`, `downline_id`, `level`, `matrix`) VALUES ('DM1Y9N', 'JSMVWA', 7, 1);
UPDATE `bv_updation` SET right_carry = right_carry+50, total_right = total_right+50
WHERE `user_id` = 'DM1Y9N';
INSERT INTO `placement_bv_update_history` (`right_carry`, `date`, `from_id`, `user_id`) VALUES ('50', '2024-10-01 20:52:13', 'JSMVWA', 'DM1Y9N');
INSERT INTO `matrix_filling` (`placement_id`, `downline_id`, `level`, `matrix`) VALUES ('A9858P', 'JSMVWA', 8, 1);
UPDATE `bv_updation` SET left_carry = left_carry+50, total_left = total_left+50
WHERE `user_id` = 'A9858P';
INSERT INTO `placement_bv_update_history` (`left_carry`, `date`, `from_id`, `user_id`) VALUES ('50', '2024-10-01 20:52:14', 'JSMVWA', 'A9858P');
INSERT INTO `matrix_filling` (`placement_id`, `downline_id`, `level`, `matrix`) VALUES ('admin', 'JSMVWA', 9, 1);
UPDATE `bv_updation` SET right_carry = right_carry+50, total_right = total_right+50
WHERE `user_id` = 'admin';
INSERT INTO `placement_bv_update_history` (`right_carry`, `date`, `from_id`, `user_id`) VALUES ('50', '2024-10-01 20:52:14', 'JSMVWA', 'admin');
INSERT INTO `package_purchase_history` (`user_id`, `package_id`, `reg_fee`, `package_name`, `monthly_fee`, `type`, `date`, `payment_option`) VALUES ('JSMVWA', '2', '595', 'Traveler Pro', '150', 'sign_up', '2024-10-01 20:52:14', 'free');
UPDATE `user_registration` SET `uid` = '2477', `user_id` = 'QQCXJC', `username` = 'ernestina1', `sponsor_id` = '5H9TH3', `vacant` = 'no', `f_name` = 'Ernestina', `l_name` = 'Mateo', `address` = '6520 Kendale Lakes Dr', `position` = 'right', `email` = 'ernestina1@gmail.com', `password` = 'c0aa5db3194b43ca91a30da4652ab935', `phone` = '3057610606', `country` = 'United States', `state` = 'Florida', `city` = 'Miami', `street` = '6520 Kendale Lakes Dr', `zip_code` = '33183', `reg_ip` = '172.70.54.25', `status` = 1, `package_id` = '2', `rank_id` = 1, `highest_rank` = 1, `cycle_rank_id` = 1, `created` = '2024-10-01 20:53:01', `subscription_date` = '2024-10-31', `google_secret` = 'SHCTFTJLQAWLLO7K'
WHERE `uid` = '2477';
INSERT INTO `user_registration` (`uid`, `user_id`, `username`, `sponsor_id`, `placement_id`, `vacant`, `f_name`, `l_name`, `address`, `position`, `email`, `password`, `phone`, `reg_ip`, `status`, `created`) VALUES (NULL, 'WSQGST', 'GoreHTEg', 'QQCXJC', 'QQCXJC', 'yes', '', '', '', 'left', '@mail.com', '', '', '', 0, '2024-10-01 20:53:01');
INSERT INTO `user_registration` (`uid`, `user_id`, `username`, `sponsor_id`, `placement_id`, `vacant`, `f_name`, `l_name`, `address`, `position`, `email`, `password`, `phone`, `reg_ip`, `status`, `created`) VALUES (NULL, 'XWHXHL', 'SwrzInOR', 'QQCXJC', 'QQCXJC', 'yes', '', '', '', 'right', '@mail.com', '', '', '', 0, '2024-10-01 20:53:01');
INSERT INTO `bv_updation` (`user_id`) VALUES ('QQCXJC');
UPDATE `user_registration` SET total_ref_count = total_ref_count+1
WHERE `user_id` = '5H9TH3';
UPDATE `user_registration` SET total_downlines = total_downlines+1
WHERE `user_id` = 'OEG5GT';
UPDATE `user_registration` SET right_downlines = right_downlines+1
WHERE `user_id` = 'OEG5GT';
UPDATE `user_registration` SET total_downlines = total_downlines+1
WHERE `user_id` = 'C9EOE7';
UPDATE `user_registration` SET right_downlines = right_downlines+1
WHERE `user_id` = 'C9EOE7';
UPDATE `user_registration` SET total_downlines = total_downlines+1
WHERE `user_id` = 'SPT2BW';
UPDATE `user_registration` SET right_downlines = right_downlines+1
WHERE `user_id` = 'SPT2BW';
UPDATE `user_registration` SET total_downlines = total_downlines+1
WHERE `user_id` = 'YC8C3P';
UPDATE `user_registration` SET right_downlines = right_downlines+1
WHERE `user_id` = 'YC8C3P';
UPDATE `user_registration` SET total_downlines = total_downlines+1
WHERE `user_id` = 'XSYB8S';
UPDATE `user_registration` SET right_downlines = right_downlines+1
WHERE `user_id` = 'XSYB8S';
UPDATE `user_registration` SET total_downlines = total_downlines+1
WHERE `user_id` = 'JYNGFQ';
UPDATE `user_registration` SET right_downlines = right_downlines+1
WHERE `user_id` = 'JYNGFQ';
UPDATE `user_registration` SET total_downlines = total_downlines+1
WHERE `user_id` = 'WX3W7T';
UPDATE `user_registration` SET right_downlines = right_downlines+1
WHERE `user_id` = 'WX3W7T';
UPDATE `user_registration` SET total_downlines = total_downlines+1
WHERE `user_id` = '9YZXNJ';
UPDATE `user_registration` SET right_downlines = right_downlines+1
WHERE `user_id` = '9YZXNJ';
UPDATE `user_registration` SET total_downlines = total_downlines+1
WHERE `user_id` = '5H9TH3';
UPDATE `user_registration` SET right_downlines = right_downlines+1
WHERE `user_id` = '5H9TH3';
UPDATE `user_registration` SET right_ref_count = right_ref_count+1
WHERE `user_id` = '5H9TH3';
UPDATE `user_registration` SET active_right = active_right+1
WHERE `user_id` = '5H9TH3';
UPDATE `user_registration` SET total_downlines = total_downlines+1
WHERE `user_id` = 'MIT9KW';
UPDATE `user_registration` SET left_downlines = left_downlines+1
WHERE `user_id` = 'MIT9KW';
UPDATE `user_registration` SET total_downlines = total_downlines+1
WHERE `user_id` = 'IMUABZ';
UPDATE `user_registration` SET left_downlines = left_downlines+1
WHERE `user_id` = 'IMUABZ';
UPDATE `user_registration` SET total_downlines = total_downlines+1
WHERE `user_id` = 'G54QC4';
UPDATE `user_registration` SET left_downlines = left_downlines+1
WHERE `user_id` = 'G54QC4';
UPDATE `user_registration` SET total_downlines = total_downlines+1
WHERE `user_id` = '9JPZJL';
UPDATE `user_registration` SET left_downlines = left_downlines+1
WHERE `user_id` = '9JPZJL';
UPDATE `user_registration` SET total_downlines = total_downlines+1
WHERE `user_id` = 'E3PPZ3';
UPDATE `user_registration` SET left_downlines = left_downlines+1
WHERE `user_id` = 'E3PPZ3';
UPDATE `user_registration` SET total_downlines = total_downlines+1
WHERE `user_id` = '7RY1ZP';
UPDATE `user_registration` SET left_downlines = left_downlines+1
WHERE `user_id` = '7RY1ZP';
UPDATE `user_registration` SET total_downlines = total_downlines+1
WHERE `user_id` = 'ADZTOG';
UPDATE `user_registration` SET right_downlines = right_downlines+1
WHERE `user_id` = 'ADZTOG';
UPDATE `user_registration` SET total_downlines = total_downlines+1
WHERE `user_id` = 'A9858P';
UPDATE `user_registration` SET right_downlines = right_downlines+1
WHERE `user_id` = 'A9858P';
UPDATE `user_registration` SET total_downlines = total_downlines+1
WHERE `user_id` = 'admin';
UPDATE `user_registration` SET right_downlines = right_downlines+1
WHERE `user_id` = 'admin';
INSERT INTO `investment` (`invest_date`, `user_id`, `type`, `amount`, `package_id`) VALUES ('2024-10-01 20:53:02', 'QQCXJC', 'register', '595', '2');
INSERT INTO `earnings` (`user_id`, `Purchaser_id`, `earning_type`, `package_id`, `amount`, `date`, `comments`, `invest_amount`, `comm_perc`, `level`, `rank_id`, `order_id`) VALUES ('5H9TH3', 'QQCXJC', 'Direct Referral Bonus', '2', '100', '2024-10-01 20:53:02', 'Direct Referral Bonus', 0, 0, 1, '', 237);
UPDATE `user_registration` SET commission_balance = ROUND(commission_balance + 100,2)
WHERE `user_id` = '5H9TH3';
UPDATE `user_registration` SET referral_bonus = ROUND(referral_bonus + 100,2)
WHERE `user_id` = '5H9TH3';
INSERT INTO `earnings` (`user_id`, `Purchaser_id`, `earning_type`, `package_id`, `amount`, `date`, `comments`, `invest_amount`, `comm_perc`, `level`, `rank_id`, `order_id`) VALUES ('7RY1ZP', 'QQCXJC', 'Expansion Bonus', '2', 100, '2024-10-01 20:53:02', 'Expansion Bonus', '100', 0, 1, '', 237);
UPDATE `user_registration` SET commission_balance = ROUND(commission_balance + 100,2)
WHERE `user_id` = '7RY1ZP';
UPDATE `user_registration` SET expansion_bonus = ROUND(expansion_bonus + 100,2)
WHERE `user_id` = '7RY1ZP';
INSERT INTO `earnings` (`user_id`, `Purchaser_id`, `earning_type`, `package_id`, `amount`, `date`, `comments`, `invest_amount`, `comm_perc`, `level`, `rank_id`, `order_id`) VALUES ('A9858P', 'QQCXJC', 'Expansion Bonus', '2', 100, '2024-10-01 20:53:02', 'Expansion Bonus', 200, 0, 1, '', 237);
UPDATE `user_registration` SET commission_balance = ROUND(commission_balance + 100,2)
WHERE `user_id` = 'A9858P';
UPDATE `user_registration` SET expansion_bonus = ROUND(expansion_bonus + 100,2)
WHERE `user_id` = 'A9858P';
INSERT INTO `matrix_filling` (`placement_id`, `downline_id`, `level`, `matrix`) VALUES ('OEG5GT', 'QQCXJC', 1, 1);
UPDATE `bv_updation` SET right_carry = right_carry+50, total_right = total_right+50
WHERE `user_id` = 'OEG5GT';
INSERT INTO `placement_bv_update_history` (`right_carry`, `date`, `from_id`, `user_id`) VALUES ('50', '2024-10-01 20:53:02', 'QQCXJC', 'OEG5GT');
INSERT INTO `matrix_filling` (`placement_id`, `downline_id`, `level`, `matrix`) VALUES ('C9EOE7', 'QQCXJC', 2, 1);
UPDATE `bv_updation` SET right_carry = right_carry+50, total_right = total_right+50
WHERE `user_id` = 'C9EOE7';
INSERT INTO `placement_bv_update_history` (`right_carry`, `date`, `from_id`, `user_id`) VALUES ('50', '2024-10-01 20:53:02', 'QQCXJC', 'C9EOE7');
INSERT INTO `matrix_filling` (`placement_id`, `downline_id`, `level`, `matrix`) VALUES ('SPT2BW', 'QQCXJC', 3, 1);
UPDATE `bv_updation` SET right_carry = right_carry+50, total_right = total_right+50
WHERE `user_id` = 'SPT2BW';
INSERT INTO `placement_bv_update_history` (`right_carry`, `date`, `from_id`, `user_id`) VALUES ('50', '2024-10-01 20:53:02', 'QQCXJC', 'SPT2BW');
INSERT INTO `matrix_filling` (`placement_id`, `downline_id`, `level`, `matrix`) VALUES ('YC8C3P', 'QQCXJC', 4, 1);
UPDATE `bv_updation` SET right_carry = right_carry+50, total_right = total_right+50
WHERE `user_id` = 'YC8C3P';
INSERT INTO `placement_bv_update_history` (`right_carry`, `date`, `from_id`, `user_id`) VALUES ('50', '2024-10-01 20:53:02', 'QQCXJC', 'YC8C3P');
INSERT INTO `matrix_filling` (`placement_id`, `downline_id`, `level`, `matrix`) VALUES ('XSYB8S', 'QQCXJC', 5, 1);
UPDATE `bv_updation` SET right_carry = right_carry+50, total_right = total_right+50
WHERE `user_id` = 'XSYB8S';
INSERT INTO `placement_bv_update_history` (`right_carry`, `date`, `from_id`, `user_id`) VALUES ('50', '2024-10-01 20:53:02', 'QQCXJC', 'XSYB8S');
INSERT INTO `matrix_filling` (`placement_id`, `downline_id`, `level`, `matrix`) VALUES ('JYNGFQ', 'QQCXJC', 6, 1);
UPDATE `bv_updation` SET right_carry = right_carry+50, total_right = total_right+50
WHERE `user_id` = 'JYNGFQ';
INSERT INTO `placement_bv_update_history` (`right_carry`, `date`, `from_id`, `user_id`) VALUES ('50', '2024-10-01 20:53:02', 'QQCXJC', 'JYNGFQ');
INSERT INTO `matrix_filling` (`placement_id`, `downline_id`, `level`, `matrix`) VALUES ('WX3W7T', 'QQCXJC', 7, 1);
UPDATE `bv_updation` SET right_carry = right_carry+50, total_right = total_right+50
WHERE `user_id` = 'WX3W7T';
INSERT INTO `placement_bv_update_history` (`right_carry`, `date`, `from_id`, `user_id`) VALUES ('50', '2024-10-01 20:53:02', 'QQCXJC', 'WX3W7T');
INSERT INTO `matrix_filling` (`placement_id`, `downline_id`, `level`, `matrix`) VALUES ('9YZXNJ', 'QQCXJC', 8, 1);
UPDATE `bv_updation` SET right_carry = right_carry+50, total_right = total_right+50
WHERE `user_id` = '9YZXNJ';
INSERT INTO `placement_bv_update_history` (`right_carry`, `date`, `from_id`, `user_id`) VALUES ('50', '2024-10-01 20:53:02', 'QQCXJC', '9YZXNJ');
INSERT INTO `matrix_filling` (`placement_id`, `downline_id`, `level`, `matrix`) VALUES ('5H9TH3', 'QQCXJC', 9, 1);
UPDATE `bv_updation` SET right_carry = right_carry+50, total_right = total_right+50
WHERE `user_id` = '5H9TH3';
INSERT INTO `placement_bv_update_history` (`right_carry`, `date`, `from_id`, `user_id`) VALUES ('50', '2024-10-01 20:53:02', 'QQCXJC', '5H9TH3');
UPDATE `bv_updation` SET sponsor_right_carry = sponsor_right_carry+50, sponsor_total_right = sponsor_total_right+50
WHERE `user_id` = '5H9TH3';
INSERT INTO `sponsor_bv_update_history` (`right_carry`, `date`, `user_id`) VALUES ('50', '2024-10-01 20:53:02', '5H9TH3');
INSERT INTO `matrix_filling` (`placement_id`, `downline_id`, `level`, `matrix`) VALUES ('MIT9KW', 'QQCXJC', 10, 1);
UPDATE `bv_updation` SET left_carry = left_carry+50, total_left = total_left+50
WHERE `user_id` = 'MIT9KW';
INSERT INTO `placement_bv_update_history` (`left_carry`, `date`, `from_id`, `user_id`) VALUES ('50', '2024-10-01 20:53:02', 'QQCXJC', 'MIT9KW');
INSERT INTO `matrix_filling` (`placement_id`, `downline_id`, `level`, `matrix`) VALUES ('IMUABZ', 'QQCXJC', 11, 1);
UPDATE `bv_updation` SET left_carry = left_carry+50, total_left = total_left+50
WHERE `user_id` = 'IMUABZ';
INSERT INTO `placement_bv_update_history` (`left_carry`, `date`, `from_id`, `user_id`) VALUES ('50', '2024-10-01 20:53:02', 'QQCXJC', 'IMUABZ');
INSERT INTO `matrix_filling` (`placement_id`, `downline_id`, `level`, `matrix`) VALUES ('G54QC4', 'QQCXJC', 12, 1);
UPDATE `bv_updation` SET left_carry = left_carry+50, total_left = total_left+50
WHERE `user_id` = 'G54QC4';
INSERT INTO `placement_bv_update_history` (`left_carry`, `date`, `from_id`, `user_id`) VALUES ('50', '2024-10-01 20:53:02', 'QQCXJC', 'G54QC4');
INSERT INTO `matrix_filling` (`placement_id`, `downline_id`, `level`, `matrix`) VALUES ('9JPZJL', 'QQCXJC', 13, 1);
UPDATE `bv_updation` SET left_carry = left_carry+50, total_left = total_left+50
WHERE `user_id` = '9JPZJL';
INSERT INTO `placement_bv_update_history` (`left_carry`, `date`, `from_id`, `user_id`) VALUES ('50', '2024-10-01 20:53:02', 'QQCXJC', '9JPZJL');
INSERT INTO `matrix_filling` (`placement_id`, `downline_id`, `level`, `matrix`) VALUES ('E3PPZ3', 'QQCXJC', 14, 1);
UPDATE `bv_updation` SET left_carry = left_carry+50, total_left = total_left+50
WHERE `user_id` = 'E3PPZ3';
INSERT INTO `placement_bv_update_history` (`left_carry`, `date`, `from_id`, `user_id`) VALUES ('50', '2024-10-01 20:53:02', 'QQCXJC', 'E3PPZ3');
INSERT INTO `matrix_filling` (`placement_id`, `downline_id`, `level`, `matrix`) VALUES ('7RY1ZP', 'QQCXJC', 15, 1);
UPDATE `bv_updation` SET left_carry = left_carry+50, total_left = total_left+50
WHERE `user_id` = '7RY1ZP';
INSERT INTO `placement_bv_update_history` (`left_carry`, `date`, `from_id`, `user_id`) VALUES ('50', '2024-10-01 20:53:02', 'QQCXJC', '7RY1ZP');
INSERT INTO `matrix_filling` (`placement_id`, `downline_id`, `level`, `matrix`) VALUES ('ADZTOG', 'QQCXJC', 16, 1);
UPDATE `bv_updation` SET right_carry = right_carry+50, total_right = total_right+50
WHERE `user_id` = 'ADZTOG';
INSERT INTO `placement_bv_update_history` (`right_carry`, `date`, `from_id`, `user_id`) VALUES ('50', '2024-10-01 20:53:02', 'QQCXJC', 'ADZTOG');
INSERT INTO `matrix_filling` (`placement_id`, `downline_id`, `level`, `matrix`) VALUES ('A9858P', 'QQCXJC', 17, 1);
UPDATE `bv_updation` SET right_carry = right_carry+50, total_right = total_right+50
WHERE `user_id` = 'A9858P';
INSERT INTO `placement_bv_update_history` (`right_carry`, `date`, `from_id`, `user_id`) VALUES ('50', '2024-10-01 20:53:02', 'QQCXJC', 'A9858P');
INSERT INTO `matrix_filling` (`placement_id`, `downline_id`, `level`, `matrix`) VALUES ('admin', 'QQCXJC', 18, 1);
UPDATE `bv_updation` SET right_carry = right_carry+50, total_right = total_right+50
WHERE `user_id` = 'admin';
INSERT INTO `placement_bv_update_history` (`right_carry`, `date`, `from_id`, `user_id`) VALUES ('50', '2024-10-01 20:53:02', 'QQCXJC', 'admin');
INSERT INTO `package_purchase_history` (`user_id`, `package_id`, `reg_fee`, `package_name`, `monthly_fee`, `type`, `date`, `payment_option`) VALUES ('QQCXJC', '2', '595', 'Traveler Pro', '150', 'sign_up', '2024-10-01 20:53:02', 'free');
UPDATE `ci_sessions` SET `timestamp` = 1727833982, `data` = '__ci_last_regenerate|i:1727833982;id|s:4:\"2312\";user_id|s:6:\"5H9TH3\";username|s:5:\"nora1\";sponsor_id|s:6:\"7RY1ZP\";fullname|s:11:\"Nora Altuve\";email|s:15:\"nora1@gmail.com\";phone|s:10:\"3057610606\";isLogIn|b:1;message|s:44:\"Your registration completed successfully...!\";__ci_vars|a:1:{s:7:\"message\";s:3:\"new\";}'
WHERE `id` = '959593abf946d5457c3c86cb0c311f1e8041a527';
UPDATE `user_registration` SET `uid` = '2481', `user_id` = 'UZPX9H', `username` = 'eduardito1', `sponsor_id` = '5H9TH3', `vacant` = 'no', `f_name` = 'Eduardo', `l_name` = 'Chivas', `address` = '6520 Kendale Lakes Dr', `position` = 'right', `email` = 'eduardito1@gmail.com', `password` = '6423e9261bb2442a043ac07ef44c56a8', `phone` = '3057610606', `country` = 'United States', `state` = 'Florida', `city` = 'Miami', `street` = '6520 Kendale Lakes Dr', `zip_code` = '33183', `reg_ip` = '172.70.255.208', `status` = 1, `package_id` = '2', `rank_id` = 1, `highest_rank` = 1, `cycle_rank_id` = 1, `created` = '2024-10-01 20:54:41', `subscription_date` = '2024-10-31', `google_secret` = '7LOMAMY5HIEQGROT'
WHERE `uid` = '2481';
INSERT INTO `user_registration` (`uid`, `user_id`, `username`, `sponsor_id`, `placement_id`, `vacant`, `f_name`, `l_name`, `address`, `position`, `email`, `password`, `phone`, `reg_ip`, `status`, `created`) VALUES (NULL, 'OMRWUX', 'xRzCnpYw', 'UZPX9H', 'UZPX9H', 'yes', '', '', '', 'left', '@mail.com', '', '', '', 0, '2024-10-01 20:54:41');
INSERT INTO `user_registration` (`uid`, `user_id`, `username`, `sponsor_id`, `placement_id`, `vacant`, `f_name`, `l_name`, `address`, `position`, `email`, `password`, `phone`, `reg_ip`, `status`, `created`) VALUES (NULL, 'GXSLWX', 'ZRyXWWon', 'UZPX9H', 'UZPX9H', 'yes', '', '', '', 'right', '@mail.com', '', '', '', 0, '2024-10-01 20:54:41');
INSERT INTO `bv_updation` (`user_id`) VALUES ('UZPX9H');
UPDATE `user_registration` SET total_ref_count = total_ref_count+1
WHERE `user_id` = '5H9TH3';
UPDATE `user_registration` SET total_downlines = total_downlines+1
WHERE `user_id` = 'QQCXJC';
UPDATE `user_registration` SET right_downlines = right_downlines+1
WHERE `user_id` = 'QQCXJC';
UPDATE `user_registration` SET total_downlines = total_downlines+1
WHERE `user_id` = 'OEG5GT';
UPDATE `user_registration` SET right_downlines = right_downlines+1
WHERE `user_id` = 'OEG5GT';
UPDATE `user_registration` SET total_downlines = total_downlines+1
WHERE `user_id` = 'C9EOE7';
UPDATE `user_registration` SET right_downlines = right_downlines+1
WHERE `user_id` = 'C9EOE7';
UPDATE `user_registration` SET total_downlines = total_downlines+1
WHERE `user_id` = 'SPT2BW';
UPDATE `user_registration` SET right_downlines = right_downlines+1
WHERE `user_id` = 'SPT2BW';
UPDATE `user_registration` SET total_downlines = total_downlines+1
WHERE `user_id` = 'YC8C3P';
UPDATE `user_registration` SET right_downlines = right_downlines+1
WHERE `user_id` = 'YC8C3P';
UPDATE `user_registration` SET total_downlines = total_downlines+1
WHERE `user_id` = 'XSYB8S';
UPDATE `user_registration` SET right_downlines = right_downlines+1
WHERE `user_id` = 'XSYB8S';
UPDATE `user_registration` SET total_downlines = total_downlines+1
WHERE `user_id` = 'JYNGFQ';
UPDATE `user_registration` SET right_downlines = right_downlines+1
WHERE `user_id` = 'JYNGFQ';
UPDATE `user_registration` SET total_downlines = total_downlines+1
WHERE `user_id` = 'WX3W7T';
UPDATE `user_registration` SET right_downlines = right_downlines+1
WHERE `user_id` = 'WX3W7T';
UPDATE `user_registration` SET total_downlines = total_downlines+1
WHERE `user_id` = '9YZXNJ';
UPDATE `user_registration` SET right_downlines = right_downlines+1
WHERE `user_id` = '9YZXNJ';
UPDATE `user_registration` SET total_downlines = total_downlines+1
WHERE `user_id` = '5H9TH3';
UPDATE `user_registration` SET right_downlines = right_downlines+1
WHERE `user_id` = '5H9TH3';
UPDATE `user_registration` SET right_ref_count = right_ref_count+1
WHERE `user_id` = '5H9TH3';
UPDATE `user_registration` SET active_right = active_right+1
WHERE `user_id` = '5H9TH3';
UPDATE `user_registration` SET total_downlines = total_downlines+1
WHERE `user_id` = 'MIT9KW';
UPDATE `user_registration` SET left_downlines = left_downlines+1
WHERE `user_id` = 'MIT9KW';
UPDATE `user_registration` SET total_downlines = total_downlines+1
WHERE `user_id` = 'IMUABZ';
UPDATE `user_registration` SET left_downlines = left_downlines+1
WHERE `user_id` = 'IMUABZ';
UPDATE `user_registration` SET total_downlines = total_downlines+1
WHERE `user_id` = 'G54QC4';
UPDATE `user_registration` SET left_downlines = left_downlines+1
WHERE `user_id` = 'G54QC4';
UPDATE `user_registration` SET total_downlines = total_downlines+1
WHERE `user_id` = '9JPZJL';
UPDATE `user_registration` SET left_downlines = left_downlines+1
WHERE `user_id` = '9JPZJL';
UPDATE `user_registration` SET total_downlines = total_downlines+1
WHERE `user_id` = 'E3PPZ3';
UPDATE `user_registration` SET left_downlines = left_downlines+1
WHERE `user_id` = 'E3PPZ3';
UPDATE `user_registration` SET total_downlines = total_downlines+1
WHERE `user_id` = '7RY1ZP';
UPDATE `user_registration` SET left_downlines = left_downlines+1
WHERE `user_id` = '7RY1ZP';
UPDATE `user_registration` SET total_downlines = total_downlines+1
WHERE `user_id` = 'ADZTOG';
UPDATE `user_registration` SET right_downlines = right_downlines+1
WHERE `user_id` = 'ADZTOG';
UPDATE `user_registration` SET total_downlines = total_downlines+1
WHERE `user_id` = 'A9858P';
UPDATE `user_registration` SET right_downlines = right_downlines+1
WHERE `user_id` = 'A9858P';
UPDATE `user_registration` SET total_downlines = total_downlines+1
WHERE `user_id` = 'admin';
UPDATE `user_registration` SET right_downlines = right_downlines+1
WHERE `user_id` = 'admin';
INSERT INTO `investment` (`invest_date`, `user_id`, `type`, `amount`, `package_id`) VALUES ('2024-10-01 20:54:41', 'UZPX9H', 'register', '595', '2');
INSERT INTO `earnings` (`user_id`, `Purchaser_id`, `earning_type`, `package_id`, `amount`, `date`, `comments`, `invest_amount`, `comm_perc`, `level`, `rank_id`, `order_id`) VALUES ('5H9TH3', 'UZPX9H', 'Direct Referral Bonus', '2', '100', '2024-10-01 20:54:41', 'Direct Referral Bonus', 0, 0, 1, '', 238);
UPDATE `user_registration` SET commission_balance = ROUND(commission_balance + 100,2)
WHERE `user_id` = '5H9TH3';
UPDATE `user_registration` SET referral_bonus = ROUND(referral_bonus + 100,2)
WHERE `user_id` = '5H9TH3';
INSERT INTO `earnings` (`user_id`, `Purchaser_id`, `earning_type`, `package_id`, `amount`, `date`, `comments`, `invest_amount`, `comm_perc`, `level`, `rank_id`, `order_id`) VALUES ('7RY1ZP', 'UZPX9H', 'Expansion Bonus', '2', 100, '2024-10-01 20:54:41', 'Expansion Bonus', '100', 0, 1, '', 238);
UPDATE `user_registration` SET commission_balance = ROUND(commission_balance + 100,2)
WHERE `user_id` = '7RY1ZP';
UPDATE `user_registration` SET expansion_bonus = ROUND(expansion_bonus + 100,2)
WHERE `user_id` = '7RY1ZP';
INSERT INTO `earnings` (`user_id`, `Purchaser_id`, `earning_type`, `package_id`, `amount`, `date`, `comments`, `invest_amount`, `comm_perc`, `level`, `rank_id`, `order_id`) VALUES ('A9858P', 'UZPX9H', 'Expansion Bonus', '2', 100, '2024-10-01 20:54:41', 'Expansion Bonus', 200, 0, 1, '', 238);
UPDATE `user_registration` SET commission_balance = ROUND(commission_balance + 100,2)
WHERE `user_id` = 'A9858P';
UPDATE `user_registration` SET expansion_bonus = ROUND(expansion_bonus + 100,2)
WHERE `user_id` = 'A9858P';
INSERT INTO `matrix_filling` (`placement_id`, `downline_id`, `level`, `matrix`) VALUES ('QQCXJC', 'UZPX9H', 1, 1);
UPDATE `bv_updation` SET right_carry = right_carry+50, total_right = total_right+50
WHERE `user_id` = 'QQCXJC';
INSERT INTO `placement_bv_update_history` (`right_carry`, `date`, `from_id`, `user_id`) VALUES ('50', '2024-10-01 20:54:41', 'UZPX9H', 'QQCXJC');
INSERT INTO `matrix_filling` (`placement_id`, `downline_id`, `level`, `matrix`) VALUES ('OEG5GT', 'UZPX9H', 2, 1);
UPDATE `bv_updation` SET right_carry = right_carry+50, total_right = total_right+50
WHERE `user_id` = 'OEG5GT';
INSERT INTO `placement_bv_update_history` (`right_carry`, `date`, `from_id`, `user_id`) VALUES ('50', '2024-10-01 20:54:41', 'UZPX9H', 'OEG5GT');
INSERT INTO `matrix_filling` (`placement_id`, `downline_id`, `level`, `matrix`) VALUES ('C9EOE7', 'UZPX9H', 3, 1);
UPDATE `bv_updation` SET right_carry = right_carry+50, total_right = total_right+50
WHERE `user_id` = 'C9EOE7';
INSERT INTO `placement_bv_update_history` (`right_carry`, `date`, `from_id`, `user_id`) VALUES ('50', '2024-10-01 20:54:41', 'UZPX9H', 'C9EOE7');
INSERT INTO `matrix_filling` (`placement_id`, `downline_id`, `level`, `matrix`) VALUES ('SPT2BW', 'UZPX9H', 4, 1);
UPDATE `bv_updation` SET right_carry = right_carry+50, total_right = total_right+50
WHERE `user_id` = 'SPT2BW';
INSERT INTO `placement_bv_update_history` (`right_carry`, `date`, `from_id`, `user_id`) VALUES ('50', '2024-10-01 20:54:41', 'UZPX9H', 'SPT2BW');
INSERT INTO `matrix_filling` (`placement_id`, `downline_id`, `level`, `matrix`) VALUES ('YC8C3P', 'UZPX9H', 5, 1);
UPDATE `bv_updation` SET right_carry = right_carry+50, total_right = total_right+50
WHERE `user_id` = 'YC8C3P';
INSERT INTO `placement_bv_update_history` (`right_carry`, `date`, `from_id`, `user_id`) VALUES ('50', '2024-10-01 20:54:41', 'UZPX9H', 'YC8C3P');
INSERT INTO `matrix_filling` (`placement_id`, `downline_id`, `level`, `matrix`) VALUES ('XSYB8S', 'UZPX9H', 6, 1);
UPDATE `bv_updation` SET right_carry = right_carry+50, total_right = total_right+50
WHERE `user_id` = 'XSYB8S';
INSERT INTO `placement_bv_update_history` (`right_carry`, `date`, `from_id`, `user_id`) VALUES ('50', '2024-10-01 20:54:41', 'UZPX9H', 'XSYB8S');
INSERT INTO `matrix_filling` (`placement_id`, `downline_id`, `level`, `matrix`) VALUES ('JYNGFQ', 'UZPX9H', 7, 1);
UPDATE `bv_updation` SET right_carry = right_carry+50, total_right = total_right+50
WHERE `user_id` = 'JYNGFQ';
INSERT INTO `placement_bv_update_history` (`right_carry`, `date`, `from_id`, `user_id`) VALUES ('50', '2024-10-01 20:54:41', 'UZPX9H', 'JYNGFQ');
INSERT INTO `matrix_filling` (`placement_id`, `downline_id`, `level`, `matrix`) VALUES ('WX3W7T', 'UZPX9H', 8, 1);
UPDATE `bv_updation` SET right_carry = right_carry+50, total_right = total_right+50
WHERE `user_id` = 'WX3W7T';
INSERT INTO `placement_bv_update_history` (`right_carry`, `date`, `from_id`, `user_id`) VALUES ('50', '2024-10-01 20:54:41', 'UZPX9H', 'WX3W7T');
INSERT INTO `matrix_filling` (`placement_id`, `downline_id`, `level`, `matrix`) VALUES ('9YZXNJ', 'UZPX9H', 9, 1);
UPDATE `bv_updation` SET right_carry = right_carry+50, total_right = total_right+50
WHERE `user_id` = '9YZXNJ';
INSERT INTO `placement_bv_update_history` (`right_carry`, `date`, `from_id`, `user_id`) VALUES ('50', '2024-10-01 20:54:41', 'UZPX9H', '9YZXNJ');
INSERT INTO `matrix_filling` (`placement_id`, `downline_id`, `level`, `matrix`) VALUES ('5H9TH3', 'UZPX9H', 10, 1);
UPDATE `bv_updation` SET right_carry = right_carry+50, total_right = total_right+50
WHERE `user_id` = '5H9TH3';
INSERT INTO `placement_bv_update_history` (`right_carry`, `date`, `from_id`, `user_id`) VALUES ('50', '2024-10-01 20:54:41', 'UZPX9H', '5H9TH3');
UPDATE `bv_updation` SET sponsor_right_carry = sponsor_right_carry+50, sponsor_total_right = sponsor_total_right+50
WHERE `user_id` = '5H9TH3';
INSERT INTO `sponsor_bv_update_history` (`right_carry`, `date`, `user_id`) VALUES ('50', '2024-10-01 20:54:41', '5H9TH3');
INSERT INTO `matrix_filling` (`placement_id`, `downline_id`, `level`, `matrix`) VALUES ('MIT9KW', 'UZPX9H', 11, 1);
UPDATE `bv_updation` SET left_carry = left_carry+50, total_left = total_left+50
WHERE `user_id` = 'MIT9KW';
INSERT INTO `placement_bv_update_history` (`left_carry`, `date`, `from_id`, `user_id`) VALUES ('50', '2024-10-01 20:54:41', 'UZPX9H', 'MIT9KW');
INSERT INTO `matrix_filling` (`placement_id`, `downline_id`, `level`, `matrix`) VALUES ('IMUABZ', 'UZPX9H', 12, 1);
UPDATE `bv_updation` SET left_carry = left_carry+50, total_left = total_left+50
WHERE `user_id` = 'IMUABZ';
INSERT INTO `placement_bv_update_history` (`left_carry`, `date`, `from_id`, `user_id`) VALUES ('50', '2024-10-01 20:54:41', 'UZPX9H', 'IMUABZ');
INSERT INTO `matrix_filling` (`placement_id`, `downline_id`, `level`, `matrix`) VALUES ('G54QC4', 'UZPX9H', 13, 1);
UPDATE `bv_updation` SET left_carry = left_carry+50, total_left = total_left+50
WHERE `user_id` = 'G54QC4';
INSERT INTO `placement_bv_update_history` (`left_carry`, `date`, `from_id`, `user_id`) VALUES ('50', '2024-10-01 20:54:41', 'UZPX9H', 'G54QC4');
INSERT INTO `matrix_filling` (`placement_id`, `downline_id`, `level`, `matrix`) VALUES ('9JPZJL', 'UZPX9H', 14, 1);
UPDATE `bv_updation` SET left_carry = left_carry+50, total_left = total_left+50
WHERE `user_id` = '9JPZJL';
INSERT INTO `placement_bv_update_history` (`left_carry`, `date`, `from_id`, `user_id`) VALUES ('50', '2024-10-01 20:54:41', 'UZPX9H', '9JPZJL');
INSERT INTO `matrix_filling` (`placement_id`, `downline_id`, `level`, `matrix`) VALUES ('E3PPZ3', 'UZPX9H', 15, 1);
UPDATE `bv_updation` SET left_carry = left_carry+50, total_left = total_left+50
WHERE `user_id` = 'E3PPZ3';
INSERT INTO `placement_bv_update_history` (`left_carry`, `date`, `from_id`, `user_id`) VALUES ('50', '2024-10-01 20:54:41', 'UZPX9H', 'E3PPZ3');
INSERT INTO `matrix_filling` (`placement_id`, `downline_id`, `level`, `matrix`) VALUES ('7RY1ZP', 'UZPX9H', 16, 1);
UPDATE `bv_updation` SET left_carry = left_carry+50, total_left = total_left+50
WHERE `user_id` = '7RY1ZP';
INSERT INTO `placement_bv_update_history` (`left_carry`, `date`, `from_id`, `user_id`) VALUES ('50', '2024-10-01 20:54:41', 'UZPX9H', '7RY1ZP');
INSERT INTO `matrix_filling` (`placement_id`, `downline_id`, `level`, `matrix`) VALUES ('ADZTOG', 'UZPX9H', 17, 1);
UPDATE `bv_updation` SET right_carry = right_carry+50, total_right = total_right+50
WHERE `user_id` = 'ADZTOG';
INSERT INTO `placement_bv_update_history` (`right_carry`, `date`, `from_id`, `user_id`) VALUES ('50', '2024-10-01 20:54:41', 'UZPX9H', 'ADZTOG');
INSERT INTO `matrix_filling` (`placement_id`, `downline_id`, `level`, `matrix`) VALUES ('A9858P', 'UZPX9H', 18, 1);
UPDATE `bv_updation` SET right_carry = right_carry+50, total_right = total_right+50
WHERE `user_id` = 'A9858P';
INSERT INTO `placement_bv_update_history` (`right_carry`, `date`, `from_id`, `user_id`) VALUES ('50', '2024-10-01 20:54:41', 'UZPX9H', 'A9858P');
INSERT INTO `matrix_filling` (`placement_id`, `downline_id`, `level`, `matrix`) VALUES ('admin', 'UZPX9H', 19, 1);
UPDATE `bv_updation` SET right_carry = right_carry+50, total_right = total_right+50
WHERE `user_id` = 'admin';
INSERT INTO `placement_bv_update_history` (`right_carry`, `date`, `from_id`, `user_id`) VALUES ('50', '2024-10-01 20:54:41', 'UZPX9H', 'admin');
INSERT INTO `package_purchase_history` (`user_id`, `package_id`, `reg_fee`, `package_name`, `monthly_fee`, `type`, `date`, `payment_option`) VALUES ('UZPX9H', '2', '595', 'Traveler Pro', '150', 'sign_up', '2024-10-01 20:54:41', 'free');
UPDATE `user_registration` SET `uid` = '2472', `user_id` = 'WQFROY', `username` = 'yaima1', `sponsor_id` = 'LUAGN1', `vacant` = 'no', `f_name` = 'Yaima', `l_name` = 'Carmenate', `address` = '8100 SW 14 Terr', `position` = 'left', `email` = 'yaima1@gmail.com', `password` = 'bf5fcc76ead2b138450c016941365aaf', `phone` = '7862876762', `country` = 'United States', `state` = 'Florida', `city` = 'Miami', `street` = '8100 SW 14 Terr', `zip_code` = '33144', `reg_ip` = '172.70.254.95', `status` = 1, `package_id` = '2', `rank_id` = 1, `highest_rank` = 1, `cycle_rank_id` = 1, `created` = '2024-10-01 20:54:43', `subscription_date` = '2024-10-31', `google_secret` = '4JKVHXARUHGJR7VM'
WHERE `uid` = '2472';
INSERT INTO `user_registration` (`uid`, `user_id`, `username`, `sponsor_id`, `placement_id`, `vacant`, `f_name`, `l_name`, `address`, `position`, `email`, `password`, `phone`, `reg_ip`, `status`, `created`) VALUES (NULL, 'RQAKGC', 'IufWwSuB', 'WQFROY', 'WQFROY', 'yes', '', '', '', 'left', '@mail.com', '', '', '', 0, '2024-10-01 20:54:43');
INSERT INTO `user_registration` (`uid`, `user_id`, `username`, `sponsor_id`, `placement_id`, `vacant`, `f_name`, `l_name`, `address`, `position`, `email`, `password`, `phone`, `reg_ip`, `status`, `created`) VALUES (NULL, 'KWBTOU', 'TfBlaPrT', 'WQFROY', 'WQFROY', 'yes', '', '', '', 'right', '@mail.com', '', '', '', 0, '2024-10-01 20:54:43');
INSERT INTO `bv_updation` (`user_id`) VALUES ('WQFROY');
UPDATE `user_registration` SET total_ref_count = total_ref_count+1
WHERE `user_id` = 'LUAGN1';
UPDATE `user_registration` SET total_downlines = total_downlines+1
WHERE `user_id` = 'S8TPST';
UPDATE `user_registration` SET left_downlines = left_downlines+1
WHERE `user_id` = 'S8TPST';
UPDATE `user_registration` SET total_downlines = total_downlines+1
WHERE `user_id` = 'BD2LIM';
UPDATE `user_registration` SET left_downlines = left_downlines+1
WHERE `user_id` = 'BD2LIM';
UPDATE `user_registration` SET total_downlines = total_downlines+1
WHERE `user_id` = 'JNGCQK';
UPDATE `user_registration` SET left_downlines = left_downlines+1
WHERE `user_id` = 'JNGCQK';
UPDATE `user_registration` SET total_downlines = total_downlines+1
WHERE `user_id` = 'QOHBYS';
UPDATE `user_registration` SET left_downlines = left_downlines+1
WHERE `user_id` = 'QOHBYS';
UPDATE `user_registration` SET total_downlines = total_downlines+1
WHERE `user_id` = 'LUAGN1';
UPDATE `user_registration` SET left_downlines = left_downlines+1
WHERE `user_id` = 'LUAGN1';
UPDATE `user_registration` SET left_ref_count = left_ref_count+1
WHERE `user_id` = 'LUAGN1';
UPDATE `user_registration` SET active_left = active_left+1
WHERE `user_id` = 'LUAGN1';
UPDATE `user_registration` SET total_downlines = total_downlines+1
WHERE `user_id` = '6DEXJW';
UPDATE `user_registration` SET left_downlines = left_downlines+1
WHERE `user_id` = '6DEXJW';
UPDATE `user_registration` SET total_downlines = total_downlines+1
WHERE `user_id` = 'DM1Y9N';
UPDATE `user_registration` SET right_downlines = right_downlines+1
WHERE `user_id` = 'DM1Y9N';
UPDATE `user_registration` SET total_downlines = total_downlines+1
WHERE `user_id` = 'A9858P';
UPDATE `user_registration` SET left_downlines = left_downlines+1
WHERE `user_id` = 'A9858P';
UPDATE `user_registration` SET total_downlines = total_downlines+1
WHERE `user_id` = 'admin';
UPDATE `user_registration` SET right_downlines = right_downlines+1
WHERE `user_id` = 'admin';
INSERT INTO `investment` (`invest_date`, `user_id`, `type`, `amount`, `package_id`) VALUES ('2024-10-01 20:54:43', 'WQFROY', 'register', '595', '2');
INSERT INTO `earnings` (`user_id`, `Purchaser_id`, `earning_type`, `package_id`, `amount`, `date`, `comments`, `invest_amount`, `comm_perc`, `level`, `rank_id`, `order_id`) VALUES ('LUAGN1', 'WQFROY', 'Direct Referral Bonus', '2', '100', '2024-10-01 20:54:43', 'Direct Referral Bonus', 0, 0, 1, '', 239);
UPDATE `user_registration` SET commission_balance = ROUND(commission_balance + 100,2)
WHERE `user_id` = 'LUAGN1';
UPDATE `user_registration` SET referral_bonus = ROUND(referral_bonus + 100,2)
WHERE `user_id` = 'LUAGN1';
INSERT INTO `earnings` (`user_id`, `Purchaser_id`, `earning_type`, `package_id`, `amount`, `date`, `comments`, `invest_amount`, `comm_perc`, `level`, `rank_id`, `order_id`) VALUES ('DM1Y9N', 'WQFROY', 'Expansion Bonus', '2', 100, '2024-10-01 20:54:43', 'Expansion Bonus', '100', 0, 1, '', 239);
UPDATE `user_registration` SET commission_balance = ROUND(commission_balance + 100,2)
WHERE `user_id` = 'DM1Y9N';
UPDATE `user_registration` SET expansion_bonus = ROUND(expansion_bonus + 100,2)
WHERE `user_id` = 'DM1Y9N';
INSERT INTO `earnings` (`user_id`, `Purchaser_id`, `earning_type`, `package_id`, `amount`, `date`, `comments`, `invest_amount`, `comm_perc`, `level`, `rank_id`, `order_id`) VALUES ('A9858P', 'WQFROY', 'Expansion Bonus', '2', 100, '2024-10-01 20:54:43', 'Expansion Bonus', 200, 0, 1, '', 239);
UPDATE `user_registration` SET commission_balance = ROUND(commission_balance + 100,2)
WHERE `user_id` = 'A9858P';
UPDATE `user_registration` SET expansion_bonus = ROUND(expansion_bonus + 100,2)
WHERE `user_id` = 'A9858P';
INSERT INTO `matrix_filling` (`placement_id`, `downline_id`, `level`, `matrix`) VALUES ('S8TPST', 'WQFROY', 1, 1);
UPDATE `bv_updation` SET left_carry = left_carry+50, total_left = total_left+50
WHERE `user_id` = 'S8TPST';
INSERT INTO `placement_bv_update_history` (`left_carry`, `date`, `from_id`, `user_id`) VALUES ('50', '2024-10-01 20:54:43', 'WQFROY', 'S8TPST');
INSERT INTO `matrix_filling` (`placement_id`, `downline_id`, `level`, `matrix`) VALUES ('BD2LIM', 'WQFROY', 2, 1);
UPDATE `bv_updation` SET left_carry = left_carry+50, total_left = total_left+50
WHERE `user_id` = 'BD2LIM';
INSERT INTO `placement_bv_update_history` (`left_carry`, `date`, `from_id`, `user_id`) VALUES ('50', '2024-10-01 20:54:43', 'WQFROY', 'BD2LIM');
INSERT INTO `matrix_filling` (`placement_id`, `downline_id`, `level`, `matrix`) VALUES ('JNGCQK', 'WQFROY', 3, 1);
UPDATE `bv_updation` SET left_carry = left_carry+50, total_left = total_left+50
WHERE `user_id` = 'JNGCQK';
INSERT INTO `placement_bv_update_history` (`left_carry`, `date`, `from_id`, `user_id`) VALUES ('50', '2024-10-01 20:54:43', 'WQFROY', 'JNGCQK');
INSERT INTO `matrix_filling` (`placement_id`, `downline_id`, `level`, `matrix`) VALUES ('QOHBYS', 'WQFROY', 4, 1);
UPDATE `bv_updation` SET left_carry = left_carry+50, total_left = total_left+50
WHERE `user_id` = 'QOHBYS';
INSERT INTO `placement_bv_update_history` (`left_carry`, `date`, `from_id`, `user_id`) VALUES ('50', '2024-10-01 20:54:43', 'WQFROY', 'QOHBYS');
INSERT INTO `matrix_filling` (`placement_id`, `downline_id`, `level`, `matrix`) VALUES ('LUAGN1', 'WQFROY', 5, 1);
UPDATE `bv_updation` SET left_carry = left_carry+50, total_left = total_left+50
WHERE `user_id` = 'LUAGN1';
INSERT INTO `placement_bv_update_history` (`left_carry`, `date`, `from_id`, `user_id`) VALUES ('50', '2024-10-01 20:54:43', 'WQFROY', 'LUAGN1');
UPDATE `bv_updation` SET sponsor_left_carry = sponsor_left_carry+50, sponsor_total_left = sponsor_total_left+50
WHERE `user_id` = 'LUAGN1';
INSERT INTO `sponsor_bv_update_history` (`left_carry`, `date`, `user_id`) VALUES ('50', '2024-10-01 20:54:43', 'LUAGN1');
INSERT INTO `matrix_filling` (`placement_id`, `downline_id`, `level`, `matrix`) VALUES ('6DEXJW', 'WQFROY', 6, 1);
UPDATE `bv_updation` SET left_carry = left_carry+50, total_left = total_left+50
WHERE `user_id` = '6DEXJW';
INSERT INTO `placement_bv_update_history` (`left_carry`, `date`, `from_id`, `user_id`) VALUES ('50', '2024-10-01 20:54:43', 'WQFROY', '6DEXJW');
INSERT INTO `matrix_filling` (`placement_id`, `downline_id`, `level`, `matrix`) VALUES ('DM1Y9N', 'WQFROY', 7, 1);
UPDATE `bv_updation` SET right_carry = right_carry+50, total_right = total_right+50
WHERE `user_id` = 'DM1Y9N';
INSERT INTO `placement_bv_update_history` (`right_carry`, `date`, `from_id`, `user_id`) VALUES ('50', '2024-10-01 20:54:43', 'WQFROY', 'DM1Y9N');
INSERT INTO `matrix_filling` (`placement_id`, `downline_id`, `level`, `matrix`) VALUES ('A9858P', 'WQFROY', 8, 1);
UPDATE `bv_updation` SET left_carry = left_carry+50, total_left = total_left+50
WHERE `user_id` = 'A9858P';
INSERT INTO `placement_bv_update_history` (`left_carry`, `date`, `from_id`, `user_id`) VALUES ('50', '2024-10-01 20:54:43', 'WQFROY', 'A9858P');
INSERT INTO `matrix_filling` (`placement_id`, `downline_id`, `level`, `matrix`) VALUES ('admin', 'WQFROY', 9, 1);
UPDATE `bv_updation` SET right_carry = right_carry+50, total_right = total_right+50
WHERE `user_id` = 'admin';
INSERT INTO `placement_bv_update_history` (`right_carry`, `date`, `from_id`, `user_id`) VALUES ('50', '2024-10-01 20:54:43', 'WQFROY', 'admin');
INSERT INTO `package_purchase_history` (`user_id`, `package_id`, `reg_fee`, `package_name`, `monthly_fee`, `type`, `date`, `payment_option`) VALUES ('WQFROY', '2', '595', 'Traveler Pro', '150', 'sign_up', '2024-10-01 20:54:43', 'free');
UPDATE `user_registration` SET `uid` = '2483', `user_id` = 'QPUS94', `username` = 'eduardin1', `sponsor_id` = '5H9TH3', `vacant` = 'no', `f_name` = 'Eduardo', `l_name` = 'Chivas', `address` = '6520 Kendale Lakes Dr', `position` = 'right', `email` = 'eduardin1@gmail.com', `password` = '6423e9261bb2442a043ac07ef44c56a8', `phone` = '3057610606', `country` = 'United States', `state` = 'Florida', `city` = 'Miami', `street` = '6520 Kendale Lakes Dr', `zip_code` = '33183', `reg_ip` = '172.70.54.25', `status` = 1, `package_id` = '2', `rank_id` = 1, `highest_rank` = 1, `cycle_rank_id` = 1, `created` = '2024-10-01 20:55:33', `subscription_date` = '2024-10-31', `google_secret` = 'ULA2BSGXWX5DENKZ'
WHERE `uid` = '2483';
INSERT INTO `user_registration` (`uid`, `user_id`, `username`, `sponsor_id`, `placement_id`, `vacant`, `f_name`, `l_name`, `address`, `position`, `email`, `password`, `phone`, `reg_ip`, `status`, `created`) VALUES (NULL, 'QZPFCM', 'aepIFKEb', 'QPUS94', 'QPUS94', 'yes', '', '', '', 'left', '@mail.com', '', '', '', 0, '2024-10-01 20:55:33');
INSERT INTO `user_registration` (`uid`, `user_id`, `username`, `sponsor_id`, `placement_id`, `vacant`, `f_name`, `l_name`, `address`, `position`, `email`, `password`, `phone`, `reg_ip`, `status`, `created`) VALUES (NULL, 'QSMRIS', 'RgAMLTbi', 'QPUS94', 'QPUS94', 'yes', '', '', '', 'right', '@mail.com', '', '', '', 0, '2024-10-01 20:55:33');
INSERT INTO `bv_updation` (`user_id`) VALUES ('QPUS94');
UPDATE `user_registration` SET total_ref_count = total_ref_count+1
WHERE `user_id` = '5H9TH3';
UPDATE `user_registration` SET total_downlines = total_downlines+1
WHERE `user_id` = 'UZPX9H';
UPDATE `user_registration` SET right_downlines = right_downlines+1
WHERE `user_id` = 'UZPX9H';
UPDATE `user_registration` SET total_downlines = total_downlines+1
WHERE `user_id` = 'QQCXJC';
UPDATE `user_registration` SET right_downlines = right_downlines+1
WHERE `user_id` = 'QQCXJC';
UPDATE `user_registration` SET total_downlines = total_downlines+1
WHERE `user_id` = 'OEG5GT';
UPDATE `user_registration` SET right_downlines = right_downlines+1
WHERE `user_id` = 'OEG5GT';
UPDATE `user_registration` SET total_downlines = total_downlines+1
WHERE `user_id` = 'C9EOE7';
UPDATE `user_registration` SET right_downlines = right_downlines+1
WHERE `user_id` = 'C9EOE7';
UPDATE `user_registration` SET total_downlines = total_downlines+1
WHERE `user_id` = 'SPT2BW';
UPDATE `user_registration` SET right_downlines = right_downlines+1
WHERE `user_id` = 'SPT2BW';
UPDATE `user_registration` SET total_downlines = total_downlines+1
WHERE `user_id` = 'YC8C3P';
UPDATE `user_registration` SET right_downlines = right_downlines+1
WHERE `user_id` = 'YC8C3P';
UPDATE `user_registration` SET total_downlines = total_downlines+1
WHERE `user_id` = 'XSYB8S';
UPDATE `user_registration` SET right_downlines = right_downlines+1
WHERE `user_id` = 'XSYB8S';
UPDATE `user_registration` SET total_downlines = total_downlines+1
WHERE `user_id` = 'JYNGFQ';
UPDATE `user_registration` SET right_downlines = right_downlines+1
WHERE `user_id` = 'JYNGFQ';
UPDATE `user_registration` SET total_downlines = total_downlines+1
WHERE `user_id` = 'WX3W7T';
UPDATE `user_registration` SET right_downlines = right_downlines+1
WHERE `user_id` = 'WX3W7T';
UPDATE `user_registration` SET total_downlines = total_downlines+1
WHERE `user_id` = '9YZXNJ';
UPDATE `user_registration` SET right_downlines = right_downlines+1
WHERE `user_id` = '9YZXNJ';
UPDATE `user_registration` SET total_downlines = total_downlines+1
WHERE `user_id` = '5H9TH3';
UPDATE `user_registration` SET right_downlines = right_downlines+1
WHERE `user_id` = '5H9TH3';
UPDATE `user_registration` SET right_ref_count = right_ref_count+1
WHERE `user_id` = '5H9TH3';
UPDATE `user_registration` SET active_right = active_right+1
WHERE `user_id` = '5H9TH3';
UPDATE `user_registration` SET total_downlines = total_downlines+1
WHERE `user_id` = 'MIT9KW';
UPDATE `user_registration` SET left_downlines = left_downlines+1
WHERE `user_id` = 'MIT9KW';
UPDATE `user_registration` SET total_downlines = total_downlines+1
WHERE `user_id` = 'IMUABZ';
UPDATE `user_registration` SET left_downlines = left_downlines+1
WHERE `user_id` = 'IMUABZ';
UPDATE `user_registration` SET total_downlines = total_downlines+1
WHERE `user_id` = 'G54QC4';
UPDATE `user_registration` SET left_downlines = left_downlines+1
WHERE `user_id` = 'G54QC4';
UPDATE `user_registration` SET total_downlines = total_downlines+1
WHERE `user_id` = '9JPZJL';
UPDATE `user_registration` SET left_downlines = left_downlines+1
WHERE `user_id` = '9JPZJL';
UPDATE `user_registration` SET total_downlines = total_downlines+1
WHERE `user_id` = 'E3PPZ3';
UPDATE `user_registration` SET left_downlines = left_downlines+1
WHERE `user_id` = 'E3PPZ3';
UPDATE `user_registration` SET total_downlines = total_downlines+1
WHERE `user_id` = '7RY1ZP';
UPDATE `user_registration` SET left_downlines = left_downlines+1
WHERE `user_id` = '7RY1ZP';
UPDATE `user_registration` SET total_downlines = total_downlines+1
WHERE `user_id` = 'ADZTOG';
UPDATE `user_registration` SET right_downlines = right_downlines+1
WHERE `user_id` = 'ADZTOG';
UPDATE `user_registration` SET total_downlines = total_downlines+1
WHERE `user_id` = 'A9858P';
UPDATE `user_registration` SET right_downlines = right_downlines+1
WHERE `user_id` = 'A9858P';
UPDATE `user_registration` SET total_downlines = total_downlines+1
WHERE `user_id` = 'admin';
UPDATE `user_registration` SET right_downlines = right_downlines+1
WHERE `user_id` = 'admin';
INSERT INTO `investment` (`invest_date`, `user_id`, `type`, `amount`, `package_id`) VALUES ('2024-10-01 20:55:33', 'QPUS94', 'register', '595', '2');
INSERT INTO `earnings` (`user_id`, `Purchaser_id`, `earning_type`, `package_id`, `amount`, `date`, `comments`, `invest_amount`, `comm_perc`, `level`, `rank_id`, `order_id`) VALUES ('5H9TH3', 'QPUS94', 'Direct Referral Bonus', '2', '100', '2024-10-01 20:55:33', 'Direct Referral Bonus', 0, 0, 1, '', 240);
UPDATE `user_registration` SET commission_balance = ROUND(commission_balance + 100,2)
WHERE `user_id` = '5H9TH3';
UPDATE `user_registration` SET referral_bonus = ROUND(referral_bonus + 100,2)
WHERE `user_id` = '5H9TH3';
INSERT INTO `earnings` (`user_id`, `Purchaser_id`, `earning_type`, `package_id`, `amount`, `date`, `comments`, `invest_amount`, `comm_perc`, `level`, `rank_id`, `order_id`) VALUES ('7RY1ZP', 'QPUS94', 'Expansion Bonus', '2', 100, '2024-10-01 20:55:33', 'Expansion Bonus', '100', 0, 1, '', 240);
UPDATE `user_registration` SET commission_balance = ROUND(commission_balance + 100,2)
WHERE `user_id` = '7RY1ZP';
UPDATE `user_registration` SET expansion_bonus = ROUND(expansion_bonus + 100,2)
WHERE `user_id` = '7RY1ZP';
INSERT INTO `earnings` (`user_id`, `Purchaser_id`, `earning_type`, `package_id`, `amount`, `date`, `comments`, `invest_amount`, `comm_perc`, `level`, `rank_id`, `order_id`) VALUES ('A9858P', 'QPUS94', 'Expansion Bonus', '2', 100, '2024-10-01 20:55:33', 'Expansion Bonus', 200, 0, 1, '', 240);
UPDATE `user_registration` SET commission_balance = ROUND(commission_balance + 100,2)
WHERE `user_id` = 'A9858P';
UPDATE `user_registration` SET expansion_bonus = ROUND(expansion_bonus + 100,2)
WHERE `user_id` = 'A9858P';
INSERT INTO `matrix_filling` (`placement_id`, `downline_id`, `level`, `matrix`) VALUES ('UZPX9H', 'QPUS94', 1, 1);
UPDATE `bv_updation` SET right_carry = right_carry+50, total_right = total_right+50
WHERE `user_id` = 'UZPX9H';
INSERT INTO `placement_bv_update_history` (`right_carry`, `date`, `from_id`, `user_id`) VALUES ('50', '2024-10-01 20:55:33', 'QPUS94', 'UZPX9H');
INSERT INTO `matrix_filling` (`placement_id`, `downline_id`, `level`, `matrix`) VALUES ('QQCXJC', 'QPUS94', 2, 1);
UPDATE `bv_updation` SET right_carry = right_carry+50, total_right = total_right+50
WHERE `user_id` = 'QQCXJC';
INSERT INTO `placement_bv_update_history` (`right_carry`, `date`, `from_id`, `user_id`) VALUES ('50', '2024-10-01 20:55:33', 'QPUS94', 'QQCXJC');
INSERT INTO `matrix_filling` (`placement_id`, `downline_id`, `level`, `matrix`) VALUES ('OEG5GT', 'QPUS94', 3, 1);
UPDATE `bv_updation` SET right_carry = right_carry+50, total_right = total_right+50
WHERE `user_id` = 'OEG5GT';
INSERT INTO `placement_bv_update_history` (`right_carry`, `date`, `from_id`, `user_id`) VALUES ('50', '2024-10-01 20:55:33', 'QPUS94', 'OEG5GT');
INSERT INTO `matrix_filling` (`placement_id`, `downline_id`, `level`, `matrix`) VALUES ('C9EOE7', 'QPUS94', 4, 1);
UPDATE `bv_updation` SET right_carry = right_carry+50, total_right = total_right+50
WHERE `user_id` = 'C9EOE7';
INSERT INTO `placement_bv_update_history` (`right_carry`, `date`, `from_id`, `user_id`) VALUES ('50', '2024-10-01 20:55:33', 'QPUS94', 'C9EOE7');
INSERT INTO `matrix_filling` (`placement_id`, `downline_id`, `level`, `matrix`) VALUES ('SPT2BW', 'QPUS94', 5, 1);
UPDATE `bv_updation` SET right_carry = right_carry+50, total_right = total_right+50
WHERE `user_id` = 'SPT2BW';
INSERT INTO `placement_bv_update_history` (`right_carry`, `date`, `from_id`, `user_id`) VALUES ('50', '2024-10-01 20:55:33', 'QPUS94', 'SPT2BW');
INSERT INTO `matrix_filling` (`placement_id`, `downline_id`, `level`, `matrix`) VALUES ('YC8C3P', 'QPUS94', 6, 1);
UPDATE `bv_updation` SET right_carry = right_carry+50, total_right = total_right+50
WHERE `user_id` = 'YC8C3P';
INSERT INTO `placement_bv_update_history` (`right_carry`, `date`, `from_id`, `user_id`) VALUES ('50', '2024-10-01 20:55:33', 'QPUS94', 'YC8C3P');
INSERT INTO `matrix_filling` (`placement_id`, `downline_id`, `level`, `matrix`) VALUES ('XSYB8S', 'QPUS94', 7, 1);
UPDATE `bv_updation` SET right_carry = right_carry+50, total_right = total_right+50
WHERE `user_id` = 'XSYB8S';
INSERT INTO `placement_bv_update_history` (`right_carry`, `date`, `from_id`, `user_id`) VALUES ('50', '2024-10-01 20:55:33', 'QPUS94', 'XSYB8S');
INSERT INTO `matrix_filling` (`placement_id`, `downline_id`, `level`, `matrix`) VALUES ('JYNGFQ', 'QPUS94', 8, 1);
UPDATE `bv_updation` SET right_carry = right_carry+50, total_right = total_right+50
WHERE `user_id` = 'JYNGFQ';
INSERT INTO `placement_bv_update_history` (`right_carry`, `date`, `from_id`, `user_id`) VALUES ('50', '2024-10-01 20:55:33', 'QPUS94', 'JYNGFQ');
INSERT INTO `matrix_filling` (`placement_id`, `downline_id`, `level`, `matrix`) VALUES ('WX3W7T', 'QPUS94', 9, 1);
UPDATE `bv_updation` SET right_carry = right_carry+50, total_right = total_right+50
WHERE `user_id` = 'WX3W7T';
INSERT INTO `placement_bv_update_history` (`right_carry`, `date`, `from_id`, `user_id`) VALUES ('50', '2024-10-01 20:55:33', 'QPUS94', 'WX3W7T');
INSERT INTO `matrix_filling` (`placement_id`, `downline_id`, `level`, `matrix`) VALUES ('9YZXNJ', 'QPUS94', 10, 1);
UPDATE `bv_updation` SET right_carry = right_carry+50, total_right = total_right+50
WHERE `user_id` = '9YZXNJ';
INSERT INTO `placement_bv_update_history` (`right_carry`, `date`, `from_id`, `user_id`) VALUES ('50', '2024-10-01 20:55:33', 'QPUS94', '9YZXNJ');
INSERT INTO `matrix_filling` (`placement_id`, `downline_id`, `level`, `matrix`) VALUES ('5H9TH3', 'QPUS94', 11, 1);
UPDATE `bv_updation` SET right_carry = right_carry+50, total_right = total_right+50
WHERE `user_id` = '5H9TH3';
INSERT INTO `placement_bv_update_history` (`right_carry`, `date`, `from_id`, `user_id`) VALUES ('50', '2024-10-01 20:55:33', 'QPUS94', '5H9TH3');
UPDATE `bv_updation` SET sponsor_right_carry = sponsor_right_carry+50, sponsor_total_right = sponsor_total_right+50
WHERE `user_id` = '5H9TH3';
INSERT INTO `sponsor_bv_update_history` (`right_carry`, `date`, `user_id`) VALUES ('50', '2024-10-01 20:55:33', '5H9TH3');
INSERT INTO `matrix_filling` (`placement_id`, `downline_id`, `level`, `matrix`) VALUES ('MIT9KW', 'QPUS94', 12, 1);
UPDATE `bv_updation` SET left_carry = left_carry+50, total_left = total_left+50
WHERE `user_id` = 'MIT9KW';
INSERT INTO `placement_bv_update_history` (`left_carry`, `date`, `from_id`, `user_id`) VALUES ('50', '2024-10-01 20:55:33', 'QPUS94', 'MIT9KW');
INSERT INTO `matrix_filling` (`placement_id`, `downline_id`, `level`, `matrix`) VALUES ('IMUABZ', 'QPUS94', 13, 1);
UPDATE `bv_updation` SET left_carry = left_carry+50, total_left = total_left+50
WHERE `user_id` = 'IMUABZ';
INSERT INTO `placement_bv_update_history` (`left_carry`, `date`, `from_id`, `user_id`) VALUES ('50', '2024-10-01 20:55:33', 'QPUS94', 'IMUABZ');
INSERT INTO `matrix_filling` (`placement_id`, `downline_id`, `level`, `matrix`) VALUES ('G54QC4', 'QPUS94', 14, 1);
UPDATE `bv_updation` SET left_carry = left_carry+50, total_left = total_left+50
WHERE `user_id` = 'G54QC4';
INSERT INTO `placement_bv_update_history` (`left_carry`, `date`, `from_id`, `user_id`) VALUES ('50', '2024-10-01 20:55:33', 'QPUS94', 'G54QC4');
INSERT INTO `matrix_filling` (`placement_id`, `downline_id`, `level`, `matrix`) VALUES ('9JPZJL', 'QPUS94', 15, 1);
UPDATE `bv_updation` SET left_carry = left_carry+50, total_left = total_left+50
WHERE `user_id` = '9JPZJL';
INSERT INTO `placement_bv_update_history` (`left_carry`, `date`, `from_id`, `user_id`) VALUES ('50', '2024-10-01 20:55:33', 'QPUS94', '9JPZJL');
INSERT INTO `matrix_filling` (`placement_id`, `downline_id`, `level`, `matrix`) VALUES ('E3PPZ3', 'QPUS94', 16, 1);
UPDATE `bv_updation` SET left_carry = left_carry+50, total_left = total_left+50
WHERE `user_id` = 'E3PPZ3';
INSERT INTO `placement_bv_update_history` (`left_carry`, `date`, `from_id`, `user_id`) VALUES ('50', '2024-10-01 20:55:33', 'QPUS94', 'E3PPZ3');
INSERT INTO `matrix_filling` (`placement_id`, `downline_id`, `level`, `matrix`) VALUES ('7RY1ZP', 'QPUS94', 17, 1);
UPDATE `bv_updation` SET left_carry = left_carry+50, total_left = total_left+50
WHERE `user_id` = '7RY1ZP';
INSERT INTO `placement_bv_update_history` (`left_carry`, `date`, `from_id`, `user_id`) VALUES ('50', '2024-10-01 20:55:33', 'QPUS94', '7RY1ZP');
INSERT INTO `matrix_filling` (`placement_id`, `downline_id`, `level`, `matrix`) VALUES ('ADZTOG', 'QPUS94', 18, 1);
UPDATE `bv_updation` SET right_carry = right_carry+50, total_right = total_right+50
WHERE `user_id` = 'ADZTOG';
INSERT INTO `placement_bv_update_history` (`right_carry`, `date`, `from_id`, `user_id`) VALUES ('50', '2024-10-01 20:55:33', 'QPUS94', 'ADZTOG');
INSERT INTO `matrix_filling` (`placement_id`, `downline_id`, `level`, `matrix`) VALUES ('A9858P', 'QPUS94', 19, 1);
UPDATE `bv_updation` SET right_carry = right_carry+50, total_right = total_right+50
WHERE `user_id` = 'A9858P';
INSERT INTO `placement_bv_update_history` (`right_carry`, `date`, `from_id`, `user_id`) VALUES ('50', '2024-10-01 20:55:33', 'QPUS94', 'A9858P');
INSERT INTO `matrix_filling` (`placement_id`, `downline_id`, `level`, `matrix`) VALUES ('admin', 'QPUS94', 20, 1);
UPDATE `bv_updation` SET right_carry = right_carry+50, total_right = total_right+50
WHERE `user_id` = 'admin';
INSERT INTO `placement_bv_update_history` (`right_carry`, `date`, `from_id`, `user_id`) VALUES ('50', '2024-10-01 20:55:33', 'QPUS94', 'admin');
INSERT INTO `package_purchase_history` (`user_id`, `package_id`, `reg_fee`, `package_name`, `monthly_fee`, `type`, `date`, `payment_option`) VALUES ('QPUS94', '2', '595', 'Traveler Pro', '150', 'sign_up', '2024-10-01 20:55:33', 'free');
UPDATE `user_registration` SET `popup_seen` = 'yes'
WHERE `user_id` = '5H9TH3';
UPDATE `user_registration` SET `uid` = '2479', `user_id` = 'IPUSFA', `username` = 'paula1', `sponsor_id` = 'LUAGN1', `vacant` = 'no', `f_name` = 'Paula', `l_name` = 'Carreno', `address` = '8100 SW 14 Terr', `position` = 'right', `email` = 'paula1@gmail.com', `password` = '555f6144739d62894deff36b0d0b62ec', `phone` = '7862876762', `country` = 'United States', `state` = 'Florida', `city` = 'Miami', `street` = '8100 SW 14 Terr', `zip_code` = '33144', `reg_ip` = '172.70.254.31', `status` = 1, `package_id` = '2', `rank_id` = 1, `highest_rank` = 1, `cycle_rank_id` = 1, `created` = '2024-10-01 20:56:14', `subscription_date` = '2024-10-31', `google_secret` = '2VC5FSMMCE6QHY7T'
WHERE `uid` = '2479';
INSERT INTO `user_registration` (`uid`, `user_id`, `username`, `sponsor_id`, `placement_id`, `vacant`, `f_name`, `l_name`, `address`, `position`, `email`, `password`, `phone`, `reg_ip`, `status`, `created`) VALUES (NULL, 'EOEILI', 'isUSRGDs', 'IPUSFA', 'IPUSFA', 'yes', '', '', '', 'left', '@mail.com', '', '', '', 0, '2024-10-01 20:56:14');
INSERT INTO `user_registration` (`uid`, `user_id`, `username`, `sponsor_id`, `placement_id`, `vacant`, `f_name`, `l_name`, `address`, `position`, `email`, `password`, `phone`, `reg_ip`, `status`, `created`) VALUES (NULL, 'XJHUWD', 'pqTJABCO', 'IPUSFA', 'IPUSFA', 'yes', '', '', '', 'right', '@mail.com', '', '', '', 0, '2024-10-01 20:56:14');
INSERT INTO `bv_updation` (`user_id`) VALUES ('IPUSFA');
UPDATE `user_registration` SET total_ref_count = total_ref_count+1
WHERE `user_id` = 'LUAGN1';
UPDATE `user_registration` SET total_downlines = total_downlines+1
WHERE `user_id` = 'JSMVWA';
UPDATE `user_registration` SET right_downlines = right_downlines+1
WHERE `user_id` = 'JSMVWA';
UPDATE `user_registration` SET total_downlines = total_downlines+1
WHERE `user_id` = 'Y741WF';
UPDATE `user_registration` SET right_downlines = right_downlines+1
WHERE `user_id` = 'Y741WF';
UPDATE `user_registration` SET total_downlines = total_downlines+1
WHERE `user_id` = 'JLTMOH';
UPDATE `user_registration` SET right_downlines = right_downlines+1
WHERE `user_id` = 'JLTMOH';
UPDATE `user_registration` SET total_downlines = total_downlines+1
WHERE `user_id` = 'NS15G5';
UPDATE `user_registration` SET right_downlines = right_downlines+1
WHERE `user_id` = 'NS15G5';
UPDATE `user_registration` SET total_downlines = total_downlines+1
WHERE `user_id` = 'YU8PLO';
UPDATE `user_registration` SET right_downlines = right_downlines+1
WHERE `user_id` = 'YU8PLO';
UPDATE `user_registration` SET total_downlines = total_downlines+1
WHERE `user_id` = 'LUAGN1';
UPDATE `user_registration` SET right_downlines = right_downlines+1
WHERE `user_id` = 'LUAGN1';
UPDATE `user_registration` SET right_ref_count = right_ref_count+1
WHERE `user_id` = 'LUAGN1';
UPDATE `user_registration` SET active_right = active_right+1
WHERE `user_id` = 'LUAGN1';
UPDATE `user_registration` SET total_downlines = total_downlines+1
WHERE `user_id` = '6DEXJW';
UPDATE `user_registration` SET left_downlines = left_downlines+1
WHERE `user_id` = '6DEXJW';
UPDATE `user_registration` SET total_downlines = total_downlines+1
WHERE `user_id` = 'DM1Y9N';
UPDATE `user_registration` SET right_downlines = right_downlines+1
WHERE `user_id` = 'DM1Y9N';
UPDATE `user_registration` SET total_downlines = total_downlines+1
WHERE `user_id` = 'A9858P';
UPDATE `user_registration` SET left_downlines = left_downlines+1
WHERE `user_id` = 'A9858P';
UPDATE `user_registration` SET total_downlines = total_downlines+1
WHERE `user_id` = 'admin';
UPDATE `user_registration` SET right_downlines = right_downlines+1
WHERE `user_id` = 'admin';
INSERT INTO `investment` (`invest_date`, `user_id`, `type`, `amount`, `package_id`) VALUES ('2024-10-01 20:56:14', 'IPUSFA', 'register', '595', '2');
INSERT INTO `earnings` (`user_id`, `Purchaser_id`, `earning_type`, `package_id`, `amount`, `date`, `comments`, `invest_amount`, `comm_perc`, `level`, `rank_id`, `order_id`) VALUES ('LUAGN1', 'IPUSFA', 'Direct Referral Bonus', '2', '100', '2024-10-01 20:56:14', 'Direct Referral Bonus', 0, 0, 1, '', 241);
UPDATE `user_registration` SET commission_balance = ROUND(commission_balance + 100,2)
WHERE `user_id` = 'LUAGN1';
UPDATE `user_registration` SET referral_bonus = ROUND(referral_bonus + 100,2)
WHERE `user_id` = 'LUAGN1';
INSERT INTO `earnings` (`user_id`, `Purchaser_id`, `earning_type`, `package_id`, `amount`, `date`, `comments`, `invest_amount`, `comm_perc`, `level`, `rank_id`, `order_id`) VALUES ('DM1Y9N', 'IPUSFA', 'Expansion Bonus', '2', 100, '2024-10-01 20:56:14', 'Expansion Bonus', '100', 0, 1, '', 241);
UPDATE `user_registration` SET commission_balance = ROUND(commission_balance + 100,2)
WHERE `user_id` = 'DM1Y9N';
UPDATE `user_registration` SET expansion_bonus = ROUND(expansion_bonus + 100,2)
WHERE `user_id` = 'DM1Y9N';
INSERT INTO `earnings` (`user_id`, `Purchaser_id`, `earning_type`, `package_id`, `amount`, `date`, `comments`, `invest_amount`, `comm_perc`, `level`, `rank_id`, `order_id`) VALUES ('A9858P', 'IPUSFA', 'Expansion Bonus', '2', 100, '2024-10-01 20:56:14', 'Expansion Bonus', 200, 0, 1, '', 241);
UPDATE `user_registration` SET commission_balance = ROUND(commission_balance + 100,2)
WHERE `user_id` = 'A9858P';
UPDATE `user_registration` SET expansion_bonus = ROUND(expansion_bonus + 100,2)
WHERE `user_id` = 'A9858P';
INSERT INTO `matrix_filling` (`placement_id`, `downline_id`, `level`, `matrix`) VALUES ('JSMVWA', 'IPUSFA', 1, 1);
UPDATE `bv_updation` SET right_carry = right_carry+50, total_right = total_right+50
WHERE `user_id` = 'JSMVWA';
INSERT INTO `placement_bv_update_history` (`right_carry`, `date`, `from_id`, `user_id`) VALUES ('50', '2024-10-01 20:56:14', 'IPUSFA', 'JSMVWA');
INSERT INTO `matrix_filling` (`placement_id`, `downline_id`, `level`, `matrix`) VALUES ('Y741WF', 'IPUSFA', 2, 1);
UPDATE `bv_updation` SET right_carry = right_carry+50, total_right = total_right+50
WHERE `user_id` = 'Y741WF';
INSERT INTO `placement_bv_update_history` (`right_carry`, `date`, `from_id`, `user_id`) VALUES ('50', '2024-10-01 20:56:14', 'IPUSFA', 'Y741WF');
INSERT INTO `matrix_filling` (`placement_id`, `downline_id`, `level`, `matrix`) VALUES ('JLTMOH', 'IPUSFA', 3, 1);
UPDATE `bv_updation` SET right_carry = right_carry+50, total_right = total_right+50
WHERE `user_id` = 'JLTMOH';
INSERT INTO `placement_bv_update_history` (`right_carry`, `date`, `from_id`, `user_id`) VALUES ('50', '2024-10-01 20:56:14', 'IPUSFA', 'JLTMOH');
INSERT INTO `matrix_filling` (`placement_id`, `downline_id`, `level`, `matrix`) VALUES ('NS15G5', 'IPUSFA', 4, 1);
UPDATE `bv_updation` SET right_carry = right_carry+50, total_right = total_right+50
WHERE `user_id` = 'NS15G5';
INSERT INTO `placement_bv_update_history` (`right_carry`, `date`, `from_id`, `user_id`) VALUES ('50', '2024-10-01 20:56:14', 'IPUSFA', 'NS15G5');
INSERT INTO `matrix_filling` (`placement_id`, `downline_id`, `level`, `matrix`) VALUES ('YU8PLO', 'IPUSFA', 5, 1);
UPDATE `bv_updation` SET right_carry = right_carry+50, total_right = total_right+50
WHERE `user_id` = 'YU8PLO';
INSERT INTO `placement_bv_update_history` (`right_carry`, `date`, `from_id`, `user_id`) VALUES ('50', '2024-10-01 20:56:14', 'IPUSFA', 'YU8PLO');
INSERT INTO `matrix_filling` (`placement_id`, `downline_id`, `level`, `matrix`) VALUES ('LUAGN1', 'IPUSFA', 6, 1);
UPDATE `bv_updation` SET right_carry = right_carry+50, total_right = total_right+50
WHERE `user_id` = 'LUAGN1';
INSERT INTO `placement_bv_update_history` (`right_carry`, `date`, `from_id`, `user_id`) VALUES ('50', '2024-10-01 20:56:14', 'IPUSFA', 'LUAGN1');
UPDATE `bv_updation` SET sponsor_right_carry = sponsor_right_carry+50, sponsor_total_right = sponsor_total_right+50
WHERE `user_id` = 'LUAGN1';
INSERT INTO `sponsor_bv_update_history` (`right_carry`, `date`, `user_id`) VALUES ('50', '2024-10-01 20:56:14', 'LUAGN1');
INSERT INTO `matrix_filling` (`placement_id`, `downline_id`, `level`, `matrix`) VALUES ('6DEXJW', 'IPUSFA', 7, 1);
UPDATE `bv_updation` SET left_carry = left_carry+50, total_left = total_left+50
WHERE `user_id` = '6DEXJW';
INSERT INTO `placement_bv_update_history` (`left_carry`, `date`, `from_id`, `user_id`) VALUES ('50', '2024-10-01 20:56:14', 'IPUSFA', '6DEXJW');
INSERT INTO `matrix_filling` (`placement_id`, `downline_id`, `level`, `matrix`) VALUES ('DM1Y9N', 'IPUSFA', 8, 1);
UPDATE `bv_updation` SET right_carry = right_carry+50, total_right = total_right+50
WHERE `user_id` = 'DM1Y9N';
INSERT INTO `placement_bv_update_history` (`right_carry`, `date`, `from_id`, `user_id`) VALUES ('50', '2024-10-01 20:56:14', 'IPUSFA', 'DM1Y9N');
INSERT INTO `matrix_filling` (`placement_id`, `downline_id`, `level`, `matrix`) VALUES ('A9858P', 'IPUSFA', 9, 1);
UPDATE `bv_updation` SET left_carry = left_carry+50, total_left = total_left+50
WHERE `user_id` = 'A9858P';
INSERT INTO `placement_bv_update_history` (`left_carry`, `date`, `from_id`, `user_id`) VALUES ('50', '2024-10-01 20:56:14', 'IPUSFA', 'A9858P');
INSERT INTO `matrix_filling` (`placement_id`, `downline_id`, `level`, `matrix`) VALUES ('admin', 'IPUSFA', 10, 1);
UPDATE `bv_updation` SET right_carry = right_carry+50, total_right = total_right+50
WHERE `user_id` = 'admin';
INSERT INTO `placement_bv_update_history` (`right_carry`, `date`, `from_id`, `user_id`) VALUES ('50', '2024-10-01 20:56:14', 'IPUSFA', 'admin');
INSERT INTO `package_purchase_history` (`user_id`, `package_id`, `reg_fee`, `package_name`, `monthly_fee`, `type`, `date`, `payment_option`) VALUES ('IPUSFA', '2', '595', 'Traveler Pro', '150', 'sign_up', '2024-10-01 20:56:14', 'free');
UPDATE `user_registration` SET `popup_seen` = 'yes'
WHERE `user_id` = '5H9TH3';
UPDATE `user_registration` SET `uid` = '2487', `user_id` = 'JJDJCR', `username` = 'magda1', `sponsor_id` = '5H9TH3', `vacant` = 'no', `f_name` = 'Magda', `l_name` = 'Abreu', `address` = '6520 Kendale Lakes Dr', `position` = 'right', `email` = 'magda1@gmail.com', `password` = '960e6f8864b30f4777d8696ec1e3d001', `phone` = '3057610606', `country` = 'United States', `state` = 'Florida', `city` = 'Miami', `street` = '6520 Kendale Lakes Dr', `zip_code` = '33183', `reg_ip` = '108.162.210.225', `status` = 1, `package_id` = '2', `rank_id` = 1, `highest_rank` = 1, `cycle_rank_id` = 1, `created` = '2024-10-01 20:57:46', `subscription_date` = '2024-10-31', `google_secret` = 'AY3FFAOUO7WS4N2C'
WHERE `uid` = '2487';
INSERT INTO `user_registration` (`uid`, `user_id`, `username`, `sponsor_id`, `placement_id`, `vacant`, `f_name`, `l_name`, `address`, `position`, `email`, `password`, `phone`, `reg_ip`, `status`, `created`) VALUES (NULL, 'MCKARF', 'rADTTExs', 'JJDJCR', 'JJDJCR', 'yes', '', '', '', 'left', '@mail.com', '', '', '', 0, '2024-10-01 20:57:46');
INSERT INTO `user_registration` (`uid`, `user_id`, `username`, `sponsor_id`, `placement_id`, `vacant`, `f_name`, `l_name`, `address`, `position`, `email`, `password`, `phone`, `reg_ip`, `status`, `created`) VALUES (NULL, 'RTIZWB', 'nTGgUIgb', 'JJDJCR', 'JJDJCR', 'yes', '', '', '', 'right', '@mail.com', '', '', '', 0, '2024-10-01 20:57:46');
INSERT INTO `bv_updation` (`user_id`) VALUES ('JJDJCR');
UPDATE `user_registration` SET total_ref_count = total_ref_count+1
WHERE `user_id` = '5H9TH3';
UPDATE `user_registration` SET total_downlines = total_downlines+1
WHERE `user_id` = 'QPUS94';
UPDATE `user_registration` SET right_downlines = right_downlines+1
WHERE `user_id` = 'QPUS94';
UPDATE `user_registration` SET total_downlines = total_downlines+1
WHERE `user_id` = 'UZPX9H';
UPDATE `user_registration` SET right_downlines = right_downlines+1
WHERE `user_id` = 'UZPX9H';
UPDATE `user_registration` SET total_downlines = total_downlines+1
WHERE `user_id` = 'QQCXJC';
UPDATE `user_registration` SET right_downlines = right_downlines+1
WHERE `user_id` = 'QQCXJC';
UPDATE `user_registration` SET total_downlines = total_downlines+1
WHERE `user_id` = 'OEG5GT';
UPDATE `user_registration` SET right_downlines = right_downlines+1
WHERE `user_id` = 'OEG5GT';
UPDATE `user_registration` SET total_downlines = total_downlines+1
WHERE `user_id` = 'C9EOE7';
UPDATE `user_registration` SET right_downlines = right_downlines+1
WHERE `user_id` = 'C9EOE7';
UPDATE `user_registration` SET total_downlines = total_downlines+1
WHERE `user_id` = 'SPT2BW';
UPDATE `user_registration` SET right_downlines = right_downlines+1
WHERE `user_id` = 'SPT2BW';
UPDATE `user_registration` SET total_downlines = total_downlines+1
WHERE `user_id` = 'YC8C3P';
UPDATE `user_registration` SET right_downlines = right_downlines+1
WHERE `user_id` = 'YC8C3P';
UPDATE `user_registration` SET total_downlines = total_downlines+1
WHERE `user_id` = 'XSYB8S';
UPDATE `user_registration` SET right_downlines = right_downlines+1
WHERE `user_id` = 'XSYB8S';
UPDATE `user_registration` SET total_downlines = total_downlines+1
WHERE `user_id` = 'JYNGFQ';
UPDATE `user_registration` SET right_downlines = right_downlines+1
WHERE `user_id` = 'JYNGFQ';
UPDATE `user_registration` SET total_downlines = total_downlines+1
WHERE `user_id` = 'WX3W7T';
UPDATE `user_registration` SET right_downlines = right_downlines+1
WHERE `user_id` = 'WX3W7T';
UPDATE `user_registration` SET total_downlines = total_downlines+1
WHERE `user_id` = '9YZXNJ';
UPDATE `user_registration` SET right_downlines = right_downlines+1
WHERE `user_id` = '9YZXNJ';
UPDATE `user_registration` SET total_downlines = total_downlines+1
WHERE `user_id` = '5H9TH3';
UPDATE `user_registration` SET right_downlines = right_downlines+1
WHERE `user_id` = '5H9TH3';
UPDATE `user_registration` SET right_ref_count = right_ref_count+1
WHERE `user_id` = '5H9TH3';
UPDATE `user_registration` SET active_right = active_right+1
WHERE `user_id` = '5H9TH3';
UPDATE `user_registration` SET total_downlines = total_downlines+1
WHERE `user_id` = 'MIT9KW';
UPDATE `user_registration` SET left_downlines = left_downlines+1
WHERE `user_id` = 'MIT9KW';
UPDATE `user_registration` SET total_downlines = total_downlines+1
WHERE `user_id` = 'IMUABZ';
UPDATE `user_registration` SET left_downlines = left_downlines+1
WHERE `user_id` = 'IMUABZ';
UPDATE `user_registration` SET total_downlines = total_downlines+1
WHERE `user_id` = 'G54QC4';
UPDATE `user_registration` SET left_downlines = left_downlines+1
WHERE `user_id` = 'G54QC4';
UPDATE `user_registration` SET total_downlines = total_downlines+1
WHERE `user_id` = '9JPZJL';
UPDATE `user_registration` SET left_downlines = left_downlines+1
WHERE `user_id` = '9JPZJL';
UPDATE `user_registration` SET total_downlines = total_downlines+1
WHERE `user_id` = 'E3PPZ3';
UPDATE `user_registration` SET left_downlines = left_downlines+1
WHERE `user_id` = 'E3PPZ3';
UPDATE `user_registration` SET total_downlines = total_downlines+1
WHERE `user_id` = '7RY1ZP';
UPDATE `user_registration` SET left_downlines = left_downlines+1
WHERE `user_id` = '7RY1ZP';
UPDATE `user_registration` SET total_downlines = total_downlines+1
WHERE `user_id` = 'ADZTOG';
UPDATE `user_registration` SET right_downlines = right_downlines+1
WHERE `user_id` = 'ADZTOG';
UPDATE `user_registration` SET total_downlines = total_downlines+1
WHERE `user_id` = 'A9858P';
UPDATE `user_registration` SET right_downlines = right_downlines+1
WHERE `user_id` = 'A9858P';
UPDATE `user_registration` SET total_downlines = total_downlines+1
WHERE `user_id` = 'admin';
UPDATE `user_registration` SET right_downlines = right_downlines+1
WHERE `user_id` = 'admin';
INSERT INTO `investment` (`invest_date`, `user_id`, `type`, `amount`, `package_id`) VALUES ('2024-10-01 20:57:47', 'JJDJCR', 'register', '595', '2');
INSERT INTO `earnings` (`user_id`, `Purchaser_id`, `earning_type`, `package_id`, `amount`, `date`, `comments`, `invest_amount`, `comm_perc`, `level`, `rank_id`, `order_id`) VALUES ('5H9TH3', 'JJDJCR', 'Direct Referral Bonus', '2', '100', '2024-10-01 20:57:47', 'Direct Referral Bonus', 0, 0, 1, '', 242);
UPDATE `user_registration` SET commission_balance = ROUND(commission_balance + 100,2)
WHERE `user_id` = '5H9TH3';
UPDATE `user_registration` SET referral_bonus = ROUND(referral_bonus + 100,2)
WHERE `user_id` = '5H9TH3';
INSERT INTO `earnings` (`user_id`, `Purchaser_id`, `earning_type`, `package_id`, `amount`, `date`, `comments`, `invest_amount`, `comm_perc`, `level`, `rank_id`, `order_id`) VALUES ('7RY1ZP', 'JJDJCR', 'Expansion Bonus', '2', 100, '2024-10-01 20:57:47', 'Expansion Bonus', '100', 0, 1, '', 242);
UPDATE `user_registration` SET commission_balance = ROUND(commission_balance + 100,2)
WHERE `user_id` = '7RY1ZP';
UPDATE `user_registration` SET expansion_bonus = ROUND(expansion_bonus + 100,2)
WHERE `user_id` = '7RY1ZP';
INSERT INTO `earnings` (`user_id`, `Purchaser_id`, `earning_type`, `package_id`, `amount`, `date`, `comments`, `invest_amount`, `comm_perc`, `level`, `rank_id`, `order_id`) VALUES ('A9858P', 'JJDJCR', 'Expansion Bonus', '2', 100, '2024-10-01 20:57:47', 'Expansion Bonus', 200, 0, 1, '', 242);
UPDATE `user_registration` SET commission_balance = ROUND(commission_balance + 100,2)
WHERE `user_id` = 'A9858P';
UPDATE `user_registration` SET expansion_bonus = ROUND(expansion_bonus + 100,2)
WHERE `user_id` = 'A9858P';
INSERT INTO `matrix_filling` (`placement_id`, `downline_id`, `level`, `matrix`) VALUES ('QPUS94', 'JJDJCR', 1, 1);
UPDATE `bv_updation` SET right_carry = right_carry+50, total_right = total_right+50
WHERE `user_id` = 'QPUS94';
INSERT INTO `placement_bv_update_history` (`right_carry`, `date`, `from_id`, `user_id`) VALUES ('50', '2024-10-01 20:57:47', 'JJDJCR', 'QPUS94');
INSERT INTO `matrix_filling` (`placement_id`, `downline_id`, `level`, `matrix`) VALUES ('UZPX9H', 'JJDJCR', 2, 1);
UPDATE `bv_updation` SET right_carry = right_carry+50, total_right = total_right+50
WHERE `user_id` = 'UZPX9H';
INSERT INTO `placement_bv_update_history` (`right_carry`, `date`, `from_id`, `user_id`) VALUES ('50', '2024-10-01 20:57:47', 'JJDJCR', 'UZPX9H');
INSERT INTO `matrix_filling` (`placement_id`, `downline_id`, `level`, `matrix`) VALUES ('QQCXJC', 'JJDJCR', 3, 1);
UPDATE `bv_updation` SET right_carry = right_carry+50, total_right = total_right+50
WHERE `user_id` = 'QQCXJC';
INSERT INTO `placement_bv_update_history` (`right_carry`, `date`, `from_id`, `user_id`) VALUES ('50', '2024-10-01 20:57:47', 'JJDJCR', 'QQCXJC');
INSERT INTO `matrix_filling` (`placement_id`, `downline_id`, `level`, `matrix`) VALUES ('OEG5GT', 'JJDJCR', 4, 1);
UPDATE `bv_updation` SET right_carry = right_carry+50, total_right = total_right+50
WHERE `user_id` = 'OEG5GT';
INSERT INTO `placement_bv_update_history` (`right_carry`, `date`, `from_id`, `user_id`) VALUES ('50', '2024-10-01 20:57:47', 'JJDJCR', 'OEG5GT');
INSERT INTO `matrix_filling` (`placement_id`, `downline_id`, `level`, `matrix`) VALUES ('C9EOE7', 'JJDJCR', 5, 1);
UPDATE `bv_updation` SET right_carry = right_carry+50, total_right = total_right+50
WHERE `user_id` = 'C9EOE7';
INSERT INTO `placement_bv_update_history` (`right_carry`, `date`, `from_id`, `user_id`) VALUES ('50', '2024-10-01 20:57:47', 'JJDJCR', 'C9EOE7');
INSERT INTO `matrix_filling` (`placement_id`, `downline_id`, `level`, `matrix`) VALUES ('SPT2BW', 'JJDJCR', 6, 1);
UPDATE `bv_updation` SET right_carry = right_carry+50, total_right = total_right+50
WHERE `user_id` = 'SPT2BW';
INSERT INTO `placement_bv_update_history` (`right_carry`, `date`, `from_id`, `user_id`) VALUES ('50', '2024-10-01 20:57:47', 'JJDJCR', 'SPT2BW');
INSERT INTO `matrix_filling` (`placement_id`, `downline_id`, `level`, `matrix`) VALUES ('YC8C3P', 'JJDJCR', 7, 1);
UPDATE `bv_updation` SET right_carry = right_carry+50, total_right = total_right+50
WHERE `user_id` = 'YC8C3P';
INSERT INTO `placement_bv_update_history` (`right_carry`, `date`, `from_id`, `user_id`) VALUES ('50', '2024-10-01 20:57:47', 'JJDJCR', 'YC8C3P');
INSERT INTO `matrix_filling` (`placement_id`, `downline_id`, `level`, `matrix`) VALUES ('XSYB8S', 'JJDJCR', 8, 1);
UPDATE `bv_updation` SET right_carry = right_carry+50, total_right = total_right+50
WHERE `user_id` = 'XSYB8S';
INSERT INTO `placement_bv_update_history` (`right_carry`, `date`, `from_id`, `user_id`) VALUES ('50', '2024-10-01 20:57:47', 'JJDJCR', 'XSYB8S');
INSERT INTO `matrix_filling` (`placement_id`, `downline_id`, `level`, `matrix`) VALUES ('JYNGFQ', 'JJDJCR', 9, 1);
UPDATE `bv_updation` SET right_carry = right_carry+50, total_right = total_right+50
WHERE `user_id` = 'JYNGFQ';
INSERT INTO `placement_bv_update_history` (`right_carry`, `date`, `from_id`, `user_id`) VALUES ('50', '2024-10-01 20:57:47', 'JJDJCR', 'JYNGFQ');
INSERT INTO `matrix_filling` (`placement_id`, `downline_id`, `level`, `matrix`) VALUES ('WX3W7T', 'JJDJCR', 10, 1);
UPDATE `bv_updation` SET right_carry = right_carry+50, total_right = total_right+50
WHERE `user_id` = 'WX3W7T';
INSERT INTO `placement_bv_update_history` (`right_carry`, `date`, `from_id`, `user_id`) VALUES ('50', '2024-10-01 20:57:47', 'JJDJCR', 'WX3W7T');
INSERT INTO `matrix_filling` (`placement_id`, `downline_id`, `level`, `matrix`) VALUES ('9YZXNJ', 'JJDJCR', 11, 1);
UPDATE `bv_updation` SET right_carry = right_carry+50, total_right = total_right+50
WHERE `user_id` = '9YZXNJ';
INSERT INTO `placement_bv_update_history` (`right_carry`, `date`, `from_id`, `user_id`) VALUES ('50', '2024-10-01 20:57:47', 'JJDJCR', '9YZXNJ');
INSERT INTO `matrix_filling` (`placement_id`, `downline_id`, `level`, `matrix`) VALUES ('5H9TH3', 'JJDJCR', 12, 1);
UPDATE `bv_updation` SET right_carry = right_carry+50, total_right = total_right+50
WHERE `user_id` = '5H9TH3';
INSERT INTO `placement_bv_update_history` (`right_carry`, `date`, `from_id`, `user_id`) VALUES ('50', '2024-10-01 20:57:47', 'JJDJCR', '5H9TH3');
UPDATE `bv_updation` SET sponsor_right_carry = sponsor_right_carry+50, sponsor_total_right = sponsor_total_right+50
WHERE `user_id` = '5H9TH3';
INSERT INTO `sponsor_bv_update_history` (`right_carry`, `date`, `user_id`) VALUES ('50', '2024-10-01 20:57:47', '5H9TH3');
INSERT INTO `matrix_filling` (`placement_id`, `downline_id`, `level`, `matrix`) VALUES ('MIT9KW', 'JJDJCR', 13, 1);
UPDATE `bv_updation` SET left_carry = left_carry+50, total_left = total_left+50
WHERE `user_id` = 'MIT9KW';
INSERT INTO `placement_bv_update_history` (`left_carry`, `date`, `from_id`, `user_id`) VALUES ('50', '2024-10-01 20:57:47', 'JJDJCR', 'MIT9KW');
INSERT INTO `matrix_filling` (`placement_id`, `downline_id`, `level`, `matrix`) VALUES ('IMUABZ', 'JJDJCR', 14, 1);
UPDATE `bv_updation` SET left_carry = left_carry+50, total_left = total_left+50
WHERE `user_id` = 'IMUABZ';
INSERT INTO `placement_bv_update_history` (`left_carry`, `date`, `from_id`, `user_id`) VALUES ('50', '2024-10-01 20:57:47', 'JJDJCR', 'IMUABZ');
INSERT INTO `matrix_filling` (`placement_id`, `downline_id`, `level`, `matrix`) VALUES ('G54QC4', 'JJDJCR', 15, 1);
UPDATE `bv_updation` SET left_carry = left_carry+50, total_left = total_left+50
WHERE `user_id` = 'G54QC4';
INSERT INTO `placement_bv_update_history` (`left_carry`, `date`, `from_id`, `user_id`) VALUES ('50', '2024-10-01 20:57:47', 'JJDJCR', 'G54QC4');
INSERT INTO `matrix_filling` (`placement_id`, `downline_id`, `level`, `matrix`) VALUES ('9JPZJL', 'JJDJCR', 16, 1);
UPDATE `bv_updation` SET left_carry = left_carry+50, total_left = total_left+50
WHERE `user_id` = '9JPZJL';
INSERT INTO `placement_bv_update_history` (`left_carry`, `date`, `from_id`, `user_id`) VALUES ('50', '2024-10-01 20:57:47', 'JJDJCR', '9JPZJL');
INSERT INTO `matrix_filling` (`placement_id`, `downline_id`, `level`, `matrix`) VALUES ('E3PPZ3', 'JJDJCR', 17, 1);
UPDATE `bv_updation` SET left_carry = left_carry+50, total_left = total_left+50
WHERE `user_id` = 'E3PPZ3';
INSERT INTO `placement_bv_update_history` (`left_carry`, `date`, `from_id`, `user_id`) VALUES ('50', '2024-10-01 20:57:47', 'JJDJCR', 'E3PPZ3');
INSERT INTO `matrix_filling` (`placement_id`, `downline_id`, `level`, `matrix`) VALUES ('7RY1ZP', 'JJDJCR', 18, 1);
UPDATE `bv_updation` SET left_carry = left_carry+50, total_left = total_left+50
WHERE `user_id` = '7RY1ZP';
INSERT INTO `placement_bv_update_history` (`left_carry`, `date`, `from_id`, `user_id`) VALUES ('50', '2024-10-01 20:57:47', 'JJDJCR', '7RY1ZP');
INSERT INTO `matrix_filling` (`placement_id`, `downline_id`, `level`, `matrix`) VALUES ('ADZTOG', 'JJDJCR', 19, 1);
UPDATE `bv_updation` SET right_carry = right_carry+50, total_right = total_right+50
WHERE `user_id` = 'ADZTOG';
INSERT INTO `placement_bv_update_history` (`right_carry`, `date`, `from_id`, `user_id`) VALUES ('50', '2024-10-01 20:57:47', 'JJDJCR', 'ADZTOG');
INSERT INTO `matrix_filling` (`placement_id`, `downline_id`, `level`, `matrix`) VALUES ('A9858P', 'JJDJCR', 20, 1);
UPDATE `bv_updation` SET right_carry = right_carry+50, total_right = total_right+50
WHERE `user_id` = 'A9858P';
INSERT INTO `placement_bv_update_history` (`right_carry`, `date`, `from_id`, `user_id`) VALUES ('50', '2024-10-01 20:57:47', 'JJDJCR', 'A9858P');
INSERT INTO `matrix_filling` (`placement_id`, `downline_id`, `level`, `matrix`) VALUES ('admin', 'JJDJCR', 21, 1);
UPDATE `bv_updation` SET right_carry = right_carry+50, total_right = total_right+50
WHERE `user_id` = 'admin';
INSERT INTO `placement_bv_update_history` (`right_carry`, `date`, `from_id`, `user_id`) VALUES ('50', '2024-10-01 20:57:47', 'JJDJCR', 'admin');
INSERT INTO `package_purchase_history` (`user_id`, `package_id`, `reg_fee`, `package_name`, `monthly_fee`, `type`, `date`, `payment_option`) VALUES ('JJDJCR', '2', '595', 'Traveler Pro', '150', 'sign_up', '2024-10-01 20:57:47', 'free');
UPDATE `ci_sessions` SET `timestamp` = 1727834305, `data` = '__ci_last_regenerate|i:1727834305;id|s:4:\"2184\";user_id|s:6:\"LUAGN1\";username|s:11:\"juancarlos1\";sponsor_id|s:6:\"6DEXJW\";fullname|s:17:\"Juan Carlos Perez\";email|s:21:\"juancarlos1@gmail.com\";phone|s:10:\"7862876762\";isLogIn|b:1;'
WHERE `id` = 'e72a3e701a4b95879d680788f8fa68a8ce557ed2';
UPDATE `user_registration` SET `uid` = '2484', `user_id` = 'HOMSKN', `username` = 'armando1', `sponsor_id` = 'LUAGN1', `vacant` = 'no', `f_name` = 'Armando', `l_name` = 'Castorani', `address` = '8100 SW 14 Terr', `position` = 'left', `email` = 'armando1@gmail.com', `password` = '5ec0b6355d9a5fdb2996c5b9950cc1c6', `phone` = '7862876762', `country` = 'United States', `state` = 'Florida', `city` = 'Miami', `street` = '8100 SW 14 Terr', `zip_code` = '33144', `reg_ip` = '172.70.255.66', `status` = 1, `package_id` = '2', `rank_id` = 1, `highest_rank` = 1, `cycle_rank_id` = 1, `created` = '2024-10-01 20:58:25', `subscription_date` = '2024-10-31', `google_secret` = 'CRYNKGRW7NZ7O75M'
WHERE `uid` = '2484';
INSERT INTO `user_registration` (`uid`, `user_id`, `username`, `sponsor_id`, `placement_id`, `vacant`, `f_name`, `l_name`, `address`, `position`, `email`, `password`, `phone`, `reg_ip`, `status`, `created`) VALUES (NULL, 'BUCBGI', 'BoYSkdTy', 'HOMSKN', 'HOMSKN', 'yes', '', '', '', 'left', '@mail.com', '', '', '', 0, '2024-10-01 20:58:25');
INSERT INTO `user_registration` (`uid`, `user_id`, `username`, `sponsor_id`, `placement_id`, `vacant`, `f_name`, `l_name`, `address`, `position`, `email`, `password`, `phone`, `reg_ip`, `status`, `created`) VALUES (NULL, 'LOXTGV', 'wBPVDvBC', 'HOMSKN', 'HOMSKN', 'yes', '', '', '', 'right', '@mail.com', '', '', '', 0, '2024-10-01 20:58:25');
INSERT INTO `bv_updation` (`user_id`) VALUES ('HOMSKN');
UPDATE `user_registration` SET total_ref_count = total_ref_count+1
WHERE `user_id` = 'LUAGN1';
UPDATE `user_registration` SET total_downlines = total_downlines+1
WHERE `user_id` = 'WQFROY';
UPDATE `user_registration` SET left_downlines = left_downlines+1
WHERE `user_id` = 'WQFROY';
UPDATE `user_registration` SET total_downlines = total_downlines+1
WHERE `user_id` = 'S8TPST';
UPDATE `user_registration` SET left_downlines = left_downlines+1
WHERE `user_id` = 'S8TPST';
UPDATE `user_registration` SET total_downlines = total_downlines+1
WHERE `user_id` = 'BD2LIM';
UPDATE `user_registration` SET left_downlines = left_downlines+1
WHERE `user_id` = 'BD2LIM';
UPDATE `user_registration` SET total_downlines = total_downlines+1
WHERE `user_id` = 'JNGCQK';
UPDATE `user_registration` SET left_downlines = left_downlines+1
WHERE `user_id` = 'JNGCQK';
UPDATE `user_registration` SET total_downlines = total_downlines+1
WHERE `user_id` = 'QOHBYS';
UPDATE `user_registration` SET left_downlines = left_downlines+1
WHERE `user_id` = 'QOHBYS';
UPDATE `user_registration` SET total_downlines = total_downlines+1
WHERE `user_id` = 'LUAGN1';
UPDATE `user_registration` SET left_downlines = left_downlines+1
WHERE `user_id` = 'LUAGN1';
UPDATE `user_registration` SET left_ref_count = left_ref_count+1
WHERE `user_id` = 'LUAGN1';
UPDATE `user_registration` SET active_left = active_left+1
WHERE `user_id` = 'LUAGN1';
UPDATE `user_registration` SET total_downlines = total_downlines+1
WHERE `user_id` = '6DEXJW';
UPDATE `user_registration` SET left_downlines = left_downlines+1
WHERE `user_id` = '6DEXJW';
UPDATE `user_registration` SET total_downlines = total_downlines+1
WHERE `user_id` = 'DM1Y9N';
UPDATE `user_registration` SET right_downlines = right_downlines+1
WHERE `user_id` = 'DM1Y9N';
UPDATE `user_registration` SET total_downlines = total_downlines+1
WHERE `user_id` = 'A9858P';
UPDATE `user_registration` SET left_downlines = left_downlines+1
WHERE `user_id` = 'A9858P';
UPDATE `user_registration` SET total_downlines = total_downlines+1
WHERE `user_id` = 'admin';
UPDATE `user_registration` SET right_downlines = right_downlines+1
WHERE `user_id` = 'admin';
INSERT INTO `investment` (`invest_date`, `user_id`, `type`, `amount`, `package_id`) VALUES ('2024-10-01 20:58:25', 'HOMSKN', 'register', '595', '2');
INSERT INTO `earnings` (`user_id`, `Purchaser_id`, `earning_type`, `package_id`, `amount`, `date`, `comments`, `invest_amount`, `comm_perc`, `level`, `rank_id`, `order_id`) VALUES ('LUAGN1', 'HOMSKN', 'Direct Referral Bonus', '2', '100', '2024-10-01 20:58:25', 'Direct Referral Bonus', 0, 0, 1, '', 243);
UPDATE `user_registration` SET commission_balance = ROUND(commission_balance + 100,2)
WHERE `user_id` = 'LUAGN1';
UPDATE `user_registration` SET referral_bonus = ROUND(referral_bonus + 100,2)
WHERE `user_id` = 'LUAGN1';
INSERT INTO `earnings` (`user_id`, `Purchaser_id`, `earning_type`, `package_id`, `amount`, `date`, `comments`, `invest_amount`, `comm_perc`, `level`, `rank_id`, `order_id`) VALUES ('DM1Y9N', 'HOMSKN', 'Expansion Bonus', '2', 100, '2024-10-01 20:58:25', 'Expansion Bonus', '100', 0, 1, '', 243);
UPDATE `user_registration` SET commission_balance = ROUND(commission_balance + 100,2)
WHERE `user_id` = 'DM1Y9N';
UPDATE `user_registration` SET expansion_bonus = ROUND(expansion_bonus + 100,2)
WHERE `user_id` = 'DM1Y9N';
INSERT INTO `earnings` (`user_id`, `Purchaser_id`, `earning_type`, `package_id`, `amount`, `date`, `comments`, `invest_amount`, `comm_perc`, `level`, `rank_id`, `order_id`) VALUES ('A9858P', 'HOMSKN', 'Expansion Bonus', '2', 100, '2024-10-01 20:58:25', 'Expansion Bonus', 200, 0, 1, '', 243);
UPDATE `user_registration` SET commission_balance = ROUND(commission_balance + 100,2)
WHERE `user_id` = 'A9858P';
UPDATE `user_registration` SET expansion_bonus = ROUND(expansion_bonus + 100,2)
WHERE `user_id` = 'A9858P';
INSERT INTO `matrix_filling` (`placement_id`, `downline_id`, `level`, `matrix`) VALUES ('WQFROY', 'HOMSKN', 1, 1);
UPDATE `bv_updation` SET left_carry = left_carry+50, total_left = total_left+50
WHERE `user_id` = 'WQFROY';
INSERT INTO `placement_bv_update_history` (`left_carry`, `date`, `from_id`, `user_id`) VALUES ('50', '2024-10-01 20:58:25', 'HOMSKN', 'WQFROY');
INSERT INTO `matrix_filling` (`placement_id`, `downline_id`, `level`, `matrix`) VALUES ('S8TPST', 'HOMSKN', 2, 1);
UPDATE `bv_updation` SET left_carry = left_carry+50, total_left = total_left+50
WHERE `user_id` = 'S8TPST';
INSERT INTO `placement_bv_update_history` (`left_carry`, `date`, `from_id`, `user_id`) VALUES ('50', '2024-10-01 20:58:25', 'HOMSKN', 'S8TPST');
INSERT INTO `matrix_filling` (`placement_id`, `downline_id`, `level`, `matrix`) VALUES ('BD2LIM', 'HOMSKN', 3, 1);
UPDATE `bv_updation` SET left_carry = left_carry+50, total_left = total_left+50
WHERE `user_id` = 'BD2LIM';
INSERT INTO `placement_bv_update_history` (`left_carry`, `date`, `from_id`, `user_id`) VALUES ('50', '2024-10-01 20:58:25', 'HOMSKN', 'BD2LIM');
INSERT INTO `matrix_filling` (`placement_id`, `downline_id`, `level`, `matrix`) VALUES ('JNGCQK', 'HOMSKN', 4, 1);
UPDATE `bv_updation` SET left_carry = left_carry+50, total_left = total_left+50
WHERE `user_id` = 'JNGCQK';
INSERT INTO `placement_bv_update_history` (`left_carry`, `date`, `from_id`, `user_id`) VALUES ('50', '2024-10-01 20:58:25', 'HOMSKN', 'JNGCQK');
INSERT INTO `matrix_filling` (`placement_id`, `downline_id`, `level`, `matrix`) VALUES ('QOHBYS', 'HOMSKN', 5, 1);
UPDATE `bv_updation` SET left_carry = left_carry+50, total_left = total_left+50
WHERE `user_id` = 'QOHBYS';
INSERT INTO `placement_bv_update_history` (`left_carry`, `date`, `from_id`, `user_id`) VALUES ('50', '2024-10-01 20:58:25', 'HOMSKN', 'QOHBYS');
INSERT INTO `matrix_filling` (`placement_id`, `downline_id`, `level`, `matrix`) VALUES ('LUAGN1', 'HOMSKN', 6, 1);
UPDATE `bv_updation` SET left_carry = left_carry+50, total_left = total_left+50
WHERE `user_id` = 'LUAGN1';
INSERT INTO `placement_bv_update_history` (`left_carry`, `date`, `from_id`, `user_id`) VALUES ('50', '2024-10-01 20:58:25', 'HOMSKN', 'LUAGN1');
UPDATE `bv_updation` SET sponsor_left_carry = sponsor_left_carry+50, sponsor_total_left = sponsor_total_left+50
WHERE `user_id` = 'LUAGN1';
INSERT INTO `sponsor_bv_update_history` (`left_carry`, `date`, `user_id`) VALUES ('50', '2024-10-01 20:58:25', 'LUAGN1');
INSERT INTO `matrix_filling` (`placement_id`, `downline_id`, `level`, `matrix`) VALUES ('6DEXJW', 'HOMSKN', 7, 1);
UPDATE `bv_updation` SET left_carry = left_carry+50, total_left = total_left+50
WHERE `user_id` = '6DEXJW';
INSERT INTO `placement_bv_update_history` (`left_carry`, `date`, `from_id`, `user_id`) VALUES ('50', '2024-10-01 20:58:25', 'HOMSKN', '6DEXJW');
INSERT INTO `matrix_filling` (`placement_id`, `downline_id`, `level`, `matrix`) VALUES ('DM1Y9N', 'HOMSKN', 8, 1);
UPDATE `bv_updation` SET right_carry = right_carry+50, total_right = total_right+50
WHERE `user_id` = 'DM1Y9N';
INSERT INTO `placement_bv_update_history` (`right_carry`, `date`, `from_id`, `user_id`) VALUES ('50', '2024-10-01 20:58:25', 'HOMSKN', 'DM1Y9N');
INSERT INTO `matrix_filling` (`placement_id`, `downline_id`, `level`, `matrix`) VALUES ('A9858P', 'HOMSKN', 9, 1);
UPDATE `bv_updation` SET left_carry = left_carry+50, total_left = total_left+50
WHERE `user_id` = 'A9858P';
INSERT INTO `placement_bv_update_history` (`left_carry`, `date`, `from_id`, `user_id`) VALUES ('50', '2024-10-01 20:58:25', 'HOMSKN', 'A9858P');
INSERT INTO `matrix_filling` (`placement_id`, `downline_id`, `level`, `matrix`) VALUES ('admin', 'HOMSKN', 10, 1);
UPDATE `bv_updation` SET right_carry = right_carry+50, total_right = total_right+50
WHERE `user_id` = 'admin';
INSERT INTO `placement_bv_update_history` (`right_carry`, `date`, `from_id`, `user_id`) VALUES ('50', '2024-10-01 20:58:25', 'HOMSKN', 'admin');
INSERT INTO `package_purchase_history` (`user_id`, `package_id`, `reg_fee`, `package_name`, `monthly_fee`, `type`, `date`, `payment_option`) VALUES ('HOMSKN', '2', '595', 'Traveler Pro', '150', 'sign_up', '2024-10-01 20:58:25', 'free');
UPDATE `ci_sessions` SET `timestamp` = 1727834347, `data` = '__ci_last_regenerate|i:1727834347;id|s:4:\"2312\";user_id|s:6:\"5H9TH3\";username|s:5:\"nora1\";sponsor_id|s:6:\"7RY1ZP\";fullname|s:11:\"Nora Altuve\";email|s:15:\"nora1@gmail.com\";phone|s:10:\"3057610606\";isLogIn|b:1;'
WHERE `id` = '71b0a791bc3f843809a7e83e3bb5b3c43d6e2c4a';
UPDATE `user_registration` SET `uid` = '2491', `user_id` = '1T8VGH', `username` = 'celestino1', `sponsor_id` = '5H9TH3', `vacant` = 'no', `f_name` = 'Celestino', `l_name` = 'Fonseca', `address` = '6520 Kendale Lakes Dr', `position` = 'right', `email` = 'celestino1@gmail.com', `password` = '5687f276fcf111bcbda56fdb15ce2ad5', `phone` = '3057610606', `country` = 'United States', `state` = 'Florida', `city` = 'Miami', `street` = '6520 Kendale Lakes Dr', `zip_code` = '33183', `reg_ip` = '172.70.255.208', `status` = 1, `package_id` = '2', `rank_id` = 1, `highest_rank` = 1, `cycle_rank_id` = 1, `created` = '2024-10-01 20:59:07', `subscription_date` = '2024-10-31', `google_secret` = 'I5LYPJ5GYQIV3GPL'
WHERE `uid` = '2491';
INSERT INTO `user_registration` (`uid`, `user_id`, `username`, `sponsor_id`, `placement_id`, `vacant`, `f_name`, `l_name`, `address`, `position`, `email`, `password`, `phone`, `reg_ip`, `status`, `created`) VALUES (NULL, 'PYCUTY', 'lARzQxqk', '1T8VGH', '1T8VGH', 'yes', '', '', '', 'left', '@mail.com', '', '', '', 0, '2024-10-01 20:59:07');
INSERT INTO `user_registration` (`uid`, `user_id`, `username`, `sponsor_id`, `placement_id`, `vacant`, `f_name`, `l_name`, `address`, `position`, `email`, `password`, `phone`, `reg_ip`, `status`, `created`) VALUES (NULL, 'TVWRIV', 'vwHBgMAm', '1T8VGH', '1T8VGH', 'yes', '', '', '', 'right', '@mail.com', '', '', '', 0, '2024-10-01 20:59:07');
INSERT INTO `bv_updation` (`user_id`) VALUES ('1T8VGH');
UPDATE `user_registration` SET total_ref_count = total_ref_count+1
WHERE `user_id` = '5H9TH3';
UPDATE `user_registration` SET total_downlines = total_downlines+1
WHERE `user_id` = 'JJDJCR';
UPDATE `user_registration` SET right_downlines = right_downlines+1
WHERE `user_id` = 'JJDJCR';
UPDATE `user_registration` SET total_downlines = total_downlines+1
WHERE `user_id` = 'QPUS94';
UPDATE `user_registration` SET right_downlines = right_downlines+1
WHERE `user_id` = 'QPUS94';
UPDATE `user_registration` SET total_downlines = total_downlines+1
WHERE `user_id` = 'UZPX9H';
UPDATE `user_registration` SET right_downlines = right_downlines+1
WHERE `user_id` = 'UZPX9H';
UPDATE `user_registration` SET total_downlines = total_downlines+1
WHERE `user_id` = 'QQCXJC';
UPDATE `user_registration` SET right_downlines = right_downlines+1
WHERE `user_id` = 'QQCXJC';
UPDATE `user_registration` SET total_downlines = total_downlines+1
WHERE `user_id` = 'OEG5GT';
UPDATE `user_registration` SET right_downlines = right_downlines+1
WHERE `user_id` = 'OEG5GT';
UPDATE `user_registration` SET total_downlines = total_downlines+1
WHERE `user_id` = 'C9EOE7';
UPDATE `user_registration` SET right_downlines = right_downlines+1
WHERE `user_id` = 'C9EOE7';
UPDATE `user_registration` SET total_downlines = total_downlines+1
WHERE `user_id` = 'SPT2BW';
UPDATE `user_registration` SET right_downlines = right_downlines+1
WHERE `user_id` = 'SPT2BW';
UPDATE `user_registration` SET total_downlines = total_downlines+1
WHERE `user_id` = 'YC8C3P';
UPDATE `user_registration` SET right_downlines = right_downlines+1
WHERE `user_id` = 'YC8C3P';
UPDATE `user_registration` SET total_downlines = total_downlines+1
WHERE `user_id` = 'XSYB8S';
UPDATE `user_registration` SET right_downlines = right_downlines+1
WHERE `user_id` = 'XSYB8S';
UPDATE `user_registration` SET total_downlines = total_downlines+1
WHERE `user_id` = 'JYNGFQ';
UPDATE `user_registration` SET right_downlines = right_downlines+1
WHERE `user_id` = 'JYNGFQ';
UPDATE `user_registration` SET total_downlines = total_downlines+1
WHERE `user_id` = 'WX3W7T';
UPDATE `user_registration` SET right_downlines = right_downlines+1
WHERE `user_id` = 'WX3W7T';
UPDATE `user_registration` SET total_downlines = total_downlines+1
WHERE `user_id` = '9YZXNJ';
UPDATE `user_registration` SET right_downlines = right_downlines+1
WHERE `user_id` = '9YZXNJ';
UPDATE `user_registration` SET total_downlines = total_downlines+1
WHERE `user_id` = '5H9TH3';
UPDATE `user_registration` SET right_downlines = right_downlines+1
WHERE `user_id` = '5H9TH3';
UPDATE `user_registration` SET right_ref_count = right_ref_count+1
WHERE `user_id` = '5H9TH3';
UPDATE `user_registration` SET active_right = active_right+1
WHERE `user_id` = '5H9TH3';
UPDATE `user_registration` SET total_downlines = total_downlines+1
WHERE `user_id` = 'MIT9KW';
UPDATE `user_registration` SET left_downlines = left_downlines+1
WHERE `user_id` = 'MIT9KW';
UPDATE `user_registration` SET total_downlines = total_downlines+1
WHERE `user_id` = 'IMUABZ';
UPDATE `user_registration` SET left_downlines = left_downlines+1
WHERE `user_id` = 'IMUABZ';
UPDATE `user_registration` SET total_downlines = total_downlines+1
WHERE `user_id` = 'G54QC4';
UPDATE `user_registration` SET left_downlines = left_downlines+1
WHERE `user_id` = 'G54QC4';
UPDATE `user_registration` SET total_downlines = total_downlines+1
WHERE `user_id` = '9JPZJL';
UPDATE `user_registration` SET left_downlines = left_downlines+1
WHERE `user_id` = '9JPZJL';
UPDATE `user_registration` SET total_downlines = total_downlines+1
WHERE `user_id` = 'E3PPZ3';
UPDATE `user_registration` SET left_downlines = left_downlines+1
WHERE `user_id` = 'E3PPZ3';
UPDATE `user_registration` SET total_downlines = total_downlines+1
WHERE `user_id` = '7RY1ZP';
UPDATE `user_registration` SET left_downlines = left_downlines+1
WHERE `user_id` = '7RY1ZP';
UPDATE `user_registration` SET total_downlines = total_downlines+1
WHERE `user_id` = 'ADZTOG';
UPDATE `user_registration` SET right_downlines = right_downlines+1
WHERE `user_id` = 'ADZTOG';
UPDATE `user_registration` SET total_downlines = total_downlines+1
WHERE `user_id` = 'A9858P';
UPDATE `user_registration` SET right_downlines = right_downlines+1
WHERE `user_id` = 'A9858P';
UPDATE `user_registration` SET total_downlines = total_downlines+1
WHERE `user_id` = 'admin';
UPDATE `user_registration` SET right_downlines = right_downlines+1
WHERE `user_id` = 'admin';
INSERT INTO `investment` (`invest_date`, `user_id`, `type`, `amount`, `package_id`) VALUES ('2024-10-01 20:59:07', '1T8VGH', 'register', '595', '2');
INSERT INTO `earnings` (`user_id`, `Purchaser_id`, `earning_type`, `package_id`, `amount`, `date`, `comments`, `invest_amount`, `comm_perc`, `level`, `rank_id`, `order_id`) VALUES ('5H9TH3', '1T8VGH', 'Direct Referral Bonus', '2', '100', '2024-10-01 20:59:07', 'Direct Referral Bonus', 0, 0, 1, '', 244);
UPDATE `user_registration` SET commission_balance = ROUND(commission_balance + 100,2)
WHERE `user_id` = '5H9TH3';
UPDATE `user_registration` SET referral_bonus = ROUND(referral_bonus + 100,2)
WHERE `user_id` = '5H9TH3';
INSERT INTO `earnings` (`user_id`, `Purchaser_id`, `earning_type`, `package_id`, `amount`, `date`, `comments`, `invest_amount`, `comm_perc`, `level`, `rank_id`, `order_id`) VALUES ('7RY1ZP', '1T8VGH', 'Expansion Bonus', '2', 100, '2024-10-01 20:59:07', 'Expansion Bonus', '100', 0, 1, '', 244);
UPDATE `user_registration` SET commission_balance = ROUND(commission_balance + 100,2)
WHERE `user_id` = '7RY1ZP';
UPDATE `user_registration` SET expansion_bonus = ROUND(expansion_bonus + 100,2)
WHERE `user_id` = '7RY1ZP';
INSERT INTO `earnings` (`user_id`, `Purchaser_id`, `earning_type`, `package_id`, `amount`, `date`, `comments`, `invest_amount`, `comm_perc`, `level`, `rank_id`, `order_id`) VALUES ('A9858P', '1T8VGH', 'Expansion Bonus', '2', 100, '2024-10-01 20:59:07', 'Expansion Bonus', 200, 0, 1, '', 244);
UPDATE `user_registration` SET commission_balance = ROUND(commission_balance + 100,2)
WHERE `user_id` = 'A9858P';
UPDATE `user_registration` SET expansion_bonus = ROUND(expansion_bonus + 100,2)
WHERE `user_id` = 'A9858P';
INSERT INTO `matrix_filling` (`placement_id`, `downline_id`, `level`, `matrix`) VALUES ('JJDJCR', '1T8VGH', 1, 1);
UPDATE `bv_updation` SET right_carry = right_carry+50, total_right = total_right+50
WHERE `user_id` = 'JJDJCR';
INSERT INTO `placement_bv_update_history` (`right_carry`, `date`, `from_id`, `user_id`) VALUES ('50', '2024-10-01 20:59:07', '1T8VGH', 'JJDJCR');
INSERT INTO `matrix_filling` (`placement_id`, `downline_id`, `level`, `matrix`) VALUES ('QPUS94', '1T8VGH', 2, 1);
UPDATE `bv_updation` SET right_carry = right_carry+50, total_right = total_right+50
WHERE `user_id` = 'QPUS94';
INSERT INTO `placement_bv_update_history` (`right_carry`, `date`, `from_id`, `user_id`) VALUES ('50', '2024-10-01 20:59:07', '1T8VGH', 'QPUS94');
INSERT INTO `matrix_filling` (`placement_id`, `downline_id`, `level`, `matrix`) VALUES ('UZPX9H', '1T8VGH', 3, 1);
UPDATE `bv_updation` SET right_carry = right_carry+50, total_right = total_right+50
WHERE `user_id` = 'UZPX9H';
INSERT INTO `placement_bv_update_history` (`right_carry`, `date`, `from_id`, `user_id`) VALUES ('50', '2024-10-01 20:59:07', '1T8VGH', 'UZPX9H');
INSERT INTO `matrix_filling` (`placement_id`, `downline_id`, `level`, `matrix`) VALUES ('QQCXJC', '1T8VGH', 4, 1);
UPDATE `bv_updation` SET right_carry = right_carry+50, total_right = total_right+50
WHERE `user_id` = 'QQCXJC';
INSERT INTO `placement_bv_update_history` (`right_carry`, `date`, `from_id`, `user_id`) VALUES ('50', '2024-10-01 20:59:07', '1T8VGH', 'QQCXJC');
INSERT INTO `matrix_filling` (`placement_id`, `downline_id`, `level`, `matrix`) VALUES ('OEG5GT', '1T8VGH', 5, 1);
UPDATE `bv_updation` SET right_carry = right_carry+50, total_right = total_right+50
WHERE `user_id` = 'OEG5GT';
INSERT INTO `placement_bv_update_history` (`right_carry`, `date`, `from_id`, `user_id`) VALUES ('50', '2024-10-01 20:59:07', '1T8VGH', 'OEG5GT');
INSERT INTO `matrix_filling` (`placement_id`, `downline_id`, `level`, `matrix`) VALUES ('C9EOE7', '1T8VGH', 6, 1);
UPDATE `bv_updation` SET right_carry = right_carry+50, total_right = total_right+50
WHERE `user_id` = 'C9EOE7';
INSERT INTO `placement_bv_update_history` (`right_carry`, `date`, `from_id`, `user_id`) VALUES ('50', '2024-10-01 20:59:07', '1T8VGH', 'C9EOE7');
INSERT INTO `matrix_filling` (`placement_id`, `downline_id`, `level`, `matrix`) VALUES ('SPT2BW', '1T8VGH', 7, 1);
UPDATE `bv_updation` SET right_carry = right_carry+50, total_right = total_right+50
WHERE `user_id` = 'SPT2BW';
INSERT INTO `placement_bv_update_history` (`right_carry`, `date`, `from_id`, `user_id`) VALUES ('50', '2024-10-01 20:59:07', '1T8VGH', 'SPT2BW');
INSERT INTO `matrix_filling` (`placement_id`, `downline_id`, `level`, `matrix`) VALUES ('YC8C3P', '1T8VGH', 8, 1);
UPDATE `bv_updation` SET right_carry = right_carry+50, total_right = total_right+50
WHERE `user_id` = 'YC8C3P';
INSERT INTO `placement_bv_update_history` (`right_carry`, `date`, `from_id`, `user_id`) VALUES ('50', '2024-10-01 20:59:07', '1T8VGH', 'YC8C3P');
INSERT INTO `matrix_filling` (`placement_id`, `downline_id`, `level`, `matrix`) VALUES ('XSYB8S', '1T8VGH', 9, 1);
UPDATE `bv_updation` SET right_carry = right_carry+50, total_right = total_right+50
WHERE `user_id` = 'XSYB8S';
INSERT INTO `placement_bv_update_history` (`right_carry`, `date`, `from_id`, `user_id`) VALUES ('50', '2024-10-01 20:59:07', '1T8VGH', 'XSYB8S');
INSERT INTO `matrix_filling` (`placement_id`, `downline_id`, `level`, `matrix`) VALUES ('JYNGFQ', '1T8VGH', 10, 1);
UPDATE `bv_updation` SET right_carry = right_carry+50, total_right = total_right+50
WHERE `user_id` = 'JYNGFQ';
INSERT INTO `placement_bv_update_history` (`right_carry`, `date`, `from_id`, `user_id`) VALUES ('50', '2024-10-01 20:59:07', '1T8VGH', 'JYNGFQ');
INSERT INTO `matrix_filling` (`placement_id`, `downline_id`, `level`, `matrix`) VALUES ('WX3W7T', '1T8VGH', 11, 1);
UPDATE `bv_updation` SET right_carry = right_carry+50, total_right = total_right+50
WHERE `user_id` = 'WX3W7T';
INSERT INTO `placement_bv_update_history` (`right_carry`, `date`, `from_id`, `user_id`) VALUES ('50', '2024-10-01 20:59:07', '1T8VGH', 'WX3W7T');
INSERT INTO `matrix_filling` (`placement_id`, `downline_id`, `level`, `matrix`) VALUES ('9YZXNJ', '1T8VGH', 12, 1);
UPDATE `bv_updation` SET right_carry = right_carry+50, total_right = total_right+50
WHERE `user_id` = '9YZXNJ';
INSERT INTO `placement_bv_update_history` (`right_carry`, `date`, `from_id`, `user_id`) VALUES ('50', '2024-10-01 20:59:07', '1T8VGH', '9YZXNJ');
INSERT INTO `matrix_filling` (`placement_id`, `downline_id`, `level`, `matrix`) VALUES ('5H9TH3', '1T8VGH', 13, 1);
UPDATE `bv_updation` SET right_carry = right_carry+50, total_right = total_right+50
WHERE `user_id` = '5H9TH3';
INSERT INTO `placement_bv_update_history` (`right_carry`, `date`, `from_id`, `user_id`) VALUES ('50', '2024-10-01 20:59:08', '1T8VGH', '5H9TH3');
UPDATE `bv_updation` SET sponsor_right_carry = sponsor_right_carry+50, sponsor_total_right = sponsor_total_right+50
WHERE `user_id` = '5H9TH3';
INSERT INTO `sponsor_bv_update_history` (`right_carry`, `date`, `user_id`) VALUES ('50', '2024-10-01 20:59:08', '5H9TH3');
INSERT INTO `matrix_filling` (`placement_id`, `downline_id`, `level`, `matrix`) VALUES ('MIT9KW', '1T8VGH', 14, 1);
UPDATE `bv_updation` SET left_carry = left_carry+50, total_left = total_left+50
WHERE `user_id` = 'MIT9KW';
INSERT INTO `placement_bv_update_history` (`left_carry`, `date`, `from_id`, `user_id`) VALUES ('50', '2024-10-01 20:59:08', '1T8VGH', 'MIT9KW');
INSERT INTO `matrix_filling` (`placement_id`, `downline_id`, `level`, `matrix`) VALUES ('IMUABZ', '1T8VGH', 15, 1);
UPDATE `bv_updation` SET left_carry = left_carry+50, total_left = total_left+50
WHERE `user_id` = 'IMUABZ';
INSERT INTO `placement_bv_update_history` (`left_carry`, `date`, `from_id`, `user_id`) VALUES ('50', '2024-10-01 20:59:08', '1T8VGH', 'IMUABZ');
INSERT INTO `matrix_filling` (`placement_id`, `downline_id`, `level`, `matrix`) VALUES ('G54QC4', '1T8VGH', 16, 1);
UPDATE `bv_updation` SET left_carry = left_carry+50, total_left = total_left+50
WHERE `user_id` = 'G54QC4';
INSERT INTO `placement_bv_update_history` (`left_carry`, `date`, `from_id`, `user_id`) VALUES ('50', '2024-10-01 20:59:08', '1T8VGH', 'G54QC4');
INSERT INTO `matrix_filling` (`placement_id`, `downline_id`, `level`, `matrix`) VALUES ('9JPZJL', '1T8VGH', 17, 1);
UPDATE `bv_updation` SET left_carry = left_carry+50, total_left = total_left+50
WHERE `user_id` = '9JPZJL';
INSERT INTO `placement_bv_update_history` (`left_carry`, `date`, `from_id`, `user_id`) VALUES ('50', '2024-10-01 20:59:08', '1T8VGH', '9JPZJL');
INSERT INTO `matrix_filling` (`placement_id`, `downline_id`, `level`, `matrix`) VALUES ('E3PPZ3', '1T8VGH', 18, 1);
UPDATE `bv_updation` SET left_carry = left_carry+50, total_left = total_left+50
WHERE `user_id` = 'E3PPZ3';
INSERT INTO `placement_bv_update_history` (`left_carry`, `date`, `from_id`, `user_id`) VALUES ('50', '2024-10-01 20:59:08', '1T8VGH', 'E3PPZ3');
INSERT INTO `matrix_filling` (`placement_id`, `downline_id`, `level`, `matrix`) VALUES ('7RY1ZP', '1T8VGH', 19, 1);
UPDATE `bv_updation` SET left_carry = left_carry+50, total_left = total_left+50
WHERE `user_id` = '7RY1ZP';
INSERT INTO `placement_bv_update_history` (`left_carry`, `date`, `from_id`, `user_id`) VALUES ('50', '2024-10-01 20:59:08', '1T8VGH', '7RY1ZP');
INSERT INTO `matrix_filling` (`placement_id`, `downline_id`, `level`, `matrix`) VALUES ('ADZTOG', '1T8VGH', 20, 1);
UPDATE `bv_updation` SET right_carry = right_carry+50, total_right = total_right+50
WHERE `user_id` = 'ADZTOG';
INSERT INTO `placement_bv_update_history` (`right_carry`, `date`, `from_id`, `user_id`) VALUES ('50', '2024-10-01 20:59:08', '1T8VGH', 'ADZTOG');
INSERT INTO `matrix_filling` (`placement_id`, `downline_id`, `level`, `matrix`) VALUES ('A9858P', '1T8VGH', 21, 1);
UPDATE `bv_updation` SET right_carry = right_carry+50, total_right = total_right+50
WHERE `user_id` = 'A9858P';
INSERT INTO `placement_bv_update_history` (`right_carry`, `date`, `from_id`, `user_id`) VALUES ('50', '2024-10-01 20:59:08', '1T8VGH', 'A9858P');
INSERT INTO `matrix_filling` (`placement_id`, `downline_id`, `level`, `matrix`) VALUES ('admin', '1T8VGH', 22, 1);
UPDATE `bv_updation` SET right_carry = right_carry+50, total_right = total_right+50
WHERE `user_id` = 'admin';
INSERT INTO `placement_bv_update_history` (`right_carry`, `date`, `from_id`, `user_id`) VALUES ('50', '2024-10-01 20:59:08', '1T8VGH', 'admin');
INSERT INTO `package_purchase_history` (`user_id`, `package_id`, `reg_fee`, `package_name`, `monthly_fee`, `type`, `date`, `payment_option`) VALUES ('1T8VGH', '2', '595', 'Traveler Pro', '150', 'sign_up', '2024-10-01 20:59:08', 'free');
UPDATE `user_registration` SET `uid` = '2495', `user_id` = 'XML8ZB', `username` = 'celestinito1', `sponsor_id` = '5H9TH3', `vacant` = 'no', `f_name` = 'Celestino', `l_name` = 'Fonseca', `address` = '6520 Kendale Lakes Dr', `position` = 'right', `email` = 'celestinito1@gmail.com', `password` = '5687f276fcf111bcbda56fdb15ce2ad5', `phone` = '3057610606', `country` = 'United States', `state` = 'Florida', `city` = 'Miami', `street` = '6520 Kendale Lakes Dr', `zip_code` = '33183', `reg_ip` = '172.70.254.94', `status` = 1, `package_id` = '2', `rank_id` = 1, `highest_rank` = 1, `cycle_rank_id` = 1, `created` = '2024-10-01 20:59:46', `subscription_date` = '2024-10-31', `google_secret` = 'PR5FI3EJEZ2Q4DHG'
WHERE `uid` = '2495';
INSERT INTO `user_registration` (`uid`, `user_id`, `username`, `sponsor_id`, `placement_id`, `vacant`, `f_name`, `l_name`, `address`, `position`, `email`, `password`, `phone`, `reg_ip`, `status`, `created`) VALUES (NULL, 'AADTNE', 'cLQPKYRC', 'XML8ZB', 'XML8ZB', 'yes', '', '', '', 'left', '@mail.com', '', '', '', 0, '2024-10-01 20:59:46');
INSERT INTO `user_registration` (`uid`, `user_id`, `username`, `sponsor_id`, `placement_id`, `vacant`, `f_name`, `l_name`, `address`, `position`, `email`, `password`, `phone`, `reg_ip`, `status`, `created`) VALUES (NULL, 'BVWLZK', 'pvbBzwOr', 'XML8ZB', 'XML8ZB', 'yes', '', '', '', 'right', '@mail.com', '', '', '', 0, '2024-10-01 20:59:46');
INSERT INTO `bv_updation` (`user_id`) VALUES ('XML8ZB');
UPDATE `user_registration` SET total_ref_count = total_ref_count+1
WHERE `user_id` = '5H9TH3';
UPDATE `user_registration` SET total_downlines = total_downlines+1
WHERE `user_id` = '1T8VGH';
UPDATE `user_registration` SET right_downlines = right_downlines+1
WHERE `user_id` = '1T8VGH';
UPDATE `user_registration` SET total_downlines = total_downlines+1
WHERE `user_id` = 'JJDJCR';
UPDATE `user_registration` SET right_downlines = right_downlines+1
WHERE `user_id` = 'JJDJCR';
UPDATE `user_registration` SET total_downlines = total_downlines+1
WHERE `user_id` = 'QPUS94';
UPDATE `user_registration` SET right_downlines = right_downlines+1
WHERE `user_id` = 'QPUS94';
UPDATE `user_registration` SET total_downlines = total_downlines+1
WHERE `user_id` = 'UZPX9H';
UPDATE `user_registration` SET right_downlines = right_downlines+1
WHERE `user_id` = 'UZPX9H';
UPDATE `user_registration` SET total_downlines = total_downlines+1
WHERE `user_id` = 'QQCXJC';
UPDATE `user_registration` SET right_downlines = right_downlines+1
WHERE `user_id` = 'QQCXJC';
UPDATE `user_registration` SET total_downlines = total_downlines+1
WHERE `user_id` = 'OEG5GT';
UPDATE `user_registration` SET right_downlines = right_downlines+1
WHERE `user_id` = 'OEG5GT';
UPDATE `user_registration` SET total_downlines = total_downlines+1
WHERE `user_id` = 'C9EOE7';
UPDATE `user_registration` SET right_downlines = right_downlines+1
WHERE `user_id` = 'C9EOE7';
UPDATE `user_registration` SET total_downlines = total_downlines+1
WHERE `user_id` = 'SPT2BW';
UPDATE `user_registration` SET right_downlines = right_downlines+1
WHERE `user_id` = 'SPT2BW';
UPDATE `user_registration` SET total_downlines = total_downlines+1
WHERE `user_id` = 'YC8C3P';
UPDATE `user_registration` SET right_downlines = right_downlines+1
WHERE `user_id` = 'YC8C3P';
UPDATE `user_registration` SET total_downlines = total_downlines+1
WHERE `user_id` = 'XSYB8S';
UPDATE `user_registration` SET right_downlines = right_downlines+1
WHERE `user_id` = 'XSYB8S';
UPDATE `user_registration` SET total_downlines = total_downlines+1
WHERE `user_id` = 'JYNGFQ';
UPDATE `user_registration` SET right_downlines = right_downlines+1
WHERE `user_id` = 'JYNGFQ';
UPDATE `user_registration` SET total_downlines = total_downlines+1
WHERE `user_id` = 'WX3W7T';
UPDATE `user_registration` SET right_downlines = right_downlines+1
WHERE `user_id` = 'WX3W7T';
UPDATE `user_registration` SET total_downlines = total_downlines+1
WHERE `user_id` = '9YZXNJ';
UPDATE `user_registration` SET right_downlines = right_downlines+1
WHERE `user_id` = '9YZXNJ';
UPDATE `user_registration` SET total_downlines = total_downlines+1
WHERE `user_id` = '5H9TH3';
UPDATE `user_registration` SET right_downlines = right_downlines+1
WHERE `user_id` = '5H9TH3';
UPDATE `user_registration` SET right_ref_count = right_ref_count+1
WHERE `user_id` = '5H9TH3';
UPDATE `user_registration` SET active_right = active_right+1
WHERE `user_id` = '5H9TH3';
UPDATE `user_registration` SET total_downlines = total_downlines+1
WHERE `user_id` = 'MIT9KW';
UPDATE `user_registration` SET left_downlines = left_downlines+1
WHERE `user_id` = 'MIT9KW';
UPDATE `user_registration` SET total_downlines = total_downlines+1
WHERE `user_id` = 'IMUABZ';
UPDATE `user_registration` SET left_downlines = left_downlines+1
WHERE `user_id` = 'IMUABZ';
UPDATE `user_registration` SET total_downlines = total_downlines+1
WHERE `user_id` = 'G54QC4';
UPDATE `user_registration` SET left_downlines = left_downlines+1
WHERE `user_id` = 'G54QC4';
UPDATE `user_registration` SET total_downlines = total_downlines+1
WHERE `user_id` = '9JPZJL';
UPDATE `user_registration` SET left_downlines = left_downlines+1
WHERE `user_id` = '9JPZJL';
UPDATE `user_registration` SET total_downlines = total_downlines+1
WHERE `user_id` = 'E3PPZ3';
UPDATE `user_registration` SET left_downlines = left_downlines+1
WHERE `user_id` = 'E3PPZ3';
UPDATE `user_registration` SET total_downlines = total_downlines+1
WHERE `user_id` = '7RY1ZP';
UPDATE `user_registration` SET left_downlines = left_downlines+1
WHERE `user_id` = '7RY1ZP';
UPDATE `user_registration` SET total_downlines = total_downlines+1
WHERE `user_id` = 'ADZTOG';
UPDATE `user_registration` SET right_downlines = right_downlines+1
WHERE `user_id` = 'ADZTOG';
UPDATE `user_registration` SET total_downlines = total_downlines+1
WHERE `user_id` = 'A9858P';
UPDATE `user_registration` SET right_downlines = right_downlines+1
WHERE `user_id` = 'A9858P';
UPDATE `user_registration` SET total_downlines = total_downlines+1
WHERE `user_id` = 'admin';
UPDATE `user_registration` SET right_downlines = right_downlines+1
WHERE `user_id` = 'admin';
INSERT INTO `investment` (`invest_date`, `user_id`, `type`, `amount`, `package_id`) VALUES ('2024-10-01 20:59:47', 'XML8ZB', 'register', '595', '2');
INSERT INTO `earnings` (`user_id`, `Purchaser_id`, `earning_type`, `package_id`, `amount`, `date`, `comments`, `invest_amount`, `comm_perc`, `level`, `rank_id`, `order_id`) VALUES ('5H9TH3', 'XML8ZB', 'Direct Referral Bonus', '2', '100', '2024-10-01 20:59:47', 'Direct Referral Bonus', 0, 0, 1, '', 245);
UPDATE `user_registration` SET commission_balance = ROUND(commission_balance + 100,2)
WHERE `user_id` = '5H9TH3';
UPDATE `user_registration` SET referral_bonus = ROUND(referral_bonus + 100,2)
WHERE `user_id` = '5H9TH3';
INSERT INTO `earnings` (`user_id`, `Purchaser_id`, `earning_type`, `package_id`, `amount`, `date`, `comments`, `invest_amount`, `comm_perc`, `level`, `rank_id`, `order_id`) VALUES ('7RY1ZP', 'XML8ZB', 'Expansion Bonus', '2', 100, '2024-10-01 20:59:47', 'Expansion Bonus', '100', 0, 1, '', 245);
UPDATE `user_registration` SET commission_balance = ROUND(commission_balance + 100,2)
WHERE `user_id` = '7RY1ZP';
UPDATE `user_registration` SET expansion_bonus = ROUND(expansion_bonus + 100,2)
WHERE `user_id` = '7RY1ZP';
INSERT INTO `earnings` (`user_id`, `Purchaser_id`, `earning_type`, `package_id`, `amount`, `date`, `comments`, `invest_amount`, `comm_perc`, `level`, `rank_id`, `order_id`) VALUES ('A9858P', 'XML8ZB', 'Expansion Bonus', '2', 100, '2024-10-01 20:59:47', 'Expansion Bonus', 200, 0, 1, '', 245);
UPDATE `user_registration` SET commission_balance = ROUND(commission_balance + 100,2)
WHERE `user_id` = 'A9858P';
UPDATE `user_registration` SET expansion_bonus = ROUND(expansion_bonus + 100,2)
WHERE `user_id` = 'A9858P';
INSERT INTO `matrix_filling` (`placement_id`, `downline_id`, `level`, `matrix`) VALUES ('1T8VGH', 'XML8ZB', 1, 1);
UPDATE `bv_updation` SET right_carry = right_carry+50, total_right = total_right+50
WHERE `user_id` = '1T8VGH';
INSERT INTO `placement_bv_update_history` (`right_carry`, `date`, `from_id`, `user_id`) VALUES ('50', '2024-10-01 20:59:47', 'XML8ZB', '1T8VGH');
INSERT INTO `matrix_filling` (`placement_id`, `downline_id`, `level`, `matrix`) VALUES ('JJDJCR', 'XML8ZB', 2, 1);
UPDATE `bv_updation` SET right_carry = right_carry+50, total_right = total_right+50
WHERE `user_id` = 'JJDJCR';
INSERT INTO `placement_bv_update_history` (`right_carry`, `date`, `from_id`, `user_id`) VALUES ('50', '2024-10-01 20:59:47', 'XML8ZB', 'JJDJCR');
INSERT INTO `matrix_filling` (`placement_id`, `downline_id`, `level`, `matrix`) VALUES ('QPUS94', 'XML8ZB', 3, 1);
UPDATE `bv_updation` SET right_carry = right_carry+50, total_right = total_right+50
WHERE `user_id` = 'QPUS94';
INSERT INTO `placement_bv_update_history` (`right_carry`, `date`, `from_id`, `user_id`) VALUES ('50', '2024-10-01 20:59:47', 'XML8ZB', 'QPUS94');
INSERT INTO `matrix_filling` (`placement_id`, `downline_id`, `level`, `matrix`) VALUES ('UZPX9H', 'XML8ZB', 4, 1);
UPDATE `bv_updation` SET right_carry = right_carry+50, total_right = total_right+50
WHERE `user_id` = 'UZPX9H';
INSERT INTO `placement_bv_update_history` (`right_carry`, `date`, `from_id`, `user_id`) VALUES ('50', '2024-10-01 20:59:47', 'XML8ZB', 'UZPX9H');
INSERT INTO `matrix_filling` (`placement_id`, `downline_id`, `level`, `matrix`) VALUES ('QQCXJC', 'XML8ZB', 5, 1);
UPDATE `bv_updation` SET right_carry = right_carry+50, total_right = total_right+50
WHERE `user_id` = 'QQCXJC';
INSERT INTO `placement_bv_update_history` (`right_carry`, `date`, `from_id`, `user_id`) VALUES ('50', '2024-10-01 20:59:47', 'XML8ZB', 'QQCXJC');
INSERT INTO `matrix_filling` (`placement_id`, `downline_id`, `level`, `matrix`) VALUES ('OEG5GT', 'XML8ZB', 6, 1);
UPDATE `bv_updation` SET right_carry = right_carry+50, total_right = total_right+50
WHERE `user_id` = 'OEG5GT';
INSERT INTO `placement_bv_update_history` (`right_carry`, `date`, `from_id`, `user_id`) VALUES ('50', '2024-10-01 20:59:47', 'XML8ZB', 'OEG5GT');
INSERT INTO `matrix_filling` (`placement_id`, `downline_id`, `level`, `matrix`) VALUES ('C9EOE7', 'XML8ZB', 7, 1);
UPDATE `bv_updation` SET right_carry = right_carry+50, total_right = total_right+50
WHERE `user_id` = 'C9EOE7';
INSERT INTO `placement_bv_update_history` (`right_carry`, `date`, `from_id`, `user_id`) VALUES ('50', '2024-10-01 20:59:47', 'XML8ZB', 'C9EOE7');
INSERT INTO `matrix_filling` (`placement_id`, `downline_id`, `level`, `matrix`) VALUES ('SPT2BW', 'XML8ZB', 8, 1);
UPDATE `bv_updation` SET right_carry = right_carry+50, total_right = total_right+50
WHERE `user_id` = 'SPT2BW';
INSERT INTO `placement_bv_update_history` (`right_carry`, `date`, `from_id`, `user_id`) VALUES ('50', '2024-10-01 20:59:47', 'XML8ZB', 'SPT2BW');
INSERT INTO `matrix_filling` (`placement_id`, `downline_id`, `level`, `matrix`) VALUES ('YC8C3P', 'XML8ZB', 9, 1);
UPDATE `bv_updation` SET right_carry = right_carry+50, total_right = total_right+50
WHERE `user_id` = 'YC8C3P';
INSERT INTO `placement_bv_update_history` (`right_carry`, `date`, `from_id`, `user_id`) VALUES ('50', '2024-10-01 20:59:47', 'XML8ZB', 'YC8C3P');
INSERT INTO `matrix_filling` (`placement_id`, `downline_id`, `level`, `matrix`) VALUES ('XSYB8S', 'XML8ZB', 10, 1);
UPDATE `bv_updation` SET right_carry = right_carry+50, total_right = total_right+50
WHERE `user_id` = 'XSYB8S';
INSERT INTO `placement_bv_update_history` (`right_carry`, `date`, `from_id`, `user_id`) VALUES ('50', '2024-10-01 20:59:47', 'XML8ZB', 'XSYB8S');
INSERT INTO `matrix_filling` (`placement_id`, `downline_id`, `level`, `matrix`) VALUES ('JYNGFQ', 'XML8ZB', 11, 1);
UPDATE `bv_updation` SET right_carry = right_carry+50, total_right = total_right+50
WHERE `user_id` = 'JYNGFQ';
INSERT INTO `placement_bv_update_history` (`right_carry`, `date`, `from_id`, `user_id`) VALUES ('50', '2024-10-01 20:59:47', 'XML8ZB', 'JYNGFQ');
INSERT INTO `matrix_filling` (`placement_id`, `downline_id`, `level`, `matrix`) VALUES ('WX3W7T', 'XML8ZB', 12, 1);
UPDATE `bv_updation` SET right_carry = right_carry+50, total_right = total_right+50
WHERE `user_id` = 'WX3W7T';
INSERT INTO `placement_bv_update_history` (`right_carry`, `date`, `from_id`, `user_id`) VALUES ('50', '2024-10-01 20:59:47', 'XML8ZB', 'WX3W7T');
INSERT INTO `matrix_filling` (`placement_id`, `downline_id`, `level`, `matrix`) VALUES ('9YZXNJ', 'XML8ZB', 13, 1);
UPDATE `bv_updation` SET right_carry = right_carry+50, total_right = total_right+50
WHERE `user_id` = '9YZXNJ';
INSERT INTO `placement_bv_update_history` (`right_carry`, `date`, `from_id`, `user_id`) VALUES ('50', '2024-10-01 20:59:47', 'XML8ZB', '9YZXNJ');
INSERT INTO `matrix_filling` (`placement_id`, `downline_id`, `level`, `matrix`) VALUES ('5H9TH3', 'XML8ZB', 14, 1);
UPDATE `bv_updation` SET right_carry = right_carry+50, total_right = total_right+50
WHERE `user_id` = '5H9TH3';
INSERT INTO `placement_bv_update_history` (`right_carry`, `date`, `from_id`, `user_id`) VALUES ('50', '2024-10-01 20:59:47', 'XML8ZB', '5H9TH3');
UPDATE `bv_updation` SET sponsor_right_carry = sponsor_right_carry+50, sponsor_total_right = sponsor_total_right+50
WHERE `user_id` = '5H9TH3';
INSERT INTO `sponsor_bv_update_history` (`right_carry`, `date`, `user_id`) VALUES ('50', '2024-10-01 20:59:47', '5H9TH3');
INSERT INTO `matrix_filling` (`placement_id`, `downline_id`, `level`, `matrix`) VALUES ('MIT9KW', 'XML8ZB', 15, 1);
UPDATE `bv_updation` SET left_carry = left_carry+50, total_left = total_left+50
WHERE `user_id` = 'MIT9KW';
INSERT INTO `placement_bv_update_history` (`left_carry`, `date`, `from_id`, `user_id`) VALUES ('50', '2024-10-01 20:59:47', 'XML8ZB', 'MIT9KW');
INSERT INTO `matrix_filling` (`placement_id`, `downline_id`, `level`, `matrix`) VALUES ('IMUABZ', 'XML8ZB', 16, 1);
UPDATE `bv_updation` SET left_carry = left_carry+50, total_left = total_left+50
WHERE `user_id` = 'IMUABZ';
INSERT INTO `placement_bv_update_history` (`left_carry`, `date`, `from_id`, `user_id`) VALUES ('50', '2024-10-01 20:59:47', 'XML8ZB', 'IMUABZ');
INSERT INTO `matrix_filling` (`placement_id`, `downline_id`, `level`, `matrix`) VALUES ('G54QC4', 'XML8ZB', 17, 1);
UPDATE `bv_updation` SET left_carry = left_carry+50, total_left = total_left+50
WHERE `user_id` = 'G54QC4';
INSERT INTO `placement_bv_update_history` (`left_carry`, `date`, `from_id`, `user_id`) VALUES ('50', '2024-10-01 20:59:47', 'XML8ZB', 'G54QC4');
INSERT INTO `matrix_filling` (`placement_id`, `downline_id`, `level`, `matrix`) VALUES ('9JPZJL', 'XML8ZB', 18, 1);
UPDATE `bv_updation` SET left_carry = left_carry+50, total_left = total_left+50
WHERE `user_id` = '9JPZJL';
INSERT INTO `placement_bv_update_history` (`left_carry`, `date`, `from_id`, `user_id`) VALUES ('50', '2024-10-01 20:59:47', 'XML8ZB', '9JPZJL');
INSERT INTO `matrix_filling` (`placement_id`, `downline_id`, `level`, `matrix`) VALUES ('E3PPZ3', 'XML8ZB', 19, 1);
UPDATE `bv_updation` SET left_carry = left_carry+50, total_left = total_left+50
WHERE `user_id` = 'E3PPZ3';
INSERT INTO `placement_bv_update_history` (`left_carry`, `date`, `from_id`, `user_id`) VALUES ('50', '2024-10-01 20:59:47', 'XML8ZB', 'E3PPZ3');
INSERT INTO `matrix_filling` (`placement_id`, `downline_id`, `level`, `matrix`) VALUES ('7RY1ZP', 'XML8ZB', 20, 1);
UPDATE `bv_updation` SET left_carry = left_carry+50, total_left = total_left+50
WHERE `user_id` = '7RY1ZP';
INSERT INTO `placement_bv_update_history` (`left_carry`, `date`, `from_id`, `user_id`) VALUES ('50', '2024-10-01 20:59:47', 'XML8ZB', '7RY1ZP');
INSERT INTO `matrix_filling` (`placement_id`, `downline_id`, `level`, `matrix`) VALUES ('ADZTOG', 'XML8ZB', 21, 1);
UPDATE `bv_updation` SET right_carry = right_carry+50, total_right = total_right+50
WHERE `user_id` = 'ADZTOG';
INSERT INTO `placement_bv_update_history` (`right_carry`, `date`, `from_id`, `user_id`) VALUES ('50', '2024-10-01 20:59:47', 'XML8ZB', 'ADZTOG');
INSERT INTO `matrix_filling` (`placement_id`, `downline_id`, `level`, `matrix`) VALUES ('A9858P', 'XML8ZB', 22, 1);
UPDATE `bv_updation` SET right_carry = right_carry+50, total_right = total_right+50
WHERE `user_id` = 'A9858P';
INSERT INTO `placement_bv_update_history` (`right_carry`, `date`, `from_id`, `user_id`) VALUES ('50', '2024-10-01 20:59:47', 'XML8ZB', 'A9858P');
INSERT INTO `matrix_filling` (`placement_id`, `downline_id`, `level`, `matrix`) VALUES ('admin', 'XML8ZB', 23, 1);
UPDATE `bv_updation` SET right_carry = right_carry+50, total_right = total_right+50
WHERE `user_id` = 'admin';
INSERT INTO `placement_bv_update_history` (`right_carry`, `date`, `from_id`, `user_id`) VALUES ('50', '2024-10-01 20:59:47', 'XML8ZB', 'admin');
INSERT INTO `package_purchase_history` (`user_id`, `package_id`, `reg_fee`, `package_name`, `monthly_fee`, `type`, `date`, `payment_option`) VALUES ('XML8ZB', '2', '595', 'Traveler Pro', '150', 'sign_up', '2024-10-01 20:59:47', 'free');
UPDATE `user_registration` SET `popup_seen` = 'yes'
WHERE `user_id` = '5H9TH3';
UPDATE `user_registration` SET `uid` = '2489', `user_id` = '2K9C1S', `username` = 'amy1', `sponsor_id` = 'LUAGN1', `vacant` = 'no', `f_name` = 'Amy', `l_name` = 'Castro', `address` = '8100 SW 14 Terr', `position` = 'right', `email` = 'amy1@gmail.com', `password` = '5ec0b6355d9a5fdb2996c5b9950cc1c6', `phone` = '7862876762', `country` = 'United States', `state` = 'Florida', `city` = 'Miami', `street` = '8100 SW 14 Terr', `zip_code` = '33144', `reg_ip` = '172.70.254.30', `status` = 1, `package_id` = '2', `rank_id` = 1, `highest_rank` = 1, `cycle_rank_id` = 1, `created` = '2024-10-01 21:00:01', `subscription_date` = '2024-10-31', `google_secret` = 'FYAF7JDVQ4CS6CR4'
WHERE `uid` = '2489';
INSERT INTO `user_registration` (`uid`, `user_id`, `username`, `sponsor_id`, `placement_id`, `vacant`, `f_name`, `l_name`, `address`, `position`, `email`, `password`, `phone`, `reg_ip`, `status`, `created`) VALUES (NULL, 'YBQGNP', 'iFBdcFXn', '2K9C1S', '2K9C1S', 'yes', '', '', '', 'left', '@mail.com', '', '', '', 0, '2024-10-01 21:00:01');
INSERT INTO `user_registration` (`uid`, `user_id`, `username`, `sponsor_id`, `placement_id`, `vacant`, `f_name`, `l_name`, `address`, `position`, `email`, `password`, `phone`, `reg_ip`, `status`, `created`) VALUES (NULL, 'RHTZXB', 'AgqWzmeT', '2K9C1S', '2K9C1S', 'yes', '', '', '', 'right', '@mail.com', '', '', '', 0, '2024-10-01 21:00:01');
INSERT INTO `bv_updation` (`user_id`) VALUES ('2K9C1S');
UPDATE `user_registration` SET total_ref_count = total_ref_count+1
WHERE `user_id` = 'LUAGN1';
UPDATE `user_registration` SET total_downlines = total_downlines+1
WHERE `user_id` = 'IPUSFA';
UPDATE `user_registration` SET right_downlines = right_downlines+1
WHERE `user_id` = 'IPUSFA';
UPDATE `user_registration` SET total_downlines = total_downlines+1
WHERE `user_id` = 'JSMVWA';
UPDATE `user_registration` SET right_downlines = right_downlines+1
WHERE `user_id` = 'JSMVWA';
UPDATE `user_registration` SET total_downlines = total_downlines+1
WHERE `user_id` = 'Y741WF';
UPDATE `user_registration` SET right_downlines = right_downlines+1
WHERE `user_id` = 'Y741WF';
UPDATE `user_registration` SET total_downlines = total_downlines+1
WHERE `user_id` = 'JLTMOH';
UPDATE `user_registration` SET right_downlines = right_downlines+1
WHERE `user_id` = 'JLTMOH';
UPDATE `user_registration` SET total_downlines = total_downlines+1
WHERE `user_id` = 'NS15G5';
UPDATE `user_registration` SET right_downlines = right_downlines+1
WHERE `user_id` = 'NS15G5';
UPDATE `user_registration` SET total_downlines = total_downlines+1
WHERE `user_id` = 'YU8PLO';
UPDATE `user_registration` SET right_downlines = right_downlines+1
WHERE `user_id` = 'YU8PLO';
UPDATE `user_registration` SET total_downlines = total_downlines+1
WHERE `user_id` = 'LUAGN1';
UPDATE `user_registration` SET right_downlines = right_downlines+1
WHERE `user_id` = 'LUAGN1';
UPDATE `user_registration` SET right_ref_count = right_ref_count+1
WHERE `user_id` = 'LUAGN1';
UPDATE `user_registration` SET active_right = active_right+1
WHERE `user_id` = 'LUAGN1';
UPDATE `user_registration` SET total_downlines = total_downlines+1
WHERE `user_id` = '6DEXJW';
UPDATE `user_registration` SET left_downlines = left_downlines+1
WHERE `user_id` = '6DEXJW';
UPDATE `user_registration` SET total_downlines = total_downlines+1
WHERE `user_id` = 'DM1Y9N';
UPDATE `user_registration` SET right_downlines = right_downlines+1
WHERE `user_id` = 'DM1Y9N';
UPDATE `user_registration` SET total_downlines = total_downlines+1
WHERE `user_id` = 'A9858P';
UPDATE `user_registration` SET left_downlines = left_downlines+1
WHERE `user_id` = 'A9858P';
UPDATE `user_registration` SET total_downlines = total_downlines+1
WHERE `user_id` = 'admin';
UPDATE `user_registration` SET right_downlines = right_downlines+1
WHERE `user_id` = 'admin';
INSERT INTO `investment` (`invest_date`, `user_id`, `type`, `amount`, `package_id`) VALUES ('2024-10-01 21:00:01', '2K9C1S', 'register', '595', '2');
INSERT INTO `earnings` (`user_id`, `Purchaser_id`, `earning_type`, `package_id`, `amount`, `date`, `comments`, `invest_amount`, `comm_perc`, `level`, `rank_id`, `order_id`) VALUES ('LUAGN1', '2K9C1S', 'Direct Referral Bonus', '2', '100', '2024-10-01 21:00:01', 'Direct Referral Bonus', 0, 0, 1, '', 246);
UPDATE `user_registration` SET commission_balance = ROUND(commission_balance + 100,2)
WHERE `user_id` = 'LUAGN1';
UPDATE `user_registration` SET referral_bonus = ROUND(referral_bonus + 100,2)
WHERE `user_id` = 'LUAGN1';
INSERT INTO `earnings` (`user_id`, `Purchaser_id`, `earning_type`, `package_id`, `amount`, `date`, `comments`, `invest_amount`, `comm_perc`, `level`, `rank_id`, `order_id`) VALUES ('DM1Y9N', '2K9C1S', 'Expansion Bonus', '2', 100, '2024-10-01 21:00:01', 'Expansion Bonus', '100', 0, 1, '', 246);
UPDATE `user_registration` SET commission_balance = ROUND(commission_balance + 100,2)
WHERE `user_id` = 'DM1Y9N';
UPDATE `user_registration` SET expansion_bonus = ROUND(expansion_bonus + 100,2)
WHERE `user_id` = 'DM1Y9N';
INSERT INTO `earnings` (`user_id`, `Purchaser_id`, `earning_type`, `package_id`, `amount`, `date`, `comments`, `invest_amount`, `comm_perc`, `level`, `rank_id`, `order_id`) VALUES ('A9858P', '2K9C1S', 'Expansion Bonus', '2', 100, '2024-10-01 21:00:01', 'Expansion Bonus', 200, 0, 1, '', 246);
UPDATE `user_registration` SET commission_balance = ROUND(commission_balance + 100,2)
WHERE `user_id` = 'A9858P';
UPDATE `user_registration` SET expansion_bonus = ROUND(expansion_bonus + 100,2)
WHERE `user_id` = 'A9858P';
INSERT INTO `matrix_filling` (`placement_id`, `downline_id`, `level`, `matrix`) VALUES ('IPUSFA', '2K9C1S', 1, 1);
UPDATE `bv_updation` SET right_carry = right_carry+50, total_right = total_right+50
WHERE `user_id` = 'IPUSFA';
INSERT INTO `placement_bv_update_history` (`right_carry`, `date`, `from_id`, `user_id`) VALUES ('50', '2024-10-01 21:00:01', '2K9C1S', 'IPUSFA');
INSERT INTO `matrix_filling` (`placement_id`, `downline_id`, `level`, `matrix`) VALUES ('JSMVWA', '2K9C1S', 2, 1);
UPDATE `bv_updation` SET right_carry = right_carry+50, total_right = total_right+50
WHERE `user_id` = 'JSMVWA';
INSERT INTO `placement_bv_update_history` (`right_carry`, `date`, `from_id`, `user_id`) VALUES ('50', '2024-10-01 21:00:01', '2K9C1S', 'JSMVWA');
INSERT INTO `matrix_filling` (`placement_id`, `downline_id`, `level`, `matrix`) VALUES ('Y741WF', '2K9C1S', 3, 1);
UPDATE `bv_updation` SET right_carry = right_carry+50, total_right = total_right+50
WHERE `user_id` = 'Y741WF';
INSERT INTO `placement_bv_update_history` (`right_carry`, `date`, `from_id`, `user_id`) VALUES ('50', '2024-10-01 21:00:01', '2K9C1S', 'Y741WF');
INSERT INTO `matrix_filling` (`placement_id`, `downline_id`, `level`, `matrix`) VALUES ('JLTMOH', '2K9C1S', 4, 1);
UPDATE `bv_updation` SET right_carry = right_carry+50, total_right = total_right+50
WHERE `user_id` = 'JLTMOH';
INSERT INTO `placement_bv_update_history` (`right_carry`, `date`, `from_id`, `user_id`) VALUES ('50', '2024-10-01 21:00:01', '2K9C1S', 'JLTMOH');
INSERT INTO `matrix_filling` (`placement_id`, `downline_id`, `level`, `matrix`) VALUES ('NS15G5', '2K9C1S', 5, 1);
UPDATE `bv_updation` SET right_carry = right_carry+50, total_right = total_right+50
WHERE `user_id` = 'NS15G5';
INSERT INTO `placement_bv_update_history` (`right_carry`, `date`, `from_id`, `user_id`) VALUES ('50', '2024-10-01 21:00:01', '2K9C1S', 'NS15G5');
INSERT INTO `matrix_filling` (`placement_id`, `downline_id`, `level`, `matrix`) VALUES ('YU8PLO', '2K9C1S', 6, 1);
UPDATE `bv_updation` SET right_carry = right_carry+50, total_right = total_right+50
WHERE `user_id` = 'YU8PLO';
INSERT INTO `placement_bv_update_history` (`right_carry`, `date`, `from_id`, `user_id`) VALUES ('50', '2024-10-01 21:00:01', '2K9C1S', 'YU8PLO');
INSERT INTO `matrix_filling` (`placement_id`, `downline_id`, `level`, `matrix`) VALUES ('LUAGN1', '2K9C1S', 7, 1);
UPDATE `bv_updation` SET right_carry = right_carry+50, total_right = total_right+50
WHERE `user_id` = 'LUAGN1';
INSERT INTO `placement_bv_update_history` (`right_carry`, `date`, `from_id`, `user_id`) VALUES ('50', '2024-10-01 21:00:01', '2K9C1S', 'LUAGN1');
UPDATE `bv_updation` SET sponsor_right_carry = sponsor_right_carry+50, sponsor_total_right = sponsor_total_right+50
WHERE `user_id` = 'LUAGN1';
INSERT INTO `sponsor_bv_update_history` (`right_carry`, `date`, `user_id`) VALUES ('50', '2024-10-01 21:00:01', 'LUAGN1');
INSERT INTO `matrix_filling` (`placement_id`, `downline_id`, `level`, `matrix`) VALUES ('6DEXJW', '2K9C1S', 8, 1);
UPDATE `bv_updation` SET left_carry = left_carry+50, total_left = total_left+50
WHERE `user_id` = '6DEXJW';
INSERT INTO `placement_bv_update_history` (`left_carry`, `date`, `from_id`, `user_id`) VALUES ('50', '2024-10-01 21:00:01', '2K9C1S', '6DEXJW');
INSERT INTO `matrix_filling` (`placement_id`, `downline_id`, `level`, `matrix`) VALUES ('DM1Y9N', '2K9C1S', 9, 1);
UPDATE `bv_updation` SET right_carry = right_carry+50, total_right = total_right+50
WHERE `user_id` = 'DM1Y9N';
INSERT INTO `placement_bv_update_history` (`right_carry`, `date`, `from_id`, `user_id`) VALUES ('50', '2024-10-01 21:00:01', '2K9C1S', 'DM1Y9N');
INSERT INTO `matrix_filling` (`placement_id`, `downline_id`, `level`, `matrix`) VALUES ('A9858P', '2K9C1S', 10, 1);
UPDATE `bv_updation` SET left_carry = left_carry+50, total_left = total_left+50
WHERE `user_id` = 'A9858P';
INSERT INTO `placement_bv_update_history` (`left_carry`, `date`, `from_id`, `user_id`) VALUES ('50', '2024-10-01 21:00:01', '2K9C1S', 'A9858P');
INSERT INTO `matrix_filling` (`placement_id`, `downline_id`, `level`, `matrix`) VALUES ('admin', '2K9C1S', 11, 1);
UPDATE `bv_updation` SET right_carry = right_carry+50, total_right = total_right+50
WHERE `user_id` = 'admin';
INSERT INTO `placement_bv_update_history` (`right_carry`, `date`, `from_id`, `user_id`) VALUES ('50', '2024-10-01 21:00:01', '2K9C1S', 'admin');
INSERT INTO `package_purchase_history` (`user_id`, `package_id`, `reg_fee`, `package_name`, `monthly_fee`, `type`, `date`, `payment_option`) VALUES ('2K9C1S', '2', '595', 'Traveler Pro', '150', 'sign_up', '2024-10-01 21:00:01', 'free');
UPDATE `user_registration` SET `uid` = '2497', `user_id` = 'K4PDXX', `username` = 'severino1', `sponsor_id` = '5H9TH3', `vacant` = 'no', `f_name` = 'Severino', `l_name` = 'Acosta', `address` = '6520 Kendale Lakes Dr', `position` = 'right', `email` = 'severino1@gmail.com', `password` = '6037acc6da44686e344385233e8208b7', `phone` = '3057610606', `country` = 'United States', `state` = 'Florida', `city` = 'Miami', `street` = '6520 Kendale Lakes Dr', `zip_code` = '33183', `reg_ip` = '172.70.255.208', `status` = 1, `package_id` = '2', `rank_id` = 1, `highest_rank` = 1, `cycle_rank_id` = 1, `created` = '2024-10-01 21:01:13', `subscription_date` = '2024-10-31', `google_secret` = 'MNFUBQJQVICPODJ6'
WHERE `uid` = '2497';
INSERT INTO `user_registration` (`uid`, `user_id`, `username`, `sponsor_id`, `placement_id`, `vacant`, `f_name`, `l_name`, `address`, `position`, `email`, `password`, `phone`, `reg_ip`, `status`, `created`) VALUES (NULL, 'RPNXOZ', 'HxUeKDPw', 'K4PDXX', 'K4PDXX', 'yes', '', '', '', 'left', '@mail.com', '', '', '', 0, '2024-10-01 21:01:13');
INSERT INTO `user_registration` (`uid`, `user_id`, `username`, `sponsor_id`, `placement_id`, `vacant`, `f_name`, `l_name`, `address`, `position`, `email`, `password`, `phone`, `reg_ip`, `status`, `created`) VALUES (NULL, 'QWEIYT', 'JeuncqeL', 'K4PDXX', 'K4PDXX', 'yes', '', '', '', 'right', '@mail.com', '', '', '', 0, '2024-10-01 21:01:13');
INSERT INTO `bv_updation` (`user_id`) VALUES ('K4PDXX');
UPDATE `user_registration` SET total_ref_count = total_ref_count+1
WHERE `user_id` = '5H9TH3';
UPDATE `user_registration` SET total_downlines = total_downlines+1
WHERE `user_id` = 'XML8ZB';
UPDATE `user_registration` SET right_downlines = right_downlines+1
WHERE `user_id` = 'XML8ZB';
UPDATE `user_registration` SET total_downlines = total_downlines+1
WHERE `user_id` = '1T8VGH';
UPDATE `user_registration` SET right_downlines = right_downlines+1
WHERE `user_id` = '1T8VGH';
UPDATE `user_registration` SET total_downlines = total_downlines+1
WHERE `user_id` = 'JJDJCR';
UPDATE `user_registration` SET right_downlines = right_downlines+1
WHERE `user_id` = 'JJDJCR';
UPDATE `user_registration` SET total_downlines = total_downlines+1
WHERE `user_id` = 'QPUS94';
UPDATE `user_registration` SET right_downlines = right_downlines+1
WHERE `user_id` = 'QPUS94';
UPDATE `user_registration` SET total_downlines = total_downlines+1
WHERE `user_id` = 'UZPX9H';
UPDATE `user_registration` SET right_downlines = right_downlines+1
WHERE `user_id` = 'UZPX9H';
UPDATE `user_registration` SET total_downlines = total_downlines+1
WHERE `user_id` = 'QQCXJC';
UPDATE `user_registration` SET right_downlines = right_downlines+1
WHERE `user_id` = 'QQCXJC';
UPDATE `user_registration` SET total_downlines = total_downlines+1
WHERE `user_id` = 'OEG5GT';
UPDATE `user_registration` SET right_downlines = right_downlines+1
WHERE `user_id` = 'OEG5GT';
UPDATE `user_registration` SET total_downlines = total_downlines+1
WHERE `user_id` = 'C9EOE7';
UPDATE `user_registration` SET right_downlines = right_downlines+1
WHERE `user_id` = 'C9EOE7';
UPDATE `user_registration` SET total_downlines = total_downlines+1
WHERE `user_id` = 'SPT2BW';
UPDATE `user_registration` SET right_downlines = right_downlines+1
WHERE `user_id` = 'SPT2BW';
UPDATE `user_registration` SET total_downlines = total_downlines+1
WHERE `user_id` = 'YC8C3P';
UPDATE `user_registration` SET right_downlines = right_downlines+1
WHERE `user_id` = 'YC8C3P';
