INSERT INTO `placement_bv_update_history` (`right_carry`, `date`, `from_id`, `user_id`) VALUES ('50', '2024-10-01 15:48:06', 'ONK9BR', 'ZXPC6A');
INSERT INTO `matrix_filling` (`placement_id`, `downline_id`, `level`, `matrix`) VALUES ('PSXSWJ', 'ONK9BR', 13, 1);
UPDATE `bv_updation` SET right_carry = right_carry+50, total_right = total_right+50
WHERE `user_id` = 'PSXSWJ';
INSERT INTO `placement_bv_update_history` (`right_carry`, `date`, `from_id`, `user_id`) VALUES ('50', '2024-10-01 15:48:06', 'ONK9BR', 'PSXSWJ');
INSERT INTO `matrix_filling` (`placement_id`, `downline_id`, `level`, `matrix`) VALUES ('K3DX1Z', 'ONK9BR', 14, 1);
UPDATE `bv_updation` SET right_carry = right_carry+50, total_right = total_right+50
WHERE `user_id` = 'K3DX1Z';
INSERT INTO `placement_bv_update_history` (`right_carry`, `date`, `from_id`, `user_id`) VALUES ('50', '2024-10-01 15:48:06', 'ONK9BR', 'K3DX1Z');
INSERT INTO `matrix_filling` (`placement_id`, `downline_id`, `level`, `matrix`) VALUES ('SV3HCM', 'ONK9BR', 15, 1);
UPDATE `bv_updation` SET right_carry = right_carry+50, total_right = total_right+50
WHERE `user_id` = 'SV3HCM';
INSERT INTO `placement_bv_update_history` (`right_carry`, `date`, `from_id`, `user_id`) VALUES ('50', '2024-10-01 15:48:06', 'ONK9BR', 'SV3HCM');
INSERT INTO `matrix_filling` (`placement_id`, `downline_id`, `level`, `matrix`) VALUES ('2XFV6Q', 'ONK9BR', 16, 1);
UPDATE `bv_updation` SET right_carry = right_carry+50, total_right = total_right+50
WHERE `user_id` = '2XFV6Q';
INSERT INTO `placement_bv_update_history` (`right_carry`, `date`, `from_id`, `user_id`) VALUES ('50', '2024-10-01 15:48:06', 'ONK9BR', '2XFV6Q');
INSERT INTO `matrix_filling` (`placement_id`, `downline_id`, `level`, `matrix`) VALUES ('QNTB7K', 'ONK9BR', 17, 1);
UPDATE `bv_updation` SET right_carry = right_carry+50, total_right = total_right+50
WHERE `user_id` = 'QNTB7K';
INSERT INTO `placement_bv_update_history` (`right_carry`, `date`, `from_id`, `user_id`) VALUES ('50', '2024-10-01 15:48:06', 'ONK9BR', 'QNTB7K');
UPDATE `bv_updation` SET sponsor_right_carry = sponsor_right_carry+50, sponsor_total_right = sponsor_total_right+50
WHERE `user_id` = 'QNTB7K';
INSERT INTO `sponsor_bv_update_history` (`right_carry`, `date`, `user_id`) VALUES ('50', '2024-10-01 15:48:06', 'QNTB7K');
INSERT INTO `matrix_filling` (`placement_id`, `downline_id`, `level`, `matrix`) VALUES ('DM1Y9N', 'ONK9BR', 18, 1);
UPDATE `bv_updation` SET left_carry = left_carry+50, total_left = total_left+50
WHERE `user_id` = 'DM1Y9N';
INSERT INTO `placement_bv_update_history` (`left_carry`, `date`, `from_id`, `user_id`) VALUES ('50', '2024-10-01 15:48:06', 'ONK9BR', 'DM1Y9N');
INSERT INTO `matrix_filling` (`placement_id`, `downline_id`, `level`, `matrix`) VALUES ('A9858P', 'ONK9BR', 19, 1);
UPDATE `bv_updation` SET left_carry = left_carry+50, total_left = total_left+50
WHERE `user_id` = 'A9858P';
INSERT INTO `placement_bv_update_history` (`left_carry`, `date`, `from_id`, `user_id`) VALUES ('50', '2024-10-01 15:48:06', 'ONK9BR', 'A9858P');
INSERT INTO `matrix_filling` (`placement_id`, `downline_id`, `level`, `matrix`) VALUES ('admin', 'ONK9BR', 20, 1);
UPDATE `bv_updation` SET right_carry = right_carry+50, total_right = total_right+50
WHERE `user_id` = 'admin';
INSERT INTO `placement_bv_update_history` (`right_carry`, `date`, `from_id`, `user_id`) VALUES ('50', '2024-10-01 15:48:06', 'ONK9BR', 'admin');
INSERT INTO `package_purchase_history` (`user_id`, `package_id`, `reg_fee`, `package_name`, `monthly_fee`, `type`, `date`, `payment_option`) VALUES ('ONK9BR', '2', '595', 'Traveler Pro', '150', 'sign_up', '2024-10-01 15:48:06', 'free');
UPDATE `user_registration` SET `uid` = '2330', `user_id` = '9H9OZM', `username` = 'amado1', `sponsor_id` = '7RY1ZP', `vacant` = 'no', `f_name` = 'Amado', `l_name` = 'Casas', `address` = '6520 Kendale Lakes Dr ', `position` = 'left', `email` = 'amado1@gmail.com', `password` = '5ec0b6355d9a5fdb2996c5b9950cc1c6', `phone` = '3057610606', `country` = 'United States', `state` = 'Florida', `city` = 'Miami', `street` = '6520 Kendale Lakes Dr', `zip_code` = '33183', `reg_ip` = '172.70.55.8', `status` = 1, `package_id` = '2', `rank_id` = 1, `highest_rank` = 1, `cycle_rank_id` = 1, `created` = '2024-10-01 15:48:33', `subscription_date` = '2024-10-31', `google_secret` = 'ERXAAP5H6YIUSSIT'
WHERE `uid` = '2330';
INSERT INTO `user_registration` (`uid`, `user_id`, `username`, `sponsor_id`, `placement_id`, `vacant`, `f_name`, `l_name`, `address`, `position`, `email`, `password`, `phone`, `reg_ip`, `status`, `created`) VALUES (NULL, 'DBGYFB', 'ttyKNlFz', '9H9OZM', '9H9OZM', 'yes', '', '', '', 'left', '@mail.com', '', '', '', 0, '2024-10-01 15:48:33');
INSERT INTO `user_registration` (`uid`, `user_id`, `username`, `sponsor_id`, `placement_id`, `vacant`, `f_name`, `l_name`, `address`, `position`, `email`, `password`, `phone`, `reg_ip`, `status`, `created`) VALUES (NULL, 'WRPBDO', 'KRzaVLGP', '9H9OZM', '9H9OZM', 'yes', '', '', '', 'right', '@mail.com', '', '', '', 0, '2024-10-01 15:48:33');
INSERT INTO `bv_updation` (`user_id`) VALUES ('9H9OZM');
UPDATE `user_registration` SET total_ref_count = total_ref_count+1
WHERE `user_id` = '7RY1ZP';
UPDATE `user_registration` SET total_downlines = total_downlines+1
WHERE `user_id` = 'DLP7GD';
UPDATE `user_registration` SET left_downlines = left_downlines+1
WHERE `user_id` = 'DLP7GD';
UPDATE `user_registration` SET total_downlines = total_downlines+1
WHERE `user_id` = 'VG9TO9';
UPDATE `user_registration` SET left_downlines = left_downlines+1
WHERE `user_id` = 'VG9TO9';
UPDATE `user_registration` SET total_downlines = total_downlines+1
WHERE `user_id` = 'L8R95F';
UPDATE `user_registration` SET left_downlines = left_downlines+1
WHERE `user_id` = 'L8R95F';
UPDATE `user_registration` SET total_downlines = total_downlines+1
WHERE `user_id` = 'Y9DPUD';
UPDATE `user_registration` SET left_downlines = left_downlines+1
WHERE `user_id` = 'Y9DPUD';
UPDATE `user_registration` SET total_downlines = total_downlines+1
WHERE `user_id` = '5H9TH3';
UPDATE `user_registration` SET left_downlines = left_downlines+1
WHERE `user_id` = '5H9TH3';
UPDATE `user_registration` SET total_downlines = total_downlines+1
WHERE `user_id` = 'MIT9KW';
UPDATE `user_registration` SET left_downlines = left_downlines+1
WHERE `user_id` = 'MIT9KW';
UPDATE `user_registration` SET total_downlines = total_downlines+1
WHERE `user_id` = 'IMUABZ';
UPDATE `user_registration` SET left_downlines = left_downlines+1
WHERE `user_id` = 'IMUABZ';
UPDATE `user_registration` SET total_downlines = total_downlines+1
WHERE `user_id` = 'G54QC4';
UPDATE `user_registration` SET left_downlines = left_downlines+1
WHERE `user_id` = 'G54QC4';
UPDATE `user_registration` SET total_downlines = total_downlines+1
WHERE `user_id` = '9JPZJL';
UPDATE `user_registration` SET left_downlines = left_downlines+1
WHERE `user_id` = '9JPZJL';
UPDATE `user_registration` SET total_downlines = total_downlines+1
WHERE `user_id` = 'E3PPZ3';
UPDATE `user_registration` SET left_downlines = left_downlines+1
WHERE `user_id` = 'E3PPZ3';
UPDATE `user_registration` SET total_downlines = total_downlines+1
WHERE `user_id` = '7RY1ZP';
UPDATE `user_registration` SET left_downlines = left_downlines+1
WHERE `user_id` = '7RY1ZP';
UPDATE `user_registration` SET left_ref_count = left_ref_count+1
WHERE `user_id` = '7RY1ZP';
UPDATE `user_registration` SET active_left = active_left+1
WHERE `user_id` = '7RY1ZP';
UPDATE `user_registration` SET total_downlines = total_downlines+1
WHERE `user_id` = 'ADZTOG';
UPDATE `user_registration` SET right_downlines = right_downlines+1
WHERE `user_id` = 'ADZTOG';
UPDATE `user_registration` SET total_downlines = total_downlines+1
WHERE `user_id` = 'A9858P';
UPDATE `user_registration` SET right_downlines = right_downlines+1
WHERE `user_id` = 'A9858P';
UPDATE `user_registration` SET total_downlines = total_downlines+1
WHERE `user_id` = 'admin';
UPDATE `user_registration` SET right_downlines = right_downlines+1
WHERE `user_id` = 'admin';
INSERT INTO `investment` (`invest_date`, `user_id`, `type`, `amount`, `package_id`) VALUES ('2024-10-01 15:48:33', '9H9OZM', 'register', '595', '2');
INSERT INTO `earnings` (`user_id`, `Purchaser_id`, `earning_type`, `package_id`, `amount`, `date`, `comments`, `invest_amount`, `comm_perc`, `level`, `rank_id`, `order_id`) VALUES ('7RY1ZP', '9H9OZM', 'Direct Referral Bonus', '2', '100', '2024-10-01 15:48:33', 'Direct Referral Bonus', 0, 0, 1, '', 162);
UPDATE `user_registration` SET commission_balance = ROUND(commission_balance + 100,2)
WHERE `user_id` = '7RY1ZP';
UPDATE `user_registration` SET referral_bonus = ROUND(referral_bonus + 100,2)
WHERE `user_id` = '7RY1ZP';
INSERT INTO `earnings` (`user_id`, `Purchaser_id`, `earning_type`, `package_id`, `amount`, `date`, `comments`, `invest_amount`, `comm_perc`, `level`, `rank_id`, `order_id`) VALUES ('A9858P', '9H9OZM', 'Expansion Bonus', '2', 100, '2024-10-01 15:48:33', 'Expansion Bonus', '100', 0, 1, '', 162);
UPDATE `user_registration` SET commission_balance = ROUND(commission_balance + 100,2)
WHERE `user_id` = 'A9858P';
UPDATE `user_registration` SET expansion_bonus = ROUND(expansion_bonus + 100,2)
WHERE `user_id` = 'A9858P';
INSERT INTO `matrix_filling` (`placement_id`, `downline_id`, `level`, `matrix`) VALUES ('DLP7GD', '9H9OZM', 1, 1);
UPDATE `bv_updation` SET left_carry = left_carry+50, total_left = total_left+50
WHERE `user_id` = 'DLP7GD';
INSERT INTO `placement_bv_update_history` (`left_carry`, `date`, `from_id`, `user_id`) VALUES ('50', '2024-10-01 15:48:33', '9H9OZM', 'DLP7GD');
INSERT INTO `matrix_filling` (`placement_id`, `downline_id`, `level`, `matrix`) VALUES ('VG9TO9', '9H9OZM', 2, 1);
UPDATE `bv_updation` SET left_carry = left_carry+50, total_left = total_left+50
WHERE `user_id` = 'VG9TO9';
INSERT INTO `placement_bv_update_history` (`left_carry`, `date`, `from_id`, `user_id`) VALUES ('50', '2024-10-01 15:48:33', '9H9OZM', 'VG9TO9');
INSERT INTO `matrix_filling` (`placement_id`, `downline_id`, `level`, `matrix`) VALUES ('L8R95F', '9H9OZM', 3, 1);
UPDATE `bv_updation` SET left_carry = left_carry+50, total_left = total_left+50
WHERE `user_id` = 'L8R95F';
INSERT INTO `placement_bv_update_history` (`left_carry`, `date`, `from_id`, `user_id`) VALUES ('50', '2024-10-01 15:48:33', '9H9OZM', 'L8R95F');
INSERT INTO `matrix_filling` (`placement_id`, `downline_id`, `level`, `matrix`) VALUES ('Y9DPUD', '9H9OZM', 4, 1);
UPDATE `bv_updation` SET left_carry = left_carry+50, total_left = total_left+50
WHERE `user_id` = 'Y9DPUD';
INSERT INTO `placement_bv_update_history` (`left_carry`, `date`, `from_id`, `user_id`) VALUES ('50', '2024-10-01 15:48:34', '9H9OZM', 'Y9DPUD');
INSERT INTO `matrix_filling` (`placement_id`, `downline_id`, `level`, `matrix`) VALUES ('5H9TH3', '9H9OZM', 5, 1);
UPDATE `bv_updation` SET left_carry = left_carry+50, total_left = total_left+50
WHERE `user_id` = '5H9TH3';
INSERT INTO `placement_bv_update_history` (`left_carry`, `date`, `from_id`, `user_id`) VALUES ('50', '2024-10-01 15:48:34', '9H9OZM', '5H9TH3');
INSERT INTO `matrix_filling` (`placement_id`, `downline_id`, `level`, `matrix`) VALUES ('MIT9KW', '9H9OZM', 6, 1);
UPDATE `bv_updation` SET left_carry = left_carry+50, total_left = total_left+50
WHERE `user_id` = 'MIT9KW';
INSERT INTO `placement_bv_update_history` (`left_carry`, `date`, `from_id`, `user_id`) VALUES ('50', '2024-10-01 15:48:34', '9H9OZM', 'MIT9KW');
INSERT INTO `matrix_filling` (`placement_id`, `downline_id`, `level`, `matrix`) VALUES ('IMUABZ', '9H9OZM', 7, 1);
UPDATE `bv_updation` SET left_carry = left_carry+50, total_left = total_left+50
WHERE `user_id` = 'IMUABZ';
INSERT INTO `placement_bv_update_history` (`left_carry`, `date`, `from_id`, `user_id`) VALUES ('50', '2024-10-01 15:48:34', '9H9OZM', 'IMUABZ');
INSERT INTO `matrix_filling` (`placement_id`, `downline_id`, `level`, `matrix`) VALUES ('G54QC4', '9H9OZM', 8, 1);
UPDATE `bv_updation` SET left_carry = left_carry+50, total_left = total_left+50
WHERE `user_id` = 'G54QC4';
INSERT INTO `placement_bv_update_history` (`left_carry`, `date`, `from_id`, `user_id`) VALUES ('50', '2024-10-01 15:48:34', '9H9OZM', 'G54QC4');
INSERT INTO `matrix_filling` (`placement_id`, `downline_id`, `level`, `matrix`) VALUES ('9JPZJL', '9H9OZM', 9, 1);
UPDATE `bv_updation` SET left_carry = left_carry+50, total_left = total_left+50
WHERE `user_id` = '9JPZJL';
INSERT INTO `placement_bv_update_history` (`left_carry`, `date`, `from_id`, `user_id`) VALUES ('50', '2024-10-01 15:48:34', '9H9OZM', '9JPZJL');
INSERT INTO `matrix_filling` (`placement_id`, `downline_id`, `level`, `matrix`) VALUES ('E3PPZ3', '9H9OZM', 10, 1);
UPDATE `bv_updation` SET left_carry = left_carry+50, total_left = total_left+50
WHERE `user_id` = 'E3PPZ3';
INSERT INTO `placement_bv_update_history` (`left_carry`, `date`, `from_id`, `user_id`) VALUES ('50', '2024-10-01 15:48:34', '9H9OZM', 'E3PPZ3');
INSERT INTO `matrix_filling` (`placement_id`, `downline_id`, `level`, `matrix`) VALUES ('7RY1ZP', '9H9OZM', 11, 1);
UPDATE `bv_updation` SET left_carry = left_carry+50, total_left = total_left+50
WHERE `user_id` = '7RY1ZP';
INSERT INTO `placement_bv_update_history` (`left_carry`, `date`, `from_id`, `user_id`) VALUES ('50', '2024-10-01 15:48:34', '9H9OZM', '7RY1ZP');
UPDATE `bv_updation` SET sponsor_left_carry = sponsor_left_carry+50, sponsor_total_left = sponsor_total_left+50
WHERE `user_id` = '7RY1ZP';
INSERT INTO `sponsor_bv_update_history` (`left_carry`, `date`, `user_id`) VALUES ('50', '2024-10-01 15:48:34', '7RY1ZP');
INSERT INTO `matrix_filling` (`placement_id`, `downline_id`, `level`, `matrix`) VALUES ('ADZTOG', '9H9OZM', 12, 1);
UPDATE `bv_updation` SET right_carry = right_carry+50, total_right = total_right+50
WHERE `user_id` = 'ADZTOG';
INSERT INTO `placement_bv_update_history` (`right_carry`, `date`, `from_id`, `user_id`) VALUES ('50', '2024-10-01 15:48:34', '9H9OZM', 'ADZTOG');
INSERT INTO `matrix_filling` (`placement_id`, `downline_id`, `level`, `matrix`) VALUES ('A9858P', '9H9OZM', 13, 1);
UPDATE `bv_updation` SET right_carry = right_carry+50, total_right = total_right+50
WHERE `user_id` = 'A9858P';
INSERT INTO `placement_bv_update_history` (`right_carry`, `date`, `from_id`, `user_id`) VALUES ('50', '2024-10-01 15:48:34', '9H9OZM', 'A9858P');
INSERT INTO `matrix_filling` (`placement_id`, `downline_id`, `level`, `matrix`) VALUES ('admin', '9H9OZM', 14, 1);
UPDATE `bv_updation` SET right_carry = right_carry+50, total_right = total_right+50
WHERE `user_id` = 'admin';
INSERT INTO `placement_bv_update_history` (`right_carry`, `date`, `from_id`, `user_id`) VALUES ('50', '2024-10-01 15:48:34', '9H9OZM', 'admin');
INSERT INTO `package_purchase_history` (`user_id`, `package_id`, `reg_fee`, `package_name`, `monthly_fee`, `type`, `date`, `payment_option`) VALUES ('9H9OZM', '2', '595', 'Traveler Pro', '150', 'sign_up', '2024-10-01 15:48:34', 'free');
UPDATE `user_registration` SET `uid` = '2333', `user_id` = 'BQWWLQ', `username` = 'antonio1', `sponsor_id` = 'QNTB7K', `vacant` = 'no', `f_name` = 'Antonio', `l_name` = 'Aguila', `address` = '8100 SW 14 Terr', `position` = 'right', `email` = 'antonio1@gmail.com', `password` = 'afdd0b4ad2ec172c586e2150770fbf9e', `phone` = '7862876762', `country` = 'United States', `state` = 'Florida', `city` = 'Miami', `street` = '8100 SW 14 Terr', `zip_code` = '33144', `reg_ip` = '172.70.82.90', `status` = 1, `package_id` = '2', `rank_id` = 1, `highest_rank` = 1, `cycle_rank_id` = 1, `created` = '2024-10-01 15:49:04', `subscription_date` = '2024-10-31', `google_secret` = 'IUT263D6EECUMYTB'
WHERE `uid` = '2333';
INSERT INTO `user_registration` (`uid`, `user_id`, `username`, `sponsor_id`, `placement_id`, `vacant`, `f_name`, `l_name`, `address`, `position`, `email`, `password`, `phone`, `reg_ip`, `status`, `created`) VALUES (NULL, 'RDXMFN', 'AjplkCgk', 'BQWWLQ', 'BQWWLQ', 'yes', '', '', '', 'left', '@mail.com', '', '', '', 0, '2024-10-01 15:49:04');
INSERT INTO `user_registration` (`uid`, `user_id`, `username`, `sponsor_id`, `placement_id`, `vacant`, `f_name`, `l_name`, `address`, `position`, `email`, `password`, `phone`, `reg_ip`, `status`, `created`) VALUES (NULL, 'ECUBBP', 'OpCfIJoE', 'BQWWLQ', 'BQWWLQ', 'yes', '', '', '', 'right', '@mail.com', '', '', '', 0, '2024-10-01 15:49:04');
INSERT INTO `bv_updation` (`user_id`) VALUES ('BQWWLQ');
UPDATE `user_registration` SET total_ref_count = total_ref_count+1
WHERE `user_id` = 'QNTB7K';
UPDATE `user_registration` SET total_downlines = total_downlines+1
WHERE `user_id` = 'ONK9BR';
UPDATE `user_registration` SET right_downlines = right_downlines+1
WHERE `user_id` = 'ONK9BR';
UPDATE `user_registration` SET total_downlines = total_downlines+1
WHERE `user_id` = 'UPD8YA';
UPDATE `user_registration` SET right_downlines = right_downlines+1
WHERE `user_id` = 'UPD8YA';
UPDATE `user_registration` SET total_downlines = total_downlines+1
WHERE `user_id` = '5YCF3D';
UPDATE `user_registration` SET right_downlines = right_downlines+1
WHERE `user_id` = '5YCF3D';
UPDATE `user_registration` SET total_downlines = total_downlines+1
WHERE `user_id` = 'W4YLN8';
UPDATE `user_registration` SET right_downlines = right_downlines+1
WHERE `user_id` = 'W4YLN8';
UPDATE `user_registration` SET total_downlines = total_downlines+1
WHERE `user_id` = 'KZ8EZM';
UPDATE `user_registration` SET right_downlines = right_downlines+1
WHERE `user_id` = 'KZ8EZM';
UPDATE `user_registration` SET total_downlines = total_downlines+1
WHERE `user_id` = 'Q4OMS8';
UPDATE `user_registration` SET right_downlines = right_downlines+1
WHERE `user_id` = 'Q4OMS8';
UPDATE `user_registration` SET total_downlines = total_downlines+1
WHERE `user_id` = '1RD6JR';
UPDATE `user_registration` SET right_downlines = right_downlines+1
WHERE `user_id` = '1RD6JR';
UPDATE `user_registration` SET total_downlines = total_downlines+1
WHERE `user_id` = 'RFW11H';
UPDATE `user_registration` SET right_downlines = right_downlines+1
WHERE `user_id` = 'RFW11H';
UPDATE `user_registration` SET total_downlines = total_downlines+1
WHERE `user_id` = '76WP95';
UPDATE `user_registration` SET right_downlines = right_downlines+1
WHERE `user_id` = '76WP95';
UPDATE `user_registration` SET total_downlines = total_downlines+1
WHERE `user_id` = 'OJQCC3';
UPDATE `user_registration` SET right_downlines = right_downlines+1
WHERE `user_id` = 'OJQCC3';
UPDATE `user_registration` SET total_downlines = total_downlines+1
WHERE `user_id` = 'WWJBN8';
UPDATE `user_registration` SET right_downlines = right_downlines+1
WHERE `user_id` = 'WWJBN8';
UPDATE `user_registration` SET total_downlines = total_downlines+1
WHERE `user_id` = 'S315RU';
UPDATE `user_registration` SET right_downlines = right_downlines+1
WHERE `user_id` = 'S315RU';
UPDATE `user_registration` SET total_downlines = total_downlines+1
WHERE `user_id` = 'ZXPC6A';
UPDATE `user_registration` SET right_downlines = right_downlines+1
WHERE `user_id` = 'ZXPC6A';
UPDATE `user_registration` SET total_downlines = total_downlines+1
WHERE `user_id` = 'PSXSWJ';
UPDATE `user_registration` SET right_downlines = right_downlines+1
WHERE `user_id` = 'PSXSWJ';
UPDATE `user_registration` SET total_downlines = total_downlines+1
WHERE `user_id` = 'K3DX1Z';
UPDATE `user_registration` SET right_downlines = right_downlines+1
WHERE `user_id` = 'K3DX1Z';
UPDATE `user_registration` SET total_downlines = total_downlines+1
WHERE `user_id` = 'SV3HCM';
UPDATE `user_registration` SET right_downlines = right_downlines+1
WHERE `user_id` = 'SV3HCM';
UPDATE `user_registration` SET total_downlines = total_downlines+1
WHERE `user_id` = '2XFV6Q';
UPDATE `user_registration` SET right_downlines = right_downlines+1
WHERE `user_id` = '2XFV6Q';
UPDATE `user_registration` SET total_downlines = total_downlines+1
WHERE `user_id` = 'QNTB7K';
UPDATE `user_registration` SET right_downlines = right_downlines+1
WHERE `user_id` = 'QNTB7K';
UPDATE `user_registration` SET right_ref_count = right_ref_count+1
WHERE `user_id` = 'QNTB7K';
UPDATE `user_registration` SET active_right = active_right+1
WHERE `user_id` = 'QNTB7K';
UPDATE `user_registration` SET total_downlines = total_downlines+1
WHERE `user_id` = 'DM1Y9N';
UPDATE `user_registration` SET left_downlines = left_downlines+1
WHERE `user_id` = 'DM1Y9N';
UPDATE `user_registration` SET total_downlines = total_downlines+1
WHERE `user_id` = 'A9858P';
UPDATE `user_registration` SET left_downlines = left_downlines+1
WHERE `user_id` = 'A9858P';
UPDATE `user_registration` SET total_downlines = total_downlines+1
WHERE `user_id` = 'admin';
UPDATE `user_registration` SET right_downlines = right_downlines+1
WHERE `user_id` = 'admin';
INSERT INTO `investment` (`invest_date`, `user_id`, `type`, `amount`, `package_id`) VALUES ('2024-10-01 15:49:05', 'BQWWLQ', 'register', '595', '2');
INSERT INTO `earnings` (`user_id`, `Purchaser_id`, `earning_type`, `package_id`, `amount`, `date`, `comments`, `invest_amount`, `comm_perc`, `level`, `rank_id`, `order_id`) VALUES ('QNTB7K', 'BQWWLQ', 'Direct Referral Bonus', '2', '100', '2024-10-01 15:49:05', 'Direct Referral Bonus', 0, 0, 1, '', 163);
UPDATE `user_registration` SET commission_balance = ROUND(commission_balance + 100,2)
WHERE `user_id` = 'QNTB7K';
UPDATE `user_registration` SET referral_bonus = ROUND(referral_bonus + 100,2)
WHERE `user_id` = 'QNTB7K';
INSERT INTO `earnings` (`user_id`, `Purchaser_id`, `earning_type`, `package_id`, `amount`, `date`, `comments`, `invest_amount`, `comm_perc`, `level`, `rank_id`, `order_id`) VALUES ('A9858P', 'BQWWLQ', 'Expansion Bonus', '2', 100, '2024-10-01 15:49:05', 'Expansion Bonus', '100', 0, 1, '', 163);
UPDATE `user_registration` SET commission_balance = ROUND(commission_balance + 100,2)
WHERE `user_id` = 'A9858P';
UPDATE `user_registration` SET expansion_bonus = ROUND(expansion_bonus + 100,2)
WHERE `user_id` = 'A9858P';
INSERT INTO `matrix_filling` (`placement_id`, `downline_id`, `level`, `matrix`) VALUES ('ONK9BR', 'BQWWLQ', 1, 1);
UPDATE `bv_updation` SET right_carry = right_carry+50, total_right = total_right+50
WHERE `user_id` = 'ONK9BR';
INSERT INTO `placement_bv_update_history` (`right_carry`, `date`, `from_id`, `user_id`) VALUES ('50', '2024-10-01 15:49:05', 'BQWWLQ', 'ONK9BR');
INSERT INTO `matrix_filling` (`placement_id`, `downline_id`, `level`, `matrix`) VALUES ('UPD8YA', 'BQWWLQ', 2, 1);
UPDATE `bv_updation` SET right_carry = right_carry+50, total_right = total_right+50
WHERE `user_id` = 'UPD8YA';
INSERT INTO `placement_bv_update_history` (`right_carry`, `date`, `from_id`, `user_id`) VALUES ('50', '2024-10-01 15:49:05', 'BQWWLQ', 'UPD8YA');
INSERT INTO `matrix_filling` (`placement_id`, `downline_id`, `level`, `matrix`) VALUES ('5YCF3D', 'BQWWLQ', 3, 1);
UPDATE `bv_updation` SET right_carry = right_carry+50, total_right = total_right+50
WHERE `user_id` = '5YCF3D';
INSERT INTO `placement_bv_update_history` (`right_carry`, `date`, `from_id`, `user_id`) VALUES ('50', '2024-10-01 15:49:05', 'BQWWLQ', '5YCF3D');
INSERT INTO `matrix_filling` (`placement_id`, `downline_id`, `level`, `matrix`) VALUES ('W4YLN8', 'BQWWLQ', 4, 1);
UPDATE `bv_updation` SET right_carry = right_carry+50, total_right = total_right+50
WHERE `user_id` = 'W4YLN8';
INSERT INTO `placement_bv_update_history` (`right_carry`, `date`, `from_id`, `user_id`) VALUES ('50', '2024-10-01 15:49:05', 'BQWWLQ', 'W4YLN8');
INSERT INTO `matrix_filling` (`placement_id`, `downline_id`, `level`, `matrix`) VALUES ('KZ8EZM', 'BQWWLQ', 5, 1);
UPDATE `bv_updation` SET right_carry = right_carry+50, total_right = total_right+50
WHERE `user_id` = 'KZ8EZM';
INSERT INTO `placement_bv_update_history` (`right_carry`, `date`, `from_id`, `user_id`) VALUES ('50', '2024-10-01 15:49:05', 'BQWWLQ', 'KZ8EZM');
INSERT INTO `matrix_filling` (`placement_id`, `downline_id`, `level`, `matrix`) VALUES ('Q4OMS8', 'BQWWLQ', 6, 1);
UPDATE `bv_updation` SET right_carry = right_carry+50, total_right = total_right+50
WHERE `user_id` = 'Q4OMS8';
INSERT INTO `placement_bv_update_history` (`right_carry`, `date`, `from_id`, `user_id`) VALUES ('50', '2024-10-01 15:49:05', 'BQWWLQ', 'Q4OMS8');
INSERT INTO `matrix_filling` (`placement_id`, `downline_id`, `level`, `matrix`) VALUES ('1RD6JR', 'BQWWLQ', 7, 1);
UPDATE `bv_updation` SET right_carry = right_carry+50, total_right = total_right+50
WHERE `user_id` = '1RD6JR';
INSERT INTO `placement_bv_update_history` (`right_carry`, `date`, `from_id`, `user_id`) VALUES ('50', '2024-10-01 15:49:05', 'BQWWLQ', '1RD6JR');
INSERT INTO `matrix_filling` (`placement_id`, `downline_id`, `level`, `matrix`) VALUES ('RFW11H', 'BQWWLQ', 8, 1);
UPDATE `bv_updation` SET right_carry = right_carry+50, total_right = total_right+50
WHERE `user_id` = 'RFW11H';
INSERT INTO `placement_bv_update_history` (`right_carry`, `date`, `from_id`, `user_id`) VALUES ('50', '2024-10-01 15:49:05', 'BQWWLQ', 'RFW11H');
INSERT INTO `matrix_filling` (`placement_id`, `downline_id`, `level`, `matrix`) VALUES ('76WP95', 'BQWWLQ', 9, 1);
UPDATE `bv_updation` SET right_carry = right_carry+50, total_right = total_right+50
WHERE `user_id` = '76WP95';
INSERT INTO `placement_bv_update_history` (`right_carry`, `date`, `from_id`, `user_id`) VALUES ('50', '2024-10-01 15:49:05', 'BQWWLQ', '76WP95');
INSERT INTO `matrix_filling` (`placement_id`, `downline_id`, `level`, `matrix`) VALUES ('OJQCC3', 'BQWWLQ', 10, 1);
UPDATE `bv_updation` SET right_carry = right_carry+50, total_right = total_right+50
WHERE `user_id` = 'OJQCC3';
INSERT INTO `placement_bv_update_history` (`right_carry`, `date`, `from_id`, `user_id`) VALUES ('50', '2024-10-01 15:49:05', 'BQWWLQ', 'OJQCC3');
INSERT INTO `matrix_filling` (`placement_id`, `downline_id`, `level`, `matrix`) VALUES ('WWJBN8', 'BQWWLQ', 11, 1);
UPDATE `bv_updation` SET right_carry = right_carry+50, total_right = total_right+50
WHERE `user_id` = 'WWJBN8';
INSERT INTO `placement_bv_update_history` (`right_carry`, `date`, `from_id`, `user_id`) VALUES ('50', '2024-10-01 15:49:05', 'BQWWLQ', 'WWJBN8');
INSERT INTO `matrix_filling` (`placement_id`, `downline_id`, `level`, `matrix`) VALUES ('S315RU', 'BQWWLQ', 12, 1);
UPDATE `bv_updation` SET right_carry = right_carry+50, total_right = total_right+50
WHERE `user_id` = 'S315RU';
INSERT INTO `placement_bv_update_history` (`right_carry`, `date`, `from_id`, `user_id`) VALUES ('50', '2024-10-01 15:49:05', 'BQWWLQ', 'S315RU');
INSERT INTO `matrix_filling` (`placement_id`, `downline_id`, `level`, `matrix`) VALUES ('ZXPC6A', 'BQWWLQ', 13, 1);
UPDATE `bv_updation` SET right_carry = right_carry+50, total_right = total_right+50
WHERE `user_id` = 'ZXPC6A';
INSERT INTO `placement_bv_update_history` (`right_carry`, `date`, `from_id`, `user_id`) VALUES ('50', '2024-10-01 15:49:05', 'BQWWLQ', 'ZXPC6A');
INSERT INTO `matrix_filling` (`placement_id`, `downline_id`, `level`, `matrix`) VALUES ('PSXSWJ', 'BQWWLQ', 14, 1);
UPDATE `bv_updation` SET right_carry = right_carry+50, total_right = total_right+50
WHERE `user_id` = 'PSXSWJ';
INSERT INTO `placement_bv_update_history` (`right_carry`, `date`, `from_id`, `user_id`) VALUES ('50', '2024-10-01 15:49:05', 'BQWWLQ', 'PSXSWJ');
INSERT INTO `matrix_filling` (`placement_id`, `downline_id`, `level`, `matrix`) VALUES ('K3DX1Z', 'BQWWLQ', 15, 1);
UPDATE `bv_updation` SET right_carry = right_carry+50, total_right = total_right+50
WHERE `user_id` = 'K3DX1Z';
INSERT INTO `placement_bv_update_history` (`right_carry`, `date`, `from_id`, `user_id`) VALUES ('50', '2024-10-01 15:49:05', 'BQWWLQ', 'K3DX1Z');
INSERT INTO `matrix_filling` (`placement_id`, `downline_id`, `level`, `matrix`) VALUES ('SV3HCM', 'BQWWLQ', 16, 1);
UPDATE `bv_updation` SET right_carry = right_carry+50, total_right = total_right+50
WHERE `user_id` = 'SV3HCM';
INSERT INTO `placement_bv_update_history` (`right_carry`, `date`, `from_id`, `user_id`) VALUES ('50', '2024-10-01 15:49:05', 'BQWWLQ', 'SV3HCM');
INSERT INTO `matrix_filling` (`placement_id`, `downline_id`, `level`, `matrix`) VALUES ('2XFV6Q', 'BQWWLQ', 17, 1);
UPDATE `bv_updation` SET right_carry = right_carry+50, total_right = total_right+50
WHERE `user_id` = '2XFV6Q';
INSERT INTO `placement_bv_update_history` (`right_carry`, `date`, `from_id`, `user_id`) VALUES ('50', '2024-10-01 15:49:05', 'BQWWLQ', '2XFV6Q');
INSERT INTO `matrix_filling` (`placement_id`, `downline_id`, `level`, `matrix`) VALUES ('QNTB7K', 'BQWWLQ', 18, 1);
UPDATE `bv_updation` SET right_carry = right_carry+50, total_right = total_right+50
WHERE `user_id` = 'QNTB7K';
INSERT INTO `placement_bv_update_history` (`right_carry`, `date`, `from_id`, `user_id`) VALUES ('50', '2024-10-01 15:49:05', 'BQWWLQ', 'QNTB7K');
UPDATE `bv_updation` SET sponsor_right_carry = sponsor_right_carry+50, sponsor_total_right = sponsor_total_right+50
WHERE `user_id` = 'QNTB7K';
INSERT INTO `sponsor_bv_update_history` (`right_carry`, `date`, `user_id`) VALUES ('50', '2024-10-01 15:49:05', 'QNTB7K');
INSERT INTO `matrix_filling` (`placement_id`, `downline_id`, `level`, `matrix`) VALUES ('DM1Y9N', 'BQWWLQ', 19, 1);
UPDATE `bv_updation` SET left_carry = left_carry+50, total_left = total_left+50
WHERE `user_id` = 'DM1Y9N';
INSERT INTO `placement_bv_update_history` (`left_carry`, `date`, `from_id`, `user_id`) VALUES ('50', '2024-10-01 15:49:05', 'BQWWLQ', 'DM1Y9N');
INSERT INTO `matrix_filling` (`placement_id`, `downline_id`, `level`, `matrix`) VALUES ('A9858P', 'BQWWLQ', 20, 1);
UPDATE `bv_updation` SET left_carry = left_carry+50, total_left = total_left+50
WHERE `user_id` = 'A9858P';
INSERT INTO `placement_bv_update_history` (`left_carry`, `date`, `from_id`, `user_id`) VALUES ('50', '2024-10-01 15:49:05', 'BQWWLQ', 'A9858P');
INSERT INTO `matrix_filling` (`placement_id`, `downline_id`, `level`, `matrix`) VALUES ('admin', 'BQWWLQ', 21, 1);
UPDATE `bv_updation` SET right_carry = right_carry+50, total_right = total_right+50
WHERE `user_id` = 'admin';
INSERT INTO `placement_bv_update_history` (`right_carry`, `date`, `from_id`, `user_id`) VALUES ('50', '2024-10-01 15:49:05', 'BQWWLQ', 'admin');
INSERT INTO `package_purchase_history` (`user_id`, `package_id`, `reg_fee`, `package_name`, `monthly_fee`, `type`, `date`, `payment_option`) VALUES ('BQWWLQ', '2', '595', 'Traveler Pro', '150', 'sign_up', '2024-10-01 15:49:05', 'free');
UPDATE `user_registration` SET `uid` = '2337', `user_id` = 'F6UEPP', `username` = 'alberto1', `sponsor_id` = 'QNTB7K', `vacant` = 'no', `f_name` = 'Alberto', `l_name` = 'Romero', `address` = '8100 SW 14 Terr', `position` = 'right', `email` = 'alberto1@gmail.com', `password` = '92df1f5299e3ebc7e041ca82cc44d37a', `phone` = '7862876762', `country` = 'United States', `state` = 'Florida', `city` = 'Miami', `street` = '8100 SW 14 Terr', `zip_code` = '33144', `reg_ip` = '172.70.82.254', `status` = 1, `package_id` = '2', `rank_id` = 1, `highest_rank` = 1, `cycle_rank_id` = 1, `created` = '2024-10-01 15:50:16', `subscription_date` = '2024-10-31', `google_secret` = 'C2QY2MCS2SVIQEA7'
WHERE `uid` = '2337';
INSERT INTO `user_registration` (`uid`, `user_id`, `username`, `sponsor_id`, `placement_id`, `vacant`, `f_name`, `l_name`, `address`, `position`, `email`, `password`, `phone`, `reg_ip`, `status`, `created`) VALUES (NULL, 'ZIIMNO', 'OzXSFbTw', 'F6UEPP', 'F6UEPP', 'yes', '', '', '', 'left', '@mail.com', '', '', '', 0, '2024-10-01 15:50:16');
INSERT INTO `user_registration` (`uid`, `user_id`, `username`, `sponsor_id`, `placement_id`, `vacant`, `f_name`, `l_name`, `address`, `position`, `email`, `password`, `phone`, `reg_ip`, `status`, `created`) VALUES (NULL, 'XWWMJZ', 'eKrtPqPJ', 'F6UEPP', 'F6UEPP', 'yes', '', '', '', 'right', '@mail.com', '', '', '', 0, '2024-10-01 15:50:16');
INSERT INTO `bv_updation` (`user_id`) VALUES ('F6UEPP');
UPDATE `user_registration` SET total_ref_count = total_ref_count+1
WHERE `user_id` = 'QNTB7K';
UPDATE `user_registration` SET total_downlines = total_downlines+1
WHERE `user_id` = 'BQWWLQ';
UPDATE `user_registration` SET right_downlines = right_downlines+1
WHERE `user_id` = 'BQWWLQ';
UPDATE `user_registration` SET total_downlines = total_downlines+1
WHERE `user_id` = 'ONK9BR';
UPDATE `user_registration` SET right_downlines = right_downlines+1
WHERE `user_id` = 'ONK9BR';
UPDATE `user_registration` SET total_downlines = total_downlines+1
WHERE `user_id` = 'UPD8YA';
UPDATE `user_registration` SET right_downlines = right_downlines+1
WHERE `user_id` = 'UPD8YA';
UPDATE `user_registration` SET total_downlines = total_downlines+1
WHERE `user_id` = '5YCF3D';
UPDATE `user_registration` SET right_downlines = right_downlines+1
WHERE `user_id` = '5YCF3D';
UPDATE `user_registration` SET total_downlines = total_downlines+1
WHERE `user_id` = 'W4YLN8';
UPDATE `user_registration` SET right_downlines = right_downlines+1
WHERE `user_id` = 'W4YLN8';
UPDATE `user_registration` SET total_downlines = total_downlines+1
WHERE `user_id` = 'KZ8EZM';
UPDATE `user_registration` SET right_downlines = right_downlines+1
WHERE `user_id` = 'KZ8EZM';
UPDATE `user_registration` SET total_downlines = total_downlines+1
WHERE `user_id` = 'Q4OMS8';
UPDATE `user_registration` SET right_downlines = right_downlines+1
WHERE `user_id` = 'Q4OMS8';
UPDATE `user_registration` SET total_downlines = total_downlines+1
WHERE `user_id` = '1RD6JR';
UPDATE `user_registration` SET right_downlines = right_downlines+1
WHERE `user_id` = '1RD6JR';
UPDATE `user_registration` SET total_downlines = total_downlines+1
WHERE `user_id` = 'RFW11H';
UPDATE `user_registration` SET right_downlines = right_downlines+1
WHERE `user_id` = 'RFW11H';
UPDATE `user_registration` SET total_downlines = total_downlines+1
WHERE `user_id` = '76WP95';
UPDATE `user_registration` SET right_downlines = right_downlines+1
WHERE `user_id` = '76WP95';
UPDATE `user_registration` SET total_downlines = total_downlines+1
WHERE `user_id` = 'OJQCC3';
UPDATE `user_registration` SET right_downlines = right_downlines+1
WHERE `user_id` = 'OJQCC3';
UPDATE `user_registration` SET total_downlines = total_downlines+1
WHERE `user_id` = 'WWJBN8';
UPDATE `user_registration` SET right_downlines = right_downlines+1
WHERE `user_id` = 'WWJBN8';
UPDATE `user_registration` SET total_downlines = total_downlines+1
WHERE `user_id` = 'S315RU';
UPDATE `user_registration` SET right_downlines = right_downlines+1
WHERE `user_id` = 'S315RU';
UPDATE `user_registration` SET total_downlines = total_downlines+1
WHERE `user_id` = 'ZXPC6A';
UPDATE `user_registration` SET right_downlines = right_downlines+1
WHERE `user_id` = 'ZXPC6A';
UPDATE `user_registration` SET total_downlines = total_downlines+1
WHERE `user_id` = 'PSXSWJ';
UPDATE `user_registration` SET right_downlines = right_downlines+1
WHERE `user_id` = 'PSXSWJ';
UPDATE `user_registration` SET total_downlines = total_downlines+1
WHERE `user_id` = 'K3DX1Z';
UPDATE `user_registration` SET right_downlines = right_downlines+1
WHERE `user_id` = 'K3DX1Z';
UPDATE `user_registration` SET total_downlines = total_downlines+1
WHERE `user_id` = 'SV3HCM';
UPDATE `user_registration` SET right_downlines = right_downlines+1
WHERE `user_id` = 'SV3HCM';
UPDATE `user_registration` SET total_downlines = total_downlines+1
WHERE `user_id` = '2XFV6Q';
UPDATE `user_registration` SET right_downlines = right_downlines+1
WHERE `user_id` = '2XFV6Q';
UPDATE `user_registration` SET total_downlines = total_downlines+1
WHERE `user_id` = 'QNTB7K';
UPDATE `user_registration` SET right_downlines = right_downlines+1
WHERE `user_id` = 'QNTB7K';
UPDATE `user_registration` SET right_ref_count = right_ref_count+1
WHERE `user_id` = 'QNTB7K';
UPDATE `user_registration` SET active_right = active_right+1
WHERE `user_id` = 'QNTB7K';
UPDATE `user_registration` SET total_downlines = total_downlines+1
WHERE `user_id` = 'DM1Y9N';
UPDATE `user_registration` SET left_downlines = left_downlines+1
WHERE `user_id` = 'DM1Y9N';
UPDATE `user_registration` SET total_downlines = total_downlines+1
WHERE `user_id` = 'A9858P';
UPDATE `user_registration` SET left_downlines = left_downlines+1
WHERE `user_id` = 'A9858P';
UPDATE `user_registration` SET total_downlines = total_downlines+1
WHERE `user_id` = 'admin';
UPDATE `user_registration` SET right_downlines = right_downlines+1
WHERE `user_id` = 'admin';
INSERT INTO `investment` (`invest_date`, `user_id`, `type`, `amount`, `package_id`) VALUES ('2024-10-01 15:50:16', 'F6UEPP', 'register', '595', '2');
INSERT INTO `earnings` (`user_id`, `Purchaser_id`, `earning_type`, `package_id`, `amount`, `date`, `comments`, `invest_amount`, `comm_perc`, `level`, `rank_id`, `order_id`) VALUES ('QNTB7K', 'F6UEPP', 'Direct Referral Bonus', '2', '100', '2024-10-01 15:50:17', 'Direct Referral Bonus', 0, 0, 1, '', 164);
UPDATE `user_registration` SET commission_balance = ROUND(commission_balance + 100,2)
WHERE `user_id` = 'QNTB7K';
UPDATE `user_registration` SET referral_bonus = ROUND(referral_bonus + 100,2)
WHERE `user_id` = 'QNTB7K';
INSERT INTO `earnings` (`user_id`, `Purchaser_id`, `earning_type`, `package_id`, `amount`, `date`, `comments`, `invest_amount`, `comm_perc`, `level`, `rank_id`, `order_id`) VALUES ('A9858P', 'F6UEPP', 'Expansion Bonus', '2', 100, '2024-10-01 15:50:17', 'Expansion Bonus', '100', 0, 1, '', 164);
UPDATE `user_registration` SET commission_balance = ROUND(commission_balance + 100,2)
WHERE `user_id` = 'A9858P';
UPDATE `user_registration` SET expansion_bonus = ROUND(expansion_bonus + 100,2)
WHERE `user_id` = 'A9858P';
INSERT INTO `matrix_filling` (`placement_id`, `downline_id`, `level`, `matrix`) VALUES ('BQWWLQ', 'F6UEPP', 1, 1);
UPDATE `bv_updation` SET right_carry = right_carry+50, total_right = total_right+50
WHERE `user_id` = 'BQWWLQ';
INSERT INTO `placement_bv_update_history` (`right_carry`, `date`, `from_id`, `user_id`) VALUES ('50', '2024-10-01 15:50:17', 'F6UEPP', 'BQWWLQ');
INSERT INTO `matrix_filling` (`placement_id`, `downline_id`, `level`, `matrix`) VALUES ('ONK9BR', 'F6UEPP', 2, 1);
UPDATE `bv_updation` SET right_carry = right_carry+50, total_right = total_right+50
WHERE `user_id` = 'ONK9BR';
INSERT INTO `placement_bv_update_history` (`right_carry`, `date`, `from_id`, `user_id`) VALUES ('50', '2024-10-01 15:50:17', 'F6UEPP', 'ONK9BR');
INSERT INTO `matrix_filling` (`placement_id`, `downline_id`, `level`, `matrix`) VALUES ('UPD8YA', 'F6UEPP', 3, 1);
UPDATE `bv_updation` SET right_carry = right_carry+50, total_right = total_right+50
WHERE `user_id` = 'UPD8YA';
INSERT INTO `placement_bv_update_history` (`right_carry`, `date`, `from_id`, `user_id`) VALUES ('50', '2024-10-01 15:50:17', 'F6UEPP', 'UPD8YA');
INSERT INTO `matrix_filling` (`placement_id`, `downline_id`, `level`, `matrix`) VALUES ('5YCF3D', 'F6UEPP', 4, 1);
UPDATE `bv_updation` SET right_carry = right_carry+50, total_right = total_right+50
WHERE `user_id` = '5YCF3D';
INSERT INTO `placement_bv_update_history` (`right_carry`, `date`, `from_id`, `user_id`) VALUES ('50', '2024-10-01 15:50:17', 'F6UEPP', '5YCF3D');
INSERT INTO `matrix_filling` (`placement_id`, `downline_id`, `level`, `matrix`) VALUES ('W4YLN8', 'F6UEPP', 5, 1);
UPDATE `bv_updation` SET right_carry = right_carry+50, total_right = total_right+50
WHERE `user_id` = 'W4YLN8';
INSERT INTO `placement_bv_update_history` (`right_carry`, `date`, `from_id`, `user_id`) VALUES ('50', '2024-10-01 15:50:17', 'F6UEPP', 'W4YLN8');
INSERT INTO `matrix_filling` (`placement_id`, `downline_id`, `level`, `matrix`) VALUES ('KZ8EZM', 'F6UEPP', 6, 1);
UPDATE `bv_updation` SET right_carry = right_carry+50, total_right = total_right+50
WHERE `user_id` = 'KZ8EZM';
INSERT INTO `placement_bv_update_history` (`right_carry`, `date`, `from_id`, `user_id`) VALUES ('50', '2024-10-01 15:50:17', 'F6UEPP', 'KZ8EZM');
INSERT INTO `matrix_filling` (`placement_id`, `downline_id`, `level`, `matrix`) VALUES ('Q4OMS8', 'F6UEPP', 7, 1);
UPDATE `bv_updation` SET right_carry = right_carry+50, total_right = total_right+50
WHERE `user_id` = 'Q4OMS8';
INSERT INTO `placement_bv_update_history` (`right_carry`, `date`, `from_id`, `user_id`) VALUES ('50', '2024-10-01 15:50:17', 'F6UEPP', 'Q4OMS8');
INSERT INTO `matrix_filling` (`placement_id`, `downline_id`, `level`, `matrix`) VALUES ('1RD6JR', 'F6UEPP', 8, 1);
UPDATE `bv_updation` SET right_carry = right_carry+50, total_right = total_right+50
WHERE `user_id` = '1RD6JR';
INSERT INTO `placement_bv_update_history` (`right_carry`, `date`, `from_id`, `user_id`) VALUES ('50', '2024-10-01 15:50:17', 'F6UEPP', '1RD6JR');
INSERT INTO `matrix_filling` (`placement_id`, `downline_id`, `level`, `matrix`) VALUES ('RFW11H', 'F6UEPP', 9, 1);
UPDATE `bv_updation` SET right_carry = right_carry+50, total_right = total_right+50
WHERE `user_id` = 'RFW11H';
INSERT INTO `placement_bv_update_history` (`right_carry`, `date`, `from_id`, `user_id`) VALUES ('50', '2024-10-01 15:50:17', 'F6UEPP', 'RFW11H');
INSERT INTO `matrix_filling` (`placement_id`, `downline_id`, `level`, `matrix`) VALUES ('76WP95', 'F6UEPP', 10, 1);
UPDATE `bv_updation` SET right_carry = right_carry+50, total_right = total_right+50
WHERE `user_id` = '76WP95';
INSERT INTO `placement_bv_update_history` (`right_carry`, `date`, `from_id`, `user_id`) VALUES ('50', '2024-10-01 15:50:17', 'F6UEPP', '76WP95');
INSERT INTO `matrix_filling` (`placement_id`, `downline_id`, `level`, `matrix`) VALUES ('OJQCC3', 'F6UEPP', 11, 1);
UPDATE `bv_updation` SET right_carry = right_carry+50, total_right = total_right+50
WHERE `user_id` = 'OJQCC3';
INSERT INTO `placement_bv_update_history` (`right_carry`, `date`, `from_id`, `user_id`) VALUES ('50', '2024-10-01 15:50:17', 'F6UEPP', 'OJQCC3');
INSERT INTO `matrix_filling` (`placement_id`, `downline_id`, `level`, `matrix`) VALUES ('WWJBN8', 'F6UEPP', 12, 1);
UPDATE `bv_updation` SET right_carry = right_carry+50, total_right = total_right+50
WHERE `user_id` = 'WWJBN8';
INSERT INTO `placement_bv_update_history` (`right_carry`, `date`, `from_id`, `user_id`) VALUES ('50', '2024-10-01 15:50:17', 'F6UEPP', 'WWJBN8');
INSERT INTO `matrix_filling` (`placement_id`, `downline_id`, `level`, `matrix`) VALUES ('S315RU', 'F6UEPP', 13, 1);
UPDATE `bv_updation` SET right_carry = right_carry+50, total_right = total_right+50
WHERE `user_id` = 'S315RU';
INSERT INTO `placement_bv_update_history` (`right_carry`, `date`, `from_id`, `user_id`) VALUES ('50', '2024-10-01 15:50:17', 'F6UEPP', 'S315RU');
INSERT INTO `matrix_filling` (`placement_id`, `downline_id`, `level`, `matrix`) VALUES ('ZXPC6A', 'F6UEPP', 14, 1);
UPDATE `bv_updation` SET right_carry = right_carry+50, total_right = total_right+50
WHERE `user_id` = 'ZXPC6A';
INSERT INTO `placement_bv_update_history` (`right_carry`, `date`, `from_id`, `user_id`) VALUES ('50', '2024-10-01 15:50:17', 'F6UEPP', 'ZXPC6A');
INSERT INTO `matrix_filling` (`placement_id`, `downline_id`, `level`, `matrix`) VALUES ('PSXSWJ', 'F6UEPP', 15, 1);
UPDATE `bv_updation` SET right_carry = right_carry+50, total_right = total_right+50
WHERE `user_id` = 'PSXSWJ';
INSERT INTO `placement_bv_update_history` (`right_carry`, `date`, `from_id`, `user_id`) VALUES ('50', '2024-10-01 15:50:17', 'F6UEPP', 'PSXSWJ');
INSERT INTO `matrix_filling` (`placement_id`, `downline_id`, `level`, `matrix`) VALUES ('K3DX1Z', 'F6UEPP', 16, 1);
UPDATE `bv_updation` SET right_carry = right_carry+50, total_right = total_right+50
WHERE `user_id` = 'K3DX1Z';
INSERT INTO `placement_bv_update_history` (`right_carry`, `date`, `from_id`, `user_id`) VALUES ('50', '2024-10-01 15:50:17', 'F6UEPP', 'K3DX1Z');
INSERT INTO `matrix_filling` (`placement_id`, `downline_id`, `level`, `matrix`) VALUES ('SV3HCM', 'F6UEPP', 17, 1);
UPDATE `bv_updation` SET right_carry = right_carry+50, total_right = total_right+50
WHERE `user_id` = 'SV3HCM';
INSERT INTO `placement_bv_update_history` (`right_carry`, `date`, `from_id`, `user_id`) VALUES ('50', '2024-10-01 15:50:17', 'F6UEPP', 'SV3HCM');
INSERT INTO `matrix_filling` (`placement_id`, `downline_id`, `level`, `matrix`) VALUES ('2XFV6Q', 'F6UEPP', 18, 1);
UPDATE `bv_updation` SET right_carry = right_carry+50, total_right = total_right+50
WHERE `user_id` = '2XFV6Q';
INSERT INTO `placement_bv_update_history` (`right_carry`, `date`, `from_id`, `user_id`) VALUES ('50', '2024-10-01 15:50:17', 'F6UEPP', '2XFV6Q');
INSERT INTO `matrix_filling` (`placement_id`, `downline_id`, `level`, `matrix`) VALUES ('QNTB7K', 'F6UEPP', 19, 1);
UPDATE `bv_updation` SET right_carry = right_carry+50, total_right = total_right+50
WHERE `user_id` = 'QNTB7K';
INSERT INTO `placement_bv_update_history` (`right_carry`, `date`, `from_id`, `user_id`) VALUES ('50', '2024-10-01 15:50:17', 'F6UEPP', 'QNTB7K');
UPDATE `bv_updation` SET sponsor_right_carry = sponsor_right_carry+50, sponsor_total_right = sponsor_total_right+50
WHERE `user_id` = 'QNTB7K';
INSERT INTO `sponsor_bv_update_history` (`right_carry`, `date`, `user_id`) VALUES ('50', '2024-10-01 15:50:17', 'QNTB7K');
INSERT INTO `matrix_filling` (`placement_id`, `downline_id`, `level`, `matrix`) VALUES ('DM1Y9N', 'F6UEPP', 20, 1);
UPDATE `bv_updation` SET left_carry = left_carry+50, total_left = total_left+50
WHERE `user_id` = 'DM1Y9N';
INSERT INTO `placement_bv_update_history` (`left_carry`, `date`, `from_id`, `user_id`) VALUES ('50', '2024-10-01 15:50:17', 'F6UEPP', 'DM1Y9N');
INSERT INTO `matrix_filling` (`placement_id`, `downline_id`, `level`, `matrix`) VALUES ('A9858P', 'F6UEPP', 21, 1);
UPDATE `bv_updation` SET left_carry = left_carry+50, total_left = total_left+50
WHERE `user_id` = 'A9858P';
INSERT INTO `placement_bv_update_history` (`left_carry`, `date`, `from_id`, `user_id`) VALUES ('50', '2024-10-01 15:50:17', 'F6UEPP', 'A9858P');
INSERT INTO `matrix_filling` (`placement_id`, `downline_id`, `level`, `matrix`) VALUES ('admin', 'F6UEPP', 22, 1);
UPDATE `bv_updation` SET right_carry = right_carry+50, total_right = total_right+50
WHERE `user_id` = 'admin';
INSERT INTO `placement_bv_update_history` (`right_carry`, `date`, `from_id`, `user_id`) VALUES ('50', '2024-10-01 15:50:17', 'F6UEPP', 'admin');
INSERT INTO `package_purchase_history` (`user_id`, `package_id`, `reg_fee`, `package_name`, `monthly_fee`, `type`, `date`, `payment_option`) VALUES ('F6UEPP', '2', '595', 'Traveler Pro', '150', 'sign_up', '2024-10-01 15:50:17', 'free');
UPDATE `user_registration` SET `popup_seen` = 'yes'
WHERE `user_id` = '7RY1ZP';
UPDATE `user_registration` SET `popup_seen` = 'yes'
WHERE `user_id` = 'QNTB7K';
UPDATE `ci_sessions` SET `timestamp` = 1727815854, `data` = '__ci_last_regenerate|i:1727815854;id|s:4:\"2025\";user_id|s:6:\"7RY1ZP\";username|s:6:\"frank1\";sponsor_id|s:6:\"ADZTOG\";fullname|s:16:\"Francisco Prieto\";email|s:16:\"frank1@gmail.com\";phone|s:10:\"3057610606\";isLogIn|b:1;'
WHERE `id` = 'c76dba4ff8a96685c113308dd6bf817b21428253';
UPDATE `user_registration` SET `uid` = '2339', `user_id` = 'KESTNP', `username` = 'sofia1', `sponsor_id` = 'QNTB7K', `vacant` = 'no', `f_name` = 'Sofia', `l_name` = 'Leal', `address` = '8100 SW 14 Terr', `position` = 'right', `email` = 'sofia1@gmail.com', `password` = 'dc3dd2fddeb4b84207734bae554e39a0', `phone` = '7862876762', `country` = 'United States', `state` = 'Florida', `city` = 'Miami', `street` = '8100 SW 14 Terr', `zip_code` = '33144', `reg_ip` = '172.70.83.8', `status` = 1, `package_id` = '2', `rank_id` = 1, `highest_rank` = 1, `cycle_rank_id` = 1, `created` = '2024-10-01 15:51:47', `subscription_date` = '2024-10-31', `google_secret` = 'IR7CZ5XQETHXBNSK'
WHERE `uid` = '2339';
INSERT INTO `user_registration` (`uid`, `user_id`, `username`, `sponsor_id`, `placement_id`, `vacant`, `f_name`, `l_name`, `address`, `position`, `email`, `password`, `phone`, `reg_ip`, `status`, `created`) VALUES (NULL, 'COCDPA', 'tTGmhFhb', 'KESTNP', 'KESTNP', 'yes', '', '', '', 'left', '@mail.com', '', '', '', 0, '2024-10-01 15:51:47');
INSERT INTO `user_registration` (`uid`, `user_id`, `username`, `sponsor_id`, `placement_id`, `vacant`, `f_name`, `l_name`, `address`, `position`, `email`, `password`, `phone`, `reg_ip`, `status`, `created`) VALUES (NULL, 'HCSGFG', 'DYkiPeCn', 'KESTNP', 'KESTNP', 'yes', '', '', '', 'right', '@mail.com', '', '', '', 0, '2024-10-01 15:51:47');
INSERT INTO `bv_updation` (`user_id`) VALUES ('KESTNP');
UPDATE `user_registration` SET total_ref_count = total_ref_count+1
WHERE `user_id` = 'QNTB7K';
UPDATE `user_registration` SET total_downlines = total_downlines+1
WHERE `user_id` = 'F6UEPP';
UPDATE `user_registration` SET right_downlines = right_downlines+1
WHERE `user_id` = 'F6UEPP';
UPDATE `user_registration` SET total_downlines = total_downlines+1
WHERE `user_id` = 'BQWWLQ';
UPDATE `user_registration` SET right_downlines = right_downlines+1
WHERE `user_id` = 'BQWWLQ';
UPDATE `user_registration` SET total_downlines = total_downlines+1
WHERE `user_id` = 'ONK9BR';
UPDATE `user_registration` SET right_downlines = right_downlines+1
WHERE `user_id` = 'ONK9BR';
UPDATE `user_registration` SET total_downlines = total_downlines+1
WHERE `user_id` = 'UPD8YA';
UPDATE `user_registration` SET right_downlines = right_downlines+1
WHERE `user_id` = 'UPD8YA';
UPDATE `user_registration` SET total_downlines = total_downlines+1
WHERE `user_id` = '5YCF3D';
UPDATE `user_registration` SET right_downlines = right_downlines+1
WHERE `user_id` = '5YCF3D';
UPDATE `user_registration` SET total_downlines = total_downlines+1
WHERE `user_id` = 'W4YLN8';
UPDATE `user_registration` SET right_downlines = right_downlines+1
WHERE `user_id` = 'W4YLN8';
UPDATE `user_registration` SET total_downlines = total_downlines+1
WHERE `user_id` = 'KZ8EZM';
UPDATE `user_registration` SET right_downlines = right_downlines+1
WHERE `user_id` = 'KZ8EZM';
UPDATE `user_registration` SET total_downlines = total_downlines+1
WHERE `user_id` = 'Q4OMS8';
UPDATE `user_registration` SET right_downlines = right_downlines+1
WHERE `user_id` = 'Q4OMS8';
UPDATE `user_registration` SET total_downlines = total_downlines+1
WHERE `user_id` = '1RD6JR';
UPDATE `user_registration` SET right_downlines = right_downlines+1
WHERE `user_id` = '1RD6JR';
UPDATE `user_registration` SET total_downlines = total_downlines+1
WHERE `user_id` = 'RFW11H';
UPDATE `user_registration` SET right_downlines = right_downlines+1
WHERE `user_id` = 'RFW11H';
UPDATE `user_registration` SET total_downlines = total_downlines+1
WHERE `user_id` = '76WP95';
UPDATE `user_registration` SET right_downlines = right_downlines+1
WHERE `user_id` = '76WP95';
UPDATE `user_registration` SET total_downlines = total_downlines+1
WHERE `user_id` = 'OJQCC3';
UPDATE `user_registration` SET right_downlines = right_downlines+1
WHERE `user_id` = 'OJQCC3';
UPDATE `user_registration` SET total_downlines = total_downlines+1
WHERE `user_id` = 'WWJBN8';
UPDATE `user_registration` SET right_downlines = right_downlines+1
WHERE `user_id` = 'WWJBN8';
UPDATE `user_registration` SET total_downlines = total_downlines+1
WHERE `user_id` = 'S315RU';
UPDATE `user_registration` SET right_downlines = right_downlines+1
WHERE `user_id` = 'S315RU';
UPDATE `user_registration` SET total_downlines = total_downlines+1
WHERE `user_id` = 'ZXPC6A';
UPDATE `user_registration` SET right_downlines = right_downlines+1
WHERE `user_id` = 'ZXPC6A';
UPDATE `user_registration` SET total_downlines = total_downlines+1
WHERE `user_id` = 'PSXSWJ';
UPDATE `user_registration` SET right_downlines = right_downlines+1
WHERE `user_id` = 'PSXSWJ';
UPDATE `user_registration` SET total_downlines = total_downlines+1
WHERE `user_id` = 'K3DX1Z';
UPDATE `user_registration` SET right_downlines = right_downlines+1
WHERE `user_id` = 'K3DX1Z';
UPDATE `user_registration` SET total_downlines = total_downlines+1
WHERE `user_id` = 'SV3HCM';
UPDATE `user_registration` SET right_downlines = right_downlines+1
WHERE `user_id` = 'SV3HCM';
UPDATE `user_registration` SET total_downlines = total_downlines+1
WHERE `user_id` = '2XFV6Q';
UPDATE `user_registration` SET right_downlines = right_downlines+1
WHERE `user_id` = '2XFV6Q';
UPDATE `user_registration` SET total_downlines = total_downlines+1
WHERE `user_id` = 'QNTB7K';
UPDATE `user_registration` SET right_downlines = right_downlines+1
WHERE `user_id` = 'QNTB7K';
UPDATE `user_registration` SET right_ref_count = right_ref_count+1
WHERE `user_id` = 'QNTB7K';
UPDATE `user_registration` SET active_right = active_right+1
WHERE `user_id` = 'QNTB7K';
UPDATE `user_registration` SET total_downlines = total_downlines+1
WHERE `user_id` = 'DM1Y9N';
UPDATE `user_registration` SET left_downlines = left_downlines+1
WHERE `user_id` = 'DM1Y9N';
UPDATE `user_registration` SET total_downlines = total_downlines+1
WHERE `user_id` = 'A9858P';
UPDATE `user_registration` SET left_downlines = left_downlines+1
WHERE `user_id` = 'A9858P';
UPDATE `user_registration` SET total_downlines = total_downlines+1
WHERE `user_id` = 'admin';
UPDATE `user_registration` SET right_downlines = right_downlines+1
WHERE `user_id` = 'admin';
INSERT INTO `investment` (`invest_date`, `user_id`, `type`, `amount`, `package_id`) VALUES ('2024-10-01 15:51:47', 'KESTNP', 'register', '595', '2');
INSERT INTO `earnings` (`user_id`, `Purchaser_id`, `earning_type`, `package_id`, `amount`, `date`, `comments`, `invest_amount`, `comm_perc`, `level`, `rank_id`, `order_id`) VALUES ('QNTB7K', 'KESTNP', 'Direct Referral Bonus', '2', '100', '2024-10-01 15:51:47', 'Direct Referral Bonus', 0, 0, 1, '', 165);
UPDATE `user_registration` SET commission_balance = ROUND(commission_balance + 100,2)
WHERE `user_id` = 'QNTB7K';
UPDATE `user_registration` SET referral_bonus = ROUND(referral_bonus + 100,2)
WHERE `user_id` = 'QNTB7K';
INSERT INTO `earnings` (`user_id`, `Purchaser_id`, `earning_type`, `package_id`, `amount`, `date`, `comments`, `invest_amount`, `comm_perc`, `level`, `rank_id`, `order_id`) VALUES ('A9858P', 'KESTNP', 'Expansion Bonus', '2', 100, '2024-10-01 15:51:47', 'Expansion Bonus', '100', 0, 1, '', 165);
UPDATE `user_registration` SET commission_balance = ROUND(commission_balance + 100,2)
WHERE `user_id` = 'A9858P';
UPDATE `user_registration` SET expansion_bonus = ROUND(expansion_bonus + 100,2)
WHERE `user_id` = 'A9858P';
INSERT INTO `matrix_filling` (`placement_id`, `downline_id`, `level`, `matrix`) VALUES ('F6UEPP', 'KESTNP', 1, 1);
UPDATE `bv_updation` SET right_carry = right_carry+50, total_right = total_right+50
WHERE `user_id` = 'F6UEPP';
INSERT INTO `placement_bv_update_history` (`right_carry`, `date`, `from_id`, `user_id`) VALUES ('50', '2024-10-01 15:51:47', 'KESTNP', 'F6UEPP');
INSERT INTO `matrix_filling` (`placement_id`, `downline_id`, `level`, `matrix`) VALUES ('BQWWLQ', 'KESTNP', 2, 1);
UPDATE `bv_updation` SET right_carry = right_carry+50, total_right = total_right+50
WHERE `user_id` = 'BQWWLQ';
INSERT INTO `placement_bv_update_history` (`right_carry`, `date`, `from_id`, `user_id`) VALUES ('50', '2024-10-01 15:51:47', 'KESTNP', 'BQWWLQ');
INSERT INTO `matrix_filling` (`placement_id`, `downline_id`, `level`, `matrix`) VALUES ('ONK9BR', 'KESTNP', 3, 1);
UPDATE `bv_updation` SET right_carry = right_carry+50, total_right = total_right+50
WHERE `user_id` = 'ONK9BR';
INSERT INTO `placement_bv_update_history` (`right_carry`, `date`, `from_id`, `user_id`) VALUES ('50', '2024-10-01 15:51:47', 'KESTNP', 'ONK9BR');
INSERT INTO `matrix_filling` (`placement_id`, `downline_id`, `level`, `matrix`) VALUES ('UPD8YA', 'KESTNP', 4, 1);
UPDATE `bv_updation` SET right_carry = right_carry+50, total_right = total_right+50
WHERE `user_id` = 'UPD8YA';
INSERT INTO `placement_bv_update_history` (`right_carry`, `date`, `from_id`, `user_id`) VALUES ('50', '2024-10-01 15:51:47', 'KESTNP', 'UPD8YA');
INSERT INTO `matrix_filling` (`placement_id`, `downline_id`, `level`, `matrix`) VALUES ('5YCF3D', 'KESTNP', 5, 1);
UPDATE `bv_updation` SET right_carry = right_carry+50, total_right = total_right+50
WHERE `user_id` = '5YCF3D';
INSERT INTO `placement_bv_update_history` (`right_carry`, `date`, `from_id`, `user_id`) VALUES ('50', '2024-10-01 15:51:47', 'KESTNP', '5YCF3D');
INSERT INTO `matrix_filling` (`placement_id`, `downline_id`, `level`, `matrix`) VALUES ('W4YLN8', 'KESTNP', 6, 1);
UPDATE `bv_updation` SET right_carry = right_carry+50, total_right = total_right+50
WHERE `user_id` = 'W4YLN8';
INSERT INTO `placement_bv_update_history` (`right_carry`, `date`, `from_id`, `user_id`) VALUES ('50', '2024-10-01 15:51:47', 'KESTNP', 'W4YLN8');
INSERT INTO `matrix_filling` (`placement_id`, `downline_id`, `level`, `matrix`) VALUES ('KZ8EZM', 'KESTNP', 7, 1);
UPDATE `bv_updation` SET right_carry = right_carry+50, total_right = total_right+50
WHERE `user_id` = 'KZ8EZM';
INSERT INTO `placement_bv_update_history` (`right_carry`, `date`, `from_id`, `user_id`) VALUES ('50', '2024-10-01 15:51:47', 'KESTNP', 'KZ8EZM');
INSERT INTO `matrix_filling` (`placement_id`, `downline_id`, `level`, `matrix`) VALUES ('Q4OMS8', 'KESTNP', 8, 1);
UPDATE `bv_updation` SET right_carry = right_carry+50, total_right = total_right+50
WHERE `user_id` = 'Q4OMS8';
INSERT INTO `placement_bv_update_history` (`right_carry`, `date`, `from_id`, `user_id`) VALUES ('50', '2024-10-01 15:51:47', 'KESTNP', 'Q4OMS8');
INSERT INTO `matrix_filling` (`placement_id`, `downline_id`, `level`, `matrix`) VALUES ('1RD6JR', 'KESTNP', 9, 1);
UPDATE `bv_updation` SET right_carry = right_carry+50, total_right = total_right+50
WHERE `user_id` = '1RD6JR';
INSERT INTO `placement_bv_update_history` (`right_carry`, `date`, `from_id`, `user_id`) VALUES ('50', '2024-10-01 15:51:47', 'KESTNP', '1RD6JR');
INSERT INTO `matrix_filling` (`placement_id`, `downline_id`, `level`, `matrix`) VALUES ('RFW11H', 'KESTNP', 10, 1);
UPDATE `bv_updation` SET right_carry = right_carry+50, total_right = total_right+50
WHERE `user_id` = 'RFW11H';
INSERT INTO `placement_bv_update_history` (`right_carry`, `date`, `from_id`, `user_id`) VALUES ('50', '2024-10-01 15:51:47', 'KESTNP', 'RFW11H');
INSERT INTO `matrix_filling` (`placement_id`, `downline_id`, `level`, `matrix`) VALUES ('76WP95', 'KESTNP', 11, 1);
UPDATE `bv_updation` SET right_carry = right_carry+50, total_right = total_right+50
WHERE `user_id` = '76WP95';
INSERT INTO `placement_bv_update_history` (`right_carry`, `date`, `from_id`, `user_id`) VALUES ('50', '2024-10-01 15:51:47', 'KESTNP', '76WP95');
INSERT INTO `matrix_filling` (`placement_id`, `downline_id`, `level`, `matrix`) VALUES ('OJQCC3', 'KESTNP', 12, 1);
UPDATE `bv_updation` SET right_carry = right_carry+50, total_right = total_right+50
WHERE `user_id` = 'OJQCC3';
INSERT INTO `placement_bv_update_history` (`right_carry`, `date`, `from_id`, `user_id`) VALUES ('50', '2024-10-01 15:51:47', 'KESTNP', 'OJQCC3');
INSERT INTO `matrix_filling` (`placement_id`, `downline_id`, `level`, `matrix`) VALUES ('WWJBN8', 'KESTNP', 13, 1);
UPDATE `bv_updation` SET right_carry = right_carry+50, total_right = total_right+50
WHERE `user_id` = 'WWJBN8';
INSERT INTO `placement_bv_update_history` (`right_carry`, `date`, `from_id`, `user_id`) VALUES ('50', '2024-10-01 15:51:47', 'KESTNP', 'WWJBN8');
INSERT INTO `matrix_filling` (`placement_id`, `downline_id`, `level`, `matrix`) VALUES ('S315RU', 'KESTNP', 14, 1);
UPDATE `bv_updation` SET right_carry = right_carry+50, total_right = total_right+50
WHERE `user_id` = 'S315RU';
INSERT INTO `placement_bv_update_history` (`right_carry`, `date`, `from_id`, `user_id`) VALUES ('50', '2024-10-01 15:51:47', 'KESTNP', 'S315RU');
INSERT INTO `matrix_filling` (`placement_id`, `downline_id`, `level`, `matrix`) VALUES ('ZXPC6A', 'KESTNP', 15, 1);
UPDATE `bv_updation` SET right_carry = right_carry+50, total_right = total_right+50
WHERE `user_id` = 'ZXPC6A';
INSERT INTO `placement_bv_update_history` (`right_carry`, `date`, `from_id`, `user_id`) VALUES ('50', '2024-10-01 15:51:47', 'KESTNP', 'ZXPC6A');
INSERT INTO `matrix_filling` (`placement_id`, `downline_id`, `level`, `matrix`) VALUES ('PSXSWJ', 'KESTNP', 16, 1);
UPDATE `bv_updation` SET right_carry = right_carry+50, total_right = total_right+50
WHERE `user_id` = 'PSXSWJ';
INSERT INTO `placement_bv_update_history` (`right_carry`, `date`, `from_id`, `user_id`) VALUES ('50', '2024-10-01 15:51:47', 'KESTNP', 'PSXSWJ');
INSERT INTO `matrix_filling` (`placement_id`, `downline_id`, `level`, `matrix`) VALUES ('K3DX1Z', 'KESTNP', 17, 1);
UPDATE `bv_updation` SET right_carry = right_carry+50, total_right = total_right+50
WHERE `user_id` = 'K3DX1Z';
INSERT INTO `placement_bv_update_history` (`right_carry`, `date`, `from_id`, `user_id`) VALUES ('50', '2024-10-01 15:51:47', 'KESTNP', 'K3DX1Z');
INSERT INTO `matrix_filling` (`placement_id`, `downline_id`, `level`, `matrix`) VALUES ('SV3HCM', 'KESTNP', 18, 1);
UPDATE `bv_updation` SET right_carry = right_carry+50, total_right = total_right+50
WHERE `user_id` = 'SV3HCM';
INSERT INTO `placement_bv_update_history` (`right_carry`, `date`, `from_id`, `user_id`) VALUES ('50', '2024-10-01 15:51:47', 'KESTNP', 'SV3HCM');
INSERT INTO `matrix_filling` (`placement_id`, `downline_id`, `level`, `matrix`) VALUES ('2XFV6Q', 'KESTNP', 19, 1);
UPDATE `bv_updation` SET right_carry = right_carry+50, total_right = total_right+50
WHERE `user_id` = '2XFV6Q';
INSERT INTO `placement_bv_update_history` (`right_carry`, `date`, `from_id`, `user_id`) VALUES ('50', '2024-10-01 15:51:47', 'KESTNP', '2XFV6Q');
INSERT INTO `matrix_filling` (`placement_id`, `downline_id`, `level`, `matrix`) VALUES ('QNTB7K', 'KESTNP', 20, 1);
UPDATE `bv_updation` SET right_carry = right_carry+50, total_right = total_right+50
WHERE `user_id` = 'QNTB7K';
INSERT INTO `placement_bv_update_history` (`right_carry`, `date`, `from_id`, `user_id`) VALUES ('50', '2024-10-01 15:51:47', 'KESTNP', 'QNTB7K');
UPDATE `bv_updation` SET sponsor_right_carry = sponsor_right_carry+50, sponsor_total_right = sponsor_total_right+50
WHERE `user_id` = 'QNTB7K';
INSERT INTO `sponsor_bv_update_history` (`right_carry`, `date`, `user_id`) VALUES ('50', '2024-10-01 15:51:47', 'QNTB7K');
INSERT INTO `matrix_filling` (`placement_id`, `downline_id`, `level`, `matrix`) VALUES ('DM1Y9N', 'KESTNP', 21, 1);
UPDATE `bv_updation` SET left_carry = left_carry+50, total_left = total_left+50
WHERE `user_id` = 'DM1Y9N';
INSERT INTO `placement_bv_update_history` (`left_carry`, `date`, `from_id`, `user_id`) VALUES ('50', '2024-10-01 15:51:48', 'KESTNP', 'DM1Y9N');
INSERT INTO `matrix_filling` (`placement_id`, `downline_id`, `level`, `matrix`) VALUES ('A9858P', 'KESTNP', 22, 1);
UPDATE `bv_updation` SET left_carry = left_carry+50, total_left = total_left+50
WHERE `user_id` = 'A9858P';
INSERT INTO `placement_bv_update_history` (`left_carry`, `date`, `from_id`, `user_id`) VALUES ('50', '2024-10-01 15:51:48', 'KESTNP', 'A9858P');
INSERT INTO `matrix_filling` (`placement_id`, `downline_id`, `level`, `matrix`) VALUES ('admin', 'KESTNP', 23, 1);
UPDATE `bv_updation` SET right_carry = right_carry+50, total_right = total_right+50
WHERE `user_id` = 'admin';
INSERT INTO `placement_bv_update_history` (`right_carry`, `date`, `from_id`, `user_id`) VALUES ('50', '2024-10-01 15:51:48', 'KESTNP', 'admin');
INSERT INTO `package_purchase_history` (`user_id`, `package_id`, `reg_fee`, `package_name`, `monthly_fee`, `type`, `date`, `payment_option`) VALUES ('KESTNP', '2', '595', 'Traveler Pro', '150', 'sign_up', '2024-10-01 15:51:48', 'free');
UPDATE `user_registration` SET `uid` = '2334', `user_id` = 'F8WLAW', `username` = 'laurita1', `sponsor_id` = '7RY1ZP', `vacant` = 'no', `f_name` = 'Laura', `l_name` = 'fernández', `address` = '6520 Kendale Lakes Dr ', `position` = 'left', `email` = 'laurita1@gmail.com', `password` = 'cb411f4de8b4bb93c98a6af28bd23335', `phone` = '3057610606', `country` = 'United States', `state` = 'Florida', `city` = 'Miami', `street` = '6520 Kendale Lakes Dr', `zip_code` = '33183', `reg_ip` = '172.70.254.164', `status` = 1, `package_id` = '2', `rank_id` = 1, `highest_rank` = 1, `cycle_rank_id` = 1, `created` = '2024-10-01 15:53:00', `subscription_date` = '2024-10-31', `google_secret` = 'FHKJ36U5PWLDSXTS'
WHERE `uid` = '2334';
INSERT INTO `user_registration` (`uid`, `user_id`, `username`, `sponsor_id`, `placement_id`, `vacant`, `f_name`, `l_name`, `address`, `position`, `email`, `password`, `phone`, `reg_ip`, `status`, `created`) VALUES (NULL, 'HOSFUB', 'xCAEGiWJ', 'F8WLAW', 'F8WLAW', 'yes', '', '', '', 'left', '@mail.com', '', '', '', 0, '2024-10-01 15:53:00');
INSERT INTO `user_registration` (`uid`, `user_id`, `username`, `sponsor_id`, `placement_id`, `vacant`, `f_name`, `l_name`, `address`, `position`, `email`, `password`, `phone`, `reg_ip`, `status`, `created`) VALUES (NULL, 'ABTFIS', 'fnPbDyeZ', 'F8WLAW', 'F8WLAW', 'yes', '', '', '', 'right', '@mail.com', '', '', '', 0, '2024-10-01 15:53:00');
INSERT INTO `bv_updation` (`user_id`) VALUES ('F8WLAW');
UPDATE `user_registration` SET total_ref_count = total_ref_count+1
WHERE `user_id` = '7RY1ZP';
UPDATE `user_registration` SET total_downlines = total_downlines+1
WHERE `user_id` = '9H9OZM';
UPDATE `user_registration` SET left_downlines = left_downlines+1
WHERE `user_id` = '9H9OZM';
UPDATE `user_registration` SET total_downlines = total_downlines+1
WHERE `user_id` = 'DLP7GD';
UPDATE `user_registration` SET left_downlines = left_downlines+1
WHERE `user_id` = 'DLP7GD';
UPDATE `user_registration` SET total_downlines = total_downlines+1
WHERE `user_id` = 'VG9TO9';
UPDATE `user_registration` SET left_downlines = left_downlines+1
WHERE `user_id` = 'VG9TO9';
UPDATE `user_registration` SET total_downlines = total_downlines+1
WHERE `user_id` = 'L8R95F';
UPDATE `user_registration` SET left_downlines = left_downlines+1
WHERE `user_id` = 'L8R95F';
UPDATE `user_registration` SET total_downlines = total_downlines+1
WHERE `user_id` = 'Y9DPUD';
UPDATE `user_registration` SET left_downlines = left_downlines+1
WHERE `user_id` = 'Y9DPUD';
UPDATE `user_registration` SET total_downlines = total_downlines+1
WHERE `user_id` = '5H9TH3';
UPDATE `user_registration` SET left_downlines = left_downlines+1
WHERE `user_id` = '5H9TH3';
UPDATE `user_registration` SET total_downlines = total_downlines+1
WHERE `user_id` = 'MIT9KW';
UPDATE `user_registration` SET left_downlines = left_downlines+1
WHERE `user_id` = 'MIT9KW';
UPDATE `user_registration` SET total_downlines = total_downlines+1
WHERE `user_id` = 'IMUABZ';
UPDATE `user_registration` SET left_downlines = left_downlines+1
WHERE `user_id` = 'IMUABZ';
UPDATE `user_registration` SET total_downlines = total_downlines+1
WHERE `user_id` = 'G54QC4';
UPDATE `user_registration` SET left_downlines = left_downlines+1
WHERE `user_id` = 'G54QC4';
UPDATE `user_registration` SET total_downlines = total_downlines+1
WHERE `user_id` = '9JPZJL';
UPDATE `user_registration` SET left_downlines = left_downlines+1
WHERE `user_id` = '9JPZJL';
UPDATE `user_registration` SET total_downlines = total_downlines+1
WHERE `user_id` = 'E3PPZ3';
UPDATE `user_registration` SET left_downlines = left_downlines+1
WHERE `user_id` = 'E3PPZ3';
UPDATE `user_registration` SET total_downlines = total_downlines+1
WHERE `user_id` = '7RY1ZP';
UPDATE `user_registration` SET left_downlines = left_downlines+1
WHERE `user_id` = '7RY1ZP';
UPDATE `user_registration` SET left_ref_count = left_ref_count+1
WHERE `user_id` = '7RY1ZP';
UPDATE `user_registration` SET active_left = active_left+1
WHERE `user_id` = '7RY1ZP';
UPDATE `user_registration` SET total_downlines = total_downlines+1
WHERE `user_id` = 'ADZTOG';
UPDATE `user_registration` SET right_downlines = right_downlines+1
WHERE `user_id` = 'ADZTOG';
UPDATE `user_registration` SET total_downlines = total_downlines+1
WHERE `user_id` = 'A9858P';
UPDATE `user_registration` SET right_downlines = right_downlines+1
WHERE `user_id` = 'A9858P';
UPDATE `user_registration` SET total_downlines = total_downlines+1
WHERE `user_id` = 'admin';
UPDATE `user_registration` SET right_downlines = right_downlines+1
WHERE `user_id` = 'admin';
INSERT INTO `investment` (`invest_date`, `user_id`, `type`, `amount`, `package_id`) VALUES ('2024-10-01 15:53:00', 'F8WLAW', 'register', '595', '2');
INSERT INTO `earnings` (`user_id`, `Purchaser_id`, `earning_type`, `package_id`, `amount`, `date`, `comments`, `invest_amount`, `comm_perc`, `level`, `rank_id`, `order_id`) VALUES ('7RY1ZP', 'F8WLAW', 'Direct Referral Bonus', '2', '100', '2024-10-01 15:53:00', 'Direct Referral Bonus', 0, 0, 1, '', 166);
UPDATE `user_registration` SET commission_balance = ROUND(commission_balance + 100,2)
WHERE `user_id` = '7RY1ZP';
UPDATE `user_registration` SET referral_bonus = ROUND(referral_bonus + 100,2)
WHERE `user_id` = '7RY1ZP';
INSERT INTO `earnings` (`user_id`, `Purchaser_id`, `earning_type`, `package_id`, `amount`, `date`, `comments`, `invest_amount`, `comm_perc`, `level`, `rank_id`, `order_id`) VALUES ('A9858P', 'F8WLAW', 'Expansion Bonus', '2', 100, '2024-10-01 15:53:00', 'Expansion Bonus', '100', 0, 1, '', 166);
UPDATE `user_registration` SET commission_balance = ROUND(commission_balance + 100,2)
WHERE `user_id` = 'A9858P';
UPDATE `user_registration` SET expansion_bonus = ROUND(expansion_bonus + 100,2)
WHERE `user_id` = 'A9858P';
INSERT INTO `matrix_filling` (`placement_id`, `downline_id`, `level`, `matrix`) VALUES ('9H9OZM', 'F8WLAW', 1, 1);
UPDATE `bv_updation` SET left_carry = left_carry+50, total_left = total_left+50
WHERE `user_id` = '9H9OZM';
INSERT INTO `placement_bv_update_history` (`left_carry`, `date`, `from_id`, `user_id`) VALUES ('50', '2024-10-01 15:53:00', 'F8WLAW', '9H9OZM');
INSERT INTO `matrix_filling` (`placement_id`, `downline_id`, `level`, `matrix`) VALUES ('DLP7GD', 'F8WLAW', 2, 1);
UPDATE `bv_updation` SET left_carry = left_carry+50, total_left = total_left+50
WHERE `user_id` = 'DLP7GD';
INSERT INTO `placement_bv_update_history` (`left_carry`, `date`, `from_id`, `user_id`) VALUES ('50', '2024-10-01 15:53:00', 'F8WLAW', 'DLP7GD');
INSERT INTO `matrix_filling` (`placement_id`, `downline_id`, `level`, `matrix`) VALUES ('VG9TO9', 'F8WLAW', 3, 1);
UPDATE `bv_updation` SET left_carry = left_carry+50, total_left = total_left+50
WHERE `user_id` = 'VG9TO9';
INSERT INTO `placement_bv_update_history` (`left_carry`, `date`, `from_id`, `user_id`) VALUES ('50', '2024-10-01 15:53:00', 'F8WLAW', 'VG9TO9');
INSERT INTO `matrix_filling` (`placement_id`, `downline_id`, `level`, `matrix`) VALUES ('L8R95F', 'F8WLAW', 4, 1);
UPDATE `bv_updation` SET left_carry = left_carry+50, total_left = total_left+50
WHERE `user_id` = 'L8R95F';
INSERT INTO `placement_bv_update_history` (`left_carry`, `date`, `from_id`, `user_id`) VALUES ('50', '2024-10-01 15:53:00', 'F8WLAW', 'L8R95F');
INSERT INTO `matrix_filling` (`placement_id`, `downline_id`, `level`, `matrix`) VALUES ('Y9DPUD', 'F8WLAW', 5, 1);
UPDATE `bv_updation` SET left_carry = left_carry+50, total_left = total_left+50
WHERE `user_id` = 'Y9DPUD';
INSERT INTO `placement_bv_update_history` (`left_carry`, `date`, `from_id`, `user_id`) VALUES ('50', '2024-10-01 15:53:00', 'F8WLAW', 'Y9DPUD');
INSERT INTO `matrix_filling` (`placement_id`, `downline_id`, `level`, `matrix`) VALUES ('5H9TH3', 'F8WLAW', 6, 1);
UPDATE `bv_updation` SET left_carry = left_carry+50, total_left = total_left+50
WHERE `user_id` = '5H9TH3';
INSERT INTO `placement_bv_update_history` (`left_carry`, `date`, `from_id`, `user_id`) VALUES ('50', '2024-10-01 15:53:00', 'F8WLAW', '5H9TH3');
INSERT INTO `matrix_filling` (`placement_id`, `downline_id`, `level`, `matrix`) VALUES ('MIT9KW', 'F8WLAW', 7, 1);
UPDATE `bv_updation` SET left_carry = left_carry+50, total_left = total_left+50
WHERE `user_id` = 'MIT9KW';
INSERT INTO `placement_bv_update_history` (`left_carry`, `date`, `from_id`, `user_id`) VALUES ('50', '2024-10-01 15:53:00', 'F8WLAW', 'MIT9KW');
INSERT INTO `matrix_filling` (`placement_id`, `downline_id`, `level`, `matrix`) VALUES ('IMUABZ', 'F8WLAW', 8, 1);
UPDATE `bv_updation` SET left_carry = left_carry+50, total_left = total_left+50
WHERE `user_id` = 'IMUABZ';
INSERT INTO `placement_bv_update_history` (`left_carry`, `date`, `from_id`, `user_id`) VALUES ('50', '2024-10-01 15:53:00', 'F8WLAW', 'IMUABZ');
INSERT INTO `matrix_filling` (`placement_id`, `downline_id`, `level`, `matrix`) VALUES ('G54QC4', 'F8WLAW', 9, 1);
UPDATE `bv_updation` SET left_carry = left_carry+50, total_left = total_left+50
WHERE `user_id` = 'G54QC4';
INSERT INTO `placement_bv_update_history` (`left_carry`, `date`, `from_id`, `user_id`) VALUES ('50', '2024-10-01 15:53:00', 'F8WLAW', 'G54QC4');
INSERT INTO `matrix_filling` (`placement_id`, `downline_id`, `level`, `matrix`) VALUES ('9JPZJL', 'F8WLAW', 10, 1);
UPDATE `bv_updation` SET left_carry = left_carry+50, total_left = total_left+50
WHERE `user_id` = '9JPZJL';
INSERT INTO `placement_bv_update_history` (`left_carry`, `date`, `from_id`, `user_id`) VALUES ('50', '2024-10-01 15:53:00', 'F8WLAW', '9JPZJL');
INSERT INTO `matrix_filling` (`placement_id`, `downline_id`, `level`, `matrix`) VALUES ('E3PPZ3', 'F8WLAW', 11, 1);
UPDATE `bv_updation` SET left_carry = left_carry+50, total_left = total_left+50
WHERE `user_id` = 'E3PPZ3';
INSERT INTO `placement_bv_update_history` (`left_carry`, `date`, `from_id`, `user_id`) VALUES ('50', '2024-10-01 15:53:00', 'F8WLAW', 'E3PPZ3');
INSERT INTO `matrix_filling` (`placement_id`, `downline_id`, `level`, `matrix`) VALUES ('7RY1ZP', 'F8WLAW', 12, 1);
UPDATE `bv_updation` SET left_carry = left_carry+50, total_left = total_left+50
WHERE `user_id` = '7RY1ZP';
INSERT INTO `placement_bv_update_history` (`left_carry`, `date`, `from_id`, `user_id`) VALUES ('50', '2024-10-01 15:53:00', 'F8WLAW', '7RY1ZP');
UPDATE `bv_updation` SET sponsor_left_carry = sponsor_left_carry+50, sponsor_total_left = sponsor_total_left+50
WHERE `user_id` = '7RY1ZP';
INSERT INTO `sponsor_bv_update_history` (`left_carry`, `date`, `user_id`) VALUES ('50', '2024-10-01 15:53:00', '7RY1ZP');
INSERT INTO `matrix_filling` (`placement_id`, `downline_id`, `level`, `matrix`) VALUES ('ADZTOG', 'F8WLAW', 13, 1);
UPDATE `bv_updation` SET right_carry = right_carry+50, total_right = total_right+50
WHERE `user_id` = 'ADZTOG';
INSERT INTO `placement_bv_update_history` (`right_carry`, `date`, `from_id`, `user_id`) VALUES ('50', '2024-10-01 15:53:00', 'F8WLAW', 'ADZTOG');
INSERT INTO `matrix_filling` (`placement_id`, `downline_id`, `level`, `matrix`) VALUES ('A9858P', 'F8WLAW', 14, 1);
UPDATE `bv_updation` SET right_carry = right_carry+50, total_right = total_right+50
WHERE `user_id` = 'A9858P';
INSERT INTO `placement_bv_update_history` (`right_carry`, `date`, `from_id`, `user_id`) VALUES ('50', '2024-10-01 15:53:00', 'F8WLAW', 'A9858P');
INSERT INTO `matrix_filling` (`placement_id`, `downline_id`, `level`, `matrix`) VALUES ('admin', 'F8WLAW', 15, 1);
UPDATE `bv_updation` SET right_carry = right_carry+50, total_right = total_right+50
WHERE `user_id` = 'admin';
INSERT INTO `placement_bv_update_history` (`right_carry`, `date`, `from_id`, `user_id`) VALUES ('50', '2024-10-01 15:53:00', 'F8WLAW', 'admin');
INSERT INTO `package_purchase_history` (`user_id`, `package_id`, `reg_fee`, `package_name`, `monthly_fee`, `type`, `date`, `payment_option`) VALUES ('F8WLAW', '2', '595', 'Traveler Pro', '150', 'sign_up', '2024-10-01 15:53:00', 'free');
UPDATE `user_registration` SET `popup_seen` = 'yes'
WHERE `user_id` = '7RY1ZP';
UPDATE `ci_sessions` SET `timestamp` = 1727816028, `data` = '__ci_last_regenerate|i:1727816028;id|s:4:\"2026\";user_id|s:6:\"QNTB7K\";username|s:8:\"rosmery1\";sponsor_id|s:6:\"A9858P\";fullname|s:13:\"Rosmery Gomez\";email|s:18:\"rosmery1@gmail.com\";phone|s:10:\"7862876762\";isLogIn|b:1;'
WHERE `id` = 'c01564b16b67519527d642552aa5289389a37fe6';
UPDATE `user_registration` SET `uid` = '2341', `user_id` = '7CTKIP', `username` = 'silvia1', `sponsor_id` = 'QNTB7K', `vacant` = 'no', `f_name` = 'Silvia', `l_name` = 'Perez', `address` = '8100 SW 14 Terr', `position` = 'right', `email` = 'silvia1@gmail.com', `password` = '12e37e336db8c626a03ac55e4bf6903f', `phone` = '7862876762', `country` = 'United States', `state` = 'Florida', `city` = 'Miami', `street` = '8100 SW 14 Terr', `zip_code` = '33144', `reg_ip` = '172.70.82.94', `status` = 1, `package_id` = '2', `rank_id` = 1, `highest_rank` = 1, `cycle_rank_id` = 1, `created` = '2024-10-01 15:53:48', `subscription_date` = '2024-10-31', `google_secret` = 'V4IZ5AFROHKQFTEZ'
WHERE `uid` = '2341';
INSERT INTO `user_registration` (`uid`, `user_id`, `username`, `sponsor_id`, `placement_id`, `vacant`, `f_name`, `l_name`, `address`, `position`, `email`, `password`, `phone`, `reg_ip`, `status`, `created`) VALUES (NULL, 'YBRUSP', 'UziztmeN', '7CTKIP', '7CTKIP', 'yes', '', '', '', 'left', '@mail.com', '', '', '', 0, '2024-10-01 15:53:48');
INSERT INTO `user_registration` (`uid`, `user_id`, `username`, `sponsor_id`, `placement_id`, `vacant`, `f_name`, `l_name`, `address`, `position`, `email`, `password`, `phone`, `reg_ip`, `status`, `created`) VALUES (NULL, 'UBQSBA', 'EhqMWFWd', '7CTKIP', '7CTKIP', 'yes', '', '', '', 'right', '@mail.com', '', '', '', 0, '2024-10-01 15:53:48');
INSERT INTO `bv_updation` (`user_id`) VALUES ('7CTKIP');
UPDATE `user_registration` SET total_ref_count = total_ref_count+1
WHERE `user_id` = 'QNTB7K';
UPDATE `user_registration` SET total_downlines = total_downlines+1
WHERE `user_id` = 'KESTNP';
UPDATE `user_registration` SET right_downlines = right_downlines+1
WHERE `user_id` = 'KESTNP';
UPDATE `user_registration` SET total_downlines = total_downlines+1
WHERE `user_id` = 'F6UEPP';
UPDATE `user_registration` SET right_downlines = right_downlines+1
WHERE `user_id` = 'F6UEPP';
UPDATE `user_registration` SET total_downlines = total_downlines+1
WHERE `user_id` = 'BQWWLQ';
UPDATE `user_registration` SET right_downlines = right_downlines+1
WHERE `user_id` = 'BQWWLQ';
UPDATE `user_registration` SET total_downlines = total_downlines+1
WHERE `user_id` = 'ONK9BR';
UPDATE `user_registration` SET right_downlines = right_downlines+1
WHERE `user_id` = 'ONK9BR';
UPDATE `user_registration` SET total_downlines = total_downlines+1
WHERE `user_id` = 'UPD8YA';
UPDATE `user_registration` SET right_downlines = right_downlines+1
WHERE `user_id` = 'UPD8YA';
UPDATE `user_registration` SET total_downlines = total_downlines+1
WHERE `user_id` = '5YCF3D';
UPDATE `user_registration` SET right_downlines = right_downlines+1
WHERE `user_id` = '5YCF3D';
UPDATE `user_registration` SET total_downlines = total_downlines+1
WHERE `user_id` = 'W4YLN8';
UPDATE `user_registration` SET right_downlines = right_downlines+1
WHERE `user_id` = 'W4YLN8';
UPDATE `user_registration` SET total_downlines = total_downlines+1
WHERE `user_id` = 'KZ8EZM';
UPDATE `user_registration` SET right_downlines = right_downlines+1
WHERE `user_id` = 'KZ8EZM';
UPDATE `user_registration` SET total_downlines = total_downlines+1
WHERE `user_id` = 'Q4OMS8';
UPDATE `user_registration` SET right_downlines = right_downlines+1
WHERE `user_id` = 'Q4OMS8';
UPDATE `user_registration` SET total_downlines = total_downlines+1
WHERE `user_id` = '1RD6JR';
UPDATE `user_registration` SET right_downlines = right_downlines+1
WHERE `user_id` = '1RD6JR';
UPDATE `user_registration` SET total_downlines = total_downlines+1
WHERE `user_id` = 'RFW11H';
UPDATE `user_registration` SET right_downlines = right_downlines+1
WHERE `user_id` = 'RFW11H';
UPDATE `user_registration` SET total_downlines = total_downlines+1
WHERE `user_id` = '76WP95';
UPDATE `user_registration` SET right_downlines = right_downlines+1
WHERE `user_id` = '76WP95';
UPDATE `user_registration` SET total_downlines = total_downlines+1
WHERE `user_id` = 'OJQCC3';
UPDATE `user_registration` SET right_downlines = right_downlines+1
WHERE `user_id` = 'OJQCC3';
UPDATE `user_registration` SET total_downlines = total_downlines+1
WHERE `user_id` = 'WWJBN8';
UPDATE `user_registration` SET right_downlines = right_downlines+1
WHERE `user_id` = 'WWJBN8';
UPDATE `user_registration` SET total_downlines = total_downlines+1
WHERE `user_id` = 'S315RU';
UPDATE `user_registration` SET right_downlines = right_downlines+1
WHERE `user_id` = 'S315RU';
UPDATE `user_registration` SET total_downlines = total_downlines+1
WHERE `user_id` = 'ZXPC6A';
UPDATE `user_registration` SET right_downlines = right_downlines+1
WHERE `user_id` = 'ZXPC6A';
UPDATE `user_registration` SET total_downlines = total_downlines+1
WHERE `user_id` = 'PSXSWJ';
UPDATE `user_registration` SET right_downlines = right_downlines+1
WHERE `user_id` = 'PSXSWJ';
UPDATE `user_registration` SET total_downlines = total_downlines+1
WHERE `user_id` = 'K3DX1Z';
UPDATE `user_registration` SET right_downlines = right_downlines+1
WHERE `user_id` = 'K3DX1Z';
UPDATE `user_registration` SET total_downlines = total_downlines+1
WHERE `user_id` = 'SV3HCM';
UPDATE `user_registration` SET right_downlines = right_downlines+1
WHERE `user_id` = 'SV3HCM';
UPDATE `user_registration` SET total_downlines = total_downlines+1
WHERE `user_id` = '2XFV6Q';
UPDATE `user_registration` SET right_downlines = right_downlines+1
WHERE `user_id` = '2XFV6Q';
UPDATE `user_registration` SET total_downlines = total_downlines+1
WHERE `user_id` = 'QNTB7K';
UPDATE `user_registration` SET right_downlines = right_downlines+1
WHERE `user_id` = 'QNTB7K';
UPDATE `user_registration` SET right_ref_count = right_ref_count+1
WHERE `user_id` = 'QNTB7K';
UPDATE `user_registration` SET active_right = active_right+1
WHERE `user_id` = 'QNTB7K';
UPDATE `user_registration` SET total_downlines = total_downlines+1
WHERE `user_id` = 'DM1Y9N';
UPDATE `user_registration` SET left_downlines = left_downlines+1
WHERE `user_id` = 'DM1Y9N';
UPDATE `user_registration` SET total_downlines = total_downlines+1
WHERE `user_id` = 'A9858P';
UPDATE `user_registration` SET left_downlines = left_downlines+1
WHERE `user_id` = 'A9858P';
UPDATE `user_registration` SET total_downlines = total_downlines+1
WHERE `user_id` = 'admin';
UPDATE `user_registration` SET right_downlines = right_downlines+1
WHERE `user_id` = 'admin';
INSERT INTO `investment` (`invest_date`, `user_id`, `type`, `amount`, `package_id`) VALUES ('2024-10-01 15:53:49', '7CTKIP', 'register', '595', '2');
INSERT INTO `earnings` (`user_id`, `Purchaser_id`, `earning_type`, `package_id`, `amount`, `date`, `comments`, `invest_amount`, `comm_perc`, `level`, `rank_id`, `order_id`) VALUES ('QNTB7K', '7CTKIP', 'Direct Referral Bonus', '2', '100', '2024-10-01 15:53:49', 'Direct Referral Bonus', 0, 0, 1, '', 167);
UPDATE `user_registration` SET commission_balance = ROUND(commission_balance + 100,2)
WHERE `user_id` = 'QNTB7K';
UPDATE `user_registration` SET referral_bonus = ROUND(referral_bonus + 100,2)
WHERE `user_id` = 'QNTB7K';
INSERT INTO `earnings` (`user_id`, `Purchaser_id`, `earning_type`, `package_id`, `amount`, `date`, `comments`, `invest_amount`, `comm_perc`, `level`, `rank_id`, `order_id`) VALUES ('A9858P', '7CTKIP', 'Expansion Bonus', '2', 100, '2024-10-01 15:53:49', 'Expansion Bonus', '100', 0, 1, '', 167);
UPDATE `user_registration` SET commission_balance = ROUND(commission_balance + 100,2)
WHERE `user_id` = 'A9858P';
UPDATE `user_registration` SET expansion_bonus = ROUND(expansion_bonus + 100,2)
WHERE `user_id` = 'A9858P';
INSERT INTO `matrix_filling` (`placement_id`, `downline_id`, `level`, `matrix`) VALUES ('KESTNP', '7CTKIP', 1, 1);
UPDATE `bv_updation` SET right_carry = right_carry+50, total_right = total_right+50
WHERE `user_id` = 'KESTNP';
INSERT INTO `placement_bv_update_history` (`right_carry`, `date`, `from_id`, `user_id`) VALUES ('50', '2024-10-01 15:53:49', '7CTKIP', 'KESTNP');
INSERT INTO `matrix_filling` (`placement_id`, `downline_id`, `level`, `matrix`) VALUES ('F6UEPP', '7CTKIP', 2, 1);
UPDATE `bv_updation` SET right_carry = right_carry+50, total_right = total_right+50
WHERE `user_id` = 'F6UEPP';
INSERT INTO `placement_bv_update_history` (`right_carry`, `date`, `from_id`, `user_id`) VALUES ('50', '2024-10-01 15:53:49', '7CTKIP', 'F6UEPP');
INSERT INTO `matrix_filling` (`placement_id`, `downline_id`, `level`, `matrix`) VALUES ('BQWWLQ', '7CTKIP', 3, 1);
UPDATE `bv_updation` SET right_carry = right_carry+50, total_right = total_right+50
WHERE `user_id` = 'BQWWLQ';
INSERT INTO `placement_bv_update_history` (`right_carry`, `date`, `from_id`, `user_id`) VALUES ('50', '2024-10-01 15:53:49', '7CTKIP', 'BQWWLQ');
INSERT INTO `matrix_filling` (`placement_id`, `downline_id`, `level`, `matrix`) VALUES ('ONK9BR', '7CTKIP', 4, 1);
UPDATE `bv_updation` SET right_carry = right_carry+50, total_right = total_right+50
WHERE `user_id` = 'ONK9BR';
INSERT INTO `placement_bv_update_history` (`right_carry`, `date`, `from_id`, `user_id`) VALUES ('50', '2024-10-01 15:53:49', '7CTKIP', 'ONK9BR');
INSERT INTO `matrix_filling` (`placement_id`, `downline_id`, `level`, `matrix`) VALUES ('UPD8YA', '7CTKIP', 5, 1);
UPDATE `bv_updation` SET right_carry = right_carry+50, total_right = total_right+50
WHERE `user_id` = 'UPD8YA';
INSERT INTO `placement_bv_update_history` (`right_carry`, `date`, `from_id`, `user_id`) VALUES ('50', '2024-10-01 15:53:49', '7CTKIP', 'UPD8YA');
INSERT INTO `matrix_filling` (`placement_id`, `downline_id`, `level`, `matrix`) VALUES ('5YCF3D', '7CTKIP', 6, 1);
UPDATE `bv_updation` SET right_carry = right_carry+50, total_right = total_right+50
WHERE `user_id` = '5YCF3D';
INSERT INTO `placement_bv_update_history` (`right_carry`, `date`, `from_id`, `user_id`) VALUES ('50', '2024-10-01 15:53:49', '7CTKIP', '5YCF3D');
INSERT INTO `matrix_filling` (`placement_id`, `downline_id`, `level`, `matrix`) VALUES ('W4YLN8', '7CTKIP', 7, 1);
UPDATE `bv_updation` SET right_carry = right_carry+50, total_right = total_right+50
WHERE `user_id` = 'W4YLN8';
INSERT INTO `placement_bv_update_history` (`right_carry`, `date`, `from_id`, `user_id`) VALUES ('50', '2024-10-01 15:53:49', '7CTKIP', 'W4YLN8');
INSERT INTO `matrix_filling` (`placement_id`, `downline_id`, `level`, `matrix`) VALUES ('KZ8EZM', '7CTKIP', 8, 1);
UPDATE `bv_updation` SET right_carry = right_carry+50, total_right = total_right+50
WHERE `user_id` = 'KZ8EZM';
INSERT INTO `placement_bv_update_history` (`right_carry`, `date`, `from_id`, `user_id`) VALUES ('50', '2024-10-01 15:53:49', '7CTKIP', 'KZ8EZM');
INSERT INTO `matrix_filling` (`placement_id`, `downline_id`, `level`, `matrix`) VALUES ('Q4OMS8', '7CTKIP', 9, 1);
UPDATE `bv_updation` SET right_carry = right_carry+50, total_right = total_right+50
WHERE `user_id` = 'Q4OMS8';
INSERT INTO `placement_bv_update_history` (`right_carry`, `date`, `from_id`, `user_id`) VALUES ('50', '2024-10-01 15:53:49', '7CTKIP', 'Q4OMS8');
INSERT INTO `matrix_filling` (`placement_id`, `downline_id`, `level`, `matrix`) VALUES ('1RD6JR', '7CTKIP', 10, 1);
UPDATE `bv_updation` SET right_carry = right_carry+50, total_right = total_right+50
WHERE `user_id` = '1RD6JR';
INSERT INTO `placement_bv_update_history` (`right_carry`, `date`, `from_id`, `user_id`) VALUES ('50', '2024-10-01 15:53:49', '7CTKIP', '1RD6JR');
INSERT INTO `matrix_filling` (`placement_id`, `downline_id`, `level`, `matrix`) VALUES ('RFW11H', '7CTKIP', 11, 1);
UPDATE `bv_updation` SET right_carry = right_carry+50, total_right = total_right+50
WHERE `user_id` = 'RFW11H';
INSERT INTO `placement_bv_update_history` (`right_carry`, `date`, `from_id`, `user_id`) VALUES ('50', '2024-10-01 15:53:49', '7CTKIP', 'RFW11H');
INSERT INTO `matrix_filling` (`placement_id`, `downline_id`, `level`, `matrix`) VALUES ('76WP95', '7CTKIP', 12, 1);
UPDATE `bv_updation` SET right_carry = right_carry+50, total_right = total_right+50
WHERE `user_id` = '76WP95';
INSERT INTO `placement_bv_update_history` (`right_carry`, `date`, `from_id`, `user_id`) VALUES ('50', '2024-10-01 15:53:49', '7CTKIP', '76WP95');
INSERT INTO `matrix_filling` (`placement_id`, `downline_id`, `level`, `matrix`) VALUES ('OJQCC3', '7CTKIP', 13, 1);
UPDATE `bv_updation` SET right_carry = right_carry+50, total_right = total_right+50
WHERE `user_id` = 'OJQCC3';
INSERT INTO `placement_bv_update_history` (`right_carry`, `date`, `from_id`, `user_id`) VALUES ('50', '2024-10-01 15:53:49', '7CTKIP', 'OJQCC3');
INSERT INTO `matrix_filling` (`placement_id`, `downline_id`, `level`, `matrix`) VALUES ('WWJBN8', '7CTKIP', 14, 1);
UPDATE `bv_updation` SET right_carry = right_carry+50, total_right = total_right+50
WHERE `user_id` = 'WWJBN8';
INSERT INTO `placement_bv_update_history` (`right_carry`, `date`, `from_id`, `user_id`) VALUES ('50', '2024-10-01 15:53:49', '7CTKIP', 'WWJBN8');
INSERT INTO `matrix_filling` (`placement_id`, `downline_id`, `level`, `matrix`) VALUES ('S315RU', '7CTKIP', 15, 1);
UPDATE `bv_updation` SET right_carry = right_carry+50, total_right = total_right+50
WHERE `user_id` = 'S315RU';
INSERT INTO `placement_bv_update_history` (`right_carry`, `date`, `from_id`, `user_id`) VALUES ('50', '2024-10-01 15:53:49', '7CTKIP', 'S315RU');
INSERT INTO `matrix_filling` (`placement_id`, `downline_id`, `level`, `matrix`) VALUES ('ZXPC6A', '7CTKIP', 16, 1);
UPDATE `bv_updation` SET right_carry = right_carry+50, total_right = total_right+50
WHERE `user_id` = 'ZXPC6A';
INSERT INTO `placement_bv_update_history` (`right_carry`, `date`, `from_id`, `user_id`) VALUES ('50', '2024-10-01 15:53:49', '7CTKIP', 'ZXPC6A');
INSERT INTO `matrix_filling` (`placement_id`, `downline_id`, `level`, `matrix`) VALUES ('PSXSWJ', '7CTKIP', 17, 1);
UPDATE `bv_updation` SET right_carry = right_carry+50, total_right = total_right+50
WHERE `user_id` = 'PSXSWJ';
INSERT INTO `placement_bv_update_history` (`right_carry`, `date`, `from_id`, `user_id`) VALUES ('50', '2024-10-01 15:53:49', '7CTKIP', 'PSXSWJ');
INSERT INTO `matrix_filling` (`placement_id`, `downline_id`, `level`, `matrix`) VALUES ('K3DX1Z', '7CTKIP', 18, 1);
UPDATE `bv_updation` SET right_carry = right_carry+50, total_right = total_right+50
WHERE `user_id` = 'K3DX1Z';
INSERT INTO `placement_bv_update_history` (`right_carry`, `date`, `from_id`, `user_id`) VALUES ('50', '2024-10-01 15:53:49', '7CTKIP', 'K3DX1Z');
INSERT INTO `matrix_filling` (`placement_id`, `downline_id`, `level`, `matrix`) VALUES ('SV3HCM', '7CTKIP', 19, 1);
UPDATE `bv_updation` SET right_carry = right_carry+50, total_right = total_right+50
WHERE `user_id` = 'SV3HCM';
INSERT INTO `placement_bv_update_history` (`right_carry`, `date`, `from_id`, `user_id`) VALUES ('50', '2024-10-01 15:53:49', '7CTKIP', 'SV3HCM');
INSERT INTO `matrix_filling` (`placement_id`, `downline_id`, `level`, `matrix`) VALUES ('2XFV6Q', '7CTKIP', 20, 1);
UPDATE `bv_updation` SET right_carry = right_carry+50, total_right = total_right+50
WHERE `user_id` = '2XFV6Q';
INSERT INTO `placement_bv_update_history` (`right_carry`, `date`, `from_id`, `user_id`) VALUES ('50', '2024-10-01 15:53:49', '7CTKIP', '2XFV6Q');
INSERT INTO `matrix_filling` (`placement_id`, `downline_id`, `level`, `matrix`) VALUES ('QNTB7K', '7CTKIP', 21, 1);
UPDATE `bv_updation` SET right_carry = right_carry+50, total_right = total_right+50
WHERE `user_id` = 'QNTB7K';
INSERT INTO `placement_bv_update_history` (`right_carry`, `date`, `from_id`, `user_id`) VALUES ('50', '2024-10-01 15:53:49', '7CTKIP', 'QNTB7K');
UPDATE `bv_updation` SET sponsor_right_carry = sponsor_right_carry+50, sponsor_total_right = sponsor_total_right+50
WHERE `user_id` = 'QNTB7K';
INSERT INTO `sponsor_bv_update_history` (`right_carry`, `date`, `user_id`) VALUES ('50', '2024-10-01 15:53:49', 'QNTB7K');
INSERT INTO `matrix_filling` (`placement_id`, `downline_id`, `level`, `matrix`) VALUES ('DM1Y9N', '7CTKIP', 22, 1);
UPDATE `bv_updation` SET left_carry = left_carry+50, total_left = total_left+50
WHERE `user_id` = 'DM1Y9N';
INSERT INTO `placement_bv_update_history` (`left_carry`, `date`, `from_id`, `user_id`) VALUES ('50', '2024-10-01 15:53:49', '7CTKIP', 'DM1Y9N');
INSERT INTO `matrix_filling` (`placement_id`, `downline_id`, `level`, `matrix`) VALUES ('A9858P', '7CTKIP', 23, 1);
UPDATE `bv_updation` SET left_carry = left_carry+50, total_left = total_left+50
WHERE `user_id` = 'A9858P';
INSERT INTO `placement_bv_update_history` (`left_carry`, `date`, `from_id`, `user_id`) VALUES ('50', '2024-10-01 15:53:49', '7CTKIP', 'A9858P');
INSERT INTO `matrix_filling` (`placement_id`, `downline_id`, `level`, `matrix`) VALUES ('admin', '7CTKIP', 24, 1);
UPDATE `bv_updation` SET right_carry = right_carry+50, total_right = total_right+50
WHERE `user_id` = 'admin';
INSERT INTO `placement_bv_update_history` (`right_carry`, `date`, `from_id`, `user_id`) VALUES ('50', '2024-10-01 15:53:49', '7CTKIP', 'admin');
INSERT INTO `package_purchase_history` (`user_id`, `package_id`, `reg_fee`, `package_name`, `monthly_fee`, `type`, `date`, `payment_option`) VALUES ('7CTKIP', '2', '595', 'Traveler Pro', '150', 'sign_up', '2024-10-01 15:53:49', 'free');
UPDATE `user_registration` SET `popup_seen` = 'yes'
WHERE `user_id` = 'QNTB7K';
UPDATE `user_registration` SET `uid` = '2342', `user_id` = 'YJ6OTD', `username` = 'raymundo1', `sponsor_id` = '7RY1ZP', `vacant` = 'no', `f_name` = 'Raymundo', `l_name` = 'Perez', `address` = '6520 Kendale Lakes Dr ', `position` = 'left', `email` = 'raymundo1@gmail.com', `password` = '2b1c85c34a40f587631d6bbc1aa77fb3', `phone` = '3057610606', `country` = 'United States', `state` = 'Florida', `city` = 'Miami', `street` = '6520 Kendale Lakes Dr', `zip_code` = '33183', `reg_ip` = '172.70.255.86', `status` = 1, `package_id` = '2', `rank_id` = 1, `highest_rank` = 1, `cycle_rank_id` = 1, `created` = '2024-10-01 15:54:47', `subscription_date` = '2024-10-31', `google_secret` = 'AK3V42VDQS56ENFZ'
WHERE `uid` = '2342';
INSERT INTO `user_registration` (`uid`, `user_id`, `username`, `sponsor_id`, `placement_id`, `vacant`, `f_name`, `l_name`, `address`, `position`, `email`, `password`, `phone`, `reg_ip`, `status`, `created`) VALUES (NULL, 'QBTLGQ', 'DeRTQUIj', 'YJ6OTD', 'YJ6OTD', 'yes', '', '', '', 'left', '@mail.com', '', '', '', 0, '2024-10-01 15:54:47');
INSERT INTO `user_registration` (`uid`, `user_id`, `username`, `sponsor_id`, `placement_id`, `vacant`, `f_name`, `l_name`, `address`, `position`, `email`, `password`, `phone`, `reg_ip`, `status`, `created`) VALUES (NULL, 'BNHPYC', 'dxWCdRHD', 'YJ6OTD', 'YJ6OTD', 'yes', '', '', '', 'right', '@mail.com', '', '', '', 0, '2024-10-01 15:54:47');
INSERT INTO `bv_updation` (`user_id`) VALUES ('YJ6OTD');
UPDATE `user_registration` SET total_ref_count = total_ref_count+1
WHERE `user_id` = '7RY1ZP';
UPDATE `user_registration` SET total_downlines = total_downlines+1
WHERE `user_id` = 'F8WLAW';
UPDATE `user_registration` SET left_downlines = left_downlines+1
WHERE `user_id` = 'F8WLAW';
UPDATE `user_registration` SET total_downlines = total_downlines+1
WHERE `user_id` = '9H9OZM';
UPDATE `user_registration` SET left_downlines = left_downlines+1
WHERE `user_id` = '9H9OZM';
UPDATE `user_registration` SET total_downlines = total_downlines+1
WHERE `user_id` = 'DLP7GD';
UPDATE `user_registration` SET left_downlines = left_downlines+1
WHERE `user_id` = 'DLP7GD';
UPDATE `user_registration` SET total_downlines = total_downlines+1
WHERE `user_id` = 'VG9TO9';
UPDATE `user_registration` SET left_downlines = left_downlines+1
WHERE `user_id` = 'VG9TO9';
UPDATE `user_registration` SET total_downlines = total_downlines+1
WHERE `user_id` = 'L8R95F';
UPDATE `user_registration` SET left_downlines = left_downlines+1
WHERE `user_id` = 'L8R95F';
UPDATE `user_registration` SET total_downlines = total_downlines+1
WHERE `user_id` = 'Y9DPUD';
UPDATE `user_registration` SET left_downlines = left_downlines+1
WHERE `user_id` = 'Y9DPUD';
UPDATE `user_registration` SET total_downlines = total_downlines+1
WHERE `user_id` = '5H9TH3';
UPDATE `user_registration` SET left_downlines = left_downlines+1
WHERE `user_id` = '5H9TH3';
UPDATE `user_registration` SET total_downlines = total_downlines+1
WHERE `user_id` = 'MIT9KW';
UPDATE `user_registration` SET left_downlines = left_downlines+1
WHERE `user_id` = 'MIT9KW';
UPDATE `user_registration` SET total_downlines = total_downlines+1
WHERE `user_id` = 'IMUABZ';
UPDATE `user_registration` SET left_downlines = left_downlines+1
WHERE `user_id` = 'IMUABZ';
UPDATE `user_registration` SET total_downlines = total_downlines+1
WHERE `user_id` = 'G54QC4';
UPDATE `user_registration` SET left_downlines = left_downlines+1
WHERE `user_id` = 'G54QC4';
UPDATE `user_registration` SET total_downlines = total_downlines+1
WHERE `user_id` = '9JPZJL';
UPDATE `user_registration` SET left_downlines = left_downlines+1
WHERE `user_id` = '9JPZJL';
UPDATE `user_registration` SET total_downlines = total_downlines+1
WHERE `user_id` = 'E3PPZ3';
UPDATE `user_registration` SET left_downlines = left_downlines+1
WHERE `user_id` = 'E3PPZ3';
UPDATE `user_registration` SET total_downlines = total_downlines+1
WHERE `user_id` = '7RY1ZP';
UPDATE `user_registration` SET left_downlines = left_downlines+1
WHERE `user_id` = '7RY1ZP';
UPDATE `user_registration` SET left_ref_count = left_ref_count+1
WHERE `user_id` = '7RY1ZP';
UPDATE `user_registration` SET active_left = active_left+1
WHERE `user_id` = '7RY1ZP';
UPDATE `user_registration` SET total_downlines = total_downlines+1
WHERE `user_id` = 'ADZTOG';
UPDATE `user_registration` SET right_downlines = right_downlines+1
WHERE `user_id` = 'ADZTOG';
UPDATE `user_registration` SET total_downlines = total_downlines+1
WHERE `user_id` = 'A9858P';
UPDATE `user_registration` SET right_downlines = right_downlines+1
WHERE `user_id` = 'A9858P';
UPDATE `user_registration` SET total_downlines = total_downlines+1
WHERE `user_id` = 'admin';
UPDATE `user_registration` SET right_downlines = right_downlines+1
WHERE `user_id` = 'admin';
INSERT INTO `investment` (`invest_date`, `user_id`, `type`, `amount`, `package_id`) VALUES ('2024-10-01 15:54:47', 'YJ6OTD', 'register', '595', '2');
INSERT INTO `earnings` (`user_id`, `Purchaser_id`, `earning_type`, `package_id`, `amount`, `date`, `comments`, `invest_amount`, `comm_perc`, `level`, `rank_id`, `order_id`) VALUES ('7RY1ZP', 'YJ6OTD', 'Direct Referral Bonus', '2', '100', '2024-10-01 15:54:47', 'Direct Referral Bonus', 0, 0, 1, '', 168);
UPDATE `user_registration` SET commission_balance = ROUND(commission_balance + 100,2)
WHERE `user_id` = '7RY1ZP';
UPDATE `user_registration` SET referral_bonus = ROUND(referral_bonus + 100,2)
WHERE `user_id` = '7RY1ZP';
INSERT INTO `earnings` (`user_id`, `Purchaser_id`, `earning_type`, `package_id`, `amount`, `date`, `comments`, `invest_amount`, `comm_perc`, `level`, `rank_id`, `order_id`) VALUES ('A9858P', 'YJ6OTD', 'Expansion Bonus', '2', 100, '2024-10-01 15:54:47', 'Expansion Bonus', '100', 0, 1, '', 168);
UPDATE `user_registration` SET commission_balance = ROUND(commission_balance + 100,2)
WHERE `user_id` = 'A9858P';
UPDATE `user_registration` SET expansion_bonus = ROUND(expansion_bonus + 100,2)
WHERE `user_id` = 'A9858P';
INSERT INTO `matrix_filling` (`placement_id`, `downline_id`, `level`, `matrix`) VALUES ('F8WLAW', 'YJ6OTD', 1, 1);
UPDATE `bv_updation` SET left_carry = left_carry+50, total_left = total_left+50
WHERE `user_id` = 'F8WLAW';
INSERT INTO `placement_bv_update_history` (`left_carry`, `date`, `from_id`, `user_id`) VALUES ('50', '2024-10-01 15:54:47', 'YJ6OTD', 'F8WLAW');
INSERT INTO `matrix_filling` (`placement_id`, `downline_id`, `level`, `matrix`) VALUES ('9H9OZM', 'YJ6OTD', 2, 1);
UPDATE `bv_updation` SET left_carry = left_carry+50, total_left = total_left+50
WHERE `user_id` = '9H9OZM';
INSERT INTO `placement_bv_update_history` (`left_carry`, `date`, `from_id`, `user_id`) VALUES ('50', '2024-10-01 15:54:47', 'YJ6OTD', '9H9OZM');
INSERT INTO `matrix_filling` (`placement_id`, `downline_id`, `level`, `matrix`) VALUES ('DLP7GD', 'YJ6OTD', 3, 1);
UPDATE `bv_updation` SET left_carry = left_carry+50, total_left = total_left+50
WHERE `user_id` = 'DLP7GD';
INSERT INTO `placement_bv_update_history` (`left_carry`, `date`, `from_id`, `user_id`) VALUES ('50', '2024-10-01 15:54:47', 'YJ6OTD', 'DLP7GD');
INSERT INTO `matrix_filling` (`placement_id`, `downline_id`, `level`, `matrix`) VALUES ('VG9TO9', 'YJ6OTD', 4, 1);
UPDATE `bv_updation` SET left_carry = left_carry+50, total_left = total_left+50
WHERE `user_id` = 'VG9TO9';
INSERT INTO `placement_bv_update_history` (`left_carry`, `date`, `from_id`, `user_id`) VALUES ('50', '2024-10-01 15:54:47', 'YJ6OTD', 'VG9TO9');
INSERT INTO `matrix_filling` (`placement_id`, `downline_id`, `level`, `matrix`) VALUES ('L8R95F', 'YJ6OTD', 5, 1);
UPDATE `bv_updation` SET left_carry = left_carry+50, total_left = total_left+50
WHERE `user_id` = 'L8R95F';
INSERT INTO `placement_bv_update_history` (`left_carry`, `date`, `from_id`, `user_id`) VALUES ('50', '2024-10-01 15:54:47', 'YJ6OTD', 'L8R95F');
INSERT INTO `matrix_filling` (`placement_id`, `downline_id`, `level`, `matrix`) VALUES ('Y9DPUD', 'YJ6OTD', 6, 1);
UPDATE `bv_updation` SET left_carry = left_carry+50, total_left = total_left+50
WHERE `user_id` = 'Y9DPUD';
INSERT INTO `placement_bv_update_history` (`left_carry`, `date`, `from_id`, `user_id`) VALUES ('50', '2024-10-01 15:54:47', 'YJ6OTD', 'Y9DPUD');
INSERT INTO `matrix_filling` (`placement_id`, `downline_id`, `level`, `matrix`) VALUES ('5H9TH3', 'YJ6OTD', 7, 1);
UPDATE `bv_updation` SET left_carry = left_carry+50, total_left = total_left+50
WHERE `user_id` = '5H9TH3';
INSERT INTO `placement_bv_update_history` (`left_carry`, `date`, `from_id`, `user_id`) VALUES ('50', '2024-10-01 15:54:47', 'YJ6OTD', '5H9TH3');
INSERT INTO `matrix_filling` (`placement_id`, `downline_id`, `level`, `matrix`) VALUES ('MIT9KW', 'YJ6OTD', 8, 1);
UPDATE `bv_updation` SET left_carry = left_carry+50, total_left = total_left+50
WHERE `user_id` = 'MIT9KW';
INSERT INTO `placement_bv_update_history` (`left_carry`, `date`, `from_id`, `user_id`) VALUES ('50', '2024-10-01 15:54:47', 'YJ6OTD', 'MIT9KW');
INSERT INTO `matrix_filling` (`placement_id`, `downline_id`, `level`, `matrix`) VALUES ('IMUABZ', 'YJ6OTD', 9, 1);
UPDATE `bv_updation` SET left_carry = left_carry+50, total_left = total_left+50
WHERE `user_id` = 'IMUABZ';
INSERT INTO `placement_bv_update_history` (`left_carry`, `date`, `from_id`, `user_id`) VALUES ('50', '2024-10-01 15:54:47', 'YJ6OTD', 'IMUABZ');
INSERT INTO `matrix_filling` (`placement_id`, `downline_id`, `level`, `matrix`) VALUES ('G54QC4', 'YJ6OTD', 10, 1);
UPDATE `bv_updation` SET left_carry = left_carry+50, total_left = total_left+50
WHERE `user_id` = 'G54QC4';
INSERT INTO `placement_bv_update_history` (`left_carry`, `date`, `from_id`, `user_id`) VALUES ('50', '2024-10-01 15:54:47', 'YJ6OTD', 'G54QC4');
INSERT INTO `matrix_filling` (`placement_id`, `downline_id`, `level`, `matrix`) VALUES ('9JPZJL', 'YJ6OTD', 11, 1);
UPDATE `bv_updation` SET left_carry = left_carry+50, total_left = total_left+50
WHERE `user_id` = '9JPZJL';
INSERT INTO `placement_bv_update_history` (`left_carry`, `date`, `from_id`, `user_id`) VALUES ('50', '2024-10-01 15:54:47', 'YJ6OTD', '9JPZJL');
INSERT INTO `matrix_filling` (`placement_id`, `downline_id`, `level`, `matrix`) VALUES ('E3PPZ3', 'YJ6OTD', 12, 1);
UPDATE `bv_updation` SET left_carry = left_carry+50, total_left = total_left+50
WHERE `user_id` = 'E3PPZ3';
INSERT INTO `placement_bv_update_history` (`left_carry`, `date`, `from_id`, `user_id`) VALUES ('50', '2024-10-01 15:54:47', 'YJ6OTD', 'E3PPZ3');
INSERT INTO `matrix_filling` (`placement_id`, `downline_id`, `level`, `matrix`) VALUES ('7RY1ZP', 'YJ6OTD', 13, 1);
UPDATE `bv_updation` SET left_carry = left_carry+50, total_left = total_left+50
WHERE `user_id` = '7RY1ZP';
INSERT INTO `placement_bv_update_history` (`left_carry`, `date`, `from_id`, `user_id`) VALUES ('50', '2024-10-01 15:54:47', 'YJ6OTD', '7RY1ZP');
UPDATE `bv_updation` SET sponsor_left_carry = sponsor_left_carry+50, sponsor_total_left = sponsor_total_left+50
WHERE `user_id` = '7RY1ZP';
INSERT INTO `sponsor_bv_update_history` (`left_carry`, `date`, `user_id`) VALUES ('50', '2024-10-01 15:54:47', '7RY1ZP');
INSERT INTO `matrix_filling` (`placement_id`, `downline_id`, `level`, `matrix`) VALUES ('ADZTOG', 'YJ6OTD', 14, 1);
UPDATE `bv_updation` SET right_carry = right_carry+50, total_right = total_right+50
WHERE `user_id` = 'ADZTOG';
INSERT INTO `placement_bv_update_history` (`right_carry`, `date`, `from_id`, `user_id`) VALUES ('50', '2024-10-01 15:54:47', 'YJ6OTD', 'ADZTOG');
INSERT INTO `matrix_filling` (`placement_id`, `downline_id`, `level`, `matrix`) VALUES ('A9858P', 'YJ6OTD', 15, 1);
UPDATE `bv_updation` SET right_carry = right_carry+50, total_right = total_right+50
WHERE `user_id` = 'A9858P';
INSERT INTO `placement_bv_update_history` (`right_carry`, `date`, `from_id`, `user_id`) VALUES ('50', '2024-10-01 15:54:47', 'YJ6OTD', 'A9858P');
INSERT INTO `matrix_filling` (`placement_id`, `downline_id`, `level`, `matrix`) VALUES ('admin', 'YJ6OTD', 16, 1);
UPDATE `bv_updation` SET right_carry = right_carry+50, total_right = total_right+50
WHERE `user_id` = 'admin';
INSERT INTO `placement_bv_update_history` (`right_carry`, `date`, `from_id`, `user_id`) VALUES ('50', '2024-10-01 15:54:47', 'YJ6OTD', 'admin');
INSERT INTO `package_purchase_history` (`user_id`, `package_id`, `reg_fee`, `package_name`, `monthly_fee`, `type`, `date`, `payment_option`) VALUES ('YJ6OTD', '2', '595', 'Traveler Pro', '150', 'sign_up', '2024-10-01 15:54:47', 'free');
UPDATE `user_registration` SET `uid` = '2345', `user_id` = 'ST4S3A', `username` = 'rolandoreyes1', `sponsor_id` = 'QNTB7K', `vacant` = 'no', `f_name` = 'Rolando', `l_name` = 'Reyes', `address` = '8100 SW 14 Terr', `position` = 'right', `email` = 'rolandoreyes1@gmail.com', `password` = '3c61fcc3acdda18081a66dcc7d773af5', `phone` = '7862876762', `country` = 'United States', `state` = 'Florida', `city` = 'Miami', `street` = '8100 SW 14 Terr', `zip_code` = '33144', `reg_ip` = '172.70.82.90', `status` = 1, `package_id` = '2', `rank_id` = 1, `highest_rank` = 1, `cycle_rank_id` = 1, `created` = '2024-10-01 15:55:49', `subscription_date` = '2024-10-31', `google_secret` = 'VIVWENQICH6WJDXF'
WHERE `uid` = '2345';
INSERT INTO `user_registration` (`uid`, `user_id`, `username`, `sponsor_id`, `placement_id`, `vacant`, `f_name`, `l_name`, `address`, `position`, `email`, `password`, `phone`, `reg_ip`, `status`, `created`) VALUES (NULL, 'UTFRLN', 'nwZkmWci', 'ST4S3A', 'ST4S3A', 'yes', '', '', '', 'left', '@mail.com', '', '', '', 0, '2024-10-01 15:55:49');
INSERT INTO `user_registration` (`uid`, `user_id`, `username`, `sponsor_id`, `placement_id`, `vacant`, `f_name`, `l_name`, `address`, `position`, `email`, `password`, `phone`, `reg_ip`, `status`, `created`) VALUES (NULL, 'SECXIH', 'KRsQRwME', 'ST4S3A', 'ST4S3A', 'yes', '', '', '', 'right', '@mail.com', '', '', '', 0, '2024-10-01 15:55:49');
INSERT INTO `bv_updation` (`user_id`) VALUES ('ST4S3A');
UPDATE `user_registration` SET total_ref_count = total_ref_count+1
WHERE `user_id` = 'QNTB7K';
UPDATE `user_registration` SET total_downlines = total_downlines+1
WHERE `user_id` = '7CTKIP';
UPDATE `user_registration` SET right_downlines = right_downlines+1
WHERE `user_id` = '7CTKIP';
UPDATE `user_registration` SET total_downlines = total_downlines+1
WHERE `user_id` = 'KESTNP';
UPDATE `user_registration` SET right_downlines = right_downlines+1
WHERE `user_id` = 'KESTNP';
UPDATE `user_registration` SET total_downlines = total_downlines+1
WHERE `user_id` = 'F6UEPP';
UPDATE `user_registration` SET right_downlines = right_downlines+1
WHERE `user_id` = 'F6UEPP';
UPDATE `user_registration` SET total_downlines = total_downlines+1
WHERE `user_id` = 'BQWWLQ';
UPDATE `user_registration` SET right_downlines = right_downlines+1
WHERE `user_id` = 'BQWWLQ';
UPDATE `user_registration` SET total_downlines = total_downlines+1
WHERE `user_id` = 'ONK9BR';
UPDATE `user_registration` SET right_downlines = right_downlines+1
WHERE `user_id` = 'ONK9BR';
UPDATE `user_registration` SET total_downlines = total_downlines+1
WHERE `user_id` = 'UPD8YA';
UPDATE `user_registration` SET right_downlines = right_downlines+1
WHERE `user_id` = 'UPD8YA';
UPDATE `user_registration` SET total_downlines = total_downlines+1
WHERE `user_id` = '5YCF3D';
UPDATE `user_registration` SET right_downlines = right_downlines+1
WHERE `user_id` = '5YCF3D';
UPDATE `user_registration` SET total_downlines = total_downlines+1
WHERE `user_id` = 'W4YLN8';
UPDATE `user_registration` SET right_downlines = right_downlines+1
WHERE `user_id` = 'W4YLN8';
UPDATE `user_registration` SET total_downlines = total_downlines+1
WHERE `user_id` = 'KZ8EZM';
UPDATE `user_registration` SET right_downlines = right_downlines+1
WHERE `user_id` = 'KZ8EZM';
UPDATE `user_registration` SET total_downlines = total_downlines+1
WHERE `user_id` = 'Q4OMS8';
UPDATE `user_registration` SET right_downlines = right_downlines+1
WHERE `user_id` = 'Q4OMS8';
UPDATE `user_registration` SET total_downlines = total_downlines+1
WHERE `user_id` = '1RD6JR';
UPDATE `user_registration` SET right_downlines = right_downlines+1
WHERE `user_id` = '1RD6JR';
UPDATE `user_registration` SET total_downlines = total_downlines+1
WHERE `user_id` = 'RFW11H';
UPDATE `user_registration` SET right_downlines = right_downlines+1
WHERE `user_id` = 'RFW11H';
UPDATE `user_registration` SET total_downlines = total_downlines+1
WHERE `user_id` = '76WP95';
UPDATE `user_registration` SET right_downlines = right_downlines+1
WHERE `user_id` = '76WP95';
UPDATE `user_registration` SET total_downlines = total_downlines+1
WHERE `user_id` = 'OJQCC3';
UPDATE `user_registration` SET right_downlines = right_downlines+1
WHERE `user_id` = 'OJQCC3';
UPDATE `user_registration` SET total_downlines = total_downlines+1
WHERE `user_id` = 'WWJBN8';
UPDATE `user_registration` SET right_downlines = right_downlines+1
WHERE `user_id` = 'WWJBN8';
UPDATE `user_registration` SET total_downlines = total_downlines+1
WHERE `user_id` = 'S315RU';
UPDATE `user_registration` SET right_downlines = right_downlines+1
WHERE `user_id` = 'S315RU';
UPDATE `user_registration` SET total_downlines = total_downlines+1
WHERE `user_id` = 'ZXPC6A';
UPDATE `user_registration` SET right_downlines = right_downlines+1
WHERE `user_id` = 'ZXPC6A';
UPDATE `user_registration` SET total_downlines = total_downlines+1
WHERE `user_id` = 'PSXSWJ';
UPDATE `user_registration` SET right_downlines = right_downlines+1
WHERE `user_id` = 'PSXSWJ';
UPDATE `user_registration` SET total_downlines = total_downlines+1
WHERE `user_id` = 'K3DX1Z';
UPDATE `user_registration` SET right_downlines = right_downlines+1
WHERE `user_id` = 'K3DX1Z';
UPDATE `user_registration` SET total_downlines = total_downlines+1
WHERE `user_id` = 'SV3HCM';
UPDATE `user_registration` SET right_downlines = right_downlines+1
WHERE `user_id` = 'SV3HCM';
UPDATE `user_registration` SET total_downlines = total_downlines+1
WHERE `user_id` = '2XFV6Q';
UPDATE `user_registration` SET right_downlines = right_downlines+1
WHERE `user_id` = '2XFV6Q';
UPDATE `user_registration` SET total_downlines = total_downlines+1
WHERE `user_id` = 'QNTB7K';
UPDATE `user_registration` SET right_downlines = right_downlines+1
WHERE `user_id` = 'QNTB7K';
UPDATE `user_registration` SET right_ref_count = right_ref_count+1
WHERE `user_id` = 'QNTB7K';
UPDATE `user_registration` SET active_right = active_right+1
WHERE `user_id` = 'QNTB7K';
UPDATE `user_registration` SET total_downlines = total_downlines+1
WHERE `user_id` = 'DM1Y9N';
UPDATE `user_registration` SET left_downlines = left_downlines+1
WHERE `user_id` = 'DM1Y9N';
UPDATE `user_registration` SET total_downlines = total_downlines+1
WHERE `user_id` = 'A9858P';
UPDATE `user_registration` SET left_downlines = left_downlines+1
WHERE `user_id` = 'A9858P';
UPDATE `user_registration` SET total_downlines = total_downlines+1
WHERE `user_id` = 'admin';
UPDATE `user_registration` SET right_downlines = right_downlines+1
WHERE `user_id` = 'admin';
INSERT INTO `investment` (`invest_date`, `user_id`, `type`, `amount`, `package_id`) VALUES ('2024-10-01 15:55:49', 'ST4S3A', 'register', '595', '2');
INSERT INTO `earnings` (`user_id`, `Purchaser_id`, `earning_type`, `package_id`, `amount`, `date`, `comments`, `invest_amount`, `comm_perc`, `level`, `rank_id`, `order_id`) VALUES ('QNTB7K', 'ST4S3A', 'Direct Referral Bonus', '2', '100', '2024-10-01 15:55:49', 'Direct Referral Bonus', 0, 0, 1, '', 169);
UPDATE `user_registration` SET commission_balance = ROUND(commission_balance + 100,2)
WHERE `user_id` = 'QNTB7K';
UPDATE `user_registration` SET referral_bonus = ROUND(referral_bonus + 100,2)
WHERE `user_id` = 'QNTB7K';
INSERT INTO `earnings` (`user_id`, `Purchaser_id`, `earning_type`, `package_id`, `amount`, `date`, `comments`, `invest_amount`, `comm_perc`, `level`, `rank_id`, `order_id`) VALUES ('A9858P', 'ST4S3A', 'Expansion Bonus', '2', 100, '2024-10-01 15:55:49', 'Expansion Bonus', '100', 0, 1, '', 169);
UPDATE `user_registration` SET commission_balance = ROUND(commission_balance + 100,2)
WHERE `user_id` = 'A9858P';
UPDATE `user_registration` SET expansion_bonus = ROUND(expansion_bonus + 100,2)
WHERE `user_id` = 'A9858P';
INSERT INTO `matrix_filling` (`placement_id`, `downline_id`, `level`, `matrix`) VALUES ('7CTKIP', 'ST4S3A', 1, 1);
UPDATE `bv_updation` SET right_carry = right_carry+50, total_right = total_right+50
WHERE `user_id` = '7CTKIP';
INSERT INTO `placement_bv_update_history` (`right_carry`, `date`, `from_id`, `user_id`) VALUES ('50', '2024-10-01 15:55:49', 'ST4S3A', '7CTKIP');
INSERT INTO `matrix_filling` (`placement_id`, `downline_id`, `level`, `matrix`) VALUES ('KESTNP', 'ST4S3A', 2, 1);
UPDATE `bv_updation` SET right_carry = right_carry+50, total_right = total_right+50
WHERE `user_id` = 'KESTNP';
INSERT INTO `placement_bv_update_history` (`right_carry`, `date`, `from_id`, `user_id`) VALUES ('50', '2024-10-01 15:55:49', 'ST4S3A', 'KESTNP');
INSERT INTO `matrix_filling` (`placement_id`, `downline_id`, `level`, `matrix`) VALUES ('F6UEPP', 'ST4S3A', 3, 1);
UPDATE `bv_updation` SET right_carry = right_carry+50, total_right = total_right+50
WHERE `user_id` = 'F6UEPP';
INSERT INTO `placement_bv_update_history` (`right_carry`, `date`, `from_id`, `user_id`) VALUES ('50', '2024-10-01 15:55:49', 'ST4S3A', 'F6UEPP');
INSERT INTO `matrix_filling` (`placement_id`, `downline_id`, `level`, `matrix`) VALUES ('BQWWLQ', 'ST4S3A', 4, 1);
UPDATE `bv_updation` SET right_carry = right_carry+50, total_right = total_right+50
WHERE `user_id` = 'BQWWLQ';
INSERT INTO `placement_bv_update_history` (`right_carry`, `date`, `from_id`, `user_id`) VALUES ('50', '2024-10-01 15:55:49', 'ST4S3A', 'BQWWLQ');
INSERT INTO `matrix_filling` (`placement_id`, `downline_id`, `level`, `matrix`) VALUES ('ONK9BR', 'ST4S3A', 5, 1);
UPDATE `bv_updation` SET right_carry = right_carry+50, total_right = total_right+50
WHERE `user_id` = 'ONK9BR';
INSERT INTO `placement_bv_update_history` (`right_carry`, `date`, `from_id`, `user_id`) VALUES ('50', '2024-10-01 15:55:49', 'ST4S3A', 'ONK9BR');
INSERT INTO `matrix_filling` (`placement_id`, `downline_id`, `level`, `matrix`) VALUES ('UPD8YA', 'ST4S3A', 6, 1);
UPDATE `bv_updation` SET right_carry = right_carry+50, total_right = total_right+50
WHERE `user_id` = 'UPD8YA';
INSERT INTO `placement_bv_update_history` (`right_carry`, `date`, `from_id`, `user_id`) VALUES ('50', '2024-10-01 15:55:49', 'ST4S3A', 'UPD8YA');
INSERT INTO `matrix_filling` (`placement_id`, `downline_id`, `level`, `matrix`) VALUES ('5YCF3D', 'ST4S3A', 7, 1);
UPDATE `bv_updation` SET right_carry = right_carry+50, total_right = total_right+50
WHERE `user_id` = '5YCF3D';
INSERT INTO `placement_bv_update_history` (`right_carry`, `date`, `from_id`, `user_id`) VALUES ('50', '2024-10-01 15:55:49', 'ST4S3A', '5YCF3D');
INSERT INTO `matrix_filling` (`placement_id`, `downline_id`, `level`, `matrix`) VALUES ('W4YLN8', 'ST4S3A', 8, 1);
UPDATE `bv_updation` SET right_carry = right_carry+50, total_right = total_right+50
WHERE `user_id` = 'W4YLN8';
INSERT INTO `placement_bv_update_history` (`right_carry`, `date`, `from_id`, `user_id`) VALUES ('50', '2024-10-01 15:55:49', 'ST4S3A', 'W4YLN8');
INSERT INTO `matrix_filling` (`placement_id`, `downline_id`, `level`, `matrix`) VALUES ('KZ8EZM', 'ST4S3A', 9, 1);
UPDATE `bv_updation` SET right_carry = right_carry+50, total_right = total_right+50
WHERE `user_id` = 'KZ8EZM';
INSERT INTO `placement_bv_update_history` (`right_carry`, `date`, `from_id`, `user_id`) VALUES ('50', '2024-10-01 15:55:49', 'ST4S3A', 'KZ8EZM');
INSERT INTO `matrix_filling` (`placement_id`, `downline_id`, `level`, `matrix`) VALUES ('Q4OMS8', 'ST4S3A', 10, 1);
UPDATE `bv_updation` SET right_carry = right_carry+50, total_right = total_right+50
WHERE `user_id` = 'Q4OMS8';
INSERT INTO `placement_bv_update_history` (`right_carry`, `date`, `from_id`, `user_id`) VALUES ('50', '2024-10-01 15:55:49', 'ST4S3A', 'Q4OMS8');
INSERT INTO `matrix_filling` (`placement_id`, `downline_id`, `level`, `matrix`) VALUES ('1RD6JR', 'ST4S3A', 11, 1);
UPDATE `bv_updation` SET right_carry = right_carry+50, total_right = total_right+50
WHERE `user_id` = '1RD6JR';
INSERT INTO `placement_bv_update_history` (`right_carry`, `date`, `from_id`, `user_id`) VALUES ('50', '2024-10-01 15:55:49', 'ST4S3A', '1RD6JR');
INSERT INTO `matrix_filling` (`placement_id`, `downline_id`, `level`, `matrix`) VALUES ('RFW11H', 'ST4S3A', 12, 1);
UPDATE `bv_updation` SET right_carry = right_carry+50, total_right = total_right+50
WHERE `user_id` = 'RFW11H';
INSERT INTO `placement_bv_update_history` (`right_carry`, `date`, `from_id`, `user_id`) VALUES ('50', '2024-10-01 15:55:49', 'ST4S3A', 'RFW11H');
INSERT INTO `matrix_filling` (`placement_id`, `downline_id`, `level`, `matrix`) VALUES ('76WP95', 'ST4S3A', 13, 1);
UPDATE `bv_updation` SET right_carry = right_carry+50, total_right = total_right+50
WHERE `user_id` = '76WP95';
INSERT INTO `placement_bv_update_history` (`right_carry`, `date`, `from_id`, `user_id`) VALUES ('50', '2024-10-01 15:55:49', 'ST4S3A', '76WP95');
INSERT INTO `matrix_filling` (`placement_id`, `downline_id`, `level`, `matrix`) VALUES ('OJQCC3', 'ST4S3A', 14, 1);
UPDATE `bv_updation` SET right_carry = right_carry+50, total_right = total_right+50
WHERE `user_id` = 'OJQCC3';
INSERT INTO `placement_bv_update_history` (`right_carry`, `date`, `from_id`, `user_id`) VALUES ('50', '2024-10-01 15:55:49', 'ST4S3A', 'OJQCC3');
INSERT INTO `matrix_filling` (`placement_id`, `downline_id`, `level`, `matrix`) VALUES ('WWJBN8', 'ST4S3A', 15, 1);
UPDATE `bv_updation` SET right_carry = right_carry+50, total_right = total_right+50
WHERE `user_id` = 'WWJBN8';
INSERT INTO `placement_bv_update_history` (`right_carry`, `date`, `from_id`, `user_id`) VALUES ('50', '2024-10-01 15:55:49', 'ST4S3A', 'WWJBN8');
INSERT INTO `matrix_filling` (`placement_id`, `downline_id`, `level`, `matrix`) VALUES ('S315RU', 'ST4S3A', 16, 1);
UPDATE `bv_updation` SET right_carry = right_carry+50, total_right = total_right+50
WHERE `user_id` = 'S315RU';
INSERT INTO `placement_bv_update_history` (`right_carry`, `date`, `from_id`, `user_id`) VALUES ('50', '2024-10-01 15:55:49', 'ST4S3A', 'S315RU');
INSERT INTO `matrix_filling` (`placement_id`, `downline_id`, `level`, `matrix`) VALUES ('ZXPC6A', 'ST4S3A', 17, 1);
UPDATE `bv_updation` SET right_carry = right_carry+50, total_right = total_right+50
WHERE `user_id` = 'ZXPC6A';
INSERT INTO `placement_bv_update_history` (`right_carry`, `date`, `from_id`, `user_id`) VALUES ('50', '2024-10-01 15:55:49', 'ST4S3A', 'ZXPC6A');
INSERT INTO `matrix_filling` (`placement_id`, `downline_id`, `level`, `matrix`) VALUES ('PSXSWJ', 'ST4S3A', 18, 1);
UPDATE `bv_updation` SET right_carry = right_carry+50, total_right = total_right+50
WHERE `user_id` = 'PSXSWJ';
INSERT INTO `placement_bv_update_history` (`right_carry`, `date`, `from_id`, `user_id`) VALUES ('50', '2024-10-01 15:55:49', 'ST4S3A', 'PSXSWJ');
INSERT INTO `matrix_filling` (`placement_id`, `downline_id`, `level`, `matrix`) VALUES ('K3DX1Z', 'ST4S3A', 19, 1);
UPDATE `bv_updation` SET right_carry = right_carry+50, total_right = total_right+50
WHERE `user_id` = 'K3DX1Z';
INSERT INTO `placement_bv_update_history` (`right_carry`, `date`, `from_id`, `user_id`) VALUES ('50', '2024-10-01 15:55:49', 'ST4S3A', 'K3DX1Z');
INSERT INTO `matrix_filling` (`placement_id`, `downline_id`, `level`, `matrix`) VALUES ('SV3HCM', 'ST4S3A', 20, 1);
UPDATE `bv_updation` SET right_carry = right_carry+50, total_right = total_right+50
WHERE `user_id` = 'SV3HCM';
INSERT INTO `placement_bv_update_history` (`right_carry`, `date`, `from_id`, `user_id`) VALUES ('50', '2024-10-01 15:55:49', 'ST4S3A', 'SV3HCM');
INSERT INTO `matrix_filling` (`placement_id`, `downline_id`, `level`, `matrix`) VALUES ('2XFV6Q', 'ST4S3A', 21, 1);
UPDATE `bv_updation` SET right_carry = right_carry+50, total_right = total_right+50
WHERE `user_id` = '2XFV6Q';
INSERT INTO `placement_bv_update_history` (`right_carry`, `date`, `from_id`, `user_id`) VALUES ('50', '2024-10-01 15:55:49', 'ST4S3A', '2XFV6Q');
INSERT INTO `matrix_filling` (`placement_id`, `downline_id`, `level`, `matrix`) VALUES ('QNTB7K', 'ST4S3A', 22, 1);
UPDATE `bv_updation` SET right_carry = right_carry+50, total_right = total_right+50
WHERE `user_id` = 'QNTB7K';
INSERT INTO `placement_bv_update_history` (`right_carry`, `date`, `from_id`, `user_id`) VALUES ('50', '2024-10-01 15:55:49', 'ST4S3A', 'QNTB7K');
UPDATE `bv_updation` SET sponsor_right_carry = sponsor_right_carry+50, sponsor_total_right = sponsor_total_right+50
WHERE `user_id` = 'QNTB7K';
INSERT INTO `sponsor_bv_update_history` (`right_carry`, `date`, `user_id`) VALUES ('50', '2024-10-01 15:55:49', 'QNTB7K');
INSERT INTO `matrix_filling` (`placement_id`, `downline_id`, `level`, `matrix`) VALUES ('DM1Y9N', 'ST4S3A', 23, 1);
UPDATE `bv_updation` SET left_carry = left_carry+50, total_left = total_left+50
WHERE `user_id` = 'DM1Y9N';
INSERT INTO `placement_bv_update_history` (`left_carry`, `date`, `from_id`, `user_id`) VALUES ('50', '2024-10-01 15:55:49', 'ST4S3A', 'DM1Y9N');
INSERT INTO `matrix_filling` (`placement_id`, `downline_id`, `level`, `matrix`) VALUES ('A9858P', 'ST4S3A', 24, 1);
UPDATE `bv_updation` SET left_carry = left_carry+50, total_left = total_left+50
WHERE `user_id` = 'A9858P';
INSERT INTO `placement_bv_update_history` (`left_carry`, `date`, `from_id`, `user_id`) VALUES ('50', '2024-10-01 15:55:49', 'ST4S3A', 'A9858P');
INSERT INTO `matrix_filling` (`placement_id`, `downline_id`, `level`, `matrix`) VALUES ('admin', 'ST4S3A', 25, 1);
UPDATE `bv_updation` SET right_carry = right_carry+50, total_right = total_right+50
WHERE `user_id` = 'admin';
INSERT INTO `placement_bv_update_history` (`right_carry`, `date`, `from_id`, `user_id`) VALUES ('50', '2024-10-01 15:55:49', 'ST4S3A', 'admin');
INSERT INTO `package_purchase_history` (`user_id`, `package_id`, `reg_fee`, `package_name`, `monthly_fee`, `type`, `date`, `payment_option`) VALUES ('ST4S3A', '2', '595', 'Traveler Pro', '150', 'sign_up', '2024-10-01 15:55:49', 'free');
UPDATE `user_registration` SET `popup_seen` = 'yes'
WHERE `user_id` = 'QNTB7K';
UPDATE `ci_sessions` SET `timestamp` = 1727816163, `data` = '__ci_last_regenerate|i:1727816163;id|s:4:\"2025\";user_id|s:6:\"7RY1ZP\";username|s:6:\"frank1\";sponsor_id|s:6:\"ADZTOG\";fullname|s:16:\"Francisco Prieto\";email|s:16:\"frank1@gmail.com\";phone|s:10:\"3057610606\";isLogIn|b:1;'
WHERE `id` = 'f6271af6d917ad76302a5412d7803de77e3942de';
UPDATE `user_registration` SET `uid` = '2346', `user_id` = 'WJR372', `username` = 'david1', `sponsor_id` = '7RY1ZP', `vacant` = 'no', `f_name` = 'David', `l_name` = 'Méndez', `address` = '6520 Kendale Lakes Dr ', `position` = 'left', `email` = 'david1@gmail.com', `password` = 'ea39692d11f96098d9bdf4a926d10325', `phone` = '3057610606', `country` = 'United States', `state` = 'Florida', `city` = 'Miami', `street` = '6520 Kendale Lakes Dr', `zip_code` = '33183', `reg_ip` = '172.70.255.208', `status` = 1, `package_id` = '2', `rank_id` = 1, `highest_rank` = 1, `cycle_rank_id` = 1, `created` = '2024-10-01 15:56:03', `subscription_date` = '2024-10-31', `google_secret` = 'XFFMTEDQ6PZJ2MSQ'
WHERE `uid` = '2346';
INSERT INTO `user_registration` (`uid`, `user_id`, `username`, `sponsor_id`, `placement_id`, `vacant`, `f_name`, `l_name`, `address`, `position`, `email`, `password`, `phone`, `reg_ip`, `status`, `created`) VALUES (NULL, 'BVNVYX', 'GxyDqSyt', 'WJR372', 'WJR372', 'yes', '', '', '', 'left', '@mail.com', '', '', '', 0, '2024-10-01 15:56:03');
INSERT INTO `user_registration` (`uid`, `user_id`, `username`, `sponsor_id`, `placement_id`, `vacant`, `f_name`, `l_name`, `address`, `position`, `email`, `password`, `phone`, `reg_ip`, `status`, `created`) VALUES (NULL, 'XXWDAQ', 'sustkgUT', 'WJR372', 'WJR372', 'yes', '', '', '', 'right', '@mail.com', '', '', '', 0, '2024-10-01 15:56:03');
INSERT INTO `bv_updation` (`user_id`) VALUES ('WJR372');
UPDATE `user_registration` SET total_ref_count = total_ref_count+1
WHERE `user_id` = '7RY1ZP';
UPDATE `user_registration` SET total_downlines = total_downlines+1
WHERE `user_id` = 'YJ6OTD';
UPDATE `user_registration` SET left_downlines = left_downlines+1
WHERE `user_id` = 'YJ6OTD';
UPDATE `user_registration` SET total_downlines = total_downlines+1
WHERE `user_id` = 'F8WLAW';
UPDATE `user_registration` SET left_downlines = left_downlines+1
WHERE `user_id` = 'F8WLAW';
UPDATE `user_registration` SET total_downlines = total_downlines+1
WHERE `user_id` = '9H9OZM';
UPDATE `user_registration` SET left_downlines = left_downlines+1
WHERE `user_id` = '9H9OZM';
UPDATE `user_registration` SET total_downlines = total_downlines+1
WHERE `user_id` = 'DLP7GD';
UPDATE `user_registration` SET left_downlines = left_downlines+1
WHERE `user_id` = 'DLP7GD';
UPDATE `user_registration` SET total_downlines = total_downlines+1
WHERE `user_id` = 'VG9TO9';
UPDATE `user_registration` SET left_downlines = left_downlines+1
WHERE `user_id` = 'VG9TO9';
UPDATE `user_registration` SET total_downlines = total_downlines+1
WHERE `user_id` = 'L8R95F';
UPDATE `user_registration` SET left_downlines = left_downlines+1
WHERE `user_id` = 'L8R95F';
UPDATE `user_registration` SET total_downlines = total_downlines+1
WHERE `user_id` = 'Y9DPUD';
UPDATE `user_registration` SET left_downlines = left_downlines+1
WHERE `user_id` = 'Y9DPUD';
UPDATE `user_registration` SET total_downlines = total_downlines+1
WHERE `user_id` = '5H9TH3';
UPDATE `user_registration` SET left_downlines = left_downlines+1
WHERE `user_id` = '5H9TH3';
UPDATE `user_registration` SET total_downlines = total_downlines+1
WHERE `user_id` = 'MIT9KW';
UPDATE `user_registration` SET left_downlines = left_downlines+1
WHERE `user_id` = 'MIT9KW';
UPDATE `user_registration` SET total_downlines = total_downlines+1
WHERE `user_id` = 'IMUABZ';
UPDATE `user_registration` SET left_downlines = left_downlines+1
WHERE `user_id` = 'IMUABZ';
UPDATE `user_registration` SET total_downlines = total_downlines+1
WHERE `user_id` = 'G54QC4';
UPDATE `user_registration` SET left_downlines = left_downlines+1
WHERE `user_id` = 'G54QC4';
UPDATE `user_registration` SET total_downlines = total_downlines+1
WHERE `user_id` = '9JPZJL';
UPDATE `user_registration` SET left_downlines = left_downlines+1
WHERE `user_id` = '9JPZJL';
UPDATE `user_registration` SET total_downlines = total_downlines+1
WHERE `user_id` = 'E3PPZ3';
UPDATE `user_registration` SET left_downlines = left_downlines+1
WHERE `user_id` = 'E3PPZ3';
UPDATE `user_registration` SET total_downlines = total_downlines+1
WHERE `user_id` = '7RY1ZP';
UPDATE `user_registration` SET left_downlines = left_downlines+1
WHERE `user_id` = '7RY1ZP';
UPDATE `user_registration` SET left_ref_count = left_ref_count+1
WHERE `user_id` = '7RY1ZP';
UPDATE `user_registration` SET active_left = active_left+1
WHERE `user_id` = '7RY1ZP';
UPDATE `user_registration` SET total_downlines = total_downlines+1
WHERE `user_id` = 'ADZTOG';
UPDATE `user_registration` SET right_downlines = right_downlines+1
WHERE `user_id` = 'ADZTOG';
UPDATE `user_registration` SET total_downlines = total_downlines+1
WHERE `user_id` = 'A9858P';
UPDATE `user_registration` SET right_downlines = right_downlines+1
WHERE `user_id` = 'A9858P';
UPDATE `user_registration` SET total_downlines = total_downlines+1
WHERE `user_id` = 'admin';
UPDATE `user_registration` SET right_downlines = right_downlines+1
WHERE `user_id` = 'admin';
INSERT INTO `investment` (`invest_date`, `user_id`, `type`, `amount`, `package_id`) VALUES ('2024-10-01 15:56:03', 'WJR372', 'register', '595', '2');
INSERT INTO `earnings` (`user_id`, `Purchaser_id`, `earning_type`, `package_id`, `amount`, `date`, `comments`, `invest_amount`, `comm_perc`, `level`, `rank_id`, `order_id`) VALUES ('7RY1ZP', 'WJR372', 'Direct Referral Bonus', '2', '100', '2024-10-01 15:56:03', 'Direct Referral Bonus', 0, 0, 1, '', 170);
UPDATE `user_registration` SET commission_balance = ROUND(commission_balance + 100,2)
WHERE `user_id` = '7RY1ZP';
UPDATE `user_registration` SET referral_bonus = ROUND(referral_bonus + 100,2)
WHERE `user_id` = '7RY1ZP';
INSERT INTO `earnings` (`user_id`, `Purchaser_id`, `earning_type`, `package_id`, `amount`, `date`, `comments`, `invest_amount`, `comm_perc`, `level`, `rank_id`, `order_id`) VALUES ('A9858P', 'WJR372', 'Expansion Bonus', '2', 100, '2024-10-01 15:56:03', 'Expansion Bonus', '100', 0, 1, '', 170);
UPDATE `user_registration` SET commission_balance = ROUND(commission_balance + 100,2)
WHERE `user_id` = 'A9858P';
UPDATE `user_registration` SET expansion_bonus = ROUND(expansion_bonus + 100,2)
WHERE `user_id` = 'A9858P';
INSERT INTO `matrix_filling` (`placement_id`, `downline_id`, `level`, `matrix`) VALUES ('YJ6OTD', 'WJR372', 1, 1);
UPDATE `bv_updation` SET left_carry = left_carry+50, total_left = total_left+50
WHERE `user_id` = 'YJ6OTD';
INSERT INTO `placement_bv_update_history` (`left_carry`, `date`, `from_id`, `user_id`) VALUES ('50', '2024-10-01 15:56:03', 'WJR372', 'YJ6OTD');
INSERT INTO `matrix_filling` (`placement_id`, `downline_id`, `level`, `matrix`) VALUES ('F8WLAW', 'WJR372', 2, 1);
UPDATE `bv_updation` SET left_carry = left_carry+50, total_left = total_left+50
WHERE `user_id` = 'F8WLAW';
INSERT INTO `placement_bv_update_history` (`left_carry`, `date`, `from_id`, `user_id`) VALUES ('50', '2024-10-01 15:56:03', 'WJR372', 'F8WLAW');
INSERT INTO `matrix_filling` (`placement_id`, `downline_id`, `level`, `matrix`) VALUES ('9H9OZM', 'WJR372', 3, 1);
UPDATE `bv_updation` SET left_carry = left_carry+50, total_left = total_left+50
WHERE `user_id` = '9H9OZM';
INSERT INTO `placement_bv_update_history` (`left_carry`, `date`, `from_id`, `user_id`) VALUES ('50', '2024-10-01 15:56:03', 'WJR372', '9H9OZM');
INSERT INTO `matrix_filling` (`placement_id`, `downline_id`, `level`, `matrix`) VALUES ('DLP7GD', 'WJR372', 4, 1);
UPDATE `bv_updation` SET left_carry = left_carry+50, total_left = total_left+50
WHERE `user_id` = 'DLP7GD';
INSERT INTO `placement_bv_update_history` (`left_carry`, `date`, `from_id`, `user_id`) VALUES ('50', '2024-10-01 15:56:03', 'WJR372', 'DLP7GD');
INSERT INTO `matrix_filling` (`placement_id`, `downline_id`, `level`, `matrix`) VALUES ('VG9TO9', 'WJR372', 5, 1);
UPDATE `bv_updation` SET left_carry = left_carry+50, total_left = total_left+50
WHERE `user_id` = 'VG9TO9';
INSERT INTO `placement_bv_update_history` (`left_carry`, `date`, `from_id`, `user_id`) VALUES ('50', '2024-10-01 15:56:03', 'WJR372', 'VG9TO9');
INSERT INTO `matrix_filling` (`placement_id`, `downline_id`, `level`, `matrix`) VALUES ('L8R95F', 'WJR372', 6, 1);
UPDATE `bv_updation` SET left_carry = left_carry+50, total_left = total_left+50
WHERE `user_id` = 'L8R95F';
INSERT INTO `placement_bv_update_history` (`left_carry`, `date`, `from_id`, `user_id`) VALUES ('50', '2024-10-01 15:56:03', 'WJR372', 'L8R95F');
INSERT INTO `matrix_filling` (`placement_id`, `downline_id`, `level`, `matrix`) VALUES ('Y9DPUD', 'WJR372', 7, 1);
UPDATE `bv_updation` SET left_carry = left_carry+50, total_left = total_left+50
WHERE `user_id` = 'Y9DPUD';
INSERT INTO `placement_bv_update_history` (`left_carry`, `date`, `from_id`, `user_id`) VALUES ('50', '2024-10-01 15:56:03', 'WJR372', 'Y9DPUD');
INSERT INTO `matrix_filling` (`placement_id`, `downline_id`, `level`, `matrix`) VALUES ('5H9TH3', 'WJR372', 8, 1);
UPDATE `bv_updation` SET left_carry = left_carry+50, total_left = total_left+50
WHERE `user_id` = '5H9TH3';
INSERT INTO `placement_bv_update_history` (`left_carry`, `date`, `from_id`, `user_id`) VALUES ('50', '2024-10-01 15:56:03', 'WJR372', '5H9TH3');
INSERT INTO `matrix_filling` (`placement_id`, `downline_id`, `level`, `matrix`) VALUES ('MIT9KW', 'WJR372', 9, 1);
UPDATE `bv_updation` SET left_carry = left_carry+50, total_left = total_left+50
WHERE `user_id` = 'MIT9KW';
INSERT INTO `placement_bv_update_history` (`left_carry`, `date`, `from_id`, `user_id`) VALUES ('50', '2024-10-01 15:56:03', 'WJR372', 'MIT9KW');
INSERT INTO `matrix_filling` (`placement_id`, `downline_id`, `level`, `matrix`) VALUES ('IMUABZ', 'WJR372', 10, 1);
UPDATE `bv_updation` SET left_carry = left_carry+50, total_left = total_left+50
WHERE `user_id` = 'IMUABZ';
INSERT INTO `placement_bv_update_history` (`left_carry`, `date`, `from_id`, `user_id`) VALUES ('50', '2024-10-01 15:56:03', 'WJR372', 'IMUABZ');
INSERT INTO `matrix_filling` (`placement_id`, `downline_id`, `level`, `matrix`) VALUES ('G54QC4', 'WJR372', 11, 1);
UPDATE `bv_updation` SET left_carry = left_carry+50, total_left = total_left+50
WHERE `user_id` = 'G54QC4';
INSERT INTO `placement_bv_update_history` (`left_carry`, `date`, `from_id`, `user_id`) VALUES ('50', '2024-10-01 15:56:03', 'WJR372', 'G54QC4');
INSERT INTO `matrix_filling` (`placement_id`, `downline_id`, `level`, `matrix`) VALUES ('9JPZJL', 'WJR372', 12, 1);
UPDATE `bv_updation` SET left_carry = left_carry+50, total_left = total_left+50
WHERE `user_id` = '9JPZJL';
INSERT INTO `placement_bv_update_history` (`left_carry`, `date`, `from_id`, `user_id`) VALUES ('50', '2024-10-01 15:56:03', 'WJR372', '9JPZJL');
INSERT INTO `matrix_filling` (`placement_id`, `downline_id`, `level`, `matrix`) VALUES ('E3PPZ3', 'WJR372', 13, 1);
UPDATE `bv_updation` SET left_carry = left_carry+50, total_left = total_left+50
WHERE `user_id` = 'E3PPZ3';
INSERT INTO `placement_bv_update_history` (`left_carry`, `date`, `from_id`, `user_id`) VALUES ('50', '2024-10-01 15:56:03', 'WJR372', 'E3PPZ3');
INSERT INTO `matrix_filling` (`placement_id`, `downline_id`, `level`, `matrix`) VALUES ('7RY1ZP', 'WJR372', 14, 1);
UPDATE `bv_updation` SET left_carry = left_carry+50, total_left = total_left+50
WHERE `user_id` = '7RY1ZP';
INSERT INTO `placement_bv_update_history` (`left_carry`, `date`, `from_id`, `user_id`) VALUES ('50', '2024-10-01 15:56:03', 'WJR372', '7RY1ZP');
UPDATE `bv_updation` SET sponsor_left_carry = sponsor_left_carry+50, sponsor_total_left = sponsor_total_left+50
WHERE `user_id` = '7RY1ZP';
INSERT INTO `sponsor_bv_update_history` (`left_carry`, `date`, `user_id`) VALUES ('50', '2024-10-01 15:56:03', '7RY1ZP');
INSERT INTO `matrix_filling` (`placement_id`, `downline_id`, `level`, `matrix`) VALUES ('ADZTOG', 'WJR372', 15, 1);
UPDATE `bv_updation` SET right_carry = right_carry+50, total_right = total_right+50
WHERE `user_id` = 'ADZTOG';
INSERT INTO `placement_bv_update_history` (`right_carry`, `date`, `from_id`, `user_id`) VALUES ('50', '2024-10-01 15:56:03', 'WJR372', 'ADZTOG');
INSERT INTO `matrix_filling` (`placement_id`, `downline_id`, `level`, `matrix`) VALUES ('A9858P', 'WJR372', 16, 1);
UPDATE `bv_updation` SET right_carry = right_carry+50, total_right = total_right+50
WHERE `user_id` = 'A9858P';
INSERT INTO `placement_bv_update_history` (`right_carry`, `date`, `from_id`, `user_id`) VALUES ('50', '2024-10-01 15:56:03', 'WJR372', 'A9858P');
INSERT INTO `matrix_filling` (`placement_id`, `downline_id`, `level`, `matrix`) VALUES ('admin', 'WJR372', 17, 1);
UPDATE `bv_updation` SET right_carry = right_carry+50, total_right = total_right+50
WHERE `user_id` = 'admin';
INSERT INTO `placement_bv_update_history` (`right_carry`, `date`, `from_id`, `user_id`) VALUES ('50', '2024-10-01 15:56:03', 'WJR372', 'admin');
INSERT INTO `package_purchase_history` (`user_id`, `package_id`, `reg_fee`, `package_name`, `monthly_fee`, `type`, `date`, `payment_option`) VALUES ('WJR372', '2', '595', 'Traveler Pro', '150', 'sign_up', '2024-10-01 15:56:03', 'free');
UPDATE `user_registration` SET `uid` = '2349', `user_id` = 'C8HKVZ', `username` = 'rodolfo1', `sponsor_id` = 'QNTB7K', `vacant` = 'no', `f_name` = 'Rodolfo', `l_name` = 'Calderon', `address` = '8100 SW 14 Terr', `position` = 'right', `email` = 'rodolfo1@gmail.com', `password` = '80dff741d4e095a1107f92c0ddfc397f', `phone` = '7862876762', `country` = 'United States', `state` = 'Florida', `city` = 'Miami', `street` = '8100 SW 14 Terr', `zip_code` = '33144', `reg_ip` = '108.162.212.136', `status` = 1, `package_id` = '2', `rank_id` = 1, `highest_rank` = 1, `cycle_rank_id` = 1, `created` = '2024-10-01 15:56:57', `subscription_date` = '2024-10-31', `google_secret` = 'PKYCCJ5WO73OQIKQ'
WHERE `uid` = '2349';
INSERT INTO `user_registration` (`uid`, `user_id`, `username`, `sponsor_id`, `placement_id`, `vacant`, `f_name`, `l_name`, `address`, `position`, `email`, `password`, `phone`, `reg_ip`, `status`, `created`) VALUES (NULL, 'KQQTAM', 'TamLjDiM', 'C8HKVZ', 'C8HKVZ', 'yes', '', '', '', 'left', '@mail.com', '', '', '', 0, '2024-10-01 15:56:57');
INSERT INTO `user_registration` (`uid`, `user_id`, `username`, `sponsor_id`, `placement_id`, `vacant`, `f_name`, `l_name`, `address`, `position`, `email`, `password`, `phone`, `reg_ip`, `status`, `created`) VALUES (NULL, 'MLKCXG', 'IQDDnXBj', 'C8HKVZ', 'C8HKVZ', 'yes', '', '', '', 'right', '@mail.com', '', '', '', 0, '2024-10-01 15:56:57');
INSERT INTO `bv_updation` (`user_id`) VALUES ('C8HKVZ');
UPDATE `user_registration` SET total_ref_count = total_ref_count+1
WHERE `user_id` = 'QNTB7K';
UPDATE `user_registration` SET total_downlines = total_downlines+1
WHERE `user_id` = 'ST4S3A';
UPDATE `user_registration` SET right_downlines = right_downlines+1
WHERE `user_id` = 'ST4S3A';
UPDATE `user_registration` SET total_downlines = total_downlines+1
WHERE `user_id` = '7CTKIP';
UPDATE `user_registration` SET right_downlines = right_downlines+1
WHERE `user_id` = '7CTKIP';
UPDATE `user_registration` SET total_downlines = total_downlines+1
WHERE `user_id` = 'KESTNP';
UPDATE `user_registration` SET right_downlines = right_downlines+1
WHERE `user_id` = 'KESTNP';
UPDATE `user_registration` SET total_downlines = total_downlines+1
WHERE `user_id` = 'F6UEPP';
UPDATE `user_registration` SET right_downlines = right_downlines+1
WHERE `user_id` = 'F6UEPP';
UPDATE `user_registration` SET total_downlines = total_downlines+1
WHERE `user_id` = 'BQWWLQ';
UPDATE `user_registration` SET right_downlines = right_downlines+1
WHERE `user_id` = 'BQWWLQ';
UPDATE `user_registration` SET total_downlines = total_downlines+1
WHERE `user_id` = 'ONK9BR';
UPDATE `user_registration` SET right_downlines = right_downlines+1
WHERE `user_id` = 'ONK9BR';
UPDATE `user_registration` SET total_downlines = total_downlines+1
WHERE `user_id` = 'UPD8YA';
UPDATE `user_registration` SET right_downlines = right_downlines+1
WHERE `user_id` = 'UPD8YA';
UPDATE `user_registration` SET total_downlines = total_downlines+1
WHERE `user_id` = '5YCF3D';
UPDATE `user_registration` SET right_downlines = right_downlines+1
WHERE `user_id` = '5YCF3D';
UPDATE `user_registration` SET total_downlines = total_downlines+1
WHERE `user_id` = 'W4YLN8';
UPDATE `user_registration` SET right_downlines = right_downlines+1
WHERE `user_id` = 'W4YLN8';
UPDATE `user_registration` SET total_downlines = total_downlines+1
WHERE `user_id` = 'KZ8EZM';
UPDATE `user_registration` SET right_downlines = right_downlines+1
WHERE `user_id` = 'KZ8EZM';
UPDATE `user_registration` SET total_downlines = total_downlines+1
WHERE `user_id` = 'Q4OMS8';
UPDATE `user_registration` SET right_downlines = right_downlines+1
WHERE `user_id` = 'Q4OMS8';
UPDATE `user_registration` SET total_downlines = total_downlines+1
WHERE `user_id` = '1RD6JR';
UPDATE `user_registration` SET right_downlines = right_downlines+1
WHERE `user_id` = '1RD6JR';
UPDATE `user_registration` SET total_downlines = total_downlines+1
WHERE `user_id` = 'RFW11H';
UPDATE `user_registration` SET right_downlines = right_downlines+1
WHERE `user_id` = 'RFW11H';
UPDATE `user_registration` SET total_downlines = total_downlines+1
WHERE `user_id` = '76WP95';
UPDATE `user_registration` SET right_downlines = right_downlines+1
WHERE `user_id` = '76WP95';
UPDATE `user_registration` SET total_downlines = total_downlines+1
WHERE `user_id` = 'OJQCC3';
UPDATE `user_registration` SET right_downlines = right_downlines+1
WHERE `user_id` = 'OJQCC3';
UPDATE `user_registration` SET total_downlines = total_downlines+1
WHERE `user_id` = 'WWJBN8';
UPDATE `user_registration` SET right_downlines = right_downlines+1
WHERE `user_id` = 'WWJBN8';
UPDATE `user_registration` SET total_downlines = total_downlines+1
WHERE `user_id` = 'S315RU';
UPDATE `user_registration` SET right_downlines = right_downlines+1
WHERE `user_id` = 'S315RU';
UPDATE `user_registration` SET total_downlines = total_downlines+1
WHERE `user_id` = 'ZXPC6A';
UPDATE `user_registration` SET right_downlines = right_downlines+1
WHERE `user_id` = 'ZXPC6A';
UPDATE `user_registration` SET total_downlines = total_downlines+1
WHERE `user_id` = 'PSXSWJ';
UPDATE `user_registration` SET right_downlines = right_downlines+1
WHERE `user_id` = 'PSXSWJ';
UPDATE `user_registration` SET total_downlines = total_downlines+1
WHERE `user_id` = 'K3DX1Z';
UPDATE `user_registration` SET right_downlines = right_downlines+1
WHERE `user_id` = 'K3DX1Z';
UPDATE `user_registration` SET total_downlines = total_downlines+1
WHERE `user_id` = 'SV3HCM';
UPDATE `user_registration` SET right_downlines = right_downlines+1
WHERE `user_id` = 'SV3HCM';
UPDATE `user_registration` SET total_downlines = total_downlines+1
WHERE `user_id` = '2XFV6Q';
UPDATE `user_registration` SET right_downlines = right_downlines+1
WHERE `user_id` = '2XFV6Q';
UPDATE `user_registration` SET total_downlines = total_downlines+1
WHERE `user_id` = 'QNTB7K';
UPDATE `user_registration` SET right_downlines = right_downlines+1
WHERE `user_id` = 'QNTB7K';
UPDATE `user_registration` SET right_ref_count = right_ref_count+1
WHERE `user_id` = 'QNTB7K';
UPDATE `user_registration` SET active_right = active_right+1
WHERE `user_id` = 'QNTB7K';
UPDATE `user_registration` SET total_downlines = total_downlines+1
WHERE `user_id` = 'DM1Y9N';
UPDATE `user_registration` SET left_downlines = left_downlines+1
WHERE `user_id` = 'DM1Y9N';
UPDATE `user_registration` SET total_downlines = total_downlines+1
WHERE `user_id` = 'A9858P';
UPDATE `user_registration` SET left_downlines = left_downlines+1
WHERE `user_id` = 'A9858P';
UPDATE `user_registration` SET total_downlines = total_downlines+1
WHERE `user_id` = 'admin';
UPDATE `user_registration` SET right_downlines = right_downlines+1
WHERE `user_id` = 'admin';
INSERT INTO `investment` (`invest_date`, `user_id`, `type`, `amount`, `package_id`) VALUES ('2024-10-01 15:56:57', 'C8HKVZ', 'register', '595', '2');
INSERT INTO `earnings` (`user_id`, `Purchaser_id`, `earning_type`, `package_id`, `amount`, `date`, `comments`, `invest_amount`, `comm_perc`, `level`, `rank_id`, `order_id`) VALUES ('QNTB7K', 'C8HKVZ', 'Direct Referral Bonus', '2', '100', '2024-10-01 15:56:57', 'Direct Referral Bonus', 0, 0, 1, '', 171);
UPDATE `user_registration` SET commission_balance = ROUND(commission_balance + 100,2)
WHERE `user_id` = 'QNTB7K';
UPDATE `user_registration` SET referral_bonus = ROUND(referral_bonus + 100,2)
WHERE `user_id` = 'QNTB7K';
INSERT INTO `earnings` (`user_id`, `Purchaser_id`, `earning_type`, `package_id`, `amount`, `date`, `comments`, `invest_amount`, `comm_perc`, `level`, `rank_id`, `order_id`) VALUES ('A9858P', 'C8HKVZ', 'Expansion Bonus', '2', 100, '2024-10-01 15:56:57', 'Expansion Bonus', '100', 0, 1, '', 171);
UPDATE `user_registration` SET commission_balance = ROUND(commission_balance + 100,2)
WHERE `user_id` = 'A9858P';
UPDATE `user_registration` SET expansion_bonus = ROUND(expansion_bonus + 100,2)
WHERE `user_id` = 'A9858P';
INSERT INTO `matrix_filling` (`placement_id`, `downline_id`, `level`, `matrix`) VALUES ('ST4S3A', 'C8HKVZ', 1, 1);
UPDATE `bv_updation` SET right_carry = right_carry+50, total_right = total_right+50
WHERE `user_id` = 'ST4S3A';
INSERT INTO `placement_bv_update_history` (`right_carry`, `date`, `from_id`, `user_id`) VALUES ('50', '2024-10-01 15:56:58', 'C8HKVZ', 'ST4S3A');
INSERT INTO `matrix_filling` (`placement_id`, `downline_id`, `level`, `matrix`) VALUES ('7CTKIP', 'C8HKVZ', 2, 1);
UPDATE `bv_updation` SET right_carry = right_carry+50, total_right = total_right+50
WHERE `user_id` = '7CTKIP';
INSERT INTO `placement_bv_update_history` (`right_carry`, `date`, `from_id`, `user_id`) VALUES ('50', '2024-10-01 15:56:58', 'C8HKVZ', '7CTKIP');
INSERT INTO `matrix_filling` (`placement_id`, `downline_id`, `level`, `matrix`) VALUES ('KESTNP', 'C8HKVZ', 3, 1);
UPDATE `bv_updation` SET right_carry = right_carry+50, total_right = total_right+50
WHERE `user_id` = 'KESTNP';
INSERT INTO `placement_bv_update_history` (`right_carry`, `date`, `from_id`, `user_id`) VALUES ('50', '2024-10-01 15:56:58', 'C8HKVZ', 'KESTNP');
INSERT INTO `matrix_filling` (`placement_id`, `downline_id`, `level`, `matrix`) VALUES ('F6UEPP', 'C8HKVZ', 4, 1);
UPDATE `bv_updation` SET right_carry = right_carry+50, total_right = total_right+50
WHERE `user_id` = 'F6UEPP';
INSERT INTO `placement_bv_update_history` (`right_carry`, `date`, `from_id`, `user_id`) VALUES ('50', '2024-10-01 15:56:58', 'C8HKVZ', 'F6UEPP');
INSERT INTO `matrix_filling` (`placement_id`, `downline_id`, `level`, `matrix`) VALUES ('BQWWLQ', 'C8HKVZ', 5, 1);
UPDATE `bv_updation` SET right_carry = right_carry+50, total_right = total_right+50
WHERE `user_id` = 'BQWWLQ';
INSERT INTO `placement_bv_update_history` (`right_carry`, `date`, `from_id`, `user_id`) VALUES ('50', '2024-10-01 15:56:58', 'C8HKVZ', 'BQWWLQ');
INSERT INTO `matrix_filling` (`placement_id`, `downline_id`, `level`, `matrix`) VALUES ('ONK9BR', 'C8HKVZ', 6, 1);
UPDATE `bv_updation` SET right_carry = right_carry+50, total_right = total_right+50
WHERE `user_id` = 'ONK9BR';
INSERT INTO `placement_bv_update_history` (`right_carry`, `date`, `from_id`, `user_id`) VALUES ('50', '2024-10-01 15:56:58', 'C8HKVZ', 'ONK9BR');
INSERT INTO `matrix_filling` (`placement_id`, `downline_id`, `level`, `matrix`) VALUES ('UPD8YA', 'C8HKVZ', 7, 1);
UPDATE `bv_updation` SET right_carry = right_carry+50, total_right = total_right+50
WHERE `user_id` = 'UPD8YA';
INSERT INTO `placement_bv_update_history` (`right_carry`, `date`, `from_id`, `user_id`) VALUES ('50', '2024-10-01 15:56:58', 'C8HKVZ', 'UPD8YA');
INSERT INTO `matrix_filling` (`placement_id`, `downline_id`, `level`, `matrix`) VALUES ('5YCF3D', 'C8HKVZ', 8, 1);
UPDATE `bv_updation` SET right_carry = right_carry+50, total_right = total_right+50
WHERE `user_id` = '5YCF3D';
INSERT INTO `placement_bv_update_history` (`right_carry`, `date`, `from_id`, `user_id`) VALUES ('50', '2024-10-01 15:56:58', 'C8HKVZ', '5YCF3D');
INSERT INTO `matrix_filling` (`placement_id`, `downline_id`, `level`, `matrix`) VALUES ('W4YLN8', 'C8HKVZ', 9, 1);
UPDATE `bv_updation` SET right_carry = right_carry+50, total_right = total_right+50
WHERE `user_id` = 'W4YLN8';
INSERT INTO `placement_bv_update_history` (`right_carry`, `date`, `from_id`, `user_id`) VALUES ('50', '2024-10-01 15:56:58', 'C8HKVZ', 'W4YLN8');
INSERT INTO `matrix_filling` (`placement_id`, `downline_id`, `level`, `matrix`) VALUES ('KZ8EZM', 'C8HKVZ', 10, 1);
UPDATE `bv_updation` SET right_carry = right_carry+50, total_right = total_right+50
WHERE `user_id` = 'KZ8EZM';
INSERT INTO `placement_bv_update_history` (`right_carry`, `date`, `from_id`, `user_id`) VALUES ('50', '2024-10-01 15:56:58', 'C8HKVZ', 'KZ8EZM');
INSERT INTO `matrix_filling` (`placement_id`, `downline_id`, `level`, `matrix`) VALUES ('Q4OMS8', 'C8HKVZ', 11, 1);
UPDATE `bv_updation` SET right_carry = right_carry+50, total_right = total_right+50
WHERE `user_id` = 'Q4OMS8';
INSERT INTO `placement_bv_update_history` (`right_carry`, `date`, `from_id`, `user_id`) VALUES ('50', '2024-10-01 15:56:58', 'C8HKVZ', 'Q4OMS8');
INSERT INTO `matrix_filling` (`placement_id`, `downline_id`, `level`, `matrix`) VALUES ('1RD6JR', 'C8HKVZ', 12, 1);
UPDATE `bv_updation` SET right_carry = right_carry+50, total_right = total_right+50
WHERE `user_id` = '1RD6JR';
INSERT INTO `placement_bv_update_history` (`right_carry`, `date`, `from_id`, `user_id`) VALUES ('50', '2024-10-01 15:56:58', 'C8HKVZ', '1RD6JR');
INSERT INTO `matrix_filling` (`placement_id`, `downline_id`, `level`, `matrix`) VALUES ('RFW11H', 'C8HKVZ', 13, 1);
UPDATE `bv_updation` SET right_carry = right_carry+50, total_right = total_right+50
WHERE `user_id` = 'RFW11H';
INSERT INTO `placement_bv_update_history` (`right_carry`, `date`, `from_id`, `user_id`) VALUES ('50', '2024-10-01 15:56:58', 'C8HKVZ', 'RFW11H');
INSERT INTO `matrix_filling` (`placement_id`, `downline_id`, `level`, `matrix`) VALUES ('76WP95', 'C8HKVZ', 14, 1);
UPDATE `bv_updation` SET right_carry = right_carry+50, total_right = total_right+50
WHERE `user_id` = '76WP95';
INSERT INTO `placement_bv_update_history` (`right_carry`, `date`, `from_id`, `user_id`) VALUES ('50', '2024-10-01 15:56:58', 'C8HKVZ', '76WP95');
INSERT INTO `matrix_filling` (`placement_id`, `downline_id`, `level`, `matrix`) VALUES ('OJQCC3', 'C8HKVZ', 15, 1);
UPDATE `bv_updation` SET right_carry = right_carry+50, total_right = total_right+50
WHERE `user_id` = 'OJQCC3';
INSERT INTO `placement_bv_update_history` (`right_carry`, `date`, `from_id`, `user_id`) VALUES ('50', '2024-10-01 15:56:58', 'C8HKVZ', 'OJQCC3');
INSERT INTO `matrix_filling` (`placement_id`, `downline_id`, `level`, `matrix`) VALUES ('WWJBN8', 'C8HKVZ', 16, 1);
UPDATE `bv_updation` SET right_carry = right_carry+50, total_right = total_right+50
WHERE `user_id` = 'WWJBN8';
INSERT INTO `placement_bv_update_history` (`right_carry`, `date`, `from_id`, `user_id`) VALUES ('50', '2024-10-01 15:56:58', 'C8HKVZ', 'WWJBN8');
INSERT INTO `matrix_filling` (`placement_id`, `downline_id`, `level`, `matrix`) VALUES ('S315RU', 'C8HKVZ', 17, 1);
UPDATE `bv_updation` SET right_carry = right_carry+50, total_right = total_right+50
WHERE `user_id` = 'S315RU';
INSERT INTO `placement_bv_update_history` (`right_carry`, `date`, `from_id`, `user_id`) VALUES ('50', '2024-10-01 15:56:58', 'C8HKVZ', 'S315RU');
INSERT INTO `matrix_filling` (`placement_id`, `downline_id`, `level`, `matrix`) VALUES ('ZXPC6A', 'C8HKVZ', 18, 1);
UPDATE `bv_updation` SET right_carry = right_carry+50, total_right = total_right+50
WHERE `user_id` = 'ZXPC6A';
INSERT INTO `placement_bv_update_history` (`right_carry`, `date`, `from_id`, `user_id`) VALUES ('50', '2024-10-01 15:56:58', 'C8HKVZ', 'ZXPC6A');
INSERT INTO `matrix_filling` (`placement_id`, `downline_id`, `level`, `matrix`) VALUES ('PSXSWJ', 'C8HKVZ', 19, 1);
UPDATE `bv_updation` SET right_carry = right_carry+50, total_right = total_right+50
WHERE `user_id` = 'PSXSWJ';
INSERT INTO `placement_bv_update_history` (`right_carry`, `date`, `from_id`, `user_id`) VALUES ('50', '2024-10-01 15:56:58', 'C8HKVZ', 'PSXSWJ');
INSERT INTO `matrix_filling` (`placement_id`, `downline_id`, `level`, `matrix`) VALUES ('K3DX1Z', 'C8HKVZ', 20, 1);
UPDATE `bv_updation` SET right_carry = right_carry+50, total_right = total_right+50
WHERE `user_id` = 'K3DX1Z';
INSERT INTO `placement_bv_update_history` (`right_carry`, `date`, `from_id`, `user_id`) VALUES ('50', '2024-10-01 15:56:58', 'C8HKVZ', 'K3DX1Z');
INSERT INTO `matrix_filling` (`placement_id`, `downline_id`, `level`, `matrix`) VALUES ('SV3HCM', 'C8HKVZ', 21, 1);
UPDATE `bv_updation` SET right_carry = right_carry+50, total_right = total_right+50
WHERE `user_id` = 'SV3HCM';
INSERT INTO `placement_bv_update_history` (`right_carry`, `date`, `from_id`, `user_id`) VALUES ('50', '2024-10-01 15:56:58', 'C8HKVZ', 'SV3HCM');
INSERT INTO `matrix_filling` (`placement_id`, `downline_id`, `level`, `matrix`) VALUES ('2XFV6Q', 'C8HKVZ', 22, 1);
UPDATE `bv_updation` SET right_carry = right_carry+50, total_right = total_right+50
WHERE `user_id` = '2XFV6Q';
INSERT INTO `placement_bv_update_history` (`right_carry`, `date`, `from_id`, `user_id`) VALUES ('50', '2024-10-01 15:56:58', 'C8HKVZ', '2XFV6Q');
INSERT INTO `matrix_filling` (`placement_id`, `downline_id`, `level`, `matrix`) VALUES ('QNTB7K', 'C8HKVZ', 23, 1);
UPDATE `bv_updation` SET right_carry = right_carry+50, total_right = total_right+50
WHERE `user_id` = 'QNTB7K';
INSERT INTO `placement_bv_update_history` (`right_carry`, `date`, `from_id`, `user_id`) VALUES ('50', '2024-10-01 15:56:58', 'C8HKVZ', 'QNTB7K');
UPDATE `bv_updation` SET sponsor_right_carry = sponsor_right_carry+50, sponsor_total_right = sponsor_total_right+50
WHERE `user_id` = 'QNTB7K';
INSERT INTO `sponsor_bv_update_history` (`right_carry`, `date`, `user_id`) VALUES ('50', '2024-10-01 15:56:58', 'QNTB7K');
INSERT INTO `matrix_filling` (`placement_id`, `downline_id`, `level`, `matrix`) VALUES ('DM1Y9N', 'C8HKVZ', 24, 1);
UPDATE `bv_updation` SET left_carry = left_carry+50, total_left = total_left+50
WHERE `user_id` = 'DM1Y9N';
INSERT INTO `placement_bv_update_history` (`left_carry`, `date`, `from_id`, `user_id`) VALUES ('50', '2024-10-01 15:56:58', 'C8HKVZ', 'DM1Y9N');
INSERT INTO `matrix_filling` (`placement_id`, `downline_id`, `level`, `matrix`) VALUES ('A9858P', 'C8HKVZ', 25, 1);
UPDATE `bv_updation` SET left_carry = left_carry+50, total_left = total_left+50
WHERE `user_id` = 'A9858P';
INSERT INTO `placement_bv_update_history` (`left_carry`, `date`, `from_id`, `user_id`) VALUES ('50', '2024-10-01 15:56:58', 'C8HKVZ', 'A9858P');
INSERT INTO `matrix_filling` (`placement_id`, `downline_id`, `level`, `matrix`) VALUES ('admin', 'C8HKVZ', 26, 1);
UPDATE `bv_updation` SET right_carry = right_carry+50, total_right = total_right+50
WHERE `user_id` = 'admin';
INSERT INTO `placement_bv_update_history` (`right_carry`, `date`, `from_id`, `user_id`) VALUES ('50', '2024-10-01 15:56:58', 'C8HKVZ', 'admin');
INSERT INTO `package_purchase_history` (`user_id`, `package_id`, `reg_fee`, `package_name`, `monthly_fee`, `type`, `date`, `payment_option`) VALUES ('C8HKVZ', '2', '595', 'Traveler Pro', '150', 'sign_up', '2024-10-01 15:56:58', 'free');
UPDATE `user_registration` SET `popup_seen` = 'yes'
WHERE `user_id` = 'QNTB7K';
UPDATE `user_registration` SET `uid` = '2350', `user_id` = 'Q8W4P6', `username` = 'cristino1', `sponsor_id` = '7RY1ZP', `vacant` = 'no', `f_name` = 'Cristino', `l_name` = 'López', `address` = '6520 Kendale Lakes Dr ', `position` = 'left', `email` = 'cristino1@gmail.com', `password` = 'a9bfc04a4d0ad25f4861f580168903c9', `phone` = '3057610606', `country` = 'United States', `state` = 'Florida', `city` = 'Miami', `street` = '6520 Kendale Lakes Dr', `zip_code` = '33183', `reg_ip` = '172.70.255.19', `status` = 1, `package_id` = '2', `rank_id` = 1, `highest_rank` = 1, `cycle_rank_id` = 1, `created` = '2024-10-01 15:57:37', `subscription_date` = '2024-10-31', `google_secret` = 'MTGWA2OVPL3I7OD2'
WHERE `uid` = '2350';
INSERT INTO `user_registration` (`uid`, `user_id`, `username`, `sponsor_id`, `placement_id`, `vacant`, `f_name`, `l_name`, `address`, `position`, `email`, `password`, `phone`, `reg_ip`, `status`, `created`) VALUES (NULL, 'IVFOFL', 'COfLWtaE', 'Q8W4P6', 'Q8W4P6', 'yes', '', '', '', 'left', '@mail.com', '', '', '', 0, '2024-10-01 15:57:37');
INSERT INTO `user_registration` (`uid`, `user_id`, `username`, `sponsor_id`, `placement_id`, `vacant`, `f_name`, `l_name`, `address`, `position`, `email`, `password`, `phone`, `reg_ip`, `status`, `created`) VALUES (NULL, 'XQNWOY', 'VyCNBBlq', 'Q8W4P6', 'Q8W4P6', 'yes', '', '', '', 'right', '@mail.com', '', '', '', 0, '2024-10-01 15:57:37');
INSERT INTO `bv_updation` (`user_id`) VALUES ('Q8W4P6');
UPDATE `user_registration` SET total_ref_count = total_ref_count+1
WHERE `user_id` = '7RY1ZP';
UPDATE `user_registration` SET total_downlines = total_downlines+1
WHERE `user_id` = 'WJR372';
UPDATE `user_registration` SET left_downlines = left_downlines+1
WHERE `user_id` = 'WJR372';
UPDATE `user_registration` SET total_downlines = total_downlines+1
WHERE `user_id` = 'YJ6OTD';
UPDATE `user_registration` SET left_downlines = left_downlines+1
WHERE `user_id` = 'YJ6OTD';
UPDATE `user_registration` SET total_downlines = total_downlines+1
WHERE `user_id` = 'F8WLAW';
UPDATE `user_registration` SET left_downlines = left_downlines+1
WHERE `user_id` = 'F8WLAW';
UPDATE `user_registration` SET total_downlines = total_downlines+1
WHERE `user_id` = '9H9OZM';
UPDATE `user_registration` SET left_downlines = left_downlines+1
WHERE `user_id` = '9H9OZM';
UPDATE `user_registration` SET total_downlines = total_downlines+1
WHERE `user_id` = 'DLP7GD';
UPDATE `user_registration` SET left_downlines = left_downlines+1
WHERE `user_id` = 'DLP7GD';
UPDATE `user_registration` SET total_downlines = total_downlines+1
WHERE `user_id` = 'VG9TO9';
UPDATE `user_registration` SET left_downlines = left_downlines+1
WHERE `user_id` = 'VG9TO9';
UPDATE `user_registration` SET total_downlines = total_downlines+1
WHERE `user_id` = 'L8R95F';
UPDATE `user_registration` SET left_downlines = left_downlines+1
WHERE `user_id` = 'L8R95F';
UPDATE `user_registration` SET total_downlines = total_downlines+1
WHERE `user_id` = 'Y9DPUD';
UPDATE `user_registration` SET left_downlines = left_downlines+1
WHERE `user_id` = 'Y9DPUD';
UPDATE `user_registration` SET total_downlines = total_downlines+1
WHERE `user_id` = '5H9TH3';
UPDATE `user_registration` SET left_downlines = left_downlines+1
WHERE `user_id` = '5H9TH3';
UPDATE `user_registration` SET total_downlines = total_downlines+1
WHERE `user_id` = 'MIT9KW';
UPDATE `user_registration` SET left_downlines = left_downlines+1
WHERE `user_id` = 'MIT9KW';
UPDATE `user_registration` SET total_downlines = total_downlines+1
WHERE `user_id` = 'IMUABZ';
UPDATE `user_registration` SET left_downlines = left_downlines+1
WHERE `user_id` = 'IMUABZ';
UPDATE `user_registration` SET total_downlines = total_downlines+1
WHERE `user_id` = 'G54QC4';
UPDATE `user_registration` SET left_downlines = left_downlines+1
WHERE `user_id` = 'G54QC4';
UPDATE `user_registration` SET total_downlines = total_downlines+1
WHERE `user_id` = '9JPZJL';
UPDATE `user_registration` SET left_downlines = left_downlines+1
WHERE `user_id` = '9JPZJL';
UPDATE `user_registration` SET total_downlines = total_downlines+1
WHERE `user_id` = 'E3PPZ3';
UPDATE `user_registration` SET left_downlines = left_downlines+1
WHERE `user_id` = 'E3PPZ3';
UPDATE `user_registration` SET total_downlines = total_downlines+1
WHERE `user_id` = '7RY1ZP';
UPDATE `user_registration` SET left_downlines = left_downlines+1
WHERE `user_id` = '7RY1ZP';
UPDATE `user_registration` SET left_ref_count = left_ref_count+1
WHERE `user_id` = '7RY1ZP';
UPDATE `user_registration` SET active_left = active_left+1
WHERE `user_id` = '7RY1ZP';
UPDATE `user_registration` SET total_downlines = total_downlines+1
WHERE `user_id` = 'ADZTOG';
UPDATE `user_registration` SET right_downlines = right_downlines+1
WHERE `user_id` = 'ADZTOG';
UPDATE `user_registration` SET total_downlines = total_downlines+1
WHERE `user_id` = 'A9858P';
UPDATE `user_registration` SET right_downlines = right_downlines+1
WHERE `user_id` = 'A9858P';
UPDATE `user_registration` SET total_downlines = total_downlines+1
WHERE `user_id` = 'admin';
UPDATE `user_registration` SET right_downlines = right_downlines+1
WHERE `user_id` = 'admin';
INSERT INTO `investment` (`invest_date`, `user_id`, `type`, `amount`, `package_id`) VALUES ('2024-10-01 15:57:37', 'Q8W4P6', 'register', '595', '2');
INSERT INTO `earnings` (`user_id`, `Purchaser_id`, `earning_type`, `package_id`, `amount`, `date`, `comments`, `invest_amount`, `comm_perc`, `level`, `rank_id`, `order_id`) VALUES ('7RY1ZP', 'Q8W4P6', 'Direct Referral Bonus', '2', '100', '2024-10-01 15:57:37', 'Direct Referral Bonus', 0, 0, 1, '', 172);
UPDATE `user_registration` SET commission_balance = ROUND(commission_balance + 100,2)
WHERE `user_id` = '7RY1ZP';
UPDATE `user_registration` SET referral_bonus = ROUND(referral_bonus + 100,2)
WHERE `user_id` = '7RY1ZP';
INSERT INTO `earnings` (`user_id`, `Purchaser_id`, `earning_type`, `package_id`, `amount`, `date`, `comments`, `invest_amount`, `comm_perc`, `level`, `rank_id`, `order_id`) VALUES ('A9858P', 'Q8W4P6', 'Expansion Bonus', '2', 100, '2024-10-01 15:57:37', 'Expansion Bonus', '100', 0, 1, '', 172);
UPDATE `user_registration` SET commission_balance = ROUND(commission_balance + 100,2)
WHERE `user_id` = 'A9858P';
UPDATE `user_registration` SET expansion_bonus = ROUND(expansion_bonus + 100,2)
WHERE `user_id` = 'A9858P';
INSERT INTO `matrix_filling` (`placement_id`, `downline_id`, `level`, `matrix`) VALUES ('WJR372', 'Q8W4P6', 1, 1);
UPDATE `bv_updation` SET left_carry = left_carry+50, total_left = total_left+50
WHERE `user_id` = 'WJR372';
INSERT INTO `placement_bv_update_history` (`left_carry`, `date`, `from_id`, `user_id`) VALUES ('50', '2024-10-01 15:57:37', 'Q8W4P6', 'WJR372');
INSERT INTO `matrix_filling` (`placement_id`, `downline_id`, `level`, `matrix`) VALUES ('YJ6OTD', 'Q8W4P6', 2, 1);
UPDATE `bv_updation` SET left_carry = left_carry+50, total_left = total_left+50
WHERE `user_id` = 'YJ6OTD';
INSERT INTO `placement_bv_update_history` (`left_carry`, `date`, `from_id`, `user_id`) VALUES ('50', '2024-10-01 15:57:37', 'Q8W4P6', 'YJ6OTD');
INSERT INTO `matrix_filling` (`placement_id`, `downline_id`, `level`, `matrix`) VALUES ('F8WLAW', 'Q8W4P6', 3, 1);
UPDATE `bv_updation` SET left_carry = left_carry+50, total_left = total_left+50
WHERE `user_id` = 'F8WLAW';
INSERT INTO `placement_bv_update_history` (`left_carry`, `date`, `from_id`, `user_id`) VALUES ('50', '2024-10-01 15:57:37', 'Q8W4P6', 'F8WLAW');
INSERT INTO `matrix_filling` (`placement_id`, `downline_id`, `level`, `matrix`) VALUES ('9H9OZM', 'Q8W4P6', 4, 1);
UPDATE `bv_updation` SET left_carry = left_carry+50, total_left = total_left+50
WHERE `user_id` = '9H9OZM';
INSERT INTO `placement_bv_update_history` (`left_carry`, `date`, `from_id`, `user_id`) VALUES ('50', '2024-10-01 15:57:37', 'Q8W4P6', '9H9OZM');
INSERT INTO `matrix_filling` (`placement_id`, `downline_id`, `level`, `matrix`) VALUES ('DLP7GD', 'Q8W4P6', 5, 1);
UPDATE `bv_updation` SET left_carry = left_carry+50, total_left = total_left+50
WHERE `user_id` = 'DLP7GD';
INSERT INTO `placement_bv_update_history` (`left_carry`, `date`, `from_id`, `user_id`) VALUES ('50', '2024-10-01 15:57:37', 'Q8W4P6', 'DLP7GD');
INSERT INTO `matrix_filling` (`placement_id`, `downline_id`, `level`, `matrix`) VALUES ('VG9TO9', 'Q8W4P6', 6, 1);
UPDATE `bv_updation` SET left_carry = left_carry+50, total_left = total_left+50
WHERE `user_id` = 'VG9TO9';
INSERT INTO `placement_bv_update_history` (`left_carry`, `date`, `from_id`, `user_id`) VALUES ('50', '2024-10-01 15:57:37', 'Q8W4P6', 'VG9TO9');
INSERT INTO `matrix_filling` (`placement_id`, `downline_id`, `level`, `matrix`) VALUES ('L8R95F', 'Q8W4P6', 7, 1);
UPDATE `bv_updation` SET left_carry = left_carry+50, total_left = total_left+50
WHERE `user_id` = 'L8R95F';
INSERT INTO `placement_bv_update_history` (`left_carry`, `date`, `from_id`, `user_id`) VALUES ('50', '2024-10-01 15:57:37', 'Q8W4P6', 'L8R95F');
INSERT INTO `matrix_filling` (`placement_id`, `downline_id`, `level`, `matrix`) VALUES ('Y9DPUD', 'Q8W4P6', 8, 1);
UPDATE `bv_updation` SET left_carry = left_carry+50, total_left = total_left+50
WHERE `user_id` = 'Y9DPUD';
INSERT INTO `placement_bv_update_history` (`left_carry`, `date`, `from_id`, `user_id`) VALUES ('50', '2024-10-01 15:57:37', 'Q8W4P6', 'Y9DPUD');
INSERT INTO `matrix_filling` (`placement_id`, `downline_id`, `level`, `matrix`) VALUES ('5H9TH3', 'Q8W4P6', 9, 1);
UPDATE `bv_updation` SET left_carry = left_carry+50, total_left = total_left+50
WHERE `user_id` = '5H9TH3';
INSERT INTO `placement_bv_update_history` (`left_carry`, `date`, `from_id`, `user_id`) VALUES ('50', '2024-10-01 15:57:37', 'Q8W4P6', '5H9TH3');
INSERT INTO `matrix_filling` (`placement_id`, `downline_id`, `level`, `matrix`) VALUES ('MIT9KW', 'Q8W4P6', 10, 1);
UPDATE `bv_updation` SET left_carry = left_carry+50, total_left = total_left+50
WHERE `user_id` = 'MIT9KW';
INSERT INTO `placement_bv_update_history` (`left_carry`, `date`, `from_id`, `user_id`) VALUES ('50', '2024-10-01 15:57:37', 'Q8W4P6', 'MIT9KW');
INSERT INTO `matrix_filling` (`placement_id`, `downline_id`, `level`, `matrix`) VALUES ('IMUABZ', 'Q8W4P6', 11, 1);
UPDATE `bv_updation` SET left_carry = left_carry+50, total_left = total_left+50
WHERE `user_id` = 'IMUABZ';
INSERT INTO `placement_bv_update_history` (`left_carry`, `date`, `from_id`, `user_id`) VALUES ('50', '2024-10-01 15:57:37', 'Q8W4P6', 'IMUABZ');
INSERT INTO `matrix_filling` (`placement_id`, `downline_id`, `level`, `matrix`) VALUES ('G54QC4', 'Q8W4P6', 12, 1);
UPDATE `bv_updation` SET left_carry = left_carry+50, total_left = total_left+50
WHERE `user_id` = 'G54QC4';
INSERT INTO `placement_bv_update_history` (`left_carry`, `date`, `from_id`, `user_id`) VALUES ('50', '2024-10-01 15:57:37', 'Q8W4P6', 'G54QC4');
INSERT INTO `matrix_filling` (`placement_id`, `downline_id`, `level`, `matrix`) VALUES ('9JPZJL', 'Q8W4P6', 13, 1);
UPDATE `bv_updation` SET left_carry = left_carry+50, total_left = total_left+50
WHERE `user_id` = '9JPZJL';
INSERT INTO `placement_bv_update_history` (`left_carry`, `date`, `from_id`, `user_id`) VALUES ('50', '2024-10-01 15:57:37', 'Q8W4P6', '9JPZJL');
INSERT INTO `matrix_filling` (`placement_id`, `downline_id`, `level`, `matrix`) VALUES ('E3PPZ3', 'Q8W4P6', 14, 1);
UPDATE `bv_updation` SET left_carry = left_carry+50, total_left = total_left+50
WHERE `user_id` = 'E3PPZ3';
INSERT INTO `placement_bv_update_history` (`left_carry`, `date`, `from_id`, `user_id`) VALUES ('50', '2024-10-01 15:57:37', 'Q8W4P6', 'E3PPZ3');
INSERT INTO `matrix_filling` (`placement_id`, `downline_id`, `level`, `matrix`) VALUES ('7RY1ZP', 'Q8W4P6', 15, 1);
UPDATE `bv_updation` SET left_carry = left_carry+50, total_left = total_left+50
WHERE `user_id` = '7RY1ZP';
INSERT INTO `placement_bv_update_history` (`left_carry`, `date`, `from_id`, `user_id`) VALUES ('50', '2024-10-01 15:57:37', 'Q8W4P6', '7RY1ZP');
UPDATE `bv_updation` SET sponsor_left_carry = sponsor_left_carry+50, sponsor_total_left = sponsor_total_left+50
WHERE `user_id` = '7RY1ZP';
INSERT INTO `sponsor_bv_update_history` (`left_carry`, `date`, `user_id`) VALUES ('50', '2024-10-01 15:57:37', '7RY1ZP');
INSERT INTO `matrix_filling` (`placement_id`, `downline_id`, `level`, `matrix`) VALUES ('ADZTOG', 'Q8W4P6', 16, 1);
UPDATE `bv_updation` SET right_carry = right_carry+50, total_right = total_right+50
WHERE `user_id` = 'ADZTOG';
INSERT INTO `placement_bv_update_history` (`right_carry`, `date`, `from_id`, `user_id`) VALUES ('50', '2024-10-01 15:57:37', 'Q8W4P6', 'ADZTOG');
INSERT INTO `matrix_filling` (`placement_id`, `downline_id`, `level`, `matrix`) VALUES ('A9858P', 'Q8W4P6', 17, 1);
UPDATE `bv_updation` SET right_carry = right_carry+50, total_right = total_right+50
WHERE `user_id` = 'A9858P';
INSERT INTO `placement_bv_update_history` (`right_carry`, `date`, `from_id`, `user_id`) VALUES ('50', '2024-10-01 15:57:37', 'Q8W4P6', 'A9858P');
INSERT INTO `matrix_filling` (`placement_id`, `downline_id`, `level`, `matrix`) VALUES ('admin', 'Q8W4P6', 18, 1);
UPDATE `bv_updation` SET right_carry = right_carry+50, total_right = total_right+50
WHERE `user_id` = 'admin';
INSERT INTO `placement_bv_update_history` (`right_carry`, `date`, `from_id`, `user_id`) VALUES ('50', '2024-10-01 15:57:37', 'Q8W4P6', 'admin');
INSERT INTO `package_purchase_history` (`user_id`, `package_id`, `reg_fee`, `package_name`, `monthly_fee`, `type`, `date`, `payment_option`) VALUES ('Q8W4P6', '2', '595', 'Traveler Pro', '150', 'sign_up', '2024-10-01 15:57:37', 'free');
UPDATE `user_registration` SET `popup_seen` = 'yes'
WHERE `user_id` = '7RY1ZP';
UPDATE `user_registration` SET `uid` = '2354', `user_id` = '8JWYB8', `username` = 'benjamín1', `sponsor_id` = '7RY1ZP', `vacant` = 'no', `f_name` = 'Benjamín', `l_name` = 'Hernández', `address` = '6520 Kendale Lakes Dr ', `position` = 'left', `email` = 'benjamin1@gmail.com', `password` = '6964b209dc19cb6e35854dc74f07ff0d', `phone` = '3057610606', `country` = 'United States', `state` = 'Florida', `city` = 'Miami', `street` = '6520 Kendale Lakes Dr', `zip_code` = '33183', `reg_ip` = '172.70.54.190', `status` = 1, `package_id` = '2', `rank_id` = 1, `highest_rank` = 1, `cycle_rank_id` = 1, `created` = '2024-10-01 15:59:55', `subscription_date` = '2024-10-31', `google_secret` = 'GL6VBTEDKY55DOHM'
WHERE `uid` = '2354';
INSERT INTO `user_registration` (`uid`, `user_id`, `username`, `sponsor_id`, `placement_id`, `vacant`, `f_name`, `l_name`, `address`, `position`, `email`, `password`, `phone`, `reg_ip`, `status`, `created`) VALUES (NULL, 'EVAJKS', 'yoSTDnmS', '8JWYB8', '8JWYB8', 'yes', '', '', '', 'left', '@mail.com', '', '', '', 0, '2024-10-01 15:59:55');
INSERT INTO `user_registration` (`uid`, `user_id`, `username`, `sponsor_id`, `placement_id`, `vacant`, `f_name`, `l_name`, `address`, `position`, `email`, `password`, `phone`, `reg_ip`, `status`, `created`) VALUES (NULL, 'OSLWRW', 'ouGDjXkr', '8JWYB8', '8JWYB8', 'yes', '', '', '', 'right', '@mail.com', '', '', '', 0, '2024-10-01 15:59:55');
INSERT INTO `bv_updation` (`user_id`) VALUES ('8JWYB8');
UPDATE `user_registration` SET total_ref_count = total_ref_count+1
WHERE `user_id` = '7RY1ZP';
UPDATE `user_registration` SET total_downlines = total_downlines+1
WHERE `user_id` = 'Q8W4P6';
UPDATE `user_registration` SET left_downlines = left_downlines+1
WHERE `user_id` = 'Q8W4P6';
UPDATE `user_registration` SET total_downlines = total_downlines+1
WHERE `user_id` = 'WJR372';
UPDATE `user_registration` SET left_downlines = left_downlines+1
WHERE `user_id` = 'WJR372';
UPDATE `user_registration` SET total_downlines = total_downlines+1
WHERE `user_id` = 'YJ6OTD';
UPDATE `user_registration` SET left_downlines = left_downlines+1
WHERE `user_id` = 'YJ6OTD';
UPDATE `user_registration` SET total_downlines = total_downlines+1
WHERE `user_id` = 'F8WLAW';
UPDATE `user_registration` SET left_downlines = left_downlines+1
WHERE `user_id` = 'F8WLAW';
UPDATE `user_registration` SET total_downlines = total_downlines+1
WHERE `user_id` = '9H9OZM';
UPDATE `user_registration` SET left_downlines = left_downlines+1
WHERE `user_id` = '9H9OZM';
UPDATE `user_registration` SET total_downlines = total_downlines+1
WHERE `user_id` = 'DLP7GD';
UPDATE `user_registration` SET left_downlines = left_downlines+1
WHERE `user_id` = 'DLP7GD';
UPDATE `user_registration` SET total_downlines = total_downlines+1
WHERE `user_id` = 'VG9TO9';
UPDATE `user_registration` SET left_downlines = left_downlines+1
WHERE `user_id` = 'VG9TO9';
UPDATE `user_registration` SET total_downlines = total_downlines+1
WHERE `user_id` = 'L8R95F';
UPDATE `user_registration` SET left_downlines = left_downlines+1
WHERE `user_id` = 'L8R95F';
UPDATE `user_registration` SET total_downlines = total_downlines+1
WHERE `user_id` = 'Y9DPUD';
UPDATE `user_registration` SET left_downlines = left_downlines+1
WHERE `user_id` = 'Y9DPUD';
UPDATE `user_registration` SET total_downlines = total_downlines+1
WHERE `user_id` = '5H9TH3';
UPDATE `user_registration` SET left_downlines = left_downlines+1
WHERE `user_id` = '5H9TH3';
UPDATE `user_registration` SET total_downlines = total_downlines+1
WHERE `user_id` = 'MIT9KW';
UPDATE `user_registration` SET left_downlines = left_downlines+1
WHERE `user_id` = 'MIT9KW';
UPDATE `user_registration` SET total_downlines = total_downlines+1
WHERE `user_id` = 'IMUABZ';
UPDATE `user_registration` SET left_downlines = left_downlines+1
WHERE `user_id` = 'IMUABZ';
UPDATE `user_registration` SET total_downlines = total_downlines+1
WHERE `user_id` = 'G54QC4';
UPDATE `user_registration` SET left_downlines = left_downlines+1
WHERE `user_id` = 'G54QC4';
UPDATE `user_registration` SET total_downlines = total_downlines+1
WHERE `user_id` = '9JPZJL';
UPDATE `user_registration` SET left_downlines = left_downlines+1
WHERE `user_id` = '9JPZJL';
UPDATE `user_registration` SET total_downlines = total_downlines+1
WHERE `user_id` = 'E3PPZ3';
UPDATE `user_registration` SET left_downlines = left_downlines+1
WHERE `user_id` = 'E3PPZ3';
UPDATE `user_registration` SET total_downlines = total_downlines+1
WHERE `user_id` = '7RY1ZP';
UPDATE `user_registration` SET left_downlines = left_downlines+1
WHERE `user_id` = '7RY1ZP';
UPDATE `user_registration` SET left_ref_count = left_ref_count+1
WHERE `user_id` = '7RY1ZP';
UPDATE `user_registration` SET active_left = active_left+1
WHERE `user_id` = '7RY1ZP';
UPDATE `user_registration` SET total_downlines = total_downlines+1
WHERE `user_id` = 'ADZTOG';
UPDATE `user_registration` SET right_downlines = right_downlines+1
WHERE `user_id` = 'ADZTOG';
UPDATE `user_registration` SET total_downlines = total_downlines+1
WHERE `user_id` = 'A9858P';
UPDATE `user_registration` SET right_downlines = right_downlines+1
WHERE `user_id` = 'A9858P';
UPDATE `user_registration` SET total_downlines = total_downlines+1
WHERE `user_id` = 'admin';
UPDATE `user_registration` SET right_downlines = right_downlines+1
WHERE `user_id` = 'admin';
INSERT INTO `investment` (`invest_date`, `user_id`, `type`, `amount`, `package_id`) VALUES ('2024-10-01 15:59:55', '8JWYB8', 'register', '595', '2');
INSERT INTO `earnings` (`user_id`, `Purchaser_id`, `earning_type`, `package_id`, `amount`, `date`, `comments`, `invest_amount`, `comm_perc`, `level`, `rank_id`, `order_id`) VALUES ('7RY1ZP', '8JWYB8', 'Direct Referral Bonus', '2', '100', '2024-10-01 15:59:55', 'Direct Referral Bonus', 0, 0, 1, '', 173);
UPDATE `user_registration` SET commission_balance = ROUND(commission_balance + 100,2)
WHERE `user_id` = '7RY1ZP';
UPDATE `user_registration` SET referral_bonus = ROUND(referral_bonus + 100,2)
WHERE `user_id` = '7RY1ZP';
INSERT INTO `earnings` (`user_id`, `Purchaser_id`, `earning_type`, `package_id`, `amount`, `date`, `comments`, `invest_amount`, `comm_perc`, `level`, `rank_id`, `order_id`) VALUES ('A9858P', '8JWYB8', 'Expansion Bonus', '2', 100, '2024-10-01 15:59:55', 'Expansion Bonus', '100', 0, 1, '', 173);
UPDATE `user_registration` SET commission_balance = ROUND(commission_balance + 100,2)
WHERE `user_id` = 'A9858P';
UPDATE `user_registration` SET expansion_bonus = ROUND(expansion_bonus + 100,2)
WHERE `user_id` = 'A9858P';
INSERT INTO `matrix_filling` (`placement_id`, `downline_id`, `level`, `matrix`) VALUES ('Q8W4P6', '8JWYB8', 1, 1);
UPDATE `bv_updation` SET left_carry = left_carry+50, total_left = total_left+50
WHERE `user_id` = 'Q8W4P6';
INSERT INTO `placement_bv_update_history` (`left_carry`, `date`, `from_id`, `user_id`) VALUES ('50', '2024-10-01 15:59:55', '8JWYB8', 'Q8W4P6');
INSERT INTO `matrix_filling` (`placement_id`, `downline_id`, `level`, `matrix`) VALUES ('WJR372', '8JWYB8', 2, 1);
UPDATE `bv_updation` SET left_carry = left_carry+50, total_left = total_left+50
WHERE `user_id` = 'WJR372';
INSERT INTO `placement_bv_update_history` (`left_carry`, `date`, `from_id`, `user_id`) VALUES ('50', '2024-10-01 15:59:55', '8JWYB8', 'WJR372');
INSERT INTO `matrix_filling` (`placement_id`, `downline_id`, `level`, `matrix`) VALUES ('YJ6OTD', '8JWYB8', 3, 1);
UPDATE `bv_updation` SET left_carry = left_carry+50, total_left = total_left+50
WHERE `user_id` = 'YJ6OTD';
INSERT INTO `placement_bv_update_history` (`left_carry`, `date`, `from_id`, `user_id`) VALUES ('50', '2024-10-01 15:59:55', '8JWYB8', 'YJ6OTD');
INSERT INTO `matrix_filling` (`placement_id`, `downline_id`, `level`, `matrix`) VALUES ('F8WLAW', '8JWYB8', 4, 1);
UPDATE `bv_updation` SET left_carry = left_carry+50, total_left = total_left+50
WHERE `user_id` = 'F8WLAW';
INSERT INTO `placement_bv_update_history` (`left_carry`, `date`, `from_id`, `user_id`) VALUES ('50', '2024-10-01 15:59:55', '8JWYB8', 'F8WLAW');
INSERT INTO `matrix_filling` (`placement_id`, `downline_id`, `level`, `matrix`) VALUES ('9H9OZM', '8JWYB8', 5, 1);
UPDATE `bv_updation` SET left_carry = left_carry+50, total_left = total_left+50
WHERE `user_id` = '9H9OZM';
INSERT INTO `placement_bv_update_history` (`left_carry`, `date`, `from_id`, `user_id`) VALUES ('50', '2024-10-01 15:59:55', '8JWYB8', '9H9OZM');
INSERT INTO `matrix_filling` (`placement_id`, `downline_id`, `level`, `matrix`) VALUES ('DLP7GD', '8JWYB8', 6, 1);
UPDATE `bv_updation` SET left_carry = left_carry+50, total_left = total_left+50
WHERE `user_id` = 'DLP7GD';
INSERT INTO `placement_bv_update_history` (`left_carry`, `date`, `from_id`, `user_id`) VALUES ('50', '2024-10-01 15:59:55', '8JWYB8', 'DLP7GD');
INSERT INTO `matrix_filling` (`placement_id`, `downline_id`, `level`, `matrix`) VALUES ('VG9TO9', '8JWYB8', 7, 1);
UPDATE `bv_updation` SET left_carry = left_carry+50, total_left = total_left+50
WHERE `user_id` = 'VG9TO9';
INSERT INTO `placement_bv_update_history` (`left_carry`, `date`, `from_id`, `user_id`) VALUES ('50', '2024-10-01 15:59:55', '8JWYB8', 'VG9TO9');
INSERT INTO `matrix_filling` (`placement_id`, `downline_id`, `level`, `matrix`) VALUES ('L8R95F', '8JWYB8', 8, 1);
UPDATE `bv_updation` SET left_carry = left_carry+50, total_left = total_left+50
WHERE `user_id` = 'L8R95F';
INSERT INTO `placement_bv_update_history` (`left_carry`, `date`, `from_id`, `user_id`) VALUES ('50', '2024-10-01 15:59:55', '8JWYB8', 'L8R95F');
INSERT INTO `matrix_filling` (`placement_id`, `downline_id`, `level`, `matrix`) VALUES ('Y9DPUD', '8JWYB8', 9, 1);
UPDATE `bv_updation` SET left_carry = left_carry+50, total_left = total_left+50
WHERE `user_id` = 'Y9DPUD';
INSERT INTO `placement_bv_update_history` (`left_carry`, `date`, `from_id`, `user_id`) VALUES ('50', '2024-10-01 15:59:55', '8JWYB8', 'Y9DPUD');
INSERT INTO `matrix_filling` (`placement_id`, `downline_id`, `level`, `matrix`) VALUES ('5H9TH3', '8JWYB8', 10, 1);
UPDATE `bv_updation` SET left_carry = left_carry+50, total_left = total_left+50
WHERE `user_id` = '5H9TH3';
INSERT INTO `placement_bv_update_history` (`left_carry`, `date`, `from_id`, `user_id`) VALUES ('50', '2024-10-01 15:59:55', '8JWYB8', '5H9TH3');
INSERT INTO `matrix_filling` (`placement_id`, `downline_id`, `level`, `matrix`) VALUES ('MIT9KW', '8JWYB8', 11, 1);
UPDATE `bv_updation` SET left_carry = left_carry+50, total_left = total_left+50
WHERE `user_id` = 'MIT9KW';
INSERT INTO `placement_bv_update_history` (`left_carry`, `date`, `from_id`, `user_id`) VALUES ('50', '2024-10-01 15:59:55', '8JWYB8', 'MIT9KW');
INSERT INTO `matrix_filling` (`placement_id`, `downline_id`, `level`, `matrix`) VALUES ('IMUABZ', '8JWYB8', 12, 1);
UPDATE `bv_updation` SET left_carry = left_carry+50, total_left = total_left+50
WHERE `user_id` = 'IMUABZ';
INSERT INTO `placement_bv_update_history` (`left_carry`, `date`, `from_id`, `user_id`) VALUES ('50', '2024-10-01 15:59:55', '8JWYB8', 'IMUABZ');
INSERT INTO `matrix_filling` (`placement_id`, `downline_id`, `level`, `matrix`) VALUES ('G54QC4', '8JWYB8', 13, 1);
UPDATE `bv_updation` SET left_carry = left_carry+50, total_left = total_left+50
WHERE `user_id` = 'G54QC4';
INSERT INTO `placement_bv_update_history` (`left_carry`, `date`, `from_id`, `user_id`) VALUES ('50', '2024-10-01 15:59:55', '8JWYB8', 'G54QC4');
INSERT INTO `matrix_filling` (`placement_id`, `downline_id`, `level`, `matrix`) VALUES ('9JPZJL', '8JWYB8', 14, 1);
UPDATE `bv_updation` SET left_carry = left_carry+50, total_left = total_left+50
WHERE `user_id` = '9JPZJL';
INSERT INTO `placement_bv_update_history` (`left_carry`, `date`, `from_id`, `user_id`) VALUES ('50', '2024-10-01 15:59:55', '8JWYB8', '9JPZJL');
INSERT INTO `matrix_filling` (`placement_id`, `downline_id`, `level`, `matrix`) VALUES ('E3PPZ3', '8JWYB8', 15, 1);
UPDATE `bv_updation` SET left_carry = left_carry+50, total_left = total_left+50
WHERE `user_id` = 'E3PPZ3';
INSERT INTO `placement_bv_update_history` (`left_carry`, `date`, `from_id`, `user_id`) VALUES ('50', '2024-10-01 15:59:55', '8JWYB8', 'E3PPZ3');
INSERT INTO `matrix_filling` (`placement_id`, `downline_id`, `level`, `matrix`) VALUES ('7RY1ZP', '8JWYB8', 16, 1);
UPDATE `bv_updation` SET left_carry = left_carry+50, total_left = total_left+50
WHERE `user_id` = '7RY1ZP';
INSERT INTO `placement_bv_update_history` (`left_carry`, `date`, `from_id`, `user_id`) VALUES ('50', '2024-10-01 15:59:55', '8JWYB8', '7RY1ZP');
UPDATE `bv_updation` SET sponsor_left_carry = sponsor_left_carry+50, sponsor_total_left = sponsor_total_left+50
WHERE `user_id` = '7RY1ZP';
INSERT INTO `sponsor_bv_update_history` (`left_carry`, `date`, `user_id`) VALUES ('50', '2024-10-01 15:59:55', '7RY1ZP');
INSERT INTO `matrix_filling` (`placement_id`, `downline_id`, `level`, `matrix`) VALUES ('ADZTOG', '8JWYB8', 17, 1);
UPDATE `bv_updation` SET right_carry = right_carry+50, total_right = total_right+50
WHERE `user_id` = 'ADZTOG';
INSERT INTO `placement_bv_update_history` (`right_carry`, `date`, `from_id`, `user_id`) VALUES ('50', '2024-10-01 15:59:55', '8JWYB8', 'ADZTOG');
INSERT INTO `matrix_filling` (`placement_id`, `downline_id`, `level`, `matrix`) VALUES ('A9858P', '8JWYB8', 18, 1);
UPDATE `bv_updation` SET right_carry = right_carry+50, total_right = total_right+50
WHERE `user_id` = 'A9858P';
INSERT INTO `placement_bv_update_history` (`right_carry`, `date`, `from_id`, `user_id`) VALUES ('50', '2024-10-01 15:59:55', '8JWYB8', 'A9858P');
INSERT INTO `matrix_filling` (`placement_id`, `downline_id`, `level`, `matrix`) VALUES ('admin', '8JWYB8', 19, 1);
UPDATE `bv_updation` SET right_carry = right_carry+50, total_right = total_right+50
WHERE `user_id` = 'admin';
INSERT INTO `placement_bv_update_history` (`right_carry`, `date`, `from_id`, `user_id`) VALUES ('50', '2024-10-01 15:59:55', '8JWYB8', 'admin');
INSERT INTO `package_purchase_history` (`user_id`, `package_id`, `reg_fee`, `package_name`, `monthly_fee`, `type`, `date`, `payment_option`) VALUES ('8JWYB8', '2', '595', 'Traveler Pro', '150', 'sign_up', '2024-10-01 15:59:55', 'free');
UPDATE `ci_sessions` SET `timestamp` = 1727816406, `data` = '__ci_last_regenerate|i:1727816406;id|s:4:\"2026\";user_id|s:6:\"QNTB7K\";username|s:8:\"rosmery1\";sponsor_id|s:6:\"A9858P\";fullname|s:13:\"Rosmery Gomez\";email|s:18:\"rosmery1@gmail.com\";phone|s:10:\"7862876762\";isLogIn|b:1;'
WHERE `id` = '2172a7d7183d69bfdc68f49119c8f70219c959cc';
UPDATE `user_registration` SET `uid` = '2353', `user_id` = 'LNUO62', `username` = 'rosa1', `sponsor_id` = 'QNTB7K', `vacant` = 'no', `f_name` = 'Rosa', `l_name` = 'Masola', `address` = '8100 SW 14 Terr', `position` = 'right', `email` = 'rosa1@gmail.com', `password` = 'a7db1df2eef4ea7ead5a9570ac79593b', `phone` = '7862876762', `country` = 'United States', `state` = 'Florida', `city` = 'Miami', `street` = '8100 SW 14 Terr', `zip_code` = '33144', `reg_ip` = '172.70.82.94', `status` = 1, `package_id` = '2', `rank_id` = 1, `highest_rank` = 1, `cycle_rank_id` = 1, `created` = '2024-10-01 16:00:06', `subscription_date` = '2024-10-31', `google_secret` = 'DFO32KRFP6B6XIAL'
WHERE `uid` = '2353';
INSERT INTO `user_registration` (`uid`, `user_id`, `username`, `sponsor_id`, `placement_id`, `vacant`, `f_name`, `l_name`, `address`, `position`, `email`, `password`, `phone`, `reg_ip`, `status`, `created`) VALUES (NULL, 'ZJLTTJ', 'JprtrAUV', 'LNUO62', 'LNUO62', 'yes', '', '', '', 'left', '@mail.com', '', '', '', 0, '2024-10-01 16:00:06');
INSERT INTO `user_registration` (`uid`, `user_id`, `username`, `sponsor_id`, `placement_id`, `vacant`, `f_name`, `l_name`, `address`, `position`, `email`, `password`, `phone`, `reg_ip`, `status`, `created`) VALUES (NULL, 'NDFYEI', 'lEsTOACH', 'LNUO62', 'LNUO62', 'yes', '', '', '', 'right', '@mail.com', '', '', '', 0, '2024-10-01 16:00:06');
INSERT INTO `bv_updation` (`user_id`) VALUES ('LNUO62');
UPDATE `user_registration` SET total_ref_count = total_ref_count+1
WHERE `user_id` = 'QNTB7K';
UPDATE `user_registration` SET total_downlines = total_downlines+1
WHERE `user_id` = 'C8HKVZ';
UPDATE `user_registration` SET right_downlines = right_downlines+1
WHERE `user_id` = 'C8HKVZ';
UPDATE `user_registration` SET total_downlines = total_downlines+1
WHERE `user_id` = 'ST4S3A';
UPDATE `user_registration` SET right_downlines = right_downlines+1
WHERE `user_id` = 'ST4S3A';
UPDATE `user_registration` SET total_downlines = total_downlines+1
WHERE `user_id` = '7CTKIP';
UPDATE `user_registration` SET right_downlines = right_downlines+1
WHERE `user_id` = '7CTKIP';
UPDATE `user_registration` SET total_downlines = total_downlines+1
WHERE `user_id` = 'KESTNP';
UPDATE `user_registration` SET right_downlines = right_downlines+1
WHERE `user_id` = 'KESTNP';
UPDATE `user_registration` SET total_downlines = total_downlines+1
WHERE `user_id` = 'F6UEPP';
UPDATE `user_registration` SET right_downlines = right_downlines+1
WHERE `user_id` = 'F6UEPP';
UPDATE `user_registration` SET total_downlines = total_downlines+1
WHERE `user_id` = 'BQWWLQ';
UPDATE `user_registration` SET right_downlines = right_downlines+1
WHERE `user_id` = 'BQWWLQ';
UPDATE `user_registration` SET total_downlines = total_downlines+1
WHERE `user_id` = 'ONK9BR';
UPDATE `user_registration` SET right_downlines = right_downlines+1
WHERE `user_id` = 'ONK9BR';
UPDATE `user_registration` SET total_downlines = total_downlines+1
WHERE `user_id` = 'UPD8YA';
UPDATE `user_registration` SET right_downlines = right_downlines+1
WHERE `user_id` = 'UPD8YA';
UPDATE `user_registration` SET total_downlines = total_downlines+1
WHERE `user_id` = '5YCF3D';
UPDATE `user_registration` SET right_downlines = right_downlines+1
WHERE `user_id` = '5YCF3D';
UPDATE `user_registration` SET total_downlines = total_downlines+1
WHERE `user_id` = 'W4YLN8';
UPDATE `user_registration` SET right_downlines = right_downlines+1
WHERE `user_id` = 'W4YLN8';
UPDATE `user_registration` SET total_downlines = total_downlines+1
WHERE `user_id` = 'KZ8EZM';
UPDATE `user_registration` SET right_downlines = right_downlines+1
WHERE `user_id` = 'KZ8EZM';
UPDATE `user_registration` SET total_downlines = total_downlines+1
WHERE `user_id` = 'Q4OMS8';
UPDATE `user_registration` SET right_downlines = right_downlines+1
WHERE `user_id` = 'Q4OMS8';
UPDATE `user_registration` SET total_downlines = total_downlines+1
WHERE `user_id` = '1RD6JR';
UPDATE `user_registration` SET right_downlines = right_downlines+1
WHERE `user_id` = '1RD6JR';
UPDATE `user_registration` SET total_downlines = total_downlines+1
WHERE `user_id` = 'RFW11H';
UPDATE `user_registration` SET right_downlines = right_downlines+1
WHERE `user_id` = 'RFW11H';
UPDATE `user_registration` SET total_downlines = total_downlines+1
WHERE `user_id` = '76WP95';
UPDATE `user_registration` SET right_downlines = right_downlines+1
WHERE `user_id` = '76WP95';
UPDATE `user_registration` SET total_downlines = total_downlines+1
WHERE `user_id` = 'OJQCC3';
UPDATE `user_registration` SET right_downlines = right_downlines+1
WHERE `user_id` = 'OJQCC3';
UPDATE `user_registration` SET total_downlines = total_downlines+1
WHERE `user_id` = 'WWJBN8';
UPDATE `user_registration` SET right_downlines = right_downlines+1
WHERE `user_id` = 'WWJBN8';
UPDATE `user_registration` SET total_downlines = total_downlines+1
WHERE `user_id` = 'S315RU';
UPDATE `user_registration` SET right_downlines = right_downlines+1
WHERE `user_id` = 'S315RU';
UPDATE `user_registration` SET total_downlines = total_downlines+1
WHERE `user_id` = 'ZXPC6A';
UPDATE `user_registration` SET right_downlines = right_downlines+1
WHERE `user_id` = 'ZXPC6A';
UPDATE `user_registration` SET total_downlines = total_downlines+1
WHERE `user_id` = 'PSXSWJ';
UPDATE `user_registration` SET right_downlines = right_downlines+1
WHERE `user_id` = 'PSXSWJ';
UPDATE `user_registration` SET total_downlines = total_downlines+1
WHERE `user_id` = 'K3DX1Z';
UPDATE `user_registration` SET right_downlines = right_downlines+1
WHERE `user_id` = 'K3DX1Z';
UPDATE `user_registration` SET total_downlines = total_downlines+1
WHERE `user_id` = 'SV3HCM';
UPDATE `user_registration` SET right_downlines = right_downlines+1
WHERE `user_id` = 'SV3HCM';
UPDATE `user_registration` SET total_downlines = total_downlines+1
WHERE `user_id` = '2XFV6Q';
UPDATE `user_registration` SET right_downlines = right_downlines+1
WHERE `user_id` = '2XFV6Q';
UPDATE `user_registration` SET total_downlines = total_downlines+1
WHERE `user_id` = 'QNTB7K';
UPDATE `user_registration` SET right_downlines = right_downlines+1
WHERE `user_id` = 'QNTB7K';
UPDATE `user_registration` SET right_ref_count = right_ref_count+1
WHERE `user_id` = 'QNTB7K';
UPDATE `user_registration` SET active_right = active_right+1
WHERE `user_id` = 'QNTB7K';
UPDATE `user_registration` SET total_downlines = total_downlines+1
WHERE `user_id` = 'DM1Y9N';
UPDATE `user_registration` SET left_downlines = left_downlines+1
WHERE `user_id` = 'DM1Y9N';
UPDATE `user_registration` SET total_downlines = total_downlines+1
WHERE `user_id` = 'A9858P';
UPDATE `user_registration` SET left_downlines = left_downlines+1
WHERE `user_id` = 'A9858P';
UPDATE `user_registration` SET total_downlines = total_downlines+1
WHERE `user_id` = 'admin';
UPDATE `user_registration` SET right_downlines = right_downlines+1
WHERE `user_id` = 'admin';
INSERT INTO `investment` (`invest_date`, `user_id`, `type`, `amount`, `package_id`) VALUES ('2024-10-01 16:00:06', 'LNUO62', 'register', '595', '2');
INSERT INTO `earnings` (`user_id`, `Purchaser_id`, `earning_type`, `package_id`, `amount`, `date`, `comments`, `invest_amount`, `comm_perc`, `level`, `rank_id`, `order_id`) VALUES ('QNTB7K', 'LNUO62', 'Direct Referral Bonus', '2', '100', '2024-10-01 16:00:06', 'Direct Referral Bonus', 0, 0, 1, '', 174);
UPDATE `user_registration` SET commission_balance = ROUND(commission_balance + 100,2)
WHERE `user_id` = 'QNTB7K';
UPDATE `user_registration` SET referral_bonus = ROUND(referral_bonus + 100,2)
WHERE `user_id` = 'QNTB7K';
INSERT INTO `earnings` (`user_id`, `Purchaser_id`, `earning_type`, `package_id`, `amount`, `date`, `comments`, `invest_amount`, `comm_perc`, `level`, `rank_id`, `order_id`) VALUES ('A9858P', 'LNUO62', 'Expansion Bonus', '2', 100, '2024-10-01 16:00:06', 'Expansion Bonus', '100', 0, 1, '', 174);
UPDATE `user_registration` SET commission_balance = ROUND(commission_balance + 100,2)
WHERE `user_id` = 'A9858P';
UPDATE `user_registration` SET expansion_bonus = ROUND(expansion_bonus + 100,2)
WHERE `user_id` = 'A9858P';
INSERT INTO `matrix_filling` (`placement_id`, `downline_id`, `level`, `matrix`) VALUES ('C8HKVZ', 'LNUO62', 1, 1);
UPDATE `bv_updation` SET right_carry = right_carry+50, total_right = total_right+50
WHERE `user_id` = 'C8HKVZ';
INSERT INTO `placement_bv_update_history` (`right_carry`, `date`, `from_id`, `user_id`) VALUES ('50', '2024-10-01 16:00:06', 'LNUO62', 'C8HKVZ');
INSERT INTO `matrix_filling` (`placement_id`, `downline_id`, `level`, `matrix`) VALUES ('ST4S3A', 'LNUO62', 2, 1);
UPDATE `bv_updation` SET right_carry = right_carry+50, total_right = total_right+50
WHERE `user_id` = 'ST4S3A';
INSERT INTO `placement_bv_update_history` (`right_carry`, `date`, `from_id`, `user_id`) VALUES ('50', '2024-10-01 16:00:06', 'LNUO62', 'ST4S3A');
INSERT INTO `matrix_filling` (`placement_id`, `downline_id`, `level`, `matrix`) VALUES ('7CTKIP', 'LNUO62', 3, 1);
UPDATE `bv_updation` SET right_carry = right_carry+50, total_right = total_right+50
WHERE `user_id` = '7CTKIP';
INSERT INTO `placement_bv_update_history` (`right_carry`, `date`, `from_id`, `user_id`) VALUES ('50', '2024-10-01 16:00:06', 'LNUO62', '7CTKIP');
INSERT INTO `matrix_filling` (`placement_id`, `downline_id`, `level`, `matrix`) VALUES ('KESTNP', 'LNUO62', 4, 1);
UPDATE `bv_updation` SET right_carry = right_carry+50, total_right = total_right+50
WHERE `user_id` = 'KESTNP';
INSERT INTO `placement_bv_update_history` (`right_carry`, `date`, `from_id`, `user_id`) VALUES ('50', '2024-10-01 16:00:06', 'LNUO62', 'KESTNP');
INSERT INTO `matrix_filling` (`placement_id`, `downline_id`, `level`, `matrix`) VALUES ('F6UEPP', 'LNUO62', 5, 1);
UPDATE `bv_updation` SET right_carry = right_carry+50, total_right = total_right+50
WHERE `user_id` = 'F6UEPP';
INSERT INTO `placement_bv_update_history` (`right_carry`, `date`, `from_id`, `user_id`) VALUES ('50', '2024-10-01 16:00:06', 'LNUO62', 'F6UEPP');
INSERT INTO `matrix_filling` (`placement_id`, `downline_id`, `level`, `matrix`) VALUES ('BQWWLQ', 'LNUO62', 6, 1);
UPDATE `bv_updation` SET right_carry = right_carry+50, total_right = total_right+50
WHERE `user_id` = 'BQWWLQ';
INSERT INTO `placement_bv_update_history` (`right_carry`, `date`, `from_id`, `user_id`) VALUES ('50', '2024-10-01 16:00:06', 'LNUO62', 'BQWWLQ');
INSERT INTO `matrix_filling` (`placement_id`, `downline_id`, `level`, `matrix`) VALUES ('ONK9BR', 'LNUO62', 7, 1);
UPDATE `bv_updation` SET right_carry = right_carry+50, total_right = total_right+50
WHERE `user_id` = 'ONK9BR';
INSERT INTO `placement_bv_update_history` (`right_carry`, `date`, `from_id`, `user_id`) VALUES ('50', '2024-10-01 16:00:06', 'LNUO62', 'ONK9BR');
INSERT INTO `matrix_filling` (`placement_id`, `downline_id`, `level`, `matrix`) VALUES ('UPD8YA', 'LNUO62', 8, 1);
UPDATE `bv_updation` SET right_carry = right_carry+50, total_right = total_right+50
WHERE `user_id` = 'UPD8YA';
INSERT INTO `placement_bv_update_history` (`right_carry`, `date`, `from_id`, `user_id`) VALUES ('50', '2024-10-01 16:00:06', 'LNUO62', 'UPD8YA');
INSERT INTO `matrix_filling` (`placement_id`, `downline_id`, `level`, `matrix`) VALUES ('5YCF3D', 'LNUO62', 9, 1);
UPDATE `bv_updation` SET right_carry = right_carry+50, total_right = total_right+50
WHERE `user_id` = '5YCF3D';
INSERT INTO `placement_bv_update_history` (`right_carry`, `date`, `from_id`, `user_id`) VALUES ('50', '2024-10-01 16:00:06', 'LNUO62', '5YCF3D');
INSERT INTO `matrix_filling` (`placement_id`, `downline_id`, `level`, `matrix`) VALUES ('W4YLN8', 'LNUO62', 10, 1);
UPDATE `bv_updation` SET right_carry = right_carry+50, total_right = total_right+50
WHERE `user_id` = 'W4YLN8';
INSERT INTO `placement_bv_update_history` (`right_carry`, `date`, `from_id`, `user_id`) VALUES ('50', '2024-10-01 16:00:06', 'LNUO62', 'W4YLN8');
INSERT INTO `matrix_filling` (`placement_id`, `downline_id`, `level`, `matrix`) VALUES ('KZ8EZM', 'LNUO62', 11, 1);
UPDATE `bv_updation` SET right_carry = right_carry+50, total_right = total_right+50
WHERE `user_id` = 'KZ8EZM';
INSERT INTO `placement_bv_update_history` (`right_carry`, `date`, `from_id`, `user_id`) VALUES ('50', '2024-10-01 16:00:06', 'LNUO62', 'KZ8EZM');
INSERT INTO `matrix_filling` (`placement_id`, `downline_id`, `level`, `matrix`) VALUES ('Q4OMS8', 'LNUO62', 12, 1);
UPDATE `bv_updation` SET right_carry = right_carry+50, total_right = total_right+50
WHERE `user_id` = 'Q4OMS8';
INSERT INTO `placement_bv_update_history` (`right_carry`, `date`, `from_id`, `user_id`) VALUES ('50', '2024-10-01 16:00:06', 'LNUO62', 'Q4OMS8');
INSERT INTO `matrix_filling` (`placement_id`, `downline_id`, `level`, `matrix`) VALUES ('1RD6JR', 'LNUO62', 13, 1);
UPDATE `bv_updation` SET right_carry = right_carry+50, total_right = total_right+50
WHERE `user_id` = '1RD6JR';
INSERT INTO `placement_bv_update_history` (`right_carry`, `date`, `from_id`, `user_id`) VALUES ('50', '2024-10-01 16:00:06', 'LNUO62', '1RD6JR');
INSERT INTO `matrix_filling` (`placement_id`, `downline_id`, `level`, `matrix`) VALUES ('RFW11H', 'LNUO62', 14, 1);
UPDATE `bv_updation` SET right_carry = right_carry+50, total_right = total_right+50
WHERE `user_id` = 'RFW11H';
INSERT INTO `placement_bv_update_history` (`right_carry`, `date`, `from_id`, `user_id`) VALUES ('50', '2024-10-01 16:00:06', 'LNUO62', 'RFW11H');
INSERT INTO `matrix_filling` (`placement_id`, `downline_id`, `level`, `matrix`) VALUES ('76WP95', 'LNUO62', 15, 1);
UPDATE `bv_updation` SET right_carry = right_carry+50, total_right = total_right+50
WHERE `user_id` = '76WP95';
INSERT INTO `placement_bv_update_history` (`right_carry`, `date`, `from_id`, `user_id`) VALUES ('50', '2024-10-01 16:00:06', 'LNUO62', '76WP95');
INSERT INTO `matrix_filling` (`placement_id`, `downline_id`, `level`, `matrix`) VALUES ('OJQCC3', 'LNUO62', 16, 1);
UPDATE `bv_updation` SET right_carry = right_carry+50, total_right = total_right+50
WHERE `user_id` = 'OJQCC3';
INSERT INTO `placement_bv_update_history` (`right_carry`, `date`, `from_id`, `user_id`) VALUES ('50', '2024-10-01 16:00:06', 'LNUO62', 'OJQCC3');
INSERT INTO `matrix_filling` (`placement_id`, `downline_id`, `level`, `matrix`) VALUES ('WWJBN8', 'LNUO62', 17, 1);
UPDATE `bv_updation` SET right_carry = right_carry+50, total_right = total_right+50
WHERE `user_id` = 'WWJBN8';
INSERT INTO `placement_bv_update_history` (`right_carry`, `date`, `from_id`, `user_id`) VALUES ('50', '2024-10-01 16:00:06', 'LNUO62', 'WWJBN8');
INSERT INTO `matrix_filling` (`placement_id`, `downline_id`, `level`, `matrix`) VALUES ('S315RU', 'LNUO62', 18, 1);
UPDATE `bv_updation` SET right_carry = right_carry+50, total_right = total_right+50
WHERE `user_id` = 'S315RU';
INSERT INTO `placement_bv_update_history` (`right_carry`, `date`, `from_id`, `user_id`) VALUES ('50', '2024-10-01 16:00:06', 'LNUO62', 'S315RU');
INSERT INTO `matrix_filling` (`placement_id`, `downline_id`, `level`, `matrix`) VALUES ('ZXPC6A', 'LNUO62', 19, 1);
UPDATE `bv_updation` SET right_carry = right_carry+50, total_right = total_right+50
WHERE `user_id` = 'ZXPC6A';
INSERT INTO `placement_bv_update_history` (`right_carry`, `date`, `from_id`, `user_id`) VALUES ('50', '2024-10-01 16:00:06', 'LNUO62', 'ZXPC6A');
INSERT INTO `matrix_filling` (`placement_id`, `downline_id`, `level`, `matrix`) VALUES ('PSXSWJ', 'LNUO62', 20, 1);
UPDATE `bv_updation` SET right_carry = right_carry+50, total_right = total_right+50
WHERE `user_id` = 'PSXSWJ';
INSERT INTO `placement_bv_update_history` (`right_carry`, `date`, `from_id`, `user_id`) VALUES ('50', '2024-10-01 16:00:06', 'LNUO62', 'PSXSWJ');
INSERT INTO `matrix_filling` (`placement_id`, `downline_id`, `level`, `matrix`) VALUES ('K3DX1Z', 'LNUO62', 21, 1);
UPDATE `bv_updation` SET right_carry = right_carry+50, total_right = total_right+50
WHERE `user_id` = 'K3DX1Z';
INSERT INTO `placement_bv_update_history` (`right_carry`, `date`, `from_id`, `user_id`) VALUES ('50', '2024-10-01 16:00:06', 'LNUO62', 'K3DX1Z');
INSERT INTO `matrix_filling` (`placement_id`, `downline_id`, `level`, `matrix`) VALUES ('SV3HCM', 'LNUO62', 22, 1);
UPDATE `bv_updation` SET right_carry = right_carry+50, total_right = total_right+50
WHERE `user_id` = 'SV3HCM';
INSERT INTO `placement_bv_update_history` (`right_carry`, `date`, `from_id`, `user_id`) VALUES ('50', '2024-10-01 16:00:06', 'LNUO62', 'SV3HCM');
INSERT INTO `matrix_filling` (`placement_id`, `downline_id`, `level`, `matrix`) VALUES ('2XFV6Q', 'LNUO62', 23, 1);
UPDATE `bv_updation` SET right_carry = right_carry+50, total_right = total_right+50
WHERE `user_id` = '2XFV6Q';
INSERT INTO `placement_bv_update_history` (`right_carry`, `date`, `from_id`, `user_id`) VALUES ('50', '2024-10-01 16:00:06', 'LNUO62', '2XFV6Q');
INSERT INTO `matrix_filling` (`placement_id`, `downline_id`, `level`, `matrix`) VALUES ('QNTB7K', 'LNUO62', 24, 1);
UPDATE `bv_updation` SET right_carry = right_carry+50, total_right = total_right+50
WHERE `user_id` = 'QNTB7K';
INSERT INTO `placement_bv_update_history` (`right_carry`, `date`, `from_id`, `user_id`) VALUES ('50', '2024-10-01 16:00:06', 'LNUO62', 'QNTB7K');
UPDATE `bv_updation` SET sponsor_right_carry = sponsor_right_carry+50, sponsor_total_right = sponsor_total_right+50
WHERE `user_id` = 'QNTB7K';
INSERT INTO `sponsor_bv_update_history` (`right_carry`, `date`, `user_id`) VALUES ('50', '2024-10-01 16:00:06', 'QNTB7K');
INSERT INTO `matrix_filling` (`placement_id`, `downline_id`, `level`, `matrix`) VALUES ('DM1Y9N', 'LNUO62', 25, 1);
UPDATE `bv_updation` SET left_carry = left_carry+50, total_left = total_left+50
WHERE `user_id` = 'DM1Y9N';
INSERT INTO `placement_bv_update_history` (`left_carry`, `date`, `from_id`, `user_id`) VALUES ('50', '2024-10-01 16:00:06', 'LNUO62', 'DM1Y9N');
INSERT INTO `matrix_filling` (`placement_id`, `downline_id`, `level`, `matrix`) VALUES ('A9858P', 'LNUO62', 26, 1);
UPDATE `bv_updation` SET left_carry = left_carry+50, total_left = total_left+50
WHERE `user_id` = 'A9858P';
INSERT INTO `placement_bv_update_history` (`left_carry`, `date`, `from_id`, `user_id`) VALUES ('50', '2024-10-01 16:00:06', 'LNUO62', 'A9858P');
INSERT INTO `matrix_filling` (`placement_id`, `downline_id`, `level`, `matrix`) VALUES ('admin', 'LNUO62', 27, 1);
UPDATE `bv_updation` SET right_carry = right_carry+50, total_right = total_right+50
WHERE `user_id` = 'admin';
INSERT INTO `placement_bv_update_history` (`right_carry`, `date`, `from_id`, `user_id`) VALUES ('50', '2024-10-01 16:00:06', 'LNUO62', 'admin');
INSERT INTO `package_purchase_history` (`user_id`, `package_id`, `reg_fee`, `package_name`, `monthly_fee`, `type`, `date`, `payment_option`) VALUES ('LNUO62', '2', '595', 'Traveler Pro', '150', 'sign_up', '2024-10-01 16:00:06', 'free');
UPDATE `user_registration` SET `popup_seen` = 'yes'
WHERE `user_id` = 'QNTB7K';
UPDATE `user_registration` SET `popup_seen` = 'yes'
WHERE `user_id` = 'QNTB7K';
UPDATE `user_registration` SET `default_leg` = 'left'
WHERE `user_id` = 'QNTB7K';
UPDATE `ci_sessions` SET `timestamp` = 1727816482, `data` = '__ci_last_regenerate|i:1727816482;id|s:4:\"2025\";user_id|s:6:\"7RY1ZP\";username|s:6:\"frank1\";sponsor_id|s:6:\"ADZTOG\";fullname|s:16:\"Francisco Prieto\";email|s:16:\"frank1@gmail.com\";phone|s:10:\"3057610606\";isLogIn|b:1;'
WHERE `id` = 'daaf3082110f1d3041ec941e6c47dc65a1fa0f6e';
UPDATE `user_registration` SET `uid` = '2356', `user_id` = 'CUQRWZ', `username` = 'carlito1', `sponsor_id` = '7RY1ZP', `vacant` = 'no', `f_name` = 'Carlos', `l_name` = 'Otero', `address` = '6520 Kendale Lakes Dr ', `position` = 'left', `email` = 'carlito1@gmail.com', `password` = '3896e2547658c7db85629ed13f234c73', `phone` = '3057610606', `country` = 'United States', `state` = 'Florida', `city` = 'Miami', `street` = '6520 Kendale Lakes Dr', `zip_code` = '33183', `reg_ip` = '172.70.54.30', `status` = 1, `package_id` = '2', `rank_id` = 1, `highest_rank` = 1, `cycle_rank_id` = 1, `created` = '2024-10-01 16:01:56', `subscription_date` = '2024-10-31', `google_secret` = 'P5VAVSHPK3IWUYWZ'
WHERE `uid` = '2356';
INSERT INTO `user_registration` (`uid`, `user_id`, `username`, `sponsor_id`, `placement_id`, `vacant`, `f_name`, `l_name`, `address`, `position`, `email`, `password`, `phone`, `reg_ip`, `status`, `created`) VALUES (NULL, 'XQWQCR', 'FtGvUgGu', 'CUQRWZ', 'CUQRWZ', 'yes', '', '', '', 'left', '@mail.com', '', '', '', 0, '2024-10-01 16:01:56');
INSERT INTO `user_registration` (`uid`, `user_id`, `username`, `sponsor_id`, `placement_id`, `vacant`, `f_name`, `l_name`, `address`, `position`, `email`, `password`, `phone`, `reg_ip`, `status`, `created`) VALUES (NULL, 'AFLYIZ', 'VZCDrYWz', 'CUQRWZ', 'CUQRWZ', 'yes', '', '', '', 'right', '@mail.com', '', '', '', 0, '2024-10-01 16:01:56');
INSERT INTO `bv_updation` (`user_id`) VALUES ('CUQRWZ');
UPDATE `user_registration` SET total_ref_count = total_ref_count+1
WHERE `user_id` = '7RY1ZP';
UPDATE `user_registration` SET total_downlines = total_downlines+1
WHERE `user_id` = '8JWYB8';
UPDATE `user_registration` SET left_downlines = left_downlines+1
WHERE `user_id` = '8JWYB8';
UPDATE `user_registration` SET total_downlines = total_downlines+1
WHERE `user_id` = 'Q8W4P6';
UPDATE `user_registration` SET left_downlines = left_downlines+1
WHERE `user_id` = 'Q8W4P6';
UPDATE `user_registration` SET total_downlines = total_downlines+1
WHERE `user_id` = 'WJR372';
UPDATE `user_registration` SET left_downlines = left_downlines+1
WHERE `user_id` = 'WJR372';
UPDATE `user_registration` SET total_downlines = total_downlines+1
WHERE `user_id` = 'YJ6OTD';
UPDATE `user_registration` SET left_downlines = left_downlines+1
WHERE `user_id` = 'YJ6OTD';
UPDATE `user_registration` SET total_downlines = total_downlines+1
WHERE `user_id` = 'F8WLAW';
UPDATE `user_registration` SET left_downlines = left_downlines+1
WHERE `user_id` = 'F8WLAW';
UPDATE `user_registration` SET total_downlines = total_downlines+1
WHERE `user_id` = '9H9OZM';
UPDATE `user_registration` SET left_downlines = left_downlines+1
WHERE `user_id` = '9H9OZM';
UPDATE `user_registration` SET total_downlines = total_downlines+1
WHERE `user_id` = 'DLP7GD';
UPDATE `user_registration` SET left_downlines = left_downlines+1
WHERE `user_id` = 'DLP7GD';
UPDATE `user_registration` SET total_downlines = total_downlines+1
WHERE `user_id` = 'VG9TO9';
UPDATE `user_registration` SET left_downlines = left_downlines+1
WHERE `user_id` = 'VG9TO9';
UPDATE `user_registration` SET total_downlines = total_downlines+1
WHERE `user_id` = 'L8R95F';
UPDATE `user_registration` SET left_downlines = left_downlines+1
WHERE `user_id` = 'L8R95F';
UPDATE `user_registration` SET total_downlines = total_downlines+1
WHERE `user_id` = 'Y9DPUD';
UPDATE `user_registration` SET left_downlines = left_downlines+1
WHERE `user_id` = 'Y9DPUD';
UPDATE `user_registration` SET total_downlines = total_downlines+1
WHERE `user_id` = '5H9TH3';
UPDATE `user_registration` SET left_downlines = left_downlines+1
WHERE `user_id` = '5H9TH3';
UPDATE `user_registration` SET total_downlines = total_downlines+1
WHERE `user_id` = 'MIT9KW';
UPDATE `user_registration` SET left_downlines = left_downlines+1
WHERE `user_id` = 'MIT9KW';
UPDATE `user_registration` SET total_downlines = total_downlines+1
WHERE `user_id` = 'IMUABZ';
UPDATE `user_registration` SET left_downlines = left_downlines+1
WHERE `user_id` = 'IMUABZ';
UPDATE `user_registration` SET total_downlines = total_downlines+1
WHERE `user_id` = 'G54QC4';
UPDATE `user_registration` SET left_downlines = left_downlines+1
WHERE `user_id` = 'G54QC4';
UPDATE `user_registration` SET total_downlines = total_downlines+1
WHERE `user_id` = '9JPZJL';
UPDATE `user_registration` SET left_downlines = left_downlines+1
WHERE `user_id` = '9JPZJL';
UPDATE `user_registration` SET total_downlines = total_downlines+1
WHERE `user_id` = 'E3PPZ3';
UPDATE `user_registration` SET left_downlines = left_downlines+1
WHERE `user_id` = 'E3PPZ3';
UPDATE `user_registration` SET total_downlines = total_downlines+1
WHERE `user_id` = '7RY1ZP';
UPDATE `user_registration` SET left_downlines = left_downlines+1
WHERE `user_id` = '7RY1ZP';
UPDATE `user_registration` SET left_ref_count = left_ref_count+1
WHERE `user_id` = '7RY1ZP';
UPDATE `user_registration` SET active_left = active_left+1
WHERE `user_id` = '7RY1ZP';
UPDATE `user_registration` SET total_downlines = total_downlines+1
WHERE `user_id` = 'ADZTOG';
UPDATE `user_registration` SET right_downlines = right_downlines+1
WHERE `user_id` = 'ADZTOG';
UPDATE `user_registration` SET total_downlines = total_downlines+1
WHERE `user_id` = 'A9858P';
UPDATE `user_registration` SET right_downlines = right_downlines+1
WHERE `user_id` = 'A9858P';
UPDATE `user_registration` SET total_downlines = total_downlines+1
WHERE `user_id` = 'admin';
UPDATE `user_registration` SET right_downlines = right_downlines+1
WHERE `user_id` = 'admin';
INSERT INTO `investment` (`invest_date`, `user_id`, `type`, `amount`, `package_id`) VALUES ('2024-10-01 16:01:57', 'CUQRWZ', 'register', '595', '2');
INSERT INTO `earnings` (`user_id`, `Purchaser_id`, `earning_type`, `package_id`, `amount`, `date`, `comments`, `invest_amount`, `comm_perc`, `level`, `rank_id`, `order_id`) VALUES ('7RY1ZP', 'CUQRWZ', 'Direct Referral Bonus', '2', '100', '2024-10-01 16:01:57', 'Direct Referral Bonus', 0, 0, 1, '', 175);
UPDATE `user_registration` SET commission_balance = ROUND(commission_balance + 100,2)
WHERE `user_id` = '7RY1ZP';
UPDATE `user_registration` SET referral_bonus = ROUND(referral_bonus + 100,2)
WHERE `user_id` = '7RY1ZP';
INSERT INTO `earnings` (`user_id`, `Purchaser_id`, `earning_type`, `package_id`, `amount`, `date`, `comments`, `invest_amount`, `comm_perc`, `level`, `rank_id`, `order_id`) VALUES ('A9858P', 'CUQRWZ', 'Expansion Bonus', '2', 100, '2024-10-01 16:01:57', 'Expansion Bonus', '100', 0, 1, '', 175);
UPDATE `user_registration` SET commission_balance = ROUND(commission_balance + 100,2)
WHERE `user_id` = 'A9858P';
UPDATE `user_registration` SET expansion_bonus = ROUND(expansion_bonus + 100,2)
WHERE `user_id` = 'A9858P';
INSERT INTO `matrix_filling` (`placement_id`, `downline_id`, `level`, `matrix`) VALUES ('8JWYB8', 'CUQRWZ', 1, 1);
UPDATE `bv_updation` SET left_carry = left_carry+50, total_left = total_left+50
WHERE `user_id` = '8JWYB8';
INSERT INTO `placement_bv_update_history` (`left_carry`, `date`, `from_id`, `user_id`) VALUES ('50', '2024-10-01 16:01:57', 'CUQRWZ', '8JWYB8');
INSERT INTO `matrix_filling` (`placement_id`, `downline_id`, `level`, `matrix`) VALUES ('Q8W4P6', 'CUQRWZ', 2, 1);
UPDATE `bv_updation` SET left_carry = left_carry+50, total_left = total_left+50
WHERE `user_id` = 'Q8W4P6';
INSERT INTO `placement_bv_update_history` (`left_carry`, `date`, `from_id`, `user_id`) VALUES ('50', '2024-10-01 16:01:57', 'CUQRWZ', 'Q8W4P6');
INSERT INTO `matrix_filling` (`placement_id`, `downline_id`, `level`, `matrix`) VALUES ('WJR372', 'CUQRWZ', 3, 1);
UPDATE `bv_updation` SET left_carry = left_carry+50, total_left = total_left+50
WHERE `user_id` = 'WJR372';
INSERT INTO `placement_bv_update_history` (`left_carry`, `date`, `from_id`, `user_id`) VALUES ('50', '2024-10-01 16:01:57', 'CUQRWZ', 'WJR372');
INSERT INTO `matrix_filling` (`placement_id`, `downline_id`, `level`, `matrix`) VALUES ('YJ6OTD', 'CUQRWZ', 4, 1);
UPDATE `bv_updation` SET left_carry = left_carry+50, total_left = total_left+50
WHERE `user_id` = 'YJ6OTD';
INSERT INTO `placement_bv_update_history` (`left_carry`, `date`, `from_id`, `user_id`) VALUES ('50', '2024-10-01 16:01:57', 'CUQRWZ', 'YJ6OTD');
INSERT INTO `matrix_filling` (`placement_id`, `downline_id`, `level`, `matrix`) VALUES ('F8WLAW', 'CUQRWZ', 5, 1);
UPDATE `bv_updation` SET left_carry = left_carry+50, total_left = total_left+50
WHERE `user_id` = 'F8WLAW';
INSERT INTO `placement_bv_update_history` (`left_carry`, `date`, `from_id`, `user_id`) VALUES ('50', '2024-10-01 16:01:57', 'CUQRWZ', 'F8WLAW');
INSERT INTO `matrix_filling` (`placement_id`, `downline_id`, `level`, `matrix`) VALUES ('9H9OZM', 'CUQRWZ', 6, 1);
UPDATE `bv_updation` SET left_carry = left_carry+50, total_left = total_left+50
WHERE `user_id` = '9H9OZM';
INSERT INTO `placement_bv_update_history` (`left_carry`, `date`, `from_id`, `user_id`) VALUES ('50', '2024-10-01 16:01:57', 'CUQRWZ', '9H9OZM');
INSERT INTO `matrix_filling` (`placement_id`, `downline_id`, `level`, `matrix`) VALUES ('DLP7GD', 'CUQRWZ', 7, 1);
UPDATE `bv_updation` SET left_carry = left_carry+50, total_left = total_left+50
WHERE `user_id` = 'DLP7GD';
INSERT INTO `placement_bv_update_history` (`left_carry`, `date`, `from_id`, `user_id`) VALUES ('50', '2024-10-01 16:01:57', 'CUQRWZ', 'DLP7GD');
INSERT INTO `matrix_filling` (`placement_id`, `downline_id`, `level`, `matrix`) VALUES ('VG9TO9', 'CUQRWZ', 8, 1);
UPDATE `bv_updation` SET left_carry = left_carry+50, total_left = total_left+50
WHERE `user_id` = 'VG9TO9';
INSERT INTO `placement_bv_update_history` (`left_carry`, `date`, `from_id`, `user_id`) VALUES ('50', '2024-10-01 16:01:57', 'CUQRWZ', 'VG9TO9');
INSERT INTO `matrix_filling` (`placement_id`, `downline_id`, `level`, `matrix`) VALUES ('L8R95F', 'CUQRWZ', 9, 1);
UPDATE `bv_updation` SET left_carry = left_carry+50, total_left = total_left+50
WHERE `user_id` = 'L8R95F';
INSERT INTO `placement_bv_update_history` (`left_carry`, `date`, `from_id`, `user_id`) VALUES ('50', '2024-10-01 16:01:57', 'CUQRWZ', 'L8R95F');
INSERT INTO `matrix_filling` (`placement_id`, `downline_id`, `level`, `matrix`) VALUES ('Y9DPUD', 'CUQRWZ', 10, 1);
UPDATE `bv_updation` SET left_carry = left_carry+50, total_left = total_left+50
WHERE `user_id` = 'Y9DPUD';
INSERT INTO `placement_bv_update_history` (`left_carry`, `date`, `from_id`, `user_id`) VALUES ('50', '2024-10-01 16:01:57', 'CUQRWZ', 'Y9DPUD');
INSERT INTO `matrix_filling` (`placement_id`, `downline_id`, `level`, `matrix`) VALUES ('5H9TH3', 'CUQRWZ', 11, 1);
UPDATE `bv_updation` SET left_carry = left_carry+50, total_left = total_left+50
WHERE `user_id` = '5H9TH3';
INSERT INTO `placement_bv_update_history` (`left_carry`, `date`, `from_id`, `user_id`) VALUES ('50', '2024-10-01 16:01:57', 'CUQRWZ', '5H9TH3');
INSERT INTO `matrix_filling` (`placement_id`, `downline_id`, `level`, `matrix`) VALUES ('MIT9KW', 'CUQRWZ', 12, 1);
UPDATE `bv_updation` SET left_carry = left_carry+50, total_left = total_left+50
WHERE `user_id` = 'MIT9KW';
INSERT INTO `placement_bv_update_history` (`left_carry`, `date`, `from_id`, `user_id`) VALUES ('50', '2024-10-01 16:01:57', 'CUQRWZ', 'MIT9KW');
INSERT INTO `matrix_filling` (`placement_id`, `downline_id`, `level`, `matrix`) VALUES ('IMUABZ', 'CUQRWZ', 13, 1);
UPDATE `bv_updation` SET left_carry = left_carry+50, total_left = total_left+50
WHERE `user_id` = 'IMUABZ';
INSERT INTO `placement_bv_update_history` (`left_carry`, `date`, `from_id`, `user_id`) VALUES ('50', '2024-10-01 16:01:57', 'CUQRWZ', 'IMUABZ');
INSERT INTO `matrix_filling` (`placement_id`, `downline_id`, `level`, `matrix`) VALUES ('G54QC4', 'CUQRWZ', 14, 1);
UPDATE `bv_updation` SET left_carry = left_carry+50, total_left = total_left+50
WHERE `user_id` = 'G54QC4';
INSERT INTO `placement_bv_update_history` (`left_carry`, `date`, `from_id`, `user_id`) VALUES ('50', '2024-10-01 16:01:57', 'CUQRWZ', 'G54QC4');
INSERT INTO `matrix_filling` (`placement_id`, `downline_id`, `level`, `matrix`) VALUES ('9JPZJL', 'CUQRWZ', 15, 1);
UPDATE `bv_updation` SET left_carry = left_carry+50, total_left = total_left+50
WHERE `user_id` = '9JPZJL';
INSERT INTO `placement_bv_update_history` (`left_carry`, `date`, `from_id`, `user_id`) VALUES ('50', '2024-10-01 16:01:57', 'CUQRWZ', '9JPZJL');
INSERT INTO `matrix_filling` (`placement_id`, `downline_id`, `level`, `matrix`) VALUES ('E3PPZ3', 'CUQRWZ', 16, 1);
UPDATE `bv_updation` SET left_carry = left_carry+50, total_left = total_left+50
WHERE `user_id` = 'E3PPZ3';
INSERT INTO `placement_bv_update_history` (`left_carry`, `date`, `from_id`, `user_id`) VALUES ('50', '2024-10-01 16:01:57', 'CUQRWZ', 'E3PPZ3');
INSERT INTO `matrix_filling` (`placement_id`, `downline_id`, `level`, `matrix`) VALUES ('7RY1ZP', 'CUQRWZ', 17, 1);
UPDATE `bv_updation` SET left_carry = left_carry+50, total_left = total_left+50
WHERE `user_id` = '7RY1ZP';
INSERT INTO `placement_bv_update_history` (`left_carry`, `date`, `from_id`, `user_id`) VALUES ('50', '2024-10-01 16:01:57', 'CUQRWZ', '7RY1ZP');
UPDATE `bv_updation` SET sponsor_left_carry = sponsor_left_carry+50, sponsor_total_left = sponsor_total_left+50
WHERE `user_id` = '7RY1ZP';
INSERT INTO `sponsor_bv_update_history` (`left_carry`, `date`, `user_id`) VALUES ('50', '2024-10-01 16:01:57', '7RY1ZP');
INSERT INTO `matrix_filling` (`placement_id`, `downline_id`, `level`, `matrix`) VALUES ('ADZTOG', 'CUQRWZ', 18, 1);
UPDATE `bv_updation` SET right_carry = right_carry+50, total_right = total_right+50
WHERE `user_id` = 'ADZTOG';
INSERT INTO `placement_bv_update_history` (`right_carry`, `date`, `from_id`, `user_id`) VALUES ('50', '2024-10-01 16:01:57', 'CUQRWZ', 'ADZTOG');
INSERT INTO `matrix_filling` (`placement_id`, `downline_id`, `level`, `matrix`) VALUES ('A9858P', 'CUQRWZ', 19, 1);
UPDATE `bv_updation` SET right_carry = right_carry+50, total_right = total_right+50
WHERE `user_id` = 'A9858P';
INSERT INTO `placement_bv_update_history` (`right_carry`, `date`, `from_id`, `user_id`) VALUES ('50', '2024-10-01 16:01:57', 'CUQRWZ', 'A9858P');
INSERT INTO `matrix_filling` (`placement_id`, `downline_id`, `level`, `matrix`) VALUES ('admin', 'CUQRWZ', 20, 1);
UPDATE `bv_updation` SET right_carry = right_carry+50, total_right = total_right+50
WHERE `user_id` = 'admin';
INSERT INTO `placement_bv_update_history` (`right_carry`, `date`, `from_id`, `user_id`) VALUES ('50', '2024-10-01 16:01:57', 'CUQRWZ', 'admin');
INSERT INTO `package_purchase_history` (`user_id`, `package_id`, `reg_fee`, `package_name`, `monthly_fee`, `type`, `date`, `payment_option`) VALUES ('CUQRWZ', '2', '595', 'Traveler Pro', '150', 'sign_up', '2024-10-01 16:01:57', 'free');
UPDATE `user_registration` SET `uid` = '2182', `user_id` = 'TZAGUK', `username` = 'oscar1', `sponsor_id` = 'QNTB7K', `vacant` = 'no', `f_name` = 'Oscar', `l_name` = 'Ortiz', `address` = '8100 SW 14 Terr', `position` = 'left', `email` = 'oscar1@gmail.com', `password` = '08ae3939d8cb005f4069ab453a398850', `phone` = '7862876762', `country` = 'United States', `state` = 'Florida', `city` = 'Miami', `street` = '8100 SW 14 Terr', `zip_code` = '33144', `reg_ip` = '172.70.54.191', `status` = 1, `package_id` = '2', `rank_id` = 1, `highest_rank` = 1, `cycle_rank_id` = 1, `created` = '2024-10-01 16:02:12', `subscription_date` = '2024-10-31', `google_secret` = 'E4TM3QJDGR5CLYTI'
WHERE `uid` = '2182';
INSERT INTO `user_registration` (`uid`, `user_id`, `username`, `sponsor_id`, `placement_id`, `vacant`, `f_name`, `l_name`, `address`, `position`, `email`, `password`, `phone`, `reg_ip`, `status`, `created`) VALUES (NULL, 'HOPUUX', 'awkMTxcc', 'TZAGUK', 'TZAGUK', 'yes', '', '', '', 'left', '@mail.com', '', '', '', 0, '2024-10-01 16:02:12');
INSERT INTO `user_registration` (`uid`, `user_id`, `username`, `sponsor_id`, `placement_id`, `vacant`, `f_name`, `l_name`, `address`, `position`, `email`, `password`, `phone`, `reg_ip`, `status`, `created`) VALUES (NULL, 'SBQRKL', 'iyHyhwCG', 'TZAGUK', 'TZAGUK', 'yes', '', '', '', 'right', '@mail.com', '', '', '', 0, '2024-10-01 16:02:12');
INSERT INTO `bv_updation` (`user_id`) VALUES ('TZAGUK');
UPDATE `user_registration` SET total_ref_count = total_ref_count+1
WHERE `user_id` = 'QNTB7K';
UPDATE `user_registration` SET total_downlines = total_downlines+1
WHERE `user_id` = 'GYO9ED';
UPDATE `user_registration` SET left_downlines = left_downlines+1
WHERE `user_id` = 'GYO9ED';
UPDATE `user_registration` SET total_downlines = total_downlines+1
WHERE `user_id` = 'JF4CB2';
UPDATE `user_registration` SET left_downlines = left_downlines+1
WHERE `user_id` = 'JF4CB2';
UPDATE `user_registration` SET total_downlines = total_downlines+1
WHERE `user_id` = 'VT4AZ7';
UPDATE `user_registration` SET left_downlines = left_downlines+1
WHERE `user_id` = 'VT4AZ7';
UPDATE `user_registration` SET total_downlines = total_downlines+1
WHERE `user_id` = 'GKT49D';
UPDATE `user_registration` SET left_downlines = left_downlines+1
WHERE `user_id` = 'GKT49D';
UPDATE `user_registration` SET total_downlines = total_downlines+1
WHERE `user_id` = 'TE4EGL';
UPDATE `user_registration` SET left_downlines = left_downlines+1
WHERE `user_id` = 'TE4EGL';
UPDATE `user_registration` SET total_downlines = total_downlines+1
WHERE `user_id` = 'E7TTFZ';
UPDATE `user_registration` SET left_downlines = left_downlines+1
WHERE `user_id` = 'E7TTFZ';
UPDATE `user_registration` SET total_downlines = total_downlines+1
WHERE `user_id` = 'KCJT14';
UPDATE `user_registration` SET left_downlines = left_downlines+1
WHERE `user_id` = 'KCJT14';
UPDATE `user_registration` SET total_downlines = total_downlines+1
WHERE `user_id` = 'MVNGHY';
UPDATE `user_registration` SET left_downlines = left_downlines+1
WHERE `user_id` = 'MVNGHY';
UPDATE `user_registration` SET total_downlines = total_downlines+1
WHERE `user_id` = 'F3GYJM';
UPDATE `user_registration` SET left_downlines = left_downlines+1
WHERE `user_id` = 'F3GYJM';
UPDATE `user_registration` SET total_downlines = total_downlines+1
WHERE `user_id` = 'GUATOU';
UPDATE `user_registration` SET left_downlines = left_downlines+1
WHERE `user_id` = 'GUATOU';
UPDATE `user_registration` SET total_downlines = total_downlines+1
WHERE `user_id` = 'CROSFL';
UPDATE `user_registration` SET left_downlines = left_downlines+1
WHERE `user_id` = 'CROSFL';
UPDATE `user_registration` SET total_downlines = total_downlines+1
WHERE `user_id` = 'PYXY11';
UPDATE `user_registration` SET left_downlines = left_downlines+1
WHERE `user_id` = 'PYXY11';
UPDATE `user_registration` SET total_downlines = total_downlines+1
WHERE `user_id` = 'JNECOA';
UPDATE `user_registration` SET left_downlines = left_downlines+1
WHERE `user_id` = 'JNECOA';
UPDATE `user_registration` SET total_downlines = total_downlines+1
WHERE `user_id` = 'CRI9BY';
UPDATE `user_registration` SET left_downlines = left_downlines+1
WHERE `user_id` = 'CRI9BY';
UPDATE `user_registration` SET total_downlines = total_downlines+1
WHERE `user_id` = '7V6VUQ';
UPDATE `user_registration` SET left_downlines = left_downlines+1
WHERE `user_id` = '7V6VUQ';
UPDATE `user_registration` SET total_downlines = total_downlines+1
WHERE `user_id` = 'GQQ5UD';
UPDATE `user_registration` SET left_downlines = left_downlines+1
WHERE `user_id` = 'GQQ5UD';
UPDATE `user_registration` SET total_downlines = total_downlines+1
WHERE `user_id` = 'UQ1HCP';
UPDATE `user_registration` SET left_downlines = left_downlines+1
WHERE `user_id` = 'UQ1HCP';
UPDATE `user_registration` SET total_downlines = total_downlines+1
WHERE `user_id` = 'ZRNR5B';
UPDATE `user_registration` SET left_downlines = left_downlines+1
WHERE `user_id` = 'ZRNR5B';
UPDATE `user_registration` SET total_downlines = total_downlines+1
WHERE `user_id` = '39X7VR';
UPDATE `user_registration` SET left_downlines = left_downlines+1
WHERE `user_id` = '39X7VR';
UPDATE `user_registration` SET total_downlines = total_downlines+1
WHERE `user_id` = 'WR919N';
UPDATE `user_registration` SET left_downlines = left_downlines+1
WHERE `user_id` = 'WR919N';
UPDATE `user_registration` SET total_downlines = total_downlines+1
WHERE `user_id` = 'W4JUMK';
UPDATE `user_registration` SET left_downlines = left_downlines+1
WHERE `user_id` = 'W4JUMK';
UPDATE `user_registration` SET total_downlines = total_downlines+1
WHERE `user_id` = 'RNSU2J';
UPDATE `user_registration` SET left_downlines = left_downlines+1
WHERE `user_id` = 'RNSU2J';
UPDATE `user_registration` SET total_downlines = total_downlines+1
WHERE `user_id` = 'SUQ9T9';
UPDATE `user_registration` SET left_downlines = left_downlines+1
WHERE `user_id` = 'SUQ9T9';
UPDATE `user_registration` SET total_downlines = total_downlines+1
WHERE `user_id` = 'VEDBAZ';
UPDATE `user_registration` SET left_downlines = left_downlines+1
WHERE `user_id` = 'VEDBAZ';
UPDATE `user_registration` SET total_downlines = total_downlines+1
WHERE `user_id` = '6FCJIY';
UPDATE `user_registration` SET left_downlines = left_downlines+1
WHERE `user_id` = '6FCJIY';
UPDATE `user_registration` SET total_downlines = total_downlines+1
WHERE `user_id` = 'QBNA1J';
UPDATE `user_registration` SET left_downlines = left_downlines+1
WHERE `user_id` = 'QBNA1J';
UPDATE `user_registration` SET total_downlines = total_downlines+1
WHERE `user_id` = '358YCY';
UPDATE `user_registration` SET left_downlines = left_downlines+1
WHERE `user_id` = '358YCY';
UPDATE `user_registration` SET total_downlines = total_downlines+1
WHERE `user_id` = 'KNF698';
UPDATE `user_registration` SET left_downlines = left_downlines+1
WHERE `user_id` = 'KNF698';
UPDATE `user_registration` SET total_downlines = total_downlines+1
WHERE `user_id` = 'P1DMND';
UPDATE `user_registration` SET left_downlines = left_downlines+1
WHERE `user_id` = 'P1DMND';
UPDATE `user_registration` SET total_downlines = total_downlines+1
WHERE `user_id` = 'QNTB7K';
UPDATE `user_registration` SET left_downlines = left_downlines+1
WHERE `user_id` = 'QNTB7K';
UPDATE `user_registration` SET left_ref_count = left_ref_count+1
WHERE `user_id` = 'QNTB7K';
UPDATE `user_registration` SET active_left = active_left+1
WHERE `user_id` = 'QNTB7K';
UPDATE `user_registration` SET `rank_id` = '2'
WHERE `user_id` = 'QNTB7K';
UPDATE `user_registration` SET `cycle_rank_id` = '2'
WHERE `user_id` = 'QNTB7K';
INSERT INTO `rank_history` (`rank_id`, `user_id`, `name`, `bv`, `date`, `amount`, `type`) VALUES ('2', 'QNTB7K', 'Associate', '1200', '2024-10-01 16:02:12', '100', 'auto');
UPDATE `user_registration` SET `highest_rank` = '2'
WHERE `user_id` = 'QNTB7K';
INSERT INTO `earnings` (`user_id`, `Purchaser_id`, `earning_type`, `package_id`, `amount`, `date`, `comments`, `invest_amount`, `comm_perc`, `level`, `rank_id`, `order_id`) VALUES ('QNTB7K', 'QNTB7K', 'Rank Bonus', 0, '100', '2024-10-01 16:02:12', 'Rank Bonus', '100', 0, 0, '2', 0);
UPDATE `user_registration` SET commission_balance = ROUND(commission_balance + 100,2)
WHERE `user_id` = 'QNTB7K';
UPDATE `user_registration` SET rank_bonus = ROUND(rank_bonus + 100,2)
WHERE `user_id` = 'QNTB7K';
UPDATE `user_registration` SET `binary_qualified` = 'yes', `binary_qualified_date` = '2024-10-01 16:02:12'
WHERE `user_id` = 'QNTB7K';
UPDATE `user_registration` SET total_downlines = total_downlines+1
WHERE `user_id` = 'DM1Y9N';
UPDATE `user_registration` SET left_downlines = left_downlines+1
WHERE `user_id` = 'DM1Y9N';
UPDATE `user_registration` SET total_downlines = total_downlines+1
WHERE `user_id` = 'A9858P';
UPDATE `user_registration` SET left_downlines = left_downlines+1
WHERE `user_id` = 'A9858P';
UPDATE `user_registration` SET total_downlines = total_downlines+1
WHERE `user_id` = 'admin';
UPDATE `user_registration` SET right_downlines = right_downlines+1
WHERE `user_id` = 'admin';
INSERT INTO `investment` (`invest_date`, `user_id`, `type`, `amount`, `package_id`) VALUES ('2024-10-01 16:02:12', 'TZAGUK', 'register', '595', '2');
INSERT INTO `earnings` (`user_id`, `Purchaser_id`, `earning_type`, `package_id`, `amount`, `date`, `comments`, `invest_amount`, `comm_perc`, `level`, `rank_id`, `order_id`) VALUES ('QNTB7K', 'TZAGUK', 'Direct Referral Bonus', '2', '200', '2024-10-01 16:02:12', 'Direct Referral Bonus', 0, 0, 1, '', 176);
UPDATE `user_registration` SET commission_balance = ROUND(commission_balance + 200,2)
WHERE `user_id` = 'QNTB7K';
UPDATE `user_registration` SET referral_bonus = ROUND(referral_bonus + 200,2)
WHERE `user_id` = 'QNTB7K';
INSERT INTO `matrix_filling` (`placement_id`, `downline_id`, `level`, `matrix`) VALUES ('GYO9ED', 'TZAGUK', 1, 1);
UPDATE `bv_updation` SET left_carry = left_carry+50, total_left = total_left+50
WHERE `user_id` = 'GYO9ED';
INSERT INTO `placement_bv_update_history` (`left_carry`, `date`, `from_id`, `user_id`) VALUES ('50', '2024-10-01 16:02:12', 'TZAGUK', 'GYO9ED');
INSERT INTO `matrix_filling` (`placement_id`, `downline_id`, `level`, `matrix`) VALUES ('JF4CB2', 'TZAGUK', 2, 1);
UPDATE `bv_updation` SET left_carry = left_carry+50, total_left = total_left+50
WHERE `user_id` = 'JF4CB2';
INSERT INTO `placement_bv_update_history` (`left_carry`, `date`, `from_id`, `user_id`) VALUES ('50', '2024-10-01 16:02:12', 'TZAGUK', 'JF4CB2');
INSERT INTO `matrix_filling` (`placement_id`, `downline_id`, `level`, `matrix`) VALUES ('VT4AZ7', 'TZAGUK', 3, 1);
UPDATE `bv_updation` SET left_carry = left_carry+50, total_left = total_left+50
WHERE `user_id` = 'VT4AZ7';
INSERT INTO `placement_bv_update_history` (`left_carry`, `date`, `from_id`, `user_id`) VALUES ('50', '2024-10-01 16:02:12', 'TZAGUK', 'VT4AZ7');
INSERT INTO `matrix_filling` (`placement_id`, `downline_id`, `level`, `matrix`) VALUES ('GKT49D', 'TZAGUK', 4, 1);
UPDATE `bv_updation` SET left_carry = left_carry+50, total_left = total_left+50
WHERE `user_id` = 'GKT49D';
INSERT INTO `placement_bv_update_history` (`left_carry`, `date`, `from_id`, `user_id`) VALUES ('50', '2024-10-01 16:02:12', 'TZAGUK', 'GKT49D');
INSERT INTO `matrix_filling` (`placement_id`, `downline_id`, `level`, `matrix`) VALUES ('TE4EGL', 'TZAGUK', 5, 1);
UPDATE `bv_updation` SET left_carry = left_carry+50, total_left = total_left+50
WHERE `user_id` = 'TE4EGL';
INSERT INTO `placement_bv_update_history` (`left_carry`, `date`, `from_id`, `user_id`) VALUES ('50', '2024-10-01 16:02:12', 'TZAGUK', 'TE4EGL');
INSERT INTO `matrix_filling` (`placement_id`, `downline_id`, `level`, `matrix`) VALUES ('E7TTFZ', 'TZAGUK', 6, 1);
UPDATE `bv_updation` SET left_carry = left_carry+50, total_left = total_left+50
WHERE `user_id` = 'E7TTFZ';
INSERT INTO `placement_bv_update_history` (`left_carry`, `date`, `from_id`, `user_id`) VALUES ('50', '2024-10-01 16:02:12', 'TZAGUK', 'E7TTFZ');
INSERT INTO `matrix_filling` (`placement_id`, `downline_id`, `level`, `matrix`) VALUES ('KCJT14', 'TZAGUK', 7, 1);
UPDATE `bv_updation` SET left_carry = left_carry+50, total_left = total_left+50
WHERE `user_id` = 'KCJT14';
INSERT INTO `placement_bv_update_history` (`left_carry`, `date`, `from_id`, `user_id`) VALUES ('50', '2024-10-01 16:02:12', 'TZAGUK', 'KCJT14');
INSERT INTO `matrix_filling` (`placement_id`, `downline_id`, `level`, `matrix`) VALUES ('MVNGHY', 'TZAGUK', 8, 1);
UPDATE `bv_updation` SET left_carry = left_carry+50, total_left = total_left+50
WHERE `user_id` = 'MVNGHY';
INSERT INTO `placement_bv_update_history` (`left_carry`, `date`, `from_id`, `user_id`) VALUES ('50', '2024-10-01 16:02:12', 'TZAGUK', 'MVNGHY');
INSERT INTO `matrix_filling` (`placement_id`, `downline_id`, `level`, `matrix`) VALUES ('F3GYJM', 'TZAGUK', 9, 1);
UPDATE `bv_updation` SET left_carry = left_carry+50, total_left = total_left+50
WHERE `user_id` = 'F3GYJM';
INSERT INTO `placement_bv_update_history` (`left_carry`, `date`, `from_id`, `user_id`) VALUES ('50', '2024-10-01 16:02:12', 'TZAGUK', 'F3GYJM');
INSERT INTO `matrix_filling` (`placement_id`, `downline_id`, `level`, `matrix`) VALUES ('GUATOU', 'TZAGUK', 10, 1);
UPDATE `bv_updation` SET left_carry = left_carry+50, total_left = total_left+50
WHERE `user_id` = 'GUATOU';
INSERT INTO `placement_bv_update_history` (`left_carry`, `date`, `from_id`, `user_id`) VALUES ('50', '2024-10-01 16:02:12', 'TZAGUK', 'GUATOU');
INSERT INTO `matrix_filling` (`placement_id`, `downline_id`, `level`, `matrix`) VALUES ('CROSFL', 'TZAGUK', 11, 1);
UPDATE `bv_updation` SET left_carry = left_carry+50, total_left = total_left+50
WHERE `user_id` = 'CROSFL';
INSERT INTO `placement_bv_update_history` (`left_carry`, `date`, `from_id`, `user_id`) VALUES ('50', '2024-10-01 16:02:12', 'TZAGUK', 'CROSFL');
INSERT INTO `matrix_filling` (`placement_id`, `downline_id`, `level`, `matrix`) VALUES ('PYXY11', 'TZAGUK', 12, 1);
UPDATE `bv_updation` SET left_carry = left_carry+50, total_left = total_left+50
WHERE `user_id` = 'PYXY11';
INSERT INTO `placement_bv_update_history` (`left_carry`, `date`, `from_id`, `user_id`) VALUES ('50', '2024-10-01 16:02:12', 'TZAGUK', 'PYXY11');
INSERT INTO `matrix_filling` (`placement_id`, `downline_id`, `level`, `matrix`) VALUES ('JNECOA', 'TZAGUK', 13, 1);
UPDATE `bv_updation` SET left_carry = left_carry+50, total_left = total_left+50
WHERE `user_id` = 'JNECOA';
INSERT INTO `placement_bv_update_history` (`left_carry`, `date`, `from_id`, `user_id`) VALUES ('50', '2024-10-01 16:02:12', 'TZAGUK', 'JNECOA');
INSERT INTO `matrix_filling` (`placement_id`, `downline_id`, `level`, `matrix`) VALUES ('CRI9BY', 'TZAGUK', 14, 1);
UPDATE `bv_updation` SET left_carry = left_carry+50, total_left = total_left+50
WHERE `user_id` = 'CRI9BY';
INSERT INTO `placement_bv_update_history` (`left_carry`, `date`, `from_id`, `user_id`) VALUES ('50', '2024-10-01 16:02:12', 'TZAGUK', 'CRI9BY');
INSERT INTO `matrix_filling` (`placement_id`, `downline_id`, `level`, `matrix`) VALUES ('7V6VUQ', 'TZAGUK', 15, 1);
UPDATE `bv_updation` SET left_carry = left_carry+50, total_left = total_left+50
WHERE `user_id` = '7V6VUQ';
INSERT INTO `placement_bv_update_history` (`left_carry`, `date`, `from_id`, `user_id`) VALUES ('50', '2024-10-01 16:02:12', 'TZAGUK', '7V6VUQ');
INSERT INTO `matrix_filling` (`placement_id`, `downline_id`, `level`, `matrix`) VALUES ('GQQ5UD', 'TZAGUK', 16, 1);
UPDATE `bv_updation` SET left_carry = left_carry+50, total_left = total_left+50
WHERE `user_id` = 'GQQ5UD';
INSERT INTO `placement_bv_update_history` (`left_carry`, `date`, `from_id`, `user_id`) VALUES ('50', '2024-10-01 16:02:12', 'TZAGUK', 'GQQ5UD');
INSERT INTO `matrix_filling` (`placement_id`, `downline_id`, `level`, `matrix`) VALUES ('UQ1HCP', 'TZAGUK', 17, 1);
UPDATE `bv_updation` SET left_carry = left_carry+50, total_left = total_left+50
WHERE `user_id` = 'UQ1HCP';
INSERT INTO `placement_bv_update_history` (`left_carry`, `date`, `from_id`, `user_id`) VALUES ('50', '2024-10-01 16:02:12', 'TZAGUK', 'UQ1HCP');
INSERT INTO `matrix_filling` (`placement_id`, `downline_id`, `level`, `matrix`) VALUES ('ZRNR5B', 'TZAGUK', 18, 1);
UPDATE `bv_updation` SET left_carry = left_carry+50, total_left = total_left+50
WHERE `user_id` = 'ZRNR5B';
INSERT INTO `placement_bv_update_history` (`left_carry`, `date`, `from_id`, `user_id`) VALUES ('50', '2024-10-01 16:02:12', 'TZAGUK', 'ZRNR5B');
INSERT INTO `matrix_filling` (`placement_id`, `downline_id`, `level`, `matrix`) VALUES ('39X7VR', 'TZAGUK', 19, 1);
UPDATE `bv_updation` SET left_carry = left_carry+50, total_left = total_left+50
WHERE `user_id` = '39X7VR';
INSERT INTO `placement_bv_update_history` (`left_carry`, `date`, `from_id`, `user_id`) VALUES ('50', '2024-10-01 16:02:12', 'TZAGUK', '39X7VR');
INSERT INTO `matrix_filling` (`placement_id`, `downline_id`, `level`, `matrix`) VALUES ('WR919N', 'TZAGUK', 20, 1);
UPDATE `bv_updation` SET left_carry = left_carry+50, total_left = total_left+50
WHERE `user_id` = 'WR919N';
INSERT INTO `placement_bv_update_history` (`left_carry`, `date`, `from_id`, `user_id`) VALUES ('50', '2024-10-01 16:02:12', 'TZAGUK', 'WR919N');
INSERT INTO `matrix_filling` (`placement_id`, `downline_id`, `level`, `matrix`) VALUES ('W4JUMK', 'TZAGUK', 21, 1);
UPDATE `bv_updation` SET left_carry = left_carry+50, total_left = total_left+50
WHERE `user_id` = 'W4JUMK';
INSERT INTO `placement_bv_update_history` (`left_carry`, `date`, `from_id`, `user_id`) VALUES ('50', '2024-10-01 16:02:12', 'TZAGUK', 'W4JUMK');
INSERT INTO `matrix_filling` (`placement_id`, `downline_id`, `level`, `matrix`) VALUES ('RNSU2J', 'TZAGUK', 22, 1);
UPDATE `bv_updation` SET left_carry = left_carry+50, total_left = total_left+50
WHERE `user_id` = 'RNSU2J';
INSERT INTO `placement_bv_update_history` (`left_carry`, `date`, `from_id`, `user_id`) VALUES ('50', '2024-10-01 16:02:12', 'TZAGUK', 'RNSU2J');
INSERT INTO `matrix_filling` (`placement_id`, `downline_id`, `level`, `matrix`) VALUES ('SUQ9T9', 'TZAGUK', 23, 1);
UPDATE `bv_updation` SET left_carry = left_carry+50, total_left = total_left+50
WHERE `user_id` = 'SUQ9T9';
INSERT INTO `placement_bv_update_history` (`left_carry`, `date`, `from_id`, `user_id`) VALUES ('50', '2024-10-01 16:02:12', 'TZAGUK', 'SUQ9T9');
INSERT INTO `matrix_filling` (`placement_id`, `downline_id`, `level`, `matrix`) VALUES ('VEDBAZ', 'TZAGUK', 24, 1);
UPDATE `bv_updation` SET left_carry = left_carry+50, total_left = total_left+50
WHERE `user_id` = 'VEDBAZ';
INSERT INTO `placement_bv_update_history` (`left_carry`, `date`, `from_id`, `user_id`) VALUES ('50', '2024-10-01 16:02:12', 'TZAGUK', 'VEDBAZ');
INSERT INTO `matrix_filling` (`placement_id`, `downline_id`, `level`, `matrix`) VALUES ('6FCJIY', 'TZAGUK', 25, 1);
UPDATE `bv_updation` SET left_carry = left_carry+50, total_left = total_left+50
WHERE `user_id` = '6FCJIY';
INSERT INTO `placement_bv_update_history` (`left_carry`, `date`, `from_id`, `user_id`) VALUES ('50', '2024-10-01 16:02:12', 'TZAGUK', '6FCJIY');
INSERT INTO `matrix_filling` (`placement_id`, `downline_id`, `level`, `matrix`) VALUES ('QBNA1J', 'TZAGUK', 26, 1);
UPDATE `bv_updation` SET left_carry = left_carry+50, total_left = total_left+50
WHERE `user_id` = 'QBNA1J';
INSERT INTO `placement_bv_update_history` (`left_carry`, `date`, `from_id`, `user_id`) VALUES ('50', '2024-10-01 16:02:12', 'TZAGUK', 'QBNA1J');
INSERT INTO `matrix_filling` (`placement_id`, `downline_id`, `level`, `matrix`) VALUES ('358YCY', 'TZAGUK', 27, 1);
UPDATE `bv_updation` SET left_carry = left_carry+50, total_left = total_left+50
WHERE `user_id` = '358YCY';
INSERT INTO `placement_bv_update_history` (`left_carry`, `date`, `from_id`, `user_id`) VALUES ('50', '2024-10-01 16:02:12', 'TZAGUK', '358YCY');
INSERT INTO `matrix_filling` (`placement_id`, `downline_id`, `level`, `matrix`) VALUES ('KNF698', 'TZAGUK', 28, 1);
INSERT INTO `matrix_filling` (`placement_id`, `downline_id`, `level`, `matrix`) VALUES ('P1DMND', 'TZAGUK', 29, 1);
UPDATE `bv_updation` SET left_carry = left_carry+50, total_left = total_left+50
WHERE `user_id` = 'P1DMND';
INSERT INTO `placement_bv_update_history` (`left_carry`, `date`, `from_id`, `user_id`) VALUES ('50', '2024-10-01 16:02:12', 'TZAGUK', 'P1DMND');
INSERT INTO `matrix_filling` (`placement_id`, `downline_id`, `level`, `matrix`) VALUES ('QNTB7K', 'TZAGUK', 30, 1);
UPDATE `bv_updation` SET left_carry = left_carry+50, total_left = total_left+50
WHERE `user_id` = 'QNTB7K';
INSERT INTO `placement_bv_update_history` (`left_carry`, `date`, `from_id`, `user_id`) VALUES ('50', '2024-10-01 16:02:12', 'TZAGUK', 'QNTB7K');
UPDATE `bv_updation` SET sponsor_left_carry = sponsor_left_carry+50, sponsor_total_left = sponsor_total_left+50
WHERE `user_id` = 'QNTB7K';
INSERT INTO `sponsor_bv_update_history` (`left_carry`, `date`, `user_id`) VALUES ('50', '2024-10-01 16:02:12', 'QNTB7K');
INSERT INTO `matrix_filling` (`placement_id`, `downline_id`, `level`, `matrix`) VALUES ('DM1Y9N', 'TZAGUK', 31, 1);
UPDATE `bv_updation` SET left_carry = left_carry+50, total_left = total_left+50
WHERE `user_id` = 'DM1Y9N';
INSERT INTO `placement_bv_update_history` (`left_carry`, `date`, `from_id`, `user_id`) VALUES ('50', '2024-10-01 16:02:12', 'TZAGUK', 'DM1Y9N');
INSERT INTO `matrix_filling` (`placement_id`, `downline_id`, `level`, `matrix`) VALUES ('A9858P', 'TZAGUK', 32, 1);
UPDATE `bv_updation` SET left_carry = left_carry+50, total_left = total_left+50
WHERE `user_id` = 'A9858P';
INSERT INTO `placement_bv_update_history` (`left_carry`, `date`, `from_id`, `user_id`) VALUES ('50', '2024-10-01 16:02:12', 'TZAGUK', 'A9858P');
INSERT INTO `matrix_filling` (`placement_id`, `downline_id`, `level`, `matrix`) VALUES ('admin', 'TZAGUK', 33, 1);
UPDATE `bv_updation` SET right_carry = right_carry+50, total_right = total_right+50
WHERE `user_id` = 'admin';
INSERT INTO `placement_bv_update_history` (`right_carry`, `date`, `from_id`, `user_id`) VALUES ('50', '2024-10-01 16:02:12', 'TZAGUK', 'admin');
INSERT INTO `package_purchase_history` (`user_id`, `package_id`, `reg_fee`, `package_name`, `monthly_fee`, `type`, `date`, `payment_option`) VALUES ('TZAGUK', '2', '595', 'Traveler Pro', '150', 'sign_up', '2024-10-01 16:02:12', 'free');
UPDATE `user_registration` SET `popup_seen` = 'yes'
WHERE `user_id` = 'QNTB7K';
UPDATE `user_registration` SET `popup_seen` = 'no'
WHERE `user_id` = 'QNTB7K';
DELETE FROM `ci_sessions`
WHERE `id` = 'a871b1cd8ad2dd1d1028a43890b26f050dd6c756';
INSERT INTO `login_history` (`user_id`, `device`, `ip_address`, `date`) VALUES ('A9858P', 'Mozilla/5.0 (Windows NT 10.0; Win64; x64) AppleWebKit/537.36 (KHTML, like Gecko) Chrome/128.0.0.0 Safari/537.36', '172.70.54.190', '24-10-01 16:02');
UPDATE `user_registration` SET `popup_seen` = 'yes'
WHERE `user_id` = 'A9858P';
UPDATE `user_registration` SET `popup_seen` = 'yes'
WHERE `user_id` = 'A9858P';
UPDATE `user_registration` SET `uid` = '2360', `user_id` = 'AVXMIZ', `username` = 'margarita1', `sponsor_id` = '7RY1ZP', `vacant` = 'no', `f_name` = 'Margarita', `l_name` = 'Sanchez', `address` = '6520 Kendale Lakes Dr ', `position` = 'left', `email` = 'margarita1@gmail.com', `password` = 'a15170e6ec6f9f461ed1612840972257', `phone` = '3057610606', `country` = 'United States', `state` = 'Florida', `city` = 'Miami', `street` = '6520 Kendale Lakes Dr', `zip_code` = '33183', `reg_ip` = '172.70.255.20', `status` = 1, `package_id` = '2', `rank_id` = 1, `highest_rank` = 1, `cycle_rank_id` = 1, `created` = '2024-10-01 16:03:38', `subscription_date` = '2024-10-31', `google_secret` = '2FYHX343YZSCHQCD'
WHERE `uid` = '2360';
INSERT INTO `user_registration` (`uid`, `user_id`, `username`, `sponsor_id`, `placement_id`, `vacant`, `f_name`, `l_name`, `address`, `position`, `email`, `password`, `phone`, `reg_ip`, `status`, `created`) VALUES (NULL, 'NSSAJT', 'oetEYEOb', 'AVXMIZ', 'AVXMIZ', 'yes', '', '', '', 'left', '@mail.com', '', '', '', 0, '2024-10-01 16:03:38');
INSERT INTO `user_registration` (`uid`, `user_id`, `username`, `sponsor_id`, `placement_id`, `vacant`, `f_name`, `l_name`, `address`, `position`, `email`, `password`, `phone`, `reg_ip`, `status`, `created`) VALUES (NULL, 'GDXFQV', 'jXswcBJD', 'AVXMIZ', 'AVXMIZ', 'yes', '', '', '', 'right', '@mail.com', '', '', '', 0, '2024-10-01 16:03:38');
INSERT INTO `bv_updation` (`user_id`) VALUES ('AVXMIZ');
UPDATE `user_registration` SET total_ref_count = total_ref_count+1
WHERE `user_id` = '7RY1ZP';
UPDATE `user_registration` SET total_downlines = total_downlines+1
WHERE `user_id` = 'CUQRWZ';
UPDATE `user_registration` SET left_downlines = left_downlines+1
WHERE `user_id` = 'CUQRWZ';
UPDATE `user_registration` SET total_downlines = total_downlines+1
WHERE `user_id` = '8JWYB8';
UPDATE `user_registration` SET left_downlines = left_downlines+1
WHERE `user_id` = '8JWYB8';
UPDATE `user_registration` SET total_downlines = total_downlines+1
WHERE `user_id` = 'Q8W4P6';
UPDATE `user_registration` SET left_downlines = left_downlines+1
WHERE `user_id` = 'Q8W4P6';
UPDATE `user_registration` SET total_downlines = total_downlines+1
WHERE `user_id` = 'WJR372';
UPDATE `user_registration` SET left_downlines = left_downlines+1
WHERE `user_id` = 'WJR372';
UPDATE `user_registration` SET total_downlines = total_downlines+1
WHERE `user_id` = 'YJ6OTD';
UPDATE `user_registration` SET left_downlines = left_downlines+1
WHERE `user_id` = 'YJ6OTD';
UPDATE `user_registration` SET total_downlines = total_downlines+1
WHERE `user_id` = 'F8WLAW';
UPDATE `user_registration` SET left_downlines = left_downlines+1
WHERE `user_id` = 'F8WLAW';
UPDATE `user_registration` SET total_downlines = total_downlines+1
WHERE `user_id` = '9H9OZM';
UPDATE `user_registration` SET left_downlines = left_downlines+1
WHERE `user_id` = '9H9OZM';
UPDATE `user_registration` SET total_downlines = total_downlines+1
WHERE `user_id` = 'DLP7GD';
UPDATE `user_registration` SET left_downlines = left_downlines+1
WHERE `user_id` = 'DLP7GD';
UPDATE `user_registration` SET total_downlines = total_downlines+1
WHERE `user_id` = 'VG9TO9';
UPDATE `user_registration` SET left_downlines = left_downlines+1
WHERE `user_id` = 'VG9TO9';
UPDATE `user_registration` SET total_downlines = total_downlines+1
WHERE `user_id` = 'L8R95F';
UPDATE `user_registration` SET left_downlines = left_downlines+1
WHERE `user_id` = 'L8R95F';
UPDATE `user_registration` SET total_downlines = total_downlines+1
WHERE `user_id` = 'Y9DPUD';
UPDATE `user_registration` SET left_downlines = left_downlines+1
WHERE `user_id` = 'Y9DPUD';
UPDATE `user_registration` SET total_downlines = total_downlines+1
WHERE `user_id` = '5H9TH3';
UPDATE `user_registration` SET left_downlines = left_downlines+1
WHERE `user_id` = '5H9TH3';
UPDATE `user_registration` SET total_downlines = total_downlines+1
WHERE `user_id` = 'MIT9KW';
UPDATE `user_registration` SET left_downlines = left_downlines+1
WHERE `user_id` = 'MIT9KW';
UPDATE `user_registration` SET total_downlines = total_downlines+1
WHERE `user_id` = 'IMUABZ';
UPDATE `user_registration` SET left_downlines = left_downlines+1
WHERE `user_id` = 'IMUABZ';
UPDATE `user_registration` SET total_downlines = total_downlines+1
WHERE `user_id` = 'G54QC4';
UPDATE `user_registration` SET left_downlines = left_downlines+1
WHERE `user_id` = 'G54QC4';
UPDATE `user_registration` SET total_downlines = total_downlines+1
WHERE `user_id` = '9JPZJL';
UPDATE `user_registration` SET left_downlines = left_downlines+1
WHERE `user_id` = '9JPZJL';
UPDATE `user_registration` SET total_downlines = total_downlines+1
WHERE `user_id` = 'E3PPZ3';
UPDATE `user_registration` SET left_downlines = left_downlines+1
WHERE `user_id` = 'E3PPZ3';
UPDATE `user_registration` SET total_downlines = total_downlines+1
WHERE `user_id` = '7RY1ZP';
UPDATE `user_registration` SET left_downlines = left_downlines+1
WHERE `user_id` = '7RY1ZP';
UPDATE `user_registration` SET left_ref_count = left_ref_count+1
WHERE `user_id` = '7RY1ZP';
UPDATE `user_registration` SET active_left = active_left+1
WHERE `user_id` = '7RY1ZP';
UPDATE `user_registration` SET total_downlines = total_downlines+1
WHERE `user_id` = 'ADZTOG';
UPDATE `user_registration` SET right_downlines = right_downlines+1
WHERE `user_id` = 'ADZTOG';
UPDATE `user_registration` SET total_downlines = total_downlines+1
WHERE `user_id` = 'A9858P';
UPDATE `user_registration` SET right_downlines = right_downlines+1
WHERE `user_id` = 'A9858P';
UPDATE `user_registration` SET total_downlines = total_downlines+1
WHERE `user_id` = 'admin';
UPDATE `user_registration` SET right_downlines = right_downlines+1
WHERE `user_id` = 'admin';
INSERT INTO `investment` (`invest_date`, `user_id`, `type`, `amount`, `package_id`) VALUES ('2024-10-01 16:03:38', 'AVXMIZ', 'register', '595', '2');
INSERT INTO `earnings` (`user_id`, `Purchaser_id`, `earning_type`, `package_id`, `amount`, `date`, `comments`, `invest_amount`, `comm_perc`, `level`, `rank_id`, `order_id`) VALUES ('7RY1ZP', 'AVXMIZ', 'Direct Referral Bonus', '2', '100', '2024-10-01 16:03:38', 'Direct Referral Bonus', 0, 0, 1, '', 177);
UPDATE `user_registration` SET commission_balance = ROUND(commission_balance + 100,2)
WHERE `user_id` = '7RY1ZP';
UPDATE `user_registration` SET referral_bonus = ROUND(referral_bonus + 100,2)
WHERE `user_id` = '7RY1ZP';
INSERT INTO `earnings` (`user_id`, `Purchaser_id`, `earning_type`, `package_id`, `amount`, `date`, `comments`, `invest_amount`, `comm_perc`, `level`, `rank_id`, `order_id`) VALUES ('A9858P', 'AVXMIZ', 'Expansion Bonus', '2', 100, '2024-10-01 16:03:38', 'Expansion Bonus', '100', 0, 1, '', 177);
UPDATE `user_registration` SET commission_balance = ROUND(commission_balance + 100,2)
WHERE `user_id` = 'A9858P';
UPDATE `user_registration` SET expansion_bonus = ROUND(expansion_bonus + 100,2)
WHERE `user_id` = 'A9858P';
INSERT INTO `matrix_filling` (`placement_id`, `downline_id`, `level`, `matrix`) VALUES ('CUQRWZ', 'AVXMIZ', 1, 1);
UPDATE `bv_updation` SET left_carry = left_carry+50, total_left = total_left+50
WHERE `user_id` = 'CUQRWZ';
INSERT INTO `placement_bv_update_history` (`left_carry`, `date`, `from_id`, `user_id`) VALUES ('50', '2024-10-01 16:03:38', 'AVXMIZ', 'CUQRWZ');
INSERT INTO `matrix_filling` (`placement_id`, `downline_id`, `level`, `matrix`) VALUES ('8JWYB8', 'AVXMIZ', 2, 1);
UPDATE `bv_updation` SET left_carry = left_carry+50, total_left = total_left+50
WHERE `user_id` = '8JWYB8';
INSERT INTO `placement_bv_update_history` (`left_carry`, `date`, `from_id`, `user_id`) VALUES ('50', '2024-10-01 16:03:38', 'AVXMIZ', '8JWYB8');
INSERT INTO `matrix_filling` (`placement_id`, `downline_id`, `level`, `matrix`) VALUES ('Q8W4P6', 'AVXMIZ', 3, 1);
UPDATE `bv_updation` SET left_carry = left_carry+50, total_left = total_left+50
WHERE `user_id` = 'Q8W4P6';
INSERT INTO `placement_bv_update_history` (`left_carry`, `date`, `from_id`, `user_id`) VALUES ('50', '2024-10-01 16:03:38', 'AVXMIZ', 'Q8W4P6');
INSERT INTO `matrix_filling` (`placement_id`, `downline_id`, `level`, `matrix`) VALUES ('WJR372', 'AVXMIZ', 4, 1);
UPDATE `bv_updation` SET left_carry = left_carry+50, total_left = total_left+50
WHERE `user_id` = 'WJR372';
INSERT INTO `placement_bv_update_history` (`left_carry`, `date`, `from_id`, `user_id`) VALUES ('50', '2024-10-01 16:03:38', 'AVXMIZ', 'WJR372');
INSERT INTO `matrix_filling` (`placement_id`, `downline_id`, `level`, `matrix`) VALUES ('YJ6OTD', 'AVXMIZ', 5, 1);
UPDATE `bv_updation` SET left_carry = left_carry+50, total_left = total_left+50
WHERE `user_id` = 'YJ6OTD';
INSERT INTO `placement_bv_update_history` (`left_carry`, `date`, `from_id`, `user_id`) VALUES ('50', '2024-10-01 16:03:38', 'AVXMIZ', 'YJ6OTD');
INSERT INTO `matrix_filling` (`placement_id`, `downline_id`, `level`, `matrix`) VALUES ('F8WLAW', 'AVXMIZ', 6, 1);
UPDATE `bv_updation` SET left_carry = left_carry+50, total_left = total_left+50
WHERE `user_id` = 'F8WLAW';
INSERT INTO `placement_bv_update_history` (`left_carry`, `date`, `from_id`, `user_id`) VALUES ('50', '2024-10-01 16:03:38', 'AVXMIZ', 'F8WLAW');
INSERT INTO `matrix_filling` (`placement_id`, `downline_id`, `level`, `matrix`) VALUES ('9H9OZM', 'AVXMIZ', 7, 1);
UPDATE `bv_updation` SET left_carry = left_carry+50, total_left = total_left+50
WHERE `user_id` = '9H9OZM';
INSERT INTO `placement_bv_update_history` (`left_carry`, `date`, `from_id`, `user_id`) VALUES ('50', '2024-10-01 16:03:38', 'AVXMIZ', '9H9OZM');
INSERT INTO `matrix_filling` (`placement_id`, `downline_id`, `level`, `matrix`) VALUES ('DLP7GD', 'AVXMIZ', 8, 1);
UPDATE `bv_updation` SET left_carry = left_carry+50, total_left = total_left+50
WHERE `user_id` = 'DLP7GD';
INSERT INTO `placement_bv_update_history` (`left_carry`, `date`, `from_id`, `user_id`) VALUES ('50', '2024-10-01 16:03:38', 'AVXMIZ', 'DLP7GD');
INSERT INTO `matrix_filling` (`placement_id`, `downline_id`, `level`, `matrix`) VALUES ('VG9TO9', 'AVXMIZ', 9, 1);
UPDATE `bv_updation` SET left_carry = left_carry+50, total_left = total_left+50
WHERE `user_id` = 'VG9TO9';
INSERT INTO `placement_bv_update_history` (`left_carry`, `date`, `from_id`, `user_id`) VALUES ('50', '2024-10-01 16:03:38', 'AVXMIZ', 'VG9TO9');
INSERT INTO `matrix_filling` (`placement_id`, `downline_id`, `level`, `matrix`) VALUES ('L8R95F', 'AVXMIZ', 10, 1);
UPDATE `bv_updation` SET left_carry = left_carry+50, total_left = total_left+50
WHERE `user_id` = 'L8R95F';
INSERT INTO `placement_bv_update_history` (`left_carry`, `date`, `from_id`, `user_id`) VALUES ('50', '2024-10-01 16:03:38', 'AVXMIZ', 'L8R95F');
INSERT INTO `matrix_filling` (`placement_id`, `downline_id`, `level`, `matrix`) VALUES ('Y9DPUD', 'AVXMIZ', 11, 1);
UPDATE `bv_updation` SET left_carry = left_carry+50, total_left = total_left+50
WHERE `user_id` = 'Y9DPUD';
INSERT INTO `placement_bv_update_history` (`left_carry`, `date`, `from_id`, `user_id`) VALUES ('50', '2024-10-01 16:03:38', 'AVXMIZ', 'Y9DPUD');
INSERT INTO `matrix_filling` (`placement_id`, `downline_id`, `level`, `matrix`) VALUES ('5H9TH3', 'AVXMIZ', 12, 1);
UPDATE `bv_updation` SET left_carry = left_carry+50, total_left = total_left+50
WHERE `user_id` = '5H9TH3';
INSERT INTO `placement_bv_update_history` (`left_carry`, `date`, `from_id`, `user_id`) VALUES ('50', '2024-10-01 16:03:38', 'AVXMIZ', '5H9TH3');
INSERT INTO `matrix_filling` (`placement_id`, `downline_id`, `level`, `matrix`) VALUES ('MIT9KW', 'AVXMIZ', 13, 1);
UPDATE `bv_updation` SET left_carry = left_carry+50, total_left = total_left+50
WHERE `user_id` = 'MIT9KW';
INSERT INTO `placement_bv_update_history` (`left_carry`, `date`, `from_id`, `user_id`) VALUES ('50', '2024-10-01 16:03:38', 'AVXMIZ', 'MIT9KW');
INSERT INTO `matrix_filling` (`placement_id`, `downline_id`, `level`, `matrix`) VALUES ('IMUABZ', 'AVXMIZ', 14, 1);
UPDATE `bv_updation` SET left_carry = left_carry+50, total_left = total_left+50
WHERE `user_id` = 'IMUABZ';
INSERT INTO `placement_bv_update_history` (`left_carry`, `date`, `from_id`, `user_id`) VALUES ('50', '2024-10-01 16:03:38', 'AVXMIZ', 'IMUABZ');
INSERT INTO `matrix_filling` (`placement_id`, `downline_id`, `level`, `matrix`) VALUES ('G54QC4', 'AVXMIZ', 15, 1);
UPDATE `bv_updation` SET left_carry = left_carry+50, total_left = total_left+50
WHERE `user_id` = 'G54QC4';
INSERT INTO `placement_bv_update_history` (`left_carry`, `date`, `from_id`, `user_id`) VALUES ('50', '2024-10-01 16:03:38', 'AVXMIZ', 'G54QC4');
INSERT INTO `matrix_filling` (`placement_id`, `downline_id`, `level`, `matrix`) VALUES ('9JPZJL', 'AVXMIZ', 16, 1);
UPDATE `bv_updation` SET left_carry = left_carry+50, total_left = total_left+50
WHERE `user_id` = '9JPZJL';
INSERT INTO `placement_bv_update_history` (`left_carry`, `date`, `from_id`, `user_id`) VALUES ('50', '2024-10-01 16:03:38', 'AVXMIZ', '9JPZJL');
INSERT INTO `matrix_filling` (`placement_id`, `downline_id`, `level`, `matrix`) VALUES ('E3PPZ3', 'AVXMIZ', 17, 1);
UPDATE `bv_updation` SET left_carry = left_carry+50, total_left = total_left+50
WHERE `user_id` = 'E3PPZ3';
INSERT INTO `placement_bv_update_history` (`left_carry`, `date`, `from_id`, `user_id`) VALUES ('50', '2024-10-01 16:03:38', 'AVXMIZ', 'E3PPZ3');
INSERT INTO `matrix_filling` (`placement_id`, `downline_id`, `level`, `matrix`) VALUES ('7RY1ZP', 'AVXMIZ', 18, 1);
UPDATE `bv_updation` SET left_carry = left_carry+50, total_left = total_left+50
WHERE `user_id` = '7RY1ZP';
INSERT INTO `placement_bv_update_history` (`left_carry`, `date`, `from_id`, `user_id`) VALUES ('50', '2024-10-01 16:03:38', 'AVXMIZ', '7RY1ZP');
UPDATE `bv_updation` SET sponsor_left_carry = sponsor_left_carry+50, sponsor_total_left = sponsor_total_left+50
WHERE `user_id` = '7RY1ZP';
INSERT INTO `sponsor_bv_update_history` (`left_carry`, `date`, `user_id`) VALUES ('50', '2024-10-01 16:03:38', '7RY1ZP');
INSERT INTO `matrix_filling` (`placement_id`, `downline_id`, `level`, `matrix`) VALUES ('ADZTOG', 'AVXMIZ', 19, 1);
UPDATE `bv_updation` SET right_carry = right_carry+50, total_right = total_right+50
WHERE `user_id` = 'ADZTOG';
INSERT INTO `placement_bv_update_history` (`right_carry`, `date`, `from_id`, `user_id`) VALUES ('50', '2024-10-01 16:03:38', 'AVXMIZ', 'ADZTOG');
INSERT INTO `matrix_filling` (`placement_id`, `downline_id`, `level`, `matrix`) VALUES ('A9858P', 'AVXMIZ', 20, 1);
UPDATE `bv_updation` SET right_carry = right_carry+50, total_right = total_right+50
WHERE `user_id` = 'A9858P';
INSERT INTO `placement_bv_update_history` (`right_carry`, `date`, `from_id`, `user_id`) VALUES ('50', '2024-10-01 16:03:38', 'AVXMIZ', 'A9858P');
INSERT INTO `matrix_filling` (`placement_id`, `downline_id`, `level`, `matrix`) VALUES ('admin', 'AVXMIZ', 21, 1);
UPDATE `bv_updation` SET right_carry = right_carry+50, total_right = total_right+50
WHERE `user_id` = 'admin';
INSERT INTO `placement_bv_update_history` (`right_carry`, `date`, `from_id`, `user_id`) VALUES ('50', '2024-10-01 16:03:38', 'AVXMIZ', 'admin');
INSERT INTO `package_purchase_history` (`user_id`, `package_id`, `reg_fee`, `package_name`, `monthly_fee`, `type`, `date`, `payment_option`) VALUES ('AVXMIZ', '2', '595', 'Traveler Pro', '150', 'sign_up', '2024-10-01 16:03:38', 'free');
UPDATE `user_registration` SET `popup_seen` = 'no'
WHERE `user_id` = 'A9858P';
DELETE FROM `ci_sessions`
WHERE `id` = 'ba2163db1d2ba251eda9b947baede7834cf9407e';
UPDATE `user_registration` SET `popup_seen` = 'yes'
WHERE `user_id` = '7RY1ZP';
INSERT INTO `login_history` (`user_id`, `device`, `ip_address`, `date`) VALUES ('DM1Y9N', 'Mozilla/5.0 (Windows NT 10.0; Win64; x64) AppleWebKit/537.36 (KHTML, like Gecko) Chrome/128.0.0.0 Safari/537.36', '172.70.54.191', '24-10-01 16:03');
UPDATE `user_registration` SET `popup_seen` = 'yes'
WHERE `user_id` = 'DM1Y9N';
UPDATE `user_registration` SET `default_leg` = 'left'
WHERE `user_id` = 'DM1Y9N';
UPDATE `user_registration` SET `uid` = '2362', `user_id` = 'AXIXU1', `username` = 'anabel1', `sponsor_id` = 'DM1Y9N', `vacant` = 'no', `f_name` = 'Anabel', `l_name` = 'Jorge', `address` = '8100 SW 14 Terr', `position` = 'left', `email` = 'anabel1@gmail.com', `password` = '9458009ad85557a95696a919483ef1ea', `phone` = '7862876762', `country` = 'United States', `state` = 'Florida', `city` = 'Miami', `street` = '8100 SW 14 Terr', `zip_code` = '33144', `reg_ip` = '172.70.55.114', `status` = 1, `package_id` = '2', `rank_id` = 1, `highest_rank` = 1, `cycle_rank_id` = 1, `created` = '2024-10-01 16:05:16', `subscription_date` = '2024-10-31', `google_secret` = 'BZXYW6EU6Z2FZZAQ'
WHERE `uid` = '2362';
INSERT INTO `user_registration` (`uid`, `user_id`, `username`, `sponsor_id`, `placement_id`, `vacant`, `f_name`, `l_name`, `address`, `position`, `email`, `password`, `phone`, `reg_ip`, `status`, `created`) VALUES (NULL, 'TZCPXW', 'uWHcScMD', 'AXIXU1', 'AXIXU1', 'yes', '', '', '', 'left', '@mail.com', '', '', '', 0, '2024-10-01 16:05:16');
INSERT INTO `user_registration` (`uid`, `user_id`, `username`, `sponsor_id`, `placement_id`, `vacant`, `f_name`, `l_name`, `address`, `position`, `email`, `password`, `phone`, `reg_ip`, `status`, `created`) VALUES (NULL, 'WUMLKN', 'cBVHHCfb', 'AXIXU1', 'AXIXU1', 'yes', '', '', '', 'right', '@mail.com', '', '', '', 0, '2024-10-01 16:05:16');
INSERT INTO `bv_updation` (`user_id`) VALUES ('AXIXU1');
UPDATE `user_registration` SET total_ref_count = total_ref_count+1
WHERE `user_id` = 'DM1Y9N';
UPDATE `user_registration` SET total_downlines = total_downlines+1
WHERE `user_id` = 'TZAGUK';
UPDATE `user_registration` SET left_downlines = left_downlines+1
WHERE `user_id` = 'TZAGUK';
UPDATE `user_registration` SET total_downlines = total_downlines+1
WHERE `user_id` = 'GYO9ED';
UPDATE `user_registration` SET left_downlines = left_downlines+1
WHERE `user_id` = 'GYO9ED';
UPDATE `user_registration` SET total_downlines = total_downlines+1
WHERE `user_id` = 'JF4CB2';
UPDATE `user_registration` SET left_downlines = left_downlines+1
WHERE `user_id` = 'JF4CB2';
UPDATE `user_registration` SET total_downlines = total_downlines+1
WHERE `user_id` = 'VT4AZ7';
UPDATE `user_registration` SET left_downlines = left_downlines+1
WHERE `user_id` = 'VT4AZ7';
UPDATE `user_registration` SET total_downlines = total_downlines+1
WHERE `user_id` = 'GKT49D';
UPDATE `user_registration` SET left_downlines = left_downlines+1
WHERE `user_id` = 'GKT49D';
UPDATE `user_registration` SET total_downlines = total_downlines+1
WHERE `user_id` = 'TE4EGL';
UPDATE `user_registration` SET left_downlines = left_downlines+1
WHERE `user_id` = 'TE4EGL';
UPDATE `user_registration` SET total_downlines = total_downlines+1
WHERE `user_id` = 'E7TTFZ';
UPDATE `user_registration` SET left_downlines = left_downlines+1
WHERE `user_id` = 'E7TTFZ';
UPDATE `user_registration` SET total_downlines = total_downlines+1
WHERE `user_id` = 'KCJT14';
UPDATE `user_registration` SET left_downlines = left_downlines+1
WHERE `user_id` = 'KCJT14';
UPDATE `user_registration` SET total_downlines = total_downlines+1
WHERE `user_id` = 'MVNGHY';
UPDATE `user_registration` SET left_downlines = left_downlines+1
WHERE `user_id` = 'MVNGHY';
UPDATE `user_registration` SET total_downlines = total_downlines+1
WHERE `user_id` = 'F3GYJM';
UPDATE `user_registration` SET left_downlines = left_downlines+1
WHERE `user_id` = 'F3GYJM';
UPDATE `user_registration` SET total_downlines = total_downlines+1
WHERE `user_id` = 'GUATOU';
UPDATE `user_registration` SET left_downlines = left_downlines+1
WHERE `user_id` = 'GUATOU';
UPDATE `user_registration` SET total_downlines = total_downlines+1
WHERE `user_id` = 'CROSFL';
UPDATE `user_registration` SET left_downlines = left_downlines+1
WHERE `user_id` = 'CROSFL';
UPDATE `user_registration` SET total_downlines = total_downlines+1
WHERE `user_id` = 'PYXY11';
UPDATE `user_registration` SET left_downlines = left_downlines+1
WHERE `user_id` = 'PYXY11';
UPDATE `user_registration` SET total_downlines = total_downlines+1
WHERE `user_id` = 'JNECOA';
UPDATE `user_registration` SET left_downlines = left_downlines+1
WHERE `user_id` = 'JNECOA';
UPDATE `user_registration` SET total_downlines = total_downlines+1
WHERE `user_id` = 'CRI9BY';
UPDATE `user_registration` SET left_downlines = left_downlines+1
WHERE `user_id` = 'CRI9BY';
UPDATE `user_registration` SET total_downlines = total_downlines+1
WHERE `user_id` = '7V6VUQ';
UPDATE `user_registration` SET left_downlines = left_downlines+1
WHERE `user_id` = '7V6VUQ';
UPDATE `user_registration` SET total_downlines = total_downlines+1
WHERE `user_id` = 'GQQ5UD';
UPDATE `user_registration` SET left_downlines = left_downlines+1
WHERE `user_id` = 'GQQ5UD';
UPDATE `user_registration` SET total_downlines = total_downlines+1
WHERE `user_id` = 'UQ1HCP';
UPDATE `user_registration` SET left_downlines = left_downlines+1
WHERE `user_id` = 'UQ1HCP';
UPDATE `user_registration` SET total_downlines = total_downlines+1
WHERE `user_id` = 'ZRNR5B';
UPDATE `user_registration` SET left_downlines = left_downlines+1
WHERE `user_id` = 'ZRNR5B';
UPDATE `user_registration` SET total_downlines = total_downlines+1
WHERE `user_id` = '39X7VR';
UPDATE `user_registration` SET left_downlines = left_downlines+1
WHERE `user_id` = '39X7VR';
UPDATE `user_registration` SET total_downlines = total_downlines+1
WHERE `user_id` = 'WR919N';
UPDATE `user_registration` SET left_downlines = left_downlines+1
WHERE `user_id` = 'WR919N';
UPDATE `user_registration` SET total_downlines = total_downlines+1
WHERE `user_id` = 'W4JUMK';
UPDATE `user_registration` SET left_downlines = left_downlines+1
WHERE `user_id` = 'W4JUMK';
UPDATE `user_registration` SET total_downlines = total_downlines+1
WHERE `user_id` = 'RNSU2J';
UPDATE `user_registration` SET left_downlines = left_downlines+1
WHERE `user_id` = 'RNSU2J';
UPDATE `user_registration` SET total_downlines = total_downlines+1
WHERE `user_id` = 'SUQ9T9';
UPDATE `user_registration` SET left_downlines = left_downlines+1
WHERE `user_id` = 'SUQ9T9';
UPDATE `user_registration` SET total_downlines = total_downlines+1
WHERE `user_id` = 'VEDBAZ';
UPDATE `user_registration` SET left_downlines = left_downlines+1
WHERE `user_id` = 'VEDBAZ';
UPDATE `user_registration` SET total_downlines = total_downlines+1
WHERE `user_id` = '6FCJIY';
UPDATE `user_registration` SET left_downlines = left_downlines+1
WHERE `user_id` = '6FCJIY';
UPDATE `user_registration` SET total_downlines = total_downlines+1
WHERE `user_id` = 'QBNA1J';
UPDATE `user_registration` SET left_downlines = left_downlines+1
WHERE `user_id` = 'QBNA1J';
UPDATE `user_registration` SET total_downlines = total_downlines+1
WHERE `user_id` = '358YCY';
UPDATE `user_registration` SET left_downlines = left_downlines+1
WHERE `user_id` = '358YCY';
UPDATE `user_registration` SET total_downlines = total_downlines+1
WHERE `user_id` = 'KNF698';
UPDATE `user_registration` SET left_downlines = left_downlines+1
WHERE `user_id` = 'KNF698';
UPDATE `user_registration` SET total_downlines = total_downlines+1
WHERE `user_id` = 'P1DMND';
UPDATE `user_registration` SET left_downlines = left_downlines+1
WHERE `user_id` = 'P1DMND';
UPDATE `user_registration` SET total_downlines = total_downlines+1
WHERE `user_id` = 'QNTB7K';
UPDATE `user_registration` SET left_downlines = left_downlines+1
WHERE `user_id` = 'QNTB7K';
UPDATE `user_registration` SET total_downlines = total_downlines+1
WHERE `user_id` = 'DM1Y9N';
UPDATE `user_registration` SET left_downlines = left_downlines+1
WHERE `user_id` = 'DM1Y9N';
UPDATE `user_registration` SET left_ref_count = left_ref_count+1
WHERE `user_id` = 'DM1Y9N';
UPDATE `user_registration` SET active_left = active_left+1
WHERE `user_id` = 'DM1Y9N';
UPDATE `user_registration` SET `rank_id` = '2'
WHERE `user_id` = 'DM1Y9N';
UPDATE `user_registration` SET `cycle_rank_id` = '2'
WHERE `user_id` = 'DM1Y9N';
INSERT INTO `rank_history` (`rank_id`, `user_id`, `name`, `bv`, `date`, `amount`, `type`) VALUES ('2', 'DM1Y9N', 'Associate', '1200', '2024-10-01 16:05:16', '100', 'auto');
UPDATE `user_registration` SET `highest_rank` = '2'
WHERE `user_id` = 'DM1Y9N';
INSERT INTO `earnings` (`user_id`, `Purchaser_id`, `earning_type`, `package_id`, `amount`, `date`, `comments`, `invest_amount`, `comm_perc`, `level`, `rank_id`, `order_id`) VALUES ('DM1Y9N', 'DM1Y9N', 'Rank Bonus', 0, '100', '2024-10-01 16:05:16', 'Rank Bonus', '100', 0, 0, '2', 0);
UPDATE `user_registration` SET commission_balance = ROUND(commission_balance + 100,2)
WHERE `user_id` = 'DM1Y9N';
UPDATE `user_registration` SET rank_bonus = ROUND(rank_bonus + 100,2)
WHERE `user_id` = 'DM1Y9N';
UPDATE `user_registration` SET `binary_qualified` = 'yes', `binary_qualified_date` = '2024-10-01 16:05:16'
WHERE `user_id` = 'DM1Y9N';
UPDATE `user_registration` SET total_downlines = total_downlines+1
WHERE `user_id` = 'A9858P';
UPDATE `user_registration` SET left_downlines = left_downlines+1
WHERE `user_id` = 'A9858P';
UPDATE `user_registration` SET total_downlines = total_downlines+1
WHERE `user_id` = 'admin';
UPDATE `user_registration` SET right_downlines = right_downlines+1
WHERE `user_id` = 'admin';
INSERT INTO `investment` (`invest_date`, `user_id`, `type`, `amount`, `package_id`) VALUES ('2024-10-01 16:05:16', 'AXIXU1', 'register', '595', '2');
INSERT INTO `earnings` (`user_id`, `Purchaser_id`, `earning_type`, `package_id`, `amount`, `date`, `comments`, `invest_amount`, `comm_perc`, `level`, `rank_id`, `order_id`) VALUES ('DM1Y9N', 'AXIXU1', 'Direct Referral Bonus', '2', '200', '2024-10-01 16:05:16', 'Direct Referral Bonus', 0, 0, 1, '', 178);
UPDATE `user_registration` SET commission_balance = ROUND(commission_balance + 200,2)
WHERE `user_id` = 'DM1Y9N';
UPDATE `user_registration` SET referral_bonus = ROUND(referral_bonus + 200,2)
WHERE `user_id` = 'DM1Y9N';
INSERT INTO `matrix_filling` (`placement_id`, `downline_id`, `level`, `matrix`) VALUES ('TZAGUK', 'AXIXU1', 1, 1);
UPDATE `bv_updation` SET left_carry = left_carry+50, total_left = total_left+50
WHERE `user_id` = 'TZAGUK';
INSERT INTO `placement_bv_update_history` (`left_carry`, `date`, `from_id`, `user_id`) VALUES ('50', '2024-10-01 16:05:16', 'AXIXU1', 'TZAGUK');
INSERT INTO `matrix_filling` (`placement_id`, `downline_id`, `level`, `matrix`) VALUES ('GYO9ED', 'AXIXU1', 2, 1);
UPDATE `bv_updation` SET left_carry = left_carry+50, total_left = total_left+50
WHERE `user_id` = 'GYO9ED';
INSERT INTO `placement_bv_update_history` (`left_carry`, `date`, `from_id`, `user_id`) VALUES ('50', '2024-10-01 16:05:16', 'AXIXU1', 'GYO9ED');
INSERT INTO `matrix_filling` (`placement_id`, `downline_id`, `level`, `matrix`) VALUES ('JF4CB2', 'AXIXU1', 3, 1);
UPDATE `bv_updation` SET left_carry = left_carry+50, total_left = total_left+50
WHERE `user_id` = 'JF4CB2';
INSERT INTO `placement_bv_update_history` (`left_carry`, `date`, `from_id`, `user_id`) VALUES ('50', '2024-10-01 16:05:16', 'AXIXU1', 'JF4CB2');
INSERT INTO `matrix_filling` (`placement_id`, `downline_id`, `level`, `matrix`) VALUES ('VT4AZ7', 'AXIXU1', 4, 1);
UPDATE `bv_updation` SET left_carry = left_carry+50, total_left = total_left+50
WHERE `user_id` = 'VT4AZ7';
INSERT INTO `placement_bv_update_history` (`left_carry`, `date`, `from_id`, `user_id`) VALUES ('50', '2024-10-01 16:05:16', 'AXIXU1', 'VT4AZ7');
INSERT INTO `matrix_filling` (`placement_id`, `downline_id`, `level`, `matrix`) VALUES ('GKT49D', 'AXIXU1', 5, 1);
UPDATE `bv_updation` SET left_carry = left_carry+50, total_left = total_left+50
WHERE `user_id` = 'GKT49D';
INSERT INTO `placement_bv_update_history` (`left_carry`, `date`, `from_id`, `user_id`) VALUES ('50', '2024-10-01 16:05:16', 'AXIXU1', 'GKT49D');
INSERT INTO `matrix_filling` (`placement_id`, `downline_id`, `level`, `matrix`) VALUES ('TE4EGL', 'AXIXU1', 6, 1);
UPDATE `bv_updation` SET left_carry = left_carry+50, total_left = total_left+50
WHERE `user_id` = 'TE4EGL';
INSERT INTO `placement_bv_update_history` (`left_carry`, `date`, `from_id`, `user_id`) VALUES ('50', '2024-10-01 16:05:16', 'AXIXU1', 'TE4EGL');
INSERT INTO `matrix_filling` (`placement_id`, `downline_id`, `level`, `matrix`) VALUES ('E7TTFZ', 'AXIXU1', 7, 1);
UPDATE `bv_updation` SET left_carry = left_carry+50, total_left = total_left+50
WHERE `user_id` = 'E7TTFZ';
INSERT INTO `placement_bv_update_history` (`left_carry`, `date`, `from_id`, `user_id`) VALUES ('50', '2024-10-01 16:05:16', 'AXIXU1', 'E7TTFZ');
INSERT INTO `matrix_filling` (`placement_id`, `downline_id`, `level`, `matrix`) VALUES ('KCJT14', 'AXIXU1', 8, 1);
UPDATE `bv_updation` SET left_carry = left_carry+50, total_left = total_left+50
WHERE `user_id` = 'KCJT14';
INSERT INTO `placement_bv_update_history` (`left_carry`, `date`, `from_id`, `user_id`) VALUES ('50', '2024-10-01 16:05:16', 'AXIXU1', 'KCJT14');
INSERT INTO `matrix_filling` (`placement_id`, `downline_id`, `level`, `matrix`) VALUES ('MVNGHY', 'AXIXU1', 9, 1);
UPDATE `bv_updation` SET left_carry = left_carry+50, total_left = total_left+50
WHERE `user_id` = 'MVNGHY';
INSERT INTO `placement_bv_update_history` (`left_carry`, `date`, `from_id`, `user_id`) VALUES ('50', '2024-10-01 16:05:16', 'AXIXU1', 'MVNGHY');
INSERT INTO `matrix_filling` (`placement_id`, `downline_id`, `level`, `matrix`) VALUES ('F3GYJM', 'AXIXU1', 10, 1);
UPDATE `bv_updation` SET left_carry = left_carry+50, total_left = total_left+50
WHERE `user_id` = 'F3GYJM';
INSERT INTO `placement_bv_update_history` (`left_carry`, `date`, `from_id`, `user_id`) VALUES ('50', '2024-10-01 16:05:16', 'AXIXU1', 'F3GYJM');
INSERT INTO `matrix_filling` (`placement_id`, `downline_id`, `level`, `matrix`) VALUES ('GUATOU', 'AXIXU1', 11, 1);
UPDATE `bv_updation` SET left_carry = left_carry+50, total_left = total_left+50
WHERE `user_id` = 'GUATOU';
INSERT INTO `placement_bv_update_history` (`left_carry`, `date`, `from_id`, `user_id`) VALUES ('50', '2024-10-01 16:05:16', 'AXIXU1', 'GUATOU');
INSERT INTO `matrix_filling` (`placement_id`, `downline_id`, `level`, `matrix`) VALUES ('CROSFL', 'AXIXU1', 12, 1);
UPDATE `bv_updation` SET left_carry = left_carry+50, total_left = total_left+50
WHERE `user_id` = 'CROSFL';
INSERT INTO `placement_bv_update_history` (`left_carry`, `date`, `from_id`, `user_id`) VALUES ('50', '2024-10-01 16:05:16', 'AXIXU1', 'CROSFL');
INSERT INTO `matrix_filling` (`placement_id`, `downline_id`, `level`, `matrix`) VALUES ('PYXY11', 'AXIXU1', 13, 1);
UPDATE `bv_updation` SET left_carry = left_carry+50, total_left = total_left+50
WHERE `user_id` = 'PYXY11';
INSERT INTO `placement_bv_update_history` (`left_carry`, `date`, `from_id`, `user_id`) VALUES ('50', '2024-10-01 16:05:16', 'AXIXU1', 'PYXY11');
INSERT INTO `matrix_filling` (`placement_id`, `downline_id`, `level`, `matrix`) VALUES ('JNECOA', 'AXIXU1', 14, 1);
UPDATE `bv_updation` SET left_carry = left_carry+50, total_left = total_left+50
WHERE `user_id` = 'JNECOA';
INSERT INTO `placement_bv_update_history` (`left_carry`, `date`, `from_id`, `user_id`) VALUES ('50', '2024-10-01 16:05:16', 'AXIXU1', 'JNECOA');
INSERT INTO `matrix_filling` (`placement_id`, `downline_id`, `level`, `matrix`) VALUES ('CRI9BY', 'AXIXU1', 15, 1);
UPDATE `bv_updation` SET left_carry = left_carry+50, total_left = total_left+50
WHERE `user_id` = 'CRI9BY';
INSERT INTO `placement_bv_update_history` (`left_carry`, `date`, `from_id`, `user_id`) VALUES ('50', '2024-10-01 16:05:16', 'AXIXU1', 'CRI9BY');
INSERT INTO `matrix_filling` (`placement_id`, `downline_id`, `level`, `matrix`) VALUES ('7V6VUQ', 'AXIXU1', 16, 1);
UPDATE `bv_updation` SET left_carry = left_carry+50, total_left = total_left+50
WHERE `user_id` = '7V6VUQ';
INSERT INTO `placement_bv_update_history` (`left_carry`, `date`, `from_id`, `user_id`) VALUES ('50', '2024-10-01 16:05:16', 'AXIXU1', '7V6VUQ');
INSERT INTO `matrix_filling` (`placement_id`, `downline_id`, `level`, `matrix`) VALUES ('GQQ5UD', 'AXIXU1', 17, 1);
UPDATE `bv_updation` SET left_carry = left_carry+50, total_left = total_left+50
WHERE `user_id` = 'GQQ5UD';
INSERT INTO `placement_bv_update_history` (`left_carry`, `date`, `from_id`, `user_id`) VALUES ('50', '2024-10-01 16:05:16', 'AXIXU1', 'GQQ5UD');
INSERT INTO `matrix_filling` (`placement_id`, `downline_id`, `level`, `matrix`) VALUES ('UQ1HCP', 'AXIXU1', 18, 1);
UPDATE `bv_updation` SET left_carry = left_carry+50, total_left = total_left+50
WHERE `user_id` = 'UQ1HCP';
INSERT INTO `placement_bv_update_history` (`left_carry`, `date`, `from_id`, `user_id`) VALUES ('50', '2024-10-01 16:05:16', 'AXIXU1', 'UQ1HCP');
INSERT INTO `matrix_filling` (`placement_id`, `downline_id`, `level`, `matrix`) VALUES ('ZRNR5B', 'AXIXU1', 19, 1);
UPDATE `bv_updation` SET left_carry = left_carry+50, total_left = total_left+50
WHERE `user_id` = 'ZRNR5B';
INSERT INTO `placement_bv_update_history` (`left_carry`, `date`, `from_id`, `user_id`) VALUES ('50', '2024-10-01 16:05:16', 'AXIXU1', 'ZRNR5B');
INSERT INTO `matrix_filling` (`placement_id`, `downline_id`, `level`, `matrix`) VALUES ('39X7VR', 'AXIXU1', 20, 1);
UPDATE `bv_updation` SET left_carry = left_carry+50, total_left = total_left+50
WHERE `user_id` = '39X7VR';
INSERT INTO `placement_bv_update_history` (`left_carry`, `date`, `from_id`, `user_id`) VALUES ('50', '2024-10-01 16:05:16', 'AXIXU1', '39X7VR');
INSERT INTO `matrix_filling` (`placement_id`, `downline_id`, `level`, `matrix`) VALUES ('WR919N', 'AXIXU1', 21, 1);
UPDATE `bv_updation` SET left_carry = left_carry+50, total_left = total_left+50
WHERE `user_id` = 'WR919N';
INSERT INTO `placement_bv_update_history` (`left_carry`, `date`, `from_id`, `user_id`) VALUES ('50', '2024-10-01 16:05:16', 'AXIXU1', 'WR919N');
INSERT INTO `matrix_filling` (`placement_id`, `downline_id`, `level`, `matrix`) VALUES ('W4JUMK', 'AXIXU1', 22, 1);
UPDATE `bv_updation` SET left_carry = left_carry+50, total_left = total_left+50
WHERE `user_id` = 'W4JUMK';
INSERT INTO `placement_bv_update_history` (`left_carry`, `date`, `from_id`, `user_id`) VALUES ('50', '2024-10-01 16:05:16', 'AXIXU1', 'W4JUMK');
INSERT INTO `matrix_filling` (`placement_id`, `downline_id`, `level`, `matrix`) VALUES ('RNSU2J', 'AXIXU1', 23, 1);
UPDATE `bv_updation` SET left_carry = left_carry+50, total_left = total_left+50
WHERE `user_id` = 'RNSU2J';
INSERT INTO `placement_bv_update_history` (`left_carry`, `date`, `from_id`, `user_id`) VALUES ('50', '2024-10-01 16:05:16', 'AXIXU1', 'RNSU2J');
INSERT INTO `matrix_filling` (`placement_id`, `downline_id`, `level`, `matrix`) VALUES ('SUQ9T9', 'AXIXU1', 24, 1);
UPDATE `bv_updation` SET left_carry = left_carry+50, total_left = total_left+50
WHERE `user_id` = 'SUQ9T9';
INSERT INTO `placement_bv_update_history` (`left_carry`, `date`, `from_id`, `user_id`) VALUES ('50', '2024-10-01 16:05:16', 'AXIXU1', 'SUQ9T9');
INSERT INTO `matrix_filling` (`placement_id`, `downline_id`, `level`, `matrix`) VALUES ('VEDBAZ', 'AXIXU1', 25, 1);
UPDATE `bv_updation` SET left_carry = left_carry+50, total_left = total_left+50
WHERE `user_id` = 'VEDBAZ';
INSERT INTO `placement_bv_update_history` (`left_carry`, `date`, `from_id`, `user_id`) VALUES ('50', '2024-10-01 16:05:16', 'AXIXU1', 'VEDBAZ');
INSERT INTO `matrix_filling` (`placement_id`, `downline_id`, `level`, `matrix`) VALUES ('6FCJIY', 'AXIXU1', 26, 1);
UPDATE `bv_updation` SET left_carry = left_carry+50, total_left = total_left+50
WHERE `user_id` = '6FCJIY';
INSERT INTO `placement_bv_update_history` (`left_carry`, `date`, `from_id`, `user_id`) VALUES ('50', '2024-10-01 16:05:16', 'AXIXU1', '6FCJIY');
INSERT INTO `matrix_filling` (`placement_id`, `downline_id`, `level`, `matrix`) VALUES ('QBNA1J', 'AXIXU1', 27, 1);
UPDATE `bv_updation` SET left_carry = left_carry+50, total_left = total_left+50
WHERE `user_id` = 'QBNA1J';
INSERT INTO `placement_bv_update_history` (`left_carry`, `date`, `from_id`, `user_id`) VALUES ('50', '2024-10-01 16:05:16', 'AXIXU1', 'QBNA1J');
INSERT INTO `matrix_filling` (`placement_id`, `downline_id`, `level`, `matrix`) VALUES ('358YCY', 'AXIXU1', 28, 1);
UPDATE `bv_updation` SET left_carry = left_carry+50, total_left = total_left+50
WHERE `user_id` = '358YCY';
INSERT INTO `placement_bv_update_history` (`left_carry`, `date`, `from_id`, `user_id`) VALUES ('50', '2024-10-01 16:05:16', 'AXIXU1', '358YCY');
INSERT INTO `matrix_filling` (`placement_id`, `downline_id`, `level`, `matrix`) VALUES ('KNF698', 'AXIXU1', 29, 1);
INSERT INTO `matrix_filling` (`placement_id`, `downline_id`, `level`, `matrix`) VALUES ('P1DMND', 'AXIXU1', 30, 1);
UPDATE `bv_updation` SET left_carry = left_carry+50, total_left = total_left+50
WHERE `user_id` = 'P1DMND';
INSERT INTO `placement_bv_update_history` (`left_carry`, `date`, `from_id`, `user_id`) VALUES ('50', '2024-10-01 16:05:16', 'AXIXU1', 'P1DMND');
INSERT INTO `matrix_filling` (`placement_id`, `downline_id`, `level`, `matrix`) VALUES ('QNTB7K', 'AXIXU1', 31, 1);
UPDATE `bv_updation` SET left_carry = left_carry+50, total_left = total_left+50
WHERE `user_id` = 'QNTB7K';
INSERT INTO `placement_bv_update_history` (`left_carry`, `date`, `from_id`, `user_id`) VALUES ('50', '2024-10-01 16:05:16', 'AXIXU1', 'QNTB7K');
INSERT INTO `matrix_filling` (`placement_id`, `downline_id`, `level`, `matrix`) VALUES ('DM1Y9N', 'AXIXU1', 32, 1);
UPDATE `bv_updation` SET left_carry = left_carry+50, total_left = total_left+50
WHERE `user_id` = 'DM1Y9N';
INSERT INTO `placement_bv_update_history` (`left_carry`, `date`, `from_id`, `user_id`) VALUES ('50', '2024-10-01 16:05:16', 'AXIXU1', 'DM1Y9N');
UPDATE `bv_updation` SET sponsor_left_carry = sponsor_left_carry+50, sponsor_total_left = sponsor_total_left+50
WHERE `user_id` = 'DM1Y9N';
INSERT INTO `sponsor_bv_update_history` (`left_carry`, `date`, `user_id`) VALUES ('50', '2024-10-01 16:05:16', 'DM1Y9N');
INSERT INTO `matrix_filling` (`placement_id`, `downline_id`, `level`, `matrix`) VALUES ('A9858P', 'AXIXU1', 33, 1);
UPDATE `bv_updation` SET left_carry = left_carry+50, total_left = total_left+50
WHERE `user_id` = 'A9858P';
INSERT INTO `placement_bv_update_history` (`left_carry`, `date`, `from_id`, `user_id`) VALUES ('50', '2024-10-01 16:05:16', 'AXIXU1', 'A9858P');
INSERT INTO `matrix_filling` (`placement_id`, `downline_id`, `level`, `matrix`) VALUES ('admin', 'AXIXU1', 34, 1);
UPDATE `bv_updation` SET right_carry = right_carry+50, total_right = total_right+50
WHERE `user_id` = 'admin';
INSERT INTO `placement_bv_update_history` (`right_carry`, `date`, `from_id`, `user_id`) VALUES ('50', '2024-10-01 16:05:16', 'AXIXU1', 'admin');
INSERT INTO `package_purchase_history` (`user_id`, `package_id`, `reg_fee`, `package_name`, `monthly_fee`, `type`, `date`, `payment_option`) VALUES ('AXIXU1', '2', '595', 'Traveler Pro', '150', 'sign_up', '2024-10-01 16:05:16', 'free');
UPDATE `user_registration` SET `popup_seen` = 'yes'
WHERE `user_id` = 'DM1Y9N';
UPDATE `ci_sessions` SET `timestamp` = 1727816813, `data` = '__ci_last_regenerate|i:1727816813;id|s:4:\"2025\";user_id|s:6:\"7RY1ZP\";username|s:6:\"frank1\";sponsor_id|s:6:\"ADZTOG\";fullname|s:16:\"Francisco Prieto\";email|s:16:\"frank1@gmail.com\";phone|s:10:\"3057610606\";isLogIn|b:1;'
WHERE `id` = '45b3cbec370cb697f5496c09919afbf3b74003ec';
UPDATE `user_registration` SET `uid` = '2364', `user_id` = 'G5ZEHT', `username` = 'migdola1', `sponsor_id` = '7RY1ZP', `vacant` = 'no', `f_name` = 'Migdola', `l_name` = 'Ramirez', `address` = '6520 Kendale Lakes Dr ', `position` = 'left', `email` = 'migdola1@gmail.com', `password` = '2a149812ea3acb43f33d04eed5f0e9d1', `phone` = '3057610606', `country` = 'United States', `state` = 'Florida', `city` = 'Miami', `street` = '6520 Kendale Lakes Dr', `zip_code` = '33183', `reg_ip` = '172.70.54.75', `status` = 1, `package_id` = '2', `rank_id` = 1, `highest_rank` = 1, `cycle_rank_id` = 1, `created` = '2024-10-01 16:06:53', `subscription_date` = '2024-10-31', `google_secret` = '6HQK7B2VFRQ23BLU'
WHERE `uid` = '2364';
INSERT INTO `user_registration` (`uid`, `user_id`, `username`, `sponsor_id`, `placement_id`, `vacant`, `f_name`, `l_name`, `address`, `position`, `email`, `password`, `phone`, `reg_ip`, `status`, `created`) VALUES (NULL, 'FRGQQJ', 'ewXAjGCK', 'G5ZEHT', 'G5ZEHT', 'yes', '', '', '', 'left', '@mail.com', '', '', '', 0, '2024-10-01 16:06:53');
INSERT INTO `user_registration` (`uid`, `user_id`, `username`, `sponsor_id`, `placement_id`, `vacant`, `f_name`, `l_name`, `address`, `position`, `email`, `password`, `phone`, `reg_ip`, `status`, `created`) VALUES (NULL, 'PVVSAM', 'FSMwLWBM', 'G5ZEHT', 'G5ZEHT', 'yes', '', '', '', 'right', '@mail.com', '', '', '', 0, '2024-10-01 16:06:53');
INSERT INTO `bv_updation` (`user_id`) VALUES ('G5ZEHT');
UPDATE `user_registration` SET total_ref_count = total_ref_count+1
WHERE `user_id` = '7RY1ZP';
UPDATE `user_registration` SET total_downlines = total_downlines+1
WHERE `user_id` = 'AVXMIZ';
UPDATE `user_registration` SET left_downlines = left_downlines+1
WHERE `user_id` = 'AVXMIZ';
UPDATE `user_registration` SET total_downlines = total_downlines+1
WHERE `user_id` = 'CUQRWZ';
UPDATE `user_registration` SET left_downlines = left_downlines+1
WHERE `user_id` = 'CUQRWZ';
UPDATE `user_registration` SET total_downlines = total_downlines+1
WHERE `user_id` = '8JWYB8';
UPDATE `user_registration` SET left_downlines = left_downlines+1
WHERE `user_id` = '8JWYB8';
UPDATE `user_registration` SET total_downlines = total_downlines+1
WHERE `user_id` = 'Q8W4P6';
UPDATE `user_registration` SET left_downlines = left_downlines+1
WHERE `user_id` = 'Q8W4P6';
UPDATE `user_registration` SET total_downlines = total_downlines+1
WHERE `user_id` = 'WJR372';
UPDATE `user_registration` SET left_downlines = left_downlines+1
WHERE `user_id` = 'WJR372';
UPDATE `user_registration` SET total_downlines = total_downlines+1
WHERE `user_id` = 'YJ6OTD';
UPDATE `user_registration` SET left_downlines = left_downlines+1
WHERE `user_id` = 'YJ6OTD';
UPDATE `user_registration` SET total_downlines = total_downlines+1
WHERE `user_id` = 'F8WLAW';
UPDATE `user_registration` SET left_downlines = left_downlines+1
WHERE `user_id` = 'F8WLAW';
UPDATE `user_registration` SET total_downlines = total_downlines+1
WHERE `user_id` = '9H9OZM';
UPDATE `user_registration` SET left_downlines = left_downlines+1
WHERE `user_id` = '9H9OZM';
UPDATE `user_registration` SET total_downlines = total_downlines+1
WHERE `user_id` = 'DLP7GD';
UPDATE `user_registration` SET left_downlines = left_downlines+1
WHERE `user_id` = 'DLP7GD';
UPDATE `user_registration` SET total_downlines = total_downlines+1
WHERE `user_id` = 'VG9TO9';
UPDATE `user_registration` SET left_downlines = left_downlines+1
WHERE `user_id` = 'VG9TO9';
UPDATE `user_registration` SET total_downlines = total_downlines+1
WHERE `user_id` = 'L8R95F';
UPDATE `user_registration` SET left_downlines = left_downlines+1
WHERE `user_id` = 'L8R95F';
UPDATE `user_registration` SET total_downlines = total_downlines+1
WHERE `user_id` = 'Y9DPUD';
UPDATE `user_registration` SET left_downlines = left_downlines+1
WHERE `user_id` = 'Y9DPUD';
UPDATE `user_registration` SET total_downlines = total_downlines+1
WHERE `user_id` = '5H9TH3';
UPDATE `user_registration` SET left_downlines = left_downlines+1
WHERE `user_id` = '5H9TH3';
UPDATE `user_registration` SET total_downlines = total_downlines+1
WHERE `user_id` = 'MIT9KW';
UPDATE `user_registration` SET left_downlines = left_downlines+1
WHERE `user_id` = 'MIT9KW';
UPDATE `user_registration` SET total_downlines = total_downlines+1
WHERE `user_id` = 'IMUABZ';
UPDATE `user_registration` SET left_downlines = left_downlines+1
WHERE `user_id` = 'IMUABZ';
UPDATE `user_registration` SET total_downlines = total_downlines+1
WHERE `user_id` = 'G54QC4';
UPDATE `user_registration` SET left_downlines = left_downlines+1
WHERE `user_id` = 'G54QC4';
UPDATE `user_registration` SET total_downlines = total_downlines+1
WHERE `user_id` = '9JPZJL';
UPDATE `user_registration` SET left_downlines = left_downlines+1
WHERE `user_id` = '9JPZJL';
UPDATE `user_registration` SET total_downlines = total_downlines+1
WHERE `user_id` = 'E3PPZ3';
UPDATE `user_registration` SET left_downlines = left_downlines+1
WHERE `user_id` = 'E3PPZ3';
UPDATE `user_registration` SET total_downlines = total_downlines+1
WHERE `user_id` = '7RY1ZP';
UPDATE `user_registration` SET left_downlines = left_downlines+1
WHERE `user_id` = '7RY1ZP';
UPDATE `user_registration` SET left_ref_count = left_ref_count+1
WHERE `user_id` = '7RY1ZP';
UPDATE `user_registration` SET active_left = active_left+1
WHERE `user_id` = '7RY1ZP';
UPDATE `user_registration` SET total_downlines = total_downlines+1
WHERE `user_id` = 'ADZTOG';
UPDATE `user_registration` SET right_downlines = right_downlines+1
WHERE `user_id` = 'ADZTOG';
UPDATE `user_registration` SET total_downlines = total_downlines+1
WHERE `user_id` = 'A9858P';
UPDATE `user_registration` SET right_downlines = right_downlines+1
WHERE `user_id` = 'A9858P';
UPDATE `user_registration` SET total_downlines = total_downlines+1
WHERE `user_id` = 'admin';
UPDATE `user_registration` SET right_downlines = right_downlines+1
WHERE `user_id` = 'admin';
INSERT INTO `investment` (`invest_date`, `user_id`, `type`, `amount`, `package_id`) VALUES ('2024-10-01 16:06:53', 'G5ZEHT', 'register', '595', '2');
INSERT INTO `earnings` (`user_id`, `Purchaser_id`, `earning_type`, `package_id`, `amount`, `date`, `comments`, `invest_amount`, `comm_perc`, `level`, `rank_id`, `order_id`) VALUES ('7RY1ZP', 'G5ZEHT', 'Direct Referral Bonus', '2', '100', '2024-10-01 16:06:53', 'Direct Referral Bonus', 0, 0, 1, '', 179);
UPDATE `user_registration` SET commission_balance = ROUND(commission_balance + 100,2)
WHERE `user_id` = '7RY1ZP';
UPDATE `user_registration` SET referral_bonus = ROUND(referral_bonus + 100,2)
WHERE `user_id` = '7RY1ZP';
INSERT INTO `earnings` (`user_id`, `Purchaser_id`, `earning_type`, `package_id`, `amount`, `date`, `comments`, `invest_amount`, `comm_perc`, `level`, `rank_id`, `order_id`) VALUES ('A9858P', 'G5ZEHT', 'Expansion Bonus', '2', 100, '2024-10-01 16:06:53', 'Expansion Bonus', '100', 0, 1, '', 179);
UPDATE `user_registration` SET commission_balance = ROUND(commission_balance + 100,2)
WHERE `user_id` = 'A9858P';
UPDATE `user_registration` SET expansion_bonus = ROUND(expansion_bonus + 100,2)
WHERE `user_id` = 'A9858P';
INSERT INTO `matrix_filling` (`placement_id`, `downline_id`, `level`, `matrix`) VALUES ('AVXMIZ', 'G5ZEHT', 1, 1);
UPDATE `bv_updation` SET left_carry = left_carry+50, total_left = total_left+50
WHERE `user_id` = 'AVXMIZ';
INSERT INTO `placement_bv_update_history` (`left_carry`, `date`, `from_id`, `user_id`) VALUES ('50', '2024-10-01 16:06:53', 'G5ZEHT', 'AVXMIZ');
INSERT INTO `matrix_filling` (`placement_id`, `downline_id`, `level`, `matrix`) VALUES ('CUQRWZ', 'G5ZEHT', 2, 1);
UPDATE `bv_updation` SET left_carry = left_carry+50, total_left = total_left+50
WHERE `user_id` = 'CUQRWZ';
INSERT INTO `placement_bv_update_history` (`left_carry`, `date`, `from_id`, `user_id`) VALUES ('50', '2024-10-01 16:06:53', 'G5ZEHT', 'CUQRWZ');
INSERT INTO `matrix_filling` (`placement_id`, `downline_id`, `level`, `matrix`) VALUES ('8JWYB8', 'G5ZEHT', 3, 1);
UPDATE `bv_updation` SET left_carry = left_carry+50, total_left = total_left+50
WHERE `user_id` = '8JWYB8';
INSERT INTO `placement_bv_update_history` (`left_carry`, `date`, `from_id`, `user_id`) VALUES ('50', '2024-10-01 16:06:53', 'G5ZEHT', '8JWYB8');
INSERT INTO `matrix_filling` (`placement_id`, `downline_id`, `level`, `matrix`) VALUES ('Q8W4P6', 'G5ZEHT', 4, 1);
UPDATE `bv_updation` SET left_carry = left_carry+50, total_left = total_left+50
WHERE `user_id` = 'Q8W4P6';
INSERT INTO `placement_bv_update_history` (`left_carry`, `date`, `from_id`, `user_id`) VALUES ('50', '2024-10-01 16:06:53', 'G5ZEHT', 'Q8W4P6');
INSERT INTO `matrix_filling` (`placement_id`, `downline_id`, `level`, `matrix`) VALUES ('WJR372', 'G5ZEHT', 5, 1);
UPDATE `bv_updation` SET left_carry = left_carry+50, total_left = total_left+50
WHERE `user_id` = 'WJR372';
INSERT INTO `placement_bv_update_history` (`left_carry`, `date`, `from_id`, `user_id`) VALUES ('50', '2024-10-01 16:06:53', 'G5ZEHT', 'WJR372');
INSERT INTO `matrix_filling` (`placement_id`, `downline_id`, `level`, `matrix`) VALUES ('YJ6OTD', 'G5ZEHT', 6, 1);
UPDATE `bv_updation` SET left_carry = left_carry+50, total_left = total_left+50
WHERE `user_id` = 'YJ6OTD';
INSERT INTO `placement_bv_update_history` (`left_carry`, `date`, `from_id`, `user_id`) VALUES ('50', '2024-10-01 16:06:53', 'G5ZEHT', 'YJ6OTD');
INSERT INTO `matrix_filling` (`placement_id`, `downline_id`, `level`, `matrix`) VALUES ('F8WLAW', 'G5ZEHT', 7, 1);
UPDATE `bv_updation` SET left_carry = left_carry+50, total_left = total_left+50
WHERE `user_id` = 'F8WLAW';
INSERT INTO `placement_bv_update_history` (`left_carry`, `date`, `from_id`, `user_id`) VALUES ('50', '2024-10-01 16:06:53', 'G5ZEHT', 'F8WLAW');
INSERT INTO `matrix_filling` (`placement_id`, `downline_id`, `level`, `matrix`) VALUES ('9H9OZM', 'G5ZEHT', 8, 1);
UPDATE `bv_updation` SET left_carry = left_carry+50, total_left = total_left+50
WHERE `user_id` = '9H9OZM';
INSERT INTO `placement_bv_update_history` (`left_carry`, `date`, `from_id`, `user_id`) VALUES ('50', '2024-10-01 16:06:53', 'G5ZEHT', '9H9OZM');
INSERT INTO `matrix_filling` (`placement_id`, `downline_id`, `level`, `matrix`) VALUES ('DLP7GD', 'G5ZEHT', 9, 1);
UPDATE `bv_updation` SET left_carry = left_carry+50, total_left = total_left+50
WHERE `user_id` = 'DLP7GD';
INSERT INTO `placement_bv_update_history` (`left_carry`, `date`, `from_id`, `user_id`) VALUES ('50', '2024-10-01 16:06:53', 'G5ZEHT', 'DLP7GD');
INSERT INTO `matrix_filling` (`placement_id`, `downline_id`, `level`, `matrix`) VALUES ('VG9TO9', 'G5ZEHT', 10, 1);
UPDATE `bv_updation` SET left_carry = left_carry+50, total_left = total_left+50
WHERE `user_id` = 'VG9TO9';
INSERT INTO `placement_bv_update_history` (`left_carry`, `date`, `from_id`, `user_id`) VALUES ('50', '2024-10-01 16:06:53', 'G5ZEHT', 'VG9TO9');
INSERT INTO `matrix_filling` (`placement_id`, `downline_id`, `level`, `matrix`) VALUES ('L8R95F', 'G5ZEHT', 11, 1);
UPDATE `bv_updation` SET left_carry = left_carry+50, total_left = total_left+50
WHERE `user_id` = 'L8R95F';
INSERT INTO `placement_bv_update_history` (`left_carry`, `date`, `from_id`, `user_id`) VALUES ('50', '2024-10-01 16:06:53', 'G5ZEHT', 'L8R95F');
INSERT INTO `matrix_filling` (`placement_id`, `downline_id`, `level`, `matrix`) VALUES ('Y9DPUD', 'G5ZEHT', 12, 1);
UPDATE `bv_updation` SET left_carry = left_carry+50, total_left = total_left+50
WHERE `user_id` = 'Y9DPUD';
INSERT INTO `placement_bv_update_history` (`left_carry`, `date`, `from_id`, `user_id`) VALUES ('50', '2024-10-01 16:06:53', 'G5ZEHT', 'Y9DPUD');
INSERT INTO `matrix_filling` (`placement_id`, `downline_id`, `level`, `matrix`) VALUES ('5H9TH3', 'G5ZEHT', 13, 1);
UPDATE `bv_updation` SET left_carry = left_carry+50, total_left = total_left+50
WHERE `user_id` = '5H9TH3';
INSERT INTO `placement_bv_update_history` (`left_carry`, `date`, `from_id`, `user_id`) VALUES ('50', '2024-10-01 16:06:53', 'G5ZEHT', '5H9TH3');
INSERT INTO `matrix_filling` (`placement_id`, `downline_id`, `level`, `matrix`) VALUES ('MIT9KW', 'G5ZEHT', 14, 1);
UPDATE `bv_updation` SET left_carry = left_carry+50, total_left = total_left+50
WHERE `user_id` = 'MIT9KW';
INSERT INTO `placement_bv_update_history` (`left_carry`, `date`, `from_id`, `user_id`) VALUES ('50', '2024-10-01 16:06:53', 'G5ZEHT', 'MIT9KW');
INSERT INTO `matrix_filling` (`placement_id`, `downline_id`, `level`, `matrix`) VALUES ('IMUABZ', 'G5ZEHT', 15, 1);
UPDATE `bv_updation` SET left_carry = left_carry+50, total_left = total_left+50
WHERE `user_id` = 'IMUABZ';
INSERT INTO `placement_bv_update_history` (`left_carry`, `date`, `from_id`, `user_id`) VALUES ('50', '2024-10-01 16:06:53', 'G5ZEHT', 'IMUABZ');
INSERT INTO `matrix_filling` (`placement_id`, `downline_id`, `level`, `matrix`) VALUES ('G54QC4', 'G5ZEHT', 16, 1);
UPDATE `bv_updation` SET left_carry = left_carry+50, total_left = total_left+50
WHERE `user_id` = 'G54QC4';
INSERT INTO `placement_bv_update_history` (`left_carry`, `date`, `from_id`, `user_id`) VALUES ('50', '2024-10-01 16:06:53', 'G5ZEHT', 'G54QC4');
INSERT INTO `matrix_filling` (`placement_id`, `downline_id`, `level`, `matrix`) VALUES ('9JPZJL', 'G5ZEHT', 17, 1);
UPDATE `bv_updation` SET left_carry = left_carry+50, total_left = total_left+50
WHERE `user_id` = '9JPZJL';
INSERT INTO `placement_bv_update_history` (`left_carry`, `date`, `from_id`, `user_id`) VALUES ('50', '2024-10-01 16:06:53', 'G5ZEHT', '9JPZJL');
INSERT INTO `matrix_filling` (`placement_id`, `downline_id`, `level`, `matrix`) VALUES ('E3PPZ3', 'G5ZEHT', 18, 1);
UPDATE `bv_updation` SET left_carry = left_carry+50, total_left = total_left+50
WHERE `user_id` = 'E3PPZ3';
INSERT INTO `placement_bv_update_history` (`left_carry`, `date`, `from_id`, `user_id`) VALUES ('50', '2024-10-01 16:06:53', 'G5ZEHT', 'E3PPZ3');
INSERT INTO `matrix_filling` (`placement_id`, `downline_id`, `level`, `matrix`) VALUES ('7RY1ZP', 'G5ZEHT', 19, 1);
UPDATE `bv_updation` SET left_carry = left_carry+50, total_left = total_left+50
WHERE `user_id` = '7RY1ZP';
INSERT INTO `placement_bv_update_history` (`left_carry`, `date`, `from_id`, `user_id`) VALUES ('50', '2024-10-01 16:06:53', 'G5ZEHT', '7RY1ZP');
UPDATE `bv_updation` SET sponsor_left_carry = sponsor_left_carry+50, sponsor_total_left = sponsor_total_left+50
WHERE `user_id` = '7RY1ZP';
INSERT INTO `sponsor_bv_update_history` (`left_carry`, `date`, `user_id`) VALUES ('50', '2024-10-01 16:06:53', '7RY1ZP');
INSERT INTO `matrix_filling` (`placement_id`, `downline_id`, `level`, `matrix`) VALUES ('ADZTOG', 'G5ZEHT', 20, 1);
UPDATE `bv_updation` SET right_carry = right_carry+50, total_right = total_right+50
WHERE `user_id` = 'ADZTOG';
INSERT INTO `placement_bv_update_history` (`right_carry`, `date`, `from_id`, `user_id`) VALUES ('50', '2024-10-01 16:06:53', 'G5ZEHT', 'ADZTOG');
INSERT INTO `matrix_filling` (`placement_id`, `downline_id`, `level`, `matrix`) VALUES ('A9858P', 'G5ZEHT', 21, 1);
UPDATE `bv_updation` SET right_carry = right_carry+50, total_right = total_right+50
WHERE `user_id` = 'A9858P';
INSERT INTO `placement_bv_update_history` (`right_carry`, `date`, `from_id`, `user_id`) VALUES ('50', '2024-10-01 16:06:53', 'G5ZEHT', 'A9858P');
INSERT INTO `matrix_filling` (`placement_id`, `downline_id`, `level`, `matrix`) VALUES ('admin', 'G5ZEHT', 22, 1);
UPDATE `bv_updation` SET right_carry = right_carry+50, total_right = total_right+50
WHERE `user_id` = 'admin';
INSERT INTO `placement_bv_update_history` (`right_carry`, `date`, `from_id`, `user_id`) VALUES ('50', '2024-10-01 16:06:53', 'G5ZEHT', 'admin');
INSERT INTO `package_purchase_history` (`user_id`, `package_id`, `reg_fee`, `package_name`, `monthly_fee`, `type`, `date`, `payment_option`) VALUES ('G5ZEHT', '2', '595', 'Traveler Pro', '150', 'sign_up', '2024-10-01 16:06:53', 'free');
UPDATE `user_registration` SET `popup_seen` = 'no'
WHERE `user_id` = 'DM1Y9N';
DELETE FROM `ci_sessions`
WHERE `id` = 'f9edd7ac48db715c30d89fb0ee487f81d87ab621';
INSERT INTO `login_history` (`user_id`, `device`, `ip_address`, `date`) VALUES ('A9858P', 'Mozilla/5.0 (Windows NT 10.0; Win64; x64) AppleWebKit/537.36 (KHTML, like Gecko) Chrome/128.0.0.0 Safari/537.36', '172.70.82.94', '24-10-01 16:07');
UPDATE `user_registration` SET `popup_seen` = 'yes'
WHERE `user_id` = 'A9858P';
UPDATE `user_registration` SET `uid` = '2368', `user_id` = 'Z1I4TX', `username` = 'elpidio1', `sponsor_id` = '7RY1ZP', `vacant` = 'no', `f_name` = 'Elpidio', `l_name` = 'Valdés', `address` = '6520 Kendale Lakes Dr ', `position` = 'left', `email` = 'elpidio1@gmail.com', `password` = '4e8daf04b1b0056ba62bc9df323f3873', `phone` = '3057610606', `country` = 'United States', `state` = 'Florida', `city` = 'Miami', `street` = '6520 Kendale Lakes Dr', `zip_code` = '33183', `reg_ip` = '172.70.254.164', `status` = 1, `package_id` = '2', `rank_id` = 1, `highest_rank` = 1, `cycle_rank_id` = 1, `created` = '2024-10-01 16:08:08', `subscription_date` = '2024-10-31', `google_secret` = 'ANWTQM3GPSKVUU2Y'
WHERE `uid` = '2368';
INSERT INTO `user_registration` (`uid`, `user_id`, `username`, `sponsor_id`, `placement_id`, `vacant`, `f_name`, `l_name`, `address`, `position`, `email`, `password`, `phone`, `reg_ip`, `status`, `created`) VALUES (NULL, 'BHRTEH', 'ZwowFvBi', 'Z1I4TX', 'Z1I4TX', 'yes', '', '', '', 'left', '@mail.com', '', '', '', 0, '2024-10-01 16:08:08');
INSERT INTO `user_registration` (`uid`, `user_id`, `username`, `sponsor_id`, `placement_id`, `vacant`, `f_name`, `l_name`, `address`, `position`, `email`, `password`, `phone`, `reg_ip`, `status`, `created`) VALUES (NULL, 'CGRDOP', 'NOsNIuaG', 'Z1I4TX', 'Z1I4TX', 'yes', '', '', '', 'right', '@mail.com', '', '', '', 0, '2024-10-01 16:08:08');
INSERT INTO `bv_updation` (`user_id`) VALUES ('Z1I4TX');
UPDATE `user_registration` SET total_ref_count = total_ref_count+1
WHERE `user_id` = '7RY1ZP';
UPDATE `user_registration` SET total_downlines = total_downlines+1
WHERE `user_id` = 'G5ZEHT';
UPDATE `user_registration` SET left_downlines = left_downlines+1
WHERE `user_id` = 'G5ZEHT';
UPDATE `user_registration` SET total_downlines = total_downlines+1
WHERE `user_id` = 'AVXMIZ';
UPDATE `user_registration` SET left_downlines = left_downlines+1
WHERE `user_id` = 'AVXMIZ';
UPDATE `user_registration` SET total_downlines = total_downlines+1
WHERE `user_id` = 'CUQRWZ';
UPDATE `user_registration` SET left_downlines = left_downlines+1
WHERE `user_id` = 'CUQRWZ';
UPDATE `user_registration` SET total_downlines = total_downlines+1
WHERE `user_id` = '8JWYB8';
UPDATE `user_registration` SET left_downlines = left_downlines+1
WHERE `user_id` = '8JWYB8';
UPDATE `user_registration` SET total_downlines = total_downlines+1
WHERE `user_id` = 'Q8W4P6';
UPDATE `user_registration` SET left_downlines = left_downlines+1
WHERE `user_id` = 'Q8W4P6';
UPDATE `user_registration` SET total_downlines = total_downlines+1
WHERE `user_id` = 'WJR372';
UPDATE `user_registration` SET left_downlines = left_downlines+1
WHERE `user_id` = 'WJR372';
UPDATE `user_registration` SET total_downlines = total_downlines+1
WHERE `user_id` = 'YJ6OTD';
UPDATE `user_registration` SET left_downlines = left_downlines+1
WHERE `user_id` = 'YJ6OTD';
UPDATE `user_registration` SET total_downlines = total_downlines+1
WHERE `user_id` = 'F8WLAW';
UPDATE `user_registration` SET left_downlines = left_downlines+1
WHERE `user_id` = 'F8WLAW';
UPDATE `user_registration` SET total_downlines = total_downlines+1
WHERE `user_id` = '9H9OZM';
UPDATE `user_registration` SET left_downlines = left_downlines+1
WHERE `user_id` = '9H9OZM';
UPDATE `user_registration` SET total_downlines = total_downlines+1
WHERE `user_id` = 'DLP7GD';
UPDATE `user_registration` SET left_downlines = left_downlines+1
WHERE `user_id` = 'DLP7GD';
UPDATE `user_registration` SET total_downlines = total_downlines+1
WHERE `user_id` = 'VG9TO9';
UPDATE `user_registration` SET left_downlines = left_downlines+1
WHERE `user_id` = 'VG9TO9';
UPDATE `user_registration` SET total_downlines = total_downlines+1
WHERE `user_id` = 'L8R95F';
UPDATE `user_registration` SET left_downlines = left_downlines+1
WHERE `user_id` = 'L8R95F';
UPDATE `user_registration` SET total_downlines = total_downlines+1
WHERE `user_id` = 'Y9DPUD';
UPDATE `user_registration` SET left_downlines = left_downlines+1
WHERE `user_id` = 'Y9DPUD';
UPDATE `user_registration` SET total_downlines = total_downlines+1
WHERE `user_id` = '5H9TH3';
UPDATE `user_registration` SET left_downlines = left_downlines+1
WHERE `user_id` = '5H9TH3';
UPDATE `user_registration` SET total_downlines = total_downlines+1
WHERE `user_id` = 'MIT9KW';
UPDATE `user_registration` SET left_downlines = left_downlines+1
WHERE `user_id` = 'MIT9KW';
UPDATE `user_registration` SET total_downlines = total_downlines+1
WHERE `user_id` = 'IMUABZ';
UPDATE `user_registration` SET left_downlines = left_downlines+1
WHERE `user_id` = 'IMUABZ';
UPDATE `user_registration` SET total_downlines = total_downlines+1
WHERE `user_id` = 'G54QC4';
UPDATE `user_registration` SET left_downlines = left_downlines+1
WHERE `user_id` = 'G54QC4';
UPDATE `user_registration` SET total_downlines = total_downlines+1
WHERE `user_id` = '9JPZJL';
UPDATE `user_registration` SET left_downlines = left_downlines+1
WHERE `user_id` = '9JPZJL';
UPDATE `user_registration` SET total_downlines = total_downlines+1
WHERE `user_id` = 'E3PPZ3';
UPDATE `user_registration` SET left_downlines = left_downlines+1
WHERE `user_id` = 'E3PPZ3';
UPDATE `user_registration` SET total_downlines = total_downlines+1
WHERE `user_id` = '7RY1ZP';
UPDATE `user_registration` SET left_downlines = left_downlines+1
WHERE `user_id` = '7RY1ZP';
UPDATE `user_registration` SET left_ref_count = left_ref_count+1
WHERE `user_id` = '7RY1ZP';
UPDATE `user_registration` SET active_left = active_left+1
WHERE `user_id` = '7RY1ZP';
UPDATE `user_registration` SET total_downlines = total_downlines+1
WHERE `user_id` = 'ADZTOG';
UPDATE `user_registration` SET right_downlines = right_downlines+1
WHERE `user_id` = 'ADZTOG';
UPDATE `user_registration` SET total_downlines = total_downlines+1
WHERE `user_id` = 'A9858P';
UPDATE `user_registration` SET right_downlines = right_downlines+1
WHERE `user_id` = 'A9858P';
UPDATE `user_registration` SET total_downlines = total_downlines+1
WHERE `user_id` = 'admin';
UPDATE `user_registration` SET right_downlines = right_downlines+1
WHERE `user_id` = 'admin';
INSERT INTO `investment` (`invest_date`, `user_id`, `type`, `amount`, `package_id`) VALUES ('2024-10-01 16:08:08', 'Z1I4TX', 'register', '595', '2');
INSERT INTO `earnings` (`user_id`, `Purchaser_id`, `earning_type`, `package_id`, `amount`, `date`, `comments`, `invest_amount`, `comm_perc`, `level`, `rank_id`, `order_id`) VALUES ('7RY1ZP', 'Z1I4TX', 'Direct Referral Bonus', '2', '100', '2024-10-01 16:08:08', 'Direct Referral Bonus', 0, 0, 1, '', 180);
UPDATE `user_registration` SET commission_balance = ROUND(commission_balance + 100,2)
WHERE `user_id` = '7RY1ZP';
UPDATE `user_registration` SET referral_bonus = ROUND(referral_bonus + 100,2)
WHERE `user_id` = '7RY1ZP';
INSERT INTO `earnings` (`user_id`, `Purchaser_id`, `earning_type`, `package_id`, `amount`, `date`, `comments`, `invest_amount`, `comm_perc`, `level`, `rank_id`, `order_id`) VALUES ('A9858P', 'Z1I4TX', 'Expansion Bonus', '2', 100, '2024-10-01 16:08:08', 'Expansion Bonus', '100', 0, 1, '', 180);
UPDATE `user_registration` SET commission_balance = ROUND(commission_balance + 100,2)
WHERE `user_id` = 'A9858P';
UPDATE `user_registration` SET expansion_bonus = ROUND(expansion_bonus + 100,2)
WHERE `user_id` = 'A9858P';
INSERT INTO `matrix_filling` (`placement_id`, `downline_id`, `level`, `matrix`) VALUES ('G5ZEHT', 'Z1I4TX', 1, 1);
UPDATE `bv_updation` SET left_carry = left_carry+50, total_left = total_left+50
WHERE `user_id` = 'G5ZEHT';
INSERT INTO `placement_bv_update_history` (`left_carry`, `date`, `from_id`, `user_id`) VALUES ('50', '2024-10-01 16:08:08', 'Z1I4TX', 'G5ZEHT');
INSERT INTO `matrix_filling` (`placement_id`, `downline_id`, `level`, `matrix`) VALUES ('AVXMIZ', 'Z1I4TX', 2, 1);
UPDATE `bv_updation` SET left_carry = left_carry+50, total_left = total_left+50
WHERE `user_id` = 'AVXMIZ';
INSERT INTO `placement_bv_update_history` (`left_carry`, `date`, `from_id`, `user_id`) VALUES ('50', '2024-10-01 16:08:08', 'Z1I4TX', 'AVXMIZ');
INSERT INTO `matrix_filling` (`placement_id`, `downline_id`, `level`, `matrix`) VALUES ('CUQRWZ', 'Z1I4TX', 3, 1);
UPDATE `bv_updation` SET left_carry = left_carry+50, total_left = total_left+50
WHERE `user_id` = 'CUQRWZ';
INSERT INTO `placement_bv_update_history` (`left_carry`, `date`, `from_id`, `user_id`) VALUES ('50', '2024-10-01 16:08:08', 'Z1I4TX', 'CUQRWZ');
INSERT INTO `matrix_filling` (`placement_id`, `downline_id`, `level`, `matrix`) VALUES ('8JWYB8', 'Z1I4TX', 4, 1);
UPDATE `bv_updation` SET left_carry = left_carry+50, total_left = total_left+50
WHERE `user_id` = '8JWYB8';
INSERT INTO `placement_bv_update_history` (`left_carry`, `date`, `from_id`, `user_id`) VALUES ('50', '2024-10-01 16:08:08', 'Z1I4TX', '8JWYB8');
INSERT INTO `matrix_filling` (`placement_id`, `downline_id`, `level`, `matrix`) VALUES ('Q8W4P6', 'Z1I4TX', 5, 1);
UPDATE `bv_updation` SET left_carry = left_carry+50, total_left = total_left+50
WHERE `user_id` = 'Q8W4P6';
INSERT INTO `placement_bv_update_history` (`left_carry`, `date`, `from_id`, `user_id`) VALUES ('50', '2024-10-01 16:08:08', 'Z1I4TX', 'Q8W4P6');
INSERT INTO `matrix_filling` (`placement_id`, `downline_id`, `level`, `matrix`) VALUES ('WJR372', 'Z1I4TX', 6, 1);
UPDATE `bv_updation` SET left_carry = left_carry+50, total_left = total_left+50
WHERE `user_id` = 'WJR372';
INSERT INTO `placement_bv_update_history` (`left_carry`, `date`, `from_id`, `user_id`) VALUES ('50', '2024-10-01 16:08:08', 'Z1I4TX', 'WJR372');
INSERT INTO `matrix_filling` (`placement_id`, `downline_id`, `level`, `matrix`) VALUES ('YJ6OTD', 'Z1I4TX', 7, 1);
UPDATE `bv_updation` SET left_carry = left_carry+50, total_left = total_left+50
WHERE `user_id` = 'YJ6OTD';
INSERT INTO `placement_bv_update_history` (`left_carry`, `date`, `from_id`, `user_id`) VALUES ('50', '2024-10-01 16:08:08', 'Z1I4TX', 'YJ6OTD');
INSERT INTO `matrix_filling` (`placement_id`, `downline_id`, `level`, `matrix`) VALUES ('F8WLAW', 'Z1I4TX', 8, 1);
UPDATE `bv_updation` SET left_carry = left_carry+50, total_left = total_left+50
WHERE `user_id` = 'F8WLAW';
INSERT INTO `placement_bv_update_history` (`left_carry`, `date`, `from_id`, `user_id`) VALUES ('50', '2024-10-01 16:08:08', 'Z1I4TX', 'F8WLAW');
INSERT INTO `matrix_filling` (`placement_id`, `downline_id`, `level`, `matrix`) VALUES ('9H9OZM', 'Z1I4TX', 9, 1);
UPDATE `bv_updation` SET left_carry = left_carry+50, total_left = total_left+50
WHERE `user_id` = '9H9OZM';
INSERT INTO `placement_bv_update_history` (`left_carry`, `date`, `from_id`, `user_id`) VALUES ('50', '2024-10-01 16:08:08', 'Z1I4TX', '9H9OZM');
INSERT INTO `matrix_filling` (`placement_id`, `downline_id`, `level`, `matrix`) VALUES ('DLP7GD', 'Z1I4TX', 10, 1);
UPDATE `bv_updation` SET left_carry = left_carry+50, total_left = total_left+50
WHERE `user_id` = 'DLP7GD';
INSERT INTO `placement_bv_update_history` (`left_carry`, `date`, `from_id`, `user_id`) VALUES ('50', '2024-10-01 16:08:08', 'Z1I4TX', 'DLP7GD');
INSERT INTO `matrix_filling` (`placement_id`, `downline_id`, `level`, `matrix`) VALUES ('VG9TO9', 'Z1I4TX', 11, 1);
UPDATE `bv_updation` SET left_carry = left_carry+50, total_left = total_left+50
WHERE `user_id` = 'VG9TO9';
INSERT INTO `placement_bv_update_history` (`left_carry`, `date`, `from_id`, `user_id`) VALUES ('50', '2024-10-01 16:08:08', 'Z1I4TX', 'VG9TO9');
INSERT INTO `matrix_filling` (`placement_id`, `downline_id`, `level`, `matrix`) VALUES ('L8R95F', 'Z1I4TX', 12, 1);
UPDATE `bv_updation` SET left_carry = left_carry+50, total_left = total_left+50
WHERE `user_id` = 'L8R95F';
INSERT INTO `placement_bv_update_history` (`left_carry`, `date`, `from_id`, `user_id`) VALUES ('50', '2024-10-01 16:08:08', 'Z1I4TX', 'L8R95F');
INSERT INTO `matrix_filling` (`placement_id`, `downline_id`, `level`, `matrix`) VALUES ('Y9DPUD', 'Z1I4TX', 13, 1);
UPDATE `bv_updation` SET left_carry = left_carry+50, total_left = total_left+50
WHERE `user_id` = 'Y9DPUD';
INSERT INTO `placement_bv_update_history` (`left_carry`, `date`, `from_id`, `user_id`) VALUES ('50', '2024-10-01 16:08:08', 'Z1I4TX', 'Y9DPUD');
INSERT INTO `matrix_filling` (`placement_id`, `downline_id`, `level`, `matrix`) VALUES ('5H9TH3', 'Z1I4TX', 14, 1);
UPDATE `bv_updation` SET left_carry = left_carry+50, total_left = total_left+50
WHERE `user_id` = '5H9TH3';
INSERT INTO `placement_bv_update_history` (`left_carry`, `date`, `from_id`, `user_id`) VALUES ('50', '2024-10-01 16:08:08', 'Z1I4TX', '5H9TH3');
INSERT INTO `matrix_filling` (`placement_id`, `downline_id`, `level`, `matrix`) VALUES ('MIT9KW', 'Z1I4TX', 15, 1);
UPDATE `bv_updation` SET left_carry = left_carry+50, total_left = total_left+50
WHERE `user_id` = 'MIT9KW';
INSERT INTO `placement_bv_update_history` (`left_carry`, `date`, `from_id`, `user_id`) VALUES ('50', '2024-10-01 16:08:08', 'Z1I4TX', 'MIT9KW');
INSERT INTO `matrix_filling` (`placement_id`, `downline_id`, `level`, `matrix`) VALUES ('IMUABZ', 'Z1I4TX', 16, 1);
UPDATE `bv_updation` SET left_carry = left_carry+50, total_left = total_left+50
WHERE `user_id` = 'IMUABZ';
INSERT INTO `placement_bv_update_history` (`left_carry`, `date`, `from_id`, `user_id`) VALUES ('50', '2024-10-01 16:08:08', 'Z1I4TX', 'IMUABZ');
INSERT INTO `matrix_filling` (`placement_id`, `downline_id`, `level`, `matrix`) VALUES ('G54QC4', 'Z1I4TX', 17, 1);
UPDATE `bv_updation` SET left_carry = left_carry+50, total_left = total_left+50
WHERE `user_id` = 'G54QC4';
INSERT INTO `placement_bv_update_history` (`left_carry`, `date`, `from_id`, `user_id`) VALUES ('50', '2024-10-01 16:08:08', 'Z1I4TX', 'G54QC4');
INSERT INTO `matrix_filling` (`placement_id`, `downline_id`, `level`, `matrix`) VALUES ('9JPZJL', 'Z1I4TX', 18, 1);
UPDATE `bv_updation` SET left_carry = left_carry+50, total_left = total_left+50
WHERE `user_id` = '9JPZJL';
INSERT INTO `placement_bv_update_history` (`left_carry`, `date`, `from_id`, `user_id`) VALUES ('50', '2024-10-01 16:08:08', 'Z1I4TX', '9JPZJL');
INSERT INTO `matrix_filling` (`placement_id`, `downline_id`, `level`, `matrix`) VALUES ('E3PPZ3', 'Z1I4TX', 19, 1);
UPDATE `bv_updation` SET left_carry = left_carry+50, total_left = total_left+50
WHERE `user_id` = 'E3PPZ3';
INSERT INTO `placement_bv_update_history` (`left_carry`, `date`, `from_id`, `user_id`) VALUES ('50', '2024-10-01 16:08:08', 'Z1I4TX', 'E3PPZ3');
INSERT INTO `matrix_filling` (`placement_id`, `downline_id`, `level`, `matrix`) VALUES ('7RY1ZP', 'Z1I4TX', 20, 1);
UPDATE `bv_updation` SET left_carry = left_carry+50, total_left = total_left+50
WHERE `user_id` = '7RY1ZP';
INSERT INTO `placement_bv_update_history` (`left_carry`, `date`, `from_id`, `user_id`) VALUES ('50', '2024-10-01 16:08:08', 'Z1I4TX', '7RY1ZP');
UPDATE `bv_updation` SET sponsor_left_carry = sponsor_left_carry+50, sponsor_total_left = sponsor_total_left+50
WHERE `user_id` = '7RY1ZP';
INSERT INTO `sponsor_bv_update_history` (`left_carry`, `date`, `user_id`) VALUES ('50', '2024-10-01 16:08:08', '7RY1ZP');
INSERT INTO `matrix_filling` (`placement_id`, `downline_id`, `level`, `matrix`) VALUES ('ADZTOG', 'Z1I4TX', 21, 1);
UPDATE `bv_updation` SET right_carry = right_carry+50, total_right = total_right+50
WHERE `user_id` = 'ADZTOG';
INSERT INTO `placement_bv_update_history` (`right_carry`, `date`, `from_id`, `user_id`) VALUES ('50', '2024-10-01 16:08:08', 'Z1I4TX', 'ADZTOG');
INSERT INTO `matrix_filling` (`placement_id`, `downline_id`, `level`, `matrix`) VALUES ('A9858P', 'Z1I4TX', 22, 1);
UPDATE `bv_updation` SET right_carry = right_carry+50, total_right = total_right+50
WHERE `user_id` = 'A9858P';
INSERT INTO `placement_bv_update_history` (`right_carry`, `date`, `from_id`, `user_id`) VALUES ('50', '2024-10-01 16:08:08', 'Z1I4TX', 'A9858P');
INSERT INTO `matrix_filling` (`placement_id`, `downline_id`, `level`, `matrix`) VALUES ('admin', 'Z1I4TX', 23, 1);
UPDATE `bv_updation` SET right_carry = right_carry+50, total_right = total_right+50
WHERE `user_id` = 'admin';
INSERT INTO `placement_bv_update_history` (`right_carry`, `date`, `from_id`, `user_id`) VALUES ('50', '2024-10-01 16:08:08', 'Z1I4TX', 'admin');
INSERT INTO `package_purchase_history` (`user_id`, `package_id`, `reg_fee`, `package_name`, `monthly_fee`, `type`, `date`, `payment_option`) VALUES ('Z1I4TX', '2', '595', 'Traveler Pro', '150', 'sign_up', '2024-10-01 16:08:08', 'free');
UPDATE `user_registration` SET `popup_seen` = 'yes'
WHERE `user_id` = 'A9858P';
UPDATE `user_registration` SET `uid` = '2370', `user_id` = 'QTPJS8', `username` = 'fidel1', `sponsor_id` = '7RY1ZP', `vacant` = 'no', `f_name` = 'Fidel', `l_name` = 'Loureiro', `address` = '6520 Kendale Lakes Dr ', `position` = 'left', `email` = 'fidel1@gmail.com', `password` = 'f152f714b7ab50bb97857d4be08d68e9', `phone` = '3057610606', `country` = 'United States', `state` = 'Florida', `city` = 'Miami', `street` = '6520 Kendale Lakes Dr', `zip_code` = '33183', `reg_ip` = '172.70.83.3', `status` = 1, `package_id` = '2', `rank_id` = 1, `highest_rank` = 1, `cycle_rank_id` = 1, `created` = '2024-10-01 16:09:34', `subscription_date` = '2024-10-31', `google_secret` = 'QX4RUCYO7RK7YKIE'
WHERE `uid` = '2370';
INSERT INTO `user_registration` (`uid`, `user_id`, `username`, `sponsor_id`, `placement_id`, `vacant`, `f_name`, `l_name`, `address`, `position`, `email`, `password`, `phone`, `reg_ip`, `status`, `created`) VALUES (NULL, 'VNTXHI', 'xllbMVJu', 'QTPJS8', 'QTPJS8', 'yes', '', '', '', 'left', '@mail.com', '', '', '', 0, '2024-10-01 16:09:34');
INSERT INTO `user_registration` (`uid`, `user_id`, `username`, `sponsor_id`, `placement_id`, `vacant`, `f_name`, `l_name`, `address`, `position`, `email`, `password`, `phone`, `reg_ip`, `status`, `created`) VALUES (NULL, 'PNKQNI', 'bSeNcFGa', 'QTPJS8', 'QTPJS8', 'yes', '', '', '', 'right', '@mail.com', '', '', '', 0, '2024-10-01 16:09:34');
INSERT INTO `bv_updation` (`user_id`) VALUES ('QTPJS8');
UPDATE `user_registration` SET total_ref_count = total_ref_count+1
WHERE `user_id` = '7RY1ZP';
UPDATE `user_registration` SET total_downlines = total_downlines+1
WHERE `user_id` = 'Z1I4TX';
UPDATE `user_registration` SET left_downlines = left_downlines+1
WHERE `user_id` = 'Z1I4TX';
UPDATE `user_registration` SET total_downlines = total_downlines+1
WHERE `user_id` = 'G5ZEHT';
UPDATE `user_registration` SET left_downlines = left_downlines+1
WHERE `user_id` = 'G5ZEHT';
UPDATE `user_registration` SET total_downlines = total_downlines+1
WHERE `user_id` = 'AVXMIZ';
UPDATE `user_registration` SET left_downlines = left_downlines+1
WHERE `user_id` = 'AVXMIZ';
UPDATE `user_registration` SET total_downlines = total_downlines+1
WHERE `user_id` = 'CUQRWZ';
UPDATE `user_registration` SET left_downlines = left_downlines+1
WHERE `user_id` = 'CUQRWZ';
UPDATE `user_registration` SET total_downlines = total_downlines+1
WHERE `user_id` = '8JWYB8';
UPDATE `user_registration` SET left_downlines = left_downlines+1
WHERE `user_id` = '8JWYB8';
UPDATE `user_registration` SET total_downlines = total_downlines+1
WHERE `user_id` = 'Q8W4P6';
UPDATE `user_registration` SET left_downlines = left_downlines+1
WHERE `user_id` = 'Q8W4P6';
UPDATE `user_registration` SET total_downlines = total_downlines+1
WHERE `user_id` = 'WJR372';
UPDATE `user_registration` SET left_downlines = left_downlines+1
WHERE `user_id` = 'WJR372';
UPDATE `user_registration` SET total_downlines = total_downlines+1
WHERE `user_id` = 'YJ6OTD';
UPDATE `user_registration` SET left_downlines = left_downlines+1
WHERE `user_id` = 'YJ6OTD';
UPDATE `user_registration` SET total_downlines = total_downlines+1
WHERE `user_id` = 'F8WLAW';
UPDATE `user_registration` SET left_downlines = left_downlines+1
WHERE `user_id` = 'F8WLAW';
UPDATE `user_registration` SET total_downlines = total_downlines+1
WHERE `user_id` = '9H9OZM';
UPDATE `user_registration` SET left_downlines = left_downlines+1
WHERE `user_id` = '9H9OZM';
UPDATE `user_registration` SET total_downlines = total_downlines+1
WHERE `user_id` = 'DLP7GD';
UPDATE `user_registration` SET left_downlines = left_downlines+1
WHERE `user_id` = 'DLP7GD';
UPDATE `user_registration` SET total_downlines = total_downlines+1
WHERE `user_id` = 'VG9TO9';
UPDATE `user_registration` SET left_downlines = left_downlines+1
WHERE `user_id` = 'VG9TO9';
UPDATE `user_registration` SET total_downlines = total_downlines+1
WHERE `user_id` = 'L8R95F';
UPDATE `user_registration` SET left_downlines = left_downlines+1
WHERE `user_id` = 'L8R95F';
UPDATE `user_registration` SET total_downlines = total_downlines+1
WHERE `user_id` = 'Y9DPUD';
UPDATE `user_registration` SET left_downlines = left_downlines+1
WHERE `user_id` = 'Y9DPUD';
UPDATE `user_registration` SET total_downlines = total_downlines+1
WHERE `user_id` = '5H9TH3';
UPDATE `user_registration` SET left_downlines = left_downlines+1
WHERE `user_id` = '5H9TH3';
UPDATE `user_registration` SET total_downlines = total_downlines+1
WHERE `user_id` = 'MIT9KW';
UPDATE `user_registration` SET left_downlines = left_downlines+1
WHERE `user_id` = 'MIT9KW';
UPDATE `user_registration` SET total_downlines = total_downlines+1
WHERE `user_id` = 'IMUABZ';
UPDATE `user_registration` SET left_downlines = left_downlines+1
WHERE `user_id` = 'IMUABZ';
UPDATE `user_registration` SET total_downlines = total_downlines+1
WHERE `user_id` = 'G54QC4';
UPDATE `user_registration` SET left_downlines = left_downlines+1
WHERE `user_id` = 'G54QC4';
UPDATE `user_registration` SET total_downlines = total_downlines+1
WHERE `user_id` = '9JPZJL';
UPDATE `user_registration` SET left_downlines = left_downlines+1
WHERE `user_id` = '9JPZJL';
UPDATE `user_registration` SET total_downlines = total_downlines+1
WHERE `user_id` = 'E3PPZ3';
UPDATE `user_registration` SET left_downlines = left_downlines+1
WHERE `user_id` = 'E3PPZ3';
UPDATE `user_registration` SET total_downlines = total_downlines+1
WHERE `user_id` = '7RY1ZP';
UPDATE `user_registration` SET left_downlines = left_downlines+1
WHERE `user_id` = '7RY1ZP';
UPDATE `user_registration` SET left_ref_count = left_ref_count+1
WHERE `user_id` = '7RY1ZP';
UPDATE `user_registration` SET active_left = active_left+1
WHERE `user_id` = '7RY1ZP';
UPDATE `user_registration` SET total_downlines = total_downlines+1
WHERE `user_id` = 'ADZTOG';
UPDATE `user_registration` SET right_downlines = right_downlines+1
WHERE `user_id` = 'ADZTOG';
UPDATE `user_registration` SET total_downlines = total_downlines+1
WHERE `user_id` = 'A9858P';
UPDATE `user_registration` SET right_downlines = right_downlines+1
WHERE `user_id` = 'A9858P';
UPDATE `user_registration` SET total_downlines = total_downlines+1
WHERE `user_id` = 'admin';
UPDATE `user_registration` SET right_downlines = right_downlines+1
WHERE `user_id` = 'admin';
INSERT INTO `investment` (`invest_date`, `user_id`, `type`, `amount`, `package_id`) VALUES ('2024-10-01 16:09:35', 'QTPJS8', 'register', '595', '2');
INSERT INTO `earnings` (`user_id`, `Purchaser_id`, `earning_type`, `package_id`, `amount`, `date`, `comments`, `invest_amount`, `comm_perc`, `level`, `rank_id`, `order_id`) VALUES ('7RY1ZP', 'QTPJS8', 'Direct Referral Bonus', '2', '100', '2024-10-01 16:09:35', 'Direct Referral Bonus', 0, 0, 1, '', 181);
UPDATE `user_registration` SET commission_balance = ROUND(commission_balance + 100,2)
WHERE `user_id` = '7RY1ZP';
UPDATE `user_registration` SET referral_bonus = ROUND(referral_bonus + 100,2)
WHERE `user_id` = '7RY1ZP';
INSERT INTO `earnings` (`user_id`, `Purchaser_id`, `earning_type`, `package_id`, `amount`, `date`, `comments`, `invest_amount`, `comm_perc`, `level`, `rank_id`, `order_id`) VALUES ('A9858P', 'QTPJS8', 'Expansion Bonus', '2', 100, '2024-10-01 16:09:35', 'Expansion Bonus', '100', 0, 1, '', 181);
UPDATE `user_registration` SET commission_balance = ROUND(commission_balance + 100,2)
WHERE `user_id` = 'A9858P';
UPDATE `user_registration` SET expansion_bonus = ROUND(expansion_bonus + 100,2)
WHERE `user_id` = 'A9858P';
INSERT INTO `matrix_filling` (`placement_id`, `downline_id`, `level`, `matrix`) VALUES ('Z1I4TX', 'QTPJS8', 1, 1);
UPDATE `bv_updation` SET left_carry = left_carry+50, total_left = total_left+50
WHERE `user_id` = 'Z1I4TX';
INSERT INTO `placement_bv_update_history` (`left_carry`, `date`, `from_id`, `user_id`) VALUES ('50', '2024-10-01 16:09:35', 'QTPJS8', 'Z1I4TX');
INSERT INTO `matrix_filling` (`placement_id`, `downline_id`, `level`, `matrix`) VALUES ('G5ZEHT', 'QTPJS8', 2, 1);
UPDATE `bv_updation` SET left_carry = left_carry+50, total_left = total_left+50
WHERE `user_id` = 'G5ZEHT';
INSERT INTO `placement_bv_update_history` (`left_carry`, `date`, `from_id`, `user_id`) VALUES ('50', '2024-10-01 16:09:35', 'QTPJS8', 'G5ZEHT');
INSERT INTO `matrix_filling` (`placement_id`, `downline_id`, `level`, `matrix`) VALUES ('AVXMIZ', 'QTPJS8', 3, 1);
UPDATE `bv_updation` SET left_carry = left_carry+50, total_left = total_left+50
WHERE `user_id` = 'AVXMIZ';
INSERT INTO `placement_bv_update_history` (`left_carry`, `date`, `from_id`, `user_id`) VALUES ('50', '2024-10-01 16:09:35', 'QTPJS8', 'AVXMIZ');
INSERT INTO `matrix_filling` (`placement_id`, `downline_id`, `level`, `matrix`) VALUES ('CUQRWZ', 'QTPJS8', 4, 1);
UPDATE `bv_updation` SET left_carry = left_carry+50, total_left = total_left+50
WHERE `user_id` = 'CUQRWZ';
INSERT INTO `placement_bv_update_history` (`left_carry`, `date`, `from_id`, `user_id`) VALUES ('50', '2024-10-01 16:09:35', 'QTPJS8', 'CUQRWZ');
INSERT INTO `matrix_filling` (`placement_id`, `downline_id`, `level`, `matrix`) VALUES ('8JWYB8', 'QTPJS8', 5, 1);
UPDATE `bv_updation` SET left_carry = left_carry+50, total_left = total_left+50
WHERE `user_id` = '8JWYB8';
INSERT INTO `placement_bv_update_history` (`left_carry`, `date`, `from_id`, `user_id`) VALUES ('50', '2024-10-01 16:09:35', 'QTPJS8', '8JWYB8');
INSERT INTO `matrix_filling` (`placement_id`, `downline_id`, `level`, `matrix`) VALUES ('Q8W4P6', 'QTPJS8', 6, 1);
UPDATE `bv_updation` SET left_carry = left_carry+50, total_left = total_left+50
WHERE `user_id` = 'Q8W4P6';
INSERT INTO `placement_bv_update_history` (`left_carry`, `date`, `from_id`, `user_id`) VALUES ('50', '2024-10-01 16:09:35', 'QTPJS8', 'Q8W4P6');
INSERT INTO `matrix_filling` (`placement_id`, `downline_id`, `level`, `matrix`) VALUES ('WJR372', 'QTPJS8', 7, 1);
UPDATE `bv_updation` SET left_carry = left_carry+50, total_left = total_left+50
WHERE `user_id` = 'WJR372';
INSERT INTO `placement_bv_update_history` (`left_carry`, `date`, `from_id`, `user_id`) VALUES ('50', '2024-10-01 16:09:35', 'QTPJS8', 'WJR372');
INSERT INTO `matrix_filling` (`placement_id`, `downline_id`, `level`, `matrix`) VALUES ('YJ6OTD', 'QTPJS8', 8, 1);
UPDATE `bv_updation` SET left_carry = left_carry+50, total_left = total_left+50
WHERE `user_id` = 'YJ6OTD';
INSERT INTO `placement_bv_update_history` (`left_carry`, `date`, `from_id`, `user_id`) VALUES ('50', '2024-10-01 16:09:35', 'QTPJS8', 'YJ6OTD');
INSERT INTO `matrix_filling` (`placement_id`, `downline_id`, `level`, `matrix`) VALUES ('F8WLAW', 'QTPJS8', 9, 1);
UPDATE `bv_updation` SET left_carry = left_carry+50, total_left = total_left+50
WHERE `user_id` = 'F8WLAW';
INSERT INTO `placement_bv_update_history` (`left_carry`, `date`, `from_id`, `user_id`) VALUES ('50', '2024-10-01 16:09:35', 'QTPJS8', 'F8WLAW');
INSERT INTO `matrix_filling` (`placement_id`, `downline_id`, `level`, `matrix`) VALUES ('9H9OZM', 'QTPJS8', 10, 1);
UPDATE `bv_updation` SET left_carry = left_carry+50, total_left = total_left+50
WHERE `user_id` = '9H9OZM';
INSERT INTO `placement_bv_update_history` (`left_carry`, `date`, `from_id`, `user_id`) VALUES ('50', '2024-10-01 16:09:35', 'QTPJS8', '9H9OZM');
INSERT INTO `matrix_filling` (`placement_id`, `downline_id`, `level`, `matrix`) VALUES ('DLP7GD', 'QTPJS8', 11, 1);
UPDATE `bv_updation` SET left_carry = left_carry+50, total_left = total_left+50
WHERE `user_id` = 'DLP7GD';
INSERT INTO `placement_bv_update_history` (`left_carry`, `date`, `from_id`, `user_id`) VALUES ('50', '2024-10-01 16:09:35', 'QTPJS8', 'DLP7GD');
INSERT INTO `matrix_filling` (`placement_id`, `downline_id`, `level`, `matrix`) VALUES ('VG9TO9', 'QTPJS8', 12, 1);
UPDATE `bv_updation` SET left_carry = left_carry+50, total_left = total_left+50
WHERE `user_id` = 'VG9TO9';
INSERT INTO `placement_bv_update_history` (`left_carry`, `date`, `from_id`, `user_id`) VALUES ('50', '2024-10-01 16:09:35', 'QTPJS8', 'VG9TO9');
INSERT INTO `matrix_filling` (`placement_id`, `downline_id`, `level`, `matrix`) VALUES ('L8R95F', 'QTPJS8', 13, 1);
UPDATE `bv_updation` SET left_carry = left_carry+50, total_left = total_left+50
WHERE `user_id` = 'L8R95F';
INSERT INTO `placement_bv_update_history` (`left_carry`, `date`, `from_id`, `user_id`) VALUES ('50', '2024-10-01 16:09:35', 'QTPJS8', 'L8R95F');
INSERT INTO `matrix_filling` (`placement_id`, `downline_id`, `level`, `matrix`) VALUES ('Y9DPUD', 'QTPJS8', 14, 1);
UPDATE `bv_updation` SET left_carry = left_carry+50, total_left = total_left+50
WHERE `user_id` = 'Y9DPUD';
INSERT INTO `placement_bv_update_history` (`left_carry`, `date`, `from_id`, `user_id`) VALUES ('50', '2024-10-01 16:09:35', 'QTPJS8', 'Y9DPUD');
INSERT INTO `matrix_filling` (`placement_id`, `downline_id`, `level`, `matrix`) VALUES ('5H9TH3', 'QTPJS8', 15, 1);
UPDATE `bv_updation` SET left_carry = left_carry+50, total_left = total_left+50
WHERE `user_id` = '5H9TH3';
INSERT INTO `placement_bv_update_history` (`left_carry`, `date`, `from_id`, `user_id`) VALUES ('50', '2024-10-01 16:09:35', 'QTPJS8', '5H9TH3');
INSERT INTO `matrix_filling` (`placement_id`, `downline_id`, `level`, `matrix`) VALUES ('MIT9KW', 'QTPJS8', 16, 1);
UPDATE `bv_updation` SET left_carry = left_carry+50, total_left = total_left+50
WHERE `user_id` = 'MIT9KW';
INSERT INTO `placement_bv_update_history` (`left_carry`, `date`, `from_id`, `user_id`) VALUES ('50', '2024-10-01 16:09:35', 'QTPJS8', 'MIT9KW');
INSERT INTO `matrix_filling` (`placement_id`, `downline_id`, `level`, `matrix`) VALUES ('IMUABZ', 'QTPJS8', 17, 1);
UPDATE `bv_updation` SET left_carry = left_carry+50, total_left = total_left+50
WHERE `user_id` = 'IMUABZ';
INSERT INTO `placement_bv_update_history` (`left_carry`, `date`, `from_id`, `user_id`) VALUES ('50', '2024-10-01 16:09:35', 'QTPJS8', 'IMUABZ');
INSERT INTO `matrix_filling` (`placement_id`, `downline_id`, `level`, `matrix`) VALUES ('G54QC4', 'QTPJS8', 18, 1);
UPDATE `bv_updation` SET left_carry = left_carry+50, total_left = total_left+50
WHERE `user_id` = 'G54QC4';
INSERT INTO `placement_bv_update_history` (`left_carry`, `date`, `from_id`, `user_id`) VALUES ('50', '2024-10-01 16:09:35', 'QTPJS8', 'G54QC4');
INSERT INTO `matrix_filling` (`placement_id`, `downline_id`, `level`, `matrix`) VALUES ('9JPZJL', 'QTPJS8', 19, 1);
UPDATE `bv_updation` SET left_carry = left_carry+50, total_left = total_left+50
WHERE `user_id` = '9JPZJL';
INSERT INTO `placement_bv_update_history` (`left_carry`, `date`, `from_id`, `user_id`) VALUES ('50', '2024-10-01 16:09:35', 'QTPJS8', '9JPZJL');
INSERT INTO `matrix_filling` (`placement_id`, `downline_id`, `level`, `matrix`) VALUES ('E3PPZ3', 'QTPJS8', 20, 1);
UPDATE `bv_updation` SET left_carry = left_carry+50, total_left = total_left+50
WHERE `user_id` = 'E3PPZ3';
INSERT INTO `placement_bv_update_history` (`left_carry`, `date`, `from_id`, `user_id`) VALUES ('50', '2024-10-01 16:09:35', 'QTPJS8', 'E3PPZ3');
INSERT INTO `matrix_filling` (`placement_id`, `downline_id`, `level`, `matrix`) VALUES ('7RY1ZP', 'QTPJS8', 21, 1);
UPDATE `bv_updation` SET left_carry = left_carry+50, total_left = total_left+50
WHERE `user_id` = '7RY1ZP';
INSERT INTO `placement_bv_update_history` (`left_carry`, `date`, `from_id`, `user_id`) VALUES ('50', '2024-10-01 16:09:35', 'QTPJS8', '7RY1ZP');
UPDATE `bv_updation` SET sponsor_left_carry = sponsor_left_carry+50, sponsor_total_left = sponsor_total_left+50
WHERE `user_id` = '7RY1ZP';
INSERT INTO `sponsor_bv_update_history` (`left_carry`, `date`, `user_id`) VALUES ('50', '2024-10-01 16:09:35', '7RY1ZP');
INSERT INTO `matrix_filling` (`placement_id`, `downline_id`, `level`, `matrix`) VALUES ('ADZTOG', 'QTPJS8', 22, 1);
UPDATE `bv_updation` SET right_carry = right_carry+50, total_right = total_right+50
WHERE `user_id` = 'ADZTOG';
INSERT INTO `placement_bv_update_history` (`right_carry`, `date`, `from_id`, `user_id`) VALUES ('50', '2024-10-01 16:09:35', 'QTPJS8', 'ADZTOG');
INSERT INTO `matrix_filling` (`placement_id`, `downline_id`, `level`, `matrix`) VALUES ('A9858P', 'QTPJS8', 23, 1);
UPDATE `bv_updation` SET right_carry = right_carry+50, total_right = total_right+50
WHERE `user_id` = 'A9858P';
INSERT INTO `placement_bv_update_history` (`right_carry`, `date`, `from_id`, `user_id`) VALUES ('50', '2024-10-01 16:09:35', 'QTPJS8', 'A9858P');
INSERT INTO `matrix_filling` (`placement_id`, `downline_id`, `level`, `matrix`) VALUES ('admin', 'QTPJS8', 24, 1);
UPDATE `bv_updation` SET right_carry = right_carry+50, total_right = total_right+50
WHERE `user_id` = 'admin';
INSERT INTO `placement_bv_update_history` (`right_carry`, `date`, `from_id`, `user_id`) VALUES ('50', '2024-10-01 16:09:35', 'QTPJS8', 'admin');
INSERT INTO `package_purchase_history` (`user_id`, `package_id`, `reg_fee`, `package_name`, `monthly_fee`, `type`, `date`, `payment_option`) VALUES ('QTPJS8', '2', '595', 'Traveler Pro', '150', 'sign_up', '2024-10-01 16:09:35', 'free');
UPDATE `user_registration` SET `popup_seen` = 'yes'
WHERE `user_id` = '7RY1ZP';
UPDATE `user_registration` SET `uid` = '2121', `user_id` = '4YA81C', `username` = 'melby1', `sponsor_id` = 'A9858P', `vacant` = 'no', `f_name` = 'Melby', `l_name` = 'Martinez', `address` = '8100 SW 14 Terr', `position` = 'right', `email` = 'melby1@gmail.com', `password` = '79409c046934219ce6394df684b06f85', `phone` = '7862876762', `country` = 'United States', `state` = 'Florida', `city` = 'Miami', `street` = '8100 SW 14 Terr', `zip_code` = '33144', `reg_ip` = '172.70.82.94', `status` = 1, `package_id` = '2', `rank_id` = 1, `highest_rank` = 1, `cycle_rank_id` = 1, `created` = '2024-10-01 16:10:26', `subscription_date` = '2024-10-31', `google_secret` = 'RBDZAENF5E64VW2J'
WHERE `uid` = '2121';
INSERT INTO `user_registration` (`uid`, `user_id`, `username`, `sponsor_id`, `placement_id`, `vacant`, `f_name`, `l_name`, `address`, `position`, `email`, `password`, `phone`, `reg_ip`, `status`, `created`) VALUES (NULL, 'VIDSQU', 'hXKCRZjv', '4YA81C', '4YA81C', 'yes', '', '', '', 'left', '@mail.com', '', '', '', 0, '2024-10-01 16:10:26');
INSERT INTO `user_registration` (`uid`, `user_id`, `username`, `sponsor_id`, `placement_id`, `vacant`, `f_name`, `l_name`, `address`, `position`, `email`, `password`, `phone`, `reg_ip`, `status`, `created`) VALUES (NULL, 'FFUEYT', 'orywyJTD', '4YA81C', '4YA81C', 'yes', '', '', '', 'right', '@mail.com', '', '', '', 0, '2024-10-01 16:10:26');
INSERT INTO `bv_updation` (`user_id`) VALUES ('4YA81C');
UPDATE `user_registration` SET total_ref_count = total_ref_count+1
WHERE `user_id` = 'A9858P';
UPDATE `user_registration` SET total_downlines = total_downlines+1
WHERE `user_id` = 'G1CDHO';
UPDATE `user_registration` SET right_downlines = right_downlines+1
WHERE `user_id` = 'G1CDHO';
UPDATE `user_registration` SET total_downlines = total_downlines+1
WHERE `user_id` = '9NGWQG';
UPDATE `user_registration` SET right_downlines = right_downlines+1
WHERE `user_id` = '9NGWQG';
UPDATE `user_registration` SET total_downlines = total_downlines+1
WHERE `user_id` = 'R6J8K1';
UPDATE `user_registration` SET right_downlines = right_downlines+1
WHERE `user_id` = 'R6J8K1';
UPDATE `user_registration` SET total_downlines = total_downlines+1
WHERE `user_id` = 'G6ZQNS';
UPDATE `user_registration` SET right_downlines = right_downlines+1
WHERE `user_id` = 'G6ZQNS';
UPDATE `user_registration` SET total_downlines = total_downlines+1
WHERE `user_id` = 'M4FVZR';
UPDATE `user_registration` SET right_downlines = right_downlines+1
WHERE `user_id` = 'M4FVZR';
UPDATE `user_registration` SET total_downlines = total_downlines+1
WHERE `user_id` = '5ZLRWM';
UPDATE `user_registration` SET right_downlines = right_downlines+1
WHERE `user_id` = '5ZLRWM';
UPDATE `user_registration` SET total_downlines = total_downlines+1
WHERE `user_id` = 'JPDLRK';
UPDATE `user_registration` SET right_downlines = right_downlines+1
WHERE `user_id` = 'JPDLRK';
UPDATE `user_registration` SET total_downlines = total_downlines+1
WHERE `user_id` = 'FGURJ3';
UPDATE `user_registration` SET right_downlines = right_downlines+1
WHERE `user_id` = 'FGURJ3';
UPDATE `user_registration` SET total_downlines = total_downlines+1
WHERE `user_id` = 'L2ZCMP';
UPDATE `user_registration` SET right_downlines = right_downlines+1
WHERE `user_id` = 'L2ZCMP';
UPDATE `user_registration` SET total_downlines = total_downlines+1
WHERE `user_id` = 'XOJI6Y';
UPDATE `user_registration` SET right_downlines = right_downlines+1
WHERE `user_id` = 'XOJI6Y';
UPDATE `user_registration` SET total_downlines = total_downlines+1
WHERE `user_id` = 'Z6E2C9';
UPDATE `user_registration` SET right_downlines = right_downlines+1
WHERE `user_id` = 'Z6E2C9';
UPDATE `user_registration` SET total_downlines = total_downlines+1
WHERE `user_id` = 'VT4PXI';
UPDATE `user_registration` SET right_downlines = right_downlines+1
WHERE `user_id` = 'VT4PXI';
UPDATE `user_registration` SET total_downlines = total_downlines+1
WHERE `user_id` = 'QKHYPY';
UPDATE `user_registration` SET right_downlines = right_downlines+1
WHERE `user_id` = 'QKHYPY';
UPDATE `user_registration` SET total_downlines = total_downlines+1
WHERE `user_id` = 'LN7PEK';
UPDATE `user_registration` SET right_downlines = right_downlines+1
WHERE `user_id` = 'LN7PEK';
UPDATE `user_registration` SET total_downlines = total_downlines+1
WHERE `user_id` = 'LYDDQ5';
UPDATE `user_registration` SET right_downlines = right_downlines+1
WHERE `user_id` = 'LYDDQ5';
UPDATE `user_registration` SET total_downlines = total_downlines+1
WHERE `user_id` = '6UO8TB';
UPDATE `user_registration` SET right_downlines = right_downlines+1
WHERE `user_id` = '6UO8TB';
UPDATE `user_registration` SET total_downlines = total_downlines+1
WHERE `user_id` = 'GPRO3Q';
UPDATE `user_registration` SET right_downlines = right_downlines+1
WHERE `user_id` = 'GPRO3Q';
UPDATE `user_registration` SET total_downlines = total_downlines+1
WHERE `user_id` = 'MBPRQB';
UPDATE `user_registration` SET right_downlines = right_downlines+1
WHERE `user_id` = 'MBPRQB';
UPDATE `user_registration` SET total_downlines = total_downlines+1
WHERE `user_id` = 'X1RH6U';
UPDATE `user_registration` SET right_downlines = right_downlines+1
WHERE `user_id` = 'X1RH6U';
UPDATE `user_registration` SET total_downlines = total_downlines+1
WHERE `user_id` = 'HHALCM';
UPDATE `user_registration` SET right_downlines = right_downlines+1
WHERE `user_id` = 'HHALCM';
UPDATE `user_registration` SET total_downlines = total_downlines+1
WHERE `user_id` = '7WQBA7';
UPDATE `user_registration` SET right_downlines = right_downlines+1
WHERE `user_id` = '7WQBA7';
UPDATE `user_registration` SET total_downlines = total_downlines+1
WHERE `user_id` = 'QPNZO1';
UPDATE `user_registration` SET right_downlines = right_downlines+1
WHERE `user_id` = 'QPNZO1';
UPDATE `user_registration` SET total_downlines = total_downlines+1
WHERE `user_id` = 'KCF78M';
UPDATE `user_registration` SET right_downlines = right_downlines+1
WHERE `user_id` = 'KCF78M';
UPDATE `user_registration` SET total_downlines = total_downlines+1
WHERE `user_id` = '7RY1ZP';
UPDATE `user_registration` SET right_downlines = right_downlines+1
WHERE `user_id` = '7RY1ZP';
UPDATE `user_registration` SET total_downlines = total_downlines+1
WHERE `user_id` = 'ADZTOG';
UPDATE `user_registration` SET right_downlines = right_downlines+1
WHERE `user_id` = 'ADZTOG';
UPDATE `user_registration` SET total_downlines = total_downlines+1
WHERE `user_id` = 'A9858P';
UPDATE `user_registration` SET right_downlines = right_downlines+1
WHERE `user_id` = 'A9858P';
UPDATE `user_registration` SET right_ref_count = right_ref_count+1
WHERE `user_id` = 'A9858P';
UPDATE `user_registration` SET active_right = active_right+1
WHERE `user_id` = 'A9858P';
UPDATE `user_registration` SET total_downlines = total_downlines+1
WHERE `user_id` = 'admin';
UPDATE `user_registration` SET right_downlines = right_downlines+1
WHERE `user_id` = 'admin';
INSERT INTO `investment` (`invest_date`, `user_id`, `type`, `amount`, `package_id`) VALUES ('2024-10-01 16:10:27', '4YA81C', 'register', '595', '2');
INSERT INTO `earnings` (`user_id`, `Purchaser_id`, `earning_type`, `package_id`, `amount`, `date`, `comments`, `invest_amount`, `comm_perc`, `level`, `rank_id`, `order_id`) VALUES ('A9858P', '4YA81C', 'Direct Referral Bonus', '2', '200', '2024-10-01 16:10:27', 'Direct Referral Bonus', 0, 0, 1, '', 182);
UPDATE `user_registration` SET commission_balance = ROUND(commission_balance + 200,2)
WHERE `user_id` = 'A9858P';
UPDATE `user_registration` SET referral_bonus = ROUND(referral_bonus + 200,2)
WHERE `user_id` = 'A9858P';
INSERT INTO `matrix_filling` (`placement_id`, `downline_id`, `level`, `matrix`) VALUES ('G1CDHO', '4YA81C', 1, 1);
UPDATE `bv_updation` SET right_carry = right_carry+50, total_right = total_right+50
WHERE `user_id` = 'G1CDHO';
INSERT INTO `placement_bv_update_history` (`right_carry`, `date`, `from_id`, `user_id`) VALUES ('50', '2024-10-01 16:10:27', '4YA81C', 'G1CDHO');
INSERT INTO `matrix_filling` (`placement_id`, `downline_id`, `level`, `matrix`) VALUES ('9NGWQG', '4YA81C', 2, 1);
UPDATE `bv_updation` SET right_carry = right_carry+50, total_right = total_right+50
WHERE `user_id` = '9NGWQG';
INSERT INTO `placement_bv_update_history` (`right_carry`, `date`, `from_id`, `user_id`) VALUES ('50', '2024-10-01 16:10:27', '4YA81C', '9NGWQG');
INSERT INTO `matrix_filling` (`placement_id`, `downline_id`, `level`, `matrix`) VALUES ('R6J8K1', '4YA81C', 3, 1);
UPDATE `bv_updation` SET right_carry = right_carry+50, total_right = total_right+50
WHERE `user_id` = 'R6J8K1';
INSERT INTO `placement_bv_update_history` (`right_carry`, `date`, `from_id`, `user_id`) VALUES ('50', '2024-10-01 16:10:27', '4YA81C', 'R6J8K1');
INSERT INTO `matrix_filling` (`placement_id`, `downline_id`, `level`, `matrix`) VALUES ('G6ZQNS', '4YA81C', 4, 1);
UPDATE `bv_updation` SET right_carry = right_carry+50, total_right = total_right+50
WHERE `user_id` = 'G6ZQNS';
INSERT INTO `placement_bv_update_history` (`right_carry`, `date`, `from_id`, `user_id`) VALUES ('50', '2024-10-01 16:10:27', '4YA81C', 'G6ZQNS');
INSERT INTO `matrix_filling` (`placement_id`, `downline_id`, `level`, `matrix`) VALUES ('M4FVZR', '4YA81C', 5, 1);
UPDATE `bv_updation` SET right_carry = right_carry+50, total_right = total_right+50
WHERE `user_id` = 'M4FVZR';
INSERT INTO `placement_bv_update_history` (`right_carry`, `date`, `from_id`, `user_id`) VALUES ('50', '2024-10-01 16:10:27', '4YA81C', 'M4FVZR');
INSERT INTO `matrix_filling` (`placement_id`, `downline_id`, `level`, `matrix`) VALUES ('5ZLRWM', '4YA81C', 6, 1);
UPDATE `bv_updation` SET right_carry = right_carry+50, total_right = total_right+50
WHERE `user_id` = '5ZLRWM';
INSERT INTO `placement_bv_update_history` (`right_carry`, `date`, `from_id`, `user_id`) VALUES ('50', '2024-10-01 16:10:27', '4YA81C', '5ZLRWM');
INSERT INTO `matrix_filling` (`placement_id`, `downline_id`, `level`, `matrix`) VALUES ('JPDLRK', '4YA81C', 7, 1);
UPDATE `bv_updation` SET right_carry = right_carry+50, total_right = total_right+50
WHERE `user_id` = 'JPDLRK';
INSERT INTO `placement_bv_update_history` (`right_carry`, `date`, `from_id`, `user_id`) VALUES ('50', '2024-10-01 16:10:27', '4YA81C', 'JPDLRK');
INSERT INTO `matrix_filling` (`placement_id`, `downline_id`, `level`, `matrix`) VALUES ('FGURJ3', '4YA81C', 8, 1);
UPDATE `bv_updation` SET right_carry = right_carry+50, total_right = total_right+50
WHERE `user_id` = 'FGURJ3';
INSERT INTO `placement_bv_update_history` (`right_carry`, `date`, `from_id`, `user_id`) VALUES ('50', '2024-10-01 16:10:27', '4YA81C', 'FGURJ3');
INSERT INTO `matrix_filling` (`placement_id`, `downline_id`, `level`, `matrix`) VALUES ('L2ZCMP', '4YA81C', 9, 1);
UPDATE `bv_updation` SET right_carry = right_carry+50, total_right = total_right+50
WHERE `user_id` = 'L2ZCMP';
INSERT INTO `placement_bv_update_history` (`right_carry`, `date`, `from_id`, `user_id`) VALUES ('50', '2024-10-01 16:10:27', '4YA81C', 'L2ZCMP');
INSERT INTO `matrix_filling` (`placement_id`, `downline_id`, `level`, `matrix`) VALUES ('XOJI6Y', '4YA81C', 10, 1);
UPDATE `bv_updation` SET right_carry = right_carry+50, total_right = total_right+50
WHERE `user_id` = 'XOJI6Y';
INSERT INTO `placement_bv_update_history` (`right_carry`, `date`, `from_id`, `user_id`) VALUES ('50', '2024-10-01 16:10:27', '4YA81C', 'XOJI6Y');
INSERT INTO `matrix_filling` (`placement_id`, `downline_id`, `level`, `matrix`) VALUES ('Z6E2C9', '4YA81C', 11, 1);
UPDATE `bv_updation` SET right_carry = right_carry+50, total_right = total_right+50
WHERE `user_id` = 'Z6E2C9';
INSERT INTO `placement_bv_update_history` (`right_carry`, `date`, `from_id`, `user_id`) VALUES ('50', '2024-10-01 16:10:27', '4YA81C', 'Z6E2C9');
INSERT INTO `matrix_filling` (`placement_id`, `downline_id`, `level`, `matrix`) VALUES ('VT4PXI', '4YA81C', 12, 1);
UPDATE `bv_updation` SET right_carry = right_carry+50, total_right = total_right+50
WHERE `user_id` = 'VT4PXI';
INSERT INTO `placement_bv_update_history` (`right_carry`, `date`, `from_id`, `user_id`) VALUES ('50', '2024-10-01 16:10:27', '4YA81C', 'VT4PXI');
INSERT INTO `matrix_filling` (`placement_id`, `downline_id`, `level`, `matrix`) VALUES ('QKHYPY', '4YA81C', 13, 1);
UPDATE `bv_updation` SET right_carry = right_carry+50, total_right = total_right+50
WHERE `user_id` = 'QKHYPY';
INSERT INTO `placement_bv_update_history` (`right_carry`, `date`, `from_id`, `user_id`) VALUES ('50', '2024-10-01 16:10:27', '4YA81C', 'QKHYPY');
INSERT INTO `matrix_filling` (`placement_id`, `downline_id`, `level`, `matrix`) VALUES ('LN7PEK', '4YA81C', 14, 1);
UPDATE `bv_updation` SET right_carry = right_carry+50, total_right = total_right+50
WHERE `user_id` = 'LN7PEK';
INSERT INTO `placement_bv_update_history` (`right_carry`, `date`, `from_id`, `user_id`) VALUES ('50', '2024-10-01 16:10:27', '4YA81C', 'LN7PEK');
INSERT INTO `matrix_filling` (`placement_id`, `downline_id`, `level`, `matrix`) VALUES ('LYDDQ5', '4YA81C', 15, 1);
UPDATE `bv_updation` SET right_carry = right_carry+50, total_right = total_right+50
WHERE `user_id` = 'LYDDQ5';
INSERT INTO `placement_bv_update_history` (`right_carry`, `date`, `from_id`, `user_id`) VALUES ('50', '2024-10-01 16:10:27', '4YA81C', 'LYDDQ5');
INSERT INTO `matrix_filling` (`placement_id`, `downline_id`, `level`, `matrix`) VALUES ('6UO8TB', '4YA81C', 16, 1);
UPDATE `bv_updation` SET right_carry = right_carry+50, total_right = total_right+50
WHERE `user_id` = '6UO8TB';
INSERT INTO `placement_bv_update_history` (`right_carry`, `date`, `from_id`, `user_id`) VALUES ('50', '2024-10-01 16:10:27', '4YA81C', '6UO8TB');
INSERT INTO `matrix_filling` (`placement_id`, `downline_id`, `level`, `matrix`) VALUES ('GPRO3Q', '4YA81C', 17, 1);
UPDATE `bv_updation` SET right_carry = right_carry+50, total_right = total_right+50
WHERE `user_id` = 'GPRO3Q';
INSERT INTO `placement_bv_update_history` (`right_carry`, `date`, `from_id`, `user_id`) VALUES ('50', '2024-10-01 16:10:27', '4YA81C', 'GPRO3Q');
INSERT INTO `matrix_filling` (`placement_id`, `downline_id`, `level`, `matrix`) VALUES ('MBPRQB', '4YA81C', 18, 1);
UPDATE `bv_updation` SET right_carry = right_carry+50, total_right = total_right+50
WHERE `user_id` = 'MBPRQB';
INSERT INTO `placement_bv_update_history` (`right_carry`, `date`, `from_id`, `user_id`) VALUES ('50', '2024-10-01 16:10:27', '4YA81C', 'MBPRQB');
INSERT INTO `matrix_filling` (`placement_id`, `downline_id`, `level`, `matrix`) VALUES ('X1RH6U', '4YA81C', 19, 1);
UPDATE `bv_updation` SET right_carry = right_carry+50, total_right = total_right+50
WHERE `user_id` = 'X1RH6U';
INSERT INTO `placement_bv_update_history` (`right_carry`, `date`, `from_id`, `user_id`) VALUES ('50', '2024-10-01 16:10:27', '4YA81C', 'X1RH6U');
INSERT INTO `matrix_filling` (`placement_id`, `downline_id`, `level`, `matrix`) VALUES ('HHALCM', '4YA81C', 20, 1);
UPDATE `bv_updation` SET right_carry = right_carry+50, total_right = total_right+50
WHERE `user_id` = 'HHALCM';
INSERT INTO `placement_bv_update_history` (`right_carry`, `date`, `from_id`, `user_id`) VALUES ('50', '2024-10-01 16:10:27', '4YA81C', 'HHALCM');
INSERT INTO `matrix_filling` (`placement_id`, `downline_id`, `level`, `matrix`) VALUES ('7WQBA7', '4YA81C', 21, 1);
UPDATE `bv_updation` SET right_carry = right_carry+50, total_right = total_right+50
WHERE `user_id` = '7WQBA7';
INSERT INTO `placement_bv_update_history` (`right_carry`, `date`, `from_id`, `user_id`) VALUES ('50', '2024-10-01 16:10:27', '4YA81C', '7WQBA7');
INSERT INTO `matrix_filling` (`placement_id`, `downline_id`, `level`, `matrix`) VALUES ('QPNZO1', '4YA81C', 22, 1);
UPDATE `bv_updation` SET right_carry = right_carry+50, total_right = total_right+50
WHERE `user_id` = 'QPNZO1';
INSERT INTO `placement_bv_update_history` (`right_carry`, `date`, `from_id`, `user_id`) VALUES ('50', '2024-10-01 16:10:27', '4YA81C', 'QPNZO1');
INSERT INTO `matrix_filling` (`placement_id`, `downline_id`, `level`, `matrix`) VALUES ('KCF78M', '4YA81C', 23, 1);
UPDATE `bv_updation` SET right_carry = right_carry+50, total_right = total_right+50
WHERE `user_id` = 'KCF78M';
INSERT INTO `placement_bv_update_history` (`right_carry`, `date`, `from_id`, `user_id`) VALUES ('50', '2024-10-01 16:10:27', '4YA81C', 'KCF78M');
INSERT INTO `matrix_filling` (`placement_id`, `downline_id`, `level`, `matrix`) VALUES ('7RY1ZP', '4YA81C', 24, 1);
UPDATE `bv_updation` SET right_carry = right_carry+50, total_right = total_right+50
WHERE `user_id` = '7RY1ZP';
INSERT INTO `placement_bv_update_history` (`right_carry`, `date`, `from_id`, `user_id`) VALUES ('50', '2024-10-01 16:10:27', '4YA81C', '7RY1ZP');
INSERT INTO `matrix_filling` (`placement_id`, `downline_id`, `level`, `matrix`) VALUES ('ADZTOG', '4YA81C', 25, 1);
UPDATE `bv_updation` SET right_carry = right_carry+50, total_right = total_right+50
WHERE `user_id` = 'ADZTOG';
INSERT INTO `placement_bv_update_history` (`right_carry`, `date`, `from_id`, `user_id`) VALUES ('50', '2024-10-01 16:10:27', '4YA81C', 'ADZTOG');
INSERT INTO `matrix_filling` (`placement_id`, `downline_id`, `level`, `matrix`) VALUES ('A9858P', '4YA81C', 26, 1);
UPDATE `bv_updation` SET right_carry = right_carry+50, total_right = total_right+50
WHERE `user_id` = 'A9858P';
INSERT INTO `placement_bv_update_history` (`right_carry`, `date`, `from_id`, `user_id`) VALUES ('50', '2024-10-01 16:10:27', '4YA81C', 'A9858P');
UPDATE `bv_updation` SET sponsor_right_carry = sponsor_right_carry+50, sponsor_total_right = sponsor_total_right+50
WHERE `user_id` = 'A9858P';
INSERT INTO `sponsor_bv_update_history` (`right_carry`, `date`, `user_id`) VALUES ('50', '2024-10-01 16:10:27', 'A9858P');
INSERT INTO `matrix_filling` (`placement_id`, `downline_id`, `level`, `matrix`) VALUES ('admin', '4YA81C', 27, 1);
UPDATE `bv_updation` SET right_carry = right_carry+50, total_right = total_right+50
WHERE `user_id` = 'admin';
INSERT INTO `placement_bv_update_history` (`right_carry`, `date`, `from_id`, `user_id`) VALUES ('50', '2024-10-01 16:10:27', '4YA81C', 'admin');
INSERT INTO `package_purchase_history` (`user_id`, `package_id`, `reg_fee`, `package_name`, `monthly_fee`, `type`, `date`, `payment_option`) VALUES ('4YA81C', '2', '595', 'Traveler Pro', '150', 'sign_up', '2024-10-01 16:10:27', 'free');
UPDATE `user_registration` SET `popup_seen` = 'yes'
WHERE `user_id` = 'A9858P';
UPDATE `user_registration` SET `popup_seen` = 'yes'
WHERE `user_id` = 'A9858P';
UPDATE `user_registration` SET `uid` = '2372', `user_id` = 'GHEMGX', `username` = 'reina1', `sponsor_id` = '7RY1ZP', `vacant` = 'no', `f_name` = 'Reina', `l_name` = 'Santos', `address` = '6520 Kendale Lakes Dr ', `position` = 'left', `email` = 'reina1@gmail.com', `password` = '825f3023698149b539a17a0f74753eeb', `phone` = '3057610606', `country` = 'United States', `state` = 'Florida', `city` = 'Miami', `street` = '6520 Kendale Lakes Dr', `zip_code` = '33183', `reg_ip` = '172.70.83.101', `status` = 1, `package_id` = '2', `rank_id` = 1, `highest_rank` = 1, `cycle_rank_id` = 1, `created` = '2024-10-01 16:11:21', `subscription_date` = '2024-10-31', `google_secret` = 'V364FSYTYIQLGT63'
WHERE `uid` = '2372';
INSERT INTO `user_registration` (`uid`, `user_id`, `username`, `sponsor_id`, `placement_id`, `vacant`, `f_name`, `l_name`, `address`, `position`, `email`, `password`, `phone`, `reg_ip`, `status`, `created`) VALUES (NULL, 'TGRXQO', 'SYXzPoQu', 'GHEMGX', 'GHEMGX', 'yes', '', '', '', 'left', '@mail.com', '', '', '', 0, '2024-10-01 16:11:21');
INSERT INTO `user_registration` (`uid`, `user_id`, `username`, `sponsor_id`, `placement_id`, `vacant`, `f_name`, `l_name`, `address`, `position`, `email`, `password`, `phone`, `reg_ip`, `status`, `created`) VALUES (NULL, 'XUXEPU', 'jmYUMFCf', 'GHEMGX', 'GHEMGX', 'yes', '', '', '', 'right', '@mail.com', '', '', '', 0, '2024-10-01 16:11:21');
INSERT INTO `bv_updation` (`user_id`) VALUES ('GHEMGX');
UPDATE `user_registration` SET total_ref_count = total_ref_count+1
WHERE `user_id` = '7RY1ZP';
UPDATE `user_registration` SET total_downlines = total_downlines+1
WHERE `user_id` = 'QTPJS8';
UPDATE `user_registration` SET left_downlines = left_downlines+1
WHERE `user_id` = 'QTPJS8';
UPDATE `user_registration` SET total_downlines = total_downlines+1
WHERE `user_id` = 'Z1I4TX';
UPDATE `user_registration` SET left_downlines = left_downlines+1
WHERE `user_id` = 'Z1I4TX';
UPDATE `user_registration` SET total_downlines = total_downlines+1
WHERE `user_id` = 'G5ZEHT';
UPDATE `user_registration` SET left_downlines = left_downlines+1
WHERE `user_id` = 'G5ZEHT';
UPDATE `user_registration` SET total_downlines = total_downlines+1
WHERE `user_id` = 'AVXMIZ';
UPDATE `user_registration` SET left_downlines = left_downlines+1
WHERE `user_id` = 'AVXMIZ';
UPDATE `user_registration` SET total_downlines = total_downlines+1
WHERE `user_id` = 'CUQRWZ';
UPDATE `user_registration` SET left_downlines = left_downlines+1
WHERE `user_id` = 'CUQRWZ';
UPDATE `user_registration` SET total_downlines = total_downlines+1
WHERE `user_id` = '8JWYB8';
UPDATE `user_registration` SET left_downlines = left_downlines+1
WHERE `user_id` = '8JWYB8';
UPDATE `user_registration` SET total_downlines = total_downlines+1
WHERE `user_id` = 'Q8W4P6';
UPDATE `user_registration` SET left_downlines = left_downlines+1
WHERE `user_id` = 'Q8W4P6';
UPDATE `user_registration` SET total_downlines = total_downlines+1
WHERE `user_id` = 'WJR372';
UPDATE `user_registration` SET left_downlines = left_downlines+1
WHERE `user_id` = 'WJR372';
UPDATE `user_registration` SET total_downlines = total_downlines+1
WHERE `user_id` = 'YJ6OTD';
UPDATE `user_registration` SET left_downlines = left_downlines+1
WHERE `user_id` = 'YJ6OTD';
UPDATE `user_registration` SET total_downlines = total_downlines+1
WHERE `user_id` = 'F8WLAW';
UPDATE `user_registration` SET left_downlines = left_downlines+1
WHERE `user_id` = 'F8WLAW';
UPDATE `user_registration` SET total_downlines = total_downlines+1
WHERE `user_id` = '9H9OZM';
UPDATE `user_registration` SET left_downlines = left_downlines+1
WHERE `user_id` = '9H9OZM';
UPDATE `user_registration` SET total_downlines = total_downlines+1
WHERE `user_id` = 'DLP7GD';
UPDATE `user_registration` SET left_downlines = left_downlines+1
WHERE `user_id` = 'DLP7GD';
UPDATE `user_registration` SET total_downlines = total_downlines+1
WHERE `user_id` = 'VG9TO9';
UPDATE `user_registration` SET left_downlines = left_downlines+1
WHERE `user_id` = 'VG9TO9';
UPDATE `user_registration` SET total_downlines = total_downlines+1
WHERE `user_id` = 'L8R95F';
UPDATE `user_registration` SET left_downlines = left_downlines+1
WHERE `user_id` = 'L8R95F';
UPDATE `user_registration` SET total_downlines = total_downlines+1
WHERE `user_id` = 'Y9DPUD';
UPDATE `user_registration` SET left_downlines = left_downlines+1
WHERE `user_id` = 'Y9DPUD';
UPDATE `user_registration` SET total_downlines = total_downlines+1
WHERE `user_id` = '5H9TH3';
UPDATE `user_registration` SET left_downlines = left_downlines+1
WHERE `user_id` = '5H9TH3';
UPDATE `user_registration` SET total_downlines = total_downlines+1
WHERE `user_id` = 'MIT9KW';
UPDATE `user_registration` SET left_downlines = left_downlines+1
WHERE `user_id` = 'MIT9KW';
UPDATE `user_registration` SET total_downlines = total_downlines+1
WHERE `user_id` = 'IMUABZ';
UPDATE `user_registration` SET left_downlines = left_downlines+1
WHERE `user_id` = 'IMUABZ';
UPDATE `user_registration` SET total_downlines = total_downlines+1
WHERE `user_id` = 'G54QC4';
UPDATE `user_registration` SET left_downlines = left_downlines+1
WHERE `user_id` = 'G54QC4';
UPDATE `user_registration` SET total_downlines = total_downlines+1
WHERE `user_id` = '9JPZJL';
UPDATE `user_registration` SET left_downlines = left_downlines+1
WHERE `user_id` = '9JPZJL';
UPDATE `user_registration` SET total_downlines = total_downlines+1
WHERE `user_id` = 'E3PPZ3';
UPDATE `user_registration` SET left_downlines = left_downlines+1
WHERE `user_id` = 'E3PPZ3';
UPDATE `user_registration` SET total_downlines = total_downlines+1
WHERE `user_id` = '7RY1ZP';
UPDATE `user_registration` SET left_downlines = left_downlines+1
WHERE `user_id` = '7RY1ZP';
UPDATE `user_registration` SET left_ref_count = left_ref_count+1
WHERE `user_id` = '7RY1ZP';
UPDATE `user_registration` SET active_left = active_left+1
WHERE `user_id` = '7RY1ZP';
UPDATE `user_registration` SET total_downlines = total_downlines+1
WHERE `user_id` = 'ADZTOG';
UPDATE `user_registration` SET right_downlines = right_downlines+1
WHERE `user_id` = 'ADZTOG';
UPDATE `user_registration` SET total_downlines = total_downlines+1
WHERE `user_id` = 'A9858P';
UPDATE `user_registration` SET right_downlines = right_downlines+1
WHERE `user_id` = 'A9858P';
UPDATE `user_registration` SET total_downlines = total_downlines+1
WHERE `user_id` = 'admin';
UPDATE `user_registration` SET right_downlines = right_downlines+1
WHERE `user_id` = 'admin';
INSERT INTO `investment` (`invest_date`, `user_id`, `type`, `amount`, `package_id`) VALUES ('2024-10-01 16:11:21', 'GHEMGX', 'register', '595', '2');
INSERT INTO `earnings` (`user_id`, `Purchaser_id`, `earning_type`, `package_id`, `amount`, `date`, `comments`, `invest_amount`, `comm_perc`, `level`, `rank_id`, `order_id`) VALUES ('7RY1ZP', 'GHEMGX', 'Direct Referral Bonus', '2', '100', '2024-10-01 16:11:21', 'Direct Referral Bonus', 0, 0, 1, '', 183);
UPDATE `user_registration` SET commission_balance = ROUND(commission_balance + 100,2)
WHERE `user_id` = '7RY1ZP';
UPDATE `user_registration` SET referral_bonus = ROUND(referral_bonus + 100,2)
WHERE `user_id` = '7RY1ZP';
INSERT INTO `earnings` (`user_id`, `Purchaser_id`, `earning_type`, `package_id`, `amount`, `date`, `comments`, `invest_amount`, `comm_perc`, `level`, `rank_id`, `order_id`) VALUES ('A9858P', 'GHEMGX', 'Expansion Bonus', '2', 100, '2024-10-01 16:11:21', 'Expansion Bonus', '100', 0, 1, '', 183);
UPDATE `user_registration` SET commission_balance = ROUND(commission_balance + 100,2)
WHERE `user_id` = 'A9858P';
UPDATE `user_registration` SET expansion_bonus = ROUND(expansion_bonus + 100,2)
WHERE `user_id` = 'A9858P';
INSERT INTO `matrix_filling` (`placement_id`, `downline_id`, `level`, `matrix`) VALUES ('QTPJS8', 'GHEMGX', 1, 1);
UPDATE `bv_updation` SET left_carry = left_carry+50, total_left = total_left+50
WHERE `user_id` = 'QTPJS8';
INSERT INTO `placement_bv_update_history` (`left_carry`, `date`, `from_id`, `user_id`) VALUES ('50', '2024-10-01 16:11:21', 'GHEMGX', 'QTPJS8');
INSERT INTO `matrix_filling` (`placement_id`, `downline_id`, `level`, `matrix`) VALUES ('Z1I4TX', 'GHEMGX', 2, 1);
UPDATE `bv_updation` SET left_carry = left_carry+50, total_left = total_left+50
WHERE `user_id` = 'Z1I4TX';
INSERT INTO `placement_bv_update_history` (`left_carry`, `date`, `from_id`, `user_id`) VALUES ('50', '2024-10-01 16:11:21', 'GHEMGX', 'Z1I4TX');
INSERT INTO `matrix_filling` (`placement_id`, `downline_id`, `level`, `matrix`) VALUES ('G5ZEHT', 'GHEMGX', 3, 1);
UPDATE `bv_updation` SET left_carry = left_carry+50, total_left = total_left+50
WHERE `user_id` = 'G5ZEHT';
INSERT INTO `placement_bv_update_history` (`left_carry`, `date`, `from_id`, `user_id`) VALUES ('50', '2024-10-01 16:11:21', 'GHEMGX', 'G5ZEHT');
INSERT INTO `matrix_filling` (`placement_id`, `downline_id`, `level`, `matrix`) VALUES ('AVXMIZ', 'GHEMGX', 4, 1);
UPDATE `bv_updation` SET left_carry = left_carry+50, total_left = total_left+50
WHERE `user_id` = 'AVXMIZ';
INSERT INTO `placement_bv_update_history` (`left_carry`, `date`, `from_id`, `user_id`) VALUES ('50', '2024-10-01 16:11:21', 'GHEMGX', 'AVXMIZ');
INSERT INTO `matrix_filling` (`placement_id`, `downline_id`, `level`, `matrix`) VALUES ('CUQRWZ', 'GHEMGX', 5, 1);
UPDATE `bv_updation` SET left_carry = left_carry+50, total_left = total_left+50
WHERE `user_id` = 'CUQRWZ';
INSERT INTO `placement_bv_update_history` (`left_carry`, `date`, `from_id`, `user_id`) VALUES ('50', '2024-10-01 16:11:21', 'GHEMGX', 'CUQRWZ');
INSERT INTO `matrix_filling` (`placement_id`, `downline_id`, `level`, `matrix`) VALUES ('8JWYB8', 'GHEMGX', 6, 1);
UPDATE `bv_updation` SET left_carry = left_carry+50, total_left = total_left+50
WHERE `user_id` = '8JWYB8';
INSERT INTO `placement_bv_update_history` (`left_carry`, `date`, `from_id`, `user_id`) VALUES ('50', '2024-10-01 16:11:21', 'GHEMGX', '8JWYB8');
INSERT INTO `matrix_filling` (`placement_id`, `downline_id`, `level`, `matrix`) VALUES ('Q8W4P6', 'GHEMGX', 7, 1);
UPDATE `bv_updation` SET left_carry = left_carry+50, total_left = total_left+50
WHERE `user_id` = 'Q8W4P6';
INSERT INTO `placement_bv_update_history` (`left_carry`, `date`, `from_id`, `user_id`) VALUES ('50', '2024-10-01 16:11:21', 'GHEMGX', 'Q8W4P6');
INSERT INTO `matrix_filling` (`placement_id`, `downline_id`, `level`, `matrix`) VALUES ('WJR372', 'GHEMGX', 8, 1);
UPDATE `bv_updation` SET left_carry = left_carry+50, total_left = total_left+50
WHERE `user_id` = 'WJR372';
INSERT INTO `placement_bv_update_history` (`left_carry`, `date`, `from_id`, `user_id`) VALUES ('50', '2024-10-01 16:11:21', 'GHEMGX', 'WJR372');
INSERT INTO `matrix_filling` (`placement_id`, `downline_id`, `level`, `matrix`) VALUES ('YJ6OTD', 'GHEMGX', 9, 1);
UPDATE `bv_updation` SET left_carry = left_carry+50, total_left = total_left+50
WHERE `user_id` = 'YJ6OTD';
INSERT INTO `placement_bv_update_history` (`left_carry`, `date`, `from_id`, `user_id`) VALUES ('50', '2024-10-01 16:11:21', 'GHEMGX', 'YJ6OTD');
INSERT INTO `matrix_filling` (`placement_id`, `downline_id`, `level`, `matrix`) VALUES ('F8WLAW', 'GHEMGX', 10, 1);
UPDATE `bv_updation` SET left_carry = left_carry+50, total_left = total_left+50
WHERE `user_id` = 'F8WLAW';
INSERT INTO `placement_bv_update_history` (`left_carry`, `date`, `from_id`, `user_id`) VALUES ('50', '2024-10-01 16:11:21', 'GHEMGX', 'F8WLAW');
INSERT INTO `matrix_filling` (`placement_id`, `downline_id`, `level`, `matrix`) VALUES ('9H9OZM', 'GHEMGX', 11, 1);
UPDATE `bv_updation` SET left_carry = left_carry+50, total_left = total_left+50
WHERE `user_id` = '9H9OZM';
INSERT INTO `placement_bv_update_history` (`left_carry`, `date`, `from_id`, `user_id`) VALUES ('50', '2024-10-01 16:11:21', 'GHEMGX', '9H9OZM');
INSERT INTO `matrix_filling` (`placement_id`, `downline_id`, `level`, `matrix`) VALUES ('DLP7GD', 'GHEMGX', 12, 1);
UPDATE `bv_updation` SET left_carry = left_carry+50, total_left = total_left+50
WHERE `user_id` = 'DLP7GD';
INSERT INTO `placement_bv_update_history` (`left_carry`, `date`, `from_id`, `user_id`) VALUES ('50', '2024-10-01 16:11:21', 'GHEMGX', 'DLP7GD');
INSERT INTO `matrix_filling` (`placement_id`, `downline_id`, `level`, `matrix`) VALUES ('VG9TO9', 'GHEMGX', 13, 1);
UPDATE `bv_updation` SET left_carry = left_carry+50, total_left = total_left+50
WHERE `user_id` = 'VG9TO9';
INSERT INTO `placement_bv_update_history` (`left_carry`, `date`, `from_id`, `user_id`) VALUES ('50', '2024-10-01 16:11:21', 'GHEMGX', 'VG9TO9');
INSERT INTO `matrix_filling` (`placement_id`, `downline_id`, `level`, `matrix`) VALUES ('L8R95F', 'GHEMGX', 14, 1);
UPDATE `bv_updation` SET left_carry = left_carry+50, total_left = total_left+50
WHERE `user_id` = 'L8R95F';
INSERT INTO `placement_bv_update_history` (`left_carry`, `date`, `from_id`, `user_id`) VALUES ('50', '2024-10-01 16:11:21', 'GHEMGX', 'L8R95F');
INSERT INTO `matrix_filling` (`placement_id`, `downline_id`, `level`, `matrix`) VALUES ('Y9DPUD', 'GHEMGX', 15, 1);
UPDATE `bv_updation` SET left_carry = left_carry+50, total_left = total_left+50
WHERE `user_id` = 'Y9DPUD';
INSERT INTO `placement_bv_update_history` (`left_carry`, `date`, `from_id`, `user_id`) VALUES ('50', '2024-10-01 16:11:21', 'GHEMGX', 'Y9DPUD');
INSERT INTO `matrix_filling` (`placement_id`, `downline_id`, `level`, `matrix`) VALUES ('5H9TH3', 'GHEMGX', 16, 1);
UPDATE `bv_updation` SET left_carry = left_carry+50, total_left = total_left+50
WHERE `user_id` = '5H9TH3';
INSERT INTO `placement_bv_update_history` (`left_carry`, `date`, `from_id`, `user_id`) VALUES ('50', '2024-10-01 16:11:21', 'GHEMGX', '5H9TH3');
INSERT INTO `matrix_filling` (`placement_id`, `downline_id`, `level`, `matrix`) VALUES ('MIT9KW', 'GHEMGX', 17, 1);
UPDATE `bv_updation` SET left_carry = left_carry+50, total_left = total_left+50
WHERE `user_id` = 'MIT9KW';
INSERT INTO `placement_bv_update_history` (`left_carry`, `date`, `from_id`, `user_id`) VALUES ('50', '2024-10-01 16:11:21', 'GHEMGX', 'MIT9KW');
INSERT INTO `matrix_filling` (`placement_id`, `downline_id`, `level`, `matrix`) VALUES ('IMUABZ', 'GHEMGX', 18, 1);
UPDATE `bv_updation` SET left_carry = left_carry+50, total_left = total_left+50
WHERE `user_id` = 'IMUABZ';
INSERT INTO `placement_bv_update_history` (`left_carry`, `date`, `from_id`, `user_id`) VALUES ('50', '2024-10-01 16:11:21', 'GHEMGX', 'IMUABZ');
INSERT INTO `matrix_filling` (`placement_id`, `downline_id`, `level`, `matrix`) VALUES ('G54QC4', 'GHEMGX', 19, 1);
UPDATE `bv_updation` SET left_carry = left_carry+50, total_left = total_left+50
WHERE `user_id` = 'G54QC4';
INSERT INTO `placement_bv_update_history` (`left_carry`, `date`, `from_id`, `user_id`) VALUES ('50', '2024-10-01 16:11:21', 'GHEMGX', 'G54QC4');
INSERT INTO `matrix_filling` (`placement_id`, `downline_id`, `level`, `matrix`) VALUES ('9JPZJL', 'GHEMGX', 20, 1);
UPDATE `bv_updation` SET left_carry = left_carry+50, total_left = total_left+50
WHERE `user_id` = '9JPZJL';
INSERT INTO `placement_bv_update_history` (`left_carry`, `date`, `from_id`, `user_id`) VALUES ('50', '2024-10-01 16:11:21', 'GHEMGX', '9JPZJL');
INSERT INTO `matrix_filling` (`placement_id`, `downline_id`, `level`, `matrix`) VALUES ('E3PPZ3', 'GHEMGX', 21, 1);
UPDATE `bv_updation` SET left_carry = left_carry+50, total_left = total_left+50
WHERE `user_id` = 'E3PPZ3';
INSERT INTO `placement_bv_update_history` (`left_carry`, `date`, `from_id`, `user_id`) VALUES ('50', '2024-10-01 16:11:21', 'GHEMGX', 'E3PPZ3');
INSERT INTO `matrix_filling` (`placement_id`, `downline_id`, `level`, `matrix`) VALUES ('7RY1ZP', 'GHEMGX', 22, 1);
UPDATE `bv_updation` SET left_carry = left_carry+50, total_left = total_left+50
WHERE `user_id` = '7RY1ZP';
INSERT INTO `placement_bv_update_history` (`left_carry`, `date`, `from_id`, `user_id`) VALUES ('50', '2024-10-01 16:11:21', 'GHEMGX', '7RY1ZP');
UPDATE `bv_updation` SET sponsor_left_carry = sponsor_left_carry+50, sponsor_total_left = sponsor_total_left+50
WHERE `user_id` = '7RY1ZP';
INSERT INTO `sponsor_bv_update_history` (`left_carry`, `date`, `user_id`) VALUES ('50', '2024-10-01 16:11:21', '7RY1ZP');
INSERT INTO `matrix_filling` (`placement_id`, `downline_id`, `level`, `matrix`) VALUES ('ADZTOG', 'GHEMGX', 23, 1);
UPDATE `bv_updation` SET right_carry = right_carry+50, total_right = total_right+50
WHERE `user_id` = 'ADZTOG';
INSERT INTO `placement_bv_update_history` (`right_carry`, `date`, `from_id`, `user_id`) VALUES ('50', '2024-10-01 16:11:21', 'GHEMGX', 'ADZTOG');
INSERT INTO `matrix_filling` (`placement_id`, `downline_id`, `level`, `matrix`) VALUES ('A9858P', 'GHEMGX', 24, 1);
UPDATE `bv_updation` SET right_carry = right_carry+50, total_right = total_right+50
WHERE `user_id` = 'A9858P';
INSERT INTO `placement_bv_update_history` (`right_carry`, `date`, `from_id`, `user_id`) VALUES ('50', '2024-10-01 16:11:21', 'GHEMGX', 'A9858P');
INSERT INTO `matrix_filling` (`placement_id`, `downline_id`, `level`, `matrix`) VALUES ('admin', 'GHEMGX', 25, 1);
UPDATE `bv_updation` SET right_carry = right_carry+50, total_right = total_right+50
WHERE `user_id` = 'admin';
INSERT INTO `placement_bv_update_history` (`right_carry`, `date`, `from_id`, `user_id`) VALUES ('50', '2024-10-01 16:11:21', 'GHEMGX', 'admin');
INSERT INTO `package_purchase_history` (`user_id`, `package_id`, `reg_fee`, `package_name`, `monthly_fee`, `type`, `date`, `payment_option`) VALUES ('GHEMGX', '2', '595', 'Traveler Pro', '150', 'sign_up', '2024-10-01 16:11:21', 'free');
UPDATE `user_registration` SET `popup_seen` = 'yes'
WHERE `user_id` = 'A9858P';
UPDATE `user_registration` SET `popup_seen` = 'yes'
WHERE `user_id` = '7RY1ZP';
UPDATE `user_registration` SET `popup_seen` = 'yes'
WHERE `user_id` = 'A9858P';
UPDATE `ci_sessions` SET `timestamp` = 1727817179, `data` = '__ci_last_regenerate|i:1727817179;id|s:4:\"2021\";user_id|s:6:\"A9858P\";username|s:6:\"emilio\";sponsor_id|s:5:\"admin\";fullname|s:14:\"Emilio Tapanes\";email|s:23:\"emiliotapanes@gmail.com\";phone|s:10:\"7862876762\";isLogIn|b:1;'
WHERE `id` = 'ad188bcd9d0192b355ab10d61b04b11c0bf25f6d';
UPDATE `ci_sessions` SET `timestamp` = 1727817191, `data` = '__ci_last_regenerate|i:1727817191;id|s:4:\"2025\";user_id|s:6:\"7RY1ZP\";username|s:6:\"frank1\";sponsor_id|s:6:\"ADZTOG\";fullname|s:16:\"Francisco Prieto\";email|s:16:\"frank1@gmail.com\";phone|s:10:\"3057610606\";isLogIn|b:1;'
WHERE `id` = 'a21854d322c7cd6aba8be824ac3687a60923c5be';
UPDATE `user_registration` SET `uid` = '2376', `user_id` = 'MBUQAV', `username` = 'santi1', `sponsor_id` = '7RY1ZP', `vacant` = 'no', `f_name` = 'Santi', `l_name` = 'Fuentes', `address` = '6520 Kendale Lakes Dr ', `position` = 'left', `email` = 'santi1@gmail.com', `password` = '5be2fc80071978e05ccb591c078e478e', `phone` = '3057610606', `country` = 'United States', `state` = 'Florida', `city` = 'Miami', `street` = '6520 Kendale Lakes Dr', `zip_code` = '33183', `reg_ip` = '172.70.82.95', `status` = 1, `package_id` = '2', `rank_id` = 1, `highest_rank` = 1, `cycle_rank_id` = 1, `created` = '2024-10-01 16:13:11', `subscription_date` = '2024-10-31', `google_secret` = 'YWUEMQ34LCNPWQPF'
WHERE `uid` = '2376';
INSERT INTO `user_registration` (`uid`, `user_id`, `username`, `sponsor_id`, `placement_id`, `vacant`, `f_name`, `l_name`, `address`, `position`, `email`, `password`, `phone`, `reg_ip`, `status`, `created`) VALUES (NULL, 'PLDYWX', 'eFYjHGzZ', 'MBUQAV', 'MBUQAV', 'yes', '', '', '', 'left', '@mail.com', '', '', '', 0, '2024-10-01 16:13:11');
INSERT INTO `user_registration` (`uid`, `user_id`, `username`, `sponsor_id`, `placement_id`, `vacant`, `f_name`, `l_name`, `address`, `position`, `email`, `password`, `phone`, `reg_ip`, `status`, `created`) VALUES (NULL, 'GXDIQQ', 'hUoXcGbr', 'MBUQAV', 'MBUQAV', 'yes', '', '', '', 'right', '@mail.com', '', '', '', 0, '2024-10-01 16:13:11');
INSERT INTO `bv_updation` (`user_id`) VALUES ('MBUQAV');
UPDATE `user_registration` SET total_ref_count = total_ref_count+1
WHERE `user_id` = '7RY1ZP';
UPDATE `user_registration` SET total_downlines = total_downlines+1
WHERE `user_id` = 'GHEMGX';
UPDATE `user_registration` SET left_downlines = left_downlines+1
WHERE `user_id` = 'GHEMGX';
UPDATE `user_registration` SET total_downlines = total_downlines+1
WHERE `user_id` = 'QTPJS8';
UPDATE `user_registration` SET left_downlines = left_downlines+1
WHERE `user_id` = 'QTPJS8';
UPDATE `user_registration` SET total_downlines = total_downlines+1
WHERE `user_id` = 'Z1I4TX';
UPDATE `user_registration` SET left_downlines = left_downlines+1
WHERE `user_id` = 'Z1I4TX';
UPDATE `user_registration` SET total_downlines = total_downlines+1
WHERE `user_id` = 'G5ZEHT';
UPDATE `user_registration` SET left_downlines = left_downlines+1
WHERE `user_id` = 'G5ZEHT';
UPDATE `user_registration` SET total_downlines = total_downlines+1
WHERE `user_id` = 'AVXMIZ';
UPDATE `user_registration` SET left_downlines = left_downlines+1
WHERE `user_id` = 'AVXMIZ';
UPDATE `user_registration` SET total_downlines = total_downlines+1
WHERE `user_id` = 'CUQRWZ';
UPDATE `user_registration` SET left_downlines = left_downlines+1
WHERE `user_id` = 'CUQRWZ';
UPDATE `user_registration` SET total_downlines = total_downlines+1
WHERE `user_id` = '8JWYB8';
UPDATE `user_registration` SET left_downlines = left_downlines+1
WHERE `user_id` = '8JWYB8';
UPDATE `user_registration` SET total_downlines = total_downlines+1
WHERE `user_id` = 'Q8W4P6';
UPDATE `user_registration` SET left_downlines = left_downlines+1
WHERE `user_id` = 'Q8W4P6';
UPDATE `user_registration` SET total_downlines = total_downlines+1
WHERE `user_id` = 'WJR372';
UPDATE `user_registration` SET left_downlines = left_downlines+1
WHERE `user_id` = 'WJR372';
UPDATE `user_registration` SET total_downlines = total_downlines+1
WHERE `user_id` = 'YJ6OTD';
UPDATE `user_registration` SET left_downlines = left_downlines+1
WHERE `user_id` = 'YJ6OTD';
UPDATE `user_registration` SET total_downlines = total_downlines+1
WHERE `user_id` = 'F8WLAW';
UPDATE `user_registration` SET left_downlines = left_downlines+1
WHERE `user_id` = 'F8WLAW';
UPDATE `user_registration` SET total_downlines = total_downlines+1
WHERE `user_id` = '9H9OZM';
UPDATE `user_registration` SET left_downlines = left_downlines+1
WHERE `user_id` = '9H9OZM';
UPDATE `user_registration` SET total_downlines = total_downlines+1
WHERE `user_id` = 'DLP7GD';
UPDATE `user_registration` SET left_downlines = left_downlines+1
WHERE `user_id` = 'DLP7GD';
UPDATE `user_registration` SET total_downlines = total_downlines+1
WHERE `user_id` = 'VG9TO9';
UPDATE `user_registration` SET left_downlines = left_downlines+1
WHERE `user_id` = 'VG9TO9';
UPDATE `user_registration` SET total_downlines = total_downlines+1
WHERE `user_id` = 'L8R95F';
UPDATE `user_registration` SET left_downlines = left_downlines+1
WHERE `user_id` = 'L8R95F';
UPDATE `user_registration` SET total_downlines = total_downlines+1
WHERE `user_id` = 'Y9DPUD';
UPDATE `user_registration` SET left_downlines = left_downlines+1
WHERE `user_id` = 'Y9DPUD';
UPDATE `user_registration` SET total_downlines = total_downlines+1
WHERE `user_id` = '5H9TH3';
UPDATE `user_registration` SET left_downlines = left_downlines+1
WHERE `user_id` = '5H9TH3';
UPDATE `user_registration` SET total_downlines = total_downlines+1
WHERE `user_id` = 'MIT9KW';
UPDATE `user_registration` SET left_downlines = left_downlines+1
WHERE `user_id` = 'MIT9KW';
UPDATE `user_registration` SET total_downlines = total_downlines+1
WHERE `user_id` = 'IMUABZ';
UPDATE `user_registration` SET left_downlines = left_downlines+1
WHERE `user_id` = 'IMUABZ';
UPDATE `user_registration` SET total_downlines = total_downlines+1
WHERE `user_id` = 'G54QC4';
UPDATE `user_registration` SET left_downlines = left_downlines+1
WHERE `user_id` = 'G54QC4';
UPDATE `user_registration` SET total_downlines = total_downlines+1
WHERE `user_id` = '9JPZJL';
UPDATE `user_registration` SET left_downlines = left_downlines+1
WHERE `user_id` = '9JPZJL';
UPDATE `user_registration` SET total_downlines = total_downlines+1
WHERE `user_id` = 'E3PPZ3';
UPDATE `user_registration` SET left_downlines = left_downlines+1
WHERE `user_id` = 'E3PPZ3';
UPDATE `user_registration` SET total_downlines = total_downlines+1
WHERE `user_id` = '7RY1ZP';
UPDATE `user_registration` SET left_downlines = left_downlines+1
WHERE `user_id` = '7RY1ZP';
UPDATE `user_registration` SET left_ref_count = left_ref_count+1
WHERE `user_id` = '7RY1ZP';
UPDATE `user_registration` SET active_left = active_left+1
WHERE `user_id` = '7RY1ZP';
UPDATE `user_registration` SET total_downlines = total_downlines+1
WHERE `user_id` = 'ADZTOG';
UPDATE `user_registration` SET right_downlines = right_downlines+1
WHERE `user_id` = 'ADZTOG';
UPDATE `user_registration` SET total_downlines = total_downlines+1
WHERE `user_id` = 'A9858P';
UPDATE `user_registration` SET right_downlines = right_downlines+1
WHERE `user_id` = 'A9858P';
UPDATE `user_registration` SET total_downlines = total_downlines+1
WHERE `user_id` = 'admin';
UPDATE `user_registration` SET right_downlines = right_downlines+1
WHERE `user_id` = 'admin';
INSERT INTO `investment` (`invest_date`, `user_id`, `type`, `amount`, `package_id`) VALUES ('2024-10-01 16:13:12', 'MBUQAV', 'register', '595', '2');
INSERT INTO `earnings` (`user_id`, `Purchaser_id`, `earning_type`, `package_id`, `amount`, `date`, `comments`, `invest_amount`, `comm_perc`, `level`, `rank_id`, `order_id`) VALUES ('7RY1ZP', 'MBUQAV', 'Direct Referral Bonus', '2', '100', '2024-10-01 16:13:12', 'Direct Referral Bonus', 0, 0, 1, '', 184);
UPDATE `user_registration` SET commission_balance = ROUND(commission_balance + 100,2)
WHERE `user_id` = '7RY1ZP';
UPDATE `user_registration` SET referral_bonus = ROUND(referral_bonus + 100,2)
WHERE `user_id` = '7RY1ZP';
INSERT INTO `earnings` (`user_id`, `Purchaser_id`, `earning_type`, `package_id`, `amount`, `date`, `comments`, `invest_amount`, `comm_perc`, `level`, `rank_id`, `order_id`) VALUES ('A9858P', 'MBUQAV', 'Expansion Bonus', '2', 100, '2024-10-01 16:13:12', 'Expansion Bonus', '100', 0, 1, '', 184);
UPDATE `user_registration` SET commission_balance = ROUND(commission_balance + 100,2)
WHERE `user_id` = 'A9858P';
UPDATE `user_registration` SET expansion_bonus = ROUND(expansion_bonus + 100,2)
WHERE `user_id` = 'A9858P';
INSERT INTO `matrix_filling` (`placement_id`, `downline_id`, `level`, `matrix`) VALUES ('GHEMGX', 'MBUQAV', 1, 1);
UPDATE `bv_updation` SET left_carry = left_carry+50, total_left = total_left+50
WHERE `user_id` = 'GHEMGX';
INSERT INTO `placement_bv_update_history` (`left_carry`, `date`, `from_id`, `user_id`) VALUES ('50', '2024-10-01 16:13:12', 'MBUQAV', 'GHEMGX');
INSERT INTO `matrix_filling` (`placement_id`, `downline_id`, `level`, `matrix`) VALUES ('QTPJS8', 'MBUQAV', 2, 1);
UPDATE `bv_updation` SET left_carry = left_carry+50, total_left = total_left+50
WHERE `user_id` = 'QTPJS8';
INSERT INTO `placement_bv_update_history` (`left_carry`, `date`, `from_id`, `user_id`) VALUES ('50', '2024-10-01 16:13:12', 'MBUQAV', 'QTPJS8');
INSERT INTO `matrix_filling` (`placement_id`, `downline_id`, `level`, `matrix`) VALUES ('Z1I4TX', 'MBUQAV', 3, 1);
UPDATE `bv_updation` SET left_carry = left_carry+50, total_left = total_left+50
WHERE `user_id` = 'Z1I4TX';
INSERT INTO `placement_bv_update_history` (`left_carry`, `date`, `from_id`, `user_id`) VALUES ('50', '2024-10-01 16:13:12', 'MBUQAV', 'Z1I4TX');
INSERT INTO `matrix_filling` (`placement_id`, `downline_id`, `level`, `matrix`) VALUES ('G5ZEHT', 'MBUQAV', 4, 1);
UPDATE `bv_updation` SET left_carry = left_carry+50, total_left = total_left+50
WHERE `user_id` = 'G5ZEHT';
INSERT INTO `placement_bv_update_history` (`left_carry`, `date`, `from_id`, `user_id`) VALUES ('50', '2024-10-01 16:13:12', 'MBUQAV', 'G5ZEHT');
INSERT INTO `matrix_filling` (`placement_id`, `downline_id`, `level`, `matrix`) VALUES ('AVXMIZ', 'MBUQAV', 5, 1);
UPDATE `bv_updation` SET left_carry = left_carry+50, total_left = total_left+50
WHERE `user_id` = 'AVXMIZ';
INSERT INTO `placement_bv_update_history` (`left_carry`, `date`, `from_id`, `user_id`) VALUES ('50', '2024-10-01 16:13:12', 'MBUQAV', 'AVXMIZ');
INSERT INTO `matrix_filling` (`placement_id`, `downline_id`, `level`, `matrix`) VALUES ('CUQRWZ', 'MBUQAV', 6, 1);
UPDATE `bv_updation` SET left_carry = left_carry+50, total_left = total_left+50
WHERE `user_id` = 'CUQRWZ';
INSERT INTO `placement_bv_update_history` (`left_carry`, `date`, `from_id`, `user_id`) VALUES ('50', '2024-10-01 16:13:12', 'MBUQAV', 'CUQRWZ');
INSERT INTO `matrix_filling` (`placement_id`, `downline_id`, `level`, `matrix`) VALUES ('8JWYB8', 'MBUQAV', 7, 1);
UPDATE `bv_updation` SET left_carry = left_carry+50, total_left = total_left+50
WHERE `user_id` = '8JWYB8';
INSERT INTO `placement_bv_update_history` (`left_carry`, `date`, `from_id`, `user_id`) VALUES ('50', '2024-10-01 16:13:12', 'MBUQAV', '8JWYB8');
INSERT INTO `matrix_filling` (`placement_id`, `downline_id`, `level`, `matrix`) VALUES ('Q8W4P6', 'MBUQAV', 8, 1);
UPDATE `bv_updation` SET left_carry = left_carry+50, total_left = total_left+50
WHERE `user_id` = 'Q8W4P6';
INSERT INTO `placement_bv_update_history` (`left_carry`, `date`, `from_id`, `user_id`) VALUES ('50', '2024-10-01 16:13:12', 'MBUQAV', 'Q8W4P6');
INSERT INTO `matrix_filling` (`placement_id`, `downline_id`, `level`, `matrix`) VALUES ('WJR372', 'MBUQAV', 9, 1);
UPDATE `bv_updation` SET left_carry = left_carry+50, total_left = total_left+50
WHERE `user_id` = 'WJR372';
INSERT INTO `placement_bv_update_history` (`left_carry`, `date`, `from_id`, `user_id`) VALUES ('50', '2024-10-01 16:13:12', 'MBUQAV', 'WJR372');
INSERT INTO `matrix_filling` (`placement_id`, `downline_id`, `level`, `matrix`) VALUES ('YJ6OTD', 'MBUQAV', 10, 1);
UPDATE `bv_updation` SET left_carry = left_carry+50, total_left = total_left+50
WHERE `user_id` = 'YJ6OTD';
INSERT INTO `placement_bv_update_history` (`left_carry`, `date`, `from_id`, `user_id`) VALUES ('50', '2024-10-01 16:13:12', 'MBUQAV', 'YJ6OTD');
INSERT INTO `matrix_filling` (`placement_id`, `downline_id`, `level`, `matrix`) VALUES ('F8WLAW', 'MBUQAV', 11, 1);
UPDATE `bv_updation` SET left_carry = left_carry+50, total_left = total_left+50
WHERE `user_id` = 'F8WLAW';
INSERT INTO `placement_bv_update_history` (`left_carry`, `date`, `from_id`, `user_id`) VALUES ('50', '2024-10-01 16:13:12', 'MBUQAV', 'F8WLAW');
INSERT INTO `matrix_filling` (`placement_id`, `downline_id`, `level`, `matrix`) VALUES ('9H9OZM', 'MBUQAV', 12, 1);
UPDATE `bv_updation` SET left_carry = left_carry+50, total_left = total_left+50
WHERE `user_id` = '9H9OZM';
INSERT INTO `placement_bv_update_history` (`left_carry`, `date`, `from_id`, `user_id`) VALUES ('50', '2024-10-01 16:13:12', 'MBUQAV', '9H9OZM');
INSERT INTO `matrix_filling` (`placement_id`, `downline_id`, `level`, `matrix`) VALUES ('DLP7GD', 'MBUQAV', 13, 1);
UPDATE `bv_updation` SET left_carry = left_carry+50, total_left = total_left+50
WHERE `user_id` = 'DLP7GD';
INSERT INTO `placement_bv_update_history` (`left_carry`, `date`, `from_id`, `user_id`) VALUES ('50', '2024-10-01 16:13:12', 'MBUQAV', 'DLP7GD');
INSERT INTO `matrix_filling` (`placement_id`, `downline_id`, `level`, `matrix`) VALUES ('VG9TO9', 'MBUQAV', 14, 1);
UPDATE `bv_updation` SET left_carry = left_carry+50, total_left = total_left+50
WHERE `user_id` = 'VG9TO9';
INSERT INTO `placement_bv_update_history` (`left_carry`, `date`, `from_id`, `user_id`) VALUES ('50', '2024-10-01 16:13:12', 'MBUQAV', 'VG9TO9');
INSERT INTO `matrix_filling` (`placement_id`, `downline_id`, `level`, `matrix`) VALUES ('L8R95F', 'MBUQAV', 15, 1);
UPDATE `bv_updation` SET left_carry = left_carry+50, total_left = total_left+50
WHERE `user_id` = 'L8R95F';
INSERT INTO `placement_bv_update_history` (`left_carry`, `date`, `from_id`, `user_id`) VALUES ('50', '2024-10-01 16:13:12', 'MBUQAV', 'L8R95F');
INSERT INTO `matrix_filling` (`placement_id`, `downline_id`, `level`, `matrix`) VALUES ('Y9DPUD', 'MBUQAV', 16, 1);
UPDATE `bv_updation` SET left_carry = left_carry+50, total_left = total_left+50
WHERE `user_id` = 'Y9DPUD';
INSERT INTO `placement_bv_update_history` (`left_carry`, `date`, `from_id`, `user_id`) VALUES ('50', '2024-10-01 16:13:12', 'MBUQAV', 'Y9DPUD');
INSERT INTO `matrix_filling` (`placement_id`, `downline_id`, `level`, `matrix`) VALUES ('5H9TH3', 'MBUQAV', 17, 1);
UPDATE `bv_updation` SET left_carry = left_carry+50, total_left = total_left+50
WHERE `user_id` = '5H9TH3';
INSERT INTO `placement_bv_update_history` (`left_carry`, `date`, `from_id`, `user_id`) VALUES ('50', '2024-10-01 16:13:12', 'MBUQAV', '5H9TH3');
INSERT INTO `matrix_filling` (`placement_id`, `downline_id`, `level`, `matrix`) VALUES ('MIT9KW', 'MBUQAV', 18, 1);
UPDATE `bv_updation` SET left_carry = left_carry+50, total_left = total_left+50
WHERE `user_id` = 'MIT9KW';
INSERT INTO `placement_bv_update_history` (`left_carry`, `date`, `from_id`, `user_id`) VALUES ('50', '2024-10-01 16:13:12', 'MBUQAV', 'MIT9KW');
INSERT INTO `matrix_filling` (`placement_id`, `downline_id`, `level`, `matrix`) VALUES ('IMUABZ', 'MBUQAV', 19, 1);
UPDATE `bv_updation` SET left_carry = left_carry+50, total_left = total_left+50
WHERE `user_id` = 'IMUABZ';
INSERT INTO `placement_bv_update_history` (`left_carry`, `date`, `from_id`, `user_id`) VALUES ('50', '2024-10-01 16:13:12', 'MBUQAV', 'IMUABZ');
INSERT INTO `matrix_filling` (`placement_id`, `downline_id`, `level`, `matrix`) VALUES ('G54QC4', 'MBUQAV', 20, 1);
UPDATE `bv_updation` SET left_carry = left_carry+50, total_left = total_left+50
WHERE `user_id` = 'G54QC4';
INSERT INTO `placement_bv_update_history` (`left_carry`, `date`, `from_id`, `user_id`) VALUES ('50', '2024-10-01 16:13:12', 'MBUQAV', 'G54QC4');
INSERT INTO `matrix_filling` (`placement_id`, `downline_id`, `level`, `matrix`) VALUES ('9JPZJL', 'MBUQAV', 21, 1);
UPDATE `bv_updation` SET left_carry = left_carry+50, total_left = total_left+50
WHERE `user_id` = '9JPZJL';
INSERT INTO `placement_bv_update_history` (`left_carry`, `date`, `from_id`, `user_id`) VALUES ('50', '2024-10-01 16:13:12', 'MBUQAV', '9JPZJL');
INSERT INTO `matrix_filling` (`placement_id`, `downline_id`, `level`, `matrix`) VALUES ('E3PPZ3', 'MBUQAV', 22, 1);
UPDATE `bv_updation` SET left_carry = left_carry+50, total_left = total_left+50
WHERE `user_id` = 'E3PPZ3';
INSERT INTO `placement_bv_update_history` (`left_carry`, `date`, `from_id`, `user_id`) VALUES ('50', '2024-10-01 16:13:12', 'MBUQAV', 'E3PPZ3');
INSERT INTO `matrix_filling` (`placement_id`, `downline_id`, `level`, `matrix`) VALUES ('7RY1ZP', 'MBUQAV', 23, 1);
UPDATE `bv_updation` SET left_carry = left_carry+50, total_left = total_left+50
WHERE `user_id` = '7RY1ZP';
INSERT INTO `placement_bv_update_history` (`left_carry`, `date`, `from_id`, `user_id`) VALUES ('50', '2024-10-01 16:13:12', 'MBUQAV', '7RY1ZP');
UPDATE `bv_updation` SET sponsor_left_carry = sponsor_left_carry+50, sponsor_total_left = sponsor_total_left+50
WHERE `user_id` = '7RY1ZP';
INSERT INTO `sponsor_bv_update_history` (`left_carry`, `date`, `user_id`) VALUES ('50', '2024-10-01 16:13:12', '7RY1ZP');
INSERT INTO `matrix_filling` (`placement_id`, `downline_id`, `level`, `matrix`) VALUES ('ADZTOG', 'MBUQAV', 24, 1);
UPDATE `bv_updation` SET right_carry = right_carry+50, total_right = total_right+50
WHERE `user_id` = 'ADZTOG';
INSERT INTO `placement_bv_update_history` (`right_carry`, `date`, `from_id`, `user_id`) VALUES ('50', '2024-10-01 16:13:12', 'MBUQAV', 'ADZTOG');
INSERT INTO `matrix_filling` (`placement_id`, `downline_id`, `level`, `matrix`) VALUES ('A9858P', 'MBUQAV', 25, 1);
UPDATE `bv_updation` SET right_carry = right_carry+50, total_right = total_right+50
WHERE `user_id` = 'A9858P';
INSERT INTO `placement_bv_update_history` (`right_carry`, `date`, `from_id`, `user_id`) VALUES ('50', '2024-10-01 16:13:12', 'MBUQAV', 'A9858P');
INSERT INTO `matrix_filling` (`placement_id`, `downline_id`, `level`, `matrix`) VALUES ('admin', 'MBUQAV', 26, 1);
UPDATE `bv_updation` SET right_carry = right_carry+50, total_right = total_right+50
WHERE `user_id` = 'admin';
INSERT INTO `placement_bv_update_history` (`right_carry`, `date`, `from_id`, `user_id`) VALUES ('50', '2024-10-01 16:13:12', 'MBUQAV', 'admin');
INSERT INTO `package_purchase_history` (`user_id`, `package_id`, `reg_fee`, `package_name`, `monthly_fee`, `type`, `date`, `payment_option`) VALUES ('MBUQAV', '2', '595', 'Traveler Pro', '150', 'sign_up', '2024-10-01 16:13:12', 'free');
UPDATE `user_registration` SET `popup_seen` = 'yes'
WHERE `user_id` = '7RY1ZP';
UPDATE `user_registration` SET `uid` = '2375', `user_id` = 'SHIOTF', `username` = 'Ahmedm1', `sponsor_id` = 'A9858P', `vacant` = 'no', `f_name` = 'Ahmed', `l_name` = 'Martell', `address` = '8100 SW 14 Terr', `position` = 'right', `email` = 'ahmedm1@gmail.com', `password` = '886ac06d97e30709db2247562ad8ce0f', `phone` = '7862876762', `country` = 'United States', `state` = 'Florida', `city` = 'Miami', `street` = '8100 SW 14 Terr', `zip_code` = '33144', `reg_ip` = '172.70.82.95', `status` = 1, `package_id` = '2', `rank_id` = 1, `highest_rank` = 1, `cycle_rank_id` = 1, `created` = '2024-10-01 16:14:34', `subscription_date` = '2024-10-31', `google_secret` = 'DQXQABXZDTQQC4MD'
WHERE `uid` = '2375';
INSERT INTO `user_registration` (`uid`, `user_id`, `username`, `sponsor_id`, `placement_id`, `vacant`, `f_name`, `l_name`, `address`, `position`, `email`, `password`, `phone`, `reg_ip`, `status`, `created`) VALUES (NULL, 'PURJIP', 'ixYlafVl', 'SHIOTF', 'SHIOTF', 'yes', '', '', '', 'left', '@mail.com', '', '', '', 0, '2024-10-01 16:14:34');
INSERT INTO `user_registration` (`uid`, `user_id`, `username`, `sponsor_id`, `placement_id`, `vacant`, `f_name`, `l_name`, `address`, `position`, `email`, `password`, `phone`, `reg_ip`, `status`, `created`) VALUES (NULL, 'LYLIXS', 'sobNXUiI', 'SHIOTF', 'SHIOTF', 'yes', '', '', '', 'right', '@mail.com', '', '', '', 0, '2024-10-01 16:14:34');
INSERT INTO `bv_updation` (`user_id`) VALUES ('SHIOTF');
UPDATE `user_registration` SET total_ref_count = total_ref_count+1
WHERE `user_id` = 'A9858P';
UPDATE `user_registration` SET total_downlines = total_downlines+1
WHERE `user_id` = '4YA81C';
UPDATE `user_registration` SET right_downlines = right_downlines+1
WHERE `user_id` = '4YA81C';
UPDATE `user_registration` SET total_downlines = total_downlines+1
WHERE `user_id` = 'G1CDHO';
UPDATE `user_registration` SET right_downlines = right_downlines+1
WHERE `user_id` = 'G1CDHO';
UPDATE `user_registration` SET total_downlines = total_downlines+1
WHERE `user_id` = '9NGWQG';
UPDATE `user_registration` SET right_downlines = right_downlines+1
WHERE `user_id` = '9NGWQG';
UPDATE `user_registration` SET total_downlines = total_downlines+1
WHERE `user_id` = 'R6J8K1';
UPDATE `user_registration` SET right_downlines = right_downlines+1
WHERE `user_id` = 'R6J8K1';
UPDATE `user_registration` SET total_downlines = total_downlines+1
WHERE `user_id` = 'G6ZQNS';
UPDATE `user_registration` SET right_downlines = right_downlines+1
WHERE `user_id` = 'G6ZQNS';
UPDATE `user_registration` SET total_downlines = total_downlines+1
WHERE `user_id` = 'M4FVZR';
UPDATE `user_registration` SET right_downlines = right_downlines+1
WHERE `user_id` = 'M4FVZR';
UPDATE `user_registration` SET total_downlines = total_downlines+1
WHERE `user_id` = '5ZLRWM';
UPDATE `user_registration` SET right_downlines = right_downlines+1
WHERE `user_id` = '5ZLRWM';
UPDATE `user_registration` SET total_downlines = total_downlines+1
WHERE `user_id` = 'JPDLRK';
UPDATE `user_registration` SET right_downlines = right_downlines+1
WHERE `user_id` = 'JPDLRK';
UPDATE `user_registration` SET total_downlines = total_downlines+1
WHERE `user_id` = 'FGURJ3';
UPDATE `user_registration` SET right_downlines = right_downlines+1
WHERE `user_id` = 'FGURJ3';
UPDATE `user_registration` SET total_downlines = total_downlines+1
WHERE `user_id` = 'L2ZCMP';
UPDATE `user_registration` SET right_downlines = right_downlines+1
WHERE `user_id` = 'L2ZCMP';
UPDATE `user_registration` SET total_downlines = total_downlines+1
WHERE `user_id` = 'XOJI6Y';
UPDATE `user_registration` SET right_downlines = right_downlines+1
WHERE `user_id` = 'XOJI6Y';
UPDATE `user_registration` SET total_downlines = total_downlines+1
WHERE `user_id` = 'Z6E2C9';
UPDATE `user_registration` SET right_downlines = right_downlines+1
WHERE `user_id` = 'Z6E2C9';
UPDATE `user_registration` SET total_downlines = total_downlines+1
WHERE `user_id` = 'VT4PXI';
UPDATE `user_registration` SET right_downlines = right_downlines+1
WHERE `user_id` = 'VT4PXI';
UPDATE `user_registration` SET total_downlines = total_downlines+1
WHERE `user_id` = 'QKHYPY';
UPDATE `user_registration` SET right_downlines = right_downlines+1
WHERE `user_id` = 'QKHYPY';
UPDATE `user_registration` SET total_downlines = total_downlines+1
WHERE `user_id` = 'LN7PEK';
UPDATE `user_registration` SET right_downlines = right_downlines+1
WHERE `user_id` = 'LN7PEK';
UPDATE `user_registration` SET total_downlines = total_downlines+1
WHERE `user_id` = 'LYDDQ5';
UPDATE `user_registration` SET right_downlines = right_downlines+1
WHERE `user_id` = 'LYDDQ5';
UPDATE `user_registration` SET total_downlines = total_downlines+1
WHERE `user_id` = '6UO8TB';
UPDATE `user_registration` SET right_downlines = right_downlines+1
WHERE `user_id` = '6UO8TB';
UPDATE `user_registration` SET total_downlines = total_downlines+1
WHERE `user_id` = 'GPRO3Q';
UPDATE `user_registration` SET right_downlines = right_downlines+1
WHERE `user_id` = 'GPRO3Q';
UPDATE `user_registration` SET total_downlines = total_downlines+1
WHERE `user_id` = 'MBPRQB';
UPDATE `user_registration` SET right_downlines = right_downlines+1
WHERE `user_id` = 'MBPRQB';
UPDATE `user_registration` SET total_downlines = total_downlines+1
WHERE `user_id` = 'X1RH6U';
UPDATE `user_registration` SET right_downlines = right_downlines+1
WHERE `user_id` = 'X1RH6U';
UPDATE `user_registration` SET total_downlines = total_downlines+1
WHERE `user_id` = 'HHALCM';
UPDATE `user_registration` SET right_downlines = right_downlines+1
WHERE `user_id` = 'HHALCM';
UPDATE `user_registration` SET total_downlines = total_downlines+1
WHERE `user_id` = '7WQBA7';
UPDATE `user_registration` SET right_downlines = right_downlines+1
WHERE `user_id` = '7WQBA7';
UPDATE `user_registration` SET total_downlines = total_downlines+1
WHERE `user_id` = 'QPNZO1';
UPDATE `user_registration` SET right_downlines = right_downlines+1
WHERE `user_id` = 'QPNZO1';
UPDATE `user_registration` SET total_downlines = total_downlines+1
WHERE `user_id` = 'KCF78M';
UPDATE `user_registration` SET right_downlines = right_downlines+1
WHERE `user_id` = 'KCF78M';
UPDATE `user_registration` SET total_downlines = total_downlines+1
WHERE `user_id` = '7RY1ZP';
UPDATE `user_registration` SET right_downlines = right_downlines+1
WHERE `user_id` = '7RY1ZP';
UPDATE `user_registration` SET total_downlines = total_downlines+1
WHERE `user_id` = 'ADZTOG';
UPDATE `user_registration` SET right_downlines = right_downlines+1
WHERE `user_id` = 'ADZTOG';
UPDATE `user_registration` SET total_downlines = total_downlines+1
WHERE `user_id` = 'A9858P';
UPDATE `user_registration` SET right_downlines = right_downlines+1
WHERE `user_id` = 'A9858P';
UPDATE `user_registration` SET right_ref_count = right_ref_count+1
WHERE `user_id` = 'A9858P';
UPDATE `user_registration` SET active_right = active_right+1
WHERE `user_id` = 'A9858P';
UPDATE `user_registration` SET total_downlines = total_downlines+1
WHERE `user_id` = 'admin';
UPDATE `user_registration` SET right_downlines = right_downlines+1
WHERE `user_id` = 'admin';
INSERT INTO `investment` (`invest_date`, `user_id`, `type`, `amount`, `package_id`) VALUES ('2024-10-01 16:14:34', 'SHIOTF', 'register', '595', '2');
INSERT INTO `earnings` (`user_id`, `Purchaser_id`, `earning_type`, `package_id`, `amount`, `date`, `comments`, `invest_amount`, `comm_perc`, `level`, `rank_id`, `order_id`) VALUES ('A9858P', 'SHIOTF', 'Direct Referral Bonus', '2', '200', '2024-10-01 16:14:34', 'Direct Referral Bonus', 0, 0, 1, '', 185);
UPDATE `user_registration` SET commission_balance = ROUND(commission_balance + 200,2)
WHERE `user_id` = 'A9858P';
UPDATE `user_registration` SET referral_bonus = ROUND(referral_bonus + 200,2)
WHERE `user_id` = 'A9858P';
INSERT INTO `matrix_filling` (`placement_id`, `downline_id`, `level`, `matrix`) VALUES ('4YA81C', 'SHIOTF', 1, 1);
UPDATE `bv_updation` SET right_carry = right_carry+50, total_right = total_right+50
WHERE `user_id` = '4YA81C';
INSERT INTO `placement_bv_update_history` (`right_carry`, `date`, `from_id`, `user_id`) VALUES ('50', '2024-10-01 16:14:34', 'SHIOTF', '4YA81C');
INSERT INTO `matrix_filling` (`placement_id`, `downline_id`, `level`, `matrix`) VALUES ('G1CDHO', 'SHIOTF', 2, 1);
UPDATE `bv_updation` SET right_carry = right_carry+50, total_right = total_right+50
WHERE `user_id` = 'G1CDHO';
INSERT INTO `placement_bv_update_history` (`right_carry`, `date`, `from_id`, `user_id`) VALUES ('50', '2024-10-01 16:14:34', 'SHIOTF', 'G1CDHO');
INSERT INTO `matrix_filling` (`placement_id`, `downline_id`, `level`, `matrix`) VALUES ('9NGWQG', 'SHIOTF', 3, 1);
UPDATE `bv_updation` SET right_carry = right_carry+50, total_right = total_right+50
WHERE `user_id` = '9NGWQG';
INSERT INTO `placement_bv_update_history` (`right_carry`, `date`, `from_id`, `user_id`) VALUES ('50', '2024-10-01 16:14:34', 'SHIOTF', '9NGWQG');
INSERT INTO `matrix_filling` (`placement_id`, `downline_id`, `level`, `matrix`) VALUES ('R6J8K1', 'SHIOTF', 4, 1);
UPDATE `bv_updation` SET right_carry = right_carry+50, total_right = total_right+50
WHERE `user_id` = 'R6J8K1';
INSERT INTO `placement_bv_update_history` (`right_carry`, `date`, `from_id`, `user_id`) VALUES ('50', '2024-10-01 16:14:34', 'SHIOTF', 'R6J8K1');
INSERT INTO `matrix_filling` (`placement_id`, `downline_id`, `level`, `matrix`) VALUES ('G6ZQNS', 'SHIOTF', 5, 1);
UPDATE `bv_updation` SET right_carry = right_carry+50, total_right = total_right+50
WHERE `user_id` = 'G6ZQNS';
INSERT INTO `placement_bv_update_history` (`right_carry`, `date`, `from_id`, `user_id`) VALUES ('50', '2024-10-01 16:14:34', 'SHIOTF', 'G6ZQNS');
INSERT INTO `matrix_filling` (`placement_id`, `downline_id`, `level`, `matrix`) VALUES ('M4FVZR', 'SHIOTF', 6, 1);
UPDATE `bv_updation` SET right_carry = right_carry+50, total_right = total_right+50
WHERE `user_id` = 'M4FVZR';
INSERT INTO `placement_bv_update_history` (`right_carry`, `date`, `from_id`, `user_id`) VALUES ('50', '2024-10-01 16:14:34', 'SHIOTF', 'M4FVZR');
INSERT INTO `matrix_filling` (`placement_id`, `downline_id`, `level`, `matrix`) VALUES ('5ZLRWM', 'SHIOTF', 7, 1);
UPDATE `bv_updation` SET right_carry = right_carry+50, total_right = total_right+50
WHERE `user_id` = '5ZLRWM';
INSERT INTO `placement_bv_update_history` (`right_carry`, `date`, `from_id`, `user_id`) VALUES ('50', '2024-10-01 16:14:34', 'SHIOTF', '5ZLRWM');
INSERT INTO `matrix_filling` (`placement_id`, `downline_id`, `level`, `matrix`) VALUES ('JPDLRK', 'SHIOTF', 8, 1);
UPDATE `bv_updation` SET right_carry = right_carry+50, total_right = total_right+50
WHERE `user_id` = 'JPDLRK';
INSERT INTO `placement_bv_update_history` (`right_carry`, `date`, `from_id`, `user_id`) VALUES ('50', '2024-10-01 16:14:34', 'SHIOTF', 'JPDLRK');
INSERT INTO `matrix_filling` (`placement_id`, `downline_id`, `level`, `matrix`) VALUES ('FGURJ3', 'SHIOTF', 9, 1);
UPDATE `bv_updation` SET right_carry = right_carry+50, total_right = total_right+50
WHERE `user_id` = 'FGURJ3';
INSERT INTO `placement_bv_update_history` (`right_carry`, `date`, `from_id`, `user_id`) VALUES ('50', '2024-10-01 16:14:34', 'SHIOTF', 'FGURJ3');
INSERT INTO `matrix_filling` (`placement_id`, `downline_id`, `level`, `matrix`) VALUES ('L2ZCMP', 'SHIOTF', 10, 1);
UPDATE `bv_updation` SET right_carry = right_carry+50, total_right = total_right+50
WHERE `user_id` = 'L2ZCMP';
INSERT INTO `placement_bv_update_history` (`right_carry`, `date`, `from_id`, `user_id`) VALUES ('50', '2024-10-01 16:14:34', 'SHIOTF', 'L2ZCMP');
INSERT INTO `matrix_filling` (`placement_id`, `downline_id`, `level`, `matrix`) VALUES ('XOJI6Y', 'SHIOTF', 11, 1);
UPDATE `bv_updation` SET right_carry = right_carry+50, total_right = total_right+50
WHERE `user_id` = 'XOJI6Y';
INSERT INTO `placement_bv_update_history` (`right_carry`, `date`, `from_id`, `user_id`) VALUES ('50', '2024-10-01 16:14:34', 'SHIOTF', 'XOJI6Y');
INSERT INTO `matrix_filling` (`placement_id`, `downline_id`, `level`, `matrix`) VALUES ('Z6E2C9', 'SHIOTF', 12, 1);
UPDATE `bv_updation` SET right_carry = right_carry+50, total_right = total_right+50
WHERE `user_id` = 'Z6E2C9';
INSERT INTO `placement_bv_update_history` (`right_carry`, `date`, `from_id`, `user_id`) VALUES ('50', '2024-10-01 16:14:34', 'SHIOTF', 'Z6E2C9');
INSERT INTO `matrix_filling` (`placement_id`, `downline_id`, `level`, `matrix`) VALUES ('VT4PXI', 'SHIOTF', 13, 1);
UPDATE `bv_updation` SET right_carry = right_carry+50, total_right = total_right+50
WHERE `user_id` = 'VT4PXI';
INSERT INTO `placement_bv_update_history` (`right_carry`, `date`, `from_id`, `user_id`) VALUES ('50', '2024-10-01 16:14:34', 'SHIOTF', 'VT4PXI');
INSERT INTO `matrix_filling` (`placement_id`, `downline_id`, `level`, `matrix`) VALUES ('QKHYPY', 'SHIOTF', 14, 1);
UPDATE `bv_updation` SET right_carry = right_carry+50, total_right = total_right+50
WHERE `user_id` = 'QKHYPY';
INSERT INTO `placement_bv_update_history` (`right_carry`, `date`, `from_id`, `user_id`) VALUES ('50', '2024-10-01 16:14:34', 'SHIOTF', 'QKHYPY');
