UPDATE `user_registration` SET `sub_point` = 0, `active_status` = 'no'
WHERE `user_id` = 'SJBNYJ';
INSERT INTO `inactive_history` (`user_id`, `commission_balance`, `amount`, `date`) VALUES ('SJBNYJ', '50', '150', '2025-04-15 00:05:02');
UPDATE `user_registration` SET `sub_point` = 0, `active_status` = 'no'
WHERE `user_id` = '45E8V2';
INSERT INTO `inactive_history` (`user_id`, `commission_balance`, `amount`, `date`) VALUES ('45E8V2', '50', '150', '2025-04-15 00:05:02');
UPDATE `user_registration` SET `sub_point` = 0, `active_status` = 'no'
WHERE `user_id` = 'XVTJOY';
INSERT INTO `inactive_history` (`user_id`, `commission_balance`, `amount`, `date`) VALUES ('XVTJOY', '100', '150', '2025-04-15 00:05:02');
UPDATE `user_registration` SET `sub_point` = 0, `active_status` = 'no'
WHERE `user_id` = '4E1CRI';
INSERT INTO `inactive_history` (`user_id`, `commission_balance`, `amount`, `date`) VALUES ('4E1CRI', '100', '150', '2025-04-15 00:05:03');
UPDATE `user_registration` SET `sub_point` = 0, `active_status` = 'no'
WHERE `user_id` = 'PBFKSY';
INSERT INTO `inactive_history` (`user_id`, `commission_balance`, `amount`, `date`) VALUES ('PBFKSY', '0', '150', '2025-04-15 00:05:03');
UPDATE `user_registration` SET `sub_point` = 0, `active_status` = 'no'
WHERE `user_id` = 'R37QLI';
INSERT INTO `inactive_history` (`user_id`, `commission_balance`, `amount`, `date`) VALUES ('R37QLI', '80', '150', '2025-04-15 00:05:04');
UPDATE `user_registration` SET `sub_point` = 0, `active_status` = 'no'
WHERE `user_id` = 'Q6D63V';
INSERT INTO `inactive_history` (`user_id`, `commission_balance`, `amount`, `date`) VALUES ('Q6D63V', '100', '150', '2025-04-15 00:05:04');
UPDATE `user_registration` SET `sub_point` = 0, `active_status` = 'no'
WHERE `user_id` = 'Q834IS';
INSERT INTO `inactive_history` (`user_id`, `commission_balance`, `amount`, `date`) VALUES ('Q834IS', '0', '50', '2025-04-15 00:05:05');
UPDATE `user_registration` SET `sub_point` = 0, `active_status` = 'no'
WHERE `user_id` = 'MT8QJF';
INSERT INTO `inactive_history` (`user_id`, `commission_balance`, `amount`, `date`) VALUES ('MT8QJF', '0', '150', '2025-04-15 00:05:05');
UPDATE `user_registration` SET `sub_point` = 0, `active_status` = 'no'
WHERE `user_id` = 'OWF3OA';
INSERT INTO `inactive_history` (`user_id`, `commission_balance`, `amount`, `date`) VALUES ('OWF3OA', '0', '150', '2025-04-15 00:05:06');
UPDATE `user_registration` SET `sub_point` = 0, `active_status` = 'no'
WHERE `user_id` = 'HUDVJU';
INSERT INTO `inactive_history` (`user_id`, `commission_balance`, `amount`, `date`) VALUES ('HUDVJU', '30', '50', '2025-04-15 00:05:06');
UPDATE `user_registration` SET `sub_point` = 0, `active_status` = 'no'
WHERE `user_id` = 'IEVPMD';
INSERT INTO `inactive_history` (`user_id`, `commission_balance`, `amount`, `date`) VALUES ('IEVPMD', '0', '150', '2025-04-15 00:05:07');
UPDATE `user_registration` SET `sub_point` = 0, `active_status` = 'no'
WHERE `user_id` = 'HQTCGF';
INSERT INTO `inactive_history` (`user_id`, `commission_balance`, `amount`, `date`) VALUES ('HQTCGF', '0', '150', '2025-04-15 00:05:07');
UPDATE `user_registration` SET `sub_point` = 0, `active_status` = 'no'
WHERE `user_id` = 'L2MNP5';
INSERT INTO `inactive_history` (`user_id`, `commission_balance`, `amount`, `date`) VALUES ('L2MNP5', '100', '150', '2025-04-15 00:05:08');
UPDATE `user_registration` SET `sub_point` = 0, `active_status` = 'no'
WHERE `user_id` = 'PUJNHI';
INSERT INTO `inactive_history` (`user_id`, `commission_balance`, `amount`, `date`) VALUES ('PUJNHI', '40', '150', '2025-04-15 00:05:08');
UPDATE `user_registration` SET `sub_point` = 0, `active_status` = 'no'
WHERE `user_id` = 'WC5BL7';
INSERT INTO `inactive_history` (`user_id`, `commission_balance`, `amount`, `date`) VALUES ('WC5BL7', '0', '50', '2025-04-15 00:05:08');
UPDATE `user_registration` SET `sub_point` = 0, `active_status` = 'no'
WHERE `user_id` = 'W17SG2';
INSERT INTO `inactive_history` (`user_id`, `commission_balance`, `amount`, `date`) VALUES ('W17SG2', '0', '150', '2025-04-15 00:05:09');
UPDATE `user_registration` SET `sub_point` = 0, `active_status` = 'no'
WHERE `user_id` = 'PR92IO';
INSERT INTO `inactive_history` (`user_id`, `commission_balance`, `amount`, `date`) VALUES ('PR92IO', '0', '50', '2025-04-15 00:05:09');
UPDATE `user_registration` SET `sub_point` = 0, `active_status` = 'no'
WHERE `user_id` = 'UTF7YN';
INSERT INTO `inactive_history` (`user_id`, `commission_balance`, `amount`, `date`) VALUES ('UTF7YN', '0', '150', '2025-04-15 00:05:10');
UPDATE `user_registration` SET `sub_point` = 0, `active_status` = 'no'
WHERE `user_id` = 'L8NRSC';
INSERT INTO `inactive_history` (`user_id`, `commission_balance`, `amount`, `date`) VALUES ('L8NRSC', '50', '150', '2025-04-15 00:05:10');
UPDATE `user_registration` SET `sub_point` = 0, `active_status` = 'no'
WHERE `user_id` = '6H3N98';
INSERT INTO `inactive_history` (`user_id`, `commission_balance`, `amount`, `date`) VALUES ('6H3N98', '100', '150', '2025-04-15 00:05:10');
UPDATE `user_registration` SET `sub_point` = 0, `active_status` = 'no'
WHERE `user_id` = '8RVNYT';
INSERT INTO `inactive_history` (`user_id`, `commission_balance`, `amount`, `date`) VALUES ('8RVNYT', '0', '150', '2025-04-15 00:05:11');
UPDATE `user_registration` SET `sub_point` = 0, `active_status` = 'no'
WHERE `user_id` = 'Q82ZV9';
INSERT INTO `inactive_history` (`user_id`, `commission_balance`, `amount`, `date`) VALUES ('Q82ZV9', '20', '50', '2025-04-15 00:05:11');
UPDATE `user_registration` SET `sub_point` = 0, `active_status` = 'no'
WHERE `user_id` = 'IWTOLP';
INSERT INTO `inactive_history` (`user_id`, `commission_balance`, `amount`, `date`) VALUES ('IWTOLP', '0', '50', '2025-04-15 00:05:11');
UPDATE `user_registration` SET `sub_point` = 0, `active_status` = 'no'
WHERE `user_id` = '9QPRWH';
INSERT INTO `inactive_history` (`user_id`, `commission_balance`, `amount`, `date`) VALUES ('9QPRWH', '0', '150', '2025-04-15 00:05:12');
UPDATE `user_registration` SET `sub_point` = 0, `active_status` = 'no'
WHERE `user_id` = 'WDEXJT';
INSERT INTO `inactive_history` (`user_id`, `commission_balance`, `amount`, `date`) VALUES ('WDEXJT', '0', '150', '2025-04-15 00:05:12');
UPDATE `user_registration` SET `sub_point` = 0, `active_status` = 'no'
WHERE `user_id` = '8D7CNL';
INSERT INTO `inactive_history` (`user_id`, `commission_balance`, `amount`, `date`) VALUES ('8D7CNL', '100', '150', '2025-04-15 00:05:13');
UPDATE `user_registration` SET `sub_point` = 0, `active_status` = 'no'
WHERE `user_id` = 'UJXP99';
INSERT INTO `inactive_history` (`user_id`, `commission_balance`, `amount`, `date`) VALUES ('UJXP99', '0', '50', '2025-04-15 00:05:13');
UPDATE `user_registration` SET `sub_point` = 0, `active_status` = 'no'
WHERE `user_id` = 'L268VW';
INSERT INTO `inactive_history` (`user_id`, `commission_balance`, `amount`, `date`) VALUES ('L268VW', '0', '50', '2025-04-15 00:05:14');
UPDATE `user_registration` SET `sub_point` = 0, `active_status` = 'no'
WHERE `user_id` = 'UVJ6L9';
INSERT INTO `inactive_history` (`user_id`, `commission_balance`, `amount`, `date`) VALUES ('UVJ6L9', '0', '50', '2025-04-15 00:05:14');
UPDATE `user_registration` SET `sub_point` = 0, `active_status` = 'no'
WHERE `user_id` = 'ULHSH2';
INSERT INTO `inactive_history` (`user_id`, `commission_balance`, `amount`, `date`) VALUES ('ULHSH2', '0', '150', '2025-04-15 00:05:14');
UPDATE `user_registration` SET `sub_point` = 0, `active_status` = 'no'
WHERE `user_id` = 'H1XYDK';
INSERT INTO `inactive_history` (`user_id`, `commission_balance`, `amount`, `date`) VALUES ('H1XYDK', '0', '50', '2025-04-15 00:05:15');
UPDATE `user_registration` SET `sub_point` = 0, `active_status` = 'no'
WHERE `user_id` = '3UFB1M';
INSERT INTO `inactive_history` (`user_id`, `commission_balance`, `amount`, `date`) VALUES ('3UFB1M', '100', '150', '2025-04-15 00:05:15');
UPDATE `user_registration` SET `sub_point` = 0, `active_status` = 'no'
WHERE `user_id` = 'LEOFNI';
INSERT INTO `inactive_history` (`user_id`, `commission_balance`, `amount`, `date`) VALUES ('LEOFNI', '0', '150', '2025-04-15 00:05:15');
UPDATE `user_registration` SET `sub_point` = 0, `active_status` = 'no'
WHERE `user_id` = '75X85X';
INSERT INTO `inactive_history` (`user_id`, `commission_balance`, `amount`, `date`) VALUES ('75X85X', '0', '50', '2025-04-15 00:05:16');
UPDATE `user_registration` SET `sub_point` = 0, `active_status` = 'no'
WHERE `user_id` = 'UC1QRN';
INSERT INTO `inactive_history` (`user_id`, `commission_balance`, `amount`, `date`) VALUES ('UC1QRN', '0', '150', '2025-04-15 00:05:16');
UPDATE `user_registration` SET `sub_point` = 0, `active_status` = 'no'
WHERE `user_id` = '7YU16B';
INSERT INTO `inactive_history` (`user_id`, `commission_balance`, `amount`, `date`) VALUES ('7YU16B', '0', '50', '2025-04-15 00:05:16');
UPDATE `user_registration` SET `sub_point` = 0, `active_status` = 'no'
WHERE `user_id` = 'OEM6F6';
INSERT INTO `inactive_history` (`user_id`, `commission_balance`, `amount`, `date`) VALUES ('OEM6F6', '0', '50', '2025-04-15 00:05:17');
UPDATE `user_registration` SET `sub_point` = 0, `active_status` = 'no'
WHERE `user_id` = '7BQJK5';
INSERT INTO `inactive_history` (`user_id`, `commission_balance`, `amount`, `date`) VALUES ('7BQJK5', '20', '150', '2025-04-15 00:05:17');
UPDATE `user_registration` SET `sub_point` = 0, `active_status` = 'no'
WHERE `user_id` = 'FLKHUD';
INSERT INTO `inactive_history` (`user_id`, `commission_balance`, `amount`, `date`) VALUES ('FLKHUD', '0', '150', '2025-04-15 00:05:18');
UPDATE `user_registration` SET `sub_point` = 0, `active_status` = 'no'
WHERE `user_id` = 'XMN3MK';
INSERT INTO `inactive_history` (`user_id`, `commission_balance`, `amount`, `date`) VALUES ('XMN3MK', '0', '150', '2025-04-15 00:05:18');
UPDATE `user_registration` SET `sub_point` = 0, `active_status` = 'no'
WHERE `user_id` = '7SMFPM';
INSERT INTO `inactive_history` (`user_id`, `commission_balance`, `amount`, `date`) VALUES ('7SMFPM', '0', '50', '2025-04-15 00:05:19');
UPDATE `user_registration` SET `sub_point` = 0, `active_status` = 'no'
WHERE `user_id` = 'WS9KK9';
INSERT INTO `inactive_history` (`user_id`, `commission_balance`, `amount`, `date`) VALUES ('WS9KK9', '0', '150', '2025-04-15 00:05:19');
UPDATE `user_registration` SET `sub_point` = 0, `active_status` = 'no'
WHERE `user_id` = 'BJFCEM';
INSERT INTO `inactive_history` (`user_id`, `commission_balance`, `amount`, `date`) VALUES ('BJFCEM', '0', '50', '2025-04-15 00:05:20');
UPDATE `user_registration` SET `sub_point` = 0, `active_status` = 'no'
WHERE `user_id` = '9EDD8W';
INSERT INTO `inactive_history` (`user_id`, `commission_balance`, `amount`, `date`) VALUES ('9EDD8W', '0', '50', '2025-04-15 00:05:20');
UPDATE `user_registration` SET `sub_point` = 0, `active_status` = 'no'
WHERE `user_id` = '2QC8SK';
INSERT INTO `inactive_history` (`user_id`, `commission_balance`, `amount`, `date`) VALUES ('2QC8SK', '0', '150', '2025-04-15 00:05:20');
UPDATE `user_registration` SET `sub_point` = 0, `active_status` = 'no'
WHERE `user_id` = 'TOTNOR';
INSERT INTO `inactive_history` (`user_id`, `commission_balance`, `amount`, `date`) VALUES ('TOTNOR', '0', '50', '2025-04-15 00:05:21');
UPDATE `user_registration` SET `sub_point` = 0, `active_status` = 'no'
WHERE `user_id` = 'X5T3ZT';
INSERT INTO `inactive_history` (`user_id`, `commission_balance`, `amount`, `date`) VALUES ('X5T3ZT', '0', '150', '2025-04-15 00:05:21');
UPDATE `user_registration` SET `sub_point` = 0, `active_status` = 'no'
WHERE `user_id` = '4PJDWH';
INSERT INTO `inactive_history` (`user_id`, `commission_balance`, `amount`, `date`) VALUES ('4PJDWH', '0', '150', '2025-04-15 00:05:21');
UPDATE `user_registration` SET `sub_point` = 0, `active_status` = 'no'
WHERE `user_id` = '8R8YQG';
INSERT INTO `inactive_history` (`user_id`, `commission_balance`, `amount`, `date`) VALUES ('8R8YQG', '0', '150', '2025-04-15 00:05:22');
UPDATE `user_registration` SET `sub_point` = 0, `active_status` = 'no'
WHERE `user_id` = 'VZYEPG';
INSERT INTO `inactive_history` (`user_id`, `commission_balance`, `amount`, `date`) VALUES ('VZYEPG', '0', '150', '2025-04-15 00:05:22');
UPDATE `user_registration` SET `sub_point` = 0, `active_status` = 'no'
WHERE `user_id` = 'TB42PA';
INSERT INTO `inactive_history` (`user_id`, `commission_balance`, `amount`, `date`) VALUES ('TB42PA', '0', '150', '2025-04-15 00:05:22');
UPDATE `user_registration` SET `sub_point` = 0, `active_status` = 'no'
WHERE `user_id` = '2KPJZJ';
INSERT INTO `inactive_history` (`user_id`, `commission_balance`, `amount`, `date`) VALUES ('2KPJZJ', '0', '150', '2025-04-15 00:05:23');
UPDATE `user_registration` SET `sub_point` = 0, `active_status` = 'no'
WHERE `user_id` = '8634EF';
INSERT INTO `inactive_history` (`user_id`, `commission_balance`, `amount`, `date`) VALUES ('8634EF', '0', '150', '2025-04-15 00:05:23');
UPDATE `user_registration` SET `sub_point` = 0, `active_status` = 'no'
WHERE `user_id` = '46H8G2';
INSERT INTO `inactive_history` (`user_id`, `commission_balance`, `amount`, `date`) VALUES ('46H8G2', '100', '150', '2025-04-15 00:05:23');
UPDATE `user_registration` SET `sub_point` = 0, `active_status` = 'no'
WHERE `user_id` = 'WNT6C4';
INSERT INTO `inactive_history` (`user_id`, `commission_balance`, `amount`, `date`) VALUES ('WNT6C4', '0', '150', '2025-04-15 00:05:24');
UPDATE `user_registration` SET `sub_point` = 0, `active_status` = 'no'
WHERE `user_id` = 'XT3VLL';
INSERT INTO `inactive_history` (`user_id`, `commission_balance`, `amount`, `date`) VALUES ('XT3VLL', '0', '150', '2025-04-15 00:05:24');
UPDATE `user_registration` SET `sub_point` = 0, `active_status` = 'no'
WHERE `user_id` = 'ZR6TNE';
INSERT INTO `inactive_history` (`user_id`, `commission_balance`, `amount`, `date`) VALUES ('ZR6TNE', '100', '150', '2025-04-15 00:05:24');
UPDATE `user_registration` SET `sub_point` = 0, `active_status` = 'no'
WHERE `user_id` = 'DLHC7V';
INSERT INTO `inactive_history` (`user_id`, `commission_balance`, `amount`, `date`) VALUES ('DLHC7V', '0', '150', '2025-04-15 00:05:25');
UPDATE `cron_job_history` SET `status` = 'done', `date_end` = '2025-04-15 00:05:25'
WHERE `id` = 325;
UPDATE `ci_sessions` SET `timestamp` = 1744694424, `data` = '__ci_last_regenerate|i:1744694424;id|s:4:\"2229\";user_id|s:6:\"PEABEG\";username|s:8:\"Gil.1972\";sponsor_id|s:6:\"KSGBOZ\";fullname|s:12:\"Dariel Ramos\";email|s:21:\"yoeyury2024@gmail.com\";phone|s:10:\"7864005201\";isLogIn|b:1;'
WHERE `id` = '339793262ddcc4a772950554032713db61278c0b';
INSERT INTO `payquicker_token` (`response`, `token`, `created_time`, `expires_at`) VALUES ('{\"access_token\":\"2AA35292BD969FF9F084F823B8FB90FD41B7866CD13ECCAA0E6E798F9CE14552-1\",\"expires_in\":3600,\"token_type\":\"Bearer\",\"scope\":\"api useraccount_balance useraccount_debit useraccount_invitation useraccount_payment\"}', '2AA35292BD969FF9F084F823B8FB90FD41B7866CD13ECCAA0E6E798F9CE14552-1', '2025-04-15 00:20:39', '2025-04-15 01:20:39');
UPDATE `payquicker_send_invite` SET `response` = '[{\"dateInvited\":\"2025-03-26T22:46:21Z\",\"invitationKey\":\"wVw5Zoch0ZzYfaCf7ksBNnhyPoqb9KAWmVMUZmxP2YwWTJj2KmYHvXlou0nls1OqrGafqcl5L9EXc0B780RDNjsu4Sbdb73dKwKlgsT9lk3znSweffYoMn3MYAgnRmCub9Hkbj2JDy8XZf254YcMNqppjlsYi2OCtjm9gDHCN009UbAKrKDsoTEI4v3idNvpGbF3mXTmh8LLD4s9lhhfDaPCDzkv5VSrd4ILsj27naGznEkQOPoRSSyAPtUyRrXS\",\"invitationStatus\":\"InvitationStatusType_Pending\",\"registrationStatus\":\"NotStarted\",\"registrationDetails\":{\"addresses\":[{\"city\":\"Miami\",\"country\":\"USA\",\"postalCode\":\"33184\",\"region\":\"Florida\",\"streetAddress1\":\"1310 SW 135 CT\",\"created\":\"0001-01-01T00:00:00Z\",\"type\":\"AddressType_Residential\"}],\"fundingAccountPublicId\":\"4e84a85ac47e46639c648f932d48fdf0\",\"issuePlasticCard\":true,\"notifyUser\":true,\"userDetails\":{\"emailAddress\":\"yoeyury2024@gmail.com\",\"firstName\":\"Dariel\",\"lastName\":\"Ramos\",\"userCompanyAssignedUniqueKey\":\"Gil.1972JwUP\"}}}]', `date` = '2025-04-15 00:20:40';
UPDATE `ci_sessions` SET `timestamp` = 1744694730, `data` = '__ci_last_regenerate|i:1744694730;id|s:4:\"2229\";user_id|s:6:\"PEABEG\";username|s:8:\"Gil.1972\";sponsor_id|s:6:\"KSGBOZ\";fullname|s:12:\"Dariel Ramos\";email|s:21:\"yoeyury2024@gmail.com\";phone|s:10:\"7864005201\";isLogIn|b:1;'
WHERE `id` = '36c69676440c76dfc25d204114699cf2c6f311a4';
UPDATE `user_registration` SET `popup_seen` = 'yes'
WHERE `user_id` = 'PEABEG';
UPDATE `ci_sessions` SET `timestamp` = 1744695229, `data` = '__ci_last_regenerate|i:1744695229;id|s:4:\"2229\";user_id|s:6:\"PEABEG\";username|s:8:\"Gil.1972\";sponsor_id|s:6:\"KSGBOZ\";fullname|s:12:\"Dariel Ramos\";email|s:21:\"yoeyury2024@gmail.com\";phone|s:10:\"7864005201\";isLogIn|b:1;'
WHERE `id` = '28b2782fa92691e0eb4d03b2c9d381e1ece3a807';
UPDATE `user_registration` SET `popup_seen` = 'yes'
WHERE `user_id` = 'PEABEG';
UPDATE `ci_sessions` SET `timestamp` = 1744695693, `data` = '__ci_last_regenerate|i:1744695693;id|s:4:\"2229\";user_id|s:6:\"PEABEG\";username|s:8:\"Gil.1972\";sponsor_id|s:6:\"KSGBOZ\";fullname|s:12:\"Dariel Ramos\";email|s:21:\"yoeyury2024@gmail.com\";phone|s:10:\"7864005201\";isLogIn|b:1;'
WHERE `id` = '02b736767afe3ae44075aa641d1309099d3ff255';
UPDATE `user_registration` SET `popup_seen` = 'yes'
WHERE `user_id` = 'PEABEG';
UPDATE `ci_sessions` SET `timestamp` = 1744696314, `data` = '__ci_last_regenerate|i:1744696314;id|s:4:\"2229\";user_id|s:6:\"PEABEG\";username|s:8:\"Gil.1972\";sponsor_id|s:6:\"KSGBOZ\";fullname|s:12:\"Dariel Ramos\";email|s:21:\"yoeyury2024@gmail.com\";phone|s:10:\"7864005201\";isLogIn|b:1;'
WHERE `id` = '8271d327af26be6d0811829b4793e0edf264c493';
UPDATE `user_registration` SET `popup_seen` = 'yes'
WHERE `user_id` = 'PEABEG';
UPDATE `ci_sessions` SET `timestamp` = 1744696723, `data` = '__ci_last_regenerate|i:1744696723;id|s:4:\"2229\";user_id|s:6:\"PEABEG\";username|s:8:\"Gil.1972\";sponsor_id|s:6:\"KSGBOZ\";fullname|s:12:\"Dariel Ramos\";email|s:21:\"yoeyury2024@gmail.com\";phone|s:10:\"7864005201\";isLogIn|b:1;exception|s:85:\"A user invitation already exists with a matching email address yoeyury2024@gmail.com.\";__ci_vars|a:1:{s:9:\"exception\";s:3:\"old\";}'
WHERE `id` = 'abdd881a789060001708c0ad7ce72cede4fcc31f';
UPDATE `payquicker_send_invite` SET `response` = '[{\"dateInvited\":\"2025-03-26T22:46:21Z\",\"invitationKey\":\"wVw5Zoch0ZzYfaCf7ksBNnhyPoqb9KAWmVMUZmxP2YwWTJj2KmYHvXlou0nls1OqrGafqcl5L9EXc0B780RDNjsu4Sbdb73dKwKlgsT9lk3znSweffYoMn3MYAgnRmCub9Hkbj2JDy8XZf254YcMNqppjlsYi2OCtjm9gDHCN009UbAKrKDsoTEI4v3idNvpGbF3mXTmh8LLD4s9lhhfDaPCDzkv5VSrd4ILsj27naGznEkQOPoRSSyAPtUyRrXS\",\"invitationStatus\":\"InvitationStatusType_Pending\",\"registrationStatus\":\"NotStarted\",\"registrationDetails\":{\"addresses\":[{\"city\":\"Miami\",\"country\":\"USA\",\"postalCode\":\"33184\",\"region\":\"Florida\",\"streetAddress1\":\"1310 SW 135 CT\",\"created\":\"0001-01-01T00:00:00Z\",\"type\":\"AddressType_Residential\"}],\"fundingAccountPublicId\":\"4e84a85ac47e46639c648f932d48fdf0\",\"issuePlasticCard\":true,\"notifyUser\":true,\"userDetails\":{\"emailAddress\":\"yoeyury2024@gmail.com\",\"firstName\":\"Dariel\",\"lastName\":\"Ramos\",\"userCompanyAssignedUniqueKey\":\"Gil.1972JwUP\"}}}]', `date` = '2025-04-15 00:59:05';
UPDATE `user_registration` SET `popup_seen` = 'yes'
WHERE `user_id` = 'PEABEG';
UPDATE `user_registration` SET `popup_seen` = 'yes'
WHERE `user_id` = 'PEABEG';
UPDATE `ci_sessions` SET `timestamp` = 1744697034, `data` = '__ci_last_regenerate|i:1744697034;id|s:4:\"2229\";user_id|s:6:\"PEABEG\";username|s:8:\"Gil.1972\";sponsor_id|s:6:\"KSGBOZ\";fullname|s:12:\"Dariel Ramos\";email|s:21:\"yoeyury2024@gmail.com\";phone|s:10:\"7864005201\";isLogIn|b:1;'
WHERE `id` = 'e1cb5acfa41ab4c7a3863021a400ed3fc14f52ac';
UPDATE `ci_sessions` SET `timestamp` = 1744697394, `data` = '__ci_last_regenerate|i:1744697394;id|s:4:\"2229\";user_id|s:6:\"PEABEG\";username|s:8:\"Gil.1972\";sponsor_id|s:6:\"KSGBOZ\";fullname|s:12:\"Dariel Ramos\";email|s:21:\"yoeyury2024@gmail.com\";phone|s:10:\"7864005201\";isLogIn|b:1;exception|s:85:\"A user invitation already exists with a matching email address yoeyury2024@gmail.com.\";__ci_vars|a:1:{s:9:\"exception\";s:3:\"old\";}'
WHERE `id` = 'c3b39acba83c8b5f6a62c42baf681ad91c48e0c9';
UPDATE `user_registration` SET `popup_seen` = 'yes'
WHERE `user_id` = 'PEABEG';
UPDATE `user_registration` SET `popup_seen` = 'yes'
WHERE `user_id` = 'PEABEG';
UPDATE `ci_sessions` SET `timestamp` = 1744697837, `data` = '__ci_last_regenerate|i:1744697837;id|s:4:\"2229\";user_id|s:6:\"PEABEG\";username|s:8:\"Gil.1972\";sponsor_id|s:6:\"KSGBOZ\";fullname|s:12:\"Dariel Ramos\";email|s:21:\"yoeyury2024@gmail.com\";phone|s:10:\"7864005201\";isLogIn|b:1;'
WHERE `id` = '0d0369653c68ab2892354980f1b98628b003f5ea';
INSERT INTO `benefits_pack_purchase_history` (`user_id`, `packge_id`, `amount`, `value`, `point`, `image`, `image_id`, `country`, `city`, `available_points`, `conversion_point_rate`, `package_title`, `date`, `type`, `full_name`, `phone`, `email`) VALUES ('PEABEG', '1', '0', '0', '0', 'upload/reward_image/8554e64c3c18d50953288de013a274ce.png', '3', '223', '4252', '150', '1', 'The Journey Begins', '2025-04-15 01:17:17', 'benefits_pack_claim', 'DARIEL RAMOS ALVAREZ', '7864005201', 'yoeyury2024@gmail.com');
UPDATE `ci_sessions` SET `timestamp` = 1744698768, `data` = '__ci_last_regenerate|i:1744698768;id|s:4:\"2229\";user_id|s:6:\"PEABEG\";username|s:8:\"Gil.1972\";sponsor_id|s:6:\"KSGBOZ\";fullname|s:12:\"Dariel Ramos\";email|s:21:\"yoeyury2024@gmail.com\";phone|s:10:\"7864005201\";isLogIn|b:1;'
WHERE `id` = '2d65ddf7debbb02620650d0ee8fdff816417bd69';
UPDATE `ci_sessions` SET `timestamp` = 1744699231, `data` = '__ci_last_regenerate|i:1744699231;id|s:4:\"2229\";user_id|s:6:\"PEABEG\";username|s:8:\"Gil.1972\";sponsor_id|s:6:\"KSGBOZ\";fullname|s:12:\"Dariel Ramos\";email|s:21:\"yoeyury2024@gmail.com\";phone|s:10:\"7864005201\";isLogIn|b:1;'
WHERE `id` = 'b01acf63ddd4eef3c0096fb2352176c68fb674e8';
UPDATE `admin` SET `last_login` = '2025-04-15 01:49:42', `ip_address` = '188.114.111.221'
WHERE `id` = '1';
INSERT INTO `payquicker_token` (`response`, `token`, `created_time`, `expires_at`) VALUES ('{\"access_token\":\"7B46E4D41FD6C416C81C2A08886B0BECA7580CCC67888F571C95161070FDA39D-1\",\"expires_in\":3600,\"token_type\":\"Bearer\",\"scope\":\"api useraccount_balance useraccount_debit useraccount_invitation useraccount_payment\"}', '7B46E4D41FD6C416C81C2A08886B0BECA7580CCC67888F571C95161070FDA39D-1', '2025-04-15 01:51:29', '2025-04-15 02:51:29');
UPDATE `withdraw` SET `payment_details` = '[{\"payments\":[{\"accountingId\":\"travelegendcy27393\",\"authDate\":\"2025-04-15T06:51:34Z\",\"monetary\":{\"amount\":-2650.0000,\"currency\":\"Currency_USD\",\"language\":\"Languages_EN_US\",\"bank\":null,\"formattedAmount\":\"($2,650.00) USD\"},\"transactionPublicId\":\"TRN1ACD5C0164LTI\",\"transactionStatusType\":\"TransactionStatusType_Complete\"}]}]'
WHERE `withdraw_id` = '16';
UPDATE `withdraw` SET `success_date` = '2025-04-15 01:51:34', `status` = 2
WHERE `withdraw_id` = '16'
AND `user_id` = 'UQO7EQ';
UPDATE `withdraw` SET `payment_details` = '[{\"payments\":[{\"accountingId\":\"travelegendcy26121\",\"authDate\":\"2025-04-15T06:51:38Z\",\"monetary\":{\"amount\":-800.0000,\"currency\":\"Currency_USD\",\"language\":\"Languages_EN_US\",\"bank\":null,\"formattedAmount\":\"($800.00) USD\"},\"transactionPublicId\":\"TRN1ACD5GPN4DW2S\",\"transactionStatusType\":\"TransactionStatusType_Complete\"}]}]'
WHERE `withdraw_id` = '17';
UPDATE `withdraw` SET `success_date` = '2025-04-15 01:51:38', `status` = 2
WHERE `withdraw_id` = '17'
AND `user_id` = 'JHRDHS';
UPDATE `withdraw` SET `payment_details` = '[{\"payments\":[{\"accountingId\":\"travelegendcy47967\",\"authDate\":\"2025-04-15T06:51:41Z\",\"monetary\":{\"amount\":-1680.0000,\"currency\":\"Currency_USD\",\"language\":\"Languages_EN_US\",\"bank\":null,\"formattedAmount\":\"($1,680.00) USD\"},\"transactionPublicId\":\"TRN1ACD5BWNAPLVL\",\"transactionStatusType\":\"TransactionStatusType_Complete\"}]}]'
WHERE `withdraw_id` = '18';
UPDATE `withdraw` SET `success_date` = '2025-04-15 01:51:41', `status` = 2
WHERE `withdraw_id` = '18'
AND `user_id` = 'QJ5U9C';
INSERT INTO `login_history` (`user_id`, `device`, `ip_address`, `date`) VALUES ('JHRDHS', 'Mozilla/5.0 (iPhone; CPU iPhone OS 18_3_2 like Mac OS X) AppleWebKit/605.1.15 (KHTML, like Gecko) Version/18.3.1 Mobile/15E148 Safari/604.1', '172.69.132.247', '25-04-15 07:05');
UPDATE `user_registration` SET `popup_seen` = 'yes'
WHERE `user_id` = 'JHRDHS';
UPDATE `user_registration` SET `popup_seen` = 'yes'
WHERE `user_id` = 'JHRDHS';
INSERT INTO `login_history` (`user_id`, `device`, `ip_address`, `date`) VALUES ('Z8WUP3', 'Mozilla/5.0 (Windows NT 10.0; Win64; x64) AppleWebKit/537.36 (KHTML, like Gecko) Chrome/135.0.0.0 Safari/537.36 Edg/135.0.0.0', '172.70.254.2', '25-04-15 07:32');
UPDATE `user_registration` SET `popup_seen` = 'yes'
WHERE `user_id` = 'Z8WUP3';
INSERT INTO `login_history` (`user_id`, `device`, `ip_address`, `date`) VALUES ('UQO7EQ', 'Mozilla/5.0 (Linux; Android 10; K) AppleWebKit/537.36 (KHTML, like Gecko) Chrome/131.0.0.0 Mobile Safari/537.36', '172.68.12.142', '25-04-15 07:59');
UPDATE `user_registration` SET `popup_seen` = 'yes'
WHERE `user_id` = 'UQO7EQ';
UPDATE `user_registration` SET `popup_seen` = 'no'
WHERE `user_id` = 'UQO7EQ';
DELETE FROM `ci_sessions`
WHERE `id` = 'ad12c81066952a360b392aa8f52f084edd0a900a';
UPDATE `ci_sessions` SET `timestamp` = 1744722277, `data` = '__ci_last_regenerate|i:1744722277;id|s:4:\"2071\";user_id|s:6:\"JHRDHS\";username|s:7:\"mbecena\";sponsor_id|s:6:\"CVVK4C\";fullname|s:12:\"Maria Becena\";email|s:21:\"mbecena@bellsouth.net\";phone|s:10:\"7862360387\";isLogIn|b:1;'
WHERE `id` = 'cdb9bb49bed4a2a5c77d5e68d33f7b6819281d5e';
UPDATE `user_registration` SET `popup_seen` = 'yes'
WHERE `user_id` = 'JHRDHS';
UPDATE `ci_sessions` SET `timestamp` = 1744722604, `data` = '__ci_last_regenerate|i:1744722604;id|s:4:\"2071\";user_id|s:6:\"JHRDHS\";username|s:7:\"mbecena\";sponsor_id|s:6:\"CVVK4C\";fullname|s:12:\"Maria Becena\";email|s:21:\"mbecena@bellsouth.net\";phone|s:10:\"7862360387\";isLogIn|b:1;'
WHERE `id` = '21c4212a908e4cf7ed329532d5ee9a0e5be93dc4';
UPDATE `ci_sessions` SET `timestamp` = 1744723182, `data` = '__ci_last_regenerate|i:1744723182;id|s:4:\"2071\";user_id|s:6:\"JHRDHS\";username|s:7:\"mbecena\";sponsor_id|s:6:\"CVVK4C\";fullname|s:12:\"Maria Becena\";email|s:21:\"mbecena@bellsouth.net\";phone|s:10:\"7862360387\";isLogIn|b:1;'
WHERE `id` = '64619bac0a386fdb4c313f825b08d0529f365ef6';
INSERT INTO `login_history` (`user_id`, `device`, `ip_address`, `date`) VALUES ('XHO8CJ', 'Mozilla/5.0 (Windows NT 10.0; Win64; x64) AppleWebKit/537.36 (KHTML, like Gecko) Chrome/135.0.0.0 Safari/537.36', '172.69.132.230', '25-04-15 08:25');
UPDATE `user_registration` SET `popup_seen` = 'yes'
WHERE `user_id` = 'XHO8CJ';
INSERT INTO `login_history` (`user_id`, `device`, `ip_address`, `date`) VALUES ('UQO7EQ', 'Mozilla/5.0 (Windows NT 10.0; Win64; x64) AppleWebKit/537.36 (KHTML, like Gecko) Chrome/135.0.0.0 Safari/537.36', '172.70.255.70', '25-04-15 08:29');
UPDATE `user_registration` SET `popup_seen` = 'yes'
WHERE `user_id` = 'UQO7EQ';
UPDATE `user_registration` SET `popup_seen` = 'yes'
WHERE `user_id` = 'UQO7EQ';
UPDATE `user_registration` SET `popup_seen` = 'yes'
WHERE `user_id` = 'UQO7EQ';
UPDATE `ci_sessions` SET `timestamp` = 1744724817, `data` = '__ci_last_regenerate|i:1744724817;id|s:4:\"2042\";user_id|s:6:\"UQO7EQ\";username|s:6:\"Rafa51\";sponsor_id|s:6:\"N6GZAE\";fullname|s:16:\"Rafael Rodriguez\";email|s:18:\"rafagana@yahoo.com\";phone|s:10:\"3057610606\";isLogIn|b:1;'
WHERE `id` = '51ef1c19fbb61203e7980d4662c21e372058948b';
UPDATE `user_registration` SET `popup_seen` = 'yes'
WHERE `user_id` = 'UQO7EQ';
UPDATE `user_registration` SET `popup_seen` = 'no'
WHERE `user_id` = 'UQO7EQ';
DELETE FROM `ci_sessions`
WHERE `id` = 'aca614c932bf355767f4895372495bb0b93d6f19';
UPDATE `user_registration` SET `popup_seen` = 'no'
WHERE `user_id` IS NULL;
DELETE FROM `ci_sessions`
WHERE `id` = 'aca614c932bf355767f4895372495bb0b93d6f19';
UPDATE `ci_sessions` SET `timestamp` = 1744725360, `data` = '__ci_last_regenerate|i:1744725360;id|s:4:\"2274\";user_id|s:6:\"Z8WUP3\";username|s:12:\"lexmilan1970\";sponsor_id|s:6:\"OTZTS5\";fullname|s:17:\"lexmilan Torralbo\";email|s:26:\"lexmilantorralbo@gmail.com\";phone|s:10:\"7866433342\";isLogIn|b:1;'
WHERE `id` = '48e764e92f357e003248453458ffe3c3ca7892d8';
UPDATE `user_registration` SET `popup_seen` = 'yes'
WHERE `user_id` = 'Z8WUP3';
INSERT INTO `login_history` (`user_id`, `device`, `ip_address`, `date`) VALUES ('EKTIVH', 'Mozilla/5.0 (iPhone; CPU iPhone OS 18_3_2 like Mac OS X) AppleWebKit/605.1.15 (KHTML, like Gecko) Version/18.3.1 Mobile/15E148 Safari/604.1', '108.162.238.79', '25-04-15 09:09');
UPDATE `user_registration` SET `popup_seen` = 'yes'
WHERE `user_id` = 'EKTIVH';
UPDATE `ci_sessions` SET `timestamp` = 1744726221, `data` = '__ci_last_regenerate|i:1744726221;captcha|s:4:\"csmm\";'
WHERE `id` = '4e94850b55a4c9d650fd53cebc240a002efcd7c6';
INSERT INTO `login_history` (`user_id`, `device`, `ip_address`, `date`) VALUES ('UQO7EQ', 'Mozilla/5.0 (Windows NT 10.0; Win64; x64) AppleWebKit/537.36 (KHTML, like Gecko) Chrome/135.0.0.0 Safari/537.36', '172.70.254.232', '25-04-15 09:10');
UPDATE `user_registration` SET `popup_seen` = 'yes'
WHERE `user_id` = 'UQO7EQ';
UPDATE `ci_sessions` SET `timestamp` = 1744726938, `data` = '__ci_last_regenerate|i:1744726938;id|s:4:\"2323\";user_id|s:6:\"EKTIVH\";username|s:12:\"annielyeli21\";sponsor_id|s:6:\"OTZTS5\";fullname|s:13:\"Anniell Reyes\";email|s:23:\"anniel.reyes@icloud.com\";phone|s:10:\"8128171294\";isLogIn|b:1;'
WHERE `id` = 'd207b04b640b189560d63ad92e55a44271ce5328';
UPDATE `ci_sessions` SET `timestamp` = 1744727740, `data` = '__ci_last_regenerate|i:1744727740;id|s:4:\"2042\";user_id|s:6:\"UQO7EQ\";username|s:6:\"Rafa51\";sponsor_id|s:6:\"N6GZAE\";fullname|s:16:\"Rafael Rodriguez\";email|s:18:\"rafagana@yahoo.com\";phone|s:10:\"3057610606\";isLogIn|b:1;message|s:24:\"Welcome Rafael Rodriguez\";__ci_vars|a:1:{s:7:\"message\";s:3:\"old\";}'
WHERE `id` = 'dd91a17669c37d650e572907cbd1895c7494751c';
UPDATE `user_registration` SET `popup_seen` = 'yes'
WHERE `user_id` = 'UQO7EQ';
UPDATE `user_registration` SET `popup_seen` = 'no'
WHERE `user_id` = 'UQO7EQ';
DELETE FROM `ci_sessions`
WHERE `id` = '59a71c5cdff4eee572b784a216ac1c37d2a3d9d1';
UPDATE `ci_sessions` SET `timestamp` = 1744729323, `data` = '__ci_last_regenerate|i:1744729323;captcha|s:4:\"y4s5\";'
WHERE `id` = '62aca3091bf02462353fb9afa2d864d2fb61f054';
INSERT INTO `login_history` (`user_id`, `device`, `ip_address`, `date`) VALUES ('UQO7EQ', 'Mozilla/5.0 (Windows NT 10.0; Win64; x64) AppleWebKit/537.36 (KHTML, like Gecko) Chrome/135.0.0.0 Safari/537.36', '172.68.7.17', '25-04-15 10:02');
UPDATE `user_registration` SET `popup_seen` = 'yes'
WHERE `user_id` = 'UQO7EQ';
UPDATE `user_registration` SET `popup_seen` = 'no'
WHERE `user_id` = 'UQO7EQ';
DELETE FROM `ci_sessions`
WHERE `id` = '3d8d2ec5f35b69e80ad3f11edf1da4d0fd0da419';
UPDATE `user_registration` SET `popup_seen` = 'no'
WHERE `user_id` IS NULL;
DELETE FROM `ci_sessions`
WHERE `id` = '3d8d2ec5f35b69e80ad3f11edf1da4d0fd0da419';
UPDATE `user_registration` SET `popup_seen` = 'no'
WHERE `user_id` IS NULL;
DELETE FROM `ci_sessions`
WHERE `id` = '3d8d2ec5f35b69e80ad3f11edf1da4d0fd0da419';
INSERT INTO `login_history` (`user_id`, `device`, `ip_address`, `date`) VALUES ('4VE7D1', 'Mozilla/5.0 (iPhone; CPU iPhone OS 18_3_2 like Mac OS X) AppleWebKit/605.1.15 (KHTML, like Gecko) Version/18.3.1 Mobile/15E148 Safari/604.1', '172.68.12.105', '25-04-15 10:07');
UPDATE `user_registration` SET `popup_seen` = 'yes'
WHERE `user_id` = '4VE7D1';
UPDATE `ci_sessions` SET `timestamp` = 1744730029, `data` = '__ci_last_regenerate|i:1744730029;id|s:4:\"2270\";user_id|s:6:\"4VE7D1\";username|s:9:\"Ibarzabal\";sponsor_id|s:6:\"JHRDHS\";fullname|s:24:\"Carousel Barber Shop Inc\";email|s:24:\"frankibarzabal@gmail.com\";phone|s:10:\"7862307398\";isLogIn|b:1;'
WHERE `id` = 'e7cabfcf999c0e4b0019d48d33a94a87059f4be8';
UPDATE `ci_sessions` SET `timestamp` = 1744731401, `data` = '__ci_last_regenerate|i:1744731401;id|s:4:\"2270\";user_id|s:6:\"4VE7D1\";username|s:9:\"Ibarzabal\";sponsor_id|s:6:\"JHRDHS\";fullname|s:24:\"Carousel Barber Shop Inc\";email|s:24:\"frankibarzabal@gmail.com\";phone|s:10:\"7862307398\";isLogIn|b:1;'
WHERE `id` = '1799909b8bff1da98538a0afb1b808950f328c27';
UPDATE `user_registration` SET `popup_seen` = 'yes'
WHERE `user_id` = '4VE7D1';
UPDATE `ci_sessions` SET `timestamp` = 1744731825, `data` = '__ci_last_regenerate|i:1744731825;captcha|s:4:\"18eh\";'
WHERE `id` = 'b1129c94f80171bb4cdf5adac728d80158288f43';
INSERT INTO `login_history` (`user_id`, `device`, `ip_address`, `date`) VALUES ('UQO7EQ', 'Mozilla/5.0 (Windows NT 10.0; Win64; x64) AppleWebKit/537.36 (KHTML, like Gecko) Chrome/135.0.0.0 Safari/537.36', '172.69.132.247', '25-04-15 10:43');
UPDATE `user_registration` SET `popup_seen` = 'yes'
WHERE `user_id` = 'UQO7EQ';
UPDATE `user_registration` SET `popup_seen` = 'no'
WHERE `user_id` = 'UQO7EQ';
DELETE FROM `ci_sessions`
WHERE `id` = '93f29121b3acecc680376680ffb87670aff477ec';
INSERT INTO `login_history` (`user_id`, `device`, `ip_address`, `date`) VALUES ('XHO8CJ', 'Mozilla/5.0 (Macintosh; Intel Mac OS X 10_15_7) AppleWebKit/605.1.15 (KHTML, like Gecko) Version/17.6 Safari/605.1.15', '172.70.255.104', '25-04-15 12:04');
UPDATE `user_registration` SET `popup_seen` = 'yes'
WHERE `user_id` = 'XHO8CJ';
UPDATE `user_registration` SET `popup_seen` = 'no'
WHERE `user_id` = 'XHO8CJ';
DELETE FROM `ci_sessions`
WHERE `id` = '3f976a534ff3086ddcd4793e6e1fb61c57390dbd';
INSERT INTO `login_history` (`user_id`, `device`, `ip_address`, `date`) VALUES ('UQO7EQ', 'Mozilla/5.0 (Windows NT 10.0; Win64; x64) AppleWebKit/537.36 (KHTML, like Gecko) Chrome/135.0.0.0 Safari/537.36', '172.70.255.77', '25-04-15 12:44');
UPDATE `user_registration` SET `popup_seen` = 'yes'
WHERE `user_id` = 'UQO7EQ';
UPDATE `ci_sessions` SET `timestamp` = 1744739409, `data` = '__ci_last_regenerate|i:1744739409;id|s:4:\"2042\";user_id|s:6:\"UQO7EQ\";username|s:6:\"Rafa51\";sponsor_id|s:6:\"N6GZAE\";fullname|s:16:\"Rafael Rodriguez\";email|s:18:\"rafagana@yahoo.com\";phone|s:10:\"3057610606\";isLogIn|b:1;'
WHERE `id` = '0903042bfa4c54a4fb5e86be14027c00b2e953c6';
UPDATE `ci_sessions` SET `timestamp` = 1744739485, `data` = '__ci_last_regenerate|i:1744739485;captcha|s:4:\"p3o1\";'
WHERE `id` = '3bcfa89e51c7b9ba743d140cf04cdf5552d7838e';
INSERT INTO `login_history` (`user_id`, `device`, `ip_address`, `date`) VALUES ('JHRDHS', 'Mozilla/5.0 (iPhone; CPU iPhone OS 18_3_2 like Mac OS X) AppleWebKit/605.1.15 (KHTML, like Gecko) Version/18.3.1 Mobile/15E148 Safari/604.1', '172.68.12.96', '25-04-15 12:51');
UPDATE `user_registration` SET `popup_seen` = 'yes'
WHERE `user_id` = 'JHRDHS';
UPDATE `user_registration` SET `popup_seen` = 'yes'
WHERE `user_id` = 'UQO7EQ';
INSERT INTO `login_history` (`user_id`, `device`, `ip_address`, `date`) VALUES ('JHRDHS', 'Mozilla/5.0 (Macintosh; Intel Mac OS X 10_15_7) AppleWebKit/605.1.15 (KHTML, like Gecko) Version/17.6 Safari/605.1.15', '172.69.132.225', '25-04-15 13:03');
UPDATE `user_registration` SET `popup_seen` = 'yes'
WHERE `user_id` = 'JHRDHS';
UPDATE `ci_sessions` SET `timestamp` = 1744740191, `data` = '__ci_last_regenerate|i:1744740191;id|s:4:\"2042\";user_id|s:6:\"UQO7EQ\";username|s:6:\"Rafa51\";sponsor_id|s:6:\"N6GZAE\";fullname|s:16:\"Rafael Rodriguez\";email|s:18:\"rafagana@yahoo.com\";phone|s:10:\"3057610606\";isLogIn|b:1;'
WHERE `id` = '191994f54bde39b6031bdbbd0a78a79925237cd1';
UPDATE `user_registration` SET `popup_seen` = 'yes'
WHERE `user_id` = 'UQO7EQ';
UPDATE `ci_sessions` SET `timestamp` = 1744740223, `data` = '__ci_last_regenerate|i:1744740223;id|s:4:\"2071\";user_id|s:6:\"JHRDHS\";username|s:7:\"mbecena\";sponsor_id|s:6:\"CVVK4C\";fullname|s:12:\"Maria Becena\";email|s:21:\"mbecena@bellsouth.net\";phone|s:10:\"7862360387\";isLogIn|b:1;message|s:20:\"Welcome Maria Becena\";__ci_vars|a:1:{s:7:\"message\";s:3:\"old\";}'
WHERE `id` = '4708762f199f507e209b59123d4c25c72c1c6a3a';
UPDATE `user_registration` SET `popup_seen` = 'no'
WHERE `user_id` = 'UQO7EQ';
DELETE FROM `ci_sessions`
WHERE `id` = '81a1ce9f570cf13d2fa6b1e48bcac5ea0d57a645';
UPDATE `user_registration` SET `popup_seen` = 'yes'
WHERE `user_id` = 'JHRDHS';
UPDATE `user_registration` SET `popup_seen` = 'yes'
WHERE `user_id` = 'JHRDHS';
UPDATE `user_registration` SET `popup_seen` = 'yes'
WHERE `user_id` = 'JHRDHS';
INSERT INTO `login_history` (`user_id`, `device`, `ip_address`, `date`) VALUES ('UQO7EQ', 'Mozilla/5.0 (Windows NT 10.0; Win64; x64) AppleWebKit/537.36 (KHTML, like Gecko) Chrome/135.0.0.0 Safari/537.36', '172.68.7.162', '25-04-15 13:08');
UPDATE `user_registration` SET `popup_seen` = 'yes'
WHERE `user_id` = 'UQO7EQ';
UPDATE `user_registration` SET `popup_seen` = 'no'
WHERE `user_id` = 'UQO7EQ';
DELETE FROM `ci_sessions`
WHERE `id` = 'bf90cd5d6b8b36e56ae79648c751b00c7fcb97be';
UPDATE `ci_sessions` SET `timestamp` = 1744740571, `data` = '__ci_last_regenerate|i:1744740571;id|s:4:\"2071\";user_id|s:6:\"JHRDHS\";username|s:7:\"mbecena\";sponsor_id|s:6:\"CVVK4C\";fullname|s:12:\"Maria Becena\";email|s:21:\"mbecena@bellsouth.net\";phone|s:10:\"7862360387\";isLogIn|b:1;'
WHERE `id` = '2c5aad826e4d71e9306e93f0b7694ce57c223be9';
UPDATE `user_registration` SET `popup_seen` = 'yes'
WHERE `user_id` = 'JHRDHS';
UPDATE `ci_sessions` SET `timestamp` = 1744746510, `data` = '__ci_last_regenerate|i:1744746510;captcha|s:4:\"m2fd\";'
WHERE `id` = '46fef5af29ac66e98013fcf83a762ef2eb9a965d';
INSERT INTO `login_history` (`user_id`, `device`, `ip_address`, `date`) VALUES ('ZR6TNE', 'Mozilla/5.0 (iPhone; CPU iPhone OS 18_3_2 like Mac OS X) AppleWebKit/605.1.15 (KHTML, like Gecko) Version/18.3.1 Mobile/15E148 Safari/604.1', '172.69.22.82', '25-04-15 14:48');
UPDATE `user_registration` SET `popup_seen` = 'yes'
WHERE `user_id` = 'ZR6TNE';
UPDATE `user_registration` SET `language` = 'english'
WHERE `user_id` = 'ZR6TNE';
UPDATE `user_registration` SET `popup_seen` = 'yes'
WHERE `user_id` = 'ZR6TNE';
INSERT INTO `temp_register` (`post_data`, `date`, `payment_method`, `type`) VALUES ('{\"user_id\":\"ZR6TNE\",\"package_id\":\"2\",\"amount\":\"150\",\"payment_method\":\"stripe\",\"date\":\"2025-04-15 14:49:06\"}', '2025-04-15 14:49:06', 'stripe', 'renew');
INSERT INTO `login_history` (`user_id`, `device`, `ip_address`, `date`) VALUES ('QJ5U9C', 'Mozilla/5.0 (iPhone; CPU iPhone OS 18_3_2 like Mac OS X) AppleWebKit/605.1.15 (KHTML, like Gecko) CriOS/135.0.7049.83 Mobile/15E148 Safari/604.1', '172.68.7.16', '25-04-15 14:52');
UPDATE `user_registration` SET `popup_seen` = 'yes'
WHERE `user_id` = 'QJ5U9C';
UPDATE `ci_sessions` SET `timestamp` = 1744746919, `data` = '__ci_last_regenerate|i:1744746919;id|s:4:\"2251\";user_id|s:6:\"ZR6TNE\";username|s:12:\"Anayaliz0310\";sponsor_id|s:6:\"O94ZPY\";fullname|s:15:\"Liz A Fernandez\";email|s:23:\"lizanaya0310@icloud.com\";phone|s:10:\"7865992876\";isLogIn|b:1;upgrade_stripe_id|i:300;'
WHERE `id` = '2938e87ea5d3096978a0e2e0340b1cd761806c4e';
UPDATE `temp_register` SET `response` = '{\"stripeToken\":\"tok_1REFZi2NUoYUjiuu0S4Xz9Uw\",\"stripeTokenType\":\"card\",\"stripeEmail\":\"angelito.magaly@gmail.com\"}', `date_modified` = '2025-04-15 14:55:22', `payment_status` = '{\"id\":\"ch_3REFZm2NUoYUjiuu0F1ObWKY\",\"object\":\"charge\",\"amount\":15000,\"amount_captured\":15000,\"amount_refunded\":0,\"application\":null,\"application_fee\":null,\"application_fee_amount\":null,\"balance_transaction\":\"txn_3REFZm2NUoYUjiuu0ViHQ95i\",\"billing_details\":{\"address\":{\"city\":null,\"country\":null,\"line1\":null,\"line2\":null,\"postal_code\":null,\"state\":null},\"email\":null,\"name\":\"angelito.magaly@gmail.com\",\"phone\":null},\"calculated_statement_descriptor\":\"TRAVELEGENDCY LLC\",\"captured\":true,\"created\":1744746922,\"currency\":\"usd\",\"customer\":\"cus_S8WdRKGnB3AXct\",\"description\":null,\"destination\":null,\"dispute\":null,\"disputed\":false,\"failure_balance_transaction\":null,\"failure_code\":null,\"failure_message\":null,\"fraud_details\":[],\"invoice\":null,\"livemode\":true,\"metadata\":{\"name\":\"Liz A Fernandez\",\"username\":\"Anayaliz0310\"},\"on_behalf_of\":null,\"order\":null,\"outcome\":{\"advice_code\":null,\"network_advice_code\":null,\"network_decline_code\":null,\"network_status\":\"approved_by_network\",\"reason\":null,\"risk_level\":\"normal\",\"seller_message\":\"Payment complete.\",\"type\":\"authorized\"},\"paid\":true,\"payment_intent\":null,\"payment_method\":\"card_1REFZi2NUoYUjiuuaeQWnzF8\",\"payment_method_details\":{\"card\":{\"amount_authorized\":15000,\"authorization_code\":\"05685G\",\"brand\":\"visa\",\"checks\":{\"address_line1_check\":null,\"address_postal_code_check\":null,\"cvc_check\":\"pass\"},\"country\":\"US\",\"exp_month\":11,\"exp_year\":2026,\"extended_authorization\":{\"status\":\"disabled\"},\"fingerprint\":\"aJ9q3SKQcQIObALj\",\"funding\":\"credit\",\"incremental_authorization\":{\"status\":\"unavailable\"},\"installments\":null,\"last4\":\"3366\",\"mandate\":null,\"multicapture\":{\"status\":\"unavailable\"},\"network\":\"visa\",\"network_token\":{\"used\":true},\"network_transaction_id\":\"305105717228782\",\"overcapture\":{\"maximum_amount_capturable\":15000,\"status\":\"unavailable\"},\"regulated_status\":\"unregulated\",\"three_d_secure\":null,\"wallet\":null},\"type\":\"card\"},\"receipt_email\":null,\"receipt_number\":null,\"receipt_url\":\"https:\\/\\/pay.stripe.com\\/receipts\\/payment\\/CAcQARoXChVhY2N0XzFRUEFGdjJOVW9ZVWppdXUoq_P6vwYyBk7cHsvxJjosFlxpoliOOx72QOKAtiX8rxTYUYJXmyM0dIun-6cLB8RU0eNWV6sVPfqHwpM\",\"refunded\":false,\"review\":null,\"shipping\":null,\"source\":{\"id\":\"card_1REFZi2NUoYUjiuuaeQWnzF8\",\"object\":\"card\",\"address_city\":null,\"address_country\":null,\"address_line1\":null,\"address_line1_check\":null,\"address_line2\":null,\"address_state\":null,\"address_zip\":null,\"address_zip_check\":null,\"allow_redisplay\":\"unspecified\",\"brand\":\"Visa\",\"country\":\"US\",\"customer\":\"cus_S8WdRKGnB3AXct\",\"cvc_check\":\"pass\",\"dynamic_last4\":null,\"exp_month\":11,\"exp_year\":2026,\"fingerprint\":\"aJ9q3SKQcQIObALj\",\"funding\":\"credit\",\"last4\":\"3366\",\"metadata\":[],\"name\":\"angelito.magaly@gmail.com\",\"regulated_status\":\"unregulated\",\"tokenization_method\":null,\"wallet\":null},\"source_transfer\":null,\"statement_descriptor\":null,\"statement_descriptor_suffix\":null,\"status\":\"succeeded\",\"transfer_data\":null,\"transfer_group\":null}'
WHERE `id` = 300;
INSERT INTO `sub_history` (`user_id`, `package_id`, `amount`, `payment_method`, `date`) VALUES ('ZR6TNE', '2', '150', 'Stripe', '2025-04-15 14:55:22');
UPDATE `user_registration` SET sub_point = ROUND(sub_point + 150,2)
WHERE `user_id` = 'ZR6TNE';
INSERT INTO `investment` (`invest_date`, `user_id`, `type`, `amount`, `package_id`) VALUES ('2025-04-15 14:55:22', 'ZR6TNE', 'subscription', '150', '2');
UPDATE `user_registration` SET total_points = ROUND(total_points + 150,2)
WHERE `user_id` = 'ZR6TNE';
INSERT INTO `points_history` (`user_id`, `points`, `type`, `date`) VALUES ('ZR6TNE', '150', 'subscription', '2025-04-15 14:55:');
UPDATE `bv_updation` SET right_carry = right_carry+150, total_right = total_right+150
WHERE `user_id` = 'G3WYIA';
INSERT INTO `placement_bv_update_history` (`right_carry`, `date`, `from_id`, `user_id`) VALUES ('150', '2025-04-15 14:55:22', 'ZR6TNE', 'G3WYIA');
UPDATE `bv_updation` SET right_carry = right_carry+150, total_right = total_right+150
WHERE `user_id` = '1GNDEQ';
INSERT INTO `placement_bv_update_history` (`right_carry`, `date`, `from_id`, `user_id`) VALUES ('150', '2025-04-15 14:55:22', 'ZR6TNE', '1GNDEQ');
UPDATE `user_registration` SET `cycle_rank_id` = '1'
WHERE `user_id` = '1GNDEQ';
INSERT INTO `rank_history` (`rank_id`, `user_id`, `name`, `bv`, `date`, `amount`, `type`) VALUES ('1', '1GNDEQ', 'Affiliate', '0', '2025-04-15 14:55:22', '0', 'auto');
UPDATE `bv_updation` SET right_carry = right_carry+150, total_right = total_right+150
WHERE `user_id` = 'IYLH21';
INSERT INTO `placement_bv_update_history` (`right_carry`, `date`, `from_id`, `user_id`) VALUES ('150', '2025-04-15 14:55:22', 'ZR6TNE', 'IYLH21');
UPDATE `user_registration` SET `cycle_rank_id` = '1'
WHERE `user_id` = 'IYLH21';
INSERT INTO `rank_history` (`rank_id`, `user_id`, `name`, `bv`, `date`, `amount`, `type`) VALUES ('1', 'IYLH21', 'Affiliate', '0', '2025-04-15 14:55:22', '0', 'auto');
UPDATE `bv_updation` SET right_carry = right_carry+150, total_right = total_right+150
WHERE `user_id` = 'FLKHUD';
INSERT INTO `placement_bv_update_history` (`right_carry`, `date`, `from_id`, `user_id`) VALUES ('150', '2025-04-15 14:55:22', 'ZR6TNE', 'FLKHUD');
UPDATE `bv_updation` SET right_carry = right_carry+150, total_right = total_right+150
WHERE `user_id` = 'BUWYXW';
INSERT INTO `placement_bv_update_history` (`right_carry`, `date`, `from_id`, `user_id`) VALUES ('150', '2025-04-15 14:55:22', 'ZR6TNE', 'BUWYXW');
UPDATE `user_registration` SET `cycle_rank_id` = '1'
WHERE `user_id` = 'BUWYXW';
INSERT INTO `rank_history` (`rank_id`, `user_id`, `name`, `bv`, `date`, `amount`, `type`) VALUES ('1', 'BUWYXW', 'Affiliate', '0', '2025-04-15 14:55:22', '0', 'auto');
UPDATE `bv_updation` SET right_carry = right_carry+150, total_right = total_right+150
WHERE `user_id` = 'UXMQZD';
INSERT INTO `placement_bv_update_history` (`right_carry`, `date`, `from_id`, `user_id`) VALUES ('150', '2025-04-15 14:55:23', 'ZR6TNE', 'UXMQZD');
UPDATE `user_registration` SET `cycle_rank_id` = '1'
WHERE `user_id` = 'UXMQZD';
INSERT INTO `rank_history` (`rank_id`, `user_id`, `name`, `bv`, `date`, `amount`, `type`) VALUES ('1', 'UXMQZD', 'Affiliate', '0', '2025-04-15 14:55:23', '0', 'auto');
UPDATE `bv_updation` SET right_carry = right_carry+150, total_right = total_right+150
WHERE `user_id` = 'O94ZPY';
INSERT INTO `placement_bv_update_history` (`right_carry`, `date`, `from_id`, `user_id`) VALUES ('150', '2025-04-15 14:55:23', 'ZR6TNE', 'O94ZPY');
UPDATE `user_registration` SET `cycle_rank_id` = '1'
WHERE `user_id` = 'O94ZPY';
INSERT INTO `rank_history` (`rank_id`, `user_id`, `name`, `bv`, `date`, `amount`, `type`) VALUES ('1', 'O94ZPY', 'Affiliate', '0', '2025-04-15 14:55:23', '0', 'auto');
UPDATE `bv_updation` SET sponsor_right_carry = sponsor_right_carry+150, sponsor_total_right = sponsor_total_right+150
WHERE `user_id` = 'O94ZPY';
INSERT INTO `sponsor_bv_update_history` (`right_carry`, `date`, `user_id`) VALUES ('150', '2025-04-15 14:55:23', 'O94ZPY');
UPDATE `bv_updation` SET right_carry = right_carry+150, total_right = total_right+150
WHERE `user_id` = 'JHRDHS';
INSERT INTO `placement_bv_update_history` (`right_carry`, `date`, `from_id`, `user_id`) VALUES ('150', '2025-04-15 14:55:23', 'ZR6TNE', 'JHRDHS');
UPDATE `user_registration` SET `cycle_rank_id` = '1'
WHERE `user_id` = 'JHRDHS';
INSERT INTO `rank_history` (`rank_id`, `user_id`, `name`, `bv`, `date`, `amount`, `type`) VALUES ('1', 'JHRDHS', 'Affiliate', '0', '2025-04-15 14:55:23', '0', 'auto');
UPDATE `bv_updation` SET right_carry = right_carry+150, total_right = total_right+150
WHERE `user_id` = 'CVVK4C';
INSERT INTO `placement_bv_update_history` (`right_carry`, `date`, `from_id`, `user_id`) VALUES ('150', '2025-04-15 14:55:23', 'ZR6TNE', 'CVVK4C');
UPDATE `user_registration` SET `cycle_rank_id` = '1'
WHERE `user_id` = 'CVVK4C';
INSERT INTO `rank_history` (`rank_id`, `user_id`, `name`, `bv`, `date`, `amount`, `type`) VALUES ('1', 'CVVK4C', 'Affiliate', '0', '2025-04-15 14:55:23', '0', 'auto');
UPDATE `bv_updation` SET left_carry = left_carry+150, total_left = total_left+150
WHERE `user_id` = 'K55EDD';
INSERT INTO `placement_bv_update_history` (`left_carry`, `date`, `from_id`, `user_id`) VALUES ('150', '2025-04-15 14:55:24', 'ZR6TNE', 'K55EDD');
UPDATE `user_registration` SET `cycle_rank_id` = '1'
WHERE `user_id` = 'K55EDD';
INSERT INTO `rank_history` (`rank_id`, `user_id`, `name`, `bv`, `date`, `amount`, `type`) VALUES ('1', 'K55EDD', 'Affiliate', '0', '2025-04-15 14:55:24', '0', 'auto');
UPDATE `bv_updation` SET left_carry = left_carry+150, total_left = total_left+150
WHERE `user_id` = 'UQO7EQ';
INSERT INTO `placement_bv_update_history` (`left_carry`, `date`, `from_id`, `user_id`) VALUES ('150', '2025-04-15 14:55:24', 'ZR6TNE', 'UQO7EQ');
UPDATE `user_registration` SET `cycle_rank_id` = '1'
WHERE `user_id` = 'UQO7EQ';
INSERT INTO `rank_history` (`rank_id`, `user_id`, `name`, `bv`, `date`, `amount`, `type`) VALUES ('1', 'UQO7EQ', 'Affiliate', '0', '2025-04-15 14:55:24', '0', 'auto');
UPDATE `bv_updation` SET left_carry = left_carry+150, total_left = total_left+150
WHERE `user_id` = 'N6GZAE';
INSERT INTO `placement_bv_update_history` (`left_carry`, `date`, `from_id`, `user_id`) VALUES ('150', '2025-04-15 14:55:24', 'ZR6TNE', 'N6GZAE');
UPDATE `user_registration` SET `cycle_rank_id` = '1'
WHERE `user_id` = 'N6GZAE';
INSERT INTO `rank_history` (`rank_id`, `user_id`, `name`, `bv`, `date`, `amount`, `type`) VALUES ('1', 'N6GZAE', 'Affiliate', '0', '2025-04-15 14:55:24', '0', 'auto');
UPDATE `bv_updation` SET left_carry = left_carry+150, total_left = total_left+150
WHERE `user_id` = '4E1CRI';
INSERT INTO `placement_bv_update_history` (`left_carry`, `date`, `from_id`, `user_id`) VALUES ('150', '2025-04-15 14:55:24', 'ZR6TNE', '4E1CRI');
UPDATE `bv_updation` SET left_carry = left_carry+150, total_left = total_left+150
WHERE `user_id` = 'SJBNYJ';
INSERT INTO `placement_bv_update_history` (`left_carry`, `date`, `from_id`, `user_id`) VALUES ('150', '2025-04-15 14:55:24', 'ZR6TNE', 'SJBNYJ');
UPDATE `user_registration` SET `cycle_rank_id` = '1'
WHERE `user_id` = 'SJBNYJ';
INSERT INTO `rank_history` (`rank_id`, `user_id`, `name`, `bv`, `date`, `amount`, `type`) VALUES ('1', 'SJBNYJ', 'Affiliate', '0', '2025-04-15 14:55:24', '0', 'auto');
UPDATE `bv_updation` SET left_carry = left_carry+150, total_left = total_left+150
WHERE `user_id` = '44B9Y4';
INSERT INTO `placement_bv_update_history` (`left_carry`, `date`, `from_id`, `user_id`) VALUES ('150', '2025-04-15 14:55:25', 'ZR6TNE', '44B9Y4');
UPDATE `user_registration` SET `cycle_rank_id` = '1'
WHERE `user_id` = '44B9Y4';
INSERT INTO `rank_history` (`rank_id`, `user_id`, `name`, `bv`, `date`, `amount`, `type`) VALUES ('1', '44B9Y4', 'Affiliate', '0', '2025-04-15 14:55:25', '0', 'auto');
UPDATE `bv_updation` SET right_carry = right_carry+150, total_right = total_right+150
WHERE `user_id` = 'admin';
INSERT INTO `placement_bv_update_history` (`right_carry`, `date`, `from_id`, `user_id`) VALUES ('150', '2025-04-15 14:55:25', 'ZR6TNE', 'admin');
UPDATE `user_registration` SET `cycle_rank_id` = '1'
WHERE `user_id` = 'admin';
INSERT INTO `rank_history` (`rank_id`, `user_id`, `name`, `bv`, `date`, `amount`, `type`) VALUES ('1', 'admin', 'Affiliate', '0', '2025-04-15 14:55:25', '0', 'auto');
UPDATE `user_registration` SET `subscription_date` = '2025-05-15', `active_status` = 'yes'
WHERE `user_id` = 'ZR6TNE';
UPDATE `user_registration` SET `popup_seen` = 'yes'
WHERE `user_id` = 'ZR6TNE';
UPDATE `user_registration` SET `popup_seen` = 'no'
WHERE `user_id` = 'ZR6TNE';
DELETE FROM `ci_sessions`
WHERE `id` = 'a4c4a5a43c3fb3399caf4c1aec05b2fa4e227a40';
INSERT INTO `login_history` (`user_id`, `device`, `ip_address`, `date`) VALUES ('O94ZPY', 'Mozilla/5.0 (iPhone; CPU iPhone OS 18_3_2 like Mac OS X) AppleWebKit/605.1.15 (KHTML, like Gecko) Version/18.3.1 Mobile/15E148 Safari/604.1', '172.71.158.137', '25-04-15 14:57');
UPDATE `user_registration` SET `popup_seen` = 'yes'
WHERE `user_id` = 'O94ZPY';
UPDATE `user_registration` SET `popup_seen` = 'no'
WHERE `user_id` = 'O94ZPY';
DELETE FROM `ci_sessions`
WHERE `id` = 'd654dca4446e137975263a27101a13226c5d9b6c';
INSERT INTO `login_history` (`user_id`, `device`, `ip_address`, `date`) VALUES ('UQO7EQ', 'Mozilla/5.0 (Linux; Android 10; K) AppleWebKit/537.36 (KHTML, like Gecko) Chrome/131.0.0.0 Mobile Safari/537.36', '172.70.54.108', '25-04-15 15:17');
UPDATE `user_registration` SET `popup_seen` = 'yes'
WHERE `user_id` = 'UQO7EQ';
UPDATE `user_registration` SET `popup_seen` = 'yes'
WHERE `user_id` = 'UQO7EQ';
UPDATE `user_registration` SET `popup_seen` = 'no'
WHERE `user_id` = 'UQO7EQ';
DELETE FROM `ci_sessions`
WHERE `id` = 'cd71bdd9bfed52fad9e12873fc4acc110f1fc49f';
INSERT INTO `login_history` (`user_id`, `device`, `ip_address`, `date`) VALUES ('181RLJ', 'Mozilla/5.0 (Macintosh; Intel Mac OS X 10_15_7) AppleWebKit/605.1.15 (KHTML, like Gecko) Version/17.10 Safari/605.1.15', '172.70.54.245', '25-04-15 15:28');
UPDATE `user_registration` SET `popup_seen` = 'yes'
WHERE `user_id` = '181RLJ';
UPDATE `ci_sessions` SET `timestamp` = 1744749229, `data` = '__ci_last_regenerate|i:1744749229;id|s:4:\"2146\";user_id|s:6:\"181RLJ\";username|s:10:\"Blessing88\";sponsor_id|s:6:\"BUWYXW\";fullname|s:13:\"Maria Carcamo\";email|s:18:\"leomari4@yahoo.com\";phone|s:10:\"3054501402\";isLogIn|b:1;message|s:21:\"Welcome Maria Carcamo\";__ci_vars|a:1:{s:7:\"message\";s:3:\"old\";}'
WHERE `id` = '72a1547b60504d84d23063da8e30a7815bebbfdd';
UPDATE `user_registration` SET `popup_seen` = 'yes'
WHERE `user_id` = '181RLJ';
UPDATE `ci_sessions` SET `timestamp` = 1744750812, `data` = '__ci_last_regenerate|i:1744750812;captcha|s:4:\"radl\";'
WHERE `id` = 'bbb16ce4433a041617d119b02f86a4cba7957b6f';
INSERT INTO `login_history` (`user_id`, `device`, `ip_address`, `date`) VALUES ('UQO7EQ', 'Mozilla/5.0 (Linux; Android 10; K) AppleWebKit/537.36 (KHTML, like Gecko) Chrome/131.0.0.0 Mobile Safari/537.36', '172.70.55.101', '25-04-15 16:00');
UPDATE `user_registration` SET `popup_seen` = 'yes'
WHERE `user_id` = 'UQO7EQ';
UPDATE `user_registration` SET `popup_seen` = 'no'
WHERE `user_id` = 'UQO7EQ';
DELETE FROM `ci_sessions`
WHERE `id` = 'ac9ea0b4f176ecf626a6c02db52d04bbd606e519';
UPDATE `ci_sessions` SET `timestamp` = 1744751221, `data` = '__ci_last_regenerate|i:1744751221;id|s:4:\"2146\";user_id|s:6:\"181RLJ\";username|s:10:\"Blessing88\";sponsor_id|s:6:\"BUWYXW\";fullname|s:13:\"Maria Carcamo\";email|s:18:\"leomari4@yahoo.com\";phone|s:10:\"3054501402\";isLogIn|b:1;'
WHERE `id` = 'de1d0e09056c7cb2df042431598341b566c661b2';
UPDATE `user_registration` SET `popup_seen` = 'yes'
WHERE `user_id` = '181RLJ';
UPDATE `user_registration` SET `popup_seen` = 'yes'
WHERE `user_id` = '181RLJ';
UPDATE `user_registration` SET `default_leg` = 'right'
WHERE `user_id` = '181RLJ';
UPDATE `user_registration` SET `default_leg` = 'right'
WHERE `user_id` = '181RLJ';
UPDATE `ci_sessions` SET `timestamp` = 1744751769, `data` = '__ci_last_regenerate|i:1744751769;captcha|s:4:\"7kse\";'
WHERE `id` = '77fb01a951112c3f8a70e02e4bb131964595a8fb';
INSERT INTO `login_history` (`user_id`, `device`, `ip_address`, `date`) VALUES ('JHRDHS', 'Mozilla/5.0 (iPhone; CPU iPhone OS 18_3_2 like Mac OS X) AppleWebKit/605.1.15 (KHTML, like Gecko) Version/18.3.1 Mobile/15E148 Safari/604.1', '172.70.254.3', '25-04-15 16:16');
UPDATE `user_registration` SET `popup_seen` = 'yes'
WHERE `user_id` = 'JHRDHS';
UPDATE `ci_sessions` SET `timestamp` = 1744752523, `data` = '__ci_last_regenerate|i:1744752523;id|s:4:\"2146\";user_id|s:6:\"181RLJ\";username|s:10:\"Blessing88\";sponsor_id|s:6:\"BUWYXW\";fullname|s:13:\"Maria Carcamo\";email|s:18:\"leomari4@yahoo.com\";phone|s:10:\"3054501402\";isLogIn|b:1;'
WHERE `id` = 'ad0a232cedf021ffd587e3844d849b99abdfc8f2';
UPDATE `user_registration` SET `popup_seen` = 'yes'
WHERE `user_id` = '181RLJ';
INSERT INTO `login_history` (`user_id`, `device`, `ip_address`, `date`) VALUES ('HSP8ZI', 'Mozilla/5.0 (Linux; Android 10; K) AppleWebKit/537.36 (KHTML, like Gecko) Chrome/135.0.0.0 Mobile Safari/537.36', '172.68.7.17', '25-04-15 16:32');
UPDATE `user_registration` SET `popup_seen` = 'yes'
WHERE `user_id` = 'HSP8ZI';
UPDATE `user_registration` SET `popup_seen` = 'no'
WHERE `user_id` = 'HSP8ZI';
DELETE FROM `ci_sessions`
WHERE `id` = '88dc1b44f0304e40d019761374aa7f68e8f758d4';
UPDATE `ci_sessions` SET `timestamp` = 1744752840, `data` = '__ci_last_regenerate|i:1744752840;id|s:4:\"2146\";user_id|s:6:\"181RLJ\";username|s:10:\"Blessing88\";sponsor_id|s:6:\"BUWYXW\";fullname|s:13:\"Maria Carcamo\";email|s:18:\"leomari4@yahoo.com\";phone|s:10:\"3054501402\";isLogIn|b:1;'
WHERE `id` = '1473997e9fe8b111bb169b7688603d2585c57c86';
INSERT INTO `temp_register` (`post_data`, `date`, `payment_method`, `type`) VALUES ('{\"user_id\":\"181RLJ\",\"card_id\":\"4\",\"card_cost\":\"150\",\"card_value\":\"150\",\"payment_option\":\"stripe\",\"date\":\"2025-04-15 16:36:01\"}', '2025-04-15 16:36:01', 'stripe', 'buy+top_up_card');
UPDATE `user_registration` SET `popup_seen` = 'yes'
WHERE `user_id` = '181RLJ';
UPDATE `ci_sessions` SET `timestamp` = 1744753240, `data` = '__ci_last_regenerate|i:1744753240;id|s:4:\"2146\";user_id|s:6:\"181RLJ\";username|s:10:\"Blessing88\";sponsor_id|s:6:\"BUWYXW\";fullname|s:13:\"Maria Carcamo\";email|s:18:\"leomari4@yahoo.com\";phone|s:10:\"3054501402\";isLogIn|b:1;reg_stripe_id|i:301;'
WHERE `id` = '59105de5f969102654831b95b5a84e88539b9c58';
UPDATE `user_registration` SET `popup_seen` = 'yes'
WHERE `user_id` = '181RLJ';
UPDATE `ci_sessions` SET `timestamp` = 1744753549, `data` = '__ci_last_regenerate|i:1744753549;id|s:4:\"2146\";user_id|s:6:\"181RLJ\";username|s:10:\"Blessing88\";sponsor_id|s:6:\"BUWYXW\";fullname|s:13:\"Maria Carcamo\";email|s:18:\"leomari4@yahoo.com\";phone|s:10:\"3054501402\";isLogIn|b:1;reg_stripe_id|i:301;'
WHERE `id` = '4f66209a6fa682dbcf57bb31f4429645606f09a4';
INSERT INTO `login_history` (`user_id`, `device`, `ip_address`, `date`) VALUES ('44B9Y4', 'Mozilla/5.0 (X11; Linux x86_64) AppleWebKit/537.36 (KHTML, like Gecko) Chrome/135.0.0.0 Safari/537.36', '172.68.7.182', '25-04-15 16:46');
UPDATE `user_registration` SET `popup_seen` = 'yes'
WHERE `user_id` = '44B9Y4';
UPDATE `user_registration` SET `popup_seen` = 'yes'
WHERE `user_id` = '181RLJ';
UPDATE `ci_sessions` SET `timestamp` = 1744754359, `data` = '__ci_last_regenerate|i:1744754359;id|s:4:\"2146\";user_id|s:6:\"181RLJ\";username|s:10:\"Blessing88\";sponsor_id|s:6:\"BUWYXW\";fullname|s:13:\"Maria Carcamo\";email|s:18:\"leomari4@yahoo.com\";phone|s:10:\"3054501402\";isLogIn|b:1;reg_stripe_id|i:301;'
WHERE `id` = '00f249bc917048fa281ec5fcb87beac748c62f27';
INSERT INTO `payquicker_token` (`response`, `token`, `created_time`, `expires_at`) VALUES ('{\"access_token\":\"A905B568D1F1D6D7DC1F03BA4E1A75F1344FDCC4889C630D96E06A53EABFC7B7-1\",\"expires_in\":3600,\"token_type\":\"Bearer\",\"scope\":\"api useraccount_balance useraccount_debit useraccount_invitation useraccount_payment\"}', 'A905B568D1F1D6D7DC1F03BA4E1A75F1344FDCC4889C630D96E06A53EABFC7B7-1', '2025-04-15 16:59:27', '2025-04-15 17:59:27');
INSERT INTO `payment_metod_setting` (`user_id`, `method`, `email`, `wallet_id`, `status`, `date`) VALUES ('181RLJ', 'payquicker', 'leomari4@yahoo.com', 'Blessing88gbSX', 0, '2025-04-15 16:59:28');
INSERT INTO `payquicker_send_invite` (`user_id`, `userCompanyAssignedUniqueKey`, `response`, `date`) VALUES ('181RLJ', 'Blessing88gbSX', '[{\"dateInvited\":\"2025-04-15T21:59:28Z\",\"invitationKey\":\"vJ7jbhHnqNY4gu7g6bN2gdVvR3fv03nVu8tTlDWOBeXeR5vhwmzgh2HLdGccFgyJzHdD1bIKEzhTOhBwYIht336uIW7NdN94OiI5QoHwzNXMhRWLRxhiCjY08qZ4OpAwCUuWoIQ5x8x4Vx6gTmGSIKdRLklcZRDX2aoQSl1z7ERnMlYzsu3e6Vwjy0IFTREmFcq4oHELdy01S8FQsNwmkjYUsKncTVlMELxW1CaJ7KdPda6LZHixoKvwezDnMo8j\",\"invitationStatus\":\"InvitationStatusType_Pending\",\"registrationStatus\":\"NotStarted\",\"registrationDetails\":{\"addresses\":[{\"city\":\"Hialeah\",\"country\":\"USA\",\"postalCode\":\"33018\",\"region\":\"Florida\",\"streetAddress1\":\"7675 W 36th Avenue Apt 3\",\"created\":\"0001-01-01T00:00:00Z\",\"type\":\"AddressType_Residential\"}],\"fundingAccountPublicId\":\"4e84a85ac47e46639c648f932d48fdf0\",\"issuePlasticCard\":true,\"notifyUser\":true,\"userDetails\":{\"emailAddress\":\"leomari4@yahoo.com\",\"firstName\":\"Maria\",\"lastName\":\"Carcamo\",\"userCompanyAssignedUniqueKey\":\"Blessing88gbSX\"}}}]', '2025-04-15 16:59:28');
INSERT INTO `login_history` (`user_id`, `device`, `ip_address`, `date`) VALUES ('AABG7W', 'Mozilla/5.0 (Linux; Android 10; K) AppleWebKit/537.36 (KHTML, like Gecko) Chrome/135.0.0.0 Mobile Safari/537.36', '172.68.7.202', '25-04-15 17:17');
UPDATE `user_registration` SET `popup_seen` = 'yes'
WHERE `user_id` = 'AABG7W';
UPDATE `user_registration` SET `popup_seen` = 'yes'
WHERE `user_id` = 'AABG7W';
UPDATE `ci_sessions` SET `timestamp` = 1744758143, `data` = '__ci_last_regenerate|i:1744758143;captcha|s:4:\"ccaa\";'
WHERE `id` = '498a9dc65c5e9e598225fda79a844dff1ee6fd7e';
INSERT INTO `login_history` (`user_id`, `device`, `ip_address`, `date`) VALUES ('UQO7EQ', 'Mozilla/5.0 (Linux; Android 10; K) AppleWebKit/537.36 (KHTML, like Gecko) Chrome/131.0.0.0 Mobile Safari/537.36', '172.68.12.95', '25-04-15 18:03');
UPDATE `user_registration` SET `popup_seen` = 'yes'
WHERE `user_id` = 'UQO7EQ';
UPDATE `user_registration` SET `popup_seen` = 'yes'
WHERE `user_id` = 'UQO7EQ';
UPDATE `user_registration` SET `popup_seen` = 'yes'
WHERE `user_id` = 'UQO7EQ';
UPDATE `user_registration` SET `popup_seen` = 'yes'
WHERE `user_id` = 'UQO7EQ';
UPDATE `user_registration` SET `popup_seen` = 'yes'
WHERE `user_id` = 'UQO7EQ';
UPDATE `user_registration` SET `popup_seen` = 'no'
WHERE `user_id` = 'UQO7EQ';
DELETE FROM `ci_sessions`
WHERE `id` = '5d5c79e248cd7dfb9dc0e1c8124dbb49ed8c10f8';
UPDATE `ci_sessions` SET `timestamp` = 1744759814, `data` = '__ci_last_regenerate|i:1744759814;id|s:4:\"2057\";user_id|s:6:\"AABG7W\";username|s:10:\"freeurlife\";sponsor_id|s:6:\"UQO7EQ\";fullname|s:12:\"Lesli Andreu\";email|s:21:\"cranbarrier@gmail.com\";phone|s:10:\"7864171626\";isLogIn|b:1;'
WHERE `id` = 'bd0a9a3b0ea6415e6d7fdfad907b90756c469a4d';
UPDATE `user_registration` SET `popup_seen` = 'yes'
WHERE `user_id` = 'AABG7W';
UPDATE `user_registration` SET `popup_seen` = 'yes'
WHERE `user_id` = 'AABG7W';
UPDATE `ci_sessions` SET `timestamp` = 1744762837, `data` = '__ci_last_regenerate|i:1744762837;captcha|s:4:\"llei\";'
WHERE `id` = 'cc0ba2a20fde8433f36289572f3916b276e2c5a4';
INSERT INTO `login_history` (`user_id`, `device`, `ip_address`, `date`) VALUES ('UQO7EQ', 'Mozilla/5.0 (Linux; Android 10; K) AppleWebKit/537.36 (KHTML, like Gecko) Chrome/131.0.0.0 Mobile Safari/537.36', '172.70.254.137', '25-04-15 19:20');
UPDATE `user_registration` SET `popup_seen` = 'yes'
WHERE `user_id` = 'UQO7EQ';
UPDATE `user_registration` SET `popup_seen` = 'yes'
WHERE `user_id` = 'UQO7EQ';
UPDATE `user_registration` SET `popup_seen` = 'no'
WHERE `user_id` = 'UQO7EQ';
DELETE FROM `ci_sessions`
WHERE `id` = '28aa1e5714593584357e3f0403a0fea094072b68';
UPDATE `ci_sessions` SET `timestamp` = 1744763277, `data` = '__ci_last_regenerate|i:1744763277;captcha|s:4:\"hxyd\";'
WHERE `id` = '0a526e9e999eb41e56676993a945b7860b978a1f';
INSERT INTO `login_history` (`user_id`, `device`, `ip_address`, `date`) VALUES ('2RSJNO', 'Mozilla/5.0 (iPhone; CPU iPhone OS 18_3_2 like Mac OS X) AppleWebKit/605.1.15 (KHTML, like Gecko) GSA/363.0.743255906 Mobile/15E148 Safari/604.1', '172.69.132.247', '25-04-15 19:27');
UPDATE `user_registration` SET `popup_seen` = 'yes'
WHERE `user_id` = '2RSJNO';
UPDATE `user_registration` SET `popup_seen` = 'yes'
WHERE `user_id` = '2RSJNO';
INSERT INTO `login_history` (`user_id`, `device`, `ip_address`, `date`) VALUES ('XFX3US', 'Mozilla/5.0 (Macintosh; Intel Mac OS X 10_15_7) AppleWebKit/537.36 (KHTML, like Gecko) Chrome/135.0.0.0 Safari/537.36', '172.68.7.17', '25-04-15 19:42');
UPDATE `user_registration` SET `popup_seen` = 'yes'
WHERE `user_id` = 'XFX3US';
INSERT INTO `login_history` (`user_id`, `device`, `ip_address`, `date`) VALUES ('46H8G2', 'Mozilla/5.0 (Macintosh; Intel Mac OS X 10_15_7) AppleWebKit/605.1.15 (KHTML, like Gecko) Version/17.6 Safari/605.1.15', '172.68.12.78', '25-04-15 19:58');
UPDATE `user_registration` SET `popup_seen` = 'yes'
WHERE `user_id` = '46H8G2';
UPDATE `user_registration` SET `language` = 'english'
WHERE `user_id` = '46H8G2';
UPDATE `user_registration` SET `popup_seen` = 'yes'
WHERE `user_id` = '46H8G2';
INSERT INTO `temp_register` (`post_data`, `date`, `payment_method`, `type`) VALUES ('{\"user_id\":\"46H8G2\",\"package_id\":\"2\",\"amount\":\"150\",\"payment_method\":\"stripe\",\"date\":\"2025-04-15 19:59:53\"}', '2025-04-15 19:59:53', 'stripe', 'renew');
UPDATE `temp_register` SET `response` = '{\"stripeToken\":\"tok_1REKMR2NUoYUjiuuFBPds5MD\",\"stripeTokenType\":\"card\",\"stripeEmail\":\"yaniayoan@gmail.com\"}', `date_modified` = '2025-04-15 20:02:00', `payment_status` = '{\"id\":\"ch_3REKMV2NUoYUjiuu0D4M8w43\",\"object\":\"charge\",\"amount\":15000,\"amount_captured\":15000,\"amount_refunded\":0,\"application\":null,\"application_fee\":null,\"application_fee_amount\":null,\"balance_transaction\":\"txn_3REKMV2NUoYUjiuu07IgNRYV\",\"billing_details\":{\"address\":{\"city\":null,\"country\":null,\"line1\":null,\"line2\":null,\"postal_code\":null,\"state\":null},\"email\":null,\"name\":\"yaniayoan@gmail.com\",\"phone\":null},\"calculated_statement_descriptor\":\"TRAVELEGENDCY LLC\",\"captured\":true,\"created\":1744765319,\"currency\":\"usd\",\"customer\":\"cus_S8bZy0FnvLo4Ay\",\"description\":null,\"destination\":null,\"dispute\":null,\"disputed\":false,\"failure_balance_transaction\":null,\"failure_code\":null,\"failure_message\":null,\"fraud_details\":[],\"invoice\":null,\"livemode\":true,\"metadata\":{\"name\":\"yoan martinez\",\"username\":\"yoanmv\"},\"on_behalf_of\":null,\"order\":null,\"outcome\":{\"advice_code\":null,\"network_advice_code\":null,\"network_decline_code\":null,\"network_status\":\"approved_by_network\",\"reason\":null,\"risk_level\":\"normal\",\"seller_message\":\"Payment complete.\",\"type\":\"authorized\"},\"paid\":true,\"payment_intent\":null,\"payment_method\":\"card_1REKMR2NUoYUjiuuZ4KpzwnM\",\"payment_method_details\":{\"card\":{\"amount_authorized\":15000,\"authorization_code\":\"06019P\",\"brand\":\"mastercard\",\"checks\":{\"address_line1_check\":null,\"address_postal_code_check\":null,\"cvc_check\":\"pass\"},\"country\":\"US\",\"exp_month\":5,\"exp_year\":2029,\"extended_authorization\":{\"status\":\"disabled\"},\"fingerprint\":\"xhmkJ8PLmF1p1j0A\",\"funding\":\"credit\",\"incremental_authorization\":{\"status\":\"unavailable\"},\"installments\":null,\"last4\":\"0190\",\"mandate\":null,\"multicapture\":{\"status\":\"unavailable\"},\"network\":\"mastercard\",\"network_token\":{\"used\":false},\"network_transaction_id\":\"MWEWOGXK80415\",\"overcapture\":{\"maximum_amount_capturable\":15000,\"status\":\"unavailable\"},\"regulated_status\":\"unregulated\",\"three_d_secure\":null,\"wallet\":null},\"type\":\"card\"},\"receipt_email\":null,\"receipt_number\":null,\"receipt_url\":\"https:\\/\\/pay.stripe.com\\/receipts\\/payment\\/CAcQARoXChVhY2N0XzFRUEFGdjJOVW9ZVWppdXUoiYP8vwYyBlGKZGu8RTosFnmZCjzwO50uIeRUEdD1nEHGQ--oSD-OInbTajokXfdOIRb6e7l4L9kIGj0\",\"refunded\":false,\"review\":null,\"shipping\":null,\"source\":{\"id\":\"card_1REKMR2NUoYUjiuuZ4KpzwnM\",\"object\":\"card\",\"address_city\":null,\"address_country\":null,\"address_line1\":null,\"address_line1_check\":null,\"address_line2\":null,\"address_state\":null,\"address_zip\":null,\"address_zip_check\":null,\"allow_redisplay\":\"unspecified\",\"brand\":\"MasterCard\",\"country\":\"US\",\"customer\":\"cus_S8bZy0FnvLo4Ay\",\"cvc_check\":\"pass\",\"dynamic_last4\":null,\"exp_month\":5,\"exp_year\":2029,\"fingerprint\":\"xhmkJ8PLmF1p1j0A\",\"funding\":\"credit\",\"last4\":\"0190\",\"metadata\":[],\"name\":\"yaniayoan@gmail.com\",\"regulated_status\":\"unregulated\",\"tokenization_method\":null,\"wallet\":null},\"source_transfer\":null,\"statement_descriptor\":null,\"statement_descriptor_suffix\":null,\"status\":\"succeeded\",\"transfer_data\":null,\"transfer_group\":null}'
WHERE `id` = 302;
INSERT INTO `sub_history` (`user_id`, `package_id`, `amount`, `payment_method`, `date`) VALUES ('46H8G2', '2', '150', 'Stripe', '2025-04-15 20:02:00');
UPDATE `user_registration` SET sub_point = ROUND(sub_point + 150,2)
WHERE `user_id` = '46H8G2';
INSERT INTO `investment` (`invest_date`, `user_id`, `type`, `amount`, `package_id`) VALUES ('2025-04-15 20:02:00', '46H8G2', 'subscription', '150', '2');
UPDATE `user_registration` SET total_points = ROUND(total_points + 150,2)
WHERE `user_id` = '46H8G2';
INSERT INTO `points_history` (`user_id`, `points`, `type`, `date`) VALUES ('46H8G2', '150', 'subscription', '2025-04-15 20:02:');
UPDATE `bv_updation` SET right_carry = right_carry+150, total_right = total_right+150
WHERE `user_id` = 'HSP8ZI';
INSERT INTO `placement_bv_update_history` (`right_carry`, `date`, `from_id`, `user_id`) VALUES ('150', '2025-04-15 20:02:00', '46H8G2', 'HSP8ZI');
UPDATE `user_registration` SET `cycle_rank_id` = '1'
WHERE `user_id` = 'HSP8ZI';
INSERT INTO `rank_history` (`rank_id`, `user_id`, `name`, `bv`, `date`, `amount`, `type`) VALUES ('1', 'HSP8ZI', 'Affiliate', '0', '2025-04-15 20:02:00', '0', 'auto');
UPDATE `bv_updation` SET sponsor_right_carry = sponsor_right_carry+150, sponsor_total_right = sponsor_total_right+150
WHERE `user_id` = 'HSP8ZI';
INSERT INTO `sponsor_bv_update_history` (`right_carry`, `date`, `user_id`) VALUES ('150', '2025-04-15 20:02:00', 'HSP8ZI');
UPDATE `bv_updation` SET right_carry = right_carry+150, total_right = total_right+150
WHERE `user_id` = '2RSJNO';
INSERT INTO `placement_bv_update_history` (`right_carry`, `date`, `from_id`, `user_id`) VALUES ('150', '2025-04-15 20:02:00', '46H8G2', '2RSJNO');
UPDATE `user_registration` SET `cycle_rank_id` = '1'
WHERE `user_id` = '2RSJNO';
INSERT INTO `rank_history` (`rank_id`, `user_id`, `name`, `bv`, `date`, `amount`, `type`) VALUES ('1', '2RSJNO', 'Affiliate', '0', '2025-04-15 20:02:00', '0', 'auto');
UPDATE `bv_updation` SET left_carry = left_carry+150, total_left = total_left+150
WHERE `user_id` = 'ETPYLQ';
INSERT INTO `placement_bv_update_history` (`left_carry`, `date`, `from_id`, `user_id`) VALUES ('150', '2025-04-15 20:02:00', '46H8G2', 'ETPYLQ');
UPDATE `user_registration` SET `cycle_rank_id` = '1'
WHERE `user_id` = 'ETPYLQ';
INSERT INTO `rank_history` (`rank_id`, `user_id`, `name`, `bv`, `date`, `amount`, `type`) VALUES ('1', 'ETPYLQ', 'Affiliate', '0', '2025-04-15 20:02:00', '0', 'auto');
UPDATE `bv_updation` SET left_carry = left_carry+150, total_left = total_left+150
WHERE `user_id` = 'M2XFK7';
INSERT INTO `placement_bv_update_history` (`left_carry`, `date`, `from_id`, `user_id`) VALUES ('150', '2025-04-15 20:02:00', '46H8G2', 'M2XFK7');
UPDATE `bv_updation` SET left_carry = left_carry+150, total_left = total_left+150
WHERE `user_id` = '7BQJK5';
INSERT INTO `placement_bv_update_history` (`left_carry`, `date`, `from_id`, `user_id`) VALUES ('150', '2025-04-15 20:02:00', '46H8G2', '7BQJK5');
UPDATE `user_registration` SET `cycle_rank_id` = '1'
WHERE `user_id` = '7BQJK5';
INSERT INTO `rank_history` (`rank_id`, `user_id`, `name`, `bv`, `date`, `amount`, `type`) VALUES ('1', '7BQJK5', 'Affiliate', '0', '2025-04-15 20:02:00', '0', 'auto');
UPDATE `bv_updation` SET left_carry = left_carry+150, total_left = total_left+150
WHERE `user_id` = 'QJ5U9C';
INSERT INTO `placement_bv_update_history` (`left_carry`, `date`, `from_id`, `user_id`) VALUES ('150', '2025-04-15 20:02:00', '46H8G2', 'QJ5U9C');
UPDATE `user_registration` SET `cycle_rank_id` = '1'
WHERE `user_id` = 'QJ5U9C';
INSERT INTO `rank_history` (`rank_id`, `user_id`, `name`, `bv`, `date`, `amount`, `type`) VALUES ('1', 'QJ5U9C', 'Affiliate', '0', '2025-04-15 20:02:00', '0', 'auto');
UPDATE `bv_updation` SET left_carry = left_carry+150, total_left = total_left+150
WHERE `user_id` = 'O94ZPY';
INSERT INTO `placement_bv_update_history` (`left_carry`, `date`, `from_id`, `user_id`) VALUES ('150', '2025-04-15 20:02:01', '46H8G2', 'O94ZPY');
UPDATE `user_registration` SET `cycle_rank_id` = '1'
WHERE `user_id` = 'O94ZPY';
INSERT INTO `rank_history` (`rank_id`, `user_id`, `name`, `bv`, `date`, `amount`, `type`) VALUES ('1', 'O94ZPY', 'Affiliate', '0', '2025-04-15 20:02:01', '0', 'auto');
UPDATE `bv_updation` SET right_carry = right_carry+150, total_right = total_right+150
WHERE `user_id` = 'JHRDHS';
INSERT INTO `placement_bv_update_history` (`right_carry`, `date`, `from_id`, `user_id`) VALUES ('150', '2025-04-15 20:02:01', '46H8G2', 'JHRDHS');
UPDATE `user_registration` SET `cycle_rank_id` = '1'
WHERE `user_id` = 'JHRDHS';
INSERT INTO `rank_history` (`rank_id`, `user_id`, `name`, `bv`, `date`, `amount`, `type`) VALUES ('1', 'JHRDHS', 'Affiliate', '0', '2025-04-15 20:02:01', '0', 'auto');
UPDATE `bv_updation` SET right_carry = right_carry+150, total_right = total_right+150
WHERE `user_id` = 'CVVK4C';
INSERT INTO `placement_bv_update_history` (`right_carry`, `date`, `from_id`, `user_id`) VALUES ('150', '2025-04-15 20:02:01', '46H8G2', 'CVVK4C');
UPDATE `user_registration` SET `cycle_rank_id` = '1'
WHERE `user_id` = 'CVVK4C';
INSERT INTO `rank_history` (`rank_id`, `user_id`, `name`, `bv`, `date`, `amount`, `type`) VALUES ('1', 'CVVK4C', 'Affiliate', '0', '2025-04-15 20:02:01', '0', 'auto');
UPDATE `bv_updation` SET left_carry = left_carry+150, total_left = total_left+150
WHERE `user_id` = 'K55EDD';
INSERT INTO `placement_bv_update_history` (`left_carry`, `date`, `from_id`, `user_id`) VALUES ('150', '2025-04-15 20:02:01', '46H8G2', 'K55EDD');
UPDATE `user_registration` SET `cycle_rank_id` = '1'
WHERE `user_id` = 'K55EDD';
INSERT INTO `rank_history` (`rank_id`, `user_id`, `name`, `bv`, `date`, `amount`, `type`) VALUES ('1', 'K55EDD', 'Affiliate', '0', '2025-04-15 20:02:01', '0', 'auto');
UPDATE `bv_updation` SET left_carry = left_carry+150, total_left = total_left+150
WHERE `user_id` = 'UQO7EQ';
INSERT INTO `placement_bv_update_history` (`left_carry`, `date`, `from_id`, `user_id`) VALUES ('150', '2025-04-15 20:02:01', '46H8G2', 'UQO7EQ');
UPDATE `user_registration` SET `cycle_rank_id` = '1'
WHERE `user_id` = 'UQO7EQ';
INSERT INTO `rank_history` (`rank_id`, `user_id`, `name`, `bv`, `date`, `amount`, `type`) VALUES ('1', 'UQO7EQ', 'Affiliate', '0', '2025-04-15 20:02:01', '0', 'auto');
UPDATE `bv_updation` SET left_carry = left_carry+150, total_left = total_left+150
WHERE `user_id` = 'N6GZAE';
INSERT INTO `placement_bv_update_history` (`left_carry`, `date`, `from_id`, `user_id`) VALUES ('150', '2025-04-15 20:02:02', '46H8G2', 'N6GZAE');
UPDATE `user_registration` SET `cycle_rank_id` = '1'
WHERE `user_id` = 'N6GZAE';
INSERT INTO `rank_history` (`rank_id`, `user_id`, `name`, `bv`, `date`, `amount`, `type`) VALUES ('1', 'N6GZAE', 'Affiliate', '0', '2025-04-15 20:02:02', '0', 'auto');
UPDATE `bv_updation` SET left_carry = left_carry+150, total_left = total_left+150
WHERE `user_id` = '4E1CRI';
INSERT INTO `placement_bv_update_history` (`left_carry`, `date`, `from_id`, `user_id`) VALUES ('150', '2025-04-15 20:02:02', '46H8G2', '4E1CRI');
UPDATE `bv_updation` SET left_carry = left_carry+150, total_left = total_left+150
WHERE `user_id` = 'SJBNYJ';
INSERT INTO `placement_bv_update_history` (`left_carry`, `date`, `from_id`, `user_id`) VALUES ('150', '2025-04-15 20:02:02', '46H8G2', 'SJBNYJ');
UPDATE `user_registration` SET `cycle_rank_id` = '1'
WHERE `user_id` = 'SJBNYJ';
INSERT INTO `rank_history` (`rank_id`, `user_id`, `name`, `bv`, `date`, `amount`, `type`) VALUES ('1', 'SJBNYJ', 'Affiliate', '0', '2025-04-15 20:02:02', '0', 'auto');
UPDATE `bv_updation` SET left_carry = left_carry+150, total_left = total_left+150
WHERE `user_id` = '44B9Y4';
INSERT INTO `placement_bv_update_history` (`left_carry`, `date`, `from_id`, `user_id`) VALUES ('150', '2025-04-15 20:02:02', '46H8G2', '44B9Y4');
UPDATE `user_registration` SET `cycle_rank_id` = '1'
WHERE `user_id` = '44B9Y4';
INSERT INTO `rank_history` (`rank_id`, `user_id`, `name`, `bv`, `date`, `amount`, `type`) VALUES ('1', '44B9Y4', 'Affiliate', '0', '2025-04-15 20:02:02', '0', 'auto');
UPDATE `bv_updation` SET right_carry = right_carry+150, total_right = total_right+150
WHERE `user_id` = 'admin';
INSERT INTO `placement_bv_update_history` (`right_carry`, `date`, `from_id`, `user_id`) VALUES ('150', '2025-04-15 20:02:02', '46H8G2', 'admin');
UPDATE `user_registration` SET `cycle_rank_id` = '1'
WHERE `user_id` = 'admin';
INSERT INTO `rank_history` (`rank_id`, `user_id`, `name`, `bv`, `date`, `amount`, `type`) VALUES ('1', 'admin', 'Affiliate', '0', '2025-04-15 20:02:02', '0', 'auto');
UPDATE `user_registration` SET `subscription_date` = '2025-05-15', `active_status` = 'yes'
WHERE `user_id` = '46H8G2';
UPDATE `user_registration` SET `popup_seen` = 'yes'
WHERE `user_id` = '46H8G2';
UPDATE `user_registration` SET `popup_seen` = 'yes'
WHERE `user_id` = '46H8G2';
UPDATE `ci_sessions` SET `timestamp` = 1744765372, `data` = '__ci_last_regenerate|i:1744765372;id|s:4:\"2225\";user_id|s:6:\"46H8G2\";username|s:6:\"yoanmv\";sponsor_id|s:6:\"HSP8ZI\";fullname|s:13:\"yoan martinez\";email|s:22:\"yoanmtnz1977@gmail.com\";phone|s:10:\"8133825424\";isLogIn|b:1;'
WHERE `id` = 'ff409c34bb0edf17088abfb61b2456963752819a';
UPDATE `ci_sessions` SET `timestamp` = 1744765383, `data` = '__ci_last_regenerate|i:1744765383;captcha|s:4:\"fzyx\";'
WHERE `id` = 'a1a34daf1e2cfd0f1ca1eaaae0bdaa819a76654d';
INSERT INTO `login_history` (`user_id`, `device`, `ip_address`, `date`) VALUES ('IYCRUH', 'Mozilla/5.0 (Macintosh; Intel Mac OS X 10_15_7) AppleWebKit/605.1.15 (KHTML, like Gecko) Version/18.3 Safari/605.1.15', '172.68.7.88', '25-04-15 20:03');
UPDATE `user_registration` SET `popup_seen` = 'yes'
WHERE `user_id` = 'IYCRUH';
UPDATE `user_registration` SET `default_leg` = 'auto'
WHERE `user_id` = '46H8G2';
UPDATE `ci_sessions` SET `timestamp` = 1744765800, `data` = '__ci_last_regenerate|i:1744765800;id|s:4:\"2225\";user_id|s:6:\"46H8G2\";username|s:6:\"yoanmv\";sponsor_id|s:6:\"HSP8ZI\";fullname|s:13:\"yoan martinez\";email|s:22:\"yoanmtnz1977@gmail.com\";phone|s:10:\"8133825424\";isLogIn|b:1;'
WHERE `id` = 'd612e03b76e77ee50ddad7dafc3c90a19de55f3d';
UPDATE `ci_sessions` SET `timestamp` = 1744765861, `data` = '__ci_last_regenerate|i:1744765861;id|s:4:\"2192\";user_id|s:6:\"IYCRUH\";username|s:11:\"CARMENTMORA\";sponsor_id|s:6:\"QJ5U9C\";fullname|s:13:\"Carmen T Mora\";email|s:24:\"rosioesmeralda@yahoo.com\";phone|s:10:\"7869708716\";isLogIn|b:1;'
WHERE `id` = '10f8322567793d9aa5412d5def3b262142311e32';
UPDATE `user_registration` SET `popup_seen` = 'yes'
WHERE `user_id` = 'IYCRUH';
UPDATE `user_registration` SET `popup_seen` = 'yes'
WHERE `user_id` = 'IYCRUH';
UPDATE `user_registration` SET `popup_seen` = 'yes'
WHERE `user_id` = 'IYCRUH';
UPDATE `user_registration` SET `popup_seen` = 'yes'
WHERE `user_id` = 'IYCRUH';
UPDATE `user_registration` SET `popup_seen` = 'no'
WHERE `user_id` = 'IYCRUH';
DELETE FROM `ci_sessions`
WHERE `id` = '414c051d4f2308124a7c496cde2b9d5651ae1545';
UPDATE `ci_sessions` SET `timestamp` = 1744766437, `data` = '__ci_last_regenerate|i:1744766437;id|s:4:\"2225\";user_id|s:6:\"46H8G2\";username|s:6:\"yoanmv\";sponsor_id|s:6:\"HSP8ZI\";fullname|s:13:\"yoan martinez\";email|s:22:\"yoanmtnz1977@gmail.com\";phone|s:10:\"8133825424\";isLogIn|b:1;'
WHERE `id` = '734a168f5a416babd797f4e65096e6cb902932d1';
UPDATE `user_registration` SET `popup_seen` = 'yes'
WHERE `user_id` = '46H8G2';
UPDATE `ci_sessions` SET `timestamp` = 1744766962, `data` = '__ci_last_regenerate|i:1744766962;captcha|s:4:\"ybzp\";'
WHERE `id` = '55e0a393e61a43705e0c837a3d58e88c0f059c79';
INSERT INTO `login_history` (`user_id`, `device`, `ip_address`, `date`) VALUES ('UQO7EQ', 'Mozilla/5.0 (Linux; Android 10; K) AppleWebKit/537.36 (KHTML, like Gecko) Chrome/131.0.0.0 Mobile Safari/537.36', '172.68.7.183', '25-04-15 20:29');
UPDATE `user_registration` SET `popup_seen` = 'yes'
WHERE `user_id` = 'UQO7EQ';
UPDATE `user_registration` SET `popup_seen` = 'yes'
WHERE `user_id` = 'UQO7EQ';
UPDATE `user_registration` SET `popup_seen` = 'no'
WHERE `user_id` = 'UQO7EQ';
DELETE FROM `ci_sessions`
WHERE `id` = '8f2aa0f30065871922530bf1ea96fdee1133c94b';
UPDATE `ci_sessions` SET `timestamp` = 1744767228, `data` = '__ci_last_regenerate|i:1744767228;id|s:4:\"2190\";user_id|s:6:\"2RSJNO\";username|s:8:\"yoel0221\";sponsor_id|s:6:\"QJ5U9C\";fullname|s:16:\"Yoel Ramos Gomez\";email|s:19:\"yoel21272@gmail.com\";phone|s:10:\"3053050150\";isLogIn|b:1;'
WHERE `id` = 'cc6002eb7a4f06967afaa30cbbb700852fe11f10';
UPDATE `user_registration` SET `popup_seen` = 'yes'
WHERE `user_id` = '2RSJNO';
INSERT INTO `login_history` (`user_id`, `device`, `ip_address`, `date`) VALUES ('UQO7EQ', 'Mozilla/5.0 (Windows NT 10.0; Win64; x64) AppleWebKit/537.36 (KHTML, like Gecko) Chrome/135.0.0.0 Safari/537.36', '172.70.82.9', '25-04-15 20:47');
UPDATE `user_registration` SET `popup_seen` = 'yes'
WHERE `user_id` = 'UQO7EQ';
UPDATE `user_registration` SET `popup_seen` = 'yes'
WHERE `user_id` = 'UQO7EQ';
UPDATE `ci_sessions` SET `timestamp` = 1744768477, `data` = '__ci_last_regenerate|i:1744768477;id|s:4:\"2042\";user_id|s:6:\"UQO7EQ\";username|s:6:\"Rafa51\";sponsor_id|s:6:\"N6GZAE\";fullname|s:16:\"Rafael Rodriguez\";email|s:18:\"rafagana@yahoo.com\";phone|s:10:\"3057610606\";isLogIn|b:1;'
WHERE `id` = '4ac3c8b8cc8217e52e4e1cf6d79335d6dcf3109a';
UPDATE `user_registration` SET `popup_seen` = 'yes'
WHERE `user_id` = 'UQO7EQ';
UPDATE `user_registration` SET `popup_seen` = 'no'
WHERE `user_id` = 'UQO7EQ';
DELETE FROM `ci_sessions`
WHERE `id` = 'b8996627fa2807aad8871e00feca53c6e365adc7';
INSERT INTO `login_history` (`user_id`, `device`, `ip_address`, `date`) VALUES ('JHRDHS', 'Mozilla/5.0 (iPhone; CPU iPhone OS 18_3_2 like Mac OS X) AppleWebKit/605.1.15 (KHTML, like Gecko) Version/18.3.1 Mobile/15E148 Safari/604.1', '172.68.7.138', '25-04-15 21:03');
UPDATE `user_registration` SET `popup_seen` = 'yes'
WHERE `user_id` = 'JHRDHS';
UPDATE `ci_sessions` SET `timestamp` = 1744769057, `data` = '__ci_last_regenerate|i:1744769057;id|s:4:\"2225\";user_id|s:6:\"46H8G2\";username|s:6:\"yoanmv\";sponsor_id|s:6:\"HSP8ZI\";fullname|s:13:\"yoan martinez\";email|s:22:\"yoanmtnz1977@gmail.com\";phone|s:10:\"8133825424\";isLogIn|b:1;'
WHERE `id` = '9b8097fc2c98e2ac3ebe89ce55f9e6a9622c6f25';
UPDATE `user_registration` SET `popup_seen` = 'yes'
WHERE `user_id` = '46H8G2';
INSERT INTO `login_history` (`user_id`, `device`, `ip_address`, `date`) VALUES ('44B9Y4', 'Mozilla/5.0 (Windows NT 10.0; Win64; x64) AppleWebKit/537.36 (KHTML, like Gecko) Chrome/135.0.0.0 Safari/537.36', '172.70.54.70', '25-04-15 21:25');
UPDATE `user_registration` SET `popup_seen` = 'yes'
WHERE `user_id` = '44B9Y4';
UPDATE `ci_sessions` SET `timestamp` = 1744771077, `data` = '__ci_last_regenerate|i:1744771077;id|s:4:\"2021\";user_id|s:6:\"44B9Y4\";username|s:7:\"Talimbi\";sponsor_id|s:5:\"admin\";fullname|s:14:\"Emilio Tapanes\";email|s:23:\"emiliotapanes@gmail.com\";phone|s:10:\"7862876762\";isLogIn|b:1;'
WHERE `id` = '901a810d7ae3ec52b9e7ff3888589d728f92e0f9';
UPDATE `user_registration` SET `popup_seen` = 'yes'
WHERE `user_id` = '44B9Y4';
INSERT INTO `login_history` (`user_id`, `device`, `ip_address`, `date`) VALUES ('UQO7EQ', 'Mozilla/5.0 (Linux; Android 10; K) AppleWebKit/537.36 (KHTML, like Gecko) Chrome/131.0.0.0 Mobile Safari/537.36', '172.70.82.159', '25-04-15 22:36');
UPDATE `user_registration` SET `popup_seen` = 'yes'
WHERE `user_id` = 'UQO7EQ';
UPDATE `user_registration` SET `popup_seen` = 'yes'
WHERE `user_id` = 'UQO7EQ';
UPDATE `user_registration` SET `popup_seen` = 'yes'
WHERE `user_id` = 'UQO7EQ';
UPDATE `user_registration` SET `popup_seen` = 'no'
WHERE `user_id` = 'UQO7EQ';
DELETE FROM `ci_sessions`
WHERE `id` = '437f0e49286619966307fd28ebab3b66b729a2cc';
INSERT INTO `cron_job_history` (`name`, `date_started`, `status`) VALUES ('backup', '2025-04-16 00:00:01', 'started');
UPDATE `cron_job_history` SET `status` = 'done', `date_end` = '2025-04-16 00:00:02'
WHERE `id` = 326;
INSERT INTO `cron_job_history` (`name`, `date_started`, `status`) VALUES ('deduct_sub_amt_from_ewallet', '2025-04-16 00:05:01', 'started');
UPDATE `user_registration` SET `sub_point` = 0, `active_status` = 'no'
WHERE `user_id` = '35H9RV';
INSERT INTO `inactive_history` (`user_id`, `commission_balance`, `amount`, `date`) VALUES ('35H9RV', '97.5', '150', '2025-04-16 00:05:01');
UPDATE `user_registration` SET `sub_point` = 0, `active_status` = 'no'
WHERE `user_id` = 'SJBNYJ';
INSERT INTO `inactive_history` (`user_id`, `commission_balance`, `amount`, `date`) VALUES ('SJBNYJ', '50', '150', '2025-04-16 00:05:01');
UPDATE `user_registration` SET `sub_point` = 0, `active_status` = 'no'
WHERE `user_id` = '45E8V2';
INSERT INTO `inactive_history` (`user_id`, `commission_balance`, `amount`, `date`) VALUES ('45E8V2', '50', '150', '2025-04-16 00:05:02');
UPDATE `user_registration` SET `sub_point` = 0, `active_status` = 'no'
WHERE `user_id` = 'XVTJOY';
INSERT INTO `inactive_history` (`user_id`, `commission_balance`, `amount`, `date`) VALUES ('XVTJOY', '100', '150', '2025-04-16 00:05:02');
UPDATE `user_registration` SET `sub_point` = 0, `active_status` = 'no'
WHERE `user_id` = '4E1CRI';
INSERT INTO `inactive_history` (`user_id`, `commission_balance`, `amount`, `date`) VALUES ('4E1CRI', '100', '150', '2025-04-16 00:05:03');
UPDATE `user_registration` SET `sub_point` = 0, `active_status` = 'no'
WHERE `user_id` = 'PBFKSY';
INSERT INTO `inactive_history` (`user_id`, `commission_balance`, `amount`, `date`) VALUES ('PBFKSY', '0', '150', '2025-04-16 00:05:03');
UPDATE `user_registration` SET `sub_point` = 0, `active_status` = 'no'
WHERE `user_id` = 'R37QLI';
INSERT INTO `inactive_history` (`user_id`, `commission_balance`, `amount`, `date`) VALUES ('R37QLI', '80', '150', '2025-04-16 00:05:03');
UPDATE `user_registration` SET `sub_point` = 0, `active_status` = 'no'
WHERE `user_id` = 'Q6D63V';
INSERT INTO `inactive_history` (`user_id`, `commission_balance`, `amount`, `date`) VALUES ('Q6D63V', '100', '150', '2025-04-16 00:05:04');
UPDATE `user_registration` SET `sub_point` = 0, `active_status` = 'no'
WHERE `user_id` = 'Q834IS';
INSERT INTO `inactive_history` (`user_id`, `commission_balance`, `amount`, `date`) VALUES ('Q834IS', '0', '50', '2025-04-16 00:05:04');
UPDATE `user_registration` SET `sub_point` = 0, `active_status` = 'no'
WHERE `user_id` = 'MT8QJF';
INSERT INTO `inactive_history` (`user_id`, `commission_balance`, `amount`, `date`) VALUES ('MT8QJF', '0', '150', '2025-04-16 00:05:05');
UPDATE `user_registration` SET `sub_point` = 0, `active_status` = 'no'
WHERE `user_id` = 'OWF3OA';
INSERT INTO `inactive_history` (`user_id`, `commission_balance`, `amount`, `date`) VALUES ('OWF3OA', '0', '150', '2025-04-16 00:05:05');
UPDATE `user_registration` SET `sub_point` = 0, `active_status` = 'no'
WHERE `user_id` = 'HUDVJU';
INSERT INTO `inactive_history` (`user_id`, `commission_balance`, `amount`, `date`) VALUES ('HUDVJU', '30', '50', '2025-04-16 00:05:06');
UPDATE `user_registration` SET `sub_point` = 0, `active_status` = 'no'
WHERE `user_id` = 'IEVPMD';
INSERT INTO `inactive_history` (`user_id`, `commission_balance`, `amount`, `date`) VALUES ('IEVPMD', '0', '150', '2025-04-16 00:05:06');
UPDATE `user_registration` SET `sub_point` = 0, `active_status` = 'no'
WHERE `user_id` = 'HQTCGF';
INSERT INTO `inactive_history` (`user_id`, `commission_balance`, `amount`, `date`) VALUES ('HQTCGF', '0', '150', '2025-04-16 00:05:07');
UPDATE `user_registration` SET `sub_point` = 0, `active_status` = 'no'
WHERE `user_id` = 'L2MNP5';
INSERT INTO `inactive_history` (`user_id`, `commission_balance`, `amount`, `date`) VALUES ('L2MNP5', '100', '150', '2025-04-16 00:05:07');
UPDATE `user_registration` SET `sub_point` = 0, `active_status` = 'no'
WHERE `user_id` = 'PUJNHI';
INSERT INTO `inactive_history` (`user_id`, `commission_balance`, `amount`, `date`) VALUES ('PUJNHI', '40', '150', '2025-04-16 00:05:07');
UPDATE `user_registration` SET `sub_point` = 0, `active_status` = 'no'
WHERE `user_id` = 'WC5BL7';
INSERT INTO `inactive_history` (`user_id`, `commission_balance`, `amount`, `date`) VALUES ('WC5BL7', '0', '50', '2025-04-16 00:05:08');
UPDATE `user_registration` SET `sub_point` = 0, `active_status` = 'no'
WHERE `user_id` = 'W17SG2';
INSERT INTO `inactive_history` (`user_id`, `commission_balance`, `amount`, `date`) VALUES ('W17SG2', '0', '150', '2025-04-16 00:05:08');
UPDATE `user_registration` SET `sub_point` = 0, `active_status` = 'no'
WHERE `user_id` = 'PR92IO';
INSERT INTO `inactive_history` (`user_id`, `commission_balance`, `amount`, `date`) VALUES ('PR92IO', '0', '50', '2025-04-16 00:05:09');
UPDATE `user_registration` SET `sub_point` = 0, `active_status` = 'no'
WHERE `user_id` = 'UTF7YN';
INSERT INTO `inactive_history` (`user_id`, `commission_balance`, `amount`, `date`) VALUES ('UTF7YN', '0', '150', '2025-04-16 00:05:09');
UPDATE `user_registration` SET `sub_point` = 0, `active_status` = 'no'
WHERE `user_id` = 'L8NRSC';
INSERT INTO `inactive_history` (`user_id`, `commission_balance`, `amount`, `date`) VALUES ('L8NRSC', '50', '150', '2025-04-16 00:05:09');
UPDATE `user_registration` SET `sub_point` = 0, `active_status` = 'no'
WHERE `user_id` = '6H3N98';
INSERT INTO `inactive_history` (`user_id`, `commission_balance`, `amount`, `date`) VALUES ('6H3N98', '100', '150', '2025-04-16 00:05:10');
UPDATE `user_registration` SET `sub_point` = 0, `active_status` = 'no'
WHERE `user_id` = '8RVNYT';
INSERT INTO `inactive_history` (`user_id`, `commission_balance`, `amount`, `date`) VALUES ('8RVNYT', '0', '150', '2025-04-16 00:05:10');
UPDATE `user_registration` SET `sub_point` = 0, `active_status` = 'no'
WHERE `user_id` = '2MBPZI';
INSERT INTO `inactive_history` (`user_id`, `commission_balance`, `amount`, `date`) VALUES ('2MBPZI', '0', '150', '2025-04-16 00:05:11');
UPDATE `user_registration` SET `sub_point` = 0, `active_status` = 'no'
WHERE `user_id` = 'Q82ZV9';
INSERT INTO `inactive_history` (`user_id`, `commission_balance`, `amount`, `date`) VALUES ('Q82ZV9', '20', '50', '2025-04-16 00:05:11');
UPDATE `user_registration` SET `sub_point` = 0, `active_status` = 'no'
WHERE `user_id` = 'IWTOLP';
INSERT INTO `inactive_history` (`user_id`, `commission_balance`, `amount`, `date`) VALUES ('IWTOLP', '0', '50', '2025-04-16 00:05:11');
UPDATE `user_registration` SET `sub_point` = 0, `active_status` = 'no'
WHERE `user_id` = '9QPRWH';
INSERT INTO `inactive_history` (`user_id`, `commission_balance`, `amount`, `date`) VALUES ('9QPRWH', '0', '150', '2025-04-16 00:05:12');
UPDATE `user_registration` SET `sub_point` = 0, `active_status` = 'no'
WHERE `user_id` = 'WDEXJT';
INSERT INTO `inactive_history` (`user_id`, `commission_balance`, `amount`, `date`) VALUES ('WDEXJT', '0', '150', '2025-04-16 00:05:12');
UPDATE `user_registration` SET `sub_point` = 0, `active_status` = 'no'
WHERE `user_id` = '8D7CNL';
INSERT INTO `inactive_history` (`user_id`, `commission_balance`, `amount`, `date`) VALUES ('8D7CNL', '100', '150', '2025-04-16 00:05:12');
UPDATE `user_registration` SET `sub_point` = 0, `active_status` = 'no'
WHERE `user_id` = 'UJXP99';
INSERT INTO `inactive_history` (`user_id`, `commission_balance`, `amount`, `date`) VALUES ('UJXP99', '0', '50', '2025-04-16 00:05:13');
UPDATE `user_registration` SET `sub_point` = 0, `active_status` = 'no'
WHERE `user_id` = 'L268VW';
INSERT INTO `inactive_history` (`user_id`, `commission_balance`, `amount`, `date`) VALUES ('L268VW', '0', '50', '2025-04-16 00:05:13');
UPDATE `user_registration` SET `sub_point` = 0, `active_status` = 'no'
WHERE `user_id` = 'UVJ6L9';
INSERT INTO `inactive_history` (`user_id`, `commission_balance`, `amount`, `date`) VALUES ('UVJ6L9', '0', '50', '2025-04-16 00:05:13');
UPDATE `user_registration` SET `sub_point` = 0, `active_status` = 'no'
WHERE `user_id` = 'ULHSH2';
INSERT INTO `inactive_history` (`user_id`, `commission_balance`, `amount`, `date`) VALUES ('ULHSH2', '0', '150', '2025-04-16 00:05:14');
UPDATE `user_registration` SET `sub_point` = 0, `active_status` = 'no'
WHERE `user_id` = 'H1XYDK';
INSERT INTO `inactive_history` (`user_id`, `commission_balance`, `amount`, `date`) VALUES ('H1XYDK', '0', '50', '2025-04-16 00:05:14');
UPDATE `user_registration` SET `sub_point` = 0, `active_status` = 'no'
WHERE `user_id` = '3UFB1M';
INSERT INTO `inactive_history` (`user_id`, `commission_balance`, `amount`, `date`) VALUES ('3UFB1M', '100', '150', '2025-04-16 00:05:14');
UPDATE `user_registration` SET `sub_point` = 0, `active_status` = 'no'
WHERE `user_id` = 'LEOFNI';
INSERT INTO `inactive_history` (`user_id`, `commission_balance`, `amount`, `date`) VALUES ('LEOFNI', '0', '150', '2025-04-16 00:05:15');
UPDATE `user_registration` SET `sub_point` = 0, `active_status` = 'no'
WHERE `user_id` = '75X85X';
INSERT INTO `inactive_history` (`user_id`, `commission_balance`, `amount`, `date`) VALUES ('75X85X', '0', '50', '2025-04-16 00:05:15');
UPDATE `user_registration` SET `sub_point` = 0, `active_status` = 'no'
WHERE `user_id` = 'UC1QRN';
INSERT INTO `inactive_history` (`user_id`, `commission_balance`, `amount`, `date`) VALUES ('UC1QRN', '0', '150', '2025-04-16 00:05:15');
UPDATE `user_registration` SET `sub_point` = 0, `active_status` = 'no'
WHERE `user_id` = '7YU16B';
INSERT INTO `inactive_history` (`user_id`, `commission_balance`, `amount`, `date`) VALUES ('7YU16B', '0', '50', '2025-04-16 00:05:16');
UPDATE `user_registration` SET `sub_point` = 0, `active_status` = 'no'
WHERE `user_id` = 'OEM6F6';
INSERT INTO `inactive_history` (`user_id`, `commission_balance`, `amount`, `date`) VALUES ('OEM6F6', '0', '50', '2025-04-16 00:05:16');
UPDATE `user_registration` SET `sub_point` = 0, `active_status` = 'no'
WHERE `user_id` = '7BQJK5';
INSERT INTO `inactive_history` (`user_id`, `commission_balance`, `amount`, `date`) VALUES ('7BQJK5', '20', '150', '2025-04-16 00:05:16');
UPDATE `user_registration` SET `sub_point` = 0, `active_status` = 'no'
WHERE `user_id` = 'FLKHUD';
INSERT INTO `inactive_history` (`user_id`, `commission_balance`, `amount`, `date`) VALUES ('FLKHUD', '0', '150', '2025-04-16 00:05:17');
UPDATE `user_registration` SET `sub_point` = 0, `active_status` = 'no'
WHERE `user_id` = 'XMN3MK';
INSERT INTO `inactive_history` (`user_id`, `commission_balance`, `amount`, `date`) VALUES ('XMN3MK', '0', '150', '2025-04-16 00:05:17');
UPDATE `user_registration` SET `sub_point` = 0, `active_status` = 'no'
WHERE `user_id` = '7SMFPM';
INSERT INTO `inactive_history` (`user_id`, `commission_balance`, `amount`, `date`) VALUES ('7SMFPM', '0', '50', '2025-04-16 00:05:17');
UPDATE `user_registration` SET `sub_point` = 0, `active_status` = 'no'
WHERE `user_id` = 'WS9KK9';
INSERT INTO `inactive_history` (`user_id`, `commission_balance`, `amount`, `date`) VALUES ('WS9KK9', '0', '150', '2025-04-16 00:05:17');
UPDATE `user_registration` SET `sub_point` = 0, `active_status` = 'no'
WHERE `user_id` = 'BJFCEM';
INSERT INTO `inactive_history` (`user_id`, `commission_balance`, `amount`, `date`) VALUES ('BJFCEM', '0', '50', '2025-04-16 00:05:18');
UPDATE `user_registration` SET `sub_point` = 0, `active_status` = 'no'
WHERE `user_id` = '9EDD8W';
INSERT INTO `inactive_history` (`user_id`, `commission_balance`, `amount`, `date`) VALUES ('9EDD8W', '0', '50', '2025-04-16 00:05:18');
UPDATE `user_registration` SET `sub_point` = 0, `active_status` = 'no'
WHERE `user_id` = '2QC8SK';
INSERT INTO `inactive_history` (`user_id`, `commission_balance`, `amount`, `date`) VALUES ('2QC8SK', '0', '150', '2025-04-16 00:05:18');
UPDATE `user_registration` SET `sub_point` = 0, `active_status` = 'no'
WHERE `user_id` = 'TOTNOR';
INSERT INTO `inactive_history` (`user_id`, `commission_balance`, `amount`, `date`) VALUES ('TOTNOR', '0', '50', '2025-04-16 00:05:19');
UPDATE `user_registration` SET `sub_point` = 0, `active_status` = 'no'
WHERE `user_id` = '82W7DS';
INSERT INTO `inactive_history` (`user_id`, `commission_balance`, `amount`, `date`) VALUES ('82W7DS', '0', '50', '2025-04-16 00:05:19');
UPDATE `user_registration` SET `sub_point` = 0, `active_status` = 'no'
WHERE `user_id` = 'X5T3ZT';
INSERT INTO `inactive_history` (`user_id`, `commission_balance`, `amount`, `date`) VALUES ('X5T3ZT', '0', '150', '2025-04-16 00:05:19');
UPDATE `user_registration` SET `sub_point` = 0, `active_status` = 'no'
WHERE `user_id` = '4PJDWH';
INSERT INTO `inactive_history` (`user_id`, `commission_balance`, `amount`, `date`) VALUES ('4PJDWH', '0', '150', '2025-04-16 00:05:20');
UPDATE `user_registration` SET commission_balance = ROUND(commission_balance - 150,2)
WHERE `user_id` = 'IYCRUH';
INSERT INTO `sub_history` (`user_id`, `package_id`, `amount`, `payment_method`, `date`) VALUES ('IYCRUH', '2', '150', 'Ewallet', '2025-04-16 00:05:20');
UPDATE `user_registration` SET sub_point = ROUND(sub_point + 150,2)
WHERE `user_id` = 'IYCRUH';
INSERT INTO `investment` (`invest_date`, `user_id`, `type`, `amount`, `package_id`) VALUES ('2025-04-16 00:05:20', 'IYCRUH', 'subscription', '150', '2');
UPDATE `user_registration` SET total_points = ROUND(total_points + 150,2)
WHERE `user_id` = 'IYCRUH';
INSERT INTO `points_history` (`user_id`, `points`, `type`, `date`) VALUES ('IYCRUH', '150', 'subscription', '2025-04-16 00:05:');
UPDATE `bv_updation` SET left_carry = left_carry+150, total_left = total_left+150
WHERE `user_id` = '2RSJNO';
INSERT INTO `placement_bv_update_history` (`left_carry`, `date`, `from_id`, `user_id`) VALUES ('150', '2025-04-16 00:05:20', 'IYCRUH', '2RSJNO');
UPDATE `user_registration` SET `cycle_rank_id` = '1'
WHERE `user_id` = '2RSJNO';
INSERT INTO `rank_history` (`rank_id`, `user_id`, `name`, `bv`, `date`, `amount`, `type`) VALUES ('1', '2RSJNO', 'Affiliate', '0', '2025-04-16 00:05:20', '0', 'auto');
UPDATE `bv_updation` SET left_carry = left_carry+150, total_left = total_left+150
WHERE `user_id` = 'ETPYLQ';
INSERT INTO `placement_bv_update_history` (`left_carry`, `date`, `from_id`, `user_id`) VALUES ('150', '2025-04-16 00:05:20', 'IYCRUH', 'ETPYLQ');
UPDATE `user_registration` SET `cycle_rank_id` = '1'
WHERE `user_id` = 'ETPYLQ';
INSERT INTO `rank_history` (`rank_id`, `user_id`, `name`, `bv`, `date`, `amount`, `type`) VALUES ('1', 'ETPYLQ', 'Affiliate', '0', '2025-04-16 00:05:20', '0', 'auto');
UPDATE `bv_updation` SET left_carry = left_carry+150, total_left = total_left+150
WHERE `user_id` = 'M2XFK7';
INSERT INTO `placement_bv_update_history` (`left_carry`, `date`, `from_id`, `user_id`) VALUES ('150', '2025-04-16 00:05:20', 'IYCRUH', 'M2XFK7');
UPDATE `bv_updation` SET left_carry = left_carry+150, total_left = total_left+150
WHERE `user_id` = '7BQJK5';
INSERT INTO `placement_bv_update_history` (`left_carry`, `date`, `from_id`, `user_id`) VALUES ('150', '2025-04-16 00:05:20', 'IYCRUH', '7BQJK5');
UPDATE `user_registration` SET `cycle_rank_id` = '1'
WHERE `user_id` = '7BQJK5';
INSERT INTO `rank_history` (`rank_id`, `user_id`, `name`, `bv`, `date`, `amount`, `type`) VALUES ('1', '7BQJK5', 'Affiliate', '0', '2025-04-16 00:05:20', '0', 'auto');
UPDATE `bv_updation` SET left_carry = left_carry+150, total_left = total_left+150
WHERE `user_id` = 'QJ5U9C';
INSERT INTO `placement_bv_update_history` (`left_carry`, `date`, `from_id`, `user_id`) VALUES ('150', '2025-04-16 00:05:20', 'IYCRUH', 'QJ5U9C');
UPDATE `user_registration` SET `cycle_rank_id` = '1'
WHERE `user_id` = 'QJ5U9C';
INSERT INTO `rank_history` (`rank_id`, `user_id`, `name`, `bv`, `date`, `amount`, `type`) VALUES ('1', 'QJ5U9C', 'Affiliate', '0', '2025-04-16 00:05:20', '0', 'auto');
UPDATE `bv_updation` SET sponsor_left_carry = sponsor_left_carry+150, sponsor_total_left = sponsor_total_left+150
WHERE `user_id` = 'QJ5U9C';
INSERT INTO `sponsor_bv_update_history` (`left_carry`, `date`, `user_id`) VALUES ('150', '2025-04-16 00:05:21', 'QJ5U9C');
UPDATE `bv_updation` SET left_carry = left_carry+150, total_left = total_left+150
WHERE `user_id` = 'O94ZPY';
INSERT INTO `placement_bv_update_history` (`left_carry`, `date`, `from_id`, `user_id`) VALUES ('150', '2025-04-16 00:05:21', 'IYCRUH', 'O94ZPY');
UPDATE `user_registration` SET `cycle_rank_id` = '1'
WHERE `user_id` = 'O94ZPY';
INSERT INTO `rank_history` (`rank_id`, `user_id`, `name`, `bv`, `date`, `amount`, `type`) VALUES ('1', 'O94ZPY', 'Affiliate', '0', '2025-04-16 00:05:21', '0', 'auto');
UPDATE `bv_updation` SET right_carry = right_carry+150, total_right = total_right+150
WHERE `user_id` = 'JHRDHS';
INSERT INTO `placement_bv_update_history` (`right_carry`, `date`, `from_id`, `user_id`) VALUES ('150', '2025-04-16 00:05:21', 'IYCRUH', 'JHRDHS');
UPDATE `user_registration` SET `cycle_rank_id` = '1'
WHERE `user_id` = 'JHRDHS';
INSERT INTO `rank_history` (`rank_id`, `user_id`, `name`, `bv`, `date`, `amount`, `type`) VALUES ('1', 'JHRDHS', 'Affiliate', '0', '2025-04-16 00:05:21', '0', 'auto');
UPDATE `bv_updation` SET right_carry = right_carry+150, total_right = total_right+150
WHERE `user_id` = 'CVVK4C';
INSERT INTO `placement_bv_update_history` (`right_carry`, `date`, `from_id`, `user_id`) VALUES ('150', '2025-04-16 00:05:21', 'IYCRUH', 'CVVK4C');
UPDATE `user_registration` SET `cycle_rank_id` = '1'
WHERE `user_id` = 'CVVK4C';
INSERT INTO `rank_history` (`rank_id`, `user_id`, `name`, `bv`, `date`, `amount`, `type`) VALUES ('1', 'CVVK4C', 'Affiliate', '0', '2025-04-16 00:05:21', '0', 'auto');
UPDATE `bv_updation` SET left_carry = left_carry+150, total_left = total_left+150
WHERE `user_id` = 'K55EDD';
INSERT INTO `placement_bv_update_history` (`left_carry`, `date`, `from_id`, `user_id`) VALUES ('150', '2025-04-16 00:05:21', 'IYCRUH', 'K55EDD');
UPDATE `user_registration` SET `cycle_rank_id` = '1'
WHERE `user_id` = 'K55EDD';
INSERT INTO `rank_history` (`rank_id`, `user_id`, `name`, `bv`, `date`, `amount`, `type`) VALUES ('1', 'K55EDD', 'Affiliate', '0', '2025-04-16 00:05:21', '0', 'auto');
UPDATE `bv_updation` SET left_carry = left_carry+150, total_left = total_left+150
WHERE `user_id` = 'UQO7EQ';
INSERT INTO `placement_bv_update_history` (`left_carry`, `date`, `from_id`, `user_id`) VALUES ('150', '2025-04-16 00:05:21', 'IYCRUH', 'UQO7EQ');
UPDATE `user_registration` SET `cycle_rank_id` = '1'
WHERE `user_id` = 'UQO7EQ';
INSERT INTO `rank_history` (`rank_id`, `user_id`, `name`, `bv`, `date`, `amount`, `type`) VALUES ('1', 'UQO7EQ', 'Affiliate', '0', '2025-04-16 00:05:21', '0', 'auto');
UPDATE `bv_updation` SET left_carry = left_carry+150, total_left = total_left+150
WHERE `user_id` = 'N6GZAE';
INSERT INTO `placement_bv_update_history` (`left_carry`, `date`, `from_id`, `user_id`) VALUES ('150', '2025-04-16 00:05:21', 'IYCRUH', 'N6GZAE');
UPDATE `user_registration` SET `cycle_rank_id` = '1'
WHERE `user_id` = 'N6GZAE';
INSERT INTO `rank_history` (`rank_id`, `user_id`, `name`, `bv`, `date`, `amount`, `type`) VALUES ('1', 'N6GZAE', 'Affiliate', '0', '2025-04-16 00:05:21', '0', 'auto');
UPDATE `bv_updation` SET left_carry = left_carry+150, total_left = total_left+150
WHERE `user_id` = '4E1CRI';
INSERT INTO `placement_bv_update_history` (`left_carry`, `date`, `from_id`, `user_id`) VALUES ('150', '2025-04-16 00:05:22', 'IYCRUH', '4E1CRI');
UPDATE `bv_updation` SET left_carry = left_carry+150, total_left = total_left+150
WHERE `user_id` = 'SJBNYJ';
INSERT INTO `placement_bv_update_history` (`left_carry`, `date`, `from_id`, `user_id`) VALUES ('150', '2025-04-16 00:05:22', 'IYCRUH', 'SJBNYJ');
UPDATE `user_registration` SET `cycle_rank_id` = '1'
WHERE `user_id` = 'SJBNYJ';
INSERT INTO `rank_history` (`rank_id`, `user_id`, `name`, `bv`, `date`, `amount`, `type`) VALUES ('1', 'SJBNYJ', 'Affiliate', '0', '2025-04-16 00:05:22', '0', 'auto');
UPDATE `bv_updation` SET left_carry = left_carry+150, total_left = total_left+150
WHERE `user_id` = '44B9Y4';
INSERT INTO `placement_bv_update_history` (`left_carry`, `date`, `from_id`, `user_id`) VALUES ('150', '2025-04-16 00:05:22', 'IYCRUH', '44B9Y4');
UPDATE `user_registration` SET `cycle_rank_id` = '1'
WHERE `user_id` = '44B9Y4';
INSERT INTO `rank_history` (`rank_id`, `user_id`, `name`, `bv`, `date`, `amount`, `type`) VALUES ('1', '44B9Y4', 'Affiliate', '0', '2025-04-16 00:05:22', '0', 'auto');
UPDATE `bv_updation` SET right_carry = right_carry+150, total_right = total_right+150
WHERE `user_id` = 'admin';
INSERT INTO `placement_bv_update_history` (`right_carry`, `date`, `from_id`, `user_id`) VALUES ('150', '2025-04-16 00:05:22', 'IYCRUH', 'admin');
UPDATE `user_registration` SET `cycle_rank_id` = '1'
WHERE `user_id` = 'admin';
INSERT INTO `rank_history` (`rank_id`, `user_id`, `name`, `bv`, `date`, `amount`, `type`) VALUES ('1', 'admin', 'Affiliate', '0', '2025-04-16 00:05:22', '0', 'auto');
UPDATE `user_registration` SET `subscription_date` = '2025-05-16', `active_status` = 'yes'
WHERE `user_id` = 'IYCRUH';
UPDATE `user_registration` SET `sub_point` = 0, `active_status` = 'no'
WHERE `user_id` = '8R8YQG';
INSERT INTO `inactive_history` (`user_id`, `commission_balance`, `amount`, `date`) VALUES ('8R8YQG', '0', '150', '2025-04-16 00:05:22');
UPDATE `user_registration` SET `sub_point` = 0, `active_status` = 'no'
WHERE `user_id` = 'VZYEPG';
INSERT INTO `inactive_history` (`user_id`, `commission_balance`, `amount`, `date`) VALUES ('VZYEPG', '0', '150', '2025-04-16 00:05:22');
UPDATE `user_registration` SET `sub_point` = 0, `active_status` = 'no'
WHERE `user_id` = 'TB42PA';
INSERT INTO `inactive_history` (`user_id`, `commission_balance`, `amount`, `date`) VALUES ('TB42PA', '0', '150', '2025-04-16 00:05:23');
UPDATE `user_registration` SET `sub_point` = 0, `active_status` = 'no'
WHERE `user_id` = '2KPJZJ';
INSERT INTO `inactive_history` (`user_id`, `commission_balance`, `amount`, `date`) VALUES ('2KPJZJ', '0', '150', '2025-04-16 00:05:23');
UPDATE `user_registration` SET `sub_point` = 0, `active_status` = 'no'
WHERE `user_id` = '8634EF';
INSERT INTO `inactive_history` (`user_id`, `commission_balance`, `amount`, `date`) VALUES ('8634EF', '0', '150', '2025-04-16 00:05:23');
UPDATE `user_registration` SET `sub_point` = 0, `active_status` = 'no'
WHERE `user_id` = 'WNT6C4';
INSERT INTO `inactive_history` (`user_id`, `commission_balance`, `amount`, `date`) VALUES ('WNT6C4', '0', '150', '2025-04-16 00:05:24');
UPDATE `user_registration` SET `sub_point` = 0, `active_status` = 'no'
WHERE `user_id` = 'XT3VLL';
INSERT INTO `inactive_history` (`user_id`, `commission_balance`, `amount`, `date`) VALUES ('XT3VLL', '0', '150', '2025-04-16 00:05:24');
UPDATE `user_registration` SET `sub_point` = 0, `active_status` = 'no'
WHERE `user_id` = 'DLHC7V';
INSERT INTO `inactive_history` (`user_id`, `commission_balance`, `amount`, `date`) VALUES ('DLHC7V', '0', '150', '2025-04-16 00:05:24');
UPDATE `cron_job_history` SET `status` = 'done', `date_end` = '2025-04-16 00:05:25'
WHERE `id` = 327;
INSERT INTO `login_history` (`user_id`, `device`, `ip_address`, `date`) VALUES ('UQO7EQ', 'Mozilla/5.0 (Linux; Android 10; K) AppleWebKit/537.36 (KHTML, like Gecko) Chrome/131.0.0.0 Mobile Safari/537.36', '172.70.54.158', '25-04-16 05:42');
UPDATE `user_registration` SET `popup_seen` = 'yes'
WHERE `user_id` = 'UQO7EQ';
UPDATE `user_registration` SET `popup_seen` = 'yes'
WHERE `user_id` = 'UQO7EQ';
UPDATE `user_registration` SET `popup_seen` = 'no'
WHERE `user_id` = 'UQO7EQ';
DELETE FROM `ci_sessions`
WHERE `id` = 'b23869ec6a70a89ec2fa96e1606592ea8ee461c9';
UPDATE `ci_sessions` SET `timestamp` = 1744803118, `data` = '__ci_last_regenerate|i:1744803118;captcha|s:4:\"bv2z\";'
WHERE `id` = '7e30ee2289ab68fd27072cdb51188e54f3a40a1e';
INSERT INTO `login_history` (`user_id`, `device`, `ip_address`, `date`) VALUES ('UQO7EQ', 'Mozilla/5.0 (Linux; Android 10; K) AppleWebKit/537.36 (KHTML, like Gecko) Chrome/131.0.0.0 Mobile Safari/537.36', '172.68.12.144', '25-04-16 06:31');
UPDATE `user_registration` SET `popup_seen` = 'yes'
WHERE `user_id` = 'UQO7EQ';
UPDATE `user_registration` SET `popup_seen` = 'no'
WHERE `user_id` = 'UQO7EQ';
DELETE FROM `ci_sessions`
WHERE `id` = 'a1df1368681d759445b5fd2adad921de691e1f8e';
UPDATE `ci_sessions` SET `timestamp` = 1744803744, `data` = '__ci_last_regenerate|i:1744803744;captcha|s:4:\"kvzx\";'
WHERE `id` = '610d266bbd51d48f0ee0913324f8f3e0c463eaeb';
INSERT INTO `login_history` (`user_id`, `device`, `ip_address`, `date`) VALUES ('QJ5U9C', 'Mozilla/5.0 (Windows NT 10.0; Win64; x64) AppleWebKit/537.36 (KHTML, like Gecko) Chrome/135.0.0.0 Safari/537.36', '108.162.212.46', '25-04-16 07:14');
UPDATE `user_registration` SET `popup_seen` = 'yes'
WHERE `user_id` = 'QJ5U9C';
UPDATE `ci_sessions` SET `timestamp` = 1744806221, `data` = '__ci_last_regenerate|i:1744806221;id|s:4:\"2084\";user_id|s:6:\"QJ5U9C\";username|s:10:\"gascarde60\";sponsor_id|s:6:\"O94ZPY\";fullname|s:14:\"Gaspar Cardero\";email|s:18:\"gascarde@yahoo.com\";phone|s:10:\"7862371360\";isLogIn|b:1;'
WHERE `id` = '10f77e6975abdf7719316c3cce89d55bf5c5cc42';
UPDATE `ci_sessions` SET `timestamp` = 1744809531, `data` = '__ci_last_regenerate|i:1744809531;captcha|s:4:\"nr1m\";'
WHERE `id` = '456fa007fdfe2e4d736e5cf1ccb0c2949142a134';
INSERT INTO `login_history` (`user_id`, `device`, `ip_address`, `date`) VALUES ('UQO7EQ', 'Mozilla/5.0 (Linux; Android 10; K) AppleWebKit/537.36 (KHTML, like Gecko) Chrome/131.0.0.0 Mobile Safari/537.36', '172.70.55.73', '25-04-16 08:19');
UPDATE `user_registration` SET `popup_seen` = 'yes'
WHERE `user_id` = 'UQO7EQ';
UPDATE `user_registration` SET `popup_seen` = 'yes'
WHERE `user_id` = 'UQO7EQ';
UPDATE `user_registration` SET `popup_seen` = 'no'
WHERE `user_id` = 'UQO7EQ';
DELETE FROM `ci_sessions`
WHERE `id` = 'ad9f4a8ba592d9030cffb3f415401c7e0d464f88';
UPDATE `ci_sessions` SET `timestamp` = 1744810648, `data` = '__ci_last_regenerate|i:1744810648;captcha|s:4:\"kan4\";'
WHERE `id` = '7cd675a688478cb2256a688eff2d5fe602720639';
INSERT INTO `login_history` (`user_id`, `device`, `ip_address`, `date`) VALUES ('U7SMZ8', 'Mozilla/5.0 (Macintosh; Intel Mac OS X 10_15_7) AppleWebKit/605.1.15 (KHTML, like Gecko) Version/17.6 Safari/605.1.15', '172.68.12.55', '25-04-16 08:42');
UPDATE `user_registration` SET `popup_seen` = 'yes'
WHERE `user_id` = 'U7SMZ8';
UPDATE `user_registration` SET `popup_seen` = 'yes'
WHERE `user_id` = 'U7SMZ8';
UPDATE `user_registration` SET `popup_seen` = 'yes'
WHERE `user_id` = 'U7SMZ8';
UPDATE `user_registration` SET `popup_seen` = 'yes'
WHERE `user_id` = 'U7SMZ8';
UPDATE `ci_sessions` SET `timestamp` = 1744811399, `data` = '__ci_last_regenerate|i:1744811399;id|s:4:\"2061\";user_id|s:6:\"U7SMZ8\";username|s:6:\"Clau66\";sponsor_id|s:6:\"UQO7EQ\";fullname|s:14:\"Claudia Pisana\";email|s:21:\"claujor06@hotmail.com\";phone|s:10:\"7863843449\";isLogIn|b:1;'
WHERE `id` = 'd8a1ef4fbb240370495fc1159a615f94ac996f52';
UPDATE `user_registration` SET `popup_seen` = 'yes'
WHERE `user_id` = 'U7SMZ8';
INSERT INTO `login_history` (`user_id`, `device`, `ip_address`, `date`) VALUES ('JHRDHS', 'Mozilla/5.0 (iPhone; CPU iPhone OS 18_3_2 like Mac OS X) AppleWebKit/605.1.15 (KHTML, like Gecko) Version/18.3.1 Mobile/15E148 Safari/604.1', '172.70.54.179', '25-04-16 09:05');
UPDATE `user_registration` SET `popup_seen` = 'yes'
WHERE `user_id` = 'JHRDHS';
INSERT INTO `login_history` (`user_id`, `device`, `ip_address`, `date`) VALUES ('UQO7EQ', 'Mozilla/5.0 (Windows NT 10.0; Win64; x64) AppleWebKit/537.36 (KHTML, like Gecko) Chrome/135.0.0.0 Safari/537.36', '172.68.7.19', '25-04-16 09:09');
UPDATE `user_registration` SET `popup_seen` = 'yes'
WHERE `user_id` = 'UQO7EQ';
UPDATE `ci_sessions` SET `timestamp` = 1744812934, `data` = '__ci_last_regenerate|i:1744812934;id|s:4:\"2042\";user_id|s:6:\"UQO7EQ\";username|s:6:\"Rafa51\";sponsor_id|s:6:\"N6GZAE\";fullname|s:16:\"Rafael Rodriguez\";email|s:18:\"rafagana@yahoo.com\";phone|s:10:\"3057610606\";isLogIn|b:1;message|s:24:\"Welcome Rafael Rodriguez\";__ci_vars|a:1:{s:7:\"message\";s:3:\"old\";}'
WHERE `id` = 'f5fb5f2ced7ec7983659b677338b628bdef0b14e';
UPDATE `user_registration` SET `popup_seen` = 'yes'
WHERE `user_id` = 'UQO7EQ';
UPDATE `user_registration` SET `popup_seen` = 'no'
WHERE `user_id` = 'UQO7EQ';
DELETE FROM `ci_sessions`
WHERE `id` = '667229697213de01570d0cada344809828c0aa1a';
UPDATE `user_registration` SET `popup_seen` = 'no'
WHERE `user_id` IS NULL;
DELETE FROM `ci_sessions`
WHERE `id` = '77a18ee63465c064421e2dd0921c6215e8c5873a';
INSERT INTO `login_history` (`user_id`, `device`, `ip_address`, `date`) VALUES ('EKTIVH', 'Mozilla/5.0 (iPhone; CPU iPhone OS 18_3_2 like Mac OS X) AppleWebKit/605.1.15 (KHTML, like Gecko) Version/18.3.1 Mobile/15E148 Safari/604.1', '172.70.55.89', '25-04-16 09:23');
UPDATE `user_registration` SET `popup_seen` = 'yes'
WHERE `user_id` = 'EKTIVH';
INSERT INTO `login_history` (`user_id`, `device`, `ip_address`, `date`) VALUES ('7BQJK5', 'Mozilla/5.0 (Linux; Android 10; K) AppleWebKit/537.36 (KHTML, like Gecko) Chrome/135.0.0.0 Mobile Safari/537.36', '172.69.132.232', '25-04-16 09:23');
UPDATE `user_registration` SET `popup_seen` = 'yes'
WHERE `user_id` = '7BQJK5';
UPDATE `user_registration` SET `popup_seen` = 'yes'
WHERE `user_id` = '7BQJK5';
INSERT INTO `temp_register` (`post_data`, `date`, `payment_method`, `type`) VALUES ('{\"user_id\":\"7BQJK5\",\"package_id\":\"2\",\"amount\":\"150\",\"payment_method\":\"stripe\",\"date\":\"2025-04-16 09:24:33\"}', '2025-04-16 09:24:33', 'stripe', 'renew');
UPDATE `temp_register` SET `response` = '{\"stripeToken\":\"tok_1REWtl2NUoYUjiuu1uUPgYm8\",\"stripeTokenType\":\"card\",\"stripeEmail\":\"ypenabad@hotmail.com\"}', `date_modified` = '2025-04-16 09:25:13', `payment_status` = '{\"id\":\"ch_3REWtp2NUoYUjiuu0a52udwg\",\"object\":\"charge\",\"amount\":15000,\"amount_captured\":15000,\"amount_refunded\":0,\"application\":null,\"application_fee\":null,\"application_fee_amount\":null,\"balance_transaction\":\"txn_3REWtp2NUoYUjiuu0aewE8qP\",\"billing_details\":{\"address\":{\"city\":null,\"country\":null,\"line1\":null,\"line2\":null,\"postal_code\":null,\"state\":null},\"email\":null,\"name\":\"ypenabad@hotmail.com\",\"phone\":null},\"calculated_statement_descriptor\":\"TRAVELEGENDCY LLC\",\"captured\":true,\"created\":1744813513,\"currency\":\"usd\",\"customer\":\"cus_S8oWUCk8wn362N\",\"description\":null,\"destination\":null,\"dispute\":null,\"disputed\":false,\"failure_balance_transaction\":null,\"failure_code\":null,\"failure_message\":null,\"fraud_details\":[],\"invoice\":null,\"livemode\":true,\"metadata\":{\"name\":\"YANARA PENABAD\",\"username\":\"TRAVEL1\"},\"on_behalf_of\":null,\"order\":null,\"outcome\":{\"advice_code\":null,\"network_advice_code\":null,\"network_decline_code\":null,\"network_status\":\"approved_by_network\",\"reason\":null,\"risk_level\":\"normal\",\"seller_message\":\"Payment complete.\",\"type\":\"authorized\"},\"paid\":true,\"payment_intent\":null,\"payment_method\":\"card_1REWtl2NUoYUjiuuG7eXc5kO\",\"payment_method_details\":{\"card\":{\"amount_authorized\":15000,\"authorization_code\":\"020006\",\"brand\":\"visa\",\"checks\":{\"address_line1_check\":null,\"address_postal_code_check\":null,\"cvc_check\":\"pass\"},\"country\":\"US\",\"exp_month\":5,\"exp_year\":2028,\"extended_authorization\":{\"status\":\"disabled\"},\"fingerprint\":\"07HaxU7eFflU21jZ\",\"funding\":\"debit\",\"incremental_authorization\":{\"status\":\"unavailable\"},\"installments\":null,\"last4\":\"9344\",\"mandate\":null,\"multicapture\":{\"status\":\"unavailable\"},\"network\":\"visa\",\"network_token\":{\"used\":false},\"network_transaction_id\":\"585106519138778\",\"overcapture\":{\"maximum_amount_capturable\":15000,\"status\":\"unavailable\"},\"regulated_status\":\"regulated\",\"three_d_secure\":null,\"wallet\":null},\"type\":\"card\"},\"receipt_email\":null,\"receipt_number\":null,\"receipt_url\":\"https:\\/\\/pay.stripe.com\\/receipts\\/payment\\/CAcQARoXChVhY2N0XzFRUEFGdjJOVW9ZVWppdXUoyvv-vwYyBjRHxVu5YzosFpPEtSI5fkyOx_abopmdO-JQOQTv4W3Doe0nwAfV6rOY8O3XhZvGnerPirc\",\"refunded\":false,\"review\":null,\"shipping\":null,\"source\":{\"id\":\"card_1REWtl2NUoYUjiuuG7eXc5kO\",\"object\":\"card\",\"address_city\":null,\"address_country\":null,\"address_line1\":null,\"address_line1_check\":null,\"address_line2\":null,\"address_state\":null,\"address_zip\":null,\"address_zip_check\":null,\"allow_redisplay\":\"unspecified\",\"brand\":\"Visa\",\"country\":\"US\",\"customer\":\"cus_S8oWUCk8wn362N\",\"cvc_check\":\"pass\",\"dynamic_last4\":null,\"exp_month\":5,\"exp_year\":2028,\"fingerprint\":\"07HaxU7eFflU21jZ\",\"funding\":\"debit\",\"last4\":\"9344\",\"metadata\":[],\"name\":\"ypenabad@hotmail.com\",\"regulated_status\":\"regulated\",\"tokenization_method\":null,\"wallet\":null},\"source_transfer\":null,\"statement_descriptor\":null,\"statement_descriptor_suffix\":null,\"status\":\"succeeded\",\"transfer_data\":null,\"transfer_group\":null}'
WHERE `id` = 303;
INSERT INTO `sub_history` (`user_id`, `package_id`, `amount`, `payment_method`, `date`) VALUES ('7BQJK5', '2', '150', 'Stripe', '2025-04-16 09:25:13');
UPDATE `user_registration` SET sub_point = ROUND(sub_point + 150,2)
WHERE `user_id` = '7BQJK5';
INSERT INTO `investment` (`invest_date`, `user_id`, `type`, `amount`, `package_id`) VALUES ('2025-04-16 09:25:13', '7BQJK5', 'subscription', '150', '2');
UPDATE `user_registration` SET total_points = ROUND(total_points + 150,2)
WHERE `user_id` = '7BQJK5';
INSERT INTO `points_history` (`user_id`, `points`, `type`, `date`) VALUES ('7BQJK5', '150', 'subscription', '2025-04-16 09:25:');
UPDATE `bv_updation` SET left_carry = left_carry+150, total_left = total_left+150
WHERE `user_id` = 'QJ5U9C';
INSERT INTO `placement_bv_update_history` (`left_carry`, `date`, `from_id`, `user_id`) VALUES ('150', '2025-04-16 09:25:13', '7BQJK5', 'QJ5U9C');
UPDATE `user_registration` SET `cycle_rank_id` = '1'
WHERE `user_id` = 'QJ5U9C';
INSERT INTO `rank_history` (`rank_id`, `user_id`, `name`, `bv`, `date`, `amount`, `type`) VALUES ('1', 'QJ5U9C', 'Affiliate', '0', '2025-04-16 09:25:13', '0', 'auto');
UPDATE `bv_updation` SET sponsor_left_carry = sponsor_left_carry+150, sponsor_total_left = sponsor_total_left+150
WHERE `user_id` = 'QJ5U9C';
INSERT INTO `sponsor_bv_update_history` (`left_carry`, `date`, `user_id`) VALUES ('150', '2025-04-16 09:25:13', 'QJ5U9C');
UPDATE `bv_updation` SET left_carry = left_carry+150, total_left = total_left+150
WHERE `user_id` = 'O94ZPY';
INSERT INTO `placement_bv_update_history` (`left_carry`, `date`, `from_id`, `user_id`) VALUES ('150', '2025-04-16 09:25:13', '7BQJK5', 'O94ZPY');
UPDATE `user_registration` SET `cycle_rank_id` = '1'
WHERE `user_id` = 'O94ZPY';
INSERT INTO `rank_history` (`rank_id`, `user_id`, `name`, `bv`, `date`, `amount`, `type`) VALUES ('1', 'O94ZPY', 'Affiliate', '0', '2025-04-16 09:25:13', '0', 'auto');
UPDATE `bv_updation` SET right_carry = right_carry+150, total_right = total_right+150
WHERE `user_id` = 'JHRDHS';
INSERT INTO `placement_bv_update_history` (`right_carry`, `date`, `from_id`, `user_id`) VALUES ('150', '2025-04-16 09:25:14', '7BQJK5', 'JHRDHS');
UPDATE `user_registration` SET `cycle_rank_id` = '1'
WHERE `user_id` = 'JHRDHS';
INSERT INTO `rank_history` (`rank_id`, `user_id`, `name`, `bv`, `date`, `amount`, `type`) VALUES ('1', 'JHRDHS', 'Affiliate', '0', '2025-04-16 09:25:14', '0', 'auto');
UPDATE `bv_updation` SET right_carry = right_carry+150, total_right = total_right+150
WHERE `user_id` = 'CVVK4C';
INSERT INTO `placement_bv_update_history` (`right_carry`, `date`, `from_id`, `user_id`) VALUES ('150', '2025-04-16 09:25:14', '7BQJK5', 'CVVK4C');
UPDATE `user_registration` SET `cycle_rank_id` = '1'
WHERE `user_id` = 'CVVK4C';
INSERT INTO `rank_history` (`rank_id`, `user_id`, `name`, `bv`, `date`, `amount`, `type`) VALUES ('1', 'CVVK4C', 'Affiliate', '0', '2025-04-16 09:25:14', '0', 'auto');
UPDATE `bv_updation` SET left_carry = left_carry+150, total_left = total_left+150
WHERE `user_id` = 'K55EDD';
INSERT INTO `placement_bv_update_history` (`left_carry`, `date`, `from_id`, `user_id`) VALUES ('150', '2025-04-16 09:25:14', '7BQJK5', 'K55EDD');
UPDATE `user_registration` SET `cycle_rank_id` = '1'
WHERE `user_id` = 'K55EDD';
INSERT INTO `rank_history` (`rank_id`, `user_id`, `name`, `bv`, `date`, `amount`, `type`) VALUES ('1', 'K55EDD', 'Affiliate', '0', '2025-04-16 09:25:14', '0', 'auto');
UPDATE `bv_updation` SET left_carry = left_carry+150, total_left = total_left+150
WHERE `user_id` = 'UQO7EQ';
INSERT INTO `placement_bv_update_history` (`left_carry`, `date`, `from_id`, `user_id`) VALUES ('150', '2025-04-16 09:25:14', '7BQJK5', 'UQO7EQ');
UPDATE `user_registration` SET `cycle_rank_id` = '1'
WHERE `user_id` = 'UQO7EQ';
INSERT INTO `rank_history` (`rank_id`, `user_id`, `name`, `bv`, `date`, `amount`, `type`) VALUES ('1', 'UQO7EQ', 'Affiliate', '0', '2025-04-16 09:25:14', '0', 'auto');
UPDATE `bv_updation` SET left_carry = left_carry+150, total_left = total_left+150
WHERE `user_id` = 'N6GZAE';
INSERT INTO `placement_bv_update_history` (`left_carry`, `date`, `from_id`, `user_id`) VALUES ('150', '2025-04-16 09:25:15', '7BQJK5', 'N6GZAE');
UPDATE `user_registration` SET `cycle_rank_id` = '1'
WHERE `user_id` = 'N6GZAE';
INSERT INTO `rank_history` (`rank_id`, `user_id`, `name`, `bv`, `date`, `amount`, `type`) VALUES ('1', 'N6GZAE', 'Affiliate', '0', '2025-04-16 09:25:15', '0', 'auto');
UPDATE `bv_updation` SET left_carry = left_carry+150, total_left = total_left+150
WHERE `user_id` = '4E1CRI';
INSERT INTO `placement_bv_update_history` (`left_carry`, `date`, `from_id`, `user_id`) VALUES ('150', '2025-04-16 09:25:15', '7BQJK5', '4E1CRI');
UPDATE `bv_updation` SET left_carry = left_carry+150, total_left = total_left+150
WHERE `user_id` = 'SJBNYJ';
INSERT INTO `placement_bv_update_history` (`left_carry`, `date`, `from_id`, `user_id`) VALUES ('150', '2025-04-16 09:25:15', '7BQJK5', 'SJBNYJ');
UPDATE `user_registration` SET `cycle_rank_id` = '1'
WHERE `user_id` = 'SJBNYJ';
INSERT INTO `rank_history` (`rank_id`, `user_id`, `name`, `bv`, `date`, `amount`, `type`) VALUES ('1', 'SJBNYJ', 'Affiliate', '0', '2025-04-16 09:25:15', '0', 'auto');
UPDATE `bv_updation` SET left_carry = left_carry+150, total_left = total_left+150
WHERE `user_id` = '44B9Y4';
INSERT INTO `placement_bv_update_history` (`left_carry`, `date`, `from_id`, `user_id`) VALUES ('150', '2025-04-16 09:25:15', '7BQJK5', '44B9Y4');
UPDATE `user_registration` SET `cycle_rank_id` = '1'
WHERE `user_id` = '44B9Y4';
INSERT INTO `rank_history` (`rank_id`, `user_id`, `name`, `bv`, `date`, `amount`, `type`) VALUES ('1', '44B9Y4', 'Affiliate', '0', '2025-04-16 09:25:15', '0', 'auto');
UPDATE `bv_updation` SET right_carry = right_carry+150, total_right = total_right+150
WHERE `user_id` = 'admin';
INSERT INTO `placement_bv_update_history` (`right_carry`, `date`, `from_id`, `user_id`) VALUES ('150', '2025-04-16 09:25:15', '7BQJK5', 'admin');
UPDATE `user_registration` SET `cycle_rank_id` = '1'
WHERE `user_id` = 'admin';
INSERT INTO `rank_history` (`rank_id`, `user_id`, `name`, `bv`, `date`, `amount`, `type`) VALUES ('1', 'admin', 'Affiliate', '0', '2025-04-16 09:25:15', '0', 'auto');
UPDATE `user_registration` SET `subscription_date` = '2025-05-16', `active_status` = 'yes'
WHERE `user_id` = '7BQJK5';
UPDATE `user_registration` SET `popup_seen` = 'yes'
WHERE `user_id` = '7BQJK5';
UPDATE `user_registration` SET `popup_seen` = 'yes'
WHERE `user_id` = 'EKTIVH';
UPDATE `user_registration` SET `popup_seen` = 'yes'
WHERE `user_id` = 'EKTIVH';
UPDATE `user_registration` SET `popup_seen` = 'yes'
WHERE `user_id` = 'EKTIVH';
UPDATE `user_registration` SET `popup_seen` = 'yes'
WHERE `user_id` = 'EKTIVH';
UPDATE `user_registration` SET `popup_seen` = 'yes'
WHERE `user_id` = 'EKTIVH';
UPDATE `user_registration` SET `popup_seen` = 'yes'
WHERE `user_id` = 'EKTIVH';
UPDATE `user_registration` SET `popup_seen` = 'yes'
WHERE `user_id` = 'EKTIVH';
UPDATE `user_registration` SET `popup_seen` = 'yes'
WHERE `user_id` = 'EKTIVH';
UPDATE `user_registration` SET `popup_seen` = 'yes'
WHERE `user_id` = 'EKTIVH';
UPDATE `ci_sessions` SET `timestamp` = 1744813684, `data` = '__ci_last_regenerate|i:1744813684;id|s:4:\"2323\";user_id|s:6:\"EKTIVH\";username|s:12:\"annielyeli21\";sponsor_id|s:6:\"OTZTS5\";fullname|s:13:\"Anniell Reyes\";email|s:23:\"anniel.reyes@icloud.com\";phone|s:10:\"8128171294\";isLogIn|b:1;'
WHERE `id` = 'ff20c5c9e4d95442e9898221d9d69e13efd2cb6e';
UPDATE `user_registration` SET `popup_seen` = 'yes'
WHERE `user_id` = 'EKTIVH';
UPDATE `user_registration` SET `popup_seen` = 'yes'
WHERE `user_id` = 'EKTIVH';
UPDATE `ci_sessions` SET `timestamp` = 1744813715, `data` = '__ci_last_regenerate|i:1744813715;id|s:4:\"2144\";user_id|s:6:\"7BQJK5\";username|s:7:\"TRAVEL1\";sponsor_id|s:6:\"QJ5U9C\";fullname|s:14:\"YANARA PENABAD\";email|s:20:\"YPENABAD@HOTMAIL.COM\";phone|s:10:\"7867153304\";isLogIn|b:1;'
WHERE `id` = '0ec87c70d998f246bf0a4e127dc70c60422c3bcf';
UPDATE `ci_sessions` SET `timestamp` = 1744813724, `data` = '__ci_last_regenerate|i:1744813724;captcha|s:4:\"lvzh\";'
WHERE `id` = 'f4d642bc27775d03c447973f3157036df0dfce87';
INSERT INTO `login_history` (`user_id`, `device`, `ip_address`, `date`) VALUES ('K55EDD', 'Mozilla/5.0 (Windows NT 10.0; Win64; x64) AppleWebKit/537.36 (KHTML, like Gecko) Chrome/135.0.0.0 Safari/537.36', '172.70.82.169', '25-04-16 09:28');
UPDATE `user_registration` SET `popup_seen` = 'yes'
WHERE `user_id` = 'K55EDD';
UPDATE `user_registration` SET `popup_seen` = 'no'
WHERE `user_id` = 'EKTIVH';
DELETE FROM `ci_sessions`
WHERE `id` = '4cee66e22d4f9f2eb35c8bc06cc1a0abaeaef6e4';
INSERT INTO `login_history` (`user_id`, `device`, `ip_address`, `date`) VALUES ('EKTIVH', 'Mozilla/5.0 (iPhone; CPU iPhone OS 18_3_2 like Mac OS X) AppleWebKit/605.1.15 (KHTML, like Gecko) Version/18.3.1 Mobile/15E148 Safari/604.1', '172.70.55.89', '25-04-16 09:31');
UPDATE `user_registration` SET `popup_seen` = 'yes'
WHERE `user_id` = 'EKTIVH';
UPDATE `ci_sessions` SET `timestamp` = 1744814112, `data` = '__ci_last_regenerate|i:1744814112;id|s:4:\"2052\";user_id|s:6:\"K55EDD\";username|s:10:\"Varadero20\";sponsor_id|s:6:\"UQO7EQ\";fullname|s:16:\"Francisco Prieto\";email|s:24:\"prieto112015@hotmail.com\";phone|s:10:\"3059264135\";isLogIn|b:1;'
WHERE `id` = 'bf3b5d631974a3eb3ac00a5fc55ae455adb8bbd3';
UPDATE `user_registration` SET `popup_seen` = 'yes'
WHERE `user_id` = 'K55EDD';
UPDATE `user_registration` SET `popup_seen` = 'no'
WHERE `user_id` = 'K55EDD';
DELETE FROM `ci_sessions`
WHERE `id` = '3687447ab3cd244c7d6a295f30240150b595fd2b';
UPDATE `user_registration` SET `popup_seen` = 'no'
WHERE `user_id` IS NULL;
DELETE FROM `ci_sessions`
WHERE `id` = '3687447ab3cd244c7d6a295f30240150b595fd2b';
INSERT INTO `login_history` (`user_id`, `device`, `ip_address`, `date`) VALUES ('UQO7EQ', 'Mozilla/5.0 (Windows NT 10.0; Win64; x64) AppleWebKit/537.36 (KHTML, like Gecko) Chrome/135.0.0.0 Safari/537.36', '172.70.255.182', '25-04-16 09:36');
UPDATE `user_registration` SET `popup_seen` = 'yes'
WHERE `user_id` = 'UQO7EQ';
UPDATE `user_registration` SET `popup_seen` = 'yes'
WHERE `user_id` = 'UQO7EQ';
UPDATE `user_registration` SET `popup_seen` = 'yes'
WHERE `user_id` = 'UQO7EQ';
UPDATE `user_registration` SET `popup_seen` = 'yes'
WHERE `user_id` = 'UQO7EQ';
UPDATE `user_registration` SET `popup_seen` = 'yes'
WHERE `user_id` = 'UQO7EQ';
UPDATE `user_registration` SET `popup_seen` = 'no'
WHERE `user_id` = 'UQO7EQ';
DELETE FROM `ci_sessions`
WHERE `id` = '43a25382c525f5e17eecec8bffe62b08250c5ec4';
INSERT INTO `login_history` (`user_id`, `device`, `ip_address`, `date`) VALUES ('K55EDD', 'Mozilla/5.0 (Windows NT 10.0; Win64; x64) AppleWebKit/537.36 (KHTML, like Gecko) Chrome/135.0.0.0 Safari/537.36', '172.70.255.181', '25-04-16 09:40');
UPDATE `user_registration` SET `popup_seen` = 'yes'
WHERE `user_id` = 'K55EDD';
UPDATE `user_registration` SET `popup_seen` = 'yes'
WHERE `user_id` = 'K55EDD';
UPDATE `user_registration` SET `popup_seen` = 'yes'
WHERE `user_id` = 'K55EDD';
UPDATE `user_registration` SET `popup_seen` = 'yes'
WHERE `user_id` = 'K55EDD';
UPDATE `user_registration` SET `popup_seen` = 'yes'
WHERE `user_id` = 'K55EDD';
UPDATE `user_registration` SET `popup_seen` = 'yes'
WHERE `user_id` = 'K55EDD';
UPDATE `ci_sessions` SET `timestamp` = 1744814727, `data` = '__ci_last_regenerate|i:1744814727;id|s:4:\"2052\";user_id|s:6:\"K55EDD\";username|s:10:\"Varadero20\";sponsor_id|s:6:\"UQO7EQ\";fullname|s:16:\"Francisco Prieto\";email|s:24:\"prieto112015@hotmail.com\";phone|s:10:\"3059264135\";isLogIn|b:1;'
WHERE `id` = 'e8ce98ba2b405bb0e0a4f0faf08d467f11081969';
UPDATE `user_registration` SET `popup_seen` = 'yes'
WHERE `user_id` = 'K55EDD';
UPDATE `user_registration` SET `popup_seen` = 'yes'
WHERE `user_id` = 'K55EDD';
UPDATE `user_registration` SET `popup_seen` = 'no'
WHERE `user_id` = 'K55EDD';
DELETE FROM `ci_sessions`
WHERE `id` = 'afd488927923bb7efecdc57cac253e0149f57070';
INSERT INTO `login_history` (`user_id`, `device`, `ip_address`, `date`) VALUES ('AABG7W', 'Mozilla/5.0 (Windows NT 10.0; Win64; x64) AppleWebKit/537.36 (KHTML, like Gecko) Chrome/135.0.0.0 Safari/537.36', '172.70.82.158', '25-04-16 09:46');
UPDATE `user_registration` SET `popup_seen` = 'yes'
WHERE `user_id` = 'AABG7W';
UPDATE `ci_sessions` SET `timestamp` = 1744815272, `data` = '__ci_last_regenerate|i:1744815272;id|s:4:\"2057\";user_id|s:6:\"AABG7W\";username|s:10:\"freeurlife\";sponsor_id|s:6:\"UQO7EQ\";fullname|s:12:\"Lesli Andreu\";email|s:21:\"cranbarrier@gmail.com\";phone|s:10:\"7864171626\";isLogIn|b:1;'
WHERE `id` = 'd01279ba9278349495e3136de8443ae44064a46e';
UPDATE `user_registration` SET `popup_seen` = 'yes'
WHERE `user_id` = 'AABG7W';
UPDATE `user_registration` SET `popup_seen` = 'yes'
WHERE `user_id` = 'AABG7W';
UPDATE `user_registration` SET `popup_seen` = 'yes'
WHERE `user_id` = 'AABG7W';
UPDATE `ci_sessions` SET `timestamp` = 1744815581, `data` = '__ci_last_regenerate|i:1744815581;id|s:4:\"2057\";user_id|s:6:\"AABG7W\";username|s:10:\"freeurlife\";sponsor_id|s:6:\"UQO7EQ\";fullname|s:12:\"Lesli Andreu\";email|s:21:\"cranbarrier@gmail.com\";phone|s:10:\"7864171626\";isLogIn|b:1;'
WHERE `id` = 'e13b2c0d4532d348e77028f9c854a4bedf5b4fbf';
UPDATE `user_registration` SET `popup_seen` = 'yes'
WHERE `user_id` = 'AABG7W';
UPDATE `ci_sessions` SET `timestamp` = 1744816553, `data` = '__ci_last_regenerate|i:1744816553;id|s:4:\"2057\";user_id|s:6:\"AABG7W\";username|s:10:\"freeurlife\";sponsor_id|s:6:\"UQO7EQ\";fullname|s:12:\"Lesli Andreu\";email|s:21:\"cranbarrier@gmail.com\";phone|s:10:\"7864171626\";isLogIn|b:1;'
WHERE `id` = '6cd24ee7aba4b6497fbd7ccdf77247f432049296';
UPDATE `user_registration` SET `popup_seen` = 'yes'
WHERE `user_id` = 'AABG7W';
UPDATE `user_registration` SET `popup_seen` = 'yes'
WHERE `user_id` = 'AABG7W';
UPDATE `user_registration` SET `popup_seen` = 'no'
WHERE `user_id` = 'AABG7W';
DELETE FROM `ci_sessions`
WHERE `id` = '31b813137192a79ff7293c3da43394a92d641967';
INSERT INTO `login_history` (`user_id`, `device`, `ip_address`, `date`) VALUES ('UQO7EQ', 'Mozilla/5.0 (Windows NT 10.0; Win64; x64) AppleWebKit/537.36 (KHTML, like Gecko) Chrome/135.0.0.0 Safari/537.36', '172.68.7.205', '25-04-16 10:17');
UPDATE `user_registration` SET `popup_seen` = 'yes'
WHERE `user_id` = 'UQO7EQ';
UPDATE `user_registration` SET `popup_seen` = 'yes'
WHERE `user_id` = 'UQO7EQ';
UPDATE `user_registration` SET `popup_seen` = 'yes'
WHERE `user_id` = 'UQO7EQ';
UPDATE `user_registration` SET `popup_seen` = 'yes'
WHERE `user_id` = 'UQO7EQ';
UPDATE `user_registration` SET `popup_seen` = 'yes'
WHERE `user_id` = 'UQO7EQ';
UPDATE `ci_sessions` SET `timestamp` = 1744817005, `data` = '__ci_last_regenerate|i:1744817005;id|s:4:\"2042\";user_id|s:6:\"UQO7EQ\";username|s:6:\"Rafa51\";sponsor_id|s:6:\"N6GZAE\";fullname|s:16:\"Rafael Rodriguez\";email|s:18:\"rafagana@yahoo.com\";phone|s:10:\"3057610606\";isLogIn|b:1;'
WHERE `id` = 'baeb2cb420f67e164587d6db7af04aeef6cff8ea';
UPDATE `user_registration` SET `popup_seen` = 'yes'
WHERE `user_id` = 'UQO7EQ';
UPDATE `user_registration` SET `popup_seen` = 'yes'
WHERE `user_id` = 'UQO7EQ';
UPDATE `user_registration` SET `popup_seen` = 'yes'
WHERE `user_id` = 'UQO7EQ';
UPDATE `ci_sessions` SET `timestamp` = 1744817309, `data` = '__ci_last_regenerate|i:1744817309;id|s:4:\"2042\";user_id|s:6:\"UQO7EQ\";username|s:6:\"Rafa51\";sponsor_id|s:6:\"N6GZAE\";fullname|s:16:\"Rafael Rodriguez\";email|s:18:\"rafagana@yahoo.com\";phone|s:10:\"3057610606\";isLogIn|b:1;'
WHERE `id` = 'de13e31ede7c36fdc3e3c92329b755c32d2c91c1';
UPDATE `user_registration` SET `popup_seen` = 'yes'
WHERE `user_id` = 'UQO7EQ';
UPDATE `user_registration` SET `popup_seen` = 'no'
WHERE `user_id` = 'UQO7EQ';
DELETE FROM `ci_sessions`
WHERE `id` = '0522855afa62c60f3a3514feb47961d62b7190f2';
UPDATE `ci_sessions` SET `timestamp` = 1744817874, `data` = '__ci_last_regenerate|i:1744817874;captcha|s:4:\"nhnk\";'
WHERE `id` = '7af8331200f314f1dabaf59d2d1af4eabb12cc1c';
INSERT INTO `login_history` (`user_id`, `device`, `ip_address`, `date`) VALUES ('G24GX3', 'Mozilla/5.0 (Windows NT 10.0; Win64; x64) AppleWebKit/537.36 (KHTML, like Gecko) Chrome/135.0.0.0 Safari/537.36', '172.70.254.3', '25-04-16 10:37');
UPDATE `user_registration` SET `popup_seen` = 'yes'
WHERE `user_id` = 'G24GX3';
UPDATE `user_registration` SET `popup_seen` = 'yes'
WHERE `user_id` = 'G24GX3';
UPDATE `user_registration` SET `popup_seen` = 'no'
WHERE `user_id` = 'G24GX3';
DELETE FROM `ci_sessions`
WHERE `id` = 'a145aba654cd6be5802842e9a5078d4e16dab50a';
INSERT INTO `login_history` (`user_id`, `device`, `ip_address`, `date`) VALUES ('9ST4Y6', 'Mozilla/5.0 (Windows NT 10.0; Win64; x64) AppleWebKit/537.36 (KHTML, like Gecko) Chrome/135.0.0.0 Safari/537.36', '172.70.254.94', '25-04-16 10:40');
UPDATE `user_registration` SET `popup_seen` = 'yes'
WHERE `user_id` = '9ST4Y6';
UPDATE `user_registration` SET `popup_seen` = 'yes'
WHERE `user_id` = '9ST4Y6';
UPDATE `user_registration` SET `popup_seen` = 'yes'
WHERE `user_id` = '9ST4Y6';
UPDATE `user_registration` SET `popup_seen` = 'yes'
WHERE `user_id` = '9ST4Y6';
UPDATE `user_registration` SET `default_leg` = 'left'
WHERE `user_id` = '9ST4Y6';
UPDATE `user_registration` SET `popup_seen` = 'yes'
WHERE `user_id` = '9ST4Y6';
UPDATE `user_registration` SET `popup_seen` = 'yes'
WHERE `user_id` = '9ST4Y6';
UPDATE `user_registration` SET `popup_seen` = 'yes'
WHERE `user_id` = '9ST4Y6';
UPDATE `user_registration` SET `popup_seen` = 'yes'
WHERE `user_id` = '9ST4Y6';
UPDATE `user_registration` SET `popup_seen` = 'no'
WHERE `user_id` = '9ST4Y6';
DELETE FROM `ci_sessions`
WHERE `id` = 'b4745dd951e4fefd39ac29d7a499e270e352a929';
UPDATE `user_registration` SET `popup_seen` = 'no'
WHERE `user_id` IS NULL;
DELETE FROM `ci_sessions`
WHERE `id` = 'b4745dd951e4fefd39ac29d7a499e270e352a929';
INSERT INTO `login_history` (`user_id`, `device`, `ip_address`, `date`) VALUES ('UQO7EQ', 'Mozilla/5.0 (Windows NT 10.0; Win64; x64) AppleWebKit/537.36 (KHTML, like Gecko) Chrome/135.0.0.0 Safari/537.36', '172.70.255.193', '25-04-16 10:43');
UPDATE `user_registration` SET `popup_seen` = 'yes'
WHERE `user_id` = 'UQO7EQ';
UPDATE `user_registration` SET `popup_seen` = 'yes'
WHERE `user_id` = 'UQO7EQ';
UPDATE `user_registration` SET `popup_seen` = 'yes'
WHERE `user_id` = 'UQO7EQ';
UPDATE `user_registration` SET `popup_seen` = 'no'
WHERE `user_id` = 'UQO7EQ';
DELETE FROM `ci_sessions`
WHERE `id` = '2dd3c68f1b77f571e0969a4064277477ebe86d27';
INSERT INTO `login_history` (`user_id`, `device`, `ip_address`, `date`) VALUES ('B5EVHD', 'Mozilla/5.0 (iPhone; CPU iPhone OS 18_3_2 like Mac OS X) AppleWebKit/605.1.15 (KHTML, like Gecko) Version/18.3.1 Mobile/15E148 Safari/604.1', '172.70.82.148', '25-04-16 11:18');
UPDATE `user_registration` SET `popup_seen` = 'yes'
WHERE `user_id` = 'B5EVHD';
INSERT INTO `login_history` (`user_id`, `device`, `ip_address`, `date`) VALUES ('UQO7EQ', 'Mozilla/5.0 (Linux; Android 10; K) AppleWebKit/537.36 (KHTML, like Gecko) Chrome/131.0.0.0 Mobile Safari/537.36', '172.70.83.11', '25-04-16 11:46');
UPDATE `user_registration` SET `popup_seen` = 'yes'
WHERE `user_id` = 'UQO7EQ';
UPDATE `user_registration` SET `popup_seen` = 'yes'
WHERE `user_id` = 'UQO7EQ';
UPDATE `user_registration` SET `popup_seen` = 'yes'
WHERE `user_id` = 'UQO7EQ';
UPDATE `user_registration` SET `popup_seen` = 'yes'
WHERE `user_id` = 'UQO7EQ';
UPDATE `user_registration` SET `popup_seen` = 'no'
WHERE `user_id` = 'UQO7EQ';
DELETE FROM `ci_sessions`
WHERE `id` = 'a5a7a61d15eea4454eb5a82f53c26b3a3b99ffc7';
UPDATE `user_registration` SET `popup_seen` = 'yes'
WHERE `user_id` = 'CVVK4C';
INSERT INTO `login_history` (`user_id`, `device`, `ip_address`, `date`) VALUES ('EKTIVH', 'Mozilla/5.0 (iPhone; CPU iPhone OS 18_3_2 like Mac OS X) AppleWebKit/605.1.15 (KHTML, like Gecko) Version/18.3.1 Mobile/15E148 Safari/604.1', '172.70.127.46', '25-04-16 15:29');
UPDATE `user_registration` SET `popup_seen` = 'yes'
WHERE `user_id` = 'EKTIVH';
INSERT INTO `login_history` (`user_id`, `device`, `ip_address`, `date`) VALUES ('HSP8ZI', 'Mozilla/5.0 (Linux; Android 10; K) AppleWebKit/537.36 (KHTML, like Gecko) SamsungBrowser/27.0 Chrome/125.0.0.0 Mobile Safari/537.36', '172.68.12.2', '25-04-16 15:38');
UPDATE `user_registration` SET `popup_seen` = 'yes'
WHERE `user_id` = 'HSP8ZI';
UPDATE `ci_sessions` SET `timestamp` = 1744836196, `data` = '__ci_last_regenerate|i:1744836196;captcha|s:4:\"h776\";'
WHERE `id` = '6224421ae8512bc2a52236b29778f3c0991b0991';
INSERT INTO `login_history` (`user_id`, `device`, `ip_address`, `date`) VALUES ('2V26XM', 'Mozilla/5.0 (Macintosh; Intel Mac OS X 10_15_7) AppleWebKit/605.1.15 (KHTML, like Gecko) Version/17.6 Safari/605.1.15', '172.69.132.246', '25-04-16 15:49');
UPDATE `user_registration` SET `popup_seen` = 'yes'
WHERE `user_id` = '2V26XM';
UPDATE `user_registration` SET `popup_seen` = 'yes'
WHERE `user_id` = '2V26XM';
INSERT INTO `temp_register` (`post_data`, `date`, `payment_method`, `type`) VALUES ('{\"user_id\":\"2V26XM\",\"card_id\":\"4\",\"card_cost\":\"150\",\"card_value\":\"150\",\"payment_option\":\"stripe\",\"date\":\"2025-04-16 15:50:59\"}', '2025-04-16 15:50:59', 'stripe', 'buy+top_up_card');
UPDATE `temp_register` SET `response` = '{\"stripeToken\":\"tok_1REcxB2NUoYUjiuucisgBEQ6\",\"stripeTokenType\":\"card\",\"stripeEmail\":\"hb1320@gmail.com\"}', `date_modified` = '2025-04-16 15:53:10', `payment_status` = '{\"id\":\"ch_3REcxF2NUoYUjiuu17bp3KFn\",\"object\":\"charge\",\"amount\":15000,\"amount_captured\":15000,\"amount_refunded\":0,\"application\":null,\"application_fee\":null,\"application_fee_amount\":null,\"balance_transaction\":\"txn_3REcxF2NUoYUjiuu10TzwUqw\",\"billing_details\":{\"address\":{\"city\":null,\"country\":null,\"line1\":null,\"line2\":null,\"postal_code\":null,\"state\":null},\"email\":null,\"name\":\"hb1320@gmail.com\",\"phone\":null},\"calculated_statement_descriptor\":\"TRAVELEGENDCY LLC\",\"captured\":true,\"created\":1744836789,\"currency\":\"usd\",\"customer\":\"cus_S8um3LP55DdPKk\",\"description\":null,\"destination\":null,\"dispute\":null,\"disputed\":false,\"failure_balance_transaction\":null,\"failure_code\":null,\"failure_message\":null,\"fraud_details\":[],\"invoice\":null,\"livemode\":true,\"metadata\":[],\"on_behalf_of\":null,\"order\":null,\"outcome\":{\"advice_code\":null,\"network_advice_code\":null,\"network_decline_code\":null,\"network_status\":\"approved_by_network\",\"reason\":null,\"risk_level\":\"normal\",\"seller_message\":\"Payment complete.\",\"type\":\"authorized\"},\"paid\":true,\"payment_intent\":null,\"payment_method\":\"card_1REcxB2NUoYUjiuubnX0ouIu\",\"payment_method_details\":{\"card\":{\"amount_authorized\":15000,\"authorization_code\":\"135132\",\"brand\":\"mastercard\",\"checks\":{\"address_line1_check\":null,\"address_postal_code_check\":null,\"cvc_check\":\"pass\"},\"country\":\"US\",\"exp_month\":5,\"exp_year\":2029,\"extended_authorization\":{\"status\":\"disabled\"},\"fingerprint\":\"jFYSy5PDnjrxbgMR\",\"funding\":\"debit\",\"incremental_authorization\":{\"status\":\"unavailable\"},\"installments\":null,\"last4\":\"8679\",\"mandate\":null,\"multicapture\":{\"status\":\"unavailable\"},\"network\":\"mastercard\",\"network_token\":{\"used\":false},\"network_transaction_id\":\"MDJBPEQVT0416\",\"overcapture\":{\"maximum_amount_capturable\":15000,\"status\":\"unavailable\"},\"regulated_status\":\"regulated\",\"three_d_secure\":null,\"wallet\":null},\"type\":\"card\"},\"receipt_email\":null,\"receipt_number\":null,\"receipt_url\":\"https:\\/\\/pay.stripe.com\\/receipts\\/payment\\/CAcQARoXChVhY2N0XzFRUEFGdjJOVW9ZVWppdXUot7GAwAYyBtTqzLd9ejosFjTEwKWOMY0GhUGWZxTv_51t65lXnO_vChKcNfU41IN6C19sB8OUeFfaqiM\",\"refunded\":false,\"review\":null,\"shipping\":null,\"source\":{\"id\":\"card_1REcxB2NUoYUjiuubnX0ouIu\",\"object\":\"card\",\"address_city\":null,\"address_country\":null,\"address_line1\":null,\"address_line1_check\":null,\"address_line2\":null,\"address_state\":null,\"address_zip\":null,\"address_zip_check\":null,\"allow_redisplay\":\"unspecified\",\"brand\":\"MasterCard\",\"country\":\"US\",\"customer\":\"cus_S8um3LP55DdPKk\",\"cvc_check\":\"pass\",\"dynamic_last4\":null,\"exp_month\":5,\"exp_year\":2029,\"fingerprint\":\"jFYSy5PDnjrxbgMR\",\"funding\":\"debit\",\"last4\":\"8679\",\"metadata\":[],\"name\":\"hb1320@gmail.com\",\"regulated_status\":\"regulated\",\"tokenization_method\":null,\"wallet\":null},\"source_transfer\":null,\"statement_descriptor\":null,\"statement_descriptor_suffix\":null,\"status\":\"succeeded\",\"transfer_data\":null,\"transfer_group\":null}'
WHERE `id` = 304;
INSERT INTO `card_purchase_history` (`user_id`, `card_id`, `card_cost`, `card_value`, `payment_option`, `date`) VALUES ('2V26XM', '4', '150', '150', 'stripe', '2025-04-16 15:50:59');
UPDATE `user_registration` SET commission_balance = ROUND(commission_balance + 150,2)
WHERE `user_id` = '2V26XM';
UPDATE `user_registration` SET `popup_seen` = 'yes'
WHERE `user_id` = '2V26XM';
UPDATE `user_registration` SET `popup_seen` = 'yes'
WHERE `user_id` = '2V26XM';
UPDATE `ci_sessions` SET `timestamp` = 1744836806, `data` = '__ci_last_regenerate|i:1744836806;id|s:4:\"2122\";user_id|s:6:\"2V26XM\";username|s:11:\"Freedom2401\";sponsor_id|s:6:\"JHRDHS\";fullname|s:17:\"Luis Perez Becena\";email|s:16:\"hb1320@gmail.com\";phone|s:10:\"7863931410\";isLogIn|b:1;reg_stripe_id|i:304;'
WHERE `id` = 'd5e7cc98b0de5b6c632d0b95499329d01f343143';
UPDATE `user_registration` SET `popup_seen` = 'no'
WHERE `user_id` = '2V26XM';
DELETE FROM `ci_sessions`
WHERE `id` = 'b1479256ab2c3abe35afd2052f44e4710a447f43';
INSERT INTO `login_history` (`user_id`, `device`, `ip_address`, `date`) VALUES ('JHRDHS', 'Mozilla/5.0 (Macintosh; Intel Mac OS X 10_15_7) AppleWebKit/605.1.15 (KHTML, like Gecko) Version/17.6 Safari/605.1.15', '172.69.132.246', '25-04-16 15:53');
UPDATE `user_registration` SET `popup_seen` = 'yes'
WHERE `user_id` = 'JHRDHS';
INSERT INTO `login_history` (`user_id`, `device`, `ip_address`, `date`) VALUES ('JHRDHS', 'Mozilla/5.0 (iPhone; CPU iPhone OS 18_3_2 like Mac OS X) AppleWebKit/605.1.15 (KHTML, like Gecko) Version/18.3.1 Mobile/15E148 Safari/604.1', '172.68.7.18', '25-04-16 15:55');
UPDATE `user_registration` SET `popup_seen` = 'yes'
WHERE `user_id` = 'JHRDHS';
UPDATE `user_registration` SET `popup_seen` = 'yes'
WHERE `user_id` = 'JHRDHS';
UPDATE `user_registration` SET `popup_seen` = 'yes'
WHERE `user_id` = 'JHRDHS';
UPDATE `user_registration` SET `popup_seen` = 'yes'
WHERE `user_id` = 'JHRDHS';
UPDATE `ci_sessions` SET `timestamp` = 1744837035, `data` = '__ci_last_regenerate|i:1744837035;captcha|s:4:\"u7at\";'
WHERE `id` = 'd0bde1f9b0717528b248297d6a636b818e1b4b0c';
INSERT INTO `login_history` (`user_id`, `device`, `ip_address`, `date`) VALUES ('UQO7EQ', 'Mozilla/5.0 (Linux; Android 10; K) AppleWebKit/537.36 (KHTML, like Gecko) Chrome/131.0.0.0 Mobile Safari/537.36', '172.68.12.129', '25-04-16 15:57');
UPDATE `user_registration` SET `popup_seen` = 'yes'
WHERE `user_id` = 'UQO7EQ';
UPDATE `user_registration` SET `popup_seen` = 'yes'
WHERE `user_id` = 'UQO7EQ';
UPDATE `user_registration` SET `popup_seen` = 'no'
WHERE `user_id` = 'UQO7EQ';
DELETE FROM `ci_sessions`
WHERE `id` = 'ef43aa06452070b233e09e082f3b09474e455ec6';
UPDATE `ci_sessions` SET `timestamp` = 1744837240, `data` = '__ci_last_regenerate|i:1744837240;id|s:4:\"2071\";user_id|s:6:\"JHRDHS\";username|s:7:\"mbecena\";sponsor_id|s:6:\"CVVK4C\";fullname|s:12:\"Maria Becena\";email|s:21:\"mbecena@bellsouth.net\";phone|s:10:\"7862360387\";isLogIn|b:1;'
WHERE `id` = '8445e4303b1d21c9dad6dabcbd3d12a2efead7d8';
UPDATE `ci_sessions` SET `timestamp` = 1744837563, `data` = '__ci_last_regenerate|i:1744837563;id|s:4:\"2071\";user_id|s:6:\"JHRDHS\";username|s:7:\"mbecena\";sponsor_id|s:6:\"CVVK4C\";fullname|s:12:\"Maria Becena\";email|s:21:\"mbecena@bellsouth.net\";phone|s:10:\"7862360387\";isLogIn|b:1;'
WHERE `id` = 'cb382665d576e6bbff629430ef26aaa4581d7983';
INSERT INTO `login_history` (`user_id`, `device`, `ip_address`, `date`) VALUES ('O94ZPY', 'Mozilla/5.0 (iPhone; CPU iPhone OS 18_3_2 like Mac OS X) AppleWebKit/605.1.15 (KHTML, like Gecko) Version/18.3.1 Mobile/15E148 Safari/604.1', '172.68.103.61', '25-04-16 16:11');
UPDATE `user_registration` SET `popup_seen` = 'yes'
WHERE `user_id` = 'O94ZPY';
UPDATE `ci_sessions` SET `timestamp` = 1744838288, `data` = '__ci_last_regenerate|i:1744838288;id|s:4:\"2071\";user_id|s:6:\"JHRDHS\";username|s:7:\"mbecena\";sponsor_id|s:6:\"CVVK4C\";fullname|s:12:\"Maria Becena\";email|s:21:\"mbecena@bellsouth.net\";phone|s:10:\"7862360387\";isLogIn|b:1;'
WHERE `id` = 'bb4f1704e71b02805c48173548f80dd6245c16cd';
UPDATE `user_registration` SET `popup_seen` = 'yes'
WHERE `user_id` = 'JHRDHS';
UPDATE `ci_sessions` SET `timestamp` = 1744838547, `data` = '__ci_last_regenerate|i:1744838547;id|s:4:\"2075\";user_id|s:6:\"O94ZPY\";username|s:12:\"angelito4817\";sponsor_id|s:6:\"JHRDHS\";fullname|s:15:\"Angel Fernandez\";email|s:25:\"angelito.magaly@gmail.com\";phone|s:0:\"\";isLogIn|b:1;message|s:23:\"Welcome Angel Fernandez\";__ci_vars|a:1:{s:7:\"message\";s:3:\"old\";}'
WHERE `id` = '6662eec143e96cf7e85b9f5c215b14eb3ec3cdd4';
INSERT INTO `login_history` (`user_id`, `device`, `ip_address`, `date`) VALUES ('UQO7EQ', 'Mozilla/5.0 (Windows NT 10.0; Win64; x64) AppleWebKit/537.36 (KHTML, like Gecko) Chrome/135.0.0.0 Safari/537.36', '172.70.83.12', '25-04-16 16:45');
UPDATE `user_registration` SET `popup_seen` = 'yes'
WHERE `user_id` = 'UQO7EQ';
UPDATE `user_registration` SET `popup_seen` = 'yes'
WHERE `user_id` = 'UQO7EQ';
UPDATE `user_registration` SET `popup_seen` = 'yes'
WHERE `user_id` = 'UQO7EQ';
UPDATE `user_registration` SET `popup_seen` = 'no'
WHERE `user_id` = 'UQO7EQ';
DELETE FROM `ci_sessions`
WHERE `id` = 'f8896b31c3c91ff5957583dd19c81013f1774c0c';
INSERT INTO `login_history` (`user_id`, `device`, `ip_address`, `date`) VALUES ('OMGB4G', 'Mozilla/5.0 (Windows NT 10.0; Win64; x64) AppleWebKit/537.36 (KHTML, like Gecko) Chrome/109.0.0.0 Safari/537.36', '172.68.7.203', '25-04-16 17:00');
UPDATE `user_registration` SET `popup_seen` = 'yes'
WHERE `user_id` = 'OMGB4G';
UPDATE `user_registration` SET `popup_seen` = 'yes'
WHERE `user_id` = 'OMGB4G';
UPDATE `user_registration` SET `popup_seen` = 'no'
WHERE `user_id` = 'OMGB4G';
DELETE FROM `ci_sessions`
WHERE `id` = '146bb4bbf8577d4cb481ac3280a86d885ecdb908';
INSERT INTO `login_history` (`user_id`, `device`, `ip_address`, `date`) VALUES ('8PK4HK', 'Mozilla/5.0 (Windows NT 10.0; Win64; x64) AppleWebKit/537.36 (KHTML, like Gecko) Chrome/109.0.0.0 Safari/537.36', '172.68.7.202', '25-04-16 17:01');
UPDATE `user_registration` SET `popup_seen` = 'yes'
WHERE `user_id` = '8PK4HK';
UPDATE `ci_sessions` SET `timestamp` = 1744841166, `data` = '__ci_last_regenerate|i:1744841166;id|s:4:\"2323\";user_id|s:6:\"EKTIVH\";username|s:12:\"annielyeli21\";sponsor_id|s:6:\"OTZTS5\";fullname|s:13:\"Anniell Reyes\";email|s:23:\"anniel.reyes@icloud.com\";phone|s:10:\"8128171294\";isLogIn|b:1;'
WHERE `id` = 'a95f0412e3a5ab26cd1d3566ee6e05a5cf97de13';
INSERT INTO `login_history` (`user_id`, `device`, `ip_address`, `date`) VALUES ('FLKHUD', 'Mozilla/5.0 (Macintosh; Intel Mac OS X 10_15_7) AppleWebKit/605.1.15 (KHTML, like Gecko) Version/18.3.1 Safari/605.1.15', '172.68.12.42', '25-04-16 17:39');
UPDATE `user_registration` SET `popup_seen` = 'yes'
WHERE `user_id` = 'FLKHUD';
INSERT INTO `temp_register` (`post_data`, `date`, `payment_method`, `type`) VALUES ('{\"user_id\":\"FLKHUD\",\"package_id\":\"2\",\"amount\":\"150\",\"payment_method\":\"stripe\",\"date\":\"2025-04-16 17:39:58\"}', '2025-04-16 17:39:58', 'stripe', 'renew');
UPDATE `temp_register` SET `response` = '{\"stripeToken\":\"tok_1REedX2NUoYUjiuuDpWjeovH\",\"stripeTokenType\":\"card\",\"stripeEmail\":\"alvarovelandiam@gmail.com\"}', `date_modified` = '2025-04-16 17:40:59', `payment_status` = '{\"id\":\"ch_3REedb2NUoYUjiuu14gsDpd2\",\"object\":\"charge\",\"amount\":15000,\"amount_captured\":15000,\"amount_refunded\":0,\"application\":null,\"application_fee\":null,\"application_fee_amount\":null,\"balance_transaction\":\"txn_3REedb2NUoYUjiuu1e2iiCJ1\",\"billing_details\":{\"address\":{\"city\":null,\"country\":null,\"line1\":null,\"line2\":null,\"postal_code\":null,\"state\":null},\"email\":null,\"name\":\"alvarovelandiam@gmail.com\",\"phone\":null},\"calculated_statement_descriptor\":\"TRAVELEGENDCY LLC\",\"captured\":true,\"created\":1744843259,\"currency\":\"usd\",\"customer\":\"cus_S8wWozbWC80unC\",\"description\":null,\"destination\":null,\"dispute\":null,\"disputed\":false,\"failure_balance_transaction\":null,\"failure_code\":null,\"failure_message\":null,\"fraud_details\":[],\"invoice\":null,\"livemode\":true,\"metadata\":{\"name\":\"Alvaro Velandia\",\"username\":\"Malaga\"},\"on_behalf_of\":null,\"order\":null,\"outcome\":{\"advice_code\":null,\"network_advice_code\":null,\"network_decline_code\":null,\"network_status\":\"approved_by_network\",\"reason\":null,\"risk_level\":\"normal\",\"seller_message\":\"Payment complete.\",\"type\":\"authorized\"},\"paid\":true,\"payment_intent\":null,\"payment_method\":\"card_1REedX2NUoYUjiuuDpJVVz2A\",\"payment_method_details\":{\"card\":{\"amount_authorized\":15000,\"authorization_code\":\"01800D\",\"brand\":\"visa\",\"checks\":{\"address_line1_check\":null,\"address_postal_code_check\":null,\"cvc_check\":\"pass\"},\"country\":\"US\",\"exp_month\":11,\"exp_year\":2029,\"extended_authorization\":{\"status\":\"disabled\"},\"fingerprint\":\"3aYdlGOBtu1sJzNH\",\"funding\":\"credit\",\"incremental_authorization\":{\"status\":\"unavailable\"},\"installments\":null,\"last4\":\"2912\",\"mandate\":null,\"multicapture\":{\"status\":\"unavailable\"},\"network\":\"visa\",\"network_token\":{\"used\":false},\"network_transaction_id\":\"385106816603102\",\"overcapture\":{\"maximum_amount_capturable\":15000,\"status\":\"unavailable\"},\"regulated_status\":\"unregulated\",\"three_d_secure\":null,\"wallet\":null},\"type\":\"card\"},\"receipt_email\":null,\"receipt_number\":null,\"receipt_url\":\"https:\\/\\/pay.stripe.com\\/receipts\\/payment\\/CAcQARoXChVhY2N0XzFRUEFGdjJOVW9ZVWppdXUo_OOAwAYyBrR4Phd9aTosFpXAahwVAKzbKLRhezBa_0JB2xbRUa520JJwDr-SyCZlufLtMbSE2KDLeGE\",\"refunded\":false,\"review\":null,\"shipping\":null,\"source\":{\"id\":\"card_1REedX2NUoYUjiuuDpJVVz2A\",\"object\":\"card\",\"address_city\":null,\"address_country\":null,\"address_line1\":null,\"address_line1_check\":null,\"address_line2\":null,\"address_state\":null,\"address_zip\":null,\"address_zip_check\":null,\"allow_redisplay\":\"unspecified\",\"brand\":\"Visa\",\"country\":\"US\",\"customer\":\"cus_S8wWozbWC80unC\",\"cvc_check\":\"pass\",\"dynamic_last4\":null,\"exp_month\":11,\"exp_year\":2029,\"fingerprint\":\"3aYdlGOBtu1sJzNH\",\"funding\":\"credit\",\"last4\":\"2912\",\"metadata\":[],\"name\":\"alvarovelandiam@gmail.com\",\"regulated_status\":\"unregulated\",\"tokenization_method\":null,\"wallet\":null},\"source_transfer\":null,\"statement_descriptor\":null,\"statement_descriptor_suffix\":null,\"status\":\"succeeded\",\"transfer_data\":null,\"transfer_group\":null}'
WHERE `id` = 305;
INSERT INTO `sub_history` (`user_id`, `package_id`, `amount`, `payment_method`, `date`) VALUES ('FLKHUD', '2', '150', 'Stripe', '2025-04-16 17:40:59');
UPDATE `user_registration` SET sub_point = ROUND(sub_point + 150,2)
WHERE `user_id` = 'FLKHUD';
INSERT INTO `investment` (`invest_date`, `user_id`, `type`, `amount`, `package_id`) VALUES ('2025-04-16 17:40:59', 'FLKHUD', 'subscription', '150', '2');
UPDATE `user_registration` SET total_points = ROUND(total_points + 150,2)
WHERE `user_id` = 'FLKHUD';
INSERT INTO `points_history` (`user_id`, `points`, `type`, `date`) VALUES ('FLKHUD', '150', 'subscription', '2025-04-16 17:40:');
UPDATE `bv_updation` SET right_carry = right_carry+150, total_right = total_right+150
WHERE `user_id` = 'BUWYXW';
INSERT INTO `placement_bv_update_history` (`right_carry`, `date`, `from_id`, `user_id`) VALUES ('150', '2025-04-16 17:40:59', 'FLKHUD', 'BUWYXW');
UPDATE `user_registration` SET `cycle_rank_id` = '1'
WHERE `user_id` = 'BUWYXW';
INSERT INTO `rank_history` (`rank_id`, `user_id`, `name`, `bv`, `date`, `amount`, `type`) VALUES ('1', 'BUWYXW', 'Affiliate', '0', '2025-04-16 17:40:59', '0', 'auto');
UPDATE `bv_updation` SET sponsor_right_carry = sponsor_right_carry+150, sponsor_total_right = sponsor_total_right+150
WHERE `user_id` = 'BUWYXW';
INSERT INTO `sponsor_bv_update_history` (`right_carry`, `date`, `user_id`) VALUES ('150', '2025-04-16 17:41:00', 'BUWYXW');
UPDATE `bv_updation` SET right_carry = right_carry+150, total_right = total_right+150
WHERE `user_id` = 'UXMQZD';
INSERT INTO `placement_bv_update_history` (`right_carry`, `date`, `from_id`, `user_id`) VALUES ('150', '2025-04-16 17:41:00', 'FLKHUD', 'UXMQZD');
UPDATE `user_registration` SET `cycle_rank_id` = '1'
WHERE `user_id` = 'UXMQZD';
INSERT INTO `rank_history` (`rank_id`, `user_id`, `name`, `bv`, `date`, `amount`, `type`) VALUES ('1', 'UXMQZD', 'Affiliate', '0', '2025-04-16 17:41:00', '0', 'auto');
UPDATE `bv_updation` SET right_carry = right_carry+150, total_right = total_right+150
WHERE `user_id` = 'O94ZPY';
INSERT INTO `placement_bv_update_history` (`right_carry`, `date`, `from_id`, `user_id`) VALUES ('150', '2025-04-16 17:41:00', 'FLKHUD', 'O94ZPY');
UPDATE `user_registration` SET `cycle_rank_id` = '1'
WHERE `user_id` = 'O94ZPY';
INSERT INTO `rank_history` (`rank_id`, `user_id`, `name`, `bv`, `date`, `amount`, `type`) VALUES ('1', 'O94ZPY', 'Affiliate', '0', '2025-04-16 17:41:00', '0', 'auto');
UPDATE `bv_updation` SET right_carry = right_carry+150, total_right = total_right+150
WHERE `user_id` = 'JHRDHS';
INSERT INTO `placement_bv_update_history` (`right_carry`, `date`, `from_id`, `user_id`) VALUES ('150', '2025-04-16 17:41:00', 'FLKHUD', 'JHRDHS');
UPDATE `user_registration` SET `cycle_rank_id` = '1'
WHERE `user_id` = 'JHRDHS';
INSERT INTO `rank_history` (`rank_id`, `user_id`, `name`, `bv`, `date`, `amount`, `type`) VALUES ('1', 'JHRDHS', 'Affiliate', '0', '2025-04-16 17:41:00', '0', 'auto');
UPDATE `bv_updation` SET right_carry = right_carry+150, total_right = total_right+150
WHERE `user_id` = 'CVVK4C';
INSERT INTO `placement_bv_update_history` (`right_carry`, `date`, `from_id`, `user_id`) VALUES ('150', '2025-04-16 17:41:00', 'FLKHUD', 'CVVK4C');
UPDATE `user_registration` SET `cycle_rank_id` = '1'
WHERE `user_id` = 'CVVK4C';
INSERT INTO `rank_history` (`rank_id`, `user_id`, `name`, `bv`, `date`, `amount`, `type`) VALUES ('1', 'CVVK4C', 'Affiliate', '0', '2025-04-16 17:41:00', '0', 'auto');
UPDATE `bv_updation` SET left_carry = left_carry+150, total_left = total_left+150
WHERE `user_id` = 'K55EDD';
INSERT INTO `placement_bv_update_history` (`left_carry`, `date`, `from_id`, `user_id`) VALUES ('150', '2025-04-16 17:41:00', 'FLKHUD', 'K55EDD');
UPDATE `user_registration` SET `cycle_rank_id` = '1'
WHERE `user_id` = 'K55EDD';
INSERT INTO `rank_history` (`rank_id`, `user_id`, `name`, `bv`, `date`, `amount`, `type`) VALUES ('1', 'K55EDD', 'Affiliate', '0', '2025-04-16 17:41:00', '0', 'auto');
UPDATE `bv_updation` SET left_carry = left_carry+150, total_left = total_left+150
WHERE `user_id` = 'UQO7EQ';
INSERT INTO `placement_bv_update_history` (`left_carry`, `date`, `from_id`, `user_id`) VALUES ('150', '2025-04-16 17:41:00', 'FLKHUD', 'UQO7EQ');
UPDATE `user_registration` SET `cycle_rank_id` = '1'
WHERE `user_id` = 'UQO7EQ';
INSERT INTO `rank_history` (`rank_id`, `user_id`, `name`, `bv`, `date`, `amount`, `type`) VALUES ('1', 'UQO7EQ', 'Affiliate', '0', '2025-04-16 17:41:00', '0', 'auto');
UPDATE `bv_updation` SET left_carry = left_carry+150, total_left = total_left+150
WHERE `user_id` = 'N6GZAE';
INSERT INTO `placement_bv_update_history` (`left_carry`, `date`, `from_id`, `user_id`) VALUES ('150', '2025-04-16 17:41:01', 'FLKHUD', 'N6GZAE');
UPDATE `user_registration` SET `cycle_rank_id` = '1'
WHERE `user_id` = 'N6GZAE';
INSERT INTO `rank_history` (`rank_id`, `user_id`, `name`, `bv`, `date`, `amount`, `type`) VALUES ('1', 'N6GZAE', 'Affiliate', '0', '2025-04-16 17:41:01', '0', 'auto');
UPDATE `bv_updation` SET left_carry = left_carry+150, total_left = total_left+150
WHERE `user_id` = '4E1CRI';
INSERT INTO `placement_bv_update_history` (`left_carry`, `date`, `from_id`, `user_id`) VALUES ('150', '2025-04-16 17:41:01', 'FLKHUD', '4E1CRI');
UPDATE `bv_updation` SET left_carry = left_carry+150, total_left = total_left+150
WHERE `user_id` = 'SJBNYJ';
INSERT INTO `placement_bv_update_history` (`left_carry`, `date`, `from_id`, `user_id`) VALUES ('150', '2025-04-16 17:41:01', 'FLKHUD', 'SJBNYJ');
UPDATE `user_registration` SET `cycle_rank_id` = '1'
WHERE `user_id` = 'SJBNYJ';
INSERT INTO `rank_history` (`rank_id`, `user_id`, `name`, `bv`, `date`, `amount`, `type`) VALUES ('1', 'SJBNYJ', 'Affiliate', '0', '2025-04-16 17:41:01', '0', 'auto');
UPDATE `bv_updation` SET left_carry = left_carry+150, total_left = total_left+150
WHERE `user_id` = '44B9Y4';
INSERT INTO `placement_bv_update_history` (`left_carry`, `date`, `from_id`, `user_id`) VALUES ('150', '2025-04-16 17:41:01', 'FLKHUD', '44B9Y4');
UPDATE `user_registration` SET `cycle_rank_id` = '1'
WHERE `user_id` = '44B9Y4';
INSERT INTO `rank_history` (`rank_id`, `user_id`, `name`, `bv`, `date`, `amount`, `type`) VALUES ('1', '44B9Y4', 'Affiliate', '0', '2025-04-16 17:41:01', '0', 'auto');
UPDATE `bv_updation` SET right_carry = right_carry+150, total_right = total_right+150
WHERE `user_id` = 'admin';
INSERT INTO `placement_bv_update_history` (`right_carry`, `date`, `from_id`, `user_id`) VALUES ('150', '2025-04-16 17:41:01', 'FLKHUD', 'admin');
UPDATE `user_registration` SET `cycle_rank_id` = '1'
WHERE `user_id` = 'admin';
INSERT INTO `rank_history` (`rank_id`, `user_id`, `name`, `bv`, `date`, `amount`, `type`) VALUES ('1', 'admin', 'Affiliate', '0', '2025-04-16 17:41:01', '0', 'auto');
UPDATE `user_registration` SET `subscription_date` = '2025-05-16', `active_status` = 'yes'
WHERE `user_id` = 'FLKHUD';
UPDATE `user_registration` SET `popup_seen` = 'yes'
WHERE `user_id` = 'FLKHUD';
UPDATE `user_registration` SET `popup_seen` = 'yes'
WHERE `user_id` = 'FLKHUD';
UPDATE `ci_sessions` SET `timestamp` = 1744843393, `data` = '__ci_last_regenerate|i:1744843393;id|s:4:\"2147\";user_id|s:6:\"FLKHUD\";username|s:6:\"Malaga\";sponsor_id|s:6:\"BUWYXW\";fullname|s:15:\"Alvaro Velandia\";email|s:25:\"alvarovelandiam@gmail.com\";phone|s:10:\"3058779862\";isLogIn|b:1;'
WHERE `id` = '3c8666efc6992cde383431ddae22bd1dfdf0a67d';
UPDATE `ci_sessions` SET `timestamp` = 1744843711, `data` = '__ci_last_regenerate|i:1744843711;id|s:4:\"2147\";user_id|s:6:\"FLKHUD\";username|s:6:\"Malaga\";sponsor_id|s:6:\"BUWYXW\";fullname|s:15:\"Alvaro Velandia\";email|s:25:\"alvarovelandiam@gmail.com\";phone|s:10:\"3058779862\";isLogIn|b:1;'
WHERE `id` = '7c972ab338e388ae22543d9588254607312600dd';
UPDATE `ci_sessions` SET `timestamp` = 1744843730, `data` = '__ci_last_regenerate|i:1744843730;captcha|s:4:\"n8y4\";'
WHERE `id` = '2d34bf4aa2aa2a8fcfa17c79b7a34083768f5ccc';
INSERT INTO `login_history` (`user_id`, `device`, `ip_address`, `date`) VALUES ('UQO7EQ', 'Mozilla/5.0 (Linux; Android 10; K) AppleWebKit/537.36 (KHTML, like Gecko) Chrome/131.0.0.0 Mobile Safari/537.36', '172.68.7.139', '25-04-16 17:49');
UPDATE `user_registration` SET `popup_seen` = 'yes'
WHERE `user_id` = 'UQO7EQ';
UPDATE `user_registration` SET `popup_seen` = 'no'
WHERE `user_id` = 'UQO7EQ';
DELETE FROM `ci_sessions`
WHERE `id` = '921c1890a3143e6cfcc8a7f1faaaabeb9aca2eed';
UPDATE `user_registration` SET `popup_seen` = 'yes'
WHERE `user_id` = 'FLKHUD';
UPDATE `ci_sessions` SET `timestamp` = 1744844036, `data` = '__ci_last_regenerate|i:1744844036;id|s:4:\"2147\";user_id|s:6:\"FLKHUD\";username|s:6:\"Malaga\";sponsor_id|s:6:\"BUWYXW\";fullname|s:15:\"Alvaro Velandia\";email|s:25:\"alvarovelandiam@gmail.com\";phone|s:10:\"3058779862\";isLogIn|b:1;'
WHERE `id` = 'c77e8c86735616c63f2b9bbea3c9fc3e86a7cfff';
INSERT INTO `login_history` (`user_id`, `device`, `ip_address`, `date`) VALUES ('2RSJNO', 'Mozilla/5.0 (iPhone; CPU iPhone OS 18_3_2 like Mac OS X) AppleWebKit/605.1.15 (KHTML, like Gecko) GSA/364.0.744893471 Mobile/15E148 Safari/604.1', '172.68.7.138', '25-04-16 17:57');
UPDATE `user_registration` SET `popup_seen` = 'yes'
WHERE `user_id` = '2RSJNO';
UPDATE `user_registration` SET `popup_seen` = 'no'
WHERE `user_id` = 'FLKHUD';
DELETE FROM `ci_sessions`
WHERE `id` = '3eee4359cefd9bd87a69d3bf5856eb8d1a9c3bd9';
UPDATE `ci_sessions` SET `timestamp` = 1744845758, `data` = '__ci_last_regenerate|i:1744845758;id|s:4:\"2127\";user_id|s:6:\"8PK4HK\";username|s:6:\"Dian96\";sponsor_id|s:6:\"ULHSH2\";fullname|s:12:\"Roman Debora\";email|s:23:\"romandebora44@gmail.com\";phone|s:10:\"7865695129\";isLogIn|b:1;'
WHERE `id` = '4193b59891d90b64120b6e1d6e4093888a09ef14';
UPDATE `user_registration` SET `popup_seen` = 'yes'
WHERE `user_id` = '8PK4HK';
UPDATE `user_registration` SET `popup_seen` = 'yes'
WHERE `user_id` = '8PK4HK';
UPDATE `user_registration` SET `popup_seen` = 'yes'
WHERE `user_id` = '8PK4HK';
UPDATE `user_registration` SET `popup_seen` = 'no'
WHERE `user_id` = '8PK4HK';
DELETE FROM `ci_sessions`
WHERE `id` = '27aa9d2d90c8b3b17ec03608bfdd1d6d60df059c';
INSERT INTO `login_history` (`user_id`, `device`, `ip_address`, `date`) VALUES ('7ZQOFP', 'Mozilla/5.0 (Windows NT 10.0; Win64; x64) AppleWebKit/537.36 (KHTML, like Gecko) Chrome/135.0.0.0 Safari/537.36', '172.68.7.62', '25-04-16 18:55');
UPDATE `user_registration` SET `popup_seen` = 'yes'
WHERE `user_id` = '7ZQOFP';
UPDATE `ci_sessions` SET `timestamp` = 1744847838, `data` = '__ci_last_regenerate|i:1744847838;captcha|s:4:\"jnd5\";'
WHERE `id` = '7ce70b1257cbe71249553f3b7b223be8fa74923a';
UPDATE `ci_sessions` SET `timestamp` = 1744848762, `data` = '__ci_last_regenerate|i:1744848762;id|s:4:\"2190\";user_id|s:6:\"2RSJNO\";username|s:8:\"yoel0221\";sponsor_id|s:6:\"QJ5U9C\";fullname|s:16:\"Yoel Ramos Gomez\";email|s:19:\"yoel21272@gmail.com\";phone|s:10:\"3053050150\";isLogIn|b:1;'
WHERE `id` = '321cf94a83468e91dd6a847c6dfaacb2f610dd25';
UPDATE `user_registration` SET `popup_seen` = 'yes'
WHERE `user_id` = '2RSJNO';
UPDATE `user_registration` SET `popup_seen` = 'yes'
WHERE `user_id` = '2RSJNO';
UPDATE `ci_sessions` SET `timestamp` = 1744849173, `data` = '__ci_last_regenerate|i:1744849173;captcha|s:4:\"yghg\";'
WHERE `id` = '1513c7a09f65207f6e4ac9a3ce2bc5be268ef2c0';
INSERT INTO `login_history` (`user_id`, `device`, `ip_address`, `date`) VALUES ('UQO7EQ', 'Mozilla/5.0 (Linux; Android 10; K) AppleWebKit/537.36 (KHTML, like Gecko) Chrome/131.0.0.0 Mobile Safari/537.36', '172.70.82.168', '25-04-16 19:19');
UPDATE `user_registration` SET `popup_seen` = 'yes'
WHERE `user_id` = 'UQO7EQ';
UPDATE `user_registration` SET `popup_seen` = 'yes'
WHERE `user_id` = 'UQO7EQ';
UPDATE `user_registration` SET `popup_seen` = 'yes'
WHERE `user_id` = 'UQO7EQ';
UPDATE `user_registration` SET `popup_seen` = 'no'
WHERE `user_id` = 'UQO7EQ';
DELETE FROM `ci_sessions`
WHERE `id` = 'bffaa2b80eba7cd81de41e236f6313e08a66271a';
UPDATE `ci_sessions` SET `timestamp` = 1744850678, `data` = '__ci_last_regenerate|i:1744850678;captcha|s:4:\"b3qz\";'
WHERE `id` = '3aa4b2e0bd2a4143ca679ba12e5743058f4b75b7';
INSERT INTO `login_history` (`user_id`, `device`, `ip_address`, `date`) VALUES ('UQO7EQ', 'Mozilla/5.0 (Linux; Android 10; K) AppleWebKit/537.36 (KHTML, like Gecko) Chrome/131.0.0.0 Mobile Safari/537.36', '172.70.82.159', '25-04-16 19:45');
UPDATE `user_registration` SET `popup_seen` = 'yes'
WHERE `user_id` = 'UQO7EQ';
UPDATE `user_registration` SET `popup_seen` = 'yes'
WHERE `user_id` = 'UQO7EQ';
UPDATE `user_registration` SET `popup_seen` = 'no'
WHERE `user_id` = 'UQO7EQ';
DELETE FROM `ci_sessions`
WHERE `id` = '2b69a60ccdfe439005e8458811991c6033d716f6';
UPDATE `ci_sessions` SET `timestamp` = 1744851316, `data` = '__ci_last_regenerate|i:1744851316;exception|s:31:\"Incorrect Username Or Password!\";__ci_vars|a:1:{s:9:\"exception\";s:3:\"old\";}captcha|s:4:\"gbdm\";'
WHERE `id` = 'f971f1f373c52d8e7f5e412a61d2b77c557809af';
INSERT INTO `login_history` (`user_id`, `device`, `ip_address`, `date`) VALUES ('46H8G2', 'Mozilla/5.0 (Macintosh; Intel Mac OS X 10_15_7) AppleWebKit/605.1.15 (KHTML, like Gecko) Version/17.6 Safari/605.1.15', '172.70.54.225', '25-04-16 20:20');
UPDATE `user_registration` SET `popup_seen` = 'yes'
WHERE `user_id` = '46H8G2';
UPDATE `user_registration` SET `popup_seen` = 'yes'
WHERE `user_id` = '46H8G2';
UPDATE `user_registration` SET `language` = 'spanish'
WHERE `user_id` = '46H8G2';
UPDATE `ci_sessions` SET `timestamp` = 1744853216, `data` = '__ci_last_regenerate|i:1744853216;id|s:4:\"2225\";user_id|s:6:\"46H8G2\";username|s:6:\"yoanmv\";sponsor_id|s:6:\"HSP8ZI\";fullname|s:13:\"yoan martinez\";email|s:22:\"yoanmtnz1977@gmail.com\";phone|s:10:\"8133825424\";isLogIn|b:1;'
WHERE `id` = '3284bb9307eb687d862e363557a83f5cbb9a9e61';
UPDATE `user_registration` SET `popup_seen` = 'yes'
WHERE `user_id` = '46H8G2';
UPDATE `user_registration` SET `language` = 'english'
WHERE `user_id` = '46H8G2';
UPDATE `user_registration` SET `popup_seen` = 'yes'
WHERE `user_id` = '46H8G2';
INSERT INTO `payquicker_token` (`response`, `token`, `created_time`, `expires_at`) VALUES ('{\"access_token\":\"CD4F0C02BEE87B0E71F92096BE6C901980CE607B2F3BACBBF41BA565B42F238E-1\",\"expires_in\":3600,\"token_type\":\"Bearer\",\"scope\":\"api useraccount_balance useraccount_debit useraccount_invitation useraccount_payment\"}', 'CD4F0C02BEE87B0E71F92096BE6C901980CE607B2F3BACBBF41BA565B42F238E-1', '2025-04-16 20:28:34', '2025-04-16 21:28:34');
INSERT INTO `payment_metod_setting` (`user_id`, `method`, `email`, `wallet_id`, `status`, `date`) VALUES ('46H8G2', 'payquicker', 'yoanmtnz1977@gmail.com', 'yoanmvSNWM', 0, '2025-04-16 20:28:35');
INSERT INTO `payquicker_send_invite` (`user_id`, `userCompanyAssignedUniqueKey`, `response`, `date`) VALUES ('46H8G2', 'yoanmvSNWM', '[{\"dateInvited\":\"2025-04-17T01:28:36Z\",\"invitationKey\":\"8NaR1EC7mAxYCudSZvcaQcOH4ZlrTtAmww9dmw6iR9Jw7fSy3NEGoN38xMeRcwoeqONIG9lGE2lzbS5rNSV6IMBeEL1aDutqYrIxR2i93EJjuyMHACwBGHwV7CS0FEgyS7BNrzxOlrAYLhEqA9EXIpvVbdOm9dpI9UxEfekKotCEwUCETGHsbVjjqcBXSQsOsjgKOnF86olXZ3rQq55zDL01jawwE3iYfaFeozszHtXMoDZeTlU6veoGg1rqR0D8\",\"invitationStatus\":\"InvitationStatusType_Pending\",\"registrationStatus\":\"NotStarted\",\"registrationDetails\":{\"addresses\":[{\"city\":\"homestead\",\"country\":\"USA\",\"postalCode\":\"33030\",\"region\":\"Florida\",\"streetAddress1\":\"1230 ne 3 th ter \",\"created\":\"0001-01-01T00:00:00Z\",\"type\":\"AddressType_Residential\"}],\"fundingAccountPublicId\":\"4e84a85ac47e46639c648f932d48fdf0\",\"issuePlasticCard\":true,\"notifyUser\":true,\"userDetails\":{\"emailAddress\":\"yoanmtnz1977@gmail.com\",\"firstName\":\"yoan\",\"lastName\":\"martinez\",\"userCompanyAssignedUniqueKey\":\"yoanmvSNWM\"}}}]', '2025-04-16 20:28:35');
INSERT INTO `login_history` (`user_id`, `device`, `ip_address`, `date`) VALUES ('QRE21J', 'Mozilla/5.0 (Windows NT 10.0; Win64; x64) AppleWebKit/537.36 (KHTML, like Gecko) Chrome/135.0.0.0 Safari/537.36', '172.70.54.71', '25-04-16 20:44');
UPDATE `user_registration` SET `popup_seen` = 'yes'
WHERE `user_id` = 'QRE21J';
UPDATE `user_registration` SET `popup_seen` = 'yes'
WHERE `user_id` = 'QRE21J';
UPDATE `user_registration` SET `popup_seen` = 'yes'
WHERE `user_id` = 'QRE21J';
UPDATE `ci_sessions` SET `timestamp` = 1744854510, `data` = '__ci_last_regenerate|i:1744854510;id|s:4:\"2225\";user_id|s:6:\"46H8G2\";username|s:6:\"yoanmv\";sponsor_id|s:6:\"HSP8ZI\";fullname|s:13:\"yoan martinez\";email|s:22:\"yoanmtnz1977@gmail.com\";phone|s:10:\"8133825424\";isLogIn|b:1;message|s:97:\"Successfully send signup link to your email, Please complete the registration as soon as possible\";__ci_vars|a:1:{s:7:\"message\";s:3:\"old\";}'
WHERE `id` = 'edd6e49b8c8967467ad20d8036641ff069c772f2';
UPDATE `payquicker_send_invite` SET `response` = '[{\"dateInvited\":\"2025-04-17T01:28:36Z\",\"invitationKey\":\"8NaR1EC7mAxYCudSZvcaQcOH4ZlrTtAmww9dmw6iR9Jw7fSy3NEGoN38xMeRcwoeqONIG9lGE2lzbS5rNSV6IMBeEL1aDutqYrIxR2i93EJjuyMHACwBGHwV7CS0FEgyS7BNrzxOlrAYLhEqA9EXIpvVbdOm9dpI9UxEfekKotCEwUCETGHsbVjjqcBXSQsOsjgKOnF86olXZ3rQq55zDL01jawwE3iYfaFeozszHtXMoDZeTlU6veoGg1rqR0D8\",\"invitationStatus\":\"InvitationStatusType_Used\",\"registrationStatus\":\"Completed\",\"registrationDetails\":{\"addresses\":[{\"city\":\"homestead\",\"country\":\"USA\",\"postalCode\":\"33030\",\"region\":\"Florida\",\"streetAddress1\":\"1230 ne 3 th ter \",\"created\":\"0001-01-01T00:00:00Z\",\"type\":\"AddressType_Residential\"}],\"fundingAccountPublicId\":\"4e84a85ac47e46639c648f932d48fdf0\",\"issuePlasticCard\":true,\"notifyUser\":true,\"userDetails\":{\"emailAddress\":\"yoanmtnz1977@gmail.com\",\"firstName\":\"yoan\",\"lastName\":\"martinez\",\"userCompanyAssignedUniqueKey\":\"yoanmvSNWM\"}}}]', `date` = '2025-04-16 20:48:31';
UPDATE `payment_metod_setting` SET `status` = 1
WHERE `user_id` = '46H8G2';
UPDATE `ci_sessions` SET `timestamp` = 1744854667, `data` = '__ci_last_regenerate|i:1744854667;id|s:4:\"2153\";user_id|s:6:\"QRE21J\";username|s:10:\"fyomaris75\";sponsor_id|s:6:\"QJ5U9C\";fullname|s:17:\"Yomaris Fernandez\";email|s:18:\"fyomaris@ymail.com\";phone|s:10:\"7862371360\";isLogIn|b:1;'
WHERE `id` = '38fc9319a0a896e4eaf0df29341ed0b37522c98f';
INSERT INTO `user_registration` (`user_id`, `username`, `sponsor_id`, `vacant`, `f_name`, `l_name`, `position`, `email`, `password`, `phone`, `country`, `state`, `city`, `street`, `zip_code`, `reg_ip`, `status`, `package_id`, `rank_id`, `highest_rank`, `cycle_rank_id`, `user_type`, `created`, `subscription_date`, `active_status`, `google_secret`) VALUES ('VQGPGZ', 'Gusexito', 'QRE21J', 'no', 'Gustavo', 'Arias', 'left', 'gusexito2@gmail.com', '10d98e56c7d3d97ab8b21a4d3e822265', '7864580227', 'United States', 'Florida', 'Hialeah', '5042 west 12 lane  D20', '33012', '172.69.132.224', 1, 0, 0, 0, 0, 'customer', '2025-04-16 20:51:07', 'N/A', 'no', 'Y7HBSHGFP4FF47YL');
UPDATE `user_registration` SET total_ref_count = total_ref_count+1
WHERE `user_id` = 'QRE21J';
UPDATE `user_registration` SET customer_ref_count = customer_ref_count+1
WHERE `user_id` = 'QRE21J';
UPDATE `user_registration` SET `cycle_rank_id` = '1'
WHERE `user_id` = 'QRE21J';
INSERT INTO `rank_history` (`rank_id`, `user_id`, `name`, `bv`, `date`, `amount`, `type`) VALUES ('1', 'QRE21J', 'Affiliate', '0', '2025-04-16 20:51:07', '0', 'auto');
INSERT INTO `matrix_fill_sponsor` (`sponsor_id`, `downline_id`, `level`, `matrix`) VALUES ('QRE21J', 'VQGPGZ', 1, 1);
INSERT INTO `matrix_fill_sponsor` (`sponsor_id`, `downline_id`, `level`, `matrix`) VALUES ('QJ5U9C', 'VQGPGZ', 2, 1);
INSERT INTO `matrix_fill_sponsor` (`sponsor_id`, `downline_id`, `level`, `matrix`) VALUES ('O94ZPY', 'VQGPGZ', 3, 1);
INSERT INTO `matrix_fill_sponsor` (`sponsor_id`, `downline_id`, `level`, `matrix`) VALUES ('JHRDHS', 'VQGPGZ', 4, 1);
INSERT INTO `matrix_fill_sponsor` (`sponsor_id`, `downline_id`, `level`, `matrix`) VALUES ('CVVK4C', 'VQGPGZ', 5, 1);
INSERT INTO `matrix_fill_sponsor` (`sponsor_id`, `downline_id`, `level`, `matrix`) VALUES ('K55EDD', 'VQGPGZ', 6, 1);
INSERT INTO `matrix_fill_sponsor` (`sponsor_id`, `downline_id`, `level`, `matrix`) VALUES ('UQO7EQ', 'VQGPGZ', 7, 1);
INSERT INTO `matrix_fill_sponsor` (`sponsor_id`, `downline_id`, `level`, `matrix`) VALUES ('N6GZAE', 'VQGPGZ', 8, 1);
INSERT INTO `matrix_fill_sponsor` (`sponsor_id`, `downline_id`, `level`, `matrix`) VALUES ('4E1CRI', 'VQGPGZ', 9, 1);
INSERT INTO `matrix_fill_sponsor` (`sponsor_id`, `downline_id`, `level`, `matrix`) VALUES ('SJBNYJ', 'VQGPGZ', 10, 1);
INSERT INTO `matrix_fill_sponsor` (`sponsor_id`, `downline_id`, `level`, `matrix`) VALUES ('44B9Y4', 'VQGPGZ', 11, 1);
INSERT INTO `matrix_fill_sponsor` (`sponsor_id`, `downline_id`, `level`, `matrix`) VALUES ('admin', 'VQGPGZ', 12, 1);
UPDATE `user_registration` SET `trans_password` = '773434'
WHERE `user_id` = '46H8G2';
INSERT INTO `notifications` (`user_id`, `notification_type`, `subject`, `details`, `date`, `status`) VALUES ('46H8G2', 'transaction_password_update', 'Transaction Password Notification', 'Your transaction password has been created successfully.', '2025-04-16 20:52:27', 0);
UPDATE `user_registration` SET `popup_seen` = 'yes'
WHERE `user_id` = 'QRE21J';
UPDATE `ci_sessions` SET `timestamp` = 1744854901, `data` = '__ci_last_regenerate|i:1744854901;id|s:4:\"2225\";user_id|s:6:\"46H8G2\";username|s:6:\"yoanmv\";sponsor_id|s:6:\"HSP8ZI\";fullname|s:13:\"yoan martinez\";email|s:22:\"yoanmtnz1977@gmail.com\";phone|s:10:\"8133825424\";isLogIn|b:1;message|s:31:\"Transaction Password generated.\";__ci_vars|a:1:{s:7:\"message\";s:3:\"old\";}'
WHERE `id` = '4fc2db7e6e0bcd9ed59055a705a02e1da0e041d4';
UPDATE `user_registration` SET `popup_seen` = 'yes'
WHERE `user_id` = '46H8G2';
UPDATE `user_registration` SET `popup_seen` = 'no'
WHERE `user_id` = 'QRE21J';
DELETE FROM `ci_sessions`
WHERE `id` = 'f8cb1e9c140ac6726ddbefea8416f4b0a5429536';
INSERT INTO `login_history` (`user_id`, `device`, `ip_address`, `date`) VALUES ('VQGPGZ', 'Mozilla/5.0 (Windows NT 10.0; Win64; x64) AppleWebKit/537.36 (KHTML, like Gecko) Chrome/135.0.0.0 Safari/537.36', '172.71.156.142', '25-04-16 20:57');
UPDATE `user_registration` SET `popup_seen` = 'yes'
WHERE `user_id` = 'VQGPGZ';
UPDATE `user_registration` SET `popup_seen` = 'yes'
WHERE `user_id` = 'VQGPGZ';
UPDATE `user_registration` SET `popup_seen` = 'yes'
WHERE `user_id` = 'VQGPGZ';
UPDATE `user_registration` SET `popup_seen` = 'no'
WHERE `user_id` = 'VQGPGZ';
DELETE FROM `ci_sessions`
WHERE `id` = '987782d70fe99aa0df57644768aa66d2e00e1bc7';
UPDATE `user_registration` SET `popup_seen` = 'no'
WHERE `user_id` IS NULL;
DELETE FROM `ci_sessions`
WHERE `id` = '6bef76e8bc3093a5a3090eee7212ac8c67021f96';
UPDATE `user_registration` SET `popup_seen` = 'yes'
WHERE `user_id` = '46H8G2';
UPDATE `ci_sessions` SET `timestamp` = 1744856240, `data` = '__ci_last_regenerate|i:1744856240;id|s:4:\"2225\";user_id|s:6:\"46H8G2\";username|s:6:\"yoanmv\";sponsor_id|s:6:\"HSP8ZI\";fullname|s:13:\"yoan martinez\";email|s:22:\"yoanmtnz1977@gmail.com\";phone|s:10:\"8133825424\";isLogIn|b:1;'
WHERE `id` = '0c0b26b500105c1db8de1139a4da6be9a66fb986';
UPDATE `user_registration` SET `popup_seen` = 'yes'
WHERE `user_id` = '46H8G2';
INSERT INTO `login_history` (`user_id`, `device`, `ip_address`, `date`) VALUES ('8PK4HK', 'Mozilla/5.0 (Windows NT 10.0; Win64; x64) AppleWebKit/537.36 (KHTML, like Gecko) Chrome/109.0.0.0 Safari/537.36', '172.70.55.158', '25-04-16 21:30');
UPDATE `user_registration` SET `popup_seen` = 'yes'
WHERE `user_id` = '8PK4HK';
UPDATE `ci_sessions` SET `timestamp` = 1744857307, `data` = '__ci_last_regenerate|i:1744857307;id|s:4:\"2127\";user_id|s:6:\"8PK4HK\";username|s:6:\"Dian96\";sponsor_id|s:6:\"ULHSH2\";fullname|s:12:\"Roman Debora\";email|s:23:\"romandebora44@gmail.com\";phone|s:10:\"7865695129\";isLogIn|b:1;'
WHERE `id` = 'c1753e62a6a237b7a0fed1dc75c0782cce3b1eba';
UPDATE `user_registration` SET `popup_seen` = 'yes'
WHERE `user_id` = '8PK4HK';
UPDATE `user_registration` SET `popup_seen` = 'yes'
WHERE `user_id` = '8PK4HK';
UPDATE `ci_sessions` SET `timestamp` = 1744857540, `data` = '__ci_last_regenerate|i:1744857540;captcha|s:4:\"mp78\";'
WHERE `id` = '8005254cdc3b5541818d95b2f2ceb80aae173651';
INSERT INTO `login_history` (`user_id`, `device`, `ip_address`, `date`) VALUES ('UQO7EQ', 'Mozilla/5.0 (Linux; Android 10; K) AppleWebKit/537.36 (KHTML, like Gecko) Chrome/131.0.0.0 Mobile Safari/537.36', '172.68.7.88', '25-04-16 21:39');
UPDATE `user_registration` SET `popup_seen` = 'yes'
WHERE `user_id` = 'UQO7EQ';
UPDATE `user_registration` SET `popup_seen` = 'no'
WHERE `user_id` = 'UQO7EQ';
DELETE FROM `ci_sessions`
WHERE `id` = '76f3985724a672af6f4123efb7e7fdb35861a333';
UPDATE `ci_sessions` SET `timestamp` = 1744857626, `data` = '__ci_last_regenerate|i:1744857626;id|s:4:\"2127\";user_id|s:6:\"8PK4HK\";username|s:6:\"Dian96\";sponsor_id|s:6:\"ULHSH2\";fullname|s:12:\"Roman Debora\";email|s:23:\"romandebora44@gmail.com\";phone|s:10:\"7865695129\";isLogIn|b:1;'
WHERE `id` = 'e652891c88fb65019fe71aace67203ba91c086b2';
UPDATE `user_registration` SET `popup_seen` = 'yes'
WHERE `user_id` = '8PK4HK';
UPDATE `user_registration` SET `popup_seen` = 'no'
WHERE `user_id` = '8PK4HK';
DELETE FROM `ci_sessions`
WHERE `id` = 'de8fe2b2482ef990028872935f1b80cb4104ec37';
INSERT INTO `login_history` (`user_id`, `device`, `ip_address`, `date`) VALUES ('OMGB4G', 'Mozilla/5.0 (Windows NT 10.0; Win64; x64) AppleWebKit/537.36 (KHTML, like Gecko) Chrome/109.0.0.0 Safari/537.36', '172.68.7.184', '25-04-16 21:43');
UPDATE `user_registration` SET `popup_seen` = 'yes'
WHERE `user_id` = 'OMGB4G';
UPDATE `ci_sessions` SET `timestamp` = 1744858481, `data` = '__ci_last_regenerate|i:1744858481;id|s:4:\"2102\";user_id|s:6:\"OMGB4G\";username|s:8:\"Debora68\";sponsor_id|s:6:\"U7SMZ8\";fullname|s:11:\"Ania Debora\";email|s:21:\"aniadebora8@gmail.com\";phone|s:10:\"3057261484\";isLogIn|b:1;'
WHERE `id` = '6bbf6b3026a3f6646d8c8c67cfaa9590585b702d';
UPDATE `user_registration` SET `popup_seen` = 'no'
WHERE `user_id` = 'OMGB4G';
DELETE FROM `ci_sessions`
WHERE `id` = '9266e20a8d27f15805b6357094914610378e1d52';
INSERT INTO `login_history` (`user_id`, `device`, `ip_address`, `date`) VALUES ('44B9Y4', 'Mozilla/5.0 (X11; Linux x86_64) AppleWebKit/537.36 (KHTML, like Gecko) Chrome/135.0.0.0 Safari/537.36', '172.68.7.160', '25-04-16 21:56');
UPDATE `user_registration` SET `popup_seen` = 'yes'
WHERE `user_id` = '44B9Y4';
UPDATE `ci_sessions` SET `timestamp` = 1744862601, `data` = '__ci_last_regenerate|i:1744862601;captcha|s:4:\"5xqh\";'
WHERE `id` = '87fde59f0385b6bfc77233b16e6e44f02ef0dac5';
INSERT INTO `login_history` (`user_id`, `device`, `ip_address`, `date`) VALUES ('UQO7EQ', 'Mozilla/5.0 (Linux; Android 10; K) AppleWebKit/537.36 (KHTML, like Gecko) Chrome/131.0.0.0 Mobile Safari/537.36', '172.68.12.43', '25-04-16 23:03');
UPDATE `user_registration` SET `popup_seen` = 'yes'
WHERE `user_id` = 'UQO7EQ';
UPDATE `user_registration` SET `popup_seen` = 'yes'
WHERE `user_id` = 'UQO7EQ';
UPDATE `user_registration` SET `popup_seen` = 'no'
WHERE `user_id` = 'UQO7EQ';
DELETE FROM `ci_sessions`
WHERE `id` = '1307ed3622379eba8a32d1d85b8253951c66d7d2';
INSERT INTO `login_history` (`user_id`, `device`, `ip_address`, `date`) VALUES ('JHRDHS', 'Mozilla/5.0 (Macintosh; Intel Mac OS X 10_15_7) AppleWebKit/605.1.15 (KHTML, like Gecko) Version/17.6 Safari/605.1.15', '172.68.7.88', '25-04-16 23:14');
UPDATE `user_registration` SET `popup_seen` = 'yes'
WHERE `user_id` = 'JHRDHS';
UPDATE `ci_sessions` SET `timestamp` = 1744863700, `data` = '__ci_last_regenerate|i:1744863700;id|s:4:\"2071\";user_id|s:6:\"JHRDHS\";username|s:7:\"mbecena\";sponsor_id|s:6:\"CVVK4C\";fullname|s:12:\"Maria Becena\";email|s:21:\"mbecena@bellsouth.net\";phone|s:10:\"7862360387\";isLogIn|b:1;'
WHERE `id` = 'a01535067c603001f6ad3e025f919cb5a21fb50b';
UPDATE `user_registration` SET `popup_seen` = 'yes'
WHERE `user_id` = 'JHRDHS';
INSERT INTO `login_history` (`user_id`, `device`, `ip_address`, `date`) VALUES ('JHRDHS', 'Mozilla/5.0 (iPhone; CPU iPhone OS 18_3_2 like Mac OS X) AppleWebKit/605.1.15 (KHTML, like Gecko) Version/18.3.1 Mobile/15E148 Safari/604.1', '172.70.55.79', '25-04-16 23:21');
UPDATE `user_registration` SET `popup_seen` = 'yes'
WHERE `user_id` = 'JHRDHS';
UPDATE `ci_sessions` SET `timestamp` = 1744865426, `data` = '__ci_last_regenerate|i:1744865426;captcha|s:4:\"y8id\";'
WHERE `id` = 'a68ef333a364df079ba39ee590c1e6cf60617d67';
INSERT INTO `login_history` (`user_id`, `device`, `ip_address`, `date`) VALUES ('UQO7EQ', 'Mozilla/5.0 (Linux; Android 10; K) AppleWebKit/537.36 (KHTML, like Gecko) Chrome/131.0.0.0 Mobile Safari/537.36', '172.70.254.132', '25-04-16 23:50');
UPDATE `user_registration` SET `popup_seen` = 'yes'
WHERE `user_id` = 'UQO7EQ';
UPDATE `user_registration` SET `popup_seen` = 'yes'
WHERE `user_id` = 'UQO7EQ';
UPDATE `user_registration` SET `popup_seen` = 'no'
WHERE `user_id` = 'UQO7EQ';
DELETE FROM `ci_sessions`
WHERE `id` = '83dd904637343744ba075c29eef6c22ee633cd04';
INSERT INTO `cron_job_history` (`name`, `date_started`, `status`) VALUES ('backup', '2025-04-17 00:00:01', 'started');
UPDATE `cron_job_history` SET `status` = 'done', `date_end` = '2025-04-17 00:00:02'
WHERE `id` = 328;
INSERT INTO `cron_job_history` (`name`, `date_started`, `status`) VALUES ('deduct_sub_amt_from_ewallet', '2025-04-17 00:05:02', 'started');
UPDATE `user_registration` SET `sub_point` = 0, `active_status` = 'no'
WHERE `user_id` = '35H9RV';
INSERT INTO `inactive_history` (`user_id`, `commission_balance`, `amount`, `date`) VALUES ('35H9RV', '97.5', '150', '2025-04-17 00:05:02');
UPDATE `user_registration` SET `sub_point` = 0, `active_status` = 'no'
WHERE `user_id` = 'SJBNYJ';
INSERT INTO `inactive_history` (`user_id`, `commission_balance`, `amount`, `date`) VALUES ('SJBNYJ', '50', '150', '2025-04-17 00:05:02');
UPDATE `user_registration` SET `sub_point` = 0, `active_status` = 'no'
WHERE `user_id` = '45E8V2';
INSERT INTO `inactive_history` (`user_id`, `commission_balance`, `amount`, `date`) VALUES ('45E8V2', '50', '150', '2025-04-17 00:05:03');
UPDATE `user_registration` SET `sub_point` = 0, `active_status` = 'no'
WHERE `user_id` = 'XVTJOY';
INSERT INTO `inactive_history` (`user_id`, `commission_balance`, `amount`, `date`) VALUES ('XVTJOY', '100', '150', '2025-04-17 00:05:03');
UPDATE `user_registration` SET `sub_point` = 0, `active_status` = 'no'
WHERE `user_id` = '4E1CRI';
INSERT INTO `inactive_history` (`user_id`, `commission_balance`, `amount`, `date`) VALUES ('4E1CRI', '100', '150', '2025-04-17 00:05:04');
UPDATE `user_registration` SET `sub_point` = 0, `active_status` = 'no'
WHERE `user_id` = 'PBFKSY';
INSERT INTO `inactive_history` (`user_id`, `commission_balance`, `amount`, `date`) VALUES ('PBFKSY', '0', '150', '2025-04-17 00:05:04');
UPDATE `user_registration` SET `sub_point` = 0, `active_status` = 'no'
WHERE `user_id` = 'R37QLI';
INSERT INTO `inactive_history` (`user_id`, `commission_balance`, `amount`, `date`) VALUES ('R37QLI', '80', '150', '2025-04-17 00:05:05');
UPDATE `user_registration` SET `sub_point` = 0, `active_status` = 'no'
WHERE `user_id` = 'Q6D63V';
INSERT INTO `inactive_history` (`user_id`, `commission_balance`, `amount`, `date`) VALUES ('Q6D63V', '100', '150', '2025-04-17 00:05:05');
UPDATE `user_registration` SET `sub_point` = 0, `active_status` = 'no'
WHERE `user_id` = 'Q834IS';
INSERT INTO `inactive_history` (`user_id`, `commission_balance`, `amount`, `date`) VALUES ('Q834IS', '0', '50', '2025-04-17 00:05:06');
UPDATE `user_registration` SET `sub_point` = 0, `active_status` = 'no'
WHERE `user_id` = 'MT8QJF';
INSERT INTO `inactive_history` (`user_id`, `commission_balance`, `amount`, `date`) VALUES ('MT8QJF', '0', '150', '2025-04-17 00:05:06');
UPDATE `user_registration` SET `sub_point` = 0, `active_status` = 'no'
WHERE `user_id` = 'OWF3OA';
INSERT INTO `inactive_history` (`user_id`, `commission_balance`, `amount`, `date`) VALUES ('OWF3OA', '0', '150', '2025-04-17 00:05:06');
UPDATE `user_registration` SET `sub_point` = 0, `active_status` = 'no'
WHERE `user_id` = 'HUDVJU';
INSERT INTO `inactive_history` (`user_id`, `commission_balance`, `amount`, `date`) VALUES ('HUDVJU', '30', '50', '2025-04-17 00:05:07');
UPDATE `user_registration` SET `sub_point` = 0, `active_status` = 'no'
WHERE `user_id` = 'IEVPMD';
INSERT INTO `inactive_history` (`user_id`, `commission_balance`, `amount`, `date`) VALUES ('IEVPMD', '0', '150', '2025-04-17 00:05:07');
UPDATE `user_registration` SET `sub_point` = 0, `active_status` = 'no'
WHERE `user_id` = 'HQTCGF';
INSERT INTO `inactive_history` (`user_id`, `commission_balance`, `amount`, `date`) VALUES ('HQTCGF', '0', '150', '2025-04-17 00:05:08');
UPDATE `user_registration` SET `sub_point` = 0, `active_status` = 'no'
WHERE `user_id` = 'L2MNP5';
INSERT INTO `inactive_history` (`user_id`, `commission_balance`, `amount`, `date`) VALUES ('L2MNP5', '100', '150', '2025-04-17 00:05:08');
UPDATE `user_registration` SET `sub_point` = 0, `active_status` = 'no'
WHERE `user_id` = 'PUJNHI';
INSERT INTO `inactive_history` (`user_id`, `commission_balance`, `amount`, `date`) VALUES ('PUJNHI', '40', '150', '2025-04-17 00:05:09');
UPDATE `user_registration` SET `sub_point` = 0, `active_status` = 'no'
WHERE `user_id` = 'WC5BL7';
INSERT INTO `inactive_history` (`user_id`, `commission_balance`, `amount`, `date`) VALUES ('WC5BL7', '0', '50', '2025-04-17 00:05:09');
UPDATE `user_registration` SET `sub_point` = 0, `active_status` = 'no'
WHERE `user_id` = 'W17SG2';
INSERT INTO `inactive_history` (`user_id`, `commission_balance`, `amount`, `date`) VALUES ('W17SG2', '0', '150', '2025-04-17 00:05:10');
UPDATE `user_registration` SET `sub_point` = 0, `active_status` = 'no'
WHERE `user_id` = 'PR92IO';
INSERT INTO `inactive_history` (`user_id`, `commission_balance`, `amount`, `date`) VALUES ('PR92IO', '0', '50', '2025-04-17 00:05:10');
UPDATE `user_registration` SET `sub_point` = 0, `active_status` = 'no'
WHERE `user_id` = 'UTF7YN';
INSERT INTO `inactive_history` (`user_id`, `commission_balance`, `amount`, `date`) VALUES ('UTF7YN', '0', '150', '2025-04-17 00:05:11');
UPDATE `user_registration` SET `sub_point` = 0, `active_status` = 'no'
WHERE `user_id` = 'L8NRSC';
INSERT INTO `inactive_history` (`user_id`, `commission_balance`, `amount`, `date`) VALUES ('L8NRSC', '50', '150', '2025-04-17 00:05:11');
UPDATE `user_registration` SET `sub_point` = 0, `active_status` = 'no'
WHERE `user_id` = '6H3N98';
INSERT INTO `inactive_history` (`user_id`, `commission_balance`, `amount`, `date`) VALUES ('6H3N98', '100', '150', '2025-04-17 00:05:12');
UPDATE `user_registration` SET `sub_point` = 0, `active_status` = 'no'
WHERE `user_id` = '8RVNYT';
INSERT INTO `inactive_history` (`user_id`, `commission_balance`, `amount`, `date`) VALUES ('8RVNYT', '0', '150', '2025-04-17 00:05:12');
UPDATE `user_registration` SET `sub_point` = 0, `active_status` = 'no'
WHERE `user_id` = '2MBPZI';
INSERT INTO `inactive_history` (`user_id`, `commission_balance`, `amount`, `date`) VALUES ('2MBPZI', '0', '150', '2025-04-17 00:05:13');
UPDATE `user_registration` SET `sub_point` = 0, `active_status` = 'no'
WHERE `user_id` = 'Q82ZV9';
INSERT INTO `inactive_history` (`user_id`, `commission_balance`, `amount`, `date`) VALUES ('Q82ZV9', '20', '50', '2025-04-17 00:05:13');
UPDATE `user_registration` SET `sub_point` = 0, `active_status` = 'no'
WHERE `user_id` = 'IWTOLP';
INSERT INTO `inactive_history` (`user_id`, `commission_balance`, `amount`, `date`) VALUES ('IWTOLP', '0', '50', '2025-04-17 00:05:13');
UPDATE `user_registration` SET `sub_point` = 0, `active_status` = 'no'
WHERE `user_id` = '9QPRWH';
INSERT INTO `inactive_history` (`user_id`, `commission_balance`, `amount`, `date`) VALUES ('9QPRWH', '0', '150', '2025-04-17 00:05:14');
UPDATE `user_registration` SET `sub_point` = 0, `active_status` = 'no'
WHERE `user_id` = 'WDEXJT';
INSERT INTO `inactive_history` (`user_id`, `commission_balance`, `amount`, `date`) VALUES ('WDEXJT', '0', '150', '2025-04-17 00:05:15');
UPDATE `user_registration` SET `sub_point` = 0, `active_status` = 'no'
WHERE `user_id` = '8D7CNL';
INSERT INTO `inactive_history` (`user_id`, `commission_balance`, `amount`, `date`) VALUES ('8D7CNL', '100', '150', '2025-04-17 00:05:15');
UPDATE `user_registration` SET `sub_point` = 0, `active_status` = 'no'
WHERE `user_id` = 'UJXP99';
INSERT INTO `inactive_history` (`user_id`, `commission_balance`, `amount`, `date`) VALUES ('UJXP99', '0', '50', '2025-04-17 00:05:15');
UPDATE `user_registration` SET `sub_point` = 0, `active_status` = 'no'
WHERE `user_id` = 'L268VW';
INSERT INTO `inactive_history` (`user_id`, `commission_balance`, `amount`, `date`) VALUES ('L268VW', '0', '50', '2025-04-17 00:05:16');
UPDATE `user_registration` SET `sub_point` = 0, `active_status` = 'no'
WHERE `user_id` = 'UVJ6L9';
INSERT INTO `inactive_history` (`user_id`, `commission_balance`, `amount`, `date`) VALUES ('UVJ6L9', '0', '50', '2025-04-17 00:05:16');
UPDATE `user_registration` SET `sub_point` = 0, `active_status` = 'no'
WHERE `user_id` = 'ULHSH2';
INSERT INTO `inactive_history` (`user_id`, `commission_balance`, `amount`, `date`) VALUES ('ULHSH2', '0', '150', '2025-04-17 00:05:17');
UPDATE `user_registration` SET `sub_point` = 0, `active_status` = 'no'
WHERE `user_id` = 'H1XYDK';
INSERT INTO `inactive_history` (`user_id`, `commission_balance`, `amount`, `date`) VALUES ('H1XYDK', '0', '50', '2025-04-17 00:05:17');
UPDATE `user_registration` SET `sub_point` = 0, `active_status` = 'no'
WHERE `user_id` = '3UFB1M';
INSERT INTO `inactive_history` (`user_id`, `commission_balance`, `amount`, `date`) VALUES ('3UFB1M', '100', '150', '2025-04-17 00:05:17');
UPDATE `user_registration` SET `sub_point` = 0, `active_status` = 'no'
WHERE `user_id` = 'LEOFNI';
INSERT INTO `inactive_history` (`user_id`, `commission_balance`, `amount`, `date`) VALUES ('LEOFNI', '0', '150', '2025-04-17 00:05:18');
UPDATE `user_registration` SET `sub_point` = 0, `active_status` = 'no'
WHERE `user_id` = '75X85X';
INSERT INTO `inactive_history` (`user_id`, `commission_balance`, `amount`, `date`) VALUES ('75X85X', '0', '50', '2025-04-17 00:05:18');
UPDATE `user_registration` SET `sub_point` = 0, `active_status` = 'no'
WHERE `user_id` = 'UC1QRN';
INSERT INTO `inactive_history` (`user_id`, `commission_balance`, `amount`, `date`) VALUES ('UC1QRN', '0', '150', '2025-04-17 00:05:19');
UPDATE `user_registration` SET `sub_point` = 0, `active_status` = 'no'
WHERE `user_id` = '7YU16B';
INSERT INTO `inactive_history` (`user_id`, `commission_balance`, `amount`, `date`) VALUES ('7YU16B', '0', '50', '2025-04-17 00:05:19');
UPDATE `user_registration` SET `sub_point` = 0, `active_status` = 'no'
WHERE `user_id` = 'OEM6F6';
INSERT INTO `inactive_history` (`user_id`, `commission_balance`, `amount`, `date`) VALUES ('OEM6F6', '0', '50', '2025-04-17 00:05:19');
UPDATE `user_registration` SET `sub_point` = 0, `active_status` = 'no'
WHERE `user_id` = 'XMN3MK';
INSERT INTO `inactive_history` (`user_id`, `commission_balance`, `amount`, `date`) VALUES ('XMN3MK', '0', '150', '2025-04-17 00:05:20');
UPDATE `user_registration` SET `sub_point` = 0, `active_status` = 'no'
WHERE `user_id` = '7SMFPM';
INSERT INTO `inactive_history` (`user_id`, `commission_balance`, `amount`, `date`) VALUES ('7SMFPM', '0', '50', '2025-04-17 00:05:20');
UPDATE `user_registration` SET `sub_point` = 0, `active_status` = 'no'
WHERE `user_id` = 'WS9KK9';
INSERT INTO `inactive_history` (`user_id`, `commission_balance`, `amount`, `date`) VALUES ('WS9KK9', '0', '150', '2025-04-17 00:05:20');
UPDATE `user_registration` SET `sub_point` = 0, `active_status` = 'no'
WHERE `user_id` = 'BJFCEM';
INSERT INTO `inactive_history` (`user_id`, `commission_balance`, `amount`, `date`) VALUES ('BJFCEM', '0', '50', '2025-04-17 00:05:21');
UPDATE `user_registration` SET `sub_point` = 0, `active_status` = 'no'
WHERE `user_id` = '9EDD8W';
INSERT INTO `inactive_history` (`user_id`, `commission_balance`, `amount`, `date`) VALUES ('9EDD8W', '0', '50', '2025-04-17 00:05:21');
UPDATE `user_registration` SET `sub_point` = 0, `active_status` = 'no'
WHERE `user_id` = '2QC8SK';
INSERT INTO `inactive_history` (`user_id`, `commission_balance`, `amount`, `date`) VALUES ('2QC8SK', '0', '150', '2025-04-17 00:05:21');
UPDATE `user_registration` SET `sub_point` = 0, `active_status` = 'no'
WHERE `user_id` = 'TOTNOR';
INSERT INTO `inactive_history` (`user_id`, `commission_balance`, `amount`, `date`) VALUES ('TOTNOR', '0', '50', '2025-04-17 00:05:22');
UPDATE `user_registration` SET `sub_point` = 0, `active_status` = 'no'
WHERE `user_id` = '82W7DS';
INSERT INTO `inactive_history` (`user_id`, `commission_balance`, `amount`, `date`) VALUES ('82W7DS', '0', '50', '2025-04-17 00:05:22');
UPDATE `user_registration` SET `sub_point` = 0, `active_status` = 'no'
WHERE `user_id` = 'X5T3ZT';
INSERT INTO `inactive_history` (`user_id`, `commission_balance`, `amount`, `date`) VALUES ('X5T3ZT', '0', '150', '2025-04-17 00:05:22');
UPDATE `user_registration` SET `sub_point` = 0, `active_status` = 'no'
WHERE `user_id` = '4PJDWH';
INSERT INTO `inactive_history` (`user_id`, `commission_balance`, `amount`, `date`) VALUES ('4PJDWH', '0', '150', '2025-04-17 00:05:23');
UPDATE `user_registration` SET `sub_point` = 0, `active_status` = 'no'
WHERE `user_id` = '8R8YQG';
INSERT INTO `inactive_history` (`user_id`, `commission_balance`, `amount`, `date`) VALUES ('8R8YQG', '0', '150', '2025-04-17 00:05:23');
UPDATE `user_registration` SET `sub_point` = 0, `active_status` = 'no'
WHERE `user_id` = 'VZYEPG';
INSERT INTO `inactive_history` (`user_id`, `commission_balance`, `amount`, `date`) VALUES ('VZYEPG', '0', '150', '2025-04-17 00:05:24');
UPDATE `user_registration` SET `sub_point` = 0, `active_status` = 'no'
WHERE `user_id` = 'TB42PA';
INSERT INTO `inactive_history` (`user_id`, `commission_balance`, `amount`, `date`) VALUES ('TB42PA', '0', '150', '2025-04-17 00:05:24');
UPDATE `user_registration` SET `sub_point` = 0, `active_status` = 'no'
WHERE `user_id` = '2KPJZJ';
INSERT INTO `inactive_history` (`user_id`, `commission_balance`, `amount`, `date`) VALUES ('2KPJZJ', '0', '150', '2025-04-17 00:05:24');
UPDATE `user_registration` SET `sub_point` = 0, `active_status` = 'no'
WHERE `user_id` = '8634EF';
INSERT INTO `inactive_history` (`user_id`, `commission_balance`, `amount`, `date`) VALUES ('8634EF', '0', '150', '2025-04-17 00:05:25');
UPDATE `user_registration` SET `sub_point` = 0, `active_status` = 'no'
WHERE `user_id` = 'WNT6C4';
INSERT INTO `inactive_history` (`user_id`, `commission_balance`, `amount`, `date`) VALUES ('WNT6C4', '0', '150', '2025-04-17 00:05:25');
UPDATE `user_registration` SET `sub_point` = 0, `active_status` = 'no'
WHERE `user_id` = 'XT3VLL';
INSERT INTO `inactive_history` (`user_id`, `commission_balance`, `amount`, `date`) VALUES ('XT3VLL', '0', '150', '2025-04-17 00:05:26');
UPDATE `user_registration` SET `sub_point` = 0, `active_status` = 'no'
WHERE `user_id` = 'DLHC7V';
INSERT INTO `inactive_history` (`user_id`, `commission_balance`, `amount`, `date`) VALUES ('DLHC7V', '0', '150', '2025-04-17 00:05:26');
UPDATE `user_registration` SET commission_balance = ROUND(commission_balance - ,2)
WHERE `user_id` = 'VQGPGZ';
INSERT INTO `sub_history` (`user_id`, `package_id`, `amount`, `payment_method`, `date`) VALUES ('VQGPGZ', '0', NULL, 'Ewallet', '2025-04-17 00:05:27');
UPDATE `user_registration` SET sub_point = ROUND(sub_point + 50,2)
WHERE `user_id` = 'VQGPGZ';
INSERT INTO `investment` (`invest_date`, `user_id`, `type`, `amount`, `package_id`) VALUES ('2025-04-17 00:05:27', 'VQGPGZ', 'subscription', '50', '0');
UPDATE `user_registration` SET total_points = ROUND(total_points + 50,2)
WHERE `user_id` = 'VQGPGZ';
INSERT INTO `points_history` (`user_id`, `points`, `type`, `date`) VALUES ('VQGPGZ', '50', 'subscription', '2025-04-17 00:05:');
UPDATE `user_registration` SET `subscription_date` = '2025-05-17', `active_status` = 'yes'
WHERE `user_id` = 'VQGPGZ';
UPDATE `cron_job_history` SET `status` = 'done', `date_end` = '2025-04-17 00:05:27'
WHERE `id` = 329;
INSERT INTO `login_history` (`user_id`, `device`, `ip_address`, `date`) VALUES ('XHO8CJ', 'Mozilla/5.0 (Windows NT 10.0; Win64; x64) AppleWebKit/537.36 (KHTML, like Gecko) Chrome/135.0.0.0 Safari/537.36', '172.68.12.142', '25-04-17 07:31');
UPDATE `user_registration` SET `popup_seen` = 'yes'
WHERE `user_id` = 'XHO8CJ';
INSERT INTO `login_history` (`user_id`, `device`, `ip_address`, `date`) VALUES ('JHRDHS', 'Mozilla/5.0 (iPhone; CPU iPhone OS 18_3_2 like Mac OS X) AppleWebKit/605.1.15 (KHTML, like Gecko) Version/18.3.1 Mobile/15E148 Safari/604.1', '172.71.156.142', '25-04-17 08:40');
UPDATE `user_registration` SET `popup_seen` = 'yes'
WHERE `user_id` = 'JHRDHS';
INSERT INTO `login_history` (`user_id`, `device`, `ip_address`, `date`) VALUES ('UQO7EQ', 'Mozilla/5.0 (Linux; Android 10; K) AppleWebKit/537.36 (KHTML, like Gecko) Chrome/131.0.0.0 Mobile Safari/537.36', '172.69.132.204', '25-04-17 09:20');
UPDATE `user_registration` SET `popup_seen` = 'yes'
WHERE `user_id` = 'UQO7EQ';
UPDATE `user_registration` SET `popup_seen` = 'yes'
WHERE `user_id` = 'UQO7EQ';
UPDATE `user_registration` SET `popup_seen` = 'yes'
WHERE `user_id` = 'UQO7EQ';
UPDATE `user_registration` SET `popup_seen` = 'no'
WHERE `user_id` = 'UQO7EQ';
DELETE FROM `ci_sessions`
WHERE `id` = '172179ccbdbde6899ee634013ecae093a4387ca1';
INSERT INTO `login_history` (`user_id`, `device`, `ip_address`, `date`) VALUES ('UQO7EQ', 'Mozilla/5.0 (Windows NT 10.0; Win64; x64) AppleWebKit/537.36 (KHTML, like Gecko) Chrome/135.0.0.0 Safari/537.36', '172.68.7.161', '25-04-17 09:34');
UPDATE `user_registration` SET `popup_seen` = 'yes'
WHERE `user_id` = 'UQO7EQ';
UPDATE `user_registration` SET `popup_seen` = 'no'
WHERE `user_id` = 'UQO7EQ';
DELETE FROM `ci_sessions`
WHERE `id` = '26d89441406ea5b40229bef287f3a9cdf522ebda';
INSERT INTO `login_history` (`user_id`, `device`, `ip_address`, `date`) VALUES ('DSVFR5', 'Mozilla/5.0 (Windows NT 10.0; Win64; x64) AppleWebKit/537.36 (KHTML, like Gecko) Chrome/135.0.0.0 Safari/537.36', '172.70.83.152', '25-04-17 10:19');
UPDATE `user_registration` SET `popup_seen` = 'yes'
WHERE `user_id` = 'DSVFR5';
UPDATE `ci_sessions` SET `timestamp` = 1744904492, `data` = '__ci_last_regenerate|i:1744904492;id|s:4:\"2246\";user_id|s:6:\"DSVFR5\";username|s:9:\"jesus1970\";sponsor_id|s:6:\"HSP8ZI\";fullname|s:23:\"Jesus M Cruz Santovenia\";email|s:29:\"jesuscruzsantovenia@gmail.com\";phone|s:10:\"7863445733\";isLogIn|b:1;'
WHERE `id` = '77ec3326e3aee63bd7e8c2981357dd8e28b94a62';
UPDATE `user_registration` SET `popup_seen` = 'yes'
WHERE `user_id` = 'DSVFR5';
UPDATE `ci_sessions` SET `timestamp` = 1744905810, `data` = '__ci_last_regenerate|i:1744905810;captcha|s:4:\"mkgy\";'
WHERE `id` = '695fc6ca7e1ba117c8ac38dabc1dcb7f79346c3a';
INSERT INTO `login_history` (`user_id`, `device`, `ip_address`, `date`) VALUES ('UQO7EQ', 'Mozilla/5.0 (Windows NT 10.0; Win64; x64) AppleWebKit/537.36 (KHTML, like Gecko) Chrome/135.0.0.0 Safari/537.36', '172.68.7.63', '25-04-17 11:03');
UPDATE `user_registration` SET `popup_seen` = 'yes'
WHERE `user_id` = 'UQO7EQ';
INSERT INTO `login_history` (`user_id`, `device`, `ip_address`, `date`) VALUES ('W7989C', 'Mozilla/5.0 (Windows NT 10.0; Win64; x64) AppleWebKit/537.36 (KHTML, like Gecko) Chrome/135.0.0.0 Safari/537.36', '108.162.210.137', '25-04-17 11:06');
UPDATE `user_registration` SET `popup_seen` = 'yes'
WHERE `user_id` = 'W7989C';
UPDATE `ci_sessions` SET `timestamp` = 1744906295, `data` = '__ci_last_regenerate|i:1744906295;id|s:4:\"2227\";user_id|s:6:\"W7989C\";username|s:13:\"Alexperez0991\";sponsor_id|s:6:\"OTZTS5\";fullname|s:15:\"Alejandro Perez\";email|s:23:\"alexperez0991@gmail.com\";phone|s:10:\"2394283136\";isLogIn|b:1;'
WHERE `id` = '0e39cc49a4234a03f1a8235199657f21b9c7a630';
INSERT INTO `login_history` (`user_id`, `device`, `ip_address`, `date`) VALUES ('U7SMZ8', 'Mozilla/5.0 (Macintosh; Intel Mac OS X 10_15_7) AppleWebKit/605.1.15 (KHTML, like Gecko) Version/17.6 Safari/605.1.15', '172.68.7.138', '25-04-17 11:19');
UPDATE `user_registration` SET `popup_seen` = 'yes'
WHERE `user_id` = 'U7SMZ8';
UPDATE `user_registration` SET `popup_seen` = 'yes'
WHERE `user_id` = 'U7SMZ8';
UPDATE `user_registration` SET `popup_seen` = 'no'
WHERE `user_id` = 'U7SMZ8';
DELETE FROM `ci_sessions`
WHERE `id` = 'ac0cb977ec772b76a7a505e098ebf5af6f9e0a3d';
INSERT INTO `login_history` (`user_id`, `device`, `ip_address`, `date`) VALUES ('7P1TWW', 'Mozilla/5.0 (Linux; Android 10; K) AppleWebKit/537.36 (KHTML, like Gecko) Chrome/135.0.0.0 Safari/537.36', '172.70.83.134', '25-04-17 11:20');
UPDATE `user_registration` SET `popup_seen` = 'yes'
WHERE `user_id` = '7P1TWW';
UPDATE `ci_sessions` SET `timestamp` = 1744907302, `data` = '__ci_last_regenerate|i:1744907302;id|s:4:\"2042\";user_id|s:6:\"UQO7EQ\";username|s:6:\"Rafa51\";sponsor_id|s:6:\"N6GZAE\";fullname|s:16:\"Rafael Rodriguez\";email|s:18:\"rafagana@yahoo.com\";phone|s:10:\"3057610606\";isLogIn|b:1;'
WHERE `id` = '393cd056c8c8966f28c965cf351b4decec59cdcd';
UPDATE `ci_sessions` SET `timestamp` = 1744907592, `data` = '__ci_last_regenerate|i:1744907592;id|s:4:\"2227\";user_id|s:6:\"W7989C\";username|s:13:\"Alexperez0991\";sponsor_id|s:6:\"OTZTS5\";fullname|s:15:\"Alejandro Perez\";email|s:23:\"alexperez0991@gmail.com\";phone|s:10:\"2394283136\";isLogIn|b:1;'
WHERE `id` = 'f28a4d30c4cb8bff83f84cd3e398176d39301ad7';
UPDATE `ci_sessions` SET `timestamp` = 1744907630, `data` = '__ci_last_regenerate|i:1744907630;id|s:4:\"2042\";user_id|s:6:\"UQO7EQ\";username|s:6:\"Rafa51\";sponsor_id|s:6:\"N6GZAE\";fullname|s:16:\"Rafael Rodriguez\";email|s:18:\"rafagana@yahoo.com\";phone|s:10:\"3057610606\";isLogIn|b:1;'
WHERE `id` = '7e412449cad64ad75beee182df779f015499bec7';
UPDATE `user_registration` SET `popup_seen` = 'yes'
WHERE `user_id` = 'UQO7EQ';
UPDATE `user_registration` SET `popup_seen` = 'yes'
WHERE `user_id` = 'OTZTS5';
UPDATE `ci_sessions` SET `timestamp` = 1744908021, `data` = '__ci_last_regenerate|i:1744908021;id|s:4:\"2227\";user_id|s:6:\"W7989C\";username|s:13:\"Alexperez0991\";sponsor_id|s:6:\"OTZTS5\";fullname|s:15:\"Alejandro Perez\";email|s:23:\"alexperez0991@gmail.com\";phone|s:10:\"2394283136\";isLogIn|b:1;'
WHERE `id` = '8ff9b95f9615872c75ee5adbf8701b0bd4d20ed0';
UPDATE `ci_sessions` SET `timestamp` = 1744908642, `data` = '__ci_last_regenerate|i:1744908642;id|s:4:\"2042\";user_id|s:6:\"UQO7EQ\";username|s:6:\"Rafa51\";sponsor_id|s:6:\"N6GZAE\";fullname|s:16:\"Rafael Rodriguez\";email|s:18:\"rafagana@yahoo.com\";phone|s:10:\"3057610606\";isLogIn|b:1;'
WHERE `id` = '3d0fb2a807d9ddf9f43ad5b585ad3b3eaae1dd47';
UPDATE `user_registration` SET `popup_seen` = 'yes'
WHERE `user_id` = 'UQO7EQ';
UPDATE `ci_sessions` SET `timestamp` = 1744909109, `data` = '__ci_last_regenerate|i:1744909109;id|s:4:\"2042\";user_id|s:6:\"UQO7EQ\";username|s:6:\"Rafa51\";sponsor_id|s:6:\"N6GZAE\";fullname|s:16:\"Rafael Rodriguez\";email|s:18:\"rafagana@yahoo.com\";phone|s:10:\"3057610606\";isLogIn|b:1;'
WHERE `id` = 'e2c06188565649779663afb5901eec4b07a7a3a7';
UPDATE `user_registration` SET `popup_seen` = 'yes'
WHERE `user_id` = 'UQO7EQ';
UPDATE `ci_sessions` SET `timestamp` = 1744909243, `data` = '__ci_last_regenerate|i:1744909243;id|s:4:\"2227\";user_id|s:6:\"W7989C\";username|s:13:\"Alexperez0991\";sponsor_id|s:6:\"OTZTS5\";fullname|s:15:\"Alejandro Perez\";email|s:23:\"alexperez0991@gmail.com\";phone|s:10:\"2394283136\";isLogIn|b:1;'
WHERE `id` = '483b4a2101b27f0298ca90055c8513906a48df32';
UPDATE `ci_sessions` SET `timestamp` = 1744909546, `data` = '__ci_last_regenerate|i:1744909546;id|s:4:\"2227\";user_id|s:6:\"W7989C\";username|s:13:\"Alexperez0991\";sponsor_id|s:6:\"OTZTS5\";fullname|s:15:\"Alejandro Perez\";email|s:23:\"alexperez0991@gmail.com\";phone|s:10:\"2394283136\";isLogIn|b:1;'
WHERE `id` = 'c4ad43c1b6efae186d4ed6456a449b22863e03a5';
INSERT INTO `benefits_pack_purchase_history` (`user_id`, `packge_id`, `amount`, `value`, `point`, `image`, `image_id`, `country`, `city`, `available_points`, `conversion_point_rate`, `package_title`, `date`, `type`, `full_name`, `phone`, `email`) VALUES ('W7989C', '1', '0', '0', '0', 'upload/benefits_pack_image/e852ece0637b9348df491521830dd870.png', '16', '195', '2979', '150', '1', 'The Journey Begins', '2025-04-17 12:05:46', 'benefits_pack_claim', 'Alejandro Perez', '2394283136', 'alexperez0991@gmail.com');
UPDATE `ci_sessions` SET `timestamp` = 1744910277, `data` = '__ci_last_regenerate|i:1744910277;id|s:4:\"2042\";user_id|s:6:\"UQO7EQ\";username|s:6:\"Rafa51\";sponsor_id|s:6:\"N6GZAE\";fullname|s:16:\"Rafael Rodriguez\";email|s:18:\"rafagana@yahoo.com\";phone|s:10:\"3057610606\";isLogIn|b:1;'
WHERE `id` = 'ee059fa34aa05c1e00f85361433383a7516d7826';
UPDATE `user_registration` SET `popup_seen` = 'yes'
WHERE `user_id` = 'UQO7EQ';
UPDATE `ci_sessions` SET `timestamp` = 1744911088, `data` = '__ci_last_regenerate|i:1744911088;id|s:4:\"2042\";user_id|s:6:\"UQO7EQ\";username|s:6:\"Rafa51\";sponsor_id|s:6:\"N6GZAE\";fullname|s:16:\"Rafael Rodriguez\";email|s:18:\"rafagana@yahoo.com\";phone|s:10:\"3057610606\";isLogIn|b:1;'
WHERE `id` = '8e6c69ed3dfb86b367f141c8b7e752673f9683ed';
UPDATE `user_registration` SET `popup_seen` = 'yes'
WHERE `user_id` = 'UQO7EQ';
UPDATE `ci_sessions` SET `timestamp` = 1744911335, `data` = '__ci_last_regenerate|i:1744911335;id|s:4:\"2227\";user_id|s:6:\"W7989C\";username|s:13:\"Alexperez0991\";sponsor_id|s:6:\"OTZTS5\";fullname|s:15:\"Alejandro Perez\";email|s:23:\"alexperez0991@gmail.com\";phone|s:10:\"2394283136\";isLogIn|b:1;message|s:28:\"Claim Completed Successfully\";__ci_vars|a:1:{s:7:\"message\";s:3:\"old\";}'
WHERE `id` = 'a83689db5d9434ca1d6330b8defb0bd4a0b2e323';
UPDATE `ci_sessions` SET `timestamp` = 1744911433, `data` = '__ci_last_regenerate|i:1744911433;captcha|s:4:\"lj3c\";'
WHERE `id` = 'e282563012ebd638d6e7ee8a7e9c5c66016e09ef';
INSERT INTO `login_history` (`user_id`, `device`, `ip_address`, `date`) VALUES ('QRE21J', 'Mozilla/5.0 (Windows NT 10.0; Win64; x64) AppleWebKit/537.36 (KHTML, like Gecko) Chrome/135.0.0.0 Safari/537.36', '172.70.254.232', '25-04-17 12:37');
UPDATE `user_registration` SET `popup_seen` = 'yes'
WHERE `user_id` = 'QRE21J';
UPDATE `user_registration` SET `default_leg` = 'right'
WHERE `user_id` = 'QRE21J';
UPDATE `user_registration` SET `popup_seen` = 'yes'
WHERE `user_id` = 'QRE21J';
UPDATE `ci_sessions` SET `timestamp` = 1744911474, `data` = '__ci_last_regenerate|i:1744911474;id|s:4:\"2042\";user_id|s:6:\"UQO7EQ\";username|s:6:\"Rafa51\";sponsor_id|s:6:\"N6GZAE\";fullname|s:16:\"Rafael Rodriguez\";email|s:18:\"rafagana@yahoo.com\";phone|s:10:\"3057610606\";isLogIn|b:1;'
WHERE `id` = '3cfa762e7c30891b9e84ea8710e4e49c1164828f';
UPDATE `user_registration` SET `popup_seen` = 'yes'
WHERE `user_id` = 'UQO7EQ';
UPDATE `user_registration` SET `popup_seen` = 'yes'
WHERE `user_id` = 'QRE21J';
UPDATE `user_registration` SET `popup_seen` = 'yes'
WHERE `user_id` = 'QRE21J';
UPDATE `user_registration` SET `default_leg` = 'right'
WHERE `user_id` = 'QRE21J';
UPDATE `user_registration` SET `popup_seen` = 'yes'
WHERE `user_id` = 'QRE21J';
UPDATE `user_registration` SET `popup_seen` = 'yes'
WHERE `user_id` = 'UQO7EQ';
UPDATE `user_registration` SET `popup_seen` = 'no'
WHERE `user_id` = 'UQO7EQ';
DELETE FROM `ci_sessions`
WHERE `id` = '202262250f35fc5e862d7fd8ef81acf8d5137a41';
UPDATE `ci_sessions` SET `timestamp` = 1744912883, `data` = '__ci_last_regenerate|i:1744912883;captcha|s:4:\"jci2\";'
WHERE `id` = '5292856088d0c00fd28f3f4f14a4e1703cc0a1f6';
INSERT INTO `login_history` (`user_id`, `device`, `ip_address`, `date`) VALUES ('44B9Y4', 'Mozilla/5.0 (Windows NT 10.0; Win64; x64) AppleWebKit/537.36 (KHTML, like Gecko) Chrome/135.0.0.0 Safari/537.36', '172.68.7.161', '25-04-17 14:38');
UPDATE `user_registration` SET `popup_seen` = 'yes'
WHERE `user_id` = '44B9Y4';
INSERT INTO `login_history` (`user_id`, `device`, `ip_address`, `date`) VALUES ('VQGPGZ', 'Mozilla/5.0 (Windows NT 10.0; Win64; x64) AppleWebKit/537.36 (KHTML, like Gecko) Chrome/135.0.0.0 Safari/537.36', '172.68.7.19', '25-04-17 15:13');
UPDATE `user_registration` SET `popup_seen` = 'yes'
WHERE `user_id` = 'VQGPGZ';
UPDATE `user_registration` SET `popup_seen` = 'yes'
WHERE `user_id` = 'VQGPGZ';
UPDATE `ci_sessions` SET `timestamp` = 1744921342, `data` = '__ci_last_regenerate|i:1744921342;captcha|s:4:\"dt6b\";'
WHERE `id` = '11452be503aed2fd9c66d062a1b31c58cefca0ff';
INSERT INTO `login_history` (`user_id`, `device`, `ip_address`, `date`) VALUES ('UQO7EQ', 'Mozilla/5.0 (Linux; Android 10; K) AppleWebKit/537.36 (KHTML, like Gecko) Chrome/131.0.0.0 Mobile Safari/537.36', '172.70.83.152', '25-04-17 15:22');
UPDATE `user_registration` SET `popup_seen` = 'yes'
WHERE `user_id` = 'UQO7EQ';
UPDATE `user_registration` SET `popup_seen` = 'yes'
WHERE `user_id` = 'UQO7EQ';
UPDATE `ci_sessions` SET `timestamp` = 1744922945, `data` = '__ci_last_regenerate|i:1744922945;id|s:4:\"2042\";user_id|s:6:\"UQO7EQ\";username|s:6:\"Rafa51\";sponsor_id|s:6:\"N6GZAE\";fullname|s:16:\"Rafael Rodriguez\";email|s:18:\"rafagana@yahoo.com\";phone|s:10:\"3057610606\";isLogIn|b:1;'
WHERE `id` = '65f5ec2309ddc5c65b8e666b311d492fab230b98';
UPDATE `user_registration` SET `popup_seen` = 'yes'
WHERE `user_id` = 'UQO7EQ';
UPDATE `user_registration` SET `popup_seen` = 'yes'
WHERE `user_id` = 'UQO7EQ';
UPDATE `user_registration` SET `popup_seen` = 'no'
WHERE `user_id` = 'UQO7EQ';
DELETE FROM `ci_sessions`
WHERE `id` = 'a2c8e0ea85f87043a27f39e0c0620bf019a64fd6';
INSERT INTO `login_history` (`user_id`, `device`, `ip_address`, `date`) VALUES ('JHRDHS', 'Mozilla/5.0 (iPhone; CPU iPhone OS 18_3_2 like Mac OS X) AppleWebKit/605.1.15 (KHTML, like Gecko) Version/18.3.1 Mobile/15E148 Safari/604.1', '172.68.7.138', '25-04-17 15:52');
UPDATE `user_registration` SET `popup_seen` = 'yes'
WHERE `user_id` = 'JHRDHS';
UPDATE `ci_sessions` SET `timestamp` = 1744923573, `data` = '__ci_last_regenerate|i:1744923573;id|s:4:\"2071\";user_id|s:6:\"JHRDHS\";username|s:7:\"mbecena\";sponsor_id|s:6:\"CVVK4C\";fullname|s:12:\"Maria Becena\";email|s:21:\"mbecena@bellsouth.net\";phone|s:10:\"7862360387\";isLogIn|b:1;'
WHERE `id` = '5bff0ea76e0c613ba025f2ea0690165a099aa796';
UPDATE `user_registration` SET `popup_seen` = 'yes'
WHERE `user_id` = 'JHRDHS';
UPDATE `user_registration` SET `popup_seen` = 'yes'
WHERE `user_id` = 'JHRDHS';
UPDATE `user_registration` SET `popup_seen` = 'yes'
WHERE `user_id` = 'OTZTS5';
UPDATE `ci_sessions` SET `timestamp` = 1744925802, `data` = '__ci_last_regenerate|i:1744925802;id|s:4:\"2181\";user_id|s:6:\"OTZTS5\";username|s:10:\"Duniesky41\";sponsor_id|s:6:\"AABG7W\";fullname|s:19:\"Duniesky Alzugaray \";email|s:27:\"dalzugarayramirez@gmail.com\";phone|s:10:\"7862451724\";isLogIn|b:1;message|s:27:\"Welcome Duniesky Alzugaray \";__ci_vars|a:1:{s:7:\"message\";s:3:\"old\";}'
WHERE `id` = 'a7677afbaf6ff605de4b69766b2e7f15efe50bac';
INSERT INTO `login_history` (`user_id`, `device`, `ip_address`, `date`) VALUES ('UQO7EQ', 'Mozilla/5.0 (Windows NT 10.0; Win64; x64) AppleWebKit/537.36 (KHTML, like Gecko) Chrome/135.0.0.0 Safari/537.36', '172.70.82.148', '25-04-17 16:46');
UPDATE `user_registration` SET `popup_seen` = 'yes'
WHERE `user_id` = 'UQO7EQ';
UPDATE `user_registration` SET `popup_seen` = 'yes'
WHERE `user_id` = 'UQO7EQ';
UPDATE `user_registration` SET `popup_seen` = 'yes'
WHERE `user_id` = 'UQO7EQ';
UPDATE `user_registration` SET `popup_seen` = 'yes'
WHERE `user_id` = 'UQO7EQ';
UPDATE `user_registration` SET `popup_seen` = 'yes'
WHERE `user_id` = 'UQO7EQ';
UPDATE `ci_sessions` SET `timestamp` = 1744927134, `data` = '__ci_last_regenerate|i:1744927134;id|s:4:\"2042\";user_id|s:6:\"UQO7EQ\";username|s:6:\"Rafa51\";sponsor_id|s:6:\"N6GZAE\";fullname|s:16:\"Rafael Rodriguez\";email|s:18:\"rafagana@yahoo.com\";phone|s:10:\"3057610606\";isLogIn|b:1;'
WHERE `id` = '44556ca982d3696adaceeafcdb459931fb8b2790';
UPDATE `user_registration` SET `popup_seen` = 'yes'
WHERE `user_id` = 'UQO7EQ';
UPDATE `user_registration` SET `popup_seen` = 'no'
WHERE `user_id` = 'UQO7EQ';
DELETE FROM `ci_sessions`
WHERE `id` = 'a7d135b8843bf4f329ea950a3fd271de0c604055';
INSERT INTO `login_history` (`user_id`, `device`, `ip_address`, `date`) VALUES ('K55EDD', 'Mozilla/5.0 (Windows NT 10.0; Win64; x64) AppleWebKit/537.36 (KHTML, like Gecko) Chrome/135.0.0.0 Safari/537.36', '172.70.255.161', '25-04-17 17:01');
UPDATE `user_registration` SET `popup_seen` = 'yes'
WHERE `user_id` = 'K55EDD';
UPDATE `user_registration` SET `popup_seen` = 'yes'
WHERE `user_id` = 'K55EDD';
UPDATE `user_registration` SET `popup_seen` = 'yes'
WHERE `user_id` = 'K55EDD';
UPDATE `user_registration` SET `popup_seen` = 'yes'
WHERE `user_id` = 'K55EDD';
INSERT INTO `login_history` (`user_id`, `device`, `ip_address`, `date`) VALUES ('7ZQOFP', 'Mozilla/5.0 (Windows NT 10.0; Win64; x64) AppleWebKit/537.36 (KHTML, like Gecko) Chrome/135.0.0.0 Safari/537.36', '172.70.55.203', '25-04-17 17:08');
UPDATE `user_registration` SET `popup_seen` = 'yes'
WHERE `user_id` = '7ZQOFP';
INSERT INTO `login_history` (`user_id`, `device`, `ip_address`, `date`) VALUES ('QRE21J', 'Mozilla/5.0 (Windows NT 10.0; Win64; x64) AppleWebKit/537.36 (KHTML, like Gecko) Chrome/135.0.0.0 Safari/537.36', '172.70.54.109', '25-04-17 17:08');
UPDATE `user_registration` SET `popup_seen` = 'yes'
WHERE `user_id` = 'QRE21J';
UPDATE `user_registration` SET `popup_seen` = 'yes'
WHERE `user_id` = '7ZQOFP';
UPDATE `user_registration` SET `popup_seen` = 'yes'
WHERE `user_id` = 'QRE21J';
UPDATE `user_registration` SET `popup_seen` = 'yes'
WHERE `user_id` = '7ZQOFP';
UPDATE `user_registration` SET `popup_seen` = 'yes'
WHERE `user_id` = '7ZQOFP';
UPDATE `user_registration` SET `popup_seen` = 'yes'
WHERE `user_id` = 'QRE21J';
UPDATE `ci_sessions` SET `timestamp` = 1744927922, `data` = '__ci_last_regenerate|i:1744927922;id|s:4:\"2052\";user_id|s:6:\"K55EDD\";username|s:10:\"Varadero20\";sponsor_id|s:6:\"UQO7EQ\";fullname|s:16:\"Francisco Prieto\";email|s:24:\"prieto112015@hotmail.com\";phone|s:10:\"3059264135\";isLogIn|b:1;'
WHERE `id` = '8ec52bfc0d723a6f5546d1c6cea9206cb5c07bb7';
UPDATE `user_registration` SET `popup_seen` = 'no'
WHERE `user_id` = 'K55EDD';
DELETE FROM `ci_sessions`
WHERE `id` = 'e85ba8e00fe8eb75a38c6b43c58027e839284457';
INSERT INTO `login_history` (`user_id`, `device`, `ip_address`, `date`) VALUES ('UQO7EQ', 'Mozilla/5.0 (Windows NT 10.0; Win64; x64) AppleWebKit/537.36 (KHTML, like Gecko) Chrome/135.0.0.0 Safari/537.36', '172.70.55.101', '25-04-17 17:12');
UPDATE `user_registration` SET `popup_seen` = 'yes'
WHERE `user_id` = 'UQO7EQ';
UPDATE `user_registration` SET `popup_seen` = 'yes'
WHERE `user_id` = 'UQO7EQ';
UPDATE `user_registration` SET `popup_seen` = 'yes'
WHERE `user_id` = 'UQO7EQ';
UPDATE `user_registration` SET `popup_seen` = 'yes'
WHERE `user_id` = 'UQO7EQ';
UPDATE `user_registration` SET `popup_seen` = 'no'
WHERE `user_id` = 'UQO7EQ';
DELETE FROM `ci_sessions`
WHERE `id` = '9a4fee2aa86f20b1aa7ba218ef7c84db260e8205';
UPDATE `ci_sessions` SET `timestamp` = 1744928782, `data` = '__ci_last_regenerate|i:1744928782;captcha|s:4:\"lvyx\";'
WHERE `id` = 'f469d98e62a8d59828c9647860cad24f0a7d94b5';
INSERT INTO `login_history` (`user_id`, `device`, `ip_address`, `date`) VALUES ('AABG7W', 'Mozilla/5.0 (Windows NT 10.0; Win64; x64) AppleWebKit/537.36 (KHTML, like Gecko) Chrome/135.0.0.0 Safari/537.36', '172.68.12.129', '25-04-17 17:26');
UPDATE `user_registration` SET `popup_seen` = 'yes'
WHERE `user_id` = 'AABG7W';
UPDATE `user_registration` SET `popup_seen` = 'yes'
WHERE `user_id` = 'AABG7W';
UPDATE `user_registration` SET `popup_seen` = 'yes'
WHERE `user_id` = 'AABG7W';
UPDATE `user_registration` SET `popup_seen` = 'yes'
WHERE `user_id` = 'AABG7W';
UPDATE `user_registration` SET `popup_seen` = 'yes'
WHERE `user_id` = 'AABG7W';
UPDATE `user_registration` SET `popup_seen` = 'no'
WHERE `user_id` = 'AABG7W';
DELETE FROM `ci_sessions`
WHERE `id` = 'e8939b36dd3ada8fdfa71b6ffa835944ecb07139';
INSERT INTO `login_history` (`user_id`, `device`, `ip_address`, `date`) VALUES ('AABG7W', 'Mozilla/5.0 (Windows NT 10.0; Win64; x64) AppleWebKit/537.36 (KHTML, like Gecko) Chrome/135.0.0.0 Safari/537.36', '172.70.255.161', '25-04-17 17:29');
UPDATE `user_registration` SET `popup_seen` = 'yes'
WHERE `user_id` = 'AABG7W';
UPDATE `user_registration` SET `popup_seen` = 'yes'
WHERE `user_id` = 'AABG7W';
UPDATE `user_registration` SET `popup_seen` = 'yes'
WHERE `user_id` = 'AABG7W';
UPDATE `user_registration` SET `popup_seen` = 'no'
WHERE `user_id` = 'AABG7W';
DELETE FROM `ci_sessions`
WHERE `id` = '1c12a92be533c1cec42dffd911a4d34883118870';
INSERT INTO `login_history` (`user_id`, `device`, `ip_address`, `date`) VALUES ('PEABEG', 'Mozilla/5.0 (iPhone; CPU iPhone OS 18_3_2 like Mac OS X) AppleWebKit/605.1.15 (KHTML, like Gecko) Version/18.3.1 Mobile/15E148 Safari/604.1', '172.68.7.204', '25-04-17 17:34');
UPDATE `user_registration` SET `popup_seen` = 'yes'
WHERE `user_id` = 'PEABEG';
UPDATE `ci_sessions` SET `timestamp` = 1744929321, `data` = '__ci_last_regenerate|i:1744929321;id|s:4:\"2253\";user_id|s:6:\"7ZQOFP\";username|s:14:\"travelhild@123\";sponsor_id|s:6:\"4N4NX4\";fullname|s:12:\"Hilda Vargas\";email|s:24:\"hilvarshopping@gmail.com\";phone|s:10:\"7865253384\";isLogIn|b:1;'
WHERE `id` = '2e69c5f75f8b8cb7e2085a4fe7159ff02796634f';
UPDATE `user_registration` SET `popup_seen` = 'yes'
WHERE `user_id` = 'PEABEG';
UPDATE `user_registration` SET `popup_seen` = 'yes'
WHERE `user_id` = 'PEABEG';
UPDATE `ci_sessions` SET `timestamp` = 1744930409, `data` = '__ci_last_regenerate|i:1744930409;id|s:4:\"2153\";user_id|s:6:\"QRE21J\";username|s:10:\"fyomaris75\";sponsor_id|s:6:\"QJ5U9C\";fullname|s:17:\"Yomaris Fernandez\";email|s:18:\"fyomaris@ymail.com\";phone|s:10:\"7862371360\";isLogIn|b:1;'
WHERE `id` = '3764de04f6a08a1354feaaca7ce4a600546f4c63';
UPDATE `user_registration` SET `popup_seen` = 'yes'
WHERE `user_id` = 'QRE21J';
UPDATE `user_registration` SET `popup_seen` = 'yes'
WHERE `user_id` = 'QRE21J';
UPDATE `ci_sessions` SET `timestamp` = 1744930440, `data` = '__ci_last_regenerate|i:1744930440;id|s:4:\"2253\";user_id|s:6:\"7ZQOFP\";username|s:14:\"travelhild@123\";sponsor_id|s:6:\"4N4NX4\";fullname|s:12:\"Hilda Vargas\";email|s:24:\"hilvarshopping@gmail.com\";phone|s:10:\"7865253384\";isLogIn|b:1;message|s:29:\"Request Accessed Successfully\";__ci_vars|a:1:{s:7:\"message\";s:3:\"old\";}'
WHERE `id` = 'c6537a498714124b82f5183339ea87f0ea68b204';
UPDATE `user_registration` SET `popup_seen` = 'yes'
WHERE `user_id` = '7ZQOFP';
INSERT INTO `login_history` (`user_id`, `device`, `ip_address`, `date`) VALUES ('JHRDHS', 'Mozilla/5.0 (Macintosh; Intel Mac OS X 10_15_7) AppleWebKit/605.1.15 (KHTML, like Gecko) Version/17.6 Safari/605.1.15', '172.68.7.182', '25-04-17 17:55');
UPDATE `user_registration` SET `popup_seen` = 'yes'
WHERE `user_id` = 'JHRDHS';
INSERT INTO `temp_register` (`post_data`, `date`, `payment_method`, `type`) VALUES ('{\"user_id\":\"7ZQOFP\",\"card_id\":\"2\",\"card_cost\":\"50\",\"card_value\":\"50\",\"payment_option\":\"stripe\",\"date\":\"2025-04-17 17:58:16\"}', '2025-04-17 17:58:16', 'stripe', 'buy+top_up_card');
INSERT INTO `login_history` (`user_id`, `device`, `ip_address`, `date`) VALUES ('QJ5U9C', 'Mozilla/5.0 (Windows NT 10.0; Win64; x64) AppleWebKit/537.36 (KHTML, like Gecko) Chrome/135.0.0.0 Safari/537.36', '172.68.7.88', '25-04-17 18:19');
UPDATE `user_registration` SET `popup_seen` = 'yes'
WHERE `user_id` = 'QJ5U9C';
UPDATE `ci_sessions` SET `timestamp` = 1744932206, `data` = '__ci_last_regenerate|i:1744932206;id|s:4:\"2071\";user_id|s:6:\"JHRDHS\";username|s:7:\"mbecena\";sponsor_id|s:6:\"CVVK4C\";fullname|s:12:\"Maria Becena\";email|s:21:\"mbecena@bellsouth.net\";phone|s:10:\"7862360387\";isLogIn|b:1;'
WHERE `id` = '4a0090c35ca27783b511b399f2d9b61266170d8b';
UPDATE `ci_sessions` SET `timestamp` = 1744932361, `data` = '__ci_last_regenerate|i:1744932361;id|s:4:\"2253\";user_id|s:6:\"7ZQOFP\";username|s:14:\"travelhild@123\";sponsor_id|s:6:\"4N4NX4\";fullname|s:12:\"Hilda Vargas\";email|s:24:\"hilvarshopping@gmail.com\";phone|s:10:\"7865253384\";isLogIn|b:1;reg_stripe_id|i:306;'
WHERE `id` = '1939683bd5a7bc3275bcd36b98ae3d4323d6c669';
UPDATE `temp_register` SET `response` = '{\"stripeToken\":\"tok_1RF1og2NUoYUjiuuO8J0mKmD\",\"stripeTokenType\":\"card\",\"stripeEmail\":\"HILDAVMARCO@YAHOO.COM\"}', `date_modified` = '2025-04-17 18:26:03', `payment_status` = '{\"id\":\"ch_3RF1ol2NUoYUjiuu0affMO4Y\",\"object\":\"charge\",\"amount\":5000,\"amount_captured\":5000,\"amount_refunded\":0,\"application\":null,\"application_fee\":null,\"application_fee_amount\":null,\"balance_transaction\":\"txn_3RF1ol2NUoYUjiuu04alwPmi\",\"billing_details\":{\"address\":{\"city\":null,\"country\":null,\"line1\":null,\"line2\":null,\"postal_code\":null,\"state\":null},\"email\":null,\"name\":\"HILDAVMARCO@YAHOO.COM\",\"phone\":null,\"tax_id\":null},\"calculated_statement_descriptor\":\"TRAVELEGENDCY LLC\",\"captured\":true,\"created\":1744932363,\"currency\":\"usd\",\"customer\":\"cus_S9KTUApDB3Gu5p\",\"description\":null,\"destination\":null,\"dispute\":null,\"disputed\":false,\"failure_balance_transaction\":null,\"failure_code\":null,\"failure_message\":null,\"fraud_details\":[],\"invoice\":null,\"livemode\":true,\"metadata\":[],\"on_behalf_of\":null,\"order\":null,\"outcome\":{\"advice_code\":null,\"network_advice_code\":null,\"network_decline_code\":null,\"network_status\":\"approved_by_network\",\"reason\":null,\"risk_level\":\"normal\",\"seller_message\":\"Payment complete.\",\"type\":\"authorized\"},\"paid\":true,\"payment_intent\":null,\"payment_method\":\"card_1RF1og2NUoYUjiuu7cp88Mof\",\"payment_method_details\":{\"card\":{\"amount_authorized\":5000,\"authorization_code\":\"017509\",\"brand\":\"visa\",\"checks\":{\"address_line1_check\":null,\"address_postal_code_check\":null,\"cvc_check\":\"pass\"},\"country\":\"US\",\"exp_month\":6,\"exp_year\":2028,\"extended_authorization\":{\"status\":\"disabled\"},\"fingerprint\":\"N7IjwJVDRMWCvXY6\",\"funding\":\"credit\",\"incremental_authorization\":{\"status\":\"unavailable\"},\"installments\":null,\"last4\":\"7289\",\"mandate\":null,\"multicapture\":{\"status\":\"unavailable\"},\"network\":\"visa\",\"network_token\":{\"used\":false},\"network_transaction_id\":\"385107843647199\",\"overcapture\":{\"maximum_amount_capturable\":5000,\"status\":\"unavailable\"},\"regulated_status\":\"unregulated\",\"three_d_secure\":null,\"wallet\":null},\"type\":\"card\"},\"receipt_email\":null,\"receipt_number\":null,\"receipt_url\":\"https:\\/\\/pay.stripe.com\\/receipts\\/payment\\/CAcQARoXChVhY2N0XzFRUEFGdjJOVW9ZVWppdXUojJyGwAYyBuGeWAXxkDosFk3MdhTKyXX-7Em7aJFe8zYUT4FzJz8sVqL6KIWmHwVywQ9NPK6IhU1djxY\",\"refunded\":false,\"review\":null,\"shipping\":null,\"source\":{\"id\":\"card_1RF1og2NUoYUjiuu7cp88Mof\",\"object\":\"card\",\"address_city\":null,\"address_country\":null,\"address_line1\":null,\"address_line1_check\":null,\"address_line2\":null,\"address_state\":null,\"address_zip\":null,\"address_zip_check\":null,\"allow_redisplay\":\"unspecified\",\"brand\":\"Visa\",\"country\":\"US\",\"customer\":\"cus_S9KTUApDB3Gu5p\",\"cvc_check\":\"pass\",\"dynamic_last4\":null,\"exp_month\":6,\"exp_year\":2028,\"fingerprint\":\"N7IjwJVDRMWCvXY6\",\"funding\":\"credit\",\"last4\":\"7289\",\"metadata\":[],\"name\":\"HILDAVMARCO@YAHOO.COM\",\"regulated_status\":\"unregulated\",\"tokenization_method\":null,\"wallet\":null},\"source_transfer\":null,\"statement_descriptor\":null,\"statement_descriptor_suffix\":null,\"status\":\"succeeded\",\"transfer_data\":null,\"transfer_group\":null}'
WHERE `id` = 306;
INSERT INTO `card_purchase_history` (`user_id`, `card_id`, `card_cost`, `card_value`, `payment_option`, `date`) VALUES ('7ZQOFP', '2', '50', '50', 'stripe', '2025-04-17 17:58:16');
UPDATE `user_registration` SET commission_balance = ROUND(commission_balance + 50,2)
WHERE `user_id` = '7ZQOFP';
UPDATE `user_registration` SET `popup_seen` = 'no'
WHERE `user_id` = 'JHRDHS';
DELETE FROM `ci_sessions`
WHERE `id` = 'd819b0760600f146919ed7781f2f1c69c16d5777';
UPDATE `user_registration` SET `popup_seen` = 'yes'
WHERE `user_id` = '7ZQOFP';
INSERT INTO `login_history` (`user_id`, `device`, `ip_address`, `date`) VALUES ('AQJLZA', 'Mozilla/5.0 (Macintosh; Intel Mac OS X 10_15_7) AppleWebKit/605.1.15 (KHTML, like Gecko) Version/17.6 Safari/605.1.15', '172.69.132.131', '25-04-17 18:27');
UPDATE `user_registration` SET `popup_seen` = 'yes'
WHERE `user_id` = 'AQJLZA';
INSERT INTO `temp_register` (`post_data`, `date`, `payment_method`, `type`) VALUES ('{\"user_id\":\"AQJLZA\",\"card_id\":\"4\",\"card_cost\":\"150\",\"card_value\":\"150\",\"payment_option\":\"stripe\",\"date\":\"2025-04-17 18:28:03\"}', '2025-04-17 18:28:03', 'stripe', 'buy+top_up_card');
UPDATE `ci_sessions` SET `timestamp` = 1744932497, `data` = '__ci_last_regenerate|i:1744932497;id|s:4:\"2084\";user_id|s:6:\"QJ5U9C\";username|s:10:\"gascarde60\";sponsor_id|s:6:\"O94ZPY\";fullname|s:14:\"Gaspar Cardero\";email|s:18:\"gascarde@yahoo.com\";phone|s:10:\"7862371360\";isLogIn|b:1;'
WHERE `id` = '39689a4819b7bbd759b19048898b79549dd39425';
UPDATE `temp_register` SET `response` = '{\"stripeToken\":\"tok_1RF1tC2NUoYUjiuuHshcWyF7\",\"stripeTokenType\":\"card\",\"stripeEmail\":\"fernandoherrera1717@gmail.com\"}', `date_modified` = '2025-04-17 18:30:43', `payment_status` = '{\"id\":\"ch_3RF1tH2NUoYUjiuu0UgevMlG\",\"object\":\"charge\",\"amount\":15000,\"amount_captured\":15000,\"amount_refunded\":0,\"application\":null,\"application_fee\":null,\"application_fee_amount\":null,\"balance_transaction\":\"txn_3RF1tH2NUoYUjiuu0GRCAYRk\",\"billing_details\":{\"address\":{\"city\":null,\"country\":null,\"line1\":null,\"line2\":null,\"postal_code\":null,\"state\":null},\"email\":null,\"name\":\"fernandoherrera1717@gmail.com\",\"phone\":null,\"tax_id\":null},\"calculated_statement_descriptor\":\"TRAVELEGENDCY LLC\",\"captured\":true,\"created\":1744932643,\"currency\":\"usd\",\"customer\":\"cus_S9KYfAH0mzU0BR\",\"description\":null,\"destination\":null,\"dispute\":null,\"disputed\":false,\"failure_balance_transaction\":null,\"failure_code\":null,\"failure_message\":null,\"fraud_details\":[],\"invoice\":null,\"livemode\":true,\"metadata\":[],\"on_behalf_of\":null,\"order\":null,\"outcome\":{\"advice_code\":null,\"network_advice_code\":null,\"network_decline_code\":null,\"network_status\":\"approved_by_network\",\"reason\":null,\"risk_level\":\"normal\",\"seller_message\":\"Payment complete.\",\"type\":\"authorized\"},\"paid\":true,\"payment_intent\":null,\"payment_method\":\"card_1RF1tC2NUoYUjiuu8CRqdRGM\",\"payment_method_details\":{\"card\":{\"amount_authorized\":15000,\"authorization_code\":\"01322S\",\"brand\":\"mastercard\",\"checks\":{\"address_line1_check\":null,\"address_postal_code_check\":null,\"cvc_check\":\"pass\"},\"country\":\"US\",\"exp_month\":5,\"exp_year\":2027,\"extended_authorization\":{\"status\":\"disabled\"},\"fingerprint\":\"NF10nHev4yW9djEY\",\"funding\":\"credit\",\"incremental_authorization\":{\"status\":\"unavailable\"},\"installments\":null,\"last4\":\"4721\",\"mandate\":null,\"multicapture\":{\"status\":\"unavailable\"},\"network\":\"mastercard\",\"network_token\":{\"used\":false},\"network_transaction_id\":\"MCWQTVGAF0417\",\"overcapture\":{\"maximum_amount_capturable\":15000,\"status\":\"unavailable\"},\"regulated_status\":\"unregulated\",\"three_d_secure\":null,\"wallet\":null},\"type\":\"card\"},\"receipt_email\":null,\"receipt_number\":null,\"receipt_url\":\"https:\\/\\/pay.stripe.com\\/receipts\\/payment\\/CAcQARoXChVhY2N0XzFRUEFGdjJOVW9ZVWppdXUopJ6GwAYyBrta5-FACzosFs5Rj2sto1pcnw0DqxGyr4RYf8pSp9upUXish9EkwsKvdNR_9PA-atuNI1I\",\"refunded\":false,\"review\":null,\"shipping\":null,\"source\":{\"id\":\"card_1RF1tC2NUoYUjiuu8CRqdRGM\",\"object\":\"card\",\"address_city\":null,\"address_country\":null,\"address_line1\":null,\"address_line1_check\":null,\"address_line2\":null,\"address_state\":null,\"address_zip\":null,\"address_zip_check\":null,\"allow_redisplay\":\"unspecified\",\"brand\":\"MasterCard\",\"country\":\"US\",\"customer\":\"cus_S9KYfAH0mzU0BR\",\"cvc_check\":\"pass\",\"dynamic_last4\":null,\"exp_month\":5,\"exp_year\":2027,\"fingerprint\":\"NF10nHev4yW9djEY\",\"funding\":\"credit\",\"last4\":\"4721\",\"metadata\":[],\"name\":\"fernandoherrera1717@gmail.com\",\"regulated_status\":\"unregulated\",\"tokenization_method\":null,\"wallet\":null},\"source_transfer\":null,\"statement_descriptor\":null,\"statement_descriptor_suffix\":null,\"status\":\"succeeded\",\"transfer_data\":null,\"transfer_group\":null}'
WHERE `id` = 307;
INSERT INTO `card_purchase_history` (`user_id`, `card_id`, `card_cost`, `card_value`, `payment_option`, `date`) VALUES ('AQJLZA', '4', '150', '150', 'stripe', '2025-04-17 18:28:03');
UPDATE `user_registration` SET commission_balance = ROUND(commission_balance + 150,2)
WHERE `user_id` = 'AQJLZA';
UPDATE `user_registration` SET `popup_seen` = 'yes'
WHERE `user_id` = 'AQJLZA';
UPDATE `user_registration` SET `popup_seen` = 'no'
WHERE `user_id` = 'AQJLZA';
DELETE FROM `ci_sessions`
WHERE `id` = 'abfabd57033bdfd0e10ad3eca0bb526b94676711';
UPDATE `ci_sessions` SET `timestamp` = 1744933037, `data` = '__ci_last_regenerate|i:1744933037;captcha|s:4:\"oz8d\";'
WHERE `id` = '23b14c309c94a69244acaa83bc61fa23619fdb62';
INSERT INTO `login_history` (`user_id`, `device`, `ip_address`, `date`) VALUES ('UQO7EQ', 'Mozilla/5.0 (Windows NT 10.0; Win64; x64) AppleWebKit/537.36 (KHTML, like Gecko) Chrome/135.0.0.0 Safari/537.36', '172.70.54.74', '25-04-17 18:37');
UPDATE `user_registration` SET `popup_seen` = 'yes'
WHERE `user_id` = 'UQO7EQ';
UPDATE `user_registration` SET `popup_seen` = 'yes'
WHERE `user_id` = 'UQO7EQ';
UPDATE `user_registration` SET `popup_seen` = 'yes'
WHERE `user_id` = 'UQO7EQ';
UPDATE `user_registration` SET `popup_seen` = 'no'
WHERE `user_id` = 'UQO7EQ';
DELETE FROM `ci_sessions`
WHERE `id` = '0a954757d4fef93537303982d8ccfbd892ac4d4f';
UPDATE `ci_sessions` SET `timestamp` = 1744933141, `data` = '__ci_last_regenerate|i:1744933141;id|s:4:\"2084\";user_id|s:6:\"QJ5U9C\";username|s:10:\"gascarde60\";sponsor_id|s:6:\"O94ZPY\";fullname|s:14:\"Gaspar Cardero\";email|s:18:\"gascarde@yahoo.com\";phone|s:10:\"7862371360\";isLogIn|b:1;'
WHERE `id` = '89659d7ef2fa9a4801058a6435b5f78c56f4d399';
UPDATE `user_registration` SET `popup_seen` = 'yes'
WHERE `user_id` = 'QJ5U9C';
UPDATE `ci_sessions` SET `timestamp` = 1744933473, `data` = '__ci_last_regenerate|i:1744933473;id|s:4:\"2084\";user_id|s:6:\"QJ5U9C\";username|s:10:\"gascarde60\";sponsor_id|s:6:\"O94ZPY\";fullname|s:14:\"Gaspar Cardero\";email|s:18:\"gascarde@yahoo.com\";phone|s:10:\"7862371360\";isLogIn|b:1;'
WHERE `id` = '9e8f1c1a5ccbfdc8bc45e230673b93b840cf5139';
UPDATE `user_registration` SET `popup_seen` = 'yes'
WHERE `user_id` = 'QJ5U9C';
UPDATE `user_registration` SET `default_leg` = 'right'
WHERE `user_id` = 'QJ5U9C';
UPDATE `ci_sessions` SET `timestamp` = 1744933787, `data` = '__ci_last_regenerate|i:1744933787;id|s:4:\"2084\";user_id|s:6:\"QJ5U9C\";username|s:10:\"gascarde60\";sponsor_id|s:6:\"O94ZPY\";fullname|s:14:\"Gaspar Cardero\";email|s:18:\"gascarde@yahoo.com\";phone|s:10:\"7862371360\";isLogIn|b:1;'
WHERE `id` = '655dd203f3ba49bf25f432e0704820a1a52663b0';
INSERT INTO `user_registration` (`user_id`, `username`, `sponsor_id`, `vacant`, `f_name`, `l_name`, `position`, `email`, `password`, `phone`, `country`, `state`, `city`, `street`, `zip_code`, `reg_ip`, `status`, `package_id`, `rank_id`, `highest_rank`, `cycle_rank_id`, `user_type`, `created`, `subscription_date`, `active_status`, `google_secret`) VALUES ('3K2KEY', 'ismaelrod1022', 'QJ5U9C', 'no', 'Ismael', 'Rodriguez', 'right', 'ismaelrodriguez102201@gmail.com', '1b5c27138a565cc6bf74140f3bfc4d86', '7544220686', 'United States', 'Florida', 'Miami', '11033 SW 7th St. ', '33112', '172.70.82.9', 1, 0, 0, 0, 0, 'customer', '2025-04-17 18:49:47', 'N/A', 'no', 'IOJU47UZW3VBNEJZ');
UPDATE `user_registration` SET total_ref_count = total_ref_count+1
WHERE `user_id` = 'QJ5U9C';
UPDATE `user_registration` SET customer_ref_count = customer_ref_count+1
WHERE `user_id` = 'QJ5U9C';
UPDATE `user_registration` SET `cycle_rank_id` = '1'
WHERE `user_id` = 'QJ5U9C';
INSERT INTO `rank_history` (`rank_id`, `user_id`, `name`, `bv`, `date`, `amount`, `type`) VALUES ('1', 'QJ5U9C', 'Affiliate', '0', '2025-04-17 18:49:47', '0', 'auto');
INSERT INTO `matrix_fill_sponsor` (`sponsor_id`, `downline_id`, `level`, `matrix`) VALUES ('QJ5U9C', '3K2KEY', 1, 1);
INSERT INTO `matrix_fill_sponsor` (`sponsor_id`, `downline_id`, `level`, `matrix`) VALUES ('O94ZPY', '3K2KEY', 2, 1);
INSERT INTO `matrix_fill_sponsor` (`sponsor_id`, `downline_id`, `level`, `matrix`) VALUES ('JHRDHS', '3K2KEY', 3, 1);
INSERT INTO `matrix_fill_sponsor` (`sponsor_id`, `downline_id`, `level`, `matrix`) VALUES ('CVVK4C', '3K2KEY', 4, 1);
INSERT INTO `matrix_fill_sponsor` (`sponsor_id`, `downline_id`, `level`, `matrix`) VALUES ('K55EDD', '3K2KEY', 5, 1);
INSERT INTO `matrix_fill_sponsor` (`sponsor_id`, `downline_id`, `level`, `matrix`) VALUES ('UQO7EQ', '3K2KEY', 6, 1);
INSERT INTO `matrix_fill_sponsor` (`sponsor_id`, `downline_id`, `level`, `matrix`) VALUES ('N6GZAE', '3K2KEY', 7, 1);
INSERT INTO `matrix_fill_sponsor` (`sponsor_id`, `downline_id`, `level`, `matrix`) VALUES ('4E1CRI', '3K2KEY', 8, 1);
INSERT INTO `matrix_fill_sponsor` (`sponsor_id`, `downline_id`, `level`, `matrix`) VALUES ('SJBNYJ', '3K2KEY', 9, 1);
INSERT INTO `matrix_fill_sponsor` (`sponsor_id`, `downline_id`, `level`, `matrix`) VALUES ('44B9Y4', '3K2KEY', 10, 1);
INSERT INTO `matrix_fill_sponsor` (`sponsor_id`, `downline_id`, `level`, `matrix`) VALUES ('admin', '3K2KEY', 11, 1);
UPDATE `user_registration` SET `popup_seen` = 'yes'
WHERE `user_id` = 'QJ5U9C';
UPDATE `user_registration` SET `popup_seen` = 'yes'
WHERE `user_id` = 'QJ5U9C';
UPDATE `user_registration` SET `language` = 'english'
WHERE `user_id` = 'QJ5U9C';
UPDATE `user_registration` SET `popup_seen` = 'yes'
WHERE `user_id` = 'QJ5U9C';
UPDATE `user_registration` SET `popup_seen` = 'no'
WHERE `user_id` = 'QJ5U9C';
DELETE FROM `ci_sessions`
WHERE `id` = 'b06867268c47bb59dac76787378e592bac30243c';
INSERT INTO `login_history` (`user_id`, `device`, `ip_address`, `date`) VALUES ('3K2KEY', 'Mozilla/5.0 (Windows NT 10.0; Win64; x64) AppleWebKit/537.36 (KHTML, like Gecko) Chrome/135.0.0.0 Safari/537.36', '172.70.82.8', '25-04-17 18:52');
UPDATE `user_registration` SET `popup_seen` = 'yes'
WHERE `user_id` = '3K2KEY';
UPDATE `ci_sessions` SET `timestamp` = 1744935643, `data` = '__ci_last_regenerate|i:1744935643;id|s:4:\"2336\";user_id|s:6:\"3K2KEY\";username|s:13:\"ismaelrod1022\";sponsor_id|s:6:\"QJ5U9C\";fullname|s:16:\"Ismael Rodriguez\";email|s:31:\"ismaelrodriguez102201@gmail.com\";phone|s:10:\"7544220686\";isLogIn|b:1;message|s:24:\"Welcome Ismael Rodriguez\";__ci_vars|a:1:{s:7:\"message\";s:3:\"old\";}'
WHERE `id` = '65a7cadaf971b2017cde0bb78236ca4d470cee1c';
UPDATE `user_registration` SET `popup_seen` = 'yes'
WHERE `user_id` = '3K2KEY';
UPDATE `user_registration` SET `popup_seen` = 'yes'
WHERE `user_id` = '3K2KEY';
INSERT INTO `login_history` (`user_id`, `device`, `ip_address`, `date`) VALUES ('R37QLI', 'Mozilla/5.0 (Windows NT 10.0; Win64; x64) AppleWebKit/537.36 (KHTML, like Gecko) Chrome/135.0.0.0 Safari/537.36 Edg/135.0.0.0 Trailer/92.3.2885.21', '172.70.254.233', '25-04-17 19:22');
UPDATE `user_registration` SET `popup_seen` = 'yes'
WHERE `user_id` = 'R37QLI';
UPDATE `user_registration` SET `popup_seen` = 'yes'
WHERE `user_id` = 'R37QLI';
UPDATE `user_registration` SET `popup_seen` = 'yes'
WHERE `user_id` = 'R37QLI';
UPDATE `user_registration` SET `popup_seen` = 'yes'
WHERE `user_id` = 'R37QLI';
UPDATE `user_registration` SET `popup_seen` = 'yes'
WHERE `user_id` = 'R37QLI';
UPDATE `user_registration` SET `popup_seen` = 'no'
WHERE `user_id` = 'R37QLI';
DELETE FROM `ci_sessions`
WHERE `id` = '287c179bff6b92c274eec5e7b5eaa8d0033ec219';
UPDATE `ci_sessions` SET `timestamp` = 1744935958, `data` = '__ci_last_regenerate|i:1744935958;id|s:4:\"2336\";user_id|s:6:\"3K2KEY\";username|s:13:\"ismaelrod1022\";sponsor_id|s:6:\"QJ5U9C\";fullname|s:16:\"Ismael Rodriguez\";email|s:31:\"ismaelrodriguez102201@gmail.com\";phone|s:10:\"7544220686\";isLogIn|b:1;'
WHERE `id` = '157e46c75f112c2dff4e5d4711271c03debfa5f7';
INSERT INTO `temp_register` (`post_data`, `date`, `payment_method`, `type`) VALUES ('{\"user_id\":\"3K2KEY\",\"new_package_id\":\"2\",\"old_package_id\":\"0\",\"amt_diff\":\"595\",\"bv_diff\":\"50\",\"new_pack_name\":\"Traveler Pro\"}', '2025-04-17 19:26:23', 'stripe', 'upgrade');
INSERT INTO `login_history` (`user_id`, `device`, `ip_address`, `date`) VALUES ('UQO7EQ', 'Mozilla/5.0 (Linux; Android 10; K) AppleWebKit/537.36 (KHTML, like Gecko) Chrome/131.0.0.0 Mobile Safari/537.36', '172.68.12.144', '25-04-17 19:27');
UPDATE `user_registration` SET `popup_seen` = 'yes'
WHERE `user_id` = 'UQO7EQ';
UPDATE `user_registration` SET `popup_seen` = 'yes'
WHERE `user_id` = 'UQO7EQ';
UPDATE `user_registration` SET `popup_seen` = 'no'
WHERE `user_id` = 'UQO7EQ';
DELETE FROM `ci_sessions`
WHERE `id` = 'fd702b82f082cbb1e4c7ac0afa8f35e0d994f5c0';
UPDATE `ci_sessions` SET `timestamp` = 1744936470, `data` = '__ci_last_regenerate|i:1744936470;captcha|s:4:\"922y\";'
WHERE `id` = '5196ec4968864c4c1279e692d97a07e6038198d2';
INSERT INTO `login_history` (`user_id`, `device`, `ip_address`, `date`) VALUES ('44B9Y4', 'Mozilla/5.0 (Windows NT 10.0; Win64; x64) AppleWebKit/537.36 (KHTML, like Gecko) Chrome/135.0.0.0 Safari/537.36 Edg/135.0.0.0 Trailer/93.3.3494.28', '172.70.255.78', '25-04-17 22:20');
UPDATE `user_registration` SET `popup_seen` = 'yes'
WHERE `user_id` = '44B9Y4';
INSERT INTO `login_history` (`user_id`, `device`, `ip_address`, `date`) VALUES ('KSGBOZ', 'Mozilla/5.0 (Windows NT 10.0; Win64; x64) AppleWebKit/537.36 (KHTML, like Gecko) Chrome/135.0.0.0 Safari/537.36 Edg/135.0.0.0', '172.69.132.204', '25-04-17 23:18');
UPDATE `user_registration` SET `popup_seen` = 'yes'
WHERE `user_id` = 'KSGBOZ';
UPDATE `ci_sessions` SET `timestamp` = 1744950634, `data` = '__ci_last_regenerate|i:1744950634;id|s:4:\"2208\";user_id|s:6:\"KSGBOZ\";username|s:9:\"ramos1329\";sponsor_id|s:6:\"2RSJNO\";fullname|s:13:\"Alberto Ramos\";email|s:19:\"ramos9321@gmail.com\";phone|s:10:\"7865541476\";isLogIn|b:1;'
WHERE `id` = 'f99ff995dc26763fcccabd645e298bf2150f81b5';
UPDATE `ci_sessions` SET `timestamp` = 1744951025, `data` = '__ci_last_regenerate|i:1744951025;id|s:4:\"2208\";user_id|s:6:\"KSGBOZ\";username|s:9:\"ramos1329\";sponsor_id|s:6:\"2RSJNO\";fullname|s:13:\"Alberto Ramos\";email|s:19:\"ramos9321@gmail.com\";phone|s:10:\"7865541476\";isLogIn|b:1;message|s:29:\"Request Accessed Successfully\";__ci_vars|a:1:{s:7:\"message\";s:3:\"old\";}'
WHERE `id` = 'c7cd0dc0f6a4c4379adac74209c3ed34d4f2a690';
UPDATE `user_registration` SET `popup_seen` = 'no'
WHERE `user_id` = 'KSGBOZ';
DELETE FROM `ci_sessions`
WHERE `id` = '02aacab52504e017f6c2853225d9348bfed14b3b';
INSERT INTO `cron_job_history` (`name`, `date_started`, `status`) VALUES ('backup', '2025-04-18 00:00:02', 'started');
UPDATE `cron_job_history` SET `status` = 'done', `date_end` = '2025-04-18 00:00:03'
WHERE `id` = 330;
INSERT INTO `cron_job_history` (`name`, `date_started`, `status`) VALUES ('deduct_sub_amt_from_ewallet', '2025-04-18 00:05:01', 'started');
UPDATE `user_registration` SET `sub_point` = 0, `active_status` = 'no'
WHERE `user_id` = '35H9RV';
INSERT INTO `inactive_history` (`user_id`, `commission_balance`, `amount`, `date`) VALUES ('35H9RV', '97.5', '150', '2025-04-18 00:05:01');
UPDATE `user_registration` SET `sub_point` = 0, `active_status` = 'no'
WHERE `user_id` = 'SJBNYJ';
INSERT INTO `inactive_history` (`user_id`, `commission_balance`, `amount`, `date`) VALUES ('SJBNYJ', '50', '150', '2025-04-18 00:05:02');
UPDATE `user_registration` SET `sub_point` = 0, `active_status` = 'no'
WHERE `user_id` = '45E8V2';
INSERT INTO `inactive_history` (`user_id`, `commission_balance`, `amount`, `date`) VALUES ('45E8V2', '50', '150', '2025-04-18 00:05:02');
UPDATE `user_registration` SET `sub_point` = 0, `active_status` = 'no'
WHERE `user_id` = 'XVTJOY';
INSERT INTO `inactive_history` (`user_id`, `commission_balance`, `amount`, `date`) VALUES ('XVTJOY', '100', '150', '2025-04-18 00:05:03');
UPDATE `user_registration` SET `sub_point` = 0, `active_status` = 'no'
WHERE `user_id` = '4E1CRI';
INSERT INTO `inactive_history` (`user_id`, `commission_balance`, `amount`, `date`) VALUES ('4E1CRI', '100', '150', '2025-04-18 00:05:03');
UPDATE `user_registration` SET `sub_point` = 0, `active_status` = 'no'
WHERE `user_id` = 'PBFKSY';
INSERT INTO `inactive_history` (`user_id`, `commission_balance`, `amount`, `date`) VALUES ('PBFKSY', '0', '150', '2025-04-18 00:05:04');
UPDATE `user_registration` SET `sub_point` = 0, `active_status` = 'no'
WHERE `user_id` = 'R37QLI';
INSERT INTO `inactive_history` (`user_id`, `commission_balance`, `amount`, `date`) VALUES ('R37QLI', '80', '150', '2025-04-18 00:05:04');
UPDATE `user_registration` SET `sub_point` = 0, `active_status` = 'no'
WHERE `user_id` = 'Q6D63V';
INSERT INTO `inactive_history` (`user_id`, `commission_balance`, `amount`, `date`) VALUES ('Q6D63V', '100', '150', '2025-04-18 00:05:05');
UPDATE `user_registration` SET `sub_point` = 0, `active_status` = 'no'
WHERE `user_id` = 'Q834IS';
INSERT INTO `inactive_history` (`user_id`, `commission_balance`, `amount`, `date`) VALUES ('Q834IS', '0', '50', '2025-04-18 00:05:05');
UPDATE `user_registration` SET `sub_point` = 0, `active_status` = 'no'
WHERE `user_id` = 'MT8QJF';
INSERT INTO `inactive_history` (`user_id`, `commission_balance`, `amount`, `date`) VALUES ('MT8QJF', '0', '150', '2025-04-18 00:05:06');
UPDATE `user_registration` SET `sub_point` = 0, `active_status` = 'no'
WHERE `user_id` = 'OWF3OA';
INSERT INTO `inactive_history` (`user_id`, `commission_balance`, `amount`, `date`) VALUES ('OWF3OA', '0', '150', '2025-04-18 00:05:06');
UPDATE `user_registration` SET `sub_point` = 0, `active_status` = 'no'
WHERE `user_id` = 'HUDVJU';
INSERT INTO `inactive_history` (`user_id`, `commission_balance`, `amount`, `date`) VALUES ('HUDVJU', '30', '50', '2025-04-18 00:05:07');
UPDATE `user_registration` SET `sub_point` = 0, `active_status` = 'no'
WHERE `user_id` = 'IEVPMD';
INSERT INTO `inactive_history` (`user_id`, `commission_balance`, `amount`, `date`) VALUES ('IEVPMD', '0', '150', '2025-04-18 00:05:07');
UPDATE `user_registration` SET `sub_point` = 0, `active_status` = 'no'
WHERE `user_id` = 'HQTCGF';
INSERT INTO `inactive_history` (`user_id`, `commission_balance`, `amount`, `date`) VALUES ('HQTCGF', '0', '150', '2025-04-18 00:05:08');
UPDATE `user_registration` SET `sub_point` = 0, `active_status` = 'no'
WHERE `user_id` = 'L2MNP5';
INSERT INTO `inactive_history` (`user_id`, `commission_balance`, `amount`, `date`) VALUES ('L2MNP5', '100', '150', '2025-04-18 00:05:08');
UPDATE `user_registration` SET `sub_point` = 0, `active_status` = 'no'
WHERE `user_id` = 'PUJNHI';
INSERT INTO `inactive_history` (`user_id`, `commission_balance`, `amount`, `date`) VALUES ('PUJNHI', '40', '150', '2025-04-18 00:05:09');
UPDATE `user_registration` SET `sub_point` = 0, `active_status` = 'no'
WHERE `user_id` = 'WC5BL7';
INSERT INTO `inactive_history` (`user_id`, `commission_balance`, `amount`, `date`) VALUES ('WC5BL7', '0', '50', '2025-04-18 00:05:09');
UPDATE `user_registration` SET `sub_point` = 0, `active_status` = 'no'
WHERE `user_id` = 'W17SG2';
INSERT INTO `inactive_history` (`user_id`, `commission_balance`, `amount`, `date`) VALUES ('W17SG2', '0', '150', '2025-04-18 00:05:09');
UPDATE `user_registration` SET `sub_point` = 0, `active_status` = 'no'
WHERE `user_id` = 'PR92IO';
INSERT INTO `inactive_history` (`user_id`, `commission_balance`, `amount`, `date`) VALUES ('PR92IO', '0', '50', '2025-04-18 00:05:10');
UPDATE `user_registration` SET `sub_point` = 0, `active_status` = 'no'
WHERE `user_id` = 'UTF7YN';
INSERT INTO `inactive_history` (`user_id`, `commission_balance`, `amount`, `date`) VALUES ('UTF7YN', '0', '150', '2025-04-18 00:05:10');
UPDATE `user_registration` SET `sub_point` = 0, `active_status` = 'no'
WHERE `user_id` = 'L8NRSC';
INSERT INTO `inactive_history` (`user_id`, `commission_balance`, `amount`, `date`) VALUES ('L8NRSC', '50', '150', '2025-04-18 00:05:11');
UPDATE `user_registration` SET `sub_point` = 0, `active_status` = 'no'
WHERE `user_id` = '6H3N98';
INSERT INTO `inactive_history` (`user_id`, `commission_balance`, `amount`, `date`) VALUES ('6H3N98', '100', '150', '2025-04-18 00:05:11');
UPDATE `user_registration` SET `sub_point` = 0, `active_status` = 'no'
WHERE `user_id` = '8RVNYT';
INSERT INTO `inactive_history` (`user_id`, `commission_balance`, `amount`, `date`) VALUES ('8RVNYT', '0', '150', '2025-04-18 00:05:11');
UPDATE `user_registration` SET `sub_point` = 0, `active_status` = 'no'
WHERE `user_id` = '2MBPZI';
INSERT INTO `inactive_history` (`user_id`, `commission_balance`, `amount`, `date`) VALUES ('2MBPZI', '0', '150', '2025-04-18 00:05:12');
UPDATE `user_registration` SET `sub_point` = 0, `active_status` = 'no'
WHERE `user_id` = 'Q82ZV9';
INSERT INTO `inactive_history` (`user_id`, `commission_balance`, `amount`, `date`) VALUES ('Q82ZV9', '20', '50', '2025-04-18 00:05:12');
UPDATE `user_registration` SET `sub_point` = 0, `active_status` = 'no'
WHERE `user_id` = 'IWTOLP';
INSERT INTO `inactive_history` (`user_id`, `commission_balance`, `amount`, `date`) VALUES ('IWTOLP', '0', '50', '2025-04-18 00:05:13');
UPDATE `user_registration` SET `sub_point` = 0, `active_status` = 'no'
WHERE `user_id` = '9QPRWH';
INSERT INTO `inactive_history` (`user_id`, `commission_balance`, `amount`, `date`) VALUES ('9QPRWH', '0', '150', '2025-04-18 00:05:13');
UPDATE `user_registration` SET `sub_point` = 0, `active_status` = 'no'
WHERE `user_id` = 'WDEXJT';
INSERT INTO `inactive_history` (`user_id`, `commission_balance`, `amount`, `date`) VALUES ('WDEXJT', '0', '150', '2025-04-18 00:05:13');
UPDATE `user_registration` SET `sub_point` = 0, `active_status` = 'no'
WHERE `user_id` = '8D7CNL';
INSERT INTO `inactive_history` (`user_id`, `commission_balance`, `amount`, `date`) VALUES ('8D7CNL', '100', '150', '2025-04-18 00:05:14');
UPDATE `user_registration` SET `sub_point` = 0, `active_status` = 'no'
WHERE `user_id` = 'UJXP99';
INSERT INTO `inactive_history` (`user_id`, `commission_balance`, `amount`, `date`) VALUES ('UJXP99', '0', '50', '2025-04-18 00:05:14');
UPDATE `user_registration` SET `sub_point` = 0, `active_status` = 'no'
WHERE `user_id` = 'L268VW';
INSERT INTO `inactive_history` (`user_id`, `commission_balance`, `amount`, `date`) VALUES ('L268VW', '0', '50', '2025-04-18 00:05:14');
UPDATE `user_registration` SET `sub_point` = 0, `active_status` = 'no'
WHERE `user_id` = 'UVJ6L9';
INSERT INTO `inactive_history` (`user_id`, `commission_balance`, `amount`, `date`) VALUES ('UVJ6L9', '0', '50', '2025-04-18 00:05:15');
UPDATE `user_registration` SET `sub_point` = 0, `active_status` = 'no'
WHERE `user_id` = 'ULHSH2';
INSERT INTO `inactive_history` (`user_id`, `commission_balance`, `amount`, `date`) VALUES ('ULHSH2', '0', '150', '2025-04-18 00:05:15');
UPDATE `user_registration` SET `sub_point` = 0, `active_status` = 'no'
WHERE `user_id` = 'H1XYDK';
INSERT INTO `inactive_history` (`user_id`, `commission_balance`, `amount`, `date`) VALUES ('H1XYDK', '0', '50', '2025-04-18 00:05:16');
UPDATE `user_registration` SET `sub_point` = 0, `active_status` = 'no'
WHERE `user_id` = '3UFB1M';
INSERT INTO `inactive_history` (`user_id`, `commission_balance`, `amount`, `date`) VALUES ('3UFB1M', '100', '150', '2025-04-18 00:05:16');
UPDATE `user_registration` SET `sub_point` = 0, `active_status` = 'no'
WHERE `user_id` = 'LEOFNI';
INSERT INTO `inactive_history` (`user_id`, `commission_balance`, `amount`, `date`) VALUES ('LEOFNI', '0', '150', '2025-04-18 00:05:16');
UPDATE `user_registration` SET `sub_point` = 0, `active_status` = 'no'
WHERE `user_id` = '75X85X';
INSERT INTO `inactive_history` (`user_id`, `commission_balance`, `amount`, `date`) VALUES ('75X85X', '0', '50', '2025-04-18 00:05:17');
UPDATE `user_registration` SET `sub_point` = 0, `active_status` = 'no'
WHERE `user_id` = 'UC1QRN';
INSERT INTO `inactive_history` (`user_id`, `commission_balance`, `amount`, `date`) VALUES ('UC1QRN', '0', '150', '2025-04-18 00:05:17');
UPDATE `user_registration` SET `sub_point` = 0, `active_status` = 'no'
WHERE `user_id` = '7YU16B';
INSERT INTO `inactive_history` (`user_id`, `commission_balance`, `amount`, `date`) VALUES ('7YU16B', '0', '50', '2025-04-18 00:05:17');
UPDATE `user_registration` SET `sub_point` = 0, `active_status` = 'no'
WHERE `user_id` = 'OEM6F6';
INSERT INTO `inactive_history` (`user_id`, `commission_balance`, `amount`, `date`) VALUES ('OEM6F6', '0', '50', '2025-04-18 00:05:18');
UPDATE `user_registration` SET `sub_point` = 0, `active_status` = 'no'
WHERE `user_id` = 'XMN3MK';
INSERT INTO `inactive_history` (`user_id`, `commission_balance`, `amount`, `date`) VALUES ('XMN3MK', '0', '150', '2025-04-18 00:05:18');
UPDATE `user_registration` SET `sub_point` = 0, `active_status` = 'no'
WHERE `user_id` = '7SMFPM';
INSERT INTO `inactive_history` (`user_id`, `commission_balance`, `amount`, `date`) VALUES ('7SMFPM', '0', '50', '2025-04-18 00:05:18');
UPDATE `user_registration` SET `sub_point` = 0, `active_status` = 'no'
WHERE `user_id` = 'WS9KK9';
INSERT INTO `inactive_history` (`user_id`, `commission_balance`, `amount`, `date`) VALUES ('WS9KK9', '0', '150', '2025-04-18 00:05:19');
UPDATE `user_registration` SET `sub_point` = 0, `active_status` = 'no'
WHERE `user_id` = 'OHI8SE';
INSERT INTO `inactive_history` (`user_id`, `commission_balance`, `amount`, `date`) VALUES ('OHI8SE', '20', '150', '2025-04-18 00:05:19');
UPDATE `user_registration` SET `sub_point` = 0, `active_status` = 'no'
WHERE `user_id` = 'BJFCEM';
INSERT INTO `inactive_history` (`user_id`, `commission_balance`, `amount`, `date`) VALUES ('BJFCEM', '0', '50', '2025-04-18 00:05:20');
UPDATE `user_registration` SET `sub_point` = 0, `active_status` = 'no'
WHERE `user_id` = '9EDD8W';
INSERT INTO `inactive_history` (`user_id`, `commission_balance`, `amount`, `date`) VALUES ('9EDD8W', '0', '50', '2025-04-18 00:05:20');
UPDATE `user_registration` SET `sub_point` = 0, `active_status` = 'no'
WHERE `user_id` = '2QC8SK';
INSERT INTO `inactive_history` (`user_id`, `commission_balance`, `amount`, `date`) VALUES ('2QC8SK', '0', '150', '2025-04-18 00:05:20');
UPDATE `user_registration` SET `sub_point` = 0, `active_status` = 'no'
WHERE `user_id` = 'TOTNOR';
INSERT INTO `inactive_history` (`user_id`, `commission_balance`, `amount`, `date`) VALUES ('TOTNOR', '0', '50', '2025-04-18 00:05:21');
UPDATE `user_registration` SET `sub_point` = 0, `active_status` = 'no'
WHERE `user_id` = '82W7DS';
INSERT INTO `inactive_history` (`user_id`, `commission_balance`, `amount`, `date`) VALUES ('82W7DS', '0', '50', '2025-04-18 00:05:21');
UPDATE `user_registration` SET `sub_point` = 0, `active_status` = 'no'
WHERE `user_id` = 'X5T3ZT';
INSERT INTO `inactive_history` (`user_id`, `commission_balance`, `amount`, `date`) VALUES ('X5T3ZT', '0', '150', '2025-04-18 00:05:22');
UPDATE `user_registration` SET `sub_point` = 0, `active_status` = 'no'
WHERE `user_id` = '4PJDWH';
INSERT INTO `inactive_history` (`user_id`, `commission_balance`, `amount`, `date`) VALUES ('4PJDWH', '0', '150', '2025-04-18 00:05:22');
UPDATE `user_registration` SET `sub_point` = 0, `active_status` = 'no'
WHERE `user_id` = '8R8YQG';
INSERT INTO `inactive_history` (`user_id`, `commission_balance`, `amount`, `date`) VALUES ('8R8YQG', '0', '150', '2025-04-18 00:05:22');
UPDATE `user_registration` SET `sub_point` = 0, `active_status` = 'no'
WHERE `user_id` = 'VZYEPG';
INSERT INTO `inactive_history` (`user_id`, `commission_balance`, `amount`, `date`) VALUES ('VZYEPG', '0', '150', '2025-04-18 00:05:23');
UPDATE `user_registration` SET `sub_point` = 0, `active_status` = 'no'
WHERE `user_id` = 'TB42PA';
INSERT INTO `inactive_history` (`user_id`, `commission_balance`, `amount`, `date`) VALUES ('TB42PA', '0', '150', '2025-04-18 00:05:23');
UPDATE `user_registration` SET `sub_point` = 0, `active_status` = 'no'
WHERE `user_id` = '2KPJZJ';
INSERT INTO `inactive_history` (`user_id`, `commission_balance`, `amount`, `date`) VALUES ('2KPJZJ', '0', '150', '2025-04-18 00:05:23');
UPDATE `user_registration` SET `sub_point` = 0, `active_status` = 'no'
WHERE `user_id` = '8634EF';
INSERT INTO `inactive_history` (`user_id`, `commission_balance`, `amount`, `date`) VALUES ('8634EF', '0', '150', '2025-04-18 00:05:24');
UPDATE `user_registration` SET `sub_point` = 0, `active_status` = 'no'
WHERE `user_id` = 'WNT6C4';
INSERT INTO `inactive_history` (`user_id`, `commission_balance`, `amount`, `date`) VALUES ('WNT6C4', '0', '150', '2025-04-18 00:05:24');
UPDATE `user_registration` SET `sub_point` = 0, `active_status` = 'no'
WHERE `user_id` = 'XT3VLL';
INSERT INTO `inactive_history` (`user_id`, `commission_balance`, `amount`, `date`) VALUES ('XT3VLL', '0', '150', '2025-04-18 00:05:25');
UPDATE `user_registration` SET `sub_point` = 0, `active_status` = 'no'
WHERE `user_id` = 'WP5PIA';
INSERT INTO `inactive_history` (`user_id`, `commission_balance`, `amount`, `date`) VALUES ('WP5PIA', '100', '150', '2025-04-18 00:05:25');
UPDATE `user_registration` SET `sub_point` = 0, `active_status` = 'no'
WHERE `user_id` = 'DLHC7V';
INSERT INTO `inactive_history` (`user_id`, `commission_balance`, `amount`, `date`) VALUES ('DLHC7V', '0', '150', '2025-04-18 00:05:25');
UPDATE `user_registration` SET commission_balance = ROUND(commission_balance - ,2)
WHERE `user_id` = '3K2KEY';
INSERT INTO `sub_history` (`user_id`, `package_id`, `amount`, `payment_method`, `date`) VALUES ('3K2KEY', '0', NULL, 'Ewallet', '2025-04-18 00:05:26');
UPDATE `user_registration` SET sub_point = ROUND(sub_point + 50,2)
WHERE `user_id` = '3K2KEY';
INSERT INTO `investment` (`invest_date`, `user_id`, `type`, `amount`, `package_id`) VALUES ('2025-04-18 00:05:26', '3K2KEY', 'subscription', '50', '0');
UPDATE `user_registration` SET total_points = ROUND(total_points + 50,2)
WHERE `user_id` = '3K2KEY';
INSERT INTO `points_history` (`user_id`, `points`, `type`, `date`) VALUES ('3K2KEY', '50', 'subscription', '2025-04-18 00:05:');
UPDATE `user_registration` SET `subscription_date` = '2025-05-18', `active_status` = 'yes'
WHERE `user_id` = '3K2KEY';
UPDATE `cron_job_history` SET `status` = 'done', `date_end` = '2025-04-18 00:05:26'
WHERE `id` = 331;
INSERT INTO `login_history` (`user_id`, `device`, `ip_address`, `date`) VALUES ('O94ZPY', 'Mozilla/5.0 (iPhone; CPU iPhone OS 18_3_2 like Mac OS X) AppleWebKit/605.1.15 (KHTML, like Gecko) Version/18.3.1 Mobile/15E148 Safari/604.1', '172.68.102.252', '25-04-18 02:46');
UPDATE `user_registration` SET `popup_seen` = 'yes'
WHERE `user_id` = 'O94ZPY';
UPDATE `user_registration` SET `popup_seen` = 'no'
WHERE `user_id` = 'O94ZPY';
DELETE FROM `ci_sessions`
WHERE `id` = '682012035b25db484bda487a02f4b8eb4477c9b1';
INSERT INTO `login_history` (`user_id`, `device`, `ip_address`, `date`) VALUES ('1GNDEQ', 'Mozilla/5.0 (iPhone; CPU iPhone OS 18_3_2 like Mac OS X) AppleWebKit/605.1.15 (KHTML, like Gecko) Version/18.3.1 Mobile/15E148 Safari/604.1', '172.68.102.253', '25-04-18 02:49');
UPDATE `user_registration` SET `popup_seen` = 'yes'
WHERE `user_id` = '1GNDEQ';
UPDATE `user_registration` SET `popup_seen` = 'yes'
WHERE `user_id` = '1GNDEQ';
INSERT INTO `login_history` (`user_id`, `device`, `ip_address`, `date`) VALUES ('QJ5U9C', 'Mozilla/5.0 (iPhone; CPU iPhone OS 18_3_2 like Mac OS X) AppleWebKit/605.1.15 (KHTML, like Gecko) CriOS/135.0.7049.83 Mobile/15E148 Safari/604.1', '108.162.212.49', '25-04-18 05:38');
UPDATE `user_registration` SET `popup_seen` = 'yes'
WHERE `user_id` = 'QJ5U9C';
INSERT INTO `login_history` (`user_id`, `device`, `ip_address`, `date`) VALUES ('UQO7EQ', 'Mozilla/5.0 (Linux; Android 10; K) AppleWebKit/537.36 (KHTML, like Gecko) Chrome/131.0.0.0 Mobile Safari/537.36', '172.69.132.137', '25-04-18 06:07');
UPDATE `user_registration` SET `popup_seen` = 'yes'
WHERE `user_id` = 'UQO7EQ';
UPDATE `user_registration` SET `popup_seen` = 'yes'
WHERE `user_id` = 'UQO7EQ';
UPDATE `user_registration` SET `popup_seen` = 'yes'
WHERE `user_id` = 'UQO7EQ';
UPDATE `user_registration` SET `popup_seen` = 'no'
WHERE `user_id` = 'UQO7EQ';
DELETE FROM `ci_sessions`
WHERE `id` = '426f0f10b53a77edc435666481cc7c7f7d1a3186';
INSERT INTO `login_history` (`user_id`, `device`, `ip_address`, `date`) VALUES ('JHRDHS', 'Mozilla/5.0 (iPhone; CPU iPhone OS 18_3_2 like Mac OS X) AppleWebKit/605.1.15 (KHTML, like Gecko) Version/18.3.1 Mobile/15E148 Safari/604.1', '172.69.70.248', '25-04-18 07:36');
UPDATE `user_registration` SET `popup_seen` = 'yes'
WHERE `user_id` = 'JHRDHS';
UPDATE `user_registration` SET `popup_seen` = 'yes'
WHERE `user_id` = 'JHRDHS';
INSERT INTO `login_history` (`user_id`, `device`, `ip_address`, `date`) VALUES ('K55EDD', 'Mozilla/5.0 (iPhone; CPU iPhone OS 18_3_2 like Mac OS X) AppleWebKit/605.1.15 (KHTML, like Gecko) Version/18.3.1 Mobile/15E148 Safari/604.1', '172.68.12.143', '25-04-18 08:07');
UPDATE `user_registration` SET `popup_seen` = 'yes'
WHERE `user_id` = 'K55EDD';
UPDATE `user_registration` SET `popup_seen` = 'yes'
WHERE `user_id` = 'K55EDD';
UPDATE `user_registration` SET `popup_seen` = 'yes'
WHERE `user_id` = 'K55EDD';
INSERT INTO `login_history` (`user_id`, `device`, `ip_address`, `date`) VALUES ('4VE7D1', 'Mozilla/5.0 (iPhone; CPU iPhone OS 18_3_2 like Mac OS X) AppleWebKit/605.1.15 (KHTML, like Gecko) Version/18.3.1 Mobile/15E148 Safari/604.1', '172.68.7.138', '25-04-18 08:17');
UPDATE `user_registration` SET `popup_seen` = 'yes'
WHERE `user_id` = '4VE7D1';
INSERT INTO `login_history` (`user_id`, `device`, `ip_address`, `date`) VALUES ('UQO7EQ', 'Mozilla/5.0 (Linux; Android 10; K) AppleWebKit/537.36 (KHTML, like Gecko) Chrome/131.0.0.0 Mobile Safari/537.36', '172.68.12.145', '25-04-18 08:43');
UPDATE `user_registration` SET `popup_seen` = 'yes'
WHERE `user_id` = 'UQO7EQ';
UPDATE `user_registration` SET `popup_seen` = 'yes'
WHERE `user_id` = 'UQO7EQ';
UPDATE `user_registration` SET `popup_seen` = 'no'
WHERE `user_id` = 'UQO7EQ';
DELETE FROM `ci_sessions`
WHERE `id` = '7caaa61dfae406c678face3201e81d307e7c54c3';
INSERT INTO `login_history` (`user_id`, `device`, `ip_address`, `date`) VALUES ('UQO7EQ', 'Mozilla/5.0 (Linux; Android 10; K) AppleWebKit/537.36 (KHTML, like Gecko) Chrome/131.0.0.0 Mobile Safari/537.36', '172.70.254.95', '25-04-18 11:11');
UPDATE `user_registration` SET `popup_seen` = 'yes'
WHERE `user_id` = 'UQO7EQ';
UPDATE `user_registration` SET `popup_seen` = 'yes'
WHERE `user_id` = 'UQO7EQ';
UPDATE `user_registration` SET `popup_seen` = 'no'
WHERE `user_id` = 'UQO7EQ';
DELETE FROM `ci_sessions`
WHERE `id` = 'cadb96339e8e47b15c26faf929e2d3a62003c853';
INSERT INTO `login_history` (`user_id`, `device`, `ip_address`, `date`) VALUES ('4VE7D1', 'Mozilla/5.0 (iPhone; CPU iPhone OS 18_3_2 like Mac OS X) AppleWebKit/605.1.15 (KHTML, like Gecko) Version/18.3.1 Mobile/15E148 Safari/604.1', '172.70.83.152', '25-04-18 11:22');
UPDATE `user_registration` SET `popup_seen` = 'yes'
WHERE `user_id` = '4VE7D1';
INSERT INTO `login_history` (`user_id`, `device`, `ip_address`, `date`) VALUES ('UQO7EQ', 'Mozilla/5.0 (Windows NT 10.0; Win64; x64) AppleWebKit/537.36 (KHTML, like Gecko) Chrome/135.0.0.0 Safari/537.36 Edg/135.0.0.0', '172.68.7.41', '25-04-18 11:32');
UPDATE `user_registration` SET `popup_seen` = 'yes'
WHERE `user_id` = 'UQO7EQ';
UPDATE `user_registration` SET `popup_seen` = 'no'
WHERE `user_id` = 'UQO7EQ';
DELETE FROM `ci_sessions`
WHERE `id` = '20624aa61519034903a35b440338850501a34037';
INSERT INTO `login_history` (`user_id`, `device`, `ip_address`, `date`) VALUES ('9I44XH', 'Mozilla/5.0 (Linux; Android 10; K) AppleWebKit/537.36 (KHTML, like Gecko) Chrome/135.0.0.0 Mobile Safari/537.36', '172.70.255.162', '25-04-18 13:37');
UPDATE `user_registration` SET `popup_seen` = 'yes'
WHERE `user_id` = '9I44XH';
UPDATE `ci_sessions` SET `timestamp` = 1745002132, `data` = '__ci_last_regenerate|i:1745002132;id|s:4:\"2329\";user_id|s:6:\"9I44XH\";username|s:7:\"Taymigg\";sponsor_id|s:6:\"DSVFR5\";fullname|s:12:\"Taymi Garcia\";email|s:25:\"taymigonzalez71@gmail.com\";phone|s:10:\"7864404824\";isLogIn|b:1;message|s:20:\"Welcome Taymi Garcia\";__ci_vars|a:1:{s:7:\"message\";s:3:\"old\";}'
WHERE `id` = '4099fc5565b11e177d3f1d73c32feb13ceb5d850';
UPDATE `ci_sessions` SET `timestamp` = 1745002543, `data` = '__ci_last_regenerate|i:1745002543;captcha|s:4:\"nfg8\";'
WHERE `id` = 'aa3dbf09871908495347c5e451cecc1adfdb0bfb';
UPDATE `ci_sessions` SET `timestamp` = 1745003034, `data` = '__ci_last_regenerate|i:1745003034;exception|s:31:\"Incorrect Username Or Password!\";__ci_vars|a:1:{s:9:\"exception\";s:3:\"old\";}captcha|s:4:\"exlg\";'
WHERE `id` = 'a12fe1225ffbabbe85b3d6ba679321b607c01162';
UPDATE `ci_sessions` SET `timestamp` = 1745003159, `data` = '__ci_last_regenerate|i:1745003159;captcha|s:4:\"2v3w\";'
WHERE `id` = '99c1097e07e21fb524e988d564dd923f1f9b8933';
UPDATE `ci_sessions` SET `timestamp` = 1745004228, `data` = '__ci_last_regenerate|i:1745004228;captcha|s:4:\"opj6\";'
WHERE `id` = '2c65eab9fd61a3c3eb8034f6db71316b1fc6c3c2';
INSERT INTO `login_history` (`user_id`, `device`, `ip_address`, `date`) VALUES ('JHRDHS', 'Mozilla/5.0 (iPhone; CPU iPhone OS 18_3_2 like Mac OS X) AppleWebKit/605.1.15 (KHTML, like Gecko) Version/18.3.1 Mobile/15E148 Safari/604.1', '172.68.7.17', '25-04-18 14:23');
UPDATE `user_registration` SET `popup_seen` = 'yes'
WHERE `user_id` = 'JHRDHS';
INSERT INTO `login_history` (`user_id`, `device`, `ip_address`, `date`) VALUES ('UQO7EQ', 'Mozilla/5.0 (Windows NT 10.0; Win64; x64) AppleWebKit/537.36 (KHTML, like Gecko) Chrome/135.0.0.0 Safari/537.36 Edg/135.0.0.0', '172.70.83.48', '25-04-18 14:52');
UPDATE `user_registration` SET `popup_seen` = 'yes'
WHERE `user_id` = 'UQO7EQ';
UPDATE `user_registration` SET `popup_seen` = 'no'
WHERE `user_id` = 'UQO7EQ';
DELETE FROM `ci_sessions`
WHERE `id` = 'c9e0bc5ead6d46ccbf38d1d6316e6121ca8e95bc';
UPDATE `ci_sessions` SET `timestamp` = 1745009130, `data` = '__ci_last_regenerate|i:1745009130;captcha|s:4:\"rm3q\";'
WHERE `id` = 'b076a8108c81b6e61746372366ae94e51c5c0729';
INSERT INTO `verify_tbl` (`ip_address`, `user_id`, `session_id`, `verify_code`, `data`, `date`) VALUES ('172.71.31.126', 'LBY7TN', 'not_logged_in', 's8TRyIEM', '{\"uid\":\"2096\",\"user_id\":\"LBY7TN\",\"username\":\"Martica1\",\"vacant\":\"no\",\"position\":\"left\",\"placement_id\":\"UTF7YN\",\"sponsor_id\":\"CVVK4C\",\"f_name\":\"Martha\",\"l_name\":\"Ospina\",\"email\":\"realtororlando1@gmail.com\",\"binary_qualified\":\"no\",\"binary_qualified_date\":null,\"language\":\"english\",\"phone\":\"4078005302\",\"gender\":\"\",\"profile_url\":\"\",\"password\":\"f41a5fe7dfaf1f12a8c183db32d604f5\",\"password_reset_tocken\":null,\"trans_password\":\"\",\"reg_ip\":\"172.69.70.211\",\"status\":\"1\",\"active_status\":\"yes\",\"created\":\"2025-02-17 20:16:27\",\"modified\":\"0000-00-00 00:00:00\",\"invest_amount\":\"0\",\"commission_balance\":\"0\",\"current_period_amount\":\"0\",\"active_balance\":\"0\",\"picture_url\":\"\",\"balance_amount\":\"0\",\"total_points\":\"200\",\"country\":\"United States\",\"state\":\"Florida\",\"city\":\"Orlando\",\"street\":\"Por OBOX   590523\",\"zip_code\":\"32959\",\"address\":\"\",\"package_id\":\"2\",\"total_ref_count\":\"0\",\"left_ref_count\":\"0\",\"right_ref_count\":\"0\",\"total_downlines\":\"0\",\"left_downlines\":\"0\",\"right_downlines\":\"0\",\"active_left\":\"0\",\"active_right\":\"0\",\"rank_id\":\"1\",\"highest_rank\":\"1\",\"cycle_rank_id\":\"1\",\"default_leg\":\"left\",\"master_distributor\":\"no\",\"md_balance\":\"0\",\"google_secret\":\"WBNEZNOGWLC5UIRS\",\"twofa_enabled\":\"no\",\"popup_seen\":\"yes\",\"qr_url\":\"\",\"dashboard_theme\":\"dark-layout\",\"block_status\":\"no\",\"blocked_date\":null,\"subscription_date\":\"2025-04-28\",\"product_points\":\"0\",\"referral_bonus\":\"0\",\"residual_bonus\":\"0\",\"expansion_bonus\":\"0\",\"utility_bonus\":\"0\",\"pool_bonus\":\"0\",\"rank_bonus\":\"0\",\"reward_point\":\"\",\"benefit_points\":\"0\",\"sub_point\":\"150\",\"user_type\":\"affiliate\",\"customer_ref_count\":\"0\"}', '2025-04-18 03:48:43');
UPDATE `user_registration` SET `password` = '61ebfd00a6a0f889d11f14cb9c614c84'
WHERE `user_id` = 'LBY7TN';
UPDATE `verify_tbl` SET `status` = 0
WHERE `id` = '35';
INSERT INTO `login_history` (`user_id`, `device`, `ip_address`, `date`) VALUES ('4VE7D1', 'Mozilla/5.0 (iPhone; CPU iPhone OS 18_3_2 like Mac OS X) AppleWebKit/605.1.15 (KHTML, like Gecko) Version/18.3.1 Mobile/15E148 Safari/604.1', '172.70.254.136', '25-04-18 16:04');
UPDATE `user_registration` SET `popup_seen` = 'yes'
WHERE `user_id` = '4VE7D1';
UPDATE `ci_sessions` SET `timestamp` = 1745010766, `data` = '__ci_last_regenerate|i:1745010766;captcha|s:4:\"q21b\";'
WHERE `id` = '1831a38b0047c6c99af642a66d9f70cdada74d19';
INSERT INTO `login_history` (`user_id`, `device`, `ip_address`, `date`) VALUES ('UQO7EQ', 'Mozilla/5.0 (Windows NT 10.0; Win64; x64) AppleWebKit/537.36 (KHTML, like Gecko) Chrome/135.0.0.0 Safari/537.36', '172.68.7.62', '25-04-18 16:13');
UPDATE `user_registration` SET `popup_seen` = 'yes'
WHERE `user_id` = 'UQO7EQ';
UPDATE `user_registration` SET `popup_seen` = 'no'
WHERE `user_id` = 'UQO7EQ';
DELETE FROM `ci_sessions`
WHERE `id` = 'e95c895649b3cf4d4e2565262469b0ff775e27d2';
UPDATE `ci_sessions` SET `timestamp` = 1745011590, `data` = '__ci_last_regenerate|i:1745011590;captcha|s:4:\"u8p4\";'
WHERE `id` = '9668f55732709a73ce3fbbe56f4490a226fd42e6';
INSERT INTO `login_history` (`user_id`, `device`, `ip_address`, `date`) VALUES ('UQO7EQ', 'Mozilla/5.0 (Windows NT 10.0; Win64; x64) AppleWebKit/537.36 (KHTML, like Gecko) Chrome/135.0.0.0 Safari/537.36', '172.70.82.148', '25-04-18 16:26');
UPDATE `user_registration` SET `popup_seen` = 'yes'
WHERE `user_id` = 'UQO7EQ';
UPDATE `ci_sessions` SET `timestamp` = 1745012279, `data` = '__ci_last_regenerate|i:1745012279;id|s:4:\"2042\";user_id|s:6:\"UQO7EQ\";username|s:6:\"Rafa51\";sponsor_id|s:6:\"N6GZAE\";fullname|s:16:\"Rafael Rodriguez\";email|s:18:\"rafagana@yahoo.com\";phone|s:10:\"3057610606\";isLogIn|b:1;message|s:24:\"Welcome Rafael Rodriguez\";__ci_vars|a:1:{s:7:\"message\";s:3:\"old\";}'
WHERE `id` = '1ce2a50500de7234a425cc375c5061b01cb382f2';
UPDATE `user_registration` SET `popup_seen` = 'no'
WHERE `user_id` = 'UQO7EQ';
DELETE FROM `ci_sessions`
WHERE `id` = 'e10e6c239c21850391144132245545b37df26c27';
UPDATE `ci_sessions` SET `timestamp` = 1745013297, `data` = '__ci_last_regenerate|i:1745013297;captcha|s:4:\"kau7\";'
WHERE `id` = '3a28c8793beacee1249965d303cb09049fe863a2';
INSERT INTO `login_history` (`user_id`, `device`, `ip_address`, `date`) VALUES ('ETPYLQ', 'Mozilla/5.0 (Windows NT 10.0; Win64; x64) AppleWebKit/537.36 (KHTML, like Gecko) Chrome/135.0.0.0 Safari/537.36 Edg/135.0.0.0', '172.70.82.9', '25-04-18 16:54');
UPDATE `user_registration` SET `popup_seen` = 'yes'
WHERE `user_id` = 'ETPYLQ';
UPDATE `ci_sessions` SET `timestamp` = 1745015003, `data` = '__ci_last_regenerate|i:1745015003;id|s:4:\"2186\";user_id|s:6:\"ETPYLQ\";username|s:16:\"JorgeLRMarrero47\";sponsor_id|s:6:\"QJ5U9C\";fullname|s:28:\"Jorge Luis Rodriguez Marrero\";email|s:24:\"jorgelrmarrero@gmail.com\";phone|s:10:\"7864700920\";isLogIn|b:1;'
WHERE `id` = 'e2f0a5ce352d764bd88d28543d400234111b667c';
UPDATE `user_registration` SET `popup_seen` = 'yes'
WHERE `user_id` = 'ETPYLQ';
UPDATE `user_registration` SET `popup_seen` = 'yes'
WHERE `user_id` = 'ETPYLQ';
INSERT INTO `login_history` (`user_id`, `device`, `ip_address`, `date`) VALUES ('UQO7EQ', 'Mozilla/5.0 (Linux; Android 10; K) AppleWebKit/537.36 (KHTML, like Gecko) Chrome/131.0.0.0 Mobile Safari/537.36', '172.70.255.161', '25-04-18 18:41');
UPDATE `user_registration` SET `popup_seen` = 'yes'
WHERE `user_id` = 'UQO7EQ';
UPDATE `user_registration` SET `popup_seen` = 'yes'
WHERE `user_id` = 'UQO7EQ';
UPDATE `user_registration` SET `popup_seen` = 'no'
WHERE `user_id` = 'UQO7EQ';
DELETE FROM `ci_sessions`
WHERE `id` = '25bcf3533614343a28bb3846ed75210dbcf9a50f';
INSERT INTO `login_history` (`user_id`, `device`, `ip_address`, `date`) VALUES ('K55EDD', 'Mozilla/5.0 (iPhone; CPU iPhone OS 18_3_2 like Mac OS X) AppleWebKit/605.1.15 (KHTML, like Gecko) Version/18.3.1 Mobile/15E148 Safari/604.1', '172.71.156.142', '25-04-18 18:45');
UPDATE `user_registration` SET `popup_seen` = 'yes'
WHERE `user_id` = 'K55EDD';
UPDATE `user_registration` SET `popup_seen` = 'yes'
WHERE `user_id` = 'K55EDD';
UPDATE `ci_sessions` SET `timestamp` = 1745020293, `data` = '__ci_last_regenerate|i:1745020293;id|s:4:\"2052\";user_id|s:6:\"K55EDD\";username|s:10:\"Varadero20\";sponsor_id|s:6:\"UQO7EQ\";fullname|s:16:\"Francisco Prieto\";email|s:24:\"prieto112015@hotmail.com\";phone|s:10:\"3059264135\";isLogIn|b:1;'
WHERE `id` = 'f6865f08a7c3f9bc721c9345cee4abdfce26a19d';
UPDATE `user_registration` SET `popup_seen` = 'yes'
WHERE `user_id` = 'K55EDD';
UPDATE `user_registration` SET `popup_seen` = 'yes'
WHERE `user_id` = 'K55EDD';
UPDATE `user_registration` SET `popup_seen` = 'no'
WHERE `user_id` = 'K55EDD';
DELETE FROM `ci_sessions`
WHERE `id` = 'ed3f81ea175e4e538a5b500bc83ad3d5dd10731a';
INSERT INTO `login_history` (`user_id`, `device`, `ip_address`, `date`) VALUES ('44B9Y4', 'Mozilla/5.0 (Windows NT 10.0; Win64; x64) AppleWebKit/537.36 (KHTML, like Gecko) Chrome/135.0.0.0 Safari/537.36', '172.70.255.194', '25-04-18 19:04');
UPDATE `user_registration` SET `popup_seen` = 'yes'
WHERE `user_id` = '44B9Y4';
UPDATE `ci_sessions` SET `timestamp` = 1745022393, `data` = '__ci_last_regenerate|i:1745022393;captcha|s:4:\"3o5b\";'
WHERE `id` = '5681ba2f0738787b9a4ae83d063c3e2b867203e1';
UPDATE `ci_sessions` SET `timestamp` = 1745026447, `data` = '__ci_last_regenerate|i:1745026447;captcha|s:4:\"uvvi\";'
WHERE `id` = '5697236fe301af634234188278871f56bbcdfcf2';
INSERT INTO `login_history` (`user_id`, `device`, `ip_address`, `date`) VALUES ('UQO7EQ', 'Mozilla/5.0 (Linux; Android 10; K) AppleWebKit/537.36 (KHTML, like Gecko) Chrome/131.0.0.0 Mobile Safari/537.36', '172.70.254.132', '25-04-18 20:34');
UPDATE `user_registration` SET `popup_seen` = 'yes'
WHERE `user_id` = 'UQO7EQ';
UPDATE `user_registration` SET `popup_seen` = 'yes'
WHERE `user_id` = 'UQO7EQ';
UPDATE `ci_sessions` SET `timestamp` = 1745032544, `data` = '__ci_last_regenerate|i:1745032544;id|s:4:\"2042\";user_id|s:6:\"UQO7EQ\";username|s:6:\"Rafa51\";sponsor_id|s:6:\"N6GZAE\";fullname|s:16:\"Rafael Rodriguez\";email|s:18:\"rafagana@yahoo.com\";phone|s:10:\"3057610606\";isLogIn|b:1;'
WHERE `id` = '6529b56fbc7745b55b45cdf06077bbd470d9fae1';
UPDATE `user_registration` SET `popup_seen` = 'yes'
WHERE `user_id` = 'UQO7EQ';
UPDATE `user_registration` SET `popup_seen` = 'yes'
WHERE `user_id` = 'UQO7EQ';
UPDATE `user_registration` SET `popup_seen` = 'no'
WHERE `user_id` = 'UQO7EQ';
DELETE FROM `ci_sessions`
WHERE `id` = '454e80c2f9241b16069126e4f526eeb60764728c';
INSERT INTO `login_history` (`user_id`, `device`, `ip_address`, `date`) VALUES ('UQO7EQ', 'Mozilla/5.0 (Linux; Android 10; K) AppleWebKit/537.36 (KHTML, like Gecko) Chrome/131.0.0.0 Mobile Safari/537.36', '172.68.12.133', '25-04-18 22:16');
UPDATE `user_registration` SET `popup_seen` = 'yes'
WHERE `user_id` = 'UQO7EQ';
UPDATE `user_registration` SET `popup_seen` = 'yes'
WHERE `user_id` = 'UQO7EQ';
UPDATE `user_registration` SET `popup_seen` = 'no'
WHERE `user_id` = 'UQO7EQ';
DELETE FROM `ci_sessions`
WHERE `id` = '39faf2f2ebd021d1b1bed9c7c04d09f68266a36a';
INSERT INTO `login_history` (`user_id`, `device`, `ip_address`, `date`) VALUES ('UQO7EQ', 'Mozilla/5.0 (Windows NT 10.0; Win64; x64) AppleWebKit/537.36 (KHTML, like Gecko) Chrome/135.0.0.0 Safari/537.36', '172.68.7.63', '25-04-18 22:41');
UPDATE `user_registration` SET `popup_seen` = 'yes'
WHERE `user_id` = 'UQO7EQ';
UPDATE `user_registration` SET `popup_seen` = 'yes'
WHERE `user_id` = 'UQO7EQ';
UPDATE `user_registration` SET `popup_seen` = 'no'
WHERE `user_id` = 'UQO7EQ';
DELETE FROM `ci_sessions`
WHERE `id` = '70565c89952e73e8b561f5e2d5c518d87086e077';
INSERT INTO `cron_job_history` (`name`, `date_started`, `status`) VALUES ('backup', '2025-04-19 00:00:01', 'started');
UPDATE `cron_job_history` SET `status` = 'done', `date_end` = '2025-04-19 00:00:02'
WHERE `id` = 332;
INSERT INTO `cron_job_history` (`name`, `date_started`, `status`) VALUES ('deduct_sub_amt_from_ewallet', '2025-04-19 00:05:02', 'started');
UPDATE `user_registration` SET `sub_point` = 0, `active_status` = 'no'
WHERE `user_id` = '35H9RV';
INSERT INTO `inactive_history` (`user_id`, `commission_balance`, `amount`, `date`) VALUES ('35H9RV', '97.5', '150', '2025-04-19 00:05:02');
UPDATE `user_registration` SET `sub_point` = 0, `active_status` = 'no'
WHERE `user_id` = 'SJBNYJ';
INSERT INTO `inactive_history` (`user_id`, `commission_balance`, `amount`, `date`) VALUES ('SJBNYJ', '50', '150', '2025-04-19 00:05:02');
UPDATE `user_registration` SET `sub_point` = 0, `active_status` = 'no'
WHERE `user_id` = '45E8V2';
INSERT INTO `inactive_history` (`user_id`, `commission_balance`, `amount`, `date`) VALUES ('45E8V2', '50', '150', '2025-04-19 00:05:02');
UPDATE `user_registration` SET `sub_point` = 0, `active_status` = 'no'
WHERE `user_id` = 'XVTJOY';
INSERT INTO `inactive_history` (`user_id`, `commission_balance`, `amount`, `date`) VALUES ('XVTJOY', '100', '150', '2025-04-19 00:05:03');
UPDATE `user_registration` SET `sub_point` = 0, `active_status` = 'no'
WHERE `user_id` = '4E1CRI';
INSERT INTO `inactive_history` (`user_id`, `commission_balance`, `amount`, `date`) VALUES ('4E1CRI', '100', '150', '2025-04-19 00:05:03');
UPDATE `user_registration` SET `sub_point` = 0, `active_status` = 'no'
WHERE `user_id` = 'PBFKSY';
INSERT INTO `inactive_history` (`user_id`, `commission_balance`, `amount`, `date`) VALUES ('PBFKSY', '0', '150', '2025-04-19 00:05:03');
UPDATE `user_registration` SET `sub_point` = 0, `active_status` = 'no'
WHERE `user_id` = 'R37QLI';
INSERT INTO `inactive_history` (`user_id`, `commission_balance`, `amount`, `date`) VALUES ('R37QLI', '80', '150', '2025-04-19 00:05:04');
UPDATE `user_registration` SET `sub_point` = 0, `active_status` = 'no'
WHERE `user_id` = 'Q6D63V';
INSERT INTO `inactive_history` (`user_id`, `commission_balance`, `amount`, `date`) VALUES ('Q6D63V', '100', '150', '2025-04-19 00:05:04');
UPDATE `user_registration` SET `sub_point` = 0, `active_status` = 'no'
WHERE `user_id` = 'Q834IS';
INSERT INTO `inactive_history` (`user_id`, `commission_balance`, `amount`, `date`) VALUES ('Q834IS', '0', '50', '2025-04-19 00:05:04');
UPDATE `user_registration` SET `sub_point` = 0, `active_status` = 'no'
WHERE `user_id` = 'MT8QJF';
INSERT INTO `inactive_history` (`user_id`, `commission_balance`, `amount`, `date`) VALUES ('MT8QJF', '0', '150', '2025-04-19 00:05:05');
UPDATE `user_registration` SET `sub_point` = 0, `active_status` = 'no'
WHERE `user_id` = 'OWF3OA';
INSERT INTO `inactive_history` (`user_id`, `commission_balance`, `amount`, `date`) VALUES ('OWF3OA', '0', '150', '2025-04-19 00:05:05');
UPDATE `user_registration` SET `sub_point` = 0, `active_status` = 'no'
WHERE `user_id` = 'HUDVJU';
INSERT INTO `inactive_history` (`user_id`, `commission_balance`, `amount`, `date`) VALUES ('HUDVJU', '30', '50', '2025-04-19 00:05:06');
UPDATE `user_registration` SET `sub_point` = 0, `active_status` = 'no'
WHERE `user_id` = 'IEVPMD';
INSERT INTO `inactive_history` (`user_id`, `commission_balance`, `amount`, `date`) VALUES ('IEVPMD', '0', '150', '2025-04-19 00:05:06');
UPDATE `user_registration` SET `sub_point` = 0, `active_status` = 'no'
WHERE `user_id` = 'HQTCGF';
INSERT INTO `inactive_history` (`user_id`, `commission_balance`, `amount`, `date`) VALUES ('HQTCGF', '0', '150', '2025-04-19 00:05:06');
UPDATE `user_registration` SET `sub_point` = 0, `active_status` = 'no'
WHERE `user_id` = 'L2MNP5';
INSERT INTO `inactive_history` (`user_id`, `commission_balance`, `amount`, `date`) VALUES ('L2MNP5', '100', '150', '2025-04-19 00:05:07');
UPDATE `user_registration` SET `sub_point` = 0, `active_status` = 'no'
WHERE `user_id` = 'PUJNHI';
INSERT INTO `inactive_history` (`user_id`, `commission_balance`, `amount`, `date`) VALUES ('PUJNHI', '40', '150', '2025-04-19 00:05:07');
UPDATE `user_registration` SET `sub_point` = 0, `active_status` = 'no'
WHERE `user_id` = 'WC5BL7';
INSERT INTO `inactive_history` (`user_id`, `commission_balance`, `amount`, `date`) VALUES ('WC5BL7', '0', '50', '2025-04-19 00:05:08');
UPDATE `user_registration` SET `sub_point` = 0, `active_status` = 'no'
WHERE `user_id` = 'W17SG2';
INSERT INTO `inactive_history` (`user_id`, `commission_balance`, `amount`, `date`) VALUES ('W17SG2', '0', '150', '2025-04-19 00:05:08');
UPDATE `user_registration` SET `sub_point` = 0, `active_status` = 'no'
WHERE `user_id` = 'PR92IO';
INSERT INTO `inactive_history` (`user_id`, `commission_balance`, `amount`, `date`) VALUES ('PR92IO', '0', '50', '2025-04-19 00:05:08');
UPDATE `user_registration` SET `sub_point` = 0, `active_status` = 'no'
WHERE `user_id` = 'UTF7YN';
INSERT INTO `inactive_history` (`user_id`, `commission_balance`, `amount`, `date`) VALUES ('UTF7YN', '0', '150', '2025-04-19 00:05:08');
UPDATE `user_registration` SET `sub_point` = 0, `active_status` = 'no'
WHERE `user_id` = 'L8NRSC';
INSERT INTO `inactive_history` (`user_id`, `commission_balance`, `amount`, `date`) VALUES ('L8NRSC', '50', '150', '2025-04-19 00:05:09');
UPDATE `user_registration` SET `sub_point` = 0, `active_status` = 'no'
WHERE `user_id` = '6H3N98';
INSERT INTO `inactive_history` (`user_id`, `commission_balance`, `amount`, `date`) VALUES ('6H3N98', '100', '150', '2025-04-19 00:05:09');
UPDATE `user_registration` SET `sub_point` = 0, `active_status` = 'no'
WHERE `user_id` = '8RVNYT';
INSERT INTO `inactive_history` (`user_id`, `commission_balance`, `amount`, `date`) VALUES ('8RVNYT', '0', '150', '2025-04-19 00:05:09');
UPDATE `user_registration` SET `sub_point` = 0, `active_status` = 'no'
WHERE `user_id` = '2MBPZI';
INSERT INTO `inactive_history` (`user_id`, `commission_balance`, `amount`, `date`) VALUES ('2MBPZI', '0', '150', '2025-04-19 00:05:10');
UPDATE `user_registration` SET `sub_point` = 0, `active_status` = 'no'
WHERE `user_id` = 'Q82ZV9';
INSERT INTO `inactive_history` (`user_id`, `commission_balance`, `amount`, `date`) VALUES ('Q82ZV9', '20', '50', '2025-04-19 00:05:10');
UPDATE `user_registration` SET `sub_point` = 0, `active_status` = 'no'
WHERE `user_id` = 'IWTOLP';
INSERT INTO `inactive_history` (`user_id`, `commission_balance`, `amount`, `date`) VALUES ('IWTOLP', '0', '50', '2025-04-19 00:05:10');
UPDATE `user_registration` SET `sub_point` = 0, `active_status` = 'no'
WHERE `user_id` = '9QPRWH';
INSERT INTO `inactive_history` (`user_id`, `commission_balance`, `amount`, `date`) VALUES ('9QPRWH', '0', '150', '2025-04-19 00:05:10');
UPDATE `user_registration` SET `sub_point` = 0, `active_status` = 'no'
WHERE `user_id` = 'WDEXJT';
INSERT INTO `inactive_history` (`user_id`, `commission_balance`, `amount`, `date`) VALUES ('WDEXJT', '0', '150', '2025-04-19 00:05:11');
UPDATE `user_registration` SET `sub_point` = 0, `active_status` = 'no'
WHERE `user_id` = '8D7CNL';
INSERT INTO `inactive_history` (`user_id`, `commission_balance`, `amount`, `date`) VALUES ('8D7CNL', '100', '150', '2025-04-19 00:05:11');
UPDATE `user_registration` SET `sub_point` = 0, `active_status` = 'no'
WHERE `user_id` = 'UJXP99';
INSERT INTO `inactive_history` (`user_id`, `commission_balance`, `amount`, `date`) VALUES ('UJXP99', '0', '50', '2025-04-19 00:05:11');
UPDATE `user_registration` SET `sub_point` = 0, `active_status` = 'no'
WHERE `user_id` = 'L268VW';
INSERT INTO `inactive_history` (`user_id`, `commission_balance`, `amount`, `date`) VALUES ('L268VW', '0', '50', '2025-04-19 00:05:12');
UPDATE `user_registration` SET `sub_point` = 0, `active_status` = 'no'
WHERE `user_id` = 'UVJ6L9';
INSERT INTO `inactive_history` (`user_id`, `commission_balance`, `amount`, `date`) VALUES ('UVJ6L9', '0', '50', '2025-04-19 00:05:12');
UPDATE `user_registration` SET `sub_point` = 0, `active_status` = 'no'
WHERE `user_id` = 'ULHSH2';
INSERT INTO `inactive_history` (`user_id`, `commission_balance`, `amount`, `date`) VALUES ('ULHSH2', '0', '150', '2025-04-19 00:05:12');
UPDATE `user_registration` SET `sub_point` = 0, `active_status` = 'no'
WHERE `user_id` = 'H1XYDK';
INSERT INTO `inactive_history` (`user_id`, `commission_balance`, `amount`, `date`) VALUES ('H1XYDK', '0', '50', '2025-04-19 00:05:12');
UPDATE `user_registration` SET `sub_point` = 0, `active_status` = 'no'
WHERE `user_id` = '3UFB1M';
INSERT INTO `inactive_history` (`user_id`, `commission_balance`, `amount`, `date`) VALUES ('3UFB1M', '100', '150', '2025-04-19 00:05:13');
UPDATE `user_registration` SET `sub_point` = 0, `active_status` = 'no'
WHERE `user_id` = 'LEOFNI';
INSERT INTO `inactive_history` (`user_id`, `commission_balance`, `amount`, `date`) VALUES ('LEOFNI', '0', '150', '2025-04-19 00:05:13');
UPDATE `user_registration` SET `sub_point` = 0, `active_status` = 'no'
WHERE `user_id` = '75X85X';
INSERT INTO `inactive_history` (`user_id`, `commission_balance`, `amount`, `date`) VALUES ('75X85X', '0', '50', '2025-04-19 00:05:13');
UPDATE `user_registration` SET `sub_point` = 0, `active_status` = 'no'
WHERE `user_id` = 'UC1QRN';
INSERT INTO `inactive_history` (`user_id`, `commission_balance`, `amount`, `date`) VALUES ('UC1QRN', '0', '150', '2025-04-19 00:05:14');
UPDATE `user_registration` SET `sub_point` = 0, `active_status` = 'no'
WHERE `user_id` = '7YU16B';
INSERT INTO `inactive_history` (`user_id`, `commission_balance`, `amount`, `date`) VALUES ('7YU16B', '0', '50', '2025-04-19 00:05:14');
UPDATE `user_registration` SET `sub_point` = 0, `active_status` = 'no'
WHERE `user_id` = 'OEM6F6';
INSERT INTO `inactive_history` (`user_id`, `commission_balance`, `amount`, `date`) VALUES ('OEM6F6', '0', '50', '2025-04-19 00:05:14');
UPDATE `user_registration` SET `sub_point` = 0, `active_status` = 'no'
WHERE `user_id` = 'XMN3MK';
INSERT INTO `inactive_history` (`user_id`, `commission_balance`, `amount`, `date`) VALUES ('XMN3MK', '0', '150', '2025-04-19 00:05:14');
UPDATE `user_registration` SET `sub_point` = 0, `active_status` = 'no'
WHERE `user_id` = '7SMFPM';
INSERT INTO `inactive_history` (`user_id`, `commission_balance`, `amount`, `date`) VALUES ('7SMFPM', '0', '50', '2025-04-19 00:05:15');
UPDATE `user_registration` SET `sub_point` = 0, `active_status` = 'no'
WHERE `user_id` = 'WS9KK9';
INSERT INTO `inactive_history` (`user_id`, `commission_balance`, `amount`, `date`) VALUES ('WS9KK9', '0', '150', '2025-04-19 00:05:15');
UPDATE `user_registration` SET `sub_point` = 0, `active_status` = 'no'
WHERE `user_id` = 'OHI8SE';
INSERT INTO `inactive_history` (`user_id`, `commission_balance`, `amount`, `date`) VALUES ('OHI8SE', '20', '150', '2025-04-19 00:05:15');
UPDATE `user_registration` SET `sub_point` = 0, `active_status` = 'no'
WHERE `user_id` = 'BJFCEM';
INSERT INTO `inactive_history` (`user_id`, `commission_balance`, `amount`, `date`) VALUES ('BJFCEM', '0', '50', '2025-04-19 00:05:15');
UPDATE `user_registration` SET `sub_point` = 0, `active_status` = 'no'
WHERE `user_id` = '9EDD8W';
INSERT INTO `inactive_history` (`user_id`, `commission_balance`, `amount`, `date`) VALUES ('9EDD8W', '0', '50', '2025-04-19 00:05:16');
UPDATE `user_registration` SET `sub_point` = 0, `active_status` = 'no'
WHERE `user_id` = '2QC8SK';
INSERT INTO `inactive_history` (`user_id`, `commission_balance`, `amount`, `date`) VALUES ('2QC8SK', '0', '150', '2025-04-19 00:05:16');
UPDATE `user_registration` SET `sub_point` = 0, `active_status` = 'no'
WHERE `user_id` = 'TOTNOR';
INSERT INTO `inactive_history` (`user_id`, `commission_balance`, `amount`, `date`) VALUES ('TOTNOR', '0', '50', '2025-04-19 00:05:16');
UPDATE `user_registration` SET `sub_point` = 0, `active_status` = 'no'
WHERE `user_id` = '82W7DS';
INSERT INTO `inactive_history` (`user_id`, `commission_balance`, `amount`, `date`) VALUES ('82W7DS', '0', '50', '2025-04-19 00:05:17');
UPDATE `user_registration` SET `sub_point` = 0, `active_status` = 'no'
WHERE `user_id` = 'X5T3ZT';
INSERT INTO `inactive_history` (`user_id`, `commission_balance`, `amount`, `date`) VALUES ('X5T3ZT', '0', '150', '2025-04-19 00:05:17');
UPDATE `user_registration` SET `sub_point` = 0, `active_status` = 'no'
WHERE `user_id` = '4PJDWH';
INSERT INTO `inactive_history` (`user_id`, `commission_balance`, `amount`, `date`) VALUES ('4PJDWH', '0', '150', '2025-04-19 00:05:17');
UPDATE `user_registration` SET `sub_point` = 0, `active_status` = 'no'
WHERE `user_id` = '8R8YQG';
INSERT INTO `inactive_history` (`user_id`, `commission_balance`, `amount`, `date`) VALUES ('8R8YQG', '0', '150', '2025-04-19 00:05:17');
UPDATE `user_registration` SET `sub_point` = 0, `active_status` = 'no'
WHERE `user_id` = 'VZYEPG';
INSERT INTO `inactive_history` (`user_id`, `commission_balance`, `amount`, `date`) VALUES ('VZYEPG', '0', '150', '2025-04-19 00:05:18');
UPDATE `user_registration` SET `sub_point` = 0, `active_status` = 'no'
WHERE `user_id` = 'TB42PA';
INSERT INTO `inactive_history` (`user_id`, `commission_balance`, `amount`, `date`) VALUES ('TB42PA', '0', '150', '2025-04-19 00:05:18');
UPDATE `user_registration` SET `sub_point` = 0, `active_status` = 'no'
WHERE `user_id` = '2KPJZJ';
INSERT INTO `inactive_history` (`user_id`, `commission_balance`, `amount`, `date`) VALUES ('2KPJZJ', '0', '150', '2025-04-19 00:05:18');
UPDATE `user_registration` SET `sub_point` = 0, `active_status` = 'no'
WHERE `user_id` = '8634EF';
INSERT INTO `inactive_history` (`user_id`, `commission_balance`, `amount`, `date`) VALUES ('8634EF', '0', '150', '2025-04-19 00:05:18');
UPDATE `user_registration` SET `sub_point` = 0, `active_status` = 'no'
WHERE `user_id` = '7P1TWW';
INSERT INTO `inactive_history` (`user_id`, `commission_balance`, `amount`, `date`) VALUES ('7P1TWW', '20', '150', '2025-04-19 00:05:19');
UPDATE `user_registration` SET `sub_point` = 0, `active_status` = 'no'
WHERE `user_id` = 'WNT6C4';
INSERT INTO `inactive_history` (`user_id`, `commission_balance`, `amount`, `date`) VALUES ('WNT6C4', '0', '150', '2025-04-19 00:05:19');
UPDATE `user_registration` SET `sub_point` = 0, `active_status` = 'no'
WHERE `user_id` = 'XT3VLL';
INSERT INTO `inactive_history` (`user_id`, `commission_balance`, `amount`, `date`) VALUES ('XT3VLL', '0', '150', '2025-04-19 00:05:19');
UPDATE `user_registration` SET `sub_point` = 0, `active_status` = 'no'
WHERE `user_id` = 'WP5PIA';
INSERT INTO `inactive_history` (`user_id`, `commission_balance`, `amount`, `date`) VALUES ('WP5PIA', '100', '150', '2025-04-19 00:05:20');
UPDATE `user_registration` SET commission_balance = ROUND(commission_balance - 150,2)
WHERE `user_id` = '7ZQOFP';
INSERT INTO `sub_history` (`user_id`, `package_id`, `amount`, `payment_method`, `date`) VALUES ('7ZQOFP', '2', '150', 'Ewallet', '2025-04-19 00:05:20');
UPDATE `user_registration` SET sub_point = ROUND(sub_point + 150,2)
WHERE `user_id` = '7ZQOFP';
INSERT INTO `investment` (`invest_date`, `user_id`, `type`, `amount`, `package_id`) VALUES ('2025-04-19 00:05:20', '7ZQOFP', 'subscription', '150', '2');
UPDATE `user_registration` SET total_points = ROUND(total_points + 150,2)
WHERE `user_id` = '7ZQOFP';
INSERT INTO `points_history` (`user_id`, `points`, `type`, `date`) VALUES ('7ZQOFP', '150', 'subscription', '2025-04-19 00:05:');
UPDATE `bv_updation` SET right_carry = right_carry+150, total_right = total_right+150
WHERE `user_id` = '4N4NX4';
INSERT INTO `placement_bv_update_history` (`right_carry`, `date`, `from_id`, `user_id`) VALUES ('150', '2025-04-19 00:05:20', '7ZQOFP', '4N4NX4');
UPDATE `bv_updation` SET sponsor_right_carry = sponsor_right_carry+150, sponsor_total_right = sponsor_total_right+150
WHERE `user_id` = '4N4NX4';
INSERT INTO `sponsor_bv_update_history` (`right_carry`, `date`, `user_id`) VALUES ('150', '2025-04-19 00:05:20', '4N4NX4');
UPDATE `bv_updation` SET left_carry = left_carry+150, total_left = total_left+150
WHERE `user_id` = 'HRAFD3';
INSERT INTO `placement_bv_update_history` (`left_carry`, `date`, `from_id`, `user_id`) VALUES ('150', '2025-04-19 00:05:20', '7ZQOFP', 'HRAFD3');
UPDATE `user_registration` SET `cycle_rank_id` = '1'
WHERE `user_id` = 'HRAFD3';
INSERT INTO `rank_history` (`rank_id`, `user_id`, `name`, `bv`, `date`, `amount`, `type`) VALUES ('1', 'HRAFD3', 'Affiliate', '0', '2025-04-19 00:05:20', '0', 'auto');
UPDATE `bv_updation` SET right_carry = right_carry+150, total_right = total_right+150
WHERE `user_id` = 'F7LGEE';
INSERT INTO `placement_bv_update_history` (`right_carry`, `date`, `from_id`, `user_id`) VALUES ('150', '2025-04-19 00:05:20', '7ZQOFP', 'F7LGEE');
UPDATE `user_registration` SET `cycle_rank_id` = '1'
WHERE `user_id` = 'F7LGEE';
INSERT INTO `rank_history` (`rank_id`, `user_id`, `name`, `bv`, `date`, `amount`, `type`) VALUES ('1', 'F7LGEE', 'Affiliate', '0', '2025-04-19 00:05:20', '0', 'auto');
UPDATE `bv_updation` SET right_carry = right_carry+150, total_right = total_right+150
WHERE `user_id` = 'QJ5U9C';
INSERT INTO `placement_bv_update_history` (`right_carry`, `date`, `from_id`, `user_id`) VALUES ('150', '2025-04-19 00:05:20', '7ZQOFP', 'QJ5U9C');
UPDATE `user_registration` SET `cycle_rank_id` = '1'
WHERE `user_id` = 'QJ5U9C';
INSERT INTO `rank_history` (`rank_id`, `user_id`, `name`, `bv`, `date`, `amount`, `type`) VALUES ('1', 'QJ5U9C', 'Affiliate', '0', '2025-04-19 00:05:20', '0', 'auto');
UPDATE `bv_updation` SET left_carry = left_carry+150, total_left = total_left+150
WHERE `user_id` = 'O94ZPY';
INSERT INTO `placement_bv_update_history` (`left_carry`, `date`, `from_id`, `user_id`) VALUES ('150', '2025-04-19 00:05:20', '7ZQOFP', 'O94ZPY');
UPDATE `user_registration` SET `cycle_rank_id` = '1'
WHERE `user_id` = 'O94ZPY';
INSERT INTO `rank_history` (`rank_id`, `user_id`, `name`, `bv`, `date`, `amount`, `type`) VALUES ('1', 'O94ZPY', 'Affiliate', '0', '2025-04-19 00:05:20', '0', 'auto');
UPDATE `bv_updation` SET right_carry = right_carry+150, total_right = total_right+150
WHERE `user_id` = 'JHRDHS';
INSERT INTO `placement_bv_update_history` (`right_carry`, `date`, `from_id`, `user_id`) VALUES ('150', '2025-04-19 00:05:20', '7ZQOFP', 'JHRDHS');
UPDATE `user_registration` SET `cycle_rank_id` = '1'
WHERE `user_id` = 'JHRDHS';
INSERT INTO `rank_history` (`rank_id`, `user_id`, `name`, `bv`, `date`, `amount`, `type`) VALUES ('1', 'JHRDHS', 'Affiliate', '0', '2025-04-19 00:05:20', '0', 'auto');
UPDATE `bv_updation` SET right_carry = right_carry+150, total_right = total_right+150
WHERE `user_id` = 'CVVK4C';
INSERT INTO `placement_bv_update_history` (`right_carry`, `date`, `from_id`, `user_id`) VALUES ('150', '2025-04-19 00:05:21', '7ZQOFP', 'CVVK4C');
UPDATE `user_registration` SET `cycle_rank_id` = '1'
WHERE `user_id` = 'CVVK4C';
INSERT INTO `rank_history` (`rank_id`, `user_id`, `name`, `bv`, `date`, `amount`, `type`) VALUES ('1', 'CVVK4C', 'Affiliate', '0', '2025-04-19 00:05:21', '0', 'auto');
UPDATE `bv_updation` SET left_carry = left_carry+150, total_left = total_left+150
WHERE `user_id` = 'K55EDD';
INSERT INTO `placement_bv_update_history` (`left_carry`, `date`, `from_id`, `user_id`) VALUES ('150', '2025-04-19 00:05:21', '7ZQOFP', 'K55EDD');
UPDATE `user_registration` SET `cycle_rank_id` = '1'
WHERE `user_id` = 'K55EDD';
INSERT INTO `rank_history` (`rank_id`, `user_id`, `name`, `bv`, `date`, `amount`, `type`) VALUES ('1', 'K55EDD', 'Affiliate', '0', '2025-04-19 00:05:21', '0', 'auto');
UPDATE `bv_updation` SET left_carry = left_carry+150, total_left = total_left+150
WHERE `user_id` = 'UQO7EQ';
INSERT INTO `placement_bv_update_history` (`left_carry`, `date`, `from_id`, `user_id`) VALUES ('150', '2025-04-19 00:05:21', '7ZQOFP', 'UQO7EQ');
UPDATE `user_registration` SET `cycle_rank_id` = '1'
WHERE `user_id` = 'UQO7EQ';
INSERT INTO `rank_history` (`rank_id`, `user_id`, `name`, `bv`, `date`, `amount`, `type`) VALUES ('1', 'UQO7EQ', 'Affiliate', '0', '2025-04-19 00:05:21', '0', 'auto');
UPDATE `bv_updation` SET left_carry = left_carry+150, total_left = total_left+150
WHERE `user_id` = 'N6GZAE';
INSERT INTO `placement_bv_update_history` (`left_carry`, `date`, `from_id`, `user_id`) VALUES ('150', '2025-04-19 00:05:21', '7ZQOFP', 'N6GZAE');
UPDATE `user_registration` SET `cycle_rank_id` = '1'
WHERE `user_id` = 'N6GZAE';
INSERT INTO `rank_history` (`rank_id`, `user_id`, `name`, `bv`, `date`, `amount`, `type`) VALUES ('1', 'N6GZAE', 'Affiliate', '0', '2025-04-19 00:05:21', '0', 'auto');
UPDATE `bv_updation` SET left_carry = left_carry+150, total_left = total_left+150
WHERE `user_id` = '4E1CRI';
INSERT INTO `placement_bv_update_history` (`left_carry`, `date`, `from_id`, `user_id`) VALUES ('150', '2025-04-19 00:05:21', '7ZQOFP', '4E1CRI');
UPDATE `bv_updation` SET left_carry = left_carry+150, total_left = total_left+150
WHERE `user_id` = 'SJBNYJ';
INSERT INTO `placement_bv_update_history` (`left_carry`, `date`, `from_id`, `user_id`) VALUES ('150', '2025-04-19 00:05:21', '7ZQOFP', 'SJBNYJ');
UPDATE `user_registration` SET `cycle_rank_id` = '1'
WHERE `user_id` = 'SJBNYJ';
INSERT INTO `rank_history` (`rank_id`, `user_id`, `name`, `bv`, `date`, `amount`, `type`) VALUES ('1', 'SJBNYJ', 'Affiliate', '0', '2025-04-19 00:05:21', '0', 'auto');
UPDATE `bv_updation` SET left_carry = left_carry+150, total_left = total_left+150
WHERE `user_id` = '44B9Y4';
INSERT INTO `placement_bv_update_history` (`left_carry`, `date`, `from_id`, `user_id`) VALUES ('150', '2025-04-19 00:05:21', '7ZQOFP', '44B9Y4');
UPDATE `user_registration` SET `cycle_rank_id` = '1'
WHERE `user_id` = '44B9Y4';
INSERT INTO `rank_history` (`rank_id`, `user_id`, `name`, `bv`, `date`, `amount`, `type`) VALUES ('1', '44B9Y4', 'Affiliate', '0', '2025-04-19 00:05:21', '0', 'auto');
UPDATE `bv_updation` SET right_carry = right_carry+150, total_right = total_right+150
WHERE `user_id` = 'admin';
INSERT INTO `placement_bv_update_history` (`right_carry`, `date`, `from_id`, `user_id`) VALUES ('150', '2025-04-19 00:05:22', '7ZQOFP', 'admin');
UPDATE `user_registration` SET `cycle_rank_id` = '1'
WHERE `user_id` = 'admin';
INSERT INTO `rank_history` (`rank_id`, `user_id`, `name`, `bv`, `date`, `amount`, `type`) VALUES ('1', 'admin', 'Affiliate', '0', '2025-04-19 00:05:22', '0', 'auto');
UPDATE `user_registration` SET `subscription_date` = '2025-05-19', `active_status` = 'yes'
WHERE `user_id` = '7ZQOFP';
UPDATE `user_registration` SET `sub_point` = 0, `active_status` = 'no'
WHERE `user_id` = 'DLHC7V';
INSERT INTO `inactive_history` (`user_id`, `commission_balance`, `amount`, `date`) VALUES ('DLHC7V', '0', '150', '2025-04-19 00:05:22');
UPDATE `user_registration` SET `sub_point` = 0, `active_status` = 'no'
WHERE `user_id` = 'SX4SBY';
INSERT INTO `inactive_history` (`user_id`, `commission_balance`, `amount`, `date`) VALUES ('SX4SBY', '0', '150', '2025-04-19 00:05:22');
UPDATE `cron_job_history` SET `status` = 'done', `date_end` = '2025-04-19 00:05:22'
WHERE `id` = 333;
INSERT INTO `login_history` (`user_id`, `device`, `ip_address`, `date`) VALUES ('JHRDHS', 'Mozilla/5.0 (Macintosh; Intel Mac OS X 10_15_7) AppleWebKit/605.1.15 (KHTML, like Gecko) Version/17.6 Safari/605.1.15', '172.70.254.150', '25-04-19 00:50');
UPDATE `user_registration` SET `popup_seen` = 'yes'
WHERE `user_id` = 'JHRDHS';
INSERT INTO `login_history` (`user_id`, `device`, `ip_address`, `date`) VALUES ('XHO8CJ', 'Mozilla/5.0 (Windows NT 10.0; Win64; x64) AppleWebKit/537.36 (KHTML, like Gecko) Chrome/135.0.0.0 Safari/537.36', '172.70.254.95', '25-04-19 07:37');
UPDATE `user_registration` SET `popup_seen` = 'yes'
WHERE `user_id` = 'XHO8CJ';
UPDATE `ci_sessions` SET `timestamp` = 1745066589, `data` = '__ci_last_regenerate|i:1745066589;id|s:4:\"2073\";user_id|s:6:\"XHO8CJ\";username|s:7:\"Ariel78\";sponsor_id|s:6:\"U7SMZ8\";fullname|s:12:\"Ariel Zomoza\";email|s:23:\"arielzomoza@hotmail.com\";phone|s:10:\"7863844290\";isLogIn|b:1;'
WHERE `id` = 'f933a6d1b56153b73728bb8fe7208cca931edb73';
INSERT INTO `temp_register` (`post_data`, `date`, `payment_method`, `type`) VALUES ('{\"user_id\":\"XHO8CJ\",\"reward_id\":\"4\",\"amount\":\"30\",\"reward_value\":\"636\",\"reward_points\":\"90\",\"available_points\":\"350\",\"image\":\"upload\\/reward_image\\/e2588a963e80ccde72224303e3eb881c.png\",\"image_id\":\"31\",\"conversion_point_rate\":\"1\",\"payment_option\":\"stripe\",\"reward_name\":\"Visiting North America 5D\\/4N\",\"country\":\"223\",\"state\":\"4250\",\"date\":\"2025-04-19 07:43:09\",\"type\":\"reward_claim\",\"full_name\":\"Ariel zomoza\",\"phone\":\"7863844290\",\"email\":\"arielzomoza@hotmail.com\"}', '2025-04-19 07:43:09', 'stripe', 'claim_reward');
UPDATE `temp_register` SET `response` = '{\"stripeToken\":\"tok_1RFakr2NUoYUjiuuAXj4MTNb\",\"stripeTokenType\":\"card\",\"stripeEmail\":\"arielzomoza@hotmail.com\"}', `date_modified` = '2025-04-19 07:44:26', `payment_status` = '{\"id\":\"ch_3RFakw2NUoYUjiuu1BPn8hJg\",\"object\":\"charge\",\"amount\":3000,\"amount_captured\":3000,\"amount_refunded\":0,\"application\":null,\"application_fee\":null,\"application_fee_amount\":null,\"balance_transaction\":\"txn_3RFakw2NUoYUjiuu1tvRFYn4\",\"billing_details\":{\"address\":{\"city\":null,\"country\":null,\"line1\":null,\"line2\":null,\"postal_code\":null,\"state\":null},\"email\":null,\"name\":\"arielzomoza@hotmail.com\",\"phone\":null,\"tax_id\":null},\"calculated_statement_descriptor\":\"TRAVELEGENDCY LLC\",\"captured\":true,\"created\":1745066666,\"currency\":\"usd\",\"customer\":\"cus_S9uagxpGI4r8vk\",\"description\":null,\"destination\":null,\"dispute\":null,\"disputed\":false,\"failure_balance_transaction\":null,\"failure_code\":null,\"failure_message\":null,\"fraud_details\":[],\"invoice\":null,\"livemode\":true,\"metadata\":{\"name\":\" \"},\"on_behalf_of\":null,\"order\":null,\"outcome\":{\"advice_code\":null,\"network_advice_code\":null,\"network_decline_code\":null,\"network_status\":\"approved_by_network\",\"reason\":null,\"risk_level\":\"normal\",\"seller_message\":\"Payment complete.\",\"type\":\"authorized\"},\"paid\":true,\"payment_intent\":null,\"payment_method\":\"card_1RFakr2NUoYUjiuusbUfpoYv\",\"payment_method_details\":{\"card\":{\"amount_authorized\":3000,\"authorization_code\":\"814753\",\"brand\":\"mastercard\",\"checks\":{\"address_line1_check\":null,\"address_postal_code_check\":null,\"cvc_check\":\"pass\"},\"country\":\"US\",\"exp_month\":3,\"exp_year\":2028,\"extended_authorization\":{\"status\":\"disabled\"},\"fingerprint\":\"m84oARUB8YICBpUO\",\"funding\":\"prepaid\",\"incremental_authorization\":{\"status\":\"unavailable\"},\"installments\":null,\"last4\":\"0349\",\"mandate\":null,\"multicapture\":{\"status\":\"unavailable\"},\"network\":\"mastercard\",\"network_token\":{\"used\":false},\"network_transaction_id\":\"MPWMWAYS70419\",\"overcapture\":{\"maximum_amount_capturable\":3000,\"status\":\"unavailable\"},\"regulated_status\":\"unregulated\",\"three_d_secure\":null,\"wallet\":null},\"type\":\"card\"},\"receipt_email\":null,\"receipt_number\":null,\"receipt_url\":\"https:\\/\\/pay.stripe.com\\/receipts\\/payment\\/CAcQARoXChVhY2N0XzFRUEFGdjJOVW9ZVWppdXUoq7WOwAYyBqnWdMfeRDosFmVhDbRM_S0kSYi-hMbgiPNNdXweQTAqcLOCya2orngUxBPE7QJSbaiWkL0\",\"refunded\":false,\"review\":null,\"shipping\":null,\"source\":{\"id\":\"card_1RFakr2NUoYUjiuusbUfpoYv\",\"object\":\"card\",\"address_city\":null,\"address_country\":null,\"address_line1\":null,\"address_line1_check\":null,\"address_line2\":null,\"address_state\":null,\"address_zip\":null,\"address_zip_check\":null,\"allow_redisplay\":\"unspecified\",\"brand\":\"MasterCard\",\"country\":\"US\",\"customer\":\"cus_S9uagxpGI4r8vk\",\"cvc_check\":\"pass\",\"dynamic_last4\":null,\"exp_month\":3,\"exp_year\":2028,\"fingerprint\":\"m84oARUB8YICBpUO\",\"funding\":\"prepaid\",\"last4\":\"0349\",\"metadata\":[],\"name\":\"arielzomoza@hotmail.com\",\"regulated_status\":\"unregulated\",\"tokenization_method\":null,\"wallet\":null},\"source_transfer\":null,\"statement_descriptor\":null,\"statement_descriptor_suffix\":null,\"status\":\"succeeded\",\"transfer_data\":null,\"transfer_group\":null}'
WHERE `id` = 309;
INSERT INTO `reward_purchase_history` (`user_id`, `reward_id`, `amount`, `reward_value`, `reward_points`, `available_points`, `image`, `image_id`, `conversion_point_rate`, `payment_option`, `reward_name`, `country`, `state`, `date`, `type`, `full_name`, `phone`, `email`) VALUES ('XHO8CJ', '4', '30', '636', '90', '350', 'upload/reward_image/e2588a963e80ccde72224303e3eb881c.png', '31', '1', 'stripe', 'Visiting North America 5D/4N', '223', '4250', '2025-04-19 07:43:09', 'reward_claim', 'Ariel zomoza', '7863844290', 'arielzomoza@hotmail.com');
UPDATE `user_registration` SET total_points = ROUND(total_points - 30,2)
WHERE `user_id` = 'XHO8CJ';
UPDATE `user_registration` SET `popup_seen` = 'yes'
WHERE `user_id` = 'XHO8CJ';
UPDATE `user_registration` SET `popup_seen` = 'yes'
WHERE `user_id` = 'XHO8CJ';
UPDATE `user_registration` SET `popup_seen` = 'yes'
WHERE `user_id` = 'XHO8CJ';
UPDATE `ci_sessions` SET `timestamp` = 1745066907, `data` = '__ci_last_regenerate|i:1745066907;id|s:4:\"2073\";user_id|s:6:\"XHO8CJ\";username|s:7:\"Ariel78\";sponsor_id|s:6:\"U7SMZ8\";fullname|s:12:\"Ariel Zomoza\";email|s:23:\"arielzomoza@hotmail.com\";phone|s:10:\"7863844290\";isLogIn|b:1;reg_stripe_id|i:309;'
WHERE `id` = '06765d6387d5794cf4a5c18c532b669d2d2e8c85';
UPDATE `user_registration` SET `popup_seen` = 'yes'
WHERE `user_id` = 'XHO8CJ';
UPDATE `user_registration` SET `popup_seen` = 'no'
WHERE `user_id` = 'XHO8CJ';
DELETE FROM `ci_sessions`
WHERE `id` = '845feda5d99bf2d8f341cf98d40184993284774e';
UPDATE `ci_sessions` SET `timestamp` = 1745067296, `data` = '__ci_last_regenerate|i:1745067296;captcha|s:4:\"2bq8\";'
WHERE `id` = '8ad60a64d78752075f35b8011b4dfbde1b74d30b';
INSERT INTO `login_history` (`user_id`, `device`, `ip_address`, `date`) VALUES ('XHO8CJ', 'Mozilla/5.0 (Windows NT 10.0; Win64; x64) AppleWebKit/537.36 (KHTML, like Gecko) Chrome/135.0.0.0 Safari/537.36', '172.70.54.225', '25-04-19 07:55');
UPDATE `user_registration` SET `popup_seen` = 'yes'
WHERE `user_id` = 'XHO8CJ';
INSERT INTO `login_history` (`user_id`, `device`, `ip_address`, `date`) VALUES ('XHO8CJ', 'Mozilla/5.0 (iPhone; CPU iPhone OS 18_3_2 like Mac OS X) AppleWebKit/605.1.15 (KHTML, like Gecko) Version/18.3.1 Mobile/15E148 Safari/604.1', '172.69.70.129', '25-04-19 08:13');
UPDATE `user_registration` SET `popup_seen` = 'yes'
WHERE `user_id` = 'XHO8CJ';
INSERT INTO `login_history` (`user_id`, `device`, `ip_address`, `date`) VALUES ('UQO7EQ', 'Mozilla/5.0 (Windows NT 10.0; Win64; x64) AppleWebKit/537.36 (KHTML, like Gecko) Chrome/135.0.0.0 Safari/537.36', '172.71.156.142', '25-04-19 08:47');
UPDATE `user_registration` SET `popup_seen` = 'yes'
WHERE `user_id` = 'UQO7EQ';
UPDATE `user_registration` SET `popup_seen` = 'no'
WHERE `user_id` = 'UQO7EQ';
DELETE FROM `ci_sessions`
WHERE `id` = '6ddbe5b974e48d61356b75b975a46786c8a45fc9';
INSERT INTO `login_history` (`user_id`, `device`, `ip_address`, `date`) VALUES ('JHRDHS', 'Mozilla/5.0 (iPhone; CPU iPhone OS 18_4_1 like Mac OS X) AppleWebKit/605.1.15 (KHTML, like Gecko) Version/18.4 Mobile/15E148 Safari/604.1', '172.70.83.152', '25-04-19 09:00');
UPDATE `user_registration` SET `popup_seen` = 'yes'
WHERE `user_id` = 'JHRDHS';
UPDATE `ci_sessions` SET `timestamp` = 1745076399, `data` = '__ci_last_regenerate|i:1745076399;captcha|s:4:\"ipcy\";'
WHERE `id` = '171ff7f6fffaad576454f0aedb90be7250e736f3';
INSERT INTO `login_history` (`user_id`, `device`, `ip_address`, `date`) VALUES ('UQO7EQ', 'Mozilla/5.0 (Windows NT 10.0; Win64; x64) AppleWebKit/537.36 (KHTML, like Gecko) Chrome/135.0.0.0 Safari/537.36', '172.70.54.71', '25-04-19 10:26');
UPDATE `user_registration` SET `popup_seen` = 'yes'
WHERE `user_id` = 'UQO7EQ';
UPDATE `ci_sessions` SET `timestamp` = 1745076762, `data` = '__ci_last_regenerate|i:1745076762;id|s:4:\"2042\";user_id|s:6:\"UQO7EQ\";username|s:6:\"Rafa51\";sponsor_id|s:6:\"N6GZAE\";fullname|s:16:\"Rafael Rodriguez\";email|s:18:\"rafagana@yahoo.com\";phone|s:10:\"3057610606\";isLogIn|b:1;message|s:24:\"Welcome Rafael Rodriguez\";__ci_vars|a:1:{s:7:\"message\";s:3:\"old\";}'
WHERE `id` = 'e8c219c570dd9c482a2deff1ef18143c9e6367fd';
UPDATE `user_registration` SET `popup_seen` = 'yes'
WHERE `user_id` = 'UQO7EQ';
UPDATE `user_registration` SET `popup_seen` = 'yes'
WHERE `user_id` = 'UQO7EQ';
UPDATE `ci_sessions` SET `timestamp` = 1745078295, `data` = '__ci_last_regenerate|i:1745078295;id|s:4:\"2042\";user_id|s:6:\"UQO7EQ\";username|s:6:\"Rafa51\";sponsor_id|s:6:\"N6GZAE\";fullname|s:16:\"Rafael Rodriguez\";email|s:18:\"rafagana@yahoo.com\";phone|s:10:\"3057610606\";isLogIn|b:1;'
WHERE `id` = 'a538b56b56878908a04c17b54a85ae384e9bbf32';
UPDATE `user_registration` SET `popup_seen` = 'yes'
WHERE `user_id` = 'UQO7EQ';
UPDATE `ci_sessions` SET `timestamp` = 1745079149, `data` = '__ci_last_regenerate|i:1745079149;id|s:4:\"2042\";user_id|s:6:\"UQO7EQ\";username|s:6:\"Rafa51\";sponsor_id|s:6:\"N6GZAE\";fullname|s:16:\"Rafael Rodriguez\";email|s:18:\"rafagana@yahoo.com\";phone|s:10:\"3057610606\";isLogIn|b:1;'
WHERE `id` = 'cc9416ddfc27be1abb991de1010bb866896d5f80';
UPDATE `user_registration` SET `popup_seen` = 'yes'
WHERE `user_id` = 'UQO7EQ';
UPDATE `user_registration` SET `popup_seen` = 'yes'
WHERE `user_id` = 'L2MNP5';
UPDATE `ci_sessions` SET `timestamp` = 1745079699, `data` = '__ci_last_regenerate|i:1745079699;id|s:4:\"2042\";user_id|s:6:\"UQO7EQ\";username|s:6:\"Rafa51\";sponsor_id|s:6:\"N6GZAE\";fullname|s:16:\"Rafael Rodriguez\";email|s:18:\"rafagana@yahoo.com\";phone|s:10:\"3057610606\";isLogIn|b:1;'
WHERE `id` = '4bef7cc541ea86df3fb707a17f4eef8e08af0780';
UPDATE `user_registration` SET `popup_seen` = 'yes'
WHERE `user_id` = 'UQO7EQ';
UPDATE `ci_sessions` SET `timestamp` = 1745081376, `data` = '__ci_last_regenerate|i:1745081376;id|s:4:\"2042\";user_id|s:6:\"UQO7EQ\";username|s:6:\"Rafa51\";sponsor_id|s:6:\"N6GZAE\";fullname|s:16:\"Rafael Rodriguez\";email|s:18:\"rafagana@yahoo.com\";phone|s:10:\"3057610606\";isLogIn|b:1;'
WHERE `id` = '7b4d8c298b8f3bc29920e450b3d94cf5de45b550';
UPDATE `user_registration` SET `popup_seen` = 'yes'
WHERE `user_id` = 'UQO7EQ';
UPDATE `ci_sessions` SET `timestamp` = 1745081835, `data` = '__ci_last_regenerate|i:1745081835;id|s:4:\"2042\";user_id|s:6:\"UQO7EQ\";username|s:6:\"Rafa51\";sponsor_id|s:6:\"N6GZAE\";fullname|s:16:\"Rafael Rodriguez\";email|s:18:\"rafagana@yahoo.com\";phone|s:10:\"3057610606\";isLogIn|b:1;'
WHERE `id` = '525f521b424d73c19b6b29352061ea82ca0d2638';
UPDATE `user_registration` SET `popup_seen` = 'yes'
WHERE `user_id` = 'UQO7EQ';
UPDATE `ci_sessions` SET `timestamp` = 1745086147, `data` = '__ci_last_regenerate|i:1745086147;id|s:4:\"2042\";user_id|s:6:\"UQO7EQ\";username|s:6:\"Rafa51\";sponsor_id|s:6:\"N6GZAE\";fullname|s:16:\"Rafael Rodriguez\";email|s:18:\"rafagana@yahoo.com\";phone|s:10:\"3057610606\";isLogIn|b:1;'
WHERE `id` = 'cb27b479d103ba4124cfed04cbb485e850ed83ee';
UPDATE `user_registration` SET `popup_seen` = 'yes'
WHERE `user_id` = 'UQO7EQ';
INSERT INTO `login_history` (`user_id`, `device`, `ip_address`, `date`) VALUES ('XHO8CJ', 'Mozilla/5.0 (Windows NT 10.0; Win64; x64) AppleWebKit/537.36 (KHTML, like Gecko) Chrome/135.0.0.0 Safari/537.36', '172.68.7.204', '25-04-19 13:09');
UPDATE `user_registration` SET `popup_seen` = 'yes'
WHERE `user_id` = 'XHO8CJ';
UPDATE `user_registration` SET `popup_seen` = 'yes'
WHERE `user_id` = 'XHO8CJ';
UPDATE `user_registration` SET `popup_seen` = 'yes'
WHERE `user_id` = 'XHO8CJ';
INSERT INTO `login_history` (`user_id`, `device`, `ip_address`, `date`) VALUES ('W7989C', 'Mozilla/5.0 (Windows NT 10.0; Win64; x64) AppleWebKit/537.36 (KHTML, like Gecko) Chrome/135.0.0.0 Safari/537.36', '172.70.255.70', '25-04-19 13:17');
UPDATE `user_registration` SET `popup_seen` = 'yes'
WHERE `user_id` = 'W7989C';
UPDATE `user_registration` SET `popup_seen` = 'yes'
WHERE `user_id` = 'W7989C';
UPDATE `ci_sessions` SET `timestamp` = 1745087064, `data` = '__ci_last_regenerate|i:1745087064;id|s:4:\"2042\";user_id|s:6:\"UQO7EQ\";username|s:6:\"Rafa51\";sponsor_id|s:6:\"N6GZAE\";fullname|s:16:\"Rafael Rodriguez\";email|s:18:\"rafagana@yahoo.com\";phone|s:10:\"3057610606\";isLogIn|b:1;'
WHERE `id` = 'e10a09cc1daecde5fe724bd095de1fedf178b28b';
UPDATE `user_registration` SET `popup_seen` = 'yes'
WHERE `user_id` = 'UQO7EQ';
UPDATE `ci_sessions` SET `timestamp` = 1745087684, `data` = '__ci_last_regenerate|i:1745087684;id|s:4:\"2042\";user_id|s:6:\"UQO7EQ\";username|s:6:\"Rafa51\";sponsor_id|s:6:\"N6GZAE\";fullname|s:16:\"Rafael Rodriguez\";email|s:18:\"rafagana@yahoo.com\";phone|s:10:\"3057610606\";isLogIn|b:1;'
WHERE `id` = 'ff5561bdaa600c608e2f2a5f11babfe6225f4124';
UPDATE `user_registration` SET `popup_seen` = 'yes'
WHERE `user_id` = 'UQO7EQ';
UPDATE `ci_sessions` SET `timestamp` = 1745088557, `data` = '__ci_last_regenerate|i:1745088557;id|s:4:\"2227\";user_id|s:6:\"W7989C\";username|s:13:\"Alexperez0991\";sponsor_id|s:6:\"OTZTS5\";fullname|s:15:\"Alejandro Perez\";email|s:23:\"alexperez0991@gmail.com\";phone|s:10:\"2394283136\";isLogIn|b:1;'
WHERE `id` = '8a2f86b9cce21b5eceeea5415306b86c0cab4d41';
UPDATE `user_registration` SET `popup_seen` = 'yes'
WHERE `user_id` = 'W7989C';
UPDATE `ci_sessions` SET `timestamp` = 1745089152, `data` = '__ci_last_regenerate|i:1745089152;id|s:4:\"2042\";user_id|s:6:\"UQO7EQ\";username|s:6:\"Rafa51\";sponsor_id|s:6:\"N6GZAE\";fullname|s:16:\"Rafael Rodriguez\";email|s:18:\"rafagana@yahoo.com\";phone|s:10:\"3057610606\";isLogIn|b:1;'
WHERE `id` = 'c2d5752c94b3dad4f99f896bc0f7c5609fce9f1b';
UPDATE `user_registration` SET `popup_seen` = 'yes'
WHERE `user_id` = 'UQO7EQ';
UPDATE `user_registration` SET `popup_seen` = 'no'
WHERE `user_id` = 'UQO7EQ';
DELETE FROM `ci_sessions`
WHERE `id` = 'aba56e9913c548dfb0c790c2583c2618001f85c6';
INSERT INTO `login_history` (`user_id`, `device`, `ip_address`, `date`) VALUES ('UQO7EQ', 'Mozilla/5.0 (Windows NT 10.0; Win64; x64) AppleWebKit/537.36 (KHTML, like Gecko) Chrome/135.0.0.0 Safari/537.36', '172.70.254.151', '25-04-19 14:00');
UPDATE `user_registration` SET `popup_seen` = 'yes'
WHERE `user_id` = 'UQO7EQ';
UPDATE `user_registration` SET `popup_seen` = 'no'
WHERE `user_id` = 'UQO7EQ';
DELETE FROM `ci_sessions`
WHERE `id` = '3f74b732cd39a00b3dceebca3c6fa5eff46cac70';
INSERT INTO `login_history` (`user_id`, `device`, `ip_address`, `date`) VALUES ('AABG7W', 'Mozilla/5.0 (Windows NT 10.0; Win64; x64) AppleWebKit/537.36 (KHTML, like Gecko) Chrome/135.0.0.0 Safari/537.36', '172.68.12.54', '25-04-19 14:01');
UPDATE `user_registration` SET `popup_seen` = 'yes'
WHERE `user_id` = 'AABG7W';
UPDATE `user_registration` SET `popup_seen` = 'no'
WHERE `user_id` = 'AABG7W';
DELETE FROM `ci_sessions`
WHERE `id` = '7066f9189ad9b2e79aa3fe2fb14d46d45ebe1651';
INSERT INTO `login_history` (`user_id`, `device`, `ip_address`, `date`) VALUES ('JHRDHS', 'Mozilla/5.0 (Macintosh; Intel Mac OS X 10_15_7) AppleWebKit/605.1.15 (KHTML, like Gecko) Version/17.6 Safari/605.1.15', '172.68.12.94', '25-04-19 14:14');
UPDATE `user_registration` SET `popup_seen` = 'yes'
WHERE `user_id` = 'JHRDHS';
INSERT INTO `verify_tbl` (`ip_address`, `user_id`, `session_id`, `verify_code`, `data`, `date`) VALUES ('172.68.12.104', 'LBY7TN', 'not_logged_in', 'jXBlCyu3', '{\"uid\":\"2096\",\"user_id\":\"LBY7TN\",\"username\":\"Martica1\",\"vacant\":\"no\",\"position\":\"left\",\"placement_id\":\"UTF7YN\",\"sponsor_id\":\"CVVK4C\",\"f_name\":\"Martha\",\"l_name\":\"Ospina\",\"email\":\"realtororlando1@gmail.com\",\"binary_qualified\":\"no\",\"binary_qualified_date\":null,\"language\":\"english\",\"phone\":\"4078005302\",\"gender\":\"\",\"profile_url\":\"\",\"password\":\"61ebfd00a6a0f889d11f14cb9c614c84\",\"password_reset_tocken\":null,\"trans_password\":\"\",\"reg_ip\":\"172.69.70.211\",\"status\":\"1\",\"active_status\":\"yes\",\"created\":\"2025-02-17 20:16:27\",\"modified\":\"0000-00-00 00:00:00\",\"invest_amount\":\"0\",\"commission_balance\":\"0\",\"current_period_amount\":\"0\",\"active_balance\":\"0\",\"picture_url\":\"\",\"balance_amount\":\"0\",\"total_points\":\"200\",\"country\":\"United States\",\"state\":\"Florida\",\"city\":\"Orlando\",\"street\":\"Por OBOX   590523\",\"zip_code\":\"32959\",\"address\":\"\",\"package_id\":\"2\",\"total_ref_count\":\"0\",\"left_ref_count\":\"0\",\"right_ref_count\":\"0\",\"total_downlines\":\"0\",\"left_downlines\":\"0\",\"right_downlines\":\"0\",\"active_left\":\"0\",\"active_right\":\"0\",\"rank_id\":\"1\",\"highest_rank\":\"1\",\"cycle_rank_id\":\"1\",\"default_leg\":\"left\",\"master_distributor\":\"no\",\"md_balance\":\"0\",\"google_secret\":\"WBNEZNOGWLC5UIRS\",\"twofa_enabled\":\"no\",\"popup_seen\":\"yes\",\"qr_url\":\"\",\"dashboard_theme\":\"dark-layout\",\"block_status\":\"no\",\"blocked_date\":null,\"subscription_date\":\"2025-04-28\",\"product_points\":\"0\",\"referral_bonus\":\"0\",\"residual_bonus\":\"0\",\"expansion_bonus\":\"0\",\"utility_bonus\":\"0\",\"pool_bonus\":\"0\",\"rank_bonus\":\"0\",\"reward_point\":\"\",\"benefit_points\":\"0\",\"sub_point\":\"150\",\"user_type\":\"affiliate\",\"customer_ref_count\":\"0\"}', '2025-04-19 02:16:37');
UPDATE `user_registration` SET `password` = '048462cc8878970978f22845aadd0b4f'
WHERE `user_id` = 'LBY7TN';
UPDATE `verify_tbl` SET `status` = 0
WHERE `id` = '36';
INSERT INTO `login_history` (`user_id`, `device`, `ip_address`, `date`) VALUES ('LBY7TN', 'Mozilla/5.0 (Macintosh; Intel Mac OS X 10_15_7) AppleWebKit/605.1.15 (KHTML, like Gecko) Version/18.3.1 Safari/605.1.15', '172.68.7.62', '25-04-19 14:20');
UPDATE `user_registration` SET `popup_seen` = 'yes'
WHERE `user_id` = 'LBY7TN';
UPDATE `ci_sessions` SET `timestamp` = 1745090561, `data` = '__ci_last_regenerate|i:1745090561;id|s:4:\"2071\";user_id|s:6:\"JHRDHS\";username|s:7:\"mbecena\";sponsor_id|s:6:\"CVVK4C\";fullname|s:12:\"Maria Becena\";email|s:21:\"mbecena@bellsouth.net\";phone|s:10:\"7862360387\";isLogIn|b:1;message|s:20:\"Welcome Maria Becena\";__ci_vars|a:1:{s:7:\"message\";s:3:\"old\";}'
WHERE `id` = '35f53b296cc2882a17bc17cfcc3f9174b4dc0120';
UPDATE `ci_sessions` SET `timestamp` = 1745090767, `data` = '__ci_last_regenerate|i:1745090767;id|s:4:\"2096\";user_id|s:6:\"LBY7TN\";username|s:8:\"Martica1\";sponsor_id|s:6:\"CVVK4C\";fullname|s:13:\"Martha Ospina\";email|s:25:\"realtororlando1@gmail.com\";phone|s:10:\"4078005302\";isLogIn|b:1;'
WHERE `id` = '1159afc34cdae9f88fb4e3044d1b0b8acaf500e0';
INSERT INTO `benefits_pack_purchase_history` (`user_id`, `packge_id`, `amount`, `value`, `point`, `image`, `image_id`, `country`, `city`, `available_points`, `conversion_point_rate`, `package_title`, `date`, `type`, `full_name`, `phone`, `email`) VALUES ('LBY7TN', '1', '0', '0', '0', 'upload/reward_image/39843bf4a64af938bb0b12f2e8b0d198.png', '5', '223', '4265', '150', '1', 'The Journey Begins', '2025-04-19 14:26:07', 'benefits_pack_claim', 'Martha Ospina', '4078005302', 'realtororlando1@gmail.com');
UPDATE `ci_sessions` SET `timestamp` = 1745091109, `data` = '__ci_last_regenerate|i:1745091109;id|s:4:\"2096\";user_id|s:6:\"LBY7TN\";username|s:8:\"Martica1\";sponsor_id|s:6:\"CVVK4C\";fullname|s:13:\"Martha Ospina\";email|s:25:\"realtororlando1@gmail.com\";phone|s:10:\"4078005302\";isLogIn|b:1;message|s:29:\"Request Accessed Successfully\";__ci_vars|a:1:{s:7:\"message\";s:3:\"old\";}'
WHERE `id` = '09543223c26e16a4399800ec9b3868aae0de0dfc';
UPDATE `ci_sessions` SET `timestamp` = 1745095488, `data` = '__ci_last_regenerate|i:1745095488;captcha|s:4:\"sam4\";'
WHERE `id` = '7544023992c6f577d53af30a1f2d41e3b54ea029';
INSERT INTO `login_history` (`user_id`, `device`, `ip_address`, `date`) VALUES ('UQO7EQ', 'Mozilla/5.0 (Windows NT 10.0; Win64; x64) AppleWebKit/537.36 (KHTML, like Gecko) Chrome/135.0.0.0 Safari/537.36', '172.70.254.95', '25-04-19 15:44');
UPDATE `user_registration` SET `popup_seen` = 'yes'
WHERE `user_id` = 'UQO7EQ';
UPDATE `user_registration` SET `popup_seen` = 'no'
WHERE `user_id` = 'UQO7EQ';
DELETE FROM `ci_sessions`
WHERE `id` = 'ea87a7ff1214433de2a859a4abd92c6ad7cfe188';
INSERT INTO `login_history` (`user_id`, `device`, `ip_address`, `date`) VALUES ('UQO7EQ', 'Mozilla/5.0 (Linux; Android 10; K) AppleWebKit/537.36 (KHTML, like Gecko) Chrome/131.0.0.0 Mobile Safari/537.36', '172.70.255.194', '25-04-19 17:00');
UPDATE `user_registration` SET `popup_seen` = 'yes'
WHERE `user_id` = 'UQO7EQ';
UPDATE `user_registration` SET `popup_seen` = 'yes'
WHERE `user_id` = 'UQO7EQ';
UPDATE `user_registration` SET `popup_seen` = 'yes'
WHERE `user_id` = 'UQO7EQ';
UPDATE `user_registration` SET `popup_seen` = 'no'
WHERE `user_id` = 'UQO7EQ';
DELETE FROM `ci_sessions`
WHERE `id` = '1c198419aced9f7f049081c272623b3e4edabda3';
INSERT INTO `login_history` (`user_id`, `device`, `ip_address`, `date`) VALUES ('7ZQOFP', 'Mozilla/5.0 (Windows NT 10.0; Win64; x64) AppleWebKit/537.36 (KHTML, like Gecko) Chrome/135.0.0.0 Safari/537.36', '172.68.7.138', '25-04-19 17:18');
UPDATE `user_registration` SET `popup_seen` = 'yes'
WHERE `user_id` = '7ZQOFP';
UPDATE `ci_sessions` SET `timestamp` = 1745101808, `data` = '__ci_last_regenerate|i:1745101808;captcha|s:4:\"k5dd\";'
WHERE `id` = 'e0a91e7ae23c304644ad0ee11a04b4d78cfa20e3';
INSERT INTO `login_history` (`user_id`, `device`, `ip_address`, `date`) VALUES ('UQO7EQ', 'Mozilla/5.0 (Windows NT 10.0; Win64; x64) AppleWebKit/537.36 (KHTML, like Gecko) Chrome/135.0.0.0 Safari/537.36', '172.70.254.133', '25-04-19 17:30');
UPDATE `user_registration` SET `popup_seen` = 'yes'
WHERE `user_id` = 'UQO7EQ';
UPDATE `user_registration` SET `popup_seen` = 'no'
WHERE `user_id` = 'UQO7EQ';
DELETE FROM `ci_sessions`
WHERE `id` = '65794d7b00e7907c4912c6544787503ba66f9864';
INSERT INTO `login_history` (`user_id`, `device`, `ip_address`, `date`) VALUES ('UTF7YN', 'Mozilla/5.0 (Linux; Android 10; K) AppleWebKit/537.36 (KHTML, like Gecko) Chrome/135.0.0.0 Mobile Safari/537.36', '172.68.7.163', '25-04-19 17:45');
UPDATE `user_registration` SET `popup_seen` = 'yes'
WHERE `user_id` = 'UTF7YN';
INSERT INTO `temp_register` (`post_data`, `date`, `payment_method`, `type`) VALUES ('{\"user_id\":\"UTF7YN\",\"package_id\":\"2\",\"amount\":\"150\",\"payment_method\":\"stripe\",\"date\":\"2025-04-19 17:46:33\"}', '2025-04-19 17:46:33', 'stripe', 'renew');
UPDATE `user_registration` SET `popup_seen` = 'yes'
WHERE `user_id` = 'CVVK4C';
UPDATE `ci_sessions` SET `timestamp` = 1745103010, `data` = '__ci_last_regenerate|i:1745103010;captcha|s:4:\"i1m2\";'
WHERE `id` = '04df7d3afdc69a0f2f344e1cfd7996110445b679';
INSERT INTO `login_history` (`user_id`, `device`, `ip_address`, `date`) VALUES ('UQO7EQ', 'Mozilla/5.0 (Windows NT 10.0; Win64; x64) AppleWebKit/537.36 (KHTML, like Gecko) Chrome/135.0.0.0 Safari/537.36', '172.68.12.104', '25-04-19 17:50');
UPDATE `user_registration` SET `popup_seen` = 'yes'
WHERE `user_id` = 'UQO7EQ';
UPDATE `ci_sessions` SET `timestamp` = 1745103051, `data` = '__ci_last_regenerate|i:1745103051;id|s:4:\"2054\";user_id|s:6:\"CVVK4C\";username|s:7:\"ManuelN\";sponsor_id|s:6:\"K55EDD\";fullname|s:14:\"Manuel Naranjo\";email|s:26:\"naranjo.manuel93@gmail.com\";phone|s:6:\"786326\";isLogIn|b:1;'
WHERE `id` = 'e19547ca118a0e9bffa2d47b0de275f575d814a9';
UPDATE `user_registration` SET `popup_seen` = 'yes'
WHERE `user_id` = 'UQO7EQ';
UPDATE `user_registration` SET `popup_seen` = 'no'
WHERE `user_id` = 'UQO7EQ';
DELETE FROM `ci_sessions`
WHERE `id` = 'f21d97ebc9e778f0902750b6e0655fa14cb5fd86';
UPDATE `ci_sessions` SET `timestamp` = 1745103113, `data` = '__ci_last_regenerate|i:1745103113;id|s:4:\"2070\";user_id|s:6:\"UTF7YN\";username|s:7:\"Miguelm\";sponsor_id|s:6:\"CVVK4C\";fullname|s:16:\"Miguel Martinez \";email|s:32:\"miguelmartinezzamora89@gmail.com\";phone|s:10:\"7866948502\";isLogIn|b:1;upgrade_stripe_id|i:310;'
WHERE `id` = '1b11ed27a0b9f38979c5a82b93f27fb9b770310f';
UPDATE `temp_register` SET `response` = '{\"stripeToken\":\"tok_1RFkEm2NUoYUjiuuN7UQ1ljX\",\"stripeTokenType\":\"card\",\"stripeEmail\":\"miguelmartinezzamora89@gmail.com\"}', `date_modified` = '2025-04-19 17:51:56', `payment_status` = '{\"id\":\"ch_3RFkEq2NUoYUjiuu1GRb2LUx\",\"object\":\"charge\",\"amount\":15000,\"amount_captured\":15000,\"amount_refunded\":0,\"application\":null,\"application_fee\":null,\"application_fee_amount\":null,\"balance_transaction\":\"txn_3RFkEq2NUoYUjiuu1byd046c\",\"billing_details\":{\"address\":{\"city\":null,\"country\":null,\"line1\":null,\"line2\":null,\"postal_code\":null,\"state\":null},\"email\":null,\"name\":\"miguelmartinezzamora89@gmail.com\",\"phone\":null,\"tax_id\":null},\"calculated_statement_descriptor\":\"TRAVELEGENDCY LLC\",\"captured\":true,\"created\":1745103116,\"currency\":\"usd\",\"customer\":\"cus_SA4NAuYy1L11sd\",\"description\":null,\"destination\":null,\"dispute\":null,\"disputed\":false,\"failure_balance_transaction\":null,\"failure_code\":null,\"failure_message\":null,\"fraud_details\":[],\"invoice\":null,\"livemode\":true,\"metadata\":{\"name\":\"Miguel Martinez \",\"username\":\"Miguelm\"},\"on_behalf_of\":null,\"order\":null,\"outcome\":{\"advice_code\":null,\"network_advice_code\":null,\"network_decline_code\":null,\"network_status\":\"approved_by_network\",\"reason\":null,\"risk_level\":\"normal\",\"seller_message\":\"Payment complete.\",\"type\":\"authorized\"},\"paid\":true,\"payment_intent\":null,\"payment_method\":\"card_1RFkEm2NUoYUjiuumDc9uDaE\",\"payment_method_details\":{\"card\":{\"amount_authorized\":15000,\"authorization_code\":\"075156\",\"brand\":\"visa\",\"checks\":{\"address_line1_check\":null,\"address_postal_code_check\":null,\"cvc_check\":\"pass\"},\"country\":\"US\",\"exp_month\":11,\"exp_year\":2027,\"extended_authorization\":{\"status\":\"disabled\"},\"fingerprint\":\"kGjHpzMqgaCAUwQO\",\"funding\":\"debit\",\"incremental_authorization\":{\"status\":\"unavailable\"},\"installments\":null,\"last4\":\"6742\",\"mandate\":null,\"multicapture\":{\"status\":\"unavailable\"},\"network\":\"visa\",\"network_token\":{\"used\":false},\"network_transaction_id\":\"585109823162515\",\"overcapture\":{\"maximum_amount_capturable\":15000,\"status\":\"unavailable\"},\"regulated_status\":\"regulated\",\"three_d_secure\":null,\"wallet\":null},\"type\":\"card\"},\"receipt_email\":null,\"receipt_number\":null,\"receipt_url\":\"https:\\/\\/pay.stripe.com\\/receipts\\/payment\\/CAcQARoXChVhY2N0XzFRUEFGdjJOVW9ZVWppdXUojdKQwAYyBhuSCji1mjosFhQZC6SRO_UHY1Tg9x8wjlBM4MW7oplKF9fOB8CSLlT1kbws0NLtWHTB5Sc\",\"refunded\":false,\"review\":null,\"shipping\":null,\"source\":{\"id\":\"card_1RFkEm2NUoYUjiuumDc9uDaE\",\"object\":\"card\",\"address_city\":null,\"address_country\":null,\"address_line1\":null,\"address_line1_check\":null,\"address_line2\":null,\"address_state\":null,\"address_zip\":null,\"address_zip_check\":null,\"allow_redisplay\":\"unspecified\",\"brand\":\"Visa\",\"country\":\"US\",\"customer\":\"cus_SA4NAuYy1L11sd\",\"cvc_check\":\"pass\",\"dynamic_last4\":null,\"exp_month\":11,\"exp_year\":2027,\"fingerprint\":\"kGjHpzMqgaCAUwQO\",\"funding\":\"debit\",\"last4\":\"6742\",\"metadata\":[],\"name\":\"miguelmartinezzamora89@gmail.com\",\"regulated_status\":\"regulated\",\"tokenization_method\":null,\"wallet\":null},\"source_transfer\":null,\"statement_descriptor\":null,\"statement_descriptor_suffix\":null,\"status\":\"succeeded\",\"transfer_data\":null,\"transfer_group\":null}'
WHERE `id` = 310;
INSERT INTO `sub_history` (`user_id`, `package_id`, `amount`, `payment_method`, `date`) VALUES ('UTF7YN', '2', '150', 'Stripe', '2025-04-19 17:51:56');
UPDATE `user_registration` SET sub_point = ROUND(sub_point + 150,2)
WHERE `user_id` = 'UTF7YN';
INSERT INTO `investment` (`invest_date`, `user_id`, `type`, `amount`, `package_id`) VALUES ('2025-04-19 17:51:56', 'UTF7YN', 'subscription', '150', '2');
UPDATE `user_registration` SET total_points = ROUND(total_points + 150,2)
WHERE `user_id` = 'UTF7YN';
INSERT INTO `points_history` (`user_id`, `points`, `type`, `date`) VALUES ('UTF7YN', '150', 'subscription', '2025-04-19 17:51:');
UPDATE `bv_updation` SET left_carry = left_carry+150, total_left = total_left+150
WHERE `user_id` = 'CVVK4C';
INSERT INTO `placement_bv_update_history` (`left_carry`, `date`, `from_id`, `user_id`) VALUES ('150', '2025-04-19 17:51:56', 'UTF7YN', 'CVVK4C');
UPDATE `user_registration` SET `cycle_rank_id` = '1'
WHERE `user_id` = 'CVVK4C';
INSERT INTO `rank_history` (`rank_id`, `user_id`, `name`, `bv`, `date`, `amount`, `type`) VALUES ('1', 'CVVK4C', 'Affiliate', '0', '2025-04-19 17:51:56', '0', 'auto');
UPDATE `bv_updation` SET sponsor_left_carry = sponsor_left_carry+150, sponsor_total_left = sponsor_total_left+150
WHERE `user_id` = 'CVVK4C';
INSERT INTO `sponsor_bv_update_history` (`left_carry`, `date`, `user_id`) VALUES ('150', '2025-04-19 17:51:56', 'CVVK4C');
UPDATE `bv_updation` SET left_carry = left_carry+150, total_left = total_left+150
WHERE `user_id` = 'K55EDD';
INSERT INTO `placement_bv_update_history` (`left_carry`, `date`, `from_id`, `user_id`) VALUES ('150', '2025-04-19 17:51:56', 'UTF7YN', 'K55EDD');
UPDATE `user_registration` SET `cycle_rank_id` = '1'
WHERE `user_id` = 'K55EDD';
INSERT INTO `rank_history` (`rank_id`, `user_id`, `name`, `bv`, `date`, `amount`, `type`) VALUES ('1', 'K55EDD', 'Affiliate', '0', '2025-04-19 17:51:56', '0', 'auto');
UPDATE `bv_updation` SET left_carry = left_carry+150, total_left = total_left+150
WHERE `user_id` = 'UQO7EQ';
INSERT INTO `placement_bv_update_history` (`left_carry`, `date`, `from_id`, `user_id`) VALUES ('150', '2025-04-19 17:51:56', 'UTF7YN', 'UQO7EQ');
UPDATE `user_registration` SET `cycle_rank_id` = '1'
WHERE `user_id` = 'UQO7EQ';
INSERT INTO `rank_history` (`rank_id`, `user_id`, `name`, `bv`, `date`, `amount`, `type`) VALUES ('1', 'UQO7EQ', 'Affiliate', '0', '2025-04-19 17:51:56', '0', 'auto');
UPDATE `bv_updation` SET left_carry = left_carry+150, total_left = total_left+150
WHERE `user_id` = 'N6GZAE';
INSERT INTO `placement_bv_update_history` (`left_carry`, `date`, `from_id`, `user_id`) VALUES ('150', '2025-04-19 17:51:56', 'UTF7YN', 'N6GZAE');
UPDATE `user_registration` SET `cycle_rank_id` = '1'
WHERE `user_id` = 'N6GZAE';
INSERT INTO `rank_history` (`rank_id`, `user_id`, `name`, `bv`, `date`, `amount`, `type`) VALUES ('1', 'N6GZAE', 'Affiliate', '0', '2025-04-19 17:51:56', '0', 'auto');
UPDATE `bv_updation` SET left_carry = left_carry+150, total_left = total_left+150
WHERE `user_id` = '4E1CRI';
INSERT INTO `placement_bv_update_history` (`left_carry`, `date`, `from_id`, `user_id`) VALUES ('150', '2025-04-19 17:51:57', 'UTF7YN', '4E1CRI');
UPDATE `bv_updation` SET left_carry = left_carry+150, total_left = total_left+150
WHERE `user_id` = 'SJBNYJ';
INSERT INTO `placement_bv_update_history` (`left_carry`, `date`, `from_id`, `user_id`) VALUES ('150', '2025-04-19 17:51:57', 'UTF7YN', 'SJBNYJ');
UPDATE `user_registration` SET `cycle_rank_id` = '1'
WHERE `user_id` = 'SJBNYJ';
INSERT INTO `rank_history` (`rank_id`, `user_id`, `name`, `bv`, `date`, `amount`, `type`) VALUES ('1', 'SJBNYJ', 'Affiliate', '0', '2025-04-19 17:51:57', '0', 'auto');
UPDATE `bv_updation` SET left_carry = left_carry+150, total_left = total_left+150
WHERE `user_id` = '44B9Y4';
INSERT INTO `placement_bv_update_history` (`left_carry`, `date`, `from_id`, `user_id`) VALUES ('150', '2025-04-19 17:51:57', 'UTF7YN', '44B9Y4');
UPDATE `user_registration` SET `cycle_rank_id` = '1'
WHERE `user_id` = '44B9Y4';
INSERT INTO `rank_history` (`rank_id`, `user_id`, `name`, `bv`, `date`, `amount`, `type`) VALUES ('1', '44B9Y4', 'Affiliate', '0', '2025-04-19 17:51:57', '0', 'auto');
UPDATE `bv_updation` SET right_carry = right_carry+150, total_right = total_right+150
WHERE `user_id` = 'admin';
INSERT INTO `placement_bv_update_history` (`right_carry`, `date`, `from_id`, `user_id`) VALUES ('150', '2025-04-19 17:51:57', 'UTF7YN', 'admin');
UPDATE `user_registration` SET `cycle_rank_id` = '1'
WHERE `user_id` = 'admin';
INSERT INTO `rank_history` (`rank_id`, `user_id`, `name`, `bv`, `date`, `amount`, `type`) VALUES ('1', 'admin', 'Affiliate', '0', '2025-04-19 17:51:57', '0', 'auto');
UPDATE `user_registration` SET `subscription_date` = '2025-05-19', `active_status` = 'yes'
WHERE `user_id` = 'UTF7YN';
UPDATE `user_registration` SET `popup_seen` = 'yes'
WHERE `user_id` = 'UTF7YN';
UPDATE `user_registration` SET `popup_seen` = 'yes'
WHERE `user_id` = 'CVVK4C';
UPDATE `ci_sessions` SET `timestamp` = 1745103353, `data` = '__ci_last_regenerate|i:1745103353;id|s:4:\"2253\";user_id|s:6:\"7ZQOFP\";username|s:14:\"travelhild@123\";sponsor_id|s:6:\"4N4NX4\";fullname|s:12:\"Hilda Vargas\";email|s:24:\"hilvarshopping@gmail.com\";phone|s:10:\"7865253384\";isLogIn|b:1;'
WHERE `id` = 'd4e045f74412bdd31ca774ba84ce64f2beba52ac';
UPDATE `ci_sessions` SET `timestamp` = 1745103355, `data` = '__ci_last_regenerate|i:1745103355;id|s:4:\"2054\";user_id|s:6:\"CVVK4C\";username|s:7:\"ManuelN\";sponsor_id|s:6:\"K55EDD\";fullname|s:14:\"Manuel Naranjo\";email|s:26:\"naranjo.manuel93@gmail.com\";phone|s:6:\"786326\";isLogIn|b:1;'
WHERE `id` = '15efbfa25fa057319042dbe1bee1ae22b7febae4';
UPDATE `ci_sessions` SET `timestamp` = 1745104007, `data` = '__ci_last_regenerate|i:1745104007;id|s:4:\"2253\";user_id|s:6:\"7ZQOFP\";username|s:14:\"travelhild@123\";sponsor_id|s:6:\"4N4NX4\";fullname|s:12:\"Hilda Vargas\";email|s:24:\"hilvarshopping@gmail.com\";phone|s:10:\"7865253384\";isLogIn|b:1;'
WHERE `id` = '60b0d54908f771129a433ca943309d7f9ea5c9ea';
UPDATE `ci_sessions` SET `timestamp` = 1745105312, `data` = '__ci_last_regenerate|i:1745105312;captcha|s:4:\"ay73\";'
WHERE `id` = 'a94ae76cf14dd5ab6c5f0b92151a37e39cce53df';
INSERT INTO `login_history` (`user_id`, `device`, `ip_address`, `date`) VALUES ('UQO7EQ', 'Mozilla/5.0 (Windows NT 10.0; Win64; x64) AppleWebKit/537.36 (KHTML, like Gecko) Chrome/135.0.0.0 Safari/537.36', '172.68.12.43', '25-04-19 18:28');
UPDATE `user_registration` SET `popup_seen` = 'yes'
WHERE `user_id` = 'UQO7EQ';
UPDATE `user_registration` SET `popup_seen` = 'yes'
WHERE `user_id` = 'UQO7EQ';
UPDATE `ci_sessions` SET `timestamp` = 1745105795, `data` = '__ci_last_regenerate|i:1745105795;id|s:4:\"2042\";user_id|s:6:\"UQO7EQ\";username|s:6:\"Rafa51\";sponsor_id|s:6:\"N6GZAE\";fullname|s:16:\"Rafael Rodriguez\";email|s:18:\"rafagana@yahoo.com\";phone|s:10:\"3057610606\";isLogIn|b:1;'
WHERE `id` = 'b80a4abf29cdbef75c4ce827a2ab5264be66fdca';
UPDATE `user_registration` SET `popup_seen` = 'yes'
WHERE `user_id` = 'UQO7EQ';
UPDATE `ci_sessions` SET `timestamp` = 1745106308, `data` = '__ci_last_regenerate|i:1745106308;id|s:4:\"2042\";user_id|s:6:\"UQO7EQ\";username|s:6:\"Rafa51\";sponsor_id|s:6:\"N6GZAE\";fullname|s:16:\"Rafael Rodriguez\";email|s:18:\"rafagana@yahoo.com\";phone|s:10:\"3057610606\";isLogIn|b:1;'
WHERE `id` = '4e289d6b0a44e6a643550136534663431e855329';
UPDATE `user_registration` SET `popup_seen` = 'yes'
WHERE `user_id` = 'UQO7EQ';
INSERT INTO `login_history` (`user_id`, `device`, `ip_address`, `date`) VALUES ('LBY7TN', 'Mozilla/5.0 (iPhone; CPU iPhone OS 18_4_1 like Mac OS X) AppleWebKit/605.1.15 (KHTML, like Gecko) Version/18.4 Mobile/15E148 Safari/604.1', '172.68.12.54', '25-04-19 18:46');
UPDATE `user_registration` SET `popup_seen` = 'yes'
WHERE `user_id` = 'LBY7TN';
UPDATE `user_registration` SET `popup_seen` = 'no'
WHERE `user_id` = 'UQO7EQ';
DELETE FROM `ci_sessions`
WHERE `id` = '5c23632700f1b7714095d5db11cbf449647c2518';
UPDATE `user_registration` SET `popup_seen` = 'yes'
WHERE `user_id` = 'LBY7TN';
UPDATE `ci_sessions` SET `timestamp` = 1745107055, `data` = '__ci_last_regenerate|i:1745107055;id|s:4:\"2096\";user_id|s:6:\"LBY7TN\";username|s:8:\"Martica1\";sponsor_id|s:6:\"CVVK4C\";fullname|s:13:\"Martha Ospina\";email|s:25:\"realtororlando1@gmail.com\";phone|s:10:\"4078005302\";isLogIn|b:1;'
WHERE `id` = 'b20f6ec765a3fe034e43134337a598400d7d27ea';
UPDATE `user_registration` SET `popup_seen` = 'yes'
WHERE `user_id` = 'LBY7TN';
UPDATE `ci_sessions` SET `timestamp` = 1745107244, `data` = '__ci_last_regenerate|i:1745107244;captcha|s:4:\"4qse\";'
WHERE `id` = '66e443385d0925a3869e55b67875424a8833e232';
INSERT INTO `login_history` (`user_id`, `device`, `ip_address`, `date`) VALUES ('UQO7EQ', 'Mozilla/5.0 (Linux; Android 10; K) AppleWebKit/537.36 (KHTML, like Gecko) Chrome/131.0.0.0 Mobile Safari/537.36', '172.69.132.205', '25-04-19 19:01');
UPDATE `user_registration` SET `popup_seen` = 'yes'
WHERE `user_id` = 'UQO7EQ';
UPDATE `ci_sessions` SET `timestamp` = 1745107603, `data` = '__ci_last_regenerate|i:1745107603;id|s:4:\"2042\";user_id|s:6:\"UQO7EQ\";username|s:6:\"Rafa51\";sponsor_id|s:6:\"N6GZAE\";fullname|s:16:\"Rafael Rodriguez\";email|s:18:\"rafagana@yahoo.com\";phone|s:10:\"3057610606\";isLogIn|b:1;message|s:24:\"Welcome Rafael Rodriguez\";__ci_vars|a:1:{s:7:\"message\";s:3:\"old\";}'
WHERE `id` = '3e8fcda256424a4b6dd9cda607ed649c04df3b16';
UPDATE `user_registration` SET `popup_seen` = 'yes'
WHERE `user_id` = 'UQO7EQ';
UPDATE `user_registration` SET `popup_seen` = 'no'
WHERE `user_id` = 'UQO7EQ';
DELETE FROM `ci_sessions`
WHERE `id` = '8358699a4e3816cb3133500c6c9b25917f719ba6';
INSERT INTO `login_history` (`user_id`, `device`, `ip_address`, `date`) VALUES ('JHRDHS', 'Mozilla/5.0 (Macintosh; Intel Mac OS X 10_15_7) AppleWebKit/605.1.15 (KHTML, like Gecko) Version/18.3.1 Safari/605.1.15', '172.68.12.132', '25-04-19 19:28');
UPDATE `user_registration` SET `popup_seen` = 'yes'
WHERE `user_id` = 'JHRDHS';
UPDATE `user_registration` SET `default_leg` = 'left'
WHERE `user_id` = 'JHRDHS';
UPDATE `ci_sessions` SET `timestamp` = 1745109378, `data` = '__ci_last_regenerate|i:1745109378;id|s:4:\"2071\";user_id|s:6:\"JHRDHS\";username|s:7:\"mbecena\";sponsor_id|s:6:\"CVVK4C\";fullname|s:12:\"Maria Becena\";email|s:21:\"mbecena@bellsouth.net\";phone|s:10:\"7862360387\";isLogIn|b:1;'
WHERE `id` = '5e152adadc7dc779ce2693dbe9040a1d7aa0189f';
INSERT INTO `temp_register` (`post_data`, `date`, `payment_method`, `type`) VALUES ('{\"uid\":\"2336\",\"user_id\":\"VPMCC5\",\"username\":\"Dcata\",\"sponsor_id\":\"JHRDHS\",\"vacant\":\"no\",\"f_name\":\"Diana\",\"l_name\":\"Lahitte\",\"position\":\"left\",\"email\":\"dianaanton9@gmail.com\",\"password\":\"4bb7e8d86f4ad6b98bfcbc71e899c1a0\",\"phone\":\"3052022622\",\"country\":\"United States\",\"state\":\"Florida\",\"city\":\"Miami\",\"street\":\"14492 sw 127 ct\",\"zip_code\":\"33186\",\"reg_ip\":\"172.69.132.216\",\"status\":1,\"package_id\":\"2\",\"rank_id\":1,\"highest_rank\":1,\"cycle_rank_id\":1,\"user_type\":\"affiliate\",\"created\":\"2025-04-19 19:36:18\",\"subscription_date\":\"2025-05-19\",\"active_status\":\"yes\",\"google_secret\":\"G6DGP3274AI553XK\"}', '2025-04-19 19:36:18', 'stripe', 'register');
UPDATE `temp_register` SET `response` = '{\"stripeToken\":\"tok_1RFlsl2NUoYUjiuupXhUam4K\",\"stripeTokenType\":\"card\",\"stripeEmail\":\"dianaanton9@gmail.com\"}', `date_modified` = '2025-04-19 19:37:19', `payment_status` = '{\"id\":\"ch_3RFlsp2NUoYUjiuu1KrNiK6d\",\"object\":\"charge\",\"amount\":59500,\"amount_captured\":59500,\"amount_refunded\":0,\"application\":null,\"application_fee\":null,\"application_fee_amount\":null,\"balance_transaction\":\"txn_3RFlsp2NUoYUjiuu1UE42New\",\"billing_details\":{\"address\":{\"city\":null,\"country\":null,\"line1\":null,\"line2\":null,\"postal_code\":null,\"state\":null},\"email\":null,\"name\":\"dianaanton9@gmail.com\",\"phone\":null,\"tax_id\":null},\"calculated_statement_descriptor\":\"TRAVELEGENDCY LLC\",\"captured\":true,\"created\":1745109439,\"currency\":\"usd\",\"customer\":\"cus_SA64zH7YvZ470y\",\"description\":null,\"destination\":null,\"dispute\":null,\"disputed\":false,\"failure_balance_transaction\":null,\"failure_code\":null,\"failure_message\":null,\"fraud_details\":[],\"invoice\":null,\"livemode\":true,\"metadata\":{\"name\":\"Diana Lahitte\",\"username\":\"Dcata\"},\"on_behalf_of\":null,\"order\":null,\"outcome\":{\"advice_code\":null,\"network_advice_code\":null,\"network_decline_code\":null,\"network_status\":\"approved_by_network\",\"reason\":null,\"risk_level\":\"normal\",\"seller_message\":\"Payment complete.\",\"type\":\"authorized\"},\"paid\":true,\"payment_intent\":null,\"payment_method\":\"card_1RFlsk2NUoYUjiuu4rvzoEY6\",\"payment_method_details\":{\"card\":{\"amount_authorized\":59500,\"authorization_code\":\"07354C\",\"brand\":\"visa\",\"checks\":{\"address_line1_check\":null,\"address_postal_code_check\":null,\"cvc_check\":\"pass\"},\"country\":\"US\",\"exp_month\":4,\"exp_year\":2029,\"extended_authorization\":{\"status\":\"disabled\"},\"fingerprint\":\"B1XSn4WOaRbU4Btl\",\"funding\":\"credit\",\"incremental_authorization\":{\"status\":\"unavailable\"},\"installments\":null,\"last4\":\"3028\",\"mandate\":null,\"multicapture\":{\"status\":\"unavailable\"},\"network\":\"visa\",\"network_token\":{\"used\":false},\"network_transaction_id\":\"305110022395288\",\"overcapture\":{\"maximum_amount_capturable\":59500,\"status\":\"unavailable\"},\"regulated_status\":\"unregulated\",\"three_d_secure\":null,\"wallet\":null},\"type\":\"card\"},\"receipt_email\":null,\"receipt_number\":null,\"receipt_url\":\"https:\\/\\/pay.stripe.com\\/receipts\\/payment\\/CAcQARoXChVhY2N0XzFRUEFGdjJOVW9ZVWppdXUowIORwAYyBqM2QUoJzjosFoerhfw3YjxX9BYXAud3CmHVPbGxVoem2Me-mRulgHlyEGxSc4-lO-08CyA\",\"refunded\":false,\"review\":null,\"shipping\":null,\"source\":{\"id\":\"card_1RFlsk2NUoYUjiuu4rvzoEY6\",\"object\":\"card\",\"address_city\":null,\"address_country\":null,\"address_line1\":null,\"address_line1_check\":null,\"address_line2\":null,\"address_state\":null,\"address_zip\":null,\"address_zip_check\":null,\"allow_redisplay\":\"unspecified\",\"brand\":\"Visa\",\"country\":\"US\",\"customer\":\"cus_SA64zH7YvZ470y\",\"cvc_check\":\"pass\",\"dynamic_last4\":null,\"exp_month\":4,\"exp_year\":2029,\"fingerprint\":\"B1XSn4WOaRbU4Btl\",\"funding\":\"credit\",\"last4\":\"3028\",\"metadata\":[],\"name\":\"dianaanton9@gmail.com\",\"regulated_status\":\"unregulated\",\"tokenization_method\":null,\"wallet\":null},\"source_transfer\":null,\"statement_descriptor\":null,\"statement_descriptor_suffix\":null,\"status\":\"succeeded\",\"transfer_data\":null,\"transfer_group\":null}'
WHERE `id` = 311;
INSERT INTO `user_registration` (`user_id`, `username`, `sponsor_id`, `vacant`, `f_name`, `l_name`, `position`, `email`, `password`, `phone`, `country`, `state`, `city`, `street`, `zip_code`, `reg_ip`, `status`, `package_id`, `rank_id`, `highest_rank`, `cycle_rank_id`, `user_type`, `created`, `subscription_date`, `active_status`, `google_secret`) VALUES ('VPMCC5', 'Dcata', 'JHRDHS', 'no', 'Diana', 'Lahitte', 'left', 'dianaanton9@gmail.com', '4bb7e8d86f4ad6b98bfcbc71e899c1a0', '3052022622', 'United States', 'Florida', 'Miami', '14492 sw 127 ct', '33186', '172.69.132.216', 1, '2', 1, 1, 1, 'affiliate', '2025-04-19 19:36:18', '2025-05-19', 'yes', 'G6DGP3274AI553XK');
UPDATE `user_registration` SET total_ref_count = total_ref_count+1
WHERE `user_id` = 'JHRDHS';
INSERT INTO `matrix_fill_sponsor` (`sponsor_id`, `downline_id`, `level`, `matrix`) VALUES ('JHRDHS', 'VPMCC5', 1, 1);
INSERT INTO `matrix_fill_sponsor` (`sponsor_id`, `downline_id`, `level`, `matrix`) VALUES ('CVVK4C', 'VPMCC5', 2, 1);
INSERT INTO `matrix_fill_sponsor` (`sponsor_id`, `downline_id`, `level`, `matrix`) VALUES ('K55EDD', 'VPMCC5', 3, 1);
INSERT INTO `matrix_fill_sponsor` (`sponsor_id`, `downline_id`, `level`, `matrix`) VALUES ('UQO7EQ', 'VPMCC5', 4, 1);
INSERT INTO `matrix_fill_sponsor` (`sponsor_id`, `downline_id`, `level`, `matrix`) VALUES ('N6GZAE', 'VPMCC5', 5, 1);
INSERT INTO `matrix_fill_sponsor` (`sponsor_id`, `downline_id`, `level`, `matrix`) VALUES ('4E1CRI', 'VPMCC5', 6, 1);
INSERT INTO `matrix_fill_sponsor` (`sponsor_id`, `downline_id`, `level`, `matrix`) VALUES ('SJBNYJ', 'VPMCC5', 7, 1);
INSERT INTO `matrix_fill_sponsor` (`sponsor_id`, `downline_id`, `level`, `matrix`) VALUES ('44B9Y4', 'VPMCC5', 8, 1);
INSERT INTO `matrix_fill_sponsor` (`sponsor_id`, `downline_id`, `level`, `matrix`) VALUES ('admin', 'VPMCC5', 9, 1);
UPDATE `binary_view` SET `user_id` = 'VPMCC5', `username` = 'Dcata', `vacant` = 'no', `created` = '2025-04-19 19:37:19', `sponsor_id` = 'JHRDHS'
WHERE `uid` = '2336';
INSERT INTO `binary_view` (`user_id`, `username`, `sponsor_id`, `placement_id`, `vacant`, `position`, `created`) VALUES ('AFCVZJ', 'beFUvzvQ', 'VPMCC5', 'VPMCC5', 'yes', 'left', '2025-04-19 19:37:19');
INSERT INTO `binary_view` (`user_id`, `username`, `sponsor_id`, `placement_id`, `vacant`, `position`, `created`) VALUES ('YHAYFR', 'mUlEgEjM', 'VPMCC5', 'VPMCC5', 'yes', 'right', '2025-04-19 19:37:19');
INSERT INTO `bv_updation` (`user_id`) VALUES ('VPMCC5');
UPDATE `user_registration` SET total_downlines = total_downlines+1
WHERE `user_id` = '5XIPYS';
UPDATE `user_registration` SET left_downlines = left_downlines+1
WHERE `user_id` = '5XIPYS';
UPDATE `user_registration` SET total_downlines = total_downlines+1
WHERE `user_id` = '1MHVTB';
UPDATE `user_registration` SET left_downlines = left_downlines+1
WHERE `user_id` = '1MHVTB';
UPDATE `user_registration` SET total_downlines = total_downlines+1
WHERE `user_id` = '4WVWXZ';
UPDATE `user_registration` SET left_downlines = left_downlines+1
WHERE `user_id` = '4WVWXZ';
UPDATE `user_registration` SET total_downlines = total_downlines+1
WHERE `user_id` = 'GTPJAP';
UPDATE `user_registration` SET left_downlines = left_downlines+1
WHERE `user_id` = 'GTPJAP';
UPDATE `user_registration` SET total_downlines = total_downlines+1
WHERE `user_id` = '4VE7D1';
UPDATE `user_registration` SET left_downlines = left_downlines+1
WHERE `user_id` = '4VE7D1';
UPDATE `user_registration` SET total_downlines = total_downlines+1
WHERE `user_id` = '2KPJZJ';
UPDATE `user_registration` SET left_downlines = left_downlines+1
WHERE `user_id` = '2KPJZJ';
UPDATE `user_registration` SET total_downlines = total_downlines+1
WHERE `user_id` = 'B5EVHD';
UPDATE `user_registration` SET left_downlines = left_downlines+1
WHERE `user_id` = 'B5EVHD';
UPDATE `user_registration` SET total_downlines = total_downlines+1
WHERE `user_id` = 'AQJLZA';
UPDATE `user_registration` SET left_downlines = left_downlines+1
WHERE `user_id` = 'AQJLZA';
UPDATE `user_registration` SET total_downlines = total_downlines+1
WHERE `user_id` = '2V26XM';
UPDATE `user_registration` SET left_downlines = left_downlines+1
WHERE `user_id` = '2V26XM';
UPDATE `user_registration` SET total_downlines = total_downlines+1
WHERE `user_id` = 'K8DXP2';
UPDATE `user_registration` SET left_downlines = left_downlines+1
WHERE `user_id` = 'K8DXP2';
UPDATE `user_registration` SET total_downlines = total_downlines+1
WHERE `user_id` = 'HP6YP2';
UPDATE `user_registration` SET left_downlines = left_downlines+1
WHERE `user_id` = 'HP6YP2';
UPDATE `user_registration` SET total_downlines = total_downlines+1
WHERE `user_id` = 'L8NRSC';
UPDATE `user_registration` SET left_downlines = left_downlines+1
WHERE `user_id` = 'L8NRSC';
UPDATE `user_registration` SET total_downlines = total_downlines+1
WHERE `user_id` = 'JHRDHS';
UPDATE `user_registration` SET left_downlines = left_downlines+1
WHERE `user_id` = 'JHRDHS';
UPDATE `user_registration` SET left_ref_count = left_ref_count+1
WHERE `user_id` = 'JHRDHS';
UPDATE `user_registration` SET active_left = active_left+1
WHERE `user_id` = 'JHRDHS';
UPDATE `user_registration` SET total_downlines = total_downlines+1
WHERE `user_id` = 'CVVK4C';
UPDATE `user_registration` SET right_downlines = right_downlines+1
WHERE `user_id` = 'CVVK4C';
UPDATE `user_registration` SET total_downlines = total_downlines+1
WHERE `user_id` = 'K55EDD';
UPDATE `user_registration` SET left_downlines = left_downlines+1
WHERE `user_id` = 'K55EDD';
UPDATE `user_registration` SET total_downlines = total_downlines+1
WHERE `user_id` = 'UQO7EQ';
UPDATE `user_registration` SET left_downlines = left_downlines+1
WHERE `user_id` = 'UQO7EQ';
UPDATE `user_registration` SET total_downlines = total_downlines+1
WHERE `user_id` = 'N6GZAE';
UPDATE `user_registration` SET left_downlines = left_downlines+1
WHERE `user_id` = 'N6GZAE';
UPDATE `user_registration` SET total_downlines = total_downlines+1
WHERE `user_id` = '4E1CRI';
UPDATE `user_registration` SET left_downlines = left_downlines+1
WHERE `user_id` = '4E1CRI';
UPDATE `user_registration` SET total_downlines = total_downlines+1
WHERE `user_id` = 'SJBNYJ';
UPDATE `user_registration` SET left_downlines = left_downlines+1
WHERE `user_id` = 'SJBNYJ';
UPDATE `user_registration` SET total_downlines = total_downlines+1
WHERE `user_id` = '44B9Y4';
UPDATE `user_registration` SET left_downlines = left_downlines+1
WHERE `user_id` = '44B9Y4';
UPDATE `user_registration` SET total_downlines = total_downlines+1
WHERE `user_id` = 'admin';
UPDATE `user_registration` SET right_downlines = right_downlines+1
WHERE `user_id` = 'admin';
INSERT INTO `package_purchase_history` (`user_id`, `package_id`, `reg_fee`, `package_name`, `monthly_fee`, `type`, `date`, `payment_option`) VALUES ('VPMCC5', '2', '595', 'Traveler Pro', '150', 'sign_up', '2025-04-19 19:37:19', 'stripe');
INSERT INTO `investment` (`invest_date`, `user_id`, `type`, `amount`, `package_id`) VALUES ('2025-04-19 19:37:19', 'VPMCC5', 'register', '595', '2');
INSERT INTO `earnings` (`user_id`, `Purchaser_id`, `earning_type`, `package_id`, `amount`, `date`, `comments`, `invest_amount`, `comm_perc`, `level`, `rank_id`, `order_id`) VALUES ('JHRDHS', 'VPMCC5', 'Direct Referral Bonus', '2', '200', '2025-04-19 19:37:19', 'Direct Referral Bonus', 0, 0, 1, '', 294);
UPDATE `user_registration` SET commission_balance = ROUND(commission_balance + 200,2)
WHERE `user_id` = 'JHRDHS';
UPDATE `user_registration` SET referral_bonus = ROUND(referral_bonus + 200,2)
WHERE `user_id` = 'JHRDHS';
UPDATE `user_registration` SET total_points = ROUND(total_points + 50,2)
WHERE `user_id` = 'VPMCC5';
INSERT INTO `points_history` (`user_id`, `points`, `type`, `date`) VALUES ('VPMCC5', '50', 'register', '2025-04-19 19:37:');
INSERT INTO `matrix_filling` (`placement_id`, `downline_id`, `level`, `matrix`) VALUES ('5XIPYS', 'VPMCC5', 1, 1);
UPDATE `bv_updation` SET left_carry = left_carry+50, total_left = total_left+50
WHERE `user_id` = '5XIPYS';
INSERT INTO `placement_bv_update_history` (`left_carry`, `date`, `from_id`, `user_id`) VALUES ('50', '2025-04-19 19:37:19', 'VPMCC5', '5XIPYS');
INSERT INTO `matrix_filling` (`placement_id`, `downline_id`, `level`, `matrix`) VALUES ('1MHVTB', 'VPMCC5', 2, 1);
UPDATE `bv_updation` SET left_carry = left_carry+50, total_left = total_left+50
WHERE `user_id` = '1MHVTB';
INSERT INTO `placement_bv_update_history` (`left_carry`, `date`, `from_id`, `user_id`) VALUES ('50', '2025-04-19 19:37:19', 'VPMCC5', '1MHVTB');
INSERT INTO `matrix_filling` (`placement_id`, `downline_id`, `level`, `matrix`) VALUES ('4WVWXZ', 'VPMCC5', 3, 1);
UPDATE `bv_updation` SET left_carry = left_carry+50, total_left = total_left+50
WHERE `user_id` = '4WVWXZ';
INSERT INTO `placement_bv_update_history` (`left_carry`, `date`, `from_id`, `user_id`) VALUES ('50', '2025-04-19 19:37:19', 'VPMCC5', '4WVWXZ');
INSERT INTO `matrix_filling` (`placement_id`, `downline_id`, `level`, `matrix`) VALUES ('GTPJAP', 'VPMCC5', 4, 1);
UPDATE `bv_updation` SET left_carry = left_carry+50, total_left = total_left+50
WHERE `user_id` = 'GTPJAP';
INSERT INTO `placement_bv_update_history` (`left_carry`, `date`, `from_id`, `user_id`) VALUES ('50', '2025-04-19 19:37:19', 'VPMCC5', 'GTPJAP');
INSERT INTO `matrix_filling` (`placement_id`, `downline_id`, `level`, `matrix`) VALUES ('4VE7D1', 'VPMCC5', 5, 1);
UPDATE `bv_updation` SET left_carry = left_carry+50, total_left = total_left+50
WHERE `user_id` = '4VE7D1';
INSERT INTO `placement_bv_update_history` (`left_carry`, `date`, `from_id`, `user_id`) VALUES ('50', '2025-04-19 19:37:19', 'VPMCC5', '4VE7D1');
INSERT INTO `matrix_filling` (`placement_id`, `downline_id`, `level`, `matrix`) VALUES ('2KPJZJ', 'VPMCC5', 6, 1);
UPDATE `bv_updation` SET left_carry = left_carry+50, total_left = total_left+50
WHERE `user_id` = '2KPJZJ';
INSERT INTO `placement_bv_update_history` (`left_carry`, `date`, `from_id`, `user_id`) VALUES ('50', '2025-04-19 19:37:19', 'VPMCC5', '2KPJZJ');
INSERT INTO `matrix_filling` (`placement_id`, `downline_id`, `level`, `matrix`) VALUES ('B5EVHD', 'VPMCC5', 7, 1);
UPDATE `bv_updation` SET left_carry = left_carry+50, total_left = total_left+50
WHERE `user_id` = 'B5EVHD';
INSERT INTO `placement_bv_update_history` (`left_carry`, `date`, `from_id`, `user_id`) VALUES ('50', '2025-04-19 19:37:19', 'VPMCC5', 'B5EVHD');
UPDATE `user_registration` SET `cycle_rank_id` = '1'
WHERE `user_id` = 'B5EVHD';
INSERT INTO `rank_history` (`rank_id`, `user_id`, `name`, `bv`, `date`, `amount`, `type`) VALUES ('1', 'B5EVHD', 'Affiliate', '0', '2025-04-19 19:37:19', '0', 'auto');
INSERT INTO `matrix_filling` (`placement_id`, `downline_id`, `level`, `matrix`) VALUES ('AQJLZA', 'VPMCC5', 8, 1);
UPDATE `bv_updation` SET left_carry = left_carry+50, total_left = total_left+50
WHERE `user_id` = 'AQJLZA';
INSERT INTO `placement_bv_update_history` (`left_carry`, `date`, `from_id`, `user_id`) VALUES ('50', '2025-04-19 19:37:19', 'VPMCC5', 'AQJLZA');
INSERT INTO `matrix_filling` (`placement_id`, `downline_id`, `level`, `matrix`) VALUES ('2V26XM', 'VPMCC5', 9, 1);
UPDATE `bv_updation` SET left_carry = left_carry+50, total_left = total_left+50
WHERE `user_id` = '2V26XM';
INSERT INTO `placement_bv_update_history` (`left_carry`, `date`, `from_id`, `user_id`) VALUES ('50', '2025-04-19 19:37:19', 'VPMCC5', '2V26XM');
INSERT INTO `matrix_filling` (`placement_id`, `downline_id`, `level`, `matrix`) VALUES ('K8DXP2', 'VPMCC5', 10, 1);
UPDATE `bv_updation` SET left_carry = left_carry+50, total_left = total_left+50
WHERE `user_id` = 'K8DXP2';
INSERT INTO `placement_bv_update_history` (`left_carry`, `date`, `from_id`, `user_id`) VALUES ('50', '2025-04-19 19:37:19', 'VPMCC5', 'K8DXP2');
INSERT INTO `matrix_filling` (`placement_id`, `downline_id`, `level`, `matrix`) VALUES ('HP6YP2', 'VPMCC5', 11, 1);
UPDATE `bv_updation` SET left_carry = left_carry+50, total_left = total_left+50
WHERE `user_id` = 'HP6YP2';
INSERT INTO `placement_bv_update_history` (`left_carry`, `date`, `from_id`, `user_id`) VALUES ('50', '2025-04-19 19:37:19', 'VPMCC5', 'HP6YP2');
UPDATE `user_registration` SET `cycle_rank_id` = '1'
WHERE `user_id` = 'HP6YP2';
INSERT INTO `rank_history` (`rank_id`, `user_id`, `name`, `bv`, `date`, `amount`, `type`) VALUES ('1', 'HP6YP2', 'Affiliate', '0', '2025-04-19 19:37:19', '0', 'auto');
INSERT INTO `matrix_filling` (`placement_id`, `downline_id`, `level`, `matrix`) VALUES ('L8NRSC', 'VPMCC5', 12, 1);
UPDATE `bv_updation` SET left_carry = left_carry+50, total_left = total_left+50
WHERE `user_id` = 'L8NRSC';
INSERT INTO `placement_bv_update_history` (`left_carry`, `date`, `from_id`, `user_id`) VALUES ('50', '2025-04-19 19:37:20', 'VPMCC5', 'L8NRSC');
UPDATE `user_registration` SET `cycle_rank_id` = '1'
WHERE `user_id` = 'L8NRSC';
INSERT INTO `rank_history` (`rank_id`, `user_id`, `name`, `bv`, `date`, `amount`, `type`) VALUES ('1', 'L8NRSC', 'Affiliate', '0', '2025-04-19 19:37:20', '0', 'auto');
INSERT INTO `matrix_filling` (`placement_id`, `downline_id`, `level`, `matrix`) VALUES ('JHRDHS', 'VPMCC5', 13, 1);
UPDATE `bv_updation` SET left_carry = left_carry+50, total_left = total_left+50
WHERE `user_id` = 'JHRDHS';
INSERT INTO `placement_bv_update_history` (`left_carry`, `date`, `from_id`, `user_id`) VALUES ('50', '2025-04-19 19:37:20', 'VPMCC5', 'JHRDHS');
UPDATE `user_registration` SET `cycle_rank_id` = '1'
WHERE `user_id` = 'JHRDHS';
INSERT INTO `rank_history` (`rank_id`, `user_id`, `name`, `bv`, `date`, `amount`, `type`) VALUES ('1', 'JHRDHS', 'Affiliate', '0', '2025-04-19 19:37:20', '0', 'auto');
UPDATE `bv_updation` SET sponsor_left_carry = sponsor_left_carry+50, sponsor_total_left = sponsor_total_left+50
WHERE `user_id` = 'JHRDHS';
INSERT INTO `sponsor_bv_update_history` (`left_carry`, `date`, `user_id`) VALUES ('50', '2025-04-19 19:37:20', 'JHRDHS');
INSERT INTO `matrix_filling` (`placement_id`, `downline_id`, `level`, `matrix`) VALUES ('CVVK4C', 'VPMCC5', 14, 1);
UPDATE `bv_updation` SET right_carry = right_carry+50, total_right = total_right+50
WHERE `user_id` = 'CVVK4C';
INSERT INTO `placement_bv_update_history` (`right_carry`, `date`, `from_id`, `user_id`) VALUES ('50', '2025-04-19 19:37:20', 'VPMCC5', 'CVVK4C');
UPDATE `user_registration` SET `cycle_rank_id` = '1'
WHERE `user_id` = 'CVVK4C';
INSERT INTO `rank_history` (`rank_id`, `user_id`, `name`, `bv`, `date`, `amount`, `type`) VALUES ('1', 'CVVK4C', 'Affiliate', '0', '2025-04-19 19:37:20', '0', 'auto');
INSERT INTO `matrix_filling` (`placement_id`, `downline_id`, `level`, `matrix`) VALUES ('K55EDD', 'VPMCC5', 15, 1);
UPDATE `bv_updation` SET left_carry = left_carry+50, total_left = total_left+50
WHERE `user_id` = 'K55EDD';
INSERT INTO `placement_bv_update_history` (`left_carry`, `date`, `from_id`, `user_id`) VALUES ('50', '2025-04-19 19:37:20', 'VPMCC5', 'K55EDD');
UPDATE `user_registration` SET `cycle_rank_id` = '1'
WHERE `user_id` = 'K55EDD';
INSERT INTO `rank_history` (`rank_id`, `user_id`, `name`, `bv`, `date`, `amount`, `type`) VALUES ('1', 'K55EDD', 'Affiliate', '0', '2025-04-19 19:37:20', '0', 'auto');
INSERT INTO `matrix_filling` (`placement_id`, `downline_id`, `level`, `matrix`) VALUES ('UQO7EQ', 'VPMCC5', 16, 1);
UPDATE `bv_updation` SET left_carry = left_carry+50, total_left = total_left+50
WHERE `user_id` = 'UQO7EQ';
INSERT INTO `placement_bv_update_history` (`left_carry`, `date`, `from_id`, `user_id`) VALUES ('50', '2025-04-19 19:37:20', 'VPMCC5', 'UQO7EQ');
UPDATE `user_registration` SET `cycle_rank_id` = '1'
WHERE `user_id` = 'UQO7EQ';
INSERT INTO `rank_history` (`rank_id`, `user_id`, `name`, `bv`, `date`, `amount`, `type`) VALUES ('1', 'UQO7EQ', 'Affiliate', '0', '2025-04-19 19:37:20', '0', 'auto');
INSERT INTO `matrix_filling` (`placement_id`, `downline_id`, `level`, `matrix`) VALUES ('N6GZAE', 'VPMCC5', 17, 1);
UPDATE `bv_updation` SET left_carry = left_carry+50, total_left = total_left+50
WHERE `user_id` = 'N6GZAE';
INSERT INTO `placement_bv_update_history` (`left_carry`, `date`, `from_id`, `user_id`) VALUES ('50', '2025-04-19 19:37:21', 'VPMCC5', 'N6GZAE');
UPDATE `user_registration` SET `cycle_rank_id` = '1'
WHERE `user_id` = 'N6GZAE';
INSERT INTO `rank_history` (`rank_id`, `user_id`, `name`, `bv`, `date`, `amount`, `type`) VALUES ('1', 'N6GZAE', 'Affiliate', '0', '2025-04-19 19:37:21', '0', 'auto');
INSERT INTO `matrix_filling` (`placement_id`, `downline_id`, `level`, `matrix`) VALUES ('4E1CRI', 'VPMCC5', 18, 1);
UPDATE `bv_updation` SET left_carry = left_carry+50, total_left = total_left+50
WHERE `user_id` = '4E1CRI';
INSERT INTO `placement_bv_update_history` (`left_carry`, `date`, `from_id`, `user_id`) VALUES ('50', '2025-04-19 19:37:21', 'VPMCC5', '4E1CRI');
INSERT INTO `matrix_filling` (`placement_id`, `downline_id`, `level`, `matrix`) VALUES ('SJBNYJ', 'VPMCC5', 19, 1);
UPDATE `bv_updation` SET left_carry = left_carry+50, total_left = total_left+50
WHERE `user_id` = 'SJBNYJ';
INSERT INTO `placement_bv_update_history` (`left_carry`, `date`, `from_id`, `user_id`) VALUES ('50', '2025-04-19 19:37:21', 'VPMCC5', 'SJBNYJ');
UPDATE `user_registration` SET `cycle_rank_id` = '1'
WHERE `user_id` = 'SJBNYJ';
INSERT INTO `rank_history` (`rank_id`, `user_id`, `name`, `bv`, `date`, `amount`, `type`) VALUES ('1', 'SJBNYJ', 'Affiliate', '0', '2025-04-19 19:37:21', '0', 'auto');
INSERT INTO `matrix_filling` (`placement_id`, `downline_id`, `level`, `matrix`) VALUES ('44B9Y4', 'VPMCC5', 20, 1);
UPDATE `bv_updation` SET left_carry = left_carry+50, total_left = total_left+50
WHERE `user_id` = '44B9Y4';
INSERT INTO `placement_bv_update_history` (`left_carry`, `date`, `from_id`, `user_id`) VALUES ('50', '2025-04-19 19:37:21', 'VPMCC5', '44B9Y4');
UPDATE `user_registration` SET `cycle_rank_id` = '1'
WHERE `user_id` = '44B9Y4';
INSERT INTO `rank_history` (`rank_id`, `user_id`, `name`, `bv`, `date`, `amount`, `type`) VALUES ('1', '44B9Y4', 'Affiliate', '0', '2025-04-19 19:37:21', '0', 'auto');
INSERT INTO `matrix_filling` (`placement_id`, `downline_id`, `level`, `matrix`) VALUES ('admin', 'VPMCC5', 21, 1);
UPDATE `bv_updation` SET right_carry = right_carry+50, total_right = total_right+50
WHERE `user_id` = 'admin';
INSERT INTO `placement_bv_update_history` (`right_carry`, `date`, `from_id`, `user_id`) VALUES ('50', '2025-04-19 19:37:21', 'VPMCC5', 'admin');
UPDATE `user_registration` SET `cycle_rank_id` = '1'
WHERE `user_id` = 'admin';
INSERT INTO `rank_history` (`rank_id`, `user_id`, `name`, `bv`, `date`, `amount`, `type`) VALUES ('1', 'admin', 'Affiliate', '0', '2025-04-19 19:37:21', '0', 'auto');
UPDATE `user_registration` SET `popup_seen` = 'yes'
WHERE `user_id` = 'JHRDHS';
UPDATE `user_registration` SET `popup_seen` = 'yes'
WHERE `user_id` = 'JHRDHS';
UPDATE `user_registration` SET `popup_seen` = 'no'
WHERE `user_id` = 'JHRDHS';
DELETE FROM `ci_sessions`
WHERE `id` = 'b241b2c4e2987b2508aaf95695676fd0f86e72f4';
INSERT INTO `login_history` (`user_id`, `device`, `ip_address`, `date`) VALUES ('VPMCC5', 'Mozilla/5.0 (Macintosh; Intel Mac OS X 10_15_7) AppleWebKit/605.1.15 (KHTML, like Gecko) Version/18.3.1 Safari/605.1.15', '172.69.132.216', '25-04-19 19:39');
UPDATE `user_registration` SET `popup_seen` = 'yes'
WHERE `user_id` = 'VPMCC5';
UPDATE `user_registration` SET `default_leg` = 'left'
WHERE `user_id` = 'VPMCC5';
UPDATE `user_registration` SET `popup_seen` = 'yes'
WHERE `user_id` = 'VPMCC5';
UPDATE `user_registration` SET `popup_seen` = 'yes'
WHERE `user_id` = 'VPMCC5';
UPDATE `ci_sessions` SET `timestamp` = 1745110571, `data` = '__ci_last_regenerate|i:1745110571;id|s:4:\"2253\";user_id|s:6:\"7ZQOFP\";username|s:14:\"travelhild@123\";sponsor_id|s:6:\"4N4NX4\";fullname|s:12:\"Hilda Vargas\";email|s:24:\"hilvarshopping@gmail.com\";phone|s:10:\"7865253384\";isLogIn|b:1;message|s:29:\"Request Accessed Successfully\";__ci_vars|a:1:{s:7:\"message\";s:3:\"old\";}'
WHERE `id` = 'a299d90007fbfc10371fdca27267be9a031ec933';
UPDATE `user_registration` SET `popup_seen` = 'yes'
WHERE `user_id` = '7ZQOFP';
INSERT INTO `login_history` (`user_id`, `device`, `ip_address`, `date`) VALUES ('HSP8ZI', 'Mozilla/5.0 (Linux; Android 10; K) AppleWebKit/537.36 (KHTML, like Gecko) Chrome/135.0.0.0 Mobile Safari/537.36', '172.68.7.202', '25-04-19 20:04');
UPDATE `user_registration` SET `popup_seen` = 'yes'
WHERE `user_id` = 'HSP8ZI';
UPDATE `user_registration` SET `popup_seen` = 'yes'
WHERE `user_id` = 'HSP8ZI';
UPDATE `user_registration` SET `popup_seen` = 'yes'
WHERE `user_id` = 'HSP8ZI';
UPDATE `user_registration` SET `popup_seen` = 'no'
WHERE `user_id` = 'HSP8ZI';
DELETE FROM `ci_sessions`
WHERE `id` = '9eb1ae8ba6f6cef9beaee9e5bda53330de862128';
UPDATE `ci_sessions` SET `timestamp` = 1745112347, `data` = '__ci_last_regenerate|i:1745112347;captcha|s:4:\"e7f9\";'
WHERE `id` = 'f2ec46838c0f3af5bc22ef21b5b939bac1021cdd';
INSERT INTO `login_history` (`user_id`, `device`, `ip_address`, `date`) VALUES ('UQO7EQ', 'Mozilla/5.0 (Linux; Android 10; K) AppleWebKit/537.36 (KHTML, like Gecko) Chrome/131.0.0.0 Mobile Safari/537.36', '172.68.12.133', '25-04-19 20:25');
UPDATE `user_registration` SET `popup_seen` = 'yes'
WHERE `user_id` = 'UQO7EQ';
UPDATE `user_registration` SET `popup_seen` = 'yes'
WHERE `user_id` = 'UQO7EQ';
UPDATE `user_registration` SET `popup_seen` = 'yes'
WHERE `user_id` = 'UQO7EQ';
UPDATE `user_registration` SET `popup_seen` = 'no'
WHERE `user_id` = 'UQO7EQ';
DELETE FROM `ci_sessions`
WHERE `id` = '41bde928beb655f2deb7c5e5f88c88335848d3f7';
UPDATE `ci_sessions` SET `timestamp` = 1745113368, `data` = '__ci_last_regenerate|i:1745113368;id|s:4:\"2253\";user_id|s:6:\"7ZQOFP\";username|s:14:\"travelhild@123\";sponsor_id|s:6:\"4N4NX4\";fullname|s:12:\"Hilda Vargas\";email|s:24:\"hilvarshopping@gmail.com\";phone|s:10:\"7865253384\";isLogIn|b:1;'
WHERE `id` = '976f5aecb9614ad67cdc07d82a2bf083a4fa51c1';
INSERT INTO `login_history` (`user_id`, `device`, `ip_address`, `date`) VALUES ('JHRDHS', 'Mozilla/5.0 (iPhone; CPU iPhone OS 18_4_1 like Mac OS X) AppleWebKit/605.1.15 (KHTML, like Gecko) Version/18.4 Mobile/15E148 Safari/604.1', '172.68.70.3', '25-04-19 20:50');
UPDATE `user_registration` SET `popup_seen` = 'yes'
WHERE `user_id` = 'JHRDHS';
UPDATE `ci_sessions` SET `timestamp` = 1745114787, `data` = '__ci_last_regenerate|i:1745114787;id|s:4:\"2337\";user_id|s:6:\"VPMCC5\";username|s:5:\"Dcata\";sponsor_id|s:6:\"JHRDHS\";fullname|s:13:\"Diana Lahitte\";email|s:21:\"dianaanton9@gmail.com\";phone|s:10:\"3052022622\";isLogIn|b:1;'
WHERE `id` = '8fef59419770cda39d796cf34cda38f021ab7207';
UPDATE `user_registration` SET `popup_seen` = 'no'
WHERE `user_id` = 'VPMCC5';
DELETE FROM `ci_sessions`
WHERE `id` = 'ab53db58f1d12b51811d8132191d9e12304b304a';
INSERT INTO `login_history` (`user_id`, `device`, `ip_address`, `date`) VALUES ('JHRDHS', 'Mozilla/5.0 (Macintosh; Intel Mac OS X 10_15_7) AppleWebKit/605.1.15 (KHTML, like Gecko) Version/18.3.1 Safari/605.1.15', '172.68.7.41', '25-04-19 21:10');
UPDATE `user_registration` SET `popup_seen` = 'yes'
WHERE `user_id` = 'JHRDHS';
INSERT INTO `login_history` (`user_id`, `device`, `ip_address`, `date`) VALUES ('UQO7EQ', 'Mozilla/5.0 (Windows NT 10.0; Win64; x64) AppleWebKit/537.36 (KHTML, like Gecko) Chrome/135.0.0.0 Safari/537.36', '172.68.12.78', '25-04-19 21:13');
UPDATE `user_registration` SET `popup_seen` = 'yes'
WHERE `user_id` = 'UQO7EQ';
UPDATE `ci_sessions` SET `timestamp` = 1745115247, `data` = '__ci_last_regenerate|i:1745115247;id|s:4:\"2071\";user_id|s:6:\"JHRDHS\";username|s:7:\"mbecena\";sponsor_id|s:6:\"CVVK4C\";fullname|s:12:\"Maria Becena\";email|s:21:\"mbecena@bellsouth.net\";phone|s:10:\"7862360387\";isLogIn|b:1;message|s:20:\"Welcome Maria Becena\";__ci_vars|a:1:{s:7:\"message\";s:3:\"old\";}'
WHERE `id` = 'ae8b1274c8e9ea84f3d605acc499425144334e97';
UPDATE `ci_sessions` SET `timestamp` = 1745115511, `data` = '__ci_last_regenerate|i:1745115511;id|s:4:\"2042\";user_id|s:6:\"UQO7EQ\";username|s:6:\"Rafa51\";sponsor_id|s:6:\"N6GZAE\";fullname|s:16:\"Rafael Rodriguez\";email|s:18:\"rafagana@yahoo.com\";phone|s:10:\"3057610606\";isLogIn|b:1;message|s:24:\"Welcome Rafael Rodriguez\";__ci_vars|a:1:{s:7:\"message\";s:3:\"old\";}'
WHERE `id` = '8e9cbd46cb4aafa6550a3ba9759447e911ee169a';
UPDATE `user_registration` SET `popup_seen` = 'yes'
WHERE `user_id` = 'UQO7EQ';
UPDATE `user_registration` SET `popup_seen` = 'no'
WHERE `user_id` = 'UQO7EQ';
DELETE FROM `ci_sessions`
WHERE `id` = '21d450ae026b715def4fbadfc799ab6f29a0e012';
UPDATE `ci_sessions` SET `timestamp` = 1745115990, `data` = '__ci_last_regenerate|i:1745115990;id|s:4:\"2071\";user_id|s:6:\"JHRDHS\";username|s:7:\"mbecena\";sponsor_id|s:6:\"CVVK4C\";fullname|s:12:\"Maria Becena\";email|s:21:\"mbecena@bellsouth.net\";phone|s:10:\"7862360387\";isLogIn|b:1;'
WHERE `id` = 'a179a12d26c9ebe9df46179343e7a25851b0c311';
UPDATE `user_registration` SET `popup_seen` = 'no'
WHERE `user_id` = 'JHRDHS';
DELETE FROM `ci_sessions`
WHERE `id` = 'd44cb1b74000b28419e2824683654a93d1746b5a';
INSERT INTO `login_history` (`user_id`, `device`, `ip_address`, `date`) VALUES ('7P1TWW', 'Mozilla/5.0 (Linux; Android 10; K) AppleWebKit/537.36 (KHTML, like Gecko) Chrome/135.0.0.0 Mobile Safari/537.36', '172.68.7.204', '25-04-19 22:12');
UPDATE `user_registration` SET `popup_seen` = 'yes'
WHERE `user_id` = '7P1TWW';
INSERT INTO `temp_register` (`post_data`, `date`, `payment_method`, `type`) VALUES ('{\"user_id\":\"7P1TWW\",\"package_id\":\"2\",\"amount\":\"150\",\"payment_method\":\"stripe\",\"date\":\"2025-04-19 22:12:09\"}', '2025-04-19 22:12:09', 'stripe', 'renew');
UPDATE `temp_register` SET `response` = '{\"stripeToken\":\"tok_1RFoIu2NUoYUjiuuPops7jOw\",\"stripeTokenType\":\"card\",\"stripeEmail\":\"marthamarin9993@gmail.com\"}', `date_modified` = '2025-04-19 22:12:28', `payment_status` = '{\"id\":\"ch_3RFoIy2NUoYUjiuu1L7c69TW\",\"object\":\"charge\",\"amount\":15000,\"amount_captured\":15000,\"amount_refunded\":0,\"application\":null,\"application_fee\":null,\"application_fee_amount\":null,\"balance_transaction\":\"txn_3RFoIy2NUoYUjiuu10S3uDGh\",\"billing_details\":{\"address\":{\"city\":null,\"country\":null,\"line1\":null,\"line2\":null,\"postal_code\":null,\"state\":null},\"email\":null,\"name\":\"marthamarin9993@gmail.com\",\"phone\":null,\"tax_id\":null},\"calculated_statement_descriptor\":\"TRAVELEGENDCY LLC\",\"captured\":true,\"created\":1745118748,\"currency\":\"usd\",\"customer\":\"cus_SA8aCE96p51iEF\",\"description\":null,\"destination\":null,\"dispute\":null,\"disputed\":false,\"failure_balance_transaction\":null,\"failure_code\":null,\"failure_message\":null,\"fraud_details\":[],\"invoice\":null,\"livemode\":true,\"metadata\":{\"name\":\"Martha Marin\",\"username\":\"AbiMar24\"},\"on_behalf_of\":null,\"order\":null,\"outcome\":{\"advice_code\":null,\"network_advice_code\":null,\"network_decline_code\":null,\"network_status\":\"approved_by_network\",\"reason\":null,\"risk_level\":\"normal\",\"seller_message\":\"Payment complete.\",\"type\":\"authorized\"},\"paid\":true,\"payment_intent\":null,\"payment_method\":\"card_1RFoIu2NUoYUjiuuRj3STdiS\",\"payment_method_details\":{\"card\":{\"amount_authorized\":15000,\"authorization_code\":\"121824\",\"brand\":\"mastercard\",\"checks\":{\"address_line1_check\":null,\"address_postal_code_check\":null,\"cvc_check\":\"pass\"},\"country\":\"US\",\"exp_month\":3,\"exp_year\":2029,\"extended_authorization\":{\"status\":\"disabled\"},\"fingerprint\":\"yYjF40074vry4LsX\",\"funding\":\"debit\",\"incremental_authorization\":{\"status\":\"unavailable\"},\"installments\":null,\"last4\":\"2925\",\"mandate\":null,\"multicapture\":{\"status\":\"unavailable\"},\"network\":\"mastercard\",\"network_token\":{\"used\":false},\"network_transaction_id\":\"MDJB2RPIF0419\",\"overcapture\":{\"maximum_amount_capturable\":15000,\"status\":\"unavailable\"},\"regulated_status\":\"regulated\",\"three_d_secure\":null,\"wallet\":null},\"type\":\"card\"},\"receipt_email\":null,\"receipt_number\":null,\"receipt_url\":\"https:\\/\\/pay.stripe.com\\/receipts\\/payment\\/CAcQARoXChVhY2N0XzFRUEFGdjJOVW9ZVWppdXUoncyRwAYyBjaw65ifTDosFrftlDMPhnUAsl0qmBdmqsAiLjPn8h7DLaC80ZfLeBPx2Suf8WNHQfTQWf8\",\"refunded\":false,\"review\":null,\"shipping\":null,\"source\":{\"id\":\"card_1RFoIu2NUoYUjiuuRj3STdiS\",\"object\":\"card\",\"address_city\":null,\"address_country\":null,\"address_line1\":null,\"address_line1_check\":null,\"address_line2\":null,\"address_state\":null,\"address_zip\":null,\"address_zip_check\":null,\"allow_redisplay\":\"unspecified\",\"brand\":\"MasterCard\",\"country\":\"US\",\"customer\":\"cus_SA8aCE96p51iEF\",\"cvc_check\":\"pass\",\"dynamic_last4\":null,\"exp_month\":3,\"exp_year\":2029,\"fingerprint\":\"yYjF40074vry4LsX\",\"funding\":\"debit\",\"last4\":\"2925\",\"metadata\":[],\"name\":\"marthamarin9993@gmail.com\",\"regulated_status\":\"regulated\",\"tokenization_method\":null,\"wallet\":null},\"source_transfer\":null,\"statement_descriptor\":null,\"statement_descriptor_suffix\":null,\"status\":\"succeeded\",\"transfer_data\":null,\"transfer_group\":null}'
WHERE `id` = 312;
INSERT INTO `sub_history` (`user_id`, `package_id`, `amount`, `payment_method`, `date`) VALUES ('7P1TWW', '2', '150', 'Stripe', '2025-04-19 22:12:28');
UPDATE `user_registration` SET sub_point = ROUND(sub_point + 150,2)
WHERE `user_id` = '7P1TWW';
INSERT INTO `investment` (`invest_date`, `user_id`, `type`, `amount`, `package_id`) VALUES ('2025-04-19 22:12:28', '7P1TWW', 'subscription', '150', '2');
UPDATE `user_registration` SET total_points = ROUND(total_points + 150,2)
WHERE `user_id` = '7P1TWW';
INSERT INTO `points_history` (`user_id`, `points`, `type`, `date`) VALUES ('7P1TWW', '150', 'subscription', '2025-04-19 22:12:');
UPDATE `bv_updation` SET left_carry = left_carry+150, total_left = total_left+150
WHERE `user_id` = 'OTZTS5';
INSERT INTO `placement_bv_update_history` (`left_carry`, `date`, `from_id`, `user_id`) VALUES ('150', '2025-04-19 22:12:28', '7P1TWW', 'OTZTS5');
UPDATE `user_registration` SET `cycle_rank_id` = '1'
WHERE `user_id` = 'OTZTS5';
INSERT INTO `rank_history` (`rank_id`, `user_id`, `name`, `bv`, `date`, `amount`, `type`) VALUES ('1', 'OTZTS5', 'Affiliate', '0', '2025-04-19 22:12:28', '0', 'auto');
UPDATE `bv_updation` SET sponsor_left_carry = sponsor_left_carry+150, sponsor_total_left = sponsor_total_left+150
WHERE `user_id` = 'OTZTS5';
INSERT INTO `sponsor_bv_update_history` (`left_carry`, `date`, `user_id`) VALUES ('150', '2025-04-19 22:12:28', 'OTZTS5');
UPDATE `bv_updation` SET right_carry = right_carry+150, total_right = total_right+150
WHERE `user_id` = 'XXI66Z';
INSERT INTO `placement_bv_update_history` (`right_carry`, `date`, `from_id`, `user_id`) VALUES ('150', '2025-04-19 22:12:28', '7P1TWW', 'XXI66Z');
UPDATE `bv_updation` SET right_carry = right_carry+150, total_right = total_right+150
WHERE `user_id` = '2MBPZI';
INSERT INTO `placement_bv_update_history` (`right_carry`, `date`, `from_id`, `user_id`) VALUES ('150', '2025-04-19 22:12:28', '7P1TWW', '2MBPZI');
UPDATE `bv_updation` SET right_carry = right_carry+150, total_right = total_right+150
WHERE `user_id` = 'XHO8CJ';
INSERT INTO `placement_bv_update_history` (`right_carry`, `date`, `from_id`, `user_id`) VALUES ('150', '2025-04-19 22:12:28', '7P1TWW', 'XHO8CJ');
UPDATE `bv_updation` SET right_carry = right_carry+150, total_right = total_right+150
WHERE `user_id` = 'U7SMZ8';
INSERT INTO `placement_bv_update_history` (`right_carry`, `date`, `from_id`, `user_id`) VALUES ('150', '2025-04-19 22:12:28', '7P1TWW', 'U7SMZ8');
UPDATE `user_registration` SET `cycle_rank_id` = '1'
WHERE `user_id` = 'U7SMZ8';
INSERT INTO `rank_history` (`rank_id`, `user_id`, `name`, `bv`, `date`, `amount`, `type`) VALUES ('1', 'U7SMZ8', 'Affiliate', '0', '2025-04-19 22:12:28', '0', 'auto');
UPDATE `bv_updation` SET right_carry = right_carry+150, total_right = total_right+150
WHERE `user_id` = 'AABG7W';
INSERT INTO `placement_bv_update_history` (`right_carry`, `date`, `from_id`, `user_id`) VALUES ('150', '2025-04-19 22:12:29', '7P1TWW', 'AABG7W');
UPDATE `bv_updation` SET right_carry = right_carry+150, total_right = total_right+150
WHERE `user_id` = '3ZDIFO';
INSERT INTO `placement_bv_update_history` (`right_carry`, `date`, `from_id`, `user_id`) VALUES ('150', '2025-04-19 22:12:29', '7P1TWW', '3ZDIFO');
UPDATE `bv_updation` SET right_carry = right_carry+150, total_right = total_right+150
WHERE `user_id` = 'UQO7EQ';
INSERT INTO `placement_bv_update_history` (`right_carry`, `date`, `from_id`, `user_id`) VALUES ('150', '2025-04-19 22:12:29', '7P1TWW', 'UQO7EQ');
UPDATE `user_registration` SET `cycle_rank_id` = '1'
WHERE `user_id` = 'UQO7EQ';
INSERT INTO `rank_history` (`rank_id`, `user_id`, `name`, `bv`, `date`, `amount`, `type`) VALUES ('1', 'UQO7EQ', 'Affiliate', '0', '2025-04-19 22:12:29', '0', 'auto');
UPDATE `bv_updation` SET left_carry = left_carry+150, total_left = total_left+150
WHERE `user_id` = 'N6GZAE';
INSERT INTO `placement_bv_update_history` (`left_carry`, `date`, `from_id`, `user_id`) VALUES ('150', '2025-04-19 22:12:29', '7P1TWW', 'N6GZAE');
UPDATE `user_registration` SET `cycle_rank_id` = '1'
WHERE `user_id` = 'N6GZAE';
INSERT INTO `rank_history` (`rank_id`, `user_id`, `name`, `bv`, `date`, `amount`, `type`) VALUES ('1', 'N6GZAE', 'Affiliate', '0', '2025-04-19 22:12:29', '0', 'auto');
UPDATE `bv_updation` SET left_carry = left_carry+150, total_left = total_left+150
WHERE `user_id` = '4E1CRI';
INSERT INTO `placement_bv_update_history` (`left_carry`, `date`, `from_id`, `user_id`) VALUES ('150', '2025-04-19 22:12:29', '7P1TWW', '4E1CRI');
UPDATE `bv_updation` SET left_carry = left_carry+150, total_left = total_left+150
WHERE `user_id` = 'SJBNYJ';
INSERT INTO `placement_bv_update_history` (`left_carry`, `date`, `from_id`, `user_id`) VALUES ('150', '2025-04-19 22:12:29', '7P1TWW', 'SJBNYJ');
UPDATE `user_registration` SET `cycle_rank_id` = '1'
WHERE `user_id` = 'SJBNYJ';
INSERT INTO `rank_history` (`rank_id`, `user_id`, `name`, `bv`, `date`, `amount`, `type`) VALUES ('1', 'SJBNYJ', 'Affiliate', '0', '2025-04-19 22:12:29', '0', 'auto');
UPDATE `bv_updation` SET left_carry = left_carry+150, total_left = total_left+150
WHERE `user_id` = '44B9Y4';
INSERT INTO `placement_bv_update_history` (`left_carry`, `date`, `from_id`, `user_id`) VALUES ('150', '2025-04-19 22:12:29', '7P1TWW', '44B9Y4');
UPDATE `user_registration` SET `cycle_rank_id` = '1'
WHERE `user_id` = '44B9Y4';
INSERT INTO `rank_history` (`rank_id`, `user_id`, `name`, `bv`, `date`, `amount`, `type`) VALUES ('1', '44B9Y4', 'Affiliate', '0', '2025-04-19 22:12:29', '0', 'auto');
UPDATE `bv_updation` SET right_carry = right_carry+150, total_right = total_right+150
WHERE `user_id` = 'admin';
INSERT INTO `placement_bv_update_history` (`right_carry`, `date`, `from_id`, `user_id`) VALUES ('150', '2025-04-19 22:12:30', '7P1TWW', 'admin');
UPDATE `user_registration` SET `cycle_rank_id` = '1'
WHERE `user_id` = 'admin';
INSERT INTO `rank_history` (`rank_id`, `user_id`, `name`, `bv`, `date`, `amount`, `type`) VALUES ('1', 'admin', 'Affiliate', '0', '2025-04-19 22:12:30', '0', 'auto');
UPDATE `user_registration` SET `subscription_date` = '2025-05-19', `active_status` = 'yes'
WHERE `user_id` = '7P1TWW';
UPDATE `user_registration` SET `popup_seen` = 'yes'
WHERE `user_id` = '7P1TWW';
UPDATE `ci_sessions` SET `timestamp` = 1745123616, `data` = '__ci_last_regenerate|i:1745123616;captcha|s:4:\"nscm\";'
WHERE `id` = '887637573dd236e5a14c356097864fbe2272d89a';
UPDATE `ci_sessions` SET `timestamp` = 1745124417, `data` = '__ci_last_regenerate|i:1745124417;captcha|s:4:\"32de\";'
WHERE `id` = 'a3dab4438c7771ee0d1b81ce82535d8ab79629de';
INSERT INTO `login_history` (`user_id`, `device`, `ip_address`, `date`) VALUES ('VPMCC5', 'Mozilla/5.0 (Macintosh; Intel Mac OS X 10_15_7) AppleWebKit/605.1.15 (KHTML, like Gecko) Version/18.3.1 Safari/605.1.15', '172.70.254.151', '25-04-19 23:48');
UPDATE `user_registration` SET `popup_seen` = 'yes'
WHERE `user_id` = 'VPMCC5';
UPDATE `ci_sessions` SET `timestamp` = 1745124725, `data` = '__ci_last_regenerate|i:1745124725;id|s:4:\"2226\";user_id|s:6:\"7P1TWW\";username|s:8:\"AbiMar24\";sponsor_id|s:6:\"OTZTS5\";fullname|s:12:\"Martha Marin\";email|s:25:\"marthamarin9993@gmail.com\";phone|s:10:\"7862735424\";isLogIn|b:1;'
WHERE `id` = '811c224602ff05586245511fab423decf1ec7a41';
UPDATE `ci_sessions` SET `timestamp` = 1745125195, `data` = '__ci_last_regenerate|i:1745125195;id|s:4:\"2337\";user_id|s:6:\"VPMCC5\";username|s:5:\"Dcata\";sponsor_id|s:6:\"JHRDHS\";fullname|s:13:\"Diana Lahitte\";email|s:21:\"dianaanton9@gmail.com\";phone|s:10:\"3052022622\";isLogIn|b:1;message|s:21:\"Welcome Diana Lahitte\";__ci_vars|a:1:{s:7:\"message\";s:3:\"old\";}'
WHERE `id` = '0d062bc69a081feeff72f83e420f897cb0997c3d';
INSERT INTO `cron_job_history` (`name`, `date_started`, `status`) VALUES ('backup', '2025-04-20 00:00:01', 'started');
UPDATE `cron_job_history` SET `status` = 'done', `date_end` = '2025-04-20 00:00:02'
WHERE `id` = 334;
UPDATE `user_registration` SET `popup_seen` = 'yes'
WHERE `user_id` = 'VPMCC5';
UPDATE `user_registration` SET `popup_seen` = 'no'
WHERE `user_id` = 'VPMCC5';
DELETE FROM `ci_sessions`
WHERE `id` = '9b9c7abe8899e1a92dd9e4cafae29de92bd1e50c';
INSERT INTO `cron_job_history` (`name`, `date_started`, `status`) VALUES ('deduct_sub_amt_from_ewallet', '2025-04-20 00:05:01', 'started');
UPDATE `user_registration` SET `sub_point` = 0, `active_status` = 'no'
WHERE `user_id` = '35H9RV';
INSERT INTO `inactive_history` (`user_id`, `commission_balance`, `amount`, `date`) VALUES ('35H9RV', '97.5', '150', '2025-04-20 00:05:01');
UPDATE `user_registration` SET `sub_point` = 0, `active_status` = 'no'
WHERE `user_id` = 'SJBNYJ';
INSERT INTO `inactive_history` (`user_id`, `commission_balance`, `amount`, `date`) VALUES ('SJBNYJ', '50', '150', '2025-04-20 00:05:01');
UPDATE `user_registration` SET `sub_point` = 0, `active_status` = 'no'
WHERE `user_id` = '45E8V2';
INSERT INTO `inactive_history` (`user_id`, `commission_balance`, `amount`, `date`) VALUES ('45E8V2', '50', '150', '2025-04-20 00:05:02');
UPDATE `user_registration` SET `sub_point` = 0, `active_status` = 'no'
WHERE `user_id` = 'XVTJOY';
INSERT INTO `inactive_history` (`user_id`, `commission_balance`, `amount`, `date`) VALUES ('XVTJOY', '100', '150', '2025-04-20 00:05:02');
UPDATE `user_registration` SET `sub_point` = 0, `active_status` = 'no'
WHERE `user_id` = '4E1CRI';
INSERT INTO `inactive_history` (`user_id`, `commission_balance`, `amount`, `date`) VALUES ('4E1CRI', '100', '150', '2025-04-20 00:05:03');
UPDATE `user_registration` SET `sub_point` = 0, `active_status` = 'no'
WHERE `user_id` = 'PBFKSY';
INSERT INTO `inactive_history` (`user_id`, `commission_balance`, `amount`, `date`) VALUES ('PBFKSY', '0', '150', '2025-04-20 00:05:03');
UPDATE `user_registration` SET `sub_point` = 0, `active_status` = 'no'
WHERE `user_id` = 'R37QLI';
INSERT INTO `inactive_history` (`user_id`, `commission_balance`, `amount`, `date`) VALUES ('R37QLI', '80', '150', '2025-04-20 00:05:04');
UPDATE `user_registration` SET `sub_point` = 0, `active_status` = 'no'
WHERE `user_id` = 'Q6D63V';
INSERT INTO `inactive_history` (`user_id`, `commission_balance`, `amount`, `date`) VALUES ('Q6D63V', '100', '150', '2025-04-20 00:05:04');
UPDATE `user_registration` SET `sub_point` = 0, `active_status` = 'no'
WHERE `user_id` = 'Q834IS';
INSERT INTO `inactive_history` (`user_id`, `commission_balance`, `amount`, `date`) VALUES ('Q834IS', '0', '50', '2025-04-20 00:05:05');
UPDATE `user_registration` SET `sub_point` = 0, `active_status` = 'no'
WHERE `user_id` = 'MT8QJF';
INSERT INTO `inactive_history` (`user_id`, `commission_balance`, `amount`, `date`) VALUES ('MT8QJF', '0', '150', '2025-04-20 00:05:05');
UPDATE `user_registration` SET `sub_point` = 0, `active_status` = 'no'
WHERE `user_id` = 'OWF3OA';
INSERT INTO `inactive_history` (`user_id`, `commission_balance`, `amount`, `date`) VALUES ('OWF3OA', '0', '150', '2025-04-20 00:05:05');
UPDATE `user_registration` SET `sub_point` = 0, `active_status` = 'no'
WHERE `user_id` = 'HUDVJU';
INSERT INTO `inactive_history` (`user_id`, `commission_balance`, `amount`, `date`) VALUES ('HUDVJU', '30', '50', '2025-04-20 00:05:06');
UPDATE `user_registration` SET `sub_point` = 0, `active_status` = 'no'
WHERE `user_id` = 'IEVPMD';
INSERT INTO `inactive_history` (`user_id`, `commission_balance`, `amount`, `date`) VALUES ('IEVPMD', '0', '150', '2025-04-20 00:05:06');
UPDATE `user_registration` SET `sub_point` = 0, `active_status` = 'no'
WHERE `user_id` = 'HQTCGF';
INSERT INTO `inactive_history` (`user_id`, `commission_balance`, `amount`, `date`) VALUES ('HQTCGF', '0', '150', '2025-04-20 00:05:07');
UPDATE `user_registration` SET `sub_point` = 0, `active_status` = 'no'
WHERE `user_id` = 'L2MNP5';
INSERT INTO `inactive_history` (`user_id`, `commission_balance`, `amount`, `date`) VALUES ('L2MNP5', '100', '150', '2025-04-20 00:05:07');
UPDATE `user_registration` SET `sub_point` = 0, `active_status` = 'no'
WHERE `user_id` = 'PUJNHI';
INSERT INTO `inactive_history` (`user_id`, `commission_balance`, `amount`, `date`) VALUES ('PUJNHI', '40', '150', '2025-04-20 00:05:07');
UPDATE `user_registration` SET `sub_point` = 0, `active_status` = 'no'
WHERE `user_id` = 'WC5BL7';
INSERT INTO `inactive_history` (`user_id`, `commission_balance`, `amount`, `date`) VALUES ('WC5BL7', '0', '50', '2025-04-20 00:05:08');
UPDATE `user_registration` SET `sub_point` = 0, `active_status` = 'no'
WHERE `user_id` = 'W17SG2';
INSERT INTO `inactive_history` (`user_id`, `commission_balance`, `amount`, `date`) VALUES ('W17SG2', '0', '150', '2025-04-20 00:05:08');
UPDATE `user_registration` SET `sub_point` = 0, `active_status` = 'no'
WHERE `user_id` = 'PR92IO';
INSERT INTO `inactive_history` (`user_id`, `commission_balance`, `amount`, `date`) VALUES ('PR92IO', '0', '50', '2025-04-20 00:05:09');
UPDATE `user_registration` SET `sub_point` = 0, `active_status` = 'no'
WHERE `user_id` = 'L8NRSC';
INSERT INTO `inactive_history` (`user_id`, `commission_balance`, `amount`, `date`) VALUES ('L8NRSC', '50', '150', '2025-04-20 00:05:09');
UPDATE `user_registration` SET `sub_point` = 0, `active_status` = 'no'
WHERE `user_id` = '6H3N98';
INSERT INTO `inactive_history` (`user_id`, `commission_balance`, `amount`, `date`) VALUES ('6H3N98', '100', '150', '2025-04-20 00:05:10');
UPDATE `user_registration` SET `sub_point` = 0, `active_status` = 'no'
WHERE `user_id` = '8RVNYT';
INSERT INTO `inactive_history` (`user_id`, `commission_balance`, `amount`, `date`) VALUES ('8RVNYT', '0', '150', '2025-04-20 00:05:10');
UPDATE `user_registration` SET `sub_point` = 0, `active_status` = 'no'
WHERE `user_id` = '2MBPZI';
INSERT INTO `inactive_history` (`user_id`, `commission_balance`, `amount`, `date`) VALUES ('2MBPZI', '0', '150', '2025-04-20 00:05:10');
UPDATE `user_registration` SET `sub_point` = 0, `active_status` = 'no'
WHERE `user_id` = 'Q82ZV9';
INSERT INTO `inactive_history` (`user_id`, `commission_balance`, `amount`, `date`) VALUES ('Q82ZV9', '20', '50', '2025-04-20 00:05:11');
UPDATE `user_registration` SET `sub_point` = 0, `active_status` = 'no'
WHERE `user_id` = 'IWTOLP';
INSERT INTO `inactive_history` (`user_id`, `commission_balance`, `amount`, `date`) VALUES ('IWTOLP', '0', '50', '2025-04-20 00:05:11');
UPDATE `user_registration` SET `sub_point` = 0, `active_status` = 'no'
WHERE `user_id` = '9QPRWH';
INSERT INTO `inactive_history` (`user_id`, `commission_balance`, `amount`, `date`) VALUES ('9QPRWH', '0', '150', '2025-04-20 00:05:11');
UPDATE `user_registration` SET `sub_point` = 0, `active_status` = 'no'
WHERE `user_id` = 'WDEXJT';
INSERT INTO `inactive_history` (`user_id`, `commission_balance`, `amount`, `date`) VALUES ('WDEXJT', '0', '150', '2025-04-20 00:05:12');
UPDATE `user_registration` SET `sub_point` = 0, `active_status` = 'no'
WHERE `user_id` = '8D7CNL';
INSERT INTO `inactive_history` (`user_id`, `commission_balance`, `amount`, `date`) VALUES ('8D7CNL', '100', '150', '2025-04-20 00:05:12');
UPDATE `user_registration` SET `sub_point` = 0, `active_status` = 'no'
WHERE `user_id` = 'UJXP99';
INSERT INTO `inactive_history` (`user_id`, `commission_balance`, `amount`, `date`) VALUES ('UJXP99', '0', '50', '2025-04-20 00:05:13');
UPDATE `user_registration` SET `sub_point` = 0, `active_status` = 'no'
WHERE `user_id` = 'L268VW';
INSERT INTO `inactive_history` (`user_id`, `commission_balance`, `amount`, `date`) VALUES ('L268VW', '0', '50', '2025-04-20 00:05:13');
UPDATE `user_registration` SET `sub_point` = 0, `active_status` = 'no'
WHERE `user_id` = 'UVJ6L9';
INSERT INTO `inactive_history` (`user_id`, `commission_balance`, `amount`, `date`) VALUES ('UVJ6L9', '0', '50', '2025-04-20 00:05:14');
UPDATE `user_registration` SET `sub_point` = 0, `active_status` = 'no'
WHERE `user_id` = 'ULHSH2';
INSERT INTO `inactive_history` (`user_id`, `commission_balance`, `amount`, `date`) VALUES ('ULHSH2', '0', '150', '2025-04-20 00:05:14');
UPDATE `user_registration` SET `sub_point` = 0, `active_status` = 'no'
WHERE `user_id` = 'H1XYDK';
INSERT INTO `inactive_history` (`user_id`, `commission_balance`, `amount`, `date`) VALUES ('H1XYDK', '0', '50', '2025-04-20 00:05:14');
UPDATE `user_registration` SET `sub_point` = 0, `active_status` = 'no'
WHERE `user_id` = '3UFB1M';
INSERT INTO `inactive_history` (`user_id`, `commission_balance`, `amount`, `date`) VALUES ('3UFB1M', '100', '150', '2025-04-20 00:05:15');
UPDATE `user_registration` SET commission_balance = ROUND(commission_balance - 150,2)
WHERE `user_id` = '2V26XM';
INSERT INTO `sub_history` (`user_id`, `package_id`, `amount`, `payment_method`, `date`) VALUES ('2V26XM', '2', '150', 'Ewallet', '2025-04-20 00:05:15');
UPDATE `user_registration` SET sub_point = ROUND(sub_point + 150,2)
WHERE `user_id` = '2V26XM';
INSERT INTO `investment` (`invest_date`, `user_id`, `type`, `amount`, `package_id`) VALUES ('2025-04-20 00:05:15', '2V26XM', 'subscription', '150', '2');
UPDATE `user_registration` SET total_points = ROUND(total_points + 150,2)
WHERE `user_id` = '2V26XM';
INSERT INTO `points_history` (`user_id`, `points`, `type`, `date`) VALUES ('2V26XM', '150', 'subscription', '2025-04-20 00:05:');
UPDATE `bv_updation` SET left_carry = left_carry+150, total_left = total_left+150
WHERE `user_id` = 'K8DXP2';
INSERT INTO `placement_bv_update_history` (`left_carry`, `date`, `from_id`, `user_id`) VALUES ('150', '2025-04-20 00:05:15', '2V26XM', 'K8DXP2');
UPDATE `bv_updation` SET left_carry = left_carry+150, total_left = total_left+150
WHERE `user_id` = 'HP6YP2';
INSERT INTO `placement_bv_update_history` (`left_carry`, `date`, `from_id`, `user_id`) VALUES ('150', '2025-04-20 00:05:15', '2V26XM', 'HP6YP2');
UPDATE `user_registration` SET `cycle_rank_id` = '1'
WHERE `user_id` = 'HP6YP2';
INSERT INTO `rank_history` (`rank_id`, `user_id`, `name`, `bv`, `date`, `amount`, `type`) VALUES ('1', 'HP6YP2', 'Affiliate', '0', '2025-04-20 00:05:15', '0', 'auto');
UPDATE `bv_updation` SET left_carry = left_carry+150, total_left = total_left+150
WHERE `user_id` = 'L8NRSC';
INSERT INTO `placement_bv_update_history` (`left_carry`, `date`, `from_id`, `user_id`) VALUES ('150', '2025-04-20 00:05:15', '2V26XM', 'L8NRSC');
UPDATE `user_registration` SET `cycle_rank_id` = '1'
WHERE `user_id` = 'L8NRSC';
INSERT INTO `rank_history` (`rank_id`, `user_id`, `name`, `bv`, `date`, `amount`, `type`) VALUES ('1', 'L8NRSC', 'Affiliate', '0', '2025-04-20 00:05:15', '0', 'auto');
UPDATE `bv_updation` SET left_carry = left_carry+150, total_left = total_left+150
WHERE `user_id` = 'JHRDHS';
INSERT INTO `placement_bv_update_history` (`left_carry`, `date`, `from_id`, `user_id`) VALUES ('150', '2025-04-20 00:05:15', '2V26XM', 'JHRDHS');
UPDATE `user_registration` SET `cycle_rank_id` = '1'
WHERE `user_id` = 'JHRDHS';
INSERT INTO `rank_history` (`rank_id`, `user_id`, `name`, `bv`, `date`, `amount`, `type`) VALUES ('1', 'JHRDHS', 'Affiliate', '0', '2025-04-20 00:05:15', '0', 'auto');
UPDATE `bv_updation` SET sponsor_left_carry = sponsor_left_carry+150, sponsor_total_left = sponsor_total_left+150
WHERE `user_id` = 'JHRDHS';
INSERT INTO `sponsor_bv_update_history` (`left_carry`, `date`, `user_id`) VALUES ('150', '2025-04-20 00:05:15', 'JHRDHS');
UPDATE `bv_updation` SET right_carry = right_carry+150, total_right = total_right+150
WHERE `user_id` = 'CVVK4C';
INSERT INTO `placement_bv_update_history` (`right_carry`, `date`, `from_id`, `user_id`) VALUES ('150', '2025-04-20 00:05:15', '2V26XM', 'CVVK4C');
UPDATE `user_registration` SET `cycle_rank_id` = '1'
WHERE `user_id` = 'CVVK4C';
INSERT INTO `rank_history` (`rank_id`, `user_id`, `name`, `bv`, `date`, `amount`, `type`) VALUES ('1', 'CVVK4C', 'Affiliate', '0', '2025-04-20 00:05:15', '0', 'auto');
UPDATE `bv_updation` SET left_carry = left_carry+150, total_left = total_left+150
WHERE `user_id` = 'K55EDD';
INSERT INTO `placement_bv_update_history` (`left_carry`, `date`, `from_id`, `user_id`) VALUES ('150', '2025-04-20 00:05:16', '2V26XM', 'K55EDD');
UPDATE `user_registration` SET `cycle_rank_id` = '1'
WHERE `user_id` = 'K55EDD';
INSERT INTO `rank_history` (`rank_id`, `user_id`, `name`, `bv`, `date`, `amount`, `type`) VALUES ('1', 'K55EDD', 'Affiliate', '0', '2025-04-20 00:05:16', '0', 'auto');
UPDATE `bv_updation` SET left_carry = left_carry+150, total_left = total_left+150
WHERE `user_id` = 'UQO7EQ';
INSERT INTO `placement_bv_update_history` (`left_carry`, `date`, `from_id`, `user_id`) VALUES ('150', '2025-04-20 00:05:16', '2V26XM', 'UQO7EQ');
UPDATE `user_registration` SET `cycle_rank_id` = '1'
WHERE `user_id` = 'UQO7EQ';
INSERT INTO `rank_history` (`rank_id`, `user_id`, `name`, `bv`, `date`, `amount`, `type`) VALUES ('1', 'UQO7EQ', 'Affiliate', '0', '2025-04-20 00:05:16', '0', 'auto');
UPDATE `bv_updation` SET left_carry = left_carry+150, total_left = total_left+150
WHERE `user_id` = 'N6GZAE';
INSERT INTO `placement_bv_update_history` (`left_carry`, `date`, `from_id`, `user_id`) VALUES ('150', '2025-04-20 00:05:16', '2V26XM', 'N6GZAE');
UPDATE `user_registration` SET `cycle_rank_id` = '1'
WHERE `user_id` = 'N6GZAE';
INSERT INTO `rank_history` (`rank_id`, `user_id`, `name`, `bv`, `date`, `amount`, `type`) VALUES ('1', 'N6GZAE', 'Affiliate', '0', '2025-04-20 00:05:16', '0', 'auto');
UPDATE `bv_updation` SET left_carry = left_carry+150, total_left = total_left+150
WHERE `user_id` = '4E1CRI';
INSERT INTO `placement_bv_update_history` (`left_carry`, `date`, `from_id`, `user_id`) VALUES ('150', '2025-04-20 00:05:16', '2V26XM', '4E1CRI');
UPDATE `bv_updation` SET left_carry = left_carry+150, total_left = total_left+150
WHERE `user_id` = 'SJBNYJ';
INSERT INTO `placement_bv_update_history` (`left_carry`, `date`, `from_id`, `user_id`) VALUES ('150', '2025-04-20 00:05:16', '2V26XM', 'SJBNYJ');
UPDATE `user_registration` SET `cycle_rank_id` = '1'
WHERE `user_id` = 'SJBNYJ';
INSERT INTO `rank_history` (`rank_id`, `user_id`, `name`, `bv`, `date`, `amount`, `type`) VALUES ('1', 'SJBNYJ', 'Affiliate', '0', '2025-04-20 00:05:16', '0', 'auto');
UPDATE `bv_updation` SET left_carry = left_carry+150, total_left = total_left+150
WHERE `user_id` = '44B9Y4';
INSERT INTO `placement_bv_update_history` (`left_carry`, `date`, `from_id`, `user_id`) VALUES ('150', '2025-04-20 00:05:16', '2V26XM', '44B9Y4');
UPDATE `user_registration` SET `cycle_rank_id` = '1'
WHERE `user_id` = '44B9Y4';
INSERT INTO `rank_history` (`rank_id`, `user_id`, `name`, `bv`, `date`, `amount`, `type`) VALUES ('1', '44B9Y4', 'Affiliate', '0', '2025-04-20 00:05:16', '0', 'auto');
UPDATE `bv_updation` SET right_carry = right_carry+150, total_right = total_right+150
WHERE `user_id` = 'admin';
INSERT INTO `placement_bv_update_history` (`right_carry`, `date`, `from_id`, `user_id`) VALUES ('150', '2025-04-20 00:05:16', '2V26XM', 'admin');
UPDATE `user_registration` SET `cycle_rank_id` = '1'
WHERE `user_id` = 'admin';
INSERT INTO `rank_history` (`rank_id`, `user_id`, `name`, `bv`, `date`, `amount`, `type`) VALUES ('1', 'admin', 'Affiliate', '0', '2025-04-20 00:05:16', '0', 'auto');
UPDATE `user_registration` SET `subscription_date` = '2025-05-20', `active_status` = 'yes'
WHERE `user_id` = '2V26XM';
UPDATE `user_registration` SET `sub_point` = 0, `active_status` = 'no'
WHERE `user_id` = 'LEOFNI';
INSERT INTO `inactive_history` (`user_id`, `commission_balance`, `amount`, `date`) VALUES ('LEOFNI', '0', '150', '2025-04-20 00:05:16');
UPDATE `user_registration` SET `sub_point` = 0, `active_status` = 'no'
WHERE `user_id` = '75X85X';
INSERT INTO `inactive_history` (`user_id`, `commission_balance`, `amount`, `date`) VALUES ('75X85X', '0', '50', '2025-04-20 00:05:17');
UPDATE `user_registration` SET `sub_point` = 0, `active_status` = 'no'
WHERE `user_id` = 'UC1QRN';
INSERT INTO `inactive_history` (`user_id`, `commission_balance`, `amount`, `date`) VALUES ('UC1QRN', '0', '150', '2025-04-20 00:05:17');
UPDATE `user_registration` SET `sub_point` = 0, `active_status` = 'no'
WHERE `user_id` = '7YU16B';
INSERT INTO `inactive_history` (`user_id`, `commission_balance`, `amount`, `date`) VALUES ('7YU16B', '0', '50', '2025-04-20 00:05:17');
UPDATE `user_registration` SET `sub_point` = 0, `active_status` = 'no'
WHERE `user_id` = 'OEM6F6';
INSERT INTO `inactive_history` (`user_id`, `commission_balance`, `amount`, `date`) VALUES ('OEM6F6', '0', '50', '2025-04-20 00:05:18');
UPDATE `user_registration` SET `sub_point` = 0, `active_status` = 'no'
WHERE `user_id` = 'XMN3MK';
INSERT INTO `inactive_history` (`user_id`, `commission_balance`, `amount`, `date`) VALUES ('XMN3MK', '0', '150', '2025-04-20 00:05:18');
UPDATE `user_registration` SET `sub_point` = 0, `active_status` = 'no'
WHERE `user_id` = '7SMFPM';
INSERT INTO `inactive_history` (`user_id`, `commission_balance`, `amount`, `date`) VALUES ('7SMFPM', '0', '50', '2025-04-20 00:05:18');
UPDATE `user_registration` SET `sub_point` = 0, `active_status` = 'no'
WHERE `user_id` = 'WS9KK9';
INSERT INTO `inactive_history` (`user_id`, `commission_balance`, `amount`, `date`) VALUES ('WS9KK9', '0', '150', '2025-04-20 00:05:19');
UPDATE `user_registration` SET `sub_point` = 0, `active_status` = 'no'
WHERE `user_id` = 'OHI8SE';
INSERT INTO `inactive_history` (`user_id`, `commission_balance`, `amount`, `date`) VALUES ('OHI8SE', '20', '150', '2025-04-20 00:05:19');
UPDATE `user_registration` SET `sub_point` = 0, `active_status` = 'no'
WHERE `user_id` = 'BJFCEM';
INSERT INTO `inactive_history` (`user_id`, `commission_balance`, `amount`, `date`) VALUES ('BJFCEM', '0', '50', '2025-04-20 00:05:19');
UPDATE `user_registration` SET `sub_point` = 0, `active_status` = 'no'
WHERE `user_id` = '9EDD8W';
INSERT INTO `inactive_history` (`user_id`, `commission_balance`, `amount`, `date`) VALUES ('9EDD8W', '0', '50', '2025-04-20 00:05:20');
UPDATE `user_registration` SET `sub_point` = 0, `active_status` = 'no'
WHERE `user_id` = '2QC8SK';
INSERT INTO `inactive_history` (`user_id`, `commission_balance`, `amount`, `date`) VALUES ('2QC8SK', '0', '150', '2025-04-20 00:05:20');
UPDATE `user_registration` SET `sub_point` = 0, `active_status` = 'no'
WHERE `user_id` = 'TOTNOR';
INSERT INTO `inactive_history` (`user_id`, `commission_balance`, `amount`, `date`) VALUES ('TOTNOR', '0', '50', '2025-04-20 00:05:21');
UPDATE `user_registration` SET `sub_point` = 0, `active_status` = 'no'
WHERE `user_id` = '82W7DS';
INSERT INTO `inactive_history` (`user_id`, `commission_balance`, `amount`, `date`) VALUES ('82W7DS', '0', '50', '2025-04-20 00:05:21');
UPDATE `user_registration` SET `sub_point` = 0, `active_status` = 'no'
WHERE `user_id` = '9T4ALJ';
INSERT INTO `inactive_history` (`user_id`, `commission_balance`, `amount`, `date`) VALUES ('9T4ALJ', '0', '150', '2025-04-20 00:05:21');
UPDATE `user_registration` SET `sub_point` = 0, `active_status` = 'no'
WHERE `user_id` = 'X5T3ZT';
INSERT INTO `inactive_history` (`user_id`, `commission_balance`, `amount`, `date`) VALUES ('X5T3ZT', '0', '150', '2025-04-20 00:05:22');
UPDATE `user_registration` SET `sub_point` = 0, `active_status` = 'no'
WHERE `user_id` = '4PJDWH';
INSERT INTO `inactive_history` (`user_id`, `commission_balance`, `amount`, `date`) VALUES ('4PJDWH', '0', '150', '2025-04-20 00:05:22');
