INSERT INTO `login_history` (`user_id`, `device`, `ip_address`, `date`) VALUES ('YV2PUQ', 'Mozilla/5.0 (Windows NT 10.0; Win64; x64) AppleWebKit/537.36 (KHTML, like Gecko) Chrome/138.0.0.0 Safari/537.36', '2601:586:cf83:e530:28c9:556:6f4f:fb19', '25-07-23 19:20');
UPDATE `user_registration` SET `popup_seen` = 'yes'
WHERE `user_id` = 'YV2PUQ';
INSERT INTO `payquicker_token` (`response`, `token`, `created_time`, `expires_at`) VALUES ('{\"access_token\":\"2743EA9D8D7D547638800D2B6CB48395CB0C3AF742B0D14AD9DEB0552A65CCEF-1\",\"expires_in\":3600,\"token_type\":\"Bearer\",\"scope\":\"api useraccount_balance useraccount_debit useraccount_invitation useraccount_payment\"}', '2743EA9D8D7D547638800D2B6CB48395CB0C3AF742B0D14AD9DEB0552A65CCEF-1', '2025-07-23 19:21:03', '2025-07-23 20:21:03');
UPDATE `ci_sessions` SET `timestamp` = 1753316765, `data` = '__ci_last_regenerate|i:1753316765;id|s:4:\"2360\";user_id|s:6:\"YV2PUQ\";username|s:10:\"MARTALUCIA\";sponsor_id|s:6:\"PPBJP7\";fullname|s:25:\"MARTA LUCIA ROIG  LEDESMA\";email|s:27:\"martainsurance777@gmail.com\";phone|s:10:\"3058500940\";isLogIn|b:1;exception|s:91:\"A user invitation already exists with a matching email address martainsurance777@gmail.com.\";__ci_vars|a:1:{s:9:\"exception\";s:3:\"old\";}'
WHERE `id` = '25498be1eeddb0c4e0941aa6fc90ba6451c661e5';
UPDATE `payquicker_send_invite` SET `response` = '[{\"dateInvited\":\"2025-06-10T19:21:38Z\",\"invitationKey\":\"as3lPDvXIpbWaPMiw0jvdz0ttfsM9D5XdonhafyI6Zb1Ne91Iywfsnsv7u6EVk2xa4ynSk8Dqqeaks8cLITXJcBsgeOQ2uJieAlaAcZ0SFwAWcyzWW8s1jxGySlnpdBiImeWAyN8wcvUokRiggHJ5UWLNATpTuJhI9H117bsDXdThAvBo0Ack1l4hlhA02AdDJSCn5VK51BVcjqzLBXArrEW9WyPc5a3mwIak1gdMVB9ZstbMyXfZuT8zr9fRHLV\",\"invitationStatus\":\"InvitationStatusType_Pending\",\"registrationStatus\":\"NotStarted\",\"registrationDetails\":{\"addresses\":[{\"city\":\"Hialeah\",\"country\":\"USA\",\"postalCode\":\"33010\",\"region\":\"Florida\",\"streetAddress1\":\"1090 W  27 TH ST\",\"created\":\"0001-01-01T00:00:00Z\",\"type\":\"AddressType_Residential\"}],\"fundingAccountPublicId\":\"4e84a85ac47e46639c648f932d48fdf0\",\"issuePlasticCard\":true,\"notifyUser\":true,\"userDetails\":{\"emailAddress\":\"martainsurance777@gmail.com\",\"firstName\":\"MARTA LUCIA\",\"lastName\":\"ROIG  LEDESMA\",\"userCompanyAssignedUniqueKey\":\"MARTALUCIAdJGy\"}}}]', `date` = '2025-07-23 19:26:06';
UPDATE `user_registration` SET `popup_seen` = 'no'
WHERE `user_id` = 'YV2PUQ';
DELETE FROM `ci_sessions`
WHERE `id` = '7dfeb8a1beeac538b0703f112fa779cd6ac23d05';
INSERT INTO `login_history` (`user_id`, `device`, `ip_address`, `date`) VALUES ('UXMQZD', 'Mozilla/5.0 (iPhone; CPU iPhone OS 18_5 like Mac OS X) AppleWebKit/605.1.15 (KHTML, like Gecko) Version/18.5 Mobile/15E148 Safari/604.1', '2600:1006:b089:2415:8d64:91d6:35ee:d66d', '25-07-23 19:53');
UPDATE `user_registration` SET `popup_seen` = 'yes'
WHERE `user_id` = 'UXMQZD';
UPDATE `user_registration` SET `popup_seen` = 'yes'
WHERE `user_id` = 'UXMQZD';
UPDATE `user_registration` SET `popup_seen` = 'yes'
WHERE `user_id` = 'UXMQZD';
UPDATE `ci_sessions` SET `timestamp` = 1753318618, `data` = '__ci_last_regenerate|i:1753318618;id|s:4:\"2085\";user_id|s:6:\"UXMQZD\";username|s:8:\"hern1892\";sponsor_id|s:6:\"O94ZPY\";fullname|s:16:\"Magaly Hernandez\";email|s:20:\"hern1892@hotmail.com\";phone|s:12:\"786 449 8531\";isLogIn|b:1;'
WHERE `id` = '0f92ae04366d975bbe111f673b0f3dd326b11fd9';
UPDATE `user_registration` SET `popup_seen` = 'yes'
WHERE `user_id` = 'UXMQZD';
INSERT INTO `login_history` (`user_id`, `device`, `ip_address`, `date`) VALUES ('4WVWXZ', 'Mozilla/5.0 (iPhone; CPU iPhone OS 18_5 like Mac OS X) AppleWebKit/605.1.15 (KHTML, like Gecko) Version/18.5 Mobile/15E148 Safari/604.1', '66.98.45.50', '25-07-23 19:57');
UPDATE `user_registration` SET `popup_seen` = 'yes'
WHERE `user_id` = '4WVWXZ';
UPDATE `user_registration` SET `popup_seen` = 'yes'
WHERE `user_id` = 'UXMQZD';
UPDATE `user_registration` SET `popup_seen` = 'yes'
WHERE `user_id` = 'UXMQZD';
UPDATE `user_registration` SET `popup_seen` = 'yes'
WHERE `user_id` = 'UXMQZD';
UPDATE `ci_sessions` SET `timestamp` = 1753319783, `data` = '__ci_last_regenerate|i:1753319783;captcha|s:4:\"fan9\";'
WHERE `id` = 'a90b480e38452c6641971b2c64d5ca6922c2b336';
INSERT INTO `login_history` (`user_id`, `device`, `ip_address`, `date`) VALUES ('QRE21J', 'Mozilla/5.0 (Windows NT 10.0; Win64; x64) AppleWebKit/537.36 (KHTML, like Gecko) Chrome/138.0.0.0 Safari/537.36', '2601:586:cf83:e530:28c9:556:6f4f:fb19', '25-07-23 20:16');
UPDATE `user_registration` SET `popup_seen` = 'yes'
WHERE `user_id` = 'QRE21J';
UPDATE `ci_sessions` SET `timestamp` = 1753320099, `data` = '__ci_last_regenerate|i:1753320099;id|s:4:\"2153\";user_id|s:6:\"QRE21J\";username|s:10:\"fyomaris75\";sponsor_id|s:6:\"QJ5U9C\";fullname|s:17:\"Yomaris Fernandez\";email|s:18:\"fyomaris@ymail.com\";phone|s:10:\"7865489808\";isLogIn|b:1;'
WHERE `id` = 'b5d67d9cbc97a1562cef54a415a9cf460d4e3867';
UPDATE `user_registration` SET `popup_seen` = 'yes'
WHERE `user_id` = 'QRE21J';
INSERT INTO `login_history` (`user_id`, `device`, `ip_address`, `date`) VALUES ('4VE7D1', 'Mozilla/5.0 (iPad; CPU OS 18_5 like Mac OS X) AppleWebKit/605.1.15 (KHTML, like Gecko) Version/18.5 Mobile/15E148 Safari/604.1', '2607:fb91:c45:83ec:69dc:b959:76bd:9821', '25-07-23 20:23');
UPDATE `user_registration` SET `popup_seen` = 'yes'
WHERE `user_id` = '4VE7D1';
UPDATE `ci_sessions` SET `timestamp` = 1753320606, `data` = '__ci_last_regenerate|i:1753320606;id|s:4:\"2270\";user_id|s:6:\"4VE7D1\";username|s:9:\"Ibarzabal\";sponsor_id|s:6:\"JHRDHS\";fullname|s:24:\"Carousel Barber Shop Inc\";email|s:24:\"frankibarzabal@gmail.com\";phone|s:10:\"7862307398\";isLogIn|b:1;message|s:32:\"Welcome Carousel Barber Shop Inc\";__ci_vars|a:1:{s:7:\"message\";s:3:\"old\";}'
WHERE `id` = 'f2c7b4c992c43209d71151cc1a6c9195e9fe3c4c';
UPDATE `ci_sessions` SET `timestamp` = 1753320900, `data` = '__ci_last_regenerate|i:1753320900;id|s:4:\"2153\";user_id|s:6:\"QRE21J\";username|s:10:\"fyomaris75\";sponsor_id|s:6:\"QJ5U9C\";fullname|s:17:\"Yomaris Fernandez\";email|s:18:\"fyomaris@ymail.com\";phone|s:10:\"7865489808\";isLogIn|b:1;'
WHERE `id` = '3adaa76d2e03ff557ea9461768cf76d664e00ef6';
UPDATE `ci_sessions` SET `timestamp` = 1753321033, `data` = '__ci_last_regenerate|i:1753321033;id|s:4:\"2270\";user_id|s:6:\"4VE7D1\";username|s:9:\"Ibarzabal\";sponsor_id|s:6:\"JHRDHS\";fullname|s:24:\"Carousel Barber Shop Inc\";email|s:24:\"frankibarzabal@gmail.com\";phone|s:10:\"7862307398\";isLogIn|b:1;'
WHERE `id` = 'c426391b5714c9d7010b8ca1de4078183a3ccb53';
UPDATE `ci_sessions` SET `timestamp` = 1753321672, `data` = '__ci_last_regenerate|i:1753321672;id|s:4:\"2153\";user_id|s:6:\"QRE21J\";username|s:10:\"fyomaris75\";sponsor_id|s:6:\"QJ5U9C\";fullname|s:17:\"Yomaris Fernandez\";email|s:18:\"fyomaris@ymail.com\";phone|s:10:\"7865489808\";isLogIn|b:1;'
WHERE `id` = 'cefcf4355cafdb2fb03e96f7db2b9127aa787c5c';
UPDATE `ci_sessions` SET `timestamp` = 1753321714, `data` = '__ci_last_regenerate|i:1753321714;id|s:4:\"2270\";user_id|s:6:\"4VE7D1\";username|s:9:\"Ibarzabal\";sponsor_id|s:6:\"JHRDHS\";fullname|s:24:\"Carousel Barber Shop Inc\";email|s:24:\"frankibarzabal@gmail.com\";phone|s:10:\"7862307398\";isLogIn|b:1;'
WHERE `id` = '9590ed3093a88dad6d9677db225d47836ff788f9';
UPDATE `user_registration` SET `popup_seen` = 'yes'
WHERE `user_id` = '4VE7D1';
UPDATE `ci_sessions` SET `timestamp` = 1753321860, `data` = '__ci_last_regenerate|i:1753321860;id|s:4:\"2085\";user_id|s:6:\"UXMQZD\";username|s:8:\"hern1892\";sponsor_id|s:6:\"O94ZPY\";fullname|s:16:\"Magaly Hernandez\";email|s:20:\"hern1892@hotmail.com\";phone|s:12:\"786 449 8531\";isLogIn|b:1;'
WHERE `id` = 'fc05e7d19068153f7b2cbd5da10fd341f85e42f9';
UPDATE `user_registration` SET `popup_seen` = 'yes'
WHERE `user_id` = 'UXMQZD';
INSERT INTO `login_history` (`user_id`, `device`, `ip_address`, `date`) VALUES ('O94ZPY', 'Mozilla/5.0 (iPhone; CPU iPhone OS 18_5 like Mac OS X) AppleWebKit/605.1.15 (KHTML, like Gecko) Version/18.5 Mobile/15E148 Safari/604.1', '2600:1006:b09c:8e14:f84b:6420:e3aa:83b', '25-07-23 20:51');
UPDATE `user_registration` SET `popup_seen` = 'yes'
WHERE `user_id` = 'O94ZPY';
UPDATE `ci_sessions` SET `timestamp` = 1753321978, `data` = '__ci_last_regenerate|i:1753321978;id|s:4:\"2153\";user_id|s:6:\"QRE21J\";username|s:10:\"fyomaris75\";sponsor_id|s:6:\"QJ5U9C\";fullname|s:17:\"Yomaris Fernandez\";email|s:18:\"fyomaris@ymail.com\";phone|s:10:\"7865489808\";isLogIn|b:1;'
WHERE `id` = '03bb2a91152691f168a9f51245c4ebe1e772f05a';
UPDATE `user_registration` SET `popup_seen` = 'yes'
WHERE `user_id` = 'O94ZPY';
INSERT INTO `login_history` (`user_id`, `device`, `ip_address`, `date`) VALUES ('2RSJNO', 'Mozilla/5.0 (iPhone; CPU iPhone OS 18_5_0 like Mac OS X) AppleWebKit/605.1.15 (KHTML, like Gecko) GSA/378.0.783859256 Mobile/15E148 Safari/604.1', '2607:fb91:19ac:4c95:d523:3a32:716e:4576', '25-07-23 20:53');
UPDATE `user_registration` SET `popup_seen` = 'yes'
WHERE `user_id` = '2RSJNO';
INSERT INTO `login_history` (`user_id`, `device`, `ip_address`, `date`) VALUES ('IYCRUH', 'Mozilla/5.0 (iPhone; CPU iPhone OS 18_5 like Mac OS X) AppleWebKit/605.1.15 (KHTML, like Gecko) Version/18.5 Mobile/15E148 Safari/604.1', '2607:fb91:2891:5f4:41f8:7b16:e7f0:e33', '25-07-23 20:54');
UPDATE `user_registration` SET `popup_seen` = 'yes'
WHERE `user_id` = 'IYCRUH';
UPDATE `user_registration` SET `popup_seen` = 'yes'
WHERE `user_id` = 'UXMQZD';
INSERT INTO `login_history` (`user_id`, `device`, `ip_address`, `date`) VALUES ('7GDBOU', 'Mozilla/5.0 (iPhone; CPU iPhone OS 17_6_1 like Mac OS X) AppleWebKit/605.1.15 (KHTML, like Gecko) Version/17.6 Mobile/15E148 Safari/604.1', '2607:fb90:90b4:cd7d:61fa:a73c:5898:c2fb', '25-07-23 20:55');
UPDATE `user_registration` SET `popup_seen` = 'yes'
WHERE `user_id` = '7GDBOU';
UPDATE `user_registration` SET `popup_seen` = 'yes'
WHERE `user_id` = 'IYCRUH';
UPDATE `user_registration` SET `popup_seen` = 'yes'
WHERE `user_id` = 'IYCRUH';
UPDATE `user_registration` SET `popup_seen` = 'yes'
WHERE `user_id` = '7GDBOU';
UPDATE `user_registration` SET `popup_seen` = 'yes'
WHERE `user_id` = '7GDBOU';
INSERT INTO `login_history` (`user_id`, `device`, `ip_address`, `date`) VALUES ('JHRDHS', 'Mozilla/5.0 (iPhone; CPU iPhone OS 18_5 like Mac OS X) AppleWebKit/605.1.15 (KHTML, like Gecko) Version/18.5 Mobile/15E148 Safari/604.1', '207.104.43.62', '25-07-23 20:58');
UPDATE `user_registration` SET `popup_seen` = 'yes'
WHERE `user_id` = 'JHRDHS';
UPDATE `user_registration` SET `popup_seen` = 'yes'
WHERE `user_id` = 'JHRDHS';
UPDATE `ci_sessions` SET `timestamp` = 1753322304, `data` = '__ci_last_regenerate|i:1753322304;id|s:4:\"2153\";user_id|s:6:\"QRE21J\";username|s:10:\"fyomaris75\";sponsor_id|s:6:\"QJ5U9C\";fullname|s:17:\"Yomaris Fernandez\";email|s:18:\"fyomaris@ymail.com\";phone|s:10:\"7865489808\";isLogIn|b:1;'
WHERE `id` = 'c38a5670cf981688b9f5bceaa15169bbd0448c30';
UPDATE `ci_sessions` SET `timestamp` = 1753322358, `data` = '__ci_last_regenerate|i:1753322358;id|s:4:\"2192\";user_id|s:6:\"IYCRUH\";username|s:11:\"CARMENTMORA\";sponsor_id|s:6:\"QJ5U9C\";fullname|s:13:\"Carmen T Mora\";email|s:24:\"rosioesmeralda@yahoo.com\";phone|s:10:\"7869708716\";isLogIn|b:1;'
WHERE `id` = '1b2837184d3075ce936a568c68da53c61ce6a777';
UPDATE `user_registration` SET `popup_seen` = 'yes'
WHERE `user_id` = 'JHRDHS';
UPDATE `ci_sessions` SET `timestamp` = 1753322409, `data` = '__ci_last_regenerate|i:1753322409;id|s:4:\"2270\";user_id|s:6:\"4VE7D1\";username|s:9:\"Ibarzabal\";sponsor_id|s:6:\"JHRDHS\";fullname|s:24:\"Carousel Barber Shop Inc\";email|s:24:\"frankibarzabal@gmail.com\";phone|s:10:\"7862307398\";isLogIn|b:1;'
WHERE `id` = '1ac8ded008ccc5892e36420e105d42b992eddc78';
UPDATE `user_registration` SET `popup_seen` = 'no'
WHERE `user_id` = 'QRE21J';
DELETE FROM `ci_sessions`
WHERE `id` = 'bc2437e515e9ff5974bdec0a5c5f136b42d07983';
UPDATE `user_registration` SET `popup_seen` = 'yes'
WHERE `user_id` = 'IYCRUH';
UPDATE `user_registration` SET `popup_seen` = 'no'
WHERE `user_id` = 'IYCRUH';
DELETE FROM `ci_sessions`
WHERE `id` = '9f0277536df3dd8a8c463bae4bc3a28f93e64736';
INSERT INTO `login_history` (`user_id`, `device`, `ip_address`, `date`) VALUES ('XEINAA', 'Mozilla/5.0 (iPhone; CPU iPhone OS 18_5 like Mac OS X) AppleWebKit/605.1.15 (KHTML, like Gecko) Version/18.5 Mobile/15E148 Safari/604.1', '2607:fb91:c45:83ec:cfb:daf3:12eb:ce5c', '25-07-23 21:04');
UPDATE `user_registration` SET `popup_seen` = 'yes'
WHERE `user_id` = 'XEINAA';
UPDATE `user_registration` SET `popup_seen` = 'yes'
WHERE `user_id` = 'XEINAA';
UPDATE `user_registration` SET `popup_seen` = 'yes'
WHERE `user_id` = 'XEINAA';
UPDATE `ci_sessions` SET `timestamp` = 1753322788, `data` = '__ci_last_regenerate|i:1753322788;id|s:4:\"2270\";user_id|s:6:\"4VE7D1\";username|s:9:\"Ibarzabal\";sponsor_id|s:6:\"JHRDHS\";fullname|s:24:\"Carousel Barber Shop Inc\";email|s:24:\"frankibarzabal@gmail.com\";phone|s:10:\"7862307398\";isLogIn|b:1;'
WHERE `id` = '42462f3a83b7b5148b89fd73515556fd3846f7f8';
UPDATE `user_registration` SET `popup_seen` = 'yes'
WHERE `user_id` = 'XEINAA';
UPDATE `ci_sessions` SET `timestamp` = 1753323114, `data` = '__ci_last_regenerate|i:1753323114;id|s:4:\"2399\";user_id|s:6:\"XEINAA\";username|s:14:\"sofi.ibarzabal\";sponsor_id|s:6:\"4VE7D1\";fullname|s:15:\"Sofia Ibarzabal\";email|s:26:\"sofi.ibarzabal15@gmail.com\";phone|s:10:\"7862520421\";isLogIn|b:1;'
WHERE `id` = 'a579dc21792df74586d5054230d8632e864c52d9';
UPDATE `ci_sessions` SET `timestamp` = 1753324167, `data` = '__ci_last_regenerate|i:1753324167;id|s:4:\"2270\";user_id|s:6:\"4VE7D1\";username|s:9:\"Ibarzabal\";sponsor_id|s:6:\"JHRDHS\";fullname|s:24:\"Carousel Barber Shop Inc\";email|s:24:\"frankibarzabal@gmail.com\";phone|s:10:\"7862307398\";isLogIn|b:1;'
WHERE `id` = '9b9a9242f1a7300d3841a6750adc2e02b47d7cd5';
INSERT INTO `login_history` (`user_id`, `device`, `ip_address`, `date`) VALUES ('JIYOH4', 'Mozilla/5.0 (iPhone; CPU iPhone OS 18_5 like Mac OS X) AppleWebKit/605.1.15 (KHTML, like Gecko) Version/18.5 Mobile/15E148 Safari/604.1', '2600:1702:880:8fb0:d9da:1447:6065:1398', '25-07-23 21:54');
UPDATE `user_registration` SET `popup_seen` = 'yes'
WHERE `user_id` = 'JIYOH4';
INSERT INTO `login_history` (`user_id`, `device`, `ip_address`, `date`) VALUES ('ERQYYW', 'Mozilla/5.0 (Windows NT 10.0; Win64; x64) AppleWebKit/537.36 (KHTML, like Gecko) Chrome/138.0.0.0 Safari/537.36', '2600:1700:13a0:c080:2011:528d:23f0:271d', '25-07-23 21:57');
UPDATE `user_registration` SET `popup_seen` = 'yes'
WHERE `user_id` = 'ERQYYW';
UPDATE `user_registration` SET `popup_seen` = 'yes'
WHERE `user_id` = 'ERQYYW';
INSERT INTO `temp_register` (`post_data`, `date`, `payment_method`, `type`) VALUES ('{\"user_id\":\"ERQYYW\",\"card_id\":\"4\",\"card_cost\":\"150\",\"card_value\":\"150\",\"payment_option\":\"stripe\",\"date\":\"2025-07-23 21:59:02\"}', '2025-07-23 21:59:02', 'stripe', 'buy+top_up_card');
UPDATE `user_registration` SET `popup_seen` = 'yes'
WHERE `user_id` = 'ERQYYW';
UPDATE `ci_sessions` SET `timestamp` = 1753326709, `data` = '__ci_last_regenerate|i:1753326709;id|s:4:\"2190\";user_id|s:6:\"2RSJNO\";username|s:8:\"yoel0221\";sponsor_id|s:6:\"QJ5U9C\";fullname|s:16:\"Yoel Ramos Gomez\";email|s:19:\"yoel21272@gmail.com\";phone|s:10:\"3053050150\";isLogIn|b:1;'
WHERE `id` = 'e8f4893d6acae06eb8fc008a6fc0bcf9ef33f085';
UPDATE `user_registration` SET `popup_seen` = 'yes'
WHERE `user_id` = '2RSJNO';
UPDATE `ci_sessions` SET `timestamp` = 1753328140, `data` = '__ci_last_regenerate|i:1753328140;id|s:4:\"2071\";user_id|s:6:\"JHRDHS\";username|s:7:\"mbecena\";sponsor_id|s:6:\"CVVK4C\";fullname|s:12:\"Maria Becena\";email|s:21:\"mbecena@bellsouth.net\";phone|s:10:\"7862360387\";isLogIn|b:1;'
WHERE `id` = 'ed4d6dfa3da932323e3feef1115f0353816122d2';
UPDATE `user_registration` SET `popup_seen` = 'yes'
WHERE `user_id` = 'JHRDHS';
INSERT INTO `login_history` (`user_id`, `device`, `ip_address`, `date`) VALUES ('UQO7EQ', 'Mozilla/5.0 (Windows NT 10.0; Win64; x64) AppleWebKit/537.36 (KHTML, like Gecko) Chrome/138.0.0.0 Safari/537.36', '2601:58a:897c:3fd0:7805:c366:9a32:3ab8', '25-07-23 22:48');
UPDATE `user_registration` SET `popup_seen` = 'yes'
WHERE `user_id` = 'UQO7EQ';
UPDATE `user_registration` SET `popup_seen` = 'no'
WHERE `user_id` = 'UQO7EQ';
DELETE FROM `ci_sessions`
WHERE `id` = 'ad3b3607bd886a3a51a154276ab1284c694921f6';
INSERT INTO `login_history` (`user_id`, `device`, `ip_address`, `date`) VALUES ('JIYOH4', 'Mozilla/5.0 (Macintosh; Intel Mac OS X 10_15_7) AppleWebKit/605.1.15 (KHTML, like Gecko) Version/18.5 Safari/605.1.15', '108.224.103.157', '25-07-23 22:53');
UPDATE `user_registration` SET `popup_seen` = 'yes'
WHERE `user_id` = 'JIYOH4';
UPDATE `user_registration` SET `popup_seen` = 'yes'
WHERE `user_id` = 'JIYOH4';
UPDATE `ci_sessions` SET `timestamp` = 1753329403, `data` = '__ci_last_regenerate|i:1753329403;id|s:4:\"2403\";user_id|s:6:\"JIYOH4\";username|s:9:\"ikabemi70\";sponsor_id|s:6:\"JYZE9L\";fullname|s:12:\"Ramon Garcia\";email|s:19:\"ikabemi70@gmail.com\";phone|s:10:\"5613862231\";isLogIn|b:1;'
WHERE `id` = '17fc2725e05083d740cbe53dfcf2766243360fb2';
UPDATE `ci_sessions` SET `timestamp` = 1753329931, `data` = '__ci_last_regenerate|i:1753329931;id|s:4:\"2403\";user_id|s:6:\"JIYOH4\";username|s:9:\"ikabemi70\";sponsor_id|s:6:\"JYZE9L\";fullname|s:12:\"Ramon Garcia\";email|s:19:\"ikabemi70@gmail.com\";phone|s:10:\"5613862231\";isLogIn|b:1;'
WHERE `id` = 'b85e0af0b753ef8036f4f82468abc4dff7b2add7';
INSERT INTO `add_cart` (`user_id`, `product_id`, `product_name`, `product_amount`, `product_point`, `product_image`, `product_details`, `quantity`, `total_amount`, `country`, `state`, `total_point`, `date`) VALUES ('JIYOH4', '3', 'Living the Aventure 4D/3N', '130', '65', 'upload/product_image/41ac4823d7e42427b2e48486ac3cbc61.png', '<p><span style=\"color:rgb(0,0,0);\">Orlando is a must-visit destination known for its world-famous theme parks, vibrant entertainment, and sunny weather. From thrilling rides to incredible dining and shopping, it’s the ultimate family-friendly adventure spot.</span></p><p><span style=\"color:rgb(0,0,0);\"><strong>4 days / 3 nights</strong></span></p><p><span style=\"color:rgb(0,0,0);\"><strong>Cost: $130</strong></span></p>', 1, 130, '', '', 65, '2025-07-23 23:09:36');
UPDATE `ci_sessions` SET `timestamp` = 1753330251, `data` = '__ci_last_regenerate|i:1753330251;id|s:4:\"2403\";user_id|s:6:\"JIYOH4\";username|s:9:\"ikabemi70\";sponsor_id|s:6:\"JYZE9L\";fullname|s:12:\"Ramon Garcia\";email|s:19:\"ikabemi70@gmail.com\";phone|s:10:\"5613862231\";isLogIn|b:1;'
WHERE `id` = '0c985d8d08f74c5e06522070491ac1b31cca9386';
INSERT INTO `login_history` (`user_id`, `device`, `ip_address`, `date`) VALUES ('UQO7EQ', 'Mozilla/5.0 (Linux; Android 10; K) AppleWebKit/537.36 (KHTML, like Gecko) Chrome/135.0.0.0 Mobile Safari/537.36', '2607:fb91:2892:ccb2:ac39:be37:98f2:9130', '25-07-23 23:10');
UPDATE `user_registration` SET `popup_seen` = 'yes'
WHERE `user_id` = 'UQO7EQ';
UPDATE `user_registration` SET `popup_seen` = 'yes'
WHERE `user_id` = 'UQO7EQ';
UPDATE `ci_sessions` SET `timestamp` = 1753331583, `data` = '__ci_last_regenerate|i:1753331583;id|s:4:\"2042\";user_id|s:6:\"UQO7EQ\";username|s:6:\"Rafa51\";sponsor_id|s:6:\"N6GZAE\";fullname|s:16:\"Rafael Rodriguez\";email|s:18:\"rafagana@yahoo.com\";phone|s:10:\"3057610606\";isLogIn|b:1;'
WHERE `id` = '8dbe48634b1b906cc0bfc8a91135bf184419f8c1';
UPDATE `user_registration` SET `popup_seen` = 'yes'
WHERE `user_id` = 'UQO7EQ';
UPDATE `user_registration` SET `popup_seen` = 'no'
WHERE `user_id` = 'UQO7EQ';
DELETE FROM `ci_sessions`
WHERE `id` = '0ac3bddc990806c3d265de1edd3591ede5000848';
INSERT INTO `login_history` (`user_id`, `device`, `ip_address`, `date`) VALUES ('JHRDHS', 'Mozilla/5.0 (Macintosh; Intel Mac OS X 10_15_7) AppleWebKit/605.1.15 (KHTML, like Gecko) Version/17.6 Safari/605.1.15', '2600:1702:50d0:a580:d9de:d0da:1678:532d', '25-07-23 23:37');
UPDATE `user_registration` SET `popup_seen` = 'yes'
WHERE `user_id` = 'JHRDHS';
UPDATE `ci_sessions` SET `timestamp` = 1753332045, `data` = '__ci_last_regenerate|i:1753332045;id|s:4:\"2071\";user_id|s:6:\"JHRDHS\";username|s:7:\"mbecena\";sponsor_id|s:6:\"CVVK4C\";fullname|s:12:\"Maria Becena\";email|s:21:\"mbecena@bellsouth.net\";phone|s:10:\"7862360387\";isLogIn|b:1;'
WHERE `id` = 'cec3105d4176fae26b55bf87ec253d0d9f988a77';
UPDATE `user_registration` SET `popup_seen` = 'yes'
WHERE `user_id` = 'JHRDHS';
UPDATE `ci_sessions` SET `timestamp` = 1753332594, `data` = '__ci_last_regenerate|i:1753332594;id|s:4:\"2071\";user_id|s:6:\"JHRDHS\";username|s:7:\"mbecena\";sponsor_id|s:6:\"CVVK4C\";fullname|s:12:\"Maria Becena\";email|s:21:\"mbecena@bellsouth.net\";phone|s:10:\"7862360387\";isLogIn|b:1;'
WHERE `id` = '841320b0fe7c689446de44e2f378359f188c7771';
UPDATE `user_registration` SET `popup_seen` = 'yes'
WHERE `user_id` = 'JHRDHS';
INSERT INTO `cron_job_history` (`name`, `date_started`, `status`) VALUES ('backup', '2025-07-24 00:00:01', 'started');
UPDATE `cron_job_history` SET `status` = 'done', `date_end` = '2025-07-24 00:00:03'
WHERE `id` = 533;
INSERT INTO `cron_job_history` (`name`, `date_started`, `status`) VALUES ('deduct_sub_amt_from_ewallet', '2025-07-24 00:05:01', 'started');
UPDATE `user_registration` SET `sub_point` = 0, `active_status` = 'no'
WHERE `user_id` = '35H9RV';
INSERT INTO `inactive_history` (`user_id`, `commission_balance`, `amount`, `date`) VALUES ('35H9RV', '97.5', '150', '2025-07-24 00:05:01');
UPDATE `user_registration` SET `sub_point` = 0, `active_status` = 'no'
WHERE `user_id` = '44B9Y4';
INSERT INTO `inactive_history` (`user_id`, `commission_balance`, `amount`, `date`) VALUES ('44B9Y4', '50', '150', '2025-07-24 00:05:02');
UPDATE `user_registration` SET `sub_point` = 0, `active_status` = 'no'
WHERE `user_id` = 'SJBNYJ';
INSERT INTO `inactive_history` (`user_id`, `commission_balance`, `amount`, `date`) VALUES ('SJBNYJ', '50', '150', '2025-07-24 00:05:02');
UPDATE `user_registration` SET `sub_point` = 0, `active_status` = 'no'
WHERE `user_id` = '45E8V2';
INSERT INTO `inactive_history` (`user_id`, `commission_balance`, `amount`, `date`) VALUES ('45E8V2', '50', '150', '2025-07-24 00:05:03');
UPDATE `user_registration` SET `sub_point` = 0, `active_status` = 'no'
WHERE `user_id` = 'H2HQC8';
INSERT INTO `inactive_history` (`user_id`, `commission_balance`, `amount`, `date`) VALUES ('H2HQC8', '110', '150', '2025-07-24 00:05:03');
UPDATE `user_registration` SET `sub_point` = 0, `active_status` = 'no'
WHERE `user_id` = 'XVTJOY';
INSERT INTO `inactive_history` (`user_id`, `commission_balance`, `amount`, `date`) VALUES ('XVTJOY', '100', '150', '2025-07-24 00:05:04');
UPDATE `user_registration` SET `sub_point` = 0, `active_status` = 'no'
WHERE `user_id` = '4E1CRI';
INSERT INTO `inactive_history` (`user_id`, `commission_balance`, `amount`, `date`) VALUES ('4E1CRI', '100', '150', '2025-07-24 00:05:04');
UPDATE `user_registration` SET `sub_point` = 0, `active_status` = 'no'
WHERE `user_id` = 'PBFKSY';
INSERT INTO `inactive_history` (`user_id`, `commission_balance`, `amount`, `date`) VALUES ('PBFKSY', '0', '150', '2025-07-24 00:05:05');
UPDATE `user_registration` SET `sub_point` = 0, `active_status` = 'no'
WHERE `user_id` = 'R37QLI';
INSERT INTO `inactive_history` (`user_id`, `commission_balance`, `amount`, `date`) VALUES ('R37QLI', '80', '150', '2025-07-24 00:05:05');
UPDATE `user_registration` SET `sub_point` = 0, `active_status` = 'no'
WHERE `user_id` = 'Q6D63V';
INSERT INTO `inactive_history` (`user_id`, `commission_balance`, `amount`, `date`) VALUES ('Q6D63V', '100', '150', '2025-07-24 00:05:06');
UPDATE `user_registration` SET `sub_point` = 0, `active_status` = 'no'
WHERE `user_id` = 'Q834IS';
INSERT INTO `inactive_history` (`user_id`, `commission_balance`, `amount`, `date`) VALUES ('Q834IS', '0', '50', '2025-07-24 00:05:06');
UPDATE `user_registration` SET `sub_point` = 0, `active_status` = 'no'
WHERE `user_id` = 'PKHRN5';
INSERT INTO `inactive_history` (`user_id`, `commission_balance`, `amount`, `date`) VALUES ('PKHRN5', '28', '50', '2025-07-24 00:05:07');
UPDATE `user_registration` SET `sub_point` = 0, `active_status` = 'no'
WHERE `user_id` = 'MT8QJF';
INSERT INTO `inactive_history` (`user_id`, `commission_balance`, `amount`, `date`) VALUES ('MT8QJF', '0', '150', '2025-07-24 00:05:07');
UPDATE `user_registration` SET `sub_point` = 0, `active_status` = 'no'
WHERE `user_id` = 'OWF3OA';
INSERT INTO `inactive_history` (`user_id`, `commission_balance`, `amount`, `date`) VALUES ('OWF3OA', '0', '150', '2025-07-24 00:05:07');
UPDATE `user_registration` SET `sub_point` = 0, `active_status` = 'no'
WHERE `user_id` = 'HUDVJU';
INSERT INTO `inactive_history` (`user_id`, `commission_balance`, `amount`, `date`) VALUES ('HUDVJU', '30', '50', '2025-07-24 00:05:08');
UPDATE `user_registration` SET `sub_point` = 0, `active_status` = 'no'
WHERE `user_id` = 'IEVPMD';
INSERT INTO `inactive_history` (`user_id`, `commission_balance`, `amount`, `date`) VALUES ('IEVPMD', '0', '150', '2025-07-24 00:05:08');
UPDATE `user_registration` SET `sub_point` = 0, `active_status` = 'no'
WHERE `user_id` = 'K55EDD';
INSERT INTO `inactive_history` (`user_id`, `commission_balance`, `amount`, `date`) VALUES ('K55EDD', '0', '150', '2025-07-24 00:05:09');
UPDATE `user_registration` SET `sub_point` = 0, `active_status` = 'no'
WHERE `user_id` = 'CVVK4C';
INSERT INTO `inactive_history` (`user_id`, `commission_balance`, `amount`, `date`) VALUES ('CVVK4C', '0', '150', '2025-07-24 00:05:09');
UPDATE `user_registration` SET `sub_point` = 0, `active_status` = 'no'
WHERE `user_id` = 'HQTCGF';
INSERT INTO `inactive_history` (`user_id`, `commission_balance`, `amount`, `date`) VALUES ('HQTCGF', '0', '150', '2025-07-24 00:05:09');
UPDATE `user_registration` SET `sub_point` = 0, `active_status` = 'no'
WHERE `user_id` = 'L2MNP5';
INSERT INTO `inactive_history` (`user_id`, `commission_balance`, `amount`, `date`) VALUES ('L2MNP5', '0', '150', '2025-07-24 00:05:10');
UPDATE `user_registration` SET `sub_point` = 0, `active_status` = 'no'
WHERE `user_id` = 'U7SMZ8';
INSERT INTO `inactive_history` (`user_id`, `commission_balance`, `amount`, `date`) VALUES ('U7SMZ8', '0', '150', '2025-07-24 00:05:10');
UPDATE `user_registration` SET `sub_point` = 0, `active_status` = 'no'
WHERE `user_id` = 'PUJNHI';
INSERT INTO `inactive_history` (`user_id`, `commission_balance`, `amount`, `date`) VALUES ('PUJNHI', '40', '150', '2025-07-24 00:05:10');
UPDATE `user_registration` SET `sub_point` = 0, `active_status` = 'no'
WHERE `user_id` = 'WC5BL7';
INSERT INTO `inactive_history` (`user_id`, `commission_balance`, `amount`, `date`) VALUES ('WC5BL7', '0', '50', '2025-07-24 00:05:11');
UPDATE `user_registration` SET `sub_point` = 0, `active_status` = 'no'
WHERE `user_id` = 'W17SG2';
INSERT INTO `inactive_history` (`user_id`, `commission_balance`, `amount`, `date`) VALUES ('W17SG2', '0', '150', '2025-07-24 00:05:11');
UPDATE `user_registration` SET `sub_point` = 0, `active_status` = 'no'
WHERE `user_id` = 'PR92IO';
INSERT INTO `inactive_history` (`user_id`, `commission_balance`, `amount`, `date`) VALUES ('PR92IO', '0', '50', '2025-07-24 00:05:11');
UPDATE `user_registration` SET `sub_point` = 0, `active_status` = 'no'
WHERE `user_id` = 'UTF7YN';
INSERT INTO `inactive_history` (`user_id`, `commission_balance`, `amount`, `date`) VALUES ('UTF7YN', '0', '150', '2025-07-24 00:05:12');
UPDATE `user_registration` SET `sub_point` = 0, `active_status` = 'no'
WHERE `user_id` = 'JIL8K9';
INSERT INTO `inactive_history` (`user_id`, `commission_balance`, `amount`, `date`) VALUES ('JIL8K9', '20', '150', '2025-07-24 00:05:12');
UPDATE `user_registration` SET `sub_point` = 0, `active_status` = 'no'
WHERE `user_id` = 'XHO8CJ';
INSERT INTO `inactive_history` (`user_id`, `commission_balance`, `amount`, `date`) VALUES ('XHO8CJ', '0', '150', '2025-07-24 00:05:12');
UPDATE `user_registration` SET `sub_point` = 0, `active_status` = 'no'
WHERE `user_id` = 'L8NRSC';
INSERT INTO `inactive_history` (`user_id`, `commission_balance`, `amount`, `date`) VALUES ('L8NRSC', '50', '150', '2025-07-24 00:05:13');
UPDATE `user_registration` SET `sub_point` = 0, `active_status` = 'no'
WHERE `user_id` = '6H3N98';
INSERT INTO `inactive_history` (`user_id`, `commission_balance`, `amount`, `date`) VALUES ('6H3N98', '100', '150', '2025-07-24 00:05:13');
UPDATE `user_registration` SET `sub_point` = 0, `active_status` = 'no'
WHERE `user_id` = 'HP6YP2';
INSERT INTO `inactive_history` (`user_id`, `commission_balance`, `amount`, `date`) VALUES ('HP6YP2', '50', '150', '2025-07-24 00:05:13');
UPDATE `user_registration` SET `sub_point` = 0, `active_status` = 'no'
WHERE `user_id` = '8RVNYT';
INSERT INTO `inactive_history` (`user_id`, `commission_balance`, `amount`, `date`) VALUES ('8RVNYT', '0', '150', '2025-07-24 00:05:14');
UPDATE `user_registration` SET `sub_point` = 0, `active_status` = 'no'
WHERE `user_id` = 'K8DXP2';
INSERT INTO `inactive_history` (`user_id`, `commission_balance`, `amount`, `date`) VALUES ('K8DXP2', '0', '150', '2025-07-24 00:05:14');
UPDATE `user_registration` SET `sub_point` = 0, `active_status` = 'no'
WHERE `user_id` = 'BD2ZLC';
INSERT INTO `inactive_history` (`user_id`, `commission_balance`, `amount`, `date`) VALUES ('BD2ZLC', '100', '150', '2025-07-24 00:05:14');
UPDATE `user_registration` SET `sub_point` = 0, `active_status` = 'no'
WHERE `user_id` = '2MBPZI';
INSERT INTO `inactive_history` (`user_id`, `commission_balance`, `amount`, `date`) VALUES ('2MBPZI', '0', '150', '2025-07-24 00:05:15');
UPDATE `user_registration` SET `sub_point` = 0, `active_status` = 'no'
WHERE `user_id` = 'XXI66Z';
INSERT INTO `inactive_history` (`user_id`, `commission_balance`, `amount`, `date`) VALUES ('XXI66Z', '0', '150', '2025-07-24 00:05:15');
UPDATE `user_registration` SET `sub_point` = 0, `active_status` = 'no'
WHERE `user_id` = 'Q82ZV9';
INSERT INTO `inactive_history` (`user_id`, `commission_balance`, `amount`, `date`) VALUES ('Q82ZV9', '20', '50', '2025-07-24 00:05:15');
UPDATE `user_registration` SET `sub_point` = 0, `active_status` = 'no'
WHERE `user_id` = 'IWTOLP';
INSERT INTO `inactive_history` (`user_id`, `commission_balance`, `amount`, `date`) VALUES ('IWTOLP', '0', '50', '2025-07-24 00:05:16');
UPDATE `user_registration` SET `sub_point` = 0, `active_status` = 'no'
WHERE `user_id` = '9QPRWH';
INSERT INTO `inactive_history` (`user_id`, `commission_balance`, `amount`, `date`) VALUES ('9QPRWH', '0', '150', '2025-07-24 00:05:16');
UPDATE `user_registration` SET `sub_point` = 0, `active_status` = 'no'
WHERE `user_id` = 'LBY7TN';
INSERT INTO `inactive_history` (`user_id`, `commission_balance`, `amount`, `date`) VALUES ('LBY7TN', '0', '150', '2025-07-24 00:05:17');
UPDATE `user_registration` SET `sub_point` = 0, `active_status` = 'no'
WHERE `user_id` = 'WDEXJT';
INSERT INTO `inactive_history` (`user_id`, `commission_balance`, `amount`, `date`) VALUES ('WDEXJT', '0', '150', '2025-07-24 00:05:17');
UPDATE `user_registration` SET `sub_point` = 0, `active_status` = 'no'
WHERE `user_id` = '78UOV5';
INSERT INTO `inactive_history` (`user_id`, `commission_balance`, `amount`, `date`) VALUES ('78UOV5', '0', '50', '2025-07-24 00:05:17');
UPDATE `user_registration` SET `sub_point` = 0, `active_status` = 'no'
WHERE `user_id` = '8D7CNL';
INSERT INTO `inactive_history` (`user_id`, `commission_balance`, `amount`, `date`) VALUES ('8D7CNL', '100', '150', '2025-07-24 00:05:18');
UPDATE `user_registration` SET `sub_point` = 0, `active_status` = 'no'
WHERE `user_id` = 'UJXP99';
INSERT INTO `inactive_history` (`user_id`, `commission_balance`, `amount`, `date`) VALUES ('UJXP99', '0', '50', '2025-07-24 00:05:18');
UPDATE `user_registration` SET `sub_point` = 0, `active_status` = 'no'
WHERE `user_id` = 'L268VW';
INSERT INTO `inactive_history` (`user_id`, `commission_balance`, `amount`, `date`) VALUES ('L268VW', '0', '50', '2025-07-24 00:05:18');
UPDATE `user_registration` SET `sub_point` = 0, `active_status` = 'no'
WHERE `user_id` = 'UVJ6L9';
INSERT INTO `inactive_history` (`user_id`, `commission_balance`, `amount`, `date`) VALUES ('UVJ6L9', '0', '50', '2025-07-24 00:05:19');
UPDATE `user_registration` SET `sub_point` = 0, `active_status` = 'no'
WHERE `user_id` = 'T2U73Q';
INSERT INTO `inactive_history` (`user_id`, `commission_balance`, `amount`, `date`) VALUES ('T2U73Q', '0', '50', '2025-07-24 00:05:19');
UPDATE `user_registration` SET `sub_point` = 0, `active_status` = 'no'
WHERE `user_id` = 'ULHSH2';
INSERT INTO `inactive_history` (`user_id`, `commission_balance`, `amount`, `date`) VALUES ('ULHSH2', '0', '150', '2025-07-24 00:05:19');
UPDATE `user_registration` SET `sub_point` = 0, `active_status` = 'no'
WHERE `user_id` = 'H1XYDK';
INSERT INTO `inactive_history` (`user_id`, `commission_balance`, `amount`, `date`) VALUES ('H1XYDK', '0', '50', '2025-07-24 00:05:20');
UPDATE `user_registration` SET `sub_point` = 0, `active_status` = 'no'
WHERE `user_id` = '3UFB1M';
INSERT INTO `inactive_history` (`user_id`, `commission_balance`, `amount`, `date`) VALUES ('3UFB1M', '100', '150', '2025-07-24 00:05:20');
UPDATE `user_registration` SET `sub_point` = 0, `active_status` = 'no'
WHERE `user_id` = '72W7M6';
INSERT INTO `inactive_history` (`user_id`, `commission_balance`, `amount`, `date`) VALUES ('72W7M6', '0', '50', '2025-07-24 00:05:20');
UPDATE `user_registration` SET `sub_point` = 0, `active_status` = 'no'
WHERE `user_id` = '8PK4HK';
INSERT INTO `inactive_history` (`user_id`, `commission_balance`, `amount`, `date`) VALUES ('8PK4HK', '0', '150', '2025-07-24 00:05:21');
UPDATE `user_registration` SET `sub_point` = 0, `active_status` = 'no'
WHERE `user_id` = 'LEOFNI';
INSERT INTO `inactive_history` (`user_id`, `commission_balance`, `amount`, `date`) VALUES ('LEOFNI', '0', '150', '2025-07-24 00:05:21');
UPDATE `user_registration` SET `sub_point` = 0, `active_status` = 'no'
WHERE `user_id` = '75X85X';
INSERT INTO `inactive_history` (`user_id`, `commission_balance`, `amount`, `date`) VALUES ('75X85X', '0', '50', '2025-07-24 00:05:21');
UPDATE `user_registration` SET `sub_point` = 0, `active_status` = 'no'
WHERE `user_id` = 'UC1QRN';
INSERT INTO `inactive_history` (`user_id`, `commission_balance`, `amount`, `date`) VALUES ('UC1QRN', '0', '150', '2025-07-24 00:05:22');
UPDATE `user_registration` SET `sub_point` = 0, `active_status` = 'no'
WHERE `user_id` = '7YU16B';
INSERT INTO `inactive_history` (`user_id`, `commission_balance`, `amount`, `date`) VALUES ('7YU16B', '0', '50', '2025-07-24 00:05:22');
UPDATE `user_registration` SET `sub_point` = 0, `active_status` = 'no'
WHERE `user_id` = 'OEM6F6';
INSERT INTO `inactive_history` (`user_id`, `commission_balance`, `amount`, `date`) VALUES ('OEM6F6', '0', '50', '2025-07-24 00:05:22');
UPDATE `user_registration` SET `sub_point` = 0, `active_status` = 'no'
WHERE `user_id` = 'TU7MHD';
INSERT INTO `inactive_history` (`user_id`, `commission_balance`, `amount`, `date`) VALUES ('TU7MHD', '100', '150', '2025-07-24 00:05:23');
UPDATE `user_registration` SET `sub_point` = 0, `active_status` = 'no'
WHERE `user_id` = '7BQJK5';
INSERT INTO `inactive_history` (`user_id`, `commission_balance`, `amount`, `date`) VALUES ('7BQJK5', '20', '150', '2025-07-24 00:05:23');
UPDATE `user_registration` SET `sub_point` = 0, `active_status` = 'no'
WHERE `user_id` = 'XMN3MK';
INSERT INTO `inactive_history` (`user_id`, `commission_balance`, `amount`, `date`) VALUES ('XMN3MK', '0', '150', '2025-07-24 00:05:24');
UPDATE `user_registration` SET `sub_point` = 0, `active_status` = 'no'
WHERE `user_id` = '7SMFPM';
INSERT INTO `inactive_history` (`user_id`, `commission_balance`, `amount`, `date`) VALUES ('7SMFPM', '0', '50', '2025-07-24 00:05:24');
UPDATE `user_registration` SET `sub_point` = 0, `active_status` = 'no'
WHERE `user_id` = '4N4NX4';
INSERT INTO `inactive_history` (`user_id`, `commission_balance`, `amount`, `date`) VALUES ('4N4NX4', '0', '150', '2025-07-24 00:05:24');
UPDATE `user_registration` SET `sub_point` = 0, `active_status` = 'no'
WHERE `user_id` = 'WS9KK9';
INSERT INTO `inactive_history` (`user_id`, `commission_balance`, `amount`, `date`) VALUES ('WS9KK9', '0', '150', '2025-07-24 00:05:25');
UPDATE `user_registration` SET `sub_point` = 0, `active_status` = 'no'
WHERE `user_id` = 'OHI8SE';
INSERT INTO `inactive_history` (`user_id`, `commission_balance`, `amount`, `date`) VALUES ('OHI8SE', '20', '150', '2025-07-24 00:05:25');
UPDATE `user_registration` SET `sub_point` = 0, `active_status` = 'no'
WHERE `user_id` = 'BJFCEM';
INSERT INTO `inactive_history` (`user_id`, `commission_balance`, `amount`, `date`) VALUES ('BJFCEM', '0', '50', '2025-07-24 00:05:25');
UPDATE `user_registration` SET `sub_point` = 0, `active_status` = 'no'
WHERE `user_id` = '9EDD8W';
INSERT INTO `inactive_history` (`user_id`, `commission_balance`, `amount`, `date`) VALUES ('9EDD8W', '0', '50', '2025-07-24 00:05:26');
UPDATE `user_registration` SET `sub_point` = 0, `active_status` = 'no'
WHERE `user_id` = '2QC8SK';
INSERT INTO `inactive_history` (`user_id`, `commission_balance`, `amount`, `date`) VALUES ('2QC8SK', '0', '150', '2025-07-24 00:05:26');
UPDATE `user_registration` SET `sub_point` = 0, `active_status` = 'no'
WHERE `user_id` = 'TOTNOR';
INSERT INTO `inactive_history` (`user_id`, `commission_balance`, `amount`, `date`) VALUES ('TOTNOR', '0', '50', '2025-07-24 00:05:26');
UPDATE `user_registration` SET `sub_point` = 0, `active_status` = 'no'
WHERE `user_id` = 'M2XFK7';
INSERT INTO `inactive_history` (`user_id`, `commission_balance`, `amount`, `date`) VALUES ('M2XFK7', '0', '150', '2025-07-24 00:05:27');
UPDATE `user_registration` SET `sub_point` = 0, `active_status` = 'no'
WHERE `user_id` = '82W7DS';
INSERT INTO `inactive_history` (`user_id`, `commission_balance`, `amount`, `date`) VALUES ('82W7DS', '0', '50', '2025-07-24 00:05:27');
UPDATE `user_registration` SET `sub_point` = 0, `active_status` = 'no'
WHERE `user_id` = '9T4ALJ';
INSERT INTO `inactive_history` (`user_id`, `commission_balance`, `amount`, `date`) VALUES ('9T4ALJ', '0', '150', '2025-07-24 00:05:27');
UPDATE `user_registration` SET `sub_point` = 0, `active_status` = 'no'
WHERE `user_id` = '648GBY';
INSERT INTO `inactive_history` (`user_id`, `commission_balance`, `amount`, `date`) VALUES ('648GBY', '20', '50', '2025-07-24 00:05:28');
UPDATE `user_registration` SET `sub_point` = 0, `active_status` = 'no'
WHERE `user_id` = 'X5T3ZT';
INSERT INTO `inactive_history` (`user_id`, `commission_balance`, `amount`, `date`) VALUES ('X5T3ZT', '0', '150', '2025-07-24 00:05:28');
UPDATE `user_registration` SET `sub_point` = 0, `active_status` = 'no'
WHERE `user_id` = 'PXHCYN';
INSERT INTO `inactive_history` (`user_id`, `commission_balance`, `amount`, `date`) VALUES ('PXHCYN', '0', '150', '2025-07-24 00:05:28');
UPDATE `user_registration` SET `sub_point` = 0, `active_status` = 'no'
WHERE `user_id` = '4PJDWH';
INSERT INTO `inactive_history` (`user_id`, `commission_balance`, `amount`, `date`) VALUES ('4PJDWH', '0', '150', '2025-07-24 00:05:29');
UPDATE `user_registration` SET `sub_point` = 0, `active_status` = 'no'
WHERE `user_id` = 'G3WYIA';
INSERT INTO `inactive_history` (`user_id`, `commission_balance`, `amount`, `date`) VALUES ('G3WYIA', '0', '150', '2025-07-24 00:05:29');
UPDATE `user_registration` SET `sub_point` = 0, `active_status` = 'no'
WHERE `user_id` = 'XBYEND';
INSERT INTO `inactive_history` (`user_id`, `commission_balance`, `amount`, `date`) VALUES ('XBYEND', '100', '150', '2025-07-24 00:05:30');
UPDATE `user_registration` SET `sub_point` = 0, `active_status` = 'no'
WHERE `user_id` = '8R8YQG';
INSERT INTO `inactive_history` (`user_id`, `commission_balance`, `amount`, `date`) VALUES ('8R8YQG', '0', '150', '2025-07-24 00:05:30');
UPDATE `user_registration` SET `sub_point` = 0, `active_status` = 'no'
WHERE `user_id` = 'CN9O47';
INSERT INTO `inactive_history` (`user_id`, `commission_balance`, `amount`, `date`) VALUES ('CN9O47', '0', '150', '2025-07-24 00:05:30');
UPDATE `user_registration` SET `sub_point` = 0, `active_status` = 'no'
WHERE `user_id` = 'VZYEPG';
INSERT INTO `inactive_history` (`user_id`, `commission_balance`, `amount`, `date`) VALUES ('VZYEPG', '0', '150', '2025-07-24 00:05:31');
UPDATE `user_registration` SET `sub_point` = 0, `active_status` = 'no'
WHERE `user_id` = 'TB42PA';
INSERT INTO `inactive_history` (`user_id`, `commission_balance`, `amount`, `date`) VALUES ('TB42PA', '0', '150', '2025-07-24 00:05:31');
UPDATE `user_registration` SET `sub_point` = 0, `active_status` = 'no'
WHERE `user_id` = '2KPJZJ';
INSERT INTO `inactive_history` (`user_id`, `commission_balance`, `amount`, `date`) VALUES ('2KPJZJ', '0', '150', '2025-07-24 00:05:31');
UPDATE `user_registration` SET `sub_point` = 0, `active_status` = 'no'
WHERE `user_id` = '8634EF';
INSERT INTO `inactive_history` (`user_id`, `commission_balance`, `amount`, `date`) VALUES ('8634EF', '0', '150', '2025-07-24 00:05:32');
UPDATE `user_registration` SET `sub_point` = 0, `active_status` = 'no'
WHERE `user_id` = '7P1TWW';
INSERT INTO `inactive_history` (`user_id`, `commission_balance`, `amount`, `date`) VALUES ('7P1TWW', '20', '150', '2025-07-24 00:05:32');
UPDATE `user_registration` SET `sub_point` = 0, `active_status` = 'no'
WHERE `user_id` = 'PEABEG';
INSERT INTO `inactive_history` (`user_id`, `commission_balance`, `amount`, `date`) VALUES ('PEABEG', '0', '150', '2025-07-24 00:05:33');
UPDATE `user_registration` SET `sub_point` = 0, `active_status` = 'no'
WHERE `user_id` = 'WNT6C4';
INSERT INTO `inactive_history` (`user_id`, `commission_balance`, `amount`, `date`) VALUES ('WNT6C4', '0', '150', '2025-07-24 00:05:33');
UPDATE `user_registration` SET `sub_point` = 0, `active_status` = 'no'
WHERE `user_id` = 'KYPLBN';
INSERT INTO `inactive_history` (`user_id`, `commission_balance`, `amount`, `date`) VALUES ('KYPLBN', '0', '150', '2025-07-24 00:05:33');
UPDATE `user_registration` SET `sub_point` = 0, `active_status` = 'no'
WHERE `user_id` = '5MW4H3';
INSERT INTO `inactive_history` (`user_id`, `commission_balance`, `amount`, `date`) VALUES ('5MW4H3', '0', '150', '2025-07-24 00:05:34');
UPDATE `user_registration` SET `sub_point` = 0, `active_status` = 'no'
WHERE `user_id` = 'XT3VLL';
INSERT INTO `inactive_history` (`user_id`, `commission_balance`, `amount`, `date`) VALUES ('XT3VLL', '0', '150', '2025-07-24 00:05:34');
UPDATE `user_registration` SET `sub_point` = 0, `active_status` = 'no'
WHERE `user_id` = 'WP5PIA';
INSERT INTO `inactive_history` (`user_id`, `commission_balance`, `amount`, `date`) VALUES ('WP5PIA', '50', '150', '2025-07-24 00:05:35');
UPDATE `user_registration` SET `sub_point` = 0, `active_status` = 'no'
WHERE `user_id` = '7ZQOFP';
INSERT INTO `inactive_history` (`user_id`, `commission_balance`, `amount`, `date`) VALUES ('7ZQOFP', '20', '150', '2025-07-24 00:05:35');
UPDATE `user_registration` SET `sub_point` = 0, `active_status` = 'no'
WHERE `user_id` = '4Q2HUA';
INSERT INTO `inactive_history` (`user_id`, `commission_balance`, `amount`, `date`) VALUES ('4Q2HUA', '0', '150', '2025-07-24 00:05:36');
UPDATE `user_registration` SET `sub_point` = 0, `active_status` = 'no'
WHERE `user_id` = 'DLHC7V';
INSERT INTO `inactive_history` (`user_id`, `commission_balance`, `amount`, `date`) VALUES ('DLHC7V', '0', '150', '2025-07-24 00:05:36');
UPDATE `user_registration` SET `sub_point` = 0, `active_status` = 'no'
WHERE `user_id` = 'QXETAG';
INSERT INTO `inactive_history` (`user_id`, `commission_balance`, `amount`, `date`) VALUES ('QXETAG', '0', '150', '2025-07-24 00:05:37');
UPDATE `user_registration` SET commission_balance = ROUND(commission_balance - 150,2)
WHERE `user_id` = '4VE7D1';
INSERT INTO `sub_history` (`user_id`, `package_id`, `amount`, `payment_method`, `date`) VALUES ('4VE7D1', '2', '150', 'Ewallet', '2025-07-24 00:05:37');
UPDATE `user_registration` SET sub_point = ROUND(sub_point + 150,2)
WHERE `user_id` = '4VE7D1';
INSERT INTO `investment` (`invest_date`, `user_id`, `type`, `amount`, `package_id`) VALUES ('2025-07-24 00:05:37', '4VE7D1', 'subscription', '150', '2');
UPDATE `user_registration` SET total_points = ROUND(total_points + 150,2)
WHERE `user_id` = '4VE7D1';
INSERT INTO `points_history` (`user_id`, `points`, `type`, `date`) VALUES ('4VE7D1', '150', 'subscription', '2025-07-24 00:05:');
UPDATE `bv_updation` SET left_carry = left_carry+150, total_left = total_left+150
WHERE `user_id` = '2KPJZJ';
INSERT INTO `placement_bv_update_history` (`left_carry`, `date`, `from_id`, `user_id`) VALUES ('150', '2025-07-24 00:05:37', '4VE7D1', '2KPJZJ');
UPDATE `bv_updation` SET left_carry = left_carry+150, total_left = total_left+150
WHERE `user_id` = 'B5EVHD';
INSERT INTO `placement_bv_update_history` (`left_carry`, `date`, `from_id`, `user_id`) VALUES ('150', '2025-07-24 00:05:37', '4VE7D1', 'B5EVHD');
UPDATE `user_registration` SET `cycle_rank_id` = '1'
WHERE `user_id` = 'B5EVHD';
INSERT INTO `rank_history` (`rank_id`, `user_id`, `name`, `bv`, `date`, `amount`, `type`) VALUES ('1', 'B5EVHD', 'Affiliate', '0', '2025-07-24 00:05:37', '0', 'auto');
UPDATE `bv_updation` SET left_carry = left_carry+150, total_left = total_left+150
WHERE `user_id` = 'AQJLZA';
INSERT INTO `placement_bv_update_history` (`left_carry`, `date`, `from_id`, `user_id`) VALUES ('150', '2025-07-24 00:05:37', '4VE7D1', 'AQJLZA');
UPDATE `bv_updation` SET left_carry = left_carry+150, total_left = total_left+150
WHERE `user_id` = '2V26XM';
INSERT INTO `placement_bv_update_history` (`left_carry`, `date`, `from_id`, `user_id`) VALUES ('150', '2025-07-24 00:05:37', '4VE7D1', '2V26XM');
UPDATE `bv_updation` SET left_carry = left_carry+150, total_left = total_left+150
WHERE `user_id` = 'K8DXP2';
INSERT INTO `placement_bv_update_history` (`left_carry`, `date`, `from_id`, `user_id`) VALUES ('150', '2025-07-24 00:05:37', '4VE7D1', 'K8DXP2');
UPDATE `bv_updation` SET left_carry = left_carry+150, total_left = total_left+150
WHERE `user_id` = 'HP6YP2';
INSERT INTO `placement_bv_update_history` (`left_carry`, `date`, `from_id`, `user_id`) VALUES ('150', '2025-07-24 00:05:37', '4VE7D1', 'HP6YP2');
UPDATE `user_registration` SET `cycle_rank_id` = '1'
WHERE `user_id` = 'HP6YP2';
INSERT INTO `rank_history` (`rank_id`, `user_id`, `name`, `bv`, `date`, `amount`, `type`) VALUES ('1', 'HP6YP2', 'Affiliate', '0', '2025-07-24 00:05:37', '0', 'auto');
UPDATE `bv_updation` SET left_carry = left_carry+150, total_left = total_left+150
WHERE `user_id` = 'L8NRSC';
INSERT INTO `placement_bv_update_history` (`left_carry`, `date`, `from_id`, `user_id`) VALUES ('150', '2025-07-24 00:05:37', '4VE7D1', 'L8NRSC');
UPDATE `user_registration` SET `cycle_rank_id` = '1'
WHERE `user_id` = 'L8NRSC';
INSERT INTO `rank_history` (`rank_id`, `user_id`, `name`, `bv`, `date`, `amount`, `type`) VALUES ('1', 'L8NRSC', 'Affiliate', '0', '2025-07-24 00:05:37', '0', 'auto');
UPDATE `bv_updation` SET left_carry = left_carry+150, total_left = total_left+150
WHERE `user_id` = 'JHRDHS';
INSERT INTO `placement_bv_update_history` (`left_carry`, `date`, `from_id`, `user_id`) VALUES ('150', '2025-07-24 00:05:37', '4VE7D1', 'JHRDHS');
UPDATE `user_registration` SET `cycle_rank_id` = '2'
WHERE `user_id` = 'JHRDHS';
INSERT INTO `rank_history` (`rank_id`, `user_id`, `name`, `bv`, `date`, `amount`, `type`) VALUES ('2', 'JHRDHS', 'Associate', '1200', '2025-07-24 00:05:37', '100', 'auto');
UPDATE `bv_updation` SET sponsor_left_carry = sponsor_left_carry+150, sponsor_total_left = sponsor_total_left+150
WHERE `user_id` = 'JHRDHS';
INSERT INTO `sponsor_bv_update_history` (`left_carry`, `date`, `user_id`) VALUES ('150', '2025-07-24 00:05:37', 'JHRDHS');
UPDATE `bv_updation` SET right_carry = right_carry+150, total_right = total_right+150
WHERE `user_id` = 'CVVK4C';
INSERT INTO `placement_bv_update_history` (`right_carry`, `date`, `from_id`, `user_id`) VALUES ('150', '2025-07-24 00:05:37', '4VE7D1', 'CVVK4C');
UPDATE `user_registration` SET `cycle_rank_id` = '1'
WHERE `user_id` = 'CVVK4C';
INSERT INTO `rank_history` (`rank_id`, `user_id`, `name`, `bv`, `date`, `amount`, `type`) VALUES ('1', 'CVVK4C', 'Affiliate', '0', '2025-07-24 00:05:37', '0', 'auto');
UPDATE `bv_updation` SET left_carry = left_carry+150, total_left = total_left+150
WHERE `user_id` = 'K55EDD';
INSERT INTO `placement_bv_update_history` (`left_carry`, `date`, `from_id`, `user_id`) VALUES ('150', '2025-07-24 00:05:37', '4VE7D1', 'K55EDD');
UPDATE `user_registration` SET `cycle_rank_id` = '1'
WHERE `user_id` = 'K55EDD';
INSERT INTO `rank_history` (`rank_id`, `user_id`, `name`, `bv`, `date`, `amount`, `type`) VALUES ('1', 'K55EDD', 'Affiliate', '0', '2025-07-24 00:05:37', '0', 'auto');
UPDATE `bv_updation` SET left_carry = left_carry+150, total_left = total_left+150
WHERE `user_id` = 'UQO7EQ';
INSERT INTO `placement_bv_update_history` (`left_carry`, `date`, `from_id`, `user_id`) VALUES ('150', '2025-07-24 00:05:37', '4VE7D1', 'UQO7EQ');
UPDATE `user_registration` SET `cycle_rank_id` = '1'
WHERE `user_id` = 'UQO7EQ';
INSERT INTO `rank_history` (`rank_id`, `user_id`, `name`, `bv`, `date`, `amount`, `type`) VALUES ('1', 'UQO7EQ', 'Affiliate', '0', '2025-07-24 00:05:37', '0', 'auto');
UPDATE `bv_updation` SET left_carry = left_carry+150, total_left = total_left+150
WHERE `user_id` = 'N6GZAE';
INSERT INTO `placement_bv_update_history` (`left_carry`, `date`, `from_id`, `user_id`) VALUES ('150', '2025-07-24 00:05:37', '4VE7D1', 'N6GZAE');
UPDATE `user_registration` SET `cycle_rank_id` = '1'
WHERE `user_id` = 'N6GZAE';
INSERT INTO `rank_history` (`rank_id`, `user_id`, `name`, `bv`, `date`, `amount`, `type`) VALUES ('1', 'N6GZAE', 'Affiliate', '0', '2025-07-24 00:05:37', '0', 'auto');
UPDATE `bv_updation` SET left_carry = left_carry+150, total_left = total_left+150
WHERE `user_id` = '4E1CRI';
INSERT INTO `placement_bv_update_history` (`left_carry`, `date`, `from_id`, `user_id`) VALUES ('150', '2025-07-24 00:05:37', '4VE7D1', '4E1CRI');
UPDATE `bv_updation` SET left_carry = left_carry+150, total_left = total_left+150
WHERE `user_id` = 'SJBNYJ';
INSERT INTO `placement_bv_update_history` (`left_carry`, `date`, `from_id`, `user_id`) VALUES ('150', '2025-07-24 00:05:37', '4VE7D1', 'SJBNYJ');
UPDATE `user_registration` SET `cycle_rank_id` = '1'
WHERE `user_id` = 'SJBNYJ';
INSERT INTO `rank_history` (`rank_id`, `user_id`, `name`, `bv`, `date`, `amount`, `type`) VALUES ('1', 'SJBNYJ', 'Affiliate', '0', '2025-07-24 00:05:37', '0', 'auto');
UPDATE `bv_updation` SET left_carry = left_carry+150, total_left = total_left+150
WHERE `user_id` = '44B9Y4';
INSERT INTO `placement_bv_update_history` (`left_carry`, `date`, `from_id`, `user_id`) VALUES ('150', '2025-07-24 00:05:37', '4VE7D1', '44B9Y4');
UPDATE `user_registration` SET `cycle_rank_id` = '1'
WHERE `user_id` = '44B9Y4';
INSERT INTO `rank_history` (`rank_id`, `user_id`, `name`, `bv`, `date`, `amount`, `type`) VALUES ('1', '44B9Y4', 'Affiliate', '0', '2025-07-24 00:05:37', '0', 'auto');
UPDATE `bv_updation` SET right_carry = right_carry+150, total_right = total_right+150
WHERE `user_id` = 'admin';
INSERT INTO `placement_bv_update_history` (`right_carry`, `date`, `from_id`, `user_id`) VALUES ('150', '2025-07-24 00:05:37', '4VE7D1', 'admin');
UPDATE `user_registration` SET `cycle_rank_id` = '1'
WHERE `user_id` = 'admin';
INSERT INTO `rank_history` (`rank_id`, `user_id`, `name`, `bv`, `date`, `amount`, `type`) VALUES ('1', 'admin', 'Affiliate', '0', '2025-07-24 00:05:37', '0', 'auto');
UPDATE `user_registration` SET `subscription_date` = '2025-08-24', `active_status` = 'yes'
WHERE `user_id` = '4VE7D1';
UPDATE `user_registration` SET `sub_point` = 0, `active_status` = 'no'
WHERE `user_id` = '41V5DE';
INSERT INTO `inactive_history` (`user_id`, `commission_balance`, `amount`, `date`) VALUES ('41V5DE', '0', '150', '2025-07-24 00:05:37');
UPDATE `user_registration` SET `sub_point` = 0, `active_status` = 'no'
WHERE `user_id` = 'SX4SBY';
INSERT INTO `inactive_history` (`user_id`, `commission_balance`, `amount`, `date`) VALUES ('SX4SBY', '0', '150', '2025-07-24 00:05:37');
UPDATE `user_registration` SET `sub_point` = 0, `active_status` = 'no'
WHERE `user_id` = '5SGU6D';
INSERT INTO `inactive_history` (`user_id`, `commission_balance`, `amount`, `date`) VALUES ('5SGU6D', '0', '150', '2025-07-24 00:05:38');
UPDATE `user_registration` SET `sub_point` = 0, `active_status` = 'no'
WHERE `user_id` = '6UFXJY';
INSERT INTO `inactive_history` (`user_id`, `commission_balance`, `amount`, `date`) VALUES ('6UFXJY', '0', '150', '2025-07-24 00:05:38');
UPDATE `user_registration` SET `sub_point` = 0, `active_status` = 'no'
WHERE `user_id` = '6FI4ND';
INSERT INTO `inactive_history` (`user_id`, `commission_balance`, `amount`, `date`) VALUES ('6FI4ND', '0', '150', '2025-07-24 00:05:39');
UPDATE `user_registration` SET `sub_point` = 0, `active_status` = 'no'
WHERE `user_id` = '2HKNYD';
INSERT INTO `inactive_history` (`user_id`, `commission_balance`, `amount`, `date`) VALUES ('2HKNYD', '0', '150', '2025-07-24 00:05:39');
UPDATE `user_registration` SET `sub_point` = 0, `active_status` = 'no'
WHERE `user_id` = '55ASP4';
INSERT INTO `inactive_history` (`user_id`, `commission_balance`, `amount`, `date`) VALUES ('55ASP4', '0', '150', '2025-07-24 00:05:39');
UPDATE `user_registration` SET `sub_point` = 0, `active_status` = 'no'
WHERE `user_id` = 'P16KP7';
INSERT INTO `inactive_history` (`user_id`, `commission_balance`, `amount`, `date`) VALUES ('P16KP7', '0', '150', '2025-07-24 00:05:40');
UPDATE `user_registration` SET `sub_point` = 0, `active_status` = 'no'
WHERE `user_id` = '7VETI8';
INSERT INTO `inactive_history` (`user_id`, `commission_balance`, `amount`, `date`) VALUES ('7VETI8', '0', '150', '2025-07-24 00:05:40');
UPDATE `user_registration` SET `sub_point` = 0, `active_status` = 'no'
WHERE `user_id` = 'EKTIVH';
INSERT INTO `inactive_history` (`user_id`, `commission_balance`, `amount`, `date`) VALUES ('EKTIVH', '0', '150', '2025-07-24 00:05:40');
UPDATE `user_registration` SET `sub_point` = 0, `active_status` = 'no'
WHERE `user_id` = 'WAO86G';
INSERT INTO `inactive_history` (`user_id`, `commission_balance`, `amount`, `date`) VALUES ('WAO86G', '0', '150', '2025-07-24 00:05:41');
UPDATE `user_registration` SET `sub_point` = 0, `active_status` = 'no'
WHERE `user_id` = '5YE99V';
INSERT INTO `inactive_history` (`user_id`, `commission_balance`, `amount`, `date`) VALUES ('5YE99V', '0', '50', '2025-07-24 00:05:41');
UPDATE `user_registration` SET `sub_point` = 0, `active_status` = 'no'
WHERE `user_id` = 'XFX3US';
INSERT INTO `inactive_history` (`user_id`, `commission_balance`, `amount`, `date`) VALUES ('XFX3US', '0', '50', '2025-07-24 00:05:41');
UPDATE `user_registration` SET `sub_point` = 0, `active_status` = 'no'
WHERE `user_id` = 'MRC89O';
INSERT INTO `inactive_history` (`user_id`, `commission_balance`, `amount`, `date`) VALUES ('MRC89O', '50', '150', '2025-07-24 00:05:42');
UPDATE `user_registration` SET `sub_point` = 0, `active_status` = 'no'
WHERE `user_id` = 'F8GQHM';
INSERT INTO `inactive_history` (`user_id`, `commission_balance`, `amount`, `date`) VALUES ('F8GQHM', '0', '150', '2025-07-24 00:05:42');
UPDATE `user_registration` SET `sub_point` = 0, `active_status` = 'no'
WHERE `user_id` = 'FMXQ6T';
INSERT INTO `inactive_history` (`user_id`, `commission_balance`, `amount`, `date`) VALUES ('FMXQ6T', '0', '150', '2025-07-24 00:05:42');
UPDATE `user_registration` SET `sub_point` = 0, `active_status` = 'no'
WHERE `user_id` = 'BAR1UQ';
INSERT INTO `inactive_history` (`user_id`, `commission_balance`, `amount`, `date`) VALUES ('BAR1UQ', '0', '150', '2025-07-24 00:05:43');
UPDATE `user_registration` SET `sub_point` = 0, `active_status` = 'no'
WHERE `user_id` = '6RCEKP';
INSERT INTO `inactive_history` (`user_id`, `commission_balance`, `amount`, `date`) VALUES ('6RCEKP', '0', '150', '2025-07-24 00:05:43');
UPDATE `user_registration` SET `sub_point` = 0, `active_status` = 'no'
WHERE `user_id` = 'RHLTER';
INSERT INTO `inactive_history` (`user_id`, `commission_balance`, `amount`, `date`) VALUES ('RHLTER', '0', '150', '2025-07-24 00:05:43');
UPDATE `user_registration` SET `sub_point` = 0, `active_status` = 'no'
WHERE `user_id` = 'FGI2FY';
INSERT INTO `inactive_history` (`user_id`, `commission_balance`, `amount`, `date`) VALUES ('FGI2FY', '0', '150', '2025-07-24 00:05:44');
UPDATE `user_registration` SET `sub_point` = 0, `active_status` = 'no'
WHERE `user_id` = 'JLPXI6';
INSERT INTO `inactive_history` (`user_id`, `commission_balance`, `amount`, `date`) VALUES ('JLPXI6', '0', '150', '2025-07-24 00:05:44');
UPDATE `user_registration` SET `sub_point` = 0, `active_status` = 'no'
WHERE `user_id` = '1KMQ3V';
INSERT INTO `inactive_history` (`user_id`, `commission_balance`, `amount`, `date`) VALUES ('1KMQ3V', '100', '150', '2025-07-24 00:05:44');
UPDATE `user_registration` SET `sub_point` = 0, `active_status` = 'no'
WHERE `user_id` = 'ZVZUJ1';
INSERT INTO `inactive_history` (`user_id`, `commission_balance`, `amount`, `date`) VALUES ('ZVZUJ1', '0', '150', '2025-07-24 00:05:45');
UPDATE `user_registration` SET `sub_point` = 0, `active_status` = 'no'
WHERE `user_id` = 'SAMPQX';
INSERT INTO `inactive_history` (`user_id`, `commission_balance`, `amount`, `date`) VALUES ('SAMPQX', '0', '150', '2025-07-24 00:05:45');
UPDATE `user_registration` SET `sub_point` = 0, `active_status` = 'no'
WHERE `user_id` = '23UJOB';
INSERT INTO `inactive_history` (`user_id`, `commission_balance`, `amount`, `date`) VALUES ('23UJOB', '0', '150', '2025-07-24 00:05:45');
UPDATE `user_registration` SET `sub_point` = 0, `active_status` = 'no'
WHERE `user_id` = 'NB7P18';
INSERT INTO `inactive_history` (`user_id`, `commission_balance`, `amount`, `date`) VALUES ('NB7P18', '0', '150', '2025-07-24 00:05:46');
UPDATE `user_registration` SET `sub_point` = 0, `active_status` = 'no'
WHERE `user_id` = '9VPMSG';
INSERT INTO `inactive_history` (`user_id`, `commission_balance`, `amount`, `date`) VALUES ('9VPMSG', '0', '150', '2025-07-24 00:05:46');
UPDATE `user_registration` SET `sub_point` = 0, `active_status` = 'no'
WHERE `user_id` = 'J385D5';
INSERT INTO `inactive_history` (`user_id`, `commission_balance`, `amount`, `date`) VALUES ('J385D5', '0', '150', '2025-07-24 00:05:46');
UPDATE `user_registration` SET `sub_point` = 0, `active_status` = 'no'
WHERE `user_id` = 'R18IYC';
INSERT INTO `inactive_history` (`user_id`, `commission_balance`, `amount`, `date`) VALUES ('R18IYC', '0', '150', '2025-07-24 00:05:47');
UPDATE `user_registration` SET `sub_point` = 0, `active_status` = 'no'
WHERE `user_id` = 'WYBCPQ';
INSERT INTO `inactive_history` (`user_id`, `commission_balance`, `amount`, `date`) VALUES ('WYBCPQ', '100', '150', '2025-07-24 00:05:47');
UPDATE `user_registration` SET commission_balance = ROUND(commission_balance - ,2)
WHERE `user_id` = 'ZGUGI2';
INSERT INTO `sub_history` (`user_id`, `package_id`, `amount`, `payment_method`, `date`) VALUES ('ZGUGI2', '0', NULL, 'Ewallet', '2025-07-24 00:05:47');
UPDATE `user_registration` SET sub_point = ROUND(sub_point + 50,2)
WHERE `user_id` = 'ZGUGI2';
INSERT INTO `investment` (`invest_date`, `user_id`, `type`, `amount`, `package_id`) VALUES ('2025-07-24 00:05:47', 'ZGUGI2', 'subscription', '50', '0');
UPDATE `user_registration` SET total_points = ROUND(total_points + 50,2)
WHERE `user_id` = 'ZGUGI2';
INSERT INTO `points_history` (`user_id`, `points`, `type`, `date`) VALUES ('ZGUGI2', '50', 'subscription', '2025-07-24 00:05:');
UPDATE `user_registration` SET `subscription_date` = '2025-08-24', `active_status` = 'yes'
WHERE `user_id` = 'ZGUGI2';
UPDATE `user_registration` SET `sub_point` = 0, `active_status` = 'no'
WHERE `user_id` = '55IB4V';
INSERT INTO `inactive_history` (`user_id`, `commission_balance`, `amount`, `date`) VALUES ('55IB4V', '0', '50', '2025-07-24 00:05:47');
UPDATE `user_registration` SET `sub_point` = 0, `active_status` = 'no'
WHERE `user_id` = 'XEINAA';
INSERT INTO `inactive_history` (`user_id`, `commission_balance`, `amount`, `date`) VALUES ('XEINAA', '0', '50', '2025-07-24 00:05:48');
UPDATE `cron_job_history` SET `status` = 'done', `date_end` = '2025-07-24 00:05:48'
WHERE `id` = 534;
UPDATE `ci_sessions` SET `timestamp` = 1753336575, `data` = '__ci_last_regenerate|i:1753336575;id|s:4:\"2071\";user_id|s:6:\"JHRDHS\";username|s:7:\"mbecena\";sponsor_id|s:6:\"CVVK4C\";fullname|s:12:\"Maria Becena\";email|s:21:\"mbecena@bellsouth.net\";phone|s:10:\"7862360387\";isLogIn|b:1;'
WHERE `id` = '329b8c6f40f58de36178dc75f8dd401cfce2a7ee';
UPDATE `user_registration` SET `popup_seen` = 'yes'
WHERE `user_id` = 'JHRDHS';
UPDATE `user_registration` SET `popup_seen` = 'yes'
WHERE `user_id` = 'JHRDHS';
INSERT INTO `login_history` (`user_id`, `device`, `ip_address`, `date`) VALUES ('JIL8K9', 'Mozilla/5.0 (iPhone; CPU iPhone OS 18_5 like Mac OS X) AppleWebKit/605.1.15 (KHTML, like Gecko) Version/18.5 Mobile/15E148 Safari/604.1', '140.248.44.146', '25-07-24 02:05');
UPDATE `user_registration` SET `popup_seen` = 'yes'
WHERE `user_id` = 'JIL8K9';
UPDATE `user_registration` SET `popup_seen` = 'yes'
WHERE `user_id` = 'JIL8K9';
UPDATE `user_registration` SET `popup_seen` = 'yes'
WHERE `user_id` = 'JIL8K9';
UPDATE `user_registration` SET `popup_seen` = 'yes'
WHERE `user_id` = 'JIL8K9';
UPDATE `user_registration` SET `popup_seen` = 'yes'
WHERE `user_id` = 'JIL8K9';
UPDATE `user_registration` SET `popup_seen` = 'yes'
WHERE `user_id` = 'JIL8K9';
UPDATE `user_registration` SET `popup_seen` = 'yes'
WHERE `user_id` = 'JIL8K9';
UPDATE `user_registration` SET `popup_seen` = 'no'
WHERE `user_id` = 'JIL8K9';
DELETE FROM `ci_sessions`
WHERE `id` = '6ae0a84c4b54116dabcab37c8dd153c11df7af74';
INSERT INTO `login_history` (`user_id`, `device`, `ip_address`, `date`) VALUES ('JIYOH4', 'Mozilla/5.0 (iPhone; CPU iPhone OS 18_5 like Mac OS X) AppleWebKit/605.1.15 (KHTML, like Gecko) Version/18.5 Mobile/15E148 Safari/604.1', '2600:1702:880:8fb0:d9da:1447:6065:1398', '25-07-24 02:49');
UPDATE `user_registration` SET `popup_seen` = 'yes'
WHERE `user_id` = 'JIYOH4';
UPDATE `user_registration` SET `popup_seen` = 'yes'
WHERE `user_id` = 'JIYOH4';
UPDATE `ci_sessions` SET `timestamp` = 1753343659, `data` = '__ci_last_regenerate|i:1753343659;id|s:4:\"2403\";user_id|s:6:\"JIYOH4\";username|s:9:\"ikabemi70\";sponsor_id|s:6:\"JYZE9L\";fullname|s:12:\"Ramon Garcia\";email|s:19:\"ikabemi70@gmail.com\";phone|s:10:\"5613862231\";isLogIn|b:1;'
WHERE `id` = '4aa4fc7af4a24845dab4c8b11914c0e4a71bb62e';
UPDATE `user_registration` SET `popup_seen` = 'yes'
WHERE `user_id` = 'JIYOH4';
UPDATE `user_registration` SET `popup_seen` = 'yes'
WHERE `user_id` = 'JIYOH4';
UPDATE `user_registration` SET `popup_seen` = 'yes'
WHERE `user_id` = 'JIYOH4';
UPDATE `user_registration` SET `popup_seen` = 'yes'
WHERE `user_id` = 'JIYOH4';
INSERT INTO `login_history` (`user_id`, `device`, `ip_address`, `date`) VALUES ('CM4JLT', 'Mozilla/5.0 (Windows NT 10.0; Win64; x64) AppleWebKit/537.36 (KHTML, like Gecko) Chrome/138.0.0.0 Safari/537.36', '192.200.148.185', '25-07-24 05:39');
UPDATE `user_registration` SET `popup_seen` = 'yes'
WHERE `user_id` = 'CM4JLT';
UPDATE `ci_sessions` SET `timestamp` = 1753353823, `data` = '__ci_last_regenerate|i:1753353823;id|s:4:\"2390\";user_id|s:6:\"CM4JLT\";username|s:7:\"lrd1962\";sponsor_id|s:6:\"BV2MNJ\";fullname|s:15:\"Lorenzo Ramirez\";email|s:26:\"ramirezloren1962@gmail.com\";phone|s:10:\"7864447312\";isLogIn|b:1;'
WHERE `id` = '7403c232723dbc851d1f1466f46cdde06753a697';
UPDATE `user_registration` SET `popup_seen` = 'yes'
WHERE `user_id` = 'CM4JLT';
UPDATE `ci_sessions` SET `timestamp` = 1753354317, `data` = '__ci_last_regenerate|i:1753354317;captcha|s:4:\"gsqq\";'
WHERE `id` = '615ef38c1318a30acb7f4a586de8c6ff5619b03e';
INSERT INTO `login_history` (`user_id`, `device`, `ip_address`, `date`) VALUES ('JHRDHS', 'Mozilla/5.0 (iPhone; CPU iPhone OS 18_5 like Mac OS X) AppleWebKit/605.1.15 (KHTML, like Gecko) Version/18.5 Mobile/15E148 Safari/604.1', '2600:1702:50d0:a580:9cb7:c184:a599:faad', '25-07-24 05:52');
UPDATE `user_registration` SET `popup_seen` = 'yes'
WHERE `user_id` = 'JHRDHS';
UPDATE `user_registration` SET `popup_seen` = 'yes'
WHERE `user_id` = 'JHRDHS';
INSERT INTO `login_history` (`user_id`, `device`, `ip_address`, `date`) VALUES ('AO42V8', 'Mozilla/5.0 (Windows NT 10.0; Win64; x64) AppleWebKit/537.36 (KHTML, like Gecko) Chrome/138.0.0.0 Safari/537.36', '192.200.148.184', '25-07-24 05:54');
UPDATE `user_registration` SET `popup_seen` = 'yes'
WHERE `user_id` = 'AO42V8';
INSERT INTO `temp_register` (`post_data`, `date`, `payment_method`, `type`) VALUES ('{\"user_id\":\"AO42V8\",\"card_id\":\"4\",\"card_cost\":\"150\",\"card_value\":\"150\",\"payment_option\":\"stripe\",\"date\":\"2025-07-24 05:56:40\"}', '2025-07-24 05:56:40', 'stripe', 'buy+top_up_card');
INSERT INTO `login_history` (`user_id`, `device`, `ip_address`, `date`) VALUES ('7GDBOU', 'Mozilla/5.0 (iPhone; CPU iPhone OS 17_6_1 like Mac OS X) AppleWebKit/605.1.15 (KHTML, like Gecko) Version/17.6 Mobile/15E148 Safari/604.1', '2600:1700:1cfc:8090:e805:c971:4896:c2e9', '25-07-24 06:00');
UPDATE `user_registration` SET `popup_seen` = 'yes'
WHERE `user_id` = '7GDBOU';
UPDATE `ci_sessions` SET `timestamp` = 1753354859, `data` = '__ci_last_regenerate|i:1753354859;id|s:4:\"2404\";user_id|s:6:\"AO42V8\";username|s:4:\"At62\";sponsor_id|s:6:\"CM4JLT\";fullname|s:12:\"angel torres\";email|s:17:\"at71164@gmail.com\";phone|s:10:\"3056099865\";isLogIn|b:1;reg_stripe_id|i:705;'
WHERE `id` = 'e5557a18a75be6957d5a95acd6636e1b4b34f7ed';
UPDATE `temp_register` SET `response` = '{\"stripeToken\":\"tok_1RoMtQ2NUoYUjiuuLwLGIjoi\",\"stripeTokenType\":\"card\",\"stripeEmail\":\"at71164@gmail.com\"}', `date_modified` = '2025-07-24 06:01:03', `payment_status` = '{\"id\":\"ch_3RoMtV2NUoYUjiuu1fKlP642\",\"object\":\"charge\",\"amount\":15000,\"amount_captured\":15000,\"amount_refunded\":0,\"application\":null,\"application_fee\":null,\"application_fee_amount\":null,\"balance_transaction\":\"txn_3RoMtV2NUoYUjiuu1vlWTbdM\",\"billing_details\":{\"address\":{\"city\":null,\"country\":null,\"line1\":null,\"line2\":null,\"postal_code\":null,\"state\":null},\"email\":null,\"name\":\"at71164@gmail.com\",\"phone\":null,\"tax_id\":null},\"calculated_statement_descriptor\":\"TRAVELEGENDCY LLC\",\"captured\":true,\"created\":1753354861,\"currency\":\"usd\",\"customer\":\"cus_Sjqan8Mr1nvjKG\",\"description\":null,\"destination\":null,\"dispute\":null,\"disputed\":false,\"failure_balance_transaction\":null,\"failure_code\":null,\"failure_message\":null,\"fraud_details\":[],\"invoice\":null,\"livemode\":true,\"metadata\":[],\"on_behalf_of\":null,\"order\":null,\"outcome\":{\"advice_code\":null,\"network_advice_code\":null,\"network_decline_code\":null,\"network_status\":\"approved_by_network\",\"reason\":null,\"risk_level\":\"normal\",\"seller_message\":\"Payment complete.\",\"type\":\"authorized\"},\"paid\":true,\"payment_intent\":null,\"payment_method\":\"card_1RoMtQ2NUoYUjiuu0ghpZwwa\",\"payment_method_details\":{\"card\":{\"amount_authorized\":15000,\"authorization_code\":\"140916\",\"brand\":\"mastercard\",\"checks\":{\"address_line1_check\":null,\"address_postal_code_check\":null,\"cvc_check\":\"pass\"},\"country\":\"US\",\"exp_month\":6,\"exp_year\":2029,\"extended_authorization\":{\"status\":\"disabled\"},\"fingerprint\":\"01pK13t1LCzUcMj7\",\"funding\":\"debit\",\"incremental_authorization\":{\"status\":\"unavailable\"},\"installments\":null,\"last4\":\"2627\",\"mandate\":null,\"multicapture\":{\"status\":\"unavailable\"},\"network\":\"mastercard\",\"network_token\":{\"used\":false},\"network_transaction_id\":\"MDJSS07Z00724\",\"overcapture\":{\"maximum_amount_capturable\":15000,\"status\":\"unavailable\"},\"regulated_status\":\"regulated\",\"three_d_secure\":null,\"wallet\":null},\"type\":\"card\"},\"receipt_email\":null,\"receipt_number\":null,\"receipt_url\":\"https:\\/\\/pay.stripe.com\\/receipts\\/payment\\/CAcQARoXChVhY2N0XzFRUEFGdjJOVW9ZVWppdXUo76SIxAYyBhXsEEFggzosFgO_Qwr-Qghs1tKvMgidRqW3UyKhHu_p2CSubQEvy35uMIzFOm28IvsYmTM\",\"refunded\":false,\"review\":null,\"shipping\":null,\"source\":{\"id\":\"card_1RoMtQ2NUoYUjiuu0ghpZwwa\",\"object\":\"card\",\"address_city\":null,\"address_country\":null,\"address_line1\":null,\"address_line1_check\":null,\"address_line2\":null,\"address_state\":null,\"address_zip\":null,\"address_zip_check\":null,\"allow_redisplay\":\"unspecified\",\"brand\":\"MasterCard\",\"country\":\"US\",\"customer\":\"cus_Sjqan8Mr1nvjKG\",\"cvc_check\":\"pass\",\"dynamic_last4\":null,\"exp_month\":6,\"exp_year\":2029,\"fingerprint\":\"01pK13t1LCzUcMj7\",\"funding\":\"debit\",\"last4\":\"2627\",\"metadata\":[],\"name\":\"at71164@gmail.com\",\"regulated_status\":\"regulated\",\"tokenization_method\":null,\"wallet\":null},\"source_transfer\":null,\"statement_descriptor\":null,\"statement_descriptor_suffix\":null,\"status\":\"succeeded\",\"transfer_data\":null,\"transfer_group\":null}'
WHERE `id` = 705;
INSERT INTO `card_purchase_history` (`user_id`, `card_id`, `card_cost`, `card_value`, `payment_option`, `date`) VALUES ('AO42V8', '4', '150', '150', 'stripe', '2025-07-24 05:56:40');
UPDATE `user_registration` SET commission_balance = ROUND(commission_balance + 150,2)
WHERE `user_id` = 'AO42V8';
UPDATE `user_registration` SET `popup_seen` = 'yes'
WHERE `user_id` = 'AO42V8';
INSERT INTO `login_history` (`user_id`, `device`, `ip_address`, `date`) VALUES ('UQO7EQ', 'Mozilla/5.0 (Linux; Android 10; K) AppleWebKit/537.36 (KHTML, like Gecko) Chrome/135.0.0.0 Mobile Safari/537.36', '2607:fb91:2892:ccb2:ac39:be37:98f2:9130', '25-07-24 08:33');
UPDATE `user_registration` SET `popup_seen` = 'yes'
WHERE `user_id` = 'UQO7EQ';
UPDATE `user_registration` SET `popup_seen` = 'no'
WHERE `user_id` = 'UQO7EQ';
DELETE FROM `ci_sessions`
WHERE `id` = '534ddbd037db2c1493898cf13ab39a243a0c2c94';
UPDATE `ci_sessions` SET `timestamp` = 1753364662, `data` = '__ci_last_regenerate|i:1753364662;captcha|s:4:\"56nf\";'
WHERE `id` = '7c47b3677a5f94a9136b62f426190b3af64ca8e3';
INSERT INTO `login_history` (`user_id`, `device`, `ip_address`, `date`) VALUES ('UQO7EQ', 'Mozilla/5.0 (Linux; Android 10; K) AppleWebKit/537.36 (KHTML, like Gecko) Chrome/135.0.0.0 Mobile Safari/537.36', '2607:fb91:2892:ccb2:ac39:be37:98f2:9130', '25-07-24 08:44');
UPDATE `user_registration` SET `popup_seen` = 'yes'
WHERE `user_id` = 'UQO7EQ';
UPDATE `user_registration` SET `popup_seen` = 'no'
WHERE `user_id` = 'UQO7EQ';
DELETE FROM `ci_sessions`
WHERE `id` = 'c3cbfbb7adb58cb504c19e7829ee46017b5cc46b';
INSERT INTO `login_history` (`user_id`, `device`, `ip_address`, `date`) VALUES ('BV2MNJ', 'Mozilla/5.0 (Windows NT 10.0; Win64; x64) AppleWebKit/537.36 (KHTML, like Gecko) Chrome/138.0.0.0 Safari/537.36', '162.229.154.65', '25-07-24 08:48');
UPDATE `user_registration` SET `popup_seen` = 'yes'
WHERE `user_id` = 'BV2MNJ';
UPDATE `ci_sessions` SET `timestamp` = 1753366343, `data` = '__ci_last_regenerate|i:1753366343;id|s:4:\"2389\";user_id|s:6:\"BV2MNJ\";username|s:11:\"Favalos1973\";sponsor_id|s:6:\"7GDBOU\";fullname|s:12:\"Frank Avalos\";email|s:25:\"frankavalos1973@yahoo.com\";phone|s:10:\"9542755964\";isLogIn|b:1;'
WHERE `id` = '9a55d1dd338695f1c35a59a767cea081e343dc54';
UPDATE `ci_sessions` SET `timestamp` = 1753366662, `data` = '__ci_last_regenerate|i:1753366662;id|s:4:\"2389\";user_id|s:6:\"BV2MNJ\";username|s:11:\"Favalos1973\";sponsor_id|s:6:\"7GDBOU\";fullname|s:12:\"Frank Avalos\";email|s:25:\"frankavalos1973@yahoo.com\";phone|s:10:\"9542755964\";isLogIn|b:1;'
WHERE `id` = '130484ceeb1219866572ed774a470e0df0ecc190';
UPDATE `user_registration` SET `popup_seen` = 'no'
WHERE `user_id` = 'BV2MNJ';
DELETE FROM `ci_sessions`
WHERE `id` = '01d8214945391814fcb6e3f6b30f1f0679051fa4';
INSERT INTO `login_history` (`user_id`, `device`, `ip_address`, `date`) VALUES ('JHRDHS', 'Mozilla/5.0 (iPhone; CPU iPhone OS 18_5 like Mac OS X) AppleWebKit/605.1.15 (KHTML, like Gecko) Version/18.5 Mobile/15E148 Safari/604.1', '207.104.43.62', '25-07-24 09:48');
UPDATE `user_registration` SET `popup_seen` = 'yes'
WHERE `user_id` = 'JHRDHS';
INSERT INTO `login_history` (`user_id`, `device`, `ip_address`, `date`) VALUES ('JIYOH4', 'Mozilla/5.0 (iPhone; CPU iPhone OS 18_5 like Mac OS X) AppleWebKit/605.1.15 (KHTML, like Gecko) Version/18.5 Mobile/15E148 Safari/604.1', '2600:1702:880:8fb0:d9da:1447:6065:1398', '25-07-24 09:58');
UPDATE `user_registration` SET `popup_seen` = 'yes'
WHERE `user_id` = 'JIYOH4';
UPDATE `ci_sessions` SET `timestamp` = 1753373200, `data` = '__ci_last_regenerate|i:1753373200;id|s:4:\"2071\";user_id|s:6:\"JHRDHS\";username|s:7:\"mbecena\";sponsor_id|s:6:\"CVVK4C\";fullname|s:12:\"Maria Becena\";email|s:21:\"mbecena@bellsouth.net\";phone|s:10:\"7862360387\";isLogIn|b:1;message|s:20:\"Welcome Maria Becena\";__ci_vars|a:1:{s:7:\"message\";s:3:\"old\";}'
WHERE `id` = 'b69110c4b5ab6fa15524584b0490c84225deb1b1';
UPDATE `user_registration` SET `popup_seen` = 'yes'
WHERE `user_id` = 'JHRDHS';
UPDATE `ci_sessions` SET `timestamp` = 1753373638, `data` = '__ci_last_regenerate|i:1753373638;id|s:4:\"2071\";user_id|s:6:\"JHRDHS\";username|s:7:\"mbecena\";sponsor_id|s:6:\"CVVK4C\";fullname|s:12:\"Maria Becena\";email|s:21:\"mbecena@bellsouth.net\";phone|s:10:\"7862360387\";isLogIn|b:1;'
WHERE `id` = '1a9ec95bd240ca30ca6d25a26972064e08c3522a';
UPDATE `user_registration` SET `popup_seen` = 'yes'
WHERE `user_id` = 'JHRDHS';
INSERT INTO `login_history` (`user_id`, `device`, `ip_address`, `date`) VALUES ('UQO7EQ', 'Mozilla/5.0 (Linux; Android 10; K) AppleWebKit/537.36 (KHTML, like Gecko) Chrome/135.0.0.0 Mobile Safari/537.36', '2607:fb91:2892:ccb2:ac39:be37:98f2:9130', '25-07-24 11:50');
UPDATE `user_registration` SET `popup_seen` = 'yes'
WHERE `user_id` = 'UQO7EQ';
UPDATE `user_registration` SET `popup_seen` = 'no'
WHERE `user_id` = 'UQO7EQ';
DELETE FROM `ci_sessions`
WHERE `id` = 'f8d1fb2cfa24061096e9f8f02c6f1e656fa2d8f4';
UPDATE `ci_sessions` SET `timestamp` = 1753376562, `data` = '__ci_last_regenerate|i:1753376562;id|s:4:\"2071\";user_id|s:6:\"JHRDHS\";username|s:7:\"mbecena\";sponsor_id|s:6:\"CVVK4C\";fullname|s:12:\"Maria Becena\";email|s:21:\"mbecena@bellsouth.net\";phone|s:10:\"7862360387\";isLogIn|b:1;'
WHERE `id` = 'ff3e3db600506fe3dc61219e706f48b5c59c0d63';
UPDATE `user_registration` SET `popup_seen` = 'yes'
WHERE `user_id` = 'JHRDHS';
INSERT INTO `login_history` (`user_id`, `device`, `ip_address`, `date`) VALUES ('JHRDHS', 'Mozilla/5.0 (iPhone; CPU iPhone OS 18_5 like Mac OS X) AppleWebKit/605.1.15 (KHTML, like Gecko) Version/18.5 Mobile/15E148 Safari/604.1', '2600:1702:50d0:a580:adcd:a916:e452:7a04', '25-07-24 12:04');
UPDATE `user_registration` SET `popup_seen` = 'yes'
WHERE `user_id` = 'JHRDHS';
INSERT INTO `login_history` (`user_id`, `device`, `ip_address`, `date`) VALUES ('UQO7EQ', 'Mozilla/5.0 (Windows NT 10.0; Win64; x64) AppleWebKit/537.36 (KHTML, like Gecko) Chrome/138.0.0.0 Safari/537.36', '2601:58a:897c:3fd0:44b3:52ae:cbef:c191', '25-07-24 12:08');
UPDATE `user_registration` SET `popup_seen` = 'yes'
WHERE `user_id` = 'UQO7EQ';
INSERT INTO `login_history` (`user_id`, `device`, `ip_address`, `date`) VALUES ('6RCEKP', 'Mozilla/5.0 (Windows NT 10.0; Win64; x64) AppleWebKit/537.36 (KHTML, like Gecko) Chrome/138.0.0.0 Safari/537.36', '2600:8807:8819:3e00:15dd:80a8:f0ae:b29a', '25-07-24 12:18');
UPDATE `user_registration` SET `popup_seen` = 'yes'
WHERE `user_id` = '6RCEKP';
UPDATE `ci_sessions` SET `timestamp` = 1753377540, `data` = '__ci_last_regenerate|i:1753377540;id|s:4:\"2042\";user_id|s:6:\"UQO7EQ\";username|s:6:\"Rafa51\";sponsor_id|s:6:\"N6GZAE\";fullname|s:16:\"Rafael Rodriguez\";email|s:18:\"rafagana@yahoo.com\";phone|s:10:\"3057610606\";isLogIn|b:1;'
WHERE `id` = '542b37fd06d83aecf67f8475322cd3ad5f61b55d';
UPDATE `user_registration` SET `popup_seen` = 'yes'
WHERE `user_id` = 'UQO7EQ';
UPDATE `user_registration` SET `popup_seen` = 'yes'
WHERE `user_id` = 'UQO7EQ';
UPDATE `user_registration` SET `popup_seen` = 'yes'
WHERE `user_id` = 'UQO7EQ';
UPDATE `ci_sessions` SET `timestamp` = 1753377865, `data` = '__ci_last_regenerate|i:1753377865;id|s:4:\"2341\";user_id|s:6:\"6RCEKP\";username|s:16:\"ApsStreetwearLLC\";sponsor_id|s:6:\"VQGPGZ\";fullname|s:11:\"Felix Arias\";email|s:23:\"felixarias171@gmail.com\";phone|s:10:\"7864799934\";isLogIn|b:1;message|s:19:\"Welcome Felix Arias\";__ci_vars|a:1:{s:7:\"message\";s:3:\"old\";}'
WHERE `id` = '9151ec0028df89b0bff7b5b37f22afe92f4a4904';
UPDATE `ci_sessions` SET `timestamp` = 1753377961, `data` = '__ci_last_regenerate|i:1753377961;id|s:4:\"2042\";user_id|s:6:\"UQO7EQ\";username|s:6:\"Rafa51\";sponsor_id|s:6:\"N6GZAE\";fullname|s:16:\"Rafael Rodriguez\";email|s:18:\"rafagana@yahoo.com\";phone|s:10:\"3057610606\";isLogIn|b:1;'
WHERE `id` = '64bd323dd19b31168e7c779e239654bb055f0a82';
UPDATE `user_registration` SET `popup_seen` = 'no'
WHERE `user_id` = 'UQO7EQ';
DELETE FROM `ci_sessions`
WHERE `id` = '451ab34d6c01e6e8a676111be8c937b8fd4bc7d4';
UPDATE `ci_sessions` SET `timestamp` = 1753378387, `data` = '__ci_last_regenerate|i:1753378387;captcha|s:4:\"wuf4\";'
WHERE `id` = '6189d883f155a23f37b5048e82a972edc1ce53bb';
UPDATE `user_registration` SET `popup_seen` = 'yes'
WHERE `user_id` = '4VB6SG';
UPDATE `ci_sessions` SET `timestamp` = 1753378626, `data` = '__ci_last_regenerate|i:1753378626;id|s:4:\"2341\";user_id|s:6:\"6RCEKP\";username|s:16:\"ApsStreetwearLLC\";sponsor_id|s:6:\"VQGPGZ\";fullname|s:11:\"Felix Arias\";email|s:23:\"felixarias171@gmail.com\";phone|s:10:\"7864799934\";isLogIn|b:1;'
WHERE `id` = '30a762cb6b03b3bc2a267244229817e0ca758955';
UPDATE `user_registration` SET `popup_seen` = 'yes'
WHERE `user_id` = '6RCEKP';
INSERT INTO `login_history` (`user_id`, `device`, `ip_address`, `date`) VALUES ('BV2MNJ', 'Mozilla/5.0 (Windows NT 10.0; Win64; x64) AppleWebKit/537.36 (KHTML, like Gecko) Chrome/138.0.0.0 Safari/537.36', '2600:1700:13a0:c080:78c8:2d9:628d:9d0b', '25-07-24 12:40');
UPDATE `user_registration` SET `popup_seen` = 'yes'
WHERE `user_id` = 'BV2MNJ';
INSERT INTO `benefits_pack_purchase_history` (`user_id`, `packge_id`, `amount`, `value`, `point`, `image`, `image_id`, `country`, `city`, `available_points`, `conversion_point_rate`, `package_title`, `date`, `type`, `full_name`, `phone`, `email`) VALUES ('BV2MNJ', '1', '0', '0', '0', 'upload/benefits_pack_image/f147ff520c49d883471566157d51c045.png', '21', '138', '4275', '150', '1', 'The Journey Begins', '2025-07-24 12:41:47', 'benefits_pack_claim', 'Frank Avalos', '9542755964', 'frankavalos1973@yahoo.com');
UPDATE `ci_sessions` SET `timestamp` = 1753381713, `data` = '__ci_last_regenerate|i:1753381713;captcha|s:4:\"c193\";'
WHERE `id` = '5cead124bce6f5b6e5a300ec1d52aee80eb27d4a';
INSERT INTO `login_history` (`user_id`, `device`, `ip_address`, `date`) VALUES ('UQO7EQ', 'Mozilla/5.0 (Windows NT 10.0; Win64; x64) AppleWebKit/537.36 (KHTML, like Gecko) Chrome/138.0.0.0 Safari/537.36', '2601:58a:897c:3fd0:44b3:52ae:cbef:c191', '25-07-24 13:28');
UPDATE `user_registration` SET `popup_seen` = 'yes'
WHERE `user_id` = 'UQO7EQ';
UPDATE `user_registration` SET `popup_seen` = 'no'
WHERE `user_id` = 'UQO7EQ';
DELETE FROM `ci_sessions`
WHERE `id` = 'dbc6ba047436bbd214d6824ed9475605ea38ed20';
UPDATE `user_registration` SET `popup_seen` = 'no'
WHERE `user_id` IS NULL;
DELETE FROM `ci_sessions`
WHERE `id` = 'dbc6ba047436bbd214d6824ed9475605ea38ed20';
UPDATE `ci_sessions` SET `timestamp` = 1753383761, `data` = '__ci_last_regenerate|i:1753383761;captcha|s:4:\"y53j\";'
WHERE `id` = '85e17eaef388f60c14d725d18e7452028b26d772';
INSERT INTO `login_history` (`user_id`, `device`, `ip_address`, `date`) VALUES ('UQO7EQ', 'Mozilla/5.0 (Windows NT 10.0; Win64; x64) AppleWebKit/537.36 (KHTML, like Gecko) Chrome/138.0.0.0 Safari/537.36', '2601:58a:897c:3fd0:44b3:52ae:cbef:c191', '25-07-24 14:02');
UPDATE `user_registration` SET `popup_seen` = 'yes'
WHERE `user_id` = 'UQO7EQ';
UPDATE `user_registration` SET `popup_seen` = 'no'
WHERE `user_id` = 'UQO7EQ';
DELETE FROM `ci_sessions`
WHERE `id` = 'c84aeb7b47648188b031edbad02643dd075f49d5';
UPDATE `ci_sessions` SET `timestamp` = 1753386444, `data` = '__ci_last_regenerate|i:1753386444;captcha|s:4:\"2i79\";'
WHERE `id` = '7c6096c03c0d6e6794367a70897cc0034f210c0f';
INSERT INTO `login_history` (`user_id`, `device`, `ip_address`, `date`) VALUES ('UQO7EQ', 'Mozilla/5.0 (Windows NT 10.0; Win64; x64) AppleWebKit/537.36 (KHTML, like Gecko) Chrome/138.0.0.0 Safari/537.36', '174.48.231.131', '25-07-24 14:47');
UPDATE `user_registration` SET `popup_seen` = 'yes'
WHERE `user_id` = 'UQO7EQ';
UPDATE `user_registration` SET `popup_seen` = 'no'
WHERE `user_id` = 'UQO7EQ';
DELETE FROM `ci_sessions`
WHERE `id` = 'dc73e72343045c0b8ac6708bc43143247fde60ce';
UPDATE `ci_sessions` SET `timestamp` = 1753386716, `data` = '__ci_last_regenerate|i:1753386716;captcha|s:4:\"2pfl\";'
WHERE `id` = '4751f195ca1c78613001b7058ad0db687b4a86f8';
INSERT INTO `login_history` (`user_id`, `device`, `ip_address`, `date`) VALUES ('JHRDHS', 'Mozilla/5.0 (Macintosh; Intel Mac OS X 10_15_7) AppleWebKit/605.1.15 (KHTML, like Gecko) Version/17.6 Safari/605.1.15', '2600:1702:50d0:a580:d9de:d0da:1678:532d', '25-07-24 14:51');
UPDATE `user_registration` SET `popup_seen` = 'yes'
WHERE `user_id` = 'JHRDHS';
UPDATE `user_registration` SET `popup_seen` = 'yes'
WHERE `user_id` = 'JHRDHS';
INSERT INTO `login_history` (`user_id`, `device`, `ip_address`, `date`) VALUES ('XEINAA', 'Mozilla/5.0 (iPhone; CPU iPhone OS 18_5 like Mac OS X) AppleWebKit/605.1.15 (KHTML, like Gecko) Version/18.5 Mobile/15E148 Safari/604.1', '146.75.222.42', '25-07-24 15:01');
UPDATE `user_registration` SET `popup_seen` = 'yes'
WHERE `user_id` = 'XEINAA';
UPDATE `user_registration` SET `popup_seen` = 'yes'
WHERE `user_id` = 'XEINAA';
UPDATE `user_registration` SET `popup_seen` = 'yes'
WHERE `user_id` = 'XEINAA';
UPDATE `user_registration` SET `popup_seen` = 'yes'
WHERE `user_id` = 'XEINAA';
UPDATE `user_registration` SET `popup_seen` = 'yes'
WHERE `user_id` = 'XEINAA';
UPDATE `user_registration` SET `popup_seen` = 'yes'
WHERE `user_id` = 'XEINAA';
INSERT INTO `temp_register` (`post_data`, `date`, `payment_method`, `type`) VALUES ('{\"user_id\":\"XEINAA\",\"package_id\":\"1\",\"amount\":\"50\",\"payment_method\":\"stripe\",\"date\":\"2025-07-24 15:03:04\"}', '2025-07-24 15:03:04', 'stripe', 'renew');
UPDATE `temp_register` SET `response` = '{\"stripeToken\":\"tok_1RoVN92NUoYUjiuuYQfQvMku\",\"stripeTokenType\":\"card\",\"stripeEmail\":\"sofi.ibarzabal15@gmail.com\"}', `date_modified` = '2025-07-24 15:04:16', `payment_status` = '{\"id\":\"ch_3RoVND2NUoYUjiuu1m0c1yso\",\"object\":\"charge\",\"amount\":5000,\"amount_captured\":5000,\"amount_refunded\":0,\"application\":null,\"application_fee\":null,\"application_fee_amount\":null,\"balance_transaction\":\"txn_3RoVND2NUoYUjiuu1AKn0Rgi\",\"billing_details\":{\"address\":{\"city\":null,\"country\":null,\"line1\":null,\"line2\":null,\"postal_code\":null,\"state\":null},\"email\":null,\"name\":\"sofi.ibarzabal15@gmail.com\",\"phone\":null,\"tax_id\":null},\"calculated_statement_descriptor\":\"TRAVELEGENDCY LLC\",\"captured\":true,\"created\":1753387455,\"currency\":\"usd\",\"customer\":\"cus_SjzLEfaDBRC4jw\",\"description\":null,\"destination\":null,\"dispute\":null,\"disputed\":false,\"failure_balance_transaction\":null,\"failure_code\":null,\"failure_message\":null,\"fraud_details\":[],\"invoice\":null,\"livemode\":true,\"metadata\":{\"name\":\"Sofia Ibarzabal\",\"username\":\"sofi.ibarzabal\"},\"on_behalf_of\":null,\"order\":null,\"outcome\":{\"advice_code\":null,\"network_advice_code\":null,\"network_decline_code\":null,\"network_status\":\"approved_by_network\",\"reason\":null,\"risk_level\":\"normal\",\"seller_message\":\"Payment complete.\",\"type\":\"authorized\"},\"paid\":true,\"payment_intent\":null,\"payment_method\":\"card_1RoVN92NUoYUjiuuSzJBseTm\",\"payment_method_details\":{\"card\":{\"amount_authorized\":5000,\"authorization_code\":\"022893\",\"brand\":\"visa\",\"checks\":{\"address_line1_check\":null,\"address_postal_code_check\":null,\"cvc_check\":\"pass\"},\"country\":\"US\",\"exp_month\":3,\"exp_year\":2029,\"extended_authorization\":{\"status\":\"disabled\"},\"fingerprint\":\"IafkvM3wNCU4w2rV\",\"funding\":\"debit\",\"incremental_authorization\":{\"status\":\"unavailable\"},\"installments\":null,\"last4\":\"0938\",\"mandate\":null,\"multicapture\":{\"status\":\"unavailable\"},\"network\":\"visa\",\"network_token\":{\"used\":false},\"network_transaction_id\":\"385205722557528\",\"overcapture\":{\"maximum_amount_capturable\":5000,\"status\":\"unavailable\"},\"regulated_status\":\"regulated\",\"three_d_secure\":null,\"wallet\":null},\"type\":\"card\"},\"receipt_email\":null,\"receipt_number\":null,\"receipt_url\":\"https:\\/\\/pay.stripe.com\\/receipts\\/payment\\/CAcQARoXChVhY2N0XzFRUEFGdjJOVW9ZVWppdXUowKOKxAYyBpY2jLdL7zosFloDrmTnoWLnVIiaqPcKkw5CdcVZB33Ci8LsAVOLq_tpoL8FZ7eqhM379iY\",\"refunded\":false,\"review\":null,\"shipping\":null,\"source\":{\"id\":\"card_1RoVN92NUoYUjiuuSzJBseTm\",\"object\":\"card\",\"address_city\":null,\"address_country\":null,\"address_line1\":null,\"address_line1_check\":null,\"address_line2\":null,\"address_state\":null,\"address_zip\":null,\"address_zip_check\":null,\"allow_redisplay\":\"unspecified\",\"brand\":\"Visa\",\"country\":\"US\",\"customer\":\"cus_SjzLEfaDBRC4jw\",\"cvc_check\":\"pass\",\"dynamic_last4\":null,\"exp_month\":3,\"exp_year\":2029,\"fingerprint\":\"IafkvM3wNCU4w2rV\",\"funding\":\"debit\",\"last4\":\"0938\",\"metadata\":[],\"name\":\"sofi.ibarzabal15@gmail.com\",\"regulated_status\":\"regulated\",\"tokenization_method\":null,\"wallet\":null},\"source_transfer\":null,\"statement_descriptor\":null,\"statement_descriptor_suffix\":null,\"status\":\"succeeded\",\"transfer_data\":null,\"transfer_group\":null}'
WHERE `id` = 706;
INSERT INTO `sub_history` (`user_id`, `package_id`, `amount`, `payment_method`, `date`) VALUES ('XEINAA', '1', '50', 'Stripe', '2025-07-24 15:04:16');
UPDATE `user_registration` SET sub_point = ROUND(sub_point + 50,2)
WHERE `user_id` = 'XEINAA';
INSERT INTO `investment` (`invest_date`, `user_id`, `type`, `amount`, `package_id`) VALUES ('2025-07-24 15:04:16', 'XEINAA', 'subscription', '50', '1');
UPDATE `user_registration` SET total_points = ROUND(total_points + 50,2)
WHERE `user_id` = 'XEINAA';
INSERT INTO `points_history` (`user_id`, `points`, `type`, `date`) VALUES ('XEINAA', '50', 'subscription', '2025-07-24 15:04:');
UPDATE `bv_updation` SET left_carry = left_carry+50, total_left = total_left+50
WHERE `user_id` = '47XL7H';
INSERT INTO `placement_bv_update_history` (`left_carry`, `date`, `from_id`, `user_id`) VALUES ('50', '2025-07-24 15:04:16', 'XEINAA', '47XL7H');
UPDATE `bv_updation` SET left_carry = left_carry+50, total_left = total_left+50
WHERE `user_id` = 'AM2FR1';
INSERT INTO `placement_bv_update_history` (`left_carry`, `date`, `from_id`, `user_id`) VALUES ('50', '2025-07-24 15:04:16', 'XEINAA', 'AM2FR1');
UPDATE `bv_updation` SET left_carry = left_carry+50, total_left = total_left+50
WHERE `user_id` = 'RKMICU';
INSERT INTO `placement_bv_update_history` (`left_carry`, `date`, `from_id`, `user_id`) VALUES ('50', '2025-07-24 15:04:16', 'XEINAA', 'RKMICU');
UPDATE `bv_updation` SET left_carry = left_carry+50, total_left = total_left+50
WHERE `user_id` = '1HT8BK';
INSERT INTO `placement_bv_update_history` (`left_carry`, `date`, `from_id`, `user_id`) VALUES ('50', '2025-07-24 15:04:16', 'XEINAA', '1HT8BK');
UPDATE `bv_updation` SET left_carry = left_carry+50, total_left = total_left+50
WHERE `user_id` = 'VPMCC5';
INSERT INTO `placement_bv_update_history` (`left_carry`, `date`, `from_id`, `user_id`) VALUES ('50', '2025-07-24 15:04:16', 'XEINAA', 'VPMCC5');
UPDATE `user_registration` SET `cycle_rank_id` = '1'
WHERE `user_id` = 'VPMCC5';
INSERT INTO `rank_history` (`rank_id`, `user_id`, `name`, `bv`, `date`, `amount`, `type`) VALUES ('1', 'VPMCC5', 'Affiliate', '0', '2025-07-24 15:04:16', '0', 'auto');
UPDATE `bv_updation` SET left_carry = left_carry+50, total_left = total_left+50
WHERE `user_id` = '5XIPYS';
INSERT INTO `placement_bv_update_history` (`left_carry`, `date`, `from_id`, `user_id`) VALUES ('50', '2025-07-24 15:04:16', 'XEINAA', '5XIPYS');
UPDATE `bv_updation` SET left_carry = left_carry+50, total_left = total_left+50
WHERE `user_id` = '1MHVTB';
INSERT INTO `placement_bv_update_history` (`left_carry`, `date`, `from_id`, `user_id`) VALUES ('50', '2025-07-24 15:04:16', 'XEINAA', '1MHVTB');
UPDATE `bv_updation` SET left_carry = left_carry+50, total_left = total_left+50
WHERE `user_id` = '4WVWXZ';
INSERT INTO `placement_bv_update_history` (`left_carry`, `date`, `from_id`, `user_id`) VALUES ('50', '2025-07-24 15:04:16', 'XEINAA', '4WVWXZ');
UPDATE `user_registration` SET `cycle_rank_id` = '1'
WHERE `user_id` = '4WVWXZ';
INSERT INTO `rank_history` (`rank_id`, `user_id`, `name`, `bv`, `date`, `amount`, `type`) VALUES ('1', '4WVWXZ', 'Affiliate', '0', '2025-07-24 15:04:16', '0', 'auto');
UPDATE `bv_updation` SET left_carry = left_carry+50, total_left = total_left+50
WHERE `user_id` = 'GTPJAP';
INSERT INTO `placement_bv_update_history` (`left_carry`, `date`, `from_id`, `user_id`) VALUES ('50', '2025-07-24 15:04:16', 'XEINAA', 'GTPJAP');
UPDATE `bv_updation` SET left_carry = left_carry+50, total_left = total_left+50
WHERE `user_id` = '4VE7D1';
INSERT INTO `placement_bv_update_history` (`left_carry`, `date`, `from_id`, `user_id`) VALUES ('50', '2025-07-24 15:04:16', 'XEINAA', '4VE7D1');
UPDATE `user_registration` SET `cycle_rank_id` = '1'
WHERE `user_id` = '4VE7D1';
INSERT INTO `rank_history` (`rank_id`, `user_id`, `name`, `bv`, `date`, `amount`, `type`) VALUES ('1', '4VE7D1', 'Affiliate', '0', '2025-07-24 15:04:16', '0', 'auto');
UPDATE `bv_updation` SET sponsor_left_carry = sponsor_left_carry+50, sponsor_total_left = sponsor_total_left+50
WHERE `user_id` = '4VE7D1';
INSERT INTO `sponsor_bv_update_history` (`left_carry`, `date`, `user_id`) VALUES ('50', '2025-07-24 15:04:16', '4VE7D1');
UPDATE `bv_updation` SET left_carry = left_carry+50, total_left = total_left+50
WHERE `user_id` = '2KPJZJ';
INSERT INTO `placement_bv_update_history` (`left_carry`, `date`, `from_id`, `user_id`) VALUES ('50', '2025-07-24 15:04:16', 'XEINAA', '2KPJZJ');
UPDATE `bv_updation` SET left_carry = left_carry+50, total_left = total_left+50
WHERE `user_id` = 'B5EVHD';
INSERT INTO `placement_bv_update_history` (`left_carry`, `date`, `from_id`, `user_id`) VALUES ('50', '2025-07-24 15:04:16', 'XEINAA', 'B5EVHD');
UPDATE `user_registration` SET `cycle_rank_id` = '1'
WHERE `user_id` = 'B5EVHD';
INSERT INTO `rank_history` (`rank_id`, `user_id`, `name`, `bv`, `date`, `amount`, `type`) VALUES ('1', 'B5EVHD', 'Affiliate', '0', '2025-07-24 15:04:16', '0', 'auto');
UPDATE `bv_updation` SET left_carry = left_carry+50, total_left = total_left+50
WHERE `user_id` = 'AQJLZA';
INSERT INTO `placement_bv_update_history` (`left_carry`, `date`, `from_id`, `user_id`) VALUES ('50', '2025-07-24 15:04:16', 'XEINAA', 'AQJLZA');
UPDATE `bv_updation` SET left_carry = left_carry+50, total_left = total_left+50
WHERE `user_id` = '2V26XM';
INSERT INTO `placement_bv_update_history` (`left_carry`, `date`, `from_id`, `user_id`) VALUES ('50', '2025-07-24 15:04:16', 'XEINAA', '2V26XM');
UPDATE `bv_updation` SET left_carry = left_carry+50, total_left = total_left+50
WHERE `user_id` = 'K8DXP2';
INSERT INTO `placement_bv_update_history` (`left_carry`, `date`, `from_id`, `user_id`) VALUES ('50', '2025-07-24 15:04:16', 'XEINAA', 'K8DXP2');
UPDATE `bv_updation` SET left_carry = left_carry+50, total_left = total_left+50
WHERE `user_id` = 'HP6YP2';
INSERT INTO `placement_bv_update_history` (`left_carry`, `date`, `from_id`, `user_id`) VALUES ('50', '2025-07-24 15:04:16', 'XEINAA', 'HP6YP2');
UPDATE `user_registration` SET `cycle_rank_id` = '1'
WHERE `user_id` = 'HP6YP2';
INSERT INTO `rank_history` (`rank_id`, `user_id`, `name`, `bv`, `date`, `amount`, `type`) VALUES ('1', 'HP6YP2', 'Affiliate', '0', '2025-07-24 15:04:16', '0', 'auto');
UPDATE `bv_updation` SET left_carry = left_carry+50, total_left = total_left+50
WHERE `user_id` = 'L8NRSC';
INSERT INTO `placement_bv_update_history` (`left_carry`, `date`, `from_id`, `user_id`) VALUES ('50', '2025-07-24 15:04:16', 'XEINAA', 'L8NRSC');
UPDATE `user_registration` SET `cycle_rank_id` = '1'
WHERE `user_id` = 'L8NRSC';
INSERT INTO `rank_history` (`rank_id`, `user_id`, `name`, `bv`, `date`, `amount`, `type`) VALUES ('1', 'L8NRSC', 'Affiliate', '0', '2025-07-24 15:04:16', '0', 'auto');
UPDATE `bv_updation` SET left_carry = left_carry+50, total_left = total_left+50
WHERE `user_id` = 'JHRDHS';
INSERT INTO `placement_bv_update_history` (`left_carry`, `date`, `from_id`, `user_id`) VALUES ('50', '2025-07-24 15:04:16', 'XEINAA', 'JHRDHS');
UPDATE `user_registration` SET `cycle_rank_id` = '2'
WHERE `user_id` = 'JHRDHS';
INSERT INTO `rank_history` (`rank_id`, `user_id`, `name`, `bv`, `date`, `amount`, `type`) VALUES ('2', 'JHRDHS', 'Associate', '1200', '2025-07-24 15:04:16', '100', 'auto');
UPDATE `bv_updation` SET right_carry = right_carry+50, total_right = total_right+50
WHERE `user_id` = 'CVVK4C';
INSERT INTO `placement_bv_update_history` (`right_carry`, `date`, `from_id`, `user_id`) VALUES ('50', '2025-07-24 15:04:16', 'XEINAA', 'CVVK4C');
UPDATE `user_registration` SET `cycle_rank_id` = '1'
WHERE `user_id` = 'CVVK4C';
INSERT INTO `rank_history` (`rank_id`, `user_id`, `name`, `bv`, `date`, `amount`, `type`) VALUES ('1', 'CVVK4C', 'Affiliate', '0', '2025-07-24 15:04:16', '0', 'auto');
UPDATE `bv_updation` SET left_carry = left_carry+50, total_left = total_left+50
WHERE `user_id` = 'K55EDD';
INSERT INTO `placement_bv_update_history` (`left_carry`, `date`, `from_id`, `user_id`) VALUES ('50', '2025-07-24 15:04:16', 'XEINAA', 'K55EDD');
UPDATE `user_registration` SET `cycle_rank_id` = '1'
WHERE `user_id` = 'K55EDD';
INSERT INTO `rank_history` (`rank_id`, `user_id`, `name`, `bv`, `date`, `amount`, `type`) VALUES ('1', 'K55EDD', 'Affiliate', '0', '2025-07-24 15:04:16', '0', 'auto');
UPDATE `bv_updation` SET left_carry = left_carry+50, total_left = total_left+50
WHERE `user_id` = 'UQO7EQ';
INSERT INTO `placement_bv_update_history` (`left_carry`, `date`, `from_id`, `user_id`) VALUES ('50', '2025-07-24 15:04:16', 'XEINAA', 'UQO7EQ');
UPDATE `user_registration` SET `cycle_rank_id` = '1'
WHERE `user_id` = 'UQO7EQ';
INSERT INTO `rank_history` (`rank_id`, `user_id`, `name`, `bv`, `date`, `amount`, `type`) VALUES ('1', 'UQO7EQ', 'Affiliate', '0', '2025-07-24 15:04:16', '0', 'auto');
UPDATE `bv_updation` SET left_carry = left_carry+50, total_left = total_left+50
WHERE `user_id` = 'N6GZAE';
INSERT INTO `placement_bv_update_history` (`left_carry`, `date`, `from_id`, `user_id`) VALUES ('50', '2025-07-24 15:04:16', 'XEINAA', 'N6GZAE');
UPDATE `user_registration` SET `cycle_rank_id` = '1'
WHERE `user_id` = 'N6GZAE';
INSERT INTO `rank_history` (`rank_id`, `user_id`, `name`, `bv`, `date`, `amount`, `type`) VALUES ('1', 'N6GZAE', 'Affiliate', '0', '2025-07-24 15:04:16', '0', 'auto');
UPDATE `bv_updation` SET left_carry = left_carry+50, total_left = total_left+50
WHERE `user_id` = '4E1CRI';
INSERT INTO `placement_bv_update_history` (`left_carry`, `date`, `from_id`, `user_id`) VALUES ('50', '2025-07-24 15:04:16', 'XEINAA', '4E1CRI');
UPDATE `bv_updation` SET left_carry = left_carry+50, total_left = total_left+50
WHERE `user_id` = 'SJBNYJ';
INSERT INTO `placement_bv_update_history` (`left_carry`, `date`, `from_id`, `user_id`) VALUES ('50', '2025-07-24 15:04:16', 'XEINAA', 'SJBNYJ');
UPDATE `user_registration` SET `cycle_rank_id` = '1'
WHERE `user_id` = 'SJBNYJ';
INSERT INTO `rank_history` (`rank_id`, `user_id`, `name`, `bv`, `date`, `amount`, `type`) VALUES ('1', 'SJBNYJ', 'Affiliate', '0', '2025-07-24 15:04:16', '0', 'auto');
UPDATE `bv_updation` SET left_carry = left_carry+50, total_left = total_left+50
WHERE `user_id` = '44B9Y4';
INSERT INTO `placement_bv_update_history` (`left_carry`, `date`, `from_id`, `user_id`) VALUES ('50', '2025-07-24 15:04:16', 'XEINAA', '44B9Y4');
UPDATE `user_registration` SET `cycle_rank_id` = '1'
WHERE `user_id` = '44B9Y4';
INSERT INTO `rank_history` (`rank_id`, `user_id`, `name`, `bv`, `date`, `amount`, `type`) VALUES ('1', '44B9Y4', 'Affiliate', '0', '2025-07-24 15:04:16', '0', 'auto');
UPDATE `bv_updation` SET right_carry = right_carry+50, total_right = total_right+50
WHERE `user_id` = 'admin';
INSERT INTO `placement_bv_update_history` (`right_carry`, `date`, `from_id`, `user_id`) VALUES ('50', '2025-07-24 15:04:16', 'XEINAA', 'admin');
UPDATE `user_registration` SET `cycle_rank_id` = '1'
WHERE `user_id` = 'admin';
INSERT INTO `rank_history` (`rank_id`, `user_id`, `name`, `bv`, `date`, `amount`, `type`) VALUES ('1', 'admin', 'Affiliate', '0', '2025-07-24 15:04:16', '0', 'auto');
UPDATE `user_registration` SET `subscription_date` = '2025-08-24', `active_status` = 'yes'
WHERE `user_id` = 'XEINAA';
UPDATE `user_registration` SET `popup_seen` = 'yes'
WHERE `user_id` = 'XEINAA';
UPDATE `ci_sessions` SET `timestamp` = 1753387516, `data` = '__ci_last_regenerate|i:1753387516;id|s:4:\"2071\";user_id|s:6:\"JHRDHS\";username|s:7:\"mbecena\";sponsor_id|s:6:\"CVVK4C\";fullname|s:12:\"Maria Becena\";email|s:21:\"mbecena@bellsouth.net\";phone|s:10:\"7862360387\";isLogIn|b:1;'
WHERE `id` = '5687de1471edfb6ddf2190b907696a2c80bdf309';
UPDATE `ci_sessions` SET `timestamp` = 1753387606, `data` = '__ci_last_regenerate|i:1753387606;captcha|s:4:\"kpmd\";'
WHERE `id` = '1fc07fc8a2a25b3d3b646ae39cf6e859ccca17cf';
INSERT INTO `login_history` (`user_id`, `device`, `ip_address`, `date`) VALUES ('JHRDHS', 'Mozilla/5.0 (iPhone; CPU iPhone OS 18_5 like Mac OS X) AppleWebKit/605.1.15 (KHTML, like Gecko) Version/18.5 Mobile/15E148 Safari/604.1', '2600:1702:50d0:a580:d0e2:11f1:d9d4:20a', '25-07-24 15:06');
UPDATE `user_registration` SET `popup_seen` = 'yes'
WHERE `user_id` = 'JHRDHS';
INSERT INTO `login_history` (`user_id`, `device`, `ip_address`, `date`) VALUES ('UQO7EQ', 'Mozilla/5.0 (Linux; Android 10; K) AppleWebKit/537.36 (KHTML, like Gecko) Chrome/135.0.0.0 Mobile Safari/537.36', '2607:fb91:2892:ccb2:ac39:be37:98f2:9130', '25-07-24 15:15');
UPDATE `user_registration` SET `popup_seen` = 'yes'
WHERE `user_id` = 'UQO7EQ';
UPDATE `user_registration` SET `popup_seen` = 'no'
WHERE `user_id` = 'UQO7EQ';
DELETE FROM `ci_sessions`
WHERE `id` = '41a38a9d53b316ffae6840004ff29c7e22b6a7df';
UPDATE `ci_sessions` SET `timestamp` = 1753388397, `data` = '__ci_last_regenerate|i:1753388397;id|s:4:\"2071\";user_id|s:6:\"JHRDHS\";username|s:7:\"mbecena\";sponsor_id|s:6:\"CVVK4C\";fullname|s:12:\"Maria Becena\";email|s:21:\"mbecena@bellsouth.net\";phone|s:10:\"7862360387\";isLogIn|b:1;'
WHERE `id` = '5b71083795e3ee500d95dbc96e5276f82557a656';
UPDATE `user_registration` SET `popup_seen` = 'yes'
WHERE `user_id` = 'JHRDHS';
UPDATE `user_registration` SET `popup_seen` = 'yes'
WHERE `user_id` = 'JHRDHS';
UPDATE `user_registration` SET `popup_seen` = 'yes'
WHERE `user_id` = 'JHRDHS';
UPDATE `user_registration` SET `popup_seen` = 'yes'
WHERE `user_id` = 'JHRDHS';
UPDATE `ci_sessions` SET `timestamp` = 1753388556, `data` = '__ci_last_regenerate|i:1753388556;id|s:4:\"2071\";user_id|s:6:\"JHRDHS\";username|s:7:\"mbecena\";sponsor_id|s:6:\"CVVK4C\";fullname|s:12:\"Maria Becena\";email|s:21:\"mbecena@bellsouth.net\";phone|s:10:\"7862360387\";isLogIn|b:1;message|s:20:\"Welcome Maria Becena\";__ci_vars|a:1:{s:7:\"message\";s:3:\"old\";}'
WHERE `id` = '22a1a4ddd8cc6215282313ce80286525b5e2cdd4';
UPDATE `user_registration` SET `popup_seen` = 'yes'
WHERE `user_id` = 'JHRDHS';
UPDATE `user_registration` SET `popup_seen` = 'yes'
WHERE `user_id` = 'JHRDHS';
UPDATE `user_registration` SET `popup_seen` = 'yes'
WHERE `user_id` = 'JHRDHS';
UPDATE `ci_sessions` SET `timestamp` = 1753389073, `data` = '__ci_last_regenerate|i:1753389073;id|s:4:\"2071\";user_id|s:6:\"JHRDHS\";username|s:7:\"mbecena\";sponsor_id|s:6:\"CVVK4C\";fullname|s:12:\"Maria Becena\";email|s:21:\"mbecena@bellsouth.net\";phone|s:10:\"7862360387\";isLogIn|b:1;'
WHERE `id` = 'cd8fb5ea1ace58add2d55a39865d2d6554cb96c7';
UPDATE `user_registration` SET `popup_seen` = 'yes'
WHERE `user_id` = 'JHRDHS';
UPDATE `user_registration` SET `popup_seen` = 'yes'
WHERE `user_id` = 'JHRDHS';
INSERT INTO `login_history` (`user_id`, `device`, `ip_address`, `date`) VALUES ('4VE7D1', 'Mozilla/5.0 (iPhone; CPU iPhone OS 18_5 like Mac OS X) AppleWebKit/605.1.15 (KHTML, like Gecko) Version/18.5 Mobile/15E148 Safari/604.1', '2607:fb90:909f:43e9:adff:5cd2:9b29:c363', '25-07-24 15:39');
UPDATE `user_registration` SET `popup_seen` = 'yes'
WHERE `user_id` = '4VE7D1';
UPDATE `ci_sessions` SET `timestamp` = 1753389704, `data` = '__ci_last_regenerate|i:1753389704;id|s:4:\"2071\";user_id|s:6:\"JHRDHS\";username|s:7:\"mbecena\";sponsor_id|s:6:\"CVVK4C\";fullname|s:12:\"Maria Becena\";email|s:21:\"mbecena@bellsouth.net\";phone|s:10:\"7862360387\";isLogIn|b:1;'
WHERE `id` = '33c9c833aa15196c614b872381c6d543e3e73142';
UPDATE `user_registration` SET `popup_seen` = 'no'
WHERE `user_id` = 'JHRDHS';
DELETE FROM `ci_sessions`
WHERE `id` = '4ac0efd4df71059b91bb248e6327fd0e5950021c';
UPDATE `ci_sessions` SET `timestamp` = 1753389911, `data` = '__ci_last_regenerate|i:1753389911;captcha|s:4:\"d5yv\";'
WHERE `id` = 'a4a36280c32b4dc12c40e53b51a510edd749c4b4';
INSERT INTO `login_history` (`user_id`, `device`, `ip_address`, `date`) VALUES ('UQO7EQ', 'Mozilla/5.0 (Linux; Android 10; K) AppleWebKit/537.36 (KHTML, like Gecko) Chrome/135.0.0.0 Mobile Safari/537.36', '2607:fb91:2892:ccb2:ac39:be37:98f2:9130', '25-07-24 15:46');
UPDATE `user_registration` SET `popup_seen` = 'yes'
WHERE `user_id` = 'UQO7EQ';
UPDATE `user_registration` SET `popup_seen` = 'no'
WHERE `user_id` = 'UQO7EQ';
DELETE FROM `ci_sessions`
WHERE `id` = '03a3a8d56596ecb0158217451063e1d3e16bd4e1';
INSERT INTO `login_history` (`user_id`, `device`, `ip_address`, `date`) VALUES ('JIYOH4', 'Mozilla/5.0 (iPhone; CPU iPhone OS 18_5 like Mac OS X) AppleWebKit/605.1.15 (KHTML, like Gecko) Version/18.5 Mobile/15E148 Safari/604.1', '108.224.103.157', '25-07-24 15:47');
UPDATE `user_registration` SET `popup_seen` = 'yes'
WHERE `user_id` = 'JIYOH4';
INSERT INTO `login_history` (`user_id`, `device`, `ip_address`, `date`) VALUES ('2RSJNO', 'Mozilla/5.0 (iPhone; CPU iPhone OS 18_5_0 like Mac OS X) AppleWebKit/605.1.15 (KHTML, like Gecko) GSA/378.0.783859256 Mobile/15E148 Safari/604.1', '2607:fb91:ca9:7a7:155d:966:9607:4adb', '25-07-24 15:50');
UPDATE `user_registration` SET `popup_seen` = 'yes'
WHERE `user_id` = '2RSJNO';
UPDATE `ci_sessions` SET `timestamp` = 1753391398, `data` = '__ci_last_regenerate|i:1753391398;captcha|s:4:\"c9ky\";'
WHERE `id` = '7e7f4c6e9df026b5f24cc34b249d3d378130892a';
INSERT INTO `login_history` (`user_id`, `device`, `ip_address`, `date`) VALUES ('GTPJAP', 'Mozilla/5.0 (Macintosh; Intel Mac OS X 10_15_7) AppleWebKit/605.1.15 (KHTML, like Gecko) Version/17.6 Safari/605.1.15', '2600:1702:50d0:a580:d9de:d0da:1678:532d', '25-07-24 16:09');
UPDATE `user_registration` SET `popup_seen` = 'yes'
WHERE `user_id` = 'GTPJAP';
UPDATE `user_registration` SET `popup_seen` = 'no'
WHERE `user_id` = 'GTPJAP';
DELETE FROM `ci_sessions`
WHERE `id` = '7c4e5b007548abd509f2e06b75e95200034084aa';
UPDATE `user_registration` SET `popup_seen` = 'yes'
WHERE `user_id` = '4VB6SG';
UPDATE `user_registration` SET `popup_seen` = 'yes'
WHERE `user_id` = '4VB6SG';
INSERT INTO `login_history` (`user_id`, `device`, `ip_address`, `date`) VALUES ('46H8G2', 'Mozilla/5.0 (Macintosh; Intel Mac OS X 10_15_7) AppleWebKit/605.1.15 (KHTML, like Gecko) Version/17.6 Safari/605.1.15', '2601:58a:8b83:2f00:88ab:680a:ba7a:21f7', '25-07-24 16:21');
UPDATE `user_registration` SET `popup_seen` = 'yes'
WHERE `user_id` = '46H8G2';
UPDATE `ci_sessions` SET `timestamp` = 1753392517, `data` = '__ci_last_regenerate|i:1753392517;captcha|s:4:\"ypbk\";'
WHERE `id` = '6cf05cb4d98d6b2413434f622bc2813ef44555ce';
INSERT INTO `login_history` (`user_id`, `device`, `ip_address`, `date`) VALUES ('UQO7EQ', 'Mozilla/5.0 (Linux; Android 10; K) AppleWebKit/537.36 (KHTML, like Gecko) Chrome/135.0.0.0 Mobile Safari/537.36', '2607:fb91:2892:ccb2:ac39:be37:98f2:9130', '25-07-24 16:28');
UPDATE `user_registration` SET `popup_seen` = 'yes'
WHERE `user_id` = 'UQO7EQ';
UPDATE `user_registration` SET `popup_seen` = 'no'
WHERE `user_id` = 'UQO7EQ';
DELETE FROM `ci_sessions`
WHERE `id` = '842d33e12068afd79b969c6fedcaffbf1b634e54';
UPDATE `ci_sessions` SET `timestamp` = 1753392671, `data` = '__ci_last_regenerate|i:1753392671;'
WHERE `id` = 'cd101631a777ceedecc4c5f149b7926e5fa2982c';
UPDATE `user_registration` SET `popup_seen` = 'yes'
WHERE `user_id` = '4VB6SG';
UPDATE `user_registration` SET `default_leg` = 'auto'
WHERE `user_id` = '4VB6SG';
INSERT INTO `default_leg_history` (`user_id`, `old_leg`, `new_leg`, `date`) VALUES ('4VB6SG', 'right', 'auto', '2025-07-24 16:37:24');
UPDATE `user_registration` SET `popup_seen` = 'yes'
WHERE `user_id` = '4VB6SG';
UPDATE `user_registration` SET `default_leg` = 'right'
WHERE `user_id` = '4VB6SG';
INSERT INTO `default_leg_history` (`user_id`, `old_leg`, `new_leg`, `date`) VALUES ('4VB6SG', 'auto', 'right', '2025-07-24 16:38:36');
UPDATE `user_registration` SET `popup_seen` = 'yes'
WHERE `user_id` = '4VB6SG';
UPDATE `user_registration` SET `default_leg` = 'auto'
WHERE `user_id` = '4VB6SG';
INSERT INTO `default_leg_history` (`user_id`, `old_leg`, `new_leg`, `date`) VALUES ('4VB6SG', 'right', 'auto', '2025-07-24 16:39:44');
UPDATE `user_registration` SET `popup_seen` = 'yes'
WHERE `user_id` = '4VB6SG';
UPDATE `user_registration` SET `default_leg` = 'right'
WHERE `user_id` = '4VB6SG';
INSERT INTO `default_leg_history` (`user_id`, `old_leg`, `new_leg`, `date`) VALUES ('4VB6SG', 'auto', 'right', '2025-07-24 16:40:56');
UPDATE `ci_sessions` SET `timestamp` = 1753393268, `data` = '__ci_last_regenerate|i:1753393268;id|s:4:\"2387\";user_id|s:6:\"4VB6SG\";username|s:10:\"Rachel0515\";sponsor_id|s:6:\"4WVWXZ\";fullname|s:13:\"Rachel Zuniga\";email|s:32:\"rachelzuniga.insurance@gmail.com\";phone|s:10:\"7866204067\";isLogIn|b:1;message|s:38:\"Your default Leg Updated Successfully!\";__ci_vars|a:1:{s:7:\"message\";s:3:\"old\";}'
WHERE `id` = '2f4e2843b985bb53f136be2f1c78827d3de455f8';
UPDATE `user_registration` SET `popup_seen` = 'yes'
WHERE `user_id` = '4VB6SG';
UPDATE `ci_sessions` SET `timestamp` = 1753393574, `data` = '__ci_last_regenerate|i:1753393574;captcha|s:4:\"ro43\";'
WHERE `id` = '3cb4a009a720f08b4611bb0fefeb3f8a842d30ac';
INSERT INTO `login_history` (`user_id`, `device`, `ip_address`, `date`) VALUES ('UQO7EQ', 'Mozilla/5.0 (Linux; Android 10; K) AppleWebKit/537.36 (KHTML, like Gecko) Chrome/135.0.0.0 Mobile Safari/537.36', '2607:fb91:2892:ccb2:ac39:be37:98f2:9130', '25-07-24 16:46');
UPDATE `user_registration` SET `popup_seen` = 'yes'
WHERE `user_id` = 'UQO7EQ';
UPDATE `user_registration` SET `popup_seen` = 'no'
WHERE `user_id` = 'UQO7EQ';
DELETE FROM `ci_sessions`
WHERE `id` = 'aacd63271967de558be2dfd9f23bf5659d4d4e4f';
UPDATE `ci_sessions` SET `timestamp` = 1753393652, `data` = '__ci_last_regenerate|i:1753393652;id|s:4:\"2190\";user_id|s:6:\"2RSJNO\";username|s:8:\"yoel0221\";sponsor_id|s:6:\"QJ5U9C\";fullname|s:16:\"Yoel Ramos Gomez\";email|s:19:\"yoel21272@gmail.com\";phone|s:10:\"3053050150\";isLogIn|b:1;message|s:24:\"Welcome Yoel Ramos Gomez\";__ci_vars|a:1:{s:7:\"message\";s:3:\"old\";}'
WHERE `id` = '697585e7ab23e8aac8d2fa114256885c6463632a';
UPDATE `user_registration` SET `popup_seen` = 'yes'
WHERE `user_id` = '2RSJNO';
UPDATE `ci_sessions` SET `timestamp` = 1753393770, `data` = '__ci_last_regenerate|i:1753393770;id|s:4:\"2387\";user_id|s:6:\"4VB6SG\";username|s:10:\"Rachel0515\";sponsor_id|s:6:\"4WVWXZ\";fullname|s:13:\"Rachel Zuniga\";email|s:32:\"rachelzuniga.insurance@gmail.com\";phone|s:10:\"7866204067\";isLogIn|b:1;'
WHERE `id` = 'e500a629909909b231f55250d95214814c3f6375';
UPDATE `user_registration` SET `popup_seen` = 'yes'
WHERE `user_id` = '4VB6SG';
INSERT INTO `login_history` (`user_id`, `device`, `ip_address`, `date`) VALUES ('5UADRJ', 'Mozilla/5.0 (Macintosh; Intel Mac OS X 10_15_7) AppleWebKit/537.36 (KHTML, like Gecko) Chrome/128.0.0.0 Safari/537.36', '2600:1700:1cfc:8090:11fc:f70a:1bf9:fe5', '25-07-24 16:55');
UPDATE `user_registration` SET `popup_seen` = 'yes'
WHERE `user_id` = '5UADRJ';
UPDATE `user_registration` SET `popup_seen` = 'yes'
WHERE `user_id` = '5UADRJ';
UPDATE `ci_sessions` SET `timestamp` = 1753394679, `data` = '__ci_last_regenerate|i:1753394679;id|s:4:\"2387\";user_id|s:6:\"4VB6SG\";username|s:10:\"Rachel0515\";sponsor_id|s:6:\"4WVWXZ\";fullname|s:13:\"Rachel Zuniga\";email|s:32:\"rachelzuniga.insurance@gmail.com\";phone|s:10:\"7866204067\";isLogIn|b:1;'
WHERE `id` = '84de2799c191b6d5fd0f0a8ed318b9025a0d8223';
INSERT INTO `temp_register` (`post_data`, `date`, `payment_method`, `type`) VALUES ('{\"uid\":\"2491\",\"user_id\":\"53UN11\",\"username\":\"User123\",\"sponsor_id\":\"4VB6SG\",\"vacant\":\"no\",\"f_name\":\"Nombre\",\"l_name\":\"Apellido\",\"position\":\"right\",\"email\":\"email@gmail.com\",\"password\":\"bea91629bdc7d94dc27ccd9348074634\",\"phone\":\"7860000000\",\"country\":\"United States\",\"state\":\"Florida\",\"city\":\"Miami\",\"street\":\"11234 sw 2nd st\",\"zip_code\":\"33174\",\"reg_ip\":\"216.131.87.73\",\"status\":1,\"package_id\":\"2\",\"rank_id\":1,\"highest_rank\":1,\"cycle_rank_id\":1,\"user_type\":\"affiliate\",\"created\":\"2025-07-24 17:05:26\",\"subscription_date\":\"2025-08-24\",\"active_status\":\"yes\",\"google_secret\":\"X26JD46ROE6JP6GB\"}', '2025-07-24 17:05:26', 'stripe', 'register');
UPDATE `ci_sessions` SET `timestamp` = 1753394954, `data` = '__ci_last_regenerate|i:1753394954;id|s:4:\"2190\";user_id|s:6:\"2RSJNO\";username|s:8:\"yoel0221\";sponsor_id|s:6:\"QJ5U9C\";fullname|s:16:\"Yoel Ramos Gomez\";email|s:19:\"yoel21272@gmail.com\";phone|s:10:\"3053050150\";isLogIn|b:1;'
WHERE `id` = '230021f778e0e641ba99760dc93cf4acf584f681';
UPDATE `user_registration` SET `popup_seen` = 'yes'
WHERE `user_id` = '2RSJNO';
UPDATE `ci_sessions` SET `timestamp` = 1753395232, `data` = '__ci_last_regenerate|i:1753395232;id|s:4:\"2401\";user_id|s:6:\"5UADRJ\";username|s:8:\"calvarez\";sponsor_id|s:6:\"7GDBOU\";fullname|s:12:\"Cary Alvarez\";email|s:25:\"caryalvarez1962@yahoo.com\";phone|s:10:\"3057423178\";isLogIn|b:1;'
WHERE `id` = '0e1bd6e4ba131d02aa70fa02779b4a2daea09d37';
UPDATE `user_registration` SET `popup_seen` = 'yes'
WHERE `user_id` = '5UADRJ';
UPDATE `user_registration` SET `popup_seen` = 'yes'
WHERE `user_id` = '5UADRJ';
UPDATE `user_registration` SET `popup_seen` = 'no'
WHERE `user_id` = '5UADRJ';
DELETE FROM `ci_sessions`
WHERE `id` = 'ee469c5bf0ae7baf5e0b58752ef2aae11687abff';
UPDATE `ci_sessions` SET `timestamp` = 1753395639, `data` = '__ci_last_regenerate|i:1753395639;id|s:4:\"2387\";user_id|s:6:\"4VB6SG\";username|s:10:\"Rachel0515\";sponsor_id|s:6:\"4WVWXZ\";fullname|s:13:\"Rachel Zuniga\";email|s:32:\"rachelzuniga.insurance@gmail.com\";phone|s:10:\"7866204067\";isLogIn|b:1;reg_stripe_id|i:707;'
WHERE `id` = '4e67e78a5775356c883df48143f99b998d46ac2f';
INSERT INTO `temp_register` (`post_data`, `date`, `payment_method`, `type`) VALUES ('{\"uid\":\"2491\",\"user_id\":\"WMGR5R\",\"username\":\"Viajera2025\",\"sponsor_id\":\"4VB6SG\",\"vacant\":\"no\",\"f_name\":\"Ana\",\"l_name\":\"Perez\",\"position\":\"right\",\"email\":\"ejemplo@gmail.com\",\"password\":\"1d3dc0473fdc14906d19d8204bab6a90\",\"phone\":\"7865551234\",\"country\":\"United States\",\"state\":\"Alabama\",\"city\":\"Miami\",\"street\":\"1234 sw 8th St\",\"zip_code\":\"33135\",\"reg_ip\":\"216.131.87.73\",\"status\":1,\"package_id\":\"2\",\"rank_id\":1,\"highest_rank\":1,\"cycle_rank_id\":1,\"user_type\":\"affiliate\",\"created\":\"2025-07-24 17:20:40\",\"subscription_date\":\"2025-08-24\",\"active_status\":\"yes\",\"google_secret\":\"EMNG7XYI5NUGX7N4\"}', '2025-07-24 17:20:40', 'stripe', 'register');
UPDATE `ci_sessions` SET `timestamp` = 1753395770, `data` = '__ci_last_regenerate|i:1753395770;captcha|s:4:\"zr3s\";'
WHERE `id` = '15c068943232a82de0d2823b38752493b64f2f49';
INSERT INTO `login_history` (`user_id`, `device`, `ip_address`, `date`) VALUES ('SCC34I', 'Mozilla/5.0 (Macintosh; Intel Mac OS X 10_15_7) AppleWebKit/537.36 (KHTML, like Gecko) Chrome/128.0.0.0 Safari/537.36', '2600:1700:1cfc:8090:11fc:f70a:1bf9:fe5', '25-07-24 17:22');
UPDATE `user_registration` SET `popup_seen` = 'yes'
WHERE `user_id` = 'SCC34I';
UPDATE `user_registration` SET `popup_seen` = 'no'
WHERE `user_id` = 'SCC34I';
DELETE FROM `ci_sessions`
WHERE `id` = 'b7ee530d3161ed14e7e7ce07983c69e8f4614226';
INSERT INTO `login_history` (`user_id`, `device`, `ip_address`, `date`) VALUES ('H5E5WF', 'Mozilla/5.0 (Macintosh; Intel Mac OS X 10_15_7) AppleWebKit/537.36 (KHTML, like Gecko) Chrome/128.0.0.0 Safari/537.36', '2600:1700:1cfc:8090:11fc:f70a:1bf9:fe5', '25-07-24 17:24');
UPDATE `user_registration` SET `popup_seen` = 'yes'
WHERE `user_id` = 'H5E5WF';
UPDATE `user_registration` SET `popup_seen` = 'no'
WHERE `user_id` = 'H5E5WF';
DELETE FROM `ci_sessions`
WHERE `id` = '9f7972394ea78b4881bd25ffed676afd8fb9d601';
INSERT INTO `login_history` (`user_id`, `device`, `ip_address`, `date`) VALUES ('NTAGI6', 'Mozilla/5.0 (Macintosh; Intel Mac OS X 10_15_7) AppleWebKit/537.36 (KHTML, like Gecko) Chrome/128.0.0.0 Safari/537.36', '2600:1700:1cfc:8090:11fc:f70a:1bf9:fe5', '25-07-24 17:27');
UPDATE `user_registration` SET `popup_seen` = 'yes'
WHERE `user_id` = 'NTAGI6';
UPDATE `ci_sessions` SET `timestamp` = 1753396238, `data` = '__ci_last_regenerate|i:1753396238;id|s:4:\"2387\";user_id|s:6:\"4VB6SG\";username|s:10:\"Rachel0515\";sponsor_id|s:6:\"4WVWXZ\";fullname|s:13:\"Rachel Zuniga\";email|s:32:\"rachelzuniga.insurance@gmail.com\";phone|s:10:\"7866204067\";isLogIn|b:1;reg_stripe_id|i:708;'
WHERE `id` = '2fb2b2f93634b954082faa045c2e37c65fd0945c';
INSERT INTO `login_history` (`user_id`, `device`, `ip_address`, `date`) VALUES ('UQO7EQ', 'Mozilla/5.0 (Windows NT 10.0; Win64; x64) AppleWebKit/537.36 (KHTML, like Gecko) Chrome/138.0.0.0 Safari/537.36', '2601:58a:897c:3fd0:44b3:52ae:cbef:c191', '25-07-24 17:34');
UPDATE `user_registration` SET `popup_seen` = 'yes'
WHERE `user_id` = 'UQO7EQ';
UPDATE `user_registration` SET `popup_seen` = 'no'
WHERE `user_id` = 'UQO7EQ';
DELETE FROM `ci_sessions`
WHERE `id` = 'b422620018c53b9924577d5948b5e243e82a0b39';
INSERT INTO `login_history` (`user_id`, `device`, `ip_address`, `date`) VALUES ('UQO7EQ', 'Mozilla/5.0 (Windows NT 10.0; Win64; x64) AppleWebKit/537.36 (KHTML, like Gecko) Chrome/138.0.0.0 Safari/537.36', '2601:58a:897c:3fd0:44b3:52ae:cbef:c191', '25-07-24 17:36');
UPDATE `user_registration` SET `popup_seen` = 'yes'
WHERE `user_id` = 'UQO7EQ';
UPDATE `user_registration` SET `popup_seen` = 'no'
WHERE `user_id` = 'UQO7EQ';
DELETE FROM `ci_sessions`
WHERE `id` = '197a0cdae7cd460c856e4afdc14c65387bdcaab0';
UPDATE `ci_sessions` SET `timestamp` = 1753397018, `data` = '__ci_last_regenerate|i:1753397018;id|s:4:\"2387\";user_id|s:6:\"4VB6SG\";username|s:10:\"Rachel0515\";sponsor_id|s:6:\"4WVWXZ\";fullname|s:13:\"Rachel Zuniga\";email|s:32:\"rachelzuniga.insurance@gmail.com\";phone|s:10:\"7866204067\";isLogIn|b:1;reg_stripe_id|i:708;'
WHERE `id` = '324b554869ea6948b0f5ffa8ff01b43f722c17c4';
INSERT INTO `login_history` (`user_id`, `device`, `ip_address`, `date`) VALUES ('JIYOH4', 'Mozilla/5.0 (iPhone; CPU iPhone OS 18_5 like Mac OS X) AppleWebKit/605.1.15 (KHTML, like Gecko) Version/18.5 Mobile/15E148 Safari/604.1', '2600:1702:880:8fb0:dcb8:b31e:7f80:793', '25-07-24 17:59');
UPDATE `user_registration` SET `popup_seen` = 'yes'
WHERE `user_id` = 'JIYOH4';
INSERT INTO `login_history` (`user_id`, `device`, `ip_address`, `date`) VALUES ('G53DXI', 'Mozilla/5.0 (Macintosh; Intel Mac OS X 10_15_7) AppleWebKit/605.1.15 (KHTML, like Gecko) Version/18.5 Safari/605.1.15', '2601:586:d103:b90:844e:8add:c928:fbb', '25-07-24 18:03');
UPDATE `user_registration` SET `popup_seen` = 'yes'
WHERE `user_id` = 'G53DXI';
UPDATE `user_registration` SET `popup_seen` = 'yes'
WHERE `user_id` = 'JIYOH4';
UPDATE `ci_sessions` SET `timestamp` = 1753398227, `data` = '__ci_last_regenerate|i:1753398227;id|s:4:\"2403\";user_id|s:6:\"JIYOH4\";username|s:9:\"ikabemi70\";sponsor_id|s:6:\"JYZE9L\";fullname|s:12:\"Ramon Garcia\";email|s:19:\"ikabemi70@gmail.com\";phone|s:10:\"5613862231\";isLogIn|b:1;'
WHERE `id` = '7d539fbf28c02f510d396368c0718182d7dbe926';
UPDATE `ci_sessions` SET `timestamp` = 1753398351, `data` = '__ci_last_regenerate|i:1753398351;id|s:4:\"2419\";user_id|s:6:\"NTAGI6\";username|s:8:\"epardo91\";sponsor_id|s:6:\"5UADRJ\";fullname|s:15:\"Elizabeth Pardo\";email|s:27:\"elizabeth_pardo91@yahoo.com\";phone|s:10:\"7867041307\";isLogIn|b:1;message|s:23:\"Welcome Elizabeth Pardo\";__ci_vars|a:1:{s:7:\"message\";s:3:\"old\";}'
WHERE `id` = '3f7ddacd877d24017ff69d7dfc9a7b828e3cc848';
UPDATE `user_registration` SET `popup_seen` = 'no'
WHERE `user_id` = 'NTAGI6';
DELETE FROM `ci_sessions`
WHERE `id` = '29a74d29085c16f6b99d0691d5a5f7dad2b4ff36';
INSERT INTO `login_history` (`user_id`, `device`, `ip_address`, `date`) VALUES ('OMGB4G', 'Mozilla/5.0 (Linux; Android 10; K) AppleWebKit/537.36 (KHTML, like Gecko) Chrome/138.0.0.0 Safari/537.36', '2607:fb91:1908:ca6a:601c:6d4a:2e4d:81dd', '25-07-24 18:06');
UPDATE `user_registration` SET `popup_seen` = 'yes'
WHERE `user_id` = 'OMGB4G';
INSERT INTO `login_history` (`user_id`, `device`, `ip_address`, `date`) VALUES ('7GDBOU', 'Mozilla/5.0 (Macintosh; Intel Mac OS X 10_15_7) AppleWebKit/537.36 (KHTML, like Gecko) Chrome/128.0.0.0 Safari/537.36', '2600:1700:1cfc:8090:11fc:f70a:1bf9:fe5', '25-07-24 18:06');
UPDATE `user_registration` SET `popup_seen` = 'yes'
WHERE `user_id` = '7GDBOU';
UPDATE `user_registration` SET `popup_seen` = 'yes'
WHERE `user_id` = 'OMGB4G';
UPDATE `ci_sessions` SET `timestamp` = 1753398751, `data` = '__ci_last_regenerate|i:1753398751;id|s:4:\"2102\";user_id|s:6:\"OMGB4G\";username|s:8:\"Debora68\";sponsor_id|s:6:\"U7SMZ8\";fullname|s:11:\"Ania Debora\";email|s:21:\"aniadebora8@gmail.com\";phone|s:10:\"3057261484\";isLogIn|b:1;'
WHERE `id` = 'ccce54e163848a7805ca667d4d2d4e88d87ecc66';
UPDATE `user_registration` SET `popup_seen` = 'yes'
WHERE `user_id` = 'OMGB4G';
UPDATE `user_registration` SET `popup_seen` = 'yes'
WHERE `user_id` = 'OMGB4G';
UPDATE `user_registration` SET `popup_seen` = 'yes'
WHERE `user_id` = 'OMGB4G';
UPDATE `ci_sessions` SET `timestamp` = 1753399075, `data` = '__ci_last_regenerate|i:1753399075;id|s:4:\"2388\";user_id|s:6:\"7GDBOU\";username|s:9:\"navalos61\";sponsor_id|s:6:\"HRAFD3\";fullname|s:14:\"Narciso Avalos\";email|s:24:\"avalosnarciso@icloud.com\";phone|s:10:\"3057426704\";isLogIn|b:1;'
WHERE `id` = 'f0a38c9cbd0e098bd3f1c73b3805aef72942be3b';
UPDATE `ci_sessions` SET `timestamp` = 1753399284, `data` = '__ci_last_regenerate|i:1753399284;captcha|s:4:\"ixfc\";'
WHERE `id` = 'fd9f1febea732c7483068fb5a5d1af1ad2202557';
INSERT INTO `login_history` (`user_id`, `device`, `ip_address`, `date`) VALUES ('UQO7EQ', 'Mozilla/5.0 (Windows NT 10.0; Win64; x64) AppleWebKit/537.36 (KHTML, like Gecko) Chrome/138.0.0.0 Safari/537.36', '2601:58a:897c:3fd0:44b3:52ae:cbef:c191', '25-07-24 18:21');
UPDATE `user_registration` SET `popup_seen` = 'yes'
WHERE `user_id` = 'UQO7EQ';
UPDATE `user_registration` SET `popup_seen` = 'no'
WHERE `user_id` = 'UQO7EQ';
DELETE FROM `ci_sessions`
WHERE `id` = 'd5698fd6b1576745cc8864773c7fcab26ef5271a';
UPDATE `ci_sessions` SET `timestamp` = 1753399385, `data` = '__ci_last_regenerate|i:1753399385;id|s:4:\"2388\";user_id|s:6:\"7GDBOU\";username|s:9:\"navalos61\";sponsor_id|s:6:\"HRAFD3\";fullname|s:14:\"Narciso Avalos\";email|s:24:\"avalosnarciso@icloud.com\";phone|s:10:\"3057426704\";isLogIn|b:1;'
WHERE `id` = '16237ddcbfc035307aa8bc1e272e0c053407dc26';
UPDATE `ci_sessions` SET `timestamp` = 1753399715, `data` = '__ci_last_regenerate|i:1753399715;id|s:4:\"2388\";user_id|s:6:\"7GDBOU\";username|s:9:\"navalos61\";sponsor_id|s:6:\"HRAFD3\";fullname|s:14:\"Narciso Avalos\";email|s:24:\"avalosnarciso@icloud.com\";phone|s:10:\"3057426704\";isLogIn|b:1;'
WHERE `id` = 'ba53b5bc96e05d991f8a1e4fe817d9f6c914a942';
UPDATE `ci_sessions` SET `timestamp` = 1753400691, `data` = '__ci_last_regenerate|i:1753400691;captcha|s:4:\"hrkr\";'
WHERE `id` = '73c706dd894ec6f82756e4e7b7711ec5a502e18a';
INSERT INTO `login_history` (`user_id`, `device`, `ip_address`, `date`) VALUES ('UQO7EQ', 'Mozilla/5.0 (Windows NT 10.0; Win64; x64) AppleWebKit/537.36 (KHTML, like Gecko) Chrome/138.0.0.0 Safari/537.36', '2601:58a:897c:3fd0:44b3:52ae:cbef:c191', '25-07-24 18:44');
UPDATE `user_registration` SET `popup_seen` = 'yes'
WHERE `user_id` = 'UQO7EQ';
UPDATE `user_registration` SET `popup_seen` = 'no'
WHERE `user_id` = 'UQO7EQ';
DELETE FROM `ci_sessions`
WHERE `id` = '30bb3df7ab348a2ad5c3588feb28d42712b186cc';
UPDATE `user_registration` SET `popup_seen` = 'no'
WHERE `user_id` IS NULL;
DELETE FROM `ci_sessions`
WHERE `id` = '30bb3df7ab348a2ad5c3588feb28d42712b186cc';
INSERT INTO `login_history` (`user_id`, `device`, `ip_address`, `date`) VALUES ('OI3UR6', 'Mozilla/5.0 (Windows NT 10.0; Win64; x64) AppleWebKit/537.36 (KHTML, like Gecko) Chrome/138.0.0.0 Safari/537.36', '192.200.149.54', '25-07-24 18:50');
UPDATE `user_registration` SET `popup_seen` = 'yes'
WHERE `user_id` = 'OI3UR6';
UPDATE `ci_sessions` SET `timestamp` = 1753401419, `data` = '__ci_last_regenerate|i:1753401419;id|s:4:\"2403\";user_id|s:6:\"JIYOH4\";username|s:9:\"ikabemi70\";sponsor_id|s:6:\"JYZE9L\";fullname|s:12:\"Ramon Garcia\";email|s:19:\"ikabemi70@gmail.com\";phone|s:10:\"5613862231\";isLogIn|b:1;'
WHERE `id` = 'bbe5a6ae3de608c11ae6ac4ef1dc0d8265dfa810';
UPDATE `user_registration` SET `popup_seen` = 'yes'
WHERE `user_id` = 'JIYOH4';
UPDATE `user_registration` SET `popup_seen` = 'yes'
WHERE `user_id` = 'JIYOH4';
UPDATE `ci_sessions` SET `timestamp` = 1753401512, `data` = '__ci_last_regenerate|i:1753401512;id|s:4:\"2102\";user_id|s:6:\"OMGB4G\";username|s:8:\"Debora68\";sponsor_id|s:6:\"U7SMZ8\";fullname|s:11:\"Ania Debora\";email|s:21:\"aniadebora8@gmail.com\";phone|s:10:\"3057261484\";isLogIn|b:1;'
WHERE `id` = '46e3760b57c20cf11a03768b6264be369f2235fd';
UPDATE `user_registration` SET `popup_seen` = 'yes'
WHERE `user_id` = 'OMGB4G';
INSERT INTO `login_history` (`user_id`, `device`, `ip_address`, `date`) VALUES ('CM4JLT', 'Mozilla/5.0 (Windows NT 10.0; Win64; x64) AppleWebKit/537.36 (KHTML, like Gecko) Chrome/138.0.0.0 Safari/537.36', '192.200.149.54', '25-07-24 19:00');
UPDATE `user_registration` SET `popup_seen` = 'yes'
WHERE `user_id` = 'CM4JLT';
INSERT INTO `login_history` (`user_id`, `device`, `ip_address`, `date`) VALUES ('BV2MNJ', 'Mozilla/5.0 (Windows NT 10.0; Win64; x64) AppleWebKit/537.36 (KHTML, like Gecko) Chrome/138.0.0.0 Safari/537.36', '2600:1700:13a0:c080:78c8:2d9:628d:9d0b', '25-07-24 19:18');
UPDATE `user_registration` SET `popup_seen` = 'yes'
WHERE `user_id` = 'BV2MNJ';
INSERT INTO `temp_register` (`post_data`, `date`, `payment_method`, `type`) VALUES ('{\"user_id\":\"BV2MNJ\",\"card_id\":\"2\",\"card_cost\":\"50\",\"card_value\":\"50\",\"payment_option\":\"stripe\",\"date\":\"2025-07-24 19:19:42\"}', '2025-07-24 19:19:42', 'stripe', 'buy+top_up_card');
UPDATE `user_registration` SET `popup_seen` = 'no'
WHERE `user_id` = 'BV2MNJ';
DELETE FROM `ci_sessions`
WHERE `id` = '48d9449d36893d7fca290c2d6ed0636d636d713d';
INSERT INTO `login_history` (`user_id`, `device`, `ip_address`, `date`) VALUES ('BV2MNJ', 'Mozilla/5.0 (Windows NT 10.0; Win64; x64) AppleWebKit/537.36 (KHTML, like Gecko) Chrome/138.0.0.0 Safari/537.36', '2600:1700:13a0:c080:78c8:2d9:628d:9d0b', '25-07-24 19:22');
UPDATE `user_registration` SET `popup_seen` = 'yes'
WHERE `user_id` = 'BV2MNJ';
UPDATE `user_registration` SET `default_leg` = 'left'
WHERE `user_id` = 'BV2MNJ';
INSERT INTO `default_leg_history` (`user_id`, `old_leg`, `new_leg`, `date`) VALUES ('BV2MNJ', 'left', 'left', '2025-07-24 19:23:34');
UPDATE `ci_sessions` SET `timestamp` = 1753403532, `data` = '__ci_last_regenerate|i:1753403532;captcha|s:4:\"ezx2\";'
WHERE `id` = '1170e793ccd3a0ff3bb46ffbe13dc359c1c8b54b';
INSERT INTO `login_history` (`user_id`, `device`, `ip_address`, `date`) VALUES ('UQO7EQ', 'Mozilla/5.0 (Windows NT 10.0; Win64; x64) AppleWebKit/537.36 (KHTML, like Gecko) Chrome/138.0.0.0 Safari/537.36', '2601:58a:897c:3fd0:44b3:52ae:cbef:c191', '25-07-24 19:32');
UPDATE `user_registration` SET `popup_seen` = 'yes'
WHERE `user_id` = 'UQO7EQ';
UPDATE `user_registration` SET `popup_seen` = 'no'
WHERE `user_id` = 'UQO7EQ';
DELETE FROM `ci_sessions`
WHERE `id` = '886841fda76be35b1eed57ebbc1c798492696b20';
INSERT INTO `login_history` (`user_id`, `device`, `ip_address`, `date`) VALUES ('UQO7EQ', 'Mozilla/5.0 (Windows NT 10.0; Win64; x64) AppleWebKit/537.36 (KHTML, like Gecko) Chrome/138.0.0.0 Safari/537.36', '2601:58a:897c:3fd0:44b3:52ae:cbef:c191', '25-07-24 19:32');
UPDATE `user_registration` SET `popup_seen` = 'yes'
WHERE `user_id` = 'UQO7EQ';
UPDATE `ci_sessions` SET `timestamp` = 1753403618, `data` = '__ci_last_regenerate|i:1753403618;'
WHERE `id` = 'f18dfc80425b9d7d06081e19841faec1c24141db';
UPDATE `ci_sessions` SET `timestamp` = 1753403637, `data` = '__ci_last_regenerate|i:1753403637;id|s:4:\"2389\";user_id|s:6:\"BV2MNJ\";username|s:11:\"Favalos1973\";sponsor_id|s:6:\"7GDBOU\";fullname|s:12:\"Frank Avalos\";email|s:25:\"frankavalos1973@yahoo.com\";phone|s:10:\"9542755964\";isLogIn|b:1;message|s:38:\"Your default Leg Updated Successfully!\";__ci_vars|a:1:{s:7:\"message\";s:3:\"old\";}'
WHERE `id` = '52072339f89333834fa7e4245032b7774008d286';
UPDATE `user_registration` SET `popup_seen` = 'yes'
WHERE `user_id` = 'BV2MNJ';
UPDATE `ci_sessions` SET `timestamp` = 1753403893, `data` = '__ci_last_regenerate|i:1753403893;id|s:4:\"2042\";user_id|s:6:\"UQO7EQ\";username|s:6:\"Rafa51\";sponsor_id|s:6:\"N6GZAE\";fullname|s:16:\"Rafael Rodriguez\";email|s:18:\"rafagana@yahoo.com\";phone|s:10:\"3057610606\";isLogIn|b:1;'
WHERE `id` = '05b9c6d868e45ebe7425fdc868df461cb8a7b17d';
UPDATE `user_registration` SET `popup_seen` = 'yes'
WHERE `user_id` = 'UQO7EQ';
UPDATE `user_registration` SET `popup_seen` = 'no'
WHERE `user_id` = 'UQO7EQ';
DELETE FROM `ci_sessions`
WHERE `id` = 'da12715ab6cbe256d6eba8acf5e9aec3871ca73a';
UPDATE `ci_sessions` SET `timestamp` = 1753403975, `data` = '__ci_last_regenerate|i:1753403975;'
WHERE `id` = 'fdc622d206ed9c2ce8b35bb11d6059cf1df982a3';
UPDATE `ci_sessions` SET `timestamp` = 1753404313, `data` = '__ci_last_regenerate|i:1753404313;'
WHERE `id` = '536f2565b9f275856b1bbd8020639903d8487a02';
INSERT INTO `temp_register` (`post_data`, `date`, `payment_method`, `type`) VALUES ('{\"uid\":\"2491\",\"user_id\":\"967LJ4\",\"username\":\"David2025\",\"sponsor_id\":\"4VB6SG\",\"vacant\":\"no\",\"f_name\":\"David\",\"l_name\":\"Garcia\",\"position\":\"right\",\"email\":\"example@gmail.com\",\"password\":\"2a1e908133d1a72d8f6d8b7f729ace12\",\"phone\":\"7860000000\",\"country\":\"United States\",\"state\":\"Florida\",\"city\":\"Miami\",\"street\":\"1234 Sw 5th St\",\"zip_code\":\"33155\",\"reg_ip\":\"216.131.87.73\",\"status\":1,\"package_id\":\"2\",\"rank_id\":1,\"highest_rank\":1,\"cycle_rank_id\":1,\"user_type\":\"affiliate\",\"created\":\"2025-07-24 19:45:13\",\"subscription_date\":\"2025-08-24\",\"active_status\":\"yes\",\"google_secret\":\"KMXPIMORZOSPUUEU\"}', '2025-07-24 19:45:13', 'stripe', 'register');
UPDATE `ci_sessions` SET `timestamp` = 1753405036, `data` = '__ci_last_regenerate|i:1753405036;id|s:4:\"2389\";user_id|s:6:\"BV2MNJ\";username|s:11:\"Favalos1973\";sponsor_id|s:6:\"7GDBOU\";fullname|s:12:\"Frank Avalos\";email|s:25:\"frankavalos1973@yahoo.com\";phone|s:10:\"9542755964\";isLogIn|b:1;'
WHERE `id` = '2716f4eca4269183006f98e91d552925882a9f85';
UPDATE `user_registration` SET `popup_seen` = 'yes'
WHERE `user_id` = 'BV2MNJ';
UPDATE `ci_sessions` SET `timestamp` = 1753405375, `data` = '__ci_last_regenerate|i:1753405375;id|s:4:\"2102\";user_id|s:6:\"OMGB4G\";username|s:8:\"Debora68\";sponsor_id|s:6:\"U7SMZ8\";fullname|s:11:\"Ania Debora\";email|s:21:\"aniadebora8@gmail.com\";phone|s:10:\"3057261484\";isLogIn|b:1;'
WHERE `id` = '5fd0aa7952d30bd7ec87901bfe2b489a7c52d188';
UPDATE `user_registration` SET `popup_seen` = 'yes'
WHERE `user_id` = 'OMGB4G';
UPDATE `user_registration` SET `popup_seen` = 'yes'
WHERE `user_id` = 'OMGB4G';
INSERT INTO `login_history` (`user_id`, `device`, `ip_address`, `date`) VALUES ('UQO7EQ', 'Mozilla/5.0 (Linux; Android 10; K) AppleWebKit/537.36 (KHTML, like Gecko) Chrome/135.0.0.0 Mobile Safari/537.36', '2607:fb91:2892:ccb2:ac39:be37:98f2:9130', '25-07-24 20:25');
UPDATE `user_registration` SET `popup_seen` = 'yes'
WHERE `user_id` = 'UQO7EQ';
UPDATE `user_registration` SET `popup_seen` = 'no'
WHERE `user_id` = 'UQO7EQ';
DELETE FROM `ci_sessions`
WHERE `id` = '9f0036fa746aae5d04135758df849a211ac3dfcc';
UPDATE `ci_sessions` SET `timestamp` = 1753407199, `data` = '__ci_last_regenerate|i:1753407199;captcha|s:4:\"1ybm\";'
WHERE `id` = '2b9282b4ec44735138d5e3feae864a7e504a9caa';
INSERT INTO `login_history` (`user_id`, `device`, `ip_address`, `date`) VALUES ('UQO7EQ', 'Mozilla/5.0 (Linux; Android 10; K) AppleWebKit/537.36 (KHTML, like Gecko) Chrome/135.0.0.0 Mobile Safari/537.36', '2607:fb91:2892:ccb2:ac39:be37:98f2:9130', '25-07-24 20:33');
UPDATE `user_registration` SET `popup_seen` = 'yes'
WHERE `user_id` = 'UQO7EQ';
UPDATE `user_registration` SET `popup_seen` = 'no'
WHERE `user_id` = 'UQO7EQ';
DELETE FROM `ci_sessions`
WHERE `id` = 'fd9874d452974c1fc7991c3c83104b649bd239e2';
INSERT INTO `login_history` (`user_id`, `device`, `ip_address`, `date`) VALUES ('JHRDHS', 'Mozilla/5.0 (iPhone; CPU iPhone OS 18_5 like Mac OS X) AppleWebKit/605.1.15 (KHTML, like Gecko) Version/18.5 Mobile/15E148 Safari/604.1', '2600:1702:50d0:a580:9ae:4cee:c649:9b96', '25-07-24 20:34');
UPDATE `user_registration` SET `popup_seen` = 'yes'
WHERE `user_id` = 'JHRDHS';
UPDATE `ci_sessions` SET `timestamp` = 1753409020, `data` = '__ci_last_regenerate|i:1753409020;captcha|s:4:\"94k9\";'
WHERE `id` = '5c2b2d3793162958dde80a556c8a858aeef8eda9';
INSERT INTO `login_history` (`user_id`, `device`, `ip_address`, `date`) VALUES ('UQO7EQ', 'Mozilla/5.0 (Linux; Android 10; K) AppleWebKit/537.36 (KHTML, like Gecko) Chrome/135.0.0.0 Mobile Safari/537.36', '2607:fb91:2892:ccb2:ac39:be37:98f2:9130', '25-07-24 21:03');
UPDATE `user_registration` SET `popup_seen` = 'yes'
WHERE `user_id` = 'UQO7EQ';
UPDATE `user_registration` SET `popup_seen` = 'no'
WHERE `user_id` = 'UQO7EQ';
DELETE FROM `ci_sessions`
WHERE `id` = '5b6c7d150423b7a0cfcd59689699701d5f0bc20a';
INSERT INTO `login_history` (`user_id`, `device`, `ip_address`, `date`) VALUES ('5UADRJ', 'Mozilla/5.0 (Macintosh; Intel Mac OS X 10_15_7) AppleWebKit/605.1.15 (KHTML, like Gecko) Version/18.5 Safari/605.1.15', '2600:1700:1cfc:8090:594b:5613:ba0c:fb84', '25-07-24 21:05');
UPDATE `user_registration` SET `popup_seen` = 'yes'
WHERE `user_id` = '5UADRJ';
INSERT INTO `temp_register` (`post_data`, `date`, `payment_method`, `type`) VALUES ('{\"user_id\":\"5UADRJ\",\"card_id\":\"4\",\"card_cost\":\"150\",\"card_value\":\"150\",\"payment_option\":\"stripe\",\"date\":\"2025-07-24 21:07:55\"}', '2025-07-24 21:07:55', 'stripe', 'buy+top_up_card');
UPDATE `ci_sessions` SET `timestamp` = 1753409536, `data` = '__ci_last_regenerate|i:1753409536;id|s:4:\"2401\";user_id|s:6:\"5UADRJ\";username|s:8:\"calvarez\";sponsor_id|s:6:\"7GDBOU\";fullname|s:12:\"Cary Alvarez\";email|s:25:\"caryalvarez1962@yahoo.com\";phone|s:10:\"3057423178\";isLogIn|b:1;reg_stripe_id|i:711;'
WHERE `id` = 'aa9cbcfaa76182d02e8f30f78a161472679c5fa2';
UPDATE `temp_register` SET `response` = '{\"stripeToken\":\"tok_1Rob7J2NUoYUjiuu6wy0v4fe\",\"stripeTokenType\":\"card\",\"stripeEmail\":\"caryalvarez1962@yahoo.com\"}', `date_modified` = '2025-07-24 21:12:18', `payment_status` = '{\"id\":\"ch_3Rob7N2NUoYUjiuu1XkOzQP2\",\"object\":\"charge\",\"amount\":15000,\"amount_captured\":15000,\"amount_refunded\":0,\"application\":null,\"application_fee\":null,\"application_fee_amount\":null,\"balance_transaction\":\"txn_3Rob7N2NUoYUjiuu1suvE0dE\",\"billing_details\":{\"address\":{\"city\":null,\"country\":null,\"line1\":null,\"line2\":null,\"postal_code\":null,\"state\":null},\"email\":null,\"name\":\"caryalvarez1962@yahoo.com\",\"phone\":null,\"tax_id\":null},\"calculated_statement_descriptor\":\"TRAVELEGENDCY LLC\",\"captured\":true,\"created\":1753409537,\"currency\":\"usd\",\"customer\":\"cus_Sk5H3XNOAUV8Ao\",\"description\":null,\"destination\":null,\"dispute\":null,\"disputed\":false,\"failure_balance_transaction\":null,\"failure_code\":null,\"failure_message\":null,\"fraud_details\":[],\"invoice\":null,\"livemode\":true,\"metadata\":[],\"on_behalf_of\":null,\"order\":null,\"outcome\":{\"advice_code\":null,\"network_advice_code\":null,\"network_decline_code\":null,\"network_status\":\"approved_by_network\",\"reason\":null,\"risk_level\":\"normal\",\"seller_message\":\"Payment complete.\",\"type\":\"authorized\"},\"paid\":true,\"payment_intent\":null,\"payment_method\":\"card_1Rob7J2NUoYUjiuuG06SWO7O\",\"payment_method_details\":{\"card\":{\"amount_authorized\":15000,\"authorization_code\":\"06547C\",\"brand\":\"visa\",\"checks\":{\"address_line1_check\":null,\"address_postal_code_check\":null,\"cvc_check\":\"pass\"},\"country\":\"US\",\"exp_month\":3,\"exp_year\":2030,\"extended_authorization\":{\"status\":\"disabled\"},\"fingerprint\":\"2NRTqdEBrf26LRJ2\",\"funding\":\"credit\",\"incremental_authorization\":{\"status\":\"unavailable\"},\"installments\":null,\"last4\":\"0445\",\"mandate\":null,\"multicapture\":{\"status\":\"unavailable\"},\"network\":\"visa\",\"network_token\":{\"used\":false},\"network_transaction_id\":\"585206079387764\",\"overcapture\":{\"maximum_amount_capturable\":15000,\"status\":\"unavailable\"},\"regulated_status\":\"unregulated\",\"three_d_secure\":null,\"wallet\":null},\"type\":\"card\"},\"receipt_email\":null,\"receipt_number\":null,\"receipt_url\":\"https:\\/\\/pay.stripe.com\\/receipts\\/payment\\/CAcQARoXChVhY2N0XzFRUEFGdjJOVW9ZVWppdXUogtCLxAYyBnOYAzmLGjosFtrhrPzfr0dg-LMECAO593QYp5-QQBexr9EfKYMFs31Lj935dzWGaV3Dohc\",\"refunded\":false,\"review\":null,\"shipping\":null,\"source\":{\"id\":\"card_1Rob7J2NUoYUjiuuG06SWO7O\",\"object\":\"card\",\"address_city\":null,\"address_country\":null,\"address_line1\":null,\"address_line1_check\":null,\"address_line2\":null,\"address_state\":null,\"address_zip\":null,\"address_zip_check\":null,\"allow_redisplay\":\"unspecified\",\"brand\":\"Visa\",\"country\":\"US\",\"customer\":\"cus_Sk5H3XNOAUV8Ao\",\"cvc_check\":\"pass\",\"dynamic_last4\":null,\"exp_month\":3,\"exp_year\":2030,\"fingerprint\":\"2NRTqdEBrf26LRJ2\",\"funding\":\"credit\",\"last4\":\"0445\",\"metadata\":[],\"name\":\"caryalvarez1962@yahoo.com\",\"regulated_status\":\"unregulated\",\"tokenization_method\":null,\"wallet\":null},\"source_transfer\":null,\"statement_descriptor\":null,\"statement_descriptor_suffix\":null,\"status\":\"succeeded\",\"transfer_data\":null,\"transfer_group\":null}'
WHERE `id` = 711;
INSERT INTO `card_purchase_history` (`user_id`, `card_id`, `card_cost`, `card_value`, `payment_option`, `date`) VALUES ('5UADRJ', '4', '150', '150', 'stripe', '2025-07-24 21:07:55');
UPDATE `user_registration` SET commission_balance = ROUND(commission_balance + 150,2)
WHERE `user_id` = '5UADRJ';
UPDATE `ci_sessions` SET `timestamp` = 1753409853, `data` = '__ci_last_regenerate|i:1753409853;id|s:4:\"2401\";user_id|s:6:\"5UADRJ\";username|s:8:\"calvarez\";sponsor_id|s:6:\"7GDBOU\";fullname|s:12:\"Cary Alvarez\";email|s:25:\"caryalvarez1962@yahoo.com\";phone|s:10:\"3057423178\";isLogIn|b:1;reg_stripe_id|i:711;'
WHERE `id` = '605b10b036c1a4c99cbf70b515db5fe32c57d61d';
UPDATE `ci_sessions` SET `timestamp` = 1753410343, `data` = '__ci_last_regenerate|i:1753410343;captcha|s:4:\"hddh\";'
WHERE `id` = '8239e3371bd86ea51bb6a7d770d5129de52e903c';
INSERT INTO `login_history` (`user_id`, `device`, `ip_address`, `date`) VALUES ('UQO7EQ', 'Mozilla/5.0 (Windows NT 10.0; Win64; x64) AppleWebKit/537.36 (KHTML, like Gecko) Chrome/138.0.0.0 Safari/537.36', '2601:58a:897c:3fd0:44b3:52ae:cbef:c191', '25-07-24 21:25');
UPDATE `user_registration` SET `popup_seen` = 'yes'
WHERE `user_id` = 'UQO7EQ';
UPDATE `user_registration` SET `popup_seen` = 'no'
WHERE `user_id` = 'UQO7EQ';
DELETE FROM `ci_sessions`
WHERE `id` = '58eeb949fb71dbf11a4ea7ced9208565c93d9957';
INSERT INTO `login_history` (`user_id`, `device`, `ip_address`, `date`) VALUES ('JIYOH4', 'Mozilla/5.0 (iPhone; CPU iPhone OS 18_5 like Mac OS X) AppleWebKit/605.1.15 (KHTML, like Gecko) Version/18.5 Mobile/15E148 Safari/604.1', '2600:1702:880:8fb0:d006:fdee:186a:e39b', '25-07-24 22:50');
UPDATE `user_registration` SET `popup_seen` = 'yes'
WHERE `user_id` = 'JIYOH4';
INSERT INTO `login_history` (`user_id`, `device`, `ip_address`, `date`) VALUES ('JHRDHS', 'Mozilla/5.0 (Macintosh; Intel Mac OS X 10_15_7) AppleWebKit/605.1.15 (KHTML, like Gecko) Version/17.6 Safari/605.1.15', '2600:1702:50d0:a580:d9de:d0da:1678:532d', '25-07-24 22:55');
UPDATE `user_registration` SET `popup_seen` = 'yes'
WHERE `user_id` = 'JHRDHS';
UPDATE `ci_sessions` SET `timestamp` = 1753415967, `data` = '__ci_last_regenerate|i:1753415967;id|s:4:\"2071\";user_id|s:6:\"JHRDHS\";username|s:7:\"mbecena\";sponsor_id|s:6:\"CVVK4C\";fullname|s:12:\"Maria Becena\";email|s:21:\"mbecena@bellsouth.net\";phone|s:10:\"7862360387\";isLogIn|b:1;'
WHERE `id` = 'a91e5645fe6ebaf3cb1b24a0c5531fb2bd2be513';
INSERT INTO `login_history` (`user_id`, `device`, `ip_address`, `date`) VALUES ('UQO7EQ', 'Mozilla/5.0 (Linux; Android 10; K) AppleWebKit/537.36 (KHTML, like Gecko) Chrome/135.0.0.0 Mobile Safari/537.36', '2607:fb91:2892:ccb2:ac39:be37:98f2:9130', '25-07-24 23:33');
UPDATE `user_registration` SET `popup_seen` = 'yes'
WHERE `user_id` = 'UQO7EQ';
INSERT INTO `cron_job_history` (`name`, `date_started`, `status`) VALUES ('backup', '2025-07-25 00:00:01', 'started');
UPDATE `cron_job_history` SET `status` = 'done', `date_end` = '2025-07-25 00:00:02'
WHERE `id` = 535;
INSERT INTO `cron_job_history` (`name`, `date_started`, `status`) VALUES ('deduct_sub_amt_from_ewallet', '2025-07-25 00:05:01', 'started');
UPDATE `user_registration` SET `sub_point` = 0, `active_status` = 'no'
WHERE `user_id` = '35H9RV';
INSERT INTO `inactive_history` (`user_id`, `commission_balance`, `amount`, `date`) VALUES ('35H9RV', '97.5', '150', '2025-07-25 00:05:01');
UPDATE `user_registration` SET `sub_point` = 0, `active_status` = 'no'
WHERE `user_id` = '44B9Y4';
INSERT INTO `inactive_history` (`user_id`, `commission_balance`, `amount`, `date`) VALUES ('44B9Y4', '50', '150', '2025-07-25 00:05:02');
UPDATE `user_registration` SET `sub_point` = 0, `active_status` = 'no'
WHERE `user_id` = 'SJBNYJ';
INSERT INTO `inactive_history` (`user_id`, `commission_balance`, `amount`, `date`) VALUES ('SJBNYJ', '50', '150', '2025-07-25 00:05:03');
UPDATE `user_registration` SET `sub_point` = 0, `active_status` = 'no'
WHERE `user_id` = '45E8V2';
INSERT INTO `inactive_history` (`user_id`, `commission_balance`, `amount`, `date`) VALUES ('45E8V2', '50', '150', '2025-07-25 00:05:03');
UPDATE `user_registration` SET `sub_point` = 0, `active_status` = 'no'
WHERE `user_id` = 'H2HQC8';
INSERT INTO `inactive_history` (`user_id`, `commission_balance`, `amount`, `date`) VALUES ('H2HQC8', '110', '150', '2025-07-25 00:05:04');
UPDATE `user_registration` SET `sub_point` = 0, `active_status` = 'no'
WHERE `user_id` = 'XVTJOY';
INSERT INTO `inactive_history` (`user_id`, `commission_balance`, `amount`, `date`) VALUES ('XVTJOY', '100', '150', '2025-07-25 00:05:04');
UPDATE `user_registration` SET `sub_point` = 0, `active_status` = 'no'
WHERE `user_id` = '4E1CRI';
INSERT INTO `inactive_history` (`user_id`, `commission_balance`, `amount`, `date`) VALUES ('4E1CRI', '100', '150', '2025-07-25 00:05:04');
UPDATE `user_registration` SET `sub_point` = 0, `active_status` = 'no'
WHERE `user_id` = 'PBFKSY';
INSERT INTO `inactive_history` (`user_id`, `commission_balance`, `amount`, `date`) VALUES ('PBFKSY', '0', '150', '2025-07-25 00:05:05');
UPDATE `user_registration` SET `sub_point` = 0, `active_status` = 'no'
WHERE `user_id` = 'R37QLI';
INSERT INTO `inactive_history` (`user_id`, `commission_balance`, `amount`, `date`) VALUES ('R37QLI', '80', '150', '2025-07-25 00:05:05');
UPDATE `user_registration` SET `sub_point` = 0, `active_status` = 'no'
WHERE `user_id` = 'Q6D63V';
INSERT INTO `inactive_history` (`user_id`, `commission_balance`, `amount`, `date`) VALUES ('Q6D63V', '100', '150', '2025-07-25 00:05:06');
UPDATE `user_registration` SET `sub_point` = 0, `active_status` = 'no'
WHERE `user_id` = 'Q834IS';
INSERT INTO `inactive_history` (`user_id`, `commission_balance`, `amount`, `date`) VALUES ('Q834IS', '0', '50', '2025-07-25 00:05:06');
UPDATE `user_registration` SET `sub_point` = 0, `active_status` = 'no'
WHERE `user_id` = 'PKHRN5';
INSERT INTO `inactive_history` (`user_id`, `commission_balance`, `amount`, `date`) VALUES ('PKHRN5', '28', '50', '2025-07-25 00:05:07');
UPDATE `user_registration` SET `sub_point` = 0, `active_status` = 'no'
WHERE `user_id` = 'MT8QJF';
INSERT INTO `inactive_history` (`user_id`, `commission_balance`, `amount`, `date`) VALUES ('MT8QJF', '0', '150', '2025-07-25 00:05:07');
UPDATE `user_registration` SET `sub_point` = 0, `active_status` = 'no'
WHERE `user_id` = 'OWF3OA';
INSERT INTO `inactive_history` (`user_id`, `commission_balance`, `amount`, `date`) VALUES ('OWF3OA', '0', '150', '2025-07-25 00:05:07');
UPDATE `user_registration` SET `sub_point` = 0, `active_status` = 'no'
WHERE `user_id` = 'HUDVJU';
INSERT INTO `inactive_history` (`user_id`, `commission_balance`, `amount`, `date`) VALUES ('HUDVJU', '30', '50', '2025-07-25 00:05:08');
UPDATE `user_registration` SET `sub_point` = 0, `active_status` = 'no'
WHERE `user_id` = 'IEVPMD';
INSERT INTO `inactive_history` (`user_id`, `commission_balance`, `amount`, `date`) VALUES ('IEVPMD', '0', '150', '2025-07-25 00:05:08');
UPDATE `user_registration` SET `sub_point` = 0, `active_status` = 'no'
WHERE `user_id` = 'K55EDD';
INSERT INTO `inactive_history` (`user_id`, `commission_balance`, `amount`, `date`) VALUES ('K55EDD', '0', '150', '2025-07-25 00:05:09');
UPDATE `user_registration` SET `sub_point` = 0, `active_status` = 'no'
WHERE `user_id` = 'CVVK4C';
INSERT INTO `inactive_history` (`user_id`, `commission_balance`, `amount`, `date`) VALUES ('CVVK4C', '0', '150', '2025-07-25 00:05:09');
UPDATE `user_registration` SET `sub_point` = 0, `active_status` = 'no'
WHERE `user_id` = 'HQTCGF';
INSERT INTO `inactive_history` (`user_id`, `commission_balance`, `amount`, `date`) VALUES ('HQTCGF', '0', '150', '2025-07-25 00:05:09');
UPDATE `user_registration` SET `sub_point` = 0, `active_status` = 'no'
WHERE `user_id` = 'L2MNP5';
INSERT INTO `inactive_history` (`user_id`, `commission_balance`, `amount`, `date`) VALUES ('L2MNP5', '0', '150', '2025-07-25 00:05:10');
UPDATE `user_registration` SET `sub_point` = 0, `active_status` = 'no'
WHERE `user_id` = 'U7SMZ8';
INSERT INTO `inactive_history` (`user_id`, `commission_balance`, `amount`, `date`) VALUES ('U7SMZ8', '0', '150', '2025-07-25 00:05:10');
UPDATE `user_registration` SET `sub_point` = 0, `active_status` = 'no'
WHERE `user_id` = 'PUJNHI';
INSERT INTO `inactive_history` (`user_id`, `commission_balance`, `amount`, `date`) VALUES ('PUJNHI', '40', '150', '2025-07-25 00:05:11');
UPDATE `user_registration` SET `sub_point` = 0, `active_status` = 'no'
WHERE `user_id` = 'WC5BL7';
INSERT INTO `inactive_history` (`user_id`, `commission_balance`, `amount`, `date`) VALUES ('WC5BL7', '0', '50', '2025-07-25 00:05:11');
UPDATE `user_registration` SET `sub_point` = 0, `active_status` = 'no'
WHERE `user_id` = 'W17SG2';
INSERT INTO `inactive_history` (`user_id`, `commission_balance`, `amount`, `date`) VALUES ('W17SG2', '0', '150', '2025-07-25 00:05:11');
UPDATE `user_registration` SET `sub_point` = 0, `active_status` = 'no'
WHERE `user_id` = 'PR92IO';
INSERT INTO `inactive_history` (`user_id`, `commission_balance`, `amount`, `date`) VALUES ('PR92IO', '0', '50', '2025-07-25 00:05:12');
UPDATE `user_registration` SET `sub_point` = 0, `active_status` = 'no'
WHERE `user_id` = 'UTF7YN';
INSERT INTO `inactive_history` (`user_id`, `commission_balance`, `amount`, `date`) VALUES ('UTF7YN', '0', '150', '2025-07-25 00:05:12');
UPDATE `user_registration` SET `sub_point` = 0, `active_status` = 'no'
WHERE `user_id` = 'JIL8K9';
INSERT INTO `inactive_history` (`user_id`, `commission_balance`, `amount`, `date`) VALUES ('JIL8K9', '20', '150', '2025-07-25 00:05:13');
UPDATE `user_registration` SET `sub_point` = 0, `active_status` = 'no'
WHERE `user_id` = 'XHO8CJ';
INSERT INTO `inactive_history` (`user_id`, `commission_balance`, `amount`, `date`) VALUES ('XHO8CJ', '0', '150', '2025-07-25 00:05:13');
UPDATE `user_registration` SET `sub_point` = 0, `active_status` = 'no'
WHERE `user_id` = 'L8NRSC';
INSERT INTO `inactive_history` (`user_id`, `commission_balance`, `amount`, `date`) VALUES ('L8NRSC', '50', '150', '2025-07-25 00:05:13');
UPDATE `user_registration` SET `sub_point` = 0, `active_status` = 'no'
WHERE `user_id` = '6H3N98';
INSERT INTO `inactive_history` (`user_id`, `commission_balance`, `amount`, `date`) VALUES ('6H3N98', '100', '150', '2025-07-25 00:05:13');
UPDATE `user_registration` SET `sub_point` = 0, `active_status` = 'no'
WHERE `user_id` = 'HP6YP2';
INSERT INTO `inactive_history` (`user_id`, `commission_balance`, `amount`, `date`) VALUES ('HP6YP2', '50', '150', '2025-07-25 00:05:14');
UPDATE `user_registration` SET `sub_point` = 0, `active_status` = 'no'
WHERE `user_id` = '8RVNYT';
INSERT INTO `inactive_history` (`user_id`, `commission_balance`, `amount`, `date`) VALUES ('8RVNYT', '0', '150', '2025-07-25 00:05:14');
UPDATE `user_registration` SET `sub_point` = 0, `active_status` = 'no'
WHERE `user_id` = 'K8DXP2';
INSERT INTO `inactive_history` (`user_id`, `commission_balance`, `amount`, `date`) VALUES ('K8DXP2', '0', '150', '2025-07-25 00:05:14');
UPDATE `user_registration` SET `sub_point` = 0, `active_status` = 'no'
WHERE `user_id` = 'BD2ZLC';
INSERT INTO `inactive_history` (`user_id`, `commission_balance`, `amount`, `date`) VALUES ('BD2ZLC', '100', '150', '2025-07-25 00:05:15');
UPDATE `user_registration` SET `sub_point` = 0, `active_status` = 'no'
WHERE `user_id` = '2MBPZI';
INSERT INTO `inactive_history` (`user_id`, `commission_balance`, `amount`, `date`) VALUES ('2MBPZI', '0', '150', '2025-07-25 00:05:15');
UPDATE `user_registration` SET `sub_point` = 0, `active_status` = 'no'
WHERE `user_id` = 'XXI66Z';
INSERT INTO `inactive_history` (`user_id`, `commission_balance`, `amount`, `date`) VALUES ('XXI66Z', '0', '150', '2025-07-25 00:05:15');
UPDATE `user_registration` SET `sub_point` = 0, `active_status` = 'no'
WHERE `user_id` = 'Q82ZV9';
INSERT INTO `inactive_history` (`user_id`, `commission_balance`, `amount`, `date`) VALUES ('Q82ZV9', '20', '50', '2025-07-25 00:05:15');
UPDATE `user_registration` SET `sub_point` = 0, `active_status` = 'no'
WHERE `user_id` = 'IWTOLP';
INSERT INTO `inactive_history` (`user_id`, `commission_balance`, `amount`, `date`) VALUES ('IWTOLP', '0', '50', '2025-07-25 00:05:16');
UPDATE `user_registration` SET `sub_point` = 0, `active_status` = 'no'
WHERE `user_id` = '9QPRWH';
INSERT INTO `inactive_history` (`user_id`, `commission_balance`, `amount`, `date`) VALUES ('9QPRWH', '0', '150', '2025-07-25 00:05:16');
UPDATE `user_registration` SET `sub_point` = 0, `active_status` = 'no'
WHERE `user_id` = 'LBY7TN';
INSERT INTO `inactive_history` (`user_id`, `commission_balance`, `amount`, `date`) VALUES ('LBY7TN', '0', '150', '2025-07-25 00:05:16');
UPDATE `user_registration` SET `sub_point` = 0, `active_status` = 'no'
WHERE `user_id` = 'WDEXJT';
INSERT INTO `inactive_history` (`user_id`, `commission_balance`, `amount`, `date`) VALUES ('WDEXJT', '0', '150', '2025-07-25 00:05:17');
UPDATE `user_registration` SET `sub_point` = 0, `active_status` = 'no'
WHERE `user_id` = '78UOV5';
INSERT INTO `inactive_history` (`user_id`, `commission_balance`, `amount`, `date`) VALUES ('78UOV5', '0', '50', '2025-07-25 00:05:17');
UPDATE `user_registration` SET `sub_point` = 0, `active_status` = 'no'
WHERE `user_id` = '8D7CNL';
INSERT INTO `inactive_history` (`user_id`, `commission_balance`, `amount`, `date`) VALUES ('8D7CNL', '100', '150', '2025-07-25 00:05:17');
UPDATE `user_registration` SET `sub_point` = 0, `active_status` = 'no'
WHERE `user_id` = 'UJXP99';
INSERT INTO `inactive_history` (`user_id`, `commission_balance`, `amount`, `date`) VALUES ('UJXP99', '0', '50', '2025-07-25 00:05:18');
UPDATE `user_registration` SET `sub_point` = 0, `active_status` = 'no'
WHERE `user_id` = 'L268VW';
INSERT INTO `inactive_history` (`user_id`, `commission_balance`, `amount`, `date`) VALUES ('L268VW', '0', '50', '2025-07-25 00:05:18');
UPDATE `user_registration` SET `sub_point` = 0, `active_status` = 'no'
WHERE `user_id` = 'UVJ6L9';
INSERT INTO `inactive_history` (`user_id`, `commission_balance`, `amount`, `date`) VALUES ('UVJ6L9', '0', '50', '2025-07-25 00:05:18');
UPDATE `user_registration` SET `sub_point` = 0, `active_status` = 'no'
WHERE `user_id` = 'T2U73Q';
INSERT INTO `inactive_history` (`user_id`, `commission_balance`, `amount`, `date`) VALUES ('T2U73Q', '0', '50', '2025-07-25 00:05:18');
UPDATE `user_registration` SET `sub_point` = 0, `active_status` = 'no'
WHERE `user_id` = 'ULHSH2';
INSERT INTO `inactive_history` (`user_id`, `commission_balance`, `amount`, `date`) VALUES ('ULHSH2', '0', '150', '2025-07-25 00:05:19');
UPDATE `user_registration` SET `sub_point` = 0, `active_status` = 'no'
WHERE `user_id` = 'UT8WM5';
INSERT INTO `inactive_history` (`user_id`, `commission_balance`, `amount`, `date`) VALUES ('UT8WM5', '100', '150', '2025-07-25 00:05:19');
UPDATE `user_registration` SET `sub_point` = 0, `active_status` = 'no'
WHERE `user_id` = 'H1XYDK';
INSERT INTO `inactive_history` (`user_id`, `commission_balance`, `amount`, `date`) VALUES ('H1XYDK', '0', '50', '2025-07-25 00:05:19');
UPDATE `user_registration` SET `sub_point` = 0, `active_status` = 'no'
WHERE `user_id` = '3UFB1M';
INSERT INTO `inactive_history` (`user_id`, `commission_balance`, `amount`, `date`) VALUES ('3UFB1M', '100', '150', '2025-07-25 00:05:20');
UPDATE `user_registration` SET `sub_point` = 0, `active_status` = 'no'
WHERE `user_id` = '72W7M6';
INSERT INTO `inactive_history` (`user_id`, `commission_balance`, `amount`, `date`) VALUES ('72W7M6', '0', '50', '2025-07-25 00:05:20');
UPDATE `user_registration` SET `sub_point` = 0, `active_status` = 'no'
WHERE `user_id` = '8PK4HK';
INSERT INTO `inactive_history` (`user_id`, `commission_balance`, `amount`, `date`) VALUES ('8PK4HK', '0', '150', '2025-07-25 00:05:20');
UPDATE `user_registration` SET `sub_point` = 0, `active_status` = 'no'
WHERE `user_id` = 'LEOFNI';
INSERT INTO `inactive_history` (`user_id`, `commission_balance`, `amount`, `date`) VALUES ('LEOFNI', '0', '150', '2025-07-25 00:05:20');
UPDATE `user_registration` SET `sub_point` = 0, `active_status` = 'no'
WHERE `user_id` = '75X85X';
INSERT INTO `inactive_history` (`user_id`, `commission_balance`, `amount`, `date`) VALUES ('75X85X', '0', '50', '2025-07-25 00:05:21');
UPDATE `user_registration` SET `sub_point` = 0, `active_status` = 'no'
WHERE `user_id` = 'UC1QRN';
INSERT INTO `inactive_history` (`user_id`, `commission_balance`, `amount`, `date`) VALUES ('UC1QRN', '0', '150', '2025-07-25 00:05:21');
UPDATE `user_registration` SET `sub_point` = 0, `active_status` = 'no'
WHERE `user_id` = '7YU16B';
INSERT INTO `inactive_history` (`user_id`, `commission_balance`, `amount`, `date`) VALUES ('7YU16B', '0', '50', '2025-07-25 00:05:21');
UPDATE `user_registration` SET `sub_point` = 0, `active_status` = 'no'
WHERE `user_id` = 'OEM6F6';
INSERT INTO `inactive_history` (`user_id`, `commission_balance`, `amount`, `date`) VALUES ('OEM6F6', '0', '50', '2025-07-25 00:05:21');
UPDATE `user_registration` SET `sub_point` = 0, `active_status` = 'no'
WHERE `user_id` = 'TU7MHD';
INSERT INTO `inactive_history` (`user_id`, `commission_balance`, `amount`, `date`) VALUES ('TU7MHD', '100', '150', '2025-07-25 00:05:22');
UPDATE `user_registration` SET `sub_point` = 0, `active_status` = 'no'
WHERE `user_id` = '7BQJK5';
INSERT INTO `inactive_history` (`user_id`, `commission_balance`, `amount`, `date`) VALUES ('7BQJK5', '20', '150', '2025-07-25 00:05:22');
UPDATE `user_registration` SET commission_balance = ROUND(commission_balance - 150,2)
WHERE `user_id` = '181RLJ';
INSERT INTO `sub_history` (`user_id`, `package_id`, `amount`, `payment_method`, `date`) VALUES ('181RLJ', '2', '150', 'Ewallet', '2025-07-25 00:05:22');
UPDATE `user_registration` SET sub_point = ROUND(sub_point + 150,2)
WHERE `user_id` = '181RLJ';
INSERT INTO `investment` (`invest_date`, `user_id`, `type`, `amount`, `package_id`) VALUES ('2025-07-25 00:05:22', '181RLJ', 'subscription', '150', '2');
UPDATE `user_registration` SET total_points = ROUND(total_points + 150,2)
WHERE `user_id` = '181RLJ';
INSERT INTO `points_history` (`user_id`, `points`, `type`, `date`) VALUES ('181RLJ', '150', 'subscription', '2025-07-25 00:05:');
UPDATE `bv_updation` SET left_carry = left_carry+150, total_left = total_left+150
WHERE `user_id` = 'BUWYXW';
INSERT INTO `placement_bv_update_history` (`left_carry`, `date`, `from_id`, `user_id`) VALUES ('150', '2025-07-25 00:05:22', '181RLJ', 'BUWYXW');
UPDATE `user_registration` SET `cycle_rank_id` = '1'
WHERE `user_id` = 'BUWYXW';
INSERT INTO `rank_history` (`rank_id`, `user_id`, `name`, `bv`, `date`, `amount`, `type`) VALUES ('1', 'BUWYXW', 'Affiliate', '0', '2025-07-25 00:05:22', '0', 'auto');
UPDATE `bv_updation` SET sponsor_left_carry = sponsor_left_carry+150, sponsor_total_left = sponsor_total_left+150
WHERE `user_id` = 'BUWYXW';
INSERT INTO `sponsor_bv_update_history` (`left_carry`, `date`, `user_id`) VALUES ('150', '2025-07-25 00:05:22', 'BUWYXW');
UPDATE `bv_updation` SET right_carry = right_carry+150, total_right = total_right+150
WHERE `user_id` = 'UXMQZD';
INSERT INTO `placement_bv_update_history` (`right_carry`, `date`, `from_id`, `user_id`) VALUES ('150', '2025-07-25 00:05:22', '181RLJ', 'UXMQZD');
UPDATE `user_registration` SET `cycle_rank_id` = '1'
WHERE `user_id` = 'UXMQZD';
INSERT INTO `rank_history` (`rank_id`, `user_id`, `name`, `bv`, `date`, `amount`, `type`) VALUES ('1', 'UXMQZD', 'Affiliate', '0', '2025-07-25 00:05:22', '0', 'auto');
UPDATE `bv_updation` SET right_carry = right_carry+150, total_right = total_right+150
WHERE `user_id` = 'O94ZPY';
INSERT INTO `placement_bv_update_history` (`right_carry`, `date`, `from_id`, `user_id`) VALUES ('150', '2025-07-25 00:05:22', '181RLJ', 'O94ZPY');
UPDATE `user_registration` SET `cycle_rank_id` = '1'
WHERE `user_id` = 'O94ZPY';
INSERT INTO `rank_history` (`rank_id`, `user_id`, `name`, `bv`, `date`, `amount`, `type`) VALUES ('1', 'O94ZPY', 'Affiliate', '0', '2025-07-25 00:05:22', '0', 'auto');
UPDATE `bv_updation` SET right_carry = right_carry+150, total_right = total_right+150
WHERE `user_id` = 'JHRDHS';
INSERT INTO `placement_bv_update_history` (`right_carry`, `date`, `from_id`, `user_id`) VALUES ('150', '2025-07-25 00:05:22', '181RLJ', 'JHRDHS');
UPDATE `user_registration` SET `cycle_rank_id` = '2'
WHERE `user_id` = 'JHRDHS';
INSERT INTO `rank_history` (`rank_id`, `user_id`, `name`, `bv`, `date`, `amount`, `type`) VALUES ('2', 'JHRDHS', 'Associate', '1200', '2025-07-25 00:05:22', '100', 'auto');
UPDATE `bv_updation` SET right_carry = right_carry+150, total_right = total_right+150
WHERE `user_id` = 'CVVK4C';
INSERT INTO `placement_bv_update_history` (`right_carry`, `date`, `from_id`, `user_id`) VALUES ('150', '2025-07-25 00:05:22', '181RLJ', 'CVVK4C');
UPDATE `user_registration` SET `cycle_rank_id` = '1'
WHERE `user_id` = 'CVVK4C';
INSERT INTO `rank_history` (`rank_id`, `user_id`, `name`, `bv`, `date`, `amount`, `type`) VALUES ('1', 'CVVK4C', 'Affiliate', '0', '2025-07-25 00:05:22', '0', 'auto');
UPDATE `bv_updation` SET left_carry = left_carry+150, total_left = total_left+150
WHERE `user_id` = 'K55EDD';
INSERT INTO `placement_bv_update_history` (`left_carry`, `date`, `from_id`, `user_id`) VALUES ('150', '2025-07-25 00:05:22', '181RLJ', 'K55EDD');
UPDATE `user_registration` SET `cycle_rank_id` = '1'
WHERE `user_id` = 'K55EDD';
INSERT INTO `rank_history` (`rank_id`, `user_id`, `name`, `bv`, `date`, `amount`, `type`) VALUES ('1', 'K55EDD', 'Affiliate', '0', '2025-07-25 00:05:22', '0', 'auto');
UPDATE `bv_updation` SET left_carry = left_carry+150, total_left = total_left+150
WHERE `user_id` = 'UQO7EQ';
INSERT INTO `placement_bv_update_history` (`left_carry`, `date`, `from_id`, `user_id`) VALUES ('150', '2025-07-25 00:05:22', '181RLJ', 'UQO7EQ');
UPDATE `user_registration` SET `cycle_rank_id` = '1'
WHERE `user_id` = 'UQO7EQ';
INSERT INTO `rank_history` (`rank_id`, `user_id`, `name`, `bv`, `date`, `amount`, `type`) VALUES ('1', 'UQO7EQ', 'Affiliate', '0', '2025-07-25 00:05:22', '0', 'auto');
UPDATE `bv_updation` SET left_carry = left_carry+150, total_left = total_left+150
WHERE `user_id` = 'N6GZAE';
INSERT INTO `placement_bv_update_history` (`left_carry`, `date`, `from_id`, `user_id`) VALUES ('150', '2025-07-25 00:05:22', '181RLJ', 'N6GZAE');
UPDATE `user_registration` SET `cycle_rank_id` = '1'
WHERE `user_id` = 'N6GZAE';
INSERT INTO `rank_history` (`rank_id`, `user_id`, `name`, `bv`, `date`, `amount`, `type`) VALUES ('1', 'N6GZAE', 'Affiliate', '0', '2025-07-25 00:05:22', '0', 'auto');
UPDATE `bv_updation` SET left_carry = left_carry+150, total_left = total_left+150
WHERE `user_id` = '4E1CRI';
INSERT INTO `placement_bv_update_history` (`left_carry`, `date`, `from_id`, `user_id`) VALUES ('150', '2025-07-25 00:05:22', '181RLJ', '4E1CRI');
UPDATE `bv_updation` SET left_carry = left_carry+150, total_left = total_left+150
WHERE `user_id` = 'SJBNYJ';
INSERT INTO `placement_bv_update_history` (`left_carry`, `date`, `from_id`, `user_id`) VALUES ('150', '2025-07-25 00:05:22', '181RLJ', 'SJBNYJ');
UPDATE `user_registration` SET `cycle_rank_id` = '1'
WHERE `user_id` = 'SJBNYJ';
INSERT INTO `rank_history` (`rank_id`, `user_id`, `name`, `bv`, `date`, `amount`, `type`) VALUES ('1', 'SJBNYJ', 'Affiliate', '0', '2025-07-25 00:05:22', '0', 'auto');
UPDATE `bv_updation` SET left_carry = left_carry+150, total_left = total_left+150
WHERE `user_id` = '44B9Y4';
INSERT INTO `placement_bv_update_history` (`left_carry`, `date`, `from_id`, `user_id`) VALUES ('150', '2025-07-25 00:05:22', '181RLJ', '44B9Y4');
UPDATE `user_registration` SET `cycle_rank_id` = '1'
WHERE `user_id` = '44B9Y4';
INSERT INTO `rank_history` (`rank_id`, `user_id`, `name`, `bv`, `date`, `amount`, `type`) VALUES ('1', '44B9Y4', 'Affiliate', '0', '2025-07-25 00:05:22', '0', 'auto');
UPDATE `bv_updation` SET right_carry = right_carry+150, total_right = total_right+150
WHERE `user_id` = 'admin';
INSERT INTO `placement_bv_update_history` (`right_carry`, `date`, `from_id`, `user_id`) VALUES ('150', '2025-07-25 00:05:22', '181RLJ', 'admin');
UPDATE `user_registration` SET `cycle_rank_id` = '1'
WHERE `user_id` = 'admin';
INSERT INTO `rank_history` (`rank_id`, `user_id`, `name`, `bv`, `date`, `amount`, `type`) VALUES ('1', 'admin', 'Affiliate', '0', '2025-07-25 00:05:22', '0', 'auto');
UPDATE `user_registration` SET `subscription_date` = '2025-08-25', `active_status` = 'yes'
WHERE `user_id` = '181RLJ';
UPDATE `user_registration` SET `sub_point` = 0, `active_status` = 'no'
WHERE `user_id` = 'FLKHUD';
INSERT INTO `inactive_history` (`user_id`, `commission_balance`, `amount`, `date`) VALUES ('FLKHUD', '0', '150', '2025-07-25 00:05:22');
UPDATE `user_registration` SET `sub_point` = 0, `active_status` = 'no'
WHERE `user_id` = 'XMN3MK';
INSERT INTO `inactive_history` (`user_id`, `commission_balance`, `amount`, `date`) VALUES ('XMN3MK', '0', '150', '2025-07-25 00:05:23');
UPDATE `user_registration` SET `sub_point` = 0, `active_status` = 'no'
WHERE `user_id` = '7SMFPM';
INSERT INTO `inactive_history` (`user_id`, `commission_balance`, `amount`, `date`) VALUES ('7SMFPM', '0', '50', '2025-07-25 00:05:23');
UPDATE `user_registration` SET `sub_point` = 0, `active_status` = 'no'
WHERE `user_id` = '4N4NX4';
INSERT INTO `inactive_history` (`user_id`, `commission_balance`, `amount`, `date`) VALUES ('4N4NX4', '0', '150', '2025-07-25 00:05:23');
UPDATE `user_registration` SET `sub_point` = 0, `active_status` = 'no'
WHERE `user_id` = 'WS9KK9';
INSERT INTO `inactive_history` (`user_id`, `commission_balance`, `amount`, `date`) VALUES ('WS9KK9', '0', '150', '2025-07-25 00:05:24');
UPDATE `user_registration` SET `sub_point` = 0, `active_status` = 'no'
WHERE `user_id` = 'OHI8SE';
INSERT INTO `inactive_history` (`user_id`, `commission_balance`, `amount`, `date`) VALUES ('OHI8SE', '20', '150', '2025-07-25 00:05:24');
UPDATE `user_registration` SET `sub_point` = 0, `active_status` = 'no'
WHERE `user_id` = 'BJFCEM';
INSERT INTO `inactive_history` (`user_id`, `commission_balance`, `amount`, `date`) VALUES ('BJFCEM', '0', '50', '2025-07-25 00:05:24');
UPDATE `user_registration` SET `sub_point` = 0, `active_status` = 'no'
WHERE `user_id` = '9EDD8W';
INSERT INTO `inactive_history` (`user_id`, `commission_balance`, `amount`, `date`) VALUES ('9EDD8W', '0', '50', '2025-07-25 00:05:24');
UPDATE `user_registration` SET `sub_point` = 0, `active_status` = 'no'
WHERE `user_id` = '2QC8SK';
INSERT INTO `inactive_history` (`user_id`, `commission_balance`, `amount`, `date`) VALUES ('2QC8SK', '0', '150', '2025-07-25 00:05:25');
UPDATE `user_registration` SET `sub_point` = 0, `active_status` = 'no'
WHERE `user_id` = 'TOTNOR';
INSERT INTO `inactive_history` (`user_id`, `commission_balance`, `amount`, `date`) VALUES ('TOTNOR', '0', '50', '2025-07-25 00:05:25');
UPDATE `user_registration` SET `sub_point` = 0, `active_status` = 'no'
WHERE `user_id` = 'M2XFK7';
INSERT INTO `inactive_history` (`user_id`, `commission_balance`, `amount`, `date`) VALUES ('M2XFK7', '0', '150', '2025-07-25 00:05:25');
UPDATE `user_registration` SET `sub_point` = 0, `active_status` = 'no'
WHERE `user_id` = '82W7DS';
INSERT INTO `inactive_history` (`user_id`, `commission_balance`, `amount`, `date`) VALUES ('82W7DS', '0', '50', '2025-07-25 00:05:26');
UPDATE `user_registration` SET `sub_point` = 0, `active_status` = 'no'
WHERE `user_id` = '9T4ALJ';
INSERT INTO `inactive_history` (`user_id`, `commission_balance`, `amount`, `date`) VALUES ('9T4ALJ', '0', '150', '2025-07-25 00:05:26');
UPDATE `user_registration` SET `sub_point` = 0, `active_status` = 'no'
WHERE `user_id` = '648GBY';
INSERT INTO `inactive_history` (`user_id`, `commission_balance`, `amount`, `date`) VALUES ('648GBY', '20', '50', '2025-07-25 00:05:26');
UPDATE `user_registration` SET `sub_point` = 0, `active_status` = 'no'
WHERE `user_id` = 'X5T3ZT';
INSERT INTO `inactive_history` (`user_id`, `commission_balance`, `amount`, `date`) VALUES ('X5T3ZT', '0', '150', '2025-07-25 00:05:26');
UPDATE `user_registration` SET `sub_point` = 0, `active_status` = 'no'
WHERE `user_id` = 'PXHCYN';
INSERT INTO `inactive_history` (`user_id`, `commission_balance`, `amount`, `date`) VALUES ('PXHCYN', '0', '150', '2025-07-25 00:05:27');
UPDATE `user_registration` SET `sub_point` = 0, `active_status` = 'no'
WHERE `user_id` = '4PJDWH';
INSERT INTO `inactive_history` (`user_id`, `commission_balance`, `amount`, `date`) VALUES ('4PJDWH', '0', '150', '2025-07-25 00:05:27');
UPDATE `user_registration` SET `sub_point` = 0, `active_status` = 'no'
WHERE `user_id` = 'G3WYIA';
INSERT INTO `inactive_history` (`user_id`, `commission_balance`, `amount`, `date`) VALUES ('G3WYIA', '0', '150', '2025-07-25 00:05:27');
UPDATE `user_registration` SET `sub_point` = 0, `active_status` = 'no'
WHERE `user_id` = 'XBYEND';
INSERT INTO `inactive_history` (`user_id`, `commission_balance`, `amount`, `date`) VALUES ('XBYEND', '100', '150', '2025-07-25 00:05:27');
UPDATE `user_registration` SET `sub_point` = 0, `active_status` = 'no'
WHERE `user_id` = '8R8YQG';
INSERT INTO `inactive_history` (`user_id`, `commission_balance`, `amount`, `date`) VALUES ('8R8YQG', '0', '150', '2025-07-25 00:05:28');
UPDATE `user_registration` SET `sub_point` = 0, `active_status` = 'no'
WHERE `user_id` = 'CN9O47';
INSERT INTO `inactive_history` (`user_id`, `commission_balance`, `amount`, `date`) VALUES ('CN9O47', '0', '150', '2025-07-25 00:05:28');
UPDATE `user_registration` SET commission_balance = ROUND(commission_balance - 150,2)
WHERE `user_id` = 'KSGBOZ';
INSERT INTO `sub_history` (`user_id`, `package_id`, `amount`, `payment_method`, `date`) VALUES ('KSGBOZ', '2', '150', 'Ewallet', '2025-07-25 00:05:28');
UPDATE `user_registration` SET sub_point = ROUND(sub_point + 150,2)
WHERE `user_id` = 'KSGBOZ';
INSERT INTO `investment` (`invest_date`, `user_id`, `type`, `amount`, `package_id`) VALUES ('2025-07-25 00:05:28', 'KSGBOZ', 'subscription', '150', '2');
UPDATE `user_registration` SET total_points = ROUND(total_points + 150,2)
WHERE `user_id` = 'KSGBOZ';
INSERT INTO `points_history` (`user_id`, `points`, `type`, `date`) VALUES ('KSGBOZ', '150', 'subscription', '2025-07-25 00:05:');
UPDATE `bv_updation` SET left_carry = left_carry+150, total_left = total_left+150
WHERE `user_id` = '8R8YQG';
INSERT INTO `placement_bv_update_history` (`left_carry`, `date`, `from_id`, `user_id`) VALUES ('150', '2025-07-25 00:05:28', 'KSGBOZ', '8R8YQG');
UPDATE `bv_updation` SET left_carry = left_carry+150, total_left = total_left+150
WHERE `user_id` = 'KWLAIS';
INSERT INTO `placement_bv_update_history` (`left_carry`, `date`, `from_id`, `user_id`) VALUES ('150', '2025-07-25 00:05:28', 'KSGBOZ', 'KWLAIS');
UPDATE `bv_updation` SET left_carry = left_carry+150, total_left = total_left+150
WHERE `user_id` = 'XBYEND';
INSERT INTO `placement_bv_update_history` (`left_carry`, `date`, `from_id`, `user_id`) VALUES ('150', '2025-07-25 00:05:28', 'KSGBOZ', 'XBYEND');
UPDATE `bv_updation` SET left_carry = left_carry+150, total_left = total_left+150
WHERE `user_id` = 'LUOTZ5';
INSERT INTO `placement_bv_update_history` (`left_carry`, `date`, `from_id`, `user_id`) VALUES ('150', '2025-07-25 00:05:28', 'KSGBOZ', 'LUOTZ5');
UPDATE `bv_updation` SET left_carry = left_carry+150, total_left = total_left+150
WHERE `user_id` = 'IYCRUH';
INSERT INTO `placement_bv_update_history` (`left_carry`, `date`, `from_id`, `user_id`) VALUES ('150', '2025-07-25 00:05:28', 'KSGBOZ', 'IYCRUH');
UPDATE `user_registration` SET `cycle_rank_id` = '1'
WHERE `user_id` = 'IYCRUH';
INSERT INTO `rank_history` (`rank_id`, `user_id`, `name`, `bv`, `date`, `amount`, `type`) VALUES ('1', 'IYCRUH', 'Affiliate', '0', '2025-07-25 00:05:28', '0', 'auto');
UPDATE `bv_updation` SET left_carry = left_carry+150, total_left = total_left+150
WHERE `user_id` = '2RSJNO';
INSERT INTO `placement_bv_update_history` (`left_carry`, `date`, `from_id`, `user_id`) VALUES ('150', '2025-07-25 00:05:28', 'KSGBOZ', '2RSJNO');
UPDATE `user_registration` SET `cycle_rank_id` = '1'
WHERE `user_id` = '2RSJNO';
INSERT INTO `rank_history` (`rank_id`, `user_id`, `name`, `bv`, `date`, `amount`, `type`) VALUES ('1', '2RSJNO', 'Affiliate', '0', '2025-07-25 00:05:28', '0', 'auto');
UPDATE `bv_updation` SET sponsor_left_carry = sponsor_left_carry+150, sponsor_total_left = sponsor_total_left+150
WHERE `user_id` = '2RSJNO';
INSERT INTO `sponsor_bv_update_history` (`left_carry`, `date`, `user_id`) VALUES ('150', '2025-07-25 00:05:28', '2RSJNO');
UPDATE `bv_updation` SET left_carry = left_carry+150, total_left = total_left+150
WHERE `user_id` = 'ETPYLQ';
INSERT INTO `placement_bv_update_history` (`left_carry`, `date`, `from_id`, `user_id`) VALUES ('150', '2025-07-25 00:05:28', 'KSGBOZ', 'ETPYLQ');
UPDATE `user_registration` SET `cycle_rank_id` = '1'
WHERE `user_id` = 'ETPYLQ';
INSERT INTO `rank_history` (`rank_id`, `user_id`, `name`, `bv`, `date`, `amount`, `type`) VALUES ('1', 'ETPYLQ', 'Affiliate', '0', '2025-07-25 00:05:28', '0', 'auto');
UPDATE `bv_updation` SET left_carry = left_carry+150, total_left = total_left+150
WHERE `user_id` = 'M2XFK7';
INSERT INTO `placement_bv_update_history` (`left_carry`, `date`, `from_id`, `user_id`) VALUES ('150', '2025-07-25 00:05:28', 'KSGBOZ', 'M2XFK7');
UPDATE `bv_updation` SET left_carry = left_carry+150, total_left = total_left+150
WHERE `user_id` = '7BQJK5';
INSERT INTO `placement_bv_update_history` (`left_carry`, `date`, `from_id`, `user_id`) VALUES ('150', '2025-07-25 00:05:28', 'KSGBOZ', '7BQJK5');
UPDATE `user_registration` SET `cycle_rank_id` = '1'
WHERE `user_id` = '7BQJK5';
INSERT INTO `rank_history` (`rank_id`, `user_id`, `name`, `bv`, `date`, `amount`, `type`) VALUES ('1', '7BQJK5', 'Affiliate', '0', '2025-07-25 00:05:28', '0', 'auto');
UPDATE `bv_updation` SET left_carry = left_carry+150, total_left = total_left+150
WHERE `user_id` = 'QJ5U9C';
INSERT INTO `placement_bv_update_history` (`left_carry`, `date`, `from_id`, `user_id`) VALUES ('150', '2025-07-25 00:05:28', 'KSGBOZ', 'QJ5U9C');
UPDATE `user_registration` SET `cycle_rank_id` = '2'
WHERE `user_id` = 'QJ5U9C';
INSERT INTO `rank_history` (`rank_id`, `user_id`, `name`, `bv`, `date`, `amount`, `type`) VALUES ('2', 'QJ5U9C', 'Associate', '1200', '2025-07-25 00:05:28', '100', 'auto');
UPDATE `bv_updation` SET left_carry = left_carry+150, total_left = total_left+150
WHERE `user_id` = 'O94ZPY';
INSERT INTO `placement_bv_update_history` (`left_carry`, `date`, `from_id`, `user_id`) VALUES ('150', '2025-07-25 00:05:28', 'KSGBOZ', 'O94ZPY');
UPDATE `user_registration` SET `cycle_rank_id` = '1'
WHERE `user_id` = 'O94ZPY';
INSERT INTO `rank_history` (`rank_id`, `user_id`, `name`, `bv`, `date`, `amount`, `type`) VALUES ('1', 'O94ZPY', 'Affiliate', '0', '2025-07-25 00:05:28', '0', 'auto');
UPDATE `bv_updation` SET right_carry = right_carry+150, total_right = total_right+150
WHERE `user_id` = 'JHRDHS';
INSERT INTO `placement_bv_update_history` (`right_carry`, `date`, `from_id`, `user_id`) VALUES ('150', '2025-07-25 00:05:28', 'KSGBOZ', 'JHRDHS');
UPDATE `user_registration` SET `cycle_rank_id` = '2'
WHERE `user_id` = 'JHRDHS';
INSERT INTO `rank_history` (`rank_id`, `user_id`, `name`, `bv`, `date`, `amount`, `type`) VALUES ('2', 'JHRDHS', 'Associate', '1200', '2025-07-25 00:05:28', '100', 'auto');
UPDATE `bv_updation` SET right_carry = right_carry+150, total_right = total_right+150
WHERE `user_id` = 'CVVK4C';
INSERT INTO `placement_bv_update_history` (`right_carry`, `date`, `from_id`, `user_id`) VALUES ('150', '2025-07-25 00:05:28', 'KSGBOZ', 'CVVK4C');
UPDATE `user_registration` SET `cycle_rank_id` = '1'
WHERE `user_id` = 'CVVK4C';
INSERT INTO `rank_history` (`rank_id`, `user_id`, `name`, `bv`, `date`, `amount`, `type`) VALUES ('1', 'CVVK4C', 'Affiliate', '0', '2025-07-25 00:05:28', '0', 'auto');
UPDATE `bv_updation` SET left_carry = left_carry+150, total_left = total_left+150
WHERE `user_id` = 'K55EDD';
INSERT INTO `placement_bv_update_history` (`left_carry`, `date`, `from_id`, `user_id`) VALUES ('150', '2025-07-25 00:05:28', 'KSGBOZ', 'K55EDD');
UPDATE `user_registration` SET `cycle_rank_id` = '1'
WHERE `user_id` = 'K55EDD';
INSERT INTO `rank_history` (`rank_id`, `user_id`, `name`, `bv`, `date`, `amount`, `type`) VALUES ('1', 'K55EDD', 'Affiliate', '0', '2025-07-25 00:05:28', '0', 'auto');
UPDATE `bv_updation` SET left_carry = left_carry+150, total_left = total_left+150
WHERE `user_id` = 'UQO7EQ';
INSERT INTO `placement_bv_update_history` (`left_carry`, `date`, `from_id`, `user_id`) VALUES ('150', '2025-07-25 00:05:28', 'KSGBOZ', 'UQO7EQ');
UPDATE `user_registration` SET `cycle_rank_id` = '1'
WHERE `user_id` = 'UQO7EQ';
INSERT INTO `rank_history` (`rank_id`, `user_id`, `name`, `bv`, `date`, `amount`, `type`) VALUES ('1', 'UQO7EQ', 'Affiliate', '0', '2025-07-25 00:05:28', '0', 'auto');
UPDATE `bv_updation` SET left_carry = left_carry+150, total_left = total_left+150
WHERE `user_id` = 'N6GZAE';
INSERT INTO `placement_bv_update_history` (`left_carry`, `date`, `from_id`, `user_id`) VALUES ('150', '2025-07-25 00:05:28', 'KSGBOZ', 'N6GZAE');
UPDATE `user_registration` SET `cycle_rank_id` = '1'
WHERE `user_id` = 'N6GZAE';
INSERT INTO `rank_history` (`rank_id`, `user_id`, `name`, `bv`, `date`, `amount`, `type`) VALUES ('1', 'N6GZAE', 'Affiliate', '0', '2025-07-25 00:05:28', '0', 'auto');
UPDATE `bv_updation` SET left_carry = left_carry+150, total_left = total_left+150
WHERE `user_id` = '4E1CRI';
INSERT INTO `placement_bv_update_history` (`left_carry`, `date`, `from_id`, `user_id`) VALUES ('150', '2025-07-25 00:05:28', 'KSGBOZ', '4E1CRI');
UPDATE `bv_updation` SET left_carry = left_carry+150, total_left = total_left+150
WHERE `user_id` = 'SJBNYJ';
INSERT INTO `placement_bv_update_history` (`left_carry`, `date`, `from_id`, `user_id`) VALUES ('150', '2025-07-25 00:05:28', 'KSGBOZ', 'SJBNYJ');
UPDATE `user_registration` SET `cycle_rank_id` = '1'
WHERE `user_id` = 'SJBNYJ';
INSERT INTO `rank_history` (`rank_id`, `user_id`, `name`, `bv`, `date`, `amount`, `type`) VALUES ('1', 'SJBNYJ', 'Affiliate', '0', '2025-07-25 00:05:28', '0', 'auto');
UPDATE `bv_updation` SET left_carry = left_carry+150, total_left = total_left+150
WHERE `user_id` = '44B9Y4';
INSERT INTO `placement_bv_update_history` (`left_carry`, `date`, `from_id`, `user_id`) VALUES ('150', '2025-07-25 00:05:28', 'KSGBOZ', '44B9Y4');
UPDATE `user_registration` SET `cycle_rank_id` = '1'
WHERE `user_id` = '44B9Y4';
INSERT INTO `rank_history` (`rank_id`, `user_id`, `name`, `bv`, `date`, `amount`, `type`) VALUES ('1', '44B9Y4', 'Affiliate', '0', '2025-07-25 00:05:28', '0', 'auto');
UPDATE `bv_updation` SET right_carry = right_carry+150, total_right = total_right+150
WHERE `user_id` = 'admin';
INSERT INTO `placement_bv_update_history` (`right_carry`, `date`, `from_id`, `user_id`) VALUES ('150', '2025-07-25 00:05:28', 'KSGBOZ', 'admin');
UPDATE `user_registration` SET `cycle_rank_id` = '1'
WHERE `user_id` = 'admin';
INSERT INTO `rank_history` (`rank_id`, `user_id`, `name`, `bv`, `date`, `amount`, `type`) VALUES ('1', 'admin', 'Affiliate', '0', '2025-07-25 00:05:28', '0', 'auto');
UPDATE `user_registration` SET `subscription_date` = '2025-08-25', `active_status` = 'yes'
WHERE `user_id` = 'KSGBOZ';
UPDATE `user_registration` SET `sub_point` = 0, `active_status` = 'no'
WHERE `user_id` = 'VZYEPG';
INSERT INTO `inactive_history` (`user_id`, `commission_balance`, `amount`, `date`) VALUES ('VZYEPG', '0', '150', '2025-07-25 00:05:28');
UPDATE `user_registration` SET `sub_point` = 0, `active_status` = 'no'
WHERE `user_id` = 'TB42PA';
INSERT INTO `inactive_history` (`user_id`, `commission_balance`, `amount`, `date`) VALUES ('TB42PA', '0', '150', '2025-07-25 00:05:29');
UPDATE `user_registration` SET `sub_point` = 0, `active_status` = 'no'
WHERE `user_id` = '2KPJZJ';
INSERT INTO `inactive_history` (`user_id`, `commission_balance`, `amount`, `date`) VALUES ('2KPJZJ', '0', '150', '2025-07-25 00:05:29');
UPDATE `user_registration` SET `sub_point` = 0, `active_status` = 'no'
WHERE `user_id` = '8634EF';
INSERT INTO `inactive_history` (`user_id`, `commission_balance`, `amount`, `date`) VALUES ('8634EF', '0', '150', '2025-07-25 00:05:29');
UPDATE `user_registration` SET `sub_point` = 0, `active_status` = 'no'
WHERE `user_id` = '7P1TWW';
INSERT INTO `inactive_history` (`user_id`, `commission_balance`, `amount`, `date`) VALUES ('7P1TWW', '20', '150', '2025-07-25 00:05:30');
UPDATE `user_registration` SET `sub_point` = 0, `active_status` = 'no'
WHERE `user_id` = 'PEABEG';
INSERT INTO `inactive_history` (`user_id`, `commission_balance`, `amount`, `date`) VALUES ('PEABEG', '0', '150', '2025-07-25 00:05:30');
UPDATE `user_registration` SET `sub_point` = 0, `active_status` = 'no'
WHERE `user_id` = 'WNT6C4';
INSERT INTO `inactive_history` (`user_id`, `commission_balance`, `amount`, `date`) VALUES ('WNT6C4', '0', '150', '2025-07-25 00:05:30');
UPDATE `user_registration` SET `sub_point` = 0, `active_status` = 'no'
WHERE `user_id` = 'KYPLBN';
INSERT INTO `inactive_history` (`user_id`, `commission_balance`, `amount`, `date`) VALUES ('KYPLBN', '0', '150', '2025-07-25 00:05:30');
UPDATE `user_registration` SET `sub_point` = 0, `active_status` = 'no'
WHERE `user_id` = '5MW4H3';
INSERT INTO `inactive_history` (`user_id`, `commission_balance`, `amount`, `date`) VALUES ('5MW4H3', '0', '150', '2025-07-25 00:05:31');
UPDATE `user_registration` SET `sub_point` = 0, `active_status` = 'no'
WHERE `user_id` = 'XT3VLL';
INSERT INTO `inactive_history` (`user_id`, `commission_balance`, `amount`, `date`) VALUES ('XT3VLL', '0', '150', '2025-07-25 00:05:31');
UPDATE `user_registration` SET `sub_point` = 0, `active_status` = 'no'
WHERE `user_id` = 'WP5PIA';
INSERT INTO `inactive_history` (`user_id`, `commission_balance`, `amount`, `date`) VALUES ('WP5PIA', '50', '150', '2025-07-25 00:05:31');
UPDATE `user_registration` SET `sub_point` = 0, `active_status` = 'no'
WHERE `user_id` = '7ZQOFP';
INSERT INTO `inactive_history` (`user_id`, `commission_balance`, `amount`, `date`) VALUES ('7ZQOFP', '20', '150', '2025-07-25 00:05:32');
UPDATE `user_registration` SET `sub_point` = 0, `active_status` = 'no'
WHERE `user_id` = '4Q2HUA';
INSERT INTO `inactive_history` (`user_id`, `commission_balance`, `amount`, `date`) VALUES ('4Q2HUA', '0', '150', '2025-07-25 00:05:32');
UPDATE `user_registration` SET `sub_point` = 0, `active_status` = 'no'
WHERE `user_id` = 'DLHC7V';
INSERT INTO `inactive_history` (`user_id`, `commission_balance`, `amount`, `date`) VALUES ('DLHC7V', '0', '150', '2025-07-25 00:05:32');
UPDATE `user_registration` SET `sub_point` = 0, `active_status` = 'no'
WHERE `user_id` = 'QXETAG';
INSERT INTO `inactive_history` (`user_id`, `commission_balance`, `amount`, `date`) VALUES ('QXETAG', '0', '150', '2025-07-25 00:05:33');
UPDATE `user_registration` SET `sub_point` = 0, `active_status` = 'no'
WHERE `user_id` = '41V5DE';
INSERT INTO `inactive_history` (`user_id`, `commission_balance`, `amount`, `date`) VALUES ('41V5DE', '0', '150', '2025-07-25 00:05:33');
UPDATE `user_registration` SET `sub_point` = 0, `active_status` = 'no'
WHERE `user_id` = 'SX4SBY';
INSERT INTO `inactive_history` (`user_id`, `commission_balance`, `amount`, `date`) VALUES ('SX4SBY', '0', '150', '2025-07-25 00:05:33');
UPDATE `user_registration` SET `sub_point` = 0, `active_status` = 'no'
WHERE `user_id` = '5SGU6D';
INSERT INTO `inactive_history` (`user_id`, `commission_balance`, `amount`, `date`) VALUES ('5SGU6D', '0', '150', '2025-07-25 00:05:33');
UPDATE `user_registration` SET `sub_point` = 0, `active_status` = 'no'
WHERE `user_id` = 'L84ITK';
INSERT INTO `inactive_history` (`user_id`, `commission_balance`, `amount`, `date`) VALUES ('L84ITK', '0', '150', '2025-07-25 00:05:34');
UPDATE `user_registration` SET `sub_point` = 0, `active_status` = 'no'
WHERE `user_id` = '6UFXJY';
INSERT INTO `inactive_history` (`user_id`, `commission_balance`, `amount`, `date`) VALUES ('6UFXJY', '0', '150', '2025-07-25 00:05:34');
UPDATE `user_registration` SET `sub_point` = 0, `active_status` = 'no'
WHERE `user_id` = '6FI4ND';
INSERT INTO `inactive_history` (`user_id`, `commission_balance`, `amount`, `date`) VALUES ('6FI4ND', '0', '150', '2025-07-25 00:05:35');
UPDATE `user_registration` SET `sub_point` = 0, `active_status` = 'no'
WHERE `user_id` = '2HKNYD';
INSERT INTO `inactive_history` (`user_id`, `commission_balance`, `amount`, `date`) VALUES ('2HKNYD', '0', '150', '2025-07-25 00:05:35');
UPDATE `user_registration` SET `sub_point` = 0, `active_status` = 'no'
WHERE `user_id` = '55ASP4';
INSERT INTO `inactive_history` (`user_id`, `commission_balance`, `amount`, `date`) VALUES ('55ASP4', '0', '150', '2025-07-25 00:05:35');
UPDATE `user_registration` SET `sub_point` = 0, `active_status` = 'no'
WHERE `user_id` = 'P16KP7';
INSERT INTO `inactive_history` (`user_id`, `commission_balance`, `amount`, `date`) VALUES ('P16KP7', '0', '150', '2025-07-25 00:05:36');
UPDATE `user_registration` SET `sub_point` = 0, `active_status` = 'no'
WHERE `user_id` = '7VETI8';
INSERT INTO `inactive_history` (`user_id`, `commission_balance`, `amount`, `date`) VALUES ('7VETI8', '0', '150', '2025-07-25 00:05:36');
UPDATE `user_registration` SET `sub_point` = 0, `active_status` = 'no'
WHERE `user_id` = 'EKTIVH';
INSERT INTO `inactive_history` (`user_id`, `commission_balance`, `amount`, `date`) VALUES ('EKTIVH', '0', '150', '2025-07-25 00:05:37');
UPDATE `user_registration` SET `sub_point` = 0, `active_status` = 'no'
WHERE `user_id` = 'WAO86G';
INSERT INTO `inactive_history` (`user_id`, `commission_balance`, `amount`, `date`) VALUES ('WAO86G', '0', '150', '2025-07-25 00:05:37');
UPDATE `user_registration` SET `sub_point` = 0, `active_status` = 'no'
WHERE `user_id` = '5YE99V';
INSERT INTO `inactive_history` (`user_id`, `commission_balance`, `amount`, `date`) VALUES ('5YE99V', '0', '50', '2025-07-25 00:05:37');
UPDATE `user_registration` SET `sub_point` = 0, `active_status` = 'no'
WHERE `user_id` = 'XFX3US';
INSERT INTO `inactive_history` (`user_id`, `commission_balance`, `amount`, `date`) VALUES ('XFX3US', '0', '50', '2025-07-25 00:05:38');
UPDATE `user_registration` SET `sub_point` = 0, `active_status` = 'no'
WHERE `user_id` = 'MRC89O';
INSERT INTO `inactive_history` (`user_id`, `commission_balance`, `amount`, `date`) VALUES ('MRC89O', '50', '150', '2025-07-25 00:05:38');
UPDATE `user_registration` SET `sub_point` = 0, `active_status` = 'no'
WHERE `user_id` = 'F8GQHM';
INSERT INTO `inactive_history` (`user_id`, `commission_balance`, `amount`, `date`) VALUES ('F8GQHM', '0', '150', '2025-07-25 00:05:38');
UPDATE `user_registration` SET `sub_point` = 0, `active_status` = 'no'
WHERE `user_id` = 'FMXQ6T';
INSERT INTO `inactive_history` (`user_id`, `commission_balance`, `amount`, `date`) VALUES ('FMXQ6T', '0', '150', '2025-07-25 00:05:38');
UPDATE `user_registration` SET `sub_point` = 0, `active_status` = 'no'
WHERE `user_id` = 'BAR1UQ';
INSERT INTO `inactive_history` (`user_id`, `commission_balance`, `amount`, `date`) VALUES ('BAR1UQ', '0', '150', '2025-07-25 00:05:39');
UPDATE `user_registration` SET `sub_point` = 0, `active_status` = 'no'
WHERE `user_id` = '6RCEKP';
INSERT INTO `inactive_history` (`user_id`, `commission_balance`, `amount`, `date`) VALUES ('6RCEKP', '0', '150', '2025-07-25 00:05:39');
UPDATE `user_registration` SET `sub_point` = 0, `active_status` = 'no'
WHERE `user_id` = 'RHLTER';
INSERT INTO `inactive_history` (`user_id`, `commission_balance`, `amount`, `date`) VALUES ('RHLTER', '0', '150', '2025-07-25 00:05:39');
UPDATE `user_registration` SET `sub_point` = 0, `active_status` = 'no'
WHERE `user_id` = 'FGI2FY';
INSERT INTO `inactive_history` (`user_id`, `commission_balance`, `amount`, `date`) VALUES ('FGI2FY', '0', '150', '2025-07-25 00:05:39');
UPDATE `user_registration` SET `sub_point` = 0, `active_status` = 'no'
WHERE `user_id` = 'JLPXI6';
INSERT INTO `inactive_history` (`user_id`, `commission_balance`, `amount`, `date`) VALUES ('JLPXI6', '0', '150', '2025-07-25 00:05:40');
UPDATE `user_registration` SET `sub_point` = 0, `active_status` = 'no'
WHERE `user_id` = '1KMQ3V';
INSERT INTO `inactive_history` (`user_id`, `commission_balance`, `amount`, `date`) VALUES ('1KMQ3V', '100', '150', '2025-07-25 00:05:40');
UPDATE `user_registration` SET `sub_point` = 0, `active_status` = 'no'
WHERE `user_id` = 'ZVZUJ1';
INSERT INTO `inactive_history` (`user_id`, `commission_balance`, `amount`, `date`) VALUES ('ZVZUJ1', '0', '150', '2025-07-25 00:05:40');
UPDATE `user_registration` SET `sub_point` = 0, `active_status` = 'no'
WHERE `user_id` = 'SAMPQX';
INSERT INTO `inactive_history` (`user_id`, `commission_balance`, `amount`, `date`) VALUES ('SAMPQX', '0', '150', '2025-07-25 00:05:41');
UPDATE `user_registration` SET `sub_point` = 0, `active_status` = 'no'
WHERE `user_id` = '23UJOB';
INSERT INTO `inactive_history` (`user_id`, `commission_balance`, `amount`, `date`) VALUES ('23UJOB', '0', '150', '2025-07-25 00:05:41');
UPDATE `user_registration` SET `sub_point` = 0, `active_status` = 'no'
WHERE `user_id` = 'NB7P18';
INSERT INTO `inactive_history` (`user_id`, `commission_balance`, `amount`, `date`) VALUES ('NB7P18', '0', '150', '2025-07-25 00:05:41');
UPDATE `user_registration` SET `sub_point` = 0, `active_status` = 'no'
WHERE `user_id` = '9VPMSG';
INSERT INTO `inactive_history` (`user_id`, `commission_balance`, `amount`, `date`) VALUES ('9VPMSG', '0', '150', '2025-07-25 00:05:42');
UPDATE `user_registration` SET `sub_point` = 0, `active_status` = 'no'
WHERE `user_id` = 'J385D5';
INSERT INTO `inactive_history` (`user_id`, `commission_balance`, `amount`, `date`) VALUES ('J385D5', '0', '150', '2025-07-25 00:05:42');
UPDATE `user_registration` SET `sub_point` = 0, `active_status` = 'no'
WHERE `user_id` = 'R18IYC';
INSERT INTO `inactive_history` (`user_id`, `commission_balance`, `amount`, `date`) VALUES ('R18IYC', '0', '150', '2025-07-25 00:05:42');
UPDATE `user_registration` SET `sub_point` = 0, `active_status` = 'no'
WHERE `user_id` = 'WYBCPQ';
INSERT INTO `inactive_history` (`user_id`, `commission_balance`, `amount`, `date`) VALUES ('WYBCPQ', '100', '150', '2025-07-25 00:05:43');
UPDATE `user_registration` SET `sub_point` = 0, `active_status` = 'no'
WHERE `user_id` = '55IB4V';
INSERT INTO `inactive_history` (`user_id`, `commission_balance`, `amount`, `date`) VALUES ('55IB4V', '0', '50', '2025-07-25 00:05:43');
UPDATE `user_registration` SET commission_balance = ROUND(commission_balance - ,2)
WHERE `user_id` = 'KD3SYJ';
INSERT INTO `sub_history` (`user_id`, `package_id`, `amount`, `payment_method`, `date`) VALUES ('KD3SYJ', '0', NULL, 'Ewallet', '2025-07-25 00:05:43');
UPDATE `user_registration` SET sub_point = ROUND(sub_point + 50,2)
WHERE `user_id` = 'KD3SYJ';
INSERT INTO `investment` (`invest_date`, `user_id`, `type`, `amount`, `package_id`) VALUES ('2025-07-25 00:05:43', 'KD3SYJ', 'subscription', '50', '0');
UPDATE `user_registration` SET total_points = ROUND(total_points + 50,2)
WHERE `user_id` = 'KD3SYJ';
INSERT INTO `points_history` (`user_id`, `points`, `type`, `date`) VALUES ('KD3SYJ', '50', 'subscription', '2025-07-25 00:05:');
UPDATE `user_registration` SET `subscription_date` = '2025-08-25', `active_status` = 'yes'
WHERE `user_id` = 'KD3SYJ';
UPDATE `cron_job_history` SET `status` = 'done', `date_end` = '2025-07-25 00:05:43'
WHERE `id` = 536;
INSERT INTO `login_history` (`user_id`, `device`, `ip_address`, `date`) VALUES ('JIYOH4', 'Mozilla/5.0 (iPhone; CPU iPhone OS 18_5 like Mac OS X) AppleWebKit/605.1.15 (KHTML, like Gecko) Version/18.5 Mobile/15E148 Safari/604.1', '2600:1702:880:8fb0:d006:fdee:186a:e39b', '25-07-25 02:20');
UPDATE `user_registration` SET `popup_seen` = 'yes'
WHERE `user_id` = 'JIYOH4';
UPDATE `user_registration` SET `popup_seen` = 'yes'
WHERE `user_id` = 'JIYOH4';
UPDATE `ci_sessions` SET `timestamp` = 1753428316, `data` = '__ci_last_regenerate|i:1753428316;id|s:4:\"2403\";user_id|s:6:\"JIYOH4\";username|s:9:\"ikabemi70\";sponsor_id|s:6:\"JYZE9L\";fullname|s:12:\"Ramon Garcia\";email|s:19:\"ikabemi70@gmail.com\";phone|s:10:\"5613862231\";isLogIn|b:1;'
WHERE `id` = '04b97e90e951ac5f4c1594a46d83967142226224';
INSERT INTO `login_history` (`user_id`, `device`, `ip_address`, `date`) VALUES ('UQO7EQ', 'Mozilla/5.0 (Linux; Android 10; K) AppleWebKit/537.36 (KHTML, like Gecko) Chrome/135.0.0.0 Mobile Safari/537.36', '2607:fb91:2892:ccb2:ac39:be37:98f2:9130', '25-07-25 06:58');
UPDATE `user_registration` SET `popup_seen` = 'yes'
WHERE `user_id` = 'UQO7EQ';
UPDATE `user_registration` SET `popup_seen` = 'no'
WHERE `user_id` = 'UQO7EQ';
DELETE FROM `ci_sessions`
WHERE `id` = '7b7432d4195c08055f308384188d8b4e52d8f0f3';
INSERT INTO `login_history` (`user_id`, `device`, `ip_address`, `date`) VALUES ('4VE7D1', 'Mozilla/5.0 (iPhone; CPU iPhone OS 18_5 like Mac OS X) AppleWebKit/605.1.15 (KHTML, like Gecko) Version/18.5 Mobile/15E148 Safari/604.1', '172.58.130.100', '25-07-25 07:34');
UPDATE `user_registration` SET `popup_seen` = 'yes'
WHERE `user_id` = '4VE7D1';
INSERT INTO `login_history` (`user_id`, `device`, `ip_address`, `date`) VALUES ('JHRDHS', 'Mozilla/5.0 (iPhone; CPU iPhone OS 18_5 like Mac OS X) AppleWebKit/605.1.15 (KHTML, like Gecko) Version/18.5 Mobile/15E148 Safari/604.1', '2600:1702:50d0:a580:9ae:4cee:c649:9b96', '25-07-25 07:39');
UPDATE `user_registration` SET `popup_seen` = 'yes'
WHERE `user_id` = 'JHRDHS';
UPDATE `ci_sessions` SET `timestamp` = 1753447379, `data` = '__ci_last_regenerate|i:1753447379;'
WHERE `id` = '9b7978e26b1ed459a4261cfe3fffdc3981edba6f';
INSERT INTO `login_history` (`user_id`, `device`, `ip_address`, `date`) VALUES ('BV2MNJ', 'Mozilla/5.0 (Windows NT 10.0; Win64; x64) AppleWebKit/537.36 (KHTML, like Gecko) Chrome/138.0.0.0 Safari/537.36', '162.229.154.65', '25-07-25 07:51');
UPDATE `user_registration` SET `popup_seen` = 'yes'
WHERE `user_id` = 'BV2MNJ';
UPDATE `ci_sessions` SET `timestamp` = 1753447927, `data` = '__ci_last_regenerate|i:1753447927;id|s:4:\"2071\";user_id|s:6:\"JHRDHS\";username|s:7:\"mbecena\";sponsor_id|s:6:\"CVVK4C\";fullname|s:12:\"Maria Becena\";email|s:21:\"mbecena@bellsouth.net\";phone|s:10:\"7862360387\";isLogIn|b:1;message|s:20:\"Welcome Maria Becena\";__ci_vars|a:1:{s:7:\"message\";s:3:\"old\";}'
WHERE `id` = '2da048a5a87e0c0b27ddce1a0d90dd3ea7014404';
UPDATE `user_registration` SET `popup_seen` = 'yes'
WHERE `user_id` = 'JHRDHS';
UPDATE `user_registration` SET `popup_seen` = 'no'
WHERE `user_id` = 'BV2MNJ';
DELETE FROM `ci_sessions`
WHERE `id` = 'a0d9e8b9d854eb9023b15ce00c14dd85841c06d8';
UPDATE `ci_sessions` SET `timestamp` = 1753449660, `data` = '__ci_last_regenerate|i:1753449660;'
WHERE `id` = '17ce882e5845bd68b8e34d03e1358e11cc6da2ff';
UPDATE `ci_sessions` SET `timestamp` = 1753450286, `data` = '__ci_last_regenerate|i:1753450286;'
WHERE `id` = 'ec6456b3848a0e3e24ef1d329e22a2ec70545ca9';
INSERT INTO `temp_register` (`post_data`, `date`, `payment_method`, `type`) VALUES ('{\"uid\":\"2491\",\"user_id\":\"2HLL1A\",\"username\":\"Example2025\",\"sponsor_id\":\"4VB6SG\",\"vacant\":\"no\",\"f_name\":\"John\",\"l_name\":\"Doe\",\"position\":\"right\",\"email\":\"example@gmail.com\",\"password\":\"bdc786557b6e6b502239d819bb9e5563\",\"phone\":\"7860000000\",\"country\":\"United States\",\"state\":\"Florida\",\"city\":\"Miami\",\"street\":\"1234 Sw 5th St\",\"zip_code\":\"33155\",\"reg_ip\":\"216.131.87.74\",\"status\":1,\"package_id\":\"2\",\"rank_id\":1,\"highest_rank\":1,\"cycle_rank_id\":1,\"user_type\":\"affiliate\",\"created\":\"2025-07-25 08:31:26\",\"subscription_date\":\"2025-08-25\",\"active_status\":\"yes\",\"google_secret\":\"HIW4RF7G6QNGLQYU\"}', '2025-07-25 08:31:26', 'stripe', 'register');
UPDATE `ci_sessions` SET `timestamp` = 1753450766, `data` = '__ci_last_regenerate|i:1753450766;reg_stripe_id|i:712;'
WHERE `id` = '2f23a19b83b67f39c91b7647bf8efa59be05dfca';
INSERT INTO `login_history` (`user_id`, `device`, `ip_address`, `date`) VALUES ('2RSJNO', 'Mozilla/5.0 (iPhone; CPU iPhone OS 18_5_0 like Mac OS X) AppleWebKit/605.1.15 (KHTML, like Gecko) GSA/378.0.783859256 Mobile/15E148 Safari/604.1', '2607:fb91:c9b:d89:d881:a682:a8a7:e942', '25-07-25 09:11');
UPDATE `user_registration` SET `popup_seen` = 'yes'
WHERE `user_id` = '2RSJNO';
UPDATE `ci_sessions` SET `timestamp` = 1753453334, `data` = '__ci_last_regenerate|i:1753453334;id|s:4:\"2190\";user_id|s:6:\"2RSJNO\";username|s:8:\"yoel0221\";sponsor_id|s:6:\"QJ5U9C\";fullname|s:16:\"Yoel Ramos Gomez\";email|s:19:\"yoel21272@gmail.com\";phone|s:10:\"3053050150\";isLogIn|b:1;message|s:24:\"Welcome Yoel Ramos Gomez\";__ci_vars|a:1:{s:7:\"message\";s:3:\"old\";}'
WHERE `id` = '5915ffc201d9645f17de45af7a35d02c2a716178';
UPDATE `ci_sessions` SET `timestamp` = 1753454350, `data` = '__ci_last_regenerate|i:1753454350;id|s:4:\"2190\";user_id|s:6:\"2RSJNO\";username|s:8:\"yoel0221\";sponsor_id|s:6:\"QJ5U9C\";fullname|s:16:\"Yoel Ramos Gomez\";email|s:19:\"yoel21272@gmail.com\";phone|s:10:\"3053050150\";isLogIn|b:1;'
WHERE `id` = '2bfbe5aac1292d5d441d7840bbac61a42d7bf71e';
UPDATE `ci_sessions` SET `timestamp` = 1753455044, `data` = '__ci_last_regenerate|i:1753455044;id|s:4:\"2190\";user_id|s:6:\"2RSJNO\";username|s:8:\"yoel0221\";sponsor_id|s:6:\"QJ5U9C\";fullname|s:16:\"Yoel Ramos Gomez\";email|s:19:\"yoel21272@gmail.com\";phone|s:10:\"3053050150\";isLogIn|b:1;'
WHERE `id` = 'fd504d7692fe007c630d6d7f269d1d4921e47794';
UPDATE `user_registration` SET `popup_seen` = 'yes'
WHERE `user_id` = '2RSJNO';
INSERT INTO `login_history` (`user_id`, `device`, `ip_address`, `date`) VALUES ('UQO7EQ', 'Mozilla/5.0 (Windows NT 10.0; Win64; x64) AppleWebKit/537.36 (KHTML, like Gecko) Chrome/138.0.0.0 Safari/537.36', '2601:58a:897c:3fd0:d49f:cb79:c0:b446', '25-07-25 09:54');
UPDATE `user_registration` SET `popup_seen` = 'yes'
WHERE `user_id` = 'UQO7EQ';
UPDATE `user_registration` SET `popup_seen` = 'yes'
WHERE `user_id` = 'UQO7EQ';
UPDATE `user_registration` SET `popup_seen` = 'no'
WHERE `user_id` = 'UQO7EQ';
DELETE FROM `ci_sessions`
WHERE `id` = '8b094e3988fa7acf8697f0c51d89f3b8bfb3dcc3';
INSERT INTO `login_history` (`user_id`, `device`, `ip_address`, `date`) VALUES ('6RCEKP', 'Mozilla/5.0 (iPhone; CPU iPhone OS 18_5 like Mac OS X) AppleWebKit/605.1.15 (KHTML, like Gecko) Version/18.5 Mobile/15E148 Safari/604.1', '2600:8807:8819:3e00:c187:2ab5:6886:964a', '25-07-25 10:03');
UPDATE `user_registration` SET `popup_seen` = 'yes'
WHERE `user_id` = '6RCEKP';
UPDATE `ci_sessions` SET `timestamp` = 1753455903, `data` = '__ci_last_regenerate|i:1753455903;id|s:4:\"2190\";user_id|s:6:\"2RSJNO\";username|s:8:\"yoel0221\";sponsor_id|s:6:\"QJ5U9C\";fullname|s:16:\"Yoel Ramos Gomez\";email|s:19:\"yoel21272@gmail.com\";phone|s:10:\"3053050150\";isLogIn|b:1;'
WHERE `id` = 'e73cfb1bf75edb62046fe095e892647ee38ec841';
UPDATE `user_registration` SET `popup_seen` = 'yes'
WHERE `user_id` = '2RSJNO';
UPDATE `ci_sessions` SET `timestamp` = 1753457191, `data` = '__ci_last_regenerate|i:1753457191;captcha|s:4:\"8mnr\";'
WHERE `id` = '959928eec9a388adfb20948556e3502a4768f099';
INSERT INTO `login_history` (`user_id`, `device`, `ip_address`, `date`) VALUES ('UQO7EQ', 'Mozilla/5.0 (Windows NT 10.0; Win64; x64) AppleWebKit/537.36 (KHTML, like Gecko) Chrome/138.0.0.0 Safari/537.36', '2601:58a:897c:3fd0:d49f:cb79:c0:b446', '25-07-25 10:26');
UPDATE `user_registration` SET `popup_seen` = 'yes'
WHERE `user_id` = 'UQO7EQ';
UPDATE `user_registration` SET `popup_seen` = 'no'
WHERE `user_id` = 'UQO7EQ';
DELETE FROM `ci_sessions`
WHERE `id` = 'c1c1a881bf2bf1059f8f1ede5020964501120c3a';
UPDATE `user_registration` SET `popup_seen` = 'yes'
WHERE `user_id` = '4VB6SG';
UPDATE `ci_sessions` SET `timestamp` = 1753458919, `data` = '__ci_last_regenerate|i:1753458919;captcha|s:4:\"8now\";'
WHERE `id` = '3a48f1b9787f3a8579b9dc1cd88e492bea5e7cee';
INSERT INTO `login_history` (`user_id`, `device`, `ip_address`, `date`) VALUES ('UQO7EQ', 'Mozilla/5.0 (Linux; Android 10; K) AppleWebKit/537.36 (KHTML, like Gecko) Chrome/135.0.0.0 Mobile Safari/537.36', '2607:fb91:2892:ccb2:ac39:be37:98f2:9130', '25-07-25 10:55');
UPDATE `user_registration` SET `popup_seen` = 'yes'
WHERE `user_id` = 'UQO7EQ';
UPDATE `user_registration` SET `popup_seen` = 'yes'
WHERE `user_id` = 'UQO7EQ';
INSERT INTO `login_history` (`user_id`, `device`, `ip_address`, `date`) VALUES ('IYCRUH', 'Mozilla/5.0 (iPhone; CPU iPhone OS 18_5 like Mac OS X) AppleWebKit/605.1.15 (KHTML, like Gecko) Version/18.5 Mobile/15E148 Safari/604.1', '2600:1700:4c04:4240:396f:401a:dabf:d870', '25-07-25 11:05');
UPDATE `user_registration` SET `popup_seen` = 'yes'
WHERE `user_id` = 'IYCRUH';
UPDATE `user_registration` SET `popup_seen` = 'yes'
WHERE `user_id` = 'IYCRUH';
UPDATE `user_registration` SET `popup_seen` = 'yes'
WHERE `user_id` = 'IYCRUH';
UPDATE `ci_sessions` SET `timestamp` = 1753459579, `data` = '__ci_last_regenerate|i:1753459579;captcha|s:4:\"c95d\";'
WHERE `id` = '98c5c3b0658fbef78c49ea04a4d475b94b94285d';
UPDATE `user_registration` SET `popup_seen` = 'yes'
WHERE `user_id` = 'IYCRUH';
UPDATE `ci_sessions` SET `timestamp` = 1753459765, `data` = '__ci_last_regenerate|i:1753459765;id|s:4:\"2192\";user_id|s:6:\"IYCRUH\";username|s:11:\"CARMENTMORA\";sponsor_id|s:6:\"QJ5U9C\";fullname|s:13:\"Carmen T Mora\";email|s:24:\"rosioesmeralda@yahoo.com\";phone|s:10:\"7869708716\";isLogIn|b:1;'
WHERE `id` = 'f95d705e1a65cf2a3981f6d1a597ee4437cd3baf';
UPDATE `user_registration` SET `popup_seen` = 'yes'
WHERE `user_id` = 'IYCRUH';
UPDATE `user_registration` SET `popup_seen` = 'no'
WHERE `user_id` = 'IYCRUH';
DELETE FROM `ci_sessions`
WHERE `id` = 'd6861133f94ce9fc62973b25dc07e0d1ecbda222';
INSERT INTO `login_history` (`user_id`, `device`, `ip_address`, `date`) VALUES ('F3SYYS', 'Mozilla/5.0 (iPhone; CPU iPhone OS 18_5 like Mac OS X) AppleWebKit/605.1.15 (KHTML, like Gecko) Version/18.5 Mobile/15E148 Safari/604.1', '2600:1700:4c04:4240:396f:401a:dabf:d870', '25-07-25 11:10');
UPDATE `user_registration` SET `popup_seen` = 'yes'
WHERE `user_id` = 'F3SYYS';
INSERT INTO `temp_register` (`post_data`, `date`, `payment_method`, `type`) VALUES ('{\"user_id\":\"F3SYYS\",\"card_id\":\"4\",\"card_cost\":\"150\",\"card_value\":\"150\",\"payment_option\":\"stripe\",\"date\":\"2025-07-25 11:10:54\"}', '2025-07-25 11:10:54', 'stripe', 'buy+top_up_card');
UPDATE `temp_register` SET `response` = '{\"stripeToken\":\"tok_1RooEi2NUoYUjiuur2raD9kv\",\"stripeTokenType\":\"card\",\"stripeEmail\":\"eidrneilen2128@yahoo.com\"}', `date_modified` = '2025-07-25 11:12:48', `payment_status` = '{\"id\":\"ch_3RooEl2NUoYUjiuu0j1f3sca\",\"object\":\"charge\",\"amount\":15000,\"amount_captured\":15000,\"amount_refunded\":0,\"application\":null,\"application_fee\":null,\"application_fee_amount\":null,\"balance_transaction\":\"txn_3RooEl2NUoYUjiuu03yjlohg\",\"billing_details\":{\"address\":{\"city\":null,\"country\":null,\"line1\":null,\"line2\":null,\"postal_code\":null,\"state\":null},\"email\":null,\"name\":\"eidrneilen2128@yahoo.com\",\"phone\":null,\"tax_id\":null},\"calculated_statement_descriptor\":\"TRAVELEGENDCY LLC\",\"captured\":true,\"created\":1753459967,\"currency\":\"usd\",\"customer\":\"cus_SkIqsckPGrFypo\",\"description\":null,\"destination\":null,\"dispute\":null,\"disputed\":false,\"failure_balance_transaction\":null,\"failure_code\":null,\"failure_message\":null,\"fraud_details\":[],\"invoice\":null,\"livemode\":true,\"metadata\":[],\"on_behalf_of\":null,\"order\":null,\"outcome\":{\"advice_code\":null,\"network_advice_code\":null,\"network_decline_code\":null,\"network_status\":\"approved_by_network\",\"reason\":null,\"risk_level\":\"normal\",\"seller_message\":\"Payment complete.\",\"type\":\"authorized\"},\"paid\":true,\"payment_intent\":null,\"payment_method\":\"card_1RooEh2NUoYUjiuu8AGgO7YI\",\"payment_method_details\":{\"card\":{\"amount_authorized\":15000,\"authorization_code\":\"07456Z\",\"brand\":\"mastercard\",\"checks\":{\"address_line1_check\":null,\"address_postal_code_check\":null,\"cvc_check\":\"pass\"},\"country\":\"US\",\"exp_month\":7,\"exp_year\":2028,\"extended_authorization\":{\"status\":\"disabled\"},\"fingerprint\":\"EJ0LLKGL1LXapWbn\",\"funding\":\"credit\",\"incremental_authorization\":{\"status\":\"unavailable\"},\"installments\":null,\"last4\":\"5146\",\"mandate\":null,\"multicapture\":{\"status\":\"unavailable\"},\"network\":\"mastercard\",\"network_token\":{\"used\":false},\"network_transaction_id\":\"MWEH99LC60725\",\"overcapture\":{\"maximum_amount_capturable\":15000,\"status\":\"unavailable\"},\"regulated_status\":\"regulated\",\"three_d_secure\":null,\"wallet\":null},\"type\":\"card\"},\"receipt_email\":null,\"receipt_number\":null,\"receipt_url\":\"https:\\/\\/pay.stripe.com\\/receipts\\/payment\\/CAcQARoXChVhY2N0XzFRUEFGdjJOVW9ZVWppdXUogNqOxAYyBp3FAsR0GDosFlsuPfnvvfs99t9tciTlNOiFYzt9a2oY2Y8Hdd4p9-CHiUavc50KZA0T29c\",\"refunded\":false,\"review\":null,\"shipping\":null,\"source\":{\"id\":\"card_1RooEh2NUoYUjiuu8AGgO7YI\",\"object\":\"card\",\"address_city\":null,\"address_country\":null,\"address_line1\":null,\"address_line1_check\":null,\"address_line2\":null,\"address_state\":null,\"address_zip\":null,\"address_zip_check\":null,\"allow_redisplay\":\"unspecified\",\"brand\":\"MasterCard\",\"country\":\"US\",\"customer\":\"cus_SkIqsckPGrFypo\",\"cvc_check\":\"pass\",\"dynamic_last4\":null,\"exp_month\":7,\"exp_year\":2028,\"fingerprint\":\"EJ0LLKGL1LXapWbn\",\"funding\":\"credit\",\"last4\":\"5146\",\"metadata\":[],\"name\":\"eidrneilen2128@yahoo.com\",\"regulated_status\":\"regulated\",\"tokenization_method\":null,\"wallet\":null},\"source_transfer\":null,\"statement_descriptor\":null,\"statement_descriptor_suffix\":null,\"status\":\"succeeded\",\"transfer_data\":null,\"transfer_group\":null}'
WHERE `id` = 713;
INSERT INTO `card_purchase_history` (`user_id`, `card_id`, `card_cost`, `card_value`, `payment_option`, `date`) VALUES ('F3SYYS', '4', '150', '150', 'stripe', '2025-07-25 11:10:54');
UPDATE `user_registration` SET commission_balance = ROUND(commission_balance + 150,2)
WHERE `user_id` = 'F3SYYS';
UPDATE `user_registration` SET `popup_seen` = 'yes'
WHERE `user_id` = 'F3SYYS';
INSERT INTO `login_history` (`user_id`, `device`, `ip_address`, `date`) VALUES ('HSP8ZI', 'Mozilla/5.0 (Linux; Android 10; K) AppleWebKit/537.36 (KHTML, like Gecko) Chrome/138.0.0.0 Mobile Safari/537.36', '2607:fb90:91c2:bf:30d4:356d:383f:868d', '25-07-25 11:13');
UPDATE `user_registration` SET `popup_seen` = 'yes'
WHERE `user_id` = 'HSP8ZI';
UPDATE `user_registration` SET `popup_seen` = 'no'
WHERE `user_id` = 'F3SYYS';
DELETE FROM `ci_sessions`
WHERE `id` = '93f1137cf551e429d78c0c1a005c1ddaab5f8124';
UPDATE `user_registration` SET `popup_seen` = 'yes'
WHERE `user_id` = 'HSP8ZI';
INSERT INTO `temp_register` (`post_data`, `date`, `payment_method`, `type`) VALUES ('{\"user_id\":\"HSP8ZI\",\"card_id\":\"4\",\"card_cost\":\"150\",\"card_value\":\"150\",\"payment_option\":\"stripe\",\"date\":\"2025-07-25 11:14:34\"}', '2025-07-25 11:14:34', 'stripe', 'buy+top_up_card');
UPDATE `ci_sessions` SET `timestamp` = 1753460076, `data` = '__ci_last_regenerate|i:1753460076;captcha|s:4:\"cfa3\";'
WHERE `id` = 'e4d917808aecd415bffab3c3c98000e79a03a553';
INSERT INTO `login_history` (`user_id`, `device`, `ip_address`, `date`) VALUES ('UQO7EQ', 'Mozilla/5.0 (Windows NT 10.0; Win64; x64) AppleWebKit/537.36 (KHTML, like Gecko) Chrome/138.0.0.0 Safari/537.36', '2601:58a:897c:3fd0:d49f:cb79:c0:b446', '25-07-25 11:14');
UPDATE `user_registration` SET `popup_seen` = 'yes'
WHERE `user_id` = 'UQO7EQ';
UPDATE `user_registration` SET `popup_seen` = 'no'
WHERE `user_id` = 'UQO7EQ';
DELETE FROM `ci_sessions`
WHERE `id` = 'fa00a774e0522c6d1ca05be5ec725ce3806f7586';
UPDATE `user_registration` SET `popup_seen` = 'no'
WHERE `user_id` IS NULL;
DELETE FROM `ci_sessions`
WHERE `id` = 'fa00a774e0522c6d1ca05be5ec725ce3806f7586';
UPDATE `temp_register` SET `response` = '{\"stripeToken\":\"tok_1RooHU2NUoYUjiuuVjsZIlcD\",\"stripeTokenType\":\"card\",\"stripeEmail\":\"pedropzx@yahoo.com\"}', `date_modified` = '2025-07-25 11:15:42', `payment_status` = '{\"id\":\"ch_3RooHY2NUoYUjiuu0q8FEnXW\",\"object\":\"charge\",\"amount\":15000,\"amount_captured\":15000,\"amount_refunded\":0,\"application\":null,\"application_fee\":null,\"application_fee_amount\":null,\"balance_transaction\":\"txn_3RooHY2NUoYUjiuu0NRKCm6I\",\"billing_details\":{\"address\":{\"city\":null,\"country\":null,\"line1\":null,\"line2\":null,\"postal_code\":null,\"state\":null},\"email\":null,\"name\":\"pedropzx@yahoo.com\",\"phone\":null,\"tax_id\":null},\"calculated_statement_descriptor\":\"TRAVELEGENDCY LLC\",\"captured\":true,\"created\":1753460140,\"currency\":\"usd\",\"customer\":\"cus_SkItK6J5R6580T\",\"description\":null,\"destination\":null,\"dispute\":null,\"disputed\":false,\"failure_balance_transaction\":null,\"failure_code\":null,\"failure_message\":null,\"fraud_details\":[],\"invoice\":null,\"livemode\":true,\"metadata\":[],\"on_behalf_of\":null,\"order\":null,\"outcome\":{\"advice_code\":null,\"network_advice_code\":null,\"network_decline_code\":null,\"network_status\":\"approved_by_network\",\"reason\":null,\"risk_level\":\"normal\",\"seller_message\":\"Payment complete.\",\"type\":\"authorized\"},\"paid\":true,\"payment_intent\":null,\"payment_method\":\"card_1RooHU2NUoYUjiuuOAK2vqut\",\"payment_method_details\":{\"card\":{\"amount_authorized\":15000,\"authorization_code\":\"131252\",\"brand\":\"mastercard\",\"checks\":{\"address_line1_check\":null,\"address_postal_code_check\":null,\"cvc_check\":\"pass\"},\"country\":\"US\",\"exp_month\":3,\"exp_year\":2029,\"extended_authorization\":{\"status\":\"disabled\"},\"fingerprint\":\"83icfPc1uzzmAxTp\",\"funding\":\"debit\",\"incremental_authorization\":{\"status\":\"unavailable\"},\"installments\":null,\"last4\":\"6674\",\"mandate\":null,\"multicapture\":{\"status\":\"unavailable\"},\"network\":\"mastercard\",\"network_token\":{\"used\":false},\"network_transaction_id\":\"MDJBHGIZL0725\",\"overcapture\":{\"maximum_amount_capturable\":15000,\"status\":\"unavailable\"},\"regulated_status\":\"regulated\",\"three_d_secure\":null,\"wallet\":null},\"type\":\"card\"},\"receipt_email\":null,\"receipt_number\":null,\"receipt_url\":\"https:\\/\\/pay.stripe.com\\/receipts\\/payment\\/CAcQARoXChVhY2N0XzFRUEFGdjJOVW9ZVWppdXUortuOxAYyBihKLgF5bDosFgH1hhZCsqkEge-DMOd9N0t-Hurh5ucvr10SD6cs8tJysgV5dK6vHaGEAys\",\"refunded\":false,\"review\":null,\"shipping\":null,\"source\":{\"id\":\"card_1RooHU2NUoYUjiuuOAK2vqut\",\"object\":\"card\",\"address_city\":null,\"address_country\":null,\"address_line1\":null,\"address_line1_check\":null,\"address_line2\":null,\"address_state\":null,\"address_zip\":null,\"address_zip_check\":null,\"allow_redisplay\":\"unspecified\",\"brand\":\"MasterCard\",\"country\":\"US\",\"customer\":\"cus_SkItK6J5R6580T\",\"cvc_check\":\"pass\",\"dynamic_last4\":null,\"exp_month\":3,\"exp_year\":2029,\"fingerprint\":\"83icfPc1uzzmAxTp\",\"funding\":\"debit\",\"last4\":\"6674\",\"metadata\":[],\"name\":\"pedropzx@yahoo.com\",\"regulated_status\":\"regulated\",\"tokenization_method\":null,\"wallet\":null},\"source_transfer\":null,\"statement_descriptor\":null,\"statement_descriptor_suffix\":null,\"status\":\"succeeded\",\"transfer_data\":null,\"transfer_group\":null}'
WHERE `id` = 714;
INSERT INTO `card_purchase_history` (`user_id`, `card_id`, `card_cost`, `card_value`, `payment_option`, `date`) VALUES ('HSP8ZI', '4', '150', '150', 'stripe', '2025-07-25 11:14:34');
UPDATE `user_registration` SET commission_balance = ROUND(commission_balance + 150,2)
WHERE `user_id` = 'HSP8ZI';
UPDATE `user_registration` SET `popup_seen` = 'yes'
WHERE `user_id` = 'HSP8ZI';
INSERT INTO `login_history` (`user_id`, `device`, `ip_address`, `date`) VALUES ('TPFP58', 'Mozilla/5.0 (iPhone; CPU iPhone OS 18_5 like Mac OS X) AppleWebKit/605.1.15 (KHTML, like Gecko) Version/18.5 Mobile/15E148 Safari/604.1', '2600:1700:4c04:4240:396f:401a:dabf:d870', '25-07-25 11:16');
UPDATE `user_registration` SET `popup_seen` = 'yes'
WHERE `user_id` = 'TPFP58';
UPDATE `user_registration` SET `popup_seen` = 'yes'
WHERE `user_id` = 'TPFP58';
INSERT INTO `temp_register` (`post_data`, `date`, `payment_method`, `type`) VALUES ('{\"user_id\":\"TPFP58\",\"card_id\":\"4\",\"card_cost\":\"150\",\"card_value\":\"150\",\"payment_option\":\"stripe\",\"date\":\"2025-07-25 11:16:49\"}', '2025-07-25 11:16:49', 'stripe', 'buy+top_up_card');
UPDATE `ci_sessions` SET `timestamp` = 1753460399, `data` = '__ci_last_regenerate|i:1753460399;id|s:4:\"2370\";user_id|s:6:\"TPFP58\";username|s:16:\"REINIERRODRIGUEZ\";sponsor_id|s:6:\"YV2PUQ\";fullname|s:17:\"Reinier Rodriguez\";email|s:28:\"reinierexcelencia8@gmail.com\";phone|s:10:\"7862616262\";isLogIn|b:1;reg_stripe_id|i:715;'
WHERE `id` = '596eaf87b766e75ed09d26685c9fc28711a76395';
UPDATE `temp_register` SET `response` = '{\"stripeToken\":\"tok_1RooLh2NUoYUjiuulrH8mWuu\",\"stripeTokenType\":\"card\",\"stripeEmail\":\"reinierexcelencia8@gmail.com\"}', `date_modified` = '2025-07-25 11:20:01', `payment_status` = '{\"id\":\"ch_3RooLk2NUoYUjiuu1PosZ17n\",\"object\":\"charge\",\"amount\":15000,\"amount_captured\":15000,\"amount_refunded\":0,\"application\":null,\"application_fee\":null,\"application_fee_amount\":null,\"balance_transaction\":\"txn_3RooLk2NUoYUjiuu1F0NIv0H\",\"billing_details\":{\"address\":{\"city\":null,\"country\":null,\"line1\":null,\"line2\":null,\"postal_code\":null,\"state\":null},\"email\":null,\"name\":\"reinierexcelencia8@gmail.com\",\"phone\":null,\"tax_id\":null},\"calculated_statement_descriptor\":\"TRAVELEGENDCY LLC\",\"captured\":true,\"created\":1753460400,\"currency\":\"usd\",\"customer\":\"cus_SkIxJVHmgKjJAW\",\"description\":null,\"destination\":null,\"dispute\":null,\"disputed\":false,\"failure_balance_transaction\":null,\"failure_code\":null,\"failure_message\":null,\"fraud_details\":[],\"invoice\":null,\"livemode\":true,\"metadata\":[],\"on_behalf_of\":null,\"order\":null,\"outcome\":{\"advice_code\":null,\"network_advice_code\":null,\"network_decline_code\":null,\"network_status\":\"approved_by_network\",\"reason\":null,\"risk_level\":\"normal\",\"seller_message\":\"Payment complete.\",\"type\":\"authorized\"},\"paid\":true,\"payment_intent\":null,\"payment_method\":\"card_1RooLh2NUoYUjiuu824k7itg\",\"payment_method_details\":{\"card\":{\"amount_authorized\":15000,\"authorization_code\":\"00049Z\",\"brand\":\"mastercard\",\"checks\":{\"address_line1_check\":null,\"address_postal_code_check\":null,\"cvc_check\":\"pass\"},\"country\":\"US\",\"exp_month\":7,\"exp_year\":2028,\"extended_authorization\":{\"status\":\"disabled\"},\"fingerprint\":\"EJ0LLKGL1LXapWbn\",\"funding\":\"credit\",\"incremental_authorization\":{\"status\":\"unavailable\"},\"installments\":null,\"last4\":\"5146\",\"mandate\":null,\"multicapture\":{\"status\":\"unavailable\"},\"network\":\"mastercard\",\"network_token\":{\"used\":false},\"network_transaction_id\":\"MWEIODK4Q0725\",\"overcapture\":{\"maximum_amount_capturable\":15000,\"status\":\"unavailable\"},\"regulated_status\":\"regulated\",\"three_d_secure\":null,\"wallet\":null},\"type\":\"card\"},\"receipt_email\":null,\"receipt_number\":null,\"receipt_url\":\"https:\\/\\/pay.stripe.com\\/receipts\\/payment\\/CAcQARoXChVhY2N0XzFRUEFGdjJOVW9ZVWppdXUosd2OxAYyBlzUONvU3josFhq7SZ_UDE7zkPlnXkr0pqs4SUE12KafdldyXXJ2rMttJQQG1cJyzWagqOU\",\"refunded\":false,\"review\":null,\"shipping\":null,\"source\":{\"id\":\"card_1RooLh2NUoYUjiuu824k7itg\",\"object\":\"card\",\"address_city\":null,\"address_country\":null,\"address_line1\":null,\"address_line1_check\":null,\"address_line2\":null,\"address_state\":null,\"address_zip\":null,\"address_zip_check\":null,\"allow_redisplay\":\"unspecified\",\"brand\":\"MasterCard\",\"country\":\"US\",\"customer\":\"cus_SkIxJVHmgKjJAW\",\"cvc_check\":\"pass\",\"dynamic_last4\":null,\"exp_month\":7,\"exp_year\":2028,\"fingerprint\":\"EJ0LLKGL1LXapWbn\",\"funding\":\"credit\",\"last4\":\"5146\",\"metadata\":[],\"name\":\"reinierexcelencia8@gmail.com\",\"regulated_status\":\"regulated\",\"tokenization_method\":null,\"wallet\":null},\"source_transfer\":null,\"statement_descriptor\":null,\"statement_descriptor_suffix\":null,\"status\":\"succeeded\",\"transfer_data\":null,\"transfer_group\":null}'
WHERE `id` = 715;
INSERT INTO `card_purchase_history` (`user_id`, `card_id`, `card_cost`, `card_value`, `payment_option`, `date`) VALUES ('TPFP58', '4', '150', '150', 'stripe', '2025-07-25 11:16:49');
UPDATE `user_registration` SET commission_balance = ROUND(commission_balance + 150,2)
WHERE `user_id` = 'TPFP58';
UPDATE `user_registration` SET `popup_seen` = 'yes'
WHERE `user_id` = 'TPFP58';
UPDATE `user_registration` SET `popup_seen` = 'yes'
WHERE `user_id` = 'TPFP58';
UPDATE `user_registration` SET `popup_seen` = 'yes'
WHERE `user_id` = 'TPFP58';
INSERT INTO `login_history` (`user_id`, `device`, `ip_address`, `date`) VALUES ('JIYOH4', 'Mozilla/5.0 (iPhone; CPU iPhone OS 18_5 like Mac OS X) AppleWebKit/605.1.15 (KHTML, like Gecko) Version/18.5 Mobile/15E148 Safari/604.1', '2600:1702:880:8fb0:d006:fdee:186a:e39b', '25-07-25 11:31');
UPDATE `user_registration` SET `popup_seen` = 'yes'
WHERE `user_id` = 'JIYOH4';
UPDATE `ci_sessions` SET `timestamp` = 1753462942, `data` = '__ci_last_regenerate|i:1753462942;captcha|s:4:\"9pwx\";'
WHERE `id` = '1e210362226eea3da339ddb20d128630764bb162';
INSERT INTO `login_history` (`user_id`, `device`, `ip_address`, `date`) VALUES ('JHRDHS', 'Mozilla/5.0 (iPhone; CPU iPhone OS 18_5 like Mac OS X) AppleWebKit/605.1.15 (KHTML, like Gecko) Version/18.5 Mobile/15E148 Safari/604.1', '2600:1702:50d0:a580:a479:d6c3:74d9:3fd4', '25-07-25 12:04');
UPDATE `user_registration` SET `popup_seen` = 'yes'
WHERE `user_id` = 'JHRDHS';
INSERT INTO `login_history` (`user_id`, `device`, `ip_address`, `date`) VALUES ('QJ5U9C', 'Mozilla/5.0 (iPhone; CPU iPhone OS 18_5_0 like Mac OS X) AppleWebKit/605.1.15 (KHTML, like Gecko) CriOS/138.0.7204.156 Mobile/15E148 Safari/604.1', '2607:fb91:1959:8886:a9ce:97f8:9e2c:3c38', '25-07-25 12:18');
UPDATE `user_registration` SET `popup_seen` = 'yes'
WHERE `user_id` = 'QJ5U9C';
UPDATE `ci_sessions` SET `timestamp` = 1753464091, `data` = '__ci_last_regenerate|i:1753464091;id|s:4:\"2403\";user_id|s:6:\"JIYOH4\";username|s:9:\"ikabemi70\";sponsor_id|s:6:\"JYZE9L\";fullname|s:12:\"Ramon Garcia\";email|s:19:\"ikabemi70@gmail.com\";phone|s:10:\"5613862231\";isLogIn|b:1;message|s:20:\"Welcome Ramon Garcia\";__ci_vars|a:1:{s:7:\"message\";s:3:\"old\";}'
WHERE `id` = '9766f3d98552b67efe16b4217553d3c0c9f94fba';
UPDATE `user_registration` SET `popup_seen` = 'yes'
WHERE `user_id` = 'JIYOH4';
INSERT INTO `login_history` (`user_id`, `device`, `ip_address`, `date`) VALUES ('UQO7EQ', 'Mozilla/5.0 (Linux; Android 10; K) AppleWebKit/537.36 (KHTML, like Gecko) Chrome/135.0.0.0 Mobile Safari/537.36', '2607:fb91:2892:ccb2:ac39:be37:98f2:9130', '25-07-25 13:05');
UPDATE `user_registration` SET `popup_seen` = 'yes'
WHERE `user_id` = 'UQO7EQ';
UPDATE `user_registration` SET `popup_seen` = 'no'
WHERE `user_id` = 'UQO7EQ';
DELETE FROM `ci_sessions`
WHERE `id` = '7ce1e0172ab8f28ecc57d6429e7ca4186db8b0d8';
INSERT INTO `login_history` (`user_id`, `device`, `ip_address`, `date`) VALUES ('UQO7EQ', 'Mozilla/5.0 (Windows NT 10.0; Win64; x64) AppleWebKit/537.36 (KHTML, like Gecko) Chrome/138.0.0.0 Safari/537.36', '2600:1700:3d0:2650:9049:d9d:8395:30c3', '25-07-25 13:17');
UPDATE `user_registration` SET `popup_seen` = 'yes'
WHERE `user_id` = 'UQO7EQ';
UPDATE `ci_sessions` SET `timestamp` = 1753467928, `data` = '__ci_last_regenerate|i:1753467928;id|s:4:\"2042\";user_id|s:6:\"UQO7EQ\";username|s:6:\"Rafa51\";sponsor_id|s:6:\"N6GZAE\";fullname|s:16:\"Rafael Rodriguez\";email|s:18:\"rafagana@yahoo.com\";phone|s:10:\"3057610606\";isLogIn|b:1;message|s:24:\"Welcome Rafael Rodriguez\";__ci_vars|a:1:{s:7:\"message\";s:3:\"old\";}'
WHERE `id` = '086924512d5f5087119eac929674864f85410b05';
UPDATE `user_registration` SET `popup_seen` = 'yes'
WHERE `user_id` = 'UQO7EQ';
UPDATE `user_registration` SET `popup_seen` = 'yes'
WHERE `user_id` = 'UQO7EQ';
UPDATE `user_registration` SET `popup_seen` = 'no'
WHERE `user_id` = 'UQO7EQ';
DELETE FROM `ci_sessions`
WHERE `id` = '73f323cdf9840b3f3a93eea5d7872643b9521e1d';
UPDATE `user_registration` SET `popup_seen` = 'yes'
WHERE `user_id` = '4VB6SG';
UPDATE `ci_sessions` SET `timestamp` = 1753471506, `data` = '__ci_last_regenerate|i:1753471506;captcha|s:4:\"wwug\";'
WHERE `id` = '6c50f62075c1a24d673dffc1e5986e749bbd7afd';
INSERT INTO `login_history` (`user_id`, `device`, `ip_address`, `date`) VALUES ('UQO7EQ', 'Mozilla/5.0 (Linux; Android 10; K) AppleWebKit/537.36 (KHTML, like Gecko) Chrome/135.0.0.0 Mobile Safari/537.36', '2607:fb91:2892:ccb2:ac39:be37:98f2:9130', '25-07-25 14:25');
UPDATE `user_registration` SET `popup_seen` = 'yes'
WHERE `user_id` = 'UQO7EQ';
UPDATE `user_registration` SET `popup_seen` = 'yes'
WHERE `user_id` = 'UQO7EQ';
UPDATE `user_registration` SET `popup_seen` = 'no'
WHERE `user_id` = 'UQO7EQ';
DELETE FROM `ci_sessions`
WHERE `id` = 'c3879ba60ef27a08fa52bd86377a41f25e67a326';
UPDATE `ci_sessions` SET `timestamp` = 1753472777, `data` = '__ci_last_regenerate|i:1753472777;captcha|s:4:\"jcug\";'
WHERE `id` = '99fb454a4801dc45aed041a5f315c64ebcd73037';
INSERT INTO `login_history` (`user_id`, `device`, `ip_address`, `date`) VALUES ('UQO7EQ', 'Mozilla/5.0 (Linux; Android 10; K) AppleWebKit/537.36 (KHTML, like Gecko) Chrome/135.0.0.0 Mobile Safari/537.36', '2607:fb91:2892:ccb2:ac39:be37:98f2:9130', '25-07-25 14:46');
UPDATE `user_registration` SET `popup_seen` = 'yes'
WHERE `user_id` = 'UQO7EQ';
UPDATE `user_registration` SET `popup_seen` = 'no'
WHERE `user_id` = 'UQO7EQ';
DELETE FROM `ci_sessions`
WHERE `id` = '880a70a28663d962fb92a038c29798bc927953e9';
INSERT INTO `login_history` (`user_id`, `device`, `ip_address`, `date`) VALUES ('UQO7EQ', 'Mozilla/5.0 (Linux; Android 10; K) AppleWebKit/537.36 (KHTML, like Gecko) Chrome/135.0.0.0 Mobile Safari/537.36', '2607:fb91:2892:ccb2:ac39:be37:98f2:9130', '25-07-25 19:02');
UPDATE `user_registration` SET `popup_seen` = 'yes'
WHERE `user_id` = 'UQO7EQ';
UPDATE `user_registration` SET `popup_seen` = 'no'
WHERE `user_id` = 'UQO7EQ';
DELETE FROM `ci_sessions`
WHERE `id` = '596e12968e7943daba144cac07993bb34bc0477e';
UPDATE `ci_sessions` SET `timestamp` = 1753488656, `data` = '__ci_last_regenerate|i:1753488656;'
WHERE `id` = '65e1c6f4b2e730e7a6fe48fd0acd5753a5def001';
INSERT INTO `login_history` (`user_id`, `device`, `ip_address`, `date`) VALUES ('CM4JLT', 'Mozilla/5.0 (iPhone; CPU iPhone OS 18_5_0 like Mac OS X) AppleWebKit/605.1.15 (KHTML, like Gecko) GSA/378.0.783859256 Mobile/15E148 Safari/604.1', '2601:589:c080:2a90:d10b:b70b:cf5c:a8f1', '25-07-25 19:12');
UPDATE `user_registration` SET `popup_seen` = 'yes'
WHERE `user_id` = 'CM4JLT';
UPDATE `user_registration` SET `popup_seen` = 'yes'
WHERE `user_id` = 'CM4JLT';
UPDATE `user_registration` SET `popup_seen` = 'yes'
WHERE `user_id` = 'CM4JLT';
UPDATE `user_registration` SET `popup_seen` = 'yes'
WHERE `user_id` = 'CM4JLT';
UPDATE `user_registration` SET `popup_seen` = 'yes'
WHERE `user_id` = 'CM4JLT';
INSERT INTO `login_history` (`user_id`, `device`, `ip_address`, `date`) VALUES ('UQO7EQ', 'Mozilla/5.0 (Windows NT 10.0; Win64; x64) AppleWebKit/537.36 (KHTML, like Gecko) Chrome/138.0.0.0 Safari/537.36', '2601:58a:897c:3fd0:d49f:cb79:c0:b446', '25-07-25 19:47');
UPDATE `user_registration` SET `popup_seen` = 'yes'
WHERE `user_id` = 'UQO7EQ';
UPDATE `ci_sessions` SET `timestamp` = 1753491467, `data` = '__ci_last_regenerate|i:1753491467;id|s:4:\"2042\";user_id|s:6:\"UQO7EQ\";username|s:6:\"Rafa51\";sponsor_id|s:6:\"N6GZAE\";fullname|s:16:\"Rafael Rodriguez\";email|s:18:\"rafagana@yahoo.com\";phone|s:10:\"3057610606\";isLogIn|b:1;message|s:24:\"Welcome Rafael Rodriguez\";__ci_vars|a:1:{s:7:\"message\";s:3:\"old\";}'
WHERE `id` = 'eb0c0a8433d5c5f03c4c1f8eb3bee0af00a42e22';
UPDATE `user_registration` SET `popup_seen` = 'yes'
WHERE `user_id` = 'UQO7EQ';
UPDATE `ci_sessions` SET `timestamp` = 1753492261, `data` = '__ci_last_regenerate|i:1753492261;id|s:4:\"2042\";user_id|s:6:\"UQO7EQ\";username|s:6:\"Rafa51\";sponsor_id|s:6:\"N6GZAE\";fullname|s:16:\"Rafael Rodriguez\";email|s:18:\"rafagana@yahoo.com\";phone|s:10:\"3057610606\";isLogIn|b:1;'
WHERE `id` = '63171d9055763c236dc706b7c2ce2b0f6da0e774';
UPDATE `user_registration` SET `popup_seen` = 'yes'
WHERE `user_id` = 'UQO7EQ';
UPDATE `ci_sessions` SET `timestamp` = 1753492785, `data` = '__ci_last_regenerate|i:1753492785;id|s:4:\"2042\";user_id|s:6:\"UQO7EQ\";username|s:6:\"Rafa51\";sponsor_id|s:6:\"N6GZAE\";fullname|s:16:\"Rafael Rodriguez\";email|s:18:\"rafagana@yahoo.com\";phone|s:10:\"3057610606\";isLogIn|b:1;'
WHERE `id` = '5ac246847851401b3848dd1e8d15ba53d99fa72f';
UPDATE `user_registration` SET `popup_seen` = 'yes'
WHERE `user_id` = 'UQO7EQ';
INSERT INTO `login_history` (`user_id`, `device`, `ip_address`, `date`) VALUES ('JIYOH4', 'Mozilla/5.0 (Macintosh; Intel Mac OS X 10_15_7) AppleWebKit/605.1.15 (KHTML, like Gecko) Version/18.5 Safari/605.1.15', '108.224.103.157', '25-07-25 20:24');
UPDATE `user_registration` SET `popup_seen` = 'yes'
WHERE `user_id` = 'JIYOH4';
UPDATE `ci_sessions` SET `timestamp` = 1753493157, `data` = '__ci_last_regenerate|i:1753493157;id|s:4:\"2042\";user_id|s:6:\"UQO7EQ\";username|s:6:\"Rafa51\";sponsor_id|s:6:\"N6GZAE\";fullname|s:16:\"Rafael Rodriguez\";email|s:18:\"rafagana@yahoo.com\";phone|s:10:\"3057610606\";isLogIn|b:1;'
WHERE `id` = '4057d4c091742e4a3f9895473d2d5a56d2740deb';
UPDATE `user_registration` SET `popup_seen` = 'yes'
WHERE `user_id` = 'UQO7EQ';
UPDATE `user_registration` SET `popup_seen` = 'no'
WHERE `user_id` = 'UQO7EQ';
DELETE FROM `ci_sessions`
WHERE `id` = 'eb80c0e25dcab0c3ea4857ee5818d9153b7732e7';
UPDATE `ci_sessions` SET `timestamp` = 1753493235, `data` = '__ci_last_regenerate|i:1753493235;captcha|s:4:\"pfx5\";'
WHERE `id` = '6cf9b9a53a01b77fbf7512d74d4b1f5304ca73a1';
INSERT INTO `temp_register` (`post_data`, `date`, `payment_method`, `type`) VALUES ('{\"user_id\":\"JIYOH4\",\"card_id\":\"4\",\"card_cost\":\"150\",\"card_value\":\"150\",\"payment_option\":\"stripe\",\"date\":\"2025-07-25 20:28:03\"}', '2025-07-25 20:28:03', 'stripe', 'buy+top_up_card');
UPDATE `ci_sessions` SET `timestamp` = 1753493354, `data` = '__ci_last_regenerate|i:1753493354;id|s:4:\"2403\";user_id|s:6:\"JIYOH4\";username|s:9:\"ikabemi70\";sponsor_id|s:6:\"JYZE9L\";fullname|s:12:\"Ramon Garcia\";email|s:19:\"ikabemi70@gmail.com\";phone|s:10:\"5613862231\";isLogIn|b:1;reg_stripe_id|i:716;'
WHERE `id` = '79c898923102d3f6e58798fdda99bee639f8b734';
UPDATE `temp_register` SET `response` = '{\"stripeToken\":\"tok_1RowvD2NUoYUjiuuG7SalhEI\",\"stripeTokenType\":\"card\",\"stripeEmail\":\"ikabemi70@gmail.com\"}', `date_modified` = '2025-07-25 20:29:17', `payment_status` = '{\"id\":\"ch_3RowvI2NUoYUjiuu1BJzA3V9\",\"object\":\"charge\",\"amount\":15000,\"amount_captured\":15000,\"amount_refunded\":0,\"application\":null,\"application_fee\":null,\"application_fee_amount\":null,\"balance_transaction\":\"txn_3RowvI2NUoYUjiuu1e0fSUak\",\"billing_details\":{\"address\":{\"city\":null,\"country\":null,\"line1\":null,\"line2\":null,\"postal_code\":null,\"state\":null},\"email\":null,\"name\":\"ikabemi70@gmail.com\",\"phone\":null,\"tax_id\":null},\"calculated_statement_descriptor\":\"TRAVELEGENDCY LLC\",\"captured\":true,\"created\":1753493356,\"currency\":\"usd\",\"customer\":\"cus_SkRoyFYpkVMX1d\",\"description\":null,\"destination\":null,\"dispute\":null,\"disputed\":false,\"failure_balance_transaction\":null,\"failure_code\":null,\"failure_message\":null,\"fraud_details\":[],\"invoice\":null,\"livemode\":true,\"metadata\":[],\"on_behalf_of\":null,\"order\":null,\"outcome\":{\"advice_code\":null,\"network_advice_code\":null,\"network_decline_code\":null,\"network_status\":\"approved_by_network\",\"reason\":null,\"risk_level\":\"normal\",\"seller_message\":\"Payment complete.\",\"type\":\"authorized\"},\"paid\":true,\"payment_intent\":null,\"payment_method\":\"card_1RowvD2NUoYUjiuuno0WOOqU\",\"payment_method_details\":{\"card\":{\"amount_authorized\":15000,\"authorization_code\":\"152494\",\"brand\":\"mastercard\",\"checks\":{\"address_line1_check\":null,\"address_postal_code_check\":null,\"cvc_check\":\"pass\"},\"country\":\"US\",\"exp_month\":1,\"exp_year\":2027,\"extended_authorization\":{\"status\":\"disabled\"},\"fingerprint\":\"VgOtgyG6IxnOgz9S\",\"funding\":\"debit\",\"incremental_authorization\":{\"status\":\"unavailable\"},\"installments\":null,\"last4\":\"1598\",\"mandate\":null,\"multicapture\":{\"status\":\"unavailable\"},\"network\":\"mastercard\",\"network_token\":{\"used\":false},\"network_transaction_id\":\"MDJBYD74R0725\",\"overcapture\":{\"maximum_amount_capturable\":15000,\"status\":\"unavailable\"},\"regulated_status\":\"regulated\",\"three_d_secure\":null,\"wallet\":null},\"type\":\"card\"},\"receipt_email\":null,\"receipt_number\":null,\"receipt_url\":\"https:\\/\\/pay.stripe.com\\/receipts\\/payment\\/CAcQARoXChVhY2N0XzFRUEFGdjJOVW9ZVWppdXUo7d6QxAYyBjvVZg3wsjosFlilB-aUm5zxTYyJyaq7nh2X9Kq4zvmmSiUe9yF44ZzW3QvbrEjcN_3w4sA\",\"refunded\":false,\"review\":null,\"shipping\":null,\"source\":{\"id\":\"card_1RowvD2NUoYUjiuuno0WOOqU\",\"object\":\"card\",\"address_city\":null,\"address_country\":null,\"address_line1\":null,\"address_line1_check\":null,\"address_line2\":null,\"address_state\":null,\"address_zip\":null,\"address_zip_check\":null,\"allow_redisplay\":\"unspecified\",\"brand\":\"MasterCard\",\"country\":\"US\",\"customer\":\"cus_SkRoyFYpkVMX1d\",\"cvc_check\":\"pass\",\"dynamic_last4\":null,\"exp_month\":1,\"exp_year\":2027,\"fingerprint\":\"VgOtgyG6IxnOgz9S\",\"funding\":\"debit\",\"last4\":\"1598\",\"metadata\":[],\"name\":\"ikabemi70@gmail.com\",\"regulated_status\":\"regulated\",\"tokenization_method\":null,\"wallet\":null},\"source_transfer\":null,\"statement_descriptor\":null,\"statement_descriptor_suffix\":null,\"status\":\"succeeded\",\"transfer_data\":null,\"transfer_group\":null}'
WHERE `id` = 716;
INSERT INTO `card_purchase_history` (`user_id`, `card_id`, `card_cost`, `card_value`, `payment_option`, `date`) VALUES ('JIYOH4', '4', '150', '150', 'stripe', '2025-07-25 20:28:03');
UPDATE `user_registration` SET commission_balance = ROUND(commission_balance + 150,2)
WHERE `user_id` = 'JIYOH4';
UPDATE `user_registration` SET `popup_seen` = 'yes'
WHERE `user_id` = 'JIYOH4';
UPDATE `ci_sessions` SET `timestamp` = 1753493417, `data` = '__ci_last_regenerate|i:1753493417;captcha|s:4:\"ho8w\";'
WHERE `id` = '6edc9235d35610eff9102d754640d9179082d594';
UPDATE `user_registration` SET `popup_seen` = 'yes'
WHERE `user_id` = 'JIYOH4';
UPDATE `ci_sessions` SET `timestamp` = 1753493592, `data` = '__ci_last_regenerate|i:1753493592;exception|s:31:\"Incorrect Username Or Password!\";__ci_vars|a:1:{s:9:\"exception\";s:3:\"old\";}captcha|s:4:\"umme\";'
WHERE `id` = 'e218095c19b9f9954442e57c7657288a4bb39ef8';
UPDATE `ci_sessions` SET `timestamp` = 1753493930, `data` = '__ci_last_regenerate|i:1753493930;captcha|s:4:\"3wg9\";'
WHERE `id` = 'f00c2142d46c19b9933c0dceb7ba4c5f9cc3a59f';
INSERT INTO `login_history` (`user_id`, `device`, `ip_address`, `date`) VALUES ('UQO7EQ', 'Mozilla/5.0 (Windows NT 10.0; Win64; x64) AppleWebKit/537.36 (KHTML, like Gecko) Chrome/138.0.0.0 Safari/537.36', '2601:58a:897c:3fd0:d49f:cb79:c0:b446', '25-07-25 20:38');
UPDATE `user_registration` SET `popup_seen` = 'yes'
WHERE `user_id` = 'UQO7EQ';
UPDATE `user_registration` SET `popup_seen` = 'no'
WHERE `user_id` = 'UQO7EQ';
DELETE FROM `ci_sessions`
WHERE `id` = '7b5f2ebcf3422d7630b7c1b08893fc9707523b5e';
UPDATE `ci_sessions` SET `timestamp` = 1753494373, `data` = '__ci_last_regenerate|i:1753494373;exception|s:31:\"Incorrect Username Or Password!\";__ci_vars|a:1:{s:9:\"exception\";s:3:\"old\";}captcha|s:4:\"il24\";'
WHERE `id` = 'abc9f0dd5d17311e5016ff43222d4fed2d14098c';
INSERT INTO `login_history` (`user_id`, `device`, `ip_address`, `date`) VALUES ('JHRDHS', 'Mozilla/5.0 (Macintosh; Intel Mac OS X 10_15_7) AppleWebKit/605.1.15 (KHTML, like Gecko) Version/17.6 Safari/605.1.15', '2600:1702:50d0:a580:591d:fea1:b934:c80c', '25-07-25 20:46');
UPDATE `user_registration` SET `popup_seen` = 'yes'
WHERE `user_id` = 'JHRDHS';
UPDATE `ci_sessions` SET `timestamp` = 1753495004, `data` = '__ci_last_regenerate|i:1753495004;id|s:4:\"2071\";user_id|s:6:\"JHRDHS\";username|s:7:\"mbecena\";sponsor_id|s:6:\"CVVK4C\";fullname|s:12:\"Maria Becena\";email|s:21:\"mbecena@bellsouth.net\";phone|s:10:\"7862360387\";isLogIn|b:1;message|s:20:\"Welcome Maria Becena\";__ci_vars|a:1:{s:7:\"message\";s:3:\"old\";}'
WHERE `id` = 'c113b8070132136eab6283737d224e89a9da6376';
UPDATE `ci_sessions` SET `timestamp` = 1753495699, `data` = '__ci_last_regenerate|i:1753495699;captcha|s:4:\"na6z\";'
WHERE `id` = 'a019303d99314a1e5de0ee66c8163a37dc5af4b6';
INSERT INTO `login_history` (`user_id`, `device`, `ip_address`, `date`) VALUES ('UQO7EQ', 'Mozilla/5.0 (Windows NT 10.0; Win64; x64) AppleWebKit/537.36 (KHTML, like Gecko) Chrome/138.0.0.0 Safari/537.36', '2601:58a:897c:3fd0:d49f:cb79:c0:b446', '25-07-25 21:08');
UPDATE `user_registration` SET `popup_seen` = 'yes'
WHERE `user_id` = 'UQO7EQ';
UPDATE `user_registration` SET `popup_seen` = 'no'
WHERE `user_id` = 'UQO7EQ';
DELETE FROM `ci_sessions`
WHERE `id` = 'c0eaeadf725a0eca174947dbc5fc2018afdb5192';
INSERT INTO `login_history` (`user_id`, `device`, `ip_address`, `date`) VALUES ('IYCRUH', 'Mozilla/5.0 (iPhone; CPU iPhone OS 18_5 like Mac OS X) AppleWebKit/605.1.15 (KHTML, like Gecko) Version/18.5 Mobile/15E148 Safari/604.1', '2600:1700:4c04:4240:cc1:6456:670a:7566', '25-07-25 21:22');
UPDATE `user_registration` SET `popup_seen` = 'yes'
WHERE `user_id` = 'IYCRUH';
UPDATE `user_registration` SET `popup_seen` = 'no'
WHERE `user_id` = 'IYCRUH';
DELETE FROM `ci_sessions`
WHERE `id` = '116a5bce7a957a88a27a91cd099d7457f8cd1439';
INSERT INTO `login_history` (`user_id`, `device`, `ip_address`, `date`) VALUES ('LUOTZ5', 'Mozilla/5.0 (iPhone; CPU iPhone OS 18_5 like Mac OS X) AppleWebKit/605.1.15 (KHTML, like Gecko) Version/18.5 Mobile/15E148 Safari/604.1', '2600:1700:4c04:4240:9510:fdfa:8ad3:3a93', '25-07-25 21:25');
UPDATE `user_registration` SET `popup_seen` = 'yes'
WHERE `user_id` = 'LUOTZ5';
INSERT INTO `temp_register` (`post_data`, `date`, `payment_method`, `type`) VALUES ('{\"user_id\":\"LUOTZ5\",\"card_id\":\"4\",\"card_cost\":\"150\",\"card_value\":\"150\",\"payment_option\":\"stripe\",\"date\":\"2025-07-25 21:26:24\"}', '2025-07-25 21:26:24', 'stripe', 'buy+top_up_card');
UPDATE `temp_register` SET `response` = '{\"stripeToken\":\"tok_1Roxqe2NUoYUjiuu51psqzTE\",\"stripeTokenType\":\"card\",\"stripeEmail\":\"ramonfernandez039@gmail.com\"}', `date_modified` = '2025-07-25 21:28:36', `payment_status` = '{\"id\":\"ch_3Roxqh2NUoYUjiuu0JGeicRb\",\"object\":\"charge\",\"amount\":15000,\"amount_captured\":15000,\"amount_refunded\":0,\"application\":null,\"application_fee\":null,\"application_fee_amount\":null,\"balance_transaction\":\"txn_3Roxqh2NUoYUjiuu0hLaEhTU\",\"billing_details\":{\"address\":{\"city\":null,\"country\":null,\"line1\":null,\"line2\":null,\"postal_code\":null,\"state\":null},\"email\":null,\"name\":\"ramonfernandez039@gmail.com\",\"phone\":null,\"tax_id\":null},\"calculated_statement_descriptor\":\"TRAVELEGENDCY LLC\",\"captured\":true,\"created\":1753496915,\"currency\":\"usd\",\"customer\":\"cus_SkSmP6sLZgKLWv\",\"description\":null,\"destination\":null,\"dispute\":null,\"disputed\":false,\"failure_balance_transaction\":null,\"failure_code\":null,\"failure_message\":null,\"fraud_details\":[],\"invoice\":null,\"livemode\":true,\"metadata\":[],\"on_behalf_of\":null,\"order\":null,\"outcome\":{\"advice_code\":null,\"network_advice_code\":null,\"network_decline_code\":null,\"network_status\":\"approved_by_network\",\"reason\":null,\"risk_level\":\"normal\",\"seller_message\":\"Payment complete.\",\"type\":\"authorized\"},\"paid\":true,\"payment_intent\":null,\"payment_method\":\"card_1Roxqd2NUoYUjiuuGUy1gjFy\",\"payment_method_details\":{\"card\":{\"amount_authorized\":15000,\"authorization_code\":\"006290\",\"brand\":\"visa\",\"checks\":{\"address_line1_check\":null,\"address_postal_code_check\":null,\"cvc_check\":\"pass\"},\"country\":\"US\",\"exp_month\":6,\"exp_year\":2028,\"extended_authorization\":{\"status\":\"disabled\"},\"fingerprint\":\"JZWvL20Y69y7F8ex\",\"funding\":\"debit\",\"incremental_authorization\":{\"status\":\"unavailable\"},\"installments\":null,\"last4\":\"3112\",\"mandate\":null,\"multicapture\":{\"status\":\"unavailable\"},\"network\":\"visa\",\"network_token\":{\"used\":false},\"network_transaction_id\":\"305207089168779\",\"overcapture\":{\"maximum_amount_capturable\":15000,\"status\":\"unavailable\"},\"regulated_status\":\"regulated\",\"three_d_secure\":null,\"wallet\":null},\"type\":\"card\"},\"receipt_email\":null,\"receipt_number\":null,\"receipt_url\":\"https:\\/\\/pay.stripe.com\\/receipts\\/payment\\/CAcQARoXChVhY2N0XzFRUEFGdjJOVW9ZVWppdXUo1PqQxAYyBnCcuTYAbjosFvp0xKFHPRKtbuDt7EV3mVGxDnDNRt3Pp7FkugNKC2bLlXanx9lSVW2ZD_o\",\"refunded\":false,\"review\":null,\"shipping\":null,\"source\":{\"id\":\"card_1Roxqd2NUoYUjiuuGUy1gjFy\",\"object\":\"card\",\"address_city\":null,\"address_country\":null,\"address_line1\":null,\"address_line1_check\":null,\"address_line2\":null,\"address_state\":null,\"address_zip\":null,\"address_zip_check\":null,\"allow_redisplay\":\"unspecified\",\"brand\":\"Visa\",\"country\":\"US\",\"customer\":\"cus_SkSmP6sLZgKLWv\",\"cvc_check\":\"pass\",\"dynamic_last4\":null,\"exp_month\":6,\"exp_year\":2028,\"fingerprint\":\"JZWvL20Y69y7F8ex\",\"funding\":\"debit\",\"last4\":\"3112\",\"metadata\":[],\"name\":\"ramonfernandez039@gmail.com\",\"regulated_status\":\"regulated\",\"tokenization_method\":null,\"wallet\":null},\"source_transfer\":null,\"statement_descriptor\":null,\"statement_descriptor_suffix\":null,\"status\":\"succeeded\",\"transfer_data\":null,\"transfer_group\":null}'
WHERE `id` = 717;
INSERT INTO `card_purchase_history` (`user_id`, `card_id`, `card_cost`, `card_value`, `payment_option`, `date`) VALUES ('LUOTZ5', '4', '150', '150', 'stripe', '2025-07-25 21:26:24');
UPDATE `user_registration` SET commission_balance = ROUND(commission_balance + 150,2)
WHERE `user_id` = 'LUOTZ5';
UPDATE `user_registration` SET `popup_seen` = 'yes'
WHERE `user_id` = 'LUOTZ5';
UPDATE `user_registration` SET `popup_seen` = 'yes'
WHERE `user_id` = 'LUOTZ5';
UPDATE `user_registration` SET `popup_seen` = 'no'
WHERE `user_id` = 'LUOTZ5';
DELETE FROM `ci_sessions`
WHERE `id` = 'da274935071de42800eae7a3e5536790a804b07d';
INSERT INTO `login_history` (`user_id`, `device`, `ip_address`, `date`) VALUES ('IYCRUH', 'Mozilla/5.0 (iPhone; CPU iPhone OS 18_5 like Mac OS X) AppleWebKit/605.1.15 (KHTML, like Gecko) Version/18.5 Mobile/15E148 Safari/604.1', '2600:1700:4c04:4240:8019:f583:e71d:ec87', '25-07-25 21:29');
UPDATE `user_registration` SET `popup_seen` = 'yes'
WHERE `user_id` = 'IYCRUH';
UPDATE `ci_sessions` SET `timestamp` = 1753497674, `data` = '__ci_last_regenerate|i:1753497674;id|s:4:\"2192\";user_id|s:6:\"IYCRUH\";username|s:11:\"CARMENTMORA\";sponsor_id|s:6:\"QJ5U9C\";fullname|s:13:\"Carmen T Mora\";email|s:24:\"rosioesmeralda@yahoo.com\";phone|s:10:\"7869708716\";isLogIn|b:1;'
WHERE `id` = 'e76f9f9a38149495f079d37e70168fee1e5d18e6';
UPDATE `user_registration` SET `popup_seen` = 'yes'
WHERE `user_id` = 'IYCRUH';
UPDATE `user_registration` SET `popup_seen` = 'no'
WHERE `user_id` = 'IYCRUH';
DELETE FROM `ci_sessions`
WHERE `id` = '542090583b3b88aefaa19c4bf554279668d92bf5';
UPDATE `ci_sessions` SET `timestamp` = 1753500382, `data` = '__ci_last_regenerate|i:1753500382;id|s:4:\"2071\";user_id|s:6:\"JHRDHS\";username|s:7:\"mbecena\";sponsor_id|s:6:\"CVVK4C\";fullname|s:12:\"Maria Becena\";email|s:21:\"mbecena@bellsouth.net\";phone|s:10:\"7862360387\";isLogIn|b:1;'
WHERE `id` = '787632edceb42cf95fff74479d4f9d622fe9290d';
UPDATE `user_registration` SET `popup_seen` = 'yes'
WHERE `user_id` = 'JHRDHS';
UPDATE `ci_sessions` SET `timestamp` = 1753500719, `data` = '__ci_last_regenerate|i:1753500719;id|s:4:\"2071\";user_id|s:6:\"JHRDHS\";username|s:7:\"mbecena\";sponsor_id|s:6:\"CVVK4C\";fullname|s:12:\"Maria Becena\";email|s:21:\"mbecena@bellsouth.net\";phone|s:10:\"7862360387\";isLogIn|b:1;'
WHERE `id` = '71b6d3f07ddb7968b8e826ccae606bb98d8b3a68';
UPDATE `user_registration` SET `popup_seen` = 'yes'
WHERE `user_id` = 'JHRDHS';
INSERT INTO `login_history` (`user_id`, `device`, `ip_address`, `date`) VALUES ('UQO7EQ', 'Mozilla/5.0 (Linux; Android 10; K) AppleWebKit/537.36 (KHTML, like Gecko) Chrome/135.0.0.0 Mobile Safari/537.36', '2607:fb91:2892:ccb2:ac39:be37:98f2:9130', '25-07-25 22:36');
UPDATE `user_registration` SET `popup_seen` = 'yes'
WHERE `user_id` = 'UQO7EQ';
UPDATE `user_registration` SET `popup_seen` = 'yes'
WHERE `user_id` = 'UQO7EQ';
UPDATE `user_registration` SET `popup_seen` = 'no'
WHERE `user_id` = 'UQO7EQ';
DELETE FROM `ci_sessions`
WHERE `id` = 'd468670322f25813baa44b21a40b095cfa01aaa9';
INSERT INTO `login_history` (`user_id`, `device`, `ip_address`, `date`) VALUES ('JIYOH4', 'Mozilla/5.0 (iPhone; CPU iPhone OS 18_5 like Mac OS X) AppleWebKit/605.1.15 (KHTML, like Gecko) Version/18.5 Mobile/15E148 Safari/604.1', '2a09:bac3:6b50:2678::3d5:43', '25-07-25 23:26');
UPDATE `user_registration` SET `popup_seen` = 'yes'
WHERE `user_id` = 'JIYOH4';
INSERT INTO `login_history` (`user_id`, `device`, `ip_address`, `date`) VALUES ('UQO7EQ', 'Mozilla/5.0 (Windows NT 10.0; Win64; x64) AppleWebKit/537.36 (KHTML, like Gecko) Chrome/138.0.0.0 Safari/537.36', '2601:58a:897c:3fd0:d49f:cb79:c0:b446', '25-07-25 23:53');
UPDATE `user_registration` SET `popup_seen` = 'yes'
WHERE `user_id` = 'UQO7EQ';
UPDATE `user_registration` SET `popup_seen` = 'no'
WHERE `user_id` = 'UQO7EQ';
DELETE FROM `ci_sessions`
WHERE `id` = '73002e65511cd0ec2c9fb6f7f2e2401d6f76e2fc';
INSERT INTO `cron_job_history` (`name`, `date_started`, `status`) VALUES ('backup', '2025-07-26 00:00:02', 'started');
UPDATE `cron_job_history` SET `status` = 'done', `date_end` = '2025-07-26 00:00:03'
WHERE `id` = 537;
INSERT INTO `cron_job_history` (`name`, `date_started`, `status`) VALUES ('deduct_sub_amt_from_ewallet', '2025-07-26 00:05:01', 'started');
UPDATE `user_registration` SET `sub_point` = 0, `active_status` = 'no'
WHERE `user_id` = '35H9RV';
INSERT INTO `inactive_history` (`user_id`, `commission_balance`, `amount`, `date`) VALUES ('35H9RV', '97.5', '150', '2025-07-26 00:05:01');
UPDATE `user_registration` SET `sub_point` = 0, `active_status` = 'no'
WHERE `user_id` = '44B9Y4';
INSERT INTO `inactive_history` (`user_id`, `commission_balance`, `amount`, `date`) VALUES ('44B9Y4', '50', '150', '2025-07-26 00:05:02');
UPDATE `user_registration` SET `sub_point` = 0, `active_status` = 'no'
WHERE `user_id` = 'SJBNYJ';
INSERT INTO `inactive_history` (`user_id`, `commission_balance`, `amount`, `date`) VALUES ('SJBNYJ', '50', '150', '2025-07-26 00:05:02');
UPDATE `user_registration` SET `sub_point` = 0, `active_status` = 'no'
WHERE `user_id` = '45E8V2';
INSERT INTO `inactive_history` (`user_id`, `commission_balance`, `amount`, `date`) VALUES ('45E8V2', '50', '150', '2025-07-26 00:05:03');
UPDATE `user_registration` SET `sub_point` = 0, `active_status` = 'no'
WHERE `user_id` = 'H2HQC8';
INSERT INTO `inactive_history` (`user_id`, `commission_balance`, `amount`, `date`) VALUES ('H2HQC8', '110', '150', '2025-07-26 00:05:03');
UPDATE `user_registration` SET `sub_point` = 0, `active_status` = 'no'
WHERE `user_id` = 'XVTJOY';
INSERT INTO `inactive_history` (`user_id`, `commission_balance`, `amount`, `date`) VALUES ('XVTJOY', '100', '150', '2025-07-26 00:05:03');
UPDATE `user_registration` SET `sub_point` = 0, `active_status` = 'no'
WHERE `user_id` = '4E1CRI';
INSERT INTO `inactive_history` (`user_id`, `commission_balance`, `amount`, `date`) VALUES ('4E1CRI', '100', '150', '2025-07-26 00:05:04');
UPDATE `user_registration` SET `sub_point` = 0, `active_status` = 'no'
WHERE `user_id` = 'PBFKSY';
INSERT INTO `inactive_history` (`user_id`, `commission_balance`, `amount`, `date`) VALUES ('PBFKSY', '0', '150', '2025-07-26 00:05:04');
UPDATE `user_registration` SET `sub_point` = 0, `active_status` = 'no'
WHERE `user_id` = 'R37QLI';
INSERT INTO `inactive_history` (`user_id`, `commission_balance`, `amount`, `date`) VALUES ('R37QLI', '80', '150', '2025-07-26 00:05:05');
UPDATE `user_registration` SET `sub_point` = 0, `active_status` = 'no'
WHERE `user_id` = 'Q6D63V';
INSERT INTO `inactive_history` (`user_id`, `commission_balance`, `amount`, `date`) VALUES ('Q6D63V', '100', '150', '2025-07-26 00:05:05');
UPDATE `user_registration` SET `sub_point` = 0, `active_status` = 'no'
WHERE `user_id` = 'Q834IS';
INSERT INTO `inactive_history` (`user_id`, `commission_balance`, `amount`, `date`) VALUES ('Q834IS', '0', '50', '2025-07-26 00:05:05');
UPDATE `user_registration` SET `sub_point` = 0, `active_status` = 'no'
WHERE `user_id` = 'PKHRN5';
INSERT INTO `inactive_history` (`user_id`, `commission_balance`, `amount`, `date`) VALUES ('PKHRN5', '28', '50', '2025-07-26 00:05:06');
UPDATE `user_registration` SET `sub_point` = 0, `active_status` = 'no'
WHERE `user_id` = 'MT8QJF';
INSERT INTO `inactive_history` (`user_id`, `commission_balance`, `amount`, `date`) VALUES ('MT8QJF', '0', '150', '2025-07-26 00:05:06');
UPDATE `user_registration` SET commission_balance = ROUND(commission_balance - 150,2)
WHERE `user_id` = 'UQO7EQ';
INSERT INTO `sub_history` (`user_id`, `package_id`, `amount`, `payment_method`, `date`) VALUES ('UQO7EQ', '2', '150', 'Ewallet', '2025-07-26 00:05:06');
UPDATE `user_registration` SET sub_point = ROUND(sub_point + 150,2)
WHERE `user_id` = 'UQO7EQ';
INSERT INTO `investment` (`invest_date`, `user_id`, `type`, `amount`, `package_id`) VALUES ('2025-07-26 00:05:06', 'UQO7EQ', 'subscription', '150', '2');
UPDATE `user_registration` SET total_points = ROUND(total_points + 150,2)
WHERE `user_id` = 'UQO7EQ';
INSERT INTO `points_history` (`user_id`, `points`, `type`, `date`) VALUES ('UQO7EQ', '150', 'subscription', '2025-07-26 00:05:');
UPDATE `bv_updation` SET left_carry = left_carry+150, total_left = total_left+150
WHERE `user_id` = 'N6GZAE';
INSERT INTO `placement_bv_update_history` (`left_carry`, `date`, `from_id`, `user_id`) VALUES ('150', '2025-07-26 00:05:06', 'UQO7EQ', 'N6GZAE');
UPDATE `user_registration` SET `cycle_rank_id` = '1'
WHERE `user_id` = 'N6GZAE';
INSERT INTO `rank_history` (`rank_id`, `user_id`, `name`, `bv`, `date`, `amount`, `type`) VALUES ('1', 'N6GZAE', 'Affiliate', '0', '2025-07-26 00:05:07', '0', 'auto');
UPDATE `bv_updation` SET sponsor_left_carry = sponsor_left_carry+150, sponsor_total_left = sponsor_total_left+150
WHERE `user_id` = 'N6GZAE';
INSERT INTO `sponsor_bv_update_history` (`left_carry`, `date`, `user_id`) VALUES ('150', '2025-07-26 00:05:07', 'N6GZAE');
UPDATE `bv_updation` SET left_carry = left_carry+150, total_left = total_left+150
WHERE `user_id` = '4E1CRI';
INSERT INTO `placement_bv_update_history` (`left_carry`, `date`, `from_id`, `user_id`) VALUES ('150', '2025-07-26 00:05:07', 'UQO7EQ', '4E1CRI');
UPDATE `bv_updation` SET left_carry = left_carry+150, total_left = total_left+150
WHERE `user_id` = 'SJBNYJ';
INSERT INTO `placement_bv_update_history` (`left_carry`, `date`, `from_id`, `user_id`) VALUES ('150', '2025-07-26 00:05:07', 'UQO7EQ', 'SJBNYJ');
UPDATE `user_registration` SET `cycle_rank_id` = '1'
WHERE `user_id` = 'SJBNYJ';
INSERT INTO `rank_history` (`rank_id`, `user_id`, `name`, `bv`, `date`, `amount`, `type`) VALUES ('1', 'SJBNYJ', 'Affiliate', '0', '2025-07-26 00:05:07', '0', 'auto');
UPDATE `bv_updation` SET left_carry = left_carry+150, total_left = total_left+150
WHERE `user_id` = '44B9Y4';
INSERT INTO `placement_bv_update_history` (`left_carry`, `date`, `from_id`, `user_id`) VALUES ('150', '2025-07-26 00:05:07', 'UQO7EQ', '44B9Y4');
UPDATE `user_registration` SET `cycle_rank_id` = '1'
WHERE `user_id` = '44B9Y4';
INSERT INTO `rank_history` (`rank_id`, `user_id`, `name`, `bv`, `date`, `amount`, `type`) VALUES ('1', '44B9Y4', 'Affiliate', '0', '2025-07-26 00:05:07', '0', 'auto');
UPDATE `bv_updation` SET right_carry = right_carry+150, total_right = total_right+150
WHERE `user_id` = 'admin';
INSERT INTO `placement_bv_update_history` (`right_carry`, `date`, `from_id`, `user_id`) VALUES ('150', '2025-07-26 00:05:07', 'UQO7EQ', 'admin');
UPDATE `user_registration` SET `cycle_rank_id` = '1'
WHERE `user_id` = 'admin';
INSERT INTO `rank_history` (`rank_id`, `user_id`, `name`, `bv`, `date`, `amount`, `type`) VALUES ('1', 'admin', 'Affiliate', '0', '2025-07-26 00:05:07', '0', 'auto');
UPDATE `user_registration` SET `subscription_date` = '2025-08-26', `active_status` = 'yes'
WHERE `user_id` = 'UQO7EQ';
UPDATE `user_registration` SET `sub_point` = 0, `active_status` = 'no'
WHERE `user_id` = 'OWF3OA';
INSERT INTO `inactive_history` (`user_id`, `commission_balance`, `amount`, `date`) VALUES ('OWF3OA', '0', '150', '2025-07-26 00:05:07');
UPDATE `user_registration` SET `sub_point` = 0, `active_status` = 'no'
WHERE `user_id` = 'HUDVJU';
INSERT INTO `inactive_history` (`user_id`, `commission_balance`, `amount`, `date`) VALUES ('HUDVJU', '30', '50', '2025-07-26 00:05:07');
UPDATE `user_registration` SET `sub_point` = 0, `active_status` = 'no'
WHERE `user_id` = 'IEVPMD';
INSERT INTO `inactive_history` (`user_id`, `commission_balance`, `amount`, `date`) VALUES ('IEVPMD', '0', '150', '2025-07-26 00:05:07');
UPDATE `user_registration` SET `sub_point` = 0, `active_status` = 'no'
WHERE `user_id` = 'K55EDD';
INSERT INTO `inactive_history` (`user_id`, `commission_balance`, `amount`, `date`) VALUES ('K55EDD', '0', '150', '2025-07-26 00:05:08');
UPDATE `user_registration` SET `sub_point` = 0, `active_status` = 'no'
WHERE `user_id` = 'CVVK4C';
INSERT INTO `inactive_history` (`user_id`, `commission_balance`, `amount`, `date`) VALUES ('CVVK4C', '0', '150', '2025-07-26 00:05:08');
UPDATE `user_registration` SET `sub_point` = 0, `active_status` = 'no'
WHERE `user_id` = 'HQTCGF';
INSERT INTO `inactive_history` (`user_id`, `commission_balance`, `amount`, `date`) VALUES ('HQTCGF', '0', '150', '2025-07-26 00:05:08');
UPDATE `user_registration` SET `sub_point` = 0, `active_status` = 'no'
WHERE `user_id` = 'AABG7W';
INSERT INTO `inactive_history` (`user_id`, `commission_balance`, `amount`, `date`) VALUES ('AABG7W', '0', '150', '2025-07-26 00:05:08');
UPDATE `user_registration` SET `sub_point` = 0, `active_status` = 'no'
WHERE `user_id` = 'L2MNP5';
INSERT INTO `inactive_history` (`user_id`, `commission_balance`, `amount`, `date`) VALUES ('L2MNP5', '0', '150', '2025-07-26 00:05:09');
UPDATE `user_registration` SET `sub_point` = 0, `active_status` = 'no'
WHERE `user_id` = 'U7SMZ8';
INSERT INTO `inactive_history` (`user_id`, `commission_balance`, `amount`, `date`) VALUES ('U7SMZ8', '0', '150', '2025-07-26 00:05:09');
UPDATE `user_registration` SET `sub_point` = 0, `active_status` = 'no'
WHERE `user_id` = 'PUJNHI';
INSERT INTO `inactive_history` (`user_id`, `commission_balance`, `amount`, `date`) VALUES ('PUJNHI', '40', '150', '2025-07-26 00:05:09');
UPDATE `user_registration` SET `sub_point` = 0, `active_status` = 'no'
WHERE `user_id` = 'WC5BL7';
INSERT INTO `inactive_history` (`user_id`, `commission_balance`, `amount`, `date`) VALUES ('WC5BL7', '0', '50', '2025-07-26 00:05:10');
UPDATE `user_registration` SET `sub_point` = 0, `active_status` = 'no'
WHERE `user_id` = 'W17SG2';
INSERT INTO `inactive_history` (`user_id`, `commission_balance`, `amount`, `date`) VALUES ('W17SG2', '0', '150', '2025-07-26 00:05:10');
UPDATE `user_registration` SET `sub_point` = 0, `active_status` = 'no'
WHERE `user_id` = 'PR92IO';
INSERT INTO `inactive_history` (`user_id`, `commission_balance`, `amount`, `date`) VALUES ('PR92IO', '0', '50', '2025-07-26 00:05:10');
UPDATE `user_registration` SET `sub_point` = 0, `active_status` = 'no'
WHERE `user_id` = 'UTF7YN';
INSERT INTO `inactive_history` (`user_id`, `commission_balance`, `amount`, `date`) VALUES ('UTF7YN', '0', '150', '2025-07-26 00:05:11');
UPDATE `user_registration` SET commission_balance = ROUND(commission_balance - 150,2)
WHERE `user_id` = 'JHRDHS';
INSERT INTO `sub_history` (`user_id`, `package_id`, `amount`, `payment_method`, `date`) VALUES ('JHRDHS', '2', '150', 'Ewallet', '2025-07-26 00:05:11');
UPDATE `user_registration` SET sub_point = ROUND(sub_point + 150,2)
WHERE `user_id` = 'JHRDHS';
INSERT INTO `investment` (`invest_date`, `user_id`, `type`, `amount`, `package_id`) VALUES ('2025-07-26 00:05:11', 'JHRDHS', 'subscription', '150', '2');
UPDATE `user_registration` SET total_points = ROUND(total_points + 150,2)
WHERE `user_id` = 'JHRDHS';
INSERT INTO `points_history` (`user_id`, `points`, `type`, `date`) VALUES ('JHRDHS', '150', 'subscription', '2025-07-26 00:05:');
UPDATE `bv_updation` SET right_carry = right_carry+150, total_right = total_right+150
WHERE `user_id` = 'CVVK4C';
INSERT INTO `placement_bv_update_history` (`right_carry`, `date`, `from_id`, `user_id`) VALUES ('150', '2025-07-26 00:05:11', 'JHRDHS', 'CVVK4C');
UPDATE `user_registration` SET `cycle_rank_id` = '1'
WHERE `user_id` = 'CVVK4C';
INSERT INTO `rank_history` (`rank_id`, `user_id`, `name`, `bv`, `date`, `amount`, `type`) VALUES ('1', 'CVVK4C', 'Affiliate', '0', '2025-07-26 00:05:11', '0', 'auto');
UPDATE `bv_updation` SET sponsor_right_carry = sponsor_right_carry+150, sponsor_total_right = sponsor_total_right+150
WHERE `user_id` = 'CVVK4C';
INSERT INTO `sponsor_bv_update_history` (`right_carry`, `date`, `user_id`) VALUES ('150', '2025-07-26 00:05:11', 'CVVK4C');
UPDATE `bv_updation` SET left_carry = left_carry+150, total_left = total_left+150
WHERE `user_id` = 'K55EDD';
INSERT INTO `placement_bv_update_history` (`left_carry`, `date`, `from_id`, `user_id`) VALUES ('150', '2025-07-26 00:05:11', 'JHRDHS', 'K55EDD');
UPDATE `user_registration` SET `cycle_rank_id` = '1'
WHERE `user_id` = 'K55EDD';
INSERT INTO `rank_history` (`rank_id`, `user_id`, `name`, `bv`, `date`, `amount`, `type`) VALUES ('1', 'K55EDD', 'Affiliate', '0', '2025-07-26 00:05:11', '0', 'auto');
UPDATE `bv_updation` SET left_carry = left_carry+150, total_left = total_left+150
WHERE `user_id` = 'UQO7EQ';
INSERT INTO `placement_bv_update_history` (`left_carry`, `date`, `from_id`, `user_id`) VALUES ('150', '2025-07-26 00:05:11', 'JHRDHS', 'UQO7EQ');
UPDATE `user_registration` SET `cycle_rank_id` = '1'
WHERE `user_id` = 'UQO7EQ';
INSERT INTO `rank_history` (`rank_id`, `user_id`, `name`, `bv`, `date`, `amount`, `type`) VALUES ('1', 'UQO7EQ', 'Affiliate', '0', '2025-07-26 00:05:11', '0', 'auto');
UPDATE `bv_updation` SET left_carry = left_carry+150, total_left = total_left+150
WHERE `user_id` = 'N6GZAE';
INSERT INTO `placement_bv_update_history` (`left_carry`, `date`, `from_id`, `user_id`) VALUES ('150', '2025-07-26 00:05:11', 'JHRDHS', 'N6GZAE');
UPDATE `user_registration` SET `cycle_rank_id` = '1'
WHERE `user_id` = 'N6GZAE';
INSERT INTO `rank_history` (`rank_id`, `user_id`, `name`, `bv`, `date`, `amount`, `type`) VALUES ('1', 'N6GZAE', 'Affiliate', '0', '2025-07-26 00:05:11', '0', 'auto');
UPDATE `bv_updation` SET left_carry = left_carry+150, total_left = total_left+150
WHERE `user_id` = '4E1CRI';
INSERT INTO `placement_bv_update_history` (`left_carry`, `date`, `from_id`, `user_id`) VALUES ('150', '2025-07-26 00:05:11', 'JHRDHS', '4E1CRI');
UPDATE `bv_updation` SET left_carry = left_carry+150, total_left = total_left+150
WHERE `user_id` = 'SJBNYJ';
INSERT INTO `placement_bv_update_history` (`left_carry`, `date`, `from_id`, `user_id`) VALUES ('150', '2025-07-26 00:05:11', 'JHRDHS', 'SJBNYJ');
UPDATE `user_registration` SET `cycle_rank_id` = '1'
WHERE `user_id` = 'SJBNYJ';
INSERT INTO `rank_history` (`rank_id`, `user_id`, `name`, `bv`, `date`, `amount`, `type`) VALUES ('1', 'SJBNYJ', 'Affiliate', '0', '2025-07-26 00:05:11', '0', 'auto');
UPDATE `bv_updation` SET left_carry = left_carry+150, total_left = total_left+150
WHERE `user_id` = '44B9Y4';
INSERT INTO `placement_bv_update_history` (`left_carry`, `date`, `from_id`, `user_id`) VALUES ('150', '2025-07-26 00:05:11', 'JHRDHS', '44B9Y4');
UPDATE `user_registration` SET `cycle_rank_id` = '1'
WHERE `user_id` = '44B9Y4';
INSERT INTO `rank_history` (`rank_id`, `user_id`, `name`, `bv`, `date`, `amount`, `type`) VALUES ('1', '44B9Y4', 'Affiliate', '0', '2025-07-26 00:05:11', '0', 'auto');
UPDATE `bv_updation` SET right_carry = right_carry+150, total_right = total_right+150
WHERE `user_id` = 'admin';
INSERT INTO `placement_bv_update_history` (`right_carry`, `date`, `from_id`, `user_id`) VALUES ('150', '2025-07-26 00:05:11', 'JHRDHS', 'admin');
UPDATE `user_registration` SET `cycle_rank_id` = '1'
WHERE `user_id` = 'admin';
INSERT INTO `rank_history` (`rank_id`, `user_id`, `name`, `bv`, `date`, `amount`, `type`) VALUES ('1', 'admin', 'Affiliate', '0', '2025-07-26 00:05:11', '0', 'auto');
UPDATE `user_registration` SET `subscription_date` = '2025-08-26', `active_status` = 'yes'
WHERE `user_id` = 'JHRDHS';
UPDATE `user_registration` SET `sub_point` = 0, `active_status` = 'no'
WHERE `user_id` = 'JIL8K9';
INSERT INTO `inactive_history` (`user_id`, `commission_balance`, `amount`, `date`) VALUES ('JIL8K9', '20', '150', '2025-07-26 00:05:11');
UPDATE `user_registration` SET `sub_point` = 0, `active_status` = 'no'
WHERE `user_id` = 'XHO8CJ';
INSERT INTO `inactive_history` (`user_id`, `commission_balance`, `amount`, `date`) VALUES ('XHO8CJ', '0', '150', '2025-07-26 00:05:11');
UPDATE `user_registration` SET `sub_point` = 0, `active_status` = 'no'
WHERE `user_id` = 'L8NRSC';
INSERT INTO `inactive_history` (`user_id`, `commission_balance`, `amount`, `date`) VALUES ('L8NRSC', '50', '150', '2025-07-26 00:05:11');
UPDATE `user_registration` SET commission_balance = ROUND(commission_balance - 150,2)
WHERE `user_id` = 'O94ZPY';
INSERT INTO `sub_history` (`user_id`, `package_id`, `amount`, `payment_method`, `date`) VALUES ('O94ZPY', '2', '150', 'Ewallet', '2025-07-26 00:05:12');
UPDATE `user_registration` SET sub_point = ROUND(sub_point + 150,2)
WHERE `user_id` = 'O94ZPY';
INSERT INTO `investment` (`invest_date`, `user_id`, `type`, `amount`, `package_id`) VALUES ('2025-07-26 00:05:12', 'O94ZPY', 'subscription', '150', '2');
UPDATE `user_registration` SET total_points = ROUND(total_points + 150,2)
WHERE `user_id` = 'O94ZPY';
INSERT INTO `points_history` (`user_id`, `points`, `type`, `date`) VALUES ('O94ZPY', '150', 'subscription', '2025-07-26 00:05:');
UPDATE `bv_updation` SET right_carry = right_carry+150, total_right = total_right+150
WHERE `user_id` = 'JHRDHS';
INSERT INTO `placement_bv_update_history` (`right_carry`, `date`, `from_id`, `user_id`) VALUES ('150', '2025-07-26 00:05:12', 'O94ZPY', 'JHRDHS');
UPDATE `user_registration` SET `cycle_rank_id` = '2'
WHERE `user_id` = 'JHRDHS';
INSERT INTO `rank_history` (`rank_id`, `user_id`, `name`, `bv`, `date`, `amount`, `type`) VALUES ('2', 'JHRDHS', 'Associate', '1200', '2025-07-26 00:05:12', '100', 'auto');
UPDATE `bv_updation` SET sponsor_right_carry = sponsor_right_carry+150, sponsor_total_right = sponsor_total_right+150
WHERE `user_id` = 'JHRDHS';
INSERT INTO `sponsor_bv_update_history` (`right_carry`, `date`, `user_id`) VALUES ('150', '2025-07-26 00:05:12', 'JHRDHS');
UPDATE `bv_updation` SET right_carry = right_carry+150, total_right = total_right+150
WHERE `user_id` = 'CVVK4C';
INSERT INTO `placement_bv_update_history` (`right_carry`, `date`, `from_id`, `user_id`) VALUES ('150', '2025-07-26 00:05:12', 'O94ZPY', 'CVVK4C');
UPDATE `user_registration` SET `cycle_rank_id` = '1'
WHERE `user_id` = 'CVVK4C';
INSERT INTO `rank_history` (`rank_id`, `user_id`, `name`, `bv`, `date`, `amount`, `type`) VALUES ('1', 'CVVK4C', 'Affiliate', '0', '2025-07-26 00:05:12', '0', 'auto');
UPDATE `bv_updation` SET left_carry = left_carry+150, total_left = total_left+150
WHERE `user_id` = 'K55EDD';
INSERT INTO `placement_bv_update_history` (`left_carry`, `date`, `from_id`, `user_id`) VALUES ('150', '2025-07-26 00:05:12', 'O94ZPY', 'K55EDD');
UPDATE `user_registration` SET `cycle_rank_id` = '1'
WHERE `user_id` = 'K55EDD';
INSERT INTO `rank_history` (`rank_id`, `user_id`, `name`, `bv`, `date`, `amount`, `type`) VALUES ('1', 'K55EDD', 'Affiliate', '0', '2025-07-26 00:05:12', '0', 'auto');
UPDATE `bv_updation` SET left_carry = left_carry+150, total_left = total_left+150
WHERE `user_id` = 'UQO7EQ';
INSERT INTO `placement_bv_update_history` (`left_carry`, `date`, `from_id`, `user_id`) VALUES ('150', '2025-07-26 00:05:12', 'O94ZPY', 'UQO7EQ');
UPDATE `user_registration` SET `cycle_rank_id` = '1'
WHERE `user_id` = 'UQO7EQ';
INSERT INTO `rank_history` (`rank_id`, `user_id`, `name`, `bv`, `date`, `amount`, `type`) VALUES ('1', 'UQO7EQ', 'Affiliate', '0', '2025-07-26 00:05:12', '0', 'auto');
UPDATE `bv_updation` SET left_carry = left_carry+150, total_left = total_left+150
WHERE `user_id` = 'N6GZAE';
INSERT INTO `placement_bv_update_history` (`left_carry`, `date`, `from_id`, `user_id`) VALUES ('150', '2025-07-26 00:05:12', 'O94ZPY', 'N6GZAE');
UPDATE `user_registration` SET `cycle_rank_id` = '1'
WHERE `user_id` = 'N6GZAE';
INSERT INTO `rank_history` (`rank_id`, `user_id`, `name`, `bv`, `date`, `amount`, `type`) VALUES ('1', 'N6GZAE', 'Affiliate', '0', '2025-07-26 00:05:12', '0', 'auto');
UPDATE `bv_updation` SET left_carry = left_carry+150, total_left = total_left+150
WHERE `user_id` = '4E1CRI';
INSERT INTO `placement_bv_update_history` (`left_carry`, `date`, `from_id`, `user_id`) VALUES ('150', '2025-07-26 00:05:12', 'O94ZPY', '4E1CRI');
UPDATE `bv_updation` SET left_carry = left_carry+150, total_left = total_left+150
WHERE `user_id` = 'SJBNYJ';
INSERT INTO `placement_bv_update_history` (`left_carry`, `date`, `from_id`, `user_id`) VALUES ('150', '2025-07-26 00:05:12', 'O94ZPY', 'SJBNYJ');
UPDATE `user_registration` SET `cycle_rank_id` = '1'
WHERE `user_id` = 'SJBNYJ';
INSERT INTO `rank_history` (`rank_id`, `user_id`, `name`, `bv`, `date`, `amount`, `type`) VALUES ('1', 'SJBNYJ', 'Affiliate', '0', '2025-07-26 00:05:12', '0', 'auto');
UPDATE `bv_updation` SET left_carry = left_carry+150, total_left = total_left+150
WHERE `user_id` = '44B9Y4';
INSERT INTO `placement_bv_update_history` (`left_carry`, `date`, `from_id`, `user_id`) VALUES ('150', '2025-07-26 00:05:12', 'O94ZPY', '44B9Y4');
UPDATE `user_registration` SET `cycle_rank_id` = '1'
WHERE `user_id` = '44B9Y4';
INSERT INTO `rank_history` (`rank_id`, `user_id`, `name`, `bv`, `date`, `amount`, `type`) VALUES ('1', '44B9Y4', 'Affiliate', '0', '2025-07-26 00:05:12', '0', 'auto');
UPDATE `bv_updation` SET right_carry = right_carry+150, total_right = total_right+150
WHERE `user_id` = 'admin';
INSERT INTO `placement_bv_update_history` (`right_carry`, `date`, `from_id`, `user_id`) VALUES ('150', '2025-07-26 00:05:12', 'O94ZPY', 'admin');
UPDATE `user_registration` SET `cycle_rank_id` = '1'
WHERE `user_id` = 'admin';
INSERT INTO `rank_history` (`rank_id`, `user_id`, `name`, `bv`, `date`, `amount`, `type`) VALUES ('1', 'admin', 'Affiliate', '0', '2025-07-26 00:05:12', '0', 'auto');
UPDATE `user_registration` SET `subscription_date` = '2025-08-26', `active_status` = 'yes'
WHERE `user_id` = 'O94ZPY';
UPDATE `user_registration` SET `sub_point` = 0, `active_status` = 'no'
WHERE `user_id` = '6H3N98';
INSERT INTO `inactive_history` (`user_id`, `commission_balance`, `amount`, `date`) VALUES ('6H3N98', '100', '150', '2025-07-26 00:05:12');
UPDATE `user_registration` SET `sub_point` = 0, `active_status` = 'no'
WHERE `user_id` = 'HP6YP2';
INSERT INTO `inactive_history` (`user_id`, `commission_balance`, `amount`, `date`) VALUES ('HP6YP2', '50', '150', '2025-07-26 00:05:12');
UPDATE `user_registration` SET `sub_point` = 0, `active_status` = 'no'
WHERE `user_id` = '8RVNYT';
INSERT INTO `inactive_history` (`user_id`, `commission_balance`, `amount`, `date`) VALUES ('8RVNYT', '0', '150', '2025-07-26 00:05:12');
UPDATE `user_registration` SET `sub_point` = 0, `active_status` = 'no'
WHERE `user_id` = 'K8DXP2';
INSERT INTO `inactive_history` (`user_id`, `commission_balance`, `amount`, `date`) VALUES ('K8DXP2', '0', '150', '2025-07-26 00:05:13');
UPDATE `user_registration` SET `sub_point` = 0, `active_status` = 'no'
WHERE `user_id` = 'BD2ZLC';
INSERT INTO `inactive_history` (`user_id`, `commission_balance`, `amount`, `date`) VALUES ('BD2ZLC', '100', '150', '2025-07-26 00:05:13');
UPDATE `user_registration` SET `sub_point` = 0, `active_status` = 'no'
WHERE `user_id` = '2MBPZI';
INSERT INTO `inactive_history` (`user_id`, `commission_balance`, `amount`, `date`) VALUES ('2MBPZI', '0', '150', '2025-07-26 00:05:13');
UPDATE `user_registration` SET `sub_point` = 0, `active_status` = 'no'
WHERE `user_id` = 'XXI66Z';
INSERT INTO `inactive_history` (`user_id`, `commission_balance`, `amount`, `date`) VALUES ('XXI66Z', '0', '150', '2025-07-26 00:05:14');
UPDATE `user_registration` SET `sub_point` = 0, `active_status` = 'no'
WHERE `user_id` = 'Q82ZV9';
INSERT INTO `inactive_history` (`user_id`, `commission_balance`, `amount`, `date`) VALUES ('Q82ZV9', '20', '50', '2025-07-26 00:05:14');
UPDATE `user_registration` SET `sub_point` = 0, `active_status` = 'no'
WHERE `user_id` = 'IWTOLP';
INSERT INTO `inactive_history` (`user_id`, `commission_balance`, `amount`, `date`) VALUES ('IWTOLP', '0', '50', '2025-07-26 00:05:14');
UPDATE `user_registration` SET `sub_point` = 0, `active_status` = 'no'
WHERE `user_id` = '9QPRWH';
INSERT INTO `inactive_history` (`user_id`, `commission_balance`, `amount`, `date`) VALUES ('9QPRWH', '0', '150', '2025-07-26 00:05:15');
UPDATE `user_registration` SET `sub_point` = 0, `active_status` = 'no'
WHERE `user_id` = 'LBY7TN';
INSERT INTO `inactive_history` (`user_id`, `commission_balance`, `amount`, `date`) VALUES ('LBY7TN', '0', '150', '2025-07-26 00:05:15');
UPDATE `user_registration` SET `sub_point` = 0, `active_status` = 'no'
WHERE `user_id` = 'WDEXJT';
INSERT INTO `inactive_history` (`user_id`, `commission_balance`, `amount`, `date`) VALUES ('WDEXJT', '0', '150', '2025-07-26 00:05:15');
UPDATE `user_registration` SET `sub_point` = 0, `active_status` = 'no'
WHERE `user_id` = '78UOV5';
INSERT INTO `inactive_history` (`user_id`, `commission_balance`, `amount`, `date`) VALUES ('78UOV5', '0', '50', '2025-07-26 00:05:16');
UPDATE `user_registration` SET `sub_point` = 0, `active_status` = 'no'
WHERE `user_id` = '8D7CNL';
INSERT INTO `inactive_history` (`user_id`, `commission_balance`, `amount`, `date`) VALUES ('8D7CNL', '100', '150', '2025-07-26 00:05:16');
UPDATE `user_registration` SET `sub_point` = 0, `active_status` = 'no'
WHERE `user_id` = 'UJXP99';
INSERT INTO `inactive_history` (`user_id`, `commission_balance`, `amount`, `date`) VALUES ('UJXP99', '0', '50', '2025-07-26 00:05:16');
UPDATE `user_registration` SET `sub_point` = 0, `active_status` = 'no'
WHERE `user_id` = 'L268VW';
INSERT INTO `inactive_history` (`user_id`, `commission_balance`, `amount`, `date`) VALUES ('L268VW', '0', '50', '2025-07-26 00:05:16');
UPDATE `user_registration` SET `sub_point` = 0, `active_status` = 'no'
WHERE `user_id` = 'UVJ6L9';
INSERT INTO `inactive_history` (`user_id`, `commission_balance`, `amount`, `date`) VALUES ('UVJ6L9', '0', '50', '2025-07-26 00:05:17');
UPDATE `user_registration` SET `sub_point` = 0, `active_status` = 'no'
WHERE `user_id` = 'T2U73Q';
INSERT INTO `inactive_history` (`user_id`, `commission_balance`, `amount`, `date`) VALUES ('T2U73Q', '0', '50', '2025-07-26 00:05:17');
UPDATE `user_registration` SET `sub_point` = 0, `active_status` = 'no'
WHERE `user_id` = 'ULHSH2';
INSERT INTO `inactive_history` (`user_id`, `commission_balance`, `amount`, `date`) VALUES ('ULHSH2', '0', '150', '2025-07-26 00:05:17');
UPDATE `user_registration` SET `sub_point` = 0, `active_status` = 'no'
WHERE `user_id` = 'UT8WM5';
INSERT INTO `inactive_history` (`user_id`, `commission_balance`, `amount`, `date`) VALUES ('UT8WM5', '100', '150', '2025-07-26 00:05:17');
UPDATE `user_registration` SET `sub_point` = 0, `active_status` = 'no'
WHERE `user_id` = 'H1XYDK';
INSERT INTO `inactive_history` (`user_id`, `commission_balance`, `amount`, `date`) VALUES ('H1XYDK', '0', '50', '2025-07-26 00:05:18');
UPDATE `user_registration` SET `sub_point` = 0, `active_status` = 'no'
WHERE `user_id` = '3UFB1M';
INSERT INTO `inactive_history` (`user_id`, `commission_balance`, `amount`, `date`) VALUES ('3UFB1M', '100', '150', '2025-07-26 00:05:18');
UPDATE `user_registration` SET `sub_point` = 0, `active_status` = 'no'
WHERE `user_id` = '72W7M6';
INSERT INTO `inactive_history` (`user_id`, `commission_balance`, `amount`, `date`) VALUES ('72W7M6', '0', '50', '2025-07-26 00:05:18');
UPDATE `user_registration` SET `sub_point` = 0, `active_status` = 'no'
WHERE `user_id` = '8PK4HK';
INSERT INTO `inactive_history` (`user_id`, `commission_balance`, `amount`, `date`) VALUES ('8PK4HK', '0', '150', '2025-07-26 00:05:19');
UPDATE `user_registration` SET `sub_point` = 0, `active_status` = 'no'
WHERE `user_id` = 'LEOFNI';
INSERT INTO `inactive_history` (`user_id`, `commission_balance`, `amount`, `date`) VALUES ('LEOFNI', '0', '150', '2025-07-26 00:05:19');
UPDATE `user_registration` SET `sub_point` = 0, `active_status` = 'no'
WHERE `user_id` = '75X85X';
INSERT INTO `inactive_history` (`user_id`, `commission_balance`, `amount`, `date`) VALUES ('75X85X', '0', '50', '2025-07-26 00:05:19');
UPDATE `user_registration` SET `sub_point` = 0, `active_status` = 'no'
WHERE `user_id` = 'UC1QRN';
INSERT INTO `inactive_history` (`user_id`, `commission_balance`, `amount`, `date`) VALUES ('UC1QRN', '0', '150', '2025-07-26 00:05:19');
UPDATE `user_registration` SET `sub_point` = 0, `active_status` = 'no'
WHERE `user_id` = '7YU16B';
INSERT INTO `inactive_history` (`user_id`, `commission_balance`, `amount`, `date`) VALUES ('7YU16B', '0', '50', '2025-07-26 00:05:20');
UPDATE `user_registration` SET `sub_point` = 0, `active_status` = 'no'
WHERE `user_id` = 'OEM6F6';
INSERT INTO `inactive_history` (`user_id`, `commission_balance`, `amount`, `date`) VALUES ('OEM6F6', '0', '50', '2025-07-26 00:05:20');
UPDATE `user_registration` SET `sub_point` = 0, `active_status` = 'no'
WHERE `user_id` = 'TU7MHD';
INSERT INTO `inactive_history` (`user_id`, `commission_balance`, `amount`, `date`) VALUES ('TU7MHD', '100', '150', '2025-07-26 00:05:20');
UPDATE `user_registration` SET `sub_point` = 0, `active_status` = 'no'
WHERE `user_id` = '7BQJK5';
INSERT INTO `inactive_history` (`user_id`, `commission_balance`, `amount`, `date`) VALUES ('7BQJK5', '20', '150', '2025-07-26 00:05:20');
UPDATE `user_registration` SET `sub_point` = 0, `active_status` = 'no'
WHERE `user_id` = 'FLKHUD';
INSERT INTO `inactive_history` (`user_id`, `commission_balance`, `amount`, `date`) VALUES ('FLKHUD', '0', '150', '2025-07-26 00:05:21');
UPDATE `user_registration` SET `sub_point` = 0, `active_status` = 'no'
WHERE `user_id` = 'XMN3MK';
INSERT INTO `inactive_history` (`user_id`, `commission_balance`, `amount`, `date`) VALUES ('XMN3MK', '0', '150', '2025-07-26 00:05:21');
UPDATE `user_registration` SET `sub_point` = 0, `active_status` = 'no'
WHERE `user_id` = '7SMFPM';
INSERT INTO `inactive_history` (`user_id`, `commission_balance`, `amount`, `date`) VALUES ('7SMFPM', '0', '50', '2025-07-26 00:05:21');
UPDATE `user_registration` SET `sub_point` = 0, `active_status` = 'no'
WHERE `user_id` = '4N4NX4';
INSERT INTO `inactive_history` (`user_id`, `commission_balance`, `amount`, `date`) VALUES ('4N4NX4', '0', '150', '2025-07-26 00:05:22');
UPDATE `user_registration` SET `sub_point` = 0, `active_status` = 'no'
WHERE `user_id` = 'WS9KK9';
INSERT INTO `inactive_history` (`user_id`, `commission_balance`, `amount`, `date`) VALUES ('WS9KK9', '0', '150', '2025-07-26 00:05:22');
UPDATE `user_registration` SET `sub_point` = 0, `active_status` = 'no'
WHERE `user_id` = 'OHI8SE';
INSERT INTO `inactive_history` (`user_id`, `commission_balance`, `amount`, `date`) VALUES ('OHI8SE', '20', '150', '2025-07-26 00:05:22');
UPDATE `user_registration` SET `sub_point` = 0, `active_status` = 'no'
WHERE `user_id` = 'BJFCEM';
INSERT INTO `inactive_history` (`user_id`, `commission_balance`, `amount`, `date`) VALUES ('BJFCEM', '0', '50', '2025-07-26 00:05:22');
UPDATE `user_registration` SET `sub_point` = 0, `active_status` = 'no'
WHERE `user_id` = '9EDD8W';
INSERT INTO `inactive_history` (`user_id`, `commission_balance`, `amount`, `date`) VALUES ('9EDD8W', '0', '50', '2025-07-26 00:05:23');
UPDATE `user_registration` SET `sub_point` = 0, `active_status` = 'no'
WHERE `user_id` = '2QC8SK';
INSERT INTO `inactive_history` (`user_id`, `commission_balance`, `amount`, `date`) VALUES ('2QC8SK', '0', '150', '2025-07-26 00:05:23');
UPDATE `user_registration` SET `sub_point` = 0, `active_status` = 'no'
WHERE `user_id` = 'TOTNOR';
INSERT INTO `inactive_history` (`user_id`, `commission_balance`, `amount`, `date`) VALUES ('TOTNOR', '0', '50', '2025-07-26 00:05:23');
UPDATE `user_registration` SET `sub_point` = 0, `active_status` = 'no'
WHERE `user_id` = 'M2XFK7';
INSERT INTO `inactive_history` (`user_id`, `commission_balance`, `amount`, `date`) VALUES ('M2XFK7', '0', '150', '2025-07-26 00:05:24');
UPDATE `user_registration` SET `sub_point` = 0, `active_status` = 'no'
WHERE `user_id` = '82W7DS';
INSERT INTO `inactive_history` (`user_id`, `commission_balance`, `amount`, `date`) VALUES ('82W7DS', '0', '50', '2025-07-26 00:05:24');
UPDATE `user_registration` SET `sub_point` = 0, `active_status` = 'no'
WHERE `user_id` = '9T4ALJ';
INSERT INTO `inactive_history` (`user_id`, `commission_balance`, `amount`, `date`) VALUES ('9T4ALJ', '0', '150', '2025-07-26 00:05:24');
UPDATE `user_registration` SET `sub_point` = 0, `active_status` = 'no'
WHERE `user_id` = '648GBY';
INSERT INTO `inactive_history` (`user_id`, `commission_balance`, `amount`, `date`) VALUES ('648GBY', '20', '50', '2025-07-26 00:05:24');
UPDATE `user_registration` SET `sub_point` = 0, `active_status` = 'no'
WHERE `user_id` = 'X5T3ZT';
INSERT INTO `inactive_history` (`user_id`, `commission_balance`, `amount`, `date`) VALUES ('X5T3ZT', '0', '150', '2025-07-26 00:05:24');
UPDATE `user_registration` SET `sub_point` = 0, `active_status` = 'no'
WHERE `user_id` = 'PXHCYN';
INSERT INTO `inactive_history` (`user_id`, `commission_balance`, `amount`, `date`) VALUES ('PXHCYN', '0', '150', '2025-07-26 00:05:25');
UPDATE `user_registration` SET `sub_point` = 0, `active_status` = 'no'
WHERE `user_id` = '4PJDWH';
INSERT INTO `inactive_history` (`user_id`, `commission_balance`, `amount`, `date`) VALUES ('4PJDWH', '0', '150', '2025-07-26 00:05:25');
UPDATE `user_registration` SET `sub_point` = 0, `active_status` = 'no'
WHERE `user_id` = 'G3WYIA';
INSERT INTO `inactive_history` (`user_id`, `commission_balance`, `amount`, `date`) VALUES ('G3WYIA', '0', '150', '2025-07-26 00:05:25');
UPDATE `user_registration` SET commission_balance = ROUND(commission_balance - 150,2)
WHERE `user_id` = 'HSP8ZI';
INSERT INTO `sub_history` (`user_id`, `package_id`, `amount`, `payment_method`, `date`) VALUES ('HSP8ZI', '2', '150', 'Ewallet', '2025-07-26 00:05:26');
UPDATE `user_registration` SET sub_point = ROUND(sub_point + 150,2)
WHERE `user_id` = 'HSP8ZI';
INSERT INTO `investment` (`invest_date`, `user_id`, `type`, `amount`, `package_id`) VALUES ('2025-07-26 00:05:26', 'HSP8ZI', 'subscription', '150', '2');
UPDATE `user_registration` SET total_points = ROUND(total_points + 150,2)
WHERE `user_id` = 'HSP8ZI';
INSERT INTO `points_history` (`user_id`, `points`, `type`, `date`) VALUES ('HSP8ZI', '150', 'subscription', '2025-07-26 00:05:');
UPDATE `bv_updation` SET right_carry = right_carry+150, total_right = total_right+150
WHERE `user_id` = '2RSJNO';
INSERT INTO `placement_bv_update_history` (`right_carry`, `date`, `from_id`, `user_id`) VALUES ('150', '2025-07-26 00:05:26', 'HSP8ZI', '2RSJNO');
UPDATE `user_registration` SET `cycle_rank_id` = '1'
WHERE `user_id` = '2RSJNO';
INSERT INTO `rank_history` (`rank_id`, `user_id`, `name`, `bv`, `date`, `amount`, `type`) VALUES ('1', '2RSJNO', 'Affiliate', '0', '2025-07-26 00:05:26', '0', 'auto');
UPDATE `bv_updation` SET sponsor_right_carry = sponsor_right_carry+150, sponsor_total_right = sponsor_total_right+150
WHERE `user_id` = '2RSJNO';
INSERT INTO `sponsor_bv_update_history` (`right_carry`, `date`, `user_id`) VALUES ('150', '2025-07-26 00:05:26', '2RSJNO');
UPDATE `bv_updation` SET left_carry = left_carry+150, total_left = total_left+150
WHERE `user_id` = 'ETPYLQ';
INSERT INTO `placement_bv_update_history` (`left_carry`, `date`, `from_id`, `user_id`) VALUES ('150', '2025-07-26 00:05:26', 'HSP8ZI', 'ETPYLQ');
UPDATE `user_registration` SET `cycle_rank_id` = '1'
WHERE `user_id` = 'ETPYLQ';
INSERT INTO `rank_history` (`rank_id`, `user_id`, `name`, `bv`, `date`, `amount`, `type`) VALUES ('1', 'ETPYLQ', 'Affiliate', '0', '2025-07-26 00:05:26', '0', 'auto');
UPDATE `bv_updation` SET left_carry = left_carry+150, total_left = total_left+150
WHERE `user_id` = 'M2XFK7';
INSERT INTO `placement_bv_update_history` (`left_carry`, `date`, `from_id`, `user_id`) VALUES ('150', '2025-07-26 00:05:26', 'HSP8ZI', 'M2XFK7');
UPDATE `bv_updation` SET left_carry = left_carry+150, total_left = total_left+150
WHERE `user_id` = '7BQJK5';
INSERT INTO `placement_bv_update_history` (`left_carry`, `date`, `from_id`, `user_id`) VALUES ('150', '2025-07-26 00:05:26', 'HSP8ZI', '7BQJK5');
UPDATE `user_registration` SET `cycle_rank_id` = '1'
WHERE `user_id` = '7BQJK5';
INSERT INTO `rank_history` (`rank_id`, `user_id`, `name`, `bv`, `date`, `amount`, `type`) VALUES ('1', '7BQJK5', 'Affiliate', '0', '2025-07-26 00:05:26', '0', 'auto');
UPDATE `bv_updation` SET left_carry = left_carry+150, total_left = total_left+150
WHERE `user_id` = 'QJ5U9C';
INSERT INTO `placement_bv_update_history` (`left_carry`, `date`, `from_id`, `user_id`) VALUES ('150', '2025-07-26 00:05:26', 'HSP8ZI', 'QJ5U9C');
UPDATE `user_registration` SET `cycle_rank_id` = '2'
WHERE `user_id` = 'QJ5U9C';
INSERT INTO `rank_history` (`rank_id`, `user_id`, `name`, `bv`, `date`, `amount`, `type`) VALUES ('2', 'QJ5U9C', 'Associate', '1200', '2025-07-26 00:05:26', '100', 'auto');
UPDATE `bv_updation` SET left_carry = left_carry+150, total_left = total_left+150
WHERE `user_id` = 'O94ZPY';
INSERT INTO `placement_bv_update_history` (`left_carry`, `date`, `from_id`, `user_id`) VALUES ('150', '2025-07-26 00:05:26', 'HSP8ZI', 'O94ZPY');
UPDATE `user_registration` SET `cycle_rank_id` = '1'
WHERE `user_id` = 'O94ZPY';
INSERT INTO `rank_history` (`rank_id`, `user_id`, `name`, `bv`, `date`, `amount`, `type`) VALUES ('1', 'O94ZPY', 'Affiliate', '0', '2025-07-26 00:05:26', '0', 'auto');
UPDATE `bv_updation` SET right_carry = right_carry+150, total_right = total_right+150
WHERE `user_id` = 'JHRDHS';
INSERT INTO `placement_bv_update_history` (`right_carry`, `date`, `from_id`, `user_id`) VALUES ('150', '2025-07-26 00:05:26', 'HSP8ZI', 'JHRDHS');
UPDATE `user_registration` SET `cycle_rank_id` = '2'
WHERE `user_id` = 'JHRDHS';
INSERT INTO `rank_history` (`rank_id`, `user_id`, `name`, `bv`, `date`, `amount`, `type`) VALUES ('2', 'JHRDHS', 'Associate', '1200', '2025-07-26 00:05:26', '100', 'auto');
UPDATE `bv_updation` SET right_carry = right_carry+150, total_right = total_right+150
WHERE `user_id` = 'CVVK4C';
INSERT INTO `placement_bv_update_history` (`right_carry`, `date`, `from_id`, `user_id`) VALUES ('150', '2025-07-26 00:05:26', 'HSP8ZI', 'CVVK4C');
UPDATE `user_registration` SET `cycle_rank_id` = '1'
WHERE `user_id` = 'CVVK4C';
INSERT INTO `rank_history` (`rank_id`, `user_id`, `name`, `bv`, `date`, `amount`, `type`) VALUES ('1', 'CVVK4C', 'Affiliate', '0', '2025-07-26 00:05:26', '0', 'auto');
UPDATE `bv_updation` SET left_carry = left_carry+150, total_left = total_left+150
WHERE `user_id` = 'K55EDD';
INSERT INTO `placement_bv_update_history` (`left_carry`, `date`, `from_id`, `user_id`) VALUES ('150', '2025-07-26 00:05:26', 'HSP8ZI', 'K55EDD');
UPDATE `user_registration` SET `cycle_rank_id` = '1'
WHERE `user_id` = 'K55EDD';
INSERT INTO `rank_history` (`rank_id`, `user_id`, `name`, `bv`, `date`, `amount`, `type`) VALUES ('1', 'K55EDD', 'Affiliate', '0', '2025-07-26 00:05:26', '0', 'auto');
UPDATE `bv_updation` SET left_carry = left_carry+150, total_left = total_left+150
WHERE `user_id` = 'UQO7EQ';
INSERT INTO `placement_bv_update_history` (`left_carry`, `date`, `from_id`, `user_id`) VALUES ('150', '2025-07-26 00:05:26', 'HSP8ZI', 'UQO7EQ');
UPDATE `user_registration` SET `cycle_rank_id` = '1'
WHERE `user_id` = 'UQO7EQ';
INSERT INTO `rank_history` (`rank_id`, `user_id`, `name`, `bv`, `date`, `amount`, `type`) VALUES ('1', 'UQO7EQ', 'Affiliate', '0', '2025-07-26 00:05:26', '0', 'auto');
UPDATE `bv_updation` SET left_carry = left_carry+150, total_left = total_left+150
WHERE `user_id` = 'N6GZAE';
INSERT INTO `placement_bv_update_history` (`left_carry`, `date`, `from_id`, `user_id`) VALUES ('150', '2025-07-26 00:05:26', 'HSP8ZI', 'N6GZAE');
UPDATE `user_registration` SET `cycle_rank_id` = '1'
WHERE `user_id` = 'N6GZAE';
INSERT INTO `rank_history` (`rank_id`, `user_id`, `name`, `bv`, `date`, `amount`, `type`) VALUES ('1', 'N6GZAE', 'Affiliate', '0', '2025-07-26 00:05:26', '0', 'auto');
UPDATE `bv_updation` SET left_carry = left_carry+150, total_left = total_left+150
WHERE `user_id` = '4E1CRI';
INSERT INTO `placement_bv_update_history` (`left_carry`, `date`, `from_id`, `user_id`) VALUES ('150', '2025-07-26 00:05:26', 'HSP8ZI', '4E1CRI');
UPDATE `bv_updation` SET left_carry = left_carry+150, total_left = total_left+150
WHERE `user_id` = 'SJBNYJ';
INSERT INTO `placement_bv_update_history` (`left_carry`, `date`, `from_id`, `user_id`) VALUES ('150', '2025-07-26 00:05:26', 'HSP8ZI', 'SJBNYJ');
UPDATE `user_registration` SET `cycle_rank_id` = '1'
WHERE `user_id` = 'SJBNYJ';
INSERT INTO `rank_history` (`rank_id`, `user_id`, `name`, `bv`, `date`, `amount`, `type`) VALUES ('1', 'SJBNYJ', 'Affiliate', '0', '2025-07-26 00:05:26', '0', 'auto');
UPDATE `bv_updation` SET left_carry = left_carry+150, total_left = total_left+150
WHERE `user_id` = '44B9Y4';
INSERT INTO `placement_bv_update_history` (`left_carry`, `date`, `from_id`, `user_id`) VALUES ('150', '2025-07-26 00:05:26', 'HSP8ZI', '44B9Y4');
UPDATE `user_registration` SET `cycle_rank_id` = '1'
WHERE `user_id` = '44B9Y4';
INSERT INTO `rank_history` (`rank_id`, `user_id`, `name`, `bv`, `date`, `amount`, `type`) VALUES ('1', '44B9Y4', 'Affiliate', '0', '2025-07-26 00:05:26', '0', 'auto');
UPDATE `bv_updation` SET right_carry = right_carry+150, total_right = total_right+150
WHERE `user_id` = 'admin';
INSERT INTO `placement_bv_update_history` (`right_carry`, `date`, `from_id`, `user_id`) VALUES ('150', '2025-07-26 00:05:26', 'HSP8ZI', 'admin');
UPDATE `user_registration` SET `cycle_rank_id` = '1'
WHERE `user_id` = 'admin';
INSERT INTO `rank_history` (`rank_id`, `user_id`, `name`, `bv`, `date`, `amount`, `type`) VALUES ('1', 'admin', 'Affiliate', '0', '2025-07-26 00:05:26', '0', 'auto');
UPDATE `user_registration` SET `subscription_date` = '2025-08-26', `active_status` = 'yes'
WHERE `user_id` = 'HSP8ZI';
UPDATE `user_registration` SET commission_balance = ROUND(commission_balance - 150,2)
WHERE `user_id` = 'LUOTZ5';
INSERT INTO `sub_history` (`user_id`, `package_id`, `amount`, `payment_method`, `date`) VALUES ('LUOTZ5', '2', '150', 'Ewallet', '2025-07-26 00:05:26');
UPDATE `user_registration` SET sub_point = ROUND(sub_point + 150,2)
WHERE `user_id` = 'LUOTZ5';
INSERT INTO `investment` (`invest_date`, `user_id`, `type`, `amount`, `package_id`) VALUES ('2025-07-26 00:05:26', 'LUOTZ5', 'subscription', '150', '2');
UPDATE `user_registration` SET total_points = ROUND(total_points + 150,2)
WHERE `user_id` = 'LUOTZ5';
INSERT INTO `points_history` (`user_id`, `points`, `type`, `date`) VALUES ('LUOTZ5', '150', 'subscription', '2025-07-26 00:05:');
UPDATE `bv_updation` SET left_carry = left_carry+150, total_left = total_left+150
WHERE `user_id` = 'IYCRUH';
INSERT INTO `placement_bv_update_history` (`left_carry`, `date`, `from_id`, `user_id`) VALUES ('150', '2025-07-26 00:05:26', 'LUOTZ5', 'IYCRUH');
UPDATE `user_registration` SET `cycle_rank_id` = '1'
WHERE `user_id` = 'IYCRUH';
INSERT INTO `rank_history` (`rank_id`, `user_id`, `name`, `bv`, `date`, `amount`, `type`) VALUES ('1', 'IYCRUH', 'Affiliate', '0', '2025-07-26 00:05:26', '0', 'auto');
UPDATE `bv_updation` SET sponsor_left_carry = sponsor_left_carry+150, sponsor_total_left = sponsor_total_left+150
WHERE `user_id` = 'IYCRUH';
INSERT INTO `sponsor_bv_update_history` (`left_carry`, `date`, `user_id`) VALUES ('150', '2025-07-26 00:05:26', 'IYCRUH');
UPDATE `bv_updation` SET left_carry = left_carry+150, total_left = total_left+150
WHERE `user_id` = '2RSJNO';
INSERT INTO `placement_bv_update_history` (`left_carry`, `date`, `from_id`, `user_id`) VALUES ('150', '2025-07-26 00:05:26', 'LUOTZ5', '2RSJNO');
UPDATE `user_registration` SET `cycle_rank_id` = '1'
WHERE `user_id` = '2RSJNO';
INSERT INTO `rank_history` (`rank_id`, `user_id`, `name`, `bv`, `date`, `amount`, `type`) VALUES ('1', '2RSJNO', 'Affiliate', '0', '2025-07-26 00:05:26', '0', 'auto');
UPDATE `bv_updation` SET left_carry = left_carry+150, total_left = total_left+150
WHERE `user_id` = 'ETPYLQ';
INSERT INTO `placement_bv_update_history` (`left_carry`, `date`, `from_id`, `user_id`) VALUES ('150', '2025-07-26 00:05:26', 'LUOTZ5', 'ETPYLQ');
UPDATE `user_registration` SET `cycle_rank_id` = '1'
WHERE `user_id` = 'ETPYLQ';
INSERT INTO `rank_history` (`rank_id`, `user_id`, `name`, `bv`, `date`, `amount`, `type`) VALUES ('1', 'ETPYLQ', 'Affiliate', '0', '2025-07-26 00:05:26', '0', 'auto');
UPDATE `bv_updation` SET left_carry = left_carry+150, total_left = total_left+150
WHERE `user_id` = 'M2XFK7';
INSERT INTO `placement_bv_update_history` (`left_carry`, `date`, `from_id`, `user_id`) VALUES ('150', '2025-07-26 00:05:26', 'LUOTZ5', 'M2XFK7');
UPDATE `bv_updation` SET left_carry = left_carry+150, total_left = total_left+150
WHERE `user_id` = '7BQJK5';
INSERT INTO `placement_bv_update_history` (`left_carry`, `date`, `from_id`, `user_id`) VALUES ('150', '2025-07-26 00:05:26', 'LUOTZ5', '7BQJK5');
UPDATE `user_registration` SET `cycle_rank_id` = '1'
WHERE `user_id` = '7BQJK5';
INSERT INTO `rank_history` (`rank_id`, `user_id`, `name`, `bv`, `date`, `amount`, `type`) VALUES ('1', '7BQJK5', 'Affiliate', '0', '2025-07-26 00:05:26', '0', 'auto');
UPDATE `bv_updation` SET left_carry = left_carry+150, total_left = total_left+150
WHERE `user_id` = 'QJ5U9C';
INSERT INTO `placement_bv_update_history` (`left_carry`, `date`, `from_id`, `user_id`) VALUES ('150', '2025-07-26 00:05:26', 'LUOTZ5', 'QJ5U9C');
UPDATE `user_registration` SET `cycle_rank_id` = '2'
WHERE `user_id` = 'QJ5U9C';
INSERT INTO `rank_history` (`rank_id`, `user_id`, `name`, `bv`, `date`, `amount`, `type`) VALUES ('2', 'QJ5U9C', 'Associate', '1200', '2025-07-26 00:05:26', '100', 'auto');
UPDATE `bv_updation` SET left_carry = left_carry+150, total_left = total_left+150
WHERE `user_id` = 'O94ZPY';
INSERT INTO `placement_bv_update_history` (`left_carry`, `date`, `from_id`, `user_id`) VALUES ('150', '2025-07-26 00:05:26', 'LUOTZ5', 'O94ZPY');
UPDATE `user_registration` SET `cycle_rank_id` = '1'
WHERE `user_id` = 'O94ZPY';
INSERT INTO `rank_history` (`rank_id`, `user_id`, `name`, `bv`, `date`, `amount`, `type`) VALUES ('1', 'O94ZPY', 'Affiliate', '0', '2025-07-26 00:05:26', '0', 'auto');
UPDATE `bv_updation` SET right_carry = right_carry+150, total_right = total_right+150
WHERE `user_id` = 'JHRDHS';
INSERT INTO `placement_bv_update_history` (`right_carry`, `date`, `from_id`, `user_id`) VALUES ('150', '2025-07-26 00:05:26', 'LUOTZ5', 'JHRDHS');
UPDATE `user_registration` SET `cycle_rank_id` = '2'
WHERE `user_id` = 'JHRDHS';
INSERT INTO `rank_history` (`rank_id`, `user_id`, `name`, `bv`, `date`, `amount`, `type`) VALUES ('2', 'JHRDHS', 'Associate', '1200', '2025-07-26 00:05:26', '100', 'auto');
UPDATE `bv_updation` SET right_carry = right_carry+150, total_right = total_right+150
WHERE `user_id` = 'CVVK4C';
INSERT INTO `placement_bv_update_history` (`right_carry`, `date`, `from_id`, `user_id`) VALUES ('150', '2025-07-26 00:05:26', 'LUOTZ5', 'CVVK4C');
UPDATE `user_registration` SET `cycle_rank_id` = '1'
WHERE `user_id` = 'CVVK4C';
INSERT INTO `rank_history` (`rank_id`, `user_id`, `name`, `bv`, `date`, `amount`, `type`) VALUES ('1', 'CVVK4C', 'Affiliate', '0', '2025-07-26 00:05:26', '0', 'auto');
UPDATE `bv_updation` SET left_carry = left_carry+150, total_left = total_left+150
WHERE `user_id` = 'K55EDD';
INSERT INTO `placement_bv_update_history` (`left_carry`, `date`, `from_id`, `user_id`) VALUES ('150', '2025-07-26 00:05:26', 'LUOTZ5', 'K55EDD');
UPDATE `user_registration` SET `cycle_rank_id` = '1'
WHERE `user_id` = 'K55EDD';
INSERT INTO `rank_history` (`rank_id`, `user_id`, `name`, `bv`, `date`, `amount`, `type`) VALUES ('1', 'K55EDD', 'Affiliate', '0', '2025-07-26 00:05:26', '0', 'auto');
UPDATE `bv_updation` SET left_carry = left_carry+150, total_left = total_left+150
WHERE `user_id` = 'UQO7EQ';
INSERT INTO `placement_bv_update_history` (`left_carry`, `date`, `from_id`, `user_id`) VALUES ('150', '2025-07-26 00:05:26', 'LUOTZ5', 'UQO7EQ');
UPDATE `user_registration` SET `cycle_rank_id` = '1'
WHERE `user_id` = 'UQO7EQ';
INSERT INTO `rank_history` (`rank_id`, `user_id`, `name`, `bv`, `date`, `amount`, `type`) VALUES ('1', 'UQO7EQ', 'Affiliate', '0', '2025-07-26 00:05:26', '0', 'auto');
UPDATE `bv_updation` SET left_carry = left_carry+150, total_left = total_left+150
WHERE `user_id` = 'N6GZAE';
INSERT INTO `placement_bv_update_history` (`left_carry`, `date`, `from_id`, `user_id`) VALUES ('150', '2025-07-26 00:05:26', 'LUOTZ5', 'N6GZAE');
UPDATE `user_registration` SET `cycle_rank_id` = '1'
WHERE `user_id` = 'N6GZAE';
INSERT INTO `rank_history` (`rank_id`, `user_id`, `name`, `bv`, `date`, `amount`, `type`) VALUES ('1', 'N6GZAE', 'Affiliate', '0', '2025-07-26 00:05:26', '0', 'auto');
UPDATE `bv_updation` SET left_carry = left_carry+150, total_left = total_left+150
WHERE `user_id` = '4E1CRI';
INSERT INTO `placement_bv_update_history` (`left_carry`, `date`, `from_id`, `user_id`) VALUES ('150', '2025-07-26 00:05:26', 'LUOTZ5', '4E1CRI');
UPDATE `bv_updation` SET left_carry = left_carry+150, total_left = total_left+150
WHERE `user_id` = 'SJBNYJ';
INSERT INTO `placement_bv_update_history` (`left_carry`, `date`, `from_id`, `user_id`) VALUES ('150', '2025-07-26 00:05:26', 'LUOTZ5', 'SJBNYJ');
UPDATE `user_registration` SET `cycle_rank_id` = '1'
WHERE `user_id` = 'SJBNYJ';
INSERT INTO `rank_history` (`rank_id`, `user_id`, `name`, `bv`, `date`, `amount`, `type`) VALUES ('1', 'SJBNYJ', 'Affiliate', '0', '2025-07-26 00:05:26', '0', 'auto');
UPDATE `bv_updation` SET left_carry = left_carry+150, total_left = total_left+150
WHERE `user_id` = '44B9Y4';
INSERT INTO `placement_bv_update_history` (`left_carry`, `date`, `from_id`, `user_id`) VALUES ('150', '2025-07-26 00:05:26', 'LUOTZ5', '44B9Y4');
UPDATE `user_registration` SET `cycle_rank_id` = '1'
WHERE `user_id` = '44B9Y4';
INSERT INTO `rank_history` (`rank_id`, `user_id`, `name`, `bv`, `date`, `amount`, `type`) VALUES ('1', '44B9Y4', 'Affiliate', '0', '2025-07-26 00:05:26', '0', 'auto');
UPDATE `bv_updation` SET right_carry = right_carry+150, total_right = total_right+150
WHERE `user_id` = 'admin';
INSERT INTO `placement_bv_update_history` (`right_carry`, `date`, `from_id`, `user_id`) VALUES ('150', '2025-07-26 00:05:26', 'LUOTZ5', 'admin');
UPDATE `user_registration` SET `cycle_rank_id` = '1'
WHERE `user_id` = 'admin';
INSERT INTO `rank_history` (`rank_id`, `user_id`, `name`, `bv`, `date`, `amount`, `type`) VALUES ('1', 'admin', 'Affiliate', '0', '2025-07-26 00:05:26', '0', 'auto');
UPDATE `user_registration` SET `subscription_date` = '2025-08-26', `active_status` = 'yes'
WHERE `user_id` = 'LUOTZ5';
UPDATE `user_registration` SET `sub_point` = 0, `active_status` = 'no'
WHERE `user_id` = 'XBYEND';
INSERT INTO `inactive_history` (`user_id`, `commission_balance`, `amount`, `date`) VALUES ('XBYEND', '100', '150', '2025-07-26 00:05:26');
UPDATE `user_registration` SET `sub_point` = 0, `active_status` = 'no'
WHERE `user_id` = '8R8YQG';
INSERT INTO `inactive_history` (`user_id`, `commission_balance`, `amount`, `date`) VALUES ('8R8YQG', '0', '150', '2025-07-26 00:05:26');
UPDATE `user_registration` SET `sub_point` = 0, `active_status` = 'no'
WHERE `user_id` = 'CN9O47';
INSERT INTO `inactive_history` (`user_id`, `commission_balance`, `amount`, `date`) VALUES ('CN9O47', '0', '150', '2025-07-26 00:05:26');
UPDATE `user_registration` SET `sub_point` = 0, `active_status` = 'no'
WHERE `user_id` = 'VZYEPG';
INSERT INTO `inactive_history` (`user_id`, `commission_balance`, `amount`, `date`) VALUES ('VZYEPG', '0', '150', '2025-07-26 00:05:27');
UPDATE `user_registration` SET commission_balance = ROUND(commission_balance - 150,2)
WHERE `user_id` = 'B5EVHD';
INSERT INTO `sub_history` (`user_id`, `package_id`, `amount`, `payment_method`, `date`) VALUES ('B5EVHD', '2', '150', 'Ewallet', '2025-07-26 00:05:27');
UPDATE `user_registration` SET sub_point = ROUND(sub_point + 150,2)
WHERE `user_id` = 'B5EVHD';
INSERT INTO `investment` (`invest_date`, `user_id`, `type`, `amount`, `package_id`) VALUES ('2025-07-26 00:05:27', 'B5EVHD', 'subscription', '150', '2');
UPDATE `user_registration` SET total_points = ROUND(total_points + 150,2)
WHERE `user_id` = 'B5EVHD';
INSERT INTO `points_history` (`user_id`, `points`, `type`, `date`) VALUES ('B5EVHD', '150', 'subscription', '2025-07-26 00:05:');
UPDATE `bv_updation` SET left_carry = left_carry+150, total_left = total_left+150
WHERE `user_id` = 'AQJLZA';
INSERT INTO `placement_bv_update_history` (`left_carry`, `date`, `from_id`, `user_id`) VALUES ('150', '2025-07-26 00:05:27', 'B5EVHD', 'AQJLZA');
UPDATE `bv_updation` SET left_carry = left_carry+150, total_left = total_left+150
WHERE `user_id` = '2V26XM';
INSERT INTO `placement_bv_update_history` (`left_carry`, `date`, `from_id`, `user_id`) VALUES ('150', '2025-07-26 00:05:27', 'B5EVHD', '2V26XM');
UPDATE `bv_updation` SET sponsor_left_carry = sponsor_left_carry+150, sponsor_total_left = sponsor_total_left+150
WHERE `user_id` = '2V26XM';
INSERT INTO `sponsor_bv_update_history` (`left_carry`, `date`, `user_id`) VALUES ('150', '2025-07-26 00:05:27', '2V26XM');
UPDATE `bv_updation` SET left_carry = left_carry+150, total_left = total_left+150
WHERE `user_id` = 'K8DXP2';
INSERT INTO `placement_bv_update_history` (`left_carry`, `date`, `from_id`, `user_id`) VALUES ('150', '2025-07-26 00:05:27', 'B5EVHD', 'K8DXP2');
UPDATE `bv_updation` SET left_carry = left_carry+150, total_left = total_left+150
WHERE `user_id` = 'HP6YP2';
INSERT INTO `placement_bv_update_history` (`left_carry`, `date`, `from_id`, `user_id`) VALUES ('150', '2025-07-26 00:05:27', 'B5EVHD', 'HP6YP2');
UPDATE `user_registration` SET `cycle_rank_id` = '1'
WHERE `user_id` = 'HP6YP2';
INSERT INTO `rank_history` (`rank_id`, `user_id`, `name`, `bv`, `date`, `amount`, `type`) VALUES ('1', 'HP6YP2', 'Affiliate', '0', '2025-07-26 00:05:27', '0', 'auto');
UPDATE `bv_updation` SET left_carry = left_carry+150, total_left = total_left+150
WHERE `user_id` = 'L8NRSC';
INSERT INTO `placement_bv_update_history` (`left_carry`, `date`, `from_id`, `user_id`) VALUES ('150', '2025-07-26 00:05:27', 'B5EVHD', 'L8NRSC');
UPDATE `user_registration` SET `cycle_rank_id` = '1'
WHERE `user_id` = 'L8NRSC';
INSERT INTO `rank_history` (`rank_id`, `user_id`, `name`, `bv`, `date`, `amount`, `type`) VALUES ('1', 'L8NRSC', 'Affiliate', '0', '2025-07-26 00:05:27', '0', 'auto');
UPDATE `bv_updation` SET left_carry = left_carry+150, total_left = total_left+150
WHERE `user_id` = 'JHRDHS';
INSERT INTO `placement_bv_update_history` (`left_carry`, `date`, `from_id`, `user_id`) VALUES ('150', '2025-07-26 00:05:27', 'B5EVHD', 'JHRDHS');
UPDATE `user_registration` SET `cycle_rank_id` = '2'
WHERE `user_id` = 'JHRDHS';
INSERT INTO `rank_history` (`rank_id`, `user_id`, `name`, `bv`, `date`, `amount`, `type`) VALUES ('2', 'JHRDHS', 'Associate', '1200', '2025-07-26 00:05:27', '100', 'auto');
UPDATE `bv_updation` SET right_carry = right_carry+150, total_right = total_right+150
WHERE `user_id` = 'CVVK4C';
INSERT INTO `placement_bv_update_history` (`right_carry`, `date`, `from_id`, `user_id`) VALUES ('150', '2025-07-26 00:05:27', 'B5EVHD', 'CVVK4C');
UPDATE `user_registration` SET `cycle_rank_id` = '1'
WHERE `user_id` = 'CVVK4C';
INSERT INTO `rank_history` (`rank_id`, `user_id`, `name`, `bv`, `date`, `amount`, `type`) VALUES ('1', 'CVVK4C', 'Affiliate', '0', '2025-07-26 00:05:27', '0', 'auto');
UPDATE `bv_updation` SET left_carry = left_carry+150, total_left = total_left+150
WHERE `user_id` = 'K55EDD';
INSERT INTO `placement_bv_update_history` (`left_carry`, `date`, `from_id`, `user_id`) VALUES ('150', '2025-07-26 00:05:27', 'B5EVHD', 'K55EDD');
UPDATE `user_registration` SET `cycle_rank_id` = '1'
WHERE `user_id` = 'K55EDD';
INSERT INTO `rank_history` (`rank_id`, `user_id`, `name`, `bv`, `date`, `amount`, `type`) VALUES ('1', 'K55EDD', 'Affiliate', '0', '2025-07-26 00:05:27', '0', 'auto');
UPDATE `bv_updation` SET left_carry = left_carry+150, total_left = total_left+150
WHERE `user_id` = 'UQO7EQ';
INSERT INTO `placement_bv_update_history` (`left_carry`, `date`, `from_id`, `user_id`) VALUES ('150', '2025-07-26 00:05:27', 'B5EVHD', 'UQO7EQ');
UPDATE `user_registration` SET `cycle_rank_id` = '1'
WHERE `user_id` = 'UQO7EQ';
INSERT INTO `rank_history` (`rank_id`, `user_id`, `name`, `bv`, `date`, `amount`, `type`) VALUES ('1', 'UQO7EQ', 'Affiliate', '0', '2025-07-26 00:05:27', '0', 'auto');
UPDATE `bv_updation` SET left_carry = left_carry+150, total_left = total_left+150
WHERE `user_id` = 'N6GZAE';
INSERT INTO `placement_bv_update_history` (`left_carry`, `date`, `from_id`, `user_id`) VALUES ('150', '2025-07-26 00:05:27', 'B5EVHD', 'N6GZAE');
UPDATE `user_registration` SET `cycle_rank_id` = '1'
WHERE `user_id` = 'N6GZAE';
INSERT INTO `rank_history` (`rank_id`, `user_id`, `name`, `bv`, `date`, `amount`, `type`) VALUES ('1', 'N6GZAE', 'Affiliate', '0', '2025-07-26 00:05:27', '0', 'auto');
UPDATE `bv_updation` SET left_carry = left_carry+150, total_left = total_left+150
WHERE `user_id` = '4E1CRI';
INSERT INTO `placement_bv_update_history` (`left_carry`, `date`, `from_id`, `user_id`) VALUES ('150', '2025-07-26 00:05:27', 'B5EVHD', '4E1CRI');
UPDATE `bv_updation` SET left_carry = left_carry+150, total_left = total_left+150
WHERE `user_id` = 'SJBNYJ';
INSERT INTO `placement_bv_update_history` (`left_carry`, `date`, `from_id`, `user_id`) VALUES ('150', '2025-07-26 00:05:27', 'B5EVHD', 'SJBNYJ');
UPDATE `user_registration` SET `cycle_rank_id` = '1'
WHERE `user_id` = 'SJBNYJ';
INSERT INTO `rank_history` (`rank_id`, `user_id`, `name`, `bv`, `date`, `amount`, `type`) VALUES ('1', 'SJBNYJ', 'Affiliate', '0', '2025-07-26 00:05:27', '0', 'auto');
UPDATE `bv_updation` SET left_carry = left_carry+150, total_left = total_left+150
WHERE `user_id` = '44B9Y4';
INSERT INTO `placement_bv_update_history` (`left_carry`, `date`, `from_id`, `user_id`) VALUES ('150', '2025-07-26 00:05:27', 'B5EVHD', '44B9Y4');
UPDATE `user_registration` SET `cycle_rank_id` = '1'
WHERE `user_id` = '44B9Y4';
INSERT INTO `rank_history` (`rank_id`, `user_id`, `name`, `bv`, `date`, `amount`, `type`) VALUES ('1', '44B9Y4', 'Affiliate', '0', '2025-07-26 00:05:27', '0', 'auto');
UPDATE `bv_updation` SET right_carry = right_carry+150, total_right = total_right+150
WHERE `user_id` = 'admin';
INSERT INTO `placement_bv_update_history` (`right_carry`, `date`, `from_id`, `user_id`) VALUES ('150', '2025-07-26 00:05:27', 'B5EVHD', 'admin');
UPDATE `user_registration` SET `cycle_rank_id` = '1'
WHERE `user_id` = 'admin';
INSERT INTO `rank_history` (`rank_id`, `user_id`, `name`, `bv`, `date`, `amount`, `type`) VALUES ('1', 'admin', 'Affiliate', '0', '2025-07-26 00:05:27', '0', 'auto');
UPDATE `user_registration` SET `subscription_date` = '2025-08-26', `active_status` = 'yes'
WHERE `user_id` = 'B5EVHD';
UPDATE `user_registration` SET `sub_point` = 0, `active_status` = 'no'
WHERE `user_id` = 'TB42PA';
INSERT INTO `inactive_history` (`user_id`, `commission_balance`, `amount`, `date`) VALUES ('TB42PA', '0', '150', '2025-07-26 00:05:27');
UPDATE `user_registration` SET `sub_point` = 0, `active_status` = 'no'
WHERE `user_id` = '2KPJZJ';
INSERT INTO `inactive_history` (`user_id`, `commission_balance`, `amount`, `date`) VALUES ('2KPJZJ', '0', '150', '2025-07-26 00:05:27');
UPDATE `user_registration` SET `sub_point` = 0, `active_status` = 'no'
WHERE `user_id` = '8634EF';
INSERT INTO `inactive_history` (`user_id`, `commission_balance`, `amount`, `date`) VALUES ('8634EF', '0', '150', '2025-07-26 00:05:27');
UPDATE `user_registration` SET `sub_point` = 0, `active_status` = 'no'
WHERE `user_id` = '7P1TWW';
INSERT INTO `inactive_history` (`user_id`, `commission_balance`, `amount`, `date`) VALUES ('7P1TWW', '20', '150', '2025-07-26 00:05:28');
UPDATE `user_registration` SET `sub_point` = 0, `active_status` = 'no'
WHERE `user_id` = 'PEABEG';
INSERT INTO `inactive_history` (`user_id`, `commission_balance`, `amount`, `date`) VALUES ('PEABEG', '0', '150', '2025-07-26 00:05:28');
UPDATE `user_registration` SET `sub_point` = 0, `active_status` = 'no'
WHERE `user_id` = 'WNT6C4';
INSERT INTO `inactive_history` (`user_id`, `commission_balance`, `amount`, `date`) VALUES ('WNT6C4', '0', '150', '2025-07-26 00:05:28');
UPDATE `user_registration` SET `sub_point` = 0, `active_status` = 'no'
WHERE `user_id` = 'KYPLBN';
INSERT INTO `inactive_history` (`user_id`, `commission_balance`, `amount`, `date`) VALUES ('KYPLBN', '0', '150', '2025-07-26 00:05:29');
UPDATE `user_registration` SET `sub_point` = 0, `active_status` = 'no'
WHERE `user_id` = '5MW4H3';
INSERT INTO `inactive_history` (`user_id`, `commission_balance`, `amount`, `date`) VALUES ('5MW4H3', '0', '150', '2025-07-26 00:05:29');
UPDATE `user_registration` SET `sub_point` = 0, `active_status` = 'no'
WHERE `user_id` = 'XT3VLL';
INSERT INTO `inactive_history` (`user_id`, `commission_balance`, `amount`, `date`) VALUES ('XT3VLL', '0', '150', '2025-07-26 00:05:29');
UPDATE `user_registration` SET `sub_point` = 0, `active_status` = 'no'
WHERE `user_id` = 'WP5PIA';
INSERT INTO `inactive_history` (`user_id`, `commission_balance`, `amount`, `date`) VALUES ('WP5PIA', '50', '150', '2025-07-26 00:05:29');
UPDATE `user_registration` SET `sub_point` = 0, `active_status` = 'no'
WHERE `user_id` = '7ZQOFP';
INSERT INTO `inactive_history` (`user_id`, `commission_balance`, `amount`, `date`) VALUES ('7ZQOFP', '20', '150', '2025-07-26 00:05:30');
UPDATE `user_registration` SET `sub_point` = 0, `active_status` = 'no'
WHERE `user_id` = '4Q2HUA';
INSERT INTO `inactive_history` (`user_id`, `commission_balance`, `amount`, `date`) VALUES ('4Q2HUA', '0', '150', '2025-07-26 00:05:30');
UPDATE `user_registration` SET `sub_point` = 0, `active_status` = 'no'
WHERE `user_id` = 'DLHC7V';
INSERT INTO `inactive_history` (`user_id`, `commission_balance`, `amount`, `date`) VALUES ('DLHC7V', '0', '150', '2025-07-26 00:05:30');
UPDATE `user_registration` SET `sub_point` = 0, `active_status` = 'no'
WHERE `user_id` = 'QXETAG';
INSERT INTO `inactive_history` (`user_id`, `commission_balance`, `amount`, `date`) VALUES ('QXETAG', '0', '150', '2025-07-26 00:05:30');
UPDATE `user_registration` SET `sub_point` = 0, `active_status` = 'no'
WHERE `user_id` = '41V5DE';
INSERT INTO `inactive_history` (`user_id`, `commission_balance`, `amount`, `date`) VALUES ('41V5DE', '0', '150', '2025-07-26 00:05:31');
UPDATE `user_registration` SET `sub_point` = 0, `active_status` = 'no'
WHERE `user_id` = 'SX4SBY';
INSERT INTO `inactive_history` (`user_id`, `commission_balance`, `amount`, `date`) VALUES ('SX4SBY', '0', '150', '2025-07-26 00:05:31');
UPDATE `user_registration` SET `sub_point` = 0, `active_status` = 'no'
WHERE `user_id` = '5SGU6D';
INSERT INTO `inactive_history` (`user_id`, `commission_balance`, `amount`, `date`) VALUES ('5SGU6D', '0', '150', '2025-07-26 00:05:31');
UPDATE `user_registration` SET `sub_point` = 0, `active_status` = 'no'
WHERE `user_id` = 'L84ITK';
INSERT INTO `inactive_history` (`user_id`, `commission_balance`, `amount`, `date`) VALUES ('L84ITK', '0', '150', '2025-07-26 00:05:32');
UPDATE `user_registration` SET `sub_point` = 0, `active_status` = 'no'
WHERE `user_id` = '6UFXJY';
INSERT INTO `inactive_history` (`user_id`, `commission_balance`, `amount`, `date`) VALUES ('6UFXJY', '0', '150', '2025-07-26 00:05:32');
UPDATE `user_registration` SET `sub_point` = 0, `active_status` = 'no'
WHERE `user_id` = '6FI4ND';
INSERT INTO `inactive_history` (`user_id`, `commission_balance`, `amount`, `date`) VALUES ('6FI4ND', '0', '150', '2025-07-26 00:05:32');
UPDATE `user_registration` SET `sub_point` = 0, `active_status` = 'no'
WHERE `user_id` = '2HKNYD';
INSERT INTO `inactive_history` (`user_id`, `commission_balance`, `amount`, `date`) VALUES ('2HKNYD', '0', '150', '2025-07-26 00:05:33');
UPDATE `user_registration` SET `sub_point` = 0, `active_status` = 'no'
WHERE `user_id` = '55ASP4';
INSERT INTO `inactive_history` (`user_id`, `commission_balance`, `amount`, `date`) VALUES ('55ASP4', '0', '150', '2025-07-26 00:05:33');
UPDATE `user_registration` SET `sub_point` = 0, `active_status` = 'no'
WHERE `user_id` = 'P16KP7';
INSERT INTO `inactive_history` (`user_id`, `commission_balance`, `amount`, `date`) VALUES ('P16KP7', '0', '150', '2025-07-26 00:05:34');
UPDATE `user_registration` SET `sub_point` = 0, `active_status` = 'no'
WHERE `user_id` = '7VETI8';
INSERT INTO `inactive_history` (`user_id`, `commission_balance`, `amount`, `date`) VALUES ('7VETI8', '0', '150', '2025-07-26 00:05:34');
UPDATE `user_registration` SET `sub_point` = 0, `active_status` = 'no'
WHERE `user_id` = 'EKTIVH';
INSERT INTO `inactive_history` (`user_id`, `commission_balance`, `amount`, `date`) VALUES ('EKTIVH', '0', '150', '2025-07-26 00:05:34');
UPDATE `user_registration` SET `sub_point` = 0, `active_status` = 'no'
WHERE `user_id` = 'WAO86G';
INSERT INTO `inactive_history` (`user_id`, `commission_balance`, `amount`, `date`) VALUES ('WAO86G', '0', '150', '2025-07-26 00:05:35');
UPDATE `user_registration` SET `sub_point` = 0, `active_status` = 'no'
WHERE `user_id` = '5YE99V';
INSERT INTO `inactive_history` (`user_id`, `commission_balance`, `amount`, `date`) VALUES ('5YE99V', '0', '50', '2025-07-26 00:05:35');
UPDATE `user_registration` SET `sub_point` = 0, `active_status` = 'no'
WHERE `user_id` = 'XFX3US';
INSERT INTO `inactive_history` (`user_id`, `commission_balance`, `amount`, `date`) VALUES ('XFX3US', '0', '50', '2025-07-26 00:05:36');
UPDATE `user_registration` SET `sub_point` = 0, `active_status` = 'no'
WHERE `user_id` = 'MRC89O';
INSERT INTO `inactive_history` (`user_id`, `commission_balance`, `amount`, `date`) VALUES ('MRC89O', '50', '150', '2025-07-26 00:05:36');
UPDATE `user_registration` SET `sub_point` = 0, `active_status` = 'no'
WHERE `user_id` = 'F8GQHM';
INSERT INTO `inactive_history` (`user_id`, `commission_balance`, `amount`, `date`) VALUES ('F8GQHM', '0', '150', '2025-07-26 00:05:36');
UPDATE `user_registration` SET `sub_point` = 0, `active_status` = 'no'
WHERE `user_id` = 'FMXQ6T';
INSERT INTO `inactive_history` (`user_id`, `commission_balance`, `amount`, `date`) VALUES ('FMXQ6T', '0', '150', '2025-07-26 00:05:37');
UPDATE `user_registration` SET `sub_point` = 0, `active_status` = 'no'
WHERE `user_id` = 'BAR1UQ';
INSERT INTO `inactive_history` (`user_id`, `commission_balance`, `amount`, `date`) VALUES ('BAR1UQ', '0', '150', '2025-07-26 00:05:37');
UPDATE `user_registration` SET `sub_point` = 0, `active_status` = 'no'
WHERE `user_id` = '6RCEKP';
INSERT INTO `inactive_history` (`user_id`, `commission_balance`, `amount`, `date`) VALUES ('6RCEKP', '0', '150', '2025-07-26 00:05:38');
UPDATE `user_registration` SET `sub_point` = 0, `active_status` = 'no'
WHERE `user_id` = 'RHLTER';
INSERT INTO `inactive_history` (`user_id`, `commission_balance`, `amount`, `date`) VALUES ('RHLTER', '0', '150', '2025-07-26 00:05:38');
UPDATE `user_registration` SET `sub_point` = 0, `active_status` = 'no'
WHERE `user_id` = 'FGI2FY';
INSERT INTO `inactive_history` (`user_id`, `commission_balance`, `amount`, `date`) VALUES ('FGI2FY', '0', '150', '2025-07-26 00:05:38');
UPDATE `user_registration` SET `sub_point` = 0, `active_status` = 'no'
WHERE `user_id` = 'JLPXI6';
INSERT INTO `inactive_history` (`user_id`, `commission_balance`, `amount`, `date`) VALUES ('JLPXI6', '0', '150', '2025-07-26 00:05:39');
UPDATE `user_registration` SET `sub_point` = 0, `active_status` = 'no'
WHERE `user_id` = 'YFRSTE';
INSERT INTO `inactive_history` (`user_id`, `commission_balance`, `amount`, `date`) VALUES ('YFRSTE', '0', '150', '2025-07-26 00:05:39');
UPDATE `user_registration` SET `sub_point` = 0, `active_status` = 'no'
WHERE `user_id` = 'G53DXI';
INSERT INTO `inactive_history` (`user_id`, `commission_balance`, `amount`, `date`) VALUES ('G53DXI', '0', '50', '2025-07-26 00:05:39');
UPDATE `user_registration` SET `sub_point` = 0, `active_status` = 'no'
WHERE `user_id` = '1KMQ3V';
INSERT INTO `inactive_history` (`user_id`, `commission_balance`, `amount`, `date`) VALUES ('1KMQ3V', '100', '150', '2025-07-26 00:05:40');
UPDATE `user_registration` SET `sub_point` = 0, `active_status` = 'no'
WHERE `user_id` = 'ZVZUJ1';
INSERT INTO `inactive_history` (`user_id`, `commission_balance`, `amount`, `date`) VALUES ('ZVZUJ1', '0', '150', '2025-07-26 00:05:40');
UPDATE `user_registration` SET `sub_point` = 0, `active_status` = 'no'
WHERE `user_id` = 'SAMPQX';
INSERT INTO `inactive_history` (`user_id`, `commission_balance`, `amount`, `date`) VALUES ('SAMPQX', '0', '150', '2025-07-26 00:05:40');
UPDATE `user_registration` SET `sub_point` = 0, `active_status` = 'no'
WHERE `user_id` = '23UJOB';
INSERT INTO `inactive_history` (`user_id`, `commission_balance`, `amount`, `date`) VALUES ('23UJOB', '0', '150', '2025-07-26 00:05:41');
UPDATE `user_registration` SET `sub_point` = 0, `active_status` = 'no'
WHERE `user_id` = 'NB7P18';
INSERT INTO `inactive_history` (`user_id`, `commission_balance`, `amount`, `date`) VALUES ('NB7P18', '0', '150', '2025-07-26 00:05:41');
UPDATE `user_registration` SET `sub_point` = 0, `active_status` = 'no'
WHERE `user_id` = '9VPMSG';
INSERT INTO `inactive_history` (`user_id`, `commission_balance`, `amount`, `date`) VALUES ('9VPMSG', '0', '150', '2025-07-26 00:05:41');
UPDATE `user_registration` SET `sub_point` = 0, `active_status` = 'no'
WHERE `user_id` = 'J385D5';
INSERT INTO `inactive_history` (`user_id`, `commission_balance`, `amount`, `date`) VALUES ('J385D5', '0', '150', '2025-07-26 00:05:41');
UPDATE `user_registration` SET `sub_point` = 0, `active_status` = 'no'
WHERE `user_id` = 'R18IYC';
INSERT INTO `inactive_history` (`user_id`, `commission_balance`, `amount`, `date`) VALUES ('R18IYC', '0', '150', '2025-07-26 00:05:42');
UPDATE `user_registration` SET `sub_point` = 0, `active_status` = 'no'
WHERE `user_id` = 'WYBCPQ';
INSERT INTO `inactive_history` (`user_id`, `commission_balance`, `amount`, `date`) VALUES ('WYBCPQ', '100', '150', '2025-07-26 00:05:42');
UPDATE `user_registration` SET `sub_point` = 0, `active_status` = 'no'
WHERE `user_id` = '55IB4V';
INSERT INTO `inactive_history` (`user_id`, `commission_balance`, `amount`, `date`) VALUES ('55IB4V', '0', '50', '2025-07-26 00:05:42');
UPDATE `user_registration` SET commission_balance = ROUND(commission_balance - 150,2)
WHERE `user_id` = '5UADRJ';
INSERT INTO `sub_history` (`user_id`, `package_id`, `amount`, `payment_method`, `date`) VALUES ('5UADRJ', '2', '150', 'Ewallet', '2025-07-26 00:05:42');
UPDATE `user_registration` SET sub_point = ROUND(sub_point + 150,2)
WHERE `user_id` = '5UADRJ';
INSERT INTO `investment` (`invest_date`, `user_id`, `type`, `amount`, `package_id`) VALUES ('2025-07-26 00:05:42', '5UADRJ', 'subscription', '150', '2');
UPDATE `user_registration` SET total_points = ROUND(total_points + 150,2)
WHERE `user_id` = '5UADRJ';
INSERT INTO `points_history` (`user_id`, `points`, `type`, `date`) VALUES ('5UADRJ', '150', 'subscription', '2025-07-26 00:05:');
UPDATE `bv_updation` SET left_carry = left_carry+150, total_left = total_left+150
WHERE `user_id` = '7GDBOU';
INSERT INTO `placement_bv_update_history` (`left_carry`, `date`, `from_id`, `user_id`) VALUES ('150', '2025-07-26 00:05:42', '5UADRJ', '7GDBOU');
UPDATE `user_registration` SET `cycle_rank_id` = '1'
WHERE `user_id` = '7GDBOU';
INSERT INTO `rank_history` (`rank_id`, `user_id`, `name`, `bv`, `date`, `amount`, `type`) VALUES ('1', '7GDBOU', 'Affiliate', '0', '2025-07-26 00:05:42', '0', 'auto');
UPDATE `bv_updation` SET sponsor_left_carry = sponsor_left_carry+150, sponsor_total_left = sponsor_total_left+150
WHERE `user_id` = '7GDBOU';
INSERT INTO `sponsor_bv_update_history` (`left_carry`, `date`, `user_id`) VALUES ('150', '2025-07-26 00:05:42', '7GDBOU');
UPDATE `bv_updation` SET right_carry = right_carry+150, total_right = total_right+150
WHERE `user_id` = 'JLPXI6';
INSERT INTO `placement_bv_update_history` (`right_carry`, `date`, `from_id`, `user_id`) VALUES ('150', '2025-07-26 00:05:42', '5UADRJ', 'JLPXI6');
UPDATE `bv_updation` SET right_carry = right_carry+150, total_right = total_right+150
WHERE `user_id` = 'CN9O47';
INSERT INTO `placement_bv_update_history` (`right_carry`, `date`, `from_id`, `user_id`) VALUES ('150', '2025-07-26 00:05:42', '5UADRJ', 'CN9O47');
UPDATE `bv_updation` SET right_carry = right_carry+150, total_right = total_right+150
WHERE `user_id` = 'X5T3ZT';
INSERT INTO `placement_bv_update_history` (`right_carry`, `date`, `from_id`, `user_id`) VALUES ('150', '2025-07-26 00:05:42', '5UADRJ', 'X5T3ZT');
UPDATE `bv_updation` SET right_carry = right_carry+150, total_right = total_right+150
WHERE `user_id` = '9T4ALJ';
INSERT INTO `placement_bv_update_history` (`right_carry`, `date`, `from_id`, `user_id`) VALUES ('150', '2025-07-26 00:05:42', '5UADRJ', '9T4ALJ');
UPDATE `bv_updation` SET right_carry = right_carry+150, total_right = total_right+150
WHERE `user_id` = '2QC8SK';
INSERT INTO `placement_bv_update_history` (`right_carry`, `date`, `from_id`, `user_id`) VALUES ('150', '2025-07-26 00:05:42', '5UADRJ', '2QC8SK');
UPDATE `bv_updation` SET right_carry = right_carry+150, total_right = total_right+150
WHERE `user_id` = 'OHI8SE';
INSERT INTO `placement_bv_update_history` (`right_carry`, `date`, `from_id`, `user_id`) VALUES ('150', '2025-07-26 00:05:42', '5UADRJ', 'OHI8SE');
UPDATE `bv_updation` SET right_carry = right_carry+150, total_right = total_right+150
WHERE `user_id` = 'QRE21J';
INSERT INTO `placement_bv_update_history` (`right_carry`, `date`, `from_id`, `user_id`) VALUES ('150', '2025-07-26 00:05:42', '5UADRJ', 'QRE21J');
UPDATE `user_registration` SET `cycle_rank_id` = '1'
WHERE `user_id` = 'QRE21J';
INSERT INTO `rank_history` (`rank_id`, `user_id`, `name`, `bv`, `date`, `amount`, `type`) VALUES ('1', 'QRE21J', 'Affiliate', '0', '2025-07-26 00:05:42', '0', 'auto');
UPDATE `bv_updation` SET right_carry = right_carry+150, total_right = total_right+150
WHERE `user_id` = 'HRAFD3';
INSERT INTO `placement_bv_update_history` (`right_carry`, `date`, `from_id`, `user_id`) VALUES ('150', '2025-07-26 00:05:42', '5UADRJ', 'HRAFD3');
UPDATE `user_registration` SET `cycle_rank_id` = '1'
WHERE `user_id` = 'HRAFD3';
INSERT INTO `rank_history` (`rank_id`, `user_id`, `name`, `bv`, `date`, `amount`, `type`) VALUES ('1', 'HRAFD3', 'Affiliate', '0', '2025-07-26 00:05:42', '0', 'auto');
UPDATE `bv_updation` SET right_carry = right_carry+150, total_right = total_right+150
WHERE `user_id` = 'F7LGEE';
INSERT INTO `placement_bv_update_history` (`right_carry`, `date`, `from_id`, `user_id`) VALUES ('150', '2025-07-26 00:05:42', '5UADRJ', 'F7LGEE');
UPDATE `user_registration` SET `cycle_rank_id` = '1'
WHERE `user_id` = 'F7LGEE';
INSERT INTO `rank_history` (`rank_id`, `user_id`, `name`, `bv`, `date`, `amount`, `type`) VALUES ('1', 'F7LGEE', 'Affiliate', '0', '2025-07-26 00:05:42', '0', 'auto');
UPDATE `bv_updation` SET right_carry = right_carry+150, total_right = total_right+150
WHERE `user_id` = 'QJ5U9C';
INSERT INTO `placement_bv_update_history` (`right_carry`, `date`, `from_id`, `user_id`) VALUES ('150', '2025-07-26 00:05:42', '5UADRJ', 'QJ5U9C');
UPDATE `user_registration` SET `cycle_rank_id` = '2'
WHERE `user_id` = 'QJ5U9C';
INSERT INTO `rank_history` (`rank_id`, `user_id`, `name`, `bv`, `date`, `amount`, `type`) VALUES ('2', 'QJ5U9C', 'Associate', '1200', '2025-07-26 00:05:42', '100', 'auto');
UPDATE `bv_updation` SET left_carry = left_carry+150, total_left = total_left+150
WHERE `user_id` = 'O94ZPY';
INSERT INTO `placement_bv_update_history` (`left_carry`, `date`, `from_id`, `user_id`) VALUES ('150', '2025-07-26 00:05:42', '5UADRJ', 'O94ZPY');
UPDATE `user_registration` SET `cycle_rank_id` = '1'
WHERE `user_id` = 'O94ZPY';
INSERT INTO `rank_history` (`rank_id`, `user_id`, `name`, `bv`, `date`, `amount`, `type`) VALUES ('1', 'O94ZPY', 'Affiliate', '0', '2025-07-26 00:05:42', '0', 'auto');
UPDATE `bv_updation` SET right_carry = right_carry+150, total_right = total_right+150
WHERE `user_id` = 'JHRDHS';
INSERT INTO `placement_bv_update_history` (`right_carry`, `date`, `from_id`, `user_id`) VALUES ('150', '2025-07-26 00:05:42', '5UADRJ', 'JHRDHS');
UPDATE `user_registration` SET `cycle_rank_id` = '2'
WHERE `user_id` = 'JHRDHS';
INSERT INTO `rank_history` (`rank_id`, `user_id`, `name`, `bv`, `date`, `amount`, `type`) VALUES ('2', 'JHRDHS', 'Associate', '1200', '2025-07-26 00:05:42', '100', 'auto');
UPDATE `bv_updation` SET right_carry = right_carry+150, total_right = total_right+150
WHERE `user_id` = 'CVVK4C';
INSERT INTO `placement_bv_update_history` (`right_carry`, `date`, `from_id`, `user_id`) VALUES ('150', '2025-07-26 00:05:42', '5UADRJ', 'CVVK4C');
UPDATE `user_registration` SET `cycle_rank_id` = '1'
WHERE `user_id` = 'CVVK4C';
INSERT INTO `rank_history` (`rank_id`, `user_id`, `name`, `bv`, `date`, `amount`, `type`) VALUES ('1', 'CVVK4C', 'Affiliate', '0', '2025-07-26 00:05:42', '0', 'auto');
UPDATE `bv_updation` SET left_carry = left_carry+150, total_left = total_left+150
WHERE `user_id` = 'K55EDD';
INSERT INTO `placement_bv_update_history` (`left_carry`, `date`, `from_id`, `user_id`) VALUES ('150', '2025-07-26 00:05:42', '5UADRJ', 'K55EDD');
UPDATE `user_registration` SET `cycle_rank_id` = '1'
WHERE `user_id` = 'K55EDD';
INSERT INTO `rank_history` (`rank_id`, `user_id`, `name`, `bv`, `date`, `amount`, `type`) VALUES ('1', 'K55EDD', 'Affiliate', '0', '2025-07-26 00:05:42', '0', 'auto');
UPDATE `bv_updation` SET left_carry = left_carry+150, total_left = total_left+150
WHERE `user_id` = 'UQO7EQ';
INSERT INTO `placement_bv_update_history` (`left_carry`, `date`, `from_id`, `user_id`) VALUES ('150', '2025-07-26 00:05:42', '5UADRJ', 'UQO7EQ');
UPDATE `user_registration` SET `cycle_rank_id` = '1'
WHERE `user_id` = 'UQO7EQ';
INSERT INTO `rank_history` (`rank_id`, `user_id`, `name`, `bv`, `date`, `amount`, `type`) VALUES ('1', 'UQO7EQ', 'Affiliate', '0', '2025-07-26 00:05:42', '0', 'auto');
UPDATE `bv_updation` SET left_carry = left_carry+150, total_left = total_left+150
WHERE `user_id` = 'N6GZAE';
INSERT INTO `placement_bv_update_history` (`left_carry`, `date`, `from_id`, `user_id`) VALUES ('150', '2025-07-26 00:05:42', '5UADRJ', 'N6GZAE');
UPDATE `user_registration` SET `cycle_rank_id` = '1'
WHERE `user_id` = 'N6GZAE';
INSERT INTO `rank_history` (`rank_id`, `user_id`, `name`, `bv`, `date`, `amount`, `type`) VALUES ('1', 'N6GZAE', 'Affiliate', '0', '2025-07-26 00:05:42', '0', 'auto');
UPDATE `bv_updation` SET left_carry = left_carry+150, total_left = total_left+150
WHERE `user_id` = '4E1CRI';
INSERT INTO `placement_bv_update_history` (`left_carry`, `date`, `from_id`, `user_id`) VALUES ('150', '2025-07-26 00:05:42', '5UADRJ', '4E1CRI');
UPDATE `bv_updation` SET left_carry = left_carry+150, total_left = total_left+150
WHERE `user_id` = 'SJBNYJ';
INSERT INTO `placement_bv_update_history` (`left_carry`, `date`, `from_id`, `user_id`) VALUES ('150', '2025-07-26 00:05:42', '5UADRJ', 'SJBNYJ');
UPDATE `user_registration` SET `cycle_rank_id` = '1'
WHERE `user_id` = 'SJBNYJ';
INSERT INTO `rank_history` (`rank_id`, `user_id`, `name`, `bv`, `date`, `amount`, `type`) VALUES ('1', 'SJBNYJ', 'Affiliate', '0', '2025-07-26 00:05:42', '0', 'auto');
UPDATE `bv_updation` SET left_carry = left_carry+150, total_left = total_left+150
WHERE `user_id` = '44B9Y4';
INSERT INTO `placement_bv_update_history` (`left_carry`, `date`, `from_id`, `user_id`) VALUES ('150', '2025-07-26 00:05:42', '5UADRJ', '44B9Y4');
UPDATE `user_registration` SET `cycle_rank_id` = '1'
WHERE `user_id` = '44B9Y4';
INSERT INTO `rank_history` (`rank_id`, `user_id`, `name`, `bv`, `date`, `amount`, `type`) VALUES ('1', '44B9Y4', 'Affiliate', '0', '2025-07-26 00:05:42', '0', 'auto');
UPDATE `bv_updation` SET right_carry = right_carry+150, total_right = total_right+150
WHERE `user_id` = 'admin';
INSERT INTO `placement_bv_update_history` (`right_carry`, `date`, `from_id`, `user_id`) VALUES ('150', '2025-07-26 00:05:42', '5UADRJ', 'admin');
UPDATE `user_registration` SET `cycle_rank_id` = '1'
WHERE `user_id` = 'admin';
INSERT INTO `rank_history` (`rank_id`, `user_id`, `name`, `bv`, `date`, `amount`, `type`) VALUES ('1', 'admin', 'Affiliate', '0', '2025-07-26 00:05:42', '0', 'auto');
UPDATE `user_registration` SET `subscription_date` = '2025-08-26', `active_status` = 'yes'
WHERE `user_id` = '5UADRJ';
UPDATE `cron_job_history` SET `status` = 'done', `date_end` = '2025-07-26 00:05:42'
WHERE `id` = 538;
INSERT INTO `login_history` (`user_id`, `device`, `ip_address`, `date`) VALUES ('JIYOH4', 'Mozilla/5.0 (iPhone; CPU iPhone OS 18_5 like Mac OS X) AppleWebKit/605.1.15 (KHTML, like Gecko) Version/18.5 Mobile/15E148 Safari/604.1', '2600:1702:880:8fb0:3da2:38dd:6f4c:dfb1', '25-07-26 00:47');
UPDATE `user_registration` SET `popup_seen` = 'yes'
WHERE `user_id` = 'JIYOH4';
UPDATE `admin` SET `last_login` = '2025-07-26 07:29:03', `ip_address` = '2601:587:300:1250:4c46:ddc1:2a1b:9090'
WHERE `id` = '1';
INSERT INTO `login_history` (`user_id`, `device`, `ip_address`, `date`) VALUES ('2RSJNO', 'Mozilla/5.0 (Windows NT 10.0; Win64; x64) AppleWebKit/537.36 (KHTML, like Gecko) Chrome/138.0.0.0 Safari/537.36', '2607:fb91:c0e:8097:f9be:e12c:40b4:a985', '25-07-26 08:22');
UPDATE `user_registration` SET `popup_seen` = 'yes'
WHERE `user_id` = '2RSJNO';
INSERT INTO `login_history` (`user_id`, `device`, `ip_address`, `date`) VALUES ('UQO7EQ', 'Mozilla/5.0 (Linux; Android 10; K) AppleWebKit/537.36 (KHTML, like Gecko) Chrome/135.0.0.0 Mobile Safari/537.36', '2607:fb91:2892:ccb2:ac39:be37:98f2:9130', '25-07-26 08:36');
UPDATE `user_registration` SET `popup_seen` = 'yes'
WHERE `user_id` = 'UQO7EQ';
UPDATE `user_registration` SET `popup_seen` = 'no'
WHERE `user_id` = 'UQO7EQ';
DELETE FROM `ci_sessions`
WHERE `id` = '8797e93acbaf0e4c0d98130628fc98b505a4fea3';
INSERT INTO `login_history` (`user_id`, `device`, `ip_address`, `date`) VALUES ('AABG7W', 'Mozilla/5.0 (Linux; Android 10; K) AppleWebKit/537.36 (KHTML, like Gecko) Chrome/138.0.0.0 Mobile Safari/537.36', '2601:586:5400:8640:83bf:b3d6:3f65:9adc', '25-07-26 08:40');
UPDATE `user_registration` SET `popup_seen` = 'yes'
WHERE `user_id` = 'AABG7W';
UPDATE `user_registration` SET `popup_seen` = 'yes'
WHERE `user_id` = 'AABG7W';
INSERT INTO `temp_register` (`post_data`, `date`, `payment_method`, `type`) VALUES ('{\"user_id\":\"AABG7W\",\"package_id\":\"2\",\"amount\":\"150\",\"payment_method\":\"stripe\",\"date\":\"2025-07-26 08:43:13\"}', '2025-07-26 08:43:13', 'stripe', 'renew');
UPDATE `temp_register` SET `response` = '{\"stripeToken\":\"tok_1Rp8O22NUoYUjiuuywcg1Sty\",\"stripeTokenType\":\"card\",\"stripeEmail\":\"cranbarrier@gmail.com\"}', `date_modified` = '2025-07-26 08:43:46', `payment_status` = '{\"id\":\"ch_3Rp8O52NUoYUjiuu0IYNRnpq\",\"object\":\"charge\",\"amount\":15000,\"amount_captured\":15000,\"amount_refunded\":0,\"application\":null,\"application_fee\":null,\"application_fee_amount\":null,\"balance_transaction\":\"txn_3Rp8O52NUoYUjiuu0VX7LiaF\",\"billing_details\":{\"address\":{\"city\":null,\"country\":null,\"line1\":null,\"line2\":null,\"postal_code\":null,\"state\":null},\"email\":null,\"name\":\"cranbarrier@gmail.com\",\"phone\":null,\"tax_id\":null},\"calculated_statement_descriptor\":\"TRAVELEGENDCY LLC\",\"captured\":true,\"created\":1753537425,\"currency\":\"usd\",\"customer\":\"cus_Skdfy3zGhNqZBr\",\"description\":null,\"destination\":null,\"dispute\":null,\"disputed\":false,\"failure_balance_transaction\":null,\"failure_code\":null,\"failure_message\":null,\"fraud_details\":[],\"invoice\":null,\"livemode\":true,\"metadata\":{\"name\":\"Lesli Andreu\",\"username\":\"freeurlife\"},\"on_behalf_of\":null,\"order\":null,\"outcome\":{\"advice_code\":null,\"network_advice_code\":null,\"network_decline_code\":null,\"network_status\":\"approved_by_network\",\"reason\":null,\"risk_level\":\"normal\",\"seller_message\":\"Payment complete.\",\"type\":\"authorized\"},\"paid\":true,\"payment_intent\":null,\"payment_method\":\"card_1Rp8O22NUoYUjiuuR3IT17U3\",\"payment_method_details\":{\"card\":{\"amount_authorized\":15000,\"authorization_code\":\"14828Z\",\"brand\":\"mastercard\",\"checks\":{\"address_line1_check\":null,\"address_postal_code_check\":null,\"cvc_check\":\"pass\"},\"country\":\"US\",\"exp_month\":4,\"exp_year\":2029,\"extended_authorization\":{\"status\":\"disabled\"},\"fingerprint\":\"6jAbOZ3yAld8jfvo\",\"funding\":\"credit\",\"incremental_authorization\":{\"status\":\"unavailable\"},\"installments\":null,\"last4\":\"8955\",\"mandate\":null,\"multicapture\":{\"status\":\"unavailable\"},\"network\":\"mastercard\",\"network_token\":{\"used\":false},\"network_transaction_id\":\"MWEKL3YQT0726\",\"overcapture\":{\"maximum_amount_capturable\":15000,\"status\":\"unavailable\"},\"regulated_status\":\"regulated\",\"three_d_secure\":null,\"wallet\":null},\"type\":\"card\"},\"receipt_email\":null,\"receipt_number\":null,\"receipt_url\":\"https:\\/\\/pay.stripe.com\\/receipts\\/payment\\/CAcQARoXChVhY2N0XzFRUEFGdjJOVW9ZVWppdXUokreTxAYyBnl5lLp7jjosFnZhBDNtu59D0SIbRTlWEIzQBvD7Olr0JZcRvJKAE8o2LN4tZWxlyhH_OKM\",\"refunded\":false,\"review\":null,\"shipping\":null,\"source\":{\"id\":\"card_1Rp8O22NUoYUjiuuR3IT17U3\",\"object\":\"card\",\"address_city\":null,\"address_country\":null,\"address_line1\":null,\"address_line1_check\":null,\"address_line2\":null,\"address_state\":null,\"address_zip\":null,\"address_zip_check\":null,\"allow_redisplay\":\"unspecified\",\"brand\":\"MasterCard\",\"country\":\"US\",\"customer\":\"cus_Skdfy3zGhNqZBr\",\"cvc_check\":\"pass\",\"dynamic_last4\":null,\"exp_month\":4,\"exp_year\":2029,\"fingerprint\":\"6jAbOZ3yAld8jfvo\",\"funding\":\"credit\",\"last4\":\"8955\",\"metadata\":[],\"name\":\"cranbarrier@gmail.com\",\"regulated_status\":\"regulated\",\"tokenization_method\":null,\"wallet\":null},\"source_transfer\":null,\"statement_descriptor\":null,\"statement_descriptor_suffix\":null,\"status\":\"succeeded\",\"transfer_data\":null,\"transfer_group\":null}'
WHERE `id` = 718;
INSERT INTO `sub_history` (`user_id`, `package_id`, `amount`, `payment_method`, `date`) VALUES ('AABG7W', '2', '150', 'Stripe', '2025-07-26 08:43:46');
UPDATE `user_registration` SET sub_point = ROUND(sub_point + 150,2)
WHERE `user_id` = 'AABG7W';
INSERT INTO `investment` (`invest_date`, `user_id`, `type`, `amount`, `package_id`) VALUES ('2025-07-26 08:43:46', 'AABG7W', 'subscription', '150', '2');
UPDATE `user_registration` SET total_points = ROUND(total_points + 150,2)
WHERE `user_id` = 'AABG7W';
INSERT INTO `points_history` (`user_id`, `points`, `type`, `date`) VALUES ('AABG7W', '150', 'subscription', '2025-07-26 08:43:');
UPDATE `bv_updation` SET right_carry = right_carry+150, total_right = total_right+150
WHERE `user_id` = '3ZDIFO';
INSERT INTO `placement_bv_update_history` (`right_carry`, `date`, `from_id`, `user_id`) VALUES ('150', '2025-07-26 08:43:46', 'AABG7W', '3ZDIFO');
UPDATE `bv_updation` SET right_carry = right_carry+150, total_right = total_right+150
WHERE `user_id` = 'UQO7EQ';
INSERT INTO `placement_bv_update_history` (`right_carry`, `date`, `from_id`, `user_id`) VALUES ('150', '2025-07-26 08:43:46', 'AABG7W', 'UQO7EQ');
UPDATE `user_registration` SET `cycle_rank_id` = '1'
WHERE `user_id` = 'UQO7EQ';
INSERT INTO `rank_history` (`rank_id`, `user_id`, `name`, `bv`, `date`, `amount`, `type`) VALUES ('1', 'UQO7EQ', 'Affiliate', '0', '2025-07-26 08:43:46', '0', 'auto');
UPDATE `bv_updation` SET sponsor_right_carry = sponsor_right_carry+150, sponsor_total_right = sponsor_total_right+150
WHERE `user_id` = 'UQO7EQ';
INSERT INTO `sponsor_bv_update_history` (`right_carry`, `date`, `user_id`) VALUES ('150', '2025-07-26 08:43:46', 'UQO7EQ');
UPDATE `bv_updation` SET left_carry = left_carry+150, total_left = total_left+150
WHERE `user_id` = 'N6GZAE';
INSERT INTO `placement_bv_update_history` (`left_carry`, `date`, `from_id`, `user_id`) VALUES ('150', '2025-07-26 08:43:46', 'AABG7W', 'N6GZAE');
UPDATE `user_registration` SET `cycle_rank_id` = '1'
WHERE `user_id` = 'N6GZAE';
INSERT INTO `rank_history` (`rank_id`, `user_id`, `name`, `bv`, `date`, `amount`, `type`) VALUES ('1', 'N6GZAE', 'Affiliate', '0', '2025-07-26 08:43:46', '0', 'auto');
UPDATE `bv_updation` SET left_carry = left_carry+150, total_left = total_left+150
WHERE `user_id` = '4E1CRI';
INSERT INTO `placement_bv_update_history` (`left_carry`, `date`, `from_id`, `user_id`) VALUES ('150', '2025-07-26 08:43:46', 'AABG7W', '4E1CRI');
UPDATE `bv_updation` SET left_carry = left_carry+150, total_left = total_left+150
WHERE `user_id` = 'SJBNYJ';
INSERT INTO `placement_bv_update_history` (`left_carry`, `date`, `from_id`, `user_id`) VALUES ('150', '2025-07-26 08:43:46', 'AABG7W', 'SJBNYJ');
UPDATE `user_registration` SET `cycle_rank_id` = '1'
WHERE `user_id` = 'SJBNYJ';
INSERT INTO `rank_history` (`rank_id`, `user_id`, `name`, `bv`, `date`, `amount`, `type`) VALUES ('1', 'SJBNYJ', 'Affiliate', '0', '2025-07-26 08:43:46', '0', 'auto');
UPDATE `bv_updation` SET left_carry = left_carry+150, total_left = total_left+150
WHERE `user_id` = '44B9Y4';
INSERT INTO `placement_bv_update_history` (`left_carry`, `date`, `from_id`, `user_id`) VALUES ('150', '2025-07-26 08:43:46', 'AABG7W', '44B9Y4');
UPDATE `user_registration` SET `cycle_rank_id` = '1'
WHERE `user_id` = '44B9Y4';
INSERT INTO `rank_history` (`rank_id`, `user_id`, `name`, `bv`, `date`, `amount`, `type`) VALUES ('1', '44B9Y4', 'Affiliate', '0', '2025-07-26 08:43:46', '0', 'auto');
UPDATE `bv_updation` SET right_carry = right_carry+150, total_right = total_right+150
WHERE `user_id` = 'admin';
INSERT INTO `placement_bv_update_history` (`right_carry`, `date`, `from_id`, `user_id`) VALUES ('150', '2025-07-26 08:43:46', 'AABG7W', 'admin');
UPDATE `user_registration` SET `cycle_rank_id` = '1'
WHERE `user_id` = 'admin';
INSERT INTO `rank_history` (`rank_id`, `user_id`, `name`, `bv`, `date`, `amount`, `type`) VALUES ('1', 'admin', 'Affiliate', '0', '2025-07-26 08:43:46', '0', 'auto');
UPDATE `user_registration` SET `subscription_date` = '2025-08-26', `active_status` = 'yes'
WHERE `user_id` = 'AABG7W';
UPDATE `user_registration` SET `popup_seen` = 'yes'
WHERE `user_id` = 'AABG7W';
UPDATE `ci_sessions` SET `timestamp` = 1753537851, `data` = '__ci_last_regenerate|i:1753537851;id|s:4:\"2057\";user_id|s:6:\"AABG7W\";username|s:10:\"freeurlife\";sponsor_id|s:6:\"UQO7EQ\";fullname|s:12:\"Lesli Andreu\";email|s:21:\"cranbarrier@gmail.com\";phone|s:10:\"7864171626\";isLogIn|b:1;'
WHERE `id` = 'fd87a5885727ba725bdce6746d9b28956f510012';
UPDATE `user_registration` SET `popup_seen` = 'yes'
WHERE `user_id` = 'AABG7W';
UPDATE `user_registration` SET `popup_seen` = 'no'
WHERE `user_id` = 'AABG7W';
DELETE FROM `ci_sessions`
WHERE `id` = '833b53d890592a6c78ee9d1f47c8ab23598dd2d3';
UPDATE `ci_sessions` SET `timestamp` = 1753537873, `data` = '__ci_last_regenerate|i:1753537873;captcha|s:4:\"5f73\";'
WHERE `id` = 'b64981249f2dead3c18d33c0e461c247bb15320a';
INSERT INTO `login_history` (`user_id`, `device`, `ip_address`, `date`) VALUES ('7R7D9E', 'Mozilla/5.0 (Linux; Android 10; K) AppleWebKit/537.36 (KHTML, like Gecko) Chrome/138.0.0.0 Mobile Safari/537.36', '2601:586:5400:8640:83bf:b3d6:3f65:9adc', '25-07-26 08:51');
UPDATE `user_registration` SET `popup_seen` = 'yes'
WHERE `user_id` = '7R7D9E';
UPDATE `user_registration` SET `popup_seen` = 'no'
WHERE `user_id` = '7R7D9E';
DELETE FROM `ci_sessions`
WHERE `id` = '38411725c65021c29f291507fdfd33e582c49523';
INSERT INTO `login_history` (`user_id`, `device`, `ip_address`, `date`) VALUES ('JHRDHS', 'Mozilla/5.0 (iPhone; CPU iPhone OS 18_5 like Mac OS X) AppleWebKit/605.1.15 (KHTML, like Gecko) Version/18.5 Mobile/15E148 Safari/604.1', '2600:1702:50d0:a580:a0d2:576b:d214:d45d', '25-07-26 09:17');
UPDATE `user_registration` SET `popup_seen` = 'yes'
WHERE `user_id` = 'JHRDHS';
UPDATE `user_registration` SET `popup_seen` = 'yes'
WHERE `user_id` = 'OTZTS5';
UPDATE `user_registration` SET `popup_seen` = 'yes'
WHERE `user_id` = 'OTZTS5';
INSERT INTO `temp_register` (`post_data`, `date`, `payment_method`, `type`) VALUES ('{\"user_id\":\"OTZTS5\",\"card_id\":\"4\",\"card_cost\":\"150\",\"card_value\":\"150\",\"payment_option\":\"stripe\",\"date\":\"2025-07-26 09:51:25\"}', '2025-07-26 09:51:25', 'stripe', 'buy+top_up_card');
UPDATE `user_registration` SET `popup_seen` = 'yes'
WHERE `user_id` = 'OTZTS5';
UPDATE `ci_sessions` SET `timestamp` = 1753541578, `data` = '__ci_last_regenerate|i:1753541578;id|s:4:\"2181\";user_id|s:6:\"OTZTS5\";username|s:10:\"Duniesky41\";sponsor_id|s:6:\"AABG7W\";fullname|s:19:\"Duniesky Alzugaray \";email|s:27:\"dalzugarayramirez@gmail.com\";phone|s:10:\"7862451724\";isLogIn|b:1;reg_stripe_id|i:719;'
WHERE `id` = '0ccfd5cb8695d2b3d99a2e721f1c1d93c01f1b3b';
UPDATE `user_registration` SET `popup_seen` = 'yes'
WHERE `user_id` = 'OTZTS5';
INSERT INTO `temp_register` (`post_data`, `date`, `payment_method`, `type`) VALUES ('{\"user_id\":\"OTZTS5\",\"card_id\":\"4\",\"card_cost\":\"150\",\"card_value\":\"150\",\"payment_option\":\"stripe\",\"date\":\"2025-07-26 09:53:29\"}', '2025-07-26 09:53:29', 'stripe', 'buy+top_up_card');
UPDATE `temp_register` SET `response` = '{\"stripeToken\":\"tok_1Rp9Up2NUoYUjiuujGxoqnpk\",\"stripeTokenType\":\"card\",\"stripeEmail\":\"dalzugarayramirez@gmail.com\"}', `date_modified` = '2025-07-26 09:54:52', `payment_status` = '{\"id\":\"ch_3Rp9Us2NUoYUjiuu16npgNcM\",\"object\":\"charge\",\"amount\":15000,\"amount_captured\":15000,\"amount_refunded\":0,\"application\":null,\"application_fee\":null,\"application_fee_amount\":null,\"balance_transaction\":\"txn_3Rp9Us2NUoYUjiuu1Vcr3JLH\",\"billing_details\":{\"address\":{\"city\":null,\"country\":null,\"line1\":null,\"line2\":null,\"postal_code\":null,\"state\":null},\"email\":null,\"name\":\"dalzugarayramirez@gmail.com\",\"phone\":null,\"tax_id\":null},\"calculated_statement_descriptor\":\"TRAVELEGENDCY LLC\",\"captured\":true,\"created\":1753541690,\"currency\":\"usd\",\"customer\":\"cus_SkeomudZlRdNKD\",\"description\":null,\"destination\":null,\"dispute\":null,\"disputed\":false,\"failure_balance_transaction\":null,\"failure_code\":null,\"failure_message\":null,\"fraud_details\":[],\"invoice\":null,\"livemode\":true,\"metadata\":[],\"on_behalf_of\":null,\"order\":null,\"outcome\":{\"advice_code\":null,\"network_advice_code\":null,\"network_decline_code\":null,\"network_status\":\"approved_by_network\",\"reason\":null,\"risk_level\":\"normal\",\"seller_message\":\"Payment complete.\",\"type\":\"authorized\"},\"paid\":true,\"payment_intent\":null,\"payment_method\":\"card_1Rp9Up2NUoYUjiuu9bJMRAOt\",\"payment_method_details\":{\"card\":{\"amount_authorized\":15000,\"authorization_code\":\"255358\",\"brand\":\"amex\",\"checks\":{\"address_line1_check\":null,\"address_postal_code_check\":null,\"cvc_check\":\"pass\"},\"country\":\"US\",\"exp_month\":1,\"exp_year\":2030,\"extended_authorization\":{\"status\":\"disabled\"},\"fingerprint\":\"rfKV1td6jMmDnFKF\",\"funding\":\"credit\",\"incremental_authorization\":{\"status\":\"unavailable\"},\"installments\":null,\"last4\":\"1006\",\"mandate\":null,\"multicapture\":{\"status\":\"unavailable\"},\"network\":\"amex\",\"network_token\":{\"used\":false},\"network_transaction_id\":\"013059793401325\",\"overcapture\":{\"maximum_amount_capturable\":15000,\"status\":\"unavailable\"},\"regulated_status\":\"unregulated\",\"three_d_secure\":null,\"wallet\":null},\"type\":\"card\"},\"receipt_email\":null,\"receipt_number\":null,\"receipt_url\":\"https:\\/\\/pay.stripe.com\\/receipts\\/payment\\/CAcQARoXChVhY2N0XzFRUEFGdjJOVW9ZVWppdXUovNiTxAYyBhvYDrxhXzosFs_BBBtf1ATT4snxygGqFM9gvll9pWMgkLRV_geDZhm0nG-_b5sRqMRjMis\",\"refunded\":false,\"review\":null,\"shipping\":null,\"source\":{\"id\":\"card_1Rp9Up2NUoYUjiuu9bJMRAOt\",\"object\":\"card\",\"address_city\":null,\"address_country\":null,\"address_line1\":null,\"address_line1_check\":null,\"address_line2\":null,\"address_state\":null,\"address_zip\":null,\"address_zip_check\":null,\"allow_redisplay\":\"unspecified\",\"brand\":\"American Express\",\"country\":\"US\",\"customer\":\"cus_SkeomudZlRdNKD\",\"cvc_check\":\"pass\",\"dynamic_last4\":null,\"exp_month\":1,\"exp_year\":2030,\"fingerprint\":\"rfKV1td6jMmDnFKF\",\"funding\":\"credit\",\"last4\":\"1006\",\"metadata\":[],\"name\":\"dalzugarayramirez@gmail.com\",\"regulated_status\":\"unregulated\",\"tokenization_method\":null,\"wallet\":null},\"source_transfer\":null,\"statement_descriptor\":null,\"statement_descriptor_suffix\":null,\"status\":\"succeeded\",\"transfer_data\":null,\"transfer_group\":null}'
WHERE `id` = 720;
INSERT INTO `card_purchase_history` (`user_id`, `card_id`, `card_cost`, `card_value`, `payment_option`, `date`) VALUES ('OTZTS5', '4', '150', '150', 'stripe', '2025-07-26 09:53:29');
UPDATE `user_registration` SET commission_balance = ROUND(commission_balance + 150,2)
WHERE `user_id` = 'OTZTS5';
UPDATE `user_registration` SET `popup_seen` = 'yes'
WHERE `user_id` = 'OTZTS5';
UPDATE `ci_sessions` SET `timestamp` = 1753542549, `data` = '__ci_last_regenerate|i:1753542549;id|s:4:\"2181\";user_id|s:6:\"OTZTS5\";username|s:10:\"Duniesky41\";sponsor_id|s:6:\"AABG7W\";fullname|s:19:\"Duniesky Alzugaray \";email|s:27:\"dalzugarayramirez@gmail.com\";phone|s:10:\"7862451724\";isLogIn|b:1;reg_stripe_id|i:720;'
WHERE `id` = 'f144accf65070bd78d0f2cb52f252fc4556e0e48';
INSERT INTO `login_history` (`user_id`, `device`, `ip_address`, `date`) VALUES ('JHRDHS', 'Mozilla/5.0 (Macintosh; Intel Mac OS X 10_15_7) AppleWebKit/605.1.15 (KHTML, like Gecko) Version/17.6 Safari/605.1.15', '2600:1702:50d0:a580:591d:fea1:b934:c80c', '25-07-26 10:23');
UPDATE `user_registration` SET `popup_seen` = 'yes'
WHERE `user_id` = 'JHRDHS';
UPDATE `user_registration` SET `popup_seen` = 'yes'
WHERE `user_id` = 'JHRDHS';
INSERT INTO `login_history` (`user_id`, `device`, `ip_address`, `date`) VALUES ('JIYOH4', 'Mozilla/5.0 (iPhone; CPU iPhone OS 18_5 like Mac OS X) AppleWebKit/605.1.15 (KHTML, like Gecko) Version/18.5 Mobile/15E148 Safari/604.1', '2600:1702:880:8fb0:3487:55df:d888:6c35', '25-07-26 10:38');
UPDATE `user_registration` SET `popup_seen` = 'yes'
WHERE `user_id` = 'JIYOH4';
INSERT INTO `login_history` (`user_id`, `device`, `ip_address`, `date`) VALUES ('UQO7EQ', 'Mozilla/5.0 (Windows NT 10.0; Win64; x64) AppleWebKit/537.36 (KHTML, like Gecko) Chrome/138.0.0.0 Safari/537.36', '2601:58a:897c:3fd0:9a8:a078:df89:56a2', '25-07-26 10:55');
UPDATE `user_registration` SET `popup_seen` = 'yes'
WHERE `user_id` = 'UQO7EQ';
UPDATE `user_registration` SET `popup_seen` = 'yes'
WHERE `user_id` = 'UQO7EQ';
INSERT INTO `login_history` (`user_id`, `device`, `ip_address`, `date`) VALUES ('BV2MNJ', 'Mozilla/5.0 (Windows NT 10.0; Win64; x64) AppleWebKit/537.36 (KHTML, like Gecko) Chrome/138.0.0.0 Safari/537.36', '2600:1700:13a0:c080:3141:89e2:b7ea:1c04', '25-07-26 11:04');
UPDATE `user_registration` SET `popup_seen` = 'yes'
WHERE `user_id` = 'BV2MNJ';
UPDATE `ci_sessions` SET `timestamp` = 1753546398, `data` = '__ci_last_regenerate|i:1753546398;id|s:4:\"2389\";user_id|s:6:\"BV2MNJ\";username|s:11:\"Favalos1973\";sponsor_id|s:6:\"7GDBOU\";fullname|s:12:\"Frank Avalos\";email|s:25:\"frankavalos1973@yahoo.com\";phone|s:10:\"9542755964\";isLogIn|b:1;'
WHERE `id` = '8cb86f2fa35ce6a19c3fca5e69985d7c05133487';
UPDATE `user_registration` SET `popup_seen` = 'yes'
WHERE `user_id` = 'BV2MNJ';
UPDATE `user_registration` SET `popup_seen` = 'no'
WHERE `user_id` = 'BV2MNJ';
DELETE FROM `ci_sessions`
WHERE `id` = '543f6807d3ba69ea71b283f4b4737c2bf3610f8b';
INSERT INTO `login_history` (`user_id`, `device`, `ip_address`, `date`) VALUES ('ERQYYW', 'Mozilla/5.0 (Windows NT 10.0; Win64; x64) AppleWebKit/537.36 (KHTML, like Gecko) Chrome/138.0.0.0 Safari/537.36', '2600:1700:13a0:c080:3141:89e2:b7ea:1c04', '25-07-26 11:14');
UPDATE `user_registration` SET `popup_seen` = 'yes'
WHERE `user_id` = 'ERQYYW';
UPDATE `ci_sessions` SET `timestamp` = 1753546459, `data` = '__ci_last_regenerate|i:1753546459;id|s:4:\"2042\";user_id|s:6:\"UQO7EQ\";username|s:6:\"Rafa51\";sponsor_id|s:6:\"N6GZAE\";fullname|s:16:\"Rafael Rodriguez\";email|s:18:\"rafagana@yahoo.com\";phone|s:10:\"3057610606\";isLogIn|b:1;'
WHERE `id` = '38fc245eaed8074d04227b03f1779bd8eaac1490';
UPDATE `user_registration` SET `popup_seen` = 'yes'
WHERE `user_id` = 'UQO7EQ';
INSERT INTO `benefits_pack_purchase_history` (`user_id`, `packge_id`, `amount`, `value`, `point`, `image`, `image_id`, `country`, `city`, `available_points`, `conversion_point_rate`, `package_title`, `date`, `type`, `full_name`, `phone`, `email`) VALUES ('ERQYYW', '1', '0', '0', '0', 'upload/reward_image/39843bf4a64af938bb0b12f2e8b0d198.png', '5', '223', '4265', '50', '1', 'The Journey Begins', '2025-07-26 11:15:20', 'benefits_pack_claim', 'celia Alvarez', '4078189681', 'luvcelia@yahoo.com');
UPDATE `user_registration` SET `popup_seen` = 'no'
WHERE `user_id` = 'ERQYYW';
DELETE FROM `ci_sessions`
WHERE `id` = 'd764c5008b26709668a5288647f2f084100c1eef';
UPDATE `user_registration` SET `popup_seen` = 'yes'
WHERE `user_id` = 'UQO7EQ';
UPDATE `user_registration` SET `popup_seen` = 'no'
WHERE `user_id` = 'UQO7EQ';
DELETE FROM `ci_sessions`
WHERE `id` = '884b20a96c0d16c2062fdc6f1f007dfc347deab2';
UPDATE `user_registration` SET `popup_seen` = 'no'
WHERE `user_id` IS NULL;
DELETE FROM `ci_sessions`
WHERE `id` = '884b20a96c0d16c2062fdc6f1f007dfc347deab2';
INSERT INTO `login_history` (`user_id`, `device`, `ip_address`, `date`) VALUES ('O94ZPY', 'Mozilla/5.0 (iPhone; CPU iPhone OS 18_5 like Mac OS X) AppleWebKit/605.1.15 (KHTML, like Gecko) Version/18.5 Mobile/15E148 Safari/604.1', '2600:1006:b098:abd3:3060:ac24:6225:dc20', '25-07-26 11:43');
UPDATE `user_registration` SET `popup_seen` = 'yes'
WHERE `user_id` = 'O94ZPY';
UPDATE `user_registration` SET `popup_seen` = 'yes'
WHERE `user_id` = 'O94ZPY';
UPDATE `user_registration` SET `popup_seen` = 'yes'
WHERE `user_id` = 'O94ZPY';
UPDATE `user_registration` SET `popup_seen` = 'yes'
WHERE `user_id` = 'O94ZPY';
UPDATE `ci_sessions` SET `timestamp` = 1753548556, `data` = '__ci_last_regenerate|i:1753548556;id|s:4:\"2075\";user_id|s:6:\"O94ZPY\";username|s:12:\"angelito4817\";sponsor_id|s:6:\"JHRDHS\";fullname|s:15:\"Angel Fernandez\";email|s:25:\"angelito.magaly@gmail.com\";phone|s:0:\"\";isLogIn|b:1;'
WHERE `id` = '1fd304f5937653c9bc8c6df7c123fd251c7b4876';
UPDATE `ci_sessions` SET `timestamp` = 1753548599, `data` = '__ci_last_regenerate|i:1753548599;id|s:4:\"2071\";user_id|s:6:\"JHRDHS\";username|s:7:\"mbecena\";sponsor_id|s:6:\"CVVK4C\";fullname|s:12:\"Maria Becena\";email|s:21:\"mbecena@bellsouth.net\";phone|s:10:\"7862360387\";isLogIn|b:1;'
WHERE `id` = '2c6d3a4e889ee7b93cda57e1e6856662287cca3d';
UPDATE `user_registration` SET `popup_seen` = 'yes'
WHERE `user_id` = 'JHRDHS';
UPDATE `ci_sessions` SET `timestamp` = 1753550049, `data` = '__ci_last_regenerate|i:1753550049;captcha|s:4:\"ayas\";'
WHERE `id` = 'bca918694965de13fb9e074de4b45fef76810b14';
INSERT INTO `login_history` (`user_id`, `device`, `ip_address`, `date`) VALUES ('UQO7EQ', 'Mozilla/5.0 (Windows NT 10.0; Win64; x64) AppleWebKit/537.36 (KHTML, like Gecko) Chrome/138.0.0.0 Safari/537.36', '2601:58a:897c:3fd0:9a8:a078:df89:56a2', '25-07-26 12:14');
UPDATE `user_registration` SET `popup_seen` = 'yes'
WHERE `user_id` = 'UQO7EQ';
UPDATE `user_registration` SET `popup_seen` = 'no'
WHERE `user_id` = 'UQO7EQ';
DELETE FROM `ci_sessions`
WHERE `id` = '88c48006345db0630bb03d60ecc6266924bd79b3';
INSERT INTO `login_history` (`user_id`, `device`, `ip_address`, `date`) VALUES ('IYCRUH', 'Mozilla/5.0 (iPhone; CPU iPhone OS 18_5 like Mac OS X) AppleWebKit/605.1.15 (KHTML, like Gecko) Version/18.5 Mobile/15E148 Safari/604.1', '2600:1700:4c04:4240:e175:2a45:c0f8:75c6', '25-07-26 13:16');
UPDATE `user_registration` SET `popup_seen` = 'yes'
WHERE `user_id` = 'IYCRUH';
UPDATE `user_registration` SET `popup_seen` = 'no'
WHERE `user_id` = 'IYCRUH';
DELETE FROM `ci_sessions`
WHERE `id` = '0f77a41af0d6557a17cef61efc3abcbc6a9f3e5e';
INSERT INTO `login_history` (`user_id`, `device`, `ip_address`, `date`) VALUES ('QJ5U9C', 'Mozilla/5.0 (Windows NT 10.0; Win64; x64) AppleWebKit/537.36 (KHTML, like Gecko) Chrome/138.0.0.0 Safari/537.36', '2601:586:cf83:e530:7c26:661a:4a38:2471', '25-07-26 13:18');
UPDATE `user_registration` SET `popup_seen` = 'yes'
WHERE `user_id` = 'QJ5U9C';
UPDATE `user_registration` SET `popup_seen` = 'yes'
WHERE `user_id` = 'QJ5U9C';
UPDATE `ci_sessions` SET `timestamp` = 1753554878, `data` = '__ci_last_regenerate|i:1753554878;id|s:4:\"2084\";user_id|s:6:\"QJ5U9C\";username|s:10:\"gascarde60\";sponsor_id|s:6:\"O94ZPY\";fullname|s:14:\"Gaspar Cardero\";email|s:18:\"gascarde@yahoo.com\";phone|s:10:\"7862371360\";isLogIn|b:1;'
WHERE `id` = 'af74a33698e28103e799dccb35579ae6d7103889';
UPDATE `user_registration` SET `popup_seen` = 'yes'
WHERE `user_id` = 'QJ5U9C';
UPDATE `user_registration` SET `popup_seen` = 'yes'
WHERE `user_id` = 'QJ5U9C';
INSERT INTO `login_history` (`user_id`, `device`, `ip_address`, `date`) VALUES ('JHRDHS', 'Mozilla/5.0 (iPhone; CPU iPhone OS 18_5 like Mac OS X) AppleWebKit/605.1.15 (KHTML, like Gecko) Version/18.5 Mobile/15E148 Safari/604.1', '2600:1702:50d0:a580:8c2b:42cb:466c:9c7f', '25-07-26 13:37');
UPDATE `user_registration` SET `popup_seen` = 'yes'
WHERE `user_id` = 'JHRDHS';
UPDATE `ci_sessions` SET `timestamp` = 1753555261, `data` = '__ci_last_regenerate|i:1753555261;id|s:4:\"2071\";user_id|s:6:\"JHRDHS\";username|s:7:\"mbecena\";sponsor_id|s:6:\"CVVK4C\";fullname|s:12:\"Maria Becena\";email|s:21:\"mbecena@bellsouth.net\";phone|s:10:\"7862360387\";isLogIn|b:1;'
WHERE `id` = '91be990590780ed73cee55e01a2e00c69507df01';
UPDATE `user_registration` SET `popup_seen` = 'yes'
WHERE `user_id` = 'JHRDHS';
UPDATE `user_registration` SET `popup_seen` = 'yes'
WHERE `user_id` = 'JHRDHS';
UPDATE `ci_sessions` SET `timestamp` = 1753555566, `data` = '__ci_last_regenerate|i:1753555566;id|s:4:\"2071\";user_id|s:6:\"JHRDHS\";username|s:7:\"mbecena\";sponsor_id|s:6:\"CVVK4C\";fullname|s:12:\"Maria Becena\";email|s:21:\"mbecena@bellsouth.net\";phone|s:10:\"7862360387\";isLogIn|b:1;'
WHERE `id` = 'c5d7a7243fc9ebad5200c69e9eb37b326957f2cc';
UPDATE `ci_sessions` SET `timestamp` = 1753556290, `data` = '__ci_last_regenerate|i:1753556290;captcha|s:4:\"dnz5\";'
WHERE `id` = 'ef7f1b4e57ef9848e1a54969542982bfb0b97723';
INSERT INTO `login_history` (`user_id`, `device`, `ip_address`, `date`) VALUES ('UQO7EQ', 'Mozilla/5.0 (Windows NT 10.0; Win64; x64) AppleWebKit/537.36 (KHTML, like Gecko) Chrome/138.0.0.0 Safari/537.36', '2601:58a:897c:3fd0:9a8:a078:df89:56a2', '25-07-26 13:58');
UPDATE `user_registration` SET `popup_seen` = 'yes'
WHERE `user_id` = 'UQO7EQ';
UPDATE `user_registration` SET `popup_seen` = 'no'
WHERE `user_id` = 'UQO7EQ';
DELETE FROM `ci_sessions`
WHERE `id` = '464b68a67a1bfc3518900ff62e44c56440deb76a';
UPDATE `user_registration` SET `popup_seen` = 'no'
WHERE `user_id` IS NULL;
DELETE FROM `ci_sessions`
WHERE `id` = '464b68a67a1bfc3518900ff62e44c56440deb76a';
UPDATE `ci_sessions` SET `timestamp` = 1753557654, `data` = '__ci_last_regenerate|i:1753557654;id|s:4:\"2071\";user_id|s:6:\"JHRDHS\";username|s:7:\"mbecena\";sponsor_id|s:6:\"CVVK4C\";fullname|s:12:\"Maria Becena\";email|s:21:\"mbecena@bellsouth.net\";phone|s:10:\"7862360387\";isLogIn|b:1;message|s:20:\"Welcome Maria Becena\";__ci_vars|a:1:{s:7:\"message\";s:3:\"old\";}'
WHERE `id` = 'd18fba025a1b3b0b478ff24d99c1f981df0c055d';
UPDATE `user_registration` SET `popup_seen` = 'yes'
WHERE `user_id` = 'JHRDHS';
UPDATE `ci_sessions` SET `timestamp` = 1753557720, `data` = '__ci_last_regenerate|i:1753557720;captcha|s:4:\"eca5\";'
WHERE `id` = 'a472d80499c553560865b38a637dd40c38eda0e9';
UPDATE `ci_sessions` SET `timestamp` = 1753558160, `data` = '__ci_last_regenerate|i:1753558160;captcha|s:4:\"a46s\";'
WHERE `id` = '3d726ffc19018938886dd2cadc8c1ced82ec0627';
UPDATE `ci_sessions` SET `timestamp` = 1753559145, `data` = '__ci_last_regenerate|i:1753559145;id|s:4:\"2071\";user_id|s:6:\"JHRDHS\";username|s:7:\"mbecena\";sponsor_id|s:6:\"CVVK4C\";fullname|s:12:\"Maria Becena\";email|s:21:\"mbecena@bellsouth.net\";phone|s:10:\"7862360387\";isLogIn|b:1;'
WHERE `id` = 'f4c57ee978bac8ae7166a28de4d96a0abb191521';
INSERT INTO `login_history` (`user_id`, `device`, `ip_address`, `date`) VALUES ('2RSJNO', 'Mozilla/5.0 (iPhone; CPU iPhone OS 18_5_0 like Mac OS X) AppleWebKit/605.1.15 (KHTML, like Gecko) GSA/378.0.783859256 Mobile/15E148 Safari/604.1', '2607:fb91:c0e:8097:fc55:dda0:cccd:58ad', '25-07-26 14:46');
UPDATE `user_registration` SET `popup_seen` = 'yes'
WHERE `user_id` = '2RSJNO';
UPDATE `ci_sessions` SET `timestamp` = 1753561635, `data` = '__ci_last_regenerate|i:1753561635;id|s:4:\"2190\";user_id|s:6:\"2RSJNO\";username|s:8:\"yoel0221\";sponsor_id|s:6:\"QJ5U9C\";fullname|s:16:\"Yoel Ramos Gomez\";email|s:19:\"yoel21272@gmail.com\";phone|s:10:\"3053050150\";isLogIn|b:1;message|s:24:\"Welcome Yoel Ramos Gomez\";__ci_vars|a:1:{s:7:\"message\";s:3:\"old\";}'
WHERE `id` = '3d40f42afd06caf08c9e780e0f96615462103db2';
UPDATE `user_registration` SET `popup_seen` = 'yes'
WHERE `user_id` = '2RSJNO';
INSERT INTO `login_history` (`user_id`, `device`, `ip_address`, `date`) VALUES ('UQO7EQ', 'Mozilla/5.0 (iPhone; CPU iPhone OS 18_5 like Mac OS X) AppleWebKit/605.1.15 (KHTML, like Gecko) Version/18.5 Mobile/15E148 Safari/604.1', '2607:fb90:9145:459e:58be:19ed:ad29:d692', '25-07-26 15:59');
UPDATE `user_registration` SET `popup_seen` = 'yes'
WHERE `user_id` = 'UQO7EQ';
INSERT INTO `login_history` (`user_id`, `device`, `ip_address`, `date`) VALUES ('UQO7EQ', 'Mozilla/5.0 (Linux; Android 10; K) AppleWebKit/537.36 (KHTML, like Gecko) Chrome/135.0.0.0 Mobile Safari/537.36', '2607:fb91:2892:ccb2:ac39:be37:98f2:9130', '25-07-26 16:39');
UPDATE `user_registration` SET `popup_seen` = 'yes'
WHERE `user_id` = 'UQO7EQ';
UPDATE `user_registration` SET `popup_seen` = 'no'
WHERE `user_id` = 'UQO7EQ';
DELETE FROM `ci_sessions`
WHERE `id` = '116e0ce7a4428e9ecd46f40fc2ffc540545e4c95';
INSERT INTO `login_history` (`user_id`, `device`, `ip_address`, `date`) VALUES ('UQO7EQ', 'Mozilla/5.0 (Windows NT 10.0; Win64; x64) AppleWebKit/537.36 (KHTML, like Gecko) Chrome/138.0.0.0 Safari/537.36', '2601:58a:897c:3fd0:9a8:a078:df89:56a2', '25-07-26 16:52');
UPDATE `user_registration` SET `popup_seen` = 'yes'
WHERE `user_id` = 'UQO7EQ';
UPDATE `user_registration` SET `popup_seen` = 'yes'
WHERE `user_id` = 'UQO7EQ';
UPDATE `user_registration` SET `popup_seen` = 'no'
WHERE `user_id` = 'UQO7EQ';
DELETE FROM `ci_sessions`
WHERE `id` = 'c3fa0ff704959549a563122af8722d439b0efe6d';
UPDATE `user_registration` SET `popup_seen` = 'no'
WHERE `user_id` IS NULL;
DELETE FROM `ci_sessions`
WHERE `id` = 'c3fa0ff704959549a563122af8722d439b0efe6d';
INSERT INTO `login_history` (`user_id`, `device`, `ip_address`, `date`) VALUES ('4VE7D1', 'Mozilla/5.0 (iPhone; CPU iPhone OS 18_5 like Mac OS X) AppleWebKit/605.1.15 (KHTML, like Gecko) Version/18.5 Mobile/15E148 Safari/604.1', '2607:fb90:909f:43e9:90a8:fc77:13c9:31c6', '25-07-26 17:06');
UPDATE `user_registration` SET `popup_seen` = 'yes'
WHERE `user_id` = '4VE7D1';
UPDATE `ci_sessions` SET `timestamp` = 1753569797, `data` = '__ci_last_regenerate|i:1753569797;captcha|s:4:\"cj9x\";'
WHERE `id` = 'd3cd4d3f129fe152fe48da0aed055898abdc87b7';
INSERT INTO `login_history` (`user_id`, `device`, `ip_address`, `date`) VALUES ('UQO7EQ', 'Mozilla/5.0 (Windows NT 10.0; Win64; x64) AppleWebKit/537.36 (KHTML, like Gecko) Chrome/138.0.0.0 Safari/537.36', '2601:58a:897c:3fd0:9a8:a078:df89:56a2', '25-07-26 17:43');
UPDATE `user_registration` SET `popup_seen` = 'yes'
WHERE `user_id` = 'UQO7EQ';
UPDATE `user_registration` SET `popup_seen` = 'no'
WHERE `user_id` = 'UQO7EQ';
DELETE FROM `ci_sessions`
WHERE `id` = 'b260c8fbd8786e9215595893c21e17e74b9fbeff';
UPDATE `ci_sessions` SET `timestamp` = 1753570657, `data` = '__ci_last_regenerate|i:1753570657;captcha|s:4:\"uhjt\";'
WHERE `id` = 'ef2bcfd656d4d7e6820865784e3bf4c540ab8f93';
INSERT INTO `login_history` (`user_id`, `device`, `ip_address`, `date`) VALUES ('UQO7EQ', 'Mozilla/5.0 (Windows NT 10.0; Win64; x64) AppleWebKit/537.36 (KHTML, like Gecko) Chrome/138.0.0.0 Safari/537.36', '2601:58a:897c:3fd0:9a8:a078:df89:56a2', '25-07-26 17:57');
UPDATE `user_registration` SET `popup_seen` = 'yes'
WHERE `user_id` = 'UQO7EQ';
UPDATE `user_registration` SET `popup_seen` = 'no'
WHERE `user_id` = 'UQO7EQ';
DELETE FROM `ci_sessions`
WHERE `id` = '3f606b4ca5f52f470acd948f73287989dfde122f';
INSERT INTO `login_history` (`user_id`, `device`, `ip_address`, `date`) VALUES ('JHRDHS', 'Mozilla/5.0 (iPhone; CPU iPhone OS 18_5 like Mac OS X) AppleWebKit/605.1.15 (KHTML, like Gecko) Version/18.5 Mobile/15E148 Safari/604.1', '2600:1702:50d0:a580:29e7:5ee:cd76:9102', '25-07-26 18:04');
UPDATE `user_registration` SET `popup_seen` = 'yes'
WHERE `user_id` = 'JHRDHS';
INSERT INTO `login_history` (`user_id`, `device`, `ip_address`, `date`) VALUES ('M5FNDM', 'Mozilla/5.0 (Linux; Android 10; K) AppleWebKit/537.36 (KHTML, like Gecko) Chrome/138.0.0.0 Mobile Safari/537.36', '2607:fb91:2ca4:48b7:b8bb:d285:abc6:84fb', '25-07-26 18:40');
UPDATE `user_registration` SET `popup_seen` = 'yes'
WHERE `user_id` = 'M5FNDM';
UPDATE `user_registration` SET `popup_seen` = 'yes'
WHERE `user_id` = 'M5FNDM';
UPDATE `user_registration` SET `popup_seen` = 'yes'
WHERE `user_id` = 'M5FNDM';
UPDATE `user_registration` SET `popup_seen` = 'yes'
WHERE `user_id` = 'M5FNDM';
UPDATE `user_registration` SET `popup_seen` = 'yes'
WHERE `user_id` = 'M5FNDM';
UPDATE `ci_sessions` SET `timestamp` = 1753573555, `data` = '__ci_last_regenerate|i:1753573555;id|s:4:\"2408\";user_id|s:6:\"M5FNDM\";username|s:9:\"Tania0369\";sponsor_id|s:6:\"I647JX\";fullname|s:12:\"Tania Tamayo\";email|s:20:\"tanite0369@gmail.com\";phone|s:10:\"3464984496\";isLogIn|b:1;'
WHERE `id` = '4d8cef099a0ffdc450956b2ee2547570be9e559a';
UPDATE `user_registration` SET `popup_seen` = 'yes'
WHERE `user_id` = 'M5FNDM';
INSERT INTO `login_history` (`user_id`, `device`, `ip_address`, `date`) VALUES ('UQO7EQ', 'Mozilla/5.0 (Linux; Android 10; K) AppleWebKit/537.36 (KHTML, like Gecko) Chrome/135.0.0.0 Mobile Safari/537.36', '2607:fb91:2892:ccb2:ac39:be37:98f2:9130', '25-07-26 19:07');
UPDATE `user_registration` SET `popup_seen` = 'yes'
WHERE `user_id` = 'UQO7EQ';
UPDATE `user_registration` SET `popup_seen` = 'no'
WHERE `user_id` = 'UQO7EQ';
DELETE FROM `ci_sessions`
WHERE `id` = 'bbdbabe172e2be3878b3f8602fda50e06261acd8';
INSERT INTO `login_history` (`user_id`, `device`, `ip_address`, `date`) VALUES ('QJ5U9C', 'Mozilla/5.0 (iPhone; CPU iPhone OS 18_5_0 like Mac OS X) AppleWebKit/605.1.15 (KHTML, like Gecko) CriOS/138.0.7204.156 Mobile/15E148 Safari/604.1', '2601:586:cf83:e530:51db:8f1e:8fc4:18b6', '25-07-26 19:23');
UPDATE `user_registration` SET `popup_seen` = 'yes'
WHERE `user_id` = 'QJ5U9C';
INSERT INTO `login_history` (`user_id`, `device`, `ip_address`, `date`) VALUES ('7KTC9V', 'Mozilla/5.0 (Windows NT 10.0; Win64; x64) AppleWebKit/537.36 (KHTML, like Gecko) Chrome/138.0.0.0 Safari/537.36', '2601:586:ce00:fca0:5da2:66be:e6b1:ea4b', '25-07-26 19:31');
UPDATE `user_registration` SET `popup_seen` = 'yes'
WHERE `user_id` = '7KTC9V';
UPDATE `ci_sessions` SET `timestamp` = 1753576294, `data` = '__ci_last_regenerate|i:1753576294;captcha|s:4:\"u9l7\";'
WHERE `id` = '556d62caf3dd4e39ceb74801b7ed6c5a58c1f566';
INSERT INTO `login_history` (`user_id`, `device`, `ip_address`, `date`) VALUES ('UQO7EQ', 'Mozilla/5.0 (Linux; Android 10; K) AppleWebKit/537.36 (KHTML, like Gecko) Chrome/135.0.0.0 Mobile Safari/537.36', '2607:fb91:2892:ccb2:ac39:be37:98f2:9130', '25-07-26 19:31');
UPDATE `user_registration` SET `popup_seen` = 'yes'
WHERE `user_id` = 'UQO7EQ';
UPDATE `user_registration` SET `popup_seen` = 'yes'
WHERE `user_id` = 'UQO7EQ';
UPDATE `user_registration` SET `popup_seen` = 'yes'
WHERE `user_id` = 'UQO7EQ';
UPDATE `user_registration` SET `popup_seen` = 'no'
WHERE `user_id` = 'UQO7EQ';
DELETE FROM `ci_sessions`
WHERE `id` = 'b4765d7597c02a44216510400e9b59c07e00e6aa';
INSERT INTO `temp_register` (`post_data`, `date`, `payment_method`, `type`) VALUES ('{\"user_id\":\"7KTC9V\",\"card_id\":\"3\",\"card_cost\":\"100\",\"card_value\":\"100\",\"payment_option\":\"stripe\",\"date\":\"2025-07-26 19:33:37\"}', '2025-07-26 19:33:37', 'stripe', 'buy+top_up_card');
UPDATE `ci_sessions` SET `timestamp` = 1753576665, `data` = '__ci_last_regenerate|i:1753576665;id|s:4:\"2191\";user_id|s:6:\"7KTC9V\";username|s:15:\"TaniaMartinez34\";sponsor_id|s:6:\"ETPYLQ\";fullname|s:14:\"Tania Martinez\";email|s:22:\"taniamanacas@yahoo.com\";phone|s:10:\"3055282065\";isLogIn|b:1;reg_stripe_id|i:721;'
WHERE `id` = '90b285849dd79ceb36212e95576d37ceaed297ff';
UPDATE `temp_register` SET `response` = '{\"stripeToken\":\"tok_1RpIav2NUoYUjiuuGUaCQTTq\",\"stripeTokenType\":\"card\",\"stripeEmail\":\"taniamanacas@yahoo.com\"}', `date_modified` = '2025-07-26 19:37:47', `payment_status` = '{\"id\":\"ch_3RpIb12NUoYUjiuu0g9HCLFT\",\"object\":\"charge\",\"amount\":10000,\"amount_captured\":10000,\"amount_refunded\":0,\"application\":null,\"application_fee\":null,\"application_fee_amount\":null,\"balance_transaction\":\"txn_3RpIb12NUoYUjiuu0xw6xTj2\",\"billing_details\":{\"address\":{\"city\":null,\"country\":null,\"line1\":null,\"line2\":null,\"postal_code\":null,\"state\":null},\"email\":null,\"name\":\"taniamanacas@yahoo.com\",\"phone\":null,\"tax_id\":null},\"calculated_statement_descriptor\":\"TRAVELEGENDCY LLC\",\"captured\":true,\"created\":1753576667,\"currency\":\"usd\",\"customer\":\"cus_SkoDixHjXu3XvF\",\"description\":null,\"destination\":null,\"dispute\":null,\"disputed\":false,\"failure_balance_transaction\":null,\"failure_code\":null,\"failure_message\":null,\"fraud_details\":[],\"invoice\":null,\"livemode\":true,\"metadata\":[],\"on_behalf_of\":null,\"order\":null,\"outcome\":{\"advice_code\":null,\"network_advice_code\":null,\"network_decline_code\":null,\"network_status\":\"approved_by_network\",\"reason\":null,\"risk_level\":\"normal\",\"seller_message\":\"Payment complete.\",\"type\":\"authorized\"},\"paid\":true,\"payment_intent\":null,\"payment_method\":\"card_1RpIav2NUoYUjiuuI4iqUvcb\",\"payment_method_details\":{\"card\":{\"amount_authorized\":10000,\"authorization_code\":\"137080\",\"brand\":\"visa\",\"checks\":{\"address_line1_check\":null,\"address_postal_code_check\":null,\"cvc_check\":\"pass\"},\"country\":\"US\",\"exp_month\":4,\"exp_year\":2027,\"extended_authorization\":{\"status\":\"disabled\"},\"fingerprint\":\"96s5FU9gxvLQDExa\",\"funding\":\"debit\",\"incremental_authorization\":{\"status\":\"unavailable\"},\"installments\":null,\"last4\":\"3304\",\"mandate\":null,\"multicapture\":{\"status\":\"unavailable\"},\"network\":\"visa\",\"network_token\":{\"used\":false},\"network_transaction_id\":\"585208022671893\",\"overcapture\":{\"maximum_amount_capturable\":10000,\"status\":\"unavailable\"},\"regulated_status\":\"regulated\",\"three_d_secure\":null,\"wallet\":null},\"type\":\"card\"},\"receipt_email\":null,\"receipt_number\":null,\"receipt_url\":\"https:\\/\\/pay.stripe.com\\/receipts\\/payment\\/CAcQARoXChVhY2N0XzFRUEFGdjJOVW9ZVWppdXUo2-mVxAYyBmBInHvADjosFvdjq66RnpLei-_jLdoZsIPAdedHQZOvRUZe46s6pvcuoBdohS3c3DyJB6U\",\"refunded\":false,\"review\":null,\"shipping\":null,\"source\":{\"id\":\"card_1RpIav2NUoYUjiuuI4iqUvcb\",\"object\":\"card\",\"address_city\":null,\"address_country\":null,\"address_line1\":null,\"address_line1_check\":null,\"address_line2\":null,\"address_state\":null,\"address_zip\":null,\"address_zip_check\":null,\"allow_redisplay\":\"unspecified\",\"brand\":\"Visa\",\"country\":\"US\",\"customer\":\"cus_SkoDixHjXu3XvF\",\"cvc_check\":\"pass\",\"dynamic_last4\":null,\"exp_month\":4,\"exp_year\":2027,\"fingerprint\":\"96s5FU9gxvLQDExa\",\"funding\":\"debit\",\"last4\":\"3304\",\"metadata\":[],\"name\":\"taniamanacas@yahoo.com\",\"regulated_status\":\"regulated\",\"tokenization_method\":null,\"wallet\":null},\"source_transfer\":null,\"statement_descriptor\":null,\"statement_descriptor_suffix\":null,\"status\":\"succeeded\",\"transfer_data\":null,\"transfer_group\":null}'
WHERE `id` = 721;
INSERT INTO `card_purchase_history` (`user_id`, `card_id`, `card_cost`, `card_value`, `payment_option`, `date`) VALUES ('7KTC9V', '3', '100', '100', 'stripe', '2025-07-26 19:33:37');
UPDATE `user_registration` SET commission_balance = ROUND(commission_balance + 100,2)
WHERE `user_id` = '7KTC9V';
UPDATE `user_registration` SET `popup_seen` = 'yes'
WHERE `user_id` = '7KTC9V';
UPDATE `user_registration` SET `popup_seen` = 'yes'
WHERE `user_id` = '7KTC9V';
UPDATE `ci_sessions` SET `timestamp` = 1753576994, `data` = '__ci_last_regenerate|i:1753576994;id|s:4:\"2191\";user_id|s:6:\"7KTC9V\";username|s:15:\"TaniaMartinez34\";sponsor_id|s:6:\"ETPYLQ\";fullname|s:14:\"Tania Martinez\";email|s:22:\"taniamanacas@yahoo.com\";phone|s:10:\"3055282065\";isLogIn|b:1;reg_stripe_id|i:721;'
WHERE `id` = '2663a39733ea15095c7ef0cd94dc9b2705d70a92';
UPDATE `user_registration` SET `popup_seen` = 'yes'
WHERE `user_id` = '7KTC9V';
UPDATE `user_registration` SET `popup_seen` = 'yes'
WHERE `user_id` = '7KTC9V';
UPDATE `user_registration` SET `popup_seen` = 'yes'
WHERE `user_id` = '7KTC9V';
UPDATE `user_registration` SET `popup_seen` = 'yes'
WHERE `user_id` = '7KTC9V';
INSERT INTO `login_history` (`user_id`, `device`, `ip_address`, `date`) VALUES ('UQO7EQ', 'Mozilla/5.0 (Windows NT 10.0; Win64; x64) AppleWebKit/537.36 (KHTML, like Gecko) Chrome/138.0.0.0 Safari/537.36', '2601:58a:897c:3fd0:9a8:a078:df89:56a2', '25-07-26 20:05');
UPDATE `user_registration` SET `popup_seen` = 'yes'
WHERE `user_id` = 'UQO7EQ';
UPDATE `user_registration` SET `popup_seen` = 'no'
WHERE `user_id` = 'UQO7EQ';
DELETE FROM `ci_sessions`
WHERE `id` = 'fd7a47f6830a029d3b6e76dcbf306472c0e077c0';
UPDATE `ci_sessions` SET `timestamp` = 1753582076, `data` = '__ci_last_regenerate|i:1753582076;id|s:4:\"2084\";user_id|s:6:\"QJ5U9C\";username|s:10:\"gascarde60\";sponsor_id|s:6:\"O94ZPY\";fullname|s:14:\"Gaspar Cardero\";email|s:18:\"gascarde@yahoo.com\";phone|s:10:\"7862371360\";isLogIn|b:1;message|s:22:\"Welcome Gaspar Cardero\";__ci_vars|a:1:{s:7:\"message\";s:3:\"old\";}'
WHERE `id` = '538117585272040a4e8b8f126a9c8b4d04911859';
UPDATE `user_registration` SET `popup_seen` = 'yes'
WHERE `user_id` = 'QJ5U9C';
INSERT INTO `login_history` (`user_id`, `device`, `ip_address`, `date`) VALUES ('BV2MNJ', 'Mozilla/5.0 (Windows NT 10.0; Win64; x64) AppleWebKit/537.36 (KHTML, like Gecko) Chrome/138.0.0.0 Safari/537.36', '2601:586:cf83:e530:64f7:3ca4:9f33:6c96', '25-07-26 21:58');
UPDATE `user_registration` SET `popup_seen` = 'yes'
WHERE `user_id` = 'BV2MNJ';
UPDATE `ci_sessions` SET `timestamp` = 1753585484, `data` = '__ci_last_regenerate|i:1753585484;id|s:4:\"2389\";user_id|s:6:\"BV2MNJ\";username|s:11:\"Favalos1973\";sponsor_id|s:6:\"7GDBOU\";fullname|s:12:\"Frank Avalos\";email|s:25:\"frankavalos1973@yahoo.com\";phone|s:10:\"9542755964\";isLogIn|b:1;'
WHERE `id` = 'e609ab3425face39dc0803f6accb2e8d92040c63';
UPDATE `ci_sessions` SET `timestamp` = 1753586383, `data` = '__ci_last_regenerate|i:1753586383;id|s:4:\"2389\";user_id|s:6:\"BV2MNJ\";username|s:11:\"Favalos1973\";sponsor_id|s:6:\"7GDBOU\";fullname|s:12:\"Frank Avalos\";email|s:25:\"frankavalos1973@yahoo.com\";phone|s:10:\"9542755964\";isLogIn|b:1;'
WHERE `id` = '2de5c9f61e73e284ce3dd8238965133be53a131f';
UPDATE `user_registration` SET `popup_seen` = 'no'
WHERE `user_id` = 'BV2MNJ';
DELETE FROM `ci_sessions`
WHERE `id` = 'f8e77b9ce12df800c32e144d4a4c456949eeace4';
INSERT INTO `login_history` (`user_id`, `device`, `ip_address`, `date`) VALUES ('G53DXI', 'Mozilla/5.0 (Macintosh; Intel Mac OS X 10_15_7) AppleWebKit/605.1.15 (KHTML, like Gecko) Version/18.5 Safari/605.1.15', '2603:9001:2800:1c31:3d67:3d5f:198:114c', '25-07-26 22:31');
UPDATE `user_registration` SET `popup_seen` = 'yes'
WHERE `user_id` = 'G53DXI';
INSERT INTO `temp_register` (`post_data`, `date`, `payment_method`, `type`) VALUES ('{\"user_id\":\"G53DXI\",\"package_id\":\"1\",\"amount\":\"50\",\"payment_method\":\"stripe\",\"date\":\"2025-07-26 22:31:58\"}', '2025-07-26 22:31:58', 'stripe', 'renew');
UPDATE `user_registration` SET `popup_seen` = 'yes'
WHERE `user_id` = 'G53DXI';
UPDATE `user_registration` SET `popup_seen` = 'yes'
WHERE `user_id` = 'G53DXI';
INSERT INTO `temp_register` (`post_data`, `date`, `payment_method`, `type`) VALUES ('{\"user_id\":\"G53DXI\",\"package_id\":\"1\",\"amount\":\"50\",\"payment_method\":\"stripe\",\"date\":\"2025-07-26 22:34:15\"}', '2025-07-26 22:34:15', 'stripe', 'renew');
UPDATE `temp_register` SET `response` = '{\"stripeToken\":\"tok_1RpLN62NUoYUjiuuD2sJ5lMf\",\"stripeTokenType\":\"card\",\"stripeEmail\":\"hernandezasnialis@gmail.com\"}', `date_modified` = '2025-07-26 22:35:42', `payment_status` = '{\"id\":\"ch_3RpLNB2NUoYUjiuu1S8GYQR0\",\"object\":\"charge\",\"amount\":5000,\"amount_captured\":5000,\"amount_refunded\":0,\"application\":null,\"application_fee\":null,\"application_fee_amount\":null,\"balance_transaction\":\"txn_3RpLNB2NUoYUjiuu1xS9amsu\",\"billing_details\":{\"address\":{\"city\":null,\"country\":null,\"line1\":null,\"line2\":null,\"postal_code\":null,\"state\":null},\"email\":null,\"name\":\"hernandezasnialis@gmail.com\",\"phone\":null,\"tax_id\":null},\"calculated_statement_descriptor\":\"TRAVELEGENDCY LLC\",\"captured\":true,\"created\":1753587341,\"currency\":\"usd\",\"customer\":\"cus_Skr5M5qQbxN0F1\",\"description\":null,\"destination\":null,\"dispute\":null,\"disputed\":false,\"failure_balance_transaction\":null,\"failure_code\":null,\"failure_message\":null,\"fraud_details\":[],\"invoice\":null,\"livemode\":true,\"metadata\":{\"name\":\"Asnialis Hernandez\",\"username\":\"Asnialish\"},\"on_behalf_of\":null,\"order\":null,\"outcome\":{\"advice_code\":null,\"network_advice_code\":null,\"network_decline_code\":null,\"network_status\":\"approved_by_network\",\"reason\":null,\"risk_level\":\"normal\",\"seller_message\":\"Payment complete.\",\"type\":\"authorized\"},\"paid\":true,\"payment_intent\":null,\"payment_method\":\"card_1RpLN62NUoYUjiuuC06FKcpZ\",\"payment_method_details\":{\"card\":{\"amount_authorized\":5000,\"authorization_code\":\"028860\",\"brand\":\"visa\",\"checks\":{\"address_line1_check\":null,\"address_postal_code_check\":null,\"cvc_check\":\"pass\"},\"country\":\"US\",\"exp_month\":3,\"exp_year\":2029,\"extended_authorization\":{\"status\":\"disabled\"},\"fingerprint\":\"S3bNwyQkbdNlPosZ\",\"funding\":\"debit\",\"incremental_authorization\":{\"status\":\"unavailable\"},\"installments\":null,\"last4\":\"9971\",\"mandate\":null,\"multicapture\":{\"status\":\"unavailable\"},\"network\":\"visa\",\"network_token\":{\"used\":false},\"network_transaction_id\":\"585208129414789\",\"overcapture\":{\"maximum_amount_capturable\":5000,\"status\":\"unavailable\"},\"regulated_status\":\"regulated\",\"three_d_secure\":null,\"wallet\":null},\"type\":\"card\"},\"receipt_email\":null,\"receipt_number\":null,\"receipt_url\":\"https:\\/\\/pay.stripe.com\\/receipts\\/payment\\/CAcQARoXChVhY2N0XzFRUEFGdjJOVW9ZVWppdXUojr2WxAYyBn-QfxxFBTosFs14q8DEjBfB_JhQKUATrm3bSxqGsjDPxX5cKmKDSAMRzywzm4Z_9f6rsOg\",\"refunded\":false,\"review\":null,\"shipping\":null,\"source\":{\"id\":\"card_1RpLN62NUoYUjiuuC06FKcpZ\",\"object\":\"card\",\"address_city\":null,\"address_country\":null,\"address_line1\":null,\"address_line1_check\":null,\"address_line2\":null,\"address_state\":null,\"address_zip\":null,\"address_zip_check\":null,\"allow_redisplay\":\"unspecified\",\"brand\":\"Visa\",\"country\":\"US\",\"customer\":\"cus_Skr5M5qQbxN0F1\",\"cvc_check\":\"pass\",\"dynamic_last4\":null,\"exp_month\":3,\"exp_year\":2029,\"fingerprint\":\"S3bNwyQkbdNlPosZ\",\"funding\":\"debit\",\"last4\":\"9971\",\"metadata\":[],\"name\":\"hernandezasnialis@gmail.com\",\"regulated_status\":\"regulated\",\"tokenization_method\":null,\"wallet\":null},\"source_transfer\":null,\"statement_descriptor\":null,\"statement_descriptor_suffix\":null,\"status\":\"succeeded\",\"transfer_data\":null,\"transfer_group\":null}'
WHERE `id` = 723;
INSERT INTO `sub_history` (`user_id`, `package_id`, `amount`, `payment_method`, `date`) VALUES ('G53DXI', '1', '50', 'Stripe', '2025-07-26 22:35:42');
UPDATE `user_registration` SET sub_point = ROUND(sub_point + 50,2)
WHERE `user_id` = 'G53DXI';
INSERT INTO `investment` (`invest_date`, `user_id`, `type`, `amount`, `package_id`) VALUES ('2025-07-26 22:35:42', 'G53DXI', 'subscription', '50', '1');
UPDATE `user_registration` SET total_points = ROUND(total_points + 50,2)
WHERE `user_id` = 'G53DXI';
INSERT INTO `points_history` (`user_id`, `points`, `type`, `date`) VALUES ('G53DXI', '50', 'subscription', '2025-07-26 22:35:');
UPDATE `bv_updation` SET right_carry = right_carry+50, total_right = total_right+50
WHERE `user_id` = '8PK4HK';
INSERT INTO `placement_bv_update_history` (`right_carry`, `date`, `from_id`, `user_id`) VALUES ('50', '2025-07-26 22:35:42', 'G53DXI', '8PK4HK');
UPDATE `bv_updation` SET right_carry = right_carry+50, total_right = total_right+50
WHERE `user_id` = 'ULHSH2';
INSERT INTO `placement_bv_update_history` (`right_carry`, `date`, `from_id`, `user_id`) VALUES ('50', '2025-07-26 22:35:42', 'G53DXI', 'ULHSH2');
UPDATE `bv_updation` SET right_carry = right_carry+50, total_right = total_right+50
WHERE `user_id` = 'OMGB4G';
INSERT INTO `placement_bv_update_history` (`right_carry`, `date`, `from_id`, `user_id`) VALUES ('50', '2025-07-26 22:35:42', 'G53DXI', 'OMGB4G');
UPDATE `bv_updation` SET sponsor_right_carry = sponsor_right_carry+50, sponsor_total_right = sponsor_total_right+50
WHERE `user_id` = 'OMGB4G';
INSERT INTO `sponsor_bv_update_history` (`right_carry`, `date`, `user_id`) VALUES ('50', '2025-07-26 22:35:42', 'OMGB4G');
UPDATE `bv_updation` SET left_carry = left_carry+50, total_left = total_left+50
WHERE `user_id` = 'WDEXJT';
INSERT INTO `placement_bv_update_history` (`left_carry`, `date`, `from_id`, `user_id`) VALUES ('50', '2025-07-26 22:35:42', 'G53DXI', 'WDEXJT');
UPDATE `bv_updation` SET left_carry = left_carry+50, total_left = total_left+50
WHERE `user_id` = 'JIL8K9';
INSERT INTO `placement_bv_update_history` (`left_carry`, `date`, `from_id`, `user_id`) VALUES ('50', '2025-07-26 22:35:42', 'G53DXI', 'JIL8K9');
UPDATE `user_registration` SET `cycle_rank_id` = '1'
WHERE `user_id` = 'JIL8K9';
INSERT INTO `rank_history` (`rank_id`, `user_id`, `name`, `bv`, `date`, `amount`, `type`) VALUES ('1', 'JIL8K9', 'Affiliate', '0', '2025-07-26 22:35:42', '0', 'auto');
UPDATE `bv_updation` SET left_carry = left_carry+50, total_left = total_left+50
WHERE `user_id` = 'U7SMZ8';
INSERT INTO `placement_bv_update_history` (`left_carry`, `date`, `from_id`, `user_id`) VALUES ('50', '2025-07-26 22:35:42', 'G53DXI', 'U7SMZ8');
UPDATE `user_registration` SET `cycle_rank_id` = '1'
WHERE `user_id` = 'U7SMZ8';
INSERT INTO `rank_history` (`rank_id`, `user_id`, `name`, `bv`, `date`, `amount`, `type`) VALUES ('1', 'U7SMZ8', 'Affiliate', '0', '2025-07-26 22:35:42', '0', 'auto');
UPDATE `bv_updation` SET right_carry = right_carry+50, total_right = total_right+50
WHERE `user_id` = 'AABG7W';
INSERT INTO `placement_bv_update_history` (`right_carry`, `date`, `from_id`, `user_id`) VALUES ('50', '2025-07-26 22:35:42', 'G53DXI', 'AABG7W');
UPDATE `user_registration` SET `cycle_rank_id` = '1'
WHERE `user_id` = 'AABG7W';
INSERT INTO `rank_history` (`rank_id`, `user_id`, `name`, `bv`, `date`, `amount`, `type`) VALUES ('1', 'AABG7W', 'Affiliate', '0', '2025-07-26 22:35:42', '0', 'auto');
UPDATE `bv_updation` SET right_carry = right_carry+50, total_right = total_right+50
WHERE `user_id` = '3ZDIFO';
INSERT INTO `placement_bv_update_history` (`right_carry`, `date`, `from_id`, `user_id`) VALUES ('50', '2025-07-26 22:35:42', 'G53DXI', '3ZDIFO');
UPDATE `bv_updation` SET right_carry = right_carry+50, total_right = total_right+50
WHERE `user_id` = 'UQO7EQ';
INSERT INTO `placement_bv_update_history` (`right_carry`, `date`, `from_id`, `user_id`) VALUES ('50', '2025-07-26 22:35:42', 'G53DXI', 'UQO7EQ');
UPDATE `user_registration` SET `cycle_rank_id` = '1'
WHERE `user_id` = 'UQO7EQ';
INSERT INTO `rank_history` (`rank_id`, `user_id`, `name`, `bv`, `date`, `amount`, `type`) VALUES ('1', 'UQO7EQ', 'Affiliate', '0', '2025-07-26 22:35:42', '0', 'auto');
UPDATE `bv_updation` SET left_carry = left_carry+50, total_left = total_left+50
WHERE `user_id` = 'N6GZAE';
INSERT INTO `placement_bv_update_history` (`left_carry`, `date`, `from_id`, `user_id`) VALUES ('50', '2025-07-26 22:35:42', 'G53DXI', 'N6GZAE');
UPDATE `user_registration` SET `cycle_rank_id` = '1'
WHERE `user_id` = 'N6GZAE';
INSERT INTO `rank_history` (`rank_id`, `user_id`, `name`, `bv`, `date`, `amount`, `type`) VALUES ('1', 'N6GZAE', 'Affiliate', '0', '2025-07-26 22:35:42', '0', 'auto');
UPDATE `bv_updation` SET left_carry = left_carry+50, total_left = total_left+50
WHERE `user_id` = '4E1CRI';
INSERT INTO `placement_bv_update_history` (`left_carry`, `date`, `from_id`, `user_id`) VALUES ('50', '2025-07-26 22:35:42', 'G53DXI', '4E1CRI');
UPDATE `bv_updation` SET left_carry = left_carry+50, total_left = total_left+50
WHERE `user_id` = 'SJBNYJ';
INSERT INTO `placement_bv_update_history` (`left_carry`, `date`, `from_id`, `user_id`) VALUES ('50', '2025-07-26 22:35:42', 'G53DXI', 'SJBNYJ');
UPDATE `user_registration` SET `cycle_rank_id` = '1'
WHERE `user_id` = 'SJBNYJ';
INSERT INTO `rank_history` (`rank_id`, `user_id`, `name`, `bv`, `date`, `amount`, `type`) VALUES ('1', 'SJBNYJ', 'Affiliate', '0', '2025-07-26 22:35:42', '0', 'auto');
UPDATE `bv_updation` SET left_carry = left_carry+50, total_left = total_left+50
WHERE `user_id` = '44B9Y4';
INSERT INTO `placement_bv_update_history` (`left_carry`, `date`, `from_id`, `user_id`) VALUES ('50', '2025-07-26 22:35:42', 'G53DXI', '44B9Y4');
UPDATE `user_registration` SET `cycle_rank_id` = '1'
WHERE `user_id` = '44B9Y4';
INSERT INTO `rank_history` (`rank_id`, `user_id`, `name`, `bv`, `date`, `amount`, `type`) VALUES ('1', '44B9Y4', 'Affiliate', '0', '2025-07-26 22:35:42', '0', 'auto');
UPDATE `bv_updation` SET right_carry = right_carry+50, total_right = total_right+50
WHERE `user_id` = 'admin';
INSERT INTO `placement_bv_update_history` (`right_carry`, `date`, `from_id`, `user_id`) VALUES ('50', '2025-07-26 22:35:42', 'G53DXI', 'admin');
UPDATE `user_registration` SET `cycle_rank_id` = '1'
WHERE `user_id` = 'admin';
INSERT INTO `rank_history` (`rank_id`, `user_id`, `name`, `bv`, `date`, `amount`, `type`) VALUES ('1', 'admin', 'Affiliate', '0', '2025-07-26 22:35:42', '0', 'auto');
UPDATE `user_registration` SET `subscription_date` = '2025-08-26', `active_status` = 'yes'
WHERE `user_id` = 'G53DXI';
UPDATE `user_registration` SET `popup_seen` = 'yes'
WHERE `user_id` = 'G53DXI';
UPDATE `ci_sessions` SET `timestamp` = 1753587376, `data` = '__ci_last_regenerate|i:1753587376;id|s:4:\"2364\";user_id|s:6:\"G53DXI\";username|s:9:\"Asnialish\";sponsor_id|s:6:\"OMGB4G\";fullname|s:18:\"Asnialis Hernandez\";email|s:27:\"hernandezasnialis@gmail.com\";phone|s:10:\"7869126544\";isLogIn|b:1;'
WHERE `id` = '18b4215467b308aedae660037c420dfb4c49a939';
INSERT INTO `login_history` (`user_id`, `device`, `ip_address`, `date`) VALUES ('QJ5U9C', 'Mozilla/5.0 (Windows NT 10.0; Win64; x64) AppleWebKit/537.36 (KHTML, like Gecko) Chrome/138.0.0.0 Safari/537.36', '2601:586:cf83:e530:3416:8169:5274:6a9', '25-07-26 22:38');
UPDATE `user_registration` SET `popup_seen` = 'yes'
WHERE `user_id` = 'QJ5U9C';
UPDATE `ci_sessions` SET `timestamp` = 1753588466, `data` = '__ci_last_regenerate|i:1753588466;id|s:4:\"2364\";user_id|s:6:\"G53DXI\";username|s:9:\"Asnialish\";sponsor_id|s:6:\"OMGB4G\";fullname|s:18:\"Asnialis Hernandez\";email|s:27:\"hernandezasnialis@gmail.com\";phone|s:10:\"7869126544\";isLogIn|b:1;'
WHERE `id` = '483450b1e2ce99f6a3b1d923efe1830da3a9e33d';
UPDATE `user_registration` SET `popup_seen` = 'yes'
WHERE `user_id` = 'G53DXI';
UPDATE `user_registration` SET `popup_seen` = 'yes'
WHERE `user_id` = 'G53DXI';
UPDATE `user_registration` SET `popup_seen` = 'yes'
WHERE `user_id` = 'G53DXI';
UPDATE `ci_sessions` SET `timestamp` = 1753589296, `data` = '__ci_last_regenerate|i:1753589296;id|s:4:\"2364\";user_id|s:6:\"G53DXI\";username|s:9:\"Asnialish\";sponsor_id|s:6:\"OMGB4G\";fullname|s:18:\"Asnialis Hernandez\";email|s:27:\"hernandezasnialis@gmail.com\";phone|s:10:\"7869126544\";isLogIn|b:1;'
WHERE `id` = 'd0a7fc86497c6c4997b86c586df152506e74d8e0';
UPDATE `user_registration` SET `popup_seen` = 'yes'
WHERE `user_id` = 'G53DXI';
INSERT INTO `login_history` (`user_id`, `device`, `ip_address`, `date`) VALUES ('JIYOH4', 'Mozilla/5.0 (iPhone; CPU iPhone OS 18_5 like Mac OS X) AppleWebKit/605.1.15 (KHTML, like Gecko) Version/18.5 Mobile/15E148 Safari/604.1', '2600:1702:880:8fb0:f102:dd2d:3d17:229e', '25-07-26 23:19');
UPDATE `user_registration` SET `popup_seen` = 'yes'
WHERE `user_id` = 'JIYOH4';
UPDATE `user_registration` SET `popup_seen` = 'yes'
WHERE `user_id` = 'JIYOH4';
INSERT INTO `login_history` (`user_id`, `device`, `ip_address`, `date`) VALUES ('UQO7EQ', 'Mozilla/5.0 (Windows NT 10.0; Win64; x64) AppleWebKit/537.36 (KHTML, like Gecko) Chrome/138.0.0.0 Safari/537.36', '2601:58a:897c:3fd0:9a8:a078:df89:56a2', '25-07-26 23:29');
UPDATE `user_registration` SET `popup_seen` = 'yes'
WHERE `user_id` = 'UQO7EQ';
UPDATE `user_registration` SET `popup_seen` = 'yes'
WHERE `user_id` = 'UQO7EQ';
UPDATE `user_registration` SET `popup_seen` = 'no'
WHERE `user_id` = 'UQO7EQ';
DELETE FROM `ci_sessions`
WHERE `id` = '8b14511fd94e355f32012185b8ed052c769b67bc';
INSERT INTO `cron_job_history` (`name`, `date_started`, `status`) VALUES ('backup', '2025-07-27 00:00:02', 'started');
UPDATE `cron_job_history` SET `status` = 'done', `date_end` = '2025-07-27 00:00:03'
WHERE `id` = 539;
INSERT INTO `cron_job_history` (`name`, `date_started`, `status`) VALUES ('deduct_sub_amt_from_ewallet', '2025-07-27 00:05:01', 'started');
UPDATE `user_registration` SET `sub_point` = 0, `active_status` = 'no'
WHERE `user_id` = '35H9RV';
INSERT INTO `inactive_history` (`user_id`, `commission_balance`, `amount`, `date`) VALUES ('35H9RV', '97.5', '150', '2025-07-27 00:05:01');
UPDATE `user_registration` SET `sub_point` = 0, `active_status` = 'no'
WHERE `user_id` = '44B9Y4';
INSERT INTO `inactive_history` (`user_id`, `commission_balance`, `amount`, `date`) VALUES ('44B9Y4', '50', '150', '2025-07-27 00:05:01');
UPDATE `user_registration` SET `sub_point` = 0, `active_status` = 'no'
WHERE `user_id` = 'SJBNYJ';
INSERT INTO `inactive_history` (`user_id`, `commission_balance`, `amount`, `date`) VALUES ('SJBNYJ', '50', '150', '2025-07-27 00:05:02');
UPDATE `user_registration` SET `sub_point` = 0, `active_status` = 'no'
WHERE `user_id` = '45E8V2';
INSERT INTO `inactive_history` (`user_id`, `commission_balance`, `amount`, `date`) VALUES ('45E8V2', '50', '150', '2025-07-27 00:05:02');
UPDATE `user_registration` SET `sub_point` = 0, `active_status` = 'no'
WHERE `user_id` = 'H2HQC8';
INSERT INTO `inactive_history` (`user_id`, `commission_balance`, `amount`, `date`) VALUES ('H2HQC8', '110', '150', '2025-07-27 00:05:03');
UPDATE `user_registration` SET `sub_point` = 0, `active_status` = 'no'
WHERE `user_id` = 'XVTJOY';
INSERT INTO `inactive_history` (`user_id`, `commission_balance`, `amount`, `date`) VALUES ('XVTJOY', '100', '150', '2025-07-27 00:05:03');
UPDATE `user_registration` SET `sub_point` = 0, `active_status` = 'no'
WHERE `user_id` = '4E1CRI';
INSERT INTO `inactive_history` (`user_id`, `commission_balance`, `amount`, `date`) VALUES ('4E1CRI', '100', '150', '2025-07-27 00:05:03');
UPDATE `user_registration` SET `sub_point` = 0, `active_status` = 'no'
WHERE `user_id` = 'PBFKSY';
INSERT INTO `inactive_history` (`user_id`, `commission_balance`, `amount`, `date`) VALUES ('PBFKSY', '0', '150', '2025-07-27 00:05:04');
UPDATE `user_registration` SET `sub_point` = 0, `active_status` = 'no'
WHERE `user_id` = 'R37QLI';
INSERT INTO `inactive_history` (`user_id`, `commission_balance`, `amount`, `date`) VALUES ('R37QLI', '80', '150', '2025-07-27 00:05:04');
UPDATE `user_registration` SET `sub_point` = 0, `active_status` = 'no'
WHERE `user_id` = 'Q6D63V';
INSERT INTO `inactive_history` (`user_id`, `commission_balance`, `amount`, `date`) VALUES ('Q6D63V', '100', '150', '2025-07-27 00:05:04');
UPDATE `user_registration` SET `sub_point` = 0, `active_status` = 'no'
WHERE `user_id` = 'Q834IS';
INSERT INTO `inactive_history` (`user_id`, `commission_balance`, `amount`, `date`) VALUES ('Q834IS', '0', '50', '2025-07-27 00:05:05');
UPDATE `user_registration` SET `sub_point` = 0, `active_status` = 'no'
WHERE `user_id` = 'PKHRN5';
INSERT INTO `inactive_history` (`user_id`, `commission_balance`, `amount`, `date`) VALUES ('PKHRN5', '28', '50', '2025-07-27 00:05:05');
UPDATE `user_registration` SET `sub_point` = 0, `active_status` = 'no'
WHERE `user_id` = 'MT8QJF';
INSERT INTO `inactive_history` (`user_id`, `commission_balance`, `amount`, `date`) VALUES ('MT8QJF', '0', '150', '2025-07-27 00:05:06');
UPDATE `user_registration` SET `sub_point` = 0, `active_status` = 'no'
WHERE `user_id` = 'OWF3OA';
INSERT INTO `inactive_history` (`user_id`, `commission_balance`, `amount`, `date`) VALUES ('OWF3OA', '0', '150', '2025-07-27 00:05:06');
UPDATE `user_registration` SET `sub_point` = 0, `active_status` = 'no'
WHERE `user_id` = 'HUDVJU';
INSERT INTO `inactive_history` (`user_id`, `commission_balance`, `amount`, `date`) VALUES ('HUDVJU', '30', '50', '2025-07-27 00:05:07');
UPDATE `user_registration` SET `sub_point` = 0, `active_status` = 'no'
WHERE `user_id` = 'IEVPMD';
INSERT INTO `inactive_history` (`user_id`, `commission_balance`, `amount`, `date`) VALUES ('IEVPMD', '0', '150', '2025-07-27 00:05:07');
UPDATE `user_registration` SET `sub_point` = 0, `active_status` = 'no'
WHERE `user_id` = 'K55EDD';
INSERT INTO `inactive_history` (`user_id`, `commission_balance`, `amount`, `date`) VALUES ('K55EDD', '0', '150', '2025-07-27 00:05:07');
UPDATE `user_registration` SET `sub_point` = 0, `active_status` = 'no'
WHERE `user_id` = 'CVVK4C';
INSERT INTO `inactive_history` (`user_id`, `commission_balance`, `amount`, `date`) VALUES ('CVVK4C', '0', '150', '2025-07-27 00:05:08');
UPDATE `user_registration` SET `sub_point` = 0, `active_status` = 'no'
WHERE `user_id` = 'HQTCGF';
INSERT INTO `inactive_history` (`user_id`, `commission_balance`, `amount`, `date`) VALUES ('HQTCGF', '0', '150', '2025-07-27 00:05:08');
UPDATE `user_registration` SET `sub_point` = 0, `active_status` = 'no'
WHERE `user_id` = 'L2MNP5';
INSERT INTO `inactive_history` (`user_id`, `commission_balance`, `amount`, `date`) VALUES ('L2MNP5', '0', '150', '2025-07-27 00:05:09');
UPDATE `user_registration` SET `sub_point` = 0, `active_status` = 'no'
WHERE `user_id` = 'U7SMZ8';
INSERT INTO `inactive_history` (`user_id`, `commission_balance`, `amount`, `date`) VALUES ('U7SMZ8', '0', '150', '2025-07-27 00:05:09');
UPDATE `user_registration` SET `sub_point` = 0, `active_status` = 'no'
WHERE `user_id` = 'PUJNHI';
INSERT INTO `inactive_history` (`user_id`, `commission_balance`, `amount`, `date`) VALUES ('PUJNHI', '40', '150', '2025-07-27 00:05:10');
UPDATE `user_registration` SET `sub_point` = 0, `active_status` = 'no'
WHERE `user_id` = 'WC5BL7';
INSERT INTO `inactive_history` (`user_id`, `commission_balance`, `amount`, `date`) VALUES ('WC5BL7', '0', '50', '2025-07-27 00:05:10');
UPDATE `user_registration` SET `sub_point` = 0, `active_status` = 'no'
WHERE `user_id` = 'W17SG2';
INSERT INTO `inactive_history` (`user_id`, `commission_balance`, `amount`, `date`) VALUES ('W17SG2', '0', '150', '2025-07-27 00:05:10');
UPDATE `user_registration` SET `sub_point` = 0, `active_status` = 'no'
WHERE `user_id` = 'PR92IO';
INSERT INTO `inactive_history` (`user_id`, `commission_balance`, `amount`, `date`) VALUES ('PR92IO', '0', '50', '2025-07-27 00:05:11');
UPDATE `user_registration` SET `sub_point` = 0, `active_status` = 'no'
WHERE `user_id` = 'UTF7YN';
INSERT INTO `inactive_history` (`user_id`, `commission_balance`, `amount`, `date`) VALUES ('UTF7YN', '0', '150', '2025-07-27 00:05:11');
UPDATE `user_registration` SET `sub_point` = 0, `active_status` = 'no'
WHERE `user_id` = 'JIL8K9';
INSERT INTO `inactive_history` (`user_id`, `commission_balance`, `amount`, `date`) VALUES ('JIL8K9', '20', '150', '2025-07-27 00:05:11');
UPDATE `user_registration` SET `sub_point` = 0, `active_status` = 'no'
WHERE `user_id` = 'XHO8CJ';
INSERT INTO `inactive_history` (`user_id`, `commission_balance`, `amount`, `date`) VALUES ('XHO8CJ', '0', '150', '2025-07-27 00:05:12');
UPDATE `user_registration` SET `sub_point` = 0, `active_status` = 'no'
WHERE `user_id` = 'L8NRSC';
INSERT INTO `inactive_history` (`user_id`, `commission_balance`, `amount`, `date`) VALUES ('L8NRSC', '50', '150', '2025-07-27 00:05:12');
UPDATE `user_registration` SET `sub_point` = 0, `active_status` = 'no'
WHERE `user_id` = '6H3N98';
INSERT INTO `inactive_history` (`user_id`, `commission_balance`, `amount`, `date`) VALUES ('6H3N98', '100', '150', '2025-07-27 00:05:12');
UPDATE `user_registration` SET `sub_point` = 0, `active_status` = 'no'
WHERE `user_id` = 'HP6YP2';
INSERT INTO `inactive_history` (`user_id`, `commission_balance`, `amount`, `date`) VALUES ('HP6YP2', '50', '150', '2025-07-27 00:05:13');
UPDATE `user_registration` SET `sub_point` = 0, `active_status` = 'no'
WHERE `user_id` = '8RVNYT';
INSERT INTO `inactive_history` (`user_id`, `commission_balance`, `amount`, `date`) VALUES ('8RVNYT', '0', '150', '2025-07-27 00:05:13');
UPDATE `user_registration` SET `sub_point` = 0, `active_status` = 'no'
WHERE `user_id` = 'K8DXP2';
INSERT INTO `inactive_history` (`user_id`, `commission_balance`, `amount`, `date`) VALUES ('K8DXP2', '0', '150', '2025-07-27 00:05:13');
UPDATE `user_registration` SET `sub_point` = 0, `active_status` = 'no'
WHERE `user_id` = 'BD2ZLC';
INSERT INTO `inactive_history` (`user_id`, `commission_balance`, `amount`, `date`) VALUES ('BD2ZLC', '100', '150', '2025-07-27 00:05:13');
UPDATE `user_registration` SET `sub_point` = 0, `active_status` = 'no'
WHERE `user_id` = '2MBPZI';
INSERT INTO `inactive_history` (`user_id`, `commission_balance`, `amount`, `date`) VALUES ('2MBPZI', '0', '150', '2025-07-27 00:05:14');
UPDATE `user_registration` SET `sub_point` = 0, `active_status` = 'no'
WHERE `user_id` = 'XXI66Z';
INSERT INTO `inactive_history` (`user_id`, `commission_balance`, `amount`, `date`) VALUES ('XXI66Z', '0', '150', '2025-07-27 00:05:14');
UPDATE `user_registration` SET `sub_point` = 0, `active_status` = 'no'
WHERE `user_id` = 'Q82ZV9';
INSERT INTO `inactive_history` (`user_id`, `commission_balance`, `amount`, `date`) VALUES ('Q82ZV9', '20', '50', '2025-07-27 00:05:14');
UPDATE `user_registration` SET `sub_point` = 0, `active_status` = 'no'
WHERE `user_id` = 'IWTOLP';
INSERT INTO `inactive_history` (`user_id`, `commission_balance`, `amount`, `date`) VALUES ('IWTOLP', '0', '50', '2025-07-27 00:05:15');
UPDATE `user_registration` SET `sub_point` = 0, `active_status` = 'no'
WHERE `user_id` = '9QPRWH';
INSERT INTO `inactive_history` (`user_id`, `commission_balance`, `amount`, `date`) VALUES ('9QPRWH', '0', '150', '2025-07-27 00:05:15');
UPDATE `user_registration` SET `sub_point` = 0, `active_status` = 'no'
WHERE `user_id` = 'LBY7TN';
INSERT INTO `inactive_history` (`user_id`, `commission_balance`, `amount`, `date`) VALUES ('LBY7TN', '0', '150', '2025-07-27 00:05:15');
UPDATE `user_registration` SET `sub_point` = 0, `active_status` = 'no'
WHERE `user_id` = 'WDEXJT';
INSERT INTO `inactive_history` (`user_id`, `commission_balance`, `amount`, `date`) VALUES ('WDEXJT', '0', '150', '2025-07-27 00:05:16');
UPDATE `user_registration` SET `sub_point` = 0, `active_status` = 'no'
WHERE `user_id` = '78UOV5';
INSERT INTO `inactive_history` (`user_id`, `commission_balance`, `amount`, `date`) VALUES ('78UOV5', '0', '50', '2025-07-27 00:05:16');
UPDATE `user_registration` SET `sub_point` = 0, `active_status` = 'no'
WHERE `user_id` = '8D7CNL';
INSERT INTO `inactive_history` (`user_id`, `commission_balance`, `amount`, `date`) VALUES ('8D7CNL', '100', '150', '2025-07-27 00:05:16');
UPDATE `user_registration` SET `sub_point` = 0, `active_status` = 'no'
WHERE `user_id` = 'OMGB4G';
INSERT INTO `inactive_history` (`user_id`, `commission_balance`, `amount`, `date`) VALUES ('OMGB4G', '20', '150', '2025-07-27 00:05:16');
UPDATE `user_registration` SET `sub_point` = 0, `active_status` = 'no'
WHERE `user_id` = 'UJXP99';
INSERT INTO `inactive_history` (`user_id`, `commission_balance`, `amount`, `date`) VALUES ('UJXP99', '0', '50', '2025-07-27 00:05:17');
UPDATE `user_registration` SET `sub_point` = 0, `active_status` = 'no'
WHERE `user_id` = 'L268VW';
INSERT INTO `inactive_history` (`user_id`, `commission_balance`, `amount`, `date`) VALUES ('L268VW', '0', '50', '2025-07-27 00:05:17');
UPDATE `user_registration` SET `sub_point` = 0, `active_status` = 'no'
WHERE `user_id` = 'UVJ6L9';
INSERT INTO `inactive_history` (`user_id`, `commission_balance`, `amount`, `date`) VALUES ('UVJ6L9', '0', '50', '2025-07-27 00:05:17');
UPDATE `user_registration` SET `sub_point` = 0, `active_status` = 'no'
WHERE `user_id` = 'T2U73Q';
INSERT INTO `inactive_history` (`user_id`, `commission_balance`, `amount`, `date`) VALUES ('T2U73Q', '0', '50', '2025-07-27 00:05:18');
UPDATE `user_registration` SET `sub_point` = 0, `active_status` = 'no'
WHERE `user_id` = 'ULHSH2';
INSERT INTO `inactive_history` (`user_id`, `commission_balance`, `amount`, `date`) VALUES ('ULHSH2', '0', '150', '2025-07-27 00:05:18');
UPDATE `user_registration` SET `sub_point` = 0, `active_status` = 'no'
WHERE `user_id` = 'UT8WM5';
INSERT INTO `inactive_history` (`user_id`, `commission_balance`, `amount`, `date`) VALUES ('UT8WM5', '100', '150', '2025-07-27 00:05:18');
UPDATE `user_registration` SET `sub_point` = 0, `active_status` = 'no'
WHERE `user_id` = 'H1XYDK';
INSERT INTO `inactive_history` (`user_id`, `commission_balance`, `amount`, `date`) VALUES ('H1XYDK', '0', '50', '2025-07-27 00:05:19');
UPDATE `user_registration` SET `sub_point` = 0, `active_status` = 'no'
WHERE `user_id` = '3UFB1M';
INSERT INTO `inactive_history` (`user_id`, `commission_balance`, `amount`, `date`) VALUES ('3UFB1M', '100', '150', '2025-07-27 00:05:19');
UPDATE `user_registration` SET `sub_point` = 0, `active_status` = 'no'
WHERE `user_id` = '72W7M6';
INSERT INTO `inactive_history` (`user_id`, `commission_balance`, `amount`, `date`) VALUES ('72W7M6', '0', '50', '2025-07-27 00:05:19');
UPDATE `user_registration` SET `sub_point` = 0, `active_status` = 'no'
WHERE `user_id` = '8PK4HK';
INSERT INTO `inactive_history` (`user_id`, `commission_balance`, `amount`, `date`) VALUES ('8PK4HK', '0', '150', '2025-07-27 00:05:19');
UPDATE `user_registration` SET `sub_point` = 0, `active_status` = 'no'
WHERE `user_id` = 'LEOFNI';
INSERT INTO `inactive_history` (`user_id`, `commission_balance`, `amount`, `date`) VALUES ('LEOFNI', '0', '150', '2025-07-27 00:05:20');
UPDATE `user_registration` SET `sub_point` = 0, `active_status` = 'no'
WHERE `user_id` = '75X85X';
INSERT INTO `inactive_history` (`user_id`, `commission_balance`, `amount`, `date`) VALUES ('75X85X', '0', '50', '2025-07-27 00:05:20');
UPDATE `user_registration` SET `sub_point` = 0, `active_status` = 'no'
WHERE `user_id` = 'UC1QRN';
INSERT INTO `inactive_history` (`user_id`, `commission_balance`, `amount`, `date`) VALUES ('UC1QRN', '0', '150', '2025-07-27 00:05:20');
UPDATE `user_registration` SET `sub_point` = 0, `active_status` = 'no'
WHERE `user_id` = '7YU16B';
INSERT INTO `inactive_history` (`user_id`, `commission_balance`, `amount`, `date`) VALUES ('7YU16B', '0', '50', '2025-07-27 00:05:21');
UPDATE `user_registration` SET `sub_point` = 0, `active_status` = 'no'
WHERE `user_id` = 'OEM6F6';
INSERT INTO `inactive_history` (`user_id`, `commission_balance`, `amount`, `date`) VALUES ('OEM6F6', '0', '50', '2025-07-27 00:05:21');
UPDATE `user_registration` SET `sub_point` = 0, `active_status` = 'no'
WHERE `user_id` = 'TU7MHD';
INSERT INTO `inactive_history` (`user_id`, `commission_balance`, `amount`, `date`) VALUES ('TU7MHD', '100', '150', '2025-07-27 00:05:21');
UPDATE `user_registration` SET `sub_point` = 0, `active_status` = 'no'
WHERE `user_id` = '7BQJK5';
INSERT INTO `inactive_history` (`user_id`, `commission_balance`, `amount`, `date`) VALUES ('7BQJK5', '20', '150', '2025-07-27 00:05:22');
UPDATE `user_registration` SET `sub_point` = 0, `active_status` = 'no'
WHERE `user_id` = 'FLKHUD';
INSERT INTO `inactive_history` (`user_id`, `commission_balance`, `amount`, `date`) VALUES ('FLKHUD', '0', '150', '2025-07-27 00:05:22');
UPDATE `user_registration` SET `sub_point` = 0, `active_status` = 'no'
WHERE `user_id` = 'XMN3MK';
INSERT INTO `inactive_history` (`user_id`, `commission_balance`, `amount`, `date`) VALUES ('XMN3MK', '0', '150', '2025-07-27 00:05:22');
UPDATE `user_registration` SET `sub_point` = 0, `active_status` = 'no'
WHERE `user_id` = '7SMFPM';
INSERT INTO `inactive_history` (`user_id`, `commission_balance`, `amount`, `date`) VALUES ('7SMFPM', '0', '50', '2025-07-27 00:05:23');
UPDATE `user_registration` SET `sub_point` = 0, `active_status` = 'no'
WHERE `user_id` = '4N4NX4';
INSERT INTO `inactive_history` (`user_id`, `commission_balance`, `amount`, `date`) VALUES ('4N4NX4', '0', '150', '2025-07-27 00:05:23');
UPDATE `user_registration` SET `sub_point` = 0, `active_status` = 'no'
WHERE `user_id` = 'WS9KK9';
INSERT INTO `inactive_history` (`user_id`, `commission_balance`, `amount`, `date`) VALUES ('WS9KK9', '0', '150', '2025-07-27 00:05:23');
UPDATE `user_registration` SET `sub_point` = 0, `active_status` = 'no'
WHERE `user_id` = 'OHI8SE';
INSERT INTO `inactive_history` (`user_id`, `commission_balance`, `amount`, `date`) VALUES ('OHI8SE', '20', '150', '2025-07-27 00:05:23');
UPDATE `user_registration` SET `sub_point` = 0, `active_status` = 'no'
WHERE `user_id` = 'BJFCEM';
INSERT INTO `inactive_history` (`user_id`, `commission_balance`, `amount`, `date`) VALUES ('BJFCEM', '0', '50', '2025-07-27 00:05:24');
UPDATE `user_registration` SET `sub_point` = 0, `active_status` = 'no'
WHERE `user_id` = '9EDD8W';
INSERT INTO `inactive_history` (`user_id`, `commission_balance`, `amount`, `date`) VALUES ('9EDD8W', '0', '50', '2025-07-27 00:05:24');
UPDATE `user_registration` SET `sub_point` = 0, `active_status` = 'no'
WHERE `user_id` = '2QC8SK';
INSERT INTO `inactive_history` (`user_id`, `commission_balance`, `amount`, `date`) VALUES ('2QC8SK', '0', '150', '2025-07-27 00:05:24');
UPDATE `user_registration` SET `sub_point` = 0, `active_status` = 'no'
WHERE `user_id` = 'TOTNOR';
INSERT INTO `inactive_history` (`user_id`, `commission_balance`, `amount`, `date`) VALUES ('TOTNOR', '0', '50', '2025-07-27 00:05:25');
UPDATE `user_registration` SET `sub_point` = 0, `active_status` = 'no'
WHERE `user_id` = 'M2XFK7';
INSERT INTO `inactive_history` (`user_id`, `commission_balance`, `amount`, `date`) VALUES ('M2XFK7', '0', '150', '2025-07-27 00:05:25');
UPDATE `user_registration` SET `sub_point` = 0, `active_status` = 'no'
WHERE `user_id` = '82W7DS';
INSERT INTO `inactive_history` (`user_id`, `commission_balance`, `amount`, `date`) VALUES ('82W7DS', '0', '50', '2025-07-27 00:05:25');
UPDATE `user_registration` SET `sub_point` = 0, `active_status` = 'no'
WHERE `user_id` = '9T4ALJ';
INSERT INTO `inactive_history` (`user_id`, `commission_balance`, `amount`, `date`) VALUES ('9T4ALJ', '0', '150', '2025-07-27 00:05:26');
UPDATE `user_registration` SET `sub_point` = 0, `active_status` = 'no'
WHERE `user_id` = '648GBY';
INSERT INTO `inactive_history` (`user_id`, `commission_balance`, `amount`, `date`) VALUES ('648GBY', '20', '50', '2025-07-27 00:05:26');
UPDATE `user_registration` SET `sub_point` = 0, `active_status` = 'no'
WHERE `user_id` = 'X5T3ZT';
INSERT INTO `inactive_history` (`user_id`, `commission_balance`, `amount`, `date`) VALUES ('X5T3ZT', '0', '150', '2025-07-27 00:05:26');
UPDATE `user_registration` SET commission_balance = ROUND(commission_balance - 150,2)
WHERE `user_id` = 'OTZTS5';
INSERT INTO `sub_history` (`user_id`, `package_id`, `amount`, `payment_method`, `date`) VALUES ('OTZTS5', '2', '150', 'Ewallet', '2025-07-27 00:05:27');
UPDATE `user_registration` SET sub_point = ROUND(sub_point + 150,2)
WHERE `user_id` = 'OTZTS5';
INSERT INTO `investment` (`invest_date`, `user_id`, `type`, `amount`, `package_id`) VALUES ('2025-07-27 00:05:27', 'OTZTS5', 'subscription', '150', '2');
UPDATE `user_registration` SET total_points = ROUND(total_points + 150,2)
WHERE `user_id` = 'OTZTS5';
INSERT INTO `points_history` (`user_id`, `points`, `type`, `date`) VALUES ('OTZTS5', '150', 'subscription', '2025-07-27 00:05:');
UPDATE `bv_updation` SET right_carry = right_carry+150, total_right = total_right+150
WHERE `user_id` = 'XXI66Z';
INSERT INTO `placement_bv_update_history` (`right_carry`, `date`, `from_id`, `user_id`) VALUES ('150', '2025-07-27 00:05:27', 'OTZTS5', 'XXI66Z');
UPDATE `bv_updation` SET right_carry = right_carry+150, total_right = total_right+150
WHERE `user_id` = '2MBPZI';
INSERT INTO `placement_bv_update_history` (`right_carry`, `date`, `from_id`, `user_id`) VALUES ('150', '2025-07-27 00:05:27', 'OTZTS5', '2MBPZI');
UPDATE `bv_updation` SET right_carry = right_carry+150, total_right = total_right+150
WHERE `user_id` = 'XHO8CJ';
INSERT INTO `placement_bv_update_history` (`right_carry`, `date`, `from_id`, `user_id`) VALUES ('150', '2025-07-27 00:05:27', 'OTZTS5', 'XHO8CJ');
UPDATE `bv_updation` SET right_carry = right_carry+150, total_right = total_right+150
WHERE `user_id` = 'U7SMZ8';
INSERT INTO `placement_bv_update_history` (`right_carry`, `date`, `from_id`, `user_id`) VALUES ('150', '2025-07-27 00:05:27', 'OTZTS5', 'U7SMZ8');
UPDATE `user_registration` SET `cycle_rank_id` = '1'
WHERE `user_id` = 'U7SMZ8';
INSERT INTO `rank_history` (`rank_id`, `user_id`, `name`, `bv`, `date`, `amount`, `type`) VALUES ('1', 'U7SMZ8', 'Affiliate', '0', '2025-07-27 00:05:27', '0', 'auto');
UPDATE `bv_updation` SET right_carry = right_carry+150, total_right = total_right+150
WHERE `user_id` = 'AABG7W';
INSERT INTO `placement_bv_update_history` (`right_carry`, `date`, `from_id`, `user_id`) VALUES ('150', '2025-07-27 00:05:27', 'OTZTS5', 'AABG7W');
