INSERT INTO `login_history` (`user_id`, `device`, `ip_address`, `date`) VALUES ('admin', 'Mozilla/5.0 (Windows NT 10.0; Win64; x64; rv:106.0) Gecko/20100101 Firefox/106.0', '127.0.0.1', '22-10-22 05:30');
UPDATE `user_registration` SET `popup_seen` = 'yes'
WHERE `user_id` = 'admin';
UPDATE `user_registration` SET `popup_seen` = 'no'
WHERE `user_id` = 'admin';
INSERT INTO `login_history` (`user_id`, `device`, `ip_address`, `date`) VALUES ('admin', 'Mozilla/5.0 (Windows NT 10.0; Win64; x64; rv:106.0) Gecko/20100101 Firefox/106.0', '127.0.0.1', '22-10-22 06:25');
UPDATE `user_registration` SET `popup_seen` = 'yes'
WHERE `user_id` = 'admin';
UPDATE `user_registration` SET `popup_seen` = 'yes'
WHERE `user_id` = 'admin';
UPDATE `user_registration` SET `popup_seen` = 'yes'
WHERE `user_id` = 'admin';
UPDATE `user_registration` SET `popup_seen` = 'yes'
WHERE `user_id` = 'admin';
UPDATE `user_registration` SET `popup_seen` = 'yes'
WHERE `user_id` = 'admin';
UPDATE `user_registration` SET `popup_seen` = 'yes'
WHERE `user_id` = 'admin';
UPDATE `user_registration` SET `popup_seen` = 'yes'
WHERE `user_id` = 'admin';
UPDATE `user_registration` SET `popup_seen` = 'yes'
WHERE `user_id` = 'admin';
UPDATE `user_registration` SET `popup_seen` = 'yes'
WHERE `user_id` = 'admin';
UPDATE `user_registration` SET `popup_seen` = 'yes'
WHERE `user_id` = 'admin';
UPDATE `user_registration` SET `popup_seen` = 'yes'
WHERE `user_id` = 'admin';
UPDATE `user_registration` SET `popup_seen` = 'yes'
WHERE `user_id` = 'admin';
UPDATE `user_registration` SET `popup_seen` = 'yes'
WHERE `user_id` = 'admin';
UPDATE `user_registration` SET `popup_seen` = 'yes'
WHERE `user_id` = 'admin';
UPDATE `user_registration` SET `popup_seen` = 'yes'
WHERE `user_id` = 'admin';
UPDATE `user_registration` SET `popup_seen` = 'yes'
WHERE `user_id` = 'admin';
UPDATE `user_registration` SET `popup_seen` = 'yes'
WHERE `user_id` = 'admin';
UPDATE `user_registration` SET `popup_seen` = 'yes'
WHERE `user_id` = 'admin';
UPDATE `user_registration` SET `popup_seen` = 'yes'
WHERE `user_id` = 'admin';
UPDATE `user_registration` SET `popup_seen` = 'yes'
WHERE `user_id` = 'admin';
UPDATE `user_registration` SET `popup_seen` = 'yes'
WHERE `user_id` = 'admin';
UPDATE `user_registration` SET `popup_seen` = 'yes'
WHERE `user_id` = 'admin';
UPDATE `user_registration` SET `popup_seen` = 'yes'
WHERE `user_id` = 'admin';
UPDATE `user_registration` SET `popup_seen` = 'yes'
WHERE `user_id` = 'admin';
UPDATE `user_registration` SET `popup_seen` = 'yes'
WHERE `user_id` = 'admin';
UPDATE `user_registration` SET `popup_seen` = 'yes'
WHERE `user_id` = 'admin';
UPDATE `user_registration` SET `popup_seen` = 'yes'
WHERE `user_id` = 'admin';
UPDATE `user_registration` SET `popup_seen` = 'yes'
WHERE `user_id` = 'admin';
UPDATE `user_registration` SET `popup_seen` = 'yes'
WHERE `user_id` = 'admin';
UPDATE `user_registration` SET `popup_seen` = 'yes'
WHERE `user_id` = 'admin';
UPDATE `user_registration` SET `popup_seen` = 'yes'
WHERE `user_id` = 'admin';
UPDATE `user_registration` SET `popup_seen` = 'yes'
WHERE `user_id` = 'admin';
UPDATE `user_registration` SET `popup_seen` = 'yes'
WHERE `user_id` = 'admin';
UPDATE `user_registration` SET `popup_seen` = 'yes'
WHERE `user_id` = 'admin';
INSERT INTO `login_history` (`user_id`, `device`, `ip_address`, `date`) VALUES ('admin', 'Mozilla/5.0 (Windows NT 10.0; Win64; x64; rv:106.0) Gecko/20100101 Firefox/106.0', '127.0.0.1', '22-10-22 06:56');
UPDATE `user_registration` SET `popup_seen` = 'yes'
WHERE `user_id` = 'admin';
UPDATE `user_registration` SET `popup_seen` = 'yes'
WHERE `user_id` = 'admin';
UPDATE `user_registration` SET `popup_seen` = 'yes'
WHERE `user_id` = 'admin';
UPDATE `user_registration` SET `popup_seen` = 'yes'
WHERE `user_id` = 'admin';
UPDATE `user_registration` SET `popup_seen` = 'yes'
WHERE `user_id` = 'admin';
UPDATE `user_registration` SET `popup_seen` = 'yes'
WHERE `user_id` = 'admin';
UPDATE `user_registration` SET `popup_seen` = 'yes'
WHERE `user_id` = 'admin';
UPDATE `user_registration` SET `popup_seen` = 'yes'
WHERE `user_id` = 'admin';
UPDATE `user_registration` SET `popup_seen` = 'yes'
WHERE `user_id` = 'admin';
UPDATE `user_registration` SET `popup_seen` = 'yes'
WHERE `user_id` = 'admin';
UPDATE `user_registration` SET `popup_seen` = 'yes'
WHERE `user_id` = 'admin';
UPDATE `user_registration` SET `popup_seen` = 'yes'
WHERE `user_id` = 'admin';
UPDATE `user_registration` SET `popup_seen` = 'yes'
WHERE `user_id` = 'admin';
UPDATE `user_registration` SET `popup_seen` = 'yes'
WHERE `user_id` = 'admin';
UPDATE `user_registration` SET `popup_seen` = 'yes'
WHERE `user_id` = 'admin';
UPDATE `user_registration` SET `popup_seen` = 'yes'
WHERE `user_id` = 'admin';
UPDATE `user_registration` SET `popup_seen` = 'yes'
WHERE `user_id` = 'admin';
UPDATE `user_registration` SET `popup_seen` = 'yes'
WHERE `user_id` = 'admin';
UPDATE `user_registration` SET `popup_seen` = 'yes'
WHERE `user_id` = 'admin';
UPDATE `user_registration` SET `popup_seen` = 'yes'
WHERE `user_id` = 'admin';
UPDATE `user_registration` SET `popup_seen` = 'yes'
WHERE `user_id` = 'admin';
INSERT INTO `login_history` (`user_id`, `device`, `ip_address`, `date`) VALUES ('admin', 'Mozilla/5.0 (Windows NT 10.0; Win64; x64; rv:106.0) Gecko/20100101 Firefox/106.0', '127.0.0.1', '22-10-22 09:03');
UPDATE `user_registration` SET `popup_seen` = 'yes'
WHERE `user_id` = 'admin';
UPDATE `user_registration` SET `popup_seen` = 'yes'
WHERE `user_id` = 'admin';
UPDATE `user_registration` SET `popup_seen` = 'yes'
WHERE `user_id` = 'admin';
UPDATE `user_registration` SET `popup_seen` = 'no'
WHERE `user_id` = 'admin';
INSERT INTO `login_history` (`user_id`, `device`, `ip_address`, `date`) VALUES ('admin', 'Mozilla/5.0 (Windows NT 10.0; Win64; x64; rv:106.0) Gecko/20100101 Firefox/106.0', '127.0.0.1', '22-10-22 09:05');
UPDATE `user_registration` SET `popup_seen` = 'yes'
WHERE `user_id` = 'admin';
UPDATE `user_registration` SET `popup_seen` = 'yes'
WHERE `user_id` = 'admin';
UPDATE `user_registration` SET `popup_seen` = 'yes'
WHERE `user_id` = 'admin';
UPDATE `user_registration` SET `popup_seen` = 'yes'
WHERE `user_id` = 'admin';
UPDATE `user_registration` SET `popup_seen` = 'yes'
WHERE `user_id` = 'admin';
UPDATE `user_registration` SET `popup_seen` = 'yes'
WHERE `user_id` = 'admin';
UPDATE `user_registration` SET `popup_seen` = 'yes'
WHERE `user_id` = 'admin';
UPDATE `user_registration` SET `popup_seen` = 'yes'
WHERE `user_id` = 'admin';
UPDATE `user_registration` SET `popup_seen` = 'yes'
WHERE `user_id` = 'admin';
UPDATE `user_registration` SET `popup_seen` = 'yes'
WHERE `user_id` = 'admin';
UPDATE `user_registration` SET `popup_seen` = 'yes'
WHERE `user_id` = 'admin';
UPDATE `user_registration` SET `popup_seen` = 'yes'
WHERE `user_id` = 'admin';
UPDATE `user_registration` SET `popup_seen` = 'yes'
WHERE `user_id` = 'admin';
UPDATE `user_registration` SET `popup_seen` = 'yes'
WHERE `user_id` = 'admin';
UPDATE `user_registration` SET `popup_seen` = 'yes'
WHERE `user_id` = 'admin';
UPDATE `user_registration` SET `popup_seen` = 'yes'
WHERE `user_id` = 'admin';
UPDATE `user_registration` SET `popup_seen` = 'yes'
WHERE `user_id` = 'admin';
UPDATE `user_registration` SET `popup_seen` = 'yes'
WHERE `user_id` = 'admin';
UPDATE `user_registration` SET `popup_seen` = 'yes'
WHERE `user_id` = 'admin';
UPDATE `user_registration` SET `popup_seen` = 'yes'
WHERE `user_id` = 'admin';
UPDATE `user_registration` SET `popup_seen` = 'yes'
WHERE `user_id` = 'admin';
UPDATE `user_registration` SET `popup_seen` = 'yes'
WHERE `user_id` = 'admin';
UPDATE `user_registration` SET `popup_seen` = 'yes'
WHERE `user_id` = 'admin';
UPDATE `user_registration` SET `popup_seen` = 'yes'
WHERE `user_id` = 'admin';
UPDATE `user_registration` SET `popup_seen` = 'yes'
WHERE `user_id` = 'admin';
UPDATE `user_registration` SET `popup_seen` = 'yes'
WHERE `user_id` = 'admin';
UPDATE `user_registration` SET `popup_seen` = 'yes'
WHERE `user_id` = 'admin';
UPDATE `user_registration` SET `popup_seen` = 'yes'
WHERE `user_id` = 'admin';
UPDATE `user_registration` SET `popup_seen` = 'yes'
WHERE `user_id` = 'admin';
UPDATE `user_registration` SET `popup_seen` = 'yes'
WHERE `user_id` = 'admin';
UPDATE `user_registration` SET `popup_seen` = 'yes'
WHERE `user_id` = 'admin';
UPDATE `user_registration` SET `popup_seen` = 'yes'
WHERE `user_id` = 'admin';
UPDATE `user_registration` SET `popup_seen` = 'yes'
WHERE `user_id` = 'admin';
UPDATE `user_registration` SET `popup_seen` = 'yes'
WHERE `user_id` = 'admin';
UPDATE `user_registration` SET `popup_seen` = 'yes'
WHERE `user_id` = 'admin';
UPDATE `user_registration` SET `popup_seen` = 'yes'
WHERE `user_id` = 'admin';
UPDATE `user_registration` SET `popup_seen` = 'yes'
WHERE `user_id` = 'admin';
UPDATE `user_registration` SET `popup_seen` = 'yes'
WHERE `user_id` = 'admin';
UPDATE `user_registration` SET `popup_seen` = 'yes'
WHERE `user_id` = 'admin';
UPDATE `user_registration` SET `popup_seen` = 'yes'
WHERE `user_id` = 'admin';
UPDATE `user_registration` SET `popup_seen` = 'yes'
WHERE `user_id` = 'admin';
UPDATE `user_registration` SET `popup_seen` = 'yes'
WHERE `user_id` = 'admin';
UPDATE `user_registration` SET `popup_seen` = 'yes'
WHERE `user_id` = 'admin';
UPDATE `user_registration` SET `popup_seen` = 'yes'
WHERE `user_id` = 'admin';
UPDATE `user_registration` SET `popup_seen` = 'yes'
WHERE `user_id` = 'admin';
UPDATE `user_registration` SET `popup_seen` = 'yes'
WHERE `user_id` = 'admin';
UPDATE `user_registration` SET `popup_seen` = 'yes'
WHERE `user_id` = 'admin';
UPDATE `user_registration` SET `popup_seen` = 'yes'
WHERE `user_id` = 'admin';
UPDATE `user_registration` SET `language` = 'spanish'
WHERE `user_id` = 'admin';
UPDATE `user_registration` SET `popup_seen` = 'yes'
WHERE `user_id` = 'admin';
UPDATE `user_registration` SET `popup_seen` = 'yes'
WHERE `user_id` = 'admin';
UPDATE `user_registration` SET `language` = 'english'
WHERE `user_id` = 'admin';
UPDATE `user_registration` SET `popup_seen` = 'yes'
WHERE `user_id` = 'admin';
UPDATE `user_registration` SET `popup_seen` = 'yes'
WHERE `user_id` = 'admin';
UPDATE `user_registration` SET `language` = 'spanish'
WHERE `user_id` = 'admin';
UPDATE `user_registration` SET `popup_seen` = 'yes'
WHERE `user_id` = 'admin';
UPDATE `user_registration` SET `language` = 'english'
WHERE `user_id` = 'admin';
UPDATE `user_registration` SET `popup_seen` = 'yes'
WHERE `user_id` = 'admin';
UPDATE `user_registration` SET `popup_seen` = 'yes'
WHERE `user_id` = 'admin';
UPDATE `user_registration` SET `popup_seen` = 'yes'
WHERE `user_id` = 'admin';
UPDATE `user_registration` SET `popup_seen` = 'yes'
WHERE `user_id` = 'admin';
UPDATE `user_registration` SET `popup_seen` = 'yes'
WHERE `user_id` = 'admin';
UPDATE `user_registration` SET `popup_seen` = 'yes'
WHERE `user_id` = 'admin';
UPDATE `user_registration` SET `popup_seen` = 'yes'
WHERE `user_id` = 'admin';
UPDATE `user_registration` SET `popup_seen` = 'yes'
WHERE `user_id` = 'admin';
UPDATE `user_registration` SET `popup_seen` = 'yes'
WHERE `user_id` = 'admin';
UPDATE `user_registration` SET `popup_seen` = 'yes'
WHERE `user_id` = 'admin';
UPDATE `user_registration` SET `popup_seen` = 'yes'
WHERE `user_id` = 'admin';
UPDATE `user_registration` SET `popup_seen` = 'yes'
WHERE `user_id` = 'admin';
UPDATE `user_registration` SET `popup_seen` = 'yes'
WHERE `user_id` = 'admin';
UPDATE `user_registration` SET `popup_seen` = 'yes'
WHERE `user_id` = 'admin';
UPDATE `user_registration` SET `popup_seen` = 'yes'
WHERE `user_id` = 'admin';
UPDATE `user_registration` SET `popup_seen` = 'yes'
WHERE `user_id` = 'admin';
UPDATE `user_registration` SET `popup_seen` = 'yes'
WHERE `user_id` = 'admin';
UPDATE `user_registration` SET `popup_seen` = 'yes'
WHERE `user_id` = 'admin';
UPDATE `user_registration` SET `popup_seen` = 'yes'
WHERE `user_id` = 'admin';
UPDATE `user_registration` SET `popup_seen` = 'yes'
WHERE `user_id` = 'admin';
UPDATE `user_registration` SET `popup_seen` = 'yes'
WHERE `user_id` = 'admin';
UPDATE `user_registration` SET `popup_seen` = 'yes'
WHERE `user_id` = 'admin';
UPDATE `user_registration` SET `popup_seen` = 'yes'
WHERE `user_id` = 'admin';
UPDATE `user_registration` SET `popup_seen` = 'yes'
WHERE `user_id` = 'admin';
UPDATE `user_registration` SET `popup_seen` = 'yes'
WHERE `user_id` = 'admin';
UPDATE `user_registration` SET `popup_seen` = 'yes'
WHERE `user_id` = 'admin';
UPDATE `user_registration` SET `popup_seen` = 'yes'
WHERE `user_id` = 'admin';
UPDATE `user_registration` SET `popup_seen` = 'yes'
WHERE `user_id` = 'admin';
UPDATE `user_registration` SET `popup_seen` = 'yes'
WHERE `user_id` = 'admin';
UPDATE `user_registration` SET `popup_seen` = 'yes'
WHERE `user_id` = 'admin';
UPDATE `user_registration` SET `popup_seen` = 'yes'
WHERE `user_id` = 'admin';
UPDATE `user_registration` SET `popup_seen` = 'yes'
WHERE `user_id` = 'admin';
UPDATE `user_registration` SET `popup_seen` = 'yes'
WHERE `user_id` = 'admin';
UPDATE `user_registration` SET `popup_seen` = 'yes'
WHERE `user_id` = 'admin';
UPDATE `user_registration` SET `popup_seen` = 'yes'
WHERE `user_id` = 'admin';
UPDATE `user_registration` SET `popup_seen` = 'yes'
WHERE `user_id` = 'admin';
UPDATE `user_registration` SET `popup_seen` = 'yes'
WHERE `user_id` = 'admin';
UPDATE `user_registration` SET `popup_seen` = 'yes'
WHERE `user_id` = 'admin';
UPDATE `user_registration` SET `popup_seen` = 'yes'
WHERE `user_id` = 'admin';
UPDATE `user_registration` SET `popup_seen` = 'yes'
WHERE `user_id` = 'admin';
UPDATE `user_registration` SET `popup_seen` = 'yes'
WHERE `user_id` = 'admin';
UPDATE `user_registration` SET `popup_seen` = 'yes'
WHERE `user_id` = 'admin';
UPDATE `user_registration` SET `popup_seen` = 'yes'
WHERE `user_id` = 'admin';
UPDATE `user_registration` SET `popup_seen` = 'yes'
WHERE `user_id` = 'admin';
UPDATE `user_registration` SET `popup_seen` = 'yes'
WHERE `user_id` = 'admin';
UPDATE `user_registration` SET `popup_seen` = 'yes'
WHERE `user_id` = 'admin';
UPDATE `user_registration` SET `popup_seen` = 'yes'
WHERE `user_id` = 'admin';
UPDATE `user_registration` SET `popup_seen` = 'yes'
WHERE `user_id` = 'admin';
UPDATE `user_registration` SET `popup_seen` = 'yes'
WHERE `user_id` = 'admin';
UPDATE `user_registration` SET `popup_seen` = 'yes'
WHERE `user_id` = 'admin';
UPDATE `user_registration` SET `popup_seen` = 'yes'
WHERE `user_id` = 'admin';
UPDATE `user_registration` SET `popup_seen` = 'yes'
WHERE `user_id` = 'admin';
UPDATE `user_registration` SET `popup_seen` = 'yes'
WHERE `user_id` = 'admin';
UPDATE `user_registration` SET `popup_seen` = 'yes'
WHERE `user_id` = 'admin';
UPDATE `user_registration` SET `popup_seen` = 'yes'
WHERE `user_id` = 'admin';
UPDATE `user_registration` SET `popup_seen` = 'yes'
WHERE `user_id` = 'admin';
UPDATE `user_registration` SET `popup_seen` = 'yes'
WHERE `user_id` = 'admin';
UPDATE `user_registration` SET `popup_seen` = 'yes'
WHERE `user_id` = 'admin';
UPDATE `user_registration` SET `popup_seen` = 'yes'
WHERE `user_id` = 'admin';
UPDATE `user_registration` SET `popup_seen` = 'yes'
WHERE `user_id` = 'admin';
UPDATE `user_registration` SET `popup_seen` = 'yes'
WHERE `user_id` = 'admin';
UPDATE `user_registration` SET `popup_seen` = 'yes'
WHERE `user_id` = 'admin';
UPDATE `user_registration` SET `popup_seen` = 'yes'
WHERE `user_id` = 'admin';
UPDATE `user_registration` SET `popup_seen` = 'yes'
WHERE `user_id` = 'admin';
UPDATE `user_registration` SET `popup_seen` = 'yes'
WHERE `user_id` = 'admin';
UPDATE `user_registration` SET `popup_seen` = 'yes'
WHERE `user_id` = 'admin';
UPDATE `user_registration` SET `popup_seen` = 'yes'
WHERE `user_id` = 'admin';
UPDATE `user_registration` SET `popup_seen` = 'yes'
WHERE `user_id` = 'admin';
UPDATE `user_registration` SET `popup_seen` = 'yes'
WHERE `user_id` = 'admin';
UPDATE `user_registration` SET `popup_seen` = 'yes'
WHERE `user_id` = 'admin';
UPDATE `user_registration` SET `popup_seen` = 'yes'
WHERE `user_id` = 'admin';
UPDATE `user_registration` SET `popup_seen` = 'yes'
WHERE `user_id` = 'admin';
UPDATE `user_registration` SET `popup_seen` = 'yes'
WHERE `user_id` = 'admin';
UPDATE `user_registration` SET `popup_seen` = 'yes'
WHERE `user_id` = 'admin';
UPDATE `user_registration` SET `popup_seen` = 'yes'
WHERE `user_id` = 'admin';
UPDATE `user_registration` SET `popup_seen` = 'yes'
WHERE `user_id` = 'admin';
UPDATE `user_registration` SET `popup_seen` = 'yes'
WHERE `user_id` = 'admin';
UPDATE `user_registration` SET `popup_seen` = 'yes'
WHERE `user_id` = 'admin';
UPDATE `user_registration` SET `popup_seen` = 'yes'
WHERE `user_id` = 'admin';
UPDATE `user_registration` SET `popup_seen` = 'yes'
WHERE `user_id` = 'admin';
UPDATE `user_registration` SET `popup_seen` = 'yes'
WHERE `user_id` = 'admin';
UPDATE `user_registration` SET `popup_seen` = 'yes'
WHERE `user_id` = 'admin';
UPDATE `user_registration` SET `popup_seen` = 'yes'
WHERE `user_id` = 'admin';
UPDATE `user_registration` SET `popup_seen` = 'yes'
WHERE `user_id` = 'admin';
UPDATE `user_registration` SET `popup_seen` = 'yes'
WHERE `user_id` = 'admin';
UPDATE `user_registration` SET `popup_seen` = 'yes'
WHERE `user_id` = 'admin';
UPDATE `user_registration` SET `popup_seen` = 'yes'
WHERE `user_id` = 'admin';
UPDATE `user_registration` SET `popup_seen` = 'yes'
WHERE `user_id` = 'admin';
UPDATE `user_registration` SET `popup_seen` = 'yes'
WHERE `user_id` = 'admin';
UPDATE `user_registration` SET `popup_seen` = 'yes'
WHERE `user_id` = 'admin';
UPDATE `user_registration` SET `popup_seen` = 'yes'
WHERE `user_id` = 'admin';
UPDATE `user_registration` SET `popup_seen` = 'yes'
WHERE `user_id` = 'admin';
UPDATE `user_registration` SET `popup_seen` = 'yes'
WHERE `user_id` = 'admin';
UPDATE `user_registration` SET `popup_seen` = 'yes'
WHERE `user_id` = 'admin';
UPDATE `user_registration` SET `popup_seen` = 'yes'
WHERE `user_id` = 'admin';
UPDATE `user_registration` SET `popup_seen` = 'yes'
WHERE `user_id` = 'admin';
UPDATE `user_registration` SET `popup_seen` = 'yes'
WHERE `user_id` = 'admin';
UPDATE `user_registration` SET `popup_seen` = 'yes'
WHERE `user_id` = 'admin';
UPDATE `user_registration` SET `popup_seen` = 'yes'
WHERE `user_id` = 'admin';
UPDATE `user_registration` SET `popup_seen` = 'yes'
WHERE `user_id` = 'admin';
UPDATE `user_registration` SET `popup_seen` = 'yes'
WHERE `user_id` = 'admin';
UPDATE `user_registration` SET `popup_seen` = 'yes'
WHERE `user_id` = 'admin';
UPDATE `user_registration` SET `popup_seen` = 'yes'
WHERE `user_id` = 'admin';
UPDATE `user_registration` SET `popup_seen` = 'yes'
WHERE `user_id` = 'admin';
UPDATE `user_registration` SET `popup_seen` = 'yes'
WHERE `user_id` = 'admin';
UPDATE `user_registration` SET `popup_seen` = 'yes'
WHERE `user_id` = 'admin';
UPDATE `user_registration` SET `popup_seen` = 'yes'
WHERE `user_id` = 'admin';
UPDATE `user_registration` SET `popup_seen` = 'yes'
WHERE `user_id` = 'admin';
UPDATE `user_registration` SET `popup_seen` = 'yes'
WHERE `user_id` = 'admin';
UPDATE `user_registration` SET `popup_seen` = 'yes'
WHERE `user_id` = 'admin';
UPDATE `user_registration` SET `popup_seen` = 'yes'
WHERE `user_id` = 'admin';
UPDATE `user_registration` SET `popup_seen` = 'no'
WHERE `user_id` = 'admin';
INSERT INTO `login_history` (`user_id`, `device`, `ip_address`, `date`) VALUES ('admin', 'Mozilla/5.0 (Windows NT 10.0; Win64; x64; rv:106.0) Gecko/20100101 Firefox/106.0', '127.0.0.1', '22-10-22 11:02');
UPDATE `user_registration` SET `popup_seen` = 'yes'
WHERE `user_id` = 'admin';
UPDATE `user_registration` SET `popup_seen` = 'yes'
WHERE `user_id` = 'admin';
UPDATE `user_registration` SET `popup_seen` = 'yes'
WHERE `user_id` = 'admin';
UPDATE `user_registration` SET `popup_seen` = 'yes'
WHERE `user_id` = 'admin';
UPDATE `user_registration` SET `popup_seen` = 'yes'
WHERE `user_id` = 'admin';
UPDATE `user_registration` SET `popup_seen` = 'no'
WHERE `user_id` = 'admin';
UPDATE `admin` SET `last_login` = '2022-10-22 11:07:13', `ip_address` = '127.0.0.1'
WHERE `id` = '1';
UPDATE `admin` SET `last_logout` = '2022-10-22 11:08:12'
WHERE `id` IS NULL;
UPDATE `admin` SET `last_login` = '2022-10-22 11:08:26', `ip_address` = '127.0.0.1'
WHERE `id` = '1';
UPDATE `admin` SET `last_logout` = '2022-10-22 11:10:47'
WHERE `id` IS NULL;
UPDATE `admin` SET `last_login` = '2022-10-22 11:11:01', `ip_address` = '127.0.0.1'
WHERE `id` = '1';
UPDATE `user_registration` SET `popup_seen` = 'no'
WHERE `user_id` IS NULL;
INSERT INTO `login_history` (`user_id`, `device`, `ip_address`, `date`) VALUES ('admin', 'Mozilla/5.0 (Windows NT 10.0; Win64; x64; rv:106.0) Gecko/20100101 Firefox/106.0', '127.0.0.1', '22-10-25 04:23');
UPDATE `user_registration` SET `popup_seen` = 'yes'
WHERE `user_id` = 'admin';
UPDATE `user_registration` SET `language` = 'english'
WHERE `user_id` = 'admin';
UPDATE `user_registration` SET `popup_seen` = 'yes'
WHERE `user_id` = 'admin';
UPDATE `user_registration` SET `popup_seen` = 'yes'
WHERE `user_id` = 'admin';
UPDATE `user_registration` SET `popup_seen` = 'yes'
WHERE `user_id` = 'admin';
UPDATE `user_registration` SET `popup_seen` = 'yes'
WHERE `user_id` = 'admin';
UPDATE `user_registration` SET `popup_seen` = 'yes'
WHERE `user_id` = 'admin';
UPDATE `user_registration` SET `popup_seen` = 'yes'
WHERE `user_id` = 'admin';
UPDATE `user_registration` SET `popup_seen` = 'yes'
WHERE `user_id` = 'admin';
UPDATE `user_registration` SET `popup_seen` = 'yes'
WHERE `user_id` = 'admin';
UPDATE `user_registration` SET `popup_seen` = 'yes'
WHERE `user_id` = 'admin';
UPDATE `user_registration` SET `popup_seen` = 'yes'
WHERE `user_id` = 'admin';
UPDATE `user_registration` SET `popup_seen` = 'yes'
WHERE `user_id` = 'admin';
UPDATE `user_registration` SET `popup_seen` = 'yes'
WHERE `user_id` = 'admin';
UPDATE `user_registration` SET `popup_seen` = 'yes'
WHERE `user_id` = 'admin';
UPDATE `user_registration` SET `popup_seen` = 'yes'
WHERE `user_id` = 'admin';
UPDATE `user_registration` SET `popup_seen` = 'yes'
WHERE `user_id` = 'admin';
UPDATE `user_registration` SET `popup_seen` = 'yes'
WHERE `user_id` = 'admin';
UPDATE `user_registration` SET `popup_seen` = 'yes'
WHERE `user_id` = 'admin';
UPDATE `user_registration` SET `popup_seen` = 'yes'
WHERE `user_id` = 'admin';
UPDATE `user_registration` SET `popup_seen` = 'yes'
WHERE `user_id` = 'admin';
UPDATE `user_registration` SET `popup_seen` = 'yes'
WHERE `user_id` = 'admin';
UPDATE `user_registration` SET `popup_seen` = 'yes'
WHERE `user_id` = 'admin';
UPDATE `user_registration` SET `popup_seen` = 'no'
WHERE `user_id` = 'admin';
INSERT INTO `login_history` (`user_id`, `device`, `ip_address`, `date`) VALUES ('admin', 'Mozilla/5.0 (Windows NT 10.0; Win64; x64; rv:106.0) Gecko/20100101 Firefox/106.0', '127.0.0.1', '22-10-25 05:17');
UPDATE `user_registration` SET `popup_seen` = 'yes'
WHERE `user_id` = 'admin';
UPDATE `user_registration` SET `popup_seen` = 'no'
WHERE `user_id` = 'admin';
UPDATE `admin` SET `last_login` = '2022-10-25 05:17:32', `ip_address` = '127.0.0.1'
WHERE `id` = '1';
UPDATE `user_registration` SET `popup_seen` = 'no'
WHERE `user_id` IS NULL;
INSERT INTO `login_history` (`user_id`, `device`, `ip_address`, `date`) VALUES ('admin', 'Mozilla/5.0 (Windows NT 10.0; Win64; x64; rv:106.0) Gecko/20100101 Firefox/106.0', '127.0.0.1', '22-10-25 05:17');
UPDATE `user_registration` SET `popup_seen` = 'yes'
WHERE `user_id` = 'admin';
UPDATE `user_registration` SET `popup_seen` = 'no'
WHERE `user_id` = 'admin';
INSERT INTO `login_history` (`user_id`, `device`, `ip_address`, `date`) VALUES ('admin', 'Mozilla/5.0 (Windows NT 10.0; Win64; x64; rv:106.0) Gecko/20100101 Firefox/106.0', '127.0.0.1', '22-10-25 05:17');
UPDATE `user_registration` SET `popup_seen` = 'yes'
WHERE `user_id` = 'admin';
UPDATE `user_registration` SET `popup_seen` = 'no'
WHERE `user_id` = 'admin';
INSERT INTO `login_history` (`user_id`, `device`, `ip_address`, `date`) VALUES ('admin', 'Mozilla/5.0 (Windows NT 10.0; Win64; x64; rv:106.0) Gecko/20100101 Firefox/106.0', '127.0.0.1', '22-10-25 05:19');
UPDATE `user_registration` SET `popup_seen` = 'yes'
WHERE `user_id` = 'admin';
UPDATE `user_registration` SET `popup_seen` = 'no'
WHERE `user_id` = 'admin';
INSERT INTO `login_history` (`user_id`, `device`, `ip_address`, `date`) VALUES ('admin', 'Mozilla/5.0 (Windows NT 10.0; Win64; x64; rv:106.0) Gecko/20100101 Firefox/106.0', '127.0.0.1', '22-10-25 05:20');
UPDATE `user_registration` SET `popup_seen` = 'yes'
WHERE `user_id` = 'admin';
UPDATE `user_registration` SET `language` = 'spanish'
WHERE `user_id` = 'admin';
UPDATE `user_registration` SET `popup_seen` = 'yes'
WHERE `user_id` = 'admin';
UPDATE `user_registration` SET `popup_seen` = 'yes'
WHERE `user_id` = 'admin';
UPDATE `user_registration` SET `popup_seen` = 'yes'
WHERE `user_id` = 'admin';
UPDATE `user_registration` SET `popup_seen` = 'yes'
WHERE `user_id` = 'admin';
UPDATE `user_registration` SET `popup_seen` = 'yes'
WHERE `user_id` = 'admin';
UPDATE `user_registration` SET `language` = 'english'
WHERE `user_id` = 'admin';
UPDATE `user_registration` SET `popup_seen` = 'no'
WHERE `user_id` = 'admin';
UPDATE `admin` SET `last_login` = '2022-10-25 05:39:26', `ip_address` = '127.0.0.1'
WHERE `id` = '1';
UPDATE `user_registration` SET `popup_seen` = 'no'
WHERE `user_id` IS NULL;
INSERT INTO `login_history` (`user_id`, `device`, `ip_address`, `date`) VALUES ('admin', 'Mozilla/5.0 (Windows NT 10.0; Win64; x64; rv:106.0) Gecko/20100101 Firefox/106.0', '127.0.0.1', '22-10-25 05:43');
UPDATE `user_registration` SET `popup_seen` = 'yes'
WHERE `user_id` = 'admin';
UPDATE `user_registration` SET `popup_seen` = 'no'
WHERE `user_id` = 'admin';
UPDATE `admin` SET `last_login` = '2022-10-25 05:44:52', `ip_address` = '127.0.0.1'
WHERE `id` = '1';
UPDATE `setting` SET `setting_id` = 1, `withdrawal_fee` = '5', `min_withdraw` = '100'
WHERE `setting_id` = 1;
UPDATE `user_registration` SET `popup_seen` = 'no'
WHERE `user_id` IS NULL;
INSERT INTO `login_history` (`user_id`, `device`, `ip_address`, `date`) VALUES ('admin', 'Mozilla/5.0 (Windows NT 10.0; Win64; x64; rv:106.0) Gecko/20100101 Firefox/106.0', '127.0.0.1', '22-10-25 05:46');
UPDATE `user_registration` SET `popup_seen` = 'yes'
WHERE `user_id` = 'admin';
UPDATE `user_registration` SET `trans_password` = '123456'
WHERE `user_id` = 'admin';
INSERT INTO `notifications` (`user_id`, `notification_type`, `subject`, `details`, `date`, `status`) VALUES ('admin', 'transaction_password_update', 'Transaction Password Notification', 'Your transaction password has been created successfully.', '2022-10-25 05:47:11', 0);
INSERT INTO `withdraw` (`name`, `user_id`, `walletid`, `mobile_no`, `uid`, `amount`, `method`, `fees`, `payment_details`, `fee_rate`, `request_ip`, `request_date`) VALUES ('Rich Roll International', 'admin', '', '1800elevate', '2019', '100', 'Paypal', 5, 'sasasasasasasqwqwqwqw', '5', '127.0.0.1', '2022:10:25 05:47:33');
UPDATE `user_registration` SET `popup_seen` = 'no'
WHERE `user_id` = 'admin';
UPDATE `admin` SET `last_login` = '2022-10-25 05:50:49', `ip_address` = '127.0.0.1'
WHERE `id` = '1';
UPDATE `user_registration` SET `popup_seen` = 'no'
WHERE `user_id` IS NULL;
INSERT INTO `login_history` (`user_id`, `device`, `ip_address`, `date`) VALUES ('admin', 'Mozilla/5.0 (Windows NT 10.0; Win64; x64; rv:106.0) Gecko/20100101 Firefox/106.0', '127.0.0.1', '22-10-25 06:00');
UPDATE `user_registration` SET `popup_seen` = 'yes'
WHERE `user_id` = 'admin';
UPDATE `admin` SET `last_logout` = '2022-10-25 06:35:13'
WHERE `id` = '2019';
INSERT INTO `login_history` (`user_id`, `device`, `ip_address`, `date`) VALUES ('admin', 'Mozilla/5.0 (Windows NT 10.0; Win64; x64; rv:106.0) Gecko/20100101 Firefox/106.0', '127.0.0.1', '22-10-25 06:35');
UPDATE `user_registration` SET `popup_seen` = 'yes'
WHERE `user_id` = 'admin';
UPDATE `admin` SET `last_logout` = '2022-10-25 06:35:31'
WHERE `id` = '2019';
INSERT INTO `login_history` (`user_id`, `device`, `ip_address`, `date`) VALUES ('admin', 'Mozilla/5.0 (Windows NT 10.0; Win64; x64; rv:106.0) Gecko/20100101 Firefox/106.0', '127.0.0.1', '22-10-25 06:35');
UPDATE `user_registration` SET `popup_seen` = 'yes'
WHERE `user_id` = 'admin';
UPDATE `admin` SET `last_logout` = '2022-10-25 06:35:49'
WHERE `id` = '2019';
INSERT INTO `login_history` (`user_id`, `device`, `ip_address`, `date`) VALUES ('admin', 'Mozilla/5.0 (Windows NT 10.0; Win64; x64; rv:106.0) Gecko/20100101 Firefox/106.0', '127.0.0.1', '22-10-25 06:35');
UPDATE `user_registration` SET `popup_seen` = 'yes'
WHERE `user_id` = 'admin';
UPDATE `user_registration` SET `popup_seen` = 'yes'
WHERE `user_id` = 'admin';
UPDATE `user_registration` SET `popup_seen` = 'yes'
WHERE `user_id` = 'admin';
UPDATE `user_registration` SET `popup_seen` = 'no'
WHERE `user_id` = 'admin';
UPDATE `admin` SET `last_login` = '2022-10-25 06:42:07', `ip_address` = '127.0.0.1'
WHERE `id` = '1';
UPDATE `admin` SET `last_logout` = '2022-10-25 06:50:36'
WHERE `id` IS NULL;
UPDATE `user_registration` SET `popup_seen` = 'no'
WHERE `user_id` IS NULL;
INSERT INTO `login_history` (`user_id`, `device`, `ip_address`, `date`) VALUES ('admin', 'Mozilla/5.0 (Windows NT 10.0; Win64; x64; rv:106.0) Gecko/20100101 Firefox/106.0', '127.0.0.1', '22-10-25 08:06');
UPDATE `user_registration` SET `popup_seen` = 'yes'
WHERE `user_id` = 'admin';
UPDATE `user_registration` SET `popup_seen` = 'no'
WHERE `user_id` = 'admin';
INSERT INTO `login_history` (`user_id`, `device`, `ip_address`, `date`) VALUES ('admin', 'Mozilla/5.0 (Windows NT 10.0; Win64; x64; rv:106.0) Gecko/20100101 Firefox/106.0', '127.0.0.1', '22-10-25 09:02');
UPDATE `user_registration` SET `popup_seen` = 'yes'
WHERE `user_id` = 'admin';
UPDATE `user_registration` SET `popup_seen` = 'no'
WHERE `user_id` = 'admin';
INSERT INTO `login_history` (`user_id`, `device`, `ip_address`, `date`) VALUES ('admin', 'Mozilla/5.0 (Windows NT 10.0; Win64; x64; rv:106.0) Gecko/20100101 Firefox/106.0', '127.0.0.1', '22-10-25 09:03');
UPDATE `user_registration` SET `popup_seen` = 'yes'
WHERE `user_id` = 'admin';
UPDATE `user_registration` SET `popup_seen` = 'yes'
WHERE `user_id` = 'admin';
UPDATE `user_registration` SET `popup_seen` = 'yes'
WHERE `user_id` = 'admin';
UPDATE `user_registration` SET `popup_seen` = 'no'
WHERE `user_id` = 'admin';
INSERT INTO `login_history` (`user_id`, `device`, `ip_address`, `date`) VALUES ('admin', 'Mozilla/5.0 (Windows NT 10.0; Win64; x64; rv:106.0) Gecko/20100101 Firefox/106.0', '127.0.0.1', '22-10-25 09:08');
UPDATE `user_registration` SET `popup_seen` = 'yes'
WHERE `user_id` = 'admin';
UPDATE `user_registration` SET `popup_seen` = 'yes'
WHERE `user_id` = 'admin';
UPDATE `user_registration` SET `popup_seen` = 'yes'
WHERE `user_id` = 'admin';
UPDATE `user_registration` SET `popup_seen` = 'yes'
WHERE `user_id` = 'admin';
UPDATE `user_registration` SET `popup_seen` = 'yes'
WHERE `user_id` = 'admin';
UPDATE `user_registration` SET `popup_seen` = 'yes'
WHERE `user_id` = 'admin';
UPDATE `user_registration` SET `popup_seen` = 'yes'
WHERE `user_id` = 'admin';
UPDATE `user_registration` SET `popup_seen` = 'no'
WHERE `user_id` = 'admin';
INSERT INTO `login_history` (`user_id`, `device`, `ip_address`, `date`) VALUES ('admin', 'Mozilla/5.0 (Windows NT 10.0; Win64; x64; rv:106.0) Gecko/20100101 Firefox/106.0', '127.0.0.1', '22-10-25 10:05');
UPDATE `user_registration` SET `popup_seen` = 'yes'
WHERE `user_id` = 'admin';
UPDATE `user_registration` SET `popup_seen` = 'no'
WHERE `user_id` = 'admin';
INSERT INTO `login_history` (`user_id`, `device`, `ip_address`, `date`) VALUES ('admin', 'Mozilla/5.0 (Windows NT 10.0; Win64; x64; rv:106.0) Gecko/20100101 Firefox/106.0', '127.0.0.1', '22-10-25 10:09');
UPDATE `user_registration` SET `popup_seen` = 'yes'
WHERE `user_id` = 'admin';
UPDATE `user_registration` SET `popup_seen` = 'no'
WHERE `user_id` = 'admin';
INSERT INTO `login_history` (`user_id`, `device`, `ip_address`, `date`) VALUES ('admin', 'Mozilla/5.0 (Windows NT 10.0; Win64; x64; rv:106.0) Gecko/20100101 Firefox/106.0', '127.0.0.1', '22-10-25 10:10');
UPDATE `user_registration` SET `popup_seen` = 'yes'
WHERE `user_id` = 'admin';
UPDATE `user_registration` SET `popup_seen` = 'yes'
WHERE `user_id` = 'admin';
UPDATE `user_registration` SET `language` = 'japanese'
WHERE `user_id` = 'admin';
UPDATE `user_registration` SET `popup_seen` = 'yes'
WHERE `user_id` = 'admin';
UPDATE `user_registration` SET `language` = 'english'
WHERE `user_id` = 'admin';
UPDATE `user_registration` SET `popup_seen` = 'yes'
WHERE `user_id` = 'admin';
UPDATE `user_registration` SET `popup_seen` = 'yes'
WHERE `user_id` = 'admin';
UPDATE `user_registration` SET `popup_seen` = 'yes'
WHERE `user_id` = 'admin';
UPDATE `user_registration` SET `popup_seen` = 'yes'
WHERE `user_id` = 'admin';
UPDATE `user_registration` SET `popup_seen` = 'yes'
WHERE `user_id` = 'admin';
UPDATE `user_registration` SET `popup_seen` = 'yes'
WHERE `user_id` = 'admin';
UPDATE `user_registration` SET `popup_seen` = 'yes'
WHERE `user_id` = 'admin';
UPDATE `user_registration` SET `popup_seen` = 'yes'
WHERE `user_id` = 'admin';
INSERT INTO `login_history` (`user_id`, `device`, `ip_address`, `date`) VALUES ('admin', 'Mozilla/5.0 (Windows NT 10.0; Win64; x64; rv:106.0) Gecko/20100101 Firefox/106.0', '127.0.0.1', '22-10-25 10:30');
UPDATE `user_registration` SET `popup_seen` = 'yes'
WHERE `user_id` = 'admin';
UPDATE `user_registration` SET `popup_seen` = 'yes'
WHERE `user_id` = 'admin';
UPDATE `user_registration` SET `popup_seen` = 'yes'
WHERE `user_id` = 'admin';
UPDATE `user_registration` SET `popup_seen` = 'yes'
WHERE `user_id` = 'admin';
UPDATE `user_registration` SET `f_name` = 'Rich Roll', `l_name` = 'International', `email` = 'admin@elevatedmarketing.world', `phone` = '2255', `country` = NULL, `state` = NULL, `city` = '', `picture_url` = 'assets/images/uploads/360_F_364211147_1qgLVxv1Tcq0Ohz3FawUfrtONzz8nq3e.jpg'
WHERE `user_id` = 'admin';
UPDATE `user_registration` SET `popup_seen` = 'yes'
WHERE `user_id` = 'admin';
UPDATE `user_registration` SET `popup_seen` = 'yes'
WHERE `user_id` = 'admin';
UPDATE `user_registration` SET `popup_seen` = 'yes'
WHERE `user_id` = 'admin';
UPDATE `user_registration` SET `popup_seen` = 'yes'
WHERE `user_id` = 'admin';
UPDATE `user_registration` SET `popup_seen` = 'yes'
WHERE `user_id` = 'admin';
UPDATE `user_registration` SET `popup_seen` = 'yes'
WHERE `user_id` = 'admin';
UPDATE `user_registration` SET `popup_seen` = 'yes'
WHERE `user_id` = 'admin';
UPDATE `user_registration` SET `popup_seen` = 'yes'
WHERE `user_id` = 'admin';
UPDATE `user_registration` SET `popup_seen` = 'yes'
WHERE `user_id` = 'admin';
UPDATE `user_registration` SET `popup_seen` = 'yes'
WHERE `user_id` = 'admin';
UPDATE `user_registration` SET `popup_seen` = 'yes'
WHERE `user_id` = 'admin';
UPDATE `user_registration` SET `popup_seen` = 'yes'
WHERE `user_id` = 'admin';
UPDATE `user_registration` SET `popup_seen` = 'yes'
WHERE `user_id` = 'admin';
UPDATE `user_registration` SET `popup_seen` = 'no'
WHERE `user_id` = 'admin';
INSERT INTO `login_history` (`user_id`, `device`, `ip_address`, `date`) VALUES ('admin', 'Mozilla/5.0 (Windows NT 10.0; Win64; x64; rv:106.0) Gecko/20100101 Firefox/106.0', '127.0.0.1', '22-10-25 10:52');
UPDATE `user_registration` SET `popup_seen` = 'yes'
WHERE `user_id` = 'admin';
UPDATE `user_registration` SET `popup_seen` = 'no'
WHERE `user_id` = 'admin';
INSERT INTO `login_history` (`user_id`, `device`, `ip_address`, `date`) VALUES ('admin', 'Mozilla/5.0 (Windows NT 10.0; Win64; x64; rv:106.0) Gecko/20100101 Firefox/106.0', '127.0.0.1', '22-10-25 10:53');
UPDATE `user_registration` SET `popup_seen` = 'yes'
WHERE `user_id` = 'admin';
UPDATE `user_registration` SET `popup_seen` = 'no'
WHERE `user_id` = 'admin';
INSERT INTO `login_history` (`user_id`, `device`, `ip_address`, `date`) VALUES ('admin', 'Mozilla/5.0 (Windows NT 10.0; Win64; x64; rv:106.0) Gecko/20100101 Firefox/106.0', '127.0.0.1', '22-10-25 10:53');
UPDATE `user_registration` SET `popup_seen` = 'yes'
WHERE `user_id` = 'admin';
UPDATE `user_registration` SET `popup_seen` = 'yes'
WHERE `user_id` = 'admin';
UPDATE `user_registration` SET `popup_seen` = 'yes'
WHERE `user_id` = 'admin';
UPDATE `user_registration` SET `popup_seen` = 'yes'
WHERE `user_id` = 'admin';
UPDATE `user_registration` SET `popup_seen` = 'yes'
WHERE `user_id` = 'admin';
UPDATE `user_registration` SET `popup_seen` = 'no'
WHERE `user_id` = 'admin';
INSERT INTO `login_history` (`user_id`, `device`, `ip_address`, `date`) VALUES ('admin', 'Mozilla/5.0 (Windows NT 10.0; Win64; x64; rv:106.0) Gecko/20100101 Firefox/106.0', '127.0.0.1', '22-10-25 11:30');
UPDATE `user_registration` SET `popup_seen` = 'yes'
WHERE `user_id` = 'admin';
UPDATE `user_registration` SET `popup_seen` = 'yes'
WHERE `user_id` = 'admin';
UPDATE `user_registration` SET `popup_seen` = 'yes'
WHERE `user_id` = 'admin';
UPDATE `user_registration` SET `popup_seen` = 'yes'
WHERE `user_id` = 'admin';
UPDATE `user_registration` SET `popup_seen` = 'yes'
WHERE `user_id` = 'admin';
UPDATE `user_registration` SET `popup_seen` = 'yes'
WHERE `user_id` = 'admin';
UPDATE `user_registration` SET `popup_seen` = 'yes'
WHERE `user_id` = 'admin';
UPDATE `user_registration` SET `popup_seen` = 'yes'
WHERE `user_id` = 'admin';
UPDATE `user_registration` SET `popup_seen` = 'yes'
WHERE `user_id` = 'admin';
UPDATE `user_registration` SET `popup_seen` = 'no'
WHERE `user_id` = 'admin';
UPDATE `admin` SET `last_login` = '2022-10-25 11:52:21', `ip_address` = '127.0.0.1'
WHERE `id` = '1';
UPDATE `admin` SET `last_logout` = '2022-10-25 11:52:52'
WHERE `id` IS NULL;
INSERT INTO `login_history` (`user_id`, `device`, `ip_address`, `date`) VALUES ('admin', 'Mozilla/5.0 (Windows NT 10.0; Win64; x64; rv:106.0) Gecko/20100101 Firefox/106.0', '127.0.0.1', '22-10-26 05:37');
UPDATE `user_registration` SET `popup_seen` = 'yes'
WHERE `user_id` = 'admin';
INSERT INTO `login_history` (`user_id`, `device`, `ip_address`, `date`) VALUES ('admin', 'Mozilla/5.0 (Windows NT 10.0; Win64; x64; rv:106.0) Gecko/20100101 Firefox/106.0', '127.0.0.1', '22-10-31 04:56');
UPDATE `user_registration` SET `popup_seen` = 'yes'
WHERE `user_id` = 'admin';
UPDATE `user_registration` SET `popup_seen` = 'yes'
WHERE `user_id` = 'admin';
UPDATE `user_registration` SET `popup_seen` = 'yes'
WHERE `user_id` = 'admin';
INSERT INTO `login_history` (`user_id`, `device`, `ip_address`, `date`) VALUES ('admin', 'Mozilla/5.0 (Windows NT 10.0; Win64; x64; rv:106.0) Gecko/20100101 Firefox/106.0', '127.0.0.1', '22-11-02 06:42');
UPDATE `user_registration` SET `popup_seen` = 'yes'
WHERE `user_id` = 'admin';
UPDATE `user_registration` SET `popup_seen` = 'yes'
WHERE `user_id` = 'admin';
UPDATE `user_registration` SET `popup_seen` = 'no'
WHERE `user_id` = 'admin';
INSERT INTO `login_history` (`user_id`, `device`, `ip_address`, `date`) VALUES ('admin', 'Mozilla/5.0 (Windows NT 10.0; Win64; x64; rv:106.0) Gecko/20100101 Firefox/106.0', '127.0.0.1', '22-11-02 06:45');
UPDATE `user_registration` SET `popup_seen` = 'yes'
WHERE `user_id` = 'admin';
UPDATE `ci_sessions` SET `timestamp` = 1667372720, `data` = '__ci_last_regenerate|i:1667372720;captcha|N;'
WHERE `id` = 'g8t41kjr5pl72r9c1fhr77a7p1oiq8fj';
UPDATE `ci_sessions` SET `timestamp` = 1667373044, `data` = '__ci_last_regenerate|i:1667373044;captcha|s:4:\"qt61\";main_menu|s:6:\"german\";'
WHERE `id` = '1akf111invmcv4lqu6vdotjt8pcgnhfc';
INSERT INTO `login_history` (`user_id`, `device`, `ip_address`, `date`) VALUES ('admin', 'Mozilla/5.0 (Windows NT 10.0; Win64; x64; rv:106.0) Gecko/20100101 Firefox/106.0', '127.0.0.1', '22-11-02 07:10');
UPDATE `user_registration` SET `popup_seen` = 'yes'
WHERE `user_id` = 'admin';
UPDATE `user_registration` SET `popup_seen` = 'yes'
WHERE `user_id` = 'admin';
UPDATE `ci_sessions` SET `timestamp` = 1667373350, `data` = '__ci_last_regenerate|i:1667373350;id|s:4:\"2019\";user_id|s:5:\"admin\";username|s:5:\"admin\";sponsor_id|s:1:\"0\";fullname|s:13:\"Maria Sibande\";email|s:15:\"admin@admin.com\";phone|s:11:\"98898989878\";isLogIn|b:1;'
WHERE `id` = 'kirjhbba4bv3jptrqbhh02erhlb462cr';
UPDATE `user_registration` SET `popup_seen` = 'yes'
WHERE `user_id` = 'admin';
UPDATE `user_registration` SET `popup_seen` = 'yes'
WHERE `user_id` = 'admin';
UPDATE `ci_sessions` SET `timestamp` = 1667373697, `data` = '__ci_last_regenerate|i:1667373697;id|s:4:\"2019\";user_id|s:5:\"admin\";username|s:5:\"admin\";sponsor_id|s:1:\"0\";fullname|s:13:\"Maria Sibande\";email|s:15:\"admin@admin.com\";phone|s:11:\"98898989878\";isLogIn|b:1;'
WHERE `id` = '9ndgcbia9htsgk11rdmaj13nrmqsutj5';
UPDATE `user_registration` SET `popup_seen` = 'yes'
WHERE `user_id` = 'admin';
UPDATE `user_registration` SET `popup_seen` = 'yes'
WHERE `user_id` = 'admin';
UPDATE `user_registration` SET `popup_seen` = 'yes'
WHERE `user_id` = 'admin';
UPDATE `user_registration` SET `popup_seen` = 'yes'
WHERE `user_id` = 'admin';
UPDATE `user_registration` SET `popup_seen` = 'yes'
WHERE `user_id` = 'admin';
UPDATE `user_registration` SET `popup_seen` = 'yes'
WHERE `user_id` = 'admin';
UPDATE `user_registration` SET `popup_seen` = 'yes'
WHERE `user_id` = 'admin';
UPDATE `user_registration` SET `popup_seen` = 'yes'
WHERE `user_id` = 'admin';
UPDATE `ci_sessions` SET `timestamp` = 1667374053, `data` = '__ci_last_regenerate|i:1667374053;id|s:4:\"2019\";user_id|s:5:\"admin\";username|s:5:\"admin\";sponsor_id|s:1:\"0\";fullname|s:13:\"Maria Sibande\";email|s:15:\"admin@admin.com\";phone|s:11:\"98898989878\";isLogIn|b:1;'
WHERE `id` = '3pbj1ier0ro8hhuvv5v58a7siqk272a2';
UPDATE `user_registration` SET `popup_seen` = 'yes'
WHERE `user_id` = 'admin';
UPDATE `user_registration` SET `popup_seen` = 'yes'
WHERE `user_id` = 'admin';
UPDATE `ci_sessions` SET `timestamp` = 1667374476, `data` = '__ci_last_regenerate|i:1667374476;id|s:4:\"2019\";user_id|s:5:\"admin\";username|s:5:\"admin\";sponsor_id|s:1:\"0\";fullname|s:13:\"Maria Sibande\";email|s:15:\"admin@admin.com\";phone|s:11:\"98898989878\";isLogIn|b:1;'
WHERE `id` = 'l4b60rgceln314mj8ia949faob7k72fq';
UPDATE `user_registration` SET `popup_seen` = 'yes'
WHERE `user_id` = 'admin';
UPDATE `user_registration` SET `f_name` = 'Maria', `l_name` = 'Sibande', `email` = 'admin@admin.com', `phone` = '98898989878', `country` = NULL, `state` = NULL, `city` = '', `picture_url` = 'http://localhost/work/demo_ulevel_v5/assets/images/uploads/istockphoto-1179420343-612x61211.jpg'
WHERE `user_id` = 'admin';
UPDATE `user_registration` SET `popup_seen` = 'yes'
WHERE `user_id` = 'admin';
UPDATE `ci_sessions` SET `timestamp` = 1667374786, `data` = '__ci_last_regenerate|i:1667374786;id|s:4:\"2019\";user_id|s:5:\"admin\";username|s:5:\"admin\";sponsor_id|s:1:\"0\";fullname|s:13:\"Maria Sibande\";email|s:15:\"admin@admin.com\";phone|s:11:\"98898989878\";isLogIn|b:1;'
WHERE `id` = 'qia8put7i3hmfv7ajjmv8evf4vk1entv';
UPDATE `user_registration` SET `popup_seen` = 'yes'
WHERE `user_id` = 'admin';
UPDATE `user_registration` SET `popup_seen` = 'yes'
WHERE `user_id` = 'admin';
UPDATE `user_registration` SET `popup_seen` = 'yes'
WHERE `user_id` = 'admin';
UPDATE `user_registration` SET `popup_seen` = 'yes'
WHERE `user_id` = 'admin';
UPDATE `user_registration` SET `popup_seen` = 'yes'
WHERE `user_id` = 'admin';
UPDATE `user_registration` SET `popup_seen` = 'yes'
WHERE `user_id` = 'admin';
UPDATE `user_registration` SET `popup_seen` = 'yes'
WHERE `user_id` = 'admin';
UPDATE `user_registration` SET `popup_seen` = 'yes'
WHERE `user_id` = 'admin';
UPDATE `user_registration` SET `popup_seen` = 'yes'
WHERE `user_id` = 'admin';
UPDATE `user_registration` SET `popup_seen` = 'yes'
WHERE `user_id` = 'admin';
UPDATE `ci_sessions` SET `timestamp` = 1667375156, `data` = '__ci_last_regenerate|i:1667375156;id|s:4:\"2019\";user_id|s:5:\"admin\";username|s:5:\"admin\";sponsor_id|s:1:\"0\";fullname|s:13:\"Maria Sibande\";email|s:15:\"admin@admin.com\";phone|s:11:\"98898989878\";isLogIn|b:1;'
WHERE `id` = 't316qnq2ffkbqqg4vs49pf14iq9m3ca0';
UPDATE `user_registration` SET `popup_seen` = 'yes'
WHERE `user_id` = 'admin';
UPDATE `user_registration` SET `popup_seen` = 'yes'
WHERE `user_id` = 'admin';
UPDATE `user_registration` SET `popup_seen` = 'yes'
WHERE `user_id` = 'admin';
UPDATE `user_registration` SET `popup_seen` = 'yes'
WHERE `user_id` = 'admin';
UPDATE `user_registration` SET `popup_seen` = 'yes'
WHERE `user_id` = 'admin';
UPDATE `ci_sessions` SET `timestamp` = 1667375507, `data` = '__ci_last_regenerate|i:1667375507;id|s:4:\"2019\";user_id|s:5:\"admin\";username|s:5:\"admin\";sponsor_id|s:1:\"0\";fullname|s:13:\"Maria Sibande\";email|s:15:\"admin@admin.com\";phone|s:11:\"98898989878\";isLogIn|b:1;'
WHERE `id` = 'e8tbuslb0j3hiht3efjv78eijbqtc0g6';
UPDATE `ci_sessions` SET `timestamp` = 1667375821, `data` = '__ci_last_regenerate|i:1667375821;id|s:4:\"2019\";user_id|s:5:\"admin\";username|s:5:\"admin\";sponsor_id|s:1:\"0\";fullname|s:13:\"Maria Sibande\";email|s:15:\"admin@admin.com\";phone|s:11:\"98898989878\";isLogIn|b:1;'
WHERE `id` = '58ao0n0g7702nb774b2qo2us900h4o4e';
UPDATE `user_registration` SET `popup_seen` = 'yes'
WHERE `user_id` = 'admin';
UPDATE `ci_sessions` SET `timestamp` = 1667379894, `data` = '__ci_last_regenerate|i:1667379894;id|s:4:\"2019\";user_id|s:5:\"admin\";username|s:5:\"admin\";sponsor_id|s:1:\"0\";fullname|s:13:\"Maria Sibande\";email|s:15:\"admin@admin.com\";phone|s:11:\"98898989878\";isLogIn|b:1;'
WHERE `id` = '4d3ss3gmvuva4nqdeiflv71aml4rhv7q';
UPDATE `ci_sessions` SET `timestamp` = 1667380303, `data` = '__ci_last_regenerate|i:1667380303;id|s:4:\"2019\";user_id|s:5:\"admin\";username|s:5:\"admin\";sponsor_id|s:1:\"0\";fullname|s:13:\"Maria Sibande\";email|s:15:\"admin@admin.com\";phone|s:11:\"98898989878\";isLogIn|b:1;'
WHERE `id` = '28ofv09f742389nai637lecohck1078n';
UPDATE `user_registration` SET `f_name` = 'Maria', `l_name` = 'Sibande', `email` = 'admin@admin.com', `phone` = '98898989878', `country` = NULL, `state` = NULL, `city` = '', `picture_url` = 'http://localhost/work/demo_ulevel_v5/assets/images/uploads/istockphoto-1179420343-612x612111.jpg'
WHERE `user_id` = 'admin';
UPDATE `ci_sessions` SET `timestamp` = 1667380652, `data` = '__ci_last_regenerate|i:1667380652;id|s:4:\"2019\";user_id|s:5:\"admin\";username|s:5:\"admin\";sponsor_id|s:1:\"0\";fullname|s:13:\"Maria Sibande\";email|s:15:\"admin@admin.com\";phone|s:11:\"98898989878\";isLogIn|b:1;'
WHERE `id` = 'u31b0jg0d3d1dbhu5oqsl4r7gn3p02dd';
UPDATE `ci_sessions` SET `timestamp` = 1667380954, `data` = '__ci_last_regenerate|i:1667380954;id|s:4:\"2019\";user_id|s:5:\"admin\";username|s:5:\"admin\";sponsor_id|s:1:\"0\";fullname|s:13:\"Maria Sibande\";email|s:15:\"admin@admin.com\";phone|s:11:\"98898989878\";isLogIn|b:1;'
WHERE `id` = '8lh7hsj59iaep32h0fjc35nv4t12a2tv';
UPDATE `ci_sessions` SET `timestamp` = 1667381259, `data` = '__ci_last_regenerate|i:1667381259;id|s:4:\"2019\";user_id|s:5:\"admin\";username|s:5:\"admin\";sponsor_id|s:1:\"0\";fullname|s:13:\"Maria Sibande\";email|s:15:\"admin@admin.com\";phone|s:11:\"98898989878\";isLogIn|b:1;'
WHERE `id` = 'fc0o62ahvi818septuv6h5q125hk0217';
UPDATE `ci_sessions` SET `timestamp` = 1667381581, `data` = '__ci_last_regenerate|i:1667381581;id|s:4:\"2019\";user_id|s:5:\"admin\";username|s:5:\"admin\";sponsor_id|s:1:\"0\";fullname|s:13:\"Maria Sibande\";email|s:15:\"admin@admin.com\";phone|s:11:\"98898989878\";isLogIn|b:1;'
WHERE `id` = '1hsrmdchcf451c7oafenrmhht8hv4uav';
UPDATE `ci_sessions` SET `timestamp` = 1667381926, `data` = '__ci_last_regenerate|i:1667381926;id|s:4:\"2019\";user_id|s:5:\"admin\";username|s:5:\"admin\";sponsor_id|s:1:\"0\";fullname|s:13:\"Maria Sibande\";email|s:15:\"admin@admin.com\";phone|s:11:\"98898989878\";isLogIn|b:1;'
WHERE `id` = '2k4327ge0k40i6fkh31586looc5jbikk';
UPDATE `user_registration` SET `popup_seen` = 'yes'
WHERE `user_id` = 'admin';
UPDATE `ci_sessions` SET `timestamp` = 1667382234, `data` = '__ci_last_regenerate|i:1667382234;id|s:4:\"2019\";user_id|s:5:\"admin\";username|s:5:\"admin\";sponsor_id|s:1:\"0\";fullname|s:13:\"Maria Sibande\";email|s:15:\"admin@admin.com\";phone|s:11:\"98898989878\";isLogIn|b:1;'
WHERE `id` = 'jpe20m6em9r97vrj17kuoakevelk9eba';
UPDATE `user_registration` SET `popup_seen` = 'no'
WHERE `user_id` = 'admin';
DELETE FROM `ci_sessions`
WHERE `id` = 'jnoeh9i9pif22ij36nnecmojhnid1nvp';
UPDATE `admin` SET `last_login` = '2022-11-02 09:47:18', `ip_address` = '127.0.0.1'
WHERE `id` = '1';
UPDATE `user_registration` SET `popup_seen` = 'no'
WHERE `user_id` IS NULL;
DELETE FROM `ci_sessions`
WHERE `id` = 'j3o83a8hgrjmnag014rr208oal8t35es';
INSERT INTO `login_history` (`user_id`, `device`, `ip_address`, `date`) VALUES ('admin', 'Mozilla/5.0 (Windows NT 10.0; Win64; x64; rv:106.0) Gecko/20100101 Firefox/106.0', '127.0.0.1', '22-11-02 09:49');
UPDATE `user_registration` SET `popup_seen` = 'yes'
WHERE `user_id` = 'admin';
UPDATE `user_registration` SET `popup_seen` = 'no'
WHERE `user_id` = 'admin';
DELETE FROM `ci_sessions`
WHERE `id` = 'pm1tl0apn8fp2gjlm008uiv9lnq3e29e';
UPDATE `admin` SET `last_login` = '2022-11-02 09:49:59', `ip_address` = '127.0.0.1'
WHERE `id` = '1';
UPDATE `ci_sessions` SET `timestamp` = 1667382932, `data` = '__ci_last_regenerate|i:1667382932;isLogIn|b:1;isAdmin|b:1;id|s:1:\"1\";fullname|s:10:\"Alex Carry\";user_level|s:5:\"Admin\";email|s:15:\"admin@admin.com\";image|s:52:\"upload/settings/39674740c69ffbbc2c220b280cd98754.jpg\";last_login|s:19:\"2022-11-02 09:47:18\";last_logout|s:19:\"2022-02-08 10:26:20\";ip_address|s:9:\"127.0.0.1\";'
WHERE `id` = 'aeq11jk6p7cqm2h6tesr9t349t6qpqr4';
UPDATE `ci_sessions` SET `timestamp` = 1667383276, `data` = '__ci_last_regenerate|i:1667383276;isLogIn|b:1;isAdmin|b:1;id|s:1:\"1\";fullname|s:10:\"Alex Carry\";user_level|s:5:\"Admin\";email|s:15:\"admin@admin.com\";image|s:52:\"upload/settings/39674740c69ffbbc2c220b280cd98754.jpg\";last_login|s:19:\"2022-11-02 09:47:18\";last_logout|s:19:\"2022-02-08 10:26:20\";ip_address|s:9:\"127.0.0.1\";'
WHERE `id` = 'gcvlh4b89o05t6ofpf878vhstm6rce9k';
UPDATE `ci_sessions` SET `timestamp` = 1667383614, `data` = '__ci_last_regenerate|i:1667383614;isLogIn|b:1;isAdmin|b:1;id|s:1:\"1\";fullname|s:10:\"Alex Carry\";user_level|s:5:\"Admin\";email|s:15:\"admin@admin.com\";image|s:52:\"upload/settings/39674740c69ffbbc2c220b280cd98754.jpg\";last_login|s:19:\"2022-11-02 09:47:18\";last_logout|s:19:\"2022-02-08 10:26:20\";ip_address|s:9:\"127.0.0.1\";'
WHERE `id` = '7u0i3lc5h0iqke0ksn1s6tst02le30f5';
UPDATE `ci_sessions` SET `timestamp` = 1667384152, `data` = '__ci_last_regenerate|i:1667384152;isLogIn|b:1;isAdmin|b:1;id|s:1:\"1\";fullname|s:10:\"Alex Carry\";user_level|s:5:\"Admin\";email|s:15:\"admin@admin.com\";image|s:52:\"upload/settings/39674740c69ffbbc2c220b280cd98754.jpg\";last_login|s:19:\"2022-11-02 09:47:18\";last_logout|s:19:\"2022-02-08 10:26:20\";ip_address|s:9:\"127.0.0.1\";'
WHERE `id` = 'lhbqni4kfi6eplrss469i01qeg09m6cv';
UPDATE `admin` SET `last_logout` = '2022-11-02 10:17:06'
WHERE `id` IS NULL;
DELETE FROM `ci_sessions`
WHERE `id` = '5f5c8u1jdtcuj9cgsaajg4enmamjnkg9';
UPDATE `ci_sessions` SET `timestamp` = 1667384798, `data` = '__ci_last_regenerate|i:1667384798;isLogIn|b:1;isAdmin|b:1;id|s:1:\"1\";fullname|s:10:\"Alex Carry\";user_level|s:5:\"Admin\";email|s:15:\"admin@admin.com\";image|s:52:\"upload/settings/39674740c69ffbbc2c220b280cd98754.jpg\";last_login|s:19:\"2022-11-02 09:47:18\";last_logout|s:19:\"2022-02-08 10:26:20\";ip_address|s:9:\"127.0.0.1\";'
WHERE `id` = 'nnusruav7376rp2lg2kf18rp460dp0ph';
UPDATE `ci_sessions` SET `timestamp` = 1667385210, `data` = '__ci_last_regenerate|i:1667385210;isLogIn|b:1;isAdmin|b:1;id|s:1:\"1\";fullname|s:10:\"Alex Carry\";user_level|s:5:\"Admin\";email|s:15:\"admin@admin.com\";image|s:52:\"upload/settings/39674740c69ffbbc2c220b280cd98754.jpg\";last_login|s:19:\"2022-11-02 09:47:18\";last_logout|s:19:\"2022-02-08 10:26:20\";ip_address|s:9:\"127.0.0.1\";'
WHERE `id` = 'fbl1p0eh0d8327ce61bf667m0nj5f4c7';
UPDATE `ci_sessions` SET `timestamp` = 1667385537, `data` = '__ci_last_regenerate|i:1667385537;isLogIn|b:1;isAdmin|b:1;id|s:1:\"1\";fullname|s:10:\"Alex Carry\";user_level|s:5:\"Admin\";email|s:15:\"admin@admin.com\";image|s:52:\"upload/settings/39674740c69ffbbc2c220b280cd98754.jpg\";last_login|s:19:\"2022-11-02 09:47:18\";last_logout|s:19:\"2022-02-08 10:26:20\";ip_address|s:9:\"127.0.0.1\";'
WHERE `id` = '1laiubk4nqndkbf5bav5tpjtlrr4klfu';
UPDATE `ci_sessions` SET `timestamp` = 1667385852, `data` = '__ci_last_regenerate|i:1667385852;isLogIn|b:1;isAdmin|b:1;id|s:1:\"1\";fullname|s:10:\"Alex Carry\";user_level|s:5:\"Admin\";email|s:15:\"admin@admin.com\";image|s:52:\"upload/settings/39674740c69ffbbc2c220b280cd98754.jpg\";last_login|s:19:\"2022-11-02 09:47:18\";last_logout|s:19:\"2022-02-08 10:26:20\";ip_address|s:9:\"127.0.0.1\";'
WHERE `id` = 'sm1umro7m6irlagrl7dntko45cil355o';
UPDATE `ci_sessions` SET `timestamp` = 1667386203, `data` = '__ci_last_regenerate|i:1667386203;isLogIn|b:1;isAdmin|b:1;id|s:1:\"1\";fullname|s:10:\"Alex Carry\";user_level|s:5:\"Admin\";email|s:15:\"admin@admin.com\";image|s:52:\"upload/settings/39674740c69ffbbc2c220b280cd98754.jpg\";last_login|s:19:\"2022-11-02 09:47:18\";last_logout|s:19:\"2022-02-08 10:26:20\";ip_address|s:9:\"127.0.0.1\";'
WHERE `id` = 'e50d9jd2ub1c6ihrqvc01l07lglkqriu';
UPDATE `ci_sessions` SET `timestamp` = 1667386683, `data` = '__ci_last_regenerate|i:1667386683;isLogIn|b:1;isAdmin|b:1;id|s:1:\"1\";fullname|s:10:\"Alex Carry\";user_level|s:5:\"Admin\";email|s:15:\"admin@admin.com\";image|s:52:\"upload/settings/39674740c69ffbbc2c220b280cd98754.jpg\";last_login|s:19:\"2022-11-02 09:47:18\";last_logout|s:19:\"2022-02-08 10:26:20\";ip_address|s:9:\"127.0.0.1\";'
WHERE `id` = 'k25pbuo2b84cev1nidvedpfod4ov611k';
UPDATE `ci_sessions` SET `timestamp` = 1667386996, `data` = '__ci_last_regenerate|i:1667386996;isLogIn|b:1;isAdmin|b:1;id|s:1:\"1\";fullname|s:10:\"Alex Carry\";user_level|s:5:\"Admin\";email|s:15:\"admin@admin.com\";image|s:52:\"upload/settings/39674740c69ffbbc2c220b280cd98754.jpg\";last_login|s:19:\"2022-11-02 09:47:18\";last_logout|s:19:\"2022-02-08 10:26:20\";ip_address|s:9:\"127.0.0.1\";'
WHERE `id` = 'hlprvifn8sa4tpu8bfhfmc9eb1brqlpq';
UPDATE `ci_sessions` SET `timestamp` = 1667387298, `data` = '__ci_last_regenerate|i:1667387298;isLogIn|b:1;isAdmin|b:1;id|s:1:\"1\";fullname|s:10:\"Alex Carry\";user_level|s:5:\"Admin\";email|s:15:\"admin@admin.com\";image|s:52:\"upload/settings/39674740c69ffbbc2c220b280cd98754.jpg\";last_login|s:19:\"2022-11-02 09:47:18\";last_logout|s:19:\"2022-02-08 10:26:20\";ip_address|s:9:\"127.0.0.1\";'
WHERE `id` = '5deogr27eddak5dqvlc9g5ukb8pgsi5h';
UPDATE `ci_sessions` SET `timestamp` = 1667387623, `data` = '__ci_last_regenerate|i:1667387623;isLogIn|b:1;isAdmin|b:1;id|s:1:\"1\";fullname|s:10:\"Alex Carry\";user_level|s:5:\"Admin\";email|s:15:\"admin@admin.com\";image|s:52:\"upload/settings/39674740c69ffbbc2c220b280cd98754.jpg\";last_login|s:19:\"2022-11-02 09:47:18\";last_logout|s:19:\"2022-02-08 10:26:20\";ip_address|s:9:\"127.0.0.1\";'
WHERE `id` = '24d1resetnqg434ul175bj3fsmvsv5jt';
UPDATE `user_registration` SET `popup_seen` = 'no'
WHERE `user_id` IS NULL;
DELETE FROM `ci_sessions`
WHERE `id` = 'q9mvo23i16lsg4259cica45dd3ebtn28';
UPDATE `ci_sessions` SET `timestamp` = 1667388100, `data` = '__ci_last_regenerate|i:1667388100;captcha|s:4:\"4l0a\";main_menu|s:6:\"german\";'
WHERE `id` = 'pij21rl1ciisi4ptj060dgugt7lrrpd1';
UPDATE `ci_sessions` SET `timestamp` = 1667388405, `data` = '__ci_last_regenerate|i:1667388405;captcha|s:4:\"ej5q\";main_menu|s:6:\"german\";'
WHERE `id` = 'tgc3962hq88ubchmtbnodrob9mmt97t4';
INSERT INTO `login_history` (`user_id`, `device`, `ip_address`, `date`) VALUES ('admin', 'Mozilla/5.0 (Windows NT 10.0; Win64; x64; rv:106.0) Gecko/20100101 Firefox/106.0', '127.0.0.1', '22-11-02 11:28');
UPDATE `user_registration` SET `popup_seen` = 'yes'
WHERE `user_id` = 'admin';
UPDATE `user_registration` SET `popup_seen` = 'yes'
WHERE `user_id` = 'admin';
UPDATE `user_registration` SET `popup_seen` = 'no'
WHERE `user_id` = 'admin';
DELETE FROM `ci_sessions`
WHERE `id` = 'k2jr5o8gsfnt22ru7bhld0331qego60t';
UPDATE `ci_sessions` SET `timestamp` = 1667449889, `data` = '__ci_last_regenerate|i:1667449889;captcha|s:4:\"keh2\";'
WHERE `id` = 'uo33v81f9l94ab5c39030tkndc6s0p6t';
INSERT INTO `login_history` (`user_id`, `device`, `ip_address`, `date`) VALUES ('admin', 'Mozilla/5.0 (Windows NT 10.0; Win64; x64; rv:106.0) Gecko/20100101 Firefox/106.0', '127.0.0.1', '22-11-03 04:31');
UPDATE `user_registration` SET `popup_seen` = 'yes'
WHERE `user_id` = 'admin';
UPDATE `user_registration` SET `popup_seen` = 'no'
WHERE `user_id` = 'admin';
DELETE FROM `ci_sessions`
WHERE `id` = 'nqjspj3r461m6ocmj6tr90kqunosvvjl';
INSERT INTO `login_history` (`user_id`, `device`, `ip_address`, `date`) VALUES ('admin', 'Mozilla/5.0 (Windows NT 10.0; Win64; x64; rv:106.0) Gecko/20100101 Firefox/106.0', '127.0.0.1', '22-11-03 04:33');
UPDATE `user_registration` SET `popup_seen` = 'yes'
WHERE `user_id` = 'admin';
UPDATE `user_registration` SET `popup_seen` = 'no'
WHERE `user_id` = 'admin';
DELETE FROM `ci_sessions`
WHERE `id` = 'g6s3tjji4u4egrpalei4jdgv7tngh57m';
UPDATE `ci_sessions` SET `timestamp` = 1667450363, `data` = '__ci_last_regenerate|i:1667450363;captcha|s:4:\"hxd1\";lang|s:6:\"french\";'
WHERE `id` = 'd00h99jm63k2r2mkifsvd2pl5b107o3g';
INSERT INTO `login_history` (`user_id`, `device`, `ip_address`, `date`) VALUES ('admin', 'Mozilla/5.0 (Windows NT 10.0; Win64; x64; rv:106.0) Gecko/20100101 Firefox/106.0', '127.0.0.1', '22-11-03 04:39');
UPDATE `user_registration` SET `popup_seen` = 'yes'
WHERE `user_id` = 'admin';
UPDATE `user_registration` SET `popup_seen` = 'no'
WHERE `user_id` = 'admin';
DELETE FROM `ci_sessions`
WHERE `id` = 'p5dng52ugbt493f02j4vsk28hv60obk3';
UPDATE `ci_sessions` SET `timestamp` = 1667450737, `data` = '__ci_last_regenerate|i:1667450737;captcha|s:4:\"twej\";lang|s:7:\"english\";'
WHERE `id` = 'ha6fg65i95vvsaajdu442urv0vvnfa59';
INSERT INTO `login_history` (`user_id`, `device`, `ip_address`, `date`) VALUES ('admin', 'Mozilla/5.0 (Windows NT 10.0; Win64; x64; rv:106.0) Gecko/20100101 Firefox/106.0', '127.0.0.1', '22-11-03 04:50');
UPDATE `user_registration` SET `popup_seen` = 'yes'
WHERE `user_id` = 'admin';
UPDATE `ci_sessions` SET `timestamp` = 1667451061, `data` = '__ci_last_regenerate|i:1667451061;lang|s:7:\"english\";id|s:4:\"2019\";user_id|s:5:\"admin\";username|s:5:\"admin\";sponsor_id|s:1:\"0\";fullname|s:11:\"Alex Carrey\";email|s:15:\"admin@admin.com\";phone|s:10:\"1235467892\";isLogIn|b:1;message|s:19:\"Welcome Alex Carrey\";__ci_vars|a:1:{s:7:\"message\";s:3:\"old\";}'
WHERE `id` = 'vqr3ufrigtjaeq7atuqln32rffiffalp';
UPDATE `user_registration` SET `popup_seen` = 'yes'
WHERE `user_id` = 'admin';
UPDATE `user_registration` SET `popup_seen` = 'yes'
WHERE `user_id` = 'admin';
UPDATE `user_registration` SET `popup_seen` = 'yes'
WHERE `user_id` = 'admin';
UPDATE `user_registration` SET `popup_seen` = 'yes'
WHERE `user_id` = 'admin';
UPDATE `ci_sessions` SET `timestamp` = 1667451465, `data` = '__ci_last_regenerate|i:1667451465;lang|s:7:\"english\";id|s:4:\"2019\";user_id|s:5:\"admin\";username|s:5:\"admin\";sponsor_id|s:1:\"0\";fullname|s:11:\"Alex Carrey\";email|s:15:\"admin@admin.com\";phone|s:10:\"1235467892\";isLogIn|b:1;'
WHERE `id` = 'iu8dhv0m8ta1sa4fuoj1vuls3fi8ms6q';
UPDATE `user_registration` SET `popup_seen` = 'yes'
WHERE `user_id` = 'admin';
UPDATE `user_registration` SET `popup_seen` = 'yes'
WHERE `user_id` = 'admin';
UPDATE `ci_sessions` SET `timestamp` = 1667451970, `data` = '__ci_last_regenerate|i:1667451970;lang|s:7:\"english\";id|s:4:\"2019\";user_id|s:5:\"admin\";username|s:5:\"admin\";sponsor_id|s:1:\"0\";fullname|s:11:\"Alex Carrey\";email|s:15:\"admin@admin.com\";phone|s:10:\"1235467892\";isLogIn|b:1;'
WHERE `id` = '8g652dvgms0qcikkbo1kaa256j6k49kg';
UPDATE `ci_sessions` SET `timestamp` = 1667452351, `data` = '__ci_last_regenerate|i:1667452351;lang|s:7:\"english\";id|s:4:\"2019\";user_id|s:5:\"admin\";username|s:5:\"admin\";sponsor_id|s:1:\"0\";fullname|s:11:\"Alex Carrey\";email|s:15:\"admin@admin.com\";phone|s:10:\"1235467892\";isLogIn|b:1;'
WHERE `id` = 'dnk1ts0n89505celpb0es5gv9fpn3vmj';
UPDATE `ci_sessions` SET `timestamp` = 1667452852, `data` = '__ci_last_regenerate|i:1667452852;lang|s:7:\"english\";id|s:4:\"2019\";user_id|s:5:\"admin\";username|s:5:\"admin\";sponsor_id|s:1:\"0\";fullname|s:11:\"Alex Carrey\";email|s:15:\"admin@admin.com\";phone|s:10:\"1235467892\";isLogIn|b:1;'
WHERE `id` = 'sjgnknggr96uc30ouciht9kujjhn2ttp';
DELETE FROM `ci_sessions`
WHERE `timestamp` < 1667445711;
UPDATE `user_registration` SET `popup_seen` = 'yes'
WHERE `user_id` = 'admin';
UPDATE `user_registration` SET `popup_seen` = 'yes'
WHERE `user_id` = 'admin';
UPDATE `user_registration` SET `popup_seen` = 'yes'
WHERE `user_id` = 'admin';
UPDATE `user_registration` SET `popup_seen` = 'yes'
WHERE `user_id` = 'admin';
UPDATE `user_registration` SET `popup_seen` = 'yes'
WHERE `user_id` = 'admin';
UPDATE `ci_sessions` SET `timestamp` = 1667453219, `data` = '__ci_last_regenerate|i:1667453219;lang|s:7:\"english\";id|s:4:\"2019\";user_id|s:5:\"admin\";username|s:5:\"admin\";sponsor_id|s:1:\"0\";fullname|s:11:\"Alex Carrey\";email|s:15:\"admin@admin.com\";phone|s:10:\"1235467892\";isLogIn|b:1;'
WHERE `id` = 'vlogdl7r669k42usquj6n16bsup2gj6v';
UPDATE `user_registration` SET `popup_seen` = 'yes'
WHERE `user_id` = 'admin';
UPDATE `user_registration` SET `popup_seen` = 'yes'
WHERE `user_id` = 'admin';
UPDATE `user_registration` SET `popup_seen` = 'yes'
WHERE `user_id` = 'admin';
UPDATE `ci_sessions` SET `timestamp` = 1667453774, `data` = '__ci_last_regenerate|i:1667453774;lang|s:7:\"english\";id|s:4:\"2019\";user_id|s:5:\"admin\";username|s:5:\"admin\";sponsor_id|s:1:\"0\";fullname|s:11:\"Alex Carrey\";email|s:15:\"admin@admin.com\";phone|s:10:\"1235467892\";isLogIn|b:1;'
WHERE `id` = '3cqsrvsn8jsvfp4m86av3gj3b8rdl05d';
UPDATE `user_registration` SET `popup_seen` = 'yes'
WHERE `user_id` = 'admin';
UPDATE `user_registration` SET `popup_seen` = 'yes'
WHERE `user_id` = 'admin';
UPDATE `user_registration` SET `popup_seen` = 'yes'
WHERE `user_id` = 'admin';
UPDATE `user_registration` SET `popup_seen` = 'yes'
WHERE `user_id` = 'admin';
UPDATE `user_registration` SET `popup_seen` = 'yes'
WHERE `user_id` = 'admin';
UPDATE `user_registration` SET `popup_seen` = 'yes'
WHERE `user_id` = 'admin';
UPDATE `ci_sessions` SET `timestamp` = 1667454080, `data` = '__ci_last_regenerate|i:1667454080;lang|s:7:\"english\";id|s:4:\"2019\";user_id|s:5:\"admin\";username|s:5:\"admin\";sponsor_id|s:1:\"0\";fullname|s:11:\"Alex Carrey\";email|s:15:\"admin@admin.com\";phone|s:10:\"1235467892\";isLogIn|b:1;'
WHERE `id` = '4ijlehhsbbdde9kka1lmael1mtdf5nv3';
UPDATE `user_registration` SET `popup_seen` = 'yes'
WHERE `user_id` = 'admin';
UPDATE `user_registration` SET `popup_seen` = 'yes'
WHERE `user_id` = 'admin';
UPDATE `user_registration` SET `popup_seen` = 'yes'
WHERE `user_id` = 'admin';
UPDATE `ci_sessions` SET `timestamp` = 1667454392, `data` = '__ci_last_regenerate|i:1667454392;lang|s:7:\"english\";id|s:4:\"2019\";user_id|s:5:\"admin\";username|s:5:\"admin\";sponsor_id|s:1:\"0\";fullname|s:11:\"Alex Carrey\";email|s:15:\"admin@admin.com\";phone|s:10:\"1235467892\";isLogIn|b:1;'
WHERE `id` = '7o2lhmm9gkqor8v810vo78dvp1pt9cvu';
UPDATE `user_registration` SET `popup_seen` = 'yes'
WHERE `user_id` = 'admin';
UPDATE `user_registration` SET `popup_seen` = 'yes'
WHERE `user_id` = 'admin';
UPDATE `user_registration` SET `popup_seen` = 'yes'
WHERE `user_id` = 'admin';
UPDATE `ci_sessions` SET `timestamp` = 1667454741, `data` = '__ci_last_regenerate|i:1667454741;lang|s:7:\"english\";id|s:4:\"2019\";user_id|s:5:\"admin\";username|s:5:\"admin\";sponsor_id|s:1:\"0\";fullname|s:11:\"Alex Carrey\";email|s:15:\"admin@admin.com\";phone|s:10:\"1235467892\";isLogIn|b:1;'
WHERE `id` = 'tk84ksg0d7dihgt7icgm7a82va8insq4';
UPDATE `user_registration` SET `popup_seen` = 'yes'
WHERE `user_id` = 'admin';
UPDATE `user_registration` SET `popup_seen` = 'yes'
WHERE `user_id` = 'admin';
UPDATE `ci_sessions` SET `timestamp` = 1667455107, `data` = '__ci_last_regenerate|i:1667455107;lang|s:7:\"english\";id|s:4:\"2019\";user_id|s:5:\"admin\";username|s:5:\"admin\";sponsor_id|s:1:\"0\";fullname|s:11:\"Alex Carrey\";email|s:15:\"admin@admin.com\";phone|s:10:\"1235467892\";isLogIn|b:1;'
WHERE `id` = 'rortbil954hbhnso8aifkoavqgh627oh';
UPDATE `ci_sessions` SET `timestamp` = 1667455431, `data` = '__ci_last_regenerate|i:1667455431;lang|s:7:\"english\";id|s:4:\"2019\";user_id|s:5:\"admin\";username|s:5:\"admin\";sponsor_id|s:1:\"0\";fullname|s:11:\"Alex Carrey\";email|s:15:\"admin@admin.com\";phone|s:10:\"1235467892\";isLogIn|b:1;'
WHERE `id` = 'mpujmmg2hue0f796gh8buekbd7v4ab6a';
UPDATE `ci_sessions` SET `timestamp` = 1667455748, `data` = '__ci_last_regenerate|i:1667455748;lang|s:7:\"english\";id|s:4:\"2019\";user_id|s:5:\"admin\";username|s:5:\"admin\";sponsor_id|s:1:\"0\";fullname|s:11:\"Alex Carrey\";email|s:15:\"admin@admin.com\";phone|s:10:\"1235467892\";isLogIn|b:1;'
WHERE `id` = 'nmb30iv34vovbq631fddhu193fv2kea3';
UPDATE `ci_sessions` SET `timestamp` = 1667456050, `data` = '__ci_last_regenerate|i:1667456050;lang|s:7:\"english\";id|s:4:\"2019\";user_id|s:5:\"admin\";username|s:5:\"admin\";sponsor_id|s:1:\"0\";fullname|s:11:\"Alex Carrey\";email|s:15:\"admin@admin.com\";phone|s:10:\"1235467892\";isLogIn|b:1;'
WHERE `id` = 'cb0mpi0tsod6r5bm3euke1vgf9f5ek5o';
UPDATE `ci_sessions` SET `timestamp` = 1667456354, `data` = '__ci_last_regenerate|i:1667456354;lang|s:7:\"english\";id|s:4:\"2019\";user_id|s:5:\"admin\";username|s:5:\"admin\";sponsor_id|s:1:\"0\";fullname|s:11:\"Alex Carrey\";email|s:15:\"admin@admin.com\";phone|s:10:\"1235467892\";isLogIn|b:1;'
WHERE `id` = '5m7buhvf5nj2nrnodjek8mk7fpcp8b79';
UPDATE `ci_sessions` SET `timestamp` = 1667456921, `data` = '__ci_last_regenerate|i:1667456921;lang|s:7:\"english\";id|s:4:\"2019\";user_id|s:5:\"admin\";username|s:5:\"admin\";sponsor_id|s:1:\"0\";fullname|s:11:\"Alex Carrey\";email|s:15:\"admin@admin.com\";phone|s:10:\"1235467892\";isLogIn|b:1;'
WHERE `id` = '493fa89a0ollbklh0j8n586mgcfekerk';
UPDATE `user_registration` SET `popup_seen` = 'yes'
WHERE `user_id` = 'admin';
UPDATE `user_registration` SET `popup_seen` = 'yes'
WHERE `user_id` = 'admin';
UPDATE `user_registration` SET `popup_seen` = 'no'
WHERE `user_id` = 'admin';
DELETE FROM `ci_sessions`
WHERE `id` = 'efodg8bqv767bas56rr4dbnet8ttbflr';
UPDATE `admin` SET `last_login` = '2022-11-03 06:32:55', `ip_address` = '127.0.0.1'
WHERE `id` = '1';
UPDATE `ci_sessions` SET `timestamp` = 1667457316, `data` = '__ci_last_regenerate|i:1667457316;isLogIn|b:1;isAdmin|b:1;id|s:1:\"1\";fullname|s:11:\"admin admin\";user_level|s:5:\"Admin\";email|s:15:\"admin@admin.com\";image|s:53:\"upload/settings/4a1f1b602322adb837a7a3547ee69cf3.jpeg\";last_login|s:19:\"2022-11-03 04:23:36\";last_logout|s:19:\"2022-02-08 06:23:41\";ip_address|s:9:\"127.0.0.1\";message|s:25:\"Welcome back  admin admin\";__ci_vars|a:1:{s:7:\"message\";s:3:\"old\";}'
WHERE `id` = 'uknv7l0g1p4bfs1a63a3cmh87139b14q';
UPDATE `ci_sessions` SET `timestamp` = 1667457635, `data` = '__ci_last_regenerate|i:1667457635;isLogIn|b:1;isAdmin|b:1;id|s:1:\"1\";fullname|s:11:\"admin admin\";user_level|s:5:\"Admin\";email|s:15:\"admin@admin.com\";image|s:53:\"upload/settings/4a1f1b602322adb837a7a3547ee69cf3.jpeg\";last_login|s:19:\"2022-11-03 04:23:36\";last_logout|s:19:\"2022-02-08 06:23:41\";ip_address|s:9:\"127.0.0.1\";'
WHERE `id` = 'cdqukst48ekjok72aoif1224dcd4d9gb';
UPDATE `ci_sessions` SET `timestamp` = 1667458033, `data` = '__ci_last_regenerate|i:1667458033;isLogIn|b:1;isAdmin|b:1;id|s:1:\"1\";fullname|s:11:\"admin admin\";user_level|s:5:\"Admin\";email|s:15:\"admin@admin.com\";image|s:53:\"upload/settings/4a1f1b602322adb837a7a3547ee69cf3.jpeg\";last_login|s:19:\"2022-11-03 04:23:36\";last_logout|s:19:\"2022-02-08 06:23:41\";ip_address|s:9:\"127.0.0.1\";'
WHERE `id` = 'll2dlr2gp000dhmuvsh976csj7r5003o';
UPDATE `ci_sessions` SET `timestamp` = 1667458391, `data` = '__ci_last_regenerate|i:1667458391;isLogIn|b:1;isAdmin|b:1;id|s:1:\"1\";fullname|s:11:\"admin admin\";user_level|s:5:\"Admin\";email|s:15:\"admin@admin.com\";image|s:53:\"upload/settings/4a1f1b602322adb837a7a3547ee69cf3.jpeg\";last_login|s:19:\"2022-11-03 04:23:36\";last_logout|s:19:\"2022-02-08 06:23:41\";ip_address|s:9:\"127.0.0.1\";'
WHERE `id` = 'mebkip18mqrgpsdde41l55ndsqvhinoc';
UPDATE `ci_sessions` SET `timestamp` = 1667458695, `data` = '__ci_last_regenerate|i:1667458695;isLogIn|b:1;isAdmin|b:1;id|s:1:\"1\";fullname|s:11:\"admin admin\";user_level|s:5:\"Admin\";email|s:15:\"admin@admin.com\";image|s:53:\"upload/settings/4a1f1b602322adb837a7a3547ee69cf3.jpeg\";last_login|s:19:\"2022-11-03 04:23:36\";last_logout|s:19:\"2022-02-08 06:23:41\";ip_address|s:9:\"127.0.0.1\";'
WHERE `id` = '4k8um8umhpjrq0rhjndd5g54dmc0vcfj';
UPDATE `ci_sessions` SET `timestamp` = 1667459006, `data` = '__ci_last_regenerate|i:1667459006;isLogIn|b:1;isAdmin|b:1;id|s:1:\"1\";fullname|s:11:\"admin admin\";user_level|s:5:\"Admin\";email|s:15:\"admin@admin.com\";image|s:53:\"upload/settings/4a1f1b602322adb837a7a3547ee69cf3.jpeg\";last_login|s:19:\"2022-11-03 04:23:36\";last_logout|s:19:\"2022-02-08 06:23:41\";ip_address|s:9:\"127.0.0.1\";'
WHERE `id` = 'ajd0rco10dsc71vr134ilhipeqoouj7o';
UPDATE `ci_sessions` SET `timestamp` = 1667459316, `data` = '__ci_last_regenerate|i:1667459316;isLogIn|b:1;isAdmin|b:1;id|s:1:\"1\";fullname|s:11:\"admin admin\";user_level|s:5:\"Admin\";email|s:15:\"admin@admin.com\";image|s:53:\"upload/settings/4a1f1b602322adb837a7a3547ee69cf3.jpeg\";last_login|s:19:\"2022-11-03 04:23:36\";last_logout|s:19:\"2022-02-08 06:23:41\";ip_address|s:9:\"127.0.0.1\";'
WHERE `id` = '48neflnm9d5nhjg7ff4ricqe0kbe3baj';
UPDATE `ci_sessions` SET `timestamp` = 1667459617, `data` = '__ci_last_regenerate|i:1667459617;isLogIn|b:1;isAdmin|b:1;id|s:1:\"1\";fullname|s:11:\"admin admin\";user_level|s:5:\"Admin\";email|s:15:\"admin@admin.com\";image|s:53:\"upload/settings/4a1f1b602322adb837a7a3547ee69cf3.jpeg\";last_login|s:19:\"2022-11-03 04:23:36\";last_logout|s:19:\"2022-02-08 06:23:41\";ip_address|s:9:\"127.0.0.1\";'
WHERE `id` = '636o7m0q9qgg5d4ubt569fe2gescdc26';
UPDATE `ci_sessions` SET `timestamp` = 1667460267, `data` = '__ci_last_regenerate|i:1667460267;isLogIn|b:1;isAdmin|b:1;id|s:1:\"1\";fullname|s:11:\"admin admin\";user_level|s:5:\"Admin\";email|s:15:\"admin@admin.com\";image|s:53:\"upload/settings/4a1f1b602322adb837a7a3547ee69cf3.jpeg\";last_login|s:19:\"2022-11-03 04:23:36\";last_logout|s:19:\"2022-02-08 06:23:41\";ip_address|s:9:\"127.0.0.1\";'
WHERE `id` = 'chebs9p1iuebjnhcgqsanub4ge4rgpmf';
UPDATE `ci_sessions` SET `timestamp` = 1667460625, `data` = '__ci_last_regenerate|i:1667460625;isLogIn|b:1;isAdmin|b:1;id|s:1:\"1\";fullname|s:11:\"admin admin\";user_level|s:5:\"Admin\";email|s:15:\"admin@admin.com\";image|s:53:\"upload/settings/4a1f1b602322adb837a7a3547ee69cf3.jpeg\";last_login|s:19:\"2022-11-03 04:23:36\";last_logout|s:19:\"2022-02-08 06:23:41\";ip_address|s:9:\"127.0.0.1\";'
WHERE `id` = '62e3leu92vsutvv577k7svbvl6m9ospc';
UPDATE `ci_sessions` SET `timestamp` = 1667460928, `data` = '__ci_last_regenerate|i:1667460928;isLogIn|b:1;isAdmin|b:1;id|s:1:\"1\";fullname|s:11:\"admin admin\";user_level|s:5:\"Admin\";email|s:15:\"admin@admin.com\";image|s:53:\"upload/settings/4a1f1b602322adb837a7a3547ee69cf3.jpeg\";last_login|s:19:\"2022-11-03 04:23:36\";last_logout|s:19:\"2022-02-08 06:23:41\";ip_address|s:9:\"127.0.0.1\";'
WHERE `id` = 'dee6cp275tgs8b7ss0ml8rjq3snfdfma';
UPDATE `ci_sessions` SET `timestamp` = 1667461257, `data` = '__ci_last_regenerate|i:1667461257;isLogIn|b:1;isAdmin|b:1;id|s:1:\"1\";fullname|s:11:\"admin admin\";user_level|s:5:\"Admin\";email|s:15:\"admin@admin.com\";image|s:53:\"upload/settings/4a1f1b602322adb837a7a3547ee69cf3.jpeg\";last_login|s:19:\"2022-11-03 04:23:36\";last_logout|s:19:\"2022-02-08 06:23:41\";ip_address|s:9:\"127.0.0.1\";'
WHERE `id` = '4oeab87vt4frm66faik30g0nrge3lg7m';
UPDATE `ci_sessions` SET `timestamp` = 1667462011, `data` = '__ci_last_regenerate|i:1667462011;isLogIn|b:1;isAdmin|b:1;id|s:1:\"1\";fullname|s:11:\"admin admin\";user_level|s:5:\"Admin\";email|s:15:\"admin@admin.com\";image|s:53:\"upload/settings/4a1f1b602322adb837a7a3547ee69cf3.jpeg\";last_login|s:19:\"2022-11-03 04:23:36\";last_logout|s:19:\"2022-02-08 06:23:41\";ip_address|s:9:\"127.0.0.1\";'
WHERE `id` = 'jn8v0913kqkhqrv3bp9bo04ivgvjb8c4';
UPDATE `ci_sessions` SET `timestamp` = 1667466501, `data` = '__ci_last_regenerate|i:1667466501;isLogIn|b:1;isAdmin|b:1;id|s:1:\"1\";fullname|s:11:\"admin admin\";user_level|s:5:\"Admin\";email|s:15:\"admin@admin.com\";image|s:53:\"upload/settings/4a1f1b602322adb837a7a3547ee69cf3.jpeg\";last_login|s:19:\"2022-11-03 04:23:36\";last_logout|s:19:\"2022-02-08 06:23:41\";ip_address|s:9:\"127.0.0.1\";'
WHERE `id` = 'sr687uc9pii4rq6ocufa6ivc3hac29eg';
UPDATE `admin` SET `last_logout` = '2022-11-03 09:19:12'
WHERE `id` IS NULL;
DELETE FROM `ci_sessions`
WHERE `id` = '56tovf4q6nvoae6j08ilcnpg2d62plnu';
INSERT INTO `login_history` (`user_id`, `device`, `ip_address`, `date`) VALUES ('admin', 'Mozilla/5.0 (Windows NT 10.0; Win64; x64; rv:106.0) Gecko/20100101 Firefox/106.0', '127.0.0.1', '22-11-03 09:19');
UPDATE `user_registration` SET `popup_seen` = 'yes'
WHERE `user_id` = 'admin';
UPDATE `user_registration` SET `popup_seen` = 'no'
WHERE `user_id` = 'admin';
DELETE FROM `ci_sessions`
WHERE `id` = 'vekovroil9n79tbqqr1j43g8oop0u1tf';
INSERT INTO `login_history` (`user_id`, `device`, `ip_address`, `date`) VALUES ('admin', 'Mozilla/5.0 (Windows NT 10.0; Win64; x64; rv:106.0) Gecko/20100101 Firefox/106.0', '127.0.0.1', '22-11-03 09:39');
UPDATE `user_registration` SET `popup_seen` = 'yes'
WHERE `user_id` = 'admin';
UPDATE `user_registration` SET `popup_seen` = 'yes'
WHERE `user_id` = 'admin';
UPDATE `user_registration` SET `popup_seen` = 'no'
WHERE `user_id` = 'admin';
DELETE FROM `ci_sessions`
WHERE `id` = 'vuoma32eq2e1e8iad99h1gbu3p9cdi6n';
INSERT INTO `login_history` (`user_id`, `device`, `ip_address`, `date`) VALUES ('admin', 'Mozilla/5.0 (Windows NT 10.0; Win64; x64; rv:106.0) Gecko/20100101 Firefox/106.0', '127.0.0.1', '22-11-03 09:40');
UPDATE `user_registration` SET `popup_seen` = 'yes'
WHERE `user_id` = 'admin';
UPDATE `user_registration` SET `popup_seen` = 'yes'
WHERE `user_id` = 'admin';
UPDATE `user_registration` SET `popup_seen` = 'no'
WHERE `user_id` = 'admin';
DELETE FROM `ci_sessions`
WHERE `id` = 'rqp17nhavle0m7dlsdkdsmj9q86sbigm';
INSERT INTO `login_history` (`user_id`, `device`, `ip_address`, `date`) VALUES ('admin', 'Mozilla/5.0 (Windows NT 10.0; Win64; x64; rv:106.0) Gecko/20100101 Firefox/106.0', '127.0.0.1', '22-11-03 09:41');
UPDATE `user_registration` SET `popup_seen` = 'yes'
WHERE `user_id` = 'admin';
UPDATE `user_registration` SET `popup_seen` = 'no'
WHERE `user_id` = 'admin';
DELETE FROM `ci_sessions`
WHERE `id` = 'tn38qdeeqq3jpp3hbpqt3t6u0r7798oq';
INSERT INTO `login_history` (`user_id`, `device`, `ip_address`, `date`) VALUES ('admin', 'Mozilla/5.0 (Windows NT 10.0; Win64; x64; rv:106.0) Gecko/20100101 Firefox/106.0', '127.0.0.1', '22-11-03 09:41');
UPDATE `user_registration` SET `popup_seen` = 'yes'
WHERE `user_id` = 'admin';
UPDATE `user_registration` SET `popup_seen` = 'no'
WHERE `user_id` = 'admin';
DELETE FROM `ci_sessions`
WHERE `id` = 'k1ndpg2hqap9248tkbgcbhhn8hrf2cim';
INSERT INTO `login_history` (`user_id`, `device`, `ip_address`, `date`) VALUES ('admin', 'Mozilla/5.0 (Windows NT 10.0; Win64; x64; rv:106.0) Gecko/20100101 Firefox/106.0', '127.0.0.1', '22-11-03 09:41');
UPDATE `user_registration` SET `popup_seen` = 'yes'
WHERE `user_id` = 'admin';
UPDATE `user_registration` SET `popup_seen` = 'no'
WHERE `user_id` = 'admin';
DELETE FROM `ci_sessions`
WHERE `id` = '1j481ftab7bp51qfesna7uc8qu2birvn';
INSERT INTO `login_history` (`user_id`, `device`, `ip_address`, `date`) VALUES ('admin', 'Mozilla/5.0 (Windows NT 10.0; Win64; x64; rv:106.0) Gecko/20100101 Firefox/106.0', '127.0.0.1', '22-11-03 09:42');
UPDATE `user_registration` SET `popup_seen` = 'yes'
WHERE `user_id` = 'admin';
UPDATE `user_registration` SET `popup_seen` = 'no'
WHERE `user_id` = 'admin';
DELETE FROM `ci_sessions`
WHERE `id` = '6nnvapnrsvvbjchkuon7cfjp44hr1bm2';
INSERT INTO `login_history` (`user_id`, `device`, `ip_address`, `date`) VALUES ('admin', 'Mozilla/5.0 (Windows NT 10.0; Win64; x64; rv:106.0) Gecko/20100101 Firefox/106.0', '127.0.0.1', '22-11-03 09:42');
UPDATE `user_registration` SET `popup_seen` = 'yes'
WHERE `user_id` = 'admin';
UPDATE `user_registration` SET `popup_seen` = 'no'
WHERE `user_id` = 'admin';
DELETE FROM `ci_sessions`
WHERE `id` = 'vo5k1u4uv7luqv2o4tbpehvf27mqmnoa';
INSERT INTO `login_history` (`user_id`, `device`, `ip_address`, `date`) VALUES ('admin', 'Mozilla/5.0 (Windows NT 10.0; Win64; x64; rv:106.0) Gecko/20100101 Firefox/106.0', '127.0.0.1', '22-11-03 09:42');
UPDATE `user_registration` SET `popup_seen` = 'yes'
WHERE `user_id` = 'admin';
UPDATE `ci_sessions` SET `timestamp` = 1667469057, `data` = '__ci_last_regenerate|i:1667469057;id|s:4:\"2019\";user_id|s:5:\"admin\";username|s:5:\"admin\";sponsor_id|s:1:\"0\";fullname|s:11:\"Alex Carrey\";email|s:15:\"admin@admin.com\";phone|s:10:\"1235467892\";isLogIn|b:1;'
WHERE `id` = 'nn03iniucmgoanhbs5ld9300gbp5hapn';
UPDATE `user_registration` SET `popup_seen` = 'no'
WHERE `user_id` = 'admin';
DELETE FROM `ci_sessions`
WHERE `id` = 'phljn0c34h3o9120pqeqput03hflnhev';
INSERT INTO `login_history` (`user_id`, `device`, `ip_address`, `date`) VALUES ('admin', 'Mozilla/5.0 (Windows NT 10.0; Win64; x64; rv:106.0) Gecko/20100101 Firefox/106.0', '127.0.0.1', '22-11-03 09:53');
UPDATE `user_registration` SET `popup_seen` = 'yes'
WHERE `user_id` = 'admin';
UPDATE `user_registration` SET `popup_seen` = 'yes'
WHERE `user_id` = 'admin';
UPDATE `user_registration` SET `popup_seen` = 'yes'
WHERE `user_id` = 'admin';
UPDATE `ci_sessions` SET `timestamp` = 1667469902, `data` = '__ci_last_regenerate|i:1667469902;id|s:4:\"2019\";user_id|s:5:\"admin\";username|s:5:\"admin\";sponsor_id|s:1:\"0\";fullname|s:11:\"Alex Carrey\";email|s:15:\"admin@admin.com\";phone|s:10:\"1235467892\";isLogIn|b:1;'
WHERE `id` = '6f3oo114mrol07nae1aqo1r8ll68s2nu';
UPDATE `user_registration` SET `popup_seen` = 'yes'
WHERE `user_id` = 'admin';
UPDATE `user_registration` SET `popup_seen` = 'no'
WHERE `user_id` = 'admin';
DELETE FROM `ci_sessions`
WHERE `id` = 'o116b647pgqp68s8iujo2k9g73h5bstf';
UPDATE `ci_sessions` SET `timestamp` = 1667470807, `data` = '__ci_last_regenerate|i:1667470807;captcha|s:4:\"81hk\";'
WHERE `id` = 'ermdv6d89rfcki4oc71prju4fa872qnj';
UPDATE `ci_sessions` SET `timestamp` = 1667471120, `data` = '__ci_last_regenerate|i:1667471120;captcha|s:4:\"42d1\";lang|s:7:\"english\";'
WHERE `id` = 'b3k56ui00f5rflqp8d9ps4p5hfjsk8c8';
INSERT INTO `login_history` (`user_id`, `device`, `ip_address`, `date`) VALUES ('admin', 'Mozilla/5.0 (Windows NT 10.0; Win64; x64; rv:106.0) Gecko/20100101 Firefox/106.0', '127.0.0.1', '22-11-03 10:25');
UPDATE `user_registration` SET `popup_seen` = 'yes'
WHERE `user_id` = 'admin';
UPDATE `ci_sessions` SET `timestamp` = 1667471671, `data` = '__ci_last_regenerate|i:1667471671;lang|s:7:\"english\";id|s:4:\"2019\";user_id|s:5:\"admin\";username|s:5:\"admin\";sponsor_id|s:1:\"0\";fullname|s:11:\"Alex Carrey\";email|s:15:\"admin@admin.com\";phone|s:10:\"1235467892\";isLogIn|b:1;'
WHERE `id` = '5agh3be2vtmgfmr97msvu5j100l7seu2';
UPDATE `user_registration` SET `popup_seen` = 'yes'
WHERE `user_id` = 'admin';
UPDATE `user_registration` SET `popup_seen` = 'yes'
WHERE `user_id` = 'admin';
UPDATE `ci_sessions` SET `timestamp` = 1667473109, `data` = '__ci_last_regenerate|i:1667473109;lang|s:7:\"english\";id|s:4:\"2019\";user_id|s:5:\"admin\";username|s:5:\"admin\";sponsor_id|s:1:\"0\";fullname|s:11:\"Alex Carrey\";email|s:15:\"admin@admin.com\";phone|s:10:\"1235467892\";isLogIn|b:1;'
WHERE `id` = 'kluqqijroqg4qrakqlq07srvprcf6u38';
UPDATE `user_registration` SET `popup_seen` = 'yes'
WHERE `user_id` = 'admin';
UPDATE `ci_sessions` SET `timestamp` = 1667473481, `data` = '__ci_last_regenerate|i:1667473481;lang|s:7:\"english\";id|s:4:\"2019\";user_id|s:5:\"admin\";username|s:5:\"admin\";sponsor_id|s:1:\"0\";fullname|s:11:\"Alex Carrey\";email|s:15:\"admin@admin.com\";phone|s:10:\"1235467892\";isLogIn|b:1;'
WHERE `id` = 'jaigrrms35ce3o0rkfabdfpe20e8thtf';
UPDATE `user_registration` SET `popup_seen` = 'yes'
WHERE `user_id` = 'admin';
UPDATE `user_registration` SET `popup_seen` = 'yes'
WHERE `user_id` = 'admin';
UPDATE `ci_sessions` SET `timestamp` = 1667476587, `data` = '__ci_last_regenerate|i:1667476587;captcha|s:4:\"2qfp\";'
WHERE `id` = '9can1q6ofo8j5jsfc0kb7k5fpjc3bqp3';
INSERT INTO `login_history` (`user_id`, `device`, `ip_address`, `date`) VALUES ('admin', 'Mozilla/5.0 (Windows NT 10.0; Win64; x64; rv:106.0) Gecko/20100101 Firefox/106.0', '103.94.137.174', '22-11-03 11:56');
UPDATE `user_registration` SET `popup_seen` = 'yes'
WHERE `user_id` = 'admin';
UPDATE `user_registration` SET `popup_seen` = 'no'
WHERE `user_id` = 'admin';
DELETE FROM `ci_sessions`
WHERE `id` = '7onrmkium10ugtq33vvttv659j2s0cum';
INSERT INTO `login_history` (`user_id`, `device`, `ip_address`, `date`) VALUES ('admin', 'Mozilla/5.0 (Windows NT 10.0; Win64; x64) AppleWebKit/537.36 (KHTML, like Gecko) Chrome/107.0.0.0 Safari/537.36', '103.94.137.174', '22-11-04 04:17');
UPDATE `user_registration` SET `popup_seen` = 'yes'
WHERE `user_id` = 'admin';
UPDATE `user_registration` SET `popup_seen` = 'yes'
WHERE `user_id` = 'admin';
UPDATE `user_registration` SET `popup_seen` = 'yes'
WHERE `user_id` = 'admin';
UPDATE `user_registration` SET `popup_seen` = 'yes'
WHERE `user_id` = 'admin';
UPDATE `user_registration` SET `popup_seen` = 'yes'
WHERE `user_id` = 'admin';
UPDATE `user_registration` SET `popup_seen` = 'yes'
WHERE `user_id` = 'admin';
UPDATE `user_registration` SET `popup_seen` = 'no'
WHERE `user_id` = 'admin';
DELETE FROM `ci_sessions`
WHERE `id` = 'r3pfdpgu5tdh52m4f3apkbj72rdliet0';
UPDATE `ci_sessions` SET `timestamp` = 1667535910, `data` = '__ci_last_regenerate|i:1667535910;captcha|s:4:\"yn0e\";'
WHERE `id` = 'j6mtuteap0ljirbe9v6r2571i5gni2fv';
UPDATE `admin` SET `last_login` = '2022-11-04 04:25:36', `ip_address` = '103.94.137.174'
WHERE `id` = '1';
UPDATE `ci_sessions` SET `timestamp` = 1667541754, `data` = '__ci_last_regenerate|i:1667541754;captcha|s:4:\"09wt\";lang|s:7:\"english\";'
WHERE `id` = 'rfe6m25ufq1g9hv500jng4n59knlt5ih';
UPDATE `ci_sessions` SET `timestamp` = 1667542124, `data` = '__ci_last_regenerate|i:1667542124;captcha|s:4:\"xun1\";lang|s:7:\"english\";'
WHERE `id` = 'o6oikuu64goqf5qcru19odfid73vaq9e';
INSERT INTO `login_history` (`user_id`, `device`, `ip_address`, `date`) VALUES ('admin', 'Mozilla/5.0 (Windows NT 10.0; Win64; x64) AppleWebKit/537.36 (KHTML, like Gecko) Chrome/107.0.0.0 Safari/537.36', '103.94.137.174', '22-11-04 06:09');
UPDATE `user_registration` SET `popup_seen` = 'yes'
WHERE `user_id` = 'admin';
INSERT INTO `login_history` (`user_id`, `device`, `ip_address`, `date`) VALUES ('admin', 'Mozilla/5.0 (Windows NT 10.0; Win64; x64) AppleWebKit/537.36 (KHTML, like Gecko) Chrome/107.0.0.0 Safari/537.36', '103.94.137.174', '22-11-04 06:09');
UPDATE `user_registration` SET `popup_seen` = 'yes'
WHERE `user_id` = 'admin';
UPDATE `user_registration` SET `popup_seen` = 'no'
WHERE `user_id` = 'admin';
DELETE FROM `ci_sessions`
WHERE `id` = '8bcu3m56qe5jkabr2dsnfovt1h8dpah6';
INSERT INTO `login_history` (`user_id`, `device`, `ip_address`, `date`) VALUES ('admin', 'Mozilla/5.0 (Windows NT 10.0; Win64; x64) AppleWebKit/537.36 (KHTML, like Gecko) Chrome/107.0.0.0 Safari/537.36', '103.94.137.174', '22-11-04 06:09');
UPDATE `user_registration` SET `popup_seen` = 'yes'
WHERE `user_id` = 'admin';
UPDATE `user_registration` SET `popup_seen` = 'yes'
WHERE `user_id` = 'admin';
INSERT INTO `add_cart` (`user_id`, `product_id`, `product_name`, `product_amount`, `product_image`, `product_details`, `quantity`, `total_amount`, `date`) VALUES ('admin', '4', 'Sosp', '10', 'upload/product_image/48dc5394350978611062a611694ffd55.png', '<p>Ghff</p>\r\n', 1, 10, '2022-11-04 06:10:51');
UPDATE `add_cart` SET `quantity` = '1', `total_amount` = 10
WHERE `id` = '29';
INSERT INTO `total_orders` (`user_id`, `amount_to_pay`, `date`) VALUES ('admin', '10', '2022-11-04 06:11:11');
INSERT INTO `product_purchase_history` (`user_id`, `product_id`, `amount`, `quantity`, `total_amount`, `payment_option`, `product_name`, `date`, `type`) VALUES ('admin', '4', '10', '1', '10', 'free', 'Sosp', '2022-11-04 06:11:11', 'repurchase');
INSERT INTO `orders` (`order_id`, `user_id`, `product_id`, `product_name`, `amount`, `quantity`, `total_amount`, `payment_option`, `date`) VALUES (10, 'admin', '4', 'Sosp', '10', '1', '10', 'free', '2022-11-04 06:11:11');
DELETE FROM `add_cart`
WHERE `id` = '29';
INSERT INTO `login_history` (`user_id`, `device`, `ip_address`, `date`) VALUES ('admin', 'Mozilla/5.0 (Windows NT 10.0; Win64; x64; rv:106.0) Gecko/20100101 Firefox/106.0', '103.94.137.174', '22-11-04 06:12');
UPDATE `user_registration` SET `popup_seen` = 'yes'
WHERE `user_id` = 'admin';
UPDATE `user_registration` SET `popup_seen` = 'no'
WHERE `user_id` = 'admin';
DELETE FROM `ci_sessions`
WHERE `id` = 'pcja9h2gpsucooh9cks7cia80sb3jsoo';
UPDATE `admin` SET `last_login` = '2022-11-04 06:12:53', `ip_address` = '103.94.137.174'
WHERE `id` = '1';
UPDATE `ci_sessions` SET `timestamp` = 1667543828, `data` = '__ci_last_regenerate|i:1667543828;id|s:4:\"2019\";user_id|s:5:\"admin\";username|s:5:\"admin\";sponsor_id|s:1:\"0\";fullname|s:11:\"Alex Carrey\";email|s:15:\"admin@admin.com\";phone|s:10:\"1235467892\";isLogIn|b:1;'
WHERE `id` = 'q8lt7oc5898vpr9kn10drub6t7sknr4f';
INSERT INTO `login_history` (`user_id`, `device`, `ip_address`, `date`) VALUES ('admin', 'Mozilla/5.0 (Windows NT 10.0; Win64; x64) AppleWebKit/537.36 (KHTML, like Gecko) Chrome/107.0.0.0 Safari/537.36', '103.94.137.174', '22-11-04 09:20');
UPDATE `user_registration` SET `popup_seen` = 'yes'
WHERE `user_id` = 'admin';
UPDATE `user_registration` SET `popup_seen` = 'yes'
WHERE `user_id` = 'admin';
UPDATE `user_registration` SET `popup_seen` = 'yes'
WHERE `user_id` = 'admin';
UPDATE `user_registration` SET `popup_seen` = 'yes'
WHERE `user_id` = 'admin';
UPDATE `ci_sessions` SET `timestamp` = 1667555656, `data` = '__ci_last_regenerate|i:1667555656;id|s:4:\"2019\";user_id|s:5:\"admin\";username|s:5:\"admin\";sponsor_id|s:1:\"0\";fullname|s:11:\"Alex Carrey\";email|s:15:\"admin@admin.com\";phone|s:10:\"1235467892\";isLogIn|b:1;'
WHERE `id` = 'r0j1irg79v814uca4ho2bes0fbqcmea1';
UPDATE `user_registration` SET `popup_seen` = 'yes'
WHERE `user_id` = 'admin';
INSERT INTO `login_history` (`user_id`, `device`, `ip_address`, `date`) VALUES ('admin', 'Mozilla/5.0 (Windows NT 10.0; Win64; x64) AppleWebKit/537.36 (KHTML, like Gecko) Chrome/107.0.0.0 Safari/537.36', '103.94.137.174', '22-11-12 05:40');
UPDATE `user_registration` SET `popup_seen` = 'yes'
WHERE `user_id` = 'admin';
UPDATE `user_registration` SET `popup_seen` = 'yes'
WHERE `user_id` = 'admin';
UPDATE `user_registration` SET `popup_seen` = 'yes'
WHERE `user_id` = 'admin';
UPDATE `user_registration` SET `popup_seen` = 'yes'
WHERE `user_id` = 'admin';
UPDATE `user_registration` SET `popup_seen` = 'yes'
WHERE `user_id` = 'admin';
UPDATE `notifications` SET `status` = 1
WHERE `user_id` = 'admin'
AND `notification_id` = '1';
UPDATE `user_registration` SET `popup_seen` = 'yes'
WHERE `user_id` = 'admin';
INSERT INTO `login_history` (`user_id`, `device`, `ip_address`, `date`) VALUES ('admin', 'Mozilla/5.0 (Windows NT 10.0; Win64; x64; rv:106.0) Gecko/20100101 Firefox/106.0', '103.94.137.174', '22-11-12 09:33');
UPDATE `user_registration` SET `popup_seen` = 'yes'
WHERE `user_id` = 'admin';
UPDATE `user_registration` SET `popup_seen` = 'no'
WHERE `user_id` = 'admin';
DELETE FROM `ci_sessions`
WHERE `id` = 'q15n4qr2iohsdr5t212ifu653f50nmag';
INSERT INTO `login_history` (`user_id`, `device`, `ip_address`, `date`) VALUES ('admin', 'Mozilla/5.0 (Windows NT 10.0; Win64; x64) AppleWebKit/537.36 (KHTML, like Gecko) Chrome/107.0.0.0 Safari/537.36', '103.94.137.174', '22-11-12 10:10');
UPDATE `user_registration` SET `popup_seen` = 'yes'
WHERE `user_id` = 'admin';
UPDATE `user_registration` SET `popup_seen` = 'yes'
WHERE `user_id` = 'admin';
UPDATE `ci_sessions` SET `timestamp` = 1668248347, `data` = '__ci_last_regenerate|i:1668248347;id|s:4:\"2019\";user_id|s:5:\"admin\";username|s:5:\"admin\";sponsor_id|s:1:\"0\";fullname|s:11:\"Alex Carrey\";email|s:15:\"admin@admin.com\";phone|s:10:\"1235467892\";isLogIn|b:1;'
WHERE `id` = 'eftfpaf77h7usuk3epko1uhfloqkd3qm';
UPDATE `user_registration` SET `popup_seen` = 'yes'
WHERE `user_id` = 'admin';
UPDATE `ci_sessions` SET `timestamp` = 1668249588, `data` = '__ci_last_regenerate|i:1668249588;id|s:4:\"2019\";user_id|s:5:\"admin\";username|s:5:\"admin\";sponsor_id|s:1:\"0\";fullname|s:11:\"Alex Carrey\";email|s:15:\"admin@admin.com\";phone|s:10:\"1235467892\";isLogIn|b:1;'
WHERE `id` = 'q7jbq0ccerotlecbpt8oss7uh9ic7mic';
UPDATE `notifications` SET `status` = 1
WHERE `user_id` = 'admin'
AND `notification_id` = '2';
INSERT INTO `login_history` (`user_id`, `device`, `ip_address`, `date`) VALUES ('admin', 'Mozilla/5.0 (Windows NT 10.0; Win64; x64) AppleWebKit/537.36 (KHTML, like Gecko) Chrome/108.0.0.0 Safari/537.36', '150.107.212.54', '23-01-10 10:20');
UPDATE `user_registration` SET `popup_seen` = 'yes'
WHERE `user_id` = 'admin';
UPDATE `user_registration` SET `popup_seen` = 'yes'
WHERE `user_id` = 'admin';
UPDATE `user_registration` SET `popup_seen` = 'no'
WHERE `user_id` = 'admin';
DELETE FROM `ci_sessions`
WHERE `id` = 'j1d3qtvj6hlje4r70009rapgnuup7o5p';
INSERT INTO `login_history` (`user_id`, `device`, `ip_address`, `date`) VALUES ('admin', 'Mozilla/5.0 (Linux; Android 12; SM-A725F) AppleWebKit/537.36 (KHTML, like Gecko) Chrome/103.0.0.0 Mobile Safari/537.36', '196.201.210.229', '23-01-10 10:21');
UPDATE `user_registration` SET `popup_seen` = 'yes'
WHERE `user_id` = 'admin';
INSERT INTO `login_history` (`user_id`, `device`, `ip_address`, `date`) VALUES ('admin', 'Mozilla/5.0 (Windows NT 10.0; Win64; x64) AppleWebKit/537.36 (KHTML, like Gecko) Chrome/119.0.0.0 Safari/537.36 Edg/119.0.0.0', '150.107.212.15', '23-12-08 05:50');
UPDATE `user_registration` SET `popup_seen` = 'yes'
WHERE `user_id` = 'admin';
UPDATE `user_registration` SET `f_name` = 'Alex', `l_name` = 'Carrey', `phone` = '1235467892', `address` = NULL, `country` = 'Austria', `state` = 'Burgenland', `city` = 'ssssss', `picture_url` = 'https://easytogotech.com/demo_2023/v5/demo_bin_v5/assets/images/uploads/user-1.jpg'
WHERE `user_id` = 'admin';
UPDATE `user_registration` SET `popup_seen` = 'no'
WHERE `user_id` = 'admin';
DELETE FROM `ci_sessions`
WHERE `id` = '3pkskc3bqtg0lh0gd5hfslcr8looffig';
INSERT INTO `login_history` (`user_id`, `device`, `ip_address`, `date`) VALUES ('admin', 'Mozilla/5.0 (iPhone; CPU iPhone OS 16_5_1 like Mac OS X) AppleWebKit/605.1.15 (KHTML, like Gecko) Version/16.5.2 Mobile/15E148 Safari/604.1', '49.37.224.163', '23-12-23 02:16');
UPDATE `user_registration` SET `popup_seen` = 'yes'
WHERE `user_id` = 'admin';
UPDATE `user_registration` SET `popup_seen` = 'yes'
WHERE `user_id` = 'admin';
INSERT INTO `login_history` (`user_id`, `device`, `ip_address`, `date`) VALUES ('admin', 'Mozilla/5.0 (iPhone; CPU iPhone OS 16_6_1 like Mac OS X) AppleWebKit/605.1.15 (KHTML, like Gecko) Version/16.6 Mobile/15E148 Safari/604.1', '166.205.159.143', '23-12-23 02:45');
UPDATE `user_registration` SET `popup_seen` = 'yes'
WHERE `user_id` = 'admin';
UPDATE `user_registration` SET `popup_seen` = 'yes'
WHERE `user_id` = 'admin';
UPDATE `ci_sessions` SET `timestamp` = 1703299813, `data` = '__ci_last_regenerate|i:1703299813;id|s:4:\"2019\";user_id|s:5:\"admin\";username|s:5:\"admin\";sponsor_id|s:1:\"0\";fullname|s:11:\"Alex Carrey\";email|s:15:\"admin@admin.com\";phone|s:10:\"1235467892\";isLogIn|b:1;'
WHERE `id` = 'mi2qnqhsh8tq2kbbo7ee869ct9b495at';
UPDATE `ci_sessions` SET `timestamp` = 1703301851, `data` = '__ci_last_regenerate|i:1703301851;id|s:4:\"2019\";user_id|s:5:\"admin\";username|s:5:\"admin\";sponsor_id|s:1:\"0\";fullname|s:11:\"Alex Carrey\";email|s:15:\"admin@admin.com\";phone|s:10:\"1235467892\";isLogIn|b:1;'
WHERE `id` = '0t0fqe26bkci9lipddknhraa0gf4iase';
UPDATE `user_registration` SET `popup_seen` = 'yes'
WHERE `user_id` = 'admin';
UPDATE `user_registration` SET `popup_seen` = 'yes'
WHERE `user_id` = 'admin';
INSERT INTO `login_history` (`user_id`, `device`, `ip_address`, `date`) VALUES ('admin', 'Mozilla/5.0 (iPhone; CPU iPhone OS 16_5_1 like Mac OS X) AppleWebKit/605.1.15 (KHTML, like Gecko) Version/16.5.2 Mobile/15E148 Safari/604.1', '49.37.226.24', '24-01-19 16:50');
UPDATE `user_registration` SET `popup_seen` = 'yes'
WHERE `user_id` = 'admin';
INSERT INTO `login_history` (`user_id`, `device`, `ip_address`, `date`) VALUES ('admin', 'Mozilla/5.0 (Linux; Android 10; K) AppleWebKit/537.36 (KHTML, like Gecko) Chrome/117.0.0.0 Mobile Safari/537.36', '47.195.28.71', '24-01-19 16:50');
UPDATE `user_registration` SET `popup_seen` = 'yes'
WHERE `user_id` = 'admin';
UPDATE `user_registration` SET `popup_seen` = 'yes'
WHERE `user_id` = 'admin';
UPDATE `user_registration` SET `popup_seen` = 'yes'
WHERE `user_id` = 'admin';
UPDATE `ci_sessions` SET `timestamp` = 1705689579, `data` = '__ci_last_regenerate|i:1705689579;id|s:4:\"2019\";user_id|s:5:\"admin\";username|s:5:\"admin\";sponsor_id|s:1:\"0\";fullname|s:11:\"Alex Carrey\";email|s:15:\"admin@admin.com\";phone|s:10:\"1235467892\";isLogIn|b:1;'
WHERE `id` = '0106742fa9e5ea618d985b8494d474b8362a328b';
UPDATE `user_registration` SET `popup_seen` = 'yes'
WHERE `user_id` = 'admin';
UPDATE `user_registration` SET `popup_seen` = 'yes'
WHERE `user_id` = 'admin';
INSERT INTO `login_history` (`user_id`, `device`, `ip_address`, `date`) VALUES ('admin', 'Mozilla/5.0 (Windows NT 10.0; Win64; x64) AppleWebKit/537.36 (KHTML, like Gecko) Chrome/122.0.0.0 Safari/537.36', '218.145.194.63', '24-02-29 17:27');
UPDATE `user_registration` SET `popup_seen` = 'yes'
WHERE `user_id` = 'admin';
INSERT INTO `login_history` (`user_id`, `device`, `ip_address`, `date`) VALUES ('admin', 'Mozilla/5.0 (Macintosh; Intel Mac OS X 10_15_7) AppleWebKit/537.36 (KHTML, like Gecko) Chrome/123.0.0.0 Safari/537.36', '161.142.109.241', '24-03-29 13:46');
UPDATE `user_registration` SET `popup_seen` = 'yes'
WHERE `user_id` = 'admin';
INSERT INTO `login_history` (`user_id`, `device`, `ip_address`, `date`) VALUES ('admin', 'Mozilla/5.0 (iPhone; CPU iPhone OS 17_4_1 like Mac OS X) AppleWebKit/605.1.15 (KHTML, like Gecko) Version/17.4.1 Mobile/15E148 Safari/604.1', '172.224.240.20', '24-03-31 18:28');
UPDATE `user_registration` SET `popup_seen` = 'yes'
WHERE `user_id` = 'admin';
UPDATE `user_registration` SET `popup_seen` = 'yes'
WHERE `user_id` = 'admin';
INSERT INTO `login_history` (`user_id`, `device`, `ip_address`, `date`) VALUES ('admin', 'Mozilla/5.0 (Windows NT 10.0; Win64; x64) AppleWebKit/537.36 (KHTML, like Gecko) Chrome/127.0.0.0 Safari/537.36', '98.242.157.169', '24-08-06 17:27');
UPDATE `user_registration` SET `popup_seen` = 'yes'
WHERE `user_id` = 'admin';
UPDATE `ci_sessions` SET `timestamp` = 1722965561, `data` = '__ci_last_regenerate|i:1722965561;id|s:4:\"2019\";user_id|s:5:\"admin\";username|s:5:\"admin\";sponsor_id|s:1:\"0\";fullname|s:11:\"Alex Carrey\";email|s:15:\"admin@admin.com\";phone|s:10:\"1235467892\";isLogIn|b:1;message|s:19:\"Welcome Alex Carrey\";__ci_vars|a:1:{s:7:\"message\";s:3:\"old\";}'
WHERE `id` = '687a05cff572a56693913677eb2dfe6fdf90e9a3';
UPDATE `user_registration` SET `popup_seen` = 'yes'
WHERE `user_id` = 'admin';
UPDATE `user_registration` SET `popup_seen` = 'yes'
WHERE `user_id` = 'admin';
INSERT INTO `login_history` (`user_id`, `device`, `ip_address`, `date`) VALUES ('admin', 'Mozilla/5.0 (iPhone; CPU iPhone OS 17_5_1 like Mac OS X) AppleWebKit/605.1.15 (KHTML, like Gecko) Version/17.5.1 Mobile/21F90 Safari/604.1', '49.47.193.60', '24-08-06 18:42');
UPDATE `user_registration` SET `popup_seen` = 'yes'
WHERE `user_id` = 'admin';
UPDATE `user_registration` SET `popup_seen` = 'no'
WHERE `user_id` = 'admin';
DELETE FROM `ci_sessions`
WHERE `id` = '667b0ce3a7eb1c352077d5a624b680df766bd50b';
INSERT INTO `login_history` (`user_id`, `device`, `ip_address`, `date`) VALUES ('admin', 'Mozilla/5.0 (Macintosh; Intel Mac OS X 10_15_7) AppleWebKit/537.36 (KHTML, like Gecko) Chrome/126.0.0.0 Safari/537.36', '150.107.212.28', '24-08-07 05:15');
UPDATE `user_registration` SET `popup_seen` = 'yes'
WHERE `user_id` = 'admin';
UPDATE `user_registration` SET `popup_seen` = 'no'
WHERE `user_id` = 'admin';
DELETE FROM `ci_sessions`
WHERE `id` = '496cde57868d80e3bc14507185a9798e791ea161';
INSERT INTO `login_history` (`user_id`, `device`, `ip_address`, `date`) VALUES ('admin', 'Mozilla/5.0 (Windows NT 10.0; Win64; x64) AppleWebKit/537.36 (KHTML, like Gecko) Chrome/109.0.0.0 Safari/537.36', '150.107.212.28', '24-08-07 05:51');
UPDATE `user_registration` SET `popup_seen` = 'yes'
WHERE `user_id` = 'admin';
INSERT INTO `login_history` (`user_id`, `device`, `ip_address`, `date`) VALUES ('admin', 'Mozilla/5.0 (Windows NT 6.1; Win64; x64; rv:109.0) Gecko/20100101 Firefox/115.0', '127.0.0.1', '24-08-07 08:04');
UPDATE `user_registration` SET `popup_seen` = 'yes'
WHERE `user_id` = 'admin';
UPDATE `admin` SET `last_login` = '2024-08-07 08:06:39', `ip_address` = '127.0.0.1'
WHERE `id` = '1';
UPDATE `ci_sessions` SET `timestamp` = 1723011096, `data` = '__ci_last_regenerate|i:1723011096;id|s:4:\"2019\";user_id|s:5:\"admin\";username|s:5:\"admin\";sponsor_id|s:1:\"0\";fullname|s:11:\"Alex Carrey\";email|s:15:\"admin@admin.com\";phone|s:10:\"1235467892\";isLogIn|b:1;message|s:19:\"Welcome Alex Carrey\";__ci_vars|a:1:{s:7:\"message\";s:3:\"old\";}'
WHERE `id` = 'i21faefidpi0t0bdup5v950gtrbcti88';
UPDATE `user_registration` SET `f_name` = 'Alex', `l_name` = 'Carrey', `phone` = '1235467892', `address` = NULL, `country` = 'Austria', `state` = NULL, `city` = 'ssssss', `picture_url` = 'http://localhost/binesh4/epic_demo/assets/images/uploads/3.jpg'
WHERE `user_id` = 'admin';
UPDATE `user_registration` SET `f_name` = 'Alex', `l_name` = 'Carrey', `phone` = '1235467892', `address` = NULL, `country` = NULL, `state` = NULL, `city` = 'gdfggg'
WHERE `user_id` = 'admin';
UPDATE `user_registration` SET `f_name` = 'Alex', `l_name` = 'Carrey', `phone` = '1235467892', `address` = NULL, `country` = 'Australia', `state` = 'Australian Capital Territory', `city` = 'fghgggh'
WHERE `user_id` = 'admin';
UPDATE `user_registration` SET `f_name` = 'Alex', `l_name` = 'Carrey', `phone` = '1235467892', `address` = NULL, `country` = 'Australia', `state` = NULL, `city` = 'fghgggh'
WHERE `user_id` = 'admin';
UPDATE `ci_sessions` SET `timestamp` = 1723011416, `data` = '__ci_last_regenerate|i:1723011416;id|s:4:\"2019\";user_id|s:5:\"admin\";username|s:5:\"admin\";sponsor_id|s:1:\"0\";fullname|s:11:\"Alex Carrey\";email|s:15:\"admin@admin.com\";phone|s:10:\"1235467892\";isLogIn|b:1;'
WHERE `id` = 'mf2ghrc01j6m3i2p1ptst9mr6itfvuib';
UPDATE `ci_sessions` SET `timestamp` = 1723013592, `data` = '__ci_last_regenerate|i:1723013592;id|s:4:\"2019\";user_id|s:5:\"admin\";username|s:5:\"admin\";sponsor_id|s:1:\"0\";fullname|s:11:\"Alex Carrey\";email|s:15:\"admin@admin.com\";phone|s:10:\"1235467892\";isLogIn|b:1;'
WHERE `id` = '8fu0rjblp7saoqg4q49uavimhfs8k9oo';
UPDATE `user_registration` SET `f_name` = 'Alex', `l_name` = 'Carrey', `phone` = '1235467892', `address` = NULL, `country` = NULL, `state` = NULL, `city` = 'dgfdgg'
WHERE `user_id` = 'admin';
UPDATE `ci_sessions` SET `timestamp` = 1723013937, `data` = '__ci_last_regenerate|i:1723013937;id|s:4:\"2019\";user_id|s:5:\"admin\";username|s:5:\"admin\";sponsor_id|s:1:\"0\";fullname|s:11:\"Alex Carrey\";email|s:15:\"admin@admin.com\";phone|s:10:\"1235467892\";isLogIn|b:1;message|s:20:\"Update Successfully!\";__ci_vars|a:1:{s:7:\"message\";s:3:\"old\";}'
WHERE `id` = 'cokebb9t13di0f2vcnhk7ubo9rd8v575';
UPDATE `user_registration` SET `f_name` = 'Alex jiii', `l_name` = 'Carrey', `phone` = '1235467892', `address` = NULL, `country` = NULL, `state` = NULL, `city` = 'dgdfgfgf'
WHERE `user_id` = 'admin';
UPDATE `user_registration` SET `f_name` = 'Alex jiii', `l_name` = 'Carrey', `phone` = '1235467892', `address` = NULL, `country` = NULL, `state` = NULL, `city` = 'hloooo'
WHERE `user_id` = 'admin';
UPDATE `user_registration` SET `f_name` = 'Alex jiii', `l_name` = 'Carrey', `phone` = '1235467892', `address` = NULL, `country` = NULL, `state` = NULL, `city` = 'hloppppp'
WHERE `user_id` = 'admin';
UPDATE `ci_sessions` SET `timestamp` = 1723014276, `data` = '__ci_last_regenerate|i:1723014276;id|s:4:\"2019\";user_id|s:5:\"admin\";username|s:5:\"admin\";sponsor_id|s:1:\"0\";fullname|s:11:\"Alex Carrey\";email|s:15:\"admin@admin.com\";phone|s:10:\"1235467892\";isLogIn|b:1;'
WHERE `id` = 'c3bmfpjrhn28f5psr2t9p1o0189fjipp';
UPDATE `user_registration` SET `f_name` = 'Alex jiii', `l_name` = 'Carrey', `phone` = '1235467892', `address` = NULL, `country` = NULL, `state` = NULL, `city` = 'sdffsffsfdsf'
WHERE `user_id` = 'admin';
UPDATE `user_registration` SET `f_name` = 'Alex jiii', `l_name` = 'Carrey', `phone` = '1235467892', `address` = NULL, `country` = NULL, `state` = NULL, `city` = 'sdffsffsfdsf'
WHERE `user_id` = 'admin';
UPDATE `user_registration` SET `f_name` = 'Alex jiii', `l_name` = 'Carrey', `phone` = '1235467892', `address` = NULL, `country` = NULL, `state` = NULL, `city` = 'sdffsffsfdsf'
WHERE `user_id` = 'admin';
UPDATE `user_registration` SET `f_name` = 'Alex jiii', `l_name` = 'Carrey', `phone` = '1235467892', `address` = NULL, `country` = 'Antarctica', `state` = NULL, `city` = 'sdffsffsfdsf'
WHERE `user_id` = 'admin';
UPDATE `user_registration` SET `f_name` = 'Alex jiii', `l_name` = 'Carrey', `phone` = '1235467892', `address` = NULL, `country` = NULL, `state` = NULL, `city` = 'city67'
WHERE `user_id` = 'admin';
UPDATE `user_registration` SET `f_name` = 'Alex jiii', `l_name` = 'Carrey', `phone` = '1235467892', `address` = NULL, `country` = NULL, `state` = NULL, `city` = 'city6769'
WHERE `user_id` = 'admin';
UPDATE `user_registration` SET `f_name` = 'Alex jiii', `l_name` = 'Carrey', `phone` = '1235467892', `address` = NULL, `country` = 'Armenia', `state` = 'Aragatsotn', `city` = 'city6769'
WHERE `user_id` = 'admin';
UPDATE `user_registration` SET `uid` = '2059', `user_id` = 'MIBYUT', `username` = 'hlouser', `sponsor_id` = 'admin', `vacant` = 'no', `f_name` = 'hlo', `l_name` = 'user', `address` = 'fhfghhfh', `position` = 'right', `email` = 'admindgdfgfd@admin.com', `password` = '698d51a19d8a121ce581499d7b701668', `phone` = '757575757575', `reg_ip` = '127.0.0.1', `status` = 1, `package_id` = '6', `created` = '2024-08-07 09:08:45', `google_secret` = 'QSLNOM7GRWNG4FE5'
WHERE `uid` = '2059';
INSERT INTO `user_registration` (`uid`, `user_id`, `username`, `sponsor_id`, `placement_id`, `vacant`, `f_name`, `l_name`, `address`, `position`, `email`, `password`, `phone`, `reg_ip`, `status`, `created`) VALUES (NULL, 'KJFGRB', 'pUTNBUuB', 'MIBYUT', 'MIBYUT', 'yes', '', '', '', 'left', '@mail.com', '', '', '', 0, '2024-08-07 09:08:46');
INSERT INTO `user_registration` (`uid`, `user_id`, `username`, `sponsor_id`, `placement_id`, `vacant`, `f_name`, `l_name`, `address`, `position`, `email`, `password`, `phone`, `reg_ip`, `status`, `created`) VALUES (NULL, 'UYURGX', 'EqHgfsOH', 'MIBYUT', 'MIBYUT', 'yes', '', '', '', 'right', '@mail.com', '', '', '', 0, '2024-08-07 09:08:46');
INSERT INTO `bv_updation` (`user_id`) VALUES ('MIBYUT');
UPDATE `user_registration` SET total_ref_count = total_ref_count+1
WHERE `user_id` = 'admin';
UPDATE `user_registration` SET `qr_url` = 'http://localhost/binesh4/epic_demo//upload/qr_code/hlouser.png'
WHERE `user_id` = 'MIBYUT';
UPDATE `user_registration` SET total_ref_count = total_ref_count+1
WHERE `user_id` = 'admin';
UPDATE `user_registration` SET total_downlines = total_downlines+1
WHERE `user_id` = 'HHAL4H';
UPDATE `user_registration` SET right_downlines = right_downlines+1
WHERE `user_id` = 'HHAL4H';
UPDATE `user_registration` SET total_downlines = total_downlines+1
WHERE `user_id` = 'NJMPL1';
UPDATE `user_registration` SET right_downlines = right_downlines+1
WHERE `user_id` = 'NJMPL1';
UPDATE `user_registration` SET total_downlines = total_downlines+1
WHERE `user_id` = '7G6YGO';
UPDATE `user_registration` SET right_downlines = right_downlines+1
WHERE `user_id` = '7G6YGO';
UPDATE `user_registration` SET total_downlines = total_downlines+1
WHERE `user_id` = 'IUODG7';
UPDATE `user_registration` SET right_downlines = right_downlines+1
WHERE `user_id` = 'IUODG7';
UPDATE `user_registration` SET total_downlines = total_downlines+1
WHERE `user_id` = 'BFPTCQ';
UPDATE `user_registration` SET right_downlines = right_downlines+1
WHERE `user_id` = 'BFPTCQ';
UPDATE `user_registration` SET total_downlines = total_downlines+1
WHERE `user_id` = '12BFXI';
UPDATE `user_registration` SET right_downlines = right_downlines+1
WHERE `user_id` = '12BFXI';
UPDATE `user_registration` SET total_downlines = total_downlines+1
WHERE `user_id` = '3XIOED';
UPDATE `user_registration` SET right_downlines = right_downlines+1
WHERE `user_id` = '3XIOED';
UPDATE `user_registration` SET total_downlines = total_downlines+1
WHERE `user_id` = 'TD8MI9';
UPDATE `user_registration` SET right_downlines = right_downlines+1
WHERE `user_id` = 'TD8MI9';
UPDATE `user_registration` SET total_downlines = total_downlines+1
WHERE `user_id` = 'WA5EC4';
UPDATE `user_registration` SET right_downlines = right_downlines+1
WHERE `user_id` = 'WA5EC4';
UPDATE `user_registration` SET total_downlines = total_downlines+1
WHERE `user_id` = 'admin';
UPDATE `user_registration` SET right_downlines = right_downlines+1
WHERE `user_id` = 'admin';
UPDATE `user_registration` SET right_ref_count = right_ref_count+1
WHERE `user_id` = 'admin';
UPDATE `user_registration` SET active_right = active_right+1
WHERE `user_id` = 'admin';
UPDATE `user_registration` SET `binary_qualified` = 'yes'
WHERE `user_id` = 'admin';
UPDATE `user_registration` SET `popup_seen` = 'no'
WHERE `user_id` = 'admin';
DELETE FROM `ci_sessions`
WHERE `id` = 'ako4mm52aioar9cnvdu8f21h4c481skg';
INSERT INTO `login_history` (`user_id`, `device`, `ip_address`, `date`) VALUES ('MIBYUT', 'Mozilla/5.0 (Windows NT 6.1; Win64; x64; rv:109.0) Gecko/20100101 Firefox/115.0', '127.0.0.1', '24-08-07 09:08');
UPDATE `user_registration` SET `popup_seen` = 'yes'
WHERE `user_id` = 'MIBYUT';
UPDATE `user_registration` SET `f_name` = 'hlo', `l_name` = 'user', `phone` = '757575757575', `address` = NULL, `country` = NULL, `state` = NULL, `city` = 'kololamba'
WHERE `user_id` = 'MIBYUT';
UPDATE `user_registration` SET `f_name` = 'hlo', `l_name` = 'user', `phone` = '757575757575', `address` = NULL, `country` = NULL, `state` = NULL, `city` = 'kololamba'
WHERE `user_id` = 'MIBYUT';
UPDATE `user_registration` SET `f_name` = 'hlo', `l_name` = 'user', `phone` = '757575757575', `address` = NULL, `country` = NULL, `state` = NULL, `city` = 'kololamba'
WHERE `user_id` = 'MIBYUT';
UPDATE `user_registration` SET `f_name` = 'hlo', `l_name` = 'user', `phone` = '757575757575', `address` = NULL, `country` = 'Australia', `state` = 'Australian Capital Territory', `city` = 'kololamba'
WHERE `user_id` = 'MIBYUT';
UPDATE `user_registration` SET `f_name` = 'hlo', `l_name` = 'user', `phone` = '757575757575', `address` = NULL, `country` = 'Australia', `state` = NULL, `city` = 'kololamba'
WHERE `user_id` = 'MIBYUT';
UPDATE `user_registration` SET `f_name` = 'hlo', `l_name` = 'user', `phone` = '757575757575', `address` = NULL, `country` = NULL, `state` = NULL, `city` = 'kololamba'
WHERE `user_id` = 'MIBYUT';
UPDATE `user_registration` SET `f_name` = 'hlo 123', `l_name` = 'user', `phone` = '757575757575', `address` = NULL, `country` = NULL, `state` = NULL, `city` = 'kololamba'
WHERE `user_id` = 'MIBYUT';
UPDATE `user_registration` SET `f_name` = 'hlo 123', `l_name` = 'user', `phone` = '757575757575', `address` = NULL, `country` = NULL, `state` = NULL, `city` = 'kololamba', `picture_url` = 'http://localhost/binesh4/epic_demo/assets/images/uploads/6.jpg'
WHERE `user_id` = 'MIBYUT';
UPDATE `user_registration` SET `f_name` = 'hlo 123', `l_name` = 'user', `phone` = '757575757575', `address` = NULL, `country` = NULL, `state` = NULL, `city` = 'kololamba'
WHERE `user_id` = 'MIBYUT';
UPDATE `user_registration` SET `f_name` = 'hlo 123', `l_name` = 'user', `phone` = '757575757575', `address` = NULL, `country` = NULL, `state` = NULL, `city` = 'kololamba'
WHERE `user_id` = 'MIBYUT';
UPDATE `user_registration` SET `f_name` = 'hlo 123', `l_name` = 'user', `phone` = '757575757575', `address` = NULL, `country` = 'Argentina', `state` = 'Antartida e Islas del Atlantico', `city` = 'kololamba'
WHERE `user_id` = 'MIBYUT';
UPDATE `user_registration` SET `f_name` = 'hlo 123', `l_name` = 'user', `phone` = '757575757575', `address` = NULL, `country` = 'Argentina', `state` = NULL, `city` = 'kololamba'
WHERE `user_id` = 'MIBYUT';
UPDATE `user_registration` SET `f_name` = 'hlo 123', `l_name` = 'user', `phone` = '757575757575', `address` = NULL, `country` = NULL, `state` = NULL, `city` = 'kololamba'
WHERE `user_id` = 'MIBYUT';
UPDATE `user_registration` SET `f_name` = 'hlo 123', `l_name` = 'user', `phone` = '757575757575', `address` = NULL, `country` = 'Australia', `state` = 'Australian Capital Territory', `city` = 'kololamba'
WHERE `user_id` = 'MIBYUT';
UPDATE `ci_sessions` SET `timestamp` = 1723014851, `data` = '__ci_last_regenerate|i:1723014851;id|s:4:\"2059\";user_id|s:6:\"MIBYUT\";username|s:7:\"hlouser\";sponsor_id|s:5:\"admin\";fullname|s:8:\"hlo user\";email|s:22:\"admindgdfgfd@admin.com\";phone|s:12:\"757575757575\";isLogIn|b:1;main_menu|s:7:\"profile\";'
WHERE `id` = '021u9gs2kppmept7e07q6pv6ih1l5lm6';
UPDATE `user_registration` SET `f_name` = 'hlo 123', `l_name` = 'user', `phone` = '757575757575', `address` = NULL, `country` = 'Australia', `state` = NULL, `city` = 'kololamba'
WHERE `user_id` = 'MIBYUT';
UPDATE `ci_sessions` SET `timestamp` = 1723015247, `data` = '__ci_last_regenerate|i:1723015247;id|s:4:\"2059\";user_id|s:6:\"MIBYUT\";username|s:7:\"hlouser\";sponsor_id|s:5:\"admin\";fullname|s:8:\"hlo user\";email|s:22:\"admindgdfgfd@admin.com\";phone|s:12:\"757575757575\";isLogIn|b:1;'
WHERE `id` = 'jdma0f9honngm4coq1tgf9gu3vfn8jrr';
UPDATE `user_registration` SET `f_name` = 'hlo 123', `l_name` = 'user', `phone` = '757575757575', `address` = NULL, `country` = 'Austria', `state` = 'Burgenland', `city` = 'hloooo'
WHERE `user_id` = 'MIBYUT';
INSERT INTO `notifications` (`user_id`, `notification_type`, `subject`, `details`, `date`, `status`) VALUES ('MIBYUT', 'profile_update', 'Profile Update Notification', 'Your profile has been updated successfully.', '2024-08-07 09:21:39', 0);
UPDATE `user_registration` SET `f_name` = 'hlo 123', `l_name` = 'user', `phone` = '757575757575', `address` = NULL, `country` = 'Austria', `state` = NULL, `city` = 'hloooo'
WHERE `user_id` = 'MIBYUT';
INSERT INTO `notifications` (`user_id`, `notification_type`, `subject`, `details`, `date`, `status`) VALUES ('MIBYUT', 'profile_update', 'Profile Update Notification', 'Your profile has been updated successfully.', '2024-08-07 09:21:41', 0);
UPDATE `ci_sessions` SET `timestamp` = 1723015929, `data` = '__ci_last_regenerate|i:1723015929;id|s:4:\"2059\";user_id|s:6:\"MIBYUT\";username|s:7:\"hlouser\";sponsor_id|s:5:\"admin\";fullname|s:8:\"hlo user\";email|s:22:\"admindgdfgfd@admin.com\";phone|s:12:\"757575757575\";isLogIn|b:1;'
WHERE `id` = 'qj7jcj5ttr5pi3dphig7deah70qtjp0j';
UPDATE `user_registration` SET `f_name` = 'hlo 123', `l_name` = 'user', `phone` = '757575757575', `address` = NULL, `country` = 'Azerbaijan', `state` = 'Ali Bayramli', `city` = 'fhfhfg'
WHERE `user_id` = 'MIBYUT';
INSERT INTO `notifications` (`user_id`, `notification_type`, `subject`, `details`, `date`, `status`) VALUES ('MIBYUT', 'profile_update', 'Profile Update Notification', 'Your profile has been updated successfully.', '2024-08-07 09:32:18', 0);
UPDATE `user_registration` SET `f_name` = 'hlo 123', `l_name` = 'user', `phone` = '757575757575', `address` = NULL, `country` = 'Azerbaijan', `state` = 'Ali Bayramli', `city` = 'fhfhfg'
WHERE `user_id` = 'MIBYUT';
INSERT INTO `notifications` (`user_id`, `notification_type`, `subject`, `details`, `date`, `status`) VALUES ('MIBYUT', 'profile_update', 'Profile Update Notification', 'Your profile has been updated successfully.', '2024-08-07 09:32:21', 0);
UPDATE `user_registration` SET `f_name` = 'hlo 123', `l_name` = 'user', `phone` = '757575757575', `address` = NULL, `country` = 'Azerbaijan', `state` = NULL, `city` = 'fhfhfg'
WHERE `user_id` = 'MIBYUT';
INSERT INTO `notifications` (`user_id`, `notification_type`, `subject`, `details`, `date`, `status`) VALUES ('MIBYUT', 'profile_update', 'Profile Update Notification', 'Your profile has been updated successfully.', '2024-08-07 09:32:41', 0);
UPDATE `ci_sessions` SET `timestamp` = 1723016242, `data` = '__ci_last_regenerate|i:1723016242;id|s:4:\"2059\";user_id|s:6:\"MIBYUT\";username|s:7:\"hlouser\";sponsor_id|s:5:\"admin\";fullname|s:8:\"hlo user\";email|s:22:\"admindgdfgfd@admin.com\";phone|s:12:\"757575757575\";isLogIn|b:1;'
WHERE `id` = '65oasde3iq06n4eqab20la3et8foh5bn';
UPDATE `user_registration` SET `f_name` = 'hlo 123', `l_name` = 'user', `phone` = '757575757575', `address` = NULL, `country` = 'Armenia', `state` = 'Aragatsotn', `city` = 'sgfdfs'
WHERE `user_id` = 'MIBYUT';
INSERT INTO `notifications` (`user_id`, `notification_type`, `subject`, `details`, `date`, `status`) VALUES ('MIBYUT', 'profile_update', 'Profile Update Notification', 'Your profile has been updated successfully.', '2024-08-07 09:37:42', 0);
UPDATE `user_registration` SET `f_name` = 'hlo 123', `l_name` = 'user', `phone` = '757575757575', `address` = NULL, `country` = 'Armenia', `state` = 'Aragatsotn', `city` = 'sgfdfs'
WHERE `user_id` = 'MIBYUT';
INSERT INTO `notifications` (`user_id`, `notification_type`, `subject`, `details`, `date`, `status`) VALUES ('MIBYUT', 'profile_update', 'Profile Update Notification', 'Your profile has been updated successfully.', '2024-08-07 09:37:45', 0);
UPDATE `user_registration` SET `f_name` = 'hlo 123', `l_name` = 'user', `phone` = '757575757575', `address` = NULL, `country` = 'Armenia', `state` = 'Aragatsotn', `city` = 'sgfdfs'
WHERE `user_id` = 'MIBYUT';
INSERT INTO `notifications` (`user_id`, `notification_type`, `subject`, `details`, `date`, `status`) VALUES ('MIBYUT', 'profile_update', 'Profile Update Notification', 'Your profile has been updated successfully.', '2024-08-07 09:38:10', 0);
UPDATE `user_registration` SET `f_name` = 'hlo 123', `l_name` = 'user', `phone` = '757575757575', `address` = NULL, `country` = 'Armenia', `state` = 'Aragatsotn', `city` = 'sgfdfs'
WHERE `user_id` = 'MIBYUT';
INSERT INTO `notifications` (`user_id`, `notification_type`, `subject`, `details`, `date`, `status`) VALUES ('MIBYUT', 'profile_update', 'Profile Update Notification', 'Your profile has been updated successfully.', '2024-08-07 09:38:16', 0);
UPDATE `user_registration` SET `f_name` = 'hlo 123', `l_name` = 'user', `phone` = '757575757575', `address` = NULL, `country` = 'Armenia', `state` = 'Aragatsotn', `city` = 'sgfdfs'
WHERE `user_id` = 'MIBYUT';
INSERT INTO `notifications` (`user_id`, `notification_type`, `subject`, `details`, `date`, `status`) VALUES ('MIBYUT', 'profile_update', 'Profile Update Notification', 'Your profile has been updated successfully.', '2024-08-07 09:38:33', 0);
UPDATE `user_registration` SET `f_name` = 'hlo 123', `l_name` = 'user', `phone` = '757575757575', `address` = NULL, `country` = 'Armenia', `state` = 'Aragatsotn', `city` = 'sgfdfs', `picture_url` = 'http://localhost/binesh4/epic_demo/assets/images/uploads/Hydrangeas.jpg'
WHERE `user_id` = 'MIBYUT';
INSERT INTO `notifications` (`user_id`, `notification_type`, `subject`, `details`, `date`, `status`) VALUES ('MIBYUT', 'profile_update', 'Profile Update Notification', 'Your profile has been updated successfully.', '2024-08-07 09:39:07', 0);
UPDATE `user_registration` SET `f_name` = 'hlo 123', `l_name` = 'user', `phone` = '757575757575', `address` = NULL, `country` = 'Armenia', `state` = 'Aragatsotn', `city` = 'sgfdfs'
WHERE `user_id` = 'MIBYUT';
INSERT INTO `notifications` (`user_id`, `notification_type`, `subject`, `details`, `date`, `status`) VALUES ('MIBYUT', 'profile_update', 'Profile Update Notification', 'Your profile has been updated successfully.', '2024-08-07 09:39:26', 0);
UPDATE `user_registration` SET `f_name` = 'hlo 123', `l_name` = 'user', `phone` = '757575757575', `address` = NULL, `country` = 'Armenia', `state` = 'Aragatsotn', `city` = 'sgfdfs'
WHERE `user_id` = 'MIBYUT';
INSERT INTO `notifications` (`user_id`, `notification_type`, `subject`, `details`, `date`, `status`) VALUES ('MIBYUT', 'profile_update', 'Profile Update Notification', 'Your profile has been updated successfully.', '2024-08-07 09:39:29', 0);
UPDATE `user_registration` SET `f_name` = 'hlo 123', `l_name` = 'user', `phone` = '757575757575', `address` = NULL, `country` = 'Armenia', `state` = 'Aragatsotn', `city` = 'sgfdfs'
WHERE `user_id` = 'MIBYUT';
INSERT INTO `notifications` (`user_id`, `notification_type`, `subject`, `details`, `date`, `status`) VALUES ('MIBYUT', 'profile_update', 'Profile Update Notification', 'Your profile has been updated successfully.', '2024-08-07 09:39:30', 0);
UPDATE `user_registration` SET `f_name` = 'hlo 123', `l_name` = 'user', `phone` = '757575757575', `address` = NULL, `country` = 'Armenia', `state` = 'Aragatsotn', `city` = 'sgfdfs', `picture_url` = 'http://localhost/binesh4/epic_demo/assets/images/uploads/Desert.jpg'
WHERE `user_id` = 'MIBYUT';
INSERT INTO `notifications` (`user_id`, `notification_type`, `subject`, `details`, `date`, `status`) VALUES ('MIBYUT', 'profile_update', 'Profile Update Notification', 'Your profile has been updated successfully.', '2024-08-07 09:39:36', 0);
UPDATE `user_registration` SET `f_name` = 'hlo 123', `l_name` = 'user', `phone` = '757575757575', `address` = NULL, `country` = 'Armenia', `state` = 'Aragatsotn', `city` = 'sgfdfshyyyyyyyyyyyy'
WHERE `user_id` = 'MIBYUT';
INSERT INTO `notifications` (`user_id`, `notification_type`, `subject`, `details`, `date`, `status`) VALUES ('MIBYUT', 'profile_update', 'Profile Update Notification', 'Your profile has been updated successfully.', '2024-08-07 09:39:58', 0);
UPDATE `user_registration` SET `f_name` = 'hlo 123', `l_name` = 'user', `phone` = '757575757575', `address` = NULL, `country` = 'Angola', `state` = 'Bengo', `city` = 'sgfdfshyyyyyyyyyyyy'
WHERE `user_id` = 'MIBYUT';
INSERT INTO `notifications` (`user_id`, `notification_type`, `subject`, `details`, `date`, `status`) VALUES ('MIBYUT', 'profile_update', 'Profile Update Notification', 'Your profile has been updated successfully.', '2024-08-07 09:40:02', 0);
UPDATE `user_registration` SET `f_name` = 'hlo 123', `l_name` = 'user', `phone` = '757575757575', `address` = NULL, `country` = 'Angola', `state` = 'Bengo', `city` = 'sgfdfshyyyyyyyyyyyy'
WHERE `user_id` = 'MIBYUT';
INSERT INTO `notifications` (`user_id`, `notification_type`, `subject`, `details`, `date`, `status`) VALUES ('MIBYUT', 'profile_update', 'Profile Update Notification', 'Your profile has been updated successfully.', '2024-08-07 09:40:05', 0);
UPDATE `user_registration` SET `uid` = '2063', `user_id` = 'O21YJS', `username` = 'user45555', `sponsor_id` = 'MIBYUT', `vacant` = 'no', `f_name` = 'user222', `l_name` = 'last', `address` = 'fhfghf fghgfhghgfhh', `position` = 'right', `email` = 'admin@asffdmin.com', `password` = '698d51a19d8a121ce581499d7b701668', `phone` = '57557557', `reg_ip` = '127.0.0.1', `status` = 1, `package_id` = '6', `created` = '2024-08-07 09:40:45', `google_secret` = 'TVL4TLHXFGCSKDAW'
WHERE `uid` = '2063';
INSERT INTO `user_registration` (`uid`, `user_id`, `username`, `sponsor_id`, `placement_id`, `vacant`, `f_name`, `l_name`, `address`, `position`, `email`, `password`, `phone`, `reg_ip`, `status`, `created`) VALUES (NULL, 'JRVLRN', 'AZeEuiHZ', 'O21YJS', 'O21YJS', 'yes', '', '', '', 'left', '@mail.com', '', '', '', 0, '2024-08-07 09:40:46');
INSERT INTO `user_registration` (`uid`, `user_id`, `username`, `sponsor_id`, `placement_id`, `vacant`, `f_name`, `l_name`, `address`, `position`, `email`, `password`, `phone`, `reg_ip`, `status`, `created`) VALUES (NULL, 'SHYZXN', 'Kkcvxqpa', 'O21YJS', 'O21YJS', 'yes', '', '', '', 'right', '@mail.com', '', '', '', 0, '2024-08-07 09:40:46');
INSERT INTO `bv_updation` (`user_id`) VALUES ('O21YJS');
UPDATE `user_registration` SET total_ref_count = total_ref_count+1
WHERE `user_id` = 'MIBYUT';
UPDATE `user_registration` SET `qr_url` = 'http://localhost/binesh4/epic_demo//upload/qr_code/user45555.png'
WHERE `user_id` = 'O21YJS';
UPDATE `user_registration` SET total_ref_count = total_ref_count+1
WHERE `user_id` = 'MIBYUT';
UPDATE `user_registration` SET total_downlines = total_downlines+1
WHERE `user_id` = 'MIBYUT';
UPDATE `user_registration` SET right_downlines = right_downlines+1
WHERE `user_id` = 'MIBYUT';
UPDATE `user_registration` SET right_ref_count = right_ref_count+1
WHERE `user_id` = 'MIBYUT';
UPDATE `user_registration` SET active_right = active_right+1
WHERE `user_id` = 'MIBYUT';
UPDATE `user_registration` SET total_downlines = total_downlines+1
WHERE `user_id` = 'HHAL4H';
UPDATE `user_registration` SET right_downlines = right_downlines+1
WHERE `user_id` = 'HHAL4H';
UPDATE `user_registration` SET total_downlines = total_downlines+1
WHERE `user_id` = 'NJMPL1';
UPDATE `user_registration` SET right_downlines = right_downlines+1
WHERE `user_id` = 'NJMPL1';
UPDATE `user_registration` SET total_downlines = total_downlines+1
WHERE `user_id` = '7G6YGO';
UPDATE `user_registration` SET right_downlines = right_downlines+1
WHERE `user_id` = '7G6YGO';
UPDATE `user_registration` SET total_downlines = total_downlines+1
WHERE `user_id` = 'IUODG7';
UPDATE `user_registration` SET right_downlines = right_downlines+1
WHERE `user_id` = 'IUODG7';
UPDATE `user_registration` SET total_downlines = total_downlines+1
WHERE `user_id` = 'BFPTCQ';
UPDATE `user_registration` SET right_downlines = right_downlines+1
WHERE `user_id` = 'BFPTCQ';
UPDATE `user_registration` SET total_downlines = total_downlines+1
WHERE `user_id` = '12BFXI';
UPDATE `user_registration` SET right_downlines = right_downlines+1
WHERE `user_id` = '12BFXI';
UPDATE `user_registration` SET total_downlines = total_downlines+1
WHERE `user_id` = '3XIOED';
UPDATE `user_registration` SET right_downlines = right_downlines+1
WHERE `user_id` = '3XIOED';
UPDATE `user_registration` SET total_downlines = total_downlines+1
WHERE `user_id` = 'TD8MI9';
UPDATE `user_registration` SET right_downlines = right_downlines+1
WHERE `user_id` = 'TD8MI9';
UPDATE `user_registration` SET total_downlines = total_downlines+1
WHERE `user_id` = 'WA5EC4';
UPDATE `user_registration` SET right_downlines = right_downlines+1
WHERE `user_id` = 'WA5EC4';
UPDATE `user_registration` SET total_downlines = total_downlines+1
WHERE `user_id` = 'admin';
UPDATE `user_registration` SET right_downlines = right_downlines+1
WHERE `user_id` = 'admin';
UPDATE `user_registration` SET `popup_seen` = 'no'
WHERE `user_id` = 'MIBYUT';
DELETE FROM `ci_sessions`
WHERE `id` = 'csnj832gqqoqnmc53ut2onrhkm1tkgjj';
INSERT INTO `login_history` (`user_id`, `device`, `ip_address`, `date`) VALUES ('O21YJS', 'Mozilla/5.0 (Windows NT 6.1; Win64; x64; rv:109.0) Gecko/20100101 Firefox/115.0', '127.0.0.1', '24-08-07 09:40');
UPDATE `user_registration` SET `popup_seen` = 'yes'
WHERE `user_id` = 'O21YJS';
UPDATE `user_registration` SET `f_name` = 'user222', `l_name` = 'last', `phone` = '57557557', `address` = NULL, `country` = 'Argentina', `state` = 'Antartida e Islas del Atlantico', `city` = 'hloppppppp'
WHERE `user_id` = 'O21YJS';
INSERT INTO `notifications` (`user_id`, `notification_type`, `subject`, `details`, `date`, `status`) VALUES ('O21YJS', 'profile_update', 'Profile Update Notification', 'Your profile has been updated successfully.', '2024-08-07 09:41:26', 0);
UPDATE `user_registration` SET `f_name` = 'user222', `l_name` = 'last', `phone` = '57557557', `address` = NULL, `country` = 'Argentina', `state` = 'Antartida e Islas del Atlantico', `city` = 'hloppppppp'
WHERE `user_id` = 'O21YJS';
INSERT INTO `notifications` (`user_id`, `notification_type`, `subject`, `details`, `date`, `status`) VALUES ('O21YJS', 'profile_update', 'Profile Update Notification', 'Your profile has been updated successfully.', '2024-08-07 09:41:29', 0);
UPDATE `user_registration` SET `f_name` = 'user222', `l_name` = 'last', `phone` = '57557557', `address` = NULL, `country` = 'Argentina', `state` = 'Antartida e Islas del Atlantico', `city` = 'hloppppppp'
WHERE `user_id` = 'O21YJS';
INSERT INTO `notifications` (`user_id`, `notification_type`, `subject`, `details`, `date`, `status`) VALUES ('O21YJS', 'profile_update', 'Profile Update Notification', 'Your profile has been updated successfully.', '2024-08-07 09:41:31', 0);
UPDATE `user_registration` SET `f_name` = 'user222', `l_name` = 'last', `phone` = '57557557', `address` = NULL, `country` = 'Argentina', `state` = 'Antartida e Islas del Atlantico', `city` = 'hloppppppp'
WHERE `user_id` = 'O21YJS';
INSERT INTO `notifications` (`user_id`, `notification_type`, `subject`, `details`, `date`, `status`) VALUES ('O21YJS', 'profile_update', 'Profile Update Notification', 'Your profile has been updated successfully.', '2024-08-07 09:41:33', 0);
UPDATE `user_registration` SET `f_name` = 'user222222222222', `l_name` = 'lasttttttttt', `phone` = '57557557', `address` = NULL, `country` = 'Austria', `state` = 'Burgenland', `city` = 'hloppppppp'
WHERE `user_id` = 'O21YJS';
INSERT INTO `notifications` (`user_id`, `notification_type`, `subject`, `details`, `date`, `status`) VALUES ('O21YJS', 'profile_update', 'Profile Update Notification', 'Your profile has been updated successfully.', '2024-08-07 09:41:59', 0);
UPDATE `user_registration` SET `f_name` = 'user222222222222', `l_name` = 'lasttttttttt', `phone` = '57557557', `address` = NULL, `country` = 'Austria', `state` = 'Burgenland', `city` = 'cityline'
WHERE `user_id` = 'O21YJS';
INSERT INTO `notifications` (`user_id`, `notification_type`, `subject`, `details`, `date`, `status`) VALUES ('O21YJS', 'profile_update', 'Profile Update Notification', 'Your profile has been updated successfully.', '2024-08-07 09:42:07', 0);
UPDATE `user_registration` SET `f_name` = 'user222222222222', `l_name` = 'lasttttttttt', `phone` = '57557557', `address` = NULL, `country` = 'Argentina', `state` = 'Antartida e Islas del Atlantico', `city` = 'cityline'
WHERE `user_id` = 'O21YJS';
INSERT INTO `notifications` (`user_id`, `notification_type`, `subject`, `details`, `date`, `status`) VALUES ('O21YJS', 'profile_update', 'Profile Update Notification', 'Your profile has been updated successfully.', '2024-08-07 09:42:17', 0);
UPDATE `user_registration` SET `f_name` = 'user222222222222', `l_name` = 'lasttttttttt', `phone` = '57557557', `address` = NULL, `country` = 'Argentina', `state` = 'Antartida e Islas del Atlantico', `city` = 'cityline'
WHERE `user_id` = 'O21YJS';
INSERT INTO `notifications` (`user_id`, `notification_type`, `subject`, `details`, `date`, `status`) VALUES ('O21YJS', 'profile_update', 'Profile Update Notification', 'Your profile has been updated successfully.', '2024-08-07 09:43:37', 0);
UPDATE `user_registration` SET `f_name` = 'user222222222222', `l_name` = 'lasttttttttt', `phone` = '57557557', `address` = NULL, `country` = 'Argentina', `state` = 'Antartida e Islas del Atlantico', `city` = 'cityline344'
WHERE `user_id` = 'O21YJS';
INSERT INTO `notifications` (`user_id`, `notification_type`, `subject`, `details`, `date`, `status`) VALUES ('O21YJS', 'profile_update', 'Profile Update Notification', 'Your profile has been updated successfully.', '2024-08-07 09:43:44', 0);
UPDATE `user_registration` SET `f_name` = 'user222222222222', `l_name` = 'lasttttttttt', `phone` = '57557557', `address` = NULL, `country` = 'Argentina', `state` = 'Antartida e Islas del Atlantico', `city` = 'cityline344'
WHERE `user_id` = 'O21YJS';
INSERT INTO `notifications` (`user_id`, `notification_type`, `subject`, `details`, `date`, `status`) VALUES ('O21YJS', 'profile_update', 'Profile Update Notification', 'Your profile has been updated successfully.', '2024-08-07 09:44:20', 0);
UPDATE `user_registration` SET `f_name` = 'user222222222222', `l_name` = 'lasttttttttt', `phone` = '57557557', `address` = NULL, `country` = 'Argentina', `state` = 'Antartida e Islas del Atlantico', `city` = 'cityline344'
WHERE `user_id` = 'O21YJS';
INSERT INTO `notifications` (`user_id`, `notification_type`, `subject`, `details`, `date`, `status`) VALUES ('O21YJS', 'profile_update', 'Profile Update Notification', 'Your profile has been updated successfully.', '2024-08-07 09:44:22', 0);
UPDATE `ci_sessions` SET `timestamp` = 1723016758, `data` = '__ci_last_regenerate|i:1723016758;id|s:4:\"2063\";user_id|s:6:\"O21YJS\";username|s:9:\"user45555\";sponsor_id|s:6:\"MIBYUT\";fullname|s:12:\"user222 last\";email|s:18:\"admin@asffdmin.com\";phone|s:8:\"57557557\";isLogIn|b:1;'
WHERE `id` = 'bpr5boqs6vo9egmn2ltj2d7ehjcoh1hb';
UPDATE `ci_sessions` SET `timestamp` = 1723017068, `data` = '__ci_last_regenerate|i:1723017068;id|s:4:\"2063\";user_id|s:6:\"O21YJS\";username|s:9:\"user45555\";sponsor_id|s:6:\"MIBYUT\";fullname|s:12:\"user222 last\";email|s:18:\"admin@asffdmin.com\";phone|s:8:\"57557557\";isLogIn|b:1;'
WHERE `id` = 'qi4jvbusg4i2t916khlp3m6vbggjf1h3';
UPDATE `user_registration` SET `popup_seen` = 'yes'
WHERE `user_id` = 'O21YJS';
UPDATE `ci_sessions` SET `timestamp` = 1723022536, `data` = '__ci_last_regenerate|i:1723022536;id|s:4:\"2063\";user_id|s:6:\"O21YJS\";username|s:9:\"user45555\";sponsor_id|s:6:\"MIBYUT\";fullname|s:12:\"user222 last\";email|s:18:\"admin@asffdmin.com\";phone|s:8:\"57557557\";isLogIn|b:1;'
WHERE `id` = 'sgme27bm4nlj941fs9uhfkngn8g2kocg';
UPDATE `admin` SET `last_logout` = '2024-08-07 11:22:25'
WHERE `id` IS NULL;
DELETE FROM `ci_sessions`
WHERE `id` = '1vjlk83s1uv304cmal8fng85qatcv0gd';
UPDATE `ci_sessions` SET `timestamp` = 1723022936, `data` = '__ci_last_regenerate|i:1723022936;captcha|s:4:\"67w0\";'
WHERE `id` = 'bnh22i686di1289fioh0gtocm3ckiedi';
UPDATE `admin` SET `last_login` = '2024-08-07 11:28:56', `ip_address` = '127.0.0.1'
WHERE `id` = '1';
UPDATE `ci_sessions` SET `timestamp` = 1723023417, `data` = '__ci_last_regenerate|i:1723023417;isLogIn|b:1;isAdmin|b:1;id|s:1:\"1\";fullname|s:11:\"admin admin\";user_level|s:5:\"Admin\";email|s:15:\"admin@admin.com\";image|s:53:\"upload/settings/4a1f1b602322adb837a7a3547ee69cf3.jpeg\";last_login|s:19:\"2024-08-07 08:06:39\";last_logout|s:19:\"2022-02-08 06:23:41\";ip_address|s:9:\"127.0.0.1\";'
WHERE `id` = 'v5ej6lobeuq2pu8lrikq0dltds0dleji';
UPDATE `ci_sessions` SET `timestamp` = 1723024628, `data` = '__ci_last_regenerate|i:1723024628;isLogIn|b:1;isAdmin|b:1;id|s:1:\"1\";fullname|s:11:\"admin admin\";user_level|s:5:\"Admin\";email|s:15:\"admin@admin.com\";image|s:53:\"upload/settings/4a1f1b602322adb837a7a3547ee69cf3.jpeg\";last_login|s:19:\"2024-08-07 08:06:39\";last_logout|s:19:\"2022-02-08 06:23:41\";ip_address|s:9:\"127.0.0.1\";'
WHERE `id` = 'vk5bluvpcvdqgvaob9ho45hv6n5a0e2e';
UPDATE `ci_sessions` SET `timestamp` = 1723024784, `data` = '__ci_last_regenerate|i:1723024784;id|s:4:\"2063\";user_id|s:6:\"O21YJS\";username|s:9:\"user45555\";sponsor_id|s:6:\"MIBYUT\";fullname|s:12:\"user222 last\";email|s:18:\"admin@asffdmin.com\";phone|s:8:\"57557557\";isLogIn|b:1;'
WHERE `id` = 'i7i515435ocpnf1nlpi6imsrsqp5tipk';
UPDATE `setting` SET `setting_id` = 1, `reg_fee` = '1', `month_fee` = '0'
WHERE `setting_id` = 1;
UPDATE `setting` SET `setting_id` = 1, `reg_fee` = '1', `month_fee` = '20'
WHERE `setting_id` = 1;
UPDATE `setting` SET `setting_id` = 1, `reg_fee` = '0', `month_fee` = '20'
WHERE `setting_id` = 1;
UPDATE `setting` SET `setting_id` = 1, `reg_fee` = '0', `month_fee` = '0'
WHERE `setting_id` = 1;
UPDATE `setting` SET `setting_id` = 1, `reg_fee` = '30', `month_fee` = '0'
WHERE `setting_id` = 1;
UPDATE `setting` SET `setting_id` = 1, `reg_fee` = '30', `month_fee` = '150'
WHERE `setting_id` = 1;
UPDATE `setting` SET `setting_id` = 1, `reg_fee` = '30', `month_fee` = '150'
WHERE `setting_id` = 1;
UPDATE `ci_sessions` SET `timestamp` = 1723024938, `data` = '__ci_last_regenerate|i:1723024938;isLogIn|b:1;isAdmin|b:1;id|s:1:\"1\";fullname|s:11:\"admin admin\";user_level|s:5:\"Admin\";email|s:15:\"admin@admin.com\";image|s:53:\"upload/settings/4a1f1b602322adb837a7a3547ee69cf3.jpeg\";last_login|s:19:\"2024-08-07 08:06:39\";last_logout|s:19:\"2022-02-08 06:23:41\";ip_address|s:9:\"127.0.0.1\";message|s:20:\"Update Successfully!\";__ci_vars|a:1:{s:7:\"message\";s:3:\"old\";}'
WHERE `id` = 'd309a12fcir2hj747661ui59ikipa4v9';
UPDATE `ci_sessions` SET `timestamp` = 1723025170, `data` = '__ci_last_regenerate|i:1723025170;id|s:4:\"2063\";user_id|s:6:\"O21YJS\";username|s:9:\"user45555\";sponsor_id|s:6:\"MIBYUT\";fullname|s:12:\"user222 last\";email|s:18:\"admin@asffdmin.com\";phone|s:8:\"57557557\";isLogIn|b:1;'
WHERE `id` = '8ti3fvat59bnoq6nf6tnl9d0qrju3m22';
UPDATE `user_registration` SET `uid` = '2065', `user_id` = 'ZAHOOR', `username` = 'user9000', `sponsor_id` = 'O21YJS', `vacant` = 'no', `f_name` = 'dgfggdg', `l_name` = 'dfgdfggfd', `address` = 'sfsfdffsf', `position` = 'right', `email` = 'admsdffin@admin.com', `password` = '698d51a19d8a121ce581499d7b701668', `phone` = '7775255', `reg_ip` = '127.0.0.1', `status` = 1, `package_id` = 0, `created` = '2024-08-07 12:10:56', `google_secret` = 'IVX5NALXRZ3DJOHD'
WHERE `uid` = '2065';
INSERT INTO `user_registration` (`uid`, `user_id`, `username`, `sponsor_id`, `placement_id`, `vacant`, `f_name`, `l_name`, `address`, `position`, `email`, `password`, `phone`, `reg_ip`, `status`, `created`) VALUES (NULL, 'RIRHTJ', 'QJkPHNhk', 'ZAHOOR', 'ZAHOOR', 'yes', '', '', '', 'left', '@mail.com', '', '', '', 0, '2024-08-07 12:10:56');
INSERT INTO `user_registration` (`uid`, `user_id`, `username`, `sponsor_id`, `placement_id`, `vacant`, `f_name`, `l_name`, `address`, `position`, `email`, `password`, `phone`, `reg_ip`, `status`, `created`) VALUES (NULL, 'CERLXZ', 'GgwiaFwg', 'ZAHOOR', 'ZAHOOR', 'yes', '', '', '', 'right', '@mail.com', '', '', '', 0, '2024-08-07 12:10:56');
INSERT INTO `bv_updation` (`user_id`) VALUES ('ZAHOOR');
UPDATE `user_registration` SET total_ref_count = total_ref_count+1
WHERE `user_id` = 'O21YJS';
UPDATE `user_registration` SET `qr_url` = 'http://localhost/binesh4/epic_demo//upload/qr_code/user9000.png'
WHERE `user_id` = 'ZAHOOR';
UPDATE `user_registration` SET total_ref_count = total_ref_count+1
WHERE `user_id` = 'O21YJS';
UPDATE `user_registration` SET total_downlines = total_downlines+1
WHERE `user_id` = 'O21YJS';
UPDATE `user_registration` SET right_downlines = right_downlines+1
WHERE `user_id` = 'O21YJS';
UPDATE `user_registration` SET right_ref_count = right_ref_count+1
WHERE `user_id` = 'O21YJS';
UPDATE `user_registration` SET total_downlines = total_downlines+1
WHERE `user_id` = 'MIBYUT';
UPDATE `user_registration` SET right_downlines = right_downlines+1
WHERE `user_id` = 'MIBYUT';
UPDATE `user_registration` SET total_downlines = total_downlines+1
WHERE `user_id` = 'HHAL4H';
UPDATE `user_registration` SET right_downlines = right_downlines+1
WHERE `user_id` = 'HHAL4H';
UPDATE `user_registration` SET total_downlines = total_downlines+1
WHERE `user_id` = 'NJMPL1';
UPDATE `user_registration` SET right_downlines = right_downlines+1
WHERE `user_id` = 'NJMPL1';
UPDATE `user_registration` SET total_downlines = total_downlines+1
WHERE `user_id` = '7G6YGO';
UPDATE `user_registration` SET right_downlines = right_downlines+1
WHERE `user_id` = '7G6YGO';
UPDATE `user_registration` SET total_downlines = total_downlines+1
WHERE `user_id` = 'IUODG7';
UPDATE `user_registration` SET right_downlines = right_downlines+1
WHERE `user_id` = 'IUODG7';
UPDATE `user_registration` SET total_downlines = total_downlines+1
WHERE `user_id` = 'BFPTCQ';
UPDATE `user_registration` SET right_downlines = right_downlines+1
WHERE `user_id` = 'BFPTCQ';
UPDATE `user_registration` SET total_downlines = total_downlines+1
WHERE `user_id` = '12BFXI';
UPDATE `user_registration` SET right_downlines = right_downlines+1
WHERE `user_id` = '12BFXI';
UPDATE `user_registration` SET total_downlines = total_downlines+1
WHERE `user_id` = '3XIOED';
UPDATE `user_registration` SET right_downlines = right_downlines+1
WHERE `user_id` = '3XIOED';
UPDATE `user_registration` SET total_downlines = total_downlines+1
WHERE `user_id` = 'TD8MI9';
UPDATE `user_registration` SET right_downlines = right_downlines+1
WHERE `user_id` = 'TD8MI9';
UPDATE `user_registration` SET total_downlines = total_downlines+1
WHERE `user_id` = 'WA5EC4';
UPDATE `user_registration` SET right_downlines = right_downlines+1
WHERE `user_id` = 'WA5EC4';
UPDATE `user_registration` SET total_downlines = total_downlines+1
WHERE `user_id` = 'admin';
UPDATE `user_registration` SET right_downlines = right_downlines+1
WHERE `user_id` = 'admin';
UPDATE `ci_sessions` SET `timestamp` = 1723025674, `data` = '__ci_last_regenerate|i:1723025674;id|s:4:\"2063\";user_id|s:6:\"O21YJS\";username|s:9:\"user45555\";sponsor_id|s:6:\"MIBYUT\";fullname|s:12:\"user222 last\";email|s:18:\"admin@asffdmin.com\";phone|s:8:\"57557557\";isLogIn|b:1;message|s:44:\"Your registration completed successfully...!\";__ci_vars|a:1:{s:7:\"message\";s:3:\"old\";}'
WHERE `id` = 'igdbsqc3klhj5i1d74tmf4rhd17dnp79';
UPDATE `ci_sessions` SET `timestamp` = 1723026118, `data` = '__ci_last_regenerate|i:1723026118;id|s:4:\"2063\";user_id|s:6:\"O21YJS\";username|s:9:\"user45555\";sponsor_id|s:6:\"MIBYUT\";fullname|s:12:\"user222 last\";email|s:18:\"admin@asffdmin.com\";phone|s:8:\"57557557\";isLogIn|b:1;'
WHERE `id` = 'pef9vht349n5ilrulghop9btsfvlqhsi';
UPDATE `user_registration` SET `popup_seen` = 'no'
WHERE `user_id` = 'O21YJS';
DELETE FROM `ci_sessions`
WHERE `id` = '04b2n29tmsg9emsjtqpq6uae1idgdm2l';
UPDATE `ci_sessions` SET `timestamp` = 1723026469, `data` = '__ci_last_regenerate|i:1723026469;isLogIn|b:1;isAdmin|b:1;id|s:1:\"1\";fullname|s:11:\"admin admin\";user_level|s:5:\"Admin\";email|s:15:\"admin@admin.com\";image|s:53:\"upload/settings/4a1f1b602322adb837a7a3547ee69cf3.jpeg\";last_login|s:19:\"2024-08-07 08:06:39\";last_logout|s:19:\"2022-02-08 06:23:41\";ip_address|s:9:\"127.0.0.1\";'
WHERE `id` = 'pa8cc04h5os66fshojb4fbi66e2o6aqr';
UPDATE `ci_sessions` SET `timestamp` = 1723026531, `data` = '__ci_last_regenerate|i:1723026531;captcha|s:4:\"1tfc\";'
WHERE `id` = 'sae0p0kue1sv4q30fovu05mnsu5p0kg0';
UPDATE `user_registration` SET `uid` = '2067', `user_id` = 'UFS86K', `username` = 'user4567', `sponsor_id` = 'admin', `vacant` = 'no', `f_name` = 'xbfbvcb', `l_name` = 'cbcvbbcvb', `address` = 'fhghgfhgfhgfh', `position` = 'right', `email` = 'admsdfdfin@admin.com', `password` = '698d51a19d8a121ce581499d7b701668', `phone` = '75755', `reg_ip` = '127.0.0.1', `status` = 1, `package_id` = NULL, `created` = '2024-08-07 12:29:39', `google_secret` = '57RNW2RMSNPGXZ7H'
WHERE `uid` = '2067';
INSERT INTO `user_registration` (`uid`, `user_id`, `username`, `sponsor_id`, `placement_id`, `vacant`, `f_name`, `l_name`, `address`, `position`, `email`, `password`, `phone`, `reg_ip`, `status`, `created`) VALUES (NULL, 'VELDJR', 'oUyQWHqn', 'UFS86K', 'UFS86K', 'yes', '', '', '', 'left', '@mail.com', '', '', '', 0, '2024-08-07 12:29:40');
INSERT INTO `user_registration` (`uid`, `user_id`, `username`, `sponsor_id`, `placement_id`, `vacant`, `f_name`, `l_name`, `address`, `position`, `email`, `password`, `phone`, `reg_ip`, `status`, `created`) VALUES (NULL, 'UMPMCF', 'PNSCsVaI', 'UFS86K', 'UFS86K', 'yes', '', '', '', 'right', '@mail.com', '', '', '', 0, '2024-08-07 12:29:40');
INSERT INTO `bv_updation` (`user_id`) VALUES ('UFS86K');
UPDATE `user_registration` SET total_ref_count = total_ref_count+1
WHERE `user_id` = 'admin';
UPDATE `user_registration` SET `qr_url` = 'http://localhost/binesh4/epic_demo//upload/qr_code/user4567.png'
WHERE `user_id` = 'UFS86K';
UPDATE `user_registration` SET total_ref_count = total_ref_count+1
WHERE `user_id` = 'admin';
UPDATE `user_registration` SET total_downlines = total_downlines+1
WHERE `user_id` = 'ZAHOOR';
UPDATE `user_registration` SET right_downlines = right_downlines+1
WHERE `user_id` = 'ZAHOOR';
UPDATE `user_registration` SET total_downlines = total_downlines+1
WHERE `user_id` = 'O21YJS';
UPDATE `user_registration` SET right_downlines = right_downlines+1
WHERE `user_id` = 'O21YJS';
UPDATE `user_registration` SET total_downlines = total_downlines+1
WHERE `user_id` = 'MIBYUT';
UPDATE `user_registration` SET right_downlines = right_downlines+1
WHERE `user_id` = 'MIBYUT';
UPDATE `user_registration` SET total_downlines = total_downlines+1
WHERE `user_id` = 'HHAL4H';
UPDATE `user_registration` SET right_downlines = right_downlines+1
WHERE `user_id` = 'HHAL4H';
UPDATE `user_registration` SET total_downlines = total_downlines+1
WHERE `user_id` = 'NJMPL1';
UPDATE `user_registration` SET right_downlines = right_downlines+1
WHERE `user_id` = 'NJMPL1';
UPDATE `user_registration` SET total_downlines = total_downlines+1
WHERE `user_id` = '7G6YGO';
UPDATE `user_registration` SET right_downlines = right_downlines+1
WHERE `user_id` = '7G6YGO';
UPDATE `user_registration` SET total_downlines = total_downlines+1
WHERE `user_id` = 'IUODG7';
UPDATE `user_registration` SET right_downlines = right_downlines+1
WHERE `user_id` = 'IUODG7';
UPDATE `user_registration` SET total_downlines = total_downlines+1
WHERE `user_id` = 'BFPTCQ';
UPDATE `user_registration` SET right_downlines = right_downlines+1
WHERE `user_id` = 'BFPTCQ';
UPDATE `user_registration` SET total_downlines = total_downlines+1
WHERE `user_id` = '12BFXI';
UPDATE `user_registration` SET right_downlines = right_downlines+1
WHERE `user_id` = '12BFXI';
UPDATE `user_registration` SET total_downlines = total_downlines+1
WHERE `user_id` = '3XIOED';
UPDATE `user_registration` SET right_downlines = right_downlines+1
WHERE `user_id` = '3XIOED';
UPDATE `user_registration` SET total_downlines = total_downlines+1
WHERE `user_id` = 'TD8MI9';
UPDATE `user_registration` SET right_downlines = right_downlines+1
WHERE `user_id` = 'TD8MI9';
UPDATE `user_registration` SET total_downlines = total_downlines+1
WHERE `user_id` = 'WA5EC4';
UPDATE `user_registration` SET right_downlines = right_downlines+1
WHERE `user_id` = 'WA5EC4';
UPDATE `user_registration` SET total_downlines = total_downlines+1
WHERE `user_id` = 'admin';
UPDATE `user_registration` SET right_downlines = right_downlines+1
WHERE `user_id` = 'admin';
UPDATE `user_registration` SET right_ref_count = right_ref_count+1
WHERE `user_id` = 'admin';
UPDATE `user_registration` SET `binary_qualified` = 'yes'
WHERE `user_id` = 'admin';
INSERT INTO `login_history` (`user_id`, `device`, `ip_address`, `date`) VALUES ('UFS86K', 'Mozilla/5.0 (Windows NT 6.1; Win64; x64; rv:109.0) Gecko/20100101 Firefox/115.0', '127.0.0.1', '24-08-07 12:29');
UPDATE `user_registration` SET `popup_seen` = 'yes'
WHERE `user_id` = 'UFS86K';
INSERT INTO `add_cart` (`user_id`, `product_id`, `product_name`, `product_amount`, `product_image`, `product_details`, `quantity`, `total_amount`, `date`) VALUES ('UFS86K', '1', 'Sid Mashburn Kincaid ', '200', 'upload/product_image/d24eb3a64b4331cf417cf003d4b0f9b4.jpg', '<p>navy cashmere plainweave</p>\r\n', 1, 200, '2024-08-07 12:30:01');
UPDATE `add_cart` SET `quantity` = '1', `total_amount` = 200
WHERE `id` = '30';
UPDATE `user_registration` SET `popup_seen` = 'yes'
WHERE `user_id` = 'UFS86K';
INSERT INTO `temp_register` (`post_data`, `date`, `payment_method`, `type`) VALUES ('{\"user_id\":\"UFS86K\",\"package\":\"1\",\"type\":\"register\",\"package_amount\":\"25\",\"reg_fee\":\"5\",\"amount_to_pay\":\"30\",\"payment\":\"stripe\"}', '2024-08-07 12:31:44', 'stripe', 'renew');
UPDATE `temp_register` SET `response` = '{\"stripeToken\":\"tok_1Pl79uBkvlrdiOlaN5ys0Dey\",\"stripeTokenType\":\"card\",\"stripeEmail\":\"admin@admin.com\"}', `date_modified` = '2024-08-07 12:32:04', `payment_status` = '{\"id\":\"ch_3Pl79zBkvlrdiOla3dMMXApa\",\"object\":\"charge\",\"amount\":2500,\"amount_captured\":2500,\"amount_refunded\":0,\"application\":null,\"application_fee\":null,\"application_fee_amount\":null,\"balance_transaction\":\"txn_3Pl79zBkvlrdiOla3GNtYSBX\",\"billing_details\":{\"address\":{\"city\":null,\"country\":null,\"line1\":null,\"line2\":null,\"postal_code\":null,\"state\":null},\"email\":null,\"name\":\"admin@admin.com\",\"phone\":null},\"calculated_statement_descriptor\":\"Stripe\",\"captured\":true,\"created\":1723026723,\"currency\":\"usd\",\"customer\":\"cus_QcLrwgHN97m9d0\",\"description\":null,\"destination\":null,\"dispute\":null,\"disputed\":false,\"failure_balance_transaction\":null,\"failure_code\":null,\"failure_message\":null,\"fraud_details\":[],\"invoice\":null,\"livemode\":false,\"metadata\":{\"name\":\" \"},\"on_behalf_of\":null,\"order\":null,\"outcome\":{\"network_status\":\"approved_by_network\",\"reason\":null,\"risk_level\":\"normal\",\"risk_score\":44,\"seller_message\":\"Payment complete.\",\"type\":\"authorized\"},\"paid\":true,\"payment_intent\":null,\"payment_method\":\"card_1Pl79uBkvlrdiOlaBOfrnPid\",\"payment_method_details\":{\"card\":{\"amount_authorized\":2500,\"brand\":\"visa\",\"checks\":{\"address_line1_check\":null,\"address_postal_code_check\":null,\"cvc_check\":\"pass\"},\"country\":\"US\",\"exp_month\":11,\"exp_year\":2025,\"extended_authorization\":{\"status\":\"disabled\"},\"fingerprint\":\"xkrmLKCGXZBt56gH\",\"funding\":\"credit\",\"incremental_authorization\":{\"status\":\"unavailable\"},\"installments\":null,\"last4\":\"1111\",\"mandate\":null,\"multicapture\":{\"status\":\"unavailable\"},\"network\":\"visa\",\"network_token\":{\"used\":false},\"overcapture\":{\"maximum_amount_capturable\":2500,\"status\":\"unavailable\"},\"three_d_secure\":null,\"wallet\":null},\"type\":\"card\"},\"receipt_email\":null,\"receipt_number\":null,\"receipt_url\":\"https:\\/\\/pay.stripe.com\\/receipts\\/payment\\/CAcaFwoVYWNjdF8xQ1Z6SUNCa3ZscmRpT2xhKKSazbUGMgbxkfyEsUg6LBaxXrbA29Ax7fzdhFMiC5IY-UU1kJZjH348UdrS_GQl57fTBcnj7qXxMbIB\",\"refunded\":false,\"refunds\":{\"object\":\"list\",\"data\":[],\"has_more\":false,\"total_count\":0,\"url\":\"\\/v1\\/charges\\/ch_3Pl79zBkvlrdiOla3dMMXApa\\/refunds\"},\"review\":null,\"shipping\":null,\"source\":{\"id\":\"card_1Pl79uBkvlrdiOlaBOfrnPid\",\"object\":\"card\",\"address_city\":null,\"address_country\":null,\"address_line1\":null,\"address_line1_check\":null,\"address_line2\":null,\"address_state\":null,\"address_zip\":null,\"address_zip_check\":null,\"brand\":\"Visa\",\"country\":\"US\",\"customer\":\"cus_QcLrwgHN97m9d0\",\"cvc_check\":\"pass\",\"dynamic_last4\":null,\"exp_month\":11,\"exp_year\":2025,\"fingerprint\":\"xkrmLKCGXZBt56gH\",\"funding\":\"credit\",\"last4\":\"1111\",\"metadata\":[],\"name\":\"admin@admin.com\",\"tokenization_method\":null,\"wallet\":null},\"source_transfer\":null,\"statement_descriptor\":null,\"statement_descriptor_suffix\":null,\"status\":\"succeeded\",\"transfer_data\":null,\"transfer_group\":null}'
WHERE `id` = 9;
INSERT INTO `package_purchase_history` (`user_id`, `package_id`, `amount`, `package_name`, `type`, `date`, `payment_option`) VALUES ('UFS86K', '1', '25', '$25 Package', 'register', '2024-08-07 12:32:04', 'stripe');
UPDATE `user_registration` SET `active_status` = 'yes'
WHERE `user_id` = 'UFS86K';
INSERT INTO `investment` (`invest_date`, `user_id`, `type`, `amount`, `package_id`) VALUES ('2024-08-07 12:32:04', 'UFS86K', 'register', '25', '1');
INSERT INTO `earnings` (`user_id`, `Purchaser_id`, `earning_type`, `package_id`, `amount`, `date`, `comments`, `invest_amount`, `comm_perc`, `level`) VALUES ('admin', 'UFS86K', 'Direct Referral Bonus', '1', 2.5, '2024-08-07 12:32:04', 'Direct Referral Bonus', '25', '10', 1);
UPDATE `user_registration` SET commission_balance = ROUND(commission_balance + 2.5,2)
WHERE `user_id` = 'admin';
UPDATE `user_registration` SET current_period_amount = ROUND(current_period_amount + 2.5,2)
WHERE `user_id` = 'admin';
UPDATE `bv_updation` SET right_carry = right_carry+6, total_right = total_right+6
WHERE `user_id` = 'ZAHOOR';
INSERT INTO `placement_bv_update_history` (`right_carry`, `date`, `from_id`, `user_id`) VALUES ('6', '2024-08-07 12:32:04', 'UFS86K', 'ZAHOOR');
UPDATE `bv_updation` SET right_carry = right_carry+6, total_right = total_right+6
WHERE `user_id` = 'O21YJS';
INSERT INTO `placement_bv_update_history` (`right_carry`, `date`, `from_id`, `user_id`) VALUES ('6', '2024-08-07 12:32:04', 'UFS86K', 'O21YJS');
UPDATE `bv_updation` SET right_carry = right_carry+6, total_right = total_right+6
WHERE `user_id` = 'MIBYUT';
INSERT INTO `placement_bv_update_history` (`right_carry`, `date`, `from_id`, `user_id`) VALUES ('6', '2024-08-07 12:32:05', 'UFS86K', 'MIBYUT');
UPDATE `bv_updation` SET right_carry = right_carry+6, total_right = total_right+6
WHERE `user_id` = 'HHAL4H';
INSERT INTO `placement_bv_update_history` (`right_carry`, `date`, `from_id`, `user_id`) VALUES ('6', '2024-08-07 12:32:05', 'UFS86K', 'HHAL4H');
UPDATE `bv_updation` SET right_carry = right_carry+6, total_right = total_right+6
WHERE `user_id` = 'NJMPL1';
INSERT INTO `placement_bv_update_history` (`right_carry`, `date`, `from_id`, `user_id`) VALUES ('6', '2024-08-07 12:32:05', 'UFS86K', 'NJMPL1');
UPDATE `bv_updation` SET right_carry = right_carry+6, total_right = total_right+6
WHERE `user_id` = '7G6YGO';
INSERT INTO `placement_bv_update_history` (`right_carry`, `date`, `from_id`, `user_id`) VALUES ('6', '2024-08-07 12:32:05', 'UFS86K', '7G6YGO');
UPDATE `bv_updation` SET right_carry = right_carry+6, total_right = total_right+6
WHERE `user_id` = 'IUODG7';
INSERT INTO `placement_bv_update_history` (`right_carry`, `date`, `from_id`, `user_id`) VALUES ('6', '2024-08-07 12:32:05', 'UFS86K', 'IUODG7');
UPDATE `bv_updation` SET right_carry = right_carry+6, total_right = total_right+6
WHERE `user_id` = 'BFPTCQ';
INSERT INTO `placement_bv_update_history` (`right_carry`, `date`, `from_id`, `user_id`) VALUES ('6', '2024-08-07 12:32:05', 'UFS86K', 'BFPTCQ');
UPDATE `bv_updation` SET right_carry = right_carry+6, total_right = total_right+6
WHERE `user_id` = '12BFXI';
INSERT INTO `placement_bv_update_history` (`right_carry`, `date`, `from_id`, `user_id`) VALUES ('6', '2024-08-07 12:32:05', 'UFS86K', '12BFXI');
UPDATE `bv_updation` SET right_carry = right_carry+6, total_right = total_right+6
WHERE `user_id` = '3XIOED';
INSERT INTO `placement_bv_update_history` (`right_carry`, `date`, `from_id`, `user_id`) VALUES ('6', '2024-08-07 12:32:05', 'UFS86K', '3XIOED');
UPDATE `bv_updation` SET right_carry = right_carry+6, total_right = total_right+6
WHERE `user_id` = 'TD8MI9';
INSERT INTO `placement_bv_update_history` (`right_carry`, `date`, `from_id`, `user_id`) VALUES ('6', '2024-08-07 12:32:05', 'UFS86K', 'TD8MI9');
UPDATE `bv_updation` SET right_carry = right_carry+6, total_right = total_right+6
WHERE `user_id` = 'WA5EC4';
INSERT INTO `placement_bv_update_history` (`right_carry`, `date`, `from_id`, `user_id`) VALUES ('6', '2024-08-07 12:32:05', 'UFS86K', 'WA5EC4');
UPDATE `bv_updation` SET right_carry = right_carry+6, total_right = total_right+6
WHERE `user_id` = 'admin';
INSERT INTO `placement_bv_update_history` (`right_carry`, `date`, `from_id`, `user_id`) VALUES ('6', '2024-08-07 12:32:05', 'UFS86K', 'admin');
UPDATE `bv_updation` SET sponsor_right_carry = sponsor_right_carry+, sponsor_total_right = sponsor_total_right+
WHERE `user_id` = 'admin';
INSERT INTO `sponsor_bv_update_history` (`right_carry`, `date`, `user_id`) VALUES (NULL, '2024-08-07 12:32:05', 'admin');
UPDATE `user_registration` SET `package_id` = '1'
WHERE `user_id` = 'UFS86K';
UPDATE `user_registration` SET active_right = active_right+1
WHERE `user_id` = 'admin';
UPDATE `user_registration` SET `binary_qualified` = 'yes'
WHERE `user_id` = 'admin';
UPDATE `user_registration` SET `popup_seen` = 'no'
WHERE `user_id` = 'UFS86K';
DELETE FROM `ci_sessions`
WHERE `id` = '24cpck01v9kihe23oqumr7nv34lsjaph';
UPDATE `ci_sessions` SET `timestamp` = 1723026777, `data` = '__ci_last_regenerate|i:1723026777;isLogIn|b:1;isAdmin|b:1;id|s:1:\"1\";fullname|s:11:\"admin admin\";user_level|s:5:\"Admin\";email|s:15:\"admin@admin.com\";image|s:53:\"upload/settings/4a1f1b602322adb837a7a3547ee69cf3.jpeg\";last_login|s:19:\"2024-08-07 08:06:39\";last_logout|s:19:\"2022-02-08 06:23:41\";ip_address|s:9:\"127.0.0.1\";'
WHERE `id` = 'b2krep90gm6bfsl9ddbbmsh4h0pahl69';
UPDATE `user_registration` SET `uid` = '2069', `user_id` = 'ZUVO5B', `username` = 'user1234', `sponsor_id` = 'admin', `vacant` = 'no', `f_name` = 'sfsdgfgdf', `l_name` = 'dfgdfd', `address` = 'fhfgfhfhfgfh', `position` = 'right', `email` = 'admsffdin@admin.com', `password` = '698d51a19d8a121ce581499d7b701668', `phone` = '575555', `reg_ip` = '127.0.0.1', `status` = 1, `package_id` = 0, `created` = '2024-08-07 12:36:21', `google_secret` = 'C6S6WOG6JZOYWE2N'
WHERE `uid` = '2069';
INSERT INTO `user_registration` (`uid`, `user_id`, `username`, `sponsor_id`, `placement_id`, `vacant`, `f_name`, `l_name`, `address`, `position`, `email`, `password`, `phone`, `reg_ip`, `status`, `created`) VALUES (NULL, 'ZPJRFR', 'CUuYAYXk', 'ZUVO5B', 'ZUVO5B', 'yes', '', '', '', 'left', '@mail.com', '', '', '', 0, '2024-08-07 12:36:21');
INSERT INTO `user_registration` (`uid`, `user_id`, `username`, `sponsor_id`, `placement_id`, `vacant`, `f_name`, `l_name`, `address`, `position`, `email`, `password`, `phone`, `reg_ip`, `status`, `created`) VALUES (NULL, 'WZPGWG', 'kaiWUWPb', 'ZUVO5B', 'ZUVO5B', 'yes', '', '', '', 'right', '@mail.com', '', '', '', 0, '2024-08-07 12:36:21');
INSERT INTO `bv_updation` (`user_id`) VALUES ('ZUVO5B');
UPDATE `user_registration` SET total_ref_count = total_ref_count+1
WHERE `user_id` = 'admin';
UPDATE `user_registration` SET `qr_url` = 'http://localhost/binesh4/epic_demo//upload/qr_code/user1234.png'
WHERE `user_id` = 'ZUVO5B';
UPDATE `user_registration` SET total_ref_count = total_ref_count+1
WHERE `user_id` = 'admin';
UPDATE `user_registration` SET total_downlines = total_downlines+1
WHERE `user_id` = 'UFS86K';
UPDATE `user_registration` SET right_downlines = right_downlines+1
WHERE `user_id` = 'UFS86K';
UPDATE `user_registration` SET total_downlines = total_downlines+1
WHERE `user_id` = 'ZAHOOR';
UPDATE `user_registration` SET right_downlines = right_downlines+1
WHERE `user_id` = 'ZAHOOR';
UPDATE `user_registration` SET total_downlines = total_downlines+1
WHERE `user_id` = 'O21YJS';
UPDATE `user_registration` SET right_downlines = right_downlines+1
WHERE `user_id` = 'O21YJS';
UPDATE `user_registration` SET total_downlines = total_downlines+1
WHERE `user_id` = 'MIBYUT';
UPDATE `user_registration` SET right_downlines = right_downlines+1
WHERE `user_id` = 'MIBYUT';
UPDATE `user_registration` SET total_downlines = total_downlines+1
WHERE `user_id` = 'HHAL4H';
UPDATE `user_registration` SET right_downlines = right_downlines+1
WHERE `user_id` = 'HHAL4H';
UPDATE `user_registration` SET total_downlines = total_downlines+1
WHERE `user_id` = 'NJMPL1';
UPDATE `user_registration` SET right_downlines = right_downlines+1
WHERE `user_id` = 'NJMPL1';
UPDATE `user_registration` SET total_downlines = total_downlines+1
WHERE `user_id` = '7G6YGO';
UPDATE `user_registration` SET right_downlines = right_downlines+1
WHERE `user_id` = '7G6YGO';
UPDATE `user_registration` SET total_downlines = total_downlines+1
WHERE `user_id` = 'IUODG7';
UPDATE `user_registration` SET right_downlines = right_downlines+1
WHERE `user_id` = 'IUODG7';
UPDATE `user_registration` SET total_downlines = total_downlines+1
WHERE `user_id` = 'BFPTCQ';
UPDATE `user_registration` SET right_downlines = right_downlines+1
WHERE `user_id` = 'BFPTCQ';
UPDATE `user_registration` SET total_downlines = total_downlines+1
WHERE `user_id` = '12BFXI';
UPDATE `user_registration` SET right_downlines = right_downlines+1
WHERE `user_id` = '12BFXI';
UPDATE `user_registration` SET total_downlines = total_downlines+1
WHERE `user_id` = '3XIOED';
UPDATE `user_registration` SET right_downlines = right_downlines+1
WHERE `user_id` = '3XIOED';
UPDATE `user_registration` SET total_downlines = total_downlines+1
WHERE `user_id` = 'TD8MI9';
UPDATE `user_registration` SET right_downlines = right_downlines+1
WHERE `user_id` = 'TD8MI9';
UPDATE `user_registration` SET total_downlines = total_downlines+1
WHERE `user_id` = 'WA5EC4';
UPDATE `user_registration` SET right_downlines = right_downlines+1
WHERE `user_id` = 'WA5EC4';
UPDATE `user_registration` SET total_downlines = total_downlines+1
WHERE `user_id` = 'admin';
UPDATE `user_registration` SET right_downlines = right_downlines+1
WHERE `user_id` = 'admin';
UPDATE `user_registration` SET right_ref_count = right_ref_count+1
WHERE `user_id` = 'admin';
UPDATE `user_registration` SET `binary_qualified` = 'yes'
WHERE `user_id` = 'admin';
INSERT INTO `login_history` (`user_id`, `device`, `ip_address`, `date`) VALUES ('admin', 'Mozilla/5.0 (Windows NT 6.1; Win64; x64; rv:109.0) Gecko/20100101 Firefox/115.0', '127.0.0.1', '24-08-07 12:36');
UPDATE `user_registration` SET `popup_seen` = 'yes'
WHERE `user_id` = 'admin';
UPDATE `ci_sessions` SET `timestamp` = 1723027114, `data` = '__ci_last_regenerate|i:1723027114;id|s:4:\"2019\";user_id|s:5:\"admin\";username|s:5:\"admin\";sponsor_id|s:1:\"0\";fullname|s:16:\"Alex jiii Carrey\";email|s:15:\"admin@admin.com\";phone|s:10:\"1235467892\";isLogIn|b:1;'
WHERE `id` = 'ifsgbige2fc8u92jbirfg9td46poft49';
UPDATE `user_registration` SET `popup_seen` = 'yes'
WHERE `user_id` = 'admin';
UPDATE `user_registration` SET `popup_seen` = 'yes'
WHERE `user_id` = 'admin';
UPDATE `user_registration` SET `popup_seen` = 'yes'
WHERE `user_id` = 'admin';
UPDATE `user_registration` SET `popup_seen` = 'yes'
WHERE `user_id` = 'admin';
UPDATE `user_registration` SET `popup_seen` = 'yes'
WHERE `user_id` = 'admin';
UPDATE `user_registration` SET `popup_seen` = 'yes'
WHERE `user_id` = 'admin';
UPDATE `user_registration` SET `popup_seen` = 'yes'
WHERE `user_id` = 'admin';
UPDATE `user_registration` SET `popup_seen` = 'yes'
WHERE `user_id` = 'admin';
UPDATE `user_registration` SET `popup_seen` = 'yes'
WHERE `user_id` = 'admin';
UPDATE `user_registration` SET `popup_seen` = 'yes'
WHERE `user_id` = 'admin';
UPDATE `ci_sessions` SET `timestamp` = 1723027425, `data` = '__ci_last_regenerate|i:1723027425;id|s:4:\"2019\";user_id|s:5:\"admin\";username|s:5:\"admin\";sponsor_id|s:1:\"0\";fullname|s:16:\"Alex jiii Carrey\";email|s:15:\"admin@admin.com\";phone|s:10:\"1235467892\";isLogIn|b:1;'
WHERE `id` = 'sqqf42qcd7fig668hnvsna8htpb61fj1';
UPDATE `user_registration` SET `popup_seen` = 'yes'
WHERE `user_id` = 'admin';
UPDATE `user_registration` SET `popup_seen` = 'yes'
WHERE `user_id` = 'admin';
UPDATE `user_registration` SET `popup_seen` = 'no'
WHERE `user_id` = 'admin';
DELETE FROM `ci_sessions`
WHERE `id` = '85e3jd4k4mj58s21dgq3ihvr87mj6olc';
UPDATE `ci_sessions` SET `timestamp` = 1723027591, `data` = '__ci_last_regenerate|i:1723027591;isLogIn|b:1;isAdmin|b:1;id|s:1:\"1\";fullname|s:11:\"admin admin\";user_level|s:5:\"Admin\";email|s:15:\"admin@admin.com\";image|s:53:\"upload/settings/4a1f1b602322adb837a7a3547ee69cf3.jpeg\";last_login|s:19:\"2024-08-07 08:06:39\";last_logout|s:19:\"2022-02-08 06:23:41\";ip_address|s:9:\"127.0.0.1\";message|s:31:\"User Registered Successfully..!\";__ci_vars|a:1:{s:7:\"message\";s:3:\"old\";}'
WHERE `id` = 'hp39hq4e234cq00jo09hln9m2gcft94f';
UPDATE `ci_sessions` SET `timestamp` = 1723027977, `data` = '__ci_last_regenerate|i:1723027977;isLogIn|b:1;isAdmin|b:1;id|s:1:\"1\";fullname|s:11:\"admin admin\";user_level|s:5:\"Admin\";email|s:15:\"admin@admin.com\";image|s:53:\"upload/settings/4a1f1b602322adb837a7a3547ee69cf3.jpeg\";last_login|s:19:\"2024-08-07 08:06:39\";last_logout|s:19:\"2022-02-08 06:23:41\";ip_address|s:9:\"127.0.0.1\";'
WHERE `id` = 'd3des0fugvagm1gulsfnmv2gl3r4754k';
INSERT INTO `product` (`product_id`, `product_name`, `product_amount`, `product_details`, `status`, `date`, `product_image`) VALUES ('', 'Manali', '21000', '<p>Lorem ipsum dolor sit amet, consectetur adipiscing elit, sed do eiusmod tempor incididunt ut labore et dolore magna aliqua. Ut enim ad minim veniam, quis nostrud exercitation ullamco laboris nisi ut aliquip ex ea commodo consequat. Duis aute irure dolor in reprehenderit in voluptate velit esse cillum dolore eu fugiat nulla pariatur. Excepteur sint occaecat cupidatat non proident, sunt in culpa qui officia deserunt mollit anim id est laborum.</p>\r\n', 1, '2024-08-07 12:52:57', 'upload/product_image/29f86ea390e046d3b46c5428295ce57d.jpeg');
INSERT INTO `product` (`product_id`, `product_name`, `product_amount`, `product_details`, `status`, `date`, `product_image`) VALUES ('', 'Lakhadeep', '15000', '<p>Lorem ipsum dolor sit amet, consectetur adipiscing elit, sed do eiusmod tempor incididunt ut labore et dolore magna aliqua. Ut enim ad minim veniam, quis nostrud exercitation ullamco laboris nisi ut aliquip ex ea commodo consequat. Duis aute irure dolor in reprehenderit in voluptate velit esse cillum dolore eu fugiat nulla pariatur. Excepteur sint occaecat cupidatat non proident, sunt in culpa qui officia deserunt mollit anim id est laborum.</p>\r\n', 1, '2024-08-07 12:53:25', 'upload/product_image/53b61de9a5739553252a603c63060dd4.jpg');
INSERT INTO `product` (`product_id`, `product_name`, `product_amount`, `product_details`, `status`, `date`, `product_image`) VALUES ('', 'kerala', '26000', '<p>Lorem ipsum dolor sit amet, consectetur adipiscing elit, sed do eiusmod tempor incididunt ut labore et dolore magna aliqua. Ut enim ad minim veniam, quis nostrud exercitation ullamco laboris nisi ut aliquip ex ea commodo consequat. Duis aute irure dolor in reprehenderit in voluptate velit esse cillum dolore eu fugiat nulla pariatur. Excepteur sint occaecat cupidatat non proident, sunt in culpa qui officia deserunt mollit anim id est laborum.</p>\r\n', 1, '2024-08-07 12:53:58', 'upload/product_image/3436249c1dbbd3b6c3ded3bad760b902.jpg');
UPDATE `ci_sessions` SET `timestamp` = 1723028061, `data` = '__ci_last_regenerate|i:1723028061;captcha|s:4:\"mwku\";'
WHERE `id` = 'k295bobk68pp4bvnjt9t8avl8n5nss2q';
INSERT INTO `login_history` (`user_id`, `device`, `ip_address`, `date`) VALUES ('admin', 'Mozilla/5.0 (Windows NT 6.1; Win64; x64; rv:109.0) Gecko/20100101 Firefox/115.0', '127.0.0.1', '24-08-07 12:54');
UPDATE `user_registration` SET `popup_seen` = 'yes'
WHERE `user_id` = 'admin';
UPDATE `product` SET `product_id` = '2', `product_name` = 'Bangkok', `product_amount` = '15000', `product_details` = '<p>Lorem ipsum dolor sit amet, consectetur adipiscing elit, sed do eiusmod tempor incididunt ut labore et dolore magna aliqua. Ut enim ad minim veniam, quis nostrud exercitation ullamco laboris nisi ut aliquip ex ea commodo consequat. Duis aute irure dolor in reprehenderit in voluptate velit esse cillum dolore eu fugiat nulla pariatur. Excepteur sint occaecat cupidatat non proident, sunt in culpa qui officia deserunt mollit anim id est laborum.</p>\r\n', `status` = 1, `date` = '2024-08-07 12:55:03', `product_image` = 'upload/product_image/53b61de9a5739553252a603c63060dd4.jpg'
WHERE `product_id` = '2';
UPDATE `product` SET `product_id` = '2', `product_name` = 'Viatnam', `product_amount` = '15000', `product_details` = '<p>Lorem ipsum dolor sit amet, consectetur adipiscing elit, sed do eiusmod tempor incididunt ut labore et dolore magna aliqua. Ut enim ad minim veniam, quis nostrud exercitation ullamco laboris nisi ut aliquip ex ea commodo consequat. Duis aute irure dolor in reprehenderit in voluptate velit esse cillum dolore eu fugiat nulla pariatur. Excepteur sint occaecat cupidatat non proident, sunt in culpa qui officia deserunt mollit anim id est laborum.</p>\r\n', `status` = 1, `date` = '2024-08-07 12:57:38', `product_image` = 'upload/product_image/6174ace6c90dd21f9c3dd30876389ff6.jpg'
WHERE `product_id` = '2';
UPDATE `ci_sessions` SET `timestamp` = 1723028288, `data` = '__ci_last_regenerate|i:1723028288;isLogIn|b:1;isAdmin|b:1;id|s:1:\"1\";fullname|s:11:\"admin admin\";user_level|s:5:\"Admin\";email|s:15:\"admin@admin.com\";image|s:53:\"upload/settings/4a1f1b602322adb837a7a3547ee69cf3.jpeg\";last_login|s:19:\"2024-08-07 08:06:39\";last_logout|s:19:\"2022-02-08 06:23:41\";ip_address|s:9:\"127.0.0.1\";'
WHERE `id` = 'bujbdbkjq3rgkh8opgu92nu6isvghvnq';
UPDATE `product` SET `product_id` = '3', `product_name` = 'Munnar', `product_amount` = '26000', `product_details` = '<p>Lorem ipsum dolor sit amet, consectetur adipiscing elit, sed do eiusmod tempor incididunt ut labore et dolore magna aliqua. Ut enim ad minim veniam, quis nostrud exercitation ullamco laboris nisi ut aliquip ex ea commodo consequat. Duis aute irure dolor in reprehenderit in voluptate velit esse cillum dolore eu fugiat nulla pariatur. Excepteur sint occaecat cupidatat non proident, sunt in culpa qui officia deserunt mollit anim id est laborum.</p>\r\n', `status` = 1, `date` = '2024-08-07 12:58:08', `product_image` = 'upload/product_image/c4e6d978dabd5a1719fd7986baf37606.jpg'
WHERE `product_id` = '3';
INSERT INTO `product` (`product_id`, `product_name`, `product_amount`, `product_details`, `status`, `date`, `product_image`) VALUES ('', 'Tajmahal', '40000', '<p>Lorem ipsum dolor sit amet, consectetur adipiscing elit, sed do eiusmod tempor incididunt ut labore et dolore magna aliqua. Ut enim ad minim veniam, quis nostrud exercitation ullamco laboris nisi ut aliquip ex ea commodo consequat. Duis aute irure dolor in reprehenderit in voluptate velit esse cillum dolore eu fugiat nulla pariatur. Excepteur sint occaecat cupidatat non proident, sunt in culpa qui officia deserunt mollit anim id est laborum.</p>\r\n', 1, '2024-08-07 12:58:46', 'upload/product_image/50ee9d74e3e7e13c3ab143a9a0b45861.jpg');
INSERT INTO `add_cart` (`user_id`, `product_id`, `product_name`, `product_amount`, `product_image`, `product_details`, `quantity`, `total_amount`, `date`) VALUES ('admin', '3', 'Munnar', '26000', 'upload/product_image/c4e6d978dabd5a1719fd7986baf37606.jpg', '<p>Lorem ipsum dolor sit amet, consectetur adipiscing elit, sed do eiusmod tempor incididunt ut labore et dolore magna aliqua. Ut enim ad minim veniam, quis nostrud exercitation ullamco laboris nisi ut aliquip ex ea commodo consequat. Duis aute irure dolor in reprehenderit in voluptate velit esse cillum dolore eu fugiat nulla pariatur. Excepteur sint occaecat cupidatat non proident, sunt in culpa qui officia deserunt mollit anim id est laborum.</p>\r\n', 1, 26000, '2024-08-07 12:59:00');
UPDATE `ci_sessions` SET `timestamp` = 1723028362, `data` = '__ci_last_regenerate|i:1723028362;id|s:4:\"2019\";user_id|s:5:\"admin\";username|s:5:\"admin\";sponsor_id|s:1:\"0\";fullname|s:16:\"Alex jiii Carrey\";email|s:15:\"admin@admin.com\";phone|s:10:\"1235467892\";isLogIn|b:1;message|s:34:\"Product Added to Cart Successfully\";__ci_vars|a:1:{s:7:\"message\";s:3:\"old\";}'
WHERE `id` = 'ecirrbg3sk9563jmhidrr86kl6deati5';
UPDATE `ci_sessions` SET `timestamp` = 1723028695, `data` = '__ci_last_regenerate|i:1723028695;id|s:4:\"2019\";user_id|s:5:\"admin\";username|s:5:\"admin\";sponsor_id|s:1:\"0\";fullname|s:16:\"Alex jiii Carrey\";email|s:15:\"admin@admin.com\";phone|s:10:\"1235467892\";isLogIn|b:1;'
WHERE `id` = 'oofbinq1f1b86l0ugit7c665r97pknsi';
UPDATE `user_registration` SET `f_name` = 'Alex jiii', `l_name` = 'Carrey', `phone` = '1235467892', `address` = NULL, `country` = 'Andorra', `state` = 'Andorra la Vella', `city` = 'fhfghghhh'
WHERE `user_id` = 'admin';
INSERT INTO `notifications` (`user_id`, `notification_type`, `subject`, `details`, `date`, `status`) VALUES ('admin', 'profile_update', 'Profile Update Notification', 'Your profile has been updated successfully.', '2024-08-07 13:05:23', 0);
DELETE FROM `ci_sessions`
WHERE `timestamp` < 1723021528;
UPDATE `user_registration` SET `f_name` = 'Alex jiii', `l_name` = 'Carrey', `phone` = '1235467892', `address` = NULL, `country` = 'Andorra', `state` = 'Andorra la Vella', `city` = 'fhfghghhh'
WHERE `user_id` = 'admin';
INSERT INTO `notifications` (`user_id`, `notification_type`, `subject`, `details`, `date`, `status`) VALUES ('admin', 'profile_update', 'Profile Update Notification', 'Your profile has been updated successfully.', '2024-08-07 13:05:28', 0);
UPDATE `user_registration` SET `popup_seen` = 'yes'
WHERE `user_id` = 'admin';
UPDATE `ci_sessions` SET `timestamp` = 1723029091, `data` = '__ci_last_regenerate|i:1723029091;id|s:4:\"2019\";user_id|s:5:\"admin\";username|s:5:\"admin\";sponsor_id|s:1:\"0\";fullname|s:16:\"Alex jiii Carrey\";email|s:15:\"admin@admin.com\";phone|s:10:\"1235467892\";isLogIn|b:1;'
WHERE `id` = '3nm9ci79ofhap7erng50vhb2lkqfjo5i';
UPDATE `user_registration` SET `popup_seen` = 'yes'
WHERE `user_id` = 'admin';
UPDATE `user_registration` SET `popup_seen` = 'yes'
WHERE `user_id` = 'admin';
UPDATE `user_registration` SET `popup_seen` = 'yes'
WHERE `user_id` = 'admin';
UPDATE `ci_sessions` SET `timestamp` = 1723029396, `data` = '__ci_last_regenerate|i:1723029396;id|s:4:\"2019\";user_id|s:5:\"admin\";username|s:5:\"admin\";sponsor_id|s:1:\"0\";fullname|s:16:\"Alex jiii Carrey\";email|s:15:\"admin@admin.com\";phone|s:10:\"1235467892\";isLogIn|b:1;'
WHERE `id` = 'lf98d77pe099nbf42nqhac98psllmo3c';
UPDATE `user_registration` SET `popup_seen` = 'yes'
WHERE `user_id` = 'admin';
UPDATE `user_registration` SET `popup_seen` = 'yes'
WHERE `user_id` = 'admin';
UPDATE `user_registration` SET `popup_seen` = 'yes'
WHERE `user_id` = 'admin';
UPDATE `user_registration` SET `popup_seen` = 'yes'
WHERE `user_id` = 'admin';
UPDATE `user_registration` SET `popup_seen` = 'yes'
WHERE `user_id` = 'admin';
UPDATE `user_registration` SET `popup_seen` = 'yes'
WHERE `user_id` = 'admin';
UPDATE `user_registration` SET `popup_seen` = 'yes'
WHERE `user_id` = 'admin';
UPDATE `ci_sessions` SET `timestamp` = 1723029768, `data` = '__ci_last_regenerate|i:1723029768;id|s:4:\"2019\";user_id|s:5:\"admin\";username|s:5:\"admin\";sponsor_id|s:1:\"0\";fullname|s:16:\"Alex jiii Carrey\";email|s:15:\"admin@admin.com\";phone|s:10:\"1235467892\";isLogIn|b:1;'
WHERE `id` = '5thuik2stap50pvmemb2i0r0vuk5mb8f';
UPDATE `user_registration` SET `popup_seen` = 'yes'
WHERE `user_id` = 'admin';
UPDATE `ci_sessions` SET `timestamp` = 1723029803, `data` = '__ci_last_regenerate|i:1723029803;isLogIn|b:1;isAdmin|b:1;id|s:1:\"1\";fullname|s:11:\"admin admin\";user_level|s:5:\"Admin\";email|s:15:\"admin@admin.com\";image|s:53:\"upload/settings/4a1f1b602322adb837a7a3547ee69cf3.jpeg\";last_login|s:19:\"2024-08-07 08:06:39\";last_logout|s:19:\"2022-02-08 06:23:41\";ip_address|s:9:\"127.0.0.1\";message|s:18:\"Save Successfully!\";__ci_vars|a:1:{s:7:\"message\";s:3:\"old\";}'
WHERE `id` = 'g82ojecn5nlvb4clsodo7kk53lf0omp8';
UPDATE `ci_sessions` SET `timestamp` = 1723030107, `data` = '__ci_last_regenerate|i:1723030107;isLogIn|b:1;isAdmin|b:1;id|s:1:\"1\";fullname|s:11:\"admin admin\";user_level|s:5:\"Admin\";email|s:15:\"admin@admin.com\";image|s:53:\"upload/settings/4a1f1b602322adb837a7a3547ee69cf3.jpeg\";last_login|s:19:\"2024-08-07 08:06:39\";last_logout|s:19:\"2022-02-08 06:23:41\";ip_address|s:9:\"127.0.0.1\";'
WHERE `id` = '3m2u2bct86r1avpjs4hs72gg811bdudg';
UPDATE `user_registration` SET `popup_seen` = 'yes'
WHERE `user_id` = 'admin';
INSERT INTO `login_history` (`user_id`, `device`, `ip_address`, `date`) VALUES ('admin', 'Mozilla/5.0 (Windows NT 10.0; Win64; x64) AppleWebKit/537.36 (KHTML, like Gecko) Chrome/109.0.0.0 Safari/537.36', '103.94.137.141', '24-08-07 11:40');
UPDATE `user_registration` SET `popup_seen` = 'yes'
WHERE `user_id` = 'admin';
UPDATE `user_registration` SET `popup_seen` = 'yes'
WHERE `user_id` = 'admin';
UPDATE `ci_sessions` SET `timestamp` = 1723031762, `data` = '__ci_last_regenerate|i:1723031762;id|s:4:\"2019\";user_id|s:5:\"admin\";username|s:5:\"admin\";sponsor_id|s:1:\"0\";fullname|s:16:\"Alex jiii Carrey\";email|s:15:\"admin@admin.com\";phone|s:10:\"1235467892\";isLogIn|b:1;'
WHERE `id` = 'c7208d75971453c6a05ececb9b08ca63f693ae96';
UPDATE `user_registration` SET `popup_seen` = 'yes'
WHERE `user_id` = 'admin';
INSERT INTO `login_history` (`user_id`, `device`, `ip_address`, `date`) VALUES ('admin', 'Mozilla/5.0 (Macintosh; Intel Mac OS X 10_15_7) AppleWebKit/537.36 (KHTML, like Gecko) Chrome/127.0.0.0 Safari/537.36', '150.107.212.36', '24-08-08 04:23');
UPDATE `user_registration` SET `popup_seen` = 'yes'
WHERE `user_id` = 'admin';
UPDATE `user_registration` SET `popup_seen` = 'no'
WHERE `user_id` = 'admin';
DELETE FROM `ci_sessions`
WHERE `id` = '55dc372dd6060001f8888937f6a77a0deb9c6ddd';
UPDATE `admin` SET `last_login` = '2024-08-08 04:24:07', `ip_address` = '150.107.212.36'
WHERE `id` = '1';
TRUNCATE `investment`;
TRUNCATE `deposit`;
TRUNCATE `earnings`;
TRUNCATE `notifications`;
TRUNCATE `transections`;
TRUNCATE `transfer`;
TRUNCATE `user_registration`;
TRUNCATE `verify_tbl`;
TRUNCATE `withdraw`;
TRUNCATE `matrix_filling`;
TRUNCATE `temp_register`;
TRUNCATE `epin_request`;
TRUNCATE `epin_used`;
TRUNCATE `paystack_epin_purchase`;
TRUNCATE `user_epin`;
TRUNCATE `bv_updation`;
TRUNCATE `sponsor_bv_update_history`;
TRUNCATE `placement_bv_update_history`;
TRUNCATE `rank_history`;
TRUNCATE `payment_proof`;
TRUNCATE `activate_history`;
TRUNCATE `deactive_history`;
TRUNCATE `user_status_change_history`;
TRUNCATE `bank_info`;
TRUNCATE `package_purchase_history`;
TRUNCATE `coinbase_register`;
TRUNCATE `coinbase_response`;
TRUNCATE `cron_job_history`;
TRUNCATE `message`;
TRUNCATE `web_news`;
TRUNCATE `missed_earnings`;
TRUNCATE `uploads`;
TRUNCATE `package_upgrade_history`;
TRUNCATE `package_purchase_history`;
TRUNCATE `pair_history`;
TRUNCATE `master_distributors`;
TRUNCATE `master_distributor_bonus`;
TRUNCATE `payment_metod_setting`;
TRUNCATE `ticketattachments`;
TRUNCATE `ticketpipelog`;
TRUNCATE `ticketreplies`;
TRUNCATE `tickets`;
TRUNCATE `ticketsspamcontrol`;
TRUNCATE `debit`;
TRUNCATE `login_history`;
TRUNCATE `add_cart`;
TRUNCATE `orders`;
TRUNCATE `total_orders`;
TRUNCATE `product_purchase_history`;
TRUNCATE `kyc`;
INSERT INTO `bv_updation` (`user_id`) VALUES ('admin');
INSERT INTO `user_registration` (`uid`, `user_id`, `username`, `vacant`, `sponsor_id`, `placement_id`, `f_name`, `l_name`, `email`, `password`, `phone`, `reg_ip`, `status`, `package_id`, `active_status`) VALUES (2019, 'admin', 'admin', 'no', 0, 0, 'Alex', 'Carrey', 'admin@admin.com', 'e10adc3949ba59abbe56e057f20f883e', '1235467892', ':1', '1', '10', 'yes');
INSERT INTO `user_registration` (`uid`, `user_id`, `username`, `sponsor_id`, `placement_id`, `vacant`, `f_name`, `l_name`, `address`, `position`, `email`, `password`, `phone`, `reg_ip`, `status`, `created`) VALUES (NULL, 'YGWWYW', 'OcMeWQPV', 'admin', 'admin', 'yes', '', '', '', 'left', '@mail.com', '', '', '', 0, '2024-08-08 04:24:20');
INSERT INTO `user_registration` (`uid`, `user_id`, `username`, `sponsor_id`, `placement_id`, `vacant`, `f_name`, `l_name`, `address`, `position`, `email`, `password`, `phone`, `reg_ip`, `status`, `created`) VALUES (NULL, 'REAAJF', 'PcBSYzQD', 'admin', 'admin', 'yes', '', '', '', 'right', '@mail.com', '', '', '', 0, '2024-08-08 04:24:20');
INSERT INTO `investment` (`user_id`, `package_id`, `amount`, `type`, `invest_date`) VALUES ('admin', '10', 10000, 'register', '2024-08-08 04:24:20');
UPDATE `user_registration` SET `popup_seen` = 'yes'
WHERE `user_id` = 'admin';
UPDATE `user_registration` SET `popup_seen` = 'yes'
WHERE `user_id` = 'admin';
UPDATE `user_registration` SET `popup_seen` = 'yes'
WHERE `user_id` = 'admin';
UPDATE `ci_sessions` SET `timestamp` = 1723091997, `data` = '__ci_last_regenerate|i:1723091997;isLogIn|b:1;isAdmin|b:1;id|s:4:\"2019\";fullname|s:11:\"Alex Carrey\";user_level|s:5:\"Admin\";email|s:15:\"admin@admin.com\";image|s:53:\"upload/settings/4a1f1b602322adb837a7a3547ee69cf3.jpeg\";last_login|s:19:\"2024-08-07 11:28:56\";last_logout|s:19:\"2022-02-08 06:23:41\";ip_address|s:9:\"127.0.0.1\";user_id|s:5:\"admin\";username|s:5:\"admin\";sponsor_id|s:1:\"0\";phone|s:10:\"1235467892\";'
WHERE `id` = '3672f626cc89f8416ea0aa1cdbc584651df44cbb';
UPDATE `user_registration` SET `popup_seen` = 'no'
WHERE `user_id` = 'admin';
DELETE FROM `ci_sessions`
WHERE `id` = 'aeaf5083a91b40ee7120f312507db568c1196d69';
UPDATE `admin` SET `last_login` = '2024-08-10 04:24:42', `ip_address` = '49.47.193.60'
WHERE `id` = '1';
UPDATE `setting` SET `setting_id` = '1', `title` = 'TRAVELEGENDCY', `description` = 'TRAVELEGENDCY Address', `email` = 'info@travelegendcy.com', `phone` = '+87778787878', `logo` = 'upload/settings/da701cb4bcb4c096a93b4920636cebde.png', `logo_web` = NULL, `favicon` = 'upload/settings/823e3c7d9043056226fba1bc7a36ce4f.png', `language` = NULL, `time_zone` = NULL, `site_align` = NULL, `office_time` = NULL, `latitude` = NULL, `footer_text` = '2024 © Copyright TRAVELEGENDCY', `terms_condition` = '<p>Please read through these Terms of Service, Acceptable Use Policy and our Privacy Policy carefully before start using the services. Privacy Policy includes our Cookie Policy.<br />\r\nAcceptance of the Terms Before using any of our services, you must first agree to these Terms of Service and the Privacy Policy. By accessing our services or by otherwise using them, you confirm that you agree to these Terms of Service, you agree to follow our Acceptable Use Policy and agree to be bound by them (&quot;Agreement&quot;). You also agree that your personal data and electronic communications on our platform will be processed in accordance with our Privacy Policy, which are incorporated here by reference.<br />\r\nMinors are not allowed to use the services. You affirm that you are at least eighteen (18) years of age, or the age of legal majority in your jurisdiction if that is higher than eighteen (18) years of age.<br />\r\nYou affirm that you have the right, power, capacity and authority to lawfully enter into this Agreement.<br />\r\nWe have the right, at our sole discretion, to make modifications and revisions to the terms of this Agreement to reflect changes in technology, standards, legislation, administrative or business practices, or the costs structure for providing the services. Such modifications and revisions will be notified to you through the service no later than thirty (10) days before they become effective.<br />\r\nYou will be deemed to have accepted all modifications and revisions by continuing to use the service. If you do not agree to the changes, you can terminate this Agreement at any time by concluding any outstanding trades and other obligations, withdrawing any remaining balances and closing down your account.<br />\r\nWe also have the right, at our sole discretion, to make modifications and revisions to the services and to the terms of this Agreement at any time which are due to security or compliance reasons. Such modifications will be published on our site and notified to you without undue delay.</p>\r\n\r\n<p>&nbsp;</p>\r\n'
WHERE `setting_id` = '1';
UPDATE `ci_sessions` SET `timestamp` = 1723265310, `data` = '__ci_last_regenerate|i:1723265310;isLogIn|b:1;isAdmin|b:1;id|s:1:\"1\";fullname|s:11:\"admin admin\";user_level|s:5:\"Admin\";email|s:15:\"admin@admin.com\";image|s:53:\"upload/settings/4a1f1b602322adb837a7a3547ee69cf3.jpeg\";last_login|s:19:\"2024-08-09 11:24:11\";last_logout|s:19:\"2022-02-08 06:23:41\";ip_address|s:3:\"::1\";'
WHERE `id` = '548157f717983fcd82a66a72a5cd0a3fed84825d';
UPDATE `rank_settings` SET `bv` = '0'
WHERE `id` = 1;
UPDATE `rank_settings` SET `bv` = '1200'
WHERE `id` = 2;
UPDATE `rank_settings` SET `bv` = '3750'
WHERE `id` = 3;
UPDATE `rank_settings` SET `bv` = '11250'
WHERE `id` = 4;
UPDATE `rank_settings` SET `bv` = '33750'
WHERE `id` = 5;
UPDATE `rank_settings` SET `bv` = '101250'
WHERE `id` = 6;
UPDATE `rank_settings` SET `bv` = '303750'
WHERE `id` = 7;
UPDATE `rank_settings` SET `residual_bonus` = '0'
WHERE `id` = 1;
UPDATE `rank_settings` SET `residual_bonus` = '600'
WHERE `id` = 2;
UPDATE `rank_settings` SET `residual_bonus` = '2000'
WHERE `id` = 3;
UPDATE `rank_settings` SET `residual_bonus` = '6000'
WHERE `id` = 4;
UPDATE `rank_settings` SET `residual_bonus` = '15000'
WHERE `id` = 5;
UPDATE `rank_settings` SET `residual_bonus` = '50000'
WHERE `id` = 6;
UPDATE `rank_settings` SET `residual_bonus` = '150000'
WHERE `id` = 7;
UPDATE `rank_settings` SET `direct_bonus` = '100'
WHERE `id` = 1;
UPDATE `rank_settings` SET `direct_bonus` = '200'
WHERE `id` = 2;
UPDATE `rank_settings` SET `direct_bonus` = '300'
WHERE `id` = 3;
UPDATE `rank_settings` SET `direct_bonus` = '400'
WHERE `id` = 4;
UPDATE `rank_settings` SET `direct_bonus` = '500'
WHERE `id` = 5;
UPDATE `rank_settings` SET `direct_bonus` = '500'
WHERE `id` = 6;
UPDATE `rank_settings` SET `direct_bonus` = '500'
WHERE `id` = 7;
UPDATE `user_registration` SET `popup_seen` = 'no'
WHERE `user_id` IS NULL;
DELETE FROM `ci_sessions`
WHERE `id` = 'a876b0ece394eeffab07b4f20c7cece155121a4a';
UPDATE `ci_sessions` SET `timestamp` = 1723267509, `data` = '__ci_last_regenerate|i:1723267509;captcha|s:4:\"5wum\";'
WHERE `id` = 'd3dcd0247a1b07ebff585ba635961edaf71d6537';
INSERT INTO `login_history` (`user_id`, `device`, `ip_address`, `date`) VALUES ('admin', 'Mozilla/5.0 (Windows NT 10.0; Win64; x64) AppleWebKit/537.36 (KHTML, like Gecko) Chrome/127.0.0.0 Safari/537.36', '98.242.157.169', '24-08-10 15:51');
UPDATE `user_registration` SET `popup_seen` = 'yes'
WHERE `user_id` = 'admin';
UPDATE `ci_sessions` SET `timestamp` = 1723305522, `data` = '__ci_last_regenerate|i:1723305522;id|s:4:\"2019\";user_id|s:5:\"admin\";username|s:5:\"admin\";sponsor_id|s:1:\"0\";fullname|s:11:\"Alex Carrey\";email|s:15:\"admin@admin.com\";phone|s:10:\"1235467892\";isLogIn|b:1;'
WHERE `id` = 'f34e0a9f7be5f17280408f9d651b9b09ffed4199';
UPDATE `ci_sessions` SET `timestamp` = 1723305826, `data` = '__ci_last_regenerate|i:1723305826;id|s:4:\"2019\";user_id|s:5:\"admin\";username|s:5:\"admin\";sponsor_id|s:1:\"0\";fullname|s:11:\"Alex Carrey\";email|s:15:\"admin@admin.com\";phone|s:10:\"1235467892\";isLogIn|b:1;'
WHERE `id` = 'cf44c4e733033544843ead12c739e6d9de2752d5';
UPDATE `user_registration` SET `popup_seen` = 'yes'
WHERE `user_id` = 'admin';
UPDATE `ci_sessions` SET `timestamp` = 1723306649, `data` = '__ci_last_regenerate|i:1723306649;id|s:4:\"2019\";user_id|s:5:\"admin\";username|s:5:\"admin\";sponsor_id|s:1:\"0\";fullname|s:11:\"Alex Carrey\";email|s:15:\"admin@admin.com\";phone|s:10:\"1235467892\";isLogIn|b:1;'
WHERE `id` = 'c90a9b892dcde2afb050a196aa0af04cd023f3a1';
UPDATE `user_registration` SET `popup_seen` = 'yes'
WHERE `user_id` = 'admin';
UPDATE `user_registration` SET `language` = 'spanish'
WHERE `user_id` = 'admin';
UPDATE `user_registration` SET `popup_seen` = 'yes'
WHERE `user_id` = 'admin';
UPDATE `user_registration` SET `language` = 'english'
WHERE `user_id` = 'admin';
UPDATE `user_registration` SET `popup_seen` = 'yes'
WHERE `user_id` = 'admin';
UPDATE `user_registration` SET `popup_seen` = 'yes'
WHERE `user_id` = 'admin';
UPDATE `ci_sessions` SET `timestamp` = 1723307132, `data` = '__ci_last_regenerate|i:1723307132;id|s:4:\"2019\";user_id|s:5:\"admin\";username|s:5:\"admin\";sponsor_id|s:1:\"0\";fullname|s:11:\"Alex Carrey\";email|s:15:\"admin@admin.com\";phone|s:10:\"1235467892\";isLogIn|b:1;'
WHERE `id` = '5bd775398b14b997a7434d0d0dbc7e61f0cff1f1';
INSERT INTO `login_history` (`user_id`, `device`, `ip_address`, `date`) VALUES ('admin', 'Mozilla/5.0 (Windows NT 10.0; Win64; x64) AppleWebKit/537.36 (KHTML, like Gecko) Chrome/127.0.0.0 Safari/537.36', '98.242.157.169', '24-08-10 20:39');
UPDATE `user_registration` SET `popup_seen` = 'yes'
WHERE `user_id` = 'admin';
INSERT INTO `login_history` (`user_id`, `device`, `ip_address`, `date`) VALUES ('admin', 'Mozilla/5.0 (Windows NT 10.0; Win64; x64) AppleWebKit/537.36 (KHTML, like Gecko) Chrome/127.0.0.0 Safari/537.36', '98.242.157.169', '24-08-10 23:23');
UPDATE `user_registration` SET `popup_seen` = 'yes'
WHERE `user_id` = 'admin';
INSERT INTO `login_history` (`user_id`, `device`, `ip_address`, `date`) VALUES ('admin', 'Mozilla/5.0 (Windows NT 10.0; Win64; x64) AppleWebKit/537.36 (KHTML, like Gecko) Chrome/127.0.0.0 Safari/537.36', '98.242.157.169', '24-08-11 15:53');
UPDATE `user_registration` SET `popup_seen` = 'yes'
WHERE `user_id` = 'admin';
UPDATE `ci_sessions` SET `timestamp` = 1723392609, `data` = '__ci_last_regenerate|i:1723392609;id|s:4:\"2019\";user_id|s:5:\"admin\";username|s:5:\"admin\";sponsor_id|s:1:\"0\";fullname|s:11:\"Alex Carrey\";email|s:15:\"admin@admin.com\";phone|s:10:\"1235467892\";isLogIn|b:1;message|s:19:\"Welcome Alex Carrey\";__ci_vars|a:1:{s:7:\"message\";s:3:\"old\";}'
WHERE `id` = 'cd859a2dc0bb808713e4abc472c43e4645ae140e';
UPDATE `ci_sessions` SET `timestamp` = 1723397511, `data` = '__ci_last_regenerate|i:1723397511;id|s:4:\"2019\";user_id|s:5:\"admin\";username|s:5:\"admin\";sponsor_id|s:1:\"0\";fullname|s:11:\"Alex Carrey\";email|s:15:\"admin@admin.com\";phone|s:10:\"1235467892\";isLogIn|b:1;'
WHERE `id` = 'a86f48804105b6956ed5e1dca896397c472612b5';
UPDATE `user_registration` SET `popup_seen` = 'yes'
WHERE `user_id` = 'admin';
UPDATE `ci_sessions` SET `timestamp` = 1723401899, `data` = '__ci_last_regenerate|i:1723401899;id|s:4:\"2019\";user_id|s:5:\"admin\";username|s:5:\"admin\";sponsor_id|s:1:\"0\";fullname|s:11:\"Alex Carrey\";email|s:15:\"admin@admin.com\";phone|s:10:\"1235467892\";isLogIn|b:1;'
WHERE `id` = 'ccfc7b99329b6988ec2fe1f577820d64c0dbda39';
UPDATE `ci_sessions` SET `timestamp` = 1723403589, `data` = '__ci_last_regenerate|i:1723403589;id|s:4:\"2019\";user_id|s:5:\"admin\";username|s:5:\"admin\";sponsor_id|s:1:\"0\";fullname|s:11:\"Alex Carrey\";email|s:15:\"admin@admin.com\";phone|s:10:\"1235467892\";isLogIn|b:1;'
WHERE `id` = '1976d3eeddea278a2eab2bbbdc196eeb99ed62d5';
UPDATE `ci_sessions` SET `timestamp` = 1723405261, `data` = '__ci_last_regenerate|i:1723405261;id|s:4:\"2019\";user_id|s:5:\"admin\";username|s:5:\"admin\";sponsor_id|s:1:\"0\";fullname|s:11:\"Alex Carrey\";email|s:15:\"admin@admin.com\";phone|s:10:\"1235467892\";isLogIn|b:1;'
WHERE `id` = 'a3fe6a84b26722e94614d351454e89b6e472179b';
UPDATE `ci_sessions` SET `timestamp` = 1723406196, `data` = '__ci_last_regenerate|i:1723406196;id|s:4:\"2019\";user_id|s:5:\"admin\";username|s:5:\"admin\";sponsor_id|s:1:\"0\";fullname|s:11:\"Alex Carrey\";email|s:15:\"admin@admin.com\";phone|s:10:\"1235467892\";isLogIn|b:1;'
WHERE `id` = '764ea528cad4c15d1153013c591839d43900f4cf';
UPDATE `user_registration` SET `popup_seen` = 'yes'
WHERE `user_id` = 'admin';
UPDATE `user_registration` SET `popup_seen` = 'yes'
WHERE `user_id` = 'admin';
INSERT INTO `add_cart` (`user_id`, `product_id`, `product_name`, `product_amount`, `product_image`, `product_details`, `quantity`, `total_amount`, `date`) VALUES ('admin', '3', 'Munnar', '26000', 'upload/product_image/c4e6d978dabd5a1719fd7986baf37606.jpg', '<p>Lorem ipsum dolor sit amet, consectetur adipiscing elit, sed do eiusmod tempor incididunt ut labore et dolore magna aliqua. Ut enim ad minim veniam, quis nostrud exercitation ullamco laboris nisi ut aliquip ex ea commodo consequat. Duis aute irure dolor in reprehenderit in voluptate velit esse cillum dolore eu fugiat nulla pariatur. Excepteur sint occaecat cupidatat non proident, sunt in culpa qui officia deserunt mollit anim id est laborum.</p>\r\n', '1', 26000, '2024-08-11 19:57:12');
DELETE FROM `add_cart`
WHERE `id` = '1';
UPDATE `user_registration` SET `popup_seen` = 'yes'
WHERE `user_id` = 'admin';
INSERT INTO `login_history` (`user_id`, `device`, `ip_address`, `date`) VALUES ('admin', 'Mozilla/5.0 (Windows NT 10.0; Win64; x64) AppleWebKit/537.36 (KHTML, like Gecko) Chrome/127.0.0.0 Safari/537.36', '94.140.11.49', '24-08-12 02:28');
UPDATE `user_registration` SET `popup_seen` = 'yes'
WHERE `user_id` = 'admin';
UPDATE `ci_sessions` SET `timestamp` = 1723431124, `data` = '__ci_last_regenerate|i:1723431124;id|s:4:\"2019\";user_id|s:5:\"admin\";username|s:5:\"admin\";sponsor_id|s:1:\"0\";fullname|s:11:\"Alex Carrey\";email|s:15:\"admin@admin.com\";phone|s:10:\"1235467892\";isLogIn|b:1;message|s:19:\"Welcome Alex Carrey\";__ci_vars|a:1:{s:7:\"message\";s:3:\"old\";}'
WHERE `id` = '327690ff14caf3defd97cd3588f551b13491378d';
UPDATE `ci_sessions` SET `timestamp` = 1723436843, `data` = '__ci_last_regenerate|i:1723436843;captcha|s:4:\"xqmm\";'
WHERE `id` = '8022395dafcfac6d19410ebb7b610c6ba679f75a';
UPDATE `ci_sessions` SET `timestamp` = 1723440286, `data` = '__ci_last_regenerate|i:1723440286;'
WHERE `id` = 'f8b9542cbee98b56b1b4544f76e20d81537d0f2b';
INSERT INTO `login_history` (`user_id`, `device`, `ip_address`, `date`) VALUES ('admin', 'Mozilla/5.0 (Macintosh; Intel Mac OS X 10_15_7) AppleWebKit/537.36 (KHTML, like Gecko) Chrome/127.0.0.0 Safari/537.36', '150.107.212.112', '24-08-12 05:26');
UPDATE `user_registration` SET `popup_seen` = 'yes'
WHERE `user_id` = 'admin';
UPDATE `ci_sessions` SET `timestamp` = 1723441097, `data` = '__ci_last_regenerate|i:1723441097;id|s:4:\"2019\";user_id|s:5:\"admin\";username|s:5:\"admin\";sponsor_id|s:1:\"0\";fullname|s:11:\"Alex Carrey\";email|s:15:\"admin@admin.com\";phone|s:10:\"1235467892\";isLogIn|b:1;message|s:19:\"Welcome Alex Carrey\";__ci_vars|a:1:{s:7:\"message\";s:3:\"old\";}'
WHERE `id` = '4cc934a0c1f2fb4a30363b0c49bae9a76a82cf54';
UPDATE `user_registration` SET `popup_seen` = 'yes'
WHERE `user_id` = 'admin';
UPDATE `ci_sessions` SET `timestamp` = 1723441564, `data` = '__ci_last_regenerate|i:1723441564;id|s:4:\"2019\";user_id|s:5:\"admin\";username|s:5:\"admin\";sponsor_id|s:1:\"0\";fullname|s:11:\"Alex Carrey\";email|s:15:\"admin@admin.com\";phone|s:10:\"1235467892\";isLogIn|b:1;'
WHERE `id` = '6ac425551927effc3e5530dd0028fc7b971e20a7';
UPDATE `user_registration` SET `popup_seen` = 'no'
WHERE `user_id` = 'admin';
DELETE FROM `ci_sessions`
WHERE `id` = 'e6349285be3d10f614f19ff0141b314b118ab973';
UPDATE `admin` SET `last_login` = '2024-08-12 05:46:15', `ip_address` = '150.107.212.112'
WHERE `id` = '1';
UPDATE `setting` SET `setting_id` = 1, `reg_fee` = '595', `month_fee` = '150'
WHERE `setting_id` = 1;
UPDATE `ci_sessions` SET `timestamp` = 1723448689, `data` = '__ci_last_regenerate|i:1723448689;isLogIn|b:1;isAdmin|b:1;id|s:1:\"1\";fullname|s:11:\"admin admin\";user_level|s:5:\"Admin\";email|s:15:\"admin@admin.com\";image|s:53:\"upload/settings/4a1f1b602322adb837a7a3547ee69cf3.jpeg\";last_login|s:19:\"2024-08-10 04:24:42\";last_logout|s:19:\"2022-02-08 06:23:41\";ip_address|s:12:\"49.47.193.60\";'
WHERE `id` = '7ebfab0706be4c883df3f002ae8ecfcc028e63a1';
INSERT INTO `login_history` (`user_id`, `device`, `ip_address`, `date`) VALUES ('admin', 'Mozilla/5.0 (Windows NT 10.0; Win64; x64) AppleWebKit/537.36 (KHTML, like Gecko) Chrome/109.0.0.0 Safari/537.36', '150.107.212.112', '24-08-12 10:32');
UPDATE `user_registration` SET `popup_seen` = 'yes'
WHERE `user_id` = 'admin';
UPDATE `user_registration` SET `popup_seen` = 'no'
WHERE `user_id` = 'admin';
DELETE FROM `ci_sessions`
WHERE `id` = 'ef82532623d65d9d5fc09540dcbd8563d877ba69';
UPDATE `admin` SET `last_login` = '2024-08-12 10:33:09', `ip_address` = '150.107.212.112'
WHERE `id` = '1';
UPDATE `setting` SET `setting_id` = '1', `title` = 'TRAVELEGENDCY', `description` = 'TRAVELEGENDCY Address', `email` = 'info@travelegendcy.com', `phone` = '+87778787878', `logo` = 'upload/settings/aee21229f3c19068f9fa5115be9855bf.png', `logo_web` = NULL, `favicon` = 'upload/settings/823e3c7d9043056226fba1bc7a36ce4f.png', `language` = NULL, `time_zone` = NULL, `site_align` = NULL, `office_time` = NULL, `latitude` = NULL, `footer_text` = '2024 © Copyright TRAVELEGENDCY', `terms_condition` = '<p>Please read through these Terms of Service, Acceptable Use Policy and our Privacy Policy carefully before start using the services. Privacy Policy includes our Cookie Policy.<br />\r\nAcceptance of the Terms Before using any of our services, you must first agree to these Terms of Service and the Privacy Policy. By accessing our services or by otherwise using them, you confirm that you agree to these Terms of Service, you agree to follow our Acceptable Use Policy and agree to be bound by them (&quot;Agreement&quot;). You also agree that your personal data and electronic communications on our platform will be processed in accordance with our Privacy Policy, which are incorporated here by reference.<br />\r\nMinors are not allowed to use the services. You affirm that you are at least eighteen (18) years of age, or the age of legal majority in your jurisdiction if that is higher than eighteen (18) years of age.<br />\r\nYou affirm that you have the right, power, capacity and authority to lawfully enter into this Agreement.<br />\r\nWe have the right, at our sole discretion, to make modifications and revisions to the terms of this Agreement to reflect changes in technology, standards, legislation, administrative or business practices, or the costs structure for providing the services. Such modifications and revisions will be notified to you through the service no later than thirty (10) days before they become effective.<br />\r\nYou will be deemed to have accepted all modifications and revisions by continuing to use the service. If you do not agree to the changes, you can terminate this Agreement at any time by concluding any outstanding trades and other obligations, withdrawing any remaining balances and closing down your account.<br />\r\nWe also have the right, at our sole discretion, to make modifications and revisions to the services and to the terms of this Agreement at any time which are due to security or compliance reasons. Such modifications will be published on our site and notified to you without undue delay.</p>\r\n\r\n<p>&nbsp;</p>\r\n'
WHERE `setting_id` = '1';
UPDATE `admin` SET `last_logout` = '2024-08-12 10:36:23'
WHERE `id` = '1';
DELETE FROM `ci_sessions`
WHERE `id` = '2020193e135b3629ab68b1fe39b9be935c682d62';
INSERT INTO `login_history` (`user_id`, `device`, `ip_address`, `date`) VALUES ('admin', 'Mozilla/5.0 (Windows NT 10.0; Win64; x64) AppleWebKit/537.36 (KHTML, like Gecko) Chrome/109.0.0.0 Safari/537.36', '150.107.212.112', '24-08-12 10:37');
UPDATE `user_registration` SET `popup_seen` = 'yes'
WHERE `user_id` = 'admin';
UPDATE `user_registration` SET `language` = 'spanish'
WHERE `user_id` = 'admin';
UPDATE `user_registration` SET `popup_seen` = 'yes'
WHERE `user_id` = 'admin';
UPDATE `user_registration` SET `language` = 'english'
WHERE `user_id` = 'admin';
UPDATE `user_registration` SET `popup_seen` = 'yes'
WHERE `user_id` = 'admin';
UPDATE `user_registration` SET `popup_seen` = 'no'
WHERE `user_id` = 'admin';
DELETE FROM `ci_sessions`
WHERE `id` = '1cc9b7bf098d8215af497ccea24d93ad45128c06';
UPDATE `user_registration` SET `uid` = '2020', `user_id` = 'UDGPHD', `username` = 'user123', `sponsor_id` = 'admin', `vacant` = 'no', `f_name` = 'gsdgdf', `l_name` = 'gdfgfgfdg', `address` = 'fhfghfh fghfhf', `position` = 'left', `email` = 'admin@sdffadmin.com', `password` = '698d51a19d8a121ce581499d7b701668', `phone` = '75755755', `country` = 'United States', `state` = 'Alaska', `city` = 'city5', `street` = 'street12', `zip_code` = '123456', `reg_ip` = '150.107.212.112', `status` = 1, `package_id` = 0, `created` = '2024-08-12 10:40:15', `google_secret` = '2OF46YSF7DMMCZ5W'
WHERE `uid` = '2020';
INSERT INTO `user_registration` (`uid`, `user_id`, `username`, `sponsor_id`, `placement_id`, `vacant`, `f_name`, `l_name`, `address`, `position`, `email`, `password`, `phone`, `reg_ip`, `status`, `created`) VALUES (NULL, 'LJSITA', 'hlnFKJaN', 'UDGPHD', 'UDGPHD', 'yes', '', '', '', 'left', '@mail.com', '', '', '', 0, '2024-08-12 10:40:15');
INSERT INTO `user_registration` (`uid`, `user_id`, `username`, `sponsor_id`, `placement_id`, `vacant`, `f_name`, `l_name`, `address`, `position`, `email`, `password`, `phone`, `reg_ip`, `status`, `created`) VALUES (NULL, 'NPQMTF', 'GFglBdpU', 'UDGPHD', 'UDGPHD', 'yes', '', '', '', 'right', '@mail.com', '', '', '', 0, '2024-08-12 10:40:15');
INSERT INTO `bv_updation` (`user_id`) VALUES ('UDGPHD');
UPDATE `user_registration` SET total_ref_count = total_ref_count+1
WHERE `user_id` = 'admin';
UPDATE `user_registration` SET total_ref_count = total_ref_count+1
WHERE `user_id` = 'admin';
UPDATE `user_registration` SET total_downlines = total_downlines+1
WHERE `user_id` = 'admin';
UPDATE `user_registration` SET left_downlines = left_downlines+1
WHERE `user_id` = 'admin';
UPDATE `user_registration` SET left_ref_count = left_ref_count+1
WHERE `user_id` = 'admin';
INSERT INTO `earnings` (`user_id`, `Purchaser_id`, `earning_type`, `package_id`, `amount`, `date`, `comments`, `invest_amount`, `comm_perc`, `level`) VALUES ('admin', 'UDGPHD', 'Direct Referral Bonus', 0, '200', '2024-08-12 10:40:16', 'Direct Referral Bonus', 0, 0, 1);
UPDATE `user_registration` SET commission_balance = ROUND(commission_balance + 200,2)
WHERE `user_id` = 'admin';
INSERT INTO `login_history` (`user_id`, `device`, `ip_address`, `date`) VALUES ('UDGPHD', 'Mozilla/5.0 (Windows NT 10.0; Win64; x64) AppleWebKit/537.36 (KHTML, like Gecko) Chrome/109.0.0.0 Safari/537.36', '150.107.212.112', '24-08-12 10:40');
UPDATE `user_registration` SET `popup_seen` = 'yes'
WHERE `user_id` = 'UDGPHD';
UPDATE `user_registration` SET `popup_seen` = 'yes'
WHERE `user_id` = 'UDGPHD';
INSERT INTO `bank_info` (`user_id`, `account_name`, `bank_name`, `account_number`, `date`) VALUES ('UDGPHD', 'rrty', 'fhgfhf', '44747447', '2024-08-12 10:41:02');
INSERT INTO `payment_metod_setting` (`user_id`, `method`, `wallet_id`) VALUES ('UDGPHD', 'bank', 'Account Number: 44747447<br/>Account Name: rrty<br/>Bank Name: fhgfhf');
UPDATE `ci_sessions` SET `timestamp` = 1723459412, `data` = '__ci_last_regenerate|i:1723459412;id|s:4:\"2020\";user_id|s:6:\"UDGPHD\";username|s:7:\"user123\";sponsor_id|s:5:\"admin\";fullname|s:16:\"gsdgdf gdfgfgfdg\";email|s:19:\"admin@sdffadmin.com\";phone|s:8:\"75755755\";isLogIn|b:1;'
WHERE `id` = 'db79ccc6df82fb90efcffedcb3ad84280b4d6ad8';
INSERT INTO `login_history` (`user_id`, `device`, `ip_address`, `date`) VALUES ('admin', 'Mozilla/5.0 (Windows NT 10.0; Win64; x64) AppleWebKit/537.36 (KHTML, like Gecko) Chrome/127.0.0.0 Safari/537.36', '98.242.157.169', '24-08-13 01:39');
UPDATE `user_registration` SET `popup_seen` = 'yes'
WHERE `user_id` = 'admin';
UPDATE `user_registration` SET `popup_seen` = 'yes'
WHERE `user_id` = 'admin';
UPDATE `ci_sessions` SET `timestamp` = 1723513544, `data` = '__ci_last_regenerate|i:1723513544;id|s:4:\"2019\";user_id|s:5:\"admin\";username|s:5:\"admin\";sponsor_id|s:1:\"0\";fullname|s:11:\"Alex Carrey\";email|s:15:\"admin@admin.com\";phone|s:10:\"1235467892\";isLogIn|b:1;'
WHERE `id` = '090e370a9908926e85d147c2bd12a792429f555b';
UPDATE `user_registration` SET `language` = 'spanish'
WHERE `user_id` = 'admin';
UPDATE `user_registration` SET `popup_seen` = 'yes'
WHERE `user_id` = 'admin';
UPDATE `user_registration` SET `language` = 'english'
WHERE `user_id` = 'admin';
UPDATE `user_registration` SET `popup_seen` = 'yes'
WHERE `user_id` = 'admin';
UPDATE `ci_sessions` SET `timestamp` = 1723515434, `data` = '__ci_last_regenerate|i:1723515434;id|s:4:\"2019\";user_id|s:5:\"admin\";username|s:5:\"admin\";sponsor_id|s:1:\"0\";fullname|s:11:\"Alex Carrey\";email|s:15:\"admin@admin.com\";phone|s:10:\"1235467892\";isLogIn|b:1;'
WHERE `id` = '74ed06a03f2de3890fbc4d07ac78288103edf794';
UPDATE `user_registration` SET `popup_seen` = 'yes'
WHERE `user_id` = 'admin';
UPDATE `ci_sessions` SET `timestamp` = 1723516364, `data` = '__ci_last_regenerate|i:1723516364;id|s:4:\"2019\";user_id|s:5:\"admin\";username|s:5:\"admin\";sponsor_id|s:1:\"0\";fullname|s:11:\"Alex Carrey\";email|s:15:\"admin@admin.com\";phone|s:10:\"1235467892\";isLogIn|b:1;'
WHERE `id` = '0b8890c370589a1c3cb99ab36b26d2900f51281c';
UPDATE `admin` SET `last_logout` = '2024-08-13 03:56:38'
WHERE `id` IS NULL;
DELETE FROM `ci_sessions`
WHERE `id` = '1d739c62ab2939381d7d006d5d5bcb90c5dae45c';
INSERT INTO `login_history` (`user_id`, `device`, `ip_address`, `date`) VALUES ('admin', 'Mozilla/5.0 (Macintosh; Intel Mac OS X 10_15_7) AppleWebKit/537.36 (KHTML, like Gecko) Chrome/127.0.0.0 Safari/537.36', '150.107.212.112', '24-08-13 03:56');
UPDATE `user_registration` SET `popup_seen` = 'yes'
WHERE `user_id` = 'admin';
UPDATE `user_registration` SET `popup_seen` = 'yes'
WHERE `user_id` = 'admin';
UPDATE `user_registration` SET `popup_seen` = 'yes'
WHERE `user_id` = 'admin';
UPDATE `user_registration` SET `popup_seen` = 'yes'
WHERE `user_id` = 'admin';
INSERT INTO `login_history` (`user_id`, `device`, `ip_address`, `date`) VALUES ('admin', 'Mozilla/5.0 (Windows NT 10.0; Win64; x64) AppleWebKit/537.36 (KHTML, like Gecko) Chrome/127.0.0.0 Safari/537.36', '98.242.157.169', '24-08-13 05:31');
UPDATE `user_registration` SET `popup_seen` = 'yes'
WHERE `user_id` = 'admin';
UPDATE `user_registration` SET `uid` = '2026', `user_id` = 'OSI85Q', `username` = 'hellotest', `sponsor_id` = 'admin', `vacant` = 'no', `f_name` = 'qqq', `l_name` = 'cccc', `address` = 'aswqwqw', `position` = 'left', `email` = 'vvv@gmail.com', `password` = 'e10adc3949ba59abbe56e057f20f883e', `phone` = '898989898', `country` = 'United States', `state` = 'Arkansas', `city` = 'aaaa', `street` = '234', `zip_code` = '332324', `reg_ip` = '150.107.212.112', `status` = 1, `package_id` = 0, `created` = '2024-08-13 06:51:27', `google_secret` = 'RTOR4HIEZVGGSP7M'
WHERE `uid` = '2026';
INSERT INTO `user_registration` (`uid`, `user_id`, `username`, `sponsor_id`, `placement_id`, `vacant`, `f_name`, `l_name`, `address`, `position`, `email`, `password`, `phone`, `reg_ip`, `status`, `created`) VALUES (NULL, 'BZFHMC', 'mPQoppCi', 'OSI85Q', 'OSI85Q', 'yes', '', '', '', 'left', '@mail.com', '', '', '', 0, '2024-08-13 06:51:27');
INSERT INTO `user_registration` (`uid`, `user_id`, `username`, `sponsor_id`, `placement_id`, `vacant`, `f_name`, `l_name`, `address`, `position`, `email`, `password`, `phone`, `reg_ip`, `status`, `created`) VALUES (NULL, 'ZYWGMK', 'rTfjkUrN', 'OSI85Q', 'OSI85Q', 'yes', '', '', '', 'right', '@mail.com', '', '', '', 0, '2024-08-13 06:51:27');
INSERT INTO `bv_updation` (`user_id`) VALUES ('OSI85Q');
UPDATE `user_registration` SET total_ref_count = total_ref_count+1
WHERE `user_id` = 'admin';
UPDATE `user_registration` SET total_ref_count = total_ref_count+1
WHERE `user_id` = 'admin';
UPDATE `user_registration` SET total_downlines = total_downlines+1
WHERE `user_id` = 'UDGPHD';
UPDATE `user_registration` SET left_downlines = left_downlines+1
WHERE `user_id` = 'UDGPHD';
UPDATE `user_registration` SET total_downlines = total_downlines+1
WHERE `user_id` = 'admin';
UPDATE `user_registration` SET left_downlines = left_downlines+1
WHERE `user_id` = 'admin';
UPDATE `user_registration` SET left_ref_count = left_ref_count+1
WHERE `user_id` = 'admin';
INSERT INTO `earnings` (`user_id`, `Purchaser_id`, `earning_type`, `package_id`, `amount`, `date`, `comments`, `invest_amount`, `comm_perc`, `level`) VALUES ('admin', 'OSI85Q', 'Direct Referral Bonus', 0, '200', '2024-08-13 06:51:27', 'Direct Referral Bonus', 0, 0, 1);
UPDATE `user_registration` SET commission_balance = ROUND(commission_balance + 200,2)
WHERE `user_id` = 'admin';
INSERT INTO `login_history` (`user_id`, `device`, `ip_address`, `date`) VALUES ('OSI85Q', 'Mozilla/5.0 (Macintosh; Intel Mac OS X 10_15_7) AppleWebKit/537.36 (KHTML, like Gecko) Chrome/127.0.0.0 Safari/537.36', '150.107.212.112', '24-08-13 06:51');
UPDATE `user_registration` SET `popup_seen` = 'yes'
WHERE `user_id` = 'OSI85Q';
UPDATE `ci_sessions` SET `timestamp` = 1723532189, `data` = '__ci_last_regenerate|i:1723532189;id|s:4:\"2026\";user_id|s:6:\"OSI85Q\";username|s:9:\"hellotest\";sponsor_id|s:5:\"admin\";fullname|s:8:\"qqq cccc\";email|s:13:\"vvv@gmail.com\";phone|s:9:\"898989898\";isLogIn|b:1;'
WHERE `id` = 'dc045c794dc16863c7f739f398834673f2bbb301';
UPDATE `user_registration` SET `f_name` = 'qqq', `l_name` = 'cccc', `phone` = '898989898', `address` = NULL, `country` = 'United States', `state` = 'Colorado', `city` = 'aaaa', `street` = '234', `zip_code` = '332324'
WHERE `user_id` = 'OSI85Q';
INSERT INTO `notifications` (`user_id`, `notification_type`, `subject`, `details`, `date`, `status`) VALUES ('OSI85Q', 'profile_update', 'Profile Update Notification', 'Your profile has been updated successfully.', '2024-08-13 06:56:29', 0);
INSERT INTO `bank_info` (`user_id`, `account_name`, `bank_name`, `account_number`, `date`) VALUES ('OSI85Q', 'qqqqq', 'asasas', '3423232', '2024-08-13 06:58:21');
INSERT INTO `payment_metod_setting` (`user_id`, `method`, `wallet_id`) VALUES ('OSI85Q', 'bank', 'Account Number: 3423232<br/>Account Name: qqqqq<br/>Bank Name: asasas');
UPDATE `user_registration` SET `popup_seen` = 'yes'
WHERE `user_id` = 'OSI85Q';
UPDATE `user_registration` SET `popup_seen` = 'yes'
WHERE `user_id` = 'OSI85Q';
UPDATE `user_registration` SET `popup_seen` = 'no'
WHERE `user_id` = 'OSI85Q';
DELETE FROM `ci_sessions`
WHERE `id` = '83f587fda3b30a6caca60e0ade0e0bf4e05171af';
UPDATE `admin` SET `last_login` = '2024-08-13 06:59:18', `ip_address` = '150.107.212.112'
WHERE `id` = '1';
UPDATE `user_registration` SET `f_name` = 'gsdgdf', `l_name` = 'gdfgfgfdg', `email` = 'admin@sdffadmin.com', `phone` = '75755755', `address` = 'fhfghfh fghfhf', `country` = 'United States', `state` = 'Alaska', `city` = 'city5', `street` = 'street12', `zip_code` = '123456'
WHERE `uid` = '2020';
UPDATE `admin` SET `last_logout` = '2024-08-13 07:40:02'
WHERE `id` IS NULL;
DELETE FROM `ci_sessions`
WHERE `id` = 'df60bf078b2819d0ad1994e9fe7aade23620d821';
INSERT INTO `login_history` (`user_id`, `device`, `ip_address`, `date`) VALUES ('admin', 'Mozilla/5.0 (Windows NT 10.0; Win64; x64) AppleWebKit/537.36 (KHTML, like Gecko) Chrome/109.0.0.0 Safari/537.36', '150.107.212.112', '24-08-13 09:33');
UPDATE `user_registration` SET `popup_seen` = 'yes'
WHERE `user_id` = 'admin';
UPDATE `user_registration` SET `popup_seen` = 'yes'
WHERE `user_id` = 'admin';
INSERT INTO `login_history` (`user_id`, `device`, `ip_address`, `date`) VALUES ('admin', 'Mozilla/5.0 (Windows NT 10.0; Win64; x64) AppleWebKit/537.36 (KHTML, like Gecko) Chrome/109.0.0.0 Safari/537.36', '150.107.212.112', '24-08-13 09:35');
UPDATE `user_registration` SET `popup_seen` = 'yes'
WHERE `user_id` = 'admin';
UPDATE `user_registration` SET `popup_seen` = 'no'
WHERE `user_id` = 'admin';
DELETE FROM `ci_sessions`
WHERE `id` = '8182fcbfbe552060a25b7cc280f11cc3ae3c4614';
INSERT INTO `login_history` (`user_id`, `device`, `ip_address`, `date`) VALUES ('admin', 'Mozilla/5.0 (Windows NT 10.0; Win64; x64) AppleWebKit/537.36 (KHTML, like Gecko) Chrome/109.0.0.0 Safari/537.36', '150.107.212.112', '24-08-13 09:35');
UPDATE `user_registration` SET `popup_seen` = 'yes'
WHERE `user_id` = 'admin';
UPDATE `user_registration` SET `popup_seen` = 'no'
WHERE `user_id` = 'admin';
DELETE FROM `ci_sessions`
WHERE `id` = '630f4ec57ab709516d6f1e0e647ca76b45db2523';
UPDATE `admin` SET `last_login` = '2024-08-13 09:35:43', `ip_address` = '150.107.212.112'
WHERE `id` = '1';
INSERT INTO `login_history` (`user_id`, `device`, `ip_address`, `date`) VALUES ('admin', 'Mozilla/5.0 (Macintosh; Intel Mac OS X 10_15_7) AppleWebKit/537.36 (KHTML, like Gecko) Chrome/127.0.0.0 Safari/537.36', '150.107.212.112', '24-08-13 09:45');
UPDATE `user_registration` SET `popup_seen` = 'yes'
WHERE `user_id` = 'admin';
UPDATE `user_registration` SET `uid` = '2025', `user_id` = '2PSQ12', `username` = 'mister', `sponsor_id` = 'admin', `vacant` = 'no', `f_name` = 'aaa', `l_name` = 'bbbb', `address` = '5555aaa', `position` = 'right', `email` = 'cc@gmail.com', `password` = 'e10adc3949ba59abbe56e057f20f883e', `phone` = '444444', `country` = 'United States', `state` = 'South Carolina', `city` = 'qqqq', `street` = '2222', `zip_code` = '33333', `reg_ip` = '150.107.212.112', `status` = 1, `package_id` = 0, `created` = '2024-08-13 09:46:27', `google_secret` = 'LAN6MDA3XJUDILSZ'
WHERE `uid` = '2025';
INSERT INTO `user_registration` (`uid`, `user_id`, `username`, `sponsor_id`, `placement_id`, `vacant`, `f_name`, `l_name`, `address`, `position`, `email`, `password`, `phone`, `reg_ip`, `status`, `created`) VALUES (NULL, 'RNJAXW', 'ksEowFZv', '2PSQ12', '2PSQ12', 'yes', '', '', '', 'left', '@mail.com', '', '', '', 0, '2024-08-13 09:46:27');
INSERT INTO `user_registration` (`uid`, `user_id`, `username`, `sponsor_id`, `placement_id`, `vacant`, `f_name`, `l_name`, `address`, `position`, `email`, `password`, `phone`, `reg_ip`, `status`, `created`) VALUES (NULL, 'CHTXBV', 'XTGOyoJR', '2PSQ12', '2PSQ12', 'yes', '', '', '', 'right', '@mail.com', '', '', '', 0, '2024-08-13 09:46:27');
INSERT INTO `bv_updation` (`user_id`) VALUES ('2PSQ12');
UPDATE `user_registration` SET total_ref_count = total_ref_count+1
WHERE `user_id` = 'admin';
UPDATE `user_registration` SET total_ref_count = total_ref_count+1
WHERE `user_id` = 'admin';
UPDATE `user_registration` SET total_downlines = total_downlines+1
WHERE `user_id` = '8FUX8H';
UPDATE `user_registration` SET right_downlines = right_downlines+1
WHERE `user_id` = '8FUX8H';
UPDATE `user_registration` SET total_downlines = total_downlines+1
WHERE `user_id` = 'ZQHFNZ';
UPDATE `user_registration` SET right_downlines = right_downlines+1
WHERE `user_id` = 'ZQHFNZ';
UPDATE `user_registration` SET total_downlines = total_downlines+1
WHERE `user_id` = 'admin';
UPDATE `user_registration` SET right_downlines = right_downlines+1
WHERE `user_id` = 'admin';
UPDATE `user_registration` SET right_ref_count = right_ref_count+1
WHERE `user_id` = 'admin';
INSERT INTO `earnings` (`user_id`, `Purchaser_id`, `earning_type`, `package_id`, `amount`, `date`, `comments`, `invest_amount`, `comm_perc`, `level`) VALUES ('admin', '2PSQ12', 'Direct Referral Bonus', 0, '200', '2024-08-13 09:46:27', 'Direct Referral Bonus', 0, 0, 1);
UPDATE `user_registration` SET commission_balance = ROUND(commission_balance + 200,2)
WHERE `user_id` = 'admin';
UPDATE `user_registration` SET `popup_seen` = 'no'
WHERE `user_id` = 'admin';
DELETE FROM `ci_sessions`
WHERE `id` = 'af1ecb7352a8b0823b1057dfc5485db86bde9914';
INSERT INTO `login_history` (`user_id`, `device`, `ip_address`, `date`) VALUES ('2PSQ12', 'Mozilla/5.0 (Macintosh; Intel Mac OS X 10_15_7) AppleWebKit/537.36 (KHTML, like Gecko) Chrome/127.0.0.0 Safari/537.36', '150.107.212.112', '24-08-13 09:46');
UPDATE `user_registration` SET `popup_seen` = 'yes'
WHERE `user_id` = '2PSQ12';
UPDATE `ci_sessions` SET `timestamp` = 1723542421, `data` = '__ci_last_regenerate|i:1723542421;isLogIn|b:1;isAdmin|b:1;id|s:1:\"1\";fullname|s:11:\"admin admin\";user_level|s:5:\"Admin\";email|s:15:\"admin@admin.com\";image|s:53:\"upload/settings/4a1f1b602322adb837a7a3547ee69cf3.jpeg\";last_login|s:19:\"2024-08-13 06:59:18\";last_logout|s:19:\"2024-08-12 10:36:23\";ip_address|s:14:\"150.107.212.11\";'
WHERE `id` = 'b567ca0411a6421d76baa8b9df41215bf5516674';
UPDATE `admin` SET `last_logout` = '2024-08-13 09:47:01'
WHERE `id` = '1';
DELETE FROM `ci_sessions`
WHERE `id` = '66d75b490579447d0f17c2498ac48455217516e3';
INSERT INTO `login_history` (`user_id`, `device`, `ip_address`, `date`) VALUES ('admin', 'Mozilla/5.0 (Windows NT 10.0; Win64; x64) AppleWebKit/537.36 (KHTML, like Gecko) Chrome/109.0.0.0 Safari/537.36', '150.107.212.112', '24-08-13 09:47');
UPDATE `user_registration` SET `popup_seen` = 'yes'
WHERE `user_id` = 'admin';
UPDATE `user_registration` SET `f_name` = 'aaa', `l_name` = 'bbbb', `phone` = '444444', `address` = '5555aaa', `country` = 'United States', `state` = 'South Carolina', `city` = 'qqqq', `street` = '2222', `zip_code` = '33333'
WHERE `user_id` = '2PSQ12';
INSERT INTO `notifications` (`user_id`, `notification_type`, `subject`, `details`, `date`, `status`) VALUES ('2PSQ12', 'profile_update', 'Profile Update Notification', 'Your profile has been updated successfully.', '2024-08-13 09:47:11', 0);
UPDATE `user_registration` SET `f_name` = 'aaa', `l_name` = 'bbbb', `phone` = '444444', `address` = '5555aaa', `country` = 'United States', `state` = 'Palau', `city` = 'qqqq', `street` = '2222', `zip_code` = '33333'
WHERE `user_id` = '2PSQ12';
INSERT INTO `notifications` (`user_id`, `notification_type`, `subject`, `details`, `date`, `status`) VALUES ('2PSQ12', 'profile_update', 'Profile Update Notification', 'Your profile has been updated successfully.', '2024-08-13 09:47:16', 0);
UPDATE `user_registration` SET `popup_seen` = 'no'
WHERE `user_id` = 'admin';
DELETE FROM `ci_sessions`
WHERE `id` = 'b727edb628765d8c7000eb95db8e85f295e85209';
INSERT INTO `login_history` (`user_id`, `device`, `ip_address`, `date`) VALUES ('2PSQ12', 'Mozilla/5.0 (Windows NT 10.0; Win64; x64) AppleWebKit/537.36 (KHTML, like Gecko) Chrome/109.0.0.0 Safari/537.36', '150.107.212.112', '24-08-13 09:48');
UPDATE `user_registration` SET `popup_seen` = 'yes'
WHERE `user_id` = '2PSQ12';
INSERT INTO `login_history` (`user_id`, `device`, `ip_address`, `date`) VALUES ('2PSQ12', 'Mozilla/5.0 (Macintosh; Intel Mac OS X 10_15_7) AppleWebKit/537.36 (KHTML, like Gecko) Chrome/127.0.0.0 Safari/537.36', '150.107.212.112', '24-08-13 09:48');
UPDATE `user_registration` SET `popup_seen` = 'yes'
WHERE `user_id` = '2PSQ12';
UPDATE `user_registration` SET `popup_seen` = 'no'
WHERE `user_id` = '2PSQ12';
DELETE FROM `ci_sessions`
WHERE `id` = 'd781d11deb496e06886fa925f7e84f45e8885b75';
UPDATE `user_registration` SET `popup_seen` = 'yes'
WHERE `user_id` = '2PSQ12';
UPDATE `user_registration` SET `popup_seen` = 'no'
WHERE `user_id` = '2PSQ12';
DELETE FROM `ci_sessions`
WHERE `id` = '788970f4c9d46c237bf8e3c070aac6b4b7b35779';
UPDATE `admin` SET `last_login` = '2024-08-13 09:50:08', `ip_address` = '150.107.212.112'
WHERE `id` = '1';
UPDATE `user_registration` SET `popup_seen` = 'no'
WHERE `user_id` IS NULL;
DELETE FROM `ci_sessions`
WHERE `id` = 'b7bc41c3b207fa5c244afbf8260f2c700147f659';
INSERT INTO `login_history` (`user_id`, `device`, `ip_address`, `date`) VALUES ('admin', 'Mozilla/5.0 (X11; Ubuntu; Linux x86_64; rv:129.0) Gecko/20100101 Firefox/129.0', '152.58.202.96', '24-08-14 11:47');
UPDATE `user_registration` SET `popup_seen` = 'yes'
WHERE `user_id` = 'admin';
INSERT INTO `login_history` (`user_id`, `device`, `ip_address`, `date`) VALUES ('admin', 'Mozilla/5.0 (Macintosh; Intel Mac OS X 10_15_7) AppleWebKit/537.36 (KHTML, like Gecko) Chrome/127.0.0.0 Safari/537.36', '49.47.194.218', '24-08-15 04:55');
UPDATE `user_registration` SET `popup_seen` = 'yes'
WHERE `user_id` = 'admin';
UPDATE `user_registration` SET `popup_seen` = 'yes'
WHERE `user_id` = 'admin';
UPDATE `ci_sessions` SET `timestamp` = 1723698038, `data` = '__ci_last_regenerate|i:1723698038;id|s:4:\"2019\";user_id|s:5:\"admin\";username|s:5:\"admin\";sponsor_id|s:1:\"0\";fullname|s:11:\"Alex Carrey\";email|s:15:\"admin@admin.com\";phone|s:10:\"1235467892\";isLogIn|b:1;'
WHERE `id` = 'b378674286d46f38dafee887428183ea9b76d9f8';
UPDATE `ci_sessions` SET `timestamp` = 1723698508, `data` = '__ci_last_regenerate|i:1723698508;id|s:4:\"2019\";user_id|s:5:\"admin\";username|s:5:\"admin\";sponsor_id|s:1:\"0\";fullname|s:11:\"Alex Carrey\";email|s:15:\"admin@admin.com\";phone|s:10:\"1235467892\";isLogIn|b:1;'
WHERE `id` = '7cb5447216aa64dc67f0a146d57adb629d14b3bd';
INSERT INTO `login_history` (`user_id`, `device`, `ip_address`, `date`) VALUES ('admin', 'Mozilla/5.0 (Windows NT 10.0; Win64; x64) AppleWebKit/537.36 (KHTML, like Gecko) Chrome/127.0.0.0 Safari/537.36', '98.242.157.169', '24-08-16 01:56');
UPDATE `user_registration` SET `popup_seen` = 'yes'
WHERE `user_id` = 'admin';
UPDATE `user_registration` SET `popup_seen` = 'yes'
WHERE `user_id` = 'admin';
UPDATE `ci_sessions` SET `timestamp` = 1723773703, `data` = '__ci_last_regenerate|i:1723773703;id|s:4:\"2019\";user_id|s:5:\"admin\";username|s:5:\"admin\";sponsor_id|s:1:\"0\";fullname|s:11:\"Alex Carrey\";email|s:15:\"admin@admin.com\";phone|s:10:\"1235467892\";isLogIn|b:1;'
WHERE `id` = 'e01d4eb3867df8795a372ccfbd9c6e2037e736fd';
UPDATE `ci_sessions` SET `timestamp` = 1723774025, `data` = '__ci_last_regenerate|i:1723774025;id|s:4:\"2019\";user_id|s:5:\"admin\";username|s:5:\"admin\";sponsor_id|s:1:\"0\";fullname|s:11:\"Alex Carrey\";email|s:15:\"admin@admin.com\";phone|s:10:\"1235467892\";isLogIn|b:1;'
WHERE `id` = 'acf9b0dceab69eabd9cb6abb92231050b75ea225';
UPDATE `user_registration` SET `language` = 'spanish'
WHERE `user_id` = 'admin';
UPDATE `user_registration` SET `language` = 'english'
WHERE `user_id` = 'admin';
UPDATE `user_registration` SET `popup_seen` = 'yes'
WHERE `user_id` = 'admin';
UPDATE `ci_sessions` SET `timestamp` = 1723776261, `data` = '__ci_last_regenerate|i:1723776261;id|s:4:\"2019\";user_id|s:5:\"admin\";username|s:5:\"admin\";sponsor_id|s:1:\"0\";fullname|s:11:\"Alex Carrey\";email|s:15:\"admin@admin.com\";phone|s:10:\"1235467892\";isLogIn|b:1;'
WHERE `id` = '09b6961a4ca440602a9a786a2db985bcd36ec905';
INSERT INTO `login_history` (`user_id`, `device`, `ip_address`, `date`) VALUES ('admin', 'Mozilla/5.0 (Windows NT 10.0; Win64; x64) AppleWebKit/537.36 (KHTML, like Gecko) Chrome/127.0.0.0 Safari/537.36', '98.242.157.169', '24-08-16 19:25');
UPDATE `user_registration` SET `popup_seen` = 'yes'
WHERE `user_id` = 'admin';
UPDATE `ci_sessions` SET `timestamp` = 1723838843, `data` = '__ci_last_regenerate|i:1723838843;id|s:4:\"2019\";user_id|s:5:\"admin\";username|s:5:\"admin\";sponsor_id|s:1:\"0\";fullname|s:11:\"Alex Carrey\";email|s:15:\"admin@admin.com\";phone|s:10:\"1235467892\";isLogIn|b:1;message|s:19:\"Welcome Alex Carrey\";__ci_vars|a:1:{s:7:\"message\";s:3:\"old\";}'
WHERE `id` = '1318b42cefb6212cc37111e40a3caa9df5c5b76f';
INSERT INTO `login_history` (`user_id`, `device`, `ip_address`, `date`) VALUES ('admin', 'Mozilla/5.0 (Windows NT 10.0; Win64; x64) AppleWebKit/537.36 (KHTML, like Gecko) Chrome/127.0.0.0 Safari/537.36', '152.58.216.158', '24-08-17 05:39');
UPDATE `user_registration` SET `popup_seen` = 'yes'
WHERE `user_id` = 'admin';
UPDATE `user_registration` SET `popup_seen` = 'no'
WHERE `user_id` = 'admin';
DELETE FROM `ci_sessions`
WHERE `id` = '3f0942126a50ca8780cef9b0d955c62f04deafa0';
INSERT INTO `login_history` (`user_id`, `device`, `ip_address`, `date`) VALUES ('admin', 'Mozilla/5.0 (Windows NT 10.0; Win64; x64) AppleWebKit/537.36 (KHTML, like Gecko) Chrome/127.0.0.0 Safari/537.36', '98.242.157.169', '24-08-19 00:30');
UPDATE `user_registration` SET `popup_seen` = 'yes'
WHERE `user_id` = 'admin';
UPDATE `ci_sessions` SET `timestamp` = 1724028812, `data` = '__ci_last_regenerate|i:1724028812;id|s:4:\"2019\";user_id|s:5:\"admin\";username|s:5:\"admin\";sponsor_id|s:1:\"0\";fullname|s:11:\"Alex Carrey\";email|s:15:\"admin@admin.com\";phone|s:10:\"1235467892\";isLogIn|b:1;message|s:19:\"Welcome Alex Carrey\";__ci_vars|a:1:{s:7:\"message\";s:3:\"old\";}'
WHERE `id` = '515b6949005a933394d107c72b020f7b5252a8ec';
UPDATE `user_registration` SET `popup_seen` = 'yes'
WHERE `user_id` = 'admin';
UPDATE `ci_sessions` SET `timestamp` = 1724035881, `data` = '__ci_last_regenerate|i:1724035881;id|s:4:\"2019\";user_id|s:5:\"admin\";username|s:5:\"admin\";sponsor_id|s:1:\"0\";fullname|s:11:\"Alex Carrey\";email|s:15:\"admin@admin.com\";phone|s:10:\"1235467892\";isLogIn|b:1;'
WHERE `id` = 'be4d6cc78e7338b80247d0c5a8959873fa6ba7de';
UPDATE `user_registration` SET `popup_seen` = 'yes'
WHERE `user_id` = 'admin';
UPDATE `ci_sessions` SET `timestamp` = 1724041829, `data` = '__ci_last_regenerate|i:1724041829;captcha|s:4:\"u679\";'
WHERE `id` = '5e0aa63d0f4bd7e557190d532281ad1ec91ca2d7';
UPDATE `admin` SET `last_login` = '2024-08-19 04:30:45', `ip_address` = '103.94.137.138'
WHERE `id` = '1';
INSERT INTO `login_history` (`user_id`, `device`, `ip_address`, `date`) VALUES ('admin', 'Mozilla/5.0 (Windows NT 10.0; Win64; x64) AppleWebKit/537.36 (KHTML, like Gecko) Chrome/127.0.0.0 Safari/537.36', '98.242.157.169', '24-08-19 07:13');
UPDATE `user_registration` SET `popup_seen` = 'yes'
WHERE `user_id` = 'admin';
UPDATE `admin` SET `last_logout` = '2024-08-19 07:47:46'
WHERE `id` IS NULL;
DELETE FROM `ci_sessions`
WHERE `id` = '50dcfd10a3d5c0f1986ffa8cef6fa2de4bc6f78e';
INSERT INTO `login_history` (`user_id`, `device`, `ip_address`, `date`) VALUES ('admin', 'Mozilla/5.0 (Windows NT 10.0; Win64; x64) AppleWebKit/537.36 (KHTML, like Gecko) Chrome/127.0.0.0 Safari/537.36', '27.60.133.114', '24-08-19 07:50');
UPDATE `user_registration` SET `popup_seen` = 'yes'
WHERE `user_id` = 'admin';
UPDATE `user_registration` SET `popup_seen` = 'no'
WHERE `user_id` = 'admin';
DELETE FROM `ci_sessions`
WHERE `id` = '095126c9f146c89df68f0348c5d76d8e1592bd93';
UPDATE `admin` SET `last_login` = '2024-08-19 07:53:55', `ip_address` = '27.60.133.114'
WHERE `id` = '1';
UPDATE `setting` SET `setting_id` = 1, `reg_fee` = '595', `month_fee` = '150', `conversion_points` = '1'
WHERE `setting_id` = 1;
UPDATE `admin` SET `last_logout` = '2024-08-19 11:40:17'
WHERE `id` IS NULL;
DELETE FROM `ci_sessions`
WHERE `id` = '169851ae69690b68b195d475006a5bc52265aff0';
UPDATE `admin` SET `last_login` = '2024-08-19 11:40:20', `ip_address` = '27.60.133.22'
WHERE `id` = '1';
INSERT INTO `login_history` (`user_id`, `device`, `ip_address`, `date`) VALUES ('admin', 'Mozilla/5.0 (Windows NT 10.0; Win64; x64) AppleWebKit/537.36 (KHTML, like Gecko) Chrome/127.0.0.0 Safari/537.36', '98.242.157.169', '24-08-19 21:14');
UPDATE `user_registration` SET `popup_seen` = 'yes'
WHERE `user_id` = 'admin';
UPDATE `user_registration` SET `popup_seen` = 'yes'
WHERE `user_id` = 'admin';
INSERT INTO `login_history` (`user_id`, `device`, `ip_address`, `date`) VALUES ('admin', 'Mozilla/5.0 (Windows NT 10.0; Win64; x64) AppleWebKit/537.36 (KHTML, like Gecko) Chrome/127.0.0.0 Safari/537.36', '98.242.157.169', '24-08-20 00:32');
UPDATE `user_registration` SET `popup_seen` = 'yes'
WHERE `user_id` = 'admin';
UPDATE `ci_sessions` SET `timestamp` = 1724118219, `data` = '__ci_last_regenerate|i:1724118219;id|s:4:\"2019\";user_id|s:5:\"admin\";username|s:5:\"admin\";sponsor_id|s:1:\"0\";fullname|s:11:\"Alex Carrey\";email|s:15:\"admin@admin.com\";phone|s:10:\"1235467892\";isLogIn|b:1;message|s:19:\"Welcome Alex Carrey\";__ci_vars|a:1:{s:7:\"message\";s:3:\"old\";}'
WHERE `id` = '16cf1868a7b29eb38fa5321053b323641a424398';
UPDATE `user_registration` SET `popup_seen` = 'yes'
WHERE `user_id` = 'admin';
INSERT INTO `login_history` (`user_id`, `device`, `ip_address`, `date`) VALUES ('admin', 'Mozilla/5.0 (Windows NT 10.0; Win64; x64) AppleWebKit/537.36 (KHTML, like Gecko) Chrome/127.0.0.0 Safari/537.36', '27.60.132.202', '24-08-20 05:36');
UPDATE `user_registration` SET `popup_seen` = 'yes'
WHERE `user_id` = 'admin';
UPDATE `user_registration` SET `popup_seen` = 'yes'
WHERE `user_id` = 'admin';
UPDATE `user_registration` SET `popup_seen` = 'yes'
WHERE `user_id` = 'admin';
UPDATE `admin` SET `last_login` = '2024-08-20 06:00:46', `ip_address` = '103.94.137.138'
WHERE `id` = '1';
INSERT INTO `reward` (`reward_id`, `reward_name`, `reward_amount`, `reward_value`, `reward_discount`, `reward_details`, `status`, `date`, `reward_image`) VALUES ('', 'test', '100', '400', '90', '<p>testtests</p>\r\n', 1, '2024-08-20 06:01:23', 'upload/reward_image/01ad52f15d3add374e16b417a8274167.png');
UPDATE `ci_sessions` SET `timestamp` = 1724135817, `data` = '__ci_last_regenerate|i:1724135817;id|s:4:\"2019\";user_id|s:5:\"admin\";username|s:5:\"admin\";sponsor_id|s:1:\"0\";fullname|s:11:\"Alex Carrey\";email|s:15:\"admin@admin.com\";phone|s:10:\"1235467892\";isLogIn|b:1;'
WHERE `id` = '9b8b05b037bc2953dfe00c11d23ec61076b7bbd4';
INSERT INTO `login_history` (`user_id`, `device`, `ip_address`, `date`) VALUES ('admin', 'Mozilla/5.0 (Windows NT 10.0; Win64; x64) AppleWebKit/537.36 (KHTML, like Gecko) Chrome/127.0.0.0 Safari/537.36', '98.242.157.169', '24-08-20 20:03');
UPDATE `user_registration` SET `popup_seen` = 'yes'
WHERE `user_id` = 'admin';
INSERT INTO `login_history` (`user_id`, `device`, `ip_address`, `date`) VALUES ('admin', 'Mozilla/5.0 (Windows NT 10.0; Win64; x64) AppleWebKit/537.36 (KHTML, like Gecko) Chrome/127.0.0.0 Safari/537.36', '98.242.157.169', '24-08-21 04:01');
UPDATE `user_registration` SET `popup_seen` = 'yes'
WHERE `user_id` = 'admin';
UPDATE `ci_sessions` SET `timestamp` = 1724221584, `data` = '__ci_last_regenerate|i:1724221584;captcha|s:4:\"ncta\";'
WHERE `id` = 'e2b42246d57cfc709c38fc34629dfa3ac9774a1a';
UPDATE `ci_sessions` SET `timestamp` = 1724222096, `data` = '__ci_last_regenerate|i:1724222096;captcha|s:4:\"3ljy\";'
WHERE `id` = '84739f881301059c086fe174b69123359cfcfdb4';
UPDATE `ci_sessions` SET `timestamp` = 1724222436, `data` = '__ci_last_regenerate|i:1724222436;captcha|s:4:\"ncta\";'
WHERE `id` = 'dd3e79ef09faf29af4f033efa75719522c016c2b';
INSERT INTO `login_history` (`user_id`, `device`, `ip_address`, `date`) VALUES ('admin', 'Mozilla/5.0 (Windows NT 10.0; Win64; x64) AppleWebKit/537.36 (KHTML, like Gecko) Chrome/127.0.0.0 Safari/537.36', '27.97.176.40', '24-08-21 12:40');
UPDATE `user_registration` SET `popup_seen` = 'yes'
WHERE `user_id` = 'admin';
INSERT INTO `reward_purchase_history` (`user_id`, `reward_id`, `amount`, `reward_value`, `reward_points`, `available_points`, `conversion_point_rate`, `payment_option`, `reward_name`, `date`, `type`) VALUES ('admin', '3', '300', '250', '50', '14950', '1', 'free', 'Reward', '2024-08-21 12:41:31', 'reward_claim');
UPDATE `user_registration` SET total_points = ROUND(total_points - 50,2)
WHERE `user_id` = 'admin';
INSERT INTO `login_history` (`user_id`, `device`, `ip_address`, `date`) VALUES ('admin', 'Mozilla/5.0 (Windows NT 10.0; Win64; x64) AppleWebKit/537.36 (KHTML, like Gecko) Chrome/127.0.0.0 Safari/537.36', '98.242.157.169', '24-08-21 23:04');
UPDATE `user_registration` SET `popup_seen` = 'yes'
WHERE `user_id` = 'admin';
INSERT INTO `login_history` (`user_id`, `device`, `ip_address`, `date`) VALUES ('admin', 'Mozilla/5.0 (Macintosh; Intel Mac OS X 10_15_7) AppleWebKit/537.36 (KHTML, like Gecko) Chrome/127.0.0.0 Safari/537.36', '103.94.137.138', '24-08-22 04:16');
UPDATE `user_registration` SET `popup_seen` = 'yes'
WHERE `user_id` = 'admin';
UPDATE `user_registration` SET `popup_seen` = 'yes'
WHERE `user_id` = 'admin';
UPDATE `user_registration` SET `popup_seen` = 'yes'
WHERE `user_id` = 'admin';
UPDATE `ci_sessions` SET `timestamp` = 1724300857, `data` = '__ci_last_regenerate|i:1724300857;captcha|s:4:\"rka4\";'
WHERE `id` = '25837fbbf650aa3c13df151629d02988cf4d97d7';
UPDATE `admin` SET `last_login` = '2024-08-22 04:27:45', `ip_address` = '103.94.137.138'
WHERE `id` = '1';
UPDATE `ci_sessions` SET `timestamp` = 1724301481, `data` = '__ci_last_regenerate|i:1724301481;isLogIn|b:1;isAdmin|b:1;id|s:1:\"1\";fullname|s:11:\"admin admin\";user_level|s:5:\"Admin\";email|s:15:\"admin@admin.com\";image|s:53:\"upload/settings/4a1f1b602322adb837a7a3547ee69cf3.jpeg\";last_login|s:19:\"2024-08-21 14:04:05\";last_logout|s:19:\"2024-08-13 09:47:01\";ip_address|s:3:\"::1\";'
WHERE `id` = '82887b842cc7efa1af5b29bbac545513ff69a6f2';
UPDATE `ci_sessions` SET `timestamp` = 1724305685, `data` = '__ci_last_regenerate|i:1724305685;isLogIn|b:1;isAdmin|b:1;id|s:1:\"1\";fullname|s:11:\"admin admin\";user_level|s:5:\"Admin\";email|s:15:\"admin@admin.com\";image|s:53:\"upload/settings/4a1f1b602322adb837a7a3547ee69cf3.jpeg\";last_login|s:19:\"2024-08-21 14:04:05\";last_logout|s:19:\"2024-08-13 09:47:01\";ip_address|s:3:\"::1\";'
WHERE `id` = 'c1de5469ef1e4bdc3f01a6e068733dcebb4a6cc8';
UPDATE `admin` SET `last_logout` = '2024-08-22 05:48:23'
WHERE `id` IS NULL;
DELETE FROM `ci_sessions`
WHERE `id` = 'd8d53eb76166076bd5f23f6a7dfc3ed93a45ccd2';
UPDATE `reward` SET `reward_id` = '3', `reward_name` = 'Reward', `reward_amount` = '300', `reward_value` = '250', `reward_points` = '50', `reward_discount` = '5', `reward_details` = '<p>This is a new reward. This is a new rewardThis is a new reward&nbsp;This is a new reward&nbsp;This is a new reward</p>\r\n', `status` = 1, `date` = '2024-08-22 05:49:24', `reward_image` = 'upload/reward_image/8c434d7333867357a19d6fe656fdb8eb.png'
WHERE `reward_id` = '3';
UPDATE `reward` SET `reward_id` = '2', `reward_name` = 'test', `reward_amount` = '222', `reward_value` = '333', `reward_points` = '0', `reward_discount` = '20', `reward_details` = '<p>fdsfsdfs</p>\r\n', `status` = 1, `date` = '2024-08-22 05:50:24', `reward_image` = 'upload/reward_image/e83920738375895fc4e1b3bf99078ca2.jpg'
WHERE `reward_id` = '2';
UPDATE `reward` SET `reward_id` = '3', `reward_name` = 'Reward', `reward_amount` = '300', `reward_value` = '250', `reward_points` = '50', `reward_discount` = '5', `reward_details` = '<p>This is a new reward. This is a new rewardThis is a new reward&nbsp;This is a new reward&nbsp;This is a new reward</p>\r\n', `status` = 1, `date` = '2024-08-22 05:50:45', `reward_image` = 'upload/reward_image/998cfb7d2966fdcfba39ac9363b3f3d0.jpg'
WHERE `reward_id` = '3';
UPDATE `product` SET `product_id` = '5', `product_name` = ' Pro Max', `product_amount` = '225', `product_value` = '250', `product_discount` = '10', `product_details` = '<p>test <em>hgjjhg</em></p>\r\n', `status` = 1, `date` = '2024-08-22 05:51:33', `product_image` = 'upload/product_image/f60693cf190b4b43e3f51ed7d4129d9d.jpg'
WHERE `product_id` = '5';
UPDATE `admin` SET `last_login` = '2024-08-22 05:51:51', `ip_address` = '152.58.203.93'
WHERE `id` = '1';
UPDATE `ci_sessions` SET `timestamp` = 1724305995, `data` = '__ci_last_regenerate|i:1724305995;isLogIn|b:1;isAdmin|b:1;id|s:1:\"1\";fullname|s:11:\"admin admin\";user_level|s:5:\"Admin\";email|s:15:\"admin@admin.com\";image|s:53:\"upload/settings/4a1f1b602322adb837a7a3547ee69cf3.jpeg\";last_login|s:19:\"2024-08-21 14:04:05\";last_logout|s:19:\"2024-08-13 09:47:01\";ip_address|s:3:\"::1\";'
WHERE `id` = '97aa3f5658857656bf9c37e32155c447185fa0d7';
UPDATE `admin` SET `last_login` = '2024-08-22 07:26:10', `ip_address` = '103.94.137.138'
WHERE `id` = '1';
UPDATE `admin` SET `last_logout` = '2024-08-22 10:49:19'
WHERE `id` IS NULL;
DELETE FROM `ci_sessions`
WHERE `id` = '31005f80b6f093df7a81cf576dbe25af2de850e1';
UPDATE `admin` SET `last_login` = '2024-08-24 03:39:19', `ip_address` = '49.47.195.81'
WHERE `id` = '1';
UPDATE `ci_sessions` SET `timestamp` = 1724470826, `data` = '__ci_last_regenerate|i:1724470826;isLogIn|b:1;isAdmin|b:1;id|s:1:\"1\";fullname|s:11:\"admin admin\";user_level|s:5:\"Admin\";email|s:15:\"admin@admin.com\";image|s:53:\"upload/settings/4a1f1b602322adb837a7a3547ee69cf3.jpeg\";last_login|s:19:\"2024-08-22 11:22:14\";last_logout|s:19:\"2024-08-13 09:47:01\";ip_address|s:9:\"127.0.0.1\";'
WHERE `id` = 'a328146bbd1dc8bc7113e400838e29ee7983a2e3';
UPDATE `bv_updation` SET `rank_id` = '3'
WHERE `user_id` = 'OSI85Q';
UPDATE `user_registration` SET `rank_id` = '3'
WHERE `user_id` = 'OSI85Q';
INSERT INTO `rank_history` (`rank_id`, `user_id`, `name`, `bv`, `date`, `amount`, `type`) VALUES ('3', 'OSI85Q', 'Executive', '3750', '2024-08-24 03:40:41', 0, 'manual');
UPDATE `bv_updation` SET `rank_id` = '6'
WHERE `user_id` = 'OSI85Q';
UPDATE `user_registration` SET `rank_id` = '6'
WHERE `user_id` = 'OSI85Q';
INSERT INTO `rank_history` (`rank_id`, `user_id`, `name`, `bv`, `date`, `amount`, `type`) VALUES ('6', 'OSI85Q', 'President', '101250', '2024-08-24 03:40:51', 0, 'manual');
UPDATE `bv_updation` SET `rank_id` = '7'
WHERE `user_id` = 'OSI85Q';
UPDATE `user_registration` SET `rank_id` = '7'
WHERE `user_id` = 'OSI85Q';
INSERT INTO `rank_history` (`rank_id`, `user_id`, `name`, `bv`, `date`, `amount`, `type`) VALUES ('7', 'OSI85Q', 'Legend', '303750', '2024-08-24 03:41:06', 0, 'manual');
UPDATE `user_registration` SET `uid` = '2029', `user_id` = 'LX7QTU', `username` = 'man100', `sponsor_id` = 'OSI85Q', `vacant` = 'no', `f_name` = 'dsqwq', `l_name` = 'asasas', `address` = 'asasas', `position` = 'right', `email` = 'weqewq@a.sasas', `password` = 'e10adc3949ba59abbe56e057f20f883e', `phone` = '23223232', `reg_ip` = '49.47.195.81', `status` = 1, `package_id` = 1, `rank_id` = 1, `highest_rank` = 1, `country` = 'United States', `state` = 'Arkansas', `city` = 'qwqw', `street` = 'saas2121', `zip_code` = '23232323', `created` = '2024-08-24 03:44:50', `google_secret` = 'CNSWL3O4FQZROS54'
WHERE `uid` = '2029';
INSERT INTO `user_registration` (`uid`, `user_id`, `username`, `sponsor_id`, `placement_id`, `vacant`, `f_name`, `l_name`, `address`, `position`, `email`, `password`, `phone`, `reg_ip`, `status`, `created`) VALUES (NULL, 'DXPZAI', 'aQZaZKiX', 'LX7QTU', 'LX7QTU', 'yes', '', '', '', 'left', '@mail.com', '', '', '', 0, '2024-08-24 03:44:50');
INSERT INTO `user_registration` (`uid`, `user_id`, `username`, `sponsor_id`, `placement_id`, `vacant`, `f_name`, `l_name`, `address`, `position`, `email`, `password`, `phone`, `reg_ip`, `status`, `created`) VALUES (NULL, 'TEWUGF', 'vYkMuqdS', 'LX7QTU', 'LX7QTU', 'yes', '', '', '', 'right', '@mail.com', '', '', '', 0, '2024-08-24 03:44:50');
INSERT INTO `bv_updation` (`user_id`) VALUES ('LX7QTU');
UPDATE `user_registration` SET total_ref_count = total_ref_count+1
WHERE `user_id` = 'OSI85Q';
UPDATE `user_registration` SET total_ref_count = total_ref_count+1
WHERE `user_id` = 'OSI85Q';
UPDATE `user_registration` SET total_downlines = total_downlines+1
WHERE `user_id` = 'OSI85Q';
UPDATE `user_registration` SET right_downlines = right_downlines+1
WHERE `user_id` = 'OSI85Q';
UPDATE `user_registration` SET right_ref_count = right_ref_count+1
WHERE `user_id` = 'OSI85Q';
UPDATE `user_registration` SET active_right = active_right+1
WHERE `user_id` = 'OSI85Q';
UPDATE `user_registration` SET total_downlines = total_downlines+1
WHERE `user_id` = 'UDGPHD';
UPDATE `user_registration` SET left_downlines = left_downlines+1
WHERE `user_id` = 'UDGPHD';
UPDATE `user_registration` SET total_downlines = total_downlines+1
WHERE `user_id` = 'admin';
UPDATE `user_registration` SET left_downlines = left_downlines+1
WHERE `user_id` = 'admin';
INSERT INTO `earnings` (`user_id`, `Purchaser_id`, `earning_type`, `package_id`, `amount`, `date`, `comments`, `invest_amount`, `comm_perc`, `level`) VALUES ('OSI85Q', 'LX7QTU', 'Direct Referral Bonus', 0, '500', '2024-08-24 03:44:50', 'Direct Referral Bonus', 0, 0, 1);
UPDATE `user_registration` SET commission_balance = ROUND(commission_balance + 500,2)
WHERE `user_id` = 'OSI85Q';
UPDATE `bv_updation` SET right_carry = right_carry+250, total_right = total_right+250
WHERE `user_id` = 'OSI85Q';
INSERT INTO `placement_bv_update_history` (`right_carry`, `date`, `from_id`, `user_id`) VALUES (250, '2024-08-24 03:44:50', 'LX7QTU', 'OSI85Q');
UPDATE `bv_updation` SET sponsor_right_carry = sponsor_right_carry+250, sponsor_total_right = sponsor_total_right+250
WHERE `user_id` = 'OSI85Q';
INSERT INTO `sponsor_bv_update_history` (`right_carry`, `date`, `user_id`) VALUES (250, '2024-08-24 03:44:50', 'OSI85Q');
UPDATE `bv_updation` SET left_carry = left_carry+250, total_left = total_left+250
WHERE `user_id` = 'UDGPHD';
INSERT INTO `placement_bv_update_history` (`left_carry`, `date`, `from_id`, `user_id`) VALUES (250, '2024-08-24 03:44:50', 'LX7QTU', 'UDGPHD');
UPDATE `bv_updation` SET `rank_id` = '1'
WHERE `user_id` = 'UDGPHD';
UPDATE `user_registration` SET `rank_id` = '1'
WHERE `user_id` = 'UDGPHD';
INSERT INTO `rank_history` (`rank_id`, `user_id`, `name`, `bv`, `date`, `amount`, `type`) VALUES ('1', 'UDGPHD', 'Affiliate', '0', '2024-08-24 03:44:50', '0', 'auto');
UPDATE `user_registration` SET `highest_rank` = '1'
WHERE `user_id` = 'UDGPHD';
UPDATE `bv_updation` SET left_carry = left_carry+250, total_left = total_left+250
WHERE `user_id` = 'admin';
INSERT INTO `placement_bv_update_history` (`left_carry`, `date`, `from_id`, `user_id`) VALUES (250, '2024-08-24 03:44:50', 'LX7QTU', 'admin');
UPDATE `bv_updation` SET `rank_id` = '1'
WHERE `user_id` = 'admin';
UPDATE `user_registration` SET `rank_id` = '1'
WHERE `user_id` = 'admin';
INSERT INTO `rank_history` (`rank_id`, `user_id`, `name`, `bv`, `date`, `amount`, `type`) VALUES ('1', 'admin', 'Affiliate', '0', '2024-08-24 03:44:50', '0', 'auto');
UPDATE `user_registration` SET `highest_rank` = '1'
WHERE `user_id` = 'admin';
UPDATE `ci_sessions` SET `timestamp` = 1724471130, `data` = '__ci_last_regenerate|i:1724471130;isLogIn|b:1;isAdmin|b:1;id|s:1:\"1\";fullname|s:11:\"admin admin\";user_level|s:5:\"Admin\";email|s:15:\"admin@admin.com\";image|s:53:\"upload/settings/4a1f1b602322adb837a7a3547ee69cf3.jpeg\";last_login|s:19:\"2024-08-22 11:22:14\";last_logout|s:19:\"2024-08-13 09:47:01\";ip_address|s:9:\"127.0.0.1\";'
WHERE `id` = '7c752f360177924a70a9b65724b60fc8990ba25d';
UPDATE `ci_sessions` SET `timestamp` = 1724471527, `data` = '__ci_last_regenerate|i:1724471527;isLogIn|b:1;isAdmin|b:1;id|s:1:\"1\";fullname|s:11:\"admin admin\";user_level|s:5:\"Admin\";email|s:15:\"admin@admin.com\";image|s:53:\"upload/settings/4a1f1b602322adb837a7a3547ee69cf3.jpeg\";last_login|s:19:\"2024-08-22 11:22:14\";last_logout|s:19:\"2024-08-13 09:47:01\";ip_address|s:9:\"127.0.0.1\";'
WHERE `id` = '5818355bc2031f68e530127ca69b8dc2c43db9ca';
UPDATE `admin` SET `last_logout` = '2024-08-24 10:17:44'
WHERE `id` IS NULL;
DELETE FROM `ci_sessions`
WHERE `id` = 'fa827e8ae8462ebeb8ab425ad9725493e83cf152';
UPDATE `admin` SET `last_login` = '2024-08-24 10:18:12', `ip_address` = '49.47.195.81'
WHERE `id` = '1';
UPDATE `user_registration` SET `popup_seen` = 'yes'
WHERE `user_id` IS NULL;
UPDATE `user_registration` SET `popup_seen` = 'yes'
WHERE `user_id` IS NULL;
UPDATE `user_registration` SET `popup_seen` = 'yes'
WHERE `user_id` IS NULL;
UPDATE `user_registration` SET `popup_seen` = 'yes'
WHERE `user_id` IS NULL;
UPDATE `user_registration` SET `popup_seen` = 'yes'
WHERE `user_id` IS NULL;
UPDATE `ci_sessions` SET `timestamp` = 1724494977, `data` = '__ci_last_regenerate|i:1724494977;isLogIn|b:1;isAdmin|b:1;id|s:1:\"1\";fullname|s:11:\"admin admin\";user_level|s:5:\"Admin\";email|s:15:\"admin@admin.com\";image|s:53:\"upload/settings/4a1f1b602322adb837a7a3547ee69cf3.jpeg\";last_login|s:19:\"2024-08-24 03:39:19\";last_logout|s:19:\"2024-08-13 09:47:01\";ip_address|s:12:\"49.47.195.81\";'
WHERE `id` = 'b771d21245c37a385183289da8650fabccc198d7';
UPDATE `admin` SET `last_logout` = '2024-08-24 10:23:44'
WHERE `id` = '1';
DELETE FROM `ci_sessions`
WHERE `id` = '37705ab860718d035429556658904e998369e612';
INSERT INTO `login_history` (`user_id`, `device`, `ip_address`, `date`) VALUES ('admin', 'Mozilla/5.0 (iPhone; CPU iPhone OS 17_5_1 like Mac OS X) AppleWebKit/605.1.15 (KHTML, like Gecko) Version/17.5 Mobile/15E148 Safari/604.1', '49.47.195.81', '24-08-24 10:24');
UPDATE `user_registration` SET `popup_seen` = 'yes'
WHERE `user_id` = 'admin';
UPDATE `user_registration` SET `popup_seen` = 'no'
WHERE `user_id` = 'admin';
DELETE FROM `ci_sessions`
WHERE `id` = '346823121cdfe1f054c429a21c03525215a4cdb1';
UPDATE `admin` SET `last_logout` = '2024-08-24 10:27:26'
WHERE `id` IS NULL;
DELETE FROM `ci_sessions`
WHERE `id` = '66ff6cfdf292075a59bf3c5906694fddc8b742e9';
UPDATE `admin` SET `last_login` = '2024-08-24 10:27:34', `ip_address` = '49.47.195.81'
WHERE `id` = '1';
UPDATE `admin` SET `last_logout` = '2024-08-24 10:28:19'
WHERE `id` IS NULL;
DELETE FROM `ci_sessions`
WHERE `id` = '5692367d78912827c606fb2e945ccafd2ed06374';
INSERT INTO `login_history` (`user_id`, `device`, `ip_address`, `date`) VALUES ('admin', 'Mozilla/5.0 (Macintosh; Intel Mac OS X 10_15_7) AppleWebKit/605.1.15 (KHTML, like Gecko) Version/17.2 Safari/605.1.15', '49.47.195.81', '24-08-24 10:28');
UPDATE `user_registration` SET `popup_seen` = 'yes'
WHERE `user_id` = 'admin';
UPDATE `user_registration` SET `popup_seen` = 'yes'
WHERE `user_id` = 'admin';
UPDATE `user_registration` SET `popup_seen` = 'yes'
WHERE `user_id` = 'admin';
UPDATE `user_registration` SET `popup_seen` = 'yes'
WHERE `user_id` = 'admin';
UPDATE `user_registration` SET `popup_seen` = 'yes'
WHERE `user_id` = 'admin';
UPDATE `user_registration` SET `popup_seen` = 'yes'
WHERE `user_id` = 'admin';
UPDATE `user_registration` SET `popup_seen` = 'yes'
WHERE `user_id` = 'admin';
UPDATE `ci_sessions` SET `timestamp` = 1724495573, `data` = '__ci_last_regenerate|i:1724495573;isLogIn|b:1;isAdmin|b:1;id|s:1:\"1\";fullname|s:11:\"admin admin\";user_level|s:5:\"Admin\";email|s:15:\"admin@admin.com\";image|s:53:\"upload/settings/4a1f1b602322adb837a7a3547ee69cf3.jpeg\";last_login|s:19:\"2024-08-24 10:18:12\";last_logout|s:19:\"2024-08-24 10:23:44\";ip_address|s:12:\"49.47.195.81\";'
WHERE `id` = '9247791c62278d6e17c031e1968915df40a2a71a';
UPDATE `bv_updation` SET `rank_id` = '3'
WHERE `user_id` = 'UDGPHD';
UPDATE `user_registration` SET `rank_id` = '3'
WHERE `user_id` = 'UDGPHD';
INSERT INTO `rank_history` (`rank_id`, `user_id`, `name`, `bv`, `date`, `amount`, `type`) VALUES ('3', 'UDGPHD', 'Executive', '3750', '2024-08-24 10:34:10', 0, 'manual');
UPDATE `ci_sessions` SET `timestamp` = 1724495880, `data` = '__ci_last_regenerate|i:1724495880;isLogIn|b:1;isAdmin|b:1;id|s:1:\"1\";fullname|s:11:\"admin admin\";user_level|s:5:\"Admin\";email|s:15:\"admin@admin.com\";image|s:53:\"upload/settings/4a1f1b602322adb837a7a3547ee69cf3.jpeg\";last_login|s:19:\"2024-08-24 10:18:12\";last_logout|s:19:\"2024-08-24 10:23:44\";ip_address|s:12:\"49.47.195.81\";'
WHERE `id` = 'd04c3bfc649b825809180f7bca969613cb0fe7e1';
UPDATE `admin` SET `last_login` = '2024-08-24 10:38:19', `ip_address` = '152.58.219.101'
WHERE `id` = '1';
UPDATE `bv_updation` SET `rank_id` = '6'
WHERE `user_id` = 'KFZKM3';
UPDATE `user_registration` SET `rank_id` = '6'
WHERE `user_id` = 'KFZKM3';
INSERT INTO `rank_history` (`rank_id`, `user_id`, `name`, `bv`, `date`, `amount`, `type`) VALUES ('6', 'KFZKM3', 'President', '101250', '2024-08-24 10:38:44', 0, 'manual');
UPDATE `user_registration` SET `uid` = '2039', `user_id` = 'U376LG', `username` = 'ambtest', `sponsor_id` = 'KFZKM3', `vacant` = 'no', `f_name` = 'ssqsq', `l_name` = 'aqwqw', `address` = 'sasas', `position` = 'right', `email` = 'weqw@a.saxzx', `password` = 'e10adc3949ba59abbe56e057f20f883e', `phone` = '32323232', `reg_ip` = '49.47.195.81', `status` = 1, `package_id` = 1, `rank_id` = 1, `highest_rank` = 1, `country` = 'United States', `state` = 'Alaska', `city` = 'wwew', `street` = 'asqwqw2', `zip_code` = '32323', `created` = '2024-08-24 10:39:36', `google_secret` = 'PZ2CY566JLOTWEP2'
WHERE `uid` = '2039';
INSERT INTO `user_registration` (`uid`, `user_id`, `username`, `sponsor_id`, `placement_id`, `vacant`, `f_name`, `l_name`, `address`, `position`, `email`, `password`, `phone`, `reg_ip`, `status`, `created`) VALUES (NULL, 'WUFTOQ', 'IzpLFqSh', 'U376LG', 'U376LG', 'yes', '', '', '', 'left', '@mail.com', '', '', '', 0, '2024-08-24 10:39:36');
INSERT INTO `user_registration` (`uid`, `user_id`, `username`, `sponsor_id`, `placement_id`, `vacant`, `f_name`, `l_name`, `address`, `position`, `email`, `password`, `phone`, `reg_ip`, `status`, `created`) VALUES (NULL, 'EBDVEF', 'AiSLMyuj', 'U376LG', 'U376LG', 'yes', '', '', '', 'right', '@mail.com', '', '', '', 0, '2024-08-24 10:39:36');
INSERT INTO `bv_updation` (`user_id`) VALUES ('U376LG');
UPDATE `user_registration` SET total_ref_count = total_ref_count+1
WHERE `user_id` = 'KFZKM3';
UPDATE `user_registration` SET total_ref_count = total_ref_count+1
WHERE `user_id` = 'KFZKM3';
UPDATE `user_registration` SET total_downlines = total_downlines+1
WHERE `user_id` = 'KFZKM3';
UPDATE `user_registration` SET right_downlines = right_downlines+1
WHERE `user_id` = 'KFZKM3';
UPDATE `user_registration` SET right_ref_count = right_ref_count+1
WHERE `user_id` = 'KFZKM3';
UPDATE `user_registration` SET active_right = active_right+1
WHERE `user_id` = 'KFZKM3';
UPDATE `user_registration` SET total_downlines = total_downlines+1
WHERE `user_id` = '2PSQ12';
UPDATE `user_registration` SET right_downlines = right_downlines+1
WHERE `user_id` = '2PSQ12';
UPDATE `user_registration` SET total_downlines = total_downlines+1
WHERE `user_id` = '8FUX8H';
UPDATE `user_registration` SET right_downlines = right_downlines+1
WHERE `user_id` = '8FUX8H';
UPDATE `user_registration` SET total_downlines = total_downlines+1
WHERE `user_id` = 'ZQHFNZ';
UPDATE `user_registration` SET right_downlines = right_downlines+1
WHERE `user_id` = 'ZQHFNZ';
UPDATE `user_registration` SET total_downlines = total_downlines+1
WHERE `user_id` = 'admin';
UPDATE `user_registration` SET right_downlines = right_downlines+1
WHERE `user_id` = 'admin';
INSERT INTO `earnings` (`user_id`, `Purchaser_id`, `earning_type`, `package_id`, `amount`, `date`, `comments`, `invest_amount`, `comm_perc`, `level`) VALUES ('KFZKM3', 'U376LG', 'Direct Referral Bonus', 0, '500', '2024-08-24 10:39:36', 'Direct Referral Bonus', 0, 0, 1);
UPDATE `user_registration` SET commission_balance = ROUND(commission_balance + 500,2)
WHERE `user_id` = 'KFZKM3';
UPDATE `bv_updation` SET right_carry = right_carry+250, total_right = total_right+250
WHERE `user_id` = 'KFZKM3';
INSERT INTO `placement_bv_update_history` (`right_carry`, `date`, `from_id`, `user_id`) VALUES (250, '2024-08-24 10:39:36', 'U376LG', 'KFZKM3');
UPDATE `bv_updation` SET sponsor_right_carry = sponsor_right_carry+250, sponsor_total_right = sponsor_total_right+250
WHERE `user_id` = 'KFZKM3';
INSERT INTO `sponsor_bv_update_history` (`right_carry`, `date`, `user_id`) VALUES (250, '2024-08-24 10:39:36', 'KFZKM3');
UPDATE `bv_updation` SET right_carry = right_carry+250, total_right = total_right+250
WHERE `user_id` = '2PSQ12';
INSERT INTO `placement_bv_update_history` (`right_carry`, `date`, `from_id`, `user_id`) VALUES (250, '2024-08-24 10:39:36', 'U376LG', '2PSQ12');
UPDATE `bv_updation` SET right_carry = right_carry+250, total_right = total_right+250
WHERE `user_id` = '8FUX8H';
INSERT INTO `placement_bv_update_history` (`right_carry`, `date`, `from_id`, `user_id`) VALUES (250, '2024-08-24 10:39:36', 'U376LG', '8FUX8H');
UPDATE `bv_updation` SET right_carry = right_carry+250, total_right = total_right+250
WHERE `user_id` = 'ZQHFNZ';
INSERT INTO `placement_bv_update_history` (`right_carry`, `date`, `from_id`, `user_id`) VALUES (250, '2024-08-24 10:39:36', 'U376LG', 'ZQHFNZ');
UPDATE `bv_updation` SET right_carry = right_carry+250, total_right = total_right+250
WHERE `user_id` = 'admin';
INSERT INTO `placement_bv_update_history` (`right_carry`, `date`, `from_id`, `user_id`) VALUES (250, '2024-08-24 10:39:36', 'U376LG', 'admin');
INSERT INTO `cron_job_history` (`name`, `date_started`, `status`) VALUES ('calculate_rank_bonus', '2024-08-24 10:39:48', 'started');
INSERT INTO `monthly_cleared_data` (`user_id`, `left_carry`, `right_carry`, `rank_id`, `date`) VALUES ('admin', '250', '250', '1', '2024-08-24 10:39:48');
UPDATE `bv_updation` SET `rank_id` = 0
WHERE `user_id` = 'admin';
UPDATE `user_registration` SET `rank_id` = 0
WHERE `user_id` = 'admin';
UPDATE `bv_updation` SET left_carry = 0, right_carry = 0
WHERE `user_id` = 'admin';
INSERT INTO `earnings` (`user_id`, `Purchaser_id`, `earning_type`, `package_id`, `amount`, `date`, `comments`, `invest_amount`, `comm_perc`, `level`) VALUES ('UDGPHD', 'UDGPHD', 'Rank Bonus', 0, '2000', '2024-08-24 10:39:48', 'Rank Bonus', '2000', '2000', '3');
UPDATE `user_registration` SET commission_balance = ROUND(commission_balance + 2000,2)
WHERE `user_id` = 'UDGPHD';
INSERT INTO `monthly_cleared_data` (`user_id`, `left_carry`, `right_carry`, `rank_id`, `date`) VALUES ('UDGPHD', '250', '0', '3', '2024-08-24 10:39:48');
UPDATE `bv_updation` SET `rank_id` = 0
WHERE `user_id` = 'UDGPHD';
UPDATE `user_registration` SET `rank_id` = 0
WHERE `user_id` = 'UDGPHD';
UPDATE `bv_updation` SET left_carry = 0, right_carry = 0
WHERE `user_id` = 'UDGPHD';
INSERT INTO `monthly_cleared_data` (`user_id`, `left_carry`, `right_carry`, `rank_id`, `date`) VALUES ('ZQHFNZ', '0', '250', '0', '2024-08-24 10:39:48');
UPDATE `bv_updation` SET `rank_id` = 0
WHERE `user_id` = 'ZQHFNZ';
UPDATE `user_registration` SET `rank_id` = 0
WHERE `user_id` = 'ZQHFNZ';
UPDATE `bv_updation` SET left_carry = 0, right_carry = 0
WHERE `user_id` = 'ZQHFNZ';
INSERT INTO `monthly_cleared_data` (`user_id`, `left_carry`, `right_carry`, `rank_id`, `date`) VALUES ('8FUX8H', '0', '250', '0', '2024-08-24 10:39:48');
UPDATE `bv_updation` SET `rank_id` = 0
WHERE `user_id` = '8FUX8H';
UPDATE `user_registration` SET `rank_id` = 0
WHERE `user_id` = '8FUX8H';
UPDATE `bv_updation` SET left_carry = 0, right_carry = 0
WHERE `user_id` = '8FUX8H';
INSERT INTO `monthly_cleared_data` (`user_id`, `left_carry`, `right_carry`, `rank_id`, `date`) VALUES ('2PSQ12', '0', '250', '0', '2024-08-24 10:39:48');
UPDATE `bv_updation` SET `rank_id` = 0
WHERE `user_id` = '2PSQ12';
UPDATE `user_registration` SET `rank_id` = 0
WHERE `user_id` = '2PSQ12';
UPDATE `bv_updation` SET left_carry = 0, right_carry = 0
WHERE `user_id` = '2PSQ12';
INSERT INTO `earnings` (`user_id`, `Purchaser_id`, `earning_type`, `package_id`, `amount`, `date`, `comments`, `invest_amount`, `comm_perc`, `level`) VALUES ('OSI85Q', 'OSI85Q', 'Rank Bonus', 0, '150000', '2024-08-24 10:39:48', 'Rank Bonus', '150000', '150000', '7');
UPDATE `user_registration` SET commission_balance = ROUND(commission_balance + 150000,2)
WHERE `user_id` = 'OSI85Q';
INSERT INTO `monthly_cleared_data` (`user_id`, `left_carry`, `right_carry`, `rank_id`, `date`) VALUES ('OSI85Q', '0', '250', '7', '2024-08-24 10:39:48');
UPDATE `bv_updation` SET `rank_id` = 0
WHERE `user_id` = 'OSI85Q';
UPDATE `user_registration` SET `rank_id` = 0
WHERE `user_id` = 'OSI85Q';
UPDATE `bv_updation` SET left_carry = 0, right_carry = 0
WHERE `user_id` = 'OSI85Q';
INSERT INTO `monthly_cleared_data` (`user_id`, `left_carry`, `right_carry`, `rank_id`, `date`) VALUES ('J771T3', '0', '0', '0', '2024-08-24 10:39:48');
UPDATE `bv_updation` SET `rank_id` = 0
WHERE `user_id` = 'J771T3';
UPDATE `user_registration` SET `rank_id` = 0
WHERE `user_id` = 'J771T3';
UPDATE `bv_updation` SET left_carry = 0, right_carry = 0
WHERE `user_id` = 'J771T3';
INSERT INTO `monthly_cleared_data` (`user_id`, `left_carry`, `right_carry`, `rank_id`, `date`) VALUES ('LX7QTU', '0', '0', '1', '2024-08-24 10:39:48');
UPDATE `bv_updation` SET `rank_id` = 0
WHERE `user_id` = 'LX7QTU';
UPDATE `user_registration` SET `rank_id` = 0
WHERE `user_id` = 'LX7QTU';
UPDATE `bv_updation` SET left_carry = 0, right_carry = 0
WHERE `user_id` = 'LX7QTU';
INSERT INTO `earnings` (`user_id`, `Purchaser_id`, `earning_type`, `package_id`, `amount`, `date`, `comments`, `invest_amount`, `comm_perc`, `level`) VALUES ('KFZKM3', 'KFZKM3', 'Rank Bonus', 0, '50000', '2024-08-24 10:39:48', 'Rank Bonus', '50000', '50000', '6');
UPDATE `user_registration` SET commission_balance = ROUND(commission_balance + 50000,2)
WHERE `user_id` = 'KFZKM3';
INSERT INTO `monthly_cleared_data` (`user_id`, `left_carry`, `right_carry`, `rank_id`, `date`) VALUES ('KFZKM3', '0', '250', '6', '2024-08-24 10:39:48');
UPDATE `bv_updation` SET `rank_id` = 0
WHERE `user_id` = 'KFZKM3';
UPDATE `user_registration` SET `rank_id` = 0
WHERE `user_id` = 'KFZKM3';
UPDATE `bv_updation` SET left_carry = 0, right_carry = 0
WHERE `user_id` = 'KFZKM3';
INSERT INTO `monthly_cleared_data` (`user_id`, `left_carry`, `right_carry`, `rank_id`, `date`) VALUES ('WQNJQS', '0', '0', '0', '2024-08-24 10:39:48');
UPDATE `bv_updation` SET `rank_id` = 0
WHERE `user_id` = 'WQNJQS';
UPDATE `user_registration` SET `rank_id` = 0
WHERE `user_id` = 'WQNJQS';
UPDATE `bv_updation` SET left_carry = 0, right_carry = 0
WHERE `user_id` = 'WQNJQS';
INSERT INTO `monthly_cleared_data` (`user_id`, `left_carry`, `right_carry`, `rank_id`, `date`) VALUES ('DWJQLU', '0', '0', '0', '2024-08-24 10:39:48');
UPDATE `bv_updation` SET `rank_id` = 0
WHERE `user_id` = 'DWJQLU';
UPDATE `user_registration` SET `rank_id` = 0
WHERE `user_id` = 'DWJQLU';
UPDATE `bv_updation` SET left_carry = 0, right_carry = 0
WHERE `user_id` = 'DWJQLU';
INSERT INTO `monthly_cleared_data` (`user_id`, `left_carry`, `right_carry`, `rank_id`, `date`) VALUES ('U376LG', '0', '0', '1', '2024-08-24 10:39:48');
UPDATE `bv_updation` SET `rank_id` = 0
WHERE `user_id` = 'U376LG';
UPDATE `user_registration` SET `rank_id` = 0
WHERE `user_id` = 'U376LG';
UPDATE `bv_updation` SET left_carry = 0, right_carry = 0
WHERE `user_id` = 'U376LG';
UPDATE `cron_job_history` SET `status` = 'done', `date_end` = '2024-08-24 10:39:48'
WHERE `id` = 2;
UPDATE `ci_sessions` SET `timestamp` = 1724496346, `data` = '__ci_last_regenerate|i:1724496346;isLogIn|b:1;isAdmin|b:1;id|s:1:\"1\";fullname|s:11:\"admin admin\";user_level|s:5:\"Admin\";email|s:15:\"admin@admin.com\";image|s:53:\"upload/settings/4a1f1b602322adb837a7a3547ee69cf3.jpeg\";last_login|s:19:\"2024-08-24 10:18:12\";last_logout|s:19:\"2024-08-24 10:23:44\";ip_address|s:12:\"49.47.195.81\";'
WHERE `id` = '351cbaf59413af137bb6dd1d9d788aaa3c61cff3';
UPDATE `bv_updation` SET `rank_id` = '4'
WHERE `user_id` = 'U376LG';
UPDATE `user_registration` SET `rank_id` = '4'
WHERE `user_id` = 'U376LG';
INSERT INTO `rank_history` (`rank_id`, `user_id`, `name`, `bv`, `date`, `amount`, `type`) VALUES ('4', 'U376LG', 'Ambassador', '11250', '2024-08-24 10:46:14', 0, 'manual');
UPDATE `ci_sessions` SET `timestamp` = 1724496401, `data` = '__ci_last_regenerate|i:1724496401;isLogIn|b:1;isAdmin|b:1;id|s:1:\"1\";fullname|s:11:\"admin admin\";user_level|s:5:\"Admin\";email|s:15:\"admin@admin.com\";image|s:53:\"upload/settings/4a1f1b602322adb837a7a3547ee69cf3.jpeg\";last_login|s:19:\"2024-08-24 10:27:34\";last_logout|s:19:\"2024-08-24 10:23:44\";ip_address|s:12:\"49.47.195.81\";message|s:25:\"Welcome back  admin admin\";__ci_vars|a:1:{s:7:\"message\";s:3:\"old\";}'
WHERE `id` = '4200432e94929a7f51552e1bc4e63337ab9bd4c2';
UPDATE `user_registration` SET `uid` = '2043', `user_id` = 'KP64U3', `username` = 'ambtest1', `sponsor_id` = 'U376LG', `vacant` = 'no', `f_name` = 'swewqw', `l_name` = 'qwqwqw', `address` = 'asasas', `position` = 'right', `email` = 'qwqw1w@qa.sasas', `password` = 'e10adc3949ba59abbe56e057f20f883e', `phone` = '23232323', `reg_ip` = '49.47.195.81', `status` = 1, `package_id` = 1, `rank_id` = 1, `highest_rank` = 1, `country` = 'United States', `state` = 'American Samoa', `city` = 'wqwqw', `street` = '232323', `zip_code` = '2121212', `created` = '2024-08-24 10:48:06', `google_secret` = 'S4L637D7ZZPG4HKV'
WHERE `uid` = '2043';
INSERT INTO `user_registration` (`uid`, `user_id`, `username`, `sponsor_id`, `placement_id`, `vacant`, `f_name`, `l_name`, `address`, `position`, `email`, `password`, `phone`, `reg_ip`, `status`, `created`) VALUES (NULL, 'MWYPVQ', 'dbRKEKXF', 'KP64U3', 'KP64U3', 'yes', '', '', '', 'left', '@mail.com', '', '', '', 0, '2024-08-24 10:48:06');
INSERT INTO `user_registration` (`uid`, `user_id`, `username`, `sponsor_id`, `placement_id`, `vacant`, `f_name`, `l_name`, `address`, `position`, `email`, `password`, `phone`, `reg_ip`, `status`, `created`) VALUES (NULL, 'OKHFPN', 'gZfgBGsO', 'KP64U3', 'KP64U3', 'yes', '', '', '', 'right', '@mail.com', '', '', '', 0, '2024-08-24 10:48:06');
INSERT INTO `bv_updation` (`user_id`) VALUES ('KP64U3');
UPDATE `user_registration` SET total_ref_count = total_ref_count+1
WHERE `user_id` = 'U376LG';
UPDATE `user_registration` SET total_ref_count = total_ref_count+1
WHERE `user_id` = 'U376LG';
UPDATE `user_registration` SET total_downlines = total_downlines+1
WHERE `user_id` = 'U376LG';
UPDATE `user_registration` SET right_downlines = right_downlines+1
WHERE `user_id` = 'U376LG';
UPDATE `user_registration` SET right_ref_count = right_ref_count+1
WHERE `user_id` = 'U376LG';
UPDATE `user_registration` SET active_right = active_right+1
WHERE `user_id` = 'U376LG';
UPDATE `user_registration` SET total_downlines = total_downlines+1
WHERE `user_id` = 'KFZKM3';
UPDATE `user_registration` SET right_downlines = right_downlines+1
WHERE `user_id` = 'KFZKM3';
UPDATE `user_registration` SET total_downlines = total_downlines+1
WHERE `user_id` = '2PSQ12';
UPDATE `user_registration` SET right_downlines = right_downlines+1
WHERE `user_id` = '2PSQ12';
UPDATE `user_registration` SET total_downlines = total_downlines+1
WHERE `user_id` = '8FUX8H';
UPDATE `user_registration` SET right_downlines = right_downlines+1
WHERE `user_id` = '8FUX8H';
UPDATE `user_registration` SET total_downlines = total_downlines+1
WHERE `user_id` = 'ZQHFNZ';
UPDATE `user_registration` SET right_downlines = right_downlines+1
WHERE `user_id` = 'ZQHFNZ';
UPDATE `user_registration` SET total_downlines = total_downlines+1
WHERE `user_id` = 'admin';
UPDATE `user_registration` SET right_downlines = right_downlines+1
WHERE `user_id` = 'admin';
INSERT INTO `earnings` (`user_id`, `Purchaser_id`, `earning_type`, `package_id`, `amount`, `date`, `comments`, `invest_amount`, `comm_perc`, `level`) VALUES ('U376LG', 'KP64U3', 'Direct Referral Bonus', 0, '400', '2024-08-24 10:48:06', 'Direct Referral Bonus', 0, 0, 1);
UPDATE `user_registration` SET commission_balance = ROUND(commission_balance + 400,2)
WHERE `user_id` = 'U376LG';
UPDATE `bv_updation` SET right_carry = right_carry+250, total_right = total_right+250
WHERE `user_id` = 'U376LG';
INSERT INTO `placement_bv_update_history` (`right_carry`, `date`, `from_id`, `user_id`) VALUES (250, '2024-08-24 10:48:06', 'KP64U3', 'U376LG');
UPDATE `bv_updation` SET sponsor_right_carry = sponsor_right_carry+250, sponsor_total_right = sponsor_total_right+250
WHERE `user_id` = 'U376LG';
INSERT INTO `sponsor_bv_update_history` (`right_carry`, `date`, `user_id`) VALUES (250, '2024-08-24 10:48:06', 'U376LG');
UPDATE `bv_updation` SET right_carry = right_carry+250, total_right = total_right+250
WHERE `user_id` = 'KFZKM3';
INSERT INTO `placement_bv_update_history` (`right_carry`, `date`, `from_id`, `user_id`) VALUES (250, '2024-08-24 10:48:07', 'KP64U3', 'KFZKM3');
UPDATE `bv_updation` SET right_carry = right_carry+250, total_right = total_right+250
WHERE `user_id` = '2PSQ12';
INSERT INTO `placement_bv_update_history` (`right_carry`, `date`, `from_id`, `user_id`) VALUES (250, '2024-08-24 10:48:07', 'KP64U3', '2PSQ12');
UPDATE `bv_updation` SET right_carry = right_carry+250, total_right = total_right+250
WHERE `user_id` = '8FUX8H';
INSERT INTO `placement_bv_update_history` (`right_carry`, `date`, `from_id`, `user_id`) VALUES (250, '2024-08-24 10:48:07', 'KP64U3', '8FUX8H');
UPDATE `bv_updation` SET right_carry = right_carry+250, total_right = total_right+250
WHERE `user_id` = 'ZQHFNZ';
INSERT INTO `placement_bv_update_history` (`right_carry`, `date`, `from_id`, `user_id`) VALUES (250, '2024-08-24 10:48:07', 'KP64U3', 'ZQHFNZ');
UPDATE `bv_updation` SET right_carry = right_carry+250, total_right = total_right+250
WHERE `user_id` = 'admin';
INSERT INTO `placement_bv_update_history` (`right_carry`, `date`, `from_id`, `user_id`) VALUES (250, '2024-08-24 10:48:07', 'KP64U3', 'admin');
INSERT INTO `login_history` (`user_id`, `device`, `ip_address`, `date`) VALUES ('admin', 'Mozilla/5.0 (X11; Ubuntu; Linux x86_64; rv:129.0) Gecko/20100101 Firefox/129.0', '152.58.219.190', '24-08-24 10:48');
UPDATE `user_registration` SET `popup_seen` = 'yes'
WHERE `user_id` = 'admin';
UPDATE `bv_updation` SET `rank_id` = '4'
WHERE `user_id` = 'KP64U3';
UPDATE `user_registration` SET `rank_id` = '4'
WHERE `user_id` = 'KP64U3';
INSERT INTO `rank_history` (`rank_id`, `user_id`, `name`, `bv`, `date`, `amount`, `type`) VALUES ('4', 'KP64U3', 'Ambassador', '11250', '2024-08-24 10:48:20', 0, 'manual');
UPDATE `user_registration` SET `uid` = '2045', `user_id` = 'TPU6X4', `username` = 'executive', `sponsor_id` = 'KP64U3', `vacant` = 'no', `f_name` = 'swqw', `l_name` = 'wqqwqw', `address` = 'ewasqw', `position` = 'right', `email` = 'wewe@a.sasa', `password` = 'e10adc3949ba59abbe56e057f20f883e', `phone` = '23232323', `reg_ip` = '49.47.195.81', `status` = 1, `package_id` = 1, `rank_id` = 1, `highest_rank` = 1, `country` = 'United States', `state` = 'American Samoa', `city` = 'wewewe', `street` = '232323', `zip_code` = '23121', `created` = '2024-08-24 10:49:09', `google_secret` = '2LEDQYZR5SNMLZOZ'
WHERE `uid` = '2045';
INSERT INTO `user_registration` (`uid`, `user_id`, `username`, `sponsor_id`, `placement_id`, `vacant`, `f_name`, `l_name`, `address`, `position`, `email`, `password`, `phone`, `reg_ip`, `status`, `created`) VALUES (NULL, 'ORKHMD', 'wVlHdhFi', 'TPU6X4', 'TPU6X4', 'yes', '', '', '', 'left', '@mail.com', '', '', '', 0, '2024-08-24 10:49:09');
INSERT INTO `user_registration` (`uid`, `user_id`, `username`, `sponsor_id`, `placement_id`, `vacant`, `f_name`, `l_name`, `address`, `position`, `email`, `password`, `phone`, `reg_ip`, `status`, `created`) VALUES (NULL, 'BXBWBO', 'FPTjJiHZ', 'TPU6X4', 'TPU6X4', 'yes', '', '', '', 'right', '@mail.com', '', '', '', 0, '2024-08-24 10:49:09');
INSERT INTO `bv_updation` (`user_id`) VALUES ('TPU6X4');
UPDATE `user_registration` SET total_ref_count = total_ref_count+1
WHERE `user_id` = 'KP64U3';
UPDATE `user_registration` SET total_ref_count = total_ref_count+1
WHERE `user_id` = 'KP64U3';
UPDATE `user_registration` SET total_downlines = total_downlines+1
WHERE `user_id` = 'KP64U3';
UPDATE `user_registration` SET right_downlines = right_downlines+1
WHERE `user_id` = 'KP64U3';
UPDATE `user_registration` SET right_ref_count = right_ref_count+1
WHERE `user_id` = 'KP64U3';
UPDATE `user_registration` SET active_right = active_right+1
WHERE `user_id` = 'KP64U3';
UPDATE `user_registration` SET total_downlines = total_downlines+1
WHERE `user_id` = 'U376LG';
UPDATE `user_registration` SET right_downlines = right_downlines+1
WHERE `user_id` = 'U376LG';
UPDATE `user_registration` SET total_downlines = total_downlines+1
WHERE `user_id` = 'KFZKM3';
UPDATE `user_registration` SET right_downlines = right_downlines+1
WHERE `user_id` = 'KFZKM3';
UPDATE `user_registration` SET total_downlines = total_downlines+1
WHERE `user_id` = '2PSQ12';
UPDATE `user_registration` SET right_downlines = right_downlines+1
WHERE `user_id` = '2PSQ12';
UPDATE `user_registration` SET total_downlines = total_downlines+1
WHERE `user_id` = '8FUX8H';
UPDATE `user_registration` SET right_downlines = right_downlines+1
WHERE `user_id` = '8FUX8H';
UPDATE `user_registration` SET total_downlines = total_downlines+1
WHERE `user_id` = 'ZQHFNZ';
UPDATE `user_registration` SET right_downlines = right_downlines+1
WHERE `user_id` = 'ZQHFNZ';
UPDATE `user_registration` SET total_downlines = total_downlines+1
WHERE `user_id` = 'admin';
UPDATE `user_registration` SET right_downlines = right_downlines+1
WHERE `user_id` = 'admin';
INSERT INTO `earnings` (`user_id`, `Purchaser_id`, `earning_type`, `package_id`, `amount`, `date`, `comments`, `invest_amount`, `comm_perc`, `level`) VALUES ('KP64U3', 'TPU6X4', 'Direct Referral Bonus', 0, '400', '2024-08-24 10:49:09', 'Direct Referral Bonus', 0, 0, 1);
UPDATE `user_registration` SET commission_balance = ROUND(commission_balance + 400,2)
WHERE `user_id` = 'KP64U3';
UPDATE `bv_updation` SET right_carry = right_carry+250, total_right = total_right+250
WHERE `user_id` = 'KP64U3';
INSERT INTO `placement_bv_update_history` (`right_carry`, `date`, `from_id`, `user_id`) VALUES (250, '2024-08-24 10:49:09', 'TPU6X4', 'KP64U3');
UPDATE `bv_updation` SET sponsor_right_carry = sponsor_right_carry+250, sponsor_total_right = sponsor_total_right+250
WHERE `user_id` = 'KP64U3';
INSERT INTO `sponsor_bv_update_history` (`right_carry`, `date`, `user_id`) VALUES (250, '2024-08-24 10:49:09', 'KP64U3');
UPDATE `bv_updation` SET right_carry = right_carry+250, total_right = total_right+250
WHERE `user_id` = 'U376LG';
INSERT INTO `placement_bv_update_history` (`right_carry`, `date`, `from_id`, `user_id`) VALUES (250, '2024-08-24 10:49:09', 'TPU6X4', 'U376LG');
UPDATE `bv_updation` SET right_carry = right_carry+250, total_right = total_right+250
WHERE `user_id` = 'KFZKM3';
INSERT INTO `placement_bv_update_history` (`right_carry`, `date`, `from_id`, `user_id`) VALUES (250, '2024-08-24 10:49:09', 'TPU6X4', 'KFZKM3');
UPDATE `bv_updation` SET right_carry = right_carry+250, total_right = total_right+250
WHERE `user_id` = '2PSQ12';
INSERT INTO `placement_bv_update_history` (`right_carry`, `date`, `from_id`, `user_id`) VALUES (250, '2024-08-24 10:49:09', 'TPU6X4', '2PSQ12');
UPDATE `bv_updation` SET right_carry = right_carry+250, total_right = total_right+250
WHERE `user_id` = '8FUX8H';
INSERT INTO `placement_bv_update_history` (`right_carry`, `date`, `from_id`, `user_id`) VALUES (250, '2024-08-24 10:49:09', 'TPU6X4', '8FUX8H');
UPDATE `bv_updation` SET right_carry = right_carry+250, total_right = total_right+250
WHERE `user_id` = 'ZQHFNZ';
INSERT INTO `placement_bv_update_history` (`right_carry`, `date`, `from_id`, `user_id`) VALUES (250, '2024-08-24 10:49:09', 'TPU6X4', 'ZQHFNZ');
UPDATE `bv_updation` SET right_carry = right_carry+250, total_right = total_right+250
WHERE `user_id` = 'admin';
INSERT INTO `placement_bv_update_history` (`right_carry`, `date`, `from_id`, `user_id`) VALUES (250, '2024-08-24 10:49:09', 'TPU6X4', 'admin');
UPDATE `bv_updation` SET `rank_id` = '3'
WHERE `user_id` = 'TPU6X4';
UPDATE `user_registration` SET `rank_id` = '3'
WHERE `user_id` = 'TPU6X4';
INSERT INTO `rank_history` (`rank_id`, `user_id`, `name`, `bv`, `date`, `amount`, `type`) VALUES ('3', 'TPU6X4', 'Executive', '3750', '2024-08-24 10:49:53', 0, 'manual');
UPDATE `user_registration` SET `uid` = '2036', `user_id` = '6M5KOU', `username` = 'newteste', `sponsor_id` = 'admin', `vacant` = 'no', `f_name` = 'aaa', `l_name` = 'aaa', `address` = 'gsgdsgsg', `position` = 'left', `email` = 'fdsfgg@gmail.com', `password` = 'e10adc3949ba59abbe56e057f20f883e', `phone` = '456456546456', `reg_ip` = '152.58.219.145', `status` = 1, `package_id` = 1, `rank_id` = 1, `highest_rank` = 1, `country` = 'United States', `state` = 'Alaska', `city` = 'ffff', `street` = 'dsdadas', `zip_code` = '5555', `created` = '2024-08-24 10:49:54', `google_secret` = 'K34FH5QALWSZ65EW'
WHERE `uid` = '2036';
INSERT INTO `user_registration` (`uid`, `user_id`, `username`, `sponsor_id`, `placement_id`, `vacant`, `f_name`, `l_name`, `address`, `position`, `email`, `password`, `phone`, `reg_ip`, `status`, `created`) VALUES (NULL, 'SCYQFO', 'OICkBGiT', '6M5KOU', '6M5KOU', 'yes', '', '', '', 'left', '@mail.com', '', '', '', 0, '2024-08-24 10:49:54');
INSERT INTO `user_registration` (`uid`, `user_id`, `username`, `sponsor_id`, `placement_id`, `vacant`, `f_name`, `l_name`, `address`, `position`, `email`, `password`, `phone`, `reg_ip`, `status`, `created`) VALUES (NULL, 'IBWCJS', 'tjZFtxmr', '6M5KOU', '6M5KOU', 'yes', '', '', '', 'right', '@mail.com', '', '', '', 0, '2024-08-24 10:49:54');
INSERT INTO `bv_updation` (`user_id`) VALUES ('6M5KOU');
UPDATE `user_registration` SET total_ref_count = total_ref_count+1
WHERE `user_id` = 'admin';
UPDATE `user_registration` SET total_ref_count = total_ref_count+1
WHERE `user_id` = 'admin';
UPDATE `user_registration` SET total_downlines = total_downlines+1
WHERE `user_id` = 'WQNJQS';
UPDATE `user_registration` SET left_downlines = left_downlines+1
WHERE `user_id` = 'WQNJQS';
UPDATE `user_registration` SET total_downlines = total_downlines+1
WHERE `user_id` = 'J771T3';
UPDATE `user_registration` SET left_downlines = left_downlines+1
WHERE `user_id` = 'J771T3';
UPDATE `user_registration` SET total_downlines = total_downlines+1
WHERE `user_id` = 'OSI85Q';
UPDATE `user_registration` SET left_downlines = left_downlines+1
WHERE `user_id` = 'OSI85Q';
UPDATE `user_registration` SET total_downlines = total_downlines+1
WHERE `user_id` = 'UDGPHD';
UPDATE `user_registration` SET left_downlines = left_downlines+1
WHERE `user_id` = 'UDGPHD';
UPDATE `user_registration` SET total_downlines = total_downlines+1
WHERE `user_id` = 'admin';
UPDATE `user_registration` SET left_downlines = left_downlines+1
WHERE `user_id` = 'admin';
UPDATE `user_registration` SET left_ref_count = left_ref_count+1
WHERE `user_id` = 'admin';
UPDATE `user_registration` SET active_left = active_left+1
WHERE `user_id` = 'admin';
UPDATE `bv_updation` SET `left_carry` = 0, `right_carry` = 500
WHERE `user_id` = 'admin';
UPDATE `user_registration` SET `binary_qualified` = 'yes'
WHERE `user_id` = 'admin';
UPDATE `bv_updation` SET left_carry = left_carry+250, total_left = total_left+250
WHERE `user_id` = 'WQNJQS';
INSERT INTO `placement_bv_update_history` (`left_carry`, `date`, `from_id`, `user_id`) VALUES (250, '2024-08-24 10:49:54', '6M5KOU', 'WQNJQS');
UPDATE `bv_updation` SET left_carry = left_carry+250, total_left = total_left+250
WHERE `user_id` = 'J771T3';
INSERT INTO `placement_bv_update_history` (`left_carry`, `date`, `from_id`, `user_id`) VALUES (250, '2024-08-24 10:49:54', '6M5KOU', 'J771T3');
UPDATE `bv_updation` SET left_carry = left_carry+250, total_left = total_left+250
WHERE `user_id` = 'OSI85Q';
INSERT INTO `placement_bv_update_history` (`left_carry`, `date`, `from_id`, `user_id`) VALUES (250, '2024-08-24 10:49:54', '6M5KOU', 'OSI85Q');
UPDATE `bv_updation` SET left_carry = left_carry+250, total_left = total_left+250
WHERE `user_id` = 'UDGPHD';
INSERT INTO `placement_bv_update_history` (`left_carry`, `date`, `from_id`, `user_id`) VALUES (250, '2024-08-24 10:49:54', '6M5KOU', 'UDGPHD');
UPDATE `bv_updation` SET left_carry = left_carry+250, total_left = total_left+250
WHERE `user_id` = 'admin';
INSERT INTO `placement_bv_update_history` (`left_carry`, `date`, `from_id`, `user_id`) VALUES (250, '2024-08-24 10:49:54', '6M5KOU', 'admin');
UPDATE `bv_updation` SET sponsor_left_carry = sponsor_left_carry+250, sponsor_total_left = sponsor_total_left+250
WHERE `user_id` = 'admin';
INSERT INTO `sponsor_bv_update_history` (`left_carry`, `date`, `user_id`) VALUES (250, '2024-08-24 10:49:54', 'admin');
UPDATE `ci_sessions` SET `timestamp` = 1724496668, `data` = '__ci_last_regenerate|i:1724496668;isLogIn|b:1;isAdmin|b:1;id|s:1:\"1\";fullname|s:11:\"admin admin\";user_level|s:5:\"Admin\";email|s:15:\"admin@admin.com\";image|s:53:\"upload/settings/4a1f1b602322adb837a7a3547ee69cf3.jpeg\";last_login|s:19:\"2024-08-24 10:18:12\";last_logout|s:19:\"2024-08-24 10:23:44\";ip_address|s:12:\"49.47.195.81\";'
WHERE `id` = '420d285165e4cbedc14657bb9cd5ba4a426d4e05';
UPDATE `user_registration` SET `uid` = '2047', `user_id` = 'WB9UZL', `username` = 'newtest', `sponsor_id` = 'TPU6X4', `vacant` = 'no', `f_name` = 'wewewe', `l_name` = 'qwqwqw', `address` = 'sdasas', `position` = 'right', `email` = 'qwqw@qs.asas', `password` = 'e10adc3949ba59abbe56e057f20f883e', `phone` = '3232323', `reg_ip` = '49.47.195.81', `status` = 1, `package_id` = 1, `rank_id` = 1, `highest_rank` = 1, `country` = 'United States', `state` = 'Arizona', `city` = 'wewew', `street` = 'qqwqwqw', `zip_code` = 'wewewe', `created` = '2024-08-24 10:51:08', `google_secret` = '7TYNPERT4AW356RC'
WHERE `uid` = '2047';
INSERT INTO `user_registration` (`uid`, `user_id`, `username`, `sponsor_id`, `placement_id`, `vacant`, `f_name`, `l_name`, `address`, `position`, `email`, `password`, `phone`, `reg_ip`, `status`, `created`) VALUES (NULL, 'TZRZGJ', 'HusjYZDk', 'WB9UZL', 'WB9UZL', 'yes', '', '', '', 'left', '@mail.com', '', '', '', 0, '2024-08-24 10:51:08');
INSERT INTO `user_registration` (`uid`, `user_id`, `username`, `sponsor_id`, `placement_id`, `vacant`, `f_name`, `l_name`, `address`, `position`, `email`, `password`, `phone`, `reg_ip`, `status`, `created`) VALUES (NULL, 'STASNK', 'QOslsUTw', 'WB9UZL', 'WB9UZL', 'yes', '', '', '', 'right', '@mail.com', '', '', '', 0, '2024-08-24 10:51:08');
INSERT INTO `bv_updation` (`user_id`) VALUES ('WB9UZL');
UPDATE `user_registration` SET total_ref_count = total_ref_count+1
WHERE `user_id` = 'TPU6X4';
UPDATE `user_registration` SET total_ref_count = total_ref_count+1
WHERE `user_id` = 'TPU6X4';
UPDATE `user_registration` SET total_downlines = total_downlines+1
WHERE `user_id` = 'TPU6X4';
UPDATE `user_registration` SET right_downlines = right_downlines+1
WHERE `user_id` = 'TPU6X4';
UPDATE `user_registration` SET right_ref_count = right_ref_count+1
WHERE `user_id` = 'TPU6X4';
UPDATE `user_registration` SET active_right = active_right+1
WHERE `user_id` = 'TPU6X4';
UPDATE `user_registration` SET total_downlines = total_downlines+1
WHERE `user_id` = 'KP64U3';
UPDATE `user_registration` SET right_downlines = right_downlines+1
WHERE `user_id` = 'KP64U3';
UPDATE `user_registration` SET total_downlines = total_downlines+1
WHERE `user_id` = 'U376LG';
UPDATE `user_registration` SET right_downlines = right_downlines+1
WHERE `user_id` = 'U376LG';
UPDATE `user_registration` SET total_downlines = total_downlines+1
WHERE `user_id` = 'KFZKM3';
UPDATE `user_registration` SET right_downlines = right_downlines+1
WHERE `user_id` = 'KFZKM3';
UPDATE `user_registration` SET total_downlines = total_downlines+1
WHERE `user_id` = '2PSQ12';
UPDATE `user_registration` SET right_downlines = right_downlines+1
WHERE `user_id` = '2PSQ12';
UPDATE `user_registration` SET total_downlines = total_downlines+1
WHERE `user_id` = '8FUX8H';
UPDATE `user_registration` SET right_downlines = right_downlines+1
WHERE `user_id` = '8FUX8H';
UPDATE `user_registration` SET total_downlines = total_downlines+1
WHERE `user_id` = 'ZQHFNZ';
UPDATE `user_registration` SET right_downlines = right_downlines+1
WHERE `user_id` = 'ZQHFNZ';
UPDATE `user_registration` SET total_downlines = total_downlines+1
WHERE `user_id` = 'admin';
UPDATE `user_registration` SET right_downlines = right_downlines+1
WHERE `user_id` = 'admin';
INSERT INTO `earnings` (`user_id`, `Purchaser_id`, `earning_type`, `package_id`, `amount`, `date`, `comments`, `invest_amount`, `comm_perc`, `level`) VALUES ('TPU6X4', 'WB9UZL', 'Direct Referral Bonus', 0, '300', '2024-08-24 10:51:09', 'Direct Referral Bonus', 0, 0, 1);
UPDATE `user_registration` SET commission_balance = ROUND(commission_balance + 300,2)
WHERE `user_id` = 'TPU6X4';
UPDATE `bv_updation` SET right_carry = right_carry+250, total_right = total_right+250
WHERE `user_id` = 'TPU6X4';
INSERT INTO `placement_bv_update_history` (`right_carry`, `date`, `from_id`, `user_id`) VALUES (250, '2024-08-24 10:51:09', 'WB9UZL', 'TPU6X4');
UPDATE `bv_updation` SET sponsor_right_carry = sponsor_right_carry+250, sponsor_total_right = sponsor_total_right+250
WHERE `user_id` = 'TPU6X4';
INSERT INTO `sponsor_bv_update_history` (`right_carry`, `date`, `user_id`) VALUES (250, '2024-08-24 10:51:09', 'TPU6X4');
UPDATE `bv_updation` SET right_carry = right_carry+250, total_right = total_right+250
WHERE `user_id` = 'KP64U3';
INSERT INTO `placement_bv_update_history` (`right_carry`, `date`, `from_id`, `user_id`) VALUES (250, '2024-08-24 10:51:09', 'WB9UZL', 'KP64U3');
UPDATE `bv_updation` SET right_carry = right_carry+250, total_right = total_right+250
WHERE `user_id` = 'U376LG';
INSERT INTO `placement_bv_update_history` (`right_carry`, `date`, `from_id`, `user_id`) VALUES (250, '2024-08-24 10:51:09', 'WB9UZL', 'U376LG');
UPDATE `bv_updation` SET right_carry = right_carry+250, total_right = total_right+250
WHERE `user_id` = 'KFZKM3';
INSERT INTO `placement_bv_update_history` (`right_carry`, `date`, `from_id`, `user_id`) VALUES (250, '2024-08-24 10:51:09', 'WB9UZL', 'KFZKM3');
UPDATE `bv_updation` SET right_carry = right_carry+250, total_right = total_right+250
WHERE `user_id` = '2PSQ12';
INSERT INTO `placement_bv_update_history` (`right_carry`, `date`, `from_id`, `user_id`) VALUES (250, '2024-08-24 10:51:09', 'WB9UZL', '2PSQ12');
UPDATE `bv_updation` SET right_carry = right_carry+250, total_right = total_right+250
WHERE `user_id` = '8FUX8H';
INSERT INTO `placement_bv_update_history` (`right_carry`, `date`, `from_id`, `user_id`) VALUES (250, '2024-08-24 10:51:09', 'WB9UZL', '8FUX8H');
UPDATE `bv_updation` SET right_carry = right_carry+250, total_right = total_right+250
WHERE `user_id` = 'ZQHFNZ';
INSERT INTO `placement_bv_update_history` (`right_carry`, `date`, `from_id`, `user_id`) VALUES (250, '2024-08-24 10:51:09', 'WB9UZL', 'ZQHFNZ');
UPDATE `bv_updation` SET right_carry = right_carry+250, total_right = total_right+250
WHERE `user_id` = 'admin';
INSERT INTO `placement_bv_update_history` (`right_carry`, `date`, `from_id`, `user_id`) VALUES (250, '2024-08-24 10:51:09', 'WB9UZL', 'admin');
UPDATE `ci_sessions` SET `timestamp` = 1724496739, `data` = '__ci_last_regenerate|i:1724496739;isLogIn|b:1;isAdmin|b:1;id|s:1:\"1\";fullname|s:11:\"admin admin\";user_level|s:5:\"Admin\";email|s:15:\"admin@admin.com\";image|s:53:\"upload/settings/4a1f1b602322adb837a7a3547ee69cf3.jpeg\";last_login|s:19:\"2024-08-24 10:27:34\";last_logout|s:19:\"2024-08-24 10:23:44\";ip_address|s:12:\"49.47.195.81\";'
WHERE `id` = '44bea0143d9b79398b863efb1f1916dc8caaaf54';
UPDATE `user_registration` SET `uid` = '2048', `user_id` = 'ORVAXP', `username` = 'newone', `sponsor_id` = 'admin', `vacant` = 'no', `f_name` = 'qwqwqw', `l_name` = 'qwqwqw', `address` = 'qwqwqw', `position` = 'left', `email` = 'qwqwq@ss.asasas', `password` = 'e10adc3949ba59abbe56e057f20f883e', `phone` = 'wqwqw', `reg_ip` = '49.47.195.81', `status` = 1, `package_id` = 1, `rank_id` = 1, `highest_rank` = 1, `country` = 'United States', `state` = 'American Samoa', `city` = 'wqwqw', `street` = 'qw233231', `zip_code` = '2323232', `created` = '2024-08-24 10:54:29', `google_secret` = '3WCMMIUYJHPVG3SJ'
WHERE `uid` = '2048';
INSERT INTO `user_registration` (`uid`, `user_id`, `username`, `sponsor_id`, `placement_id`, `vacant`, `f_name`, `l_name`, `address`, `position`, `email`, `password`, `phone`, `reg_ip`, `status`, `created`) VALUES (NULL, 'CLOBLP', 'FxzIhvON', 'ORVAXP', 'ORVAXP', 'yes', '', '', '', 'left', '@mail.com', '', '', '', 0, '2024-08-24 10:54:29');
INSERT INTO `user_registration` (`uid`, `user_id`, `username`, `sponsor_id`, `placement_id`, `vacant`, `f_name`, `l_name`, `address`, `position`, `email`, `password`, `phone`, `reg_ip`, `status`, `created`) VALUES (NULL, 'HRKQIK', 'TOlkfHOw', 'ORVAXP', 'ORVAXP', 'yes', '', '', '', 'right', '@mail.com', '', '', '', 0, '2024-08-24 10:54:29');
INSERT INTO `bv_updation` (`user_id`) VALUES ('ORVAXP');
UPDATE `user_registration` SET total_ref_count = total_ref_count+1
WHERE `user_id` = 'admin';
UPDATE `user_registration` SET total_ref_count = total_ref_count+1
WHERE `user_id` = 'admin';
UPDATE `user_registration` SET total_downlines = total_downlines+1
WHERE `user_id` = '6M5KOU';
UPDATE `user_registration` SET left_downlines = left_downlines+1
WHERE `user_id` = '6M5KOU';
UPDATE `user_registration` SET total_downlines = total_downlines+1
WHERE `user_id` = 'WQNJQS';
UPDATE `user_registration` SET left_downlines = left_downlines+1
WHERE `user_id` = 'WQNJQS';
UPDATE `user_registration` SET total_downlines = total_downlines+1
WHERE `user_id` = 'J771T3';
UPDATE `user_registration` SET left_downlines = left_downlines+1
WHERE `user_id` = 'J771T3';
UPDATE `user_registration` SET total_downlines = total_downlines+1
WHERE `user_id` = 'OSI85Q';
UPDATE `user_registration` SET left_downlines = left_downlines+1
WHERE `user_id` = 'OSI85Q';
UPDATE `user_registration` SET total_downlines = total_downlines+1
WHERE `user_id` = 'UDGPHD';
UPDATE `user_registration` SET left_downlines = left_downlines+1
WHERE `user_id` = 'UDGPHD';
UPDATE `user_registration` SET total_downlines = total_downlines+1
WHERE `user_id` = 'admin';
UPDATE `user_registration` SET left_downlines = left_downlines+1
WHERE `user_id` = 'admin';
UPDATE `user_registration` SET left_ref_count = left_ref_count+1
WHERE `user_id` = 'admin';
UPDATE `user_registration` SET active_left = active_left+1
WHERE `user_id` = 'admin';
UPDATE `user_registration` SET `binary_qualified` = 'yes'
WHERE `user_id` = 'admin';
UPDATE `bv_updation` SET left_carry = left_carry+250, total_left = total_left+250
WHERE `user_id` = '6M5KOU';
INSERT INTO `placement_bv_update_history` (`left_carry`, `date`, `from_id`, `user_id`) VALUES (250, '2024-08-24 10:54:29', 'ORVAXP', '6M5KOU');
UPDATE `bv_updation` SET left_carry = left_carry+250, total_left = total_left+250
WHERE `user_id` = 'WQNJQS';
INSERT INTO `placement_bv_update_history` (`left_carry`, `date`, `from_id`, `user_id`) VALUES (250, '2024-08-24 10:54:29', 'ORVAXP', 'WQNJQS');
UPDATE `bv_updation` SET left_carry = left_carry+250, total_left = total_left+250
WHERE `user_id` = 'J771T3';
INSERT INTO `placement_bv_update_history` (`left_carry`, `date`, `from_id`, `user_id`) VALUES (250, '2024-08-24 10:54:29', 'ORVAXP', 'J771T3');
UPDATE `bv_updation` SET left_carry = left_carry+250, total_left = total_left+250
WHERE `user_id` = 'OSI85Q';
INSERT INTO `placement_bv_update_history` (`left_carry`, `date`, `from_id`, `user_id`) VALUES (250, '2024-08-24 10:54:29', 'ORVAXP', 'OSI85Q');
UPDATE `bv_updation` SET left_carry = left_carry+250, total_left = total_left+250
WHERE `user_id` = 'UDGPHD';
INSERT INTO `placement_bv_update_history` (`left_carry`, `date`, `from_id`, `user_id`) VALUES (250, '2024-08-24 10:54:29', 'ORVAXP', 'UDGPHD');
UPDATE `bv_updation` SET left_carry = left_carry+250, total_left = total_left+250
WHERE `user_id` = 'admin';
INSERT INTO `placement_bv_update_history` (`left_carry`, `date`, `from_id`, `user_id`) VALUES (250, '2024-08-24 10:54:29', 'ORVAXP', 'admin');
UPDATE `bv_updation` SET sponsor_left_carry = sponsor_left_carry+250, sponsor_total_left = sponsor_total_left+250
WHERE `user_id` = 'admin';
INSERT INTO `sponsor_bv_update_history` (`left_carry`, `date`, `user_id`) VALUES (250, '2024-08-24 10:54:29', 'admin');
UPDATE `ci_sessions` SET `timestamp` = 1724496971, `data` = '__ci_last_regenerate|i:1724496971;isLogIn|b:1;isAdmin|b:1;id|s:1:\"1\";fullname|s:11:\"admin admin\";user_level|s:5:\"Admin\";email|s:15:\"admin@admin.com\";image|s:53:\"upload/settings/4a1f1b602322adb837a7a3547ee69cf3.jpeg\";last_login|s:19:\"2024-08-24 10:18:12\";last_logout|s:19:\"2024-08-24 10:23:44\";ip_address|s:12:\"49.47.195.81\";'
WHERE `id` = '0324c0ed617d529c9c7bc8f2cf845e389baae5ce';
UPDATE `ci_sessions` SET `timestamp` = 1724497044, `data` = '__ci_last_regenerate|i:1724497044;id|s:4:\"2019\";user_id|s:5:\"admin\";username|s:5:\"admin\";sponsor_id|s:1:\"0\";fullname|s:11:\"Alex Carrey\";email|s:15:\"admin@admin.com\";phone|s:10:\"1235467892\";isLogIn|b:1;'
WHERE `id` = '540f947b5e364edb44cb9bffaa913a9d894bc35b';
UPDATE `ci_sessions` SET `timestamp` = 1724497059, `data` = '__ci_last_regenerate|i:1724497059;id|s:4:\"2019\";user_id|s:5:\"admin\";username|s:5:\"admin\";sponsor_id|s:1:\"0\";fullname|s:11:\"Alex Carrey\";email|s:15:\"admin@admin.com\";phone|s:10:\"1235467892\";isLogIn|b:1;message|s:19:\"Welcome Alex Carrey\";__ci_vars|a:1:{s:7:\"message\";s:3:\"old\";}'
WHERE `id` = '6639d055916ed30673c6bdbfba1a58027f40c7dc';
UPDATE `user_registration` SET `popup_seen` = 'no'
WHERE `user_id` = 'admin';
DELETE FROM `ci_sessions`
WHERE `id` = '6c5a17f5f133652ba1742d0c57b2ed2c6cc61e30';
INSERT INTO `login_history` (`user_id`, `device`, `ip_address`, `date`) VALUES ('U376LG', 'Mozilla/5.0 (Macintosh; Intel Mac OS X 10_15_7) AppleWebKit/605.1.15 (KHTML, like Gecko) Version/17.2 Safari/605.1.15', '49.47.195.81', '24-08-24 10:57');
UPDATE `user_registration` SET `popup_seen` = 'yes'
WHERE `user_id` = 'U376LG';
UPDATE `user_registration` SET `popup_seen` = 'yes'
WHERE `user_id` = 'U376LG';
UPDATE `user_registration` SET `popup_seen` = 'yes'
WHERE `user_id` = 'U376LG';
UPDATE `user_registration` SET `popup_seen` = 'yes'
WHERE `user_id` = 'U376LG';
UPDATE `user_registration` SET `popup_seen` = 'yes'
WHERE `user_id` = 'U376LG';
UPDATE `user_registration` SET `popup_seen` = 'yes'
WHERE `user_id` = 'U376LG';
UPDATE `user_registration` SET `popup_seen` = 'yes'
WHERE `user_id` = 'U376LG';
UPDATE `user_registration` SET `popup_seen` = 'yes'
WHERE `user_id` = 'admin';
UPDATE `user_registration` SET `popup_seen` = 'yes'
WHERE `user_id` = 'U376LG';
UPDATE `user_registration` SET `popup_seen` = 'yes'
WHERE `user_id` = 'admin';
UPDATE `user_registration` SET `popup_seen` = 'yes'
WHERE `user_id` = 'U376LG';
UPDATE `user_registration` SET `popup_seen` = 'yes'
WHERE `user_id` = 'U376LG';
UPDATE `user_registration` SET `popup_seen` = 'yes'
WHERE `user_id` = 'U376LG';
UPDATE `user_registration` SET `popup_seen` = 'yes'
WHERE `user_id` = 'U376LG';
UPDATE `user_registration` SET `popup_seen` = 'yes'
WHERE `user_id` = 'admin';
UPDATE `user_registration` SET `popup_seen` = 'yes'
WHERE `user_id` = 'U376LG';
UPDATE `ci_sessions` SET `timestamp` = 1724497473, `data` = '__ci_last_regenerate|i:1724497473;isLogIn|b:1;isAdmin|b:1;id|s:1:\"1\";fullname|s:11:\"admin admin\";user_level|s:5:\"Admin\";email|s:15:\"admin@admin.com\";image|s:53:\"upload/settings/4a1f1b602322adb837a7a3547ee69cf3.jpeg\";last_login|s:19:\"2024-08-24 10:18:12\";last_logout|s:19:\"2024-08-24 10:23:44\";ip_address|s:12:\"49.47.195.81\";'
WHERE `id` = '026d76aa47b5c99a01b8225499b23cd5298f3fe7';
UPDATE `ci_sessions` SET `timestamp` = 1724498299, `data` = '__ci_last_regenerate|i:1724498299;id|s:4:\"2019\";user_id|s:5:\"admin\";username|s:5:\"admin\";sponsor_id|s:1:\"0\";fullname|s:11:\"Alex Carrey\";email|s:15:\"admin@admin.com\";phone|s:10:\"1235467892\";isLogIn|b:1;'
WHERE `id` = '132baf2e9ec2a8eb561badcd477c3e8a7573e65e';
INSERT INTO `login_history` (`user_id`, `device`, `ip_address`, `date`) VALUES ('admin', 'Mozilla/5.0 (X11; Ubuntu; Linux x86_64; rv:129.0) Gecko/20100101 Firefox/129.0', '152.58.219.81', '24-08-24 13:16');
UPDATE `user_registration` SET `popup_seen` = 'yes'
WHERE `user_id` = 'admin';
UPDATE `user_registration` SET `popup_seen` = 'yes'
WHERE `user_id` = 'admin';
UPDATE `user_registration` SET `popup_seen` = 'no'
WHERE `user_id` = 'admin';
DELETE FROM `ci_sessions`
WHERE `id` = '1e2f5e0a0946752a0ead0e544f712ddc050ee6fc';
UPDATE `admin` SET `last_login` = '2024-08-24 13:16:30', `ip_address` = '152.58.219.81'
WHERE `id` = '1';
UPDATE `admin` SET `last_logout` = '2024-08-24 13:16:47'
WHERE `id` = '1';
DELETE FROM `ci_sessions`
WHERE `id` = 'c377efacf804cc0e9964a52575b25ea0bdf2d50d';
UPDATE `admin` SET `last_login` = '2024-08-24 13:16:53', `ip_address` = '152.58.219.81'
WHERE `id` = '1';
INSERT INTO `cron_job_history` (`name`, `date_started`, `status`) VALUES ('calculate_rank_bonus', '2024-08-24 13:17:12', 'started');
INSERT INTO `earnings` (`user_id`, `Purchaser_id`, `earning_type`, `package_id`, `amount`, `date`, `comments`, `invest_amount`, `comm_perc`, `level`) VALUES ('admin', 'admin', 'Rank Bonus', 0, '50000', '2024-08-24 13:17:12', 'Rank Bonus', '50000', '50000', '6');
UPDATE `user_registration` SET commission_balance = ROUND(commission_balance + 50000,2)
WHERE `user_id` = 'admin';
INSERT INTO `monthly_cleared_data` (`user_id`, `left_carry`, `right_carry`, `rank_id`, `date`) VALUES ('admin', '0', '1000', '6', '2024-08-24 13:17:12');
UPDATE `bv_updation` SET `rank_id` = 1
WHERE `user_id` = 'admin';
UPDATE `user_registration` SET `rank_id` = 1
WHERE `user_id` = 'admin';
UPDATE `bv_updation` SET left_carry = 0, right_carry = 0
WHERE `user_id` = 'admin';
INSERT INTO `earnings` (`user_id`, `Purchaser_id`, `earning_type`, `package_id`, `amount`, `date`, `comments`, `invest_amount`, `comm_perc`, `level`) VALUES ('OJJ4LE', 'OJJ4LE', 'Rank Bonus', 0, '6000', '2024-08-24 13:17:12', 'Rank Bonus', '6000', '6000', '4');
UPDATE `user_registration` SET commission_balance = ROUND(commission_balance + 6000,2)
WHERE `user_id` = 'OJJ4LE';
INSERT INTO `monthly_cleared_data` (`user_id`, `left_carry`, `right_carry`, `rank_id`, `date`) VALUES ('OJJ4LE', '0', '750', '4', '2024-08-24 13:17:12');
UPDATE `bv_updation` SET `rank_id` = 1
WHERE `user_id` = 'OJJ4LE';
UPDATE `user_registration` SET `rank_id` = 1
WHERE `user_id` = 'OJJ4LE';
UPDATE `bv_updation` SET left_carry = 0, right_carry = 0
WHERE `user_id` = 'OJJ4LE';
INSERT INTO `earnings` (`user_id`, `Purchaser_id`, `earning_type`, `package_id`, `amount`, `date`, `comments`, `invest_amount`, `comm_perc`, `level`) VALUES ('2GEOO8', '2GEOO8', 'Rank Bonus', 0, '6000', '2024-08-24 13:17:12', 'Rank Bonus', '6000', '6000', '4');
UPDATE `user_registration` SET commission_balance = ROUND(commission_balance + 6000,2)
WHERE `user_id` = '2GEOO8';
INSERT INTO `monthly_cleared_data` (`user_id`, `left_carry`, `right_carry`, `rank_id`, `date`) VALUES ('2GEOO8', '0', '500', '4', '2024-08-24 13:17:12');
UPDATE `bv_updation` SET `rank_id` = 1
WHERE `user_id` = '2GEOO8';
UPDATE `user_registration` SET `rank_id` = 1
WHERE `user_id` = '2GEOO8';
UPDATE `bv_updation` SET left_carry = 0, right_carry = 0
WHERE `user_id` = '2GEOO8';
INSERT INTO `earnings` (`user_id`, `Purchaser_id`, `earning_type`, `package_id`, `amount`, `date`, `comments`, `invest_amount`, `comm_perc`, `level`) VALUES ('NYGD9W', 'NYGD9W', 'Rank Bonus', 0, '2000', '2024-08-24 13:17:12', 'Rank Bonus', '2000', '2000', '3');
UPDATE `user_registration` SET commission_balance = ROUND(commission_balance + 2000,2)
WHERE `user_id` = 'NYGD9W';
INSERT INTO `monthly_cleared_data` (`user_id`, `left_carry`, `right_carry`, `rank_id`, `date`) VALUES ('NYGD9W', '0', '250', '3', '2024-08-24 13:17:12');
UPDATE `bv_updation` SET `rank_id` = 1
WHERE `user_id` = 'NYGD9W';
UPDATE `user_registration` SET `rank_id` = 1
WHERE `user_id` = 'NYGD9W';
UPDATE `bv_updation` SET left_carry = 0, right_carry = 0
WHERE `user_id` = 'NYGD9W';
INSERT INTO `monthly_cleared_data` (`user_id`, `left_carry`, `right_carry`, `rank_id`, `date`) VALUES ('P3GJ5S', '0', '0', '1', '2024-08-24 13:17:12');
UPDATE `bv_updation` SET `rank_id` = 1
WHERE `user_id` = 'P3GJ5S';
UPDATE `user_registration` SET `rank_id` = 1
WHERE `user_id` = 'P3GJ5S';
UPDATE `bv_updation` SET left_carry = 0, right_carry = 0
WHERE `user_id` = 'P3GJ5S';
UPDATE `cron_job_history` SET `status` = 'done', `date_end` = '2024-08-24 13:17:12'
WHERE `id` = 1;
UPDATE `admin` SET `last_logout` = '2024-08-24 13:17:23'
WHERE `id` = '1';
DELETE FROM `ci_sessions`
WHERE `id` = 'c8335c1c2bcf50c115654b07fdb92f18d8150f0b';
INSERT INTO `login_history` (`user_id`, `device`, `ip_address`, `date`) VALUES ('admin', 'Mozilla/5.0 (X11; Ubuntu; Linux x86_64; rv:129.0) Gecko/20100101 Firefox/129.0', '152.58.219.81', '24-08-24 13:17');
UPDATE `user_registration` SET `popup_seen` = 'yes'
WHERE `user_id` = 'admin';
UPDATE `admin` SET `last_logout` = '2024-08-24 17:06:01'
WHERE `id` IS NULL;
DELETE FROM `ci_sessions`
WHERE `id` = 'bb218992cbb0fd97289c1cf8977fa5c291a4ce64';
UPDATE `admin` SET `last_login` = '2024-08-24 17:06:11', `ip_address` = '49.47.195.81'
WHERE `id` = '1';
TRUNCATE `investment`;
TRUNCATE `deposit`;
TRUNCATE `earnings`;
TRUNCATE `notifications`;
TRUNCATE `transections`;
TRUNCATE `transfer`;
TRUNCATE `user_registration`;
TRUNCATE `verify_tbl`;
TRUNCATE `withdraw`;
TRUNCATE `matrix_filling`;
TRUNCATE `temp_register`;
TRUNCATE `epin_request`;
TRUNCATE `epin_used`;
TRUNCATE `paystack_epin_purchase`;
TRUNCATE `user_epin`;
TRUNCATE `bv_updation`;
TRUNCATE `sponsor_bv_update_history`;
TRUNCATE `placement_bv_update_history`;
TRUNCATE `rank_history`;
TRUNCATE `payment_proof`;
TRUNCATE `activate_history`;
TRUNCATE `deactive_history`;
TRUNCATE `user_status_change_history`;
TRUNCATE `bank_info`;
TRUNCATE `package_purchase_history`;
TRUNCATE `coinbase_register`;
TRUNCATE `coinbase_response`;
TRUNCATE `cron_job_history`;
TRUNCATE `message`;
TRUNCATE `web_news`;
TRUNCATE `missed_earnings`;
TRUNCATE `uploads`;
TRUNCATE `package_upgrade_history`;
TRUNCATE `package_purchase_history`;
TRUNCATE `pair_history`;
TRUNCATE `payment_metod_setting`;
TRUNCATE `ticketattachments`;
TRUNCATE `ticketpipelog`;
TRUNCATE `ticketreplies`;
TRUNCATE `tickets`;
TRUNCATE `ticketsspamcontrol`;
TRUNCATE `debit`;
TRUNCATE `login_history`;
TRUNCATE `add_cart`;
TRUNCATE `orders`;
TRUNCATE `total_orders`;
TRUNCATE `product_purchase_history`;
TRUNCATE `reward_purchase_history`;
TRUNCATE `kyc`;
TRUNCATE `stripe_subscriptions_details`;
TRUNCATE `stripe_subscription_history`;
TRUNCATE `autoship_buy_history`;
TRUNCATE `monthly_cleared_data`;
INSERT INTO `bv_updation` (`user_id`) VALUES ('admin');
INSERT INTO `user_registration` (`uid`, `user_id`, `username`, `vacant`, `sponsor_id`, `placement_id`, `f_name`, `l_name`, `email`, `password`, `phone`, `reg_ip`, `status`, `package_id`, `active_status`) VALUES (2019, 'admin', 'admin', 'no', 0, 0, 'Alex', 'Carrey', 'admin@admin.com', 'e10adc3949ba59abbe56e057f20f883e', '1235467892', ':1', '1', '10', 'yes');
INSERT INTO `user_registration` (`uid`, `user_id`, `username`, `sponsor_id`, `placement_id`, `vacant`, `f_name`, `l_name`, `address`, `position`, `email`, `password`, `phone`, `reg_ip`, `status`, `created`) VALUES (NULL, 'NQXPRF', 'GfwMOtQP', 'admin', 'admin', 'yes', '', '', '', 'left', '@mail.com', '', '', '', 0, '2024-08-24 17:06:49');
INSERT INTO `user_registration` (`uid`, `user_id`, `username`, `sponsor_id`, `placement_id`, `vacant`, `f_name`, `l_name`, `address`, `position`, `email`, `password`, `phone`, `reg_ip`, `status`, `created`) VALUES (NULL, 'XKBLMN', 'vPlcdCii', 'admin', 'admin', 'yes', '', '', '', 'right', '@mail.com', '', '', '', 0, '2024-08-24 17:06:49');
INSERT INTO `investment` (`user_id`, `package_id`, `amount`, `type`, `invest_date`) VALUES ('admin', '10', 10000, 'register', '2024-08-24 17:06:49');
UPDATE `ci_sessions` SET `timestamp` = 1724519469, `data` = '__ci_last_regenerate|i:1724519469;isLogIn|b:1;isAdmin|b:1;id|s:1:\"1\";fullname|s:11:\"admin admin\";user_level|s:5:\"Admin\";email|s:15:\"admin@admin.com\";image|s:53:\"upload/settings/4a1f1b602322adb837a7a3547ee69cf3.jpeg\";last_login|s:19:\"2024-08-24 13:16:53\";last_logout|s:19:\"2024-08-24 13:17:23\";ip_address|s:13:\"152.58.219.81\";'
WHERE `id` = '904941fa9424cc96dcc101d55568387d5cd66729';
UPDATE `admin` SET `last_logout` = '2024-08-24 17:12:08'
WHERE `id` = '1';
DELETE FROM `ci_sessions`
WHERE `id` = '2e98204dadded31a1988f9ff7fbb613630a93d40';
INSERT INTO `login_history` (`user_id`, `device`, `ip_address`, `date`) VALUES ('admin', 'Mozilla/5.0 (Macintosh; Intel Mac OS X 10_15_7) AppleWebKit/537.36 (KHTML, like Gecko) Chrome/127.0.0.0 Safari/537.36', '49.47.195.81', '24-08-24 17:12');
UPDATE `user_registration` SET `popup_seen` = 'yes'
WHERE `user_id` = 'admin';
UPDATE `user_registration` SET `popup_seen` = 'no'
WHERE `user_id` IS NULL;
DELETE FROM `ci_sessions`
WHERE `id` = '12f3dfb796d085863a8ed068beaae53b6aafde51';
UPDATE `admin` SET `last_login` = '2024-08-24 17:13:11', `ip_address` = '49.47.195.81'
WHERE `id` = '1';
UPDATE `reward` SET `reward_id` = '3', `reward_name` = 'Reward', `reward_amount` = '300', `reward_value` = '250', `reward_points` = '50', `reward_discount` = '5', `reward_details` = '<p>This is a new reward. This is a new rewardThis is a new reward&nbsp;This is a new reward&nbsp;This is a new reward</p>\r\n', `status` = 1, `date` = '2024-08-24 17:14:06', `reward_image` = 'upload/reward_image/fcceada06d86edb87d65b0df7ba98d23.png'
WHERE `reward_id` = '3';
UPDATE `reward` SET `reward_id` = '3', `reward_name` = 'Reward', `reward_amount` = '300', `reward_value` = '250', `reward_points` = '50', `reward_discount` = '5', `reward_details` = '<p>This is a new reward. This is a new rewardThis is a new reward&nbsp;This is a new reward&nbsp;This is a new reward</p>\r\n', `status` = 1, `date` = '2024-08-24 17:14:40', `reward_image` = 'upload/reward_image/e9e94cdae6b4744e3fdfdb50e01ecfe3.jpg'
WHERE `reward_id` = '3';
UPDATE `reward` SET `reward_id` = '2', `reward_name` = 'test', `reward_amount` = '222', `reward_value` = '333', `reward_points` = '0', `reward_discount` = '20', `reward_details` = '<p>fdsfsdfs</p>\r\n', `status` = 1, `date` = '2024-08-24 17:14:51', `reward_image` = 'upload/reward_image/37b0ff122560379b802e9967ea447804.jpg'
WHERE `reward_id` = '2';
UPDATE `user_registration` SET `popup_seen` = 'yes'
WHERE `user_id` = 'admin';
UPDATE `user_registration` SET `popup_seen` = 'no'
WHERE `user_id` = 'admin';
DELETE FROM `ci_sessions`
WHERE `id` = '71a2587a845fdb29c1268f46f708f569c01fd9d6';
UPDATE `ci_sessions` SET `timestamp` = 1724520214, `data` = '__ci_last_regenerate|i:1724520214;isLogIn|b:1;isAdmin|b:1;id|s:1:\"1\";fullname|s:11:\"admin admin\";user_level|s:5:\"Admin\";email|s:15:\"admin@admin.com\";image|s:53:\"upload/settings/4a1f1b602322adb837a7a3547ee69cf3.jpeg\";last_login|s:19:\"2024-08-24 17:06:11\";last_logout|s:19:\"2024-08-24 17:12:08\";ip_address|s:12:\"49.47.195.81\";'
WHERE `id` = '1533ba8f90376676554338b74102d051ac7270cc';
UPDATE `admin` SET `last_logout` = '2024-08-24 17:23:42'
WHERE `id` = '1';
DELETE FROM `ci_sessions`
WHERE `id` = 'd1402d20a8be7409f96c8d1e39c4e0462f2c2b92';
UPDATE `admin` SET `last_logout` = '2024-08-25 22:17:23'
WHERE `id` IS NULL;
DELETE FROM `ci_sessions`
WHERE `id` = '151d0f7f53ec92cd7c83f90d4ee422192f06ce18';
UPDATE `admin` SET `last_login` = '2024-08-25 22:17:32', `ip_address` = '98.242.157.169'
WHERE `id` = '1';
UPDATE `user_registration` SET `popup_seen` = 'yes'
WHERE `user_id` IS NULL;
UPDATE `user_registration` SET `popup_seen` = 'yes'
WHERE `user_id` IS NULL;
UPDATE `user_registration` SET `popup_seen` = 'yes'
WHERE `user_id` IS NULL;
UPDATE `user_registration` SET `popup_seen` = 'yes'
WHERE `user_id` IS NULL;
UPDATE `user_registration` SET `popup_seen` = 'yes'
WHERE `user_id` IS NULL;
UPDATE `user_registration` SET `popup_seen` = 'yes'
WHERE `user_id` IS NULL;
UPDATE `user_registration` SET `popup_seen` = 'yes'
WHERE `user_id` IS NULL;
UPDATE `admin` SET `last_logout` = '2024-08-25 22:22:17'
WHERE `id` = '1';
DELETE FROM `ci_sessions`
WHERE `id` = 'f10d3bbe44c9932409f61ee3c0bd30715e1f3f3c';
INSERT INTO `login_history` (`user_id`, `device`, `ip_address`, `date`) VALUES ('admin', 'Mozilla/5.0 (Windows NT 10.0; Win64; x64) AppleWebKit/537.36 (KHTML, like Gecko) Chrome/127.0.0.0 Safari/537.36', '98.242.157.169', '24-08-25 22:22');
UPDATE `user_registration` SET `popup_seen` = 'yes'
WHERE `user_id` = 'admin';
UPDATE `ci_sessions` SET `timestamp` = 1724624890, `data` = '__ci_last_regenerate|i:1724624890;id|s:4:\"2019\";user_id|s:5:\"admin\";username|s:5:\"admin\";sponsor_id|s:1:\"0\";fullname|s:11:\"Alex Carrey\";email|s:15:\"admin@admin.com\";phone|s:10:\"1235467892\";isLogIn|b:1;'
WHERE `id` = 'fa272c7a27732ec768fb573a77acb64d63038a29';
UPDATE `user_registration` SET `popup_seen` = 'yes'
WHERE `user_id` = 'admin';
INSERT INTO `login_history` (`user_id`, `device`, `ip_address`, `date`) VALUES ('admin', 'Mozilla/5.0 (Windows NT 10.0; Win64; x64) AppleWebKit/537.36 (KHTML, like Gecko) Chrome/127.0.0.0 Safari/537.36', '98.242.157.169', '24-08-26 01:43');
UPDATE `user_registration` SET `popup_seen` = 'yes'
WHERE `user_id` = 'admin';
UPDATE `ci_sessions` SET `timestamp` = 1724639969, `data` = '__ci_last_regenerate|i:1724639969;id|s:4:\"2019\";user_id|s:5:\"admin\";username|s:5:\"admin\";sponsor_id|s:1:\"0\";fullname|s:11:\"Alex Carrey\";email|s:15:\"admin@admin.com\";phone|s:10:\"1235467892\";isLogIn|b:1;message|s:19:\"Welcome Alex Carrey\";__ci_vars|a:1:{s:7:\"message\";s:3:\"old\";}'
WHERE `id` = '420870c653f273225d82a9523f6893868d47dc3d';
UPDATE `user_registration` SET `popup_seen` = 'yes'
WHERE `user_id` = 'admin';
UPDATE `ci_sessions` SET `timestamp` = 1724643674, `data` = '__ci_last_regenerate|i:1724643674;id|s:4:\"2019\";user_id|s:5:\"admin\";username|s:5:\"admin\";sponsor_id|s:1:\"0\";fullname|s:11:\"Alex Carrey\";email|s:15:\"admin@admin.com\";phone|s:10:\"1235467892\";isLogIn|b:1;'
WHERE `id` = '4ca46d06a9ee07048c8fd0c02d2d86ceed7c548d';
UPDATE `ci_sessions` SET `timestamp` = 1724644139, `data` = '__ci_last_regenerate|i:1724644139;id|s:4:\"2019\";user_id|s:5:\"admin\";username|s:5:\"admin\";sponsor_id|s:1:\"0\";fullname|s:11:\"Alex Carrey\";email|s:15:\"admin@admin.com\";phone|s:10:\"1235467892\";isLogIn|b:1;'
WHERE `id` = '1206e783d1143fa7e584c43e1233701743229e28';
UPDATE `user_registration` SET `popup_seen` = 'yes'
WHERE `user_id` = 'admin';
INSERT INTO `login_history` (`user_id`, `device`, `ip_address`, `date`) VALUES ('admin', 'Mozilla/5.0 (Macintosh; Intel Mac OS X 10_15_7) AppleWebKit/537.36 (KHTML, like Gecko) Chrome/127.0.0.0 Safari/537.36', '103.94.137.138', '24-08-26 04:04');
UPDATE `user_registration` SET `popup_seen` = 'yes'
WHERE `user_id` = 'admin';
UPDATE `user_registration` SET `popup_seen` = 'yes'
WHERE `user_id` = 'admin';
UPDATE `ci_sessions` SET `timestamp` = 1724645388, `data` = '__ci_last_regenerate|i:1724645388;id|s:4:\"2019\";user_id|s:5:\"admin\";username|s:5:\"admin\";sponsor_id|s:1:\"0\";fullname|s:11:\"Alex Carrey\";email|s:15:\"admin@admin.com\";phone|s:10:\"1235467892\";isLogIn|b:1;'
WHERE `id` = '59ba5584e69e38b223b835030fed6ae7c2b55cfb';
UPDATE `user_registration` SET `popup_seen` = 'yes'
WHERE `user_id` = 'admin';
UPDATE `user_registration` SET `popup_seen` = 'no'
WHERE `user_id` = 'admin';
DELETE FROM `ci_sessions`
WHERE `id` = '34eb06d09de0e675ba468aea37a0c7d033089544';
UPDATE `admin` SET `last_login` = '2024-08-26 04:10:08', `ip_address` = '103.94.137.138'
WHERE `id` = '1';
UPDATE `admin` SET `last_logout` = '2024-08-26 04:10:35'
WHERE `id` IS NULL;
DELETE FROM `ci_sessions`
WHERE `id` = '1fb243bf722d39501b88ecff2211e36b88628bcd';
INSERT INTO `login_history` (`user_id`, `device`, `ip_address`, `date`) VALUES ('admin', 'Mozilla/5.0 (Macintosh; Intel Mac OS X 10_15_7) AppleWebKit/605.1.15 (KHTML, like Gecko) Version/17.2 Safari/605.1.15', '103.94.137.138', '24-08-26 04:10');
UPDATE `user_registration` SET `popup_seen` = 'yes'
WHERE `user_id` = 'admin';
INSERT INTO `deposit` (`user_id`, `deposit_amount`, `deposit_method`, `fees`, `comments`, `deposit_date`, `deposit_ip`, `status`) VALUES ('admin', '1000', 'admin', 0, 'ssAa', '2024-08-26 04:11:25', '103.94.137.138', 1);
INSERT INTO `transections` (`user_id`, `transection_category`, `releted_id`, `amount`, `comments`, `transection_date_timestamp`) VALUES ('admin', 'deposit', 1, '1000', 'ssAa', '2024-08-26 04:11:25');
UPDATE `user_registration` SET commission_balance = ROUND(commission_balance + 1000,2)
WHERE `user_id` = 'admin';
UPDATE `user_registration` SET `popup_seen` = 'yes'
WHERE `user_id` = 'admin';
UPDATE `ci_sessions` SET `timestamp` = 1724645961, `data` = '__ci_last_regenerate|i:1724645961;id|s:4:\"2019\";user_id|s:5:\"admin\";username|s:5:\"admin\";sponsor_id|s:1:\"0\";fullname|s:11:\"Alex Carrey\";email|s:15:\"admin@admin.com\";phone|s:10:\"1235467892\";isLogIn|b:1;'
WHERE `id` = '5d618fa80aba40ef76121451111c4f6fd37cdf5d';
INSERT INTO `login_history` (`user_id`, `device`, `ip_address`, `date`) VALUES ('admin', 'Mozilla/5.0 (X11; Ubuntu; Linux x86_64; rv:129.0) Gecko/20100101 Firefox/129.0', '152.59.223.196', '24-08-26 06:31');
UPDATE `user_registration` SET `popup_seen` = 'yes'
WHERE `user_id` = 'admin';
UPDATE `ci_sessions` SET `timestamp` = 1724655339, `data` = '__ci_last_regenerate|i:1724655339;id|s:4:\"2019\";user_id|s:5:\"admin\";username|s:5:\"admin\";sponsor_id|s:1:\"0\";fullname|s:11:\"Alex Carrey\";email|s:15:\"admin@admin.com\";phone|s:10:\"1235467892\";isLogIn|b:1;'
WHERE `id` = 'f14ee73e726d76c115f3f0bcf19f2adf013e1561';
UPDATE `user_registration` SET `popup_seen` = 'yes'
WHERE `user_id` = 'admin';
UPDATE `user_registration` SET `popup_seen` = 'no'
WHERE `user_id` = 'admin';
DELETE FROM `ci_sessions`
WHERE `id` = 'd1fb42ce48e539febf77973906a9172c35ea3886';
UPDATE `admin` SET `last_login` = '2024-08-26 06:55:55', `ip_address` = '152.58.216.187'
WHERE `id` = '1';
UPDATE `setting` SET `setting_id` = '1', `title` = 'TRAVELEGENDCY', `description` = 'TRAVELEGENDCY Address', `email` = 'info@travelegendcy.com', `phone` = '+87778787878', `logo` = 'upload/settings/30bab7e420dbb380f75e1a749c7aa130.png', `logo_web` = NULL, `favicon` = 'upload/settings/99b7ea2fe6d495334e1a5b157f39f845.png', `language` = NULL, `time_zone` = NULL, `site_align` = NULL, `office_time` = NULL, `latitude` = NULL, `footer_text` = '2024 © Copyright TRAVELEGENDCY', `terms_condition` = '<p>Please read through these Terms of Service, Acceptable Use Policy and our Privacy Policy carefully before start using the services. Privacy Policy includes our Cookie Policy.<br />\r\nAcceptance of the Terms Before using any of our services, you must first agree to these Terms of Service and the Privacy Policy. By accessing our services or by otherwise using them, you confirm that you agree to these Terms of Service, you agree to follow our Acceptable Use Policy and agree to be bound by them (&quot;Agreement&quot;). You also agree that your personal data and electronic communications on our platform will be processed in accordance with our Privacy Policy, which are incorporated here by reference.<br />\r\nMinors are not allowed to use the services. You affirm that you are at least eighteen (18) years of age, or the age of legal majority in your jurisdiction if that is higher than eighteen (18) years of age.<br />\r\nYou affirm that you have the right, power, capacity and authority to lawfully enter into this Agreement.<br />\r\nWe have the right, at our sole discretion, to make modifications and revisions to the terms of this Agreement to reflect changes in technology, standards, legislation, administrative or business practices, or the costs structure for providing the services. Such modifications and revisions will be notified to you through the service no later than thirty (10) days before they become effective.<br />\r\nYou will be deemed to have accepted all modifications and revisions by continuing to use the service. If you do not agree to the changes, you can terminate this Agreement at any time by concluding any outstanding trades and other obligations, withdrawing any remaining balances and closing down your account.<br />\r\nWe also have the right, at our sole discretion, to make modifications and revisions to the services and to the terms of this Agreement at any time which are due to security or compliance reasons. Such modifications will be published on our site and notified to you without undue delay.</p>\r\n\r\n<p>&nbsp;</p>\r\n'
WHERE `setting_id` = '1';
UPDATE `admin` SET `last_logout` = '2024-08-26 07:42:38'
WHERE `id` IS NULL;
DELETE FROM `ci_sessions`
WHERE `id` = '65cab790b6810a913a49273a97d887a8dd49ec79';
INSERT INTO `login_history` (`user_id`, `device`, `ip_address`, `date`) VALUES ('admin', 'Mozilla/5.0 (Windows NT 10.0; Win64; x64) AppleWebKit/537.36 (KHTML, like Gecko) Chrome/127.0.0.0 Safari/537.36', '98.242.157.169', '24-08-27 01:30');
UPDATE `user_registration` SET `popup_seen` = 'yes'
WHERE `user_id` = 'admin';
UPDATE `user_registration` SET `popup_seen` = 'yes'
WHERE `user_id` = 'admin';
UPDATE `ci_sessions` SET `timestamp` = 1724722554, `data` = '__ci_last_regenerate|i:1724722554;id|s:4:\"2019\";user_id|s:5:\"admin\";username|s:5:\"admin\";sponsor_id|s:1:\"0\";fullname|s:11:\"Alex Carrey\";email|s:15:\"admin@admin.com\";phone|s:10:\"1235467892\";isLogIn|b:1;'
WHERE `id` = '76880a4e40fb2d529ef3e256651ad3372d7142ca';
UPDATE `ci_sessions` SET `timestamp` = 1724722986, `data` = '__ci_last_regenerate|i:1724722986;id|s:4:\"2019\";user_id|s:5:\"admin\";username|s:5:\"admin\";sponsor_id|s:1:\"0\";fullname|s:11:\"Alex Carrey\";email|s:15:\"admin@admin.com\";phone|s:10:\"1235467892\";isLogIn|b:1;'
WHERE `id` = '2cf455026b8ab576b33e394570b700bddfe3b783';
INSERT INTO `reward_purchase_history` (`user_id`, `reward_id`, `amount`, `reward_value`, `reward_points`, `available_points`, `conversion_point_rate`, `payment_option`, `reward_name`, `date`, `type`) VALUES ('admin', '2', '222', '333', '0', '0', '1', 'free', 'test', '2024-08-27 01:43:15', 'reward_claim');
UPDATE `user_registration` SET total_points = ROUND(total_points - 0,2)
WHERE `user_id` = 'admin';
UPDATE `user_registration` SET `popup_seen` = 'yes'
WHERE `user_id` = 'admin';
UPDATE `admin` SET `last_logout` = '2024-08-27 01:46:39'
WHERE `id` IS NULL;
DELETE FROM `ci_sessions`
WHERE `id` = 'f5be07ba790e687b4b51fff9b211c16ad3030c1c';
UPDATE `admin` SET `last_login` = '2024-08-27 01:46:56', `ip_address` = '98.242.157.169'
WHERE `id` = '1';
UPDATE `rank_settings` SET `bv` = '0'
WHERE `id` = 1;
UPDATE `rank_settings` SET `bv` = '1200'
WHERE `id` = 2;
UPDATE `rank_settings` SET `bv` = '3750'
WHERE `id` = 3;
UPDATE `rank_settings` SET `bv` = '11250'
WHERE `id` = 4;
UPDATE `rank_settings` SET `bv` = '33750'
WHERE `id` = 5;
UPDATE `rank_settings` SET `bv` = '101250'
WHERE `id` = 6;
UPDATE `rank_settings` SET `bv` = '303750'
WHERE `id` = 7;
UPDATE `rank_settings` SET `residual_bonus` = '0'
WHERE `id` = 1;
UPDATE `rank_settings` SET `residual_bonus` = '700'
WHERE `id` = 2;
UPDATE `rank_settings` SET `residual_bonus` = '2500'
WHERE `id` = 3;
UPDATE `rank_settings` SET `residual_bonus` = '6000'
WHERE `id` = 4;
UPDATE `rank_settings` SET `residual_bonus` = '15000'
WHERE `id` = 5;
UPDATE `rank_settings` SET `residual_bonus` = '50000'
WHERE `id` = 6;
UPDATE `rank_settings` SET `residual_bonus` = '150000'
WHERE `id` = 7;
UPDATE `rank_settings` SET `direct_bonus` = '100'
WHERE `id` = 1;
UPDATE `rank_settings` SET `direct_bonus` = '200'
WHERE `id` = 2;
UPDATE `rank_settings` SET `direct_bonus` = '300'
WHERE `id` = 3;
UPDATE `rank_settings` SET `direct_bonus` = '400'
WHERE `id` = 4;
UPDATE `rank_settings` SET `direct_bonus` = '500'
WHERE `id` = 5;
UPDATE `rank_settings` SET `direct_bonus` = '500'
WHERE `id` = 6;
UPDATE `rank_settings` SET `direct_bonus` = '500'
WHERE `id` = 7;
UPDATE `ci_sessions` SET `timestamp` = 1724723708, `data` = '__ci_last_regenerate|i:1724723708;isLogIn|b:1;isAdmin|b:1;id|s:1:\"1\";fullname|s:11:\"admin admin\";user_level|s:5:\"Admin\";email|s:15:\"admin@admin.com\";image|s:53:\"upload/settings/4a1f1b602322adb837a7a3547ee69cf3.jpeg\";last_login|s:19:\"2024-08-26 06:55:55\";last_logout|s:19:\"2024-08-25 22:22:17\";ip_address|s:14:\"152.58.216.187\";message|s:20:\"Update Successfully!\";__ci_vars|a:1:{s:7:\"message\";s:3:\"old\";}'
WHERE `id` = '788a3d0b3a62ca1d9ae6dbc606b133a49423e38d';
UPDATE `setting` SET `setting_id` = 1, `reg_fee` = '595', `month_fee` = '149', `conversion_points` = '1'
WHERE `setting_id` = 1;
UPDATE `setting` SET `setting_id` = 1, `withdraw_fee` = '10', `min_withdraw` = '100'
WHERE `setting_id` = 1;
UPDATE `setting` SET `setting_id` = 1, `login_popup_status` = 'no', `login_popup_content` = '<h1><strong>Welcome</strong></h1>\r\n\r\n<p>&quot;Neque porro quisquam est qui dolorem ipsum quia dolor sit amet, consectetur, adipisci velit...&quot;</p>\r\n\r\n<p>&quot;There is no one who loves pain itself, who seeks after it and wants to have it, simply because it is pain...&quot;</p>\r\n\r\n<h2><strong>Latest update</strong></h2>\r\n\r\n<p><strong>Lorem Ipsum</strong> is simply dummy text of the printing and typesetting industry. Lorem Ipsum has been the industry&#39;s standard dummy text ever since the 1500s, when an unknown printer took a galley of type and scrambled it to make a type specimen book.</p>\r\n'
WHERE `setting_id` = 1;
UPDATE `ci_sessions` SET `timestamp` = 1724723963, `data` = '__ci_last_regenerate|i:1724723963;id|s:4:\"2019\";user_id|s:5:\"admin\";username|s:5:\"admin\";sponsor_id|s:1:\"0\";fullname|s:11:\"Alex Carrey\";email|s:15:\"admin@admin.com\";phone|s:10:\"1235467892\";isLogIn|b:1;'
WHERE `id` = 'a24c1e11ff53e95902f6fa4e3127b925267cc9bb';
UPDATE `user_registration` SET `popup_seen` = 'no'
WHERE `user_id` = 'admin';
DELETE FROM `ci_sessions`
WHERE `id` = '2658c48a1e48a1a2d83d93beff126bc6cde01270';
UPDATE `ci_sessions` SET `timestamp` = 1724724503, `data` = '__ci_last_regenerate|i:1724724503;isLogIn|b:1;isAdmin|b:1;id|s:1:\"1\";fullname|s:11:\"admin admin\";user_level|s:5:\"Admin\";email|s:15:\"admin@admin.com\";image|s:53:\"upload/settings/4a1f1b602322adb837a7a3547ee69cf3.jpeg\";last_login|s:19:\"2024-08-26 06:55:55\";last_logout|s:19:\"2024-08-25 22:22:17\";ip_address|s:14:\"152.58.216.187\";'
WHERE `id` = '1dd6cacbcd934da74fa274c70596f1ea67436608';
UPDATE `ci_sessions` SET `timestamp` = 1724724925, `data` = '__ci_last_regenerate|i:1724724925;isLogIn|b:1;isAdmin|b:1;id|s:1:\"1\";fullname|s:11:\"admin admin\";user_level|s:5:\"Admin\";email|s:15:\"admin@admin.com\";image|s:53:\"upload/settings/4a1f1b602322adb837a7a3547ee69cf3.jpeg\";last_login|s:19:\"2024-08-26 06:55:55\";last_logout|s:19:\"2024-08-25 22:22:17\";ip_address|s:14:\"152.58.216.187\";'
WHERE `id` = 'cedf8f4405c5551981a553b1583679e78393ce6c';
UPDATE `setting` SET `setting_id` = 1, `reg_fee` = '595', `month_fee` = '150', `conversion_points` = '1'
WHERE `setting_id` = 1;
UPDATE `ci_sessions` SET `timestamp` = 1724725095, `data` = '__ci_last_regenerate|i:1724725095;captcha|s:4:\"voxg\";lang|s:7:\"english\";'
WHERE `id` = '6748b6c371850d6e8145ab6fceb61d1e3cc77dc4';
INSERT INTO `login_history` (`user_id`, `device`, `ip_address`, `date`) VALUES ('admin', 'Mozilla/5.0 (Windows NT 10.0; Win64; x64) AppleWebKit/537.36 (KHTML, like Gecko) Chrome/127.0.0.0 Safari/537.36', '98.242.157.169', '24-08-27 02:18');
UPDATE `user_registration` SET `popup_seen` = 'yes'
WHERE `user_id` = 'admin';
UPDATE `user_registration` SET `popup_seen` = 'yes'
WHERE `user_id` = 'admin';
UPDATE `ci_sessions` SET `timestamp` = 1724725347, `data` = '__ci_last_regenerate|i:1724725347;isLogIn|b:1;isAdmin|b:1;id|s:1:\"1\";fullname|s:11:\"admin admin\";user_level|s:5:\"Admin\";email|s:15:\"admin@admin.com\";image|s:53:\"upload/settings/4a1f1b602322adb837a7a3547ee69cf3.jpeg\";last_login|s:19:\"2024-08-26 06:55:55\";last_logout|s:19:\"2024-08-25 22:22:17\";ip_address|s:14:\"152.58.216.187\";'
WHERE `id` = '368916001821789c160b70084e32ad2abf37e29c';
UPDATE `ci_sessions` SET `timestamp` = 1724727488, `data` = '__ci_last_regenerate|i:1724727488;lang|s:7:\"english\";id|s:4:\"2019\";user_id|s:5:\"admin\";username|s:5:\"admin\";sponsor_id|s:1:\"0\";fullname|s:11:\"Alex Carrey\";email|s:15:\"admin@admin.com\";phone|s:10:\"1235467892\";isLogIn|b:1;'
WHERE `id` = '2601f696191787d5d256414c97ea4a784accb1ef';
UPDATE `admin` SET `last_logout` = '2024-08-27 02:58:49'
WHERE `id` = '2019';
DELETE FROM `ci_sessions`
WHERE `id` = '875257b6348a39a786d1c96c5cef8347ec72cd28';
UPDATE `admin` SET `last_login` = '2024-08-27 02:58:53', `ip_address` = '98.242.157.169'
WHERE `id` = '1';
UPDATE `ci_sessions` SET `timestamp` = 1724728296, `data` = '__ci_last_regenerate|i:1724728296;isLogIn|b:1;isAdmin|b:1;id|s:1:\"1\";fullname|s:11:\"admin admin\";user_level|s:5:\"Admin\";email|s:15:\"admin@admin.com\";image|s:53:\"upload/settings/4a1f1b602322adb837a7a3547ee69cf3.jpeg\";last_login|s:19:\"2024-08-27 01:46:56\";last_logout|s:19:\"2024-08-25 22:22:17\";ip_address|s:14:\"98.242.157.169\";'
WHERE `id` = 'b41b8a01679b0260697f497361e546be008eb811';
UPDATE `ci_sessions` SET `timestamp` = 1724733053, `data` = '__ci_last_regenerate|i:1724733053;captcha|s:4:\"evj0\";'
WHERE `id` = 'b028636ec3e62f173629d787fcf326fff42a13cd';
UPDATE `ci_sessions` SET `timestamp` = 1724735059, `data` = '__ci_last_regenerate|i:1724735059;captcha|s:4:\"9afo\";'
WHERE `id` = '9e17d6efb5b4ad89ba85aa9a6011444aaeb9024b';
INSERT INTO `login_history` (`user_id`, `device`, `ip_address`, `date`) VALUES ('admin', 'Mozilla/5.0 (Macintosh; Intel Mac OS X 10_15_7) AppleWebKit/537.36 (KHTML, like Gecko) Chrome/127.0.0.0 Safari/537.36', '103.94.137.138', '24-08-27 05:11');
UPDATE `user_registration` SET `popup_seen` = 'yes'
WHERE `user_id` = 'admin';
UPDATE `user_registration` SET `popup_seen` = 'no'
WHERE `user_id` = 'admin';
DELETE FROM `ci_sessions`
WHERE `id` = '5d4b6e1ae2c0679cdd557cb016ef2e5bd17a82b9';
UPDATE `admin` SET `last_login` = '2024-08-27 05:12:33', `ip_address` = '103.94.137.138'
WHERE `id` = '1';
UPDATE `setting` SET `setting_id` = '1', `title` = 'TRAVELEGENDCY', `description` = 'TRAVELEGENDCY Address', `email` = 'info@travelegendcy.com', `phone` = '+87778787878', `logo` = 'upload/settings/2f38f1dfeae5f4248106d865cfe264dc.png', `logo_web` = NULL, `favicon` = 'upload/settings/e9e3f0adc76e661a109c88e504c1ce89.png', `language` = NULL, `time_zone` = NULL, `site_align` = NULL, `office_time` = NULL, `latitude` = NULL, `footer_text` = '2024 © Copyright TRAVELEGENDCY', `terms_condition` = '<p>Please read through these Terms of Service, Acceptable Use Policy and our Privacy Policy carefully before start using the services. Privacy Policy includes our Cookie Policy.<br />\r\nAcceptance of the Terms Before using any of our services, you must first agree to these Terms of Service and the Privacy Policy. By accessing our services or by otherwise using them, you confirm that you agree to these Terms of Service, you agree to follow our Acceptable Use Policy and agree to be bound by them (&quot;Agreement&quot;). You also agree that your personal data and electronic communications on our platform will be processed in accordance with our Privacy Policy, which are incorporated here by reference.<br />\r\nMinors are not allowed to use the services. You affirm that you are at least eighteen (18) years of age, or the age of legal majority in your jurisdiction if that is higher than eighteen (18) years of age.<br />\r\nYou affirm that you have the right, power, capacity and authority to lawfully enter into this Agreement.<br />\r\nWe have the right, at our sole discretion, to make modifications and revisions to the terms of this Agreement to reflect changes in technology, standards, legislation, administrative or business practices, or the costs structure for providing the services. Such modifications and revisions will be notified to you through the service no later than thirty (10) days before they become effective.<br />\r\nYou will be deemed to have accepted all modifications and revisions by continuing to use the service. If you do not agree to the changes, you can terminate this Agreement at any time by concluding any outstanding trades and other obligations, withdrawing any remaining balances and closing down your account.<br />\r\nWe also have the right, at our sole discretion, to make modifications and revisions to the services and to the terms of this Agreement at any time which are due to security or compliance reasons. Such modifications will be published on our site and notified to you without undue delay.</p>\r\n\r\n<p>&nbsp;</p>\r\n'
WHERE `setting_id` = '1';
UPDATE `admin` SET `last_logout` = '2024-08-27 05:13:23'
WHERE `id` = '1';
DELETE FROM `ci_sessions`
WHERE `id` = 'cbc57bf27cb1d74d539ef96c3de18301f21ab858';
UPDATE `ci_sessions` SET `timestamp` = 1724735801, `data` = '__ci_last_regenerate|i:1724735801;captcha|s:4:\"jw2r\";'
WHERE `id` = 'ca02f5c7825a596c0a3252068ac28426187d3e97';
INSERT INTO `login_history` (`user_id`, `device`, `ip_address`, `date`) VALUES ('admin', 'Mozilla/5.0 (Macintosh; Intel Mac OS X 10_15_7) AppleWebKit/537.36 (KHTML, like Gecko) Chrome/127.0.0.0 Safari/537.36', '103.94.137.138', '24-08-27 05:17');
UPDATE `user_registration` SET `popup_seen` = 'yes'
WHERE `user_id` = 'admin';
UPDATE `ci_sessions` SET `timestamp` = 1724737221, `data` = '__ci_last_regenerate|i:1724737221;captcha|s:4:\"361h\";'
WHERE `id` = '2057997b19d3c4d1e8f43ad5794637f16a3691d6';
INSERT INTO `login_history` (`user_id`, `device`, `ip_address`, `date`) VALUES ('admin', 'Mozilla/5.0 (Windows NT 10.0; Win64; x64) AppleWebKit/537.36 (KHTML, like Gecko) Chrome/127.0.0.0 Safari/537.36', '103.94.137.138', '24-08-27 05:40');
UPDATE `user_registration` SET `popup_seen` = 'yes'
WHERE `user_id` = 'admin';
INSERT INTO `login_history` (`user_id`, `device`, `ip_address`, `date`) VALUES ('admin', 'Mozilla/5.0 (Macintosh; Intel Mac OS X 10_15_7) AppleWebKit/537.36 (KHTML, like Gecko) Chrome/127.0.0.0 Safari/537.36', '103.94.137.138', '24-08-27 05:40');
UPDATE `user_registration` SET `popup_seen` = 'yes'
WHERE `user_id` = 'admin';
UPDATE `user_registration` SET `popup_seen` = 'no'
WHERE `user_id` = 'admin';
DELETE FROM `ci_sessions`
WHERE `id` = '6b23350973caf1e3cf0864a9d331b2857d43a89f';
UPDATE `user_registration` SET `uid` = '2021', `user_id` = 'NRRM6L', `username` = 'testuserA', `sponsor_id` = 'admin', `vacant` = 'no', `f_name` = 'testuserA', `l_name` = 'v', `address` = 'testuserA', `position` = 'right', `email` = 'testuserA@mail.com', `password` = '3073a31f880150b518da9dd5ef5add41', `phone` = '7868687687', `country` = 'United States', `state` = 'Indiana', `city` = 'testuserA', `street` = '76778766', `zip_code` = '76876876', `reg_ip` = '103.94.137.138', `status` = 1, `package_id` = 1, `rank_id` = 1, `highest_rank` = 1, `created` = '2024-08-27 05:41:28', `google_secret` = 'ZR7GWQGUUKEJ6CKC'
WHERE `uid` = '2021';
INSERT INTO `user_registration` (`uid`, `user_id`, `username`, `sponsor_id`, `placement_id`, `vacant`, `f_name`, `l_name`, `address`, `position`, `email`, `password`, `phone`, `reg_ip`, `status`, `created`) VALUES (NULL, 'VAIAKH', 'OUJJdgGx', 'NRRM6L', 'NRRM6L', 'yes', '', '', '', 'left', '@mail.com', '', '', '', 0, '2024-08-27 05:41:28');
INSERT INTO `user_registration` (`uid`, `user_id`, `username`, `sponsor_id`, `placement_id`, `vacant`, `f_name`, `l_name`, `address`, `position`, `email`, `password`, `phone`, `reg_ip`, `status`, `created`) VALUES (NULL, 'BIAGSE', 'kGCLWRld', 'NRRM6L', 'NRRM6L', 'yes', '', '', '', 'right', '@mail.com', '', '', '', 0, '2024-08-27 05:41:28');
INSERT INTO `bv_updation` (`user_id`) VALUES ('NRRM6L');
UPDATE `user_registration` SET total_ref_count = total_ref_count+1
WHERE `user_id` = 'admin';
UPDATE `user_registration` SET total_downlines = total_downlines+1
WHERE `user_id` = 'admin';
UPDATE `user_registration` SET right_downlines = right_downlines+1
WHERE `user_id` = 'admin';
UPDATE `user_registration` SET right_ref_count = right_ref_count+1
WHERE `user_id` = 'admin';
UPDATE `user_registration` SET active_right = active_right+1
WHERE `user_id` = 'admin';
UPDATE `bv_updation` SET right_carry = right_carry+250, total_right = total_right+250
WHERE `user_id` = 'admin';
INSERT INTO `placement_bv_update_history` (`right_carry`, `date`, `from_id`, `user_id`) VALUES (250, '2024-08-27 05:41:28', 'NRRM6L', 'admin');
UPDATE `bv_updation` SET sponsor_right_carry = sponsor_right_carry+250, sponsor_total_right = sponsor_total_right+250
WHERE `user_id` = 'admin';
INSERT INTO `sponsor_bv_update_history` (`right_carry`, `date`, `user_id`) VALUES (250, '2024-08-27 05:41:28', 'admin');
UPDATE `user_registration` SET `popup_seen` = 'no'
WHERE `user_id` = 'admin';
DELETE FROM `ci_sessions`
WHERE `id` = '969272f28ef203d36d6223427346ddea1626937f';
UPDATE `user_registration` SET `uid` = '2023', `user_id` = 'KWZ2U6', `username` = 'testuserB', `sponsor_id` = 'NRRM6L', `vacant` = 'no', `f_name` = 'testuserB', `l_name` = 'B', `address` = 'testuserB', `position` = 'right', `email` = 'testuserB@mail.com', `password` = '31f17302b6c6ee0e5ceeaf5f60fb6da3', `phone` = '8787876876', `country` = 'United States', `state` = 'Alabama', `city` = 'testuserB', `street` = 'nvt786867', `zip_code` = '67567567', `reg_ip` = '103.94.137.138', `status` = 1, `package_id` = 1, `rank_id` = 1, `highest_rank` = 1, `created` = '2024-08-27 05:42:35', `google_secret` = 'I3R4VRXFAAQ5DON6'
WHERE `uid` = '2023';
INSERT INTO `user_registration` (`uid`, `user_id`, `username`, `sponsor_id`, `placement_id`, `vacant`, `f_name`, `l_name`, `address`, `position`, `email`, `password`, `phone`, `reg_ip`, `status`, `created`) VALUES (NULL, 'HXWYGH', 'TqAIvAXw', 'KWZ2U6', 'KWZ2U6', 'yes', '', '', '', 'left', '@mail.com', '', '', '', 0, '2024-08-27 05:42:35');
INSERT INTO `user_registration` (`uid`, `user_id`, `username`, `sponsor_id`, `placement_id`, `vacant`, `f_name`, `l_name`, `address`, `position`, `email`, `password`, `phone`, `reg_ip`, `status`, `created`) VALUES (NULL, 'MIORQA', 'LKumaorx', 'KWZ2U6', 'KWZ2U6', 'yes', '', '', '', 'right', '@mail.com', '', '', '', 0, '2024-08-27 05:42:35');
INSERT INTO `bv_updation` (`user_id`) VALUES ('KWZ2U6');
UPDATE `user_registration` SET total_ref_count = total_ref_count+1
WHERE `user_id` = 'NRRM6L';
UPDATE `user_registration` SET total_downlines = total_downlines+1
WHERE `user_id` = 'NRRM6L';
UPDATE `user_registration` SET right_downlines = right_downlines+1
WHERE `user_id` = 'NRRM6L';
UPDATE `user_registration` SET right_ref_count = right_ref_count+1
WHERE `user_id` = 'NRRM6L';
UPDATE `user_registration` SET active_right = active_right+1
WHERE `user_id` = 'NRRM6L';
UPDATE `user_registration` SET total_downlines = total_downlines+1
WHERE `user_id` = 'admin';
UPDATE `user_registration` SET right_downlines = right_downlines+1
WHERE `user_id` = 'admin';
INSERT INTO `earnings` (`user_id`, `Purchaser_id`, `earning_type`, `package_id`, `amount`, `date`, `comments`, `invest_amount`, `comm_perc`, `level`) VALUES ('NRRM6L', 'KWZ2U6', 'Direct Referral Bonus', 0, '100', '2024-08-27 05:42:35', 'Direct Referral Bonus', 0, 0, 1);
UPDATE `user_registration` SET commission_balance = ROUND(commission_balance + 100,2)
WHERE `user_id` = 'NRRM6L';
UPDATE `bv_updation` SET right_carry = right_carry+250, total_right = total_right+250
WHERE `user_id` = 'NRRM6L';
INSERT INTO `placement_bv_update_history` (`right_carry`, `date`, `from_id`, `user_id`) VALUES (250, '2024-08-27 05:42:35', 'KWZ2U6', 'NRRM6L');
UPDATE `bv_updation` SET sponsor_right_carry = sponsor_right_carry+250, sponsor_total_right = sponsor_total_right+250
WHERE `user_id` = 'NRRM6L';
INSERT INTO `sponsor_bv_update_history` (`right_carry`, `date`, `user_id`) VALUES (250, '2024-08-27 05:42:35', 'NRRM6L');
UPDATE `bv_updation` SET right_carry = right_carry+250, total_right = total_right+250
WHERE `user_id` = 'admin';
INSERT INTO `placement_bv_update_history` (`right_carry`, `date`, `from_id`, `user_id`) VALUES (250, '2024-08-27 05:42:35', 'KWZ2U6', 'admin');
UPDATE `admin` SET `last_login` = '2024-08-27 05:43:05', `ip_address` = '103.94.137.138'
WHERE `id` = '1';
UPDATE `user_registration` SET `uid` = '2025', `user_id` = 'XGWXWK', `username` = 'testuserC', `sponsor_id` = 'KWZ2U6', `vacant` = 'no', `f_name` = 'testuserC', `l_name` = 'c', `address` = 'testuserC', `position` = 'right', `email` = 'testuserC@mail.com', `password` = '539aa554e404af0fcb0b10b3fa411130', `phone` = '87687687678', `country` = 'United States', `state` = 'Connecticut', `city` = 'testuserC', `street` = 'testuserC', `zip_code` = '768768', `reg_ip` = '103.94.137.138', `status` = 1, `package_id` = 1, `rank_id` = 1, `highest_rank` = 1, `created` = '2024-08-27 05:46:17', `google_secret` = 'QWFT3LWM2V52JGAL'
WHERE `uid` = '2025';
INSERT INTO `user_registration` (`uid`, `user_id`, `username`, `sponsor_id`, `placement_id`, `vacant`, `f_name`, `l_name`, `address`, `position`, `email`, `password`, `phone`, `reg_ip`, `status`, `created`) VALUES (NULL, 'ZUTFWZ', 'AWOFpfmM', 'XGWXWK', 'XGWXWK', 'yes', '', '', '', 'left', '@mail.com', '', '', '', 0, '2024-08-27 05:46:17');
INSERT INTO `user_registration` (`uid`, `user_id`, `username`, `sponsor_id`, `placement_id`, `vacant`, `f_name`, `l_name`, `address`, `position`, `email`, `password`, `phone`, `reg_ip`, `status`, `created`) VALUES (NULL, 'QHHFMN', 'AIoIlRKs', 'XGWXWK', 'XGWXWK', 'yes', '', '', '', 'right', '@mail.com', '', '', '', 0, '2024-08-27 05:46:17');
INSERT INTO `bv_updation` (`user_id`) VALUES ('XGWXWK');
UPDATE `user_registration` SET total_ref_count = total_ref_count+1
WHERE `user_id` = 'KWZ2U6';
UPDATE `user_registration` SET total_downlines = total_downlines+1
WHERE `user_id` = 'KWZ2U6';
UPDATE `user_registration` SET right_downlines = right_downlines+1
WHERE `user_id` = 'KWZ2U6';
UPDATE `user_registration` SET right_ref_count = right_ref_count+1
WHERE `user_id` = 'KWZ2U6';
UPDATE `user_registration` SET active_right = active_right+1
WHERE `user_id` = 'KWZ2U6';
UPDATE `user_registration` SET total_downlines = total_downlines+1
WHERE `user_id` = 'NRRM6L';
UPDATE `user_registration` SET right_downlines = right_downlines+1
WHERE `user_id` = 'NRRM6L';
UPDATE `user_registration` SET total_downlines = total_downlines+1
WHERE `user_id` = 'admin';
UPDATE `user_registration` SET right_downlines = right_downlines+1
WHERE `user_id` = 'admin';
INSERT INTO `earnings` (`user_id`, `Purchaser_id`, `earning_type`, `package_id`, `amount`, `date`, `comments`, `invest_amount`, `comm_perc`, `level`) VALUES ('KWZ2U6', 'XGWXWK', 'Direct Referral Bonus', 0, '100', '2024-08-27 05:46:18', 'Direct Referral Bonus', 0, 0, 1);
UPDATE `user_registration` SET commission_balance = ROUND(commission_balance + 100,2)
WHERE `user_id` = 'KWZ2U6';
UPDATE `bv_updation` SET right_carry = right_carry+250, total_right = total_right+250
WHERE `user_id` = 'KWZ2U6';
INSERT INTO `placement_bv_update_history` (`right_carry`, `date`, `from_id`, `user_id`) VALUES (250, '2024-08-27 05:46:18', 'XGWXWK', 'KWZ2U6');
UPDATE `bv_updation` SET sponsor_right_carry = sponsor_right_carry+250, sponsor_total_right = sponsor_total_right+250
WHERE `user_id` = 'KWZ2U6';
INSERT INTO `sponsor_bv_update_history` (`right_carry`, `date`, `user_id`) VALUES (250, '2024-08-27 05:46:18', 'KWZ2U6');
UPDATE `bv_updation` SET right_carry = right_carry+250, total_right = total_right+250
WHERE `user_id` = 'NRRM6L';
INSERT INTO `placement_bv_update_history` (`right_carry`, `date`, `from_id`, `user_id`) VALUES (250, '2024-08-27 05:46:18', 'XGWXWK', 'NRRM6L');
UPDATE `bv_updation` SET right_carry = right_carry+250, total_right = total_right+250
WHERE `user_id` = 'admin';
INSERT INTO `placement_bv_update_history` (`right_carry`, `date`, `from_id`, `user_id`) VALUES (250, '2024-08-27 05:46:18', 'XGWXWK', 'admin');
UPDATE `ci_sessions` SET `timestamp` = 1724737615, `data` = '__ci_last_regenerate|i:1724737615;captcha|s:4:\"h6h2\";message|s:44:\"Your registration completed successfully...!\";__ci_vars|a:1:{s:7:\"message\";s:3:\"old\";}'
WHERE `id` = '81cccfe9a22553917e5278be5e0da392a43ff0da';
UPDATE `user_registration` SET `uid` = '2027', `user_id` = '273U59', `username` = 'testuserD', `sponsor_id` = 'XGWXWK', `vacant` = 'no', `f_name` = 'testuserD', `l_name` = 'd', `address` = 'testuserD', `position` = 'right', `email` = 'testuserD@mail.com', `password` = 'f8bbd4ac7509cc41131d6e4b75de7c89', `phone` = '768766876', `country` = 'United States', `state` = 'American Samoa', `city` = 'testuserD', `street` = 'testuserD', `zip_code` = '786868', `reg_ip` = '103.94.137.138', `status` = 1, `package_id` = 1, `rank_id` = 1, `highest_rank` = 1, `created` = '2024-08-27 05:47:38', `google_secret` = 'FX2KQUW43JWSNOMR'
WHERE `uid` = '2027';
INSERT INTO `user_registration` (`uid`, `user_id`, `username`, `sponsor_id`, `placement_id`, `vacant`, `f_name`, `l_name`, `address`, `position`, `email`, `password`, `phone`, `reg_ip`, `status`, `created`) VALUES (NULL, 'FOEYGT', 'ZkDmxIhf', '273U59', '273U59', 'yes', '', '', '', 'left', '@mail.com', '', '', '', 0, '2024-08-27 05:47:38');
INSERT INTO `user_registration` (`uid`, `user_id`, `username`, `sponsor_id`, `placement_id`, `vacant`, `f_name`, `l_name`, `address`, `position`, `email`, `password`, `phone`, `reg_ip`, `status`, `created`) VALUES (NULL, 'MVXPDF', 'aUlxovCU', '273U59', '273U59', 'yes', '', '', '', 'right', '@mail.com', '', '', '', 0, '2024-08-27 05:47:38');
INSERT INTO `bv_updation` (`user_id`) VALUES ('273U59');
UPDATE `user_registration` SET total_ref_count = total_ref_count+1
WHERE `user_id` = 'XGWXWK';
UPDATE `user_registration` SET total_downlines = total_downlines+1
WHERE `user_id` = 'XGWXWK';
UPDATE `user_registration` SET right_downlines = right_downlines+1
WHERE `user_id` = 'XGWXWK';
UPDATE `user_registration` SET right_ref_count = right_ref_count+1
WHERE `user_id` = 'XGWXWK';
UPDATE `user_registration` SET active_right = active_right+1
WHERE `user_id` = 'XGWXWK';
UPDATE `user_registration` SET total_downlines = total_downlines+1
WHERE `user_id` = 'KWZ2U6';
UPDATE `user_registration` SET right_downlines = right_downlines+1
WHERE `user_id` = 'KWZ2U6';
UPDATE `user_registration` SET total_downlines = total_downlines+1
WHERE `user_id` = 'NRRM6L';
UPDATE `user_registration` SET right_downlines = right_downlines+1
WHERE `user_id` = 'NRRM6L';
UPDATE `user_registration` SET total_downlines = total_downlines+1
WHERE `user_id` = 'admin';
UPDATE `user_registration` SET right_downlines = right_downlines+1
WHERE `user_id` = 'admin';
INSERT INTO `earnings` (`user_id`, `Purchaser_id`, `earning_type`, `package_id`, `amount`, `date`, `comments`, `invest_amount`, `comm_perc`, `level`) VALUES ('XGWXWK', '273U59', 'Direct Referral Bonus', 0, '100', '2024-08-27 05:47:38', 'Direct Referral Bonus', 0, 0, 1);
UPDATE `user_registration` SET commission_balance = ROUND(commission_balance + 100,2)
WHERE `user_id` = 'XGWXWK';
UPDATE `bv_updation` SET right_carry = right_carry+250, total_right = total_right+250
WHERE `user_id` = 'XGWXWK';
INSERT INTO `placement_bv_update_history` (`right_carry`, `date`, `from_id`, `user_id`) VALUES (250, '2024-08-27 05:47:38', '273U59', 'XGWXWK');
UPDATE `bv_updation` SET sponsor_right_carry = sponsor_right_carry+250, sponsor_total_right = sponsor_total_right+250
WHERE `user_id` = 'XGWXWK';
INSERT INTO `sponsor_bv_update_history` (`right_carry`, `date`, `user_id`) VALUES (250, '2024-08-27 05:47:38', 'XGWXWK');
UPDATE `bv_updation` SET right_carry = right_carry+250, total_right = total_right+250
WHERE `user_id` = 'KWZ2U6';
INSERT INTO `placement_bv_update_history` (`right_carry`, `date`, `from_id`, `user_id`) VALUES (250, '2024-08-27 05:47:38', '273U59', 'KWZ2U6');
UPDATE `bv_updation` SET right_carry = right_carry+250, total_right = total_right+250
WHERE `user_id` = 'NRRM6L';
INSERT INTO `placement_bv_update_history` (`right_carry`, `date`, `from_id`, `user_id`) VALUES (250, '2024-08-27 05:47:38', '273U59', 'NRRM6L');
UPDATE `bv_updation` SET right_carry = right_carry+250, total_right = total_right+250
WHERE `user_id` = 'admin';
INSERT INTO `placement_bv_update_history` (`right_carry`, `date`, `from_id`, `user_id`) VALUES (250, '2024-08-27 05:47:38', '273U59', 'admin');
UPDATE `ci_sessions` SET `timestamp` = 1724737689, `data` = '__ci_last_regenerate|i:1724737689;isLogIn|b:1;isAdmin|b:1;id|s:1:\"1\";fullname|s:11:\"admin admin\";user_level|s:5:\"Admin\";email|s:15:\"admin@admin.com\";image|s:53:\"upload/settings/4a1f1b602322adb837a7a3547ee69cf3.jpeg\";last_login|s:19:\"2024-08-27 05:12:33\";last_logout|s:19:\"2024-08-27 05:13:23\";ip_address|s:14:\"103.94.137.138\";'
WHERE `id` = '9f29208b493fef5dd719f66e12c7588ad31e28df';
UPDATE `user_registration` SET `uid` = '2029', `user_id` = 'PBK6VS', `username` = 'testuserE', `sponsor_id` = '273U59', `vacant` = 'no', `f_name` = 'testuserE', `l_name` = 'e', `address` = 'testuserE', `position` = 'right', `email` = 'testuserE@mail.com', `password` = '7a66bf50f5799eee10b21591f8850bf4', `phone` = '8758768687', `country` = 'United States', `state` = 'Alaska', `city` = 'testuserE', `street` = 'testuserE', `zip_code` = '876876', `reg_ip` = '103.94.137.138', `status` = 1, `package_id` = 1, `rank_id` = 1, `highest_rank` = 1, `created` = '2024-08-27 05:51:37', `google_secret` = 'WNP7EP66YO3ZTMYS'
WHERE `uid` = '2029';
INSERT INTO `user_registration` (`uid`, `user_id`, `username`, `sponsor_id`, `placement_id`, `vacant`, `f_name`, `l_name`, `address`, `position`, `email`, `password`, `phone`, `reg_ip`, `status`, `created`) VALUES (NULL, 'OCKUPU', 'wMxBxDvp', 'PBK6VS', 'PBK6VS', 'yes', '', '', '', 'left', '@mail.com', '', '', '', 0, '2024-08-27 05:51:37');
INSERT INTO `user_registration` (`uid`, `user_id`, `username`, `sponsor_id`, `placement_id`, `vacant`, `f_name`, `l_name`, `address`, `position`, `email`, `password`, `phone`, `reg_ip`, `status`, `created`) VALUES (NULL, 'WYBTUI', 'oPRyToip', 'PBK6VS', 'PBK6VS', 'yes', '', '', '', 'right', '@mail.com', '', '', '', 0, '2024-08-27 05:51:37');
INSERT INTO `bv_updation` (`user_id`) VALUES ('PBK6VS');
UPDATE `user_registration` SET total_ref_count = total_ref_count+1
WHERE `user_id` = '273U59';
UPDATE `user_registration` SET total_downlines = total_downlines+1
WHERE `user_id` = '273U59';
UPDATE `user_registration` SET right_downlines = right_downlines+1
WHERE `user_id` = '273U59';
UPDATE `user_registration` SET right_ref_count = right_ref_count+1
WHERE `user_id` = '273U59';
UPDATE `user_registration` SET active_right = active_right+1
WHERE `user_id` = '273U59';
UPDATE `user_registration` SET total_downlines = total_downlines+1
WHERE `user_id` = 'XGWXWK';
UPDATE `user_registration` SET right_downlines = right_downlines+1
WHERE `user_id` = 'XGWXWK';
UPDATE `user_registration` SET total_downlines = total_downlines+1
WHERE `user_id` = 'KWZ2U6';
UPDATE `user_registration` SET right_downlines = right_downlines+1
WHERE `user_id` = 'KWZ2U6';
UPDATE `user_registration` SET total_downlines = total_downlines+1
WHERE `user_id` = 'NRRM6L';
UPDATE `user_registration` SET right_downlines = right_downlines+1
WHERE `user_id` = 'NRRM6L';
UPDATE `user_registration` SET total_downlines = total_downlines+1
WHERE `user_id` = 'admin';
UPDATE `user_registration` SET right_downlines = right_downlines+1
WHERE `user_id` = 'admin';
INSERT INTO `earnings` (`user_id`, `Purchaser_id`, `earning_type`, `package_id`, `amount`, `date`, `comments`, `invest_amount`, `comm_perc`, `level`) VALUES ('273U59', 'PBK6VS', 'Direct Referral Bonus', 0, '300', '2024-08-27 05:51:37', 'Direct Referral Bonus', 0, 0, 1);
UPDATE `user_registration` SET commission_balance = ROUND(commission_balance + 300,2)
WHERE `user_id` = '273U59';
UPDATE `bv_updation` SET right_carry = right_carry+250, total_right = total_right+250
WHERE `user_id` = '273U59';
INSERT INTO `placement_bv_update_history` (`right_carry`, `date`, `from_id`, `user_id`) VALUES (250, '2024-08-27 05:51:37', 'PBK6VS', '273U59');
UPDATE `bv_updation` SET sponsor_right_carry = sponsor_right_carry+250, sponsor_total_right = sponsor_total_right+250
WHERE `user_id` = '273U59';
INSERT INTO `sponsor_bv_update_history` (`right_carry`, `date`, `user_id`) VALUES (250, '2024-08-27 05:51:37', '273U59');
UPDATE `bv_updation` SET right_carry = right_carry+250, total_right = total_right+250
WHERE `user_id` = 'XGWXWK';
INSERT INTO `placement_bv_update_history` (`right_carry`, `date`, `from_id`, `user_id`) VALUES (250, '2024-08-27 05:51:37', 'PBK6VS', 'XGWXWK');
UPDATE `bv_updation` SET right_carry = right_carry+250, total_right = total_right+250
WHERE `user_id` = 'KWZ2U6';
INSERT INTO `placement_bv_update_history` (`right_carry`, `date`, `from_id`, `user_id`) VALUES (250, '2024-08-27 05:51:37', 'PBK6VS', 'KWZ2U6');
UPDATE `bv_updation` SET right_carry = right_carry+250, total_right = total_right+250
WHERE `user_id` = 'NRRM6L';
INSERT INTO `placement_bv_update_history` (`right_carry`, `date`, `from_id`, `user_id`) VALUES (250, '2024-08-27 05:51:37', 'PBK6VS', 'NRRM6L');
UPDATE `bv_updation` SET right_carry = right_carry+250, total_right = total_right+250
WHERE `user_id` = 'admin';
INSERT INTO `placement_bv_update_history` (`right_carry`, `date`, `from_id`, `user_id`) VALUES (250, '2024-08-27 05:51:37', 'PBK6VS', 'admin');
UPDATE `ci_sessions` SET `timestamp` = 1724738287, `data` = '__ci_last_regenerate|i:1724738287;captcha|s:4:\"dpji\";message|s:44:\"Your registration completed successfully...!\";__ci_vars|a:1:{s:7:\"message\";s:3:\"old\";}'
WHERE `id` = 'a5463b57b3a5294ab281caecd22f4972b8d6fcc4';
INSERT INTO `earnings` (`user_id`, `Purchaser_id`, `earning_type`, `package_id`, `amount`, `date`, `comments`, `invest_amount`, `comm_perc`, `level`) VALUES ('273U59', 'PBK6VS', 'Direct Referral Bonus', 0, '300', '2024-08-27 05:58:20', 'Direct Referral Bonus', 0, 0, 1);
UPDATE `user_registration` SET commission_balance = ROUND(commission_balance + 300,2)
WHERE `user_id` = '273U59';
INSERT INTO `earnings` (`user_id`, `Purchaser_id`, `earning_type`, `package_id`, `amount`, `date`, `comments`, `invest_amount`, `comm_perc`, `level`) VALUES ('273U59', 'PBK6VS', 'Direct Referral Bonus', 0, '300', '2024-08-27 05:59:09', 'Direct Referral Bonus', 0, 0, 1);
UPDATE `user_registration` SET commission_balance = ROUND(commission_balance + 300,2)
WHERE `user_id` = '273U59';
INSERT INTO `earnings` (`user_id`, `Purchaser_id`, `earning_type`, `package_id`, `amount`, `date`, `comments`, `invest_amount`, `comm_perc`, `level`) VALUES ('273U59', 'PBK6VS', 'Direct Referral Bonus', 0, '300', '2024-08-27 05:59:58', 'Direct Referral Bonus', 0, 0, 1);
UPDATE `user_registration` SET commission_balance = ROUND(commission_balance + 300,2)
WHERE `user_id` = '273U59';
INSERT INTO `earnings` (`user_id`, `Purchaser_id`, `earning_type`, `package_id`, `amount`, `date`, `comments`, `invest_amount`, `comm_perc`, `level`) VALUES ('273U59', 'PBK6VS', 'Direct Referral Bonus', 0, '300', '2024-08-27 06:00:30', 'Direct Referral Bonus', 0, 0, 1);
UPDATE `user_registration` SET commission_balance = ROUND(commission_balance + 300,2)
WHERE `user_id` = '273U59';
INSERT INTO `earnings` (`user_id`, `Purchaser_id`, `earning_type`, `package_id`, `amount`, `date`, `comments`, `invest_amount`, `comm_perc`, `level`) VALUES ('273U59', 'PBK6VS', 'Direct Referral Bonus', 0, '300', '2024-08-27 06:02:51', 'Direct Referral Bonus', 0, 0, 1);
UPDATE `user_registration` SET commission_balance = ROUND(commission_balance + 300,2)
WHERE `user_id` = '273U59';
UPDATE `ci_sessions` SET `timestamp` = 1724738590, `data` = '__ci_last_regenerate|i:1724738590;captcha|s:4:\"dpji\";'
WHERE `id` = '63ad9aeca314385fcb2b4144f8e2778c73f69dde';
INSERT INTO `earnings` (`user_id`, `Purchaser_id`, `earning_type`, `package_id`, `amount`, `date`, `comments`, `invest_amount`, `comm_perc`, `level`) VALUES ('273U59', 'PBK6VS', 'Direct Referral Bonus', 0, '300', '2024-08-27 06:03:10', 'Direct Referral Bonus', 0, 0, 1);
UPDATE `user_registration` SET commission_balance = ROUND(commission_balance + 300,2)
WHERE `user_id` = '273U59';
INSERT INTO `earnings` (`user_id`, `Purchaser_id`, `earning_type`, `package_id`, `amount`, `date`, `comments`, `invest_amount`, `comm_perc`, `level`) VALUES ('273U59', 'PBK6VS', 'Direct Referral Bonus', 0, '300', '2024-08-27 06:03:42', 'Direct Referral Bonus', 0, 0, 1);
UPDATE `user_registration` SET commission_balance = ROUND(commission_balance + 300,2)
WHERE `user_id` = '273U59';
INSERT INTO `earnings` (`user_id`, `Purchaser_id`, `earning_type`, `package_id`, `amount`, `date`, `comments`, `invest_amount`, `comm_perc`, `level`) VALUES ('XGWXWK', 'PBK6VS', 'Expansion Bonus', 0, 100, '2024-08-27 06:03:42', 'Expansion Bonus', '300', 0, 1);
UPDATE `user_registration` SET commission_balance = ROUND(commission_balance + 100,2)
WHERE `user_id` = 'XGWXWK';
INSERT INTO `earnings` (`user_id`, `Purchaser_id`, `earning_type`, `package_id`, `amount`, `date`, `comments`, `invest_amount`, `comm_perc`, `level`) VALUES ('273U59', 'PBK6VS', 'Direct Referral Bonus', 0, '300', '2024-08-27 06:05:33', 'Direct Referral Bonus', 0, 0, 1);
UPDATE `user_registration` SET commission_balance = ROUND(commission_balance + 300,2)
WHERE `user_id` = '273U59';
INSERT INTO `earnings` (`user_id`, `Purchaser_id`, `earning_type`, `package_id`, `amount`, `date`, `comments`, `invest_amount`, `comm_perc`, `level`) VALUES ('XGWXWK', 'PBK6VS', 'Expansion Bonus', 0, 100, '2024-08-27 06:05:33', 'Expansion Bonus', '300', 0, 1);
UPDATE `user_registration` SET commission_balance = ROUND(commission_balance + 100,2)
WHERE `user_id` = 'XGWXWK';
INSERT INTO `earnings` (`user_id`, `Purchaser_id`, `earning_type`, `package_id`, `amount`, `date`, `comments`, `invest_amount`, `comm_perc`, `level`) VALUES ('273U59', 'PBK6VS', 'Direct Referral Bonus', 0, '300', '2024-08-27 06:07:04', 'Direct Referral Bonus', 0, 0, 1);
UPDATE `user_registration` SET commission_balance = ROUND(commission_balance + 300,2)
WHERE `user_id` = '273U59';
INSERT INTO `earnings` (`user_id`, `Purchaser_id`, `earning_type`, `package_id`, `amount`, `date`, `comments`, `invest_amount`, `comm_perc`, `level`) VALUES ('XGWXWK', 'PBK6VS', 'Expansion Bonus', 0, 100, '2024-08-27 06:07:04', 'Expansion Bonus', '300', 0, 1);
UPDATE `user_registration` SET commission_balance = ROUND(commission_balance + 100,2)
WHERE `user_id` = 'XGWXWK';
UPDATE `ci_sessions` SET `timestamp` = 1724739011, `data` = '__ci_last_regenerate|i:1724739011;captcha|s:4:\"dpji\";'
WHERE `id` = '8872b8765c7ee31d3b02ec62f4f4118461cbf1d5';
INSERT INTO `earnings` (`user_id`, `Purchaser_id`, `earning_type`, `package_id`, `amount`, `date`, `comments`, `invest_amount`, `comm_perc`, `level`) VALUES ('273U59', 'PBK6VS', 'Direct Referral Bonus', 0, '300', '2024-08-27 06:10:11', 'Direct Referral Bonus', 0, 0, 1);
UPDATE `user_registration` SET commission_balance = ROUND(commission_balance + 300,2)
WHERE `user_id` = '273U59';
INSERT INTO `earnings` (`user_id`, `Purchaser_id`, `earning_type`, `package_id`, `amount`, `date`, `comments`, `invest_amount`, `comm_perc`, `level`) VALUES ('XGWXWK', 'PBK6VS', 'Expansion Bonus', 0, 100, '2024-08-27 06:10:12', 'Expansion Bonus', '300', 0, 1);
UPDATE `user_registration` SET commission_balance = ROUND(commission_balance + 100,2)
WHERE `user_id` = 'XGWXWK';
INSERT INTO `earnings` (`user_id`, `Purchaser_id`, `earning_type`, `package_id`, `amount`, `date`, `comments`, `invest_amount`, `comm_perc`, `level`) VALUES ('273U59', 'PBK6VS', 'Direct Referral Bonus', 0, '300', '2024-08-27 06:14:04', 'Direct Referral Bonus', 0, 0, 1);
UPDATE `user_registration` SET commission_balance = ROUND(commission_balance + 300,2)
WHERE `user_id` = '273U59';
INSERT INTO `earnings` (`user_id`, `Purchaser_id`, `earning_type`, `package_id`, `amount`, `date`, `comments`, `invest_amount`, `comm_perc`, `level`) VALUES ('XGWXWK', 'PBK6VS', 'Expansion Bonus', 0, 100, '2024-08-27 06:14:04', 'Expansion Bonus', '300', 0, 1);
UPDATE `user_registration` SET commission_balance = ROUND(commission_balance + 100,2)
WHERE `user_id` = 'XGWXWK';
INSERT INTO `earnings` (`user_id`, `Purchaser_id`, `earning_type`, `package_id`, `amount`, `date`, `comments`, `invest_amount`, `comm_perc`, `level`) VALUES ('NRRM6L', 'PBK6VS', 'Expansion Bonus', 0, 100, '2024-08-27 06:14:04', 'Expansion Bonus', 400, 0, 1);
UPDATE `user_registration` SET commission_balance = ROUND(commission_balance + 100,2)
WHERE `user_id` = 'NRRM6L';
UPDATE `ci_sessions` SET `timestamp` = 1724739318, `data` = '__ci_last_regenerate|i:1724739318;captcha|s:4:\"dpji\";'
WHERE `id` = '1faff3580aba1c8cc399458c9dabd892c3afb808';
INSERT INTO `earnings` (`user_id`, `Purchaser_id`, `earning_type`, `package_id`, `amount`, `date`, `comments`, `invest_amount`, `comm_perc`, `level`) VALUES ('273U59', 'PBK6VS', 'Direct Referral Bonus', 0, '300', '2024-08-27 06:15:18', 'Direct Referral Bonus', 0, 0, 1);
UPDATE `user_registration` SET commission_balance = ROUND(commission_balance + 300,2)
WHERE `user_id` = '273U59';
INSERT INTO `earnings` (`user_id`, `Purchaser_id`, `earning_type`, `package_id`, `amount`, `date`, `comments`, `invest_amount`, `comm_perc`, `level`) VALUES ('XGWXWK', 'PBK6VS', 'Expansion Bonus', 0, 100, '2024-08-27 06:15:18', 'Expansion Bonus', '300', 0, 1);
UPDATE `user_registration` SET commission_balance = ROUND(commission_balance + 100,2)
WHERE `user_id` = 'XGWXWK';
INSERT INTO `earnings` (`user_id`, `Purchaser_id`, `earning_type`, `package_id`, `amount`, `date`, `comments`, `invest_amount`, `comm_perc`, `level`) VALUES ('NRRM6L', 'PBK6VS', 'Expansion Bonus', 0, 100, '2024-08-27 06:15:18', 'Expansion Bonus', 400, 0, 1);
UPDATE `user_registration` SET commission_balance = ROUND(commission_balance + 100,2)
WHERE `user_id` = 'NRRM6L';
UPDATE `ci_sessions` SET `timestamp` = 1724739415, `data` = '__ci_last_regenerate|i:1724739415;isLogIn|b:1;isAdmin|b:1;id|s:1:\"1\";fullname|s:11:\"admin admin\";user_level|s:5:\"Admin\";email|s:15:\"admin@admin.com\";image|s:53:\"upload/settings/4a1f1b602322adb837a7a3547ee69cf3.jpeg\";last_login|s:19:\"2024-08-27 05:12:33\";last_logout|s:19:\"2024-08-27 05:13:23\";ip_address|s:14:\"103.94.137.138\";'
WHERE `id` = '20003fa852b1b8dfc3fcd19ed49e415ba8b3d11e';
UPDATE `ci_sessions` SET `timestamp` = 1724739899, `data` = '__ci_last_regenerate|i:1724739899;captcha|s:4:\"dpji\";'
WHERE `id` = '4d98b4b990e8ceb4e99b487e551c592b5a67ec81';
UPDATE `user_registration` SET `uid` = '2031', `user_id` = 'IEFJCE', `username` = 'testuserF', `sponsor_id` = 'PBK6VS', `vacant` = 'no', `f_name` = 'testuserF', `l_name` = 'v', `address` = 'testuserF', `position` = 'right', `email` = 'testuserF@mail.com', `password` = 'ad3d41266f034a13c1f7678a83fa8fff', `phone` = '76786876', `country` = 'United States', `state` = 'Alabama', `city` = 'testuserF', `street` = 'testuserF', `zip_code` = '876876', `reg_ip` = '103.94.137.138', `status` = 1, `package_id` = 1, `rank_id` = 1, `highest_rank` = 1, `created` = '2024-08-27 06:25:36', `google_secret` = 'IPVVWZJXMTEMBMTB'
WHERE `uid` = '2031';
INSERT INTO `user_registration` (`uid`, `user_id`, `username`, `sponsor_id`, `placement_id`, `vacant`, `f_name`, `l_name`, `address`, `position`, `email`, `password`, `phone`, `reg_ip`, `status`, `created`) VALUES (NULL, 'HWEQBV', 'XXbnCnca', 'IEFJCE', 'IEFJCE', 'yes', '', '', '', 'left', '@mail.com', '', '', '', 0, '2024-08-27 06:25:36');
INSERT INTO `user_registration` (`uid`, `user_id`, `username`, `sponsor_id`, `placement_id`, `vacant`, `f_name`, `l_name`, `address`, `position`, `email`, `password`, `phone`, `reg_ip`, `status`, `created`) VALUES (NULL, 'METPNW', 'STJztLQE', 'IEFJCE', 'IEFJCE', 'yes', '', '', '', 'right', '@mail.com', '', '', '', 0, '2024-08-27 06:25:36');
INSERT INTO `bv_updation` (`user_id`) VALUES ('IEFJCE');
UPDATE `user_registration` SET total_ref_count = total_ref_count+1
WHERE `user_id` = 'PBK6VS';
UPDATE `user_registration` SET total_downlines = total_downlines+1
WHERE `user_id` = 'PBK6VS';
UPDATE `user_registration` SET right_downlines = right_downlines+1
WHERE `user_id` = 'PBK6VS';
UPDATE `user_registration` SET right_ref_count = right_ref_count+1
WHERE `user_id` = 'PBK6VS';
UPDATE `user_registration` SET active_right = active_right+1
WHERE `user_id` = 'PBK6VS';
UPDATE `user_registration` SET total_downlines = total_downlines+1
WHERE `user_id` = '273U59';
UPDATE `user_registration` SET right_downlines = right_downlines+1
WHERE `user_id` = '273U59';
UPDATE `user_registration` SET total_downlines = total_downlines+1
WHERE `user_id` = 'XGWXWK';
UPDATE `user_registration` SET right_downlines = right_downlines+1
WHERE `user_id` = 'XGWXWK';
UPDATE `user_registration` SET total_downlines = total_downlines+1
WHERE `user_id` = 'KWZ2U6';
UPDATE `user_registration` SET right_downlines = right_downlines+1
WHERE `user_id` = 'KWZ2U6';
UPDATE `user_registration` SET total_downlines = total_downlines+1
WHERE `user_id` = 'NRRM6L';
UPDATE `user_registration` SET right_downlines = right_downlines+1
WHERE `user_id` = 'NRRM6L';
UPDATE `user_registration` SET total_downlines = total_downlines+1
WHERE `user_id` = 'admin';
UPDATE `user_registration` SET right_downlines = right_downlines+1
WHERE `user_id` = 'admin';
INSERT INTO `earnings` (`user_id`, `Purchaser_id`, `earning_type`, `package_id`, `amount`, `date`, `comments`, `invest_amount`, `comm_perc`, `level`) VALUES ('PBK6VS', 'IEFJCE', 'Direct Referral Bonus', 0, '200', '2024-08-27 06:25:36', 'Direct Referral Bonus', 0, 0, 1);
UPDATE `user_registration` SET commission_balance = ROUND(commission_balance + 200,2)
WHERE `user_id` = 'PBK6VS';
INSERT INTO `earnings` (`user_id`, `Purchaser_id`, `earning_type`, `package_id`, `amount`, `date`, `comments`, `invest_amount`, `comm_perc`, `level`) VALUES ('273U59', 'IEFJCE', 'Expansion Bonus', 0, 100, '2024-08-27 06:25:36', 'Expansion Bonus', '200', 0, 1);
UPDATE `user_registration` SET commission_balance = ROUND(commission_balance + 100,2)
WHERE `user_id` = '273U59';
INSERT INTO `earnings` (`user_id`, `Purchaser_id`, `earning_type`, `package_id`, `amount`, `date`, `comments`, `invest_amount`, `comm_perc`, `level`) VALUES ('XGWXWK', 'IEFJCE', 'Expansion Bonus', 0, 100, '2024-08-27 06:25:36', 'Expansion Bonus', 300, 0, 1);
UPDATE `user_registration` SET commission_balance = ROUND(commission_balance + 100,2)
WHERE `user_id` = 'XGWXWK';
INSERT INTO `earnings` (`user_id`, `Purchaser_id`, `earning_type`, `package_id`, `amount`, `date`, `comments`, `invest_amount`, `comm_perc`, `level`) VALUES ('KWZ2U6', 'IEFJCE', 'Expansion Bonus', 0, 100, '2024-08-27 06:25:36', 'Expansion Bonus', 400, 0, 1);
UPDATE `user_registration` SET commission_balance = ROUND(commission_balance + 100,2)
WHERE `user_id` = 'KWZ2U6';
UPDATE `bv_updation` SET right_carry = right_carry+250, total_right = total_right+250
WHERE `user_id` = 'PBK6VS';
INSERT INTO `placement_bv_update_history` (`right_carry`, `date`, `from_id`, `user_id`) VALUES (250, '2024-08-27 06:25:36', 'IEFJCE', 'PBK6VS');
UPDATE `bv_updation` SET sponsor_right_carry = sponsor_right_carry+250, sponsor_total_right = sponsor_total_right+250
WHERE `user_id` = 'PBK6VS';
INSERT INTO `sponsor_bv_update_history` (`right_carry`, `date`, `user_id`) VALUES (250, '2024-08-27 06:25:36', 'PBK6VS');
UPDATE `bv_updation` SET right_carry = right_carry+250, total_right = total_right+250
WHERE `user_id` = '273U59';
INSERT INTO `placement_bv_update_history` (`right_carry`, `date`, `from_id`, `user_id`) VALUES (250, '2024-08-27 06:25:36', 'IEFJCE', '273U59');
UPDATE `bv_updation` SET right_carry = right_carry+250, total_right = total_right+250
WHERE `user_id` = 'XGWXWK';
INSERT INTO `placement_bv_update_history` (`right_carry`, `date`, `from_id`, `user_id`) VALUES (250, '2024-08-27 06:25:36', 'IEFJCE', 'XGWXWK');
UPDATE `bv_updation` SET right_carry = right_carry+250, total_right = total_right+250
WHERE `user_id` = 'KWZ2U6';
INSERT INTO `placement_bv_update_history` (`right_carry`, `date`, `from_id`, `user_id`) VALUES (250, '2024-08-27 06:25:36', 'IEFJCE', 'KWZ2U6');
UPDATE `bv_updation` SET right_carry = right_carry+250, total_right = total_right+250
WHERE `user_id` = 'NRRM6L';
INSERT INTO `placement_bv_update_history` (`right_carry`, `date`, `from_id`, `user_id`) VALUES (250, '2024-08-27 06:25:36', 'IEFJCE', 'NRRM6L');
UPDATE `bv_updation` SET right_carry = right_carry+250, total_right = total_right+250
WHERE `user_id` = 'admin';
INSERT INTO `placement_bv_update_history` (`right_carry`, `date`, `from_id`, `user_id`) VALUES (250, '2024-08-27 06:25:36', 'IEFJCE', 'admin');
UPDATE `ci_sessions` SET `timestamp` = 1724739971, `data` = '__ci_last_regenerate|i:1724739971;isLogIn|b:1;isAdmin|b:1;id|s:1:\"1\";fullname|s:11:\"admin admin\";user_level|s:5:\"Admin\";email|s:15:\"admin@admin.com\";image|s:53:\"upload/settings/4a1f1b602322adb837a7a3547ee69cf3.jpeg\";last_login|s:19:\"2024-08-27 05:12:33\";last_logout|s:19:\"2024-08-27 05:13:23\";ip_address|s:14:\"103.94.137.138\";'
WHERE `id` = 'c3e13a52aa68b79e0782f3bd32632c5f618e473a';
UPDATE `user_registration` SET `uid` = '2024', `user_id` = '6BAGXE', `username` = 'testuserB1', `sponsor_id` = 'KWZ2U6', `vacant` = 'no', `f_name` = 'testuserB1', `l_name` = 'g', `address` = 'testuserB1', `position` = 'left', `email` = 'testuserB1@mail.com', `password` = '5ac6019f7333536a3b48247013378eb3', `phone` = '87687687', `country` = 'United States', `state` = 'Alabama', `city` = 'testuserB1', `street` = 'testuserB1', `zip_code` = '768768', `reg_ip` = '103.94.137.138', `status` = 1, `package_id` = 1, `rank_id` = 1, `highest_rank` = 1, `created` = '2024-08-27 06:28:27', `google_secret` = 'D6KZRYNERSZ43LGV'
WHERE `uid` = '2024';
INSERT INTO `user_registration` (`uid`, `user_id`, `username`, `sponsor_id`, `placement_id`, `vacant`, `f_name`, `l_name`, `address`, `position`, `email`, `password`, `phone`, `reg_ip`, `status`, `created`) VALUES (NULL, 'BRMSRC', 'vmnfQKHd', '6BAGXE', '6BAGXE', 'yes', '', '', '', 'left', '@mail.com', '', '', '', 0, '2024-08-27 06:28:27');
INSERT INTO `user_registration` (`uid`, `user_id`, `username`, `sponsor_id`, `placement_id`, `vacant`, `f_name`, `l_name`, `address`, `position`, `email`, `password`, `phone`, `reg_ip`, `status`, `created`) VALUES (NULL, 'GOPPLN', 'cQIqaWFP', '6BAGXE', '6BAGXE', 'yes', '', '', '', 'right', '@mail.com', '', '', '', 0, '2024-08-27 06:28:27');
INSERT INTO `bv_updation` (`user_id`) VALUES ('6BAGXE');
UPDATE `user_registration` SET total_ref_count = total_ref_count+1
WHERE `user_id` = 'KWZ2U6';
UPDATE `user_registration` SET total_downlines = total_downlines+1
WHERE `user_id` = 'KWZ2U6';
UPDATE `user_registration` SET left_downlines = left_downlines+1
WHERE `user_id` = 'KWZ2U6';
UPDATE `user_registration` SET left_ref_count = left_ref_count+1
WHERE `user_id` = 'KWZ2U6';
UPDATE `user_registration` SET active_left = active_left+1
WHERE `user_id` = 'KWZ2U6';
UPDATE `bv_updation` SET `left_carry` = 0, `right_carry` = 1000
WHERE `user_id` = 'KWZ2U6';
UPDATE `user_registration` SET `binary_qualified` = 'yes'
WHERE `user_id` = 'KWZ2U6';
UPDATE `user_registration` SET total_downlines = total_downlines+1
WHERE `user_id` = 'NRRM6L';
UPDATE `user_registration` SET right_downlines = right_downlines+1
WHERE `user_id` = 'NRRM6L';
UPDATE `user_registration` SET total_downlines = total_downlines+1
WHERE `user_id` = 'admin';
UPDATE `user_registration` SET right_downlines = right_downlines+1
WHERE `user_id` = 'admin';
INSERT INTO `earnings` (`user_id`, `Purchaser_id`, `earning_type`, `package_id`, `amount`, `date`, `comments`, `invest_amount`, `comm_perc`, `level`) VALUES ('KWZ2U6', '6BAGXE', 'Direct Referral Bonus', 0, '500', '2024-08-27 06:28:27', 'Direct Referral Bonus', 0, 0, 1);
UPDATE `user_registration` SET commission_balance = ROUND(commission_balance + 500,2)
WHERE `user_id` = 'KWZ2U6';
UPDATE `bv_updation` SET left_carry = left_carry+250, total_left = total_left+250
WHERE `user_id` = 'KWZ2U6';
INSERT INTO `placement_bv_update_history` (`left_carry`, `date`, `from_id`, `user_id`) VALUES (250, '2024-08-27 06:28:27', '6BAGXE', 'KWZ2U6');
UPDATE `bv_updation` SET sponsor_left_carry = sponsor_left_carry+250, sponsor_total_left = sponsor_total_left+250
WHERE `user_id` = 'KWZ2U6';
INSERT INTO `sponsor_bv_update_history` (`left_carry`, `date`, `user_id`) VALUES (250, '2024-08-27 06:28:27', 'KWZ2U6');
UPDATE `bv_updation` SET right_carry = right_carry+250, total_right = total_right+250
WHERE `user_id` = 'NRRM6L';
INSERT INTO `placement_bv_update_history` (`right_carry`, `date`, `from_id`, `user_id`) VALUES (250, '2024-08-27 06:28:27', '6BAGXE', 'NRRM6L');
UPDATE `bv_updation` SET right_carry = right_carry+250, total_right = total_right+250
WHERE `user_id` = 'admin';
INSERT INTO `placement_bv_update_history` (`right_carry`, `date`, `from_id`, `user_id`) VALUES (250, '2024-08-27 06:28:27', '6BAGXE', 'admin');
UPDATE `user_registration` SET `uid` = '2026', `user_id` = 'DILSP5', `username` = 'testuserC1', `sponsor_id` = 'XGWXWK', `vacant` = 'no', `f_name` = 'testuserC1', `l_name` = 'testuserC1', `address` = 'testuserC1', `position` = 'left', `email` = 'testuserC1@mail.com', `password` = 'b867519f9470169d034cb12cd5d1fa79', `phone` = '876876868', `country` = 'United States', `state` = 'Alaska', `city` = 'testuserC1', `street` = 'testuserC1', `zip_code` = '8768778', `reg_ip` = '103.94.137.138', `status` = 1, `package_id` = 1, `rank_id` = 1, `highest_rank` = 1, `created` = '2024-08-27 06:29:54', `google_secret` = 'UUZHBGC2ZAWULYOH'
WHERE `uid` = '2026';
INSERT INTO `user_registration` (`uid`, `user_id`, `username`, `sponsor_id`, `placement_id`, `vacant`, `f_name`, `l_name`, `address`, `position`, `email`, `password`, `phone`, `reg_ip`, `status`, `created`) VALUES (NULL, 'LVTNHJ', 'EKZuBwYl', 'DILSP5', 'DILSP5', 'yes', '', '', '', 'left', '@mail.com', '', '', '', 0, '2024-08-27 06:29:54');
INSERT INTO `user_registration` (`uid`, `user_id`, `username`, `sponsor_id`, `placement_id`, `vacant`, `f_name`, `l_name`, `address`, `position`, `email`, `password`, `phone`, `reg_ip`, `status`, `created`) VALUES (NULL, 'SKAGKP', 'HatJcqIq', 'DILSP5', 'DILSP5', 'yes', '', '', '', 'right', '@mail.com', '', '', '', 0, '2024-08-27 06:29:54');
INSERT INTO `bv_updation` (`user_id`) VALUES ('DILSP5');
UPDATE `user_registration` SET total_ref_count = total_ref_count+1
WHERE `user_id` = 'XGWXWK';
UPDATE `user_registration` SET total_downlines = total_downlines+1
WHERE `user_id` = 'XGWXWK';
UPDATE `user_registration` SET left_downlines = left_downlines+1
WHERE `user_id` = 'XGWXWK';
UPDATE `user_registration` SET left_ref_count = left_ref_count+1
WHERE `user_id` = 'XGWXWK';
UPDATE `user_registration` SET active_left = active_left+1
WHERE `user_id` = 'XGWXWK';
UPDATE `bv_updation` SET `left_carry` = 0, `right_carry` = 750
WHERE `user_id` = 'XGWXWK';
UPDATE `user_registration` SET `binary_qualified` = 'yes'
WHERE `user_id` = 'XGWXWK';
UPDATE `user_registration` SET total_downlines = total_downlines+1
WHERE `user_id` = 'KWZ2U6';
UPDATE `user_registration` SET right_downlines = right_downlines+1
WHERE `user_id` = 'KWZ2U6';
UPDATE `user_registration` SET total_downlines = total_downlines+1
WHERE `user_id` = 'NRRM6L';
UPDATE `user_registration` SET right_downlines = right_downlines+1
WHERE `user_id` = 'NRRM6L';
UPDATE `user_registration` SET total_downlines = total_downlines+1
WHERE `user_id` = 'admin';
UPDATE `user_registration` SET right_downlines = right_downlines+1
WHERE `user_id` = 'admin';
INSERT INTO `earnings` (`user_id`, `Purchaser_id`, `earning_type`, `package_id`, `amount`, `date`, `comments`, `invest_amount`, `comm_perc`, `level`) VALUES ('XGWXWK', 'DILSP5', 'Direct Referral Bonus', 0, '400', '2024-08-27 06:29:54', 'Direct Referral Bonus', 0, 0, 1);
UPDATE `user_registration` SET commission_balance = ROUND(commission_balance + 400,2)
WHERE `user_id` = 'XGWXWK';
INSERT INTO `earnings` (`user_id`, `Purchaser_id`, `earning_type`, `package_id`, `amount`, `date`, `comments`, `invest_amount`, `comm_perc`, `level`) VALUES ('KWZ2U6', 'DILSP5', 'Expansion Bonus', 0, 100, '2024-08-27 06:29:54', 'Expansion Bonus', '400', 0, 1);
UPDATE `user_registration` SET commission_balance = ROUND(commission_balance + 100,2)
WHERE `user_id` = 'KWZ2U6';
UPDATE `bv_updation` SET left_carry = left_carry+250, total_left = total_left+250
WHERE `user_id` = 'XGWXWK';
INSERT INTO `placement_bv_update_history` (`left_carry`, `date`, `from_id`, `user_id`) VALUES (250, '2024-08-27 06:29:54', 'DILSP5', 'XGWXWK');
UPDATE `bv_updation` SET sponsor_left_carry = sponsor_left_carry+250, sponsor_total_left = sponsor_total_left+250
WHERE `user_id` = 'XGWXWK';
INSERT INTO `sponsor_bv_update_history` (`left_carry`, `date`, `user_id`) VALUES (250, '2024-08-27 06:29:54', 'XGWXWK');
UPDATE `bv_updation` SET right_carry = right_carry+250, total_right = total_right+250
WHERE `user_id` = 'KWZ2U6';
INSERT INTO `placement_bv_update_history` (`right_carry`, `date`, `from_id`, `user_id`) VALUES (250, '2024-08-27 06:29:54', 'DILSP5', 'KWZ2U6');
UPDATE `bv_updation` SET right_carry = right_carry+250, total_right = total_right+250
WHERE `user_id` = 'NRRM6L';
INSERT INTO `placement_bv_update_history` (`right_carry`, `date`, `from_id`, `user_id`) VALUES (250, '2024-08-27 06:29:54', 'DILSP5', 'NRRM6L');
UPDATE `bv_updation` SET right_carry = right_carry+250, total_right = total_right+250
WHERE `user_id` = 'admin';
INSERT INTO `placement_bv_update_history` (`right_carry`, `date`, `from_id`, `user_id`) VALUES (250, '2024-08-27 06:29:54', 'DILSP5', 'admin');
UPDATE `ci_sessions` SET `timestamp` = 1724740327, `data` = '__ci_last_regenerate|i:1724740327;isLogIn|b:1;isAdmin|b:1;id|s:1:\"1\";fullname|s:11:\"admin admin\";user_level|s:5:\"Admin\";email|s:15:\"admin@admin.com\";image|s:53:\"upload/settings/4a1f1b602322adb837a7a3547ee69cf3.jpeg\";last_login|s:19:\"2024-08-27 05:12:33\";last_logout|s:19:\"2024-08-27 05:13:23\";ip_address|s:14:\"103.94.137.138\";'
WHERE `id` = '10f53f862298a66687c134c495336e62f149bf3c';
UPDATE `ci_sessions` SET `timestamp` = 1724742295, `data` = '__ci_last_regenerate|i:1724742295;captcha|s:4:\"h235\";'
WHERE `id` = '36c6563a4996603ed61b5f673dac7d6821758c38';
INSERT INTO `login_history` (`user_id`, `device`, `ip_address`, `date`) VALUES ('admin', 'Mozilla/5.0 (Macintosh; Intel Mac OS X 10_15_7) AppleWebKit/537.36 (KHTML, like Gecko) Chrome/127.0.0.0 Safari/537.36', '103.94.137.138', '24-08-27 07:05');
UPDATE `user_registration` SET `popup_seen` = 'yes'
WHERE `user_id` = 'admin';
UPDATE `user_registration` SET `language` = 'spanish'
WHERE `user_id` = 'admin';
UPDATE `user_registration` SET `popup_seen` = 'yes'
WHERE `user_id` = 'admin';
UPDATE `user_registration` SET `popup_seen` = 'yes'
WHERE `user_id` = 'admin';
UPDATE `ci_sessions` SET `timestamp` = 1724743503, `data` = '__ci_last_regenerate|i:1724743503;captcha|s:4:\"of9w\";message|s:44:\"Your registration completed successfully...!\";__ci_vars|a:1:{s:7:\"message\";s:3:\"old\";}'
WHERE `id` = 'ed8fd8e079d1555b8291e69cfee04e3680df2431';
UPDATE `admin` SET `last_logout` = '2024-08-27 10:42:37'
WHERE `id` IS NULL;
DELETE FROM `ci_sessions`
WHERE `id` = 'e784f4f8c04a9f21f0e464848d23b75466e8e00b';
INSERT INTO `login_history` (`user_id`, `device`, `ip_address`, `date`) VALUES ('admin', 'Mozilla/5.0 (Windows NT 10.0; Win64; x64) AppleWebKit/537.36 (KHTML, like Gecko) Chrome/127.0.0.0 Safari/537.36', '106.222.178.89', '24-08-27 13:12');
UPDATE `user_registration` SET `popup_seen` = 'yes'
WHERE `user_id` = 'admin';
UPDATE `ci_sessions` SET `timestamp` = 1724801823, `data` = '__ci_last_regenerate|i:1724801823;'
WHERE `id` = 'ab52e3cf58c5a9b25cf9ab301ca66b8d3b88cba7';
UPDATE `user_registration` SET `uid` = '2020', `user_id` = 'XUNLL5', `username` = 'roberto', `sponsor_id` = 'admin', `vacant` = 'no', `f_name` = 'ROBERTO', `l_name` = 'Sotolongo', `address` = '9380 SW 72ND ST STE 230', `position` = 'left', `email` = 'sotolongor@gmail.com', `password` = 'a5f29fdd4a304efe7b2568adbe83f82f', `phone` = '7862107045', `country` = 'United States', `state` = 'Florida', `city` = 'MIAMI', `street` = '9380 SW 72 St', `zip_code` = '33173', `reg_ip` = '76.108.39.65', `status` = 1, `package_id` = 1, `rank_id` = 1, `highest_rank` = 1, `created` = '2024-08-27 23:37:03', `google_secret` = 'Q5RPA3LO52ZZSZW6'
WHERE `uid` = '2020';
INSERT INTO `user_registration` (`uid`, `user_id`, `username`, `sponsor_id`, `placement_id`, `vacant`, `f_name`, `l_name`, `address`, `position`, `email`, `password`, `phone`, `reg_ip`, `status`, `created`) VALUES (NULL, 'IJBYFK', 'ZTRPXicY', 'XUNLL5', 'XUNLL5', 'yes', '', '', '', 'left', '@mail.com', '', '', '', 0, '2024-08-27 23:37:03');
INSERT INTO `user_registration` (`uid`, `user_id`, `username`, `sponsor_id`, `placement_id`, `vacant`, `f_name`, `l_name`, `address`, `position`, `email`, `password`, `phone`, `reg_ip`, `status`, `created`) VALUES (NULL, 'TWZFMM', 'ZgQlWthO', 'XUNLL5', 'XUNLL5', 'yes', '', '', '', 'right', '@mail.com', '', '', '', 0, '2024-08-27 23:37:03');
INSERT INTO `bv_updation` (`user_id`) VALUES ('XUNLL5');
UPDATE `user_registration` SET total_ref_count = total_ref_count+1
WHERE `user_id` = 'admin';
UPDATE `user_registration` SET total_downlines = total_downlines+1
WHERE `user_id` = 'admin';
UPDATE `user_registration` SET left_downlines = left_downlines+1
WHERE `user_id` = 'admin';
UPDATE `user_registration` SET left_ref_count = left_ref_count+1
WHERE `user_id` = 'admin';
UPDATE `user_registration` SET active_left = active_left+1
WHERE `user_id` = 'admin';
UPDATE `bv_updation` SET `left_carry` = 0, `right_carry` = 2000
WHERE `user_id` = 'admin';
UPDATE `user_registration` SET `binary_qualified` = 'yes'
WHERE `user_id` = 'admin';
INSERT INTO `earnings` (`user_id`, `Purchaser_id`, `earning_type`, `package_id`, `amount`, `date`, `comments`, `invest_amount`, `comm_perc`, `level`) VALUES ('admin', 'XUNLL5', 'Direct Referral Bonus', 0, '500', '2024-08-27 23:37:03', 'Direct Referral Bonus', 0, 0, 1);
UPDATE `user_registration` SET commission_balance = ROUND(commission_balance + 500,2)
WHERE `user_id` = 'admin';
UPDATE `bv_updation` SET left_carry = left_carry+250, total_left = total_left+250
WHERE `user_id` = 'admin';
INSERT INTO `placement_bv_update_history` (`left_carry`, `date`, `from_id`, `user_id`) VALUES (250, '2024-08-27 23:37:03', 'XUNLL5', 'admin');
UPDATE `bv_updation` SET sponsor_left_carry = sponsor_left_carry+250, sponsor_total_left = sponsor_total_left+250
WHERE `user_id` = 'admin';
INSERT INTO `sponsor_bv_update_history` (`left_carry`, `date`, `user_id`) VALUES (250, '2024-08-27 23:37:03', 'admin');
INSERT INTO `login_history` (`user_id`, `device`, `ip_address`, `date`) VALUES ('XUNLL5', 'Mozilla/5.0 (Windows NT 10.0; Win64; x64) AppleWebKit/537.36 (KHTML, like Gecko) Chrome/128.0.0.0 Safari/537.36 Edg/128.0.0.0', '76.108.39.65', '24-08-27 23:37');
UPDATE `user_registration` SET `popup_seen` = 'yes'
WHERE `user_id` = 'XUNLL5';
UPDATE `user_registration` SET `uid` = '2039', `user_id` = 'QA8H7K', `username` = 'dayami', `sponsor_id` = 'XUNLL5', `vacant` = 'no', `f_name` = 'Dayami', `l_name` = 'Leon', `address` = '2314 West Broad St tampa flo33604', `position` = 'right', `email` = 'anegociarfree@gmail.com', `password` = 'a5f29fdd4a304efe7b2568adbe83f82f', `phone` = '8139006115', `country` = 'United States', `state` = 'Florida', `city` = 'Tampa', `street` = '2314 W Broad Street', `zip_code` = '33604', `reg_ip` = '76.108.39.65', `status` = 1, `package_id` = 1, `rank_id` = 1, `highest_rank` = 1, `created` = '2024-08-27 23:40:30', `google_secret` = 'F3PCHAHOONJUWT3Q'
WHERE `uid` = '2039';
INSERT INTO `user_registration` (`uid`, `user_id`, `username`, `sponsor_id`, `placement_id`, `vacant`, `f_name`, `l_name`, `address`, `position`, `email`, `password`, `phone`, `reg_ip`, `status`, `created`) VALUES (NULL, 'QRBLCU', 'NRFfyAei', 'QA8H7K', 'QA8H7K', 'yes', '', '', '', 'left', '@mail.com', '', '', '', 0, '2024-08-27 23:40:30');
INSERT INTO `user_registration` (`uid`, `user_id`, `username`, `sponsor_id`, `placement_id`, `vacant`, `f_name`, `l_name`, `address`, `position`, `email`, `password`, `phone`, `reg_ip`, `status`, `created`) VALUES (NULL, 'FHQVHI', 'KpPZDvDx', 'QA8H7K', 'QA8H7K', 'yes', '', '', '', 'right', '@mail.com', '', '', '', 0, '2024-08-27 23:40:30');
INSERT INTO `bv_updation` (`user_id`) VALUES ('QA8H7K');
UPDATE `user_registration` SET total_ref_count = total_ref_count+1
WHERE `user_id` = 'XUNLL5';
UPDATE `user_registration` SET total_downlines = total_downlines+1
WHERE `user_id` = 'XUNLL5';
UPDATE `user_registration` SET right_downlines = right_downlines+1
WHERE `user_id` = 'XUNLL5';
UPDATE `user_registration` SET right_ref_count = right_ref_count+1
WHERE `user_id` = 'XUNLL5';
UPDATE `user_registration` SET active_right = active_right+1
WHERE `user_id` = 'XUNLL5';
UPDATE `user_registration` SET total_downlines = total_downlines+1
WHERE `user_id` = 'admin';
UPDATE `user_registration` SET left_downlines = left_downlines+1
WHERE `user_id` = 'admin';
INSERT INTO `earnings` (`user_id`, `Purchaser_id`, `earning_type`, `package_id`, `amount`, `date`, `comments`, `invest_amount`, `comm_perc`, `level`) VALUES ('XUNLL5', 'QA8H7K', 'Direct Referral Bonus', 0, '100', '2024-08-27 23:40:30', 'Direct Referral Bonus', 0, 0, 1);
UPDATE `user_registration` SET commission_balance = ROUND(commission_balance + 100,2)
WHERE `user_id` = 'XUNLL5';
INSERT INTO `earnings` (`user_id`, `Purchaser_id`, `earning_type`, `package_id`, `amount`, `date`, `comments`, `invest_amount`, `comm_perc`, `level`) VALUES ('admin', 'QA8H7K', 'Expansion Bonus', 0, 400, '2024-08-27 23:40:30', 'Expansion Bonus', '100', 0, 1);
UPDATE `user_registration` SET commission_balance = ROUND(commission_balance + 400,2)
WHERE `user_id` = 'admin';
UPDATE `bv_updation` SET right_carry = right_carry+250, total_right = total_right+250
WHERE `user_id` = 'XUNLL5';
INSERT INTO `placement_bv_update_history` (`right_carry`, `date`, `from_id`, `user_id`) VALUES (250, '2024-08-27 23:40:30', 'QA8H7K', 'XUNLL5');
UPDATE `bv_updation` SET sponsor_right_carry = sponsor_right_carry+250, sponsor_total_right = sponsor_total_right+250
WHERE `user_id` = 'XUNLL5';
INSERT INTO `sponsor_bv_update_history` (`right_carry`, `date`, `user_id`) VALUES (250, '2024-08-27 23:40:30', 'XUNLL5');
UPDATE `bv_updation` SET left_carry = left_carry+250, total_left = total_left+250
WHERE `user_id` = 'admin';
INSERT INTO `placement_bv_update_history` (`left_carry`, `date`, `from_id`, `user_id`) VALUES (250, '2024-08-27 23:40:30', 'QA8H7K', 'admin');
UPDATE `user_registration` SET `popup_seen` = 'yes'
WHERE `user_id` = 'XUNLL5';
UPDATE `ci_sessions` SET `timestamp` = 1724802127, `data` = '__ci_last_regenerate|i:1724802127;id|s:4:\"2020\";user_id|s:6:\"XUNLL5\";username|s:7:\"roberto\";sponsor_id|s:5:\"admin\";fullname|s:17:\"ROBERTO Sotolongo\";email|s:20:\"sotolongor@gmail.com\";phone|s:10:\"7862107045\";isLogIn|b:1;'
WHERE `id` = '9e8099ffe3b9bc2204745f72c1a0bdb035a695f3';
UPDATE `user_registration` SET `popup_seen` = 'yes'
WHERE `user_id` = 'XUNLL5';
UPDATE `user_registration` SET `popup_seen` = 'yes'
WHERE `user_id` = 'XUNLL5';
UPDATE `user_registration` SET `uid` = '2038', `user_id` = 'OJZVDU', `username` = 'miami305', `sponsor_id` = 'XUNLL5', `vacant` = 'no', `f_name` = 'Juan Carlos', `l_name` = 'Perez', `address` = '4400 W 10th Lane hialeah fl  33012', `position` = 'left', `email` = 'jcperez1673@yahoo.com', `password` = 'a5f29fdd4a304efe7b2568adbe83f82f', `phone` = '3059105060', `country` = 'United States', `state` = 'Florida', `city` = 'HIALEAH', `street` = '4400 W 10th Lane', `zip_code` = '33012', `reg_ip` = '76.108.39.65', `status` = 1, `package_id` = 1, `rank_id` = 1, `highest_rank` = 1, `created` = '2024-08-27 23:46:00', `google_secret` = '523WFELXKRQD2RH7'
WHERE `uid` = '2038';
INSERT INTO `user_registration` (`uid`, `user_id`, `username`, `sponsor_id`, `placement_id`, `vacant`, `f_name`, `l_name`, `address`, `position`, `email`, `password`, `phone`, `reg_ip`, `status`, `created`) VALUES (NULL, 'LXVPNS', 'PAIKrBDs', 'OJZVDU', 'OJZVDU', 'yes', '', '', '', 'left', '@mail.com', '', '', '', 0, '2024-08-27 23:46:00');
INSERT INTO `user_registration` (`uid`, `user_id`, `username`, `sponsor_id`, `placement_id`, `vacant`, `f_name`, `l_name`, `address`, `position`, `email`, `password`, `phone`, `reg_ip`, `status`, `created`) VALUES (NULL, 'SCHRUD', 'uPliyVGu', 'OJZVDU', 'OJZVDU', 'yes', '', '', '', 'right', '@mail.com', '', '', '', 0, '2024-08-27 23:46:00');
INSERT INTO `bv_updation` (`user_id`) VALUES ('OJZVDU');
UPDATE `user_registration` SET total_ref_count = total_ref_count+1
WHERE `user_id` = 'XUNLL5';
UPDATE `user_registration` SET total_downlines = total_downlines+1
WHERE `user_id` = 'XUNLL5';
UPDATE `user_registration` SET left_downlines = left_downlines+1
WHERE `user_id` = 'XUNLL5';
UPDATE `user_registration` SET left_ref_count = left_ref_count+1
WHERE `user_id` = 'XUNLL5';
UPDATE `user_registration` SET active_left = active_left+1
WHERE `user_id` = 'XUNLL5';
UPDATE `bv_updation` SET `left_carry` = 0, `right_carry` = 250
WHERE `user_id` = 'XUNLL5';
UPDATE `user_registration` SET `binary_qualified` = 'yes'
WHERE `user_id` = 'XUNLL5';
UPDATE `user_registration` SET total_downlines = total_downlines+1
WHERE `user_id` = 'admin';
UPDATE `user_registration` SET left_downlines = left_downlines+1
WHERE `user_id` = 'admin';
INSERT INTO `earnings` (`user_id`, `Purchaser_id`, `earning_type`, `package_id`, `amount`, `date`, `comments`, `invest_amount`, `comm_perc`, `level`) VALUES ('XUNLL5', 'OJZVDU', 'Direct Referral Bonus', 0, '100', '2024-08-27 23:46:00', 'Direct Referral Bonus', 0, 0, 1);
UPDATE `user_registration` SET commission_balance = ROUND(commission_balance + 100,2)
WHERE `user_id` = 'XUNLL5';
INSERT INTO `earnings` (`user_id`, `Purchaser_id`, `earning_type`, `package_id`, `amount`, `date`, `comments`, `invest_amount`, `comm_perc`, `level`) VALUES ('admin', 'OJZVDU', 'Expansion Bonus', 0, 400, '2024-08-27 23:46:00', 'Expansion Bonus', '100', 0, 1);
UPDATE `user_registration` SET commission_balance = ROUND(commission_balance + 400,2)
WHERE `user_id` = 'admin';
UPDATE `bv_updation` SET left_carry = left_carry+250, total_left = total_left+250
WHERE `user_id` = 'XUNLL5';
INSERT INTO `placement_bv_update_history` (`left_carry`, `date`, `from_id`, `user_id`) VALUES (250, '2024-08-27 23:46:00', 'OJZVDU', 'XUNLL5');
UPDATE `bv_updation` SET sponsor_left_carry = sponsor_left_carry+250, sponsor_total_left = sponsor_total_left+250
WHERE `user_id` = 'XUNLL5';
INSERT INTO `sponsor_bv_update_history` (`left_carry`, `date`, `user_id`) VALUES (250, '2024-08-27 23:46:00', 'XUNLL5');
UPDATE `bv_updation` SET left_carry = left_carry+250, total_left = total_left+250
WHERE `user_id` = 'admin';
INSERT INTO `placement_bv_update_history` (`left_carry`, `date`, `from_id`, `user_id`) VALUES (250, '2024-08-27 23:46:00', 'OJZVDU', 'admin');
UPDATE `user_registration` SET `default_leg` = 'left'
WHERE `user_id` = 'XUNLL5';
UPDATE `ci_sessions` SET `timestamp` = 1724802428, `data` = '__ci_last_regenerate|i:1724802428;id|s:4:\"2020\";user_id|s:6:\"XUNLL5\";username|s:7:\"roberto\";sponsor_id|s:5:\"admin\";fullname|s:17:\"ROBERTO Sotolongo\";email|s:20:\"sotolongor@gmail.com\";phone|s:10:\"7862107045\";isLogIn|b:1;'
WHERE `id` = 'c4c0e3dc20376c751e179dfeea6328e787dc8331';
UPDATE `user_registration` SET `default_leg` = 'left'
WHERE `user_id` = 'XUNLL5';
UPDATE `user_registration` SET `uid` = '2042', `user_id` = 'B4C4I7', `username` = 'Ricardo', `sponsor_id` = 'XUNLL5', `vacant` = 'no', `f_name` = 'Ricardo', `l_name` = 'Iglesias', `address` = '9380 SW 72 St SUITE 230', `position` = 'left', `email` = 'fssicentral@gmail.com', `password` = 'a5f29fdd4a304efe7b2568adbe83f82f', `phone` = '7862107045', `country` = 'United States', `state` = 'Florida', `city` = 'MIAMI', `street` = '9380 SW 72ND ST STE 230', `zip_code` = '33173', `reg_ip` = '76.108.39.65', `status` = 1, `package_id` = 1, `rank_id` = 1, `highest_rank` = 1, `created` = '2024-08-27 23:49:17', `google_secret` = 'DKL5KP2YWPW3RMXB'
WHERE `uid` = '2042';
INSERT INTO `user_registration` (`uid`, `user_id`, `username`, `sponsor_id`, `placement_id`, `vacant`, `f_name`, `l_name`, `address`, `position`, `email`, `password`, `phone`, `reg_ip`, `status`, `created`) VALUES (NULL, 'GNTFFC', 'WGGVKVEx', 'B4C4I7', 'B4C4I7', 'yes', '', '', '', 'left', '@mail.com', '', '', '', 0, '2024-08-27 23:49:17');
INSERT INTO `user_registration` (`uid`, `user_id`, `username`, `sponsor_id`, `placement_id`, `vacant`, `f_name`, `l_name`, `address`, `position`, `email`, `password`, `phone`, `reg_ip`, `status`, `created`) VALUES (NULL, 'WAEULD', 'hSicswlF', 'B4C4I7', 'B4C4I7', 'yes', '', '', '', 'right', '@mail.com', '', '', '', 0, '2024-08-27 23:49:17');
INSERT INTO `bv_updation` (`user_id`) VALUES ('B4C4I7');
UPDATE `user_registration` SET total_ref_count = total_ref_count+1
WHERE `user_id` = 'XUNLL5';
UPDATE `user_registration` SET total_downlines = total_downlines+1
WHERE `user_id` = 'OJZVDU';
UPDATE `user_registration` SET left_downlines = left_downlines+1
WHERE `user_id` = 'OJZVDU';
UPDATE `user_registration` SET total_downlines = total_downlines+1
WHERE `user_id` = 'XUNLL5';
UPDATE `user_registration` SET left_downlines = left_downlines+1
WHERE `user_id` = 'XUNLL5';
UPDATE `user_registration` SET left_ref_count = left_ref_count+1
WHERE `user_id` = 'XUNLL5';
UPDATE `user_registration` SET active_left = active_left+1
WHERE `user_id` = 'XUNLL5';
UPDATE `user_registration` SET `binary_qualified` = 'yes'
WHERE `user_id` = 'XUNLL5';
UPDATE `user_registration` SET total_downlines = total_downlines+1
WHERE `user_id` = 'admin';
UPDATE `user_registration` SET left_downlines = left_downlines+1
WHERE `user_id` = 'admin';
INSERT INTO `earnings` (`user_id`, `Purchaser_id`, `earning_type`, `package_id`, `amount`, `date`, `comments`, `invest_amount`, `comm_perc`, `level`) VALUES ('XUNLL5', 'B4C4I7', 'Direct Referral Bonus', 0, '100', '2024-08-27 23:49:17', 'Direct Referral Bonus', 0, 0, 1);
UPDATE `user_registration` SET commission_balance = ROUND(commission_balance + 100,2)
WHERE `user_id` = 'XUNLL5';
INSERT INTO `earnings` (`user_id`, `Purchaser_id`, `earning_type`, `package_id`, `amount`, `date`, `comments`, `invest_amount`, `comm_perc`, `level`) VALUES ('admin', 'B4C4I7', 'Expansion Bonus', 0, 400, '2024-08-27 23:49:17', 'Expansion Bonus', '100', 0, 1);
UPDATE `user_registration` SET commission_balance = ROUND(commission_balance + 400,2)
WHERE `user_id` = 'admin';
UPDATE `bv_updation` SET left_carry = left_carry+250, total_left = total_left+250
WHERE `user_id` = 'OJZVDU';
INSERT INTO `placement_bv_update_history` (`left_carry`, `date`, `from_id`, `user_id`) VALUES (250, '2024-08-27 23:49:17', 'B4C4I7', 'OJZVDU');
UPDATE `bv_updation` SET left_carry = left_carry+250, total_left = total_left+250
WHERE `user_id` = 'XUNLL5';
INSERT INTO `placement_bv_update_history` (`left_carry`, `date`, `from_id`, `user_id`) VALUES (250, '2024-08-27 23:49:17', 'B4C4I7', 'XUNLL5');
UPDATE `bv_updation` SET sponsor_left_carry = sponsor_left_carry+250, sponsor_total_left = sponsor_total_left+250
WHERE `user_id` = 'XUNLL5';
INSERT INTO `sponsor_bv_update_history` (`left_carry`, `date`, `user_id`) VALUES (250, '2024-08-27 23:49:17', 'XUNLL5');
UPDATE `bv_updation` SET left_carry = left_carry+250, total_left = total_left+250
WHERE `user_id` = 'admin';
INSERT INTO `placement_bv_update_history` (`left_carry`, `date`, `from_id`, `user_id`) VALUES (250, '2024-08-27 23:49:17', 'B4C4I7', 'admin');
UPDATE `user_registration` SET `uid` = '2044', `user_id` = '57637V', `username` = 'maribel', `sponsor_id` = 'XUNLL5', `vacant` = 'no', `f_name` = 'Maribel', `l_name` = 'Hernandez', `address` = '4400 W 10th Lane', `position` = 'left', `email` = 'maribelh@gmail.com', `password` = 'a5f29fdd4a304efe7b2568adbe83f82f', `phone` = '7862107045', `country` = 'United States', `state` = 'Florida', `city` = 'miami', `street` = '9380 SW 72 St', `zip_code` = '33174', `reg_ip` = '76.108.39.65', `status` = 1, `package_id` = 1, `rank_id` = 1, `highest_rank` = 1, `created` = '2024-08-27 23:51:25', `google_secret` = 'VYU3JY3MWL7GH77R'
WHERE `uid` = '2044';
INSERT INTO `user_registration` (`uid`, `user_id`, `username`, `sponsor_id`, `placement_id`, `vacant`, `f_name`, `l_name`, `address`, `position`, `email`, `password`, `phone`, `reg_ip`, `status`, `created`) VALUES (NULL, 'ODSWBH', 'gUjYphNp', '57637V', '57637V', 'yes', '', '', '', 'left', '@mail.com', '', '', '', 0, '2024-08-27 23:51:25');
INSERT INTO `user_registration` (`uid`, `user_id`, `username`, `sponsor_id`, `placement_id`, `vacant`, `f_name`, `l_name`, `address`, `position`, `email`, `password`, `phone`, `reg_ip`, `status`, `created`) VALUES (NULL, 'VRFFLH', 'nFbAmFwF', '57637V', '57637V', 'yes', '', '', '', 'right', '@mail.com', '', '', '', 0, '2024-08-27 23:51:25');
INSERT INTO `bv_updation` (`user_id`) VALUES ('57637V');
UPDATE `user_registration` SET total_ref_count = total_ref_count+1
WHERE `user_id` = 'XUNLL5';
UPDATE `user_registration` SET total_downlines = total_downlines+1
WHERE `user_id` = 'B4C4I7';
UPDATE `user_registration` SET left_downlines = left_downlines+1
WHERE `user_id` = 'B4C4I7';
UPDATE `user_registration` SET total_downlines = total_downlines+1
WHERE `user_id` = 'OJZVDU';
UPDATE `user_registration` SET left_downlines = left_downlines+1
WHERE `user_id` = 'OJZVDU';
UPDATE `user_registration` SET total_downlines = total_downlines+1
WHERE `user_id` = 'XUNLL5';
UPDATE `user_registration` SET left_downlines = left_downlines+1
WHERE `user_id` = 'XUNLL5';
UPDATE `user_registration` SET left_ref_count = left_ref_count+1
WHERE `user_id` = 'XUNLL5';
UPDATE `user_registration` SET active_left = active_left+1
WHERE `user_id` = 'XUNLL5';
UPDATE `user_registration` SET `binary_qualified` = 'yes'
WHERE `user_id` = 'XUNLL5';
UPDATE `user_registration` SET total_downlines = total_downlines+1
WHERE `user_id` = 'admin';
UPDATE `user_registration` SET left_downlines = left_downlines+1
WHERE `user_id` = 'admin';
INSERT INTO `earnings` (`user_id`, `Purchaser_id`, `earning_type`, `package_id`, `amount`, `date`, `comments`, `invest_amount`, `comm_perc`, `level`) VALUES ('XUNLL5', '57637V', 'Direct Referral Bonus', 0, '100', '2024-08-27 23:51:25', 'Direct Referral Bonus', 0, 0, 1);
UPDATE `user_registration` SET commission_balance = ROUND(commission_balance + 100,2)
WHERE `user_id` = 'XUNLL5';
INSERT INTO `earnings` (`user_id`, `Purchaser_id`, `earning_type`, `package_id`, `amount`, `date`, `comments`, `invest_amount`, `comm_perc`, `level`) VALUES ('admin', '57637V', 'Expansion Bonus', 0, 400, '2024-08-27 23:51:25', 'Expansion Bonus', '100', 0, 1);
UPDATE `user_registration` SET commission_balance = ROUND(commission_balance + 400,2)
WHERE `user_id` = 'admin';
UPDATE `bv_updation` SET left_carry = left_carry+250, total_left = total_left+250
WHERE `user_id` = 'B4C4I7';
INSERT INTO `placement_bv_update_history` (`left_carry`, `date`, `from_id`, `user_id`) VALUES (250, '2024-08-27 23:51:25', '57637V', 'B4C4I7');
UPDATE `bv_updation` SET left_carry = left_carry+250, total_left = total_left+250
WHERE `user_id` = 'OJZVDU';
INSERT INTO `placement_bv_update_history` (`left_carry`, `date`, `from_id`, `user_id`) VALUES (250, '2024-08-27 23:51:25', '57637V', 'OJZVDU');
UPDATE `bv_updation` SET left_carry = left_carry+250, total_left = total_left+250
WHERE `user_id` = 'XUNLL5';
INSERT INTO `placement_bv_update_history` (`left_carry`, `date`, `from_id`, `user_id`) VALUES (250, '2024-08-27 23:51:25', '57637V', 'XUNLL5');
UPDATE `bv_updation` SET sponsor_left_carry = sponsor_left_carry+250, sponsor_total_left = sponsor_total_left+250
WHERE `user_id` = 'XUNLL5';
INSERT INTO `sponsor_bv_update_history` (`left_carry`, `date`, `user_id`) VALUES (250, '2024-08-27 23:51:25', 'XUNLL5');
UPDATE `bv_updation` SET left_carry = left_carry+250, total_left = total_left+250
WHERE `user_id` = 'admin';
INSERT INTO `placement_bv_update_history` (`left_carry`, `date`, `from_id`, `user_id`) VALUES (250, '2024-08-27 23:51:25', '57637V', 'admin');
UPDATE `bv_updation` SET `rank_id` = '2'
WHERE `user_id` = 'admin';
UPDATE `user_registration` SET `rank_id` = '2'
WHERE `user_id` = 'admin';
INSERT INTO `rank_history` (`rank_id`, `user_id`, `name`, `bv`, `date`, `amount`, `type`) VALUES ('2', 'admin', 'Manager', '1200', '2024-08-27 23:51:25', '700', 'auto');
UPDATE `user_registration` SET `highest_rank` = '2'
WHERE `user_id` = 'admin';
UPDATE `user_registration` SET `popup_seen` = 'yes'
WHERE `user_id` = 'XUNLL5';
UPDATE `user_registration` SET `popup_seen` = 'yes'
WHERE `user_id` = 'XUNLL5';
UPDATE `ci_sessions` SET `timestamp` = 1724802729, `data` = '__ci_last_regenerate|i:1724802729;id|s:4:\"2020\";user_id|s:6:\"XUNLL5\";username|s:7:\"roberto\";sponsor_id|s:5:\"admin\";fullname|s:17:\"ROBERTO Sotolongo\";email|s:20:\"sotolongor@gmail.com\";phone|s:10:\"7862107045\";isLogIn|b:1;'
WHERE `id` = '58fbf937d1c1235fb04368eabc96f50f37791319';
UPDATE `user_registration` SET `popup_seen` = 'yes'
WHERE `user_id` = 'XUNLL5';
UPDATE `user_registration` SET `uid` = '2046', `user_id` = '8H869T', `username` = 'Gabriel', `sponsor_id` = 'XUNLL5', `vacant` = 'no', `f_name` = 'gabriel', `l_name` = 'Lefran', `address` = '10279 SW flagler terr', `position` = 'left', `email` = 'glefran@gmail.com', `password` = 'a5f29fdd4a304efe7b2568adbe83f82f', `phone` = '7862107045', `country` = 'United States', `state` = 'Florida', `city` = 'South Miami', `street` = '10279 SW flagler terr', `zip_code` = '33174', `reg_ip` = '76.108.39.65', `status` = 1, `package_id` = 1, `rank_id` = 1, `highest_rank` = 1, `created` = '2024-08-27 23:54:26', `google_secret` = 'MXEKPLZXEMSUBJBR'
WHERE `uid` = '2046';
INSERT INTO `user_registration` (`uid`, `user_id`, `username`, `sponsor_id`, `placement_id`, `vacant`, `f_name`, `l_name`, `address`, `position`, `email`, `password`, `phone`, `reg_ip`, `status`, `created`) VALUES (NULL, 'FEUGDU', 'wrsOWxQh', '8H869T', '8H869T', 'yes', '', '', '', 'left', '@mail.com', '', '', '', 0, '2024-08-27 23:54:26');
INSERT INTO `user_registration` (`uid`, `user_id`, `username`, `sponsor_id`, `placement_id`, `vacant`, `f_name`, `l_name`, `address`, `position`, `email`, `password`, `phone`, `reg_ip`, `status`, `created`) VALUES (NULL, 'HRPMDH', 'cfkPIJbW', '8H869T', '8H869T', 'yes', '', '', '', 'right', '@mail.com', '', '', '', 0, '2024-08-27 23:54:26');
INSERT INTO `bv_updation` (`user_id`) VALUES ('8H869T');
UPDATE `user_registration` SET total_ref_count = total_ref_count+1
WHERE `user_id` = 'XUNLL5';
UPDATE `user_registration` SET total_downlines = total_downlines+1
WHERE `user_id` = '57637V';
UPDATE `user_registration` SET left_downlines = left_downlines+1
WHERE `user_id` = '57637V';
UPDATE `user_registration` SET total_downlines = total_downlines+1
WHERE `user_id` = 'B4C4I7';
UPDATE `user_registration` SET left_downlines = left_downlines+1
WHERE `user_id` = 'B4C4I7';
UPDATE `user_registration` SET total_downlines = total_downlines+1
WHERE `user_id` = 'OJZVDU';
UPDATE `user_registration` SET left_downlines = left_downlines+1
WHERE `user_id` = 'OJZVDU';
UPDATE `user_registration` SET total_downlines = total_downlines+1
WHERE `user_id` = 'XUNLL5';
UPDATE `user_registration` SET left_downlines = left_downlines+1
WHERE `user_id` = 'XUNLL5';
UPDATE `user_registration` SET left_ref_count = left_ref_count+1
WHERE `user_id` = 'XUNLL5';
UPDATE `user_registration` SET active_left = active_left+1
WHERE `user_id` = 'XUNLL5';
UPDATE `user_registration` SET `binary_qualified` = 'yes'
WHERE `user_id` = 'XUNLL5';
UPDATE `user_registration` SET total_downlines = total_downlines+1
WHERE `user_id` = 'admin';
UPDATE `user_registration` SET left_downlines = left_downlines+1
WHERE `user_id` = 'admin';
INSERT INTO `earnings` (`user_id`, `Purchaser_id`, `earning_type`, `package_id`, `amount`, `date`, `comments`, `invest_amount`, `comm_perc`, `level`) VALUES ('XUNLL5', '8H869T', 'Direct Referral Bonus', 0, '100', '2024-08-27 23:54:26', 'Direct Referral Bonus', 0, 0, 1);
UPDATE `user_registration` SET commission_balance = ROUND(commission_balance + 100,2)
WHERE `user_id` = 'XUNLL5';
INSERT INTO `earnings` (`user_id`, `Purchaser_id`, `earning_type`, `package_id`, `amount`, `date`, `comments`, `invest_amount`, `comm_perc`, `level`) VALUES ('admin', '8H869T', 'Expansion Bonus', 0, 100, '2024-08-27 23:54:27', 'Expansion Bonus', '100', 0, 1);
UPDATE `user_registration` SET commission_balance = ROUND(commission_balance + 100,2)
WHERE `user_id` = 'admin';
UPDATE `bv_updation` SET left_carry = left_carry+250, total_left = total_left+250
WHERE `user_id` = '57637V';
INSERT INTO `placement_bv_update_history` (`left_carry`, `date`, `from_id`, `user_id`) VALUES (250, '2024-08-27 23:54:27', '8H869T', '57637V');
UPDATE `bv_updation` SET left_carry = left_carry+250, total_left = total_left+250
WHERE `user_id` = 'B4C4I7';
INSERT INTO `placement_bv_update_history` (`left_carry`, `date`, `from_id`, `user_id`) VALUES (250, '2024-08-27 23:54:27', '8H869T', 'B4C4I7');
UPDATE `bv_updation` SET left_carry = left_carry+250, total_left = total_left+250
WHERE `user_id` = 'OJZVDU';
INSERT INTO `placement_bv_update_history` (`left_carry`, `date`, `from_id`, `user_id`) VALUES (250, '2024-08-27 23:54:27', '8H869T', 'OJZVDU');
UPDATE `bv_updation` SET left_carry = left_carry+250, total_left = total_left+250
WHERE `user_id` = 'XUNLL5';
INSERT INTO `placement_bv_update_history` (`left_carry`, `date`, `from_id`, `user_id`) VALUES (250, '2024-08-27 23:54:27', '8H869T', 'XUNLL5');
UPDATE `bv_updation` SET sponsor_left_carry = sponsor_left_carry+250, sponsor_total_left = sponsor_total_left+250
WHERE `user_id` = 'XUNLL5';
INSERT INTO `sponsor_bv_update_history` (`left_carry`, `date`, `user_id`) VALUES (250, '2024-08-27 23:54:27', 'XUNLL5');
UPDATE `bv_updation` SET left_carry = left_carry+250, total_left = total_left+250
WHERE `user_id` = 'admin';
INSERT INTO `placement_bv_update_history` (`left_carry`, `date`, `from_id`, `user_id`) VALUES (250, '2024-08-27 23:54:27', '8H869T', 'admin');
UPDATE `user_registration` SET `uid` = '2048', `user_id` = '155P44', `username` = 'arvis', `sponsor_id` = 'XUNLL5', `vacant` = 'no', `f_name` = 'Arvis', `l_name` = 'Duranona', `address` = '9341 SW 45 ST', `position` = 'left', `email` = 'sfssiw1@gmail.com', `password` = 'a5f29fdd4a304efe7b2568adbe83f82f', `phone` = '7866152364', `country` = 'United States', `state` = 'Florida', `city` = 'Miami', `street` = '9341 SW 45 ST', `zip_code` = '33165', `reg_ip` = '76.108.39.65', `status` = 1, `package_id` = 1, `rank_id` = 1, `highest_rank` = 1, `created` = '2024-08-27 23:56:03', `google_secret` = '4DB55NSTM7MITIAS'
WHERE `uid` = '2048';
INSERT INTO `user_registration` (`uid`, `user_id`, `username`, `sponsor_id`, `placement_id`, `vacant`, `f_name`, `l_name`, `address`, `position`, `email`, `password`, `phone`, `reg_ip`, `status`, `created`) VALUES (NULL, 'NTAKPG', 'oDKmRMpA', '155P44', '155P44', 'yes', '', '', '', 'left', '@mail.com', '', '', '', 0, '2024-08-27 23:56:03');
INSERT INTO `user_registration` (`uid`, `user_id`, `username`, `sponsor_id`, `placement_id`, `vacant`, `f_name`, `l_name`, `address`, `position`, `email`, `password`, `phone`, `reg_ip`, `status`, `created`) VALUES (NULL, 'LXIEOO', 'XmrxSvOr', '155P44', '155P44', 'yes', '', '', '', 'right', '@mail.com', '', '', '', 0, '2024-08-27 23:56:03');
INSERT INTO `bv_updation` (`user_id`) VALUES ('155P44');
UPDATE `user_registration` SET total_ref_count = total_ref_count+1
WHERE `user_id` = 'XUNLL5';
UPDATE `user_registration` SET total_downlines = total_downlines+1
WHERE `user_id` = '8H869T';
UPDATE `user_registration` SET left_downlines = left_downlines+1
WHERE `user_id` = '8H869T';
UPDATE `user_registration` SET total_downlines = total_downlines+1
WHERE `user_id` = '57637V';
UPDATE `user_registration` SET left_downlines = left_downlines+1
WHERE `user_id` = '57637V';
UPDATE `user_registration` SET total_downlines = total_downlines+1
WHERE `user_id` = 'B4C4I7';
UPDATE `user_registration` SET left_downlines = left_downlines+1
WHERE `user_id` = 'B4C4I7';
UPDATE `user_registration` SET total_downlines = total_downlines+1
WHERE `user_id` = 'OJZVDU';
UPDATE `user_registration` SET left_downlines = left_downlines+1
WHERE `user_id` = 'OJZVDU';
UPDATE `user_registration` SET total_downlines = total_downlines+1
WHERE `user_id` = 'XUNLL5';
UPDATE `user_registration` SET left_downlines = left_downlines+1
WHERE `user_id` = 'XUNLL5';
UPDATE `user_registration` SET left_ref_count = left_ref_count+1
WHERE `user_id` = 'XUNLL5';
UPDATE `user_registration` SET active_left = active_left+1
WHERE `user_id` = 'XUNLL5';
UPDATE `user_registration` SET `binary_qualified` = 'yes'
WHERE `user_id` = 'XUNLL5';
