INSERT INTO `placement_bv_update_history` (`right_carry`, `date`, `from_id`, `user_id`) VALUES ('20', '2025-01-13 16:42:51', 'PKHRN5', 'H2HQC8');
INSERT INTO `matrix_filling` (`placement_id`, `downline_id`, `level`, `matrix`) VALUES ('45E8V2', 'PKHRN5', 3, 1);
UPDATE `bv_updation` SET left_carry = left_carry+20, total_left = total_left+20
WHERE `user_id` = '45E8V2';
INSERT INTO `placement_bv_update_history` (`left_carry`, `date`, `from_id`, `user_id`) VALUES ('20', '2025-01-13 16:42:51', 'PKHRN5', '45E8V2');
INSERT INTO `matrix_filling` (`placement_id`, `downline_id`, `level`, `matrix`) VALUES ('44B9Y4', 'PKHRN5', 4, 1);
UPDATE `bv_updation` SET right_carry = right_carry+20, total_right = total_right+20
WHERE `user_id` = '44B9Y4';
INSERT INTO `placement_bv_update_history` (`right_carry`, `date`, `from_id`, `user_id`) VALUES ('20', '2025-01-13 16:42:51', 'PKHRN5', '44B9Y4');
INSERT INTO `matrix_filling` (`placement_id`, `downline_id`, `level`, `matrix`) VALUES ('admin', 'PKHRN5', 5, 1);
UPDATE `bv_updation` SET right_carry = right_carry+20, total_right = total_right+20
WHERE `user_id` = 'admin';
INSERT INTO `placement_bv_update_history` (`right_carry`, `date`, `from_id`, `user_id`) VALUES ('20', '2025-01-13 16:42:51', 'PKHRN5', 'admin');
INSERT INTO `package_purchase_history` (`user_id`, `package_id`, `reg_fee`, `package_name`, `monthly_fee`, `type`, `date`, `payment_option`) VALUES ('PKHRN5', '1', '195', 'Traveler', '50', 'sign_up', '2025-01-13 16:42:51', 'stripe');
INSERT INTO `login_history` (`user_id`, `device`, `ip_address`, `date`) VALUES ('PKHRN5', 'Mozilla/5.0 (Windows NT 10.0; Win64; x64) AppleWebKit/537.36 (KHTML, like Gecko) Chrome/131.0.0.0 Safari/537.36 Edg/131.0.0.0', '172.70.55.78', '25-01-13 16:43');
UPDATE `user_registration` SET `popup_seen` = 'yes'
WHERE `user_id` = 'PKHRN5';
UPDATE `user_registration` SET `popup_seen` = 'yes'
WHERE `user_id` = 'PKHRN5';
INSERT INTO `add_cart` (`user_id`, `product_id`, `product_name`, `product_amount`, `product_point`, `product_image`, `product_details`, `quantity`, `total_amount`, `country`, `state`, `total_point`, `date`) VALUES ('PKHRN5', '1', 'Visit beautiful Miami 5D/4N', '150', '75', 'upload/reward_image/8554e64c3c18d50953288de013a274ce.png', '<p><span style=\"color:rgb(0,0,0);\">Miami is a dynamic city known for its stunning beaches, vibrant nightlife, and diverse culture. From the art deco charm of South Beach to world-class dining and shopping, Miami offers an unforgettable tropical getaway.</span></p><p><span style=\"color:rgb(0,0,0);\"><strong>3 days / 2 nights</strong></span></p><p><span style=\"color:rgb(0,0,0);\"><strong>Cost: $150</strong></span></p>', 1, 150, '', '', 75, '2025-01-13 16:46:40');
UPDATE `ci_sessions` SET `timestamp` = 1736808414, `data` = '__ci_last_regenerate|i:1736808414;id|s:4:\"2039\";user_id|s:6:\"PKHRN5\";username|s:7:\"Caracas\";sponsor_id|s:6:\"R37QLI\";fullname|s:11:\"Ninon Ramos\";email|s:22:\"nrproducts20@gmail.com\";phone|s:10:\"7865069935\";isLogIn|b:1;'
WHERE `id` = '4786140f4ed7678feea305be4cef3404045cf1b0';
DELETE FROM `add_cart`
WHERE `id` = '24';
UPDATE `ci_sessions` SET `timestamp` = 1736810042, `data` = '__ci_last_regenerate|i:1736810042;id|s:4:\"2039\";user_id|s:6:\"PKHRN5\";username|s:7:\"Caracas\";sponsor_id|s:6:\"R37QLI\";fullname|s:11:\"Ninon Ramos\";email|s:22:\"nrproducts20@gmail.com\";phone|s:10:\"7865069935\";isLogIn|b:1;'
WHERE `id` = 'de7d2b51dfbcce51ffeca433f1bcc15717bcb6c0';
UPDATE `user_registration` SET `popup_seen` = 'yes'
WHERE `user_id` = 'PKHRN5';
UPDATE `user_registration` SET `popup_seen` = 'no'
WHERE `user_id` = 'PKHRN5';
DELETE FROM `ci_sessions`
WHERE `id` = '391a0d35fa926ea20fcfdc63417d59b15ecc6619';
INSERT INTO `login_history` (`user_id`, `device`, `ip_address`, `date`) VALUES ('44B9Y4', 'Mozilla/5.0 (Windows NT 10.0; Win64; x64) AppleWebKit/537.36 (KHTML, like Gecko) Chrome/131.0.0.0 Safari/537.36 Edg/131.0.0.0', '172.70.82.179', '25-01-13 17:16');
UPDATE `user_registration` SET `popup_seen` = 'yes'
WHERE `user_id` = '44B9Y4';
UPDATE `user_registration` SET `popup_seen` = 'yes'
WHERE `user_id` = '44B9Y4';
UPDATE `user_registration` SET `popup_seen` = 'no'
WHERE `user_id` = '44B9Y4';
DELETE FROM `ci_sessions`
WHERE `id` = '1672b0d504d6325ccfbffd007adc33ac4ae67725';
UPDATE `user_registration` SET `popup_seen` = 'no'
WHERE `user_id` IS NULL;
DELETE FROM `ci_sessions`
WHERE `id` = 'abeea0bf894fc6cbc99b360a4cf08237f74baa3c';
UPDATE `ci_sessions` SET `timestamp` = 1736817437, `data` = '__ci_last_regenerate|i:1736817437;captcha|s:4:\"5a2b\";'
WHERE `id` = 'e6c5f2d8bab319e0f061f303d933193cf39bf824';
INSERT INTO `login_history` (`user_id`, `device`, `ip_address`, `date`) VALUES ('N6GZAE', 'Mozilla/5.0 (Windows NT 10.0; Win64; x64) AppleWebKit/537.36 (KHTML, like Gecko) Chrome/131.0.0.0 Safari/537.36', '172.69.132.247', '25-01-13 19:17');
UPDATE `user_registration` SET `popup_seen` = 'yes'
WHERE `user_id` = 'N6GZAE';
UPDATE `admin` SET `last_login` = '2025-01-13 22:38:19', `ip_address` = '172.69.129.218'
WHERE `id` = '3';
UPDATE `admin` SET `last_login` = '2025-01-13 22:55:23', `ip_address` = '172.71.124.17'
WHERE `id` = '3';
UPDATE `ci_sessions` SET `timestamp` = 1736832006, `data` = '__ci_last_regenerate|i:1736832006;isLogIn|b:1;isAdmin|b:1;id|s:1:\"3\";fullname|s:12:\"Michael Boza\";user_level|s:4:\"User\";email|s:22:\"deeptalent@hotmail.com\";image|s:0:\"\";last_login|s:19:\"2025-01-13 22:38:19\";last_logout|N;ip_address|s:14:\"172.69.129.218\";exception|s:33:\"Sorry, You Can\'t Access This Menu\";__ci_vars|a:1:{s:9:\"exception\";s:3:\"new\";}'
WHERE `id` = '64f1ace07d4731cc81de2b1ee19afd08b39f1775';
UPDATE `ci_sessions` SET `timestamp` = 1736832308, `data` = '__ci_last_regenerate|i:1736832308;isLogIn|b:1;isAdmin|b:1;id|s:1:\"3\";fullname|s:12:\"Michael Boza\";user_level|s:4:\"User\";email|s:22:\"deeptalent@hotmail.com\";image|s:0:\"\";last_login|s:19:\"2025-01-13 22:38:19\";last_logout|N;ip_address|s:14:\"172.69.129.218\";exception|s:33:\"Sorry, You Can\'t Access This Menu\";__ci_vars|a:1:{s:9:\"exception\";s:3:\"new\";}'
WHERE `id` = '238b82306467a0290ebc692ebb10113dc75ea9da';
UPDATE `ci_sessions` SET `timestamp` = 1736833712, `data` = '__ci_last_regenerate|i:1736833712;isLogIn|b:1;isAdmin|b:1;id|s:1:\"3\";fullname|s:12:\"Michael Boza\";user_level|s:4:\"User\";email|s:22:\"deeptalent@hotmail.com\";image|s:0:\"\";last_login|s:19:\"2025-01-13 22:38:19\";last_logout|N;ip_address|s:14:\"172.69.129.218\";exception|s:33:\"Sorry, You Can\'t Access This Menu\";__ci_vars|a:1:{s:9:\"exception\";s:3:\"new\";}'
WHERE `id` = 'e12fde77443025b5e182802a34f2918ab1fadca5';
UPDATE `user_registration` SET `popup_seen` = 'yes'
WHERE `user_id` IS NULL;
UPDATE `user_registration` SET `popup_seen` = 'yes'
WHERE `user_id` IS NULL;
UPDATE `user_registration` SET `popup_seen` = 'no'
WHERE `user_id` IS NULL;
DELETE FROM `ci_sessions`
WHERE `id` = '9e27765bd41ab88a46f7adf4d494b889cb7fae6a';
UPDATE `admin` SET `last_login` = '2025-01-13 23:50:17', `ip_address` = '172.71.124.136'
WHERE `id` = '3';
UPDATE `ci_sessions` SET `timestamp` = 1736834100, `data` = '__ci_last_regenerate|i:1736834100;isLogIn|b:1;isAdmin|b:1;id|s:1:\"3\";fullname|s:12:\"Michael Boza\";user_level|s:4:\"User\";email|s:22:\"deeptalent@hotmail.com\";image|s:0:\"\";last_login|s:19:\"2025-01-13 22:55:23\";last_logout|N;ip_address|s:13:\"172.71.124.17\";__ci_vars|a:1:{s:9:\"exception\";s:3:\"new\";}exception|s:33:\"Sorry, You Can\'t Access This Menu\";'
WHERE `id` = '12c24da18ef9b2baa191b3891f19152b40887e4a';
UPDATE `user_registration` SET `popup_seen` = 'yes'
WHERE `user_id` IS NULL;
UPDATE `user_registration` SET `popup_seen` = 'no'
WHERE `user_id` IS NULL;
DELETE FROM `ci_sessions`
WHERE `id` = 'add6e9b9c8122123a60da9a4267b3c76355cceef';
UPDATE `admin` SET `last_login` = '2025-01-13 23:55:32', `ip_address` = '172.70.142.53'
WHERE `id` = '1';
UPDATE `admin` SET `last_logout` = '2025-01-13 23:57:09'
WHERE `id` = '1';
DELETE FROM `ci_sessions`
WHERE `id` = '1fb362f80a2a138fee1c6ef66d9055741dfa423a';
UPDATE `admin` SET `last_login` = '2025-01-13 23:57:53', `ip_address` = '162.158.54.71'
WHERE `id` = '3';
UPDATE `admin` SET `last_logout` = '2025-01-13 23:58:31'
WHERE `id` = '3';
DELETE FROM `ci_sessions`
WHERE `id` = '7b6fa538a80b71e92c7c9957463f37ab32b39803';
INSERT INTO `cron_job_history` (`name`, `date_started`, `status`) VALUES ('backup', '2025-01-14 00:00:01', 'started');
UPDATE `cron_job_history` SET `status` = 'done', `date_end` = '2025-01-14 00:00:02'
WHERE `id` = 133;
UPDATE `admin` SET `last_login` = '2025-01-14 00:00:30', `ip_address` = '162.158.108.114'
WHERE `id` = '3';
UPDATE `admin` SET `last_logout` = '2025-01-14 00:00:49'
WHERE `id` = '3';
DELETE FROM `ci_sessions`
WHERE `id` = 'c4590f7f399fdf4ac94cef9d269d8557bb62057c';
UPDATE `admin` SET `last_login` = '2025-01-14 00:03:42', `ip_address` = '172.70.143.43'
WHERE `id` = '3';
UPDATE `admin` SET `last_logout` = '2025-01-14 00:03:46'
WHERE `id` = '3';
DELETE FROM `ci_sessions`
WHERE `id` = '29d0449c187dfce29448c8fc2fbce45ac3a8a8b0';
INSERT INTO `cron_job_history` (`name`, `date_started`, `status`) VALUES ('deduct_sub_amt_from_ewallet', '2025-01-14 00:05:01', 'started');
UPDATE `cron_job_history` SET `status` = 'done', `date_end` = '2025-01-14 00:05:01'
WHERE `id` = 134;
UPDATE `admin` SET `last_login` = '2025-01-14 00:08:31', `ip_address` = '172.70.147.47'
WHERE `id` = '3';
UPDATE `ci_sessions` SET `timestamp` = 1736834929, `data` = '__ci_last_regenerate|i:1736834929;isLogIn|b:1;isAdmin|b:1;id|s:1:\"3\";fullname|s:12:\"Michael Boza\";user_level|s:4:\"User\";email|s:22:\"deeptalent@hotmail.com\";image|s:0:\"\";last_login|s:19:\"2025-01-14 00:03:42\";last_logout|s:19:\"2025-01-14 00:03:46\";ip_address|s:13:\"172.70.143.43\";'
WHERE `id` = 'b0d84c429f36a0ab7e30738bfc7e8486c9a40071';
UPDATE `admin` SET `last_logout` = '2025-01-14 00:09:01'
WHERE `id` = '3';
DELETE FROM `ci_sessions`
WHERE `id` = '5241f13ab6d28572fa1124795b4946ada52e35c1';
UPDATE `ci_sessions` SET `timestamp` = 1736835026, `data` = '__ci_last_regenerate|i:1736835026;isLogIn|b:1;isAdmin|b:1;id|s:1:\"3\";fullname|s:12:\"Michael Boza\";user_level|s:4:\"User\";email|s:22:\"deeptalent@hotmail.com\";image|s:0:\"\";last_login|s:19:\"2025-01-13 11:07:33\";last_logout|N;ip_address|s:12:\"172.70.54.68\";__ci_vars|a:1:{s:9:\"exception\";s:3:\"new\";}exception|s:33:\"Sorry, You Can\'t Access This Menu\";'
WHERE `id` = '156c8bd3390e384e4f760fe316c5dee4ebdc6e97';
UPDATE `admin` SET `last_logout` = '2025-01-14 00:10:38'
WHERE `id` = '3';
DELETE FROM `ci_sessions`
WHERE `id` = '8569c7cd48ff21a2de0986c682ba9edcf89fc54c';
UPDATE `ci_sessions` SET `timestamp` = 1736835439, `data` = '__ci_last_regenerate|i:1736835439;captcha|s:4:\"pwcf\";'
WHERE `id` = '7e9f4cce1c5ff4154fbab13325a63ec2e7705e58';
UPDATE `admin` SET `last_login` = '2025-01-14 00:18:05', `ip_address` = '172.68.146.174'
WHERE `id` = '3';
UPDATE `admin` SET `last_logout` = '2025-01-14 00:18:37'
WHERE `id` = '3';
DELETE FROM `ci_sessions`
WHERE `id` = '6fc41519f8417c96d34aa0e6fc890a9bbdf37c1b';
UPDATE `admin` SET `last_login` = '2025-01-14 01:08:53', `ip_address` = '172.70.54.249'
WHERE `id` = '3';
UPDATE `admin` SET `last_logout` = '2025-01-14 01:10:20'
WHERE `id` = '3';
DELETE FROM `ci_sessions`
WHERE `id` = '6d0a00c8c3bf8e50c6acebb89c5f0ac1628333b1';
UPDATE `admin` SET `last_login` = '2025-01-14 01:11:09', `ip_address` = '172.70.255.7'
WHERE `id` = '1';
INSERT INTO `admin` (`id`, `firstname`, `lastname`, `email`, `password`, `about`, `image`, `last_login`, `last_logout`, `ip_address`, `status`, `is_admin`) VALUES ('', 'Roberto', 'Sotolongo', 'sotolongor@gmail.com', '47c22c46997f698ef864fb75053545a9', '', '', NULL, NULL, NULL, '1', 2);
UPDATE `ci_sessions` SET `timestamp` = 1736838954, `data` = '__ci_last_regenerate|i:1736838954;isLogIn|b:1;isAdmin|b:1;id|s:1:\"1\";fullname|s:11:\"admin admin\";user_level|s:5:\"Admin\";email|s:23:\"admin@travelegendcy.com\";image|s:53:\"upload/settings/4a1f1b602322adb837a7a3547ee69cf3.jpeg\";last_login|s:19:\"2025-01-13 23:55:32\";last_logout|s:19:\"2025-01-13 23:57:09\";ip_address|s:13:\"172.70.142.53\";'
WHERE `id` = '701b25c55be966d2b82577eb5bd3c37b604cf0fd';
INSERT INTO `admin` (`id`, `firstname`, `lastname`, `email`, `password`, `about`, `image`, `last_login`, `last_logout`, `ip_address`, `status`, `is_admin`) VALUES ('', 'Emilio', 'Tapanes', 'emiliotapanes@gmail.com', '47c22c46997f698ef864fb75053545a9', '', '', NULL, NULL, NULL, '1', 2);
INSERT INTO `login_history` (`user_id`, `device`, `ip_address`, `date`) VALUES ('44B9Y4', 'Mozilla/5.0 (Windows NT 10.0; Win64; x64) AppleWebKit/537.36 (KHTML, like Gecko) Chrome/131.0.0.0 Safari/537.36', '172.69.70.218', '25-01-14 11:59');
UPDATE `user_registration` SET `popup_seen` = 'yes'
WHERE `user_id` = '44B9Y4';
UPDATE `ci_sessions` SET `timestamp` = 1736877925, `data` = '__ci_last_regenerate|i:1736877925;id|s:4:\"2021\";user_id|s:6:\"44B9Y4\";username|s:7:\"Talimbi\";sponsor_id|s:5:\"admin\";fullname|s:14:\"Emilio Tapanes\";email|s:23:\"emiliotapanes@gmail.com\";phone|s:10:\"7862876762\";isLogIn|b:1;'
WHERE `id` = 'a049db947efce65d9f2c176be6815066d63b2f07';
UPDATE `ci_sessions` SET `timestamp` = 1736878985, `data` = '__ci_last_regenerate|i:1736878985;id|s:4:\"2021\";user_id|s:6:\"44B9Y4\";username|s:7:\"Talimbi\";sponsor_id|s:5:\"admin\";fullname|s:14:\"Emilio Tapanes\";email|s:23:\"emiliotapanes@gmail.com\";phone|s:10:\"7862876762\";isLogIn|b:1;'
WHERE `id` = '276dfbc6d266861c4f1f53d16fbf319506fd3d97';
UPDATE `user_registration` SET `popup_seen` = 'no'
WHERE `user_id` = '44B9Y4';
DELETE FROM `ci_sessions`
WHERE `id` = '5033fee8404f438904b72b1e0dc5fe60fcabedcf';
INSERT INTO `login_history` (`user_id`, `device`, `ip_address`, `date`) VALUES ('N6GZAE', 'Mozilla/5.0 (Windows NT 10.0; Win64; x64) AppleWebKit/537.36 (KHTML, like Gecko) Chrome/131.0.0.0 Safari/537.36', '172.68.71.192', '25-01-14 12:23');
UPDATE `user_registration` SET `popup_seen` = 'yes'
WHERE `user_id` = 'N6GZAE';
UPDATE `admin` SET `last_login` = '2025-01-14 15:28:56', `ip_address` = '172.70.255.194'
WHERE `id` = '1';
UPDATE `user_registration` SET `f_name` = 'Yanepsy', `l_name` = 'Jimenez', `email` = 'jyanepsy@gmail.com', `phone` = '7862876762', `country` = 'United States', `state` = 'Florida', `city` = 'Miami', `street` = '8100 SW 14 Terr', `zip_code` = '33144'
WHERE `uid` = '2034';
UPDATE `ci_sessions` SET `timestamp` = 1736892753, `data` = '__ci_last_regenerate|i:1736892753;isLogIn|b:1;isAdmin|b:1;id|s:1:\"1\";fullname|s:11:\"admin admin\";user_level|s:5:\"Admin\";email|s:23:\"admin@travelegendcy.com\";image|s:53:\"upload/settings/4a1f1b602322adb837a7a3547ee69cf3.jpeg\";last_login|s:19:\"2025-01-14 01:11:09\";last_logout|s:19:\"2025-01-13 23:57:09\";ip_address|s:12:\"172.70.255.7\";'
WHERE `id` = 'bc00248ab275b16dd72a29df5f33a7d69f1cfb26';
UPDATE `ci_sessions` SET `timestamp` = 1736893870, `data` = '__ci_last_regenerate|i:1736893870;isLogIn|b:1;isAdmin|b:1;id|s:1:\"1\";fullname|s:11:\"admin admin\";user_level|s:5:\"Admin\";email|s:23:\"admin@travelegendcy.com\";image|s:53:\"upload/settings/4a1f1b602322adb837a7a3547ee69cf3.jpeg\";last_login|s:19:\"2025-01-14 01:11:09\";last_logout|s:19:\"2025-01-13 23:57:09\";ip_address|s:12:\"172.70.255.7\";'
WHERE `id` = 'ce71dd1f9fe39fbd4de4953f0908921773d8cd84';
INSERT INTO `login_history` (`user_id`, `device`, `ip_address`, `date`) VALUES ('PKHRN5', 'Mozilla/5.0 (Windows NT 10.0; Win64; x64) AppleWebKit/537.36 (KHTML, like Gecko) Chrome/131.0.0.0 Safari/537.36 Edg/131.0.0.0', '172.70.55.157', '25-01-14 16:31');
UPDATE `user_registration` SET `popup_seen` = 'yes'
WHERE `user_id` = 'PKHRN5';
UPDATE `user_registration` SET `popup_seen` = 'yes'
WHERE `user_id` = 'PKHRN5';
UPDATE `user_registration` SET `popup_seen` = 'yes'
WHERE `user_id` = 'PKHRN5';
UPDATE `user_registration` SET `default_leg` = 'right'
WHERE `user_id` = 'PKHRN5';
UPDATE `user_registration` SET `popup_seen` = 'no'
WHERE `user_id` = 'PKHRN5';
DELETE FROM `ci_sessions`
WHERE `id` = 'ea18ab8843372158bb2111f29b6b897807d01ab5';
INSERT INTO `login_history` (`user_id`, `device`, `ip_address`, `date`) VALUES ('44B9Y4', 'Mozilla/5.0 (Windows NT 10.0; Win64; x64) AppleWebKit/537.36 (KHTML, like Gecko) Chrome/131.0.0.0 Safari/537.36 Edg/131.0.0.0', '172.70.55.157', '25-01-14 16:33');
UPDATE `user_registration` SET `popup_seen` = 'yes'
WHERE `user_id` = '44B9Y4';
UPDATE `ci_sessions` SET `timestamp` = 1736895277, `data` = '__ci_last_regenerate|i:1736895277;id|s:4:\"2021\";user_id|s:6:\"44B9Y4\";username|s:7:\"Talimbi\";sponsor_id|s:5:\"admin\";fullname|s:14:\"Emilio Tapanes\";email|s:23:\"emiliotapanes@gmail.com\";phone|s:10:\"7862876762\";isLogIn|b:1;'
WHERE `id` = '9fd3da3273ccd19b1d62a222291d75622faff452';
UPDATE `user_registration` SET `popup_seen` = 'yes'
WHERE `user_id` = '44B9Y4';
UPDATE `user_registration` SET `popup_seen` = 'yes'
WHERE `user_id` = '44B9Y4';
UPDATE `user_registration` SET `popup_seen` = 'no'
WHERE `user_id` = '44B9Y4';
DELETE FROM `ci_sessions`
WHERE `id` = '736f7ce14f37f872594a58349aacfb2e5c60abef';
INSERT INTO `login_history` (`user_id`, `device`, `ip_address`, `date`) VALUES ('PKHRN5', 'Mozilla/5.0 (Windows NT 10.0; Win64; x64) AppleWebKit/537.36 (KHTML, like Gecko) Chrome/131.0.0.0 Safari/537.36 Edg/131.0.0.0', '172.70.55.159', '25-01-14 16:55');
UPDATE `user_registration` SET `popup_seen` = 'yes'
WHERE `user_id` = 'PKHRN5';
UPDATE `user_registration` SET `popup_seen` = 'yes'
WHERE `user_id` = 'PKHRN5';
UPDATE `user_registration` SET `popup_seen` = 'yes'
WHERE `user_id` = 'PKHRN5';
UPDATE `ci_sessions` SET `timestamp` = 1736895612, `data` = '__ci_last_regenerate|i:1736895612;id|s:4:\"2039\";user_id|s:6:\"PKHRN5\";username|s:7:\"Caracas\";sponsor_id|s:6:\"R37QLI\";fullname|s:11:\"Ninon Ramos\";email|s:22:\"nrproducts20@gmail.com\";phone|s:10:\"7865069935\";isLogIn|b:1;'
WHERE `id` = '371ea1bfbe4ee70c42874601f02e686e639d11bf';
UPDATE `user_registration` SET `popup_seen` = 'yes'
WHERE `user_id` = 'PKHRN5';
UPDATE `ci_sessions` SET `timestamp` = 1736895923, `data` = '__ci_last_regenerate|i:1736895923;id|s:4:\"2039\";user_id|s:6:\"PKHRN5\";username|s:7:\"Caracas\";sponsor_id|s:6:\"R37QLI\";fullname|s:11:\"Ninon Ramos\";email|s:22:\"nrproducts20@gmail.com\";phone|s:10:\"7865069935\";isLogIn|b:1;'
WHERE `id` = 'dd99ef3ae9287d9da580c221294d61090237b747';
UPDATE `user_registration` SET `popup_seen` = 'yes'
WHERE `user_id` = 'PKHRN5';
UPDATE `user_registration` SET `popup_seen` = 'no'
WHERE `user_id` IS NULL;
DELETE FROM `ci_sessions`
WHERE `id` = '99692aec4cf603ad453bd3c61e1c0a3ab9a56aa3';
INSERT INTO `login_history` (`user_id`, `device`, `ip_address`, `date`) VALUES ('N6GZAE', 'Mozilla/5.0 (Windows NT 10.0; Win64; x64) AppleWebKit/537.36 (KHTML, like Gecko) Chrome/131.0.0.0 Safari/537.36', '172.68.70.237', '25-01-14 17:06');
UPDATE `user_registration` SET `popup_seen` = 'yes'
WHERE `user_id` = 'N6GZAE';
UPDATE `user_registration` SET `language` = 'spanish'
WHERE `user_id` = 'PKHRN5';
UPDATE `user_registration` SET `popup_seen` = 'yes'
WHERE `user_id` = 'PKHRN5';
UPDATE `user_registration` SET `popup_seen` = 'yes'
WHERE `user_id` = 'PKHRN5';
UPDATE `ci_sessions` SET `timestamp` = 1736898006, `data` = '__ci_last_regenerate|i:1736898006;id|s:4:\"2034\";user_id|s:6:\"N6GZAE\";username|s:8:\"Mariposa\";sponsor_id|s:6:\"4E1CRI\";fullname|s:15:\"Yanepsy Jimenez\";email|s:18:\"jyanepsy@gmail.com\";phone|s:10:\"7862876762\";isLogIn|b:1;'
WHERE `id` = '6d5dc33fd00242178b5027f0283dcd22cfeece9c';
UPDATE `user_registration` SET `popup_seen` = 'no'
WHERE `user_id` = 'N6GZAE';
DELETE FROM `ci_sessions`
WHERE `id` = '836d1989a322c09538f66dafc89617a2d09c8d20';
INSERT INTO `login_history` (`user_id`, `device`, `ip_address`, `date`) VALUES ('44B9Y4', 'Mozilla/5.0 (Windows NT 10.0; Win64; x64) AppleWebKit/537.36 (KHTML, like Gecko) Chrome/131.0.0.0 Safari/537.36', '172.71.22.66', '25-01-14 17:40');
UPDATE `user_registration` SET `popup_seen` = 'yes'
WHERE `user_id` = '44B9Y4';
UPDATE `admin` SET `last_login` = '2025-01-14 17:50:12', `ip_address` = '172.70.255.69'
WHERE `id` = '4';
UPDATE `ci_sessions` SET `timestamp` = 1736901888, `data` = '__ci_last_regenerate|i:1736901888;id|s:4:\"2039\";user_id|s:6:\"PKHRN5\";username|s:7:\"Caracas\";sponsor_id|s:6:\"R37QLI\";fullname|s:11:\"Ninon Ramos\";email|s:22:\"nrproducts20@gmail.com\";phone|s:10:\"7865069935\";isLogIn|b:1;'
WHERE `id` = 'ce496cda14da3a01bd63543370771e1343c2d85c';
UPDATE `user_registration` SET `popup_seen` = 'yes'
WHERE `user_id` = 'PKHRN5';
UPDATE `admin` SET `last_login` = '2025-01-14 20:22:43', `ip_address` = '172.70.254.150'
WHERE `id` = '1';
UPDATE `benefits_package` SET `package_id` = '4', `package_title` = 'Above and Beyond', `description` = '<p>This is your ultimate platform for unlocking unparalleled savings on travel, shopping, and lifestyle essentials.</p><p>Explore incredible deals on flights, accommodations, and vacations, while enjoying discounts on top brands and everyday luxuries. Elevate your lifestyle without exceeding your budget—because extraordinary experiences shouldn’t come with an extraordinary price tag.</p>', `category` = 'platform', `link` = 'https://hotelsetc.enjoymydeals.com/', `phone` = 'N/A', `address` = 'N/A', `cost` = '0', `pack_image` = 'upload/benefits_pack_image/c97d15d3137f3a70702798aae2c80905.png'
WHERE `package_id` = '4';
UPDATE `ci_sessions` SET `timestamp` = 1736907999, `data` = '__ci_last_regenerate|i:1736907999;id|s:4:\"2039\";user_id|s:6:\"PKHRN5\";username|s:7:\"Caracas\";sponsor_id|s:6:\"R37QLI\";fullname|s:11:\"Ninon Ramos\";email|s:22:\"nrproducts20@gmail.com\";phone|s:10:\"7865069935\";isLogIn|b:1;'
WHERE `id` = '038f4cb98d772efe1d0139c9c428c5c7f5490d2a';
UPDATE `user_registration` SET `popup_seen` = 'yes'
WHERE `user_id` = 'PKHRN5';
UPDATE `user_registration` SET `popup_seen` = 'no'
WHERE `user_id` = 'PKHRN5';
DELETE FROM `ci_sessions`
WHERE `id` = 'db4dbb75f602c282c093f21534918011b9d23d39';
INSERT INTO `login_history` (`user_id`, `device`, `ip_address`, `date`) VALUES ('44B9Y4', 'Mozilla/5.0 (Windows NT 10.0; Win64; x64) AppleWebKit/537.36 (KHTML, like Gecko) Chrome/131.0.0.0 Safari/537.36 Edg/131.0.0.0', '172.70.55.209', '25-01-14 20:27');
UPDATE `user_registration` SET `popup_seen` = 'yes'
WHERE `user_id` = '44B9Y4';
UPDATE `user_registration` SET `popup_seen` = 'yes'
WHERE `user_id` = '44B9Y4';
UPDATE `ci_sessions` SET `timestamp` = 1736908306, `data` = '__ci_last_regenerate|i:1736908306;id|s:4:\"2021\";user_id|s:6:\"44B9Y4\";username|s:7:\"Talimbi\";sponsor_id|s:5:\"admin\";fullname|s:14:\"Emilio Tapanes\";email|s:23:\"emiliotapanes@gmail.com\";phone|s:10:\"7862876762\";isLogIn|b:1;'
WHERE `id` = 'aad2cb0e0a08fd7bd75d728b47b52fdb5e8001f8';
UPDATE `user_registration` SET `popup_seen` = 'yes'
WHERE `user_id` = '44B9Y4';
INSERT INTO `login_history` (`user_id`, `device`, `ip_address`, `date`) VALUES ('44B9Y4', 'Mozilla/5.0 (Windows NT 10.0; Win64; x64) AppleWebKit/537.36 (KHTML, like Gecko) Chrome/131.0.0.0 Safari/537.36', '172.71.22.180', '25-01-14 22:43');
UPDATE `user_registration` SET `popup_seen` = 'yes'
WHERE `user_id` = '44B9Y4';
UPDATE `user_registration` SET `language` = 'spanish'
WHERE `user_id` = '44B9Y4';
UPDATE `user_registration` SET `language` = 'english'
WHERE `user_id` = '44B9Y4';
UPDATE `user_registration` SET `language` = 'spanish'
WHERE `user_id` = '44B9Y4';
UPDATE `user_registration` SET `language` = 'english'
WHERE `user_id` = '44B9Y4';
INSERT INTO `cron_job_history` (`name`, `date_started`, `status`) VALUES ('backup', '2025-01-15 00:00:01', 'started');
UPDATE `cron_job_history` SET `status` = 'done', `date_end` = '2025-01-15 00:00:01'
WHERE `id` = 135;
INSERT INTO `cron_job_history` (`name`, `date_started`, `status`) VALUES ('deduct_sub_amt_from_ewallet', '2025-01-15 00:05:02', 'started');
UPDATE `cron_job_history` SET `status` = 'done', `date_end` = '2025-01-15 00:05:02'
WHERE `id` = 136;
INSERT INTO `login_history` (`user_id`, `device`, `ip_address`, `date`) VALUES ('44B9Y4', 'Mozilla/5.0 (Windows NT 10.0; Win64; x64) AppleWebKit/537.36 (KHTML, like Gecko) Chrome/131.0.0.0 Safari/537.36 Edg/131.0.0.0', '172.70.255.70', '25-01-15 15:34');
UPDATE `user_registration` SET `popup_seen` = 'yes'
WHERE `user_id` = '44B9Y4';
UPDATE `user_registration` SET `language` = 'spanish'
WHERE `user_id` = '44B9Y4';
UPDATE `user_registration` SET `popup_seen` = 'yes'
WHERE `user_id` = '44B9Y4';
UPDATE `user_registration` SET `language` = 'english'
WHERE `user_id` = '44B9Y4';
UPDATE `user_registration` SET `popup_seen` = 'yes'
WHERE `user_id` = '44B9Y4';
UPDATE `admin` SET `last_login` = '2025-01-15 18:09:40', `ip_address` = '172.70.82.8'
WHERE `id` = '1';
UPDATE `ci_sessions` SET `timestamp` = 1736987456, `data` = '__ci_last_regenerate|i:1736987456;isLogIn|b:1;isAdmin|b:1;id|s:1:\"1\";fullname|s:11:\"admin admin\";user_level|s:5:\"Admin\";email|s:23:\"admin@travelegendcy.com\";image|s:53:\"upload/settings/4a1f1b602322adb837a7a3547ee69cf3.jpeg\";last_login|s:19:\"2025-01-14 20:22:43\";last_logout|s:19:\"2025-01-13 23:57:09\";ip_address|s:14:\"172.70.254.150\";'
WHERE `id` = 'cb28846fb3eeaf8cd2d24bf50c739b0c557b73e4';
UPDATE `ci_sessions` SET `timestamp` = 1736988558, `data` = '__ci_last_regenerate|i:1736988558;isLogIn|b:1;isAdmin|b:1;id|s:1:\"1\";fullname|s:11:\"admin admin\";user_level|s:5:\"Admin\";email|s:23:\"admin@travelegendcy.com\";image|s:53:\"upload/settings/4a1f1b602322adb837a7a3547ee69cf3.jpeg\";last_login|s:19:\"2025-01-14 20:22:43\";last_logout|s:19:\"2025-01-13 23:57:09\";ip_address|s:14:\"172.70.254.150\";'
WHERE `id` = 'f0520fc9332ebd150a48b369db9a507709f86af3';
INSERT INTO `login_history` (`user_id`, `device`, `ip_address`, `date`) VALUES ('R37QLI', 'Mozilla/5.0 (Macintosh; Intel Mac OS X 10_15_7) AppleWebKit/605.1.15 (KHTML, like Gecko) Version/17.4 Safari/605.1.15', '172.70.255.233', '25-01-15 19:50');
UPDATE `user_registration` SET `popup_seen` = 'yes'
WHERE `user_id` = 'R37QLI';
UPDATE `user_registration` SET `popup_seen` = 'yes'
WHERE `user_id` = 'R37QLI';
UPDATE `ci_sessions` SET `timestamp` = 1736992799, `data` = '__ci_last_regenerate|i:1736992799;id|s:4:\"2031\";user_id|s:6:\"R37QLI\";username|s:5:\"dleon\";sponsor_id|s:6:\"H2HQC8\";fullname|s:11:\"Dayami Leon\";email|s:20:\"atravel4uu@gmail.com\";phone|s:10:\"7865069935\";isLogIn|b:1;'
WHERE `id` = '949616f0818226ed261c060dc36b4640c135dbfc';
UPDATE `user_registration` SET `popup_seen` = 'yes'
WHERE `user_id` = 'R37QLI';
UPDATE `ci_sessions` SET `timestamp` = 1736993298, `data` = '__ci_last_regenerate|i:1736993298;id|s:4:\"2031\";user_id|s:6:\"R37QLI\";username|s:5:\"dleon\";sponsor_id|s:6:\"H2HQC8\";fullname|s:11:\"Dayami Leon\";email|s:20:\"atravel4uu@gmail.com\";phone|s:10:\"7865069935\";isLogIn|b:1;'
WHERE `id` = '2bc4ead952883e8adf96f5c4b31a5ad561794fe7';
UPDATE `user_registration` SET `default_leg` = 'right'
WHERE `user_id` = 'R37QLI';
UPDATE `user_registration` SET `popup_seen` = 'yes'
WHERE `user_id` = 'R37QLI';
UPDATE `user_registration` SET `popup_seen` = 'yes'
WHERE `user_id` = 'R37QLI';
UPDATE `ci_sessions` SET `timestamp` = 1736993661, `data` = '__ci_last_regenerate|i:1736993661;id|s:4:\"2031\";user_id|s:6:\"R37QLI\";username|s:5:\"dleon\";sponsor_id|s:6:\"H2HQC8\";fullname|s:11:\"Dayami Leon\";email|s:20:\"atravel4uu@gmail.com\";phone|s:10:\"7865069935\";isLogIn|b:1;'
WHERE `id` = '3b948cc4b140116aa18455f6db56cfbf01cb91aa';
INSERT INTO `temp_register` (`post_data`, `date`, `payment_method`, `type`) VALUES ('{\"uid\":\"2045\",\"user_id\":\"BEOGYE\",\"username\":\"dayi\",\"sponsor_id\":\"R37QLI\",\"vacant\":\"no\",\"f_name\":\"WILLIAN \",\"l_name\":\"ORTEGA\",\"position\":\"right\",\"email\":\"capacitaensena@gmail.com\",\"password\":\"2cffcdc7f8dfe1b3a4c0f4a0e42738ed\",\"phone\":\"8139517066\",\"country\":\"United States\",\"state\":\"Florida\",\"city\":\"tampa\",\"street\":\"2314 w broad st \",\"zip_code\":\"33604\",\"reg_ip\":\"172.70.254.3\",\"status\":1,\"package_id\":\"1\",\"rank_id\":1,\"highest_rank\":1,\"cycle_rank_id\":1,\"created\":\"2025-01-15 20:14:21\",\"subscription_date\":\"2025-02-14\",\"google_secret\":\"YOQJ4F6JKXUWCNK4\"}', '2025-01-15 20:14:21', 'stripe', 'register');
UPDATE `user_registration` SET `popup_seen` = 'yes'
WHERE `user_id` = 'R37QLI';
UPDATE `user_registration` SET `popup_seen` = 'yes'
WHERE `user_id` = 'R37QLI';
UPDATE `user_registration` SET `popup_seen` = 'yes'
WHERE `user_id` = 'R37QLI';
UPDATE `user_registration` SET `popup_seen` = 'yes'
WHERE `user_id` = 'R37QLI';
INSERT INTO `temp_register` (`post_data`, `date`, `payment_method`, `type`) VALUES ('{\"uid\":\"2045\",\"user_id\":\"2I59QO\",\"username\":\"dayiw\",\"sponsor_id\":\"R37QLI\",\"vacant\":\"no\",\"f_name\":\"willian\",\"l_name\":\"ortega\",\"position\":\"right\",\"email\":\"capacitaensena@gmail.com\",\"password\":\"2cffcdc7f8dfe1b3a4c0f4a0e42738ed\",\"phone\":\"8139517066\",\"country\":\"United States\",\"state\":\"Florida\",\"city\":\"tampa\",\"street\":\"2314 w broad st \",\"zip_code\":\"33604\",\"reg_ip\":\"172.70.54.157\",\"status\":1,\"package_id\":\"1\",\"rank_id\":1,\"highest_rank\":1,\"cycle_rank_id\":1,\"created\":\"2025-01-15 20:19:40\",\"subscription_date\":\"2025-02-14\",\"google_secret\":\"D76RSWIAHKTHDA66\"}', '2025-01-15 20:19:40', 'stripe', 'register');
UPDATE `ci_sessions` SET `timestamp` = 1736993990, `data` = '__ci_last_regenerate|i:1736993990;id|s:4:\"2031\";user_id|s:6:\"R37QLI\";username|s:5:\"dleon\";sponsor_id|s:6:\"H2HQC8\";fullname|s:11:\"Dayami Leon\";email|s:20:\"atravel4uu@gmail.com\";phone|s:10:\"7865069935\";isLogIn|b:1;reg_stripe_id|i:17;'
WHERE `id` = 'c9278e31d689942263e77f28155c798fa52ef22b';
UPDATE `user_registration` SET `popup_seen` = 'yes'
WHERE `user_id` = 'R37QLI';
UPDATE `ci_sessions` SET `timestamp` = 1736994113, `data` = '__ci_last_regenerate|i:1736994113;isLogIn|b:1;isAdmin|b:1;id|s:1:\"1\";fullname|s:11:\"admin admin\";user_level|s:5:\"Admin\";email|s:23:\"admin@travelegendcy.com\";image|s:53:\"upload/settings/4a1f1b602322adb837a7a3547ee69cf3.jpeg\";last_login|s:19:\"2025-01-14 20:22:43\";last_logout|s:19:\"2025-01-13 23:57:09\";ip_address|s:14:\"172.70.254.150\";'
WHERE `id` = '7c9f1aa1855b129df793f2e31101e46ba54716c1';
UPDATE `user_registration` SET `popup_seen` = 'no'
WHERE `user_id` = 'R37QLI';
DELETE FROM `ci_sessions`
WHERE `id` = '04cb108646602e404da96fdc53741fa970ef1a04';
UPDATE `ci_sessions` SET `timestamp` = 1736994184, `data` = '__ci_last_regenerate|i:1736994184;captcha|s:4:\"244s\";'
WHERE `id` = 'e9da623d26f851145c7736600f58f0f000e510a0';
INSERT INTO `login_history` (`user_id`, `device`, `ip_address`, `date`) VALUES ('PKHRN5', 'Mozilla/5.0 (X11; Linux x86_64) AppleWebKit/537.36 (KHTML, like Gecko) Chrome/131.0.0.0 Safari/537.36', '172.69.132.240', '25-01-15 20:23');
UPDATE `user_registration` SET `popup_seen` = 'yes'
WHERE `user_id` = 'PKHRN5';
UPDATE `user_registration` SET `popup_seen` = 'yes'
WHERE `user_id` = 'PKHRN5';
INSERT INTO `temp_register` (`post_data`, `date`, `payment_method`, `type`) VALUES ('{\"uid\":\"2045\",\"user_id\":\"ZG7OV4\",\"username\":\"Dayi\",\"sponsor_id\":\"R37QLI\",\"vacant\":\"no\",\"f_name\":\"willian\",\"l_name\":\"ortega\",\"position\":\"right\",\"email\":\"capacitaensena@gmail.com\",\"password\":\"2cffcdc7f8dfe1b3a4c0f4a0e42738ed\",\"phone\":\"8139517066\",\"country\":\"United States\",\"state\":\"Florida\",\"city\":\"tampa\",\"street\":\"2314 w broad st\",\"zip_code\":\"33604\",\"reg_ip\":\"172.70.255.162\",\"status\":1,\"package_id\":\"1\",\"rank_id\":1,\"highest_rank\":1,\"cycle_rank_id\":1,\"created\":\"2025-01-15 20:24:21\",\"subscription_date\":\"2025-02-14\",\"google_secret\":\"2P53ZZLBXKDEH4BI\"}', '2025-01-15 20:24:21', 'stripe', 'register');
INSERT INTO `login_history` (`user_id`, `device`, `ip_address`, `date`) VALUES ('R37QLI', 'Mozilla/5.0 (Macintosh; Intel Mac OS X 10_15_7) AppleWebKit/605.1.15 (KHTML, like Gecko) Version/17.4 Safari/605.1.15', '172.70.255.162', '25-01-15 20:27');
UPDATE `user_registration` SET `popup_seen` = 'yes'
WHERE `user_id` = 'R37QLI';
UPDATE `ci_sessions` SET `timestamp` = 1736994699, `data` = '__ci_last_regenerate|i:1736994699;reg_stripe_id|i:19;id|s:4:\"2031\";user_id|s:6:\"R37QLI\";username|s:5:\"dleon\";sponsor_id|s:6:\"H2HQC8\";fullname|s:11:\"Dayami Leon\";email|s:20:\"atravel4uu@gmail.com\";phone|s:10:\"7865069935\";isLogIn|b:1;message|s:19:\"Welcome Dayami Leon\";__ci_vars|a:1:{s:7:\"message\";s:3:\"old\";}'
WHERE `id` = 'db49b55022c28e5edba511fc870780d86a60df92';
UPDATE `user_registration` SET `popup_seen` = 'yes'
WHERE `user_id` = 'R37QLI';
UPDATE `user_registration` SET `popup_seen` = 'yes'
WHERE `user_id` = 'R37QLI';
UPDATE `user_registration` SET `popup_seen` = 'yes'
WHERE `user_id` = 'R37QLI';
UPDATE `ci_sessions` SET `timestamp` = 1736995126, `data` = '__ci_last_regenerate|i:1736995126;reg_stripe_id|i:19;id|s:4:\"2031\";user_id|s:6:\"R37QLI\";username|s:5:\"dleon\";sponsor_id|s:6:\"H2HQC8\";fullname|s:11:\"Dayami Leon\";email|s:20:\"atravel4uu@gmail.com\";phone|s:10:\"7865069935\";isLogIn|b:1;'
WHERE `id` = '4f08f5e653c83f541fb328956202d0dbc4071989';
UPDATE `user_registration` SET `popup_seen` = 'yes'
WHERE `user_id` = 'R37QLI';
UPDATE `user_registration` SET `popup_seen` = 'no'
WHERE `user_id` = 'R37QLI';
DELETE FROM `ci_sessions`
WHERE `id` = '9a2aeb67f816958fc905d6ee7910514ae11d7eb0';
UPDATE `ci_sessions` SET `timestamp` = 1736996687, `data` = '__ci_last_regenerate|i:1736996687;captcha|s:4:\"hg19\";'
WHERE `id` = '947a98ab82b4c50c290ace0fbe89d7ef5a10ad5c';
INSERT INTO `login_history` (`user_id`, `device`, `ip_address`, `date`) VALUES ('R37QLI', 'Mozilla/5.0 (Macintosh; Intel Mac OS X 10_15_7) AppleWebKit/605.1.15 (KHTML, like Gecko) Version/17.4 Safari/605.1.15', '172.70.82.169', '25-01-15 21:04');
UPDATE `user_registration` SET `popup_seen` = 'yes'
WHERE `user_id` = 'R37QLI';
UPDATE `ci_sessions` SET `timestamp` = 1736998898, `data` = '__ci_last_regenerate|i:1736998898;id|s:4:\"2031\";user_id|s:6:\"R37QLI\";username|s:5:\"dleon\";sponsor_id|s:6:\"H2HQC8\";fullname|s:11:\"Dayami Leon\";email|s:20:\"atravel4uu@gmail.com\";phone|s:10:\"7865069935\";isLogIn|b:1;'
WHERE `id` = '1f6fd373888743a1475b829525e201fa27c926d8';
UPDATE `user_registration` SET `popup_seen` = 'yes'
WHERE `user_id` = 'R37QLI';
UPDATE `ci_sessions` SET `timestamp` = 1736999707, `data` = '__ci_last_regenerate|i:1736999707;id|s:4:\"2031\";user_id|s:6:\"R37QLI\";username|s:5:\"dleon\";sponsor_id|s:6:\"H2HQC8\";fullname|s:11:\"Dayami Leon\";email|s:20:\"atravel4uu@gmail.com\";phone|s:10:\"7865069935\";isLogIn|b:1;'
WHERE `id` = 'b1c6b27a84fb2d004b14ea51b3f9e3107583d12d';
UPDATE `user_registration` SET `popup_seen` = 'yes'
WHERE `user_id` = 'R37QLI';
UPDATE `ci_sessions` SET `timestamp` = 1737000321, `data` = '__ci_last_regenerate|i:1737000321;id|s:4:\"2031\";user_id|s:6:\"R37QLI\";username|s:5:\"dleon\";sponsor_id|s:6:\"H2HQC8\";fullname|s:11:\"Dayami Leon\";email|s:20:\"atravel4uu@gmail.com\";phone|s:10:\"7865069935\";isLogIn|b:1;'
WHERE `id` = '764f51d4e25b3f8ae486c3489f0723d893aca9b9';
UPDATE `ci_sessions` SET `timestamp` = 1737002555, `data` = '__ci_last_regenerate|i:1737002555;id|s:4:\"2031\";user_id|s:6:\"R37QLI\";username|s:5:\"dleon\";sponsor_id|s:6:\"H2HQC8\";fullname|s:11:\"Dayami Leon\";email|s:20:\"atravel4uu@gmail.com\";phone|s:10:\"7865069935\";isLogIn|b:1;'
WHERE `id` = '628fc0e4f20de9b0df8a817d5b0b7d63c66e00a7';
UPDATE `user_registration` SET `popup_seen` = 'yes'
WHERE `user_id` = 'R37QLI';
UPDATE `user_registration` SET `popup_seen` = 'yes'
WHERE `user_id` = 'R37QLI';
UPDATE `admin` SET `last_logout` = '2025-01-15 22:43:54'
WHERE `id` IS NULL;
DELETE FROM `ci_sessions`
WHERE `id` = 'a411fc99251eed1eea66610c8fbc0495de237cac';
INSERT INTO `login_history` (`user_id`, `device`, `ip_address`, `date`) VALUES ('admin', 'Mozilla/5.0 (Linux; Android 10; K) AppleWebKit/537.36 (KHTML, like Gecko) Chrome/131.0.0.0 Mobile Safari/537.36', '172.70.255.53', '25-01-15 22:44');
UPDATE `user_registration` SET `popup_seen` = 'yes'
WHERE `user_id` = 'admin';
UPDATE `ci_sessions` SET `timestamp` = 1737003145, `data` = '__ci_last_regenerate|i:1737003145;id|s:4:\"2031\";user_id|s:6:\"R37QLI\";username|s:5:\"dleon\";sponsor_id|s:6:\"H2HQC8\";fullname|s:11:\"Dayami Leon\";email|s:20:\"atravel4uu@gmail.com\";phone|s:10:\"7865069935\";isLogIn|b:1;'
WHERE `id` = '7e3689481043dc5e225ef42442124d8783f6a58d';
UPDATE `user_registration` SET `popup_seen` = 'yes'
WHERE `user_id` = 'R37QLI';
UPDATE `user_registration` SET `popup_seen` = 'yes'
WHERE `user_id` = 'R37QLI';
UPDATE `user_registration` SET `popup_seen` = 'yes'
WHERE `user_id` = 'R37QLI';
UPDATE `user_registration` SET `popup_seen` = 'yes'
WHERE `user_id` = 'R37QLI';
UPDATE `ci_sessions` SET `timestamp` = 1737005875, `data` = '__ci_last_regenerate|i:1737005875;id|s:4:\"2019\";user_id|s:5:\"admin\";username|s:5:\"admin\";sponsor_id|s:1:\"0\";fullname|s:11:\"Alex Carrey\";email|s:15:\"admin@admin.com\";phone|s:10:\"1235467892\";isLogIn|b:1;'
WHERE `id` = '5e7dee67cf45c23c2b1b8f434e9d3bbe452cfd1e';
UPDATE `ci_sessions` SET `timestamp` = 1737006935, `data` = '__ci_last_regenerate|i:1737006935;id|s:4:\"2019\";user_id|s:5:\"admin\";username|s:5:\"admin\";sponsor_id|s:1:\"0\";fullname|s:11:\"Alex Carrey\";email|s:15:\"admin@admin.com\";phone|s:10:\"1235467892\";isLogIn|b:1;'
WHERE `id` = '464da824a60de08103ddf9fb3729b1a372b6fc73';
INSERT INTO `cron_job_history` (`name`, `date_started`, `status`) VALUES ('backup', '2025-01-16 00:00:01', 'started');
UPDATE `cron_job_history` SET `status` = 'done', `date_end` = '2025-01-16 00:00:01'
WHERE `id` = 137;
INSERT INTO `cron_job_history` (`name`, `date_started`, `status`) VALUES ('deduct_sub_amt_from_ewallet', '2025-01-16 00:05:01', 'started');
UPDATE `cron_job_history` SET `status` = 'done', `date_end` = '2025-01-16 00:05:01'
WHERE `id` = 138;
INSERT INTO `login_history` (`user_id`, `device`, `ip_address`, `date`) VALUES ('R37QLI', 'Mozilla/5.0 (Macintosh; Intel Mac OS X 10_15_7) AppleWebKit/605.1.15 (KHTML, like Gecko) Version/17.4 Safari/605.1.15', '172.70.54.247', '25-01-16 09:20');
UPDATE `user_registration` SET `popup_seen` = 'yes'
WHERE `user_id` = 'R37QLI';
INSERT INTO `login_history` (`user_id`, `device`, `ip_address`, `date`) VALUES ('4E1CRI', 'Mozilla/5.0 (Windows NT 10.0; Win64; x64) AppleWebKit/537.36 (KHTML, like Gecko) Chrome/131.0.0.0 Safari/537.36', '172.70.82.169', '25-01-16 09:59');
UPDATE `user_registration` SET `popup_seen` = 'yes'
WHERE `user_id` = '4E1CRI';
UPDATE `user_registration` SET `popup_seen` = 'yes'
WHERE `user_id` = '4E1CRI';
UPDATE `ci_sessions` SET `timestamp` = 1737043230, `data` = '__ci_last_regenerate|i:1737043230;id|s:4:\"2031\";user_id|s:6:\"R37QLI\";username|s:5:\"dleon\";sponsor_id|s:6:\"H2HQC8\";fullname|s:11:\"Dayami Leon\";email|s:20:\"atravel4uu@gmail.com\";phone|s:10:\"7865069935\";isLogIn|b:1;message|s:19:\"Welcome Dayami Leon\";__ci_vars|a:1:{s:7:\"message\";s:3:\"old\";}'
WHERE `id` = 'b39e01bf21cadd625e7dd64f7716c57df17ea293';
UPDATE `user_registration` SET `popup_seen` = 'yes'
WHERE `user_id` = 'R37QLI';
UPDATE `user_registration` SET `popup_seen` = 'yes'
WHERE `user_id` = '4E1CRI';
UPDATE `ci_sessions` SET `timestamp` = 1737043530, `data` = '__ci_last_regenerate|i:1737043530;id|s:4:\"2028\";user_id|s:6:\"4E1CRI\";username|s:6:\"Torino\";sponsor_id|s:6:\"SJBNYJ\";fullname|s:13:\"Ray Rodriguez\";email|s:25:\"emiliotapanes+6@gmail.com\";phone|s:10:\"7862876762\";isLogIn|b:1;'
WHERE `id` = '1218d80729c91d7b114da7f4ce7ff34a8e3c3d41';
UPDATE `ci_sessions` SET `timestamp` = 1737043844, `data` = '__ci_last_regenerate|i:1737043844;id|s:4:\"2028\";user_id|s:6:\"4E1CRI\";username|s:6:\"Torino\";sponsor_id|s:6:\"SJBNYJ\";fullname|s:13:\"Ray Rodriguez\";email|s:25:\"emiliotapanes+6@gmail.com\";phone|s:10:\"7862876762\";isLogIn|b:1;'
WHERE `id` = 'ccafb5126e48eb83f3fe0e9ec101f87fb500e64b';
INSERT INTO `add_cart` (`user_id`, `product_id`, `product_name`, `product_amount`, `product_point`, `product_image`, `product_details`, `quantity`, `total_amount`, `country`, `state`, `total_point`, `date`) VALUES ('4E1CRI', '4', 'Nature closer than ever 5D/4N', '150', '75', 'upload/product_image/26befb7ea681b50416c8a9a9ac83fc6a.png', '<p><span style=\"color:rgb(0,0,0);\">Orlando is famed for its iconic theme parks, exciting attractions, and year-round sunshine. With thrilling adventures, diverse dining, and endless shopping, it’s a perfect getaway for families and fun-seekers alike.</span></p><p><span style=\"color:rgb(0,0,0);\"><strong>5 days / 4 nights</strong></span></p><p><span style=\"color:rgb(0,0,0);\"><strong>Cost: $150</strong></span></p>', 1, 150, '223', '4250', 75, '2025-01-16 10:11:32');
UPDATE `add_cart` SET `quantity` = '1', `total_amount` = 150, `total_point` = 75
WHERE `id` = '25';
DELETE FROM `add_cart`
WHERE `id` = '25';
INSERT INTO `login_history` (`user_id`, `device`, `ip_address`, `date`) VALUES ('44B9Y4', 'Mozilla/5.0 (Windows NT 10.0; Win64; x64) AppleWebKit/537.36 (KHTML, like Gecko) Chrome/131.0.0.0 Safari/537.36 Edg/131.0.0.0', '108.162.212.75', '25-01-16 10:12');
UPDATE `user_registration` SET `popup_seen` = 'yes'
WHERE `user_id` = '44B9Y4';
UPDATE `user_registration` SET `popup_seen` = 'no'
WHERE `user_id` = '44B9Y4';
DELETE FROM `ci_sessions`
WHERE `id` = 'ab993829322c13ff25b18f1be1e4791e68c6583b';
INSERT INTO `login_history` (`user_id`, `device`, `ip_address`, `date`) VALUES ('R37QLI', 'Mozilla/5.0 (Windows NT 10.0; Win64; x64) AppleWebKit/537.36 (KHTML, like Gecko) Chrome/131.0.0.0 Safari/537.36 Edg/131.0.0.0', '108.162.210.120', '25-01-16 10:14');
UPDATE `user_registration` SET `popup_seen` = 'yes'
WHERE `user_id` = 'R37QLI';
UPDATE `user_registration` SET `popup_seen` = 'yes'
WHERE `user_id` = '4E1CRI';
UPDATE `ci_sessions` SET `timestamp` = 1737044305, `data` = '__ci_last_regenerate|i:1737044305;id|s:4:\"2028\";user_id|s:6:\"4E1CRI\";username|s:6:\"Torino\";sponsor_id|s:6:\"SJBNYJ\";fullname|s:13:\"Ray Rodriguez\";email|s:25:\"emiliotapanes+6@gmail.com\";phone|s:10:\"7862876762\";isLogIn|b:1;'
WHERE `id` = 'd4b25f332973f32c2092117867601b7b0ffabe2f';
UPDATE `ci_sessions` SET `timestamp` = 1737044340, `data` = '__ci_last_regenerate|i:1737044340;id|s:4:\"2031\";user_id|s:6:\"R37QLI\";username|s:5:\"dleon\";sponsor_id|s:6:\"H2HQC8\";fullname|s:11:\"Dayami Leon\";email|s:20:\"atravel4uu@gmail.com\";phone|s:10:\"7865069935\";isLogIn|b:1;'
WHERE `id` = '5af1a1fe7b130451bd280333ca09055a71f26532';
INSERT INTO `temp_register` (`post_data`, `date`, `payment_method`, `type`) VALUES ('{\"uid\":\"2045\",\"user_id\":\"OWF3OA\",\"username\":\"Caridadm70\",\"sponsor_id\":\"R37QLI\",\"vacant\":\"no\",\"f_name\":\"Caridad E\",\"l_name\":\"Morales Sanciprian\",\"position\":\"right\",\"email\":\"caridadm70@gmail.com\",\"password\":\"3d0a3c2e923d503150bbb44d9b758630\",\"phone\":\"8135107714\",\"country\":\"United States\",\"state\":\"Florida\",\"city\":\"Miami\",\"street\":\"9425 Tiffany Tr\",\"zip_code\":\"33610\",\"reg_ip\":\"172.70.255.58\",\"status\":1,\"package_id\":\"2\",\"rank_id\":1,\"highest_rank\":1,\"cycle_rank_id\":1,\"created\":\"2025-01-16 10:19:00\",\"subscription_date\":\"2025-02-15\",\"google_secret\":\"6466LELBLZC5K47E\"}', '2025-01-16 10:19:00', 'stripe', 'register');
UPDATE `temp_register` SET `response` = '{\"stripeToken\":\"tok_1Qhvo82NUoYUjiuuIEGr9FB7\",\"stripeTokenType\":\"card\",\"stripeEmail\":\"sotolongor@gmail.com\"}', `date_modified` = '2025-01-16 10:20:42', `payment_status` = '{\"id\":\"ch_3QhvoD2NUoYUjiuu0U5uU7vr\",\"object\":\"charge\",\"amount\":59500,\"amount_captured\":59500,\"amount_refunded\":0,\"application\":null,\"application_fee\":null,\"application_fee_amount\":null,\"balance_transaction\":\"txn_3QhvoD2NUoYUjiuu0PSO9Jqn\",\"billing_details\":{\"address\":{\"city\":null,\"country\":null,\"line1\":null,\"line2\":null,\"postal_code\":null,\"state\":null},\"email\":null,\"name\":\"sotolongor@gmail.com\",\"phone\":null},\"calculated_statement_descriptor\":\"TRAVELEGENDCY LLC\",\"captured\":true,\"created\":1737044441,\"currency\":\"usd\",\"customer\":\"cus_Rb84eT9OTuwbHv\",\"description\":null,\"destination\":null,\"dispute\":null,\"disputed\":false,\"failure_balance_transaction\":null,\"failure_code\":null,\"failure_message\":null,\"fraud_details\":[],\"invoice\":null,\"livemode\":true,\"metadata\":{\"name\":\"Caridad E Morales Sanciprian\",\"username\":\"Caridadm70\"},\"on_behalf_of\":null,\"order\":null,\"outcome\":{\"advice_code\":null,\"network_advice_code\":null,\"network_decline_code\":null,\"network_status\":\"approved_by_network\",\"reason\":null,\"risk_level\":\"normal\",\"seller_message\":\"Payment complete.\",\"type\":\"authorized\"},\"paid\":true,\"payment_intent\":null,\"payment_method\":\"card_1Qhvo82NUoYUjiuuVX53xc3s\",\"payment_method_details\":{\"card\":{\"amount_authorized\":59500,\"authorization_code\":\"055866\",\"brand\":\"visa\",\"checks\":{\"address_line1_check\":null,\"address_postal_code_check\":null,\"cvc_check\":\"pass\"},\"country\":\"US\",\"exp_month\":6,\"exp_year\":2028,\"extended_authorization\":{\"status\":\"disabled\"},\"fingerprint\":\"fo7MsEm00ugdBZHN\",\"funding\":\"debit\",\"incremental_authorization\":{\"status\":\"unavailable\"},\"installments\":null,\"last4\":\"8351\",\"mandate\":null,\"multicapture\":{\"status\":\"unavailable\"},\"network\":\"visa\",\"network_token\":{\"used\":false},\"network_transaction_id\":\"465016588415869\",\"overcapture\":{\"maximum_amount_capturable\":59500,\"status\":\"unavailable\"},\"regulated_status\":\"regulated\",\"three_d_secure\":null,\"wallet\":null},\"type\":\"card\"},\"receipt_email\":null,\"receipt_number\":null,\"receipt_url\":\"https:\\/\\/pay.stripe.com\\/receipts\\/payment\\/CAcQARoXChVhY2N0XzFRUEFGdjJOVW9ZVWppdXUo2uOkvAYyBoO0PNsdcjosFvT3siydaq4Yl2FHAHs-ZEJaCrK60ki5vFpbIEh4AHQo8-KfehuMjXi9LEU\",\"refunded\":false,\"review\":null,\"shipping\":null,\"source\":{\"id\":\"card_1Qhvo82NUoYUjiuuVX53xc3s\",\"object\":\"card\",\"address_city\":null,\"address_country\":null,\"address_line1\":null,\"address_line1_check\":null,\"address_line2\":null,\"address_state\":null,\"address_zip\":null,\"address_zip_check\":null,\"allow_redisplay\":\"unspecified\",\"brand\":\"Visa\",\"country\":\"US\",\"customer\":\"cus_Rb84eT9OTuwbHv\",\"cvc_check\":\"pass\",\"dynamic_last4\":null,\"exp_month\":6,\"exp_year\":2028,\"fingerprint\":\"fo7MsEm00ugdBZHN\",\"funding\":\"debit\",\"last4\":\"8351\",\"metadata\":[],\"name\":\"sotolongor@gmail.com\",\"regulated_status\":\"regulated\",\"tokenization_method\":null,\"wallet\":null},\"source_transfer\":null,\"statement_descriptor\":null,\"statement_descriptor_suffix\":null,\"status\":\"succeeded\",\"transfer_data\":null,\"transfer_group\":null}'
WHERE `id` = 20;
UPDATE `user_registration` SET `uid` = '2045', `user_id` = 'OWF3OA', `username` = 'Caridadm70', `sponsor_id` = 'R37QLI', `vacant` = 'no', `f_name` = 'Caridad E', `l_name` = 'Morales Sanciprian', `position` = 'right', `email` = 'caridadm70@gmail.com', `password` = '3d0a3c2e923d503150bbb44d9b758630', `phone` = '8135107714', `country` = 'United States', `state` = 'Florida', `city` = 'Miami', `street` = '9425 Tiffany Tr', `zip_code` = '33610', `reg_ip` = '172.70.255.58', `status` = 1, `package_id` = '2', `rank_id` = 1, `highest_rank` = 1, `cycle_rank_id` = 1, `created` = '2025-01-16 10:19:00', `subscription_date` = '2025-02-15', `google_secret` = '6466LELBLZC5K47E'
WHERE `uid` = '2045';
INSERT INTO `user_registration` (`uid`, `user_id`, `username`, `sponsor_id`, `placement_id`, `vacant`, `f_name`, `l_name`, `address`, `position`, `email`, `password`, `phone`, `reg_ip`, `status`, `created`) VALUES (NULL, 'UAGIQH', 'OSzQTNwa', 'OWF3OA', 'OWF3OA', 'yes', '', '', '', 'left', '@mail.com', '', '', '', 0, '2025-01-16 10:20:42');
INSERT INTO `user_registration` (`uid`, `user_id`, `username`, `sponsor_id`, `placement_id`, `vacant`, `f_name`, `l_name`, `address`, `position`, `email`, `password`, `phone`, `reg_ip`, `status`, `created`) VALUES (NULL, 'ICYQVA', 'kIboTnJZ', 'OWF3OA', 'OWF3OA', 'yes', '', '', '', 'right', '@mail.com', '', '', '', 0, '2025-01-16 10:20:42');
INSERT INTO `bv_updation` (`user_id`) VALUES ('OWF3OA');
UPDATE `user_registration` SET total_ref_count = total_ref_count+1
WHERE `user_id` = 'R37QLI';
UPDATE `user_registration` SET total_downlines = total_downlines+1
WHERE `user_id` = 'PKHRN5';
UPDATE `user_registration` SET right_downlines = right_downlines+1
WHERE `user_id` = 'PKHRN5';
UPDATE `user_registration` SET total_downlines = total_downlines+1
WHERE `user_id` = 'R37QLI';
UPDATE `user_registration` SET right_downlines = right_downlines+1
WHERE `user_id` = 'R37QLI';
UPDATE `user_registration` SET right_ref_count = right_ref_count+1
WHERE `user_id` = 'R37QLI';
UPDATE `user_registration` SET active_right = active_right+1
WHERE `user_id` = 'R37QLI';
UPDATE `user_registration` SET total_downlines = total_downlines+1
WHERE `user_id` = 'H2HQC8';
UPDATE `user_registration` SET right_downlines = right_downlines+1
WHERE `user_id` = 'H2HQC8';
UPDATE `user_registration` SET total_downlines = total_downlines+1
WHERE `user_id` = '45E8V2';
UPDATE `user_registration` SET left_downlines = left_downlines+1
WHERE `user_id` = '45E8V2';
UPDATE `user_registration` SET total_downlines = total_downlines+1
WHERE `user_id` = '44B9Y4';
UPDATE `user_registration` SET right_downlines = right_downlines+1
WHERE `user_id` = '44B9Y4';
UPDATE `user_registration` SET total_downlines = total_downlines+1
WHERE `user_id` = 'admin';
UPDATE `user_registration` SET right_downlines = right_downlines+1
WHERE `user_id` = 'admin';
INSERT INTO `investment` (`invest_date`, `user_id`, `type`, `amount`, `package_id`) VALUES ('2025-01-16 10:20:42', 'OWF3OA', 'register', '595', '2');
INSERT INTO `earnings` (`user_id`, `Purchaser_id`, `earning_type`, `package_id`, `amount`, `date`, `comments`, `invest_amount`, `comm_perc`, `level`, `rank_id`, `order_id`) VALUES ('R37QLI', 'OWF3OA', 'Direct Referral Bonus', '2', '100', '2025-01-16 10:20:42', 'Direct Referral Bonus', 0, 0, 1, '', 16);
UPDATE `user_registration` SET commission_balance = ROUND(commission_balance + 100,2)
WHERE `user_id` = 'R37QLI';
UPDATE `user_registration` SET referral_bonus = ROUND(referral_bonus + 100,2)
WHERE `user_id` = 'R37QLI';
UPDATE `user_registration` SET total_points = ROUND(total_points + 50,2)
WHERE `user_id` = 'OWF3OA';
INSERT INTO `points_history` (`user_id`, `points`, `type`, `date`) VALUES ('OWF3OA', '50', 'register', '2025-01-16 10:20:');
INSERT INTO `matrix_filling` (`placement_id`, `downline_id`, `level`, `matrix`) VALUES ('PKHRN5', 'OWF3OA', 1, 1);
INSERT INTO `matrix_filling` (`placement_id`, `downline_id`, `level`, `matrix`) VALUES ('R37QLI', 'OWF3OA', 2, 1);
UPDATE `bv_updation` SET right_carry = right_carry+50, total_right = total_right+50
WHERE `user_id` = 'R37QLI';
INSERT INTO `placement_bv_update_history` (`right_carry`, `date`, `from_id`, `user_id`) VALUES ('50', '2025-01-16 10:20:42', 'OWF3OA', 'R37QLI');
UPDATE `bv_updation` SET sponsor_right_carry = sponsor_right_carry+50, sponsor_total_right = sponsor_total_right+50
WHERE `user_id` = 'R37QLI';
INSERT INTO `sponsor_bv_update_history` (`right_carry`, `date`, `user_id`) VALUES ('50', '2025-01-16 10:20:42', 'R37QLI');
INSERT INTO `matrix_filling` (`placement_id`, `downline_id`, `level`, `matrix`) VALUES ('H2HQC8', 'OWF3OA', 3, 1);
UPDATE `bv_updation` SET right_carry = right_carry+50, total_right = total_right+50
WHERE `user_id` = 'H2HQC8';
INSERT INTO `placement_bv_update_history` (`right_carry`, `date`, `from_id`, `user_id`) VALUES ('50', '2025-01-16 10:20:42', 'OWF3OA', 'H2HQC8');
INSERT INTO `matrix_filling` (`placement_id`, `downline_id`, `level`, `matrix`) VALUES ('45E8V2', 'OWF3OA', 4, 1);
UPDATE `bv_updation` SET left_carry = left_carry+50, total_left = total_left+50
WHERE `user_id` = '45E8V2';
INSERT INTO `placement_bv_update_history` (`left_carry`, `date`, `from_id`, `user_id`) VALUES ('50', '2025-01-16 10:20:42', 'OWF3OA', '45E8V2');
INSERT INTO `matrix_filling` (`placement_id`, `downline_id`, `level`, `matrix`) VALUES ('44B9Y4', 'OWF3OA', 5, 1);
UPDATE `bv_updation` SET right_carry = right_carry+50, total_right = total_right+50
WHERE `user_id` = '44B9Y4';
INSERT INTO `placement_bv_update_history` (`right_carry`, `date`, `from_id`, `user_id`) VALUES ('50', '2025-01-16 10:20:42', 'OWF3OA', '44B9Y4');
INSERT INTO `matrix_filling` (`placement_id`, `downline_id`, `level`, `matrix`) VALUES ('admin', 'OWF3OA', 6, 1);
UPDATE `bv_updation` SET right_carry = right_carry+50, total_right = total_right+50
WHERE `user_id` = 'admin';
INSERT INTO `placement_bv_update_history` (`right_carry`, `date`, `from_id`, `user_id`) VALUES ('50', '2025-01-16 10:20:42', 'OWF3OA', 'admin');
INSERT INTO `package_purchase_history` (`user_id`, `package_id`, `reg_fee`, `package_name`, `monthly_fee`, `type`, `date`, `payment_option`) VALUES ('OWF3OA', '2', '595', 'Traveler Pro', '150', 'sign_up', '2025-01-16 10:20:42', 'stripe');
UPDATE `user_registration` SET `popup_seen` = 'yes'
WHERE `user_id` = 'R37QLI';
UPDATE `user_registration` SET `popup_seen` = 'no'
WHERE `user_id` = 'R37QLI';
DELETE FROM `ci_sessions`
WHERE `id` = 'f3912e52a2c90e7618ddcda155b3c5f95d459920';
UPDATE `ci_sessions` SET `timestamp` = 1737044818, `data` = '__ci_last_regenerate|i:1737044818;captcha|s:4:\"vpil\";'
WHERE `id` = 'ec43857a407bc561207d4ce31b7db5f8bafb2d9f';
INSERT INTO `login_history` (`user_id`, `device`, `ip_address`, `date`) VALUES ('PKHRN5', 'Mozilla/5.0 (Windows NT 10.0; Win64; x64) AppleWebKit/537.36 (KHTML, like Gecko) Chrome/131.0.0.0 Safari/537.36 Edg/131.0.0.0', '172.70.255.40', '25-01-16 10:27');
UPDATE `user_registration` SET `popup_seen` = 'yes'
WHERE `user_id` = 'PKHRN5';
UPDATE `user_registration` SET `popup_seen` = 'yes'
WHERE `user_id` = 'PKHRN5';
UPDATE `user_registration` SET `popup_seen` = 'yes'
WHERE `user_id` = 'PKHRN5';
UPDATE `user_registration` SET `popup_seen` = 'yes'
WHERE `user_id` = 'PKHRN5';
UPDATE `user_registration` SET `popup_seen` = 'yes'
WHERE `user_id` = 'PKHRN5';
UPDATE `user_registration` SET `popup_seen` = 'yes'
WHERE `user_id` = 'PKHRN5';
UPDATE `user_registration` SET `popup_seen` = 'yes'
WHERE `user_id` = 'PKHRN5';
UPDATE `user_registration` SET `popup_seen` = 'yes'
WHERE `user_id` = 'PKHRN5';
UPDATE `ci_sessions` SET `timestamp` = 1737045302, `data` = '__ci_last_regenerate|i:1737045302;id|s:4:\"2028\";user_id|s:6:\"4E1CRI\";username|s:6:\"Torino\";sponsor_id|s:6:\"SJBNYJ\";fullname|s:13:\"Ray Rodriguez\";email|s:25:\"emiliotapanes+6@gmail.com\";phone|s:10:\"7862876762\";isLogIn|b:1;'
WHERE `id` = 'ed2ec3bbe8d118f232a7a2e7d6d88a4cfc3d5cb8';
UPDATE `ci_sessions` SET `timestamp` = 1737045704, `data` = '__ci_last_regenerate|i:1737045704;id|s:4:\"2031\";user_id|s:6:\"R37QLI\";username|s:5:\"dleon\";sponsor_id|s:6:\"H2HQC8\";fullname|s:11:\"Dayami Leon\";email|s:20:\"atravel4uu@gmail.com\";phone|s:10:\"7865069935\";isLogIn|b:1;'
WHERE `id` = '0119ac8494c3026d3df5b92a87d7ea9c71e01a75';
UPDATE `user_registration` SET `popup_seen` = 'yes'
WHERE `user_id` = 'R37QLI';
UPDATE `user_registration` SET `popup_seen` = 'yes'
WHERE `user_id` = 'R37QLI';
UPDATE `user_registration` SET `popup_seen` = 'yes'
WHERE `user_id` = 'R37QLI';
UPDATE `ci_sessions` SET `timestamp` = 1737046891, `data` = '__ci_last_regenerate|i:1737046891;id|s:4:\"2031\";user_id|s:6:\"R37QLI\";username|s:5:\"dleon\";sponsor_id|s:6:\"H2HQC8\";fullname|s:11:\"Dayami Leon\";email|s:20:\"atravel4uu@gmail.com\";phone|s:10:\"7865069935\";isLogIn|b:1;'
WHERE `id` = '5cb5cf48f289a9d8bd425de7f3325d0ce00d5f91';
UPDATE `user_registration` SET `popup_seen` = 'yes'
WHERE `user_id` = 'R37QLI';
UPDATE `user_registration` SET `popup_seen` = 'yes'
WHERE `user_id` = 'R37QLI';
UPDATE `user_registration` SET `popup_seen` = 'yes'
WHERE `user_id` = 'R37QLI';
UPDATE `user_registration` SET `popup_seen` = 'yes'
WHERE `user_id` = 'R37QLI';
UPDATE `ci_sessions` SET `timestamp` = 1737048006, `data` = '__ci_last_regenerate|i:1737048006;id|s:4:\"2031\";user_id|s:6:\"R37QLI\";username|s:5:\"dleon\";sponsor_id|s:6:\"H2HQC8\";fullname|s:11:\"Dayami Leon\";email|s:20:\"atravel4uu@gmail.com\";phone|s:10:\"7865069935\";isLogIn|b:1;'
WHERE `id` = 'e26f1c3f3398b0801008ed398b36d545ae3c5ccf';
UPDATE `user_registration` SET `popup_seen` = 'yes'
WHERE `user_id` = 'R37QLI';
INSERT INTO `temp_register` (`post_data`, `date`, `payment_method`, `type`) VALUES ('{\"uid\":\"2047\",\"user_id\":\"F95XTH\",\"username\":\"dayi\",\"sponsor_id\":\"R37QLI\",\"vacant\":\"no\",\"f_name\":\"willian\",\"l_name\":\"ortega\",\"position\":\"right\",\"email\":\"capacitaensena@gmail.com\",\"password\":\"38abd75cff0a1ad8ecea30c244986831\",\"phone\":\"8139517066\",\"country\":\"United States\",\"state\":\"Florida\",\"city\":\"tampa\",\"street\":\"2314 w broad st \",\"zip_code\":\"33604\",\"reg_ip\":\"172.70.82.191\",\"status\":1,\"package_id\":\"1\",\"rank_id\":1,\"highest_rank\":1,\"cycle_rank_id\":1,\"created\":\"2025-01-16 11:26:21\",\"subscription_date\":\"2025-02-15\",\"google_secret\":\"6QB3ZQPTDO2WOKZX\"}', '2025-01-16 11:26:21', 'stripe', 'register');
UPDATE `ci_sessions` SET `timestamp` = 1737048444, `data` = '__ci_last_regenerate|i:1737048444;id|s:4:\"2031\";user_id|s:6:\"R37QLI\";username|s:5:\"dleon\";sponsor_id|s:6:\"H2HQC8\";fullname|s:11:\"Dayami Leon\";email|s:20:\"atravel4uu@gmail.com\";phone|s:10:\"7865069935\";isLogIn|b:1;'
WHERE `id` = '2490d5b209d566453e7c46b3f9c9e0f62dff7da1';
UPDATE `user_registration` SET `popup_seen` = 'yes'
WHERE `user_id` = 'R37QLI';
UPDATE `user_registration` SET `popup_seen` = 'no'
WHERE `user_id` = 'R37QLI';
DELETE FROM `ci_sessions`
WHERE `id` = '313dda65b51bd3d91745d297e5ccee597f76e306';
INSERT INTO `temp_register` (`post_data`, `date`, `payment_method`, `type`) VALUES ('{\"uid\":\"2047\",\"user_id\":\"K1HBMG\",\"username\":\"dayi\",\"sponsor_id\":\"R37QLI\",\"vacant\":\"no\",\"f_name\":\"willian\",\"l_name\":\"ortega\",\"position\":\"right\",\"email\":\"capacitaensena@gmail.com\",\"password\":\"38abd75cff0a1ad8ecea30c244986831\",\"phone\":\"8139517066\",\"country\":\"United States\",\"state\":\"Florida\",\"city\":\"tampa\",\"street\":\"2314 w broad st\",\"zip_code\":\"33604\",\"reg_ip\":\"172.70.54.69\",\"status\":1,\"package_id\":\"1\",\"rank_id\":1,\"highest_rank\":1,\"cycle_rank_id\":1,\"created\":\"2025-01-16 11:28:50\",\"subscription_date\":\"2025-02-15\",\"google_secret\":\"T4WUKLTF4HOC4N5E\"}', '2025-01-16 11:28:50', 'stripe', 'register');
UPDATE `ci_sessions` SET `timestamp` = 1737048767, `data` = '__ci_last_regenerate|i:1737048767;captcha|s:4:\"umvj\";reg_stripe_id|i:22;'
WHERE `id` = '3b4039044d8e1b0a391a151b224b258bd8fb19f5';
UPDATE `ci_sessions` SET `timestamp` = 1737053009, `data` = '__ci_last_regenerate|i:1737053009;captcha|s:4:\"umvj\";reg_stripe_id|i:22;exception|s:75:\"You cannot use a Stripe token more than once: tok_1Qhwsl2NUoYUjiuuITUdFzTS.\";__ci_vars|a:1:{s:9:\"exception\";s:3:\"old\";}'
WHERE `id` = '38db8c17c741aadb9cfe808b7538e8fca4f4be3a';
INSERT INTO `login_history` (`user_id`, `device`, `ip_address`, `date`) VALUES ('R37QLI', 'Mozilla/5.0 (Macintosh; Intel Mac OS X 10_15_7) AppleWebKit/605.1.15 (KHTML, like Gecko) Version/17.4 Safari/605.1.15', '172.70.82.191', '25-01-16 12:43');
UPDATE `user_registration` SET `popup_seen` = 'yes'
WHERE `user_id` = 'R37QLI';
INSERT INTO `login_history` (`user_id`, `device`, `ip_address`, `date`) VALUES ('PBFKSY', 'Mozilla/5.0 (Windows NT 10.0; Win64; x64) AppleWebKit/537.36 (KHTML, like Gecko) Chrome/131.0.0.0 Safari/537.36 Edg/131.0.0.0', '108.162.210.129', '25-01-16 13:04');
UPDATE `user_registration` SET `popup_seen` = 'yes'
WHERE `user_id` = 'PBFKSY';
UPDATE `user_registration` SET `popup_seen` = 'yes'
WHERE `user_id` = 'PBFKSY';
UPDATE `user_registration` SET `popup_seen` = 'no'
WHERE `user_id` = 'PBFKSY';
DELETE FROM `ci_sessions`
WHERE `id` = '7cf84c7af95a336e0b5b62a16d54acd61c4ce18b';
INSERT INTO `login_history` (`user_id`, `device`, `ip_address`, `date`) VALUES ('44B9Y4', 'Mozilla/5.0 (Windows NT 10.0; Win64; x64) AppleWebKit/537.36 (KHTML, like Gecko) Chrome/131.0.0.0 Safari/537.36 Edg/131.0.0.0', '172.70.82.168', '25-01-16 13:08');
UPDATE `user_registration` SET `popup_seen` = 'yes'
WHERE `user_id` = '44B9Y4';
UPDATE `user_registration` SET `popup_seen` = 'yes'
WHERE `user_id` = '44B9Y4';
UPDATE `ci_sessions` SET `timestamp` = 1737055972, `data` = '__ci_last_regenerate|i:1737055972;reg_stripe_id|i:22;id|s:4:\"2031\";user_id|s:6:\"R37QLI\";username|s:5:\"dleon\";sponsor_id|s:6:\"H2HQC8\";fullname|s:11:\"Dayami Leon\";email|s:20:\"atravel4uu@gmail.com\";phone|s:10:\"7865069935\";isLogIn|b:1;message|s:19:\"Welcome Dayami Leon\";__ci_vars|a:1:{s:7:\"message\";s:3:\"old\";}'
WHERE `id` = 'd2367a54ef234626f47d5f857a34a9be3d30ec2e';
UPDATE `user_registration` SET `popup_seen` = 'yes'
WHERE `user_id` = 'R37QLI';
UPDATE `ci_sessions` SET `timestamp` = 1737056492, `data` = '__ci_last_regenerate|i:1737056492;reg_stripe_id|i:22;id|s:4:\"2031\";user_id|s:6:\"R37QLI\";username|s:5:\"dleon\";sponsor_id|s:6:\"H2HQC8\";fullname|s:11:\"Dayami Leon\";email|s:20:\"atravel4uu@gmail.com\";phone|s:10:\"7865069935\";isLogIn|b:1;'
WHERE `id` = 'ba809bf3381194e3bf28e0dca7c8f3175c2ad888';
UPDATE `user_registration` SET `popup_seen` = 'yes'
WHERE `user_id` = 'R37QLI';
UPDATE `ci_sessions` SET `timestamp` = 1737056864, `data` = '__ci_last_regenerate|i:1737056864;captcha|s:4:\"oyxp\";'
WHERE `id` = '7b32cb30cc62aef98da0041cfb82b33263a905d3';
UPDATE `ci_sessions` SET `timestamp` = 1737057757, `data` = '__ci_last_regenerate|i:1737057757;reg_stripe_id|i:22;id|s:4:\"2031\";user_id|s:6:\"R37QLI\";username|s:5:\"dleon\";sponsor_id|s:6:\"H2HQC8\";fullname|s:11:\"Dayami Leon\";email|s:20:\"atravel4uu@gmail.com\";phone|s:10:\"7865069935\";isLogIn|b:1;'
WHERE `id` = '86f9531cc07d732271bcb679df9a06e9a9fcb823';
UPDATE `user_registration` SET `popup_seen` = 'yes'
WHERE `user_id` = 'R37QLI';
UPDATE `admin` SET `last_login` = '2025-01-16 14:11:53', `ip_address` = '172.70.55.77'
WHERE `id` = '1';
INSERT INTO `login_history` (`user_id`, `device`, `ip_address`, `date`) VALUES ('OWF3OA', 'Mozilla/5.0 (Windows NT 10.0; Win64; x64) AppleWebKit/537.36 (KHTML, like Gecko) Chrome/131.0.0.0 Safari/537.36 Edg/131.0.0.0', '172.69.132.246', '25-01-16 14:26');
UPDATE `user_registration` SET `popup_seen` = 'yes'
WHERE `user_id` = 'OWF3OA';
UPDATE `user_registration` SET `popup_seen` = 'yes'
WHERE `user_id` = 'OWF3OA';
UPDATE `ci_sessions` SET `timestamp` = 1737062596, `data` = '__ci_last_regenerate|i:1737062596;id|s:4:\"2045\";user_id|s:6:\"OWF3OA\";username|s:10:\"Caridadm70\";sponsor_id|s:6:\"R37QLI\";fullname|s:28:\"Caridad E Morales Sanciprian\";email|s:20:\"caridadm70@gmail.com\";phone|s:10:\"8135107714\";isLogIn|b:1;'
WHERE `id` = 'afc5bca7bd26da5e24bb711712a68ccb11164ddd';
UPDATE `ci_sessions` SET `timestamp` = 1737063117, `data` = '__ci_last_regenerate|i:1737063117;reg_stripe_id|i:22;id|s:4:\"2031\";user_id|s:6:\"R37QLI\";username|s:5:\"dleon\";sponsor_id|s:6:\"H2HQC8\";fullname|s:11:\"Dayami Leon\";email|s:20:\"atravel4uu@gmail.com\";phone|s:10:\"7865069935\";isLogIn|b:1;'
WHERE `id` = 'e4224bec589aa2fe6025bd3504d266acecc9a595';
UPDATE `user_registration` SET `popup_seen` = 'yes'
WHERE `user_id` = 'R37QLI';
UPDATE `ci_sessions` SET `timestamp` = 1737063341, `data` = '__ci_last_regenerate|i:1737063341;id|s:4:\"2045\";user_id|s:6:\"OWF3OA\";username|s:10:\"Caridadm70\";sponsor_id|s:6:\"R37QLI\";fullname|s:28:\"Caridad E Morales Sanciprian\";email|s:20:\"caridadm70@gmail.com\";phone|s:10:\"8135107714\";isLogIn|b:1;'
WHERE `id` = '30b64c7849bb7347742ac5614ab6b0c264e796d2';
UPDATE `user_registration` SET `popup_seen` = 'no'
WHERE `user_id` = 'OWF3OA';
DELETE FROM `ci_sessions`
WHERE `id` = 'f367fdc49115eadb4aeb14c7f6a143e70db97d49';
INSERT INTO `login_history` (`user_id`, `device`, `ip_address`, `date`) VALUES ('OWF3OA', 'Mozilla/5.0 (Windows NT 10.0; Win64; x64) AppleWebKit/537.36 (KHTML, like Gecko) Chrome/131.0.0.0 Safari/537.36 Edg/131.0.0.0', '172.71.156.139', '25-01-16 15:36');
UPDATE `user_registration` SET `popup_seen` = 'yes'
WHERE `user_id` = 'OWF3OA';
UPDATE `user_registration` SET `popup_seen` = 'yes'
WHERE `user_id` = 'OWF3OA';
UPDATE `user_registration` SET `popup_seen` = 'no'
WHERE `user_id` = 'OWF3OA';
DELETE FROM `ci_sessions`
WHERE `id` = 'c7cf44efe41f7b1a223a7111bdf955637a4b44ec';
INSERT INTO `login_history` (`user_id`, `device`, `ip_address`, `date`) VALUES ('44B9Y4', 'Mozilla/5.0 (Windows NT 10.0; Win64; x64) AppleWebKit/537.36 (KHTML, like Gecko) Chrome/131.0.0.0 Safari/537.36 Edg/131.0.0.0', '172.70.55.159', '25-01-16 16:47');
UPDATE `user_registration` SET `popup_seen` = 'yes'
WHERE `user_id` = '44B9Y4';
UPDATE `user_registration` SET `popup_seen` = 'yes'
WHERE `user_id` = '44B9Y4';
INSERT INTO `login_history` (`user_id`, `device`, `ip_address`, `date`) VALUES ('R37QLI', 'Mozilla/5.0 (Macintosh; Intel Mac OS X 10_15_7) AppleWebKit/605.1.15 (KHTML, like Gecko) Version/17.4 Safari/605.1.15', '172.70.55.209', '25-01-16 17:32');
UPDATE `user_registration` SET `popup_seen` = 'yes'
WHERE `user_id` = 'R37QLI';
INSERT INTO `login_history` (`user_id`, `device`, `ip_address`, `date`) VALUES ('PBFKSY', 'Mozilla/5.0 (Windows NT 10.0; Win64; x64) AppleWebKit/537.36 (KHTML, like Gecko) Chrome/131.0.0.0 Safari/537.36', '172.70.55.78', '25-01-16 18:15');
UPDATE `user_registration` SET `popup_seen` = 'yes'
WHERE `user_id` = 'PBFKSY';
UPDATE `user_registration` SET `password` = '7ccac8ad8e13793c8b8a27e0ede99587'
WHERE `user_id` = 'PBFKSY';
UPDATE `user_registration` SET `popup_seen` = 'yes'
WHERE `user_id` = 'PBFKSY';
UPDATE `user_registration` SET `language` = 'spanish'
WHERE `user_id` = 'PBFKSY';
UPDATE `user_registration` SET `popup_seen` = 'yes'
WHERE `user_id` = 'PBFKSY';
UPDATE `ci_sessions` SET `timestamp` = 1737073191, `data` = '__ci_last_regenerate|i:1737073191;id|s:4:\"2029\";user_id|s:6:\"PBFKSY\";username|s:7:\"Palermo\";sponsor_id|s:6:\"SJBNYJ\";fullname|s:13:\"Rosmery Gomez\";email|s:25:\"emiliotapanes+5@gmail.com\";phone|s:10:\"7862876762\";isLogIn|b:1;'
WHERE `id` = 'b8792382359e422e424bec983d7707636c38ea8a';
UPDATE `user_registration` SET `language` = 'english'
WHERE `user_id` = 'PBFKSY';
UPDATE `user_registration` SET `popup_seen` = 'yes'
WHERE `user_id` = 'PBFKSY';
UPDATE `user_registration` SET `language` = 'spanish'
WHERE `user_id` = 'PBFKSY';
UPDATE `user_registration` SET `popup_seen` = 'yes'
WHERE `user_id` = 'PBFKSY';
UPDATE `user_registration` SET `language` = 'english'
WHERE `user_id` = 'PBFKSY';
UPDATE `user_registration` SET `popup_seen` = 'yes'
WHERE `user_id` = 'PBFKSY';
UPDATE `user_registration` SET `popup_seen` = 'yes'
WHERE `user_id` = 'PBFKSY';
UPDATE `user_registration` SET `language` = 'spanish'
WHERE `user_id` = 'PBFKSY';
UPDATE `user_registration` SET `popup_seen` = 'yes'
WHERE `user_id` = 'PBFKSY';
UPDATE `ci_sessions` SET `timestamp` = 1737073604, `data` = '__ci_last_regenerate|i:1737073604;id|s:4:\"2029\";user_id|s:6:\"PBFKSY\";username|s:7:\"Palermo\";sponsor_id|s:6:\"SJBNYJ\";fullname|s:13:\"Rosmery Gomez\";email|s:25:\"emiliotapanes+5@gmail.com\";phone|s:10:\"7862876762\";isLogIn|b:1;'
WHERE `id` = '976529f76282cb98f28cac3b5327522820f78ef1';
UPDATE `user_registration` SET `language` = 'english'
WHERE `user_id` = 'PBFKSY';
UPDATE `user_registration` SET `language` = 'spanish'
WHERE `user_id` = 'PBFKSY';
UPDATE `user_registration` SET `popup_seen` = 'yes'
WHERE `user_id` = 'PBFKSY';
UPDATE `ci_sessions` SET `timestamp` = 1737074909, `data` = '__ci_last_regenerate|i:1737074909;id|s:4:\"2029\";user_id|s:6:\"PBFKSY\";username|s:7:\"Palermo\";sponsor_id|s:6:\"SJBNYJ\";fullname|s:13:\"Rosmery Gomez\";email|s:25:\"emiliotapanes+5@gmail.com\";phone|s:10:\"7862876762\";isLogIn|b:1;'
WHERE `id` = 'd329be913c626397064ef5fda805537a910e3a0d';
UPDATE `user_registration` SET `language` = 'english'
WHERE `user_id` = 'PBFKSY';
UPDATE `user_registration` SET `popup_seen` = 'yes'
WHERE `user_id` = 'PBFKSY';
UPDATE `ci_sessions` SET `timestamp` = 1737075896, `data` = '__ci_last_regenerate|i:1737075896;id|s:4:\"2029\";user_id|s:6:\"PBFKSY\";username|s:7:\"Palermo\";sponsor_id|s:6:\"SJBNYJ\";fullname|s:13:\"Rosmery Gomez\";email|s:25:\"emiliotapanes+5@gmail.com\";phone|s:10:\"7862876762\";isLogIn|b:1;'
WHERE `id` = 'cbd52d8f01e99f07a4b75fdef2fd061693cc5699';
UPDATE `user_registration` SET `popup_seen` = 'no'
WHERE `user_id` = 'PBFKSY';
DELETE FROM `ci_sessions`
WHERE `id` = '923a42ed5013115c069f0a7dcfc1b29e1eaa4cf0';
INSERT INTO `login_history` (`user_id`, `device`, `ip_address`, `date`) VALUES ('44B9Y4', 'Mozilla/5.0 (Windows NT 10.0; Win64; x64) AppleWebKit/537.36 (KHTML, like Gecko) Chrome/131.0.0.0 Safari/537.36', '172.70.54.69', '25-01-16 19:05');
UPDATE `user_registration` SET `popup_seen` = 'yes'
WHERE `user_id` = '44B9Y4';
UPDATE `ci_sessions` SET `timestamp` = 1737075943, `data` = '__ci_last_regenerate|i:1737075943;id|s:4:\"2031\";user_id|s:6:\"R37QLI\";username|s:5:\"dleon\";sponsor_id|s:6:\"H2HQC8\";fullname|s:11:\"Dayami Leon\";email|s:20:\"atravel4uu@gmail.com\";phone|s:10:\"7865069935\";isLogIn|b:1;message|s:19:\"Welcome Dayami Leon\";__ci_vars|a:1:{s:7:\"message\";s:3:\"old\";}'
WHERE `id` = '5cc349d11c4cfd88c14974e220a353c81420cc52';
UPDATE `user_registration` SET `popup_seen` = 'yes'
WHERE `user_id` = 'R37QLI';
UPDATE `user_registration` SET `popup_seen` = 'yes'
WHERE `user_id` = '44B9Y4';
UPDATE `ci_sessions` SET `timestamp` = 1737076586, `data` = '__ci_last_regenerate|i:1737076586;id|s:4:\"2021\";user_id|s:6:\"44B9Y4\";username|s:7:\"Talimbi\";sponsor_id|s:5:\"admin\";fullname|s:14:\"Emilio Tapanes\";email|s:23:\"emiliotapanes@gmail.com\";phone|s:10:\"7862876762\";isLogIn|b:1;'
WHERE `id` = '6d3ad5462094ed28951b89dd8df560fd92da0b56';
UPDATE `user_registration` SET `popup_seen` = 'no'
WHERE `user_id` = '44B9Y4';
DELETE FROM `ci_sessions`
WHERE `id` = '50f194aeefa579534b2b6e3df1914e6599bc7b8c';
UPDATE `ci_sessions` SET `timestamp` = 1737077722, `data` = '__ci_last_regenerate|i:1737077722;id|s:4:\"2031\";user_id|s:6:\"R37QLI\";username|s:5:\"dleon\";sponsor_id|s:6:\"H2HQC8\";fullname|s:11:\"Dayami Leon\";email|s:20:\"atravel4uu@gmail.com\";phone|s:10:\"7865069935\";isLogIn|b:1;'
WHERE `id` = '5037973990a1dd626c546f1d85998e959b8abae9';
UPDATE `user_registration` SET `popup_seen` = 'yes'
WHERE `user_id` = 'R37QLI';
UPDATE `ci_sessions` SET `timestamp` = 1737080714, `data` = '__ci_last_regenerate|i:1737080714;id|s:4:\"2031\";user_id|s:6:\"R37QLI\";username|s:5:\"dleon\";sponsor_id|s:6:\"H2HQC8\";fullname|s:11:\"Dayami Leon\";email|s:20:\"atravel4uu@gmail.com\";phone|s:10:\"7865069935\";isLogIn|b:1;'
WHERE `id` = '9f4a3ce0291f2c6576643b2c27cae1786acf8c04';
UPDATE `user_registration` SET `popup_seen` = 'yes'
WHERE `user_id` = 'R37QLI';
INSERT INTO `login_history` (`user_id`, `device`, `ip_address`, `date`) VALUES ('OWF3OA', 'Mozilla/5.0 (Windows NT 10.0; Win64; x64) AppleWebKit/537.36 (KHTML, like Gecko) Chrome/131.0.0.0 Safari/537.36 Edg/131.0.0.0', '172.70.255.77', '25-01-16 21:12');
UPDATE `user_registration` SET `popup_seen` = 'yes'
WHERE `user_id` = 'OWF3OA';
UPDATE `user_registration` SET `language` = 'spanish'
WHERE `user_id` = 'OWF3OA';
UPDATE `user_registration` SET `popup_seen` = 'yes'
WHERE `user_id` = 'OWF3OA';
UPDATE `ci_sessions` SET `timestamp` = 1737083929, `data` = '__ci_last_regenerate|i:1737083929;id|s:4:\"2045\";user_id|s:6:\"OWF3OA\";username|s:10:\"Caridadm70\";sponsor_id|s:6:\"R37QLI\";fullname|s:28:\"Caridad E Morales Sanciprian\";email|s:20:\"caridadm70@gmail.com\";phone|s:10:\"8135107714\";isLogIn|b:1;lang|s:7:\"english\";'
WHERE `id` = 'a1b3ecdad088706bee9fb6ef2d8ea3d2319e6598';
UPDATE `user_registration` SET `popup_seen` = 'no'
WHERE `user_id` = 'OWF3OA';
DELETE FROM `ci_sessions`
WHERE `id` = 'b80ecdf4bf7ef8e4934059c2c0f2adaf4811e3be';
INSERT INTO `login_history` (`user_id`, `device`, `ip_address`, `date`) VALUES ('admin', 'Mozilla/5.0 (Windows NT 10.0; Win64; x64) AppleWebKit/537.36 (KHTML, like Gecko) Chrome/131.0.0.0 Safari/537.36', '172.69.132.224', '25-01-16 22:18');
UPDATE `user_registration` SET `popup_seen` = 'yes'
WHERE `user_id` = 'admin';
UPDATE `ci_sessions` SET `timestamp` = 1737089916, `data` = '__ci_last_regenerate|i:1737089916;id|s:4:\"2019\";user_id|s:5:\"admin\";username|s:5:\"admin\";sponsor_id|s:1:\"0\";fullname|s:11:\"Alex Carrey\";email|s:15:\"admin@admin.com\";phone|s:10:\"1235467892\";isLogIn|b:1;'
WHERE `id` = '7e6fa6683dae5eaab0d9a7b78b7bb56ebfbc6647';
UPDATE `user_registration` SET `popup_seen` = 'yes'
WHERE `user_id` = 'admin';
UPDATE `user_registration` SET `language` = 'spanish'
WHERE `user_id` = 'admin';
UPDATE `user_registration` SET `popup_seen` = 'yes'
WHERE `user_id` = 'admin';
UPDATE `admin` SET `last_login` = '2025-01-16 23:11:10', `ip_address` = '172.69.132.224'
WHERE `id` = '1';
UPDATE `ci_sessions` SET `timestamp` = 1737090850, `data` = '__ci_last_regenerate|i:1737090850;id|s:4:\"2019\";user_id|s:5:\"admin\";username|s:5:\"admin\";sponsor_id|s:1:\"0\";fullname|s:11:\"Alex Carrey\";email|s:15:\"admin@admin.com\";phone|s:10:\"1235467892\";isLogIn|b:1;'
WHERE `id` = 'd0fa22c308db34ef41df88673e1ac51f605f9e51';
UPDATE `user_registration` SET `language` = 'english'
WHERE `user_id` = 'admin';
UPDATE `user_registration` SET `popup_seen` = 'yes'
WHERE `user_id` = 'admin';
UPDATE `user_registration` SET `language` = 'spanish'
WHERE `user_id` = 'admin';
UPDATE `user_registration` SET `popup_seen` = 'yes'
WHERE `user_id` = 'admin';
UPDATE `ci_sessions` SET `timestamp` = 1737091292, `data` = '__ci_last_regenerate|i:1737091292;id|s:4:\"2019\";user_id|s:5:\"admin\";username|s:5:\"admin\";sponsor_id|s:1:\"0\";fullname|s:11:\"Alex Carrey\";email|s:15:\"admin@admin.com\";phone|s:10:\"1235467892\";isLogIn|b:1;'
WHERE `id` = 'b0ccbf9246b9c3d2196702fb62ba1e10e3fabfb5';
UPDATE `user_registration` SET `language` = 'english'
WHERE `user_id` = 'admin';
UPDATE `user_registration` SET `language` = 'spanish'
WHERE `user_id` = 'admin';
UPDATE `ci_sessions` SET `timestamp` = 1737092152, `data` = '__ci_last_regenerate|i:1737092152;id|s:4:\"2019\";user_id|s:5:\"admin\";username|s:5:\"admin\";sponsor_id|s:1:\"0\";fullname|s:11:\"Alex Carrey\";email|s:15:\"admin@admin.com\";phone|s:10:\"1235467892\";isLogIn|b:1;'
WHERE `id` = '985dd738e129e4f19f6326676edac4fef31a811d';
INSERT INTO `cron_job_history` (`name`, `date_started`, `status`) VALUES ('backup', '2025-01-17 00:00:01', 'started');
UPDATE `cron_job_history` SET `status` = 'done', `date_end` = '2025-01-17 00:00:01'
WHERE `id` = 139;
INSERT INTO `cron_job_history` (`name`, `date_started`, `status`) VALUES ('deduct_sub_amt_from_ewallet', '2025-01-17 00:05:02', 'started');
UPDATE `cron_job_history` SET `status` = 'done', `date_end` = '2025-01-17 00:05:02'
WHERE `id` = 140;
INSERT INTO `temp_register` (`post_data`, `date`, `payment_method`, `type`) VALUES ('{\"uid\":\"2024\",\"user_id\":\"GD2PTF\",\"username\":\"sdasas\",\"sponsor_id\":\"admin\",\"vacant\":\"no\",\"f_name\":\"dsdsd\",\"l_name\":\"asas\",\"position\":\"left\",\"email\":\"asas@as.asas\",\"password\":\"e10adc3949ba59abbe56e057f20f883e\",\"phone\":\"343434\",\"country\":\"France\",\"state\":\"Connecticut\",\"city\":\"34sd\",\"street\":\"sdsd\",\"zip_code\":\"sdsds\",\"reg_ip\":\"172.69.95.215\",\"status\":1,\"package_id\":\"1\",\"rank_id\":1,\"highest_rank\":1,\"cycle_rank_id\":1,\"created\":\"2025-01-17 04:45:39\",\"subscription_date\":\"2025-02-16\",\"google_secret\":\"ZSG7TCUSIM4OM3HZ\"}', '2025-01-17 04:45:39', 'stripe', 'register');
UPDATE `ci_sessions` SET `timestamp` = 1737112071, `data` = '__ci_last_regenerate|i:1737112071;captcha|s:4:\"3r63\";reg_stripe_id|i:23;'
WHERE `id` = '6c0a310688ecddab92febdb04170cb05aa3c7c61';
INSERT INTO `login_history` (`user_id`, `device`, `ip_address`, `date`) VALUES ('35H9RV', 'Mozilla/5.0 (Windows NT 10.0; Win64; x64) AppleWebKit/537.36 (KHTML, like Gecko) Chrome/131.0.0.0 Safari/537.36', '172.69.179.50', '25-01-17 05:25');
UPDATE `user_registration` SET `popup_seen` = 'yes'
WHERE `user_id` = '35H9RV';
INSERT INTO `payquicker_token` (`response`, `token`, `created_time`, `expires_at`) VALUES ('{\"access_token\":\"FD6D3EB33D5C2D5B3B486B794725E94E165E1D981A4D357E68D4B5E296A7868E-1\",\"expires_in\":3600,\"token_type\":\"Bearer\",\"scope\":\"api useraccount_balance useraccount_debit useraccount_invitation useraccount_payment\"}', 'FD6D3EB33D5C2D5B3B486B794725E94E165E1D981A4D357E68D4B5E296A7868E-1', '2025-01-17 05:28:24', '2025-01-17 06:28:24');
INSERT INTO `payment_metod_setting` (`user_id`, `method`, `email`, `wallet_id`, `status`, `date`) VALUES ('35H9RV', 'payquicker', 'vijeshkmr666@gmail.com', 'VIJ001', 0, '2025-01-17 05:28:39');
INSERT INTO `payquicker_send_invite` (`user_id`, `userCompanyAssignedUniqueKey`, `response`, `date`) VALUES ('35H9RV', 'VIJ001', '[{\"dateInvited\":\"2025-01-10T06:47:01Z\",\"invitationKey\":\"7uF54BTGgkVbkllo8HJXGh5wGBXXgznckAZsyC0VP0cwo939MGs5NcN3rKp2cDGJirSfzcruefNXmPAKnybzGr5jsAMmhyNOP1ZXCDU7zJQlCW1UrwpCoVheAUB7uAbCpIqKfurb45kSPA2OPEsDrPi0texLosv84NVCDaLirDBtI8AcR8CEDVholTB7A5U8Hq5vYEBOuGN6ssIXrxH8NGpVjSO9MxBNi53rswulOtpxtZmhrKrLw1GNzCULaxIH\",\"invitationStatus\":\"InvitationStatusType_Used\",\"registrationStatus\":\"Completed\",\"registrationDetails\":{\"addresses\":[{\"city\":\"Rochester\",\"country\":\"USA\",\"postalCode\":\"12345\",\"region\":\"NY\",\"streetAddress1\":\"10 Mocking Bird Lane\",\"streetAddress2\":\"Suite 1A\",\"created\":\"0001-01-01T00:00:00Z\",\"type\":\"AddressType_Residential\"}],\"fundingAccountPublicId\":\"3471d86fe3164ce1a2193a045f42be46\",\"issuePlasticCard\":true,\"notifyUser\":true,\"userDetails\":{\"emailAddress\":\"vijeshkmr666@gmail.com\",\"firstName\":\"Vijesh\",\"lastName\":\"sh\",\"middleName\":\"vij\",\"userCompanyAssignedUniqueKey\":\"VIJ001\"}}}]', '2025-01-17 05:28:39');
UPDATE `payment_metod_setting` SET `status` = 1
WHERE `user_id` = '35H9RV';
UPDATE `ci_sessions` SET `timestamp` = 1737113400, `data` = '__ci_last_regenerate|i:1737113400;id|s:4:\"2020\";user_id|s:6:\"35H9RV\";username|s:6:\"vijesh\";sponsor_id|s:5:\"admin\";fullname|s:13:\"testuser test\";email|s:17:\"testuser@mail.com\";phone|s:10:\"6567576767\";isLogIn|b:1;'
WHERE `id` = '2cc81c922bcf02a486025e994f7a533fa5736374';
INSERT INTO `withdraw` (`name`, `user_id`, `walletid`, `mobile_no`, `uid`, `amount`, `method`, `fees`, `payment_details`, `fee_rate`, `request_ip`, `request_date`) VALUES ('testuser test', '35H9RV', 'VIJ001', '6567576767', '2020', '1.5', 'PayQuicker', 0.075, 'N/A', '5', '172.69.178.40', '2025:01:17 05:30:00');
UPDATE `user_registration` SET commission_balance = ROUND(commission_balance - 1.5,2)
WHERE `user_id` = '35H9RV';
INSERT INTO `transections` (`user_id`, `transection_category`, `releted_id`, `amount`, `comments`, `transection_date_timestamp`) VALUES ('35H9RV', 'withdraw', 2, '1.5', 'withdraw', '2025-01-17 05:30:00');
UPDATE `admin` SET `last_login` = '2025-01-17 05:31:47', `ip_address` = '172.69.95.180'
WHERE `id` = '2';
UPDATE `admin` SET `last_logout` = '2025-01-17 05:31:57'
WHERE `id` = '2';
DELETE FROM `ci_sessions`
WHERE `id` = 'b79332c3702aee5fab8c6a86848a2e969200d01e';
UPDATE `admin` SET `last_login` = '2025-01-17 05:32:46', `ip_address` = '172.69.95.180'
WHERE `id` = '1';
UPDATE `withdraw` SET `payment_details` = '[{\"payments\":[{\"accountingId\":\"travelegendcy93183\",\"authDate\":\"2025-01-17T11:33:29Z\",\"monetary\":{\"amount\":-1.4200,\"currency\":\"Currency_USD\",\"language\":\"Languages_EN_US\",\"bank\":null,\"formattedAmount\":\"($1.42) USD\"},\"transactionPublicId\":\"TRJS1A3HHXL5E800D\",\"transactionStatusType\":\"TransactionStatusType_Complete\"}]}]'
WHERE `withdraw_id` = '2';
UPDATE `withdraw` SET `success_date` = '2025-01-17 05:33:29', `status` = 2
WHERE `withdraw_id` = '2'
AND `user_id` = '35H9RV';
UPDATE `ci_sessions` SET `timestamp` = 1737114285, `data` = '__ci_last_regenerate|i:1737114285;id|s:4:\"2020\";user_id|s:6:\"35H9RV\";username|s:6:\"vijesh\";sponsor_id|s:5:\"admin\";fullname|s:13:\"testuser test\";email|s:17:\"testuser@mail.com\";phone|s:10:\"6567576767\";isLogIn|b:1;message|s:45:\"Request For Withdraw Enter Successfully  ..!!\";__ci_vars|a:1:{s:7:\"message\";s:3:\"old\";}'
WHERE `id` = '4dce32e31b701d6046a6e92156e1cdbedf2c66a5';
UPDATE `ci_sessions` SET `timestamp` = 1737115501, `data` = '__ci_last_regenerate|i:1737115501;id|s:4:\"2020\";user_id|s:6:\"35H9RV\";username|s:6:\"vijesh\";sponsor_id|s:5:\"admin\";fullname|s:13:\"testuser test\";email|s:17:\"testuser@mail.com\";phone|s:10:\"6567576767\";isLogIn|b:1;'
WHERE `id` = '6d67f649fae1579bef65c377b340d665e3bcff66';
UPDATE `ci_sessions` SET `timestamp` = 1737116671, `data` = '__ci_last_regenerate|i:1737116671;id|s:4:\"2020\";user_id|s:6:\"35H9RV\";username|s:6:\"vijesh\";sponsor_id|s:5:\"admin\";fullname|s:13:\"testuser test\";email|s:17:\"testuser@mail.com\";phone|s:10:\"6567576767\";isLogIn|b:1;'
WHERE `id` = 'dbfe1997a82c2709a14efc6d0f4409500b62aa2a';
INSERT INTO `login_history` (`user_id`, `device`, `ip_address`, `date`) VALUES ('R37QLI', 'Mozilla/5.0 (Macintosh; Intel Mac OS X 10_15_7) AppleWebKit/605.1.15 (KHTML, like Gecko) Version/17.4 Safari/605.1.15', '172.70.82.191', '25-01-17 07:41');
UPDATE `user_registration` SET `popup_seen` = 'yes'
WHERE `user_id` = 'R37QLI';
INSERT INTO `login_history` (`user_id`, `device`, `ip_address`, `date`) VALUES ('admin', 'Mozilla/5.0 (Windows NT 10.0; Win64; x64) AppleWebKit/537.36 (KHTML, like Gecko) Chrome/131.0.0.0 Safari/537.36', '172.69.132.224', '25-01-17 08:58');
UPDATE `user_registration` SET `popup_seen` = 'yes'
WHERE `user_id` = 'admin';
UPDATE `user_registration` SET `language` = 'english'
WHERE `user_id` = 'admin';
UPDATE `user_registration` SET `popup_seen` = 'yes'
WHERE `user_id` = 'admin';
UPDATE `ci_sessions` SET `timestamp` = 1737126400, `data` = '__ci_last_regenerate|i:1737126400;id|s:4:\"2019\";user_id|s:5:\"admin\";username|s:5:\"admin\";sponsor_id|s:1:\"0\";fullname|s:11:\"Alex Carrey\";email|s:15:\"admin@admin.com\";phone|s:10:\"1235467892\";isLogIn|b:1;'
WHERE `id` = 'cfeca2d9d3948fa567c7c0240b18fbc28840142f';
INSERT INTO `login_history` (`user_id`, `device`, `ip_address`, `date`) VALUES ('PKHRN5', 'Mozilla/5.0 (Windows NT 10.0; Win64; x64) AppleWebKit/537.36 (KHTML, like Gecko) Chrome/131.0.0.0 Safari/537.36 Edg/131.0.0.0', '172.70.255.78', '25-01-17 09:16');
UPDATE `user_registration` SET `popup_seen` = 'yes'
WHERE `user_id` = 'PKHRN5';
UPDATE `user_registration` SET `popup_seen` = 'no'
WHERE `user_id` = 'PKHRN5';
DELETE FROM `ci_sessions`
WHERE `id` = '5831231baa06cfd8f000ab4de743d97069e110b6';
INSERT INTO `login_history` (`user_id`, `device`, `ip_address`, `date`) VALUES ('PKHRN5', 'Mozilla/5.0 (Windows NT 10.0; Win64; x64) AppleWebKit/537.36 (KHTML, like Gecko) Chrome/131.0.0.0 Safari/537.36 Edg/131.0.0.0', '172.70.255.78', '25-01-17 09:17');
UPDATE `user_registration` SET `popup_seen` = 'yes'
WHERE `user_id` = 'PKHRN5';
UPDATE `user_registration` SET `default_leg` = 'right'
WHERE `user_id` = 'PKHRN5';
UPDATE `user_registration` SET `popup_seen` = 'yes'
WHERE `user_id` = 'PKHRN5';
INSERT INTO `temp_register` (`post_data`, `date`, `payment_method`, `type`) VALUES ('{\"uid\":\"2047\",\"user_id\":\"HUDVJU\",\"username\":\"carmina\",\"sponsor_id\":\"PKHRN5\",\"vacant\":\"no\",\"f_name\":\"Maria C\",\"l_name\":\"Sotolongo\",\"position\":\"right\",\"email\":\"rsotolongok@aol.com\",\"password\":\"7d3c0e0fec3abb208d7c159b31a6e8ed\",\"phone\":\"7862013183\",\"country\":\"United States\",\"state\":\"Florida\",\"city\":\"Miami\",\"street\":\"10279 SW FLAGLER TERR\",\"zip_code\":\"33174\",\"reg_ip\":\"172.70.255.194\",\"status\":1,\"package_id\":\"1\",\"rank_id\":1,\"highest_rank\":1,\"cycle_rank_id\":1,\"created\":\"2025-01-17 09:21:59\",\"subscription_date\":\"2025-02-16\",\"google_secret\":\"MXNHVRDR4WGLYSB2\"}', '2025-01-17 09:21:59', 'stripe', 'register');
UPDATE `ci_sessions` SET `timestamp` = 1737127401, `data` = '__ci_last_regenerate|i:1737127401;id|s:4:\"2039\";user_id|s:6:\"PKHRN5\";username|s:7:\"Caracas\";sponsor_id|s:6:\"R37QLI\";fullname|s:11:\"Ninon Ramos\";email|s:22:\"nrproducts20@gmail.com\";phone|s:10:\"7865069935\";isLogIn|b:1;reg_stripe_id|i:24;'
WHERE `id` = '8a9e1fc67afe5fbdbb62873bd2c50d6eefbfad5b';
UPDATE `temp_register` SET `response` = '{\"stripeToken\":\"tok_1QiHOF2NUoYUjiuupVmWgLqE\",\"stripeTokenType\":\"card\",\"stripeEmail\":\"RSOTOLONGOK@AOL.com\"}', `date_modified` = '2025-01-17 09:23:24', `payment_status` = '{\"id\":\"ch_3QiHOJ2NUoYUjiuu0FiYdOIv\",\"object\":\"charge\",\"amount\":19500,\"amount_captured\":19500,\"amount_refunded\":0,\"application\":null,\"application_fee\":null,\"application_fee_amount\":null,\"balance_transaction\":\"txn_3QiHOJ2NUoYUjiuu0GJgv1tQ\",\"billing_details\":{\"address\":{\"city\":null,\"country\":null,\"line1\":null,\"line2\":null,\"postal_code\":null,\"state\":null},\"email\":null,\"name\":\"RSOTOLONGOK@AOL.com\",\"phone\":null},\"calculated_statement_descriptor\":\"TRAVELEGENDCY LLC\",\"captured\":true,\"created\":1737127403,\"currency\":\"usd\",\"customer\":\"cus_RbUNEw24OJ09CO\",\"description\":null,\"destination\":null,\"dispute\":null,\"disputed\":false,\"failure_balance_transaction\":null,\"failure_code\":null,\"failure_message\":null,\"fraud_details\":[],\"invoice\":null,\"livemode\":true,\"metadata\":{\"name\":\"Maria C Sotolongo\",\"username\":\"carmina\"},\"on_behalf_of\":null,\"order\":null,\"outcome\":{\"advice_code\":null,\"network_advice_code\":null,\"network_decline_code\":null,\"network_status\":\"approved_by_network\",\"reason\":null,\"risk_level\":\"normal\",\"seller_message\":\"Payment complete.\",\"type\":\"authorized\"},\"paid\":true,\"payment_intent\":null,\"payment_method\":\"card_1QiHOE2NUoYUjiuu0X7Snnhd\",\"payment_method_details\":{\"card\":{\"amount_authorized\":19500,\"authorization_code\":\"056506\",\"brand\":\"visa\",\"checks\":{\"address_line1_check\":null,\"address_postal_code_check\":null,\"cvc_check\":\"pass\"},\"country\":\"US\",\"exp_month\":11,\"exp_year\":2028,\"extended_authorization\":{\"status\":\"disabled\"},\"fingerprint\":\"8mRLNp5E7vfYnhp1\",\"funding\":\"debit\",\"incremental_authorization\":{\"status\":\"unavailable\"},\"installments\":null,\"last4\":\"8636\",\"mandate\":null,\"multicapture\":{\"status\":\"unavailable\"},\"network\":\"visa\",\"network_token\":{\"used\":false},\"network_transaction_id\":\"585017554044586\",\"overcapture\":{\"maximum_amount_capturable\":19500,\"status\":\"unavailable\"},\"regulated_status\":\"regulated\",\"three_d_secure\":null,\"wallet\":null},\"type\":\"card\"},\"receipt_email\":null,\"receipt_number\":null,\"receipt_url\":\"https:\\/\\/pay.stripe.com\\/receipts\\/payment\\/CAcQARoXChVhY2N0XzFRUEFGdjJOVW9ZVWppdXUo7eupvAYyBsBPSbC4bjosFotYoKRORf-2w6-JXWvbAIqAKb9J4GjExW5ceD3I2xZClXr8_n2dnJYPsOw\",\"refunded\":false,\"review\":null,\"shipping\":null,\"source\":{\"id\":\"card_1QiHOE2NUoYUjiuu0X7Snnhd\",\"object\":\"card\",\"address_city\":null,\"address_country\":null,\"address_line1\":null,\"address_line1_check\":null,\"address_line2\":null,\"address_state\":null,\"address_zip\":null,\"address_zip_check\":null,\"allow_redisplay\":\"unspecified\",\"brand\":\"Visa\",\"country\":\"US\",\"customer\":\"cus_RbUNEw24OJ09CO\",\"cvc_check\":\"pass\",\"dynamic_last4\":null,\"exp_month\":11,\"exp_year\":2028,\"fingerprint\":\"8mRLNp5E7vfYnhp1\",\"funding\":\"debit\",\"last4\":\"8636\",\"metadata\":[],\"name\":\"RSOTOLONGOK@AOL.com\",\"regulated_status\":\"regulated\",\"tokenization_method\":null,\"wallet\":null},\"source_transfer\":null,\"statement_descriptor\":null,\"statement_descriptor_suffix\":null,\"status\":\"succeeded\",\"transfer_data\":null,\"transfer_group\":null}'
WHERE `id` = 24;
UPDATE `user_registration` SET `uid` = '2047', `user_id` = 'HUDVJU', `username` = 'carmina', `sponsor_id` = 'PKHRN5', `vacant` = 'no', `f_name` = 'Maria C', `l_name` = 'Sotolongo', `position` = 'right', `email` = 'rsotolongok@aol.com', `password` = '7d3c0e0fec3abb208d7c159b31a6e8ed', `phone` = '7862013183', `country` = 'United States', `state` = 'Florida', `city` = 'Miami', `street` = '10279 SW FLAGLER TERR', `zip_code` = '33174', `reg_ip` = '172.70.255.194', `status` = 1, `package_id` = '1', `rank_id` = 1, `highest_rank` = 1, `cycle_rank_id` = 1, `created` = '2025-01-17 09:21:59', `subscription_date` = '2025-02-16', `google_secret` = 'MXNHVRDR4WGLYSB2'
WHERE `uid` = '2047';
INSERT INTO `user_registration` (`uid`, `user_id`, `username`, `sponsor_id`, `placement_id`, `vacant`, `f_name`, `l_name`, `address`, `position`, `email`, `password`, `phone`, `reg_ip`, `status`, `created`) VALUES (NULL, 'ZQTWDY', 'YHwzuUgw', 'HUDVJU', 'HUDVJU', 'yes', '', '', '', 'left', '@mail.com', '', '', '', 0, '2025-01-17 09:23:24');
INSERT INTO `user_registration` (`uid`, `user_id`, `username`, `sponsor_id`, `placement_id`, `vacant`, `f_name`, `l_name`, `address`, `position`, `email`, `password`, `phone`, `reg_ip`, `status`, `created`) VALUES (NULL, 'MMPBNF', 'ekXNhwba', 'HUDVJU', 'HUDVJU', 'yes', '', '', '', 'right', '@mail.com', '', '', '', 0, '2025-01-17 09:23:24');
INSERT INTO `bv_updation` (`user_id`) VALUES ('HUDVJU');
UPDATE `user_registration` SET total_ref_count = total_ref_count+1
WHERE `user_id` = 'PKHRN5';
UPDATE `user_registration` SET total_downlines = total_downlines+1
WHERE `user_id` = 'OWF3OA';
UPDATE `user_registration` SET right_downlines = right_downlines+1
WHERE `user_id` = 'OWF3OA';
UPDATE `user_registration` SET total_downlines = total_downlines+1
WHERE `user_id` = 'PKHRN5';
UPDATE `user_registration` SET right_downlines = right_downlines+1
WHERE `user_id` = 'PKHRN5';
UPDATE `user_registration` SET right_ref_count = right_ref_count+1
WHERE `user_id` = 'PKHRN5';
UPDATE `user_registration` SET active_right = active_right+1
WHERE `user_id` = 'PKHRN5';
UPDATE `user_registration` SET total_downlines = total_downlines+1
WHERE `user_id` = 'R37QLI';
UPDATE `user_registration` SET right_downlines = right_downlines+1
WHERE `user_id` = 'R37QLI';
UPDATE `user_registration` SET total_downlines = total_downlines+1
WHERE `user_id` = 'H2HQC8';
UPDATE `user_registration` SET right_downlines = right_downlines+1
WHERE `user_id` = 'H2HQC8';
UPDATE `user_registration` SET total_downlines = total_downlines+1
WHERE `user_id` = '45E8V2';
UPDATE `user_registration` SET left_downlines = left_downlines+1
WHERE `user_id` = '45E8V2';
UPDATE `user_registration` SET total_downlines = total_downlines+1
WHERE `user_id` = '44B9Y4';
UPDATE `user_registration` SET right_downlines = right_downlines+1
WHERE `user_id` = '44B9Y4';
UPDATE `user_registration` SET total_downlines = total_downlines+1
WHERE `user_id` = 'admin';
UPDATE `user_registration` SET right_downlines = right_downlines+1
WHERE `user_id` = 'admin';
INSERT INTO `investment` (`invest_date`, `user_id`, `type`, `amount`, `package_id`) VALUES ('2025-01-17 09:23:24', 'HUDVJU', 'register', '195', '1');
INSERT INTO `earnings` (`user_id`, `Purchaser_id`, `earning_type`, `package_id`, `amount`, `date`, `comments`, `invest_amount`, `comm_perc`, `level`, `rank_id`, `order_id`) VALUES ('PKHRN5', 'HUDVJU', 'Direct Referral Bonus', '1', '20', '2025-01-17 09:23:24', 'Direct Referral Bonus', 0, 0, 1, '', 17);
UPDATE `user_registration` SET commission_balance = ROUND(commission_balance + 20,2)
WHERE `user_id` = 'PKHRN5';
UPDATE `user_registration` SET referral_bonus = ROUND(referral_bonus + 20,2)
WHERE `user_id` = 'PKHRN5';
UPDATE `user_registration` SET total_points = ROUND(total_points + 20,2)
WHERE `user_id` = 'HUDVJU';
INSERT INTO `points_history` (`user_id`, `points`, `type`, `date`) VALUES ('HUDVJU', '20', 'register', '2025-01-17 09:23:');
INSERT INTO `matrix_filling` (`placement_id`, `downline_id`, `level`, `matrix`) VALUES ('OWF3OA', 'HUDVJU', 1, 1);
UPDATE `bv_updation` SET right_carry = right_carry+20, total_right = total_right+20
WHERE `user_id` = 'OWF3OA';
INSERT INTO `placement_bv_update_history` (`right_carry`, `date`, `from_id`, `user_id`) VALUES ('20', '2025-01-17 09:23:24', 'HUDVJU', 'OWF3OA');
INSERT INTO `matrix_filling` (`placement_id`, `downline_id`, `level`, `matrix`) VALUES ('PKHRN5', 'HUDVJU', 2, 1);
INSERT INTO `matrix_filling` (`placement_id`, `downline_id`, `level`, `matrix`) VALUES ('R37QLI', 'HUDVJU', 3, 1);
UPDATE `bv_updation` SET right_carry = right_carry+20, total_right = total_right+20
WHERE `user_id` = 'R37QLI';
INSERT INTO `placement_bv_update_history` (`right_carry`, `date`, `from_id`, `user_id`) VALUES ('20', '2025-01-17 09:23:24', 'HUDVJU', 'R37QLI');
INSERT INTO `matrix_filling` (`placement_id`, `downline_id`, `level`, `matrix`) VALUES ('H2HQC8', 'HUDVJU', 4, 1);
UPDATE `bv_updation` SET right_carry = right_carry+20, total_right = total_right+20
WHERE `user_id` = 'H2HQC8';
INSERT INTO `placement_bv_update_history` (`right_carry`, `date`, `from_id`, `user_id`) VALUES ('20', '2025-01-17 09:23:24', 'HUDVJU', 'H2HQC8');
INSERT INTO `matrix_filling` (`placement_id`, `downline_id`, `level`, `matrix`) VALUES ('45E8V2', 'HUDVJU', 5, 1);
UPDATE `bv_updation` SET left_carry = left_carry+20, total_left = total_left+20
WHERE `user_id` = '45E8V2';
INSERT INTO `placement_bv_update_history` (`left_carry`, `date`, `from_id`, `user_id`) VALUES ('20', '2025-01-17 09:23:24', 'HUDVJU', '45E8V2');
INSERT INTO `matrix_filling` (`placement_id`, `downline_id`, `level`, `matrix`) VALUES ('44B9Y4', 'HUDVJU', 6, 1);
UPDATE `bv_updation` SET right_carry = right_carry+20, total_right = total_right+20
WHERE `user_id` = '44B9Y4';
INSERT INTO `placement_bv_update_history` (`right_carry`, `date`, `from_id`, `user_id`) VALUES ('20', '2025-01-17 09:23:24', 'HUDVJU', '44B9Y4');
INSERT INTO `matrix_filling` (`placement_id`, `downline_id`, `level`, `matrix`) VALUES ('admin', 'HUDVJU', 7, 1);
UPDATE `bv_updation` SET right_carry = right_carry+20, total_right = total_right+20
WHERE `user_id` = 'admin';
INSERT INTO `placement_bv_update_history` (`right_carry`, `date`, `from_id`, `user_id`) VALUES ('20', '2025-01-17 09:23:24', 'HUDVJU', 'admin');
INSERT INTO `package_purchase_history` (`user_id`, `package_id`, `reg_fee`, `package_name`, `monthly_fee`, `type`, `date`, `payment_option`) VALUES ('HUDVJU', '1', '195', 'Traveler', '50', 'sign_up', '2025-01-17 09:23:24', 'stripe');
UPDATE `user_registration` SET `popup_seen` = 'yes'
WHERE `user_id` = 'PKHRN5';
UPDATE `ci_sessions` SET `timestamp` = 1737130735, `data` = '__ci_last_regenerate|i:1737130735;id|s:4:\"2019\";user_id|s:5:\"admin\";username|s:5:\"admin\";sponsor_id|s:1:\"0\";fullname|s:11:\"Alex Carrey\";email|s:15:\"admin@admin.com\";phone|s:10:\"1235467892\";isLogIn|b:1;'
WHERE `id` = '587f57d2a8108a18abc4c8e917bcad5ac22e3975';
UPDATE `user_registration` SET `popup_seen` = 'yes'
WHERE `user_id` = 'admin';
INSERT INTO `login_history` (`user_id`, `device`, `ip_address`, `date`) VALUES ('44B9Y4', 'Mozilla/5.0 (Windows NT 10.0; Win64; x64) AppleWebKit/537.36 (KHTML, like Gecko) Chrome/131.0.0.0 Safari/537.36', '172.70.255.162', '25-01-17 10:39');
UPDATE `user_registration` SET `popup_seen` = 'yes'
WHERE `user_id` = '44B9Y4';
UPDATE `user_registration` SET `language` = 'spanish'
WHERE `user_id` = '44B9Y4';
UPDATE `user_registration` SET `popup_seen` = 'yes'
WHERE `user_id` = '44B9Y4';
UPDATE `user_registration` SET `popup_seen` = 'no'
WHERE `user_id` = '44B9Y4';
DELETE FROM `ci_sessions`
WHERE `id` = 'd2dbac405384ef87c0bb87119627faea95756264';
INSERT INTO `login_history` (`user_id`, `device`, `ip_address`, `date`) VALUES ('44B9Y4', 'Mozilla/5.0 (Windows NT 10.0; Win64; x64) AppleWebKit/537.36 (KHTML, like Gecko) Chrome/131.0.0.0 Safari/537.36', '108.162.210.156', '25-01-17 10:40');
UPDATE `user_registration` SET `popup_seen` = 'yes'
WHERE `user_id` = '44B9Y4';
UPDATE `user_registration` SET `language` = 'english'
WHERE `user_id` = '44B9Y4';
UPDATE `user_registration` SET `popup_seen` = 'yes'
WHERE `user_id` = '44B9Y4';
UPDATE `user_registration` SET `popup_seen` = 'no'
WHERE `user_id` = '44B9Y4';
DELETE FROM `ci_sessions`
WHERE `id` = '371e6d4f5e137a159ee73803de4a5b7d76959532';
UPDATE `ci_sessions` SET `timestamp` = 1737135415, `data` = '__ci_last_regenerate|i:1737135415;id|s:4:\"2019\";user_id|s:5:\"admin\";username|s:5:\"admin\";sponsor_id|s:1:\"0\";fullname|s:11:\"Alex Carrey\";email|s:15:\"admin@admin.com\";phone|s:10:\"1235467892\";isLogIn|b:1;'
WHERE `id` = 'e56931bbdf9799c9aa355cd78ed3820262a5dd48';
UPDATE `user_registration` SET `popup_seen` = 'yes'
WHERE `user_id` = 'admin';
UPDATE `user_registration` SET `language` = 'spanish'
WHERE `user_id` = 'admin';
UPDATE `user_registration` SET `popup_seen` = 'yes'
WHERE `user_id` = 'admin';
UPDATE `user_registration` SET `language` = 'english'
WHERE `user_id` = 'admin';
UPDATE `user_registration` SET `popup_seen` = 'yes'
WHERE `user_id` = 'admin';
INSERT INTO `login_history` (`user_id`, `device`, `ip_address`, `date`) VALUES ('HUDVJU', 'Mozilla/5.0 (X11; Linux x86_64) AppleWebKit/537.36 (KHTML, like Gecko) Chrome/131.0.0.0 Safari/537.36', '172.70.254.94', '25-01-17 13:46');
UPDATE `user_registration` SET `popup_seen` = 'yes'
WHERE `user_id` = 'HUDVJU';
INSERT INTO `payquicker_token` (`response`, `token`, `created_time`, `expires_at`) VALUES ('{\"access_token\":\"5AE257EEAF5A61B7754DDCA1073800882D756AF58ABCAF692EFDECAAC8542D04-1\",\"expires_in\":3600,\"token_type\":\"Bearer\",\"scope\":\"api useraccount_balance useraccount_debit useraccount_invitation useraccount_payment\"}', '5AE257EEAF5A61B7754DDCA1073800882D756AF58ABCAF692EFDECAAC8542D04-1', '2025-01-17 13:47:38', '2025-01-17 14:47:38');
UPDATE `ci_sessions` SET `timestamp` = 1737143416, `data` = '__ci_last_regenerate|i:1737143416;id|s:4:\"2047\";user_id|s:6:\"HUDVJU\";username|s:7:\"carmina\";sponsor_id|s:6:\"PKHRN5\";fullname|s:17:\"Maria C Sotolongo\";email|s:19:\"rsotolongok@aol.com\";phone|s:10:\"7862013183\";isLogIn|b:1;'
WHERE `id` = '6fd27075cf338a90a4c0262c1666b81c96db85d7';
UPDATE `user_registration` SET `popup_seen` = 'yes'
WHERE `user_id` = 'HUDVJU';
UPDATE `user_registration` SET `popup_seen` = 'yes'
WHERE `user_id` = 'HUDVJU';
UPDATE `user_registration` SET `popup_seen` = 'yes'
WHERE `user_id` = 'HUDVJU';
UPDATE `user_registration` SET `popup_seen` = 'yes'
WHERE `user_id` = 'HUDVJU';
UPDATE `user_registration` SET `popup_seen` = 'yes'
WHERE `user_id` = 'HUDVJU';
UPDATE `user_registration` SET `popup_seen` = 'yes'
WHERE `user_id` = 'HUDVJU';
UPDATE `user_registration` SET `popup_seen` = 'yes'
WHERE `user_id` = 'HUDVJU';
UPDATE `user_registration` SET `popup_seen` = 'yes'
WHERE `user_id` = 'HUDVJU';
UPDATE `ci_sessions` SET `timestamp` = 1737143745, `data` = '__ci_last_regenerate|i:1737143745;id|s:4:\"2047\";user_id|s:6:\"HUDVJU\";username|s:7:\"carmina\";sponsor_id|s:6:\"PKHRN5\";fullname|s:17:\"Maria C Sotolongo\";email|s:19:\"rsotolongok@aol.com\";phone|s:10:\"7862013183\";isLogIn|b:1;exception|s:173:\"The requested resource was not found invitation. Could not find invitation from fundingAccountPublicId 3471d86fe3164ce1a2193a045f42be46 and emailAddress rsotolongok@aol.com.\";__ci_vars|a:1:{s:9:\"exception\";s:3:\"old\";}'
WHERE `id` = 'e63b199191f39426c2c21c98835c5fe8ae5a5b45';
INSERT INTO `login_history` (`user_id`, `device`, `ip_address`, `date`) VALUES ('HUDVJU', 'Mozilla/5.0 (Linux; Android 10; K) AppleWebKit/537.36 (KHTML, like Gecko) Chrome/132.0.0.0 Mobile Safari/537.36', '172.70.83.12', '25-01-17 13:58');
UPDATE `user_registration` SET `popup_seen` = 'yes'
WHERE `user_id` = 'HUDVJU';
UPDATE `user_registration` SET `popup_seen` = 'yes'
WHERE `user_id` = 'HUDVJU';
INSERT INTO `payment_metod_setting` (`user_id`, `method`, `email`, `wallet_id`, `status`, `date`) VALUES ('HUDVJU', 'payquicker', 'rsotolongok@aol.com', 'Maria ChQIq', 0, '2025-01-17 14:01:35');
INSERT INTO `payquicker_send_invite` (`user_id`, `userCompanyAssignedUniqueKey`, `response`, `date`) VALUES ('HUDVJU', 'Maria ChQIq', '[{\"dateInvited\":\"2025-01-17T20:01:35Z\",\"invitationKey\":\"jGmOXGh7z62ikMIr7cofGci3eLJQiFOe2cWWiP7w5A9tip1emsO6QtiLNa64mzpGp8TPglBNf1MjhgyadRKWibJ5cSWNCe8D5V5EiLwvrgfviR1taU7ZLkCJ0vLJbfKdnQJ6Ckk2sqMfyvYIIfnR4VM6rO6BdXmtaQmPtaXod2zFAfxPofr0hThqaYa0k0cHVE3gEVBUffP5fExqOFGZ5ygc93qQTellpuWAMuoVZ6Ghh9Khv4f7AZKW1ExyU5Ig\",\"invitationStatus\":\"InvitationStatusType_Pending\",\"registrationStatus\":\"NotStarted\",\"registrationDetails\":{\"addresses\":[{\"city\":\"Miami\",\"country\":\"USA\",\"postalCode\":\"33174\",\"region\":\"Florida\",\"streetAddress1\":\"10279 SW FLAGLER TERR\",\"created\":\"0001-01-01T00:00:00Z\",\"type\":\"AddressType_Residential\"}],\"fundingAccountPublicId\":\"3471d86fe3164ce1a2193a045f42be46\",\"issuePlasticCard\":true,\"notifyUser\":true,\"userDetails\":{\"emailAddress\":\"rsotolongok@aol.com\",\"firstName\":\"Maria C\",\"lastName\":\"Sotolongo\",\"userCompanyAssignedUniqueKey\":\"Maria ChQIq\"}}}]', '2025-01-17 14:01:35');
UPDATE `ci_sessions` SET `timestamp` = 1737144119, `data` = '__ci_last_regenerate|i:1737144119;id|s:4:\"2047\";user_id|s:6:\"HUDVJU\";username|s:7:\"carmina\";sponsor_id|s:6:\"PKHRN5\";fullname|s:17:\"Maria C Sotolongo\";email|s:19:\"rsotolongok@aol.com\";phone|s:10:\"7862013183\";isLogIn|b:1;message|s:97:\"Successfully send signup link to your email, Please complete the registration as soon as possible\";__ci_vars|a:1:{s:7:\"message\";s:3:\"old\";}'
WHERE `id` = 'd468c21970ecbaa4780db7f862b7065e587b5e04';
UPDATE `user_registration` SET `popup_seen` = 'yes'
WHERE `user_id` = 'HUDVJU';
UPDATE `user_registration` SET `popup_seen` = 'no'
WHERE `user_id` = 'HUDVJU';
DELETE FROM `ci_sessions`
WHERE `id` = 'f9d3e8b20691139868e73f15d453d0b86fe3fe5e';
UPDATE `ci_sessions` SET `timestamp` = 1737144145, `data` = '__ci_last_regenerate|i:1737144145;id|s:4:\"2047\";user_id|s:6:\"HUDVJU\";username|s:7:\"carmina\";sponsor_id|s:6:\"PKHRN5\";fullname|s:17:\"Maria C Sotolongo\";email|s:19:\"rsotolongok@aol.com\";phone|s:10:\"7862013183\";isLogIn|b:1;exception|s:173:\"The requested resource was not found invitation. Could not find invitation from fundingAccountPublicId 3471d86fe3164ce1a2193a045f42be46 and emailAddress rsotolongok@aol.com.\";__ci_vars|a:1:{s:9:\"exception\";s:3:\"old\";}'
WHERE `id` = '3fa059ac75b1e500f70df39dc01680c76c47b033';
INSERT INTO `login_history` (`user_id`, `device`, `ip_address`, `date`) VALUES ('admin', 'Mozilla/5.0 (Windows NT 10.0; Win64; x64) AppleWebKit/537.36 (KHTML, like Gecko) Chrome/131.0.0.0 Safari/537.36', '172.70.255.194', '25-01-17 16:19');
UPDATE `user_registration` SET `popup_seen` = 'yes'
WHERE `user_id` = 'admin';
UPDATE `user_registration` SET `language` = 'spanish'
WHERE `user_id` = 'admin';
UPDATE `user_registration` SET `popup_seen` = 'yes'
WHERE `user_id` = 'admin';
INSERT INTO `login_history` (`user_id`, `device`, `ip_address`, `date`) VALUES ('R37QLI', 'Mozilla/5.0 (Macintosh; Intel Mac OS X 10_15_7) AppleWebKit/605.1.15 (KHTML, like Gecko) Version/17.4 Safari/605.1.15', '172.69.132.231', '25-01-17 17:24');
UPDATE `user_registration` SET `popup_seen` = 'yes'
WHERE `user_id` = 'R37QLI';
INSERT INTO `login_history` (`user_id`, `device`, `ip_address`, `date`) VALUES ('44B9Y4', 'Mozilla/5.0 (Windows NT 10.0; Win64; x64) AppleWebKit/537.36 (KHTML, like Gecko) Chrome/131.0.0.0 Safari/537.36', '172.70.82.168', '25-01-17 18:05');
UPDATE `user_registration` SET `popup_seen` = 'yes'
WHERE `user_id` = '44B9Y4';
UPDATE `user_registration` SET `language` = 'spanish'
WHERE `user_id` = '44B9Y4';
UPDATE `user_registration` SET `popup_seen` = 'yes'
WHERE `user_id` = '44B9Y4';
UPDATE `user_registration` SET `language` = 'english'
WHERE `user_id` = '44B9Y4';
UPDATE `user_registration` SET `popup_seen` = 'yes'
WHERE `user_id` = '44B9Y4';
UPDATE `ci_sessions` SET `timestamp` = 1737159562, `data` = '__ci_last_regenerate|i:1737159562;id|s:4:\"2031\";user_id|s:6:\"R37QLI\";username|s:5:\"dleon\";sponsor_id|s:6:\"H2HQC8\";fullname|s:11:\"Dayami Leon\";email|s:20:\"atravel4uu@gmail.com\";phone|s:10:\"7865069935\";isLogIn|b:1;message|s:19:\"Welcome Dayami Leon\";__ci_vars|a:1:{s:7:\"message\";s:3:\"old\";}'
WHERE `id` = 'ffe816526c81019453bc043dce2e88e4d950cd91';
UPDATE `user_registration` SET `popup_seen` = 'yes'
WHERE `user_id` = 'R37QLI';
INSERT INTO `login_history` (`user_id`, `device`, `ip_address`, `date`) VALUES ('HUDVJU', 'Mozilla/5.0 (Linux; Android 10; K) AppleWebKit/537.36 (KHTML, like Gecko) Chrome/131.0.0.0 Mobile Safari/537.36', '108.162.238.115', '25-01-17 18:20');
UPDATE `user_registration` SET `popup_seen` = 'yes'
WHERE `user_id` = 'HUDVJU';
INSERT INTO `payquicker_token` (`response`, `token`, `created_time`, `expires_at`) VALUES ('{\"access_token\":\"A1D98BB3C8D15860CD94D01EBC3F74E2A3F6777633EDD360D8AFBC22A3FD8D85-1\",\"expires_in\":3600,\"token_type\":\"Bearer\",\"scope\":\"api useraccount_balance useraccount_debit useraccount_invitation useraccount_payment\"}', 'A1D98BB3C8D15860CD94D01EBC3F74E2A3F6777633EDD360D8AFBC22A3FD8D85-1', '2025-01-17 18:20:30', '2025-01-17 19:20:30');
UPDATE `ci_sessions` SET `timestamp` = 1737159868, `data` = '__ci_last_regenerate|i:1737159868;id|s:4:\"2031\";user_id|s:6:\"R37QLI\";username|s:5:\"dleon\";sponsor_id|s:6:\"H2HQC8\";fullname|s:11:\"Dayami Leon\";email|s:20:\"atravel4uu@gmail.com\";phone|s:10:\"7865069935\";isLogIn|b:1;'
WHERE `id` = '2706bddc7609b75be55fcd4ebf5baa68bde96e6c';
UPDATE `user_registration` SET `popup_seen` = 'yes'
WHERE `user_id` = 'R37QLI';
INSERT INTO `login_history` (`user_id`, `device`, `ip_address`, `date`) VALUES ('admin', 'Mozilla/5.0 (Windows NT 10.0; Win64; x64) AppleWebKit/537.36 (KHTML, like Gecko) Chrome/131.0.0.0 Safari/537.36', '172.70.82.191', '25-01-17 21:02');
UPDATE `user_registration` SET `popup_seen` = 'yes'
WHERE `user_id` = 'admin';
INSERT INTO `login_history` (`user_id`, `device`, `ip_address`, `date`) VALUES ('R37QLI', 'Mozilla/5.0 (Macintosh; Intel Mac OS X 10_15_7) AppleWebKit/605.1.15 (KHTML, like Gecko) Version/17.4 Safari/605.1.15', '172.70.83.11', '25-01-17 21:41');
UPDATE `user_registration` SET `popup_seen` = 'yes'
WHERE `user_id` = 'R37QLI';
UPDATE `admin` SET `last_logout` = '2025-01-17 21:54:45'
WHERE `id` IS NULL;
DELETE FROM `ci_sessions`
WHERE `id` = '2be265da9b6169f0e43a71c13eab427200070bea';
INSERT INTO `cron_job_history` (`name`, `date_started`, `status`) VALUES ('backup', '2025-01-18 00:00:01', 'started');
UPDATE `cron_job_history` SET `status` = 'done', `date_end` = '2025-01-18 00:00:01'
WHERE `id` = 141;
INSERT INTO `cron_job_history` (`name`, `date_started`, `status`) VALUES ('deduct_sub_amt_from_ewallet', '2025-01-18 00:05:02', 'started');
UPDATE `cron_job_history` SET `status` = 'done', `date_end` = '2025-01-18 00:05:02'
WHERE `id` = 142;
UPDATE `ci_sessions` SET `timestamp` = 1737205583, `data` = '__ci_last_regenerate|i:1737205583;captcha|s:4:\"2h3t\";'
WHERE `id` = '36f60b98d66820911ac6ddb8e96f9f7b07014c8f';
INSERT INTO `login_history` (`user_id`, `device`, `ip_address`, `date`) VALUES ('R37QLI', 'Mozilla/5.0 (Macintosh; Intel Mac OS X 10_15_7) AppleWebKit/605.1.15 (KHTML, like Gecko) Version/17.4 Safari/605.1.15', '108.162.210.237', '25-01-18 08:55');
UPDATE `user_registration` SET `popup_seen` = 'yes'
WHERE `user_id` = 'R37QLI';
INSERT INTO `login_history` (`user_id`, `device`, `ip_address`, `date`) VALUES ('HUDVJU', 'Mozilla/5.0 (Windows NT 10.0; Win64; x64) AppleWebKit/537.36 (KHTML, like Gecko) Chrome/131.0.0.0 Safari/537.36', '172.71.22.181', '25-01-18 08:57');
UPDATE `user_registration` SET `popup_seen` = 'yes'
WHERE `user_id` = 'HUDVJU';
INSERT INTO `payquicker_token` (`response`, `token`, `created_time`, `expires_at`) VALUES ('{\"access_token\":\"9DE51445C4211A67CCE155E997B3D555BE7D7C651893363B02C6D83F808548CB-1\",\"expires_in\":3600,\"token_type\":\"Bearer\",\"scope\":\"api useraccount_balance useraccount_debit useraccount_invitation useraccount_payment\"}', '9DE51445C4211A67CCE155E997B3D555BE7D7C651893363B02C6D83F808548CB-1', '2025-01-18 08:58:16', '2025-01-18 09:58:16');
UPDATE `payquicker_send_invite` SET `response` = 0, `date` = '2025-01-18 08:58:16';
INSERT INTO `login_history` (`user_id`, `device`, `ip_address`, `date`) VALUES ('HUDVJU', 'Mozilla/5.0 (X11; Linux x86_64) AppleWebKit/537.36 (KHTML, like Gecko) Chrome/131.0.0.0 Safari/537.36', '172.70.254.3', '25-01-18 09:16');
UPDATE `user_registration` SET `popup_seen` = 'yes'
WHERE `user_id` = 'HUDVJU';
UPDATE `admin` SET `last_login` = '2025-01-18 09:16:25', `ip_address` = '172.70.54.247'
WHERE `id` = '1';
UPDATE `payquicker_send_invite` SET `response` = 0, `date` = '2025-01-18 09:16:49';
UPDATE `payquicker_send_invite` SET `response` = 0, `date` = '2025-01-18 09:17:10';
INSERT INTO `deposit` (`user_id`, `deposit_amount`, `deposit_method`, `fees`, `comments`, `deposit_date`, `deposit_ip`, `status`) VALUES ('HUDVJU', '20', 'admin', 0, 'test from Admin', '2025-01-18 09:18:03', '172.70.54.34', 1);
INSERT INTO `transections` (`user_id`, `transection_category`, `releted_id`, `amount`, `comments`, `transection_date_timestamp`) VALUES ('HUDVJU', 'deposit', 2, '20', 'test from Admin', '2025-01-18 09:18:03');
UPDATE `user_registration` SET commission_balance = ROUND(commission_balance + 20,2)
WHERE `user_id` = 'HUDVJU';
UPDATE `ci_sessions` SET `timestamp` = 1737213516, `data` = '__ci_last_regenerate|i:1737213516;id|s:4:\"2047\";user_id|s:6:\"HUDVJU\";username|s:7:\"carmina\";sponsor_id|s:6:\"PKHRN5\";fullname|s:17:\"Maria C Sotolongo\";email|s:19:\"rsotolongok@aol.com\";phone|s:10:\"7862013183\";isLogIn|b:1;message|s:39:\"Successfully checked the signup status!\";__ci_vars|a:1:{s:7:\"message\";s:3:\"old\";}'
WHERE `id` = 'ff9279253c82e80fca643430000b8682347c4a28';
UPDATE `user_registration` SET `popup_seen` = 'yes'
WHERE `user_id` = 'HUDVJU';
UPDATE `user_registration` SET `popup_seen` = 'yes'
WHERE `user_id` = 'HUDVJU';
UPDATE `user_registration` SET `trans_password` = '123456'
WHERE `user_id` = 'HUDVJU';
INSERT INTO `notifications` (`user_id`, `notification_type`, `subject`, `details`, `date`, `status`) VALUES ('HUDVJU', 'transaction_password_update', 'Transaction Password Notification', 'Your transaction password has been created successfully.', '2025-01-18 09:20:29', 0);
UPDATE `payquicker_send_invite` SET `response` = 0, `date` = '2025-01-18 09:23:34';
UPDATE `ci_sessions` SET `timestamp` = 1737213865, `data` = '__ci_last_regenerate|i:1737213865;id|s:4:\"2047\";user_id|s:6:\"HUDVJU\";username|s:7:\"carmina\";sponsor_id|s:6:\"PKHRN5\";fullname|s:17:\"Maria C Sotolongo\";email|s:19:\"rsotolongok@aol.com\";phone|s:10:\"7862013183\";isLogIn|b:1;message|s:39:\"Successfully checked the signup status!\";__ci_vars|a:1:{s:7:\"message\";s:3:\"old\";}'
WHERE `id` = '313d49beb77572897f1b091807ef4c3c22c4f8cb';
UPDATE `payquicker_send_invite` SET `response` = 0, `date` = '2025-01-18 09:24:25';
UPDATE `payquicker_send_invite` SET `response` = 0, `date` = '2025-01-18 09:26:24';
UPDATE `payquicker_send_invite` SET `response` = 0, `date` = '2025-01-18 09:26:34';
UPDATE `user_registration` SET `popup_seen` = 'no'
WHERE `user_id` = 'HUDVJU';
DELETE FROM `ci_sessions`
WHERE `id` = '082b8e53961a8def54a026b372fe49e696a6bd7d';
UPDATE `user_registration` SET `popup_seen` = 'no'
WHERE `user_id` IS NULL;
DELETE FROM `ci_sessions`
WHERE `id` = '484322a0805d3fdc31454f692147658991474db5';
INSERT INTO `login_history` (`user_id`, `device`, `ip_address`, `date`) VALUES ('35H9RV', 'Mozilla/5.0 (Windows NT 10.0; Win64; x64) AppleWebKit/537.36 (KHTML, like Gecko) Chrome/131.0.0.0 Safari/537.36', '172.69.86.23', '25-01-18 11:31');
UPDATE `user_registration` SET `popup_seen` = 'yes'
WHERE `user_id` = '35H9RV';
UPDATE `user_registration` SET `language` = 'spanish'
WHERE `user_id` = '35H9RV';
UPDATE `user_registration` SET `popup_seen` = 'yes'
WHERE `user_id` = '35H9RV';
UPDATE `user_registration` SET `popup_seen` = 'no'
WHERE `user_id` = '35H9RV';
DELETE FROM `ci_sessions`
WHERE `id` = '441b3392946687cad97ca45bf0e69d749c2a4f80';
UPDATE `admin` SET `last_login` = '2025-01-18 12:23:33', `ip_address` = '172.69.132.225'
WHERE `id` = '1';
INSERT INTO `login_history` (`user_id`, `device`, `ip_address`, `date`) VALUES ('Q6D63V', 'Mozilla/5.0 (Windows NT 10.0; Win64; x64) AppleWebKit/537.36 (KHTML, like Gecko) Chrome/131.0.0.0 Safari/537.36', '172.70.254.136', '25-01-18 12:38');
UPDATE `user_registration` SET `popup_seen` = 'yes'
WHERE `user_id` = 'Q6D63V';
UPDATE `user_registration` SET `popup_seen` = 'no'
WHERE `user_id` = 'Q6D63V';
DELETE FROM `ci_sessions`
WHERE `id` = '44558f26f9cef0eba8a6763b776a44bdd3fc3d7b';
INSERT INTO `login_history` (`user_id`, `device`, `ip_address`, `date`) VALUES ('R37QLI', 'Mozilla/5.0 (Macintosh; Intel Mac OS X 10_15_7) AppleWebKit/605.1.15 (KHTML, like Gecko) Version/17.4 Safari/605.1.15', '172.70.82.148', '25-01-18 16:03');
UPDATE `user_registration` SET `popup_seen` = 'yes'
WHERE `user_id` = 'R37QLI';
UPDATE `ci_sessions` SET `timestamp` = 1737243438, `data` = '__ci_last_regenerate|i:1737243438;id|s:4:\"2031\";user_id|s:6:\"R37QLI\";username|s:5:\"dleon\";sponsor_id|s:6:\"H2HQC8\";fullname|s:11:\"Dayami Leon\";email|s:20:\"atravel4uu@gmail.com\";phone|s:10:\"7865069935\";isLogIn|b:1;message|s:19:\"Welcome Dayami Leon\";__ci_vars|a:1:{s:7:\"message\";s:3:\"old\";}'
WHERE `id` = 'a7f48114c96f45a7cc83425d3df694aaf6591e23';
UPDATE `user_registration` SET `popup_seen` = 'yes'
WHERE `user_id` = 'R37QLI';
INSERT INTO `login_history` (`user_id`, `device`, `ip_address`, `date`) VALUES ('44B9Y4', 'Mozilla/5.0 (Windows NT 10.0; Win64; x64) AppleWebKit/537.36 (KHTML, like Gecko) Chrome/131.0.0.0 Safari/537.36', '172.70.255.77', '25-01-18 19:04');
UPDATE `user_registration` SET `popup_seen` = 'yes'
WHERE `user_id` = '44B9Y4';
UPDATE `user_registration` SET `popup_seen` = 'no'
WHERE `user_id` = '44B9Y4';
DELETE FROM `ci_sessions`
WHERE `id` = '38ac9c9261dc1dbfe80f94a57fed6b0094787f87';
INSERT INTO `cron_job_history` (`name`, `date_started`, `status`) VALUES ('backup', '2025-01-19 00:00:02', 'started');
UPDATE `cron_job_history` SET `status` = 'done', `date_end` = '2025-01-19 00:00:02'
WHERE `id` = 143;
INSERT INTO `cron_job_history` (`name`, `date_started`, `status`) VALUES ('deduct_sub_amt_from_ewallet', '2025-01-19 00:05:01', 'started');
UPDATE `cron_job_history` SET `status` = 'done', `date_end` = '2025-01-19 00:05:01'
WHERE `id` = 144;
INSERT INTO `login_history` (`user_id`, `device`, `ip_address`, `date`) VALUES ('PKHRN5', 'Mozilla/5.0 (X11; Linux x86_64) AppleWebKit/537.36 (KHTML, like Gecko) Chrome/131.0.0.0 Safari/537.36', '172.70.55.84', '25-01-19 10:35');
UPDATE `user_registration` SET `popup_seen` = 'yes'
WHERE `user_id` = 'PKHRN5';
INSERT INTO `login_history` (`user_id`, `device`, `ip_address`, `date`) VALUES ('35H9RV', 'Mozilla/5.0 (Windows NT 10.0; Win64; x64) AppleWebKit/537.36 (KHTML, like Gecko) Chrome/131.0.0.0 Safari/537.36', '172.69.179.164', '25-01-19 22:17');
UPDATE `user_registration` SET `popup_seen` = 'yes'
WHERE `user_id` = '35H9RV';
UPDATE `user_registration` SET `language` = 'english'
WHERE `user_id` = '35H9RV';
UPDATE `user_registration` SET `popup_seen` = 'yes'
WHERE `user_id` = '35H9RV';
UPDATE `user_registration` SET `language` = 'spanish'
WHERE `user_id` = '35H9RV';
UPDATE `user_registration` SET `popup_seen` = 'yes'
WHERE `user_id` = '35H9RV';
UPDATE `ci_sessions` SET `timestamp` = 1737346787, `data` = '__ci_last_regenerate|i:1737346787;lang|s:7:\"english\";id|s:4:\"2020\";user_id|s:6:\"35H9RV\";username|s:6:\"vijesh\";sponsor_id|s:5:\"admin\";fullname|s:13:\"testuser test\";email|s:22:\"vijeshkmr666@gmail.com\";phone|s:10:\"6567576767\";isLogIn|b:1;'
WHERE `id` = '239c095c86ea2a0cd4d1b2d2a85bafddaaf60f2c';
UPDATE `user_registration` SET `language` = 'english'
WHERE `user_id` = '35H9RV';
UPDATE `user_registration` SET `language` = 'spanish'
WHERE `user_id` = '35H9RV';
UPDATE `user_registration` SET `language` = 'english'
WHERE `user_id` = '35H9RV';
UPDATE `user_registration` SET `language` = 'spanish'
WHERE `user_id` = '35H9RV';
UPDATE `ci_sessions` SET `timestamp` = 1737347100, `data` = '__ci_last_regenerate|i:1737347100;lang|s:7:\"english\";id|s:4:\"2020\";user_id|s:6:\"35H9RV\";username|s:6:\"vijesh\";sponsor_id|s:5:\"admin\";fullname|s:13:\"testuser test\";email|s:22:\"vijeshkmr666@gmail.com\";phone|s:10:\"6567576767\";isLogIn|b:1;'
WHERE `id` = 'cb04f5577214a5be0c01814efbf2e1a30d081fa8';
UPDATE `ci_sessions` SET `timestamp` = 1737347728, `data` = '__ci_last_regenerate|i:1737347728;lang|s:7:\"english\";id|s:4:\"2020\";user_id|s:6:\"35H9RV\";username|s:6:\"vijesh\";sponsor_id|s:5:\"admin\";fullname|s:13:\"testuser test\";email|s:22:\"vijeshkmr666@gmail.com\";phone|s:10:\"6567576767\";isLogIn|b:1;'
WHERE `id` = 'ab642ee59af7fb70ef5d5492693fd0b898e8f86e';
UPDATE `user_registration` SET `popup_seen` = 'yes'
WHERE `user_id` = '35H9RV';
UPDATE `user_registration` SET `popup_seen` = 'yes'
WHERE `user_id` = '35H9RV';
UPDATE `ci_sessions` SET `timestamp` = 1737348034, `data` = '__ci_last_regenerate|i:1737348034;lang|s:7:\"english\";id|s:4:\"2020\";user_id|s:6:\"35H9RV\";username|s:6:\"vijesh\";sponsor_id|s:5:\"admin\";fullname|s:13:\"testuser test\";email|s:22:\"vijeshkmr666@gmail.com\";phone|s:10:\"6567576767\";isLogIn|b:1;'
WHERE `id` = '9ff41d50d3718a2b591449d6742bb83030632581';
UPDATE `ci_sessions` SET `timestamp` = 1737348390, `data` = '__ci_last_regenerate|i:1737348390;lang|s:7:\"english\";id|s:4:\"2020\";user_id|s:6:\"35H9RV\";username|s:6:\"vijesh\";sponsor_id|s:5:\"admin\";fullname|s:13:\"testuser test\";email|s:22:\"vijeshkmr666@gmail.com\";phone|s:10:\"6567576767\";isLogIn|b:1;'
WHERE `id` = '91e9ddcd1a310287c96a4f83a7be3a18ef9e489b';
UPDATE `user_registration` SET `language` = 'english'
WHERE `user_id` = '35H9RV';
UPDATE `user_registration` SET `language` = 'spanish'
WHERE `user_id` = '35H9RV';
UPDATE `user_registration` SET `language` = 'english'
WHERE `user_id` = '35H9RV';
UPDATE `user_registration` SET `language` = 'spanish'
WHERE `user_id` = '35H9RV';
UPDATE `user_registration` SET `language` = 'english'
WHERE `user_id` = '35H9RV';
UPDATE `user_registration` SET `language` = 'spanish'
WHERE `user_id` = '35H9RV';
UPDATE `ci_sessions` SET `timestamp` = 1737348832, `data` = '__ci_last_regenerate|i:1737348832;lang|s:7:\"english\";id|s:4:\"2020\";user_id|s:6:\"35H9RV\";username|s:6:\"vijesh\";sponsor_id|s:5:\"admin\";fullname|s:13:\"testuser test\";email|s:22:\"vijeshkmr666@gmail.com\";phone|s:10:\"6567576767\";isLogIn|b:1;'
WHERE `id` = '976c5699bcb2d37c661ced784050ad798ccdc9a5';
UPDATE `ci_sessions` SET `timestamp` = 1737349446, `data` = '__ci_last_regenerate|i:1737349446;lang|s:7:\"english\";id|s:4:\"2020\";user_id|s:6:\"35H9RV\";username|s:6:\"vijesh\";sponsor_id|s:5:\"admin\";fullname|s:13:\"testuser test\";email|s:22:\"vijeshkmr666@gmail.com\";phone|s:10:\"6567576767\";isLogIn|b:1;'
WHERE `id` = '22737fa1f5878a250847be57c2f485680c5e2e4e';
UPDATE `user_registration` SET `language` = 'english'
WHERE `user_id` = '35H9RV';
UPDATE `user_registration` SET `language` = 'spanish'
WHERE `user_id` = '35H9RV';
UPDATE `ci_sessions` SET `timestamp` = 1737349978, `data` = '__ci_last_regenerate|i:1737349978;lang|s:7:\"english\";id|s:4:\"2020\";user_id|s:6:\"35H9RV\";username|s:6:\"vijesh\";sponsor_id|s:5:\"admin\";fullname|s:13:\"testuser test\";email|s:22:\"vijeshkmr666@gmail.com\";phone|s:10:\"6567576767\";isLogIn|b:1;'
WHERE `id` = '22737fa1f5878a250847be57c2f485680c5e2e4e';
UPDATE `ci_sessions` SET `timestamp` = 1737350429, `data` = '__ci_last_regenerate|i:1737350429;lang|s:7:\"english\";id|s:4:\"2020\";user_id|s:6:\"35H9RV\";username|s:6:\"vijesh\";sponsor_id|s:5:\"admin\";fullname|s:13:\"testuser test\";email|s:22:\"vijeshkmr666@gmail.com\";phone|s:10:\"6567576767\";isLogIn|b:1;'
WHERE `id` = 'b2aff06c87f4655e140b37b68f4c7dd8c6481190';
UPDATE `ci_sessions` SET `timestamp` = 1737350736, `data` = '__ci_last_regenerate|i:1737350736;lang|s:7:\"english\";id|s:4:\"2020\";user_id|s:6:\"35H9RV\";username|s:6:\"vijesh\";sponsor_id|s:5:\"admin\";fullname|s:13:\"testuser test\";email|s:22:\"vijeshkmr666@gmail.com\";phone|s:10:\"6567576767\";isLogIn|b:1;'
WHERE `id` = '1aae61395984b01af5822e562d8f2a3d6b3463a1';
UPDATE `ci_sessions` SET `timestamp` = 1737351042, `data` = '__ci_last_regenerate|i:1737351042;lang|s:7:\"english\";id|s:4:\"2020\";user_id|s:6:\"35H9RV\";username|s:6:\"vijesh\";sponsor_id|s:5:\"admin\";fullname|s:13:\"testuser test\";email|s:22:\"vijeshkmr666@gmail.com\";phone|s:10:\"6567576767\";isLogIn|b:1;'
WHERE `id` = '99642f3bf5ed6a51f19ceeb1874e8974b3366b48';
UPDATE `ci_sessions` SET `timestamp` = 1737351488, `data` = '__ci_last_regenerate|i:1737351488;lang|s:7:\"english\";id|s:4:\"2020\";user_id|s:6:\"35H9RV\";username|s:6:\"vijesh\";sponsor_id|s:5:\"admin\";fullname|s:13:\"testuser test\";email|s:22:\"vijeshkmr666@gmail.com\";phone|s:10:\"6567576767\";isLogIn|b:1;'
WHERE `id` = 'ec229036218d1259171bedd35aba248b8d7eede6';
UPDATE `ci_sessions` SET `timestamp` = 1737351851, `data` = '__ci_last_regenerate|i:1737351851;lang|s:7:\"english\";id|s:4:\"2020\";user_id|s:6:\"35H9RV\";username|s:6:\"vijesh\";sponsor_id|s:5:\"admin\";fullname|s:13:\"testuser test\";email|s:22:\"vijeshkmr666@gmail.com\";phone|s:10:\"6567576767\";isLogIn|b:1;'
WHERE `id` = '9c263f5b3ce3fdf476370f2d0d07bb44ce00aea4';
INSERT INTO `cron_job_history` (`name`, `date_started`, `status`) VALUES ('backup', '2025-01-20 00:00:01', 'started');
UPDATE `cron_job_history` SET `status` = 'done', `date_end` = '2025-01-20 00:00:02'
WHERE `id` = 145;
INSERT INTO `cron_job_history` (`name`, `date_started`, `status`) VALUES ('deduct_sub_amt_from_ewallet', '2025-01-20 00:05:01', 'started');
UPDATE `cron_job_history` SET `status` = 'done', `date_end` = '2025-01-20 00:05:01'
WHERE `id` = 146;
INSERT INTO `login_history` (`user_id`, `device`, `ip_address`, `date`) VALUES ('admin', 'Mozilla/5.0 (Macintosh; Intel Mac OS X 10_15_7) AppleWebKit/537.36 (KHTML, like Gecko) Chrome/131.0.0.0 Safari/537.36', '172.71.124.16', '25-01-20 01:10');
UPDATE `user_registration` SET `popup_seen` = 'yes'
WHERE `user_id` = 'admin';
UPDATE `user_registration` SET `popup_seen` = 'yes'
WHERE `user_id` = 'admin';
UPDATE `user_registration` SET `language` = 'english'
WHERE `user_id` = 'admin';
UPDATE `user_registration` SET `language` = 'spanish'
WHERE `user_id` = 'admin';
UPDATE `user_registration` SET `popup_seen` = 'yes'
WHERE `user_id` = 'admin';
UPDATE `user_registration` SET `popup_seen` = 'yes'
WHERE `user_id` = 'admin';
UPDATE `user_registration` SET `popup_seen` = 'yes'
WHERE `user_id` = 'admin';
UPDATE `user_registration` SET `language` = 'english'
WHERE `user_id` = 'admin';
UPDATE `user_registration` SET `popup_seen` = 'yes'
WHERE `user_id` = 'admin';
UPDATE `ci_sessions` SET `timestamp` = 1737357232, `data` = '__ci_last_regenerate|i:1737357232;lang|s:7:\"english\";id|s:4:\"2019\";user_id|s:5:\"admin\";username|s:5:\"admin\";sponsor_id|s:1:\"0\";fullname|s:11:\"Alex Carrey\";email|s:15:\"admin@admin.com\";phone|s:10:\"1235467892\";isLogIn|b:1;'
WHERE `id` = '5155107d96bff5cac6e1f7b49bd6b0c8202a53ec';
UPDATE `user_registration` SET `language` = 'spanish'
WHERE `user_id` = 'admin';
UPDATE `user_registration` SET `language` = 'english'
WHERE `user_id` = 'admin';
UPDATE `user_registration` SET `popup_seen` = 'yes'
WHERE `user_id` = 'admin';
UPDATE `ci_sessions` SET `timestamp` = 1737358490, `data` = '__ci_last_regenerate|i:1737358490;lang|s:7:\"english\";id|s:4:\"2020\";user_id|s:6:\"35H9RV\";username|s:6:\"vijesh\";sponsor_id|s:5:\"admin\";fullname|s:13:\"testuser test\";email|s:22:\"vijeshkmr666@gmail.com\";phone|s:10:\"6567576767\";isLogIn|b:1;'
WHERE `id` = 'ac2314c35b2b646b1d600d9131a5d9819f668cd6';
UPDATE `user_registration` SET `popup_seen` = 'yes'
WHERE `user_id` = '35H9RV';
INSERT INTO `login_history` (`user_id`, `device`, `ip_address`, `date`) VALUES ('HUDVJU', 'Mozilla/5.0 (Windows NT 10.0; Win64; x64) AppleWebKit/537.36 (KHTML, like Gecko) Chrome/131.0.0.0 Safari/537.36', '108.162.226.125', '25-01-20 03:05');
UPDATE `user_registration` SET `popup_seen` = 'yes'
WHERE `user_id` = 'HUDVJU';
UPDATE `admin` SET `last_logout` = '2025-01-20 03:07:50'
WHERE `id` IS NULL;
DELETE FROM `ci_sessions`
WHERE `id` = '195b6a9ce907d3cba773a8c85e453ccfb1f5207d';
INSERT INTO `login_history` (`user_id`, `device`, `ip_address`, `date`) VALUES ('admin', 'Mozilla/5.0 (Linux; Android 10; K) AppleWebKit/537.36 (KHTML, like Gecko) Chrome/131.0.0.0 Mobile Safari/537.36', '172.70.255.208', '25-01-20 03:08');
UPDATE `user_registration` SET `popup_seen` = 'yes'
WHERE `user_id` = 'admin';
UPDATE `user_registration` SET `language` = 'spanish'
WHERE `user_id` = 'admin';
UPDATE `user_registration` SET `popup_seen` = 'yes'
WHERE `user_id` = 'admin';
INSERT INTO `payquicker_token` (`response`, `token`, `created_time`, `expires_at`) VALUES ('{\"access_token\":\"E371CB5389BF13DD1EB58DD01826E564A52E6F75707CBC7AE7B05C57E59B3DF9-1\",\"expires_in\":3600,\"token_type\":\"Bearer\",\"scope\":\"api useraccount_balance useraccount_debit useraccount_invitation useraccount_payment\"}', 'E371CB5389BF13DD1EB58DD01826E564A52E6F75707CBC7AE7B05C57E59B3DF9-1', '2025-01-20 03:08:55', '2025-01-20 04:08:55');
UPDATE `payquicker_send_invite` SET `response` = 0, `date` = '2025-01-20 03:08:55';
UPDATE `user_registration` SET `popup_seen` = 'yes'
WHERE `user_id` = 'admin';
UPDATE `ci_sessions` SET `timestamp` = 1737364653, `data` = '__ci_last_regenerate|i:1737364653;id|s:4:\"2047\";user_id|s:6:\"HUDVJU\";username|s:7:\"carmina\";sponsor_id|s:6:\"PKHRN5\";fullname|s:17:\"Maria C Sotolongo\";email|s:19:\"rsotolongok@aol.com\";phone|s:10:\"7862013183\";isLogIn|b:1;message|s:39:\"Successfully checked the signup status!\";__ci_vars|a:1:{s:7:\"message\";s:3:\"old\";}'
WHERE `id` = '69519d1c0e851e5ee4b2e216883eb74f044e6ca6';
UPDATE `user_registration` SET `language` = 'spanish'
WHERE `user_id` = 'HUDVJU';
UPDATE `user_registration` SET `language` = 'english'
WHERE `user_id` = 'HUDVJU';
UPDATE `ci_sessions` SET `timestamp` = 1737365175, `data` = '__ci_last_regenerate|i:1737365175;id|s:4:\"2047\";user_id|s:6:\"HUDVJU\";username|s:7:\"carmina\";sponsor_id|s:6:\"PKHRN5\";fullname|s:17:\"Maria C Sotolongo\";email|s:19:\"rsotolongok@aol.com\";phone|s:10:\"7862013183\";isLogIn|b:1;'
WHERE `id` = '1c7e4bde28a770dab20ab2839b56fd8c89815871';
UPDATE `payquicker_send_invite` SET `response` = 0, `date` = '2025-01-20 03:26:27';
INSERT INTO `login_history` (`user_id`, `device`, `ip_address`, `date`) VALUES ('R37QLI', 'Mozilla/5.0 (Macintosh; Intel Mac OS X 10_15_7) AppleWebKit/605.1.15 (KHTML, like Gecko) Version/17.4 Safari/605.1.15', '172.69.132.231', '25-01-20 11:56');
UPDATE `user_registration` SET `popup_seen` = 'yes'
WHERE `user_id` = 'R37QLI';
UPDATE `ci_sessions` SET `timestamp` = 1737398290, `data` = '__ci_last_regenerate|i:1737398290;id|s:4:\"2031\";user_id|s:6:\"R37QLI\";username|s:5:\"dleon\";sponsor_id|s:6:\"H2HQC8\";fullname|s:11:\"Dayami Leon\";email|s:20:\"atravel4uu@gmail.com\";phone|s:10:\"7865069935\";isLogIn|b:1;message|s:19:\"Welcome Dayami Leon\";__ci_vars|a:1:{s:7:\"message\";s:3:\"old\";}'
WHERE `id` = 'f495ea4b4f76ec1356a2b928af1db6a2cba7f5a2';
UPDATE `user_registration` SET `popup_seen` = 'yes'
WHERE `user_id` = 'R37QLI';
UPDATE `user_registration` SET `popup_seen` = 'yes'
WHERE `user_id` = 'R37QLI';
UPDATE `user_registration` SET `popup_seen` = 'yes'
WHERE `user_id` = 'R37QLI';
UPDATE `user_registration` SET `popup_seen` = 'yes'
WHERE `user_id` = 'R37QLI';
INSERT INTO `login_history` (`user_id`, `device`, `ip_address`, `date`) VALUES ('44B9Y4', 'Mozilla/5.0 (Windows NT 10.0; Win64; x64) AppleWebKit/537.36 (KHTML, like Gecko) Chrome/131.0.0.0 Safari/537.36', '172.70.255.78', '25-01-20 12:50');
UPDATE `user_registration` SET `popup_seen` = 'yes'
WHERE `user_id` = '44B9Y4';
INSERT INTO `login_history` (`user_id`, `device`, `ip_address`, `date`) VALUES ('44B9Y4', 'Mozilla/5.0 (Windows NT 10.0; Win64; x64) AppleWebKit/537.36 (KHTML, like Gecko) Chrome/131.0.0.0 Safari/537.36', '172.70.55.84', '25-01-20 16:12');
UPDATE `user_registration` SET `popup_seen` = 'yes'
WHERE `user_id` = '44B9Y4';
UPDATE `user_registration` SET `language` = 'spanish'
WHERE `user_id` = '44B9Y4';
UPDATE `user_registration` SET `popup_seen` = 'yes'
WHERE `user_id` = '44B9Y4';
UPDATE `user_registration` SET `popup_seen` = 'yes'
WHERE `user_id` = '44B9Y4';
UPDATE `user_registration` SET `language` = 'english'
WHERE `user_id` = '44B9Y4';
UPDATE `user_registration` SET `language` = 'spanish'
WHERE `user_id` = '44B9Y4';
UPDATE `ci_sessions` SET `timestamp` = 1737411450, `data` = '__ci_last_regenerate|i:1737411450;id|s:4:\"2021\";user_id|s:6:\"44B9Y4\";username|s:7:\"Talimbi\";sponsor_id|s:5:\"admin\";fullname|s:14:\"Emilio Tapanes\";email|s:23:\"emiliotapanes@gmail.com\";phone|s:10:\"7862876762\";isLogIn|b:1;'
WHERE `id` = '9c2ab217570121b5f46e25fbdf5956989766ee22';
UPDATE `user_registration` SET `popup_seen` = 'no'
WHERE `user_id` = '44B9Y4';
DELETE FROM `ci_sessions`
WHERE `id` = 'acb1d39bb8045f0b74390c75fb86eecac5f007a1';
UPDATE `ci_sessions` SET `timestamp` = 1737411891, `data` = '__ci_last_regenerate|i:1737411891;captcha|s:4:\"ba2q\";'
WHERE `id` = 'fcb58d9207ca7c6c1323e705eef3971b19f40f02';
INSERT INTO `login_history` (`user_id`, `device`, `ip_address`, `date`) VALUES ('44B9Y4', 'Mozilla/5.0 (Windows NT 10.0; Win64; x64) AppleWebKit/537.36 (KHTML, like Gecko) Chrome/131.0.0.0 Safari/537.36', '108.162.212.30', '25-01-20 16:24');
UPDATE `user_registration` SET `popup_seen` = 'yes'
WHERE `user_id` = '44B9Y4';
UPDATE `user_registration` SET `popup_seen` = 'yes'
WHERE `user_id` = '44B9Y4';
INSERT INTO `login_history` (`user_id`, `device`, `ip_address`, `date`) VALUES ('PKHRN5', 'Mozilla/5.0 (X11; Linux x86_64) AppleWebKit/537.36 (KHTML, like Gecko) Chrome/131.0.0.0 Safari/537.36', '172.70.254.136', '25-01-20 18:38');
UPDATE `user_registration` SET `popup_seen` = 'yes'
WHERE `user_id` = 'PKHRN5';
UPDATE `ci_sessions` SET `timestamp` = 1737426531, `data` = '__ci_last_regenerate|i:1737426531;id|s:4:\"2039\";user_id|s:6:\"PKHRN5\";username|s:7:\"Caracas\";sponsor_id|s:6:\"R37QLI\";fullname|s:11:\"Ninon Ramos\";email|s:22:\"nrproducts20@gmail.com\";phone|s:10:\"7865069935\";isLogIn|b:1;'
WHERE `id` = '6c400ef2d7060e8a354843683bcfdf317127de59';
UPDATE `user_registration` SET `popup_seen` = 'yes'
WHERE `user_id` = 'PKHRN5';
INSERT INTO `login_history` (`user_id`, `device`, `ip_address`, `date`) VALUES ('R37QLI', 'Mozilla/5.0 (Macintosh; Intel Mac OS X 10_15_7) AppleWebKit/605.1.15 (KHTML, like Gecko) Version/17.4 Safari/605.1.15', '172.70.55.77', '25-01-20 20:32');
UPDATE `user_registration` SET `popup_seen` = 'yes'
WHERE `user_id` = 'R37QLI';
INSERT INTO `login_history` (`user_id`, `device`, `ip_address`, `date`) VALUES ('HUDVJU', 'Mozilla/5.0 (Windows NT 10.0; Win64; x64) AppleWebKit/537.36 (KHTML, like Gecko) Chrome/131.0.0.0 Safari/537.36', '172.69.86.23', '25-01-20 23:42');
UPDATE `user_registration` SET `popup_seen` = 'yes'
WHERE `user_id` = 'HUDVJU';
INSERT INTO `payquicker_token` (`response`, `token`, `created_time`, `expires_at`) VALUES ('{\"access_token\":\"7BA53DD88BE36FF68EAE36EB55570F7DA818448B587974FC48E9D424AD1D86FD-1\",\"expires_in\":3600,\"token_type\":\"Bearer\",\"scope\":\"api useraccount_balance useraccount_debit useraccount_invitation useraccount_payment\"}', '7BA53DD88BE36FF68EAE36EB55570F7DA818448B587974FC48E9D424AD1D86FD-1', '2025-01-20 23:44:53', '2025-01-21 00:44:53');
UPDATE `payquicker_send_invite` SET `response` = 0, `date` = '2025-01-20 23:44:53';
UPDATE `ci_sessions` SET `timestamp` = 1737438674, `data` = '__ci_last_regenerate|i:1737438674;id|s:4:\"2047\";user_id|s:6:\"HUDVJU\";username|s:7:\"carmina\";sponsor_id|s:6:\"PKHRN5\";fullname|s:17:\"Maria C Sotolongo\";email|s:19:\"rsotolongok@aol.com\";phone|s:10:\"7862013183\";isLogIn|b:1;message|s:39:\"Successfully checked the signup status!\";__ci_vars|a:1:{s:7:\"message\";s:3:\"old\";}'
WHERE `id` = 'd71d7be951aad66696ca34505b504c89a99339a9';
UPDATE `payquicker_send_invite` SET `response` = '[{\"dateInvited\":\"2025-01-17T20:01:35Z\",\"invitationKey\":\"jGmOXGh7z62ikMIr7cofGci3eLJQiFOe2cWWiP7w5A9tip1emsO6QtiLNa64mzpGp8TPglBNf1MjhgyadRKWibJ5cSWNCe8D5V5EiLwvrgfviR1taU7ZLkCJ0vLJbfKdnQJ6Ckk2sqMfyvYIIfnR4VM6rO6BdXmtaQmPtaXod2zFAfxPofr0hThqaYa0k0cHVE3gEVBUffP5fExqOFGZ5ygc93qQTellpuWAMuoVZ6Ghh9Khv4f7AZKW1ExyU5Ig\",\"invitationStatus\":\"InvitationStatusType_Used\",\"registrationStatus\":\"Completed\",\"registrationDetails\":{\"addresses\":[{\"city\":\"Miami\",\"country\":\"USA\",\"postalCode\":\"33174\",\"region\":\"Florida\",\"streetAddress1\":\"10279 SW FLAGLER TERR\",\"created\":\"0001-01-01T00:00:00Z\",\"type\":\"AddressType_Residential\"}],\"fundingAccountPublicId\":\"3471d86fe3164ce1a2193a045f42be46\",\"issuePlasticCard\":true,\"notifyUser\":true,\"userDetails\":{\"emailAddress\":\"rsotolongok@aol.com\",\"firstName\":\"Maria C\",\"lastName\":\"Sotolongo\",\"userCompanyAssignedUniqueKey\":\"Maria ChQIq\"}}}]', `date` = '2025-01-20 23:51:37';
UPDATE `payment_metod_setting` SET `status` = 1
WHERE `user_id` = 'HUDVJU';
INSERT INTO `withdraw` (`name`, `user_id`, `walletid`, `mobile_no`, `uid`, `amount`, `method`, `fees`, `payment_details`, `fee_rate`, `request_ip`, `request_date`) VALUES ('Maria C Sotolongo', 'HUDVJU', 'Maria ChQIq', '7862013183', '2047', '5', 'PayQuicker', 0.25, 'N/A', '5', '172.69.94.205', '2025:01:20 23:52:10');
UPDATE `user_registration` SET commission_balance = ROUND(commission_balance - 5,2)
WHERE `user_id` = 'HUDVJU';
INSERT INTO `transections` (`user_id`, `transection_category`, `releted_id`, `amount`, `comments`, `transection_date_timestamp`) VALUES ('HUDVJU', 'withdraw', 3, '5', 'withdraw', '2025-01-20 23:52:10');
UPDATE `user_registration` SET `popup_seen` = 'no'
WHERE `user_id` = 'HUDVJU';
DELETE FROM `ci_sessions`
WHERE `id` = '9dedba7b6affa25a0e7bb20171b18a3646bb11a1';
INSERT INTO `cron_job_history` (`name`, `date_started`, `status`) VALUES ('backup', '2025-01-21 00:00:02', 'started');
UPDATE `cron_job_history` SET `status` = 'done', `date_end` = '2025-01-21 00:00:02'
WHERE `id` = 147;
INSERT INTO `cron_job_history` (`name`, `date_started`, `status`) VALUES ('deduct_sub_amt_from_ewallet', '2025-01-21 00:05:01', 'started');
UPDATE `cron_job_history` SET `status` = 'done', `date_end` = '2025-01-21 00:05:01'
WHERE `id` = 148;
UPDATE `ci_sessions` SET `timestamp` = 1737442148, `data` = '__ci_last_regenerate|i:1737442148;captcha|s:4:\"udhe\";'
WHERE `id` = '227140caaef498d4f387eb5890c701c2d0d7bba8';
INSERT INTO `login_history` (`user_id`, `device`, `ip_address`, `date`) VALUES ('HUDVJU', 'Mozilla/5.0 (Windows NT 10.0; Win64; x64) AppleWebKit/537.36 (KHTML, like Gecko) Chrome/132.0.0.0 Safari/537.36', '162.158.175.89', '25-01-21 05:21');
UPDATE `user_registration` SET `popup_seen` = 'yes'
WHERE `user_id` = 'HUDVJU';
UPDATE `user_registration` SET `popup_seen` = 'yes'
WHERE `user_id` = 'HUDVJU';
INSERT INTO `withdraw` (`name`, `user_id`, `walletid`, `mobile_no`, `uid`, `amount`, `method`, `fees`, `payment_details`, `fee_rate`, `request_ip`, `request_date`) VALUES ('Maria C Sotolongo', 'HUDVJU', 'Maria ChQIq', '7862013183', '2047', '10', 'PayQuicker', 0.5, 'N/A', '5', '162.158.175.89', '2025:01:21 05:22:48');
UPDATE `user_registration` SET commission_balance = ROUND(commission_balance - 10,2)
WHERE `user_id` = 'HUDVJU';
INSERT INTO `transections` (`user_id`, `transection_category`, `releted_id`, `amount`, `comments`, `transection_date_timestamp`) VALUES ('HUDVJU', 'withdraw', 4, '10', 'withdraw', '2025-01-21 05:22:48');
UPDATE `ci_sessions` SET `timestamp` = 1737458806, `data` = '__ci_last_regenerate|i:1737458806;id|s:4:\"2047\";user_id|s:6:\"HUDVJU\";username|s:7:\"carmina\";sponsor_id|s:6:\"PKHRN5\";fullname|s:17:\"Maria C Sotolongo\";email|s:19:\"rsotolongok@aol.com\";phone|s:10:\"7862013183\";isLogIn|b:1;message|s:45:\"Request For Withdraw Enter Successfully  ..!!\";__ci_vars|a:1:{s:7:\"message\";s:3:\"old\";}'
WHERE `id` = '536d03b9ee7472509d6580fc59adb76db7e776cd';
UPDATE `user_registration` SET `popup_seen` = 'no'
WHERE `user_id` = 'HUDVJU';
DELETE FROM `ci_sessions`
WHERE `id` = '143ab72d4a3089f8811ea53784109e30b20e36f9';
UPDATE `ci_sessions` SET `timestamp` = 1737459343, `data` = '__ci_last_regenerate|i:1737459343;captcha|s:4:\"5cet\";'
WHERE `id` = '7004af6ce295814f25d1b85a2828c349973a0082';
UPDATE `admin` SET `last_login` = '2025-01-21 05:35:47', `ip_address` = '172.68.27.212'
WHERE `id` = '1';
INSERT INTO `payquicker_token` (`response`, `token`, `created_time`, `expires_at`) VALUES ('{\"access_token\":\"A19A7FFEF6C8B0E0669C5AD7C6077AC617F285DC51F58AE41A77C015ADF7B6F6-1\",\"expires_in\":3600,\"token_type\":\"Bearer\",\"scope\":\"api useraccount_balance useraccount_debit useraccount_invitation useraccount_payment\"}', 'A19A7FFEF6C8B0E0669C5AD7C6077AC617F285DC51F58AE41A77C015ADF7B6F6-1', '2025-01-21 05:36:51', '2025-01-21 06:36:51');
UPDATE `withdraw` SET `payment_details` = '[{\"payments\":[{\"accountingId\":\"travelegendcy97814\",\"authDate\":\"2025-01-21T11:37:01Z\",\"monetary\":{\"amount\":-9.5000,\"currency\":\"Currency_USD\",\"language\":\"Languages_EN_US\",\"bank\":null,\"formattedAmount\":\"($9.50) USD\"},\"transactionPublicId\":\"TRJS1A41F8IKDYZIF\",\"transactionStatusType\":\"TransactionStatusType_Complete\"}]}]'
WHERE `withdraw_id` = '4';
UPDATE `withdraw` SET `success_date` = '2025-01-21 05:37:02', `status` = 2
WHERE `withdraw_id` = '4'
AND `user_id` = 'HUDVJU';
INSERT INTO `login_history` (`user_id`, `device`, `ip_address`, `date`) VALUES ('Q6D63V', 'Mozilla/5.0 (Windows NT 10.0; Win64; x64) AppleWebKit/537.36 (KHTML, like Gecko) Chrome/132.0.0.0 Safari/537.36', '162.158.175.186', '25-01-21 05:49');
UPDATE `user_registration` SET `popup_seen` = 'yes'
WHERE `user_id` = 'Q6D63V';
UPDATE `user_registration` SET `popup_seen` = 'no'
WHERE `user_id` = 'Q6D63V';
DELETE FROM `ci_sessions`
WHERE `id` = '09ebd21da19d117e7a052a2ad2cf29e914cc3808';
INSERT INTO `temp_register` (`post_data`, `date`, `payment_method`, `type`) VALUES ('{\"uid\":\"2041\",\"user_id\":\"MT8QJF\",\"username\":\"monilove\",\"sponsor_id\":\"Q6D63V\",\"vacant\":\"no\",\"f_name\":\"Monica\",\"l_name\":\"Bustamante\",\"position\":\"right\",\"email\":\"bustamantemoni@yahoo.com\",\"password\":\"bfeab436f06356552848b15d7c7445fb\",\"phone\":\"7868637261\",\"country\":\"United States\",\"state\":\"Florida\",\"city\":\"Miami\",\"street\":\"15831 SW 99 St\",\"zip_code\":\"33196\",\"reg_ip\":\"172.69.168.186\",\"status\":1,\"package_id\":\"2\",\"rank_id\":1,\"highest_rank\":1,\"cycle_rank_id\":1,\"created\":\"2025-01-21 05:52:02\",\"subscription_date\":\"2025-02-20\",\"google_secret\":\"6DXZAFKL2OK22TAX\"}', '2025-01-21 05:52:02', 'stripe', 'register');
UPDATE `temp_register` SET `response` = '{\"stripeToken\":\"tok_1Qjg0u2NUoYUjiuuXvO5Q3Cu\",\"stripeTokenType\":\"card\",\"stripeEmail\":\"bustamantemoni@yahoo.com\"}', `date_modified` = '2025-01-21 05:53:06', `payment_status` = '{\"id\":\"ch_3Qjg102NUoYUjiuu1oT3Y3Bw\",\"object\":\"charge\",\"amount\":59500,\"amount_captured\":59500,\"amount_refunded\":0,\"application\":null,\"application_fee\":null,\"application_fee_amount\":null,\"balance_transaction\":\"txn_3Qjg102NUoYUjiuu1cFglThU\",\"billing_details\":{\"address\":{\"city\":null,\"country\":null,\"line1\":null,\"line2\":null,\"postal_code\":null,\"state\":null},\"email\":null,\"name\":\"bustamantemoni@yahoo.com\",\"phone\":null},\"calculated_statement_descriptor\":\"TRAVELEGENDCY LLC\",\"captured\":true,\"created\":1737460386,\"currency\":\"usd\",\"customer\":\"cus_RcvsXU4GdzwHIj\",\"description\":null,\"destination\":null,\"dispute\":null,\"disputed\":false,\"failure_balance_transaction\":null,\"failure_code\":null,\"failure_message\":null,\"fraud_details\":[],\"invoice\":null,\"livemode\":true,\"metadata\":{\"name\":\"Monica Bustamante\",\"username\":\"monilove\"},\"on_behalf_of\":null,\"order\":null,\"outcome\":{\"advice_code\":null,\"network_advice_code\":null,\"network_decline_code\":null,\"network_status\":\"approved_by_network\",\"reason\":null,\"risk_level\":\"normal\",\"seller_message\":\"Payment complete.\",\"type\":\"authorized\"},\"paid\":true,\"payment_intent\":null,\"payment_method\":\"card_1Qjg0u2NUoYUjiuuEGDQ8ZAK\",\"payment_method_details\":{\"card\":{\"amount_authorized\":59500,\"authorization_code\":\"075306\",\"brand\":\"visa\",\"checks\":{\"address_line1_check\":null,\"address_postal_code_check\":null,\"cvc_check\":\"pass\"},\"country\":\"US\",\"exp_month\":11,\"exp_year\":2028,\"extended_authorization\":{\"status\":\"disabled\"},\"fingerprint\":\"V5ipKQvtjzYjKkgt\",\"funding\":\"debit\",\"incremental_authorization\":{\"status\":\"unavailable\"},\"installments\":null,\"last4\":\"3626\",\"mandate\":null,\"multicapture\":{\"status\":\"unavailable\"},\"network\":\"visa\",\"network_token\":{\"used\":true},\"network_transaction_id\":\"465021427860157\",\"overcapture\":{\"maximum_amount_capturable\":59500,\"status\":\"unavailable\"},\"regulated_status\":\"regulated\",\"three_d_secure\":null,\"wallet\":null},\"type\":\"card\"},\"receipt_email\":null,\"receipt_number\":null,\"receipt_url\":\"https:\\/\\/pay.stripe.com\\/receipts\\/payment\\/CAcQARoXChVhY2N0XzFRUEFGdjJOVW9ZVWppdXUoo5W-vAYyBlmHRAnIvjosFlIHO9CSU5t4tNnRXLdAZ2JwBCCWcnQnVBW_W9LRgP2mYo_KvesQTywvvI8\",\"refunded\":false,\"review\":null,\"shipping\":null,\"source\":{\"id\":\"card_1Qjg0u2NUoYUjiuuEGDQ8ZAK\",\"object\":\"card\",\"address_city\":null,\"address_country\":null,\"address_line1\":null,\"address_line1_check\":null,\"address_line2\":null,\"address_state\":null,\"address_zip\":null,\"address_zip_check\":null,\"allow_redisplay\":\"unspecified\",\"brand\":\"Visa\",\"country\":\"US\",\"customer\":\"cus_RcvsXU4GdzwHIj\",\"cvc_check\":\"pass\",\"dynamic_last4\":null,\"exp_month\":11,\"exp_year\":2028,\"fingerprint\":\"V5ipKQvtjzYjKkgt\",\"funding\":\"debit\",\"last4\":\"3626\",\"metadata\":[],\"name\":\"bustamantemoni@yahoo.com\",\"regulated_status\":\"regulated\",\"tokenization_method\":null,\"wallet\":null},\"source_transfer\":null,\"statement_descriptor\":null,\"statement_descriptor_suffix\":null,\"status\":\"succeeded\",\"transfer_data\":null,\"transfer_group\":null}'
WHERE `id` = 25;
UPDATE `user_registration` SET `uid` = '2041', `user_id` = 'MT8QJF', `username` = 'monilove', `sponsor_id` = 'Q6D63V', `vacant` = 'no', `f_name` = 'Monica', `l_name` = 'Bustamante', `position` = 'right', `email` = 'bustamantemoni@yahoo.com', `password` = 'bfeab436f06356552848b15d7c7445fb', `phone` = '7868637261', `country` = 'United States', `state` = 'Florida', `city` = 'Miami', `street` = '15831 SW 99 St', `zip_code` = '33196', `reg_ip` = '172.69.168.186', `status` = 1, `package_id` = '2', `rank_id` = 1, `highest_rank` = 1, `cycle_rank_id` = 1, `created` = '2025-01-21 05:52:02', `subscription_date` = '2025-02-20', `google_secret` = '6DXZAFKL2OK22TAX'
WHERE `uid` = '2041';
INSERT INTO `user_registration` (`uid`, `user_id`, `username`, `sponsor_id`, `placement_id`, `vacant`, `f_name`, `l_name`, `address`, `position`, `email`, `password`, `phone`, `reg_ip`, `status`, `created`) VALUES (NULL, 'RCWLCQ', 'gAwoPRWy', 'MT8QJF', 'MT8QJF', 'yes', '', '', '', 'left', '@mail.com', '', '', '', 0, '2025-01-21 05:53:06');
INSERT INTO `user_registration` (`uid`, `user_id`, `username`, `sponsor_id`, `placement_id`, `vacant`, `f_name`, `l_name`, `address`, `position`, `email`, `password`, `phone`, `reg_ip`, `status`, `created`) VALUES (NULL, 'LFHJWL', 'nXBnTFun', 'MT8QJF', 'MT8QJF', 'yes', '', '', '', 'right', '@mail.com', '', '', '', 0, '2025-01-21 05:53:06');
INSERT INTO `bv_updation` (`user_id`) VALUES ('MT8QJF');
UPDATE `user_registration` SET total_ref_count = total_ref_count+1
WHERE `user_id` = 'Q6D63V';
UPDATE `user_registration` SET total_downlines = total_downlines+1
WHERE `user_id` = 'Q6D63V';
UPDATE `user_registration` SET right_downlines = right_downlines+1
WHERE `user_id` = 'Q6D63V';
UPDATE `user_registration` SET right_ref_count = right_ref_count+1
WHERE `user_id` = 'Q6D63V';
UPDATE `user_registration` SET active_right = active_right+1
WHERE `user_id` = 'Q6D63V';
UPDATE `user_registration` SET total_downlines = total_downlines+1
WHERE `user_id` = 'XVTJOY';
UPDATE `user_registration` SET right_downlines = right_downlines+1
WHERE `user_id` = 'XVTJOY';
UPDATE `user_registration` SET total_downlines = total_downlines+1
WHERE `user_id` = '45E8V2';
UPDATE `user_registration` SET right_downlines = right_downlines+1
WHERE `user_id` = '45E8V2';
UPDATE `user_registration` SET total_downlines = total_downlines+1
WHERE `user_id` = '44B9Y4';
UPDATE `user_registration` SET right_downlines = right_downlines+1
WHERE `user_id` = '44B9Y4';
UPDATE `user_registration` SET total_downlines = total_downlines+1
WHERE `user_id` = 'admin';
UPDATE `user_registration` SET right_downlines = right_downlines+1
WHERE `user_id` = 'admin';
INSERT INTO `investment` (`invest_date`, `user_id`, `type`, `amount`, `package_id`) VALUES ('2025-01-21 05:53:07', 'MT8QJF', 'register', '595', '2');
INSERT INTO `earnings` (`user_id`, `Purchaser_id`, `earning_type`, `package_id`, `amount`, `date`, `comments`, `invest_amount`, `comm_perc`, `level`, `rank_id`, `order_id`) VALUES ('Q6D63V', 'MT8QJF', 'Direct Referral Bonus', '2', '100', '2025-01-21 05:53:07', 'Direct Referral Bonus', 0, 0, 1, '', 18);
UPDATE `user_registration` SET commission_balance = ROUND(commission_balance + 100,2)
WHERE `user_id` = 'Q6D63V';
UPDATE `user_registration` SET referral_bonus = ROUND(referral_bonus + 100,2)
WHERE `user_id` = 'Q6D63V';
UPDATE `user_registration` SET total_points = ROUND(total_points + 50,2)
WHERE `user_id` = 'MT8QJF';
INSERT INTO `points_history` (`user_id`, `points`, `type`, `date`) VALUES ('MT8QJF', '50', 'register', '2025-01-21 05:53:');
INSERT INTO `matrix_filling` (`placement_id`, `downline_id`, `level`, `matrix`) VALUES ('Q6D63V', 'MT8QJF', 1, 1);
UPDATE `bv_updation` SET right_carry = right_carry+50, total_right = total_right+50
WHERE `user_id` = 'Q6D63V';
INSERT INTO `placement_bv_update_history` (`right_carry`, `date`, `from_id`, `user_id`) VALUES ('50', '2025-01-21 05:53:07', 'MT8QJF', 'Q6D63V');
UPDATE `bv_updation` SET sponsor_right_carry = sponsor_right_carry+50, sponsor_total_right = sponsor_total_right+50
WHERE `user_id` = 'Q6D63V';
INSERT INTO `sponsor_bv_update_history` (`right_carry`, `date`, `user_id`) VALUES ('50', '2025-01-21 05:53:07', 'Q6D63V');
INSERT INTO `matrix_filling` (`placement_id`, `downline_id`, `level`, `matrix`) VALUES ('XVTJOY', 'MT8QJF', 2, 1);
UPDATE `bv_updation` SET right_carry = right_carry+50, total_right = total_right+50
WHERE `user_id` = 'XVTJOY';
INSERT INTO `placement_bv_update_history` (`right_carry`, `date`, `from_id`, `user_id`) VALUES ('50', '2025-01-21 05:53:07', 'MT8QJF', 'XVTJOY');
INSERT INTO `matrix_filling` (`placement_id`, `downline_id`, `level`, `matrix`) VALUES ('45E8V2', 'MT8QJF', 3, 1);
UPDATE `bv_updation` SET right_carry = right_carry+50, total_right = total_right+50
WHERE `user_id` = '45E8V2';
INSERT INTO `placement_bv_update_history` (`right_carry`, `date`, `from_id`, `user_id`) VALUES ('50', '2025-01-21 05:53:07', 'MT8QJF', '45E8V2');
INSERT INTO `matrix_filling` (`placement_id`, `downline_id`, `level`, `matrix`) VALUES ('44B9Y4', 'MT8QJF', 4, 1);
UPDATE `bv_updation` SET right_carry = right_carry+50, total_right = total_right+50
WHERE `user_id` = '44B9Y4';
INSERT INTO `placement_bv_update_history` (`right_carry`, `date`, `from_id`, `user_id`) VALUES ('50', '2025-01-21 05:53:07', 'MT8QJF', '44B9Y4');
INSERT INTO `matrix_filling` (`placement_id`, `downline_id`, `level`, `matrix`) VALUES ('admin', 'MT8QJF', 5, 1);
UPDATE `bv_updation` SET right_carry = right_carry+50, total_right = total_right+50
WHERE `user_id` = 'admin';
INSERT INTO `placement_bv_update_history` (`right_carry`, `date`, `from_id`, `user_id`) VALUES ('50', '2025-01-21 05:53:07', 'MT8QJF', 'admin');
INSERT INTO `package_purchase_history` (`user_id`, `package_id`, `reg_fee`, `package_name`, `monthly_fee`, `type`, `date`, `payment_option`) VALUES ('MT8QJF', '2', '595', 'Traveler Pro', '150', 'sign_up', '2025-01-21 05:53:07', 'stripe');
UPDATE `ci_sessions` SET `timestamp` = 1737460457, `data` = '__ci_last_regenerate|i:1737460457;captcha|s:4:\"5vr1\";'
WHERE `id` = '09b90713d58f0223af3ed0407451bd38e1a5f3af';
INSERT INTO `login_history` (`user_id`, `device`, `ip_address`, `date`) VALUES ('MT8QJF', 'Mozilla/5.0 (Windows NT 10.0; Win64; x64) AppleWebKit/537.36 (KHTML, like Gecko) Chrome/132.0.0.0 Safari/537.36', '198.41.227.178', '25-01-21 05:54');
UPDATE `user_registration` SET `popup_seen` = 'yes'
WHERE `user_id` = 'MT8QJF';
INSERT INTO `payment_metod_setting` (`user_id`, `method`, `email`, `wallet_id`, `status`, `date`) VALUES ('MT8QJF', 'payquicker', 'bustamantemoni@yahoo.com', 'moniloveIGoF', 0, '2025-01-21 05:54:29');
INSERT INTO `payquicker_send_invite` (`user_id`, `userCompanyAssignedUniqueKey`, `response`, `date`) VALUES ('MT8QJF', 'moniloveIGoF', '[{\"dateInvited\":\"2025-01-21T11:54:30Z\",\"invitationKey\":\"Ct2cv7kzMSvvkEtnbazbzNke5ge39JgF91h6axzqm31ciPXKOWjoB3XeJR2YRjNkzqeyDFStkTmSv66XpJUc58s98zdLZUNiBw55mQ8UtxY0beycrL1NXvcscOpL9Nez4CX0EWCadYbavqX7tvYB7RrTXR5CbT1BQsihNyMObhjITfpea2AJyfi1eE8o5lMQIRW1ZzmN7wvLkmBdPQdjEQkQujJOah4zvhKBPeKOEWAs8O2KOwphc6YLT5yb6LQ7\",\"invitationStatus\":\"InvitationStatusType_Pending\",\"registrationStatus\":\"NotStarted\",\"registrationDetails\":{\"addresses\":[{\"city\":\"Miami\",\"country\":\"USA\",\"postalCode\":\"33196\",\"region\":\"Florida\",\"streetAddress1\":\"15831 SW 99 St\",\"created\":\"0001-01-01T00:00:00Z\",\"type\":\"AddressType_Residential\"}],\"fundingAccountPublicId\":\"3471d86fe3164ce1a2193a045f42be46\",\"issuePlasticCard\":true,\"notifyUser\":true,\"userDetails\":{\"emailAddress\":\"bustamantemoni@yahoo.com\",\"firstName\":\"Monica\",\"lastName\":\"Bustamante\",\"userCompanyAssignedUniqueKey\":\"moniloveIGoF\"}}}]', '2025-01-21 05:54:29');
UPDATE `ci_sessions` SET `timestamp` = 1737460901, `data` = '__ci_last_regenerate|i:1737460901;isLogIn|b:1;isAdmin|b:1;id|s:1:\"1\";fullname|s:11:\"admin admin\";user_level|s:5:\"Admin\";email|s:23:\"admin@travelegendcy.com\";image|s:53:\"upload/settings/4a1f1b602322adb837a7a3547ee69cf3.jpeg\";last_login|s:19:\"2025-01-18 12:23:33\";last_logout|s:19:\"2025-01-13 23:57:09\";ip_address|s:14:\"172.69.132.225\";'
WHERE `id` = '31da01570996798833b96d8309f155f5e437e62f';
INSERT INTO `deposit` (`user_id`, `deposit_amount`, `deposit_method`, `fees`, `comments`, `deposit_date`, `deposit_ip`, `status`) VALUES ('MT8QJF', '20', 'admin', 0, 'from Admin', '2025-01-21 06:02:56', '172.68.26.252', 1);
INSERT INTO `transections` (`user_id`, `transection_category`, `releted_id`, `amount`, `comments`, `transection_date_timestamp`) VALUES ('MT8QJF', 'deposit', 3, '20', 'from Admin', '2025-01-21 06:02:56');
UPDATE `user_registration` SET commission_balance = ROUND(commission_balance + 20,2)
WHERE `user_id` = 'MT8QJF';
UPDATE `ci_sessions` SET `timestamp` = 1737460989, `data` = '__ci_last_regenerate|i:1737460989;id|s:4:\"2041\";user_id|s:6:\"MT8QJF\";username|s:8:\"monilove\";sponsor_id|s:6:\"Q6D63V\";fullname|s:17:\"Monica Bustamante\";email|s:24:\"bustamantemoni@yahoo.com\";phone|s:10:\"7868637261\";isLogIn|b:1;message|s:97:\"Successfully send signup link to your email, Please complete the registration as soon as possible\";__ci_vars|a:1:{s:7:\"message\";s:3:\"old\";}'
WHERE `id` = 'bd7714f58b58888295a54cf1c607bacd3b6d1237';
UPDATE `payquicker_send_invite` SET `response` = '[{\"dateInvited\":\"2025-01-21T11:54:30Z\",\"invitationKey\":\"Ct2cv7kzMSvvkEtnbazbzNke5ge39JgF91h6axzqm31ciPXKOWjoB3XeJR2YRjNkzqeyDFStkTmSv66XpJUc58s98zdLZUNiBw55mQ8UtxY0beycrL1NXvcscOpL9Nez4CX0EWCadYbavqX7tvYB7RrTXR5CbT1BQsihNyMObhjITfpea2AJyfi1eE8o5lMQIRW1ZzmN7wvLkmBdPQdjEQkQujJOah4zvhKBPeKOEWAs8O2KOwphc6YLT5yb6LQ7\",\"invitationStatus\":\"InvitationStatusType_Used\",\"registrationStatus\":\"Completed\",\"registrationDetails\":{\"addresses\":[{\"city\":\"Miami\",\"country\":\"USA\",\"postalCode\":\"33196\",\"region\":\"Florida\",\"streetAddress1\":\"15831 SW 99 St\",\"created\":\"0001-01-01T00:00:00Z\",\"type\":\"AddressType_Residential\"}],\"fundingAccountPublicId\":\"3471d86fe3164ce1a2193a045f42be46\",\"issuePlasticCard\":true,\"notifyUser\":true,\"userDetails\":{\"emailAddress\":\"bustamantemoni@yahoo.com\",\"firstName\":\"Monica\",\"lastName\":\"Bustamante\",\"userCompanyAssignedUniqueKey\":\"moniloveIGoF\"}}}]', `date` = '2025-01-21 06:03:13';
UPDATE `payment_metod_setting` SET `status` = 1
WHERE `user_id` = 'MT8QJF';
UPDATE `user_registration` SET `popup_seen` = 'yes'
WHERE `user_id` = 'MT8QJF';
UPDATE `user_registration` SET `trans_password` = '123456'
WHERE `user_id` = 'MT8QJF';
INSERT INTO `notifications` (`user_id`, `notification_type`, `subject`, `details`, `date`, `status`) VALUES ('MT8QJF', 'transaction_password_update', 'Transaction Password Notification', 'Your transaction password has been created successfully.', '2025-01-21 06:03:55', 0);
INSERT INTO `withdraw` (`name`, `user_id`, `walletid`, `mobile_no`, `uid`, `amount`, `method`, `fees`, `payment_details`, `fee_rate`, `request_ip`, `request_date`) VALUES ('Monica Bustamante', 'MT8QJF', 'moniloveIGoF', '7868637261', '2041', '12', 'PayQuicker', 0.6, 'N/A', '5', '172.69.64.206', '2025:01:21 06:04:30');
UPDATE `user_registration` SET commission_balance = ROUND(commission_balance - 12,2)
WHERE `user_id` = 'MT8QJF';
INSERT INTO `transections` (`user_id`, `transection_category`, `releted_id`, `amount`, `comments`, `transection_date_timestamp`) VALUES ('MT8QJF', 'withdraw', 5, '12', 'withdraw', '2025-01-21 06:04:30');
UPDATE `withdraw` SET `payment_details` = '[{\"payments\":[{\"accountingId\":\"travelegendcy32334\",\"authDate\":\"2025-01-21T12:05:02Z\",\"monetary\":{\"amount\":-11.4000,\"currency\":\"Currency_USD\",\"language\":\"Languages_EN_US\",\"bank\":null,\"formattedAmount\":\"($11.40) USD\"},\"transactionPublicId\":\"TRJS1A41F1Q2FUFWK\",\"transactionStatusType\":\"TransactionStatusType_Complete\"}]}]'
WHERE `withdraw_id` = '5';
UPDATE `withdraw` SET `success_date` = '2025-01-21 06:05:02', `status` = 2
WHERE `withdraw_id` = '5'
AND `user_id` = 'MT8QJF';
INSERT INTO `login_history` (`user_id`, `device`, `ip_address`, `date`) VALUES ('R37QLI', 'Mozilla/5.0 (Macintosh; Intel Mac OS X 10_15_7) AppleWebKit/605.1.15 (KHTML, like Gecko) Version/17.4 Safari/605.1.15', '108.162.212.14', '25-01-21 07:47');
UPDATE `user_registration` SET `popup_seen` = 'yes'
WHERE `user_id` = 'R37QLI';
INSERT INTO `login_history` (`user_id`, `device`, `ip_address`, `date`) VALUES ('PKHRN5', 'Mozilla/5.0 (Windows NT 10.0; Win64; x64) AppleWebKit/537.36 (KHTML, like Gecko) Chrome/131.0.0.0 Safari/537.36', '172.70.55.157', '25-01-21 09:58');
UPDATE `user_registration` SET `popup_seen` = 'yes'
WHERE `user_id` = 'PKHRN5';
UPDATE `user_registration` SET `language` = 'english'
WHERE `user_id` = 'PKHRN5';
UPDATE `user_registration` SET `popup_seen` = 'yes'
WHERE `user_id` = 'PKHRN5';
UPDATE `ci_sessions` SET `timestamp` = 1737475338, `data` = '__ci_last_regenerate|i:1737475338;id|s:4:\"2039\";user_id|s:6:\"PKHRN5\";username|s:7:\"Caracas\";sponsor_id|s:6:\"R37QLI\";fullname|s:11:\"Ninon Ramos\";email|s:22:\"nrproducts20@gmail.com\";phone|s:10:\"7865069935\";isLogIn|b:1;'
WHERE `id` = '638bf58ea9fa8e63ede50d66f94d86c6af523c90';
UPDATE `user_registration` SET `popup_seen` = 'no'
WHERE `user_id` = 'PKHRN5';
DELETE FROM `ci_sessions`
WHERE `id` = '9accfeedadc0f4b9ff88edc3402c8b8082c74a9b';
UPDATE `ci_sessions` SET `timestamp` = 1737481968, `data` = '__ci_last_regenerate|i:1737481968;captcha|s:4:\"4t1s\";'
WHERE `id` = 'e8ddfb026730f7504660ef5dc301143b9d24ae32';
INSERT INTO `login_history` (`user_id`, `device`, `ip_address`, `date`) VALUES ('PKHRN5', 'Mozilla/5.0 (Windows NT 10.0; Win64; x64) AppleWebKit/537.36 (KHTML, like Gecko) Chrome/131.0.0.0 Safari/537.36', '172.70.82.178', '25-01-21 11:53');
UPDATE `user_registration` SET `popup_seen` = 'yes'
WHERE `user_id` = 'PKHRN5';
UPDATE `ci_sessions` SET `timestamp` = 1737483686, `data` = '__ci_last_regenerate|i:1737483686;id|s:4:\"2039\";user_id|s:6:\"PKHRN5\";username|s:7:\"Caracas\";sponsor_id|s:6:\"R37QLI\";fullname|s:11:\"Ninon Ramos\";email|s:22:\"nrproducts20@gmail.com\";phone|s:10:\"7865069935\";isLogIn|b:1;'
WHERE `id` = '8aa799dbfb51c224090591e1157277c11a947ce5';
INSERT INTO `login_history` (`user_id`, `device`, `ip_address`, `date`) VALUES ('R37QLI', 'Mozilla/5.0 (Macintosh; Intel Mac OS X 10_15_7) AppleWebKit/605.1.15 (KHTML, like Gecko) Version/17.4 Safari/605.1.15', '172.70.82.169', '25-01-21 20:58');
UPDATE `user_registration` SET `popup_seen` = 'yes'
WHERE `user_id` = 'R37QLI';
INSERT INTO `login_history` (`user_id`, `device`, `ip_address`, `date`) VALUES ('PKHRN5', 'Mozilla/5.0 (Linux; Android 10; K) AppleWebKit/537.36 (KHTML, like Gecko) Chrome/131.0.0.0 Mobile Safari/537.36', '172.70.55.204', '25-01-21 20:58');
UPDATE `user_registration` SET `popup_seen` = 'yes'
WHERE `user_id` = 'PKHRN5';
UPDATE `user_registration` SET `popup_seen` = 'yes'
WHERE `user_id` = 'PKHRN5';
UPDATE `user_registration` SET `popup_seen` = 'no'
WHERE `user_id` = 'PKHRN5';
DELETE FROM `ci_sessions`
WHERE `id` = '422213155ac5cce7aea866d3be7d09d9135c8e46';
UPDATE `user_registration` SET `popup_seen` = 'no'
WHERE `user_id` IS NULL;
DELETE FROM `ci_sessions`
WHERE `id` = '297ff458c4719dd87fa069c31e5188876ea9e7d7';
UPDATE `user_registration` SET `popup_seen` = 'yes'
WHERE `user_id` = 'R37QLI';
UPDATE `user_registration` SET `popup_seen` = 'no'
WHERE `user_id` = 'R37QLI';
DELETE FROM `ci_sessions`
WHERE `id` = 'ec52aa6aea095db28d5c75d43662989e7597a505';
UPDATE `ci_sessions` SET `timestamp` = 1737514881, `data` = '__ci_last_regenerate|i:1737514881;'
WHERE `id` = 'e4e4be0da96425dd244bca5407433acd3f7b80f2';
INSERT INTO `cron_job_history` (`name`, `date_started`, `status`) VALUES ('backup', '2025-01-22 00:00:01', 'started');
UPDATE `cron_job_history` SET `status` = 'done', `date_end` = '2025-01-22 00:00:01'
WHERE `id` = 149;
INSERT INTO `cron_job_history` (`name`, `date_started`, `status`) VALUES ('deduct_sub_amt_from_ewallet', '2025-01-22 00:05:02', 'started');
UPDATE `cron_job_history` SET `status` = 'done', `date_end` = '2025-01-22 00:05:02'
WHERE `id` = 150;
INSERT INTO `login_history` (`user_id`, `device`, `ip_address`, `date`) VALUES ('35H9RV', 'Mozilla/5.0 (Windows NT 10.0; Win64; x64) AppleWebKit/537.36 (KHTML, like Gecko) Chrome/131.0.0.0 Safari/537.36', '172.69.86.90', '25-01-22 04:24');
UPDATE `user_registration` SET `popup_seen` = 'yes'
WHERE `user_id` = '35H9RV';
INSERT INTO `payquicker_token` (`response`, `token`, `created_time`, `expires_at`) VALUES ('{\"access_token\":\"E099E3B9CEE3664C832ABCA2F30C3A2BCF92ED47FC9876A11B09C5D69D201260-1\",\"expires_in\":3600,\"token_type\":\"Bearer\",\"scope\":\"api useraccount_balance useraccount_debit useraccount_invitation useraccount_payment\"}', 'E099E3B9CEE3664C832ABCA2F30C3A2BCF92ED47FC9876A11B09C5D69D201260-1', '2025-01-22 04:25:08', '2025-01-22 05:25:08');
UPDATE `user_registration` SET `popup_seen` = 'no'
WHERE `user_id` = '35H9RV';
DELETE FROM `ci_sessions`
WHERE `id` = '07150a4ba75624afc5f5f0765a45f4b3ba6cdc3c';
INSERT INTO `login_history` (`user_id`, `device`, `ip_address`, `date`) VALUES ('35H9RV', 'Mozilla/5.0 (Windows NT 10.0; Win64; x64) AppleWebKit/537.36 (KHTML, like Gecko) Chrome/131.0.0.0 Safari/537.36', '172.71.198.157', '25-01-22 04:28');
UPDATE `user_registration` SET `popup_seen` = 'yes'
WHERE `user_id` = '35H9RV';
INSERT INTO `payment_metod_setting` (`user_id`, `method`, `email`, `wallet_id`, `status`, `date`) VALUES ('35H9RV', 'payquicker', 'amamzy368@gmail.com', 'vijeshpkIs', 0, '2025-01-22 04:28:37');
INSERT INTO `payquicker_send_invite` (`user_id`, `userCompanyAssignedUniqueKey`, `response`, `date`) VALUES ('35H9RV', 'vijeshpkIs', '[{\"dateInvited\":\"2025-01-22T10:28:37Z\",\"invitationKey\":\"tX44MmkHfOxCDYB2J2fMeKQoi8asKL7Lsyow0R4smzhz9bHpbakgMGRjlx0Zay55bMSAJVzjh0cPZIekHaNIxT3nmMhwJERXUIPGdXJbBv9euetoFzNz9UnEbLdHNY1uH5jqJ1XUtNKgXH30FWnSiffDaNSeS6p4xwAZOHMFNzGJX4HYbuDpCTxt7YvQtiMRGyAxqVXPP32TGW3qB0zEzaDx9xnWeHKe11rspvPdZC8uwAiUncR8YSYp8VgGM2cM\",\"invitationStatus\":\"InvitationStatusType_Pending\",\"registrationStatus\":\"NotStarted\",\"registrationDetails\":{\"addresses\":[{\"city\":\"testuser\",\"country\":\"FR\",\"postalCode\":\"876876\",\"region\":\"Alaska\",\"streetAddress1\":\"7868768\",\"created\":\"0001-01-01T00:00:00Z\",\"type\":\"AddressType_Residential\"}],\"fundingAccountPublicId\":\"4e84a85ac47e46639c648f932d48fdf0\",\"issuePlasticCard\":true,\"notifyUser\":true,\"userDetails\":{\"emailAddress\":\"amamzy368@gmail.com\",\"firstName\":\"testuser\",\"lastName\":\"test\",\"userCompanyAssignedUniqueKey\":\"vijeshpkIs\"}}}]', '2025-01-22 04:28:37');
UPDATE `ci_sessions` SET `timestamp` = 1737542007, `data` = '__ci_last_regenerate|i:1737542007;id|s:4:\"2020\";user_id|s:6:\"35H9RV\";username|s:6:\"vijesh\";sponsor_id|s:5:\"admin\";fullname|s:13:\"testuser test\";email|s:19:\"amamzy368@gmail.com\";phone|s:10:\"6567576767\";isLogIn|b:1;message|s:97:\"Successfully send signup link to your email, Please complete the registration as soon as possible\";__ci_vars|a:1:{s:7:\"message\";s:3:\"old\";}'
WHERE `id` = 'cfa11a4e4e91f00838b3cd38101956e52178e37f';
UPDATE `payquicker_send_invite` SET `response` = '[{\"dateInvited\":\"2025-01-22T10:28:37Z\",\"invitationKey\":\"tX44MmkHfOxCDYB2J2fMeKQoi8asKL7Lsyow0R4smzhz9bHpbakgMGRjlx0Zay55bMSAJVzjh0cPZIekHaNIxT3nmMhwJERXUIPGdXJbBv9euetoFzNz9UnEbLdHNY1uH5jqJ1XUtNKgXH30FWnSiffDaNSeS6p4xwAZOHMFNzGJX4HYbuDpCTxt7YvQtiMRGyAxqVXPP32TGW3qB0zEzaDx9xnWeHKe11rspvPdZC8uwAiUncR8YSYp8VgGM2cM\",\"invitationStatus\":\"InvitationStatusType_Used\",\"registrationStatus\":\"Completed\",\"registrationDetails\":{\"addresses\":[{\"city\":\"testuser\",\"country\":\"FR\",\"postalCode\":\"876876\",\"region\":\"Alaska\",\"streetAddress1\":\"7868768\",\"created\":\"0001-01-01T00:00:00Z\",\"type\":\"AddressType_Residential\"}],\"fundingAccountPublicId\":\"4e84a85ac47e46639c648f932d48fdf0\",\"issuePlasticCard\":true,\"notifyUser\":true,\"userDetails\":{\"emailAddress\":\"amamzy368@gmail.com\",\"firstName\":\"testuser\",\"lastName\":\"test\",\"userCompanyAssignedUniqueKey\":\"vijeshpkIs\"}}}]', `date` = '2025-01-22 04:33:28';
UPDATE `payment_metod_setting` SET `status` = 1
WHERE `user_id` = '35H9RV';
UPDATE `payquicker_send_invite` SET `response` = '[{\"dateInvited\":\"2025-01-22T10:28:37Z\",\"invitationKey\":\"tX44MmkHfOxCDYB2J2fMeKQoi8asKL7Lsyow0R4smzhz9bHpbakgMGRjlx0Zay55bMSAJVzjh0cPZIekHaNIxT3nmMhwJERXUIPGdXJbBv9euetoFzNz9UnEbLdHNY1uH5jqJ1XUtNKgXH30FWnSiffDaNSeS6p4xwAZOHMFNzGJX4HYbuDpCTxt7YvQtiMRGyAxqVXPP32TGW3qB0zEzaDx9xnWeHKe11rspvPdZC8uwAiUncR8YSYp8VgGM2cM\",\"invitationStatus\":\"InvitationStatusType_Used\",\"registrationStatus\":\"Completed\",\"registrationDetails\":{\"addresses\":[{\"city\":\"testuser\",\"country\":\"FR\",\"postalCode\":\"876876\",\"region\":\"Alaska\",\"streetAddress1\":\"7868768\",\"created\":\"0001-01-01T00:00:00Z\",\"type\":\"AddressType_Residential\"}],\"fundingAccountPublicId\":\"4e84a85ac47e46639c648f932d48fdf0\",\"issuePlasticCard\":true,\"notifyUser\":true,\"userDetails\":{\"emailAddress\":\"amamzy368@gmail.com\",\"firstName\":\"testuser\",\"lastName\":\"test\",\"userCompanyAssignedUniqueKey\":\"vijeshpkIs\"}}}]', `date` = '2025-01-22 04:33:41';
UPDATE `payment_metod_setting` SET `status` = 1
WHERE `user_id` = '35H9RV';
UPDATE `payquicker_send_invite` SET `response` = '[{\"dateInvited\":\"2025-01-22T10:28:37Z\",\"invitationKey\":\"tX44MmkHfOxCDYB2J2fMeKQoi8asKL7Lsyow0R4smzhz9bHpbakgMGRjlx0Zay55bMSAJVzjh0cPZIekHaNIxT3nmMhwJERXUIPGdXJbBv9euetoFzNz9UnEbLdHNY1uH5jqJ1XUtNKgXH30FWnSiffDaNSeS6p4xwAZOHMFNzGJX4HYbuDpCTxt7YvQtiMRGyAxqVXPP32TGW3qB0zEzaDx9xnWeHKe11rspvPdZC8uwAiUncR8YSYp8VgGM2cM\",\"invitationStatus\":\"InvitationStatusType_Used\",\"registrationStatus\":\"Completed\",\"registrationDetails\":{\"addresses\":[{\"city\":\"testuser\",\"country\":\"FR\",\"postalCode\":\"876876\",\"region\":\"Alaska\",\"streetAddress1\":\"7868768\",\"created\":\"0001-01-01T00:00:00Z\",\"type\":\"AddressType_Residential\"}],\"fundingAccountPublicId\":\"4e84a85ac47e46639c648f932d48fdf0\",\"issuePlasticCard\":true,\"notifyUser\":true,\"userDetails\":{\"emailAddress\":\"amamzy368@gmail.com\",\"firstName\":\"testuser\",\"lastName\":\"test\",\"userCompanyAssignedUniqueKey\":\"vijeshpkIs\"}}}]', `date` = '2025-01-22 04:34:30';
UPDATE `payment_metod_setting` SET `status` = 1
WHERE `user_id` = '35H9RV';
INSERT INTO `withdraw` (`name`, `user_id`, `walletid`, `mobile_no`, `uid`, `amount`, `method`, `fees`, `payment_details`, `fee_rate`, `request_ip`, `request_date`) VALUES ('testuser test', '35H9RV', 'vijeshpkIs', '6567576767', '2020', '1', 'PayQuicker', 0.05, 'N/A', '5', '172.69.179.11', '2025:01:22 04:35:09');
UPDATE `user_registration` SET commission_balance = ROUND(commission_balance - 1,2)
WHERE `user_id` = '35H9RV';
INSERT INTO `transections` (`user_id`, `transection_category`, `releted_id`, `amount`, `comments`, `transection_date_timestamp`) VALUES ('35H9RV', 'withdraw', 6, '1', 'withdraw', '2025-01-22 04:35:09');
INSERT INTO `payquicker_token` (`response`, `token`, `created_time`, `expires_at`) VALUES ('{\"access_token\":\"630F199923800AFEA5A184FCA78A26742F439964801992DE3179A7577F4647A8-1\",\"expires_in\":3600,\"token_type\":\"Bearer\",\"scope\":\"api useraccount_balance useraccount_debit useraccount_invitation useraccount_payment\"}', '630F199923800AFEA5A184FCA78A26742F439964801992DE3179A7577F4647A8-1', '2025-01-22 04:38:08', '2025-01-22 05:38:08');
INSERT INTO `payment_metod_setting` (`user_id`, `method`, `email`, `wallet_id`, `status`, `date`) VALUES ('35H9RV', 'payquicker', 'amamzy368@gmail.com', 'vijeshpkIs', 0, '2025-01-22 04:38:14');
INSERT INTO `payquicker_send_invite` (`user_id`, `userCompanyAssignedUniqueKey`, `response`, `date`) VALUES ('35H9RV', 'vijeshpkIs', '[{\"dateInvited\":\"2025-01-22T10:28:37Z\",\"invitationKey\":\"tX44MmkHfOxCDYB2J2fMeKQoi8asKL7Lsyow0R4smzhz9bHpbakgMGRjlx0Zay55bMSAJVzjh0cPZIekHaNIxT3nmMhwJERXUIPGdXJbBv9euetoFzNz9UnEbLdHNY1uH5jqJ1XUtNKgXH30FWnSiffDaNSeS6p4xwAZOHMFNzGJX4HYbuDpCTxt7YvQtiMRGyAxqVXPP32TGW3qB0zEzaDx9xnWeHKe11rspvPdZC8uwAiUncR8YSYp8VgGM2cM\",\"invitationStatus\":\"InvitationStatusType_Used\",\"registrationStatus\":\"Completed\",\"registrationDetails\":{\"addresses\":[{\"city\":\"testuser\",\"country\":\"FR\",\"postalCode\":\"876876\",\"region\":\"Alaska\",\"streetAddress1\":\"7868768\",\"created\":\"0001-01-01T00:00:00Z\",\"type\":\"AddressType_Residential\"}],\"fundingAccountPublicId\":\"4e84a85ac47e46639c648f932d48fdf0\",\"issuePlasticCard\":true,\"notifyUser\":true,\"userDetails\":{\"emailAddress\":\"amamzy368@gmail.com\",\"firstName\":\"testuser\",\"lastName\":\"test\",\"userCompanyAssignedUniqueKey\":\"vijeshpkIs\"}}}]', '2025-01-22 04:38:14');
UPDATE `payment_metod_setting` SET `status` = 1
WHERE `user_id` = '35H9RV';
INSERT INTO `login_history` (`user_id`, `device`, `ip_address`, `date`) VALUES ('MT8QJF', 'Mozilla/5.0 (Windows NT 10.0; Win64; x64) AppleWebKit/537.36 (KHTML, like Gecko) Chrome/132.0.0.0 Safari/537.36', '162.158.120.138', '25-01-22 04:47');
UPDATE `user_registration` SET `popup_seen` = 'yes'
WHERE `user_id` = 'MT8QJF';
INSERT INTO `payment_metod_setting` (`user_id`, `method`, `email`, `wallet_id`, `status`, `date`) VALUES ('MT8QJF', 'payquicker', 'bustamantemoni@yahoo.com', 'monilovercZZ', 0, '2025-01-22 04:47:35');
INSERT INTO `payquicker_send_invite` (`user_id`, `userCompanyAssignedUniqueKey`, `response`, `date`) VALUES ('MT8QJF', 'monilovercZZ', '[{\"dateInvited\":\"2025-01-22T10:47:35Z\",\"invitationKey\":\"UxQnx26pzFf5qfsXAELZ3W1ihx2fw38Bhr6KZHMdrmaK0fBsFh9725wImbjo6EItxZ4noaEHWZANdSxpa3AtR6IDLk9ccefOiDwgS7xMjdpOX2fIPAFY0zotLvMpE3ozFPIAMhoSVAigLLQT1zF3MTKYBFxyQF2dGH0iKFtNedYhMZg3PeMpUo2eAeGqAcOsSNbhTuhj0hHXVatmtExhzqUGGPdxhBxxZaUAMcyNYXBK6ezMlpFLZtdHfvNwyhsz\",\"invitationStatus\":\"InvitationStatusType_Pending\",\"registrationStatus\":\"NotStarted\",\"registrationDetails\":{\"addresses\":[{\"city\":\"Miami\",\"country\":\"USA\",\"postalCode\":\"33196\",\"region\":\"Florida\",\"streetAddress1\":\"15831 SW 99 St\",\"created\":\"0001-01-01T00:00:00Z\",\"type\":\"AddressType_Residential\"}],\"fundingAccountPublicId\":\"4e84a85ac47e46639c648f932d48fdf0\",\"issuePlasticCard\":true,\"notifyUser\":true,\"userDetails\":{\"emailAddress\":\"bustamantemoni@yahoo.com\",\"firstName\":\"Monica\",\"lastName\":\"Bustamante\",\"userCompanyAssignedUniqueKey\":\"monilovercZZ\"}}}]', '2025-01-22 04:47:35');
UPDATE `ci_sessions` SET `timestamp` = 1737543352, `data` = '__ci_last_regenerate|i:1737543352;id|s:4:\"2041\";user_id|s:6:\"MT8QJF\";username|s:8:\"monilove\";sponsor_id|s:6:\"Q6D63V\";fullname|s:17:\"Monica Bustamante\";email|s:24:\"bustamantemoni@yahoo.com\";phone|s:10:\"7868637261\";isLogIn|b:1;message|s:97:\"Successfully send signup link to your email, Please complete the registration as soon as possible\";__ci_vars|a:1:{s:7:\"message\";s:3:\"old\";}'
WHERE `id` = 'd7125294a44cb39c1f71fb1350f95804d2f0c698';
UPDATE `payquicker_send_invite` SET `response` = '[{\"dateInvited\":\"2025-01-22T10:47:35Z\",\"invitationKey\":\"UxQnx26pzFf5qfsXAELZ3W1ihx2fw38Bhr6KZHMdrmaK0fBsFh9725wImbjo6EItxZ4noaEHWZANdSxpa3AtR6IDLk9ccefOiDwgS7xMjdpOX2fIPAFY0zotLvMpE3ozFPIAMhoSVAigLLQT1zF3MTKYBFxyQF2dGH0iKFtNedYhMZg3PeMpUo2eAeGqAcOsSNbhTuhj0hHXVatmtExhzqUGGPdxhBxxZaUAMcyNYXBK6ezMlpFLZtdHfvNwyhsz\",\"invitationStatus\":\"InvitationStatusType_Used\",\"registrationStatus\":\"Completed\",\"registrationDetails\":{\"addresses\":[{\"city\":\"Miami\",\"country\":\"USA\",\"postalCode\":\"33196\",\"region\":\"Florida\",\"streetAddress1\":\"15831 SW 99 St\",\"created\":\"0001-01-01T00:00:00Z\",\"type\":\"AddressType_Residential\"}],\"fundingAccountPublicId\":\"4e84a85ac47e46639c648f932d48fdf0\",\"issuePlasticCard\":true,\"notifyUser\":true,\"userDetails\":{\"emailAddress\":\"bustamantemoni@yahoo.com\",\"firstName\":\"Monica\",\"lastName\":\"Bustamante\",\"userCompanyAssignedUniqueKey\":\"monilovercZZ\"}}}]', `date` = '2025-01-22 04:55:53';
UPDATE `payment_metod_setting` SET `status` = 1
WHERE `user_id` = 'MT8QJF';
UPDATE `user_registration` SET `popup_seen` = 'yes'
WHERE `user_id` = 'MT8QJF';
UPDATE `admin` SET `last_logout` = '2025-01-22 04:56:14'
WHERE `id` IS NULL;
DELETE FROM `ci_sessions`
WHERE `id` = '74d37f43d0f29570e9aa4064ce76cd6b942a2392';
UPDATE `admin` SET `last_login` = '2025-01-22 04:56:19', `ip_address` = '162.158.123.30'
WHERE `id` = '1';
INSERT INTO `withdraw` (`name`, `user_id`, `walletid`, `mobile_no`, `uid`, `amount`, `method`, `fees`, `payment_details`, `fee_rate`, `request_ip`, `request_date`) VALUES ('Monica Bustamante', 'MT8QJF', 'monilovercZZ', '7868637261', '2041', '8', 'PayQuicker', 0.4, 'N/A', '5', '172.64.237.10', '2025:01:22 04:57:11');
UPDATE `user_registration` SET commission_balance = ROUND(commission_balance - 8,2)
WHERE `user_id` = 'MT8QJF';
INSERT INTO `transections` (`user_id`, `transection_category`, `releted_id`, `amount`, `comments`, `transection_date_timestamp`) VALUES ('MT8QJF', 'withdraw', 7, '8', 'withdraw', '2025-01-22 04:57:11');
UPDATE `withdraw` SET `payment_details` = '[{\"payments\":[{\"accountingId\":\"travelegendcy64571\",\"authDate\":\"2025-01-22T10:58:53Z\",\"monetary\":{\"amount\":-7.6000,\"currency\":\"Currency_USD\",\"language\":\"Languages_EN_US\",\"bank\":null,\"formattedAmount\":\"($7.60) USD\"},\"transactionPublicId\":\"TRN1A44OKBRH62UU\",\"transactionStatusType\":\"TransactionStatusType_Complete\"}]}]'
WHERE `withdraw_id` = '7';
UPDATE `withdraw` SET `success_date` = '2025-01-22 04:58:54', `status` = 2
WHERE `withdraw_id` = '7'
AND `user_id` = 'MT8QJF';
UPDATE `ci_sessions` SET `timestamp` = 1737544443, `data` = '__ci_last_regenerate|i:1737544443;id|s:4:\"2020\";user_id|s:6:\"35H9RV\";username|s:6:\"vijesh\";sponsor_id|s:5:\"admin\";fullname|s:13:\"testuser test\";email|s:19:\"amamzy368@gmail.com\";phone|s:10:\"6567576767\";isLogIn|b:1;message|s:39:\"Successfully checked the signup status!\";__ci_vars|a:1:{s:7:\"message\";s:3:\"old\";}'
WHERE `id` = '7e502fcfa646253d164608baae981974bd8aa529';
UPDATE `ci_sessions` SET `timestamp` = 1737545023, `data` = '__ci_last_regenerate|i:1737545023;id|s:4:\"2020\";user_id|s:6:\"35H9RV\";username|s:6:\"vijesh\";sponsor_id|s:5:\"admin\";fullname|s:13:\"testuser test\";email|s:19:\"amamzy368@gmail.com\";phone|s:10:\"6567576767\";isLogIn|b:1;'
WHERE `id` = '292102c014e2563752a04a3f5577b97a577b8603';
UPDATE `user_registration` SET `popup_seen` = 'no'
WHERE `user_id` = '35H9RV';
DELETE FROM `ci_sessions`
WHERE `id` = '099fabc75eb6bbd88691a464023864211d89bf56';
INSERT INTO `login_history` (`user_id`, `device`, `ip_address`, `date`) VALUES ('admin', 'Mozilla/5.0 (Windows NT 10.0; Win64; x64) AppleWebKit/537.36 (KHTML, like Gecko) Chrome/132.0.0.0 Safari/537.36', '162.158.123.31', '25-01-22 15:07');
UPDATE `user_registration` SET `popup_seen` = 'yes'
WHERE `user_id` = 'admin';
UPDATE `ci_sessions` SET `timestamp` = 1737580949, `data` = '__ci_last_regenerate|i:1737580949;id|s:4:\"2019\";user_id|s:5:\"admin\";username|s:5:\"admin\";sponsor_id|s:1:\"0\";fullname|s:11:\"Alex Carrey\";email|s:15:\"admin@admin.com\";phone|s:10:\"1235467892\";isLogIn|b:1;message|s:19:\"Welcome Alex Carrey\";__ci_vars|a:1:{s:7:\"message\";s:3:\"old\";}'
WHERE `id` = 'f8317059ef91841111222550328902f93f2e1c70';
UPDATE `user_registration` SET `popup_seen` = 'no'
WHERE `user_id` = 'admin';
DELETE FROM `ci_sessions`
WHERE `id` = '61ceca7b4a9737232a96c061944684b97ad9e31c';
INSERT INTO `login_history` (`user_id`, `device`, `ip_address`, `date`) VALUES ('44B9Y4', 'Mozilla/5.0 (Windows NT 10.0; Win64; x64) AppleWebKit/537.36 (KHTML, like Gecko) Chrome/131.0.0.0 Safari/537.36', '108.162.210.238', '25-01-22 16:47');
UPDATE `user_registration` SET `popup_seen` = 'yes'
WHERE `user_id` = '44B9Y4';
UPDATE `ci_sessions` SET `timestamp` = 1737586318, `data` = '__ci_last_regenerate|i:1737586318;id|s:4:\"2021\";user_id|s:6:\"44B9Y4\";username|s:7:\"Talimbi\";sponsor_id|s:5:\"admin\";fullname|s:14:\"Emilio Tapanes\";email|s:23:\"emiliotapanes@gmail.com\";phone|s:10:\"7862876762\";isLogIn|b:1;'
WHERE `id` = '64dc7345909b55564e64090ddccf04ae66883d0b';
UPDATE `ci_sessions` SET `timestamp` = 1737587574, `data` = '__ci_last_regenerate|i:1737587574;id|s:4:\"2021\";user_id|s:6:\"44B9Y4\";username|s:7:\"Talimbi\";sponsor_id|s:5:\"admin\";fullname|s:14:\"Emilio Tapanes\";email|s:23:\"emiliotapanes@gmail.com\";phone|s:10:\"7862876762\";isLogIn|b:1;'
WHERE `id` = '7fb89a5ec85d447e974a792ab0099d34a6e2ca68';
UPDATE `ci_sessions` SET `timestamp` = 1737589145, `data` = '__ci_last_regenerate|i:1737589145;id|s:4:\"2021\";user_id|s:6:\"44B9Y4\";username|s:7:\"Talimbi\";sponsor_id|s:5:\"admin\";fullname|s:14:\"Emilio Tapanes\";email|s:23:\"emiliotapanes@gmail.com\";phone|s:10:\"7862876762\";isLogIn|b:1;'
WHERE `id` = '0c596bf04378a3affc3667d418aea26ce0cc10fe';
INSERT INTO `login_history` (`user_id`, `device`, `ip_address`, `date`) VALUES ('44B9Y4', 'Mozilla/5.0 (Windows NT 10.0; Win64; x64) AppleWebKit/537.36 (KHTML, like Gecko) Chrome/131.0.0.0 Safari/537.36', '172.70.254.227', '25-01-22 20:46');
UPDATE `user_registration` SET `popup_seen` = 'yes'
WHERE `user_id` = '44B9Y4';
UPDATE `user_registration` SET `language` = 'english'
WHERE `user_id` = '44B9Y4';
UPDATE `user_registration` SET `popup_seen` = 'yes'
WHERE `user_id` = '44B9Y4';
UPDATE `user_registration` SET `language` = 'spanish'
WHERE `user_id` = '44B9Y4';
UPDATE `user_registration` SET `popup_seen` = 'yes'
WHERE `user_id` = '44B9Y4';
UPDATE `ci_sessions` SET `timestamp` = 1737601292, `data` = '__ci_last_regenerate|i:1737601292;id|s:4:\"2021\";user_id|s:6:\"44B9Y4\";username|s:7:\"Talimbi\";sponsor_id|s:5:\"admin\";fullname|s:14:\"Emilio Tapanes\";email|s:23:\"emiliotapanes@gmail.com\";phone|s:10:\"7862876762\";isLogIn|b:1;'
WHERE `id` = '8ec6d2327092b4af45afd264f1171ba8153e115e';
UPDATE `user_registration` SET `language` = 'english'
WHERE `user_id` = '44B9Y4';
UPDATE `user_registration` SET `popup_seen` = 'yes'
WHERE `user_id` = '44B9Y4';
INSERT INTO `login_history` (`user_id`, `device`, `ip_address`, `date`) VALUES ('35H9RV', 'Mozilla/5.0 (Windows NT 10.0; Win64; x64) AppleWebKit/537.36 (KHTML, like Gecko) Chrome/131.0.0.0 Safari/537.36', '172.70.218.253', '25-01-22 23:04');
UPDATE `user_registration` SET `popup_seen` = 'yes'
WHERE `user_id` = '35H9RV';
UPDATE `ci_sessions` SET `timestamp` = 1737609151, `data` = '__ci_last_regenerate|i:1737609151;id|s:4:\"2020\";user_id|s:6:\"35H9RV\";username|s:6:\"vijesh\";sponsor_id|s:5:\"admin\";fullname|s:13:\"testuser test\";email|s:19:\"amamzy368@gmail.com\";phone|s:10:\"6567576767\";isLogIn|b:1;message|s:21:\"Welcome testuser test\";__ci_vars|a:1:{s:7:\"message\";s:3:\"old\";}'
WHERE `id` = '70c4be48440fede7cac42d02e52fa7a08234cf5a';
UPDATE `user_registration` SET `popup_seen` = 'yes'
WHERE `user_id` = '35H9RV';
UPDATE `user_registration` SET `language` = 'english'
WHERE `user_id` = '35H9RV';
UPDATE `user_registration` SET `popup_seen` = 'yes'
WHERE `user_id` = '35H9RV';
INSERT INTO `cron_job_history` (`name`, `date_started`, `status`) VALUES ('backup', '2025-01-23 00:00:01', 'started');
UPDATE `cron_job_history` SET `status` = 'done', `date_end` = '2025-01-23 00:00:01'
WHERE `id` = 151;
INSERT INTO `cron_job_history` (`name`, `date_started`, `status`) VALUES ('deduct_sub_amt_from_ewallet', '2025-01-23 00:05:01', 'started');
UPDATE `cron_job_history` SET `status` = 'done', `date_end` = '2025-01-23 00:05:01'
WHERE `id` = 152;
INSERT INTO `login_history` (`user_id`, `device`, `ip_address`, `date`) VALUES ('admin', 'Mozilla/5.0 (Windows NT 10.0; Win64; x64) AppleWebKit/537.36 (KHTML, like Gecko) Chrome/132.0.0.0 Safari/537.36', '162.158.123.8', '25-01-23 03:55');
UPDATE `user_registration` SET `popup_seen` = 'yes'
WHERE `user_id` = 'admin';
UPDATE `user_registration` SET `language` = 'english'
WHERE `user_id` = 'admin';
UPDATE `user_registration` SET `popup_seen` = 'yes'
WHERE `user_id` = 'admin';
UPDATE `user_registration` SET `popup_seen` = 'no'
WHERE `user_id` = 'admin';
DELETE FROM `ci_sessions`
WHERE `id` = 'c3be826e848149f6375290dae355e895c0471267';
INSERT INTO `login_history` (`user_id`, `device`, `ip_address`, `date`) VALUES ('R37QLI', 'Mozilla/5.0 (Macintosh; Intel Mac OS X 10_15_7) AppleWebKit/605.1.15 (KHTML, like Gecko) Version/17.4 Safari/605.1.15', '172.71.156.143', '25-01-23 07:57');
UPDATE `user_registration` SET `popup_seen` = 'yes'
WHERE `user_id` = 'R37QLI';
UPDATE `user_registration` SET `popup_seen` = 'yes'
WHERE `user_id` = 'R37QLI';
UPDATE `ci_sessions` SET `timestamp` = 1737640734, `data` = '__ci_last_regenerate|i:1737640734;id|s:4:\"2031\";user_id|s:6:\"R37QLI\";username|s:5:\"dleon\";sponsor_id|s:6:\"H2HQC8\";fullname|s:11:\"Dayami Leon\";email|s:20:\"atravel4uu@gmail.com\";phone|s:10:\"7865069935\";isLogIn|b:1;'
WHERE `id` = '612fe0435fd7886a9bb9dd2a41919e10f0acdf4e';
UPDATE `user_registration` SET `popup_seen` = 'yes'
WHERE `user_id` = 'R37QLI';
INSERT INTO `login_history` (`user_id`, `device`, `ip_address`, `date`) VALUES ('44B9Y4', 'Mozilla/5.0 (Windows NT 10.0; Win64; x64) AppleWebKit/537.36 (KHTML, like Gecko) Chrome/131.0.0.0 Safari/537.36', '108.162.212.145', '25-01-23 10:48');
UPDATE `user_registration` SET `popup_seen` = 'yes'
WHERE `user_id` = '44B9Y4';
UPDATE `user_registration` SET `language` = 'spanish'
WHERE `user_id` = '44B9Y4';
UPDATE `user_registration` SET `popup_seen` = 'yes'
WHERE `user_id` = '44B9Y4';
UPDATE `ci_sessions` SET `timestamp` = 1737651318, `data` = '__ci_last_regenerate|i:1737651318;id|s:4:\"2021\";user_id|s:6:\"44B9Y4\";username|s:7:\"Talimbi\";sponsor_id|s:5:\"admin\";fullname|s:14:\"Emilio Tapanes\";email|s:23:\"emiliotapanes@gmail.com\";phone|s:10:\"7862876762\";isLogIn|b:1;'
WHERE `id` = 'e4f07aa14526b3c17d01580d26bbcd1070b9647e';
UPDATE `user_registration` SET `language` = 'english'
WHERE `user_id` = '44B9Y4';
UPDATE `user_registration` SET `popup_seen` = 'yes'
WHERE `user_id` = '44B9Y4';
INSERT INTO `login_history` (`user_id`, `device`, `ip_address`, `date`) VALUES ('44B9Y4', 'Mozilla/5.0 (Windows NT 10.0; Win64; x64) AppleWebKit/537.36 (KHTML, like Gecko) Chrome/132.0.0.0 Safari/537.36 Edg/132.0.0.0', '172.69.132.240', '25-01-23 12:19');
UPDATE `user_registration` SET `popup_seen` = 'yes'
WHERE `user_id` = '44B9Y4';
UPDATE `user_registration` SET `language` = 'spanish'
WHERE `user_id` = '44B9Y4';
UPDATE `user_registration` SET `popup_seen` = 'yes'
WHERE `user_id` = '44B9Y4';
UPDATE `user_registration` SET `popup_seen` = 'yes'
WHERE `user_id` = '44B9Y4';
UPDATE `user_registration` SET `language` = 'english'
WHERE `user_id` = '44B9Y4';
UPDATE `user_registration` SET `popup_seen` = 'yes'
WHERE `user_id` = '44B9Y4';
UPDATE `ci_sessions` SET `timestamp` = 1737659054, `data` = '__ci_last_regenerate|i:1737659054;id|s:4:\"2021\";user_id|s:6:\"44B9Y4\";username|s:7:\"Talimbi\";sponsor_id|s:5:\"admin\";fullname|s:14:\"Emilio Tapanes\";email|s:23:\"emiliotapanes@gmail.com\";phone|s:10:\"7862876762\";isLogIn|b:1;'
WHERE `id` = 'a42d3d99ab1fd85d7bf0689919b8d4663c493861';
UPDATE `user_registration` SET `popup_seen` = 'yes'
WHERE `user_id` = '44B9Y4';
UPDATE `user_registration` SET `popup_seen` = 'yes'
WHERE `user_id` = '44B9Y4';
UPDATE `user_registration` SET `popup_seen` = 'yes'
WHERE `user_id` = '44B9Y4';
UPDATE `user_registration` SET `popup_seen` = 'yes'
WHERE `user_id` = '44B9Y4';
INSERT INTO `login_history` (`user_id`, `device`, `ip_address`, `date`) VALUES ('44B9Y4', 'Mozilla/5.0 (Windows NT 10.0; Win64; x64) AppleWebKit/537.36 (KHTML, like Gecko) Chrome/131.0.0.0 Safari/537.36', '172.70.82.168', '25-01-23 16:14');
UPDATE `user_registration` SET `popup_seen` = 'yes'
WHERE `user_id` = '44B9Y4';
UPDATE `ci_sessions` SET `timestamp` = 1737670770, `data` = '__ci_last_regenerate|i:1737670770;id|s:4:\"2021\";user_id|s:6:\"44B9Y4\";username|s:7:\"Talimbi\";sponsor_id|s:5:\"admin\";fullname|s:14:\"Emilio Tapanes\";email|s:23:\"emiliotapanes@gmail.com\";phone|s:10:\"7862876762\";isLogIn|b:1;'
WHERE `id` = 'fef35d86dd2a148c059024675b09eaf298250867';
INSERT INTO `login_history` (`user_id`, `device`, `ip_address`, `date`) VALUES ('admin', 'Mozilla/5.0 (Windows NT 10.0; Win64; x64) AppleWebKit/537.36 (KHTML, like Gecko) Chrome/132.0.0.0 Safari/537.36', '162.158.123.31', '25-01-23 16:50');
UPDATE `user_registration` SET `popup_seen` = 'yes'
WHERE `user_id` = 'admin';
UPDATE `ci_sessions` SET `timestamp` = 1737673240, `data` = '__ci_last_regenerate|i:1737673240;id|s:4:\"2019\";user_id|s:5:\"admin\";username|s:5:\"admin\";sponsor_id|s:1:\"0\";fullname|s:11:\"Alex Carrey\";email|s:15:\"admin@admin.com\";phone|s:10:\"1235467892\";isLogIn|b:1;'
WHERE `id` = 'ca0c19e354845b02617b6b03e2026a370fed2409';
UPDATE `user_registration` SET `language` = 'spanish'
WHERE `user_id` = 'admin';
UPDATE `user_registration` SET `popup_seen` = 'yes'
WHERE `user_id` = 'admin';
UPDATE `user_registration` SET `language` = 'english'
WHERE `user_id` = 'admin';
UPDATE `user_registration` SET `popup_seen` = 'yes'
WHERE `user_id` = 'admin';
UPDATE `ci_sessions` SET `timestamp` = 1737674225, `data` = '__ci_last_regenerate|i:1737674225;id|s:4:\"2019\";user_id|s:5:\"admin\";username|s:5:\"admin\";sponsor_id|s:1:\"0\";fullname|s:11:\"Alex Carrey\";email|s:15:\"admin@admin.com\";phone|s:10:\"1235467892\";isLogIn|b:1;'
WHERE `id` = '3765e4441f75e27f0576d2fa3f3660dd0ced84bc';
INSERT INTO `login_history` (`user_id`, `device`, `ip_address`, `date`) VALUES ('R37QLI', 'Mozilla/5.0 (Macintosh; Intel Mac OS X 10_15_7) AppleWebKit/605.1.15 (KHTML, like Gecko) Version/17.4 Safari/605.1.15', '172.70.54.69', '25-01-23 18:57');
UPDATE `user_registration` SET `popup_seen` = 'yes'
WHERE `user_id` = 'R37QLI';
UPDATE `user_registration` SET `popup_seen` = 'yes'
WHERE `user_id` = 'R37QLI';
INSERT INTO `login_history` (`user_id`, `device`, `ip_address`, `date`) VALUES ('44B9Y4', 'Mozilla/5.0 (Windows NT 10.0; Win64; x64) AppleWebKit/537.36 (KHTML, like Gecko) Chrome/131.0.0.0 Safari/537.36', '172.70.254.233', '25-01-23 19:04');
UPDATE `user_registration` SET `popup_seen` = 'yes'
WHERE `user_id` = '44B9Y4';
UPDATE `user_registration` SET `popup_seen` = 'yes'
WHERE `user_id` = '44B9Y4';
UPDATE `user_registration` SET `popup_seen` = 'no'
WHERE `user_id` = '44B9Y4';
DELETE FROM `ci_sessions`
WHERE `id` = '4185bb49013cd908dbafb54e86ae06c9f91e8e74';
INSERT INTO `login_history` (`user_id`, `device`, `ip_address`, `date`) VALUES ('N6GZAE', 'Mozilla/5.0 (Windows NT 10.0; Win64; x64) AppleWebKit/537.36 (KHTML, like Gecko) Chrome/131.0.0.0 Safari/537.36', '108.162.210.220', '25-01-23 19:06');
UPDATE `user_registration` SET `popup_seen` = 'yes'
WHERE `user_id` = 'N6GZAE';
UPDATE `user_registration` SET `default_leg` = 'left'
WHERE `user_id` = 'N6GZAE';
UPDATE `user_registration` SET `popup_seen` = 'yes'
WHERE `user_id` = 'N6GZAE';
UPDATE `ci_sessions` SET `timestamp` = 1737681319, `data` = '__ci_last_regenerate|i:1737681319;id|s:4:\"2031\";user_id|s:6:\"R37QLI\";username|s:5:\"dleon\";sponsor_id|s:6:\"H2HQC8\";fullname|s:11:\"Dayami Leon\";email|s:20:\"atravel4uu@gmail.com\";phone|s:10:\"7865069935\";isLogIn|b:1;'
WHERE `id` = '863f1eb5d33117cf983000905ce87fa2b4d778e2';
UPDATE `user_registration` SET `popup_seen` = 'yes'
WHERE `user_id` = 'R37QLI';
UPDATE `ci_sessions` SET `timestamp` = 1737682178, `data` = '__ci_last_regenerate|i:1737682178;id|s:4:\"2034\";user_id|s:6:\"N6GZAE\";username|s:8:\"Mariposa\";sponsor_id|s:6:\"4E1CRI\";fullname|s:15:\"Yanepsy Jimenez\";email|s:18:\"jyanepsy@gmail.com\";phone|s:10:\"7862876762\";isLogIn|b:1;'
WHERE `id` = '0c974c7dcd812b8249f88081b6815b6b7b571b56';
UPDATE `user_registration` SET `popup_seen` = 'yes'
WHERE `user_id` = 'N6GZAE';
UPDATE `user_registration` SET `popup_seen` = 'yes'
WHERE `user_id` = 'N6GZAE';
UPDATE `ci_sessions` SET `timestamp` = 1737682585, `data` = '__ci_last_regenerate|i:1737682585;id|s:4:\"2034\";user_id|s:6:\"N6GZAE\";username|s:8:\"Mariposa\";sponsor_id|s:6:\"4E1CRI\";fullname|s:15:\"Yanepsy Jimenez\";email|s:18:\"jyanepsy@gmail.com\";phone|s:10:\"7862876762\";isLogIn|b:1;'
WHERE `id` = '1d68bcf3637c0b081a60df09378fc479313be0a4';
UPDATE `user_registration` SET `popup_seen` = 'yes'
WHERE `user_id` = 'N6GZAE';
UPDATE `user_registration` SET `popup_seen` = 'yes'
WHERE `user_id` = 'N6GZAE';
UPDATE `user_registration` SET `popup_seen` = 'yes'
WHERE `user_id` = 'N6GZAE';
UPDATE `ci_sessions` SET `timestamp` = 1737682801, `data` = '__ci_last_regenerate|i:1737682801;'
WHERE `id` = '54be401d0a96e21c03b74662c0652084bf9a1877';
INSERT INTO `temp_register` (`post_data`, `date`, `payment_method`, `type`) VALUES ('{\"uid\":\"2042\",\"user_id\":\"UQO7EQ\",\"username\":\"Rafa51\",\"sponsor_id\":\"N6GZAE\",\"vacant\":\"no\",\"f_name\":\"Rafael\",\"l_name\":\"Rodriguez\",\"position\":\"left\",\"email\":\"rafagana@yahoo.com\",\"password\":\"b097403139cadc56bcba0edda92b66c1\",\"phone\":\"3057610606\",\"country\":\"United States\",\"state\":\"Florida\",\"city\":\"Miami\",\"street\":\"6520 Kendale Lakes Dr #1001\",\"zip_code\":\"33183\",\"reg_ip\":\"172.70.83.11\",\"status\":1,\"package_id\":\"2\",\"rank_id\":1,\"highest_rank\":1,\"cycle_rank_id\":1,\"created\":\"2025-01-23 19:40:01\",\"subscription_date\":\"2025-02-22\",\"google_secret\":\"GFVJYIMKDL3IVF54\"}', '2025-01-23 19:40:01', 'stripe', 'register');
UPDATE `temp_register` SET `response` = '{\"stripeToken\":\"tok_1QkbuR2NUoYUjiuu6sNbEb3B\",\"stripeTokenType\":\"card\",\"stripeEmail\":\"rafagana@yahoo.com\"}', `date_modified` = '2025-01-23 19:42:15', `payment_status` = '{\"id\":\"ch_3QkbuV2NUoYUjiuu0hCs4w0k\",\"object\":\"charge\",\"amount\":59500,\"amount_captured\":59500,\"amount_refunded\":0,\"application\":null,\"application_fee\":null,\"application_fee_amount\":null,\"balance_transaction\":\"txn_3QkbuV2NUoYUjiuu064imLuP\",\"billing_details\":{\"address\":{\"city\":null,\"country\":null,\"line1\":null,\"line2\":null,\"postal_code\":null,\"state\":null},\"email\":null,\"name\":\"rafagana@yahoo.com\",\"phone\":null},\"calculated_statement_descriptor\":\"TRAVELEGENDCY LLC\",\"captured\":true,\"created\":1737682935,\"currency\":\"usd\",\"customer\":\"cus_RdthfumcYQf2KM\",\"description\":null,\"destination\":null,\"dispute\":null,\"disputed\":false,\"failure_balance_transaction\":null,\"failure_code\":null,\"failure_message\":null,\"fraud_details\":[],\"invoice\":null,\"livemode\":true,\"metadata\":{\"name\":\"Rafael Rodriguez\",\"username\":\"Rafa51\"},\"on_behalf_of\":null,\"order\":null,\"outcome\":{\"advice_code\":null,\"network_advice_code\":null,\"network_decline_code\":null,\"network_status\":\"approved_by_network\",\"reason\":null,\"risk_level\":\"normal\",\"seller_message\":\"Payment complete.\",\"type\":\"authorized\"},\"paid\":true,\"payment_intent\":null,\"payment_method\":\"card_1QkbuQ2NUoYUjiuua3ONpoEF\",\"payment_method_details\":{\"card\":{\"amount_authorized\":59500,\"authorization_code\":\"023977\",\"brand\":\"visa\",\"checks\":{\"address_line1_check\":null,\"address_postal_code_check\":null,\"cvc_check\":\"pass\"},\"country\":\"US\",\"exp_month\":11,\"exp_year\":2027,\"extended_authorization\":{\"status\":\"disabled\"},\"fingerprint\":\"oDFJPEufxLEAjKWo\",\"funding\":\"debit\",\"incremental_authorization\":{\"status\":\"unavailable\"},\"installments\":null,\"last4\":\"2629\",\"mandate\":null,\"multicapture\":{\"status\":\"unavailable\"},\"network\":\"visa\",\"network_token\":{\"used\":false},\"network_transaction_id\":\"385024061351413\",\"overcapture\":{\"maximum_amount_capturable\":59500,\"status\":\"unavailable\"},\"regulated_status\":\"regulated\",\"three_d_secure\":null,\"wallet\":null},\"type\":\"card\"},\"receipt_email\":null,\"receipt_number\":null,\"receipt_url\":\"https:\\/\\/pay.stripe.com\\/receipts\\/payment\\/CAcQARoXChVhY2N0XzFRUEFGdjJOVW9ZVWppdXUo-N_LvAYyBrTUi8nzQDosFnDJ-ffdy3Kd2nM-PXnN0GtvtpFjRndyHnF_qbDh8ZXgs0prz8OyV8gdp0A\",\"refunded\":false,\"review\":null,\"shipping\":null,\"source\":{\"id\":\"card_1QkbuQ2NUoYUjiuua3ONpoEF\",\"object\":\"card\",\"address_city\":null,\"address_country\":null,\"address_line1\":null,\"address_line1_check\":null,\"address_line2\":null,\"address_state\":null,\"address_zip\":null,\"address_zip_check\":null,\"allow_redisplay\":\"unspecified\",\"brand\":\"Visa\",\"country\":\"US\",\"customer\":\"cus_RdthfumcYQf2KM\",\"cvc_check\":\"pass\",\"dynamic_last4\":null,\"exp_month\":11,\"exp_year\":2027,\"fingerprint\":\"oDFJPEufxLEAjKWo\",\"funding\":\"debit\",\"last4\":\"2629\",\"metadata\":[],\"name\":\"rafagana@yahoo.com\",\"regulated_status\":\"regulated\",\"tokenization_method\":null,\"wallet\":null},\"source_transfer\":null,\"statement_descriptor\":null,\"statement_descriptor_suffix\":null,\"status\":\"succeeded\",\"transfer_data\":null,\"transfer_group\":null}'
WHERE `id` = 26;
UPDATE `user_registration` SET `uid` = '2042', `user_id` = 'UQO7EQ', `username` = 'Rafa51', `sponsor_id` = 'N6GZAE', `vacant` = 'no', `f_name` = 'Rafael', `l_name` = 'Rodriguez', `position` = 'left', `email` = 'rafagana@yahoo.com', `password` = 'b097403139cadc56bcba0edda92b66c1', `phone` = '3057610606', `country` = 'United States', `state` = 'Florida', `city` = 'Miami', `street` = '6520 Kendale Lakes Dr #1001', `zip_code` = '33183', `reg_ip` = '172.70.83.11', `status` = 1, `package_id` = '2', `rank_id` = 1, `highest_rank` = 1, `cycle_rank_id` = 1, `created` = '2025-01-23 19:40:01', `subscription_date` = '2025-02-22', `google_secret` = 'GFVJYIMKDL3IVF54'
WHERE `uid` = '2042';
INSERT INTO `user_registration` (`uid`, `user_id`, `username`, `sponsor_id`, `placement_id`, `vacant`, `f_name`, `l_name`, `address`, `position`, `email`, `password`, `phone`, `reg_ip`, `status`, `created`) VALUES (NULL, 'EDIFRM', 'nllBrnVv', 'UQO7EQ', 'UQO7EQ', 'yes', '', '', '', 'left', '@mail.com', '', '', '', 0, '2025-01-23 19:42:15');
INSERT INTO `user_registration` (`uid`, `user_id`, `username`, `sponsor_id`, `placement_id`, `vacant`, `f_name`, `l_name`, `address`, `position`, `email`, `password`, `phone`, `reg_ip`, `status`, `created`) VALUES (NULL, 'CFHRUO', 'CdZvobeU', 'UQO7EQ', 'UQO7EQ', 'yes', '', '', '', 'right', '@mail.com', '', '', '', 0, '2025-01-23 19:42:15');
INSERT INTO `bv_updation` (`user_id`) VALUES ('UQO7EQ');
UPDATE `user_registration` SET total_ref_count = total_ref_count+1
WHERE `user_id` = 'N6GZAE';
UPDATE `user_registration` SET total_downlines = total_downlines+1
WHERE `user_id` = 'N6GZAE';
UPDATE `user_registration` SET left_downlines = left_downlines+1
WHERE `user_id` = 'N6GZAE';
UPDATE `user_registration` SET left_ref_count = left_ref_count+1
WHERE `user_id` = 'N6GZAE';
UPDATE `user_registration` SET active_left = active_left+1
WHERE `user_id` = 'N6GZAE';
UPDATE `user_registration` SET total_downlines = total_downlines+1
WHERE `user_id` = '4E1CRI';
UPDATE `user_registration` SET left_downlines = left_downlines+1
WHERE `user_id` = '4E1CRI';
UPDATE `user_registration` SET total_downlines = total_downlines+1
WHERE `user_id` = 'SJBNYJ';
UPDATE `user_registration` SET left_downlines = left_downlines+1
WHERE `user_id` = 'SJBNYJ';
UPDATE `user_registration` SET total_downlines = total_downlines+1
WHERE `user_id` = '44B9Y4';
UPDATE `user_registration` SET left_downlines = left_downlines+1
WHERE `user_id` = '44B9Y4';
UPDATE `user_registration` SET total_downlines = total_downlines+1
WHERE `user_id` = 'admin';
UPDATE `user_registration` SET right_downlines = right_downlines+1
WHERE `user_id` = 'admin';
INSERT INTO `investment` (`invest_date`, `user_id`, `type`, `amount`, `package_id`) VALUES ('2025-01-23 19:42:15', 'UQO7EQ', 'register', '595', '2');
INSERT INTO `earnings` (`user_id`, `Purchaser_id`, `earning_type`, `package_id`, `amount`, `date`, `comments`, `invest_amount`, `comm_perc`, `level`, `rank_id`, `order_id`) VALUES ('N6GZAE', 'UQO7EQ', 'Direct Referral Bonus', '2', '100', '2025-01-23 19:42:15', 'Direct Referral Bonus', 0, 0, 1, '', 19);
UPDATE `user_registration` SET commission_balance = ROUND(commission_balance + 100,2)
WHERE `user_id` = 'N6GZAE';
UPDATE `user_registration` SET referral_bonus = ROUND(referral_bonus + 100,2)
WHERE `user_id` = 'N6GZAE';
UPDATE `user_registration` SET total_points = ROUND(total_points + 50,2)
WHERE `user_id` = 'UQO7EQ';
INSERT INTO `points_history` (`user_id`, `points`, `type`, `date`) VALUES ('UQO7EQ', '50', 'register', '2025-01-23 19:42:');
INSERT INTO `matrix_filling` (`placement_id`, `downline_id`, `level`, `matrix`) VALUES ('N6GZAE', 'UQO7EQ', 1, 1);
UPDATE `bv_updation` SET left_carry = left_carry+50, total_left = total_left+50
WHERE `user_id` = 'N6GZAE';
INSERT INTO `placement_bv_update_history` (`left_carry`, `date`, `from_id`, `user_id`) VALUES ('50', '2025-01-23 19:42:15', 'UQO7EQ', 'N6GZAE');
UPDATE `bv_updation` SET sponsor_left_carry = sponsor_left_carry+50, sponsor_total_left = sponsor_total_left+50
WHERE `user_id` = 'N6GZAE';
INSERT INTO `sponsor_bv_update_history` (`left_carry`, `date`, `user_id`) VALUES ('50', '2025-01-23 19:42:15', 'N6GZAE');
INSERT INTO `matrix_filling` (`placement_id`, `downline_id`, `level`, `matrix`) VALUES ('4E1CRI', 'UQO7EQ', 2, 1);
UPDATE `bv_updation` SET left_carry = left_carry+50, total_left = total_left+50
WHERE `user_id` = '4E1CRI';
INSERT INTO `placement_bv_update_history` (`left_carry`, `date`, `from_id`, `user_id`) VALUES ('50', '2025-01-23 19:42:15', 'UQO7EQ', '4E1CRI');
INSERT INTO `matrix_filling` (`placement_id`, `downline_id`, `level`, `matrix`) VALUES ('SJBNYJ', 'UQO7EQ', 3, 1);
UPDATE `bv_updation` SET left_carry = left_carry+50, total_left = total_left+50
WHERE `user_id` = 'SJBNYJ';
INSERT INTO `placement_bv_update_history` (`left_carry`, `date`, `from_id`, `user_id`) VALUES ('50', '2025-01-23 19:42:15', 'UQO7EQ', 'SJBNYJ');
INSERT INTO `matrix_filling` (`placement_id`, `downline_id`, `level`, `matrix`) VALUES ('44B9Y4', 'UQO7EQ', 4, 1);
UPDATE `bv_updation` SET left_carry = left_carry+50, total_left = total_left+50
WHERE `user_id` = '44B9Y4';
INSERT INTO `placement_bv_update_history` (`left_carry`, `date`, `from_id`, `user_id`) VALUES ('50', '2025-01-23 19:42:15', 'UQO7EQ', '44B9Y4');
INSERT INTO `matrix_filling` (`placement_id`, `downline_id`, `level`, `matrix`) VALUES ('admin', 'UQO7EQ', 5, 1);
UPDATE `bv_updation` SET right_carry = right_carry+50, total_right = total_right+50
WHERE `user_id` = 'admin';
INSERT INTO `placement_bv_update_history` (`right_carry`, `date`, `from_id`, `user_id`) VALUES ('50', '2025-01-23 19:42:15', 'UQO7EQ', 'admin');
INSERT INTO `package_purchase_history` (`user_id`, `package_id`, `reg_fee`, `package_name`, `monthly_fee`, `type`, `date`, `payment_option`) VALUES ('UQO7EQ', '2', '595', 'Traveler Pro', '150', 'sign_up', '2025-01-23 19:42:15', 'stripe');
UPDATE `ci_sessions` SET `timestamp` = 1737683194, `data` = '__ci_last_regenerate|i:1737683194;message|s:44:\"Your registration completed successfully...!\";__ci_vars|a:1:{s:7:\"message\";s:3:\"old\";}'
WHERE `id` = '4ea248c1b69a0a6b822d59894c497d6ea620baa8';
INSERT INTO `login_history` (`user_id`, `device`, `ip_address`, `date`) VALUES ('UQO7EQ', 'Mozilla/5.0 (Windows NT 10.0; Win64; x64) AppleWebKit/537.36 (KHTML, like Gecko) Chrome/132.0.0.0 Safari/537.36', '172.70.83.11', '25-01-23 19:47');
UPDATE `user_registration` SET `popup_seen` = 'yes'
WHERE `user_id` = 'UQO7EQ';
UPDATE `ci_sessions` SET `timestamp` = 1737683389, `data` = '__ci_last_regenerate|i:1737683389;id|s:4:\"2034\";user_id|s:6:\"N6GZAE\";username|s:8:\"Mariposa\";sponsor_id|s:6:\"4E1CRI\";fullname|s:15:\"Yanepsy Jimenez\";email|s:18:\"jyanepsy@gmail.com\";phone|s:10:\"7862876762\";isLogIn|b:1;'
WHERE `id` = '2ba3040163eb56ceaa7a39c0145a9256c7e1d648';
UPDATE `user_registration` SET `popup_seen` = 'yes'
WHERE `user_id` = 'N6GZAE';
UPDATE `user_registration` SET `popup_seen` = 'yes'
WHERE `user_id` = 'UQO7EQ';
UPDATE `ci_sessions` SET `timestamp` = 1737683748, `data` = '__ci_last_regenerate|i:1737683748;id|s:4:\"2034\";user_id|s:6:\"N6GZAE\";username|s:8:\"Mariposa\";sponsor_id|s:6:\"4E1CRI\";fullname|s:15:\"Yanepsy Jimenez\";email|s:18:\"jyanepsy@gmail.com\";phone|s:10:\"7862876762\";isLogIn|b:1;'
WHERE `id` = 'd338be8665d45ec2e2bb3e7579d2503a9bfc2a24';
UPDATE `user_registration` SET `popup_seen` = 'yes'
WHERE `user_id` = 'N6GZAE';
UPDATE `ci_sessions` SET `timestamp` = 1737683877, `data` = '__ci_last_regenerate|i:1737683877;id|s:4:\"2042\";user_id|s:6:\"UQO7EQ\";username|s:6:\"Rafa51\";sponsor_id|s:6:\"N6GZAE\";fullname|s:16:\"Rafael Rodriguez\";email|s:18:\"rafagana@yahoo.com\";phone|s:10:\"3057610606\";isLogIn|b:1;'
WHERE `id` = '2bc13a8e1b9283803b795539023a143c69713650';
UPDATE `user_registration` SET `popup_seen` = 'no'
WHERE `user_id` = 'UQO7EQ';
DELETE FROM `ci_sessions`
WHERE `id` = '2fc5853db87f839321af11b7c842c375d3af94e0';
UPDATE `ci_sessions` SET `timestamp` = 1737684166, `data` = '__ci_last_regenerate|i:1737684166;id|s:4:\"2034\";user_id|s:6:\"N6GZAE\";username|s:8:\"Mariposa\";sponsor_id|s:6:\"4E1CRI\";fullname|s:15:\"Yanepsy Jimenez\";email|s:18:\"jyanepsy@gmail.com\";phone|s:10:\"7862876762\";isLogIn|b:1;'
WHERE `id` = 'c22aed8164bc176790f7bd0548741329c19521ff';
UPDATE `user_registration` SET `popup_seen` = 'no'
WHERE `user_id` = 'N6GZAE';
DELETE FROM `ci_sessions`
WHERE `id` = '2d92cbfa033668dc2dfcb4836bcf47cb532aa6ca';
INSERT INTO `login_history` (`user_id`, `device`, `ip_address`, `date`) VALUES ('44B9Y4', 'Mozilla/5.0 (Windows NT 10.0; Win64; x64) AppleWebKit/537.36 (KHTML, like Gecko) Chrome/131.0.0.0 Safari/537.36', '172.69.132.247', '25-01-23 20:03');
UPDATE `user_registration` SET `popup_seen` = 'yes'
WHERE `user_id` = '44B9Y4';
INSERT INTO `login_history` (`user_id`, `device`, `ip_address`, `date`) VALUES ('UQO7EQ', 'Mozilla/5.0 (Windows NT 10.0; Win64; x64) AppleWebKit/537.36 (KHTML, like Gecko) Chrome/132.0.0.0 Safari/537.36', '172.69.70.103', '25-01-23 20:22');
UPDATE `user_registration` SET `popup_seen` = 'yes'
WHERE `user_id` = 'UQO7EQ';
UPDATE `user_registration` SET `popup_seen` = 'yes'
WHERE `user_id` = 'UQO7EQ';
UPDATE `ci_sessions` SET `timestamp` = 1737685579, `data` = '__ci_last_regenerate|i:1737685579;id|s:4:\"2021\";user_id|s:6:\"44B9Y4\";username|s:7:\"Talimbi\";sponsor_id|s:5:\"admin\";fullname|s:14:\"Emilio Tapanes\";email|s:23:\"emiliotapanes@gmail.com\";phone|s:10:\"7862876762\";isLogIn|b:1;message|s:22:\"Welcome Emilio Tapanes\";__ci_vars|a:1:{s:7:\"message\";s:3:\"old\";}'
WHERE `id` = '77bef6b4bf8ddf22d9dca8fd43dff05939d3c2d7';
UPDATE `user_registration` SET `popup_seen` = 'no'
WHERE `user_id` = '44B9Y4';
DELETE FROM `ci_sessions`
WHERE `id` = '0d59b0ae5ee635f9174a9a132a74a639974fed55';
INSERT INTO `login_history` (`user_id`, `device`, `ip_address`, `date`) VALUES ('N6GZAE', 'Mozilla/5.0 (Windows NT 10.0; Win64; x64) AppleWebKit/537.36 (KHTML, like Gecko) Chrome/131.0.0.0 Safari/537.36', '172.70.255.78', '25-01-23 20:26');
UPDATE `user_registration` SET `popup_seen` = 'yes'
WHERE `user_id` = 'N6GZAE';
UPDATE `ci_sessions` SET `timestamp` = 1737685634, `data` = '__ci_last_regenerate|i:1737685634;id|s:4:\"2042\";user_id|s:6:\"UQO7EQ\";username|s:6:\"Rafa51\";sponsor_id|s:6:\"N6GZAE\";fullname|s:16:\"Rafael Rodriguez\";email|s:18:\"rafagana@yahoo.com\";phone|s:10:\"3057610606\";isLogIn|b:1;'
WHERE `id` = 'd8e216784af4b3534962c20f1531dbc13d754ed2';
UPDATE `user_registration` SET `default_leg` = 'left'
WHERE `user_id` = 'UQO7EQ';
UPDATE `ci_sessions` SET `timestamp` = 1737685914, `data` = '__ci_last_regenerate|i:1737685914;id|s:4:\"2034\";user_id|s:6:\"N6GZAE\";username|s:8:\"Mariposa\";sponsor_id|s:6:\"4E1CRI\";fullname|s:15:\"Yanepsy Jimenez\";email|s:18:\"jyanepsy@gmail.com\";phone|s:10:\"7862876762\";isLogIn|b:1;'
WHERE `id` = 'aad2d1062816eddc54e60f71bbf4eb5f846e1722';
UPDATE `user_registration` SET `popup_seen` = 'yes'
WHERE `user_id` = 'N6GZAE';
UPDATE `ci_sessions` SET `timestamp` = 1737685935, `data` = '__ci_last_regenerate|i:1737685935;id|s:4:\"2042\";user_id|s:6:\"UQO7EQ\";username|s:6:\"Rafa51\";sponsor_id|s:6:\"N6GZAE\";fullname|s:16:\"Rafael Rodriguez\";email|s:18:\"rafagana@yahoo.com\";phone|s:10:\"3057610606\";isLogIn|b:1;'
WHERE `id` = '63ea961afc5451613be241722450a4aa771ab65b';
INSERT INTO `temp_register` (`post_data`, `date`, `payment_method`, `type`) VALUES ('{\"uid\":\"2052\",\"user_id\":\"K55EDD\",\"username\":\"Varadero20\",\"sponsor_id\":\"UQO7EQ\",\"vacant\":\"no\",\"f_name\":\"Francisco\",\"l_name\":\"Prieto\",\"position\":\"left\",\"email\":\"prieto112015@hotmail.com\",\"password\":\"61df6f2517b331ae8323d0d3716740bd\",\"phone\":\"3059264135\",\"country\":\"United States\",\"state\":\"Florida\",\"city\":\"Miami\",\"street\":\"12475 SW 188 Terrace\",\"zip_code\":\"33177\",\"reg_ip\":\"172.70.82.178\",\"status\":1,\"package_id\":\"2\",\"rank_id\":1,\"highest_rank\":1,\"cycle_rank_id\":1,\"created\":\"2025-01-23 20:32:15\",\"subscription_date\":\"2025-02-22\",\"google_secret\":\"QTFMEWAJVLWKBMKP\"}', '2025-01-23 20:32:15', 'stripe', 'register');
UPDATE `user_registration` SET `popup_seen` = 'yes'
WHERE `user_id` = 'N6GZAE';
UPDATE `temp_register` SET `response` = '{\"stripeToken\":\"tok_1QkciM2NUoYUjiuukbjcLejn\",\"stripeTokenType\":\"card\",\"stripeEmail\":\"prieto112015@hotmail.com\"}', `date_modified` = '2025-01-23 20:33:51', `payment_status` = '{\"id\":\"ch_3QkciR2NUoYUjiuu1WNdAbm1\",\"object\":\"charge\",\"amount\":59500,\"amount_captured\":59500,\"amount_refunded\":0,\"application\":null,\"application_fee\":null,\"application_fee_amount\":null,\"balance_transaction\":\"txn_3QkciR2NUoYUjiuu1ZB5abHS\",\"billing_details\":{\"address\":{\"city\":null,\"country\":null,\"line1\":null,\"line2\":null,\"postal_code\":null,\"state\":null},\"email\":null,\"name\":\"prieto112015@hotmail.com\",\"phone\":null},\"calculated_statement_descriptor\":\"TRAVELEGENDCY LLC\",\"captured\":true,\"created\":1737686031,\"currency\":\"usd\",\"customer\":\"cus_RduXDH2irEOqCi\",\"description\":null,\"destination\":null,\"dispute\":null,\"disputed\":false,\"failure_balance_transaction\":null,\"failure_code\":null,\"failure_message\":null,\"fraud_details\":[],\"invoice\":null,\"livemode\":true,\"metadata\":{\"name\":\"Francisco Prieto\",\"username\":\"Varadero20\"},\"on_behalf_of\":null,\"order\":null,\"outcome\":{\"advice_code\":null,\"network_advice_code\":null,\"network_decline_code\":null,\"network_status\":\"approved_by_network\",\"reason\":null,\"risk_level\":\"normal\",\"seller_message\":\"Payment complete.\",\"type\":\"authorized\"},\"paid\":true,\"payment_intent\":null,\"payment_method\":\"card_1QkciM2NUoYUjiuuKE9N6T9U\",\"payment_method_details\":{\"card\":{\"amount_authorized\":59500,\"authorization_code\":\"02384P\",\"brand\":\"discover\",\"checks\":{\"address_line1_check\":null,\"address_postal_code_check\":null,\"cvc_check\":\"pass\"},\"country\":\"US\",\"exp_month\":2,\"exp_year\":2029,\"extended_authorization\":{\"status\":\"disabled\"},\"fingerprint\":\"HQkaELIvzatrbrIF\",\"funding\":\"credit\",\"incremental_authorization\":{\"status\":\"unavailable\"},\"installments\":null,\"last4\":\"0216\",\"mandate\":null,\"multicapture\":{\"status\":\"unavailable\"},\"network\":\"discover\",\"network_token\":{\"used\":false},\"network_transaction_id\":\"755019784312597\",\"overcapture\":{\"maximum_amount_capturable\":59500,\"status\":\"unavailable\"},\"regulated_status\":\"unregulated\",\"three_d_secure\":null,\"wallet\":null},\"type\":\"card\"},\"receipt_email\":null,\"receipt_number\":null,\"receipt_url\":\"https:\\/\\/pay.stripe.com\\/receipts\\/payment\\/CAcQARoXChVhY2N0XzFRUEFGdjJOVW9ZVWppdXUokPjLvAYyBp7pMFD2iTosFiBWbn5gHqxztKrEnvSogsTBQdkzQoq-WgrxXYfaBwIqVOwn3yaMHSw1x7Y\",\"refunded\":false,\"review\":null,\"shipping\":null,\"source\":{\"id\":\"card_1QkciM2NUoYUjiuuKE9N6T9U\",\"object\":\"card\",\"address_city\":null,\"address_country\":null,\"address_line1\":null,\"address_line1_check\":null,\"address_line2\":null,\"address_state\":null,\"address_zip\":null,\"address_zip_check\":null,\"allow_redisplay\":\"unspecified\",\"brand\":\"Discover\",\"country\":\"US\",\"customer\":\"cus_RduXDH2irEOqCi\",\"cvc_check\":\"pass\",\"dynamic_last4\":null,\"exp_month\":2,\"exp_year\":2029,\"fingerprint\":\"HQkaELIvzatrbrIF\",\"funding\":\"credit\",\"last4\":\"0216\",\"metadata\":[],\"name\":\"prieto112015@hotmail.com\",\"regulated_status\":\"unregulated\",\"tokenization_method\":null,\"wallet\":null},\"source_transfer\":null,\"statement_descriptor\":null,\"statement_descriptor_suffix\":null,\"status\":\"succeeded\",\"transfer_data\":null,\"transfer_group\":null}'
WHERE `id` = 27;
UPDATE `user_registration` SET `uid` = '2052', `user_id` = 'K55EDD', `username` = 'Varadero20', `sponsor_id` = 'UQO7EQ', `vacant` = 'no', `f_name` = 'Francisco', `l_name` = 'Prieto', `position` = 'left', `email` = 'prieto112015@hotmail.com', `password` = '61df6f2517b331ae8323d0d3716740bd', `phone` = '3059264135', `country` = 'United States', `state` = 'Florida', `city` = 'Miami', `street` = '12475 SW 188 Terrace', `zip_code` = '33177', `reg_ip` = '172.70.82.178', `status` = 1, `package_id` = '2', `rank_id` = 1, `highest_rank` = 1, `cycle_rank_id` = 1, `created` = '2025-01-23 20:32:15', `subscription_date` = '2025-02-22', `google_secret` = 'QTFMEWAJVLWKBMKP'
WHERE `uid` = '2052';
INSERT INTO `user_registration` (`uid`, `user_id`, `username`, `sponsor_id`, `placement_id`, `vacant`, `f_name`, `l_name`, `address`, `position`, `email`, `password`, `phone`, `reg_ip`, `status`, `created`) VALUES (NULL, 'RVWFBL', 'MPiBLphJ', 'K55EDD', 'K55EDD', 'yes', '', '', '', 'left', '@mail.com', '', '', '', 0, '2025-01-23 20:33:51');
INSERT INTO `user_registration` (`uid`, `user_id`, `username`, `sponsor_id`, `placement_id`, `vacant`, `f_name`, `l_name`, `address`, `position`, `email`, `password`, `phone`, `reg_ip`, `status`, `created`) VALUES (NULL, 'LLGRDD', 'hSbQoDPF', 'K55EDD', 'K55EDD', 'yes', '', '', '', 'right', '@mail.com', '', '', '', 0, '2025-01-23 20:33:51');
INSERT INTO `bv_updation` (`user_id`) VALUES ('K55EDD');
UPDATE `user_registration` SET total_ref_count = total_ref_count+1
WHERE `user_id` = 'UQO7EQ';
UPDATE `user_registration` SET total_downlines = total_downlines+1
WHERE `user_id` = 'UQO7EQ';
UPDATE `user_registration` SET left_downlines = left_downlines+1
WHERE `user_id` = 'UQO7EQ';
UPDATE `user_registration` SET left_ref_count = left_ref_count+1
WHERE `user_id` = 'UQO7EQ';
UPDATE `user_registration` SET active_left = active_left+1
WHERE `user_id` = 'UQO7EQ';
UPDATE `user_registration` SET total_downlines = total_downlines+1
WHERE `user_id` = 'N6GZAE';
UPDATE `user_registration` SET left_downlines = left_downlines+1
WHERE `user_id` = 'N6GZAE';
UPDATE `user_registration` SET total_downlines = total_downlines+1
WHERE `user_id` = '4E1CRI';
UPDATE `user_registration` SET left_downlines = left_downlines+1
WHERE `user_id` = '4E1CRI';
UPDATE `user_registration` SET total_downlines = total_downlines+1
WHERE `user_id` = 'SJBNYJ';
UPDATE `user_registration` SET left_downlines = left_downlines+1
WHERE `user_id` = 'SJBNYJ';
UPDATE `user_registration` SET total_downlines = total_downlines+1
WHERE `user_id` = '44B9Y4';
UPDATE `user_registration` SET left_downlines = left_downlines+1
WHERE `user_id` = '44B9Y4';
UPDATE `user_registration` SET total_downlines = total_downlines+1
WHERE `user_id` = 'admin';
UPDATE `user_registration` SET right_downlines = right_downlines+1
WHERE `user_id` = 'admin';
INSERT INTO `investment` (`invest_date`, `user_id`, `type`, `amount`, `package_id`) VALUES ('2025-01-23 20:33:51', 'K55EDD', 'register', '595', '2');
INSERT INTO `earnings` (`user_id`, `Purchaser_id`, `earning_type`, `package_id`, `amount`, `date`, `comments`, `invest_amount`, `comm_perc`, `level`, `rank_id`, `order_id`) VALUES ('UQO7EQ', 'K55EDD', 'Direct Referral Bonus', '2', '100', '2025-01-23 20:33:51', 'Direct Referral Bonus', 0, 0, 1, '', 20);
UPDATE `user_registration` SET commission_balance = ROUND(commission_balance + 100,2)
WHERE `user_id` = 'UQO7EQ';
UPDATE `user_registration` SET referral_bonus = ROUND(referral_bonus + 100,2)
WHERE `user_id` = 'UQO7EQ';
UPDATE `user_registration` SET total_points = ROUND(total_points + 50,2)
WHERE `user_id` = 'K55EDD';
INSERT INTO `points_history` (`user_id`, `points`, `type`, `date`) VALUES ('K55EDD', '50', 'register', '2025-01-23 20:33:');
INSERT INTO `matrix_filling` (`placement_id`, `downline_id`, `level`, `matrix`) VALUES ('UQO7EQ', 'K55EDD', 1, 1);
UPDATE `bv_updation` SET left_carry = left_carry+50, total_left = total_left+50
WHERE `user_id` = 'UQO7EQ';
INSERT INTO `placement_bv_update_history` (`left_carry`, `date`, `from_id`, `user_id`) VALUES ('50', '2025-01-23 20:33:51', 'K55EDD', 'UQO7EQ');
UPDATE `bv_updation` SET sponsor_left_carry = sponsor_left_carry+50, sponsor_total_left = sponsor_total_left+50
WHERE `user_id` = 'UQO7EQ';
INSERT INTO `sponsor_bv_update_history` (`left_carry`, `date`, `user_id`) VALUES ('50', '2025-01-23 20:33:51', 'UQO7EQ');
INSERT INTO `matrix_filling` (`placement_id`, `downline_id`, `level`, `matrix`) VALUES ('N6GZAE', 'K55EDD', 2, 1);
UPDATE `bv_updation` SET left_carry = left_carry+50, total_left = total_left+50
WHERE `user_id` = 'N6GZAE';
INSERT INTO `placement_bv_update_history` (`left_carry`, `date`, `from_id`, `user_id`) VALUES ('50', '2025-01-23 20:33:51', 'K55EDD', 'N6GZAE');
INSERT INTO `matrix_filling` (`placement_id`, `downline_id`, `level`, `matrix`) VALUES ('4E1CRI', 'K55EDD', 3, 1);
UPDATE `bv_updation` SET left_carry = left_carry+50, total_left = total_left+50
WHERE `user_id` = '4E1CRI';
INSERT INTO `placement_bv_update_history` (`left_carry`, `date`, `from_id`, `user_id`) VALUES ('50', '2025-01-23 20:33:51', 'K55EDD', '4E1CRI');
INSERT INTO `matrix_filling` (`placement_id`, `downline_id`, `level`, `matrix`) VALUES ('SJBNYJ', 'K55EDD', 4, 1);
UPDATE `bv_updation` SET left_carry = left_carry+50, total_left = total_left+50
WHERE `user_id` = 'SJBNYJ';
INSERT INTO `placement_bv_update_history` (`left_carry`, `date`, `from_id`, `user_id`) VALUES ('50', '2025-01-23 20:33:51', 'K55EDD', 'SJBNYJ');
INSERT INTO `matrix_filling` (`placement_id`, `downline_id`, `level`, `matrix`) VALUES ('44B9Y4', 'K55EDD', 5, 1);
UPDATE `bv_updation` SET left_carry = left_carry+50, total_left = total_left+50
WHERE `user_id` = '44B9Y4';
INSERT INTO `placement_bv_update_history` (`left_carry`, `date`, `from_id`, `user_id`) VALUES ('50', '2025-01-23 20:33:51', 'K55EDD', '44B9Y4');
INSERT INTO `matrix_filling` (`placement_id`, `downline_id`, `level`, `matrix`) VALUES ('admin', 'K55EDD', 6, 1);
UPDATE `bv_updation` SET right_carry = right_carry+50, total_right = total_right+50
WHERE `user_id` = 'admin';
INSERT INTO `placement_bv_update_history` (`right_carry`, `date`, `from_id`, `user_id`) VALUES ('50', '2025-01-23 20:33:51', 'K55EDD', 'admin');
INSERT INTO `package_purchase_history` (`user_id`, `package_id`, `reg_fee`, `package_name`, `monthly_fee`, `type`, `date`, `payment_option`) VALUES ('K55EDD', '2', '595', 'Traveler Pro', '150', 'sign_up', '2025-01-23 20:33:51', 'stripe');
UPDATE `user_registration` SET `popup_seen` = 'yes'
WHERE `user_id` = 'UQO7EQ';
UPDATE `user_registration` SET `popup_seen` = 'yes'
WHERE `user_id` = 'N6GZAE';
UPDATE `user_registration` SET `default_leg` = 'right'
WHERE `user_id` = 'UQO7EQ';
UPDATE `ci_sessions` SET `timestamp` = 1737686415, `data` = '__ci_last_regenerate|i:1737686415;id|s:4:\"2042\";user_id|s:6:\"UQO7EQ\";username|s:6:\"Rafa51\";sponsor_id|s:6:\"N6GZAE\";fullname|s:16:\"Rafael Rodriguez\";email|s:18:\"rafagana@yahoo.com\";phone|s:10:\"3057610606\";isLogIn|b:1;message|s:38:\"Your default Leg Updated Successfully!\";__ci_vars|a:1:{s:7:\"message\";s:3:\"old\";}'
WHERE `id` = 'bd496ec6725f1f545f51d8fd689a9220cf80a666';
UPDATE `ci_sessions` SET `timestamp` = 1737686738, `data` = '__ci_last_regenerate|i:1737686738;id|s:4:\"2034\";user_id|s:6:\"N6GZAE\";username|s:8:\"Mariposa\";sponsor_id|s:6:\"4E1CRI\";fullname|s:15:\"Yanepsy Jimenez\";email|s:18:\"jyanepsy@gmail.com\";phone|s:10:\"7862876762\";isLogIn|b:1;'
WHERE `id` = '21e9f2bb0e82bea23ed2748a81c354c25126c488';
UPDATE `user_registration` SET `popup_seen` = 'yes'
WHERE `user_id` = 'N6GZAE';
UPDATE `user_registration` SET `popup_seen` = 'yes'
WHERE `user_id` = 'N6GZAE';
UPDATE `ci_sessions` SET `timestamp` = 1737686762, `data` = '__ci_last_regenerate|i:1737686762;id|s:4:\"2042\";user_id|s:6:\"UQO7EQ\";username|s:6:\"Rafa51\";sponsor_id|s:6:\"N6GZAE\";fullname|s:16:\"Rafael Rodriguez\";email|s:18:\"rafagana@yahoo.com\";phone|s:10:\"3057610606\";isLogIn|b:1;'
WHERE `id` = '5a198d44df3bf50c8ec7afa17190a9c9f7fe2156';
INSERT INTO `temp_register` (`post_data`, `date`, `payment_method`, `type`) VALUES ('{\"uid\":\"2053\",\"user_id\":\"3ZDIFO\",\"username\":\"Flordeloto\",\"sponsor_id\":\"UQO7EQ\",\"vacant\":\"no\",\"f_name\":\"Ramon\",\"l_name\":\"Fernandez Mur\",\"position\":\"right\",\"email\":\"ramonramon4857@gmail.com\",\"password\":\"a0c8b1e6278c6bfddf2c883f921d4839\",\"phone\":\"3058961241\",\"country\":\"United States\",\"state\":\"Florida\",\"city\":\"Miami\",\"street\":\"145 W 8 St apt 2105\",\"zip_code\":\"33130\",\"reg_ip\":\"172.70.82.178\",\"status\":1,\"package_id\":\"2\",\"rank_id\":1,\"highest_rank\":1,\"cycle_rank_id\":1,\"created\":\"2025-01-23 20:46:02\",\"subscription_date\":\"2025-02-22\",\"google_secret\":\"TRX62WDS3MUYKOYU\"}', '2025-01-23 20:46:02', 'stripe', 'register');
UPDATE `temp_register` SET `response` = '{\"stripeToken\":\"tok_1Qkcw02NUoYUjiuuTua3ybuB\",\"stripeTokenType\":\"card\",\"stripeEmail\":\"ramonramon4857@gmail.com\"}', `date_modified` = '2025-01-23 20:47:58', `payment_status` = '{\"id\":\"ch_3Qkcw52NUoYUjiuu1xmOuxbv\",\"object\":\"charge\",\"amount\":59500,\"amount_captured\":59500,\"amount_refunded\":0,\"application\":null,\"application_fee\":null,\"application_fee_amount\":null,\"balance_transaction\":\"txn_3Qkcw52NUoYUjiuu1chbJXgc\",\"billing_details\":{\"address\":{\"city\":null,\"country\":null,\"line1\":null,\"line2\":null,\"postal_code\":null,\"state\":null},\"email\":null,\"name\":\"ramonramon4857@gmail.com\",\"phone\":null},\"calculated_statement_descriptor\":\"TRAVELEGENDCY LLC\",\"captured\":true,\"created\":1737686877,\"currency\":\"usd\",\"customer\":\"cus_Rdulw0ShHA61Vn\",\"description\":null,\"destination\":null,\"dispute\":null,\"disputed\":false,\"failure_balance_transaction\":null,\"failure_code\":null,\"failure_message\":null,\"fraud_details\":[],\"invoice\":null,\"livemode\":true,\"metadata\":{\"name\":\"Ramon Fernandez Mur\",\"username\":\"Flordeloto\"},\"on_behalf_of\":null,\"order\":null,\"outcome\":{\"advice_code\":null,\"network_advice_code\":null,\"network_decline_code\":null,\"network_status\":\"approved_by_network\",\"reason\":null,\"risk_level\":\"normal\",\"seller_message\":\"Payment complete.\",\"type\":\"authorized\"},\"paid\":true,\"payment_intent\":null,\"payment_method\":\"card_1Qkcw02NUoYUjiuu2ikirwVO\",\"payment_method_details\":{\"card\":{\"amount_authorized\":59500,\"authorization_code\":\"084721\",\"brand\":\"visa\",\"checks\":{\"address_line1_check\":null,\"address_postal_code_check\":null,\"cvc_check\":\"pass\"},\"country\":\"US\",\"exp_month\":7,\"exp_year\":2028,\"extended_authorization\":{\"status\":\"disabled\"},\"fingerprint\":\"BEGPFdmjdC8WKTcR\",\"funding\":\"debit\",\"incremental_authorization\":{\"status\":\"unavailable\"},\"installments\":null,\"last4\":\"6542\",\"mandate\":null,\"multicapture\":{\"status\":\"unavailable\"},\"network\":\"visa\",\"network_token\":{\"used\":true},\"network_transaction_id\":\"585024100789520\",\"overcapture\":{\"maximum_amount_capturable\":59500,\"status\":\"unavailable\"},\"regulated_status\":\"regulated\",\"three_d_secure\":null,\"wallet\":null},\"type\":\"card\"},\"receipt_email\":null,\"receipt_number\":null,\"receipt_url\":\"https:\\/\\/pay.stripe.com\\/receipts\\/payment\\/CAcQARoXChVhY2N0XzFRUEFGdjJOVW9ZVWppdXUo3_7LvAYyBqK9Wesm-DosFmLhEYgbjkKDZ-XajfH_0bLSUIcYEs5cl1KY2u8M097TZKNQ8n7uteai4dw\",\"refunded\":false,\"review\":null,\"shipping\":null,\"source\":{\"id\":\"card_1Qkcw02NUoYUjiuu2ikirwVO\",\"object\":\"card\",\"address_city\":null,\"address_country\":null,\"address_line1\":null,\"address_line1_check\":null,\"address_line2\":null,\"address_state\":null,\"address_zip\":null,\"address_zip_check\":null,\"allow_redisplay\":\"unspecified\",\"brand\":\"Visa\",\"country\":\"US\",\"customer\":\"cus_Rdulw0ShHA61Vn\",\"cvc_check\":\"pass\",\"dynamic_last4\":null,\"exp_month\":7,\"exp_year\":2028,\"fingerprint\":\"BEGPFdmjdC8WKTcR\",\"funding\":\"debit\",\"last4\":\"6542\",\"metadata\":[],\"name\":\"ramonramon4857@gmail.com\",\"regulated_status\":\"regulated\",\"tokenization_method\":null,\"wallet\":null},\"source_transfer\":null,\"statement_descriptor\":null,\"statement_descriptor_suffix\":null,\"status\":\"succeeded\",\"transfer_data\":null,\"transfer_group\":null}'
WHERE `id` = 28;
UPDATE `user_registration` SET `uid` = '2053', `user_id` = '3ZDIFO', `username` = 'Flordeloto', `sponsor_id` = 'UQO7EQ', `vacant` = 'no', `f_name` = 'Ramon', `l_name` = 'Fernandez Mur', `position` = 'right', `email` = 'ramonramon4857@gmail.com', `password` = 'a0c8b1e6278c6bfddf2c883f921d4839', `phone` = '3058961241', `country` = 'United States', `state` = 'Florida', `city` = 'Miami', `street` = '145 W 8 St apt 2105', `zip_code` = '33130', `reg_ip` = '172.70.82.178', `status` = 1, `package_id` = '2', `rank_id` = 1, `highest_rank` = 1, `cycle_rank_id` = 1, `created` = '2025-01-23 20:46:02', `subscription_date` = '2025-02-22', `google_secret` = 'TRX62WDS3MUYKOYU'
WHERE `uid` = '2053';
INSERT INTO `user_registration` (`uid`, `user_id`, `username`, `sponsor_id`, `placement_id`, `vacant`, `f_name`, `l_name`, `address`, `position`, `email`, `password`, `phone`, `reg_ip`, `status`, `created`) VALUES (NULL, 'ZAYXJA', 'QdXpMElM', '3ZDIFO', '3ZDIFO', 'yes', '', '', '', 'left', '@mail.com', '', '', '', 0, '2025-01-23 20:47:58');
INSERT INTO `user_registration` (`uid`, `user_id`, `username`, `sponsor_id`, `placement_id`, `vacant`, `f_name`, `l_name`, `address`, `position`, `email`, `password`, `phone`, `reg_ip`, `status`, `created`) VALUES (NULL, 'FJTPAJ', 'zvVHlxun', '3ZDIFO', '3ZDIFO', 'yes', '', '', '', 'right', '@mail.com', '', '', '', 0, '2025-01-23 20:47:58');
INSERT INTO `bv_updation` (`user_id`) VALUES ('3ZDIFO');
UPDATE `user_registration` SET total_ref_count = total_ref_count+1
WHERE `user_id` = 'UQO7EQ';
UPDATE `user_registration` SET total_downlines = total_downlines+1
WHERE `user_id` = 'UQO7EQ';
UPDATE `user_registration` SET right_downlines = right_downlines+1
WHERE `user_id` = 'UQO7EQ';
UPDATE `user_registration` SET right_ref_count = right_ref_count+1
WHERE `user_id` = 'UQO7EQ';
UPDATE `user_registration` SET active_right = active_right+1
WHERE `user_id` = 'UQO7EQ';
UPDATE `user_registration` SET `binary_qualified` = 'yes', `binary_qualified_date` = '2025-01-23 20:47:58'
WHERE `user_id` = 'UQO7EQ';
UPDATE `user_registration` SET total_downlines = total_downlines+1
WHERE `user_id` = 'N6GZAE';
UPDATE `user_registration` SET left_downlines = left_downlines+1
WHERE `user_id` = 'N6GZAE';
UPDATE `user_registration` SET total_downlines = total_downlines+1
WHERE `user_id` = '4E1CRI';
UPDATE `user_registration` SET left_downlines = left_downlines+1
WHERE `user_id` = '4E1CRI';
UPDATE `user_registration` SET total_downlines = total_downlines+1
WHERE `user_id` = 'SJBNYJ';
UPDATE `user_registration` SET left_downlines = left_downlines+1
WHERE `user_id` = 'SJBNYJ';
UPDATE `user_registration` SET total_downlines = total_downlines+1
WHERE `user_id` = '44B9Y4';
UPDATE `user_registration` SET left_downlines = left_downlines+1
WHERE `user_id` = '44B9Y4';
UPDATE `user_registration` SET total_downlines = total_downlines+1
WHERE `user_id` = 'admin';
UPDATE `user_registration` SET right_downlines = right_downlines+1
WHERE `user_id` = 'admin';
INSERT INTO `investment` (`invest_date`, `user_id`, `type`, `amount`, `package_id`) VALUES ('2025-01-23 20:47:58', '3ZDIFO', 'register', '595', '2');
INSERT INTO `earnings` (`user_id`, `Purchaser_id`, `earning_type`, `package_id`, `amount`, `date`, `comments`, `invest_amount`, `comm_perc`, `level`, `rank_id`, `order_id`) VALUES ('UQO7EQ', '3ZDIFO', 'Direct Referral Bonus', '2', '100', '2025-01-23 20:47:58', 'Direct Referral Bonus', 0, 0, 1, '', 21);
UPDATE `user_registration` SET commission_balance = ROUND(commission_balance + 100,2)
WHERE `user_id` = 'UQO7EQ';
UPDATE `user_registration` SET referral_bonus = ROUND(referral_bonus + 100,2)
WHERE `user_id` = 'UQO7EQ';
UPDATE `user_registration` SET total_points = ROUND(total_points + 50,2)
WHERE `user_id` = '3ZDIFO';
INSERT INTO `points_history` (`user_id`, `points`, `type`, `date`) VALUES ('3ZDIFO', '50', 'register', '2025-01-23 20:47:');
INSERT INTO `matrix_filling` (`placement_id`, `downline_id`, `level`, `matrix`) VALUES ('UQO7EQ', '3ZDIFO', 1, 1);
UPDATE `bv_updation` SET right_carry = right_carry+50, total_right = total_right+50
WHERE `user_id` = 'UQO7EQ';
INSERT INTO `placement_bv_update_history` (`right_carry`, `date`, `from_id`, `user_id`) VALUES ('50', '2025-01-23 20:47:58', '3ZDIFO', 'UQO7EQ');
UPDATE `bv_updation` SET sponsor_right_carry = sponsor_right_carry+50, sponsor_total_right = sponsor_total_right+50
WHERE `user_id` = 'UQO7EQ';
INSERT INTO `sponsor_bv_update_history` (`right_carry`, `date`, `user_id`) VALUES ('50', '2025-01-23 20:47:58', 'UQO7EQ');
INSERT INTO `matrix_filling` (`placement_id`, `downline_id`, `level`, `matrix`) VALUES ('N6GZAE', '3ZDIFO', 2, 1);
UPDATE `bv_updation` SET left_carry = left_carry+50, total_left = total_left+50
WHERE `user_id` = 'N6GZAE';
INSERT INTO `placement_bv_update_history` (`left_carry`, `date`, `from_id`, `user_id`) VALUES ('50', '2025-01-23 20:47:58', '3ZDIFO', 'N6GZAE');
INSERT INTO `matrix_filling` (`placement_id`, `downline_id`, `level`, `matrix`) VALUES ('4E1CRI', '3ZDIFO', 3, 1);
UPDATE `bv_updation` SET left_carry = left_carry+50, total_left = total_left+50
WHERE `user_id` = '4E1CRI';
INSERT INTO `placement_bv_update_history` (`left_carry`, `date`, `from_id`, `user_id`) VALUES ('50', '2025-01-23 20:47:58', '3ZDIFO', '4E1CRI');
INSERT INTO `matrix_filling` (`placement_id`, `downline_id`, `level`, `matrix`) VALUES ('SJBNYJ', '3ZDIFO', 4, 1);
UPDATE `bv_updation` SET left_carry = left_carry+50, total_left = total_left+50
WHERE `user_id` = 'SJBNYJ';
INSERT INTO `placement_bv_update_history` (`left_carry`, `date`, `from_id`, `user_id`) VALUES ('50', '2025-01-23 20:47:58', '3ZDIFO', 'SJBNYJ');
INSERT INTO `matrix_filling` (`placement_id`, `downline_id`, `level`, `matrix`) VALUES ('44B9Y4', '3ZDIFO', 5, 1);
UPDATE `bv_updation` SET left_carry = left_carry+50, total_left = total_left+50
WHERE `user_id` = '44B9Y4';
INSERT INTO `placement_bv_update_history` (`left_carry`, `date`, `from_id`, `user_id`) VALUES ('50', '2025-01-23 20:47:58', '3ZDIFO', '44B9Y4');
INSERT INTO `matrix_filling` (`placement_id`, `downline_id`, `level`, `matrix`) VALUES ('admin', '3ZDIFO', 6, 1);
UPDATE `bv_updation` SET right_carry = right_carry+50, total_right = total_right+50
WHERE `user_id` = 'admin';
INSERT INTO `placement_bv_update_history` (`right_carry`, `date`, `from_id`, `user_id`) VALUES ('50', '2025-01-23 20:47:58', '3ZDIFO', 'admin');
INSERT INTO `package_purchase_history` (`user_id`, `package_id`, `reg_fee`, `package_name`, `monthly_fee`, `type`, `date`, `payment_option`) VALUES ('3ZDIFO', '2', '595', 'Traveler Pro', '150', 'sign_up', '2025-01-23 20:47:58', 'stripe');
UPDATE `user_registration` SET `popup_seen` = 'yes'
WHERE `user_id` = 'N6GZAE';
UPDATE `user_registration` SET `popup_seen` = 'no'
WHERE `user_id` = 'UQO7EQ';
DELETE FROM `ci_sessions`
WHERE `id` = 'cb23649c6877608d4f9d72c0a2a87c0e9f30da6d';
INSERT INTO `login_history` (`user_id`, `device`, `ip_address`, `date`) VALUES ('3ZDIFO', 'Mozilla/5.0 (Windows NT 10.0; Win64; x64) AppleWebKit/537.36 (KHTML, like Gecko) Chrome/132.0.0.0 Safari/537.36', '172.70.82.179', '25-01-23 20:49');
UPDATE `user_registration` SET `popup_seen` = 'yes'
WHERE `user_id` = '3ZDIFO';
UPDATE `user_registration` SET `popup_seen` = 'yes'
WHERE `user_id` = '3ZDIFO';
UPDATE `user_registration` SET `popup_seen` = 'no'
WHERE `user_id` = '3ZDIFO';
DELETE FROM `ci_sessions`
WHERE `id` = 'de98d26601ef6a278d93d9a14fa2a186bda4c60f';
INSERT INTO `login_history` (`user_id`, `device`, `ip_address`, `date`) VALUES ('K55EDD', 'Mozilla/5.0 (iPhone; CPU iPhone OS 18_0 like Mac OS X) AppleWebKit/605.1.15 (KHTML, like Gecko) Version/18.0 Mobile/15E148 Safari/604.1', '172.70.255.193', '25-01-23 20:52');
UPDATE `user_registration` SET `popup_seen` = 'yes'
WHERE `user_id` = 'K55EDD';
UPDATE `ci_sessions` SET `timestamp` = 1737687343, `data` = '__ci_last_regenerate|i:1737687343;id|s:4:\"2034\";user_id|s:6:\"N6GZAE\";username|s:8:\"Mariposa\";sponsor_id|s:6:\"4E1CRI\";fullname|s:15:\"Yanepsy Jimenez\";email|s:18:\"jyanepsy@gmail.com\";phone|s:10:\"7862876762\";isLogIn|b:1;'
WHERE `id` = 'b795b5283d1c2e40813b146a4acab3ac8e3d55b2';
UPDATE `user_registration` SET `popup_seen` = 'yes'
WHERE `user_id` = 'N6GZAE';
UPDATE `ci_sessions` SET `timestamp` = 1737687365, `data` = '__ci_last_regenerate|i:1737687365;id|s:4:\"2052\";user_id|s:6:\"K55EDD\";username|s:10:\"Varadero20\";sponsor_id|s:6:\"UQO7EQ\";fullname|s:16:\"Francisco Prieto\";email|s:24:\"prieto112015@hotmail.com\";phone|s:10:\"3059264135\";isLogIn|b:1;message|s:24:\"Welcome Francisco Prieto\";__ci_vars|a:1:{s:7:\"message\";s:3:\"old\";}'
WHERE `id` = 'e9ac0f1fd052cd446783cce7ebe19d71a421d28b';
UPDATE `ci_sessions` SET `timestamp` = 1737687373, `data` = '__ci_last_regenerate|i:1737687373;captcha|s:4:\"o7qf\";'
WHERE `id` = '2606f5fc54964e02d381587af9f5b5b209fbcbb6';
INSERT INTO `temp_register` (`post_data`, `date`, `payment_method`, `type`) VALUES ('{\"uid\":\"2055\",\"user_id\":\"HQTCGF\",\"username\":\"ManuelN67\",\"sponsor_id\":\"K55EDD\",\"vacant\":\"no\",\"f_name\":\"Manuel \",\"l_name\":\"naranjo\",\"position\":\"right\",\"email\":\"naranjo.manuel@ymail.com\",\"password\":\"e5844ba3f5757dd70ccdc034a4581f72\",\"phone\":\"7863262112\",\"country\":\"United States\",\"state\":\"Florida\",\"city\":\"Hialeah\",\"street\":\"6041 W 24 Ave apt 104 \",\"zip_code\":\"33016\",\"reg_ip\":\"172.70.55.210\",\"status\":1,\"package_id\":\"2\",\"rank_id\":1,\"highest_rank\":1,\"cycle_rank_id\":1,\"created\":\"2025-01-23 20:56:28\",\"subscription_date\":\"2025-02-22\",\"google_secret\":\"67M7X2W6QLWGLAG5\"}', '2025-01-23 20:56:28', 'stripe', 'register');
UPDATE `user_registration` SET `popup_seen` = 'yes'
WHERE `user_id` = 'N6GZAE';
UPDATE `user_registration` SET `popup_seen` = 'yes'
WHERE `user_id` = 'K55EDD';
UPDATE `user_registration` SET `popup_seen` = 'yes'
WHERE `user_id` = 'K55EDD';
UPDATE `temp_register` SET `response` = '{\"stripeToken\":\"tok_1Qkd642NUoYUjiuusGMMRKZt\",\"stripeTokenType\":\"card\",\"stripeEmail\":\"naranjo.manuel@ymail.com\"}', `date_modified` = '2025-01-23 20:58:20', `payment_status` = '{\"id\":\"ch_3Qkd672NUoYUjiuu0bPqeIlv\",\"object\":\"charge\",\"amount\":59500,\"amount_captured\":59500,\"amount_refunded\":0,\"application\":null,\"application_fee\":null,\"application_fee_amount\":null,\"balance_transaction\":\"txn_3Qkd672NUoYUjiuu0Og9Np0p\",\"billing_details\":{\"address\":{\"city\":null,\"country\":null,\"line1\":null,\"line2\":null,\"postal_code\":null,\"state\":null},\"email\":null,\"name\":\"naranjo.manuel@ymail.com\",\"phone\":null},\"calculated_statement_descriptor\":\"TRAVELEGENDCY LLC\",\"captured\":true,\"created\":1737687499,\"currency\":\"usd\",\"customer\":\"cus_RduvUu42UIiUyS\",\"description\":null,\"destination\":null,\"dispute\":null,\"disputed\":false,\"failure_balance_transaction\":null,\"failure_code\":null,\"failure_message\":null,\"fraud_details\":[],\"invoice\":null,\"livemode\":true,\"metadata\":{\"name\":\"Manuel  naranjo\",\"username\":\"ManuelN67\"},\"on_behalf_of\":null,\"order\":null,\"outcome\":{\"advice_code\":null,\"network_advice_code\":null,\"network_decline_code\":null,\"network_status\":\"approved_by_network\",\"reason\":null,\"risk_level\":\"normal\",\"seller_message\":\"Payment complete.\",\"type\":\"authorized\"},\"paid\":true,\"payment_intent\":null,\"payment_method\":\"card_1Qkd642NUoYUjiuuR3lmDmip\",\"payment_method_details\":{\"card\":{\"amount_authorized\":59500,\"authorization_code\":\"105883\",\"brand\":\"visa\",\"checks\":{\"address_line1_check\":null,\"address_postal_code_check\":null,\"cvc_check\":\"pass\"},\"country\":\"US\",\"exp_month\":1,\"exp_year\":2030,\"extended_authorization\":{\"status\":\"disabled\"},\"fingerprint\":\"77P2eJGx0hCaXlTc\",\"funding\":\"debit\",\"incremental_authorization\":{\"status\":\"unavailable\"},\"installments\":null,\"last4\":\"2700\",\"mandate\":null,\"multicapture\":{\"status\":\"unavailable\"},\"network\":\"visa\",\"network_token\":{\"used\":true},\"network_transaction_id\":\"385024107006929\",\"overcapture\":{\"maximum_amount_capturable\":59500,\"status\":\"unavailable\"},\"regulated_status\":\"regulated\",\"three_d_secure\":null,\"wallet\":null},\"type\":\"card\"},\"receipt_email\":null,\"receipt_number\":null,\"receipt_url\":\"https:\\/\\/pay.stripe.com\\/receipts\\/payment\\/CAcQARoXChVhY2N0XzFRUEFGdjJOVW9ZVWppdXUozYPMvAYyBmavKC5n2DosFuSDcKDdn50AH0NrzHepTdLB3mnKkvCgnoDw1uTpc0oQ8oKhtV1DfaA1GEU\",\"refunded\":false,\"review\":null,\"shipping\":null,\"source\":{\"id\":\"card_1Qkd642NUoYUjiuuR3lmDmip\",\"object\":\"card\",\"address_city\":null,\"address_country\":null,\"address_line1\":null,\"address_line1_check\":null,\"address_line2\":null,\"address_state\":null,\"address_zip\":null,\"address_zip_check\":null,\"allow_redisplay\":\"unspecified\",\"brand\":\"Visa\",\"country\":\"US\",\"customer\":\"cus_RduvUu42UIiUyS\",\"cvc_check\":\"pass\",\"dynamic_last4\":null,\"exp_month\":1,\"exp_year\":2030,\"fingerprint\":\"77P2eJGx0hCaXlTc\",\"funding\":\"debit\",\"last4\":\"2700\",\"metadata\":[],\"name\":\"naranjo.manuel@ymail.com\",\"regulated_status\":\"regulated\",\"tokenization_method\":null,\"wallet\":null},\"source_transfer\":null,\"statement_descriptor\":null,\"statement_descriptor_suffix\":null,\"status\":\"succeeded\",\"transfer_data\":null,\"transfer_group\":null}'
WHERE `id` = 29;
UPDATE `user_registration` SET `uid` = '2055', `user_id` = 'HQTCGF', `username` = 'ManuelN67', `sponsor_id` = 'K55EDD', `vacant` = 'no', `f_name` = 'Manuel ', `l_name` = 'naranjo', `position` = 'right', `email` = 'naranjo.manuel@ymail.com', `password` = 'e5844ba3f5757dd70ccdc034a4581f72', `phone` = '7863262112', `country` = 'United States', `state` = 'Florida', `city` = 'Hialeah', `street` = '6041 W 24 Ave apt 104 ', `zip_code` = '33016', `reg_ip` = '172.70.55.210', `status` = 1, `package_id` = '2', `rank_id` = 1, `highest_rank` = 1, `cycle_rank_id` = 1, `created` = '2025-01-23 20:56:28', `subscription_date` = '2025-02-22', `google_secret` = '67M7X2W6QLWGLAG5'
WHERE `uid` = '2055';
INSERT INTO `user_registration` (`uid`, `user_id`, `username`, `sponsor_id`, `placement_id`, `vacant`, `f_name`, `l_name`, `address`, `position`, `email`, `password`, `phone`, `reg_ip`, `status`, `created`) VALUES (NULL, 'VPJJKV', 'IahvxPFu', 'HQTCGF', 'HQTCGF', 'yes', '', '', '', 'left', '@mail.com', '', '', '', 0, '2025-01-23 20:58:20');
INSERT INTO `user_registration` (`uid`, `user_id`, `username`, `sponsor_id`, `placement_id`, `vacant`, `f_name`, `l_name`, `address`, `position`, `email`, `password`, `phone`, `reg_ip`, `status`, `created`) VALUES (NULL, 'IHGCII', 'acPpEJIF', 'HQTCGF', 'HQTCGF', 'yes', '', '', '', 'right', '@mail.com', '', '', '', 0, '2025-01-23 20:58:20');
INSERT INTO `bv_updation` (`user_id`) VALUES ('HQTCGF');
UPDATE `user_registration` SET total_ref_count = total_ref_count+1
WHERE `user_id` = 'K55EDD';
UPDATE `user_registration` SET total_downlines = total_downlines+1
WHERE `user_id` = 'K55EDD';
UPDATE `user_registration` SET right_downlines = right_downlines+1
WHERE `user_id` = 'K55EDD';
UPDATE `user_registration` SET right_ref_count = right_ref_count+1
WHERE `user_id` = 'K55EDD';
UPDATE `user_registration` SET active_right = active_right+1
WHERE `user_id` = 'K55EDD';
UPDATE `user_registration` SET total_downlines = total_downlines+1
WHERE `user_id` = 'UQO7EQ';
UPDATE `user_registration` SET left_downlines = left_downlines+1
WHERE `user_id` = 'UQO7EQ';
UPDATE `user_registration` SET total_downlines = total_downlines+1
WHERE `user_id` = 'N6GZAE';
UPDATE `user_registration` SET left_downlines = left_downlines+1
WHERE `user_id` = 'N6GZAE';
UPDATE `user_registration` SET total_downlines = total_downlines+1
WHERE `user_id` = '4E1CRI';
UPDATE `user_registration` SET left_downlines = left_downlines+1
WHERE `user_id` = '4E1CRI';
UPDATE `user_registration` SET total_downlines = total_downlines+1
WHERE `user_id` = 'SJBNYJ';
UPDATE `user_registration` SET left_downlines = left_downlines+1
WHERE `user_id` = 'SJBNYJ';
UPDATE `user_registration` SET total_downlines = total_downlines+1
WHERE `user_id` = '44B9Y4';
UPDATE `user_registration` SET left_downlines = left_downlines+1
WHERE `user_id` = '44B9Y4';
UPDATE `user_registration` SET total_downlines = total_downlines+1
WHERE `user_id` = 'admin';
UPDATE `user_registration` SET right_downlines = right_downlines+1
WHERE `user_id` = 'admin';
INSERT INTO `investment` (`invest_date`, `user_id`, `type`, `amount`, `package_id`) VALUES ('2025-01-23 20:58:20', 'HQTCGF', 'register', '595', '2');
INSERT INTO `earnings` (`user_id`, `Purchaser_id`, `earning_type`, `package_id`, `amount`, `date`, `comments`, `invest_amount`, `comm_perc`, `level`, `rank_id`, `order_id`) VALUES ('K55EDD', 'HQTCGF', 'Direct Referral Bonus', '2', '100', '2025-01-23 20:58:20', 'Direct Referral Bonus', 0, 0, 1, '', 22);
UPDATE `user_registration` SET commission_balance = ROUND(commission_balance + 100,2)
WHERE `user_id` = 'K55EDD';
UPDATE `user_registration` SET referral_bonus = ROUND(referral_bonus + 100,2)
WHERE `user_id` = 'K55EDD';
UPDATE `user_registration` SET total_points = ROUND(total_points + 50,2)
WHERE `user_id` = 'HQTCGF';
INSERT INTO `points_history` (`user_id`, `points`, `type`, `date`) VALUES ('HQTCGF', '50', 'register', '2025-01-23 20:58:');
INSERT INTO `matrix_filling` (`placement_id`, `downline_id`, `level`, `matrix`) VALUES ('K55EDD', 'HQTCGF', 1, 1);
UPDATE `bv_updation` SET right_carry = right_carry+50, total_right = total_right+50
WHERE `user_id` = 'K55EDD';
INSERT INTO `placement_bv_update_history` (`right_carry`, `date`, `from_id`, `user_id`) VALUES ('50', '2025-01-23 20:58:20', 'HQTCGF', 'K55EDD');
UPDATE `bv_updation` SET sponsor_right_carry = sponsor_right_carry+50, sponsor_total_right = sponsor_total_right+50
WHERE `user_id` = 'K55EDD';
INSERT INTO `sponsor_bv_update_history` (`right_carry`, `date`, `user_id`) VALUES ('50', '2025-01-23 20:58:20', 'K55EDD');
INSERT INTO `matrix_filling` (`placement_id`, `downline_id`, `level`, `matrix`) VALUES ('UQO7EQ', 'HQTCGF', 2, 1);
UPDATE `bv_updation` SET left_carry = left_carry+50, total_left = total_left+50
WHERE `user_id` = 'UQO7EQ';
INSERT INTO `placement_bv_update_history` (`left_carry`, `date`, `from_id`, `user_id`) VALUES ('50', '2025-01-23 20:58:20', 'HQTCGF', 'UQO7EQ');
INSERT INTO `matrix_filling` (`placement_id`, `downline_id`, `level`, `matrix`) VALUES ('N6GZAE', 'HQTCGF', 3, 1);
UPDATE `bv_updation` SET left_carry = left_carry+50, total_left = total_left+50
WHERE `user_id` = 'N6GZAE';
INSERT INTO `placement_bv_update_history` (`left_carry`, `date`, `from_id`, `user_id`) VALUES ('50', '2025-01-23 20:58:20', 'HQTCGF', 'N6GZAE');
INSERT INTO `matrix_filling` (`placement_id`, `downline_id`, `level`, `matrix`) VALUES ('4E1CRI', 'HQTCGF', 4, 1);
UPDATE `bv_updation` SET left_carry = left_carry+50, total_left = total_left+50
WHERE `user_id` = '4E1CRI';
INSERT INTO `placement_bv_update_history` (`left_carry`, `date`, `from_id`, `user_id`) VALUES ('50', '2025-01-23 20:58:20', 'HQTCGF', '4E1CRI');
INSERT INTO `matrix_filling` (`placement_id`, `downline_id`, `level`, `matrix`) VALUES ('SJBNYJ', 'HQTCGF', 5, 1);
UPDATE `bv_updation` SET left_carry = left_carry+50, total_left = total_left+50
WHERE `user_id` = 'SJBNYJ';
INSERT INTO `placement_bv_update_history` (`left_carry`, `date`, `from_id`, `user_id`) VALUES ('50', '2025-01-23 20:58:20', 'HQTCGF', 'SJBNYJ');
INSERT INTO `matrix_filling` (`placement_id`, `downline_id`, `level`, `matrix`) VALUES ('44B9Y4', 'HQTCGF', 6, 1);
UPDATE `bv_updation` SET left_carry = left_carry+50, total_left = total_left+50
WHERE `user_id` = '44B9Y4';
INSERT INTO `placement_bv_update_history` (`left_carry`, `date`, `from_id`, `user_id`) VALUES ('50', '2025-01-23 20:58:20', 'HQTCGF', '44B9Y4');
INSERT INTO `matrix_filling` (`placement_id`, `downline_id`, `level`, `matrix`) VALUES ('admin', 'HQTCGF', 7, 1);
UPDATE `bv_updation` SET right_carry = right_carry+50, total_right = total_right+50
WHERE `user_id` = 'admin';
INSERT INTO `placement_bv_update_history` (`right_carry`, `date`, `from_id`, `user_id`) VALUES ('50', '2025-01-23 20:58:20', 'HQTCGF', 'admin');
INSERT INTO `package_purchase_history` (`user_id`, `package_id`, `reg_fee`, `package_name`, `monthly_fee`, `type`, `date`, `payment_option`) VALUES ('HQTCGF', '2', '595', 'Traveler Pro', '150', 'sign_up', '2025-01-23 20:58:20', 'stripe');
UPDATE `user_registration` SET `popup_seen` = 'yes'
WHERE `user_id` = 'K55EDD';
UPDATE `ci_sessions` SET `timestamp` = 1737687573, `data` = '__ci_last_regenerate|i:1737687573;'
WHERE `id` = '6db0fb61e5d6347091b9a71a4a50a746ad312d3e';
UPDATE `user_registration` SET `popup_seen` = 'yes'
WHERE `user_id` = 'N6GZAE';
UPDATE `ci_sessions` SET `timestamp` = 1737687838, `data` = '__ci_last_regenerate|i:1737687838;captcha|s:4:\"pmg9\";'
WHERE `id` = 'bdbce12f64cb689941ffad8100d1536ab57e0538';
UPDATE `ci_sessions` SET `timestamp` = 1737688068, `data` = '__ci_last_regenerate|i:1737688068;id|s:4:\"2052\";user_id|s:6:\"K55EDD\";username|s:10:\"Varadero20\";sponsor_id|s:6:\"UQO7EQ\";fullname|s:16:\"Francisco Prieto\";email|s:24:\"prieto112015@hotmail.com\";phone|s:10:\"3059264135\";isLogIn|b:1;'
WHERE `id` = '81d20c0de562e5569b08121c2fdf9c46ccb27458';
INSERT INTO `login_history` (`user_id`, `device`, `ip_address`, `date`) VALUES ('3ZDIFO', 'Mozilla/5.0 (Windows NT 10.0; Win64; x64) AppleWebKit/537.36 (KHTML, like Gecko) Chrome/132.0.0.0 Safari/537.36', '172.70.255.181', '25-01-23 21:08');
UPDATE `user_registration` SET `popup_seen` = 'yes'
WHERE `user_id` = '3ZDIFO';
UPDATE `user_registration` SET `popup_seen` = 'yes'
WHERE `user_id` = '3ZDIFO';
UPDATE `ci_sessions` SET `timestamp` = 1737688144, `data` = '__ci_last_regenerate|i:1737688144;id|s:4:\"2053\";user_id|s:6:\"3ZDIFO\";username|s:10:\"Flordeloto\";sponsor_id|s:6:\"UQO7EQ\";fullname|s:19:\"Ramon Fernandez Mur\";email|s:24:\"ramonramon4857@gmail.com\";phone|s:10:\"3058961241\";isLogIn|b:1;'
WHERE `id` = '426d5a4edf70a5f0c3e65075884b569ba8c7bd4f';
UPDATE `user_registration` SET `popup_seen` = 'no'
WHERE `user_id` = '3ZDIFO';
DELETE FROM `ci_sessions`
WHERE `id` = 'a9b1f6320efa121ad783120e9f81fa534a612879';
INSERT INTO `login_history` (`user_id`, `device`, `ip_address`, `date`) VALUES ('UQO7EQ', 'Mozilla/5.0 (Windows NT 10.0; Win64; x64) AppleWebKit/537.36 (KHTML, like Gecko) Chrome/132.0.0.0 Safari/537.36', '172.70.255.181', '25-01-23 21:10');
UPDATE `user_registration` SET `popup_seen` = 'yes'
WHERE `user_id` = 'UQO7EQ';
UPDATE `user_registration` SET `popup_seen` = 'yes'
WHERE `user_id` = 'K55EDD';
UPDATE `user_registration` SET `popup_seen` = 'yes'
WHERE `user_id` = 'K55EDD';
UPDATE `user_registration` SET `popup_seen` = 'yes'
WHERE `user_id` = 'K55EDD';
UPDATE `ci_sessions` SET `timestamp` = 1737688500, `data` = '__ci_last_regenerate|i:1737688500;id|s:4:\"2052\";user_id|s:6:\"K55EDD\";username|s:10:\"Varadero20\";sponsor_id|s:6:\"UQO7EQ\";fullname|s:16:\"Francisco Prieto\";email|s:24:\"prieto112015@hotmail.com\";phone|s:10:\"3059264135\";isLogIn|b:1;'
WHERE `id` = 'd197fe2bda487193252ddd2480aa009ede1d3214';
UPDATE `user_registration` SET `popup_seen` = 'yes'
WHERE `user_id` = 'K55EDD';
UPDATE `user_registration` SET `popup_seen` = 'yes'
WHERE `user_id` = 'K55EDD';
UPDATE `ci_sessions` SET `timestamp` = 1737688501, `data` = '__ci_last_regenerate|i:1737688501;id|s:4:\"2042\";user_id|s:6:\"UQO7EQ\";username|s:6:\"Rafa51\";sponsor_id|s:6:\"N6GZAE\";fullname|s:16:\"Rafael Rodriguez\";email|s:18:\"rafagana@yahoo.com\";phone|s:10:\"3057610606\";isLogIn|b:1;'
WHERE `id` = 'ab50d4244577744c4ff6f029f00700dd26e5fe0d';
UPDATE `ci_sessions` SET `timestamp` = 1737688824, `data` = '__ci_last_regenerate|i:1737688824;id|s:4:\"2052\";user_id|s:6:\"K55EDD\";username|s:10:\"Varadero20\";sponsor_id|s:6:\"UQO7EQ\";fullname|s:16:\"Francisco Prieto\";email|s:24:\"prieto112015@hotmail.com\";phone|s:10:\"3059264135\";isLogIn|b:1;'
WHERE `id` = 'd197fe2bda487193252ddd2480aa009ede1d3214';
UPDATE `ci_sessions` SET `timestamp` = 1737688869, `data` = '__ci_last_regenerate|i:1737688869;id|s:4:\"2042\";user_id|s:6:\"UQO7EQ\";username|s:6:\"Rafa51\";sponsor_id|s:6:\"N6GZAE\";fullname|s:16:\"Rafael Rodriguez\";email|s:18:\"rafagana@yahoo.com\";phone|s:10:\"3057610606\";isLogIn|b:1;'
WHERE `id` = '720c1dd24439d054a96b6b78244d3a57248e7793';
INSERT INTO `temp_register` (`post_data`, `date`, `payment_method`, `type`) VALUES ('{\"uid\":\"2057\",\"user_id\":\"AABG7W\",\"username\":\"freeurlife\",\"sponsor_id\":\"UQO7EQ\",\"vacant\":\"no\",\"f_name\":\"Lesli\",\"l_name\":\"Andreu\",\"position\":\"right\",\"email\":\"cranbarrier@gmail.com\",\"password\":\"808414e18cd5c551f539169f1dd6d742\",\"phone\":\"7864171626\",\"country\":\"United States\",\"state\":\"Florida\",\"city\":\"Miami\",\"street\":\"4777 SW 5th Ter\",\"zip_code\":\"33134\",\"reg_ip\":\"172.70.254.232\",\"status\":1,\"package_id\":\"2\",\"rank_id\":1,\"highest_rank\":1,\"cycle_rank_id\":1,\"created\":\"2025-01-23 21:21:09\",\"subscription_date\":\"2025-02-22\",\"google_secret\":\"VASTD4N4LWVDDCP4\"}', '2025-01-23 21:21:09', 'stripe', 'register');
INSERT INTO `login_history` (`user_id`, `device`, `ip_address`, `date`) VALUES ('HQTCGF', 'Mozilla/5.0 (iPhone; CPU iPhone OS 18_3 like Mac OS X) AppleWebKit/605.1.15 (KHTML, like Gecko) Version/18.3 Mobile/15E148 Safari/604.1', '172.70.55.77', '25-01-23 21:21');
UPDATE `user_registration` SET `popup_seen` = 'yes'
WHERE `user_id` = 'HQTCGF';
UPDATE `temp_register` SET `response` = '{\"stripeToken\":\"tok_1QkdTu2NUoYUjiuupffY2Vx4\",\"stripeTokenType\":\"card\",\"stripeEmail\":\"cranbarrier@gmail.com\"}', `date_modified` = '2025-01-23 21:22:59', `payment_status` = '{\"id\":\"ch_3QkdTy2NUoYUjiuu0Kn0oJOA\",\"object\":\"charge\",\"amount\":59500,\"amount_captured\":59500,\"amount_refunded\":0,\"application\":null,\"application_fee\":null,\"application_fee_amount\":null,\"balance_transaction\":\"txn_3QkdTy2NUoYUjiuu0chnPvLF\",\"billing_details\":{\"address\":{\"city\":null,\"country\":null,\"line1\":null,\"line2\":null,\"postal_code\":null,\"state\":null},\"email\":null,\"name\":\"cranbarrier@gmail.com\",\"phone\":null},\"calculated_statement_descriptor\":\"TRAVELEGENDCY LLC\",\"captured\":true,\"created\":1737688978,\"currency\":\"usd\",\"customer\":\"cus_RdvKKTnpeYllyS\",\"description\":null,\"destination\":null,\"dispute\":null,\"disputed\":false,\"failure_balance_transaction\":null,\"failure_code\":null,\"failure_message\":null,\"fraud_details\":[],\"invoice\":null,\"livemode\":true,\"metadata\":{\"name\":\"Lesli Andreu\",\"username\":\"freeurlife\"},\"on_behalf_of\":null,\"order\":null,\"outcome\":{\"advice_code\":null,\"network_advice_code\":null,\"network_decline_code\":null,\"network_status\":\"approved_by_network\",\"reason\":null,\"risk_level\":\"normal\",\"seller_message\":\"Payment complete.\",\"type\":\"authorized\"},\"paid\":true,\"payment_intent\":null,\"payment_method\":\"card_1QkdTu2NUoYUjiuuIOBevCil\",\"payment_method_details\":{\"card\":{\"amount_authorized\":59500,\"authorization_code\":\"092222\",\"brand\":\"visa\",\"checks\":{\"address_line1_check\":null,\"address_postal_code_check\":null,\"cvc_check\":\"pass\"},\"country\":\"US\",\"exp_month\":7,\"exp_year\":2029,\"extended_authorization\":{\"status\":\"disabled\"},\"fingerprint\":\"FbPPc39FnQY07ZCB\",\"funding\":\"debit\",\"incremental_authorization\":{\"status\":\"unavailable\"},\"installments\":null,\"last4\":\"0826\",\"mandate\":null,\"multicapture\":{\"status\":\"unavailable\"},\"network\":\"visa\",\"network_token\":{\"used\":false},\"network_transaction_id\":\"465024121797327\",\"overcapture\":{\"maximum_amount_capturable\":59500,\"status\":\"unavailable\"},\"regulated_status\":\"regulated\",\"three_d_secure\":null,\"wallet\":null},\"type\":\"card\"},\"receipt_email\":null,\"receipt_number\":null,\"receipt_url\":\"https:\\/\\/pay.stripe.com\\/receipts\\/payment\\/CAcQARoXChVhY2N0XzFRUEFGdjJOVW9ZVWppdXUolI_MvAYyBtrlDuerDjosFsRO2_6YR_bowsof1UbLoU1SdGBZIKoFCbLFjFBLAxcVAvbnd22DHsY6hyc\",\"refunded\":false,\"review\":null,\"shipping\":null,\"source\":{\"id\":\"card_1QkdTu2NUoYUjiuuIOBevCil\",\"object\":\"card\",\"address_city\":null,\"address_country\":null,\"address_line1\":null,\"address_line1_check\":null,\"address_line2\":null,\"address_state\":null,\"address_zip\":null,\"address_zip_check\":null,\"allow_redisplay\":\"unspecified\",\"brand\":\"Visa\",\"country\":\"US\",\"customer\":\"cus_RdvKKTnpeYllyS\",\"cvc_check\":\"pass\",\"dynamic_last4\":null,\"exp_month\":7,\"exp_year\":2029,\"fingerprint\":\"FbPPc39FnQY07ZCB\",\"funding\":\"debit\",\"last4\":\"0826\",\"metadata\":[],\"name\":\"cranbarrier@gmail.com\",\"regulated_status\":\"regulated\",\"tokenization_method\":null,\"wallet\":null},\"source_transfer\":null,\"statement_descriptor\":null,\"statement_descriptor_suffix\":null,\"status\":\"succeeded\",\"transfer_data\":null,\"transfer_group\":null}'
WHERE `id` = 30;
UPDATE `user_registration` SET `uid` = '2057', `user_id` = 'AABG7W', `username` = 'freeurlife', `sponsor_id` = 'UQO7EQ', `vacant` = 'no', `f_name` = 'Lesli', `l_name` = 'Andreu', `position` = 'right', `email` = 'cranbarrier@gmail.com', `password` = '808414e18cd5c551f539169f1dd6d742', `phone` = '7864171626', `country` = 'United States', `state` = 'Florida', `city` = 'Miami', `street` = '4777 SW 5th Ter', `zip_code` = '33134', `reg_ip` = '172.70.254.232', `status` = 1, `package_id` = '2', `rank_id` = 1, `highest_rank` = 1, `cycle_rank_id` = 1, `created` = '2025-01-23 21:21:09', `subscription_date` = '2025-02-22', `google_secret` = 'VASTD4N4LWVDDCP4'
WHERE `uid` = '2057';
INSERT INTO `user_registration` (`uid`, `user_id`, `username`, `sponsor_id`, `placement_id`, `vacant`, `f_name`, `l_name`, `address`, `position`, `email`, `password`, `phone`, `reg_ip`, `status`, `created`) VALUES (NULL, 'QPGQVL', 'gHiCqLJX', 'AABG7W', 'AABG7W', 'yes', '', '', '', 'left', '@mail.com', '', '', '', 0, '2025-01-23 21:22:59');
INSERT INTO `user_registration` (`uid`, `user_id`, `username`, `sponsor_id`, `placement_id`, `vacant`, `f_name`, `l_name`, `address`, `position`, `email`, `password`, `phone`, `reg_ip`, `status`, `created`) VALUES (NULL, 'JORFVR', 'fSjxhggB', 'AABG7W', 'AABG7W', 'yes', '', '', '', 'right', '@mail.com', '', '', '', 0, '2025-01-23 21:22:59');
INSERT INTO `bv_updation` (`user_id`) VALUES ('AABG7W');
UPDATE `user_registration` SET total_ref_count = total_ref_count+1
WHERE `user_id` = 'UQO7EQ';
UPDATE `user_registration` SET total_downlines = total_downlines+1
WHERE `user_id` = '3ZDIFO';
UPDATE `user_registration` SET right_downlines = right_downlines+1
WHERE `user_id` = '3ZDIFO';
UPDATE `user_registration` SET total_downlines = total_downlines+1
WHERE `user_id` = 'UQO7EQ';
UPDATE `user_registration` SET right_downlines = right_downlines+1
WHERE `user_id` = 'UQO7EQ';
UPDATE `user_registration` SET right_ref_count = right_ref_count+1
WHERE `user_id` = 'UQO7EQ';
UPDATE `user_registration` SET active_right = active_right+1
WHERE `user_id` = 'UQO7EQ';
UPDATE `user_registration` SET total_downlines = total_downlines+1
WHERE `user_id` = 'N6GZAE';
UPDATE `user_registration` SET left_downlines = left_downlines+1
WHERE `user_id` = 'N6GZAE';
UPDATE `user_registration` SET total_downlines = total_downlines+1
WHERE `user_id` = '4E1CRI';
UPDATE `user_registration` SET left_downlines = left_downlines+1
WHERE `user_id` = '4E1CRI';
UPDATE `user_registration` SET total_downlines = total_downlines+1
WHERE `user_id` = 'SJBNYJ';
UPDATE `user_registration` SET left_downlines = left_downlines+1
WHERE `user_id` = 'SJBNYJ';
UPDATE `user_registration` SET total_downlines = total_downlines+1
WHERE `user_id` = '44B9Y4';
UPDATE `user_registration` SET left_downlines = left_downlines+1
WHERE `user_id` = '44B9Y4';
UPDATE `user_registration` SET total_downlines = total_downlines+1
WHERE `user_id` = 'admin';
UPDATE `user_registration` SET right_downlines = right_downlines+1
WHERE `user_id` = 'admin';
INSERT INTO `investment` (`invest_date`, `user_id`, `type`, `amount`, `package_id`) VALUES ('2025-01-23 21:22:59', 'AABG7W', 'register', '595', '2');
INSERT INTO `earnings` (`user_id`, `Purchaser_id`, `earning_type`, `package_id`, `amount`, `date`, `comments`, `invest_amount`, `comm_perc`, `level`, `rank_id`, `order_id`) VALUES ('UQO7EQ', 'AABG7W', 'Direct Referral Bonus', '2', '100', '2025-01-23 21:22:59', 'Direct Referral Bonus', 0, 0, 1, '', 23);
UPDATE `user_registration` SET commission_balance = ROUND(commission_balance + 100,2)
WHERE `user_id` = 'UQO7EQ';
UPDATE `user_registration` SET referral_bonus = ROUND(referral_bonus + 100,2)
WHERE `user_id` = 'UQO7EQ';
UPDATE `user_registration` SET total_points = ROUND(total_points + 50,2)
WHERE `user_id` = 'AABG7W';
INSERT INTO `points_history` (`user_id`, `points`, `type`, `date`) VALUES ('AABG7W', '50', 'register', '2025-01-23 21:22:');
INSERT INTO `matrix_filling` (`placement_id`, `downline_id`, `level`, `matrix`) VALUES ('3ZDIFO', 'AABG7W', 1, 1);
UPDATE `bv_updation` SET right_carry = right_carry+50, total_right = total_right+50
WHERE `user_id` = '3ZDIFO';
INSERT INTO `placement_bv_update_history` (`right_carry`, `date`, `from_id`, `user_id`) VALUES ('50', '2025-01-23 21:22:59', 'AABG7W', '3ZDIFO');
INSERT INTO `matrix_filling` (`placement_id`, `downline_id`, `level`, `matrix`) VALUES ('UQO7EQ', 'AABG7W', 2, 1);
UPDATE `bv_updation` SET right_carry = right_carry+50, total_right = total_right+50
WHERE `user_id` = 'UQO7EQ';
INSERT INTO `placement_bv_update_history` (`right_carry`, `date`, `from_id`, `user_id`) VALUES ('50', '2025-01-23 21:22:59', 'AABG7W', 'UQO7EQ');
UPDATE `bv_updation` SET sponsor_right_carry = sponsor_right_carry+50, sponsor_total_right = sponsor_total_right+50
WHERE `user_id` = 'UQO7EQ';
INSERT INTO `sponsor_bv_update_history` (`right_carry`, `date`, `user_id`) VALUES ('50', '2025-01-23 21:22:59', 'UQO7EQ');
INSERT INTO `matrix_filling` (`placement_id`, `downline_id`, `level`, `matrix`) VALUES ('N6GZAE', 'AABG7W', 3, 1);
UPDATE `bv_updation` SET left_carry = left_carry+50, total_left = total_left+50
WHERE `user_id` = 'N6GZAE';
INSERT INTO `placement_bv_update_history` (`left_carry`, `date`, `from_id`, `user_id`) VALUES ('50', '2025-01-23 21:22:59', 'AABG7W', 'N6GZAE');
INSERT INTO `matrix_filling` (`placement_id`, `downline_id`, `level`, `matrix`) VALUES ('4E1CRI', 'AABG7W', 4, 1);
UPDATE `bv_updation` SET left_carry = left_carry+50, total_left = total_left+50
WHERE `user_id` = '4E1CRI';
INSERT INTO `placement_bv_update_history` (`left_carry`, `date`, `from_id`, `user_id`) VALUES ('50', '2025-01-23 21:22:59', 'AABG7W', '4E1CRI');
INSERT INTO `matrix_filling` (`placement_id`, `downline_id`, `level`, `matrix`) VALUES ('SJBNYJ', 'AABG7W', 5, 1);
UPDATE `bv_updation` SET left_carry = left_carry+50, total_left = total_left+50
WHERE `user_id` = 'SJBNYJ';
INSERT INTO `placement_bv_update_history` (`left_carry`, `date`, `from_id`, `user_id`) VALUES ('50', '2025-01-23 21:22:59', 'AABG7W', 'SJBNYJ');
INSERT INTO `matrix_filling` (`placement_id`, `downline_id`, `level`, `matrix`) VALUES ('44B9Y4', 'AABG7W', 6, 1);
UPDATE `bv_updation` SET left_carry = left_carry+50, total_left = total_left+50
WHERE `user_id` = '44B9Y4';
INSERT INTO `placement_bv_update_history` (`left_carry`, `date`, `from_id`, `user_id`) VALUES ('50', '2025-01-23 21:22:59', 'AABG7W', '44B9Y4');
INSERT INTO `matrix_filling` (`placement_id`, `downline_id`, `level`, `matrix`) VALUES ('admin', 'AABG7W', 7, 1);
UPDATE `bv_updation` SET right_carry = right_carry+50, total_right = total_right+50
WHERE `user_id` = 'admin';
INSERT INTO `placement_bv_update_history` (`right_carry`, `date`, `from_id`, `user_id`) VALUES ('50', '2025-01-23 21:22:59', 'AABG7W', 'admin');
INSERT INTO `package_purchase_history` (`user_id`, `package_id`, `reg_fee`, `package_name`, `monthly_fee`, `type`, `date`, `payment_option`) VALUES ('AABG7W', '2', '595', 'Traveler Pro', '150', 'sign_up', '2025-01-23 21:22:59', 'stripe');
UPDATE `ci_sessions` SET `timestamp` = 1737689139, `data` = '__ci_last_regenerate|i:1737689139;id|s:4:\"2052\";user_id|s:6:\"K55EDD\";username|s:10:\"Varadero20\";sponsor_id|s:6:\"UQO7EQ\";fullname|s:16:\"Francisco Prieto\";email|s:24:\"prieto112015@hotmail.com\";phone|s:10:\"3059264135\";isLogIn|b:1;'
WHERE `id` = '09c040930045dd5f0064ade984553a746d80ffb4';
UPDATE `ci_sessions` SET `timestamp` = 1737689178, `data` = '__ci_last_regenerate|i:1737689178;id|s:4:\"2055\";user_id|s:6:\"HQTCGF\";username|s:9:\"ManuelN67\";sponsor_id|s:6:\"K55EDD\";fullname|s:15:\"Manuel  naranjo\";email|s:24:\"naranjo.manuel@ymail.com\";phone|s:10:\"7863262112\";isLogIn|b:1;'
WHERE `id` = '5f95c3ca142452aef56f0ab2e20938cf1db4c78c';
UPDATE `user_registration` SET `popup_seen` = 'yes'
WHERE `user_id` = 'HQTCGF';
UPDATE `user_registration` SET `popup_seen` = 'yes'
WHERE `user_id` = 'K55EDD';
UPDATE `user_registration` SET `popup_seen` = 'yes'
WHERE `user_id` = 'K55EDD';
UPDATE `ci_sessions` SET `timestamp` = 1737689415, `data` = '__ci_last_regenerate|i:1737689415;id|s:4:\"2042\";user_id|s:6:\"UQO7EQ\";username|s:6:\"Rafa51\";sponsor_id|s:6:\"N6GZAE\";fullname|s:16:\"Rafael Rodriguez\";email|s:18:\"rafagana@yahoo.com\";phone|s:10:\"3057610606\";isLogIn|b:1;'
WHERE `id` = '19af2783fc62c5557b7255e0fa567e4782abc833';
UPDATE `user_registration` SET `popup_seen` = 'yes'
WHERE `user_id` = 'UQO7EQ';
UPDATE `ci_sessions` SET `timestamp` = 1737689625, `data` = '__ci_last_regenerate|i:1737689625;id|s:4:\"2052\";user_id|s:6:\"K55EDD\";username|s:10:\"Varadero20\";sponsor_id|s:6:\"UQO7EQ\";fullname|s:16:\"Francisco Prieto\";email|s:24:\"prieto112015@hotmail.com\";phone|s:10:\"3059264135\";isLogIn|b:1;'
WHERE `id` = 'dd47baef891573261a43b86f88043c8cf8889687';
UPDATE `user_registration` SET `popup_seen` = 'yes'
WHERE `user_id` = 'K55EDD';
UPDATE `ci_sessions` SET `timestamp` = 1737690197, `data` = '__ci_last_regenerate|i:1737690197;id|s:4:\"2042\";user_id|s:6:\"UQO7EQ\";username|s:6:\"Rafa51\";sponsor_id|s:6:\"N6GZAE\";fullname|s:16:\"Rafael Rodriguez\";email|s:18:\"rafagana@yahoo.com\";phone|s:10:\"3057610606\";isLogIn|b:1;'
WHERE `id` = 'd467c8c55848d084278244bf8653f805de3578de';
INSERT INTO `login_history` (`user_id`, `device`, `ip_address`, `date`) VALUES ('R37QLI', 'Mozilla/5.0 (Macintosh; Intel Mac OS X 10_15_7) AppleWebKit/605.1.15 (KHTML, like Gecko) Version/17.4 Safari/605.1.15', '172.70.82.8', '25-01-23 21:43');
UPDATE `user_registration` SET `popup_seen` = 'yes'
WHERE `user_id` = 'R37QLI';
INSERT INTO `login_history` (`user_id`, `device`, `ip_address`, `date`) VALUES ('44B9Y4', 'Mozilla/5.0 (Windows NT 10.0; Win64; x64) AppleWebKit/537.36 (KHTML, like Gecko) Chrome/132.0.0.0 Safari/537.36 Edg/132.0.0.0', '172.70.254.150', '25-01-23 21:43');
UPDATE `user_registration` SET `popup_seen` = 'yes'
WHERE `user_id` = '44B9Y4';
UPDATE `user_registration` SET `popup_seen` = 'no'
WHERE `user_id` = '44B9Y4';
DELETE FROM `ci_sessions`
WHERE `id` = 'fa4e796469db02c3ab0ac05adeff9b0bc0a2bfc1';
INSERT INTO `login_history` (`user_id`, `device`, `ip_address`, `date`) VALUES ('PKHRN5', 'Mozilla/5.0 (Windows NT 10.0; Win64; x64) AppleWebKit/537.36 (KHTML, like Gecko) Chrome/132.0.0.0 Safari/537.36 Edg/132.0.0.0', '172.70.255.69', '25-01-23 21:49');
UPDATE `user_registration` SET `popup_seen` = 'yes'
WHERE `user_id` = 'PKHRN5';
UPDATE `ci_sessions` SET `timestamp` = 1737690611, `data` = '__ci_last_regenerate|i:1737690611;id|s:4:\"2042\";user_id|s:6:\"UQO7EQ\";username|s:6:\"Rafa51\";sponsor_id|s:6:\"N6GZAE\";fullname|s:16:\"Rafael Rodriguez\";email|s:18:\"rafagana@yahoo.com\";phone|s:10:\"3057610606\";isLogIn|b:1;'
WHERE `id` = '47ae18d08c43eed0bf95e8442951c9c54b9c79a1';
UPDATE `user_registration` SET `popup_seen` = 'yes'
WHERE `user_id` = 'UQO7EQ';
INSERT INTO `temp_register` (`post_data`, `date`, `payment_method`, `type`) VALUES ('{\"uid\":\"2049\",\"user_id\":\"IEVPMD\",\"username\":\"elitetravel\",\"sponsor_id\":\"PKHRN5\",\"vacant\":\"no\",\"f_name\":\"Elite\",\"l_name\":\"Travel\",\"position\":\"right\",\"email\":\"sfssiw@gmail.com\",\"password\":\"ef92ff79ddc488689c4ad11a0cf8f361\",\"phone\":\"3053248811\",\"country\":\"United States\",\"state\":\"Florida\",\"city\":\"MIAMI\",\"street\":\"9380 SW 72 St\",\"zip_code\":\"33174\",\"reg_ip\":\"108.162.210.221\",\"status\":1,\"package_id\":\"1\",\"rank_id\":1,\"highest_rank\":1,\"cycle_rank_id\":1,\"created\":\"2025-01-23 21:52:33\",\"subscription_date\":\"2025-02-22\",\"google_secret\":\"6EB6BR4W5VLEZV3Z\"}', '2025-01-23 21:52:33', 'stripe', 'register');
UPDATE `ci_sessions` SET `timestamp` = 1737690834, `data` = '__ci_last_regenerate|i:1737690834;id|s:4:\"2039\";user_id|s:6:\"PKHRN5\";username|s:7:\"Caracas\";sponsor_id|s:6:\"R37QLI\";fullname|s:11:\"Ninon Ramos\";email|s:22:\"nrproducts20@gmail.com\";phone|s:10:\"7865069935\";isLogIn|b:1;reg_stripe_id|i:31;'
WHERE `id` = 'b641ff6350dbfbbb1059931391f986d0d3ec0cd2';
UPDATE `temp_register` SET `response` = '{\"stripeToken\":\"tok_1Qkdxs2NUoYUjiuuIaHjjnJk\",\"stripeTokenType\":\"card\",\"stripeEmail\":\"sfssiw@gmail.com\"}', `date_modified` = '2025-01-23 21:53:57', `payment_status` = '{\"id\":\"ch_3Qkdxx2NUoYUjiuu1B8KFWa3\",\"object\":\"charge\",\"amount\":19500,\"amount_captured\":19500,\"amount_refunded\":0,\"application\":null,\"application_fee\":null,\"application_fee_amount\":null,\"balance_transaction\":\"txn_3Qkdxx2NUoYUjiuu1el3SOyk\",\"billing_details\":{\"address\":{\"city\":null,\"country\":null,\"line1\":null,\"line2\":null,\"postal_code\":null,\"state\":null},\"email\":null,\"name\":\"sfssiw@gmail.com\",\"phone\":null},\"calculated_statement_descriptor\":\"TRAVELEGENDCY LLC\",\"captured\":true,\"created\":1737690837,\"currency\":\"usd\",\"customer\":\"cus_RdvphEdPTpwr6k\",\"description\":null,\"destination\":null,\"dispute\":null,\"disputed\":false,\"failure_balance_transaction\":null,\"failure_code\":null,\"failure_message\":null,\"fraud_details\":[],\"invoice\":null,\"livemode\":true,\"metadata\":{\"name\":\"Elite Travel\",\"username\":\"elitetravel\"},\"on_behalf_of\":null,\"order\":null,\"outcome\":{\"advice_code\":null,\"network_advice_code\":null,\"network_decline_code\":null,\"network_status\":\"approved_by_network\",\"reason\":null,\"risk_level\":\"normal\",\"seller_message\":\"Payment complete.\",\"type\":\"authorized\"},\"paid\":true,\"payment_intent\":null,\"payment_method\":\"card_1Qkdxs2NUoYUjiuurNgfRp1T\",\"payment_method_details\":{\"card\":{\"amount_authorized\":19500,\"authorization_code\":\"00737Z\",\"brand\":\"mastercard\",\"checks\":{\"address_line1_check\":null,\"address_postal_code_check\":null,\"cvc_check\":\"pass\"},\"country\":\"US\",\"exp_month\":10,\"exp_year\":2029,\"extended_authorization\":{\"status\":\"disabled\"},\"fingerprint\":\"omNP5cWc4dJ9LGi0\",\"funding\":\"credit\",\"incremental_authorization\":{\"status\":\"unavailable\"},\"installments\":null,\"last4\":\"9867\",\"mandate\":null,\"multicapture\":{\"status\":\"unavailable\"},\"network\":\"mastercard\",\"network_token\":{\"used\":false},\"network_transaction_id\":\"MPLUR0DGU0123\",\"overcapture\":{\"maximum_amount_capturable\":19500,\"status\":\"unavailable\"},\"regulated_status\":\"unregulated\",\"three_d_secure\":null,\"wallet\":null},\"type\":\"card\"},\"receipt_email\":null,\"receipt_number\":null,\"receipt_url\":\"https:\\/\\/pay.stripe.com\\/receipts\\/payment\\/CAcQARoXChVhY2N0XzFRUEFGdjJOVW9ZVWppdXUo1p3MvAYyBi8rCfaFHTosFppk-KAKiSYIYlWDRv_Isn1DK_iXWFnzMNXQ_i2ICquVFvHJPL4p8uiBFLE\",\"refunded\":false,\"review\":null,\"shipping\":null,\"source\":{\"id\":\"card_1Qkdxs2NUoYUjiuurNgfRp1T\",\"object\":\"card\",\"address_city\":null,\"address_country\":null,\"address_line1\":null,\"address_line1_check\":null,\"address_line2\":null,\"address_state\":null,\"address_zip\":null,\"address_zip_check\":null,\"allow_redisplay\":\"unspecified\",\"brand\":\"MasterCard\",\"country\":\"US\",\"customer\":\"cus_RdvphEdPTpwr6k\",\"cvc_check\":\"pass\",\"dynamic_last4\":null,\"exp_month\":10,\"exp_year\":2029,\"fingerprint\":\"omNP5cWc4dJ9LGi0\",\"funding\":\"credit\",\"last4\":\"9867\",\"metadata\":[],\"name\":\"sfssiw@gmail.com\",\"regulated_status\":\"unregulated\",\"tokenization_method\":null,\"wallet\":null},\"source_transfer\":null,\"statement_descriptor\":null,\"statement_descriptor_suffix\":null,\"status\":\"succeeded\",\"transfer_data\":null,\"transfer_group\":null}'
WHERE `id` = 31;
UPDATE `user_registration` SET `uid` = '2049', `user_id` = 'IEVPMD', `username` = 'elitetravel', `sponsor_id` = 'PKHRN5', `vacant` = 'no', `f_name` = 'Elite', `l_name` = 'Travel', `position` = 'right', `email` = 'sfssiw@gmail.com', `password` = 'ef92ff79ddc488689c4ad11a0cf8f361', `phone` = '3053248811', `country` = 'United States', `state` = 'Florida', `city` = 'MIAMI', `street` = '9380 SW 72 St', `zip_code` = '33174', `reg_ip` = '108.162.210.221', `status` = 1, `package_id` = '1', `rank_id` = 1, `highest_rank` = 1, `cycle_rank_id` = 1, `created` = '2025-01-23 21:52:33', `subscription_date` = '2025-02-22', `google_secret` = '6EB6BR4W5VLEZV3Z'
WHERE `uid` = '2049';
INSERT INTO `user_registration` (`uid`, `user_id`, `username`, `sponsor_id`, `placement_id`, `vacant`, `f_name`, `l_name`, `address`, `position`, `email`, `password`, `phone`, `reg_ip`, `status`, `created`) VALUES (NULL, 'HBFUUZ', 'qOduFgeF', 'IEVPMD', 'IEVPMD', 'yes', '', '', '', 'left', '@mail.com', '', '', '', 0, '2025-01-23 21:53:57');
INSERT INTO `user_registration` (`uid`, `user_id`, `username`, `sponsor_id`, `placement_id`, `vacant`, `f_name`, `l_name`, `address`, `position`, `email`, `password`, `phone`, `reg_ip`, `status`, `created`) VALUES (NULL, 'DIQJMW', 'oDqtyWtR', 'IEVPMD', 'IEVPMD', 'yes', '', '', '', 'right', '@mail.com', '', '', '', 0, '2025-01-23 21:53:57');
INSERT INTO `bv_updation` (`user_id`) VALUES ('IEVPMD');
UPDATE `user_registration` SET total_ref_count = total_ref_count+1
WHERE `user_id` = 'PKHRN5';
UPDATE `user_registration` SET total_downlines = total_downlines+1
WHERE `user_id` = 'HUDVJU';
UPDATE `user_registration` SET right_downlines = right_downlines+1
WHERE `user_id` = 'HUDVJU';
UPDATE `user_registration` SET total_downlines = total_downlines+1
WHERE `user_id` = 'OWF3OA';
UPDATE `user_registration` SET right_downlines = right_downlines+1
WHERE `user_id` = 'OWF3OA';
UPDATE `user_registration` SET total_downlines = total_downlines+1
WHERE `user_id` = 'PKHRN5';
UPDATE `user_registration` SET right_downlines = right_downlines+1
WHERE `user_id` = 'PKHRN5';
UPDATE `user_registration` SET right_ref_count = right_ref_count+1
WHERE `user_id` = 'PKHRN5';
UPDATE `user_registration` SET active_right = active_right+1
WHERE `user_id` = 'PKHRN5';
UPDATE `user_registration` SET total_downlines = total_downlines+1
WHERE `user_id` = 'R37QLI';
UPDATE `user_registration` SET right_downlines = right_downlines+1
WHERE `user_id` = 'R37QLI';
UPDATE `user_registration` SET total_downlines = total_downlines+1
WHERE `user_id` = 'H2HQC8';
UPDATE `user_registration` SET right_downlines = right_downlines+1
WHERE `user_id` = 'H2HQC8';
UPDATE `user_registration` SET total_downlines = total_downlines+1
WHERE `user_id` = '45E8V2';
UPDATE `user_registration` SET left_downlines = left_downlines+1
WHERE `user_id` = '45E8V2';
UPDATE `user_registration` SET total_downlines = total_downlines+1
WHERE `user_id` = '44B9Y4';
UPDATE `user_registration` SET right_downlines = right_downlines+1
WHERE `user_id` = '44B9Y4';
UPDATE `user_registration` SET total_downlines = total_downlines+1
WHERE `user_id` = 'admin';
UPDATE `user_registration` SET right_downlines = right_downlines+1
WHERE `user_id` = 'admin';
INSERT INTO `investment` (`invest_date`, `user_id`, `type`, `amount`, `package_id`) VALUES ('2025-01-23 21:53:57', 'IEVPMD', 'register', '195', '1');
INSERT INTO `earnings` (`user_id`, `Purchaser_id`, `earning_type`, `package_id`, `amount`, `date`, `comments`, `invest_amount`, `comm_perc`, `level`, `rank_id`, `order_id`) VALUES ('PKHRN5', 'IEVPMD', 'Direct Referral Bonus', '1', '20', '2025-01-23 21:53:57', 'Direct Referral Bonus', 0, 0, 1, '', 24);
UPDATE `user_registration` SET commission_balance = ROUND(commission_balance + 20,2)
WHERE `user_id` = 'PKHRN5';
UPDATE `user_registration` SET referral_bonus = ROUND(referral_bonus + 20,2)
WHERE `user_id` = 'PKHRN5';
UPDATE `user_registration` SET total_points = ROUND(total_points + 20,2)
WHERE `user_id` = 'IEVPMD';
INSERT INTO `points_history` (`user_id`, `points`, `type`, `date`) VALUES ('IEVPMD', '20', 'register', '2025-01-23 21:53:');
INSERT INTO `matrix_filling` (`placement_id`, `downline_id`, `level`, `matrix`) VALUES ('HUDVJU', 'IEVPMD', 1, 1);
INSERT INTO `matrix_filling` (`placement_id`, `downline_id`, `level`, `matrix`) VALUES ('OWF3OA', 'IEVPMD', 2, 1);
UPDATE `bv_updation` SET right_carry = right_carry+20, total_right = total_right+20
WHERE `user_id` = 'OWF3OA';
INSERT INTO `placement_bv_update_history` (`right_carry`, `date`, `from_id`, `user_id`) VALUES ('20', '2025-01-23 21:53:57', 'IEVPMD', 'OWF3OA');
INSERT INTO `matrix_filling` (`placement_id`, `downline_id`, `level`, `matrix`) VALUES ('PKHRN5', 'IEVPMD', 3, 1);
INSERT INTO `matrix_filling` (`placement_id`, `downline_id`, `level`, `matrix`) VALUES ('R37QLI', 'IEVPMD', 4, 1);
UPDATE `bv_updation` SET right_carry = right_carry+20, total_right = total_right+20
WHERE `user_id` = 'R37QLI';
INSERT INTO `placement_bv_update_history` (`right_carry`, `date`, `from_id`, `user_id`) VALUES ('20', '2025-01-23 21:53:57', 'IEVPMD', 'R37QLI');
INSERT INTO `matrix_filling` (`placement_id`, `downline_id`, `level`, `matrix`) VALUES ('H2HQC8', 'IEVPMD', 5, 1);
UPDATE `bv_updation` SET right_carry = right_carry+20, total_right = total_right+20
WHERE `user_id` = 'H2HQC8';
INSERT INTO `placement_bv_update_history` (`right_carry`, `date`, `from_id`, `user_id`) VALUES ('20', '2025-01-23 21:53:57', 'IEVPMD', 'H2HQC8');
INSERT INTO `matrix_filling` (`placement_id`, `downline_id`, `level`, `matrix`) VALUES ('45E8V2', 'IEVPMD', 6, 1);
UPDATE `bv_updation` SET left_carry = left_carry+20, total_left = total_left+20
WHERE `user_id` = '45E8V2';
INSERT INTO `placement_bv_update_history` (`left_carry`, `date`, `from_id`, `user_id`) VALUES ('20', '2025-01-23 21:53:57', 'IEVPMD', '45E8V2');
INSERT INTO `matrix_filling` (`placement_id`, `downline_id`, `level`, `matrix`) VALUES ('44B9Y4', 'IEVPMD', 7, 1);
UPDATE `bv_updation` SET right_carry = right_carry+20, total_right = total_right+20
WHERE `user_id` = '44B9Y4';
INSERT INTO `placement_bv_update_history` (`right_carry`, `date`, `from_id`, `user_id`) VALUES ('20', '2025-01-23 21:53:57', 'IEVPMD', '44B9Y4');
INSERT INTO `matrix_filling` (`placement_id`, `downline_id`, `level`, `matrix`) VALUES ('admin', 'IEVPMD', 8, 1);
UPDATE `bv_updation` SET right_carry = right_carry+20, total_right = total_right+20
WHERE `user_id` = 'admin';
INSERT INTO `placement_bv_update_history` (`right_carry`, `date`, `from_id`, `user_id`) VALUES ('20', '2025-01-23 21:53:57', 'IEVPMD', 'admin');
INSERT INTO `package_purchase_history` (`user_id`, `package_id`, `reg_fee`, `package_name`, `monthly_fee`, `type`, `date`, `payment_option`) VALUES ('IEVPMD', '1', '195', 'Traveler', '50', 'sign_up', '2025-01-23 21:53:57', 'stripe');
UPDATE `user_registration` SET `popup_seen` = 'no'
WHERE `user_id` = 'PKHRN5';
DELETE FROM `ci_sessions`
WHERE `id` = '03791c258dc155c414f6243e874409e3d9de8b3a';
INSERT INTO `login_history` (`user_id`, `device`, `ip_address`, `date`) VALUES ('IEVPMD', 'Mozilla/5.0 (Windows NT 10.0; Win64; x64) AppleWebKit/537.36 (KHTML, like Gecko) Chrome/132.0.0.0 Safari/537.36 Edg/132.0.0.0', '172.70.82.168', '25-01-23 21:55');
UPDATE `user_registration` SET `popup_seen` = 'yes'
WHERE `user_id` = 'IEVPMD';
UPDATE `user_registration` SET `popup_seen` = 'no'
WHERE `user_id` = 'IEVPMD';
DELETE FROM `ci_sessions`
WHERE `id` = '1721f78ae27aa3cf31251ecd278ae1c9c56a3650';
INSERT INTO `login_history` (`user_id`, `device`, `ip_address`, `date`) VALUES ('PKHRN5', 'Mozilla/5.0 (Windows NT 10.0; Win64; x64) AppleWebKit/537.36 (KHTML, like Gecko) Chrome/132.0.0.0 Safari/537.36 Edg/132.0.0.0', '172.70.82.168', '25-01-23 21:55');
UPDATE `user_registration` SET `popup_seen` = 'yes'
WHERE `user_id` = 'PKHRN5';
INSERT INTO `payquicker_token` (`response`, `token`, `created_time`, `expires_at`) VALUES ('{\"access_token\":\"5D876EAB3EF6C011684195C97306D69FE822979AE71B5F7A2304C8388682C351-1\",\"expires_in\":3600,\"token_type\":\"Bearer\",\"scope\":\"api useraccount_balance useraccount_debit useraccount_invitation useraccount_payment\"}', '5D876EAB3EF6C011684195C97306D69FE822979AE71B5F7A2304C8388682C351-1', '2025-01-23 21:56:23', '2025-01-23 22:56:23');
UPDATE `ci_sessions` SET `timestamp` = 1737691012, `data` = '__ci_last_regenerate|i:1737691012;id|s:4:\"2042\";user_id|s:6:\"UQO7EQ\";username|s:6:\"Rafa51\";sponsor_id|s:6:\"N6GZAE\";fullname|s:16:\"Rafael Rodriguez\";email|s:18:\"rafagana@yahoo.com\";phone|s:10:\"3057610606\";isLogIn|b:1;'
WHERE `id` = '8a73b71b475419b8a60c4c607bb4a97064483556';
UPDATE `user_registration` SET `popup_seen` = 'yes'
WHERE `user_id` = 'UQO7EQ';
UPDATE `user_registration` SET `popup_seen` = 'no'
WHERE `user_id` = 'UQO7EQ';
DELETE FROM `ci_sessions`
WHERE `id` = '2ce63726f524646280751f95fe3e199df0bcc0ce';
UPDATE `ci_sessions` SET `timestamp` = 1737691275, `data` = '__ci_last_regenerate|i:1737691275;id|s:4:\"2039\";user_id|s:6:\"PKHRN5\";username|s:7:\"Caracas\";sponsor_id|s:6:\"R37QLI\";fullname|s:11:\"Ninon Ramos\";email|s:22:\"nrproducts20@gmail.com\";phone|s:10:\"7865069935\";isLogIn|b:1;exception|s:86:\"A user invitation already exists with a matching email address nrproducts20@gmail.com.\";__ci_vars|a:1:{s:9:\"exception\";s:3:\"old\";}'
WHERE `id` = 'b6a60446e0c5ba10941c36b4b9898fe66b5e13dd';
UPDATE `user_registration` SET `popup_seen` = 'no'
WHERE `user_id` = 'PKHRN5';
DELETE FROM `ci_sessions`
WHERE `id` = 'c99e918054ad69b2f03d9d9ab054c10d5a570d92';
UPDATE `ci_sessions` SET `timestamp` = 1737691769, `data` = '__ci_last_regenerate|i:1737691769;id|s:4:\"2031\";user_id|s:6:\"R37QLI\";username|s:5:\"dleon\";sponsor_id|s:6:\"H2HQC8\";fullname|s:11:\"Dayami Leon\";email|s:20:\"atravel4uu@gmail.com\";phone|s:10:\"7865069935\";isLogIn|b:1;message|s:19:\"Welcome Dayami Leon\";__ci_vars|a:1:{s:7:\"message\";s:3:\"old\";}'
WHERE `id` = 'ea61bbde5633314b0fa3f49035ddbbf0921009f1';
UPDATE `user_registration` SET `popup_seen` = 'yes'
WHERE `user_id` = 'R37QLI';
UPDATE `ci_sessions` SET `timestamp` = 1737691790, `data` = '__ci_last_regenerate|i:1737691790;captcha|s:4:\"7we6\";'
WHERE `id` = '8da75dd4863f022c1415d70458a938ce15172f0e';
UPDATE `user_registration` SET `popup_seen` = 'yes'
WHERE `user_id` = 'R37QLI';
INSERT INTO `login_history` (`user_id`, `device`, `ip_address`, `date`) VALUES ('UQO7EQ', 'Mozilla/5.0 (Windows NT 10.0; Win64; x64) AppleWebKit/537.36 (KHTML, like Gecko) Chrome/132.0.0.0 Safari/537.36', '172.70.255.162', '25-01-23 22:10');
UPDATE `user_registration` SET `popup_seen` = 'yes'
WHERE `user_id` = 'UQO7EQ';
UPDATE `user_registration` SET `popup_seen` = 'no'
WHERE `user_id` = 'UQO7EQ';
DELETE FROM `ci_sessions`
WHERE `id` = '41870fee6ee631c2f556bb2d66df48df566e537e';
UPDATE `ci_sessions` SET `timestamp` = 1737692144, `data` = '__ci_last_regenerate|i:1737692144;id|s:4:\"2031\";user_id|s:6:\"R37QLI\";username|s:5:\"dleon\";sponsor_id|s:6:\"H2HQC8\";fullname|s:11:\"Dayami Leon\";email|s:20:\"atravel4uu@gmail.com\";phone|s:10:\"7865069935\";isLogIn|b:1;'
WHERE `id` = '07adccdaa7d3d6833e57d88ff61c8c7cd047e08f';
UPDATE `user_registration` SET `popup_seen` = 'yes'
WHERE `user_id` = 'R37QLI';
UPDATE `user_registration` SET `popup_seen` = 'yes'
WHERE `user_id` = 'R37QLI';
UPDATE `user_registration` SET `popup_seen` = 'yes'
WHERE `user_id` = 'R37QLI';
UPDATE `ci_sessions` SET `timestamp` = 1737693872, `data` = '__ci_last_regenerate|i:1737693872;'
WHERE `id` = '370941146aeffbecbd085a2272270cdac6b3efd9';
INSERT INTO `login_history` (`user_id`, `device`, `ip_address`, `date`) VALUES ('UQO7EQ', 'Mozilla/5.0 (Linux; Android 10; K) AppleWebKit/537.36 (KHTML, like Gecko) Chrome/131.0.0.0 Mobile Safari/537.36', '172.70.82.9', '25-01-23 22:46');
UPDATE `user_registration` SET `popup_seen` = 'yes'
WHERE `user_id` = 'UQO7EQ';
UPDATE `user_registration` SET `popup_seen` = 'yes'
WHERE `user_id` = 'UQO7EQ';
UPDATE `user_registration` SET `popup_seen` = 'no'
WHERE `user_id` = 'UQO7EQ';
DELETE FROM `ci_sessions`
WHERE `id` = 'b9b032fafe33ec8af598d9ef62769cb12cc1acd7';
UPDATE `ci_sessions` SET `timestamp` = 1737695389, `data` = '__ci_last_regenerate|i:1737695389;captcha|s:4:\"zcbp\";'
WHERE `id` = 'bbcda70be3b40585ea3f9f88cdfeef21ff84d0b3';
INSERT INTO `cron_job_history` (`name`, `date_started`, `status`) VALUES ('backup', '2025-01-24 00:00:01', 'started');
UPDATE `cron_job_history` SET `status` = 'done', `date_end` = '2025-01-24 00:00:01'
WHERE `id` = 153;
INSERT INTO `cron_job_history` (`name`, `date_started`, `status`) VALUES ('deduct_sub_amt_from_ewallet', '2025-01-24 00:05:01', 'started');
UPDATE `cron_job_history` SET `status` = 'done', `date_end` = '2025-01-24 00:05:01'
WHERE `id` = 154;
INSERT INTO `login_history` (`user_id`, `device`, `ip_address`, `date`) VALUES ('35H9RV', 'Mozilla/5.0 (Windows NT 10.0; Win64; x64) AppleWebKit/537.36 (KHTML, like Gecko) Chrome/132.0.0.0 Safari/537.36', '172.70.219.96', '25-01-24 00:34');
UPDATE `user_registration` SET `popup_seen` = 'yes'
WHERE `user_id` = '35H9RV';
INSERT INTO `login_history` (`user_id`, `device`, `ip_address`, `date`) VALUES ('admin', 'Mozilla/5.0 (Linux; Android 10; K) AppleWebKit/537.36 (KHTML, like Gecko) Chrome/131.0.0.0 Mobile Safari/537.36', '172.64.238.4', '25-01-24 00:53');
UPDATE `user_registration` SET `popup_seen` = 'yes'
WHERE `user_id` = 'admin';
UPDATE `ci_sessions` SET `timestamp` = 1737704698, `data` = '__ci_last_regenerate|i:1737704698;id|s:4:\"2019\";user_id|s:5:\"admin\";username|s:5:\"admin\";sponsor_id|s:1:\"0\";fullname|s:11:\"Alex Carrey\";email|s:15:\"admin@admin.com\";phone|s:10:\"1235467892\";isLogIn|b:1;message|s:29:\"Request Accessed Successfully\";__ci_vars|a:1:{s:7:\"message\";s:3:\"old\";}'
WHERE `id` = 'c756d9a52c563c2cbcb0089c599c256ecac3b782';
UPDATE `ci_sessions` SET `timestamp` = 1737711762, `data` = '__ci_last_regenerate|i:1737711762;captcha|s:4:\"r7xj\";'
WHERE `id` = '7f2129276c248df60a6a74ae00ab56b94ffef4f6';
INSERT INTO `login_history` (`user_id`, `device`, `ip_address`, `date`) VALUES ('35H9RV', 'Mozilla/5.0 (Windows NT 10.0; Win64; x64) AppleWebKit/537.36 (KHTML, like Gecko) Chrome/132.0.0.0 Safari/537.36', '172.69.94.101', '25-01-24 03:42');
UPDATE `user_registration` SET `popup_seen` = 'yes'
WHERE `user_id` = '35H9RV';
INSERT INTO `login_history` (`user_id`, `device`, `ip_address`, `date`) VALUES ('3ZDIFO', 'Mozilla/5.0 (Windows NT 10.0; Win64; x64) AppleWebKit/537.36 (KHTML, like Gecko) Chrome/132.0.0.0 Safari/537.36 Edg/132.0.0.0', '172.70.254.162', '25-01-24 05:26');
UPDATE `user_registration` SET `popup_seen` = 'yes'
WHERE `user_id` = '3ZDIFO';
UPDATE `ci_sessions` SET `timestamp` = 1737718141, `data` = '__ci_last_regenerate|i:1737718141;id|s:4:\"2053\";user_id|s:6:\"3ZDIFO\";username|s:10:\"Flordeloto\";sponsor_id|s:6:\"UQO7EQ\";fullname|s:19:\"Ramon Fernandez Mur\";email|s:24:\"ramonramon4857@gmail.com\";phone|s:10:\"3058961241\";isLogIn|b:1;'
WHERE `id` = '142987211fcd3bd3662d74ab07ea71db18718f66';
UPDATE `user_registration` SET `popup_seen` = 'no'
WHERE `user_id` = '3ZDIFO';
DELETE FROM `ci_sessions`
WHERE `id` = 'dc4dec1b72bc2b8ecd0ccd4bb98fe281350dfc3c';
INSERT INTO `login_history` (`user_id`, `device`, `ip_address`, `date`) VALUES ('K55EDD', 'Mozilla/5.0 (Windows NT 10.0; Win64; x64) AppleWebKit/537.36 (KHTML, like Gecko) Chrome/132.0.0.0 Safari/537.36 Edg/132.0.0.0', '172.70.254.163', '25-01-24 05:29');
UPDATE `user_registration` SET `popup_seen` = 'yes'
WHERE `user_id` = 'K55EDD';
UPDATE `user_registration` SET `popup_seen` = 'no'
WHERE `user_id` = 'K55EDD';
DELETE FROM `ci_sessions`
WHERE `id` = '24e79b3969da2f655ea50ac4b5da5bd15c51cc88';
INSERT INTO `login_history` (`user_id`, `device`, `ip_address`, `date`) VALUES ('AABG7W', 'Mozilla/5.0 (Windows NT 10.0; Win64; x64) AppleWebKit/537.36 (KHTML, like Gecko) Chrome/132.0.0.0 Safari/537.36 Edg/132.0.0.0', '172.70.254.162', '25-01-24 05:33');
UPDATE `user_registration` SET `popup_seen` = 'yes'
WHERE `user_id` = 'AABG7W';
UPDATE `user_registration` SET `popup_seen` = 'yes'
WHERE `user_id` = 'AABG7W';
UPDATE `user_registration` SET `popup_seen` = 'no'
WHERE `user_id` = 'AABG7W';
DELETE FROM `ci_sessions`
WHERE `id` = '7119a47775b22b9512520ee4f2c7e5ea525ee273';
INSERT INTO `login_history` (`user_id`, `device`, `ip_address`, `date`) VALUES ('UQO7EQ', 'Mozilla/5.0 (Windows NT 10.0; Win64; x64) AppleWebKit/537.36 (KHTML, like Gecko) Chrome/132.0.0.0 Safari/537.36 Edg/132.0.0.0', '172.70.254.163', '25-01-24 05:34');
UPDATE `user_registration` SET `popup_seen` = 'yes'
WHERE `user_id` = 'UQO7EQ';
UPDATE `user_registration` SET `popup_seen` = 'yes'
WHERE `user_id` = 'UQO7EQ';
UPDATE `user_registration` SET `popup_seen` = 'yes'
WHERE `user_id` = 'UQO7EQ';
UPDATE `user_registration` SET `popup_seen` = 'yes'
WHERE `user_id` = 'UQO7EQ';
UPDATE `user_registration` SET `popup_seen` = 'yes'
WHERE `user_id` = 'UQO7EQ';
UPDATE `ci_sessions` SET `timestamp` = 1737718747, `data` = '__ci_last_regenerate|i:1737718747;id|s:4:\"2042\";user_id|s:6:\"UQO7EQ\";username|s:6:\"Rafa51\";sponsor_id|s:6:\"N6GZAE\";fullname|s:16:\"Rafael Rodriguez\";email|s:18:\"rafagana@yahoo.com\";phone|s:10:\"3057610606\";isLogIn|b:1;'
WHERE `id` = '47ad1e34f7c26a5259f60dcb82ff0f0377a05c9c';
UPDATE `user_registration` SET `popup_seen` = 'yes'
WHERE `user_id` = 'UQO7EQ';
UPDATE `user_registration` SET `popup_seen` = 'yes'
WHERE `user_id` = 'UQO7EQ';
UPDATE `ci_sessions` SET `timestamp` = 1737719057, `data` = '__ci_last_regenerate|i:1737719057;id|s:4:\"2042\";user_id|s:6:\"UQO7EQ\";username|s:6:\"Rafa51\";sponsor_id|s:6:\"N6GZAE\";fullname|s:16:\"Rafael Rodriguez\";email|s:18:\"rafagana@yahoo.com\";phone|s:10:\"3057610606\";isLogIn|b:1;'
WHERE `id` = '97ca4d421eaeb7f6086e900fc082169e64b2bb9a';
INSERT INTO `login_history` (`user_id`, `device`, `ip_address`, `date`) VALUES ('AABG7W', 'Mozilla/5.0 (Linux; Android 10; K) AppleWebKit/537.36 (KHTML, like Gecko) Chrome/132.0.0.0 Mobile Safari/537.36', '172.70.82.249', '25-01-24 05:49');
UPDATE `user_registration` SET `popup_seen` = 'yes'
WHERE `user_id` = 'AABG7W';
INSERT INTO `add_cart` (`user_id`, `product_id`, `product_name`, `product_amount`, `product_point`, `product_image`, `product_details`, `quantity`, `total_amount`, `country`, `state`, `total_point`, `date`) VALUES ('AABG7W', '4', 'Nature closer than ever 5D/4N', '150', '75', 'upload/product_image/47bdc5b1bf77d9f53a68d790b6ad854b.png', '<p><span style=\"color:rgb(0,0,0);\">Orlando is famed for its iconic theme parks, exciting attractions, and year-round sunshine. With thrilling adventures, diverse dining, and endless shopping, it’s a perfect getaway for families and fun-seekers alike.</span></p><p><span style=\"color:rgb(0,0,0);\"><strong>5 days / 4 nights</strong></span></p><p><span style=\"color:rgb(0,0,0);\"><strong>Cost: $150</strong></span></p>', 1, 150, '', '', 75, '2025-01-24 05:51:46');
UPDATE `add_cart` SET quantity = quantity + 1, total_amount = total_amount + 150, total_point = total_point + 75
WHERE `user_id` = 'AABG7W'
AND `product_id` = '4';
UPDATE `add_cart` SET `quantity` = '1', `total_amount` = 150, `total_point` = 75
WHERE `id` = '26';
DELETE FROM `add_cart`
WHERE `id` = '26';
UPDATE `ci_sessions` SET `timestamp` = 1737719702, `data` = '__ci_last_regenerate|i:1737719702;id|s:4:\"2057\";user_id|s:6:\"AABG7W\";username|s:10:\"freeurlife\";sponsor_id|s:6:\"UQO7EQ\";fullname|s:12:\"Lesli Andreu\";email|s:21:\"cranbarrier@gmail.com\";phone|s:10:\"7864171626\";isLogIn|b:1;'
WHERE `id` = '8037ec2b01c496a718ca883290be063752b3afbf';
INSERT INTO `login_history` (`user_id`, `device`, `ip_address`, `date`) VALUES ('UQO7EQ', 'Mozilla/5.0 (Windows NT 10.0; Win64; x64) AppleWebKit/537.36 (KHTML, like Gecko) Chrome/132.0.0.0 Safari/537.36', '172.70.255.174', '25-01-24 06:04');
UPDATE `user_registration` SET `popup_seen` = 'yes'
WHERE `user_id` = 'UQO7EQ';
UPDATE `user_registration` SET `popup_seen` = 'yes'
WHERE `user_id` = 'UQO7EQ';
UPDATE `user_registration` SET `popup_seen` = 'no'
WHERE `user_id` = 'UQO7EQ';
DELETE FROM `ci_sessions`
WHERE `id` = 'a7fdba88ea0dfcceabef40d6982c2c3f82dcd5f0';
UPDATE `ci_sessions` SET `timestamp` = 1737721552, `data` = '__ci_last_regenerate|i:1737721552;captcha|s:4:\"ehob\";'
WHERE `id` = '7940d8bfcc83c321b33c18c3fb83c160956fd4af';
INSERT INTO `login_history` (`user_id`, `device`, `ip_address`, `date`) VALUES ('PKHRN5', 'Mozilla/5.0 (Linux; Android 10; K) AppleWebKit/537.36 (KHTML, like Gecko) Chrome/131.0.0.0 Mobile Safari/537.36', '108.162.210.134', '25-01-24 06:51');
UPDATE `user_registration` SET `popup_seen` = 'yes'
WHERE `user_id` = 'PKHRN5';
INSERT INTO `login_history` (`user_id`, `device`, `ip_address`, `date`) VALUES ('AABG7W', 'Mozilla/5.0 (Linux; Android 10; K) AppleWebKit/537.36 (KHTML, like Gecko) Chrome/132.0.0.0 Mobile Safari/537.36', '172.70.254.2', '25-01-24 08:20');
UPDATE `user_registration` SET `popup_seen` = 'yes'
WHERE `user_id` = 'AABG7W';
UPDATE `user_registration` SET `popup_seen` = 'yes'
WHERE `user_id` = 'AABG7W';
UPDATE `ci_sessions` SET `timestamp` = 1737728707, `data` = '__ci_last_regenerate|i:1737728707;captcha|s:4:\"5y97\";'
WHERE `id` = '7fa775aba5b39c5f9aceda22539b7c382e6e6213';
INSERT INTO `login_history` (`user_id`, `device`, `ip_address`, `date`) VALUES ('UQO7EQ', 'Mozilla/5.0 (Windows NT 10.0; Win64; x64) AppleWebKit/537.36 (KHTML, like Gecko) Chrome/132.0.0.0 Safari/537.36', '172.70.254.233', '25-01-24 08:25');
UPDATE `user_registration` SET `popup_seen` = 'yes'
WHERE `user_id` = 'UQO7EQ';
UPDATE `user_registration` SET `popup_seen` = 'yes'
WHERE `user_id` = 'UQO7EQ';
UPDATE `user_registration` SET `popup_seen` = 'yes'
WHERE `user_id` = 'UQO7EQ';
UPDATE `user_registration` SET `popup_seen` = 'yes'
WHERE `user_id` = 'UQO7EQ';
UPDATE `user_registration` SET `popup_seen` = 'yes'
WHERE `user_id` = 'UQO7EQ';
UPDATE `user_registration` SET `popup_seen` = 'yes'
WHERE `user_id` = 'UQO7EQ';
UPDATE `user_registration` SET `popup_seen` = 'yes'
WHERE `user_id` = 'UQO7EQ';
UPDATE `ci_sessions` SET `timestamp` = 1737728992, `data` = '__ci_last_regenerate|i:1737728992;id|s:4:\"2057\";user_id|s:6:\"AABG7W\";username|s:10:\"freeurlife\";sponsor_id|s:6:\"UQO7EQ\";fullname|s:12:\"Lesli Andreu\";email|s:21:\"cranbarrier@gmail.com\";phone|s:10:\"7864171626\";isLogIn|b:1;'
WHERE `id` = '1462dedcec32206f42f059ba94fdaf9f3225cb26';
UPDATE `user_registration` SET `popup_seen` = 'yes'
WHERE `user_id` = 'AABG7W';
UPDATE `ci_sessions` SET `timestamp` = 1737729014, `data` = '__ci_last_regenerate|i:1737729014;id|s:4:\"2042\";user_id|s:6:\"UQO7EQ\";username|s:6:\"Rafa51\";sponsor_id|s:6:\"N6GZAE\";fullname|s:16:\"Rafael Rodriguez\";email|s:18:\"rafagana@yahoo.com\";phone|s:10:\"3057610606\";isLogIn|b:1;'
WHERE `id` = '71abd959cea52fcec0e247d624e224f4876ecbaf';
UPDATE `user_registration` SET `popup_seen` = 'yes'
WHERE `user_id` = 'UQO7EQ';
UPDATE `user_registration` SET `popup_seen` = 'no'
WHERE `user_id` = 'UQO7EQ';
DELETE FROM `ci_sessions`
WHERE `id` = '29aae2cb486566aa42d71f015832817145738326';
INSERT INTO `login_history` (`user_id`, `device`, `ip_address`, `date`) VALUES ('R37QLI', 'Mozilla/5.0 (Macintosh; Intel Mac OS X 10_15_7) AppleWebKit/605.1.15 (KHTML, like Gecko) Version/17.4 Safari/605.1.15', '172.70.82.168', '25-01-24 08:45');
UPDATE `user_registration` SET `popup_seen` = 'yes'
WHERE `user_id` = 'R37QLI';
UPDATE `user_registration` SET `popup_seen` = 'yes'
WHERE `user_id` = 'R37QLI';
UPDATE `ci_sessions` SET `timestamp` = 1737731039, `data` = '__ci_last_regenerate|i:1737731039;captcha|s:4:\"wfyu\";'
WHERE `id` = '0ba70332932262f637d3fac521d61e078e2b32d1';
UPDATE `ci_sessions` SET `timestamp` = 1737731040, `data` = '__ci_last_regenerate|i:1737731040;id|s:4:\"2031\";user_id|s:6:\"R37QLI\";username|s:5:\"dleon\";sponsor_id|s:6:\"H2HQC8\";fullname|s:11:\"Dayami Leon\";email|s:20:\"atravel4uu@gmail.com\";phone|s:10:\"7865069935\";isLogIn|b:1;'
WHERE `id` = '99db0abda79fa870bda71567d054af58fae82307';
INSERT INTO `login_history` (`user_id`, `device`, `ip_address`, `date`) VALUES ('UQO7EQ', 'Mozilla/5.0 (Windows NT 10.0; Win64; x64) AppleWebKit/537.36 (KHTML, like Gecko) Chrome/132.0.0.0 Safari/537.36', '172.70.82.9', '25-01-24 09:05');
UPDATE `user_registration` SET `popup_seen` = 'yes'
WHERE `user_id` = 'UQO7EQ';
UPDATE `user_registration` SET `popup_seen` = 'no'
WHERE `user_id` = 'UQO7EQ';
DELETE FROM `ci_sessions`
WHERE `id` = '0673ba0c0bc30a9043d9036eaac49fe1b7f8740a';
UPDATE `ci_sessions` SET `timestamp` = 1737731423, `data` = '__ci_last_regenerate|i:1737731423;id|s:4:\"2031\";user_id|s:6:\"R37QLI\";username|s:5:\"dleon\";sponsor_id|s:6:\"H2HQC8\";fullname|s:11:\"Dayami Leon\";email|s:20:\"atravel4uu@gmail.com\";phone|s:10:\"7865069935\";isLogIn|b:1;'
WHERE `id` = 'b7101236b2faee68f21c7d1f801b4eca3db37832';
UPDATE `user_registration` SET `popup_seen` = 'yes'
WHERE `user_id` = 'R37QLI';
UPDATE `ci_sessions` SET `timestamp` = 1737732493, `data` = '__ci_last_regenerate|i:1737732493;id|s:4:\"2031\";user_id|s:6:\"R37QLI\";username|s:5:\"dleon\";sponsor_id|s:6:\"H2HQC8\";fullname|s:11:\"Dayami Leon\";email|s:20:\"atravel4uu@gmail.com\";phone|s:10:\"7865069935\";isLogIn|b:1;'
WHERE `id` = '90dc6ca5914d5c46abe0d6e287a7b9007439f2d6';
UPDATE `user_registration` SET `popup_seen` = 'yes'
WHERE `user_id` = 'R37QLI';
INSERT INTO `login_history` (`user_id`, `device`, `ip_address`, `date`) VALUES ('PKHRN5', 'Mozilla/5.0 (Windows NT 10.0; Win64; x64) AppleWebKit/537.36 (KHTML, like Gecko) Chrome/132.0.0.0 Safari/537.36 Edg/132.0.0.0', '172.70.55.209', '25-01-24 09:38');
UPDATE `user_registration` SET `popup_seen` = 'yes'
WHERE `user_id` = 'PKHRN5';
UPDATE `ci_sessions` SET `timestamp` = 1737733985, `data` = '__ci_last_regenerate|i:1737733985;id|s:4:\"2031\";user_id|s:6:\"R37QLI\";username|s:5:\"dleon\";sponsor_id|s:6:\"H2HQC8\";fullname|s:11:\"Dayami Leon\";email|s:20:\"atravel4uu@gmail.com\";phone|s:10:\"7865069935\";isLogIn|b:1;'
WHERE `id` = '27a6daae5e0b5ef43bcdbd6e6b5d54f2ae3328c5';
UPDATE `user_registration` SET `popup_seen` = 'yes'
WHERE `user_id` = 'R37QLI';
UPDATE `ci_sessions` SET `timestamp` = 1737733991, `data` = '__ci_last_regenerate|i:1737733991;id|s:4:\"2039\";user_id|s:6:\"PKHRN5\";username|s:7:\"Caracas\";sponsor_id|s:6:\"R37QLI\";fullname|s:11:\"Ninon Ramos\";email|s:22:\"nrproducts20@gmail.com\";phone|s:10:\"7865069935\";isLogIn|b:1;message|s:19:\"Welcome Ninon Ramos\";__ci_vars|a:1:{s:7:\"message\";s:3:\"old\";}'
WHERE `id` = 'dc6ce4b2e406f1745b18a8ee9aabe6f6ef8ca502';
UPDATE `user_registration` SET `popup_seen` = 'yes'
WHERE `user_id` = 'PKHRN5';
UPDATE `user_registration` SET `popup_seen` = 'no'
WHERE `user_id` = 'R37QLI';
DELETE FROM `ci_sessions`
WHERE `id` = '6025af038a7379cc0e96480645ce85c38fbb9a9d';
INSERT INTO `login_history` (`user_id`, `device`, `ip_address`, `date`) VALUES ('R37QLI', 'Mozilla/5.0 (Macintosh; Intel Mac OS X 10_15_7) AppleWebKit/605.1.15 (KHTML, like Gecko) Version/17.4 Safari/605.1.15', '108.162.210.184', '25-01-24 09:54');
UPDATE `user_registration` SET `popup_seen` = 'yes'
WHERE `user_id` = 'R37QLI';
INSERT INTO `login_history` (`user_id`, `device`, `ip_address`, `date`) VALUES ('44B9Y4', 'Mozilla/5.0 (iPhone; CPU iPhone OS 18_1_1 like Mac OS X) AppleWebKit/605.1.15 (KHTML, like Gecko) Version/18.1.1 Mobile/15E148 Safari/604.1', '172.70.83.12', '25-01-24 10:07');
UPDATE `user_registration` SET `popup_seen` = 'yes'
WHERE `user_id` = '44B9Y4';
UPDATE `ci_sessions` SET `timestamp` = 1737734901, `data` = '__ci_last_regenerate|i:1737734901;captcha|s:4:\"sbk4\";'
WHERE `id` = '09b1fa5ac97490acd62405945c4dde1f612c844d';
INSERT INTO `login_history` (`user_id`, `device`, `ip_address`, `date`) VALUES ('UQO7EQ', 'Mozilla/5.0 (Windows NT 10.0; Win64; x64) AppleWebKit/537.36 (KHTML, like Gecko) Chrome/132.0.0.0 Safari/537.36', '172.70.255.181', '25-01-24 10:08');
UPDATE `user_registration` SET `popup_seen` = 'yes'
WHERE `user_id` = 'UQO7EQ';
UPDATE `user_registration` SET `popup_seen` = 'no'
WHERE `user_id` = 'UQO7EQ';
DELETE FROM `ci_sessions`
WHERE `id` = '1a4bfa620665071d6f4f4c4cf2c4a6d343ef6cf0';
INSERT INTO `login_history` (`user_id`, `device`, `ip_address`, `date`) VALUES ('44B9Y4', 'Mozilla/5.0 (Windows NT 10.0; Win64; x64) AppleWebKit/537.36 (KHTML, like Gecko) Chrome/131.0.0.0 Safari/537.36', '172.70.55.210', '25-01-24 10:11');
UPDATE `user_registration` SET `popup_seen` = 'yes'
WHERE `user_id` = '44B9Y4';
UPDATE `user_registration` SET `language` = 'spanish'
WHERE `user_id` = '44B9Y4';
UPDATE `user_registration` SET `language` = 'english'
WHERE `user_id` = '44B9Y4';
UPDATE `ci_sessions` SET `timestamp` = 1737735666, `data` = '__ci_last_regenerate|i:1737735666;id|s:4:\"2039\";user_id|s:6:\"PKHRN5\";username|s:7:\"Caracas\";sponsor_id|s:6:\"R37QLI\";fullname|s:11:\"Ninon Ramos\";email|s:22:\"nrproducts20@gmail.com\";phone|s:10:\"7865069935\";isLogIn|b:1;'
WHERE `id` = 'c92fe2b38ee2116942fe8067d6b51a23f1982d1f';
UPDATE `user_registration` SET `popup_seen` = 'yes'
WHERE `user_id` = 'PKHRN5';
UPDATE `user_registration` SET `popup_seen` = 'no'
WHERE `user_id` = 'PKHRN5';
DELETE FROM `ci_sessions`
WHERE `id` = '81e22e40b5161065fff5cd65c5ab443dbd92dc3d';
INSERT INTO `login_history` (`user_id`, `device`, `ip_address`, `date`) VALUES ('44B9Y4', 'Mozilla/5.0 (Windows NT 10.0; Win64; x64) AppleWebKit/537.36 (KHTML, like Gecko) Chrome/132.0.0.0 Safari/537.36 Edg/132.0.0.0', '172.69.132.224', '25-01-24 10:22');
UPDATE `user_registration` SET `popup_seen` = 'yes'
WHERE `user_id` = '44B9Y4';
UPDATE `user_registration` SET `popup_seen` = 'no'
WHERE `user_id` = '44B9Y4';
DELETE FROM `ci_sessions`
WHERE `id` = 'a41c305706fc5702c4eeb0c667544dca65247316';
INSERT INTO `login_history` (`user_id`, `device`, `ip_address`, `date`) VALUES ('H2HQC8', 'Mozilla/5.0 (Windows NT 10.0; Win64; x64) AppleWebKit/537.36 (KHTML, like Gecko) Chrome/132.0.0.0 Safari/537.36 Edg/132.0.0.0', '172.69.132.225', '25-01-24 10:23');
UPDATE `user_registration` SET `popup_seen` = 'yes'
WHERE `user_id` = 'H2HQC8';
UPDATE `user_registration` SET `default_leg` = 'right'
WHERE `user_id` = 'H2HQC8';
UPDATE `user_registration` SET `popup_seen` = 'yes'
WHERE `user_id` = 'H2HQC8';
INSERT INTO `login_history` (`user_id`, `device`, `ip_address`, `date`) VALUES ('PKHRN5', 'Mozilla/5.0 (Linux; Android 10; K) AppleWebKit/537.36 (KHTML, like Gecko) Chrome/131.0.0.0 Mobile Safari/537.36', '108.162.210.252', '25-01-24 10:39');
UPDATE `user_registration` SET `popup_seen` = 'yes'
WHERE `user_id` = 'PKHRN5';
UPDATE `user_registration` SET `popup_seen` = 'no'
WHERE `user_id` = 'PKHRN5';
DELETE FROM `ci_sessions`
WHERE `id` = '9e33a55093a8e0a9888a07cddb08f542a8a267ab';
INSERT INTO `login_history` (`user_id`, `device`, `ip_address`, `date`) VALUES ('H2HQC8', 'Mozilla/5.0 (Linux; Android 10; K) AppleWebKit/537.36 (KHTML, like Gecko) Chrome/131.0.0.0 Mobile Safari/537.36', '108.162.210.253', '25-01-24 10:40');
UPDATE `user_registration` SET `popup_seen` = 'yes'
WHERE `user_id` = 'H2HQC8';
UPDATE `ci_sessions` SET `timestamp` = 1737736919, `data` = '__ci_last_regenerate|i:1737736919;'
WHERE `id` = '62a2473bcd4071fbae3c9c689d87b6e5ae5148ec';
INSERT INTO `temp_register` (`post_data`, `date`, `payment_method`, `type`) VALUES ('{\"uid\":\"2063\",\"user_id\":\"PUJNHI\",\"username\":\"Nosotros2\",\"sponsor_id\":\"H2HQC8\",\"vacant\":\"no\",\"f_name\":\"Thayli\",\"l_name\":\"Chamizo\",\"position\":\"right\",\"email\":\"rt.amdream@gmail.com\",\"password\":\"c984cbea79cda645951e754345b58463\",\"phone\":\"7862227330\",\"country\":\"United States\",\"state\":\"Florida\",\"city\":\"West Palm Beach\",\"street\":\"5301 Ellery Ter\",\"zip_code\":\"33417\",\"reg_ip\":\"172.70.254.150\",\"status\":1,\"package_id\":\"2\",\"rank_id\":1,\"highest_rank\":1,\"cycle_rank_id\":1,\"created\":\"2025-01-24 10:41:59\",\"subscription_date\":\"2025-02-23\",\"google_secret\":\"FVRSWKTJWDAPDV7O\"}', '2025-01-24 10:41:59', 'stripe', 'register');
UPDATE `temp_register` SET `response` = '{\"stripeToken\":\"tok_1Qkpxq2NUoYUjiuu5vXI0sZV\",\"stripeTokenType\":\"card\",\"stripeEmail\":\"rt.amdream@gmail.com\"}', `date_modified` = '2025-01-24 10:42:43', `payment_status` = '{\"id\":\"ch_3Qkpxv2NUoYUjiuu1ZyciCU3\",\"object\":\"charge\",\"amount\":59500,\"amount_captured\":59500,\"amount_refunded\":0,\"application\":null,\"application_fee\":null,\"application_fee_amount\":null,\"balance_transaction\":\"txn_3Qkpxv2NUoYUjiuu1XaqCqFg\",\"billing_details\":{\"address\":{\"city\":null,\"country\":null,\"line1\":null,\"line2\":null,\"postal_code\":null,\"state\":null},\"email\":null,\"name\":\"rt.amdream@gmail.com\",\"phone\":null},\"calculated_statement_descriptor\":\"TRAVELEGENDCY LLC\",\"captured\":true,\"created\":1737736963,\"currency\":\"usd\",\"customer\":\"cus_Re8Edy3ijS1yTU\",\"description\":null,\"destination\":null,\"dispute\":null,\"disputed\":false,\"failure_balance_transaction\":null,\"failure_code\":null,\"failure_message\":null,\"fraud_details\":[],\"invoice\":null,\"livemode\":true,\"metadata\":{\"name\":\"Thayli Chamizo\",\"username\":\"Nosotros2\"},\"on_behalf_of\":null,\"order\":null,\"outcome\":{\"advice_code\":null,\"network_advice_code\":null,\"network_decline_code\":null,\"network_status\":\"approved_by_network\",\"reason\":null,\"risk_level\":\"normal\",\"seller_message\":\"Payment complete.\",\"type\":\"authorized\"},\"paid\":true,\"payment_intent\":null,\"payment_method\":\"card_1Qkpxq2NUoYUjiuuKrUe8ydm\",\"payment_method_details\":{\"card\":{\"amount_authorized\":59500,\"authorization_code\":\"01396A\",\"brand\":\"visa\",\"checks\":{\"address_line1_check\":null,\"address_postal_code_check\":null,\"cvc_check\":\"pass\"},\"country\":\"US\",\"exp_month\":11,\"exp_year\":2027,\"extended_authorization\":{\"status\":\"disabled\"},\"fingerprint\":\"oXNvNJRdkutQDNTF\",\"funding\":\"credit\",\"incremental_authorization\":{\"status\":\"unavailable\"},\"installments\":null,\"last4\":\"6557\",\"mandate\":null,\"multicapture\":{\"status\":\"unavailable\"},\"network\":\"visa\",\"network_token\":{\"used\":true},\"network_transaction_id\":\"385024601639783\",\"overcapture\":{\"maximum_amount_capturable\":59500,\"status\":\"unavailable\"},\"regulated_status\":\"unregulated\",\"three_d_secure\":null,\"wallet\":null},\"type\":\"card\"},\"receipt_email\":null,\"receipt_number\":null,\"receipt_url\":\"https:\\/\\/pay.stripe.com\\/receipts\\/payment\\/CAcQARoXChVhY2N0XzFRUEFGdjJOVW9ZVWppdXUohIbPvAYyBiIBEKJ8pzosFi-QYYK1uUNEuHAlhMUHPuyh2rYbj7h-cQgzbZFHyIpkhc1N7NIe5_c1TPM\",\"refunded\":false,\"review\":null,\"shipping\":null,\"source\":{\"id\":\"card_1Qkpxq2NUoYUjiuuKrUe8ydm\",\"object\":\"card\",\"address_city\":null,\"address_country\":null,\"address_line1\":null,\"address_line1_check\":null,\"address_line2\":null,\"address_state\":null,\"address_zip\":null,\"address_zip_check\":null,\"allow_redisplay\":\"unspecified\",\"brand\":\"Visa\",\"country\":\"US\",\"customer\":\"cus_Re8Edy3ijS1yTU\",\"cvc_check\":\"pass\",\"dynamic_last4\":null,\"exp_month\":11,\"exp_year\":2027,\"fingerprint\":\"oXNvNJRdkutQDNTF\",\"funding\":\"credit\",\"last4\":\"6557\",\"metadata\":[],\"name\":\"rt.amdream@gmail.com\",\"regulated_status\":\"unregulated\",\"tokenization_method\":null,\"wallet\":null},\"source_transfer\":null,\"statement_descriptor\":null,\"statement_descriptor_suffix\":null,\"status\":\"succeeded\",\"transfer_data\":null,\"transfer_group\":null}'
WHERE `id` = 32;
UPDATE `user_registration` SET `uid` = '2063', `user_id` = 'PUJNHI', `username` = 'Nosotros2', `sponsor_id` = 'H2HQC8', `vacant` = 'no', `f_name` = 'Thayli', `l_name` = 'Chamizo', `position` = 'right', `email` = 'rt.amdream@gmail.com', `password` = 'c984cbea79cda645951e754345b58463', `phone` = '7862227330', `country` = 'United States', `state` = 'Florida', `city` = 'West Palm Beach', `street` = '5301 Ellery Ter', `zip_code` = '33417', `reg_ip` = '172.70.254.150', `status` = 1, `package_id` = '2', `rank_id` = 1, `highest_rank` = 1, `cycle_rank_id` = 1, `created` = '2025-01-24 10:41:59', `subscription_date` = '2025-02-23', `google_secret` = 'FVRSWKTJWDAPDV7O'
WHERE `uid` = '2063';
INSERT INTO `user_registration` (`uid`, `user_id`, `username`, `sponsor_id`, `placement_id`, `vacant`, `f_name`, `l_name`, `address`, `position`, `email`, `password`, `phone`, `reg_ip`, `status`, `created`) VALUES (NULL, 'JTFFFD', 'KUelbMNz', 'PUJNHI', 'PUJNHI', 'yes', '', '', '', 'left', '@mail.com', '', '', '', 0, '2025-01-24 10:42:43');
INSERT INTO `user_registration` (`uid`, `user_id`, `username`, `sponsor_id`, `placement_id`, `vacant`, `f_name`, `l_name`, `address`, `position`, `email`, `password`, `phone`, `reg_ip`, `status`, `created`) VALUES (NULL, 'LAZJHR', 'tWiWTKci', 'PUJNHI', 'PUJNHI', 'yes', '', '', '', 'right', '@mail.com', '', '', '', 0, '2025-01-24 10:42:43');
INSERT INTO `bv_updation` (`user_id`) VALUES ('PUJNHI');
UPDATE `user_registration` SET total_ref_count = total_ref_count+1
WHERE `user_id` = 'H2HQC8';
UPDATE `user_registration` SET total_downlines = total_downlines+1
WHERE `user_id` = 'IEVPMD';
UPDATE `user_registration` SET right_downlines = right_downlines+1
WHERE `user_id` = 'IEVPMD';
UPDATE `user_registration` SET total_downlines = total_downlines+1
WHERE `user_id` = 'HUDVJU';
UPDATE `user_registration` SET right_downlines = right_downlines+1
WHERE `user_id` = 'HUDVJU';
UPDATE `user_registration` SET total_downlines = total_downlines+1
WHERE `user_id` = 'OWF3OA';
UPDATE `user_registration` SET right_downlines = right_downlines+1
WHERE `user_id` = 'OWF3OA';
UPDATE `user_registration` SET total_downlines = total_downlines+1
WHERE `user_id` = 'PKHRN5';
UPDATE `user_registration` SET right_downlines = right_downlines+1
WHERE `user_id` = 'PKHRN5';
UPDATE `user_registration` SET total_downlines = total_downlines+1
WHERE `user_id` = 'R37QLI';
UPDATE `user_registration` SET right_downlines = right_downlines+1
WHERE `user_id` = 'R37QLI';
UPDATE `user_registration` SET total_downlines = total_downlines+1
WHERE `user_id` = 'H2HQC8';
UPDATE `user_registration` SET right_downlines = right_downlines+1
WHERE `user_id` = 'H2HQC8';
UPDATE `user_registration` SET right_ref_count = right_ref_count+1
WHERE `user_id` = 'H2HQC8';
UPDATE `user_registration` SET active_right = active_right+1
WHERE `user_id` = 'H2HQC8';
UPDATE `user_registration` SET total_downlines = total_downlines+1
WHERE `user_id` = '45E8V2';
UPDATE `user_registration` SET left_downlines = left_downlines+1
WHERE `user_id` = '45E8V2';
UPDATE `user_registration` SET total_downlines = total_downlines+1
WHERE `user_id` = '44B9Y4';
UPDATE `user_registration` SET right_downlines = right_downlines+1
WHERE `user_id` = '44B9Y4';
UPDATE `user_registration` SET total_downlines = total_downlines+1
WHERE `user_id` = 'admin';
UPDATE `user_registration` SET right_downlines = right_downlines+1
WHERE `user_id` = 'admin';
INSERT INTO `investment` (`invest_date`, `user_id`, `type`, `amount`, `package_id`) VALUES ('2025-01-24 10:42:43', 'PUJNHI', 'register', '595', '2');
INSERT INTO `earnings` (`user_id`, `Purchaser_id`, `earning_type`, `package_id`, `amount`, `date`, `comments`, `invest_amount`, `comm_perc`, `level`, `rank_id`, `order_id`) VALUES ('H2HQC8', 'PUJNHI', 'Direct Referral Bonus', '2', '100', '2025-01-24 10:42:43', 'Direct Referral Bonus', 0, 0, 1, '', 25);
UPDATE `user_registration` SET commission_balance = ROUND(commission_balance + 100,2)
WHERE `user_id` = 'H2HQC8';
UPDATE `user_registration` SET referral_bonus = ROUND(referral_bonus + 100,2)
WHERE `user_id` = 'H2HQC8';
UPDATE `user_registration` SET total_points = ROUND(total_points + 50,2)
WHERE `user_id` = 'PUJNHI';
INSERT INTO `points_history` (`user_id`, `points`, `type`, `date`) VALUES ('PUJNHI', '50', 'register', '2025-01-24 10:42:');
INSERT INTO `matrix_filling` (`placement_id`, `downline_id`, `level`, `matrix`) VALUES ('IEVPMD', 'PUJNHI', 1, 1);
INSERT INTO `matrix_filling` (`placement_id`, `downline_id`, `level`, `matrix`) VALUES ('HUDVJU', 'PUJNHI', 2, 1);
INSERT INTO `matrix_filling` (`placement_id`, `downline_id`, `level`, `matrix`) VALUES ('OWF3OA', 'PUJNHI', 3, 1);
UPDATE `bv_updation` SET right_carry = right_carry+50, total_right = total_right+50
WHERE `user_id` = 'OWF3OA';
INSERT INTO `placement_bv_update_history` (`right_carry`, `date`, `from_id`, `user_id`) VALUES ('50', '2025-01-24 10:42:43', 'PUJNHI', 'OWF3OA');
INSERT INTO `matrix_filling` (`placement_id`, `downline_id`, `level`, `matrix`) VALUES ('PKHRN5', 'PUJNHI', 4, 1);
INSERT INTO `matrix_filling` (`placement_id`, `downline_id`, `level`, `matrix`) VALUES ('R37QLI', 'PUJNHI', 5, 1);
UPDATE `bv_updation` SET right_carry = right_carry+50, total_right = total_right+50
WHERE `user_id` = 'R37QLI';
INSERT INTO `placement_bv_update_history` (`right_carry`, `date`, `from_id`, `user_id`) VALUES ('50', '2025-01-24 10:42:43', 'PUJNHI', 'R37QLI');
INSERT INTO `matrix_filling` (`placement_id`, `downline_id`, `level`, `matrix`) VALUES ('H2HQC8', 'PUJNHI', 6, 1);
UPDATE `bv_updation` SET right_carry = right_carry+50, total_right = total_right+50
WHERE `user_id` = 'H2HQC8';
INSERT INTO `placement_bv_update_history` (`right_carry`, `date`, `from_id`, `user_id`) VALUES ('50', '2025-01-24 10:42:43', 'PUJNHI', 'H2HQC8');
UPDATE `bv_updation` SET sponsor_right_carry = sponsor_right_carry+50, sponsor_total_right = sponsor_total_right+50
WHERE `user_id` = 'H2HQC8';
INSERT INTO `sponsor_bv_update_history` (`right_carry`, `date`, `user_id`) VALUES ('50', '2025-01-24 10:42:43', 'H2HQC8');
INSERT INTO `matrix_filling` (`placement_id`, `downline_id`, `level`, `matrix`) VALUES ('45E8V2', 'PUJNHI', 7, 1);
UPDATE `bv_updation` SET left_carry = left_carry+50, total_left = total_left+50
WHERE `user_id` = '45E8V2';
INSERT INTO `placement_bv_update_history` (`left_carry`, `date`, `from_id`, `user_id`) VALUES ('50', '2025-01-24 10:42:43', 'PUJNHI', '45E8V2');
INSERT INTO `matrix_filling` (`placement_id`, `downline_id`, `level`, `matrix`) VALUES ('44B9Y4', 'PUJNHI', 8, 1);
UPDATE `bv_updation` SET right_carry = right_carry+50, total_right = total_right+50
WHERE `user_id` = '44B9Y4';
INSERT INTO `placement_bv_update_history` (`right_carry`, `date`, `from_id`, `user_id`) VALUES ('50', '2025-01-24 10:42:43', 'PUJNHI', '44B9Y4');
INSERT INTO `matrix_filling` (`placement_id`, `downline_id`, `level`, `matrix`) VALUES ('admin', 'PUJNHI', 9, 1);
UPDATE `bv_updation` SET right_carry = right_carry+50, total_right = total_right+50
WHERE `user_id` = 'admin';
INSERT INTO `placement_bv_update_history` (`right_carry`, `date`, `from_id`, `user_id`) VALUES ('50', '2025-01-24 10:42:43', 'PUJNHI', 'admin');
INSERT INTO `package_purchase_history` (`user_id`, `package_id`, `reg_fee`, `package_name`, `monthly_fee`, `type`, `date`, `payment_option`) VALUES ('PUJNHI', '2', '595', 'Traveler Pro', '150', 'sign_up', '2025-01-24 10:42:43', 'stripe');
INSERT INTO `login_history` (`user_id`, `device`, `ip_address`, `date`) VALUES ('PUJNHI', 'Mozilla/5.0 (Windows NT 10.0; Win64; x64) AppleWebKit/537.36 (KHTML, like Gecko) Chrome/131.0.0.0 Safari/537.36', '172.70.54.249', '25-01-24 10:45');
UPDATE `user_registration` SET `popup_seen` = 'yes'
WHERE `user_id` = 'PUJNHI';
UPDATE `ci_sessions` SET `timestamp` = 1737737350, `data` = '__ci_last_regenerate|i:1737737350;id|s:4:\"2063\";user_id|s:6:\"PUJNHI\";username|s:9:\"Nosotros2\";sponsor_id|s:6:\"H2HQC8\";fullname|s:14:\"Thayli Chamizo\";email|s:20:\"rt.amdream@gmail.com\";phone|s:10:\"7862227330\";isLogIn|b:1;message|s:22:\"Welcome Thayli Chamizo\";__ci_vars|a:1:{s:7:\"message\";s:3:\"old\";}'
WHERE `id` = 'c969d7409bb484d0c00337e43c49866ca3e5ca22';
UPDATE `ci_sessions` SET `timestamp` = 1737737355, `data` = '__ci_last_regenerate|i:1737737355;'
WHERE `id` = 'd27627ede92f9137af68a33f5f392efe3f7b63c4';
INSERT INTO `temp_register` (`post_data`, `date`, `payment_method`, `type`) VALUES ('{\"uid\":\"2065\",\"user_id\":\"W17SG2\",\"username\":\"jnsva\",\"sponsor_id\":\"H2HQC8\",\"vacant\":\"no\",\"f_name\":\"Julian\",\"l_name\":\"Saavedra\",\"position\":\"right\",\"email\":\"jnsh44@gmail.com\",\"password\":\"9087648da254af4def11923be649ae97\",\"phone\":\"7864408383\",\"country\":\"United States\",\"state\":\"Florida\",\"city\":\"Pembroke Pines\",\"street\":\"20850 NW 1st Street\",\"zip_code\":\"33029\",\"reg_ip\":\"172.70.55.78\",\"status\":1,\"package_id\":\"2\",\"rank_id\":1,\"highest_rank\":1,\"cycle_rank_id\":1,\"created\":\"2025-01-24 10:49:15\",\"subscription_date\":\"2025-02-23\",\"google_secret\":\"2V2DO7DLDDN4X3DR\"}', '2025-01-24 10:49:15', 'stripe', 'register');
UPDATE `ci_sessions` SET `timestamp` = 1737737367, `data` = '__ci_last_regenerate|i:1737737367;id|s:4:\"2021\";user_id|s:6:\"44B9Y4\";username|s:7:\"Talimbi\";sponsor_id|s:5:\"admin\";fullname|s:14:\"Emilio Tapanes\";email|s:23:\"emiliotapanes@gmail.com\";phone|s:10:\"7862876762\";isLogIn|b:1;'
WHERE `id` = 'da51722e8e755f1333dc62b60c25b718dbeb1863';
INSERT INTO `payquicker_token` (`response`, `token`, `created_time`, `expires_at`) VALUES ('{\"access_token\":\"024722E31C3CF82F912CC90BD02CA3C228838CA527B1D0A6FD4CFFE69BC27EF1-1\",\"expires_in\":3600,\"token_type\":\"Bearer\",\"scope\":\"api useraccount_balance useraccount_debit useraccount_invitation useraccount_payment\"}', '024722E31C3CF82F912CC90BD02CA3C228838CA527B1D0A6FD4CFFE69BC27EF1-1', '2025-01-24 10:49:32', '2025-01-24 11:49:32');
UPDATE `user_registration` SET `popup_seen` = 'yes'
WHERE `user_id` = '44B9Y4';
INSERT INTO `payment_metod_setting` (`user_id`, `method`, `email`, `wallet_id`, `status`, `date`) VALUES ('PUJNHI', 'payquicker', 'rt.amdream@gmail.com', 'Nosotros2HUuG', 0, '2025-01-24 10:49:34');
INSERT INTO `payquicker_send_invite` (`user_id`, `userCompanyAssignedUniqueKey`, `response`, `date`) VALUES ('PUJNHI', 'Nosotros2HUuG', '[{\"dateInvited\":\"2025-01-24T16:49:34Z\",\"invitationKey\":\"mF11F1N5hLedi4j6JG3nZ5zd7f2wmUBHydc7BbratQfcAnCaje0vSRmoeCXiDUaamVbEPRqQhGoeG8Ao7N3O2eHI6jyfbOcUYoCnfkrdPd9sCjS66gCbbbaKiptnC44x6xONRfvSjs9Uq5RPfUPsN8o45WkbDGBerOPozRSEtKATYPjGhxN6TZa4hN7ndHhymwebmyqCDgePADeqDeP8C8296ckWEpS30EcgKhbu9whr3ARjPNJvJbesXnw7wHHq\",\"invitationStatus\":\"InvitationStatusType_Pending\",\"registrationStatus\":\"NotStarted\",\"registrationDetails\":{\"addresses\":[{\"city\":\"West Palm Beach\",\"country\":\"USA\",\"postalCode\":\"33417\",\"region\":\"Florida\",\"streetAddress1\":\"5301 Ellery Ter\",\"created\":\"0001-01-01T00:00:00Z\",\"type\":\"AddressType_Residential\"}],\"fundingAccountPublicId\":\"4e84a85ac47e46639c648f932d48fdf0\",\"issuePlasticCard\":true,\"notifyUser\":true,\"userDetails\":{\"emailAddress\":\"rt.amdream@gmail.com\",\"firstName\":\"Thayli\",\"lastName\":\"Chamizo\",\"userCompanyAssignedUniqueKey\":\"Nosotros2HUuG\"}}}]', '2025-01-24 10:49:34');
UPDATE `temp_register` SET `response` = '{\"stripeToken\":\"tok_1Qkq6N2NUoYUjiuuRav1aR86\",\"stripeTokenType\":\"card\",\"stripeEmail\":\"jnsh44@gmail.com\"}', `date_modified` = '2025-01-24 10:51:30', `payment_status` = '{\"id\":\"ch_3Qkq6Q2NUoYUjiuu1muTGhaN\",\"object\":\"charge\",\"amount\":59500,\"amount_captured\":59500,\"amount_refunded\":0,\"application\":null,\"application_fee\":null,\"application_fee_amount\":null,\"balance_transaction\":\"txn_3Qkq6Q2NUoYUjiuu1i6UuRnN\",\"billing_details\":{\"address\":{\"city\":null,\"country\":null,\"line1\":null,\"line2\":null,\"postal_code\":null,\"state\":null},\"email\":null,\"name\":\"jnsh44@gmail.com\",\"phone\":null},\"calculated_statement_descriptor\":\"TRAVELEGENDCY LLC\",\"captured\":true,\"created\":1737737490,\"currency\":\"usd\",\"customer\":\"cus_Re8Nniwj9IPExS\",\"description\":null,\"destination\":null,\"dispute\":null,\"disputed\":false,\"failure_balance_transaction\":null,\"failure_code\":null,\"failure_message\":null,\"fraud_details\":[],\"invoice\":null,\"livemode\":true,\"metadata\":{\"name\":\"Julian Saavedra\",\"username\":\"jnsva\"},\"on_behalf_of\":null,\"order\":null,\"outcome\":{\"advice_code\":null,\"network_advice_code\":null,\"network_decline_code\":null,\"network_status\":\"approved_by_network\",\"reason\":null,\"risk_level\":\"normal\",\"seller_message\":\"Payment complete.\",\"type\":\"authorized\"},\"paid\":true,\"payment_intent\":null,\"payment_method\":\"card_1Qkq6N2NUoYUjiuuQmZupILk\",\"payment_method_details\":{\"card\":{\"amount_authorized\":59500,\"authorization_code\":\"03937A\",\"brand\":\"visa\",\"checks\":{\"address_line1_check\":null,\"address_postal_code_check\":null,\"cvc_check\":\"pass\"},\"country\":\"US\",\"exp_month\":2,\"exp_year\":2028,\"extended_authorization\":{\"status\":\"disabled\"},\"fingerprint\":\"kmGAeaSuhuioeZzx\",\"funding\":\"credit\",\"incremental_authorization\":{\"status\":\"unavailable\"},\"installments\":null,\"last4\":\"1925\",\"mandate\":null,\"multicapture\":{\"status\":\"unavailable\"},\"network\":\"visa\",\"network_token\":{\"used\":false},\"network_transaction_id\":\"585024606910507\",\"overcapture\":{\"maximum_amount_capturable\":59500,\"status\":\"unavailable\"},\"regulated_status\":\"unregulated\",\"three_d_secure\":null,\"wallet\":null},\"type\":\"card\"},\"receipt_email\":null,\"receipt_number\":null,\"receipt_url\":\"https:\\/\\/pay.stripe.com\\/receipts\\/payment\\/CAcQARoXChVhY2N0XzFRUEFGdjJOVW9ZVWppdXUok4rPvAYyBjHcoPapAjosFpOh_bOWV1IdFvIQsnj1PWklLRrqfOJ_ELwC_jkOeW7xDBxOTCyYWeCymKs\",\"refunded\":false,\"review\":null,\"shipping\":null,\"source\":{\"id\":\"card_1Qkq6N2NUoYUjiuuQmZupILk\",\"object\":\"card\",\"address_city\":null,\"address_country\":null,\"address_line1\":null,\"address_line1_check\":null,\"address_line2\":null,\"address_state\":null,\"address_zip\":null,\"address_zip_check\":null,\"allow_redisplay\":\"unspecified\",\"brand\":\"Visa\",\"country\":\"US\",\"customer\":\"cus_Re8Nniwj9IPExS\",\"cvc_check\":\"pass\",\"dynamic_last4\":null,\"exp_month\":2,\"exp_year\":2028,\"fingerprint\":\"kmGAeaSuhuioeZzx\",\"funding\":\"credit\",\"last4\":\"1925\",\"metadata\":[],\"name\":\"jnsh44@gmail.com\",\"regulated_status\":\"unregulated\",\"tokenization_method\":null,\"wallet\":null},\"source_transfer\":null,\"statement_descriptor\":null,\"statement_descriptor_suffix\":null,\"status\":\"succeeded\",\"transfer_data\":null,\"transfer_group\":null}'
WHERE `id` = 33;
UPDATE `user_registration` SET `uid` = '2065', `user_id` = 'W17SG2', `username` = 'jnsva', `sponsor_id` = 'H2HQC8', `vacant` = 'no', `f_name` = 'Julian', `l_name` = 'Saavedra', `position` = 'right', `email` = 'jnsh44@gmail.com', `password` = '9087648da254af4def11923be649ae97', `phone` = '7864408383', `country` = 'United States', `state` = 'Florida', `city` = 'Pembroke Pines', `street` = '20850 NW 1st Street', `zip_code` = '33029', `reg_ip` = '172.70.55.78', `status` = 1, `package_id` = '2', `rank_id` = 1, `highest_rank` = 1, `cycle_rank_id` = 1, `created` = '2025-01-24 10:49:15', `subscription_date` = '2025-02-23', `google_secret` = '2V2DO7DLDDN4X3DR'
WHERE `uid` = '2065';
INSERT INTO `user_registration` (`uid`, `user_id`, `username`, `sponsor_id`, `placement_id`, `vacant`, `f_name`, `l_name`, `address`, `position`, `email`, `password`, `phone`, `reg_ip`, `status`, `created`) VALUES (NULL, 'WNUFHK', 'jTrjkmHk', 'W17SG2', 'W17SG2', 'yes', '', '', '', 'left', '@mail.com', '', '', '', 0, '2025-01-24 10:51:30');
INSERT INTO `user_registration` (`uid`, `user_id`, `username`, `sponsor_id`, `placement_id`, `vacant`, `f_name`, `l_name`, `address`, `position`, `email`, `password`, `phone`, `reg_ip`, `status`, `created`) VALUES (NULL, 'DHHPRX', 'seqRDfkT', 'W17SG2', 'W17SG2', 'yes', '', '', '', 'right', '@mail.com', '', '', '', 0, '2025-01-24 10:51:30');
INSERT INTO `bv_updation` (`user_id`) VALUES ('W17SG2');
UPDATE `user_registration` SET total_ref_count = total_ref_count+1
WHERE `user_id` = 'H2HQC8';
UPDATE `user_registration` SET total_downlines = total_downlines+1
WHERE `user_id` = 'PUJNHI';
UPDATE `user_registration` SET right_downlines = right_downlines+1
WHERE `user_id` = 'PUJNHI';
UPDATE `user_registration` SET total_downlines = total_downlines+1
WHERE `user_id` = 'IEVPMD';
UPDATE `user_registration` SET right_downlines = right_downlines+1
WHERE `user_id` = 'IEVPMD';
UPDATE `user_registration` SET total_downlines = total_downlines+1
WHERE `user_id` = 'HUDVJU';
UPDATE `user_registration` SET right_downlines = right_downlines+1
WHERE `user_id` = 'HUDVJU';
UPDATE `user_registration` SET total_downlines = total_downlines+1
WHERE `user_id` = 'OWF3OA';
UPDATE `user_registration` SET right_downlines = right_downlines+1
WHERE `user_id` = 'OWF3OA';
UPDATE `user_registration` SET total_downlines = total_downlines+1
WHERE `user_id` = 'PKHRN5';
UPDATE `user_registration` SET right_downlines = right_downlines+1
WHERE `user_id` = 'PKHRN5';
UPDATE `user_registration` SET total_downlines = total_downlines+1
WHERE `user_id` = 'R37QLI';
UPDATE `user_registration` SET right_downlines = right_downlines+1
WHERE `user_id` = 'R37QLI';
UPDATE `user_registration` SET total_downlines = total_downlines+1
WHERE `user_id` = 'H2HQC8';
UPDATE `user_registration` SET right_downlines = right_downlines+1
WHERE `user_id` = 'H2HQC8';
UPDATE `user_registration` SET right_ref_count = right_ref_count+1
WHERE `user_id` = 'H2HQC8';
UPDATE `user_registration` SET active_right = active_right+1
WHERE `user_id` = 'H2HQC8';
UPDATE `user_registration` SET total_downlines = total_downlines+1
WHERE `user_id` = '45E8V2';
UPDATE `user_registration` SET left_downlines = left_downlines+1
WHERE `user_id` = '45E8V2';
UPDATE `user_registration` SET total_downlines = total_downlines+1
WHERE `user_id` = '44B9Y4';
UPDATE `user_registration` SET right_downlines = right_downlines+1
WHERE `user_id` = '44B9Y4';
UPDATE `user_registration` SET total_downlines = total_downlines+1
WHERE `user_id` = 'admin';
UPDATE `user_registration` SET right_downlines = right_downlines+1
WHERE `user_id` = 'admin';
INSERT INTO `investment` (`invest_date`, `user_id`, `type`, `amount`, `package_id`) VALUES ('2025-01-24 10:51:30', 'W17SG2', 'register', '595', '2');
INSERT INTO `earnings` (`user_id`, `Purchaser_id`, `earning_type`, `package_id`, `amount`, `date`, `comments`, `invest_amount`, `comm_perc`, `level`, `rank_id`, `order_id`) VALUES ('H2HQC8', 'W17SG2', 'Direct Referral Bonus', '2', '100', '2025-01-24 10:51:30', 'Direct Referral Bonus', 0, 0, 1, '', 26);
UPDATE `user_registration` SET commission_balance = ROUND(commission_balance + 100,2)
WHERE `user_id` = 'H2HQC8';
UPDATE `user_registration` SET referral_bonus = ROUND(referral_bonus + 100,2)
WHERE `user_id` = 'H2HQC8';
UPDATE `user_registration` SET total_points = ROUND(total_points + 50,2)
WHERE `user_id` = 'W17SG2';
INSERT INTO `points_history` (`user_id`, `points`, `type`, `date`) VALUES ('W17SG2', '50', 'register', '2025-01-24 10:51:');
INSERT INTO `matrix_filling` (`placement_id`, `downline_id`, `level`, `matrix`) VALUES ('PUJNHI', 'W17SG2', 1, 1);
UPDATE `bv_updation` SET right_carry = right_carry+50, total_right = total_right+50
WHERE `user_id` = 'PUJNHI';
INSERT INTO `placement_bv_update_history` (`right_carry`, `date`, `from_id`, `user_id`) VALUES ('50', '2025-01-24 10:51:30', 'W17SG2', 'PUJNHI');
INSERT INTO `matrix_filling` (`placement_id`, `downline_id`, `level`, `matrix`) VALUES ('IEVPMD', 'W17SG2', 2, 1);
INSERT INTO `matrix_filling` (`placement_id`, `downline_id`, `level`, `matrix`) VALUES ('HUDVJU', 'W17SG2', 3, 1);
INSERT INTO `matrix_filling` (`placement_id`, `downline_id`, `level`, `matrix`) VALUES ('OWF3OA', 'W17SG2', 4, 1);
UPDATE `bv_updation` SET right_carry = right_carry+50, total_right = total_right+50
WHERE `user_id` = 'OWF3OA';
INSERT INTO `placement_bv_update_history` (`right_carry`, `date`, `from_id`, `user_id`) VALUES ('50', '2025-01-24 10:51:30', 'W17SG2', 'OWF3OA');
INSERT INTO `matrix_filling` (`placement_id`, `downline_id`, `level`, `matrix`) VALUES ('PKHRN5', 'W17SG2', 5, 1);
INSERT INTO `matrix_filling` (`placement_id`, `downline_id`, `level`, `matrix`) VALUES ('R37QLI', 'W17SG2', 6, 1);
UPDATE `bv_updation` SET right_carry = right_carry+50, total_right = total_right+50
WHERE `user_id` = 'R37QLI';
INSERT INTO `placement_bv_update_history` (`right_carry`, `date`, `from_id`, `user_id`) VALUES ('50', '2025-01-24 10:51:30', 'W17SG2', 'R37QLI');
INSERT INTO `matrix_filling` (`placement_id`, `downline_id`, `level`, `matrix`) VALUES ('H2HQC8', 'W17SG2', 7, 1);
UPDATE `bv_updation` SET right_carry = right_carry+50, total_right = total_right+50
WHERE `user_id` = 'H2HQC8';
INSERT INTO `placement_bv_update_history` (`right_carry`, `date`, `from_id`, `user_id`) VALUES ('50', '2025-01-24 10:51:30', 'W17SG2', 'H2HQC8');
UPDATE `bv_updation` SET sponsor_right_carry = sponsor_right_carry+50, sponsor_total_right = sponsor_total_right+50
WHERE `user_id` = 'H2HQC8';
INSERT INTO `sponsor_bv_update_history` (`right_carry`, `date`, `user_id`) VALUES ('50', '2025-01-24 10:51:30', 'H2HQC8');
INSERT INTO `matrix_filling` (`placement_id`, `downline_id`, `level`, `matrix`) VALUES ('45E8V2', 'W17SG2', 8, 1);
UPDATE `bv_updation` SET left_carry = left_carry+50, total_left = total_left+50
WHERE `user_id` = '45E8V2';
INSERT INTO `placement_bv_update_history` (`left_carry`, `date`, `from_id`, `user_id`) VALUES ('50', '2025-01-24 10:51:30', 'W17SG2', '45E8V2');
INSERT INTO `matrix_filling` (`placement_id`, `downline_id`, `level`, `matrix`) VALUES ('44B9Y4', 'W17SG2', 9, 1);
UPDATE `bv_updation` SET right_carry = right_carry+50, total_right = total_right+50
WHERE `user_id` = '44B9Y4';
INSERT INTO `placement_bv_update_history` (`right_carry`, `date`, `from_id`, `user_id`) VALUES ('50', '2025-01-24 10:51:30', 'W17SG2', '44B9Y4');
INSERT INTO `matrix_filling` (`placement_id`, `downline_id`, `level`, `matrix`) VALUES ('admin', 'W17SG2', 10, 1);
UPDATE `bv_updation` SET right_carry = right_carry+50, total_right = total_right+50
WHERE `user_id` = 'admin';
INSERT INTO `placement_bv_update_history` (`right_carry`, `date`, `from_id`, `user_id`) VALUES ('50', '2025-01-24 10:51:30', 'W17SG2', 'admin');
INSERT INTO `package_purchase_history` (`user_id`, `package_id`, `reg_fee`, `package_name`, `monthly_fee`, `type`, `date`, `payment_option`) VALUES ('W17SG2', '2', '595', 'Traveler Pro', '150', 'sign_up', '2025-01-24 10:51:30', 'stripe');
UPDATE `ci_sessions` SET `timestamp` = 1737737726, `data` = '__ci_last_regenerate|i:1737737726;id|s:4:\"2063\";user_id|s:6:\"PUJNHI\";username|s:9:\"Nosotros2\";sponsor_id|s:6:\"H2HQC8\";fullname|s:14:\"Thayli Chamizo\";email|s:20:\"rt.amdream@gmail.com\";phone|s:10:\"7862227330\";isLogIn|b:1;message|s:97:\"Successfully send signup link to your email, Please complete the registration as soon as possible\";__ci_vars|a:1:{s:7:\"message\";s:3:\"old\";}'
WHERE `id` = 'e2a685edd8dfba0487731f3095211ef5d6a491cc';
UPDATE `user_registration` SET `popup_seen` = 'yes'
WHERE `user_id` = 'PUJNHI';
UPDATE `ci_sessions` SET `timestamp` = 1737737953, `data` = '__ci_last_regenerate|i:1737737953;captcha|s:4:\"6z8z\";'
WHERE `id` = '7501142d48bd4cafa65e5a859b5b70ca92e84b36';
INSERT INTO `login_history` (`user_id`, `device`, `ip_address`, `date`) VALUES ('UQO7EQ', 'Mozilla/5.0 (Windows NT 10.0; Win64; x64) AppleWebKit/537.36 (KHTML, like Gecko) Chrome/132.0.0.0 Safari/537.36', '172.70.254.133', '25-01-24 10:59');
UPDATE `user_registration` SET `popup_seen` = 'yes'
WHERE `user_id` = 'UQO7EQ';
UPDATE `user_registration` SET `popup_seen` = 'no'
WHERE `user_id` = 'UQO7EQ';
DELETE FROM `ci_sessions`
WHERE `id` = '65dc4dbdb668ca9840d16ddad286b75d7f93637d';
UPDATE `ci_sessions` SET `timestamp` = 1737738077, `data` = '__ci_last_regenerate|i:1737738077;'
WHERE `id` = 'eb5b7ad58917e45ac53081019307dc95c0dbfcc2';
UPDATE `ci_sessions` SET `timestamp` = 1737738177, `data` = '__ci_last_regenerate|i:1737738177;id|s:4:\"2063\";user_id|s:6:\"PUJNHI\";username|s:9:\"Nosotros2\";sponsor_id|s:6:\"H2HQC8\";fullname|s:14:\"Thayli Chamizo\";email|s:20:\"rt.amdream@gmail.com\";phone|s:10:\"7862227330\";isLogIn|b:1;'
WHERE `id` = '4c7f4d63f60306fbb2fa80735d24b55bab86fad0';
UPDATE `user_registration` SET `popup_seen` = 'yes'
WHERE `user_id` = 'PUJNHI';
UPDATE `payquicker_send_invite` SET `response` = '[{\"dateInvited\":\"2025-01-24T16:49:34Z\",\"invitationKey\":\"mF11F1N5hLedi4j6JG3nZ5zd7f2wmUBHydc7BbratQfcAnCaje0vSRmoeCXiDUaamVbEPRqQhGoeG8Ao7N3O2eHI6jyfbOcUYoCnfkrdPd9sCjS66gCbbbaKiptnC44x6xONRfvSjs9Uq5RPfUPsN8o45WkbDGBerOPozRSEtKATYPjGhxN6TZa4hN7ndHhymwebmyqCDgePADeqDeP8C8296ckWEpS30EcgKhbu9whr3ARjPNJvJbesXnw7wHHq\",\"invitationStatus\":\"InvitationStatusType_Used\",\"registrationStatus\":\"Completed\",\"registrationDetails\":{\"addresses\":[{\"city\":\"West Palm Beach\",\"country\":\"USA\",\"postalCode\":\"33417\",\"region\":\"Florida\",\"streetAddress1\":\"5301 Ellery Ter\",\"created\":\"0001-01-01T00:00:00Z\",\"type\":\"AddressType_Residential\"}],\"fundingAccountPublicId\":\"4e84a85ac47e46639c648f932d48fdf0\",\"issuePlasticCard\":true,\"notifyUser\":true,\"userDetails\":{\"emailAddress\":\"rt.amdream@gmail.com\",\"firstName\":\"Thayli\",\"lastName\":\"Chamizo\",\"userCompanyAssignedUniqueKey\":\"Nosotros2HUuG\"}}}]', `date` = '2025-01-24 11:05:28';
UPDATE `payment_metod_setting` SET `status` = 1
WHERE `user_id` = 'PUJNHI';
UPDATE `ci_sessions` SET `timestamp` = 1737738874, `data` = '__ci_last_regenerate|i:1737738874;id|s:4:\"2063\";user_id|s:6:\"PUJNHI\";username|s:9:\"Nosotros2\";sponsor_id|s:6:\"H2HQC8\";fullname|s:14:\"Thayli Chamizo\";email|s:20:\"rt.amdream@gmail.com\";phone|s:10:\"7862227330\";isLogIn|b:1;message|s:39:\"Successfully checked the signup status!\";__ci_vars|a:1:{s:7:\"message\";s:3:\"old\";}'
WHERE `id` = '2abf74358b495c1e09776e5ded5cb4c1106aea3e';
UPDATE `user_registration` SET `popup_seen` = 'yes'
WHERE `user_id` = 'PUJNHI';
UPDATE `ci_sessions` SET `timestamp` = 1737738893, `data` = '__ci_last_regenerate|i:1737738893;captcha|s:4:\"dk8m\";'
WHERE `id` = '35b42251ad208d4d9c7fcc03cbf1186f372b874a';
INSERT INTO `login_history` (`user_id`, `device`, `ip_address`, `date`) VALUES ('K55EDD', 'Mozilla/5.0 (Windows NT 10.0; Win64; x64) AppleWebKit/537.36 (KHTML, like Gecko) Chrome/132.0.0.0 Safari/537.36', '172.70.255.161', '25-01-24 11:14');
UPDATE `user_registration` SET `popup_seen` = 'yes'
WHERE `user_id` = 'K55EDD';
UPDATE `user_registration` SET `default_leg` = 'left'
WHERE `user_id` = 'K55EDD';
UPDATE `user_registration` SET `popup_seen` = 'yes'
WHERE `user_id` = 'K55EDD';
UPDATE `user_registration` SET `popup_seen` = 'no'
WHERE `user_id` = 'K55EDD';
DELETE FROM `ci_sessions`
WHERE `id` = 'f9a542814e561bf0005a061adc85ae49d0b07bd1';
INSERT INTO `temp_register` (`post_data`, `date`, `payment_method`, `type`) VALUES ('{\"uid\":\"2064\",\"user_id\":\"WC5BL7\",\"username\":\"guecab\",\"sponsor_id\":\"PUJNHI\",\"vacant\":\"no\",\"f_name\":\"Oniel\",\"l_name\":\"Guerra\",\"position\":\"left\",\"email\":\"guecab74@gmail.com\",\"password\":\"33f5b0f1ff5698a59bf1657322453ddb\",\"phone\":\"9547298434\",\"country\":\"United States\",\"state\":\"Florida\",\"city\":\"North lauderdale\",\"street\":\"1913 S-W 67 ave \",\"zip_code\":\"33068\",\"reg_ip\":\"172.69.132.225\",\"status\":1,\"package_id\":\"1\",\"rank_id\":1,\"highest_rank\":1,\"cycle_rank_id\":1,\"created\":\"2025-01-24 11:20:46\",\"subscription_date\":\"2025-02-23\",\"google_secret\":\"KAIZ62H7546MPANB\"}', '2025-01-24 11:20:47', 'stripe', 'register');
INSERT INTO `temp_register` (`post_data`, `date`, `payment_method`, `type`) VALUES ('{\"uid\":\"2054\",\"user_id\":\"CVVK4C\",\"username\":\"ManuelN\",\"sponsor_id\":\"K55EDD\",\"vacant\":\"no\",\"f_name\":\"Manuel\",\"l_name\":\"Naranjo\",\"position\":\"left\",\"email\":\"naranjo.manuel93@gmail.com\",\"password\":\"be7ae8b33900b3c909f0327b51245f25\",\"phone\":\"786326\",\"country\":\"United States\",\"state\":\"Florida\",\"city\":\"Hialeah\",\"street\":\"6041 W 24 Ave apt 104\",\"zip_code\":\"33016\",\"reg_ip\":\"172.70.55.209\",\"status\":1,\"package_id\":\"2\",\"rank_id\":1,\"highest_rank\":1,\"cycle_rank_id\":1,\"created\":\"2025-01-24 11:21:29\",\"subscription_date\":\"2025-02-23\",\"google_secret\":\"43TE2XJIUAWBORVQ\"}', '2025-01-24 11:21:29', 'stripe', 'register');
UPDATE `ci_sessions` SET `timestamp` = 1737739322, `data` = '__ci_last_regenerate|i:1737739322;reg_stripe_id|i:34;'
WHERE `id` = '18c82b2de7f6af0aeba5a6ca6a60bc6471d4a665';
UPDATE `temp_register` SET `response` = '{\"stripeToken\":\"tok_1QkqZw2NUoYUjiuuKwiEtCCa\",\"stripeTokenType\":\"card\",\"stripeEmail\":\"guecab74@gmail.com\"}', `date_modified` = '2025-01-24 11:22:05', `payment_status` = '{\"id\":\"ch_3Qkqa12NUoYUjiuu0u3V86w7\",\"object\":\"charge\",\"amount\":19500,\"amount_captured\":19500,\"amount_refunded\":0,\"application\":null,\"application_fee\":null,\"application_fee_amount\":null,\"balance_transaction\":\"txn_3Qkqa12NUoYUjiuu0ble5CaU\",\"billing_details\":{\"address\":{\"city\":null,\"country\":null,\"line1\":null,\"line2\":null,\"postal_code\":null,\"state\":null},\"email\":null,\"name\":\"guecab74@gmail.com\",\"phone\":null},\"calculated_statement_descriptor\":\"TRAVELEGENDCY LLC\",\"captured\":true,\"created\":1737739325,\"currency\":\"usd\",\"customer\":\"cus_Re8rz1W8TxXVI5\",\"description\":null,\"destination\":null,\"dispute\":null,\"disputed\":false,\"failure_balance_transaction\":null,\"failure_code\":null,\"failure_message\":null,\"fraud_details\":[],\"invoice\":null,\"livemode\":true,\"metadata\":{\"name\":\"Oniel Guerra\",\"username\":\"guecab\"},\"on_behalf_of\":null,\"order\":null,\"outcome\":{\"advice_code\":null,\"network_advice_code\":null,\"network_decline_code\":null,\"network_status\":\"approved_by_network\",\"reason\":null,\"risk_level\":\"normal\",\"seller_message\":\"Payment complete.\",\"type\":\"authorized\"},\"paid\":true,\"payment_intent\":null,\"payment_method\":\"card_1QkqZw2NUoYUjiuukn5pSoi5\",\"payment_method_details\":{\"card\":{\"amount_authorized\":19500,\"authorization_code\":\"182025\",\"brand\":\"mastercard\",\"checks\":{\"address_line1_check\":null,\"address_postal_code_check\":null,\"cvc_check\":\"pass\"},\"country\":\"US\",\"exp_month\":8,\"exp_year\":2028,\"extended_authorization\":{\"status\":\"disabled\"},\"fingerprint\":\"GDc6FcCndJ3Ynd9G\",\"funding\":\"debit\",\"incremental_authorization\":{\"status\":\"unavailable\"},\"installments\":null,\"last4\":\"1215\",\"mandate\":null,\"multicapture\":{\"status\":\"unavailable\"},\"network\":\"mastercard\",\"network_token\":{\"used\":false},\"network_transaction_id\":\"MDJIB47MW0124\",\"overcapture\":{\"maximum_amount_capturable\":19500,\"status\":\"unavailable\"},\"regulated_status\":\"regulated\",\"three_d_secure\":null,\"wallet\":null},\"type\":\"card\"},\"receipt_email\":null,\"receipt_number\":null,\"receipt_url\":\"https:\\/\\/pay.stripe.com\\/receipts\\/payment\\/CAcQARoXChVhY2N0XzFRUEFGdjJOVW9ZVWppdXUovpjPvAYyBsIikloY_josFjj4jdy--PU16R2KLSMyEV38X_--GmzktVNGpNQOdwVhvxu4P0tEPpdKnJE\",\"refunded\":false,\"review\":null,\"shipping\":null,\"source\":{\"id\":\"card_1QkqZw2NUoYUjiuukn5pSoi5\",\"object\":\"card\",\"address_city\":null,\"address_country\":null,\"address_line1\":null,\"address_line1_check\":null,\"address_line2\":null,\"address_state\":null,\"address_zip\":null,\"address_zip_check\":null,\"allow_redisplay\":\"unspecified\",\"brand\":\"MasterCard\",\"country\":\"US\",\"customer\":\"cus_Re8rz1W8TxXVI5\",\"cvc_check\":\"pass\",\"dynamic_last4\":null,\"exp_month\":8,\"exp_year\":2028,\"fingerprint\":\"GDc6FcCndJ3Ynd9G\",\"funding\":\"debit\",\"last4\":\"1215\",\"metadata\":[],\"name\":\"guecab74@gmail.com\",\"regulated_status\":\"regulated\",\"tokenization_method\":null,\"wallet\":null},\"source_transfer\":null,\"statement_descriptor\":null,\"statement_descriptor_suffix\":null,\"status\":\"succeeded\",\"transfer_data\":null,\"transfer_group\":null}'
WHERE `id` = 34;
UPDATE `user_registration` SET `uid` = '2064', `user_id` = 'WC5BL7', `username` = 'guecab', `sponsor_id` = 'PUJNHI', `vacant` = 'no', `f_name` = 'Oniel', `l_name` = 'Guerra', `position` = 'left', `email` = 'guecab74@gmail.com', `password` = '33f5b0f1ff5698a59bf1657322453ddb', `phone` = '9547298434', `country` = 'United States', `state` = 'Florida', `city` = 'North lauderdale', `street` = '1913 S-W 67 ave ', `zip_code` = '33068', `reg_ip` = '172.69.132.225', `status` = 1, `package_id` = '1', `rank_id` = 1, `highest_rank` = 1, `cycle_rank_id` = 1, `created` = '2025-01-24 11:20:46', `subscription_date` = '2025-02-23', `google_secret` = 'KAIZ62H7546MPANB'
WHERE `uid` = '2064';
INSERT INTO `user_registration` (`uid`, `user_id`, `username`, `sponsor_id`, `placement_id`, `vacant`, `f_name`, `l_name`, `address`, `position`, `email`, `password`, `phone`, `reg_ip`, `status`, `created`) VALUES (NULL, 'CONHCM', 'cwbfOPAY', 'WC5BL7', 'WC5BL7', 'yes', '', '', '', 'left', '@mail.com', '', '', '', 0, '2025-01-24 11:22:05');
INSERT INTO `user_registration` (`uid`, `user_id`, `username`, `sponsor_id`, `placement_id`, `vacant`, `f_name`, `l_name`, `address`, `position`, `email`, `password`, `phone`, `reg_ip`, `status`, `created`) VALUES (NULL, 'FBHICN', 'pOyPgXoy', 'WC5BL7', 'WC5BL7', 'yes', '', '', '', 'right', '@mail.com', '', '', '', 0, '2025-01-24 11:22:05');
INSERT INTO `bv_updation` (`user_id`) VALUES ('WC5BL7');
UPDATE `user_registration` SET total_ref_count = total_ref_count+1
WHERE `user_id` = 'PUJNHI';
UPDATE `user_registration` SET total_downlines = total_downlines+1
WHERE `user_id` = 'PUJNHI';
UPDATE `user_registration` SET left_downlines = left_downlines+1
WHERE `user_id` = 'PUJNHI';
UPDATE `user_registration` SET left_ref_count = left_ref_count+1
WHERE `user_id` = 'PUJNHI';
UPDATE `user_registration` SET active_left = active_left+1
WHERE `user_id` = 'PUJNHI';
UPDATE `user_registration` SET total_downlines = total_downlines+1
WHERE `user_id` = 'IEVPMD';
UPDATE `user_registration` SET right_downlines = right_downlines+1
WHERE `user_id` = 'IEVPMD';
UPDATE `user_registration` SET total_downlines = total_downlines+1
WHERE `user_id` = 'HUDVJU';
UPDATE `user_registration` SET right_downlines = right_downlines+1
WHERE `user_id` = 'HUDVJU';
UPDATE `user_registration` SET total_downlines = total_downlines+1
WHERE `user_id` = 'OWF3OA';
UPDATE `user_registration` SET right_downlines = right_downlines+1
WHERE `user_id` = 'OWF3OA';
UPDATE `user_registration` SET total_downlines = total_downlines+1
WHERE `user_id` = 'PKHRN5';
UPDATE `user_registration` SET right_downlines = right_downlines+1
WHERE `user_id` = 'PKHRN5';
UPDATE `user_registration` SET total_downlines = total_downlines+1
WHERE `user_id` = 'R37QLI';
UPDATE `user_registration` SET right_downlines = right_downlines+1
WHERE `user_id` = 'R37QLI';
UPDATE `user_registration` SET total_downlines = total_downlines+1
WHERE `user_id` = 'H2HQC8';
UPDATE `user_registration` SET right_downlines = right_downlines+1
WHERE `user_id` = 'H2HQC8';
UPDATE `user_registration` SET total_downlines = total_downlines+1
WHERE `user_id` = '45E8V2';
UPDATE `user_registration` SET left_downlines = left_downlines+1
WHERE `user_id` = '45E8V2';
UPDATE `user_registration` SET total_downlines = total_downlines+1
WHERE `user_id` = '44B9Y4';
UPDATE `user_registration` SET right_downlines = right_downlines+1
WHERE `user_id` = '44B9Y4';
UPDATE `user_registration` SET total_downlines = total_downlines+1
WHERE `user_id` = 'admin';
UPDATE `user_registration` SET right_downlines = right_downlines+1
WHERE `user_id` = 'admin';
INSERT INTO `investment` (`invest_date`, `user_id`, `type`, `amount`, `package_id`) VALUES ('2025-01-24 11:22:05', 'WC5BL7', 'register', '195', '1');
INSERT INTO `earnings` (`user_id`, `Purchaser_id`, `earning_type`, `package_id`, `amount`, `date`, `comments`, `invest_amount`, `comm_perc`, `level`, `rank_id`, `order_id`) VALUES ('PUJNHI', 'WC5BL7', 'Direct Referral Bonus', '1', '20', '2025-01-24 11:22:05', 'Direct Referral Bonus', 0, 0, 1, '', 27);
UPDATE `user_registration` SET commission_balance = ROUND(commission_balance + 20,2)
WHERE `user_id` = 'PUJNHI';
UPDATE `user_registration` SET referral_bonus = ROUND(referral_bonus + 20,2)
WHERE `user_id` = 'PUJNHI';
UPDATE `user_registration` SET total_points = ROUND(total_points + 20,2)
WHERE `user_id` = 'WC5BL7';
INSERT INTO `points_history` (`user_id`, `points`, `type`, `date`) VALUES ('WC5BL7', '20', 'register', '2025-01-24 11:22:');
INSERT INTO `matrix_filling` (`placement_id`, `downline_id`, `level`, `matrix`) VALUES ('PUJNHI', 'WC5BL7', 1, 1);
UPDATE `bv_updation` SET left_carry = left_carry+20, total_left = total_left+20
WHERE `user_id` = 'PUJNHI';
INSERT INTO `placement_bv_update_history` (`left_carry`, `date`, `from_id`, `user_id`) VALUES ('20', '2025-01-24 11:22:05', 'WC5BL7', 'PUJNHI');
UPDATE `bv_updation` SET sponsor_left_carry = sponsor_left_carry+20, sponsor_total_left = sponsor_total_left+20
WHERE `user_id` = 'PUJNHI';
INSERT INTO `sponsor_bv_update_history` (`left_carry`, `date`, `user_id`) VALUES ('20', '2025-01-24 11:22:05', 'PUJNHI');
INSERT INTO `matrix_filling` (`placement_id`, `downline_id`, `level`, `matrix`) VALUES ('IEVPMD', 'WC5BL7', 2, 1);
INSERT INTO `matrix_filling` (`placement_id`, `downline_id`, `level`, `matrix`) VALUES ('HUDVJU', 'WC5BL7', 3, 1);
INSERT INTO `matrix_filling` (`placement_id`, `downline_id`, `level`, `matrix`) VALUES ('OWF3OA', 'WC5BL7', 4, 1);
UPDATE `bv_updation` SET right_carry = right_carry+20, total_right = total_right+20
WHERE `user_id` = 'OWF3OA';
INSERT INTO `placement_bv_update_history` (`right_carry`, `date`, `from_id`, `user_id`) VALUES ('20', '2025-01-24 11:22:05', 'WC5BL7', 'OWF3OA');
INSERT INTO `matrix_filling` (`placement_id`, `downline_id`, `level`, `matrix`) VALUES ('PKHRN5', 'WC5BL7', 5, 1);
INSERT INTO `matrix_filling` (`placement_id`, `downline_id`, `level`, `matrix`) VALUES ('R37QLI', 'WC5BL7', 6, 1);
UPDATE `bv_updation` SET right_carry = right_carry+20, total_right = total_right+20
WHERE `user_id` = 'R37QLI';
INSERT INTO `placement_bv_update_history` (`right_carry`, `date`, `from_id`, `user_id`) VALUES ('20', '2025-01-24 11:22:05', 'WC5BL7', 'R37QLI');
INSERT INTO `matrix_filling` (`placement_id`, `downline_id`, `level`, `matrix`) VALUES ('H2HQC8', 'WC5BL7', 7, 1);
UPDATE `bv_updation` SET right_carry = right_carry+20, total_right = total_right+20
WHERE `user_id` = 'H2HQC8';
INSERT INTO `placement_bv_update_history` (`right_carry`, `date`, `from_id`, `user_id`) VALUES ('20', '2025-01-24 11:22:05', 'WC5BL7', 'H2HQC8');
INSERT INTO `matrix_filling` (`placement_id`, `downline_id`, `level`, `matrix`) VALUES ('45E8V2', 'WC5BL7', 8, 1);
UPDATE `bv_updation` SET left_carry = left_carry+20, total_left = total_left+20
WHERE `user_id` = '45E8V2';
INSERT INTO `placement_bv_update_history` (`left_carry`, `date`, `from_id`, `user_id`) VALUES ('20', '2025-01-24 11:22:05', 'WC5BL7', '45E8V2');
INSERT INTO `matrix_filling` (`placement_id`, `downline_id`, `level`, `matrix`) VALUES ('44B9Y4', 'WC5BL7', 9, 1);
UPDATE `bv_updation` SET right_carry = right_carry+20, total_right = total_right+20
WHERE `user_id` = '44B9Y4';
INSERT INTO `placement_bv_update_history` (`right_carry`, `date`, `from_id`, `user_id`) VALUES ('20', '2025-01-24 11:22:05', 'WC5BL7', '44B9Y4');
INSERT INTO `matrix_filling` (`placement_id`, `downline_id`, `level`, `matrix`) VALUES ('admin', 'WC5BL7', 10, 1);
UPDATE `bv_updation` SET right_carry = right_carry+20, total_right = total_right+20
WHERE `user_id` = 'admin';
INSERT INTO `placement_bv_update_history` (`right_carry`, `date`, `from_id`, `user_id`) VALUES ('20', '2025-01-24 11:22:05', 'WC5BL7', 'admin');
INSERT INTO `package_purchase_history` (`user_id`, `package_id`, `reg_fee`, `package_name`, `monthly_fee`, `type`, `date`, `payment_option`) VALUES ('WC5BL7', '1', '195', 'Traveler', '50', 'sign_up', '2025-01-24 11:22:05', 'stripe');
UPDATE `ci_sessions` SET `timestamp` = 1737739357, `data` = '__ci_last_regenerate|i:1737739357;id|s:4:\"2063\";user_id|s:6:\"PUJNHI\";username|s:9:\"Nosotros2\";sponsor_id|s:6:\"H2HQC8\";fullname|s:14:\"Thayli Chamizo\";email|s:20:\"rt.amdream@gmail.com\";phone|s:10:\"7862227330\";isLogIn|b:1;'
WHERE `id` = '4cb4e27bef81513bd0694ef77ca7be5cc83ba7a7';
INSERT INTO `login_history` (`user_id`, `device`, `ip_address`, `date`) VALUES ('WC5BL7', 'Mozilla/5.0 (Macintosh; Intel Mac OS X 10_15_7) AppleWebKit/605.1.15 (KHTML, like Gecko) Version/18.1.1 Safari/605.1.15', '172.69.132.225', '25-01-24 11:22');
UPDATE `user_registration` SET `popup_seen` = 'yes'
WHERE `user_id` = 'WC5BL7';
INSERT INTO `payment_metod_setting` (`user_id`, `method`, `email`, `wallet_id`, `status`, `date`) VALUES ('WC5BL7', 'payquicker', 'guecab74@gmail.com', 'guecabrXac', 0, '2025-01-24 11:23:13');
INSERT INTO `payquicker_send_invite` (`user_id`, `userCompanyAssignedUniqueKey`, `response`, `date`) VALUES ('WC5BL7', 'guecabrXac', '[{\"dateInvited\":\"2025-01-24T17:23:13Z\",\"invitationKey\":\"3iAya0QTNGzXnFFjIG26fsoDV0G7oLh3iApSt1pNAL46ANIQXMNmxgBxoYlt6EBfJlwplkylTdN7JxXkKHL2BDk8Ydb4fXAX6iRMhRwNF0PRF0YSUdbarzQOTpRv749Y22Vdj8BF7tPf6fea9Ehn5wJuGBn8OE5coL6znDVpd85Y6zDWBdshsmvidXkuknU1A1K6biUj7MyvwXEolcyiqJzCZ382PF1gj3LVshNrXQito6IPz0gyJdMq2A6odEK5\",\"invitationStatus\":\"InvitationStatusType_Pending\",\"registrationStatus\":\"NotStarted\",\"registrationDetails\":{\"addresses\":[{\"city\":\"North lauderdale\",\"country\":\"USA\",\"postalCode\":\"33068\",\"region\":\"Florida\",\"streetAddress1\":\"1913 S-W 67 ave \",\"created\":\"0001-01-01T00:00:00Z\",\"type\":\"AddressType_Residential\"}],\"fundingAccountPublicId\":\"4e84a85ac47e46639c648f932d48fdf0\",\"issuePlasticCard\":true,\"notifyUser\":true,\"userDetails\":{\"emailAddress\":\"guecab74@gmail.com\",\"firstName\":\"Oniel\",\"lastName\":\"Guerra\",\"userCompanyAssignedUniqueKey\":\"guecabrXac\"}}}]', '2025-01-24 11:23:13');
UPDATE `temp_register` SET `response` = '{\"stripeToken\":\"tok_1QkqbG2NUoYUjiuulej4VNUe\",\"stripeTokenType\":\"card\",\"stripeEmail\":\"naranjo.manuel@ymail.com\"}', `date_modified` = '2025-01-24 11:23:26', `payment_status` = '{\"id\":\"ch_3QkqbK2NUoYUjiuu0PQCaRJw\",\"object\":\"charge\",\"amount\":59500,\"amount_captured\":59500,\"amount_refunded\":0,\"application\":null,\"application_fee\":null,\"application_fee_amount\":null,\"balance_transaction\":\"txn_3QkqbK2NUoYUjiuu0j1KS9nO\",\"billing_details\":{\"address\":{\"city\":null,\"country\":null,\"line1\":null,\"line2\":null,\"postal_code\":null,\"state\":null},\"email\":null,\"name\":\"naranjo.manuel@ymail.com\",\"phone\":null},\"calculated_statement_descriptor\":\"TRAVELEGENDCY LLC\",\"captured\":true,\"created\":1737739406,\"currency\":\"usd\",\"customer\":\"cus_Re8tHDQ0LzA6JN\",\"description\":null,\"destination\":null,\"dispute\":null,\"disputed\":false,\"failure_balance_transaction\":null,\"failure_code\":null,\"failure_message\":null,\"fraud_details\":[],\"invoice\":null,\"livemode\":true,\"metadata\":{\"name\":\"Manuel Naranjo\",\"username\":\"ManuelN\"},\"on_behalf_of\":null,\"order\":null,\"outcome\":{\"advice_code\":null,\"network_advice_code\":null,\"network_decline_code\":null,\"network_status\":\"approved_by_network\",\"reason\":null,\"risk_level\":\"normal\",\"seller_message\":\"Payment complete.\",\"type\":\"authorized\"},\"paid\":true,\"payment_intent\":null,\"payment_method\":\"card_1QkqbG2NUoYUjiuucD06h05s\",\"payment_method_details\":{\"card\":{\"amount_authorized\":59500,\"authorization_code\":\"132035\",\"brand\":\"visa\",\"checks\":{\"address_line1_check\":null,\"address_postal_code_check\":null,\"cvc_check\":\"pass\"},\"country\":\"US\",\"exp_month\":1,\"exp_year\":2030,\"extended_authorization\":{\"status\":\"disabled\"},\"fingerprint\":\"77P2eJGx0hCaXlTc\",\"funding\":\"debit\",\"incremental_authorization\":{\"status\":\"unavailable\"},\"installments\":null,\"last4\":\"2700\",\"mandate\":null,\"multicapture\":{\"status\":\"unavailable\"},\"network\":\"visa\",\"network_token\":{\"used\":true},\"network_transaction_id\":\"465024626060753\",\"overcapture\":{\"maximum_amount_capturable\":59500,\"status\":\"unavailable\"},\"regulated_status\":\"regulated\",\"three_d_secure\":null,\"wallet\":null},\"type\":\"card\"},\"receipt_email\":null,\"receipt_number\":null,\"receipt_url\":\"https:\\/\\/pay.stripe.com\\/receipts\\/payment\\/CAcQARoXChVhY2N0XzFRUEFGdjJOVW9ZVWppdXUoj5nPvAYyBrQMvvOqOTosFuv-SLMHIs8g4jd0UUJ2-9thBjWw2l3td4KWq7GzkOCUO81oKY5OWyZEwJ4\",\"refunded\":false,\"review\":null,\"shipping\":null,\"source\":{\"id\":\"card_1QkqbG2NUoYUjiuucD06h05s\",\"object\":\"card\",\"address_city\":null,\"address_country\":null,\"address_line1\":null,\"address_line1_check\":null,\"address_line2\":null,\"address_state\":null,\"address_zip\":null,\"address_zip_check\":null,\"allow_redisplay\":\"unspecified\",\"brand\":\"Visa\",\"country\":\"US\",\"customer\":\"cus_Re8tHDQ0LzA6JN\",\"cvc_check\":\"pass\",\"dynamic_last4\":null,\"exp_month\":1,\"exp_year\":2030,\"fingerprint\":\"77P2eJGx0hCaXlTc\",\"funding\":\"debit\",\"last4\":\"2700\",\"metadata\":[],\"name\":\"naranjo.manuel@ymail.com\",\"regulated_status\":\"regulated\",\"tokenization_method\":null,\"wallet\":null},\"source_transfer\":null,\"statement_descriptor\":null,\"statement_descriptor_suffix\":null,\"status\":\"succeeded\",\"transfer_data\":null,\"transfer_group\":null}'
WHERE `id` = 35;
UPDATE `user_registration` SET `uid` = '2054', `user_id` = 'CVVK4C', `username` = 'ManuelN', `sponsor_id` = 'K55EDD', `vacant` = 'no', `f_name` = 'Manuel', `l_name` = 'Naranjo', `position` = 'left', `email` = 'naranjo.manuel93@gmail.com', `password` = 'be7ae8b33900b3c909f0327b51245f25', `phone` = '786326', `country` = 'United States', `state` = 'Florida', `city` = 'Hialeah', `street` = '6041 W 24 Ave apt 104', `zip_code` = '33016', `reg_ip` = '172.70.55.209', `status` = 1, `package_id` = '2', `rank_id` = 1, `highest_rank` = 1, `cycle_rank_id` = 1, `created` = '2025-01-24 11:21:29', `subscription_date` = '2025-02-23', `google_secret` = '43TE2XJIUAWBORVQ'
WHERE `uid` = '2054';
INSERT INTO `user_registration` (`uid`, `user_id`, `username`, `sponsor_id`, `placement_id`, `vacant`, `f_name`, `l_name`, `address`, `position`, `email`, `password`, `phone`, `reg_ip`, `status`, `created`) VALUES (NULL, 'TCJZDR', 'kBzHvhTO', 'CVVK4C', 'CVVK4C', 'yes', '', '', '', 'left', '@mail.com', '', '', '', 0, '2025-01-24 11:23:26');
INSERT INTO `user_registration` (`uid`, `user_id`, `username`, `sponsor_id`, `placement_id`, `vacant`, `f_name`, `l_name`, `address`, `position`, `email`, `password`, `phone`, `reg_ip`, `status`, `created`) VALUES (NULL, 'AEUDIP', 'HjJhxgwl', 'CVVK4C', 'CVVK4C', 'yes', '', '', '', 'right', '@mail.com', '', '', '', 0, '2025-01-24 11:23:26');
INSERT INTO `bv_updation` (`user_id`) VALUES ('CVVK4C');
UPDATE `user_registration` SET total_ref_count = total_ref_count+1
WHERE `user_id` = 'K55EDD';
UPDATE `user_registration` SET total_downlines = total_downlines+1
WHERE `user_id` = 'K55EDD';
UPDATE `user_registration` SET left_downlines = left_downlines+1
WHERE `user_id` = 'K55EDD';
UPDATE `user_registration` SET left_ref_count = left_ref_count+1
WHERE `user_id` = 'K55EDD';
UPDATE `user_registration` SET active_left = active_left+1
WHERE `user_id` = 'K55EDD';
UPDATE `user_registration` SET `binary_qualified` = 'yes', `binary_qualified_date` = '2025-01-24 11:23:26'
WHERE `user_id` = 'K55EDD';
UPDATE `user_registration` SET total_downlines = total_downlines+1
WHERE `user_id` = 'UQO7EQ';
UPDATE `user_registration` SET left_downlines = left_downlines+1
WHERE `user_id` = 'UQO7EQ';
UPDATE `user_registration` SET total_downlines = total_downlines+1
WHERE `user_id` = 'N6GZAE';
UPDATE `user_registration` SET left_downlines = left_downlines+1
WHERE `user_id` = 'N6GZAE';
UPDATE `user_registration` SET total_downlines = total_downlines+1
WHERE `user_id` = '4E1CRI';
UPDATE `user_registration` SET left_downlines = left_downlines+1
WHERE `user_id` = '4E1CRI';
UPDATE `user_registration` SET total_downlines = total_downlines+1
WHERE `user_id` = 'SJBNYJ';
UPDATE `user_registration` SET left_downlines = left_downlines+1
WHERE `user_id` = 'SJBNYJ';
UPDATE `user_registration` SET total_downlines = total_downlines+1
WHERE `user_id` = '44B9Y4';
UPDATE `user_registration` SET left_downlines = left_downlines+1
WHERE `user_id` = '44B9Y4';
UPDATE `user_registration` SET total_downlines = total_downlines+1
WHERE `user_id` = 'admin';
UPDATE `user_registration` SET right_downlines = right_downlines+1
WHERE `user_id` = 'admin';
INSERT INTO `investment` (`invest_date`, `user_id`, `type`, `amount`, `package_id`) VALUES ('2025-01-24 11:23:26', 'CVVK4C', 'register', '595', '2');
INSERT INTO `earnings` (`user_id`, `Purchaser_id`, `earning_type`, `package_id`, `amount`, `date`, `comments`, `invest_amount`, `comm_perc`, `level`, `rank_id`, `order_id`) VALUES ('K55EDD', 'CVVK4C', 'Direct Referral Bonus', '2', '100', '2025-01-24 11:23:26', 'Direct Referral Bonus', 0, 0, 1, '', 28);
UPDATE `user_registration` SET commission_balance = ROUND(commission_balance + 100,2)
WHERE `user_id` = 'K55EDD';
UPDATE `user_registration` SET referral_bonus = ROUND(referral_bonus + 100,2)
WHERE `user_id` = 'K55EDD';
UPDATE `user_registration` SET total_points = ROUND(total_points + 50,2)
WHERE `user_id` = 'CVVK4C';
INSERT INTO `points_history` (`user_id`, `points`, `type`, `date`) VALUES ('CVVK4C', '50', 'register', '2025-01-24 11:23:');
INSERT INTO `matrix_filling` (`placement_id`, `downline_id`, `level`, `matrix`) VALUES ('K55EDD', 'CVVK4C', 1, 1);
UPDATE `bv_updation` SET left_carry = left_carry+50, total_left = total_left+50
WHERE `user_id` = 'K55EDD';
INSERT INTO `placement_bv_update_history` (`left_carry`, `date`, `from_id`, `user_id`) VALUES ('50', '2025-01-24 11:23:26', 'CVVK4C', 'K55EDD');
UPDATE `bv_updation` SET sponsor_left_carry = sponsor_left_carry+50, sponsor_total_left = sponsor_total_left+50
WHERE `user_id` = 'K55EDD';
INSERT INTO `sponsor_bv_update_history` (`left_carry`, `date`, `user_id`) VALUES ('50', '2025-01-24 11:23:26', 'K55EDD');
INSERT INTO `matrix_filling` (`placement_id`, `downline_id`, `level`, `matrix`) VALUES ('UQO7EQ', 'CVVK4C', 2, 1);
UPDATE `bv_updation` SET left_carry = left_carry+50, total_left = total_left+50
WHERE `user_id` = 'UQO7EQ';
INSERT INTO `placement_bv_update_history` (`left_carry`, `date`, `from_id`, `user_id`) VALUES ('50', '2025-01-24 11:23:26', 'CVVK4C', 'UQO7EQ');
INSERT INTO `matrix_filling` (`placement_id`, `downline_id`, `level`, `matrix`) VALUES ('N6GZAE', 'CVVK4C', 3, 1);
UPDATE `bv_updation` SET left_carry = left_carry+50, total_left = total_left+50
WHERE `user_id` = 'N6GZAE';
INSERT INTO `placement_bv_update_history` (`left_carry`, `date`, `from_id`, `user_id`) VALUES ('50', '2025-01-24 11:23:26', 'CVVK4C', 'N6GZAE');
INSERT INTO `matrix_filling` (`placement_id`, `downline_id`, `level`, `matrix`) VALUES ('4E1CRI', 'CVVK4C', 4, 1);
UPDATE `bv_updation` SET left_carry = left_carry+50, total_left = total_left+50
WHERE `user_id` = '4E1CRI';
INSERT INTO `placement_bv_update_history` (`left_carry`, `date`, `from_id`, `user_id`) VALUES ('50', '2025-01-24 11:23:26', 'CVVK4C', '4E1CRI');
INSERT INTO `matrix_filling` (`placement_id`, `downline_id`, `level`, `matrix`) VALUES ('SJBNYJ', 'CVVK4C', 5, 1);
UPDATE `bv_updation` SET left_carry = left_carry+50, total_left = total_left+50
WHERE `user_id` = 'SJBNYJ';
INSERT INTO `placement_bv_update_history` (`left_carry`, `date`, `from_id`, `user_id`) VALUES ('50', '2025-01-24 11:23:26', 'CVVK4C', 'SJBNYJ');
INSERT INTO `matrix_filling` (`placement_id`, `downline_id`, `level`, `matrix`) VALUES ('44B9Y4', 'CVVK4C', 6, 1);
UPDATE `bv_updation` SET left_carry = left_carry+50, total_left = total_left+50
WHERE `user_id` = '44B9Y4';
INSERT INTO `placement_bv_update_history` (`left_carry`, `date`, `from_id`, `user_id`) VALUES ('50', '2025-01-24 11:23:26', 'CVVK4C', '44B9Y4');
INSERT INTO `matrix_filling` (`placement_id`, `downline_id`, `level`, `matrix`) VALUES ('admin', 'CVVK4C', 7, 1);
UPDATE `bv_updation` SET right_carry = right_carry+50, total_right = total_right+50
WHERE `user_id` = 'admin';
INSERT INTO `placement_bv_update_history` (`right_carry`, `date`, `from_id`, `user_id`) VALUES ('50', '2025-01-24 11:23:26', 'CVVK4C', 'admin');
INSERT INTO `package_purchase_history` (`user_id`, `package_id`, `reg_fee`, `package_name`, `monthly_fee`, `type`, `date`, `payment_option`) VALUES ('CVVK4C', '2', '595', 'Traveler Pro', '150', 'sign_up', '2025-01-24 11:23:26', 'stripe');
UPDATE `user_registration` SET `popup_seen` = 'yes'
WHERE `user_id` = 'PUJNHI';
UPDATE `ci_sessions` SET `timestamp` = 1737739559, `data` = '__ci_last_regenerate|i:1737739559;captcha|s:4:\"iguf\";'
WHERE `id` = '86bb308efcc3838d5415ce131de078c9e23c2523';
INSERT INTO `login_history` (`user_id`, `device`, `ip_address`, `date`) VALUES ('UQO7EQ', 'Mozilla/5.0 (Windows NT 10.0; Win64; x64) AppleWebKit/537.36 (KHTML, like Gecko) Chrome/132.0.0.0 Safari/537.36', '172.69.132.230', '25-01-24 11:25');
UPDATE `user_registration` SET `popup_seen` = 'yes'
WHERE `user_id` = 'UQO7EQ';
UPDATE `ci_sessions` SET `timestamp` = 1737739694, `data` = '__ci_last_regenerate|i:1737739694;id|s:4:\"2063\";user_id|s:6:\"PUJNHI\";username|s:9:\"Nosotros2\";sponsor_id|s:6:\"H2HQC8\";fullname|s:14:\"Thayli Chamizo\";email|s:20:\"rt.amdream@gmail.com\";phone|s:10:\"7862227330\";isLogIn|b:1;'
WHERE `id` = '89797c3f7a9ded77afaff527937fa7b611e5a785';
UPDATE `ci_sessions` SET `timestamp` = 1737739712, `data` = '__ci_last_regenerate|i:1737739712;message|s:44:\"Your registration completed successfully...!\";__ci_vars|a:1:{s:7:\"message\";s:3:\"old\";}'
WHERE `id` = '9bff9656c13b468d512cdb8d1763898f5437025d';
INSERT INTO `login_history` (`user_id`, `device`, `ip_address`, `date`) VALUES ('CVVK4C', 'Mozilla/5.0 (iPhone; CPU iPhone OS 18_3 like Mac OS X) AppleWebKit/605.1.15 (KHTML, like Gecko) Version/18.3 Mobile/15E148 Safari/604.1', '172.70.54.69', '25-01-24 11:29');
UPDATE `user_registration` SET `popup_seen` = 'yes'
WHERE `user_id` = 'CVVK4C';
UPDATE `user_registration` SET `default_leg` = 'left'
WHERE `user_id` = 'CVVK4C';
UPDATE `user_registration` SET `default_leg` = 'left'
WHERE `user_id` = 'CVVK4C';
UPDATE `user_registration` SET `default_leg` = 'left'
WHERE `user_id` = 'CVVK4C';
UPDATE `ci_sessions` SET `timestamp` = 1737739955, `data` = '__ci_last_regenerate|i:1737739955;id|s:4:\"2042\";user_id|s:6:\"UQO7EQ\";username|s:6:\"Rafa51\";sponsor_id|s:6:\"N6GZAE\";fullname|s:16:\"Rafael Rodriguez\";email|s:18:\"rafagana@yahoo.com\";phone|s:10:\"3057610606\";isLogIn|b:1;'
WHERE `id` = '7711731800f8325f8e85b456cb99eb65dd524dd2';
UPDATE `user_registration` SET `popup_seen` = 'yes'
WHERE `user_id` = 'UQO7EQ';
UPDATE `ci_sessions` SET `timestamp` = 1737740013, `data` = '__ci_last_regenerate|i:1737740013;id|s:4:\"2021\";user_id|s:6:\"44B9Y4\";username|s:7:\"Talimbi\";sponsor_id|s:5:\"admin\";fullname|s:14:\"Emilio Tapanes\";email|s:23:\"emiliotapanes@gmail.com\";phone|s:10:\"7862876762\";isLogIn|b:1;'
WHERE `id` = 'eeb2e5b399d34bc92084b522ae6daed53e46aa39';
UPDATE `ci_sessions` SET `timestamp` = 1737740091, `data` = '__ci_last_regenerate|i:1737740091;id|s:4:\"2064\";user_id|s:6:\"WC5BL7\";username|s:6:\"guecab\";sponsor_id|s:6:\"PUJNHI\";fullname|s:12:\"Oniel Guerra\";email|s:18:\"guecab74@gmail.com\";phone|s:10:\"9547298434\";isLogIn|b:1;message|s:97:\"Successfully send signup link to your email, Please complete the registration as soon as possible\";__ci_vars|a:1:{s:7:\"message\";s:3:\"old\";}'
WHERE `id` = '40d14ca264b30026d3bacb557b96351b851806b5';
UPDATE `user_registration` SET `popup_seen` = 'yes'
WHERE `user_id` = 'WC5BL7';
UPDATE `user_registration` SET `popup_seen` = 'yes'
WHERE `user_id` = 'WC5BL7';
UPDATE `user_registration` SET `popup_seen` = 'yes'
WHERE `user_id` = 'WC5BL7';
UPDATE `user_registration` SET `popup_seen` = 'yes'
WHERE `user_id` = 'WC5BL7';
UPDATE `payquicker_send_invite` SET `response` = '[{\"dateInvited\":\"2025-01-24T17:23:13Z\",\"invitationKey\":\"3iAya0QTNGzXnFFjIG26fsoDV0G7oLh3iApSt1pNAL46ANIQXMNmxgBxoYlt6EBfJlwplkylTdN7JxXkKHL2BDk8Ydb4fXAX6iRMhRwNF0PRF0YSUdbarzQOTpRv749Y22Vdj8BF7tPf6fea9Ehn5wJuGBn8OE5coL6znDVpd85Y6zDWBdshsmvidXkuknU1A1K6biUj7MyvwXEolcyiqJzCZ382PF1gj3LVshNrXQito6IPz0gyJdMq2A6odEK5\",\"invitationStatus\":\"InvitationStatusType_Used\",\"registrationStatus\":\"Completed\",\"registrationDetails\":{\"addresses\":[{\"city\":\"North lauderdale\",\"country\":\"USA\",\"postalCode\":\"33068\",\"region\":\"Florida\",\"streetAddress1\":\"1913 S-W 67 ave \",\"created\":\"0001-01-01T00:00:00Z\",\"type\":\"AddressType_Residential\"}],\"fundingAccountPublicId\":\"4e84a85ac47e46639c648f932d48fdf0\",\"issuePlasticCard\":true,\"notifyUser\":true,\"userDetails\":{\"emailAddress\":\"guecab74@gmail.com\",\"firstName\":\"Oniel\",\"lastName\":\"Guerra\",\"userCompanyAssignedUniqueKey\":\"guecabrXac\"}}}]', `date` = '2025-01-24 11:37:30';
UPDATE `payment_metod_setting` SET `status` = 1
WHERE `user_id` = 'WC5BL7';
UPDATE `ci_sessions` SET `timestamp` = 1737740257, `data` = '__ci_last_regenerate|i:1737740257;id|s:4:\"2042\";user_id|s:6:\"UQO7EQ\";username|s:6:\"Rafa51\";sponsor_id|s:6:\"N6GZAE\";fullname|s:16:\"Rafael Rodriguez\";email|s:18:\"rafagana@yahoo.com\";phone|s:10:\"3057610606\";isLogIn|b:1;'
WHERE `id` = '902fcca541c519d7617d90edc73bc1a649e62902';
UPDATE `user_registration` SET `popup_seen` = 'yes'
WHERE `user_id` = 'UQO7EQ';
UPDATE `user_registration` SET `popup_seen` = 'no'
WHERE `user_id` = 'UQO7EQ';
DELETE FROM `ci_sessions`
WHERE `id` = '4da57d8bfe3e9833ab3f00bff4e53c98c939b80a';
UPDATE `user_registration` SET `popup_seen` = 'yes'
WHERE `user_id` = 'WC5BL7';
UPDATE `user_registration` SET `popup_seen` = 'yes'
WHERE `user_id` = 'WC5BL7';
UPDATE `ci_sessions` SET `timestamp` = 1737740431, `data` = '__ci_last_regenerate|i:1737740431;id|s:4:\"2064\";user_id|s:6:\"WC5BL7\";username|s:6:\"guecab\";sponsor_id|s:6:\"PUJNHI\";fullname|s:12:\"Oniel Guerra\";email|s:18:\"guecab74@gmail.com\";phone|s:10:\"9547298434\";isLogIn|b:1;'
WHERE `id` = 'ceecf1f9b5ae71714f4518c1562671a3739be352';
UPDATE `user_registration` SET `popup_seen` = 'yes'
WHERE `user_id` = 'WC5BL7';
INSERT INTO `login_history` (`user_id`, `device`, `ip_address`, `date`) VALUES ('K55EDD', 'Mozilla/5.0 (Windows NT 10.0; Win64; x64) AppleWebKit/537.36 (KHTML, like Gecko) Chrome/132.0.0.0 Safari/537.36', '172.70.55.210', '25-01-24 11:40');
UPDATE `user_registration` SET `popup_seen` = 'yes'
WHERE `user_id` = 'K55EDD';
UPDATE `user_registration` SET `default_leg` = 'right'
WHERE `user_id` = 'K55EDD';
UPDATE `user_registration` SET `popup_seen` = 'yes'
WHERE `user_id` = 'K55EDD';
UPDATE `user_registration` SET `popup_seen` = 'no'
WHERE `user_id` = 'K55EDD';
DELETE FROM `ci_sessions`
WHERE `id` = '4d98916457f9bb38fba6eb94315243e6286c32c7';
UPDATE `ci_sessions` SET `timestamp` = 1737741029, `data` = '__ci_last_regenerate|i:1737741029;'
WHERE `id` = 'faf485433f0efea0b246837f6d083f5b39dac022';
INSERT INTO `login_history` (`user_id`, `device`, `ip_address`, `date`) VALUES ('H2HQC8', 'Mozilla/5.0 (X11; Linux x86_64) AppleWebKit/537.36 (KHTML, like Gecko) Chrome/131.0.0.0 Safari/537.36', '172.70.254.95', '25-01-24 11:50');
UPDATE `user_registration` SET `popup_seen` = 'yes'
WHERE `user_id` = 'H2HQC8';
UPDATE `user_registration` SET `popup_seen` = 'yes'
WHERE `user_id` = 'H2HQC8';
UPDATE `user_registration` SET `popup_seen` = 'yes'
WHERE `user_id` = 'H2HQC8';
UPDATE `ci_sessions` SET `timestamp` = 1737741776, `data` = '__ci_last_regenerate|i:1737741776;id|s:4:\"2054\";user_id|s:6:\"CVVK4C\";username|s:7:\"ManuelN\";sponsor_id|s:6:\"K55EDD\";fullname|s:14:\"Manuel Naranjo\";email|s:26:\"naranjo.manuel93@gmail.com\";phone|s:6:\"786326\";isLogIn|b:1;message|s:38:\"Your default Leg Updated Successfully!\";__ci_vars|a:1:{s:7:\"message\";s:3:\"old\";}'
WHERE `id` = 'b4d98c415f7e68a6a0bfc1685762dafce1a00068';
UPDATE `user_registration` SET `popup_seen` = 'yes'
WHERE `user_id` = 'CVVK4C';
INSERT INTO `login_history` (`user_id`, `device`, `ip_address`, `date`) VALUES ('UQO7EQ', 'Mozilla/5.0 (Linux; Android 10; K) AppleWebKit/537.36 (KHTML, like Gecko) Chrome/131.0.0.0 Mobile Safari/537.36', '172.70.54.68', '25-01-24 12:50');
UPDATE `user_registration` SET `popup_seen` = 'yes'
WHERE `user_id` = 'UQO7EQ';
UPDATE `user_registration` SET `popup_seen` = 'yes'
WHERE `user_id` = 'UQO7EQ';
UPDATE `user_registration` SET `popup_seen` = 'no'
WHERE `user_id` = 'UQO7EQ';
DELETE FROM `ci_sessions`
WHERE `id` = 'ab9c5a45aa1edb33b3ab9949e0ccbc0866f05457';
UPDATE `ci_sessions` SET `timestamp` = 1737744801, `data` = '__ci_last_regenerate|i:1737744801;id|s:4:\"2054\";user_id|s:6:\"CVVK4C\";username|s:7:\"ManuelN\";sponsor_id|s:6:\"K55EDD\";fullname|s:14:\"Manuel Naranjo\";email|s:26:\"naranjo.manuel93@gmail.com\";phone|s:6:\"786326\";isLogIn|b:1;'
WHERE `id` = '0547902b71ab067e6f79b18ebe789f65a1b94d00';
UPDATE `user_registration` SET `popup_seen` = 'yes'
WHERE `user_id` = 'CVVK4C';
INSERT INTO `login_history` (`user_id`, `device`, `ip_address`, `date`) VALUES ('R37QLI', 'Mozilla/5.0 (Macintosh; Intel Mac OS X 10_15_7) AppleWebKit/605.1.15 (KHTML, like Gecko) Version/17.4 Safari/605.1.15', '172.70.54.246', '25-01-24 12:58');
UPDATE `user_registration` SET `popup_seen` = 'yes'
WHERE `user_id` = 'R37QLI';
UPDATE `ci_sessions` SET `timestamp` = 1737745256, `data` = '__ci_last_regenerate|i:1737745256;id|s:4:\"2054\";user_id|s:6:\"CVVK4C\";username|s:7:\"ManuelN\";sponsor_id|s:6:\"K55EDD\";fullname|s:14:\"Manuel Naranjo\";email|s:26:\"naranjo.manuel93@gmail.com\";phone|s:6:\"786326\";isLogIn|b:1;'
WHERE `id` = '4281e2302ba19ebfc7cc8396c5a32a6bf6eb4a3b';
UPDATE `user_registration` SET `default_leg` = 'left'
WHERE `user_id` = 'CVVK4C';
UPDATE `user_registration` SET `popup_seen` = 'yes'
WHERE `user_id` = 'CVVK4C';
UPDATE `user_registration` SET `popup_seen` = 'yes'
WHERE `user_id` = 'CVVK4C';
UPDATE `ci_sessions` SET `timestamp` = 1737745433, `data` = '__ci_last_regenerate|i:1737745433;id|s:4:\"2031\";user_id|s:6:\"R37QLI\";username|s:5:\"dleon\";sponsor_id|s:6:\"H2HQC8\";fullname|s:11:\"Dayami Leon\";email|s:20:\"atravel4uu@gmail.com\";phone|s:10:\"7865069935\";isLogIn|b:1;'
WHERE `id` = 'b9dd37f44d28b65bfa246a824a330cf74845ae65';
UPDATE `user_registration` SET `popup_seen` = 'yes'
WHERE `user_id` = 'R37QLI';
UPDATE `user_registration` SET `default_leg` = 'left'
WHERE `user_id` = 'CVVK4C';
UPDATE `user_registration` SET `popup_seen` = 'yes'
WHERE `user_id` = 'CVVK4C';
UPDATE `user_registration` SET `popup_seen` = 'yes'
WHERE `user_id` = 'CVVK4C';
UPDATE `user_registration` SET `popup_seen` = 'yes'
WHERE `user_id` = 'CVVK4C';
UPDATE `user_registration` SET `popup_seen` = 'yes'
WHERE `user_id` = 'R37QLI';
UPDATE `ci_sessions` SET `timestamp` = 1737745851, `data` = '__ci_last_regenerate|i:1737745851;id|s:4:\"2031\";user_id|s:6:\"R37QLI\";username|s:5:\"dleon\";sponsor_id|s:6:\"H2HQC8\";fullname|s:11:\"Dayami Leon\";email|s:20:\"atravel4uu@gmail.com\";phone|s:10:\"7865069935\";isLogIn|b:1;'
WHERE `id` = '79aa35d3802d10f3be7fc1a0d5e390198cf8a2e7';
UPDATE `ci_sessions` SET `timestamp` = 1737746433, `data` = '__ci_last_regenerate|i:1737746433;id|s:4:\"2031\";user_id|s:6:\"R37QLI\";username|s:5:\"dleon\";sponsor_id|s:6:\"H2HQC8\";fullname|s:11:\"Dayami Leon\";email|s:20:\"atravel4uu@gmail.com\";phone|s:10:\"7865069935\";isLogIn|b:1;'
WHERE `id` = '5f449f5216d7f8f15bf83344e7d25d947f086590';
UPDATE `user_registration` SET `popup_seen` = 'yes'
WHERE `user_id` = 'R37QLI';
UPDATE `ci_sessions` SET `timestamp` = 1737746814, `data` = '__ci_last_regenerate|i:1737746814;id|s:4:\"2054\";user_id|s:6:\"CVVK4C\";username|s:7:\"ManuelN\";sponsor_id|s:6:\"K55EDD\";fullname|s:14:\"Manuel Naranjo\";email|s:26:\"naranjo.manuel93@gmail.com\";phone|s:6:\"786326\";isLogIn|b:1;'
WHERE `id` = '1a20787dcdde2e44d75347520383bf29e1820257';
UPDATE `user_registration` SET `popup_seen` = 'yes'
WHERE `user_id` = 'CVVK4C';
UPDATE `ci_sessions` SET `timestamp` = 1737750448, `data` = '__ci_last_regenerate|i:1737750448;id|s:4:\"2031\";user_id|s:6:\"R37QLI\";username|s:5:\"dleon\";sponsor_id|s:6:\"H2HQC8\";fullname|s:11:\"Dayami Leon\";email|s:20:\"atravel4uu@gmail.com\";phone|s:10:\"7865069935\";isLogIn|b:1;'
WHERE `id` = '45ce526c336dfe7dfbc8ced3458a0f6bbbbbd33d';
UPDATE `user_registration` SET `popup_seen` = 'yes'
WHERE `user_id` = 'R37QLI';
UPDATE `user_registration` SET `popup_seen` = 'yes'
WHERE `user_id` = 'R37QLI';
INSERT INTO `login_history` (`user_id`, `device`, `ip_address`, `date`) VALUES ('44B9Y4', 'Mozilla/5.0 (Windows NT 10.0; Win64; x64) AppleWebKit/537.36 (KHTML, like Gecko) Chrome/131.0.0.0 Safari/537.36', '172.70.255.182', '25-01-24 14:35');
UPDATE `user_registration` SET `popup_seen` = 'yes'
WHERE `user_id` = '44B9Y4';
UPDATE `ci_sessions` SET `timestamp` = 1737751553, `data` = '__ci_last_regenerate|i:1737751553;exception|s:31:\"Incorrect Username Or Password!\";__ci_vars|a:1:{s:9:\"exception\";s:3:\"old\";}captcha|s:4:\"glu5\";'
WHERE `id` = '6bf08d80c20846abfb014243a43d0222fc06ee1d';
INSERT INTO `login_history` (`user_id`, `device`, `ip_address`, `date`) VALUES ('44B9Y4', 'Mozilla/5.0 (X11; Linux x86_64) AppleWebKit/537.36 (KHTML, like Gecko) Chrome/131.0.0.0 Safari/537.36', '172.69.132.233', '25-01-24 14:47');
UPDATE `user_registration` SET `popup_seen` = 'yes'
WHERE `user_id` = '44B9Y4';
UPDATE `ci_sessions` SET `timestamp` = 1737752217, `data` = '__ci_last_regenerate|i:1737752217;id|s:4:\"2021\";user_id|s:6:\"44B9Y4\";username|s:7:\"Talimbi\";sponsor_id|s:5:\"admin\";fullname|s:14:\"Emilio Tapanes\";email|s:23:\"emiliotapanes@gmail.com\";phone|s:10:\"7862876762\";isLogIn|b:1;'
WHERE `id` = '25ce72d71f610b1579fd948907d3ba193336bb19';
UPDATE `user_registration` SET `popup_seen` = 'yes'
WHERE `user_id` = '44B9Y4';
UPDATE `ci_sessions` SET `timestamp` = 1737752614, `data` = '__ci_last_regenerate|i:1737752614;id|s:4:\"2031\";user_id|s:6:\"R37QLI\";username|s:5:\"dleon\";sponsor_id|s:6:\"H2HQC8\";fullname|s:11:\"Dayami Leon\";email|s:20:\"atravel4uu@gmail.com\";phone|s:10:\"7865069935\";isLogIn|b:1;'
WHERE `id` = '6f24b3065b2ea3e6ec3e930d82fdd4f96231503a';
UPDATE `user_registration` SET `popup_seen` = 'yes'
WHERE `user_id` = 'R37QLI';
UPDATE `ci_sessions` SET `timestamp` = 1737755035, `data` = '__ci_last_regenerate|i:1737755035;id|s:4:\"2031\";user_id|s:6:\"R37QLI\";username|s:5:\"dleon\";sponsor_id|s:6:\"H2HQC8\";fullname|s:11:\"Dayami Leon\";email|s:20:\"atravel4uu@gmail.com\";phone|s:10:\"7865069935\";isLogIn|b:1;'
WHERE `id` = 'e8af3a12fe4d8afb190352a17e1814e24ae20119';
UPDATE `user_registration` SET `popup_seen` = 'yes'
WHERE `user_id` = 'R37QLI';
UPDATE `ci_sessions` SET `timestamp` = 1737755559, `data` = '__ci_last_regenerate|i:1737755559;id|s:4:\"2031\";user_id|s:6:\"R37QLI\";username|s:5:\"dleon\";sponsor_id|s:6:\"H2HQC8\";fullname|s:11:\"Dayami Leon\";email|s:20:\"atravel4uu@gmail.com\";phone|s:10:\"7865069935\";isLogIn|b:1;'
WHERE `id` = '4e98c3fc9f63c74867ff8083adc2b878ae7ccf16';
INSERT INTO `login_history` (`user_id`, `device`, `ip_address`, `date`) VALUES ('UQO7EQ', 'Mozilla/5.0 (Windows NT 10.0; Win64; x64) AppleWebKit/537.36 (KHTML, like Gecko) Chrome/132.0.0.0 Safari/537.36', '172.70.82.179', '25-01-24 16:08');
UPDATE `user_registration` SET `popup_seen` = 'yes'
WHERE `user_id` = 'UQO7EQ';
UPDATE `user_registration` SET `popup_seen` = 'yes'
WHERE `user_id` = 'UQO7EQ';
UPDATE `user_registration` SET `popup_seen` = 'no'
WHERE `user_id` = 'UQO7EQ';
DELETE FROM `ci_sessions`
WHERE `id` = '55c0f5b63703e2f7f84e9b3c410ba5abf04e8884';
UPDATE `ci_sessions` SET `timestamp` = 1737756725, `data` = '__ci_last_regenerate|i:1737756725;id|s:4:\"2031\";user_id|s:6:\"R37QLI\";username|s:5:\"dleon\";sponsor_id|s:6:\"H2HQC8\";fullname|s:11:\"Dayami Leon\";email|s:20:\"atravel4uu@gmail.com\";phone|s:10:\"7865069935\";isLogIn|b:1;'
WHERE `id` = 'c71f46b8dbd616fdf9de25e4e51eb76975083f3d';
UPDATE `user_registration` SET `popup_seen` = 'yes'
WHERE `user_id` = 'R37QLI';
INSERT INTO `login_history` (`user_id`, `device`, `ip_address`, `date`) VALUES ('CVVK4C', 'Mozilla/5.0 (iPhone; CPU iPhone OS 18_3 like Mac OS X) AppleWebKit/605.1.15 (KHTML, like Gecko) Version/18.3 Mobile/15E148 Safari/604.1', '172.70.255.162', '25-01-24 16:23');
UPDATE `user_registration` SET `popup_seen` = 'yes'
WHERE `user_id` = 'CVVK4C';
UPDATE `user_registration` SET `popup_seen` = 'yes'
WHERE `user_id` = 'CVVK4C';
UPDATE `ci_sessions` SET `timestamp` = 1737757844, `data` = '__ci_last_regenerate|i:1737757844;id|s:4:\"2031\";user_id|s:6:\"R37QLI\";username|s:5:\"dleon\";sponsor_id|s:6:\"H2HQC8\";fullname|s:11:\"Dayami Leon\";email|s:20:\"atravel4uu@gmail.com\";phone|s:10:\"7865069935\";isLogIn|b:1;'
WHERE `id` = '1cd788f8bbd61f3ba1b768022a755b47a563c8a9';
UPDATE `user_registration` SET `popup_seen` = 'yes'
WHERE `user_id` = 'R37QLI';
UPDATE `user_registration` SET `popup_seen` = 'yes'
WHERE `user_id` = 'R37QLI';
UPDATE `user_registration` SET `popup_seen` = 'yes'
WHERE `user_id` = 'R37QLI';
UPDATE `ci_sessions` SET `timestamp` = 1737758182, `data` = '__ci_last_regenerate|i:1737758182;id|s:4:\"2031\";user_id|s:6:\"R37QLI\";username|s:5:\"dleon\";sponsor_id|s:6:\"H2HQC8\";fullname|s:11:\"Dayami Leon\";email|s:20:\"atravel4uu@gmail.com\";phone|s:10:\"7865069935\";isLogIn|b:1;'
WHERE `id` = '9c5f6758ad5fae09c45d913c90510ff7058a8271';
UPDATE `user_registration` SET `popup_seen` = 'yes'
WHERE `user_id` = 'R37QLI';
UPDATE `ci_sessions` SET `timestamp` = 1737759862, `data` = '__ci_last_regenerate|i:1737759862;id|s:4:\"2031\";user_id|s:6:\"R37QLI\";username|s:5:\"dleon\";sponsor_id|s:6:\"H2HQC8\";fullname|s:11:\"Dayami Leon\";email|s:20:\"atravel4uu@gmail.com\";phone|s:10:\"7865069935\";isLogIn|b:1;'
WHERE `id` = 'b5d6501013622e1f651c63feaa12f9671c9e1f78';
UPDATE `user_registration` SET `popup_seen` = 'yes'
WHERE `user_id` = 'R37QLI';
UPDATE `ci_sessions` SET `timestamp` = 1737760205, `data` = '__ci_last_regenerate|i:1737760205;id|s:4:\"2031\";user_id|s:6:\"R37QLI\";username|s:5:\"dleon\";sponsor_id|s:6:\"H2HQC8\";fullname|s:11:\"Dayami Leon\";email|s:20:\"atravel4uu@gmail.com\";phone|s:10:\"7865069935\";isLogIn|b:1;'
WHERE `id` = '7b25f28ef731249ceba1fa473d2b21db174518d3';
UPDATE `user_registration` SET `popup_seen` = 'yes'
WHERE `user_id` = 'R37QLI';
UPDATE `user_registration` SET `popup_seen` = 'yes'
WHERE `user_id` = 'R37QLI';
UPDATE `user_registration` SET `popup_seen` = 'yes'
WHERE `user_id` = 'R37QLI';
UPDATE `user_registration` SET `popup_seen` = 'yes'
WHERE `user_id` = 'R37QLI';
UPDATE `ci_sessions` SET `timestamp` = 1737760685, `data` = '__ci_last_regenerate|i:1737760685;id|s:4:\"2031\";user_id|s:6:\"R37QLI\";username|s:5:\"dleon\";sponsor_id|s:6:\"H2HQC8\";fullname|s:11:\"Dayami Leon\";email|s:20:\"atravel4uu@gmail.com\";phone|s:10:\"7865069935\";isLogIn|b:1;'
WHERE `id` = '2b35554b0fe815b0fcc54ec4e04a6ee1413bacce';
UPDATE `user_registration` SET `popup_seen` = 'yes'
WHERE `user_id` = 'R37QLI';
INSERT INTO `login_history` (`user_id`, `device`, `ip_address`, `date`) VALUES ('K55EDD', 'Mozilla/5.0 (Macintosh; Intel Mac OS X 10_15_7) AppleWebKit/537.36 (KHTML, like Gecko) Chrome/131.0.0.0 Safari/537.36', '172.70.254.136', '25-01-24 17:34');
UPDATE `user_registration` SET `popup_seen` = 'yes'
WHERE `user_id` = 'K55EDD';
UPDATE `user_registration` SET `popup_seen` = 'yes'
WHERE `user_id` = 'K55EDD';
UPDATE `user_registration` SET `popup_seen` = 'yes'
WHERE `user_id` = 'K55EDD';
UPDATE `ci_sessions` SET `timestamp` = 1737762087, `data` = '__ci_last_regenerate|i:1737762087;id|s:4:\"2031\";user_id|s:6:\"R37QLI\";username|s:5:\"dleon\";sponsor_id|s:6:\"H2HQC8\";fullname|s:11:\"Dayami Leon\";email|s:20:\"atravel4uu@gmail.com\";phone|s:10:\"7865069935\";isLogIn|b:1;'
WHERE `id` = 'b441a07819879cf1f687b6419ab6964129ff8b1b';
UPDATE `user_registration` SET `popup_seen` = 'yes'
WHERE `user_id` = 'R37QLI';
UPDATE `user_registration` SET `popup_seen` = 'yes'
WHERE `user_id` = 'R37QLI';
UPDATE `user_registration` SET `popup_seen` = 'yes'
WHERE `user_id` = 'R37QLI';
UPDATE `ci_sessions` SET `timestamp` = 1737762657, `data` = '__ci_last_regenerate|i:1737762657;id|s:4:\"2031\";user_id|s:6:\"R37QLI\";username|s:5:\"dleon\";sponsor_id|s:6:\"H2HQC8\";fullname|s:11:\"Dayami Leon\";email|s:20:\"atravel4uu@gmail.com\";phone|s:10:\"7865069935\";isLogIn|b:1;'
WHERE `id` = 'bf0857eb07c42316e22af50b91efb566ff6ed498';
UPDATE `user_registration` SET `popup_seen` = 'yes'
WHERE `user_id` = 'R37QLI';
UPDATE `user_registration` SET `popup_seen` = 'yes'
WHERE `user_id` = 'R37QLI';
INSERT INTO `login_history` (`user_id`, `device`, `ip_address`, `date`) VALUES ('UQO7EQ', 'Mozilla/5.0 (Linux; Android 10; K) AppleWebKit/537.36 (KHTML, like Gecko) Chrome/131.0.0.0 Mobile Safari/537.36', '172.70.255.181', '25-01-24 18:29');
UPDATE `user_registration` SET `popup_seen` = 'yes'
WHERE `user_id` = 'UQO7EQ';
UPDATE `user_registration` SET `popup_seen` = 'yes'
WHERE `user_id` = 'UQO7EQ';
UPDATE `user_registration` SET `popup_seen` = 'no'
WHERE `user_id` = 'UQO7EQ';
DELETE FROM `ci_sessions`
WHERE `id` = 'f9061aa9170184d0c549c4cd7917cd33aa457bd5';
INSERT INTO `login_history` (`user_id`, `device`, `ip_address`, `date`) VALUES ('H2HQC8', 'Mozilla/5.0 (Windows NT 10.0; Win64; x64) AppleWebKit/537.36 (KHTML, like Gecko) Chrome/131.0.0.0 Safari/537.36', '172.70.254.136', '25-01-24 18:46');
UPDATE `user_registration` SET `popup_seen` = 'yes'
WHERE `user_id` = 'H2HQC8';
UPDATE `user_registration` SET `popup_seen` = 'yes'
WHERE `user_id` = 'H2HQC8';
UPDATE `ci_sessions` SET `timestamp` = 1737766368, `data` = '__ci_last_regenerate|i:1737766368;id|s:4:\"2026\";user_id|s:6:\"H2HQC8\";username|s:4:\"Roma\";sponsor_id|s:6:\"45E8V2\";fullname|s:16:\"Yordanis Fuentes\";email|s:25:\"emiliotapanes+4@gmail.com\";phone|s:10:\"7862876762\";isLogIn|b:1;'
WHERE `id` = '40d680d9fa50f43d210dbe6c04996a55db6f29c7';
INSERT INTO `login_history` (`user_id`, `device`, `ip_address`, `date`) VALUES ('PUJNHI', 'Mozilla/5.0 (Windows NT 10.0; Win64; x64) AppleWebKit/537.36 (KHTML, like Gecko) Chrome/131.0.0.0 Safari/537.36', '172.70.255.162', '25-01-24 18:53');
UPDATE `user_registration` SET `popup_seen` = 'yes'
WHERE `user_id` = 'PUJNHI';
UPDATE `user_registration` SET `default_leg` = 'right'
WHERE `user_id` = 'PUJNHI';
UPDATE `user_registration` SET `popup_seen` = 'yes'
WHERE `user_id` = 'PUJNHI';
UPDATE `user_registration` SET `popup_seen` = 'yes'
WHERE `user_id` = 'H2HQC8';
UPDATE `user_registration` SET `popup_seen` = 'yes'
WHERE `user_id` = 'H2HQC8';
UPDATE `ci_sessions` SET `timestamp` = 1737766721, `data` = '__ci_last_regenerate|i:1737766721;id|s:4:\"2026\";user_id|s:6:\"H2HQC8\";username|s:4:\"Roma\";sponsor_id|s:6:\"45E8V2\";fullname|s:16:\"Yordanis Fuentes\";email|s:25:\"emiliotapanes+4@gmail.com\";phone|s:10:\"7862876762\";isLogIn|b:1;'
WHERE `id` = 'afaff99bc7090cb1056b0fc7f163ac25f21964da';
UPDATE `user_registration` SET `popup_seen` = 'no'
WHERE `user_id` = 'H2HQC8';
DELETE FROM `ci_sessions`
WHERE `id` = 'b25508dbb7aa0d1ce5acb57b9b344b12b84e5038';
INSERT INTO `login_history` (`user_id`, `device`, `ip_address`, `date`) VALUES ('PBFKSY', 'Mozilla/5.0 (Windows NT 10.0; Win64; x64) AppleWebKit/537.36 (KHTML, like Gecko) Chrome/131.0.0.0 Safari/537.36', '172.70.254.3', '25-01-24 18:59');
UPDATE `user_registration` SET `popup_seen` = 'yes'
WHERE `user_id` = 'PBFKSY';
UPDATE `user_registration` SET `popup_seen` = 'yes'
WHERE `user_id` = 'PBFKSY';
UPDATE `ci_sessions` SET `timestamp` = 1737766972, `data` = '__ci_last_regenerate|i:1737766972;id|s:4:\"2031\";user_id|s:6:\"R37QLI\";username|s:5:\"dleon\";sponsor_id|s:6:\"H2HQC8\";fullname|s:11:\"Dayami Leon\";email|s:20:\"atravel4uu@gmail.com\";phone|s:10:\"7865069935\";isLogIn|b:1;'
WHERE `id` = 'bbdba270a1cbf76023a932eb9cc22b5b57ecbb07';
UPDATE `user_registration` SET `popup_seen` = 'yes'
WHERE `user_id` = 'R37QLI';
UPDATE `ci_sessions` SET `timestamp` = 1737767045, `data` = '__ci_last_regenerate|i:1737767045;id|s:4:\"2029\";user_id|s:6:\"PBFKSY\";username|s:7:\"Palermo\";sponsor_id|s:6:\"SJBNYJ\";fullname|s:13:\"Rosmery Gomez\";email|s:25:\"emiliotapanes+5@gmail.com\";phone|s:10:\"7862876762\";isLogIn|b:1;'
WHERE `id` = 'f98287de6de7182ec78e45ae15a806f0219ff8a1';
UPDATE `user_registration` SET `popup_seen` = 'yes'
WHERE `user_id` = 'PBFKSY';
UPDATE `ci_sessions` SET `timestamp` = 1737767337, `data` = '__ci_last_regenerate|i:1737767337;id|s:4:\"2031\";user_id|s:6:\"R37QLI\";username|s:5:\"dleon\";sponsor_id|s:6:\"H2HQC8\";fullname|s:11:\"Dayami Leon\";email|s:20:\"atravel4uu@gmail.com\";phone|s:10:\"7865069935\";isLogIn|b:1;'
WHERE `id` = '2b1f38dffdda80b869c85f725fd1554364564762';
UPDATE `user_registration` SET `popup_seen` = 'yes'
WHERE `user_id` = 'R37QLI';
INSERT INTO `login_history` (`user_id`, `device`, `ip_address`, `date`) VALUES ('UQO7EQ', 'Mozilla/5.0 (Windows NT 10.0; Win64; x64) AppleWebKit/537.36 (KHTML, like Gecko) Chrome/132.0.0.0 Safari/537.36', '172.70.255.182', '25-01-24 19:22');
UPDATE `user_registration` SET `popup_seen` = 'yes'
WHERE `user_id` = 'UQO7EQ';
UPDATE `ci_sessions` SET `timestamp` = 1737768837, `data` = '__ci_last_regenerate|i:1737768837;id|s:4:\"2042\";user_id|s:6:\"UQO7EQ\";username|s:6:\"Rafa51\";sponsor_id|s:6:\"N6GZAE\";fullname|s:16:\"Rafael Rodriguez\";email|s:18:\"rafagana@yahoo.com\";phone|s:10:\"3057610606\";isLogIn|b:1;'
WHERE `id` = '12cb93da918801bdbdf1324565b1772eefee4461';
UPDATE `user_registration` SET `popup_seen` = 'yes'
WHERE `user_id` = 'UQO7EQ';
UPDATE `ci_sessions` SET `timestamp` = 1737770929, `data` = '__ci_last_regenerate|i:1737770929;id|s:4:\"2029\";user_id|s:6:\"PBFKSY\";username|s:7:\"Palermo\";sponsor_id|s:6:\"SJBNYJ\";fullname|s:13:\"Rosmery Gomez\";email|s:25:\"emiliotapanes+5@gmail.com\";phone|s:10:\"7862876762\";isLogIn|b:1;'
WHERE `id` = '856e6df2ebc9a15150d8eae4d98ae6cf91b9e0cf';
UPDATE `ci_sessions` SET `timestamp` = 1737770934, `data` = '__ci_last_regenerate|i:1737770934;id|s:4:\"2042\";user_id|s:6:\"UQO7EQ\";username|s:6:\"Rafa51\";sponsor_id|s:6:\"N6GZAE\";fullname|s:16:\"Rafael Rodriguez\";email|s:18:\"rafagana@yahoo.com\";phone|s:10:\"3057610606\";isLogIn|b:1;'
WHERE `id` = '3369ce5114eb269dc452b3fc67a392a3f45f89a2';
UPDATE `user_registration` SET `language` = 'spanish'
WHERE `user_id` = 'PBFKSY';
UPDATE `user_registration` SET `language` = 'english'
WHERE `user_id` = 'PBFKSY';
UPDATE `admin` SET `last_login` = '2025-01-24 20:13:42', `ip_address` = '172.64.236.58'
WHERE `id` = '1';
UPDATE `ci_sessions` SET `timestamp` = 1737771237, `data` = '__ci_last_regenerate|i:1737771237;id|s:4:\"2042\";user_id|s:6:\"UQO7EQ\";username|s:6:\"Rafa51\";sponsor_id|s:6:\"N6GZAE\";fullname|s:16:\"Rafael Rodriguez\";email|s:18:\"rafagana@yahoo.com\";phone|s:10:\"3057610606\";isLogIn|b:1;'
WHERE `id` = '3db52326d290aa413ec3afcbe2ff3eb64f2bc704';
UPDATE `benefits_package` SET `package_id` = '2', `package_title` = 'Best Deals and Discount', `description` = '<p>Unlock the best life has to offer with exclusive savings on: Theme Parks, Attractions and Shows; Hotels, Flights and Rental Cars; Concerts, Sports and Live Events; Movie Tickets; Electronics and much more.</p><p>Elevate your upcoming journey with an expanded suite of travel benefits, including flights, hotels, rental cars and vacation packages.</p><p>Use TRAVELEGENDCY as Joining Code.</p>', `category` = 'platform', `link` = 'https://www.workingadvantage.com/', `phone` = 'N/A', `address` = 'N/A', `cost` = '0', `pack_image` = 'upload/benefits_pack_image/f34030936efcb496b6c6e9d96a98ced9.png'
WHERE `package_id` = '2';
UPDATE `user_registration` SET `popup_seen` = 'yes'
WHERE `user_id` = 'UQO7EQ';
UPDATE `ci_sessions` SET `timestamp` = 1737771410, `data` = '__ci_last_regenerate|i:1737771410;id|s:4:\"2029\";user_id|s:6:\"PBFKSY\";username|s:7:\"Palermo\";sponsor_id|s:6:\"SJBNYJ\";fullname|s:13:\"Rosmery Gomez\";email|s:25:\"emiliotapanes+5@gmail.com\";phone|s:10:\"7862876762\";isLogIn|b:1;'
WHERE `id` = '78f5bfdffe241f5e33c5474c7ee6539c30f9641b';
INSERT INTO `add_cart` (`user_id`, `product_id`, `product_name`, `product_amount`, `product_point`, `product_image`, `product_details`, `quantity`, `total_amount`, `country`, `state`, `total_point`, `date`) VALUES ('PBFKSY', '4', 'Nature closer than ever 5D/4N', '150', '75', 'upload/product_image/26befb7ea681b50416c8a9a9ac83fc6a.png', '<p><span style=\"color:rgb(0,0,0);\">Orlando is famed for its iconic theme parks, exciting attractions, and year-round sunshine. With thrilling adventures, diverse dining, and endless shopping, it’s a perfect getaway for families and fun-seekers alike.</span></p><p><span style=\"color:rgb(0,0,0);\"><strong>5 days / 4 nights</strong></span></p><p><span style=\"color:rgb(0,0,0);\"><strong>Cost: $150</strong></span></p>', 1, 150, '223', '4250', 75, '2025-01-24 20:17:30');
UPDATE `benefits_package` SET `package_id` = '2', `package_title` = 'Best Deals and Discount', `description` = '<p>Unlock the best life has to offer with exclusive savings on: Theme Parks, Attractions and Shows; Hotels, Flights and Rental Cars; Concerts, Sports and Live Events; Movie Tickets; Electronics and much more.</p><p>Elevate your upcoming journey with an expanded suite of travel benefits, including flights, hotels, rental cars and vacation packages.</p><p>Use TRAVELEGENDCY as Joining Code.</p>', `category` = 'platform', `link` = 'https://www.workingadvantage.com/', `phone` = 'N/A', `address` = 'N/A', `cost` = '0', `pack_image` = 'upload/benefits_pack_image/f34030936efcb496b6c6e9d96a98ced9.png'
WHERE `package_id` = '2';
UPDATE `add_cart` SET `quantity` = '1', `total_amount` = 150, `total_point` = 75
WHERE `id` = '27';
DELETE FROM `add_cart`
WHERE `id` = '27';
UPDATE `ci_sessions` SET `timestamp` = 1737771591, `data` = '__ci_last_regenerate|i:1737771591;id|s:4:\"2042\";user_id|s:6:\"UQO7EQ\";username|s:6:\"Rafa51\";sponsor_id|s:6:\"N6GZAE\";fullname|s:16:\"Rafael Rodriguez\";email|s:18:\"rafagana@yahoo.com\";phone|s:10:\"3057610606\";isLogIn|b:1;'
WHERE `id` = 'cbbe0d2b74b1a5d8bd6ef27fd14a4aaa07be2f32';
UPDATE `ci_sessions` SET `timestamp` = 1737771712, `data` = '__ci_last_regenerate|i:1737771712;id|s:4:\"2029\";user_id|s:6:\"PBFKSY\";username|s:7:\"Palermo\";sponsor_id|s:6:\"SJBNYJ\";fullname|s:13:\"Rosmery Gomez\";email|s:25:\"emiliotapanes+5@gmail.com\";phone|s:10:\"7862876762\";isLogIn|b:1;'
WHERE `id` = 'bed37d3cee17ff3a350b5191b1bd0d285969fbef';
INSERT INTO `login_history` (`user_id`, `device`, `ip_address`, `date`) VALUES ('H2HQC8', 'Mozilla/5.0 (X11; Linux x86_64) AppleWebKit/537.36 (KHTML, like Gecko) Chrome/131.0.0.0 Safari/537.36', '172.69.132.240', '25-01-24 20:22');
UPDATE `user_registration` SET `popup_seen` = 'yes'
WHERE `user_id` = 'H2HQC8';
UPDATE `user_registration` SET `default_leg` = 'left'
WHERE `user_id` = 'PBFKSY';
UPDATE `user_registration` SET `default_leg` = 'right'
WHERE `user_id` = 'PBFKSY';
UPDATE `user_registration` SET `default_leg` = 'auto'
WHERE `user_id` = 'PBFKSY';
UPDATE `ci_sessions` SET `timestamp` = 1737771976, `data` = '__ci_last_regenerate|i:1737771976;id|s:4:\"2031\";user_id|s:6:\"R37QLI\";username|s:5:\"dleon\";sponsor_id|s:6:\"H2HQC8\";fullname|s:11:\"Dayami Leon\";email|s:20:\"atravel4uu@gmail.com\";phone|s:10:\"7865069935\";isLogIn|b:1;'
WHERE `id` = '0c249e9d433bacd45bb8b40766a4402293a09d22';
UPDATE `user_registration` SET `popup_seen` = 'yes'
WHERE `user_id` = 'R37QLI';
UPDATE `ci_sessions` SET `timestamp` = 1737772036, `data` = '__ci_last_regenerate|i:1737772036;id|s:4:\"2029\";user_id|s:6:\"PBFKSY\";username|s:7:\"Palermo\";sponsor_id|s:6:\"SJBNYJ\";fullname|s:13:\"Rosmery Gomez\";email|s:25:\"emiliotapanes+5@gmail.com\";phone|s:10:\"7862876762\";isLogIn|b:1;message|s:38:\"Your default Leg Updated Successfully!\";__ci_vars|a:1:{s:7:\"message\";s:3:\"old\";}'
WHERE `id` = '1ee3ed280ecaf46838f5362a7eda3ec16a4e0f4d';
UPDATE `user_registration` SET `default_leg` = 'right'
WHERE `user_id` = 'PBFKSY';
UPDATE `user_registration` SET `language` = 'spanish'
WHERE `user_id` = 'PBFKSY';
UPDATE `ci_sessions` SET `timestamp` = 1737772346, `data` = '__ci_last_regenerate|i:1737772346;id|s:4:\"2063\";user_id|s:6:\"PUJNHI\";username|s:9:\"Nosotros2\";sponsor_id|s:6:\"H2HQC8\";fullname|s:14:\"Thayli Chamizo\";email|s:20:\"rt.amdream@gmail.com\";phone|s:10:\"7862227330\";isLogIn|b:1;'
WHERE `id` = 'b2644fd39902ce087854ae3ecf221aef178228a9';
UPDATE `user_registration` SET `popup_seen` = 'yes'
WHERE `user_id` = 'PUJNHI';
UPDATE `ci_sessions` SET `timestamp` = 1737772363, `data` = '__ci_last_regenerate|i:1737772363;id|s:4:\"2042\";user_id|s:6:\"UQO7EQ\";username|s:6:\"Rafa51\";sponsor_id|s:6:\"N6GZAE\";fullname|s:16:\"Rafael Rodriguez\";email|s:18:\"rafagana@yahoo.com\";phone|s:10:\"3057610606\";isLogIn|b:1;'
WHERE `id` = '3ad9449830758265f848f03b1c3ccc3b183dcc3c';
UPDATE `user_registration` SET `popup_seen` = 'no'
WHERE `user_id` = 'UQO7EQ';
DELETE FROM `ci_sessions`
WHERE `id` = '7a9932f061958c67ebdf7de09427599a50d1b684';
UPDATE `ci_sessions` SET `timestamp` = 1737772541, `data` = '__ci_last_regenerate|i:1737772541;id|s:4:\"2029\";user_id|s:6:\"PBFKSY\";username|s:7:\"Palermo\";sponsor_id|s:6:\"SJBNYJ\";fullname|s:13:\"Rosmery Gomez\";email|s:25:\"emiliotapanes+5@gmail.com\";phone|s:10:\"7862876762\";isLogIn|b:1;'
WHERE `id` = '5701cf9bffe94ed5569f5b509b2dbde37b6079b8';
UPDATE `user_registration` SET `language` = 'english'
WHERE `user_id` = 'PBFKSY';
UPDATE `ci_sessions` SET `timestamp` = 1737773054, `data` = '__ci_last_regenerate|i:1737773054;id|s:4:\"2029\";user_id|s:6:\"PBFKSY\";username|s:7:\"Palermo\";sponsor_id|s:6:\"SJBNYJ\";fullname|s:13:\"Rosmery Gomez\";email|s:25:\"emiliotapanes+5@gmail.com\";phone|s:10:\"7862876762\";isLogIn|b:1;'
WHERE `id` = '1410a267d631f957819a9d215330bf7378d6b919';
UPDATE `user_registration` SET `popup_seen` = 'yes'
WHERE `user_id` = 'PBFKSY';
UPDATE `user_registration` SET `popup_seen` = 'yes'
WHERE `user_id` = 'PBFKSY';
UPDATE `ci_sessions` SET `timestamp` = 1737774321, `data` = '__ci_last_regenerate|i:1737774321;id|s:4:\"2063\";user_id|s:6:\"PUJNHI\";username|s:9:\"Nosotros2\";sponsor_id|s:6:\"H2HQC8\";fullname|s:14:\"Thayli Chamizo\";email|s:20:\"rt.amdream@gmail.com\";phone|s:10:\"7862227330\";isLogIn|b:1;'
WHERE `id` = '207979b87ae7c81171cfc7add71945ec12ef21c4';
UPDATE `user_registration` SET `popup_seen` = 'no'
WHERE `user_id` = 'PUJNHI';
DELETE FROM `ci_sessions`
WHERE `id` = '319536073a2df3509272785f7690917272db57df';
UPDATE `ci_sessions` SET `timestamp` = 1737775807, `data` = '__ci_last_regenerate|i:1737775807;id|s:4:\"2031\";user_id|s:6:\"R37QLI\";username|s:5:\"dleon\";sponsor_id|s:6:\"H2HQC8\";fullname|s:11:\"Dayami Leon\";email|s:20:\"atravel4uu@gmail.com\";phone|s:10:\"7865069935\";isLogIn|b:1;'
WHERE `id` = '1e9f4dfc9435109cb9dc1b8777d01139e2372386';
UPDATE `user_registration` SET `popup_seen` = 'yes'
WHERE `user_id` = 'R37QLI';
UPDATE `user_registration` SET `popup_seen` = 'yes'
WHERE `user_id` = 'R37QLI';
UPDATE `user_registration` SET `popup_seen` = 'yes'
WHERE `user_id` = 'R37QLI';
UPDATE `user_registration` SET `popup_seen` = 'yes'
WHERE `user_id` = 'R37QLI';
UPDATE `user_registration` SET `popup_seen` = 'yes'
WHERE `user_id` = 'R37QLI';
UPDATE `ci_sessions` SET `timestamp` = 1737776203, `data` = '__ci_last_regenerate|i:1737776203;id|s:4:\"2031\";user_id|s:6:\"R37QLI\";username|s:5:\"dleon\";sponsor_id|s:6:\"H2HQC8\";fullname|s:11:\"Dayami Leon\";email|s:20:\"atravel4uu@gmail.com\";phone|s:10:\"7865069935\";isLogIn|b:1;'
WHERE `id` = 'ca652960a67a4becda34b53c63cf9edc75258fed';
UPDATE `user_registration` SET `popup_seen` = 'yes'
WHERE `user_id` = 'R37QLI';
INSERT INTO `login_history` (`user_id`, `device`, `ip_address`, `date`) VALUES ('CVVK4C', 'Mozilla/5.0 (iPhone; CPU iPhone OS 18_3 like Mac OS X) AppleWebKit/605.1.15 (KHTML, like Gecko) Version/18.3 Mobile/15E148 Safari/604.1', '172.70.254.2', '25-01-24 21:40');
UPDATE `user_registration` SET `popup_seen` = 'yes'
WHERE `user_id` = 'CVVK4C';
UPDATE `user_registration` SET `default_leg` = 'right'
WHERE `user_id` = 'CVVK4C';
INSERT INTO `login_history` (`user_id`, `device`, `ip_address`, `date`) VALUES ('UQO7EQ', 'Mozilla/5.0 (Linux; Android 10; K) AppleWebKit/537.36 (KHTML, like Gecko) Chrome/131.0.0.0 Mobile Safari/537.36', '172.70.255.193', '25-01-24 21:51');
UPDATE `user_registration` SET `popup_seen` = 'yes'
WHERE `user_id` = 'UQO7EQ';
UPDATE `ci_sessions` SET `timestamp` = 1737777390, `data` = '__ci_last_regenerate|i:1737777390;captcha|s:4:\"4oq5\";'
WHERE `id` = '0e941045cef5fec56d6bd29a1e8da6380cec2354';
INSERT INTO `login_history` (`user_id`, `device`, `ip_address`, `date`) VALUES ('UQO7EQ', 'Mozilla/5.0 (Windows NT 10.0; Win64; x64) AppleWebKit/537.36 (KHTML, like Gecko) Chrome/132.0.0.0 Safari/537.36', '172.69.132.224', '25-01-24 21:56');
UPDATE `user_registration` SET `popup_seen` = 'yes'
WHERE `user_id` = 'UQO7EQ';
INSERT INTO `login_history` (`user_id`, `device`, `ip_address`, `date`) VALUES ('H2HQC8', 'Mozilla/5.0 (Linux; Android 10; K) AppleWebKit/537.36 (KHTML, like Gecko) Chrome/131.0.0.0 Mobile Safari/537.36', '108.162.210.156', '25-01-24 21:57');
UPDATE `user_registration` SET `popup_seen` = 'yes'
WHERE `user_id` = 'H2HQC8';
UPDATE `ci_sessions` SET `timestamp` = 1737777487, `data` = '__ci_last_regenerate|i:1737777487;'
WHERE `id` = 'dd8670fae2a2b5af046accdc2e07e00039d09f7f';
INSERT INTO `temp_register` (`post_data`, `date`, `payment_method`, `type`) VALUES ('{\"uid\":\"2061\",\"user_id\":\"U7SMZ8\",\"username\":\"Clau66\",\"sponsor_id\":\"UQO7EQ\",\"vacant\":\"no\",\"f_name\":\"Claudia\",\"l_name\":\"Pisana\",\"position\":\"right\",\"email\":\"claujor06@hotmail.com\",\"password\":\"862865e8bc255954258ce663995a14f9\",\"phone\":\"7863843449\",\"country\":\"United States\",\"state\":\"Florida\",\"city\":\"Hialeah\",\"street\":\"7955 W 30 th Ln \",\"zip_code\":\"33018\",\"reg_ip\":\"172.70.255.193\",\"status\":1,\"package_id\":\"2\",\"rank_id\":1,\"highest_rank\":1,\"cycle_rank_id\":1,\"created\":\"2025-01-24 21:58:07\",\"subscription_date\":\"2025-02-23\",\"google_secret\":\"JMJRFYP3AJ6CVAXZ\"}', '2025-01-24 21:58:07', 'stripe', 'register');
UPDATE `temp_register` SET `response` = '{\"stripeToken\":\"tok_1Ql0Wu2NUoYUjiuuR15HEaeb\",\"stripeTokenType\":\"card\",\"stripeEmail\":\"claujor06@hotmail.com\"}', `date_modified` = '2025-01-24 21:59:37', `payment_status` = '{\"id\":\"ch_3Ql0Wz2NUoYUjiuu0lmEwoy8\",\"object\":\"charge\",\"amount\":59500,\"amount_captured\":59500,\"amount_refunded\":0,\"application\":null,\"application_fee\":null,\"application_fee_amount\":null,\"balance_transaction\":\"txn_3Ql0Wz2NUoYUjiuu0c9RIetj\",\"billing_details\":{\"address\":{\"city\":null,\"country\":null,\"line1\":null,\"line2\":null,\"postal_code\":null,\"state\":null},\"email\":null,\"name\":\"claujor06@hotmail.com\",\"phone\":null},\"calculated_statement_descriptor\":\"TRAVELEGENDCY LLC\",\"captured\":true,\"created\":1737777577,\"currency\":\"usd\",\"customer\":\"cus_ReJ9dwbJdTVii5\",\"description\":null,\"destination\":null,\"dispute\":null,\"disputed\":false,\"failure_balance_transaction\":null,\"failure_code\":null,\"failure_message\":null,\"fraud_details\":[],\"invoice\":null,\"livemode\":true,\"metadata\":{\"name\":\"Claudia Pisana\",\"username\":\"Clau66\"},\"on_behalf_of\":null,\"order\":null,\"outcome\":{\"advice_code\":null,\"network_advice_code\":null,\"network_decline_code\":null,\"network_status\":\"approved_by_network\",\"reason\":null,\"risk_level\":\"normal\",\"seller_message\":\"Payment complete.\",\"type\":\"authorized\"},\"paid\":true,\"payment_intent\":null,\"payment_method\":\"card_1Ql0Wu2NUoYUjiuuOrFPnvIY\",\"payment_method_details\":{\"card\":{\"amount_authorized\":59500,\"authorization_code\":\"085922\",\"brand\":\"visa\",\"checks\":{\"address_line1_check\":null,\"address_postal_code_check\":null,\"cvc_check\":\"pass\"},\"country\":\"US\",\"exp_month\":9,\"exp_year\":2029,\"extended_authorization\":{\"status\":\"disabled\"},\"fingerprint\":\"nEBW1UIhTnWJLhPw\",\"funding\":\"debit\",\"incremental_authorization\":{\"status\":\"unavailable\"},\"installments\":null,\"last4\":\"8283\",\"mandate\":null,\"multicapture\":{\"status\":\"unavailable\"},\"network\":\"visa\",\"network_token\":{\"used\":true},\"network_transaction_id\":\"385025143772922\",\"overcapture\":{\"maximum_amount_capturable\":59500,\"status\":\"unavailable\"},\"regulated_status\":\"regulated\",\"three_d_secure\":null,\"wallet\":null},\"type\":\"card\"},\"receipt_email\":null,\"receipt_number\":null,\"receipt_url\":\"https:\\/\\/pay.stripe.com\\/receipts\\/payment\\/CAcQARoXChVhY2N0XzFRUEFGdjJOVW9ZVWppdXUoqsPRvAYyBrYkRFeLvjosFv2x6ICdPNnq5EorLEygt6Otyxf7yTFqhKwb1rT09x4sofzqpHmtLaWmcxk\",\"refunded\":false,\"review\":null,\"shipping\":null,\"source\":{\"id\":\"card_1Ql0Wu2NUoYUjiuuOrFPnvIY\",\"object\":\"card\",\"address_city\":null,\"address_country\":null,\"address_line1\":null,\"address_line1_check\":null,\"address_line2\":null,\"address_state\":null,\"address_zip\":null,\"address_zip_check\":null,\"allow_redisplay\":\"unspecified\",\"brand\":\"Visa\",\"country\":\"US\",\"customer\":\"cus_ReJ9dwbJdTVii5\",\"cvc_check\":\"pass\",\"dynamic_last4\":null,\"exp_month\":9,\"exp_year\":2029,\"fingerprint\":\"nEBW1UIhTnWJLhPw\",\"funding\":\"debit\",\"last4\":\"8283\",\"metadata\":[],\"name\":\"claujor06@hotmail.com\",\"regulated_status\":\"regulated\",\"tokenization_method\":null,\"wallet\":null},\"source_transfer\":null,\"statement_descriptor\":null,\"statement_descriptor_suffix\":null,\"status\":\"succeeded\",\"transfer_data\":null,\"transfer_group\":null}'
WHERE `id` = 36;
UPDATE `user_registration` SET `uid` = '2061', `user_id` = 'U7SMZ8', `username` = 'Clau66', `sponsor_id` = 'UQO7EQ', `vacant` = 'no', `f_name` = 'Claudia', `l_name` = 'Pisana', `position` = 'right', `email` = 'claujor06@hotmail.com', `password` = '862865e8bc255954258ce663995a14f9', `phone` = '7863843449', `country` = 'United States', `state` = 'Florida', `city` = 'Hialeah', `street` = '7955 W 30 th Ln ', `zip_code` = '33018', `reg_ip` = '172.70.255.193', `status` = 1, `package_id` = '2', `rank_id` = 1, `highest_rank` = 1, `cycle_rank_id` = 1, `created` = '2025-01-24 21:58:07', `subscription_date` = '2025-02-23', `google_secret` = 'JMJRFYP3AJ6CVAXZ'
WHERE `uid` = '2061';
INSERT INTO `user_registration` (`uid`, `user_id`, `username`, `sponsor_id`, `placement_id`, `vacant`, `f_name`, `l_name`, `address`, `position`, `email`, `password`, `phone`, `reg_ip`, `status`, `created`) VALUES (NULL, 'EPJQKS', 'eVkrihso', 'U7SMZ8', 'U7SMZ8', 'yes', '', '', '', 'left', '@mail.com', '', '', '', 0, '2025-01-24 21:59:37');
INSERT INTO `user_registration` (`uid`, `user_id`, `username`, `sponsor_id`, `placement_id`, `vacant`, `f_name`, `l_name`, `address`, `position`, `email`, `password`, `phone`, `reg_ip`, `status`, `created`) VALUES (NULL, 'KUMXKW', 'RLnDhgpD', 'U7SMZ8', 'U7SMZ8', 'yes', '', '', '', 'right', '@mail.com', '', '', '', 0, '2025-01-24 21:59:37');
INSERT INTO `bv_updation` (`user_id`) VALUES ('U7SMZ8');
UPDATE `user_registration` SET total_ref_count = total_ref_count+1
WHERE `user_id` = 'UQO7EQ';
UPDATE `user_registration` SET total_downlines = total_downlines+1
WHERE `user_id` = 'AABG7W';
UPDATE `user_registration` SET right_downlines = right_downlines+1
WHERE `user_id` = 'AABG7W';
UPDATE `user_registration` SET total_downlines = total_downlines+1
WHERE `user_id` = '3ZDIFO';
UPDATE `user_registration` SET right_downlines = right_downlines+1
WHERE `user_id` = '3ZDIFO';
