UPDATE `user_registration` SET total_downlines = total_downlines+1
WHERE `user_id` = 'TKWQIW';
UPDATE `user_registration` SET right_downlines = right_downlines+1
WHERE `user_id` = 'TKWQIW';
UPDATE `user_registration` SET total_downlines = total_downlines+1
WHERE `user_id` = 'ADZTOG';
UPDATE `user_registration` SET left_downlines = left_downlines+1
WHERE `user_id` = 'ADZTOG';
UPDATE `user_registration` SET total_downlines = total_downlines+1
WHERE `user_id` = 'A9858P';
UPDATE `user_registration` SET right_downlines = right_downlines+1
WHERE `user_id` = 'A9858P';
UPDATE `user_registration` SET total_downlines = total_downlines+1
WHERE `user_id` = 'admin';
UPDATE `user_registration` SET right_downlines = right_downlines+1
WHERE `user_id` = 'admin';
INSERT INTO `investment` (`invest_date`, `user_id`, `type`, `amount`, `package_id`) VALUES ('2024-10-10 10:55:27', '3WS7CX', 'register', '595', '2');
INSERT INTO `earnings` (`user_id`, `Purchaser_id`, `earning_type`, `package_id`, `amount`, `date`, `comments`, `invest_amount`, `comm_perc`, `level`, `rank_id`, `order_id`) VALUES ('18ZT2T', '3WS7CX', 'Direct Referral Bonus', '2', '100', '2024-10-10 10:55:27', 'Direct Referral Bonus', 0, 0, 1, '', 1037);
UPDATE `user_registration` SET commission_balance = ROUND(commission_balance + 100,2)
WHERE `user_id` = '18ZT2T';
UPDATE `user_registration` SET referral_bonus = ROUND(referral_bonus + 100,2)
WHERE `user_id` = '18ZT2T';
INSERT INTO `earnings` (`user_id`, `Purchaser_id`, `earning_type`, `package_id`, `amount`, `date`, `comments`, `invest_amount`, `comm_perc`, `level`, `rank_id`, `order_id`) VALUES ('ADZTOG', '3WS7CX', 'Expansion Bonus', '2', 200, '2024-10-10 10:55:27', 'Expansion Bonus', '100', 0, 1, '', 1037);
UPDATE `user_registration` SET commission_balance = ROUND(commission_balance + 200,2)
WHERE `user_id` = 'ADZTOG';
UPDATE `user_registration` SET expansion_bonus = ROUND(expansion_bonus + 200,2)
WHERE `user_id` = 'ADZTOG';
INSERT INTO `earnings` (`user_id`, `Purchaser_id`, `earning_type`, `package_id`, `amount`, `date`, `comments`, `invest_amount`, `comm_perc`, `level`, `rank_id`, `order_id`) VALUES ('A9858P', '3WS7CX', 'Expansion Bonus', '2', 80, '2024-10-10 10:55:27', 'Expansion Bonus', 300, 0, 1, '', 1037);
UPDATE `user_registration` SET commission_balance = ROUND(commission_balance + 80,2)
WHERE `user_id` = 'A9858P';
UPDATE `user_registration` SET expansion_bonus = ROUND(expansion_bonus + 80,2)
WHERE `user_id` = 'A9858P';
UPDATE `user_registration` SET total_points = ROUND(total_points + 50,2)
WHERE `user_id` = '3WS7CX';
INSERT INTO `points_history` (`user_id`, `points`, `type`, `date`) VALUES ('3WS7CX', '50', 'register', '2024-10-10 10:55:');
INSERT INTO `matrix_filling` (`placement_id`, `downline_id`, `level`, `matrix`) VALUES ('GSOX14', '3WS7CX', 1, 1);
UPDATE `bv_updation` SET right_carry = right_carry+50, total_right = total_right+50
WHERE `user_id` = 'GSOX14';
INSERT INTO `placement_bv_update_history` (`right_carry`, `date`, `from_id`, `user_id`) VALUES ('50', '2024-10-10 10:55:27', '3WS7CX', 'GSOX14');
INSERT INTO `matrix_filling` (`placement_id`, `downline_id`, `level`, `matrix`) VALUES ('18ZT2T', '3WS7CX', 2, 1);
UPDATE `bv_updation` SET right_carry = right_carry+50, total_right = total_right+50
WHERE `user_id` = '18ZT2T';
INSERT INTO `placement_bv_update_history` (`right_carry`, `date`, `from_id`, `user_id`) VALUES ('50', '2024-10-10 10:55:27', '3WS7CX', '18ZT2T');
UPDATE `bv_updation` SET sponsor_right_carry = sponsor_right_carry+50, sponsor_total_right = sponsor_total_right+50
WHERE `user_id` = '18ZT2T';
INSERT INTO `sponsor_bv_update_history` (`right_carry`, `date`, `user_id`) VALUES ('50', '2024-10-10 10:55:27', '18ZT2T');
INSERT INTO `matrix_filling` (`placement_id`, `downline_id`, `level`, `matrix`) VALUES ('MVK5S3', '3WS7CX', 3, 1);
UPDATE `bv_updation` SET left_carry = left_carry+50, total_left = total_left+50
WHERE `user_id` = 'MVK5S3';
INSERT INTO `placement_bv_update_history` (`left_carry`, `date`, `from_id`, `user_id`) VALUES ('50', '2024-10-10 10:55:27', '3WS7CX', 'MVK5S3');
INSERT INTO `matrix_filling` (`placement_id`, `downline_id`, `level`, `matrix`) VALUES ('TKWQIW', '3WS7CX', 4, 1);
UPDATE `bv_updation` SET right_carry = right_carry+50, total_right = total_right+50
WHERE `user_id` = 'TKWQIW';
INSERT INTO `placement_bv_update_history` (`right_carry`, `date`, `from_id`, `user_id`) VALUES ('50', '2024-10-10 10:55:27', '3WS7CX', 'TKWQIW');
INSERT INTO `matrix_filling` (`placement_id`, `downline_id`, `level`, `matrix`) VALUES ('ADZTOG', '3WS7CX', 5, 1);
UPDATE `bv_updation` SET left_carry = left_carry+50, total_left = total_left+50
WHERE `user_id` = 'ADZTOG';
INSERT INTO `placement_bv_update_history` (`left_carry`, `date`, `from_id`, `user_id`) VALUES ('50', '2024-10-10 10:55:27', '3WS7CX', 'ADZTOG');
INSERT INTO `matrix_filling` (`placement_id`, `downline_id`, `level`, `matrix`) VALUES ('A9858P', '3WS7CX', 6, 1);
UPDATE `bv_updation` SET right_carry = right_carry+50, total_right = total_right+50
WHERE `user_id` = 'A9858P';
INSERT INTO `placement_bv_update_history` (`right_carry`, `date`, `from_id`, `user_id`) VALUES ('50', '2024-10-10 10:55:27', '3WS7CX', 'A9858P');
INSERT INTO `matrix_filling` (`placement_id`, `downline_id`, `level`, `matrix`) VALUES ('admin', '3WS7CX', 7, 1);
UPDATE `bv_updation` SET right_carry = right_carry+50, total_right = total_right+50
WHERE `user_id` = 'admin';
INSERT INTO `placement_bv_update_history` (`right_carry`, `date`, `from_id`, `user_id`) VALUES ('50', '2024-10-10 10:55:27', '3WS7CX', 'admin');
INSERT INTO `package_purchase_history` (`user_id`, `package_id`, `reg_fee`, `package_name`, `monthly_fee`, `type`, `date`, `payment_option`) VALUES ('3WS7CX', '2', '595', 'Traveler Pro', '150', 'sign_up', '2024-10-10 10:55:27', 'free');
UPDATE `user_registration` SET `popup_seen` = 'yes'
WHERE `user_id` = '18ZT2T';
UPDATE `user_registration` SET `popup_seen` = 'yes'
WHERE `user_id` = '18ZT2T';
INSERT INTO `card_purchase_history` (`user_id`, `card_id`, `card_cost`, `card_value`, `payment_option`, `date`) VALUES ('2XFV6Q', '2', '150', '150', 'free', '2024-10-10 10:55:58');
UPDATE `user_registration` SET commission_balance = ROUND(commission_balance + 150,2)
WHERE `user_id` = '2XFV6Q';
UPDATE `user_registration` SET `popup_seen` = 'yes'
WHERE `user_id` = '2XFV6Q';
UPDATE `user_registration` SET `popup_seen` = 'yes'
WHERE `user_id` = '2XFV6Q';
UPDATE `user_registration` SET `uid` = '3088', `user_id` = 'HHXHVC', `username` = 'soledad2', `sponsor_id` = '18ZT2T', `vacant` = 'no', `f_name` = 'Soledad', `l_name` = 'Delgado', `address` = '6520 Kendale Lakes Dr', `position` = 'left', `email` = 'soledad2@gmail.com', `password` = 'b04dae8ad0422c7c57d28316c454ea30', `phone` = '3057610606', `country` = 'United States', `state` = 'Florida', `city` = 'Miami', `street` = '6520 Kendale Lakes Dr', `zip_code` = '33183', `reg_ip` = '108.162.212.54', `status` = 1, `package_id` = '2', `rank_id` = 1, `highest_rank` = 1, `cycle_rank_id` = 1, `created` = '2024-10-10 10:56:47', `subscription_date` = '2024-11-09', `google_secret` = '2R2E5M2TJLM3XEIW'
WHERE `uid` = '3088';
INSERT INTO `user_registration` (`uid`, `user_id`, `username`, `sponsor_id`, `placement_id`, `vacant`, `f_name`, `l_name`, `address`, `position`, `email`, `password`, `phone`, `reg_ip`, `status`, `created`) VALUES (NULL, 'NHOGUR', 'zoAjAdmf', 'HHXHVC', 'HHXHVC', 'yes', '', '', '', 'left', '@mail.com', '', '', '', 0, '2024-10-10 10:56:47');
INSERT INTO `user_registration` (`uid`, `user_id`, `username`, `sponsor_id`, `placement_id`, `vacant`, `f_name`, `l_name`, `address`, `position`, `email`, `password`, `phone`, `reg_ip`, `status`, `created`) VALUES (NULL, 'ZOZERZ', 'pcBHrVvY', 'HHXHVC', 'HHXHVC', 'yes', '', '', '', 'right', '@mail.com', '', '', '', 0, '2024-10-10 10:56:47');
INSERT INTO `bv_updation` (`user_id`) VALUES ('HHXHVC');
UPDATE `user_registration` SET total_ref_count = total_ref_count+1
WHERE `user_id` = '18ZT2T';
UPDATE `user_registration` SET total_downlines = total_downlines+1
WHERE `user_id` = 'WXZN9X';
UPDATE `user_registration` SET left_downlines = left_downlines+1
WHERE `user_id` = 'WXZN9X';
UPDATE `user_registration` SET total_downlines = total_downlines+1
WHERE `user_id` = '18ZT2T';
UPDATE `user_registration` SET left_downlines = left_downlines+1
WHERE `user_id` = '18ZT2T';
UPDATE `user_registration` SET left_ref_count = left_ref_count+1
WHERE `user_id` = '18ZT2T';
UPDATE `user_registration` SET active_left = active_left+1
WHERE `user_id` = '18ZT2T';
UPDATE `user_registration` SET total_downlines = total_downlines+1
WHERE `user_id` = 'MVK5S3';
UPDATE `user_registration` SET left_downlines = left_downlines+1
WHERE `user_id` = 'MVK5S3';
UPDATE `user_registration` SET total_downlines = total_downlines+1
WHERE `user_id` = 'TKWQIW';
UPDATE `user_registration` SET right_downlines = right_downlines+1
WHERE `user_id` = 'TKWQIW';
UPDATE `user_registration` SET total_downlines = total_downlines+1
WHERE `user_id` = 'ADZTOG';
UPDATE `user_registration` SET left_downlines = left_downlines+1
WHERE `user_id` = 'ADZTOG';
UPDATE `user_registration` SET total_downlines = total_downlines+1
WHERE `user_id` = 'A9858P';
UPDATE `user_registration` SET right_downlines = right_downlines+1
WHERE `user_id` = 'A9858P';
UPDATE `user_registration` SET total_downlines = total_downlines+1
WHERE `user_id` = 'admin';
UPDATE `user_registration` SET right_downlines = right_downlines+1
WHERE `user_id` = 'admin';
INSERT INTO `investment` (`invest_date`, `user_id`, `type`, `amount`, `package_id`) VALUES ('2024-10-10 10:56:47', 'HHXHVC', 'register', '595', '2');
INSERT INTO `earnings` (`user_id`, `Purchaser_id`, `earning_type`, `package_id`, `amount`, `date`, `comments`, `invest_amount`, `comm_perc`, `level`, `rank_id`, `order_id`) VALUES ('18ZT2T', 'HHXHVC', 'Direct Referral Bonus', '2', '100', '2024-10-10 10:56:47', 'Direct Referral Bonus', 0, 0, 1, '', 1038);
UPDATE `user_registration` SET commission_balance = ROUND(commission_balance + 100,2)
WHERE `user_id` = '18ZT2T';
UPDATE `user_registration` SET referral_bonus = ROUND(referral_bonus + 100,2)
WHERE `user_id` = '18ZT2T';
INSERT INTO `earnings` (`user_id`, `Purchaser_id`, `earning_type`, `package_id`, `amount`, `date`, `comments`, `invest_amount`, `comm_perc`, `level`, `rank_id`, `order_id`) VALUES ('ADZTOG', 'HHXHVC', 'Expansion Bonus', '2', 200, '2024-10-10 10:56:47', 'Expansion Bonus', '100', 0, 1, '', 1038);
UPDATE `user_registration` SET commission_balance = ROUND(commission_balance + 200,2)
WHERE `user_id` = 'ADZTOG';
UPDATE `user_registration` SET expansion_bonus = ROUND(expansion_bonus + 200,2)
WHERE `user_id` = 'ADZTOG';
INSERT INTO `earnings` (`user_id`, `Purchaser_id`, `earning_type`, `package_id`, `amount`, `date`, `comments`, `invest_amount`, `comm_perc`, `level`, `rank_id`, `order_id`) VALUES ('A9858P', 'HHXHVC', 'Expansion Bonus', '2', 80, '2024-10-10 10:56:47', 'Expansion Bonus', 300, 0, 1, '', 1038);
UPDATE `user_registration` SET commission_balance = ROUND(commission_balance + 80,2)
WHERE `user_id` = 'A9858P';
UPDATE `user_registration` SET expansion_bonus = ROUND(expansion_bonus + 80,2)
WHERE `user_id` = 'A9858P';
UPDATE `user_registration` SET total_points = ROUND(total_points + 50,2)
WHERE `user_id` = 'HHXHVC';
INSERT INTO `points_history` (`user_id`, `points`, `type`, `date`) VALUES ('HHXHVC', '50', 'register', '2024-10-10 10:56:');
INSERT INTO `matrix_filling` (`placement_id`, `downline_id`, `level`, `matrix`) VALUES ('WXZN9X', 'HHXHVC', 1, 1);
UPDATE `bv_updation` SET left_carry = left_carry+50, total_left = total_left+50
WHERE `user_id` = 'WXZN9X';
INSERT INTO `placement_bv_update_history` (`left_carry`, `date`, `from_id`, `user_id`) VALUES ('50', '2024-10-10 10:56:47', 'HHXHVC', 'WXZN9X');
INSERT INTO `matrix_filling` (`placement_id`, `downline_id`, `level`, `matrix`) VALUES ('18ZT2T', 'HHXHVC', 2, 1);
UPDATE `bv_updation` SET left_carry = left_carry+50, total_left = total_left+50
WHERE `user_id` = '18ZT2T';
INSERT INTO `placement_bv_update_history` (`left_carry`, `date`, `from_id`, `user_id`) VALUES ('50', '2024-10-10 10:56:47', 'HHXHVC', '18ZT2T');
UPDATE `bv_updation` SET sponsor_left_carry = sponsor_left_carry+50, sponsor_total_left = sponsor_total_left+50
WHERE `user_id` = '18ZT2T';
INSERT INTO `sponsor_bv_update_history` (`left_carry`, `date`, `user_id`) VALUES ('50', '2024-10-10 10:56:47', '18ZT2T');
INSERT INTO `matrix_filling` (`placement_id`, `downline_id`, `level`, `matrix`) VALUES ('MVK5S3', 'HHXHVC', 3, 1);
UPDATE `bv_updation` SET left_carry = left_carry+50, total_left = total_left+50
WHERE `user_id` = 'MVK5S3';
INSERT INTO `placement_bv_update_history` (`left_carry`, `date`, `from_id`, `user_id`) VALUES ('50', '2024-10-10 10:56:47', 'HHXHVC', 'MVK5S3');
INSERT INTO `matrix_filling` (`placement_id`, `downline_id`, `level`, `matrix`) VALUES ('TKWQIW', 'HHXHVC', 4, 1);
UPDATE `bv_updation` SET right_carry = right_carry+50, total_right = total_right+50
WHERE `user_id` = 'TKWQIW';
INSERT INTO `placement_bv_update_history` (`right_carry`, `date`, `from_id`, `user_id`) VALUES ('50', '2024-10-10 10:56:47', 'HHXHVC', 'TKWQIW');
INSERT INTO `matrix_filling` (`placement_id`, `downline_id`, `level`, `matrix`) VALUES ('ADZTOG', 'HHXHVC', 5, 1);
UPDATE `bv_updation` SET left_carry = left_carry+50, total_left = total_left+50
WHERE `user_id` = 'ADZTOG';
INSERT INTO `placement_bv_update_history` (`left_carry`, `date`, `from_id`, `user_id`) VALUES ('50', '2024-10-10 10:56:47', 'HHXHVC', 'ADZTOG');
INSERT INTO `matrix_filling` (`placement_id`, `downline_id`, `level`, `matrix`) VALUES ('A9858P', 'HHXHVC', 6, 1);
UPDATE `bv_updation` SET right_carry = right_carry+50, total_right = total_right+50
WHERE `user_id` = 'A9858P';
INSERT INTO `placement_bv_update_history` (`right_carry`, `date`, `from_id`, `user_id`) VALUES ('50', '2024-10-10 10:56:47', 'HHXHVC', 'A9858P');
INSERT INTO `matrix_filling` (`placement_id`, `downline_id`, `level`, `matrix`) VALUES ('admin', 'HHXHVC', 7, 1);
UPDATE `bv_updation` SET right_carry = right_carry+50, total_right = total_right+50
WHERE `user_id` = 'admin';
INSERT INTO `placement_bv_update_history` (`right_carry`, `date`, `from_id`, `user_id`) VALUES ('50', '2024-10-10 10:56:47', 'HHXHVC', 'admin');
INSERT INTO `package_purchase_history` (`user_id`, `package_id`, `reg_fee`, `package_name`, `monthly_fee`, `type`, `date`, `payment_option`) VALUES ('HHXHVC', '2', '595', 'Traveler Pro', '150', 'sign_up', '2024-10-10 10:56:47', 'free');
UPDATE `user_registration` SET `uid` = '2280', `user_id` = 'CFM5B4', `username` = 'annys2', `sponsor_id` = '2XFV6Q', `vacant` = 'no', `f_name` = 'Annys', `l_name` = 'Farinas', `address` = '8100 SW 14 Terr', `position` = 'left', `email` = 'annys2@gmail.com', `password` = '7f4914f213ff9a13bd5706cde091f546', `phone` = '7862876762', `country` = 'United States', `state` = 'Florida', `city` = 'Miami', `street` = '8100 SW 14 Terr', `zip_code` = '33144', `reg_ip` = '172.70.254.226', `status` = 1, `package_id` = '2', `rank_id` = 1, `highest_rank` = 1, `cycle_rank_id` = 1, `created` = '2024-10-10 10:57:54', `subscription_date` = '2024-11-09', `google_secret` = 'HB2DHGDNY7JIRIQV'
WHERE `uid` = '2280';
INSERT INTO `user_registration` (`uid`, `user_id`, `username`, `sponsor_id`, `placement_id`, `vacant`, `f_name`, `l_name`, `address`, `position`, `email`, `password`, `phone`, `reg_ip`, `status`, `created`) VALUES (NULL, 'BGTNEO', 'wMnQfLvc', 'CFM5B4', 'CFM5B4', 'yes', '', '', '', 'left', '@mail.com', '', '', '', 0, '2024-10-10 10:57:54');
INSERT INTO `user_registration` (`uid`, `user_id`, `username`, `sponsor_id`, `placement_id`, `vacant`, `f_name`, `l_name`, `address`, `position`, `email`, `password`, `phone`, `reg_ip`, `status`, `created`) VALUES (NULL, 'NQOCUN', 'BsBcGTeg', 'CFM5B4', 'CFM5B4', 'yes', '', '', '', 'right', '@mail.com', '', '', '', 0, '2024-10-10 10:57:54');
INSERT INTO `bv_updation` (`user_id`) VALUES ('CFM5B4');
UPDATE `user_registration` SET total_ref_count = total_ref_count+1
WHERE `user_id` = '2XFV6Q';
UPDATE `user_registration` SET total_downlines = total_downlines+1
WHERE `user_id` = '2XFV6Q';
UPDATE `user_registration` SET left_downlines = left_downlines+1
WHERE `user_id` = '2XFV6Q';
UPDATE `user_registration` SET left_ref_count = left_ref_count+1
WHERE `user_id` = '2XFV6Q';
UPDATE `user_registration` SET active_left = active_left+1
WHERE `user_id` = '2XFV6Q';
UPDATE `user_registration` SET total_downlines = total_downlines+1
WHERE `user_id` = 'QNTB7K';
UPDATE `user_registration` SET right_downlines = right_downlines+1
WHERE `user_id` = 'QNTB7K';
UPDATE `user_registration` SET total_downlines = total_downlines+1
WHERE `user_id` = 'DM1Y9N';
UPDATE `user_registration` SET left_downlines = left_downlines+1
WHERE `user_id` = 'DM1Y9N';
UPDATE `user_registration` SET total_downlines = total_downlines+1
WHERE `user_id` = 'A9858P';
UPDATE `user_registration` SET left_downlines = left_downlines+1
WHERE `user_id` = 'A9858P';
UPDATE `user_registration` SET total_downlines = total_downlines+1
WHERE `user_id` = 'admin';
UPDATE `user_registration` SET right_downlines = right_downlines+1
WHERE `user_id` = 'admin';
INSERT INTO `investment` (`invest_date`, `user_id`, `type`, `amount`, `package_id`) VALUES ('2024-10-10 10:57:55', 'CFM5B4', 'register', '595', '2');
INSERT INTO `missed_earnings` (`user_id`, `Purchaser_id`, `earning_type`, `package_id`, `amount`, `date`, `comments`, `invest_amount`, `comm_perc`, `level`, `order_id`, `rank_id`) VALUES ('2XFV6Q', 'CFM5B4', 'Direct Referral Bonus', '2', '100', '2024-10-10 10:57:55', 'Direct Referral Bonus', 0, 0, 1, 1039, '');
INSERT INTO `earnings` (`user_id`, `Purchaser_id`, `earning_type`, `package_id`, `amount`, `date`, `comments`, `invest_amount`, `comm_perc`, `level`, `rank_id`, `order_id`) VALUES ('QNTB7K', 'CFM5B4', 'Expansion Bonus', '2', 100, '2024-10-10 10:57:55', 'Expansion Bonus', '100', 0, 1, '', 1039);
UPDATE `user_registration` SET commission_balance = ROUND(commission_balance + 100,2)
WHERE `user_id` = 'QNTB7K';
UPDATE `user_registration` SET expansion_bonus = ROUND(expansion_bonus + 100,2)
WHERE `user_id` = 'QNTB7K';
INSERT INTO `earnings` (`user_id`, `Purchaser_id`, `earning_type`, `package_id`, `amount`, `date`, `comments`, `invest_amount`, `comm_perc`, `level`, `rank_id`, `order_id`) VALUES ('A9858P', 'CFM5B4', 'Expansion Bonus', '2', 180, '2024-10-10 10:57:55', 'Expansion Bonus', 200, 0, 1, '', 1039);
UPDATE `user_registration` SET commission_balance = ROUND(commission_balance + 180,2)
WHERE `user_id` = 'A9858P';
UPDATE `user_registration` SET expansion_bonus = ROUND(expansion_bonus + 180,2)
WHERE `user_id` = 'A9858P';
UPDATE `user_registration` SET total_points = ROUND(total_points + 50,2)
WHERE `user_id` = 'CFM5B4';
INSERT INTO `points_history` (`user_id`, `points`, `type`, `date`) VALUES ('CFM5B4', '50', 'register', '2024-10-10 10:57:');
INSERT INTO `matrix_filling` (`placement_id`, `downline_id`, `level`, `matrix`) VALUES ('2XFV6Q', 'CFM5B4', 1, 1);
UPDATE `bv_updation` SET left_carry = left_carry+50, total_left = total_left+50
WHERE `user_id` = '2XFV6Q';
INSERT INTO `placement_bv_update_history` (`left_carry`, `date`, `from_id`, `user_id`) VALUES ('50', '2024-10-10 10:57:55', 'CFM5B4', '2XFV6Q');
UPDATE `bv_updation` SET sponsor_left_carry = sponsor_left_carry+50, sponsor_total_left = sponsor_total_left+50
WHERE `user_id` = '2XFV6Q';
INSERT INTO `sponsor_bv_update_history` (`left_carry`, `date`, `user_id`) VALUES ('50', '2024-10-10 10:57:55', '2XFV6Q');
INSERT INTO `matrix_filling` (`placement_id`, `downline_id`, `level`, `matrix`) VALUES ('QNTB7K', 'CFM5B4', 2, 1);
UPDATE `bv_updation` SET right_carry = right_carry+50, total_right = total_right+50
WHERE `user_id` = 'QNTB7K';
INSERT INTO `placement_bv_update_history` (`right_carry`, `date`, `from_id`, `user_id`) VALUES ('50', '2024-10-10 10:57:55', 'CFM5B4', 'QNTB7K');
INSERT INTO `matrix_filling` (`placement_id`, `downline_id`, `level`, `matrix`) VALUES ('DM1Y9N', 'CFM5B4', 3, 1);
UPDATE `bv_updation` SET left_carry = left_carry+50, total_left = total_left+50
WHERE `user_id` = 'DM1Y9N';
INSERT INTO `placement_bv_update_history` (`left_carry`, `date`, `from_id`, `user_id`) VALUES ('50', '2024-10-10 10:57:55', 'CFM5B4', 'DM1Y9N');
INSERT INTO `matrix_filling` (`placement_id`, `downline_id`, `level`, `matrix`) VALUES ('A9858P', 'CFM5B4', 4, 1);
UPDATE `bv_updation` SET left_carry = left_carry+50, total_left = total_left+50
WHERE `user_id` = 'A9858P';
INSERT INTO `placement_bv_update_history` (`left_carry`, `date`, `from_id`, `user_id`) VALUES ('50', '2024-10-10 10:57:55', 'CFM5B4', 'A9858P');
INSERT INTO `matrix_filling` (`placement_id`, `downline_id`, `level`, `matrix`) VALUES ('admin', 'CFM5B4', 5, 1);
UPDATE `bv_updation` SET right_carry = right_carry+50, total_right = total_right+50
WHERE `user_id` = 'admin';
INSERT INTO `placement_bv_update_history` (`right_carry`, `date`, `from_id`, `user_id`) VALUES ('50', '2024-10-10 10:57:55', 'CFM5B4', 'admin');
INSERT INTO `package_purchase_history` (`user_id`, `package_id`, `reg_fee`, `package_name`, `monthly_fee`, `type`, `date`, `payment_option`) VALUES ('CFM5B4', '2', '595', 'Traveler Pro', '150', 'sign_up', '2024-10-10 10:57:55', 'free');
UPDATE `user_registration` SET `popup_seen` = 'yes'
WHERE `user_id` = '2XFV6Q';
UPDATE `user_registration` SET `uid` = '3091', `user_id` = 'XTRTY1', `username` = 'beatriz2', `sponsor_id` = '18ZT2T', `vacant` = 'no', `f_name` = 'Beatriz', `l_name` = 'Marquez', `address` = '6520 Kendale Lakes Dr', `position` = 'right', `email` = 'beatriz2@gmail.com', `password` = 'cfd5a769bdd228d7b452693cd103cece', `phone` = '3057610606', `country` = 'United States', `state` = 'Florida', `city` = 'Miami', `street` = '6520 Kendale Lakes Dr', `zip_code` = '33183', `reg_ip` = '108.162.212.54', `status` = 1, `package_id` = '2', `rank_id` = 1, `highest_rank` = 1, `cycle_rank_id` = 1, `created` = '2024-10-10 10:58:20', `subscription_date` = '2024-11-09', `google_secret` = 'ZCCSQC5ATLZMTUUF'
WHERE `uid` = '3091';
INSERT INTO `user_registration` (`uid`, `user_id`, `username`, `sponsor_id`, `placement_id`, `vacant`, `f_name`, `l_name`, `address`, `position`, `email`, `password`, `phone`, `reg_ip`, `status`, `created`) VALUES (NULL, 'MFPYHW', 'KMbSTmlZ', 'XTRTY1', 'XTRTY1', 'yes', '', '', '', 'left', '@mail.com', '', '', '', 0, '2024-10-10 10:58:20');
INSERT INTO `user_registration` (`uid`, `user_id`, `username`, `sponsor_id`, `placement_id`, `vacant`, `f_name`, `l_name`, `address`, `position`, `email`, `password`, `phone`, `reg_ip`, `status`, `created`) VALUES (NULL, 'FBCPQP', 'hLTGNoyW', 'XTRTY1', 'XTRTY1', 'yes', '', '', '', 'right', '@mail.com', '', '', '', 0, '2024-10-10 10:58:20');
INSERT INTO `bv_updation` (`user_id`) VALUES ('XTRTY1');
UPDATE `user_registration` SET total_ref_count = total_ref_count+1
WHERE `user_id` = '18ZT2T';
UPDATE `user_registration` SET total_downlines = total_downlines+1
WHERE `user_id` = '3WS7CX';
UPDATE `user_registration` SET right_downlines = right_downlines+1
WHERE `user_id` = '3WS7CX';
UPDATE `user_registration` SET total_downlines = total_downlines+1
WHERE `user_id` = 'GSOX14';
UPDATE `user_registration` SET right_downlines = right_downlines+1
WHERE `user_id` = 'GSOX14';
UPDATE `user_registration` SET total_downlines = total_downlines+1
WHERE `user_id` = '18ZT2T';
UPDATE `user_registration` SET right_downlines = right_downlines+1
WHERE `user_id` = '18ZT2T';
UPDATE `user_registration` SET right_ref_count = right_ref_count+1
WHERE `user_id` = '18ZT2T';
UPDATE `user_registration` SET active_right = active_right+1
WHERE `user_id` = '18ZT2T';
UPDATE `user_registration` SET total_downlines = total_downlines+1
WHERE `user_id` = 'MVK5S3';
UPDATE `user_registration` SET left_downlines = left_downlines+1
WHERE `user_id` = 'MVK5S3';
UPDATE `user_registration` SET total_downlines = total_downlines+1
WHERE `user_id` = 'TKWQIW';
UPDATE `user_registration` SET right_downlines = right_downlines+1
WHERE `user_id` = 'TKWQIW';
UPDATE `user_registration` SET total_downlines = total_downlines+1
WHERE `user_id` = 'ADZTOG';
UPDATE `user_registration` SET left_downlines = left_downlines+1
WHERE `user_id` = 'ADZTOG';
UPDATE `user_registration` SET total_downlines = total_downlines+1
WHERE `user_id` = 'A9858P';
UPDATE `user_registration` SET right_downlines = right_downlines+1
WHERE `user_id` = 'A9858P';
UPDATE `user_registration` SET total_downlines = total_downlines+1
WHERE `user_id` = 'admin';
UPDATE `user_registration` SET right_downlines = right_downlines+1
WHERE `user_id` = 'admin';
INSERT INTO `investment` (`invest_date`, `user_id`, `type`, `amount`, `package_id`) VALUES ('2024-10-10 10:58:21', 'XTRTY1', 'register', '595', '2');
INSERT INTO `earnings` (`user_id`, `Purchaser_id`, `earning_type`, `package_id`, `amount`, `date`, `comments`, `invest_amount`, `comm_perc`, `level`, `rank_id`, `order_id`) VALUES ('18ZT2T', 'XTRTY1', 'Direct Referral Bonus', '2', '100', '2024-10-10 10:58:21', 'Direct Referral Bonus', 0, 0, 1, '', 1040);
UPDATE `user_registration` SET commission_balance = ROUND(commission_balance + 100,2)
WHERE `user_id` = '18ZT2T';
UPDATE `user_registration` SET referral_bonus = ROUND(referral_bonus + 100,2)
WHERE `user_id` = '18ZT2T';
INSERT INTO `earnings` (`user_id`, `Purchaser_id`, `earning_type`, `package_id`, `amount`, `date`, `comments`, `invest_amount`, `comm_perc`, `level`, `rank_id`, `order_id`) VALUES ('ADZTOG', 'XTRTY1', 'Expansion Bonus', '2', 200, '2024-10-10 10:58:21', 'Expansion Bonus', '100', 0, 1, '', 1040);
UPDATE `user_registration` SET commission_balance = ROUND(commission_balance + 200,2)
WHERE `user_id` = 'ADZTOG';
UPDATE `user_registration` SET expansion_bonus = ROUND(expansion_bonus + 200,2)
WHERE `user_id` = 'ADZTOG';
INSERT INTO `earnings` (`user_id`, `Purchaser_id`, `earning_type`, `package_id`, `amount`, `date`, `comments`, `invest_amount`, `comm_perc`, `level`, `rank_id`, `order_id`) VALUES ('A9858P', 'XTRTY1', 'Expansion Bonus', '2', 80, '2024-10-10 10:58:21', 'Expansion Bonus', 300, 0, 1, '', 1040);
UPDATE `user_registration` SET commission_balance = ROUND(commission_balance + 80,2)
WHERE `user_id` = 'A9858P';
UPDATE `user_registration` SET expansion_bonus = ROUND(expansion_bonus + 80,2)
WHERE `user_id` = 'A9858P';
UPDATE `user_registration` SET total_points = ROUND(total_points + 50,2)
WHERE `user_id` = 'XTRTY1';
INSERT INTO `points_history` (`user_id`, `points`, `type`, `date`) VALUES ('XTRTY1', '50', 'register', '2024-10-10 10:58:');
INSERT INTO `matrix_filling` (`placement_id`, `downline_id`, `level`, `matrix`) VALUES ('3WS7CX', 'XTRTY1', 1, 1);
UPDATE `bv_updation` SET right_carry = right_carry+50, total_right = total_right+50
WHERE `user_id` = '3WS7CX';
INSERT INTO `placement_bv_update_history` (`right_carry`, `date`, `from_id`, `user_id`) VALUES ('50', '2024-10-10 10:58:21', 'XTRTY1', '3WS7CX');
INSERT INTO `matrix_filling` (`placement_id`, `downline_id`, `level`, `matrix`) VALUES ('GSOX14', 'XTRTY1', 2, 1);
UPDATE `bv_updation` SET right_carry = right_carry+50, total_right = total_right+50
WHERE `user_id` = 'GSOX14';
INSERT INTO `placement_bv_update_history` (`right_carry`, `date`, `from_id`, `user_id`) VALUES ('50', '2024-10-10 10:58:21', 'XTRTY1', 'GSOX14');
INSERT INTO `matrix_filling` (`placement_id`, `downline_id`, `level`, `matrix`) VALUES ('18ZT2T', 'XTRTY1', 3, 1);
UPDATE `bv_updation` SET right_carry = right_carry+50, total_right = total_right+50
WHERE `user_id` = '18ZT2T';
INSERT INTO `placement_bv_update_history` (`right_carry`, `date`, `from_id`, `user_id`) VALUES ('50', '2024-10-10 10:58:21', 'XTRTY1', '18ZT2T');
UPDATE `bv_updation` SET sponsor_right_carry = sponsor_right_carry+50, sponsor_total_right = sponsor_total_right+50
WHERE `user_id` = '18ZT2T';
INSERT INTO `sponsor_bv_update_history` (`right_carry`, `date`, `user_id`) VALUES ('50', '2024-10-10 10:58:21', '18ZT2T');
INSERT INTO `matrix_filling` (`placement_id`, `downline_id`, `level`, `matrix`) VALUES ('MVK5S3', 'XTRTY1', 4, 1);
UPDATE `bv_updation` SET left_carry = left_carry+50, total_left = total_left+50
WHERE `user_id` = 'MVK5S3';
INSERT INTO `placement_bv_update_history` (`left_carry`, `date`, `from_id`, `user_id`) VALUES ('50', '2024-10-10 10:58:21', 'XTRTY1', 'MVK5S3');
INSERT INTO `matrix_filling` (`placement_id`, `downline_id`, `level`, `matrix`) VALUES ('TKWQIW', 'XTRTY1', 5, 1);
UPDATE `bv_updation` SET right_carry = right_carry+50, total_right = total_right+50
WHERE `user_id` = 'TKWQIW';
INSERT INTO `placement_bv_update_history` (`right_carry`, `date`, `from_id`, `user_id`) VALUES ('50', '2024-10-10 10:58:21', 'XTRTY1', 'TKWQIW');
INSERT INTO `matrix_filling` (`placement_id`, `downline_id`, `level`, `matrix`) VALUES ('ADZTOG', 'XTRTY1', 6, 1);
UPDATE `bv_updation` SET left_carry = left_carry+50, total_left = total_left+50
WHERE `user_id` = 'ADZTOG';
INSERT INTO `placement_bv_update_history` (`left_carry`, `date`, `from_id`, `user_id`) VALUES ('50', '2024-10-10 10:58:21', 'XTRTY1', 'ADZTOG');
INSERT INTO `matrix_filling` (`placement_id`, `downline_id`, `level`, `matrix`) VALUES ('A9858P', 'XTRTY1', 7, 1);
UPDATE `bv_updation` SET right_carry = right_carry+50, total_right = total_right+50
WHERE `user_id` = 'A9858P';
INSERT INTO `placement_bv_update_history` (`right_carry`, `date`, `from_id`, `user_id`) VALUES ('50', '2024-10-10 10:58:21', 'XTRTY1', 'A9858P');
INSERT INTO `matrix_filling` (`placement_id`, `downline_id`, `level`, `matrix`) VALUES ('admin', 'XTRTY1', 8, 1);
UPDATE `bv_updation` SET right_carry = right_carry+50, total_right = total_right+50
WHERE `user_id` = 'admin';
INSERT INTO `placement_bv_update_history` (`right_carry`, `date`, `from_id`, `user_id`) VALUES ('50', '2024-10-10 10:58:21', 'XTRTY1', 'admin');
INSERT INTO `package_purchase_history` (`user_id`, `package_id`, `reg_fee`, `package_name`, `monthly_fee`, `type`, `date`, `payment_option`) VALUES ('XTRTY1', '2', '595', 'Traveler Pro', '150', 'sign_up', '2024-10-10 10:58:21', 'free');
UPDATE `user_registration` SET `popup_seen` = 'no'
WHERE `user_id` = '2XFV6Q';
DELETE FROM `ci_sessions`
WHERE `id` = 'fafd5cde4669dc021f1f125db7b8563009937a71';
INSERT INTO `login_history` (`user_id`, `device`, `ip_address`, `date`) VALUES ('DM1Y9N', 'Mozilla/5.0 (Windows NT 10.0; Win64; x64) AppleWebKit/537.36 (KHTML, like Gecko) Chrome/129.0.0.0 Safari/537.36', '172.70.255.85', '24-10-10 10:59');
UPDATE `user_registration` SET `popup_seen` = 'yes'
WHERE `user_id` = 'DM1Y9N';
UPDATE `user_registration` SET `uid` = '3092', `user_id` = 'UI46Z8', `username` = 'liana2', `sponsor_id` = '18ZT2T', `vacant` = 'no', `f_name` = 'Liana', `l_name` = 'Fernandez', `address` = '6520 Kendale Lakes Dr', `position` = 'left', `email` = 'liana2@gmail.com', `password` = 'cb411f4de8b4bb93c98a6af28bd23335', `phone` = '3057610606', `country` = 'United States', `state` = 'Florida', `city` = 'Miami', `street` = '6520 Kendale Lakes Dr', `zip_code` = '33183', `reg_ip` = '108.162.212.53', `status` = 1, `package_id` = '2', `rank_id` = 1, `highest_rank` = 1, `cycle_rank_id` = 1, `created` = '2024-10-10 10:59:44', `subscription_date` = '2024-11-09', `google_secret` = 'LQESONTG6GJAZKPR'
WHERE `uid` = '3092';
INSERT INTO `user_registration` (`uid`, `user_id`, `username`, `sponsor_id`, `placement_id`, `vacant`, `f_name`, `l_name`, `address`, `position`, `email`, `password`, `phone`, `reg_ip`, `status`, `created`) VALUES (NULL, 'ZDSNOG', 'raJowURN', 'UI46Z8', 'UI46Z8', 'yes', '', '', '', 'left', '@mail.com', '', '', '', 0, '2024-10-10 10:59:44');
INSERT INTO `user_registration` (`uid`, `user_id`, `username`, `sponsor_id`, `placement_id`, `vacant`, `f_name`, `l_name`, `address`, `position`, `email`, `password`, `phone`, `reg_ip`, `status`, `created`) VALUES (NULL, 'MGCRNQ', 'FAxWOkkw', 'UI46Z8', 'UI46Z8', 'yes', '', '', '', 'right', '@mail.com', '', '', '', 0, '2024-10-10 10:59:44');
INSERT INTO `bv_updation` (`user_id`) VALUES ('UI46Z8');
UPDATE `user_registration` SET total_ref_count = total_ref_count+1
WHERE `user_id` = '18ZT2T';
UPDATE `user_registration` SET total_downlines = total_downlines+1
WHERE `user_id` = 'HHXHVC';
UPDATE `user_registration` SET left_downlines = left_downlines+1
WHERE `user_id` = 'HHXHVC';
UPDATE `user_registration` SET total_downlines = total_downlines+1
WHERE `user_id` = 'WXZN9X';
UPDATE `user_registration` SET left_downlines = left_downlines+1
WHERE `user_id` = 'WXZN9X';
UPDATE `user_registration` SET total_downlines = total_downlines+1
WHERE `user_id` = '18ZT2T';
UPDATE `user_registration` SET left_downlines = left_downlines+1
WHERE `user_id` = '18ZT2T';
UPDATE `user_registration` SET left_ref_count = left_ref_count+1
WHERE `user_id` = '18ZT2T';
UPDATE `user_registration` SET active_left = active_left+1
WHERE `user_id` = '18ZT2T';
UPDATE `user_registration` SET total_downlines = total_downlines+1
WHERE `user_id` = 'MVK5S3';
UPDATE `user_registration` SET left_downlines = left_downlines+1
WHERE `user_id` = 'MVK5S3';
UPDATE `user_registration` SET total_downlines = total_downlines+1
WHERE `user_id` = 'TKWQIW';
UPDATE `user_registration` SET right_downlines = right_downlines+1
WHERE `user_id` = 'TKWQIW';
UPDATE `user_registration` SET total_downlines = total_downlines+1
WHERE `user_id` = 'ADZTOG';
UPDATE `user_registration` SET left_downlines = left_downlines+1
WHERE `user_id` = 'ADZTOG';
UPDATE `user_registration` SET total_downlines = total_downlines+1
WHERE `user_id` = 'A9858P';
UPDATE `user_registration` SET right_downlines = right_downlines+1
WHERE `user_id` = 'A9858P';
UPDATE `user_registration` SET total_downlines = total_downlines+1
WHERE `user_id` = 'admin';
UPDATE `user_registration` SET right_downlines = right_downlines+1
WHERE `user_id` = 'admin';
INSERT INTO `investment` (`invest_date`, `user_id`, `type`, `amount`, `package_id`) VALUES ('2024-10-10 10:59:44', 'UI46Z8', 'register', '595', '2');
INSERT INTO `earnings` (`user_id`, `Purchaser_id`, `earning_type`, `package_id`, `amount`, `date`, `comments`, `invest_amount`, `comm_perc`, `level`, `rank_id`, `order_id`) VALUES ('18ZT2T', 'UI46Z8', 'Direct Referral Bonus', '2', '100', '2024-10-10 10:59:44', 'Direct Referral Bonus', 0, 0, 1, '', 1041);
UPDATE `user_registration` SET commission_balance = ROUND(commission_balance + 100,2)
WHERE `user_id` = '18ZT2T';
UPDATE `user_registration` SET referral_bonus = ROUND(referral_bonus + 100,2)
WHERE `user_id` = '18ZT2T';
INSERT INTO `earnings` (`user_id`, `Purchaser_id`, `earning_type`, `package_id`, `amount`, `date`, `comments`, `invest_amount`, `comm_perc`, `level`, `rank_id`, `order_id`) VALUES ('ADZTOG', 'UI46Z8', 'Expansion Bonus', '2', 200, '2024-10-10 10:59:44', 'Expansion Bonus', '100', 0, 1, '', 1041);
UPDATE `user_registration` SET commission_balance = ROUND(commission_balance + 200,2)
WHERE `user_id` = 'ADZTOG';
UPDATE `user_registration` SET expansion_bonus = ROUND(expansion_bonus + 200,2)
WHERE `user_id` = 'ADZTOG';
INSERT INTO `earnings` (`user_id`, `Purchaser_id`, `earning_type`, `package_id`, `amount`, `date`, `comments`, `invest_amount`, `comm_perc`, `level`, `rank_id`, `order_id`) VALUES ('A9858P', 'UI46Z8', 'Expansion Bonus', '2', 80, '2024-10-10 10:59:44', 'Expansion Bonus', 300, 0, 1, '', 1041);
UPDATE `user_registration` SET commission_balance = ROUND(commission_balance + 80,2)
WHERE `user_id` = 'A9858P';
UPDATE `user_registration` SET expansion_bonus = ROUND(expansion_bonus + 80,2)
WHERE `user_id` = 'A9858P';
UPDATE `user_registration` SET total_points = ROUND(total_points + 50,2)
WHERE `user_id` = 'UI46Z8';
INSERT INTO `points_history` (`user_id`, `points`, `type`, `date`) VALUES ('UI46Z8', '50', 'register', '2024-10-10 10:59:');
INSERT INTO `matrix_filling` (`placement_id`, `downline_id`, `level`, `matrix`) VALUES ('HHXHVC', 'UI46Z8', 1, 1);
UPDATE `bv_updation` SET left_carry = left_carry+50, total_left = total_left+50
WHERE `user_id` = 'HHXHVC';
INSERT INTO `placement_bv_update_history` (`left_carry`, `date`, `from_id`, `user_id`) VALUES ('50', '2024-10-10 10:59:44', 'UI46Z8', 'HHXHVC');
INSERT INTO `matrix_filling` (`placement_id`, `downline_id`, `level`, `matrix`) VALUES ('WXZN9X', 'UI46Z8', 2, 1);
UPDATE `bv_updation` SET left_carry = left_carry+50, total_left = total_left+50
WHERE `user_id` = 'WXZN9X';
INSERT INTO `placement_bv_update_history` (`left_carry`, `date`, `from_id`, `user_id`) VALUES ('50', '2024-10-10 10:59:44', 'UI46Z8', 'WXZN9X');
INSERT INTO `matrix_filling` (`placement_id`, `downline_id`, `level`, `matrix`) VALUES ('18ZT2T', 'UI46Z8', 3, 1);
UPDATE `bv_updation` SET left_carry = left_carry+50, total_left = total_left+50
WHERE `user_id` = '18ZT2T';
INSERT INTO `placement_bv_update_history` (`left_carry`, `date`, `from_id`, `user_id`) VALUES ('50', '2024-10-10 10:59:44', 'UI46Z8', '18ZT2T');
UPDATE `bv_updation` SET sponsor_left_carry = sponsor_left_carry+50, sponsor_total_left = sponsor_total_left+50
WHERE `user_id` = '18ZT2T';
INSERT INTO `sponsor_bv_update_history` (`left_carry`, `date`, `user_id`) VALUES ('50', '2024-10-10 10:59:44', '18ZT2T');
INSERT INTO `matrix_filling` (`placement_id`, `downline_id`, `level`, `matrix`) VALUES ('MVK5S3', 'UI46Z8', 4, 1);
UPDATE `bv_updation` SET left_carry = left_carry+50, total_left = total_left+50
WHERE `user_id` = 'MVK5S3';
INSERT INTO `placement_bv_update_history` (`left_carry`, `date`, `from_id`, `user_id`) VALUES ('50', '2024-10-10 10:59:44', 'UI46Z8', 'MVK5S3');
INSERT INTO `matrix_filling` (`placement_id`, `downline_id`, `level`, `matrix`) VALUES ('TKWQIW', 'UI46Z8', 5, 1);
UPDATE `bv_updation` SET right_carry = right_carry+50, total_right = total_right+50
WHERE `user_id` = 'TKWQIW';
INSERT INTO `placement_bv_update_history` (`right_carry`, `date`, `from_id`, `user_id`) VALUES ('50', '2024-10-10 10:59:44', 'UI46Z8', 'TKWQIW');
INSERT INTO `matrix_filling` (`placement_id`, `downline_id`, `level`, `matrix`) VALUES ('ADZTOG', 'UI46Z8', 6, 1);
UPDATE `bv_updation` SET left_carry = left_carry+50, total_left = total_left+50
WHERE `user_id` = 'ADZTOG';
INSERT INTO `placement_bv_update_history` (`left_carry`, `date`, `from_id`, `user_id`) VALUES ('50', '2024-10-10 10:59:44', 'UI46Z8', 'ADZTOG');
INSERT INTO `matrix_filling` (`placement_id`, `downline_id`, `level`, `matrix`) VALUES ('A9858P', 'UI46Z8', 7, 1);
UPDATE `bv_updation` SET right_carry = right_carry+50, total_right = total_right+50
WHERE `user_id` = 'A9858P';
INSERT INTO `placement_bv_update_history` (`right_carry`, `date`, `from_id`, `user_id`) VALUES ('50', '2024-10-10 10:59:44', 'UI46Z8', 'A9858P');
INSERT INTO `matrix_filling` (`placement_id`, `downline_id`, `level`, `matrix`) VALUES ('admin', 'UI46Z8', 8, 1);
UPDATE `bv_updation` SET right_carry = right_carry+50, total_right = total_right+50
WHERE `user_id` = 'admin';
INSERT INTO `placement_bv_update_history` (`right_carry`, `date`, `from_id`, `user_id`) VALUES ('50', '2024-10-10 10:59:44', 'UI46Z8', 'admin');
INSERT INTO `package_purchase_history` (`user_id`, `package_id`, `reg_fee`, `package_name`, `monthly_fee`, `type`, `date`, `payment_option`) VALUES ('UI46Z8', '2', '595', 'Traveler Pro', '150', 'sign_up', '2024-10-10 10:59:44', 'free');
UPDATE `user_registration` SET `popup_seen` = 'yes'
WHERE `user_id` = '18ZT2T';
UPDATE `user_registration` SET `popup_seen` = 'no'
WHERE `user_id` = '18ZT2T';
DELETE FROM `ci_sessions`
WHERE `id` = '9323a720d9bed405ac6907de256f573d2d272dc0';
INSERT INTO `login_history` (`user_id`, `device`, `ip_address`, `date`) VALUES ('ADZTOG', 'Mozilla/5.0 (Windows NT 10.0; Win64; x64) AppleWebKit/537.36 (KHTML, like Gecko) Chrome/129.0.0.0 Safari/537.36', '108.162.212.53', '24-10-10 11:00');
UPDATE `user_registration` SET `popup_seen` = 'yes'
WHERE `user_id` = 'ADZTOG';
UPDATE `user_registration` SET `popup_seen` = 'no'
WHERE `user_id` = 'DM1Y9N';
DELETE FROM `ci_sessions`
WHERE `id` = 'ce8cb0450f75310d481a028d4bfad3321d0d7fc1';
INSERT INTO `login_history` (`user_id`, `device`, `ip_address`, `date`) VALUES ('A9858P', 'Mozilla/5.0 (Windows NT 10.0; Win64; x64) AppleWebKit/537.36 (KHTML, like Gecko) Chrome/129.0.0.0 Safari/537.36', '172.70.255.59', '24-10-10 11:01');
UPDATE `user_registration` SET `popup_seen` = 'yes'
WHERE `user_id` = 'A9858P';
UPDATE `user_registration` SET `popup_seen` = 'no'
WHERE `user_id` = 'ADZTOG';
DELETE FROM `ci_sessions`
WHERE `id` = '2ec9d0413d07f1b45421d50cf4ec517791d764f0';
UPDATE `ci_sessions` SET `timestamp` = 1728576464, `data` = '__ci_last_regenerate|i:1728576464;exception|s:31:\"Incorrect Username Or Password!\";__ci_vars|a:1:{s:9:\"exception\";s:3:\"old\";}captcha|s:4:\"x20h\";'
WHERE `id` = '7b6126ad442168ac8d3b7294e6dbb58b4ab7c519';
INSERT INTO `login_history` (`user_id`, `device`, `ip_address`, `date`) VALUES ('4YA81C', 'Mozilla/5.0 (Windows NT 10.0; Win64; x64) AppleWebKit/537.36 (KHTML, like Gecko) Chrome/129.0.0.0 Safari/537.36', '108.162.212.53', '24-10-10 11:07');
UPDATE `user_registration` SET `popup_seen` = 'yes'
WHERE `user_id` = '4YA81C';
UPDATE `ci_sessions` SET `timestamp` = 1728576469, `data` = '__ci_last_regenerate|i:1728576469;id|s:4:\"2021\";user_id|s:6:\"A9858P\";username|s:6:\"emilio\";sponsor_id|s:5:\"admin\";fullname|s:14:\"Emilio Tapanes\";email|s:23:\"emiliotapanes@gmail.com\";phone|s:10:\"7862876762\";isLogIn|b:1;'
WHERE `id` = 'b92db0805e4952748300e8227f4f1c3c7ec08198';
UPDATE `user_registration` SET `uid` = '2374', `user_id` = 'ILZ8NG', `username` = 'leticia2', `sponsor_id` = '4YA81C', `vacant` = 'no', `f_name` = 'Leticia', `l_name` = 'Callava', `address` = '6520 Kendale Lakes Dr', `position` = 'left', `email` = 'leticia2@gmail.com', `password` = '30bc49459870239661c1807c5a1a814f', `phone` = '3057610606', `country` = 'United States', `state` = 'Florida', `city` = 'Miami', `street` = '6520 Kendale Lakes Dr', `zip_code` = '33183', `reg_ip` = '108.162.212.53', `status` = 1, `package_id` = '2', `rank_id` = 1, `highest_rank` = 1, `cycle_rank_id` = 1, `created` = '2024-10-10 11:09:55', `subscription_date` = '2024-11-09', `google_secret` = 'ZHV4ZOORWPXPKG64'
WHERE `uid` = '2374';
INSERT INTO `user_registration` (`uid`, `user_id`, `username`, `sponsor_id`, `placement_id`, `vacant`, `f_name`, `l_name`, `address`, `position`, `email`, `password`, `phone`, `reg_ip`, `status`, `created`) VALUES (NULL, 'FEFURP', 'thnruzjc', 'ILZ8NG', 'ILZ8NG', 'yes', '', '', '', 'left', '@mail.com', '', '', '', 0, '2024-10-10 11:09:55');
INSERT INTO `user_registration` (`uid`, `user_id`, `username`, `sponsor_id`, `placement_id`, `vacant`, `f_name`, `l_name`, `address`, `position`, `email`, `password`, `phone`, `reg_ip`, `status`, `created`) VALUES (NULL, 'FHOQXB', 'WCqBzobM', 'ILZ8NG', 'ILZ8NG', 'yes', '', '', '', 'right', '@mail.com', '', '', '', 0, '2024-10-10 11:09:55');
INSERT INTO `bv_updation` (`user_id`) VALUES ('ILZ8NG');
UPDATE `user_registration` SET total_ref_count = total_ref_count+1
WHERE `user_id` = '4YA81C';
UPDATE `user_registration` SET total_downlines = total_downlines+1
WHERE `user_id` = '4YA81C';
UPDATE `user_registration` SET left_downlines = left_downlines+1
WHERE `user_id` = '4YA81C';
UPDATE `user_registration` SET left_ref_count = left_ref_count+1
WHERE `user_id` = '4YA81C';
UPDATE `user_registration` SET active_left = active_left+1
WHERE `user_id` = '4YA81C';
UPDATE `user_registration` SET total_downlines = total_downlines+1
WHERE `user_id` = 'G1CDHO';
UPDATE `user_registration` SET right_downlines = right_downlines+1
WHERE `user_id` = 'G1CDHO';
UPDATE `user_registration` SET total_downlines = total_downlines+1
WHERE `user_id` = '9NGWQG';
UPDATE `user_registration` SET right_downlines = right_downlines+1
WHERE `user_id` = '9NGWQG';
UPDATE `user_registration` SET total_downlines = total_downlines+1
WHERE `user_id` = 'R6J8K1';
UPDATE `user_registration` SET right_downlines = right_downlines+1
WHERE `user_id` = 'R6J8K1';
UPDATE `user_registration` SET total_downlines = total_downlines+1
WHERE `user_id` = 'G6ZQNS';
UPDATE `user_registration` SET right_downlines = right_downlines+1
WHERE `user_id` = 'G6ZQNS';
UPDATE `user_registration` SET total_downlines = total_downlines+1
WHERE `user_id` = 'M4FVZR';
UPDATE `user_registration` SET right_downlines = right_downlines+1
WHERE `user_id` = 'M4FVZR';
UPDATE `user_registration` SET total_downlines = total_downlines+1
WHERE `user_id` = '5ZLRWM';
UPDATE `user_registration` SET right_downlines = right_downlines+1
WHERE `user_id` = '5ZLRWM';
UPDATE `user_registration` SET total_downlines = total_downlines+1
WHERE `user_id` = 'JPDLRK';
UPDATE `user_registration` SET right_downlines = right_downlines+1
WHERE `user_id` = 'JPDLRK';
UPDATE `user_registration` SET total_downlines = total_downlines+1
WHERE `user_id` = 'FGURJ3';
UPDATE `user_registration` SET right_downlines = right_downlines+1
WHERE `user_id` = 'FGURJ3';
UPDATE `user_registration` SET total_downlines = total_downlines+1
WHERE `user_id` = 'L2ZCMP';
UPDATE `user_registration` SET right_downlines = right_downlines+1
WHERE `user_id` = 'L2ZCMP';
UPDATE `user_registration` SET total_downlines = total_downlines+1
WHERE `user_id` = 'XOJI6Y';
UPDATE `user_registration` SET right_downlines = right_downlines+1
WHERE `user_id` = 'XOJI6Y';
UPDATE `user_registration` SET total_downlines = total_downlines+1
WHERE `user_id` = 'Z6E2C9';
UPDATE `user_registration` SET right_downlines = right_downlines+1
WHERE `user_id` = 'Z6E2C9';
UPDATE `user_registration` SET total_downlines = total_downlines+1
WHERE `user_id` = 'VT4PXI';
UPDATE `user_registration` SET right_downlines = right_downlines+1
WHERE `user_id` = 'VT4PXI';
UPDATE `user_registration` SET total_downlines = total_downlines+1
WHERE `user_id` = 'QKHYPY';
UPDATE `user_registration` SET right_downlines = right_downlines+1
WHERE `user_id` = 'QKHYPY';
UPDATE `user_registration` SET total_downlines = total_downlines+1
WHERE `user_id` = 'LN7PEK';
UPDATE `user_registration` SET right_downlines = right_downlines+1
WHERE `user_id` = 'LN7PEK';
UPDATE `user_registration` SET total_downlines = total_downlines+1
WHERE `user_id` = 'LYDDQ5';
UPDATE `user_registration` SET right_downlines = right_downlines+1
WHERE `user_id` = 'LYDDQ5';
UPDATE `user_registration` SET total_downlines = total_downlines+1
WHERE `user_id` = '6UO8TB';
UPDATE `user_registration` SET right_downlines = right_downlines+1
WHERE `user_id` = '6UO8TB';
UPDATE `user_registration` SET total_downlines = total_downlines+1
WHERE `user_id` = 'GPRO3Q';
UPDATE `user_registration` SET right_downlines = right_downlines+1
WHERE `user_id` = 'GPRO3Q';
UPDATE `user_registration` SET total_downlines = total_downlines+1
WHERE `user_id` = 'MBPRQB';
UPDATE `user_registration` SET right_downlines = right_downlines+1
WHERE `user_id` = 'MBPRQB';
UPDATE `user_registration` SET total_downlines = total_downlines+1
WHERE `user_id` = 'X1RH6U';
UPDATE `user_registration` SET right_downlines = right_downlines+1
WHERE `user_id` = 'X1RH6U';
UPDATE `user_registration` SET total_downlines = total_downlines+1
WHERE `user_id` = 'HHALCM';
UPDATE `user_registration` SET right_downlines = right_downlines+1
WHERE `user_id` = 'HHALCM';
UPDATE `user_registration` SET total_downlines = total_downlines+1
WHERE `user_id` = '7WQBA7';
UPDATE `user_registration` SET right_downlines = right_downlines+1
WHERE `user_id` = '7WQBA7';
UPDATE `user_registration` SET total_downlines = total_downlines+1
WHERE `user_id` = 'QPNZO1';
UPDATE `user_registration` SET right_downlines = right_downlines+1
WHERE `user_id` = 'QPNZO1';
UPDATE `user_registration` SET total_downlines = total_downlines+1
WHERE `user_id` = 'KCF78M';
UPDATE `user_registration` SET right_downlines = right_downlines+1
WHERE `user_id` = 'KCF78M';
UPDATE `user_registration` SET total_downlines = total_downlines+1
WHERE `user_id` = '7RY1ZP';
UPDATE `user_registration` SET right_downlines = right_downlines+1
WHERE `user_id` = '7RY1ZP';
UPDATE `user_registration` SET total_downlines = total_downlines+1
WHERE `user_id` = 'ADZTOG';
UPDATE `user_registration` SET right_downlines = right_downlines+1
WHERE `user_id` = 'ADZTOG';
UPDATE `user_registration` SET total_downlines = total_downlines+1
WHERE `user_id` = 'A9858P';
UPDATE `user_registration` SET right_downlines = right_downlines+1
WHERE `user_id` = 'A9858P';
UPDATE `user_registration` SET total_downlines = total_downlines+1
WHERE `user_id` = 'admin';
UPDATE `user_registration` SET right_downlines = right_downlines+1
WHERE `user_id` = 'admin';
INSERT INTO `investment` (`invest_date`, `user_id`, `type`, `amount`, `package_id`) VALUES ('2024-10-10 11:09:55', 'ILZ8NG', 'register', '595', '2');
INSERT INTO `earnings` (`user_id`, `Purchaser_id`, `earning_type`, `package_id`, `amount`, `date`, `comments`, `invest_amount`, `comm_perc`, `level`, `rank_id`, `order_id`) VALUES ('4YA81C', 'ILZ8NG', 'Direct Referral Bonus', '2', '100', '2024-10-10 11:09:55', 'Direct Referral Bonus', 0, 0, 1, '', 1042);
UPDATE `user_registration` SET commission_balance = ROUND(commission_balance + 100,2)
WHERE `user_id` = '4YA81C';
UPDATE `user_registration` SET referral_bonus = ROUND(referral_bonus + 100,2)
WHERE `user_id` = '4YA81C';
INSERT INTO `earnings` (`user_id`, `Purchaser_id`, `earning_type`, `package_id`, `amount`, `date`, `comments`, `invest_amount`, `comm_perc`, `level`, `rank_id`, `order_id`) VALUES ('A9858P', 'ILZ8NG', 'Expansion Bonus', '2', 280, '2024-10-10 11:09:55', 'Expansion Bonus', '100', 0, 1, '', 1042);
UPDATE `user_registration` SET commission_balance = ROUND(commission_balance + 280,2)
WHERE `user_id` = 'A9858P';
UPDATE `user_registration` SET expansion_bonus = ROUND(expansion_bonus + 280,2)
WHERE `user_id` = 'A9858P';
UPDATE `user_registration` SET total_points = ROUND(total_points + 50,2)
WHERE `user_id` = 'ILZ8NG';
INSERT INTO `points_history` (`user_id`, `points`, `type`, `date`) VALUES ('ILZ8NG', '50', 'register', '2024-10-10 11:09:');
INSERT INTO `matrix_filling` (`placement_id`, `downline_id`, `level`, `matrix`) VALUES ('4YA81C', 'ILZ8NG', 1, 1);
UPDATE `bv_updation` SET left_carry = left_carry+50, total_left = total_left+50
WHERE `user_id` = '4YA81C';
INSERT INTO `placement_bv_update_history` (`left_carry`, `date`, `from_id`, `user_id`) VALUES ('50', '2024-10-10 11:09:55', 'ILZ8NG', '4YA81C');
UPDATE `bv_updation` SET sponsor_left_carry = sponsor_left_carry+50, sponsor_total_left = sponsor_total_left+50
WHERE `user_id` = '4YA81C';
INSERT INTO `sponsor_bv_update_history` (`left_carry`, `date`, `user_id`) VALUES ('50', '2024-10-10 11:09:55', '4YA81C');
INSERT INTO `matrix_filling` (`placement_id`, `downline_id`, `level`, `matrix`) VALUES ('G1CDHO', 'ILZ8NG', 2, 1);
UPDATE `bv_updation` SET right_carry = right_carry+50, total_right = total_right+50
WHERE `user_id` = 'G1CDHO';
INSERT INTO `placement_bv_update_history` (`right_carry`, `date`, `from_id`, `user_id`) VALUES ('50', '2024-10-10 11:09:55', 'ILZ8NG', 'G1CDHO');
INSERT INTO `matrix_filling` (`placement_id`, `downline_id`, `level`, `matrix`) VALUES ('9NGWQG', 'ILZ8NG', 3, 1);
UPDATE `bv_updation` SET right_carry = right_carry+50, total_right = total_right+50
WHERE `user_id` = '9NGWQG';
INSERT INTO `placement_bv_update_history` (`right_carry`, `date`, `from_id`, `user_id`) VALUES ('50', '2024-10-10 11:09:55', 'ILZ8NG', '9NGWQG');
INSERT INTO `matrix_filling` (`placement_id`, `downline_id`, `level`, `matrix`) VALUES ('R6J8K1', 'ILZ8NG', 4, 1);
UPDATE `bv_updation` SET right_carry = right_carry+50, total_right = total_right+50
WHERE `user_id` = 'R6J8K1';
INSERT INTO `placement_bv_update_history` (`right_carry`, `date`, `from_id`, `user_id`) VALUES ('50', '2024-10-10 11:09:55', 'ILZ8NG', 'R6J8K1');
INSERT INTO `matrix_filling` (`placement_id`, `downline_id`, `level`, `matrix`) VALUES ('G6ZQNS', 'ILZ8NG', 5, 1);
UPDATE `bv_updation` SET right_carry = right_carry+50, total_right = total_right+50
WHERE `user_id` = 'G6ZQNS';
INSERT INTO `placement_bv_update_history` (`right_carry`, `date`, `from_id`, `user_id`) VALUES ('50', '2024-10-10 11:09:55', 'ILZ8NG', 'G6ZQNS');
INSERT INTO `matrix_filling` (`placement_id`, `downline_id`, `level`, `matrix`) VALUES ('M4FVZR', 'ILZ8NG', 6, 1);
UPDATE `bv_updation` SET right_carry = right_carry+50, total_right = total_right+50
WHERE `user_id` = 'M4FVZR';
INSERT INTO `placement_bv_update_history` (`right_carry`, `date`, `from_id`, `user_id`) VALUES ('50', '2024-10-10 11:09:55', 'ILZ8NG', 'M4FVZR');
INSERT INTO `matrix_filling` (`placement_id`, `downline_id`, `level`, `matrix`) VALUES ('5ZLRWM', 'ILZ8NG', 7, 1);
UPDATE `bv_updation` SET right_carry = right_carry+50, total_right = total_right+50
WHERE `user_id` = '5ZLRWM';
INSERT INTO `placement_bv_update_history` (`right_carry`, `date`, `from_id`, `user_id`) VALUES ('50', '2024-10-10 11:09:55', 'ILZ8NG', '5ZLRWM');
INSERT INTO `matrix_filling` (`placement_id`, `downline_id`, `level`, `matrix`) VALUES ('JPDLRK', 'ILZ8NG', 8, 1);
UPDATE `bv_updation` SET right_carry = right_carry+50, total_right = total_right+50
WHERE `user_id` = 'JPDLRK';
INSERT INTO `placement_bv_update_history` (`right_carry`, `date`, `from_id`, `user_id`) VALUES ('50', '2024-10-10 11:09:55', 'ILZ8NG', 'JPDLRK');
INSERT INTO `matrix_filling` (`placement_id`, `downline_id`, `level`, `matrix`) VALUES ('FGURJ3', 'ILZ8NG', 9, 1);
UPDATE `bv_updation` SET right_carry = right_carry+50, total_right = total_right+50
WHERE `user_id` = 'FGURJ3';
INSERT INTO `placement_bv_update_history` (`right_carry`, `date`, `from_id`, `user_id`) VALUES ('50', '2024-10-10 11:09:55', 'ILZ8NG', 'FGURJ3');
INSERT INTO `matrix_filling` (`placement_id`, `downline_id`, `level`, `matrix`) VALUES ('L2ZCMP', 'ILZ8NG', 10, 1);
UPDATE `bv_updation` SET right_carry = right_carry+50, total_right = total_right+50
WHERE `user_id` = 'L2ZCMP';
INSERT INTO `placement_bv_update_history` (`right_carry`, `date`, `from_id`, `user_id`) VALUES ('50', '2024-10-10 11:09:55', 'ILZ8NG', 'L2ZCMP');
INSERT INTO `matrix_filling` (`placement_id`, `downline_id`, `level`, `matrix`) VALUES ('XOJI6Y', 'ILZ8NG', 11, 1);
UPDATE `bv_updation` SET right_carry = right_carry+50, total_right = total_right+50
WHERE `user_id` = 'XOJI6Y';
INSERT INTO `placement_bv_update_history` (`right_carry`, `date`, `from_id`, `user_id`) VALUES ('50', '2024-10-10 11:09:55', 'ILZ8NG', 'XOJI6Y');
INSERT INTO `matrix_filling` (`placement_id`, `downline_id`, `level`, `matrix`) VALUES ('Z6E2C9', 'ILZ8NG', 12, 1);
UPDATE `bv_updation` SET right_carry = right_carry+50, total_right = total_right+50
WHERE `user_id` = 'Z6E2C9';
INSERT INTO `placement_bv_update_history` (`right_carry`, `date`, `from_id`, `user_id`) VALUES ('50', '2024-10-10 11:09:55', 'ILZ8NG', 'Z6E2C9');
INSERT INTO `matrix_filling` (`placement_id`, `downline_id`, `level`, `matrix`) VALUES ('VT4PXI', 'ILZ8NG', 13, 1);
UPDATE `bv_updation` SET right_carry = right_carry+50, total_right = total_right+50
WHERE `user_id` = 'VT4PXI';
INSERT INTO `placement_bv_update_history` (`right_carry`, `date`, `from_id`, `user_id`) VALUES ('50', '2024-10-10 11:09:55', 'ILZ8NG', 'VT4PXI');
INSERT INTO `matrix_filling` (`placement_id`, `downline_id`, `level`, `matrix`) VALUES ('QKHYPY', 'ILZ8NG', 14, 1);
UPDATE `bv_updation` SET right_carry = right_carry+50, total_right = total_right+50
WHERE `user_id` = 'QKHYPY';
INSERT INTO `placement_bv_update_history` (`right_carry`, `date`, `from_id`, `user_id`) VALUES ('50', '2024-10-10 11:09:55', 'ILZ8NG', 'QKHYPY');
INSERT INTO `matrix_filling` (`placement_id`, `downline_id`, `level`, `matrix`) VALUES ('LN7PEK', 'ILZ8NG', 15, 1);
UPDATE `bv_updation` SET right_carry = right_carry+50, total_right = total_right+50
WHERE `user_id` = 'LN7PEK';
INSERT INTO `placement_bv_update_history` (`right_carry`, `date`, `from_id`, `user_id`) VALUES ('50', '2024-10-10 11:09:55', 'ILZ8NG', 'LN7PEK');
INSERT INTO `matrix_filling` (`placement_id`, `downline_id`, `level`, `matrix`) VALUES ('LYDDQ5', 'ILZ8NG', 16, 1);
UPDATE `bv_updation` SET right_carry = right_carry+50, total_right = total_right+50
WHERE `user_id` = 'LYDDQ5';
INSERT INTO `placement_bv_update_history` (`right_carry`, `date`, `from_id`, `user_id`) VALUES ('50', '2024-10-10 11:09:55', 'ILZ8NG', 'LYDDQ5');
INSERT INTO `matrix_filling` (`placement_id`, `downline_id`, `level`, `matrix`) VALUES ('6UO8TB', 'ILZ8NG', 17, 1);
UPDATE `bv_updation` SET right_carry = right_carry+50, total_right = total_right+50
WHERE `user_id` = '6UO8TB';
INSERT INTO `placement_bv_update_history` (`right_carry`, `date`, `from_id`, `user_id`) VALUES ('50', '2024-10-10 11:09:55', 'ILZ8NG', '6UO8TB');
INSERT INTO `matrix_filling` (`placement_id`, `downline_id`, `level`, `matrix`) VALUES ('GPRO3Q', 'ILZ8NG', 18, 1);
UPDATE `bv_updation` SET right_carry = right_carry+50, total_right = total_right+50
WHERE `user_id` = 'GPRO3Q';
INSERT INTO `placement_bv_update_history` (`right_carry`, `date`, `from_id`, `user_id`) VALUES ('50', '2024-10-10 11:09:55', 'ILZ8NG', 'GPRO3Q');
INSERT INTO `matrix_filling` (`placement_id`, `downline_id`, `level`, `matrix`) VALUES ('MBPRQB', 'ILZ8NG', 19, 1);
UPDATE `bv_updation` SET right_carry = right_carry+50, total_right = total_right+50
WHERE `user_id` = 'MBPRQB';
INSERT INTO `placement_bv_update_history` (`right_carry`, `date`, `from_id`, `user_id`) VALUES ('50', '2024-10-10 11:09:55', 'ILZ8NG', 'MBPRQB');
INSERT INTO `matrix_filling` (`placement_id`, `downline_id`, `level`, `matrix`) VALUES ('X1RH6U', 'ILZ8NG', 20, 1);
UPDATE `bv_updation` SET right_carry = right_carry+50, total_right = total_right+50
WHERE `user_id` = 'X1RH6U';
INSERT INTO `placement_bv_update_history` (`right_carry`, `date`, `from_id`, `user_id`) VALUES ('50', '2024-10-10 11:09:55', 'ILZ8NG', 'X1RH6U');
INSERT INTO `matrix_filling` (`placement_id`, `downline_id`, `level`, `matrix`) VALUES ('HHALCM', 'ILZ8NG', 21, 1);
UPDATE `bv_updation` SET right_carry = right_carry+50, total_right = total_right+50
WHERE `user_id` = 'HHALCM';
INSERT INTO `placement_bv_update_history` (`right_carry`, `date`, `from_id`, `user_id`) VALUES ('50', '2024-10-10 11:09:55', 'ILZ8NG', 'HHALCM');
INSERT INTO `matrix_filling` (`placement_id`, `downline_id`, `level`, `matrix`) VALUES ('7WQBA7', 'ILZ8NG', 22, 1);
UPDATE `bv_updation` SET right_carry = right_carry+50, total_right = total_right+50
WHERE `user_id` = '7WQBA7';
INSERT INTO `placement_bv_update_history` (`right_carry`, `date`, `from_id`, `user_id`) VALUES ('50', '2024-10-10 11:09:55', 'ILZ8NG', '7WQBA7');
INSERT INTO `matrix_filling` (`placement_id`, `downline_id`, `level`, `matrix`) VALUES ('QPNZO1', 'ILZ8NG', 23, 1);
UPDATE `bv_updation` SET right_carry = right_carry+50, total_right = total_right+50
WHERE `user_id` = 'QPNZO1';
INSERT INTO `placement_bv_update_history` (`right_carry`, `date`, `from_id`, `user_id`) VALUES ('50', '2024-10-10 11:09:55', 'ILZ8NG', 'QPNZO1');
INSERT INTO `matrix_filling` (`placement_id`, `downline_id`, `level`, `matrix`) VALUES ('KCF78M', 'ILZ8NG', 24, 1);
UPDATE `bv_updation` SET right_carry = right_carry+50, total_right = total_right+50
WHERE `user_id` = 'KCF78M';
INSERT INTO `placement_bv_update_history` (`right_carry`, `date`, `from_id`, `user_id`) VALUES ('50', '2024-10-10 11:09:55', 'ILZ8NG', 'KCF78M');
INSERT INTO `matrix_filling` (`placement_id`, `downline_id`, `level`, `matrix`) VALUES ('7RY1ZP', 'ILZ8NG', 25, 1);
UPDATE `bv_updation` SET right_carry = right_carry+50, total_right = total_right+50
WHERE `user_id` = '7RY1ZP';
INSERT INTO `placement_bv_update_history` (`right_carry`, `date`, `from_id`, `user_id`) VALUES ('50', '2024-10-10 11:09:55', 'ILZ8NG', '7RY1ZP');
INSERT INTO `matrix_filling` (`placement_id`, `downline_id`, `level`, `matrix`) VALUES ('ADZTOG', 'ILZ8NG', 26, 1);
UPDATE `bv_updation` SET right_carry = right_carry+50, total_right = total_right+50
WHERE `user_id` = 'ADZTOG';
INSERT INTO `placement_bv_update_history` (`right_carry`, `date`, `from_id`, `user_id`) VALUES ('50', '2024-10-10 11:09:55', 'ILZ8NG', 'ADZTOG');
INSERT INTO `matrix_filling` (`placement_id`, `downline_id`, `level`, `matrix`) VALUES ('A9858P', 'ILZ8NG', 27, 1);
UPDATE `bv_updation` SET right_carry = right_carry+50, total_right = total_right+50
WHERE `user_id` = 'A9858P';
INSERT INTO `placement_bv_update_history` (`right_carry`, `date`, `from_id`, `user_id`) VALUES ('50', '2024-10-10 11:09:55', 'ILZ8NG', 'A9858P');
INSERT INTO `matrix_filling` (`placement_id`, `downline_id`, `level`, `matrix`) VALUES ('admin', 'ILZ8NG', 28, 1);
UPDATE `bv_updation` SET right_carry = right_carry+50, total_right = total_right+50
WHERE `user_id` = 'admin';
INSERT INTO `placement_bv_update_history` (`right_carry`, `date`, `from_id`, `user_id`) VALUES ('50', '2024-10-10 11:09:55', 'ILZ8NG', 'admin');
INSERT INTO `package_purchase_history` (`user_id`, `package_id`, `reg_fee`, `package_name`, `monthly_fee`, `type`, `date`, `payment_option`) VALUES ('ILZ8NG', '2', '595', 'Traveler Pro', '150', 'sign_up', '2024-10-10 11:09:55', 'free');
UPDATE `user_registration` SET `popup_seen` = 'yes'
WHERE `user_id` = '4YA81C';
UPDATE `user_registration` SET `uid` = '3100', `user_id` = 'EF3P4L', `username` = 'loreta2', `sponsor_id` = '4YA81C', `vacant` = 'no', `f_name` = 'Loreta', `l_name` = 'Yong', `address` = '6520 Kendale Lakes Dr', `position` = 'left', `email` = 'loreta2@gmail.com', `password` = '5d667ed15a25dae433f22d8328741ee6', `phone` = '3057610606', `country` = 'United States', `state` = 'Florida', `city` = 'Miami', `street` = '6520 Kendale Lakes Dr', `zip_code` = '33183', `reg_ip` = '108.162.212.54', `status` = 1, `package_id` = '2', `rank_id` = 1, `highest_rank` = 1, `cycle_rank_id` = 1, `created` = '2024-10-10 11:12:08', `subscription_date` = '2024-11-09', `google_secret` = 'D77GDEO2TO4FRJ4R'
WHERE `uid` = '3100';
INSERT INTO `user_registration` (`uid`, `user_id`, `username`, `sponsor_id`, `placement_id`, `vacant`, `f_name`, `l_name`, `address`, `position`, `email`, `password`, `phone`, `reg_ip`, `status`, `created`) VALUES (NULL, 'QMYDVY', 'NxsmHNmz', 'EF3P4L', 'EF3P4L', 'yes', '', '', '', 'left', '@mail.com', '', '', '', 0, '2024-10-10 11:12:08');
INSERT INTO `user_registration` (`uid`, `user_id`, `username`, `sponsor_id`, `placement_id`, `vacant`, `f_name`, `l_name`, `address`, `position`, `email`, `password`, `phone`, `reg_ip`, `status`, `created`) VALUES (NULL, 'DCDUDD', 'wWTOZHcd', 'EF3P4L', 'EF3P4L', 'yes', '', '', '', 'right', '@mail.com', '', '', '', 0, '2024-10-10 11:12:08');
INSERT INTO `bv_updation` (`user_id`) VALUES ('EF3P4L');
UPDATE `user_registration` SET total_ref_count = total_ref_count+1
WHERE `user_id` = '4YA81C';
UPDATE `user_registration` SET total_downlines = total_downlines+1
WHERE `user_id` = 'ILZ8NG';
UPDATE `user_registration` SET left_downlines = left_downlines+1
WHERE `user_id` = 'ILZ8NG';
UPDATE `user_registration` SET total_downlines = total_downlines+1
WHERE `user_id` = '4YA81C';
UPDATE `user_registration` SET left_downlines = left_downlines+1
WHERE `user_id` = '4YA81C';
UPDATE `user_registration` SET left_ref_count = left_ref_count+1
WHERE `user_id` = '4YA81C';
UPDATE `user_registration` SET active_left = active_left+1
WHERE `user_id` = '4YA81C';
UPDATE `user_registration` SET total_downlines = total_downlines+1
WHERE `user_id` = 'G1CDHO';
UPDATE `user_registration` SET right_downlines = right_downlines+1
WHERE `user_id` = 'G1CDHO';
UPDATE `user_registration` SET total_downlines = total_downlines+1
WHERE `user_id` = '9NGWQG';
UPDATE `user_registration` SET right_downlines = right_downlines+1
WHERE `user_id` = '9NGWQG';
UPDATE `user_registration` SET total_downlines = total_downlines+1
WHERE `user_id` = 'R6J8K1';
UPDATE `user_registration` SET right_downlines = right_downlines+1
WHERE `user_id` = 'R6J8K1';
UPDATE `user_registration` SET total_downlines = total_downlines+1
WHERE `user_id` = 'G6ZQNS';
UPDATE `user_registration` SET right_downlines = right_downlines+1
WHERE `user_id` = 'G6ZQNS';
UPDATE `user_registration` SET total_downlines = total_downlines+1
WHERE `user_id` = 'M4FVZR';
UPDATE `user_registration` SET right_downlines = right_downlines+1
WHERE `user_id` = 'M4FVZR';
UPDATE `user_registration` SET total_downlines = total_downlines+1
WHERE `user_id` = '5ZLRWM';
UPDATE `user_registration` SET right_downlines = right_downlines+1
WHERE `user_id` = '5ZLRWM';
UPDATE `user_registration` SET total_downlines = total_downlines+1
WHERE `user_id` = 'JPDLRK';
UPDATE `user_registration` SET right_downlines = right_downlines+1
WHERE `user_id` = 'JPDLRK';
UPDATE `user_registration` SET total_downlines = total_downlines+1
WHERE `user_id` = 'FGURJ3';
UPDATE `user_registration` SET right_downlines = right_downlines+1
WHERE `user_id` = 'FGURJ3';
UPDATE `user_registration` SET total_downlines = total_downlines+1
WHERE `user_id` = 'L2ZCMP';
UPDATE `user_registration` SET right_downlines = right_downlines+1
WHERE `user_id` = 'L2ZCMP';
UPDATE `user_registration` SET total_downlines = total_downlines+1
WHERE `user_id` = 'XOJI6Y';
UPDATE `user_registration` SET right_downlines = right_downlines+1
WHERE `user_id` = 'XOJI6Y';
UPDATE `user_registration` SET total_downlines = total_downlines+1
WHERE `user_id` = 'Z6E2C9';
UPDATE `user_registration` SET right_downlines = right_downlines+1
WHERE `user_id` = 'Z6E2C9';
UPDATE `user_registration` SET total_downlines = total_downlines+1
WHERE `user_id` = 'VT4PXI';
UPDATE `user_registration` SET right_downlines = right_downlines+1
WHERE `user_id` = 'VT4PXI';
UPDATE `user_registration` SET total_downlines = total_downlines+1
WHERE `user_id` = 'QKHYPY';
UPDATE `user_registration` SET right_downlines = right_downlines+1
WHERE `user_id` = 'QKHYPY';
UPDATE `user_registration` SET total_downlines = total_downlines+1
WHERE `user_id` = 'LN7PEK';
UPDATE `user_registration` SET right_downlines = right_downlines+1
WHERE `user_id` = 'LN7PEK';
UPDATE `user_registration` SET total_downlines = total_downlines+1
WHERE `user_id` = 'LYDDQ5';
UPDATE `user_registration` SET right_downlines = right_downlines+1
WHERE `user_id` = 'LYDDQ5';
UPDATE `user_registration` SET total_downlines = total_downlines+1
WHERE `user_id` = '6UO8TB';
UPDATE `user_registration` SET right_downlines = right_downlines+1
WHERE `user_id` = '6UO8TB';
UPDATE `user_registration` SET total_downlines = total_downlines+1
WHERE `user_id` = 'GPRO3Q';
UPDATE `user_registration` SET right_downlines = right_downlines+1
WHERE `user_id` = 'GPRO3Q';
UPDATE `user_registration` SET total_downlines = total_downlines+1
WHERE `user_id` = 'MBPRQB';
UPDATE `user_registration` SET right_downlines = right_downlines+1
WHERE `user_id` = 'MBPRQB';
UPDATE `user_registration` SET total_downlines = total_downlines+1
WHERE `user_id` = 'X1RH6U';
UPDATE `user_registration` SET right_downlines = right_downlines+1
WHERE `user_id` = 'X1RH6U';
UPDATE `user_registration` SET total_downlines = total_downlines+1
WHERE `user_id` = 'HHALCM';
UPDATE `user_registration` SET right_downlines = right_downlines+1
WHERE `user_id` = 'HHALCM';
UPDATE `user_registration` SET total_downlines = total_downlines+1
WHERE `user_id` = '7WQBA7';
UPDATE `user_registration` SET right_downlines = right_downlines+1
WHERE `user_id` = '7WQBA7';
UPDATE `user_registration` SET total_downlines = total_downlines+1
WHERE `user_id` = 'QPNZO1';
UPDATE `user_registration` SET right_downlines = right_downlines+1
WHERE `user_id` = 'QPNZO1';
UPDATE `user_registration` SET total_downlines = total_downlines+1
WHERE `user_id` = 'KCF78M';
UPDATE `user_registration` SET right_downlines = right_downlines+1
WHERE `user_id` = 'KCF78M';
UPDATE `user_registration` SET total_downlines = total_downlines+1
WHERE `user_id` = '7RY1ZP';
UPDATE `user_registration` SET right_downlines = right_downlines+1
WHERE `user_id` = '7RY1ZP';
UPDATE `user_registration` SET total_downlines = total_downlines+1
WHERE `user_id` = 'ADZTOG';
UPDATE `user_registration` SET right_downlines = right_downlines+1
WHERE `user_id` = 'ADZTOG';
UPDATE `user_registration` SET total_downlines = total_downlines+1
WHERE `user_id` = 'A9858P';
UPDATE `user_registration` SET right_downlines = right_downlines+1
WHERE `user_id` = 'A9858P';
UPDATE `user_registration` SET total_downlines = total_downlines+1
WHERE `user_id` = 'admin';
UPDATE `user_registration` SET right_downlines = right_downlines+1
WHERE `user_id` = 'admin';
INSERT INTO `investment` (`invest_date`, `user_id`, `type`, `amount`, `package_id`) VALUES ('2024-10-10 11:12:09', 'EF3P4L', 'register', '595', '2');
INSERT INTO `earnings` (`user_id`, `Purchaser_id`, `earning_type`, `package_id`, `amount`, `date`, `comments`, `invest_amount`, `comm_perc`, `level`, `rank_id`, `order_id`) VALUES ('4YA81C', 'EF3P4L', 'Direct Referral Bonus', '2', '100', '2024-10-10 11:12:09', 'Direct Referral Bonus', 0, 0, 1, '', 1043);
UPDATE `user_registration` SET commission_balance = ROUND(commission_balance + 100,2)
WHERE `user_id` = '4YA81C';
UPDATE `user_registration` SET referral_bonus = ROUND(referral_bonus + 100,2)
WHERE `user_id` = '4YA81C';
INSERT INTO `earnings` (`user_id`, `Purchaser_id`, `earning_type`, `package_id`, `amount`, `date`, `comments`, `invest_amount`, `comm_perc`, `level`, `rank_id`, `order_id`) VALUES ('A9858P', 'EF3P4L', 'Expansion Bonus', '2', 280, '2024-10-10 11:12:09', 'Expansion Bonus', '100', 0, 1, '', 1043);
UPDATE `user_registration` SET commission_balance = ROUND(commission_balance + 280,2)
WHERE `user_id` = 'A9858P';
UPDATE `user_registration` SET expansion_bonus = ROUND(expansion_bonus + 280,2)
WHERE `user_id` = 'A9858P';
UPDATE `user_registration` SET total_points = ROUND(total_points + 50,2)
WHERE `user_id` = 'EF3P4L';
INSERT INTO `points_history` (`user_id`, `points`, `type`, `date`) VALUES ('EF3P4L', '50', 'register', '2024-10-10 11:12:');
INSERT INTO `matrix_filling` (`placement_id`, `downline_id`, `level`, `matrix`) VALUES ('ILZ8NG', 'EF3P4L', 1, 1);
UPDATE `bv_updation` SET left_carry = left_carry+50, total_left = total_left+50
WHERE `user_id` = 'ILZ8NG';
INSERT INTO `placement_bv_update_history` (`left_carry`, `date`, `from_id`, `user_id`) VALUES ('50', '2024-10-10 11:12:09', 'EF3P4L', 'ILZ8NG');
INSERT INTO `matrix_filling` (`placement_id`, `downline_id`, `level`, `matrix`) VALUES ('4YA81C', 'EF3P4L', 2, 1);
UPDATE `bv_updation` SET left_carry = left_carry+50, total_left = total_left+50
WHERE `user_id` = '4YA81C';
INSERT INTO `placement_bv_update_history` (`left_carry`, `date`, `from_id`, `user_id`) VALUES ('50', '2024-10-10 11:12:09', 'EF3P4L', '4YA81C');
UPDATE `bv_updation` SET sponsor_left_carry = sponsor_left_carry+50, sponsor_total_left = sponsor_total_left+50
WHERE `user_id` = '4YA81C';
INSERT INTO `sponsor_bv_update_history` (`left_carry`, `date`, `user_id`) VALUES ('50', '2024-10-10 11:12:09', '4YA81C');
INSERT INTO `matrix_filling` (`placement_id`, `downline_id`, `level`, `matrix`) VALUES ('G1CDHO', 'EF3P4L', 3, 1);
UPDATE `bv_updation` SET right_carry = right_carry+50, total_right = total_right+50
WHERE `user_id` = 'G1CDHO';
INSERT INTO `placement_bv_update_history` (`right_carry`, `date`, `from_id`, `user_id`) VALUES ('50', '2024-10-10 11:12:09', 'EF3P4L', 'G1CDHO');
INSERT INTO `matrix_filling` (`placement_id`, `downline_id`, `level`, `matrix`) VALUES ('9NGWQG', 'EF3P4L', 4, 1);
UPDATE `bv_updation` SET right_carry = right_carry+50, total_right = total_right+50
WHERE `user_id` = '9NGWQG';
INSERT INTO `placement_bv_update_history` (`right_carry`, `date`, `from_id`, `user_id`) VALUES ('50', '2024-10-10 11:12:09', 'EF3P4L', '9NGWQG');
INSERT INTO `matrix_filling` (`placement_id`, `downline_id`, `level`, `matrix`) VALUES ('R6J8K1', 'EF3P4L', 5, 1);
UPDATE `bv_updation` SET right_carry = right_carry+50, total_right = total_right+50
WHERE `user_id` = 'R6J8K1';
INSERT INTO `placement_bv_update_history` (`right_carry`, `date`, `from_id`, `user_id`) VALUES ('50', '2024-10-10 11:12:09', 'EF3P4L', 'R6J8K1');
INSERT INTO `matrix_filling` (`placement_id`, `downline_id`, `level`, `matrix`) VALUES ('G6ZQNS', 'EF3P4L', 6, 1);
UPDATE `bv_updation` SET right_carry = right_carry+50, total_right = total_right+50
WHERE `user_id` = 'G6ZQNS';
INSERT INTO `placement_bv_update_history` (`right_carry`, `date`, `from_id`, `user_id`) VALUES ('50', '2024-10-10 11:12:09', 'EF3P4L', 'G6ZQNS');
INSERT INTO `matrix_filling` (`placement_id`, `downline_id`, `level`, `matrix`) VALUES ('M4FVZR', 'EF3P4L', 7, 1);
UPDATE `bv_updation` SET right_carry = right_carry+50, total_right = total_right+50
WHERE `user_id` = 'M4FVZR';
INSERT INTO `placement_bv_update_history` (`right_carry`, `date`, `from_id`, `user_id`) VALUES ('50', '2024-10-10 11:12:09', 'EF3P4L', 'M4FVZR');
INSERT INTO `matrix_filling` (`placement_id`, `downline_id`, `level`, `matrix`) VALUES ('5ZLRWM', 'EF3P4L', 8, 1);
UPDATE `bv_updation` SET right_carry = right_carry+50, total_right = total_right+50
WHERE `user_id` = '5ZLRWM';
INSERT INTO `placement_bv_update_history` (`right_carry`, `date`, `from_id`, `user_id`) VALUES ('50', '2024-10-10 11:12:09', 'EF3P4L', '5ZLRWM');
INSERT INTO `matrix_filling` (`placement_id`, `downline_id`, `level`, `matrix`) VALUES ('JPDLRK', 'EF3P4L', 9, 1);
UPDATE `bv_updation` SET right_carry = right_carry+50, total_right = total_right+50
WHERE `user_id` = 'JPDLRK';
INSERT INTO `placement_bv_update_history` (`right_carry`, `date`, `from_id`, `user_id`) VALUES ('50', '2024-10-10 11:12:09', 'EF3P4L', 'JPDLRK');
INSERT INTO `matrix_filling` (`placement_id`, `downline_id`, `level`, `matrix`) VALUES ('FGURJ3', 'EF3P4L', 10, 1);
UPDATE `bv_updation` SET right_carry = right_carry+50, total_right = total_right+50
WHERE `user_id` = 'FGURJ3';
INSERT INTO `placement_bv_update_history` (`right_carry`, `date`, `from_id`, `user_id`) VALUES ('50', '2024-10-10 11:12:09', 'EF3P4L', 'FGURJ3');
INSERT INTO `matrix_filling` (`placement_id`, `downline_id`, `level`, `matrix`) VALUES ('L2ZCMP', 'EF3P4L', 11, 1);
UPDATE `bv_updation` SET right_carry = right_carry+50, total_right = total_right+50
WHERE `user_id` = 'L2ZCMP';
INSERT INTO `placement_bv_update_history` (`right_carry`, `date`, `from_id`, `user_id`) VALUES ('50', '2024-10-10 11:12:09', 'EF3P4L', 'L2ZCMP');
INSERT INTO `matrix_filling` (`placement_id`, `downline_id`, `level`, `matrix`) VALUES ('XOJI6Y', 'EF3P4L', 12, 1);
UPDATE `bv_updation` SET right_carry = right_carry+50, total_right = total_right+50
WHERE `user_id` = 'XOJI6Y';
INSERT INTO `placement_bv_update_history` (`right_carry`, `date`, `from_id`, `user_id`) VALUES ('50', '2024-10-10 11:12:09', 'EF3P4L', 'XOJI6Y');
INSERT INTO `matrix_filling` (`placement_id`, `downline_id`, `level`, `matrix`) VALUES ('Z6E2C9', 'EF3P4L', 13, 1);
UPDATE `bv_updation` SET right_carry = right_carry+50, total_right = total_right+50
WHERE `user_id` = 'Z6E2C9';
INSERT INTO `placement_bv_update_history` (`right_carry`, `date`, `from_id`, `user_id`) VALUES ('50', '2024-10-10 11:12:09', 'EF3P4L', 'Z6E2C9');
INSERT INTO `matrix_filling` (`placement_id`, `downline_id`, `level`, `matrix`) VALUES ('VT4PXI', 'EF3P4L', 14, 1);
UPDATE `bv_updation` SET right_carry = right_carry+50, total_right = total_right+50
WHERE `user_id` = 'VT4PXI';
INSERT INTO `placement_bv_update_history` (`right_carry`, `date`, `from_id`, `user_id`) VALUES ('50', '2024-10-10 11:12:09', 'EF3P4L', 'VT4PXI');
INSERT INTO `matrix_filling` (`placement_id`, `downline_id`, `level`, `matrix`) VALUES ('QKHYPY', 'EF3P4L', 15, 1);
UPDATE `bv_updation` SET right_carry = right_carry+50, total_right = total_right+50
WHERE `user_id` = 'QKHYPY';
INSERT INTO `placement_bv_update_history` (`right_carry`, `date`, `from_id`, `user_id`) VALUES ('50', '2024-10-10 11:12:09', 'EF3P4L', 'QKHYPY');
INSERT INTO `matrix_filling` (`placement_id`, `downline_id`, `level`, `matrix`) VALUES ('LN7PEK', 'EF3P4L', 16, 1);
UPDATE `bv_updation` SET right_carry = right_carry+50, total_right = total_right+50
WHERE `user_id` = 'LN7PEK';
INSERT INTO `placement_bv_update_history` (`right_carry`, `date`, `from_id`, `user_id`) VALUES ('50', '2024-10-10 11:12:09', 'EF3P4L', 'LN7PEK');
INSERT INTO `matrix_filling` (`placement_id`, `downline_id`, `level`, `matrix`) VALUES ('LYDDQ5', 'EF3P4L', 17, 1);
UPDATE `bv_updation` SET right_carry = right_carry+50, total_right = total_right+50
WHERE `user_id` = 'LYDDQ5';
INSERT INTO `placement_bv_update_history` (`right_carry`, `date`, `from_id`, `user_id`) VALUES ('50', '2024-10-10 11:12:09', 'EF3P4L', 'LYDDQ5');
INSERT INTO `matrix_filling` (`placement_id`, `downline_id`, `level`, `matrix`) VALUES ('6UO8TB', 'EF3P4L', 18, 1);
UPDATE `bv_updation` SET right_carry = right_carry+50, total_right = total_right+50
WHERE `user_id` = '6UO8TB';
INSERT INTO `placement_bv_update_history` (`right_carry`, `date`, `from_id`, `user_id`) VALUES ('50', '2024-10-10 11:12:09', 'EF3P4L', '6UO8TB');
INSERT INTO `matrix_filling` (`placement_id`, `downline_id`, `level`, `matrix`) VALUES ('GPRO3Q', 'EF3P4L', 19, 1);
UPDATE `bv_updation` SET right_carry = right_carry+50, total_right = total_right+50
WHERE `user_id` = 'GPRO3Q';
INSERT INTO `placement_bv_update_history` (`right_carry`, `date`, `from_id`, `user_id`) VALUES ('50', '2024-10-10 11:12:09', 'EF3P4L', 'GPRO3Q');
INSERT INTO `matrix_filling` (`placement_id`, `downline_id`, `level`, `matrix`) VALUES ('MBPRQB', 'EF3P4L', 20, 1);
UPDATE `bv_updation` SET right_carry = right_carry+50, total_right = total_right+50
WHERE `user_id` = 'MBPRQB';
INSERT INTO `placement_bv_update_history` (`right_carry`, `date`, `from_id`, `user_id`) VALUES ('50', '2024-10-10 11:12:09', 'EF3P4L', 'MBPRQB');
INSERT INTO `matrix_filling` (`placement_id`, `downline_id`, `level`, `matrix`) VALUES ('X1RH6U', 'EF3P4L', 21, 1);
UPDATE `bv_updation` SET right_carry = right_carry+50, total_right = total_right+50
WHERE `user_id` = 'X1RH6U';
INSERT INTO `placement_bv_update_history` (`right_carry`, `date`, `from_id`, `user_id`) VALUES ('50', '2024-10-10 11:12:09', 'EF3P4L', 'X1RH6U');
INSERT INTO `matrix_filling` (`placement_id`, `downline_id`, `level`, `matrix`) VALUES ('HHALCM', 'EF3P4L', 22, 1);
UPDATE `bv_updation` SET right_carry = right_carry+50, total_right = total_right+50
WHERE `user_id` = 'HHALCM';
INSERT INTO `placement_bv_update_history` (`right_carry`, `date`, `from_id`, `user_id`) VALUES ('50', '2024-10-10 11:12:09', 'EF3P4L', 'HHALCM');
INSERT INTO `matrix_filling` (`placement_id`, `downline_id`, `level`, `matrix`) VALUES ('7WQBA7', 'EF3P4L', 23, 1);
UPDATE `bv_updation` SET right_carry = right_carry+50, total_right = total_right+50
WHERE `user_id` = '7WQBA7';
INSERT INTO `placement_bv_update_history` (`right_carry`, `date`, `from_id`, `user_id`) VALUES ('50', '2024-10-10 11:12:09', 'EF3P4L', '7WQBA7');
INSERT INTO `matrix_filling` (`placement_id`, `downline_id`, `level`, `matrix`) VALUES ('QPNZO1', 'EF3P4L', 24, 1);
UPDATE `bv_updation` SET right_carry = right_carry+50, total_right = total_right+50
WHERE `user_id` = 'QPNZO1';
INSERT INTO `placement_bv_update_history` (`right_carry`, `date`, `from_id`, `user_id`) VALUES ('50', '2024-10-10 11:12:09', 'EF3P4L', 'QPNZO1');
INSERT INTO `matrix_filling` (`placement_id`, `downline_id`, `level`, `matrix`) VALUES ('KCF78M', 'EF3P4L', 25, 1);
UPDATE `bv_updation` SET right_carry = right_carry+50, total_right = total_right+50
WHERE `user_id` = 'KCF78M';
INSERT INTO `placement_bv_update_history` (`right_carry`, `date`, `from_id`, `user_id`) VALUES ('50', '2024-10-10 11:12:09', 'EF3P4L', 'KCF78M');
INSERT INTO `matrix_filling` (`placement_id`, `downline_id`, `level`, `matrix`) VALUES ('7RY1ZP', 'EF3P4L', 26, 1);
UPDATE `bv_updation` SET right_carry = right_carry+50, total_right = total_right+50
WHERE `user_id` = '7RY1ZP';
INSERT INTO `placement_bv_update_history` (`right_carry`, `date`, `from_id`, `user_id`) VALUES ('50', '2024-10-10 11:12:09', 'EF3P4L', '7RY1ZP');
INSERT INTO `matrix_filling` (`placement_id`, `downline_id`, `level`, `matrix`) VALUES ('ADZTOG', 'EF3P4L', 27, 1);
UPDATE `bv_updation` SET right_carry = right_carry+50, total_right = total_right+50
WHERE `user_id` = 'ADZTOG';
INSERT INTO `placement_bv_update_history` (`right_carry`, `date`, `from_id`, `user_id`) VALUES ('50', '2024-10-10 11:12:09', 'EF3P4L', 'ADZTOG');
INSERT INTO `matrix_filling` (`placement_id`, `downline_id`, `level`, `matrix`) VALUES ('A9858P', 'EF3P4L', 28, 1);
UPDATE `bv_updation` SET right_carry = right_carry+50, total_right = total_right+50
WHERE `user_id` = 'A9858P';
INSERT INTO `placement_bv_update_history` (`right_carry`, `date`, `from_id`, `user_id`) VALUES ('50', '2024-10-10 11:12:09', 'EF3P4L', 'A9858P');
INSERT INTO `matrix_filling` (`placement_id`, `downline_id`, `level`, `matrix`) VALUES ('admin', 'EF3P4L', 29, 1);
UPDATE `bv_updation` SET right_carry = right_carry+50, total_right = total_right+50
WHERE `user_id` = 'admin';
INSERT INTO `placement_bv_update_history` (`right_carry`, `date`, `from_id`, `user_id`) VALUES ('50', '2024-10-10 11:12:09', 'EF3P4L', 'admin');
INSERT INTO `package_purchase_history` (`user_id`, `package_id`, `reg_fee`, `package_name`, `monthly_fee`, `type`, `date`, `payment_option`) VALUES ('EF3P4L', '2', '595', 'Traveler Pro', '150', 'sign_up', '2024-10-10 11:12:09', 'free');
UPDATE `user_registration` SET `popup_seen` = 'yes'
WHERE `user_id` = '4YA81C';
UPDATE `user_registration` SET `popup_seen` = 'yes'
WHERE `user_id` = '4YA81C';
UPDATE `ci_sessions` SET `timestamp` = 1728576771, `data` = '__ci_last_regenerate|i:1728576771;id|s:4:\"2021\";user_id|s:6:\"A9858P\";username|s:6:\"emilio\";sponsor_id|s:5:\"admin\";fullname|s:14:\"Emilio Tapanes\";email|s:23:\"emiliotapanes@gmail.com\";phone|s:10:\"7862876762\";isLogIn|b:1;'
WHERE `id` = 'edcc425162c597ace7b92c92d87bddd26140dd24';
UPDATE `ci_sessions` SET `timestamp` = 1728576825, `data` = '__ci_last_regenerate|i:1728576825;id|s:4:\"2121\";user_id|s:6:\"4YA81C\";username|s:6:\"melby1\";sponsor_id|s:6:\"A9858P\";fullname|s:14:\"Melby Martinez\";email|s:16:\"melby1@gmail.com\";phone|s:10:\"7862876762\";isLogIn|b:1;'
WHERE `id` = '9da963a8b023d084811e20cd57dbdae691e7c665';
UPDATE `user_registration` SET `uid` = '3102', `user_id` = 'VKJUTJ', `username` = 'ambrosio2', `sponsor_id` = '4YA81C', `vacant` = 'no', `f_name` = 'Ambrosio', `l_name` = 'Hernandez', `address` = '6520 Kendale Lakes Dr', `position` = 'left', `email` = 'ambrosio2@gmail.com', `password` = '9266824dc3eefb90df51aec1cac99252', `phone` = '3057610606', `country` = 'United States', `state` = 'Florida', `city` = 'Miami', `street` = '6520 Kendale Lakes Dr', `zip_code` = '33183', `reg_ip` = '108.162.212.53', `status` = 1, `package_id` = '2', `rank_id` = 1, `highest_rank` = 1, `cycle_rank_id` = 1, `created` = '2024-10-10 11:13:45', `subscription_date` = '2024-11-09', `google_secret` = 'WLWX5FLVWICH46Q6'
WHERE `uid` = '3102';
INSERT INTO `user_registration` (`uid`, `user_id`, `username`, `sponsor_id`, `placement_id`, `vacant`, `f_name`, `l_name`, `address`, `position`, `email`, `password`, `phone`, `reg_ip`, `status`, `created`) VALUES (NULL, 'YZGINE', 'fziugFRc', 'VKJUTJ', 'VKJUTJ', 'yes', '', '', '', 'left', '@mail.com', '', '', '', 0, '2024-10-10 11:13:45');
INSERT INTO `user_registration` (`uid`, `user_id`, `username`, `sponsor_id`, `placement_id`, `vacant`, `f_name`, `l_name`, `address`, `position`, `email`, `password`, `phone`, `reg_ip`, `status`, `created`) VALUES (NULL, 'AQUZWP', 'PGQFMmnu', 'VKJUTJ', 'VKJUTJ', 'yes', '', '', '', 'right', '@mail.com', '', '', '', 0, '2024-10-10 11:13:45');
INSERT INTO `bv_updation` (`user_id`) VALUES ('VKJUTJ');
UPDATE `user_registration` SET total_ref_count = total_ref_count+1
WHERE `user_id` = '4YA81C';
UPDATE `user_registration` SET total_downlines = total_downlines+1
WHERE `user_id` = 'EF3P4L';
UPDATE `user_registration` SET left_downlines = left_downlines+1
WHERE `user_id` = 'EF3P4L';
UPDATE `user_registration` SET total_downlines = total_downlines+1
WHERE `user_id` = 'ILZ8NG';
UPDATE `user_registration` SET left_downlines = left_downlines+1
WHERE `user_id` = 'ILZ8NG';
UPDATE `user_registration` SET total_downlines = total_downlines+1
WHERE `user_id` = '4YA81C';
UPDATE `user_registration` SET left_downlines = left_downlines+1
WHERE `user_id` = '4YA81C';
UPDATE `user_registration` SET left_ref_count = left_ref_count+1
WHERE `user_id` = '4YA81C';
UPDATE `user_registration` SET active_left = active_left+1
WHERE `user_id` = '4YA81C';
UPDATE `user_registration` SET total_downlines = total_downlines+1
WHERE `user_id` = 'G1CDHO';
UPDATE `user_registration` SET right_downlines = right_downlines+1
WHERE `user_id` = 'G1CDHO';
UPDATE `user_registration` SET total_downlines = total_downlines+1
WHERE `user_id` = '9NGWQG';
UPDATE `user_registration` SET right_downlines = right_downlines+1
WHERE `user_id` = '9NGWQG';
UPDATE `user_registration` SET total_downlines = total_downlines+1
WHERE `user_id` = 'R6J8K1';
UPDATE `user_registration` SET right_downlines = right_downlines+1
WHERE `user_id` = 'R6J8K1';
UPDATE `user_registration` SET total_downlines = total_downlines+1
WHERE `user_id` = 'G6ZQNS';
UPDATE `user_registration` SET right_downlines = right_downlines+1
WHERE `user_id` = 'G6ZQNS';
UPDATE `user_registration` SET total_downlines = total_downlines+1
WHERE `user_id` = 'M4FVZR';
UPDATE `user_registration` SET right_downlines = right_downlines+1
WHERE `user_id` = 'M4FVZR';
UPDATE `user_registration` SET total_downlines = total_downlines+1
WHERE `user_id` = '5ZLRWM';
UPDATE `user_registration` SET right_downlines = right_downlines+1
WHERE `user_id` = '5ZLRWM';
UPDATE `user_registration` SET total_downlines = total_downlines+1
WHERE `user_id` = 'JPDLRK';
UPDATE `user_registration` SET right_downlines = right_downlines+1
WHERE `user_id` = 'JPDLRK';
UPDATE `user_registration` SET total_downlines = total_downlines+1
WHERE `user_id` = 'FGURJ3';
UPDATE `user_registration` SET right_downlines = right_downlines+1
WHERE `user_id` = 'FGURJ3';
UPDATE `user_registration` SET total_downlines = total_downlines+1
WHERE `user_id` = 'L2ZCMP';
UPDATE `user_registration` SET right_downlines = right_downlines+1
WHERE `user_id` = 'L2ZCMP';
UPDATE `user_registration` SET total_downlines = total_downlines+1
WHERE `user_id` = 'XOJI6Y';
UPDATE `user_registration` SET right_downlines = right_downlines+1
WHERE `user_id` = 'XOJI6Y';
UPDATE `user_registration` SET total_downlines = total_downlines+1
WHERE `user_id` = 'Z6E2C9';
UPDATE `user_registration` SET right_downlines = right_downlines+1
WHERE `user_id` = 'Z6E2C9';
UPDATE `user_registration` SET total_downlines = total_downlines+1
WHERE `user_id` = 'VT4PXI';
UPDATE `user_registration` SET right_downlines = right_downlines+1
WHERE `user_id` = 'VT4PXI';
UPDATE `user_registration` SET total_downlines = total_downlines+1
WHERE `user_id` = 'QKHYPY';
UPDATE `user_registration` SET right_downlines = right_downlines+1
WHERE `user_id` = 'QKHYPY';
UPDATE `user_registration` SET total_downlines = total_downlines+1
WHERE `user_id` = 'LN7PEK';
UPDATE `user_registration` SET right_downlines = right_downlines+1
WHERE `user_id` = 'LN7PEK';
UPDATE `user_registration` SET total_downlines = total_downlines+1
WHERE `user_id` = 'LYDDQ5';
UPDATE `user_registration` SET right_downlines = right_downlines+1
WHERE `user_id` = 'LYDDQ5';
UPDATE `user_registration` SET total_downlines = total_downlines+1
WHERE `user_id` = '6UO8TB';
UPDATE `user_registration` SET right_downlines = right_downlines+1
WHERE `user_id` = '6UO8TB';
UPDATE `user_registration` SET total_downlines = total_downlines+1
WHERE `user_id` = 'GPRO3Q';
UPDATE `user_registration` SET right_downlines = right_downlines+1
WHERE `user_id` = 'GPRO3Q';
UPDATE `user_registration` SET total_downlines = total_downlines+1
WHERE `user_id` = 'MBPRQB';
UPDATE `user_registration` SET right_downlines = right_downlines+1
WHERE `user_id` = 'MBPRQB';
UPDATE `user_registration` SET total_downlines = total_downlines+1
WHERE `user_id` = 'X1RH6U';
UPDATE `user_registration` SET right_downlines = right_downlines+1
WHERE `user_id` = 'X1RH6U';
UPDATE `user_registration` SET total_downlines = total_downlines+1
WHERE `user_id` = 'HHALCM';
UPDATE `user_registration` SET right_downlines = right_downlines+1
WHERE `user_id` = 'HHALCM';
UPDATE `user_registration` SET total_downlines = total_downlines+1
WHERE `user_id` = '7WQBA7';
UPDATE `user_registration` SET right_downlines = right_downlines+1
WHERE `user_id` = '7WQBA7';
UPDATE `user_registration` SET total_downlines = total_downlines+1
WHERE `user_id` = 'QPNZO1';
UPDATE `user_registration` SET right_downlines = right_downlines+1
WHERE `user_id` = 'QPNZO1';
UPDATE `user_registration` SET total_downlines = total_downlines+1
WHERE `user_id` = 'KCF78M';
UPDATE `user_registration` SET right_downlines = right_downlines+1
WHERE `user_id` = 'KCF78M';
UPDATE `user_registration` SET total_downlines = total_downlines+1
WHERE `user_id` = '7RY1ZP';
UPDATE `user_registration` SET right_downlines = right_downlines+1
WHERE `user_id` = '7RY1ZP';
UPDATE `user_registration` SET total_downlines = total_downlines+1
WHERE `user_id` = 'ADZTOG';
UPDATE `user_registration` SET right_downlines = right_downlines+1
WHERE `user_id` = 'ADZTOG';
UPDATE `user_registration` SET total_downlines = total_downlines+1
WHERE `user_id` = 'A9858P';
UPDATE `user_registration` SET right_downlines = right_downlines+1
WHERE `user_id` = 'A9858P';
UPDATE `user_registration` SET total_downlines = total_downlines+1
WHERE `user_id` = 'admin';
UPDATE `user_registration` SET right_downlines = right_downlines+1
WHERE `user_id` = 'admin';
INSERT INTO `investment` (`invest_date`, `user_id`, `type`, `amount`, `package_id`) VALUES ('2024-10-10 11:13:45', 'VKJUTJ', 'register', '595', '2');
INSERT INTO `earnings` (`user_id`, `Purchaser_id`, `earning_type`, `package_id`, `amount`, `date`, `comments`, `invest_amount`, `comm_perc`, `level`, `rank_id`, `order_id`) VALUES ('4YA81C', 'VKJUTJ', 'Direct Referral Bonus', '2', '100', '2024-10-10 11:13:45', 'Direct Referral Bonus', 0, 0, 1, '', 1044);
UPDATE `user_registration` SET commission_balance = ROUND(commission_balance + 100,2)
WHERE `user_id` = '4YA81C';
UPDATE `user_registration` SET referral_bonus = ROUND(referral_bonus + 100,2)
WHERE `user_id` = '4YA81C';
INSERT INTO `earnings` (`user_id`, `Purchaser_id`, `earning_type`, `package_id`, `amount`, `date`, `comments`, `invest_amount`, `comm_perc`, `level`, `rank_id`, `order_id`) VALUES ('A9858P', 'VKJUTJ', 'Expansion Bonus', '2', 280, '2024-10-10 11:13:45', 'Expansion Bonus', '100', 0, 1, '', 1044);
UPDATE `user_registration` SET commission_balance = ROUND(commission_balance + 280,2)
WHERE `user_id` = 'A9858P';
UPDATE `user_registration` SET expansion_bonus = ROUND(expansion_bonus + 280,2)
WHERE `user_id` = 'A9858P';
UPDATE `user_registration` SET total_points = ROUND(total_points + 50,2)
WHERE `user_id` = 'VKJUTJ';
INSERT INTO `points_history` (`user_id`, `points`, `type`, `date`) VALUES ('VKJUTJ', '50', 'register', '2024-10-10 11:13:');
INSERT INTO `matrix_filling` (`placement_id`, `downline_id`, `level`, `matrix`) VALUES ('EF3P4L', 'VKJUTJ', 1, 1);
UPDATE `bv_updation` SET left_carry = left_carry+50, total_left = total_left+50
WHERE `user_id` = 'EF3P4L';
INSERT INTO `placement_bv_update_history` (`left_carry`, `date`, `from_id`, `user_id`) VALUES ('50', '2024-10-10 11:13:45', 'VKJUTJ', 'EF3P4L');
INSERT INTO `matrix_filling` (`placement_id`, `downline_id`, `level`, `matrix`) VALUES ('ILZ8NG', 'VKJUTJ', 2, 1);
UPDATE `bv_updation` SET left_carry = left_carry+50, total_left = total_left+50
WHERE `user_id` = 'ILZ8NG';
INSERT INTO `placement_bv_update_history` (`left_carry`, `date`, `from_id`, `user_id`) VALUES ('50', '2024-10-10 11:13:45', 'VKJUTJ', 'ILZ8NG');
INSERT INTO `matrix_filling` (`placement_id`, `downline_id`, `level`, `matrix`) VALUES ('4YA81C', 'VKJUTJ', 3, 1);
UPDATE `bv_updation` SET left_carry = left_carry+50, total_left = total_left+50
WHERE `user_id` = '4YA81C';
INSERT INTO `placement_bv_update_history` (`left_carry`, `date`, `from_id`, `user_id`) VALUES ('50', '2024-10-10 11:13:45', 'VKJUTJ', '4YA81C');
UPDATE `bv_updation` SET sponsor_left_carry = sponsor_left_carry+50, sponsor_total_left = sponsor_total_left+50
WHERE `user_id` = '4YA81C';
INSERT INTO `sponsor_bv_update_history` (`left_carry`, `date`, `user_id`) VALUES ('50', '2024-10-10 11:13:45', '4YA81C');
INSERT INTO `matrix_filling` (`placement_id`, `downline_id`, `level`, `matrix`) VALUES ('G1CDHO', 'VKJUTJ', 4, 1);
UPDATE `bv_updation` SET right_carry = right_carry+50, total_right = total_right+50
WHERE `user_id` = 'G1CDHO';
INSERT INTO `placement_bv_update_history` (`right_carry`, `date`, `from_id`, `user_id`) VALUES ('50', '2024-10-10 11:13:45', 'VKJUTJ', 'G1CDHO');
INSERT INTO `matrix_filling` (`placement_id`, `downline_id`, `level`, `matrix`) VALUES ('9NGWQG', 'VKJUTJ', 5, 1);
UPDATE `bv_updation` SET right_carry = right_carry+50, total_right = total_right+50
WHERE `user_id` = '9NGWQG';
INSERT INTO `placement_bv_update_history` (`right_carry`, `date`, `from_id`, `user_id`) VALUES ('50', '2024-10-10 11:13:45', 'VKJUTJ', '9NGWQG');
INSERT INTO `matrix_filling` (`placement_id`, `downline_id`, `level`, `matrix`) VALUES ('R6J8K1', 'VKJUTJ', 6, 1);
UPDATE `bv_updation` SET right_carry = right_carry+50, total_right = total_right+50
WHERE `user_id` = 'R6J8K1';
INSERT INTO `placement_bv_update_history` (`right_carry`, `date`, `from_id`, `user_id`) VALUES ('50', '2024-10-10 11:13:45', 'VKJUTJ', 'R6J8K1');
INSERT INTO `matrix_filling` (`placement_id`, `downline_id`, `level`, `matrix`) VALUES ('G6ZQNS', 'VKJUTJ', 7, 1);
UPDATE `bv_updation` SET right_carry = right_carry+50, total_right = total_right+50
WHERE `user_id` = 'G6ZQNS';
INSERT INTO `placement_bv_update_history` (`right_carry`, `date`, `from_id`, `user_id`) VALUES ('50', '2024-10-10 11:13:45', 'VKJUTJ', 'G6ZQNS');
INSERT INTO `matrix_filling` (`placement_id`, `downline_id`, `level`, `matrix`) VALUES ('M4FVZR', 'VKJUTJ', 8, 1);
UPDATE `bv_updation` SET right_carry = right_carry+50, total_right = total_right+50
WHERE `user_id` = 'M4FVZR';
INSERT INTO `placement_bv_update_history` (`right_carry`, `date`, `from_id`, `user_id`) VALUES ('50', '2024-10-10 11:13:45', 'VKJUTJ', 'M4FVZR');
INSERT INTO `matrix_filling` (`placement_id`, `downline_id`, `level`, `matrix`) VALUES ('5ZLRWM', 'VKJUTJ', 9, 1);
UPDATE `bv_updation` SET right_carry = right_carry+50, total_right = total_right+50
WHERE `user_id` = '5ZLRWM';
INSERT INTO `placement_bv_update_history` (`right_carry`, `date`, `from_id`, `user_id`) VALUES ('50', '2024-10-10 11:13:45', 'VKJUTJ', '5ZLRWM');
INSERT INTO `matrix_filling` (`placement_id`, `downline_id`, `level`, `matrix`) VALUES ('JPDLRK', 'VKJUTJ', 10, 1);
UPDATE `bv_updation` SET right_carry = right_carry+50, total_right = total_right+50
WHERE `user_id` = 'JPDLRK';
INSERT INTO `placement_bv_update_history` (`right_carry`, `date`, `from_id`, `user_id`) VALUES ('50', '2024-10-10 11:13:45', 'VKJUTJ', 'JPDLRK');
INSERT INTO `matrix_filling` (`placement_id`, `downline_id`, `level`, `matrix`) VALUES ('FGURJ3', 'VKJUTJ', 11, 1);
UPDATE `bv_updation` SET right_carry = right_carry+50, total_right = total_right+50
WHERE `user_id` = 'FGURJ3';
INSERT INTO `placement_bv_update_history` (`right_carry`, `date`, `from_id`, `user_id`) VALUES ('50', '2024-10-10 11:13:45', 'VKJUTJ', 'FGURJ3');
INSERT INTO `matrix_filling` (`placement_id`, `downline_id`, `level`, `matrix`) VALUES ('L2ZCMP', 'VKJUTJ', 12, 1);
UPDATE `bv_updation` SET right_carry = right_carry+50, total_right = total_right+50
WHERE `user_id` = 'L2ZCMP';
INSERT INTO `placement_bv_update_history` (`right_carry`, `date`, `from_id`, `user_id`) VALUES ('50', '2024-10-10 11:13:45', 'VKJUTJ', 'L2ZCMP');
INSERT INTO `matrix_filling` (`placement_id`, `downline_id`, `level`, `matrix`) VALUES ('XOJI6Y', 'VKJUTJ', 13, 1);
UPDATE `bv_updation` SET right_carry = right_carry+50, total_right = total_right+50
WHERE `user_id` = 'XOJI6Y';
INSERT INTO `placement_bv_update_history` (`right_carry`, `date`, `from_id`, `user_id`) VALUES ('50', '2024-10-10 11:13:45', 'VKJUTJ', 'XOJI6Y');
INSERT INTO `matrix_filling` (`placement_id`, `downline_id`, `level`, `matrix`) VALUES ('Z6E2C9', 'VKJUTJ', 14, 1);
UPDATE `bv_updation` SET right_carry = right_carry+50, total_right = total_right+50
WHERE `user_id` = 'Z6E2C9';
INSERT INTO `placement_bv_update_history` (`right_carry`, `date`, `from_id`, `user_id`) VALUES ('50', '2024-10-10 11:13:45', 'VKJUTJ', 'Z6E2C9');
INSERT INTO `matrix_filling` (`placement_id`, `downline_id`, `level`, `matrix`) VALUES ('VT4PXI', 'VKJUTJ', 15, 1);
UPDATE `bv_updation` SET right_carry = right_carry+50, total_right = total_right+50
WHERE `user_id` = 'VT4PXI';
INSERT INTO `placement_bv_update_history` (`right_carry`, `date`, `from_id`, `user_id`) VALUES ('50', '2024-10-10 11:13:45', 'VKJUTJ', 'VT4PXI');
INSERT INTO `matrix_filling` (`placement_id`, `downline_id`, `level`, `matrix`) VALUES ('QKHYPY', 'VKJUTJ', 16, 1);
UPDATE `bv_updation` SET right_carry = right_carry+50, total_right = total_right+50
WHERE `user_id` = 'QKHYPY';
INSERT INTO `placement_bv_update_history` (`right_carry`, `date`, `from_id`, `user_id`) VALUES ('50', '2024-10-10 11:13:45', 'VKJUTJ', 'QKHYPY');
INSERT INTO `matrix_filling` (`placement_id`, `downline_id`, `level`, `matrix`) VALUES ('LN7PEK', 'VKJUTJ', 17, 1);
UPDATE `bv_updation` SET right_carry = right_carry+50, total_right = total_right+50
WHERE `user_id` = 'LN7PEK';
INSERT INTO `placement_bv_update_history` (`right_carry`, `date`, `from_id`, `user_id`) VALUES ('50', '2024-10-10 11:13:45', 'VKJUTJ', 'LN7PEK');
INSERT INTO `matrix_filling` (`placement_id`, `downline_id`, `level`, `matrix`) VALUES ('LYDDQ5', 'VKJUTJ', 18, 1);
UPDATE `bv_updation` SET right_carry = right_carry+50, total_right = total_right+50
WHERE `user_id` = 'LYDDQ5';
INSERT INTO `placement_bv_update_history` (`right_carry`, `date`, `from_id`, `user_id`) VALUES ('50', '2024-10-10 11:13:45', 'VKJUTJ', 'LYDDQ5');
INSERT INTO `matrix_filling` (`placement_id`, `downline_id`, `level`, `matrix`) VALUES ('6UO8TB', 'VKJUTJ', 19, 1);
UPDATE `bv_updation` SET right_carry = right_carry+50, total_right = total_right+50
WHERE `user_id` = '6UO8TB';
INSERT INTO `placement_bv_update_history` (`right_carry`, `date`, `from_id`, `user_id`) VALUES ('50', '2024-10-10 11:13:45', 'VKJUTJ', '6UO8TB');
INSERT INTO `matrix_filling` (`placement_id`, `downline_id`, `level`, `matrix`) VALUES ('GPRO3Q', 'VKJUTJ', 20, 1);
UPDATE `bv_updation` SET right_carry = right_carry+50, total_right = total_right+50
WHERE `user_id` = 'GPRO3Q';
INSERT INTO `placement_bv_update_history` (`right_carry`, `date`, `from_id`, `user_id`) VALUES ('50', '2024-10-10 11:13:45', 'VKJUTJ', 'GPRO3Q');
INSERT INTO `matrix_filling` (`placement_id`, `downline_id`, `level`, `matrix`) VALUES ('MBPRQB', 'VKJUTJ', 21, 1);
UPDATE `bv_updation` SET right_carry = right_carry+50, total_right = total_right+50
WHERE `user_id` = 'MBPRQB';
INSERT INTO `placement_bv_update_history` (`right_carry`, `date`, `from_id`, `user_id`) VALUES ('50', '2024-10-10 11:13:45', 'VKJUTJ', 'MBPRQB');
INSERT INTO `matrix_filling` (`placement_id`, `downline_id`, `level`, `matrix`) VALUES ('X1RH6U', 'VKJUTJ', 22, 1);
UPDATE `bv_updation` SET right_carry = right_carry+50, total_right = total_right+50
WHERE `user_id` = 'X1RH6U';
INSERT INTO `placement_bv_update_history` (`right_carry`, `date`, `from_id`, `user_id`) VALUES ('50', '2024-10-10 11:13:45', 'VKJUTJ', 'X1RH6U');
INSERT INTO `matrix_filling` (`placement_id`, `downline_id`, `level`, `matrix`) VALUES ('HHALCM', 'VKJUTJ', 23, 1);
UPDATE `bv_updation` SET right_carry = right_carry+50, total_right = total_right+50
WHERE `user_id` = 'HHALCM';
INSERT INTO `placement_bv_update_history` (`right_carry`, `date`, `from_id`, `user_id`) VALUES ('50', '2024-10-10 11:13:45', 'VKJUTJ', 'HHALCM');
INSERT INTO `matrix_filling` (`placement_id`, `downline_id`, `level`, `matrix`) VALUES ('7WQBA7', 'VKJUTJ', 24, 1);
UPDATE `bv_updation` SET right_carry = right_carry+50, total_right = total_right+50
WHERE `user_id` = '7WQBA7';
INSERT INTO `placement_bv_update_history` (`right_carry`, `date`, `from_id`, `user_id`) VALUES ('50', '2024-10-10 11:13:45', 'VKJUTJ', '7WQBA7');
INSERT INTO `matrix_filling` (`placement_id`, `downline_id`, `level`, `matrix`) VALUES ('QPNZO1', 'VKJUTJ', 25, 1);
UPDATE `bv_updation` SET right_carry = right_carry+50, total_right = total_right+50
WHERE `user_id` = 'QPNZO1';
INSERT INTO `placement_bv_update_history` (`right_carry`, `date`, `from_id`, `user_id`) VALUES ('50', '2024-10-10 11:13:45', 'VKJUTJ', 'QPNZO1');
INSERT INTO `matrix_filling` (`placement_id`, `downline_id`, `level`, `matrix`) VALUES ('KCF78M', 'VKJUTJ', 26, 1);
UPDATE `bv_updation` SET right_carry = right_carry+50, total_right = total_right+50
WHERE `user_id` = 'KCF78M';
INSERT INTO `placement_bv_update_history` (`right_carry`, `date`, `from_id`, `user_id`) VALUES ('50', '2024-10-10 11:13:45', 'VKJUTJ', 'KCF78M');
INSERT INTO `matrix_filling` (`placement_id`, `downline_id`, `level`, `matrix`) VALUES ('7RY1ZP', 'VKJUTJ', 27, 1);
UPDATE `bv_updation` SET right_carry = right_carry+50, total_right = total_right+50
WHERE `user_id` = '7RY1ZP';
INSERT INTO `placement_bv_update_history` (`right_carry`, `date`, `from_id`, `user_id`) VALUES ('50', '2024-10-10 11:13:45', 'VKJUTJ', '7RY1ZP');
INSERT INTO `matrix_filling` (`placement_id`, `downline_id`, `level`, `matrix`) VALUES ('ADZTOG', 'VKJUTJ', 28, 1);
UPDATE `bv_updation` SET right_carry = right_carry+50, total_right = total_right+50
WHERE `user_id` = 'ADZTOG';
INSERT INTO `placement_bv_update_history` (`right_carry`, `date`, `from_id`, `user_id`) VALUES ('50', '2024-10-10 11:13:45', 'VKJUTJ', 'ADZTOG');
INSERT INTO `matrix_filling` (`placement_id`, `downline_id`, `level`, `matrix`) VALUES ('A9858P', 'VKJUTJ', 29, 1);
UPDATE `bv_updation` SET right_carry = right_carry+50, total_right = total_right+50
WHERE `user_id` = 'A9858P';
INSERT INTO `placement_bv_update_history` (`right_carry`, `date`, `from_id`, `user_id`) VALUES ('50', '2024-10-10 11:13:45', 'VKJUTJ', 'A9858P');
INSERT INTO `matrix_filling` (`placement_id`, `downline_id`, `level`, `matrix`) VALUES ('admin', 'VKJUTJ', 30, 1);
UPDATE `bv_updation` SET right_carry = right_carry+50, total_right = total_right+50
WHERE `user_id` = 'admin';
INSERT INTO `placement_bv_update_history` (`right_carry`, `date`, `from_id`, `user_id`) VALUES ('50', '2024-10-10 11:13:45', 'VKJUTJ', 'admin');
INSERT INTO `package_purchase_history` (`user_id`, `package_id`, `reg_fee`, `package_name`, `monthly_fee`, `type`, `date`, `payment_option`) VALUES ('VKJUTJ', '2', '595', 'Traveler Pro', '150', 'sign_up', '2024-10-10 11:13:45', 'free');
UPDATE `user_registration` SET `popup_seen` = 'yes'
WHERE `user_id` = 'A9858P';
UPDATE `user_registration` SET `popup_seen` = 'no'
WHERE `user_id` = 'A9858P';
DELETE FROM `ci_sessions`
WHERE `id` = 'fed94c5f60796cf069f08151299c865322085e19';
UPDATE `user_registration` SET `uid` = '3104', `user_id` = 'FUR4NG', `username` = 'americo2', `sponsor_id` = '4YA81C', `vacant` = 'no', `f_name` = 'Americo', `l_name` = 'Rey', `address` = '6520 Kendale Lakes Dr', `position` = 'left', `email` = 'americo2@gmail.com', `password` = '92df1f5299e3ebc7e041ca82cc44d37a', `phone` = '3057610606', `country` = 'United States', `state` = 'Florida', `city` = 'Miami', `street` = '6520 Kendale Lakes Dr', `zip_code` = '33183', `reg_ip` = '108.162.212.53', `status` = 1, `package_id` = '2', `rank_id` = 1, `highest_rank` = 1, `cycle_rank_id` = 1, `created` = '2024-10-10 11:15:04', `subscription_date` = '2024-11-09', `google_secret` = 'UN5EWK7J3IHMN4GE'
WHERE `uid` = '3104';
INSERT INTO `user_registration` (`uid`, `user_id`, `username`, `sponsor_id`, `placement_id`, `vacant`, `f_name`, `l_name`, `address`, `position`, `email`, `password`, `phone`, `reg_ip`, `status`, `created`) VALUES (NULL, 'PGHFKV', 'paEPTZZE', 'FUR4NG', 'FUR4NG', 'yes', '', '', '', 'left', '@mail.com', '', '', '', 0, '2024-10-10 11:15:04');
INSERT INTO `user_registration` (`uid`, `user_id`, `username`, `sponsor_id`, `placement_id`, `vacant`, `f_name`, `l_name`, `address`, `position`, `email`, `password`, `phone`, `reg_ip`, `status`, `created`) VALUES (NULL, 'IHCEFF', 'OSaNNoBj', 'FUR4NG', 'FUR4NG', 'yes', '', '', '', 'right', '@mail.com', '', '', '', 0, '2024-10-10 11:15:04');
INSERT INTO `bv_updation` (`user_id`) VALUES ('FUR4NG');
UPDATE `user_registration` SET total_ref_count = total_ref_count+1
WHERE `user_id` = '4YA81C';
UPDATE `user_registration` SET total_downlines = total_downlines+1
WHERE `user_id` = 'VKJUTJ';
UPDATE `user_registration` SET left_downlines = left_downlines+1
WHERE `user_id` = 'VKJUTJ';
UPDATE `user_registration` SET total_downlines = total_downlines+1
WHERE `user_id` = 'EF3P4L';
UPDATE `user_registration` SET left_downlines = left_downlines+1
WHERE `user_id` = 'EF3P4L';
UPDATE `user_registration` SET total_downlines = total_downlines+1
WHERE `user_id` = 'ILZ8NG';
UPDATE `user_registration` SET left_downlines = left_downlines+1
WHERE `user_id` = 'ILZ8NG';
UPDATE `user_registration` SET total_downlines = total_downlines+1
WHERE `user_id` = '4YA81C';
UPDATE `user_registration` SET left_downlines = left_downlines+1
WHERE `user_id` = '4YA81C';
UPDATE `user_registration` SET left_ref_count = left_ref_count+1
WHERE `user_id` = '4YA81C';
UPDATE `user_registration` SET active_left = active_left+1
WHERE `user_id` = '4YA81C';
UPDATE `user_registration` SET total_downlines = total_downlines+1
WHERE `user_id` = 'G1CDHO';
UPDATE `user_registration` SET right_downlines = right_downlines+1
WHERE `user_id` = 'G1CDHO';
UPDATE `user_registration` SET total_downlines = total_downlines+1
WHERE `user_id` = '9NGWQG';
UPDATE `user_registration` SET right_downlines = right_downlines+1
WHERE `user_id` = '9NGWQG';
UPDATE `user_registration` SET total_downlines = total_downlines+1
WHERE `user_id` = 'R6J8K1';
UPDATE `user_registration` SET right_downlines = right_downlines+1
WHERE `user_id` = 'R6J8K1';
UPDATE `user_registration` SET total_downlines = total_downlines+1
WHERE `user_id` = 'G6ZQNS';
UPDATE `user_registration` SET right_downlines = right_downlines+1
WHERE `user_id` = 'G6ZQNS';
UPDATE `user_registration` SET total_downlines = total_downlines+1
WHERE `user_id` = 'M4FVZR';
UPDATE `user_registration` SET right_downlines = right_downlines+1
WHERE `user_id` = 'M4FVZR';
UPDATE `user_registration` SET total_downlines = total_downlines+1
WHERE `user_id` = '5ZLRWM';
UPDATE `user_registration` SET right_downlines = right_downlines+1
WHERE `user_id` = '5ZLRWM';
UPDATE `user_registration` SET total_downlines = total_downlines+1
WHERE `user_id` = 'JPDLRK';
UPDATE `user_registration` SET right_downlines = right_downlines+1
WHERE `user_id` = 'JPDLRK';
UPDATE `user_registration` SET total_downlines = total_downlines+1
WHERE `user_id` = 'FGURJ3';
UPDATE `user_registration` SET right_downlines = right_downlines+1
WHERE `user_id` = 'FGURJ3';
UPDATE `user_registration` SET total_downlines = total_downlines+1
WHERE `user_id` = 'L2ZCMP';
UPDATE `user_registration` SET right_downlines = right_downlines+1
WHERE `user_id` = 'L2ZCMP';
UPDATE `user_registration` SET total_downlines = total_downlines+1
WHERE `user_id` = 'XOJI6Y';
UPDATE `user_registration` SET right_downlines = right_downlines+1
WHERE `user_id` = 'XOJI6Y';
UPDATE `user_registration` SET total_downlines = total_downlines+1
WHERE `user_id` = 'Z6E2C9';
UPDATE `user_registration` SET right_downlines = right_downlines+1
WHERE `user_id` = 'Z6E2C9';
UPDATE `user_registration` SET total_downlines = total_downlines+1
WHERE `user_id` = 'VT4PXI';
UPDATE `user_registration` SET right_downlines = right_downlines+1
WHERE `user_id` = 'VT4PXI';
UPDATE `user_registration` SET total_downlines = total_downlines+1
WHERE `user_id` = 'QKHYPY';
UPDATE `user_registration` SET right_downlines = right_downlines+1
WHERE `user_id` = 'QKHYPY';
UPDATE `user_registration` SET total_downlines = total_downlines+1
WHERE `user_id` = 'LN7PEK';
UPDATE `user_registration` SET right_downlines = right_downlines+1
WHERE `user_id` = 'LN7PEK';
UPDATE `user_registration` SET total_downlines = total_downlines+1
WHERE `user_id` = 'LYDDQ5';
UPDATE `user_registration` SET right_downlines = right_downlines+1
WHERE `user_id` = 'LYDDQ5';
UPDATE `user_registration` SET total_downlines = total_downlines+1
WHERE `user_id` = '6UO8TB';
UPDATE `user_registration` SET right_downlines = right_downlines+1
WHERE `user_id` = '6UO8TB';
UPDATE `user_registration` SET total_downlines = total_downlines+1
WHERE `user_id` = 'GPRO3Q';
UPDATE `user_registration` SET right_downlines = right_downlines+1
WHERE `user_id` = 'GPRO3Q';
UPDATE `user_registration` SET total_downlines = total_downlines+1
WHERE `user_id` = 'MBPRQB';
UPDATE `user_registration` SET right_downlines = right_downlines+1
WHERE `user_id` = 'MBPRQB';
UPDATE `user_registration` SET total_downlines = total_downlines+1
WHERE `user_id` = 'X1RH6U';
UPDATE `user_registration` SET right_downlines = right_downlines+1
WHERE `user_id` = 'X1RH6U';
UPDATE `user_registration` SET total_downlines = total_downlines+1
WHERE `user_id` = 'HHALCM';
UPDATE `user_registration` SET right_downlines = right_downlines+1
WHERE `user_id` = 'HHALCM';
UPDATE `user_registration` SET total_downlines = total_downlines+1
WHERE `user_id` = '7WQBA7';
UPDATE `user_registration` SET right_downlines = right_downlines+1
WHERE `user_id` = '7WQBA7';
UPDATE `user_registration` SET total_downlines = total_downlines+1
WHERE `user_id` = 'QPNZO1';
UPDATE `user_registration` SET right_downlines = right_downlines+1
WHERE `user_id` = 'QPNZO1';
UPDATE `user_registration` SET total_downlines = total_downlines+1
WHERE `user_id` = 'KCF78M';
UPDATE `user_registration` SET right_downlines = right_downlines+1
WHERE `user_id` = 'KCF78M';
UPDATE `user_registration` SET total_downlines = total_downlines+1
WHERE `user_id` = '7RY1ZP';
UPDATE `user_registration` SET right_downlines = right_downlines+1
WHERE `user_id` = '7RY1ZP';
UPDATE `user_registration` SET total_downlines = total_downlines+1
WHERE `user_id` = 'ADZTOG';
UPDATE `user_registration` SET right_downlines = right_downlines+1
WHERE `user_id` = 'ADZTOG';
UPDATE `user_registration` SET total_downlines = total_downlines+1
WHERE `user_id` = 'A9858P';
UPDATE `user_registration` SET right_downlines = right_downlines+1
WHERE `user_id` = 'A9858P';
UPDATE `user_registration` SET total_downlines = total_downlines+1
WHERE `user_id` = 'admin';
UPDATE `user_registration` SET right_downlines = right_downlines+1
WHERE `user_id` = 'admin';
INSERT INTO `investment` (`invest_date`, `user_id`, `type`, `amount`, `package_id`) VALUES ('2024-10-10 11:15:05', 'FUR4NG', 'register', '595', '2');
INSERT INTO `earnings` (`user_id`, `Purchaser_id`, `earning_type`, `package_id`, `amount`, `date`, `comments`, `invest_amount`, `comm_perc`, `level`, `rank_id`, `order_id`) VALUES ('4YA81C', 'FUR4NG', 'Direct Referral Bonus', '2', '100', '2024-10-10 11:15:05', 'Direct Referral Bonus', 0, 0, 1, '', 1045);
UPDATE `user_registration` SET commission_balance = ROUND(commission_balance + 100,2)
WHERE `user_id` = '4YA81C';
UPDATE `user_registration` SET referral_bonus = ROUND(referral_bonus + 100,2)
WHERE `user_id` = '4YA81C';
INSERT INTO `earnings` (`user_id`, `Purchaser_id`, `earning_type`, `package_id`, `amount`, `date`, `comments`, `invest_amount`, `comm_perc`, `level`, `rank_id`, `order_id`) VALUES ('A9858P', 'FUR4NG', 'Expansion Bonus', '2', 280, '2024-10-10 11:15:05', 'Expansion Bonus', '100', 0, 1, '', 1045);
UPDATE `user_registration` SET commission_balance = ROUND(commission_balance + 280,2)
WHERE `user_id` = 'A9858P';
UPDATE `user_registration` SET expansion_bonus = ROUND(expansion_bonus + 280,2)
WHERE `user_id` = 'A9858P';
UPDATE `user_registration` SET total_points = ROUND(total_points + 50,2)
WHERE `user_id` = 'FUR4NG';
INSERT INTO `points_history` (`user_id`, `points`, `type`, `date`) VALUES ('FUR4NG', '50', 'register', '2024-10-10 11:15:');
INSERT INTO `matrix_filling` (`placement_id`, `downline_id`, `level`, `matrix`) VALUES ('VKJUTJ', 'FUR4NG', 1, 1);
UPDATE `bv_updation` SET left_carry = left_carry+50, total_left = total_left+50
WHERE `user_id` = 'VKJUTJ';
INSERT INTO `placement_bv_update_history` (`left_carry`, `date`, `from_id`, `user_id`) VALUES ('50', '2024-10-10 11:15:05', 'FUR4NG', 'VKJUTJ');
INSERT INTO `matrix_filling` (`placement_id`, `downline_id`, `level`, `matrix`) VALUES ('EF3P4L', 'FUR4NG', 2, 1);
UPDATE `bv_updation` SET left_carry = left_carry+50, total_left = total_left+50
WHERE `user_id` = 'EF3P4L';
INSERT INTO `placement_bv_update_history` (`left_carry`, `date`, `from_id`, `user_id`) VALUES ('50', '2024-10-10 11:15:05', 'FUR4NG', 'EF3P4L');
INSERT INTO `matrix_filling` (`placement_id`, `downline_id`, `level`, `matrix`) VALUES ('ILZ8NG', 'FUR4NG', 3, 1);
UPDATE `bv_updation` SET left_carry = left_carry+50, total_left = total_left+50
WHERE `user_id` = 'ILZ8NG';
INSERT INTO `placement_bv_update_history` (`left_carry`, `date`, `from_id`, `user_id`) VALUES ('50', '2024-10-10 11:15:05', 'FUR4NG', 'ILZ8NG');
INSERT INTO `matrix_filling` (`placement_id`, `downline_id`, `level`, `matrix`) VALUES ('4YA81C', 'FUR4NG', 4, 1);
UPDATE `bv_updation` SET left_carry = left_carry+50, total_left = total_left+50
WHERE `user_id` = '4YA81C';
INSERT INTO `placement_bv_update_history` (`left_carry`, `date`, `from_id`, `user_id`) VALUES ('50', '2024-10-10 11:15:05', 'FUR4NG', '4YA81C');
UPDATE `bv_updation` SET sponsor_left_carry = sponsor_left_carry+50, sponsor_total_left = sponsor_total_left+50
WHERE `user_id` = '4YA81C';
INSERT INTO `sponsor_bv_update_history` (`left_carry`, `date`, `user_id`) VALUES ('50', '2024-10-10 11:15:05', '4YA81C');
INSERT INTO `matrix_filling` (`placement_id`, `downline_id`, `level`, `matrix`) VALUES ('G1CDHO', 'FUR4NG', 5, 1);
UPDATE `bv_updation` SET right_carry = right_carry+50, total_right = total_right+50
WHERE `user_id` = 'G1CDHO';
INSERT INTO `placement_bv_update_history` (`right_carry`, `date`, `from_id`, `user_id`) VALUES ('50', '2024-10-10 11:15:05', 'FUR4NG', 'G1CDHO');
INSERT INTO `matrix_filling` (`placement_id`, `downline_id`, `level`, `matrix`) VALUES ('9NGWQG', 'FUR4NG', 6, 1);
UPDATE `bv_updation` SET right_carry = right_carry+50, total_right = total_right+50
WHERE `user_id` = '9NGWQG';
INSERT INTO `placement_bv_update_history` (`right_carry`, `date`, `from_id`, `user_id`) VALUES ('50', '2024-10-10 11:15:05', 'FUR4NG', '9NGWQG');
INSERT INTO `matrix_filling` (`placement_id`, `downline_id`, `level`, `matrix`) VALUES ('R6J8K1', 'FUR4NG', 7, 1);
UPDATE `bv_updation` SET right_carry = right_carry+50, total_right = total_right+50
WHERE `user_id` = 'R6J8K1';
INSERT INTO `placement_bv_update_history` (`right_carry`, `date`, `from_id`, `user_id`) VALUES ('50', '2024-10-10 11:15:05', 'FUR4NG', 'R6J8K1');
INSERT INTO `matrix_filling` (`placement_id`, `downline_id`, `level`, `matrix`) VALUES ('G6ZQNS', 'FUR4NG', 8, 1);
UPDATE `bv_updation` SET right_carry = right_carry+50, total_right = total_right+50
WHERE `user_id` = 'G6ZQNS';
INSERT INTO `placement_bv_update_history` (`right_carry`, `date`, `from_id`, `user_id`) VALUES ('50', '2024-10-10 11:15:05', 'FUR4NG', 'G6ZQNS');
INSERT INTO `matrix_filling` (`placement_id`, `downline_id`, `level`, `matrix`) VALUES ('M4FVZR', 'FUR4NG', 9, 1);
UPDATE `bv_updation` SET right_carry = right_carry+50, total_right = total_right+50
WHERE `user_id` = 'M4FVZR';
INSERT INTO `placement_bv_update_history` (`right_carry`, `date`, `from_id`, `user_id`) VALUES ('50', '2024-10-10 11:15:05', 'FUR4NG', 'M4FVZR');
INSERT INTO `matrix_filling` (`placement_id`, `downline_id`, `level`, `matrix`) VALUES ('5ZLRWM', 'FUR4NG', 10, 1);
UPDATE `bv_updation` SET right_carry = right_carry+50, total_right = total_right+50
WHERE `user_id` = '5ZLRWM';
INSERT INTO `placement_bv_update_history` (`right_carry`, `date`, `from_id`, `user_id`) VALUES ('50', '2024-10-10 11:15:05', 'FUR4NG', '5ZLRWM');
INSERT INTO `matrix_filling` (`placement_id`, `downline_id`, `level`, `matrix`) VALUES ('JPDLRK', 'FUR4NG', 11, 1);
UPDATE `bv_updation` SET right_carry = right_carry+50, total_right = total_right+50
WHERE `user_id` = 'JPDLRK';
INSERT INTO `placement_bv_update_history` (`right_carry`, `date`, `from_id`, `user_id`) VALUES ('50', '2024-10-10 11:15:05', 'FUR4NG', 'JPDLRK');
INSERT INTO `matrix_filling` (`placement_id`, `downline_id`, `level`, `matrix`) VALUES ('FGURJ3', 'FUR4NG', 12, 1);
UPDATE `bv_updation` SET right_carry = right_carry+50, total_right = total_right+50
WHERE `user_id` = 'FGURJ3';
INSERT INTO `placement_bv_update_history` (`right_carry`, `date`, `from_id`, `user_id`) VALUES ('50', '2024-10-10 11:15:05', 'FUR4NG', 'FGURJ3');
INSERT INTO `matrix_filling` (`placement_id`, `downline_id`, `level`, `matrix`) VALUES ('L2ZCMP', 'FUR4NG', 13, 1);
UPDATE `bv_updation` SET right_carry = right_carry+50, total_right = total_right+50
WHERE `user_id` = 'L2ZCMP';
INSERT INTO `placement_bv_update_history` (`right_carry`, `date`, `from_id`, `user_id`) VALUES ('50', '2024-10-10 11:15:05', 'FUR4NG', 'L2ZCMP');
INSERT INTO `matrix_filling` (`placement_id`, `downline_id`, `level`, `matrix`) VALUES ('XOJI6Y', 'FUR4NG', 14, 1);
UPDATE `bv_updation` SET right_carry = right_carry+50, total_right = total_right+50
WHERE `user_id` = 'XOJI6Y';
INSERT INTO `placement_bv_update_history` (`right_carry`, `date`, `from_id`, `user_id`) VALUES ('50', '2024-10-10 11:15:05', 'FUR4NG', 'XOJI6Y');
INSERT INTO `matrix_filling` (`placement_id`, `downline_id`, `level`, `matrix`) VALUES ('Z6E2C9', 'FUR4NG', 15, 1);
UPDATE `bv_updation` SET right_carry = right_carry+50, total_right = total_right+50
WHERE `user_id` = 'Z6E2C9';
INSERT INTO `placement_bv_update_history` (`right_carry`, `date`, `from_id`, `user_id`) VALUES ('50', '2024-10-10 11:15:05', 'FUR4NG', 'Z6E2C9');
INSERT INTO `matrix_filling` (`placement_id`, `downline_id`, `level`, `matrix`) VALUES ('VT4PXI', 'FUR4NG', 16, 1);
UPDATE `bv_updation` SET right_carry = right_carry+50, total_right = total_right+50
WHERE `user_id` = 'VT4PXI';
INSERT INTO `placement_bv_update_history` (`right_carry`, `date`, `from_id`, `user_id`) VALUES ('50', '2024-10-10 11:15:05', 'FUR4NG', 'VT4PXI');
INSERT INTO `matrix_filling` (`placement_id`, `downline_id`, `level`, `matrix`) VALUES ('QKHYPY', 'FUR4NG', 17, 1);
UPDATE `bv_updation` SET right_carry = right_carry+50, total_right = total_right+50
WHERE `user_id` = 'QKHYPY';
INSERT INTO `placement_bv_update_history` (`right_carry`, `date`, `from_id`, `user_id`) VALUES ('50', '2024-10-10 11:15:05', 'FUR4NG', 'QKHYPY');
INSERT INTO `matrix_filling` (`placement_id`, `downline_id`, `level`, `matrix`) VALUES ('LN7PEK', 'FUR4NG', 18, 1);
UPDATE `bv_updation` SET right_carry = right_carry+50, total_right = total_right+50
WHERE `user_id` = 'LN7PEK';
INSERT INTO `placement_bv_update_history` (`right_carry`, `date`, `from_id`, `user_id`) VALUES ('50', '2024-10-10 11:15:05', 'FUR4NG', 'LN7PEK');
INSERT INTO `matrix_filling` (`placement_id`, `downline_id`, `level`, `matrix`) VALUES ('LYDDQ5', 'FUR4NG', 19, 1);
UPDATE `bv_updation` SET right_carry = right_carry+50, total_right = total_right+50
WHERE `user_id` = 'LYDDQ5';
INSERT INTO `placement_bv_update_history` (`right_carry`, `date`, `from_id`, `user_id`) VALUES ('50', '2024-10-10 11:15:05', 'FUR4NG', 'LYDDQ5');
INSERT INTO `matrix_filling` (`placement_id`, `downline_id`, `level`, `matrix`) VALUES ('6UO8TB', 'FUR4NG', 20, 1);
UPDATE `bv_updation` SET right_carry = right_carry+50, total_right = total_right+50
WHERE `user_id` = '6UO8TB';
INSERT INTO `placement_bv_update_history` (`right_carry`, `date`, `from_id`, `user_id`) VALUES ('50', '2024-10-10 11:15:05', 'FUR4NG', '6UO8TB');
INSERT INTO `matrix_filling` (`placement_id`, `downline_id`, `level`, `matrix`) VALUES ('GPRO3Q', 'FUR4NG', 21, 1);
UPDATE `bv_updation` SET right_carry = right_carry+50, total_right = total_right+50
WHERE `user_id` = 'GPRO3Q';
INSERT INTO `placement_bv_update_history` (`right_carry`, `date`, `from_id`, `user_id`) VALUES ('50', '2024-10-10 11:15:05', 'FUR4NG', 'GPRO3Q');
INSERT INTO `matrix_filling` (`placement_id`, `downline_id`, `level`, `matrix`) VALUES ('MBPRQB', 'FUR4NG', 22, 1);
UPDATE `bv_updation` SET right_carry = right_carry+50, total_right = total_right+50
WHERE `user_id` = 'MBPRQB';
INSERT INTO `placement_bv_update_history` (`right_carry`, `date`, `from_id`, `user_id`) VALUES ('50', '2024-10-10 11:15:05', 'FUR4NG', 'MBPRQB');
INSERT INTO `matrix_filling` (`placement_id`, `downline_id`, `level`, `matrix`) VALUES ('X1RH6U', 'FUR4NG', 23, 1);
UPDATE `bv_updation` SET right_carry = right_carry+50, total_right = total_right+50
WHERE `user_id` = 'X1RH6U';
INSERT INTO `placement_bv_update_history` (`right_carry`, `date`, `from_id`, `user_id`) VALUES ('50', '2024-10-10 11:15:05', 'FUR4NG', 'X1RH6U');
INSERT INTO `matrix_filling` (`placement_id`, `downline_id`, `level`, `matrix`) VALUES ('HHALCM', 'FUR4NG', 24, 1);
UPDATE `bv_updation` SET right_carry = right_carry+50, total_right = total_right+50
WHERE `user_id` = 'HHALCM';
INSERT INTO `placement_bv_update_history` (`right_carry`, `date`, `from_id`, `user_id`) VALUES ('50', '2024-10-10 11:15:05', 'FUR4NG', 'HHALCM');
INSERT INTO `matrix_filling` (`placement_id`, `downline_id`, `level`, `matrix`) VALUES ('7WQBA7', 'FUR4NG', 25, 1);
UPDATE `bv_updation` SET right_carry = right_carry+50, total_right = total_right+50
WHERE `user_id` = '7WQBA7';
INSERT INTO `placement_bv_update_history` (`right_carry`, `date`, `from_id`, `user_id`) VALUES ('50', '2024-10-10 11:15:05', 'FUR4NG', '7WQBA7');
INSERT INTO `matrix_filling` (`placement_id`, `downline_id`, `level`, `matrix`) VALUES ('QPNZO1', 'FUR4NG', 26, 1);
UPDATE `bv_updation` SET right_carry = right_carry+50, total_right = total_right+50
WHERE `user_id` = 'QPNZO1';
INSERT INTO `placement_bv_update_history` (`right_carry`, `date`, `from_id`, `user_id`) VALUES ('50', '2024-10-10 11:15:05', 'FUR4NG', 'QPNZO1');
INSERT INTO `matrix_filling` (`placement_id`, `downline_id`, `level`, `matrix`) VALUES ('KCF78M', 'FUR4NG', 27, 1);
UPDATE `bv_updation` SET right_carry = right_carry+50, total_right = total_right+50
WHERE `user_id` = 'KCF78M';
INSERT INTO `placement_bv_update_history` (`right_carry`, `date`, `from_id`, `user_id`) VALUES ('50', '2024-10-10 11:15:05', 'FUR4NG', 'KCF78M');
INSERT INTO `matrix_filling` (`placement_id`, `downline_id`, `level`, `matrix`) VALUES ('7RY1ZP', 'FUR4NG', 28, 1);
UPDATE `bv_updation` SET right_carry = right_carry+50, total_right = total_right+50
WHERE `user_id` = '7RY1ZP';
INSERT INTO `placement_bv_update_history` (`right_carry`, `date`, `from_id`, `user_id`) VALUES ('50', '2024-10-10 11:15:05', 'FUR4NG', '7RY1ZP');
INSERT INTO `matrix_filling` (`placement_id`, `downline_id`, `level`, `matrix`) VALUES ('ADZTOG', 'FUR4NG', 29, 1);
UPDATE `bv_updation` SET right_carry = right_carry+50, total_right = total_right+50
WHERE `user_id` = 'ADZTOG';
INSERT INTO `placement_bv_update_history` (`right_carry`, `date`, `from_id`, `user_id`) VALUES ('50', '2024-10-10 11:15:05', 'FUR4NG', 'ADZTOG');
INSERT INTO `matrix_filling` (`placement_id`, `downline_id`, `level`, `matrix`) VALUES ('A9858P', 'FUR4NG', 30, 1);
UPDATE `bv_updation` SET right_carry = right_carry+50, total_right = total_right+50
WHERE `user_id` = 'A9858P';
INSERT INTO `placement_bv_update_history` (`right_carry`, `date`, `from_id`, `user_id`) VALUES ('50', '2024-10-10 11:15:05', 'FUR4NG', 'A9858P');
INSERT INTO `matrix_filling` (`placement_id`, `downline_id`, `level`, `matrix`) VALUES ('admin', 'FUR4NG', 31, 1);
UPDATE `bv_updation` SET right_carry = right_carry+50, total_right = total_right+50
WHERE `user_id` = 'admin';
INSERT INTO `placement_bv_update_history` (`right_carry`, `date`, `from_id`, `user_id`) VALUES ('50', '2024-10-10 11:15:05', 'FUR4NG', 'admin');
INSERT INTO `package_purchase_history` (`user_id`, `package_id`, `reg_fee`, `package_name`, `monthly_fee`, `type`, `date`, `payment_option`) VALUES ('FUR4NG', '2', '595', 'Traveler Pro', '150', 'sign_up', '2024-10-10 11:15:05', 'free');
INSERT INTO `login_history` (`user_id`, `device`, `ip_address`, `date`) VALUES ('6DEXJW', 'Mozilla/5.0 (Windows NT 10.0; Win64; x64) AppleWebKit/537.36 (KHTML, like Gecko) Chrome/129.0.0.0 Safari/537.36', '172.70.83.4', '24-10-10 11:15');
UPDATE `user_registration` SET `popup_seen` = 'yes'
WHERE `user_id` = '6DEXJW';
UPDATE `user_registration` SET `uid` = '2989', `user_id` = 'CMPXGW', `username` = 'aldo2', `sponsor_id` = '6DEXJW', `vacant` = 'no', `f_name` = 'Aldo', `l_name` = 'Camporota', `address` = '8100 SW 14 Terr', `position` = 'right', `email` = 'aldo2@gmail.com', `password` = '5ec0b6355d9a5fdb2996c5b9950cc1c6', `phone` = '7862876762', `country` = 'United States', `state` = 'Florida', `city` = 'Miami', `street` = '8100 SW 14 Terr', `zip_code` = '33144', `reg_ip` = '172.70.254.31', `status` = 1, `package_id` = '2', `rank_id` = 1, `highest_rank` = 1, `cycle_rank_id` = 1, `created` = '2024-10-10 11:16:41', `subscription_date` = '2024-11-09', `google_secret` = '3VFB4NZXQQKGJN7D'
WHERE `uid` = '2989';
INSERT INTO `user_registration` (`uid`, `user_id`, `username`, `sponsor_id`, `placement_id`, `vacant`, `f_name`, `l_name`, `address`, `position`, `email`, `password`, `phone`, `reg_ip`, `status`, `created`) VALUES (NULL, 'XZTZXG', 'ysmBoMmS', 'CMPXGW', 'CMPXGW', 'yes', '', '', '', 'left', '@mail.com', '', '', '', 0, '2024-10-10 11:16:41');
INSERT INTO `user_registration` (`uid`, `user_id`, `username`, `sponsor_id`, `placement_id`, `vacant`, `f_name`, `l_name`, `address`, `position`, `email`, `password`, `phone`, `reg_ip`, `status`, `created`) VALUES (NULL, 'VJOTDM', 'SGOfoXVP', 'CMPXGW', 'CMPXGW', 'yes', '', '', '', 'right', '@mail.com', '', '', '', 0, '2024-10-10 11:16:41');
INSERT INTO `bv_updation` (`user_id`) VALUES ('CMPXGW');
UPDATE `user_registration` SET total_ref_count = total_ref_count+1
WHERE `user_id` = '6DEXJW';
UPDATE `user_registration` SET total_downlines = total_downlines+1
WHERE `user_id` = 'ZG2BX4';
UPDATE `user_registration` SET right_downlines = right_downlines+1
WHERE `user_id` = 'ZG2BX4';
UPDATE `user_registration` SET total_downlines = total_downlines+1
WHERE `user_id` = '68C36C';
UPDATE `user_registration` SET right_downlines = right_downlines+1
WHERE `user_id` = '68C36C';
UPDATE `user_registration` SET total_downlines = total_downlines+1
WHERE `user_id` = '3CCEXB';
UPDATE `user_registration` SET right_downlines = right_downlines+1
WHERE `user_id` = '3CCEXB';
UPDATE `user_registration` SET total_downlines = total_downlines+1
WHERE `user_id` = '4XLOYS';
UPDATE `user_registration` SET right_downlines = right_downlines+1
WHERE `user_id` = '4XLOYS';
UPDATE `user_registration` SET total_downlines = total_downlines+1
WHERE `user_id` = 'AP7CE9';
UPDATE `user_registration` SET right_downlines = right_downlines+1
WHERE `user_id` = 'AP7CE9';
UPDATE `user_registration` SET total_downlines = total_downlines+1
WHERE `user_id` = '568VSI';
UPDATE `user_registration` SET right_downlines = right_downlines+1
WHERE `user_id` = '568VSI';
UPDATE `user_registration` SET total_downlines = total_downlines+1
WHERE `user_id` = 'CCLHRU';
UPDATE `user_registration` SET right_downlines = right_downlines+1
WHERE `user_id` = 'CCLHRU';
UPDATE `user_registration` SET total_downlines = total_downlines+1
WHERE `user_id` = '3LEN4B';
UPDATE `user_registration` SET right_downlines = right_downlines+1
WHERE `user_id` = '3LEN4B';
UPDATE `user_registration` SET total_downlines = total_downlines+1
WHERE `user_id` = '5ILHGT';
UPDATE `user_registration` SET right_downlines = right_downlines+1
WHERE `user_id` = '5ILHGT';
UPDATE `user_registration` SET total_downlines = total_downlines+1
WHERE `user_id` = 'JOWXDG';
UPDATE `user_registration` SET right_downlines = right_downlines+1
WHERE `user_id` = 'JOWXDG';
UPDATE `user_registration` SET total_downlines = total_downlines+1
WHERE `user_id` = 'DKLM6X';
UPDATE `user_registration` SET right_downlines = right_downlines+1
WHERE `user_id` = 'DKLM6X';
UPDATE `user_registration` SET total_downlines = total_downlines+1
WHERE `user_id` = 'EBHJLU';
UPDATE `user_registration` SET right_downlines = right_downlines+1
WHERE `user_id` = 'EBHJLU';
UPDATE `user_registration` SET total_downlines = total_downlines+1
WHERE `user_id` = 'Y9S3VV';
UPDATE `user_registration` SET right_downlines = right_downlines+1
WHERE `user_id` = 'Y9S3VV';
UPDATE `user_registration` SET total_downlines = total_downlines+1
WHERE `user_id` = 'BJ2EMM';
UPDATE `user_registration` SET right_downlines = right_downlines+1
WHERE `user_id` = 'BJ2EMM';
UPDATE `user_registration` SET total_downlines = total_downlines+1
WHERE `user_id` = 'D2QC3H';
UPDATE `user_registration` SET right_downlines = right_downlines+1
WHERE `user_id` = 'D2QC3H';
UPDATE `user_registration` SET total_downlines = total_downlines+1
WHERE `user_id` = 'FVHI2D';
UPDATE `user_registration` SET right_downlines = right_downlines+1
WHERE `user_id` = 'FVHI2D';
UPDATE `user_registration` SET total_downlines = total_downlines+1
WHERE `user_id` = 'KDTE1R';
UPDATE `user_registration` SET right_downlines = right_downlines+1
WHERE `user_id` = 'KDTE1R';
UPDATE `user_registration` SET total_downlines = total_downlines+1
WHERE `user_id` = '6YNZPL';
UPDATE `user_registration` SET right_downlines = right_downlines+1
WHERE `user_id` = '6YNZPL';
UPDATE `user_registration` SET total_downlines = total_downlines+1
WHERE `user_id` = 'D8MHLJ';
UPDATE `user_registration` SET right_downlines = right_downlines+1
WHERE `user_id` = 'D8MHLJ';
UPDATE `user_registration` SET total_downlines = total_downlines+1
WHERE `user_id` = 'WN7ZG7';
UPDATE `user_registration` SET right_downlines = right_downlines+1
WHERE `user_id` = 'WN7ZG7';
UPDATE `user_registration` SET total_downlines = total_downlines+1
WHERE `user_id` = 'A3HKL6';
UPDATE `user_registration` SET right_downlines = right_downlines+1
WHERE `user_id` = 'A3HKL6';
UPDATE `user_registration` SET total_downlines = total_downlines+1
WHERE `user_id` = 'RBFLKG';
UPDATE `user_registration` SET right_downlines = right_downlines+1
WHERE `user_id` = 'RBFLKG';
UPDATE `user_registration` SET total_downlines = total_downlines+1
WHERE `user_id` = 'L87333';
UPDATE `user_registration` SET right_downlines = right_downlines+1
WHERE `user_id` = 'L87333';
UPDATE `user_registration` SET total_downlines = total_downlines+1
WHERE `user_id` = 'IPVL3M';
UPDATE `user_registration` SET right_downlines = right_downlines+1
WHERE `user_id` = 'IPVL3M';
UPDATE `user_registration` SET total_downlines = total_downlines+1
WHERE `user_id` = 'MI1I8D';
UPDATE `user_registration` SET right_downlines = right_downlines+1
WHERE `user_id` = 'MI1I8D';
UPDATE `user_registration` SET total_downlines = total_downlines+1
WHERE `user_id` = '9TJJLG';
UPDATE `user_registration` SET right_downlines = right_downlines+1
WHERE `user_id` = '9TJJLG';
UPDATE `user_registration` SET total_downlines = total_downlines+1
WHERE `user_id` = '6DEXJW';
UPDATE `user_registration` SET right_downlines = right_downlines+1
WHERE `user_id` = '6DEXJW';
UPDATE `user_registration` SET right_ref_count = right_ref_count+1
WHERE `user_id` = '6DEXJW';
UPDATE `user_registration` SET active_right = active_right+1
WHERE `user_id` = '6DEXJW';
UPDATE `user_registration` SET total_downlines = total_downlines+1
WHERE `user_id` = 'DM1Y9N';
UPDATE `user_registration` SET right_downlines = right_downlines+1
WHERE `user_id` = 'DM1Y9N';
UPDATE `user_registration` SET total_downlines = total_downlines+1
WHERE `user_id` = 'A9858P';
UPDATE `user_registration` SET left_downlines = left_downlines+1
WHERE `user_id` = 'A9858P';
UPDATE `user_registration` SET total_downlines = total_downlines+1
WHERE `user_id` = 'admin';
UPDATE `user_registration` SET right_downlines = right_downlines+1
WHERE `user_id` = 'admin';
INSERT INTO `investment` (`invest_date`, `user_id`, `type`, `amount`, `package_id`) VALUES ('2024-10-10 11:16:41', 'CMPXGW', 'register', '595', '2');
INSERT INTO `earnings` (`user_id`, `Purchaser_id`, `earning_type`, `package_id`, `amount`, `date`, `comments`, `invest_amount`, `comm_perc`, `level`, `rank_id`, `order_id`) VALUES ('6DEXJW', 'CMPXGW', 'Direct Referral Bonus', '2', '200', '2024-10-10 11:16:41', 'Direct Referral Bonus', 0, 0, 1, '', 1046);
UPDATE `user_registration` SET commission_balance = ROUND(commission_balance + 200,2)
WHERE `user_id` = '6DEXJW';
UPDATE `user_registration` SET referral_bonus = ROUND(referral_bonus + 200,2)
WHERE `user_id` = '6DEXJW';
INSERT INTO `earnings` (`user_id`, `Purchaser_id`, `earning_type`, `package_id`, `amount`, `date`, `comments`, `invest_amount`, `comm_perc`, `level`, `rank_id`, `order_id`) VALUES ('DM1Y9N', 'CMPXGW', 'Expansion Bonus', '2', 100, '2024-10-10 11:16:41', 'Expansion Bonus', '200', 0, 1, '', 1046);
UPDATE `user_registration` SET commission_balance = ROUND(commission_balance + 100,2)
WHERE `user_id` = 'DM1Y9N';
UPDATE `user_registration` SET expansion_bonus = ROUND(expansion_bonus + 100,2)
WHERE `user_id` = 'DM1Y9N';
INSERT INTO `earnings` (`user_id`, `Purchaser_id`, `earning_type`, `package_id`, `amount`, `date`, `comments`, `invest_amount`, `comm_perc`, `level`, `rank_id`, `order_id`) VALUES ('A9858P', 'CMPXGW', 'Expansion Bonus', '2', 80, '2024-10-10 11:16:41', 'Expansion Bonus', 300, 0, 1, '', 1046);
UPDATE `user_registration` SET commission_balance = ROUND(commission_balance + 80,2)
WHERE `user_id` = 'A9858P';
UPDATE `user_registration` SET expansion_bonus = ROUND(expansion_bonus + 80,2)
WHERE `user_id` = 'A9858P';
UPDATE `user_registration` SET total_points = ROUND(total_points + 50,2)
WHERE `user_id` = 'CMPXGW';
INSERT INTO `points_history` (`user_id`, `points`, `type`, `date`) VALUES ('CMPXGW', '50', 'register', '2024-10-10 11:16:');
INSERT INTO `matrix_filling` (`placement_id`, `downline_id`, `level`, `matrix`) VALUES ('ZG2BX4', 'CMPXGW', 1, 1);
UPDATE `bv_updation` SET right_carry = right_carry+50, total_right = total_right+50
WHERE `user_id` = 'ZG2BX4';
INSERT INTO `placement_bv_update_history` (`right_carry`, `date`, `from_id`, `user_id`) VALUES ('50', '2024-10-10 11:16:41', 'CMPXGW', 'ZG2BX4');
INSERT INTO `matrix_filling` (`placement_id`, `downline_id`, `level`, `matrix`) VALUES ('68C36C', 'CMPXGW', 2, 1);
UPDATE `bv_updation` SET right_carry = right_carry+50, total_right = total_right+50
WHERE `user_id` = '68C36C';
INSERT INTO `placement_bv_update_history` (`right_carry`, `date`, `from_id`, `user_id`) VALUES ('50', '2024-10-10 11:16:41', 'CMPXGW', '68C36C');
INSERT INTO `matrix_filling` (`placement_id`, `downline_id`, `level`, `matrix`) VALUES ('3CCEXB', 'CMPXGW', 3, 1);
UPDATE `bv_updation` SET right_carry = right_carry+50, total_right = total_right+50
WHERE `user_id` = '3CCEXB';
INSERT INTO `placement_bv_update_history` (`right_carry`, `date`, `from_id`, `user_id`) VALUES ('50', '2024-10-10 11:16:41', 'CMPXGW', '3CCEXB');
INSERT INTO `matrix_filling` (`placement_id`, `downline_id`, `level`, `matrix`) VALUES ('4XLOYS', 'CMPXGW', 4, 1);
UPDATE `bv_updation` SET right_carry = right_carry+50, total_right = total_right+50
WHERE `user_id` = '4XLOYS';
INSERT INTO `placement_bv_update_history` (`right_carry`, `date`, `from_id`, `user_id`) VALUES ('50', '2024-10-10 11:16:41', 'CMPXGW', '4XLOYS');
INSERT INTO `matrix_filling` (`placement_id`, `downline_id`, `level`, `matrix`) VALUES ('AP7CE9', 'CMPXGW', 5, 1);
UPDATE `bv_updation` SET right_carry = right_carry+50, total_right = total_right+50
WHERE `user_id` = 'AP7CE9';
INSERT INTO `placement_bv_update_history` (`right_carry`, `date`, `from_id`, `user_id`) VALUES ('50', '2024-10-10 11:16:41', 'CMPXGW', 'AP7CE9');
INSERT INTO `matrix_filling` (`placement_id`, `downline_id`, `level`, `matrix`) VALUES ('568VSI', 'CMPXGW', 6, 1);
UPDATE `bv_updation` SET right_carry = right_carry+50, total_right = total_right+50
WHERE `user_id` = '568VSI';
INSERT INTO `placement_bv_update_history` (`right_carry`, `date`, `from_id`, `user_id`) VALUES ('50', '2024-10-10 11:16:41', 'CMPXGW', '568VSI');
INSERT INTO `matrix_filling` (`placement_id`, `downline_id`, `level`, `matrix`) VALUES ('CCLHRU', 'CMPXGW', 7, 1);
UPDATE `bv_updation` SET right_carry = right_carry+50, total_right = total_right+50
WHERE `user_id` = 'CCLHRU';
INSERT INTO `placement_bv_update_history` (`right_carry`, `date`, `from_id`, `user_id`) VALUES ('50', '2024-10-10 11:16:41', 'CMPXGW', 'CCLHRU');
INSERT INTO `matrix_filling` (`placement_id`, `downline_id`, `level`, `matrix`) VALUES ('3LEN4B', 'CMPXGW', 8, 1);
UPDATE `bv_updation` SET right_carry = right_carry+50, total_right = total_right+50
WHERE `user_id` = '3LEN4B';
INSERT INTO `placement_bv_update_history` (`right_carry`, `date`, `from_id`, `user_id`) VALUES ('50', '2024-10-10 11:16:41', 'CMPXGW', '3LEN4B');
INSERT INTO `matrix_filling` (`placement_id`, `downline_id`, `level`, `matrix`) VALUES ('5ILHGT', 'CMPXGW', 9, 1);
UPDATE `bv_updation` SET right_carry = right_carry+50, total_right = total_right+50
WHERE `user_id` = '5ILHGT';
INSERT INTO `placement_bv_update_history` (`right_carry`, `date`, `from_id`, `user_id`) VALUES ('50', '2024-10-10 11:16:41', 'CMPXGW', '5ILHGT');
INSERT INTO `matrix_filling` (`placement_id`, `downline_id`, `level`, `matrix`) VALUES ('JOWXDG', 'CMPXGW', 10, 1);
UPDATE `bv_updation` SET right_carry = right_carry+50, total_right = total_right+50
WHERE `user_id` = 'JOWXDG';
INSERT INTO `placement_bv_update_history` (`right_carry`, `date`, `from_id`, `user_id`) VALUES ('50', '2024-10-10 11:16:41', 'CMPXGW', 'JOWXDG');
INSERT INTO `matrix_filling` (`placement_id`, `downline_id`, `level`, `matrix`) VALUES ('DKLM6X', 'CMPXGW', 11, 1);
UPDATE `bv_updation` SET right_carry = right_carry+50, total_right = total_right+50
WHERE `user_id` = 'DKLM6X';
INSERT INTO `placement_bv_update_history` (`right_carry`, `date`, `from_id`, `user_id`) VALUES ('50', '2024-10-10 11:16:41', 'CMPXGW', 'DKLM6X');
INSERT INTO `matrix_filling` (`placement_id`, `downline_id`, `level`, `matrix`) VALUES ('EBHJLU', 'CMPXGW', 12, 1);
UPDATE `bv_updation` SET right_carry = right_carry+50, total_right = total_right+50
WHERE `user_id` = 'EBHJLU';
INSERT INTO `placement_bv_update_history` (`right_carry`, `date`, `from_id`, `user_id`) VALUES ('50', '2024-10-10 11:16:41', 'CMPXGW', 'EBHJLU');
INSERT INTO `matrix_filling` (`placement_id`, `downline_id`, `level`, `matrix`) VALUES ('Y9S3VV', 'CMPXGW', 13, 1);
UPDATE `bv_updation` SET right_carry = right_carry+50, total_right = total_right+50
WHERE `user_id` = 'Y9S3VV';
INSERT INTO `placement_bv_update_history` (`right_carry`, `date`, `from_id`, `user_id`) VALUES ('50', '2024-10-10 11:16:41', 'CMPXGW', 'Y9S3VV');
INSERT INTO `matrix_filling` (`placement_id`, `downline_id`, `level`, `matrix`) VALUES ('BJ2EMM', 'CMPXGW', 14, 1);
UPDATE `bv_updation` SET right_carry = right_carry+50, total_right = total_right+50
WHERE `user_id` = 'BJ2EMM';
INSERT INTO `placement_bv_update_history` (`right_carry`, `date`, `from_id`, `user_id`) VALUES ('50', '2024-10-10 11:16:41', 'CMPXGW', 'BJ2EMM');
INSERT INTO `matrix_filling` (`placement_id`, `downline_id`, `level`, `matrix`) VALUES ('D2QC3H', 'CMPXGW', 15, 1);
UPDATE `bv_updation` SET right_carry = right_carry+50, total_right = total_right+50
WHERE `user_id` = 'D2QC3H';
INSERT INTO `placement_bv_update_history` (`right_carry`, `date`, `from_id`, `user_id`) VALUES ('50', '2024-10-10 11:16:41', 'CMPXGW', 'D2QC3H');
INSERT INTO `matrix_filling` (`placement_id`, `downline_id`, `level`, `matrix`) VALUES ('FVHI2D', 'CMPXGW', 16, 1);
UPDATE `bv_updation` SET right_carry = right_carry+50, total_right = total_right+50
WHERE `user_id` = 'FVHI2D';
INSERT INTO `placement_bv_update_history` (`right_carry`, `date`, `from_id`, `user_id`) VALUES ('50', '2024-10-10 11:16:41', 'CMPXGW', 'FVHI2D');
INSERT INTO `matrix_filling` (`placement_id`, `downline_id`, `level`, `matrix`) VALUES ('KDTE1R', 'CMPXGW', 17, 1);
UPDATE `bv_updation` SET right_carry = right_carry+50, total_right = total_right+50
WHERE `user_id` = 'KDTE1R';
INSERT INTO `placement_bv_update_history` (`right_carry`, `date`, `from_id`, `user_id`) VALUES ('50', '2024-10-10 11:16:41', 'CMPXGW', 'KDTE1R');
INSERT INTO `matrix_filling` (`placement_id`, `downline_id`, `level`, `matrix`) VALUES ('6YNZPL', 'CMPXGW', 18, 1);
UPDATE `bv_updation` SET right_carry = right_carry+50, total_right = total_right+50
WHERE `user_id` = '6YNZPL';
INSERT INTO `placement_bv_update_history` (`right_carry`, `date`, `from_id`, `user_id`) VALUES ('50', '2024-10-10 11:16:41', 'CMPXGW', '6YNZPL');
INSERT INTO `matrix_filling` (`placement_id`, `downline_id`, `level`, `matrix`) VALUES ('D8MHLJ', 'CMPXGW', 19, 1);
UPDATE `bv_updation` SET right_carry = right_carry+50, total_right = total_right+50
WHERE `user_id` = 'D8MHLJ';
INSERT INTO `placement_bv_update_history` (`right_carry`, `date`, `from_id`, `user_id`) VALUES ('50', '2024-10-10 11:16:41', 'CMPXGW', 'D8MHLJ');
INSERT INTO `matrix_filling` (`placement_id`, `downline_id`, `level`, `matrix`) VALUES ('WN7ZG7', 'CMPXGW', 20, 1);
UPDATE `bv_updation` SET right_carry = right_carry+50, total_right = total_right+50
WHERE `user_id` = 'WN7ZG7';
INSERT INTO `placement_bv_update_history` (`right_carry`, `date`, `from_id`, `user_id`) VALUES ('50', '2024-10-10 11:16:41', 'CMPXGW', 'WN7ZG7');
INSERT INTO `matrix_filling` (`placement_id`, `downline_id`, `level`, `matrix`) VALUES ('A3HKL6', 'CMPXGW', 21, 1);
UPDATE `bv_updation` SET right_carry = right_carry+50, total_right = total_right+50
WHERE `user_id` = 'A3HKL6';
INSERT INTO `placement_bv_update_history` (`right_carry`, `date`, `from_id`, `user_id`) VALUES ('50', '2024-10-10 11:16:41', 'CMPXGW', 'A3HKL6');
INSERT INTO `matrix_filling` (`placement_id`, `downline_id`, `level`, `matrix`) VALUES ('RBFLKG', 'CMPXGW', 22, 1);
UPDATE `bv_updation` SET right_carry = right_carry+50, total_right = total_right+50
WHERE `user_id` = 'RBFLKG';
INSERT INTO `placement_bv_update_history` (`right_carry`, `date`, `from_id`, `user_id`) VALUES ('50', '2024-10-10 11:16:41', 'CMPXGW', 'RBFLKG');
INSERT INTO `matrix_filling` (`placement_id`, `downline_id`, `level`, `matrix`) VALUES ('L87333', 'CMPXGW', 23, 1);
UPDATE `bv_updation` SET right_carry = right_carry+50, total_right = total_right+50
WHERE `user_id` = 'L87333';
INSERT INTO `placement_bv_update_history` (`right_carry`, `date`, `from_id`, `user_id`) VALUES ('50', '2024-10-10 11:16:41', 'CMPXGW', 'L87333');
INSERT INTO `matrix_filling` (`placement_id`, `downline_id`, `level`, `matrix`) VALUES ('IPVL3M', 'CMPXGW', 24, 1);
UPDATE `bv_updation` SET right_carry = right_carry+50, total_right = total_right+50
WHERE `user_id` = 'IPVL3M';
INSERT INTO `placement_bv_update_history` (`right_carry`, `date`, `from_id`, `user_id`) VALUES ('50', '2024-10-10 11:16:41', 'CMPXGW', 'IPVL3M');
INSERT INTO `matrix_filling` (`placement_id`, `downline_id`, `level`, `matrix`) VALUES ('MI1I8D', 'CMPXGW', 25, 1);
UPDATE `bv_updation` SET right_carry = right_carry+50, total_right = total_right+50
WHERE `user_id` = 'MI1I8D';
INSERT INTO `placement_bv_update_history` (`right_carry`, `date`, `from_id`, `user_id`) VALUES ('50', '2024-10-10 11:16:41', 'CMPXGW', 'MI1I8D');
INSERT INTO `matrix_filling` (`placement_id`, `downline_id`, `level`, `matrix`) VALUES ('9TJJLG', 'CMPXGW', 26, 1);
UPDATE `bv_updation` SET right_carry = right_carry+50, total_right = total_right+50
WHERE `user_id` = '9TJJLG';
INSERT INTO `placement_bv_update_history` (`right_carry`, `date`, `from_id`, `user_id`) VALUES ('50', '2024-10-10 11:16:41', 'CMPXGW', '9TJJLG');
INSERT INTO `matrix_filling` (`placement_id`, `downline_id`, `level`, `matrix`) VALUES ('6DEXJW', 'CMPXGW', 27, 1);
UPDATE `bv_updation` SET right_carry = right_carry+50, total_right = total_right+50
WHERE `user_id` = '6DEXJW';
INSERT INTO `placement_bv_update_history` (`right_carry`, `date`, `from_id`, `user_id`) VALUES ('50', '2024-10-10 11:16:41', 'CMPXGW', '6DEXJW');
UPDATE `bv_updation` SET sponsor_right_carry = sponsor_right_carry+50, sponsor_total_right = sponsor_total_right+50
WHERE `user_id` = '6DEXJW';
INSERT INTO `sponsor_bv_update_history` (`right_carry`, `date`, `user_id`) VALUES ('50', '2024-10-10 11:16:41', '6DEXJW');
INSERT INTO `matrix_filling` (`placement_id`, `downline_id`, `level`, `matrix`) VALUES ('DM1Y9N', 'CMPXGW', 28, 1);
UPDATE `bv_updation` SET right_carry = right_carry+50, total_right = total_right+50
WHERE `user_id` = 'DM1Y9N';
INSERT INTO `placement_bv_update_history` (`right_carry`, `date`, `from_id`, `user_id`) VALUES ('50', '2024-10-10 11:16:41', 'CMPXGW', 'DM1Y9N');
INSERT INTO `matrix_filling` (`placement_id`, `downline_id`, `level`, `matrix`) VALUES ('A9858P', 'CMPXGW', 29, 1);
UPDATE `bv_updation` SET left_carry = left_carry+50, total_left = total_left+50
WHERE `user_id` = 'A9858P';
INSERT INTO `placement_bv_update_history` (`left_carry`, `date`, `from_id`, `user_id`) VALUES ('50', '2024-10-10 11:16:41', 'CMPXGW', 'A9858P');
INSERT INTO `matrix_filling` (`placement_id`, `downline_id`, `level`, `matrix`) VALUES ('admin', 'CMPXGW', 30, 1);
UPDATE `bv_updation` SET right_carry = right_carry+50, total_right = total_right+50
WHERE `user_id` = 'admin';
INSERT INTO `placement_bv_update_history` (`right_carry`, `date`, `from_id`, `user_id`) VALUES ('50', '2024-10-10 11:16:41', 'CMPXGW', 'admin');
INSERT INTO `package_purchase_history` (`user_id`, `package_id`, `reg_fee`, `package_name`, `monthly_fee`, `type`, `date`, `payment_option`) VALUES ('CMPXGW', '2', '595', 'Traveler Pro', '150', 'sign_up', '2024-10-10 11:16:41', 'free');
UPDATE `user_registration` SET `popup_seen` = 'yes'
WHERE `user_id` = '6DEXJW';
UPDATE `user_registration` SET `uid` = '3106', `user_id` = 'UP1V84', `username` = 'anastasia2', `sponsor_id` = '4YA81C', `vacant` = 'no', `f_name` = 'Anastasia', `l_name` = 'Zoe', `address` = '6520 Kendale Lakes Dr', `position` = 'left', `email` = 'anastasia2@gmail.com', `password` = '630fe2bcedcab25516f39e9a9a999060', `phone` = '3057610606', `country` = 'United States', `state` = 'Florida', `city` = 'Miami', `street` = '6520 Kendale Lakes Dr', `zip_code` = '33183', `reg_ip` = '108.162.212.54', `status` = 1, `package_id` = '2', `rank_id` = 1, `highest_rank` = 1, `cycle_rank_id` = 1, `created` = '2024-10-10 11:17:08', `subscription_date` = '2024-11-09', `google_secret` = 'FJIBVNXGPUA32TWB'
WHERE `uid` = '3106';
INSERT INTO `user_registration` (`uid`, `user_id`, `username`, `sponsor_id`, `placement_id`, `vacant`, `f_name`, `l_name`, `address`, `position`, `email`, `password`, `phone`, `reg_ip`, `status`, `created`) VALUES (NULL, 'XOGQWK', 'eFyEZVgN', 'UP1V84', 'UP1V84', 'yes', '', '', '', 'left', '@mail.com', '', '', '', 0, '2024-10-10 11:17:08');
INSERT INTO `user_registration` (`uid`, `user_id`, `username`, `sponsor_id`, `placement_id`, `vacant`, `f_name`, `l_name`, `address`, `position`, `email`, `password`, `phone`, `reg_ip`, `status`, `created`) VALUES (NULL, 'LPNLSI', 'QUjpDBZp', 'UP1V84', 'UP1V84', 'yes', '', '', '', 'right', '@mail.com', '', '', '', 0, '2024-10-10 11:17:08');
INSERT INTO `bv_updation` (`user_id`) VALUES ('UP1V84');
UPDATE `user_registration` SET total_ref_count = total_ref_count+1
WHERE `user_id` = '4YA81C';
UPDATE `user_registration` SET total_downlines = total_downlines+1
WHERE `user_id` = 'FUR4NG';
UPDATE `user_registration` SET left_downlines = left_downlines+1
WHERE `user_id` = 'FUR4NG';
UPDATE `user_registration` SET total_downlines = total_downlines+1
WHERE `user_id` = 'VKJUTJ';
UPDATE `user_registration` SET left_downlines = left_downlines+1
WHERE `user_id` = 'VKJUTJ';
UPDATE `user_registration` SET total_downlines = total_downlines+1
WHERE `user_id` = 'EF3P4L';
UPDATE `user_registration` SET left_downlines = left_downlines+1
WHERE `user_id` = 'EF3P4L';
UPDATE `user_registration` SET total_downlines = total_downlines+1
WHERE `user_id` = 'ILZ8NG';
UPDATE `user_registration` SET left_downlines = left_downlines+1
WHERE `user_id` = 'ILZ8NG';
UPDATE `user_registration` SET total_downlines = total_downlines+1
WHERE `user_id` = '4YA81C';
UPDATE `user_registration` SET left_downlines = left_downlines+1
WHERE `user_id` = '4YA81C';
UPDATE `user_registration` SET left_ref_count = left_ref_count+1
WHERE `user_id` = '4YA81C';
UPDATE `user_registration` SET active_left = active_left+1
WHERE `user_id` = '4YA81C';
UPDATE `user_registration` SET total_downlines = total_downlines+1
WHERE `user_id` = 'G1CDHO';
UPDATE `user_registration` SET right_downlines = right_downlines+1
WHERE `user_id` = 'G1CDHO';
UPDATE `user_registration` SET total_downlines = total_downlines+1
WHERE `user_id` = '9NGWQG';
UPDATE `user_registration` SET right_downlines = right_downlines+1
WHERE `user_id` = '9NGWQG';
UPDATE `user_registration` SET total_downlines = total_downlines+1
WHERE `user_id` = 'R6J8K1';
UPDATE `user_registration` SET right_downlines = right_downlines+1
WHERE `user_id` = 'R6J8K1';
UPDATE `user_registration` SET total_downlines = total_downlines+1
WHERE `user_id` = 'G6ZQNS';
UPDATE `user_registration` SET right_downlines = right_downlines+1
WHERE `user_id` = 'G6ZQNS';
UPDATE `user_registration` SET total_downlines = total_downlines+1
WHERE `user_id` = 'M4FVZR';
UPDATE `user_registration` SET right_downlines = right_downlines+1
WHERE `user_id` = 'M4FVZR';
UPDATE `user_registration` SET total_downlines = total_downlines+1
WHERE `user_id` = '5ZLRWM';
UPDATE `user_registration` SET right_downlines = right_downlines+1
WHERE `user_id` = '5ZLRWM';
UPDATE `user_registration` SET total_downlines = total_downlines+1
WHERE `user_id` = 'JPDLRK';
UPDATE `user_registration` SET right_downlines = right_downlines+1
WHERE `user_id` = 'JPDLRK';
UPDATE `user_registration` SET total_downlines = total_downlines+1
WHERE `user_id` = 'FGURJ3';
UPDATE `user_registration` SET right_downlines = right_downlines+1
WHERE `user_id` = 'FGURJ3';
UPDATE `user_registration` SET total_downlines = total_downlines+1
WHERE `user_id` = 'L2ZCMP';
UPDATE `user_registration` SET right_downlines = right_downlines+1
WHERE `user_id` = 'L2ZCMP';
UPDATE `user_registration` SET total_downlines = total_downlines+1
WHERE `user_id` = 'XOJI6Y';
UPDATE `user_registration` SET right_downlines = right_downlines+1
WHERE `user_id` = 'XOJI6Y';
UPDATE `user_registration` SET total_downlines = total_downlines+1
WHERE `user_id` = 'Z6E2C9';
UPDATE `user_registration` SET right_downlines = right_downlines+1
WHERE `user_id` = 'Z6E2C9';
UPDATE `user_registration` SET total_downlines = total_downlines+1
WHERE `user_id` = 'VT4PXI';
UPDATE `user_registration` SET right_downlines = right_downlines+1
WHERE `user_id` = 'VT4PXI';
UPDATE `user_registration` SET total_downlines = total_downlines+1
WHERE `user_id` = 'QKHYPY';
UPDATE `user_registration` SET right_downlines = right_downlines+1
WHERE `user_id` = 'QKHYPY';
UPDATE `user_registration` SET total_downlines = total_downlines+1
WHERE `user_id` = 'LN7PEK';
UPDATE `user_registration` SET right_downlines = right_downlines+1
WHERE `user_id` = 'LN7PEK';
UPDATE `user_registration` SET total_downlines = total_downlines+1
WHERE `user_id` = 'LYDDQ5';
UPDATE `user_registration` SET right_downlines = right_downlines+1
WHERE `user_id` = 'LYDDQ5';
UPDATE `user_registration` SET total_downlines = total_downlines+1
WHERE `user_id` = '6UO8TB';
UPDATE `user_registration` SET right_downlines = right_downlines+1
WHERE `user_id` = '6UO8TB';
UPDATE `user_registration` SET total_downlines = total_downlines+1
WHERE `user_id` = 'GPRO3Q';
UPDATE `user_registration` SET right_downlines = right_downlines+1
WHERE `user_id` = 'GPRO3Q';
UPDATE `user_registration` SET total_downlines = total_downlines+1
WHERE `user_id` = 'MBPRQB';
UPDATE `user_registration` SET right_downlines = right_downlines+1
WHERE `user_id` = 'MBPRQB';
UPDATE `user_registration` SET total_downlines = total_downlines+1
WHERE `user_id` = 'X1RH6U';
UPDATE `user_registration` SET right_downlines = right_downlines+1
WHERE `user_id` = 'X1RH6U';
UPDATE `user_registration` SET total_downlines = total_downlines+1
WHERE `user_id` = 'HHALCM';
UPDATE `user_registration` SET right_downlines = right_downlines+1
WHERE `user_id` = 'HHALCM';
UPDATE `user_registration` SET total_downlines = total_downlines+1
WHERE `user_id` = '7WQBA7';
UPDATE `user_registration` SET right_downlines = right_downlines+1
WHERE `user_id` = '7WQBA7';
UPDATE `user_registration` SET total_downlines = total_downlines+1
WHERE `user_id` = 'QPNZO1';
UPDATE `user_registration` SET right_downlines = right_downlines+1
WHERE `user_id` = 'QPNZO1';
UPDATE `user_registration` SET total_downlines = total_downlines+1
WHERE `user_id` = 'KCF78M';
UPDATE `user_registration` SET right_downlines = right_downlines+1
WHERE `user_id` = 'KCF78M';
UPDATE `user_registration` SET total_downlines = total_downlines+1
WHERE `user_id` = '7RY1ZP';
UPDATE `user_registration` SET right_downlines = right_downlines+1
WHERE `user_id` = '7RY1ZP';
UPDATE `user_registration` SET total_downlines = total_downlines+1
WHERE `user_id` = 'ADZTOG';
UPDATE `user_registration` SET right_downlines = right_downlines+1
WHERE `user_id` = 'ADZTOG';
UPDATE `user_registration` SET total_downlines = total_downlines+1
WHERE `user_id` = 'A9858P';
UPDATE `user_registration` SET right_downlines = right_downlines+1
WHERE `user_id` = 'A9858P';
UPDATE `user_registration` SET total_downlines = total_downlines+1
WHERE `user_id` = 'admin';
UPDATE `user_registration` SET right_downlines = right_downlines+1
WHERE `user_id` = 'admin';
INSERT INTO `investment` (`invest_date`, `user_id`, `type`, `amount`, `package_id`) VALUES ('2024-10-10 11:17:08', 'UP1V84', 'register', '595', '2');
INSERT INTO `earnings` (`user_id`, `Purchaser_id`, `earning_type`, `package_id`, `amount`, `date`, `comments`, `invest_amount`, `comm_perc`, `level`, `rank_id`, `order_id`) VALUES ('4YA81C', 'UP1V84', 'Direct Referral Bonus', '2', '100', '2024-10-10 11:17:08', 'Direct Referral Bonus', 0, 0, 1, '', 1047);
UPDATE `user_registration` SET commission_balance = ROUND(commission_balance + 100,2)
WHERE `user_id` = '4YA81C';
UPDATE `user_registration` SET referral_bonus = ROUND(referral_bonus + 100,2)
WHERE `user_id` = '4YA81C';
INSERT INTO `earnings` (`user_id`, `Purchaser_id`, `earning_type`, `package_id`, `amount`, `date`, `comments`, `invest_amount`, `comm_perc`, `level`, `rank_id`, `order_id`) VALUES ('A9858P', 'UP1V84', 'Expansion Bonus', '2', 280, '2024-10-10 11:17:08', 'Expansion Bonus', '100', 0, 1, '', 1047);
UPDATE `user_registration` SET commission_balance = ROUND(commission_balance + 280,2)
WHERE `user_id` = 'A9858P';
UPDATE `user_registration` SET expansion_bonus = ROUND(expansion_bonus + 280,2)
WHERE `user_id` = 'A9858P';
UPDATE `user_registration` SET total_points = ROUND(total_points + 50,2)
WHERE `user_id` = 'UP1V84';
INSERT INTO `points_history` (`user_id`, `points`, `type`, `date`) VALUES ('UP1V84', '50', 'register', '2024-10-10 11:17:');
INSERT INTO `matrix_filling` (`placement_id`, `downline_id`, `level`, `matrix`) VALUES ('FUR4NG', 'UP1V84', 1, 1);
UPDATE `bv_updation` SET left_carry = left_carry+50, total_left = total_left+50
WHERE `user_id` = 'FUR4NG';
INSERT INTO `placement_bv_update_history` (`left_carry`, `date`, `from_id`, `user_id`) VALUES ('50', '2024-10-10 11:17:08', 'UP1V84', 'FUR4NG');
INSERT INTO `matrix_filling` (`placement_id`, `downline_id`, `level`, `matrix`) VALUES ('VKJUTJ', 'UP1V84', 2, 1);
UPDATE `bv_updation` SET left_carry = left_carry+50, total_left = total_left+50
WHERE `user_id` = 'VKJUTJ';
INSERT INTO `placement_bv_update_history` (`left_carry`, `date`, `from_id`, `user_id`) VALUES ('50', '2024-10-10 11:17:08', 'UP1V84', 'VKJUTJ');
INSERT INTO `matrix_filling` (`placement_id`, `downline_id`, `level`, `matrix`) VALUES ('EF3P4L', 'UP1V84', 3, 1);
UPDATE `bv_updation` SET left_carry = left_carry+50, total_left = total_left+50
WHERE `user_id` = 'EF3P4L';
INSERT INTO `placement_bv_update_history` (`left_carry`, `date`, `from_id`, `user_id`) VALUES ('50', '2024-10-10 11:17:08', 'UP1V84', 'EF3P4L');
INSERT INTO `matrix_filling` (`placement_id`, `downline_id`, `level`, `matrix`) VALUES ('ILZ8NG', 'UP1V84', 4, 1);
UPDATE `bv_updation` SET left_carry = left_carry+50, total_left = total_left+50
WHERE `user_id` = 'ILZ8NG';
INSERT INTO `placement_bv_update_history` (`left_carry`, `date`, `from_id`, `user_id`) VALUES ('50', '2024-10-10 11:17:08', 'UP1V84', 'ILZ8NG');
INSERT INTO `matrix_filling` (`placement_id`, `downline_id`, `level`, `matrix`) VALUES ('4YA81C', 'UP1V84', 5, 1);
UPDATE `bv_updation` SET left_carry = left_carry+50, total_left = total_left+50
WHERE `user_id` = '4YA81C';
INSERT INTO `placement_bv_update_history` (`left_carry`, `date`, `from_id`, `user_id`) VALUES ('50', '2024-10-10 11:17:08', 'UP1V84', '4YA81C');
UPDATE `bv_updation` SET sponsor_left_carry = sponsor_left_carry+50, sponsor_total_left = sponsor_total_left+50
WHERE `user_id` = '4YA81C';
INSERT INTO `sponsor_bv_update_history` (`left_carry`, `date`, `user_id`) VALUES ('50', '2024-10-10 11:17:08', '4YA81C');
INSERT INTO `matrix_filling` (`placement_id`, `downline_id`, `level`, `matrix`) VALUES ('G1CDHO', 'UP1V84', 6, 1);
UPDATE `bv_updation` SET right_carry = right_carry+50, total_right = total_right+50
WHERE `user_id` = 'G1CDHO';
INSERT INTO `placement_bv_update_history` (`right_carry`, `date`, `from_id`, `user_id`) VALUES ('50', '2024-10-10 11:17:08', 'UP1V84', 'G1CDHO');
INSERT INTO `matrix_filling` (`placement_id`, `downline_id`, `level`, `matrix`) VALUES ('9NGWQG', 'UP1V84', 7, 1);
UPDATE `bv_updation` SET right_carry = right_carry+50, total_right = total_right+50
WHERE `user_id` = '9NGWQG';
INSERT INTO `placement_bv_update_history` (`right_carry`, `date`, `from_id`, `user_id`) VALUES ('50', '2024-10-10 11:17:08', 'UP1V84', '9NGWQG');
INSERT INTO `matrix_filling` (`placement_id`, `downline_id`, `level`, `matrix`) VALUES ('R6J8K1', 'UP1V84', 8, 1);
UPDATE `bv_updation` SET right_carry = right_carry+50, total_right = total_right+50
WHERE `user_id` = 'R6J8K1';
INSERT INTO `placement_bv_update_history` (`right_carry`, `date`, `from_id`, `user_id`) VALUES ('50', '2024-10-10 11:17:08', 'UP1V84', 'R6J8K1');
INSERT INTO `matrix_filling` (`placement_id`, `downline_id`, `level`, `matrix`) VALUES ('G6ZQNS', 'UP1V84', 9, 1);
UPDATE `bv_updation` SET right_carry = right_carry+50, total_right = total_right+50
WHERE `user_id` = 'G6ZQNS';
INSERT INTO `placement_bv_update_history` (`right_carry`, `date`, `from_id`, `user_id`) VALUES ('50', '2024-10-10 11:17:09', 'UP1V84', 'G6ZQNS');
INSERT INTO `matrix_filling` (`placement_id`, `downline_id`, `level`, `matrix`) VALUES ('M4FVZR', 'UP1V84', 10, 1);
UPDATE `bv_updation` SET right_carry = right_carry+50, total_right = total_right+50
WHERE `user_id` = 'M4FVZR';
INSERT INTO `placement_bv_update_history` (`right_carry`, `date`, `from_id`, `user_id`) VALUES ('50', '2024-10-10 11:17:09', 'UP1V84', 'M4FVZR');
INSERT INTO `matrix_filling` (`placement_id`, `downline_id`, `level`, `matrix`) VALUES ('5ZLRWM', 'UP1V84', 11, 1);
UPDATE `bv_updation` SET right_carry = right_carry+50, total_right = total_right+50
WHERE `user_id` = '5ZLRWM';
INSERT INTO `placement_bv_update_history` (`right_carry`, `date`, `from_id`, `user_id`) VALUES ('50', '2024-10-10 11:17:09', 'UP1V84', '5ZLRWM');
INSERT INTO `matrix_filling` (`placement_id`, `downline_id`, `level`, `matrix`) VALUES ('JPDLRK', 'UP1V84', 12, 1);
UPDATE `bv_updation` SET right_carry = right_carry+50, total_right = total_right+50
WHERE `user_id` = 'JPDLRK';
INSERT INTO `placement_bv_update_history` (`right_carry`, `date`, `from_id`, `user_id`) VALUES ('50', '2024-10-10 11:17:09', 'UP1V84', 'JPDLRK');
INSERT INTO `matrix_filling` (`placement_id`, `downline_id`, `level`, `matrix`) VALUES ('FGURJ3', 'UP1V84', 13, 1);
UPDATE `bv_updation` SET right_carry = right_carry+50, total_right = total_right+50
WHERE `user_id` = 'FGURJ3';
INSERT INTO `placement_bv_update_history` (`right_carry`, `date`, `from_id`, `user_id`) VALUES ('50', '2024-10-10 11:17:09', 'UP1V84', 'FGURJ3');
INSERT INTO `matrix_filling` (`placement_id`, `downline_id`, `level`, `matrix`) VALUES ('L2ZCMP', 'UP1V84', 14, 1);
UPDATE `bv_updation` SET right_carry = right_carry+50, total_right = total_right+50
WHERE `user_id` = 'L2ZCMP';
INSERT INTO `placement_bv_update_history` (`right_carry`, `date`, `from_id`, `user_id`) VALUES ('50', '2024-10-10 11:17:09', 'UP1V84', 'L2ZCMP');
INSERT INTO `matrix_filling` (`placement_id`, `downline_id`, `level`, `matrix`) VALUES ('XOJI6Y', 'UP1V84', 15, 1);
UPDATE `bv_updation` SET right_carry = right_carry+50, total_right = total_right+50
WHERE `user_id` = 'XOJI6Y';
INSERT INTO `placement_bv_update_history` (`right_carry`, `date`, `from_id`, `user_id`) VALUES ('50', '2024-10-10 11:17:09', 'UP1V84', 'XOJI6Y');
INSERT INTO `matrix_filling` (`placement_id`, `downline_id`, `level`, `matrix`) VALUES ('Z6E2C9', 'UP1V84', 16, 1);
UPDATE `bv_updation` SET right_carry = right_carry+50, total_right = total_right+50
WHERE `user_id` = 'Z6E2C9';
INSERT INTO `placement_bv_update_history` (`right_carry`, `date`, `from_id`, `user_id`) VALUES ('50', '2024-10-10 11:17:09', 'UP1V84', 'Z6E2C9');
INSERT INTO `matrix_filling` (`placement_id`, `downline_id`, `level`, `matrix`) VALUES ('VT4PXI', 'UP1V84', 17, 1);
UPDATE `bv_updation` SET right_carry = right_carry+50, total_right = total_right+50
WHERE `user_id` = 'VT4PXI';
INSERT INTO `placement_bv_update_history` (`right_carry`, `date`, `from_id`, `user_id`) VALUES ('50', '2024-10-10 11:17:09', 'UP1V84', 'VT4PXI');
INSERT INTO `matrix_filling` (`placement_id`, `downline_id`, `level`, `matrix`) VALUES ('QKHYPY', 'UP1V84', 18, 1);
UPDATE `bv_updation` SET right_carry = right_carry+50, total_right = total_right+50
WHERE `user_id` = 'QKHYPY';
INSERT INTO `placement_bv_update_history` (`right_carry`, `date`, `from_id`, `user_id`) VALUES ('50', '2024-10-10 11:17:09', 'UP1V84', 'QKHYPY');
INSERT INTO `matrix_filling` (`placement_id`, `downline_id`, `level`, `matrix`) VALUES ('LN7PEK', 'UP1V84', 19, 1);
UPDATE `bv_updation` SET right_carry = right_carry+50, total_right = total_right+50
WHERE `user_id` = 'LN7PEK';
INSERT INTO `placement_bv_update_history` (`right_carry`, `date`, `from_id`, `user_id`) VALUES ('50', '2024-10-10 11:17:09', 'UP1V84', 'LN7PEK');
INSERT INTO `matrix_filling` (`placement_id`, `downline_id`, `level`, `matrix`) VALUES ('LYDDQ5', 'UP1V84', 20, 1);
UPDATE `bv_updation` SET right_carry = right_carry+50, total_right = total_right+50
WHERE `user_id` = 'LYDDQ5';
INSERT INTO `placement_bv_update_history` (`right_carry`, `date`, `from_id`, `user_id`) VALUES ('50', '2024-10-10 11:17:09', 'UP1V84', 'LYDDQ5');
INSERT INTO `matrix_filling` (`placement_id`, `downline_id`, `level`, `matrix`) VALUES ('6UO8TB', 'UP1V84', 21, 1);
UPDATE `bv_updation` SET right_carry = right_carry+50, total_right = total_right+50
WHERE `user_id` = '6UO8TB';
INSERT INTO `placement_bv_update_history` (`right_carry`, `date`, `from_id`, `user_id`) VALUES ('50', '2024-10-10 11:17:09', 'UP1V84', '6UO8TB');
INSERT INTO `matrix_filling` (`placement_id`, `downline_id`, `level`, `matrix`) VALUES ('GPRO3Q', 'UP1V84', 22, 1);
UPDATE `bv_updation` SET right_carry = right_carry+50, total_right = total_right+50
WHERE `user_id` = 'GPRO3Q';
INSERT INTO `placement_bv_update_history` (`right_carry`, `date`, `from_id`, `user_id`) VALUES ('50', '2024-10-10 11:17:09', 'UP1V84', 'GPRO3Q');
INSERT INTO `matrix_filling` (`placement_id`, `downline_id`, `level`, `matrix`) VALUES ('MBPRQB', 'UP1V84', 23, 1);
UPDATE `bv_updation` SET right_carry = right_carry+50, total_right = total_right+50
WHERE `user_id` = 'MBPRQB';
INSERT INTO `placement_bv_update_history` (`right_carry`, `date`, `from_id`, `user_id`) VALUES ('50', '2024-10-10 11:17:09', 'UP1V84', 'MBPRQB');
INSERT INTO `matrix_filling` (`placement_id`, `downline_id`, `level`, `matrix`) VALUES ('X1RH6U', 'UP1V84', 24, 1);
UPDATE `bv_updation` SET right_carry = right_carry+50, total_right = total_right+50
WHERE `user_id` = 'X1RH6U';
INSERT INTO `placement_bv_update_history` (`right_carry`, `date`, `from_id`, `user_id`) VALUES ('50', '2024-10-10 11:17:09', 'UP1V84', 'X1RH6U');
INSERT INTO `matrix_filling` (`placement_id`, `downline_id`, `level`, `matrix`) VALUES ('HHALCM', 'UP1V84', 25, 1);
UPDATE `bv_updation` SET right_carry = right_carry+50, total_right = total_right+50
WHERE `user_id` = 'HHALCM';
INSERT INTO `placement_bv_update_history` (`right_carry`, `date`, `from_id`, `user_id`) VALUES ('50', '2024-10-10 11:17:09', 'UP1V84', 'HHALCM');
INSERT INTO `matrix_filling` (`placement_id`, `downline_id`, `level`, `matrix`) VALUES ('7WQBA7', 'UP1V84', 26, 1);
UPDATE `bv_updation` SET right_carry = right_carry+50, total_right = total_right+50
WHERE `user_id` = '7WQBA7';
INSERT INTO `placement_bv_update_history` (`right_carry`, `date`, `from_id`, `user_id`) VALUES ('50', '2024-10-10 11:17:09', 'UP1V84', '7WQBA7');
INSERT INTO `matrix_filling` (`placement_id`, `downline_id`, `level`, `matrix`) VALUES ('QPNZO1', 'UP1V84', 27, 1);
UPDATE `bv_updation` SET right_carry = right_carry+50, total_right = total_right+50
WHERE `user_id` = 'QPNZO1';
INSERT INTO `placement_bv_update_history` (`right_carry`, `date`, `from_id`, `user_id`) VALUES ('50', '2024-10-10 11:17:09', 'UP1V84', 'QPNZO1');
INSERT INTO `matrix_filling` (`placement_id`, `downline_id`, `level`, `matrix`) VALUES ('KCF78M', 'UP1V84', 28, 1);
UPDATE `bv_updation` SET right_carry = right_carry+50, total_right = total_right+50
WHERE `user_id` = 'KCF78M';
INSERT INTO `placement_bv_update_history` (`right_carry`, `date`, `from_id`, `user_id`) VALUES ('50', '2024-10-10 11:17:09', 'UP1V84', 'KCF78M');
INSERT INTO `matrix_filling` (`placement_id`, `downline_id`, `level`, `matrix`) VALUES ('7RY1ZP', 'UP1V84', 29, 1);
UPDATE `bv_updation` SET right_carry = right_carry+50, total_right = total_right+50
WHERE `user_id` = '7RY1ZP';
INSERT INTO `placement_bv_update_history` (`right_carry`, `date`, `from_id`, `user_id`) VALUES ('50', '2024-10-10 11:17:09', 'UP1V84', '7RY1ZP');
INSERT INTO `matrix_filling` (`placement_id`, `downline_id`, `level`, `matrix`) VALUES ('ADZTOG', 'UP1V84', 30, 1);
UPDATE `bv_updation` SET right_carry = right_carry+50, total_right = total_right+50
WHERE `user_id` = 'ADZTOG';
INSERT INTO `placement_bv_update_history` (`right_carry`, `date`, `from_id`, `user_id`) VALUES ('50', '2024-10-10 11:17:09', 'UP1V84', 'ADZTOG');
INSERT INTO `matrix_filling` (`placement_id`, `downline_id`, `level`, `matrix`) VALUES ('A9858P', 'UP1V84', 31, 1);
UPDATE `bv_updation` SET right_carry = right_carry+50, total_right = total_right+50
WHERE `user_id` = 'A9858P';
INSERT INTO `placement_bv_update_history` (`right_carry`, `date`, `from_id`, `user_id`) VALUES ('50', '2024-10-10 11:17:09', 'UP1V84', 'A9858P');
INSERT INTO `matrix_filling` (`placement_id`, `downline_id`, `level`, `matrix`) VALUES ('admin', 'UP1V84', 32, 1);
UPDATE `bv_updation` SET right_carry = right_carry+50, total_right = total_right+50
WHERE `user_id` = 'admin';
INSERT INTO `placement_bv_update_history` (`right_carry`, `date`, `from_id`, `user_id`) VALUES ('50', '2024-10-10 11:17:09', 'UP1V84', 'admin');
INSERT INTO `package_purchase_history` (`user_id`, `package_id`, `reg_fee`, `package_name`, `monthly_fee`, `type`, `date`, `payment_option`) VALUES ('UP1V84', '2', '595', 'Traveler Pro', '150', 'sign_up', '2024-10-10 11:17:09', 'free');
UPDATE `user_registration` SET `popup_seen` = 'no'
WHERE `user_id` = '6DEXJW';
DELETE FROM `ci_sessions`
WHERE `id` = 'fb4bf33397f7913c5c9b12b8f4f6288ba85e587b';
INSERT INTO `login_history` (`user_id`, `device`, `ip_address`, `date`) VALUES ('A9858P', 'Mozilla/5.0 (Windows NT 10.0; Win64; x64) AppleWebKit/537.36 (KHTML, like Gecko) Chrome/129.0.0.0 Safari/537.36', '172.70.54.134', '24-10-10 11:18');
UPDATE `user_registration` SET `popup_seen` = 'yes'
WHERE `user_id` = 'A9858P';
UPDATE `ci_sessions` SET `timestamp` = 1728577136, `data` = '__ci_last_regenerate|i:1728577136;id|s:4:\"2121\";user_id|s:6:\"4YA81C\";username|s:6:\"melby1\";sponsor_id|s:6:\"A9858P\";fullname|s:14:\"Melby Martinez\";email|s:16:\"melby1@gmail.com\";phone|s:10:\"7862876762\";isLogIn|b:1;'
WHERE `id` = '084bbca4c13a87dc0bc291118af653c608a464d4';
UPDATE `user_registration` SET `uid` = '3110', `user_id` = 'SKNG12', `username` = 'federico2', `sponsor_id` = '4YA81C', `vacant` = 'no', `f_name` = 'Federico', `l_name` = 'Perez', `address` = '6520 Kendale Lakes Dr', `position` = 'left', `email` = 'federico2@gmail.com', `password` = '61df6f2517b331ae8323d0d3716740bd', `phone` = '3057610606', `country` = 'United States', `state` = 'Florida', `city` = 'Miami', `street` = '6520 Kendale Lakes Dr', `zip_code` = '33183', `reg_ip` = '108.162.212.54', `status` = 1, `package_id` = '2', `rank_id` = 1, `highest_rank` = 1, `cycle_rank_id` = 1, `created` = '2024-10-10 11:18:56', `subscription_date` = '2024-11-09', `google_secret` = 'OZEVESDMFYYDUAJM'
WHERE `uid` = '3110';
INSERT INTO `user_registration` (`uid`, `user_id`, `username`, `sponsor_id`, `placement_id`, `vacant`, `f_name`, `l_name`, `address`, `position`, `email`, `password`, `phone`, `reg_ip`, `status`, `created`) VALUES (NULL, 'PPXLTJ', 'jdetOKaN', 'SKNG12', 'SKNG12', 'yes', '', '', '', 'left', '@mail.com', '', '', '', 0, '2024-10-10 11:18:56');
INSERT INTO `user_registration` (`uid`, `user_id`, `username`, `sponsor_id`, `placement_id`, `vacant`, `f_name`, `l_name`, `address`, `position`, `email`, `password`, `phone`, `reg_ip`, `status`, `created`) VALUES (NULL, 'OYNALN', 'PxPmSkdg', 'SKNG12', 'SKNG12', 'yes', '', '', '', 'right', '@mail.com', '', '', '', 0, '2024-10-10 11:18:56');
INSERT INTO `bv_updation` (`user_id`) VALUES ('SKNG12');
UPDATE `user_registration` SET total_ref_count = total_ref_count+1
WHERE `user_id` = '4YA81C';
UPDATE `user_registration` SET total_downlines = total_downlines+1
WHERE `user_id` = 'UP1V84';
UPDATE `user_registration` SET left_downlines = left_downlines+1
WHERE `user_id` = 'UP1V84';
UPDATE `user_registration` SET total_downlines = total_downlines+1
WHERE `user_id` = 'FUR4NG';
UPDATE `user_registration` SET left_downlines = left_downlines+1
WHERE `user_id` = 'FUR4NG';
UPDATE `user_registration` SET total_downlines = total_downlines+1
WHERE `user_id` = 'VKJUTJ';
UPDATE `user_registration` SET left_downlines = left_downlines+1
WHERE `user_id` = 'VKJUTJ';
UPDATE `user_registration` SET total_downlines = total_downlines+1
WHERE `user_id` = 'EF3P4L';
UPDATE `user_registration` SET left_downlines = left_downlines+1
WHERE `user_id` = 'EF3P4L';
UPDATE `user_registration` SET total_downlines = total_downlines+1
WHERE `user_id` = 'ILZ8NG';
UPDATE `user_registration` SET left_downlines = left_downlines+1
WHERE `user_id` = 'ILZ8NG';
UPDATE `user_registration` SET total_downlines = total_downlines+1
WHERE `user_id` = '4YA81C';
UPDATE `user_registration` SET left_downlines = left_downlines+1
WHERE `user_id` = '4YA81C';
UPDATE `user_registration` SET left_ref_count = left_ref_count+1
WHERE `user_id` = '4YA81C';
UPDATE `user_registration` SET active_left = active_left+1
WHERE `user_id` = '4YA81C';
UPDATE `user_registration` SET total_downlines = total_downlines+1
WHERE `user_id` = 'G1CDHO';
UPDATE `user_registration` SET right_downlines = right_downlines+1
WHERE `user_id` = 'G1CDHO';
UPDATE `user_registration` SET total_downlines = total_downlines+1
WHERE `user_id` = '9NGWQG';
UPDATE `user_registration` SET right_downlines = right_downlines+1
WHERE `user_id` = '9NGWQG';
UPDATE `user_registration` SET total_downlines = total_downlines+1
WHERE `user_id` = 'R6J8K1';
UPDATE `user_registration` SET right_downlines = right_downlines+1
WHERE `user_id` = 'R6J8K1';
UPDATE `user_registration` SET total_downlines = total_downlines+1
WHERE `user_id` = 'G6ZQNS';
UPDATE `user_registration` SET right_downlines = right_downlines+1
WHERE `user_id` = 'G6ZQNS';
UPDATE `user_registration` SET total_downlines = total_downlines+1
WHERE `user_id` = 'M4FVZR';
UPDATE `user_registration` SET right_downlines = right_downlines+1
WHERE `user_id` = 'M4FVZR';
UPDATE `user_registration` SET total_downlines = total_downlines+1
WHERE `user_id` = '5ZLRWM';
UPDATE `user_registration` SET right_downlines = right_downlines+1
WHERE `user_id` = '5ZLRWM';
UPDATE `user_registration` SET total_downlines = total_downlines+1
WHERE `user_id` = 'JPDLRK';
UPDATE `user_registration` SET right_downlines = right_downlines+1
WHERE `user_id` = 'JPDLRK';
UPDATE `user_registration` SET total_downlines = total_downlines+1
WHERE `user_id` = 'FGURJ3';
UPDATE `user_registration` SET right_downlines = right_downlines+1
WHERE `user_id` = 'FGURJ3';
UPDATE `user_registration` SET total_downlines = total_downlines+1
WHERE `user_id` = 'L2ZCMP';
UPDATE `user_registration` SET right_downlines = right_downlines+1
WHERE `user_id` = 'L2ZCMP';
UPDATE `user_registration` SET total_downlines = total_downlines+1
WHERE `user_id` = 'XOJI6Y';
UPDATE `user_registration` SET right_downlines = right_downlines+1
WHERE `user_id` = 'XOJI6Y';
UPDATE `user_registration` SET total_downlines = total_downlines+1
WHERE `user_id` = 'Z6E2C9';
UPDATE `user_registration` SET right_downlines = right_downlines+1
WHERE `user_id` = 'Z6E2C9';
UPDATE `user_registration` SET total_downlines = total_downlines+1
WHERE `user_id` = 'VT4PXI';
UPDATE `user_registration` SET right_downlines = right_downlines+1
WHERE `user_id` = 'VT4PXI';
UPDATE `user_registration` SET total_downlines = total_downlines+1
WHERE `user_id` = 'QKHYPY';
UPDATE `user_registration` SET right_downlines = right_downlines+1
WHERE `user_id` = 'QKHYPY';
UPDATE `user_registration` SET total_downlines = total_downlines+1
WHERE `user_id` = 'LN7PEK';
UPDATE `user_registration` SET right_downlines = right_downlines+1
WHERE `user_id` = 'LN7PEK';
UPDATE `user_registration` SET total_downlines = total_downlines+1
WHERE `user_id` = 'LYDDQ5';
UPDATE `user_registration` SET right_downlines = right_downlines+1
WHERE `user_id` = 'LYDDQ5';
UPDATE `user_registration` SET total_downlines = total_downlines+1
WHERE `user_id` = '6UO8TB';
UPDATE `user_registration` SET right_downlines = right_downlines+1
WHERE `user_id` = '6UO8TB';
UPDATE `user_registration` SET total_downlines = total_downlines+1
WHERE `user_id` = 'GPRO3Q';
UPDATE `user_registration` SET right_downlines = right_downlines+1
WHERE `user_id` = 'GPRO3Q';
UPDATE `user_registration` SET total_downlines = total_downlines+1
WHERE `user_id` = 'MBPRQB';
UPDATE `user_registration` SET right_downlines = right_downlines+1
WHERE `user_id` = 'MBPRQB';
UPDATE `user_registration` SET total_downlines = total_downlines+1
WHERE `user_id` = 'X1RH6U';
UPDATE `user_registration` SET right_downlines = right_downlines+1
WHERE `user_id` = 'X1RH6U';
UPDATE `user_registration` SET total_downlines = total_downlines+1
WHERE `user_id` = 'HHALCM';
UPDATE `user_registration` SET right_downlines = right_downlines+1
WHERE `user_id` = 'HHALCM';
UPDATE `user_registration` SET total_downlines = total_downlines+1
WHERE `user_id` = '7WQBA7';
UPDATE `user_registration` SET right_downlines = right_downlines+1
WHERE `user_id` = '7WQBA7';
UPDATE `user_registration` SET total_downlines = total_downlines+1
WHERE `user_id` = 'QPNZO1';
UPDATE `user_registration` SET right_downlines = right_downlines+1
WHERE `user_id` = 'QPNZO1';
UPDATE `user_registration` SET total_downlines = total_downlines+1
WHERE `user_id` = 'KCF78M';
UPDATE `user_registration` SET right_downlines = right_downlines+1
WHERE `user_id` = 'KCF78M';
UPDATE `user_registration` SET total_downlines = total_downlines+1
WHERE `user_id` = '7RY1ZP';
UPDATE `user_registration` SET right_downlines = right_downlines+1
WHERE `user_id` = '7RY1ZP';
UPDATE `user_registration` SET total_downlines = total_downlines+1
WHERE `user_id` = 'ADZTOG';
UPDATE `user_registration` SET right_downlines = right_downlines+1
WHERE `user_id` = 'ADZTOG';
UPDATE `user_registration` SET total_downlines = total_downlines+1
WHERE `user_id` = 'A9858P';
UPDATE `user_registration` SET right_downlines = right_downlines+1
WHERE `user_id` = 'A9858P';
UPDATE `user_registration` SET total_downlines = total_downlines+1
WHERE `user_id` = 'admin';
UPDATE `user_registration` SET right_downlines = right_downlines+1
WHERE `user_id` = 'admin';
INSERT INTO `investment` (`invest_date`, `user_id`, `type`, `amount`, `package_id`) VALUES ('2024-10-10 11:18:56', 'SKNG12', 'register', '595', '2');
INSERT INTO `earnings` (`user_id`, `Purchaser_id`, `earning_type`, `package_id`, `amount`, `date`, `comments`, `invest_amount`, `comm_perc`, `level`, `rank_id`, `order_id`) VALUES ('4YA81C', 'SKNG12', 'Direct Referral Bonus', '2', '100', '2024-10-10 11:18:56', 'Direct Referral Bonus', 0, 0, 1, '', 1048);
UPDATE `user_registration` SET commission_balance = ROUND(commission_balance + 100,2)
WHERE `user_id` = '4YA81C';
UPDATE `user_registration` SET referral_bonus = ROUND(referral_bonus + 100,2)
WHERE `user_id` = '4YA81C';
INSERT INTO `earnings` (`user_id`, `Purchaser_id`, `earning_type`, `package_id`, `amount`, `date`, `comments`, `invest_amount`, `comm_perc`, `level`, `rank_id`, `order_id`) VALUES ('A9858P', 'SKNG12', 'Expansion Bonus', '2', 280, '2024-10-10 11:18:56', 'Expansion Bonus', '100', 0, 1, '', 1048);
UPDATE `user_registration` SET commission_balance = ROUND(commission_balance + 280,2)
WHERE `user_id` = 'A9858P';
UPDATE `user_registration` SET expansion_bonus = ROUND(expansion_bonus + 280,2)
WHERE `user_id` = 'A9858P';
UPDATE `user_registration` SET total_points = ROUND(total_points + 50,2)
WHERE `user_id` = 'SKNG12';
INSERT INTO `points_history` (`user_id`, `points`, `type`, `date`) VALUES ('SKNG12', '50', 'register', '2024-10-10 11:18:');
INSERT INTO `matrix_filling` (`placement_id`, `downline_id`, `level`, `matrix`) VALUES ('UP1V84', 'SKNG12', 1, 1);
UPDATE `bv_updation` SET left_carry = left_carry+50, total_left = total_left+50
WHERE `user_id` = 'UP1V84';
INSERT INTO `placement_bv_update_history` (`left_carry`, `date`, `from_id`, `user_id`) VALUES ('50', '2024-10-10 11:18:56', 'SKNG12', 'UP1V84');
INSERT INTO `matrix_filling` (`placement_id`, `downline_id`, `level`, `matrix`) VALUES ('FUR4NG', 'SKNG12', 2, 1);
UPDATE `bv_updation` SET left_carry = left_carry+50, total_left = total_left+50
WHERE `user_id` = 'FUR4NG';
INSERT INTO `placement_bv_update_history` (`left_carry`, `date`, `from_id`, `user_id`) VALUES ('50', '2024-10-10 11:18:56', 'SKNG12', 'FUR4NG');
INSERT INTO `matrix_filling` (`placement_id`, `downline_id`, `level`, `matrix`) VALUES ('VKJUTJ', 'SKNG12', 3, 1);
UPDATE `bv_updation` SET left_carry = left_carry+50, total_left = total_left+50
WHERE `user_id` = 'VKJUTJ';
INSERT INTO `placement_bv_update_history` (`left_carry`, `date`, `from_id`, `user_id`) VALUES ('50', '2024-10-10 11:18:56', 'SKNG12', 'VKJUTJ');
INSERT INTO `matrix_filling` (`placement_id`, `downline_id`, `level`, `matrix`) VALUES ('EF3P4L', 'SKNG12', 4, 1);
UPDATE `bv_updation` SET left_carry = left_carry+50, total_left = total_left+50
WHERE `user_id` = 'EF3P4L';
INSERT INTO `placement_bv_update_history` (`left_carry`, `date`, `from_id`, `user_id`) VALUES ('50', '2024-10-10 11:18:56', 'SKNG12', 'EF3P4L');
INSERT INTO `matrix_filling` (`placement_id`, `downline_id`, `level`, `matrix`) VALUES ('ILZ8NG', 'SKNG12', 5, 1);
UPDATE `bv_updation` SET left_carry = left_carry+50, total_left = total_left+50
WHERE `user_id` = 'ILZ8NG';
INSERT INTO `placement_bv_update_history` (`left_carry`, `date`, `from_id`, `user_id`) VALUES ('50', '2024-10-10 11:18:56', 'SKNG12', 'ILZ8NG');
INSERT INTO `matrix_filling` (`placement_id`, `downline_id`, `level`, `matrix`) VALUES ('4YA81C', 'SKNG12', 6, 1);
UPDATE `bv_updation` SET left_carry = left_carry+50, total_left = total_left+50
WHERE `user_id` = '4YA81C';
INSERT INTO `placement_bv_update_history` (`left_carry`, `date`, `from_id`, `user_id`) VALUES ('50', '2024-10-10 11:18:56', 'SKNG12', '4YA81C');
UPDATE `bv_updation` SET sponsor_left_carry = sponsor_left_carry+50, sponsor_total_left = sponsor_total_left+50
WHERE `user_id` = '4YA81C';
INSERT INTO `sponsor_bv_update_history` (`left_carry`, `date`, `user_id`) VALUES ('50', '2024-10-10 11:18:56', '4YA81C');
INSERT INTO `matrix_filling` (`placement_id`, `downline_id`, `level`, `matrix`) VALUES ('G1CDHO', 'SKNG12', 7, 1);
UPDATE `bv_updation` SET right_carry = right_carry+50, total_right = total_right+50
WHERE `user_id` = 'G1CDHO';
INSERT INTO `placement_bv_update_history` (`right_carry`, `date`, `from_id`, `user_id`) VALUES ('50', '2024-10-10 11:18:56', 'SKNG12', 'G1CDHO');
INSERT INTO `matrix_filling` (`placement_id`, `downline_id`, `level`, `matrix`) VALUES ('9NGWQG', 'SKNG12', 8, 1);
UPDATE `bv_updation` SET right_carry = right_carry+50, total_right = total_right+50
WHERE `user_id` = '9NGWQG';
INSERT INTO `placement_bv_update_history` (`right_carry`, `date`, `from_id`, `user_id`) VALUES ('50', '2024-10-10 11:18:56', 'SKNG12', '9NGWQG');
INSERT INTO `matrix_filling` (`placement_id`, `downline_id`, `level`, `matrix`) VALUES ('R6J8K1', 'SKNG12', 9, 1);
UPDATE `bv_updation` SET right_carry = right_carry+50, total_right = total_right+50
WHERE `user_id` = 'R6J8K1';
INSERT INTO `placement_bv_update_history` (`right_carry`, `date`, `from_id`, `user_id`) VALUES ('50', '2024-10-10 11:18:56', 'SKNG12', 'R6J8K1');
INSERT INTO `matrix_filling` (`placement_id`, `downline_id`, `level`, `matrix`) VALUES ('G6ZQNS', 'SKNG12', 10, 1);
UPDATE `bv_updation` SET right_carry = right_carry+50, total_right = total_right+50
WHERE `user_id` = 'G6ZQNS';
INSERT INTO `placement_bv_update_history` (`right_carry`, `date`, `from_id`, `user_id`) VALUES ('50', '2024-10-10 11:18:56', 'SKNG12', 'G6ZQNS');
INSERT INTO `matrix_filling` (`placement_id`, `downline_id`, `level`, `matrix`) VALUES ('M4FVZR', 'SKNG12', 11, 1);
UPDATE `bv_updation` SET right_carry = right_carry+50, total_right = total_right+50
WHERE `user_id` = 'M4FVZR';
INSERT INTO `placement_bv_update_history` (`right_carry`, `date`, `from_id`, `user_id`) VALUES ('50', '2024-10-10 11:18:56', 'SKNG12', 'M4FVZR');
INSERT INTO `matrix_filling` (`placement_id`, `downline_id`, `level`, `matrix`) VALUES ('5ZLRWM', 'SKNG12', 12, 1);
UPDATE `bv_updation` SET right_carry = right_carry+50, total_right = total_right+50
WHERE `user_id` = '5ZLRWM';
INSERT INTO `placement_bv_update_history` (`right_carry`, `date`, `from_id`, `user_id`) VALUES ('50', '2024-10-10 11:18:56', 'SKNG12', '5ZLRWM');
INSERT INTO `matrix_filling` (`placement_id`, `downline_id`, `level`, `matrix`) VALUES ('JPDLRK', 'SKNG12', 13, 1);
UPDATE `bv_updation` SET right_carry = right_carry+50, total_right = total_right+50
WHERE `user_id` = 'JPDLRK';
INSERT INTO `placement_bv_update_history` (`right_carry`, `date`, `from_id`, `user_id`) VALUES ('50', '2024-10-10 11:18:56', 'SKNG12', 'JPDLRK');
INSERT INTO `matrix_filling` (`placement_id`, `downline_id`, `level`, `matrix`) VALUES ('FGURJ3', 'SKNG12', 14, 1);
UPDATE `bv_updation` SET right_carry = right_carry+50, total_right = total_right+50
WHERE `user_id` = 'FGURJ3';
INSERT INTO `placement_bv_update_history` (`right_carry`, `date`, `from_id`, `user_id`) VALUES ('50', '2024-10-10 11:18:56', 'SKNG12', 'FGURJ3');
INSERT INTO `matrix_filling` (`placement_id`, `downline_id`, `level`, `matrix`) VALUES ('L2ZCMP', 'SKNG12', 15, 1);
UPDATE `bv_updation` SET right_carry = right_carry+50, total_right = total_right+50
WHERE `user_id` = 'L2ZCMP';
INSERT INTO `placement_bv_update_history` (`right_carry`, `date`, `from_id`, `user_id`) VALUES ('50', '2024-10-10 11:18:56', 'SKNG12', 'L2ZCMP');
INSERT INTO `matrix_filling` (`placement_id`, `downline_id`, `level`, `matrix`) VALUES ('XOJI6Y', 'SKNG12', 16, 1);
UPDATE `bv_updation` SET right_carry = right_carry+50, total_right = total_right+50
WHERE `user_id` = 'XOJI6Y';
INSERT INTO `placement_bv_update_history` (`right_carry`, `date`, `from_id`, `user_id`) VALUES ('50', '2024-10-10 11:18:56', 'SKNG12', 'XOJI6Y');
INSERT INTO `matrix_filling` (`placement_id`, `downline_id`, `level`, `matrix`) VALUES ('Z6E2C9', 'SKNG12', 17, 1);
UPDATE `bv_updation` SET right_carry = right_carry+50, total_right = total_right+50
WHERE `user_id` = 'Z6E2C9';
INSERT INTO `placement_bv_update_history` (`right_carry`, `date`, `from_id`, `user_id`) VALUES ('50', '2024-10-10 11:18:56', 'SKNG12', 'Z6E2C9');
INSERT INTO `matrix_filling` (`placement_id`, `downline_id`, `level`, `matrix`) VALUES ('VT4PXI', 'SKNG12', 18, 1);
UPDATE `bv_updation` SET right_carry = right_carry+50, total_right = total_right+50
WHERE `user_id` = 'VT4PXI';
INSERT INTO `placement_bv_update_history` (`right_carry`, `date`, `from_id`, `user_id`) VALUES ('50', '2024-10-10 11:18:56', 'SKNG12', 'VT4PXI');
INSERT INTO `matrix_filling` (`placement_id`, `downline_id`, `level`, `matrix`) VALUES ('QKHYPY', 'SKNG12', 19, 1);
UPDATE `bv_updation` SET right_carry = right_carry+50, total_right = total_right+50
WHERE `user_id` = 'QKHYPY';
INSERT INTO `placement_bv_update_history` (`right_carry`, `date`, `from_id`, `user_id`) VALUES ('50', '2024-10-10 11:18:56', 'SKNG12', 'QKHYPY');
INSERT INTO `matrix_filling` (`placement_id`, `downline_id`, `level`, `matrix`) VALUES ('LN7PEK', 'SKNG12', 20, 1);
UPDATE `bv_updation` SET right_carry = right_carry+50, total_right = total_right+50
WHERE `user_id` = 'LN7PEK';
INSERT INTO `placement_bv_update_history` (`right_carry`, `date`, `from_id`, `user_id`) VALUES ('50', '2024-10-10 11:18:56', 'SKNG12', 'LN7PEK');
INSERT INTO `matrix_filling` (`placement_id`, `downline_id`, `level`, `matrix`) VALUES ('LYDDQ5', 'SKNG12', 21, 1);
UPDATE `bv_updation` SET right_carry = right_carry+50, total_right = total_right+50
WHERE `user_id` = 'LYDDQ5';
INSERT INTO `placement_bv_update_history` (`right_carry`, `date`, `from_id`, `user_id`) VALUES ('50', '2024-10-10 11:18:56', 'SKNG12', 'LYDDQ5');
INSERT INTO `matrix_filling` (`placement_id`, `downline_id`, `level`, `matrix`) VALUES ('6UO8TB', 'SKNG12', 22, 1);
UPDATE `bv_updation` SET right_carry = right_carry+50, total_right = total_right+50
WHERE `user_id` = '6UO8TB';
INSERT INTO `placement_bv_update_history` (`right_carry`, `date`, `from_id`, `user_id`) VALUES ('50', '2024-10-10 11:18:56', 'SKNG12', '6UO8TB');
INSERT INTO `matrix_filling` (`placement_id`, `downline_id`, `level`, `matrix`) VALUES ('GPRO3Q', 'SKNG12', 23, 1);
UPDATE `bv_updation` SET right_carry = right_carry+50, total_right = total_right+50
WHERE `user_id` = 'GPRO3Q';
INSERT INTO `placement_bv_update_history` (`right_carry`, `date`, `from_id`, `user_id`) VALUES ('50', '2024-10-10 11:18:56', 'SKNG12', 'GPRO3Q');
INSERT INTO `matrix_filling` (`placement_id`, `downline_id`, `level`, `matrix`) VALUES ('MBPRQB', 'SKNG12', 24, 1);
UPDATE `bv_updation` SET right_carry = right_carry+50, total_right = total_right+50
WHERE `user_id` = 'MBPRQB';
INSERT INTO `placement_bv_update_history` (`right_carry`, `date`, `from_id`, `user_id`) VALUES ('50', '2024-10-10 11:18:56', 'SKNG12', 'MBPRQB');
INSERT INTO `matrix_filling` (`placement_id`, `downline_id`, `level`, `matrix`) VALUES ('X1RH6U', 'SKNG12', 25, 1);
UPDATE `bv_updation` SET right_carry = right_carry+50, total_right = total_right+50
WHERE `user_id` = 'X1RH6U';
INSERT INTO `placement_bv_update_history` (`right_carry`, `date`, `from_id`, `user_id`) VALUES ('50', '2024-10-10 11:18:56', 'SKNG12', 'X1RH6U');
INSERT INTO `matrix_filling` (`placement_id`, `downline_id`, `level`, `matrix`) VALUES ('HHALCM', 'SKNG12', 26, 1);
UPDATE `bv_updation` SET right_carry = right_carry+50, total_right = total_right+50
WHERE `user_id` = 'HHALCM';
INSERT INTO `placement_bv_update_history` (`right_carry`, `date`, `from_id`, `user_id`) VALUES ('50', '2024-10-10 11:18:56', 'SKNG12', 'HHALCM');
INSERT INTO `matrix_filling` (`placement_id`, `downline_id`, `level`, `matrix`) VALUES ('7WQBA7', 'SKNG12', 27, 1);
UPDATE `bv_updation` SET right_carry = right_carry+50, total_right = total_right+50
WHERE `user_id` = '7WQBA7';
INSERT INTO `placement_bv_update_history` (`right_carry`, `date`, `from_id`, `user_id`) VALUES ('50', '2024-10-10 11:18:56', 'SKNG12', '7WQBA7');
INSERT INTO `matrix_filling` (`placement_id`, `downline_id`, `level`, `matrix`) VALUES ('QPNZO1', 'SKNG12', 28, 1);
UPDATE `bv_updation` SET right_carry = right_carry+50, total_right = total_right+50
WHERE `user_id` = 'QPNZO1';
INSERT INTO `placement_bv_update_history` (`right_carry`, `date`, `from_id`, `user_id`) VALUES ('50', '2024-10-10 11:18:57', 'SKNG12', 'QPNZO1');
INSERT INTO `matrix_filling` (`placement_id`, `downline_id`, `level`, `matrix`) VALUES ('KCF78M', 'SKNG12', 29, 1);
UPDATE `bv_updation` SET right_carry = right_carry+50, total_right = total_right+50
WHERE `user_id` = 'KCF78M';
INSERT INTO `placement_bv_update_history` (`right_carry`, `date`, `from_id`, `user_id`) VALUES ('50', '2024-10-10 11:18:57', 'SKNG12', 'KCF78M');
INSERT INTO `matrix_filling` (`placement_id`, `downline_id`, `level`, `matrix`) VALUES ('7RY1ZP', 'SKNG12', 30, 1);
UPDATE `bv_updation` SET right_carry = right_carry+50, total_right = total_right+50
WHERE `user_id` = '7RY1ZP';
INSERT INTO `placement_bv_update_history` (`right_carry`, `date`, `from_id`, `user_id`) VALUES ('50', '2024-10-10 11:18:57', 'SKNG12', '7RY1ZP');
INSERT INTO `matrix_filling` (`placement_id`, `downline_id`, `level`, `matrix`) VALUES ('ADZTOG', 'SKNG12', 31, 1);
UPDATE `bv_updation` SET right_carry = right_carry+50, total_right = total_right+50
WHERE `user_id` = 'ADZTOG';
INSERT INTO `placement_bv_update_history` (`right_carry`, `date`, `from_id`, `user_id`) VALUES ('50', '2024-10-10 11:18:57', 'SKNG12', 'ADZTOG');
INSERT INTO `matrix_filling` (`placement_id`, `downline_id`, `level`, `matrix`) VALUES ('A9858P', 'SKNG12', 32, 1);
UPDATE `bv_updation` SET right_carry = right_carry+50, total_right = total_right+50
WHERE `user_id` = 'A9858P';
INSERT INTO `placement_bv_update_history` (`right_carry`, `date`, `from_id`, `user_id`) VALUES ('50', '2024-10-10 11:18:57', 'SKNG12', 'A9858P');
INSERT INTO `matrix_filling` (`placement_id`, `downline_id`, `level`, `matrix`) VALUES ('admin', 'SKNG12', 33, 1);
UPDATE `bv_updation` SET right_carry = right_carry+50, total_right = total_right+50
WHERE `user_id` = 'admin';
INSERT INTO `placement_bv_update_history` (`right_carry`, `date`, `from_id`, `user_id`) VALUES ('50', '2024-10-10 11:18:57', 'SKNG12', 'admin');
INSERT INTO `package_purchase_history` (`user_id`, `package_id`, `reg_fee`, `package_name`, `monthly_fee`, `type`, `date`, `payment_option`) VALUES ('SKNG12', '2', '595', 'Traveler Pro', '150', 'sign_up', '2024-10-10 11:18:57', 'free');
UPDATE `user_registration` SET `popup_seen` = 'no'
WHERE `user_id` = 'A9858P';
DELETE FROM `ci_sessions`
WHERE `id` = '0e4d256acd05b65bd7ad5bfcea45d10ccc3f0533';
INSERT INTO `login_history` (`user_id`, `device`, `ip_address`, `date`) VALUES ('CMPXGW', 'Mozilla/5.0 (Windows NT 10.0; Win64; x64) AppleWebKit/537.36 (KHTML, like Gecko) Chrome/129.0.0.0 Safari/537.36', '172.70.54.135', '24-10-10 11:19');
UPDATE `user_registration` SET `popup_seen` = 'yes'
WHERE `user_id` = 'CMPXGW';
UPDATE `user_registration` SET `uid` = '3112', `user_id` = 'DCQBQ6', `username` = 'gabino2', `sponsor_id` = '4YA81C', `vacant` = 'no', `f_name` = 'Gabino', `l_name` = 'Gambino', `address` = '6520 Kendale Lakes Dr', `position` = 'left', `email` = 'gabino2@gmail.com', `password` = 'dacadefe64cb014228f3743d3a006583', `phone` = '3057610606', `country` = 'United States', `state` = 'Florida', `city` = 'Miami', `street` = '6520 Kendale Lakes Dr', `zip_code` = '33183', `reg_ip` = '108.162.212.54', `status` = 1, `package_id` = '2', `rank_id` = 1, `highest_rank` = 1, `cycle_rank_id` = 1, `created` = '2024-10-10 11:20:28', `subscription_date` = '2024-11-09', `google_secret` = 'XWVITAMPQN33HP5F'
WHERE `uid` = '3112';
INSERT INTO `user_registration` (`uid`, `user_id`, `username`, `sponsor_id`, `placement_id`, `vacant`, `f_name`, `l_name`, `address`, `position`, `email`, `password`, `phone`, `reg_ip`, `status`, `created`) VALUES (NULL, 'APJGCC', 'byNLRcLN', 'DCQBQ6', 'DCQBQ6', 'yes', '', '', '', 'left', '@mail.com', '', '', '', 0, '2024-10-10 11:20:28');
INSERT INTO `user_registration` (`uid`, `user_id`, `username`, `sponsor_id`, `placement_id`, `vacant`, `f_name`, `l_name`, `address`, `position`, `email`, `password`, `phone`, `reg_ip`, `status`, `created`) VALUES (NULL, 'WACKEW', 'wteYeNas', 'DCQBQ6', 'DCQBQ6', 'yes', '', '', '', 'right', '@mail.com', '', '', '', 0, '2024-10-10 11:20:28');
INSERT INTO `bv_updation` (`user_id`) VALUES ('DCQBQ6');
UPDATE `user_registration` SET total_ref_count = total_ref_count+1
WHERE `user_id` = '4YA81C';
UPDATE `user_registration` SET total_downlines = total_downlines+1
WHERE `user_id` = 'SKNG12';
UPDATE `user_registration` SET left_downlines = left_downlines+1
WHERE `user_id` = 'SKNG12';
UPDATE `user_registration` SET total_downlines = total_downlines+1
WHERE `user_id` = 'UP1V84';
UPDATE `user_registration` SET left_downlines = left_downlines+1
WHERE `user_id` = 'UP1V84';
UPDATE `user_registration` SET total_downlines = total_downlines+1
WHERE `user_id` = 'FUR4NG';
UPDATE `user_registration` SET left_downlines = left_downlines+1
WHERE `user_id` = 'FUR4NG';
UPDATE `user_registration` SET total_downlines = total_downlines+1
WHERE `user_id` = 'VKJUTJ';
UPDATE `user_registration` SET left_downlines = left_downlines+1
WHERE `user_id` = 'VKJUTJ';
UPDATE `user_registration` SET total_downlines = total_downlines+1
WHERE `user_id` = 'EF3P4L';
UPDATE `user_registration` SET left_downlines = left_downlines+1
WHERE `user_id` = 'EF3P4L';
UPDATE `user_registration` SET total_downlines = total_downlines+1
WHERE `user_id` = 'ILZ8NG';
UPDATE `user_registration` SET left_downlines = left_downlines+1
WHERE `user_id` = 'ILZ8NG';
UPDATE `user_registration` SET total_downlines = total_downlines+1
WHERE `user_id` = '4YA81C';
UPDATE `user_registration` SET left_downlines = left_downlines+1
WHERE `user_id` = '4YA81C';
UPDATE `user_registration` SET left_ref_count = left_ref_count+1
WHERE `user_id` = '4YA81C';
UPDATE `user_registration` SET active_left = active_left+1
WHERE `user_id` = '4YA81C';
UPDATE `user_registration` SET total_downlines = total_downlines+1
WHERE `user_id` = 'G1CDHO';
UPDATE `user_registration` SET right_downlines = right_downlines+1
WHERE `user_id` = 'G1CDHO';
UPDATE `user_registration` SET total_downlines = total_downlines+1
WHERE `user_id` = '9NGWQG';
UPDATE `user_registration` SET right_downlines = right_downlines+1
WHERE `user_id` = '9NGWQG';
UPDATE `user_registration` SET total_downlines = total_downlines+1
WHERE `user_id` = 'R6J8K1';
UPDATE `user_registration` SET right_downlines = right_downlines+1
WHERE `user_id` = 'R6J8K1';
UPDATE `user_registration` SET total_downlines = total_downlines+1
WHERE `user_id` = 'G6ZQNS';
UPDATE `user_registration` SET right_downlines = right_downlines+1
WHERE `user_id` = 'G6ZQNS';
UPDATE `user_registration` SET total_downlines = total_downlines+1
WHERE `user_id` = 'M4FVZR';
UPDATE `user_registration` SET right_downlines = right_downlines+1
WHERE `user_id` = 'M4FVZR';
UPDATE `user_registration` SET total_downlines = total_downlines+1
WHERE `user_id` = '5ZLRWM';
UPDATE `user_registration` SET right_downlines = right_downlines+1
WHERE `user_id` = '5ZLRWM';
UPDATE `user_registration` SET total_downlines = total_downlines+1
WHERE `user_id` = 'JPDLRK';
UPDATE `user_registration` SET right_downlines = right_downlines+1
WHERE `user_id` = 'JPDLRK';
UPDATE `user_registration` SET total_downlines = total_downlines+1
WHERE `user_id` = 'FGURJ3';
UPDATE `user_registration` SET right_downlines = right_downlines+1
WHERE `user_id` = 'FGURJ3';
UPDATE `user_registration` SET total_downlines = total_downlines+1
WHERE `user_id` = 'L2ZCMP';
UPDATE `user_registration` SET right_downlines = right_downlines+1
WHERE `user_id` = 'L2ZCMP';
UPDATE `user_registration` SET total_downlines = total_downlines+1
WHERE `user_id` = 'XOJI6Y';
UPDATE `user_registration` SET right_downlines = right_downlines+1
WHERE `user_id` = 'XOJI6Y';
UPDATE `user_registration` SET total_downlines = total_downlines+1
WHERE `user_id` = 'Z6E2C9';
UPDATE `user_registration` SET right_downlines = right_downlines+1
WHERE `user_id` = 'Z6E2C9';
UPDATE `user_registration` SET total_downlines = total_downlines+1
WHERE `user_id` = 'VT4PXI';
UPDATE `user_registration` SET right_downlines = right_downlines+1
WHERE `user_id` = 'VT4PXI';
UPDATE `user_registration` SET total_downlines = total_downlines+1
WHERE `user_id` = 'QKHYPY';
UPDATE `user_registration` SET right_downlines = right_downlines+1
WHERE `user_id` = 'QKHYPY';
UPDATE `user_registration` SET total_downlines = total_downlines+1
WHERE `user_id` = 'LN7PEK';
UPDATE `user_registration` SET right_downlines = right_downlines+1
WHERE `user_id` = 'LN7PEK';
UPDATE `user_registration` SET total_downlines = total_downlines+1
WHERE `user_id` = 'LYDDQ5';
UPDATE `user_registration` SET right_downlines = right_downlines+1
WHERE `user_id` = 'LYDDQ5';
UPDATE `user_registration` SET total_downlines = total_downlines+1
WHERE `user_id` = '6UO8TB';
UPDATE `user_registration` SET right_downlines = right_downlines+1
WHERE `user_id` = '6UO8TB';
UPDATE `user_registration` SET total_downlines = total_downlines+1
WHERE `user_id` = 'GPRO3Q';
UPDATE `user_registration` SET right_downlines = right_downlines+1
WHERE `user_id` = 'GPRO3Q';
UPDATE `user_registration` SET total_downlines = total_downlines+1
WHERE `user_id` = 'MBPRQB';
UPDATE `user_registration` SET right_downlines = right_downlines+1
WHERE `user_id` = 'MBPRQB';
UPDATE `user_registration` SET total_downlines = total_downlines+1
WHERE `user_id` = 'X1RH6U';
UPDATE `user_registration` SET right_downlines = right_downlines+1
WHERE `user_id` = 'X1RH6U';
UPDATE `user_registration` SET total_downlines = total_downlines+1
WHERE `user_id` = 'HHALCM';
UPDATE `user_registration` SET right_downlines = right_downlines+1
WHERE `user_id` = 'HHALCM';
UPDATE `user_registration` SET total_downlines = total_downlines+1
WHERE `user_id` = '7WQBA7';
UPDATE `user_registration` SET right_downlines = right_downlines+1
WHERE `user_id` = '7WQBA7';
UPDATE `user_registration` SET total_downlines = total_downlines+1
WHERE `user_id` = 'QPNZO1';
UPDATE `user_registration` SET right_downlines = right_downlines+1
WHERE `user_id` = 'QPNZO1';
UPDATE `user_registration` SET total_downlines = total_downlines+1
WHERE `user_id` = 'KCF78M';
UPDATE `user_registration` SET right_downlines = right_downlines+1
WHERE `user_id` = 'KCF78M';
UPDATE `user_registration` SET total_downlines = total_downlines+1
WHERE `user_id` = '7RY1ZP';
UPDATE `user_registration` SET right_downlines = right_downlines+1
WHERE `user_id` = '7RY1ZP';
UPDATE `user_registration` SET total_downlines = total_downlines+1
WHERE `user_id` = 'ADZTOG';
UPDATE `user_registration` SET right_downlines = right_downlines+1
WHERE `user_id` = 'ADZTOG';
UPDATE `user_registration` SET total_downlines = total_downlines+1
WHERE `user_id` = 'A9858P';
UPDATE `user_registration` SET right_downlines = right_downlines+1
WHERE `user_id` = 'A9858P';
UPDATE `user_registration` SET total_downlines = total_downlines+1
WHERE `user_id` = 'admin';
UPDATE `user_registration` SET right_downlines = right_downlines+1
WHERE `user_id` = 'admin';
INSERT INTO `investment` (`invest_date`, `user_id`, `type`, `amount`, `package_id`) VALUES ('2024-10-10 11:20:29', 'DCQBQ6', 'register', '595', '2');
INSERT INTO `earnings` (`user_id`, `Purchaser_id`, `earning_type`, `package_id`, `amount`, `date`, `comments`, `invest_amount`, `comm_perc`, `level`, `rank_id`, `order_id`) VALUES ('4YA81C', 'DCQBQ6', 'Direct Referral Bonus', '2', '100', '2024-10-10 11:20:29', 'Direct Referral Bonus', 0, 0, 1, '', 1049);
UPDATE `user_registration` SET commission_balance = ROUND(commission_balance + 100,2)
WHERE `user_id` = '4YA81C';
UPDATE `user_registration` SET referral_bonus = ROUND(referral_bonus + 100,2)
WHERE `user_id` = '4YA81C';
INSERT INTO `earnings` (`user_id`, `Purchaser_id`, `earning_type`, `package_id`, `amount`, `date`, `comments`, `invest_amount`, `comm_perc`, `level`, `rank_id`, `order_id`) VALUES ('A9858P', 'DCQBQ6', 'Expansion Bonus', '2', 280, '2024-10-10 11:20:29', 'Expansion Bonus', '100', 0, 1, '', 1049);
UPDATE `user_registration` SET commission_balance = ROUND(commission_balance + 280,2)
WHERE `user_id` = 'A9858P';
UPDATE `user_registration` SET expansion_bonus = ROUND(expansion_bonus + 280,2)
WHERE `user_id` = 'A9858P';
UPDATE `user_registration` SET total_points = ROUND(total_points + 50,2)
WHERE `user_id` = 'DCQBQ6';
INSERT INTO `points_history` (`user_id`, `points`, `type`, `date`) VALUES ('DCQBQ6', '50', 'register', '2024-10-10 11:20:');
INSERT INTO `matrix_filling` (`placement_id`, `downline_id`, `level`, `matrix`) VALUES ('SKNG12', 'DCQBQ6', 1, 1);
UPDATE `bv_updation` SET left_carry = left_carry+50, total_left = total_left+50
WHERE `user_id` = 'SKNG12';
INSERT INTO `placement_bv_update_history` (`left_carry`, `date`, `from_id`, `user_id`) VALUES ('50', '2024-10-10 11:20:29', 'DCQBQ6', 'SKNG12');
INSERT INTO `matrix_filling` (`placement_id`, `downline_id`, `level`, `matrix`) VALUES ('UP1V84', 'DCQBQ6', 2, 1);
UPDATE `bv_updation` SET left_carry = left_carry+50, total_left = total_left+50
WHERE `user_id` = 'UP1V84';
INSERT INTO `placement_bv_update_history` (`left_carry`, `date`, `from_id`, `user_id`) VALUES ('50', '2024-10-10 11:20:29', 'DCQBQ6', 'UP1V84');
INSERT INTO `matrix_filling` (`placement_id`, `downline_id`, `level`, `matrix`) VALUES ('FUR4NG', 'DCQBQ6', 3, 1);
UPDATE `bv_updation` SET left_carry = left_carry+50, total_left = total_left+50
WHERE `user_id` = 'FUR4NG';
INSERT INTO `placement_bv_update_history` (`left_carry`, `date`, `from_id`, `user_id`) VALUES ('50', '2024-10-10 11:20:29', 'DCQBQ6', 'FUR4NG');
INSERT INTO `matrix_filling` (`placement_id`, `downline_id`, `level`, `matrix`) VALUES ('VKJUTJ', 'DCQBQ6', 4, 1);
UPDATE `bv_updation` SET left_carry = left_carry+50, total_left = total_left+50
WHERE `user_id` = 'VKJUTJ';
INSERT INTO `placement_bv_update_history` (`left_carry`, `date`, `from_id`, `user_id`) VALUES ('50', '2024-10-10 11:20:29', 'DCQBQ6', 'VKJUTJ');
INSERT INTO `matrix_filling` (`placement_id`, `downline_id`, `level`, `matrix`) VALUES ('EF3P4L', 'DCQBQ6', 5, 1);
UPDATE `bv_updation` SET left_carry = left_carry+50, total_left = total_left+50
WHERE `user_id` = 'EF3P4L';
INSERT INTO `placement_bv_update_history` (`left_carry`, `date`, `from_id`, `user_id`) VALUES ('50', '2024-10-10 11:20:29', 'DCQBQ6', 'EF3P4L');
INSERT INTO `matrix_filling` (`placement_id`, `downline_id`, `level`, `matrix`) VALUES ('ILZ8NG', 'DCQBQ6', 6, 1);
UPDATE `bv_updation` SET left_carry = left_carry+50, total_left = total_left+50
WHERE `user_id` = 'ILZ8NG';
INSERT INTO `placement_bv_update_history` (`left_carry`, `date`, `from_id`, `user_id`) VALUES ('50', '2024-10-10 11:20:29', 'DCQBQ6', 'ILZ8NG');
INSERT INTO `matrix_filling` (`placement_id`, `downline_id`, `level`, `matrix`) VALUES ('4YA81C', 'DCQBQ6', 7, 1);
UPDATE `bv_updation` SET left_carry = left_carry+50, total_left = total_left+50
WHERE `user_id` = '4YA81C';
INSERT INTO `placement_bv_update_history` (`left_carry`, `date`, `from_id`, `user_id`) VALUES ('50', '2024-10-10 11:20:29', 'DCQBQ6', '4YA81C');
UPDATE `bv_updation` SET sponsor_left_carry = sponsor_left_carry+50, sponsor_total_left = sponsor_total_left+50
WHERE `user_id` = '4YA81C';
INSERT INTO `sponsor_bv_update_history` (`left_carry`, `date`, `user_id`) VALUES ('50', '2024-10-10 11:20:29', '4YA81C');
INSERT INTO `matrix_filling` (`placement_id`, `downline_id`, `level`, `matrix`) VALUES ('G1CDHO', 'DCQBQ6', 8, 1);
UPDATE `bv_updation` SET right_carry = right_carry+50, total_right = total_right+50
WHERE `user_id` = 'G1CDHO';
INSERT INTO `placement_bv_update_history` (`right_carry`, `date`, `from_id`, `user_id`) VALUES ('50', '2024-10-10 11:20:29', 'DCQBQ6', 'G1CDHO');
INSERT INTO `matrix_filling` (`placement_id`, `downline_id`, `level`, `matrix`) VALUES ('9NGWQG', 'DCQBQ6', 9, 1);
UPDATE `bv_updation` SET right_carry = right_carry+50, total_right = total_right+50
WHERE `user_id` = '9NGWQG';
INSERT INTO `placement_bv_update_history` (`right_carry`, `date`, `from_id`, `user_id`) VALUES ('50', '2024-10-10 11:20:29', 'DCQBQ6', '9NGWQG');
INSERT INTO `matrix_filling` (`placement_id`, `downline_id`, `level`, `matrix`) VALUES ('R6J8K1', 'DCQBQ6', 10, 1);
UPDATE `bv_updation` SET right_carry = right_carry+50, total_right = total_right+50
WHERE `user_id` = 'R6J8K1';
INSERT INTO `placement_bv_update_history` (`right_carry`, `date`, `from_id`, `user_id`) VALUES ('50', '2024-10-10 11:20:29', 'DCQBQ6', 'R6J8K1');
INSERT INTO `matrix_filling` (`placement_id`, `downline_id`, `level`, `matrix`) VALUES ('G6ZQNS', 'DCQBQ6', 11, 1);
UPDATE `bv_updation` SET right_carry = right_carry+50, total_right = total_right+50
WHERE `user_id` = 'G6ZQNS';
INSERT INTO `placement_bv_update_history` (`right_carry`, `date`, `from_id`, `user_id`) VALUES ('50', '2024-10-10 11:20:29', 'DCQBQ6', 'G6ZQNS');
INSERT INTO `matrix_filling` (`placement_id`, `downline_id`, `level`, `matrix`) VALUES ('M4FVZR', 'DCQBQ6', 12, 1);
UPDATE `bv_updation` SET right_carry = right_carry+50, total_right = total_right+50
WHERE `user_id` = 'M4FVZR';
INSERT INTO `placement_bv_update_history` (`right_carry`, `date`, `from_id`, `user_id`) VALUES ('50', '2024-10-10 11:20:29', 'DCQBQ6', 'M4FVZR');
INSERT INTO `matrix_filling` (`placement_id`, `downline_id`, `level`, `matrix`) VALUES ('5ZLRWM', 'DCQBQ6', 13, 1);
UPDATE `bv_updation` SET right_carry = right_carry+50, total_right = total_right+50
WHERE `user_id` = '5ZLRWM';
INSERT INTO `placement_bv_update_history` (`right_carry`, `date`, `from_id`, `user_id`) VALUES ('50', '2024-10-10 11:20:29', 'DCQBQ6', '5ZLRWM');
INSERT INTO `matrix_filling` (`placement_id`, `downline_id`, `level`, `matrix`) VALUES ('JPDLRK', 'DCQBQ6', 14, 1);
UPDATE `bv_updation` SET right_carry = right_carry+50, total_right = total_right+50
WHERE `user_id` = 'JPDLRK';
INSERT INTO `placement_bv_update_history` (`right_carry`, `date`, `from_id`, `user_id`) VALUES ('50', '2024-10-10 11:20:29', 'DCQBQ6', 'JPDLRK');
INSERT INTO `matrix_filling` (`placement_id`, `downline_id`, `level`, `matrix`) VALUES ('FGURJ3', 'DCQBQ6', 15, 1);
UPDATE `bv_updation` SET right_carry = right_carry+50, total_right = total_right+50
WHERE `user_id` = 'FGURJ3';
INSERT INTO `placement_bv_update_history` (`right_carry`, `date`, `from_id`, `user_id`) VALUES ('50', '2024-10-10 11:20:29', 'DCQBQ6', 'FGURJ3');
INSERT INTO `matrix_filling` (`placement_id`, `downline_id`, `level`, `matrix`) VALUES ('L2ZCMP', 'DCQBQ6', 16, 1);
UPDATE `bv_updation` SET right_carry = right_carry+50, total_right = total_right+50
WHERE `user_id` = 'L2ZCMP';
INSERT INTO `placement_bv_update_history` (`right_carry`, `date`, `from_id`, `user_id`) VALUES ('50', '2024-10-10 11:20:29', 'DCQBQ6', 'L2ZCMP');
INSERT INTO `matrix_filling` (`placement_id`, `downline_id`, `level`, `matrix`) VALUES ('XOJI6Y', 'DCQBQ6', 17, 1);
UPDATE `bv_updation` SET right_carry = right_carry+50, total_right = total_right+50
WHERE `user_id` = 'XOJI6Y';
INSERT INTO `placement_bv_update_history` (`right_carry`, `date`, `from_id`, `user_id`) VALUES ('50', '2024-10-10 11:20:29', 'DCQBQ6', 'XOJI6Y');
INSERT INTO `matrix_filling` (`placement_id`, `downline_id`, `level`, `matrix`) VALUES ('Z6E2C9', 'DCQBQ6', 18, 1);
UPDATE `bv_updation` SET right_carry = right_carry+50, total_right = total_right+50
WHERE `user_id` = 'Z6E2C9';
INSERT INTO `placement_bv_update_history` (`right_carry`, `date`, `from_id`, `user_id`) VALUES ('50', '2024-10-10 11:20:29', 'DCQBQ6', 'Z6E2C9');
INSERT INTO `matrix_filling` (`placement_id`, `downline_id`, `level`, `matrix`) VALUES ('VT4PXI', 'DCQBQ6', 19, 1);
UPDATE `bv_updation` SET right_carry = right_carry+50, total_right = total_right+50
WHERE `user_id` = 'VT4PXI';
INSERT INTO `placement_bv_update_history` (`right_carry`, `date`, `from_id`, `user_id`) VALUES ('50', '2024-10-10 11:20:29', 'DCQBQ6', 'VT4PXI');
INSERT INTO `matrix_filling` (`placement_id`, `downline_id`, `level`, `matrix`) VALUES ('QKHYPY', 'DCQBQ6', 20, 1);
UPDATE `bv_updation` SET right_carry = right_carry+50, total_right = total_right+50
WHERE `user_id` = 'QKHYPY';
INSERT INTO `placement_bv_update_history` (`right_carry`, `date`, `from_id`, `user_id`) VALUES ('50', '2024-10-10 11:20:29', 'DCQBQ6', 'QKHYPY');
INSERT INTO `matrix_filling` (`placement_id`, `downline_id`, `level`, `matrix`) VALUES ('LN7PEK', 'DCQBQ6', 21, 1);
UPDATE `bv_updation` SET right_carry = right_carry+50, total_right = total_right+50
WHERE `user_id` = 'LN7PEK';
INSERT INTO `placement_bv_update_history` (`right_carry`, `date`, `from_id`, `user_id`) VALUES ('50', '2024-10-10 11:20:29', 'DCQBQ6', 'LN7PEK');
INSERT INTO `matrix_filling` (`placement_id`, `downline_id`, `level`, `matrix`) VALUES ('LYDDQ5', 'DCQBQ6', 22, 1);
UPDATE `bv_updation` SET right_carry = right_carry+50, total_right = total_right+50
WHERE `user_id` = 'LYDDQ5';
INSERT INTO `placement_bv_update_history` (`right_carry`, `date`, `from_id`, `user_id`) VALUES ('50', '2024-10-10 11:20:29', 'DCQBQ6', 'LYDDQ5');
INSERT INTO `matrix_filling` (`placement_id`, `downline_id`, `level`, `matrix`) VALUES ('6UO8TB', 'DCQBQ6', 23, 1);
UPDATE `bv_updation` SET right_carry = right_carry+50, total_right = total_right+50
WHERE `user_id` = '6UO8TB';
INSERT INTO `placement_bv_update_history` (`right_carry`, `date`, `from_id`, `user_id`) VALUES ('50', '2024-10-10 11:20:29', 'DCQBQ6', '6UO8TB');
INSERT INTO `matrix_filling` (`placement_id`, `downline_id`, `level`, `matrix`) VALUES ('GPRO3Q', 'DCQBQ6', 24, 1);
UPDATE `bv_updation` SET right_carry = right_carry+50, total_right = total_right+50
WHERE `user_id` = 'GPRO3Q';
INSERT INTO `placement_bv_update_history` (`right_carry`, `date`, `from_id`, `user_id`) VALUES ('50', '2024-10-10 11:20:29', 'DCQBQ6', 'GPRO3Q');
INSERT INTO `matrix_filling` (`placement_id`, `downline_id`, `level`, `matrix`) VALUES ('MBPRQB', 'DCQBQ6', 25, 1);
UPDATE `bv_updation` SET right_carry = right_carry+50, total_right = total_right+50
WHERE `user_id` = 'MBPRQB';
INSERT INTO `placement_bv_update_history` (`right_carry`, `date`, `from_id`, `user_id`) VALUES ('50', '2024-10-10 11:20:29', 'DCQBQ6', 'MBPRQB');
INSERT INTO `matrix_filling` (`placement_id`, `downline_id`, `level`, `matrix`) VALUES ('X1RH6U', 'DCQBQ6', 26, 1);
UPDATE `bv_updation` SET right_carry = right_carry+50, total_right = total_right+50
WHERE `user_id` = 'X1RH6U';
INSERT INTO `placement_bv_update_history` (`right_carry`, `date`, `from_id`, `user_id`) VALUES ('50', '2024-10-10 11:20:29', 'DCQBQ6', 'X1RH6U');
INSERT INTO `matrix_filling` (`placement_id`, `downline_id`, `level`, `matrix`) VALUES ('HHALCM', 'DCQBQ6', 27, 1);
UPDATE `bv_updation` SET right_carry = right_carry+50, total_right = total_right+50
WHERE `user_id` = 'HHALCM';
INSERT INTO `placement_bv_update_history` (`right_carry`, `date`, `from_id`, `user_id`) VALUES ('50', '2024-10-10 11:20:29', 'DCQBQ6', 'HHALCM');
INSERT INTO `matrix_filling` (`placement_id`, `downline_id`, `level`, `matrix`) VALUES ('7WQBA7', 'DCQBQ6', 28, 1);
UPDATE `bv_updation` SET right_carry = right_carry+50, total_right = total_right+50
WHERE `user_id` = '7WQBA7';
INSERT INTO `placement_bv_update_history` (`right_carry`, `date`, `from_id`, `user_id`) VALUES ('50', '2024-10-10 11:20:29', 'DCQBQ6', '7WQBA7');
INSERT INTO `matrix_filling` (`placement_id`, `downline_id`, `level`, `matrix`) VALUES ('QPNZO1', 'DCQBQ6', 29, 1);
UPDATE `bv_updation` SET right_carry = right_carry+50, total_right = total_right+50
WHERE `user_id` = 'QPNZO1';
INSERT INTO `placement_bv_update_history` (`right_carry`, `date`, `from_id`, `user_id`) VALUES ('50', '2024-10-10 11:20:29', 'DCQBQ6', 'QPNZO1');
INSERT INTO `matrix_filling` (`placement_id`, `downline_id`, `level`, `matrix`) VALUES ('KCF78M', 'DCQBQ6', 30, 1);
UPDATE `bv_updation` SET right_carry = right_carry+50, total_right = total_right+50
WHERE `user_id` = 'KCF78M';
INSERT INTO `placement_bv_update_history` (`right_carry`, `date`, `from_id`, `user_id`) VALUES ('50', '2024-10-10 11:20:29', 'DCQBQ6', 'KCF78M');
INSERT INTO `matrix_filling` (`placement_id`, `downline_id`, `level`, `matrix`) VALUES ('7RY1ZP', 'DCQBQ6', 31, 1);
UPDATE `bv_updation` SET right_carry = right_carry+50, total_right = total_right+50
WHERE `user_id` = '7RY1ZP';
INSERT INTO `placement_bv_update_history` (`right_carry`, `date`, `from_id`, `user_id`) VALUES ('50', '2024-10-10 11:20:29', 'DCQBQ6', '7RY1ZP');
INSERT INTO `matrix_filling` (`placement_id`, `downline_id`, `level`, `matrix`) VALUES ('ADZTOG', 'DCQBQ6', 32, 1);
UPDATE `bv_updation` SET right_carry = right_carry+50, total_right = total_right+50
WHERE `user_id` = 'ADZTOG';
INSERT INTO `placement_bv_update_history` (`right_carry`, `date`, `from_id`, `user_id`) VALUES ('50', '2024-10-10 11:20:29', 'DCQBQ6', 'ADZTOG');
INSERT INTO `matrix_filling` (`placement_id`, `downline_id`, `level`, `matrix`) VALUES ('A9858P', 'DCQBQ6', 33, 1);
UPDATE `bv_updation` SET right_carry = right_carry+50, total_right = total_right+50
WHERE `user_id` = 'A9858P';
INSERT INTO `placement_bv_update_history` (`right_carry`, `date`, `from_id`, `user_id`) VALUES ('50', '2024-10-10 11:20:29', 'DCQBQ6', 'A9858P');
INSERT INTO `matrix_filling` (`placement_id`, `downline_id`, `level`, `matrix`) VALUES ('admin', 'DCQBQ6', 34, 1);
UPDATE `bv_updation` SET right_carry = right_carry+50, total_right = total_right+50
WHERE `user_id` = 'admin';
INSERT INTO `placement_bv_update_history` (`right_carry`, `date`, `from_id`, `user_id`) VALUES ('50', '2024-10-10 11:20:29', 'DCQBQ6', 'admin');
INSERT INTO `package_purchase_history` (`user_id`, `package_id`, `reg_fee`, `package_name`, `monthly_fee`, `type`, `date`, `payment_option`) VALUES ('DCQBQ6', '2', '595', 'Traveler Pro', '150', 'sign_up', '2024-10-10 11:20:29', 'free');
UPDATE `user_registration` SET `popup_seen` = 'yes'
WHERE `user_id` = '4YA81C';
UPDATE `user_registration` SET `popup_seen` = 'yes'
WHERE `user_id` = '4YA81C';
UPDATE `user_registration` SET `uid` = '3109', `user_id` = 'H5OECT', `username` = 'feliberto2', `sponsor_id` = 'CMPXGW', `vacant` = 'no', `f_name` = 'Feliberto', `l_name` = 'Guzman', `address` = '8100 SW 14 Terr', `position` = 'right', `email` = 'feliberto2@gmail.com', `password` = 'd181af9267b7dd8a3009babbf30a96d8', `phone` = '7862876762', `country` = 'United States', `state` = 'Florida', `city` = 'Miami', `street` = '8100 SW 14 Terr', `zip_code` = '33144', `reg_ip` = '172.70.55.177', `status` = 1, `package_id` = '1', `rank_id` = 1, `highest_rank` = 1, `cycle_rank_id` = 1, `created` = '2024-10-10 11:20:52', `subscription_date` = '2024-11-09', `google_secret` = 'P3DXN4NWP377HWXG'
WHERE `uid` = '3109';
INSERT INTO `user_registration` (`uid`, `user_id`, `username`, `sponsor_id`, `placement_id`, `vacant`, `f_name`, `l_name`, `address`, `position`, `email`, `password`, `phone`, `reg_ip`, `status`, `created`) VALUES (NULL, 'DCVRAA', 'utuiasag', 'H5OECT', 'H5OECT', 'yes', '', '', '', 'left', '@mail.com', '', '', '', 0, '2024-10-10 11:20:52');
INSERT INTO `user_registration` (`uid`, `user_id`, `username`, `sponsor_id`, `placement_id`, `vacant`, `f_name`, `l_name`, `address`, `position`, `email`, `password`, `phone`, `reg_ip`, `status`, `created`) VALUES (NULL, 'ILZOUL', 'DobSVrGU', 'H5OECT', 'H5OECT', 'yes', '', '', '', 'right', '@mail.com', '', '', '', 0, '2024-10-10 11:20:52');
INSERT INTO `bv_updation` (`user_id`) VALUES ('H5OECT');
UPDATE `user_registration` SET total_ref_count = total_ref_count+1
WHERE `user_id` = 'CMPXGW';
UPDATE `user_registration` SET total_downlines = total_downlines+1
WHERE `user_id` = 'CMPXGW';
UPDATE `user_registration` SET right_downlines = right_downlines+1
WHERE `user_id` = 'CMPXGW';
UPDATE `user_registration` SET right_ref_count = right_ref_count+1
WHERE `user_id` = 'CMPXGW';
UPDATE `user_registration` SET active_right = active_right+1
WHERE `user_id` = 'CMPXGW';
UPDATE `user_registration` SET total_downlines = total_downlines+1
WHERE `user_id` = 'ZG2BX4';
UPDATE `user_registration` SET right_downlines = right_downlines+1
WHERE `user_id` = 'ZG2BX4';
UPDATE `user_registration` SET total_downlines = total_downlines+1
WHERE `user_id` = '68C36C';
UPDATE `user_registration` SET right_downlines = right_downlines+1
WHERE `user_id` = '68C36C';
UPDATE `user_registration` SET total_downlines = total_downlines+1
WHERE `user_id` = '3CCEXB';
UPDATE `user_registration` SET right_downlines = right_downlines+1
WHERE `user_id` = '3CCEXB';
UPDATE `user_registration` SET total_downlines = total_downlines+1
WHERE `user_id` = '4XLOYS';
UPDATE `user_registration` SET right_downlines = right_downlines+1
WHERE `user_id` = '4XLOYS';
UPDATE `user_registration` SET total_downlines = total_downlines+1
WHERE `user_id` = 'AP7CE9';
UPDATE `user_registration` SET right_downlines = right_downlines+1
WHERE `user_id` = 'AP7CE9';
UPDATE `user_registration` SET total_downlines = total_downlines+1
WHERE `user_id` = '568VSI';
UPDATE `user_registration` SET right_downlines = right_downlines+1
WHERE `user_id` = '568VSI';
UPDATE `user_registration` SET total_downlines = total_downlines+1
WHERE `user_id` = 'CCLHRU';
UPDATE `user_registration` SET right_downlines = right_downlines+1
WHERE `user_id` = 'CCLHRU';
UPDATE `user_registration` SET total_downlines = total_downlines+1
WHERE `user_id` = '3LEN4B';
UPDATE `user_registration` SET right_downlines = right_downlines+1
WHERE `user_id` = '3LEN4B';
UPDATE `user_registration` SET total_downlines = total_downlines+1
WHERE `user_id` = '5ILHGT';
UPDATE `user_registration` SET right_downlines = right_downlines+1
WHERE `user_id` = '5ILHGT';
UPDATE `user_registration` SET total_downlines = total_downlines+1
WHERE `user_id` = 'JOWXDG';
UPDATE `user_registration` SET right_downlines = right_downlines+1
WHERE `user_id` = 'JOWXDG';
UPDATE `user_registration` SET total_downlines = total_downlines+1
WHERE `user_id` = 'DKLM6X';
UPDATE `user_registration` SET right_downlines = right_downlines+1
WHERE `user_id` = 'DKLM6X';
UPDATE `user_registration` SET total_downlines = total_downlines+1
WHERE `user_id` = 'EBHJLU';
UPDATE `user_registration` SET right_downlines = right_downlines+1
WHERE `user_id` = 'EBHJLU';
UPDATE `user_registration` SET total_downlines = total_downlines+1
WHERE `user_id` = 'Y9S3VV';
UPDATE `user_registration` SET right_downlines = right_downlines+1
WHERE `user_id` = 'Y9S3VV';
UPDATE `user_registration` SET total_downlines = total_downlines+1
WHERE `user_id` = 'BJ2EMM';
UPDATE `user_registration` SET right_downlines = right_downlines+1
WHERE `user_id` = 'BJ2EMM';
UPDATE `user_registration` SET total_downlines = total_downlines+1
WHERE `user_id` = 'D2QC3H';
UPDATE `user_registration` SET right_downlines = right_downlines+1
WHERE `user_id` = 'D2QC3H';
UPDATE `user_registration` SET total_downlines = total_downlines+1
WHERE `user_id` = 'FVHI2D';
UPDATE `user_registration` SET right_downlines = right_downlines+1
WHERE `user_id` = 'FVHI2D';
UPDATE `user_registration` SET total_downlines = total_downlines+1
WHERE `user_id` = 'KDTE1R';
UPDATE `user_registration` SET right_downlines = right_downlines+1
WHERE `user_id` = 'KDTE1R';
UPDATE `user_registration` SET total_downlines = total_downlines+1
WHERE `user_id` = '6YNZPL';
UPDATE `user_registration` SET right_downlines = right_downlines+1
WHERE `user_id` = '6YNZPL';
UPDATE `user_registration` SET total_downlines = total_downlines+1
WHERE `user_id` = 'D8MHLJ';
UPDATE `user_registration` SET right_downlines = right_downlines+1
WHERE `user_id` = 'D8MHLJ';
UPDATE `user_registration` SET total_downlines = total_downlines+1
WHERE `user_id` = 'WN7ZG7';
UPDATE `user_registration` SET right_downlines = right_downlines+1
WHERE `user_id` = 'WN7ZG7';
UPDATE `user_registration` SET total_downlines = total_downlines+1
WHERE `user_id` = 'A3HKL6';
UPDATE `user_registration` SET right_downlines = right_downlines+1
WHERE `user_id` = 'A3HKL6';
UPDATE `user_registration` SET total_downlines = total_downlines+1
WHERE `user_id` = 'RBFLKG';
UPDATE `user_registration` SET right_downlines = right_downlines+1
WHERE `user_id` = 'RBFLKG';
UPDATE `user_registration` SET total_downlines = total_downlines+1
WHERE `user_id` = 'L87333';
UPDATE `user_registration` SET right_downlines = right_downlines+1
WHERE `user_id` = 'L87333';
UPDATE `user_registration` SET total_downlines = total_downlines+1
WHERE `user_id` = 'IPVL3M';
UPDATE `user_registration` SET right_downlines = right_downlines+1
WHERE `user_id` = 'IPVL3M';
UPDATE `user_registration` SET total_downlines = total_downlines+1
WHERE `user_id` = 'MI1I8D';
UPDATE `user_registration` SET right_downlines = right_downlines+1
WHERE `user_id` = 'MI1I8D';
UPDATE `user_registration` SET total_downlines = total_downlines+1
WHERE `user_id` = '9TJJLG';
UPDATE `user_registration` SET right_downlines = right_downlines+1
WHERE `user_id` = '9TJJLG';
UPDATE `user_registration` SET total_downlines = total_downlines+1
WHERE `user_id` = '6DEXJW';
UPDATE `user_registration` SET right_downlines = right_downlines+1
WHERE `user_id` = '6DEXJW';
UPDATE `user_registration` SET total_downlines = total_downlines+1
WHERE `user_id` = 'DM1Y9N';
UPDATE `user_registration` SET right_downlines = right_downlines+1
WHERE `user_id` = 'DM1Y9N';
UPDATE `user_registration` SET total_downlines = total_downlines+1
WHERE `user_id` = 'A9858P';
UPDATE `user_registration` SET left_downlines = left_downlines+1
WHERE `user_id` = 'A9858P';
UPDATE `user_registration` SET total_downlines = total_downlines+1
WHERE `user_id` = 'admin';
UPDATE `user_registration` SET right_downlines = right_downlines+1
WHERE `user_id` = 'admin';
INSERT INTO `investment` (`invest_date`, `user_id`, `type`, `amount`, `package_id`) VALUES ('2024-10-10 11:20:52', 'H5OECT', 'register', '195', '1');
INSERT INTO `earnings` (`user_id`, `Purchaser_id`, `earning_type`, `package_id`, `amount`, `date`, `comments`, `invest_amount`, `comm_perc`, `level`, `rank_id`, `order_id`) VALUES ('CMPXGW', 'H5OECT', 'Direct Referral Bonus', '1', '20', '2024-10-10 11:20:52', 'Direct Referral Bonus', 0, 0, 1, '', 1050);
UPDATE `user_registration` SET commission_balance = ROUND(commission_balance + 20,2)
WHERE `user_id` = 'CMPXGW';
UPDATE `user_registration` SET referral_bonus = ROUND(referral_bonus + 20,2)
WHERE `user_id` = 'CMPXGW';
INSERT INTO `earnings` (`user_id`, `Purchaser_id`, `earning_type`, `package_id`, `amount`, `date`, `comments`, `invest_amount`, `comm_perc`, `level`, `rank_id`, `order_id`) VALUES ('6DEXJW', 'H5OECT', 'Expansion Bonus', '1', 10, '2024-10-10 11:20:52', 'Expansion Bonus', '20', 0, 1, '', 1050);
UPDATE `user_registration` SET commission_balance = ROUND(commission_balance + 10,2)
WHERE `user_id` = '6DEXJW';
UPDATE `user_registration` SET expansion_bonus = ROUND(expansion_bonus + 10,2)
WHERE `user_id` = '6DEXJW';
INSERT INTO `earnings` (`user_id`, `Purchaser_id`, `earning_type`, `package_id`, `amount`, `date`, `comments`, `invest_amount`, `comm_perc`, `level`, `rank_id`, `order_id`) VALUES ('DM1Y9N', 'H5OECT', 'Expansion Bonus', '1', 10, '2024-10-10 11:20:52', 'Expansion Bonus', 30, 0, 1, '', 1050);
UPDATE `user_registration` SET commission_balance = ROUND(commission_balance + 10,2)
WHERE `user_id` = 'DM1Y9N';
UPDATE `user_registration` SET expansion_bonus = ROUND(expansion_bonus + 10,2)
WHERE `user_id` = 'DM1Y9N';
INSERT INTO `earnings` (`user_id`, `Purchaser_id`, `earning_type`, `package_id`, `amount`, `date`, `comments`, `invest_amount`, `comm_perc`, `level`, `rank_id`, `order_id`) VALUES ('A9858P', 'H5OECT', 'Expansion Bonus', '1', 20, '2024-10-10 11:20:52', 'Expansion Bonus', 40, 0, 1, '', 1050);
UPDATE `user_registration` SET commission_balance = ROUND(commission_balance + 20,2)
WHERE `user_id` = 'A9858P';
UPDATE `user_registration` SET expansion_bonus = ROUND(expansion_bonus + 20,2)
WHERE `user_id` = 'A9858P';
UPDATE `user_registration` SET total_points = ROUND(total_points + 20,2)
WHERE `user_id` = 'H5OECT';
INSERT INTO `points_history` (`user_id`, `points`, `type`, `date`) VALUES ('H5OECT', '20', 'register', '2024-10-10 11:20:');
INSERT INTO `matrix_filling` (`placement_id`, `downline_id`, `level`, `matrix`) VALUES ('CMPXGW', 'H5OECT', 1, 1);
UPDATE `bv_updation` SET right_carry = right_carry+20, total_right = total_right+20
WHERE `user_id` = 'CMPXGW';
INSERT INTO `placement_bv_update_history` (`right_carry`, `date`, `from_id`, `user_id`) VALUES ('20', '2024-10-10 11:20:52', 'H5OECT', 'CMPXGW');
UPDATE `bv_updation` SET sponsor_right_carry = sponsor_right_carry+20, sponsor_total_right = sponsor_total_right+20
WHERE `user_id` = 'CMPXGW';
INSERT INTO `sponsor_bv_update_history` (`right_carry`, `date`, `user_id`) VALUES ('20', '2024-10-10 11:20:52', 'CMPXGW');
INSERT INTO `matrix_filling` (`placement_id`, `downline_id`, `level`, `matrix`) VALUES ('ZG2BX4', 'H5OECT', 2, 1);
UPDATE `bv_updation` SET right_carry = right_carry+20, total_right = total_right+20
WHERE `user_id` = 'ZG2BX4';
INSERT INTO `placement_bv_update_history` (`right_carry`, `date`, `from_id`, `user_id`) VALUES ('20', '2024-10-10 11:20:52', 'H5OECT', 'ZG2BX4');
INSERT INTO `matrix_filling` (`placement_id`, `downline_id`, `level`, `matrix`) VALUES ('68C36C', 'H5OECT', 3, 1);
UPDATE `bv_updation` SET right_carry = right_carry+20, total_right = total_right+20
WHERE `user_id` = '68C36C';
INSERT INTO `placement_bv_update_history` (`right_carry`, `date`, `from_id`, `user_id`) VALUES ('20', '2024-10-10 11:20:52', 'H5OECT', '68C36C');
INSERT INTO `matrix_filling` (`placement_id`, `downline_id`, `level`, `matrix`) VALUES ('3CCEXB', 'H5OECT', 4, 1);
UPDATE `bv_updation` SET right_carry = right_carry+20, total_right = total_right+20
WHERE `user_id` = '3CCEXB';
INSERT INTO `placement_bv_update_history` (`right_carry`, `date`, `from_id`, `user_id`) VALUES ('20', '2024-10-10 11:20:52', 'H5OECT', '3CCEXB');
INSERT INTO `matrix_filling` (`placement_id`, `downline_id`, `level`, `matrix`) VALUES ('4XLOYS', 'H5OECT', 5, 1);
UPDATE `bv_updation` SET right_carry = right_carry+20, total_right = total_right+20
WHERE `user_id` = '4XLOYS';
INSERT INTO `placement_bv_update_history` (`right_carry`, `date`, `from_id`, `user_id`) VALUES ('20', '2024-10-10 11:20:52', 'H5OECT', '4XLOYS');
INSERT INTO `matrix_filling` (`placement_id`, `downline_id`, `level`, `matrix`) VALUES ('AP7CE9', 'H5OECT', 6, 1);
UPDATE `bv_updation` SET right_carry = right_carry+20, total_right = total_right+20
WHERE `user_id` = 'AP7CE9';
INSERT INTO `placement_bv_update_history` (`right_carry`, `date`, `from_id`, `user_id`) VALUES ('20', '2024-10-10 11:20:52', 'H5OECT', 'AP7CE9');
INSERT INTO `matrix_filling` (`placement_id`, `downline_id`, `level`, `matrix`) VALUES ('568VSI', 'H5OECT', 7, 1);
UPDATE `bv_updation` SET right_carry = right_carry+20, total_right = total_right+20
WHERE `user_id` = '568VSI';
INSERT INTO `placement_bv_update_history` (`right_carry`, `date`, `from_id`, `user_id`) VALUES ('20', '2024-10-10 11:20:52', 'H5OECT', '568VSI');
INSERT INTO `matrix_filling` (`placement_id`, `downline_id`, `level`, `matrix`) VALUES ('CCLHRU', 'H5OECT', 8, 1);
UPDATE `bv_updation` SET right_carry = right_carry+20, total_right = total_right+20
WHERE `user_id` = 'CCLHRU';
INSERT INTO `placement_bv_update_history` (`right_carry`, `date`, `from_id`, `user_id`) VALUES ('20', '2024-10-10 11:20:52', 'H5OECT', 'CCLHRU');
INSERT INTO `matrix_filling` (`placement_id`, `downline_id`, `level`, `matrix`) VALUES ('3LEN4B', 'H5OECT', 9, 1);
UPDATE `bv_updation` SET right_carry = right_carry+20, total_right = total_right+20
WHERE `user_id` = '3LEN4B';
INSERT INTO `placement_bv_update_history` (`right_carry`, `date`, `from_id`, `user_id`) VALUES ('20', '2024-10-10 11:20:52', 'H5OECT', '3LEN4B');
INSERT INTO `matrix_filling` (`placement_id`, `downline_id`, `level`, `matrix`) VALUES ('5ILHGT', 'H5OECT', 10, 1);
UPDATE `bv_updation` SET right_carry = right_carry+20, total_right = total_right+20
WHERE `user_id` = '5ILHGT';
INSERT INTO `placement_bv_update_history` (`right_carry`, `date`, `from_id`, `user_id`) VALUES ('20', '2024-10-10 11:20:52', 'H5OECT', '5ILHGT');
INSERT INTO `matrix_filling` (`placement_id`, `downline_id`, `level`, `matrix`) VALUES ('JOWXDG', 'H5OECT', 11, 1);
UPDATE `bv_updation` SET right_carry = right_carry+20, total_right = total_right+20
WHERE `user_id` = 'JOWXDG';
INSERT INTO `placement_bv_update_history` (`right_carry`, `date`, `from_id`, `user_id`) VALUES ('20', '2024-10-10 11:20:52', 'H5OECT', 'JOWXDG');
INSERT INTO `matrix_filling` (`placement_id`, `downline_id`, `level`, `matrix`) VALUES ('DKLM6X', 'H5OECT', 12, 1);
UPDATE `bv_updation` SET right_carry = right_carry+20, total_right = total_right+20
WHERE `user_id` = 'DKLM6X';
INSERT INTO `placement_bv_update_history` (`right_carry`, `date`, `from_id`, `user_id`) VALUES ('20', '2024-10-10 11:20:52', 'H5OECT', 'DKLM6X');
INSERT INTO `matrix_filling` (`placement_id`, `downline_id`, `level`, `matrix`) VALUES ('EBHJLU', 'H5OECT', 13, 1);
UPDATE `bv_updation` SET right_carry = right_carry+20, total_right = total_right+20
WHERE `user_id` = 'EBHJLU';
INSERT INTO `placement_bv_update_history` (`right_carry`, `date`, `from_id`, `user_id`) VALUES ('20', '2024-10-10 11:20:52', 'H5OECT', 'EBHJLU');
INSERT INTO `matrix_filling` (`placement_id`, `downline_id`, `level`, `matrix`) VALUES ('Y9S3VV', 'H5OECT', 14, 1);
UPDATE `bv_updation` SET right_carry = right_carry+20, total_right = total_right+20
WHERE `user_id` = 'Y9S3VV';
INSERT INTO `placement_bv_update_history` (`right_carry`, `date`, `from_id`, `user_id`) VALUES ('20', '2024-10-10 11:20:52', 'H5OECT', 'Y9S3VV');
INSERT INTO `matrix_filling` (`placement_id`, `downline_id`, `level`, `matrix`) VALUES ('BJ2EMM', 'H5OECT', 15, 1);
UPDATE `bv_updation` SET right_carry = right_carry+20, total_right = total_right+20
WHERE `user_id` = 'BJ2EMM';
INSERT INTO `placement_bv_update_history` (`right_carry`, `date`, `from_id`, `user_id`) VALUES ('20', '2024-10-10 11:20:52', 'H5OECT', 'BJ2EMM');
INSERT INTO `matrix_filling` (`placement_id`, `downline_id`, `level`, `matrix`) VALUES ('D2QC3H', 'H5OECT', 16, 1);
UPDATE `bv_updation` SET right_carry = right_carry+20, total_right = total_right+20
WHERE `user_id` = 'D2QC3H';
INSERT INTO `placement_bv_update_history` (`right_carry`, `date`, `from_id`, `user_id`) VALUES ('20', '2024-10-10 11:20:52', 'H5OECT', 'D2QC3H');
INSERT INTO `matrix_filling` (`placement_id`, `downline_id`, `level`, `matrix`) VALUES ('FVHI2D', 'H5OECT', 17, 1);
UPDATE `bv_updation` SET right_carry = right_carry+20, total_right = total_right+20
WHERE `user_id` = 'FVHI2D';
INSERT INTO `placement_bv_update_history` (`right_carry`, `date`, `from_id`, `user_id`) VALUES ('20', '2024-10-10 11:20:52', 'H5OECT', 'FVHI2D');
INSERT INTO `matrix_filling` (`placement_id`, `downline_id`, `level`, `matrix`) VALUES ('KDTE1R', 'H5OECT', 18, 1);
UPDATE `bv_updation` SET right_carry = right_carry+20, total_right = total_right+20
WHERE `user_id` = 'KDTE1R';
INSERT INTO `placement_bv_update_history` (`right_carry`, `date`, `from_id`, `user_id`) VALUES ('20', '2024-10-10 11:20:52', 'H5OECT', 'KDTE1R');
INSERT INTO `matrix_filling` (`placement_id`, `downline_id`, `level`, `matrix`) VALUES ('6YNZPL', 'H5OECT', 19, 1);
UPDATE `bv_updation` SET right_carry = right_carry+20, total_right = total_right+20
WHERE `user_id` = '6YNZPL';
INSERT INTO `placement_bv_update_history` (`right_carry`, `date`, `from_id`, `user_id`) VALUES ('20', '2024-10-10 11:20:52', 'H5OECT', '6YNZPL');
INSERT INTO `matrix_filling` (`placement_id`, `downline_id`, `level`, `matrix`) VALUES ('D8MHLJ', 'H5OECT', 20, 1);
UPDATE `bv_updation` SET right_carry = right_carry+20, total_right = total_right+20
WHERE `user_id` = 'D8MHLJ';
INSERT INTO `placement_bv_update_history` (`right_carry`, `date`, `from_id`, `user_id`) VALUES ('20', '2024-10-10 11:20:52', 'H5OECT', 'D8MHLJ');
INSERT INTO `matrix_filling` (`placement_id`, `downline_id`, `level`, `matrix`) VALUES ('WN7ZG7', 'H5OECT', 21, 1);
UPDATE `bv_updation` SET right_carry = right_carry+20, total_right = total_right+20
WHERE `user_id` = 'WN7ZG7';
INSERT INTO `placement_bv_update_history` (`right_carry`, `date`, `from_id`, `user_id`) VALUES ('20', '2024-10-10 11:20:52', 'H5OECT', 'WN7ZG7');
INSERT INTO `matrix_filling` (`placement_id`, `downline_id`, `level`, `matrix`) VALUES ('A3HKL6', 'H5OECT', 22, 1);
UPDATE `bv_updation` SET right_carry = right_carry+20, total_right = total_right+20
WHERE `user_id` = 'A3HKL6';
INSERT INTO `placement_bv_update_history` (`right_carry`, `date`, `from_id`, `user_id`) VALUES ('20', '2024-10-10 11:20:52', 'H5OECT', 'A3HKL6');
INSERT INTO `matrix_filling` (`placement_id`, `downline_id`, `level`, `matrix`) VALUES ('RBFLKG', 'H5OECT', 23, 1);
UPDATE `bv_updation` SET right_carry = right_carry+20, total_right = total_right+20
WHERE `user_id` = 'RBFLKG';
INSERT INTO `placement_bv_update_history` (`right_carry`, `date`, `from_id`, `user_id`) VALUES ('20', '2024-10-10 11:20:52', 'H5OECT', 'RBFLKG');
INSERT INTO `matrix_filling` (`placement_id`, `downline_id`, `level`, `matrix`) VALUES ('L87333', 'H5OECT', 24, 1);
UPDATE `bv_updation` SET right_carry = right_carry+20, total_right = total_right+20
WHERE `user_id` = 'L87333';
INSERT INTO `placement_bv_update_history` (`right_carry`, `date`, `from_id`, `user_id`) VALUES ('20', '2024-10-10 11:20:52', 'H5OECT', 'L87333');
INSERT INTO `matrix_filling` (`placement_id`, `downline_id`, `level`, `matrix`) VALUES ('IPVL3M', 'H5OECT', 25, 1);
UPDATE `bv_updation` SET right_carry = right_carry+20, total_right = total_right+20
WHERE `user_id` = 'IPVL3M';
INSERT INTO `placement_bv_update_history` (`right_carry`, `date`, `from_id`, `user_id`) VALUES ('20', '2024-10-10 11:20:52', 'H5OECT', 'IPVL3M');
INSERT INTO `matrix_filling` (`placement_id`, `downline_id`, `level`, `matrix`) VALUES ('MI1I8D', 'H5OECT', 26, 1);
UPDATE `bv_updation` SET right_carry = right_carry+20, total_right = total_right+20
WHERE `user_id` = 'MI1I8D';
INSERT INTO `placement_bv_update_history` (`right_carry`, `date`, `from_id`, `user_id`) VALUES ('20', '2024-10-10 11:20:52', 'H5OECT', 'MI1I8D');
INSERT INTO `matrix_filling` (`placement_id`, `downline_id`, `level`, `matrix`) VALUES ('9TJJLG', 'H5OECT', 27, 1);
UPDATE `bv_updation` SET right_carry = right_carry+20, total_right = total_right+20
WHERE `user_id` = '9TJJLG';
INSERT INTO `placement_bv_update_history` (`right_carry`, `date`, `from_id`, `user_id`) VALUES ('20', '2024-10-10 11:20:52', 'H5OECT', '9TJJLG');
INSERT INTO `matrix_filling` (`placement_id`, `downline_id`, `level`, `matrix`) VALUES ('6DEXJW', 'H5OECT', 28, 1);
UPDATE `bv_updation` SET right_carry = right_carry+20, total_right = total_right+20
WHERE `user_id` = '6DEXJW';
INSERT INTO `placement_bv_update_history` (`right_carry`, `date`, `from_id`, `user_id`) VALUES ('20', '2024-10-10 11:20:52', 'H5OECT', '6DEXJW');
INSERT INTO `matrix_filling` (`placement_id`, `downline_id`, `level`, `matrix`) VALUES ('DM1Y9N', 'H5OECT', 29, 1);
UPDATE `bv_updation` SET right_carry = right_carry+20, total_right = total_right+20
WHERE `user_id` = 'DM1Y9N';
INSERT INTO `placement_bv_update_history` (`right_carry`, `date`, `from_id`, `user_id`) VALUES ('20', '2024-10-10 11:20:52', 'H5OECT', 'DM1Y9N');
INSERT INTO `matrix_filling` (`placement_id`, `downline_id`, `level`, `matrix`) VALUES ('A9858P', 'H5OECT', 30, 1);
UPDATE `bv_updation` SET left_carry = left_carry+20, total_left = total_left+20
WHERE `user_id` = 'A9858P';
INSERT INTO `placement_bv_update_history` (`left_carry`, `date`, `from_id`, `user_id`) VALUES ('20', '2024-10-10 11:20:52', 'H5OECT', 'A9858P');
INSERT INTO `matrix_filling` (`placement_id`, `downline_id`, `level`, `matrix`) VALUES ('admin', 'H5OECT', 31, 1);
UPDATE `bv_updation` SET right_carry = right_carry+20, total_right = total_right+20
WHERE `user_id` = 'admin';
INSERT INTO `placement_bv_update_history` (`right_carry`, `date`, `from_id`, `user_id`) VALUES ('20', '2024-10-10 11:20:52', 'H5OECT', 'admin');
INSERT INTO `package_purchase_history` (`user_id`, `package_id`, `reg_fee`, `package_name`, `monthly_fee`, `type`, `date`, `payment_option`) VALUES ('H5OECT', '1', '195', 'Traveler', '50', 'sign_up', '2024-10-10 11:20:52', 'free');
UPDATE `user_registration` SET `popup_seen` = 'yes'
WHERE `user_id` = 'CMPXGW';
UPDATE `user_registration` SET `popup_seen` = 'no'
WHERE `user_id` = 'CMPXGW';
DELETE FROM `ci_sessions`
WHERE `id` = '615b15f415cdaf39ed9cc64254db06abb0943e42';
INSERT INTO `login_history` (`user_id`, `device`, `ip_address`, `date`) VALUES ('6DEXJW', 'Mozilla/5.0 (Windows NT 10.0; Win64; x64) AppleWebKit/537.36 (KHTML, like Gecko) Chrome/129.0.0.0 Safari/537.36', '172.70.55.177', '24-10-10 11:21');
UPDATE `user_registration` SET `popup_seen` = 'yes'
WHERE `user_id` = '6DEXJW';
UPDATE `user_registration` SET `popup_seen` = 'no'
WHERE `user_id` = '6DEXJW';
DELETE FROM `ci_sessions`
WHERE `id` = '1be4f17a677d32f582d237cc079b692f78bb758c';
INSERT INTO `login_history` (`user_id`, `device`, `ip_address`, `date`) VALUES ('A9858P', 'Mozilla/5.0 (Windows NT 10.0; Win64; x64) AppleWebKit/537.36 (KHTML, like Gecko) Chrome/129.0.0.0 Safari/537.36', '172.70.55.177', '24-10-10 11:22');
UPDATE `user_registration` SET `popup_seen` = 'yes'
WHERE `user_id` = 'A9858P';
UPDATE `user_registration` SET `uid` = '3114', `user_id` = 'JHHE7T', `username` = 'lucas2', `sponsor_id` = '4YA81C', `vacant` = 'no', `f_name` = 'Lucas', `l_name` = 'Toledo', `address` = '6520 Kendale Lakes Dr', `position` = 'left', `email` = 'lucas2@gmail.com', `password` = '8e36e57dd23fc8f60c62a5d4a2195e0b', `phone` = '3057610606', `country` = 'United States', `state` = 'Florida', `city` = 'Miami', `street` = '6520 Kendale Lakes Dr', `zip_code` = '33183', `reg_ip` = '108.162.212.53', `status` = 1, `package_id` = '2', `rank_id` = 1, `highest_rank` = 1, `cycle_rank_id` = 1, `created` = '2024-10-10 11:22:23', `subscription_date` = '2024-11-09', `google_secret` = 'AGXCY6XRO3DWO7IZ'
WHERE `uid` = '3114';
INSERT INTO `user_registration` (`uid`, `user_id`, `username`, `sponsor_id`, `placement_id`, `vacant`, `f_name`, `l_name`, `address`, `position`, `email`, `password`, `phone`, `reg_ip`, `status`, `created`) VALUES (NULL, 'USLXDF', 'MBPLuiQQ', 'JHHE7T', 'JHHE7T', 'yes', '', '', '', 'left', '@mail.com', '', '', '', 0, '2024-10-10 11:22:23');
INSERT INTO `user_registration` (`uid`, `user_id`, `username`, `sponsor_id`, `placement_id`, `vacant`, `f_name`, `l_name`, `address`, `position`, `email`, `password`, `phone`, `reg_ip`, `status`, `created`) VALUES (NULL, 'HKPZBL', 'wCACZTfm', 'JHHE7T', 'JHHE7T', 'yes', '', '', '', 'right', '@mail.com', '', '', '', 0, '2024-10-10 11:22:23');
INSERT INTO `bv_updation` (`user_id`) VALUES ('JHHE7T');
UPDATE `user_registration` SET total_ref_count = total_ref_count+1
WHERE `user_id` = '4YA81C';
UPDATE `user_registration` SET total_downlines = total_downlines+1
WHERE `user_id` = 'DCQBQ6';
UPDATE `user_registration` SET left_downlines = left_downlines+1
WHERE `user_id` = 'DCQBQ6';
UPDATE `user_registration` SET total_downlines = total_downlines+1
WHERE `user_id` = 'SKNG12';
UPDATE `user_registration` SET left_downlines = left_downlines+1
WHERE `user_id` = 'SKNG12';
UPDATE `user_registration` SET total_downlines = total_downlines+1
WHERE `user_id` = 'UP1V84';
UPDATE `user_registration` SET left_downlines = left_downlines+1
WHERE `user_id` = 'UP1V84';
UPDATE `user_registration` SET total_downlines = total_downlines+1
WHERE `user_id` = 'FUR4NG';
UPDATE `user_registration` SET left_downlines = left_downlines+1
WHERE `user_id` = 'FUR4NG';
UPDATE `user_registration` SET total_downlines = total_downlines+1
WHERE `user_id` = 'VKJUTJ';
UPDATE `user_registration` SET left_downlines = left_downlines+1
WHERE `user_id` = 'VKJUTJ';
UPDATE `user_registration` SET total_downlines = total_downlines+1
WHERE `user_id` = 'EF3P4L';
UPDATE `user_registration` SET left_downlines = left_downlines+1
WHERE `user_id` = 'EF3P4L';
UPDATE `user_registration` SET total_downlines = total_downlines+1
WHERE `user_id` = 'ILZ8NG';
UPDATE `user_registration` SET left_downlines = left_downlines+1
WHERE `user_id` = 'ILZ8NG';
UPDATE `user_registration` SET total_downlines = total_downlines+1
WHERE `user_id` = '4YA81C';
UPDATE `user_registration` SET left_downlines = left_downlines+1
WHERE `user_id` = '4YA81C';
UPDATE `user_registration` SET left_ref_count = left_ref_count+1
WHERE `user_id` = '4YA81C';
UPDATE `user_registration` SET active_left = active_left+1
WHERE `user_id` = '4YA81C';
UPDATE `user_registration` SET total_downlines = total_downlines+1
WHERE `user_id` = 'G1CDHO';
UPDATE `user_registration` SET right_downlines = right_downlines+1
WHERE `user_id` = 'G1CDHO';
UPDATE `user_registration` SET total_downlines = total_downlines+1
WHERE `user_id` = '9NGWQG';
UPDATE `user_registration` SET right_downlines = right_downlines+1
WHERE `user_id` = '9NGWQG';
UPDATE `user_registration` SET total_downlines = total_downlines+1
WHERE `user_id` = 'R6J8K1';
UPDATE `user_registration` SET right_downlines = right_downlines+1
WHERE `user_id` = 'R6J8K1';
UPDATE `user_registration` SET total_downlines = total_downlines+1
WHERE `user_id` = 'G6ZQNS';
UPDATE `user_registration` SET right_downlines = right_downlines+1
WHERE `user_id` = 'G6ZQNS';
UPDATE `user_registration` SET total_downlines = total_downlines+1
WHERE `user_id` = 'M4FVZR';
UPDATE `user_registration` SET right_downlines = right_downlines+1
WHERE `user_id` = 'M4FVZR';
UPDATE `user_registration` SET total_downlines = total_downlines+1
WHERE `user_id` = '5ZLRWM';
UPDATE `user_registration` SET right_downlines = right_downlines+1
WHERE `user_id` = '5ZLRWM';
UPDATE `user_registration` SET total_downlines = total_downlines+1
WHERE `user_id` = 'JPDLRK';
UPDATE `user_registration` SET right_downlines = right_downlines+1
WHERE `user_id` = 'JPDLRK';
UPDATE `user_registration` SET total_downlines = total_downlines+1
WHERE `user_id` = 'FGURJ3';
UPDATE `user_registration` SET right_downlines = right_downlines+1
WHERE `user_id` = 'FGURJ3';
UPDATE `user_registration` SET total_downlines = total_downlines+1
WHERE `user_id` = 'L2ZCMP';
UPDATE `user_registration` SET right_downlines = right_downlines+1
WHERE `user_id` = 'L2ZCMP';
UPDATE `user_registration` SET total_downlines = total_downlines+1
WHERE `user_id` = 'XOJI6Y';
UPDATE `user_registration` SET right_downlines = right_downlines+1
WHERE `user_id` = 'XOJI6Y';
UPDATE `user_registration` SET total_downlines = total_downlines+1
WHERE `user_id` = 'Z6E2C9';
UPDATE `user_registration` SET right_downlines = right_downlines+1
WHERE `user_id` = 'Z6E2C9';
UPDATE `user_registration` SET total_downlines = total_downlines+1
WHERE `user_id` = 'VT4PXI';
UPDATE `user_registration` SET right_downlines = right_downlines+1
WHERE `user_id` = 'VT4PXI';
UPDATE `user_registration` SET total_downlines = total_downlines+1
WHERE `user_id` = 'QKHYPY';
UPDATE `user_registration` SET right_downlines = right_downlines+1
WHERE `user_id` = 'QKHYPY';
UPDATE `user_registration` SET total_downlines = total_downlines+1
WHERE `user_id` = 'LN7PEK';
UPDATE `user_registration` SET right_downlines = right_downlines+1
WHERE `user_id` = 'LN7PEK';
UPDATE `user_registration` SET total_downlines = total_downlines+1
WHERE `user_id` = 'LYDDQ5';
UPDATE `user_registration` SET right_downlines = right_downlines+1
WHERE `user_id` = 'LYDDQ5';
UPDATE `user_registration` SET total_downlines = total_downlines+1
WHERE `user_id` = '6UO8TB';
UPDATE `user_registration` SET right_downlines = right_downlines+1
WHERE `user_id` = '6UO8TB';
UPDATE `user_registration` SET total_downlines = total_downlines+1
WHERE `user_id` = 'GPRO3Q';
UPDATE `user_registration` SET right_downlines = right_downlines+1
WHERE `user_id` = 'GPRO3Q';
UPDATE `user_registration` SET total_downlines = total_downlines+1
WHERE `user_id` = 'MBPRQB';
UPDATE `user_registration` SET right_downlines = right_downlines+1
WHERE `user_id` = 'MBPRQB';
UPDATE `user_registration` SET total_downlines = total_downlines+1
WHERE `user_id` = 'X1RH6U';
UPDATE `user_registration` SET right_downlines = right_downlines+1
WHERE `user_id` = 'X1RH6U';
UPDATE `user_registration` SET total_downlines = total_downlines+1
WHERE `user_id` = 'HHALCM';
UPDATE `user_registration` SET right_downlines = right_downlines+1
WHERE `user_id` = 'HHALCM';
UPDATE `user_registration` SET total_downlines = total_downlines+1
WHERE `user_id` = '7WQBA7';
UPDATE `user_registration` SET right_downlines = right_downlines+1
WHERE `user_id` = '7WQBA7';
UPDATE `user_registration` SET total_downlines = total_downlines+1
WHERE `user_id` = 'QPNZO1';
UPDATE `user_registration` SET right_downlines = right_downlines+1
WHERE `user_id` = 'QPNZO1';
UPDATE `user_registration` SET total_downlines = total_downlines+1
WHERE `user_id` = 'KCF78M';
UPDATE `user_registration` SET right_downlines = right_downlines+1
WHERE `user_id` = 'KCF78M';
UPDATE `user_registration` SET total_downlines = total_downlines+1
WHERE `user_id` = '7RY1ZP';
UPDATE `user_registration` SET right_downlines = right_downlines+1
WHERE `user_id` = '7RY1ZP';
UPDATE `user_registration` SET total_downlines = total_downlines+1
WHERE `user_id` = 'ADZTOG';
UPDATE `user_registration` SET right_downlines = right_downlines+1
WHERE `user_id` = 'ADZTOG';
UPDATE `user_registration` SET total_downlines = total_downlines+1
WHERE `user_id` = 'A9858P';
UPDATE `user_registration` SET right_downlines = right_downlines+1
WHERE `user_id` = 'A9858P';
UPDATE `user_registration` SET total_downlines = total_downlines+1
WHERE `user_id` = 'admin';
UPDATE `user_registration` SET right_downlines = right_downlines+1
WHERE `user_id` = 'admin';
INSERT INTO `investment` (`invest_date`, `user_id`, `type`, `amount`, `package_id`) VALUES ('2024-10-10 11:22:24', 'JHHE7T', 'register', '595', '2');
INSERT INTO `earnings` (`user_id`, `Purchaser_id`, `earning_type`, `package_id`, `amount`, `date`, `comments`, `invest_amount`, `comm_perc`, `level`, `rank_id`, `order_id`) VALUES ('4YA81C', 'JHHE7T', 'Direct Referral Bonus', '2', '100', '2024-10-10 11:22:24', 'Direct Referral Bonus', 0, 0, 1, '', 1051);
UPDATE `user_registration` SET commission_balance = ROUND(commission_balance + 100,2)
WHERE `user_id` = '4YA81C';
UPDATE `user_registration` SET referral_bonus = ROUND(referral_bonus + 100,2)
WHERE `user_id` = '4YA81C';
INSERT INTO `earnings` (`user_id`, `Purchaser_id`, `earning_type`, `package_id`, `amount`, `date`, `comments`, `invest_amount`, `comm_perc`, `level`, `rank_id`, `order_id`) VALUES ('A9858P', 'JHHE7T', 'Expansion Bonus', '2', 280, '2024-10-10 11:22:24', 'Expansion Bonus', '100', 0, 1, '', 1051);
UPDATE `user_registration` SET commission_balance = ROUND(commission_balance + 280,2)
WHERE `user_id` = 'A9858P';
UPDATE `user_registration` SET expansion_bonus = ROUND(expansion_bonus + 280,2)
WHERE `user_id` = 'A9858P';
UPDATE `user_registration` SET total_points = ROUND(total_points + 50,2)
WHERE `user_id` = 'JHHE7T';
INSERT INTO `points_history` (`user_id`, `points`, `type`, `date`) VALUES ('JHHE7T', '50', 'register', '2024-10-10 11:22:');
INSERT INTO `matrix_filling` (`placement_id`, `downline_id`, `level`, `matrix`) VALUES ('DCQBQ6', 'JHHE7T', 1, 1);
UPDATE `bv_updation` SET left_carry = left_carry+50, total_left = total_left+50
WHERE `user_id` = 'DCQBQ6';
INSERT INTO `placement_bv_update_history` (`left_carry`, `date`, `from_id`, `user_id`) VALUES ('50', '2024-10-10 11:22:24', 'JHHE7T', 'DCQBQ6');
INSERT INTO `matrix_filling` (`placement_id`, `downline_id`, `level`, `matrix`) VALUES ('SKNG12', 'JHHE7T', 2, 1);
UPDATE `bv_updation` SET left_carry = left_carry+50, total_left = total_left+50
WHERE `user_id` = 'SKNG12';
INSERT INTO `placement_bv_update_history` (`left_carry`, `date`, `from_id`, `user_id`) VALUES ('50', '2024-10-10 11:22:24', 'JHHE7T', 'SKNG12');
INSERT INTO `matrix_filling` (`placement_id`, `downline_id`, `level`, `matrix`) VALUES ('UP1V84', 'JHHE7T', 3, 1);
UPDATE `bv_updation` SET left_carry = left_carry+50, total_left = total_left+50
WHERE `user_id` = 'UP1V84';
INSERT INTO `placement_bv_update_history` (`left_carry`, `date`, `from_id`, `user_id`) VALUES ('50', '2024-10-10 11:22:24', 'JHHE7T', 'UP1V84');
INSERT INTO `matrix_filling` (`placement_id`, `downline_id`, `level`, `matrix`) VALUES ('FUR4NG', 'JHHE7T', 4, 1);
UPDATE `bv_updation` SET left_carry = left_carry+50, total_left = total_left+50
WHERE `user_id` = 'FUR4NG';
INSERT INTO `placement_bv_update_history` (`left_carry`, `date`, `from_id`, `user_id`) VALUES ('50', '2024-10-10 11:22:24', 'JHHE7T', 'FUR4NG');
INSERT INTO `matrix_filling` (`placement_id`, `downline_id`, `level`, `matrix`) VALUES ('VKJUTJ', 'JHHE7T', 5, 1);
UPDATE `bv_updation` SET left_carry = left_carry+50, total_left = total_left+50
WHERE `user_id` = 'VKJUTJ';
INSERT INTO `placement_bv_update_history` (`left_carry`, `date`, `from_id`, `user_id`) VALUES ('50', '2024-10-10 11:22:24', 'JHHE7T', 'VKJUTJ');
INSERT INTO `matrix_filling` (`placement_id`, `downline_id`, `level`, `matrix`) VALUES ('EF3P4L', 'JHHE7T', 6, 1);
UPDATE `bv_updation` SET left_carry = left_carry+50, total_left = total_left+50
WHERE `user_id` = 'EF3P4L';
INSERT INTO `placement_bv_update_history` (`left_carry`, `date`, `from_id`, `user_id`) VALUES ('50', '2024-10-10 11:22:24', 'JHHE7T', 'EF3P4L');
INSERT INTO `matrix_filling` (`placement_id`, `downline_id`, `level`, `matrix`) VALUES ('ILZ8NG', 'JHHE7T', 7, 1);
UPDATE `bv_updation` SET left_carry = left_carry+50, total_left = total_left+50
WHERE `user_id` = 'ILZ8NG';
INSERT INTO `placement_bv_update_history` (`left_carry`, `date`, `from_id`, `user_id`) VALUES ('50', '2024-10-10 11:22:24', 'JHHE7T', 'ILZ8NG');
INSERT INTO `matrix_filling` (`placement_id`, `downline_id`, `level`, `matrix`) VALUES ('4YA81C', 'JHHE7T', 8, 1);
UPDATE `bv_updation` SET left_carry = left_carry+50, total_left = total_left+50
WHERE `user_id` = '4YA81C';
INSERT INTO `placement_bv_update_history` (`left_carry`, `date`, `from_id`, `user_id`) VALUES ('50', '2024-10-10 11:22:24', 'JHHE7T', '4YA81C');
UPDATE `bv_updation` SET sponsor_left_carry = sponsor_left_carry+50, sponsor_total_left = sponsor_total_left+50
WHERE `user_id` = '4YA81C';
INSERT INTO `sponsor_bv_update_history` (`left_carry`, `date`, `user_id`) VALUES ('50', '2024-10-10 11:22:24', '4YA81C');
INSERT INTO `matrix_filling` (`placement_id`, `downline_id`, `level`, `matrix`) VALUES ('G1CDHO', 'JHHE7T', 9, 1);
UPDATE `bv_updation` SET right_carry = right_carry+50, total_right = total_right+50
WHERE `user_id` = 'G1CDHO';
INSERT INTO `placement_bv_update_history` (`right_carry`, `date`, `from_id`, `user_id`) VALUES ('50', '2024-10-10 11:22:24', 'JHHE7T', 'G1CDHO');
INSERT INTO `matrix_filling` (`placement_id`, `downline_id`, `level`, `matrix`) VALUES ('9NGWQG', 'JHHE7T', 10, 1);
UPDATE `bv_updation` SET right_carry = right_carry+50, total_right = total_right+50
WHERE `user_id` = '9NGWQG';
INSERT INTO `placement_bv_update_history` (`right_carry`, `date`, `from_id`, `user_id`) VALUES ('50', '2024-10-10 11:22:24', 'JHHE7T', '9NGWQG');
INSERT INTO `matrix_filling` (`placement_id`, `downline_id`, `level`, `matrix`) VALUES ('R6J8K1', 'JHHE7T', 11, 1);
UPDATE `bv_updation` SET right_carry = right_carry+50, total_right = total_right+50
WHERE `user_id` = 'R6J8K1';
INSERT INTO `placement_bv_update_history` (`right_carry`, `date`, `from_id`, `user_id`) VALUES ('50', '2024-10-10 11:22:24', 'JHHE7T', 'R6J8K1');
INSERT INTO `matrix_filling` (`placement_id`, `downline_id`, `level`, `matrix`) VALUES ('G6ZQNS', 'JHHE7T', 12, 1);
UPDATE `bv_updation` SET right_carry = right_carry+50, total_right = total_right+50
WHERE `user_id` = 'G6ZQNS';
INSERT INTO `placement_bv_update_history` (`right_carry`, `date`, `from_id`, `user_id`) VALUES ('50', '2024-10-10 11:22:24', 'JHHE7T', 'G6ZQNS');
INSERT INTO `matrix_filling` (`placement_id`, `downline_id`, `level`, `matrix`) VALUES ('M4FVZR', 'JHHE7T', 13, 1);
UPDATE `bv_updation` SET right_carry = right_carry+50, total_right = total_right+50
WHERE `user_id` = 'M4FVZR';
INSERT INTO `placement_bv_update_history` (`right_carry`, `date`, `from_id`, `user_id`) VALUES ('50', '2024-10-10 11:22:24', 'JHHE7T', 'M4FVZR');
INSERT INTO `matrix_filling` (`placement_id`, `downline_id`, `level`, `matrix`) VALUES ('5ZLRWM', 'JHHE7T', 14, 1);
UPDATE `bv_updation` SET right_carry = right_carry+50, total_right = total_right+50
WHERE `user_id` = '5ZLRWM';
INSERT INTO `placement_bv_update_history` (`right_carry`, `date`, `from_id`, `user_id`) VALUES ('50', '2024-10-10 11:22:24', 'JHHE7T', '5ZLRWM');
INSERT INTO `matrix_filling` (`placement_id`, `downline_id`, `level`, `matrix`) VALUES ('JPDLRK', 'JHHE7T', 15, 1);
UPDATE `bv_updation` SET right_carry = right_carry+50, total_right = total_right+50
WHERE `user_id` = 'JPDLRK';
INSERT INTO `placement_bv_update_history` (`right_carry`, `date`, `from_id`, `user_id`) VALUES ('50', '2024-10-10 11:22:24', 'JHHE7T', 'JPDLRK');
INSERT INTO `matrix_filling` (`placement_id`, `downline_id`, `level`, `matrix`) VALUES ('FGURJ3', 'JHHE7T', 16, 1);
UPDATE `bv_updation` SET right_carry = right_carry+50, total_right = total_right+50
WHERE `user_id` = 'FGURJ3';
INSERT INTO `placement_bv_update_history` (`right_carry`, `date`, `from_id`, `user_id`) VALUES ('50', '2024-10-10 11:22:24', 'JHHE7T', 'FGURJ3');
INSERT INTO `matrix_filling` (`placement_id`, `downline_id`, `level`, `matrix`) VALUES ('L2ZCMP', 'JHHE7T', 17, 1);
UPDATE `bv_updation` SET right_carry = right_carry+50, total_right = total_right+50
WHERE `user_id` = 'L2ZCMP';
INSERT INTO `placement_bv_update_history` (`right_carry`, `date`, `from_id`, `user_id`) VALUES ('50', '2024-10-10 11:22:24', 'JHHE7T', 'L2ZCMP');
INSERT INTO `matrix_filling` (`placement_id`, `downline_id`, `level`, `matrix`) VALUES ('XOJI6Y', 'JHHE7T', 18, 1);
UPDATE `bv_updation` SET right_carry = right_carry+50, total_right = total_right+50
WHERE `user_id` = 'XOJI6Y';
INSERT INTO `placement_bv_update_history` (`right_carry`, `date`, `from_id`, `user_id`) VALUES ('50', '2024-10-10 11:22:24', 'JHHE7T', 'XOJI6Y');
INSERT INTO `matrix_filling` (`placement_id`, `downline_id`, `level`, `matrix`) VALUES ('Z6E2C9', 'JHHE7T', 19, 1);
UPDATE `bv_updation` SET right_carry = right_carry+50, total_right = total_right+50
WHERE `user_id` = 'Z6E2C9';
INSERT INTO `placement_bv_update_history` (`right_carry`, `date`, `from_id`, `user_id`) VALUES ('50', '2024-10-10 11:22:24', 'JHHE7T', 'Z6E2C9');
INSERT INTO `matrix_filling` (`placement_id`, `downline_id`, `level`, `matrix`) VALUES ('VT4PXI', 'JHHE7T', 20, 1);
UPDATE `bv_updation` SET right_carry = right_carry+50, total_right = total_right+50
WHERE `user_id` = 'VT4PXI';
INSERT INTO `placement_bv_update_history` (`right_carry`, `date`, `from_id`, `user_id`) VALUES ('50', '2024-10-10 11:22:24', 'JHHE7T', 'VT4PXI');
INSERT INTO `matrix_filling` (`placement_id`, `downline_id`, `level`, `matrix`) VALUES ('QKHYPY', 'JHHE7T', 21, 1);
UPDATE `bv_updation` SET right_carry = right_carry+50, total_right = total_right+50
WHERE `user_id` = 'QKHYPY';
INSERT INTO `placement_bv_update_history` (`right_carry`, `date`, `from_id`, `user_id`) VALUES ('50', '2024-10-10 11:22:24', 'JHHE7T', 'QKHYPY');
INSERT INTO `matrix_filling` (`placement_id`, `downline_id`, `level`, `matrix`) VALUES ('LN7PEK', 'JHHE7T', 22, 1);
UPDATE `bv_updation` SET right_carry = right_carry+50, total_right = total_right+50
WHERE `user_id` = 'LN7PEK';
INSERT INTO `placement_bv_update_history` (`right_carry`, `date`, `from_id`, `user_id`) VALUES ('50', '2024-10-10 11:22:24', 'JHHE7T', 'LN7PEK');
INSERT INTO `matrix_filling` (`placement_id`, `downline_id`, `level`, `matrix`) VALUES ('LYDDQ5', 'JHHE7T', 23, 1);
UPDATE `bv_updation` SET right_carry = right_carry+50, total_right = total_right+50
WHERE `user_id` = 'LYDDQ5';
INSERT INTO `placement_bv_update_history` (`right_carry`, `date`, `from_id`, `user_id`) VALUES ('50', '2024-10-10 11:22:24', 'JHHE7T', 'LYDDQ5');
INSERT INTO `matrix_filling` (`placement_id`, `downline_id`, `level`, `matrix`) VALUES ('6UO8TB', 'JHHE7T', 24, 1);
UPDATE `bv_updation` SET right_carry = right_carry+50, total_right = total_right+50
WHERE `user_id` = '6UO8TB';
INSERT INTO `placement_bv_update_history` (`right_carry`, `date`, `from_id`, `user_id`) VALUES ('50', '2024-10-10 11:22:24', 'JHHE7T', '6UO8TB');
INSERT INTO `matrix_filling` (`placement_id`, `downline_id`, `level`, `matrix`) VALUES ('GPRO3Q', 'JHHE7T', 25, 1);
UPDATE `bv_updation` SET right_carry = right_carry+50, total_right = total_right+50
WHERE `user_id` = 'GPRO3Q';
INSERT INTO `placement_bv_update_history` (`right_carry`, `date`, `from_id`, `user_id`) VALUES ('50', '2024-10-10 11:22:24', 'JHHE7T', 'GPRO3Q');
INSERT INTO `matrix_filling` (`placement_id`, `downline_id`, `level`, `matrix`) VALUES ('MBPRQB', 'JHHE7T', 26, 1);
UPDATE `bv_updation` SET right_carry = right_carry+50, total_right = total_right+50
WHERE `user_id` = 'MBPRQB';
INSERT INTO `placement_bv_update_history` (`right_carry`, `date`, `from_id`, `user_id`) VALUES ('50', '2024-10-10 11:22:24', 'JHHE7T', 'MBPRQB');
INSERT INTO `matrix_filling` (`placement_id`, `downline_id`, `level`, `matrix`) VALUES ('X1RH6U', 'JHHE7T', 27, 1);
UPDATE `bv_updation` SET right_carry = right_carry+50, total_right = total_right+50
WHERE `user_id` = 'X1RH6U';
INSERT INTO `placement_bv_update_history` (`right_carry`, `date`, `from_id`, `user_id`) VALUES ('50', '2024-10-10 11:22:24', 'JHHE7T', 'X1RH6U');
INSERT INTO `matrix_filling` (`placement_id`, `downline_id`, `level`, `matrix`) VALUES ('HHALCM', 'JHHE7T', 28, 1);
UPDATE `bv_updation` SET right_carry = right_carry+50, total_right = total_right+50
WHERE `user_id` = 'HHALCM';
INSERT INTO `placement_bv_update_history` (`right_carry`, `date`, `from_id`, `user_id`) VALUES ('50', '2024-10-10 11:22:24', 'JHHE7T', 'HHALCM');
INSERT INTO `matrix_filling` (`placement_id`, `downline_id`, `level`, `matrix`) VALUES ('7WQBA7', 'JHHE7T', 29, 1);
UPDATE `bv_updation` SET right_carry = right_carry+50, total_right = total_right+50
WHERE `user_id` = '7WQBA7';
INSERT INTO `placement_bv_update_history` (`right_carry`, `date`, `from_id`, `user_id`) VALUES ('50', '2024-10-10 11:22:24', 'JHHE7T', '7WQBA7');
INSERT INTO `matrix_filling` (`placement_id`, `downline_id`, `level`, `matrix`) VALUES ('QPNZO1', 'JHHE7T', 30, 1);
UPDATE `bv_updation` SET right_carry = right_carry+50, total_right = total_right+50
WHERE `user_id` = 'QPNZO1';
INSERT INTO `placement_bv_update_history` (`right_carry`, `date`, `from_id`, `user_id`) VALUES ('50', '2024-10-10 11:22:24', 'JHHE7T', 'QPNZO1');
INSERT INTO `matrix_filling` (`placement_id`, `downline_id`, `level`, `matrix`) VALUES ('KCF78M', 'JHHE7T', 31, 1);
UPDATE `bv_updation` SET right_carry = right_carry+50, total_right = total_right+50
WHERE `user_id` = 'KCF78M';
INSERT INTO `placement_bv_update_history` (`right_carry`, `date`, `from_id`, `user_id`) VALUES ('50', '2024-10-10 11:22:24', 'JHHE7T', 'KCF78M');
INSERT INTO `matrix_filling` (`placement_id`, `downline_id`, `level`, `matrix`) VALUES ('7RY1ZP', 'JHHE7T', 32, 1);
UPDATE `bv_updation` SET right_carry = right_carry+50, total_right = total_right+50
WHERE `user_id` = '7RY1ZP';
INSERT INTO `placement_bv_update_history` (`right_carry`, `date`, `from_id`, `user_id`) VALUES ('50', '2024-10-10 11:22:24', 'JHHE7T', '7RY1ZP');
INSERT INTO `matrix_filling` (`placement_id`, `downline_id`, `level`, `matrix`) VALUES ('ADZTOG', 'JHHE7T', 33, 1);
UPDATE `bv_updation` SET right_carry = right_carry+50, total_right = total_right+50
WHERE `user_id` = 'ADZTOG';
INSERT INTO `placement_bv_update_history` (`right_carry`, `date`, `from_id`, `user_id`) VALUES ('50', '2024-10-10 11:22:24', 'JHHE7T', 'ADZTOG');
INSERT INTO `matrix_filling` (`placement_id`, `downline_id`, `level`, `matrix`) VALUES ('A9858P', 'JHHE7T', 34, 1);
UPDATE `bv_updation` SET right_carry = right_carry+50, total_right = total_right+50
WHERE `user_id` = 'A9858P';
INSERT INTO `placement_bv_update_history` (`right_carry`, `date`, `from_id`, `user_id`) VALUES ('50', '2024-10-10 11:22:24', 'JHHE7T', 'A9858P');
INSERT INTO `matrix_filling` (`placement_id`, `downline_id`, `level`, `matrix`) VALUES ('admin', 'JHHE7T', 35, 1);
UPDATE `bv_updation` SET right_carry = right_carry+50, total_right = total_right+50
WHERE `user_id` = 'admin';
INSERT INTO `placement_bv_update_history` (`right_carry`, `date`, `from_id`, `user_id`) VALUES ('50', '2024-10-10 11:22:24', 'JHHE7T', 'admin');
INSERT INTO `package_purchase_history` (`user_id`, `package_id`, `reg_fee`, `package_name`, `monthly_fee`, `type`, `date`, `payment_option`) VALUES ('JHHE7T', '2', '595', 'Traveler Pro', '150', 'sign_up', '2024-10-10 11:22:24', 'free');
UPDATE `user_registration` SET `popup_seen` = 'yes'
WHERE `user_id` = '4YA81C';
UPDATE `user_registration` SET `popup_seen` = 'yes'
WHERE `user_id` = 'A9858P';
UPDATE `user_registration` SET `popup_seen` = 'no'
WHERE `user_id` = 'A9858P';
DELETE FROM `ci_sessions`
WHERE `id` = '156b31776a511f44c607df895e8179dbdc764552';
INSERT INTO `login_history` (`user_id`, `device`, `ip_address`, `date`) VALUES ('H5OECT', 'Mozilla/5.0 (Windows NT 10.0; Win64; x64) AppleWebKit/537.36 (KHTML, like Gecko) Chrome/129.0.0.0 Safari/537.36', '172.70.55.177', '24-10-10 11:22');
UPDATE `user_registration` SET `popup_seen` = 'yes'
WHERE `user_id` = 'H5OECT';
UPDATE `user_registration` SET `popup_seen` = 'no'
WHERE `user_id` = '4YA81C';
DELETE FROM `ci_sessions`
WHERE `id` = 'b15416a273e9ebe423cce6c01a9ab667a0753a86';
UPDATE `user_registration` SET `uid` = '3117', `user_id` = 'IGY6NN', `username` = 'mike2', `sponsor_id` = 'H5OECT', `vacant` = 'no', `f_name` = 'Mike', `l_name` = 'Guzman', `address` = '8100 SW 14 Terr', `position` = 'right', `email` = 'mike2@gmail.com', `password` = '88ed34bd4a78acb3904b43d987ac72f0', `phone` = '7862876762', `country` = 'United States', `state` = 'Florida', `city` = 'Miami', `street` = '8100 SW 14 Terr', `zip_code` = '33144', `reg_ip` = '172.70.83.101', `status` = 1, `package_id` = '2', `rank_id` = 1, `highest_rank` = 1, `cycle_rank_id` = 1, `created` = '2024-10-10 11:24:17', `subscription_date` = '2024-11-09', `google_secret` = '2FROU5ITRNKZGW3J'
WHERE `uid` = '3117';
INSERT INTO `user_registration` (`uid`, `user_id`, `username`, `sponsor_id`, `placement_id`, `vacant`, `f_name`, `l_name`, `address`, `position`, `email`, `password`, `phone`, `reg_ip`, `status`, `created`) VALUES (NULL, 'XWSAQN', 'ncnsjIAp', 'IGY6NN', 'IGY6NN', 'yes', '', '', '', 'left', '@mail.com', '', '', '', 0, '2024-10-10 11:24:17');
INSERT INTO `user_registration` (`uid`, `user_id`, `username`, `sponsor_id`, `placement_id`, `vacant`, `f_name`, `l_name`, `address`, `position`, `email`, `password`, `phone`, `reg_ip`, `status`, `created`) VALUES (NULL, 'TYEZPR', 'BxEYKUbC', 'IGY6NN', 'IGY6NN', 'yes', '', '', '', 'right', '@mail.com', '', '', '', 0, '2024-10-10 11:24:17');
INSERT INTO `bv_updation` (`user_id`) VALUES ('IGY6NN');
UPDATE `user_registration` SET total_ref_count = total_ref_count+1
WHERE `user_id` = 'H5OECT';
UPDATE `user_registration` SET total_downlines = total_downlines+1
WHERE `user_id` = 'H5OECT';
UPDATE `user_registration` SET right_downlines = right_downlines+1
WHERE `user_id` = 'H5OECT';
UPDATE `user_registration` SET right_ref_count = right_ref_count+1
WHERE `user_id` = 'H5OECT';
UPDATE `user_registration` SET active_right = active_right+1
WHERE `user_id` = 'H5OECT';
UPDATE `user_registration` SET total_downlines = total_downlines+1
WHERE `user_id` = 'CMPXGW';
UPDATE `user_registration` SET right_downlines = right_downlines+1
WHERE `user_id` = 'CMPXGW';
UPDATE `user_registration` SET total_downlines = total_downlines+1
WHERE `user_id` = 'ZG2BX4';
UPDATE `user_registration` SET right_downlines = right_downlines+1
WHERE `user_id` = 'ZG2BX4';
UPDATE `user_registration` SET total_downlines = total_downlines+1
WHERE `user_id` = '68C36C';
UPDATE `user_registration` SET right_downlines = right_downlines+1
WHERE `user_id` = '68C36C';
UPDATE `user_registration` SET total_downlines = total_downlines+1
WHERE `user_id` = '3CCEXB';
UPDATE `user_registration` SET right_downlines = right_downlines+1
WHERE `user_id` = '3CCEXB';
UPDATE `user_registration` SET total_downlines = total_downlines+1
WHERE `user_id` = '4XLOYS';
UPDATE `user_registration` SET right_downlines = right_downlines+1
WHERE `user_id` = '4XLOYS';
UPDATE `user_registration` SET total_downlines = total_downlines+1
WHERE `user_id` = 'AP7CE9';
UPDATE `user_registration` SET right_downlines = right_downlines+1
WHERE `user_id` = 'AP7CE9';
UPDATE `user_registration` SET total_downlines = total_downlines+1
WHERE `user_id` = '568VSI';
UPDATE `user_registration` SET right_downlines = right_downlines+1
WHERE `user_id` = '568VSI';
UPDATE `user_registration` SET total_downlines = total_downlines+1
WHERE `user_id` = 'CCLHRU';
UPDATE `user_registration` SET right_downlines = right_downlines+1
WHERE `user_id` = 'CCLHRU';
UPDATE `user_registration` SET total_downlines = total_downlines+1
WHERE `user_id` = '3LEN4B';
UPDATE `user_registration` SET right_downlines = right_downlines+1
WHERE `user_id` = '3LEN4B';
UPDATE `user_registration` SET total_downlines = total_downlines+1
WHERE `user_id` = '5ILHGT';
UPDATE `user_registration` SET right_downlines = right_downlines+1
WHERE `user_id` = '5ILHGT';
UPDATE `user_registration` SET total_downlines = total_downlines+1
WHERE `user_id` = 'JOWXDG';
UPDATE `user_registration` SET right_downlines = right_downlines+1
WHERE `user_id` = 'JOWXDG';
UPDATE `user_registration` SET total_downlines = total_downlines+1
WHERE `user_id` = 'DKLM6X';
UPDATE `user_registration` SET right_downlines = right_downlines+1
WHERE `user_id` = 'DKLM6X';
UPDATE `user_registration` SET total_downlines = total_downlines+1
WHERE `user_id` = 'EBHJLU';
UPDATE `user_registration` SET right_downlines = right_downlines+1
WHERE `user_id` = 'EBHJLU';
UPDATE `user_registration` SET total_downlines = total_downlines+1
WHERE `user_id` = 'Y9S3VV';
UPDATE `user_registration` SET right_downlines = right_downlines+1
WHERE `user_id` = 'Y9S3VV';
UPDATE `user_registration` SET total_downlines = total_downlines+1
WHERE `user_id` = 'BJ2EMM';
UPDATE `user_registration` SET right_downlines = right_downlines+1
WHERE `user_id` = 'BJ2EMM';
UPDATE `user_registration` SET total_downlines = total_downlines+1
WHERE `user_id` = 'D2QC3H';
UPDATE `user_registration` SET right_downlines = right_downlines+1
WHERE `user_id` = 'D2QC3H';
UPDATE `user_registration` SET total_downlines = total_downlines+1
WHERE `user_id` = 'FVHI2D';
UPDATE `user_registration` SET right_downlines = right_downlines+1
WHERE `user_id` = 'FVHI2D';
UPDATE `user_registration` SET total_downlines = total_downlines+1
WHERE `user_id` = 'KDTE1R';
UPDATE `user_registration` SET right_downlines = right_downlines+1
WHERE `user_id` = 'KDTE1R';
UPDATE `user_registration` SET total_downlines = total_downlines+1
WHERE `user_id` = '6YNZPL';
UPDATE `user_registration` SET right_downlines = right_downlines+1
WHERE `user_id` = '6YNZPL';
UPDATE `user_registration` SET total_downlines = total_downlines+1
WHERE `user_id` = 'D8MHLJ';
UPDATE `user_registration` SET right_downlines = right_downlines+1
WHERE `user_id` = 'D8MHLJ';
UPDATE `user_registration` SET total_downlines = total_downlines+1
WHERE `user_id` = 'WN7ZG7';
UPDATE `user_registration` SET right_downlines = right_downlines+1
WHERE `user_id` = 'WN7ZG7';
UPDATE `user_registration` SET total_downlines = total_downlines+1
WHERE `user_id` = 'A3HKL6';
UPDATE `user_registration` SET right_downlines = right_downlines+1
WHERE `user_id` = 'A3HKL6';
UPDATE `user_registration` SET total_downlines = total_downlines+1
WHERE `user_id` = 'RBFLKG';
UPDATE `user_registration` SET right_downlines = right_downlines+1
WHERE `user_id` = 'RBFLKG';
UPDATE `user_registration` SET total_downlines = total_downlines+1
WHERE `user_id` = 'L87333';
UPDATE `user_registration` SET right_downlines = right_downlines+1
WHERE `user_id` = 'L87333';
UPDATE `user_registration` SET total_downlines = total_downlines+1
WHERE `user_id` = 'IPVL3M';
UPDATE `user_registration` SET right_downlines = right_downlines+1
WHERE `user_id` = 'IPVL3M';
UPDATE `user_registration` SET total_downlines = total_downlines+1
WHERE `user_id` = 'MI1I8D';
UPDATE `user_registration` SET right_downlines = right_downlines+1
WHERE `user_id` = 'MI1I8D';
UPDATE `user_registration` SET total_downlines = total_downlines+1
WHERE `user_id` = '9TJJLG';
UPDATE `user_registration` SET right_downlines = right_downlines+1
WHERE `user_id` = '9TJJLG';
UPDATE `user_registration` SET total_downlines = total_downlines+1
WHERE `user_id` = '6DEXJW';
UPDATE `user_registration` SET right_downlines = right_downlines+1
WHERE `user_id` = '6DEXJW';
UPDATE `user_registration` SET total_downlines = total_downlines+1
WHERE `user_id` = 'DM1Y9N';
UPDATE `user_registration` SET right_downlines = right_downlines+1
WHERE `user_id` = 'DM1Y9N';
UPDATE `user_registration` SET total_downlines = total_downlines+1
WHERE `user_id` = 'A9858P';
UPDATE `user_registration` SET left_downlines = left_downlines+1
WHERE `user_id` = 'A9858P';
UPDATE `user_registration` SET total_downlines = total_downlines+1
WHERE `user_id` = 'admin';
UPDATE `user_registration` SET right_downlines = right_downlines+1
WHERE `user_id` = 'admin';
INSERT INTO `investment` (`invest_date`, `user_id`, `type`, `amount`, `package_id`) VALUES ('2024-10-10 11:24:17', 'IGY6NN', 'register', '595', '2');
INSERT INTO `earnings` (`user_id`, `Purchaser_id`, `earning_type`, `package_id`, `amount`, `date`, `comments`, `invest_amount`, `comm_perc`, `level`, `rank_id`, `order_id`) VALUES ('H5OECT', 'IGY6NN', 'Direct Referral Bonus', '2', '100', '2024-10-10 11:24:17', 'Direct Referral Bonus', 0, 0, 1, '', 1052);
UPDATE `user_registration` SET commission_balance = ROUND(commission_balance + 100,2)
WHERE `user_id` = 'H5OECT';
UPDATE `user_registration` SET referral_bonus = ROUND(referral_bonus + 100,2)
WHERE `user_id` = 'H5OECT';
INSERT INTO `earnings` (`user_id`, `Purchaser_id`, `earning_type`, `package_id`, `amount`, `date`, `comments`, `invest_amount`, `comm_perc`, `level`, `rank_id`, `order_id`) VALUES ('6DEXJW', 'IGY6NN', 'Expansion Bonus', '2', 100, '2024-10-10 11:24:17', 'Expansion Bonus', '100', 0, 1, '', 1052);
UPDATE `user_registration` SET commission_balance = ROUND(commission_balance + 100,2)
WHERE `user_id` = '6DEXJW';
UPDATE `user_registration` SET expansion_bonus = ROUND(expansion_bonus + 100,2)
WHERE `user_id` = '6DEXJW';
INSERT INTO `earnings` (`user_id`, `Purchaser_id`, `earning_type`, `package_id`, `amount`, `date`, `comments`, `invest_amount`, `comm_perc`, `level`, `rank_id`, `order_id`) VALUES ('DM1Y9N', 'IGY6NN', 'Expansion Bonus', '2', 100, '2024-10-10 11:24:17', 'Expansion Bonus', 200, 0, 1, '', 1052);
UPDATE `user_registration` SET commission_balance = ROUND(commission_balance + 100,2)
WHERE `user_id` = 'DM1Y9N';
UPDATE `user_registration` SET expansion_bonus = ROUND(expansion_bonus + 100,2)
WHERE `user_id` = 'DM1Y9N';
INSERT INTO `earnings` (`user_id`, `Purchaser_id`, `earning_type`, `package_id`, `amount`, `date`, `comments`, `invest_amount`, `comm_perc`, `level`, `rank_id`, `order_id`) VALUES ('A9858P', 'IGY6NN', 'Expansion Bonus', '2', 80, '2024-10-10 11:24:17', 'Expansion Bonus', 300, 0, 1, '', 1052);
UPDATE `user_registration` SET commission_balance = ROUND(commission_balance + 80,2)
WHERE `user_id` = 'A9858P';
UPDATE `user_registration` SET expansion_bonus = ROUND(expansion_bonus + 80,2)
WHERE `user_id` = 'A9858P';
UPDATE `user_registration` SET total_points = ROUND(total_points + 50,2)
WHERE `user_id` = 'IGY6NN';
INSERT INTO `points_history` (`user_id`, `points`, `type`, `date`) VALUES ('IGY6NN', '50', 'register', '2024-10-10 11:24:');
INSERT INTO `matrix_filling` (`placement_id`, `downline_id`, `level`, `matrix`) VALUES ('H5OECT', 'IGY6NN', 1, 1);
INSERT INTO `matrix_filling` (`placement_id`, `downline_id`, `level`, `matrix`) VALUES ('CMPXGW', 'IGY6NN', 2, 1);
UPDATE `bv_updation` SET right_carry = right_carry+50, total_right = total_right+50
WHERE `user_id` = 'CMPXGW';
INSERT INTO `placement_bv_update_history` (`right_carry`, `date`, `from_id`, `user_id`) VALUES ('50', '2024-10-10 11:24:17', 'IGY6NN', 'CMPXGW');
INSERT INTO `matrix_filling` (`placement_id`, `downline_id`, `level`, `matrix`) VALUES ('ZG2BX4', 'IGY6NN', 3, 1);
UPDATE `bv_updation` SET right_carry = right_carry+50, total_right = total_right+50
WHERE `user_id` = 'ZG2BX4';
INSERT INTO `placement_bv_update_history` (`right_carry`, `date`, `from_id`, `user_id`) VALUES ('50', '2024-10-10 11:24:17', 'IGY6NN', 'ZG2BX4');
INSERT INTO `matrix_filling` (`placement_id`, `downline_id`, `level`, `matrix`) VALUES ('68C36C', 'IGY6NN', 4, 1);
UPDATE `bv_updation` SET right_carry = right_carry+50, total_right = total_right+50
WHERE `user_id` = '68C36C';
INSERT INTO `placement_bv_update_history` (`right_carry`, `date`, `from_id`, `user_id`) VALUES ('50', '2024-10-10 11:24:17', 'IGY6NN', '68C36C');
INSERT INTO `matrix_filling` (`placement_id`, `downline_id`, `level`, `matrix`) VALUES ('3CCEXB', 'IGY6NN', 5, 1);
UPDATE `bv_updation` SET right_carry = right_carry+50, total_right = total_right+50
WHERE `user_id` = '3CCEXB';
INSERT INTO `placement_bv_update_history` (`right_carry`, `date`, `from_id`, `user_id`) VALUES ('50', '2024-10-10 11:24:17', 'IGY6NN', '3CCEXB');
INSERT INTO `matrix_filling` (`placement_id`, `downline_id`, `level`, `matrix`) VALUES ('4XLOYS', 'IGY6NN', 6, 1);
UPDATE `bv_updation` SET right_carry = right_carry+50, total_right = total_right+50
WHERE `user_id` = '4XLOYS';
INSERT INTO `placement_bv_update_history` (`right_carry`, `date`, `from_id`, `user_id`) VALUES ('50', '2024-10-10 11:24:17', 'IGY6NN', '4XLOYS');
INSERT INTO `matrix_filling` (`placement_id`, `downline_id`, `level`, `matrix`) VALUES ('AP7CE9', 'IGY6NN', 7, 1);
UPDATE `bv_updation` SET right_carry = right_carry+50, total_right = total_right+50
WHERE `user_id` = 'AP7CE9';
INSERT INTO `placement_bv_update_history` (`right_carry`, `date`, `from_id`, `user_id`) VALUES ('50', '2024-10-10 11:24:17', 'IGY6NN', 'AP7CE9');
INSERT INTO `matrix_filling` (`placement_id`, `downline_id`, `level`, `matrix`) VALUES ('568VSI', 'IGY6NN', 8, 1);
UPDATE `bv_updation` SET right_carry = right_carry+50, total_right = total_right+50
WHERE `user_id` = '568VSI';
INSERT INTO `placement_bv_update_history` (`right_carry`, `date`, `from_id`, `user_id`) VALUES ('50', '2024-10-10 11:24:17', 'IGY6NN', '568VSI');
INSERT INTO `matrix_filling` (`placement_id`, `downline_id`, `level`, `matrix`) VALUES ('CCLHRU', 'IGY6NN', 9, 1);
UPDATE `bv_updation` SET right_carry = right_carry+50, total_right = total_right+50
WHERE `user_id` = 'CCLHRU';
INSERT INTO `placement_bv_update_history` (`right_carry`, `date`, `from_id`, `user_id`) VALUES ('50', '2024-10-10 11:24:17', 'IGY6NN', 'CCLHRU');
INSERT INTO `matrix_filling` (`placement_id`, `downline_id`, `level`, `matrix`) VALUES ('3LEN4B', 'IGY6NN', 10, 1);
UPDATE `bv_updation` SET right_carry = right_carry+50, total_right = total_right+50
WHERE `user_id` = '3LEN4B';
INSERT INTO `placement_bv_update_history` (`right_carry`, `date`, `from_id`, `user_id`) VALUES ('50', '2024-10-10 11:24:17', 'IGY6NN', '3LEN4B');
INSERT INTO `matrix_filling` (`placement_id`, `downline_id`, `level`, `matrix`) VALUES ('5ILHGT', 'IGY6NN', 11, 1);
UPDATE `bv_updation` SET right_carry = right_carry+50, total_right = total_right+50
WHERE `user_id` = '5ILHGT';
INSERT INTO `placement_bv_update_history` (`right_carry`, `date`, `from_id`, `user_id`) VALUES ('50', '2024-10-10 11:24:17', 'IGY6NN', '5ILHGT');
INSERT INTO `matrix_filling` (`placement_id`, `downline_id`, `level`, `matrix`) VALUES ('JOWXDG', 'IGY6NN', 12, 1);
UPDATE `bv_updation` SET right_carry = right_carry+50, total_right = total_right+50
WHERE `user_id` = 'JOWXDG';
INSERT INTO `placement_bv_update_history` (`right_carry`, `date`, `from_id`, `user_id`) VALUES ('50', '2024-10-10 11:24:17', 'IGY6NN', 'JOWXDG');
INSERT INTO `matrix_filling` (`placement_id`, `downline_id`, `level`, `matrix`) VALUES ('DKLM6X', 'IGY6NN', 13, 1);
UPDATE `bv_updation` SET right_carry = right_carry+50, total_right = total_right+50
WHERE `user_id` = 'DKLM6X';
INSERT INTO `placement_bv_update_history` (`right_carry`, `date`, `from_id`, `user_id`) VALUES ('50', '2024-10-10 11:24:17', 'IGY6NN', 'DKLM6X');
INSERT INTO `matrix_filling` (`placement_id`, `downline_id`, `level`, `matrix`) VALUES ('EBHJLU', 'IGY6NN', 14, 1);
UPDATE `bv_updation` SET right_carry = right_carry+50, total_right = total_right+50
WHERE `user_id` = 'EBHJLU';
INSERT INTO `placement_bv_update_history` (`right_carry`, `date`, `from_id`, `user_id`) VALUES ('50', '2024-10-10 11:24:17', 'IGY6NN', 'EBHJLU');
INSERT INTO `matrix_filling` (`placement_id`, `downline_id`, `level`, `matrix`) VALUES ('Y9S3VV', 'IGY6NN', 15, 1);
UPDATE `bv_updation` SET right_carry = right_carry+50, total_right = total_right+50
WHERE `user_id` = 'Y9S3VV';
INSERT INTO `placement_bv_update_history` (`right_carry`, `date`, `from_id`, `user_id`) VALUES ('50', '2024-10-10 11:24:17', 'IGY6NN', 'Y9S3VV');
INSERT INTO `matrix_filling` (`placement_id`, `downline_id`, `level`, `matrix`) VALUES ('BJ2EMM', 'IGY6NN', 16, 1);
UPDATE `bv_updation` SET right_carry = right_carry+50, total_right = total_right+50
WHERE `user_id` = 'BJ2EMM';
INSERT INTO `placement_bv_update_history` (`right_carry`, `date`, `from_id`, `user_id`) VALUES ('50', '2024-10-10 11:24:17', 'IGY6NN', 'BJ2EMM');
INSERT INTO `matrix_filling` (`placement_id`, `downline_id`, `level`, `matrix`) VALUES ('D2QC3H', 'IGY6NN', 17, 1);
UPDATE `bv_updation` SET right_carry = right_carry+50, total_right = total_right+50
WHERE `user_id` = 'D2QC3H';
INSERT INTO `placement_bv_update_history` (`right_carry`, `date`, `from_id`, `user_id`) VALUES ('50', '2024-10-10 11:24:17', 'IGY6NN', 'D2QC3H');
INSERT INTO `matrix_filling` (`placement_id`, `downline_id`, `level`, `matrix`) VALUES ('FVHI2D', 'IGY6NN', 18, 1);
UPDATE `bv_updation` SET right_carry = right_carry+50, total_right = total_right+50
WHERE `user_id` = 'FVHI2D';
INSERT INTO `placement_bv_update_history` (`right_carry`, `date`, `from_id`, `user_id`) VALUES ('50', '2024-10-10 11:24:17', 'IGY6NN', 'FVHI2D');
INSERT INTO `matrix_filling` (`placement_id`, `downline_id`, `level`, `matrix`) VALUES ('KDTE1R', 'IGY6NN', 19, 1);
UPDATE `bv_updation` SET right_carry = right_carry+50, total_right = total_right+50
WHERE `user_id` = 'KDTE1R';
INSERT INTO `placement_bv_update_history` (`right_carry`, `date`, `from_id`, `user_id`) VALUES ('50', '2024-10-10 11:24:17', 'IGY6NN', 'KDTE1R');
INSERT INTO `matrix_filling` (`placement_id`, `downline_id`, `level`, `matrix`) VALUES ('6YNZPL', 'IGY6NN', 20, 1);
UPDATE `bv_updation` SET right_carry = right_carry+50, total_right = total_right+50
WHERE `user_id` = '6YNZPL';
INSERT INTO `placement_bv_update_history` (`right_carry`, `date`, `from_id`, `user_id`) VALUES ('50', '2024-10-10 11:24:17', 'IGY6NN', '6YNZPL');
INSERT INTO `matrix_filling` (`placement_id`, `downline_id`, `level`, `matrix`) VALUES ('D8MHLJ', 'IGY6NN', 21, 1);
UPDATE `bv_updation` SET right_carry = right_carry+50, total_right = total_right+50
WHERE `user_id` = 'D8MHLJ';
INSERT INTO `placement_bv_update_history` (`right_carry`, `date`, `from_id`, `user_id`) VALUES ('50', '2024-10-10 11:24:17', 'IGY6NN', 'D8MHLJ');
INSERT INTO `matrix_filling` (`placement_id`, `downline_id`, `level`, `matrix`) VALUES ('WN7ZG7', 'IGY6NN', 22, 1);
UPDATE `bv_updation` SET right_carry = right_carry+50, total_right = total_right+50
WHERE `user_id` = 'WN7ZG7';
INSERT INTO `placement_bv_update_history` (`right_carry`, `date`, `from_id`, `user_id`) VALUES ('50', '2024-10-10 11:24:17', 'IGY6NN', 'WN7ZG7');
INSERT INTO `matrix_filling` (`placement_id`, `downline_id`, `level`, `matrix`) VALUES ('A3HKL6', 'IGY6NN', 23, 1);
UPDATE `bv_updation` SET right_carry = right_carry+50, total_right = total_right+50
WHERE `user_id` = 'A3HKL6';
INSERT INTO `placement_bv_update_history` (`right_carry`, `date`, `from_id`, `user_id`) VALUES ('50', '2024-10-10 11:24:17', 'IGY6NN', 'A3HKL6');
INSERT INTO `matrix_filling` (`placement_id`, `downline_id`, `level`, `matrix`) VALUES ('RBFLKG', 'IGY6NN', 24, 1);
UPDATE `bv_updation` SET right_carry = right_carry+50, total_right = total_right+50
WHERE `user_id` = 'RBFLKG';
INSERT INTO `placement_bv_update_history` (`right_carry`, `date`, `from_id`, `user_id`) VALUES ('50', '2024-10-10 11:24:17', 'IGY6NN', 'RBFLKG');
INSERT INTO `matrix_filling` (`placement_id`, `downline_id`, `level`, `matrix`) VALUES ('L87333', 'IGY6NN', 25, 1);
UPDATE `bv_updation` SET right_carry = right_carry+50, total_right = total_right+50
WHERE `user_id` = 'L87333';
INSERT INTO `placement_bv_update_history` (`right_carry`, `date`, `from_id`, `user_id`) VALUES ('50', '2024-10-10 11:24:17', 'IGY6NN', 'L87333');
INSERT INTO `matrix_filling` (`placement_id`, `downline_id`, `level`, `matrix`) VALUES ('IPVL3M', 'IGY6NN', 26, 1);
UPDATE `bv_updation` SET right_carry = right_carry+50, total_right = total_right+50
WHERE `user_id` = 'IPVL3M';
INSERT INTO `placement_bv_update_history` (`right_carry`, `date`, `from_id`, `user_id`) VALUES ('50', '2024-10-10 11:24:17', 'IGY6NN', 'IPVL3M');
INSERT INTO `matrix_filling` (`placement_id`, `downline_id`, `level`, `matrix`) VALUES ('MI1I8D', 'IGY6NN', 27, 1);
UPDATE `bv_updation` SET right_carry = right_carry+50, total_right = total_right+50
WHERE `user_id` = 'MI1I8D';
INSERT INTO `placement_bv_update_history` (`right_carry`, `date`, `from_id`, `user_id`) VALUES ('50', '2024-10-10 11:24:17', 'IGY6NN', 'MI1I8D');
INSERT INTO `matrix_filling` (`placement_id`, `downline_id`, `level`, `matrix`) VALUES ('9TJJLG', 'IGY6NN', 28, 1);
UPDATE `bv_updation` SET right_carry = right_carry+50, total_right = total_right+50
WHERE `user_id` = '9TJJLG';
INSERT INTO `placement_bv_update_history` (`right_carry`, `date`, `from_id`, `user_id`) VALUES ('50', '2024-10-10 11:24:17', 'IGY6NN', '9TJJLG');
INSERT INTO `matrix_filling` (`placement_id`, `downline_id`, `level`, `matrix`) VALUES ('6DEXJW', 'IGY6NN', 29, 1);
UPDATE `bv_updation` SET right_carry = right_carry+50, total_right = total_right+50
WHERE `user_id` = '6DEXJW';
INSERT INTO `placement_bv_update_history` (`right_carry`, `date`, `from_id`, `user_id`) VALUES ('50', '2024-10-10 11:24:17', 'IGY6NN', '6DEXJW');
INSERT INTO `matrix_filling` (`placement_id`, `downline_id`, `level`, `matrix`) VALUES ('DM1Y9N', 'IGY6NN', 30, 1);
UPDATE `bv_updation` SET right_carry = right_carry+50, total_right = total_right+50
WHERE `user_id` = 'DM1Y9N';
INSERT INTO `placement_bv_update_history` (`right_carry`, `date`, `from_id`, `user_id`) VALUES ('50', '2024-10-10 11:24:17', 'IGY6NN', 'DM1Y9N');
INSERT INTO `matrix_filling` (`placement_id`, `downline_id`, `level`, `matrix`) VALUES ('A9858P', 'IGY6NN', 31, 1);
UPDATE `bv_updation` SET left_carry = left_carry+50, total_left = total_left+50
WHERE `user_id` = 'A9858P';
INSERT INTO `placement_bv_update_history` (`left_carry`, `date`, `from_id`, `user_id`) VALUES ('50', '2024-10-10 11:24:17', 'IGY6NN', 'A9858P');
INSERT INTO `matrix_filling` (`placement_id`, `downline_id`, `level`, `matrix`) VALUES ('admin', 'IGY6NN', 32, 1);
UPDATE `bv_updation` SET right_carry = right_carry+50, total_right = total_right+50
WHERE `user_id` = 'admin';
INSERT INTO `placement_bv_update_history` (`right_carry`, `date`, `from_id`, `user_id`) VALUES ('50', '2024-10-10 11:24:17', 'IGY6NN', 'admin');
INSERT INTO `package_purchase_history` (`user_id`, `package_id`, `reg_fee`, `package_name`, `monthly_fee`, `type`, `date`, `payment_option`) VALUES ('IGY6NN', '2', '595', 'Traveler Pro', '150', 'sign_up', '2024-10-10 11:24:17', 'free');
UPDATE `user_registration` SET `popup_seen` = 'yes'
WHERE `user_id` = 'H5OECT';
INSERT INTO `login_history` (`user_id`, `device`, `ip_address`, `date`) VALUES ('HXPFM1', 'Mozilla/5.0 (Windows NT 10.0; Win64; x64) AppleWebKit/537.36 (KHTML, like Gecko) Chrome/129.0.0.0 Safari/537.36', '108.162.212.54', '24-10-10 11:24');
UPDATE `user_registration` SET `popup_seen` = 'yes'
WHERE `user_id` = 'HXPFM1';
UPDATE `user_registration` SET `popup_seen` = 'no'
WHERE `user_id` = 'H5OECT';
DELETE FROM `ci_sessions`
WHERE `id` = '87a2f3e6970964b4baf04c195b9ef3aa58325d67';
INSERT INTO `login_history` (`user_id`, `device`, `ip_address`, `date`) VALUES ('CMPXGW', 'Mozilla/5.0 (Windows NT 10.0; Win64; x64) AppleWebKit/537.36 (KHTML, like Gecko) Chrome/129.0.0.0 Safari/537.36', '172.70.83.102', '24-10-10 11:25');
UPDATE `user_registration` SET `popup_seen` = 'yes'
WHERE `user_id` = 'CMPXGW';
UPDATE `user_registration` SET `popup_seen` = 'yes'
WHERE `user_id` = 'CMPXGW';
UPDATE `user_registration` SET `popup_seen` = 'yes'
WHERE `user_id` = 'CMPXGW';
UPDATE `user_registration` SET `popup_seen` = 'no'
WHERE `user_id` = 'CMPXGW';
DELETE FROM `ci_sessions`
WHERE `id` = '0028b2c1f072f937797ef2901159004739fbb736';
INSERT INTO `login_history` (`user_id`, `device`, `ip_address`, `date`) VALUES ('6DEXJW', 'Mozilla/5.0 (Windows NT 10.0; Win64; x64) AppleWebKit/537.36 (KHTML, like Gecko) Chrome/129.0.0.0 Safari/537.36', '172.70.254.63', '24-10-10 11:26');
UPDATE `user_registration` SET `popup_seen` = 'yes'
WHERE `user_id` = '6DEXJW';
UPDATE `user_registration` SET `popup_seen` = 'yes'
WHERE `user_id` = '6DEXJW';
UPDATE `user_registration` SET `popup_seen` = 'yes'
WHERE `user_id` = '6DEXJW';
UPDATE `user_registration` SET `popup_seen` = 'no'
WHERE `user_id` = '6DEXJW';
DELETE FROM `ci_sessions`
WHERE `id` = '90301d0c8de5949fa37202c30cd68f19f8579847';
INSERT INTO `login_history` (`user_id`, `device`, `ip_address`, `date`) VALUES ('A9858P', 'Mozilla/5.0 (Windows NT 10.0; Win64; x64) AppleWebKit/537.36 (KHTML, like Gecko) Chrome/129.0.0.0 Safari/537.36', '172.70.254.63', '24-10-10 11:27');
UPDATE `user_registration` SET `popup_seen` = 'yes'
WHERE `user_id` = 'A9858P';
UPDATE `user_registration` SET `popup_seen` = 'no'
WHERE `user_id` = 'HXPFM1';
DELETE FROM `ci_sessions`
WHERE `id` = '65b62e93908286caa4fc40030fd303e8af33319f';
INSERT INTO `login_history` (`user_id`, `device`, `ip_address`, `date`) VALUES ('HXPFM1', 'Mozilla/5.0 (Windows NT 10.0; Win64; x64) AppleWebKit/537.36 (KHTML, like Gecko) Chrome/129.0.0.0 Safari/537.36', '108.162.212.53', '24-10-10 11:28');
UPDATE `user_registration` SET `popup_seen` = 'yes'
WHERE `user_id` = 'HXPFM1';
UPDATE `user_registration` SET `popup_seen` = 'yes'
WHERE `user_id` = 'A9858P';
UPDATE `user_registration` SET `uid` = '2384', `user_id` = 'HRD1FH', `username` = 'candido2', `sponsor_id` = 'HXPFM1', `vacant` = 'no', `f_name` = 'Candido', `l_name` = 'Gonzalez', `address` = '6520 Kendale Lakes Dr', `position` = 'left', `email` = 'candido2@gmail.com', `password` = 'bb86184441e38b73cf50f0abbcb39788', `phone` = '3057610606', `country` = 'United States', `state` = 'Florida', `city` = 'Miami', `street` = '6520 Kendale Lakes Dr', `zip_code` = '33183', `reg_ip` = '108.162.212.54', `status` = 1, `package_id` = '2', `rank_id` = 1, `highest_rank` = 1, `cycle_rank_id` = 1, `created` = '2024-10-10 11:29:52', `subscription_date` = '2024-11-09', `google_secret` = 'FYJJK3LHDPKZFF6H'
WHERE `uid` = '2384';
INSERT INTO `user_registration` (`uid`, `user_id`, `username`, `sponsor_id`, `placement_id`, `vacant`, `f_name`, `l_name`, `address`, `position`, `email`, `password`, `phone`, `reg_ip`, `status`, `created`) VALUES (NULL, 'RNRTPD', 'DbhnWfYo', 'HRD1FH', 'HRD1FH', 'yes', '', '', '', 'left', '@mail.com', '', '', '', 0, '2024-10-10 11:29:52');
INSERT INTO `user_registration` (`uid`, `user_id`, `username`, `sponsor_id`, `placement_id`, `vacant`, `f_name`, `l_name`, `address`, `position`, `email`, `password`, `phone`, `reg_ip`, `status`, `created`) VALUES (NULL, 'QHAKID', 'MxXIeoUD', 'HRD1FH', 'HRD1FH', 'yes', '', '', '', 'right', '@mail.com', '', '', '', 0, '2024-10-10 11:29:52');
INSERT INTO `bv_updation` (`user_id`) VALUES ('HRD1FH');
UPDATE `user_registration` SET total_ref_count = total_ref_count+1
WHERE `user_id` = 'HXPFM1';
UPDATE `user_registration` SET total_downlines = total_downlines+1
WHERE `user_id` = 'HXPFM1';
UPDATE `user_registration` SET left_downlines = left_downlines+1
WHERE `user_id` = 'HXPFM1';
UPDATE `user_registration` SET left_ref_count = left_ref_count+1
WHERE `user_id` = 'HXPFM1';
UPDATE `user_registration` SET active_left = active_left+1
WHERE `user_id` = 'HXPFM1';
UPDATE `user_registration` SET total_downlines = total_downlines+1
WHERE `user_id` = 'SHIOTF';
UPDATE `user_registration` SET right_downlines = right_downlines+1
WHERE `user_id` = 'SHIOTF';
UPDATE `user_registration` SET total_downlines = total_downlines+1
WHERE `user_id` = '4YA81C';
UPDATE `user_registration` SET right_downlines = right_downlines+1
WHERE `user_id` = '4YA81C';
UPDATE `user_registration` SET total_downlines = total_downlines+1
WHERE `user_id` = 'G1CDHO';
UPDATE `user_registration` SET right_downlines = right_downlines+1
WHERE `user_id` = 'G1CDHO';
UPDATE `user_registration` SET total_downlines = total_downlines+1
WHERE `user_id` = '9NGWQG';
UPDATE `user_registration` SET right_downlines = right_downlines+1
WHERE `user_id` = '9NGWQG';
UPDATE `user_registration` SET total_downlines = total_downlines+1
WHERE `user_id` = 'R6J8K1';
UPDATE `user_registration` SET right_downlines = right_downlines+1
WHERE `user_id` = 'R6J8K1';
UPDATE `user_registration` SET total_downlines = total_downlines+1
WHERE `user_id` = 'G6ZQNS';
UPDATE `user_registration` SET right_downlines = right_downlines+1
WHERE `user_id` = 'G6ZQNS';
UPDATE `user_registration` SET total_downlines = total_downlines+1
WHERE `user_id` = 'M4FVZR';
UPDATE `user_registration` SET right_downlines = right_downlines+1
WHERE `user_id` = 'M4FVZR';
UPDATE `user_registration` SET total_downlines = total_downlines+1
WHERE `user_id` = '5ZLRWM';
UPDATE `user_registration` SET right_downlines = right_downlines+1
WHERE `user_id` = '5ZLRWM';
UPDATE `user_registration` SET total_downlines = total_downlines+1
WHERE `user_id` = 'JPDLRK';
UPDATE `user_registration` SET right_downlines = right_downlines+1
WHERE `user_id` = 'JPDLRK';
UPDATE `user_registration` SET total_downlines = total_downlines+1
WHERE `user_id` = 'FGURJ3';
UPDATE `user_registration` SET right_downlines = right_downlines+1
WHERE `user_id` = 'FGURJ3';
UPDATE `user_registration` SET total_downlines = total_downlines+1
WHERE `user_id` = 'L2ZCMP';
UPDATE `user_registration` SET right_downlines = right_downlines+1
WHERE `user_id` = 'L2ZCMP';
UPDATE `user_registration` SET total_downlines = total_downlines+1
WHERE `user_id` = 'XOJI6Y';
UPDATE `user_registration` SET right_downlines = right_downlines+1
WHERE `user_id` = 'XOJI6Y';
UPDATE `user_registration` SET total_downlines = total_downlines+1
WHERE `user_id` = 'Z6E2C9';
UPDATE `user_registration` SET right_downlines = right_downlines+1
WHERE `user_id` = 'Z6E2C9';
UPDATE `user_registration` SET total_downlines = total_downlines+1
WHERE `user_id` = 'VT4PXI';
UPDATE `user_registration` SET right_downlines = right_downlines+1
WHERE `user_id` = 'VT4PXI';
UPDATE `user_registration` SET total_downlines = total_downlines+1
WHERE `user_id` = 'QKHYPY';
UPDATE `user_registration` SET right_downlines = right_downlines+1
WHERE `user_id` = 'QKHYPY';
UPDATE `user_registration` SET total_downlines = total_downlines+1
WHERE `user_id` = 'LN7PEK';
UPDATE `user_registration` SET right_downlines = right_downlines+1
WHERE `user_id` = 'LN7PEK';
UPDATE `user_registration` SET total_downlines = total_downlines+1
WHERE `user_id` = 'LYDDQ5';
UPDATE `user_registration` SET right_downlines = right_downlines+1
WHERE `user_id` = 'LYDDQ5';
UPDATE `user_registration` SET total_downlines = total_downlines+1
WHERE `user_id` = '6UO8TB';
UPDATE `user_registration` SET right_downlines = right_downlines+1
WHERE `user_id` = '6UO8TB';
UPDATE `user_registration` SET total_downlines = total_downlines+1
WHERE `user_id` = 'GPRO3Q';
UPDATE `user_registration` SET right_downlines = right_downlines+1
WHERE `user_id` = 'GPRO3Q';
UPDATE `user_registration` SET total_downlines = total_downlines+1
WHERE `user_id` = 'MBPRQB';
UPDATE `user_registration` SET right_downlines = right_downlines+1
WHERE `user_id` = 'MBPRQB';
UPDATE `user_registration` SET total_downlines = total_downlines+1
WHERE `user_id` = 'X1RH6U';
UPDATE `user_registration` SET right_downlines = right_downlines+1
WHERE `user_id` = 'X1RH6U';
UPDATE `user_registration` SET total_downlines = total_downlines+1
WHERE `user_id` = 'HHALCM';
UPDATE `user_registration` SET right_downlines = right_downlines+1
WHERE `user_id` = 'HHALCM';
UPDATE `user_registration` SET total_downlines = total_downlines+1
WHERE `user_id` = '7WQBA7';
UPDATE `user_registration` SET right_downlines = right_downlines+1
WHERE `user_id` = '7WQBA7';
UPDATE `user_registration` SET total_downlines = total_downlines+1
WHERE `user_id` = 'QPNZO1';
UPDATE `user_registration` SET right_downlines = right_downlines+1
WHERE `user_id` = 'QPNZO1';
UPDATE `user_registration` SET total_downlines = total_downlines+1
WHERE `user_id` = 'KCF78M';
UPDATE `user_registration` SET right_downlines = right_downlines+1
WHERE `user_id` = 'KCF78M';
UPDATE `user_registration` SET total_downlines = total_downlines+1
WHERE `user_id` = '7RY1ZP';
UPDATE `user_registration` SET right_downlines = right_downlines+1
WHERE `user_id` = '7RY1ZP';
UPDATE `user_registration` SET total_downlines = total_downlines+1
WHERE `user_id` = 'ADZTOG';
UPDATE `user_registration` SET right_downlines = right_downlines+1
WHERE `user_id` = 'ADZTOG';
UPDATE `user_registration` SET total_downlines = total_downlines+1
WHERE `user_id` = 'A9858P';
UPDATE `user_registration` SET right_downlines = right_downlines+1
WHERE `user_id` = 'A9858P';
UPDATE `user_registration` SET total_downlines = total_downlines+1
WHERE `user_id` = 'admin';
UPDATE `user_registration` SET right_downlines = right_downlines+1
WHERE `user_id` = 'admin';
INSERT INTO `investment` (`invest_date`, `user_id`, `type`, `amount`, `package_id`) VALUES ('2024-10-10 11:29:52', 'HRD1FH', 'register', '595', '2');
INSERT INTO `earnings` (`user_id`, `Purchaser_id`, `earning_type`, `package_id`, `amount`, `date`, `comments`, `invest_amount`, `comm_perc`, `level`, `rank_id`, `order_id`) VALUES ('HXPFM1', 'HRD1FH', 'Direct Referral Bonus', '2', '100', '2024-10-10 11:29:52', 'Direct Referral Bonus', 0, 0, 1, '', 1053);
UPDATE `user_registration` SET commission_balance = ROUND(commission_balance + 100,2)
WHERE `user_id` = 'HXPFM1';
UPDATE `user_registration` SET referral_bonus = ROUND(referral_bonus + 100,2)
WHERE `user_id` = 'HXPFM1';
INSERT INTO `earnings` (`user_id`, `Purchaser_id`, `earning_type`, `package_id`, `amount`, `date`, `comments`, `invest_amount`, `comm_perc`, `level`, `rank_id`, `order_id`) VALUES ('A9858P', 'HRD1FH', 'Expansion Bonus', '2', 280, '2024-10-10 11:29:52', 'Expansion Bonus', '100', 0, 1, '', 1053);
UPDATE `user_registration` SET commission_balance = ROUND(commission_balance + 280,2)
WHERE `user_id` = 'A9858P';
UPDATE `user_registration` SET expansion_bonus = ROUND(expansion_bonus + 280,2)
WHERE `user_id` = 'A9858P';
UPDATE `user_registration` SET total_points = ROUND(total_points + 50,2)
WHERE `user_id` = 'HRD1FH';
INSERT INTO `points_history` (`user_id`, `points`, `type`, `date`) VALUES ('HRD1FH', '50', 'register', '2024-10-10 11:29:');
INSERT INTO `matrix_filling` (`placement_id`, `downline_id`, `level`, `matrix`) VALUES ('HXPFM1', 'HRD1FH', 1, 1);
UPDATE `bv_updation` SET left_carry = left_carry+50, total_left = total_left+50
WHERE `user_id` = 'HXPFM1';
INSERT INTO `placement_bv_update_history` (`left_carry`, `date`, `from_id`, `user_id`) VALUES ('50', '2024-10-10 11:29:52', 'HRD1FH', 'HXPFM1');
UPDATE `bv_updation` SET sponsor_left_carry = sponsor_left_carry+50, sponsor_total_left = sponsor_total_left+50
WHERE `user_id` = 'HXPFM1';
INSERT INTO `sponsor_bv_update_history` (`left_carry`, `date`, `user_id`) VALUES ('50', '2024-10-10 11:29:52', 'HXPFM1');
INSERT INTO `matrix_filling` (`placement_id`, `downline_id`, `level`, `matrix`) VALUES ('SHIOTF', 'HRD1FH', 2, 1);
UPDATE `bv_updation` SET right_carry = right_carry+50, total_right = total_right+50
WHERE `user_id` = 'SHIOTF';
INSERT INTO `placement_bv_update_history` (`right_carry`, `date`, `from_id`, `user_id`) VALUES ('50', '2024-10-10 11:29:52', 'HRD1FH', 'SHIOTF');
INSERT INTO `matrix_filling` (`placement_id`, `downline_id`, `level`, `matrix`) VALUES ('4YA81C', 'HRD1FH', 3, 1);
UPDATE `bv_updation` SET right_carry = right_carry+50, total_right = total_right+50
WHERE `user_id` = '4YA81C';
INSERT INTO `placement_bv_update_history` (`right_carry`, `date`, `from_id`, `user_id`) VALUES ('50', '2024-10-10 11:29:52', 'HRD1FH', '4YA81C');
INSERT INTO `matrix_filling` (`placement_id`, `downline_id`, `level`, `matrix`) VALUES ('G1CDHO', 'HRD1FH', 4, 1);
UPDATE `bv_updation` SET right_carry = right_carry+50, total_right = total_right+50
WHERE `user_id` = 'G1CDHO';
INSERT INTO `placement_bv_update_history` (`right_carry`, `date`, `from_id`, `user_id`) VALUES ('50', '2024-10-10 11:29:52', 'HRD1FH', 'G1CDHO');
INSERT INTO `matrix_filling` (`placement_id`, `downline_id`, `level`, `matrix`) VALUES ('9NGWQG', 'HRD1FH', 5, 1);
UPDATE `bv_updation` SET right_carry = right_carry+50, total_right = total_right+50
WHERE `user_id` = '9NGWQG';
INSERT INTO `placement_bv_update_history` (`right_carry`, `date`, `from_id`, `user_id`) VALUES ('50', '2024-10-10 11:29:52', 'HRD1FH', '9NGWQG');
INSERT INTO `matrix_filling` (`placement_id`, `downline_id`, `level`, `matrix`) VALUES ('R6J8K1', 'HRD1FH', 6, 1);
UPDATE `bv_updation` SET right_carry = right_carry+50, total_right = total_right+50
WHERE `user_id` = 'R6J8K1';
INSERT INTO `placement_bv_update_history` (`right_carry`, `date`, `from_id`, `user_id`) VALUES ('50', '2024-10-10 11:29:52', 'HRD1FH', 'R6J8K1');
INSERT INTO `matrix_filling` (`placement_id`, `downline_id`, `level`, `matrix`) VALUES ('G6ZQNS', 'HRD1FH', 7, 1);
UPDATE `bv_updation` SET right_carry = right_carry+50, total_right = total_right+50
WHERE `user_id` = 'G6ZQNS';
INSERT INTO `placement_bv_update_history` (`right_carry`, `date`, `from_id`, `user_id`) VALUES ('50', '2024-10-10 11:29:52', 'HRD1FH', 'G6ZQNS');
INSERT INTO `matrix_filling` (`placement_id`, `downline_id`, `level`, `matrix`) VALUES ('M4FVZR', 'HRD1FH', 8, 1);
UPDATE `bv_updation` SET right_carry = right_carry+50, total_right = total_right+50
WHERE `user_id` = 'M4FVZR';
INSERT INTO `placement_bv_update_history` (`right_carry`, `date`, `from_id`, `user_id`) VALUES ('50', '2024-10-10 11:29:52', 'HRD1FH', 'M4FVZR');
INSERT INTO `matrix_filling` (`placement_id`, `downline_id`, `level`, `matrix`) VALUES ('5ZLRWM', 'HRD1FH', 9, 1);
UPDATE `bv_updation` SET right_carry = right_carry+50, total_right = total_right+50
WHERE `user_id` = '5ZLRWM';
INSERT INTO `placement_bv_update_history` (`right_carry`, `date`, `from_id`, `user_id`) VALUES ('50', '2024-10-10 11:29:52', 'HRD1FH', '5ZLRWM');
INSERT INTO `matrix_filling` (`placement_id`, `downline_id`, `level`, `matrix`) VALUES ('JPDLRK', 'HRD1FH', 10, 1);
UPDATE `bv_updation` SET right_carry = right_carry+50, total_right = total_right+50
WHERE `user_id` = 'JPDLRK';
INSERT INTO `placement_bv_update_history` (`right_carry`, `date`, `from_id`, `user_id`) VALUES ('50', '2024-10-10 11:29:52', 'HRD1FH', 'JPDLRK');
INSERT INTO `matrix_filling` (`placement_id`, `downline_id`, `level`, `matrix`) VALUES ('FGURJ3', 'HRD1FH', 11, 1);
UPDATE `bv_updation` SET right_carry = right_carry+50, total_right = total_right+50
WHERE `user_id` = 'FGURJ3';
INSERT INTO `placement_bv_update_history` (`right_carry`, `date`, `from_id`, `user_id`) VALUES ('50', '2024-10-10 11:29:52', 'HRD1FH', 'FGURJ3');
INSERT INTO `matrix_filling` (`placement_id`, `downline_id`, `level`, `matrix`) VALUES ('L2ZCMP', 'HRD1FH', 12, 1);
UPDATE `bv_updation` SET right_carry = right_carry+50, total_right = total_right+50
WHERE `user_id` = 'L2ZCMP';
INSERT INTO `placement_bv_update_history` (`right_carry`, `date`, `from_id`, `user_id`) VALUES ('50', '2024-10-10 11:29:52', 'HRD1FH', 'L2ZCMP');
INSERT INTO `matrix_filling` (`placement_id`, `downline_id`, `level`, `matrix`) VALUES ('XOJI6Y', 'HRD1FH', 13, 1);
UPDATE `bv_updation` SET right_carry = right_carry+50, total_right = total_right+50
WHERE `user_id` = 'XOJI6Y';
INSERT INTO `placement_bv_update_history` (`right_carry`, `date`, `from_id`, `user_id`) VALUES ('50', '2024-10-10 11:29:52', 'HRD1FH', 'XOJI6Y');
INSERT INTO `matrix_filling` (`placement_id`, `downline_id`, `level`, `matrix`) VALUES ('Z6E2C9', 'HRD1FH', 14, 1);
UPDATE `bv_updation` SET right_carry = right_carry+50, total_right = total_right+50
WHERE `user_id` = 'Z6E2C9';
INSERT INTO `placement_bv_update_history` (`right_carry`, `date`, `from_id`, `user_id`) VALUES ('50', '2024-10-10 11:29:52', 'HRD1FH', 'Z6E2C9');
INSERT INTO `matrix_filling` (`placement_id`, `downline_id`, `level`, `matrix`) VALUES ('VT4PXI', 'HRD1FH', 15, 1);
UPDATE `bv_updation` SET right_carry = right_carry+50, total_right = total_right+50
WHERE `user_id` = 'VT4PXI';
INSERT INTO `placement_bv_update_history` (`right_carry`, `date`, `from_id`, `user_id`) VALUES ('50', '2024-10-10 11:29:52', 'HRD1FH', 'VT4PXI');
INSERT INTO `matrix_filling` (`placement_id`, `downline_id`, `level`, `matrix`) VALUES ('QKHYPY', 'HRD1FH', 16, 1);
UPDATE `bv_updation` SET right_carry = right_carry+50, total_right = total_right+50
WHERE `user_id` = 'QKHYPY';
INSERT INTO `placement_bv_update_history` (`right_carry`, `date`, `from_id`, `user_id`) VALUES ('50', '2024-10-10 11:29:52', 'HRD1FH', 'QKHYPY');
INSERT INTO `matrix_filling` (`placement_id`, `downline_id`, `level`, `matrix`) VALUES ('LN7PEK', 'HRD1FH', 17, 1);
UPDATE `bv_updation` SET right_carry = right_carry+50, total_right = total_right+50
WHERE `user_id` = 'LN7PEK';
INSERT INTO `placement_bv_update_history` (`right_carry`, `date`, `from_id`, `user_id`) VALUES ('50', '2024-10-10 11:29:52', 'HRD1FH', 'LN7PEK');
INSERT INTO `matrix_filling` (`placement_id`, `downline_id`, `level`, `matrix`) VALUES ('LYDDQ5', 'HRD1FH', 18, 1);
UPDATE `bv_updation` SET right_carry = right_carry+50, total_right = total_right+50
WHERE `user_id` = 'LYDDQ5';
INSERT INTO `placement_bv_update_history` (`right_carry`, `date`, `from_id`, `user_id`) VALUES ('50', '2024-10-10 11:29:52', 'HRD1FH', 'LYDDQ5');
INSERT INTO `matrix_filling` (`placement_id`, `downline_id`, `level`, `matrix`) VALUES ('6UO8TB', 'HRD1FH', 19, 1);
UPDATE `bv_updation` SET right_carry = right_carry+50, total_right = total_right+50
WHERE `user_id` = '6UO8TB';
INSERT INTO `placement_bv_update_history` (`right_carry`, `date`, `from_id`, `user_id`) VALUES ('50', '2024-10-10 11:29:52', 'HRD1FH', '6UO8TB');
INSERT INTO `matrix_filling` (`placement_id`, `downline_id`, `level`, `matrix`) VALUES ('GPRO3Q', 'HRD1FH', 20, 1);
UPDATE `bv_updation` SET right_carry = right_carry+50, total_right = total_right+50
WHERE `user_id` = 'GPRO3Q';
INSERT INTO `placement_bv_update_history` (`right_carry`, `date`, `from_id`, `user_id`) VALUES ('50', '2024-10-10 11:29:52', 'HRD1FH', 'GPRO3Q');
INSERT INTO `matrix_filling` (`placement_id`, `downline_id`, `level`, `matrix`) VALUES ('MBPRQB', 'HRD1FH', 21, 1);
UPDATE `bv_updation` SET right_carry = right_carry+50, total_right = total_right+50
WHERE `user_id` = 'MBPRQB';
INSERT INTO `placement_bv_update_history` (`right_carry`, `date`, `from_id`, `user_id`) VALUES ('50', '2024-10-10 11:29:52', 'HRD1FH', 'MBPRQB');
INSERT INTO `matrix_filling` (`placement_id`, `downline_id`, `level`, `matrix`) VALUES ('X1RH6U', 'HRD1FH', 22, 1);
UPDATE `bv_updation` SET right_carry = right_carry+50, total_right = total_right+50
WHERE `user_id` = 'X1RH6U';
INSERT INTO `placement_bv_update_history` (`right_carry`, `date`, `from_id`, `user_id`) VALUES ('50', '2024-10-10 11:29:52', 'HRD1FH', 'X1RH6U');
INSERT INTO `matrix_filling` (`placement_id`, `downline_id`, `level`, `matrix`) VALUES ('HHALCM', 'HRD1FH', 23, 1);
UPDATE `bv_updation` SET right_carry = right_carry+50, total_right = total_right+50
WHERE `user_id` = 'HHALCM';
INSERT INTO `placement_bv_update_history` (`right_carry`, `date`, `from_id`, `user_id`) VALUES ('50', '2024-10-10 11:29:52', 'HRD1FH', 'HHALCM');
INSERT INTO `matrix_filling` (`placement_id`, `downline_id`, `level`, `matrix`) VALUES ('7WQBA7', 'HRD1FH', 24, 1);
UPDATE `bv_updation` SET right_carry = right_carry+50, total_right = total_right+50
WHERE `user_id` = '7WQBA7';
INSERT INTO `placement_bv_update_history` (`right_carry`, `date`, `from_id`, `user_id`) VALUES ('50', '2024-10-10 11:29:52', 'HRD1FH', '7WQBA7');
INSERT INTO `matrix_filling` (`placement_id`, `downline_id`, `level`, `matrix`) VALUES ('QPNZO1', 'HRD1FH', 25, 1);
UPDATE `bv_updation` SET right_carry = right_carry+50, total_right = total_right+50
WHERE `user_id` = 'QPNZO1';
INSERT INTO `placement_bv_update_history` (`right_carry`, `date`, `from_id`, `user_id`) VALUES ('50', '2024-10-10 11:29:52', 'HRD1FH', 'QPNZO1');
INSERT INTO `matrix_filling` (`placement_id`, `downline_id`, `level`, `matrix`) VALUES ('KCF78M', 'HRD1FH', 26, 1);
UPDATE `bv_updation` SET right_carry = right_carry+50, total_right = total_right+50
WHERE `user_id` = 'KCF78M';
INSERT INTO `placement_bv_update_history` (`right_carry`, `date`, `from_id`, `user_id`) VALUES ('50', '2024-10-10 11:29:52', 'HRD1FH', 'KCF78M');
INSERT INTO `matrix_filling` (`placement_id`, `downline_id`, `level`, `matrix`) VALUES ('7RY1ZP', 'HRD1FH', 27, 1);
UPDATE `bv_updation` SET right_carry = right_carry+50, total_right = total_right+50
WHERE `user_id` = '7RY1ZP';
INSERT INTO `placement_bv_update_history` (`right_carry`, `date`, `from_id`, `user_id`) VALUES ('50', '2024-10-10 11:29:52', 'HRD1FH', '7RY1ZP');
INSERT INTO `matrix_filling` (`placement_id`, `downline_id`, `level`, `matrix`) VALUES ('ADZTOG', 'HRD1FH', 28, 1);
UPDATE `bv_updation` SET right_carry = right_carry+50, total_right = total_right+50
WHERE `user_id` = 'ADZTOG';
INSERT INTO `placement_bv_update_history` (`right_carry`, `date`, `from_id`, `user_id`) VALUES ('50', '2024-10-10 11:29:52', 'HRD1FH', 'ADZTOG');
INSERT INTO `matrix_filling` (`placement_id`, `downline_id`, `level`, `matrix`) VALUES ('A9858P', 'HRD1FH', 29, 1);
UPDATE `bv_updation` SET right_carry = right_carry+50, total_right = total_right+50
WHERE `user_id` = 'A9858P';
INSERT INTO `placement_bv_update_history` (`right_carry`, `date`, `from_id`, `user_id`) VALUES ('50', '2024-10-10 11:29:52', 'HRD1FH', 'A9858P');
INSERT INTO `matrix_filling` (`placement_id`, `downline_id`, `level`, `matrix`) VALUES ('admin', 'HRD1FH', 30, 1);
UPDATE `bv_updation` SET right_carry = right_carry+50, total_right = total_right+50
WHERE `user_id` = 'admin';
INSERT INTO `placement_bv_update_history` (`right_carry`, `date`, `from_id`, `user_id`) VALUES ('50', '2024-10-10 11:29:52', 'HRD1FH', 'admin');
INSERT INTO `package_purchase_history` (`user_id`, `package_id`, `reg_fee`, `package_name`, `monthly_fee`, `type`, `date`, `payment_option`) VALUES ('HRD1FH', '2', '595', 'Traveler Pro', '150', 'sign_up', '2024-10-10 11:29:52', 'free');
UPDATE `user_registration` SET `popup_seen` = 'yes'
WHERE `user_id` = 'HXPFM1';
UPDATE `user_registration` SET `popup_seen` = 'yes'
WHERE `user_id` = 'HXPFM1';
UPDATE `user_registration` SET `uid` = '3122', `user_id` = 'IGSR5A', `username` = 'david2', `sponsor_id` = 'HXPFM1', `vacant` = 'no', `f_name` = 'David', `l_name` = 'Mendez', `address` = '6520 Kendale Lakes Dr', `position` = 'left', `email` = 'david2@gmail.com', `password` = 'ea39692d11f96098d9bdf4a926d10325', `phone` = '3057610606', `country` = 'United States', `state` = 'Florida', `city` = 'Miami', `street` = '6520 Kendale Lakes Dr', `zip_code` = '33183', `reg_ip` = '108.162.212.53', `status` = 1, `package_id` = '2', `rank_id` = 1, `highest_rank` = 1, `cycle_rank_id` = 1, `created` = '2024-10-10 11:31:20', `subscription_date` = '2024-11-09', `google_secret` = 'VLEKLVLXW7RJPCJK'
WHERE `uid` = '3122';
INSERT INTO `user_registration` (`uid`, `user_id`, `username`, `sponsor_id`, `placement_id`, `vacant`, `f_name`, `l_name`, `address`, `position`, `email`, `password`, `phone`, `reg_ip`, `status`, `created`) VALUES (NULL, 'EUTOIA', 'zMPXwMbl', 'IGSR5A', 'IGSR5A', 'yes', '', '', '', 'left', '@mail.com', '', '', '', 0, '2024-10-10 11:31:20');
INSERT INTO `user_registration` (`uid`, `user_id`, `username`, `sponsor_id`, `placement_id`, `vacant`, `f_name`, `l_name`, `address`, `position`, `email`, `password`, `phone`, `reg_ip`, `status`, `created`) VALUES (NULL, 'AJSXAG', 'gIXYZyVZ', 'IGSR5A', 'IGSR5A', 'yes', '', '', '', 'right', '@mail.com', '', '', '', 0, '2024-10-10 11:31:20');
INSERT INTO `bv_updation` (`user_id`) VALUES ('IGSR5A');
UPDATE `user_registration` SET total_ref_count = total_ref_count+1
WHERE `user_id` = 'HXPFM1';
UPDATE `user_registration` SET total_downlines = total_downlines+1
WHERE `user_id` = 'HRD1FH';
UPDATE `user_registration` SET left_downlines = left_downlines+1
WHERE `user_id` = 'HRD1FH';
UPDATE `user_registration` SET total_downlines = total_downlines+1
WHERE `user_id` = 'HXPFM1';
UPDATE `user_registration` SET left_downlines = left_downlines+1
WHERE `user_id` = 'HXPFM1';
UPDATE `user_registration` SET left_ref_count = left_ref_count+1
WHERE `user_id` = 'HXPFM1';
UPDATE `user_registration` SET active_left = active_left+1
WHERE `user_id` = 'HXPFM1';
UPDATE `user_registration` SET total_downlines = total_downlines+1
WHERE `user_id` = 'SHIOTF';
UPDATE `user_registration` SET right_downlines = right_downlines+1
WHERE `user_id` = 'SHIOTF';
UPDATE `user_registration` SET total_downlines = total_downlines+1
WHERE `user_id` = '4YA81C';
UPDATE `user_registration` SET right_downlines = right_downlines+1
WHERE `user_id` = '4YA81C';
UPDATE `user_registration` SET total_downlines = total_downlines+1
WHERE `user_id` = 'G1CDHO';
UPDATE `user_registration` SET right_downlines = right_downlines+1
WHERE `user_id` = 'G1CDHO';
UPDATE `user_registration` SET total_downlines = total_downlines+1
WHERE `user_id` = '9NGWQG';
UPDATE `user_registration` SET right_downlines = right_downlines+1
WHERE `user_id` = '9NGWQG';
UPDATE `user_registration` SET total_downlines = total_downlines+1
WHERE `user_id` = 'R6J8K1';
UPDATE `user_registration` SET right_downlines = right_downlines+1
WHERE `user_id` = 'R6J8K1';
UPDATE `user_registration` SET total_downlines = total_downlines+1
WHERE `user_id` = 'G6ZQNS';
UPDATE `user_registration` SET right_downlines = right_downlines+1
WHERE `user_id` = 'G6ZQNS';
UPDATE `user_registration` SET total_downlines = total_downlines+1
WHERE `user_id` = 'M4FVZR';
UPDATE `user_registration` SET right_downlines = right_downlines+1
WHERE `user_id` = 'M4FVZR';
UPDATE `user_registration` SET total_downlines = total_downlines+1
WHERE `user_id` = '5ZLRWM';
UPDATE `user_registration` SET right_downlines = right_downlines+1
WHERE `user_id` = '5ZLRWM';
UPDATE `user_registration` SET total_downlines = total_downlines+1
WHERE `user_id` = 'JPDLRK';
UPDATE `user_registration` SET right_downlines = right_downlines+1
WHERE `user_id` = 'JPDLRK';
UPDATE `user_registration` SET total_downlines = total_downlines+1
WHERE `user_id` = 'FGURJ3';
UPDATE `user_registration` SET right_downlines = right_downlines+1
WHERE `user_id` = 'FGURJ3';
UPDATE `user_registration` SET total_downlines = total_downlines+1
WHERE `user_id` = 'L2ZCMP';
UPDATE `user_registration` SET right_downlines = right_downlines+1
WHERE `user_id` = 'L2ZCMP';
UPDATE `user_registration` SET total_downlines = total_downlines+1
WHERE `user_id` = 'XOJI6Y';
UPDATE `user_registration` SET right_downlines = right_downlines+1
WHERE `user_id` = 'XOJI6Y';
UPDATE `user_registration` SET total_downlines = total_downlines+1
WHERE `user_id` = 'Z6E2C9';
UPDATE `user_registration` SET right_downlines = right_downlines+1
WHERE `user_id` = 'Z6E2C9';
UPDATE `user_registration` SET total_downlines = total_downlines+1
WHERE `user_id` = 'VT4PXI';
UPDATE `user_registration` SET right_downlines = right_downlines+1
WHERE `user_id` = 'VT4PXI';
UPDATE `user_registration` SET total_downlines = total_downlines+1
WHERE `user_id` = 'QKHYPY';
UPDATE `user_registration` SET right_downlines = right_downlines+1
WHERE `user_id` = 'QKHYPY';
UPDATE `user_registration` SET total_downlines = total_downlines+1
WHERE `user_id` = 'LN7PEK';
UPDATE `user_registration` SET right_downlines = right_downlines+1
WHERE `user_id` = 'LN7PEK';
UPDATE `user_registration` SET total_downlines = total_downlines+1
WHERE `user_id` = 'LYDDQ5';
UPDATE `user_registration` SET right_downlines = right_downlines+1
WHERE `user_id` = 'LYDDQ5';
UPDATE `user_registration` SET total_downlines = total_downlines+1
WHERE `user_id` = '6UO8TB';
UPDATE `user_registration` SET right_downlines = right_downlines+1
WHERE `user_id` = '6UO8TB';
UPDATE `user_registration` SET total_downlines = total_downlines+1
WHERE `user_id` = 'GPRO3Q';
UPDATE `user_registration` SET right_downlines = right_downlines+1
WHERE `user_id` = 'GPRO3Q';
UPDATE `user_registration` SET total_downlines = total_downlines+1
WHERE `user_id` = 'MBPRQB';
UPDATE `user_registration` SET right_downlines = right_downlines+1
WHERE `user_id` = 'MBPRQB';
UPDATE `user_registration` SET total_downlines = total_downlines+1
WHERE `user_id` = 'X1RH6U';
UPDATE `user_registration` SET right_downlines = right_downlines+1
WHERE `user_id` = 'X1RH6U';
UPDATE `user_registration` SET total_downlines = total_downlines+1
WHERE `user_id` = 'HHALCM';
UPDATE `user_registration` SET right_downlines = right_downlines+1
WHERE `user_id` = 'HHALCM';
UPDATE `user_registration` SET total_downlines = total_downlines+1
WHERE `user_id` = '7WQBA7';
UPDATE `user_registration` SET right_downlines = right_downlines+1
WHERE `user_id` = '7WQBA7';
UPDATE `user_registration` SET total_downlines = total_downlines+1
WHERE `user_id` = 'QPNZO1';
UPDATE `user_registration` SET right_downlines = right_downlines+1
WHERE `user_id` = 'QPNZO1';
UPDATE `user_registration` SET total_downlines = total_downlines+1
WHERE `user_id` = 'KCF78M';
UPDATE `user_registration` SET right_downlines = right_downlines+1
WHERE `user_id` = 'KCF78M';
UPDATE `user_registration` SET total_downlines = total_downlines+1
WHERE `user_id` = '7RY1ZP';
UPDATE `user_registration` SET right_downlines = right_downlines+1
WHERE `user_id` = '7RY1ZP';
UPDATE `user_registration` SET total_downlines = total_downlines+1
WHERE `user_id` = 'ADZTOG';
UPDATE `user_registration` SET right_downlines = right_downlines+1
WHERE `user_id` = 'ADZTOG';
UPDATE `user_registration` SET total_downlines = total_downlines+1
WHERE `user_id` = 'A9858P';
UPDATE `user_registration` SET right_downlines = right_downlines+1
WHERE `user_id` = 'A9858P';
UPDATE `user_registration` SET total_downlines = total_downlines+1
WHERE `user_id` = 'admin';
UPDATE `user_registration` SET right_downlines = right_downlines+1
WHERE `user_id` = 'admin';
INSERT INTO `investment` (`invest_date`, `user_id`, `type`, `amount`, `package_id`) VALUES ('2024-10-10 11:31:21', 'IGSR5A', 'register', '595', '2');
INSERT INTO `earnings` (`user_id`, `Purchaser_id`, `earning_type`, `package_id`, `amount`, `date`, `comments`, `invest_amount`, `comm_perc`, `level`, `rank_id`, `order_id`) VALUES ('HXPFM1', 'IGSR5A', 'Direct Referral Bonus', '2', '100', '2024-10-10 11:31:21', 'Direct Referral Bonus', 0, 0, 1, '', 1054);
UPDATE `user_registration` SET commission_balance = ROUND(commission_balance + 100,2)
WHERE `user_id` = 'HXPFM1';
UPDATE `user_registration` SET referral_bonus = ROUND(referral_bonus + 100,2)
WHERE `user_id` = 'HXPFM1';
INSERT INTO `earnings` (`user_id`, `Purchaser_id`, `earning_type`, `package_id`, `amount`, `date`, `comments`, `invest_amount`, `comm_perc`, `level`, `rank_id`, `order_id`) VALUES ('A9858P', 'IGSR5A', 'Expansion Bonus', '2', 280, '2024-10-10 11:31:21', 'Expansion Bonus', '100', 0, 1, '', 1054);
UPDATE `user_registration` SET commission_balance = ROUND(commission_balance + 280,2)
WHERE `user_id` = 'A9858P';
UPDATE `user_registration` SET expansion_bonus = ROUND(expansion_bonus + 280,2)
WHERE `user_id` = 'A9858P';
UPDATE `user_registration` SET total_points = ROUND(total_points + 50,2)
WHERE `user_id` = 'IGSR5A';
INSERT INTO `points_history` (`user_id`, `points`, `type`, `date`) VALUES ('IGSR5A', '50', 'register', '2024-10-10 11:31:');
INSERT INTO `matrix_filling` (`placement_id`, `downline_id`, `level`, `matrix`) VALUES ('HRD1FH', 'IGSR5A', 1, 1);
UPDATE `bv_updation` SET left_carry = left_carry+50, total_left = total_left+50
WHERE `user_id` = 'HRD1FH';
INSERT INTO `placement_bv_update_history` (`left_carry`, `date`, `from_id`, `user_id`) VALUES ('50', '2024-10-10 11:31:21', 'IGSR5A', 'HRD1FH');
INSERT INTO `matrix_filling` (`placement_id`, `downline_id`, `level`, `matrix`) VALUES ('HXPFM1', 'IGSR5A', 2, 1);
UPDATE `bv_updation` SET left_carry = left_carry+50, total_left = total_left+50
WHERE `user_id` = 'HXPFM1';
INSERT INTO `placement_bv_update_history` (`left_carry`, `date`, `from_id`, `user_id`) VALUES ('50', '2024-10-10 11:31:21', 'IGSR5A', 'HXPFM1');
UPDATE `bv_updation` SET sponsor_left_carry = sponsor_left_carry+50, sponsor_total_left = sponsor_total_left+50
WHERE `user_id` = 'HXPFM1';
INSERT INTO `sponsor_bv_update_history` (`left_carry`, `date`, `user_id`) VALUES ('50', '2024-10-10 11:31:21', 'HXPFM1');
INSERT INTO `matrix_filling` (`placement_id`, `downline_id`, `level`, `matrix`) VALUES ('SHIOTF', 'IGSR5A', 3, 1);
UPDATE `bv_updation` SET right_carry = right_carry+50, total_right = total_right+50
WHERE `user_id` = 'SHIOTF';
INSERT INTO `placement_bv_update_history` (`right_carry`, `date`, `from_id`, `user_id`) VALUES ('50', '2024-10-10 11:31:21', 'IGSR5A', 'SHIOTF');
INSERT INTO `matrix_filling` (`placement_id`, `downline_id`, `level`, `matrix`) VALUES ('4YA81C', 'IGSR5A', 4, 1);
UPDATE `bv_updation` SET right_carry = right_carry+50, total_right = total_right+50
WHERE `user_id` = '4YA81C';
INSERT INTO `placement_bv_update_history` (`right_carry`, `date`, `from_id`, `user_id`) VALUES ('50', '2024-10-10 11:31:21', 'IGSR5A', '4YA81C');
INSERT INTO `matrix_filling` (`placement_id`, `downline_id`, `level`, `matrix`) VALUES ('G1CDHO', 'IGSR5A', 5, 1);
UPDATE `bv_updation` SET right_carry = right_carry+50, total_right = total_right+50
WHERE `user_id` = 'G1CDHO';
INSERT INTO `placement_bv_update_history` (`right_carry`, `date`, `from_id`, `user_id`) VALUES ('50', '2024-10-10 11:31:21', 'IGSR5A', 'G1CDHO');
INSERT INTO `matrix_filling` (`placement_id`, `downline_id`, `level`, `matrix`) VALUES ('9NGWQG', 'IGSR5A', 6, 1);
UPDATE `bv_updation` SET right_carry = right_carry+50, total_right = total_right+50
WHERE `user_id` = '9NGWQG';
INSERT INTO `placement_bv_update_history` (`right_carry`, `date`, `from_id`, `user_id`) VALUES ('50', '2024-10-10 11:31:21', 'IGSR5A', '9NGWQG');
INSERT INTO `matrix_filling` (`placement_id`, `downline_id`, `level`, `matrix`) VALUES ('R6J8K1', 'IGSR5A', 7, 1);
UPDATE `bv_updation` SET right_carry = right_carry+50, total_right = total_right+50
WHERE `user_id` = 'R6J8K1';
INSERT INTO `placement_bv_update_history` (`right_carry`, `date`, `from_id`, `user_id`) VALUES ('50', '2024-10-10 11:31:21', 'IGSR5A', 'R6J8K1');
INSERT INTO `matrix_filling` (`placement_id`, `downline_id`, `level`, `matrix`) VALUES ('G6ZQNS', 'IGSR5A', 8, 1);
UPDATE `bv_updation` SET right_carry = right_carry+50, total_right = total_right+50
WHERE `user_id` = 'G6ZQNS';
INSERT INTO `placement_bv_update_history` (`right_carry`, `date`, `from_id`, `user_id`) VALUES ('50', '2024-10-10 11:31:21', 'IGSR5A', 'G6ZQNS');
INSERT INTO `matrix_filling` (`placement_id`, `downline_id`, `level`, `matrix`) VALUES ('M4FVZR', 'IGSR5A', 9, 1);
UPDATE `bv_updation` SET right_carry = right_carry+50, total_right = total_right+50
WHERE `user_id` = 'M4FVZR';
INSERT INTO `placement_bv_update_history` (`right_carry`, `date`, `from_id`, `user_id`) VALUES ('50', '2024-10-10 11:31:21', 'IGSR5A', 'M4FVZR');
INSERT INTO `matrix_filling` (`placement_id`, `downline_id`, `level`, `matrix`) VALUES ('5ZLRWM', 'IGSR5A', 10, 1);
UPDATE `bv_updation` SET right_carry = right_carry+50, total_right = total_right+50
WHERE `user_id` = '5ZLRWM';
INSERT INTO `placement_bv_update_history` (`right_carry`, `date`, `from_id`, `user_id`) VALUES ('50', '2024-10-10 11:31:21', 'IGSR5A', '5ZLRWM');
INSERT INTO `matrix_filling` (`placement_id`, `downline_id`, `level`, `matrix`) VALUES ('JPDLRK', 'IGSR5A', 11, 1);
UPDATE `bv_updation` SET right_carry = right_carry+50, total_right = total_right+50
WHERE `user_id` = 'JPDLRK';
INSERT INTO `placement_bv_update_history` (`right_carry`, `date`, `from_id`, `user_id`) VALUES ('50', '2024-10-10 11:31:21', 'IGSR5A', 'JPDLRK');
INSERT INTO `matrix_filling` (`placement_id`, `downline_id`, `level`, `matrix`) VALUES ('FGURJ3', 'IGSR5A', 12, 1);
UPDATE `bv_updation` SET right_carry = right_carry+50, total_right = total_right+50
WHERE `user_id` = 'FGURJ3';
INSERT INTO `placement_bv_update_history` (`right_carry`, `date`, `from_id`, `user_id`) VALUES ('50', '2024-10-10 11:31:21', 'IGSR5A', 'FGURJ3');
INSERT INTO `matrix_filling` (`placement_id`, `downline_id`, `level`, `matrix`) VALUES ('L2ZCMP', 'IGSR5A', 13, 1);
UPDATE `bv_updation` SET right_carry = right_carry+50, total_right = total_right+50
WHERE `user_id` = 'L2ZCMP';
INSERT INTO `placement_bv_update_history` (`right_carry`, `date`, `from_id`, `user_id`) VALUES ('50', '2024-10-10 11:31:21', 'IGSR5A', 'L2ZCMP');
INSERT INTO `matrix_filling` (`placement_id`, `downline_id`, `level`, `matrix`) VALUES ('XOJI6Y', 'IGSR5A', 14, 1);
UPDATE `bv_updation` SET right_carry = right_carry+50, total_right = total_right+50
WHERE `user_id` = 'XOJI6Y';
INSERT INTO `placement_bv_update_history` (`right_carry`, `date`, `from_id`, `user_id`) VALUES ('50', '2024-10-10 11:31:21', 'IGSR5A', 'XOJI6Y');
INSERT INTO `matrix_filling` (`placement_id`, `downline_id`, `level`, `matrix`) VALUES ('Z6E2C9', 'IGSR5A', 15, 1);
UPDATE `bv_updation` SET right_carry = right_carry+50, total_right = total_right+50
WHERE `user_id` = 'Z6E2C9';
INSERT INTO `placement_bv_update_history` (`right_carry`, `date`, `from_id`, `user_id`) VALUES ('50', '2024-10-10 11:31:21', 'IGSR5A', 'Z6E2C9');
INSERT INTO `matrix_filling` (`placement_id`, `downline_id`, `level`, `matrix`) VALUES ('VT4PXI', 'IGSR5A', 16, 1);
UPDATE `bv_updation` SET right_carry = right_carry+50, total_right = total_right+50
WHERE `user_id` = 'VT4PXI';
INSERT INTO `placement_bv_update_history` (`right_carry`, `date`, `from_id`, `user_id`) VALUES ('50', '2024-10-10 11:31:21', 'IGSR5A', 'VT4PXI');
INSERT INTO `matrix_filling` (`placement_id`, `downline_id`, `level`, `matrix`) VALUES ('QKHYPY', 'IGSR5A', 17, 1);
UPDATE `bv_updation` SET right_carry = right_carry+50, total_right = total_right+50
WHERE `user_id` = 'QKHYPY';
INSERT INTO `placement_bv_update_history` (`right_carry`, `date`, `from_id`, `user_id`) VALUES ('50', '2024-10-10 11:31:21', 'IGSR5A', 'QKHYPY');
INSERT INTO `matrix_filling` (`placement_id`, `downline_id`, `level`, `matrix`) VALUES ('LN7PEK', 'IGSR5A', 18, 1);
UPDATE `bv_updation` SET right_carry = right_carry+50, total_right = total_right+50
WHERE `user_id` = 'LN7PEK';
INSERT INTO `placement_bv_update_history` (`right_carry`, `date`, `from_id`, `user_id`) VALUES ('50', '2024-10-10 11:31:21', 'IGSR5A', 'LN7PEK');
INSERT INTO `matrix_filling` (`placement_id`, `downline_id`, `level`, `matrix`) VALUES ('LYDDQ5', 'IGSR5A', 19, 1);
UPDATE `bv_updation` SET right_carry = right_carry+50, total_right = total_right+50
WHERE `user_id` = 'LYDDQ5';
INSERT INTO `placement_bv_update_history` (`right_carry`, `date`, `from_id`, `user_id`) VALUES ('50', '2024-10-10 11:31:21', 'IGSR5A', 'LYDDQ5');
INSERT INTO `matrix_filling` (`placement_id`, `downline_id`, `level`, `matrix`) VALUES ('6UO8TB', 'IGSR5A', 20, 1);
UPDATE `bv_updation` SET right_carry = right_carry+50, total_right = total_right+50
WHERE `user_id` = '6UO8TB';
INSERT INTO `placement_bv_update_history` (`right_carry`, `date`, `from_id`, `user_id`) VALUES ('50', '2024-10-10 11:31:21', 'IGSR5A', '6UO8TB');
INSERT INTO `matrix_filling` (`placement_id`, `downline_id`, `level`, `matrix`) VALUES ('GPRO3Q', 'IGSR5A', 21, 1);
UPDATE `bv_updation` SET right_carry = right_carry+50, total_right = total_right+50
WHERE `user_id` = 'GPRO3Q';
INSERT INTO `placement_bv_update_history` (`right_carry`, `date`, `from_id`, `user_id`) VALUES ('50', '2024-10-10 11:31:21', 'IGSR5A', 'GPRO3Q');
INSERT INTO `matrix_filling` (`placement_id`, `downline_id`, `level`, `matrix`) VALUES ('MBPRQB', 'IGSR5A', 22, 1);
UPDATE `bv_updation` SET right_carry = right_carry+50, total_right = total_right+50
WHERE `user_id` = 'MBPRQB';
INSERT INTO `placement_bv_update_history` (`right_carry`, `date`, `from_id`, `user_id`) VALUES ('50', '2024-10-10 11:31:21', 'IGSR5A', 'MBPRQB');
INSERT INTO `matrix_filling` (`placement_id`, `downline_id`, `level`, `matrix`) VALUES ('X1RH6U', 'IGSR5A', 23, 1);
UPDATE `bv_updation` SET right_carry = right_carry+50, total_right = total_right+50
WHERE `user_id` = 'X1RH6U';
INSERT INTO `placement_bv_update_history` (`right_carry`, `date`, `from_id`, `user_id`) VALUES ('50', '2024-10-10 11:31:21', 'IGSR5A', 'X1RH6U');
INSERT INTO `matrix_filling` (`placement_id`, `downline_id`, `level`, `matrix`) VALUES ('HHALCM', 'IGSR5A', 24, 1);
UPDATE `bv_updation` SET right_carry = right_carry+50, total_right = total_right+50
WHERE `user_id` = 'HHALCM';
INSERT INTO `placement_bv_update_history` (`right_carry`, `date`, `from_id`, `user_id`) VALUES ('50', '2024-10-10 11:31:21', 'IGSR5A', 'HHALCM');
INSERT INTO `matrix_filling` (`placement_id`, `downline_id`, `level`, `matrix`) VALUES ('7WQBA7', 'IGSR5A', 25, 1);
UPDATE `bv_updation` SET right_carry = right_carry+50, total_right = total_right+50
WHERE `user_id` = '7WQBA7';
INSERT INTO `placement_bv_update_history` (`right_carry`, `date`, `from_id`, `user_id`) VALUES ('50', '2024-10-10 11:31:21', 'IGSR5A', '7WQBA7');
INSERT INTO `matrix_filling` (`placement_id`, `downline_id`, `level`, `matrix`) VALUES ('QPNZO1', 'IGSR5A', 26, 1);
UPDATE `bv_updation` SET right_carry = right_carry+50, total_right = total_right+50
WHERE `user_id` = 'QPNZO1';
INSERT INTO `placement_bv_update_history` (`right_carry`, `date`, `from_id`, `user_id`) VALUES ('50', '2024-10-10 11:31:21', 'IGSR5A', 'QPNZO1');
INSERT INTO `matrix_filling` (`placement_id`, `downline_id`, `level`, `matrix`) VALUES ('KCF78M', 'IGSR5A', 27, 1);
UPDATE `bv_updation` SET right_carry = right_carry+50, total_right = total_right+50
WHERE `user_id` = 'KCF78M';
INSERT INTO `placement_bv_update_history` (`right_carry`, `date`, `from_id`, `user_id`) VALUES ('50', '2024-10-10 11:31:21', 'IGSR5A', 'KCF78M');
INSERT INTO `matrix_filling` (`placement_id`, `downline_id`, `level`, `matrix`) VALUES ('7RY1ZP', 'IGSR5A', 28, 1);
UPDATE `bv_updation` SET right_carry = right_carry+50, total_right = total_right+50
WHERE `user_id` = '7RY1ZP';
INSERT INTO `placement_bv_update_history` (`right_carry`, `date`, `from_id`, `user_id`) VALUES ('50', '2024-10-10 11:31:21', 'IGSR5A', '7RY1ZP');
INSERT INTO `matrix_filling` (`placement_id`, `downline_id`, `level`, `matrix`) VALUES ('ADZTOG', 'IGSR5A', 29, 1);
UPDATE `bv_updation` SET right_carry = right_carry+50, total_right = total_right+50
WHERE `user_id` = 'ADZTOG';
INSERT INTO `placement_bv_update_history` (`right_carry`, `date`, `from_id`, `user_id`) VALUES ('50', '2024-10-10 11:31:21', 'IGSR5A', 'ADZTOG');
INSERT INTO `matrix_filling` (`placement_id`, `downline_id`, `level`, `matrix`) VALUES ('A9858P', 'IGSR5A', 30, 1);
UPDATE `bv_updation` SET right_carry = right_carry+50, total_right = total_right+50
WHERE `user_id` = 'A9858P';
INSERT INTO `placement_bv_update_history` (`right_carry`, `date`, `from_id`, `user_id`) VALUES ('50', '2024-10-10 11:31:21', 'IGSR5A', 'A9858P');
INSERT INTO `matrix_filling` (`placement_id`, `downline_id`, `level`, `matrix`) VALUES ('admin', 'IGSR5A', 31, 1);
UPDATE `bv_updation` SET right_carry = right_carry+50, total_right = total_right+50
WHERE `user_id` = 'admin';
INSERT INTO `placement_bv_update_history` (`right_carry`, `date`, `from_id`, `user_id`) VALUES ('50', '2024-10-10 11:31:21', 'IGSR5A', 'admin');
INSERT INTO `package_purchase_history` (`user_id`, `package_id`, `reg_fee`, `package_name`, `monthly_fee`, `type`, `date`, `payment_option`) VALUES ('IGSR5A', '2', '595', 'Traveler Pro', '150', 'sign_up', '2024-10-10 11:31:21', 'free');
UPDATE `user_registration` SET `popup_seen` = 'no'
WHERE `user_id` = 'A9858P';
DELETE FROM `ci_sessions`
WHERE `id` = '41264c62ddf118864a1edb8e229a0731e19612ab';
INSERT INTO `login_history` (`user_id`, `device`, `ip_address`, `date`) VALUES ('6DEXJW', 'Mozilla/5.0 (Windows NT 10.0; Win64; x64) AppleWebKit/537.36 (KHTML, like Gecko) Chrome/129.0.0.0 Safari/537.36', '172.70.83.2', '24-10-10 11:31');
UPDATE `user_registration` SET `popup_seen` = 'yes'
WHERE `user_id` = '6DEXJW';
UPDATE `user_registration` SET `popup_seen` = 'yes'
WHERE `user_id` = 'HXPFM1';
UPDATE `user_registration` SET `popup_seen` = 'yes'
WHERE `user_id` = '6DEXJW';
UPDATE `ci_sessions` SET `timestamp` = 1728578000, `data` = '__ci_last_regenerate|i:1728578000;id|s:4:\"2381\";user_id|s:6:\"HXPFM1\";username|s:5:\"rudy1\";sponsor_id|s:6:\"A9858P\";fullname|s:16:\"Rodolfo Espinoza\";email|s:15:\"rudy1@gmail.com\";phone|s:10:\"7862876762\";isLogIn|b:1;'
WHERE `id` = '98baf67e6954a20aacce3dbe48101d2008f55049';
UPDATE `user_registration` SET `popup_seen` = 'yes'
WHERE `user_id` = 'HXPFM1';
UPDATE `user_registration` SET `popup_seen` = 'no'
WHERE `user_id` = '6DEXJW';
DELETE FROM `ci_sessions`
WHERE `id` = '52485321f262315d5e88d7d43e0ce2f9efd2613a';
INSERT INTO `login_history` (`user_id`, `device`, `ip_address`, `date`) VALUES ('A9858P', 'Mozilla/5.0 (Windows NT 10.0; Win64; x64) AppleWebKit/537.36 (KHTML, like Gecko) Chrome/129.0.0.0 Safari/537.36', '172.70.83.106', '24-10-10 11:33');
UPDATE `user_registration` SET `popup_seen` = 'yes'
WHERE `user_id` = 'A9858P';
UPDATE `user_registration` SET `uid` = '3124', `user_id` = 'JNCDB4', `username` = 'raquel2', `sponsor_id` = 'HXPFM1', `vacant` = 'no', `f_name` = 'Raquel', `l_name` = 'Revuelta', `address` = '6520 Kendale Lakes Dr', `position` = 'left', `email` = 'raquel2@gmail.com', `password` = '3c61fcc3acdda18081a66dcc7d773af5', `phone` = '3057610606', `country` = 'United States', `state` = 'Florida', `city` = 'Miami', `street` = '6520 Kendale Lakes Dr', `zip_code` = '33183', `reg_ip` = '108.162.212.54', `status` = 1, `package_id` = '2', `rank_id` = 1, `highest_rank` = 1, `cycle_rank_id` = 1, `created` = '2024-10-10 11:34:45', `subscription_date` = '2024-11-09', `google_secret` = 'QMETKNCV6J6LLDLX'
WHERE `uid` = '3124';
INSERT INTO `user_registration` (`uid`, `user_id`, `username`, `sponsor_id`, `placement_id`, `vacant`, `f_name`, `l_name`, `address`, `position`, `email`, `password`, `phone`, `reg_ip`, `status`, `created`) VALUES (NULL, 'FFYKJR', 'HXggmQKL', 'JNCDB4', 'JNCDB4', 'yes', '', '', '', 'left', '@mail.com', '', '', '', 0, '2024-10-10 11:34:45');
INSERT INTO `user_registration` (`uid`, `user_id`, `username`, `sponsor_id`, `placement_id`, `vacant`, `f_name`, `l_name`, `address`, `position`, `email`, `password`, `phone`, `reg_ip`, `status`, `created`) VALUES (NULL, 'NLOEFY', 'xJtUFGPw', 'JNCDB4', 'JNCDB4', 'yes', '', '', '', 'right', '@mail.com', '', '', '', 0, '2024-10-10 11:34:45');
INSERT INTO `bv_updation` (`user_id`) VALUES ('JNCDB4');
UPDATE `user_registration` SET total_ref_count = total_ref_count+1
WHERE `user_id` = 'HXPFM1';
UPDATE `user_registration` SET total_downlines = total_downlines+1
WHERE `user_id` = 'IGSR5A';
UPDATE `user_registration` SET left_downlines = left_downlines+1
WHERE `user_id` = 'IGSR5A';
UPDATE `user_registration` SET total_downlines = total_downlines+1
WHERE `user_id` = 'HRD1FH';
UPDATE `user_registration` SET left_downlines = left_downlines+1
WHERE `user_id` = 'HRD1FH';
UPDATE `user_registration` SET total_downlines = total_downlines+1
WHERE `user_id` = 'HXPFM1';
UPDATE `user_registration` SET left_downlines = left_downlines+1
WHERE `user_id` = 'HXPFM1';
UPDATE `user_registration` SET left_ref_count = left_ref_count+1
WHERE `user_id` = 'HXPFM1';
UPDATE `user_registration` SET active_left = active_left+1
WHERE `user_id` = 'HXPFM1';
UPDATE `user_registration` SET total_downlines = total_downlines+1
WHERE `user_id` = 'SHIOTF';
UPDATE `user_registration` SET right_downlines = right_downlines+1
WHERE `user_id` = 'SHIOTF';
UPDATE `user_registration` SET total_downlines = total_downlines+1
WHERE `user_id` = '4YA81C';
UPDATE `user_registration` SET right_downlines = right_downlines+1
WHERE `user_id` = '4YA81C';
UPDATE `user_registration` SET total_downlines = total_downlines+1
WHERE `user_id` = 'G1CDHO';
UPDATE `user_registration` SET right_downlines = right_downlines+1
WHERE `user_id` = 'G1CDHO';
UPDATE `user_registration` SET total_downlines = total_downlines+1
WHERE `user_id` = '9NGWQG';
UPDATE `user_registration` SET right_downlines = right_downlines+1
WHERE `user_id` = '9NGWQG';
UPDATE `user_registration` SET total_downlines = total_downlines+1
WHERE `user_id` = 'R6J8K1';
UPDATE `user_registration` SET right_downlines = right_downlines+1
WHERE `user_id` = 'R6J8K1';
UPDATE `user_registration` SET total_downlines = total_downlines+1
WHERE `user_id` = 'G6ZQNS';
UPDATE `user_registration` SET right_downlines = right_downlines+1
WHERE `user_id` = 'G6ZQNS';
UPDATE `user_registration` SET total_downlines = total_downlines+1
WHERE `user_id` = 'M4FVZR';
UPDATE `user_registration` SET right_downlines = right_downlines+1
WHERE `user_id` = 'M4FVZR';
UPDATE `user_registration` SET total_downlines = total_downlines+1
WHERE `user_id` = '5ZLRWM';
UPDATE `user_registration` SET right_downlines = right_downlines+1
WHERE `user_id` = '5ZLRWM';
UPDATE `user_registration` SET total_downlines = total_downlines+1
WHERE `user_id` = 'JPDLRK';
UPDATE `user_registration` SET right_downlines = right_downlines+1
WHERE `user_id` = 'JPDLRK';
UPDATE `user_registration` SET total_downlines = total_downlines+1
WHERE `user_id` = 'FGURJ3';
UPDATE `user_registration` SET right_downlines = right_downlines+1
WHERE `user_id` = 'FGURJ3';
UPDATE `user_registration` SET total_downlines = total_downlines+1
WHERE `user_id` = 'L2ZCMP';
UPDATE `user_registration` SET right_downlines = right_downlines+1
WHERE `user_id` = 'L2ZCMP';
UPDATE `user_registration` SET total_downlines = total_downlines+1
WHERE `user_id` = 'XOJI6Y';
UPDATE `user_registration` SET right_downlines = right_downlines+1
WHERE `user_id` = 'XOJI6Y';
UPDATE `user_registration` SET total_downlines = total_downlines+1
WHERE `user_id` = 'Z6E2C9';
UPDATE `user_registration` SET right_downlines = right_downlines+1
WHERE `user_id` = 'Z6E2C9';
UPDATE `user_registration` SET total_downlines = total_downlines+1
WHERE `user_id` = 'VT4PXI';
UPDATE `user_registration` SET right_downlines = right_downlines+1
WHERE `user_id` = 'VT4PXI';
UPDATE `user_registration` SET total_downlines = total_downlines+1
WHERE `user_id` = 'QKHYPY';
UPDATE `user_registration` SET right_downlines = right_downlines+1
WHERE `user_id` = 'QKHYPY';
UPDATE `user_registration` SET total_downlines = total_downlines+1
WHERE `user_id` = 'LN7PEK';
UPDATE `user_registration` SET right_downlines = right_downlines+1
WHERE `user_id` = 'LN7PEK';
UPDATE `user_registration` SET total_downlines = total_downlines+1
WHERE `user_id` = 'LYDDQ5';
UPDATE `user_registration` SET right_downlines = right_downlines+1
WHERE `user_id` = 'LYDDQ5';
UPDATE `user_registration` SET total_downlines = total_downlines+1
WHERE `user_id` = '6UO8TB';
UPDATE `user_registration` SET right_downlines = right_downlines+1
WHERE `user_id` = '6UO8TB';
UPDATE `user_registration` SET total_downlines = total_downlines+1
WHERE `user_id` = 'GPRO3Q';
UPDATE `user_registration` SET right_downlines = right_downlines+1
WHERE `user_id` = 'GPRO3Q';
UPDATE `user_registration` SET total_downlines = total_downlines+1
WHERE `user_id` = 'MBPRQB';
UPDATE `user_registration` SET right_downlines = right_downlines+1
WHERE `user_id` = 'MBPRQB';
UPDATE `user_registration` SET total_downlines = total_downlines+1
WHERE `user_id` = 'X1RH6U';
UPDATE `user_registration` SET right_downlines = right_downlines+1
WHERE `user_id` = 'X1RH6U';
UPDATE `user_registration` SET total_downlines = total_downlines+1
WHERE `user_id` = 'HHALCM';
UPDATE `user_registration` SET right_downlines = right_downlines+1
WHERE `user_id` = 'HHALCM';
UPDATE `user_registration` SET total_downlines = total_downlines+1
WHERE `user_id` = '7WQBA7';
UPDATE `user_registration` SET right_downlines = right_downlines+1
WHERE `user_id` = '7WQBA7';
UPDATE `user_registration` SET total_downlines = total_downlines+1
WHERE `user_id` = 'QPNZO1';
UPDATE `user_registration` SET right_downlines = right_downlines+1
WHERE `user_id` = 'QPNZO1';
UPDATE `user_registration` SET total_downlines = total_downlines+1
WHERE `user_id` = 'KCF78M';
UPDATE `user_registration` SET right_downlines = right_downlines+1
WHERE `user_id` = 'KCF78M';
UPDATE `user_registration` SET total_downlines = total_downlines+1
WHERE `user_id` = '7RY1ZP';
UPDATE `user_registration` SET right_downlines = right_downlines+1
WHERE `user_id` = '7RY1ZP';
UPDATE `user_registration` SET total_downlines = total_downlines+1
WHERE `user_id` = 'ADZTOG';
UPDATE `user_registration` SET right_downlines = right_downlines+1
WHERE `user_id` = 'ADZTOG';
UPDATE `user_registration` SET total_downlines = total_downlines+1
WHERE `user_id` = 'A9858P';
UPDATE `user_registration` SET right_downlines = right_downlines+1
WHERE `user_id` = 'A9858P';
UPDATE `user_registration` SET total_downlines = total_downlines+1
WHERE `user_id` = 'admin';
UPDATE `user_registration` SET right_downlines = right_downlines+1
WHERE `user_id` = 'admin';
INSERT INTO `investment` (`invest_date`, `user_id`, `type`, `amount`, `package_id`) VALUES ('2024-10-10 11:34:45', 'JNCDB4', 'register', '595', '2');
INSERT INTO `earnings` (`user_id`, `Purchaser_id`, `earning_type`, `package_id`, `amount`, `date`, `comments`, `invest_amount`, `comm_perc`, `level`, `rank_id`, `order_id`) VALUES ('HXPFM1', 'JNCDB4', 'Direct Referral Bonus', '2', '100', '2024-10-10 11:34:45', 'Direct Referral Bonus', 0, 0, 1, '', 1055);
UPDATE `user_registration` SET commission_balance = ROUND(commission_balance + 100,2)
WHERE `user_id` = 'HXPFM1';
UPDATE `user_registration` SET referral_bonus = ROUND(referral_bonus + 100,2)
WHERE `user_id` = 'HXPFM1';
INSERT INTO `earnings` (`user_id`, `Purchaser_id`, `earning_type`, `package_id`, `amount`, `date`, `comments`, `invest_amount`, `comm_perc`, `level`, `rank_id`, `order_id`) VALUES ('A9858P', 'JNCDB4', 'Expansion Bonus', '2', 280, '2024-10-10 11:34:45', 'Expansion Bonus', '100', 0, 1, '', 1055);
UPDATE `user_registration` SET commission_balance = ROUND(commission_balance + 280,2)
WHERE `user_id` = 'A9858P';
UPDATE `user_registration` SET expansion_bonus = ROUND(expansion_bonus + 280,2)
WHERE `user_id` = 'A9858P';
UPDATE `user_registration` SET total_points = ROUND(total_points + 50,2)
WHERE `user_id` = 'JNCDB4';
INSERT INTO `points_history` (`user_id`, `points`, `type`, `date`) VALUES ('JNCDB4', '50', 'register', '2024-10-10 11:34:');
INSERT INTO `matrix_filling` (`placement_id`, `downline_id`, `level`, `matrix`) VALUES ('IGSR5A', 'JNCDB4', 1, 1);
UPDATE `bv_updation` SET left_carry = left_carry+50, total_left = total_left+50
WHERE `user_id` = 'IGSR5A';
INSERT INTO `placement_bv_update_history` (`left_carry`, `date`, `from_id`, `user_id`) VALUES ('50', '2024-10-10 11:34:46', 'JNCDB4', 'IGSR5A');
INSERT INTO `matrix_filling` (`placement_id`, `downline_id`, `level`, `matrix`) VALUES ('HRD1FH', 'JNCDB4', 2, 1);
UPDATE `bv_updation` SET left_carry = left_carry+50, total_left = total_left+50
WHERE `user_id` = 'HRD1FH';
INSERT INTO `placement_bv_update_history` (`left_carry`, `date`, `from_id`, `user_id`) VALUES ('50', '2024-10-10 11:34:46', 'JNCDB4', 'HRD1FH');
INSERT INTO `matrix_filling` (`placement_id`, `downline_id`, `level`, `matrix`) VALUES ('HXPFM1', 'JNCDB4', 3, 1);
UPDATE `bv_updation` SET left_carry = left_carry+50, total_left = total_left+50
WHERE `user_id` = 'HXPFM1';
INSERT INTO `placement_bv_update_history` (`left_carry`, `date`, `from_id`, `user_id`) VALUES ('50', '2024-10-10 11:34:46', 'JNCDB4', 'HXPFM1');
UPDATE `bv_updation` SET sponsor_left_carry = sponsor_left_carry+50, sponsor_total_left = sponsor_total_left+50
WHERE `user_id` = 'HXPFM1';
INSERT INTO `sponsor_bv_update_history` (`left_carry`, `date`, `user_id`) VALUES ('50', '2024-10-10 11:34:46', 'HXPFM1');
INSERT INTO `matrix_filling` (`placement_id`, `downline_id`, `level`, `matrix`) VALUES ('SHIOTF', 'JNCDB4', 4, 1);
UPDATE `bv_updation` SET right_carry = right_carry+50, total_right = total_right+50
WHERE `user_id` = 'SHIOTF';
INSERT INTO `placement_bv_update_history` (`right_carry`, `date`, `from_id`, `user_id`) VALUES ('50', '2024-10-10 11:34:46', 'JNCDB4', 'SHIOTF');
INSERT INTO `matrix_filling` (`placement_id`, `downline_id`, `level`, `matrix`) VALUES ('4YA81C', 'JNCDB4', 5, 1);
UPDATE `bv_updation` SET right_carry = right_carry+50, total_right = total_right+50
WHERE `user_id` = '4YA81C';
INSERT INTO `placement_bv_update_history` (`right_carry`, `date`, `from_id`, `user_id`) VALUES ('50', '2024-10-10 11:34:46', 'JNCDB4', '4YA81C');
INSERT INTO `matrix_filling` (`placement_id`, `downline_id`, `level`, `matrix`) VALUES ('G1CDHO', 'JNCDB4', 6, 1);
UPDATE `bv_updation` SET right_carry = right_carry+50, total_right = total_right+50
WHERE `user_id` = 'G1CDHO';
INSERT INTO `placement_bv_update_history` (`right_carry`, `date`, `from_id`, `user_id`) VALUES ('50', '2024-10-10 11:34:46', 'JNCDB4', 'G1CDHO');
INSERT INTO `matrix_filling` (`placement_id`, `downline_id`, `level`, `matrix`) VALUES ('9NGWQG', 'JNCDB4', 7, 1);
UPDATE `bv_updation` SET right_carry = right_carry+50, total_right = total_right+50
WHERE `user_id` = '9NGWQG';
INSERT INTO `placement_bv_update_history` (`right_carry`, `date`, `from_id`, `user_id`) VALUES ('50', '2024-10-10 11:34:46', 'JNCDB4', '9NGWQG');
INSERT INTO `matrix_filling` (`placement_id`, `downline_id`, `level`, `matrix`) VALUES ('R6J8K1', 'JNCDB4', 8, 1);
UPDATE `bv_updation` SET right_carry = right_carry+50, total_right = total_right+50
WHERE `user_id` = 'R6J8K1';
INSERT INTO `placement_bv_update_history` (`right_carry`, `date`, `from_id`, `user_id`) VALUES ('50', '2024-10-10 11:34:46', 'JNCDB4', 'R6J8K1');
INSERT INTO `matrix_filling` (`placement_id`, `downline_id`, `level`, `matrix`) VALUES ('G6ZQNS', 'JNCDB4', 9, 1);
UPDATE `bv_updation` SET right_carry = right_carry+50, total_right = total_right+50
WHERE `user_id` = 'G6ZQNS';
INSERT INTO `placement_bv_update_history` (`right_carry`, `date`, `from_id`, `user_id`) VALUES ('50', '2024-10-10 11:34:46', 'JNCDB4', 'G6ZQNS');
INSERT INTO `matrix_filling` (`placement_id`, `downline_id`, `level`, `matrix`) VALUES ('M4FVZR', 'JNCDB4', 10, 1);
UPDATE `bv_updation` SET right_carry = right_carry+50, total_right = total_right+50
WHERE `user_id` = 'M4FVZR';
INSERT INTO `placement_bv_update_history` (`right_carry`, `date`, `from_id`, `user_id`) VALUES ('50', '2024-10-10 11:34:46', 'JNCDB4', 'M4FVZR');
INSERT INTO `matrix_filling` (`placement_id`, `downline_id`, `level`, `matrix`) VALUES ('5ZLRWM', 'JNCDB4', 11, 1);
UPDATE `bv_updation` SET right_carry = right_carry+50, total_right = total_right+50
WHERE `user_id` = '5ZLRWM';
INSERT INTO `placement_bv_update_history` (`right_carry`, `date`, `from_id`, `user_id`) VALUES ('50', '2024-10-10 11:34:46', 'JNCDB4', '5ZLRWM');
INSERT INTO `matrix_filling` (`placement_id`, `downline_id`, `level`, `matrix`) VALUES ('JPDLRK', 'JNCDB4', 12, 1);
UPDATE `bv_updation` SET right_carry = right_carry+50, total_right = total_right+50
WHERE `user_id` = 'JPDLRK';
INSERT INTO `placement_bv_update_history` (`right_carry`, `date`, `from_id`, `user_id`) VALUES ('50', '2024-10-10 11:34:46', 'JNCDB4', 'JPDLRK');
INSERT INTO `matrix_filling` (`placement_id`, `downline_id`, `level`, `matrix`) VALUES ('FGURJ3', 'JNCDB4', 13, 1);
UPDATE `bv_updation` SET right_carry = right_carry+50, total_right = total_right+50
WHERE `user_id` = 'FGURJ3';
INSERT INTO `placement_bv_update_history` (`right_carry`, `date`, `from_id`, `user_id`) VALUES ('50', '2024-10-10 11:34:46', 'JNCDB4', 'FGURJ3');
INSERT INTO `matrix_filling` (`placement_id`, `downline_id`, `level`, `matrix`) VALUES ('L2ZCMP', 'JNCDB4', 14, 1);
UPDATE `bv_updation` SET right_carry = right_carry+50, total_right = total_right+50
WHERE `user_id` = 'L2ZCMP';
INSERT INTO `placement_bv_update_history` (`right_carry`, `date`, `from_id`, `user_id`) VALUES ('50', '2024-10-10 11:34:46', 'JNCDB4', 'L2ZCMP');
INSERT INTO `matrix_filling` (`placement_id`, `downline_id`, `level`, `matrix`) VALUES ('XOJI6Y', 'JNCDB4', 15, 1);
UPDATE `bv_updation` SET right_carry = right_carry+50, total_right = total_right+50
WHERE `user_id` = 'XOJI6Y';
INSERT INTO `placement_bv_update_history` (`right_carry`, `date`, `from_id`, `user_id`) VALUES ('50', '2024-10-10 11:34:46', 'JNCDB4', 'XOJI6Y');
INSERT INTO `matrix_filling` (`placement_id`, `downline_id`, `level`, `matrix`) VALUES ('Z6E2C9', 'JNCDB4', 16, 1);
UPDATE `bv_updation` SET right_carry = right_carry+50, total_right = total_right+50
WHERE `user_id` = 'Z6E2C9';
INSERT INTO `placement_bv_update_history` (`right_carry`, `date`, `from_id`, `user_id`) VALUES ('50', '2024-10-10 11:34:46', 'JNCDB4', 'Z6E2C9');
INSERT INTO `matrix_filling` (`placement_id`, `downline_id`, `level`, `matrix`) VALUES ('VT4PXI', 'JNCDB4', 17, 1);
UPDATE `bv_updation` SET right_carry = right_carry+50, total_right = total_right+50
WHERE `user_id` = 'VT4PXI';
INSERT INTO `placement_bv_update_history` (`right_carry`, `date`, `from_id`, `user_id`) VALUES ('50', '2024-10-10 11:34:46', 'JNCDB4', 'VT4PXI');
INSERT INTO `matrix_filling` (`placement_id`, `downline_id`, `level`, `matrix`) VALUES ('QKHYPY', 'JNCDB4', 18, 1);
UPDATE `bv_updation` SET right_carry = right_carry+50, total_right = total_right+50
WHERE `user_id` = 'QKHYPY';
INSERT INTO `placement_bv_update_history` (`right_carry`, `date`, `from_id`, `user_id`) VALUES ('50', '2024-10-10 11:34:46', 'JNCDB4', 'QKHYPY');
INSERT INTO `matrix_filling` (`placement_id`, `downline_id`, `level`, `matrix`) VALUES ('LN7PEK', 'JNCDB4', 19, 1);
UPDATE `bv_updation` SET right_carry = right_carry+50, total_right = total_right+50
WHERE `user_id` = 'LN7PEK';
INSERT INTO `placement_bv_update_history` (`right_carry`, `date`, `from_id`, `user_id`) VALUES ('50', '2024-10-10 11:34:46', 'JNCDB4', 'LN7PEK');
INSERT INTO `matrix_filling` (`placement_id`, `downline_id`, `level`, `matrix`) VALUES ('LYDDQ5', 'JNCDB4', 20, 1);
UPDATE `bv_updation` SET right_carry = right_carry+50, total_right = total_right+50
WHERE `user_id` = 'LYDDQ5';
INSERT INTO `placement_bv_update_history` (`right_carry`, `date`, `from_id`, `user_id`) VALUES ('50', '2024-10-10 11:34:46', 'JNCDB4', 'LYDDQ5');
INSERT INTO `matrix_filling` (`placement_id`, `downline_id`, `level`, `matrix`) VALUES ('6UO8TB', 'JNCDB4', 21, 1);
UPDATE `bv_updation` SET right_carry = right_carry+50, total_right = total_right+50
WHERE `user_id` = '6UO8TB';
INSERT INTO `placement_bv_update_history` (`right_carry`, `date`, `from_id`, `user_id`) VALUES ('50', '2024-10-10 11:34:46', 'JNCDB4', '6UO8TB');
INSERT INTO `matrix_filling` (`placement_id`, `downline_id`, `level`, `matrix`) VALUES ('GPRO3Q', 'JNCDB4', 22, 1);
UPDATE `bv_updation` SET right_carry = right_carry+50, total_right = total_right+50
WHERE `user_id` = 'GPRO3Q';
INSERT INTO `placement_bv_update_history` (`right_carry`, `date`, `from_id`, `user_id`) VALUES ('50', '2024-10-10 11:34:46', 'JNCDB4', 'GPRO3Q');
INSERT INTO `matrix_filling` (`placement_id`, `downline_id`, `level`, `matrix`) VALUES ('MBPRQB', 'JNCDB4', 23, 1);
UPDATE `bv_updation` SET right_carry = right_carry+50, total_right = total_right+50
WHERE `user_id` = 'MBPRQB';
INSERT INTO `placement_bv_update_history` (`right_carry`, `date`, `from_id`, `user_id`) VALUES ('50', '2024-10-10 11:34:46', 'JNCDB4', 'MBPRQB');
INSERT INTO `matrix_filling` (`placement_id`, `downline_id`, `level`, `matrix`) VALUES ('X1RH6U', 'JNCDB4', 24, 1);
UPDATE `bv_updation` SET right_carry = right_carry+50, total_right = total_right+50
WHERE `user_id` = 'X1RH6U';
INSERT INTO `placement_bv_update_history` (`right_carry`, `date`, `from_id`, `user_id`) VALUES ('50', '2024-10-10 11:34:46', 'JNCDB4', 'X1RH6U');
INSERT INTO `matrix_filling` (`placement_id`, `downline_id`, `level`, `matrix`) VALUES ('HHALCM', 'JNCDB4', 25, 1);
UPDATE `bv_updation` SET right_carry = right_carry+50, total_right = total_right+50
WHERE `user_id` = 'HHALCM';
INSERT INTO `placement_bv_update_history` (`right_carry`, `date`, `from_id`, `user_id`) VALUES ('50', '2024-10-10 11:34:46', 'JNCDB4', 'HHALCM');
INSERT INTO `matrix_filling` (`placement_id`, `downline_id`, `level`, `matrix`) VALUES ('7WQBA7', 'JNCDB4', 26, 1);
UPDATE `bv_updation` SET right_carry = right_carry+50, total_right = total_right+50
WHERE `user_id` = '7WQBA7';
INSERT INTO `placement_bv_update_history` (`right_carry`, `date`, `from_id`, `user_id`) VALUES ('50', '2024-10-10 11:34:46', 'JNCDB4', '7WQBA7');
INSERT INTO `matrix_filling` (`placement_id`, `downline_id`, `level`, `matrix`) VALUES ('QPNZO1', 'JNCDB4', 27, 1);
UPDATE `bv_updation` SET right_carry = right_carry+50, total_right = total_right+50
WHERE `user_id` = 'QPNZO1';
INSERT INTO `placement_bv_update_history` (`right_carry`, `date`, `from_id`, `user_id`) VALUES ('50', '2024-10-10 11:34:46', 'JNCDB4', 'QPNZO1');
INSERT INTO `matrix_filling` (`placement_id`, `downline_id`, `level`, `matrix`) VALUES ('KCF78M', 'JNCDB4', 28, 1);
UPDATE `bv_updation` SET right_carry = right_carry+50, total_right = total_right+50
WHERE `user_id` = 'KCF78M';
INSERT INTO `placement_bv_update_history` (`right_carry`, `date`, `from_id`, `user_id`) VALUES ('50', '2024-10-10 11:34:46', 'JNCDB4', 'KCF78M');
INSERT INTO `matrix_filling` (`placement_id`, `downline_id`, `level`, `matrix`) VALUES ('7RY1ZP', 'JNCDB4', 29, 1);
UPDATE `bv_updation` SET right_carry = right_carry+50, total_right = total_right+50
WHERE `user_id` = '7RY1ZP';
INSERT INTO `placement_bv_update_history` (`right_carry`, `date`, `from_id`, `user_id`) VALUES ('50', '2024-10-10 11:34:46', 'JNCDB4', '7RY1ZP');
INSERT INTO `matrix_filling` (`placement_id`, `downline_id`, `level`, `matrix`) VALUES ('ADZTOG', 'JNCDB4', 30, 1);
UPDATE `bv_updation` SET right_carry = right_carry+50, total_right = total_right+50
WHERE `user_id` = 'ADZTOG';
INSERT INTO `placement_bv_update_history` (`right_carry`, `date`, `from_id`, `user_id`) VALUES ('50', '2024-10-10 11:34:46', 'JNCDB4', 'ADZTOG');
INSERT INTO `matrix_filling` (`placement_id`, `downline_id`, `level`, `matrix`) VALUES ('A9858P', 'JNCDB4', 31, 1);
UPDATE `bv_updation` SET right_carry = right_carry+50, total_right = total_right+50
WHERE `user_id` = 'A9858P';
INSERT INTO `placement_bv_update_history` (`right_carry`, `date`, `from_id`, `user_id`) VALUES ('50', '2024-10-10 11:34:46', 'JNCDB4', 'A9858P');
INSERT INTO `matrix_filling` (`placement_id`, `downline_id`, `level`, `matrix`) VALUES ('admin', 'JNCDB4', 32, 1);
UPDATE `bv_updation` SET right_carry = right_carry+50, total_right = total_right+50
WHERE `user_id` = 'admin';
INSERT INTO `placement_bv_update_history` (`right_carry`, `date`, `from_id`, `user_id`) VALUES ('50', '2024-10-10 11:34:46', 'JNCDB4', 'admin');
INSERT INTO `package_purchase_history` (`user_id`, `package_id`, `reg_fee`, `package_name`, `monthly_fee`, `type`, `date`, `payment_option`) VALUES ('JNCDB4', '2', '595', 'Traveler Pro', '150', 'sign_up', '2024-10-10 11:34:46', 'free');
UPDATE `user_registration` SET `popup_seen` = 'yes'
WHERE `user_id` = 'HXPFM1';
UPDATE `ci_sessions` SET `timestamp` = 1728578405, `data` = '__ci_last_regenerate|i:1728578405;id|s:4:\"2381\";user_id|s:6:\"HXPFM1\";username|s:5:\"rudy1\";sponsor_id|s:6:\"A9858P\";fullname|s:16:\"Rodolfo Espinoza\";email|s:15:\"rudy1@gmail.com\";phone|s:10:\"7862876762\";isLogIn|b:1;'
WHERE `id` = 'ae2f227535ef901b52f62dff10e0476c5790d229';
UPDATE `user_registration` SET `uid` = '3126', `user_id` = 'QGX7RC', `username` = 'ernestina2', `sponsor_id` = 'HXPFM1', `vacant` = 'no', `f_name` = 'Ernestina', `l_name` = 'Mateo', `address` = '6520 Kendale Lakes Dr', `position` = 'left', `email` = 'ernestina2@gmail.com', `password` = 'c0aa5db3194b43ca91a30da4652ab935', `phone` = '3057610606', `country` = 'United States', `state` = 'Florida', `city` = 'Miami', `street` = '6520 Kendale Lakes Dr', `zip_code` = '33183', `reg_ip` = '108.162.212.53', `status` = 1, `package_id` = '2', `rank_id` = 1, `highest_rank` = 1, `cycle_rank_id` = 1, `created` = '2024-10-10 11:40:05', `subscription_date` = '2024-11-09', `google_secret` = '4R2EQSKAEA3262HJ'
WHERE `uid` = '3126';
INSERT INTO `user_registration` (`uid`, `user_id`, `username`, `sponsor_id`, `placement_id`, `vacant`, `f_name`, `l_name`, `address`, `position`, `email`, `password`, `phone`, `reg_ip`, `status`, `created`) VALUES (NULL, 'TZXLHX', 'DYcVUEUL', 'QGX7RC', 'QGX7RC', 'yes', '', '', '', 'left', '@mail.com', '', '', '', 0, '2024-10-10 11:40:05');
INSERT INTO `user_registration` (`uid`, `user_id`, `username`, `sponsor_id`, `placement_id`, `vacant`, `f_name`, `l_name`, `address`, `position`, `email`, `password`, `phone`, `reg_ip`, `status`, `created`) VALUES (NULL, 'FWBLUZ', 'zizNvxen', 'QGX7RC', 'QGX7RC', 'yes', '', '', '', 'right', '@mail.com', '', '', '', 0, '2024-10-10 11:40:05');
INSERT INTO `bv_updation` (`user_id`) VALUES ('QGX7RC');
UPDATE `user_registration` SET total_ref_count = total_ref_count+1
WHERE `user_id` = 'HXPFM1';
UPDATE `user_registration` SET total_downlines = total_downlines+1
WHERE `user_id` = 'JNCDB4';
UPDATE `user_registration` SET left_downlines = left_downlines+1
WHERE `user_id` = 'JNCDB4';
UPDATE `user_registration` SET total_downlines = total_downlines+1
WHERE `user_id` = 'IGSR5A';
UPDATE `user_registration` SET left_downlines = left_downlines+1
WHERE `user_id` = 'IGSR5A';
UPDATE `user_registration` SET total_downlines = total_downlines+1
WHERE `user_id` = 'HRD1FH';
UPDATE `user_registration` SET left_downlines = left_downlines+1
WHERE `user_id` = 'HRD1FH';
UPDATE `user_registration` SET total_downlines = total_downlines+1
WHERE `user_id` = 'HXPFM1';
UPDATE `user_registration` SET left_downlines = left_downlines+1
WHERE `user_id` = 'HXPFM1';
UPDATE `user_registration` SET left_ref_count = left_ref_count+1
WHERE `user_id` = 'HXPFM1';
UPDATE `user_registration` SET active_left = active_left+1
WHERE `user_id` = 'HXPFM1';
UPDATE `user_registration` SET total_downlines = total_downlines+1
WHERE `user_id` = 'SHIOTF';
UPDATE `user_registration` SET right_downlines = right_downlines+1
WHERE `user_id` = 'SHIOTF';
UPDATE `user_registration` SET total_downlines = total_downlines+1
WHERE `user_id` = '4YA81C';
UPDATE `user_registration` SET right_downlines = right_downlines+1
WHERE `user_id` = '4YA81C';
UPDATE `user_registration` SET total_downlines = total_downlines+1
WHERE `user_id` = 'G1CDHO';
UPDATE `user_registration` SET right_downlines = right_downlines+1
WHERE `user_id` = 'G1CDHO';
UPDATE `user_registration` SET total_downlines = total_downlines+1
WHERE `user_id` = '9NGWQG';
UPDATE `user_registration` SET right_downlines = right_downlines+1
WHERE `user_id` = '9NGWQG';
UPDATE `user_registration` SET total_downlines = total_downlines+1
WHERE `user_id` = 'R6J8K1';
UPDATE `user_registration` SET right_downlines = right_downlines+1
WHERE `user_id` = 'R6J8K1';
UPDATE `user_registration` SET total_downlines = total_downlines+1
WHERE `user_id` = 'G6ZQNS';
UPDATE `user_registration` SET right_downlines = right_downlines+1
WHERE `user_id` = 'G6ZQNS';
UPDATE `user_registration` SET total_downlines = total_downlines+1
WHERE `user_id` = 'M4FVZR';
UPDATE `user_registration` SET right_downlines = right_downlines+1
WHERE `user_id` = 'M4FVZR';
UPDATE `user_registration` SET total_downlines = total_downlines+1
WHERE `user_id` = '5ZLRWM';
UPDATE `user_registration` SET right_downlines = right_downlines+1
WHERE `user_id` = '5ZLRWM';
UPDATE `user_registration` SET total_downlines = total_downlines+1
WHERE `user_id` = 'JPDLRK';
UPDATE `user_registration` SET right_downlines = right_downlines+1
WHERE `user_id` = 'JPDLRK';
UPDATE `user_registration` SET total_downlines = total_downlines+1
WHERE `user_id` = 'FGURJ3';
UPDATE `user_registration` SET right_downlines = right_downlines+1
WHERE `user_id` = 'FGURJ3';
UPDATE `user_registration` SET total_downlines = total_downlines+1
WHERE `user_id` = 'L2ZCMP';
UPDATE `user_registration` SET right_downlines = right_downlines+1
WHERE `user_id` = 'L2ZCMP';
UPDATE `user_registration` SET total_downlines = total_downlines+1
WHERE `user_id` = 'XOJI6Y';
UPDATE `user_registration` SET right_downlines = right_downlines+1
WHERE `user_id` = 'XOJI6Y';
UPDATE `user_registration` SET total_downlines = total_downlines+1
WHERE `user_id` = 'Z6E2C9';
UPDATE `user_registration` SET right_downlines = right_downlines+1
WHERE `user_id` = 'Z6E2C9';
UPDATE `user_registration` SET total_downlines = total_downlines+1
WHERE `user_id` = 'VT4PXI';
UPDATE `user_registration` SET right_downlines = right_downlines+1
WHERE `user_id` = 'VT4PXI';
UPDATE `user_registration` SET total_downlines = total_downlines+1
WHERE `user_id` = 'QKHYPY';
UPDATE `user_registration` SET right_downlines = right_downlines+1
WHERE `user_id` = 'QKHYPY';
UPDATE `user_registration` SET total_downlines = total_downlines+1
WHERE `user_id` = 'LN7PEK';
UPDATE `user_registration` SET right_downlines = right_downlines+1
WHERE `user_id` = 'LN7PEK';
UPDATE `user_registration` SET total_downlines = total_downlines+1
WHERE `user_id` = 'LYDDQ5';
UPDATE `user_registration` SET right_downlines = right_downlines+1
WHERE `user_id` = 'LYDDQ5';
UPDATE `user_registration` SET total_downlines = total_downlines+1
WHERE `user_id` = '6UO8TB';
UPDATE `user_registration` SET right_downlines = right_downlines+1
WHERE `user_id` = '6UO8TB';
UPDATE `user_registration` SET total_downlines = total_downlines+1
WHERE `user_id` = 'GPRO3Q';
UPDATE `user_registration` SET right_downlines = right_downlines+1
WHERE `user_id` = 'GPRO3Q';
UPDATE `user_registration` SET total_downlines = total_downlines+1
WHERE `user_id` = 'MBPRQB';
UPDATE `user_registration` SET right_downlines = right_downlines+1
WHERE `user_id` = 'MBPRQB';
UPDATE `user_registration` SET total_downlines = total_downlines+1
WHERE `user_id` = 'X1RH6U';
UPDATE `user_registration` SET right_downlines = right_downlines+1
WHERE `user_id` = 'X1RH6U';
UPDATE `user_registration` SET total_downlines = total_downlines+1
WHERE `user_id` = 'HHALCM';
UPDATE `user_registration` SET right_downlines = right_downlines+1
WHERE `user_id` = 'HHALCM';
UPDATE `user_registration` SET total_downlines = total_downlines+1
WHERE `user_id` = '7WQBA7';
UPDATE `user_registration` SET right_downlines = right_downlines+1
WHERE `user_id` = '7WQBA7';
UPDATE `user_registration` SET total_downlines = total_downlines+1
WHERE `user_id` = 'QPNZO1';
UPDATE `user_registration` SET right_downlines = right_downlines+1
WHERE `user_id` = 'QPNZO1';
UPDATE `user_registration` SET total_downlines = total_downlines+1
WHERE `user_id` = 'KCF78M';
UPDATE `user_registration` SET right_downlines = right_downlines+1
WHERE `user_id` = 'KCF78M';
UPDATE `user_registration` SET total_downlines = total_downlines+1
WHERE `user_id` = '7RY1ZP';
UPDATE `user_registration` SET right_downlines = right_downlines+1
WHERE `user_id` = '7RY1ZP';
UPDATE `user_registration` SET total_downlines = total_downlines+1
WHERE `user_id` = 'ADZTOG';
UPDATE `user_registration` SET right_downlines = right_downlines+1
WHERE `user_id` = 'ADZTOG';
UPDATE `user_registration` SET total_downlines = total_downlines+1
WHERE `user_id` = 'A9858P';
UPDATE `user_registration` SET right_downlines = right_downlines+1
WHERE `user_id` = 'A9858P';
UPDATE `user_registration` SET total_downlines = total_downlines+1
WHERE `user_id` = 'admin';
UPDATE `user_registration` SET right_downlines = right_downlines+1
WHERE `user_id` = 'admin';
INSERT INTO `investment` (`invest_date`, `user_id`, `type`, `amount`, `package_id`) VALUES ('2024-10-10 11:40:06', 'QGX7RC', 'register', '595', '2');
INSERT INTO `earnings` (`user_id`, `Purchaser_id`, `earning_type`, `package_id`, `amount`, `date`, `comments`, `invest_amount`, `comm_perc`, `level`, `rank_id`, `order_id`) VALUES ('HXPFM1', 'QGX7RC', 'Direct Referral Bonus', '2', '100', '2024-10-10 11:40:06', 'Direct Referral Bonus', 0, 0, 1, '', 1056);
UPDATE `user_registration` SET commission_balance = ROUND(commission_balance + 100,2)
WHERE `user_id` = 'HXPFM1';
UPDATE `user_registration` SET referral_bonus = ROUND(referral_bonus + 100,2)
WHERE `user_id` = 'HXPFM1';
INSERT INTO `earnings` (`user_id`, `Purchaser_id`, `earning_type`, `package_id`, `amount`, `date`, `comments`, `invest_amount`, `comm_perc`, `level`, `rank_id`, `order_id`) VALUES ('A9858P', 'QGX7RC', 'Expansion Bonus', '2', 280, '2024-10-10 11:40:06', 'Expansion Bonus', '100', 0, 1, '', 1056);
UPDATE `user_registration` SET commission_balance = ROUND(commission_balance + 280,2)
WHERE `user_id` = 'A9858P';
UPDATE `user_registration` SET expansion_bonus = ROUND(expansion_bonus + 280,2)
WHERE `user_id` = 'A9858P';
UPDATE `user_registration` SET total_points = ROUND(total_points + 50,2)
WHERE `user_id` = 'QGX7RC';
INSERT INTO `points_history` (`user_id`, `points`, `type`, `date`) VALUES ('QGX7RC', '50', 'register', '2024-10-10 11:40:');
INSERT INTO `matrix_filling` (`placement_id`, `downline_id`, `level`, `matrix`) VALUES ('JNCDB4', 'QGX7RC', 1, 1);
UPDATE `bv_updation` SET left_carry = left_carry+50, total_left = total_left+50
WHERE `user_id` = 'JNCDB4';
INSERT INTO `placement_bv_update_history` (`left_carry`, `date`, `from_id`, `user_id`) VALUES ('50', '2024-10-10 11:40:06', 'QGX7RC', 'JNCDB4');
INSERT INTO `matrix_filling` (`placement_id`, `downline_id`, `level`, `matrix`) VALUES ('IGSR5A', 'QGX7RC', 2, 1);
UPDATE `bv_updation` SET left_carry = left_carry+50, total_left = total_left+50
WHERE `user_id` = 'IGSR5A';
INSERT INTO `placement_bv_update_history` (`left_carry`, `date`, `from_id`, `user_id`) VALUES ('50', '2024-10-10 11:40:06', 'QGX7RC', 'IGSR5A');
INSERT INTO `matrix_filling` (`placement_id`, `downline_id`, `level`, `matrix`) VALUES ('HRD1FH', 'QGX7RC', 3, 1);
UPDATE `bv_updation` SET left_carry = left_carry+50, total_left = total_left+50
WHERE `user_id` = 'HRD1FH';
INSERT INTO `placement_bv_update_history` (`left_carry`, `date`, `from_id`, `user_id`) VALUES ('50', '2024-10-10 11:40:06', 'QGX7RC', 'HRD1FH');
INSERT INTO `matrix_filling` (`placement_id`, `downline_id`, `level`, `matrix`) VALUES ('HXPFM1', 'QGX7RC', 4, 1);
UPDATE `bv_updation` SET left_carry = left_carry+50, total_left = total_left+50
WHERE `user_id` = 'HXPFM1';
INSERT INTO `placement_bv_update_history` (`left_carry`, `date`, `from_id`, `user_id`) VALUES ('50', '2024-10-10 11:40:06', 'QGX7RC', 'HXPFM1');
UPDATE `bv_updation` SET sponsor_left_carry = sponsor_left_carry+50, sponsor_total_left = sponsor_total_left+50
WHERE `user_id` = 'HXPFM1';
INSERT INTO `sponsor_bv_update_history` (`left_carry`, `date`, `user_id`) VALUES ('50', '2024-10-10 11:40:06', 'HXPFM1');
INSERT INTO `matrix_filling` (`placement_id`, `downline_id`, `level`, `matrix`) VALUES ('SHIOTF', 'QGX7RC', 5, 1);
UPDATE `bv_updation` SET right_carry = right_carry+50, total_right = total_right+50
WHERE `user_id` = 'SHIOTF';
INSERT INTO `placement_bv_update_history` (`right_carry`, `date`, `from_id`, `user_id`) VALUES ('50', '2024-10-10 11:40:06', 'QGX7RC', 'SHIOTF');
INSERT INTO `matrix_filling` (`placement_id`, `downline_id`, `level`, `matrix`) VALUES ('4YA81C', 'QGX7RC', 6, 1);
UPDATE `bv_updation` SET right_carry = right_carry+50, total_right = total_right+50
WHERE `user_id` = '4YA81C';
INSERT INTO `placement_bv_update_history` (`right_carry`, `date`, `from_id`, `user_id`) VALUES ('50', '2024-10-10 11:40:06', 'QGX7RC', '4YA81C');
INSERT INTO `matrix_filling` (`placement_id`, `downline_id`, `level`, `matrix`) VALUES ('G1CDHO', 'QGX7RC', 7, 1);
UPDATE `bv_updation` SET right_carry = right_carry+50, total_right = total_right+50
WHERE `user_id` = 'G1CDHO';
INSERT INTO `placement_bv_update_history` (`right_carry`, `date`, `from_id`, `user_id`) VALUES ('50', '2024-10-10 11:40:06', 'QGX7RC', 'G1CDHO');
INSERT INTO `matrix_filling` (`placement_id`, `downline_id`, `level`, `matrix`) VALUES ('9NGWQG', 'QGX7RC', 8, 1);
UPDATE `bv_updation` SET right_carry = right_carry+50, total_right = total_right+50
WHERE `user_id` = '9NGWQG';
INSERT INTO `placement_bv_update_history` (`right_carry`, `date`, `from_id`, `user_id`) VALUES ('50', '2024-10-10 11:40:06', 'QGX7RC', '9NGWQG');
INSERT INTO `matrix_filling` (`placement_id`, `downline_id`, `level`, `matrix`) VALUES ('R6J8K1', 'QGX7RC', 9, 1);
UPDATE `bv_updation` SET right_carry = right_carry+50, total_right = total_right+50
WHERE `user_id` = 'R6J8K1';
INSERT INTO `placement_bv_update_history` (`right_carry`, `date`, `from_id`, `user_id`) VALUES ('50', '2024-10-10 11:40:06', 'QGX7RC', 'R6J8K1');
INSERT INTO `matrix_filling` (`placement_id`, `downline_id`, `level`, `matrix`) VALUES ('G6ZQNS', 'QGX7RC', 10, 1);
UPDATE `bv_updation` SET right_carry = right_carry+50, total_right = total_right+50
WHERE `user_id` = 'G6ZQNS';
INSERT INTO `placement_bv_update_history` (`right_carry`, `date`, `from_id`, `user_id`) VALUES ('50', '2024-10-10 11:40:06', 'QGX7RC', 'G6ZQNS');
INSERT INTO `matrix_filling` (`placement_id`, `downline_id`, `level`, `matrix`) VALUES ('M4FVZR', 'QGX7RC', 11, 1);
UPDATE `bv_updation` SET right_carry = right_carry+50, total_right = total_right+50
WHERE `user_id` = 'M4FVZR';
INSERT INTO `placement_bv_update_history` (`right_carry`, `date`, `from_id`, `user_id`) VALUES ('50', '2024-10-10 11:40:06', 'QGX7RC', 'M4FVZR');
INSERT INTO `matrix_filling` (`placement_id`, `downline_id`, `level`, `matrix`) VALUES ('5ZLRWM', 'QGX7RC', 12, 1);
UPDATE `bv_updation` SET right_carry = right_carry+50, total_right = total_right+50
WHERE `user_id` = '5ZLRWM';
INSERT INTO `placement_bv_update_history` (`right_carry`, `date`, `from_id`, `user_id`) VALUES ('50', '2024-10-10 11:40:06', 'QGX7RC', '5ZLRWM');
INSERT INTO `matrix_filling` (`placement_id`, `downline_id`, `level`, `matrix`) VALUES ('JPDLRK', 'QGX7RC', 13, 1);
UPDATE `bv_updation` SET right_carry = right_carry+50, total_right = total_right+50
WHERE `user_id` = 'JPDLRK';
INSERT INTO `placement_bv_update_history` (`right_carry`, `date`, `from_id`, `user_id`) VALUES ('50', '2024-10-10 11:40:06', 'QGX7RC', 'JPDLRK');
INSERT INTO `matrix_filling` (`placement_id`, `downline_id`, `level`, `matrix`) VALUES ('FGURJ3', 'QGX7RC', 14, 1);
UPDATE `bv_updation` SET right_carry = right_carry+50, total_right = total_right+50
WHERE `user_id` = 'FGURJ3';
INSERT INTO `placement_bv_update_history` (`right_carry`, `date`, `from_id`, `user_id`) VALUES ('50', '2024-10-10 11:40:06', 'QGX7RC', 'FGURJ3');
INSERT INTO `matrix_filling` (`placement_id`, `downline_id`, `level`, `matrix`) VALUES ('L2ZCMP', 'QGX7RC', 15, 1);
UPDATE `bv_updation` SET right_carry = right_carry+50, total_right = total_right+50
WHERE `user_id` = 'L2ZCMP';
INSERT INTO `placement_bv_update_history` (`right_carry`, `date`, `from_id`, `user_id`) VALUES ('50', '2024-10-10 11:40:06', 'QGX7RC', 'L2ZCMP');
INSERT INTO `matrix_filling` (`placement_id`, `downline_id`, `level`, `matrix`) VALUES ('XOJI6Y', 'QGX7RC', 16, 1);
UPDATE `bv_updation` SET right_carry = right_carry+50, total_right = total_right+50
WHERE `user_id` = 'XOJI6Y';
INSERT INTO `placement_bv_update_history` (`right_carry`, `date`, `from_id`, `user_id`) VALUES ('50', '2024-10-10 11:40:06', 'QGX7RC', 'XOJI6Y');
INSERT INTO `matrix_filling` (`placement_id`, `downline_id`, `level`, `matrix`) VALUES ('Z6E2C9', 'QGX7RC', 17, 1);
UPDATE `bv_updation` SET right_carry = right_carry+50, total_right = total_right+50
WHERE `user_id` = 'Z6E2C9';
INSERT INTO `placement_bv_update_history` (`right_carry`, `date`, `from_id`, `user_id`) VALUES ('50', '2024-10-10 11:40:06', 'QGX7RC', 'Z6E2C9');
INSERT INTO `matrix_filling` (`placement_id`, `downline_id`, `level`, `matrix`) VALUES ('VT4PXI', 'QGX7RC', 18, 1);
UPDATE `bv_updation` SET right_carry = right_carry+50, total_right = total_right+50
WHERE `user_id` = 'VT4PXI';
INSERT INTO `placement_bv_update_history` (`right_carry`, `date`, `from_id`, `user_id`) VALUES ('50', '2024-10-10 11:40:06', 'QGX7RC', 'VT4PXI');
INSERT INTO `matrix_filling` (`placement_id`, `downline_id`, `level`, `matrix`) VALUES ('QKHYPY', 'QGX7RC', 19, 1);
UPDATE `bv_updation` SET right_carry = right_carry+50, total_right = total_right+50
WHERE `user_id` = 'QKHYPY';
INSERT INTO `placement_bv_update_history` (`right_carry`, `date`, `from_id`, `user_id`) VALUES ('50', '2024-10-10 11:40:06', 'QGX7RC', 'QKHYPY');
INSERT INTO `matrix_filling` (`placement_id`, `downline_id`, `level`, `matrix`) VALUES ('LN7PEK', 'QGX7RC', 20, 1);
UPDATE `bv_updation` SET right_carry = right_carry+50, total_right = total_right+50
WHERE `user_id` = 'LN7PEK';
INSERT INTO `placement_bv_update_history` (`right_carry`, `date`, `from_id`, `user_id`) VALUES ('50', '2024-10-10 11:40:06', 'QGX7RC', 'LN7PEK');
INSERT INTO `matrix_filling` (`placement_id`, `downline_id`, `level`, `matrix`) VALUES ('LYDDQ5', 'QGX7RC', 21, 1);
UPDATE `bv_updation` SET right_carry = right_carry+50, total_right = total_right+50
WHERE `user_id` = 'LYDDQ5';
INSERT INTO `placement_bv_update_history` (`right_carry`, `date`, `from_id`, `user_id`) VALUES ('50', '2024-10-10 11:40:06', 'QGX7RC', 'LYDDQ5');
INSERT INTO `matrix_filling` (`placement_id`, `downline_id`, `level`, `matrix`) VALUES ('6UO8TB', 'QGX7RC', 22, 1);
UPDATE `bv_updation` SET right_carry = right_carry+50, total_right = total_right+50
WHERE `user_id` = '6UO8TB';
INSERT INTO `placement_bv_update_history` (`right_carry`, `date`, `from_id`, `user_id`) VALUES ('50', '2024-10-10 11:40:06', 'QGX7RC', '6UO8TB');
INSERT INTO `matrix_filling` (`placement_id`, `downline_id`, `level`, `matrix`) VALUES ('GPRO3Q', 'QGX7RC', 23, 1);
UPDATE `bv_updation` SET right_carry = right_carry+50, total_right = total_right+50
WHERE `user_id` = 'GPRO3Q';
INSERT INTO `placement_bv_update_history` (`right_carry`, `date`, `from_id`, `user_id`) VALUES ('50', '2024-10-10 11:40:06', 'QGX7RC', 'GPRO3Q');
INSERT INTO `matrix_filling` (`placement_id`, `downline_id`, `level`, `matrix`) VALUES ('MBPRQB', 'QGX7RC', 24, 1);
UPDATE `bv_updation` SET right_carry = right_carry+50, total_right = total_right+50
WHERE `user_id` = 'MBPRQB';
INSERT INTO `placement_bv_update_history` (`right_carry`, `date`, `from_id`, `user_id`) VALUES ('50', '2024-10-10 11:40:06', 'QGX7RC', 'MBPRQB');
INSERT INTO `matrix_filling` (`placement_id`, `downline_id`, `level`, `matrix`) VALUES ('X1RH6U', 'QGX7RC', 25, 1);
UPDATE `bv_updation` SET right_carry = right_carry+50, total_right = total_right+50
WHERE `user_id` = 'X1RH6U';
INSERT INTO `placement_bv_update_history` (`right_carry`, `date`, `from_id`, `user_id`) VALUES ('50', '2024-10-10 11:40:06', 'QGX7RC', 'X1RH6U');
INSERT INTO `matrix_filling` (`placement_id`, `downline_id`, `level`, `matrix`) VALUES ('HHALCM', 'QGX7RC', 26, 1);
UPDATE `bv_updation` SET right_carry = right_carry+50, total_right = total_right+50
WHERE `user_id` = 'HHALCM';
INSERT INTO `placement_bv_update_history` (`right_carry`, `date`, `from_id`, `user_id`) VALUES ('50', '2024-10-10 11:40:06', 'QGX7RC', 'HHALCM');
INSERT INTO `matrix_filling` (`placement_id`, `downline_id`, `level`, `matrix`) VALUES ('7WQBA7', 'QGX7RC', 27, 1);
UPDATE `bv_updation` SET right_carry = right_carry+50, total_right = total_right+50
WHERE `user_id` = '7WQBA7';
INSERT INTO `placement_bv_update_history` (`right_carry`, `date`, `from_id`, `user_id`) VALUES ('50', '2024-10-10 11:40:06', 'QGX7RC', '7WQBA7');
INSERT INTO `matrix_filling` (`placement_id`, `downline_id`, `level`, `matrix`) VALUES ('QPNZO1', 'QGX7RC', 28, 1);
UPDATE `bv_updation` SET right_carry = right_carry+50, total_right = total_right+50
WHERE `user_id` = 'QPNZO1';
INSERT INTO `placement_bv_update_history` (`right_carry`, `date`, `from_id`, `user_id`) VALUES ('50', '2024-10-10 11:40:06', 'QGX7RC', 'QPNZO1');
INSERT INTO `matrix_filling` (`placement_id`, `downline_id`, `level`, `matrix`) VALUES ('KCF78M', 'QGX7RC', 29, 1);
UPDATE `bv_updation` SET right_carry = right_carry+50, total_right = total_right+50
WHERE `user_id` = 'KCF78M';
INSERT INTO `placement_bv_update_history` (`right_carry`, `date`, `from_id`, `user_id`) VALUES ('50', '2024-10-10 11:40:06', 'QGX7RC', 'KCF78M');
INSERT INTO `matrix_filling` (`placement_id`, `downline_id`, `level`, `matrix`) VALUES ('7RY1ZP', 'QGX7RC', 30, 1);
UPDATE `bv_updation` SET right_carry = right_carry+50, total_right = total_right+50
WHERE `user_id` = '7RY1ZP';
INSERT INTO `placement_bv_update_history` (`right_carry`, `date`, `from_id`, `user_id`) VALUES ('50', '2024-10-10 11:40:06', 'QGX7RC', '7RY1ZP');
INSERT INTO `matrix_filling` (`placement_id`, `downline_id`, `level`, `matrix`) VALUES ('ADZTOG', 'QGX7RC', 31, 1);
UPDATE `bv_updation` SET right_carry = right_carry+50, total_right = total_right+50
WHERE `user_id` = 'ADZTOG';
INSERT INTO `placement_bv_update_history` (`right_carry`, `date`, `from_id`, `user_id`) VALUES ('50', '2024-10-10 11:40:06', 'QGX7RC', 'ADZTOG');
INSERT INTO `matrix_filling` (`placement_id`, `downline_id`, `level`, `matrix`) VALUES ('A9858P', 'QGX7RC', 32, 1);
UPDATE `bv_updation` SET right_carry = right_carry+50, total_right = total_right+50
WHERE `user_id` = 'A9858P';
INSERT INTO `placement_bv_update_history` (`right_carry`, `date`, `from_id`, `user_id`) VALUES ('50', '2024-10-10 11:40:06', 'QGX7RC', 'A9858P');
INSERT INTO `matrix_filling` (`placement_id`, `downline_id`, `level`, `matrix`) VALUES ('admin', 'QGX7RC', 33, 1);
UPDATE `bv_updation` SET right_carry = right_carry+50, total_right = total_right+50
WHERE `user_id` = 'admin';
INSERT INTO `placement_bv_update_history` (`right_carry`, `date`, `from_id`, `user_id`) VALUES ('50', '2024-10-10 11:40:06', 'QGX7RC', 'admin');
INSERT INTO `package_purchase_history` (`user_id`, `package_id`, `reg_fee`, `package_name`, `monthly_fee`, `type`, `date`, `payment_option`) VALUES ('QGX7RC', '2', '595', 'Traveler Pro', '150', 'sign_up', '2024-10-10 11:40:06', 'free');
UPDATE `user_registration` SET `popup_seen` = 'yes'
WHERE `user_id` = 'HXPFM1';
UPDATE `user_registration` SET `popup_seen` = 'yes'
WHERE `user_id` = 'HXPFM1';
UPDATE `user_registration` SET `popup_seen` = 'no'
WHERE `user_id` = 'HXPFM1';
DELETE FROM `ci_sessions`
WHERE `id` = '1d5bb16fb369ef3ec5e4eafb60fb8fb2dc5ac778';
INSERT INTO `login_history` (`user_id`, `device`, `ip_address`, `date`) VALUES ('ADZTOG', 'Mozilla/5.0 (Windows NT 10.0; Win64; x64) AppleWebKit/537.36 (KHTML, like Gecko) Chrome/129.0.0.0 Safari/537.36', '108.162.212.54', '24-10-10 11:42');
UPDATE `user_registration` SET `popup_seen` = 'yes'
WHERE `user_id` = 'ADZTOG';
UPDATE `user_registration` SET `popup_seen` = 'no'
WHERE `user_id` = 'ADZTOG';
DELETE FROM `ci_sessions`
WHERE `id` = '1de2970d36cab693a6e236dd981f3af49fe1363a';
INSERT INTO `login_history` (`user_id`, `device`, `ip_address`, `date`) VALUES ('EF3P4L', 'Mozilla/5.0 (Windows NT 10.0; Win64; x64) AppleWebKit/537.36 (KHTML, like Gecko) Chrome/129.0.0.0 Safari/537.36', '108.162.212.54', '24-10-10 11:46');
UPDATE `user_registration` SET `popup_seen` = 'yes'
WHERE `user_id` = 'EF3P4L';
UPDATE `user_registration` SET `uid` = '3103', `user_id` = '33W6JC', `username` = 'sonia2', `sponsor_id` = 'EF3P4L', `vacant` = 'no', `f_name` = 'Sonia', `l_name` = 'Calero', `address` = '6520 Kendale Lakes Dr', `position` = 'right', `email` = 'sonia2@gmail.com', `password` = '48c6e7f4022d4514cec80cbcff54801d', `phone` = '3057610606', `country` = 'United States', `state` = 'Florida', `city` = 'Miami', `street` = '6520 Kendale Lakes Dr', `zip_code` = '33183', `reg_ip` = '108.162.212.54', `status` = 1, `package_id` = '2', `rank_id` = 1, `highest_rank` = 1, `cycle_rank_id` = 1, `created` = '2024-10-10 11:49:05', `subscription_date` = '2024-11-09', `google_secret` = '7THGZQXNBF266QX4'
WHERE `uid` = '3103';
INSERT INTO `user_registration` (`uid`, `user_id`, `username`, `sponsor_id`, `placement_id`, `vacant`, `f_name`, `l_name`, `address`, `position`, `email`, `password`, `phone`, `reg_ip`, `status`, `created`) VALUES (NULL, 'TEAMAS', 'TPlsmOLx', '33W6JC', '33W6JC', 'yes', '', '', '', 'left', '@mail.com', '', '', '', 0, '2024-10-10 11:49:05');
INSERT INTO `user_registration` (`uid`, `user_id`, `username`, `sponsor_id`, `placement_id`, `vacant`, `f_name`, `l_name`, `address`, `position`, `email`, `password`, `phone`, `reg_ip`, `status`, `created`) VALUES (NULL, 'OOETCL', 'JoDCBoXK', '33W6JC', '33W6JC', 'yes', '', '', '', 'right', '@mail.com', '', '', '', 0, '2024-10-10 11:49:05');
INSERT INTO `bv_updation` (`user_id`) VALUES ('33W6JC');
UPDATE `user_registration` SET total_ref_count = total_ref_count+1
WHERE `user_id` = 'EF3P4L';
UPDATE `user_registration` SET total_downlines = total_downlines+1
WHERE `user_id` = 'EF3P4L';
UPDATE `user_registration` SET right_downlines = right_downlines+1
WHERE `user_id` = 'EF3P4L';
UPDATE `user_registration` SET right_ref_count = right_ref_count+1
WHERE `user_id` = 'EF3P4L';
UPDATE `user_registration` SET active_right = active_right+1
WHERE `user_id` = 'EF3P4L';
UPDATE `user_registration` SET total_downlines = total_downlines+1
WHERE `user_id` = 'ILZ8NG';
UPDATE `user_registration` SET left_downlines = left_downlines+1
WHERE `user_id` = 'ILZ8NG';
UPDATE `user_registration` SET total_downlines = total_downlines+1
WHERE `user_id` = '4YA81C';
UPDATE `user_registration` SET left_downlines = left_downlines+1
WHERE `user_id` = '4YA81C';
UPDATE `user_registration` SET total_downlines = total_downlines+1
WHERE `user_id` = 'G1CDHO';
UPDATE `user_registration` SET right_downlines = right_downlines+1
WHERE `user_id` = 'G1CDHO';
UPDATE `user_registration` SET total_downlines = total_downlines+1
WHERE `user_id` = '9NGWQG';
UPDATE `user_registration` SET right_downlines = right_downlines+1
WHERE `user_id` = '9NGWQG';
UPDATE `user_registration` SET total_downlines = total_downlines+1
WHERE `user_id` = 'R6J8K1';
UPDATE `user_registration` SET right_downlines = right_downlines+1
WHERE `user_id` = 'R6J8K1';
UPDATE `user_registration` SET total_downlines = total_downlines+1
WHERE `user_id` = 'G6ZQNS';
UPDATE `user_registration` SET right_downlines = right_downlines+1
WHERE `user_id` = 'G6ZQNS';
UPDATE `user_registration` SET total_downlines = total_downlines+1
WHERE `user_id` = 'M4FVZR';
UPDATE `user_registration` SET right_downlines = right_downlines+1
WHERE `user_id` = 'M4FVZR';
UPDATE `user_registration` SET total_downlines = total_downlines+1
WHERE `user_id` = '5ZLRWM';
UPDATE `user_registration` SET right_downlines = right_downlines+1
WHERE `user_id` = '5ZLRWM';
UPDATE `user_registration` SET total_downlines = total_downlines+1
WHERE `user_id` = 'JPDLRK';
UPDATE `user_registration` SET right_downlines = right_downlines+1
WHERE `user_id` = 'JPDLRK';
UPDATE `user_registration` SET total_downlines = total_downlines+1
WHERE `user_id` = 'FGURJ3';
UPDATE `user_registration` SET right_downlines = right_downlines+1
WHERE `user_id` = 'FGURJ3';
UPDATE `user_registration` SET total_downlines = total_downlines+1
WHERE `user_id` = 'L2ZCMP';
UPDATE `user_registration` SET right_downlines = right_downlines+1
WHERE `user_id` = 'L2ZCMP';
UPDATE `user_registration` SET total_downlines = total_downlines+1
WHERE `user_id` = 'XOJI6Y';
UPDATE `user_registration` SET right_downlines = right_downlines+1
WHERE `user_id` = 'XOJI6Y';
UPDATE `user_registration` SET total_downlines = total_downlines+1
WHERE `user_id` = 'Z6E2C9';
UPDATE `user_registration` SET right_downlines = right_downlines+1
WHERE `user_id` = 'Z6E2C9';
UPDATE `user_registration` SET total_downlines = total_downlines+1
WHERE `user_id` = 'VT4PXI';
UPDATE `user_registration` SET right_downlines = right_downlines+1
WHERE `user_id` = 'VT4PXI';
UPDATE `user_registration` SET total_downlines = total_downlines+1
WHERE `user_id` = 'QKHYPY';
UPDATE `user_registration` SET right_downlines = right_downlines+1
WHERE `user_id` = 'QKHYPY';
UPDATE `user_registration` SET total_downlines = total_downlines+1
WHERE `user_id` = 'LN7PEK';
UPDATE `user_registration` SET right_downlines = right_downlines+1
WHERE `user_id` = 'LN7PEK';
UPDATE `user_registration` SET total_downlines = total_downlines+1
WHERE `user_id` = 'LYDDQ5';
UPDATE `user_registration` SET right_downlines = right_downlines+1
WHERE `user_id` = 'LYDDQ5';
UPDATE `user_registration` SET total_downlines = total_downlines+1
WHERE `user_id` = '6UO8TB';
UPDATE `user_registration` SET right_downlines = right_downlines+1
WHERE `user_id` = '6UO8TB';
UPDATE `user_registration` SET total_downlines = total_downlines+1
WHERE `user_id` = 'GPRO3Q';
UPDATE `user_registration` SET right_downlines = right_downlines+1
WHERE `user_id` = 'GPRO3Q';
UPDATE `user_registration` SET total_downlines = total_downlines+1
WHERE `user_id` = 'MBPRQB';
UPDATE `user_registration` SET right_downlines = right_downlines+1
WHERE `user_id` = 'MBPRQB';
UPDATE `user_registration` SET total_downlines = total_downlines+1
WHERE `user_id` = 'X1RH6U';
UPDATE `user_registration` SET right_downlines = right_downlines+1
WHERE `user_id` = 'X1RH6U';
UPDATE `user_registration` SET total_downlines = total_downlines+1
WHERE `user_id` = 'HHALCM';
UPDATE `user_registration` SET right_downlines = right_downlines+1
WHERE `user_id` = 'HHALCM';
UPDATE `user_registration` SET total_downlines = total_downlines+1
WHERE `user_id` = '7WQBA7';
UPDATE `user_registration` SET right_downlines = right_downlines+1
WHERE `user_id` = '7WQBA7';
UPDATE `user_registration` SET total_downlines = total_downlines+1
WHERE `user_id` = 'QPNZO1';
UPDATE `user_registration` SET right_downlines = right_downlines+1
WHERE `user_id` = 'QPNZO1';
UPDATE `user_registration` SET total_downlines = total_downlines+1
WHERE `user_id` = 'KCF78M';
UPDATE `user_registration` SET right_downlines = right_downlines+1
WHERE `user_id` = 'KCF78M';
UPDATE `user_registration` SET total_downlines = total_downlines+1
WHERE `user_id` = '7RY1ZP';
UPDATE `user_registration` SET right_downlines = right_downlines+1
WHERE `user_id` = '7RY1ZP';
UPDATE `user_registration` SET total_downlines = total_downlines+1
WHERE `user_id` = 'ADZTOG';
UPDATE `user_registration` SET right_downlines = right_downlines+1
WHERE `user_id` = 'ADZTOG';
UPDATE `user_registration` SET total_downlines = total_downlines+1
WHERE `user_id` = 'A9858P';
UPDATE `user_registration` SET right_downlines = right_downlines+1
WHERE `user_id` = 'A9858P';
UPDATE `user_registration` SET total_downlines = total_downlines+1
WHERE `user_id` = 'admin';
UPDATE `user_registration` SET right_downlines = right_downlines+1
WHERE `user_id` = 'admin';
INSERT INTO `investment` (`invest_date`, `user_id`, `type`, `amount`, `package_id`) VALUES ('2024-10-10 11:49:05', '33W6JC', 'register', '595', '2');
INSERT INTO `earnings` (`user_id`, `Purchaser_id`, `earning_type`, `package_id`, `amount`, `date`, `comments`, `invest_amount`, `comm_perc`, `level`, `rank_id`, `order_id`) VALUES ('EF3P4L', '33W6JC', 'Direct Referral Bonus', '2', '100', '2024-10-10 11:49:05', 'Direct Referral Bonus', 0, 0, 1, '', 1057);
UPDATE `user_registration` SET commission_balance = ROUND(commission_balance + 100,2)
WHERE `user_id` = 'EF3P4L';
UPDATE `user_registration` SET referral_bonus = ROUND(referral_bonus + 100,2)
WHERE `user_id` = 'EF3P4L';
INSERT INTO `earnings` (`user_id`, `Purchaser_id`, `earning_type`, `package_id`, `amount`, `date`, `comments`, `invest_amount`, `comm_perc`, `level`, `rank_id`, `order_id`) VALUES ('A9858P', '33W6JC', 'Expansion Bonus', '2', 280, '2024-10-10 11:49:05', 'Expansion Bonus', '100', 0, 1, '', 1057);
UPDATE `user_registration` SET commission_balance = ROUND(commission_balance + 280,2)
WHERE `user_id` = 'A9858P';
UPDATE `user_registration` SET expansion_bonus = ROUND(expansion_bonus + 280,2)
WHERE `user_id` = 'A9858P';
UPDATE `user_registration` SET total_points = ROUND(total_points + 50,2)
WHERE `user_id` = '33W6JC';
INSERT INTO `points_history` (`user_id`, `points`, `type`, `date`) VALUES ('33W6JC', '50', 'register', '2024-10-10 11:49:');
INSERT INTO `matrix_filling` (`placement_id`, `downline_id`, `level`, `matrix`) VALUES ('EF3P4L', '33W6JC', 1, 1);
UPDATE `bv_updation` SET right_carry = right_carry+50, total_right = total_right+50
WHERE `user_id` = 'EF3P4L';
INSERT INTO `placement_bv_update_history` (`right_carry`, `date`, `from_id`, `user_id`) VALUES ('50', '2024-10-10 11:49:05', '33W6JC', 'EF3P4L');
UPDATE `bv_updation` SET sponsor_right_carry = sponsor_right_carry+50, sponsor_total_right = sponsor_total_right+50
WHERE `user_id` = 'EF3P4L';
INSERT INTO `sponsor_bv_update_history` (`right_carry`, `date`, `user_id`) VALUES ('50', '2024-10-10 11:49:05', 'EF3P4L');
INSERT INTO `matrix_filling` (`placement_id`, `downline_id`, `level`, `matrix`) VALUES ('ILZ8NG', '33W6JC', 2, 1);
UPDATE `bv_updation` SET left_carry = left_carry+50, total_left = total_left+50
WHERE `user_id` = 'ILZ8NG';
INSERT INTO `placement_bv_update_history` (`left_carry`, `date`, `from_id`, `user_id`) VALUES ('50', '2024-10-10 11:49:05', '33W6JC', 'ILZ8NG');
INSERT INTO `matrix_filling` (`placement_id`, `downline_id`, `level`, `matrix`) VALUES ('4YA81C', '33W6JC', 3, 1);
UPDATE `bv_updation` SET left_carry = left_carry+50, total_left = total_left+50
WHERE `user_id` = '4YA81C';
INSERT INTO `placement_bv_update_history` (`left_carry`, `date`, `from_id`, `user_id`) VALUES ('50', '2024-10-10 11:49:05', '33W6JC', '4YA81C');
INSERT INTO `matrix_filling` (`placement_id`, `downline_id`, `level`, `matrix`) VALUES ('G1CDHO', '33W6JC', 4, 1);
UPDATE `bv_updation` SET right_carry = right_carry+50, total_right = total_right+50
WHERE `user_id` = 'G1CDHO';
INSERT INTO `placement_bv_update_history` (`right_carry`, `date`, `from_id`, `user_id`) VALUES ('50', '2024-10-10 11:49:05', '33W6JC', 'G1CDHO');
INSERT INTO `matrix_filling` (`placement_id`, `downline_id`, `level`, `matrix`) VALUES ('9NGWQG', '33W6JC', 5, 1);
UPDATE `bv_updation` SET right_carry = right_carry+50, total_right = total_right+50
WHERE `user_id` = '9NGWQG';
INSERT INTO `placement_bv_update_history` (`right_carry`, `date`, `from_id`, `user_id`) VALUES ('50', '2024-10-10 11:49:05', '33W6JC', '9NGWQG');
INSERT INTO `matrix_filling` (`placement_id`, `downline_id`, `level`, `matrix`) VALUES ('R6J8K1', '33W6JC', 6, 1);
UPDATE `bv_updation` SET right_carry = right_carry+50, total_right = total_right+50
WHERE `user_id` = 'R6J8K1';
INSERT INTO `placement_bv_update_history` (`right_carry`, `date`, `from_id`, `user_id`) VALUES ('50', '2024-10-10 11:49:05', '33W6JC', 'R6J8K1');
INSERT INTO `matrix_filling` (`placement_id`, `downline_id`, `level`, `matrix`) VALUES ('G6ZQNS', '33W6JC', 7, 1);
UPDATE `bv_updation` SET right_carry = right_carry+50, total_right = total_right+50
WHERE `user_id` = 'G6ZQNS';
INSERT INTO `placement_bv_update_history` (`right_carry`, `date`, `from_id`, `user_id`) VALUES ('50', '2024-10-10 11:49:05', '33W6JC', 'G6ZQNS');
INSERT INTO `matrix_filling` (`placement_id`, `downline_id`, `level`, `matrix`) VALUES ('M4FVZR', '33W6JC', 8, 1);
UPDATE `bv_updation` SET right_carry = right_carry+50, total_right = total_right+50
WHERE `user_id` = 'M4FVZR';
INSERT INTO `placement_bv_update_history` (`right_carry`, `date`, `from_id`, `user_id`) VALUES ('50', '2024-10-10 11:49:05', '33W6JC', 'M4FVZR');
INSERT INTO `matrix_filling` (`placement_id`, `downline_id`, `level`, `matrix`) VALUES ('5ZLRWM', '33W6JC', 9, 1);
UPDATE `bv_updation` SET right_carry = right_carry+50, total_right = total_right+50
WHERE `user_id` = '5ZLRWM';
INSERT INTO `placement_bv_update_history` (`right_carry`, `date`, `from_id`, `user_id`) VALUES ('50', '2024-10-10 11:49:05', '33W6JC', '5ZLRWM');
INSERT INTO `matrix_filling` (`placement_id`, `downline_id`, `level`, `matrix`) VALUES ('JPDLRK', '33W6JC', 10, 1);
UPDATE `bv_updation` SET right_carry = right_carry+50, total_right = total_right+50
WHERE `user_id` = 'JPDLRK';
INSERT INTO `placement_bv_update_history` (`right_carry`, `date`, `from_id`, `user_id`) VALUES ('50', '2024-10-10 11:49:05', '33W6JC', 'JPDLRK');
INSERT INTO `matrix_filling` (`placement_id`, `downline_id`, `level`, `matrix`) VALUES ('FGURJ3', '33W6JC', 11, 1);
UPDATE `bv_updation` SET right_carry = right_carry+50, total_right = total_right+50
WHERE `user_id` = 'FGURJ3';
INSERT INTO `placement_bv_update_history` (`right_carry`, `date`, `from_id`, `user_id`) VALUES ('50', '2024-10-10 11:49:05', '33W6JC', 'FGURJ3');
INSERT INTO `matrix_filling` (`placement_id`, `downline_id`, `level`, `matrix`) VALUES ('L2ZCMP', '33W6JC', 12, 1);
UPDATE `bv_updation` SET right_carry = right_carry+50, total_right = total_right+50
WHERE `user_id` = 'L2ZCMP';
INSERT INTO `placement_bv_update_history` (`right_carry`, `date`, `from_id`, `user_id`) VALUES ('50', '2024-10-10 11:49:05', '33W6JC', 'L2ZCMP');
INSERT INTO `matrix_filling` (`placement_id`, `downline_id`, `level`, `matrix`) VALUES ('XOJI6Y', '33W6JC', 13, 1);
UPDATE `bv_updation` SET right_carry = right_carry+50, total_right = total_right+50
WHERE `user_id` = 'XOJI6Y';
INSERT INTO `placement_bv_update_history` (`right_carry`, `date`, `from_id`, `user_id`) VALUES ('50', '2024-10-10 11:49:05', '33W6JC', 'XOJI6Y');
INSERT INTO `matrix_filling` (`placement_id`, `downline_id`, `level`, `matrix`) VALUES ('Z6E2C9', '33W6JC', 14, 1);
UPDATE `bv_updation` SET right_carry = right_carry+50, total_right = total_right+50
WHERE `user_id` = 'Z6E2C9';
INSERT INTO `placement_bv_update_history` (`right_carry`, `date`, `from_id`, `user_id`) VALUES ('50', '2024-10-10 11:49:05', '33W6JC', 'Z6E2C9');
INSERT INTO `matrix_filling` (`placement_id`, `downline_id`, `level`, `matrix`) VALUES ('VT4PXI', '33W6JC', 15, 1);
UPDATE `bv_updation` SET right_carry = right_carry+50, total_right = total_right+50
WHERE `user_id` = 'VT4PXI';
INSERT INTO `placement_bv_update_history` (`right_carry`, `date`, `from_id`, `user_id`) VALUES ('50', '2024-10-10 11:49:05', '33W6JC', 'VT4PXI');
INSERT INTO `matrix_filling` (`placement_id`, `downline_id`, `level`, `matrix`) VALUES ('QKHYPY', '33W6JC', 16, 1);
UPDATE `bv_updation` SET right_carry = right_carry+50, total_right = total_right+50
WHERE `user_id` = 'QKHYPY';
INSERT INTO `placement_bv_update_history` (`right_carry`, `date`, `from_id`, `user_id`) VALUES ('50', '2024-10-10 11:49:05', '33W6JC', 'QKHYPY');
INSERT INTO `matrix_filling` (`placement_id`, `downline_id`, `level`, `matrix`) VALUES ('LN7PEK', '33W6JC', 17, 1);
UPDATE `bv_updation` SET right_carry = right_carry+50, total_right = total_right+50
WHERE `user_id` = 'LN7PEK';
INSERT INTO `placement_bv_update_history` (`right_carry`, `date`, `from_id`, `user_id`) VALUES ('50', '2024-10-10 11:49:05', '33W6JC', 'LN7PEK');
INSERT INTO `matrix_filling` (`placement_id`, `downline_id`, `level`, `matrix`) VALUES ('LYDDQ5', '33W6JC', 18, 1);
UPDATE `bv_updation` SET right_carry = right_carry+50, total_right = total_right+50
WHERE `user_id` = 'LYDDQ5';
INSERT INTO `placement_bv_update_history` (`right_carry`, `date`, `from_id`, `user_id`) VALUES ('50', '2024-10-10 11:49:05', '33W6JC', 'LYDDQ5');
INSERT INTO `matrix_filling` (`placement_id`, `downline_id`, `level`, `matrix`) VALUES ('6UO8TB', '33W6JC', 19, 1);
UPDATE `bv_updation` SET right_carry = right_carry+50, total_right = total_right+50
WHERE `user_id` = '6UO8TB';
INSERT INTO `placement_bv_update_history` (`right_carry`, `date`, `from_id`, `user_id`) VALUES ('50', '2024-10-10 11:49:05', '33W6JC', '6UO8TB');
INSERT INTO `matrix_filling` (`placement_id`, `downline_id`, `level`, `matrix`) VALUES ('GPRO3Q', '33W6JC', 20, 1);
UPDATE `bv_updation` SET right_carry = right_carry+50, total_right = total_right+50
WHERE `user_id` = 'GPRO3Q';
INSERT INTO `placement_bv_update_history` (`right_carry`, `date`, `from_id`, `user_id`) VALUES ('50', '2024-10-10 11:49:05', '33W6JC', 'GPRO3Q');
INSERT INTO `matrix_filling` (`placement_id`, `downline_id`, `level`, `matrix`) VALUES ('MBPRQB', '33W6JC', 21, 1);
UPDATE `bv_updation` SET right_carry = right_carry+50, total_right = total_right+50
WHERE `user_id` = 'MBPRQB';
INSERT INTO `placement_bv_update_history` (`right_carry`, `date`, `from_id`, `user_id`) VALUES ('50', '2024-10-10 11:49:05', '33W6JC', 'MBPRQB');
INSERT INTO `matrix_filling` (`placement_id`, `downline_id`, `level`, `matrix`) VALUES ('X1RH6U', '33W6JC', 22, 1);
UPDATE `bv_updation` SET right_carry = right_carry+50, total_right = total_right+50
WHERE `user_id` = 'X1RH6U';
INSERT INTO `placement_bv_update_history` (`right_carry`, `date`, `from_id`, `user_id`) VALUES ('50', '2024-10-10 11:49:05', '33W6JC', 'X1RH6U');
INSERT INTO `matrix_filling` (`placement_id`, `downline_id`, `level`, `matrix`) VALUES ('HHALCM', '33W6JC', 23, 1);
UPDATE `bv_updation` SET right_carry = right_carry+50, total_right = total_right+50
WHERE `user_id` = 'HHALCM';
INSERT INTO `placement_bv_update_history` (`right_carry`, `date`, `from_id`, `user_id`) VALUES ('50', '2024-10-10 11:49:05', '33W6JC', 'HHALCM');
INSERT INTO `matrix_filling` (`placement_id`, `downline_id`, `level`, `matrix`) VALUES ('7WQBA7', '33W6JC', 24, 1);
UPDATE `bv_updation` SET right_carry = right_carry+50, total_right = total_right+50
WHERE `user_id` = '7WQBA7';
INSERT INTO `placement_bv_update_history` (`right_carry`, `date`, `from_id`, `user_id`) VALUES ('50', '2024-10-10 11:49:05', '33W6JC', '7WQBA7');
INSERT INTO `matrix_filling` (`placement_id`, `downline_id`, `level`, `matrix`) VALUES ('QPNZO1', '33W6JC', 25, 1);
UPDATE `bv_updation` SET right_carry = right_carry+50, total_right = total_right+50
WHERE `user_id` = 'QPNZO1';
INSERT INTO `placement_bv_update_history` (`right_carry`, `date`, `from_id`, `user_id`) VALUES ('50', '2024-10-10 11:49:05', '33W6JC', 'QPNZO1');
INSERT INTO `matrix_filling` (`placement_id`, `downline_id`, `level`, `matrix`) VALUES ('KCF78M', '33W6JC', 26, 1);
UPDATE `bv_updation` SET right_carry = right_carry+50, total_right = total_right+50
WHERE `user_id` = 'KCF78M';
INSERT INTO `placement_bv_update_history` (`right_carry`, `date`, `from_id`, `user_id`) VALUES ('50', '2024-10-10 11:49:05', '33W6JC', 'KCF78M');
INSERT INTO `matrix_filling` (`placement_id`, `downline_id`, `level`, `matrix`) VALUES ('7RY1ZP', '33W6JC', 27, 1);
UPDATE `bv_updation` SET right_carry = right_carry+50, total_right = total_right+50
WHERE `user_id` = '7RY1ZP';
INSERT INTO `placement_bv_update_history` (`right_carry`, `date`, `from_id`, `user_id`) VALUES ('50', '2024-10-10 11:49:05', '33W6JC', '7RY1ZP');
INSERT INTO `matrix_filling` (`placement_id`, `downline_id`, `level`, `matrix`) VALUES ('ADZTOG', '33W6JC', 28, 1);
